66.249.66.39 - - [05/Nov/2023:16:23:31 -0500] "GET /como-ayudar-a-mantener-una-buena-calidad-del-aire-en-bogota.html HTTP/1.1" 304 -
201.245.192.253 - - [05/Nov/2023:16:23:38 -0500] "POST /kwsrmcab/Wsrmcab  HTTP/1.1" 200 42686
66.249.66.38 - - [05/Nov/2023:16:23:43 -0500] "GET /secretaria-de-ambiente-destaca-aportes-de-empresas-y-ciudadanos-que-ayudaron-a-mitigar-efectos-de-la-alerta-fase-i.html HTTP/1.1" 200 1019
54.184.159.16 - - [05/Nov/2023:16:23:56 -0500] "GET /BLA/resoluciones/index.php?dir=RESOLUCIONES%202004/RES%202004%201251-1300/&order=asc&sort=name HTTP/1.1" 200 12352
54.184.159.16 - - [05/Nov/2023:16:23:58 -0500] "GET /BLA/resoluciones/index.php?dir=RESOLUCIONES%202007/RES%202007%201001%20AL%201100/&order=desc&sort=date HTTP/1.1" 200 26837
40.77.167.22 - - [05/Nov/2023:16:24:29 -0500] "GET /BLA/resoluciones/AUTOS%202007/3066.pdf HTTP/1.1" 200 94328
50.112.160.3 - - [05/Nov/2023:16:24:48 -0500] "GET /BLA/resoluciones/index.php?dir=RESOLUCIONES%202002/ANEXOS/&order=desc&sort=date HTTP/1.1" 200 2239
172.22.2.4 - - [05/Nov/2023:16:23:37 -0500] "HEAD /BLA/boletinlegal/ HTTP/1.1" 200 -
54.184.159.16 - - [05/Nov/2023:16:25:35 -0500] "GET /BLA/resoluciones/index.php?dir=Notificaciones/AUTOS%201985/&order=desc&sort=size HTTP/1.1" 200 2732
216.245.221.92 - - [05/Nov/2023:16:25:41 -0500] "HEAD / HTTP/1.1" 200 -
54.184.159.16 - - [05/Nov/2023:16:25:50 -0500] "GET /BLA/resoluciones/index.php?dir=RESOLUCIONES%202006/RES%202006%202301-2350/&order=desc&sort=size HTTP/1.1" 200 12363
54.184.159.16 - - [05/Nov/2023:16:25:59 -0500] "GET /BLA/resoluciones/index.php?dir=AUTOS%202006/AUTOS%202006%202001%20-%202100/&order=desc&sort=size HTTP/1.1" 200 22198
44.231.202.44 - - [05/Nov/2023:16:26:00 -0500] "GET /BLA/resoluciones/RESOLUCIONES%202004/RES%202004%201351-1400/INDEX.DAT HTTP/1.1" 200 2000
172.22.2.4 - - [05/Nov/2023:16:24:28 -0500] "GET /BLA/boletinlegal/ HTTP/1.1" 200 59360
54.184.159.16 - - [05/Nov/2023:16:26:13 -0500] "GET /BLA/resoluciones/index.php?dir=RESOLUCIONES%202004/RES%202004%201351-1400/&order=asc&sort=name HTTP/1.1" 200 12359
44.231.202.44 - - [05/Nov/2023:16:26:17 -0500] "GET /BLA/resoluciones/index.php?dir=AUTOS%202006/AUTOS%202006%202001%20-%202100/&order=asc&sort=name HTTP/1.1" 200 22199
44.231.202.44 - - [05/Nov/2023:16:26:18 -0500] "GET /BLA/resoluciones/index.php?dir=RESOLUCIONES%202005/RES%202005%203151-3180/&order=asc&sort=name HTTP/1.1" 200 8263
50.112.160.3 - - [05/Nov/2023:16:26:20 -0500] "GET /BLA/resoluciones/index.php?dir=Notificaciones/AUTOS%201985/&order=asc&sort=name HTTP/1.1" 200 2733
201.245.192.253 - - [05/Nov/2023:16:27:09 -0500] "POST /kwsrmcab/Wsrmcab HTTP/1.1" 200 40493
201.245.192.253 - - [05/Nov/2023:16:27:12 -0500] "POST /kwsrmcab/Wsrmcab HTTP/1.1" 200 40621
54.184.159.16 - - [05/Nov/2023:16:27:28 -0500] "GET /BLA/resoluciones/index.php?dir=RESOLUCIONES%202007/RES%202007%203601%20AL%203700/&order=desc&sort=date HTTP/1.1" 200 26854
44.231.202.44 - - [05/Nov/2023:16:27:30 -0500] "GET /BLA/resoluciones/index.php?dir=RESOLUCIONES%202004/RES%202004%202301-2350/&order=desc&sort=date HTTP/1.1" 200 12355
44.231.202.44 - - [05/Nov/2023:16:27:33 -0500] "GET /BLA/resoluciones/index.php?dir=RESOLUCIONES%202002/RES%202002%201751-1800/&order=asc&sort=name HTTP/1.1" 200 12156
44.231.202.44 - - [05/Nov/2023:16:27:34 -0500] "GET /BLA/resoluciones/index.php?dir=RESOLUCIONES%202002/ HTTP/1.1" 200 26096
50.112.160.3 - - [05/Nov/2023:16:27:38 -0500] "GET /BLA/resoluciones/index.php?dir=RESOLUCIONES%202002/RES%202002%201751-1800/&order=asc&sort=date HTTP/1.1" 200 12156
50.112.160.3 - - [05/Nov/2023:16:27:39 -0500] "GET /BLA/resoluciones/index.php?dir=RESOLUCIONES%202002/RES%202002%201751-1800/&order=desc&sort=size HTTP/1.1" 200 12155
54.184.159.16 - - [05/Nov/2023:16:27:46 -0500] "GET /BLA/resoluciones/index.php?dir=Notificaciones/AUTOS%202013/&order=asc&sort=name HTTP/1.1" 200 39422
44.231.202.44 - - [05/Nov/2023:16:27:48 -0500] "GET /BLA/resoluciones/index.php?dir=Notificaciones/AUTOS%202013/&order=desc&sort=date HTTP/1.1" 200 39421
44.231.202.44 - - [05/Nov/2023:16:27:59 -0500] "GET /BLA/resoluciones/index.php?dir=RESOLUCIONES%202007/RES%202007%201726%20AL%201800/&order=asc&sort=name HTTP/1.1" 200 20645
50.112.160.3 - - [05/Nov/2023:16:28:02 -0500] "GET /BLA/resoluciones/index.php?dir=RESOLUCIONES%202007/RES%202007%201726%20AL%201800/&order=desc&sort=size HTTP/1.1" 200 20644
201.245.192.253 - - [05/Nov/2023:16:28:37 -0500] "POST /kwsrmcab/Wsrmcab  HTTP/1.1" 200 42686
50.112.160.3 - - [05/Nov/2023:16:28:40 -0500] "GET /BLA/resoluciones/index.php?dir=RESOLUCIONES%202005/RES%202005%202351-2400/&order=desc&sort=size HTTP/1.1" 200 12365
50.112.160.3 - - [05/Nov/2023:16:29:05 -0500] "GET /BLA/resoluciones/index.php?dir=RESOLUCIONES%202002/RES%202002%201301-1350/&order=asc&sort=name HTTP/1.1" 200 12634
40.77.167.21 - - [05/Nov/2023:16:29:13 -0500] "GET /BLA/resoluciones/RESOLUCIONES%202009/2087.pdf HTTP/1.1" 200 471144
54.184.159.16 - - [05/Nov/2023:16:29:25 -0500] "GET /BLA/resoluciones/index.php?dir=RESOLUCIONES%202002/RES%202002%20251-300/ HTTP/1.1" 200 12034
44.231.202.44 - - [05/Nov/2023:16:29:30 -0500] "GET /BLA/resoluciones/index.php?dir=AUTOS%202006/AUTOS%202006%202001%20-%202100/&order=desc&sort=date HTTP/1.1" 200 22198
172.22.2.4 - - [05/Nov/2023:16:30:01 -0500] "GET /BLA/boletinlegal/style.css HTTP/1.1" 200 9406
172.22.2.4 - - [05/Nov/2023:16:30:01 -0500] "GET /BLA/boletinlegal/styles2.css HTTP/1.1" 200 1838
172.22.2.4 - - [05/Nov/2023:16:30:01 -0500] "GET /BLA/boletinlegal/js/jquery.js HTTP/1.1" 200 57254
172.22.2.4 - - [05/Nov/2023:16:30:01 -0500] "GET /BLA/boletinlegal/js/jquery.scrollTo-min.js HTTP/1.1" 200 1150
172.22.2.4 - - [05/Nov/2023:16:30:01 -0500] "GET /BLA/boletinlegal/js/jquery.scrollShow.js HTTP/1.1" 200 4586
172.22.2.4 - - [05/Nov/2023:16:30:01 -0500] "GET /BLA/boletinlegal/images/screen_1.png HTTP/1.1" 200 202547
172.22.2.4 - - [05/Nov/2023:16:30:01 -0500] "GET /BLA/boletinlegal/images/cabezote%20BLEGAL.jpg HTTP/1.1" 200 118164
172.22.2.4 - - [05/Nov/2023:16:30:01 -0500] "GET /BLA/boletinlegal/images/subscribe-icon-big.png HTTP/1.1" 200 47702
172.22.2.4 - - [05/Nov/2023:16:30:01 -0500] "GET /BLA/boletinlegal/images/historia.png HTTP/1.1" 200 52775
172.22.2.4 - - [05/Nov/2023:16:30:01 -0500] "GET /BLA/boletinlegal/images/registro-usuarios.png HTTP/1.1" 200 8106
172.22.2.4 - - [05/Nov/2023:16:30:02 -0500] "GET /BLA/boletinlegal/images/text.jpg HTTP/1.1" 200 568
172.22.2.4 - - [05/Nov/2023:16:30:02 -0500] "GET /BLA/boletinlegal/images/body_bg.jpg HTTP/1.1" 200 1601
172.22.2.4 - - [05/Nov/2023:16:30:02 -0500] "GET /BLA/boletinlegal/images/menu_lft.gif HTTP/1.1" 200 1713
172.22.2.4 - - [05/Nov/2023:16:30:02 -0500] "GET /BLA/boletinlegal/images/menu_rght.gif HTTP/1.1" 200 1627
172.22.2.4 - - [05/Nov/2023:16:30:02 -0500] "GET /BLA/boletinlegal/images/bg_top.jpg HTTP/1.1" 200 522
172.22.2.4 - - [05/Nov/2023:16:30:02 -0500] "GET /BLA/boletinlegal/images/menu_bg.jpg HTTP/1.1" 200 620
172.22.2.4 - - [05/Nov/2023:16:30:02 -0500] "GET /BLA/boletinlegal/images/launch.jpg HTTP/1.1" 200 14577
172.22.2.4 - - [05/Nov/2023:16:30:02 -0500] "GET /BLA/boletinlegal/images/hover.jpg HTTP/1.1" 200 640
172.22.2.4 - - [05/Nov/2023:16:30:02 -0500] "GET /BLA/boletinlegal/images/arr_l.jpg HTTP/1.1" 200 1979
172.22.2.4 - - [05/Nov/2023:16:30:10 -0500] "GET /BLA/boletinlegal/images/screen_2.png HTTP/1.1" 200 362502
172.22.2.4 - - [05/Nov/2023:16:30:10 -0500] "GET /BLA/boletinlegal/images/screen_3.png HTTP/1.1" 200 210620
172.22.2.4 - - [05/Nov/2023:16:30:10 -0500] "GET /BLA/boletinlegal/images/arr_r.jpg HTTP/1.1" 200 1998
172.22.2.4 - - [05/Nov/2023:16:30:10 -0500] "GET /BLA/boletinlegal/images/screen_5.png HTTP/1.1" 200 368876
172.22.2.4 - - [05/Nov/2023:16:30:10 -0500] "GET /BLA/boletinlegal/images/footer_bg.jpg HTTP/1.1" 200 586
54.184.159.16 - - [05/Nov/2023:16:30:15 -0500] "GET /BLA/resoluciones/index.php?dir=RESOLUCIONES%202004/RES%202004%201351-1400/&order=desc&sort=size HTTP/1.1" 200 12358
172.22.2.4 - - [05/Nov/2023:16:30:21 -0500] "GET /BLA/boletinlegal/images/pdf.gif HTTP/1.1" 200 567
172.22.2.4 - - [05/Nov/2023:16:30:25 -0500] "GET /BLA/boletinlegal/images/background.gif HTTP/1.1" 200 -
201.245.192.253 - - [05/Nov/2023:16:30:23 -0500] "POST /kwsrmcab/Wsrmcab HTTP/1.1" 200 40493
201.245.192.253 - - [05/Nov/2023:16:30:26 -0500] "POST /kwsrmcab/Wsrmcab HTTP/1.1" 200 40621
216.245.221.92 - - [05/Nov/2023:16:30:41 -0500] "HEAD / HTTP/1.1" 200 -
50.112.160.3 - - [05/Nov/2023:16:30:42 -0500] "GET /BLA/resoluciones/index.php?dir=AUTOS%202004/ HTTP/1.1" 200 2786
50.112.160.3 - - [05/Nov/2023:16:30:46 -0500] "GET /BLA/resoluciones/index.php?dir=&order=asc&sort=date HTTP/1.1" 200 13696
50.112.160.3 - - [05/Nov/2023:16:30:43 -0500] "GET /BLA/resoluciones/index.php?dir=RESOLUCIONES%202008/ HTTP/1.1" 200 976272
50.112.160.3 - - [05/Nov/2023:16:30:49 -0500] "GET /BLA/resoluciones/index.php?dir=RESOLUCIONES%20CONJUNTAS/ HTTP/1.1" 200 4762
172.22.2.4 - - [05/Nov/2023:16:29:27 -0500] "HEAD /BLA/boletinlegal/ HTTP/1.1" 200 -
54.184.159.16 - - [05/Nov/2023:16:31:35 -0500] "GET /BLA/resoluciones/index.php?dir=RESOLUCIONES%202012/ HTTP/1.1" 200 140066
172.22.2.4 - - [05/Nov/2023:16:30:01 -0500] "GET /BLA/boletinlegal/ HTTP/1.1" 200 47138
44.231.202.44 - - [05/Nov/2023:16:31:40 -0500] "GET /BLA/resoluciones/index.php?dir=RESOLUCIONES%202013/ HTTP/1.1" 200 238278
54.184.159.16 - - [05/Nov/2023:16:31:43 -0500] "GET /BLA/resoluciones/index.php?dir=RESOLUCIONES%202002/RES%202002%201351-1400/&order=asc&sort=name HTTP/1.1" 200 12141
44.231.202.44 - - [05/Nov/2023:16:31:44 -0500] "GET /BLA/resoluciones/index.php?dir=RESOLUCIONES%202005/RES%202005%201951-2000/&order=asc&sort=name HTTP/1.1" 200 12359
172.22.2.4 - - [05/Nov/2023:16:30:21 -0500] "GET /BLA/boletinlegal/ HTTP/1.1" 200 49900
54.184.159.16 - - [05/Nov/2023:16:32:02 -0500] "GET /BLA/resoluciones/index.php?dir=RESOLUCIONES%202002/RES%202002%201801-1850/&order=desc&sort=date HTTP/1.1" 200 12157
50.112.160.3 - - [05/Nov/2023:16:32:06 -0500] "GET /BLA/resoluciones/index.php?dir=RESOLUCIONES%202002/RES%202002%201801-1850/&order=asc&sort=name HTTP/1.1" 200 12158
50.112.160.3 - - [05/Nov/2023:16:32:25 -0500] "GET /BLA/resoluciones/index.php?dir=RESOLUCIONES%202004/RES%202004%201251-1300/&order=desc&sort=date HTTP/1.1" 200 12351
44.231.202.44 - - [05/Nov/2023:16:32:33 -0500] "GET /BLA/resoluciones/index.php?dir=RESOLUCIONES%202002/RES%202002%201351-1400/&order=desc&sort=size HTTP/1.1" 200 12140
50.112.160.3 - - [05/Nov/2023:16:32:51 -0500] "GET /BLA/resoluciones/index.php?dir=RESOLUCIONES%202002/ HTTP/1.1" 200 26096
173.252.83.14 - - [05/Nov/2023:16:33:28 -0500] "GET /images/cuerpos%20de%20agua%20en%20humedales-19-10.jpg HTTP/1.1" 200 73528
44.231.202.44 - - [05/Nov/2023:16:33:32 -0500] "GET /BLA/resoluciones/index.php?dir=RESOLUCIONES%202006/RES%202006%201651-1700/&order=asc&sort=name HTTP/1.1" 200 12354
201.245.192.253 - - [05/Nov/2023:16:33:36 -0500] "POST /kwsrmcab/Wsrmcab  HTTP/1.1" 200 42686
54.184.159.16 - - [05/Nov/2023:16:34:18 -0500] "GET /BLA/resoluciones/index.php?dir=RESOLUCIONES%202007/RES%202007%20901%20AL%201000/&order=desc&sort=date HTTP/1.1" 200 26733
44.231.202.44 - - [05/Nov/2023:16:34:24 -0500] "GET /BLA/resoluciones/index.php?dir=RESOLUCIONES%202007/RES%202007%203301%20AL%203400/&order=asc&sort=name HTTP/1.1" 200 26620
54.184.159.16 - - [05/Nov/2023:16:34:25 -0500] "GET /BLA/resoluciones/index.php?dir=RESOLUCIONES%202006/RES%202006%201651-1700/&order=desc&sort=size HTTP/1.1" 200 12353
66.249.66.20 - - [05/Nov/2023:16:34:34 -0500] "GET /BLA/resoluciones/RESOLUCIONES%202009/6274.pdf HTTP/1.1" 200 432213
44.231.202.44 - - [05/Nov/2023:16:35:13 -0500] "GET /BLA/resoluciones/index.php?dir=RESOLUCIONES%202007/RES%202007%204001%20AL%204100/&order=desc&sort=size HTTP/1.1" 200 26863
50.112.160.3 - - [05/Nov/2023:16:35:32 -0500] "GET /BLA/resoluciones/index.php?dir=RESOLUCIONES%202005/RES%202005%201801-1850/&order=asc&sort=name HTTP/1.1" 200 12362
216.245.221.92 - - [05/Nov/2023:16:35:41 -0500] "HEAD / HTTP/1.1" 200 -
44.231.202.44 - - [05/Nov/2023:16:35:48 -0500] "GET /BLA/resoluciones/index.php?dir=RESOLUCIONES%202004/RES%202004%202151-2200/&order=desc&sort=size HTTP/1.1" 200 12358
172.22.2.4 - - [05/Nov/2023:16:34:18 -0500] "GET /BLA/boletinlegal/ HTTP/1.1" 200 59360
44.231.202.44 - - [05/Nov/2023:16:36:23 -0500] "GET /BLA/resoluciones/index.php?dir=RESOLUCIONES%202005/RES%202005%201801-1850/&order=desc&sort=size HTTP/1.1" 200 12361
44.231.202.44 - - [05/Nov/2023:16:36:30 -0500] "GET /BLA/resoluciones/index.php?dir=RESOLUCIONES%202002/RES%202002%201501-1550/&order=desc&sort=size HTTP/1.1" 200 12146
207.46.13.14 - - [05/Nov/2023:16:36:49 -0500] "GET /BLA/resoluciones/AUTOS%202023/3357.pdf HTTP/1.1" 200 2024108
50.112.160.3 - - [05/Nov/2023:16:36:53 -0500] "GET /BLA/resoluciones/index.php?dir=RESOLUCIONES%202004/RES%202004%202201-2250/&order=asc&sort=name HTTP/1.1" 200 12358
172.22.2.4 - - [05/Nov/2023:16:35:17 -0500] "HEAD /BLA/boletinlegal/ HTTP/1.1" 200 -
201.245.192.253 - - [05/Nov/2023:16:37:09 -0500] "POST /kwsrmcab/Wsrmcab HTTP/1.1" 200 40493
201.245.192.253 - - [05/Nov/2023:16:37:12 -0500] "POST /kwsrmcab/Wsrmcab HTTP/1.1" 200 40621
54.184.159.16 - - [05/Nov/2023:16:37:17 -0500] "GET /BLA/resoluciones/index.php?dir=RESOLUCIONES%202005/RES%202005%201951-2000/&order=desc&sort=date HTTP/1.1" 200 12358
172.22.2.4 - - [05/Nov/2023:16:36:08 -0500] "GET /BLA/boletinlegal/ HTTP/1.1" 200 44773
54.184.159.16 - - [05/Nov/2023:16:37:51 -0500] "GET /BLA/resoluciones/index.php?dir=RESOLUCIONES%202004/RES%202004%202201-2250/&order=desc&sort=date HTTP/1.1" 200 12357
172.22.2.4 - - [05/Nov/2023:16:38:22 -0500] "GET /BLA/boletinlegal/Circulares/2019/.pdf HTTP/1.1" 404 1218
201.245.192.253 - - [05/Nov/2023:16:38:35 -0500] "POST /kwsrmcab/Wsrmcab  HTTP/1.1" 200 42686
40.77.167.24 - - [05/Nov/2023:16:38:45 -0500] "GET /BLA/resoluciones/RESOLUCIONES%202021/2732.pdf HTTP/1.1" 200 341350
50.112.160.3 - - [05/Nov/2023:16:38:54 -0500] "GET /BLA/resoluciones/index.php?dir=AUTOS%202006/ HTTP/1.1" 200 9681
44.231.202.44 - - [05/Nov/2023:16:39:52 -0500] "GET /BLA/resoluciones/index.php?dir=RESOLUCIONES%202007/RES%202007%202701%20AL%202800/&order=asc&sort=name HTTP/1.1" 200 26889
50.112.160.3 - - [05/Nov/2023:16:39:53 -0500] "GET /BLA/resoluciones/index.php?dir=RESOLUCIONES%202007/RES%202007%202701%20AL%202800/&order=desc&sort=size HTTP/1.1" 200 26888
50.112.160.3 - - [05/Nov/2023:16:40:02 -0500] "GET /BLA/resoluciones/index.php?dir=AUTOS%202006/AUTOS%202006%201801-%201900/&order=asc&sort=size HTTP/1.1" 200 22159
50.112.160.3 - - [05/Nov/2023:16:40:05 -0500] "GET /BLA/resoluciones/index.php?dir=RESOLUCIONES%202004/RES%202004%201801-1850/&order=asc&sort=name HTTP/1.1" 200 12358
201.245.192.253 - - [05/Nov/2023:16:40:24 -0500] "POST /kwsrmcab/Wsrmcab HTTP/1.1" 200 40493
201.245.192.253 - - [05/Nov/2023:16:40:27 -0500] "POST /kwsrmcab/Wsrmcab HTTP/1.1" 200 40621
216.245.221.92 - - [05/Nov/2023:16:40:41 -0500] "HEAD / HTTP/1.1" 200 -
40.77.167.24 - - [05/Nov/2023:16:40:57 -0500] "GET /BLA/resoluciones/RESOLUCIONES%202021/2774.pdf HTTP/1.1" 200 330016
50.112.160.3 - - [05/Nov/2023:16:41:22 -0500] "GET /BLA/resoluciones/index.php?dir=Notificaciones/RESOLUCIONES%202012/&order=asc&sort=name HTTP/1.1" 200 2077
44.231.202.44 - - [05/Nov/2023:16:41:59 -0500] "GET /BLA/resoluciones/index.php?dir=RESOLUCIONES%202004/RES%202004%201751-1800/&order=desc&sort=date HTTP/1.1" 200 12362
50.112.160.3 - - [05/Nov/2023:16:42:01 -0500] "GET /BLA/resoluciones/index.php?dir=RESOLUCIONES%202003/RES%202003%20501-550/ HTTP/1.1" 200 11308
50.112.160.3 - - [05/Nov/2023:16:42:29 -0500] "GET /BLA/resoluciones/index.php?dir=RESOLUCIONES%202004/RES%202004%201401-1450/&order=asc&sort=name HTTP/1.1" 200 12371
54.184.159.16 - - [05/Nov/2023:16:42:31 -0500] "GET /BLA/resoluciones/index.php?dir=RESOLUCIONES%202004/RES%202004%201401-1450/&order=desc&sort=date HTTP/1.1" 200 12370
172.22.2.4 - - [05/Nov/2023:16:41:07 -0500] "HEAD /BLA/boletinlegal/ HTTP/1.1" 200 -
201.245.192.253 - - [05/Nov/2023:16:43:34 -0500] "POST /kwsrmcab/Wsrmcab  HTTP/1.1" 200 42686
172.22.2.4 - - [05/Nov/2023:16:41:58 -0500] "GET /BLA/boletinlegal/ HTTP/1.1" 200 58294
157.55.39.51 - - [05/Nov/2023:16:43:50 -0500] "GET /BLA/resoluciones/AUTOS%202015/3031.pdf HTTP/1.1" 200 704934
186.154.39.204 - - [05/Nov/2023:16:44:16 -0500] "GET /BLA/resoluciones/ HTTP/1.1" 200 13696
186.154.39.204 - - [05/Nov/2023:16:44:16 -0500] "GET /favicon.ico HTTP/1.1" 200 7782
186.154.39.204 - - [05/Nov/2023:16:44:18 -0500] "GET /BLA/resoluciones/index.php?dir=AUTOS+2019%2F HTTP/1.1" 200 390105
54.184.159.16 - - [05/Nov/2023:16:44:19 -0500] "GET /BLA/resoluciones/index.php?dir=RESOLUCIONES%202005/RES%202005%20401-450/&order=desc&sort=date HTTP/1.1" 200 12253
44.231.202.44 - - [05/Nov/2023:16:44:20 -0500] "GET /BLA/resoluciones/index.php?dir=RESOLUCIONES%202005/RES%202005%20401-450/&order=asc&sort=name HTTP/1.1" 200 12254
50.112.160.3 - - [05/Nov/2023:16:44:29 -0500] "GET /BLA/resoluciones/index.php?dir=RESOLUCIONES%202002/RES%202002%20951-1000/&order=asc&sort=name HTTP/1.1" 200 12521
186.154.39.204 - - [05/Nov/2023:16:44:31 -0500] "GET /BLA/resoluciones/AUTOS%202019/3432.pdf HTTP/1.1" 200 554453
54.184.159.16 - - [05/Nov/2023:16:44:32 -0500] "GET /BLA/resoluciones/index.php?dir=RESOLUCIONES%202002/RES%202002%20951-1000/&order=desc&sort=date HTTP/1.1" 200 12520
50.112.160.3 - - [05/Nov/2023:16:45:32 -0500] "GET /BLA/resoluciones/index.php?dir=RESOLUCIONES%202004/RES%202004%201601-1650/&order=asc&sort=date HTTP/1.1" 200 12359
44.231.202.44 - - [05/Nov/2023:16:45:33 -0500] "GET /BLA/resoluciones/RESOLUCIONES%202004/RES%202004%201601-1650/INDEX.DAT HTTP/1.1" 200 2000
40.77.167.32 - - [05/Nov/2023:16:45:40 -0500] "GET /BLA/resoluciones/AUTOS%202021/1782.pdf HTTP/1.1" 304 -
216.245.221.92 - - [05/Nov/2023:16:45:41 -0500] "HEAD / HTTP/1.1" 200 -
50.112.160.3 - - [05/Nov/2023:16:45:59 -0500] "GET /BLA/resoluciones/index.php?dir=AUTOS%202007/ HTTP/1.1" 200 628423
50.112.160.3 - - [05/Nov/2023:16:46:03 -0500] "GET /BLA/resoluciones/index.php?dir=Notificaciones/ HTTP/1.1" 200 11650
173.252.95.9 - - [05/Nov/2023:16:46:08 -0500] "GET /participa-en-la-convocatoria-para-el-aseguramiento-metrologico-de-la-red-de-monitoreo-de-calidad-del-aire-de-bogota.html HTTP/1.1" 200 848
173.252.83.14 - - [05/Nov/2023:16:46:08 -0500] "GET /images/Red%20de%20Monitoreo%20de%20Calidad%20del%20Aire.jpg HTTP/1.1" 200 51986
54.184.159.16 - - [05/Nov/2023:16:46:33 -0500] "GET /BLA/resoluciones/index.php?dir=RESOLUCIONES%202007/RES%202007%20201%20AL%20300/&order=asc&sort=name HTTP/1.1" 200 27110
54.184.159.16 - - [05/Nov/2023:16:46:35 -0500] "GET /BLA/resoluciones/index.php?dir=RESOLUCIONES%202007/RES%202007%20201%20AL%20300/&order=desc&sort=size HTTP/1.1" 200 27109
44.231.202.44 - - [05/Nov/2023:16:46:51 -0500] "GET /BLA/resoluciones/index.php?dir=RESOLUCIONES%202004/RES%202004%201251-1300/&order=desc&sort=size HTTP/1.1" 200 12351
44.231.202.44 - - [05/Nov/2023:16:46:53 -0500] "GET /BLA/resoluciones/index.php?dir=RESOLUCIONES%202022/ HTTP/1.1" 200 322327
54.184.159.16 - - [05/Nov/2023:16:46:58 -0500] "GET /BLA/resoluciones/index.php?dir=RESOLUCIONES%202009/ HTTP/1.1" 200 1694101
54.184.159.16 - - [05/Nov/2023:16:47:05 -0500] "GET /BLA/resoluciones/index.php?dir=RESOLUCIONES%202004/RES%202004%201351-1400/&order=desc&sort=date HTTP/1.1" 200 12358
44.231.202.44 - - [05/Nov/2023:16:47:06 -0500] "GET /BLA/resoluciones/index.php?dir=RESOLUCIONES%202007/RES%202007%202701%20AL%202800/&order=desc&sort=date HTTP/1.1" 200 26888
50.112.160.3 - - [05/Nov/2023:16:47:16 -0500] "GET /BLA/resoluciones/index.php?dir=RESOLUCIONES%202002/RES%202002%20501-550/&order=desc&sort=size HTTP/1.1" 200 12509
54.184.159.16 - - [05/Nov/2023:16:47:36 -0500] "GET /BLA/resoluciones/index.php?dir=Notificaciones/RESOLUCIONES%200020/&order=asc&sort=name HTTP/1.1" 200 2077
54.184.159.16 - - [05/Nov/2023:16:47:37 -0500] "GET /BLA/resoluciones/index.php?dir=Notificaciones/RESOLUCIONES%200020/&order=desc&sort=date HTTP/1.1" 200 2076
44.231.202.44 - - [05/Nov/2023:16:47:49 -0500] "GET /BLA/resoluciones/index.php?dir=Notificaciones/RESOLUCIONES%202022/&order=asc&sort=name HTTP/1.1" 200 106366
44.231.202.44 - - [05/Nov/2023:16:48:29 -0500] "GET /BLA/resoluciones/index.php?dir=RESOLUCIONES%202005/RES%202005%202901-2950/&order=asc&sort=name HTTP/1.1" 200 12331
201.245.192.253 - - [05/Nov/2023:16:48:32 -0500] "POST /kwsrmcab/Wsrmcab  HTTP/1.1" 200 42686
172.22.2.4 - - [05/Nov/2023:16:46:57 -0500] "HEAD /BLA/boletinlegal/ HTTP/1.1" 200 -
54.184.159.16 - - [05/Nov/2023:16:48:44 -0500] "GET /BLA/resoluciones/index.php?dir=RESOLUCIONES%202002/RES%202002%201301-1350/&order=desc&sort=size HTTP/1.1" 200 12633
66.220.149.116 - - [05/Nov/2023:16:49:12 -0500] "GET /images/24%20de%20febrero%20Sendero%20guadalupe%202.jpeg HTTP/1.1" 200 70964
50.112.160.3 - - [05/Nov/2023:16:49:20 -0500] "GET /BLA/resoluciones/index.php?dir=RESOLUCIONES%202007/RES%202007%203701%20AL%203800/&order=asc&sort=name HTTP/1.1" 200 26851
44.231.202.44 - - [05/Nov/2023:16:49:21 -0500] "GET /BLA/resoluciones/index.php?dir=RESOLUCIONES%202007/RES%202007%203701%20AL%203800/&order=desc&sort=size HTTP/1.1" 200 26850
54.184.159.16 - - [05/Nov/2023:16:49:23 -0500] "GET /BLA/resoluciones/index.php?dir=RESOLUCIONES%202007/RES%202007%20601%20AL%20700/&order=asc&sort=name HTTP/1.1" 200 26655
50.112.160.3 - - [05/Nov/2023:16:49:25 -0500] "GET /BLA/resoluciones/index.php?dir=RESOLUCIONES%202007/RES%202007%20601%20AL%20700/&order=desc&sort=date HTTP/1.1" 200 26654
172.22.2.4 - - [05/Nov/2023:16:47:48 -0500] "GET /BLA/boletinlegal/ HTTP/1.1" 200 58644
216.245.221.92 - - [05/Nov/2023:16:50:41 -0500] "HEAD / HTTP/1.1" 200 -
44.231.202.44 - - [05/Nov/2023:16:50:42 -0500] "GET /BLA/resoluciones/index.php?dir=Notificaciones/RESOLUCIONES%202012/&order=desc&sort=size HTTP/1.1" 200 2076
44.231.202.44 - - [05/Nov/2023:16:50:55 -0500] "GET /BLA/resoluciones/index.php?dir=Notificaciones/RESOLUCIONES%202022/&order=desc&sort=date HTTP/1.1" 200 106365
54.184.159.16 - - [05/Nov/2023:16:51:43 -0500] "GET /BLA/resoluciones/index.php?dir=RESOLUCIONES%202006/RES%202006%20%203001-3054/ HTTP/1.1" 200 13210
54.184.159.16 - - [05/Nov/2023:16:51:44 -0500] "GET /BLA/resoluciones/index.php?dir=RESOLUCIONES%202006/RES%202006%201301-1350/ HTTP/1.1" 200 12365
44.231.202.44 - - [05/Nov/2023:16:51:47 -0500] "GET /BLA/resoluciones/index.php?dir=RESOLUCIONES%202006/RES%202006%20551-600/ HTTP/1.1" 200 12250
54.184.159.16 - - [05/Nov/2023:16:51:48 -0500] "GET /BLA/resoluciones/index.php?dir=RESOLUCIONES%202006/RES%202006%201251-1300/ HTTP/1.1" 200 12368
66.249.66.38 - - [05/Nov/2023:16:51:51 -0500] "GET /monjita-bogotana-ave-representativa-de-los-humedales-de-la-ciudad.html HTTP/1.1" 200 841
50.112.160.3 - - [05/Nov/2023:16:52:43 -0500] "GET /BLA/resoluciones/index.php?dir=Notificaciones/RESOLUCIONES%202013/&order=asc&sort=name HTTP/1.1" 200 2817
54.184.159.16 - - [05/Nov/2023:16:52:44 -0500] "GET /BLA/resoluciones/index.php?dir=Notificaciones/RESOLUCIONES%202013/&order=desc&sort=size HTTP/1.1" 200 2816
157.55.39.59 - - [05/Nov/2023:16:53:02 -0500] "GET /BLA/resoluciones/RESOLUCIONES%202021/3186.pdf HTTP/1.1" 200 354724
50.112.160.3 - - [05/Nov/2023:16:53:11 -0500] "GET /BLA/resoluciones/index.php?dir=RESOLUCIONES%202002/RES%202002%2051-100/&order=desc&sort=date HTTP/1.1" 200 12119
181.237.172.162 - - [05/Nov/2023:16:53:15 -0500] "GET /kwssiamovil/sm/ldap/au?x=U2FsdGVkX18+yxKogb1vzQBKS13uEM/zMgk2MVLShFXFYwjA0wHvGUkKbW+QMpjX&y=U2FsdGVkX1/c5+GRAMu0+QIR9wqwGuTf9ibwBWzQx9I92VomOPsxznweru9GMop5 HTTP/1.1" 200 30
181.237.172.162 - - [05/Nov/2023:16:53:15 -0500] "GET /kwssiamovil/sm/acme/s?s=U2FsdGVkX18BTGPtdeC9e0IRkOSIRJ/4bsLTNYpavoGlblXMSnMFJI53QAWS48zjvtYZs3GLBmQ0Xj1GDhGxZV65JGUXkCgw+zKHB40XOrQ=&u=U2FsdGVkX18ha6X8gzbvu9rtoYXKkbcMycDmT8ApV7M=&y=U2FsdGVkX1/c5+GRAMu0+QIR9wqwGuTf9ibwBWzQx9I92VomOPsxznweru9GMop5 HTTP/1.1" 200 97
181.237.172.162 - - [05/Nov/2023:16:53:15 -0500] "GET /kwssiamovil/sm/acme/s?s=U2FsdGVkX18/8MjaeKeQQ+2xWHlT4enKaBF51CIXhXKf3fOkrFGb94yQ+OiYAoC/DcMwJqnyPqUYgSbnEcMvuz9HphZu+LXmYY9pl4LcZYOeqsMD5BbBQgGuJedY0FPwZ346DeyfiIXlc7rJRlUdH/yr0a9HA1uffAwEN/WJFWJZ0cAWxO7n/q+DGpmFtGG+M0tGAXYAaRPEX6Il74jGF22U+mr/APTeaADQbFlhl3T3zqGNPOlBDFEiaBK8MQkDTouY330Bcwy7JXV5uTZXL+WVUX83N1VaES/sTmEhFoPM6PnACuJnKIFCmI5f9dPBufOBHxlZCCNswTpXQFt2U6Qa9o2IsxJfJqlNByjStNauuTclI9tnOcegW4DaFvzmS3K0sRmTOeCTOCy+Brhnfp21mggdA990CxSkh5UDISNPub+mCWw0swUfF2ORi9foevLLrdEzmD/644zSAqyuBhiYZ3Iz8EEk3/diRhn0kqGsqgy82kZiiJCDakAZL3ylCz8yxKlhZoloxeaukH6ZKLP93q7LTK5U+s6rgm6YpzNTi1ErFZ73QC4Fto2tjI0cOHZcSAgokPzkmGLEUldTiSUTK2AiywPXsRgW8VneVNlcDajpOvdgWTTDPRcaJNLki0wQVC5BxXBQsOP/s/BIjTPO8CWPV6lc/tLe1Qj7TwzWAIc/pLeE7E7qfuf037dwWBQeORx0HfNfcVIyq1w8Idc1dJRLrPCrz26uKyym6R0x10Dm5G7uZWGb0yoXCc63WTOu9Y3Wsr9npKdgqwwAr0RUkXHOQxU1YfWjz/LsMIH0g3o3MCSzAdpQ/I44VGHSd3VqSt4D/yWEhXObTLqOfYXNXaQU1uvPD7LKsAMK/4iA9Iqqp4wnA/+FeTLSqTOmk3E8R5z66gjqq0UBVaFrsNNM2AhactBkJ/7kneaKls1AtpYdJ4RbvNNntOfVJqCelQs1WJLEwuYGnspya+n1w/3vD6sxU3GxcsY/xBcp9Z7VGZ+sYaRKSOloGiEslxR2YvUjJvNXRWwd4ryvXwPfGxDbw3/C2gMIJ0CdaNQW35P5dbgxQVD05X1wGybw4vk/ZKIMDrnL9gz2s6DncILeIXLMy8UyTM4HNZ0RRnqoJPfkGI0VuL5kmxHUXhWu/KvLcBOcKLXq8+gROwDSQghSTPu5Fqhfi47JZlhcPA5jLZVq/Jnhp2SGM+F6i//TmY/e3AJXTfQ0yaLy0o4UZ32bw0jjjPty+es/f1oApNZX4ClK2g4IFPAsIEh0IkdLdkgh213D7ekDQi/2H86i+bFxhk+CidZKtPqN7K0mpEiDPaiAO9Gv4hBsB+qK0ssjIbkbrvYCKY9dwfRf+CDDVWKcIoSxsJ4j/zr5DY3n4nrL7Q9J5MA2lxSw02fAQUQBfFGPRiG4cDiWTmRtHI0uWIqF9M5U9Fyp4gyRM21/fpekMwMStfiAL5yFDKCh3i30gcx/SKlP1EwodVjoqsNuPy52CeTgSCUKwWXjOq5/HWfxoz8+4zj0K/CPRs6EUs/3LG0cREaB6RahZTrRWMHkdMI4FDXY0mDWPfIWwLp2jrrvc33RihAPY0nD4Tv+A7/WlMx3SUjOKRzPw9hmnjr+IW0LWFuhcMkmfdHZu2SVI9+MRIU9DMV/WOwHq/HC5zEv3KaNNKG5jPWCs/imGN/ypKr8WkIQ1Gu9khFJtGmcxxvrh2Wd4SK2HNGLnZSrRdkacyQnF9xDYSKKJFURi+s4ljhn+nnRZWWgv9jAJawKPFOGqe4=&u=U2FsdGVkX18ha6X8gzbvu9rtoYXKkbcMycDmT8ApV7M=&y=U2FsdGVkX1/c5+GRAMu0+QIR9wqwGuTf9ibwBWzQx9I92VomOPsxznweru9GMop5 HTTP/1.1" 200 1607
181.237.172.162 - - [05/Nov/2023:16:53:16 -0500] "GET /kwssiamovil/sm/acme/s?s=U2FsdGVkX1+PRiQOKo0gAfdwRQvycrDD1upWxfiYG6qmhQ99E7shD+7NICBsTKBewhiwCBdkgknma3+0/EKsE+tnT1V52cNjtOJD3vZb3sAo+R7WN/E9CCq9NKN/8bhZC4RAJD+W/fJuK9RVIhvMD9FMCRyadvhO84Qtoh6C2RuuLw0ZrMETfy75X+b9y/+sBxP/BNjs3PWssS2QsBPa8C0TDipwPrVcN5R9E/x7V1LrgWfJGlXZn794Fo+w8rp5LEdPDHBxPH8c800kvLaFUmVhGvblNWzzSPqzPLZpO7zhbGaiLyP+OaOQLIiAkIWQjDp2tZGl6gWqBV745pRnsINS6xa3SDtOJghdyRvavGRlo8ZG0ZlpHtv5MtYmHG0p8PvnE9HMpeYhwYEFLRJ9j1f2vjJE6T3zfBsw4GHlYwPyO48PB5FNuT5gNz4uR9OzTGqbS5IRIdSBZZLkZngAtM1JbWIR0Cu3mmthL/SUqD5strWdWTsOxm+SKQjvxFSjVP8x1QVLwHJFNT3iEMFuQNaAv/ImQGVluoWSeFVB2SWm/mPGpoXrIBDzUETfiKveH4JmfqQtA6Ocgiivbd7xhAa/GjDRiWlgffUrHYLeYZ4zkebCuJjMUOCHIHm0tgM7g+hr7NYXck8+TnkE3TlzQfMBXlNqtLAO2TgHTOYfOacw1u/lAA7ONMO2uYKRvUcHeFVEExLk72JAj7nLgeQDtqfr1Az+/Og0BOOOy/BKIMmdYb877C2R+jj1VF8Uw2hI&u=U2FsdGVkX18ha6X8gzbvu9rtoYXKkbcMycDmT8ApV7M=&y=U2FsdGVkX1/c5+GRAMu0+QIR9wqwGuTf9ibwBWzQx9I92VomOPsxznweru9GMop5 HTTP/1.1" 200 208
181.237.172.162 - - [05/Nov/2023:16:53:16 -0500] "GET /kwssiamovil/sm/cjson/pre?f=1&x=U2FsdGVkX18+yxKogb1vzQBKS13uEM/zMgk2MVLShFXFYwjA0wHvGUkKbW+QMpjX HTTP/1.1" 200 31032
201.245.192.253 - - [05/Nov/2023:16:53:31 -0500] "POST /kwsrmcab/Wsrmcab  HTTP/1.1" 200 42686
172.22.2.4 - - [05/Nov/2023:16:52:47 -0500] "HEAD /BLA/boletinlegal/ HTTP/1.1" 200 -
50.112.160.3 - - [05/Nov/2023:16:54:48 -0500] "GET /BLA/resoluciones/index.php?dir=RESOLUCIONES%202007/RES%202007%204301%20AL%204352/&order=asc&sort=name HTTP/1.1" 200 14905
172.22.2.4 - - [05/Nov/2023:16:53:38 -0500] "GET /BLA/boletinlegal/ HTTP/1.1" 200 60634
66.249.66.20 - - [05/Nov/2023:16:55:31 -0500] "GET /silvicultura/1.pdf HTTP/1.1" 304 -
216.245.221.92 - - [05/Nov/2023:16:55:41 -0500] "HEAD / HTTP/1.1" 200 -
50.112.160.3 - - [05/Nov/2023:16:55:43 -0500] "GET /BLA/resoluciones/index.php?dir=RESOLUCIONES%202002/RES%202002%201501-1550/&order=desc&sort=date HTTP/1.1" 200 12146
54.184.159.16 - - [05/Nov/2023:16:55:46 -0500] "GET /BLA/resoluciones/index.php?dir=RESOLUCIONES%202005/RES%202005%201001-1050/&order=asc&sort=date HTTP/1.1" 200 12364
44.231.202.44 - - [05/Nov/2023:16:55:47 -0500] "GET /BLA/resoluciones/index.php?dir=RESOLUCIONES%202005/RES%202005%201001-1050/&order=desc&sort=size HTTP/1.1" 200 12363
54.184.159.16 - - [05/Nov/2023:16:55:50 -0500] "GET /BLA/resoluciones/index.php?dir=RESOLUCIONES%202007/RES%202007%201%20AL%20100/&order=asc&sort=name HTTP/1.1" 200 26175
172.22.2.4 - - [05/Nov/2023:16:55:57 -0500] "GET /BLA/boletinlegal/actos.php HTTP/1.1" 200 9682
44.231.202.44 - - [05/Nov/2023:16:56:08 -0500] "GET /BLA/resoluciones/index.php?dir=RESOLUCIONES%202002/RES%202002%20701-750/&order=desc&sort=date HTTP/1.1" 200 12222
172.22.2.4 - - [05/Nov/2023:16:56:34 -0500] "GET /BLA/boletinlegal/consulta_actos.php?tipo=resoluciones&no=0512&usuario=&sector=&fecha=2013&resuelve= HTTP/1.1" 200 1101
172.22.2.4 - - [05/Nov/2023:16:56:35 -0500] "GET /BLA/boletinlegal/images/pdf.gif HTTP/1.1" 200 567
181.234.202.124 - - [05/Nov/2023:16:56:36 -0500] "GET /BLA/resoluciones/ HTTP/1.1" 200 13696
181.234.202.124 - - [05/Nov/2023:16:56:44 -0500] "GET /BLA/resoluciones/index.php?dir=AUTOS+2013%2F HTTP/1.1" 200 407754
54.184.159.16 - - [05/Nov/2023:16:56:45 -0500] "GET /BLA/resoluciones/index.php?dir=RESOLUCIONES%202005/RES%202005%201001-1050/&order=asc&sort=name HTTP/1.1" 200 12364
54.184.159.16 - - [05/Nov/2023:16:56:54 -0500] "GET /BLA/resoluciones/index.php HTTP/1.1" 200 13696
157.55.39.48 - - [05/Nov/2023:16:57:03 -0500] "GET /BLA/resoluciones/RESOLUCIONES%202021/1543.pdf HTTP/1.1" 200 462643
54.184.159.16 - - [05/Nov/2023:16:57:10 -0500] "GET /BLA/resoluciones/index.php?dir=RESOLUCIONES%202006/RES%202006%201801-1850/&order=desc&sort=date HTTP/1.1" 200 12356
50.112.160.3 - - [05/Nov/2023:16:57:11 -0500] "GET /BLA/resoluciones/index.php?dir=RESOLUCIONES%202006/RES%202006%201801-1850/&order=asc&sort=name HTTP/1.1" 200 12357
50.112.160.3 - - [05/Nov/2023:16:57:32 -0500] "GET /BLA/resoluciones/index.php?dir=RESOLUCIONES%202007/RES%202007%202401%20AL%202500/&order=desc&sort=name HTTP/1.1" 200 26868
54.184.159.16 - - [05/Nov/2023:16:57:38 -0500] "GET /BLA/resoluciones/index.php?dir=RESOLUCIONES%202002/RES%202002%20851-900/&order=desc&sort=size HTTP/1.1" 200 12702
54.184.159.16 - - [05/Nov/2023:16:57:41 -0500] "GET /BLA/resoluciones/index.php?dir=RESOLUCIONES%202002/RES%202002%20851-900/&order=asc&sort=name HTTP/1.1" 200 12703
50.112.160.3 - - [05/Nov/2023:16:57:47 -0500] "GET /BLA/resoluciones/index.php?dir=RESOLUCIONES%202007/RES%202007%204001%20AL%204100/&order=desc&sort=date HTTP/1.1" 200 26863
54.184.159.16 - - [05/Nov/2023:16:57:55 -0500] "GET /BLA/resoluciones/index.php?dir=RESOLUCIONES%202005/RES%202005%201001-1050/&order=desc&sort=date HTTP/1.1" 200 12363
44.231.202.44 - - [05/Nov/2023:16:58:09 -0500] "GET /BLA/resoluciones/index.php?dir=RESOLUCIONES%202002/RES%202002%20851-900/&order=asc&sort=name HTTP/1.1" 200 12703
50.112.160.3 - - [05/Nov/2023:16:58:11 -0500] "GET /BLA/resoluciones/index.php?dir=RESOLUCIONES%202002/RES%202002%20851-900/&order=desc&sort=date HTTP/1.1" 200 12702
201.245.192.253 - - [05/Nov/2023:16:58:30 -0500] "POST /kwsrmcab/Wsrmcab  HTTP/1.1" 200 42686
50.112.160.3 - - [05/Nov/2023:16:59:24 -0500] "GET /BLA/resoluciones/index.php?dir=RESOLUCIONES%202007/RES%202007%203301%20AL%203400/&order=desc&sort=date HTTP/1.1" 200 26619
44.231.202.44 - - [05/Nov/2023:16:59:58 -0500] "GET /BLA/resoluciones/index.php?dir=RESOLUCIONES%202006/RES%202006%202151-2200/&order=desc&sort=date HTTP/1.1" 200 12367
50.112.160.3 - - [05/Nov/2023:16:59:59 -0500] "GET /BLA/resoluciones/index.php?dir=RESOLUCIONES%202006/RES%202006%202151-2200/&order=asc&sort=size HTTP/1.1" 200 12368
50.112.160.3 - - [05/Nov/2023:17:00:02 -0500] "GET /BLA/resoluciones/index.php?dir=RESOLUCIONES%202006/RES%202006%202151-2200/&order=asc&sort=name HTTP/1.1" 200 12368
172.22.2.4 - - [05/Nov/2023:16:58:37 -0500] "HEAD /BLA/boletinlegal/ HTTP/1.1" 200 -
50.112.160.3 - - [05/Nov/2023:17:00:36 -0500] "GET /BLA/resoluciones/index.php?dir=RESOLUCIONES%202006/RES%202006%202501-2550/&order=asc&sort=name HTTP/1.1" 200 12358
54.184.159.16 - - [05/Nov/2023:17:00:40 -0500] "GET /BLA/resoluciones/index.php?dir=RESOLUCIONES%202006/RES%202006%202501-2550/&order=desc&sort=size HTTP/1.1" 200 12357
216.245.221.92 - - [05/Nov/2023:17:00:41 -0500] "HEAD / HTTP/1.1" 200 -
172.22.2.4 - - [05/Nov/2023:16:59:28 -0500] "GET /BLA/boletinlegal/ HTTP/1.1" 200 58294
54.184.159.16 - - [05/Nov/2023:17:01:13 -0500] "GET /BLA/resoluciones/index.php?dir=Notificaciones/AUTOS%201985/&order=desc&sort=date HTTP/1.1" 200 2732
50.112.160.3 - - [05/Nov/2023:17:01:44 -0500] "GET /BLA/resoluciones/index.php?dir=RESOLUCIONES%202006/RES%202006%20301-350/&order=desc&sort=size HTTP/1.1" 200 12248
44.231.202.44 - - [05/Nov/2023:17:02:05 -0500] "GET /BLA/resoluciones/index.php?dir=RESOLUCIONES%202005/RES%202005%202901-2950/&order=desc&sort=date HTTP/1.1" 200 12330
52.167.144.212 - - [05/Nov/2023:17:02:28 -0500] "GET /BLA/resoluciones/AUTOS%202023/4108.pdf HTTP/1.1" 200 387325
50.112.160.3 - - [05/Nov/2023:17:02:46 -0500] "GET /BLA/resoluciones/index.php?dir=RESOLUCIONES%202007/RES%202007%201201%20AL%201300/&order=desc&sort=date HTTP/1.1" 200 26863
50.112.160.3 - - [05/Nov/2023:17:03:06 -0500] "GET /BLA/resoluciones/index.php?dir=RESOLUCIONES%202007/RES%202007%20401%20AL%20500/&order=asc&sort=name HTTP/1.1" 200 26642
181.56.232.238 - - [05/Nov/2023:17:03:16 -0500] "GET /sipse/faces/index.xhtml HTTP/1.1" 200 677
181.56.232.238 - - [05/Nov/2023:17:03:16 -0500] "GET /sipse/faces/javax.faces.resource/theme.css?ln=primefaces-sipse HTTP/1.1" 200 50058
181.56.232.238 - - [05/Nov/2023:17:03:16 -0500] "GET /sipse/faces/faces/autenticacion.xhtml HTTP/1.1" 200 12406
181.56.232.238 - - [05/Nov/2023:17:03:17 -0500] "GET /sipse/js/disable_browser_buttons.js HTTP/1.1" 304 -
181.56.232.238 - - [05/Nov/2023:17:03:17 -0500] "GET /sipse/faces/javax.faces.resource/layout/layout.css?ln=primefaces&v=4.0 HTTP/1.1" 304 -
181.56.232.238 - - [05/Nov/2023:17:03:17 -0500] "GET /sipse/faces/javax.faces.resource/theme.css?ln=primefaces-sipse HTTP/1.1" 304 -
181.56.232.238 - - [05/Nov/2023:17:03:17 -0500] "GET /sipse/css/custom_css_sg_prime_login.css HTTP/1.1" 304 -
181.56.232.238 - - [05/Nov/2023:17:03:17 -0500] "GET /sipse/js/funciones.js HTTP/1.1" 304 -
181.56.232.238 - - [05/Nov/2023:17:03:17 -0500] "GET /sipse/css/custom_css_sg.css HTTP/1.1" 304 -
181.56.232.238 - - [05/Nov/2023:17:03:17 -0500] "GET /sipse/faces/javax.faces.resource/jquery/jquery.js?ln=primefaces&v=4.0 HTTP/1.1" 304 -
181.56.232.238 - - [05/Nov/2023:17:03:17 -0500] "GET /sipse/faces/javax.faces.resource/primefaces.css?ln=primefaces&v=4.0 HTTP/1.1" 304 -
181.56.232.238 - - [05/Nov/2023:17:03:17 -0500] "GET /sipse/faces/javax.faces.resource/jquery/jquery-plugins.js?ln=primefaces&v=4.0 HTTP/1.1" 304 -
181.56.232.238 - - [05/Nov/2023:17:03:17 -0500] "GET /sipse/faces/javax.faces.resource/primefaces.js?ln=primefaces&v=4.0 HTTP/1.1" 304 -
181.56.232.238 - - [05/Nov/2023:17:03:17 -0500] "GET /sipse/faces/javax.faces.resource/layout/layout.js?ln=primefaces&v=4.0 HTTP/1.1" 304 -
181.56.232.238 - - [05/Nov/2023:17:03:17 -0500] "GET /sipse/faces/javax.faces.resource/images/ui-icons_898989_256x240.png?ln=primefaces-aristo HTTP/1.1" 200 5355
181.56.232.238 - - [05/Nov/2023:17:03:17 -0500] "GET /sipse/css/imagen/loginimg.png HTTP/1.1" 200 71635
181.56.232.238 - - [05/Nov/2023:17:03:17 -0500] "GET /sipse/css/imagen/logoSDG.png HTTP/1.1" 200 53064
54.184.159.16 - - [05/Nov/2023:17:03:18 -0500] "GET /BLA/resoluciones/index.php?dir=RESOLUCIONES%202007/RES%202007%203401%20AL%203500/&order=desc&sort=size HTTP/1.1" 200 26617
44.231.202.44 - - [05/Nov/2023:17:03:19 -0500] "GET /BLA/resoluciones/index.php?dir=RESOLUCIONES%202007/RES%202007%203401%20AL%203500/&order=asc&sort=name HTTP/1.1" 200 26618
181.56.232.238 - - [05/Nov/2023:17:03:20 -0500] "POST /sipse/faces/autenticacion.xhtml HTTP/1.1" 200 2220
181.56.232.238 - - [05/Nov/2023:17:03:20 -0500] "GET /sipse/faces/javax.faces.resource/messages/messages.png?ln=primefaces&v=4.0 HTTP/1.1" 304 -
52.167.144.166 - - [05/Nov/2023:17:03:23 -0500] "GET /BLA/resoluciones/AUTOS%202023/3248.pdf HTTP/1.1" 200 777352
181.56.232.238 - - [05/Nov/2023:17:03:25 -0500] "POST /sipse/faces/autenticacion.xhtml HTTP/1.1" 200 16356
181.56.232.238 - - [05/Nov/2023:17:03:25 -0500] "GET /sipse/css/custom_css_sg_prime.css HTTP/1.1" 304 -
181.56.232.238 - - [05/Nov/2023:17:03:25 -0500] "GET /sipse/js/jquery.min.js HTTP/1.1" 304 -
181.56.232.238 - - [05/Nov/2023:17:03:25 -0500] "GET /sipse/faces/javax.faces.resource/jquery/jquery.js?ln=primefaces&v=4.0 HTTP/1.1" 304 -
181.56.232.238 - - [05/Nov/2023:17:03:25 -0500] "GET /sipse/faces/javax.faces.resource/jquery/jquery-plugins.js?ln=primefaces&v=4.0 HTTP/1.1" 304 -
181.56.232.238 - - [05/Nov/2023:17:03:25 -0500] "GET /sipse/faces/javax.faces.resource/primefaces.js?ln=primefaces&v=4.0 HTTP/1.1" 304 -
181.56.232.238 - - [05/Nov/2023:17:03:25 -0500] "GET /sipse/faces/javax.faces.resource/layout/layout.js?ln=primefaces&v=4.0 HTTP/1.1" 304 -
181.56.232.238 - - [05/Nov/2023:17:03:25 -0500] "GET /sipse/imagenes/cargando.gif HTTP/1.1" 304 -
181.56.232.238 - - [05/Nov/2023:17:03:25 -0500] "GET /sipse/css/v_mergente.css HTTP/1.1" 304 -
181.56.232.238 - - [05/Nov/2023:17:03:25 -0500] "GET /sipse/imagenes/logoAplicacion.jpg HTTP/1.1" 304 -
181.56.232.238 - - [05/Nov/2023:17:03:25 -0500] "GET /sipse/css/imagen/contrasena.png HTTP/1.1" 404 383
181.56.232.238 - - [05/Nov/2023:17:03:29 -0500] "GET /sipse/faces/javax.faces.resource/images/ui-bg_flat_0_2d5972_40x100.png?ln=primefaces-aristo HTTP/1.1" 304 -
181.56.232.238 - - [05/Nov/2023:17:03:29 -0500] "POST /sipse/faces/bienvenido.xhtml HTTP/1.1" 200 2658
201.245.192.253 - - [05/Nov/2023:17:03:29 -0500] "POST /kwsrmcab/Wsrmcab  HTTP/1.1" 200 42686
181.56.232.238 - - [05/Nov/2023:17:03:32 -0500] "POST /sipse/faces/bienvenido.xhtml HTTP/1.1" 200 65341
181.56.232.238 - - [05/Nov/2023:17:03:37 -0500] "GET /sipse/faces/javax.faces.resource/jquery/jquery.js?ln=primefaces&v=4.0 HTTP/1.1" 304 -
181.56.232.238 - - [05/Nov/2023:17:03:37 -0500] "GET /sipse/faces/javax.faces.resource/jquery/jquery-plugins.js?ln=primefaces&v=4.0 HTTP/1.1" 304 -
181.56.232.238 - - [05/Nov/2023:17:03:37 -0500] "GET /sipse/faces/javax.faces.resource/primefaces.js?ln=primefaces&v=4.0 HTTP/1.1" 304 -
181.56.232.238 - - [05/Nov/2023:17:03:38 -0500] "GET /sipse/faces/javax.faces.resource/layout/layout.js?ln=primefaces&v=4.0 HTTP/1.1" 304 -
181.56.232.238 - - [05/Nov/2023:17:03:38 -0500] "POST /sipse/faces/presentacion/financiero/solicitudProceso/listarSolicitudProceso.xhtml HTTP/1.1" 200 1548
181.56.232.238 - - [05/Nov/2023:17:03:45 -0500] "POST /sipse/faces/presentacion/financiero/solicitudProceso/listarSolicitudProceso.xhtml HTTP/1.1" 200 45919
181.56.232.238 - - [05/Nov/2023:17:03:45 -0500] "POST /sipse/faces/presentacion/financiero/solicitudProceso/listarSolicitudProceso.xhtml HTTP/1.1" 200 45891
181.56.232.238 - - [05/Nov/2023:17:03:51 -0500] "POST /sipse/faces/presentacion/financiero/solicitudProceso/listarSolicitudProceso.xhtml HTTP/1.1" 200 18430
181.56.232.238 - - [05/Nov/2023:17:03:56 -0500] "POST /sipse/faces/presentacion/financiero/solicitudProceso/listarSolicitudProceso.xhtml HTTP/1.1" 200 110033
181.56.232.238 - - [05/Nov/2023:17:03:58 -0500] "GET /sipse/faces/javax.faces.resource/jquery/jquery.js?ln=primefaces&v=4.0 HTTP/1.1" 304 -
181.56.232.238 - - [05/Nov/2023:17:03:58 -0500] "GET /sipse/faces/javax.faces.resource/jquery/jquery-plugins.js?ln=primefaces&v=4.0 HTTP/1.1" 304 -
181.56.232.238 - - [05/Nov/2023:17:03:58 -0500] "GET /sipse/faces/javax.faces.resource/primefaces.js?ln=primefaces&v=4.0 HTTP/1.1" 304 -
181.56.232.238 - - [05/Nov/2023:17:03:58 -0500] "GET /sipse/faces/javax.faces.resource/layout/layout.js?ln=primefaces&v=4.0 HTTP/1.1" 304 -
52.167.144.212 - - [05/Nov/2023:17:04:00 -0500] "GET /BLA/resoluciones/RESOLUCIONES%202023/1361.pdf HTTP/1.1" 200 377910
44.231.202.44 - - [05/Nov/2023:17:04:08 -0500] "GET /BLA/resoluciones/index.php?dir=RESOLUCIONES%202007/RES%202007%202501%20AL%202600/&order=asc&sort=name HTTP/1.1" 200 26847
172.22.2.4 - - [05/Nov/2023:17:04:32 -0500] "GET /BLA/boletinlegal/jurisprudencia/analisis/AnalisisT-606-15.docx HTTP/1.1" 200 26698
172.22.2.4 - - [05/Nov/2023:17:04:32 -0500] "GET /BLA/boletinlegal/apple-touch-icon-120x120-precomposed.png HTTP/1.1" 404 1140
172.22.2.4 - - [05/Nov/2023:17:04:32 -0500] "GET /BLA/boletinlegal/apple-touch-icon-120x120.png HTTP/1.1" 404 1140
172.22.2.4 - - [05/Nov/2023:17:04:32 -0500] "GET /BLA/boletinlegal/apple-touch-icon-precomposed.png HTTP/1.1" 404 1140
172.22.2.4 - - [05/Nov/2023:17:04:32 -0500] "GET /BLA/boletinlegal/apple-touch-icon.png HTTP/1.1" 404 1140
172.22.2.4 - - [05/Nov/2023:17:04:32 -0500] "GET /BLA/boletinlegal/favicon.ico HTTP/1.1" 404 1140
172.22.2.4 - - [05/Nov/2023:17:04:32 -0500] "GET /BLA/boletinlegal/apple-touch-icon-120x120-precomposed.png HTTP/1.1" 404 1140
172.22.2.4 - - [05/Nov/2023:17:04:32 -0500] "GET /BLA/boletinlegal/apple-touch-icon-120x120.png HTTP/1.1" 404 1140
172.22.2.4 - - [05/Nov/2023:17:04:32 -0500] "GET /BLA/boletinlegal/apple-touch-icon-precomposed.png HTTP/1.1" 404 1140
172.22.2.4 - - [05/Nov/2023:17:04:32 -0500] "GET /BLA/boletinlegal/apple-touch-icon.png HTTP/1.1" 404 1140
172.22.2.4 - - [05/Nov/2023:17:04:32 -0500] "GET /BLA/boletinlegal/favicon.ico HTTP/1.1" 404 1140
54.184.159.16 - - [05/Nov/2023:17:04:44 -0500] "GET /BLA/resoluciones/index.php HTTP/1.1" 200 13696
44.231.202.44 - - [05/Nov/2023:17:04:56 -0500] "GET /BLA/resoluciones/index.php?dir=Notificaciones/RESOLUCIONES%202017/&order=asc&sort=name HTTP/1.1" 200 13655
44.231.202.44 - - [05/Nov/2023:17:05:30 -0500] "GET /BLA/resoluciones/index.php?dir=Notificaciones/AUTOS%202017/&order=asc&sort=name HTTP/1.1" 200 140025
44.231.202.44 - - [05/Nov/2023:17:05:37 -0500] "GET /BLA/resoluciones/index.php?dir=RESOLUCIONES%202022/&order=asc&sort=size HTTP/1.1" 200 322327
216.245.221.92 - - [05/Nov/2023:17:05:41 -0500] "HEAD / HTTP/1.1" 200 -
54.184.159.16 - - [05/Nov/2023:17:05:42 -0500] "GET /BLA/resoluciones/index.php?dir=RESOLUCIONES%202007/RES%202007%20601%20AL%20700/&order=desc&sort=size HTTP/1.1" 200 26654
172.22.2.4 - - [05/Nov/2023:17:04:27 -0500] "HEAD /BLA/boletinlegal/ HTTP/1.1" 200 -
54.184.159.16 - - [05/Nov/2023:17:06:29 -0500] "GET /BLA/resoluciones/index.php?dir= HTTP/1.1" 200 13696
50.112.160.3 - - [05/Nov/2023:17:06:30 -0500] "GET /BLA/resoluciones/index.php?dir=RESOLUCIONES%202004/RES%202004%20601-650/ HTTP/1.1" 200 12060
172.22.2.4 - - [05/Nov/2023:17:05:18 -0500] "GET /BLA/boletinlegal/ HTTP/1.1" 200 53737
50.112.160.3 - - [05/Nov/2023:17:08:08 -0500] "GET /BLA/resoluciones/index.php?dir=RESOLUCIONES%202002/RES%202002%201751-1800/&order=asc&sort=name HTTP/1.1" 200 12156
181.56.232.238 - - [05/Nov/2023:17:08:25 -0500] "POST /sipse/faces/presentacion/financiero/solicitudProceso/consultarSolicitudProceso.xhtml HTTP/1.1" 200 21134
181.56.232.238 - - [05/Nov/2023:17:08:26 -0500] "GET /sipse/faces/javax.faces.resource/layout/layout.css?ln=primefaces&v=4.0 HTTP/1.1" 304 -
181.56.232.238 - - [05/Nov/2023:17:08:26 -0500] "GET /sipse/faces/javax.faces.resource/primefaces.css?ln=primefaces&v=4.0 HTTP/1.1" 304 -
181.56.232.238 - - [05/Nov/2023:17:08:26 -0500] "GET /sipse/faces/javax.faces.resource/jquery/jquery-plugins.js?ln=primefaces&v=4.0 HTTP/1.1" 304 -
181.56.232.238 - - [05/Nov/2023:17:08:26 -0500] "GET /sipse/faces/javax.faces.resource/jquery/jquery.js?ln=primefaces&v=4.0 HTTP/1.1" 304 -
181.56.232.238 - - [05/Nov/2023:17:08:26 -0500] "GET /sipse/faces/javax.faces.resource/primefaces.js?ln=primefaces&v=4.0 HTTP/1.1" 304 -
181.56.232.238 - - [05/Nov/2023:17:08:26 -0500] "GET /sipse/faces/javax.faces.resource/layout/layout.js?ln=primefaces&v=4.0 HTTP/1.1" 304 -
181.56.232.238 - - [05/Nov/2023:17:08:26 -0500] "GET /sipse/faces/javax.faces.resource/fileupload/fileupload.css?ln=primefaces&v=4.0 HTTP/1.1" 200 1330
181.56.232.238 - - [05/Nov/2023:17:08:26 -0500] "GET /sipse/faces/javax.faces.resource/fileupload/fileupload.js?ln=primefaces&v=4.0 HTTP/1.1" 304 -
181.56.232.238 - - [05/Nov/2023:17:08:26 -0500] "GET /sipse/faces/javax.faces.resource/theme.css?ln=primefaces-sipse HTTP/1.1" 200 50058
181.56.232.238 - - [05/Nov/2023:17:08:26 -0500] "GET /sipse/faces/javax.faces.resource/images/ui-icons_898989_256x240.png?ln=primefaces-aristo HTTP/1.1" 200 5355
181.56.232.238 - - [05/Nov/2023:17:08:26 -0500] "GET /favicon.ico HTTP/1.1" 200 7782
44.231.202.44 - - [05/Nov/2023:17:08:27 -0500] "GET /BLA/resoluciones/index.php?dir=RESOLUCIONES%202005/ HTTP/1.1" 200 49688
201.245.192.253 - - [05/Nov/2023:17:08:27 -0500] "POST /kwsrmcab/Wsrmcab  HTTP/1.1" 200 42686
50.112.160.3 - - [05/Nov/2023:17:08:32 -0500] "GET /BLA/resoluciones/index.php?dir=RESOLUCIONES%202005/RES%202005%20451-500/&order=desc&sort=size HTTP/1.1" 200 12243
54.184.159.16 - - [05/Nov/2023:17:08:35 -0500] "GET /BLA/resoluciones/index.php?dir=Notificaciones/RESOLUCIONES%202013/&order=desc&sort=date HTTP/1.1" 200 2816
181.56.232.238 - - [05/Nov/2023:17:08:35 -0500] "POST /sipse/faces/presentacion/sistema/anexos/cargarAnexoSolicitudProceso.xhtml HTTP/1.1" 200 156015
181.56.232.238 - - [05/Nov/2023:17:08:37 -0500] "GET /sipse/faces/javax.faces.resource/theme.css?ln=primefaces-sipse HTTP/1.1" 304 -
181.56.232.238 - - [05/Nov/2023:17:08:37 -0500] "GET /sipse/faces/javax.faces.resource/primefaces.css?ln=primefaces&v=4.0 HTTP/1.1" 304 -
181.56.232.238 - - [05/Nov/2023:17:08:37 -0500] "GET /sipse/faces/javax.faces.resource/layout/layout.css?ln=primefaces&v=4.0 HTTP/1.1" 304 -
181.56.232.238 - - [05/Nov/2023:17:08:37 -0500] "GET /sipse/faces/javax.faces.resource/jquery/jquery.js?ln=primefaces&v=4.0 HTTP/1.1" 304 -
181.56.232.238 - - [05/Nov/2023:17:08:37 -0500] "GET /sipse/faces/javax.faces.resource/jquery/jquery-plugins.js?ln=primefaces&v=4.0 HTTP/1.1" 304 -
181.56.232.238 - - [05/Nov/2023:17:08:37 -0500] "GET /sipse/faces/javax.faces.resource/primefaces.js?ln=primefaces&v=4.0 HTTP/1.1" 304 -
181.56.232.238 - - [05/Nov/2023:17:08:37 -0500] "GET /sipse/faces/javax.faces.resource/layout/layout.js?ln=primefaces&v=4.0 HTTP/1.1" 304 -
181.56.232.238 - - [05/Nov/2023:17:08:37 -0500] "GET /sipse/faces/javax.faces.resource/images/ui-icons_898989_256x240.png?ln=primefaces-aristo HTTP/1.1" 304 -
181.56.232.238 - - [05/Nov/2023:17:08:42 -0500] "POST /sipse/faces/presentacion/financiero/solicitudProceso/consultarSolicitudProceso.xhtml HTTP/1.1" 200 21134
181.56.232.238 - - [05/Nov/2023:17:08:43 -0500] "GET /sipse/faces/javax.faces.resource/theme.css?ln=primefaces-sipse HTTP/1.1" 304 -
181.56.232.238 - - [05/Nov/2023:17:08:43 -0500] "GET /sipse/faces/javax.faces.resource/primefaces.css?ln=primefaces&v=4.0 HTTP/1.1" 304 -
181.56.232.238 - - [05/Nov/2023:17:08:43 -0500] "GET /sipse/faces/javax.faces.resource/layout/layout.css?ln=primefaces&v=4.0 HTTP/1.1" 304 -
181.56.232.238 - - [05/Nov/2023:17:08:43 -0500] "GET /sipse/faces/javax.faces.resource/jquery/jquery.js?ln=primefaces&v=4.0 HTTP/1.1" 304 -
181.56.232.238 - - [05/Nov/2023:17:08:43 -0500] "GET /sipse/faces/javax.faces.resource/jquery/jquery-plugins.js?ln=primefaces&v=4.0 HTTP/1.1" 304 -
181.56.232.238 - - [05/Nov/2023:17:08:43 -0500] "GET /sipse/faces/javax.faces.resource/primefaces.js?ln=primefaces&v=4.0 HTTP/1.1" 304 -
181.56.232.238 - - [05/Nov/2023:17:08:43 -0500] "GET /sipse/faces/javax.faces.resource/layout/layout.js?ln=primefaces&v=4.0 HTTP/1.1" 304 -
181.56.232.238 - - [05/Nov/2023:17:08:43 -0500] "GET /sipse/faces/javax.faces.resource/fileupload/fileupload.css?ln=primefaces&v=4.0 HTTP/1.1" 200 1330
181.56.232.238 - - [05/Nov/2023:17:08:43 -0500] "GET /sipse/faces/javax.faces.resource/fileupload/fileupload.js?ln=primefaces&v=4.0 HTTP/1.1" 304 -
181.56.232.238 - - [05/Nov/2023:17:08:43 -0500] "GET /sipse/faces/javax.faces.resource/images/ui-icons_898989_256x240.png?ln=primefaces-aristo HTTP/1.1" 304 -
44.231.202.44 - - [05/Nov/2023:17:08:46 -0500] "GET /BLA/resoluciones/index.php?dir=RESOLUCIONES%202006/RES%202006%20251-300/&order=asc&sort=name HTTP/1.1" 200 12236
181.56.232.238 - - [05/Nov/2023:17:08:49 -0500] "POST /sipse/faces/presentacion/sistema/anexos/cargarAnexoSolicitudProceso.xhtml HTTP/1.1" 200 157825
181.56.232.238 - - [05/Nov/2023:17:08:50 -0500] "GET /sipse/faces/javax.faces.resource/jquery/jquery.js?ln=primefaces&v=4.0 HTTP/1.1" 304 -
181.56.232.238 - - [05/Nov/2023:17:08:50 -0500] "GET /sipse/faces/javax.faces.resource/jquery/jquery-plugins.js?ln=primefaces&v=4.0 HTTP/1.1" 304 -
181.56.232.238 - - [05/Nov/2023:17:08:50 -0500] "GET /sipse/faces/javax.faces.resource/layout/layout.js?ln=primefaces&v=4.0 HTTP/1.1" 304 -
181.56.232.238 - - [05/Nov/2023:17:08:50 -0500] "GET /sipse/faces/javax.faces.resource/primefaces.js?ln=primefaces&v=4.0 HTTP/1.1" 304 -
181.56.232.238 - - [05/Nov/2023:17:08:50 -0500] "GET /sipse/faces/javax.faces.resource/theme.css?ln=primefaces-sipse HTTP/1.1" 304 -
181.56.232.238 - - [05/Nov/2023:17:08:50 -0500] "GET /sipse/faces/javax.faces.resource/primefaces.css?ln=primefaces&v=4.0 HTTP/1.1" 304 -
181.56.232.238 - - [05/Nov/2023:17:08:50 -0500] "GET /sipse/faces/javax.faces.resource/layout/layout.css?ln=primefaces&v=4.0 HTTP/1.1" 304 -
181.56.232.238 - - [05/Nov/2023:17:08:50 -0500] "GET /sipse/faces/javax.faces.resource/images/ui-icons_898989_256x240.png?ln=primefaces-aristo HTTP/1.1" 200 5355
181.56.232.238 - - [05/Nov/2023:17:08:51 -0500] "GET /favicon.ico HTTP/1.1" 200 7782
181.56.232.238 - - [05/Nov/2023:17:08:55 -0500] "POST /sipse/faces/presentacion/financiero/solicitudProceso/consultarSolicitudProceso.xhtml HTTP/1.1" 200 21134
181.56.232.238 - - [05/Nov/2023:17:08:55 -0500] "GET /sipse/faces/javax.faces.resource/theme.css?ln=primefaces-sipse HTTP/1.1" 304 -
181.56.232.238 - - [05/Nov/2023:17:08:55 -0500] "GET /sipse/faces/javax.faces.resource/primefaces.css?ln=primefaces&v=4.0 HTTP/1.1" 304 -
181.56.232.238 - - [05/Nov/2023:17:08:55 -0500] "GET /sipse/faces/javax.faces.resource/layout/layout.css?ln=primefaces&v=4.0 HTTP/1.1" 304 -
