!C99Shell v. 1.0 pre-release build #13!

Software: Apache. PHP/5.5.15 

uname -a: Windows NT SVR-DMZ 6.1 build 7600 (Windows Server 2008 R2 Enterprise Edition) i586 

SYSTEM 

Safe-mode: OFF (not secure)

E:\nuevo\apache\logs\   drwxrwxrwx
Free 5.02 GB of 239.26 GB (2.1%)
Detected drives: [ a ] [ c ] [ d ] [ e ] [ f ]
Home    Back    Forward    UPDIR    Refresh    Search    Buffer    Encoder    Tools    Proc.    FTP brute    Sec.    SQL    PHP-code    Update    Feedback    Self remove    Logout    


Viewing file:     access.2023.11.05.log (1.18 MB)      -rw-rw-rw-
Select action/file-type:
(+) | (+) | (+) | Code (+) | Session (+) | (+) | SDB (+) | (+) | (+) | (+) | (+) | (+) |
5.255.231.167 - - [05/Nov/2023:00:00:10 -0500] "GET /robots.txt HTTP/1.1" 404 1018
5.255.231.153 - - [05/Nov/2023:00:00:10 -0500] "GET / HTTP/1.1" 200 319
172.22.2.4 - - [04/Nov/2023:23:58:31 -0500] "GET /BLA/boletinlegal/ HTTP/1.1" 200 53356
216.245.221.92 - - [05/Nov/2023:00:00:46 -0500] "HEAD / HTTP/1.1" 200 -
44.231.202.44 - - [05/Nov/2023:00:00:50 -0500] "GET /portaldeninos/ HTTP/1.1" 200 110175
54.184.159.16 - - [05/Nov/2023:00:01:48 -0500] "GET /robots.txt HTTP/1.1" 404 1018
50.112.160.3 - - [05/Nov/2023:00:02:04 -0500] "GET /propietarios-inscritos-en-el-inventario-nacional-de-bifenilos-de-policlorados-tienen-plazo-hasta-noviembre-para-reportar-su-balance.html HTTP/1.1" 200 1003
201.245.192.253 - - [05/Nov/2023:00:02:17 -0500] "POST /kwsrmcab/Wsrmcab  HTTP/1.1" 200 42686
213.180.203.11 - - [05/Nov/2023:00:02:26 -0500] "GET / HTTP/1.1" 200 319
54.184.159.16 - - [05/Nov/2023:00:02:37 -0500] "GET /BLA/resoluciones/ HTTP/1.1" 200 13696
172.22.2.4 - - [05/Nov/2023:00:03:30 -0500] "HEAD /BLA/boletinlegal/ HTTP/1.1" 200 -
216.245.221.92 - - [05/Nov/2023:00:05:46 -0500] "HEAD / HTTP/1.1" 200 -
172.22.2.4 - - [05/Nov/2023:00:04:21 -0500] "GET /BLA/boletinlegal/ HTTP/1.1" 200 53356
44.231.202.44 - - [05/Nov/2023:00:06:39 -0500] "GET /BLA/resoluciones/index.php?dir=RESOLUCIONES%201999/ HTTP/1.1" 200 11562
201.245.192.253 - - [05/Nov/2023:00:07:16 -0500] "POST /kwsrmcab/Wsrmcab  HTTP/1.1" 200 42686
40.77.167.19 - - [05/Nov/2023:00:07:37 -0500] "GET /Publicaciones/2023EE236912.pdf HTTP/1.1" 404 228
157.55.39.55 - - [05/Nov/2023:00:08:00 -0500] "GET /BLA/resoluciones/RESOLUCIONES%202021/4864.pdf HTTP/1.1" 200 359627
45.79.128.205 - - [05/Nov/2023:00:09:19 -0500] "\x16\x03\x01" 400 226
50.112.160.3 - - [05/Nov/2023:00:09:52 -0500] "GET /BLA/resoluciones/index.php?dir=AUTOS%202004/ HTTP/1.1" 200 2786
54.184.159.16 - - [05/Nov/2023:00:09:52 -0500] "GET /BLA/resoluciones/index.php?dir=Acuerdos/ HTTP/1.1" 200 3396
50.112.160.3 - - [05/Nov/2023:00:10:02 -0500] "GET /BLA/resoluciones/index.php?dir=AUTOS%202004/ HTTP/1.1" 200 2786
157.55.39.55 - - [05/Nov/2023:00:10:30 -0500] "GET /BLA/resoluciones/AUTOS%202023/3323.pdf HTTP/1.1" 200 862401
23.128.248.37 - - [05/Nov/2023:00:10:37 -0500] "GET /propietarios-inscritos-en-el-inventario-nacional-de-bifenilos-de-policlorados-tienen-plazo-hasta-noviembre-para-reportar-su-balance.html HTTP/1.1" 200 1003
216.245.221.92 - - [05/Nov/2023:00:10:46 -0500] "HEAD / HTTP/1.1" 200 -
52.167.144.187 - - [05/Nov/2023:00:10:51 -0500] "GET /BLA/resoluciones/AUTOS%202023/5384.pdf HTTP/1.1" 200 319824
172.22.2.4 - - [05/Nov/2023:00:09:20 -0500] "HEAD /BLA/boletinlegal/ HTTP/1.1" 200 -
50.112.160.3 - - [05/Nov/2023:00:11:35 -0500] "GET /BLA/resoluciones/index.php?dir=RESOLUCIONES%201996/ HTTP/1.1" 200 9137
172.22.2.4 - - [05/Nov/2023:00:10:11 -0500] "GET /BLA/boletinlegal/ HTTP/1.1" 200 59007
50.112.160.3 - - [05/Nov/2023:00:12:12 -0500] "GET /BLA/resoluciones/index.php?dir=Decretos/ HTTP/1.1" 200 6804
201.245.192.253 - - [05/Nov/2023:00:12:14 -0500] "POST /kwsrmcab/Wsrmcab  HTTP/1.1" 200 42686
54.184.159.16 - - [05/Nov/2023:00:12:25 -0500] "GET /BLA/resoluciones/index.php?dir=RESOLUCIONES%202021/ HTTP/1.1" 200 442881
199.16.157.183 - - [05/Nov/2023:00:13:00 -0500] "GET /images/cronica-mujer-biodiveridad-30-noviembre.jpg HTTP/1.1" 200 63270
66.249.66.21 - - [05/Nov/2023:00:13:40 -0500] "GET /BLA/resoluciones/AUTOS%202012/1055.pdf HTTP/1.1" 200 210353
44.231.202.44 - - [05/Nov/2023:00:13:40 -0500] "GET /BLA/resoluciones/index.php?dir=AUTOS%202006/ HTTP/1.1" 200 9681
54.184.159.16 - - [05/Nov/2023:00:13:46 -0500] "GET /BLA/resoluciones/index.php?dir= HTTP/1.1" 200 13696
44.231.202.44 - - [05/Nov/2023:00:13:49 -0500] "GET /BLA/resoluciones/index.php?dir=RESOLUCIONES%202016/ HTTP/1.1" 200 172327
44.231.202.44 - - [05/Nov/2023:00:13:55 -0500] "GET /BLA/resoluciones/index.php?dir=RESOLUCIONES%202004/ HTTP/1.1" 200 33860
44.231.202.44 - - [05/Nov/2023:00:13:53 -0500] "GET /BLA/resoluciones/index.php?dir=RESOLUCIONES%202009/ HTTP/1.1" 200 1694101
152.61.192.232 - - [05/Nov/2023:00:14:15 -0500] "GET / HTTP/1.1" 200 319
44.231.202.44 - - [05/Nov/2023:00:14:19 -0500] "GET /BLA/resoluciones/index.php?dir=AUTOS%202008/ HTTP/1.1" 200 569644
44.231.202.44 - - [05/Nov/2023:00:14:28 -0500] "GET /BLA/resoluciones/index.php?dir=AUTOS%202013/ HTTP/1.1" 200 407754
50.112.160.3 - - [05/Nov/2023:00:14:22 -0500] "GET /BLA/resoluciones/index.php?dir=AUTOS%202017/ HTTP/1.1" 200 483318
54.184.159.16 - - [05/Nov/2023:00:14:39 -0500] "GET /BLA/resoluciones/index.php?dir=RESOLUCIONES%202000/ HTTP/1.1" 200 27998
50.112.160.3 - - [05/Nov/2023:00:14:49 -0500] "GET /BLA/resoluciones/index.php?dir=RESOLUCIONES%202022/ HTTP/1.1" 200 322327
50.112.160.3 - - [05/Nov/2023:00:14:53 -0500] "GET /BLA/resoluciones/index.php?dir=&order=asc&sort=date HTTP/1.1" 200 13696
44.231.202.44 - - [05/Nov/2023:00:14:53 -0500] "GET /BLA/resoluciones/index.php?dir=AUTOS%202018/ HTTP/1.1" 200 467093
54.184.159.16 - - [05/Nov/2023:00:14:57 -0500] "GET /BLA/resoluciones/index.php?dir=RESOLUCIONES%202002/ HTTP/1.1" 200 26096
3.238.230.192 - - [05/Nov/2023:00:15:01 -0500] "GET /robots.txt HTTP/1.1" 404 1018
3.238.230.192 - - [05/Nov/2023:00:15:01 -0500] "GET /aaaaaaaaaaaaaaaaaaaaaaaaaqr HTTP/1.1" 404 1018
3.238.230.192 - - [05/Nov/2023:00:15:01 -0500] "\xedeq\xc2\x01\x01" 400 226
3.238.230.192 - - [05/Nov/2023:00:15:01 -0500] "GET /gate.php HTTP/1.1" 404 1018
3.238.230.192 - - [05/Nov/2023:00:15:01 -0500] "GET /robots.txt HTTP/1.1" 404 1018
3.238.230.192 - - [05/Nov/2023:00:15:01 -0500] "GET /99vt HTTP/1.1" 404 1018
3.238.230.192 - - [05/Nov/2023:00:15:01 -0500] "GET / HTTP/1.1" 200 319
3.238.230.192 - - [05/Nov/2023:00:15:01 -0500] "GET /99vu HTTP/1.1" 404 1018
44.231.202.44 - - [05/Nov/2023:00:15:04 -0500] "GET /BLA/resoluciones/index.php?dir=AUTOS%202010/ HTTP/1.1" 200 280537
54.184.159.16 - - [05/Nov/2023:00:15:05 -0500] "GET /BLA/resoluciones/index.php?dir=RESOLUCIONES%202012/ HTTP/1.1" 200 140066
44.231.202.44 - - [05/Nov/2023:00:15:12 -0500] "GET /BLA/resoluciones/index.php?dir=RESOLUCIONES%201992/ HTTP/1.1" 200 2871
44.231.202.44 - - [05/Nov/2023:00:15:15 -0500] "GET /BLA/resoluciones/index.php HTTP/1.1" 200 13696
50.112.160.3 - - [05/Nov/2023:00:15:22 -0500] "GET /BLA/resoluciones/index.php?dir=AUTOS%201997/ HTTP/1.1" 200 2025
50.112.160.3 - - [05/Nov/2023:00:15:23 -0500] "GET /BLA/resoluciones/index.php?dir=AUTOS%202005/ HTTP/1.1" 200 2791
50.112.160.3 - - [05/Nov/2023:00:14:38 -0500] "GET /BLA/resoluciones/index.php?dir=RESOLUCIONES%202020/ HTTP/1.1" 200 169742
44.231.202.44 - - [05/Nov/2023:00:15:33 -0500] "GET /BLA/resoluciones/index.php?dir=RESOLUCIONES%202008/ HTTP/1.1" 200 976272
44.231.202.44 - - [05/Nov/2023:00:15:42 -0500] "GET /BLA/resoluciones/index.php?dir=AUTOS%202020/ HTTP/1.1" 200 332687
216.245.221.92 - - [05/Nov/2023:00:15:46 -0500] "HEAD / HTTP/1.1" 200 -
54.184.159.16 - - [05/Nov/2023:00:15:51 -0500] "GET /BLA/resoluciones/index.php?dir=RESOLUCIONES%202005/ HTTP/1.1" 200 49688
44.231.202.44 - - [05/Nov/2023:00:15:51 -0500] "GET /BLA/resoluciones/index.php?dir=RESOLUCIONES%202001/ HTTP/1.1" 200 25492
44.231.202.44 - - [05/Nov/2023:00:15:59 -0500] "GET /BLA/resoluciones/index.php?dir=RESOLUCIONES%201995/ HTTP/1.1" 200 12497
50.112.160.3 - - [05/Nov/2023:00:16:00 -0500] "GET /BLA/resoluciones/index.php?dir=2018/ HTTP/1.1" 200 1608
44.231.202.44 - - [05/Nov/2023:00:16:00 -0500] "GET /BLA/resoluciones/index.php?dir=AUTOS%202016/ HTTP/1.1" 200 331625
54.184.159.16 - - [05/Nov/2023:00:16:02 -0500] "GET /BLA/resoluciones/index.php?dir=AUTOS%202019/ HTTP/1.1" 200 390105
44.231.202.44 - - [05/Nov/2023:00:16:08 -0500] "GET /BLA/resoluciones/index.php?dir=AUTOS%202009/ HTTP/1.1" 200 399860
50.112.160.3 - - [05/Nov/2023:00:16:10 -0500] "GET /BLA/resoluciones/index.php?dir=RESOLUCIONES%201998/ HTTP/1.1" 200 14920
44.231.202.44 - - [05/Nov/2023:00:16:12 -0500] "GET /BLA/resoluciones/index.php?dir=AUTOS%202021/ HTTP/1.1" 200 398874
44.231.202.44 - - [05/Nov/2023:00:16:14 -0500] "GET /BLA/resoluciones/index.php?dir=RESOLUCIONES%20CONJUNTAS/ HTTP/1.1" 200 4762
54.184.159.16 - - [05/Nov/2023:00:16:16 -0500] "GET /BLA/resoluciones/index.php?dir=AUTOS%202014/ HTTP/1.1" 200 890851
50.112.160.3 - - [05/Nov/2023:00:16:20 -0500] "GET /BLA/resoluciones/index.php?dir=RESOLUCIONES%202007/ HTTP/1.1" 200 37998
50.112.160.3 - - [05/Nov/2023:00:16:22 -0500] "GET /BLA/resoluciones/index.php?dir=AUTOS%202003/ HTTP/1.1" 200 1813
50.112.160.3 - - [05/Nov/2023:00:16:24 -0500] "GET /BLA/resoluciones/index.php?dir=AUTOS%202002/ HTTP/1.1" 200 1813
54.184.159.16 - - [05/Nov/2023:00:16:22 -0500] "GET /BLA/resoluciones/index.php?dir=AUTOS%202023/ HTTP/1.1" 200 389499
44.231.202.44 - - [05/Nov/2023:00:16:23 -0500] "GET /BLA/resoluciones/index.php?dir=RESOLUCIONES%202011/ HTTP/1.1" 200 747162
54.184.159.16 - - [05/Nov/2023:00:16:30 -0500] "GET /BLA/resoluciones/index.php?dir=AUTOS%202007/ HTTP/1.1" 200 628423
52.167.144.137 - - [05/Nov/2023:00:16:31 -0500] "GET /portaldeninos/category/noticias/ HTTP/1.1" 200 101632
44.231.202.44 - - [05/Nov/2023:00:16:38 -0500] "GET /BLA/resoluciones/index.php?dir=RESOLUCIONES%201994/ HTTP/1.1" 200 2479
44.231.202.44 - - [05/Nov/2023:00:16:42 -0500] "GET /BLA/resoluciones/index.php?dir=RESOLUCIONES%201993/ HTTP/1.1" 200 2879
54.184.159.16 - - [05/Nov/2023:00:15:54 -0500] "GET /BLA/resoluciones/index.php?dir=RESOLUCIONES%202019/ HTTP/1.1" 200 225227
172.22.2.4 - - [05/Nov/2023:00:15:11 -0500] "HEAD /BLA/boletinlegal/ HTTP/1.1" 200 -
50.112.160.3 - - [05/Nov/2023:00:16:04 -0500] "GET /BLA/resoluciones/index.php?dir=AUTOS%202022/ HTTP/1.1" 200 225227
44.231.202.44 - - [05/Nov/2023:00:16:52 -0500] "GET /BLA/resoluciones/index.php?dir=RESOLUCIONES%202010/ HTTP/1.1" 200 1307967
54.184.159.16 - - [05/Nov/2023:00:17:00 -0500] "GET /BLA/resoluciones/index.php?dir=RESOLUCIONES%202015/ HTTP/1.1" 200 130562
44.231.202.44 - - [05/Nov/2023:00:16:59 -0500] "GET /BLA/resoluciones/index.php?dir=RESOLUCIONES%202023/ HTTP/1.1" 200 105964
54.184.159.16 - - [05/Nov/2023:00:17:03 -0500] "GET /BLA/resoluciones/index.php?dir=RESOLUCIONES%202006/ HTTP/1.1" 200 40916
54.184.159.16 - - [05/Nov/2023:00:17:07 -0500] "GET /BLA/resoluciones/index.php?dir=AUTOS%202011/ HTTP/1.1" 200 636914
44.231.202.44 - - [05/Nov/2023:00:17:11 -0500] "GET /BLA/resoluciones/index.php?dir=Notificaciones/ HTTP/1.1" 200 11650
44.231.202.44 - - [05/Nov/2023:00:17:11 -0500] "GET /BLA/resoluciones/index.php?dir=RESOLUCIONES%201997/ HTTP/1.1" 200 17831
54.184.159.16 - - [05/Nov/2023:00:17:12 -0500] "GET /BLA/resoluciones/index.php?dir=AUTOS%202012/ HTTP/1.1" 200 276641
201.245.192.253 - - [05/Nov/2023:00:17:12 -0500] "POST /kwsrmcab/Wsrmcab HTTP/1.1" 200 42534
201.245.192.253 - - [05/Nov/2023:00:17:14 -0500] "POST /kwsrmcab/Wsrmcab  HTTP/1.1" 200 42686
201.245.192.253 - - [05/Nov/2023:00:17:15 -0500] "POST /kwsrmcab/Wsrmcab HTTP/1.1" 200 40498
172.22.2.4 - - [05/Nov/2023:00:17:19 -0500] "GET /BLA/boletinlegal/sugerencias.php HTTP/1.1" 200 8615
54.184.159.16 - - [05/Nov/2023:00:17:27 -0500] "GET /BLA/resoluciones/index.php?dir=RESOLUCIONES%202003/ HTTP/1.1" 200 34282
54.184.159.16 - - [05/Nov/2023:00:16:47 -0500] "GET /BLA/resoluciones/index.php?dir=RESOLUCIONES%202018/ HTTP/1.1" 200 279938
54.184.159.16 - - [05/Nov/2023:00:17:32 -0500] "GET /BLA/resoluciones/index.php?dir=AUTOS%202015/ HTTP/1.1" 200 584494
44.231.202.44 - - [05/Nov/2023:00:17:38 -0500] "GET /BLA/resoluciones/index.php?dir=&order=desc&sort=name HTTP/1.1" 200 13695
172.22.2.4 - - [05/Nov/2023:00:16:02 -0500] "GET /BLA/boletinlegal/ HTTP/1.1" 200 53737
50.112.160.3 - - [05/Nov/2023:00:17:49 -0500] "GET /BLA/resoluciones/index.php?dir=&order=asc&sort=size HTTP/1.1" 200 13696
54.184.159.16 - - [05/Nov/2023:00:17:52 -0500] "GET /BLA/resoluciones/index.php?dir=RESOLUCIONES%202017/ HTTP/1.1" 200 286831
66.249.66.20 - - [05/Nov/2023:00:18:07 -0500] "GET /resoluciones/RESOLUCIONES%202008/3425.pdf HTTP/1.1" 404 1018
172.22.2.4 - - [05/Nov/2023:00:16:37 -0500] "GET /BLA/boletinlegal/ HTTP/1.1" 200 56997
172.22.2.4 - - [05/Nov/2023:00:18:19 -0500] "GET /BLA/boletinlegal/conceptos.php HTTP/1.1" 200 7496
44.231.202.44 - - [05/Nov/2023:00:17:58 -0500] "GET /BLA/resoluciones/index.php?dir=RESOLUCIONES%202014/ HTTP/1.1" 200 334189
54.184.159.16 - - [05/Nov/2023:00:18:44 -0500] "GET /BLA/resoluciones/index.php?dir=RESOLUCIONES%202013/ HTTP/1.1" 200 238278
66.249.66.19 - - [05/Nov/2023:00:19:17 -0500] "GET /BLA/resoluciones/Autos%202008/1015.pdf HTTP/1.1" 200 366911
172.22.2.4 - - [05/Nov/2023:00:19:24 -0500] "GET /BLA/boletinlegal/jurisprudencia.php HTTP/1.1" 200 17583
172.22.2.4 - - [05/Nov/2023:00:18:47 -0500] "GET /BLA/boletinlegal/index.php HTTP/1.1" 200 49099
201.245.192.253 - - [05/Nov/2023:00:20:26 -0500] "POST /kwsrmcab/Wsrmcab HTTP/1.1" 200 42534
201.245.192.253 - - [05/Nov/2023:00:20:29 -0500] "POST /kwsrmcab/Wsrmcab HTTP/1.1" 200 40498
216.245.221.92 - - [05/Nov/2023:00:20:46 -0500] "HEAD / HTTP/1.1" 200 -
66.249.66.20 - - [05/Nov/2023:00:20:51 -0500] "GET /BLA/resoluciones/RESOLUCIONES%202007/RES%202007%20301%20AL%20400/RESOLUCION%200374%20DE%202007.pdf HTTP/1.1" 200 391014
54.184.159.16 - - [05/Nov/2023:00:22:14 -0500] "GET /BLA/resoluciones/index.php?dir=2018/&order=desc&sort=name HTTP/1.1" 200 1607
201.245.192.253 - - [05/Nov/2023:00:22:13 -0500] "POST /kwsrmcab/Wsrmcab  HTTP/1.1" 200 42686
172.22.2.4 - - [05/Nov/2023:00:22:29 -0500] "GET /BLA/boletinlegal/doctrina.php HTTP/1.1" 200 5614
172.22.2.4 - - [05/Nov/2023:00:21:01 -0500] "HEAD /BLA/boletinlegal/ HTTP/1.1" 200 -
172.22.2.4 - - [05/Nov/2023:00:23:08 -0500] "GET /BLA/boletinlegal/normativa.php HTTP/1.1" 200 8343
172.22.2.4 - - [05/Nov/2023:00:23:31 -0500] "GET /BLA/boletinlegal/.env HTTP/1.1" 404 1038
172.22.2.4 - - [05/Nov/2023:00:21:52 -0500] "GET /BLA/boletinlegal/ HTTP/1.1" 200 58294
173.252.87.120 - - [05/Nov/2023:00:23:34 -0500] "GET /images/cuerpos%20de%20agua%20en%20humedales-19-10.jpg HTTP/1.1" 200 73528
52.167.144.161 - - [05/Nov/2023:00:23:42 -0500] "GET /BLA/resoluciones/AUTOS%202023/2076.pdf HTTP/1.1" 200 307571
172.22.2.4 - - [05/Nov/2023:00:23:32 -0500] "POST /BLA/boletinlegal/ HTTP/1.1" 200 24523
66.249.66.38 - - [05/Nov/2023:00:24:28 -0500] "GET /conoce-las-medidas-de-prevencion-y-mitigacion-contempladas-en-la-alerta-fase-1-por-calidad-del-aire.html HTTP/1.1" 304 -
54.184.159.16 - - [05/Nov/2023:00:24:32 -0500] "GET /portaldeninos/biodiversidad HTTP/1.1" 301 -
54.184.159.16 - - [05/Nov/2023:00:24:33 -0500] "GET /portaldeninos/biodiversidad/ HTTP/1.1" 200 86633
3.138.35.89 - - [05/Nov/2023:00:25:01 -0500] "GET /ai.txt?t=1699146273.575171 HTTP/1.1" 404 1035
3.138.35.89 - - [05/Nov/2023:00:25:03 -0500] "GET /.well-known/ai.txt?t=1699146273.575171 HTTP/1.1" 404 1035
152.61.128.50 - - [05/Nov/2023:00:25:16 -0500] "GET / HTTP/1.1" 200 319
66.249.66.19 - - [05/Nov/2023:00:25:27 -0500] "GET /Publicaciones/2023EE218970.pdf HTTP/1.1" 404 228
157.55.39.48 - - [05/Nov/2023:00:25:40 -0500] "GET /Publicaciones/2023EE235970.pdf HTTP/1.1" 404 228
216.245.221.92 - - [05/Nov/2023:00:25:46 -0500] "HEAD / HTTP/1.1" 200 -
44.231.202.44 - - [05/Nov/2023:00:26:00 -0500] "GET /BLA/resoluciones/index.php?dir=RESOLUCIONES%201999/&order=asc&sort=date HTTP/1.1" 200 11562
216.172.136.130 - - [05/Nov/2023:00:26:09 -0500] "GET /portaldeninos/ HTTP/1.1" 200 110175
38.15.152.78 - - [05/Nov/2023:00:26:21 -0500] "GET /portaldeninos/wp-admin/admin-ajax.php HTTP/1.1" 400 1
156.239.49.51 - - [05/Nov/2023:00:26:23 -0500] "GET /portaldeninos/wp-admin/admin-ajax.php?action=register HTTP/1.1" 400 1
199.249.230.103 - - [05/Nov/2023:00:26:45 -0500] "GET /propietarios-inscritos-en-el-inventario-nacional-de-bifenilos-de-policlorados-tienen-plazo-hasta-noviembre-para-reportar-su-balance.html HTTP/1.1" 200 1003
44.231.202.44 - - [05/Nov/2023:00:26:50 -0500] "GET /BLA/resoluciones/index.php HTTP/1.1" 200 13696
50.112.160.3 - - [05/Nov/2023:00:26:53 -0500] "GET /BLA/resoluciones/index.php?dir=RESOLUCIONES%201999/&order=asc&sort=size HTTP/1.1" 200 11562
54.184.159.16 - - [05/Nov/2023:00:27:10 -0500] "GET /BLA/resoluciones/index.php?dir=RESOLUCIONES%201999/&order=desc&sort=name HTTP/1.1" 200 11561
201.245.192.253 - - [05/Nov/2023:00:27:11 -0500] "POST /kwsrmcab/Wsrmcab  HTTP/1.1" 200 42686
201.245.192.253 - - [05/Nov/2023:00:27:12 -0500] "POST /kwsrmcab/Wsrmcab HTTP/1.1" 200 42534
201.245.192.253 - - [05/Nov/2023:00:27:16 -0500] "POST /kwsrmcab/Wsrmcab HTTP/1.1" 200 40498
172.22.2.4 - - [05/Nov/2023:00:27:42 -0500] "GET /BLA/boletinlegal/Directivas/2019/Directiva%20No.%200001%20del%2011%20de%20junio%20de%202019.pdf HTTP/1.1" 304 -
54.184.159.16 - - [05/Nov/2023:00:27:50 -0500] "GET /BLA/resoluciones/index.php?dir=AUTOS%202004/&order=asc&sort=date HTTP/1.1" 200 2786
44.231.202.44 - - [05/Nov/2023:00:27:54 -0500] "GET /BLA/resoluciones/index.php?dir=AUTOS%202004/&order=asc&sort=size HTTP/1.1" 200 2786
172.22.2.4 - - [05/Nov/2023:00:26:51 -0500] "HEAD /BLA/boletinlegal/ HTTP/1.1" 200 -
143.42.182.84 - - [05/Nov/2023:00:29:05 -0500] "GET /robots.txt HTTP/1.0" 404 1034
45.79.150.25 - - [05/Nov/2023:00:29:06 -0500] "GET /propietarios-inscritos-en-el-inventario-nacional-de-bifenilos-de-policlorados-tienen-plazo-hasta-noviembre-para-reportar-su-balance.html HTTP/1.0" 200 1003
54.226.240.64 - - [05/Nov/2023:00:29:15 -0500] "GET /propietarios-inscritos-en-el-inventario-nacional-de-bifenilos-de-policlorados-tienen-plazo-hasta-noviembre-para-reportar-su-balance.html HTTP/1.1" 200 1003
3.90.61.203 - - [05/Nov/2023:00:29:15 -0500] "HEAD /propietarios-inscritos-en-el-inventario-nacional-de-bifenilos-de-policlorados-tienen-plazo-hasta-noviembre-para-reportar-su-balance.html HTTP/1.1" 200 -
3.90.61.203 - - [05/Nov/2023:00:29:15 -0500] "GET /propietarios-inscritos-en-el-inventario-nacional-de-bifenilos-de-policlorados-tienen-plazo-hasta-noviembre-para-reportar-su-balance.html HTTP/1.1" 200 1003
162.19.168.104 - - [05/Nov/2023:00:29:21 -0500] "GET /propietarios-inscritos-en-el-inventario-nacional-de-bifenilos-de-policlorados-tienen-plazo-hasta-noviembre-para-reportar-su-balance.html HTTP/1.1" 200 1003
172.22.2.4 - - [05/Nov/2023:00:27:42 -0500] "GET /BLA/boletinlegal/ HTTP/1.1" 200 61018
54.184.159.16 - - [05/Nov/2023:00:28:33 -0500] "GET /BLA/resoluciones/index.php?dir=RESOLUCIONES%202009/&order=asc&sort=date HTTP/1.1" 200 593867
66.249.66.37 - - [05/Nov/2023:00:29:28 -0500] "GET /mas-de-70-aves-de-corral-y-de-especies-no-convencionales-encontraron-un-hogar.html HTTP/1.1" 304 -
54.184.159.16 - - [05/Nov/2023:00:30:00 -0500] "GET /BLA/resoluciones/index.php?dir=2018/&order=asc&sort=date HTTP/1.1" 200 1608
201.245.192.253 - - [05/Nov/2023:00:30:26 -0500] "POST /kwsrmcab/Wsrmcab HTTP/1.1" 200 42534
201.245.192.253 - - [05/Nov/2023:00:30:30 -0500] "POST /kwsrmcab/Wsrmcab HTTP/1.1" 200 40498
52.167.144.170 - - [05/Nov/2023:00:30:37 -0500] "GET /bla/resoluciones/notificaciones/autos%202018/01898.pdf HTTP/1.1" 200 235617
216.245.221.92 - - [05/Nov/2023:00:30:46 -0500] "HEAD / HTTP/1.1" 200 -
44.231.202.44 - - [05/Nov/2023:00:30:54 -0500] "GET /catalogoisis/ HTTP/1.1" 404 211
172.22.2.4 - - [05/Nov/2023:00:31:04 -0500] "GET /BLA/boletinlegal/robots.txt HTTP/1.1" 404 1038
44.231.202.44 - - [05/Nov/2023:00:31:14 -0500] "GET /BLA/resoluciones/index.php?dir=AUTOS%202003/&order=asc&sort=size HTTP/1.1" 200 1813
44.231.202.44 - - [05/Nov/2023:00:31:21 -0500] "GET /BLA/resoluciones/index.php?dir=AUTOS%202004/&order=desc&sort=name HTTP/1.1" 200 2785
54.184.159.16 - - [05/Nov/2023:00:32:06 -0500] "GET /BLA/resoluciones/index.php?dir=AUTOS%202003/&order=desc&sort=name HTTP/1.1" 200 1812
201.245.192.253 - - [05/Nov/2023:00:32:10 -0500] "POST /kwsrmcab/Wsrmcab  HTTP/1.1" 200 42686
50.112.160.3 - - [05/Nov/2023:00:32:14 -0500] "GET /BLA/resoluciones/index.php?dir=2018/&order=asc&sort=size HTTP/1.1" 200 1608
172.22.2.4 - - [05/Nov/2023:00:32:26 -0500] "GET /BLA/boletinlegal/jurisprudencia/analisis/ANALISIST-046-99.docx HTTP/1.1" 200 20918
44.231.202.44 - - [05/Nov/2023:00:32:36 -0500] "GET /portaldeninos/agua-y-estructura-ecologica-principal HTTP/1.1" 301 -
172.22.2.4 - - [05/Nov/2023:00:31:05 -0500] "GET /BLA/boletinlegal/ HTTP/1.1" 200 51333
172.22.2.4 - - [05/Nov/2023:00:32:49 -0500] "GET /BLA/boletinlegal/Circulares/2012/Circular%20No.%2014%20del%2011%20de%20Septiembre%20de%202012.pdf HTTP/1.1" 304 -
44.231.202.44 - - [05/Nov/2023:00:32:36 -0500] "GET /portaldeninos/agua-y-estructura-ecologica-principal/ HTTP/1.1" 200 87488
44.231.202.44 - - [05/Nov/2023:00:32:52 -0500] "GET /BLA/resoluciones/index.php?dir=AUTOS%202003/&order=asc&sort=date HTTP/1.1" 200 1813
52.167.144.228 - - [05/Nov/2023:00:32:53 -0500] "GET /BLA/resoluciones/AUTOS%202023/4062.pdf HTTP/1.1" 200 652050
54.184.159.16 - - [05/Nov/2023:00:33:36 -0500] "GET /BLA/resoluciones/index.php?dir=AUTOS%202021/&order=asc&sort=date HTTP/1.1" 200 398874
54.184.159.16 - - [05/Nov/2023:00:33:38 -0500] "GET /BLA/resoluciones/AUTOS%202021/0245.php HTTP/1.1" 200 107010
50.112.160.3 - - [05/Nov/2023:00:33:44 -0500] "GET /BLA/resoluciones/index.php?dir= HTTP/1.1" 200 13696
44.231.202.44 - - [05/Nov/2023:00:33:33 -0500] "GET /BLA/resoluciones/index.php?dir=AUTOS%202021/&order=asc&sort=size HTTP/1.1" 200 398874
44.231.202.44 - - [05/Nov/2023:00:33:36 -0500] "GET /BLA/resoluciones/index.php?dir=AUTOS%202021/ HTTP/1.1" 200 398874
50.112.160.3 - - [05/Nov/2023:00:33:39 -0500] "GET /BLA/resoluciones/index.php?dir=AUTOS%202021/&order=desc&sort=name HTTP/1.1" 200 85963
172.22.2.4 - - [05/Nov/2023:00:32:41 -0500] "HEAD /BLA/boletinlegal/ HTTP/1.1" 200 -
172.22.2.4 - - [05/Nov/2023:00:33:32 -0500] "GET /BLA/boletinlegal/ HTTP/1.1" 200 60634
54.36.175.53 - - [05/Nov/2023:00:35:43 -0500] "GET / HTTP/1.1" 200 319
216.245.221.92 - - [05/Nov/2023:00:35:46 -0500] "HEAD / HTTP/1.1" 200 -
50.112.160.3 - - [05/Nov/2023:00:36:07 -0500] "GET /BLA/resoluciones/AUTOS%202015/2354.xps HTTP/1.1" 200 769397
54.225.104.196 - - [05/Nov/2023:00:36:15 -0500] "GET /propietarios-inscritos-en-el-inventario-nacional-de-bifenilos-de-policlorados-tienen-plazo-hasta-noviembre-para-reportar-su-balance.html HTTP/1.1" 200 1003
54.221.199.147 - - [05/Nov/2023:00:36:16 -0500] "GET /favicon.ico HTTP/1.1" 404 1034
54.225.104.196 - - [05/Nov/2023:00:36:16 -0500] "GET /images/art%2016.jpg HTTP/1.1" 200 43893
54.221.198.105 - - [05/Nov/2023:00:36:16 -0500] "GET /images/art%2016.jpg HTTP/1.1" 200 43893
52.167.144.23 - - [05/Nov/2023:00:36:53 -0500] "GET /portaldeninos/?s=2023 HTTP/1.1" 200 87105
201.245.192.253 - - [05/Nov/2023:00:37:09 -0500] "POST /kwsrmcab/Wsrmcab  HTTP/1.1" 200 42686
201.245.192.253 - - [05/Nov/2023:00:37:12 -0500] "POST /kwsrmcab/Wsrmcab HTTP/1.1" 200 42534
201.245.192.253 - - [05/Nov/2023:00:37:15 -0500] "POST /kwsrmcab/Wsrmcab HTTP/1.1" 200 40498
44.231.202.44 - - [05/Nov/2023:00:37:22 -0500] "GET /BLA/resoluciones/index.php?dir=Acuerdos/&order=asc&sort=date HTTP/1.1" 200 3396
50.112.160.3 - - [05/Nov/2023:00:39:39 -0500] "GET /portaldeninos/residuos HTTP/1.1" 301 -
50.112.160.3 - - [05/Nov/2023:00:39:39 -0500] "GET /portaldeninos/residuos/ HTTP/1.1" 200 87443
44.231.202.44 - - [05/Nov/2023:00:40:06 -0500] "GET /BLA/resoluciones/index.php?dir=AUTOS%202015/&order=asc&sort=date HTTP/1.1" 200 584494
172.22.2.4 - - [05/Nov/2023:00:38:31 -0500] "HEAD /BLA/boletinlegal/ HTTP/1.1" 200 -
50.112.160.3 - - [05/Nov/2023:00:40:26 -0500] "GET /BLA/resoluciones/index.php?dir=AUTOS%202015/&order=asc&sort=size HTTP/1.1" 200 584494
201.245.192.253 - - [05/Nov/2023:00:40:26 -0500] "POST /kwsrmcab/Wsrmcab HTTP/1.1" 200 42534
201.245.192.253 - - [05/Nov/2023:00:40:30 -0500] "POST /kwsrmcab/Wsrmcab HTTP/1.1" 200 40498
216.245.221.92 - - [05/Nov/2023:00:40:46 -0500] "HEAD / HTTP/1.1" 200 -
44.231.202.44 - - [05/Nov/2023:00:40:53 -0500] "GET /BLA/resoluciones/index.php?dir=Acuerdos/&order=asc&sort=size HTTP/1.1" 200 3396
172.22.2.4 - - [05/Nov/2023:00:40:53 -0500] "GET /BLA/boletinlegal/js/jquery.js HTTP/1.1" 200 57254
172.22.2.4 - - [05/Nov/2023:00:40:53 -0500] "GET /BLA/boletinlegal/js/jquery.scrollTo-min.js HTTP/1.1" 200 1150
172.22.2.4 - - [05/Nov/2023:00:40:53 -0500] "GET /BLA/boletinlegal/js/jquery.scrollShow.js HTTP/1.1" 200 4586
172.22.2.4 - - [05/Nov/2023:00:40:53 -0500] "GET /BLA/boletinlegal/images/cabezote%20BLEGAL.jpg HTTP/1.1" 200 118164
172.22.2.4 - - [05/Nov/2023:00:40:53 -0500] "GET /BLA/boletinlegal/images/screen_1.png HTTP/1.1" 200 202547
172.22.2.4 - - [05/Nov/2023:00:40:53 -0500] "GET /BLA/boletinlegal/images/subscribe-icon-big.png HTTP/1.1" 200 47702
172.22.2.4 - - [05/Nov/2023:00:40:53 -0500] "GET /BLA/boletinlegal/images/historia.png HTTP/1.1" 200 52775
172.22.2.4 - - [05/Nov/2023:00:40:53 -0500] "GET /BLA/boletinlegal/images/arr_l.jpg HTTP/1.1" 200 1979
172.22.2.4 - - [05/Nov/2023:00:40:53 -0500] "GET /BLA/boletinlegal/images/launch.jpg HTTP/1.1" 200 14577
172.22.2.4 - - [05/Nov/2023:00:40:53 -0500] "GET /BLA/boletinlegal/images/body_bg.jpg HTTP/1.1" 200 1601
172.22.2.4 - - [05/Nov/2023:00:40:53 -0500] "GET /BLA/boletinlegal/images/menu_lft.gif HTTP/1.1" 200 1713
172.22.2.4 - - [05/Nov/2023:00:40:53 -0500] "GET /BLA/boletinlegal/images/menu_rght.gif HTTP/1.1" 200 1627
172.22.2.4 - - [05/Nov/2023:00:40:53 -0500] "GET /BLA/boletinlegal/images/bg_top.jpg HTTP/1.1" 200 522
172.22.2.4 - - [05/Nov/2023:00:40:53 -0500] "GET /BLA/boletinlegal/images/text.jpg HTTP/1.1" 200 568
172.22.2.4 - - [05/Nov/2023:00:40:53 -0500] "GET /BLA/boletinlegal/images/hover.jpg HTTP/1.1" 200 640
172.22.2.4 - - [05/Nov/2023:00:40:53 -0500] "GET /BLA/boletinlegal/images/menu_bg.jpg HTTP/1.1" 200 620
172.22.2.4 - - [05/Nov/2023:00:40:56 -0500] "GET /BLA/boletinlegal/actos.php HTTP/1.1" 200 9682
172.22.2.4 - - [05/Nov/2023:00:40:56 -0500] "GET /BLA/boletinlegal/js/ajax_actos.js HTTP/1.1" 200 1322
172.22.2.4 - - [05/Nov/2023:00:40:56 -0500] "GET /BLA/boletinlegal/niceforms.js HTTP/1.1" 200 22876
172.22.2.4 - - [05/Nov/2023:00:40:56 -0500] "GET /BLA/boletinlegal/js/lib.js HTTP/1.1" 200 6474
172.22.2.4 - - [05/Nov/2023:00:40:56 -0500] "GET /BLA/boletinlegal/js/popup.js HTTP/1.1" 200 1270
172.22.2.4 - - [05/Nov/2023:00:40:56 -0500] "GET /BLA/boletinlegal/niceforms-default.css HTTP/1.1" 200 6694
172.22.2.4 - - [05/Nov/2023:00:40:56 -0500] "GET /BLA/boletinlegal/js/jquery1.js HTTP/1.1" 200 29846
172.22.2.4 - - [05/Nov/2023:00:40:56 -0500] "GET /BLA/boletinlegal/images/tel.png HTTP/1.1" 200 14477
172.22.2.4 - - [05/Nov/2023:00:40:56 -0500] "GET /BLA/boletinlegal/images/icono-email.png HTTP/1.1" 200 5544
172.22.2.4 - - [05/Nov/2023:00:40:56 -0500] "GET /BLA/boletinlegal/images/footer_bg.jpg HTTP/1.1" 200 586
172.22.2.4 - - [05/Nov/2023:00:40:56 -0500] "GET /BLA/boletinlegal/images/footer_bg_l.jpg HTTP/1.1" 200 776
172.22.2.4 - - [05/Nov/2023:00:40:56 -0500] "GET /BLA/boletinlegal/img/0.png HTTP/1.1" 200 110
172.22.2.4 - - [05/Nov/2023:00:40:56 -0500] "GET /BLA/boletinlegal/img/select-left.png HTTP/1.1" 200 263
172.22.2.4 - - [05/Nov/2023:00:40:56 -0500] "GET /BLA/boletinlegal/img/button-right.png HTTP/1.1" 200 57878
172.22.2.4 - - [05/Nov/2023:00:40:56 -0500] "GET /BLA/boletinlegal/img/button.png HTTP/1.1" 200 43241
172.22.2.4 - - [05/Nov/2023:00:40:56 -0500] "GET /BLA/boletinlegal/img/select-right.png HTTP/1.1" 200 44019
172.22.2.4 - - [05/Nov/2023:00:40:56 -0500] "GET /BLA/boletinlegal/img/button-left.png HTTP/1.1" 200 57071
172.22.2.4 - - [05/Nov/2023:00:40:56 -0500] "GET /BLA/boletinlegal/favicon.ico HTTP/1.1" 404 1326
186.84.21.244 - - [05/Nov/2023:00:40:58 -0500] "GET /BLA/resoluciones/ HTTP/1.1" 200 13696
186.84.21.244 - - [05/Nov/2023:00:40:58 -0500] "GET /BLA/resoluciones/dlf/styles.css HTTP/1.1" 200 3049
186.84.21.244 - - [05/Nov/2023:00:40:58 -0500] "GET /BLA/resoluciones/dlf/folder.png HTTP/1.1" 200 410
186.84.21.244 - - [05/Nov/2023:00:40:59 -0500] "GET /BLA/resoluciones/dlf/bg.gif HTTP/1.1" 200 54
186.84.21.244 - - [05/Nov/2023:00:40:59 -0500] "GET /favicon.ico HTTP/1.1" 200 7782
172.22.2.4 - - [05/Nov/2023:00:39:22 -0500] "GET /BLA/boletinlegal/ HTTP/1.1" 200 58644
186.84.21.244 - - [05/Nov/2023:00:41:02 -0500] "GET /BLA/resoluciones/dlf/dirup.png HTTP/1.1" 200 644
186.84.21.244 - - [05/Nov/2023:00:41:02 -0500] "GET /BLA/resoluciones/dlf/pdf.gif HTTP/1.1" 200 272
186.84.21.244 - - [05/Nov/2023:00:41:02 -0500] "GET /BLA/resoluciones/index.php?dir=RESOLUCIONES+2018%2F HTTP/1.1" 200 279938
44.231.202.44 - - [05/Nov/2023:00:41:16 -0500] "GET /BLA/resoluciones/index.php?dir=AUTOS%202015/&order=desc&sort=name HTTP/1.1" 200 584493
172.22.2.4 - - [05/Nov/2023:00:40:53 -0500] "GET /BLA/boletinlegal/ HTTP/1.1" 200 24523
201.245.192.253 - - [05/Nov/2023:00:42:08 -0500] "POST /kwsrmcab/Wsrmcab  HTTP/1.1" 200 42686
50.112.160.3 - - [05/Nov/2023:00:42:29 -0500] "GET /BLA/resoluciones/index.php HTTP/1.1" 200 13696
50.112.160.3 - - [05/Nov/2023:00:45:05 -0500] "GET /BLA/resoluciones/index.php?dir=RESOLUCIONES%202000/&order=asc&sort=size HTTP/1.1" 200 27998
44.231.202.44 - - [05/Nov/2023:00:45:39 -0500] "GET /BLA/resoluciones/index.php?dir=Acuerdos/&order=desc&sort=name HTTP/1.1" 200 3395
216.245.221.92 - - [05/Nov/2023:00:45:46 -0500] "HEAD / HTTP/1.1" 200 -
172.22.2.4 - - [05/Nov/2023:00:44:21 -0500] "HEAD /BLA/boletinlegal/ HTTP/1.1" 200 -
44.231.202.44 - - [05/Nov/2023:00:46:17 -0500] "GET /portaldeninos/que-es-cambio-climatico HTTP/1.1" 301 -
44.231.202.44 - - [05/Nov/2023:00:46:17 -0500] "GET /portaldeninos/que-es-cambio-climatico/ HTTP/1.1" 200 86727
172.22.2.4 - - [05/Nov/2023:00:45:12 -0500] "GET /BLA/boletinlegal/ HTTP/1.1" 200 59827
201.245.192.253 - - [05/Nov/2023:00:47:07 -0500] "POST /kwsrmcab/Wsrmcab  HTTP/1.1" 200 42686
152.61.192.232 - - [05/Nov/2023:00:47:11 -0500] "GET /arcgis/services/Calidad_del_Agua_WQI/MapServer/WMSServer?request=GetCapabilities&service=WMS HTTP/1.1" 503 1020
152.61.192.232 - - [05/Nov/2023:00:47:12 -0500] "GET /arcgis/services/Calidad_del_Agua_WQI/MapServer/WMSServer?SERVICE=WMS&REQUEST=GetCapabilities HTTP/1.1" 503 1020
152.61.192.232 - - [05/Nov/2023:00:47:13 -0500] "GET /arcgis/services/Calidad_del_Agua_WQI/MapServer/WMSServer?WMTVER=1.0.0&REQUEST=capabilities HTTP/1.1" 503 1020
54.184.159.16 - - [05/Nov/2023:00:46:37 -0500] "GET /BLA/resoluciones/index.php?dir=RESOLUCIONES%202009/&order=desc&sort=name HTTP/1.1" 200 720843
44.231.202.44 - - [05/Nov/2023:00:46:38 -0500] "GET /BLA/resoluciones/index.php?dir=RESOLUCIONES%202009/&order=asc&sort=size HTTP/1.1" 200 270283
51.158.37.190 - - [05/Nov/2023:00:47:41 -0500] "GET /portaldeninos/ HTTP/1.1" 200 110175
51.158.37.190 - - [05/Nov/2023:00:47:43 -0500] "GET /portaldeninos/wp-content/plugins/google-analytics-for-wordpress/assets/js/frontend-gtag.min.js?ver=8.5.0 HTTP/1.1" 200 11801
51.158.37.190 - - [05/Nov/2023:00:47:44 -0500] "GET /portaldeninos/wp-includes/js/jquery/jquery.js?ver=1.12.4 HTTP/1.1" 200 97184
51.158.37.190 - - [05/Nov/2023:00:47:45 -0500] "GET /portaldeninos/wp-includes/js/jquery/jquery-migrate.min.js?ver=1.4.1 HTTP/1.1" 200 10056
51.158.37.190 - - [05/Nov/2023:00:47:46 -0500] "GET /portaldeninos/wp-includes/js/jquery/ui/core.min.js?ver=1.11.4 HTTP/1.1" 200 4000
51.158.37.190 - - [05/Nov/2023:00:47:46 -0500] "GET /portaldeninos/wp-content/plugins/gallery-videos/JS/modernizr.custom.js?ver=4.9.8 HTTP/1.1" 200 9019
51.158.37.190 - - [05/Nov/2023:00:47:47 -0500] "GET /portaldeninos/wp-content/plugins/gallery-videos/JS/Total-Soft-Gallery-Video-Widget.js?ver=4.9.8 HTTP/1.1" 200 80264
51.158.37.190 - - [05/Nov/2023:00:47:48 -0500] "GET /portaldeninos/wp-includes/js/jquery/ui/widget.min.js?ver=1.11.4 HTTP/1.1" 200 6908
51.158.37.190 - - [05/Nov/2023:00:47:49 -0500] "GET /portaldeninos/wp-includes/js/jquery/ui/mouse.min.js?ver=1.11.4 HTTP/1.1" 200 3148
51.158.37.190 - - [05/Nov/2023:00:47:49 -0500] "GET /portaldeninos/wp-includes/js/jquery/ui/sortable.min.js?ver=1.11.4 HTTP/1.1" 200 24899
51.158.37.190 - - [05/Nov/2023:00:47:50 -0500] "GET /portaldeninos/wp-includes/js/jquery/ui/tabs.min.js?ver=1.11.4 HTTP/1.1" 200 12110
51.158.37.190 - - [05/Nov/2023:00:47:51 -0500] "GET /portaldeninos/wp-includes/js/jquery/ui/accordion.min.js?ver=1.11.4 HTTP/1.1" 200 8584
51.158.37.190 - - [05/Nov/2023:00:47:52 -0500] "GET /portaldeninos/wp-content/themes/betheme/js/plugins.js?ver=20.9.6 HTTP/1.1" 200 197151
51.158.37.190 - - [05/Nov/2023:00:47:54 -0500] "GET /portaldeninos/wp-content/themes/betheme/js/menu.js?ver=20.9.6 HTTP/1.1" 200 2449
51.158.37.190 - - [05/Nov/2023:00:47:54 -0500] "GET /portaldeninos/wp-content/themes/betheme/assets/animations/animations.min.js?ver=20.9.6 HTTP/1.1" 200 1896
51.158.37.190 - - [05/Nov/2023:00:47:54 -0500] "GET /portaldeninos/wp-content/themes/betheme/assets/jplayer/jplayer.min.js?ver=20.9.6 HTTP/1.1" 200 52702
51.158.37.190 - - [05/Nov/2023:00:47:55 -0500] "GET /portaldeninos/wp-content/themes/betheme/js/scripts.js?ver=20.9.6 HTTP/1.1" 200 77162
51.158.37.190 - - [05/Nov/2023:00:47:57 -0500] "GET /portaldeninos/wp-includes/js/jquery/ui/position.min.js?ver=1.11.4 HTTP/1.1" 200 6527
51.158.37.190 - - [05/Nov/2023:00:47:57 -0500] "GET /portaldeninos/wp-content/plugins/popup-maker/assets/js/site.min.js?defer&ver=1.8.14 HTTP/1.1" 200 48457
51.158.37.190 - - [05/Nov/2023:00:47:58 -0500] "GET /portaldeninos/wp-includes/js/wp-embed.min.js?ver=4.9.8 HTTP/1.1" 200 1398
54.184.159.16 - - [05/Nov/2023:00:49:00 -0500] "GET /BLA/resoluciones/index.php?dir= HTTP/1.1" 200 13696
54.184.159.16 - - [05/Nov/2023:00:49:18 -0500] "GET /BLA/resoluciones/index.php?dir=RESOLUCIONES%202000/&order=desc&sort=name HTTP/1.1" 200 27997
54.184.159.16 - - [05/Nov/2023:00:49:49 -0500] "GET /BLA/resoluciones/index.php?dir=RESOLUCIONES%202000/&order=asc&sort=date HTTP/1.1" 200 27998
54.184.159.16 - - [05/Nov/2023:00:49:54 -0500] "GET /portaldeninos/humedal-juan-amarillo-2/ HTTP/1.1" 200 88155
216.245.221.92 - - [05/Nov/2023:00:50:46 -0500] "HEAD / HTTP/1.1" 200 -
66.249.66.21 - - [05/Nov/2023:00:51:04 -0500] "GET /BLA/resoluciones/AUTOS%202014/1882.pdf HTTP/1.1" 200 526619
52.167.144.170 - - [05/Nov/2023:00:51:14 -0500] "GET /BLA/resoluciones/RESOLUCIONES%202021/3848.pdf HTTP/1.1" 200 464855
50.112.160.3 - - [05/Nov/2023:00:51:20 -0500] "GET /BLA/resoluciones/index.php?dir=RESOLUCIONES%202004/RES%202004%20801-850/ HTTP/1.1" 200 12048
54.184.159.16 - - [05/Nov/2023:00:51:46 -0500] "GET /BLA/resoluciones/index.php?dir=AUTOS%202006/AUTOS%202006%201401%20-%201500/ HTTP/1.1" 200 13545
172.22.2.4 - - [05/Nov/2023:00:50:11 -0500] "HEAD /BLA/boletinlegal/ HTTP/1.1" 200 -
201.245.192.253 - - [05/Nov/2023:00:52:05 -0500] "POST /kwsrmcab/Wsrmcab  HTTP/1.1" 200 42686
54.184.159.16 - - [05/Nov/2023:00:52:09 -0500] "GET /BLA/resoluciones/index.php?dir=RESOLUCIONES%202000/ HTTP/1.1" 200 27998
172.22.2.4 - - [05/Nov/2023:00:51:02 -0500] "GET /BLA/boletinlegal/ HTTP/1.1" 200 60634
44.231.202.44 - - [05/Nov/2023:00:52:48 -0500] "GET /portaldeninos/ruido/ HTTP/1.1" 200 88494
52.167.144.170 - - [05/Nov/2023:00:53:45 -0500] "GET /BLA/resoluciones/AUTOS%202022/1839.pdf HTTP/1.1" 304 -
54.184.159.16 - - [05/Nov/2023:00:54:01 -0500] "GET /portaldeninos/parque-mirador-de-los-nevados/ HTTP/1.1" 200 89855
54.184.159.16 - - [05/Nov/2023:00:53:37 -0500] "GET /BLA/resoluciones/index.php?dir=RESOLUCIONES%202010/&order=asc&sort=date HTTP/1.1" 200 888779
54.184.159.16 - - [05/Nov/2023:00:54:12 -0500] "GET /BLA/resoluciones/index.php?dir=AUTOS%202013/&order=asc&sort=size HTTP/1.1" 200 407754
66.249.66.165 - - [05/Nov/2023:00:54:29 -0500] "GET /robots.txt HTTP/1.1" 404 1043
66.249.66.164 - - [05/Nov/2023:00:54:29 -0500] "GET /BLA/boletinlegal/Directivas/2011/Directiva%20No.%207%20del%2015%20de%20Septiembre%20de%202011.pdf HTTP/1.1" 304 -
50.112.160.3 - - [05/Nov/2023:00:54:26 -0500] "GET /BLA/resoluciones/index.php?dir=AUTOS%202014/&order=asc&sort=size HTTP/1.1" 200 890851
66.249.66.37 - - [05/Nov/2023:00:54:30 -0500] "GET /semana-bogota-reverdece-iniciaron-actividades-de-la-academia-regional-de-areas-de-cero-emisiones.html HTTP/1.1" 304 -
50.112.160.3 - - [05/Nov/2023:00:53:44 -0500] "GET /BLA/resoluciones/index.php?dir=AUTOS%202014/&order=desc&sort=name HTTP/1.1" 200 208843
44.231.202.44 - - [05/Nov/2023:00:54:06 -0500] "GET /portaldeninos/humedal-torca-y-guaymaral-2/ HTTP/1.1" 200 88086
44.231.202.44 - - [05/Nov/2023:00:54:42 -0500] "GET /BLA/resoluciones/index.php?dir=RESOLUCIONES%202002/RES%202002%201901-1950/ HTTP/1.1" 200 12149
50.112.160.3 - - [05/Nov/2023:00:54:58 -0500] "GET /portaldeninos/corresponsal-ambiental/ HTTP/1.1" 200 93768
50.112.160.3 - - [05/Nov/2023:00:55:20 -0500] "GET /portaldeninos/humedal-el-tunjo/ HTTP/1.1" 200 87661
44.231.202.44 - - [05/Nov/2023:00:55:20 -0500] "GET /BLA/resoluciones/index.php?dir=RESOLUCIONES%202016/&order=asc&sort=date HTTP/1.1" 200 172327
54.184.159.16 - - [05/Nov/2023:00:55:37 -0500] "GET /BLA/resoluciones/index.php?dir=RESOLUCIONES%201996/&order=asc&sort=size HTTP/1.1" 200 9137
54.184.159.16 - - [05/Nov/2023:00:55:39 -0500] "GET /portaldeninos/humedal-la-conejera-2/ HTTP/1.1" 200 88020
216.245.221.92 - - [05/Nov/2023:00:55:46 -0500] "HEAD / HTTP/1.1" 200 -
50.112.160.3 - - [05/Nov/2023:00:56:26 -0500] "GET /BLA/resoluciones/index.php?dir=RESOLUCIONES%202001/&order=desc&sort=name HTTP/1.1" 200 25491
54.184.159.16 - - [05/Nov/2023:00:56:29 -0500] "GET /BLA/resoluciones/index.php?dir=RESOLUCIONES%202001/&order=asc&sort=date HTTP/1.1" 200 25492
44.231.202.44 - - [05/Nov/2023:00:56:33 -0500] "GET /BLA/resoluciones/index.php?dir=RESOLUCIONES%202001/&order=asc&sort=size HTTP/1.1" 200 25492
54.184.159.16 - - [05/Nov/2023:00:56:34 -0500] "GET /BLA/resoluciones/index.php?dir=RESOLUCIONES%202014/ HTTP/1.1" 200 334189
54.184.159.16 - - [05/Nov/2023:00:56:43 -0500] "GET /BLA/resoluciones/index.php?dir=AUTOS%202019/&order=desc&sort=name HTTP/1.1" 200 390104
50.112.160.3 - - [05/Nov/2023:00:56:54 -0500] "GET /portaldeninos/tipos-de-arboles-en-bogota/ HTTP/1.1" 200 109802
201.245.192.253 - - [05/Nov/2023:00:57:05 -0500] "POST /kwsrmcab/Wsrmcab  HTTP/1.1" 200 42686
54.184.159.16 - - [05/Nov/2023:00:57:20 -0500] "GET /BLA/resoluciones/index.php?dir=AUTOS%201997/ HTTP/1.1" 200 2025
54.184.159.16 - - [05/Nov/2023:00:57:23 -0500] "GET /BLA/resoluciones/index.php?dir=Notificaciones/DISCIPLINARIOS%202019/ HTTP/1.1" 200 3553
69.171.249.120 - - [05/Nov/2023:00:57:27 -0500] "GET /images/cuerpos%20de%20agua%20en%20humedales-19-10.jpg HTTP/1.1" 200 73528
50.112.160.3 - - [05/Nov/2023:00:57:38 -0500] "GET /BLA/resoluciones/index.php?dir=RESOLUCIONES%201996/&order=desc&sort=name HTTP/1.1" 200 9136
172.22.2.4 - - [05/Nov/2023:00:56:01 -0500] "HEAD /BLA/boletinlegal/ HTTP/1.1" 200 -
54.184.159.16 - - [05/Nov/2023:00:57:50 -0500] "GET /BLA/resoluciones/index.php?dir=AUTOS%202014/&order=asc&sort=date HTTP/1.1" 200 890851
50.112.160.3 - - [05/Nov/2023:00:57:55 -0500] "GET /BLA/resoluciones/index.php?dir=RESOLUCIONES%202002/RES%202002%201551-1600/ HTTP/1.1" 200 12155
50.112.160.3 - - [05/Nov/2023:00:58:24 -0500] "GET /BLA/resoluciones/index.php?dir=RESOLUCIONES%202012/&order=asc&sort=date HTTP/1.1" 200 140066
172.22.2.4 - - [05/Nov/2023:00:56:52 -0500] "GET /BLA/boletinlegal/ HTTP/1.1" 200 58294
50.112.160.3 - - [05/Nov/2023:00:58:38 -0500] "GET /BLA/resoluciones/index.php?dir=AUTOS%201997/&order=asc&sort=date HTTP/1.1" 200 2025
44.231.202.44 - - [05/Nov/2023:00:58:39 -0500] "GET /portaldeninos/humedal-santa-maria-del-lago/ HTTP/1.1" 200 88988
44.231.202.44 - - [05/Nov/2023:00:58:44 -0500] "GET /BLA/resoluciones/index.php?dir=RESOLUCIONES%202004/RES%202004%20851-900/ HTTP/1.1" 200 12040
44.231.202.44 - - [05/Nov/2023:00:58:54 -0500] "GET /portaldeninos/gestion-del-riesgo-incendios-forestales HTTP/1.1" 301 -
44.231.202.44 - - [05/Nov/2023:00:58:55 -0500] "GET /portaldeninos/gestion-del-riesgo-incendios-forestales/ HTTP/1.1" 200 86825
66.249.66.21 - - [05/Nov/2023:00:59:23 -0500] "GET /portel_dama/libreria/php/2006/ECOSISTEMAS%20FINAL%20web_mz27/incendios/sitio/xtras/2.pdf HTTP/1.1" 404 1018
50.112.160.3 - - [05/Nov/2023:00:59:47 -0500] "GET /BLA/resoluciones/index.php?dir=RESOLUCIONES%201996/&order=asc&sort=date HTTP/1.1" 200 9137
50.112.160.3 - - [05/Nov/2023:00:59:50 -0500] "GET /BLA/resoluciones/index.php?dir=RESOLUCIONES%20CONJUNTAS/&order=asc&sort=date HTTP/1.1" 200 4762
44.231.202.44 - - [05/Nov/2023:01:00:01 -0500] "GET /BLA/resoluciones/index.php?dir=Decretos/&order=asc&sort=date HTTP/1.1" 200 6804
44.231.202.44 - - [05/Nov/2023:00:59:50 -0500] "GET /BLA/resoluciones/index.php?dir=AUTOS%202017/&order=asc&sort=size HTTP/1.1" 200 483318
44.231.202.44 - - [05/Nov/2023:01:00:11 -0500] "GET /portaldeninos/aulas-ambientales/ HTTP/1.1" 200 88416
44.231.202.44 - - [05/Nov/2023:01:00:17 -0500] "GET /BLA/resoluciones/index.php?dir=RESOLUCIONES%202016/&order=asc&sort=size HTTP/1.1" 200 172327
44.231.202.44 - - [05/Nov/2023:01:00:22 -0500] "GET /BLA/resoluciones/index.php?dir=RESOLUCIONES%201992/ HTTP/1.1" 200 2871
54.184.159.16 - - [05/Nov/2023:01:00:26 -0500] "GET /BLA/resoluciones/index.php?dir=RESOLUCIONES%202004/RES%202004%20651-700/ HTTP/1.1" 200 12049
44.231.202.44 - - [05/Nov/2023:01:00:28 -0500] "GET /BLA/resoluciones/index.php?dir=RESOLUCIONES%202016/&order=desc&sort=name HTTP/1.1" 200 172326
50.112.160.3 - - [05/Nov/2023:01:00:09 -0500] "GET /portaldeninos/los-arboles/ HTTP/1.1" 200 87546
216.245.221.92 - - [05/Nov/2023:01:00:46 -0500] "HEAD / HTTP/1.1" 200 -
44.231.202.44 - - [05/Nov/2023:01:00:43 -0500] "GET /portaldeninos/humedal-el-burro-2/ HTTP/1.1" 200 87926
44.231.202.44 - - [05/Nov/2023:01:00:55 -0500] "GET /BLA/resoluciones/index.php?dir=RESOLUCIONES%202021/&order=asc&sort=date HTTP/1.1" 200 442881
54.184.159.16 - - [05/Nov/2023:01:01:25 -0500] "GET /BLA/resoluciones/index.php?dir=AUTOS%202010/&order=asc&sort=size HTTP/1.1" 200 280537
50.112.160.3 - - [05/Nov/2023:01:01:23 -0500] "GET /portaldeninos/humedal-la-vaca-2/ HTTP/1.1" 200 87837
50.112.160.3 - - [05/Nov/2023:01:01:34 -0500] "GET /BLA/resoluciones/index.php?dir=RESOLUCIONES%202002/RES%202002%201051-1100/ HTTP/1.1" 200 12143
54.184.159.16 - - [05/Nov/2023:01:01:35 -0500] "GET /portaldeninos/contactanos/ HTTP/1.1" 200 88135
50.112.160.3 - - [05/Nov/2023:01:00:56 -0500] "GET /BLA/resoluciones/index.php?dir=RESOLUCIONES%202021/&order=asc&sort=size HTTP/1.1" 200 380875
54.184.159.16 - - [05/Nov/2023:01:01:50 -0500] "GET /BLA/resoluciones/index.php?dir=RESOLUCIONES%202006/ HTTP/1.1" 200 40916
54.184.159.16 - - [05/Nov/2023:01:01:06 -0500] "GET /portaldeninos/humedal-capellania-2/ HTTP/1.1" 200 87949
44.231.202.44 - - [05/Nov/2023:01:01:59 -0500] "GET /BLA/resoluciones/index.php?dir=Decretos/&order=asc&sort=size HTTP/1.1" 200 6804
54.184.159.16 - - [05/Nov/2023:01:02:04 -0500] "GET /BLA/resoluciones/index.php?dir=Decretos/&order=desc&sort=name HTTP/1.1" 200 6803
201.245.192.253 - - [05/Nov/2023:01:02:04 -0500] "POST /kwsrmcab/Wsrmcab  HTTP/1.1" 200 42686
50.112.160.3 - - [05/Nov/2023:01:01:49 -0500] "GET /BLA/resoluciones/index.php?dir=AUTOS%202006/AUTOS%202006%202401%20-%202500/ HTTP/1.1" 200 12235
44.231.202.44 - - [05/Nov/2023:01:02:16 -0500] "GET /portaldeninos/humedal-cordoba-2/ HTTP/1.1" 200 88041
54.184.159.16 - - [05/Nov/2023:01:01:30 -0500] "GET /portaldeninos/publicidad/ HTTP/1.1" 200 87569
50.112.160.3 - - [05/Nov/2023:01:02:24 -0500] "GET /BLA/resoluciones/index.php HTTP/1.1" 200 13696
50.112.160.3 - - [05/Nov/2023:01:01:59 -0500] "GET /BLA/resoluciones/index.php?dir=RESOLUCIONES%202010/&order=desc&sort=name HTTP/1.1" 200 12235
50.112.160.3 - - [05/Nov/2023:01:02:09 -0500] "GET /BLA/resoluciones/index.php?dir=RESOLUCIONES%202010/&order=desc&sort=name HTTP/1.1" 200 1307966
66.249.66.20 - - [05/Nov/2023:01:02:36 -0500] "GET /IsolucionSDA/FrameSetArticulo.asp?Pagina=/IsolucionSDA/bancoconocimiento/R/Resolucion1401del24demayodel2007_delMinisteriodelaProteccionSocial/Resolucion1401del24demayodel2007_delMinisteriodelaProteccionSocial.asp?IdArticulo=9399 HTTP/1.1" 200 527
44.231.202.44 - - [05/Nov/2023:01:02:21 -0500] "GET /BLA/resoluciones/index.php?dir=AUTOS%202017/&order=desc&sort=name HTTP/1.1" 200 151499
44.231.202.44 - - [05/Nov/2023:01:02:15 -0500] "GET /portaldeninos/humedal-jaboque-2/ HTTP/1.1" 200 87846
50.112.160.3 - - [05/Nov/2023:01:02:57 -0500] "GET /BLA/resoluciones/index.php?dir=Notificaciones/AUTOS%200022/ HTTP/1.1" 200 2018
44.231.202.44 - - [05/Nov/2023:01:02:56 -0500] "GET /BLA/resoluciones/index.php?dir=RESOLUCIONES%202021/&order=desc&sort=name HTTP/1.1" 200 442880
54.184.159.16 - - [05/Nov/2023:01:03:00 -0500] "GET /BLA/resoluciones/index.php?dir=RESOLUCIONES%202005/RES%202005%202201-2250/ HTTP/1.1" 200 12363
44.231.202.44 - - [05/Nov/2023:01:03:02 -0500] "GET /BLA/resoluciones/index.php?dir=RESOLUCIONES%202007/RES%202007%202301%20AL%202400/ HTTP/1.1" 200 26611
172.22.2.4 - - [05/Nov/2023:01:01:51 -0500] "HEAD /BLA/boletinlegal/ HTTP/1.1" 200 -
44.231.202.44 - - [05/Nov/2023:01:03:33 -0500] "GET /portaldeninos/humedal-tibanica-2/ HTTP/1.1" 200 87771
44.231.202.44 - - [05/Nov/2023:01:03:41 -0500] "GET /BLA/resoluciones/index.php?dir=RESOLUCIONES%202002/RES%202002%201451-1500/ HTTP/1.1" 200 12146
50.112.160.3 - - [05/Nov/2023:01:03:51 -0500] "GET /BLA/resoluciones/index.php?dir=AUTOS%202006/&order=desc&sort=name HTTP/1.1" 200 9680
44.231.202.44 - - [05/Nov/2023:01:04:02 -0500] "GET /BLA/resoluciones/index.php?dir=AUTOS%202006/AUTOS%202006%20101-200/ HTTP/1.1" 200 21758
44.231.202.44 - - [05/Nov/2023:01:04:06 -0500] "GET /BLA/resoluciones/index.php?dir=RESOLUCIONES%202002/RES%202002%20901-950/ HTTP/1.1" 200 12468
172.22.2.4 - - [05/Nov/2023:01:02:42 -0500] "GET /BLA/boletinlegal/ HTTP/1.1" 200 60634
54.184.159.16 - - [05/Nov/2023:01:04:25 -0500] "GET /BLA/resoluciones/index.php?dir=RESOLUCIONES%202004/RES%202004%20401-450/ HTTP/1.1" 200 12039
44.231.202.44 - - [05/Nov/2023:01:04:33 -0500] "GET /BLA/resoluciones/index.php?dir=AUTOS%202013/ HTTP/1.1" 200 407754
50.112.160.3 - - [05/Nov/2023:01:04:59 -0500] "GET /BLA/resoluciones/index.php?dir=RESOLUCIONES%202004/RES%202004%201451-1500/ HTTP/1.1" 200 12353
44.231.202.44 - - [05/Nov/2023:01:05:02 -0500] "GET /BLA/resoluciones/index.php?dir= HTTP/1.1" 200 13696
50.112.160.3 - - [05/Nov/2023:01:04:57 -0500] "GET /BLA/resoluciones/index.php?dir=AUTOS%202006/AUTOS%202006%20901-1000/ HTTP/1.1" 200 21877
54.184.159.16 - - [05/Nov/2023:01:05:06 -0500] "GET /BLA/resoluciones/index.php?dir=AUTOS%202013/&order=desc&sort=name HTTP/1.1" 200 407753
44.231.202.44 - - [05/Nov/2023:01:05:00 -0500] "GET /portaldeninos/humedales-ramsar/ HTTP/1.1" 200 89255
54.184.159.16 - - [05/Nov/2023:01:05:09 -0500] "GET /BLA/resoluciones/index.php?dir=RESOLUCIONES%202007/RES%202007%202401%20AL%202500/ HTTP/1.1" 200 26869
54.184.159.16 - - [05/Nov/2023:01:05:07 -0500] "GET /BLA/resoluciones/index.php?dir=RESOLUCIONES%202010/&order=asc&sort=size HTTP/1.1" 200 1307967
54.184.159.16 - - [05/Nov/2023:01:05:11 -0500] "GET /BLA/resoluciones/index.php?dir=AUTOS%202017/&order=asc&sort=date HTTP/1.1" 200 483318
54.184.159.16 - - [05/Nov/2023:01:05:22 -0500] "GET /BLA/resoluciones/index.php?dir=AUTOS%202013/&order=asc&sort=date HTTP/1.1" 200 407754
50.112.160.3 - - [05/Nov/2023:01:04:39 -0500] "GET /BLA/resoluciones/index.php?dir=RESOLUCIONES%202010/ HTTP/1.1" 200 540619
44.231.202.44 - - [05/Nov/2023:01:05:09 -0500] "GET /portaldeninos/relatos-urbanos-de-los-ecosistemas-bogotanos-2/ HTTP/1.1" 200 88374
54.184.159.16 - - [05/Nov/2023:01:05:32 -0500] "GET /BLA/resoluciones/index.php?dir=RESOLUCIONES%202004/RES%202004%201901-1950/ HTTP/1.1" 200 12350
54.184.159.16 - - [05/Nov/2023:01:05:34 -0500] "GET /BLA/resoluciones/index.php?dir=AUTOS%202006/AUTOS%202006%201-100/ HTTP/1.1" 200 21539
54.184.159.16 - - [05/Nov/2023:01:05:35 -0500] "GET /BLA/resoluciones/index.php?dir=AUTOS%202002/&order=desc&sort=name HTTP/1.1" 200 1812
216.245.221.92 - - [05/Nov/2023:01:05:46 -0500] "HEAD / HTTP/1.1" 200 -
50.112.160.3 - - [05/Nov/2023:01:05:34 -0500] "GET /BLA/resoluciones/index.php?dir=AUTOS%202006/AUTOS%202006%201701%20-%201800/ HTTP/1.1" 200 12235
54.184.159.16 - - [05/Nov/2023:01:05:50 -0500] "GET /BLA/resoluciones/index.php?dir=AUTOS%202006/AUTOS%202006%20601-700/ HTTP/1.1" 200 21776
54.184.159.16 - - [05/Nov/2023:01:05:51 -0500] "GET /BLA/resoluciones/index.php?dir=AUTOS%202006/AUTOS%202006%202501%20-%202600/ HTTP/1.1" 200 22209
50.112.160.3 - - [05/Nov/2023:01:05:12 -0500] "GET /BLA/resoluciones/index.php?dir=AUTOS%202020/&order=desc&sort=name HTTP/1.1" 200 332686
54.184.159.16 - - [05/Nov/2023:01:06:14 -0500] "GET /BLA/resoluciones/index.php?dir=AUTOS%202006/AUTOS%202006%20201-300/ HTTP/1.1" 200 21766
44.231.202.44 - - [05/Nov/2023:01:05:28 -0500] "GET /BLA/resoluciones/index.php?dir=AUTOS%202020/&order=asc&sort=date HTTP/1.1" 200 225227
44.231.202.44 - - [05/Nov/2023:01:06:25 -0500] "GET /BLA/resoluciones/index.php?dir=AUTOS%202006/AUTOS%202006%202901%20-%203000/ HTTP/1.1" 200 22191
44.231.202.44 - - [05/Nov/2023:01:06:27 -0500] "GET /BLA/resoluciones/index.php?dir=AUTOS%202006/AUTOS%202006%20501-600/ HTTP/1.1" 200 21780
50.112.160.3 - - [05/Nov/2023:01:06:08 -0500] "GET /BLA/resoluciones/index.php?dir=RESOLUCIONES%202017/&order=desc&sort=name HTTP/1.1" 200 286830
50.112.160.3 - - [05/Nov/2023:01:06:32 -0500] "GET /BLA/resoluciones/index.php?dir=RESOLUCIONES%202004/RES%202004%201651-1700/ HTTP/1.1" 200 12370
50.112.160.3 - - [05/Nov/2023:01:06:33 -0500] "GET /portaldeninos/aula-ambiental-artistica-itinerante-auambari/ HTTP/1.1" 200 89306
54.184.159.16 - - [05/Nov/2023:01:06:33 -0500] "GET /portaldeninos/humedal-cordoba-2/ HTTP/1.1" 200 88041
