201.245.192.253 - - [05/Nov/2023:05:30:26 -0500] "POST /kwsrmcab/Wsrmcab HTTP/1.1" 200 42380
201.245.192.253 - - [05/Nov/2023:05:30:29 -0500] "POST /kwsrmcab/Wsrmcab HTTP/1.1" 200 40500
216.245.221.92 - - [05/Nov/2023:05:30:44 -0500] "HEAD / HTTP/1.1" 200 -
201.245.192.253 - - [05/Nov/2023:05:31:02 -0500] "POST /kwsrmcab/Wsrmcab  HTTP/1.1" 200 42686
172.22.2.4 - - [05/Nov/2023:05:30:13 -0500] "HEAD /BLA/boletinlegal/ HTTP/1.1" 200 -
52.167.144.161 - - [05/Nov/2023:05:32:09 -0500] "GET /BLA/resoluciones/RESOLUCIONES%202022/1546.pdf HTTP/1.1" 304 -
52.167.144.161 - - [05/Nov/2023:05:32:10 -0500] "GET /galeria/galeria/jquery.fancybox.js?v=2.1.5 HTTP/1.1" 200 48706
44.231.202.44 - - [05/Nov/2023:05:32:20 -0500] "GET /BLA/resoluciones/index.php?dir=AUTOS%202006/AUTOS%202006%201301-1400/&order=asc&sort=name HTTP/1.1" 200 22002
172.22.2.4 - - [05/Nov/2023:05:31:04 -0500] "GET /BLA/boletinlegal/ HTTP/1.1" 200 55399
54.184.159.16 - - [05/Nov/2023:05:33:54 -0500] "GET /BLA/resoluciones/index.php?dir=RESOLUCIONES%202004/RES%202004%2051-100/&order=asc&sort=name HTTP/1.1" 200 11980
50.112.160.3 - - [05/Nov/2023:05:34:04 -0500] "GET /BLA/resoluciones/index.php?dir=RESOLUCIONES%202005/RES%202005%20951-1000/&order=asc&sort=name HTTP/1.1" 200 12304
54.184.159.16 - - [05/Nov/2023:05:34:07 -0500] "GET /BLA/resoluciones/index.php?dir=RESOLUCIONES%202005/RES%202005%20951-1000/&order=desc&sort=date HTTP/1.1" 200 12303
216.245.221.92 - - [05/Nov/2023:05:35:44 -0500] "HEAD / HTTP/1.1" 200 -
201.245.192.253 - - [05/Nov/2023:05:36:00 -0500] "POST /kwsrmcab/Wsrmcab  HTTP/1.1" 200 42686
207.46.13.6 - - [05/Nov/2023:05:36:13 -0500] "GET /BLA/resoluciones/RESOLUCIONES%202021/0381.pdf HTTP/1.1" 200 483418
54.184.159.16 - - [05/Nov/2023:05:36:33 -0500] "GET /BLA/resoluciones/index.php?dir=RESOLUCIONES%202014/&order=desc&sort=size HTTP/1.1" 200 334188
50.112.160.3 - - [05/Nov/2023:05:37:11 -0500] "GET /BLA/resoluciones/index.php?dir=RESOLUCIONES%202003/RES%202003%20001-050/&order=desc&sort=name HTTP/1.1" 200 12160
54.184.159.16 - - [05/Nov/2023:05:37:12 -0500] "GET /BLA/resoluciones/index.php?dir=RESOLUCIONES%202003/RES%202003%20001-050/&order=asc&sort=size HTTP/1.1" 200 12161
44.231.202.44 - - [05/Nov/2023:05:37:13 -0500] "GET /BLA/resoluciones/index.php?dir=RESOLUCIONES%202003/RES%202003%201651-1700/&order=asc&sort=name HTTP/1.1" 200 12148
201.245.192.253 - - [05/Nov/2023:05:37:11 -0500] "POST /kwsrmcab/Wsrmcab HTTP/1.1" 200 42380
201.245.192.253 - - [05/Nov/2023:05:37:14 -0500] "POST /kwsrmcab/Wsrmcab HTTP/1.1" 200 40500
54.184.159.16 - - [05/Nov/2023:05:37:16 -0500] "GET /BLA/resoluciones/index.php?dir=RESOLUCIONES%202003/RES%202003%20001-050/&order=asc&sort=date HTTP/1.1" 200 12161
199.16.157.183 - - [05/Nov/2023:05:37:17 -0500] "GET /images/cr%C3%B3nica-29-nov-1_optimized.jpeg HTTP/1.1" 404 1034
54.184.159.16 - - [05/Nov/2023:05:37:17 -0500] "GET /BLA/resoluciones/index.php?dir=RESOLUCIONES%202003/RES%202003%20951-1000/&order=desc&sort=date HTTP/1.1" 200 11178
50.112.160.3 - - [05/Nov/2023:05:37:21 -0500] "GET /BLA/resoluciones/index.php?dir=RESOLUCIONES%202006/RES%202006%201101-1150/&order=asc&sort=name HTTP/1.1" 200 12368
44.231.202.44 - - [05/Nov/2023:05:37:22 -0500] "GET /BLA/resoluciones/index.php?dir=RESOLUCIONES%202003/RES%202003%20951-1000/&order=asc&sort=name HTTP/1.1" 200 11179
44.231.202.44 - - [05/Nov/2023:05:37:32 -0500] "GET /BLA/resoluciones/RESOLUCIONES%202005/RES%202005%20951-1000/INDEX.DAT HTTP/1.1" 200 2000
50.112.160.3 - - [05/Nov/2023:05:37:33 -0500] "GET /BLA/resoluciones/index.php?dir=RESOLUCIONES%202005/RES%202005%20951-1000/&order=desc&sort=size HTTP/1.1" 200 12303
172.22.2.4 - - [05/Nov/2023:05:36:04 -0500] "HEAD /BLA/boletinlegal/ HTTP/1.1" 200 -
50.112.160.3 - - [05/Nov/2023:05:37:44 -0500] "GET /BLA/resoluciones/index.php?dir=AUTOS%202012/&order=desc&sort=date HTTP/1.1" 200 276640
172.22.2.4 - - [05/Nov/2023:05:36:54 -0500] "GET /BLA/boletinlegal/ HTTP/1.1" 200 57497
50.112.160.3 - - [05/Nov/2023:05:39:09 -0500] "GET /BLA/resoluciones/index.php?dir=RESOLUCIONES%202003/RES%202003%20401-450/&order=asc&sort=size HTTP/1.1" 200 11312
44.231.202.44 - - [05/Nov/2023:05:39:13 -0500] "GET /BLA/resoluciones/index.php?dir=RESOLUCIONES%202003/RES%202003%20401-450/&order=desc&sort=name HTTP/1.1" 200 11311
50.112.160.3 - - [05/Nov/2023:05:39:15 -0500] "GET /BLA/resoluciones/index.php?dir=RESOLUCIONES%202003/RES%202003%20401-450/&order=asc&sort=date HTTP/1.1" 200 11312
54.184.159.16 - - [05/Nov/2023:05:39:16 -0500] "GET /BLA/resoluciones/index.php?dir=RESOLUCIONES%202003/RES%202003%201351-1400/&order=asc&sort=date HTTP/1.1" 200 12157
50.112.160.3 - - [05/Nov/2023:05:39:19 -0500] "GET /BLA/resoluciones/index.php?dir=RESOLUCIONES%202003/RES%202003%201351-1400/&order=asc&sort=size HTTP/1.1" 200 12157
50.112.160.3 - - [05/Nov/2023:05:39:20 -0500] "GET /BLA/resoluciones/index.php?dir=RESOLUCIONES%202003/ HTTP/1.1" 200 34282
50.112.160.3 - - [05/Nov/2023:05:39:23 -0500] "GET /BLA/resoluciones/index.php?dir=RESOLUCIONES%202003/RES%202003%201351-1400/&order=desc&sort=name HTTP/1.1" 200 12156
201.245.192.253 - - [05/Nov/2023:05:40:25 -0500] "POST /kwsrmcab/Wsrmcab HTTP/1.1" 200 42380
201.245.192.253 - - [05/Nov/2023:05:40:28 -0500] "POST /kwsrmcab/Wsrmcab HTTP/1.1" 200 40500
44.231.202.44 - - [05/Nov/2023:05:40:42 -0500] "GET /BLA/resoluciones/index.php?dir=AUTOS%202005/&order=asc&sort=date HTTP/1.1" 200 2791
216.245.221.92 - - [05/Nov/2023:05:40:44 -0500] "HEAD / HTTP/1.1" 200 -
201.245.192.253 - - [05/Nov/2023:05:41:00 -0500] "POST /kwsrmcab/Wsrmcab  HTTP/1.1" 200 42686
66.249.66.21 - - [05/Nov/2023:05:42:13 -0500] "GET /BLA/resoluciones/Notificaciones/AUTOS%202023/447.pdf HTTP/1.1" 304 -
54.184.159.16 - - [05/Nov/2023:05:43:03 -0500] "GET /BLA/resoluciones/index.php?dir=AUTOS%202006/AUTOS%202006%201001-1100/&order=desc&sort=size HTTP/1.1" 200 21965
172.22.2.4 - - [05/Nov/2023:05:41:53 -0500] "HEAD /BLA/boletinlegal/ HTTP/1.1" 200 -
172.22.2.4 - - [05/Nov/2023:05:42:44 -0500] "GET /BLA/boletinlegal/ HTTP/1.1" 200 55803
66.249.66.21 - - [05/Nov/2023:05:44:51 -0500] "GET /resoluciones/RESOLUCIONES%202008/0476.pdf HTTP/1.1" 404 1018
54.184.159.16 - - [05/Nov/2023:05:45:12 -0500] "GET /BLA/resoluciones/index.php?dir=Notificaciones/AUTOS%202022/&order=desc&sort=size HTTP/1.1" 200 166285
50.112.160.3 - - [05/Nov/2023:05:45:14 -0500] "GET /BLA/resoluciones/index.php?dir=Notificaciones/AUTOS%202022/&order=asc&sort=name HTTP/1.1" 200 166286
216.245.221.92 - - [05/Nov/2023:05:45:44 -0500] "HEAD / HTTP/1.1" 200 -
201.245.192.253 - - [05/Nov/2023:05:45:59 -0500] "POST /kwsrmcab/Wsrmcab  HTTP/1.1" 200 42686
54.184.159.16 - - [05/Nov/2023:05:46:28 -0500] "GET /BLA/resoluciones/index.php?dir=RESOLUCIONES%202003/RES%202003%201501-1550/&order=desc&sort=size HTTP/1.1" 200 12136
54.184.159.16 - - [05/Nov/2023:05:46:41 -0500] "GET /BLA/resoluciones/index.php?dir=RESOLUCIONES%202003/RES%202003%20701-750/ HTTP/1.1" 200 11298
50.112.160.3 - - [05/Nov/2023:05:46:43 -0500] "GET /BLA/resoluciones/index.php?dir=RESOLUCIONES%202003/RES%202003%20251-300/ HTTP/1.1" 200 11115
54.184.159.16 - - [05/Nov/2023:05:46:44 -0500] "GET /BLA/resoluciones/index.php?dir=RESOLUCIONES%202003/RES%202003%201451-1500/ HTTP/1.1" 200 12159
44.231.202.44 - - [05/Nov/2023:05:46:59 -0500] "GET /BLA/resoluciones/index.php?dir=AUTOS%202006/AUTOS%202006%201301-1400/&order=desc&sort=size HTTP/1.1" 200 22001
50.112.160.3 - - [05/Nov/2023:05:47:26 -0500] "GET /BLA/resoluciones/index.php?dir=AUTOS%202012/&order=desc&sort=size HTTP/1.1" 200 276640
172.22.2.4 - - [05/Nov/2023:05:47:03 -0500] "GET /BLA/boletinlegal/ HTTP/1.1" 200 32715
44.231.202.44 - - [05/Nov/2023:05:47:48 -0500] "GET /BLA/resoluciones/index.php?dir=RESOLUCIONES%202003/RES%202003%20201-250/&order=desc&sort=name HTTP/1.1" 200 12347
54.184.159.16 - - [05/Nov/2023:05:47:50 -0500] "GET /BLA/resoluciones/index.php?dir=RESOLUCIONES%202003/RES%202003%20201-250/&order=asc&sort=date HTTP/1.1" 200 12348
50.112.160.3 - - [05/Nov/2023:05:47:51 -0500] "GET /BLA/resoluciones/index.php?dir=RESOLUCIONES%202003/RES%202003%20201-250/&order=asc&sort=size HTTP/1.1" 200 12348
54.184.159.16 - - [05/Nov/2023:05:48:06 -0500] "GET /BLA/resoluciones/index.php?dir=RESOLUCIONES%202003/RES%202003%201151-1200/&order=desc&sort=name HTTP/1.1" 200 11569
44.231.202.44 - - [05/Nov/2023:05:48:09 -0500] "GET /BLA/resoluciones/index.php?dir=RESOLUCIONES%202003/RES%202003%201151-1200/&order=asc&sort=date HTTP/1.1" 200 11570
54.184.159.16 - - [05/Nov/2023:05:48:10 -0500] "GET /BLA/resoluciones/index.php?dir=RESOLUCIONES%202003/RES%202003%201151-1200/&order=asc&sort=size HTTP/1.1" 200 11570
50.112.160.3 - - [05/Nov/2023:05:48:52 -0500] "GET /BLA/resoluciones/index.php?dir=RESOLUCIONES%202003/RES%202003%201051-1100/&order=asc&sort=size HTTP/1.1" 200 11571
44.231.202.44 - - [05/Nov/2023:05:48:54 -0500] "GET /BLA/resoluciones/index.php?dir=RESOLUCIONES%202003/RES%202003%201051-1100/&order=desc&sort=name HTTP/1.1" 200 11570
50.112.160.3 - - [05/Nov/2023:05:48:55 -0500] "GET /BLA/resoluciones/index.php?dir=RESOLUCIONES%202003/RES%202003%201051-1100/&order=asc&sort=date HTTP/1.1" 200 11571
52.167.144.229 - - [05/Nov/2023:05:49:00 -0500] "GET /portaldeninos/?s= HTTP/1.1" 200 85920
172.22.2.4 - - [05/Nov/2023:05:47:43 -0500] "HEAD /BLA/boletinlegal/ HTTP/1.1" 200 -
172.22.2.4 - - [05/Nov/2023:05:48:34 -0500] "GET /BLA/boletinlegal/ HTTP/1.1" 200 55399
216.245.221.92 - - [05/Nov/2023:05:50:44 -0500] "HEAD / HTTP/1.1" 200 -
50.112.160.3 - - [05/Nov/2023:05:50:45 -0500] "GET /BLA/resoluciones/index.php?dir=RESOLUCIONES%202003/RES%202003%20101-150/&order=asc&sort=date HTTP/1.1" 200 12355
44.231.202.44 - - [05/Nov/2023:05:50:46 -0500] "GET /BLA/resoluciones/index.php?dir=RESOLUCIONES%202003/RES%202003%20101-150/&order=asc&sort=size HTTP/1.1" 200 12355
54.184.159.16 - - [05/Nov/2023:05:50:50 -0500] "GET /BLA/resoluciones/index.php?dir=RESOLUCIONES%202003/RES%202003%20101-150/&order=desc&sort=name HTTP/1.1" 200 12354
201.245.192.253 - - [05/Nov/2023:05:50:58 -0500] "POST /kwsrmcab/Wsrmcab  HTTP/1.1" 200 42686
207.46.13.141 - - [05/Nov/2023:05:51:26 -0500] "GET /forest/ HTTP/1.1" 200 12041
66.249.66.39 - - [05/Nov/2023:05:51:29 -0500] "GET /inscribete-y-participa-en-el-foro-sobre-la-gestion-de-los-bifenilos-policlorados-en-transformadores-electricos.html HTTP/1.1" 304 -
50.112.160.3 - - [05/Nov/2023:05:53:32 -0500] "GET /BLA/resoluciones/index.php?dir=RESOLUCIONES%202013/&order=desc&sort=size HTTP/1.1" 200 238277
44.231.202.44 - - [05/Nov/2023:05:53:54 -0500] "GET /BLA/resoluciones/index.php?dir=RESOLUCIONES%202007/RES%202007%203801%20AL%203900/&order=asc&sort=name HTTP/1.1" 200 26637
44.231.202.44 - - [05/Nov/2023:05:53:55 -0500] "GET /BLA/resoluciones/index.php?dir=RESOLUCIONES%202007/RES%202007%203801%20AL%203900/&order=desc&sort=size HTTP/1.1" 200 26636
54.184.159.16 - - [05/Nov/2023:05:54:20 -0500] "GET /BLA/resoluciones/index.php?dir=RESOLUCIONES%201999/&order=asc&sort=date HTTP/1.1" 200 11562
50.112.160.3 - - [05/Nov/2023:05:54:50 -0500] "GET /BLA/resoluciones/index.php?dir=RESOLUCIONES%202005/RES%202005%20%201601-1650/&order=asc&sort=name HTTP/1.1" 200 12426
186.154.33.185 - - [05/Nov/2023:05:54:55 -0500] "GET /mujeres-que-reverdecen-y-sembradoras-por-la-reactivaccion-el-cuidado-y-el-ambiente-de-la-mano-por-bogota.html?fbclid=IwAR1Qfz6C6nZ99lz198A29eiotUYBFKZ__kRwJi6APpi5NJKlZ9Ehcz0NjLE HTTP/1.1" 200 891
54.184.159.16 - - [05/Nov/2023:05:55:11 -0500] "GET /BLA/resoluciones/index.php?dir=RESOLUCIONES%202003/RES%202003%20751-800/&order=desc&sort=size HTTP/1.1" 200 11301
172.22.2.4 - - [05/Nov/2023:05:53:33 -0500] "HEAD /BLA/boletinlegal/ HTTP/1.1" 200 -
44.231.202.44 - - [05/Nov/2023:05:55:38 -0500] "GET /BLA/resoluciones/index.php?dir=RESOLUCIONES%202003/RES%202003%201301-1350/&order=asc&sort=name HTTP/1.1" 200 12156
44.231.202.44 - - [05/Nov/2023:05:55:39 -0500] "GET /BLA/resoluciones/index.php?dir=RESOLUCIONES%202003/RES%202003%201301-1350/&order=desc&sort=size HTTP/1.1" 200 12155
216.245.221.92 - - [05/Nov/2023:05:55:44 -0500] "HEAD / HTTP/1.1" 200 -
201.245.192.253 - - [05/Nov/2023:05:55:56 -0500] "POST /kwsrmcab/Wsrmcab  HTTP/1.1" 200 42686
172.22.2.4 - - [05/Nov/2023:05:54:24 -0500] "GET /BLA/boletinlegal/ HTTP/1.1" 200 59360
40.77.167.63 - - [05/Nov/2023:05:57:05 -0500] "GET /BLA/resoluciones/RESOLUCIONES%202021/1535.pdf HTTP/1.1" 200 488969
66.249.66.20 - - [05/Nov/2023:05:57:12 -0500] "GET /BLA/resoluciones/RESOLUCIONES%202010/5185.pdf HTTP/1.1" 200 849599
45.156.128.7 - - [05/Nov/2023:05:57:45 -0500] "GET / HTTP/1.1" 200 319
66.249.66.21 - - [05/Nov/2023:05:58:10 -0500] "GET /BLA/resoluciones/RESOLUCIONES%202008/0416.pdf HTTP/1.1" 200 294437
66.249.66.20 - - [05/Nov/2023:05:58:12 -0500] "GET /BLA/resoluciones/RESOLUCIONES%202015/1054.pdf HTTP/1.1" 200 487632
45.156.128.7 - - [05/Nov/2023:05:58:19 -0500] "GET /favicon-32x32.png HTTP/1.1" 404 1018
45.156.128.7 - - [05/Nov/2023:05:58:20 -0500] "GET / HTTP/1.1" 200 319
45.156.128.7 - - [05/Nov/2023:05:58:20 -0500] "GET / HTTP/1.1" 200 319
45.156.128.7 - - [05/Nov/2023:05:58:20 -0500] "GET /solr/ HTTP/1.1" 404 1018
45.156.128.7 - - [05/Nov/2023:05:58:57 -0500] "GET /webfig/ HTTP/1.1" 404 1018
45.156.128.7 - - [05/Nov/2023:05:59:34 -0500] "GET /favicon.ico HTTP/1.1" 200 7782
45.156.128.7 - - [05/Nov/2023:05:59:34 -0500] "GET /static/historypage.js HTTP/1.1" 404 1018
50.112.160.3 - - [05/Nov/2023:05:59:57 -0500] "GET /BLA/resoluciones/index.php?dir=RESOLUCIONES%202003/RES%202003%20201-250/ HTTP/1.1" 200 12348
50.112.160.3 - - [05/Nov/2023:06:00:00 -0500] "GET /BLA/resoluciones/index.php?dir=RESOLUCIONES%202003/RES%202003%20251-300/ HTTP/1.1" 200 11115
54.184.159.16 - - [05/Nov/2023:06:00:11 -0500] "GET /BLA/resoluciones/index.php?dir=RESOLUCIONES%202003/RES%202003%20651-700/ HTTP/1.1" 200 11300
45.156.128.7 - - [05/Nov/2023:06:00:11 -0500] "GET /admin/ HTTP/1.1" 404 1018
45.156.128.7 - - [05/Nov/2023:06:00:12 -0500] "HEAD /icons/sphere1.png HTTP/1.1" 200 -
66.249.66.21 - - [05/Nov/2023:06:00:12 -0500] "GET /BLA/resoluciones/RESOLUCIONES%202008/2978.pdf HTTP/1.1" 200 258258
45.156.128.7 - - [05/Nov/2023:06:00:12 -0500] "HEAD /icons/.%%32%65/.%%32%65/apache2/icons/non-existant-image.png HTTP/1.1" 400 -
45.156.128.7 - - [05/Nov/2023:06:00:12 -0500] "HEAD /icons/.%%32%65/.%%32%65/apache2/icons/sphere1.png HTTP/1.1" 400 -
45.156.128.7 - - [05/Nov/2023:06:00:13 -0500] "HEAD /icons/.%2e/%2e%2e/apache2/icons/sphere1.png HTTP/1.1" 400 -
45.156.128.7 - - [05/Nov/2023:06:00:13 -0500] "GET /sugar_version.json HTTP/1.1" 404 1018
216.245.221.92 - - [05/Nov/2023:06:00:44 -0500] "HEAD / HTTP/1.1" 200 -
45.156.128.7 - - [05/Nov/2023:06:00:48 -0500] "GET /Telerik.Web.UI.WebResource.axd?type=rau HTTP/1.1" 404 1018
201.245.192.253 - - [05/Nov/2023:06:00:55 -0500] "POST /kwsrmcab/Wsrmcab  HTTP/1.1" 200 42686
172.22.2.4 - - [05/Nov/2023:05:59:23 -0500] "HEAD /BLA/boletinlegal/ HTTP/1.1" 200 -
45.156.128.7 - - [05/Nov/2023:06:01:18 -0500] "GET /showLogin.cc HTTP/1.1" 404 1018
45.156.128.7 - - [05/Nov/2023:06:01:38 -0500] "GET /cf_scripts/scripts/ajax/ckeditor/ckeditor.js HTTP/1.1" 404 1018
45.156.128.7 - - [05/Nov/2023:06:01:52 -0500] "GET /cgi-bin/authLogin.cgi HTTP/1.1" 404 1018
172.22.2.4 - - [05/Nov/2023:06:00:14 -0500] "GET /BLA/boletinlegal/ HTTP/1.1" 200 59007
45.156.128.7 - - [05/Nov/2023:06:02:08 -0500] "GET /favicon.ico HTTP/1.1" 200 7782
45.156.128.7 - - [05/Nov/2023:06:02:19 -0500] "GET / HTTP/1.1" 200 319
45.156.128.7 - - [05/Nov/2023:06:02:19 -0500] "GET /api/session/properties HTTP/1.1" 404 1018
44.231.202.44 - - [05/Nov/2023:06:02:29 -0500] "GET /BLA/resoluciones/index.php?dir=RESOLUCIONES%202007/RES%202007%202901%20AL%203000/&order=asc&sort=name HTTP/1.1" 200 26859
114.119.138.77 - - [05/Nov/2023:06:02:33 -0500] "GET /portalsiaccapacitaciones/Listas%20de%20Asistencia%202015/L.A-MT6-28May2015.pdf HTTP/1.1" 200 389859
173.252.127.12 - - [05/Nov/2023:06:03:34 -0500] "GET /disfruta-en-familia-la-magia-y-el-encanto-de-la-ultima-jornada-cultural-jardin-de-noche-de-2023.html HTTP/1.1" 200 903
173.252.127.21 - - [05/Nov/2023:06:03:59 -0500] "GET /con-plantacion-de-arboles-sigue-la-consolidacion-de-los-conectores-ecosistemicos-en-bogota.html HTTP/1.1" 200 896
50.112.160.3 - - [05/Nov/2023:06:04:25 -0500] "GET /BLA/resoluciones/index.php?dir=RESOLUCIONES%202003/ HTTP/1.1" 200 34282
54.184.159.16 - - [05/Nov/2023:06:04:26 -0500] "GET /BLA/resoluciones/index.php?dir=RESOLUCIONES%202003/RES%202003%20351-400/&order=asc&sort=name HTTP/1.1" 200 11305
44.231.202.44 - - [05/Nov/2023:06:04:27 -0500] "GET /BLA/resoluciones/index.php?dir=RESOLUCIONES%202003/RES%202003%20351-400/ HTTP/1.1" 200 11305
216.245.221.92 - - [05/Nov/2023:06:05:44 -0500] "HEAD / HTTP/1.1" 200 -
201.245.192.253 - - [05/Nov/2023:06:05:54 -0500] "POST /kwsrmcab/Wsrmcab  HTTP/1.1" 200 42686
172.22.2.4 - - [05/Nov/2023:06:05:13 -0500] "HEAD /BLA/boletinlegal/ HTTP/1.1" 200 -
172.22.2.4 - - [05/Nov/2023:06:06:04 -0500] "GET /BLA/boletinlegal/ HTTP/1.1" 200 58294
69.63.189.2 - - [05/Nov/2023:06:08:17 -0500] "GET /images/cuerpos%20de%20agua%20en%20humedales-19-10.jpg HTTP/1.1" 200 73528
50.112.160.3 - - [05/Nov/2023:06:08:37 -0500] "GET /BLA/resoluciones/index.php?dir=RESOLUCIONES%202004/RES%202004%20351-400/&order=desc&sort=size HTTP/1.1" 200 12049
44.231.202.44 - - [05/Nov/2023:06:08:38 -0500] "GET /BLA/resoluciones/index.php?dir=RESOLUCIONES%202004/RES%202004%20351-400/&order=asc&sort=name HTTP/1.1" 200 12050
54.184.159.16 - - [05/Nov/2023:06:09:18 -0500] "GET /BLA/resoluciones/index.php?dir=AUTOS%202006/AUTOS%202006%203101%20-%203200/&order=desc&sort=date HTTP/1.1" 200 22188
44.231.202.44 - - [05/Nov/2023:06:09:19 -0500] "GET /BLA/resoluciones/index.php?dir=AUTOS%202006/AUTOS%202006%203101%20-%203200/&order=asc&sort=name HTTP/1.1" 200 22189
50.112.160.3 - - [05/Nov/2023:06:09:25 -0500] "GET /BLA/resoluciones/index.php?dir=AUTOS%202006/AUTOS%202006%203101%20-%203200/&order=asc&sort=size HTTP/1.1" 200 22189
216.244.66.195 - - [05/Nov/2023:06:10:16 -0500] "GET /robots.txt HTTP/1.1" 404 1018
216.245.221.92 - - [05/Nov/2023:06:10:44 -0500] "HEAD / HTTP/1.1" 200 -
201.245.192.253 - - [05/Nov/2023:06:10:54 -0500] "POST /kwsrmcab/Wsrmcab  HTTP/1.1" 200 42686
172.22.2.4 - - [05/Nov/2023:06:11:03 -0500] "HEAD /BLA/boletinlegal/ HTTP/1.1" 200 -
172.22.2.4 - - [05/Nov/2023:06:11:54 -0500] "GET /BLA/boletinlegal/ HTTP/1.1" 200 58294
44.231.202.44 - - [05/Nov/2023:06:15:01 -0500] "GET /BLA/resoluciones/index.php HTTP/1.1" 200 13696
54.184.159.16 - - [05/Nov/2023:06:15:07 -0500] "GET /BLA/resoluciones/index.php?dir=RESOLUCIONES%202002/RES%202002%201851-1900/&order=desc&sort=date HTTP/1.1" 200 12149
54.184.159.16 - - [05/Nov/2023:06:15:09 -0500] "GET /BLA/resoluciones/index.php?dir=RESOLUCIONES%202002/RES%202002%201851-1900/&order=asc&sort=name HTTP/1.1" 200 12150
216.245.221.92 - - [05/Nov/2023:06:15:44 -0500] "HEAD / HTTP/1.1" 200 -
201.245.192.253 - - [05/Nov/2023:06:15:52 -0500] "POST /kwsrmcab/Wsrmcab  HTTP/1.1" 200 42686
52.167.144.219 - - [05/Nov/2023:06:16:49 -0500] "GET /BLA/resoluciones/RESOLUCIONES%202021/4957.pdf HTTP/1.1" 200 367072
201.245.192.253 - - [05/Nov/2023:06:17:12 -0500] "POST /kwsrmcab/Wsrmcab HTTP/1.1" 200 42811
201.245.192.253 - - [05/Nov/2023:06:17:15 -0500] "POST /kwsrmcab/Wsrmcab HTTP/1.1" 200 40535
50.112.160.3 - - [05/Nov/2023:06:18:00 -0500] "GET /BLA/resoluciones/index.php?dir=RESOLUCIONES%202003/RES%202003%20501-550/&order=asc&sort=name HTTP/1.1" 200 11308
54.184.159.16 - - [05/Nov/2023:06:18:01 -0500] "GET /BLA/resoluciones/index.php?dir=RESOLUCIONES%202003/RES%202003%20501-550/&order=desc&sort=date HTTP/1.1" 200 11307
172.22.2.4 - - [05/Nov/2023:06:16:53 -0500] "HEAD /BLA/boletinlegal/ HTTP/1.1" 200 -
172.22.2.4 - - [05/Nov/2023:06:17:44 -0500] "GET /BLA/boletinlegal/ HTTP/1.1" 200 61018
54.184.159.16 - - [05/Nov/2023:06:20:10 -0500] "GET /BLA/resoluciones/index.php HTTP/1.1" 200 13696
201.245.192.253 - - [05/Nov/2023:06:20:25 -0500] "POST /kwsrmcab/Wsrmcab HTTP/1.1" 200 42811
201.245.192.253 - - [05/Nov/2023:06:20:28 -0500] "POST /kwsrmcab/Wsrmcab HTTP/1.1" 200 40535
216.245.221.92 - - [05/Nov/2023:06:20:43 -0500] "HEAD / HTTP/1.1" 200 -
201.245.192.253 - - [05/Nov/2023:06:20:51 -0500] "POST /kwsrmcab/Wsrmcab  HTTP/1.1" 200 42686
44.231.202.44 - - [05/Nov/2023:06:21:35 -0500] "GET /BLA/resoluciones/index.php?dir=AUTOS%202006/AUTOS%202006%201201-1300/&order=desc&sort=date HTTP/1.1" 200 22012
44.231.202.44 - - [05/Nov/2023:06:24:02 -0500] "GET /BLA/resoluciones/index.php?dir=RESOLUCIONES%202004/RES%202004%201001-1050/&order=desc&sort=size HTTP/1.1" 200 12168
31.13.103.120 - - [05/Nov/2023:06:24:19 -0500] "GET /secretaria-de-ambiente-instalo-la-primera-etiqueta-vehicular-ambiental-eva-en-un-auto-particular-de-bogota.html HTTP/1.1" 200 945
172.22.2.4 - - [05/Nov/2023:06:22:43 -0500] "HEAD /BLA/boletinlegal/ HTTP/1.1" 200 -
172.22.2.4 - - [05/Nov/2023:06:23:34 -0500] "GET /BLA/boletinlegal/ HTTP/1.1" 200 58294
216.245.221.92 - - [05/Nov/2023:06:25:43 -0500] "HEAD / HTTP/1.1" 200 -
54.184.159.16 - - [05/Nov/2023:06:25:48 -0500] "GET /BLA/resoluciones/index.php?dir=RESOLUCIONES%202003/RES%202003%201951-2000/&order=desc&sort=date HTTP/1.1" 200 12148
201.245.192.253 - - [05/Nov/2023:06:25:50 -0500] "POST /kwsrmcab/Wsrmcab  HTTP/1.1" 200 42686
54.184.159.16 - - [05/Nov/2023:06:25:53 -0500] "GET /BLA/resoluciones/index.php?dir=RESOLUCIONES%202003/RES%202003%201951-2000/&order=asc&sort=name HTTP/1.1" 200 12149
52.167.144.137 - - [05/Nov/2023:06:26:34 -0500] "GET /BLA/resoluciones/AUTOS%202023/3805.pdf HTTP/1.1" 200 250095
54.184.159.16 - - [05/Nov/2023:06:26:52 -0500] "GET /BLA/resoluciones/index.php?dir=RESOLUCIONES%202005/RES%202005%202551-2600/&order=desc&sort=size HTTP/1.1" 200 12366
44.231.202.44 - - [05/Nov/2023:06:26:58 -0500] "GET /BLA/resoluciones/index.php?dir=Notificaciones/REGISTROS%202015/&order=asc&sort=size HTTP/1.1" 200 19557
201.245.192.253 - - [05/Nov/2023:06:27:11 -0500] "POST /kwsrmcab/Wsrmcab HTTP/1.1" 200 42811
201.245.192.253 - - [05/Nov/2023:06:27:14 -0500] "POST /kwsrmcab/Wsrmcab HTTP/1.1" 200 40535
54.184.159.16 - - [05/Nov/2023:06:27:33 -0500] "GET /BLA/resoluciones/index.php?dir=AUTOS%202006/AUTOS%202006%201301-1400/&order=desc&sort=date HTTP/1.1" 200 22001
44.231.202.44 - - [05/Nov/2023:06:27:37 -0500] "GET /BLA/resoluciones/index.php?dir=AUTOS%202006/AUTOS%202006%201301-1400/ HTTP/1.1" 200 22002
50.112.160.3 - - [05/Nov/2023:06:27:57 -0500] "GET /BLA/resoluciones/index.php?dir=RESOLUCIONES%202003/RES%202003%20301-350/&order=asc&sort=size HTTP/1.1" 200 11308
50.112.160.3 - - [05/Nov/2023:06:28:00 -0500] "GET /BLA/resoluciones/index.php?dir=RESOLUCIONES%202003/RES%202003%20301-350/&order=asc&sort=name HTTP/1.1" 200 11308
50.112.160.3 - - [05/Nov/2023:06:28:40 -0500] "GET /BLA/resoluciones/index.php?dir=RESOLUCIONES%202004/RES%202004%201051-1100/&order=desc&sort=date HTTP/1.1" 200 12163
50.112.160.3 - - [05/Nov/2023:06:28:53 -0500] "GET /BLA/resoluciones/index.php?dir=Notificaciones/ HTTP/1.1" 200 11650
50.112.160.3 - - [05/Nov/2023:06:28:54 -0500] "GET /BLA/resoluciones/index.php?dir=Notificaciones/AUTOS%202022/&order=asc&sort=size HTTP/1.1" 200 166286
50.112.160.3 - - [05/Nov/2023:06:28:57 -0500] "GET /BLA/resoluciones/index.php?dir=Notificaciones/AUTOS%202022/&order=desc&sort=date HTTP/1.1" 200 166285
44.231.202.44 - - [05/Nov/2023:06:29:37 -0500] "GET /BLA/resoluciones/index.php?dir=AUTOS%202006/AUTOS%202006%201201-1300/&order=desc&sort=size HTTP/1.1" 200 22012
172.22.2.4 - - [05/Nov/2023:06:28:33 -0500] "HEAD /BLA/boletinlegal/ HTTP/1.1" 200 -
201.245.192.253 - - [05/Nov/2023:06:30:25 -0500] "POST /kwsrmcab/Wsrmcab HTTP/1.1" 200 42811
201.245.192.253 - - [05/Nov/2023:06:30:28 -0500] "POST /kwsrmcab/Wsrmcab HTTP/1.1" 200 40535
216.245.221.92 - - [05/Nov/2023:06:30:43 -0500] "HEAD / HTTP/1.1" 200 -
201.245.192.253 - - [05/Nov/2023:06:30:49 -0500] "POST /kwsrmcab/Wsrmcab  HTTP/1.1" 200 42686
172.22.2.4 - - [05/Nov/2023:06:29:24 -0500] "GET /BLA/boletinlegal/ HTTP/1.1" 200 60634
40.77.167.40 - - [05/Nov/2023:06:31:22 -0500] "GET /BLA/resoluciones/RESOLUCIONES%202021/0272.pdf HTTP/1.1" 200 409676
54.184.159.16 - - [05/Nov/2023:06:31:50 -0500] "GET /BLA/resoluciones/index.php?dir=RESOLUCIONES%202004/RES%202004%201501-1550/&order=desc&sort=size HTTP/1.1" 200 12357
44.231.202.44 - - [05/Nov/2023:06:32:50 -0500] "GET /BLA/resoluciones/index.php?dir=RESOLUCIONES%202003/ HTTP/1.1" 200 34282
50.112.160.3 - - [05/Nov/2023:06:32:54 -0500] "GET /BLA/resoluciones/index.php?dir=RESOLUCIONES%202003/RES%202003%202051-2100/&order=asc&sort=name HTTP/1.1" 200 12152
50.112.160.3 - - [05/Nov/2023:06:32:59 -0500] "GET /BLA/resoluciones/index.php?dir=RESOLUCIONES%202002/RES%202002%20251-300/&order=asc&sort=name HTTP/1.1" 200 12034
44.231.202.44 - - [05/Nov/2023:06:33:45 -0500] "GET /BLA/resoluciones/index.php?dir=Notificaciones/AUTOS%202018/ HTTP/1.1" 200 98973
44.231.202.44 - - [05/Nov/2023:06:33:46 -0500] "GET /BLA/resoluciones/index.php?dir=Notificaciones/AUTOS%202202/ HTTP/1.1" 200 2022
50.112.160.3 - - [05/Nov/2023:06:33:47 -0500] "GET /BLA/resoluciones/index.php HTTP/1.1" 200 13696
44.231.202.44 - - [05/Nov/2023:06:33:50 -0500] "GET /BLA/resoluciones/index.php?dir=Notificaciones/REGISTROS%202023/ HTTP/1.1" 200 5001
44.231.202.44 - - [05/Nov/2023:06:33:51 -0500] "GET /BLA/resoluciones/index.php?dir=Notificaciones/AUTOS%200022/ HTTP/1.1" 200 2018
44.231.202.44 - - [05/Nov/2023:06:33:52 -0500] "GET /BLA/resoluciones/index.php?dir=Notificaciones/AUTOS%202016/ HTTP/1.1" 200 75954
44.231.202.44 - - [05/Nov/2023:06:33:56 -0500] "GET /BLA/resoluciones/index.php?dir=RESOLUCIONES%202004/ HTTP/1.1" 200 33860
54.184.159.16 - - [05/Nov/2023:06:33:58 -0500] "GET /BLA/resoluciones/index.php?dir=Notificaciones/REGISTROS%202017/ HTTP/1.1" 200 9178
44.231.202.44 - - [05/Nov/2023:06:34:03 -0500] "GET /BLA/resoluciones/index.php?dir=RESOLUCIONES%202005/RES%202005%202401-2450/ HTTP/1.1" 200 12361
50.112.160.3 - - [05/Nov/2023:06:34:04 -0500] "GET /BLA/resoluciones/index.php?dir=RESOLUCIONES%202005/RES%202005%202401-2450/&order=asc&sort=size HTTP/1.1" 200 12361
44.231.202.44 - - [05/Nov/2023:06:34:06 -0500] "GET /BLA/resoluciones/index.php?dir=RESOLUCIONES%202004/RES%202004%2051-100/&order=desc&sort=size HTTP/1.1" 200 11979
54.184.159.16 - - [05/Nov/2023:06:34:07 -0500] "GET /BLA/resoluciones/index.php?dir=RESOLUCIONES%202005/RES%202005%202401-2450/&order=desc&sort=date HTTP/1.1" 200 12360
66.249.66.21 - - [05/Nov/2023:06:34:43 -0500] "GET /BLA/resoluciones/RESOLUCIONES%202010/6698.pdf HTTP/1.1" 200 769483
216.245.221.92 - - [05/Nov/2023:06:35:43 -0500] "HEAD / HTTP/1.1" 200 -
201.245.192.253 - - [05/Nov/2023:06:35:47 -0500] "POST /kwsrmcab/Wsrmcab  HTTP/1.1" 200 42686
172.22.2.4 - - [05/Nov/2023:06:34:23 -0500] "HEAD /BLA/boletinlegal/ HTTP/1.1" 200 -
66.249.66.38 - - [05/Nov/2023:06:36:29 -0500] "GET /semana-bogota-reverdece-135-nuevos-arboles-para-el-humedal-la-conejera.html HTTP/1.1" 304 -
54.184.159.16 - - [05/Nov/2023:06:36:37 -0500] "GET /BLA/resoluciones/index.php?dir=RESOLUCIONES%202002/RES%202002%20251-300/&order=desc&sort=date HTTP/1.1" 200 12033
44.231.202.44 - - [05/Nov/2023:06:36:48 -0500] "GET /BLA/resoluciones/index.php?dir=RESOLUCIONES%202003/RES%202003%20251-300/&order=asc&sort=name HTTP/1.1" 200 11115
172.22.2.4 - - [05/Nov/2023:06:35:14 -0500] "GET /BLA/boletinlegal/ HTTP/1.1" 200 53356
201.245.192.253 - - [05/Nov/2023:06:37:11 -0500] "POST /kwsrmcab/Wsrmcab HTTP/1.1" 200 42811
201.245.192.253 - - [05/Nov/2023:06:37:14 -0500] "POST /kwsrmcab/Wsrmcab HTTP/1.1" 200 40535
216.244.66.195 - - [05/Nov/2023:06:40:16 -0500] "GET /BLA/resoluciones/AUTOS%202015/2824.pdf HTTP/1.1" 200 550464
173.252.107.120 - - [05/Nov/2023:06:40:26 -0500] "GET /secretaria-de-ambiente-abre-espacio-de-formacion-para-comunicadores-sociales-y-periodistas.html HTTP/1.1" 200 860
173.252.107.3 - - [05/Nov/2023:06:40:26 -0500] "GET /bogota-se-la-juega-por-las-mujeres-emprendedoras-de-bogota-es-mi-huerta-y-mujeres-que-reverdecen-expusieron-sus-proyectos-productivos.html HTTP/1.1" 200 985
201.245.192.253 - - [05/Nov/2023:06:40:25 -0500] "POST /kwsrmcab/Wsrmcab HTTP/1.1" 200 42811
201.245.192.253 - - [05/Nov/2023:06:40:28 -0500] "POST /kwsrmcab/Wsrmcab HTTP/1.1" 200 40535
54.184.159.16 - - [05/Nov/2023:06:40:43 -0500] "GET /BLA/resoluciones/index.php?dir=RESOLUCIONES%202005/RES%202005%20601-650/&order=desc&sort=date HTTP/1.1" 200 12245
216.245.221.92 - - [05/Nov/2023:06:40:43 -0500] "HEAD / HTTP/1.1" 200 -
216.244.66.195 - - [05/Nov/2023:06:40:47 -0500] "GET /BLA/resoluciones/AUTOS%202015/2889.pdf HTTP/1.1" 200 569735
201.245.192.253 - - [05/Nov/2023:06:40:47 -0500] "POST /kwsrmcab/Wsrmcab  HTTP/1.1" 200 42686
157.55.39.201 - - [05/Nov/2023:06:41:35 -0500] "GET /BLA/resoluciones/RESOLUCIONES%202021/4544.pdf HTTP/1.1" 200 460348
172.22.2.4 - - [05/Nov/2023:06:40:13 -0500] "HEAD /BLA/boletinlegal/ HTTP/1.1" 200 -
54.184.159.16 - - [05/Nov/2023:06:42:02 -0500] "GET /BLA/resoluciones/index.php?dir=RESOLUCIONES%202003/RES%202003%20501-550/&order=desc&sort=size HTTP/1.1" 200 11307
172.22.2.4 - - [05/Nov/2023:06:41:04 -0500] "GET /BLA/boletinlegal/ HTTP/1.1" 200 56634
44.231.202.44 - - [05/Nov/2023:06:43:13 -0500] "GET /BLA/resoluciones/index.php?dir=RESOLUCIONES%202003/RES%202003%202051-2100/&order=desc&sort=size HTTP/1.1" 200 12151
172.22.2.4 - - [05/Nov/2023:06:42:01 -0500] "GET /BLA/boletinlegal/ HTTP/1.1" 200 49099
44.231.202.44 - - [05/Nov/2023:06:44:51 -0500] "GET /BLA/resoluciones/index.php?dir=RESOLUCIONES%202005/RES%202005%20%201601-1650/&order=desc&sort=date HTTP/1.1" 200 12425
54.184.159.16 - - [05/Nov/2023:06:45:27 -0500] "GET /BLA/resoluciones/index.php?dir=Notificaciones/AUTOS%202202/ HTTP/1.1" 200 2022
216.245.221.92 - - [05/Nov/2023:06:45:43 -0500] "HEAD / HTTP/1.1" 200 -
201.245.192.253 - - [05/Nov/2023:06:45:46 -0500] "POST /kwsrmcab/Wsrmcab  HTTP/1.1" 200 42686
54.184.159.16 - - [05/Nov/2023:06:46:16 -0500] "GET /BLA/resoluciones/index.php?dir=RESOLUCIONES%202002/RES%202002%201851-1900/&order=desc&sort=size HTTP/1.1" 200 12149
50.112.160.3 - - [05/Nov/2023:06:46:17 -0500] "GET /BLA/resoluciones/index.php?dir=RESOLUCIONES%202002/RES%202002%201851-1900/&order=asc&sort=name HTTP/1.1" 200 12150
52.167.144.25 - - [05/Nov/2023:06:46:24 -0500] "GET /BLA/resoluciones/index.php?dir=AUTOS+2015%2F HTTP/1.1" 200 584494
50.112.160.3 - - [05/Nov/2023:06:47:05 -0500] "GET /BLA/resoluciones/index.php?dir=Notificaciones/RESOLUCIONES%202014/&order=desc&sort=date HTTP/1.1" 200 13931
54.184.159.16 - - [05/Nov/2023:06:47:06 -0500] "GET /BLA/resoluciones/index.php?dir=Notificaciones/RESOLUCIONES%202014/&order=asc&sort=name HTTP/1.1" 200 13932
50.112.160.3 - - [05/Nov/2023:06:47:16 -0500] "GET /BLA/resoluciones/index.php?dir=RESOLUCIONES%202005/RES%202005%20%201601-1650/&order=desc&sort=size HTTP/1.1" 200 12425
104.152.52.87 - - [05/Nov/2023:06:47:41 -0500] "GET / HTTP/1.0" 200 319
172.22.2.4 - - [05/Nov/2023:06:46:03 -0500] "HEAD /BLA/boletinlegal/ HTTP/1.1" 200 -
44.231.202.44 - - [05/Nov/2023:06:48:24 -0500] "GET /BLA/resoluciones/index.php?dir=RESOLUCIONES%202002/RES%202002%20251-300/&order=desc&sort=size HTTP/1.1" 200 12033
54.184.159.16 - - [05/Nov/2023:06:48:34 -0500] "GET /BLA/resoluciones/index.php?dir=RESOLUCIONES%202006/RES%202006%20%202801-2850/&order=desc&sort=size HTTP/1.1" 200 12414
172.22.2.4 - - [05/Nov/2023:06:46:54 -0500] "GET /BLA/boletinlegal/ HTTP/1.1" 200 57497
50.112.160.3 - - [05/Nov/2023:06:49:05 -0500] "GET /BLA/resoluciones/index.php?dir=AUTOS%202006/AUTOS%202006%203101%20-%203200/&order=desc&sort=size HTTP/1.1" 200 22188
173.252.87.9 - - [05/Nov/2023:06:49:14 -0500] "GET /images/serpiente-sabanera.jpeg HTTP/1.1" 200 167272
66.249.66.21 - - [05/Nov/2023:06:50:31 -0500] "GET /BLA/resoluciones/RESOLUCIONES%202009/3460.pdf HTTP/1.1" 200 290517
66.249.66.19 - - [05/Nov/2023:06:50:31 -0500] "GET /robots.txt HTTP/1.1" 404 1018
216.245.221.92 - - [05/Nov/2023:06:50:43 -0500] "HEAD / HTTP/1.1" 200 -
201.245.192.253 - - [05/Nov/2023:06:50:44 -0500] "POST /kwsrmcab/Wsrmcab  HTTP/1.1" 200 42686
50.112.160.3 - - [05/Nov/2023:06:51:01 -0500] "GET /BLA/resoluciones/index.php HTTP/1.1" 200 13696
44.231.202.44 - - [05/Nov/2023:06:51:40 -0500] "GET /BLA/resoluciones/index.php?dir=RESOLUCIONES%202004/RES%202004%2051-100/&order=desc&sort=date HTTP/1.1" 200 11979
50.112.160.3 - - [05/Nov/2023:06:52:31 -0500] "GET /BLA/resoluciones/index.php?dir=RESOLUCIONES%202004/RES%202004%20351-400/&order=desc&sort=date HTTP/1.1" 200 12049
54.184.159.16 - - [05/Nov/2023:06:53:32 -0500] "GET /BLA/resoluciones/index.php?dir=RESOLUCIONES%202003/RES%202003%20651-700/&order=desc&sort=size HTTP/1.1" 200 11299
172.22.2.4 - - [05/Nov/2023:06:51:53 -0500] "HEAD /BLA/boletinlegal/ HTTP/1.1" 200 -
54.184.159.16 - - [05/Nov/2023:06:53:34 -0500] "GET /BLA/resoluciones/index.php?dir=RESOLUCIONES%202003/RES%202003%20651-700/&order=asc&sort=name HTTP/1.1" 200 11300
66.249.66.21 - - [05/Nov/2023:06:54:08 -0500] "GET /BLA/resoluciones/RESOLUCIONES%202009/1109.pdf HTTP/1.1" 200 287500
50.112.160.3 - - [05/Nov/2023:06:54:13 -0500] "GET /BLA/resoluciones/index.php?dir=RESOLUCIONES%202007/RES%202007%202901%20AL%203000/&order=desc&sort=size HTTP/1.1" 200 26858
44.231.202.44 - - [05/Nov/2023:06:54:17 -0500] "GET /BLA/resoluciones/index.php?dir=RESOLUCIONES%202004/RES%202004%20901-950/&order=desc&sort=size HTTP/1.1" 200 12048
172.22.2.4 - - [05/Nov/2023:06:52:44 -0500] "GET /BLA/boletinlegal/ HTTP/1.1" 200 58294
44.231.202.44 - - [05/Nov/2023:06:54:55 -0500] "GET /BLA/resoluciones/index.php?dir=Notificaciones/RESOLUCIONES%202014/&order=desc&sort=size HTTP/1.1" 200 13931
216.245.221.92 - - [05/Nov/2023:06:55:43 -0500] "HEAD / HTTP/1.1" 200 -
201.245.192.253 - - [05/Nov/2023:06:55:42 -0500] "POST /kwsrmcab/Wsrmcab  HTTP/1.1" 200 42686
50.112.160.3 - - [05/Nov/2023:06:56:09 -0500] "GET /BLA/resoluciones/index.php?dir=RESOLUCIONES%202003/RES%202003%201351-1400/&order=desc&sort=size HTTP/1.1" 200 12156
44.231.202.44 - - [05/Nov/2023:06:56:14 -0500] "GET /BLA/resoluciones/index.php?dir=RESOLUCIONES%202003/RES%202003%201351-1400/&order=asc&sort=name HTTP/1.1" 200 12157
44.231.202.44 - - [05/Nov/2023:06:56:28 -0500] "GET /BLA/resoluciones/index.php?dir=RESOLUCIONES%202007/RES%202007%202901%20AL%203000/&order=desc&sort=date HTTP/1.1" 200 26858
44.231.202.44 - - [05/Nov/2023:06:56:36 -0500] "GET /BLA/resoluciones/index.php?dir=RESOLUCIONES%202007/RES%202007%20701%20AL%20800/&order=desc&sort=date HTTP/1.1" 200 26638
51.222.253.6 - - [05/Nov/2023:06:56:56 -0500] "GET /galeria/galeria/jquery.fancybox.css?v=2.1.5 HTTP/1.1" 200 4895
54.184.159.16 - - [05/Nov/2023:06:57:48 -0500] "GET /BLA/resoluciones/index.php?dir=RESOLUCIONES%202002/RES%202002%2001-50/&order=asc&sort=name HTTP/1.1" 200 13729
50.112.160.3 - - [05/Nov/2023:06:58:48 -0500] "GET /BLA/resoluciones/index.php?dir=RESOLUCIONES%202006/RES%202006%201901-1950/&order=desc&sort=date HTTP/1.1" 200 12359
172.22.2.4 - - [05/Nov/2023:06:57:43 -0500] "HEAD /BLA/boletinlegal/ HTTP/1.1" 200 -
44.231.202.44 - - [05/Nov/2023:06:59:52 -0500] "GET /BLA/resoluciones/index.php?dir=RESOLUCIONES%202006/RES%202006%202351-2400/&order=desc&sort=size HTTP/1.1" 200 12356
172.22.2.4 - - [05/Nov/2023:06:58:34 -0500] "GET /BLA/boletinlegal/ HTTP/1.1" 200 58294
50.112.160.3 - - [05/Nov/2023:07:00:41 -0500] "GET /BLA/resoluciones/index.php?dir=RESOLUCIONES%202007/RES%202007%203801%20AL%203900/&order=desc&sort=date HTTP/1.1" 200 26636
44.231.202.44 - - [05/Nov/2023:07:00:42 -0500] "GET /BLA/resoluciones/index.php?dir=RESOLUCIONES%202005/RES%202005%202551-2600/&order=desc&sort=date HTTP/1.1" 200 12366
216.245.221.92 - - [05/Nov/2023:07:00:43 -0500] "HEAD / HTTP/1.1" 200 -
201.245.192.253 - - [05/Nov/2023:07:00:42 -0500] "POST /kwsrmcab/Wsrmcab  HTTP/1.1" 200 42686
44.231.202.44 - - [05/Nov/2023:07:00:56 -0500] "GET /BLA/resoluciones/index.php?dir=RESOLUCIONES%202005/RES%202005%201551-1600/&order=desc&sort=date HTTP/1.1" 200 12363
44.231.202.44 - - [05/Nov/2023:07:01:00 -0500] "GET /BLA/resoluciones/RESOLUCIONES%202005/RES%202005%201551-1600/INDEX.DAT HTTP/1.1" 200 2000
54.184.159.16 - - [05/Nov/2023:07:01:04 -0500] "GET /BLA/resoluciones/index.php?dir=RESOLUCIONES%202004/RES%202004%20701-750/&order=desc&sort=size HTTP/1.1" 200 12058
54.184.159.16 - - [05/Nov/2023:07:01:07 -0500] "GET /BLA/resoluciones/index.php?dir=AUTOS%202006/AUTOS%202006%201501%20-%201600/&order=desc&sort=date HTTP/1.1" 200 22231
50.112.160.3 - - [05/Nov/2023:07:01:16 -0500] "GET /BLA/resoluciones/index.php?dir=RESOLUCIONES%202004/RES%202004%20301-350/&order=desc&sort=date HTTP/1.1" 200 12061
50.112.160.3 - - [05/Nov/2023:07:02:42 -0500] "GET /BLA/resoluciones/index.php?dir=RESOLUCIONES%202002/RES%202002%20301-350/ HTTP/1.1" 200 12274
54.184.159.16 - - [05/Nov/2023:07:02:44 -0500] "GET /BLA/resoluciones/index.php?dir=RESOLUCIONES%202002/ HTTP/1.1" 200 26096
50.112.160.3 - - [05/Nov/2023:07:02:45 -0500] "GET /BLA/resoluciones/index.php?dir=RESOLUCIONES%202002/RES%202002%20301-350/&order=asc&sort=name HTTP/1.1" 200 12274
44.231.202.44 - - [05/Nov/2023:07:02:48 -0500] "GET /BLA/resoluciones/index.php?dir=RESOLUCIONES%202002/RES%202002%20301-350/&order=desc&sort=size HTTP/1.1" 200 12273
66.249.66.20 - - [05/Nov/2023:07:03:28 -0500] "GET /BLA/resoluciones/RESOLUCIONES%202008/5531.pdf HTTP/1.1" 200 237080
50.112.160.3 - - [05/Nov/2023:07:05:00 -0500] "GET /BLA/resoluciones/index.php?dir=RESOLUCIONES%202005/RES%202005%202051-2100/&order=asc&sort=name HTTP/1.1" 200 12352
44.231.202.44 - - [05/Nov/2023:07:05:01 -0500] "GET /BLA/resoluciones/index.php?dir=RESOLUCIONES%202005/RES%202005%202051-2100/&order=desc&sort=date HTTP/1.1" 200 12351
172.22.2.4 - - [05/Nov/2023:07:03:33 -0500] "HEAD /BLA/boletinlegal/ HTTP/1.1" 200 -
66.249.66.20 - - [05/Nov/2023:07:05:17 -0500] "GET /portel_dama/libreria/php/2006/restauracion/22_proye/xtras_in/cni_3.pdf HTTP/1.1" 404 1018
44.231.202.44 - - [05/Nov/2023:07:05:39 -0500] "GET /BLA/resoluciones/index.php?dir=RESOLUCIONES%202005/RES%202005%202201-2250/&order=asc&sort=name HTTP/1.1" 200 12363
201.245.192.253 - - [05/Nov/2023:07:05:40 -0500] "POST /kwsrmcab/Wsrmcab  HTTP/1.1" 200 42686
44.231.202.44 - - [05/Nov/2023:07:05:43 -0500] "GET /BLA/resoluciones/index.php?dir=RESOLUCIONES%202005/RES%202005%202201-2250/&order=desc&sort=size HTTP/1.1" 200 12362
216.245.221.92 - - [05/Nov/2023:07:05:43 -0500] "HEAD / HTTP/1.1" 200 -
172.22.2.4 - - [05/Nov/2023:07:05:54 -0500] "GET /BLA/boletinlegal/Circulares/2011/Circular%20No.%202%20del%2031%20de%20Mayo%20de%202011.pdf HTTP/1.1" 304 -
54.184.159.16 - - [05/Nov/2023:07:05:54 -0500] "GET /BLA/resoluciones/index.php?dir=Notificaciones/REGISTROS%200218/&order=desc&sort=size HTTP/1.1" 200 1870
172.22.2.4 - - [05/Nov/2023:07:04:24 -0500] "GET /BLA/boletinlegal/ HTTP/1.1" 200 58644
66.249.66.21 - - [05/Nov/2023:07:07:09 -0500] "GET /BLA/resoluciones/RESOLUCIONES%202008/0569.pdf HTTP/1.1" 200 115575
44.231.202.44 - - [05/Nov/2023:07:07:12 -0500] "GET /BLA/resoluciones/RESOLUCIONES%202006/RES%202006%201301-1350/INDEX.DAT HTTP/1.1" 200 2000
54.184.159.16 - - [05/Nov/2023:07:07:34 -0500] "GET /BLA/resoluciones/index.php?dir=RESOLUCIONES%202005/RES%202005%202401-2450/&order=desc&sort=size HTTP/1.1" 200 12360
54.184.159.16 - - [05/Nov/2023:07:07:36 -0500] "GET /BLA/resoluciones/index.php?dir=RESOLUCIONES%202005/RES%202005%201051-1100/&order=asc&sort=size HTTP/1.1" 200 3976
44.231.202.44 - - [05/Nov/2023:07:07:45 -0500] "GET /BLA/resoluciones/index.php?dir=RESOLUCIONES%202005/RES%202005%202851-2900/&order=desc&sort=date HTTP/1.1" 200 12155
54.184.159.16 - - [05/Nov/2023:07:07:46 -0500] "GET /BLA/resoluciones/index.php?dir=RESOLUCIONES%202005/RES%202005%202851-2900/&order=asc&sort=name HTTP/1.1" 200 12156
54.184.159.16 - - [05/Nov/2023:07:08:43 -0500] "GET /BLA/resoluciones/index.php?dir=Notificaciones/AUTOS%202202/&order=desc&sort=date HTTP/1.1" 200 2021
54.184.159.16 - - [05/Nov/2023:07:09:11 -0500] "GET /BLA/resoluciones/index.php?dir=RESOLUCIONES%202006/RES%202006%201451-1500/&order=desc&sort=size HTTP/1.1" 200 12369
66.249.66.20 - - [05/Nov/2023:07:09:19 -0500] "GET /BLA/resoluciones/RESOLUCIONES%202009/9804.pdf HTTP/1.1" 200 550225
50.112.160.3 - - [05/Nov/2023:07:09:21 -0500] "GET /BLA/resoluciones/index.php?dir=RESOLUCIONES%202007/RES%202007%201501%20AL%201600/&order=asc&sort=name HTTP/1.1" 200 26868
44.231.202.44 - - [05/Nov/2023:07:09:24 -0500] "GET /BLA/resoluciones/index.php?dir=RESOLUCIONES%202007/RES%202007%201501%20AL%201600/&order=desc&sort=size HTTP/1.1" 200 26867
50.112.160.3 - - [05/Nov/2023:07:09:26 -0500] "GET /BLA/resoluciones/index.php?dir=RESOLUCIONES%202007/RES%202007%201501%20AL%201600/ HTTP/1.1" 200 26868
54.184.159.16 - - [05/Nov/2023:07:09:27 -0500] "GET /BLA/resoluciones/index.php?dir=RESOLUCIONES%202004/RES%202004%202051-2100/&order=desc&sort=size HTTP/1.1" 200 12369
50.112.160.3 - - [05/Nov/2023:07:10:27 -0500] "GET /BLA/resoluciones/index.php?dir=RESOLUCIONES%202002/RES%202002%201401-1450/&order=desc&sort=date HTTP/1.1" 200 12161
66.249.66.19 - - [05/Nov/2023:07:10:27 -0500] "GET /isolucionsda/FrameSetArticulo.asp?Pagina=/isolucionsda/bancoconocimiento/R/Resolucion288del20deAbrilde2012/Resolucion288del20deAbrilde2012.asp?IdArticulo=6537 HTTP/1.1" 200 527
201.245.192.253 - - [05/Nov/2023:07:10:39 -0500] "POST /kwsrmcab/Wsrmcab  HTTP/1.1" 200 42686
216.245.221.92 - - [05/Nov/2023:07:10:43 -0500] "HEAD / HTTP/1.1" 200 -
172.22.2.4 - - [05/Nov/2023:07:09:23 -0500] "HEAD /BLA/boletinlegal/ HTTP/1.1" 200 -
44.231.202.44 - - [05/Nov/2023:07:11:17 -0500] "GET /BLA/resoluciones/index.php?dir=RESOLUCIONES%20CONJUNTAS/ HTTP/1.1" 200 4762
50.112.160.3 - - [05/Nov/2023:07:11:20 -0500] "GET /BLA/resoluciones/index.php?dir=RESOLUCIONES%202012/ HTTP/1.1" 200 140066
54.184.159.16 - - [05/Nov/2023:07:11:18 -0500] "GET /BLA/resoluciones/index.php?dir=RESOLUCIONES%202008/ HTTP/1.1" 200 976272
172.22.2.4 - - [05/Nov/2023:07:11:47 -0500] "GET /BLA/boletinlegal/Directivas/2019/Directiva%20008%20del%2001%20de%20noviembre%20de%202019.pdf HTTP/1.1" 304 -
172.22.2.4 - - [05/Nov/2023:07:10:14 -0500] "GET /BLA/boletinlegal/ HTTP/1.1" 200 55399
44.231.202.44 - - [05/Nov/2023:07:12:58 -0500] "GET /BLA/resoluciones/index.php?dir=RESOLUCIONES%202006/ HTTP/1.1" 200 40916
54.184.159.16 - - [05/Nov/2023:07:13:01 -0500] "GET /BLA/resoluciones/index.php?dir=RESOLUCIONES%202006/RES%202006%202751-2800/&order=desc&sort=date HTTP/1.1" 200 12357
54.184.159.16 - - [05/Nov/2023:07:13:06 -0500] "GET /BLA/resoluciones/index.php?dir=RESOLUCIONES%202006/RES%202006%202751-2800/&order=asc&sort=name HTTP/1.1" 200 12358
54.184.159.16 - - [05/Nov/2023:07:13:44 -0500] "GET /BLA/resoluciones/index.php?dir=RESOLUCIONES%202002/RES%202002%20751-800/&order=asc&sort=name HTTP/1.1" 200 12567
44.231.202.44 - - [05/Nov/2023:07:13:47 -0500] "GET /BLA/resoluciones/index.php?dir=RESOLUCIONES%202002/RES%202002%20751-800/&order=desc&sort=date HTTP/1.1" 200 12566
44.231.202.44 - - [05/Nov/2023:07:14:06 -0500] "GET /BLA/resoluciones/index.php?dir=Decretos/ HTTP/1.1" 200 6804
50.112.160.3 - - [05/Nov/2023:07:14:02 -0500] "GET /BLA/resoluciones/index.php?dir=AUTOS%202014/ HTTP/1.1" 200 890851
54.184.159.16 - - [05/Nov/2023:07:14:05 -0500] "GET /BLA/resoluciones/index.php?dir=AUTOS%202021/ HTTP/1.1" 200 398874
50.112.160.3 - - [05/Nov/2023:07:14:08 -0500] "GET /BLA/resoluciones/index.php?dir=RESOLUCIONES%202007/ HTTP/1.1" 200 37998
50.112.160.3 - - [05/Nov/2023:07:14:07 -0500] "GET /BLA/resoluciones/index.php?dir=RESOLUCIONES%202013/ HTTP/1.1" 200 238278
172.22.2.4 - - [05/Nov/2023:07:12:28 -0500] "HEAD /BLA/boletinlegal/ HTTP/1.1" 200 -
54.184.159.16 - - [05/Nov/2023:07:14:10 -0500] "GET /BLA/resoluciones/index.php?dir=RESOLUCIONES%202002/ HTTP/1.1" 200 26096
50.112.160.3 - - [05/Nov/2023:07:14:09 -0500] "GET /BLA/resoluciones/index.php?dir=AUTOS%202017/ HTTP/1.1" 200 483318
50.112.160.3 - - [05/Nov/2023:07:14:12 -0500] "GET /BLA/resoluciones/index.php?dir=RESOLUCIONES%201997/ HTTP/1.1" 200 17831
50.112.160.3 - - [05/Nov/2023:07:14:12 -0500] "GET /BLA/resoluciones/index.php?dir=2018/ HTTP/1.1" 200 1608
50.112.160.3 - - [05/Nov/2023:07:14:16 -0500] "GET /BLA/resoluciones/index.php?dir=RESOLUCIONES%202002/RES%202002%20401-450/&order=desc&sort=date HTTP/1.1" 200 12023
50.112.160.3 - - [05/Nov/2023:07:14:19 -0500] "GET /BLA/resoluciones/index.php?dir=RESOLUCIONES%202001/ HTTP/1.1" 200 25492
40.77.167.77 - - [05/Nov/2023:07:14:19 -0500] "GET /BLA/resoluciones/RESOLUCIONES%202022/2944.pdf HTTP/1.1" 304 -
54.184.159.16 - - [05/Nov/2023:07:14:22 -0500] "GET /BLA/resoluciones/index.php?dir=RESOLUCIONES%202002/RES%202002%201401-1450/&order=desc&sort=size HTTP/1.1" 200 12161
54.184.159.16 - - [05/Nov/2023:07:14:24 -0500] "GET /BLA/resoluciones/index.php?dir=RESOLUCIONES%201999/ HTTP/1.1" 200 11562
50.112.160.3 - - [05/Nov/2023:07:15:09 -0500] "GET /BLA/resoluciones/RESOLUCIONES%202005/RES%202005%201201-1250/INDEX.DAT HTTP/1.1" 200 2000
50.112.160.3 - - [05/Nov/2023:07:15:09 -0500] "GET /BLA/resoluciones/index.php?dir=RESOLUCIONES%202005/RES%202005%201201-1250/&order=asc&sort=date HTTP/1.1" 200 12369
201.245.192.253 - - [05/Nov/2023:07:15:38 -0500] "POST /kwsrmcab/Wsrmcab  HTTP/1.1" 200 42686
216.245.221.92 - - [05/Nov/2023:07:15:43 -0500] "HEAD / HTTP/1.1" 200 -
54.184.159.16 - - [05/Nov/2023:07:15:52 -0500] "GET /BLA/resoluciones/index.php?dir=RESOLUCIONES%202006/RES%202006%20401-450/&order=desc&sort=date HTTP/1.1" 200 12244
172.22.2.4 - - [05/Nov/2023:07:15:13 -0500] "HEAD /BLA/boletinlegal/ HTTP/1.1" 200 -
44.231.202.44 - - [05/Nov/2023:07:17:05 -0500] "GET /BLA/resoluciones/index.php?dir=RESOLUCIONES%202007/RES%202007%20301%20AL%20400/&order=desc&sort=size HTTP/1.1" 200 26380
54.184.159.16 - - [05/Nov/2023:07:17:11 -0500] "GET /BLA/resoluciones/index.php?dir=RESOLUCIONES%202007/RES%202007%20301%20AL%20400/ HTTP/1.1" 200 26381
201.245.192.253 - - [05/Nov/2023:07:17:11 -0500] "POST /kwsrmcab/Wsrmcab HTTP/1.1" 200 42526
201.245.192.253 - - [05/Nov/2023:07:17:14 -0500] "POST /kwsrmcab/Wsrmcab HTTP/1.1" 200 40518
44.231.202.44 - - [05/Nov/2023:07:17:23 -0500] "GET /BLA/resoluciones/index.php?dir=RESOLUCIONES%202005/RES%202005%201751-1800/&order=asc&sort=name HTTP/1.1" 200 12368
182.42.111.156 - - [05/Nov/2023:07:17:37 -0500] "GET / HTTP/1.1" 200 319
172.22.2.4 - - [05/Nov/2023:07:16:04 -0500] "GET /BLA/boletinlegal/ HTTP/1.1" 200 57497
44.231.202.44 - - [05/Nov/2023:07:17:44 -0500] "GET /BLA/resoluciones/index.php?dir=RESOLUCIONES%202005/RES%202005%201251-1300/&order=desc&sort=date HTTP/1.1" 200 12361
44.231.202.44 - - [05/Nov/2023:07:17:57 -0500] "GET /BLA/resoluciones/index.php?dir=RESOLUCIONES%202005/RES%202005%201751-1800/&order=desc&sort=date HTTP/1.1" 200 12367
66.249.66.20 - - [05/Nov/2023:07:18:09 -0500] "GET /BLA/resoluciones/RESOLUCIONES%202007/RES%202007%202301%20AL%202400/RESOLUCION%202368%20DE%202007.pdf HTTP/1.1" 200 218910
50.112.160.3 - - [05/Nov/2023:07:18:39 -0500] "GET /BLA/resoluciones/index.php?dir=RESOLUCIONES%202005/RES%202005%20751-800/&order=desc&sort=name HTTP/1.1" 200 12253
50.112.160.3 - - [05/Nov/2023:07:18:40 -0500] "GET /BLA/resoluciones/index.php?dir=RESOLUCIONES%202004/RES%202004%201051-1100/&order=desc&sort=size HTTP/1.1" 200 12163
54.184.159.16 - - [05/Nov/2023:07:18:47 -0500] "GET /BLA/resoluciones/index.php?dir=RESOLUCIONES%202005/RES%202005%202851-2900/&order=desc&sort=size HTTP/1.1" 200 12155
54.184.159.16 - - [05/Nov/2023:07:18:50 -0500] "GET /BLA/resoluciones/index.php?dir=RESOLUCIONES%202005/RES%202005%202851-2900/&order=asc&sort=date HTTP/1.1" 200 12156
54.184.159.16 - - [05/Nov/2023:07:19:15 -0500] "GET /BLA/resoluciones/index.php?dir=RESOLUCIONES%202006/RES%202006%202001-2050/&order=desc&sort=date HTTP/1.1" 200 12362
52.167.144.138 - - [05/Nov/2023:07:20:09 -0500] "GET /BLA/resoluciones/AUTOS%202021/0464.pdf HTTP/1.1" 304 -
201.245.192.253 - - [05/Nov/2023:07:20:25 -0500] "POST /kwsrmcab/Wsrmcab HTTP/1.1" 200 42526
201.245.192.253 - - [05/Nov/2023:07:20:28 -0500] "POST /kwsrmcab/Wsrmcab HTTP/1.1" 200 40518
201.245.192.253 - - [05/Nov/2023:07:20:37 -0500] "POST /kwsrmcab/Wsrmcab  HTTP/1.1" 200 42686
216.245.221.92 - - [05/Nov/2023:07:20:43 -0500] "HEAD / HTTP/1.1" 200 -
44.231.202.44 - - [05/Nov/2023:07:21:05 -0500] "GET /BLA/resoluciones/index.php?dir=Notificaciones/REGISTROS%202015/&order=desc&sort=date HTTP/1.1" 200 19556
54.184.159.16 - - [05/Nov/2023:07:21:11 -0500] "GET /BLA/resoluciones/index.php?dir=RESOLUCIONES%202005/RES%202005%20%201651-1700/&order=desc&sort=date HTTP/1.1" 200 12422
52.167.144.138 - - [05/Nov/2023:07:21:12 -0500] "GET /BLA/resoluciones/AUTOS%202021/5427.pdf HTTP/1.1" 304 -
50.112.160.3 - - [05/Nov/2023:07:21:14 -0500] "GET /BLA/resoluciones/index.php?dir=RESOLUCIONES%202005/RES%202005%20%201651-1700/&order=asc&sort=size HTTP/1.1" 200 12423
66.249.66.37 - - [05/Nov/2023:07:21:29 -0500] "GET /el-agua-recurso-vital-para-la-conservacion-de-los-ecosistemas.html HTTP/1.1" 304 -
52.167.144.138 - - [05/Nov/2023:07:21:40 -0500] "GET /BLA/resoluciones/AUTOS%202022/4506.pdf HTTP/1.1" 200 409289
44.231.202.44 - - [05/Nov/2023:07:21:41 -0500] "GET /BLA/resoluciones/index.php HTTP/1.1" 200 13696
44.231.202.44 - - [05/Nov/2023:07:21:42 -0500] "GET /BLA/resoluciones/index.php?dir=RESOLUCIONES%202007/RES%202007%204101%20AL%204200/&order=desc&sort=date HTTP/1.1" 200 26885
172.22.2.4 - - [05/Nov/2023:07:21:03 -0500] "HEAD /BLA/boletinlegal/ HTTP/1.1" 200 -
54.184.159.16 - - [05/Nov/2023:07:23:03 -0500] "GET /BLA/resoluciones/index.php?dir=RESOLUCIONES%202003/RES%202003%201251-1300/&order=desc&sort=size HTTP/1.1" 200 12201
40.77.167.75 - - [05/Nov/2023:07:23:32 -0500] "GET /BLA/resoluciones/RESOLUCIONES%202021/3551.pdf HTTP/1.1" 200 436678
172.22.2.4 - - [05/Nov/2023:07:21:54 -0500] "GET /BLA/boletinlegal/ HTTP/1.1" 200 58644
50.112.160.3 - - [05/Nov/2023:07:23:51 -0500] "GET /BLA/resoluciones/index.php?dir=RESOLUCIONES%202002/RES%202002%20601-650/&order=desc&sort=date HTTP/1.1" 200 12036
172.22.2.4 - - [05/Nov/2023:07:23:41 -0500] "GET /BLA/boletinlegal/ HTTP/1.1" 200 20427
