50.112.160.3 - - [05/Nov/2023:13:59:32 -0500] "GET /BLA/resoluciones/index.php?dir=RESOLUCIONES%202004/RES%202004%201101-1150/&order=desc&sort=date HTTP/1.1" 200 12171
44.231.202.44 - - [05/Nov/2023:13:59:33 -0500] "GET /BLA/resoluciones/index.php?dir=RESOLUCIONES%202004/RES%202004%201101-1150/&order=asc&sort=name HTTP/1.1" 200 12172
54.184.159.16 - - [05/Nov/2023:14:00:02 -0500] "GET /BLA/resoluciones/RESOLUCIONES%202004/RES%202004%201651-1700/INDEX.DAT HTTP/1.1" 200 2000
44.231.202.44 - - [05/Nov/2023:14:00:03 -0500] "GET /BLA/resoluciones/index.php HTTP/1.1" 200 13696
54.184.159.16 - - [05/Nov/2023:14:00:04 -0500] "GET /BLA/resoluciones/index.php?dir=RESOLUCIONES%202004/RES%202004%201651-1700/&order=desc&sort=size HTTP/1.1" 200 12369
50.112.160.3 - - [05/Nov/2023:14:00:15 -0500] "GET /BLA/resoluciones/index.php?dir=AUTOS%202006/AUTOS%202006%20101-200/&order=desc&sort=size HTTP/1.1" 200 21757
172.22.2.4 - - [05/Nov/2023:13:58:37 -0500] "GET /BLA/boletinlegal/ HTTP/1.1" 200 53737
216.245.221.92 - - [05/Nov/2023:14:00:42 -0500] "HEAD / HTTP/1.1" 200 -
44.231.202.44 - - [05/Nov/2023:14:02:05 -0500] "GET /BLA/resoluciones/index.php?dir=RESOLUCIONES%202006/RES%202006%201001-1050/&order=desc&sort=date HTTP/1.1" 200 12340
50.112.160.3 - - [05/Nov/2023:14:02:12 -0500] "GET /BLA/resoluciones/index.php?dir=RESOLUCIONES%202007/RES%202007%204201%20AL%204300/&order=desc&sort=date HTTP/1.1" 200 26606
44.231.202.44 - - [05/Nov/2023:14:02:13 -0500] "GET /BLA/resoluciones/index.php?dir=RESOLUCIONES%202007/RES%202007%204201%20AL%204300/&order=asc&sort=name HTTP/1.1" 200 26607
34.132.185.115 - - [05/Nov/2023:14:04:11 -0500] "GET /BLA/boletinlegal/admin/index.php HTTP/1.1" 200 2324
201.245.192.253 - - [05/Nov/2023:14:04:10 -0500] "POST /kwsrmcab/Wsrmcab  HTTP/1.1" 200 42686
50.112.160.3 - - [05/Nov/2023:14:04:46 -0500] "GET /BLA/resoluciones/index.php?dir=RESOLUCIONES%202005/RES%202005%20751-800/&order=desc&sort=date HTTP/1.1" 200 12253
54.184.159.16 - - [05/Nov/2023:14:05:08 -0500] "GET /BLA/resoluciones/index.php?dir=RESOLUCIONES%202002/RES%202002%20801-850/ HTTP/1.1" 200 12225
44.231.202.44 - - [05/Nov/2023:14:05:10 -0500] "GET /BLA/resoluciones/index.php?dir=RESOLUCIONES%202002/RES%202002%2051-100/ HTTP/1.1" 200 12120
50.112.160.3 - - [05/Nov/2023:14:05:11 -0500] "GET /BLA/resoluciones/index.php?dir=RESOLUCIONES%202002/RES%202002%201951-1971/ HTTP/1.1" 200 6225
50.112.160.3 - - [05/Nov/2023:14:05:16 -0500] "GET /BLA/resoluciones/index.php?dir=RESOLUCIONES%202002/RES%202002%20651-700/ HTTP/1.1" 200 12213
172.22.2.4 - - [05/Nov/2023:14:03:36 -0500] "HEAD /BLA/boletinlegal/ HTTP/1.1" 200 -
54.184.159.16 - - [05/Nov/2023:14:05:39 -0500] "GET /BLA/resoluciones/index.php?dir=AUTOS%202013/ HTTP/1.1" 200 407754
216.245.221.92 - - [05/Nov/2023:14:05:42 -0500] "HEAD / HTTP/1.1" 200 -
54.184.159.16 - - [05/Nov/2023:14:05:43 -0500] "GET /BLA/resoluciones/index.php?dir=AUTOS%202016/ HTTP/1.1" 200 331625
172.22.2.4 - - [05/Nov/2023:14:04:27 -0500] "GET /BLA/boletinlegal/ HTTP/1.1" 200 54105
54.184.159.16 - - [05/Nov/2023:14:06:20 -0500] "GET /BLA/resoluciones/index.php?dir=RESOLUCIONES%202004/RES%202004%20751-800/&order=desc&sort=size HTTP/1.1" 200 12052
50.112.160.3 - - [05/Nov/2023:14:06:21 -0500] "GET /BLA/resoluciones/index.php?dir=RESOLUCIONES%202004/RES%202004%20751-800/&order=asc&sort=name HTTP/1.1" 200 12053
50.112.160.3 - - [05/Nov/2023:14:06:28 -0500] "GET /BLA/resoluciones/index.php?dir=&order=asc&sort=size HTTP/1.1" 200 13696
54.184.159.16 - - [05/Nov/2023:14:06:47 -0500] "GET /BLA/resoluciones/index.php?dir=AUTOS%202006/AUTOS%202006%202301%20-%202400/&order=asc&sort=name HTTP/1.1" 200 22197
54.184.159.16 - - [05/Nov/2023:14:06:48 -0500] "GET /BLA/resoluciones/index.php?dir=AUTOS%202006/AUTOS%202006%202301%20-%202400/&order=desc&sort=size HTTP/1.1" 200 22196
44.231.202.44 - - [05/Nov/2023:14:07:00 -0500] "GET /BLA/resoluciones/index.php?dir=AUTOS%202006/AUTOS%202006%20401-500/&order=asc&sort=name HTTP/1.1" 200 21769
52.167.144.175 - - [05/Nov/2023:14:07:17 -0500] "GET /BLA/resoluciones/AUTOS%202021/5312.pdf HTTP/1.1" 304 -
20.240.13.242 - - [05/Nov/2023:14:07:33 -0500] "GET /Publicaciones/2023EE229404.pdf HTTP/1.1" 404 228
52.167.144.175 - - [05/Nov/2023:14:08:59 -0500] "GET /BLA/resoluciones/RESOLUCIONES%202021/2130.pdf HTTP/1.1" 200 370498
201.245.192.253 - - [05/Nov/2023:14:09:09 -0500] "POST /kwsrmcab/Wsrmcab  HTTP/1.1" 200 42686
44.231.202.44 - - [05/Nov/2023:14:09:22 -0500] "GET /BLA/resoluciones/index.php?dir=AUTOS%202006/AUTOS%202006%202601%20-%202700/&order=asc&sort=date HTTP/1.1" 200 22189
44.231.202.44 - - [05/Nov/2023:14:09:27 -0500] "GET /BLA/resoluciones/index.php HTTP/1.1" 200 13696
54.184.159.16 - - [05/Nov/2023:14:09:26 -0500] "GET /BLA/resoluciones/index.php?dir=RESOLUCIONES%202018/&order=desc&sort=size HTTP/1.1" 200 279937
54.184.159.16 - - [05/Nov/2023:14:09:31 -0500] "GET /BLA/resoluciones/index.php?dir= HTTP/1.1" 200 13696
50.112.160.3 - - [05/Nov/2023:14:09:49 -0500] "GET /BLA/resoluciones/index.php?dir=AUTOS%202006/AUTOS%202006%203301%20-%203418/&order=asc&sort=date HTTP/1.1" 200 25807
44.231.202.44 - - [05/Nov/2023:14:09:52 -0500] "GET /BLA/resoluciones/index.php?dir=AUTOS%202006/AUTOS%202006%203301%20-%203418/&order=asc&sort=name HTTP/1.1" 200 25807
216.245.221.92 - - [05/Nov/2023:14:10:42 -0500] "HEAD / HTTP/1.1" 200 -
50.112.160.3 - - [05/Nov/2023:14:10:44 -0500] "GET /BLA/resoluciones/index.php?dir=RESOLUCIONES%202005/RES%202005%202251-2300/&order=desc&sort=size HTTP/1.1" 200 12352
172.22.2.4 - - [05/Nov/2023:14:09:26 -0500] "HEAD /BLA/boletinlegal/ HTTP/1.1" 200 -
44.231.202.44 - - [05/Nov/2023:14:11:25 -0500] "GET /BLA/resoluciones/index.php?dir=AUTOS%202006/AUTOS%202006%203301%20-%203418/&order=desc&sort=size HTTP/1.1" 200 25806
44.231.202.44 - - [05/Nov/2023:14:11:32 -0500] "GET /BLA/resoluciones/index.php?dir=Notificaciones/RESOLUCIONES%202019/ HTTP/1.1" 200 40760
54.184.159.16 - - [05/Nov/2023:14:11:33 -0500] "GET /BLA/resoluciones/index.php?dir=Notificaciones/RESOLUCIONES%200217/ HTTP/1.1" 200 2268
54.184.159.16 - - [05/Nov/2023:14:11:34 -0500] "GET /BLA/resoluciones/index.php?dir=Notificaciones/REGISTROS%202013/ HTTP/1.1" 200 2053
44.231.202.44 - - [05/Nov/2023:14:11:36 -0500] "GET /BLA/resoluciones/index.php?dir=Notificaciones/RESOLUCIONES%200020/ HTTP/1.1" 200 2077
172.22.2.4 - - [05/Nov/2023:14:10:17 -0500] "GET /BLA/boletinlegal/ HTTP/1.1" 200 61018
192.241.236.85 - - [05/Nov/2023:14:12:11 -0500] "GET /actuator/health HTTP/1.1" 404 1018
54.184.159.16 - - [05/Nov/2023:14:12:22 -0500] "GET /BLA/resoluciones/index.php?dir=RESOLUCIONES%202005/RES%202005%201-50/&order=desc&sort=size HTTP/1.1" 200 12562
44.231.202.44 - - [05/Nov/2023:14:12:24 -0500] "GET /BLA/resoluciones/index.php HTTP/1.1" 200 13696
54.184.159.16 - - [05/Nov/2023:14:12:26 -0500] "GET /BLA/resoluciones/index.php?dir=RESOLUCIONES%202005/RES%202005%201-50/&order=asc&sort=name HTTP/1.1" 200 12563
40.77.167.44 - - [05/Nov/2023:14:12:47 -0500] "GET /BLA/resoluciones/RESOLUCIONES%202021/1137.pdf HTTP/1.1" 200 440705
54.184.159.16 - - [05/Nov/2023:14:13:53 -0500] "GET /BLA/resoluciones/index.php?dir=RESOLUCIONES%202006/RES%202006%202051-2100/&order=desc&sort=date HTTP/1.1" 200 12362
54.184.159.16 - - [05/Nov/2023:14:13:54 -0500] "GET /BLA/resoluciones/index.php?dir=RESOLUCIONES%202005/RES%202005%201-50/RES%202005%201-50/&order=asc&sort=date HTTP/1.1" 200 2511
50.112.160.3 - - [05/Nov/2023:14:13:55 -0500] "GET /BLA/resoluciones/RESOLUCIONES%202005/RES%202005%201-50/RES%202005%201-50/INDEX.DAT HTTP/1.1" 200 2000
44.231.202.44 - - [05/Nov/2023:14:13:56 -0500] "GET /BLA/resoluciones/index.php?dir=RESOLUCIONES%202005/RES%202005%201-50/RES%202005%201-50/&order=asc&sort=size HTTP/1.1" 200 2511
40.77.167.44 - - [05/Nov/2023:14:13:58 -0500] "GET /BLA/resoluciones/RESOLUCIONES%202021/3821.pdf HTTP/1.1" 200 349190
54.184.159.16 - - [05/Nov/2023:14:13:59 -0500] "GET /BLA/resoluciones/index.php?dir=RESOLUCIONES%202005/RES%202005%201-50/RES%202005%201-50/&order=desc&sort=name HTTP/1.1" 200 2510
201.245.192.253 - - [05/Nov/2023:14:14:09 -0500] "POST /kwsrmcab/Wsrmcab  HTTP/1.1" 200 42686
54.184.159.16 - - [05/Nov/2023:14:14:47 -0500] "GET /secretaria-de-ambiente-invita-a-proteger-la-culebra-sabanera.html HTTP/1.1" 200 924
173.252.87.8 - - [05/Nov/2023:14:14:49 -0500] "GET /images/cuerpos%20de%20agua%20en%20humedales-19-10.jpg HTTP/1.1" 200 73528
44.231.202.44 - - [05/Nov/2023:14:15:14 -0500] "GET /BLA/resoluciones/index.php?dir=AUTOS%202006/AUTOS%202006%20501-600/&order=asc&sort=name HTTP/1.1" 200 21780
216.245.221.92 - - [05/Nov/2023:14:15:42 -0500] "HEAD / HTTP/1.1" 200 -
172.22.2.4 - - [05/Nov/2023:14:15:17 -0500] "HEAD /BLA/boletinlegal/ HTTP/1.1" 200 -
201.245.192.253 - - [05/Nov/2023:14:17:10 -0500] "POST /kwsrmcab/Wsrmcab HTTP/1.1" 200 40634
50.112.160.3 - - [05/Nov/2023:14:17:13 -0500] "GET /BLA/resoluciones/index.php?dir=RESOLUCIONES%202004/RES%202004%201451-1500/&order=desc&sort=date HTTP/1.1" 200 12352
50.112.160.3 - - [05/Nov/2023:14:17:15 -0500] "GET /BLA/resoluciones/index.php?dir=RESOLUCIONES%202004/RES%202004%201451-1500/&order=asc&sort=name HTTP/1.1" 200 12353
201.245.192.253 - - [05/Nov/2023:14:17:13 -0500] "POST /kwsrmcab/Wsrmcab HTTP/1.1" 200 40791
172.22.2.4 - - [05/Nov/2023:14:16:08 -0500] "GET /BLA/boletinlegal/ HTTP/1.1" 200 60224
54.184.159.16 - - [05/Nov/2023:14:18:09 -0500] "GET /BLA/resoluciones/index.php?dir=AUTOS%202006/AUTOS%202006%202301%20-%202400/&order=asc&sort=size HTTP/1.1" 200 22197
50.112.160.3 - - [05/Nov/2023:14:18:10 -0500] "GET /BLA/resoluciones/index.php?dir=AUTOS%202006/AUTOS%202006%202301%20-%202400/&order=asc&sort=name HTTP/1.1" 200 22197
186.102.0.246 - - [05/Nov/2023:14:18:41 -0500] "GET /kwssiamovil/sm/ldap/au?x=U2FsdGVkX188BGyRRIRXqkXCXO+YvDI1FF5+cGQyAQC6BKOag6JOFrbnY58W1rz0&y=U2FsdGVkX1/KKNbmjTqFV8TaUIy2YajKu1tEOwXvSFfn8NHgxxRhbJ4a5kgQU9kW HTTP/1.1" 200 30
186.102.0.246 - - [05/Nov/2023:14:18:41 -0500] "GET /kwssiamovil/sm/acme/s?s=U2FsdGVkX18hA5hnGfIQg3POCOlBKewi5sehc30Qp2GxlFfcZOcJuW58Z3gMc5ZZbR8CqXCzo10w8bSdoR0cjSxTWDwVmxK6VlZb55MUlhY=&u=U2FsdGVkX19iYqYH3u2TWagtawGP7D2kZCpVV8XmDN+LcRNbk7CiI+/zGBT0/VYe&y=U2FsdGVkX1/KKNbmjTqFV8TaUIy2YajKu1tEOwXvSFfn8NHgxxRhbJ4a5kgQU9kW HTTP/1.1" 200 97
186.102.0.246 - - [05/Nov/2023:14:18:42 -0500] "GET /kwssiamovil/sm/acme/s?s=U2FsdGVkX19+ULECviLN0KCMfXy2lrLZDbLwZFakyZzDT8LK6Ezus0d5xz2ti3CTrcnipHZw5bJZwYRW/ByF2UB3lW7Zx9X89dsRxZVVjZMpzgL4LdNK0sOYj/qwFWd+p2iwTg+mhTr1ZqMuxR+GcQ8lYU6ZjjOkG5F0ZBXxUjwLlOkubhuwkNeBCsrDh1cpbKbry2rqOPt3NeSyx16phSbxMiWaHJqTtg3tQsezv8JHoSHDkdl1JcaxmsXMek2eMlzWJTcPtTiQlhlQmpGfef0tt2emN0Q3LbHWiXJt66ZTjrQjVUyengHOkkYAgMWaplaghrKs3LZGGd5xLXIUexI8oBFVGeUBrcRWSXlr9E+GwChGL8/vBZauprTHYm+vw10vZCr6+c0aAPYWtxUF/8u/lS+31n/xlFoSipL7yt5PVh5axe2HOKd98skA4ZvDMpK6kN7Vcd69XFVVcXaqFcSyp4YZRhSV103kslm0Kse2CjdQlmTG4ZivgS13nmCe/ipx2JwK+LrZAlOzEtvLf0I3rc81CCrk1rf6DYrll2NDLE2TsHSNNyv/tB7ROSbP0bSm23LPHhcYoHu+nXLOHC07IGUm3ArZEfQXrvIIOnTg1q6ld3QiO77td5n/92oZDjfdMU9uu1ZxTL5QGjTg23R7ZsSottx0+3gGoxUW72Aa+YfjjlY0M7uHUx4xf88M05GsfVHym1Ii6G5I/Wr0CrIjiTGPB8OAxVUFXVP5CPtTZf4HLYuz89RdH3/J11k8CaYqg/moilMvGFtHdXngfkJwKcZJCwHw0+DNp9zNonJuE5hCu/TbzGwyWEoGOOd6C8TtsvSUjgZxEb2ss3BVQyJVYKjVCUqCCqVNQ4nYXuQ0mquV4rxGxcqTY8LH2JCZ3PozXNK7URUknjo8U86J4to9t6PmO73Fk0vquGqKcENPEw/miSm6dqxlpYG+EKoUBDT6RdQ/SvezXHfwpz9dtoPDjQrXA7368t35zb20DZVeaArS4RGGmECUXHmvPYpHyN+DF1WjkpMDf7NtBn2dDgbfF0eyGjKK/AGnM7exJwgj1MWFQ4qusCcLcpBYb7kIYSkG8cLjpyzxiQqWZhLcGszffIWO8IsENulvsLGV3Rs2ctzLaD5RycuRuACd5fZrIudtCmraCKkxwcQNs20IggF73fs7lNetNlfEjDNl4xsIQQB01nzQ3fUEeL2Fm5akJJt3vEy3kzRQFfIHfDiXWVQvn6in3WGLJEVAo80wnvpSRrdiBQPf3P0ZjnQ2A8nlUNMm0djPq/dsak+S32JMVGvpmU3nl6JpPTfM2P7WGXoT+Bj/7vPm9sxgbHSWsxugvyEQWBMGSTodyFoOrGfJyiuxfxyFoa/SYF4w/tLTnLUCWDkLdFYODMYwN9MZKmVZHZhRqSVzI9THJWJws7HjDM8wzyJSlI8dxf2m79shkhw1FXV17+VXzXSm9JnRRz6IDyNwRMJ4MxbGQ0kIWZh7lKhiJtu49S+tWBcRaUvClxrCprxefU00gC5OWueKzcnyxsspb2fabszOzbe1bZJfS06AMCjI5hUwcr9Z+mFJ6APSxn6AMUxJGApt9pj0xMyuSh1H6cwiBrrb5WuxiMsq3p8qy1t2/wMk202M0QmiOLKT9gUmzyquaGz15cGrQRwg1/FL2IcoULdklyG6O13qFhe1IMB1L0Oh2vRvxek8KSq2JnADhzhkXi9+S9+CHgxTj2GEwIR6UFiHXpxnPaonneN239w8Up4o0LFkFZ1B9oRnDn9pozxUNLa9okQAsGK9&u=U2FsdGVkX19iYqYH3u2TWagtawGP7D2kZCpVV8XmDN+LcRNbk7CiI+/zGBT0/VYe&y=U2FsdGVkX1/KKNbmjTqFV8TaUIy2YajKu1tEOwXvSFfn8NHgxxRhbJ4a5kgQU9kW HTTP/1.1" 200 1541
186.102.0.246 - - [05/Nov/2023:14:18:42 -0500] "GET /kwssiamovil/sm/acme/s?s=U2FsdGVkX1+o0Bk+LVNUxeFaxKR11NkfgCA3v89xCI2ckTB5mLzsFCI6K1TpW2mFeoh3/wwF1G2f9ksfzFA5ZZZXnjHug6FUju2AkBIHOwAcSqzhK8ZjIrga09NNwYiw4UoiHBgdZmCn9THS9QmX9GUs7zOgxJGSUWc7W2fhh66K8w90S++nE2LQJ+t2uBXmm19r3JR365VP9cDBwqyBhWQBgwN4Ct44Qj3SFyTo6chVDwzmvoYjSjL3+BZvEtF8wEUCNcJvuorH4O+3Z+J2gNBm1EnHf+BuymadipaWNBWkbwWYIqyIZD9G17BP8U7HWvUCTmHX9TbFEYQo27MpiX0cYFjDR5i2ds9vLNvzKpYmQyoyurp/kOOTm/Ip8dlJoykZAfbekejXyHHCDfgE7ad0Cznlm5vlsAt44tTFLj82TfqpRTCT8o7fFHA3rgDe2sW1bNdszLImEvS2qv9DiKpGANMeEtNSXGHDR4+hCVkDoG8PwSOZvbTj91SKC77/UCrHg+z1PpNImH6u8k0r3VsBKxvNseNtXk3OzAWSx1Ud3QCa2187IJelHviWdNvq/NXT9AfO9bAlsEHJFbnqXvpBV4s7pJjZ3JSNnXOqxetjWKfa5q9TnKptQ44e1dg+jmZlbksFrues3T6YCgKk44WRRCOL3SonEJdLrtHtcWN07RmMaFLjB1ROTz029Vv/WRjifEC2RmpS3qacXapKH2zBVb9ixaVJLh2qzvnIvy1h64Euruzw0un1Nh6m3/DptDbDKF7C5z1h4Mt0/P0hAg==&u=U2FsdGVkX19iYqYH3u2TWagtawGP7D2kZCpVV8XmDN+LcRNbk7CiI+/zGBT0/VYe&y=U2FsdGVkX1/KKNbmjTqFV8TaUIy2YajKu1tEOwXvSFfn8NHgxxRhbJ4a5kgQU9kW HTTP/1.1" 200 208
186.102.0.246 - - [05/Nov/2023:14:18:42 -0500] "GET /kwssiamovil/sm/cjson/pre?f=1&x=U2FsdGVkX188BGyRRIRXqkXCXO+YvDI1FF5+cGQyAQC6BKOag6JOFrbnY58W1rz0 HTTP/1.1" 200 31032
162.55.162.137 - - [05/Nov/2023:14:18:50 -0500] "GET / HTTP/1.1" 200 319
162.55.162.137 - - [05/Nov/2023:14:18:53 -0500] "GET / HTTP/1.1" 200 4720
201.245.192.253 - - [05/Nov/2023:14:19:07 -0500] "POST /kwsrmcab/Wsrmcab  HTTP/1.1" 200 42686
54.184.159.16 - - [05/Nov/2023:14:20:02 -0500] "GET /BLA/resoluciones/index.php?dir=RESOLUCIONES%202005/RES%202005%201301-1350/&order=asc&sort=name HTTP/1.1" 200 12344
50.112.160.3 - - [05/Nov/2023:14:20:15 -0500] "GET /BLA/resoluciones/index.php?dir=AUTOS%202006/AUTOS%202006%20701-800/&order=desc&sort=date HTTP/1.1" 200 21968
201.245.192.253 - - [05/Nov/2023:14:20:24 -0500] "POST /kwsrmcab/Wsrmcab HTTP/1.1" 200 40634
201.245.192.253 - - [05/Nov/2023:14:20:27 -0500] "POST /kwsrmcab/Wsrmcab HTTP/1.1" 200 40791
216.245.221.92 - - [05/Nov/2023:14:20:42 -0500] "HEAD / HTTP/1.1" 200 -
44.231.202.44 - - [05/Nov/2023:14:20:58 -0500] "GET /BLA/resoluciones/index.php?dir=RESOLUCIONES%202005/RES%202005%203001-3050/&order=desc&sort=size HTTP/1.1" 200 12363
50.112.160.3 - - [05/Nov/2023:14:21:46 -0500] "GET /BLA/resoluciones/index.php?dir=RESOLUCIONES%202005/RES%202005%203001-3050/&order=asc&sort=name HTTP/1.1" 200 12364
44.231.202.44 - - [05/Nov/2023:14:22:22 -0500] "GET /BLA/resoluciones/index.php?dir=RESOLUCIONES%202003/RES%202003%201701-1750/&order=asc&sort=name HTTP/1.1" 200 12147
172.22.2.4 - - [05/Nov/2023:14:21:07 -0500] "HEAD /BLA/boletinlegal/ HTTP/1.1" 200 -
44.231.202.44 - - [05/Nov/2023:14:23:10 -0500] "GET /BLA/resoluciones/index.php?dir=RESOLUCIONES%202003/RES%202003%201701-1750/&order=desc&sort=size HTTP/1.1" 200 12146
54.184.159.16 - - [05/Nov/2023:14:23:29 -0500] "GET /BLA/resoluciones/index.php?dir=Notificaciones/REGISTROS%202023/&order=asc&sort=name HTTP/1.1" 200 5001
172.22.2.4 - - [05/Nov/2023:14:21:58 -0500] "GET /BLA/boletinlegal/ HTTP/1.1" 200 60634
50.112.160.3 - - [05/Nov/2023:14:23:49 -0500] "GET /BLA/resoluciones/index.php?dir=Notificaciones/REGISTROS%202023/&order=desc&sort=date HTTP/1.1" 200 5000
201.245.192.253 - - [05/Nov/2023:14:24:06 -0500] "POST /kwsrmcab/Wsrmcab  HTTP/1.1" 200 42686
44.231.202.44 - - [05/Nov/2023:14:24:55 -0500] "GET /BLA/resoluciones/index.php?dir=AUTOS%202006/AUTOS%202006%20501-600/&order=desc&sort=size HTTP/1.1" 200 21779
52.167.144.137 - - [05/Nov/2023:14:25:23 -0500] "GET /BLA/resoluciones/AUTOS%202023/2659.pdf HTTP/1.1" 200 629006
216.245.221.92 - - [05/Nov/2023:14:25:42 -0500] "HEAD / HTTP/1.1" 200 -
186.102.62.199 - - [05/Nov/2023:14:25:52 -0500] "OPTIONS /kwssiamovil/sm/setfile/f? HTTP/1.1" 200 13
186.102.62.199 - - [05/Nov/2023:14:25:52 -0500] "POST /kwssiamovil/sm/setfile/f? HTTP/1.1" 200 381
172.22.2.4 - - [05/Nov/2023:14:26:16 -0500] "GET /BLA/boletinlegal/Circulares/2017/Circular%20No.%20011%20del%2005%20de%20julio%20de%202017.pdf HTTP/1.1" 304 -
186.102.62.199 - - [05/Nov/2023:14:26:19 -0500] "GET /kwssiamovil/sm/acme/a?s=U2FsdGVkX1+DjWqql1YGMnAezlQ/Vtehj4NfB7182z5YF76arMUkjqY/L0Mk8fDrnzK3JiR6Z8sYcmjMI1ajCgaPu1xTDXnN8+xWBoZc39Rvdb9oBnixbt2S5A5YZGd0v2gJhqrU+odrDEIUw2AvJL6waPPOhSCUyGY1lGGPXZlp3fcRAWNVdcb2vbaASxClgO0CUSbxqThKmwYdg53Ud6iqpoqmqD5Tggm5WkZs2B2IoRq5AIH8/lJicfM1wOnltDakruVljmm+9s0yiKpHxg==&u=U2FsdGVkX1+mYGYu1f7C6mJxwXzvreqkiGvxNg1PMt4=&y=U2FsdGVkX1+6Ytml1obdbNX6y8qlh3guviHMm5B4SvUqFTlX5Ss/Ia3pCbF5Xik2 HTTP/1.1" 200 26
186.102.62.199 - - [05/Nov/2023:14:26:19 -0500] "GET /kwssiamovil/sm/acme/a?s=U2FsdGVkX1/OM79NkV8Ccw2Fo4P+pPJmS2+/xx6BbYI3qlqdluYO7geZv6Bs/rMcJ7mHjVXZ35HIp7uD4zaE70AOCVT/TFtuvzMHLMo9rW6oKC8O/lOUXDSN4BnTlwQYFydwFLD+ibM/e0gUfgraAfjWE2Z6nw/G7dgV0APK/eZUTZ9vyQ8y0+UrgQ89gNPnKT8Kldle/wMlV0nZWvCuSlDzPxBxVX4guEw12i8ogxDtZgiYoWVy2EcvtQurQkMKrzVa6rQ76XjICMQNF0RFH0lDpNpLZG0uMmifUiKnFzz6U0VgAH/UwjNIJ0fhX9oa8AKj7b4UYPOegTg7Jz2m8r+D1T90XGUHvkqix/cBPf8FVvCusbMZb5Pjt0LajQ3edQzBtYLBKM6vjnB5kfo4Jv9Wsdau/uD9wdLu8LNiQwRO02qL9Hcskn+onAWyY5msrgbhdDHtFoAv/IK1yeFuBfI5De8ZVk0ABeYyPZAe7vUb7SDVPED4X6sMcGwGTabRq50Y3JbT0Jc0mja78m+z6uz3Ixy06cHWhdGmTNGKBZsqd+05hB7ZXaUq0ZMbRIoRjkFyr6c0ZSUEGMyNiQg2bI+XT3pLR2NXNr9NYtgVV0RLCNKN8GqgtAl8T1Ccqb6oWBezfnISs56fIPMq483auhalFQC7iqVJgkOjVW50nLtzqxLPYrowYfpAd8WQRhaqZfFVXcxpSqR7rQFSP0zLVqxF23A84HvwJtybzZa3IPRydEn/lFELAwka5jTkX48glCbxe/btTFu03ewkZYY1mq2aR8dACwAqJog7AjbQvm28rqYWcTaTBKqPgnRhQom/0i7b1rSyjdIdRb1LhM2PJtQJqLcVb6B+YABiFWZvBd4/c7zX3Xlk9H9DuShJ2O0DBCtsx/0fPNsnylJ0bRkaW3lsZzvF1NcR7SlWOqzDhlmxMtJ6pOxfkvtf5d9ZsCWYXJq9CEQ+Sn5h/J59+cKhEOQMGr10RYKFSIKsTFAbk/j/w1Q5PV462fQcXJa6hFU5yI1SfknYfAbwZHI6u1QoJ86LtSWkORfokSNcReztzq+H+24Riqe02ctqvOvLp+/3sOUtblfR4OGTG3/0vN/OpQsvjmoUXykhN842gO/2m9gy+u4kSVkfZyTxDPis28IAbxYO/7+UI9nS/tDJEzZxkJtY2+jfgZ49gLI3fTHKFrMPD8oUcVXnTQ6QZch0aBTPuBYg8E1bceZ7z1I4oNSRnjTHP+UbmU1BqocHtYH9QIBq+lYr2UXnNCXHgpww5jXnPLhhnQ7EKje9VwiXSI/gFiBmIehzCEck1kcftVcGsIvk/UjDGqu2RFxBsn8UygY/aBbbbaWgcaqXPO+t2R4LO0AGfb+ywPNc3kLYiLb3o95YgwT8hoqq3Pr6cio2agquDGGQ0mPUbexSeV2cITw/r77BpdDqFc6+xA9AkqdmLnfH/rNAznfjGcblhL19WS3uDewpABSLBGN08J7MKMkWmi4izjIx6H/H596OTNgwVvDlbzghX/6ZdAmGLTi0qDWVAXfFc2dxa1TzsXSIWLl8AM8xwBBdQBKvAnEUKV13ReAMPoNP5gEuvoQioSesJXhvBP4IvptX7x+B9aTyZEHMijRn0os0LGlSW2eVi/Jq2n0lur08wTTuWLo4lzH/pehA&u=U2FsdGVkX1+mYGYu1f7C6mJxwXzvreqkiGvxNg1PMt4=&y=U2FsdGVkX1+6Ytml1obdbNX6y8qlh3guviHMm5B4SvUqFTlX5Ss/Ia3pCbF5Xik2 HTTP/1.1" 200 26
186.102.62.199 - - [05/Nov/2023:14:26:20 -0500] "GET /kwssiamovil/sm/acme/a?s=U2FsdGVkX1/uALJEWvhQSoPUr8iWp+T9mUzKaXHxCrGv1Wfem9UUVP9MnyisqpYhob8OJM7XTF2b7X7+przyzdXSaUJaIk43Li7/uBYRhkOYFwvQvKKmKwJEZsGZBGjLRQ9D8tCv7QtIy4bQnx8+MvEFrepDKNWyDPftbOiHrjY=&u=U2FsdGVkX1+mYGYu1f7C6mJxwXzvreqkiGvxNg1PMt4=&y=U2FsdGVkX1+6Ytml1obdbNX6y8qlh3guviHMm5B4SvUqFTlX5Ss/Ia3pCbF5Xik2 HTTP/1.1" 200 26
186.102.62.199 - - [05/Nov/2023:14:26:20 -0500] "GET /kwssiamovil/sm/acme/a?s=U2FsdGVkX19JK84wb/2799vBe6Wr3ZhvoW+/3cNAckikJBgIPT2F0iBgEfqp8cuY0xSz0jObNS/lDp6SZVbqZUYk5qEOcHGO/LqugGJNUwJZNZYfYYlzP72NzQqD+nhgfSC5dfjcc+q/98hkN3iK4ubKp8Tb8dY4Jo46xGc4/rU=&u=U2FsdGVkX1+mYGYu1f7C6mJxwXzvreqkiGvxNg1PMt4=&y=U2FsdGVkX1+6Ytml1obdbNX6y8qlh3guviHMm5B4SvUqFTlX5Ss/Ia3pCbF5Xik2 HTTP/1.1" 200 26
186.102.62.199 - - [05/Nov/2023:14:26:20 -0500] "GET /kwssiamovil/sm/acme/a?s=U2FsdGVkX1+kEWI+RXq9dB0cg1cg5fTEc4/KNDnYpvtyqwQUB6CZX935S9SVDMt8rdBv+qbLiLNW61vlx6oaPDPk9LHV718jlTGsgE70aS6wBCtdILqkMAXmoiCZMZDl+IT6Kw2QI7Lrd5XVfoToZh5tTVQEIlX6yClR5BTfgLY=&u=U2FsdGVkX1+mYGYu1f7C6mJxwXzvreqkiGvxNg1PMt4=&y=U2FsdGVkX1+6Ytml1obdbNX6y8qlh3guviHMm5B4SvUqFTlX5Ss/Ia3pCbF5Xik2 HTTP/1.1" 200 26
186.102.62.199 - - [05/Nov/2023:14:26:21 -0500] "GET /kwssiamovil/sm/acme/a?s=U2FsdGVkX1/6NnUqakEfYUkfB/b0ry7otqnIau49ptqqsDJn573BnM0KgZgjuQEGWoWxEIRutl4seRDFE9GjSXonXaSW9Tx57cWAYql5sqqu3WXrSSJm0k/sVhSbvqFZvkZ6/l9lJBi+v7mWzAf3+nrcy7lPn/9rstIVTJAzGBCAdD6CvIkSC3S/r2HwHPC2jMVYwTBU3G+t0c0m71k8TQ==&u=U2FsdGVkX1+mYGYu1f7C6mJxwXzvreqkiGvxNg1PMt4=&y=U2FsdGVkX1+6Ytml1obdbNX6y8qlh3guviHMm5B4SvUqFTlX5Ss/Ia3pCbF5Xik2 HTTP/1.1" 200 26
186.102.62.199 - - [05/Nov/2023:14:26:21 -0500] "GET /kwssiamovil/sm/acme/a?s=U2FsdGVkX19BxWNxq+/TzJkjOfRtqwfNdyb0PCCvztmBQVL+GsHL6RNnyQcBBxg85xRXb5THQIt+0H/3x9HGhjtjTqUYnOWVvdRRhXipzxsTkwyNBAFcfFO/1lsc9V08dv3zWwhK87Y/Sd1ahlC6Aba81dsCn5qssQxNnzdP3VA6FoXlz4OX/cIRgbEM2fh0/n+dDvHHwJSTsXR69je0ZmHxkmomqQV7fHhAQjDiHKZjSr1cL+itzfAZrcAwnGfBjUM6UnLh0lBaNuZmRjt5s8fBoXA38tnFEuwOqfIW7NcUrAPRL4MwAywJvoawA69zs0owY+K+wFH/gQij92+bTIisd5ONUcNuXEt0QLyDdej2vaQSHB2jKRnewEaWPV1zG4OhNJwP8UpEKYd84cwMBJmVGxn1IbGu9Y+LWuC6B54QF5qMswNsEqTh7KjZbg+P0vTuRxvctI9282lYeR7UEg==&u=U2FsdGVkX1+mYGYu1f7C6mJxwXzvreqkiGvxNg1PMt4=&y=U2FsdGVkX1+6Ytml1obdbNX6y8qlh3guviHMm5B4SvUqFTlX5Ss/Ia3pCbF5Xik2 HTTP/1.1" 200 25
186.102.62.199 - - [05/Nov/2023:14:26:21 -0500] "GET /kwssiamovil/sm/acme/a?s=U2FsdGVkX19BLuZeZ7+cZfG6z32nlQNiQhP/0pVOWBt8GJvG3OEg/TmhyjcAEEyvBzQQ6JrppnWvQMR7EZzBKHe6Abrf+eAlfJEm+b/AtPIzc6mv0H/QZMOXpbcuAJiAXCH8yW09O5LFUSrp+BP6yprlWKS6kWi/HYSpAPExAWtvZACMidCPBV5jgCK1tqBCaZpsLnJ4ILgE4UVK3OGNbZnh0OpJW1GlG/lqLiHWY8RIWsArsu/PknQbyWvWMv1dCwywEbS3U9a+sBifjnKBAO1kXZOdC1WnjPgSMdPv2SjdsuXMaS/o3udmFrWdNXFlggUD0ws5Y+/1uWqfZ9zG1D36GS2gYxOIeI1QZvJUFowRmvfa0mrNqFvnC4apcEAMFQDYFRWlreDA0/rciTSH0Szd0TPwyn4tPwYNS650uqc=&u=U2FsdGVkX1+mYGYu1f7C6mJxwXzvreqkiGvxNg1PMt4=&y=U2FsdGVkX1+6Ytml1obdbNX6y8qlh3guviHMm5B4SvUqFTlX5Ss/Ia3pCbF5Xik2 HTTP/1.1" 200 25
66.249.66.20 - - [05/Nov/2023:14:26:31 -0500] "GET /Publicaciones/2023EE218153.pdf HTTP/1.1" 404 228
54.184.159.16 - - [05/Nov/2023:14:26:45 -0500] "GET /BLA/resoluciones/index.php?dir=Notificaciones/REGISTROS%202023/&order=desc&sort=size HTTP/1.1" 200 5000
201.245.192.253 - - [05/Nov/2023:14:27:09 -0500] "POST /kwsrmcab/Wsrmcab HTTP/1.1" 200 40634
201.245.192.253 - - [05/Nov/2023:14:27:12 -0500] "POST /kwsrmcab/Wsrmcab HTTP/1.1" 200 40791
66.249.66.167 - - [05/Nov/2023:14:28:30 -0500] "GET /robots.txt HTTP/1.1" 404 1035
66.249.66.168 - - [05/Nov/2023:14:28:30 -0500] "GET /portaldeninos/gestion-del-riesgo-incendios-forestales/ HTTP/1.1" 200 86825
66.249.66.38 - - [05/Nov/2023:14:28:32 -0500] "GET /secretaria-de-ambiente-avanza-con-la-implementacion-de-viveros-y-sistemas-de-recoleccion-de-agua-lluvia-en-humedales.html HTTP/1.1" 304 -
172.22.2.4 - - [05/Nov/2023:14:26:57 -0500] "HEAD /BLA/boletinlegal/ HTTP/1.1" 200 -
201.245.192.253 - - [05/Nov/2023:14:29:05 -0500] "POST /kwsrmcab/Wsrmcab  HTTP/1.1" 200 42686
172.22.2.4 - - [05/Nov/2023:14:27:48 -0500] "GET /BLA/boletinlegal/ HTTP/1.1" 200 58294
201.245.192.253 - - [05/Nov/2023:14:30:24 -0500] "POST /kwsrmcab/Wsrmcab HTTP/1.1" 200 40634
201.245.192.253 - - [05/Nov/2023:14:30:27 -0500] "POST /kwsrmcab/Wsrmcab HTTP/1.1" 200 40791
216.245.221.92 - - [05/Nov/2023:14:30:42 -0500] "HEAD / HTTP/1.1" 200 -
44.231.202.44 - - [05/Nov/2023:14:30:44 -0500] "GET /BLA/resoluciones/index.php?dir=AUTOS%202011/ HTTP/1.1" 200 636914
54.184.159.16 - - [05/Nov/2023:14:30:46 -0500] "GET /BLA/resoluciones/index.php?dir=AUTOS%202013/ HTTP/1.1" 200 407754
44.231.202.44 - - [05/Nov/2023:14:30:48 -0500] "GET /BLA/resoluciones/index.php?dir=RESOLUCIONES%202004/ HTTP/1.1" 200 33860
54.184.159.16 - - [05/Nov/2023:14:30:47 -0500] "GET /BLA/resoluciones/index.php?dir=RESOLUCIONES%202014/ HTTP/1.1" 200 334189
54.184.159.16 - - [05/Nov/2023:14:30:49 -0500] "GET /BLA/resoluciones/index.php?dir=AUTOS%202017/ HTTP/1.1" 200 483318
54.184.159.16 - - [05/Nov/2023:14:30:52 -0500] "GET /BLA/resoluciones/index.php?dir=RESOLUCIONES%202017/ HTTP/1.1" 200 286831
54.184.159.16 - - [05/Nov/2023:14:30:59 -0500] "GET /BLA/resoluciones/index.php?dir=RESOLUCIONES%202015/&order=desc&sort=name HTTP/1.1" 200 130561
52.167.144.137 - - [05/Nov/2023:14:31:04 -0500] "GET /BLA/resoluciones/AUTOS%202021/1405.pdf HTTP/1.1" 304 -
50.112.160.3 - - [05/Nov/2023:14:31:32 -0500] "GET /BLA/resoluciones/index.php?dir=AUTOS%202016/ HTTP/1.1" 200 331625
44.231.202.44 - - [05/Nov/2023:14:31:48 -0500] "GET /BLA/resoluciones/index.php?dir=RESOLUCIONES%202015/&order=asc&sort=date HTTP/1.1" 200 130562
172.22.2.4 - - [05/Nov/2023:14:30:37 -0500] "GET /BLA/boletinlegal/ HTTP/1.1" 200 49099
44.231.202.44 - - [05/Nov/2023:14:32:14 -0500] "GET /BLA/resoluciones/index.php?dir=Notificaciones/AUTOS%200022/&order=desc&sort=date HTTP/1.1" 200 2017
54.184.159.16 - - [05/Nov/2023:14:32:24 -0500] "GET /BLA/resoluciones/index.php HTTP/1.1" 200 13696
44.231.202.44 - - [05/Nov/2023:14:32:27 -0500] "GET /BLA/resoluciones/index.php?dir= HTTP/1.1" 200 13696
44.231.202.44 - - [05/Nov/2023:14:32:56 -0500] "GET /BLA/resoluciones/index.php?dir=RESOLUCIONES%202004/RES%202004%201551-1600/&order=asc&sort=name HTTP/1.1" 200 12345
54.184.159.16 - - [05/Nov/2023:14:33:42 -0500] "GET /BLA/resoluciones/index.php?dir=RESOLUCIONES%202004/ HTTP/1.1" 200 33860
50.112.160.3 - - [05/Nov/2023:14:33:49 -0500] "GET /BLA/resoluciones/index.php?dir=RESOLUCIONES%202004/RES%202004%201551-1600/&order=desc&sort=size HTTP/1.1" 200 12344
201.245.192.253 - - [05/Nov/2023:14:34:05 -0500] "POST /kwsrmcab/Wsrmcab  HTTP/1.1" 200 42686
172.22.2.4 - - [05/Nov/2023:14:32:47 -0500] "HEAD /BLA/boletinlegal/ HTTP/1.1" 200 -
44.231.202.44 - - [05/Nov/2023:14:34:44 -0500] "GET /BLA/resoluciones/index.php?dir=RESOLUCIONES%202005/RES%202005%20751-800/&order=desc&sort=size HTTP/1.1" 200 12253
44.231.202.44 - - [05/Nov/2023:14:34:54 -0500] "GET /BLA/resoluciones/index.php?dir=AUTOS%202006/AUTOS%202006%20401-500/&order=desc&sort=date HTTP/1.1" 200 21768
54.184.159.16 - - [05/Nov/2023:14:35:08 -0500] "GET /BLA/resoluciones/index.php?dir=AUTOS%202006/AUTOS%202006%202301%20-%202400/&order=desc&sort=date HTTP/1.1" 200 22196
50.112.160.3 - - [05/Nov/2023:14:35:11 -0500] "GET /BLA/resoluciones/index.php?dir=RESOLUCIONES%201992/ HTTP/1.1" 200 2871
50.112.160.3 - - [05/Nov/2023:14:35:10 -0500] "GET /BLA/resoluciones/index.php?dir=RESOLUCIONES%202013/ HTTP/1.1" 200 238278
54.184.159.16 - - [05/Nov/2023:14:35:12 -0500] "GET /BLA/resoluciones/index.php?dir=RESOLUCIONES%202021/ HTTP/1.1" 200 442881
54.184.159.16 - - [05/Nov/2023:14:35:16 -0500] "GET /BLA/resoluciones/index.php?dir=RESOLUCIONES%202000/ HTTP/1.1" 200 27998
172.22.2.4 - - [05/Nov/2023:14:33:38 -0500] "GET /BLA/boletinlegal/ HTTP/1.1" 200 52827
216.245.221.92 - - [05/Nov/2023:14:35:41 -0500] "HEAD / HTTP/1.1" 200 -
44.231.202.44 - - [05/Nov/2023:14:36:17 -0500] "GET /BLA/resoluciones/index.php?dir=AUTOS%202006/AUTOS%202006%20601-700/&order=desc&sort=size HTTP/1.1" 200 21775
44.231.202.44 - - [05/Nov/2023:14:36:35 -0500] "GET /BLA/resoluciones/index.php?dir=RESOLUCIONES%202004/RES%202004%201201-1250/&order=asc&sort=name HTTP/1.1" 200 12361
54.184.159.16 - - [05/Nov/2023:14:36:39 -0500] "GET /BLA/resoluciones/index.php?dir=RESOLUCIONES%202004/RES%202004%201201-1250/&order=desc&sort=size HTTP/1.1" 200 12360
201.245.192.253 - - [05/Nov/2023:14:37:09 -0500] "POST /kwsrmcab/Wsrmcab HTTP/1.1" 200 40634
201.245.192.253 - - [05/Nov/2023:14:37:12 -0500] "POST /kwsrmcab/Wsrmcab HTTP/1.1" 200 40791
44.231.202.44 - - [05/Nov/2023:14:37:25 -0500] "GET /BLA/resoluciones/index.php?dir=AUTOS%202006/AUTOS%202006%203201%20-%203300/&order=asc&sort=name HTTP/1.1" 200 22209
54.184.159.16 - - [05/Nov/2023:14:37:26 -0500] "GET /BLA/resoluciones/index.php?dir=AUTOS%202006/AUTOS%202006%203201%20-%203300/&order=desc&sort=size HTTP/1.1" 200 22208
44.231.202.44 - - [05/Nov/2023:14:38:31 -0500] "GET /BLA/resoluciones/index.php?dir=RESOLUCIONES%202005/RES%202005%201301-1350/&order=desc&sort=date HTTP/1.1" 200 12343
44.231.202.44 - - [05/Nov/2023:14:38:34 -0500] "GET /BLA/resoluciones/index.php?dir=RESOLUCIONES%202005/RES%202005%201301-1350/&order=asc&sort=name HTTP/1.1" 200 12344
52.167.144.236 - - [05/Nov/2023:14:38:59 -0500] "GET /BLA/resoluciones/AUTOS%202023/5230.pdf HTTP/1.1" 200 828503
201.245.192.253 - - [05/Nov/2023:14:39:03 -0500] "POST /kwsrmcab/Wsrmcab  HTTP/1.1" 200 42686
185.36.81.33 - - [05/Nov/2023:14:40:12 -0500] "GET / HTTP/1.1" 200 319
172.22.2.4 - - [05/Nov/2023:14:38:37 -0500] "HEAD /BLA/boletinlegal/ HTTP/1.1" 200 -
191.156.60.84 - - [05/Nov/2023:14:40:20 -0500] "GET /kwssiamovil/sm/ldap/au?x=U2FsdGVkX1/tcXnxeWTGPBD6vF46QrgW1m8DQw2PbLOKS1jTEoocIzjCHSHzVL7I&y=U2FsdGVkX19xcVj3YsgijdhW4gnttW9yY8DK642xgn7tQRUKEGKEEOs9+lQPMjg7 HTTP/1.1" 200 30
191.156.60.84 - - [05/Nov/2023:14:40:20 -0500] "GET /kwssiamovil/sm/acme/s?s=U2FsdGVkX1+6p+PrD+PbSJhF9kDl1tCo/58YM1ijvd9rnyLP9Rj+w6OYHa6WQ4d4rgc4O5BdYr5mfDBYqzDTy9L1MI/ySVuliFFq9MPn128=&u=U2FsdGVkX19vFjodv/VcIQmB5eR6qMuCUMiAwoAop08=&y=U2FsdGVkX19xcVj3YsgijdhW4gnttW9yY8DK642xgn7tQRUKEGKEEOs9+lQPMjg7 HTTP/1.1" 200 97
191.156.60.84 - - [05/Nov/2023:14:40:20 -0500] "GET /kwssiamovil/sm/acme/s?s=U2FsdGVkX184tVc8Umo0VyvAQQ8Tm6zargW8nZqgjx7QTF0Zvo5nKFQ+DJbY9/FzbJXcPN9we7umQ4C66LFRS3BCNE8jYfQg5WRedv2zPNOTjko0YdTnC4TAaIGlpzcSRjBm3sh44kpdkthIr1UGZM7hCAZgRUqzhx2Z3clncrrq/HXmBq+g9pb3CxRZxyXRdzRS32TAa25aG29hvbheTU4/Cjco7A/fX1+EaMZ4d+Eo3PiJxyQS9iMsJ7N6pVxQyKQ64yBWyqnawlupLehEZTc8Ey8ZSkin53rl0ycVxBEW70EaGqfHO8SP+G1uYMPlJjtVkbxcmIy/Mj9f4DxD7Qk6GQd6tzOkrMWQjTEQBjWrF76/h4DKpEOo/BVEuqX5+mnf1sfEr8BANAUH4uc3wqNl/wan+6RCy3cJodCcyY3K1N7A+ZYKnjoWT2qYCTR06Fh7oCJb+za7cuQXNqKKJb2Du2oQCj4qCe7xJsF7VeNGok6QBdsPbNqI0ZDpkAup8YGhN5yn0sr1uayvFSYSi10XC0Zd8emA0edagNeMkm59z550hp4fQ38LiYgwYMBdL6xb2+5bS/SVTKimTmLamL9oWcD06ajhm72amqiQQkeKVvDcGNfWy0GjuTZ+aRUMQ5+BvDbFs0QtV7STP1v2ZtGbfQygOdqlYFMKSvHDE6KoY7fozwemVzXpuduj1/yvX0/tTesIF9YRRmsaQqlgocOuaGJ1+N1X4II/YG2yVQ0SHsNdcWtPHHxd8krXbWqdGs2zsdQ5xD9qTlf00suOvXZpwNEJlbMrlrzriDDV7hzBsXg05mkcZTYiE+Y9UGpZ+d/YLQFMtsN2arQBLtHpOJ6AwRVGQyMmG1mSV2/BOvsQ6s2yglZAJPHF2zT4vpisJw7emS/Vcft9Z0pu2U6bccVc7dOx6r2mWz+mETk2tvlgaTphDpzR8ey0X91Q6RlkvEOK4rhpR/vmHJ0ztIK8bvc3ugicvNiJuOzhSUiCMUoC4rkjkZcdJk3HEnaegA68bw4VNgH8d3t0fGfommEoA/BBfNPkhrkB5DlZLqGhVwdwCvuQU3OoU4FQxoJ62h7w0d/ZKIZRRsDxi+U5fBRHfcr/elz6nmm/vtwQ0KyNn4BnYjyhH6YLdcFi1LWVS+hJtP+b076uwebGEOMpnvpfPqyA1GKO7F/W9eLmpkViPYMQYyddIOtfcq9HWiLYaZDUhFrJ/OVluLVt5BrbS2cP8Jve7BPz5bLL17Hhqdcl3crzZG+Gyv2ju4G3tKc8xATwKn2Sr6YL3eEGAO9ik/bUVV9v1I3qDI7yWU66V/kMkIQ1epxMULRInVGEYYrVVjCo7GaXjBt1xXe7Lej89OTwvuQhFLk4jbSZVlo1pi+kCZvWBq9nLpG51MQxnjclc7OvnC40037wV6HOHHWUK57m0OZivpBDlP3t9uV4UeBfn/OcZLuzIV6CEGa3bG2ORXY3FPeW89sKjDDfNPIESnxw0nB2CBQukVmKnLXdRV37jeSULOk4OlZTnc/8vqo9gQ4DNsQEZZBgxin2q2qaXCj6O9/RFs/AS2RMRnpcgqyNttftzSpa/46vTVxoAu2ezq54adC+BAE/4Rz2WPi9jpSEPaPtjooJ8dINvtRbHkE4nt5jmTcVhPLC8wfUVmy/Z4NXbw3axHq4rbIOzoTbhGUZiyyfqUG7IT12aNypDndXi8lUgX94XQgsQ8ymCB6PN8usuC6xBNRdNB0GonXTKj1TSPdmUB55jgG7XJr3pmYD6gs=&u=U2FsdGVkX19vFjodv/VcIQmB5eR6qMuCUMiAwoAop08=&y=U2FsdGVkX19xcVj3YsgijdhW4gnttW9yY8DK642xgn7tQRUKEGKEEOs9+lQPMjg7 HTTP/1.1" 200 1607
191.156.60.84 - - [05/Nov/2023:14:40:20 -0500] "GET /kwssiamovil/sm/acme/s?s=U2FsdGVkX18o68stlG5+R9UocQCJAmLmrXsGxBITERUGToCVW4CE6LVHVeaKPlraM2WftSbs5RCu3SmlqUwjd8xNheOCpdoYvkz+viUKSCdTvbc1Li2CjNQ6JroLl5nwkeP5Sfv1raVNkcVe31Q6diCYK/8suLpsaYT+jsXYd1NzZLPvstIXW4T3ybhhcGQemysmPn7LnEezEy9r6zJ4tdl7vtCmY9zSu4ZGSwhpFkKtBfdkMJev8+yRhLluJLh0gJlcG2kig75JwjJh3wTmXarvrwzd0H7nF3c/XlOey+ov+APW4/G+IOYHJlJhTZZSgfU4AjiOnIlL4FK2LpFCRfuR7t/1Z74n2UXa92a14VO/2UmVtVTvaR7K5dv0vQ6um4bRhjC9qhSZMQNjbwp/RImJcfaadVNqWPIbZ5bqzNPjCtEZVwab0gT3ObmzNenJgMRGnIlOPQbfVef0knRr8p6A/3bfdLQNTwmeTjQboW3Phw1592Eh4+VGy+ZXgazwrxPcVDJw5WE9My4MjOyaExPdg58yPFCUPeO6rv831KX7y4tVNlSok1Y+KvrxjHNhn8dSejxkgJVs3uWCTbP+TZ36txIc9r8+1n24enRf07YulLpmtJ2zF45srEPFxZIlP2yfRNaHbIG3AdsCoxPKQYhFu5vp5laqCp1AyIsOEY1uvvU4IOyE2oTXhB3d1uzUgyUKeQ6CTwNRWKlsMuNwsYal5WLotnFzhD+4A/lqlNlHllBd24SDv10+c2IFfdh2&u=U2FsdGVkX19vFjodv/VcIQmB5eR6qMuCUMiAwoAop08=&y=U2FsdGVkX19xcVj3YsgijdhW4gnttW9yY8DK642xgn7tQRUKEGKEEOs9+lQPMjg7 HTTP/1.1" 200 208
191.156.60.84 - - [05/Nov/2023:14:40:21 -0500] "GET /kwssiamovil/sm/cjson/pre?f=1&x=U2FsdGVkX1/tcXnxeWTGPBD6vF46QrgW1m8DQw2PbLOKS1jTEoocIzjCHSHzVL7I HTTP/1.1" 200 31032
201.245.192.253 - - [05/Nov/2023:14:40:23 -0500] "POST /kwsrmcab/Wsrmcab HTTP/1.1" 200 40634
201.245.192.253 - - [05/Nov/2023:14:40:27 -0500] "POST /kwsrmcab/Wsrmcab HTTP/1.1" 200 40791
216.245.221.92 - - [05/Nov/2023:14:40:41 -0500] "HEAD / HTTP/1.1" 200 -
44.231.202.44 - - [05/Nov/2023:14:41:06 -0500] "GET /BLA/resoluciones/index.php?dir=RESOLUCIONES%202005/RES%202005%201451-1500/&order=asc&sort=size HTTP/1.1" 200 12368
54.184.159.16 - - [05/Nov/2023:14:41:08 -0500] "GET /BLA/resoluciones/index.php?dir=RESOLUCIONES%202004/RES%202004%2001-%2050/&order=asc&sort=name HTTP/1.1" 200 11966
172.22.2.4 - - [05/Nov/2023:14:39:28 -0500] "GET /BLA/boletinlegal/ HTTP/1.1" 200 59007
54.184.159.16 - - [05/Nov/2023:14:41:09 -0500] "GET /BLA/resoluciones/index.php?dir=RESOLUCIONES%202005/RES%202005%201451-1500/&order=asc&sort=name HTTP/1.1" 200 12368
44.231.202.44 - - [05/Nov/2023:14:41:36 -0500] "GET /BLA/resoluciones/index.php?dir=RESOLUCIONES%202004/RES%202004%201651-1700/&order=desc&sort=date HTTP/1.1" 200 12369
54.184.159.16 - - [05/Nov/2023:14:41:44 -0500] "GET /BLA/resoluciones/index.php?dir=RESOLUCIONES%202005/RES%202005%20151-200/&order=asc&sort=name HTTP/1.1" 200 12230
50.112.160.3 - - [05/Nov/2023:14:41:48 -0500] "GET /BLA/resoluciones/index.php?dir=RESOLUCIONES%202005/RES%202005%20151-200/&order=desc&sort=size HTTP/1.1" 200 12229
44.231.202.44 - - [05/Nov/2023:14:42:09 -0500] "GET /BLA/resoluciones/index.php?dir=AUTOS%202006/AUTOS%202006%20901-1000/&order=desc&sort=size HTTP/1.1" 200 21876
54.184.159.16 - - [05/Nov/2023:14:42:10 -0500] "GET /BLA/resoluciones/index.php?dir=AUTOS%202006/AUTOS%202006%20901-1000/ HTTP/1.1" 200 21877
66.249.66.167 - - [05/Nov/2023:14:42:32 -0500] "GET /portaldeninos/wp-content/plugins/google-analytics-for-wordpress/assets/js/frontend-gtag.min.js?ver=8.5.0 HTTP/1.1" 200 11801
66.249.66.167 - - [05/Nov/2023:14:42:33 -0500] "GET /portaldeninos/wp-content/uploads/useanyfont/uaf.css?ver=1589905315 HTTP/1.1" 200 408
66.249.66.168 - - [05/Nov/2023:14:42:33 -0500] "GET /portaldeninos/wp-content/themes/betheme/css/layout.css?ver=20.9.6 HTTP/1.1" 200 116639
66.249.66.166 - - [05/Nov/2023:14:42:34 -0500] "GET /portaldeninos/wp-content/themes/betheme/css/shortcodes.css?ver=20.9.6 HTTP/1.1" 200 138889
66.249.66.167 - - [05/Nov/2023:14:42:35 -0500] "GET /portaldeninos/wp-content/plugins/gallery-videos/JS/Total-Soft-Gallery-Video-Widget.js?ver=4.9.8 HTTP/1.1" 200 80264
66.249.66.168 - - [05/Nov/2023:14:42:35 -0500] "GET /portaldeninos/wp-includes/js/jquery/ui/tabs.min.js?ver=1.11.4 HTTP/1.1" 200 12110
66.249.66.167 - - [05/Nov/2023:14:42:36 -0500] "GET /portaldeninos/wp-content/themes/betheme/assets/jplayer/css/jplayer.blue.monday.css?ver=20.9.6 HTTP/1.1" 200 9834
66.249.66.166 - - [05/Nov/2023:14:42:36 -0500] "GET /portaldeninos/wp-includes/js/jquery/ui/sortable.min.js?ver=1.11.4 HTTP/1.1" 200 24899
66.249.66.167 - - [05/Nov/2023:14:42:36 -0500] "GET /portaldeninos/wp-content/plugins/gallery-videos/JS/modernizr.custom.js?ver=4.9.8 HTTP/1.1" 200 9019
50.112.160.3 - - [05/Nov/2023:14:43:03 -0500] "GET /BLA/resoluciones/index.php?dir=RESOLUCIONES%202007/RES%202007%203801%20AL%203900/&order=asc&sort=size HTTP/1.1" 200 26637
50.112.160.3 - - [05/Nov/2023:14:43:04 -0500] "GET /BLA/resoluciones/index.php?dir=AUTOS%202006/AUTOS%202006%203301%20-%203418/&order=desc&sort=date HTTP/1.1" 200 25806
50.112.160.3 - - [05/Nov/2023:14:43:37 -0500] "GET /BLA/resoluciones/index.php?dir=RESOLUCIONES%202005/RES%202005%201451-1500/&order=desc&sort=size HTTP/1.1" 200 12367
50.112.160.3 - - [05/Nov/2023:14:44:00 -0500] "GET /BLA/resoluciones/index.php?dir=RESOLUCIONES%202005/RES%202005%201451-1500/&order=desc&sort=date HTTP/1.1" 200 12367
201.245.192.253 - - [05/Nov/2023:14:44:02 -0500] "POST /kwsrmcab/Wsrmcab  HTTP/1.1" 200 42686
52.167.144.236 - - [05/Nov/2023:14:44:47 -0500] "GET /BLA/resoluciones/RESOLUCIONES%202021/1587.pdf HTTP/1.1" 200 435128
44.231.202.44 - - [05/Nov/2023:14:45:19 -0500] "GET /BLA/resoluciones/index.php?dir=RESOLUCIONES%202004/RES%202004%20551-600/&order=desc&sort=name HTTP/1.1" 200 12046
216.245.221.92 - - [05/Nov/2023:14:45:41 -0500] "HEAD / HTTP/1.1" 200 -
172.22.2.4 - - [05/Nov/2023:14:45:57 -0500] "GET /BLA/boletinlegal/jurisprudencia/analisis/AnalisisT-095-16.docx HTTP/1.1" 200 20284
172.22.2.4 - - [05/Nov/2023:14:44:27 -0500] "HEAD /BLA/boletinlegal/ HTTP/1.1" 200 -
54.184.159.16 - - [05/Nov/2023:14:46:26 -0500] "GET /BLA/resoluciones/index.php?dir=AUTOS%202006/AUTOS%202006%20601-700/&order=desc&sort=date HTTP/1.1" 200 21775
50.112.160.3 - - [05/Nov/2023:14:46:37 -0500] "GET /BLA/resoluciones/index.php?dir=AUTOS%202006/ HTTP/1.1" 200 9681
50.112.160.3 - - [05/Nov/2023:14:46:42 -0500] "GET /BLA/resoluciones/index.php?dir=RESOLUCIONES%202002/RES%202002%201601-1650/&order=asc&sort=date HTTP/1.1" 200 12158
172.22.2.4 - - [05/Nov/2023:14:45:18 -0500] "GET /BLA/boletinlegal/ HTTP/1.1" 200 60634
54.184.159.16 - - [05/Nov/2023:14:47:10 -0500] "GET /BLA/resoluciones/index.php?dir=AUTOS%202006/AUTOS%202006%20601-700/ HTTP/1.1" 200 21776
54.184.159.16 - - [05/Nov/2023:14:47:16 -0500] "GET /BLA/resoluciones/index.php?dir=AUTOS%202006/AUTOS%202006%20401-500/ HTTP/1.1" 200 21769
44.231.202.44 - - [05/Nov/2023:14:47:16 -0500] "GET /BLA/resoluciones/index.php?dir=AUTOS%202006/AUTOS%202006%20401-500/&order=desc&sort=size HTTP/1.1" 200 21768
50.112.160.3 - - [05/Nov/2023:14:47:34 -0500] "GET /BLA/resoluciones/index.php?dir=RESOLUCIONES%202004/RES%202004%202351-2401/&order=desc&sort=date HTTP/1.1" 200 12571
50.112.160.3 - - [05/Nov/2023:14:47:35 -0500] "GET /BLA/resoluciones/index.php?dir=RESOLUCIONES%202004/RES%202004%202351-2401/&order=asc&sort=name HTTP/1.1" 200 12572
172.22.2.4 - - [05/Nov/2023:14:47:59 -0500] "GET /BLA/boletinlegal/actos.php HTTP/1.1" 200 9682
186.102.9.126 - - [05/Nov/2023:14:48:33 -0500] "GET /BLA/resoluciones/index.php HTTP/1.1" 200 13696
186.102.9.126 - - [05/Nov/2023:14:48:42 -0500] "GET /BLA/resoluciones/index.php?dir=AUTOS+2019%2F HTTP/1.1" 200 390105
50.112.160.3 - - [05/Nov/2023:14:48:55 -0500] "GET /BLA/resoluciones/index.php?dir=RESOLUCIONES%202007/RES%202007%204201%20AL%204300/&order=desc&sort=size HTTP/1.1" 200 26606
44.231.202.44 - - [05/Nov/2023:14:48:59 -0500] "GET /BLA/resoluciones/index.php?dir=RESOLUCIONES%202007/RES%202007%204201%20AL%204300/&order=asc&sort=name HTTP/1.1" 200 26607
54.184.159.16 - - [05/Nov/2023:14:49:02 -0500] "GET /BLA/resoluciones/index.php?dir=AUTOS%202006/AUTOS%202006%202501%20-%202600/&order=desc&sort=date HTTP/1.1" 200 22208
201.245.192.253 - - [05/Nov/2023:14:49:02 -0500] "POST /kwsrmcab/Wsrmcab  HTTP/1.1" 200 42686
50.112.160.3 - - [05/Nov/2023:14:49:40 -0500] "GET /BLA/resoluciones/index.php HTTP/1.1" 200 13696
44.231.202.44 - - [05/Nov/2023:14:50:00 -0500] "GET /BLA/resoluciones/index.php?dir=RESOLUCIONES%202005/RES%202005%201301-1350/&order=desc&sort=size HTTP/1.1" 200 12343
216.245.221.92 - - [05/Nov/2023:14:50:41 -0500] "HEAD / HTTP/1.1" 200 -
54.184.159.16 - - [05/Nov/2023:14:51:21 -0500] "GET /BLA/resoluciones/index.php?dir=RESOLUCIONES%202004/ HTTP/1.1" 200 33860
44.231.202.44 - - [05/Nov/2023:14:51:23 -0500] "GET /BLA/resoluciones/index.php?dir=RESOLUCIONES%202004/RES%202004%20601-650/&order=asc&sort=name HTTP/1.1" 200 12060
44.231.202.44 - - [05/Nov/2023:14:51:29 -0500] "GET /BLA/resoluciones/index.php?dir=RESOLUCIONES%202004/RES%202004%20601-650/&order=desc&sort=size HTTP/1.1" 200 12059
172.22.2.4 - - [05/Nov/2023:14:50:17 -0500] "HEAD /BLA/boletinlegal/ HTTP/1.1" 200 -
172.22.2.4 - - [05/Nov/2023:14:51:08 -0500] "GET /BLA/boletinlegal/ HTTP/1.1" 200 58644
69.171.231.118 - - [05/Nov/2023:14:52:55 -0500] "GET /secretaria-de-ambiente-libero-12-animales-silvestres-en-parque-entrenubes-en-los-ultimos-tres-anos-ya-han-retornado-a-la-libertad-12-800.html HTTP/1.1" 200 914
54.184.159.16 - - [05/Nov/2023:14:52:58 -0500] "GET /BLA/resoluciones/index.php?dir=RESOLUCIONES%202007/RES%202007%201401%20AL%201500/&order=asc&sort=name HTTP/1.1" 200 26854
201.245.192.253 - - [05/Nov/2023:14:53:59 -0500] "POST /kwsrmcab/Wsrmcab  HTTP/1.1" 200 42686
123.126.50.13 - - [05/Nov/2023:14:54:16 -0500] "GET / HTTP/1.1" 200 319
172.22.2.4 - - [05/Nov/2023:14:53:36 -0500] "GET /BLA/boletinlegal/ HTTP/1.1" 200 49099
44.231.202.44 - - [05/Nov/2023:14:54:59 -0500] "GET /BLA/resoluciones/index.php?dir=AUTOS%202006/ HTTP/1.1" 200 9681
44.231.202.44 - - [05/Nov/2023:14:55:38 -0500] "GET /BLA/resoluciones/index.php?dir=RESOLUCIONES%202004/RES%202004%201601-1650/&order=asc&sort=name HTTP/1.1" 200 12359
44.231.202.44 - - [05/Nov/2023:14:55:40 -0500] "GET /BLA/resoluciones/index.php HTTP/1.1" 200 13696
216.245.221.92 - - [05/Nov/2023:14:55:41 -0500] "HEAD / HTTP/1.1" 200 -
40.77.167.75 - - [05/Nov/2023:14:57:10 -0500] "GET /BLA/resoluciones/AUTOS%202007/2377.pdf HTTP/1.1" 200 78966
172.22.2.4 - - [05/Nov/2023:14:56:07 -0500] "HEAD /BLA/boletinlegal/ HTTP/1.1" 200 -
44.231.202.44 - - [05/Nov/2023:14:57:59 -0500] "GET /BLA/resoluciones/index.php?dir=RESOLUCIONES%202005/RES%202005%202751-2800/ HTTP/1.1" 200 12345
172.22.2.4 - - [05/Nov/2023:14:56:58 -0500] "GET /BLA/boletinlegal/ HTTP/1.1" 200 52827
201.245.192.253 - - [05/Nov/2023:14:58:59 -0500] "POST /kwsrmcab/Wsrmcab  HTTP/1.1" 200 42686
50.112.160.3 - - [05/Nov/2023:14:59:56 -0500] "GET /BLA/resoluciones/index.php?dir=RESOLUCIONES%202004/RES%202004%202251-2300/&order=asc&sort=name HTTP/1.1" 200 12363
50.112.160.3 - - [05/Nov/2023:15:00:03 -0500] "GET /BLA/resoluciones/index.php?dir=RESOLUCIONES%202005/RES%202005%201-50/&order=desc&sort=date HTTP/1.1" 200 12562
40.77.167.78 - - [05/Nov/2023:15:00:41 -0500] "GET /BLA/resoluciones/AUTOS%202007/0487.pdf HTTP/1.1" 200 32815
216.245.221.92 - - [05/Nov/2023:15:00:41 -0500] "HEAD / HTTP/1.1" 200 -
50.112.160.3 - - [05/Nov/2023:15:00:41 -0500] "GET /BLA/resoluciones/index.php?dir=RESOLUCIONES%202004/RES%202004%202251-2300/&order=desc&sort=date HTTP/1.1" 200 12362
192.133.77.17 - - [05/Nov/2023:15:00:43 -0500] "GET /dos-grandes-caminatas-para-noviembre-con-la-secretaria-de-ambiente.html HTTP/1.1" 200 881
138.201.157.89 - - [05/Nov/2023:15:00:45 -0500] "GET / HTTP/1.1" 200 319
138.201.157.89 - - [05/Nov/2023:15:00:46 -0500] "GET / HTTP/1.1" 200 4720
168.119.76.238 - - [05/Nov/2023:15:00:55 -0500] "GET /robots.txt HTTP/1.1" 404 1034
168.119.76.238 - - [05/Nov/2023:15:00:55 -0500] "GET /dos-grandes-caminatas-para-noviembre-con-la-secretaria-de-ambiente.html HTTP/1.1" 200 881
50.112.160.3 - - [05/Nov/2023:15:01:13 -0500] "GET /BLA/resoluciones/index.php?dir=RESOLUCIONES%202003/RES%202003%202001-2051/&order=asc&sort=name HTTP/1.1" 200 12159
50.112.160.3 - - [05/Nov/2023:15:01:16 -0500] "GET /BLA/resoluciones/index.php?dir=RESOLUCIONES%202003/RES%202003%202001-2051/&order=desc&sort=size HTTP/1.1" 200 12158
54.184.159.16 - - [05/Nov/2023:15:02:02 -0500] "GET /BLA/resoluciones/index.php?dir=RESOLUCIONES%202006/RES%202006%201401-1450/ HTTP/1.1" 200 12367
54.184.159.16 - - [05/Nov/2023:15:02:06 -0500] "GET /BLA/resoluciones/index.php?dir=RESOLUCIONES%202006/RES%202006%201051-1100/ HTTP/1.1" 200 12369
44.231.202.44 - - [05/Nov/2023:15:02:10 -0500] "GET /BLA/resoluciones/index.php?dir=RESOLUCIONES%202004/RES%202004%201701-1750/&order=asc&sort=name HTTP/1.1" 200 12358
207.46.13.36 - - [05/Nov/2023:15:02:18 -0500] "GET /BLA/resoluciones/index.php?dir=RESOLUCIONES+2007%2FRES+2007+401+AL+500%2F HTTP/1.1" 200 26642
54.184.159.16 - - [05/Nov/2023:15:03:30 -0500] "GET /BLA/resoluciones/index.php?dir=AUTOS%202006/AUTOS%202006%202201%20-%202300/&order=asc&sort=name HTTP/1.1" 200 22194
172.22.2.4 - - [05/Nov/2023:15:01:57 -0500] "HEAD /BLA/boletinlegal/ HTTP/1.1" 200 -
50.112.160.3 - - [05/Nov/2023:15:03:53 -0500] "GET /BLA/resoluciones/index.php HTTP/1.1" 200 13696
50.112.160.3 - - [05/Nov/2023:15:03:54 -0500] "GET /BLA/resoluciones/index.php?dir=RESOLUCIONES%202004/RES%202004%202351-2401/&order=desc&sort=size HTTP/1.1" 200 12571
201.245.192.253 - - [05/Nov/2023:15:03:57 -0500] "POST /kwsrmcab/Wsrmcab  HTTP/1.1" 200 42686
40.77.167.78 - - [05/Nov/2023:15:04:11 -0500] "GET /Publicaciones/2023EE216781.pdf HTTP/1.1" 404 228
40.77.167.71 - - [05/Nov/2023:15:04:15 -0500] "GET /bla/resoluciones/autos%202010/0379.pdf HTTP/1.1" 200 179737
172.22.2.4 - - [05/Nov/2023:15:02:48 -0500] "GET /BLA/boletinlegal/ HTTP/1.1" 200 60634
44.231.202.44 - - [05/Nov/2023:15:04:47 -0500] "GET /BLA/resoluciones/index.php?dir=AUTOS%202006/AUTOS%202006%201801-%201900/&order=asc&sort=name HTTP/1.1" 200 22159
54.184.159.16 - - [05/Nov/2023:15:04:50 -0500] "GET /BLA/resoluciones/index.php?dir=AUTOS%202006/AUTOS%202006%201801-%201900/&order=desc&sort=size HTTP/1.1" 200 22158
44.231.202.44 - - [05/Nov/2023:15:05:03 -0500] "GET /BLA/resoluciones/index.php?dir=RESOLUCIONES%202004/RES%202004%20951-1000/&order=asc&sort=name HTTP/1.1" 200 12101
44.231.202.44 - - [05/Nov/2023:15:05:05 -0500] "GET /BLA/resoluciones/index.php?dir=RESOLUCIONES%202004/RES%202004%20951-1000/&order=desc&sort=size HTTP/1.1" 200 12100
44.231.202.44 - - [05/Nov/2023:15:05:08 -0500] "GET /BLA/resoluciones/index.php?dir=RESOLUCIONES%202003/RES%202003%201701-1750/&order=desc&sort=date HTTP/1.1" 200 12146
50.112.160.3 - - [05/Nov/2023:15:05:16 -0500] "GET /BLA/resoluciones/index.php?dir=RESOLUCIONES%202004/RES%202004%201451-1500/&order=asc&sort=date HTTP/1.1" 200 12353
54.184.159.16 - - [05/Nov/2023:15:05:23 -0500] "GET /BLA/resoluciones/index.php?dir=RESOLUCIONES%202004/RES%202004%20201-250/&order=asc&sort=name HTTP/1.1" 200 12050
216.245.221.92 - - [05/Nov/2023:15:05:41 -0500] "HEAD / HTTP/1.1" 200 -
44.231.202.44 - - [05/Nov/2023:15:05:55 -0500] "GET /BLA/resoluciones/index.php?dir=RESOLUCIONES%202003/RES%202003%201701-1750/&order=asc&sort=name HTTP/1.1" 200 12147
44.231.202.44 - - [05/Nov/2023:15:06:24 -0500] "GET /BLA/resoluciones/index.php?dir=RESOLUCIONES%202003/RES%202003%202001-2051/&order=desc&sort=date HTTP/1.1" 200 12158
66.249.66.20 - - [05/Nov/2023:15:06:31 -0500] "GET /Publicaciones/2023EE222755.pdf HTTP/1.1" 404 228
40.77.167.78 - - [05/Nov/2023:15:06:51 -0500] "GET /BLA/resoluciones/RESOLUCIONES%202021/3163.pdf HTTP/1.1" 200 348811
50.112.160.3 - - [05/Nov/2023:15:07:03 -0500] "GET /BLA/resoluciones/index.php?dir=AUTOS%202006/AUTOS%202006%202701%20-%202800/&order=asc&sort=name HTTP/1.1" 200 22410
181.237.166.148 - - [05/Nov/2023:15:07:17 -0500] "GET /appsia/controlador HTTP/1.1" 200 4799
181.237.166.148 - - [05/Nov/2023:15:07:17 -0500] "GET /appsia/css/estilos.css HTTP/1.1" 200 4804
181.237.166.148 - - [05/Nov/2023:15:07:17 -0500] "GET /appsia/scripts/validarIngreso.js HTTP/1.1" 200 851
181.237.166.148 - - [05/Nov/2023:15:07:17 -0500] "GET /appsia/images/logo_bogota_p.png HTTP/1.1" 200 14951
181.237.166.148 - - [05/Nov/2023:15:07:17 -0500] "GET /appsia/images/cabezoteHojaVida.png HTTP/1.1" 200 32493
181.237.166.148 - - [05/Nov/2023:15:07:17 -0500] "GET /favicon.ico HTTP/1.1" 200 7782
181.237.166.148 - - [05/Nov/2023:15:07:23 -0500] "POST /appsia/controlador HTTP/1.1" 200 5437
181.237.166.148 - - [05/Nov/2023:15:07:25 -0500] "POST /appsia/controlador HTTP/1.1" 200 7777
181.237.166.148 - - [05/Nov/2023:15:07:32 -0500] "POST /appsia/controlador HTTP/1.1" 200 6642
44.231.202.44 - - [05/Nov/2023:15:07:34 -0500] "GET /BLA/resoluciones/index.php?dir=RESOLUCIONES%202004/RES%202004%201551-1600/&order=desc&sort=date HTTP/1.1" 200 12344
181.237.166.148 - - [05/Nov/2023:15:07:35 -0500] "POST /appsia/controlador HTTP/1.1" 200 10580
181.237.166.148 - - [05/Nov/2023:15:07:38 -0500] "POST /appsia/controlador HTTP/1.1" 200 75850
50.112.160.3 - - [05/Nov/2023:15:07:44 -0500] "GET /BLA/resoluciones/index.php?dir=AUTOS%202006/AUTOS%202006%20801-900/&order=desc&sort=date HTTP/1.1" 200 21774
181.237.166.148 - - [05/Nov/2023:15:07:53 -0500] "POST /appsia/controlador HTTP/1.1" 200 7777
181.237.166.148 - - [05/Nov/2023:15:07:58 -0500] "POST /appsia/controlador HTTP/1.1" 200 6642
181.237.166.148 - - [05/Nov/2023:15:08:00 -0500] "POST /appsia/controlador HTTP/1.1" 200 10580
181.237.166.148 - - [05/Nov/2023:15:08:01 -0500] "POST /appsia/controlador HTTP/1.1" 200 75851
181.237.166.148 - - [05/Nov/2023:15:08:18 -0500] "POST /appsia/controlador HTTP/1.1" 200 7777
181.237.166.148 - - [05/Nov/2023:15:08:23 -0500] "POST /appsia/controlador HTTP/1.1" 200 6642
181.237.166.148 - - [05/Nov/2023:15:08:25 -0500] "POST /appsia/controlador HTTP/1.1" 200 10926
181.237.166.148 - - [05/Nov/2023:15:08:28 -0500] "POST /appsia/controlador HTTP/1.1" 200 75907
201.245.192.253 - - [05/Nov/2023:15:08:56 -0500] "POST /kwsrmcab/Wsrmcab  HTTP/1.1" 200 42686
40.77.167.78 - - [05/Nov/2023:15:09:22 -0500] "GET /BLA/resoluciones/AUTOS%202007/3769.pdf HTTP/1.1" 200 407742
172.22.2.4 - - [05/Nov/2023:15:07:47 -0500] "HEAD /BLA/boletinlegal/ HTTP/1.1" 200 -
186.102.106.38 - - [05/Nov/2023:15:09:41 -0500] "OPTIONS /kwssiamovil/sm/setfile/f? HTTP/1.1" 200 13
186.102.106.38 - - [05/Nov/2023:15:09:41 -0500] "POST /kwssiamovil/sm/setfile/f? HTTP/1.1" 200 381
172.22.2.4 - - [05/Nov/2023:15:09:48 -0500] "GET /BLA/boletinlegal/misc/drupal.js HTTP/1.1" 404 1037
186.102.106.38 - - [05/Nov/2023:15:09:49 -0500] "GET /kwssiamovil/sm/acme/a?s=U2FsdGVkX1+dYDUIDeCJs3YkWwU8+O7HXDs05zKNObwrEiMmrMQpWFgd00JyA27tX+HNPnmPOM0p9IY+uxDRZF/cStUoqdIh9T5XGw+mNHpIdnt6v/BwTlY4Dcmy5AoPovOTYtXnnwLRrEH6+Bh5hsIEMg+QRFPoquP2tNWBAF4Krg0jASD7OOL0lWXil6jUjzo8aLdJu1PocIUtqz7VHn9Z9mCplsHFZM3uRRfwTzV6pfPVGcL50v0MJQu6H6GD6FuXJcpah7+e2sSU55bAWw==&u=U2FsdGVkX19WOLs7n1jk1hNRZ8CQXBbG1VJUx9+6UoqHI6cfGJMMcCVeJ0lyr2a5&y=U2FsdGVkX1+hcNGChvL1tTH/ZPnsLyweBTvU8JZRrSC462V/D2DVqmT0jxnZL6dW HTTP/1.1" 200 26
172.22.2.4 - - [05/Nov/2023:15:09:50 -0500] "GET /BLA/boletinlegal/drupal7/misc/drupal.js HTTP/1.1" 404 1037
