44.230.252.91 - - [07/Nov/2023:04:06:35 -0500] "GET /BLA/resoluciones/index.php?dir=RESOLUCIONES%202005/RES%202005%201151-1200/ HTTP/1.1" 200 12362
100.21.24.205 - - [07/Nov/2023:04:06:35 -0500] "GET /BLA/resoluciones/index.php?dir=RESOLUCIONES%202006/RES%202006%201201-1250/ HTTP/1.1" 200 12346
52.25.208.208 - - [07/Nov/2023:04:06:37 -0500] "GET /BLA/resoluciones/index.php?dir=RESOLUCIONES%202005/RES%202005%202701%20-2750/ HTTP/1.1" 200 12404
100.21.24.205 - - [07/Nov/2023:04:06:38 -0500] "GET /BLA/resoluciones/index.php?dir=RESOLUCIONES%202005/RES%202005%202751-2800/ HTTP/1.1" 200 12345
100.21.24.205 - - [07/Nov/2023:04:06:40 -0500] "GET /BLA/resoluciones/index.php?dir=RESOLUCIONES%202004/RES%202004%20801-850/ HTTP/1.1" 200 12048
44.230.252.91 - - [07/Nov/2023:04:06:40 -0500] "GET /BLA/resoluciones/index.php?dir=RESOLUCIONES%202005/RES%202005%202001-2050/ HTTP/1.1" 200 12358
52.25.208.208 - - [07/Nov/2023:04:06:41 -0500] "GET /BLA/resoluciones/index.php?dir=RESOLUCIONES%202005/RES%202005%201351-1400/ HTTP/1.1" 200 12356
100.21.24.205 - - [07/Nov/2023:04:06:45 -0500] "GET /BLA/resoluciones/index.php?dir=RESOLUCIONES%202004/&order=desc&sort=name HTTP/1.1" 200 33859
44.230.252.91 - - [07/Nov/2023:04:06:47 -0500] "GET /BLA/resoluciones/index.php?dir=RESOLUCIONES%202005/RES%202005%201251-1300/ HTTP/1.1" 200 12362
44.230.252.91 - - [07/Nov/2023:04:06:48 -0500] "GET /BLA/resoluciones/index.php?dir=RESOLUCIONES%202005/RES%202005%20%201651-1700/ HTTP/1.1" 200 12423
52.25.208.208 - - [07/Nov/2023:04:06:48 -0500] "GET /BLA/resoluciones/index.php?dir=RESOLUCIONES%202005/RES%202005%202151-2200/ HTTP/1.1" 200 12146
52.25.208.208 - - [07/Nov/2023:04:06:48 -0500] "GET /BLA/resoluciones/index.php?dir=RESOLUCIONES%202005/RES%202005%201801-1850/ HTTP/1.1" 200 12362
44.230.252.91 - - [07/Nov/2023:04:06:51 -0500] "GET /BLA/resoluciones/index.php?dir=RESOLUCIONES%202005/RES%202005%202251-2300/ HTTP/1.1" 200 12353
52.25.208.208 - - [07/Nov/2023:04:06:51 -0500] "GET /BLA/resoluciones/index.php?dir=RESOLUCIONES%202005/RES%202005%201751-1800/ HTTP/1.1" 200 12368
52.25.208.208 - - [07/Nov/2023:04:06:52 -0500] "GET /BLA/resoluciones/index.php?dir=RESOLUCIONES%202006/RES%202006%202001-2050/ HTTP/1.1" 200 12363
52.25.208.208 - - [07/Nov/2023:04:06:53 -0500] "GET /BLA/resoluciones/index.php?dir=RESOLUCIONES%202005/RES%202005%201851-1900/ HTTP/1.1" 200 12356
44.230.252.91 - - [07/Nov/2023:04:06:53 -0500] "GET /BLA/resoluciones/index.php?dir=RESOLUCIONES%202006/RES%202006%201401-1450/ HTTP/1.1" 200 12367
44.230.252.91 - - [07/Nov/2023:04:06:54 -0500] "GET /BLA/resoluciones/index.php?dir=RESOLUCIONES%202005/RES%202005%201051-1100/ HTTP/1.1" 200 3976
52.25.208.208 - - [07/Nov/2023:04:06:54 -0500] "GET /BLA/resoluciones/index.php?dir=RESOLUCIONES%202005/RES%202005%201451-1500/ HTTP/1.1" 200 12368
52.25.208.208 - - [07/Nov/2023:04:06:54 -0500] "GET /BLA/resoluciones/index.php?dir=RESOLUCIONES%202005/RES%202005%202351-2400/ HTTP/1.1" 200 12366
44.230.252.91 - - [07/Nov/2023:04:06:55 -0500] "GET /BLA/resoluciones/index.php?dir=RESOLUCIONES%202005/RES%202005%203151-3180/ HTTP/1.1" 200 8263
100.21.24.205 - - [07/Nov/2023:04:06:55 -0500] "GET /BLA/resoluciones/index.php?dir=RESOLUCIONES%202005/RES%202005%20351-400/ HTTP/1.1" 200 12243
52.25.208.208 - - [07/Nov/2023:04:06:56 -0500] "GET /BLA/resoluciones/index.php?dir=RESOLUCIONES%202005/RES%202005%202051-2100/ HTTP/1.1" 200 12352
44.230.252.91 - - [07/Nov/2023:04:06:57 -0500] "GET /BLA/resoluciones/index.php?dir=RESOLUCIONES%202005/RES%202005%202101-2150/ HTTP/1.1" 200 12346
44.230.252.91 - - [07/Nov/2023:04:06:57 -0500] "GET /BLA/resoluciones/index.php?dir=RESOLUCIONES%202005/RES%202005%201501-1550/ HTTP/1.1" 200 12365
52.25.208.208 - - [07/Nov/2023:04:06:59 -0500] "GET /BLA/resoluciones/index.php?dir=RESOLUCIONES%202005/RES%202005%201901-1950/ HTTP/1.1" 200 12364
100.21.24.205 - - [07/Nov/2023:04:07:00 -0500] "GET /BLA/resoluciones/index.php?dir=RESOLUCIONES%202005/RES%202005%202551-2600/ HTTP/1.1" 200 12367
44.230.252.91 - - [07/Nov/2023:04:07:00 -0500] "GET /BLA/resoluciones/index.php?dir=RESOLUCIONES%202005/RES%202005%202501-2550/ HTTP/1.1" 200 12365
100.21.24.205 - - [07/Nov/2023:04:07:02 -0500] "GET /BLA/resoluciones/index.php?dir=RESOLUCIONES%202005/RES%202005%202401-2450/ HTTP/1.1" 200 12361
52.25.208.208 - - [07/Nov/2023:04:07:02 -0500] "GET /BLA/resoluciones/index.php?dir=RESOLUCIONES%202005/RES%202005%202901-2950/ HTTP/1.1" 200 12331
100.21.24.205 - - [07/Nov/2023:04:07:03 -0500] "GET /BLA/resoluciones/index.php?dir=RESOLUCIONES%202005/RES%202005%203001-3050/ HTTP/1.1" 200 12364
52.25.208.208 - - [07/Nov/2023:04:07:05 -0500] "GET /BLA/resoluciones/index.php?dir=RESOLUCIONES%202006/RES%202006%20%202801-2850/ HTTP/1.1" 200 12415
52.25.208.208 - - [07/Nov/2023:04:07:06 -0500] "GET /BLA/resoluciones/index.php?dir=RESOLUCIONES%202005/RES%202005%20751-800/ HTTP/1.1" 200 12254
100.21.24.205 - - [07/Nov/2023:04:07:07 -0500] "GET /BLA/resoluciones/index.php?dir=RESOLUCIONES%202006/RES%202006%20101-150/ HTTP/1.1" 200 12241
100.21.24.205 - - [07/Nov/2023:04:07:07 -0500] "GET /BLA/resoluciones/index.php?dir=RESOLUCIONES%202006/RES%202006%202151-2200/ HTTP/1.1" 200 12368
44.230.252.91 - - [07/Nov/2023:04:07:07 -0500] "GET /BLA/resoluciones/index.php?dir=RESOLUCIONES%202005/RES%202005%203101-3150/ HTTP/1.1" 200 12367
100.21.24.205 - - [07/Nov/2023:04:07:08 -0500] "GET /BLA/resoluciones/index.php?dir=RESOLUCIONES%202006/RES%202006%202101-2150/ HTTP/1.1" 200 12369
100.21.24.205 - - [07/Nov/2023:04:07:09 -0500] "GET /BLA/resoluciones/index.php?dir=RESOLUCIONES%202005/RES%202005%20251-300/ HTTP/1.1" 200 12254
44.230.252.91 - - [07/Nov/2023:04:07:09 -0500] "GET /BLA/resoluciones/index.php?dir=RESOLUCIONES%202006/RES%202006%202451-2500/ HTTP/1.1" 200 12154
44.230.252.91 - - [07/Nov/2023:04:07:09 -0500] "GET /BLA/resoluciones/index.php?dir=RESOLUCIONES%202005/RES%202005%203051-3100/ HTTP/1.1" 200 12360
44.230.252.91 - - [07/Nov/2023:04:07:10 -0500] "GET /BLA/resoluciones/index.php?dir=RESOLUCIONES%202005/RES%202005%202951-3000/ HTTP/1.1" 200 11937
44.230.252.91 - - [07/Nov/2023:04:07:10 -0500] "GET /BLA/resoluciones/index.php?dir=RESOLUCIONES%202005/RES%202005%20801-850/ HTTP/1.1" 200 12246
100.21.24.205 - - [07/Nov/2023:04:07:11 -0500] "GET /BLA/resoluciones/index.php?dir=RESOLUCIONES%202006/RES%202006%201451-1500/ HTTP/1.1" 200 12370
44.230.252.91 - - [07/Nov/2023:04:07:11 -0500] "GET /BLA/resoluciones/index.php?dir=RESOLUCIONES%202005/RES%202005%202801-2850/ HTTP/1.1" 200 11939
44.230.252.91 - - [07/Nov/2023:04:07:12 -0500] "GET /BLA/resoluciones/index.php?dir=RESOLUCIONES%202005/RES%202005%2051-100/ HTTP/1.1" 200 12192
44.230.252.91 - - [07/Nov/2023:04:07:13 -0500] "GET /BLA/resoluciones/index.php?dir=RESOLUCIONES%202005/RES%202005%20401-450/ HTTP/1.1" 200 12254
100.21.24.205 - - [07/Nov/2023:04:07:13 -0500] "GET /BLA/resoluciones/index.php?dir=RESOLUCIONES%202006/RES%202006%201251-1300/ HTTP/1.1" 200 12368
100.21.24.205 - - [07/Nov/2023:04:07:14 -0500] "GET /BLA/resoluciones/index.php?dir=RESOLUCIONES%202006/RES%202006%20501-550/ HTTP/1.1" 200 12241
44.230.252.91 - - [07/Nov/2023:04:07:15 -0500] "GET /BLA/resoluciones/index.php?dir=RESOLUCIONES%202005/RES%202005%20651-700/ HTTP/1.1" 200 12232
52.25.208.208 - - [07/Nov/2023:04:07:15 -0500] "GET /BLA/resoluciones/index.php?dir=RESOLUCIONES%202005/RES%202005%202601-2650/ HTTP/1.1" 200 12161
44.230.252.91 - - [07/Nov/2023:04:07:17 -0500] "GET /BLA/resoluciones/index.php?dir=RESOLUCIONES%202005/RES%202005%202451-2500/ HTTP/1.1" 200 12370
100.21.24.205 - - [07/Nov/2023:04:07:17 -0500] "GET /BLA/resoluciones/index.php?dir=RESOLUCIONES%202005/RES%202005%20601-650/ HTTP/1.1" 200 12246
44.230.252.91 - - [07/Nov/2023:04:07:17 -0500] "GET /BLA/resoluciones/index.php?dir=RESOLUCIONES%202006/RES%202006%201601-1650/ HTTP/1.1" 200 12366
100.21.24.205 - - [07/Nov/2023:04:07:20 -0500] "GET /BLA/resoluciones/index.php?dir=RESOLUCIONES%202005/RES%202005%20701-750/ HTTP/1.1" 200 12247
52.25.208.208 - - [07/Nov/2023:04:07:20 -0500] "GET /BLA/resoluciones/index.php?dir=RESOLUCIONES%202005/RES%202005%20301-351/ HTTP/1.1" 200 12252
100.21.24.205 - - [07/Nov/2023:04:07:21 -0500] "GET /BLA/resoluciones/index.php?dir=RESOLUCIONES%202005/RES%202005%20951-1000/ HTTP/1.1" 200 12304
100.21.24.205 - - [07/Nov/2023:04:07:22 -0500] "GET /BLA/resoluciones/index.php?dir=RESOLUCIONES%202006/RES%202006%201101-1150/ HTTP/1.1" 200 12368
52.25.208.208 - - [07/Nov/2023:04:07:22 -0500] "GET /BLA/resoluciones/index.php?dir=RESOLUCIONES%202005/RES%202005%20451-500/ HTTP/1.1" 200 12244
44.230.252.91 - - [07/Nov/2023:04:07:23 -0500] "GET /BLA/resoluciones/index.php?dir=RESOLUCIONES%202006/RES%202006%20%202851-2900/ HTTP/1.1" 200 12177
52.25.208.208 - - [07/Nov/2023:04:07:23 -0500] "GET /BLA/resoluciones/index.php?dir=RESOLUCIONES%202005/&order=asc&sort=date HTTP/1.1" 200 49688
52.25.208.208 - - [07/Nov/2023:04:07:24 -0500] "GET /BLA/resoluciones/index.php?dir=RESOLUCIONES%202006/RES%202006%201001-1050/ HTTP/1.1" 200 12341
44.230.252.91 - - [07/Nov/2023:04:07:24 -0500] "GET /BLA/resoluciones/index.php?dir=RESOLUCIONES%202005/RES%202005%20851-900/ HTTP/1.1" 200 12242
100.21.24.205 - - [07/Nov/2023:04:07:25 -0500] "GET /BLA/resoluciones/index.php?dir=RESOLUCIONES%202005/RES%202005%20901-950/ HTTP/1.1" 200 12245
52.25.208.208 - - [07/Nov/2023:04:07:27 -0500] "GET /BLA/resoluciones/index.php?dir=RESOLUCIONES%202006/RES%202006%2051-100/ HTTP/1.1" 200 11996
100.21.24.205 - - [07/Nov/2023:04:07:27 -0500] "GET /BLA/resoluciones/index.php?dir=RESOLUCIONES%202006/RES%202006%201851-1900/ HTTP/1.1" 200 12364
100.21.24.205 - - [07/Nov/2023:04:07:29 -0500] "GET /BLA/resoluciones/index.php?dir=RESOLUCIONES%202006/RES%202006%20%202951-3000/ HTTP/1.1" 200 12390
52.25.208.208 - - [07/Nov/2023:04:07:30 -0500] "GET /BLA/resoluciones/index.php?dir=RESOLUCIONES%202006/RES%202006%202251-2300/ HTTP/1.1" 200 12361
44.230.252.91 - - [07/Nov/2023:04:07:30 -0500] "GET /BLA/resoluciones/index.php?dir=RESOLUCIONES%202005/&order=asc&sort=size HTTP/1.1" 200 49688
44.230.252.91 - - [07/Nov/2023:04:07:34 -0500] "GET /BLA/resoluciones/index.php?dir=RESOLUCIONES%202006/RES%202006%201-50/ HTTP/1.1" 200 11867
44.230.252.91 - - [07/Nov/2023:04:07:35 -0500] "GET /BLA/resoluciones/index.php?dir=RESOLUCIONES%202007/RES%202007%201501%20AL%201600/ HTTP/1.1" 200 26868
52.25.208.208 - - [07/Nov/2023:04:07:36 -0500] "GET /BLA/resoluciones/index.php?dir=RESOLUCIONES%202005/&order=desc&sort=name HTTP/1.1" 200 49687
100.21.24.205 - - [07/Nov/2023:04:07:38 -0500] "GET /BLA/resoluciones/index.php?dir=RESOLUCIONES%202006/RES%202006%201951-2000/ HTTP/1.1" 200 12349
52.25.208.208 - - [07/Nov/2023:04:07:41 -0500] "GET /BLA/resoluciones/index.php?dir=RESOLUCIONES%202006/RES%202006%201351-1400/ HTTP/1.1" 200 12367
44.230.252.91 - - [07/Nov/2023:04:07:41 -0500] "GET /BLA/resoluciones/index.php?dir=RESOLUCIONES%202006/RES%202006%20151-200/ HTTP/1.1" 200 12238
52.25.208.208 - - [07/Nov/2023:04:07:42 -0500] "GET /BLA/resoluciones/index.php?dir=RESOLUCIONES%202006/RES%202006%201901-1950/ HTTP/1.1" 200 12360
100.21.24.205 - - [07/Nov/2023:04:07:43 -0500] "GET /BLA/resoluciones/index.php?dir=RESOLUCIONES%202006/RES%202006%201801-1850/ HTTP/1.1" 200 12357
100.21.24.205 - - [07/Nov/2023:04:07:44 -0500] "GET /BLA/resoluciones/index.php?dir=RESOLUCIONES%202005/RES%202005%20551-600/ HTTP/1.1" 200 12249
52.25.208.208 - - [07/Nov/2023:04:07:46 -0500] "GET /BLA/resoluciones/index.php?dir=RESOLUCIONES%202006/RES%202006%201651-1700/ HTTP/1.1" 200 12354
44.230.252.91 - - [07/Nov/2023:04:07:46 -0500] "GET /BLA/resoluciones/index.php?dir=RESOLUCIONES%202006/RES%202006%201551-1600/ HTTP/1.1" 200 12369
52.25.208.208 - - [07/Nov/2023:04:07:48 -0500] "GET /BLA/resoluciones/index.php?dir=RESOLUCIONES%202007/RES%202007%202701%20AL%202800/ HTTP/1.1" 200 26889
100.21.24.205 - - [07/Nov/2023:04:07:48 -0500] "GET /BLA/resoluciones/index.php?dir=RESOLUCIONES%202006/&order=asc&sort=date HTTP/1.1" 200 40916
44.230.252.91 - - [07/Nov/2023:04:07:51 -0500] "GET /BLA/resoluciones/index.php?dir=RESOLUCIONES%202006/RES%202006%201051-1100/ HTTP/1.1" 200 12369
44.230.252.91 - - [07/Nov/2023:04:07:51 -0500] "GET /BLA/resoluciones/index.php?dir=RESOLUCIONES%202007/RES%202007%201201%20AL%201300/ HTTP/1.1" 200 26864
100.21.24.205 - - [07/Nov/2023:04:07:52 -0500] "GET /BLA/resoluciones/index.php?dir=RESOLUCIONES%202006/RES%202006%201301-1350/ HTTP/1.1" 200 12365
44.230.252.91 - - [07/Nov/2023:04:07:52 -0500] "GET /BLA/resoluciones/index.php?dir=RESOLUCIONES%202006/RES%202006%20%202901-2950/ HTTP/1.1" 200 12406
52.25.208.208 - - [07/Nov/2023:04:07:53 -0500] "GET /BLA/resoluciones/index.php?dir=RESOLUCIONES%202006/RES%202006%202201-2250/ HTTP/1.1" 200 12366
201.245.192.253 - - [07/Nov/2023:04:07:52 -0500] "POST /kwsrmcab/Wsrmcab  HTTP/1.1" 200 42686
52.25.208.208 - - [07/Nov/2023:04:07:56 -0500] "GET /BLA/resoluciones/index.php?dir=RESOLUCIONES%202006/&order=asc&sort=size HTTP/1.1" 200 40916
100.21.24.205 - - [07/Nov/2023:04:07:58 -0500] "GET /BLA/resoluciones/index.php?dir=RESOLUCIONES%202006/RES%202006%20251-300/ HTTP/1.1" 200 12236
100.21.24.205 - - [07/Nov/2023:04:08:00 -0500] "GET /BLA/resoluciones/index.php?dir=RESOLUCIONES%202007/RES%202007%203801%20AL%203900/ HTTP/1.1" 200 26637
44.230.252.91 - - [07/Nov/2023:04:08:01 -0500] "GET /BLA/resoluciones/index.php?dir=RESOLUCIONES%202006/RES%202006%202651-2700/ HTTP/1.1" 200 12365
44.230.252.91 - - [07/Nov/2023:04:08:02 -0500] "GET /BLA/resoluciones/index.php?dir=RESOLUCIONES%202006/RES%202006%20201-250/ HTTP/1.1" 200 12238
100.21.24.205 - - [07/Nov/2023:04:08:02 -0500] "GET /BLA/resoluciones/index.php?dir=RESOLUCIONES%202006/RES%202006%201701-1751/ HTTP/1.1" 200 12369
52.25.208.208 - - [07/Nov/2023:04:08:03 -0500] "GET /BLA/resoluciones/index.php?dir=RESOLUCIONES%202006/RES%202006%202601-2650/ HTTP/1.1" 200 11939
44.230.252.91 - - [07/Nov/2023:04:08:03 -0500] "GET /BLA/resoluciones/index.php?dir=RESOLUCIONES%202006/RES%202006%20601-650/ HTTP/1.1" 200 12250
52.25.208.208 - - [07/Nov/2023:04:08:03 -0500] "GET /BLA/resoluciones/index.php?dir=RESOLUCIONES%202006/RES%202006%202351-2400/ HTTP/1.1" 200 12357
52.25.208.208 - - [07/Nov/2023:04:08:04 -0500] "GET /BLA/resoluciones/index.php?dir=RESOLUCIONES%202006/RES%202006%201501-1550/ HTTP/1.1" 200 12370
100.21.24.205 - - [07/Nov/2023:04:08:04 -0500] "GET /BLA/resoluciones/index.php?dir=RESOLUCIONES%202007/RES%202007%201001%20AL%201100/ HTTP/1.1" 200 26838
52.25.208.208 - - [07/Nov/2023:04:08:04 -0500] "GET /BLA/resoluciones/index.php?dir=RESOLUCIONES%202007/RES%202007%204101%20AL%204200/ HTTP/1.1" 200 26886
44.230.252.91 - - [07/Nov/2023:04:08:04 -0500] "GET /BLA/resoluciones/index.php?dir=RESOLUCIONES%202006/RES%202006%202051-2100/ HTTP/1.1" 200 12363
100.21.24.205 - - [07/Nov/2023:04:08:05 -0500] "GET /BLA/resoluciones/index.php?dir=RESOLUCIONES%202006/RES%202006%20651-700/ HTTP/1.1" 200 12252
172.22.2.4 - - [07/Nov/2023:04:06:26 -0500] "HEAD /BLA/boletinlegal/ HTTP/1.1" 200 -
100.21.24.205 - - [07/Nov/2023:04:08:05 -0500] "GET /BLA/resoluciones/index.php?dir=RESOLUCIONES%202007/RES%202007%203301%20AL%203400/ HTTP/1.1" 200 26620
52.25.208.208 - - [07/Nov/2023:04:08:07 -0500] "GET /BLA/resoluciones/index.php?dir=RESOLUCIONES%202007/RES%202007%202401%20AL%202500/ HTTP/1.1" 200 26869
44.230.252.91 - - [07/Nov/2023:04:08:08 -0500] "GET /BLA/resoluciones/index.php?dir=RESOLUCIONES%202006/RES%202006%202751-2800/ HTTP/1.1" 200 12358
52.25.208.208 - - [07/Nov/2023:04:08:08 -0500] "GET /BLA/resoluciones/index.php?dir=RESOLUCIONES%202006/RES%202006%20551-600/ HTTP/1.1" 200 12250
100.21.24.205 - - [07/Nov/2023:04:08:09 -0500] "GET /BLA/resoluciones/index.php?dir=RESOLUCIONES%202006/RES%202006%201751-1800/ HTTP/1.1" 200 12368
52.25.208.208 - - [07/Nov/2023:04:08:10 -0500] "GET /BLA/resoluciones/index.php?dir=RESOLUCIONES%202006/RES%202006%20351-400/ HTTP/1.1" 200 12234
100.21.24.205 - - [07/Nov/2023:04:08:11 -0500] "GET /BLA/resoluciones/index.php?dir=RESOLUCIONES%202006/RES%202006%20451-500/ HTTP/1.1" 200 12244
52.25.208.208 - - [07/Nov/2023:04:08:12 -0500] "GET /BLA/resoluciones/index.php?dir=RESOLUCIONES%202007/RES%202007%203401%20AL%203500/ HTTP/1.1" 200 26618
100.21.24.205 - - [07/Nov/2023:04:08:12 -0500] "GET /BLA/resoluciones/index.php?dir=RESOLUCIONES%202007/&order=asc&sort=date HTTP/1.1" 200 37998
52.25.208.208 - - [07/Nov/2023:04:08:12 -0500] "GET /BLA/resoluciones/index.php?dir=RESOLUCIONES%202006/RES%202006%202551-2600/ HTTP/1.1" 200 12354
100.21.24.205 - - [07/Nov/2023:04:08:12 -0500] "GET /BLA/resoluciones/index.php?dir=RESOLUCIONES%202006/RES%202006%202401-2450/ HTTP/1.1" 200 12370
100.21.24.205 - - [07/Nov/2023:04:08:13 -0500] "GET /BLA/resoluciones/index.php?dir=RESOLUCIONES%202006/RES%202006%20701-750/ HTTP/1.1" 200 12251
44.230.252.91 - - [07/Nov/2023:04:08:14 -0500] "GET /BLA/resoluciones/index.php?dir=RESOLUCIONES%202006/RES%202006%20801-850/ HTTP/1.1" 200 12230
100.21.24.205 - - [07/Nov/2023:04:08:14 -0500] "GET /BLA/resoluciones/index.php?dir=RESOLUCIONES%202007/RES%202007%202201%20AL%202300/ HTTP/1.1" 200 27114
100.21.24.205 - - [07/Nov/2023:04:08:14 -0500] "GET /BLA/resoluciones/index.php?dir=RESOLUCIONES%202007/RES%202007%202001%20AL%202100/ HTTP/1.1" 200 26870
44.230.252.91 - - [07/Nov/2023:04:08:14 -0500] "GET /BLA/resoluciones/index.php?dir=RESOLUCIONES%202006/&order=desc&sort=name HTTP/1.1" 200 40915
44.230.252.91 - - [07/Nov/2023:04:08:15 -0500] "GET /BLA/resoluciones/index.php?dir=RESOLUCIONES%202006/RES%202006%202501-2550/ HTTP/1.1" 200 12358
100.21.24.205 - - [07/Nov/2023:04:08:15 -0500] "GET /BLA/resoluciones/index.php?dir=RESOLUCIONES%202006/RES%202006%202301-2350/ HTTP/1.1" 200 12364
100.21.24.205 - - [07/Nov/2023:04:08:22 -0500] "GET /BLA/resoluciones/index.php?dir=RESOLUCIONES%202006/RES%202006%20401-450/ HTTP/1.1" 200 12245
100.21.24.205 - - [07/Nov/2023:04:08:23 -0500] "GET /BLA/resoluciones/index.php?dir=RESOLUCIONES%202006/RES%202006%20951-1000/ HTTP/1.1" 200 12308
52.25.208.208 - - [07/Nov/2023:04:08:19 -0500] "GET /BLA/resoluciones/index.php?dir=RESOLUCIONES%202010/&order=asc&sort=size HTTP/1.1" 200 1307967
44.230.252.91 - - [07/Nov/2023:04:08:24 -0500] "GET /BLA/resoluciones/index.php?dir=RESOLUCIONES%202007/RES%202007%202901%20AL%203000/ HTTP/1.1" 200 26859
52.25.208.208 - - [07/Nov/2023:04:08:24 -0500] "GET /BLA/resoluciones/index.php?dir=RESOLUCIONES%202007/RES%202007%201901%20AL%202000/ HTTP/1.1" 200 26856
52.25.208.208 - - [07/Nov/2023:04:08:24 -0500] "GET /BLA/resoluciones/index.php?dir=RESOLUCIONES%202007/RES%202007%201401%20AL%201500/ HTTP/1.1" 200 26854
44.230.252.91 - - [07/Nov/2023:04:08:25 -0500] "GET /BLA/resoluciones/index.php?dir=RESOLUCIONES%202006/RES%202006%202701-2750/ HTTP/1.1" 200 12367
100.21.24.205 - - [07/Nov/2023:04:08:24 -0500] "GET /BLA/resoluciones/index.php?dir=RESOLUCIONES%202006/RES%202006%20301-350/ HTTP/1.1" 200 12249
52.25.208.208 - - [07/Nov/2023:04:08:23 -0500] "GET /BLA/resoluciones/index.php?dir=RESOLUCIONES%202011/&order=desc&sort=name HTTP/1.1" 200 747161
52.25.208.208 - - [07/Nov/2023:04:08:26 -0500] "GET /BLA/resoluciones/index.php?dir=RESOLUCIONES%202007/RES%202007%20101%20AL%20200/ HTTP/1.1" 200 26931
52.25.208.208 - - [07/Nov/2023:04:08:27 -0500] "GET /BLA/resoluciones/index.php?dir=RESOLUCIONES%202007/RES%202007%202801%20AL%202900/ HTTP/1.1" 200 26859
52.25.208.208 - - [07/Nov/2023:04:08:27 -0500] "GET /BLA/resoluciones/index.php?dir=RESOLUCIONES%202007/RES%202007%203701%20AL%203800/ HTTP/1.1" 200 26851
44.230.252.91 - - [07/Nov/2023:04:08:28 -0500] "GET /BLA/resoluciones/index.php?dir=RESOLUCIONES%202007/RES%202007%201301%20AL%201400/ HTTP/1.1" 200 26817
44.230.252.91 - - [07/Nov/2023:04:08:28 -0500] "GET /BLA/resoluciones/index.php?dir=RESOLUCIONES%202007/RES%202007%201101%20AL%201200/ HTTP/1.1" 200 26852
100.21.24.205 - - [07/Nov/2023:04:08:29 -0500] "GET /BLA/resoluciones/index.php?dir=RESOLUCIONES%202007/RES%202007%202501%20AL%202600/ HTTP/1.1" 200 26847
44.230.252.91 - - [07/Nov/2023:04:08:30 -0500] "GET /BLA/resoluciones/index.php?dir=RESOLUCIONES%202007/RES%202007%203601%20AL%203700/ HTTP/1.1" 200 26855
52.25.208.208 - - [07/Nov/2023:04:08:30 -0500] "GET /BLA/resoluciones/index.php?dir=RESOLUCIONES%202006/RES%202006%20851-900/ HTTP/1.1" 200 12234
100.21.24.205 - - [07/Nov/2023:04:08:32 -0500] "GET /BLA/resoluciones/index.php?dir=RESOLUCIONES%202007/RES%202007%203901%20AL%204000/ HTTP/1.1" 200 26851
44.230.252.91 - - [07/Nov/2023:04:08:33 -0500] "GET /BLA/resoluciones/index.php?dir=RESOLUCIONES%202006/RES%202006%20751-800/ HTTP/1.1" 200 12235
100.21.24.205 - - [07/Nov/2023:04:08:26 -0500] "GET /BLA/resoluciones/index.php?dir=RESOLUCIONES%202008/&order=asc&sort=date HTTP/1.1" 200 976272
100.21.24.205 - - [07/Nov/2023:04:08:34 -0500] "GET /BLA/resoluciones/index.php?dir=RESOLUCIONES%202007/&order=desc&sort=name HTTP/1.1" 200 37997
52.25.208.208 - - [07/Nov/2023:04:08:34 -0500] "GET /BLA/resoluciones/index.php?dir=RESOLUCIONES%202007/RES%202007%201601%20AL%201725/ HTTP/1.1" 200 7202
100.21.24.205 - - [07/Nov/2023:04:08:34 -0500] "GET /BLA/resoluciones/index.php?dir=RESOLUCIONES%202007/RES%202007%20301%20AL%20400/ HTTP/1.1" 200 26381
44.230.252.91 - - [07/Nov/2023:04:08:36 -0500] "GET /BLA/resoluciones/index.php?dir=RESOLUCIONES%202007/RES%202007%201%20AL%20100/ HTTP/1.1" 200 26175
100.21.24.205 - - [07/Nov/2023:04:08:36 -0500] "GET /BLA/resoluciones/index.php?dir=RESOLUCIONES%202006/RES%202006%20901-950/ HTTP/1.1" 200 12239
100.21.24.205 - - [07/Nov/2023:04:08:34 -0500] "GET /BLA/resoluciones/index.php?dir=RESOLUCIONES%202014/&order=desc&sort=name HTTP/1.1" 200 334188
100.21.24.205 - - [07/Nov/2023:04:08:37 -0500] "GET /BLA/resoluciones/index.php?dir=RESOLUCIONES%202007/RES%202007%202601%20AL%202700/ HTTP/1.1" 200 26865
52.25.208.208 - - [07/Nov/2023:04:08:39 -0500] "GET /BLA/resoluciones/index.php?dir=RESOLUCIONES%202007/RES%202007%201726%20AL%201800/ HTTP/1.1" 200 20645
100.21.24.205 - - [07/Nov/2023:04:08:39 -0500] "GET /BLA/resoluciones/index.php?dir=RESOLUCIONES%202007/RES%202007%20201%20AL%20300/ HTTP/1.1" 200 27110
100.21.24.205 - - [07/Nov/2023:04:08:39 -0500] "GET /BLA/resoluciones/index.php?dir=RESOLUCIONES%202007/RES%202007%201801%20AL%201900/ HTTP/1.1" 200 26857
44.230.252.91 - - [07/Nov/2023:04:08:40 -0500] "GET /BLA/resoluciones/index.php?dir=RESOLUCIONES%202007/RES%202007%20701%20AL%20800/ HTTP/1.1" 200 26639
100.21.24.205 - - [07/Nov/2023:04:08:33 -0500] "GET /BLA/resoluciones/index.php?dir=RESOLUCIONES%202011/&order=asc&sort=date HTTP/1.1" 200 747162
44.230.252.91 - - [07/Nov/2023:04:08:42 -0500] "GET /BLA/resoluciones/index.php?dir=RESOLUCIONES%202019/&order=asc&sort=date HTTP/1.1" 200 261413
44.230.252.91 - - [07/Nov/2023:04:08:44 -0500] "GET /BLA/resoluciones/index.php?dir=RESOLUCIONES%202007/RES%202007%203001%20AL%203100/ HTTP/1.1" 200 26891
100.21.24.205 - - [07/Nov/2023:04:08:45 -0500] "GET /BLA/resoluciones/index.php?dir=RESOLUCIONES%202007/RES%202007%204301%20AL%204352/ HTTP/1.1" 200 14905
100.21.24.205 - - [07/Nov/2023:04:08:46 -0500] "GET /BLA/resoluciones/index.php?dir=RESOLUCIONES%202007/RES%202007%203201%20AL%203300/ HTTP/1.1" 200 27414
100.21.24.205 - - [07/Nov/2023:04:08:48 -0500] "GET /BLA/resoluciones/index.php?dir=RESOLUCIONES%202007/RES%202007%202101%20AL%202200/ HTTP/1.1" 200 26622
100.21.24.205 - - [07/Nov/2023:04:08:48 -0500] "GET /BLA/resoluciones/index.php?dir=RESOLUCIONES%202018/&order=asc&sort=date HTTP/1.1" 200 279938
100.21.24.205 - - [07/Nov/2023:04:08:50 -0500] "GET /BLA/resoluciones/index.php?dir=RESOLUCIONES%202007/RES%202007%203101%20AL%203200/ HTTP/1.1" 200 26880
66.249.66.21 - - [07/Nov/2023:04:08:51 -0500] "GET /BLA/resoluciones/RESOLUCIONES%202013/2465.pdf HTTP/1.1" 200 603924
100.21.24.205 - - [07/Nov/2023:04:08:52 -0500] "GET /BLA/resoluciones/index.php?dir=RESOLUCIONES%202007/RES%202007%204001%20AL%204100/ HTTP/1.1" 200 26864
44.230.252.91 - - [07/Nov/2023:04:08:49 -0500] "GET /BLA/resoluciones/index.php?dir=RESOLUCIONES%202010/&order=asc&sort=date HTTP/1.1" 200 1307967
52.25.208.208 - - [07/Nov/2023:04:08:54 -0500] "GET /BLA/resoluciones/index.php?dir=RESOLUCIONES%202016/&order=asc&sort=date HTTP/1.1" 200 172327
100.21.24.205 - - [07/Nov/2023:04:08:56 -0500] "GET /BLA/resoluciones/index.php?dir=RESOLUCIONES%202007/RES%202007%202301%20AL%202400/ HTTP/1.1" 200 26611
172.22.2.4 - - [07/Nov/2023:04:07:16 -0500] "GET /BLA/boletinlegal/ HTTP/1.1" 200 57881
100.21.24.205 - - [07/Nov/2023:04:08:57 -0500] "GET /BLA/resoluciones/index.php?dir=RESOLUCIONES%202007/RES%202007%203501%20AL%203600/ HTTP/1.1" 200 26836
52.25.208.208 - - [07/Nov/2023:04:08:55 -0500] "GET /BLA/resoluciones/index.php?dir=RESOLUCIONES%202011/&order=asc&sort=size HTTP/1.1" 200 747162
44.230.252.91 - - [07/Nov/2023:04:08:58 -0500] "GET /BLA/resoluciones/index.php?dir=RESOLUCIONES%202012/&order=asc&sort=size HTTP/1.1" 200 140066
44.230.252.91 - - [07/Nov/2023:04:08:59 -0500] "GET /BLA/resoluciones/index.php?dir=RESOLUCIONES%202007/&order=asc&sort=size HTTP/1.1" 200 37998
44.230.252.91 - - [07/Nov/2023:04:08:56 -0500] "GET /BLA/resoluciones/index.php?dir=RESOLUCIONES%202008/&order=asc&sort=size HTTP/1.1" 200 976272
44.230.252.91 - - [07/Nov/2023:04:09:01 -0500] "GET /BLA/resoluciones/index.php?dir=RESOLUCIONES%202007/RES%202007%20401%20AL%20500/ HTTP/1.1" 200 26642
52.25.208.208 - - [07/Nov/2023:04:09:01 -0500] "GET /BLA/resoluciones/index.php?dir=RESOLUCIONES%202013/&order=desc&sort=name HTTP/1.1" 200 238277
40.77.167.59 - - [07/Nov/2023:04:09:04 -0500] "GET /bla/resoluciones/notificaciones/autos%202018/5046.pdf HTTP/1.1" 200 252740
52.25.208.208 - - [07/Nov/2023:04:09:02 -0500] "GET /BLA/resoluciones/index.php?dir=RESOLUCIONES%202018/&order=asc&sort=size HTTP/1.1" 200 279938
44.230.252.91 - - [07/Nov/2023:04:09:04 -0500] "GET /BLA/resoluciones/index.php?dir=RESOLUCIONES%202007/RES%202007%20801%20AL%20900/ HTTP/1.1" 200 26642
52.25.208.208 - - [07/Nov/2023:04:09:04 -0500] "GET /BLA/resoluciones/index.php?dir=RESOLUCIONES%202012/&order=desc&sort=name HTTP/1.1" 200 140065
44.230.252.91 - - [07/Nov/2023:04:09:04 -0500] "GET /BLA/resoluciones/index.php?dir=RESOLUCIONES%202007/RES%202007%20901%20AL%201000/ HTTP/1.1" 200 26734
52.25.208.208 - - [07/Nov/2023:04:09:04 -0500] "GET /BLA/resoluciones/index.php?dir=RESOLUCIONES%202007/RES%202007%20501%20AL%20600/ HTTP/1.1" 200 26888
52.25.208.208 - - [07/Nov/2023:04:09:03 -0500] "GET /BLA/resoluciones/index.php?dir=RESOLUCIONES%202017/&order=desc&sort=name HTTP/1.1" 200 286830
100.21.24.205 - - [07/Nov/2023:04:09:03 -0500] "GET /BLA/resoluciones/index.php?dir=RESOLUCIONES%202014/&order=asc&sort=date HTTP/1.1" 200 334189
100.21.24.205 - - [07/Nov/2023:04:09:07 -0500] "GET /BLA/resoluciones/index.php?dir=RESOLUCIONES%202007/RES%202007%20601%20AL%20700/ HTTP/1.1" 200 26655
52.25.208.208 - - [07/Nov/2023:04:09:07 -0500] "GET /BLA/resoluciones/index.php?dir=RESOLUCIONES%202007/RES%202007%204201%20AL%204300/ HTTP/1.1" 200 26607
44.230.252.91 - - [07/Nov/2023:04:09:07 -0500] "GET /BLA/resoluciones/index.php?dir=RESOLUCIONES%202016/&order=desc&sort=name HTTP/1.1" 200 172326
100.21.24.205 - - [07/Nov/2023:04:09:08 -0500] "GET /BLA/resoluciones/index.php?dir=RESOLUCIONES%202013/&order=asc&sort=date HTTP/1.1" 200 238278
100.21.24.205 - - [07/Nov/2023:04:09:10 -0500] "GET /BLA/resoluciones/index.php?dir=RESOLUCIONES%202016/&order=asc&sort=size HTTP/1.1" 200 172327
44.230.252.91 - - [07/Nov/2023:04:09:12 -0500] "GET /BLA/resoluciones/index.php?dir=RESOLUCIONES%202019/&order=asc&sort=size HTTP/1.1" 200 261413
52.25.208.208 - - [07/Nov/2023:04:09:11 -0500] "GET /BLA/resoluciones/index.php?dir=RESOLUCIONES%202013/&order=asc&sort=size HTTP/1.1" 200 238278
44.230.252.91 - - [07/Nov/2023:04:09:13 -0500] "GET /BLA/resoluciones/index.php?dir=RESOLUCIONES%202012/&order=asc&sort=date HTTP/1.1" 200 140066
100.21.24.205 - - [07/Nov/2023:04:09:13 -0500] "GET /BLA/resoluciones/index.php?dir=RESOLUCIONES%202020/&order=asc&sort=date HTTP/1.1" 200 169742
52.25.208.208 - - [07/Nov/2023:04:09:12 -0500] "GET /BLA/resoluciones/index.php?dir=RESOLUCIONES%202008/&order=desc&sort=name HTTP/1.1" 200 976271
52.25.208.208 - - [07/Nov/2023:04:09:17 -0500] "GET /BLA/resoluciones/index.php?dir=RESOLUCIONES%202014/&order=asc&sort=size HTTP/1.1" 200 334189
44.230.252.91 - - [07/Nov/2023:04:09:19 -0500] "GET /BLA/resoluciones/index.php?dir=RESOLUCIONES%202023/&order=asc&sort=date HTTP/1.1" 200 105964
44.230.252.91 - - [07/Nov/2023:04:09:20 -0500] "GET /BLA/resoluciones/index.php?dir=RESOLUCIONES%202010/&order=desc&sort=name HTTP/1.1" 200 1307966
52.25.208.208 - - [07/Nov/2023:04:09:23 -0500] "GET /BLA/resoluciones/index.php?dir=RESOLUCIONES%202018/&order=desc&sort=name HTTP/1.1" 200 279937
100.21.24.205 - - [07/Nov/2023:04:09:24 -0500] "GET /BLA/resoluciones/index.php?dir=RESOLUCIONES%202017/&order=asc&sort=size HTTP/1.1" 200 286831
100.21.24.205 - - [07/Nov/2023:04:09:26 -0500] "GET /BLA/resoluciones/index.php?dir=RESOLUCIONES%20CONJUNTAS/&order=asc&sort=date HTTP/1.1" 200 4762
100.21.24.205 - - [07/Nov/2023:04:09:31 -0500] "GET /BLA/resoluciones/index.php?dir=RESOLUCIONES%20CONJUNTAS/&order=desc&sort=name HTTP/1.1" 200 4761
44.230.252.91 - - [07/Nov/2023:04:09:31 -0500] "GET /BLA/resoluciones/index.php?dir=RESOLUCIONES%202023/&order=asc&sort=size HTTP/1.1" 200 105964
44.230.252.91 - - [07/Nov/2023:04:09:31 -0500] "GET /BLA/resoluciones/index.php?dir=RESOLUCIONES%202017/&order=asc&sort=date HTTP/1.1" 200 286831
52.25.208.208 - - [07/Nov/2023:04:09:34 -0500] "GET /BLA/resoluciones/index.php?dir=RESOLUCIONES%20CONJUNTAS/&order=asc&sort=size HTTP/1.1" 200 4762
100.21.24.205 - - [07/Nov/2023:04:09:33 -0500] "GET /BLA/resoluciones/index.php?dir=RESOLUCIONES%202020/&order=desc&sort=name HTTP/1.1" 200 169741
52.25.208.208 - - [07/Nov/2023:04:09:34 -0500] "GET /BLA/resoluciones/index.php?dir=RESOLUCIONES%202019/&order=desc&sort=name HTTP/1.1" 200 261412
44.230.252.91 - - [07/Nov/2023:04:09:46 -0500] "GET /BLA/resoluciones/index.php?dir=RESOLUCIONES%202023/&order=desc&sort=name HTTP/1.1" 200 105963
172.22.2.4 - - [07/Nov/2023:04:09:52 -0500] "GET /BLA/boletinlegal/Circulares/2012/Circular%20No.%2014%20del%2011%20de%20Septiembre%20de%202012.pdf HTTP/1.1" 304 -
52.25.208.208 - - [07/Nov/2023:04:10:06 -0500] "GET /BLA/resoluciones/index.php?dir=RESOLUCIONES%202020/&order=asc&sort=size HTTP/1.1" 200 169742
40.77.167.32 - - [07/Nov/2023:04:10:21 -0500] "GET /BLA/resoluciones/RESOLUCIONES%202023/0132.pdf HTTP/1.1" 200 1064156
216.245.221.92 - - [07/Nov/2023:04:10:46 -0500] "HEAD / HTTP/1.1" 200 -
201.245.192.253 - - [07/Nov/2023:04:12:51 -0500] "POST /kwsrmcab/Wsrmcab  HTTP/1.1" 200 42686
31.13.127.4 - - [07/Nov/2023:04:13:14 -0500] "GET /bogota-lista-para-ser-la-sede-de-la-ii-convencion-internacional-de-emergencia-climatica.html HTTP/1.1" 200 934
173.252.111.6 - - [07/Nov/2023:04:13:15 -0500] "GET /images/presentaci\xc3\xb3n%20convenci\xc3\xb3n.jpg HTTP/1.1" 404 1034
52.167.144.191 - - [07/Nov/2023:04:13:15 -0500] "GET /BLA/resoluciones/RESOLUCIONES%202023/0254.pdf HTTP/1.1" 200 696887
172.22.2.4 - - [07/Nov/2023:04:12:16 -0500] "HEAD /BLA/boletinlegal/ HTTP/1.1" 200 -
172.22.2.4 - - [07/Nov/2023:04:13:06 -0500] "GET /BLA/boletinlegal/ HTTP/1.1" 200 58644
52.167.144.191 - - [07/Nov/2023:04:15:03 -0500] "GET /bla/resoluciones/autos%202010/2269.pdf HTTP/1.1" 200 140762
216.245.221.92 - - [07/Nov/2023:04:15:45 -0500] "HEAD / HTTP/1.1" 200 -
40.77.167.41 - - [07/Nov/2023:04:15:56 -0500] "GET /BLA/resoluciones/RESOLUCIONES%202023/1780.pdf HTTP/1.1" 200 477446
40.77.167.32 - - [07/Nov/2023:04:16:11 -0500] "GET /BLA/resoluciones/RESOLUCIONES%202023/1309.pdf HTTP/1.1" 200 392509
201.245.192.253 - - [07/Nov/2023:04:17:02 -0500] "POST /kwsrmcab/Wsrmcab HTTP/1.1" 200 40159
201.245.192.253 - - [07/Nov/2023:04:17:04 -0500] "POST /kwsrmcab/Wsrmcab HTTP/1.1" 200 37353
201.245.192.253 - - [07/Nov/2023:04:17:50 -0500] "POST /kwsrmcab/Wsrmcab  HTTP/1.1" 200 42686
172.22.2.4 - - [07/Nov/2023:04:18:06 -0500] "HEAD /BLA/boletinlegal/ HTTP/1.1" 200 -
51.222.253.12 - - [07/Nov/2023:04:20:11 -0500] "GET /galeria/nivo-slider/demo/images/Rendicion.png HTTP/1.1" 200 262274
201.245.192.253 - - [07/Nov/2023:04:20:17 -0500] "POST /kwsrmcab/Wsrmcab HTTP/1.1" 200 40159
201.245.192.253 - - [07/Nov/2023:04:20:20 -0500] "POST /kwsrmcab/Wsrmcab HTTP/1.1" 200 37353
172.22.2.4 - - [07/Nov/2023:04:18:56 -0500] "GET /BLA/boletinlegal/ HTTP/1.1" 200 58644
216.245.221.92 - - [07/Nov/2023:04:20:46 -0500] "HEAD / HTTP/1.1" 200 -
40.77.167.44 - - [07/Nov/2023:04:21:16 -0500] "GET /BLA/resoluciones/RESOLUCIONES%202023/1791.pdf HTTP/1.1" 200 801553
201.245.192.253 - - [07/Nov/2023:04:22:49 -0500] "POST /kwsrmcab/Wsrmcab  HTTP/1.1" 200 42686
66.249.66.19 - - [07/Nov/2023:04:23:20 -0500] "GET /BLA/resoluciones/RESOLUCIONES%202009/6358.pdf HTTP/1.1" 200 491143
66.249.73.69 - - [07/Nov/2023:04:23:34 -0500] "GET /secretaria-de-ambiente-adelanta-rehabilitacion-de-un-tayra-mamifero-entregado-en-bogota.html HTTP/1.1" 200 786
172.22.2.4 - - [07/Nov/2023:04:23:40 -0500] "GET /BLA/boletinlegal/favicon.ico HTTP/1.1" 404 1018
172.22.2.4 - - [07/Nov/2023:04:23:25 -0500] "GET /BLA/boletinlegal/ HTTP/1.1" 200 32715
173.252.107.8 - - [07/Nov/2023:04:25:10 -0500] "GET /images/cuerpos%20de%20agua%20en%20humedales-19-10.jpg HTTP/1.1" 200 73528
172.22.2.4 - - [07/Nov/2023:04:23:56 -0500] "HEAD /BLA/boletinlegal/ HTTP/1.1" 200 -
216.245.221.92 - - [07/Nov/2023:04:25:46 -0500] "HEAD / HTTP/1.1" 200 -
172.22.2.4 - - [07/Nov/2023:04:24:46 -0500] "GET /BLA/boletinlegal/ HTTP/1.1" 200 61018
201.245.192.253 - - [07/Nov/2023:04:27:02 -0500] "POST /kwsrmcab/Wsrmcab HTTP/1.1" 200 40159
201.245.192.253 - - [07/Nov/2023:04:27:05 -0500] "POST /kwsrmcab/Wsrmcab HTTP/1.1" 200 37353
201.245.192.253 - - [07/Nov/2023:04:27:48 -0500] "POST /kwsrmcab/Wsrmcab  HTTP/1.1" 200 42686
66.249.66.19 - - [07/Nov/2023:04:30:18 -0500] "GET /BLA/resoluciones/RESOLUCIONES%202009/1947.pdf HTTP/1.1" 200 642956
201.245.192.253 - - [07/Nov/2023:04:30:18 -0500] "POST /kwsrmcab/Wsrmcab HTTP/1.1" 200 40159
201.245.192.253 - - [07/Nov/2023:04:30:21 -0500] "POST /kwsrmcab/Wsrmcab HTTP/1.1" 200 37353
216.245.221.92 - - [07/Nov/2023:04:30:46 -0500] "HEAD / HTTP/1.1" 200 -
172.22.2.4 - - [07/Nov/2023:04:29:46 -0500] "HEAD /BLA/boletinlegal/ HTTP/1.1" 200 -
168.119.253.6 - - [07/Nov/2023:04:31:52 -0500] "GET / HTTP/1.1" 200 319
168.119.253.6 - - [07/Nov/2023:04:31:52 -0500] "GET / HTTP/1.1" 200 4720
172.22.2.4 - - [07/Nov/2023:04:30:36 -0500] "GET /BLA/boletinlegal/ HTTP/1.1" 200 56187
201.245.192.253 - - [07/Nov/2023:04:32:47 -0500] "POST /kwsrmcab/Wsrmcab  HTTP/1.1" 200 42686
83.228.90.127 - - [07/Nov/2023:04:35:25 -0500] "GET / HTTP/1.0" 200 319
216.245.221.92 - - [07/Nov/2023:04:35:45 -0500] "HEAD / HTTP/1.1" 200 -
201.245.192.253 - - [07/Nov/2023:04:37:02 -0500] "POST /kwsrmcab/Wsrmcab HTTP/1.1" 200 40159
201.245.192.253 - - [07/Nov/2023:04:37:05 -0500] "POST /kwsrmcab/Wsrmcab HTTP/1.1" 200 37353
172.22.2.4 - - [07/Nov/2023:04:35:36 -0500] "HEAD /BLA/boletinlegal/ HTTP/1.1" 200 -
201.245.192.253 - - [07/Nov/2023:04:37:46 -0500] "POST /kwsrmcab/Wsrmcab  HTTP/1.1" 200 42686
172.22.2.4 - - [07/Nov/2023:04:36:27 -0500] "GET /BLA/boletinlegal/ HTTP/1.1" 200 58644
201.245.192.253 - - [07/Nov/2023:04:40:17 -0500] "POST /kwsrmcab/Wsrmcab HTTP/1.1" 200 40159
201.245.192.253 - - [07/Nov/2023:04:40:20 -0500] "POST /kwsrmcab/Wsrmcab HTTP/1.1" 200 37353
216.245.221.92 - - [07/Nov/2023:04:40:45 -0500] "HEAD / HTTP/1.1" 200 -
199.16.157.182 - - [07/Nov/2023:04:40:59 -0500] "GET /images/cr%C3%B3nica-29-nov-1_optimized.jpeg HTTP/1.1" 404 1034
201.245.192.253 - - [07/Nov/2023:04:42:44 -0500] "POST /kwsrmcab/Wsrmcab  HTTP/1.1" 200 42686
172.22.2.4 - - [07/Nov/2023:04:41:27 -0500] "HEAD /BLA/boletinlegal/ HTTP/1.1" 200 -
52.167.144.191 - - [07/Nov/2023:04:43:49 -0500] "GET /BLA/resoluciones/RESOLUCIONES%202023/2251.pdf HTTP/1.1" 200 512060
172.22.2.4 - - [07/Nov/2023:04:42:17 -0500] "GET /BLA/boletinlegal/ HTTP/1.1" 200 58294
27.115.124.38 - - [07/Nov/2023:04:44:36 -0500] "GET / HTTP/1.1" 200 319
52.167.144.210 - - [07/Nov/2023:04:44:36 -0500] "GET /bla/resoluciones/autos%202010/2176.pdf HTTP/1.1" 200 202036
40.77.167.3 - - [07/Nov/2023:04:44:53 -0500] "GET /BLA/resoluciones/AUTOS%202007/1893.pdf HTTP/1.1" 200 113535
216.245.221.92 - - [07/Nov/2023:04:45:45 -0500] "HEAD / HTTP/1.1" 200 -
201.245.192.253 - - [07/Nov/2023:04:47:43 -0500] "POST /kwsrmcab/Wsrmcab  HTTP/1.1" 200 42686
172.22.2.4 - - [07/Nov/2023:04:47:17 -0500] "HEAD /BLA/boletinlegal/ HTTP/1.1" 200 -
172.22.2.4 - - [07/Nov/2023:04:48:07 -0500] "GET /BLA/boletinlegal/ HTTP/1.1" 200 58644
216.245.221.92 - - [07/Nov/2023:04:50:45 -0500] "HEAD / HTTP/1.1" 200 -
84.2.204.59 - - [07/Nov/2023:04:52:28 -0500] "GET / HTTP/1.0" 200 319
201.245.192.253 - - [07/Nov/2023:04:52:42 -0500] "POST /kwsrmcab/Wsrmcab  HTTP/1.1" 200 42686
176.118.52.185 - - [07/Nov/2023:04:53:17 -0500] "GET / HTTP/1.0" 200 319
40.77.167.247 - - [07/Nov/2023:04:54:27 -0500] "GET /bla/resoluciones/notificaciones/autos%202020/0012.pdf HTTP/1.1" 200 290448
172.22.2.4 - - [07/Nov/2023:04:53:07 -0500] "HEAD /BLA/boletinlegal/ HTTP/1.1" 200 -
66.249.66.21 - - [07/Nov/2023:04:55:06 -0500] "GET /BLA/resoluciones/RESOLUCIONES%202009/2851.pdf HTTP/1.1" 200 527148
172.22.2.4 - - [07/Nov/2023:04:53:57 -0500] "GET /BLA/boletinlegal/ HTTP/1.1" 200 61018
216.245.221.92 - - [07/Nov/2023:04:55:45 -0500] "HEAD / HTTP/1.1" 200 -
40.77.167.18 - - [07/Nov/2023:04:56:19 -0500] "GET /BLA/resoluciones/AUTOS%202022/4077.pdf HTTP/1.1" 304 -
66.249.66.20 - - [07/Nov/2023:04:56:39 -0500] "GET /BLA/resoluciones/RESOLUCIONES%202009/2845.pdf HTTP/1.1" 200 311247
201.245.192.253 - - [07/Nov/2023:04:57:42 -0500] "POST /kwsrmcab/Wsrmcab  HTTP/1.1" 200 42686
172.22.2.4 - - [07/Nov/2023:04:58:56 -0500] "HEAD /BLA/boletinlegal/ HTTP/1.1" 200 -
216.245.221.92 - - [07/Nov/2023:05:00:45 -0500] "HEAD / HTTP/1.1" 200 -
172.22.2.4 - - [07/Nov/2023:04:59:47 -0500] "GET /BLA/boletinlegal/ HTTP/1.1" 200 53356
201.245.192.253 - - [07/Nov/2023:05:02:41 -0500] "POST /kwsrmcab/Wsrmcab  HTTP/1.1" 200 42686
40.77.167.241 - - [07/Nov/2023:05:03:38 -0500] "GET /BLA/resoluciones/index.php?dir= HTTP/1.1" 200 13696
66.249.66.21 - - [07/Nov/2023:05:03:40 -0500] "GET /BLA/resoluciones/RESOLUCIONES%202009/2779.pdf HTTP/1.1" 200 611422
66.249.66.20 - - [07/Nov/2023:05:03:51 -0500] "GET /BLA/resoluciones/RESOLUCIONES%202009/8343.pdf HTTP/1.1" 200 530196
40.77.167.43 - - [07/Nov/2023:05:05:15 -0500] "GET /BLA/resoluciones/AUTOS%202007/0951.pdf HTTP/1.1" 200 22648
172.22.2.4 - - [07/Nov/2023:05:05:26 -0500] "GET /BLA/boletinlegal/actos.php HTTP/1.1" 200 9682
216.245.221.92 - - [07/Nov/2023:05:05:45 -0500] "HEAD / HTTP/1.1" 200 -
66.249.66.20 - - [07/Nov/2023:05:05:52 -0500] "GET /BLA/resoluciones/AUTOS%202010/0675.pdf HTTP/1.1" 200 202583
172.22.2.4 - - [07/Nov/2023:05:04:46 -0500] "HEAD /BLA/boletinlegal/ HTTP/1.1" 200 -
172.22.2.4 - - [07/Nov/2023:05:05:37 -0500] "GET /BLA/boletinlegal/ HTTP/1.1" 200 56187
201.245.192.253 - - [07/Nov/2023:05:07:38 -0500] "POST /kwsrmcab/Wsrmcab  HTTP/1.1" 200 42686
216.245.221.92 - - [07/Nov/2023:05:10:45 -0500] "HEAD / HTTP/1.1" 200 -
186.155.12.94 - - [07/Nov/2023:05:11:25 -0500] "POST /sipse/faces/presentacion/financiero/solicitudProceso/listarSolicitudProceso.xhtml HTTP/1.1" 302 -
186.155.12.94 - - [07/Nov/2023:05:11:25 -0500] "GET /sipse/faces/autenticacion.xhtml HTTP/1.1" 200 1099
186.155.12.94 - - [07/Nov/2023:05:11:25 -0500] "POST /sipse/faces/presentacion/financiero/solicitudProceso/listarSolicitudProceso.xhtml HTTP/1.1" 302 -
186.155.12.94 - - [07/Nov/2023:05:11:25 -0500] "GET /sipse/faces/autenticacion.xhtml HTTP/1.1" 200 1099
186.155.12.94 - - [07/Nov/2023:05:11:28 -0500] "POST /sipse/faces/presentacion/financiero/solicitudProceso/listarSolicitudProceso.xhtml HTTP/1.1" 302 -
186.155.12.94 - - [07/Nov/2023:05:11:28 -0500] "GET /sipse/faces/autenticacion.xhtml HTTP/1.1" 200 1099
186.155.12.94 - - [07/Nov/2023:05:11:28 -0500] "POST /sipse/faces/presentacion/financiero/solicitudProceso/listarSolicitudProceso.xhtml HTTP/1.1" 302 -
186.155.12.94 - - [07/Nov/2023:05:11:28 -0500] "GET /sipse/faces/autenticacion.xhtml HTTP/1.1" 200 1099
186.155.12.94 - - [07/Nov/2023:05:11:29 -0500] "POST /sipse/faces/presentacion/financiero/solicitudProceso/listarSolicitudProceso.xhtml HTTP/1.1" 302 -
186.155.12.94 - - [07/Nov/2023:05:11:29 -0500] "GET /sipse/faces/autenticacion.xhtml HTTP/1.1" 200 1099
186.155.12.94 - - [07/Nov/2023:05:11:31 -0500] "POST /sipse/faces/presentacion/financiero/solicitudProceso/listarSolicitudProceso.xhtml HTTP/1.1" 302 -
186.155.12.94 - - [07/Nov/2023:05:11:31 -0500] "GET /sipse/faces/autenticacion.xhtml HTTP/1.1" 200 1099
186.155.12.94 - - [07/Nov/2023:05:11:33 -0500] "POST /sipse/faces/presentacion/financiero/solicitudProceso/listarSolicitudProceso.xhtml HTTP/1.1" 302 -
186.155.12.94 - - [07/Nov/2023:05:11:33 -0500] "GET /sipse/faces/autenticacion.xhtml HTTP/1.1" 200 1099
186.155.12.94 - - [07/Nov/2023:05:11:36 -0500] "GET /sipse/faces/faces/index.xhtml HTTP/1.1" 200 677
186.155.12.94 - - [07/Nov/2023:05:11:36 -0500] "GET /sipse/faces/javax.faces.resource/theme.css?ln=primefaces-sipse HTTP/1.1" 304 -
186.155.12.94 - - [07/Nov/2023:05:11:36 -0500] "GET /sipse/faces/faces/faces/autenticacion.xhtml HTTP/1.1" 200 12405
186.155.12.94 - - [07/Nov/2023:05:11:37 -0500] "GET /sipse/faces/javax.faces.resource/theme.css?ln=primefaces-sipse HTTP/1.1" 304 -
186.155.12.94 - - [07/Nov/2023:05:11:37 -0500] "GET /sipse/faces/javax.faces.resource/primefaces.css?ln=primefaces&v=4.0 HTTP/1.1" 304 -
186.155.12.94 - - [07/Nov/2023:05:11:37 -0500] "GET /sipse/faces/javax.faces.resource/jquery/jquery.js?ln=primefaces&v=4.0 HTTP/1.1" 304 -
186.155.12.94 - - [07/Nov/2023:05:11:37 -0500] "GET /sipse/faces/javax.faces.resource/jquery/jquery-plugins.js?ln=primefaces&v=4.0 HTTP/1.1" 304 -
186.155.12.94 - - [07/Nov/2023:05:11:37 -0500] "GET /sipse/faces/javax.faces.resource/primefaces.js?ln=primefaces&v=4.0 HTTP/1.1" 304 -
186.155.12.94 - - [07/Nov/2023:05:11:37 -0500] "GET /sipse/faces/javax.faces.resource/layout/layout.js?ln=primefaces&v=4.0 HTTP/1.1" 304 -
186.155.12.94 - - [07/Nov/2023:05:11:37 -0500] "GET /sipse/faces/javax.faces.resource/layout/layout.css?ln=primefaces&v=4.0 HTTP/1.1" 304 -
186.155.12.94 - - [07/Nov/2023:05:11:37 -0500] "GET /sipse/faces/javax.faces.resource/images/ui-icons_898989_256x240.png?ln=primefaces-aristo HTTP/1.1" 200 5355
186.155.12.94 - - [07/Nov/2023:05:11:39 -0500] "POST /sipse/faces/autenticacion.xhtml HTTP/1.1" 200 2221
186.155.12.94 - - [07/Nov/2023:05:11:39 -0500] "GET /sipse/faces/javax.faces.resource/messages/messages.png?ln=primefaces&v=4.0 HTTP/1.1" 304 -
186.155.12.94 - - [07/Nov/2023:05:11:40 -0500] "POST /sipse/faces/autenticacion.xhtml HTTP/1.1" 200 16345
186.155.12.94 - - [07/Nov/2023:05:11:40 -0500] "GET /sipse/faces/javax.faces.resource/jquery/jquery.js?ln=primefaces&v=4.0 HTTP/1.1" 304 -
186.155.12.94 - - [07/Nov/2023:05:11:40 -0500] "GET /sipse/faces/javax.faces.resource/jquery/jquery-plugins.js?ln=primefaces&v=4.0 HTTP/1.1" 304 -
186.155.12.94 - - [07/Nov/2023:05:11:40 -0500] "GET /sipse/faces/javax.faces.resource/primefaces.js?ln=primefaces&v=4.0 HTTP/1.1" 304 -
186.155.12.94 - - [07/Nov/2023:05:11:40 -0500] "GET /sipse/faces/javax.faces.resource/layout/layout.js?ln=primefaces&v=4.0 HTTP/1.1" 304 -
186.155.12.94 - - [07/Nov/2023:05:11:42 -0500] "GET /sipse/faces/javax.faces.resource/images/ui-bg_flat_0_2d5972_40x100.png?ln=primefaces-aristo HTTP/1.1" 304 -
186.155.12.94 - - [07/Nov/2023:05:11:42 -0500] "POST /sipse/faces/bienvenido.xhtml HTTP/1.1" 200 2073
186.155.12.94 - - [07/Nov/2023:05:11:44 -0500] "POST /sipse/faces/bienvenido.xhtml HTTP/1.1" 200 193
186.155.12.94 - - [07/Nov/2023:05:11:44 -0500] "GET /sipse/faces/presentacion/financiero/solicitudAnulacion/consultarSolicitudAnulacion.xhtml HTTP/1.1" 200 40396
186.155.12.94 - - [07/Nov/2023:05:11:44 -0500] "GET /sipse/faces/javax.faces.resource/theme.css?ln=primefaces-sipse HTTP/1.1" 304 -
186.155.12.94 - - [07/Nov/2023:05:11:44 -0500] "GET /sipse/faces/javax.faces.resource/primefaces.css?ln=primefaces&v=4.0 HTTP/1.1" 304 -
186.155.12.94 - - [07/Nov/2023:05:11:44 -0500] "GET /sipse/faces/javax.faces.resource/layout/layout.css?ln=primefaces&v=4.0 HTTP/1.1" 304 -
186.155.12.94 - - [07/Nov/2023:05:11:44 -0500] "GET /sipse/faces/javax.faces.resource/jquery/jquery-plugins.js?ln=primefaces&v=4.0 HTTP/1.1" 304 -
186.155.12.94 - - [07/Nov/2023:05:11:44 -0500] "GET /sipse/faces/javax.faces.resource/jquery/jquery.js?ln=primefaces&v=4.0 HTTP/1.1" 304 -
186.155.12.94 - - [07/Nov/2023:05:11:44 -0500] "GET /sipse/faces/javax.faces.resource/primefaces.js?ln=primefaces&v=4.0 HTTP/1.1" 304 -
186.155.12.94 - - [07/Nov/2023:05:11:44 -0500] "GET /sipse/faces/javax.faces.resource/layout/layout.js?ln=primefaces&v=4.0 HTTP/1.1" 304 -
186.155.12.94 - - [07/Nov/2023:05:11:44 -0500] "GET /sipse/faces/javax.faces.resource/images/ui-icons_898989_256x240.png?ln=primefaces-aristo HTTP/1.1" 304 -
186.155.12.94 - - [07/Nov/2023:05:11:44 -0500] "GET /sipse/faces/javax.faces.resource/images/ui-bg_flat_0_2d5972_40x100.png?ln=primefaces-aristo HTTP/1.1" 304 -
186.155.12.94 - - [07/Nov/2023:05:11:44 -0500] "POST /sipse/faces/presentacion/financiero/solicitudAnulacion/consultarSolicitudAnulacion.xhtml HTTP/1.1" 200 10640
186.155.12.94 - - [07/Nov/2023:05:11:47 -0500] "POST /sipse/faces/presentacion/financiero/solicitudAnulacion/consultarSolicitudAnulacion.xhtml HTTP/1.1" 200 17007
172.22.2.4 - - [07/Nov/2023:05:10:36 -0500] "HEAD /BLA/boletinlegal/ HTTP/1.1" 200 -
172.22.2.4 - - [07/Nov/2023:05:10:47 -0500] "GET /BLA/boletinlegal/ HTTP/1.1" 200 50272
201.245.192.253 - - [07/Nov/2023:05:12:38 -0500] "POST /kwsrmcab/Wsrmcab  HTTP/1.1" 200 42686
186.155.12.94 - - [07/Nov/2023:05:12:52 -0500] "POST /sipse/faces/presentacion/financiero/solicitudAnulacion/consultarSolicitudAnulacion.xhtml HTTP/1.1" 200 17007
172.22.2.4 - - [07/Nov/2023:05:11:27 -0500] "GET /BLA/boletinlegal/ HTTP/1.1" 200 52827
186.155.12.94 - - [07/Nov/2023:05:13:12 -0500] "POST /sipse/faces/presentacion/financiero/solicitudAnulacion/consultarSolicitudAnulacion.xhtml HTTP/1.1" 200 17007
186.155.12.94 - - [07/Nov/2023:05:13:35 -0500] "POST /sipse/faces/presentacion/financiero/solicitudAnulacion/consultarSolicitudAnulacion.xhtml HTTP/1.1" 200 17007
186.155.12.94 - - [07/Nov/2023:05:13:56 -0500] "POST /sipse/faces/presentacion/financiero/solicitudAnulacion/consultarSolicitudAnulacion.xhtml HTTP/1.1" 200 17007
34.229.81.116 - - [07/Nov/2023:05:14:07 -0500] "GET /propietarios-inscritos-en-el-inventario-nacional-de-bifenilos-de-policlorados-tienen-plazo-hasta-noviembre-para-reportar-su-balance.html HTTP/1.1" 200 1003
186.155.12.94 - - [07/Nov/2023:05:14:17 -0500] "POST /sipse/faces/presentacion/financiero/solicitudAnulacion/consultarSolicitudAnulacion.xhtml HTTP/1.1" 200 17003
66.249.66.19 - - [07/Nov/2023:05:14:23 -0500] "GET /BLA/resoluciones/RESOLUCIONES%202009/2666.pdf HTTP/1.1" 200 516003
66.249.66.20 - - [07/Nov/2023:05:14:39 -0500] "GET /BLA/resoluciones/AUTOS%202009/1596.pdf HTTP/1.1" 200 125644
216.245.221.92 - - [07/Nov/2023:05:15:45 -0500] "HEAD / HTTP/1.1" 200 -
201.245.192.253 - - [07/Nov/2023:05:17:02 -0500] "POST /kwsrmcab/Wsrmcab HTTP/1.1" 200 40012
201.245.192.253 - - [07/Nov/2023:05:17:05 -0500] "POST /kwsrmcab/Wsrmcab HTTP/1.1" 200 40196
201.245.192.253 - - [07/Nov/2023:05:17:37 -0500] "POST /kwsrmcab/Wsrmcab  HTTP/1.1" 200 42686
172.22.2.4 - - [07/Nov/2023:05:16:26 -0500] "HEAD /BLA/boletinlegal/ HTTP/1.1" 200 -
52.167.144.192 - - [07/Nov/2023:05:18:19 -0500] "GET /BLA/resoluciones/AUTOS%202021/0467.pdf HTTP/1.1" 304 -
52.167.144.192 - - [07/Nov/2023:05:18:56 -0500] "GET /bla/resoluciones/autos%202010/0619.pdf HTTP/1.1" 200 162620
172.22.2.4 - - [07/Nov/2023:05:17:17 -0500] "GET /BLA/boletinlegal/ HTTP/1.1" 200 58644
201.245.192.253 - - [07/Nov/2023:05:20:18 -0500] "POST /kwsrmcab/Wsrmcab HTTP/1.1" 200 40012
201.245.192.253 - - [07/Nov/2023:05:20:21 -0500] "POST /kwsrmcab/Wsrmcab HTTP/1.1" 200 40196
216.245.221.92 - - [07/Nov/2023:05:20:45 -0500] "HEAD / HTTP/1.1" 200 -
201.245.192.253 - - [07/Nov/2023:05:22:36 -0500] "POST /kwsrmcab/Wsrmcab  HTTP/1.1" 200 42686
172.22.2.4 - - [07/Nov/2023:05:22:47 -0500] "GET /BLA/boletinlegal/robots.txt HTTP/1.1" 404 1038
172.22.2.4 - - [07/Nov/2023:05:22:47 -0500] "GET /BLA/boletinlegal/jurisprudencia/analisis/CUADRO%20ANALISIS%20SENTENCIA%20T-411%20DE%201992.doc HTTP/1.1" 200 41984
191.109.181.236 - - [07/Nov/2023:05:23:34 -0500] "GET /BLA/resoluciones/RESOLUCIONES%202021/4188.pdf HTTP/1.1" 200 499693
172.22.2.4 - - [07/Nov/2023:05:22:16 -0500] "HEAD /BLA/boletinlegal/ HTTP/1.1" 200 -
172.22.2.4 - - [07/Nov/2023:05:23:07 -0500] "GET /BLA/boletinlegal/ HTTP/1.1" 200 61018
216.245.221.92 - - [07/Nov/2023:05:25:45 -0500] "HEAD / HTTP/1.1" 200 -
66.249.66.21 - - [07/Nov/2023:05:26:10 -0500] "GET /BLA/resoluciones/RESOLUCIONES%202012/1551.pdf HTTP/1.1" 200 1265569
186.154.33.207 - - [07/Nov/2023:05:26:19 -0500] "GET /BLA/resoluciones/ HTTP/1.1" 200 13696
186.154.33.207 - - [07/Nov/2023:05:26:21 -0500] "GET /favicon.ico HTTP/1.1" 200 7782
186.154.33.207 - - [07/Nov/2023:05:26:25 -0500] "GET /BLA/resoluciones/index.php?dir=AUTOS+2014%2F HTTP/1.1" 200 890851
186.154.33.207 - - [07/Nov/2023:05:26:47 -0500] "GET /BLA/resoluciones/AUTOS%202014/3522.pdf HTTP/1.1" 200 527691
186.154.33.207 - - [07/Nov/2023:05:26:47 -0500] "GET /BLA/resoluciones/AUTOS%202014/3522.pdf HTTP/1.1" 206 1025
186.154.33.207 - - [07/Nov/2023:05:26:47 -0500] "GET /BLA/resoluciones/AUTOS%202014/3522.pdf HTTP/1.1" 200 527691
201.245.192.253 - - [07/Nov/2023:05:27:02 -0500] "POST /kwsrmcab/Wsrmcab HTTP/1.1" 200 40012
201.245.192.253 - - [07/Nov/2023:05:27:05 -0500] "POST /kwsrmcab/Wsrmcab HTTP/1.1" 200 40196
40.77.167.60 - - [07/Nov/2023:05:27:20 -0500] "GET /BLA/resoluciones/AUTOS%202023/2878.pdf HTTP/1.1" 200 406555
201.245.192.253 - - [07/Nov/2023:05:27:34 -0500] "POST /kwsrmcab/Wsrmcab  HTTP/1.1" 200 42686
186.154.33.207 - - [07/Nov/2023:05:26:56 -0500] "GET /BLA/resoluciones/index.php?dir=AUTOS+2014%2F HTTP/1.1" 200 890851
