172.22.2.4 - - [07/Nov/2023:07:36:33 -0500] "HEAD /BLA/boletinlegal/ HTTP/1.1" 200 -
100.21.24.205 - - [07/Nov/2023:07:38:14 -0500] "GET /BLA/resoluciones/index.php?dir=AUTOS%202003/&order=desc&sort=date HTTP/1.1" 200 1812
186.154.33.207 - - [07/Nov/2023:07:38:24 -0500] "GET /BLA/resoluciones/AUTOS%202013/2232.pdf HTTP/1.1" 200 353656
186.154.33.207 - - [07/Nov/2023:07:38:24 -0500] "GET /BLA/resoluciones/AUTOS%202013/2232.pdf HTTP/1.1" 200 353656
186.154.33.207 - - [07/Nov/2023:07:38:24 -0500] "GET /BLA/resoluciones/AUTOS%202013/2232.pdf HTTP/1.1" 206 1025
44.230.252.91 - - [07/Nov/2023:07:38:26 -0500] "GET /BLA/resoluciones/index.php?dir=AUTOS%202009/&order=desc&sort=size HTTP/1.1" 200 399859
52.25.208.208 - - [07/Nov/2023:07:38:29 -0500] "GET /BLA/resoluciones/index.php?dir=AUTOS%202011/&order=asc&sort=name HTTP/1.1" 200 636914
186.86.32.107 - - [07/Nov/2023:07:38:34 -0500] "POST /sipse/faces/presentacion/financiero/solicitudProceso/consultarSolicitudProceso.xhtml HTTP/1.1" 200 42323
186.86.32.107 - - [07/Nov/2023:07:38:34 -0500] "GET /sipse/faces/javax.faces.resource/theme.css?ln=primefaces-sipse HTTP/1.1" 304 -
186.86.32.107 - - [07/Nov/2023:07:38:34 -0500] "GET /sipse/faces/javax.faces.resource/primefaces.css?ln=primefaces&v=4.0 HTTP/1.1" 304 -
186.86.32.107 - - [07/Nov/2023:07:38:34 -0500] "GET /sipse/faces/javax.faces.resource/layout/layout.css?ln=primefaces&v=4.0 HTTP/1.1" 304 -
186.86.32.107 - - [07/Nov/2023:07:38:34 -0500] "GET /sipse/faces/javax.faces.resource/jquery/jquery.js?ln=primefaces&v=4.0 HTTP/1.1" 304 -
186.86.32.107 - - [07/Nov/2023:07:38:34 -0500] "GET /sipse/faces/javax.faces.resource/jquery/jquery-plugins.js?ln=primefaces&v=4.0 HTTP/1.1" 304 -
186.86.32.107 - - [07/Nov/2023:07:38:34 -0500] "GET /sipse/faces/javax.faces.resource/primefaces.js?ln=primefaces&v=4.0 HTTP/1.1" 304 -
186.86.32.107 - - [07/Nov/2023:07:38:34 -0500] "GET /sipse/faces/javax.faces.resource/layout/layout.js?ln=primefaces&v=4.0 HTTP/1.1" 304 -
186.86.32.107 - - [07/Nov/2023:07:38:35 -0500] "POST /sipse/faces/presentacion/financiero/solicitudProceso/consultar.xhtml HTTP/1.1" 200 35720
186.86.32.107 - - [07/Nov/2023:07:38:35 -0500] "POST /sipse/faces/presentacion/financiero/solicitudProceso/consultar.xhtml HTTP/1.1" 200 35720
52.25.208.208 - - [07/Nov/2023:07:38:37 -0500] "GET /BLA/resoluciones/index.php?dir=AUTOS%202006/AUTOS%202006%20801-900/&order=asc&sort=date HTTP/1.1" 200 21775
100.21.24.205 - - [07/Nov/2023:07:38:38 -0500] "GET /BLA/resoluciones/index.php?dir=RESOLUCIONES%202002/RES%202002%2001-50/&order=asc&sort=size HTTP/1.1" 200 13729
52.25.208.208 - - [07/Nov/2023:07:38:41 -0500] "GET /BLA/resoluciones/index.php?dir=RESOLUCIONES%202002/RES%202002%201651-1700/&order=desc&sort=name HTTP/1.1" 200 12154
186.86.32.107 - - [07/Nov/2023:07:38:43 -0500] "POST /sipse/faces/presentacion/financiero/solicitudProceso/consultar.xhtml HTTP/1.1" 200 13052
52.25.208.208 - - [07/Nov/2023:07:38:44 -0500] "GET /BLA/resoluciones/index.php?dir=RESOLUCIONES%202002/RES%202002%20551-600/&order=desc&sort=name HTTP/1.1" 200 12947
100.21.24.205 - - [07/Nov/2023:07:38:44 -0500] "GET /BLA/resoluciones/index.php?dir=RESOLUCIONES%202002/RES%202002%201101-1150/&order=asc&sort=date HTTP/1.1" 200 12347
44.230.252.91 - - [07/Nov/2023:07:38:46 -0500] "GET /BLA/resoluciones/RESOLUCIONES%202002/RES%202002%20551-600/INDEX.DAT HTTP/1.1" 200 4000
100.21.24.205 - - [07/Nov/2023:07:38:49 -0500] "GET /BLA/resoluciones/index.php?dir=AUTOS%202006/AUTOS%202006%20301-400/&order=asc&sort=date HTTP/1.1" 200 21781
66.249.66.19 - - [07/Nov/2023:07:38:49 -0500] "GET /BLA/resoluciones/RESOLUCIONES%202017/3230.pdf HTTP/1.1" 200 9907202
186.86.32.107 - - [07/Nov/2023:07:38:53 -0500] "POST /sipse/faces/presentacion/financiero/solicitudProceso/consultar.xhtml HTTP/1.1" 200 167518
186.86.32.107 - - [07/Nov/2023:07:38:54 -0500] "GET /sipse/faces/javax.faces.resource/theme.css?ln=primefaces-sipse HTTP/1.1" 304 -
186.86.32.107 - - [07/Nov/2023:07:38:54 -0500] "GET /sipse/faces/javax.faces.resource/primefaces.css?ln=primefaces&v=4.0 HTTP/1.1" 304 -
186.86.32.107 - - [07/Nov/2023:07:38:54 -0500] "GET /sipse/faces/javax.faces.resource/jquery/jquery.js?ln=primefaces&v=4.0 HTTP/1.1" 304 -
186.86.32.107 - - [07/Nov/2023:07:38:54 -0500] "GET /sipse/faces/javax.faces.resource/layout/layout.css?ln=primefaces&v=4.0 HTTP/1.1" 304 -
186.86.32.107 - - [07/Nov/2023:07:38:54 -0500] "GET /sipse/faces/javax.faces.resource/jquery/jquery-plugins.js?ln=primefaces&v=4.0 HTTP/1.1" 304 -
186.86.32.107 - - [07/Nov/2023:07:38:54 -0500] "GET /sipse/faces/javax.faces.resource/primefaces.js?ln=primefaces&v=4.0 HTTP/1.1" 304 -
186.86.32.107 - - [07/Nov/2023:07:38:54 -0500] "GET /sipse/faces/javax.faces.resource/layout/layout.js?ln=primefaces&v=4.0 HTTP/1.1" 304 -
100.21.24.205 - - [07/Nov/2023:07:39:00 -0500] "GET /BLA/resoluciones/index.php?dir=RESOLUCIONES%202002/RES%202002%20551-600/&order=asc&sort=size HTTP/1.1" 200 12948
186.86.32.107 - - [07/Nov/2023:07:39:02 -0500] "GET /sipse/faces/javax.faces.resource/theme.css?ln=primefaces-sipse HTTP/1.1" 304 -
186.86.32.107 - - [07/Nov/2023:07:39:02 -0500] "GET /sipse/faces/javax.faces.resource/primefaces.css?ln=primefaces&v=4.0 HTTP/1.1" 304 -
186.86.32.107 - - [07/Nov/2023:07:39:00 -0500] "POST /sipse/faces/presentacion/financiero/solicitudProceso/consultarSolicitudProceso.xhtml HTTP/1.1" 200 54176
186.86.32.107 - - [07/Nov/2023:07:39:02 -0500] "GET /sipse/faces/javax.faces.resource/jquery/jquery.js?ln=primefaces&v=4.0 HTTP/1.1" 304 -
186.86.32.107 - - [07/Nov/2023:07:39:02 -0500] "GET /sipse/faces/javax.faces.resource/layout/layout.css?ln=primefaces&v=4.0 HTTP/1.1" 304 -
186.86.32.107 - - [07/Nov/2023:07:39:02 -0500] "GET /sipse/faces/javax.faces.resource/jquery/jquery-plugins.js?ln=primefaces&v=4.0 HTTP/1.1" 304 -
186.86.32.107 - - [07/Nov/2023:07:39:02 -0500] "GET /sipse/faces/javax.faces.resource/primefaces.js?ln=primefaces&v=4.0 HTTP/1.1" 304 -
186.86.32.107 - - [07/Nov/2023:07:39:02 -0500] "GET /sipse/faces/javax.faces.resource/layout/layout.js?ln=primefaces&v=4.0 HTTP/1.1" 304 -
44.230.252.91 - - [07/Nov/2023:07:39:03 -0500] "GET /BLA/resoluciones/index.php?dir=RESOLUCIONES%202002/RES%202002%201851-1900/&order=asc&sort=size HTTP/1.1" 200 12150
172.22.2.4 - - [07/Nov/2023:07:37:24 -0500] "GET /BLA/boletinlegal/ HTTP/1.1" 200 58644
44.230.252.91 - - [07/Nov/2023:07:39:05 -0500] "GET /BLA/resoluciones/index.php?dir=AUTOS%202006/AUTOS%202006%20801-900/&order=asc&sort=size HTTP/1.1" 200 21775
100.21.24.205 - - [07/Nov/2023:07:39:05 -0500] "GET /BLA/resoluciones/index.php?dir=RESOLUCIONES%202002/RES%202002%20451-500/&order=asc&sort=date HTTP/1.1" 200 12051
66.249.66.19 - - [07/Nov/2023:07:39:06 -0500] "GET /BLA/resoluciones/RESOLUCIONES%202010/7243.pdf HTTP/1.1" 200 393450
52.25.208.208 - - [07/Nov/2023:07:39:07 -0500] "GET /BLA/resoluciones/index.php?dir=RESOLUCIONES%202002/RES%202002%201651-1700/&order=asc&sort=date HTTP/1.1" 200 12155
52.25.208.208 - - [07/Nov/2023:07:39:09 -0500] "GET /BLA/resoluciones/index.php?dir=RESOLUCIONES%202002/RES%202002%201851-1900/&order=desc&sort=name HTTP/1.1" 200 12149
44.230.252.91 - - [07/Nov/2023:07:39:11 -0500] "GET /BLA/resoluciones/RESOLUCIONES%202002/RES%202002%201101-1150/INDEX.DAT HTTP/1.1" 200 2000
100.21.24.205 - - [07/Nov/2023:07:39:11 -0500] "GET /BLA/resoluciones/index.php?dir=AUTOS%202006/AUTOS%202006%201-100/&order=asc&sort=size HTTP/1.1" 200 21539
44.230.252.91 - - [07/Nov/2023:07:39:12 -0500] "GET /BLA/resoluciones/index.php?dir=AUTOS%202006/AUTOS%202006%201501%20-%201600/&order=desc&sort=name HTTP/1.1" 200 22231
52.25.208.208 - - [07/Nov/2023:07:39:13 -0500] "GET /BLA/resoluciones/index.php?dir=AUTOS%202006/AUTOS%202006%201501%20-%201600/&order=asc&sort=date HTTP/1.1" 200 22232
44.230.252.91 - - [07/Nov/2023:07:39:18 -0500] "GET /BLA/resoluciones/index.php?dir=AUTOS%202006/AUTOS%202006%201901%20-%202000/&order=desc&sort=name HTTP/1.1" 200 22185
100.21.24.205 - - [07/Nov/2023:07:39:20 -0500] "GET /BLA/resoluciones/AUTOS%202006/AUTOS%202006%201-100/INDEX.DAT HTTP/1.1" 200 4000
100.21.24.205 - - [07/Nov/2023:07:39:19 -0500] "GET /BLA/resoluciones/index.php?dir=RESOLUCIONES%202002/RES%202002%20251-300/&order=desc&sort=name HTTP/1.1" 200 12033
52.25.208.208 - - [07/Nov/2023:07:39:20 -0500] "GET /BLA/resoluciones/index.php?dir=AUTOS%202006/AUTOS%202006%201-100/&order=asc&sort=date HTTP/1.1" 200 21539
100.21.24.205 - - [07/Nov/2023:07:39:20 -0500] "GET /BLA/resoluciones/index.php?dir=AUTOS%202006/AUTOS%202006%201-100/&order=desc&sort=name HTTP/1.1" 200 21538
100.21.24.205 - - [07/Nov/2023:07:39:25 -0500] "GET /BLA/resoluciones/AUTOS%202006/AUTOS%202006%201501%20-%201600/INDEX.DAT HTTP/1.1" 200 4000
100.21.24.205 - - [07/Nov/2023:07:39:26 -0500] "GET /BLA/resoluciones/AUTOS%202006/AUTOS%202006%20301-400/INDEX.DAT HTTP/1.1" 200 4000
44.230.252.91 - - [07/Nov/2023:07:39:26 -0500] "GET /BLA/resoluciones/index.php?dir=AUTOS%202006/AUTOS%202006%201501%20-%201600/&order=asc&sort=size HTTP/1.1" 200 22232
100.21.24.205 - - [07/Nov/2023:07:39:27 -0500] "GET /BLA/resoluciones/index.php?dir=AUTOS%202006/AUTOS%202006%20301-400/&order=asc&sort=size HTTP/1.1" 200 21781
100.21.24.205 - - [07/Nov/2023:07:39:29 -0500] "GET /BLA/resoluciones/index.php?dir=RESOLUCIONES%202002/RES%202002%20451-500/&order=asc&sort=size HTTP/1.1" 200 12051
52.25.208.208 - - [07/Nov/2023:07:39:29 -0500] "GET /BLA/resoluciones/index.php?dir=RESOLUCIONES%201993/&order=asc&sort=name HTTP/1.1" 200 2879
44.230.252.91 - - [07/Nov/2023:07:39:31 -0500] "GET /BLA/resoluciones/index.php?dir=RESOLUCIONES%202002/RES%202002%20451-500/&order=desc&sort=name HTTP/1.1" 200 12050
100.21.24.205 - - [07/Nov/2023:07:39:30 -0500] "GET /BLA/resoluciones/index.php?dir=AUTOS%202006/AUTOS%202006%201901%20-%202000/&order=asc&sort=date HTTP/1.1" 200 22186
44.230.252.91 - - [07/Nov/2023:07:39:33 -0500] "GET /BLA/resoluciones/index.php?dir=RESOLUCIONES%202003/RES%202003%201101-1150/&order=desc&sort=name HTTP/1.1" 200 11571
44.230.252.91 - - [07/Nov/2023:07:39:38 -0500] "GET /BLA/resoluciones/index.php?dir=RESOLUCIONES%202003/RES%202003%201101-1150/&order=asc&sort=date HTTP/1.1" 200 11572
186.86.32.107 - - [07/Nov/2023:07:39:52 -0500] "GET /sipse/faces/javax.faces.resource/theme.css?ln=primefaces-sipse HTTP/1.1" 304 -
186.86.32.107 - - [07/Nov/2023:07:39:52 -0500] "GET /sipse/faces/javax.faces.resource/primefaces.css?ln=primefaces&v=4.0 HTTP/1.1" 304 -
186.86.32.107 - - [07/Nov/2023:07:39:52 -0500] "GET /sipse/faces/javax.faces.resource/layout/layout.css?ln=primefaces&v=4.0 HTTP/1.1" 304 -
186.86.32.107 - - [07/Nov/2023:07:39:52 -0500] "GET /sipse/faces/javax.faces.resource/jquery/jquery.js?ln=primefaces&v=4.0 HTTP/1.1" 304 -
186.86.32.107 - - [07/Nov/2023:07:39:52 -0500] "GET /sipse/faces/javax.faces.resource/jquery/jquery-plugins.js?ln=primefaces&v=4.0 HTTP/1.1" 304 -
186.86.32.107 - - [07/Nov/2023:07:39:52 -0500] "GET /sipse/faces/javax.faces.resource/primefaces.js?ln=primefaces&v=4.0 HTTP/1.1" 304 -
186.86.32.107 - - [07/Nov/2023:07:39:52 -0500] "GET /sipse/faces/javax.faces.resource/layout/layout.js?ln=primefaces&v=4.0 HTTP/1.1" 304 -
186.86.32.107 - - [07/Nov/2023:07:39:51 -0500] "POST /sipse/faces/presentacion/financiero/solicitudProceso/consultarHistorialSolProceso.xhtml HTTP/1.1" 200 212928
201.245.192.253 - - [07/Nov/2023:07:40:09 -0500] "POST /sipse/faces/presentacion/financiero/solicitudProceso/consultarHistorialSolProceso.xhtml HTTP/1.1" 200 156275
201.245.192.253 - - [07/Nov/2023:07:40:10 -0500] "GET /sipse/faces/javax.faces.resource/theme.css?ln=primefaces-sipse HTTP/1.1" 304 -
201.245.192.253 - - [07/Nov/2023:07:40:10 -0500] "GET /sipse/faces/javax.faces.resource/jquery/jquery-plugins.js?ln=primefaces&v=4.0 HTTP/1.1" 304 -
201.245.192.253 - - [07/Nov/2023:07:40:10 -0500] "GET /sipse/faces/javax.faces.resource/layout/layout.css?ln=primefaces&v=4.0 HTTP/1.1" 304 -
201.245.192.253 - - [07/Nov/2023:07:40:10 -0500] "GET /sipse/faces/javax.faces.resource/jquery/jquery.js?ln=primefaces&v=4.0 HTTP/1.1" 304 -
201.245.192.253 - - [07/Nov/2023:07:40:10 -0500] "GET /sipse/faces/javax.faces.resource/primefaces.css?ln=primefaces&v=4.0 HTTP/1.1" 304 -
201.245.192.253 - - [07/Nov/2023:07:40:10 -0500] "GET /sipse/faces/javax.faces.resource/primefaces.js?ln=primefaces&v=4.0 HTTP/1.1" 304 -
201.245.192.253 - - [07/Nov/2023:07:40:10 -0500] "GET /sipse/faces/javax.faces.resource/layout/layout.js?ln=primefaces&v=4.0 HTTP/1.1" 304 -
201.245.192.253 - - [07/Nov/2023:07:40:13 -0500] "POST /sipse/faces/presentacion/financiero/solicitudProceso/consultarSolicitudProceso.xhtml HTTP/1.1" 200 33693
201.245.192.253 - - [07/Nov/2023:07:40:13 -0500] "GET /sipse/faces/javax.faces.resource/theme.css?ln=primefaces-sipse HTTP/1.1" 304 -
201.245.192.253 - - [07/Nov/2023:07:40:13 -0500] "GET /sipse/faces/javax.faces.resource/primefaces.css?ln=primefaces&v=4.0 HTTP/1.1" 304 -
201.245.192.253 - - [07/Nov/2023:07:40:13 -0500] "GET /sipse/faces/javax.faces.resource/layout/layout.css?ln=primefaces&v=4.0 HTTP/1.1" 304 -
201.245.192.253 - - [07/Nov/2023:07:40:13 -0500] "GET /sipse/faces/javax.faces.resource/jquery/jquery.js?ln=primefaces&v=4.0 HTTP/1.1" 304 -
201.245.192.253 - - [07/Nov/2023:07:40:13 -0500] "GET /sipse/faces/javax.faces.resource/jquery/jquery-plugins.js?ln=primefaces&v=4.0 HTTP/1.1" 304 -
201.245.192.253 - - [07/Nov/2023:07:40:13 -0500] "GET /sipse/faces/javax.faces.resource/primefaces.js?ln=primefaces&v=4.0 HTTP/1.1" 304 -
201.245.192.253 - - [07/Nov/2023:07:40:13 -0500] "GET /sipse/faces/javax.faces.resource/layout/layout.js?ln=primefaces&v=4.0 HTTP/1.1" 304 -
201.245.192.253 - - [07/Nov/2023:07:40:13 -0500] "POST /sipse/faces/presentacion/financiero/solicitudProceso/listarSolicitudProceso.xhtml HTTP/1.1" 200 1368
201.245.192.253 - - [07/Nov/2023:07:40:17 -0500] "POST /kwsrmcab/Wsrmcab HTTP/1.1" 200 40063
201.245.192.253 - - [07/Nov/2023:07:40:20 -0500] "POST /kwsrmcab/Wsrmcab HTTP/1.1" 200 40230
44.230.252.91 - - [07/Nov/2023:07:40:23 -0500] "GET /BLA/resoluciones/AUTOS%202006/AUTOS%202006%202201%20-%202300/INDEX.DAT HTTP/1.1" 200 4000
216.245.221.92 - - [07/Nov/2023:07:40:45 -0500] "HEAD / HTTP/1.1" 200 -
186.86.32.107 - - [07/Nov/2023:07:40:58 -0500] "POST /sipse/faces/presentacion/financiero/solicitudProceso/consultarSolicitudProceso.xhtml HTTP/1.1" 200 42263
186.86.32.107 - - [07/Nov/2023:07:40:59 -0500] "GET /sipse/faces/javax.faces.resource/theme.css?ln=primefaces-sipse HTTP/1.1" 304 -
186.86.32.107 - - [07/Nov/2023:07:40:59 -0500] "GET /sipse/faces/javax.faces.resource/primefaces.css?ln=primefaces&v=4.0 HTTP/1.1" 304 -
186.86.32.107 - - [07/Nov/2023:07:40:59 -0500] "GET /sipse/faces/javax.faces.resource/layout/layout.css?ln=primefaces&v=4.0 HTTP/1.1" 304 -
186.86.32.107 - - [07/Nov/2023:07:40:59 -0500] "GET /sipse/faces/javax.faces.resource/jquery/jquery.js?ln=primefaces&v=4.0 HTTP/1.1" 304 -
186.86.32.107 - - [07/Nov/2023:07:40:59 -0500] "GET /sipse/faces/javax.faces.resource/jquery/jquery-plugins.js?ln=primefaces&v=4.0 HTTP/1.1" 304 -
186.86.32.107 - - [07/Nov/2023:07:40:59 -0500] "GET /sipse/faces/javax.faces.resource/primefaces.js?ln=primefaces&v=4.0 HTTP/1.1" 304 -
186.86.32.107 - - [07/Nov/2023:07:40:59 -0500] "GET /sipse/faces/javax.faces.resource/layout/layout.js?ln=primefaces&v=4.0 HTTP/1.1" 304 -
186.86.32.107 - - [07/Nov/2023:07:41:04 -0500] "POST /sipse/faces/presentacion/financiero/solicitudProceso/consultar.xhtml HTTP/1.1" 200 12876
186.86.32.107 - - [07/Nov/2023:07:41:08 -0500] "POST /sipse/faces/presentacion/financiero/solicitudProceso/consultar.xhtml HTTP/1.1" 200 127555
186.86.32.107 - - [07/Nov/2023:07:41:09 -0500] "GET /sipse/faces/javax.faces.resource/theme.css?ln=primefaces-sipse HTTP/1.1" 304 -
186.86.32.107 - - [07/Nov/2023:07:41:09 -0500] "GET /sipse/faces/javax.faces.resource/layout/layout.css?ln=primefaces&v=4.0 HTTP/1.1" 304 -
186.86.32.107 - - [07/Nov/2023:07:41:09 -0500] "GET /sipse/faces/javax.faces.resource/primefaces.css?ln=primefaces&v=4.0 HTTP/1.1" 304 -
186.86.32.107 - - [07/Nov/2023:07:41:09 -0500] "GET /sipse/faces/javax.faces.resource/jquery/jquery.js?ln=primefaces&v=4.0 HTTP/1.1" 304 -
186.86.32.107 - - [07/Nov/2023:07:41:09 -0500] "GET /sipse/faces/javax.faces.resource/jquery/jquery-plugins.js?ln=primefaces&v=4.0 HTTP/1.1" 304 -
186.86.32.107 - - [07/Nov/2023:07:41:09 -0500] "GET /sipse/faces/javax.faces.resource/primefaces.js?ln=primefaces&v=4.0 HTTP/1.1" 304 -
186.86.32.107 - - [07/Nov/2023:07:41:09 -0500] "GET /sipse/faces/javax.faces.resource/layout/layout.js?ln=primefaces&v=4.0 HTTP/1.1" 304 -
44.230.252.91 - - [07/Nov/2023:07:41:38 -0500] "GET /BLA/resoluciones/index.php?dir=AUTOS%202006/AUTOS%202006%202201%20-%202300/&order=asc&sort=date HTTP/1.1" 200 22194
100.21.24.205 - - [07/Nov/2023:07:41:46 -0500] "GET /BLA/resoluciones/index.php?dir=RESOLUCIONES%202004/RES%202004%201051-1100/&order=asc&sort=size HTTP/1.1" 200 12164
186.86.32.107 - - [07/Nov/2023:07:42:02 -0500] "POST /sipse/faces/presentacion/financiero/solicitudProceso/consultarSolicitudProceso.xhtml HTTP/1.1" 200 23003
186.86.32.107 - - [07/Nov/2023:07:42:06 -0500] "POST /sipse/faces/presentacion/financiero/solicitudProceso/consultarSolicitudProceso.xhtml HTTP/1.1" 200 699261
100.21.24.205 - - [07/Nov/2023:07:42:06 -0500] "GET /BLA/resoluciones/RESOLUCIONES%202002/RES%202002%20851-900/INDEX.DAT HTTP/1.1" 200 2000
100.21.24.205 - - [07/Nov/2023:07:42:06 -0500] "GET /BLA/resoluciones/index.php?dir=AUTOS%202006/AUTOS%202006%202201%20-%202300/&order=desc&sort=name HTTP/1.1" 200 22193
201.245.192.253 - - [07/Nov/2023:07:42:06 -0500] "POST /kwsrmcab/Wsrmcab  HTTP/1.1" 200 42686
52.25.208.208 - - [07/Nov/2023:07:42:12 -0500] "GET /BLA/resoluciones/RESOLUCIONES%202004/RES%202004%201701-1750/INDEX.DAT HTTP/1.1" 200 2000
52.25.208.208 - - [07/Nov/2023:07:42:12 -0500] "GET /BLA/resoluciones/AUTOS%202006/AUTOS%202006%201801-%201900/INDEX.DAT HTTP/1.1" 200 4000
44.230.252.91 - - [07/Nov/2023:07:42:13 -0500] "GET /BLA/resoluciones/AUTOS%202006/AUTOS%202006%203101%20-%203200/INDEX.DAT HTTP/1.1" 200 4000
44.230.252.91 - - [07/Nov/2023:07:42:14 -0500] "GET /BLA/resoluciones/RESOLUCIONES%202002/RES%202002%20951-1000/INDEX.DAT HTTP/1.1" 200 2000
52.25.208.208 - - [07/Nov/2023:07:42:14 -0500] "GET /BLA/resoluciones/RESOLUCIONES%202004/RES%202004%202101-2150/INDEX.DAT HTTP/1.1" 200 2000
186.29.165.62 - - [07/Nov/2023:07:42:15 -0500] "GET /BLA/resoluciones/index.php?dir=AUTOS+2013%2F HTTP/1.1" 200 407754
52.25.208.208 - - [07/Nov/2023:07:42:16 -0500] "GET /BLA/resoluciones/AUTOS%202006/AUTOS%202006%203201%20-%203300/INDEX.DAT HTTP/1.1" 200 4000
44.230.252.91 - - [07/Nov/2023:07:42:17 -0500] "GET /BLA/resoluciones/RESOLUCIONES%202004/RES%202004%201401-1450/INDEX.DAT HTTP/1.1" 200 2000
52.25.208.208 - - [07/Nov/2023:07:42:17 -0500] "GET /BLA/resoluciones/index.php?dir=RESOLUCIONES%202004/RES%202004%201751-1800/&order=desc&sort=name HTTP/1.1" 200 12362
52.25.208.208 - - [07/Nov/2023:07:42:20 -0500] "GET /BLA/resoluciones/RESOLUCIONES%202004/RES%202004%201451-1500/INDEX.DAT HTTP/1.1" 200 2000
100.21.24.205 - - [07/Nov/2023:07:42:24 -0500] "GET /BLA/resoluciones/RESOLUCIONES%202002/RES%202002%20901-950/INDEX.DAT HTTP/1.1" 200 1960
186.29.165.62 - - [07/Nov/2023:07:42:23 -0500] "GET /BLA/resoluciones/index.php?dir=RESOLUCIONES+2013%2F HTTP/1.1" 200 238278
100.21.24.205 - - [07/Nov/2023:07:42:24 -0500] "GET /BLA/resoluciones/index.php?dir=AUTOS%201997/&order=desc&sort=size HTTP/1.1" 200 2024
186.29.165.62 - - [07/Nov/2023:07:42:24 -0500] "GET /BLA/resoluciones/dlf/doc.gif HTTP/1.1" 200 1079
52.25.208.208 - - [07/Nov/2023:07:42:31 -0500] "GET /BLA/resoluciones/index.php?dir=AUTOS%202006/AUTOS%202006%201801-%201900/&order=asc&sort=date HTTP/1.1" 200 22159
100.21.24.205 - - [07/Nov/2023:07:42:32 -0500] "GET /BLA/resoluciones/index.php?dir=AUTOS%202006/AUTOS%202006%201101-1200/&order=asc&sort=date HTTP/1.1" 200 21976
100.21.24.205 - - [07/Nov/2023:07:42:34 -0500] "GET /BLA/resoluciones/index.php?dir=Decretos/&order=desc&sort=date HTTP/1.1" 200 6803
52.25.208.208 - - [07/Nov/2023:07:42:34 -0500] "GET /BLA/resoluciones/AUTOS%202006/AUTOS%202006%201201-1300/INDEX.DAT HTTP/1.1" 200 4000
52.25.208.208 - - [07/Nov/2023:07:42:35 -0500] "GET /BLA/resoluciones/index.php?dir=AUTOS%202006/AUTOS%202006%201201-1300/&order=asc&sort=date HTTP/1.1" 200 22013
52.25.208.208 - - [07/Nov/2023:07:42:37 -0500] "GET /BLA/resoluciones/RESOLUCIONES%202004/RES%202004%201551-1600/INDEX.DAT HTTP/1.1" 200 2000
44.230.252.91 - - [07/Nov/2023:07:42:41 -0500] "GET /BLA/resoluciones/index.php?dir=AUTOS%202006/AUTOS%202006%203301%20-%203418/&order=asc&sort=date HTTP/1.1" 200 25807
100.21.24.205 - - [07/Nov/2023:07:42:44 -0500] "GET /BLA/resoluciones/index.php?dir=AUTOS%202006/AUTOS%202006%201801-%201900/&order=desc&sort=name HTTP/1.1" 200 22158
52.25.208.208 - - [07/Nov/2023:07:42:44 -0500] "GET /BLA/resoluciones/index.php?dir=AUTOS%202006/AUTOS%202006%201301-1400/&order=asc&sort=size HTTP/1.1" 200 22002
100.21.24.205 - - [07/Nov/2023:07:42:46 -0500] "GET /BLA/resoluciones/index.php?dir=AUTOS%202006/AUTOS%202006%20101-200/&order=asc&sort=date HTTP/1.1" 200 21758
100.21.24.205 - - [07/Nov/2023:07:42:52 -0500] "GET /BLA/resoluciones/AUTOS%202006/AUTOS%202006%202901%20-%203000/INDEX.DAT HTTP/1.1" 200 4000
100.21.24.205 - - [07/Nov/2023:07:42:53 -0500] "GET /BLA/resoluciones/AUTOS%202006/AUTOS%202006%201301-1400/INDEX.DAT HTTP/1.1" 200 4000
44.230.252.91 - - [07/Nov/2023:07:42:54 -0500] "GET /BLA/resoluciones/index.php?dir=AUTOS%202006/AUTOS%202006%203201%20-%203300/&order=asc&sort=size HTTP/1.1" 200 22209
100.21.24.205 - - [07/Nov/2023:07:42:57 -0500] "GET /BLA/resoluciones/RESOLUCIONES%202004/RES%202004%201851-1900/INDEX.DAT HTTP/1.1" 200 2000
100.21.24.205 - - [07/Nov/2023:07:43:01 -0500] "GET /BLA/resoluciones/index.php?dir=AUTOS%202006/AUTOS%202006%202501%20-%202600/&order=asc&sort=date HTTP/1.1" 200 22209
52.25.208.208 - - [07/Nov/2023:07:43:03 -0500] "GET /BLA/resoluciones/index.php?dir=AUTOS%202006/AUTOS%202006%203101%20-%203200/&order=asc&sort=size HTTP/1.1" 200 22189
100.21.24.205 - - [07/Nov/2023:07:43:03 -0500] "GET /BLA/resoluciones/index.php?dir=AUTOS%202006/AUTOS%202006%203201%20-%203300/&order=desc&sort=name HTTP/1.1" 200 22208
44.230.252.91 - - [07/Nov/2023:07:43:04 -0500] "GET /BLA/resoluciones/index.php?dir=AUTOS%202006/AUTOS%202006%20901-1000/&order=desc&sort=name HTTP/1.1" 200 21876
100.21.24.205 - - [07/Nov/2023:07:43:07 -0500] "GET /BLA/resoluciones/RESOLUCIONES%202004/RES%202004%201351-1400/INDEX.DAT HTTP/1.1" 200 2000
44.230.252.91 - - [07/Nov/2023:07:43:10 -0500] "GET /BLA/resoluciones/index.php?dir=AUTOS%202006/AUTOS%202006%203101%20-%203200/&order=desc&sort=name HTTP/1.1" 200 22188
44.230.252.91 - - [07/Nov/2023:07:43:11 -0500] "GET /BLA/resoluciones/index.php?dir=AUTOS%202006/AUTOS%202006%20901-1000/&order=asc&sort=date HTTP/1.1" 200 21877
100.21.24.205 - - [07/Nov/2023:07:43:11 -0500] "GET /BLA/resoluciones/RESOLUCIONES%202002/RES%202002%20351-400/INDEX.DAT HTTP/1.1" 200 10000
52.25.208.208 - - [07/Nov/2023:07:43:11 -0500] "GET /BLA/resoluciones/index.php?dir=AUTOS%202006/AUTOS%202006%202201%20-%202300/&order=asc&sort=size HTTP/1.1" 200 22194
52.25.208.208 - - [07/Nov/2023:07:43:13 -0500] "GET /BLA/resoluciones/index.php?dir=AUTOS%202006/AUTOS%202006%202501%20-%202600/&order=asc&sort=size HTTP/1.1" 200 22209
44.230.252.91 - - [07/Nov/2023:07:43:14 -0500] "GET /BLA/resoluciones/index.php?dir=AUTOS%202006/AUTOS%202006%202601%20-%202700/&order=asc&sort=size HTTP/1.1" 200 22189
52.25.208.208 - - [07/Nov/2023:07:43:15 -0500] "GET /BLA/resoluciones/RESOLUCIONES%202004/RES%202004%202251-2300/INDEX.DAT HTTP/1.1" 200 2000
52.25.208.208 - - [07/Nov/2023:07:43:16 -0500] "GET /BLA/resoluciones/index.php?dir=AUTOS%202006/AUTOS%202006%20501-600/&order=asc&sort=size HTTP/1.1" 200 21780
100.21.24.205 - - [07/Nov/2023:07:43:20 -0500] "GET /BLA/resoluciones/index.php?dir=RESOLUCIONES%202004/RES%202004%201051-1100/&order=desc&sort=name HTTP/1.1" 200 12163
100.21.24.205 - - [07/Nov/2023:07:43:21 -0500] "GET /BLA/resoluciones/index.php?dir=AUTOS%202006/AUTOS%202006%20401-500/&order=asc&sort=size HTTP/1.1" 200 21769
52.25.208.208 - - [07/Nov/2023:07:43:19 -0500] "GET /BLA/resoluciones/index.php?dir=AUTOS%202014/&order=asc&sort=name HTTP/1.1" 200 890851
100.21.24.205 - - [07/Nov/2023:07:43:23 -0500] "GET /BLA/resoluciones/AUTOS%202006/AUTOS%202006%202701%20-%202800/INDEX.DAT HTTP/1.1" 200 4000
44.230.252.91 - - [07/Nov/2023:07:43:27 -0500] "GET /BLA/resoluciones/index.php?dir=AUTOS%202006/&order=asc&sort=name HTTP/1.1" 200 9681
100.21.24.205 - - [07/Nov/2023:07:43:28 -0500] "GET /BLA/resoluciones/index.php?dir=AUTOS%202006/AUTOS%202006%201201-1300/&order=desc&sort=name HTTP/1.1" 200 22012
100.21.24.205 - - [07/Nov/2023:07:43:30 -0500] "GET /BLA/resoluciones/RESOLUCIONES%202002/RES%202002%20651-700/INDEX.DAT HTTP/1.1" 200 4000
52.25.208.208 - - [07/Nov/2023:07:43:31 -0500] "GET /BLA/resoluciones/AUTOS%202006/AUTOS%202006%20101-200/INDEX.DAT HTTP/1.1" 200 4000
100.21.24.205 - - [07/Nov/2023:07:43:28 -0500] "GET /BLA/resoluciones/index.php?dir=AUTOS%202015/&order=desc&sort=size HTTP/1.1" 200 584493
44.230.252.91 - - [07/Nov/2023:07:43:33 -0500] "GET /BLA/resoluciones/index.php?dir=AUTOS%202006/AUTOS%202006%20901-1000/&order=asc&sort=size HTTP/1.1" 200 21877
44.230.252.91 - - [07/Nov/2023:07:43:34 -0500] "GET /BLA/resoluciones/index.php?dir=Notificaciones/REGISTROS%202013/ HTTP/1.1" 200 2053
100.21.24.205 - - [07/Nov/2023:07:43:35 -0500] "GET /BLA/resoluciones/index.php?dir=AUTOS%201997/&order=desc&sort=date HTTP/1.1" 200 2024
44.230.252.91 - - [07/Nov/2023:07:43:36 -0500] "GET /BLA/resoluciones/AUTOS%202006/AUTOS%202006%202501%20-%202600/INDEX.DAT HTTP/1.1" 200 4000
52.25.208.208 - - [07/Nov/2023:07:43:34 -0500] "GET /BLA/resoluciones/index.php?dir=AUTOS%202017/&order=desc&sort=size HTTP/1.1" 200 483317
100.21.24.205 - - [07/Nov/2023:07:43:36 -0500] "GET /BLA/resoluciones/AUTOS%202006/AUTOS%202006%20501-600/INDEX.DAT HTTP/1.1" 200 4000
44.230.252.91 - - [07/Nov/2023:07:43:37 -0500] "GET /BLA/resoluciones/index.php?dir=AUTOS%202006/AUTOS%202006%202301%20-%202400/&order=desc&sort=name HTTP/1.1" 200 22196
44.230.252.91 - - [07/Nov/2023:07:43:37 -0500] "GET /BLA/resoluciones/index.php?dir=RESOLUCIONES%202004/RES%202004%201201-1250/&order=asc&sort=size HTTP/1.1" 200 12361
44.230.252.91 - - [07/Nov/2023:07:43:38 -0500] "GET /BLA/resoluciones/index.php?dir=RESOLUCIONES%202004/RES%202004%201751-1800/&order=asc&sort=size HTTP/1.1" 200 12363
44.230.252.91 - - [07/Nov/2023:07:43:35 -0500] "GET /BLA/resoluciones/index.php?dir=AUTOS%202014/&order=desc&sort=date HTTP/1.1" 200 890850
44.230.252.91 - - [07/Nov/2023:07:43:36 -0500] "GET /BLA/resoluciones/index.php?dir=AUTOS%202022/&order=desc&sort=size HTTP/1.1" 200 507973
52.25.208.208 - - [07/Nov/2023:07:43:39 -0500] "GET /BLA/resoluciones/AUTOS%202006/AUTOS%202006%202401%20-%202500/INDEX.DAT HTTP/1.1" 200 4000
52.25.208.208 - - [07/Nov/2023:07:43:41 -0500] "GET /BLA/resoluciones/RESOLUCIONES%202004/RES%202004%201801-1850/INDEX.DAT HTTP/1.1" 200 2000
100.21.24.205 - - [07/Nov/2023:07:43:42 -0500] "GET /BLA/resoluciones/RESOLUCIONES%202004/RES%202004%201301-1350/INDEX.DAT HTTP/1.1" 200 2000
52.25.208.208 - - [07/Nov/2023:07:43:42 -0500] "GET /BLA/resoluciones/index.php?dir=Notificaciones/AUTOS%201988/&order=asc&sort=size HTTP/1.1" 200 2205
52.25.208.208 - - [07/Nov/2023:07:43:41 -0500] "GET /BLA/resoluciones/AUTOS%202021/0245.php? HTTP/1.1" 200 107010
44.230.252.91 - - [07/Nov/2023:07:43:44 -0500] "GET /BLA/resoluciones/AUTOS%202006/AUTOS%202006%20401-500/INDEX.DAT HTTP/1.1" 200 4000
44.230.252.91 - - [07/Nov/2023:07:43:44 -0500] "GET /BLA/resoluciones/index.php?dir=RESOLUCIONES%202003/RES%202003%201451-1500/&order=asc&sort=date HTTP/1.1" 200 12159
100.21.24.205 - - [07/Nov/2023:07:43:44 -0500] "GET /BLA/resoluciones/RESOLUCIONES%202002/RES%202002%20801-850/INDEX.DAT HTTP/1.1" 200 2000
52.25.208.208 - - [07/Nov/2023:07:43:44 -0500] "GET /BLA/resoluciones/index.php?dir=RESOLUCIONES%202004/RES%202004%201051-1100/&order=asc&sort=date HTTP/1.1" 200 12164
100.21.24.205 - - [07/Nov/2023:07:43:46 -0500] "GET /BLA/resoluciones/AUTOS%202006/AUTOS%202006%202101%20-%202200/INDEX.DAT HTTP/1.1" 200 4000
100.21.24.205 - - [07/Nov/2023:07:43:44 -0500] "GET /BLA/resoluciones/index.php?dir=AUTOS%202022/&order=asc&sort=name HTTP/1.1" 200 507974
44.230.252.91 - - [07/Nov/2023:07:43:45 -0500] "GET /BLA/resoluciones/index.php?dir=AUTOS%202021/&order=asc&sort=name HTTP/1.1" 200 398874
44.230.252.91 - - [07/Nov/2023:07:43:47 -0500] "GET /BLA/resoluciones/index.php?dir=AUTOS%202006/AUTOS%202006%201801-%201900/&order=asc&sort=size HTTP/1.1" 200 22159
100.21.24.205 - - [07/Nov/2023:07:43:48 -0500] "GET /BLA/resoluciones/AUTOS%202006/AUTOS%202006%20901-1000/INDEX.DAT HTTP/1.1" 200 4000
52.25.208.208 - - [07/Nov/2023:07:43:47 -0500] "GET /BLA/resoluciones/index.php?dir=AUTOS%202010/ HTTP/1.1" 200 280537
100.21.24.205 - - [07/Nov/2023:07:43:49 -0500] "GET /BLA/resoluciones/index.php?dir=RESOLUCIONES%201994/&order=asc&sort=name HTTP/1.1" 200 2479
100.21.24.205 - - [07/Nov/2023:07:43:49 -0500] "GET /BLA/resoluciones/index.php?dir=Notificaciones/AUTOS%202202/&order=asc&sort=size HTTP/1.1" 200 2022
100.21.24.205 - - [07/Nov/2023:07:43:50 -0500] "GET /BLA/resoluciones/AUTOS%202006/AUTOS%202006%202601%20-%202700/INDEX.DAT HTTP/1.1" 200 4000
100.21.24.205 - - [07/Nov/2023:07:43:42 -0500] "GET /BLA/resoluciones/index.php?dir=AUTOS%202011/&order=desc&sort=size HTTP/1.1" 200 636913
52.25.208.208 - - [07/Nov/2023:07:43:52 -0500] "GET /BLA/resoluciones/AUTOS%202006/AUTOS%202006%203301%20-%203418/INDEX.DAT HTTP/1.1" 200 4720
44.230.252.91 - - [07/Nov/2023:07:43:52 -0500] "GET /BLA/resoluciones/index.php?dir=AUTOS%202006/AUTOS%202006%202401%20-%202500/&order=desc&sort=name HTTP/1.1" 200 22198
44.230.252.91 - - [07/Nov/2023:07:43:52 -0500] "GET /BLA/resoluciones/index.php?dir=RESOLUCIONES%202004/RES%202004%201201-1250/&order=asc&sort=date HTTP/1.1" 200 12361
100.21.24.205 - - [07/Nov/2023:07:43:52 -0500] "GET /BLA/resoluciones/index.php?dir=RESOLUCIONES%202001/ HTTP/1.1" 200 25492
44.230.252.91 - - [07/Nov/2023:07:43:53 -0500] "GET /BLA/resoluciones/index.php?dir=RESOLUCIONES%202003/RES%202003%201451-1500/&order=desc&sort=name HTTP/1.1" 200 12158
44.230.252.91 - - [07/Nov/2023:07:43:53 -0500] "GET /BLA/resoluciones/index.php?dir=Notificaciones/AUTOS%202017/&order=asc&sort=size HTTP/1.1" 200 140025
52.25.208.208 - - [07/Nov/2023:07:43:55 -0500] "GET /BLA/resoluciones/index.php?dir=Notificaciones/AUTOS%201988/&order=asc&sort=date HTTP/1.1" 200 2205
52.25.208.208 - - [07/Nov/2023:07:43:55 -0500] "GET /BLA/resoluciones/index.php?dir=AUTOS%201997/&order=asc&sort=name HTTP/1.1" 200 2025
52.25.208.208 - - [07/Nov/2023:07:43:53 -0500] "GET /BLA/resoluciones/index.php?dir=AUTOS%202015/&order=asc&sort=name HTTP/1.1" 200 584494
52.25.208.208 - - [07/Nov/2023:07:43:58 -0500] "GET /BLA/resoluciones/index.php?dir=AUTOS%202006/AUTOS%202006%202601%20-%202700/&order=desc&sort=name HTTP/1.1" 200 22188
44.230.252.91 - - [07/Nov/2023:07:43:58 -0500] "GET /BLA/resoluciones/AUTOS%202021/0245.php?act=selfremove HTTP/1.1" 200 2749
52.25.208.208 - - [07/Nov/2023:07:43:59 -0500] "GET /BLA/resoluciones/AUTOS%202021/0245.php?act=phpinfo HTTP/1.1" 200 19266
52.25.208.208 - - [07/Nov/2023:07:43:59 -0500] "GET /BLA/resoluciones/RESOLUCIONES%202004/RES%202004%202151-2200/INDEX.DAT HTTP/1.1" 200 2000
100.21.24.205 - - [07/Nov/2023:07:43:59 -0500] "GET /BLA/resoluciones/index.php?dir=AUTOS%202006/AUTOS%202006%201201-1300/&order=asc&sort=size HTTP/1.1" 200 22013
100.21.24.205 - - [07/Nov/2023:07:44:01 -0500] "GET /BLA/resoluciones/RESOLUCIONES%202004/RES%202004%202351-2401/INDEX.DAT HTTP/1.1" 200 2000
172.22.2.4 - - [07/Nov/2023:07:42:23 -0500] "HEAD /BLA/boletinlegal/ HTTP/1.1" 200 -
100.21.24.205 - - [07/Nov/2023:07:44:03 -0500] "GET /BLA/resoluciones/index.php?dir=RESOLUCIONES%202003/RES%202003%201451-1500/&order=asc&sort=size HTTP/1.1" 200 12159
44.230.252.91 - - [07/Nov/2023:07:44:03 -0500] "GET /BLA/resoluciones/index.php?dir=RESOLUCIONES%202004/RES%202004%201751-1800/&order=asc&sort=date HTTP/1.1" 200 12363
52.25.208.208 - - [07/Nov/2023:07:44:03 -0500] "GET /BLA/resoluciones/index.php?dir=AUTOS%202006/AUTOS%202006%201301-1400/&order=desc&sort=name HTTP/1.1" 200 22001
44.230.252.91 - - [07/Nov/2023:07:44:04 -0500] "GET /BLA/resoluciones/index.php?dir=RESOLUCIONES%202002/RES%202002%201951-1971/&order=asc&sort=size HTTP/1.1" 200 6225
52.25.208.208 - - [07/Nov/2023:07:44:04 -0500] "GET /BLA/resoluciones/index.php?dir=AUTOS%202006/AUTOS%202006%202901%20-%203000/&order=desc&sort=name HTTP/1.1" 200 22190
52.25.208.208 - - [07/Nov/2023:07:44:04 -0500] "GET /BLA/resoluciones/index.php?dir=Notificaciones/AUTOS%202013/&order=asc&sort=size HTTP/1.1" 200 39422
100.21.24.205 - - [07/Nov/2023:07:44:04 -0500] "GET /BLA/resoluciones/index.php?dir=Notificaciones/AUTOS%202016/&order=desc&sort=name HTTP/1.1" 200 75953
100.21.24.205 - - [07/Nov/2023:07:44:03 -0500] "GET /BLA/resoluciones/index.php?dir=Notificaciones/AUTOS%202015/&order=asc&sort=size HTTP/1.1" 200 102197
52.25.208.208 - - [07/Nov/2023:07:44:05 -0500] "GET /BLA/resoluciones/index.php?dir=AUTOS%202006/AUTOS%202006%202601%20-%202700/&order=asc&sort=date HTTP/1.1" 200 22189
100.21.24.205 - - [07/Nov/2023:07:44:05 -0500] "GET /BLA/resoluciones/index.php?dir=AUTOS%202006/AUTOS%202006%203301%20-%203418/&order=asc&sort=size HTTP/1.1" 200 25807
44.230.252.91 - - [07/Nov/2023:07:44:05 -0500] "GET /BLA/resoluciones/index.php?dir=Notificaciones/AUTOS%202015/&order=desc&sort=name HTTP/1.1" 200 102196
44.230.252.91 - - [07/Nov/2023:07:44:04 -0500] "GET /BLA/resoluciones/index.php?dir=AUTOS%202008/&order=desc&sort=size HTTP/1.1" 200 569643
100.21.24.205 - - [07/Nov/2023:07:44:07 -0500] "GET /BLA/resoluciones/index.php?dir=AUTOS%202006/AUTOS%202006%20501-600/&order=asc&sort=date HTTP/1.1" 200 21780
100.21.24.205 - - [07/Nov/2023:07:44:08 -0500] "GET /BLA/resoluciones/index.php?dir=AUTOS%202006/AUTOS%202006%202101%20-%202200/&order=asc&sort=date HTTP/1.1" 200 22204
44.230.252.91 - - [07/Nov/2023:07:44:10 -0500] "GET /BLA/resoluciones/RESOLUCIONES%202004/RES%202004%201601-1650/INDEX.DAT HTTP/1.1" 200 2000
100.21.24.205 - - [07/Nov/2023:07:44:11 -0500] "GET /BLA/resoluciones/index.php?dir=AUTOS%202006/AUTOS%202006%201301-1400/&order=asc&sort=date HTTP/1.1" 200 22002
100.21.24.205 - - [07/Nov/2023:07:44:14 -0500] "GET /BLA/resoluciones/index.php?dir=AUTOS%202006/AUTOS%202006%203101%20-%203200/&order=asc&sort=date HTTP/1.1" 200 22189
44.230.252.91 - - [07/Nov/2023:07:44:14 -0500] "GET /BLA/resoluciones/index.php?dir=AUTOS%202006/AUTOS%202006%20101-200/&order=asc&sort=size HTTP/1.1" 200 21758
100.21.24.205 - - [07/Nov/2023:07:44:15 -0500] "GET /BLA/resoluciones/index.php?dir=Notificaciones/AUTOS%202023/&order=asc&sort=date HTTP/1.1" 200 105125
44.230.252.91 - - [07/Nov/2023:07:44:16 -0500] "GET /BLA/resoluciones/index.php?dir=AUTOS%202006/AUTOS%202006%202101%20-%202200/&order=desc&sort=name HTTP/1.1" 200 22203
100.21.24.205 - - [07/Nov/2023:07:44:18 -0500] "GET /BLA/resoluciones/index.php?dir=Notificaciones/RESOLUCIONES%200217/&order=desc&sort=name HTTP/1.1" 200 2267
100.21.24.205 - - [07/Nov/2023:07:44:20 -0500] "GET /BLA/resoluciones/index.php?dir=RESOLUCIONES%202004/RES%202004%201201-1250/&order=desc&sort=name HTTP/1.1" 200 12360
100.21.24.205 - - [07/Nov/2023:07:44:22 -0500] "GET /BLA/resoluciones/index.php?dir=RESOLUCIONES%201993/&order=desc&sort=date HTTP/1.1" 200 2878
52.25.208.208 - - [07/Nov/2023:07:44:22 -0500] "GET /BLA/resoluciones/index.php?dir=AUTOS%202006/AUTOS%202006%202401%20-%202500/&order=asc&sort=date HTTP/1.1" 200 22199
100.21.24.205 - - [07/Nov/2023:07:44:22 -0500] "GET /BLA/resoluciones/index.php?dir=AUTOS%202006/AUTOS%202006%202901%20-%203000/&order=asc&sort=size HTTP/1.1" 200 22191
52.25.208.208 - - [07/Nov/2023:07:44:23 -0500] "GET /BLA/resoluciones/AUTOS%202006/AUTOS%202006%201101-1200/INDEX.DAT HTTP/1.1" 200 4000
100.21.24.205 - - [07/Nov/2023:07:44:23 -0500] "GET /BLA/resoluciones/index.php?dir=AUTOS%202006/AUTOS%202006%201101-1200/&order=desc&sort=name HTTP/1.1" 200 21975
52.25.208.208 - - [07/Nov/2023:07:44:24 -0500] "GET /BLA/resoluciones/index.php?dir=Notificaciones/RESOLUCIONES%200217/&order=asc&sort=size HTTP/1.1" 200 2268
44.230.252.91 - - [07/Nov/2023:07:44:24 -0500] "GET /BLA/resoluciones/index.php?dir=RESOLUCIONES%202000/&order=desc&sort=size HTTP/1.1" 200 27997
52.25.208.208 - - [07/Nov/2023:07:44:25 -0500] "GET /BLA/resoluciones/index.php?dir=RESOLUCIONES%201993/&order=desc&sort=size HTTP/1.1" 200 2878
100.21.24.205 - - [07/Nov/2023:07:44:25 -0500] "GET /BLA/resoluciones/index.php?dir=AUTOS%202006/AUTOS%202006%202401%20-%202500/&order=asc&sort=size HTTP/1.1" 200 22199
100.21.24.205 - - [07/Nov/2023:07:44:26 -0500] "GET /BLA/resoluciones/index.php?dir=AUTOS%202006/AUTOS%202006%201101-1200/&order=asc&sort=size HTTP/1.1" 200 21976
52.25.208.208 - - [07/Nov/2023:07:44:26 -0500] "GET /BLA/resoluciones/index.php?dir=AUTOS%202006/AUTOS%202006%202101%20-%202200/&order=asc&sort=size HTTP/1.1" 200 22204
100.21.24.205 - - [07/Nov/2023:07:44:27 -0500] "GET /BLA/resoluciones/index.php?dir=RESOLUCIONES%201997/&order=desc&sort=date HTTP/1.1" 200 17830
100.21.24.205 - - [07/Nov/2023:07:44:27 -0500] "GET /BLA/resoluciones/index.php?dir=Notificaciones/AUTOS%200022/&order=asc&sort=size HTTP/1.1" 200 2018
44.230.252.91 - - [07/Nov/2023:07:44:29 -0500] "GET /BLA/resoluciones/index.php?dir=Notificaciones/RESOLUCIONES%202014/&order=asc&sort=size HTTP/1.1" 200 13932
100.21.24.205 - - [07/Nov/2023:07:44:30 -0500] "GET /BLA/resoluciones/index.php?dir=AUTOS%202006/AUTOS%202006%202501%20-%202600/&order=desc&sort=name HTTP/1.1" 200 22208
44.230.252.91 - - [07/Nov/2023:07:44:31 -0500] "GET /BLA/resoluciones/index.php?dir=AUTOS%202006/AUTOS%202006%202301%20-%202400/&order=asc&sort=size HTTP/1.1" 200 22197
52.25.208.208 - - [07/Nov/2023:07:44:31 -0500] "GET /BLA/resoluciones/index.php?dir=AUTOS%202006/AUTOS%202006%20401-500/&order=asc&sort=date HTTP/1.1" 200 21769
52.25.208.208 - - [07/Nov/2023:07:44:31 -0500] "GET /BLA/resoluciones/index.php?dir=Notificaciones/RESOLUCIONES%202021/&order=asc&sort=date HTTP/1.1" 200 118582
44.230.252.91 - - [07/Nov/2023:07:44:35 -0500] "GET /BLA/resoluciones/RESOLUCIONES%202004/RES%202004%201951-2000/INDEX.DAT HTTP/1.1" 200 2000
44.230.252.91 - - [07/Nov/2023:07:44:35 -0500] "GET /BLA/resoluciones/index.php?dir=RESOLUCIONES%202000/&order=asc&sort=name HTTP/1.1" 200 27998
44.230.252.91 - - [07/Nov/2023:07:44:36 -0500] "GET /BLA/resoluciones/index.php?dir=AUTOS%202006/AUTOS%202006%20401-500/&order=desc&sort=name HTTP/1.1" 200 21768
100.21.24.205 - - [07/Nov/2023:07:44:35 -0500] "GET /BLA/resoluciones/index.php?dir=Notificaciones/RESOLUCIONES%202021/&order=asc&sort=size HTTP/1.1" 200 118582
52.25.208.208 - - [07/Nov/2023:07:44:36 -0500] "GET /BLA/resoluciones/index.php?dir=RESOLUCIONES%202002/RES%202002%201151-1200/&order=asc&sort=date HTTP/1.1" 200 12144
52.25.208.208 - - [07/Nov/2023:07:44:38 -0500] "GET /BLA/resoluciones/index.php?dir=AUTOS%202006/AUTOS%202006%20101-200/&order=desc&sort=name HTTP/1.1" 200 21757
44.230.252.91 - - [07/Nov/2023:07:44:39 -0500] "GET /BLA/resoluciones/index.php?dir=AUTOS%202006/AUTOS%202006%202901%20-%203000/&order=asc&sort=date HTTP/1.1" 200 22191
100.21.24.205 - - [07/Nov/2023:07:44:41 -0500] "GET /BLA/resoluciones/index.php?dir=AUTOS%202006/AUTOS%202006%203301%20-%203418/&order=desc&sort=name HTTP/1.1" 200 25806
100.21.24.205 - - [07/Nov/2023:07:44:40 -0500] "GET /BLA/resoluciones/index.php?dir=AUTOS%202016/&order=asc&sort=name HTTP/1.1" 200 331625
44.230.252.91 - - [07/Nov/2023:07:44:42 -0500] "GET /BLA/resoluciones/index.php?dir=AUTOS%202006/AUTOS%202006%203201%20-%203300/&order=asc&sort=date HTTP/1.1" 200 22209
100.21.24.205 - - [07/Nov/2023:07:44:43 -0500] "GET /BLA/resoluciones/RESOLUCIONES%202004/RES%202004%201751-1800/INDEX.DAT HTTP/1.1" 200 2000
52.25.208.208 - - [07/Nov/2023:07:44:43 -0500] "GET /BLA/resoluciones/index.php?dir=AUTOS%202006/AUTOS%202006%202301%20-%202400/&order=asc&sort=date HTTP/1.1" 200 22197
100.21.24.205 - - [07/Nov/2023:07:44:45 -0500] "GET /BLA/resoluciones/index.php?dir=Notificaciones/AUTOS%202017/&order=desc&sort=name HTTP/1.1" 200 140024
52.25.208.208 - - [07/Nov/2023:07:44:44 -0500] "GET /BLA/resoluciones/index.php?dir=AUTOS%202008/&order=asc&sort=name HTTP/1.1" 200 569644
100.21.24.205 - - [07/Nov/2023:07:44:47 -0500] "GET /BLA/resoluciones/index.php?dir=RESOLUCIONES%201999/&order=desc&sort=size HTTP/1.1" 200 11561
100.21.24.205 - - [07/Nov/2023:07:44:48 -0500] "GET /BLA/resoluciones/index.php?dir=AUTOS%202006/AUTOS%202006%202701%20-%202800/&order=desc&sort=name HTTP/1.1" 200 22409
100.21.24.205 - - [07/Nov/2023:07:44:47 -0500] "GET /BLA/resoluciones/index.php?dir=Notificaciones/AUTOS%202023/&order=desc&sort=name HTTP/1.1" 200 105124
100.21.24.205 - - [07/Nov/2023:07:44:49 -0500] "GET /BLA/resoluciones/index.php?dir=RESOLUCIONES%201992/&order=desc&sort=size HTTP/1.1" 200 2870
44.230.252.91 - - [07/Nov/2023:07:44:46 -0500] "GET /BLA/resoluciones/index.php?dir=AUTOS%202014/&order=desc&sort=size HTTP/1.1" 200 890850
44.230.252.91 - - [07/Nov/2023:07:44:50 -0500] "GET /BLA/resoluciones/index.php?dir=AUTOS%202006/&order=desc&sort=size HTTP/1.1" 200 9680
100.21.24.205 - - [07/Nov/2023:07:44:50 -0500] "GET /BLA/resoluciones/RESOLUCIONES%202004/RES%202004%202051-2100/INDEX.DAT HTTP/1.1" 200 2000
52.25.208.208 - - [07/Nov/2023:07:44:51 -0500] "GET /BLA/resoluciones/index.php?dir=AUTOS%202006/AUTOS%202006%20501-600/&order=desc&sort=name HTTP/1.1" 200 21779
100.21.24.205 - - [07/Nov/2023:07:44:51 -0500] "GET /BLA/resoluciones/index.php?dir=AUTOS%202006/AUTOS%202006%202701%20-%202800/&order=asc&sort=date HTTP/1.1" 200 22410
52.25.208.208 - - [07/Nov/2023:07:44:51 -0500] "GET /BLA/resoluciones/index.php?dir=AUTOS%202006/AUTOS%202006%202701%20-%202800/&order=asc&sort=size HTTP/1.1" 200 22410
172.22.2.4 - - [07/Nov/2023:07:43:14 -0500] "GET /BLA/boletinlegal/ HTTP/1.1" 200 58294
52.25.208.208 - - [07/Nov/2023:07:44:54 -0500] "GET /BLA/resoluciones/RESOLUCIONES%202004/RES%202004%202301-2350/INDEX.DAT HTTP/1.1" 200 2000
100.21.24.205 - - [07/Nov/2023:07:44:56 -0500] "GET /BLA/resoluciones/index.php?dir=RESOLUCIONES%202002/RES%202002%20401-450/&order=asc&sort=date HTTP/1.1" 200 12024
44.230.252.91 - - [07/Nov/2023:07:44:56 -0500] "GET /BLA/resoluciones/index.php?dir=Notificaciones/RESOLUCIONES%202022/&order=desc&sort=name HTTP/1.1" 200 106365
44.230.252.91 - - [07/Nov/2023:07:44:56 -0500] "GET /BLA/resoluciones/index.php?dir=RESOLUCIONES%202004/RES%202004%201201-1250/ HTTP/1.1" 200 12361
52.25.208.208 - - [07/Nov/2023:07:44:55 -0500] "GET /BLA/resoluciones/index.php?dir=AUTOS%202007/&order=asc&sort=name HTTP/1.1" 200 628423
52.25.208.208 - - [07/Nov/2023:07:45:00 -0500] "GET /BLA/resoluciones/index.php?dir=RESOLUCIONES%202002/RES%202002%20951-1000/&order=asc&sort=date HTTP/1.1" 200 12521
100.21.24.205 - - [07/Nov/2023:07:45:01 -0500] "GET /BLA/resoluciones/index.php?dir=Notificaciones/REGISTROS%202023/&order=asc&sort=size HTTP/1.1" 200 5001
100.21.24.205 - - [07/Nov/2023:07:44:59 -0500] "GET /BLA/resoluciones/index.php?dir=AUTOS%202008/&order=desc&sort=date HTTP/1.1" 200 569643
44.230.252.91 - - [07/Nov/2023:07:45:05 -0500] "GET /BLA/resoluciones/index.php?dir=Notificaciones/AUTOS%202016/&order=asc&sort=size HTTP/1.1" 200 75954
100.21.24.205 - - [07/Nov/2023:07:45:05 -0500] "GET /BLA/resoluciones/index.php?dir=Notificaciones/AUTOS%200022/&order=desc&sort=name HTTP/1.1" 200 2017
44.230.252.91 - - [07/Nov/2023:07:45:07 -0500] "GET /BLA/resoluciones/RESOLUCIONES%202004/RES%202004%201901-1950/INDEX.DAT HTTP/1.1" 200 2000
52.25.208.208 - - [07/Nov/2023:07:45:07 -0500] "GET /BLA/resoluciones/index.php?dir=RESOLUCIONES%202002/RES%202002%201901-1950/&order=asc&sort=size HTTP/1.1" 200 12149
100.21.24.205 - - [07/Nov/2023:07:45:07 -0500] "GET /BLA/resoluciones/AUTOS%202006/AUTOS%202006%202301%20-%202400/INDEX.DAT HTTP/1.1" 200 4000
44.230.252.91 - - [07/Nov/2023:07:45:06 -0500] "GET /BLA/resoluciones/index.php?dir=AUTOS%202016/&order=desc&sort=size HTTP/1.1" 200 331624
44.230.252.91 - - [07/Nov/2023:07:45:07 -0500] "GET /BLA/resoluciones/index.php?dir=Notificaciones/RESOLUCIONES%202017/&order=asc&sort=date HTTP/1.1" 200 13655
100.21.24.205 - - [07/Nov/2023:07:45:08 -0500] "GET /BLA/resoluciones/index.php?dir=RESOLUCIONES%202002/RES%202002%20351-400/&order=asc&sort=size HTTP/1.1" 200 12209
100.21.24.205 - - [07/Nov/2023:07:45:04 -0500] "GET /BLA/resoluciones/index.php?dir=AUTOS%202015/&order=desc&sort=date HTTP/1.1" 200 584493
52.25.208.208 - - [07/Nov/2023:07:45:08 -0500] "GET /BLA/resoluciones/index.php?dir=AUTOS%202021/&order=desc&sort=size HTTP/1.1" 200 398873
44.230.252.91 - - [07/Nov/2023:07:45:08 -0500] "GET /BLA/resoluciones/index.php?dir=AUTOS%202011/&order=desc&sort=date HTTP/1.1" 200 636913
100.21.24.205 - - [07/Nov/2023:07:45:07 -0500] "GET /BLA/resoluciones/index.php?dir=AUTOS%202007/&order=desc&sort=size HTTP/1.1" 200 628422
100.21.24.205 - - [07/Nov/2023:07:45:09 -0500] "GET /BLA/resoluciones/index.php?dir=AUTOS%202022/&order=desc&sort=date HTTP/1.1" 200 507973
52.25.208.208 - - [07/Nov/2023:07:45:10 -0500] "GET /BLA/resoluciones/index.php?dir=AUTOS%202007/&order=desc&sort=date HTTP/1.1" 200 628422
100.21.24.205 - - [07/Nov/2023:07:45:11 -0500] "GET /BLA/resoluciones/index.php?dir=AUTOS%202010/&order=asc&sort=name HTTP/1.1" 200 280537
44.230.252.91 - - [07/Nov/2023:07:45:13 -0500] "GET /BLA/resoluciones/index.php?dir=RESOLUCIONES%202002/RES%202002%20401-450/&order=desc&sort=name HTTP/1.1" 200 12023
100.21.24.205 - - [07/Nov/2023:07:45:12 -0500] "GET /BLA/resoluciones/index.php?dir=AUTOS%202018/&order=desc&sort=date HTTP/1.1" 200 467092
44.230.252.91 - - [07/Nov/2023:07:45:16 -0500] "GET /BLA/resoluciones/RESOLUCIONES%202004/RES%202004%201651-1700/INDEX.DAT HTTP/1.1" 200 2000
100.21.24.205 - - [07/Nov/2023:07:45:16 -0500] "GET /BLA/resoluciones/index.php?dir=RESOLUCIONES%202002/RES%202002%20601-650/&order=asc&sort=size HTTP/1.1" 200 12037
100.21.24.205 - - [07/Nov/2023:07:45:14 -0500] "GET /BLA/resoluciones/index.php?dir=AUTOS%202010/&order=desc&sort=size HTTP/1.1" 200 280536
44.230.252.91 - - [07/Nov/2023:07:45:17 -0500] "GET /BLA/resoluciones/index.php?dir=Notificaciones/REGISTROS%202022/&order=desc&sort=name HTTP/1.1" 200 16831
44.230.252.91 - - [07/Nov/2023:07:45:17 -0500] "GET /BLA/resoluciones/index.php?dir=Notificaciones/RESOLUCIONES%202014/&order=desc&sort=name HTTP/1.1" 200 13931
52.25.208.208 - - [07/Nov/2023:07:45:16 -0500] "GET /BLA/resoluciones/index.php?dir=AUTOS%202021/&order=desc&sort=date HTTP/1.1" 200 398873
100.21.24.205 - - [07/Nov/2023:07:45:18 -0500] "GET /BLA/resoluciones/index.php?dir=RESOLUCIONES%202002/RES%202002%201951-1971/&order=desc&sort=name HTTP/1.1" 200 6224
100.21.24.205 - - [07/Nov/2023:07:45:16 -0500] "GET /BLA/resoluciones/index.php?dir=AUTOS%202016/&order=desc&sort=date HTTP/1.1" 200 331624
52.25.208.208 - - [07/Nov/2023:07:45:18 -0500] "GET /BLA/resoluciones/index.php?dir=AUTOS%202006/&order=desc&sort=date HTTP/1.1" 200 9680
44.230.252.91 - - [07/Nov/2023:07:45:19 -0500] "GET /BLA/resoluciones/RESOLUCIONES%202004/RES%202004%202201-2250/INDEX.DAT HTTP/1.1" 200 2000
44.230.252.91 - - [07/Nov/2023:07:45:20 -0500] "GET /BLA/resoluciones/index.php?dir=Notificaciones/AUTOS%202023/&order=asc&sort=size HTTP/1.1" 200 105125
100.21.24.205 - - [07/Nov/2023:07:45:21 -0500] "GET /BLA/resoluciones/index.php?dir=Notificaciones/AUTOS%202021/&order=asc&sort=size HTTP/1.1" 200 200238
44.230.252.91 - - [07/Nov/2023:07:45:23 -0500] "GET /BLA/resoluciones/RESOLUCIONES%202004/RES%202004%201201-1250/INDEX.DAT HTTP/1.1" 200 2000
100.21.24.205 - - [07/Nov/2023:07:45:23 -0500] "GET /BLA/resoluciones/index.php?dir=Notificaciones/AUTOS%202015/&order=asc&sort=date HTTP/1.1" 200 102197
44.230.252.91 - - [07/Nov/2023:07:45:25 -0500] "GET /BLA/resoluciones/index.php?dir=RESOLUCIONES%202000/&order=desc&sort=date HTTP/1.1" 200 27997
44.230.252.91 - - [07/Nov/2023:07:45:26 -0500] "GET /BLA/resoluciones/index.php?dir=Notificaciones/AUTOS%202013/&order=asc&sort=date HTTP/1.1" 200 39422
186.86.32.107 - - [07/Nov/2023:07:45:26 -0500] "POST /sipse/faces/presentacion/financiero/solicitudProceso/consultarSolicitudProceso.xhtml HTTP/1.1" 200 42087
186.86.32.107 - - [07/Nov/2023:07:45:27 -0500] "GET /sipse/faces/javax.faces.resource/theme.css?ln=primefaces-sipse HTTP/1.1" 304 -
186.86.32.107 - - [07/Nov/2023:07:45:27 -0500] "GET /sipse/faces/javax.faces.resource/jquery/jquery.js?ln=primefaces&v=4.0 HTTP/1.1" 304 -
186.86.32.107 - - [07/Nov/2023:07:45:27 -0500] "GET /sipse/faces/javax.faces.resource/primefaces.css?ln=primefaces&v=4.0 HTTP/1.1" 304 -
186.86.32.107 - - [07/Nov/2023:07:45:27 -0500] "GET /sipse/faces/javax.faces.resource/layout/layout.css?ln=primefaces&v=4.0 HTTP/1.1" 304 -
186.86.32.107 - - [07/Nov/2023:07:45:27 -0500] "GET /sipse/faces/javax.faces.resource/jquery/jquery-plugins.js?ln=primefaces&v=4.0 HTTP/1.1" 304 -
186.86.32.107 - - [07/Nov/2023:07:45:27 -0500] "GET /sipse/css/imagen/contrasena.png HTTP/1.1" 404 383
186.86.32.107 - - [07/Nov/2023:07:45:27 -0500] "GET /sipse/faces/javax.faces.resource/primefaces.js?ln=primefaces&v=4.0 HTTP/1.1" 304 -
186.86.32.107 - - [07/Nov/2023:07:45:27 -0500] "GET /sipse/faces/javax.faces.resource/layout/layout.js?ln=primefaces&v=4.0 HTTP/1.1" 304 -
186.86.32.107 - - [07/Nov/2023:07:45:27 -0500] "GET /sipse/faces/javax.faces.resource/images/ui-icons_898989_256x240.png?ln=primefaces-aristo HTTP/1.1" 304 -
186.86.32.107 - - [07/Nov/2023:07:45:27 -0500] "POST /sipse/faces/presentacion/financiero/solicitudProceso/consultar.xhtml HTTP/1.1" 200 35484
186.86.32.107 - - [07/Nov/2023:07:45:27 -0500] "GET /sipse/faces/javax.faces.resource/images/ui-bg_flat_0_2d5972_40x100.png?ln=primefaces-aristo HTTP/1.1" 304 -
186.86.32.107 - - [07/Nov/2023:07:45:27 -0500] "POST /sipse/faces/presentacion/financiero/solicitudProceso/consultar.xhtml HTTP/1.1" 200 35484
