40.77.167.1 - - [07/Nov/2023:05:27:46 -0500] "GET /BLA/resoluciones/RESOLUCIONES%202023/1295.pdf HTTP/1.1" 200 398650
34.207.241.106 - - [07/Nov/2023:05:28:46 -0500] "GET /robots.txt HTTP/1.1" 404 1018
3.85.176.168 - - [07/Nov/2023:05:29:00 -0500] "GET /BLA/resoluciones/index.php?dir=AUTOS+2014/ HTTP/1.1" 200 890851
66.249.66.19 - - [07/Nov/2023:05:29:36 -0500] "GET /BLA/resoluciones/Autos%202008/2188.pdf HTTP/1.1" 200 83127
52.167.144.233 - - [07/Nov/2023:05:29:45 -0500] "GET /BLA/resoluciones/index.php?dir=RESOLUCIONES+2006%2FRES+2006+1401-1450%2F HTTP/1.1" 200 12367
172.22.2.4 - - [07/Nov/2023:05:28:06 -0500] "HEAD /BLA/boletinlegal/ HTTP/1.1" 200 -
157.90.251.233 - - [07/Nov/2023:05:29:47 -0500] "GET / HTTP/1.1" 200 319
157.90.251.233 - - [07/Nov/2023:05:29:49 -0500] "GET / HTTP/1.1" 200 4720
66.249.66.19 - - [07/Nov/2023:05:30:12 -0500] "GET /BLA/resoluciones/RESOLUCIONES%202009/0080.pdf HTTP/1.1" 200 163848
201.245.192.253 - - [07/Nov/2023:05:30:18 -0500] "POST /kwsrmcab/Wsrmcab HTTP/1.1" 200 40012
201.245.192.253 - - [07/Nov/2023:05:30:21 -0500] "POST /kwsrmcab/Wsrmcab HTTP/1.1" 200 40196
172.22.2.4 - - [07/Nov/2023:05:28:57 -0500] "GET /BLA/boletinlegal/ HTTP/1.1" 200 52827
216.245.221.92 - - [07/Nov/2023:05:30:45 -0500] "HEAD / HTTP/1.1" 200 -
3.9.144.52 - - [07/Nov/2023:05:31:32 -0500] "" 400 226
201.245.192.253 - - [07/Nov/2023:05:32:33 -0500] "POST /kwsrmcab/Wsrmcab  HTTP/1.1" 200 42686
52.167.144.229 - - [07/Nov/2023:05:33:41 -0500] "GET /BLA/resoluciones/AUTOS%202023/2460.pdf HTTP/1.1" 200 329219
3.9.144.52 - - [07/Nov/2023:05:33:48 -0500] "" 400 226
168.119.52.80 - - [07/Nov/2023:05:35:05 -0500] "GET / HTTP/1.1" 200 319
52.167.144.170 - - [07/Nov/2023:05:35:07 -0500] "GET /bla/resoluciones/autos%202010/6580.pdf HTTP/1.1" 200 154355
168.119.52.80 - - [07/Nov/2023:05:35:08 -0500] "GET / HTTP/1.1" 200 4720
172.22.2.4 - - [07/Nov/2023:05:33:56 -0500] "HEAD /BLA/boletinlegal/ HTTP/1.1" 200 -
216.245.221.92 - - [07/Nov/2023:05:35:45 -0500] "HEAD / HTTP/1.1" 200 -
172.22.2.4 - - [07/Nov/2023:05:34:47 -0500] "GET /BLA/boletinlegal/ HTTP/1.1" 200 60634
123.126.68.144 - - [07/Nov/2023:05:36:31 -0500] "GET / HTTP/1.1" 200 319
201.245.192.253 - - [07/Nov/2023:05:37:02 -0500] "POST /kwsrmcab/Wsrmcab HTTP/1.1" 200 40012
201.245.192.253 - - [07/Nov/2023:05:37:05 -0500] "POST /kwsrmcab/Wsrmcab HTTP/1.1" 200 40196
201.245.192.253 - - [07/Nov/2023:05:37:33 -0500] "POST /kwsrmcab/Wsrmcab  HTTP/1.1" 200 42686
66.249.66.20 - - [07/Nov/2023:05:39:39 -0500] "GET /BLA/resoluciones/RESOLUCIONES%202009/5266.pdf HTTP/1.1" 200 652134
201.245.192.253 - - [07/Nov/2023:05:40:17 -0500] "POST /kwsrmcab/Wsrmcab HTTP/1.1" 200 40012
201.245.192.253 - - [07/Nov/2023:05:40:21 -0500] "POST /kwsrmcab/Wsrmcab HTTP/1.1" 200 40196
216.245.221.92 - - [07/Nov/2023:05:40:45 -0500] "HEAD / HTTP/1.1" 200 -
66.249.66.21 - - [07/Nov/2023:05:41:07 -0500] "GET /BLA/resoluciones/AUTOS%202014/1106.pdf HTTP/1.1" 200 334889
172.22.2.4 - - [07/Nov/2023:05:39:46 -0500] "HEAD /BLA/boletinlegal/ HTTP/1.1" 200 -
172.22.2.4 - - [07/Nov/2023:05:40:40 -0500] "GET /BLA/boletinlegal/ HTTP/1.1" 200 58644
201.245.192.253 - - [07/Nov/2023:05:42:31 -0500] "POST /kwsrmcab/Wsrmcab  HTTP/1.1" 200 42686
66.249.66.19 - - [07/Nov/2023:05:42:54 -0500] "GET /BLA/resoluciones/AUTOS%202010/1272.pdf HTTP/1.1" 200 397192
216.245.221.92 - - [07/Nov/2023:05:45:45 -0500] "HEAD / HTTP/1.1" 200 -
40.77.167.35 - - [07/Nov/2023:05:47:11 -0500] "GET /Publicaciones/2023EE236907.pdf HTTP/1.1" 404 228
172.22.2.4 - - [07/Nov/2023:05:45:39 -0500] "HEAD /BLA/boletinlegal/ HTTP/1.1" 200 -
201.245.192.253 - - [07/Nov/2023:05:47:31 -0500] "POST /kwsrmcab/Wsrmcab  HTTP/1.1" 200 42686
66.249.66.21 - - [07/Nov/2023:05:47:40 -0500] "GET /BLA/resoluciones/RESOLUCIONES%202009/1335.pdf HTTP/1.1" 200 418603
172.22.2.4 - - [07/Nov/2023:05:46:30 -0500] "GET /BLA/boletinlegal/ HTTP/1.1" 200 58294
66.249.66.20 - - [07/Nov/2023:05:49:39 -0500] "GET /BLA/resoluciones/RESOLUCIONES%202009/3277.pdf HTTP/1.1" 200 674868
186.154.33.207 - - [07/Nov/2023:05:50:28 -0500] "GET /BLA/resoluciones/AUTOS%202014/3385.pdf HTTP/1.1" 200 554993
186.154.33.207 - - [07/Nov/2023:05:50:29 -0500] "GET /BLA/resoluciones/AUTOS%202014/3385.pdf HTTP/1.1" 200 554993
186.154.33.207 - - [07/Nov/2023:05:50:29 -0500] "GET /BLA/resoluciones/AUTOS%202014/3385.pdf HTTP/1.1" 206 1025
66.249.66.20 - - [07/Nov/2023:05:50:44 -0500] "GET /BLA/resoluciones/RESOLUCIONES%202007/RES%202007%203001%20AL%203100/RESOLUCION%203042%20DE%202007.pdf HTTP/1.1" 200 194805
216.245.221.92 - - [07/Nov/2023:05:50:45 -0500] "HEAD / HTTP/1.1" 200 -
66.249.66.21 - - [07/Nov/2023:05:50:46 -0500] "GET /sig/MECI/DOCUMENTOS/Informe%20de%20Gestion/INFORME%20DE%20GESTION%202008%202010VersionFinal.pdf HTTP/1.1" 404 1018
66.249.66.20 - - [07/Nov/2023:05:51:00 -0500] "GET /BLA/resoluciones/RESOLUCIONES%202010/2300.pdf HTTP/1.1" 200 803943
66.249.66.20 - - [07/Nov/2023:05:51:01 -0500] "GET /BLA/resoluciones/RESOLUCIONES%202008/4792.pdf HTTP/1.1" 200 379686
201.245.192.253 - - [07/Nov/2023:05:52:29 -0500] "POST /kwsrmcab/Wsrmcab  HTTP/1.1" 200 42686
66.249.66.21 - - [07/Nov/2023:05:53:03 -0500] "GET /BLA/resoluciones/RESOLUCIONES%202009/1931.pdf HTTP/1.1" 200 590321
66.249.66.20 - - [07/Nov/2023:05:53:04 -0500] "GET /BLA/resoluciones/RESOLUCIONES%202008/3128.pdf HTTP/1.1" 200 136164
172.22.2.4 - - [07/Nov/2023:05:51:29 -0500] "HEAD /BLA/boletinlegal/ HTTP/1.1" 200 -
66.249.66.19 - - [07/Nov/2023:05:53:21 -0500] "GET /BLA/resoluciones/RESOLUCIONES%202009/1350.pdf HTTP/1.1" 200 512393
66.249.73.69 - - [07/Nov/2023:05:53:33 -0500] "GET /por-un-corazon-mas-verde-del-1-al-9-de-junio-se-celebrara-la-semana-ambiental-2023-en-bogota.html HTTP/1.1" 200 819
66.249.66.20 - - [07/Nov/2023:05:53:34 -0500] "GET /portalsiaccapacitaciones/Soportes%20Capacitaciones%202017/PROCEDIMIENTO%20REGISTRO%20EN%20LINEA%20AVU%20F2017.pdf HTTP/1.1" 200 2160971
172.22.2.4 - - [07/Nov/2023:05:52:20 -0500] "GET /BLA/boletinlegal/ HTTP/1.1" 200 58294
66.249.66.21 - - [07/Nov/2023:05:54:59 -0500] "GET /BLA/resoluciones/RESOLUCIONES%202009/2774.pdf HTTP/1.1" 200 494743
66.249.66.19 - - [07/Nov/2023:05:55:18 -0500] "GET /BLA/resoluciones/AUTOS%202015/6064.pdf HTTP/1.1" 200 452590
66.249.66.19 - - [07/Nov/2023:05:55:30 -0500] "GET /BLA/resoluciones/AUTOS%202012/2933.pdf HTTP/1.1" 200 858856
216.245.221.92 - - [07/Nov/2023:05:55:45 -0500] "HEAD / HTTP/1.1" 200 -
52.167.144.236 - - [07/Nov/2023:05:56:16 -0500] "GET /portaldeninos/?s=2023 HTTP/1.1" 200 87105
66.249.66.21 - - [07/Nov/2023:05:57:26 -0500] "GET /portel_dama/libreria/php/2006/ECOSISTEMAS%20FINAL%20web_mz27/x%20restauracion/sitio/55_artic/xtras/10.pdf HTTP/1.1" 404 1018
201.245.192.253 - - [07/Nov/2023:05:57:28 -0500] "POST /kwsrmcab/Wsrmcab  HTTP/1.1" 200 42686
186.102.35.57 - - [07/Nov/2023:05:57:37 -0500] "GET /kwssiamovil/sm/ldap/au?x=U2FsdGVkX18rEnjzsDU7NnmKLYdDol3dPDlVQn78H5yl21s/zzxV3rvuiDVuNKaq&y=U2FsdGVkX1/MoUecbXbupRKH8MgVtdiqiRCuuxLYxsE= HTTP/1.1" 200 30
186.102.35.57 - - [07/Nov/2023:05:57:38 -0500] "GET /kwssiamovil/sm/acme/s?s=U2FsdGVkX18vgrYF8yirybFfnnohbBj4R9moUJ+BMa7BINi6jB83Zy0Lrg4z/xCyFpXP3n7Y82wcuoojExMQg3LuZ+fcwH38STV3p5mZ5E0=&u=U2FsdGVkX1+8lJcRJuT+BMDWS39BXOwjCRVMflkSlpI=&y=U2FsdGVkX1/MoUecbXbupRKH8MgVtdiqiRCuuxLYxsE= HTTP/1.1" 200 97
186.102.35.57 - - [07/Nov/2023:05:57:38 -0500] "GET /kwssiamovil/sm/acme/s?s=U2FsdGVkX1+Zio/FxOR2wMvyZYbnTm1JqZCvXB+vmsT8odDqKRV4l67WQCWKyxLh/8rDamK3FV6U+Gt1xHe5rauPt2Zg9Y3465xraWgxSOqAmyKvG6oDbf/thB7ZFIaniMnoWYiId6E6T0xBtVs7rFTQQZ43gFihj6gjf8vbH1+razCbVygMlMFqU0D9iMckp3mjKfR5ucCoizy49e1GqekFcJsNtHB/6VFbZiNAa9V4Hf005xurxvDRqqVvDw5lwM06h/Xc3GmMIYqf3j6Xvkw0ZI0R0iMLc+wwCqaZ/Wicp+8xIBwoyeQQXvu29gaTgfna6Q9XVrkEQBuahe+wjylljJ8L4rwJWjsiHX5I0/2ItHqY1I90FNdFpXddvxjNrEfblKJixLrqPTGTB0mtrs55rCfoMIkdsaC/jWRhuKPyY27sy/vTostPMehlaaVdiezGCdG4X8FjWjJ+cA57fPEpYfNqPYXL6sMK1qhsskYGpB6VQSbr9dxTojs3KGJi8bDe7rb8jUkv40yjEvMfA6aQuxyfP86uR1rwTyt93fQd4dgx0nJC6hlwp6zoMZfh0gTXagtszGEEbd14ZxkI6AtfvPWAKI5pUS5zCX+OQC4JUU44WJ5qpOqT/26Y++TYKg1d3g8jV7FeUqwsN7sqYpHj+S04CjYHln0aVTi4nuXjW/iN1yI0+fp9baE6H4ChBRzUwIetEeC1UmzPZiK9qcIwOkA8c6EdkAn3u752tQyYsn1NPDO9Rmo5jRUbH3ci7oNeRbot+YK6rXqUbYw4IU9Hzbtoe5PFO9vt2AmS5644NnfP9LkH+H+kUNIQ/MdqFAprbwajg9+8IbVhREbyD+RB7SdbWP0VjeRQDMl+8XWhCH8eb91YVE1Nfd7I/s8sxfB1RA0tvTD7tpWVPW7Ncj7PlfbfyZQKxKssPXQC5XYT5Oosgz68PjKIlrvP4D0PhC44qfnD7U6yBnJ41KT+j3dGhwFV2bYU1RS956VSvsP18nYHj8niDVVHCW0bLfOpdsM928x1r/tN+m1CA5iFSbCzwQoJYRIlPdjx65ziC2AXUR5VZRv01irtOIOkM6Vi4PASLDgiWhvtwrSG4SBoXMGWlCyOnWX/hiuXLLG4lr83RNizer5WRyZbnaNjiwvHLz8BVPwXLzN52R2KCoxh1UU6z+3xaHAa+kYTdmNVd8SdcIQ2faTc84k9SS8h2kAN6PdPYNv0KpRjOrBkbmOZofVW4iUFn+sAw6DrNv8FCkbg/WSbuHIEZ2YqdP7xm2V0yNBRQr89idmk70KRY65KhLu6TEWB/DSvZYoK27TEoIsqsAZ4oj4JsZbdgkuwQDCYDGDVNEEDIPStZZYjyjkKX0Ok0Dsw5HJL7YIFDrNwbqqcRti0LGBdQ3y/s7BMeCn7sQpsWhH6uNKDPKvLJd3f7QRdVljkMyCFfirbubeRpJs=&u=U2FsdGVkX1+8lJcRJuT+BMDWS39BXOwjCRVMflkSlpI=&y=U2FsdGVkX1/MoUecbXbupRKH8MgVtdiqiRCuuxLYxsE= HTTP/1.1" 200 1772
186.102.35.57 - - [07/Nov/2023:05:57:38 -0500] "GET /kwssiamovil/sm/acme/s?s=U2FsdGVkX1+oEYGNi77Pp01QH00PzcO3XuZ/Kdmke9fXdir0hp9nWjkLrAKSTH8P1Uw8YCoEtpsqrLDKrJCd+y1rNXE7iNSEuatsZyiXSEMNgwcSEevk2KmToDpt6tHHQciB0Ehg5hERDo5+53LvWzlBs/LBBlEh9Q39MJV5wTyWrQps0oOIr0M6sN3gG3Mb+DcezlxbWMQDkaL2LoeiT0sn/SeYTqRw6ixIhDDTYVdu/DRo643vz66+pfWVh/mforI4i3XlYwxQ2MetO9z/eb7e6dzbKJiq1NaXopbH8e+ZJfOGXxKNAGS96ikIngVzFite8XVFLqwJyMiWom/3Bg==&u=U2FsdGVkX1+8lJcRJuT+BMDWS39BXOwjCRVMflkSlpI=&y=U2FsdGVkX1/MoUecbXbupRKH8MgVtdiqiRCuuxLYxsE= HTTP/1.1" 200 196
186.102.35.57 - - [07/Nov/2023:05:57:38 -0500] "GET /kwssiamovil/sm/cjson/pre?f=1&x=U2FsdGVkX18rEnjzsDU7NnmKLYdDol3dPDlVQn78H5yl21s/zzxV3rvuiDVuNKaq HTTP/1.1" 200 31032
66.249.66.20 - - [07/Nov/2023:05:57:41 -0500] "GET /BLA/resoluciones/RESOLUCIONES%202008/0665.pdf HTTP/1.1" 200 71472
66.249.66.19 - - [07/Nov/2023:05:57:56 -0500] "GET /BLA/resoluciones/RESOLUCIONES%202008/2712.pdf HTTP/1.1" 200 334664
172.22.2.4 - - [07/Nov/2023:05:57:19 -0500] "HEAD /BLA/boletinlegal/ HTTP/1.1" 200 -
172.22.2.4 - - [07/Nov/2023:05:58:11 -0500] "GET /BLA/boletinlegal/ HTTP/1.1" 200 53356
66.249.66.19 - - [07/Nov/2023:05:59:55 -0500] "GET /BLA/resoluciones/RESOLUCIONES%202009/0291.pdf HTTP/1.1" 200 562301
52.167.144.140 - - [07/Nov/2023:06:00:37 -0500] "GET /BLA/resoluciones/RESOLUCIONES%202023/1882.pdf HTTP/1.1" 200 499754
216.245.221.92 - - [07/Nov/2023:06:00:45 -0500] "HEAD / HTTP/1.1" 200 -
66.249.66.21 - - [07/Nov/2023:06:00:51 -0500] "GET /BLA/resoluciones/RESOLUCIONES%202008/3001.pdf HTTP/1.1" 200 272567
66.249.66.20 - - [07/Nov/2023:06:01:08 -0500] "GET /portel_dama/libreria/php/2006/ECOSISTEMAS%20FINAL%20web_mz27/restauracion/sitio/22_proye/xtras_in/cni_3.pdf HTTP/1.1" 404 1018
66.249.66.19 - - [07/Nov/2023:06:01:13 -0500] "GET /BLA/resoluciones/AUTOS%202010/1386.pdf HTTP/1.1" 200 235620
66.249.66.19 - - [07/Nov/2023:06:01:22 -0500] "GET /BLA/resoluciones/RESOLUCIONES%202009/8322.pdf HTTP/1.1" 200 375102
66.249.66.21 - - [07/Nov/2023:06:01:29 -0500] "GET /portel_dama/libreria/php/2006/ECOSISTEMAS%20FINAL%20web_mz27/x%20restauracion/sitio/22_proye/xtras_in/cni_3.pdf HTTP/1.1" 404 1018
66.249.66.20 - - [07/Nov/2023:06:01:38 -0500] "GET /BLA/resoluciones/RESOLUCIONES%202010/4778.pdf HTTP/1.1" 200 444951
201.245.192.253 - - [07/Nov/2023:06:02:28 -0500] "POST /kwsrmcab/Wsrmcab  HTTP/1.1" 200 42686
66.249.66.19 - - [07/Nov/2023:06:04:03 -0500] "GET /BLA/resoluciones/AUTOS%202018/0627.pdf HTTP/1.1" 200 279930
66.249.66.20 - - [07/Nov/2023:06:04:19 -0500] "GET /BLA/resoluciones/RESOLUCIONES%202010/7799.pdf HTTP/1.1" 200 1240879
66.249.66.21 - - [07/Nov/2023:06:04:33 -0500] "GET /BLA/resoluciones/RESOLUCIONES%202008/3178.pdf HTTP/1.1" 200 216648
172.22.2.4 - - [07/Nov/2023:06:03:10 -0500] "HEAD /BLA/boletinlegal/ HTTP/1.1" 200 -
66.249.66.20 - - [07/Nov/2023:06:05:20 -0500] "GET /BLA/resoluciones/RESOLUCIONES%202009/9528.pdf HTTP/1.1" 200 1074081
66.249.66.19 - - [07/Nov/2023:06:05:21 -0500] "GET /BLA/resoluciones/RESOLUCIONES%202009/9123.pdf HTTP/1.1" 200 419146
66.249.66.20 - - [07/Nov/2023:06:05:37 -0500] "GET /BLA/resoluciones/Autos%202008/1072.pdf HTTP/1.1" 200 146900
172.22.2.4 - - [07/Nov/2023:06:04:01 -0500] "GET /BLA/boletinlegal/ HTTP/1.1" 200 58644
216.245.221.92 - - [07/Nov/2023:06:05:45 -0500] "HEAD / HTTP/1.1" 200 -
66.249.66.21 - - [07/Nov/2023:06:06:31 -0500] "GET /portalsiaccapacitaciones/Soportes%20Capacitaciones%202015/0010.%20TALLER%20EFICIENCIA%20ENERGETICA%20CAEM%20SDA.pdf HTTP/1.1" 200 6176468
181.53.13.222 - - [07/Nov/2023:06:07:16 -0500] "GET /sipse/faces/index.xhtml HTTP/1.1" 200 677
181.53.13.222 - - [07/Nov/2023:06:07:16 -0500] "GET /sipse/faces/javax.faces.resource/theme.css?ln=primefaces-sipse HTTP/1.1" 304 -
181.53.13.222 - - [07/Nov/2023:06:07:16 -0500] "GET /sipse/faces/faces/autenticacion.xhtml HTTP/1.1" 200 12405
181.53.13.222 - - [07/Nov/2023:06:07:16 -0500] "GET /sipse/js/disable_browser_buttons.js HTTP/1.1" 304 -
181.53.13.222 - - [07/Nov/2023:06:07:16 -0500] "GET /sipse/js/funciones.js HTTP/1.1" 304 -
181.53.13.222 - - [07/Nov/2023:06:07:16 -0500] "GET /sipse/faces/javax.faces.resource/theme.css?ln=primefaces-sipse HTTP/1.1" 304 -
181.53.13.222 - - [07/Nov/2023:06:07:16 -0500] "GET /sipse/css/custom_css_sg.css HTTP/1.1" 304 -
181.53.13.222 - - [07/Nov/2023:06:07:16 -0500] "GET /sipse/css/custom_css_sg_prime_login.css HTTP/1.1" 304 -
181.53.13.222 - - [07/Nov/2023:06:07:17 -0500] "GET /sipse/faces/javax.faces.resource/jquery/jquery.js?ln=primefaces&v=4.0 HTTP/1.1" 304 -
181.53.13.222 - - [07/Nov/2023:06:07:17 -0500] "GET /sipse/faces/javax.faces.resource/layout/layout.css?ln=primefaces&v=4.0 HTTP/1.1" 304 -
181.53.13.222 - - [07/Nov/2023:06:07:17 -0500] "GET /sipse/faces/javax.faces.resource/primefaces.css?ln=primefaces&v=4.0 HTTP/1.1" 304 -
181.53.13.222 - - [07/Nov/2023:06:07:17 -0500] "GET /sipse/faces/javax.faces.resource/jquery/jquery-plugins.js?ln=primefaces&v=4.0 HTTP/1.1" 304 -
181.53.13.222 - - [07/Nov/2023:06:07:17 -0500] "GET /sipse/faces/javax.faces.resource/primefaces.js?ln=primefaces&v=4.0 HTTP/1.1" 304 -
181.53.13.222 - - [07/Nov/2023:06:07:17 -0500] "GET /sipse/faces/javax.faces.resource/layout/layout.js?ln=primefaces&v=4.0 HTTP/1.1" 304 -
181.53.13.222 - - [07/Nov/2023:06:07:17 -0500] "GET /sipse/css/imagen/logoSDG.png HTTP/1.1" 304 -
181.53.13.222 - - [07/Nov/2023:06:07:17 -0500] "GET /sipse/css/imagen/loginimg.png HTTP/1.1" 304 -
181.53.13.222 - - [07/Nov/2023:06:07:17 -0500] "GET /sipse/faces/javax.faces.resource/images/ui-icons_898989_256x240.png?ln=primefaces-aristo HTTP/1.1" 304 -
181.53.13.222 - - [07/Nov/2023:06:07:18 -0500] "GET /favicon.ico HTTP/1.1" 200 7782
181.53.13.222 - - [07/Nov/2023:06:07:26 -0500] "POST /sipse/faces/autenticacion.xhtml HTTP/1.1" 200 2220
181.53.13.222 - - [07/Nov/2023:06:07:26 -0500] "GET /sipse/faces/javax.faces.resource/messages/messages.png?ln=primefaces&v=4.0 HTTP/1.1" 304 -
181.53.13.222 - - [07/Nov/2023:06:07:27 -0500] "POST /sipse/faces/autenticacion.xhtml HTTP/1.1" 200 16355
181.53.13.222 - - [07/Nov/2023:06:07:27 -0500] "GET /sipse/css/custom_css_sg_prime.css HTTP/1.1" 304 -
181.53.13.222 - - [07/Nov/2023:06:07:27 -0500] "GET /sipse/js/jquery.min.js HTTP/1.1" 304 -
181.53.13.222 - - [07/Nov/2023:06:07:27 -0500] "GET /sipse/faces/javax.faces.resource/primefaces.css?ln=primefaces&v=4.0 HTTP/1.1" 304 -
181.53.13.222 - - [07/Nov/2023:06:07:27 -0500] "GET /sipse/faces/javax.faces.resource/theme.css?ln=primefaces-sipse HTTP/1.1" 304 -
181.53.13.222 - - [07/Nov/2023:06:07:27 -0500] "GET /sipse/faces/javax.faces.resource/layout/layout.css?ln=primefaces&v=4.0 HTTP/1.1" 304 -
181.53.13.222 - - [07/Nov/2023:06:07:27 -0500] "GET /sipse/faces/javax.faces.resource/jquery/jquery.js?ln=primefaces&v=4.0 HTTP/1.1" 304 -
181.53.13.222 - - [07/Nov/2023:06:07:27 -0500] "GET /sipse/faces/javax.faces.resource/jquery/jquery-plugins.js?ln=primefaces&v=4.0 HTTP/1.1" 304 -
181.53.13.222 - - [07/Nov/2023:06:07:27 -0500] "GET /sipse/faces/javax.faces.resource/primefaces.js?ln=primefaces&v=4.0 HTTP/1.1" 304 -
181.53.13.222 - - [07/Nov/2023:06:07:27 -0500] "GET /sipse/faces/javax.faces.resource/layout/layout.js?ln=primefaces&v=4.0 HTTP/1.1" 304 -
181.53.13.222 - - [07/Nov/2023:06:07:27 -0500] "GET /sipse/css/v_mergente.css HTTP/1.1" 304 -
181.53.13.222 - - [07/Nov/2023:06:07:27 -0500] "GET /sipse/imagenes/cargando.gif HTTP/1.1" 304 -
181.53.13.222 - - [07/Nov/2023:06:07:27 -0500] "GET /sipse/imagenes/logoAplicacion.jpg HTTP/1.1" 304 -
181.53.13.222 - - [07/Nov/2023:06:07:27 -0500] "GET /sipse/css/imagen/contrasena.png HTTP/1.1" 404 383
201.245.192.253 - - [07/Nov/2023:06:07:26 -0500] "POST /kwsrmcab/Wsrmcab  HTTP/1.1" 200 42686
181.53.13.222 - - [07/Nov/2023:06:07:29 -0500] "GET /sipse/faces/javax.faces.resource/images/ui-bg_flat_0_2d5972_40x100.png?ln=primefaces-aristo HTTP/1.1" 304 -
181.53.13.222 - - [07/Nov/2023:06:07:29 -0500] "POST /sipse/faces/bienvenido.xhtml HTTP/1.1" 200 2658
181.53.13.222 - - [07/Nov/2023:06:07:30 -0500] "POST /sipse/faces/bienvenido.xhtml HTTP/1.1" 200 65340
181.53.13.222 - - [07/Nov/2023:06:07:35 -0500] "GET /sipse/faces/javax.faces.resource/theme.css?ln=primefaces-sipse HTTP/1.1" 304 -
181.53.13.222 - - [07/Nov/2023:06:07:35 -0500] "GET /sipse/faces/javax.faces.resource/primefaces.css?ln=primefaces&v=4.0 HTTP/1.1" 304 -
181.53.13.222 - - [07/Nov/2023:06:07:35 -0500] "GET /sipse/faces/javax.faces.resource/layout/layout.css?ln=primefaces&v=4.0 HTTP/1.1" 304 -
181.53.13.222 - - [07/Nov/2023:06:07:35 -0500] "GET /sipse/faces/javax.faces.resource/jquery/jquery.js?ln=primefaces&v=4.0 HTTP/1.1" 304 -
181.53.13.222 - - [07/Nov/2023:06:07:35 -0500] "GET /sipse/faces/javax.faces.resource/jquery/jquery-plugins.js?ln=primefaces&v=4.0 HTTP/1.1" 304 -
181.53.13.222 - - [07/Nov/2023:06:07:35 -0500] "GET /sipse/faces/javax.faces.resource/primefaces.js?ln=primefaces&v=4.0 HTTP/1.1" 304 -
181.53.13.222 - - [07/Nov/2023:06:07:35 -0500] "GET /sipse/faces/javax.faces.resource/layout/layout.js?ln=primefaces&v=4.0 HTTP/1.1" 304 -
181.53.13.222 - - [07/Nov/2023:06:07:36 -0500] "POST /sipse/faces/presentacion/financiero/solicitudProceso/listarSolicitudProceso.xhtml HTTP/1.1" 200 1548
181.53.13.222 - - [07/Nov/2023:06:07:40 -0500] "POST /sipse/faces/presentacion/financiero/solicitudProceso/listarSolicitudProceso.xhtml HTTP/1.1" 200 15561
181.53.13.222 - - [07/Nov/2023:06:07:42 -0500] "POST /sipse/faces/presentacion/financiero/solicitudProceso/listarSolicitudProceso.xhtml HTTP/1.1" 200 45308
181.53.13.222 - - [07/Nov/2023:06:07:44 -0500] "POST /sipse/faces/presentacion/financiero/solicitudProceso/listarSolicitudProceso.xhtml HTTP/1.1" 200 59050
181.53.13.222 - - [07/Nov/2023:06:07:45 -0500] "GET /sipse/faces/javax.faces.resource/theme.css?ln=primefaces-sipse HTTP/1.1" 304 -
181.53.13.222 - - [07/Nov/2023:06:07:45 -0500] "GET /sipse/faces/javax.faces.resource/primefaces.css?ln=primefaces&v=4.0 HTTP/1.1" 304 -
181.53.13.222 - - [07/Nov/2023:06:07:45 -0500] "GET /sipse/faces/javax.faces.resource/jquery/jquery.js?ln=primefaces&v=4.0 HTTP/1.1" 304 -
181.53.13.222 - - [07/Nov/2023:06:07:45 -0500] "GET /sipse/faces/javax.faces.resource/layout/layout.css?ln=primefaces&v=4.0 HTTP/1.1" 304 -
181.53.13.222 - - [07/Nov/2023:06:07:45 -0500] "GET /sipse/faces/javax.faces.resource/jquery/jquery-plugins.js?ln=primefaces&v=4.0 HTTP/1.1" 304 -
181.53.13.222 - - [07/Nov/2023:06:07:45 -0500] "GET /sipse/faces/javax.faces.resource/primefaces.js?ln=primefaces&v=4.0 HTTP/1.1" 304 -
181.53.13.222 - - [07/Nov/2023:06:07:45 -0500] "GET /sipse/faces/javax.faces.resource/layout/layout.js?ln=primefaces&v=4.0 HTTP/1.1" 304 -
66.249.66.20 - - [07/Nov/2023:06:07:45 -0500] "GET /BLA/resoluciones/RESOLUCIONES%202009/5117.pdf HTTP/1.1" 200 1180504
181.53.13.222 - - [07/Nov/2023:06:07:53 -0500] "POST /sipse/faces/presentacion/financiero/solicitudProceso/crearModificarSolicitudProceso.xhtml HTTP/1.1" 200 27325
66.249.66.20 - - [07/Nov/2023:06:07:54 -0500] "GET /BLA/resoluciones/RESOLUCIONES%202014/0486.pdf HTTP/1.1" 200 671334
66.249.66.20 - - [07/Nov/2023:06:08:06 -0500] "GET /BLA/resoluciones/AUTOS%202007/3659.pdf HTTP/1.1" 200 142523
66.249.66.21 - - [07/Nov/2023:06:08:31 -0500] "GET /BLA/resoluciones/RESOLUCIONES%202011/0340.pdf HTTP/1.1" 200 68387
181.53.13.222 - - [07/Nov/2023:06:09:22 -0500] "POST /sipse/faces/presentacion/financiero/solicitudProceso/crearModificarSolicitudProceso.xhtml HTTP/1.1" 200 9408
52.167.144.205 - - [07/Nov/2023:06:09:27 -0500] "GET /BLA/resoluciones/AUTOS%202023/5078.pdf HTTP/1.1" 200 418422
181.53.13.222 - - [07/Nov/2023:06:10:11 -0500] "POST /sipse/faces/presentacion/financiero/solicitudProceso/crearModificarSolicitudProceso.xhtml HTTP/1.1" 200 10099
66.249.66.21 - - [07/Nov/2023:06:10:32 -0500] "GET /BLA/resoluciones/RESOLUCIONES%202010/6693.pdf HTTP/1.1" 200 2355573
172.22.2.4 - - [07/Nov/2023:06:09:00 -0500] "HEAD /BLA/boletinlegal/ HTTP/1.1" 200 -
216.245.221.92 - - [07/Nov/2023:06:10:45 -0500] "HEAD / HTTP/1.1" 200 -
186.80.52.180 - - [07/Nov/2023:06:11:12 -0500] "GET /sipse/faces/index.xhtml HTTP/1.1" 200 677
186.80.52.180 - - [07/Nov/2023:06:11:12 -0500] "GET /sipse/faces/javax.faces.resource/theme.css?ln=primefaces-sipse HTTP/1.1" 304 -
186.80.52.180 - - [07/Nov/2023:06:11:12 -0500] "GET /sipse/faces/faces/autenticacion.xhtml HTTP/1.1" 200 12405
186.80.52.180 - - [07/Nov/2023:06:11:13 -0500] "GET /sipse/js/disable_browser_buttons.js HTTP/1.1" 304 -
186.80.52.180 - - [07/Nov/2023:06:11:13 -0500] "GET /sipse/css/custom_css_sg_prime_login.css HTTP/1.1" 304 -
186.80.52.180 - - [07/Nov/2023:06:11:13 -0500] "GET /sipse/faces/javax.faces.resource/theme.css?ln=primefaces-sipse HTTP/1.1" 304 -
186.80.52.180 - - [07/Nov/2023:06:11:13 -0500] "GET /sipse/faces/javax.faces.resource/jquery/jquery-plugins.js?ln=primefaces&v=4.0 HTTP/1.1" 304 -
186.80.52.180 - - [07/Nov/2023:06:11:13 -0500] "GET /sipse/faces/javax.faces.resource/jquery/jquery.js?ln=primefaces&v=4.0 HTTP/1.1" 304 -
186.80.52.180 - - [07/Nov/2023:06:11:13 -0500] "GET /sipse/faces/javax.faces.resource/primefaces.css?ln=primefaces&v=4.0 HTTP/1.1" 304 -
186.80.52.180 - - [07/Nov/2023:06:11:13 -0500] "GET /sipse/js/funciones.js HTTP/1.1" 304 -
186.80.52.180 - - [07/Nov/2023:06:11:13 -0500] "GET /sipse/faces/javax.faces.resource/layout/layout.css?ln=primefaces&v=4.0 HTTP/1.1" 304 -
186.80.52.180 - - [07/Nov/2023:06:11:13 -0500] "GET /sipse/css/custom_css_sg.css HTTP/1.1" 304 -
186.80.52.180 - - [07/Nov/2023:06:11:13 -0500] "GET /sipse/faces/javax.faces.resource/primefaces.js?ln=primefaces&v=4.0 HTTP/1.1" 304 -
186.80.52.180 - - [07/Nov/2023:06:11:13 -0500] "GET /sipse/faces/javax.faces.resource/layout/layout.js?ln=primefaces&v=4.0 HTTP/1.1" 304 -
186.80.52.180 - - [07/Nov/2023:06:11:13 -0500] "GET /sipse/css/imagen/loginimg.png HTTP/1.1" 304 -
186.80.52.180 - - [07/Nov/2023:06:11:13 -0500] "GET /sipse/css/imagen/logoSDG.png HTTP/1.1" 304 -
186.80.52.180 - - [07/Nov/2023:06:11:13 -0500] "GET /sipse/faces/javax.faces.resource/images/ui-icons_898989_256x240.png?ln=primefaces-aristo HTTP/1.1" 304 -
186.80.52.180 - - [07/Nov/2023:06:11:15 -0500] "POST /sipse/faces/autenticacion.xhtml HTTP/1.1" 200 2217
186.80.52.180 - - [07/Nov/2023:06:11:15 -0500] "GET /sipse/faces/javax.faces.resource/messages/messages.png?ln=primefaces&v=4.0 HTTP/1.1" 304 -
186.80.52.180 - - [07/Nov/2023:06:11:16 -0500] "POST /sipse/faces/autenticacion.xhtml HTTP/1.1" 200 16331
186.80.52.180 - - [07/Nov/2023:06:11:16 -0500] "GET /sipse/css/custom_css_sg_prime.css HTTP/1.1" 304 -
186.80.52.180 - - [07/Nov/2023:06:11:16 -0500] "GET /sipse/faces/javax.faces.resource/primefaces.css?ln=primefaces&v=4.0 HTTP/1.1" 304 -
186.80.52.180 - - [07/Nov/2023:06:11:16 -0500] "GET /sipse/faces/javax.faces.resource/theme.css?ln=primefaces-sipse HTTP/1.1" 304 -
186.80.52.180 - - [07/Nov/2023:06:11:16 -0500] "GET /sipse/faces/javax.faces.resource/layout/layout.css?ln=primefaces&v=4.0 HTTP/1.1" 304 -
186.80.52.180 - - [07/Nov/2023:06:11:16 -0500] "GET /sipse/js/jquery.min.js HTTP/1.1" 304 -
186.80.52.180 - - [07/Nov/2023:06:11:17 -0500] "GET /sipse/faces/javax.faces.resource/jquery/jquery.js?ln=primefaces&v=4.0 HTTP/1.1" 304 -
186.80.52.180 - - [07/Nov/2023:06:11:17 -0500] "GET /sipse/faces/javax.faces.resource/jquery/jquery-plugins.js?ln=primefaces&v=4.0 HTTP/1.1" 304 -
186.80.52.180 - - [07/Nov/2023:06:11:17 -0500] "GET /sipse/faces/javax.faces.resource/primefaces.js?ln=primefaces&v=4.0 HTTP/1.1" 304 -
186.80.52.180 - - [07/Nov/2023:06:11:17 -0500] "GET /sipse/faces/javax.faces.resource/layout/layout.js?ln=primefaces&v=4.0 HTTP/1.1" 304 -
186.80.52.180 - - [07/Nov/2023:06:11:17 -0500] "GET /sipse/css/v_mergente.css HTTP/1.1" 304 -
186.80.52.180 - - [07/Nov/2023:06:11:17 -0500] "GET /sipse/css/imagen/contrasena.png HTTP/1.1" 404 383
186.80.52.180 - - [07/Nov/2023:06:11:17 -0500] "GET /sipse/imagenes/cargando.gif HTTP/1.1" 304 -
186.80.52.180 - - [07/Nov/2023:06:11:17 -0500] "GET /sipse/imagenes/logoAplicacion.jpg HTTP/1.1" 304 -
186.80.52.180 - - [07/Nov/2023:06:11:18 -0500] "GET /sipse/faces/javax.faces.resource/images/ui-bg_flat_0_2d5972_40x100.png?ln=primefaces-aristo HTTP/1.1" 304 -
186.80.52.180 - - [07/Nov/2023:06:11:18 -0500] "POST /sipse/faces/bienvenido.xhtml HTTP/1.1" 200 2658
186.80.52.180 - - [07/Nov/2023:06:11:20 -0500] "POST /sipse/faces/bienvenido.xhtml HTTP/1.1" 200 64415
186.80.52.180 - - [07/Nov/2023:06:11:23 -0500] "GET /sipse/faces/javax.faces.resource/theme.css?ln=primefaces-sipse HTTP/1.1" 304 -
186.80.52.180 - - [07/Nov/2023:06:11:23 -0500] "GET /sipse/faces/javax.faces.resource/primefaces.css?ln=primefaces&v=4.0 HTTP/1.1" 304 -
186.80.52.180 - - [07/Nov/2023:06:11:23 -0500] "GET /sipse/faces/javax.faces.resource/layout/layout.css?ln=primefaces&v=4.0 HTTP/1.1" 304 -
186.80.52.180 - - [07/Nov/2023:06:11:23 -0500] "GET /sipse/faces/javax.faces.resource/jquery/jquery.js?ln=primefaces&v=4.0 HTTP/1.1" 304 -
186.80.52.180 - - [07/Nov/2023:06:11:23 -0500] "GET /sipse/faces/javax.faces.resource/jquery/jquery-plugins.js?ln=primefaces&v=4.0 HTTP/1.1" 304 -
186.80.52.180 - - [07/Nov/2023:06:11:23 -0500] "GET /sipse/faces/javax.faces.resource/primefaces.js?ln=primefaces&v=4.0 HTTP/1.1" 304 -
186.80.52.180 - - [07/Nov/2023:06:11:23 -0500] "GET /sipse/faces/javax.faces.resource/layout/layout.js?ln=primefaces&v=4.0 HTTP/1.1" 304 -
186.80.52.180 - - [07/Nov/2023:06:11:24 -0500] "POST /sipse/faces/presentacion/financiero/solicitudProceso/listarSolicitudProceso.xhtml HTTP/1.1" 200 1548
172.22.2.4 - - [07/Nov/2023:06:09:51 -0500] "GET /BLA/boletinlegal/ HTTP/1.1" 200 55803
186.80.52.180 - - [07/Nov/2023:06:11:33 -0500] "POST /sipse/faces/presentacion/financiero/solicitudProceso/listarSolicitudProceso.xhtml HTTP/1.1" 200 42586
186.80.52.180 - - [07/Nov/2023:06:11:36 -0500] "POST /sipse/faces/presentacion/financiero/solicitudProceso/listarSolicitudProceso.xhtml HTTP/1.1" 200 13541
186.80.52.180 - - [07/Nov/2023:06:11:38 -0500] "POST /sipse/faces/presentacion/financiero/solicitudProceso/listarSolicitudProceso.xhtml HTTP/1.1" 200 19448
186.80.52.180 - - [07/Nov/2023:06:11:40 -0500] "POST /sipse/faces/presentacion/financiero/solicitudProceso/listarSolicitudProceso.xhtml HTTP/1.1" 200 16432
186.80.52.180 - - [07/Nov/2023:06:11:44 -0500] "POST /sipse/faces/presentacion/financiero/solicitudProceso/listarSolicitudProceso.xhtml HTTP/1.1" 200 113289
186.80.52.180 - - [07/Nov/2023:06:11:45 -0500] "GET /sipse/faces/javax.faces.resource/theme.css?ln=primefaces-sipse HTTP/1.1" 304 -
186.80.52.180 - - [07/Nov/2023:06:11:45 -0500] "GET /sipse/faces/javax.faces.resource/primefaces.css?ln=primefaces&v=4.0 HTTP/1.1" 304 -
186.80.52.180 - - [07/Nov/2023:06:11:45 -0500] "GET /sipse/faces/javax.faces.resource/layout/layout.css?ln=primefaces&v=4.0 HTTP/1.1" 304 -
186.80.52.180 - - [07/Nov/2023:06:11:45 -0500] "GET /sipse/faces/javax.faces.resource/jquery/jquery.js?ln=primefaces&v=4.0 HTTP/1.1" 304 -
186.80.52.180 - - [07/Nov/2023:06:11:45 -0500] "GET /sipse/faces/javax.faces.resource/jquery/jquery-plugins.js?ln=primefaces&v=4.0 HTTP/1.1" 304 -
186.80.52.180 - - [07/Nov/2023:06:11:45 -0500] "GET /sipse/faces/javax.faces.resource/primefaces.js?ln=primefaces&v=4.0 HTTP/1.1" 304 -
186.80.52.180 - - [07/Nov/2023:06:11:45 -0500] "GET /sipse/faces/javax.faces.resource/layout/layout.js?ln=primefaces&v=4.0 HTTP/1.1" 304 -
186.80.52.180 - - [07/Nov/2023:06:11:46 -0500] "GET /sipse/faces/javax.faces.resource/dynamiccontent.properties?ln=primefaces&pfdrid=XjOR5%2F%2FfPAZAuY9TpWQeCiM0BhlXxYRBGKi%2FQcXXfeA%3D&pfdrid_c=false HTTP/1.1" 500 383
186.80.52.180 - - [07/Nov/2023:06:11:48 -0500] "POST /sipse/faces/presentacion/financiero/solicitudProceso/consultarSolicitudProceso.xhtml HTTP/1.1" 200 21109
186.80.52.180 - - [07/Nov/2023:06:11:49 -0500] "GET /sipse/faces/javax.faces.resource/theme.css?ln=primefaces-sipse HTTP/1.1" 304 -
186.80.52.180 - - [07/Nov/2023:06:11:49 -0500] "GET /sipse/faces/javax.faces.resource/fileupload/fileupload.css?ln=primefaces&v=4.0 HTTP/1.1" 304 -
186.80.52.180 - - [07/Nov/2023:06:11:49 -0500] "GET /sipse/faces/javax.faces.resource/primefaces.css?ln=primefaces&v=4.0 HTTP/1.1" 304 -
186.80.52.180 - - [07/Nov/2023:06:11:49 -0500] "GET /sipse/faces/javax.faces.resource/jquery/jquery.js?ln=primefaces&v=4.0 HTTP/1.1" 304 -
186.80.52.180 - - [07/Nov/2023:06:11:49 -0500] "GET /sipse/faces/javax.faces.resource/layout/layout.css?ln=primefaces&v=4.0 HTTP/1.1" 304 -
186.80.52.180 - - [07/Nov/2023:06:11:49 -0500] "GET /sipse/faces/javax.faces.resource/jquery/jquery-plugins.js?ln=primefaces&v=4.0 HTTP/1.1" 304 -
186.80.52.180 - - [07/Nov/2023:06:11:49 -0500] "GET /sipse/faces/javax.faces.resource/primefaces.js?ln=primefaces&v=4.0 HTTP/1.1" 304 -
186.80.52.180 - - [07/Nov/2023:06:11:49 -0500] "GET /sipse/faces/javax.faces.resource/layout/layout.js?ln=primefaces&v=4.0 HTTP/1.1" 304 -
186.80.52.180 - - [07/Nov/2023:06:11:49 -0500] "GET /sipse/faces/javax.faces.resource/fileupload/fileupload.js?ln=primefaces&v=4.0 HTTP/1.1" 304 -
186.80.52.180 - - [07/Nov/2023:06:11:56 -0500] "GET /sipse/faces/javax.faces.resource/primefaces.css?ln=primefaces&v=4.0 HTTP/1.1" 304 -
186.80.52.180 - - [07/Nov/2023:06:11:56 -0500] "GET /sipse/faces/javax.faces.resource/jquery/jquery-plugins.js?ln=primefaces&v=4.0 HTTP/1.1" 304 -
186.80.52.180 - - [07/Nov/2023:06:11:56 -0500] "GET /sipse/faces/javax.faces.resource/theme.css?ln=primefaces-sipse HTTP/1.1" 304 -
186.80.52.180 - - [07/Nov/2023:06:11:56 -0500] "GET /sipse/faces/javax.faces.resource/layout/layout.css?ln=primefaces&v=4.0 HTTP/1.1" 304 -
186.80.52.180 - - [07/Nov/2023:06:11:56 -0500] "GET /sipse/faces/javax.faces.resource/jquery/jquery.js?ln=primefaces&v=4.0 HTTP/1.1" 304 -
186.80.52.180 - - [07/Nov/2023:06:11:56 -0500] "GET /sipse/faces/javax.faces.resource/primefaces.js?ln=primefaces&v=4.0 HTTP/1.1" 304 -
186.80.52.180 - - [07/Nov/2023:06:11:56 -0500] "GET /sipse/faces/javax.faces.resource/layout/layout.js?ln=primefaces&v=4.0 HTTP/1.1" 304 -
186.80.52.180 - - [07/Nov/2023:06:11:56 -0500] "POST /sipse/faces/presentacion/sistema/anexos/cargarAnexoSolicitudProceso.xhtml HTTP/1.1" 200 161032
186.80.52.180 - - [07/Nov/2023:06:11:57 -0500] "GET /sipse/faces/javax.faces.resource/dynamiccontent.properties?ln=primefaces&pfdrid=XjOR5%2F%2FfPAZAuY9TpWQeCiM0BhlXxYRBGKi%2FQcXXfeA%3D&pfdrid_c=false HTTP/1.1" 500 383
186.80.52.180 - - [07/Nov/2023:06:12:00 -0500] "POST /sipse/faces/presentacion/financiero/solicitudProceso/consultarSolicitudProceso.xhtml HTTP/1.1" 200 21109
186.80.52.180 - - [07/Nov/2023:06:12:00 -0500] "GET /sipse/faces/javax.faces.resource/primefaces.css?ln=primefaces&v=4.0 HTTP/1.1" 304 -
186.80.52.180 - - [07/Nov/2023:06:12:00 -0500] "GET /sipse/faces/javax.faces.resource/theme.css?ln=primefaces-sipse HTTP/1.1" 304 -
186.80.52.180 - - [07/Nov/2023:06:12:00 -0500] "GET /sipse/faces/javax.faces.resource/layout/layout.css?ln=primefaces&v=4.0 HTTP/1.1" 304 -
186.80.52.180 - - [07/Nov/2023:06:12:00 -0500] "GET /sipse/faces/javax.faces.resource/jquery/jquery.js?ln=primefaces&v=4.0 HTTP/1.1" 304 -
186.80.52.180 - - [07/Nov/2023:06:12:00 -0500] "GET /sipse/faces/javax.faces.resource/jquery/jquery-plugins.js?ln=primefaces&v=4.0 HTTP/1.1" 304 -
186.80.52.180 - - [07/Nov/2023:06:12:00 -0500] "GET /sipse/faces/javax.faces.resource/fileupload/fileupload.css?ln=primefaces&v=4.0 HTTP/1.1" 304 -
186.80.52.180 - - [07/Nov/2023:06:12:00 -0500] "GET /sipse/faces/javax.faces.resource/layout/layout.js?ln=primefaces&v=4.0 HTTP/1.1" 304 -
186.80.52.180 - - [07/Nov/2023:06:12:00 -0500] "GET /sipse/faces/javax.faces.resource/primefaces.js?ln=primefaces&v=4.0 HTTP/1.1" 304 -
186.80.52.180 - - [07/Nov/2023:06:12:00 -0500] "GET /sipse/faces/javax.faces.resource/fileupload/fileupload.js?ln=primefaces&v=4.0 HTTP/1.1" 304 -
181.53.13.222 - - [07/Nov/2023:06:12:04 -0500] "POST /sipse/faces/presentacion/financiero/solicitudProceso/crearModificarSolicitudProceso.xhtml HTTP/1.1" 200 24602
181.53.13.222 - - [07/Nov/2023:06:12:05 -0500] "GET /sipse/faces/javax.faces.resource/theme.css?ln=primefaces-sipse HTTP/1.1" 304 -
181.53.13.222 - - [07/Nov/2023:06:12:05 -0500] "GET /sipse/faces/javax.faces.resource/jquery/jquery.js?ln=primefaces&v=4.0 HTTP/1.1" 304 -
181.53.13.222 - - [07/Nov/2023:06:12:05 -0500] "GET /sipse/faces/javax.faces.resource/primefaces.js?ln=primefaces&v=4.0 HTTP/1.1" 304 -
181.53.13.222 - - [07/Nov/2023:06:12:05 -0500] "GET /sipse/faces/javax.faces.resource/jquery/jquery-plugins.js?ln=primefaces&v=4.0 HTTP/1.1" 304 -
181.53.13.222 - - [07/Nov/2023:06:12:05 -0500] "GET /sipse/faces/javax.faces.resource/primefaces.css?ln=primefaces&v=4.0 HTTP/1.1" 304 -
181.53.13.222 - - [07/Nov/2023:06:12:05 -0500] "GET /sipse/faces/javax.faces.resource/layout/layout.css?ln=primefaces&v=4.0 HTTP/1.1" 304 -
181.53.13.222 - - [07/Nov/2023:06:12:05 -0500] "GET /sipse/faces/javax.faces.resource/layout/layout.js?ln=primefaces&v=4.0 HTTP/1.1" 304 -
186.80.52.180 - - [07/Nov/2023:06:12:10 -0500] "GET /sipse/faces/javax.faces.resource/theme.css?ln=primefaces-sipse HTTP/1.1" 304 -
186.80.52.180 - - [07/Nov/2023:06:12:10 -0500] "GET /sipse/faces/javax.faces.resource/layout/layout.css?ln=primefaces&v=4.0 HTTP/1.1" 304 -
186.80.52.180 - - [07/Nov/2023:06:12:10 -0500] "GET /sipse/faces/javax.faces.resource/jquery/jquery-plugins.js?ln=primefaces&v=4.0 HTTP/1.1" 304 -
186.80.52.180 - - [07/Nov/2023:06:12:10 -0500] "GET /sipse/faces/javax.faces.resource/primefaces.css?ln=primefaces&v=4.0 HTTP/1.1" 304 -
186.80.52.180 - - [07/Nov/2023:06:12:10 -0500] "GET /sipse/faces/javax.faces.resource/jquery/jquery.js?ln=primefaces&v=4.0 HTTP/1.1" 304 -
186.80.52.180 - - [07/Nov/2023:06:12:10 -0500] "GET /sipse/faces/javax.faces.resource/primefaces.js?ln=primefaces&v=4.0 HTTP/1.1" 304 -
186.80.52.180 - - [07/Nov/2023:06:12:09 -0500] "POST /sipse/faces/presentacion/sistema/anexos/cargarAnexoSolicitudProceso.xhtml HTTP/1.1" 200 162855
186.80.52.180 - - [07/Nov/2023:06:12:10 -0500] "GET /sipse/faces/javax.faces.resource/layout/layout.js?ln=primefaces&v=4.0 HTTP/1.1" 304 -
186.80.52.180 - - [07/Nov/2023:06:12:10 -0500] "GET /sipse/faces/javax.faces.resource/dynamiccontent.properties?ln=primefaces&pfdrid=XjOR5%2F%2FfPAZAuY9TpWQeCiM0BhlXxYRBGKi%2FQcXXfeA%3D&pfdrid_c=false HTTP/1.1" 500 383
181.53.13.222 - - [07/Nov/2023:06:12:12 -0500] "POST /sipse/faces/presentacion/financiero/solicitudProyectoActividad/asociarProyectoSolicitud.xhtml HTTP/1.1" 200 6605
181.53.13.222 - - [07/Nov/2023:06:12:17 -0500] "POST /sipse/faces/presentacion/financiero/solicitudProyectoActividad/asociarProyectoSolicitud.xhtml HTTP/1.1" 200 1700
181.53.13.222 - - [07/Nov/2023:06:12:19 -0500] "POST /sipse/faces/presentacion/financiero/solicitudProyectoActividad/asociarProyectoSolicitud.xhtml HTTP/1.1" 200 75369
181.53.13.222 - - [07/Nov/2023:06:12:20 -0500] "GET /sipse/faces/javax.faces.resource/theme.css?ln=primefaces-sipse HTTP/1.1" 304 -
181.53.13.222 - - [07/Nov/2023:06:12:20 -0500] "GET /sipse/faces/javax.faces.resource/primefaces.css?ln=primefaces&v=4.0 HTTP/1.1" 304 -
181.53.13.222 - - [07/Nov/2023:06:12:20 -0500] "GET /sipse/faces/javax.faces.resource/layout/layout.css?ln=primefaces&v=4.0 HTTP/1.1" 304 -
181.53.13.222 - - [07/Nov/2023:06:12:20 -0500] "GET /sipse/faces/javax.faces.resource/jquery/jquery.js?ln=primefaces&v=4.0 HTTP/1.1" 304 -
181.53.13.222 - - [07/Nov/2023:06:12:20 -0500] "GET /sipse/faces/javax.faces.resource/jquery/jquery-plugins.js?ln=primefaces&v=4.0 HTTP/1.1" 304 -
181.53.13.222 - - [07/Nov/2023:06:12:20 -0500] "GET /sipse/faces/javax.faces.resource/primefaces.js?ln=primefaces&v=4.0 HTTP/1.1" 304 -
181.53.13.222 - - [07/Nov/2023:06:12:20 -0500] "GET /sipse/faces/javax.faces.resource/layout/layout.js?ln=primefaces&v=4.0 HTTP/1.1" 304 -
186.80.52.180 - - [07/Nov/2023:06:12:22 -0500] "POST /sipse/faces/presentacion/financiero/solicitudProceso/consultarSolicitudProceso.xhtml HTTP/1.1" 200 6796
201.245.192.253 - - [07/Nov/2023:06:12:25 -0500] "POST /kwsrmcab/Wsrmcab  HTTP/1.1" 200 42686
186.80.52.180 - - [07/Nov/2023:06:12:23 -0500] "POST /sipse/faces/presentacion/financiero/solicitudProceso/consultarSolicitudProceso.xhtml HTTP/1.1" 200 37388
186.80.52.180 - - [07/Nov/2023:06:12:30 -0500] "GET /sipse/faces/javax.faces.resource/theme.css?ln=primefaces-sipse HTTP/1.1" 304 -
186.80.52.180 - - [07/Nov/2023:06:12:30 -0500] "GET /sipse/faces/javax.faces.resource/primefaces.css?ln=primefaces&v=4.0 HTTP/1.1" 304 -
186.80.52.180 - - [07/Nov/2023:06:12:30 -0500] "GET /sipse/faces/javax.faces.resource/layout/layout.css?ln=primefaces&v=4.0 HTTP/1.1" 304 -
186.80.52.180 - - [07/Nov/2023:06:12:30 -0500] "GET /sipse/faces/javax.faces.resource/jquery/jquery.js?ln=primefaces&v=4.0 HTTP/1.1" 304 -
186.80.52.180 - - [07/Nov/2023:06:12:30 -0500] "GET /sipse/faces/javax.faces.resource/jquery/jquery-plugins.js?ln=primefaces&v=4.0 HTTP/1.1" 304 -
186.80.52.180 - - [07/Nov/2023:06:12:30 -0500] "GET /sipse/faces/javax.faces.resource/primefaces.js?ln=primefaces&v=4.0 HTTP/1.1" 304 -
186.80.52.180 - - [07/Nov/2023:06:12:30 -0500] "GET /sipse/faces/javax.faces.resource/layout/layout.js?ln=primefaces&v=4.0 HTTP/1.1" 304 -
186.80.52.180 - - [07/Nov/2023:06:12:31 -0500] "POST /sipse/faces/presentacion/financiero/solicitudProceso/listarSolicitudProceso.xhtml HTTP/1.1" 200 1396
186.80.52.180 - - [07/Nov/2023:06:12:35 -0500] "POST /sipse/faces/presentacion/financiero/solicitudProceso/listarSolicitudProceso.xhtml HTTP/1.1" 200 42586
181.53.13.222 - - [07/Nov/2023:06:12:37 -0500] "POST /sipse/faces/presentacion/financiero/solicitudProyectoActividad/asociarActividadSolicitud.xhtml HTTP/1.1" 200 61051
186.80.52.180 - - [07/Nov/2023:06:12:38 -0500] "POST /sipse/faces/presentacion/financiero/solicitudProceso/listarSolicitudProceso.xhtml HTTP/1.1" 200 31475
181.53.13.222 - - [07/Nov/2023:06:12:40 -0500] "GET /sipse/faces/javax.faces.resource/images/ui-icons_898989_256x240.png?ln=primefaces-aristo HTTP/1.1" 304 -
181.53.13.222 - - [07/Nov/2023:06:12:44 -0500] "POST /sipse/faces/presentacion/financiero/solicitudProyectoActividad/asociarActividadSolicitud.xhtml HTTP/1.1" 200 20084
181.53.13.222 - - [07/Nov/2023:06:12:45 -0500] "GET /sipse/faces/javax.faces.resource/theme.css?ln=primefaces-sipse HTTP/1.1" 304 -
181.53.13.222 - - [07/Nov/2023:06:12:45 -0500] "GET /sipse/faces/javax.faces.resource/primefaces.css?ln=primefaces&v=4.0 HTTP/1.1" 304 -
181.53.13.222 - - [07/Nov/2023:06:12:45 -0500] "GET /sipse/faces/javax.faces.resource/layout/layout.css?ln=primefaces&v=4.0 HTTP/1.1" 304 -
181.53.13.222 - - [07/Nov/2023:06:12:45 -0500] "GET /sipse/faces/javax.faces.resource/jquery/jquery.js?ln=primefaces&v=4.0 HTTP/1.1" 304 -
181.53.13.222 - - [07/Nov/2023:06:12:45 -0500] "GET /sipse/faces/javax.faces.resource/jquery/jquery-plugins.js?ln=primefaces&v=4.0 HTTP/1.1" 304 -
181.53.13.222 - - [07/Nov/2023:06:12:45 -0500] "GET /sipse/faces/javax.faces.resource/primefaces.js?ln=primefaces&v=4.0 HTTP/1.1" 304 -
181.53.13.222 - - [07/Nov/2023:06:12:45 -0500] "GET /sipse/faces/javax.faces.resource/layout/layout.js?ln=primefaces&v=4.0 HTTP/1.1" 304 -
181.53.13.222 - - [07/Nov/2023:06:13:12 -0500] "POST /sipse/faces/presentacion/financiero/solicitudProyectoActividad/asociarFuentesSolicitud.xhtml HTTP/1.1" 200 67698
181.53.13.222 - - [07/Nov/2023:06:13:12 -0500] "GET /sipse/faces/javax.faces.resource/theme.css?ln=primefaces-sipse HTTP/1.1" 304 -
181.53.13.222 - - [07/Nov/2023:06:13:12 -0500] "GET /sipse/faces/javax.faces.resource/primefaces.css?ln=primefaces&v=4.0 HTTP/1.1" 304 -
181.53.13.222 - - [07/Nov/2023:06:13:12 -0500] "GET /sipse/faces/javax.faces.resource/layout/layout.css?ln=primefaces&v=4.0 HTTP/1.1" 304 -
181.53.13.222 - - [07/Nov/2023:06:13:12 -0500] "GET /sipse/faces/javax.faces.resource/jquery/jquery.js?ln=primefaces&v=4.0 HTTP/1.1" 304 -
181.53.13.222 - - [07/Nov/2023:06:13:12 -0500] "GET /sipse/faces/javax.faces.resource/primefaces.js?ln=primefaces&v=4.0 HTTP/1.1" 304 -
181.53.13.222 - - [07/Nov/2023:06:13:12 -0500] "GET /sipse/faces/javax.faces.resource/jquery/jquery-plugins.js?ln=primefaces&v=4.0 HTTP/1.1" 304 -
181.53.13.222 - - [07/Nov/2023:06:13:12 -0500] "GET /sipse/faces/javax.faces.resource/layout/layout.js?ln=primefaces&v=4.0 HTTP/1.1" 304 -
172.22.2.4 - - [07/Nov/2023:06:13:27 -0500] "GET /BLA/boletinlegal/ HTTP/1.1" 200 20427
172.22.2.4 - - [07/Nov/2023:06:14:00 -0500] "HEAD /BLA/boletinlegal/Circulares/2012/Circular%20No.%2012%20del%2028%20de%20Agosto%20de%202012.pdf HTTP/1.1" 200 -
172.22.2.4 - - [07/Nov/2023:06:14:00 -0500] "GET /BLA/boletinlegal/Circulares/2012/Circular%20No.%2012%20del%2028%20de%20Agosto%20de%202012.pdf HTTP/1.1" 200 369945
40.77.167.24 - - [07/Nov/2023:06:14:04 -0500] "GET /bla/resoluciones/resoluciones%202012/1911.pdf HTTP/1.1" 200 430384
181.53.13.222 - - [07/Nov/2023:06:13:42 -0500] "POST /sipse/faces/presentacion/financiero/solicitudProceso/crearModificarSolicitudProceso.xhtml HTTP/1.1" 200 44654
181.53.13.222 - - [07/Nov/2023:06:14:05 -0500] "GET /sipse/faces/javax.faces.resource/layout/layout.css?ln=primefaces&v=4.0 HTTP/1.1" 304 -
181.53.13.222 - - [07/Nov/2023:06:14:05 -0500] "GET /sipse/faces/javax.faces.resource/primefaces.css?ln=primefaces&v=4.0 HTTP/1.1" 304 -
181.53.13.222 - - [07/Nov/2023:06:14:05 -0500] "GET /sipse/faces/javax.faces.resource/theme.css?ln=primefaces-sipse HTTP/1.1" 304 -
181.53.13.222 - - [07/Nov/2023:06:14:05 -0500] "GET /sipse/faces/javax.faces.resource/primefaces.js?ln=primefaces&v=4.0 HTTP/1.1" 304 -
181.53.13.222 - - [07/Nov/2023:06:14:05 -0500] "GET /sipse/faces/javax.faces.resource/jquery/jquery.js?ln=primefaces&v=4.0 HTTP/1.1" 304 -
181.53.13.222 - - [07/Nov/2023:06:14:05 -0500] "GET /sipse/faces/javax.faces.resource/jquery/jquery-plugins.js?ln=primefaces&v=4.0 HTTP/1.1" 304 -
181.53.13.222 - - [07/Nov/2023:06:14:05 -0500] "GET /sipse/faces/javax.faces.resource/layout/layout.js?ln=primefaces&v=4.0 HTTP/1.1" 304 -
181.53.13.222 - - [07/Nov/2023:06:14:09 -0500] "POST /sipse/faces/presentacion/financiero/contrato/consultarContratosSolicitudProceso.xhtml HTTP/1.1" 200 61968
181.53.13.222 - - [07/Nov/2023:06:14:15 -0500] "POST /sipse/faces/presentacion/financiero/contrato/consultarContratosSolicitudProceso.xhtml HTTP/1.1" 200 63090
181.53.13.222 - - [07/Nov/2023:06:14:16 -0500] "GET /sipse/faces/javax.faces.resource/theme.css?ln=primefaces-sipse HTTP/1.1" 304 -
181.53.13.222 - - [07/Nov/2023:06:14:16 -0500] "GET /sipse/faces/javax.faces.resource/primefaces.css?ln=primefaces&v=4.0 HTTP/1.1" 304 -
181.53.13.222 - - [07/Nov/2023:06:14:16 -0500] "GET /sipse/faces/javax.faces.resource/layout/layout.css?ln=primefaces&v=4.0 HTTP/1.1" 304 -
181.53.13.222 - - [07/Nov/2023:06:14:16 -0500] "GET /sipse/faces/javax.faces.resource/jquery/jquery.js?ln=primefaces&v=4.0 HTTP/1.1" 304 -
181.53.13.222 - - [07/Nov/2023:06:14:16 -0500] "GET /sipse/faces/javax.faces.resource/jquery/jquery-plugins.js?ln=primefaces&v=4.0 HTTP/1.1" 304 -
181.53.13.222 - - [07/Nov/2023:06:14:16 -0500] "GET /sipse/faces/javax.faces.resource/primefaces.js?ln=primefaces&v=4.0 HTTP/1.1" 304 -
181.53.13.222 - - [07/Nov/2023:06:14:16 -0500] "GET /sipse/faces/javax.faces.resource/layout/layout.js?ln=primefaces&v=4.0 HTTP/1.1" 304 -
52.167.144.161 - - [07/Nov/2023:06:15:36 -0500] "GET /BLA/resoluciones/RESOLUCIONES%202023/0159.pdf HTTP/1.1" 200 859634
216.245.221.92 - - [07/Nov/2023:06:15:45 -0500] "HEAD / HTTP/1.1" 200 -
172.22.2.4 - - [07/Nov/2023:06:14:50 -0500] "HEAD /BLA/boletinlegal/ HTTP/1.1" 200 -
66.249.66.19 - - [07/Nov/2023:06:16:31 -0500] "GET /BLA/resoluciones/RESOLUCIONES%202010/0240.pdf HTTP/1.1" 200 285353
201.245.192.253 - - [07/Nov/2023:06:17:02 -0500] "POST /kwsrmcab/Wsrmcab HTTP/1.1" 200 40054
201.245.192.253 - - [07/Nov/2023:06:17:05 -0500] "POST /kwsrmcab/Wsrmcab HTTP/1.1" 200 40234
172.22.2.4 - - [07/Nov/2023:06:15:41 -0500] "GET /BLA/boletinlegal/ HTTP/1.1" 200 53356
201.245.192.253 - - [07/Nov/2023:06:17:24 -0500] "POST /kwsrmcab/Wsrmcab  HTTP/1.1" 200 42686
181.53.13.222 - - [07/Nov/2023:06:18:06 -0500] "POST /sipse/faces/presentacion/financiero/solicitudProceso/crearModificarSolicitudProceso.xhtml HTTP/1.1" 200 65795
181.53.13.222 - - [07/Nov/2023:06:18:12 -0500] "GET /sipse/faces/javax.faces.resource/theme.css?ln=primefaces-sipse HTTP/1.1" 304 -
181.53.13.222 - - [07/Nov/2023:06:18:12 -0500] "GET /sipse/faces/javax.faces.resource/primefaces.css?ln=primefaces&v=4.0 HTTP/1.1" 304 -
181.53.13.222 - - [07/Nov/2023:06:18:12 -0500] "GET /sipse/faces/javax.faces.resource/layout/layout.css?ln=primefaces&v=4.0 HTTP/1.1" 304 -
181.53.13.222 - - [07/Nov/2023:06:18:12 -0500] "GET /sipse/faces/javax.faces.resource/jquery/jquery.js?ln=primefaces&v=4.0 HTTP/1.1" 304 -
181.53.13.222 - - [07/Nov/2023:06:18:12 -0500] "GET /sipse/faces/javax.faces.resource/jquery/jquery-plugins.js?ln=primefaces&v=4.0 HTTP/1.1" 304 -
181.53.13.222 - - [07/Nov/2023:06:18:12 -0500] "GET /sipse/faces/javax.faces.resource/primefaces.js?ln=primefaces&v=4.0 HTTP/1.1" 304 -
181.53.13.222 - - [07/Nov/2023:06:18:12 -0500] "GET /sipse/faces/javax.faces.resource/layout/layout.js?ln=primefaces&v=4.0 HTTP/1.1" 304 -
181.53.13.222 - - [07/Nov/2023:06:18:12 -0500] "GET /sipse/faces/javax.faces.resource/messages/messages.png?ln=primefaces&v=4.0 HTTP/1.1" 304 -
181.53.13.222 - - [07/Nov/2023:06:18:12 -0500] "POST /sipse/faces/presentacion/financiero/solicitudProceso/listarSolicitudProceso.xhtml HTTP/1.1" 200 1548
51.222.253.15 - - [07/Nov/2023:06:18:16 -0500] "GET /robots.txt HTTP/1.1" 404 1018
181.53.13.222 - - [07/Nov/2023:06:18:35 -0500] "POST /sipse/faces/presentacion/financiero/solicitudProceso/listarSolicitudProceso.xhtml HTTP/1.1" 200 155812
181.53.13.222 - - [07/Nov/2023:06:18:36 -0500] "GET /sipse/faces/javax.faces.resource/theme.css?ln=primefaces-sipse HTTP/1.1" 304 -
181.53.13.222 - - [07/Nov/2023:06:18:36 -0500] "GET /sipse/faces/javax.faces.resource/primefaces.css?ln=primefaces&v=4.0 HTTP/1.1" 304 -
181.53.13.222 - - [07/Nov/2023:06:18:36 -0500] "GET /sipse/faces/javax.faces.resource/layout/layout.css?ln=primefaces&v=4.0 HTTP/1.1" 304 -
181.53.13.222 - - [07/Nov/2023:06:18:36 -0500] "GET /sipse/faces/javax.faces.resource/jquery/jquery.js?ln=primefaces&v=4.0 HTTP/1.1" 304 -
181.53.13.222 - - [07/Nov/2023:06:18:36 -0500] "GET /sipse/faces/javax.faces.resource/jquery/jquery-plugins.js?ln=primefaces&v=4.0 HTTP/1.1" 304 -
181.53.13.222 - - [07/Nov/2023:06:18:37 -0500] "GET /sipse/faces/javax.faces.resource/primefaces.js?ln=primefaces&v=4.0 HTTP/1.1" 304 -
181.53.13.222 - - [07/Nov/2023:06:18:37 -0500] "GET /sipse/faces/javax.faces.resource/layout/layout.js?ln=primefaces&v=4.0 HTTP/1.1" 304 -
66.249.73.68 - - [07/Nov/2023:06:18:37 -0500] "GET /mujeres-que-reverdecen-secretaria-de-ambiente-anuncia-300-cupos-para-la-tercera-fase-del-programa.html HTTP/1.1" 304 -
181.53.13.222 - - [07/Nov/2023:06:18:37 -0500] "GET /sipse/faces/javax.faces.resource/dynamiccontent.properties?ln=primefaces&pfdrid=XjOR5%2F%2FfPAZAuY9TpWQeCiM0BhlXxYRBGKi%2FQcXXfeA%3D&pfdrid_c=false HTTP/1.1" 500 383
181.53.13.222 - - [07/Nov/2023:06:18:44 -0500] "POST /sipse/faces/presentacion/financiero/solicitudProceso/consultarSolicitudProceso.xhtml HTTP/1.1" 200 65340
181.53.13.222 - - [07/Nov/2023:06:18:45 -0500] "GET /sipse/faces/javax.faces.resource/theme.css?ln=primefaces-sipse HTTP/1.1" 304 -
181.53.13.222 - - [07/Nov/2023:06:18:45 -0500] "GET /sipse/faces/javax.faces.resource/primefaces.css?ln=primefaces&v=4.0 HTTP/1.1" 304 -
181.53.13.222 - - [07/Nov/2023:06:18:45 -0500] "GET /sipse/faces/javax.faces.resource/layout/layout.css?ln=primefaces&v=4.0 HTTP/1.1" 304 -
181.53.13.222 - - [07/Nov/2023:06:18:45 -0500] "GET /sipse/faces/javax.faces.resource/jquery/jquery.js?ln=primefaces&v=4.0 HTTP/1.1" 304 -
181.53.13.222 - - [07/Nov/2023:06:18:45 -0500] "GET /sipse/faces/javax.faces.resource/jquery/jquery-plugins.js?ln=primefaces&v=4.0 HTTP/1.1" 304 -
181.53.13.222 - - [07/Nov/2023:06:18:45 -0500] "GET /sipse/faces/javax.faces.resource/primefaces.js?ln=primefaces&v=4.0 HTTP/1.1" 304 -
181.53.13.222 - - [07/Nov/2023:06:18:45 -0500] "GET /sipse/faces/javax.faces.resource/layout/layout.js?ln=primefaces&v=4.0 HTTP/1.1" 304 -
181.53.13.222 - - [07/Nov/2023:06:18:45 -0500] "POST /sipse/faces/presentacion/financiero/solicitudProceso/listarSolicitudProceso.xhtml HTTP/1.1" 200 58711
181.53.13.222 - - [07/Nov/2023:06:18:46 -0500] "POST /sipse/faces/presentacion/financiero/solicitudProceso/listarSolicitudProceso.xhtml HTTP/1.1" 200 58711
181.53.13.222 - - [07/Nov/2023:06:18:47 -0500] "POST /sipse/faces/presentacion/financiero/solicitudProceso/listarSolicitudProceso.xhtml HTTP/1.1" 200 58711
181.53.13.222 - - [07/Nov/2023:06:18:47 -0500] "POST /sipse/faces/presentacion/financiero/solicitudProceso/listarSolicitudProceso.xhtml HTTP/1.1" 200 1548
181.53.13.222 - - [07/Nov/2023:06:18:50 -0500] "POST /sipse/faces/presentacion/financiero/solicitudProceso/listarSolicitudProceso.xhtml HTTP/1.1" 200 1560
181.53.13.222 - - [07/Nov/2023:06:18:52 -0500] "POST /sipse/faces/presentacion/financiero/solicitudProceso/listarSolicitudProceso.xhtml HTTP/1.1" 200 1556
181.53.13.222 - - [07/Nov/2023:06:18:55 -0500] "POST /sipse/faces/presentacion/financiero/solicitudProceso/listarSolicitudProceso.xhtml HTTP/1.1" 200 1560
