200.118.16.140 - - [07/Nov/2023:10:12:59 -0500] "GET /sipse/faces/javax.faces.resource/jquery/jquery.js?ln=primefaces&v=4.0 HTTP/1.1" 304 -
200.118.16.140 - - [07/Nov/2023:10:13:00 -0500] "GET /sipse/faces/javax.faces.resource/jquery/jquery-plugins.js?ln=primefaces&v=4.0 HTTP/1.1" 304 -
200.118.16.140 - - [07/Nov/2023:10:13:00 -0500] "GET /sipse/faces/javax.faces.resource/primefaces.js?ln=primefaces&v=4.0 HTTP/1.1" 304 -
200.118.16.140 - - [07/Nov/2023:10:13:00 -0500] "GET /sipse/faces/javax.faces.resource/layout/layout.js?ln=primefaces&v=4.0 HTTP/1.1" 304 -
200.118.16.140 - - [07/Nov/2023:10:13:13 -0500] "POST /sipse/faces/presentacion/financiero/solicitudProyectoActividad/asociarFuentesSolicitud.xhtml HTTP/1.1" 200 69921
200.118.16.140 - - [07/Nov/2023:10:13:13 -0500] "GET /sipse/faces/javax.faces.resource/theme.css?ln=primefaces-sipse HTTP/1.1" 304 -
200.118.16.140 - - [07/Nov/2023:10:13:13 -0500] "GET /sipse/faces/javax.faces.resource/primefaces.css?ln=primefaces&v=4.0 HTTP/1.1" 304 -
200.118.16.140 - - [07/Nov/2023:10:13:13 -0500] "GET /sipse/faces/javax.faces.resource/layout/layout.css?ln=primefaces&v=4.0 HTTP/1.1" 304 -
200.118.16.140 - - [07/Nov/2023:10:13:13 -0500] "GET /sipse/faces/javax.faces.resource/jquery/jquery.js?ln=primefaces&v=4.0 HTTP/1.1" 304 -
200.118.16.140 - - [07/Nov/2023:10:13:13 -0500] "GET /sipse/faces/javax.faces.resource/primefaces.js?ln=primefaces&v=4.0 HTTP/1.1" 304 -
200.118.16.140 - - [07/Nov/2023:10:13:13 -0500] "GET /sipse/faces/javax.faces.resource/jquery/jquery-plugins.js?ln=primefaces&v=4.0 HTTP/1.1" 304 -
200.118.16.140 - - [07/Nov/2023:10:13:13 -0500] "GET /sipse/faces/javax.faces.resource/layout/layout.js?ln=primefaces&v=4.0 HTTP/1.1" 304 -
200.118.16.140 - - [07/Nov/2023:10:13:13 -0500] "GET /sipse/faces/javax.faces.resource/images/ui-icons_898989_256x240.png?ln=primefaces-aristo HTTP/1.1" 304 -
186.102.76.141 - - [07/Nov/2023:10:13:26 -0500] "GET /kwssiamovil/sm/acme/a?s=U2FsdGVkX19u2JXfc5kxDdbWJjWWkSPdHOsoEvNRA4VoipPNrsafogO6HCaAojbGdGr48FSIDlOSoOqfzqcr2aTF1axq2m0YNbvAFDJcsOpI+Qy3BZ/k+ELUn4diBdM5esuhHvLzezNsn0ly7aiDg4oyXL3uVTGF9YvKdA0mh0bKnMbUAjUP6MZ5K4tsHNodzVJAi/aD53Me2N/JNTNILHawrI1iaIC5sYzJJQdgeLtzm+wdB0gQJpIL2+A+rRD6f3iymVISUniorhWpHvmTfg==&u=U2FsdGVkX19P02/4ok20xaKI/MDigQd9mhB3gSuaFMTKCDqroHqgxp+Qp/L5xPUU&y=U2FsdGVkX19nZ9bPUZJ87WJkUQludF8DMGCJxsicXNsh5Jsix794IpvOomHP9DpI HTTP/1.1" 200 26
186.102.76.141 - - [07/Nov/2023:10:13:36 -0500] "GET /kwssiamovil/sm/acme/a?s=U2FsdGVkX18v1alBJrxbbl/G06xkjKEWmyqZWW+DOZIZml65rlxrS9pYP2lEloOPlNeSebPxlOyCu9Bg3RvB90XjyD9P50W+k04am7mpW1WQzMNvmzwK6qVIW7UeSv4YKV/xk+5pe+yJ4hBRKjwDg+4H32FI/c6bOBorfTi5uOhD+FcTrv0psy+nHP8jrs3dUZ8JxIsQFJpDZsG7ILBS8zhjr27b5W9r/PCQ3TifFm2lEa04haZ2MabfDtxbHHN5KjkF9eEBOiwfpDkta4T8kwBubyD4icR2kW7VN1hcuDA+B8jb33eaLma3dRK/KNXXlUDSsXR7Nmyv2rsXf6QrIlu5GhHAaGChWCsJtXh+D1ajzkd5V5ZdegGym40ISJGVcrpkJh1DKj8j0TdUYSr8VGsslTAsZLHACRh1v83YRkM=&u=U2FsdGVkX19P02/4ok20xaKI/MDigQd9mhB3gSuaFMTKCDqroHqgxp+Qp/L5xPUU&y=U2FsdGVkX19nZ9bPUZJ87WJkUQludF8DMGCJxsicXNsh5Jsix794IpvOomHP9DpI HTTP/1.1" 200 25
186.102.76.141 - - [07/Nov/2023:10:13:36 -0500] "GET /kwssiamovil/sm/acme/a?s=U2FsdGVkX19tfqX5T38vaOQ3I+X/k/FfhWRVgd30E2dsy+9AvLWAe8H2wGajIVlqK/1fPoeZ5RR9LEyhYHG6Q2u6Lb4CbqB5pXTJTpMxrJO/Sm4IcV6G5uQP8/fQ9+y2z0zgMfVMTK/owHdvozDdY2DvbJHJ4KP3wPILU2cCU/3le0lr5aa2e9CGMru0RT90m92DzvBRs7kOZhOYUNov/4lznr9qOGos1mUnIN1dEhTZiPMn+fTJOWP5Kf36u1ZwntHQvKb+C4rEdbRRnAAGs4Iv+uFOvz0s6/ruz6X6BAaWjaz5oxHN3HDsKW9+UpZzcSQHwjrmZ8G6zchN/6dZ7isPUwCc4FSeD2VqnY7o5IyCNfhYDfMv92xeqJR8VTNuZg8Ceaq1nHwgRzrtvGSgXLTRULqI5bJhUWBGDlfHcQXSctvdJzEbSC78qcRbTbDa6B+YwhrFcczBZ3OsU44iviUmYfKGnYWEQom6RP82PcgvkVkjNmDu0ueIuoOnIRs1CyTAUI8H0Zn07h/Z45yfnFJv0co0w2SDkYc34ctL+FmF+g9C5Cw5wGoTdBmwyPTj4H0+AcKK5yHd2RdnYFLBVzj5tyN882SaSLQzglWOFEzP8e3GI0xuQlD8WRU0DtvZfwgdHj8nxoaKane3+XjAsDtUaUbaubR/6e6fLlHgwRE+yDKx3vz3yFl1Z8ZInrNNv813ZkZZpGedhHy/bmkM1idjvrRBtf1cEryTneq7qcDzZV8CTXn2vMnr2FZqgZKJa1QIEiQsI3nLTINI/wYqA5fwMgkIDG8Rku7E2dZ72RHvF+KMNXkFOqRyqIxWyBYXkJVig/18Sk32BvikTeLslhU+COpYE01hKGT+d0IBK00MyHug3VGc8DIqpAbCA/uL/Yfk46q6riQ1x0FIO02egT2uEIlc/2w4tQt5lAFW7dFdpPb04pqNf9gNIAcf6rswSkA9hnmdmzvGjmQnEgCwjfciXBw4/pMDnJtlWjUPtNFDU8GCaAz2Zn9rstxJ0BmqiKoVL9Q9cI+BN9PgCcHaqO4hNULdISza/lJB5bsxiGm/RG0eymMBgoFmhNaUWDYA4UT/KwgZIdV/AkfqG5W3YgbN8m+mPq92ovaUZqf2pAbEDLHMZq7YXSLqmbc3aleqrAhxOj9PD1e6qM7yvBEKXCU//5v025Pbqeimjuslnj0dLY72EDQXA8NslIyKYbhHcfG6hGPrME9nLvRjBfQRcOzpW61soVEc+otXD9AQH6WeaWi9484dQ7I6/jQ/Py1oYBuy6MosxirOnGci/i8MnHD6yAEt4JswbRt+9afc/bQu/d7egFhvy3RqDelW44AOv9htDMfKjVEzvGNQELUCbnd4GFWUwF8vBM/3+s3hqpksYVD2W+ygiDJK9L/TVEqsMSE1uxjwBFgDn8q7FBDxj14cIsHYZQzXdGHg6N9V5KIy9xwp8TNCzZuXkj4kRyaZvkPe2ckQDKgRxntuiLSOMox14uXagnZ+gDkzM0TNMraCCWA7NfFLBeaE2YYKn3M1978NVQJESMwUtObBFIv5XHLQFutl1rxqOyBntoua4jd3N4PoAtUAiXkyF8hPbICBEhYCFzu9L0WWylgecUV4VicBYdhXcmFnxmaMzF0hwWEhX3sc6ddilkanK5N+4yfdFHzzcsNZLZD8dsHPkUaUcJkPuwAZep5rxXUFZdkhL7cfepV73Crt4mlxQwFk2B7Qc8DNNwDj5SNlUge20f9yO/c2dz+HHeUhGp/PlZsSNFr4lcLKyvmgX+oCbXPycAV0YZLQQczrw4iukuK6rGPV86yTzgv0zsjvKemTQZawlVOtDqvVnHUXaKGnng3tPQEYJhsRxVEx2BnQDmADJ7jOnxK3KGbsPwVRBId+A6+Q25uAzzi7TqvpfQ3TE319wrDsDVy3CjVivkUqVwCwUQxWh9RNOjnmY7PMoKaR/+w8nJbt7bLWC/WBbamHoGHVgzEhHpPcEsNz8NRRaG7h4q1uytF1esvMEVicl5qIhpXy7SrMn0fpuGJukbI5UzV59EuKgVVQOzHzZWdegywUqS5PShrqOUc/BAOSgSsgE3+Pk7oSgONr5BkYO4Qdawvx+gJC9WwbbCbYeCsOOFlgDlgtzhe9nxml6/KFPLX82MLHAv8UEY7HyyTeV69xkHt7aNpSBLos4piAdhmcuOd6YM1oYQ2tSF21DdiczhzuxHxb2Yt5eMqUzXrS/71Kb+ZzCBfjxPxHur4QKHVQZAvc2NpitNGgp6OhvTeVP3dTdHtIKwg2e6ZPOuU71j1rhzK1P+9DV/mOkMUOBLpdz75ZSAdh+jzCIxSqGUq3VevJrAlGY4gvLnt2j7DMyKT18xDIvZ4hZRId+B0nlomy+6AJIR0bYfjCpLJpe1nK4f7FDPWpgyMgHN358TsIv9rSCfXqSqC7/X8gW3LZAQONz/GzReQYpnw/chLI74yB5m+M4CPzA3q9xJslY2ibzaSPe9y564YKyzS9+Ap3prWxiyE835lL2W0s4r+ldruS50mOIV3tD0iICC34EGtzh2kyDV3iOMj/DYfyC5Uvf+qfexvMR47cItekVMtNymp9UTW0J9S5u7clnpfAjNo4dnFP2i+UEiCtKwmjEcFvCUOqCSOjYi+fyRcLlfAOqB7aa57xVhPHoa9ra/Q9+CAR/spTm0YzF34kp50l5pHlMfvw1OYZJqr0UL+uMvlK7Eh027kF+hfAPilGfBSjeDStRF1lauyQpq52DQRSrWc9W5nH0zqVzGsPh7cczV1ceK5eSB4gkS+F6CZRv/vJqnjXyJjO/lZTL8PLjjucMU3EwHyUXGTP1ldPyWtchiPadzfH6B9JO20nSlvJYJgG7clsw+1wU6opMi1bXbLOR0mXTb84K8MjUvf7pbzevyf9sRCirAbFQ4Qg1y2Th8EbSBRiZatRA0qIpgfZ0z6+Y4zwDGh8OT4iii4ENdzajO00gjT8AOdMDU727VR7k4rUtJt8uGGjz1BmiP52QP5r+1+VL4qPI/fjClnRjy0RKdw/8xWBSDIXD8S61nF6dZDl1E8PCM52/ZXes3s14NgNHEWOTlB2ylwQSQc0o/36Hf/QMJcQb7d8cImfyoX7kf4xrjAc6ZkhcOJG39MG&u=U2FsdGVkX19P02/4ok20xaKI/MDigQd9mhB3gSuaFMTKCDqroHqgxp+Qp/L5xPUU&y=U2FsdGVkX19nZ9bPUZJ87WJkUQludF8DMGCJxsicXNsh5Jsix794IpvOomHP9DpI HTTP/1.1" 200 24
186.102.76.141 - - [07/Nov/2023:10:13:37 -0500] "GET /kwssiamovil/sm/acme/a?s=U2FsdGVkX1+kBKVKR4sM8F2GWHZ1S9Z1AWjKLLYcasejY9w2OouFRXV4zTodVbyCmjpHz0U4e7ldCAuK9ypLbAl1XNqBxfcwZESVLaTW+Iu8SFP6A3vydcvUnJsLCzLXy+GjJMgdn00+nZIVrkStSPwO9Rdyjdr8dux1igY5mLE=&u=U2FsdGVkX19P02/4ok20xaKI/MDigQd9mhB3gSuaFMTKCDqroHqgxp+Qp/L5xPUU&y=U2FsdGVkX19nZ9bPUZJ87WJkUQludF8DMGCJxsicXNsh5Jsix794IpvOomHP9DpI HTTP/1.1" 200 26
186.102.76.141 - - [07/Nov/2023:10:13:37 -0500] "GET /kwssiamovil/sm/acme/a?s=U2FsdGVkX1/z77nuR+JHEEzR7LF5a/lGfSP13OuxEq4YpuGCot0plNirVlAvztpqzSaZQhdD6t5nBMj3NStDvk3zfomhrpDnXQDPDkHDLVxqHgzHdPubwuNaOrquOHGtwee8Ze7fFaB3474vspVh0Q==&u=U2FsdGVkX19P02/4ok20xaKI/MDigQd9mhB3gSuaFMTKCDqroHqgxp+Qp/L5xPUU&y=U2FsdGVkX19nZ9bPUZJ87WJkUQludF8DMGCJxsicXNsh5Jsix794IpvOomHP9DpI HTTP/1.1" 200 24
186.102.76.141 - - [07/Nov/2023:10:13:38 -0500] "GET /kwssiamovil/sm/acme/a?s=U2FsdGVkX1+mzBRt1I8afl9COgfJOxQWC7SJf6TMRx6Bkc5k3c+bc29WlmZKvVsPYUn75jCjwyqnUJeCQ/uY8ouxPSR8H3G6JZeRRcsds9WBBEVNxaUBMwX8WttNmg3pQTCLO61aKZ7p2ekraX3dCA==&u=U2FsdGVkX19P02/4ok20xaKI/MDigQd9mhB3gSuaFMTKCDqroHqgxp+Qp/L5xPUU&y=U2FsdGVkX19nZ9bPUZJ87WJkUQludF8DMGCJxsicXNsh5Jsix794IpvOomHP9DpI HTTP/1.1" 200 24
186.102.76.141 - - [07/Nov/2023:10:13:38 -0500] "GET /kwssiamovil/sm/acme/a?s=U2FsdGVkX18cjE0k607LzZUB6pd4QMBNNIaQEA+OnG/YO3sgnTYTlK65cCskkwIleM04ibBzydLFb3Nvk3LJXzOLiFl7PCOCd+0KdguIC63s5EOqDUWEsPVyP5DiMrDWu1lyfuqmG85eFkroqNSvbjUTABxOLaP/YAJ4/EsW5+W2Cw8Q9wlaBnQwI2R89zyi&u=U2FsdGVkX19P02/4ok20xaKI/MDigQd9mhB3gSuaFMTKCDqroHqgxp+Qp/L5xPUU&y=U2FsdGVkX19nZ9bPUZJ87WJkUQludF8DMGCJxsicXNsh5Jsix794IpvOomHP9DpI HTTP/1.1" 200 24
172.22.2.4 - - [07/Nov/2023:10:11:58 -0500] "GET /BLA/boletinlegal/ HTTP/1.1" 200 62729
186.102.76.141 - - [07/Nov/2023:10:13:39 -0500] "GET /kwssiamovil/sm/acme/a?s=U2FsdGVkX19vzgz5JOq2y0Kc64FM5z/o1jKKbmLxkD4q7gFVw4YgyNx2EKqDMo0/q2YwwhaezOWCQgoCtK3Z4LKrYQMiozszsMf8ceQsleKocUuobyZkZOjSntyAk3tAoisdn1JueOgeTpCudNIhRxRySzz+lW4MSlVeIJcez1rJ4xhZplsC101lVX/3ODFHvhuEHkOI9aPHwdg5JPV7NgOkuVD2jDUxdzbVI6pJ/qQ=&u=U2FsdGVkX19P02/4ok20xaKI/MDigQd9mhB3gSuaFMTKCDqroHqgxp+Qp/L5xPUU&y=U2FsdGVkX19nZ9bPUZJ87WJkUQludF8DMGCJxsicXNsh5Jsix794IpvOomHP9DpI HTTP/1.1" 200 24
186.102.76.141 - - [07/Nov/2023:10:13:39 -0500] "GET /kwssiamovil/sm/acme/a?s=U2FsdGVkX19JwQH2/Nj9liDF1yVwLZj9it4aeyVb8mV7BTF7OvhrrfiQHEed087OTZ8r2pSU+Oz7KzpLgfoz0oxSVduVeuGtPaeSIFRx7yL1F59yi8qAPLAjzN61oiDY02ndxYi2y8RQykMXGGb7rq46679Hj82xPIgwHgppuW4kKpSmxJsIjQJTM7DHBqP94ZlsK9ViIdkN6vWQ7OuqQfsqwzBpVlgto5WP5zvd4eucPowFXVbCruafxgpcgCASH64tXMpqFYye3VUwzWTMZwGFOK2jIWXJcG+Vrpvd8HjTQwMBQDAcZ3ardSxLxi07FTgW8K90C6P58aaJOzy8dozS45ZFnRYxJcf5hqYuY6nBGpU+gUk73bhd+fac5NoefQ+1mqegvTjtZfGDLLpwMbe2htMq6Gj0V7MVW25Nwq0DhQtqp6v25u/7O7n+cTXTIROfKJ7je26SMwulLFvVfw==&u=U2FsdGVkX19P02/4ok20xaKI/MDigQd9mhB3gSuaFMTKCDqroHqgxp+Qp/L5xPUU&y=U2FsdGVkX19nZ9bPUZJ87WJkUQludF8DMGCJxsicXNsh5Jsix794IpvOomHP9DpI HTTP/1.1" 200 24
186.102.76.141 - - [07/Nov/2023:10:13:40 -0500] "GET /kwssiamovil/sm/acme/a?s=U2FsdGVkX18cASZwt69y3oQ5tkqU7YA9BxGPcYNyfAG/0+xkpXwbDDqISS7cKFCbMvQHKK3IDsTruq77U5yfqEs5eD1uOXsu9GGlJM/H3Gk1+TpXIeTiH3oaWTU00XfBUcWGYhw5kmAYbA4H3S0EnE+H8c2t3a2zFvm4wFEhHnWhgv8TWP1zpIFtICTfmJCl7rER53MIuR49QUdb6CEZxQ==&u=U2FsdGVkX19P02/4ok20xaKI/MDigQd9mhB3gSuaFMTKCDqroHqgxp+Qp/L5xPUU&y=U2FsdGVkX19nZ9bPUZJ87WJkUQludF8DMGCJxsicXNsh5Jsix794IpvOomHP9DpI HTTP/1.1" 200 26
186.102.76.141 - - [07/Nov/2023:10:13:41 -0500] "GET /kwssiamovil/sm/acme/a?s=U2FsdGVkX1+HEdYeu4vapiYuWyAeurBNB4pP9Buyh2mmjC9ndtkpTOR6DnJSlOx7WWqcR2gBFVfhlpS766dGzRthKBuYnrf4kF2cex6jZFpbZH+MxGCjrizqU8j+Z3JQUZVT23yh0T+cuwgR21G9mWjh/s7A1Q4vMOBo2vwaiD+uQwbM7yh5OH2//bAmPr8t8l1/AKe07Y13mWnoN/fOj0PWdDh2MgNA2UAlXh/+VVIjpR0v4ibLIr7fgqXt9hqAbl5zLDpQkj+Ix7buGJPlAP2hXlhIwVUfDKhYSD5xM/BpG82iQg91NxLHCt7jTknK9RKaS5HaKpeCNutrriAgjkS3M4O1W5mTaQ4IXu6xV8ksZ6AnwuSKsu8ucVdQvNfIcMQpDZqnLNZRcNb/JWF0KFxE6Fw66CU+IK5RErhrJZbYQZDed+hlwNDgaDqcGgcs&u=U2FsdGVkX19P02/4ok20xaKI/MDigQd9mhB3gSuaFMTKCDqroHqgxp+Qp/L5xPUU&y=U2FsdGVkX19nZ9bPUZJ87WJkUQludF8DMGCJxsicXNsh5Jsix794IpvOomHP9DpI HTTP/1.1" 200 25
186.102.76.141 - - [07/Nov/2023:10:13:41 -0500] "GET /kwssiamovil/sm/acme/a?s=U2FsdGVkX1+MaOV/KXZ6iXJcIQXWNDS+ozid8CEhE3Rn4937avf8QJyReB/HGH0XE8X6TD9L+jnf5YK7mmWTbyMP3Rf0WDbpqol38vVsiXs6oCDYmcj1QVtMBrWsIF1Vr15JE+/AlX62TFayhsMFJUhgGB6ppzV6qwvokBxz8F2+flhSAeGq9CEVtTkJ/dw4&u=U2FsdGVkX19P02/4ok20xaKI/MDigQd9mhB3gSuaFMTKCDqroHqgxp+Qp/L5xPUU&y=U2FsdGVkX19nZ9bPUZJ87WJkUQludF8DMGCJxsicXNsh5Jsix794IpvOomHP9DpI HTTP/1.1" 200 24
186.102.76.141 - - [07/Nov/2023:10:13:42 -0500] "GET /kwssiamovil/sm/acme/a?s=U2FsdGVkX1+6CKE8wwUmsm+ITdNZnEZBf7mHrOe7uPBFJtMsOWdSFWk4cl+8T8A7IV8uaJZxnFlsxURFeq+rQr0fVnBnrUopwdbU+ouKOBmQ0GZCLQeYsWaaNoX4NvIEc+SUbSVnZxjB+34kCx81Kywww2CDKU8K1YjHyUKj3RDJSbEMFMjeRGC6lx1krA3yJbyYy0FlSf4R6WC477+Ufw==&u=U2FsdGVkX19P02/4ok20xaKI/MDigQd9mhB3gSuaFMTKCDqroHqgxp+Qp/L5xPUU&y=U2FsdGVkX19nZ9bPUZJ87WJkUQludF8DMGCJxsicXNsh5Jsix794IpvOomHP9DpI HTTP/1.1" 200 24
186.102.76.141 - - [07/Nov/2023:10:13:43 -0500] "GET /kwssiamovil/sm/acme/a?s=U2FsdGVkX19Fx6yxM3Ge6ZWUviov1Bs0z90ByC+ILTKuz3nJGYFWufNyHvkoThItWCOIQuF+WKIyZgp8wTolUz00EkuMu1kCf1zWXiIsnQ6GwcPDzTd6mdHusui6KhfM44FzMz+K1/k+gdQWpNgxDrda8uiBvKfXMCUoDFcyU/U=&u=U2FsdGVkX19P02/4ok20xaKI/MDigQd9mhB3gSuaFMTKCDqroHqgxp+Qp/L5xPUU&y=U2FsdGVkX19nZ9bPUZJ87WJkUQludF8DMGCJxsicXNsh5Jsix794IpvOomHP9DpI HTTP/1.1" 200 26
190.25.204.49 - - [07/Nov/2023:10:13:43 -0500] "POST /sipse/faces/presentacion/financiero/solicitudProceso/listarSolicitudProceso.xhtml HTTP/1.1" 200 57816
186.102.76.141 - - [07/Nov/2023:10:13:43 -0500] "GET /kwssiamovil/sm/acme/a?s=U2FsdGVkX19kpXQYnxy6r3XfQETea7c3wsRxvF52oRc5d+hvkPioMH6E73bBaN1K9wEqILpUWCvSIaVHxzmFtD9cT4YSBWvXP9SS2RUD6YxDqvBkdsAj7hr1rc8jASeXTVzcyUK4ujQl0Z2y8j08LixFzDgfMDoj8n/DC9pG1j6O+GL7Cr/T4IdO/4WrDg14&u=U2FsdGVkX19P02/4ok20xaKI/MDigQd9mhB3gSuaFMTKCDqroHqgxp+Qp/L5xPUU&y=U2FsdGVkX19nZ9bPUZJ87WJkUQludF8DMGCJxsicXNsh5Jsix794IpvOomHP9DpI HTTP/1.1" 200 26
190.25.204.49 - - [07/Nov/2023:10:13:43 -0500] "POST /sipse/faces/presentacion/financiero/solicitudProceso/listarSolicitudProceso.xhtml HTTP/1.1" 200 57816
186.102.76.141 - - [07/Nov/2023:10:13:44 -0500] "GET /kwssiamovil/sm/acme/a?s=U2FsdGVkX1/AxFzqlE0+tv/gh7iydTCodM9/RNC2yEePyBRpoZ8zGOr6+t75uU/DsarODp9182qPhZotx5tByFl/YAW6H7dGIVAJITgr3qorpkcQdQOp1VpSKmCxNoG5UqmIwShhc6awI7MWthsMlzzjCCSboqEBVu5mMOsmy3zll0W3Gkx91Qo5/kcwawKI&u=U2FsdGVkX19P02/4ok20xaKI/MDigQd9mhB3gSuaFMTKCDqroHqgxp+Qp/L5xPUU&y=U2FsdGVkX19nZ9bPUZJ87WJkUQludF8DMGCJxsicXNsh5Jsix794IpvOomHP9DpI HTTP/1.1" 200 24
190.25.204.49 - - [07/Nov/2023:10:13:44 -0500] "POST /sipse/faces/presentacion/financiero/solicitudProceso/listarSolicitudProceso.xhtml HTTP/1.1" 200 57816
190.25.204.49 - - [07/Nov/2023:10:13:44 -0500] "POST /sipse/faces/presentacion/financiero/solicitudProceso/listarSolicitudProceso.xhtml HTTP/1.1" 200 57816
186.102.76.141 - - [07/Nov/2023:10:13:45 -0500] "GET /kwssiamovil/sm/acme/a?s=U2FsdGVkX18NFSZtMv0hnq0rgecNSYTcnj7heHhKBGM/+kX2qvvqOLpW7Uo4Jn8Cc+fNyxYClQH6NbEtccVpQA7pUrpNtA3LFke9S4/wNq2Nnydwm/ZYf2S/C4XwEPxiNMWA58Zp6i3mKM2ZXlBN6CpfrgEVNfgR4e7WZEwEMhRm58g1BLxRtnqNvhex3RXHgMorcqQr5kyIN6foY2iSDw==&u=U2FsdGVkX19P02/4ok20xaKI/MDigQd9mhB3gSuaFMTKCDqroHqgxp+Qp/L5xPUU&y=U2FsdGVkX19nZ9bPUZJ87WJkUQludF8DMGCJxsicXNsh5Jsix794IpvOomHP9DpI HTTP/1.1" 200 24
190.25.204.49 - - [07/Nov/2023:10:13:45 -0500] "POST /sipse/faces/presentacion/financiero/solicitudProceso/listarSolicitudProceso.xhtml HTTP/1.1" 200 1548
186.102.76.141 - - [07/Nov/2023:10:13:45 -0500] "GET /kwssiamovil/sm/acme/a?s=U2FsdGVkX19luTjoqc1lNgeYs/Shm20vIawEGBjt28g/2TmiD7AV8PWOs6tPFD0NQMQdzVyH3oVlc6oFubarM1GI7/LOLdfcyBy686EcRTQ/J3zHMV+DlEBEdQj4nt0fCbM9t7F01dGP9dIr2d74Np1hnyHisZwtTUYp1OGaEIo=&u=U2FsdGVkX19P02/4ok20xaKI/MDigQd9mhB3gSuaFMTKCDqroHqgxp+Qp/L5xPUU&y=U2FsdGVkX19nZ9bPUZJ87WJkUQludF8DMGCJxsicXNsh5Jsix794IpvOomHP9DpI HTTP/1.1" 200 26
190.25.204.49 - - [07/Nov/2023:10:13:45 -0500] "POST /sipse/faces/presentacion/financiero/solicitudProceso/listarSolicitudProceso.xhtml HTTP/1.1" 200 1560
190.25.204.49 - - [07/Nov/2023:10:13:46 -0500] "POST /sipse/faces/presentacion/financiero/solicitudProceso/listarSolicitudProceso.xhtml HTTP/1.1" 200 1556
186.102.76.141 - - [07/Nov/2023:10:13:46 -0500] "GET /kwssiamovil/sm/acme/a?s=U2FsdGVkX1+nUXpR2e8Vd8tFsq4uUh6HP7+XSQUDAwFgkHk+gNSQuPeTzIuR0qBRJpOUyDGSxnOvTbjwhD7C22+9JSiQlqpyPRtDWnyyJjg/TQ+2fQeXJ9P1g1LDTUnIPBMzzEt5dtPuPpYeA82iiC98b0FOD+PU2+CEwppmpzxzowNEgVytXcYgBamUW7LH78qNk3PzpAXnyW/R3GgEqA==&u=U2FsdGVkX19P02/4ok20xaKI/MDigQd9mhB3gSuaFMTKCDqroHqgxp+Qp/L5xPUU&y=U2FsdGVkX19nZ9bPUZJ87WJkUQludF8DMGCJxsicXNsh5Jsix794IpvOomHP9DpI HTTP/1.1" 200 26
190.25.204.49 - - [07/Nov/2023:10:13:46 -0500] "POST /sipse/faces/presentacion/financiero/solicitudProceso/listarSolicitudProceso.xhtml HTTP/1.1" 200 1560
186.102.76.141 - - [07/Nov/2023:10:13:47 -0500] "GET /kwssiamovil/sm/acme/a?s=U2FsdGVkX19hmip8YYVDafijTLkZ9112Q8kRJMdqmlS/xd7bc4IBQFcDUVGZEU0/DxJj5k7ZMBHI1VPLYSaJLcqwGHr18/OB6coIOd+bhiJK3dmpia3J8voV5MEI+Ux0TaKAsslxCpDmkZwzAeb5UOzyKJy06PI6QDsZ3sOV+81N9OO613KpoA/X2Wgqdq4O9kZIep19rQVvQ4L9iVpvtw==&u=U2FsdGVkX19P02/4ok20xaKI/MDigQd9mhB3gSuaFMTKCDqroHqgxp+Qp/L5xPUU&y=U2FsdGVkX19nZ9bPUZJ87WJkUQludF8DMGCJxsicXNsh5Jsix794IpvOomHP9DpI HTTP/1.1" 200 24
186.102.76.141 - - [07/Nov/2023:10:13:48 -0500] "GET /kwssiamovil/sm/acme/a?s=U2FsdGVkX18XhYcvGNqyqTogymMaec+SiLp6Wo62b+6h7JSCfrgS/Xa2Vh5D6ymFpj0ldAJXC+wwg3ynDTeyNTgHpzfHzYmuNh3mcMRTrwgl2YgE4JJMmbW9th8uxo7A7iuQoDeQcoZWLC4euQw9y88oVcQ7VsiKQqK5RlUT1PH/SGZ80lry1xap1uKnEf0x&u=U2FsdGVkX19P02/4ok20xaKI/MDigQd9mhB3gSuaFMTKCDqroHqgxp+Qp/L5xPUU&y=U2FsdGVkX19nZ9bPUZJ87WJkUQludF8DMGCJxsicXNsh5Jsix794IpvOomHP9DpI HTTP/1.1" 200 26
190.25.204.49 - - [07/Nov/2023:10:13:48 -0500] "POST /sipse/faces/presentacion/financiero/solicitudProceso/listarSolicitudProceso.xhtml HTTP/1.1" 200 2853
186.102.76.141 - - [07/Nov/2023:10:13:48 -0500] "GET /kwssiamovil/sm/acme/a?s=U2FsdGVkX18bF7OOSUZuIgkaO5LjMBFo6dEgdHb3UHbNNO/clscGcZlG5AkpjwGC09DNn9yiODu6jWt2BWtPbea/8V6BKWUFb4nzMs7ccU7PJRsP4BuEPdv/2aJS67ryUQpx6iZ5IGZPeV5RdkRVx2rne8mn8HtHsC8s6+NHHsvnfPJJKCP8XaaqiuoXoF5cSNM/BWDuut0fO7k96BdAQNKLsUFTpne764aZ6NUT+/w=&u=U2FsdGVkX19P02/4ok20xaKI/MDigQd9mhB3gSuaFMTKCDqroHqgxp+Qp/L5xPUU&y=U2FsdGVkX19nZ9bPUZJ87WJkUQludF8DMGCJxsicXNsh5Jsix794IpvOomHP9DpI HTTP/1.1" 200 24
190.25.204.49 - - [07/Nov/2023:10:13:49 -0500] "POST /sipse/faces/presentacion/financiero/solicitudProceso/listarSolicitudProceso.xhtml HTTP/1.1" 200 40726
190.25.204.49 - - [07/Nov/2023:10:13:49 -0500] "GET /sipse/faces/javax.faces.resource/theme.css?ln=primefaces-sipse HTTP/1.1" 304 -
186.102.76.141 - - [07/Nov/2023:10:13:49 -0500] "GET /kwssiamovil/sm/acme/a?s=U2FsdGVkX19/xFS5HIya75FHLs8++Bja/QptPGQAG0iQDzmXjbPgbu9eeIJF+Bti0N8uylwNqbWFrTEX4N0aorzv/tWxHPm+KZadaSzZ4SOXseiN/7995byCI9xzM/nrWrrP9Uq/Log0gQQbl/d60D28i8qos69gklhyaoyNnFeVvr4sRhuF/7oMsc59aGbt19qLtRG68zO1QNgKc00UjQ==&u=U2FsdGVkX19P02/4ok20xaKI/MDigQd9mhB3gSuaFMTKCDqroHqgxp+Qp/L5xPUU&y=U2FsdGVkX19nZ9bPUZJ87WJkUQludF8DMGCJxsicXNsh5Jsix794IpvOomHP9DpI HTTP/1.1" 200 26
190.25.204.49 - - [07/Nov/2023:10:13:49 -0500] "GET /sipse/faces/javax.faces.resource/primefaces.css?ln=primefaces&v=4.0 HTTP/1.1" 304 -
190.25.204.49 - - [07/Nov/2023:10:13:49 -0500] "GET /sipse/faces/javax.faces.resource/layout/layout.css?ln=primefaces&v=4.0 HTTP/1.1" 304 -
190.25.204.49 - - [07/Nov/2023:10:13:49 -0500] "GET /sipse/faces/javax.faces.resource/jquery/jquery.js?ln=primefaces&v=4.0 HTTP/1.1" 304 -
190.25.204.49 - - [07/Nov/2023:10:13:49 -0500] "GET /sipse/faces/javax.faces.resource/jquery/jquery-plugins.js?ln=primefaces&v=4.0 HTTP/1.1" 304 -
190.25.204.49 - - [07/Nov/2023:10:13:49 -0500] "GET /sipse/faces/javax.faces.resource/primefaces.js?ln=primefaces&v=4.0 HTTP/1.1" 304 -
190.25.204.49 - - [07/Nov/2023:10:13:49 -0500] "GET /sipse/faces/javax.faces.resource/layout/layout.js?ln=primefaces&v=4.0 HTTP/1.1" 304 -
190.25.204.49 - - [07/Nov/2023:10:13:49 -0500] "POST /sipse/faces/presentacion/financiero/solicitudProceso/consultar.xhtml HTTP/1.1" 200 34137
186.102.76.141 - - [07/Nov/2023:10:13:50 -0500] "GET /kwssiamovil/sm/acme/a?s=U2FsdGVkX1+QFlFPfilnOZlULiz+VcKXPdlAlmXIpeetvYHeGTdNbJ9hfJoY3Hl+v/Trv967GnpuLhO0MtOxbsvXq34qVMz81/k2EdUlqvnNvnn/Lh2ltGZiaBpc2i2/DE0wY5Raqfy+GNzp2gvV/X4iA6uuQO3v5iPr7bWqt+AX4X2PR4P/PRYcsyNf3vOlwMMm8ESQi/G1FYLqUE8qaw==&u=U2FsdGVkX19P02/4ok20xaKI/MDigQd9mhB3gSuaFMTKCDqroHqgxp+Qp/L5xPUU&y=U2FsdGVkX19nZ9bPUZJ87WJkUQludF8DMGCJxsicXNsh5Jsix794IpvOomHP9DpI HTTP/1.1" 200 24
190.25.204.49 - - [07/Nov/2023:10:13:50 -0500] "POST /sipse/faces/presentacion/financiero/solicitudProceso/consultar.xhtml HTTP/1.1" 200 34137
190.25.204.49 - - [07/Nov/2023:10:13:50 -0500] "POST /sipse/faces/presentacion/financiero/solicitudProceso/consultar.xhtml HTTP/1.1" 200 34137
186.102.76.141 - - [07/Nov/2023:10:13:51 -0500] "GET /kwssiamovil/sm/acme/a?s=U2FsdGVkX1/rd+NAmIgzjmbSfR6lMtrke6I9pImmoXNCim9c3EM63V2xxv8AywYCy32uDh7Ec0Y30xu8JYMC1+kOPnpjAiw+MyHpHmY/MsSKVA11I18DyWoCNmtUQAK4PavlBCK0I50YwZSSCpFF3DQ+XqXG5mEvOHXZQKkLPTPAdxYsO0KAF+io5ox7K9LbP1FUIwWz1zPblvjO9eDFuA==&u=U2FsdGVkX19P02/4ok20xaKI/MDigQd9mhB3gSuaFMTKCDqroHqgxp+Qp/L5xPUU&y=U2FsdGVkX19nZ9bPUZJ87WJkUQludF8DMGCJxsicXNsh5Jsix794IpvOomHP9DpI HTTP/1.1" 200 26
186.102.76.141 - - [07/Nov/2023:10:13:51 -0500] "GET /kwssiamovil/sm/acme/a?s=U2FsdGVkX1+yDCYijHepO05er2RlptzP1TRuJ1EDzRqmJx6rbYjF8/FzynQbv7vqKZ/D9H66ZaEkOHDYTW1r5C517VBmazrLY/8/e/RfE7TxCcoHm8d6djw+pHJTP7MfC2fapmYQfCXsSWMztc/KdUblGjeJ4GFBPggtYjPTx6FnrywuvukS+aU8VSOffh70VnOe4xjkq/aFJAcgTqKaCQ==&u=U2FsdGVkX19P02/4ok20xaKI/MDigQd9mhB3gSuaFMTKCDqroHqgxp+Qp/L5xPUU&y=U2FsdGVkX19nZ9bPUZJ87WJkUQludF8DMGCJxsicXNsh5Jsix794IpvOomHP9DpI HTTP/1.1" 200 24
186.102.76.141 - - [07/Nov/2023:10:13:52 -0500] "GET /kwssiamovil/sm/acme/a?s=U2FsdGVkX18f6+K4YmjXOB/e8Mt+u4j+Qx4lE2WMBUsI5mxi9ggbC/BnZIOaygnxjhj3H0EXA8SUJSfFXdnFGZXoXpKgsAEIA46iN7pY3YIwTIf/+0T34HINNKYJzN9LIutNnjdfbJJjypDGzD5c+76sMIYtHHp5mCkgb36zxiogjWeEotUhwp/nE0KYrhe7iUjqHeYCmhhDzMMC/da43A==&u=U2FsdGVkX19P02/4ok20xaKI/MDigQd9mhB3gSuaFMTKCDqroHqgxp+Qp/L5xPUU&y=U2FsdGVkX19nZ9bPUZJ87WJkUQludF8DMGCJxsicXNsh5Jsix794IpvOomHP9DpI HTTP/1.1" 200 26
186.102.76.141 - - [07/Nov/2023:10:13:52 -0500] "GET /kwssiamovil/sm/acme/a?s=U2FsdGVkX18iGdFfRkP1zY3wHSPJWq2lajwIh1QqAU96R6DItc5CQG8KuTNLL3eIXmXopFSrLkpYAiUxChWGuPjVCFlDPf30hhJ2Wsbvyqq0GlxyQjAhKnllyNVrfqtiR/Eh/rHOBY3JzOFtV5tarXHg/cgGPThNcYfd5WAJP8xQTi/g9lSJ3y7fhdQyVm7uP/ME5ZLS7kPVq6gmeuGEWg==&u=U2FsdGVkX19P02/4ok20xaKI/MDigQd9mhB3gSuaFMTKCDqroHqgxp+Qp/L5xPUU&y=U2FsdGVkX19nZ9bPUZJ87WJkUQludF8DMGCJxsicXNsh5Jsix794IpvOomHP9DpI HTTP/1.1" 200 24
186.102.76.141 - - [07/Nov/2023:10:13:52 -0500] "GET /kwssiamovil/sm/acme/a?s=U2FsdGVkX1/kjUh9KbXH9oe0okDu+WzV7Wzz8U1tbo0nCHtiiQE8jU6kijoxDJDh0nneYDBZjhZWeO+kcG6CpRRJHAf1TA8tMl5YbP9i9Me7/6tRVG+zJULzKpVZUQ1aAPELCa9eIm6tIgnUN8JXOxC3vqn+T0e3zc76P8D6IV149uTHmMxtJXjsQKwSB/W6x2R7RpODTzbT4J057SGKmQ==&u=U2FsdGVkX19P02/4ok20xaKI/MDigQd9mhB3gSuaFMTKCDqroHqgxp+Qp/L5xPUU&y=U2FsdGVkX19nZ9bPUZJ87WJkUQludF8DMGCJxsicXNsh5Jsix794IpvOomHP9DpI HTTP/1.1" 200 26
186.102.76.141 - - [07/Nov/2023:10:13:53 -0500] "GET /kwssiamovil/sm/acme/a?s=U2FsdGVkX1801V7FF9deW0COPtrY+nQEt3xnRYnp8O5hEvySQZsZ9hSziWMGcB8LngjHUpuADO7NNzhOijK6rUTVpJZ3fDEiFsvDhQHZZi7KC4PIUFmhStHA48q4A8WMuAgvB74Dx+fwkC3nuOKfQUfOEVCA60MFy8ss50z8dR8XXoYNYh7yw+fOTnpyxJkt1aHFrkIXThjhtgsxR2bTEw==&u=U2FsdGVkX19P02/4ok20xaKI/MDigQd9mhB3gSuaFMTKCDqroHqgxp+Qp/L5xPUU&y=U2FsdGVkX19nZ9bPUZJ87WJkUQludF8DMGCJxsicXNsh5Jsix794IpvOomHP9DpI HTTP/1.1" 200 24
200.118.16.140 - - [07/Nov/2023:10:13:42 -0500] "POST /sipse/faces/presentacion/financiero/solicitudProceso/crearModificarSolicitudProceso.xhtml HTTP/1.1" 200 44643
200.118.16.140 - - [07/Nov/2023:10:13:53 -0500] "GET /sipse/faces/javax.faces.resource/theme.css?ln=primefaces-sipse HTTP/1.1" 304 -
200.118.16.140 - - [07/Nov/2023:10:13:53 -0500] "GET /sipse/faces/javax.faces.resource/primefaces.css?ln=primefaces&v=4.0 HTTP/1.1" 304 -
200.118.16.140 - - [07/Nov/2023:10:13:53 -0500] "GET /sipse/faces/javax.faces.resource/layout/layout.css?ln=primefaces&v=4.0 HTTP/1.1" 304 -
200.118.16.140 - - [07/Nov/2023:10:13:53 -0500] "GET /sipse/faces/javax.faces.resource/jquery/jquery.js?ln=primefaces&v=4.0 HTTP/1.1" 304 -
200.118.16.140 - - [07/Nov/2023:10:13:53 -0500] "GET /sipse/faces/javax.faces.resource/jquery/jquery-plugins.js?ln=primefaces&v=4.0 HTTP/1.1" 304 -
200.118.16.140 - - [07/Nov/2023:10:13:53 -0500] "GET /sipse/faces/javax.faces.resource/primefaces.js?ln=primefaces&v=4.0 HTTP/1.1" 304 -
200.118.16.140 - - [07/Nov/2023:10:13:53 -0500] "GET /sipse/faces/javax.faces.resource/layout/layout.js?ln=primefaces&v=4.0 HTTP/1.1" 304 -
200.118.16.140 - - [07/Nov/2023:10:13:53 -0500] "GET /sipse/faces/javax.faces.resource/images/ui-icons_898989_256x240.png?ln=primefaces-aristo HTTP/1.1" 304 -
186.102.76.141 - - [07/Nov/2023:10:13:53 -0500] "GET /kwssiamovil/sm/acme/a?s=U2FsdGVkX1/WyHKIGgBu/xFoCcetvZJdrK+muyPJY4Io3TjG1X+rzq8GXgC1hUoN0GKM85YXoZIiCQD7Up0ToTmfekrMzVBRIIQhO2lny/ACJ4gXtEnjzQlWK95IfPNhP3Weu2zHoj6vtrep6MJApbdzXj3rwh6naHmqa3W5V9N/zrkMSWo6IvW49+lr8QI1dZinWyVs7Kc+cfP0w2cNHQ==&u=U2FsdGVkX19P02/4ok20xaKI/MDigQd9mhB3gSuaFMTKCDqroHqgxp+Qp/L5xPUU&y=U2FsdGVkX19nZ9bPUZJ87WJkUQludF8DMGCJxsicXNsh5Jsix794IpvOomHP9DpI HTTP/1.1" 200 26
190.25.204.49 - - [07/Nov/2023:10:13:54 -0500] "POST /sipse/faces/presentacion/financiero/solicitudProceso/consultar.xhtml HTTP/1.1" 200 12841
200.118.16.140 - - [07/Nov/2023:10:13:55 -0500] "GET /sipse/faces/javax.faces.resource/images/ui-bg_flat_0_2d5972_40x100.png?ln=primefaces-aristo HTTP/1.1" 304 -
190.25.204.49 - - [07/Nov/2023:10:13:57 -0500] "POST /sipse/faces/presentacion/financiero/solicitudProceso/consultar.xhtml HTTP/1.1" 200 167021
190.25.204.49 - - [07/Nov/2023:10:13:58 -0500] "GET /sipse/faces/javax.faces.resource/primefaces.css?ln=primefaces&v=4.0 HTTP/1.1" 304 -
190.25.204.49 - - [07/Nov/2023:10:13:58 -0500] "GET /sipse/faces/javax.faces.resource/theme.css?ln=primefaces-sipse HTTP/1.1" 304 -
190.25.204.49 - - [07/Nov/2023:10:13:58 -0500] "GET /sipse/faces/javax.faces.resource/layout/layout.css?ln=primefaces&v=4.0 HTTP/1.1" 304 -
190.25.204.49 - - [07/Nov/2023:10:13:59 -0500] "GET /sipse/faces/javax.faces.resource/jquery/jquery.js?ln=primefaces&v=4.0 HTTP/1.1" 304 -
190.25.204.49 - - [07/Nov/2023:10:13:59 -0500] "GET /sipse/faces/javax.faces.resource/jquery/jquery-plugins.js?ln=primefaces&v=4.0 HTTP/1.1" 304 -
190.25.204.49 - - [07/Nov/2023:10:13:59 -0500] "GET /sipse/faces/javax.faces.resource/primefaces.js?ln=primefaces&v=4.0 HTTP/1.1" 304 -
190.25.204.49 - - [07/Nov/2023:10:13:59 -0500] "GET /sipse/faces/javax.faces.resource/layout/layout.js?ln=primefaces&v=4.0 HTTP/1.1" 304 -
200.118.16.140 - - [07/Nov/2023:10:13:55 -0500] "POST /sipse/faces/presentacion/financiero/contrato/consultarContratosSolicitudProceso.xhtml HTTP/1.1" 200 61970
40.77.167.53 - - [07/Nov/2023:10:14:04 -0500] "GET /Publicaciones/2023EE215585.pdf HTTP/1.1" 404 228
200.118.16.140 - - [07/Nov/2023:10:14:04 -0500] "POST /sipse/faces/presentacion/financiero/contrato/consultarContratosSolicitudProceso.xhtml HTTP/1.1" 200 65379
201.245.192.253 - - [07/Nov/2023:10:14:06 -0500] "POST /forms/lservlet;jsessionid=ac16012b30d6c45ffcbdb5974a4685ad811cbc15eca1.e3iSbxaKaheRe3eRa38MahaQbi1ynknvrkLOlQzNp65In0 HTTP/1.1" 200 2
200.118.16.140 - - [07/Nov/2023:10:14:06 -0500] "GET /sipse/faces/javax.faces.resource/jquery/jquery.js?ln=primefaces&v=4.0 HTTP/1.1" 304 -
200.118.16.140 - - [07/Nov/2023:10:14:06 -0500] "GET /sipse/faces/javax.faces.resource/jquery/jquery-plugins.js?ln=primefaces&v=4.0 HTTP/1.1" 304 -
200.118.16.140 - - [07/Nov/2023:10:14:06 -0500] "GET /sipse/faces/javax.faces.resource/primefaces.js?ln=primefaces&v=4.0 HTTP/1.1" 304 -
200.118.16.140 - - [07/Nov/2023:10:14:07 -0500] "GET /sipse/faces/javax.faces.resource/layout/layout.js?ln=primefaces&v=4.0 HTTP/1.1" 304 -
201.245.192.253 - - [07/Nov/2023:10:14:24 -0500] "GET /sipse/faces/javax.faces.resource/images/ui-bg_flat_0_2d5972_40x100.png?ln=primefaces-aristo HTTP/1.1" 200 183
201.245.192.253 - - [07/Nov/2023:10:14:24 -0500] "POST /sipse/faces/presentacion/financiero/solicitudProceso/consultarHistorialSolProceso.xhtml HTTP/1.1" 200 911
201.245.192.253 - - [07/Nov/2023:10:14:40 -0500] "POST /sipse/faces/presentacion/financiero/solicitudProceso/consultarSolicitudProceso.xhtml HTTP/1.1" 200 5602
40.77.167.3 - - [07/Nov/2023:10:14:44 -0500] "GET /sipse/faces/autenticacion.xhtml HTTP/1.1" 200 12727
40.77.167.3 - - [07/Nov/2023:10:14:45 -0500] "GET /BLA/resoluciones/index.php?dir=RESOLUCIONES+2021%2F HTTP/1.1" 200 442881
201.245.192.253 - - [07/Nov/2023:10:14:57 -0500] "POST /sipse/faces/presentacion/financiero/solicitudProceso/consultarSolicitudProceso.xhtml HTTP/1.1" 200 119894
192.168.176.63 - - [07/Nov/2023:10:15:11 -0500] "GET /BLA/boletinlegal/admin/index.php HTTP/1.1" 200 2324
172.22.2.4 - - [07/Nov/2023:10:15:16 -0500] "GET /BLA/boletinlegal/consulta_actos.php?tipo=resoluciones&no=2765&usuario=&sector=&fecha=2013&resuelve= HTTP/1.1" 200 1535
201.245.192.253 - - [07/Nov/2023:10:15:17 -0500] "GET /sipse/js/disable_browser_buttons.js HTTP/1.1" 200 3230
201.245.192.253 - - [07/Nov/2023:10:15:17 -0500] "GET /sipse/js/funciones.js HTTP/1.1" 200 12592
201.245.192.253 - - [07/Nov/2023:10:15:17 -0500] "GET /sipse/css/custom_css_sg_prime_login.css HTTP/1.1" 200 443
201.245.192.253 - - [07/Nov/2023:10:15:17 -0500] "GET /sipse/css/custom_css_sg.css HTTP/1.1" 200 9694
201.245.192.253 - - [07/Nov/2023:10:15:17 -0500] "GET /sipse/faces/javax.faces.resource/layout/layout.css;jsessionid=SEDcV203jLvTAZ7RKDPXnbpa.undefined?ln=primefaces&v=4.0 HTTP/1.1" 200 542
201.245.192.253 - - [07/Nov/2023:10:15:17 -0500] "GET /sipse/faces/autenticacion.xhtml HTTP/1.1" 200 12727
201.245.192.253 - - [07/Nov/2023:10:15:17 -0500] "GET /sipse/faces/javax.faces.resource/theme.css?ln=primefaces-sipse HTTP/1.1" 200 50058
201.245.192.253 - - [07/Nov/2023:10:15:17 -0500] "GET /sipse/faces/javax.faces.resource/jquery/jquery.js;jsessionid=SEDcV203jLvTAZ7RKDPXnbpa.undefined?ln=primefaces&v=4.0 HTTP/1.1" 200 105384
201.245.192.253 - - [07/Nov/2023:10:15:18 -0500] "GET /sipse/faces/javax.faces.resource/layout/layout.js;jsessionid=SEDcV203jLvTAZ7RKDPXnbpa.undefined?ln=primefaces&v=4.0 HTTP/1.1" 200 87560
186.31.12.142 - - [07/Nov/2023:10:15:19 -0500] "GET /BLA/resoluciones/RESOLUCIONES%202013/2765.pdf HTTP/1.1" 200 521268
192.168.176.63 - - [07/Nov/2023:10:15:20 -0500] "POST /BLA/boletinlegal/admin/usuarios/process.php HTTP/1.1" 302 -
201.245.192.253 - - [07/Nov/2023:10:15:17 -0500] "GET /sipse/faces/javax.faces.resource/jquery/jquery-plugins.js;jsessionid=SEDcV203jLvTAZ7RKDPXnbpa.undefined?ln=primefaces&v=4.0 HTTP/1.1" 200 220526
201.245.192.253 - - [07/Nov/2023:10:15:17 -0500] "GET /sipse/faces/javax.faces.resource/primefaces.css;jsessionid=SEDcV203jLvTAZ7RKDPXnbpa.undefined?ln=primefaces&v=4.0 HTTP/1.1" 200 53295
201.245.192.253 - - [07/Nov/2023:10:15:17 -0500] "GET /sipse/faces/javax.faces.resource/primefaces.js;jsessionid=SEDcV203jLvTAZ7RKDPXnbpa.undefined?ln=primefaces&v=4.0 HTTP/1.1" 200 276924
201.245.192.253 - - [07/Nov/2023:10:15:29 -0500] "GET /sipse/faces/javax.faces.resource/images/ui-icons_898989_256x240.png?ln=primefaces-aristo HTTP/1.1" 200 5355
201.245.192.253 - - [07/Nov/2023:10:15:29 -0500] "GET /sipse/css/imagen/loginimg.png HTTP/1.1" 200 71635
201.245.192.253 - - [07/Nov/2023:10:15:29 -0500] "GET /sipse/css/imagen/logoSDG.png HTTP/1.1" 200 53064
201.245.192.253 - - [07/Nov/2023:10:15:31 -0500] "GET /sipse/faces/index.xhtml HTTP/1.1" 200 677
201.245.192.253 - - [07/Nov/2023:10:15:31 -0500] "GET /sipse/faces/javax.faces.resource/theme.css?ln=primefaces-sipse HTTP/1.1" 200 50058
192.168.176.63 - - [07/Nov/2023:10:15:20 -0500] "GET /BLA/boletinlegal/admin/index.php HTTP/1.1" 200 5696
192.168.176.63 - - [07/Nov/2023:10:15:32 -0500] "GET /BLA/boletinlegal/admin/index_files/index_files/tback.gif HTTP/1.1" 404 1322
216.245.221.92 - - [07/Nov/2023:10:15:45 -0500] "HEAD / HTTP/1.1" 200 -
172.22.2.4 - - [07/Nov/2023:10:14:05 -0500] "HEAD /BLA/boletinlegal/ HTTP/1.1" 200 -
201.245.192.253 - - [07/Nov/2023:10:16:06 -0500] "POST /forms/lservlet;jsessionid=ac16012b30d6c45ffcbdb5974a4685ad811cbc15eca1.e3iSbxaKaheRe3eRa38MahaQbi1ynknvrkLOlQzNp65In0 HTTP/1.1" 200 2
200.118.16.140 - - [07/Nov/2023:10:16:06 -0500] "GET /sipse/faces/javax.faces.resource/theme.css?ln=primefaces-sipse HTTP/1.1" 304 -
200.118.16.140 - - [07/Nov/2023:10:16:05 -0500] "POST /sipse/faces/presentacion/financiero/solicitudProceso/crearModificarSolicitudProceso.xhtml HTTP/1.1" 200 21122
200.118.16.140 - - [07/Nov/2023:10:16:06 -0500] "GET /sipse/faces/javax.faces.resource/layout/layout.css?ln=primefaces&v=4.0 HTTP/1.1" 304 -
200.118.16.140 - - [07/Nov/2023:10:16:06 -0500] "GET /sipse/faces/javax.faces.resource/primefaces.css?ln=primefaces&v=4.0 HTTP/1.1" 304 -
200.118.16.140 - - [07/Nov/2023:10:16:06 -0500] "GET /sipse/faces/javax.faces.resource/jquery/jquery-plugins.js?ln=primefaces&v=4.0 HTTP/1.1" 304 -
200.118.16.140 - - [07/Nov/2023:10:16:06 -0500] "GET /sipse/faces/javax.faces.resource/jquery/jquery.js?ln=primefaces&v=4.0 HTTP/1.1" 304 -
200.118.16.140 - - [07/Nov/2023:10:16:06 -0500] "GET /sipse/faces/javax.faces.resource/fileupload/fileupload.css?ln=primefaces&v=4.0 HTTP/1.1" 304 -
200.118.16.140 - - [07/Nov/2023:10:16:06 -0500] "GET /sipse/faces/javax.faces.resource/layout/layout.js?ln=primefaces&v=4.0 HTTP/1.1" 304 -
200.118.16.140 - - [07/Nov/2023:10:16:06 -0500] "GET /sipse/faces/javax.faces.resource/primefaces.js?ln=primefaces&v=4.0 HTTP/1.1" 304 -
200.118.16.140 - - [07/Nov/2023:10:16:06 -0500] "GET /sipse/faces/javax.faces.resource/fileupload/fileupload.js?ln=primefaces&v=4.0 HTTP/1.1" 304 -
200.118.16.140 - - [07/Nov/2023:10:16:06 -0500] "GET /sipse/faces/javax.faces.resource/images/ui-icons_898989_256x240.png?ln=primefaces-aristo HTTP/1.1" 304 -
200.118.16.140 - - [07/Nov/2023:10:16:15 -0500] "POST /sipse/faces/presentacion/sistema/anexos/cargarAnexoSolicitudProceso.xhtml HTTP/1.1" 200 71260
200.118.16.140 - - [07/Nov/2023:10:16:16 -0500] "GET /sipse/faces/javax.faces.resource/theme.css?ln=primefaces-sipse HTTP/1.1" 304 -
200.118.16.140 - - [07/Nov/2023:10:16:16 -0500] "GET /sipse/faces/javax.faces.resource/primefaces.css?ln=primefaces&v=4.0 HTTP/1.1" 304 -
200.118.16.140 - - [07/Nov/2023:10:16:16 -0500] "GET /sipse/faces/javax.faces.resource/layout/layout.css?ln=primefaces&v=4.0 HTTP/1.1" 304 -
200.118.16.140 - - [07/Nov/2023:10:16:16 -0500] "GET /sipse/faces/javax.faces.resource/jquery/jquery.js?ln=primefaces&v=4.0 HTTP/1.1" 304 -
200.118.16.140 - - [07/Nov/2023:10:16:16 -0500] "GET /sipse/faces/javax.faces.resource/jquery/jquery-plugins.js?ln=primefaces&v=4.0 HTTP/1.1" 304 -
200.118.16.140 - - [07/Nov/2023:10:16:16 -0500] "GET /sipse/faces/javax.faces.resource/primefaces.js?ln=primefaces&v=4.0 HTTP/1.1" 304 -
201.245.192.253 - - [07/Nov/2023:10:16:16 -0500] "GET /sipse/js/disable_browser_buttons.js HTTP/1.1" 200 3230
201.245.192.253 - - [07/Nov/2023:10:16:16 -0500] "GET /sipse/js/funciones.js HTTP/1.1" 200 12592
201.245.192.253 - - [07/Nov/2023:10:16:16 -0500] "GET /sipse/css/custom_css_sg_prime_login.css HTTP/1.1" 200 443
200.118.16.140 - - [07/Nov/2023:10:16:16 -0500] "GET /sipse/faces/javax.faces.resource/layout/layout.js?ln=primefaces&v=4.0 HTTP/1.1" 304 -
201.245.192.253 - - [07/Nov/2023:10:16:16 -0500] "GET /sipse/faces/javax.faces.resource/theme.css?ln=primefaces-sipse HTTP/1.1" 200 50058
200.118.16.140 - - [07/Nov/2023:10:16:16 -0500] "GET /sipse/faces/javax.faces.resource/images/ui-icons_898989_256x240.png?ln=primefaces-aristo HTTP/1.1" 304 -
201.245.192.253 - - [07/Nov/2023:10:16:16 -0500] "GET /sipse/faces/faces/autenticacion.xhtml HTTP/1.1" 200 12727
201.245.192.253 - - [07/Nov/2023:10:16:16 -0500] "GET /sipse/faces/javax.faces.resource/layout/layout.css;jsessionid=CDwOhf0lGGfIsaNQuXBFX5xF.undefined?ln=primefaces&v=4.0 HTTP/1.1" 200 542
201.245.192.253 - - [07/Nov/2023:10:16:16 -0500] "GET /sipse/css/custom_css_sg.css HTTP/1.1" 200 9694
201.245.192.253 - - [07/Nov/2023:10:16:16 -0500] "GET /sipse/faces/javax.faces.resource/primefaces.css;jsessionid=CDwOhf0lGGfIsaNQuXBFX5xF.undefined?ln=primefaces&v=4.0 HTTP/1.1" 200 53295
201.245.192.253 - - [07/Nov/2023:10:16:17 -0500] "GET /sipse/faces/javax.faces.resource/layout/layout.js;jsessionid=CDwOhf0lGGfIsaNQuXBFX5xF.undefined?ln=primefaces&v=4.0 HTTP/1.1" 200 87560
200.118.16.140 - - [07/Nov/2023:10:16:20 -0500] "GET /sipse/faces/javax.faces.resource/images/ui-bg_flat_0_2d5972_40x100.png?ln=primefaces-aristo HTTP/1.1" 304 -
201.245.192.253 - - [07/Nov/2023:10:16:16 -0500] "GET /sipse/faces/javax.faces.resource/jquery/jquery.js;jsessionid=CDwOhf0lGGfIsaNQuXBFX5xF.undefined?ln=primefaces&v=4.0 HTTP/1.1" 200 105384
201.245.192.253 - - [07/Nov/2023:10:16:16 -0500] "GET /sipse/faces/javax.faces.resource/jquery/jquery-plugins.js;jsessionid=CDwOhf0lGGfIsaNQuXBFX5xF.undefined?ln=primefaces&v=4.0 HTTP/1.1" 200 220526
201.245.192.253 - - [07/Nov/2023:10:16:17 -0500] "GET /sipse/faces/javax.faces.resource/primefaces.js;jsessionid=CDwOhf0lGGfIsaNQuXBFX5xF.undefined?ln=primefaces&v=4.0 HTTP/1.1" 200 276924
200.118.16.140 - - [07/Nov/2023:10:16:20 -0500] "POST /sipse/faces/presentacion/financiero/solicitudProceso/crearModificarSolicitudProceso.xhtml HTTP/1.1" 200 65206
200.118.16.140 - - [07/Nov/2023:10:16:23 -0500] "GET /sipse/faces/javax.faces.resource/jquery/jquery.js?ln=primefaces&v=4.0 HTTP/1.1" 304 -
200.118.16.140 - - [07/Nov/2023:10:16:23 -0500] "GET /sipse/faces/javax.faces.resource/jquery/jquery-plugins.js?ln=primefaces&v=4.0 HTTP/1.1" 304 -
200.118.16.140 - - [07/Nov/2023:10:16:23 -0500] "GET /sipse/faces/javax.faces.resource/primefaces.js?ln=primefaces&v=4.0 HTTP/1.1" 304 -
200.118.16.140 - - [07/Nov/2023:10:16:23 -0500] "GET /sipse/faces/javax.faces.resource/layout/layout.js?ln=primefaces&v=4.0 HTTP/1.1" 304 -
200.118.16.140 - - [07/Nov/2023:10:16:23 -0500] "GET /sipse/faces/javax.faces.resource/messages/messages.png?ln=primefaces&v=4.0 HTTP/1.1" 304 -
200.118.16.140 - - [07/Nov/2023:10:16:23 -0500] "POST /sipse/faces/presentacion/financiero/solicitudProceso/listarSolicitudProceso.xhtml HTTP/1.1" 200 1548
201.245.192.253 - - [07/Nov/2023:10:16:25 -0500] "GET /sipse/faces/javax.faces.resource/images/ui-icons_898989_256x240.png?ln=primefaces-aristo HTTP/1.1" 200 5355
201.245.192.253 - - [07/Nov/2023:10:16:25 -0500] "GET /sipse/css/imagen/logoSDG.png HTTP/1.1" 200 53064
201.245.192.253 - - [07/Nov/2023:10:16:26 -0500] "GET /favicon.ico HTTP/1.1" 200 7782
200.118.16.140 - - [07/Nov/2023:10:16:25 -0500] "POST /sipse/faces/presentacion/financiero/solicitudProceso/listarSolicitudProceso.xhtml HTTP/1.1" 200 34564
201.245.192.253 - - [07/Nov/2023:10:16:25 -0500] "GET /sipse/css/imagen/loginimg.png HTTP/1.1" 200 71635
201.245.192.253 - - [07/Nov/2023:10:16:26 -0500] "GET /sipse/faces/faces/index.xhtml HTTP/1.1" 200 677
201.245.192.253 - - [07/Nov/2023:10:16:27 -0500] "GET /sipse/faces/javax.faces.resource/theme.css?ln=primefaces-sipse HTTP/1.1" 304 -
201.245.192.253 - - [07/Nov/2023:10:16:27 -0500] "GET /sipse/faces/faces/faces/autenticacion.xhtml HTTP/1.1" 200 12405
201.245.192.253 - - [07/Nov/2023:10:16:27 -0500] "GET /sipse/faces/javax.faces.resource/theme.css?ln=primefaces-sipse HTTP/1.1" 304 -
201.245.192.253 - - [07/Nov/2023:10:16:27 -0500] "GET /sipse/faces/javax.faces.resource/layout/layout.css?ln=primefaces&v=4.0 HTTP/1.1" 200 542
201.245.192.253 - - [07/Nov/2023:10:16:27 -0500] "GET /sipse/faces/javax.faces.resource/layout/layout.js?ln=primefaces&v=4.0 HTTP/1.1" 200 87560
201.245.192.253 - - [07/Nov/2023:10:16:27 -0500] "GET /sipse/faces/javax.faces.resource/primefaces.css?ln=primefaces&v=4.0 HTTP/1.1" 200 53295
201.245.192.253 - - [07/Nov/2023:10:16:27 -0500] "GET /sipse/faces/javax.faces.resource/jquery/jquery-plugins.js?ln=primefaces&v=4.0 HTTP/1.1" 200 220526
200.118.16.140 - - [07/Nov/2023:10:16:29 -0500] "POST /sipse/faces/presentacion/financiero/solicitudProceso/listarSolicitudProceso.xhtml HTTP/1.1" 200 7548
201.245.192.253 - - [07/Nov/2023:10:16:27 -0500] "GET /sipse/faces/javax.faces.resource/primefaces.js?ln=primefaces&v=4.0 HTTP/1.1" 200 276924
201.245.192.253 - - [07/Nov/2023:10:16:27 -0500] "GET /sipse/faces/javax.faces.resource/jquery/jquery.js?ln=primefaces&v=4.0 HTTP/1.1" 200 105384
201.245.192.253 - - [07/Nov/2023:10:16:31 -0500] "POST /kwsrmcab/Wsrmcab  HTTP/1.1" 200 42686
172.22.2.4 - - [07/Nov/2023:10:14:56 -0500] "GET /BLA/boletinlegal/ HTTP/1.1" 200 54693
201.245.192.253 - - [07/Nov/2023:10:16:44 -0500] "POST /sipse/faces/presentacion/financiero/solicitudProceso/consultarSolicitudProceso.xhtml HTTP/1.1" 200 49244
201.245.192.253 - - [07/Nov/2023:10:16:46 -0500] "GET /sipse/faces/javax.faces.resource/theme.css?ln=primefaces-sipse HTTP/1.1" 304 -
201.245.192.253 - - [07/Nov/2023:10:16:46 -0500] "GET /sipse/faces/javax.faces.resource/layout/layout.css?ln=primefaces&v=4.0 HTTP/1.1" 304 -
201.245.192.253 - - [07/Nov/2023:10:16:46 -0500] "GET /sipse/faces/javax.faces.resource/primefaces.css?ln=primefaces&v=4.0 HTTP/1.1" 304 -
201.245.192.253 - - [07/Nov/2023:10:16:46 -0500] "GET /sipse/faces/javax.faces.resource/jquery/jquery.js?ln=primefaces&v=4.0 HTTP/1.1" 304 -
201.245.192.253 - - [07/Nov/2023:10:16:46 -0500] "GET /sipse/faces/javax.faces.resource/jquery/jquery-plugins.js?ln=primefaces&v=4.0 HTTP/1.1" 304 -
201.245.192.253 - - [07/Nov/2023:10:16:47 -0500] "GET /sipse/faces/javax.faces.resource/primefaces.js?ln=primefaces&v=4.0 HTTP/1.1" 304 -
201.245.192.253 - - [07/Nov/2023:10:16:47 -0500] "GET /sipse/faces/javax.faces.resource/layout/layout.js?ln=primefaces&v=4.0 HTTP/1.1" 304 -
201.245.192.253 - - [07/Nov/2023:10:16:47 -0500] "GET /sipse/css/imagen/contrasena.png HTTP/1.1" 404 383
201.245.192.253 - - [07/Nov/2023:10:16:47 -0500] "POST /sipse/faces/presentacion/financiero/solicitudProceso/listarSolicitudProceso.xhtml HTTP/1.1" 200 42635
201.245.192.253 - - [07/Nov/2023:10:16:47 -0500] "POST /sipse/faces/presentacion/financiero/solicitudProceso/listarSolicitudProceso.xhtml HTTP/1.1" 200 42635
201.245.192.253 - - [07/Nov/2023:10:16:51 -0500] "POST /sipse/faces/presentacion/financiero/solicitudProceso/listarSolicitudProceso.xhtml HTTP/1.1" 200 42635
201.245.192.253 - - [07/Nov/2023:10:16:53 -0500] "POST /sipse/faces/presentacion/financiero/solicitudProceso/listarSolicitudProceso.xhtml HTTP/1.1" 200 42635
201.245.192.253 - - [07/Nov/2023:10:16:54 -0500] "POST /sipse/faces/presentacion/financiero/solicitudProceso/listarSolicitudProceso.xhtml HTTP/1.1" 200 42635
201.245.192.253 - - [07/Nov/2023:10:16:54 -0500] "POST /sipse/faces/presentacion/financiero/solicitudProceso/listarSolicitudProceso.xhtml HTTP/1.1" 200 42635
201.245.192.253 - - [07/Nov/2023:10:16:55 -0500] "POST /sipse/faces/presentacion/financiero/solicitudProceso/listarSolicitudProceso.xhtml HTTP/1.1" 200 42635
201.245.192.253 - - [07/Nov/2023:10:16:58 -0500] "GET /sipse/faces/javax.faces.resource/images/ui-icons_898989_256x240.png?ln=primefaces-aristo HTTP/1.1" 200 5355
201.245.192.253 - - [07/Nov/2023:10:16:58 -0500] "GET /favicon.ico HTTP/1.1" 200 7782
201.245.192.253 - - [07/Nov/2023:10:16:58 -0500] "POST /sipse/faces/presentacion/financiero/solicitudProceso/listarSolicitudProceso.xhtml HTTP/1.1" 200 42635
201.245.192.253 - - [07/Nov/2023:10:16:58 -0500] "POST /sipse/faces/presentacion/financiero/solicitudProceso/listarSolicitudProceso.xhtml HTTP/1.1" 200 42635
201.245.192.253 - - [07/Nov/2023:10:16:59 -0500] "POST /sipse/faces/presentacion/financiero/solicitudProceso/listarSolicitudProceso.xhtml HTTP/1.1" 200 42635
201.245.192.253 - - [07/Nov/2023:10:17:01 -0500] "POST /sipse/faces/presentacion/financiero/solicitudProceso/listarSolicitudProceso.xhtml HTTP/1.1" 200 1488
201.245.192.253 - - [07/Nov/2023:10:17:01 -0500] "POST /sipse/faces/presentacion/financiero/solicitudProceso/listarSolicitudProceso.xhtml HTTP/1.1" 200 1500
201.245.192.253 - - [07/Nov/2023:10:17:01 -0500] "POST /sipse/faces/presentacion/financiero/solicitudProceso/listarSolicitudProceso.xhtml HTTP/1.1" 200 1492
201.245.192.253 - - [07/Nov/2023:10:17:02 -0500] "POST /sipse/faces/presentacion/financiero/solicitudProceso/listarSolicitudProceso.xhtml HTTP/1.1" 200 1500
201.245.192.253 - - [07/Nov/2023:10:17:02 -0500] "POST /sipse/faces/presentacion/financiero/solicitudProceso/listarSolicitudProceso.xhtml HTTP/1.1" 200 1492
201.245.192.253 - - [07/Nov/2023:10:17:02 -0500] "POST /sipse/faces/presentacion/financiero/solicitudProceso/listarSolicitudProceso.xhtml HTTP/1.1" 200 1500
201.245.192.253 - - [07/Nov/2023:10:17:03 -0500] "POST /sipse/faces/presentacion/financiero/solicitudProceso/listarSolicitudProceso.xhtml HTTP/1.1" 200 1492
201.245.192.253 - - [07/Nov/2023:10:17:03 -0500] "POST /sipse/faces/presentacion/financiero/solicitudProceso/listarSolicitudProceso.xhtml HTTP/1.1" 200 1500
201.245.192.253 - - [07/Nov/2023:10:17:03 -0500] "POST /sipse/faces/presentacion/financiero/solicitudProceso/listarSolicitudProceso.xhtml HTTP/1.1" 200 1492
201.245.192.253 - - [07/Nov/2023:10:17:03 -0500] "POST /sipse/faces/presentacion/financiero/solicitudProceso/listarSolicitudProceso.xhtml HTTP/1.1" 200 1500
201.245.192.253 - - [07/Nov/2023:10:17:03 -0500] "POST /sipse/faces/presentacion/financiero/solicitudProceso/listarSolicitudProceso.xhtml HTTP/1.1" 200 1492
201.245.192.253 - - [07/Nov/2023:10:17:04 -0500] "POST /kwsrmcab/Wsrmcab HTTP/1.1" 200 39657
201.245.192.253 - - [07/Nov/2023:10:17:07 -0500] "POST /kwsrmcab/Wsrmcab HTTP/1.1" 200 36351
200.118.16.140 - - [07/Nov/2023:10:17:11 -0500] "POST /sipse/faces/presentacion/financiero/solicitudProceso/listarSolicitudProceso.xhtml HTTP/1.1" 200 34604
200.118.16.140 - - [07/Nov/2023:10:17:14 -0500] "POST /sipse/faces/presentacion/financiero/solicitudProceso/listarSolicitudProceso.xhtml HTTP/1.1" 200 59038
200.118.16.140 - - [07/Nov/2023:10:17:14 -0500] "GET /sipse/faces/javax.faces.resource/jquery/jquery.js?ln=primefaces&v=4.0 HTTP/1.1" 304 -
200.118.16.140 - - [07/Nov/2023:10:17:14 -0500] "GET /sipse/faces/javax.faces.resource/jquery/jquery-plugins.js?ln=primefaces&v=4.0 HTTP/1.1" 304 -
200.118.16.140 - - [07/Nov/2023:10:17:14 -0500] "GET /sipse/faces/javax.faces.resource/primefaces.js?ln=primefaces&v=4.0 HTTP/1.1" 304 -
200.118.16.140 - - [07/Nov/2023:10:17:14 -0500] "GET /sipse/faces/javax.faces.resource/layout/layout.js?ln=primefaces&v=4.0 HTTP/1.1" 304 -
201.245.192.253 - - [07/Nov/2023:10:17:13 -0500] "POST /sipse/faces/presentacion/financiero/solicitudProceso/listarSolicitudProceso.xhtml HTTP/1.1" 200 157638
201.245.192.253 - - [07/Nov/2023:10:17:17 -0500] "GET /sipse/faces/javax.faces.resource/theme.css?ln=primefaces-sipse HTTP/1.1" 304 -
201.245.192.253 - - [07/Nov/2023:10:17:17 -0500] "GET /sipse/faces/javax.faces.resource/primefaces.css?ln=primefaces&v=4.0 HTTP/1.1" 304 -
201.245.192.253 - - [07/Nov/2023:10:17:17 -0500] "GET /sipse/faces/javax.faces.resource/layout/layout.css?ln=primefaces&v=4.0 HTTP/1.1" 304 -
201.245.192.253 - - [07/Nov/2023:10:17:17 -0500] "GET /sipse/faces/javax.faces.resource/jquery/jquery.js?ln=primefaces&v=4.0 HTTP/1.1" 304 -
201.245.192.253 - - [07/Nov/2023:10:17:17 -0500] "GET /sipse/faces/javax.faces.resource/jquery/jquery-plugins.js?ln=primefaces&v=4.0 HTTP/1.1" 304 -
201.245.192.253 - - [07/Nov/2023:10:17:17 -0500] "GET /sipse/faces/javax.faces.resource/primefaces.js?ln=primefaces&v=4.0 HTTP/1.1" 304 -
201.245.192.253 - - [07/Nov/2023:10:17:17 -0500] "GET /sipse/faces/javax.faces.resource/layout/layout.js?ln=primefaces&v=4.0 HTTP/1.1" 304 -
201.245.192.253 - - [07/Nov/2023:10:17:17 -0500] "GET /sipse/css/imagen/contrasena.png HTTP/1.1" 404 383
172.22.2.4 - - [07/Nov/2023:10:15:39 -0500] "GET /BLA/boletinlegal/ HTTP/1.1" 200 57881
201.245.192.253 - - [07/Nov/2023:10:17:28 -0500] "POST /sipse/faces/presentacion/financiero/solicitudProceso/consultarSolicitudProceso.xhtml HTTP/1.1" 200 102742
192.168.176.63 - - [07/Nov/2023:10:17:37 -0500] "GET /BLA/boletinlegal/admin/actos/ingresar.php HTTP/1.1" 200 7209
66.249.79.224 - - [07/Nov/2023:10:17:39 -0500] "GET /BLA/resoluciones/Notificaciones/RESOLUCIONES%202023/01212.pdf HTTP/1.1" 200 1268132
186.86.33.245 - - [07/Nov/2023:10:17:39 -0500] "POST /sipse/faces/presentacion/financiero/solicitudProceso/consultarSolicitudProceso.xhtml HTTP/1.1" 200 53352
186.86.33.245 - - [07/Nov/2023:10:17:39 -0500] "GET /sipse/faces/javax.faces.resource/primefaces.css?ln=primefaces&v=4.0 HTTP/1.1" 304 -
186.86.33.245 - - [07/Nov/2023:10:17:39 -0500] "GET /sipse/faces/javax.faces.resource/jquery/jquery-plugins.js?ln=primefaces&v=4.0 HTTP/1.1" 304 -
186.86.33.245 - - [07/Nov/2023:10:17:39 -0500] "GET /sipse/faces/javax.faces.resource/layout/layout.css?ln=primefaces&v=4.0 HTTP/1.1" 304 -
186.86.33.245 - - [07/Nov/2023:10:17:39 -0500] "GET /sipse/faces/javax.faces.resource/jquery/jquery.js?ln=primefaces&v=4.0 HTTP/1.1" 304 -
186.86.33.245 - - [07/Nov/2023:10:17:39 -0500] "GET /sipse/faces/javax.faces.resource/primefaces.js?ln=primefaces&v=4.0 HTTP/1.1" 304 -
186.86.33.245 - - [07/Nov/2023:10:17:39 -0500] "GET /sipse/faces/javax.faces.resource/layout/layout.js?ln=primefaces&v=4.0 HTTP/1.1" 304 -
186.86.33.245 - - [07/Nov/2023:10:17:39 -0500] "GET /sipse/faces/javax.faces.resource/theme.css?ln=primefaces-sipse HTTP/1.1" 200 50058
186.86.33.245 - - [07/Nov/2023:10:17:39 -0500] "GET /sipse/faces/javax.faces.resource/images/ui-icons_898989_256x240.png?ln=primefaces-aristo HTTP/1.1" 304 -
186.86.33.245 - - [07/Nov/2023:10:17:39 -0500] "GET /sipse/faces/javax.faces.resource/images/ui-bg_flat_0_2d5972_40x100.png?ln=primefaces-aristo HTTP/1.1" 304 -
186.86.33.245 - - [07/Nov/2023:10:17:39 -0500] "POST /sipse/faces/presentacion/financiero/solicitudProceso/listarSolicitudProceso.xhtml HTTP/1.1" 200 1488
186.86.33.245 - - [07/Nov/2023:10:17:39 -0500] "POST /sipse/faces/presentacion/financiero/solicitudProceso/listarSolicitudProceso.xhtml HTTP/1.1" 200 1500
186.80.108.8 - - [07/Nov/2023:10:17:42 -0500] "GET /sipse/faces/faces/autenticacion.xhtml HTTP/1.1" 200 12727
186.80.108.8 - - [07/Nov/2023:10:17:45 -0500] "GET /sipse/js/disable_browser_buttons.js HTTP/1.1" 304 -
186.80.108.8 - - [07/Nov/2023:10:17:45 -0500] "GET /sipse/css/custom_css_sg.css HTTP/1.1" 304 -
186.80.108.8 - - [07/Nov/2023:10:17:45 -0500] "GET /sipse/css/custom_css_sg_prime_login.css HTTP/1.1" 304 -
186.80.108.8 - - [07/Nov/2023:10:17:45 -0500] "GET /sipse/faces/javax.faces.resource/layout/layout.css;jsessionid=2s9kBSRvRzbSQazG0LzPyHEM.undefined?ln=primefaces&v=4.0 HTTP/1.1" 200 542
186.80.108.8 - - [07/Nov/2023:10:17:45 -0500] "GET /sipse/faces/javax.faces.resource/theme.css?ln=primefaces-sipse HTTP/1.1" 304 -
186.80.108.8 - - [07/Nov/2023:10:17:45 -0500] "GET /sipse/js/funciones.js HTTP/1.1" 304 -
186.80.108.8 - - [07/Nov/2023:10:17:45 -0500] "GET /sipse/faces/javax.faces.resource/primefaces.css;jsessionid=2s9kBSRvRzbSQazG0LzPyHEM.undefined?ln=primefaces&v=4.0 HTTP/1.1" 200 53295
186.80.108.8 - - [07/Nov/2023:10:17:45 -0500] "GET /sipse/faces/javax.faces.resource/layout/layout.js;jsessionid=2s9kBSRvRzbSQazG0LzPyHEM.undefined?ln=primefaces&v=4.0 HTTP/1.1" 200 87560
186.80.108.8 - - [07/Nov/2023:10:17:45 -0500] "GET /sipse/faces/javax.faces.resource/jquery/jquery.js;jsessionid=2s9kBSRvRzbSQazG0LzPyHEM.undefined?ln=primefaces&v=4.0 HTTP/1.1" 200 105384
186.80.108.8 - - [07/Nov/2023:10:17:45 -0500] "GET /sipse/faces/javax.faces.resource/jquery/jquery-plugins.js;jsessionid=2s9kBSRvRzbSQazG0LzPyHEM.undefined?ln=primefaces&v=4.0 HTTP/1.1" 200 220526
186.80.108.8 - - [07/Nov/2023:10:17:45 -0500] "GET /sipse/faces/javax.faces.resource/primefaces.js;jsessionid=2s9kBSRvRzbSQazG0LzPyHEM.undefined?ln=primefaces&v=4.0 HTTP/1.1" 200 276924
190.25.204.49 - - [07/Nov/2023:10:17:45 -0500] "POST /sipse/faces/presentacion/financiero/solicitudProceso/consultarSolicitudProceso.xhtml HTTP/1.1" 200 43796
