191.156.50.251 - - [08/Nov/2023:10:09:00 -0500] "GET /sipse/faces/javax.faces.resource/jquery/jquery-plugins.js?ln=primefaces&v=4.0 HTTP/1.1" 304 -
167.0.137.185 - - [08/Nov/2023:10:09:01 -0500] "POST /sipse/faces/presentacion/financiero/solicitudProceso/consultarSolicitudProceso.xhtml HTTP/1.1" 200 59961
191.156.50.251 - - [08/Nov/2023:10:09:02 -0500] "GET /sipse/faces/javax.faces.resource/primefaces.js?ln=primefaces&v=4.0 HTTP/1.1" 304 -
191.156.50.251 - - [08/Nov/2023:10:09:02 -0500] "GET /sipse/faces/javax.faces.resource/layout/layout.js?ln=primefaces&v=4.0 HTTP/1.1" 304 -
191.156.50.251 - - [08/Nov/2023:10:09:03 -0500] "GET /sipse/css/v_mergente.css HTTP/1.1" 304 -
191.156.51.138 - - [08/Nov/2023:10:09:03 -0500] "GET /sipse/css/imagen/contrasena.png HTTP/1.1" 404 383
191.156.55.39 - - [08/Nov/2023:10:09:03 -0500] "GET /sipse/imagenes/logoAplicacion.jpg HTTP/1.1" 304 -
191.156.50.251 - - [08/Nov/2023:10:09:03 -0500] "GET /sipse/imagenes/cargando.gif HTTP/1.1" 304 -
191.156.51.138 - - [08/Nov/2023:10:09:06 -0500] "GET /sipse/faces/javax.faces.resource/images/ui-bg_flat_0_2d5972_40x100.png?ln=primefaces-aristo HTTP/1.1" 304 -
191.156.50.251 - - [08/Nov/2023:10:09:06 -0500] "POST /sipse/faces/bienvenido.xhtml HTTP/1.1" 200 2658
201.245.192.253 - - [08/Nov/2023:10:09:07 -0500] "POST /forms/lservlet;jsessionid=ac16012b30d6c4b98c9a00674ab49b599f8f4161ab5e.e3iSbxaKaheRe3eRa38MahaQbi1ynknvrkLOlQzNp65In0 HTTP/1.1" 200 2
191.156.50.251 - - [08/Nov/2023:10:09:08 -0500] "POST /sipse/faces/bienvenido.xhtml HTTP/1.1" 200 65349
191.156.55.39 - - [08/Nov/2023:10:09:13 -0500] "GET /sipse/faces/javax.faces.resource/layout/layout.css?ln=primefaces&v=4.0 HTTP/1.1" 304 -
191.156.50.251 - - [08/Nov/2023:10:09:13 -0500] "GET /sipse/faces/javax.faces.resource/theme.css?ln=primefaces-sipse HTTP/1.1" 304 -
191.156.51.138 - - [08/Nov/2023:10:09:13 -0500] "GET /sipse/faces/javax.faces.resource/primefaces.css?ln=primefaces&v=4.0 HTTP/1.1" 304 -
191.156.50.251 - - [08/Nov/2023:10:09:13 -0500] "GET /sipse/faces/javax.faces.resource/jquery/jquery.js?ln=primefaces&v=4.0 HTTP/1.1" 304 -
191.156.50.251 - - [08/Nov/2023:10:09:14 -0500] "GET /sipse/faces/javax.faces.resource/jquery/jquery-plugins.js?ln=primefaces&v=4.0 HTTP/1.1" 304 -
191.156.50.251 - - [08/Nov/2023:10:09:14 -0500] "GET /sipse/faces/javax.faces.resource/primefaces.js?ln=primefaces&v=4.0 HTTP/1.1" 304 -
191.156.50.251 - - [08/Nov/2023:10:09:15 -0500] "GET /sipse/faces/javax.faces.resource/layout/layout.js?ln=primefaces&v=4.0 HTTP/1.1" 304 -
100.21.24.205 - - [08/Nov/2023:10:09:14 -0500] "GET /BLA/resoluciones/index.php?dir=AUTOS%202009/ HTTP/1.1" 200 400023
100.21.24.205 - - [08/Nov/2023:10:09:17 -0500] "GET /BLA/resoluciones/index.php?dir=Notificaciones/ HTTP/1.1" 200 11650
191.156.50.251 - - [08/Nov/2023:10:09:16 -0500] "POST /sipse/faces/presentacion/financiero/solicitudProceso/listarSolicitudProceso.xhtml HTTP/1.1" 200 1548
191.156.50.251 - - [08/Nov/2023:10:09:20 -0500] "POST /sipse/faces/presentacion/financiero/solicitudProceso/listarSolicitudProceso.xhtml HTTP/1.1" 200 45370
44.230.252.91 - - [08/Nov/2023:10:09:20 -0500] "GET /BLA/resoluciones/index.php?dir=AUTOS%202013/ HTTP/1.1" 200 407754
191.156.50.251 - - [08/Nov/2023:10:09:22 -0500] "POST /sipse/faces/presentacion/financiero/solicitudProceso/listarSolicitudProceso.xhtml HTTP/1.1" 200 45342
100.21.24.205 - - [08/Nov/2023:10:09:21 -0500] "GET /BLA/resoluciones/index.php?dir=AUTOS%202007/ HTTP/1.1" 200 628423
52.25.208.208 - - [08/Nov/2023:10:09:25 -0500] "GET /BLA/resoluciones/index.php?dir=AUTOS%202012/ HTTP/1.1" 200 276641
100.21.24.205 - - [08/Nov/2023:10:09:28 -0500] "GET /BLA/resoluciones/index.php?dir=AUTOS%202010/ HTTP/1.1" 200 280700
191.156.50.251 - - [08/Nov/2023:10:09:27 -0500] "POST /sipse/faces/presentacion/financiero/solicitudProceso/listarSolicitudProceso.xhtml HTTP/1.1" 200 46173
191.156.50.251 - - [08/Nov/2023:10:09:30 -0500] "POST /sipse/faces/presentacion/financiero/solicitudProceso/listarSolicitudProceso.xhtml HTTP/1.1" 200 46145
191.156.50.251 - - [08/Nov/2023:10:09:33 -0500] "POST /sipse/faces/presentacion/financiero/solicitudProceso/listarSolicitudProceso.xhtml HTTP/1.1" 200 24675
52.25.208.208 - - [08/Nov/2023:10:09:38 -0500] "GET /BLA/resoluciones/index.php?dir=Decretos/ HTTP/1.1" 200 6804
52.25.208.208 - - [08/Nov/2023:10:09:38 -0500] "GET /BLA/resoluciones/index.php?dir=RESOLUCIONES%202005/ HTTP/1.1" 200 49688
44.230.252.91 - - [08/Nov/2023:10:09:43 -0500] "GET /BLA/resoluciones/index.php?dir=RESOLUCIONES%201995/ HTTP/1.1" 200 12497
100.21.24.205 - - [08/Nov/2023:10:09:41 -0500] "GET /BLA/resoluciones/index.php?dir=AUTOS%202021/ HTTP/1.1" 200 398874
44.230.252.91 - - [08/Nov/2023:10:09:45 -0500] "GET /BLA/resoluciones/index.php?dir=RESOLUCIONES%202023/ HTTP/1.1" 200 106474
191.156.50.251 - - [08/Nov/2023:10:09:36 -0500] "POST /sipse/faces/presentacion/financiero/solicitudProceso/listarSolicitudProceso.xhtml HTTP/1.1" 200 24647
44.230.252.91 - - [08/Nov/2023:10:09:46 -0500] "GET /BLA/resoluciones/index.php?dir=RESOLUCIONES%202008/ HTTP/1.1" 200 976272
191.156.50.251 - - [08/Nov/2023:10:09:48 -0500] "POST /sipse/faces/presentacion/financiero/solicitudProceso/listarSolicitudProceso.xhtml HTTP/1.1" 200 24675
44.230.252.91 - - [08/Nov/2023:10:09:46 -0500] "GET /BLA/resoluciones/index.php?dir=RESOLUCIONES%202009/ HTTP/1.1" 200 1694101
201.245.192.253 - - [08/Nov/2023:10:09:54 -0500] "POST /sipse/faces/presentacion/financiero/solicitudProceso/consultarSolicitudProceso.xhtml HTTP/1.1" 200 38971
201.245.192.253 - - [08/Nov/2023:10:09:54 -0500] "GET /sipse/faces/javax.faces.resource/jquery/jquery.js?ln=primefaces&v=4.0 HTTP/1.1" 304 -
201.245.192.253 - - [08/Nov/2023:10:09:54 -0500] "GET /sipse/faces/javax.faces.resource/jquery/jquery-plugins.js?ln=primefaces&v=4.0 HTTP/1.1" 304 -
201.245.192.253 - - [08/Nov/2023:10:09:54 -0500] "GET /sipse/faces/javax.faces.resource/primefaces.js?ln=primefaces&v=4.0 HTTP/1.1" 304 -
201.245.192.253 - - [08/Nov/2023:10:09:54 -0500] "GET /sipse/faces/javax.faces.resource/layout/layout.js?ln=primefaces&v=4.0 HTTP/1.1" 304 -
201.245.192.253 - - [08/Nov/2023:10:09:55 -0500] "POST /sipse/faces/presentacion/financiero/solicitudProceso/listarSolicitudProceso.xhtml HTTP/1.1" 200 32365
201.245.192.253 - - [08/Nov/2023:10:09:55 -0500] "POST /sipse/faces/presentacion/financiero/solicitudProceso/listarSolicitudProceso.xhtml HTTP/1.1" 200 32365
201.245.192.253 - - [08/Nov/2023:10:09:55 -0500] "POST /sipse/faces/presentacion/financiero/solicitudProceso/listarSolicitudProceso.xhtml HTTP/1.1" 200 1368
201.245.192.253 - - [08/Nov/2023:10:09:55 -0500] "POST /sipse/faces/presentacion/financiero/solicitudProceso/listarSolicitudProceso.xhtml HTTP/1.1" 200 1376
201.245.192.253 - - [08/Nov/2023:10:09:55 -0500] "POST /sipse/faces/presentacion/financiero/solicitudProceso/listarSolicitudProceso.xhtml HTTP/1.1" 200 1372
44.230.252.91 - - [08/Nov/2023:10:09:56 -0500] "GET /BLA/resoluciones/index.php HTTP/1.1" 200 13696
52.25.208.208 - - [08/Nov/2023:10:09:57 -0500] "GET /BLA/resoluciones/index.php?dir=RESOLUCIONES%201994/ HTTP/1.1" 200 2479
191.156.51.138 - - [08/Nov/2023:10:09:53 -0500] "POST /sipse/faces/presentacion/financiero/solicitudProceso/listarSolicitudProceso.xhtml HTTP/1.1" 200 45342
44.230.252.91 - - [08/Nov/2023:10:09:57 -0500] "GET /BLA/resoluciones/index.php?dir=RESOLUCIONES%202002/ HTTP/1.1" 200 26096
52.25.208.208 - - [08/Nov/2023:10:09:55 -0500] "GET /BLA/resoluciones/index.php?dir=AUTOS%202011/ HTTP/1.1" 200 636914
191.156.51.138 - - [08/Nov/2023:10:09:57 -0500] "POST /sipse/faces/presentacion/financiero/solicitudProceso/listarSolicitudProceso.xhtml HTTP/1.1" 200 45370
44.230.252.91 - - [08/Nov/2023:10:09:57 -0500] "GET /BLA/resoluciones/index.php?dir=AUTOS%202017/ HTTP/1.1" 200 483318
191.156.51.138 - - [08/Nov/2023:10:09:58 -0500] "POST /sipse/faces/presentacion/financiero/solicitudProceso/listarSolicitudProceso.xhtml HTTP/1.1" 200 45342
52.25.208.208 - - [08/Nov/2023:10:09:57 -0500] "GET /BLA/resoluciones/index.php?dir=AUTOS%202019/ HTTP/1.1" 200 390757
44.230.252.91 - - [08/Nov/2023:10:09:58 -0500] "GET /BLA/resoluciones/index.php?dir=RESOLUCIONES%202020/ HTTP/1.1" 200 169742
191.156.51.138 - - [08/Nov/2023:10:10:01 -0500] "POST /sipse/faces/presentacion/financiero/solicitudProceso/listarSolicitudProceso.xhtml HTTP/1.1" 200 46055
52.25.208.208 - - [08/Nov/2023:10:10:01 -0500] "GET /BLA/resoluciones/index.php?dir=RESOLUCIONES%202019/ HTTP/1.1" 200 261583
191.156.51.138 - - [08/Nov/2023:10:10:03 -0500] "POST /sipse/faces/presentacion/financiero/solicitudProceso/listarSolicitudProceso.xhtml HTTP/1.1" 200 27441
52.167.144.170 - - [08/Nov/2023:10:10:05 -0500] "GET /BLA/resoluciones/AUTOS%202023/1987.pdf HTTP/1.1" 200 656878
191.156.51.138 - - [08/Nov/2023:10:10:04 -0500] "POST /sipse/faces/presentacion/financiero/solicitudProceso/listarSolicitudProceso.xhtml HTTP/1.1" 200 18471
44.230.252.91 - - [08/Nov/2023:10:10:05 -0500] "GET /BLA/resoluciones/index.php?dir=RESOLUCIONES%202006/ HTTP/1.1" 200 40916
100.21.24.205 - - [08/Nov/2023:10:09:54 -0500] "GET /BLA/resoluciones/index.php?dir=AUTOS%202014/ HTTP/1.1" 200 890851
100.21.24.205 - - [08/Nov/2023:10:10:12 -0500] "GET /BLA/resoluciones/index.php?dir=RESOLUCIONES%201997/ HTTP/1.1" 200 17831
100.21.24.205 - - [08/Nov/2023:10:10:13 -0500] "GET /BLA/resoluciones/index.php?dir=2018/ HTTP/1.1" 200 1608
52.25.208.208 - - [08/Nov/2023:10:10:12 -0500] "GET /BLA/resoluciones/index.php?dir=RESOLUCIONES%202014/ HTTP/1.1" 200 334359
52.25.208.208 - - [08/Nov/2023:10:10:14 -0500] "GET /BLA/resoluciones/index.php?dir=Acuerdos/ HTTP/1.1" 200 3396
52.25.208.208 - - [08/Nov/2023:10:10:23 -0500] "GET /BLA/resoluciones/index.php?dir=RESOLUCIONES%20CONJUNTAS/ HTTP/1.1" 200 4762
52.25.208.208 - - [08/Nov/2023:10:10:21 -0500] "GET /BLA/resoluciones/index.php?dir=AUTOS%202008/ HTTP/1.1" 200 569644
52.25.208.208 - - [08/Nov/2023:10:10:24 -0500] "GET /BLA/resoluciones/index.php?dir=RESOLUCIONES%201996/ HTTP/1.1" 200 9137
52.25.208.208 - - [08/Nov/2023:10:10:23 -0500] "GET /BLA/resoluciones/index.php?dir=AUTOS%202020/ HTTP/1.1" 200 332687
100.21.24.205 - - [08/Nov/2023:10:10:26 -0500] "GET /BLA/resoluciones/index.php?dir=AUTOS%202023/ HTTP/1.1" 200 397656
52.25.208.208 - - [08/Nov/2023:10:10:30 -0500] "GET /BLA/resoluciones/index.php?dir=&order=asc&sort=size HTTP/1.1" 200 13696
44.230.252.91 - - [08/Nov/2023:10:10:31 -0500] "GET /BLA/resoluciones/index.php?dir=RESOLUCIONES%202013/ HTTP/1.1" 200 238278
44.230.252.91 - - [08/Nov/2023:10:10:36 -0500] "GET /BLA/resoluciones/index.php?dir=AUTOS%202006/ HTTP/1.1" 200 9681
201.245.192.253 - - [08/Nov/2023:10:10:39 -0500] "POST /forms/lservlet;jsessionid=ac16012b30d6f33de23e535e48629b158b5de6bb217d.e3iSbxaKaheRe3eRa38MahaQbi1ynknvrkLOlQzNp65In0 HTTP/1.1" 200 2
52.25.208.208 - - [08/Nov/2023:10:10:41 -0500] "GET /BLA/resoluciones/index.php?dir=RESOLUCIONES%201993/ HTTP/1.1" 200 2879
216.245.221.92 - - [08/Nov/2023:10:10:41 -0500] "HEAD / HTTP/1.1" 200 -
100.21.24.205 - - [08/Nov/2023:10:10:42 -0500] "GET /BLA/resoluciones/index.php?dir=&order=asc&sort=date HTTP/1.1" 200 13696
100.21.24.205 - - [08/Nov/2023:10:10:43 -0500] "GET /BLA/resoluciones/index.php?dir=RESOLUCIONES%201998/ HTTP/1.1" 200 14920
52.25.208.208 - - [08/Nov/2023:10:10:43 -0500] "GET /BLA/resoluciones/index.php?dir=AUTOS%202022/ HTTP/1.1" 200 507974
44.230.252.91 - - [08/Nov/2023:10:10:47 -0500] "GET /BLA/resoluciones/index.php?dir=RESOLUCIONES%202000/ HTTP/1.1" 200 28676
100.21.24.205 - - [08/Nov/2023:10:10:49 -0500] "GET /BLA/resoluciones/index.php?dir=RESOLUCIONES%201992/ HTTP/1.1" 200 2871
100.21.24.205 - - [08/Nov/2023:10:10:49 -0500] "GET /BLA/resoluciones/index.php?dir=&order=desc&sort=name HTTP/1.1" 200 13695
52.25.208.208 - - [08/Nov/2023:10:10:49 -0500] "GET /BLA/resoluciones/index.php?dir=RESOLUCIONES%202021/ HTTP/1.1" 200 442881
100.21.24.205 - - [08/Nov/2023:10:10:51 -0500] "GET /BLA/resoluciones/index.php?dir=RESOLUCIONES%202003/ HTTP/1.1" 200 34282
52.25.208.208 - - [08/Nov/2023:10:10:52 -0500] "GET /BLA/resoluciones/index.php?dir=RESOLUCIONES%202001/ HTTP/1.1" 200 25492
44.230.252.91 - - [08/Nov/2023:10:10:54 -0500] "GET /BLA/resoluciones/index.php?dir=RESOLUCIONES%201999/ HTTP/1.1" 200 11902
44.230.252.91 - - [08/Nov/2023:10:10:55 -0500] "GET /BLA/resoluciones/index.php?dir=RESOLUCIONES%202007/ HTTP/1.1" 200 37998
44.230.252.91 - - [08/Nov/2023:10:10:59 -0500] "GET /BLA/resoluciones/index.php?dir=RESOLUCIONES%202015/ HTTP/1.1" 200 130562
44.230.252.91 - - [08/Nov/2023:10:11:00 -0500] "GET /BLA/resoluciones/index.php?dir=AUTOS%202015/ HTTP/1.1" 200 584494
52.25.208.208 - - [08/Nov/2023:10:11:02 -0500] "GET /BLA/resoluciones/index.php?dir=AUTOS%202016/ HTTP/1.1" 200 331625
52.25.208.208 - - [08/Nov/2023:10:11:05 -0500] "GET /BLA/resoluciones/index.php?dir=AUTOS%202004/ HTTP/1.1" 200 2786
201.245.192.253 - - [08/Nov/2023:10:11:07 -0500] "POST /forms/lservlet;jsessionid=ac16012b30d6c4b98c9a00674ab49b599f8f4161ab5e.e3iSbxaKaheRe3eRa38MahaQbi1ynknvrkLOlQzNp65In0 HTTP/1.1" 200 2
172.22.2.4 - - [08/Nov/2023:10:09:28 -0500] "HEAD /BLA/boletinlegal/ HTTP/1.1" 200 -
52.25.208.208 - - [08/Nov/2023:10:11:10 -0500] "GET /BLA/resoluciones/index.php?dir=RESOLUCIONES%202011/ HTTP/1.1" 200 747162
52.25.208.208 - - [08/Nov/2023:10:11:11 -0500] "GET /BLA/resoluciones/index.php?dir=AUTOS%202018/ HTTP/1.1" 200 467745
201.245.192.253 - - [08/Nov/2023:10:11:16 -0500] "GET /sipse/faces/javax.faces.resource/images/ui-bg_flat_0_2d5972_40x100.png?ln=primefaces-aristo HTTP/1.1" 304 -
31.13.115.116 - - [08/Nov/2023:10:11:17 -0500] "GET /images/cuerpos%20de%20agua%20en%20humedales-19-10.jpg HTTP/1.1" 200 73528
201.245.192.253 - - [08/Nov/2023:10:11:15 -0500] "POST /kwsrmcab/Wsrmcab  HTTP/1.1" 200 42686
44.230.252.91 - - [08/Nov/2023:10:11:17 -0500] "GET /BLA/resoluciones/index.php?dir=RESOLUCIONES%202017/ HTTP/1.1" 200 286831
201.245.192.253 - - [08/Nov/2023:10:11:16 -0500] "POST /sipse/faces/presentacion/financiero/solicitudProceso/consultarSolicitudProceso.xhtml HTTP/1.1" 200 36803
201.245.192.253 - - [08/Nov/2023:10:11:20 -0500] "GET /sipse/faces/javax.faces.resource/jquery/jquery.js?ln=primefaces&v=4.0 HTTP/1.1" 304 -
201.245.192.253 - - [08/Nov/2023:10:11:20 -0500] "GET /sipse/faces/javax.faces.resource/jquery/jquery-plugins.js?ln=primefaces&v=4.0 HTTP/1.1" 304 -
201.245.192.253 - - [08/Nov/2023:10:11:20 -0500] "GET /sipse/faces/javax.faces.resource/primefaces.js?ln=primefaces&v=4.0 HTTP/1.1" 304 -
201.245.192.253 - - [08/Nov/2023:10:11:20 -0500] "GET /sipse/faces/javax.faces.resource/layout/layout.js?ln=primefaces&v=4.0 HTTP/1.1" 304 -
201.245.192.253 - - [08/Nov/2023:10:11:20 -0500] "POST /sipse/faces/presentacion/financiero/solicitudProceso/listarSolicitudProceso.xhtml HTTP/1.1" 200 1396
186.102.69.186 - - [08/Nov/2023:10:11:24 -0500] "GET /kwssiamovil/sm/ldap/au?x=U2FsdGVkX19Ur6QrDbHs/Khj3AS4GsA0XAzIiYNxsIPptMPs4AMFAgEAsEmElhJv&y=U2FsdGVkX19p92UvfTLDWgcJoC5SgOE21WO2C/eI4ovF7f3j4bqSFiB5Cvpul2mp HTTP/1.1" 200 30
186.102.69.186 - - [08/Nov/2023:10:11:24 -0500] "GET /kwssiamovil/sm/acme/s?s=U2FsdGVkX18hffdHMOpj7sUlsaEhfgZdQuQl2VBvdxjIP12KhL9ZGdLJjPOsOAROINWx4IdUdgorB2bGjfXc9lWjwS3nZH9at7Omfh9cNPw=&u=U2FsdGVkX1+SqxmvE/FfWEQrXOR5p2pD2NHJ8MzfxAo=&y=U2FsdGVkX19p92UvfTLDWgcJoC5SgOE21WO2C/eI4ovF7f3j4bqSFiB5Cvpul2mp HTTP/1.1" 200 97
186.102.69.186 - - [08/Nov/2023:10:11:24 -0500] "GET /kwssiamovil/sm/acme/s?s=U2FsdGVkX19ts0fcjBpioTlygbRt7vPq5aCZudExzy7nZsqrmvTKeogOTWLo9h3TbhG3RwrRFYmfeRGkhyPjBufKGIzc7V3GaBHfmsV8xYTsfG+WwlOZajlFZZvpZX5hQfccgsujv22LKP79vC07cvgrE5QiGegWWqk8/0fRi34xCZb+8bxOkVdEI1THKsiIzyRzs5de0cOgccdJxUFut/kOExsu4jDGsjnGZ6x7EjTgFFiPKg09jK5SPWt81WoZF2yr1TibzuN74FOhOtiBJ3hjpD2ZhwXLKyt+l8bhJFwAmhffFeZvn8PWw1o/WMud7hCoZNj2A8ANpUDifiZWHNQiGFkRtAMl433K4FwXB9/Wv9qjIUgM396zKQaxzU5pULQKlZ9gmkPThtlnNqrOazY+VVUK8+SFwzujqkvVunsXR+1CE/O3elCqxX/Zm4JZePjPNamd0Q99u1tzMtELyBFnI+SqnnrsAzqckzrjPFF06Kky81I4Qnxg4PDzevob6Hjy4PkD2CtYDfhAmTphbJkcoTHtgPMrIAvKtSYgGui41wbKwLWrXGSeZ33OP7XNr2UHmyv2zwdkVNKN4/V52yJWWOFntFafFikDL55lAYKJnc88bfsND0KeQfXPLg1kSQTFnwNrLa66+gEiwZTCjdBIdkbj+7VFEEm3sFm2PCte1pz+tEO6P/WwhulP+iRQtoybBM0SAKVj/Xc532gBaxouZQ1irs7/AaXsB9Cw1TT9/RaNy68JUytEq2F8iiqpTPBcoLvcJNv5G9fy2xV1UN77WcBU1N6qeWAvlNuDWRGW7MZCNHNxmV9ySlhY7tI5tK0FF4xmkSWksS9zogQTF4vl2zD9HH/ykCgsgaDI30fOWMYz/EhxJtzl66P0t6j2nDIz7EUVYJsdNy6a3xqTs6Pewmv5UIcuJLSftG85CoY0XDwSoDNiEt5OccS7rGj3Sm2QvmLluFZfQ8oK3VPYsWekS41c+Lm9ctTT/EM+yvD7VKxsnMVlSxk23dZCkDzA0bBWnUgRb7XAJs2tonJbAqC0bkoH6i5hbdlSRVzACQeSteHXSg/wCo/7gJx/JxACioNRtXOVvJYBxVA2V4iQmT8qyYnBS2hTyKPhn/BGCzOt/kCNggiJbkQFvNpb8DC+khPN/hm3cfNOqPLMTzWUiqxVhHTtq8sizrUF1GKYj2ykLsijtpw3c8FZrdk0fENHE7rGN/xFGO++k8oo0AUYPPGDCGkowcnozqaaYW3VSSlYILakqShOd8k6fZ0AYbkMFt1uUqHaAg3Bj4ImhTmdW8pR1O+mioyS92C9xG5GkjZ/omEAWT5fbTCUHPNYNlcg4kYI9vyobl4YEOx214lzdovOTak17kzrZEYU+7yDvlEJYQJy4HJIpFcyBe5Tpn9+/UG+DeqgePgk50Pp656c1Lih6zOuiRaYQ91hOCWvaVqW02JxTt8Ux08zYqSOyEScRPBy07B50D4+UtjkWkGCUSROiPXysr4bSPVEf3IF+Jzgke59FNcOMTBaWAl7L94TVf9I9j1cFXcd2xNLesMk5SHYh+bJ++c8DUNsdCqUBFCBnESBbycyQ3f52VQ1GEawE6DtMfktY2cCq7IGdTSS/9e93pxKVkjKMxd3ToLppCHVpIEaXXCUnbKR0dzHjrM5W9+NC+zOJ+YgMixKB+modnIU6mBGddWJAcN3wQ87mpKJeGBXwvtlSiuJcIjCYZUqZv438LUOlvGj4prOqxOIT6yB/p+66zuP5olmO5e2Gdo=&u=U2FsdGVkX1+SqxmvE/FfWEQrXOR5p2pD2NHJ8MzfxAo=&y=U2FsdGVkX19p92UvfTLDWgcJoC5SgOE21WO2C/eI4ovF7f3j4bqSFiB5Cvpul2mp HTTP/1.1" 200 1370
186.102.69.186 - - [08/Nov/2023:10:11:24 -0500] "GET /kwssiamovil/sm/acme/s?s=U2FsdGVkX1+u+2FBCMcKTBI/f32DdUFW7pXN3MNHG/OsmLstJYxNo2UM3LN+cOCekwIZBzRv3nCSRasDRUCtrVmnLDCOH1F2mOBMS8B0YupJE/fALw5Y6wg2PnDGoW+hCUbdz323S6UpFQMNDDf+jPa3TYJWXK6aLN7Mknalv3tOOmEo8+Kg18yWjkymvIdK3+aTlzN3kJom452on08OydRS0Vme/IRoNH5ynkmAS7LmSVDaNqUPPJU+it4A9fi/1paAM/8+or38FHfzENQ61HK5nF1AmI8LpmecHaJT90NDZu6EVMtSGO0a8DwKd6LGkAMvW3YlqPN2ETGxjN95tWe2763EkrWLBYn2/Y5MOHNFuRV228WcVJedB3wQd4n4AQmeD+IzpfUVDjCHM0+1lCQgpDrsCBgtn3Vbsit2ovJq2bno3aCE540jEzHMTG4C7N7g+P7PpimUz367l+aZhuUB30QQAhAakivjxRj2I7y3Ku4Bk8brAxqyEun34QYK+4fS1WQwQEerSjOpfTmlLE3XGjRagZIau/rYCE91WrBfxHjK12Qri4cwyTo3yzRgD4tlyAPtvpqB2a9hVyDcccdZXsQhU/IHf/h4uFbRYQz9zMBFIXVZAgME9//Wum12VJkrkfUJaxa+dsBQ0l8rvcfrcXwIKT9TD202XdCeorNfDGgQB8WOmaLPVVC6F8eeMH96iyld+RGxV0IaAuJbWuZqb0O3iTlOf0gDIteM0YTfINewQ/sGnW8EdUu1K9bz&u=U2FsdGVkX1+SqxmvE/FfWEQrXOR5p2pD2NHJ8MzfxAo=&y=U2FsdGVkX19p92UvfTLDWgcJoC5SgOE21WO2C/eI4ovF7f3j4bqSFiB5Cvpul2mp HTTP/1.1" 200 208
201.245.192.253 - - [08/Nov/2023:10:11:24 -0500] "POST /sipse/faces/presentacion/financiero/solicitudProceso/listarSolicitudProceso.xhtml HTTP/1.1" 200 110376
201.245.192.253 - - [08/Nov/2023:10:11:25 -0500] "GET /sipse/faces/javax.faces.resource/jquery/jquery.js?ln=primefaces&v=4.0 HTTP/1.1" 304 -
201.245.192.253 - - [08/Nov/2023:10:11:25 -0500] "GET /sipse/faces/javax.faces.resource/jquery/jquery-plugins.js?ln=primefaces&v=4.0 HTTP/1.1" 304 -
201.245.192.253 - - [08/Nov/2023:10:11:25 -0500] "GET /sipse/faces/javax.faces.resource/primefaces.js?ln=primefaces&v=4.0 HTTP/1.1" 304 -
201.245.192.253 - - [08/Nov/2023:10:11:25 -0500] "GET /sipse/faces/javax.faces.resource/layout/layout.js?ln=primefaces&v=4.0 HTTP/1.1" 304 -
186.102.69.186 - - [08/Nov/2023:10:11:24 -0500] "GET /kwssiamovil/sm/cjson/pre?f=1&x=U2FsdGVkX19Ur6QrDbHs/Khj3AS4GsA0XAzIiYNxsIPptMPs4AMFAgEAsEmElhJv HTTP/1.1" 200 31032
100.21.24.205 - - [08/Nov/2023:10:11:26 -0500] "GET /BLA/resoluciones/index.php?dir=RESOLUCIONES%202018/ HTTP/1.1" 200 280108
192.133.77.18 - - [08/Nov/2023:10:11:32 -0500] "GET /images/operativo-fuentes-fijas-14-octubre.jpg HTTP/1.1" 200 58397
192.133.77.15 - - [08/Nov/2023:10:11:32 -0500] "GET /cuatro-industrias-con-medidas-preventivas-por-contaminar-el-aire-en-el-suroccidente-de-bogota.html HTTP/1.1" 200 1042
44.230.252.91 - - [08/Nov/2023:10:11:33 -0500] "GET /BLA/resoluciones/index.php?dir=RESOLUCIONES%202016/ HTTP/1.1" 200 172327
201.245.192.253 - - [08/Nov/2023:10:11:34 -0500] "POST /sipse/faces/presentacion/financiero/solicitudProceso/consultarSolicitudProceso.xhtml HTTP/1.1" 200 34111
201.245.192.253 - - [08/Nov/2023:10:11:36 -0500] "GET /sipse/faces/javax.faces.resource/jquery/jquery.js?ln=primefaces&v=4.0 HTTP/1.1" 304 -
201.245.192.253 - - [08/Nov/2023:10:11:36 -0500] "GET /sipse/faces/javax.faces.resource/jquery/jquery-plugins.js?ln=primefaces&v=4.0 HTTP/1.1" 304 -
201.245.192.253 - - [08/Nov/2023:10:11:36 -0500] "GET /sipse/faces/javax.faces.resource/primefaces.js?ln=primefaces&v=4.0 HTTP/1.1" 304 -
201.245.192.253 - - [08/Nov/2023:10:11:36 -0500] "GET /sipse/faces/javax.faces.resource/layout/layout.js?ln=primefaces&v=4.0 HTTP/1.1" 304 -
201.245.192.253 - - [08/Nov/2023:10:11:36 -0500] "GET /sipse/faces/javax.faces.resource/messages/messages.png?ln=primefaces&v=4.0 HTTP/1.1" 304 -
201.245.192.253 - - [08/Nov/2023:10:11:36 -0500] "POST /sipse/faces/presentacion/financiero/solicitudProceso/listarSolicitudProceso.xhtml HTTP/1.1" 200 1368
44.230.252.91 - - [08/Nov/2023:10:11:56 -0500] "GET /BLA/resoluciones/index.php?dir=RESOLUCIONES%202012/ HTTP/1.1" 200 140066
172.22.2.4 - - [08/Nov/2023:10:10:19 -0500] "GET /BLA/boletinlegal/ HTTP/1.1" 200 58294
44.230.252.91 - - [08/Nov/2023:10:11:58 -0500] "GET /portaldeninos/publicidad/ HTTP/1.1" 200 87569
200.118.80.53 - - [08/Nov/2023:10:12:06 -0500] "GET /appsia/controlador HTTP/1.1" 200 4621
201.245.192.253 - - [08/Nov/2023:10:12:10 -0500] "POST /sipse/faces/presentacion/financiero/solicitudProceso/listarSolicitudProceso.xhtml HTTP/1.1" 200 43283
201.245.192.253 - - [08/Nov/2023:10:12:10 -0500] "GET /sipse/faces/javax.faces.resource/jquery/jquery.js?ln=primefaces&v=4.0 HTTP/1.1" 304 -
201.245.192.253 - - [08/Nov/2023:10:12:10 -0500] "GET /sipse/faces/javax.faces.resource/jquery/jquery-plugins.js?ln=primefaces&v=4.0 HTTP/1.1" 304 -
201.245.192.253 - - [08/Nov/2023:10:12:10 -0500] "GET /sipse/faces/javax.faces.resource/primefaces.js?ln=primefaces&v=4.0 HTTP/1.1" 304 -
201.245.192.253 - - [08/Nov/2023:10:12:10 -0500] "GET /sipse/faces/javax.faces.resource/layout/layout.js?ln=primefaces&v=4.0 HTTP/1.1" 304 -
201.245.192.253 - - [08/Nov/2023:10:12:10 -0500] "POST /sipse/faces/presentacion/financiero/solicitudProceso/consultar.xhtml HTTP/1.1" 200 36682
201.245.192.253 - - [08/Nov/2023:10:12:10 -0500] "POST /sipse/faces/presentacion/financiero/solicitudProceso/consultar.xhtml HTTP/1.1" 200 36682
201.245.192.253 - - [08/Nov/2023:10:12:10 -0500] "POST /sipse/faces/presentacion/financiero/solicitudProceso/consultar.xhtml HTTP/1.1" 200 36682
201.245.192.253 - - [08/Nov/2023:10:12:11 -0500] "POST /sipse/faces/presentacion/financiero/solicitudProceso/consultar.xhtml HTTP/1.1" 200 12904
100.21.24.205 - - [08/Nov/2023:10:12:13 -0500] "GET /portaldeninos/aulas-ambientales-2/parque-ecologico-distrital-de-montana-entrenubes/ HTTP/1.1" 200 90406
201.245.192.253 - - [08/Nov/2023:10:12:39 -0500] "POST /forms/lservlet;jsessionid=ac16012b30d6f33de23e535e48629b158b5de6bb217d.e3iSbxaKaheRe3eRa38MahaQbi1ynknvrkLOlQzNp65In0 HTTP/1.1" 200 2
200.118.80.53 - - [08/Nov/2023:10:13:06 -0500] "POST /appsia/controlador HTTP/1.1" 200 7728
201.245.192.253 - - [08/Nov/2023:10:13:07 -0500] "POST /forms/lservlet;jsessionid=ac16012b30d6c4b98c9a00674ab49b599f8f4161ab5e.e3iSbxaKaheRe3eRa38MahaQbi1ynknvrkLOlQzNp65In0 HTTP/1.1" 200 2
186.102.32.215 - - [08/Nov/2023:10:13:44 -0500] "GET /kwssiamovil/sm/ldap/au?x=U2FsdGVkX1/f1jqpU9+gtRaKCZ+mQZ0FvfBGulKAt9kkmf74/GvlZsUc5YPhfNVG&y=U2FsdGVkX18aajA0URGHJcq9pcN9e6wK/E+kBzp0gBk= HTTP/1.1" 200 30
186.102.32.215 - - [08/Nov/2023:10:13:44 -0500] "GET /kwssiamovil/sm/acme/s?s=U2FsdGVkX1/xfGbysSQiRbxSB4wFBItBnFlfIdfE8fBOnUkGaal2M0GZPUdtAWQuGiVawva+pz7CsFYDaUajQrqVObuOYcD67A/R8kzh+Xc=&u=U2FsdGVkX1878mtKaOmJoj191tW+MlCYN2Ui4oCZ/3Y=&y=U2FsdGVkX18aajA0URGHJcq9pcN9e6wK/E+kBzp0gBk= HTTP/1.1" 200 97
186.102.32.215 - - [08/Nov/2023:10:13:44 -0500] "GET /kwssiamovil/sm/acme/s?s=U2FsdGVkX19ZqpS73Ez1mm34pTDzgE9EHRMOy7qutIzKVsx2vqHKS5nN8E9jNs/6+HmcKqgm0AgrSD1l0vBf/pcR+Tc1N9F+tnYG57ti6uk80stIMKj8jnUTUvZzD1T8Q4kvxloC3qQ9qSKpnw3EJpD3d6zk5YYyacvdtz3O/G3yGBl1NY6WNI9juecz4Yvw5jm/gvlw0p+roapGIcR/ZDgvfd0FqsRfTuYbQz4TAxExaYASVIqho3rKvJOR5EfbSeUuQN3JPCGXt8BPhmymRxAETLiD70VsMjSIc3K/Z4q52Ik/dO/DbzOi4XuD5VFRWxMWuQREy6x9C9uPPIO2ed4O9vZrhI6BnE7P38bHh7/FT4TVF//w5G+F7c28fHXP4XN4qre7jnDedk2MJfQH0LCpL2DvIjO1TujkjXcxylWhS46MnO/m/jAaypagdp5dzd/i14q+Xm4Vf++Bp8JViEFTmmeleKxVML2xccULuDbR0TtlDJCMg9nCl9M9WmsPsAjKgo/W1ln9VrOVNiXd2cdY8EBvnBOTrEKTcD6fplxYThbLX0Ko2FXWY7Pm40zCrJZwxDm5po4lfAP6IsncQFDtGyUOldUc7BYAz3XqCwpvHuzWUFnDsWvO8xNz500yblNBvKOq72cCVFO/OWd4c/b5LTy55ae69Uo86L/Eyh0HU5tWy6zp0qMtcuUopFvWu68aGZW6638TtXDpUPw+B3aK7jjTEWalWy2HiWJO6Tno2p/rEg0gEN8RqQzoUPQeleF+ufZZNXK3COJ6ff9W34G0GUBFqxp1di+/pwruwLbfd6L5IhIo70D7RwP576XxwTbPGdgL2T9FIOPe8glUXOAJCwHxJ4u8frpa0Bb3zk9vIJMAlI6Jk9EyGz4cEIuLp2C+msioi/0zJr+3nHAd0Q56j4K8G//kQO7vuXQRrYjwT5q2z1P1Q1bLa/ezQ80CzjTJx2luTsMy6XVmmSJM1LTwns9jicz8kUuUMGZtKH0iejCecJECpz/KtSquJkM2bctPD3qwjS2Pteym0pocr6dsRvTUjACdWow7Zmp7fkVFMM/wSS25vjvpfJlVZNZ2njiLgXUXm0oe/d1u0t7cozE7c4iNFtGJ1dvzD9jDBuPmBTn11CBl1T8X/BzY9eoQ8F6ooxLvacpl/MoeT/2r9ZjB00YzAJL7FZPRhTY6mcluuZa6Slh9hcqnhzpu5zqLhKiOi8i/CZ6zpQGq3OajfhObh84Na4JaWlVj9ou82ANkD/I8oqscuufqduKLFcGaeomt0cXU2rWmgWdv/viaItL1YQh1exw1mVh8AvhaC3XmhzCy/OTnOu4XkWEamTZCpW6nMWhny07F62mM+gzVV337ZjRowgdv+rKrwFmxe8evrjRlYvuv4J6BeERKfvdF3dmsLoLdkQYM+9niLMeQ0IJLj1sNAm3A0g4K/XdlIHTkENDpeqpWNyAj6OQC2oXW0r+jlw4EJil2trKhUvaom5uCke42zbFMpDYbmOktWwnkVp5RdDX8I1JLsfQ13y6ebDwD4V7H/Y8meUpVfpp6wWdShO9LAACJeDAAY80DbO2mKN3IrcxH23mpjE1K40qnagG7jym+v3aNnAo/f+bvAT7AhV25tl/yRwdou3T7m7G6MTuTvVw0Ctb89nTfeakfdHNNYKA5OcKUvAsjQc5PRqSxGGZRLim+D8Qu75KzhLCTo45rUgsykc11PaRy8Bh/yhGw8ZLhIJdI5bNvmXLQwcz91MaSCwuUhpl9f6Mubz8=&u=U2FsdGVkX1878mtKaOmJoj191tW+MlCYN2Ui4oCZ/3Y=&y=U2FsdGVkX18aajA0URGHJcq9pcN9e6wK/E+kBzp0gBk= HTTP/1.1" 200 2481
186.102.32.215 - - [08/Nov/2023:10:13:44 -0500] "GET /kwssiamovil/sm/acme/s?s=U2FsdGVkX183MlwQKfE1l5iJg9r/BXp39RVtJGv9yaD8ivklW2grHZZrALHWwdXPqggibVHArMYuq4wJEIPT/JfOzxY8QxSv/7cmVTtyjEaONy41w4Oof6vUaxklbx+3pHpgRmR8NTMDugMBv7uw7pq6adEP0GE+uu4ivdjl5tFa0ZRZG3EAFbtvpvewG28LM3xdz36w53YZhvybkVk1oT3QBdEquYdlRolWTTc7M8iV1yq/2PWdafB0d3odpVymIb4iBNgU0LuMfxUWcYIlC7lwqNOerHYfUUwuRYSHDtAeQSnArQm5sIZvXm0zJhtdgdWxf8WvCzpiUT7elhsASGv1bDQWe/oTfvZeiWNop9ITMFBfeMIynm4CtNtTX4Nv7i9KmWGXAVbBI7Uyjwl6oUluY2S/RK7ODWC/8hFAM7g/tnqoyj6I/n5b0zrkD89MHeYb/83vAO/N0mw49If3Dnsm53DWKMycpPFZDRIqs4hOzUl72qWOlwoXJiKdu2EejQlLPkoqeDEan+KiQ48b29TmNO4j8bsrYWtdTvfTPtpIO1eCEf/RdhHYbI+6PKRiO9HCq53HQ+sqOyomYi96GeiRNeJMGWa5wX/VZxgAbxQ/usSZpX9X6DBGalzBUe3raOedx2/zg00kPgP3PkK7AMa0uDbIbmJw8GuB3fHIz+vhGd80F9ox+2ztQeIo1URGLJL9/zejIdz5EA1J87qJVMej0CZTuZd4Li2PoHBqP50dI3dzhyr+2jXrisLHoPig&u=U2FsdGVkX1878mtKaOmJoj191tW+MlCYN2Ui4oCZ/3Y=&y=U2FsdGVkX18aajA0URGHJcq9pcN9e6wK/E+kBzp0gBk= HTTP/1.1" 200 208
186.102.32.215 - - [08/Nov/2023:10:13:44 -0500] "GET /kwssiamovil/sm/cjson/pre?f=1&x=U2FsdGVkX1/f1jqpU9+gtRaKCZ+mQZ0FvfBGulKAt9kkmf74/GvlZsUc5YPhfNVG HTTP/1.1" 200 31032
201.245.192.253 - - [08/Nov/2023:10:14:39 -0500] "POST /forms/lservlet;jsessionid=ac16012b30d6f33de23e535e48629b158b5de6bb217d.e3iSbxaKaheRe3eRa38MahaQbi1ynknvrkLOlQzNp65In0 HTTP/1.1" 200 2
167.0.137.185 - - [08/Nov/2023:10:14:56 -0500] "POST /sipse/faces/presentacion/financiero/solicitudProceso/consultarSolicitudProceso.xhtml HTTP/1.1" 200 25811
167.0.137.185 - - [08/Nov/2023:10:14:57 -0500] "GET /sipse/faces/javax.faces.resource/theme.css?ln=primefaces-sipse HTTP/1.1" 304 -
167.0.137.185 - - [08/Nov/2023:10:14:57 -0500] "GET /sipse/faces/javax.faces.resource/primefaces.css?ln=primefaces&v=4.0 HTTP/1.1" 304 -
167.0.137.185 - - [08/Nov/2023:10:14:57 -0500] "GET /sipse/faces/javax.faces.resource/jquery/jquery.js?ln=primefaces&v=4.0 HTTP/1.1" 304 -
167.0.137.185 - - [08/Nov/2023:10:14:57 -0500] "GET /sipse/faces/javax.faces.resource/layout/layout.css?ln=primefaces&v=4.0 HTTP/1.1" 304 -
167.0.137.185 - - [08/Nov/2023:10:14:57 -0500] "GET /sipse/faces/javax.faces.resource/jquery/jquery-plugins.js?ln=primefaces&v=4.0 HTTP/1.1" 304 -
167.0.137.185 - - [08/Nov/2023:10:14:57 -0500] "GET /sipse/faces/javax.faces.resource/primefaces.js?ln=primefaces&v=4.0 HTTP/1.1" 304 -
167.0.137.185 - - [08/Nov/2023:10:14:57 -0500] "GET /sipse/faces/javax.faces.resource/layout/layout.js?ln=primefaces&v=4.0 HTTP/1.1" 304 -
167.0.137.185 - - [08/Nov/2023:10:14:57 -0500] "GET /sipse/css/imagen/contrasena.png HTTP/1.1" 404 383
167.0.137.185 - - [08/Nov/2023:10:14:57 -0500] "GET /sipse/faces/javax.faces.resource/images/ui-icons_898989_256x240.png?ln=primefaces-aristo HTTP/1.1" 304 -
201.245.192.253 - - [08/Nov/2023:10:15:07 -0500] "POST /forms/lservlet;jsessionid=ac16012b30d6c4b98c9a00674ab49b599f8f4161ab5e.e3iSbxaKaheRe3eRa38MahaQbi1ynknvrkLOlQzNp65In0 HTTP/1.1" 200 2
167.0.137.185 - - [08/Nov/2023:10:15:14 -0500] "GET /sipse/faces/javax.faces.resource/theme.css?ln=primefaces-sipse HTTP/1.1" 304 -
167.0.137.185 - - [08/Nov/2023:10:15:14 -0500] "GET /sipse/faces/javax.faces.resource/primefaces.js?ln=primefaces&v=4.0 HTTP/1.1" 304 -
167.0.137.185 - - [08/Nov/2023:10:15:14 -0500] "GET /sipse/faces/javax.faces.resource/jquery/jquery-plugins.js?ln=primefaces&v=4.0 HTTP/1.1" 304 -
167.0.137.185 - - [08/Nov/2023:10:15:14 -0500] "GET /sipse/faces/javax.faces.resource/layout/layout.css?ln=primefaces&v=4.0 HTTP/1.1" 304 -
167.0.137.185 - - [08/Nov/2023:10:15:14 -0500] "GET /sipse/faces/javax.faces.resource/primefaces.css?ln=primefaces&v=4.0 HTTP/1.1" 304 -
167.0.137.185 - - [08/Nov/2023:10:15:14 -0500] "GET /sipse/faces/javax.faces.resource/jquery/jquery.js?ln=primefaces&v=4.0 HTTP/1.1" 304 -
167.0.137.185 - - [08/Nov/2023:10:15:14 -0500] "GET /sipse/faces/javax.faces.resource/layout/layout.js?ln=primefaces&v=4.0 HTTP/1.1" 304 -
167.0.137.185 - - [08/Nov/2023:10:15:13 -0500] "POST /sipse/faces/presentacion/financiero/solicitudProceso/consultarHistorialSolProceso.xhtml HTTP/1.1" 200 160911
167.0.137.185 - - [08/Nov/2023:10:15:15 -0500] "GET /sipse/faces/javax.faces.resource/images/ui-icons_898989_256x240.png?ln=primefaces-aristo HTTP/1.1" 304 -
100.21.24.205 - - [08/Nov/2023:10:15:28 -0500] "GET /portaldeninos/aulas-ambientales-2/parque-ecologico-distrital-de-montana-entrenubes/%3Ciframe%20width= HTTP/1.1" 404 75240
216.245.221.92 - - [08/Nov/2023:10:15:41 -0500] "HEAD / HTTP/1.1" 200 -
201.245.192.253 - - [08/Nov/2023:10:16:14 -0500] "POST /kwsrmcab/Wsrmcab  HTTP/1.1" 200 42686
201.245.192.253 - - [08/Nov/2023:10:16:39 -0500] "POST /forms/lservlet;jsessionid=ac16012b30d6f33de23e535e48629b158b5de6bb217d.e3iSbxaKaheRe3eRa38MahaQbi1ynknvrkLOlQzNp65In0 HTTP/1.1" 200 2
201.245.192.253 - - [08/Nov/2023:10:16:56 -0500] "POST /kwsrmcab/Wsrmcab HTTP/1.1" 200 40471
172.22.2.4 - - [08/Nov/2023:10:15:18 -0500] "HEAD /BLA/boletinlegal/ HTTP/1.1" 200 -
201.245.192.253 - - [08/Nov/2023:10:16:58 -0500] "POST /kwsrmcab/Wsrmcab HTTP/1.1" 200 37209
201.245.192.253 - - [08/Nov/2023:10:17:07 -0500] "POST /forms/lservlet;jsessionid=ac16012b30d6c4b98c9a00674ab49b599f8f4161ab5e.e3iSbxaKaheRe3eRa38MahaQbi1ynknvrkLOlQzNp65In0 HTTP/1.1" 200 2
52.167.144.139 - - [08/Nov/2023:10:17:30 -0500] "GET /portaldeninos/wp-content/uploads/2021/11/pieza-dia-medioambiente-bogota-5-junio-960x720.jpg HTTP/1.1" 200 129424
172.22.2.4 - - [08/Nov/2023:10:16:09 -0500] "GET /BLA/boletinlegal/ HTTP/1.1" 200 58644
201.245.192.253 - - [08/Nov/2023:10:18:39 -0500] "POST /forms/lservlet;jsessionid=ac16012b30d6f33de23e535e48629b158b5de6bb217d.e3iSbxaKaheRe3eRa38MahaQbi1ynknvrkLOlQzNp65In0 HTTP/1.1" 200 2
201.245.192.253 - - [08/Nov/2023:10:18:47 -0500] "POST /sipse/faces/presentacion/financiero/solicitudProceso/listarSolicitudProceso.xhtml HTTP/1.1" 200 48457
201.245.192.253 - - [08/Nov/2023:10:18:47 -0500] "GET /sipse/faces/javax.faces.resource/jquery/jquery.js?ln=primefaces&v=4.0 HTTP/1.1" 304 -
201.245.192.253 - - [08/Nov/2023:10:18:47 -0500] "GET /sipse/faces/javax.faces.resource/jquery/jquery-plugins.js?ln=primefaces&v=4.0 HTTP/1.1" 304 -
201.245.192.253 - - [08/Nov/2023:10:18:47 -0500] "GET /sipse/faces/javax.faces.resource/primefaces.js?ln=primefaces&v=4.0 HTTP/1.1" 304 -
201.245.192.253 - - [08/Nov/2023:10:18:48 -0500] "GET /sipse/faces/javax.faces.resource/layout/layout.js?ln=primefaces&v=4.0 HTTP/1.1" 304 -
201.245.192.253 - - [08/Nov/2023:10:18:48 -0500] "POST /sipse/faces/presentacion/financiero/solicitudProceso/consultar.xhtml HTTP/1.1" 200 41877
201.245.192.253 - - [08/Nov/2023:10:18:48 -0500] "POST /sipse/faces/presentacion/financiero/solicitudProceso/consultar.xhtml HTTP/1.1" 200 41877
201.245.192.253 - - [08/Nov/2023:10:18:48 -0500] "POST /sipse/faces/presentacion/financiero/solicitudProceso/consultar.xhtml HTTP/1.1" 200 41877
201.245.192.253 - - [08/Nov/2023:10:18:52 -0500] "POST /sipse/faces/presentacion/financiero/solicitudProceso/consultar.xhtml HTTP/1.1" 200 193
201.245.192.253 - - [08/Nov/2023:10:18:52 -0500] "POST /sipse/faces/presentacion/financiero/solicitudProceso/consultar.xhtml HTTP/1.1" 200 193
201.245.192.253 - - [08/Nov/2023:10:18:52 -0500] "POST /sipse/faces/presentacion/financiero/solicitudProceso/consultar.xhtml HTTP/1.1" 200 193
201.245.192.253 - - [08/Nov/2023:10:18:52 -0500] "GET /sipse/faces/presentacion/financiero/solicitudAnulacion/consultarSolicitudAnulacion.xhtml HTTP/1.1" 200 26192
201.245.192.253 - - [08/Nov/2023:10:18:52 -0500] "GET /sipse/faces/presentacion/financiero/solicitudAnulacion/consultarSolicitudAnulacion.xhtml HTTP/1.1" 200 21277
201.245.192.253 - - [08/Nov/2023:10:18:53 -0500] "POST /sipse/faces/presentacion/financiero/solicitudProceso/consultar.xhtml HTTP/1.1" 200 193
201.245.192.253 - - [08/Nov/2023:10:18:53 -0500] "GET /sipse/faces/presentacion/financiero/solicitudAnulacion/consultarSolicitudAnulacion.xhtml HTTP/1.1" 200 41767
201.245.192.253 - - [08/Nov/2023:10:18:53 -0500] "POST /sipse/faces/presentacion/financiero/solicitudProceso/consultar.xhtml HTTP/1.1" 200 193
201.245.192.253 - - [08/Nov/2023:10:18:53 -0500] "GET /sipse/faces/presentacion/financiero/solicitudAnulacion/consultarSolicitudAnulacion.xhtml HTTP/1.1" 200 24776
201.245.192.253 - - [08/Nov/2023:10:18:53 -0500] "GET /sipse/faces/presentacion/financiero/solicitudAnulacion/consultarSolicitudAnulacion.xhtml HTTP/1.1" 200 41767
201.245.192.253 - - [08/Nov/2023:10:18:53 -0500] "GET /sipse/faces/javax.faces.resource/theme.css?ln=primefaces-sipse HTTP/1.1" 304 -
201.245.192.253 - - [08/Nov/2023:10:18:53 -0500] "GET /sipse/faces/javax.faces.resource/jquery/jquery.js?ln=primefaces&v=4.0 HTTP/1.1" 304 -
201.245.192.253 - - [08/Nov/2023:10:18:53 -0500] "GET /sipse/faces/javax.faces.resource/jquery/jquery-plugins.js?ln=primefaces&v=4.0 HTTP/1.1" 304 -
201.245.192.253 - - [08/Nov/2023:10:18:53 -0500] "GET /sipse/faces/javax.faces.resource/primefaces.css?ln=primefaces&v=4.0 HTTP/1.1" 304 -
201.245.192.253 - - [08/Nov/2023:10:18:53 -0500] "GET /sipse/faces/javax.faces.resource/layout/layout.css?ln=primefaces&v=4.0 HTTP/1.1" 304 -
201.245.192.253 - - [08/Nov/2023:10:18:53 -0500] "GET /sipse/faces/javax.faces.resource/layout/layout.js?ln=primefaces&v=4.0 HTTP/1.1" 304 -
201.245.192.253 - - [08/Nov/2023:10:18:53 -0500] "GET /sipse/faces/javax.faces.resource/primefaces.js?ln=primefaces&v=4.0 HTTP/1.1" 304 -
201.245.192.253 - - [08/Nov/2023:10:18:53 -0500] "GET /sipse/faces/javax.faces.resource/images/ui-icons_898989_256x240.png?ln=primefaces-aristo HTTP/1.1" 304 -
201.245.192.253 - - [08/Nov/2023:10:18:53 -0500] "GET /sipse/faces/javax.faces.resource/images/ui-bg_flat_0_2d5972_40x100.png?ln=primefaces-aristo HTTP/1.1" 304 -
201.245.192.253 - - [08/Nov/2023:10:18:53 -0500] "POST /sipse/faces/presentacion/financiero/solicitudAnulacion/consultarSolicitudAnulacion.xhtml HTTP/1.1" 200 10620
201.245.192.253 - - [08/Nov/2023:10:18:54 -0500] "POST /sipse/faces/presentacion/financiero/solicitudAnulacion/consultarSolicitudAnulacion.xhtml HTTP/1.1" 200 54000
201.245.192.253 - - [08/Nov/2023:10:18:54 -0500] "GET /sipse/faces/javax.faces.resource/jquery/jquery.js?ln=primefaces&v=4.0 HTTP/1.1" 304 -
201.245.192.253 - - [08/Nov/2023:10:18:55 -0500] "GET /sipse/faces/javax.faces.resource/jquery/jquery-plugins.js?ln=primefaces&v=4.0 HTTP/1.1" 304 -
201.245.192.253 - - [08/Nov/2023:10:18:55 -0500] "GET /sipse/faces/javax.faces.resource/primefaces.js?ln=primefaces&v=4.0 HTTP/1.1" 304 -
201.245.192.253 - - [08/Nov/2023:10:18:55 -0500] "GET /sipse/faces/javax.faces.resource/layout/layout.js?ln=primefaces&v=4.0 HTTP/1.1" 304 -
201.245.192.253 - - [08/Nov/2023:10:18:56 -0500] "POST /sipse/faces/presentacion/financiero/solicitudProceso/consultarSolicitudProceso.xhtml HTTP/1.1" 200 64961
201.245.192.253 - - [08/Nov/2023:10:18:56 -0500] "GET /sipse/faces/javax.faces.resource/theme.css?ln=primefaces-sipse HTTP/1.1" 304 -
201.245.192.253 - - [08/Nov/2023:10:18:56 -0500] "GET /sipse/faces/javax.faces.resource/layout/layout.css?ln=primefaces&v=4.0 HTTP/1.1" 304 -
201.245.192.253 - - [08/Nov/2023:10:18:56 -0500] "GET /sipse/faces/javax.faces.resource/primefaces.css?ln=primefaces&v=4.0 HTTP/1.1" 304 -
201.245.192.253 - - [08/Nov/2023:10:18:56 -0500] "GET /sipse/faces/javax.faces.resource/jquery/jquery.js?ln=primefaces&v=4.0 HTTP/1.1" 304 -
201.245.192.253 - - [08/Nov/2023:10:18:56 -0500] "GET /sipse/faces/javax.faces.resource/jquery/jquery-plugins.js?ln=primefaces&v=4.0 HTTP/1.1" 304 -
201.245.192.253 - - [08/Nov/2023:10:18:56 -0500] "GET /sipse/faces/javax.faces.resource/primefaces.js?ln=primefaces&v=4.0 HTTP/1.1" 304 -
201.245.192.253 - - [08/Nov/2023:10:18:56 -0500] "GET /sipse/faces/javax.faces.resource/layout/layout.js?ln=primefaces&v=4.0 HTTP/1.1" 304 -
201.245.192.253 - - [08/Nov/2023:10:18:56 -0500] "POST /sipse/faces/presentacion/financiero/solicitudProceso/listarSolicitudProceso.xhtml HTTP/1.1" 200 58341
201.245.192.253 - - [08/Nov/2023:10:18:57 -0500] "POST /sipse/faces/presentacion/financiero/solicitudProceso/listarSolicitudProceso.xhtml HTTP/1.1" 200 58341
201.245.192.253 - - [08/Nov/2023:10:18:57 -0500] "POST /sipse/faces/presentacion/financiero/solicitudProceso/consultarPorResponsable.xhtml HTTP/1.1" 200 38971
201.245.192.253 - - [08/Nov/2023:10:18:57 -0500] "GET /sipse/faces/javax.faces.resource/jquery/jquery.js?ln=primefaces&v=4.0 HTTP/1.1" 304 -
201.245.192.253 - - [08/Nov/2023:10:18:57 -0500] "GET /sipse/faces/javax.faces.resource/jquery/jquery-plugins.js?ln=primefaces&v=4.0 HTTP/1.1" 304 -
201.245.192.253 - - [08/Nov/2023:10:18:57 -0500] "GET /sipse/faces/javax.faces.resource/primefaces.js?ln=primefaces&v=4.0 HTTP/1.1" 304 -
201.245.192.253 - - [08/Nov/2023:10:18:57 -0500] "GET /sipse/faces/javax.faces.resource/layout/layout.js?ln=primefaces&v=4.0 HTTP/1.1" 304 -
201.245.192.253 - - [08/Nov/2023:10:18:57 -0500] "POST /sipse/faces/presentacion/financiero/solicitudProceso/listarSolicitudProceso.xhtml HTTP/1.1" 200 58341
201.245.192.253 - - [08/Nov/2023:10:18:57 -0500] "POST /sipse/faces/presentacion/financiero/solicitudProceso/listarSolicitudProceso.xhtml HTTP/1.1" 200 1548
201.245.192.253 - - [08/Nov/2023:10:18:57 -0500] "POST /sipse/faces/presentacion/financiero/solicitudProceso/listarSolicitudProceso.xhtml HTTP/1.1" 200 1560
201.245.192.253 - - [08/Nov/2023:10:18:57 -0500] "POST /sipse/faces/presentacion/financiero/solicitudProceso/listarSolicitudProceso.xhtml HTTP/1.1" 200 32365
201.245.192.253 - - [08/Nov/2023:10:18:58 -0500] "POST /sipse/faces/presentacion/financiero/solicitudProceso/listarSolicitudProceso.xhtml HTTP/1.1" 200 1556
201.245.192.253 - - [08/Nov/2023:10:18:58 -0500] "POST /sipse/faces/presentacion/financiero/solicitudProceso/listarSolicitudProceso.xhtml HTTP/1.1" 200 1560
201.245.192.253 - - [08/Nov/2023:10:18:58 -0500] "POST /sipse/faces/presentacion/financiero/solicitudProceso/listarSolicitudProceso.xhtml HTTP/1.1" 200 1368
201.245.192.253 - - [08/Nov/2023:10:18:58 -0500] "POST /sipse/faces/presentacion/financiero/solicitudProceso/listarSolicitudProceso.xhtml HTTP/1.1" 200 1376
201.245.192.253 - - [08/Nov/2023:10:19:00 -0500] "POST /sipse/faces/presentacion/financiero/solicitudProceso/listarSolicitudProceso.xhtml HTTP/1.1" 200 29314
201.245.192.253 - - [08/Nov/2023:10:19:07 -0500] "POST /forms/lservlet;jsessionid=ac16012b30d6c4b98c9a00674ab49b599f8f4161ab5e.e3iSbxaKaheRe3eRa38MahaQbi1ynknvrkLOlQzNp65In0 HTTP/1.1" 200 2
192.168.172.47 - - [08/Nov/2023:10:19:08 -0500] "GET /BLA/boletinlegal/consulta_actos.php?tipo=resoluciones&no=0983&usuario=&sector=&fecha=2023&resuelve= HTTP/1.1" 200 626
66.249.66.19 - - [08/Nov/2023:10:19:13 -0500] "HEAD /Residuos/farmaceutica/files/guia_farmaceuticas.pdf HTTP/1.1" 200 -
66.249.66.21 - - [08/Nov/2023:10:19:14 -0500] "HEAD /Residuos/textiles/files/guia_textiles.pdf HTTP/1.1" 200 -
66.249.66.20 - - [08/Nov/2023:10:19:15 -0500] "HEAD /Residuos/maderas/files/guia_maderas.pdf HTTP/1.1" 200 -
66.249.66.20 - - [08/Nov/2023:10:19:15 -0500] "HEAD /Residuos/curtiembres/files/guia_curtiembres.pdf HTTP/1.1" 200 -
66.249.66.21 - - [08/Nov/2023:10:19:16 -0500] "HEAD /Residuos/metalmecanica/files/guia_metalmecanica.pdf HTTP/1.1" 200 -
66.249.66.21 - - [08/Nov/2023:10:19:16 -0500] "HEAD /Residuos/vehiculos/files/guia_lavado-vehic.pdf HTTP/1.1" 200 -
66.249.66.19 - - [08/Nov/2023:10:19:17 -0500] "HEAD /Residuos/quimicos/files/guia_quimicos.pdf HTTP/1.1" 200 -
66.249.66.19 - - [08/Nov/2023:10:19:17 -0500] "HEAD /Residuos/cosmeticos/files/guia_cosmeticos-aseo.pdf HTTP/1.1" 200 -
66.249.66.20 - - [08/Nov/2023:10:19:17 -0500] "HEAD /Residuos/pinturas/files/guia_pinturas.pdf HTTP/1.1" 200 -
66.249.66.19 - - [08/Nov/2023:10:19:18 -0500] "HEAD /Residuos/lavanderias/files/guia_lavanderias.pdf HTTP/1.1" 200 -
201.245.192.253 - - [08/Nov/2023:10:19:20 -0500] "POST /sipse/faces/presentacion/financiero/solicitudProceso/listarSolicitudProceso.xhtml HTTP/1.1" 200 31654
191.156.154.89 - - [08/Nov/2023:10:19:30 -0500] "GET /css/fondos.css HTTP/1.1" 404 1254
191.156.152.234 - - [08/Nov/2023:10:19:30 -0500] "GET /css/date_blue.css HTTP/1.1" 404 1254
191.156.154.89 - - [08/Nov/2023:10:19:30 -0500] "GET /css/textos.css HTTP/1.1" 404 1254
191.156.154.89 - - [08/Nov/2023:10:19:31 -0500] "GET /css/bordes.css HTTP/1.1" 404 1254
201.245.192.253 - - [08/Nov/2023:10:19:37 -0500] "POST /sipse/faces/presentacion/financiero/solicitudProceso/listarSolicitudProceso.xhtml HTTP/1.1" 200 122818
201.245.192.253 - - [08/Nov/2023:10:19:37 -0500] "GET /sipse/faces/javax.faces.resource/theme.css?ln=primefaces-sipse HTTP/1.1" 304 -
201.245.192.253 - - [08/Nov/2023:10:19:37 -0500] "GET /sipse/faces/javax.faces.resource/primefaces.css?ln=primefaces&v=4.0 HTTP/1.1" 304 -
201.245.192.253 - - [08/Nov/2023:10:19:37 -0500] "GET /sipse/faces/javax.faces.resource/layout/layout.css?ln=primefaces&v=4.0 HTTP/1.1" 304 -
201.245.192.253 - - [08/Nov/2023:10:19:37 -0500] "GET /sipse/faces/javax.faces.resource/jquery/jquery.js?ln=primefaces&v=4.0 HTTP/1.1" 304 -
201.245.192.253 - - [08/Nov/2023:10:19:37 -0500] "GET /sipse/faces/javax.faces.resource/jquery/jquery-plugins.js?ln=primefaces&v=4.0 HTTP/1.1" 304 -
201.245.192.253 - - [08/Nov/2023:10:19:37 -0500] "GET /sipse/faces/javax.faces.resource/primefaces.js?ln=primefaces&v=4.0 HTTP/1.1" 304 -
201.245.192.253 - - [08/Nov/2023:10:19:37 -0500] "GET /sipse/faces/javax.faces.resource/layout/layout.js?ln=primefaces&v=4.0 HTTP/1.1" 304 -
66.249.66.39 - - [08/Nov/2023:10:19:38 -0500] "GET /propietarios-inscritos-en-el-inventario-nacional-de-bifenilos-de-policlorados-tienen-plazo-hasta-noviembre-para-reportar-su-balance.html HTTP/1.1" 200 1003
201.245.192.253 - - [08/Nov/2023:10:19:45 -0500] "POST /sipse/faces/presentacion/financiero/solicitudProceso/consultarSolicitudProceso.xhtml HTTP/1.1" 200 31795
201.245.192.253 - - [08/Nov/2023:10:19:45 -0500] "GET /sipse/faces/javax.faces.resource/layout/layout.css?ln=primefaces&v=4.0 HTTP/1.1" 304 -
201.245.192.253 - - [08/Nov/2023:10:19:45 -0500] "GET /sipse/faces/javax.faces.resource/primefaces.css?ln=primefaces&v=4.0 HTTP/1.1" 304 -
201.245.192.253 - - [08/Nov/2023:10:19:45 -0500] "GET /sipse/faces/javax.faces.resource/jquery/jquery-plugins.js?ln=primefaces&v=4.0 HTTP/1.1" 304 -
201.245.192.253 - - [08/Nov/2023:10:19:45 -0500] "GET /sipse/faces/javax.faces.resource/jquery/jquery.js?ln=primefaces&v=4.0 HTTP/1.1" 304 -
201.245.192.253 - - [08/Nov/2023:10:19:45 -0500] "GET /sipse/faces/javax.faces.resource/theme.css?ln=primefaces-sipse HTTP/1.1" 304 -
201.245.192.253 - - [08/Nov/2023:10:19:45 -0500] "GET /sipse/faces/javax.faces.resource/primefaces.js?ln=primefaces&v=4.0 HTTP/1.1" 304 -
201.245.192.253 - - [08/Nov/2023:10:19:45 -0500] "GET /sipse/faces/javax.faces.resource/layout/layout.js?ln=primefaces&v=4.0 HTTP/1.1" 304 -
201.245.192.253 - - [08/Nov/2023:10:19:50 -0500] "GET /sipse/faces/javax.faces.resource/images/ui-bg_flat_0_2d5972_40x100.png?ln=primefaces-aristo HTTP/1.1" 304 -
201.245.192.253 - - [08/Nov/2023:10:19:50 -0500] "POST /sipse/faces/presentacion/financiero/solicitudProceso/consultarHistorialSolProceso.xhtml HTTP/1.1" 200 64961
201.245.192.253 - - [08/Nov/2023:10:19:51 -0500] "GET /sipse/faces/javax.faces.resource/theme.css?ln=primefaces-sipse HTTP/1.1" 304 -
201.245.192.253 - - [08/Nov/2023:10:19:51 -0500] "GET /sipse/faces/javax.faces.resource/primefaces.css?ln=primefaces&v=4.0 HTTP/1.1" 304 -
201.245.192.253 - - [08/Nov/2023:10:19:51 -0500] "GET /sipse/faces/javax.faces.resource/layout/layout.css?ln=primefaces&v=4.0 HTTP/1.1" 304 -
201.245.192.253 - - [08/Nov/2023:10:19:51 -0500] "GET /sipse/faces/javax.faces.resource/jquery/jquery.js?ln=primefaces&v=4.0 HTTP/1.1" 304 -
201.245.192.253 - - [08/Nov/2023:10:19:51 -0500] "GET /sipse/faces/javax.faces.resource/jquery/jquery-plugins.js?ln=primefaces&v=4.0 HTTP/1.1" 304 -
201.245.192.253 - - [08/Nov/2023:10:19:51 -0500] "GET /sipse/faces/javax.faces.resource/primefaces.js?ln=primefaces&v=4.0 HTTP/1.1" 304 -
201.245.192.253 - - [08/Nov/2023:10:19:51 -0500] "GET /sipse/faces/javax.faces.resource/layout/layout.js?ln=primefaces&v=4.0 HTTP/1.1" 304 -
201.245.192.253 - - [08/Nov/2023:10:19:51 -0500] "POST /sipse/faces/presentacion/financiero/solicitudProceso/listarSolicitudProceso.xhtml HTTP/1.1" 200 1548
201.245.192.253 - - [08/Nov/2023:10:20:12 -0500] "POST /kwsrmcab/Wsrmcab HTTP/1.1" 200 40471
201.245.192.253 - - [08/Nov/2023:10:20:15 -0500] "POST /kwsrmcab/Wsrmcab HTTP/1.1" 200 37209
201.245.192.253 - - [08/Nov/2023:10:20:39 -0500] "POST /forms/lservlet;jsessionid=ac16012b30d6f33de23e535e48629b158b5de6bb217d.e3iSbxaKaheRe3eRa38MahaQbi1ynknvrkLOlQzNp65In0 HTTP/1.1" 200 2
216.245.221.92 - - [08/Nov/2023:10:20:41 -0500] "HEAD / HTTP/1.1" 200 -
192.168.172.47 - - [08/Nov/2023:10:20:44 -0500] "GET /BLA/boletinlegal/admin/index.php HTTP/1.1" 200 5682
192.168.172.47 - - [08/Nov/2023:10:20:56 -0500] "GET /BLA/boletinlegal/admin/index_files/index_files/tback.gif HTTP/1.1" 404 1322
201.245.192.253 - - [08/Nov/2023:10:21:07 -0500] "POST /forms/lservlet;jsessionid=ac16012b30d6c4b98c9a00674ab49b599f8f4161ab5e.e3iSbxaKaheRe3eRa38MahaQbi1ynknvrkLOlQzNp65In0 HTTP/1.1" 200 2
201.245.192.253 - - [08/Nov/2023:10:21:12 -0500] "POST /kwsrmcab/Wsrmcab  HTTP/1.1" 200 42686
192.168.172.47 - - [08/Nov/2023:10:21:21 -0500] "GET /BLA/boletinlegal/admin/actos/ingresar.php HTTP/1.1" 200 7209
192.168.172.47 - - [08/Nov/2023:10:21:22 -0500] "GET /BLA/boletinlegal/images/favicon.ico HTTP/1.1" 404 1316
172.22.2.4 - - [08/Nov/2023:10:20:16 -0500] "GET /BLA/boletinlegal/ HTTP/1.1" 200 49099
172.22.2.4 - - [08/Nov/2023:10:22:16 -0500] "GET /BLA/boletinlegal/actos.php HTTP/1.1" 200 9682
172.22.2.4 - - [08/Nov/2023:10:22:17 -0500] "GET /BLA/boletinlegal/favicon.ico HTTP/1.1" 404 1326
172.22.2.4 - - [08/Nov/2023:10:22:28 -0500] "GET /BLA/boletinlegal/consulta_actos.php?tipo=resoluciones&no=3327&usuario=&sector=&fecha=2008&resuelve= HTTP/1.1" 200 1078
201.245.192.253 - - [08/Nov/2023:10:22:39 -0500] "POST /forms/lservlet;jsessionid=ac16012b30d6f33de23e535e48629b158b5de6bb217d.e3iSbxaKaheRe3eRa38MahaQbi1ynknvrkLOlQzNp65In0 HTTP/1.1" 200 2
172.22.2.4 - - [08/Nov/2023:10:21:08 -0500] "HEAD /BLA/boletinlegal/ HTTP/1.1" 200 -
192.168.172.47 - - [08/Nov/2023:10:22:59 -0500] "GET /BLA/boletinlegal/consulta_actos.php?tipo=resoluciones&no=1753&usuario=&sector=&fecha=2021&resuelve= HTTP/1.1" 200 1096
201.245.192.253 - - [08/Nov/2023:10:23:01 -0500] "GET /BLA/resoluciones/RESOLUCIONES%202021/1753.pdf HTTP/1.1" 200 555073
201.245.192.253 - - [08/Nov/2023:10:23:07 -0500] "POST /forms/lservlet;jsessionid=ac16012b30d6c4b98c9a00674ab49b599f8f4161ab5e.e3iSbxaKaheRe3eRa38MahaQbi1ynknvrkLOlQzNp65In0 HTTP/1.1" 200 2
172.22.2.4 - - [08/Nov/2023:10:21:59 -0500] "GET /BLA/boletinlegal/ HTTP/1.1" 200 58294
201.245.192.253 - - [08/Nov/2023:10:24:39 -0500] "POST /forms/lservlet;jsessionid=ac16012b30d6f33de23e535e48629b158b5de6bb217d.e3iSbxaKaheRe3eRa38MahaQbi1ynknvrkLOlQzNp65In0 HTTP/1.1" 200 2
192.168.172.47 - - [08/Nov/2023:10:24:53 -0500] "POST /BLA/boletinlegal/admin/actos/ingresar.php HTTP/1.1" 200 7302
192.168.172.47 - - [08/Nov/2023:10:25:00 -0500] "GET /BLA/boletinlegal/consulta_actos.php?tipo=resoluciones&no=0983&usuario=&sector=&fecha=2021&resuelve= HTTP/1.1" 200 1199
192.168.172.47 - - [08/Nov/2023:10:25:05 -0500] "GET /BLA/boletinlegal/consulta_actos.php?tipo=resoluciones&no=0983&usuario=&sector=&fecha=2023&resuelve= HTTP/1.1" 200 1376
201.245.192.253 - - [08/Nov/2023:10:25:07 -0500] "POST /forms/lservlet;jsessionid=ac16012b30d6c4b98c9a00674ab49b599f8f4161ab5e.e3iSbxaKaheRe3eRa38MahaQbi1ynknvrkLOlQzNp65In0 HTTP/1.1" 200 2
216.245.221.92 - - [08/Nov/2023:10:25:41 -0500] "HEAD / HTTP/1.1" 200 -
201.245.192.253 - - [08/Nov/2023:10:26:11 -0500] "POST /kwsrmcab/Wsrmcab  HTTP/1.1" 200 42686
186.85.212.95 - - [08/Nov/2023:10:26:25 -0500] "POST /sipse/faces/presentacion/financiero/solicitudProceso/consultarSolicitudProceso.xhtml HTTP/1.1" 200 36885
186.85.212.95 - - [08/Nov/2023:10:26:26 -0500] "GET /sipse/faces/javax.faces.resource/theme.css?ln=primefaces-sipse HTTP/1.1" 304 -
186.85.212.95 - - [08/Nov/2023:10:26:26 -0500] "GET /sipse/faces/javax.faces.resource/primefaces.css?ln=primefaces&v=4.0 HTTP/1.1" 304 -
186.85.212.95 - - [08/Nov/2023:10:26:26 -0500] "GET /sipse/faces/javax.faces.resource/layout/layout.css?ln=primefaces&v=4.0 HTTP/1.1" 304 -
186.85.212.95 - - [08/Nov/2023:10:26:26 -0500] "GET /sipse/css/imagen/contrasena.png HTTP/1.1" 404 383
186.85.212.95 - - [08/Nov/2023:10:26:26 -0500] "GET /sipse/faces/javax.faces.resource/jquery/jquery.js?ln=primefaces&v=4.0 HTTP/1.1" 304 -
