66.249.79.238 - - [08/Nov/2023:02:06:25 -0500] "GET /BLA/resoluciones/RESOLUCIONES%202008/5528.pdf HTTP/1.1" 200 468212
66.249.79.224 - - [08/Nov/2023:02:06:41 -0500] "GET /resoluciones/RESOLUCIONES%202009/1584.pdf HTTP/1.1" 404 1018
66.249.66.38 - - [08/Nov/2023:02:06:47 -0500] "GET /dia-mundial-del-agua-2023-programate-para-participar-en-estas-actividades-de-educacion-ambiental.html HTTP/1.1" 304 -
172.22.2.4 - - [08/Nov/2023:02:05:16 -0500] "HEAD /BLA/boletinlegal/ HTTP/1.1" 200 -
152.61.128.50 - - [08/Nov/2023:02:07:04 -0500] "GET /arcgis/services/Calidad_del_Agua_WQI/MapServer/WMSServer?request=GetCapabilities&service=WMS HTTP/1.1" 503 1020
152.61.128.50 - - [08/Nov/2023:02:07:05 -0500] "GET /arcgis/services/Calidad_del_Agua_WQI/MapServer/WMSServer?SERVICE=WMS&REQUEST=GetCapabilities HTTP/1.1" 503 1020
152.61.128.50 - - [08/Nov/2023:02:07:05 -0500] "GET /arcgis/services/Calidad_del_Agua_WQI/MapServer/WMSServer?WMTVER=1.0.0&REQUEST=capabilities HTTP/1.1" 503 1020
172.22.2.4 - - [08/Nov/2023:02:06:07 -0500] "GET /BLA/boletinlegal/ HTTP/1.1" 200 60634
201.245.192.253 - - [08/Nov/2023:02:08:03 -0500] "POST /kwsrmcab/Wsrmcab  HTTP/1.1" 200 42686
190.158.100.71 - - [08/Nov/2023:02:08:13 -0500] "GET /BLA/resoluciones/index.php?dir=AUTOS+2014%2F HTTP/1.1" 200 890851
190.158.100.71 - - [08/Nov/2023:02:08:14 -0500] "GET /BLA/resoluciones/dlf/unknown.png HTTP/1.1" 200 266
199.16.157.182 - - [08/Nov/2023:02:09:50 -0500] "GET /images/pl%C3%A1sticos%20foto%201..jpg HTTP/1.1" 404 1034
216.245.221.92 - - [08/Nov/2023:02:10:42 -0500] "HEAD / HTTP/1.1" 200 -
172.22.2.4 - - [08/Nov/2023:02:11:06 -0500] "HEAD /BLA/boletinlegal/ HTTP/1.1" 200 -
201.245.192.253 - - [08/Nov/2023:02:13:01 -0500] "POST /kwsrmcab/Wsrmcab  HTTP/1.1" 200 42686
172.22.2.4 - - [08/Nov/2023:02:11:57 -0500] "GET /BLA/boletinlegal/ HTTP/1.1" 200 60634
40.77.167.18 - - [08/Nov/2023:02:13:41 -0500] "GET /BLA/resoluciones/AUTOS%202020/4849.pdf HTTP/1.1" 200 894392
216.245.221.92 - - [08/Nov/2023:02:15:42 -0500] "HEAD / HTTP/1.1" 200 -
52.167.144.189 - - [08/Nov/2023:02:16:38 -0500] "GET /BLA/resoluciones/AUTOS%202023/4240.pdf HTTP/1.1" 200 1530613
201.245.192.253 - - [08/Nov/2023:02:16:58 -0500] "POST /kwsrmcab/Wsrmcab HTTP/1.1" 200 39873
201.245.192.253 - - [08/Nov/2023:02:17:00 -0500] "POST /kwsrmcab/Wsrmcab HTTP/1.1" 200 40177
201.245.192.253 - - [08/Nov/2023:02:18:00 -0500] "POST /kwsrmcab/Wsrmcab  HTTP/1.1" 200 42686
172.22.2.4 - - [08/Nov/2023:02:16:56 -0500] "HEAD /BLA/boletinlegal/ HTTP/1.1" 200 -
172.22.2.4 - - [08/Nov/2023:02:17:47 -0500] "GET /BLA/boletinlegal/ HTTP/1.1" 200 58644
108.128.67.212 - - [08/Nov/2023:02:19:52 -0500] "GET /robots.txt HTTP/1.1" 404 1114
201.245.192.253 - - [08/Nov/2023:02:20:14 -0500] "POST /kwsrmcab/Wsrmcab HTTP/1.1" 200 39873
201.245.192.253 - - [08/Nov/2023:02:20:17 -0500] "POST /kwsrmcab/Wsrmcab HTTP/1.1" 200 40177
216.245.221.92 - - [08/Nov/2023:02:20:42 -0500] "HEAD / HTTP/1.1" 200 -
123.126.68.108 - - [08/Nov/2023:02:21:13 -0500] "GET / HTTP/1.1" 200 319
180.149.125.171 - - [08/Nov/2023:02:22:27 -0500] "GET /stalker_portal/server/tools/auth_simple.php HTTP/1.1" 404 1018
201.245.192.253 - - [08/Nov/2023:02:22:58 -0500] "POST /kwsrmcab/Wsrmcab  HTTP/1.1" 200 42686
172.22.2.4 - - [08/Nov/2023:02:22:46 -0500] "HEAD /BLA/boletinlegal/ HTTP/1.1" 200 -
172.22.2.4 - - [08/Nov/2023:02:23:37 -0500] "GET /BLA/boletinlegal/ HTTP/1.1" 200 55050
216.245.221.92 - - [08/Nov/2023:02:25:42 -0500] "HEAD / HTTP/1.1" 200 -
201.245.192.253 - - [08/Nov/2023:02:26:57 -0500] "POST /kwsrmcab/Wsrmcab HTTP/1.1" 200 39873
201.245.192.253 - - [08/Nov/2023:02:27:00 -0500] "POST /kwsrmcab/Wsrmcab HTTP/1.1" 200 40177
201.245.192.253 - - [08/Nov/2023:02:27:58 -0500] "POST /kwsrmcab/Wsrmcab  HTTP/1.1" 200 42686
172.22.2.4 - - [08/Nov/2023:02:28:36 -0500] "HEAD /BLA/boletinlegal/ HTTP/1.1" 200 -
201.245.192.253 - - [08/Nov/2023:02:30:14 -0500] "POST /kwsrmcab/Wsrmcab HTTP/1.1" 200 39873
201.245.192.253 - - [08/Nov/2023:02:30:17 -0500] "POST /kwsrmcab/Wsrmcab HTTP/1.1" 200 40177
216.245.221.92 - - [08/Nov/2023:02:30:42 -0500] "HEAD / HTTP/1.1" 200 -
172.22.2.4 - - [08/Nov/2023:02:29:27 -0500] "GET /BLA/boletinlegal/ HTTP/1.1" 200 58294
201.245.192.253 - - [08/Nov/2023:02:32:56 -0500] "POST /kwsrmcab/Wsrmcab  HTTP/1.1" 200 42686
66.249.79.224 - - [08/Nov/2023:02:33:21 -0500] "GET /Residuos/textiles/files/guia_textiles.pdf HTTP/1.1" 200 12356716
216.245.221.92 - - [08/Nov/2023:02:35:42 -0500] "HEAD / HTTP/1.1" 200 -
172.22.2.4 - - [08/Nov/2023:02:34:26 -0500] "HEAD /BLA/boletinlegal/ HTTP/1.1" 200 -
172.22.2.4 - - [08/Nov/2023:02:35:17 -0500] "GET /BLA/boletinlegal/ HTTP/1.1" 200 58294
201.245.192.253 - - [08/Nov/2023:02:36:57 -0500] "POST /kwsrmcab/Wsrmcab HTTP/1.1" 200 39873
201.245.192.253 - - [08/Nov/2023:02:37:00 -0500] "POST /kwsrmcab/Wsrmcab HTTP/1.1" 200 40177
201.245.192.253 - - [08/Nov/2023:02:37:56 -0500] "POST /kwsrmcab/Wsrmcab  HTTP/1.1" 200 42686
172.22.2.4 - - [08/Nov/2023:02:38:51 -0500] "GET /BLA/boletinlegal/cf_scripts/scripts/ajax/ckeditor/ckeditor.js HTTP/1.1" 404 1018
172.22.2.4 - - [08/Nov/2023:02:38:34 -0500] "GET /BLA/boletinlegal/ HTTP/1.1" 200 32715
201.245.192.253 - - [08/Nov/2023:02:40:14 -0500] "POST /kwsrmcab/Wsrmcab HTTP/1.1" 200 39873
201.245.192.253 - - [08/Nov/2023:02:40:17 -0500] "POST /kwsrmcab/Wsrmcab HTTP/1.1" 200 40177
216.245.221.92 - - [08/Nov/2023:02:40:42 -0500] "HEAD / HTTP/1.1" 200 -
172.22.2.4 - - [08/Nov/2023:02:40:16 -0500] "HEAD /BLA/boletinlegal/ HTTP/1.1" 200 -
172.22.2.4 - - [08/Nov/2023:02:41:07 -0500] "GET /BLA/boletinlegal/ HTTP/1.1" 200 55399
201.245.192.253 - - [08/Nov/2023:02:42:54 -0500] "POST /kwsrmcab/Wsrmcab  HTTP/1.1" 200 42686
216.245.221.92 - - [08/Nov/2023:02:45:42 -0500] "HEAD / HTTP/1.1" 200 -
207.46.13.92 - - [08/Nov/2023:02:45:59 -0500] "GET /Publicaciones/2023EE235936.pdf HTTP/1.1" 404 228
172.22.2.4 - - [08/Nov/2023:02:46:06 -0500] "HEAD /BLA/boletinlegal/ HTTP/1.1" 200 -
201.245.192.253 - - [08/Nov/2023:02:47:53 -0500] "POST /kwsrmcab/Wsrmcab  HTTP/1.1" 200 42686
172.22.2.4 - - [08/Nov/2023:02:46:57 -0500] "GET /BLA/boletinlegal/ HTTP/1.1" 200 52214
216.245.221.92 - - [08/Nov/2023:02:50:42 -0500] "HEAD / HTTP/1.1" 200 -
172.22.2.4 - - [08/Nov/2023:02:50:58 -0500] "GET /BLA/boletinlegal/ HTTP/1.1" 200 32715
201.245.192.253 - - [08/Nov/2023:02:52:52 -0500] "POST /kwsrmcab/Wsrmcab  HTTP/1.1" 200 42686
172.22.2.4 - - [08/Nov/2023:02:51:56 -0500] "HEAD /BLA/boletinlegal/ HTTP/1.1" 200 -
52.167.144.211 - - [08/Nov/2023:02:54:00 -0500] "GET /BLA/resoluciones/RESOLUCIONES%202023/1400.pdf HTTP/1.1" 200 452242
172.22.2.4 - - [08/Nov/2023:02:52:47 -0500] "GET /BLA/boletinlegal/ HTTP/1.1" 200 58644
216.245.221.92 - - [08/Nov/2023:02:55:42 -0500] "HEAD / HTTP/1.1" 200 -
157.55.39.61 - - [08/Nov/2023:02:57:32 -0500] "GET /BLA/resoluciones/AUTOS%202023/3457.pdf HTTP/1.1" 200 393973
168.119.252.253 - - [08/Nov/2023:02:57:43 -0500] "GET / HTTP/1.1" 200 319
168.119.252.253 - - [08/Nov/2023:02:57:45 -0500] "GET / HTTP/1.1" 200 4720
201.245.192.253 - - [08/Nov/2023:02:57:51 -0500] "POST /kwsrmcab/Wsrmcab  HTTP/1.1" 200 42686
172.22.2.4 - - [08/Nov/2023:02:57:46 -0500] "HEAD /BLA/boletinlegal/ HTTP/1.1" 200 -
172.22.2.4 - - [08/Nov/2023:02:58:37 -0500] "GET /BLA/boletinlegal/ HTTP/1.1" 200 59827
216.245.221.92 - - [08/Nov/2023:03:00:42 -0500] "HEAD / HTTP/1.1" 200 -
201.245.192.253 - - [08/Nov/2023:03:02:50 -0500] "POST /kwsrmcab/Wsrmcab  HTTP/1.1" 200 42686
207.46.13.125 - - [08/Nov/2023:03:03:55 -0500] "GET /BLA/resoluciones/AUTOS%202023/2706.pdf HTTP/1.1" 200 1325838
172.22.2.4 - - [08/Nov/2023:03:03:36 -0500] "HEAD /BLA/boletinlegal/ HTTP/1.1" 200 -
216.245.221.92 - - [08/Nov/2023:03:05:42 -0500] "HEAD / HTTP/1.1" 200 -
172.22.2.4 - - [08/Nov/2023:03:05:56 -0500] "GET /BLA/boletinlegal/robots.txt HTTP/1.1" 404 1037
172.22.2.4 - - [08/Nov/2023:03:05:56 -0500] "GET /BLA/boletinlegal/jurisprudencia/analisis/AnalisisT-606-15.docx HTTP/1.1" 200 26698
172.22.2.4 - - [08/Nov/2023:03:04:27 -0500] "GET /BLA/boletinlegal/ HTTP/1.1" 200 58644
52.167.144.142 - - [08/Nov/2023:03:06:11 -0500] "GET /semana-bogota-reverdece-135-nuevos-arboles-para-el-humedal-la-conejera.html HTTP/1.1" 200 814
162.55.166.12 - - [08/Nov/2023:03:06:13 -0500] "GET / HTTP/1.1" 200 4720
162.55.166.12 - - [08/Nov/2023:03:06:16 -0500] "GET / HTTP/1.1" 200 319
201.245.192.253 - - [08/Nov/2023:03:07:49 -0500] "POST /kwsrmcab/Wsrmcab  HTTP/1.1" 200 42686
52.167.144.222 - - [08/Nov/2023:03:10:41 -0500] "GET /BLA/resoluciones/AUTOS%202023/2944.pdf HTTP/1.1" 200 431515
216.245.221.92 - - [08/Nov/2023:03:10:42 -0500] "HEAD / HTTP/1.1" 200 -
172.22.2.4 - - [08/Nov/2023:03:09:26 -0500] "HEAD /BLA/boletinlegal/ HTTP/1.1" 200 -
172.22.2.4 - - [08/Nov/2023:03:10:17 -0500] "GET /BLA/boletinlegal/ HTTP/1.1" 200 60634
40.77.167.44 - - [08/Nov/2023:03:12:17 -0500] "GET /BLA/resoluciones/AUTOS%202023/2867.pdf HTTP/1.1" 200 1157903
201.245.192.253 - - [08/Nov/2023:03:12:48 -0500] "POST /kwsrmcab/Wsrmcab  HTTP/1.1" 200 42686
66.249.79.238 - - [08/Nov/2023:03:12:58 -0500] "HEAD /BLA/boletinlegal/normativa.php HTTP/1.1" 200 -
157.55.39.10 - - [08/Nov/2023:03:13:58 -0500] "GET /sipse/faces/autenticacion.xhtml HTTP/1.1" 200 12731
216.245.221.92 - - [08/Nov/2023:03:15:42 -0500] "HEAD / HTTP/1.1" 200 -
172.22.2.4 - - [08/Nov/2023:03:15:16 -0500] "HEAD /BLA/boletinlegal/ HTTP/1.1" 200 -
201.245.192.253 - - [08/Nov/2023:03:16:57 -0500] "POST /kwsrmcab/Wsrmcab HTTP/1.1" 200 40217
201.245.192.253 - - [08/Nov/2023:03:17:00 -0500] "POST /kwsrmcab/Wsrmcab HTTP/1.1" 200 40204
172.22.2.4 - - [08/Nov/2023:03:16:07 -0500] "GET /BLA/boletinlegal/ HTTP/1.1" 200 60634
201.245.192.253 - - [08/Nov/2023:03:17:47 -0500] "POST /kwsrmcab/Wsrmcab  HTTP/1.1" 200 42686
66.249.79.225 - - [08/Nov/2023:03:18:45 -0500] "GET /BLA/resoluciones/RESOLUCIONES%202009/2420.pdf HTTP/1.1" 200 439225
66.249.79.225 - - [08/Nov/2023:03:18:46 -0500] "GET /BLA/resoluciones/RESOLUCIONES%202008/4253.pdf HTTP/1.1" 200 639800
81.0.218.29 - - [08/Nov/2023:03:19:36 -0500] "\x16\x03\x01" 400 226
81.0.218.29 - - [08/Nov/2023:03:19:36 -0500] "\x16\x03\x01" 400 226
81.0.218.29 - - [08/Nov/2023:03:19:37 -0500] "GET / HTTP/1.1" 200 319
81.0.218.29 - - [08/Nov/2023:03:19:52 -0500] "GET /favicon.ico HTTP/1.1" 200 7782
130.211.54.158 - - [08/Nov/2023:03:20:13 -0500] "GET / HTTP/1.1" 200 319
201.245.192.253 - - [08/Nov/2023:03:20:14 -0500] "POST /kwsrmcab/Wsrmcab HTTP/1.1" 200 40217
201.245.192.253 - - [08/Nov/2023:03:20:18 -0500] "POST /kwsrmcab/Wsrmcab HTTP/1.1" 200 40204
216.245.221.92 - - [08/Nov/2023:03:20:42 -0500] "HEAD / HTTP/1.1" 200 -
172.22.2.4 - - [08/Nov/2023:03:21:06 -0500] "HEAD /BLA/boletinlegal/ HTTP/1.1" 200 -
201.245.192.253 - - [08/Nov/2023:03:22:46 -0500] "POST /kwsrmcab/Wsrmcab  HTTP/1.1" 200 42686
66.249.79.238 - - [08/Nov/2023:03:22:50 -0500] "GET /BLA/resoluciones/RESOLUCIONES%202009/2439.pdf HTTP/1.1" 200 924590
172.22.2.4 - - [08/Nov/2023:03:21:57 -0500] "GET /BLA/boletinlegal/ HTTP/1.1" 200 56187
173.252.107.5 - - [08/Nov/2023:03:23:53 -0500] "GET /bogota-ya-cuenta-mas-de-70-negocios-verdes-verificados.html HTTP/1.1" 200 992
173.252.79.6 - - [08/Nov/2023:03:23:54 -0500] "GET /images/negocios-verdes-mayo-2022.jpg HTTP/1.1" 200 48000
199.16.157.180 - - [08/Nov/2023:03:24:30 -0500] "GET /images/prendas-1_optimized.jpeg HTTP/1.1" 200 65869
66.249.66.38 - - [08/Nov/2023:03:24:46 -0500] "GET /robots.txt HTTP/1.1" 404 1034
66.249.66.37 - - [08/Nov/2023:03:24:46 -0500] "GET /el-ejemplo-comienza-por-casa-alcaldia-de-bogota-expide-decreto-para-reducir-plasticos-de-un-solo-uso-en-las-entidades-del-distrito.html HTTP/1.1" 304 -
172.22.2.4 - - [08/Nov/2023:03:25:02 -0500] "GET /BLA/boletinlegal/Circulares/2018/CIRCULAR%20COJUNTA%20042%20DE%202018.pdf HTTP/1.1" 304 -
216.245.221.92 - - [08/Nov/2023:03:25:42 -0500] "HEAD / HTTP/1.1" 200 -
66.249.79.238 - - [08/Nov/2023:03:25:47 -0500] "GET /BLA/resoluciones/Autos%202008/0478.pdf HTTP/1.1" 200 167334
201.245.192.253 - - [08/Nov/2023:03:26:57 -0500] "POST /kwsrmcab/Wsrmcab HTTP/1.1" 200 40217
201.245.192.253 - - [08/Nov/2023:03:27:00 -0500] "POST /kwsrmcab/Wsrmcab HTTP/1.1" 200 40204
66.249.79.224 - - [08/Nov/2023:03:27:35 -0500] "GET /BLA/resoluciones/AUTOS%202009/1102.pdf HTTP/1.1" 200 104250
201.245.192.253 - - [08/Nov/2023:03:27:45 -0500] "POST /kwsrmcab/Wsrmcab  HTTP/1.1" 200 42686
34.174.152.29 - - [08/Nov/2023:03:28:04 -0500] "HEAD /BLA/resoluciones/RESOLUCIONES%202017/0520.pdf HTTP/1.1" 200 -
172.22.2.4 - - [08/Nov/2023:03:26:56 -0500] "HEAD /BLA/boletinlegal/ HTTP/1.1" 200 -
172.22.2.4 - - [08/Nov/2023:03:27:47 -0500] "GET /BLA/boletinlegal/ HTTP/1.1" 200 58644
201.245.192.253 - - [08/Nov/2023:03:30:14 -0500] "POST /kwsrmcab/Wsrmcab HTTP/1.1" 200 40217
201.245.192.253 - - [08/Nov/2023:03:30:17 -0500] "POST /kwsrmcab/Wsrmcab HTTP/1.1" 200 40204
216.245.221.92 - - [08/Nov/2023:03:30:42 -0500] "HEAD / HTTP/1.1" 200 -
179.43.163.130 - - [08/Nov/2023:03:31:08 -0500] "POST /cgi-bin/server/server.cgi?func=server02_main_submit&counter=8.540406879901406&APPLY= HTTP/1.1" 404 1018
179.43.163.130 - - [08/Nov/2023:03:31:18 -0500] "POST /cgi-bin/server/server.cgi?func=server02_main_submit&counter=6.088342047957207&APPLY= HTTP/1.1" 404 1018
66.249.79.224 - - [08/Nov/2023:03:32:07 -0500] "GET /BLA/resoluciones/RESOLUCIONES%202008/0945.pdf HTTP/1.1" 200 587743
40.77.167.22 - - [08/Nov/2023:03:32:39 -0500] "GET /BLA/resoluciones/AUTOS%202023/4046.pdf HTTP/1.1" 200 1580921
201.245.192.253 - - [08/Nov/2023:03:32:44 -0500] "POST /kwsrmcab/Wsrmcab  HTTP/1.1" 200 42686
172.22.2.4 - - [08/Nov/2023:03:32:46 -0500] "HEAD /BLA/boletinlegal/ HTTP/1.1" 200 -
172.22.2.4 - - [08/Nov/2023:03:35:14 -0500] "GET /BLA/boletinlegal/Directivas/2015/Directiva%20No.%2001%20del%2014%20de%20Enero%20de%202015.pdf HTTP/1.1" 200 1416322
172.22.2.4 - - [08/Nov/2023:03:33:37 -0500] "GET /BLA/boletinlegal/ HTTP/1.1" 200 61018
40.77.167.235 - - [08/Nov/2023:03:35:23 -0500] "GET /BLA/resoluciones/AUTOS%202023/3272.pdf HTTP/1.1" 200 1772066
216.245.221.92 - - [08/Nov/2023:03:35:42 -0500] "HEAD / HTTP/1.1" 200 -
66.249.79.225 - - [08/Nov/2023:03:36:47 -0500] "GET /BLA/resoluciones/AUTOS%202011/0284.pdf HTTP/1.1" 200 120579
201.245.192.253 - - [08/Nov/2023:03:36:57 -0500] "POST /kwsrmcab/Wsrmcab HTTP/1.1" 200 40217
201.245.192.253 - - [08/Nov/2023:03:37:00 -0500] "POST /kwsrmcab/Wsrmcab HTTP/1.1" 200 40204
201.245.192.253 - - [08/Nov/2023:03:37:42 -0500] "POST /kwsrmcab/Wsrmcab  HTTP/1.1" 200 42686
179.43.163.130 - - [08/Nov/2023:03:37:51 -0500] "POST /cgi-bin/server/server.cgi?func=server02_main_submit&counter=8.540406879901406&APPLY= HTTP/1.1" 404 1018
179.43.163.130 - - [08/Nov/2023:03:38:02 -0500] "POST /cgi-bin/server/server.cgi?func=server02_main_submit&counter=6.088342047957207&APPLY= HTTP/1.1" 404 1018
66.249.66.167 - - [08/Nov/2023:03:38:14 -0500] "GET /robots.txt HTTP/1.1" 404 1035
201.245.192.253 - - [08/Nov/2023:03:40:13 -0500] "POST /kwsrmcab/Wsrmcab HTTP/1.1" 200 40217
172.22.2.4 - - [08/Nov/2023:03:38:36 -0500] "HEAD /BLA/boletinlegal/ HTTP/1.1" 200 -
201.245.192.253 - - [08/Nov/2023:03:40:16 -0500] "POST /kwsrmcab/Wsrmcab HTTP/1.1" 200 40204
158.169.150.16 - - [08/Nov/2023:03:40:29 -0500] "HEAD /BLA/resoluciones/RESOLUCIONES%202011/4862.pdf HTTP/1.1" 200 -
34.141.237.5 - - [08/Nov/2023:03:40:38 -0500] "GET /propietarios-inscritos-en-el-inventario-nacional-de-bifenilos-de-policlorados-tienen-plazo-hasta-noviembre-para-reportar-su-balance.html HTTP/1.1" 200 1003
216.245.221.92 - - [08/Nov/2023:03:40:42 -0500] "HEAD / HTTP/1.1" 200 -
172.22.2.4 - - [08/Nov/2023:03:39:27 -0500] "GET /BLA/boletinlegal/ HTTP/1.1" 200 58644
45.155.126.211 - - [08/Nov/2023:03:42:08 -0500] "GET / HTTP/1.1" 200 319
201.245.192.253 - - [08/Nov/2023:03:42:41 -0500] "POST /kwsrmcab/Wsrmcab  HTTP/1.1" 200 42686
66.249.79.224 - - [08/Nov/2023:03:45:09 -0500] "GET /BLA/resoluciones/RESOLUCIONES%202008/5337.pdf HTTP/1.1" 200 228316
216.245.221.92 - - [08/Nov/2023:03:45:42 -0500] "HEAD / HTTP/1.1" 200 -
66.249.79.238 - - [08/Nov/2023:03:45:47 -0500] "GET /BLA/resoluciones/RESOLUCIONES%202011/1612.pdf HTTP/1.1" 200 72389
172.22.2.4 - - [08/Nov/2023:03:44:26 -0500] "HEAD /BLA/boletinlegal/ HTTP/1.1" 200 -
172.22.2.4 - - [08/Nov/2023:03:45:17 -0500] "GET /BLA/boletinlegal/ HTTP/1.1" 200 58644
66.249.66.39 - - [08/Nov/2023:03:47:16 -0500] "GET /ciudadana HTTP/1.1" 404 1034
201.245.192.253 - - [08/Nov/2023:03:47:40 -0500] "POST /kwsrmcab/Wsrmcab  HTTP/1.1" 200 42686
190.26.228.166 - - [08/Nov/2023:03:48:31 -0500] "GET /BLA/resoluciones/ HTTP/1.1" 200 13696
190.26.228.166 - - [08/Nov/2023:03:48:36 -0500] "GET /BLA/resoluciones/dlf/dirup.png HTTP/1.1" 200 644
190.26.228.166 - - [08/Nov/2023:03:48:36 -0500] "GET /BLA/resoluciones/dlf/pdf.gif HTTP/1.1" 200 272
190.26.228.166 - - [08/Nov/2023:03:48:35 -0500] "GET /BLA/resoluciones/index.php?dir=AUTOS+2022%2F HTTP/1.1" 200 507974
190.26.228.166 - - [08/Nov/2023:03:48:36 -0500] "GET /BLA/resoluciones/dlf/archive.png HTTP/1.1" 200 632
40.77.167.235 - - [08/Nov/2023:03:49:45 -0500] "GET /BLA/resoluciones/RESOLUCIONES%202023/2251.pdf HTTP/1.1" 200 512060
216.245.221.92 - - [08/Nov/2023:03:50:42 -0500] "HEAD / HTTP/1.1" 200 -
172.22.2.4 - - [08/Nov/2023:03:50:16 -0500] "HEAD /BLA/boletinlegal/ HTTP/1.1" 200 -
66.249.79.224 - - [08/Nov/2023:03:52:10 -0500] "GET /BLA/resoluciones/RESOLUCIONES%202008/4947.pdf HTTP/1.1" 200 205756
201.245.192.253 - - [08/Nov/2023:03:52:40 -0500] "POST /kwsrmcab/Wsrmcab  HTTP/1.1" 200 42686
172.22.2.4 - - [08/Nov/2023:03:51:07 -0500] "GET /BLA/boletinlegal/ HTTP/1.1" 200 58644
66.249.79.225 - - [08/Nov/2023:03:53:37 -0500] "GET /BLA/resoluciones/RESOLUCIONES%202015/1494.pdf HTTP/1.1" 200 882784
190.215.29.188 - - [08/Nov/2023:03:54:22 -0500] "GET /appsia/controlador HTTP/1.1" 200 4799
190.215.29.188 - - [08/Nov/2023:03:54:22 -0500] "GET /appsia/css/estilos.css HTTP/1.1" 200 4804
190.215.29.188 - - [08/Nov/2023:03:54:22 -0500] "GET /appsia/scripts/validarIngreso.js HTTP/1.1" 200 851
190.215.29.188 - - [08/Nov/2023:03:54:23 -0500] "GET /appsia/images/logo_bogota_p.png HTTP/1.1" 200 14951
190.215.29.188 - - [08/Nov/2023:03:54:23 -0500] "GET /appsia/images/cabezoteHojaVida.png HTTP/1.1" 200 32493
190.215.29.188 - - [08/Nov/2023:03:54:23 -0500] "GET /favicon.ico HTTP/1.1" 200 7782
40.77.167.235 - - [08/Nov/2023:03:54:35 -0500] "GET /BLA/resoluciones/AUTOS%202023/3121.pdf HTTP/1.1" 200 1947780
66.249.66.165 - - [08/Nov/2023:03:54:46 -0500] "GET /portaldeninos/ HTTP/1.1" 200 110175
66.249.66.165 - - [08/Nov/2023:03:54:47 -0500] "GET /portaldeninos/ HTTP/1.1" 200 110175
190.215.29.188 - - [08/Nov/2023:03:55:05 -0500] "POST /appsia/controlador HTTP/1.1" 200 3599
190.215.29.188 - - [08/Nov/2023:03:55:08 -0500] "GET /appsia/jscripts/validarSolicitud.js HTTP/1.1" 404 68
190.215.29.188 - - [08/Nov/2023:03:55:23 -0500] "POST /appsia/controlador HTTP/1.1" 200 4799
190.215.29.188 - - [08/Nov/2023:03:55:34 -0500] "POST /appsia/controlador HTTP/1.1" 200 3599
190.215.29.188 - - [08/Nov/2023:03:55:35 -0500] "GET /appsia/jscripts/validarSolicitud.js HTTP/1.1" 404 68
216.245.221.92 - - [08/Nov/2023:03:55:42 -0500] "HEAD / HTTP/1.1" 200 -
40.77.167.235 - - [08/Nov/2023:03:56:06 -0500] "GET /BLA/resoluciones/RESOLUCIONES%202023/0999.pdf HTTP/1.1" 200 440369
201.245.192.253 - - [08/Nov/2023:03:57:38 -0500] "POST /kwsrmcab/Wsrmcab  HTTP/1.1" 200 42686
172.22.2.4 - - [08/Nov/2023:03:56:06 -0500] "HEAD /BLA/boletinlegal/ HTTP/1.1" 200 -
52.167.144.228 - - [08/Nov/2023:03:58:31 -0500] "GET /BLA/resoluciones/AUTOS%202023/1713.pdf HTTP/1.1" 200 454105
172.22.2.4 - - [08/Nov/2023:03:56:57 -0500] "GET /BLA/boletinlegal/ HTTP/1.1" 200 60634
216.245.221.92 - - [08/Nov/2023:04:00:42 -0500] "HEAD / HTTP/1.1" 200 -
66.249.66.165 - - [08/Nov/2023:04:00:56 -0500] "GET /portaldeninos/wp-content/plugins/popup-maker/assets/css/site.min.css?ver=1.8.14 HTTP/1.1" 200 8260
66.249.66.167 - - [08/Nov/2023:04:00:57 -0500] "GET /portaldeninos/wp-includes/js/jquery/ui/position.min.js?ver=1.11.4 HTTP/1.1" 200 6527
66.249.66.166 - - [08/Nov/2023:04:00:57 -0500] "GET /portaldeninos/wp-content/plugins/popup-maker/assets/js/site.min.js?defer&ver=1.8.14 HTTP/1.1" 200 48457
66.249.79.225 - - [08/Nov/2023:04:01:37 -0500] "GET /BLA/resoluciones/AUTOS%202009/1863.pdf HTTP/1.1" 200 98345
201.245.192.253 - - [08/Nov/2023:04:02:37 -0500] "POST /kwsrmcab/Wsrmcab  HTTP/1.1" 200 42686
172.22.2.4 - - [08/Nov/2023:04:01:56 -0500] "HEAD /BLA/boletinlegal/ HTTP/1.1" 200 -
66.249.66.166 - - [08/Nov/2023:04:04:14 -0500] "GET /portaldeninos/wp-content/plugins/popup-maker/assets/css/site.min.css?ver=1.8.14 HTTP/1.1" 200 8260
66.249.66.165 - - [08/Nov/2023:04:04:15 -0500] "GET /portaldeninos/wp-content/plugins/popup-maker/assets/js/site.min.js?defer&ver=1.8.14 HTTP/1.1" 200 48457
66.249.66.166 - - [08/Nov/2023:04:04:15 -0500] "GET /portaldeninos/wp-includes/js/jquery/ui/position.min.js?ver=1.11.4 HTTP/1.1" 200 6527
172.22.2.4 - - [08/Nov/2023:04:02:47 -0500] "GET /BLA/boletinlegal/ HTTP/1.1" 200 58294
172.22.2.4 - - [08/Nov/2023:04:04:28 -0500] "GET /BLA/boletinlegal/Directivas/2019/Directiva%2520No.%25200001%2520del%252011%2520de%2520junio%2520de%25202019.pdf HTTP/1.1" 404 1038
216.245.221.92 - - [08/Nov/2023:04:05:42 -0500] "HEAD / HTTP/1.1" 200 -
66.249.79.225 - - [08/Nov/2023:04:05:53 -0500] "GET /BLA/resoluciones/RESOLUCIONES%202016/1505.pdf HTTP/1.1" 200 520029
157.55.39.15 - - [08/Nov/2023:04:07:18 -0500] "GET /bla/resoluciones/notificaciones/registros%202017/1228.pdf HTTP/1.1" 200 266449
201.245.192.253 - - [08/Nov/2023:04:07:36 -0500] "POST /kwsrmcab/Wsrmcab  HTTP/1.1" 200 42686
172.22.2.4 - - [08/Nov/2023:04:07:46 -0500] "HEAD /BLA/boletinlegal/ HTTP/1.1" 200 -
172.22.2.4 - - [08/Nov/2023:04:09:42 -0500] "GET /BLA/boletinlegal/actuator/health HTTP/1.1" 404 1018
66.249.79.225 - - [08/Nov/2023:04:10:04 -0500] "GET /BLA/resoluciones/RESOLUCIONES%202008/2272.pdf HTTP/1.1" 200 215263
172.22.2.4 - - [08/Nov/2023:04:08:37 -0500] "GET /BLA/boletinlegal/ HTTP/1.1" 200 61018
216.245.221.92 - - [08/Nov/2023:04:10:42 -0500] "HEAD / HTTP/1.1" 200 -
66.249.79.224 - - [08/Nov/2023:04:11:24 -0500] "GET /BLA/resoluciones/RESOLUCIONES%202017/0334.pdf HTTP/1.1" 200 417267
201.245.192.253 - - [08/Nov/2023:04:12:35 -0500] "POST /kwsrmcab/Wsrmcab  HTTP/1.1" 200 42686
52.167.144.228 - - [08/Nov/2023:04:14:25 -0500] "GET /portaldeninos/aulas-ambientales/aula-ambiental-sorotama/ HTTP/1.1" 200 89596
172.22.2.4 - - [08/Nov/2023:04:14:56 -0500] "GET /BLA/boletinlegal/jurisprudencia/analisis/AnalisisC-746-12.docx HTTP/1.1" 200 22637
172.22.2.4 - - [08/Nov/2023:04:13:36 -0500] "HEAD /BLA/boletinlegal/ HTTP/1.1" 200 -
216.245.221.92 - - [08/Nov/2023:04:15:42 -0500] "HEAD / HTTP/1.1" 200 -
181.53.13.222 - - [08/Nov/2023:04:16:07 -0500] "GET /sipse/faces/presentacion/financiero/solicitudProceso/consultarSolicitudProceso.xhtml HTTP/1.1" 302 -
172.22.2.4 - - [08/Nov/2023:04:14:27 -0500] "GET /BLA/boletinlegal/ HTTP/1.1" 200 61018
181.53.13.222 - - [08/Nov/2023:04:16:07 -0500] "GET /sipse/faces/autenticacion.xhtml HTTP/1.1" 200 12409
181.53.13.222 - - [08/Nov/2023:04:16:07 -0500] "GET /sipse/faces/javax.faces.resource/primefaces.css?ln=primefaces&v=4.0 HTTP/1.1" 304 -
181.53.13.222 - - [08/Nov/2023:04:16:07 -0500] "GET /sipse/faces/javax.faces.resource/theme.css?ln=primefaces-sipse HTTP/1.1" 304 -
181.53.13.222 - - [08/Nov/2023:04:16:07 -0500] "GET /sipse/css/custom_css_sg.css HTTP/1.1" 304 -
181.53.13.222 - - [08/Nov/2023:04:16:07 -0500] "GET /sipse/css/custom_css_sg_prime_login.css HTTP/1.1" 304 -
181.53.13.222 - - [08/Nov/2023:04:16:07 -0500] "GET /sipse/faces/javax.faces.resource/layout/layout.css?ln=primefaces&v=4.0 HTTP/1.1" 304 -
181.53.13.222 - - [08/Nov/2023:04:16:07 -0500] "GET /sipse/faces/javax.faces.resource/jquery/jquery.js?ln=primefaces&v=4.0 HTTP/1.1" 304 -
181.53.13.222 - - [08/Nov/2023:04:16:07 -0500] "GET /sipse/faces/javax.faces.resource/jquery/jquery-plugins.js?ln=primefaces&v=4.0 HTTP/1.1" 304 -
181.53.13.222 - - [08/Nov/2023:04:16:07 -0500] "GET /sipse/faces/javax.faces.resource/primefaces.js?ln=primefaces&v=4.0 HTTP/1.1" 304 -
181.53.13.222 - - [08/Nov/2023:04:16:07 -0500] "GET /sipse/js/funciones.js HTTP/1.1" 304 -
181.53.13.222 - - [08/Nov/2023:04:16:07 -0500] "GET /sipse/faces/javax.faces.resource/layout/layout.js?ln=primefaces&v=4.0 HTTP/1.1" 304 -
181.53.13.222 - - [08/Nov/2023:04:16:07 -0500] "GET /sipse/js/disable_browser_buttons.js HTTP/1.1" 304 -
181.53.13.222 - - [08/Nov/2023:04:16:08 -0500] "GET /sipse/faces/javax.faces.resource/images/ui-icons_898989_256x240.png?ln=primefaces-aristo HTTP/1.1" 304 -
181.53.13.222 - - [08/Nov/2023:04:16:08 -0500] "GET /sipse/css/imagen/logoSDG.png HTTP/1.1" 304 -
181.53.13.222 - - [08/Nov/2023:04:16:08 -0500] "GET /sipse/css/imagen/loginimg.png HTTP/1.1" 304 -
181.53.13.222 - - [08/Nov/2023:04:16:14 -0500] "POST /sipse/faces/autenticacion.xhtml HTTP/1.1" 200 2220
181.53.13.222 - - [08/Nov/2023:04:16:15 -0500] "GET /sipse/faces/javax.faces.resource/messages/messages.png?ln=primefaces&v=4.0 HTTP/1.1" 304 -
181.53.13.222 - - [08/Nov/2023:04:16:17 -0500] "POST /sipse/faces/autenticacion.xhtml HTTP/1.1" 200 16359
181.53.13.222 - - [08/Nov/2023:04:16:18 -0500] "GET /sipse/css/custom_css_sg_prime.css HTTP/1.1" 304 -
181.53.13.222 - - [08/Nov/2023:04:16:18 -0500] "GET /sipse/faces/javax.faces.resource/layout/layout.css?ln=primefaces&v=4.0 HTTP/1.1" 304 -
181.53.13.222 - - [08/Nov/2023:04:16:18 -0500] "GET /sipse/js/jquery.min.js HTTP/1.1" 304 -
181.53.13.222 - - [08/Nov/2023:04:16:18 -0500] "GET /sipse/faces/javax.faces.resource/theme.css?ln=primefaces-sipse HTTP/1.1" 304 -
181.53.13.222 - - [08/Nov/2023:04:16:18 -0500] "GET /sipse/faces/javax.faces.resource/primefaces.css?ln=primefaces&v=4.0 HTTP/1.1" 304 -
181.53.13.222 - - [08/Nov/2023:04:16:18 -0500] "GET /sipse/faces/javax.faces.resource/jquery/jquery.js?ln=primefaces&v=4.0 HTTP/1.1" 304 -
181.53.13.222 - - [08/Nov/2023:04:16:18 -0500] "GET /sipse/faces/javax.faces.resource/jquery/jquery-plugins.js?ln=primefaces&v=4.0 HTTP/1.1" 304 -
181.53.13.222 - - [08/Nov/2023:04:16:19 -0500] "GET /sipse/faces/javax.faces.resource/primefaces.js?ln=primefaces&v=4.0 HTTP/1.1" 304 -
181.53.13.222 - - [08/Nov/2023:04:16:19 -0500] "GET /sipse/faces/javax.faces.resource/layout/layout.js?ln=primefaces&v=4.0 HTTP/1.1" 304 -
181.53.13.222 - - [08/Nov/2023:04:16:19 -0500] "GET /sipse/imagenes/cargando.gif HTTP/1.1" 304 -
181.53.13.222 - - [08/Nov/2023:04:16:19 -0500] "GET /sipse/imagenes/logoAplicacion.jpg HTTP/1.1" 304 -
181.53.13.222 - - [08/Nov/2023:04:16:19 -0500] "GET /sipse/css/v_mergente.css HTTP/1.1" 304 -
181.53.13.222 - - [08/Nov/2023:04:16:19 -0500] "GET /sipse/css/imagen/contrasena.png HTTP/1.1" 404 383
181.53.13.222 - - [08/Nov/2023:04:16:24 -0500] "POST /sipse/faces/bienvenido.xhtml HTTP/1.1" 200 2658
181.53.13.222 - - [08/Nov/2023:04:16:24 -0500] "GET /sipse/faces/javax.faces.resource/images/ui-bg_flat_0_2d5972_40x100.png?ln=primefaces-aristo HTTP/1.1" 304 -
201.245.192.253 - - [08/Nov/2023:04:16:57 -0500] "POST /kwsrmcab/Wsrmcab HTTP/1.1" 200 40037
201.245.192.253 - - [08/Nov/2023:04:17:00 -0500] "POST /kwsrmcab/Wsrmcab HTTP/1.1" 200 40195
201.245.192.253 - - [08/Nov/2023:04:17:34 -0500] "POST /kwsrmcab/Wsrmcab  HTTP/1.1" 200 42686
181.53.13.222 - - [08/Nov/2023:04:17:32 -0500] "POST /sipse/faces/bienvenido.xhtml HTTP/1.1" 200 65463
181.53.13.222 - - [08/Nov/2023:04:17:37 -0500] "GET /sipse/faces/javax.faces.resource/theme.css?ln=primefaces-sipse HTTP/1.1" 304 -
181.53.13.222 - - [08/Nov/2023:04:17:37 -0500] "GET /sipse/faces/javax.faces.resource/primefaces.css?ln=primefaces&v=4.0 HTTP/1.1" 304 -
181.53.13.222 - - [08/Nov/2023:04:17:37 -0500] "GET /sipse/faces/javax.faces.resource/layout/layout.css?ln=primefaces&v=4.0 HTTP/1.1" 304 -
181.53.13.222 - - [08/Nov/2023:04:17:38 -0500] "GET /sipse/faces/javax.faces.resource/jquery/jquery.js?ln=primefaces&v=4.0 HTTP/1.1" 304 -
181.53.13.222 - - [08/Nov/2023:04:17:38 -0500] "GET /sipse/faces/javax.faces.resource/jquery/jquery-plugins.js?ln=primefaces&v=4.0 HTTP/1.1" 304 -
181.53.13.222 - - [08/Nov/2023:04:17:38 -0500] "GET /sipse/faces/javax.faces.resource/primefaces.js?ln=primefaces&v=4.0 HTTP/1.1" 304 -
181.53.13.222 - - [08/Nov/2023:04:17:38 -0500] "GET /sipse/faces/javax.faces.resource/layout/layout.js?ln=primefaces&v=4.0 HTTP/1.1" 304 -
181.53.13.222 - - [08/Nov/2023:04:17:39 -0500] "POST /sipse/faces/presentacion/financiero/solicitudProceso/listarSolicitudProceso.xhtml HTTP/1.1" 200 1548
181.53.13.222 - - [08/Nov/2023:04:17:45 -0500] "POST /sipse/faces/presentacion/financiero/solicitudProceso/listarSolicitudProceso.xhtml HTTP/1.1" 200 59054
181.53.13.222 - - [08/Nov/2023:04:17:46 -0500] "GET /sipse/faces/javax.faces.resource/theme.css?ln=primefaces-sipse HTTP/1.1" 304 -
181.53.13.222 - - [08/Nov/2023:04:17:46 -0500] "GET /sipse/faces/javax.faces.resource/primefaces.css?ln=primefaces&v=4.0 HTTP/1.1" 304 -
181.53.13.222 - - [08/Nov/2023:04:17:46 -0500] "GET /sipse/faces/javax.faces.resource/layout/layout.css?ln=primefaces&v=4.0 HTTP/1.1" 304 -
181.53.13.222 - - [08/Nov/2023:04:17:46 -0500] "GET /sipse/faces/javax.faces.resource/jquery/jquery.js?ln=primefaces&v=4.0 HTTP/1.1" 304 -
181.53.13.222 - - [08/Nov/2023:04:17:46 -0500] "GET /sipse/faces/javax.faces.resource/jquery/jquery-plugins.js?ln=primefaces&v=4.0 HTTP/1.1" 304 -
181.53.13.222 - - [08/Nov/2023:04:17:46 -0500] "GET /sipse/faces/javax.faces.resource/primefaces.js?ln=primefaces&v=4.0 HTTP/1.1" 304 -
181.53.13.222 - - [08/Nov/2023:04:17:46 -0500] "GET /sipse/faces/javax.faces.resource/layout/layout.js?ln=primefaces&v=4.0 HTTP/1.1" 304 -
181.53.13.222 - - [08/Nov/2023:04:17:50 -0500] "POST /sipse/faces/presentacion/financiero/solicitudProceso/crearModificarSolicitudProceso.xhtml HTTP/1.1" 200 51776
181.53.13.222 - - [08/Nov/2023:04:17:57 -0500] "POST /sipse/faces/presentacion/financiero/solicitudProceso/crearModificarSolicitudProceso.xhtml HTTP/1.1" 200 25137
181.53.13.222 - - [08/Nov/2023:04:18:23 -0500] "POST /sipse/faces/presentacion/financiero/solicitudProceso/crearModificarSolicitudProceso.xhtml HTTP/1.1" 200 6299
181.53.13.222 - - [08/Nov/2023:04:18:38 -0500] "POST /sipse/faces/presentacion/financiero/solicitudProceso/crearModificarSolicitudProceso.xhtml HTTP/1.1" 200 9544
66.249.66.166 - - [08/Nov/2023:04:19:20 -0500] "GET /portaldeninos/residuos/ HTTP/1.1" 200 87443
66.249.66.167 - - [08/Nov/2023:04:19:21 -0500] "GET /portaldeninos/residuos/ HTTP/1.1" 200 87443
181.53.13.222 - - [08/Nov/2023:04:19:21 -0500] "POST /sipse/faces/presentacion/financiero/solicitudProceso/crearModificarSolicitudProceso.xhtml HTTP/1.1" 200 7342
20.15.133.185 - - [08/Nov/2023:04:19:35 -0500] "GET /Publicaciones/2023EE205033.pdf HTTP/1.1" 404 228
181.53.13.222 - - [08/Nov/2023:04:19:44 -0500] "POST /sipse/faces/presentacion/financiero/solicitudProceso/crearModificarSolicitudProceso.xhtml HTTP/1.1" 200 24606
181.53.13.222 - - [08/Nov/2023:04:19:45 -0500] "GET /sipse/faces/javax.faces.resource/theme.css?ln=primefaces-sipse HTTP/1.1" 304 -
181.53.13.222 - - [08/Nov/2023:04:19:45 -0500] "GET /sipse/faces/javax.faces.resource/primefaces.css?ln=primefaces&v=4.0 HTTP/1.1" 304 -
181.53.13.222 - - [08/Nov/2023:04:19:45 -0500] "GET /sipse/faces/javax.faces.resource/layout/layout.js?ln=primefaces&v=4.0 HTTP/1.1" 304 -
181.53.13.222 - - [08/Nov/2023:04:19:45 -0500] "GET /sipse/faces/javax.faces.resource/layout/layout.css?ln=primefaces&v=4.0 HTTP/1.1" 304 -
181.53.13.222 - - [08/Nov/2023:04:19:45 -0500] "GET /sipse/faces/javax.faces.resource/jquery/jquery.js?ln=primefaces&v=4.0 HTTP/1.1" 304 -
181.53.13.222 - - [08/Nov/2023:04:19:45 -0500] "GET /sipse/faces/javax.faces.resource/jquery/jquery-plugins.js?ln=primefaces&v=4.0 HTTP/1.1" 304 -
181.53.13.222 - - [08/Nov/2023:04:19:45 -0500] "GET /sipse/faces/javax.faces.resource/primefaces.js?ln=primefaces&v=4.0 HTTP/1.1" 304 -
181.53.13.222 - - [08/Nov/2023:04:19:51 -0500] "POST /sipse/faces/presentacion/financiero/solicitudProyectoActividad/asociarProyectoSolicitud.xhtml HTTP/1.1" 200 6605
181.53.13.222 - - [08/Nov/2023:04:19:57 -0500] "POST /sipse/faces/presentacion/financiero/solicitudProyectoActividad/asociarProyectoSolicitud.xhtml HTTP/1.1" 200 1700
181.53.13.222 - - [08/Nov/2023:04:19:58 -0500] "POST /sipse/faces/presentacion/financiero/solicitudProyectoActividad/asociarProyectoSolicitud.xhtml HTTP/1.1" 200 75373
181.53.13.222 - - [08/Nov/2023:04:19:59 -0500] "GET /sipse/faces/javax.faces.resource/theme.css?ln=primefaces-sipse HTTP/1.1" 304 -
181.53.13.222 - - [08/Nov/2023:04:19:59 -0500] "GET /sipse/faces/javax.faces.resource/primefaces.css?ln=primefaces&v=4.0 HTTP/1.1" 304 -
181.53.13.222 - - [08/Nov/2023:04:19:59 -0500] "GET /sipse/faces/javax.faces.resource/layout/layout.css?ln=primefaces&v=4.0 HTTP/1.1" 304 -
181.53.13.222 - - [08/Nov/2023:04:19:59 -0500] "GET /sipse/faces/javax.faces.resource/jquery/jquery.js?ln=primefaces&v=4.0 HTTP/1.1" 304 -
181.53.13.222 - - [08/Nov/2023:04:19:59 -0500] "GET /sipse/faces/javax.faces.resource/jquery/jquery-plugins.js?ln=primefaces&v=4.0 HTTP/1.1" 304 -
181.53.13.222 - - [08/Nov/2023:04:19:59 -0500] "GET /sipse/faces/javax.faces.resource/primefaces.js?ln=primefaces&v=4.0 HTTP/1.1" 304 -
181.53.13.222 - - [08/Nov/2023:04:19:59 -0500] "GET /sipse/faces/javax.faces.resource/layout/layout.js?ln=primefaces&v=4.0 HTTP/1.1" 304 -
201.245.192.253 - - [08/Nov/2023:04:20:14 -0500] "POST /kwsrmcab/Wsrmcab HTTP/1.1" 200 40037
201.245.192.253 - - [08/Nov/2023:04:20:17 -0500] "POST /kwsrmcab/Wsrmcab HTTP/1.1" 200 40195
181.53.13.222 - - [08/Nov/2023:04:20:22 -0500] "GET /sipse/faces/javax.faces.resource/images/ui-icons_898989_256x240.png?ln=primefaces-aristo HTTP/1.1" 304 -
181.53.13.222 - - [08/Nov/2023:04:20:27 -0500] "POST /sipse/faces/presentacion/financiero/solicitudProyectoActividad/asociarActividadSolicitud.xhtml HTTP/1.1" 200 20148
181.53.13.222 - - [08/Nov/2023:04:20:28 -0500] "GET /sipse/faces/javax.faces.resource/theme.css?ln=primefaces-sipse HTTP/1.1" 304 -
181.53.13.222 - - [08/Nov/2023:04:20:28 -0500] "GET /sipse/faces/javax.faces.resource/layout/layout.css?ln=primefaces&v=4.0 HTTP/1.1" 304 -
181.53.13.222 - - [08/Nov/2023:04:20:28 -0500] "GET /sipse/faces/javax.faces.resource/primefaces.css?ln=primefaces&v=4.0 HTTP/1.1" 304 -
181.53.13.222 - - [08/Nov/2023:04:20:28 -0500] "GET /sipse/faces/javax.faces.resource/jquery/jquery.js?ln=primefaces&v=4.0 HTTP/1.1" 304 -
181.53.13.222 - - [08/Nov/2023:04:20:28 -0500] "GET /sipse/faces/javax.faces.resource/jquery/jquery-plugins.js?ln=primefaces&v=4.0 HTTP/1.1" 304 -
181.53.13.222 - - [08/Nov/2023:04:20:28 -0500] "GET /sipse/faces/javax.faces.resource/primefaces.js?ln=primefaces&v=4.0 HTTP/1.1" 304 -
181.53.13.222 - - [08/Nov/2023:04:20:28 -0500] "GET /sipse/faces/javax.faces.resource/layout/layout.js?ln=primefaces&v=4.0 HTTP/1.1" 304 -
216.245.221.92 - - [08/Nov/2023:04:20:42 -0500] "HEAD / HTTP/1.1" 200 -
66.249.79.238 - - [08/Nov/2023:04:20:46 -0500] "GET /BLA/resoluciones/RESOLUCIONES%202009/4196.pdf HTTP/1.1" 200 1166267
181.53.13.222 - - [08/Nov/2023:04:20:56 -0500] "GET /sipse/faces/javax.faces.resource/theme.css?ln=primefaces-sipse HTTP/1.1" 304 -
181.53.13.222 - - [08/Nov/2023:04:20:56 -0500] "GET /sipse/faces/javax.faces.resource/jquery/jquery.js?ln=primefaces&v=4.0 HTTP/1.1" 304 -
181.53.13.222 - - [08/Nov/2023:04:20:56 -0500] "GET /sipse/faces/javax.faces.resource/primefaces.css?ln=primefaces&v=4.0 HTTP/1.1" 304 -
181.53.13.222 - - [08/Nov/2023:04:20:56 -0500] "GET /sipse/faces/javax.faces.resource/layout/layout.css?ln=primefaces&v=4.0 HTTP/1.1" 304 -
181.53.13.222 - - [08/Nov/2023:04:20:56 -0500] "GET /sipse/faces/javax.faces.resource/primefaces.js?ln=primefaces&v=4.0 HTTP/1.1" 304 -
181.53.13.222 - - [08/Nov/2023:04:20:56 -0500] "GET /sipse/faces/javax.faces.resource/jquery/jquery-plugins.js?ln=primefaces&v=4.0 HTTP/1.1" 304 -
181.53.13.222 - - [08/Nov/2023:04:20:55 -0500] "POST /sipse/faces/presentacion/financiero/solicitudProyectoActividad/asociarFuentesSolicitud.xhtml HTTP/1.1" 200 82515
181.53.13.222 - - [08/Nov/2023:04:20:56 -0500] "GET /sipse/faces/javax.faces.resource/layout/layout.js?ln=primefaces&v=4.0 HTTP/1.1" 304 -
172.22.2.4 - - [08/Nov/2023:04:19:26 -0500] "HEAD /BLA/boletinlegal/ HTTP/1.1" 200 -
181.53.13.222 - - [08/Nov/2023:04:21:09 -0500] "GET /sipse/faces/javax.faces.resource/theme.css?ln=primefaces-sipse HTTP/1.1" 304 -
181.53.13.222 - - [08/Nov/2023:04:21:09 -0500] "GET /sipse/faces/javax.faces.resource/layout/layout.css?ln=primefaces&v=4.0 HTTP/1.1" 304 -
181.53.13.222 - - [08/Nov/2023:04:21:09 -0500] "GET /sipse/faces/javax.faces.resource/primefaces.css?ln=primefaces&v=4.0 HTTP/1.1" 304 -
181.53.13.222 - - [08/Nov/2023:04:21:09 -0500] "GET /sipse/faces/javax.faces.resource/jquery/jquery.js?ln=primefaces&v=4.0 HTTP/1.1" 304 -
181.53.13.222 - - [08/Nov/2023:04:21:02 -0500] "POST /sipse/faces/presentacion/financiero/solicitudProceso/crearModificarSolicitudProceso.xhtml HTTP/1.1" 200 45559
181.53.13.222 - - [08/Nov/2023:04:21:09 -0500] "GET /sipse/faces/javax.faces.resource/layout/layout.js?ln=primefaces&v=4.0 HTTP/1.1" 304 -
181.53.13.222 - - [08/Nov/2023:04:21:09 -0500] "GET /sipse/faces/javax.faces.resource/jquery/jquery-plugins.js?ln=primefaces&v=4.0 HTTP/1.1" 304 -
181.53.13.222 - - [08/Nov/2023:04:21:09 -0500] "GET /sipse/faces/javax.faces.resource/primefaces.js?ln=primefaces&v=4.0 HTTP/1.1" 304 -
181.53.13.222 - - [08/Nov/2023:04:21:39 -0500] "POST /sipse/faces/presentacion/financiero/solicitudBienServicio/asociarBienServicioSolicitud.xhtml HTTP/1.1" 200 2724
172.22.2.4 - - [08/Nov/2023:04:20:17 -0500] "GET /BLA/boletinlegal/ HTTP/1.1" 200 59360
181.53.13.222 - - [08/Nov/2023:04:21:57 -0500] "POST /sipse/faces/presentacion/financiero/solicitudBienServicio/asociarBienServicioSolicitud.xhtml HTTP/1.1" 200 78271
181.53.13.222 - - [08/Nov/2023:04:21:58 -0500] "GET /sipse/faces/javax.faces.resource/theme.css?ln=primefaces-sipse HTTP/1.1" 304 -
181.53.13.222 - - [08/Nov/2023:04:21:58 -0500] "GET /sipse/faces/javax.faces.resource/layout/layout.css?ln=primefaces&v=4.0 HTTP/1.1" 304 -
181.53.13.222 - - [08/Nov/2023:04:21:58 -0500] "GET /sipse/faces/javax.faces.resource/jquery/jquery.js?ln=primefaces&v=4.0 HTTP/1.1" 304 -
181.53.13.222 - - [08/Nov/2023:04:21:58 -0500] "GET /sipse/faces/javax.faces.resource/primefaces.css?ln=primefaces&v=4.0 HTTP/1.1" 304 -
181.53.13.222 - - [08/Nov/2023:04:21:59 -0500] "GET /sipse/faces/javax.faces.resource/jquery/jquery-plugins.js?ln=primefaces&v=4.0 HTTP/1.1" 304 -
181.53.13.222 - - [08/Nov/2023:04:21:59 -0500] "GET /sipse/faces/javax.faces.resource/primefaces.js?ln=primefaces&v=4.0 HTTP/1.1" 304 -
181.53.13.222 - - [08/Nov/2023:04:21:59 -0500] "GET /sipse/faces/javax.faces.resource/layout/layout.js?ln=primefaces&v=4.0 HTTP/1.1" 304 -
201.245.192.253 - - [08/Nov/2023:04:22:33 -0500] "POST /kwsrmcab/Wsrmcab  HTTP/1.1" 200 42686
181.53.13.222 - - [08/Nov/2023:04:23:00 -0500] "POST /sipse/faces/presentacion/financiero/solicitudProceso/crearModificarSolicitudProceso.xhtml HTTP/1.1" 200 65918
181.53.13.222 - - [08/Nov/2023:04:23:07 -0500] "GET /sipse/faces/javax.faces.resource/theme.css?ln=primefaces-sipse HTTP/1.1" 304 -
181.53.13.222 - - [08/Nov/2023:04:23:07 -0500] "GET /sipse/faces/javax.faces.resource/layout/layout.css?ln=primefaces&v=4.0 HTTP/1.1" 304 -
181.53.13.222 - - [08/Nov/2023:04:23:07 -0500] "GET /sipse/faces/javax.faces.resource/primefaces.css?ln=primefaces&v=4.0 HTTP/1.1" 304 -
181.53.13.222 - - [08/Nov/2023:04:23:07 -0500] "GET /sipse/faces/javax.faces.resource/jquery/jquery.js?ln=primefaces&v=4.0 HTTP/1.1" 304 -
181.53.13.222 - - [08/Nov/2023:04:23:07 -0500] "GET /sipse/faces/javax.faces.resource/jquery/jquery-plugins.js?ln=primefaces&v=4.0 HTTP/1.1" 304 -
181.53.13.222 - - [08/Nov/2023:04:23:08 -0500] "GET /sipse/faces/javax.faces.resource/primefaces.js?ln=primefaces&v=4.0 HTTP/1.1" 304 -
181.53.13.222 - - [08/Nov/2023:04:23:08 -0500] "GET /sipse/faces/javax.faces.resource/layout/layout.js?ln=primefaces&v=4.0 HTTP/1.1" 304 -
181.53.13.222 - - [08/Nov/2023:04:23:08 -0500] "POST /sipse/faces/presentacion/financiero/solicitudProceso/listarSolicitudProceso.xhtml HTTP/1.1" 200 1548
181.53.13.222 - - [08/Nov/2023:04:23:19 -0500] "POST /sipse/faces/presentacion/financiero/solicitudProceso/listarSolicitudProceso.xhtml HTTP/1.1" 200 150570
181.53.13.222 - - [08/Nov/2023:04:23:21 -0500] "GET /sipse/faces/javax.faces.resource/theme.css?ln=primefaces-sipse HTTP/1.1" 304 -
181.53.13.222 - - [08/Nov/2023:04:23:21 -0500] "GET /sipse/faces/javax.faces.resource/layout/layout.css?ln=primefaces&v=4.0 HTTP/1.1" 304 -
181.53.13.222 - - [08/Nov/2023:04:23:21 -0500] "GET /sipse/faces/javax.faces.resource/jquery/jquery.js?ln=primefaces&v=4.0 HTTP/1.1" 304 -
181.53.13.222 - - [08/Nov/2023:04:23:21 -0500] "GET /sipse/faces/javax.faces.resource/primefaces.css?ln=primefaces&v=4.0 HTTP/1.1" 304 -
181.53.13.222 - - [08/Nov/2023:04:23:21 -0500] "GET /sipse/faces/javax.faces.resource/jquery/jquery-plugins.js?ln=primefaces&v=4.0 HTTP/1.1" 304 -
181.53.13.222 - - [08/Nov/2023:04:23:21 -0500] "GET /sipse/faces/javax.faces.resource/primefaces.js?ln=primefaces&v=4.0 HTTP/1.1" 304 -
181.53.13.222 - - [08/Nov/2023:04:23:21 -0500] "GET /sipse/faces/javax.faces.resource/layout/layout.js?ln=primefaces&v=4.0 HTTP/1.1" 304 -
181.53.13.222 - - [08/Nov/2023:04:23:25 -0500] "POST /sipse/faces/presentacion/financiero/solicitudProceso/consultarSolicitudProceso.xhtml HTTP/1.1" 200 65463
181.53.13.222 - - [08/Nov/2023:04:23:26 -0500] "GET /sipse/faces/javax.faces.resource/primefaces.css?ln=primefaces&v=4.0 HTTP/1.1" 304 -
181.53.13.222 - - [08/Nov/2023:04:23:26 -0500] "GET /sipse/faces/javax.faces.resource/layout/layout.css?ln=primefaces&v=4.0 HTTP/1.1" 304 -
181.53.13.222 - - [08/Nov/2023:04:23:26 -0500] "GET /sipse/faces/javax.faces.resource/theme.css?ln=primefaces-sipse HTTP/1.1" 304 -
181.53.13.222 - - [08/Nov/2023:04:23:26 -0500] "GET /sipse/faces/javax.faces.resource/jquery/jquery.js?ln=primefaces&v=4.0 HTTP/1.1" 304 -
181.53.13.222 - - [08/Nov/2023:04:23:26 -0500] "GET /sipse/faces/javax.faces.resource/jquery/jquery-plugins.js?ln=primefaces&v=4.0 HTTP/1.1" 304 -
181.53.13.222 - - [08/Nov/2023:04:23:27 -0500] "GET /sipse/faces/javax.faces.resource/primefaces.js?ln=primefaces&v=4.0 HTTP/1.1" 304 -
181.53.13.222 - - [08/Nov/2023:04:23:27 -0500] "GET /sipse/faces/javax.faces.resource/layout/layout.js?ln=primefaces&v=4.0 HTTP/1.1" 304 -
181.53.13.222 - - [08/Nov/2023:04:23:27 -0500] "POST /sipse/faces/presentacion/financiero/solicitudProceso/listarSolicitudProceso.xhtml HTTP/1.1" 200 58830
181.53.13.222 - - [08/Nov/2023:04:23:28 -0500] "POST /sipse/faces/presentacion/financiero/solicitudProceso/listarSolicitudProceso.xhtml HTTP/1.1" 200 58830
181.53.13.222 - - [08/Nov/2023:04:23:29 -0500] "POST /sipse/faces/presentacion/financiero/solicitudProceso/listarSolicitudProceso.xhtml HTTP/1.1" 200 1548
181.53.13.222 - - [08/Nov/2023:04:23:31 -0500] "POST /sipse/faces/presentacion/financiero/solicitudProceso/listarSolicitudProceso.xhtml HTTP/1.1" 200 1560
181.53.13.222 - - [08/Nov/2023:04:23:34 -0500] "POST /sipse/faces/presentacion/financiero/solicitudProceso/listarSolicitudProceso.xhtml HTTP/1.1" 200 1556
181.53.13.222 - - [08/Nov/2023:04:24:04 -0500] "POST /sipse/faces/presentacion/financiero/solicitudProceso/listarSolicitudProceso.xhtml HTTP/1.1" 200 19019
181.53.13.222 - - [08/Nov/2023:04:24:08 -0500] "POST /sipse/faces/presentacion/financiero/solicitudProceso/listarSolicitudProceso.xhtml HTTP/1.1" 200 120028
181.53.13.222 - - [08/Nov/2023:04:24:10 -0500] "GET /sipse/faces/javax.faces.resource/theme.css?ln=primefaces-sipse HTTP/1.1" 304 -
181.53.13.222 - - [08/Nov/2023:04:24:10 -0500] "GET /sipse/faces/javax.faces.resource/primefaces.css?ln=primefaces&v=4.0 HTTP/1.1" 304 -
181.53.13.222 - - [08/Nov/2023:04:24:10 -0500] "GET /sipse/faces/javax.faces.resource/jquery/jquery.js?ln=primefaces&v=4.0 HTTP/1.1" 304 -
181.53.13.222 - - [08/Nov/2023:04:24:10 -0500] "GET /sipse/faces/javax.faces.resource/layout/layout.css?ln=primefaces&v=4.0 HTTP/1.1" 304 -
181.53.13.222 - - [08/Nov/2023:04:24:11 -0500] "GET /sipse/faces/javax.faces.resource/jquery/jquery-plugins.js?ln=primefaces&v=4.0 HTTP/1.1" 304 -
181.53.13.222 - - [08/Nov/2023:04:24:11 -0500] "GET /sipse/faces/javax.faces.resource/primefaces.js?ln=primefaces&v=4.0 HTTP/1.1" 304 -
181.53.13.222 - - [08/Nov/2023:04:24:11 -0500] "GET /sipse/faces/javax.faces.resource/layout/layout.js?ln=primefaces&v=4.0 HTTP/1.1" 304 -
181.53.13.222 - - [08/Nov/2023:04:24:16 -0500] "POST /sipse/faces/presentacion/financiero/solicitudProceso/consultarSolicitudProceso.xhtml HTTP/1.1" 200 21137
181.53.13.222 - - [08/Nov/2023:04:24:16 -0500] "GET /sipse/faces/javax.faces.resource/theme.css?ln=primefaces-sipse HTTP/1.1" 304 -
181.53.13.222 - - [08/Nov/2023:04:24:16 -0500] "GET /sipse/faces/javax.faces.resource/primefaces.css?ln=primefaces&v=4.0 HTTP/1.1" 304 -
181.53.13.222 - - [08/Nov/2023:04:24:16 -0500] "GET /sipse/faces/javax.faces.resource/jquery/jquery.js?ln=primefaces&v=4.0 HTTP/1.1" 304 -
181.53.13.222 - - [08/Nov/2023:04:24:16 -0500] "GET /sipse/faces/javax.faces.resource/fileupload/fileupload.css?ln=primefaces&v=4.0 HTTP/1.1" 304 -
181.53.13.222 - - [08/Nov/2023:04:24:16 -0500] "GET /sipse/faces/javax.faces.resource/jquery/jquery-plugins.js?ln=primefaces&v=4.0 HTTP/1.1" 304 -
181.53.13.222 - - [08/Nov/2023:04:24:17 -0500] "GET /sipse/faces/javax.faces.resource/layout/layout.css?ln=primefaces&v=4.0 HTTP/1.1" 304 -
181.53.13.222 - - [08/Nov/2023:04:24:17 -0500] "GET /sipse/faces/javax.faces.resource/primefaces.js?ln=primefaces&v=4.0 HTTP/1.1" 304 -
181.53.13.222 - - [08/Nov/2023:04:24:17 -0500] "GET /sipse/faces/javax.faces.resource/layout/layout.js?ln=primefaces&v=4.0 HTTP/1.1" 304 -
181.53.13.222 - - [08/Nov/2023:04:24:17 -0500] "GET /sipse/faces/javax.faces.resource/fileupload/fileupload.js?ln=primefaces&v=4.0 HTTP/1.1" 304 -
181.53.13.222 - - [08/Nov/2023:04:24:46 -0500] "GET /sipse/faces/javax.faces.resource/theme.css?ln=primefaces-sipse HTTP/1.1" 304 -
181.53.13.222 - - [08/Nov/2023:04:24:46 -0500] "GET /sipse/faces/javax.faces.resource/jquery/jquery-plugins.js?ln=primefaces&v=4.0 HTTP/1.1" 304 -
181.53.13.222 - - [08/Nov/2023:04:24:46 -0500] "GET /sipse/faces/javax.faces.resource/primefaces.css?ln=primefaces&v=4.0 HTTP/1.1" 304 -
181.53.13.222 - - [08/Nov/2023:04:24:46 -0500] "GET /sipse/faces/javax.faces.resource/jquery/jquery.js?ln=primefaces&v=4.0 HTTP/1.1" 304 -
181.53.13.222 - - [08/Nov/2023:04:24:46 -0500] "GET /sipse/faces/javax.faces.resource/layout/layout.css?ln=primefaces&v=4.0 HTTP/1.1" 304 -
181.53.13.222 - - [08/Nov/2023:04:24:46 -0500] "GET /sipse/faces/javax.faces.resource/primefaces.js?ln=primefaces&v=4.0 HTTP/1.1" 304 -
181.53.13.222 - - [08/Nov/2023:04:24:46 -0500] "GET /sipse/faces/javax.faces.resource/layout/layout.js?ln=primefaces&v=4.0 HTTP/1.1" 304 -
181.53.13.222 - - [08/Nov/2023:04:24:45 -0500] "POST /sipse/faces/presentacion/sistema/anexos/cargarAnexoSolicitudProceso.xhtml HTTP/1.1" 200 167457
181.53.13.222 - - [08/Nov/2023:04:25:14 -0500] "POST /sipse/faces/presentacion/financiero/solicitudProceso/listarSolicitudProceso.xhtml HTTP/1.1" 200 45342
181.53.13.222 - - [08/Nov/2023:04:25:16 -0500] "POST /sipse/faces/presentacion/financiero/solicitudProceso/listarSolicitudProceso.xhtml HTTP/1.1" 200 45318
181.53.13.222 - - [08/Nov/2023:04:25:17 -0500] "POST /sipse/faces/presentacion/financiero/solicitudProceso/listarSolicitudProceso.xhtml HTTP/1.1" 200 46027
181.53.13.222 - - [08/Nov/2023:04:25:19 -0500] "POST /sipse/faces/presentacion/financiero/solicitudProceso/listarSolicitudProceso.xhtml HTTP/1.1" 200 18579
181.53.13.222 - - [08/Nov/2023:04:25:25 -0500] "POST /sipse/faces/presentacion/financiero/solicitudProceso/listarSolicitudProceso.xhtml HTTP/1.1" 200 121673
181.53.13.222 - - [08/Nov/2023:04:25:27 -0500] "GET /sipse/faces/javax.faces.resource/theme.css?ln=primefaces-sipse HTTP/1.1" 304 -
181.53.13.222 - - [08/Nov/2023:04:25:27 -0500] "GET /sipse/css/custom_css_sg.css HTTP/1.1" 304 -
181.53.13.222 - - [08/Nov/2023:04:25:27 -0500] "GET /sipse/faces/javax.faces.resource/primefaces.css?ln=primefaces&v=4.0 HTTP/1.1" 304 -
181.53.13.222 - - [08/Nov/2023:04:25:27 -0500] "GET /sipse/faces/javax.faces.resource/jquery/jquery.js?ln=primefaces&v=4.0 HTTP/1.1" 304 -
181.53.13.222 - - [08/Nov/2023:04:25:27 -0500] "GET /sipse/faces/javax.faces.resource/layout/layout.css?ln=primefaces&v=4.0 HTTP/1.1" 304 -
181.53.13.222 - - [08/Nov/2023:04:25:27 -0500] "GET /sipse/faces/javax.faces.resource/jquery/jquery-plugins.js?ln=primefaces&v=4.0 HTTP/1.1" 304 -
181.53.13.222 - - [08/Nov/2023:04:25:27 -0500] "GET /sipse/faces/javax.faces.resource/primefaces.js?ln=primefaces&v=4.0 HTTP/1.1" 304 -
181.53.13.222 - - [08/Nov/2023:04:25:27 -0500] "GET /sipse/faces/javax.faces.resource/layout/layout.js?ln=primefaces&v=4.0 HTTP/1.1" 304 -
216.245.221.92 - - [08/Nov/2023:04:25:42 -0500] "HEAD / HTTP/1.1" 200 -
181.53.13.222 - - [08/Nov/2023:04:26:01 -0500] "POST /sipse/faces/presentacion/financiero/solicitudProceso/consultarSolicitudProceso.xhtml HTTP/1.1" 200 37240
181.53.13.222 - - [08/Nov/2023:04:26:02 -0500] "GET /sipse/faces/javax.faces.resource/theme.css?ln=primefaces-sipse HTTP/1.1" 304 -
181.53.13.222 - - [08/Nov/2023:04:26:02 -0500] "GET /sipse/faces/javax.faces.resource/layout/layout.css?ln=primefaces&v=4.0 HTTP/1.1" 304 -
181.53.13.222 - - [08/Nov/2023:04:26:02 -0500] "GET /sipse/faces/javax.faces.resource/primefaces.css?ln=primefaces&v=4.0 HTTP/1.1" 304 -
181.53.13.222 - - [08/Nov/2023:04:26:02 -0500] "GET /sipse/faces/javax.faces.resource/jquery/jquery.js?ln=primefaces&v=4.0 HTTP/1.1" 304 -
181.53.13.222 - - [08/Nov/2023:04:26:02 -0500] "GET /sipse/faces/javax.faces.resource/jquery/jquery-plugins.js?ln=primefaces&v=4.0 HTTP/1.1" 304 -
181.53.13.222 - - [08/Nov/2023:04:26:02 -0500] "GET /sipse/faces/javax.faces.resource/primefaces.js?ln=primefaces&v=4.0 HTTP/1.1" 304 -
181.53.13.222 - - [08/Nov/2023:04:26:03 -0500] "GET /sipse/faces/javax.faces.resource/layout/layout.js?ln=primefaces&v=4.0 HTTP/1.1" 304 -
