!C99Shell v. 1.0 pre-release build #13!

Software: Apache. PHP/5.5.15 

uname -a: Windows NT SVR-DMZ 6.1 build 7600 (Windows Server 2008 R2 Enterprise Edition) i586 

SYSTEM 

Safe-mode: OFF (not secure)

E:\nuevo\apache\logs\   drwxrwxrwx
Free 9.41 GB of 239.26 GB (3.93%)
Detected drives: [ a ] [ c ] [ d ] [ e ] [ f ]
Home    Back    Forward    UPDIR    Refresh    Search    Buffer    Encoder    Tools    Proc.    FTP brute    Sec.    SQL    PHP-code    Update    Feedback    Self remove    Logout    


Viewing file:     access.2023.11.08.log (4.22 MB)      -rw-rw-rw-
Select action/file-type:
(+) | (+) | (+) | Code (+) | Session (+) | (+) | SDB (+) | (+) | (+) | (+) | (+) | (+) |
216.245.221.92 - - [08/Nov/2023:00:00:43 -0500] "HEAD / HTTP/1.1" 200 -
201.245.192.253 - - [08/Nov/2023:00:03:29 -0500] "POST /kwsrmcab/Wsrmcab  HTTP/1.1" 200 42686
207.46.13.64 - - [08/Nov/2023:00:04:09 -0500] "GET /BLA/resoluciones/AUTOS%202023/5156.pdf HTTP/1.1" 200 908481
172.22.2.4 - - [08/Nov/2023:00:02:45 -0500] "HEAD /BLA/boletinlegal/ HTTP/1.1" 200 -
172.22.2.4 - - [08/Nov/2023:00:03:35 -0500] "GET /BLA/boletinlegal/ HTTP/1.1" 200 58294
216.245.221.92 - - [08/Nov/2023:00:05:43 -0500] "HEAD / HTTP/1.1" 200 -
66.249.66.39 - - [08/Nov/2023:00:05:55 -0500] "GET /conoce-las-medidas-de-prevencion-y-mitigacion-contempladas-en-la-alerta-fase-1-por-calidad-del-aire.html HTTP/1.1" 304 -
15.223.67.66 - - [08/Nov/2023:00:06:24 -0500] "POST /BLA/boletinlegal/admin/index.php HTTP/1.1" 200 2324
181.237.167.132 - - [08/Nov/2023:00:06:42 -0500] "GET /kwssiamovil/sm/ldap/au?x=U2FsdGVkX19NJ8cxUpFayj4cd3wiEtzbGTOAvUkIFm66K3GdqYMhOzqNYv7mhENh&y=U2FsdGVkX1+uMnivZwAlPmQFBzzIIKR8r1+ceGHIMLn25DY01aFWiy8WwMjxlCeA HTTP/1.1" 200 30
181.237.167.132 - - [08/Nov/2023:00:06:42 -0500] "GET /kwssiamovil/sm/acme/s?s=U2FsdGVkX1+oitNrFjZhRt6EIvU3Yqk26P/Om6OEj8zxYjpA0YcW1xA7Zcrxga0R5C1xvlepOYrLd5TG5HLXrikD9AUAmIKZ/Hbr26jXPag=&u=U2FsdGVkX1+wsscuLoPziL8XL3ZhBhYQz22PT02WGpE=&y=U2FsdGVkX1+uMnivZwAlPmQFBzzIIKR8r1+ceGHIMLn25DY01aFWiy8WwMjxlCeA HTTP/1.1" 200 97
181.237.167.132 - - [08/Nov/2023:00:06:42 -0500] "GET /kwssiamovil/sm/acme/s?s=U2FsdGVkX18usshfVbJQvTEac7P89kc1OT0szHrlk80Mzyh4FSCy4LxWwIamva4fIImmkGl6Z5g7FjH87ZU5bUGMVrjystQY76V80ViWEo3EcQOeCc0PNxM381o2hPDfPOnz7m2zJmuCJrqCKDs8t4FVxptf9YPwcNAT+J5i6/xVFj516m1r5ctutwQrUWnh8/ULPPTFevsAzEnkeESSPOt8qZ446rzVeibBeRiktFhMtEU3bYUuK7vwKjEFRwUxvFAzLpRCge2GiA2TSsjWz1q1MzIinrSXQ1HGaqpTpimgFmbJRz2XmHFcaXGzGloj12CbeqIxlpVXu0jM735fTMZH/vdgqKo72VOuG3BI4+JkP8UGeCyteT1m5LFF+SA0J2sJuxeoNZsokgJ4Kv4fhuf8UE+5CwEYqFqiDK4A0h98eZUeat4jVNxVu6dNXLwD0esw6aijOrgVXY96DIHU2GgLqAIlqv+5uYnWzvz+INtK6evBgkg1x9z1wQ3TKZcyiefL9AK/Fe/9wP84cN8F87OIwsYqQjspeLVCdoKFq9s6AxGe521ZaPwGM3vfqa3pybsDusrszWe/VMsZ/IcPvkmWxUfu0Hu7OSfG8SkWFkmVzw4shSasxDSD8/N/ZsTRdJGMSdhjLU9JwaMOtS4M3besFpaCYn519rTSKd88ADZ4+AsyNO17sHJXu/0rljhdbS1BMSY9AfKOsZsW55/IsDPTPFL//x86msnrv971eBUhwzfoYCZO6w/25Go/nuaR8bwQ5BwlqQns3z3wm86OSpPH76iAst8DqknNfus2Uem8HEG98FT5WPmiPDAyKSokRyiwVVJt8EU+wtkMaHmuLHtdVpR8uhFGcIs8DvywxqFPPWW1pcjUyywA/SLQz9q7sfHoroQ2rX8h4vVn7RE09kbFz84VlIhB67pXukdoa7Cb/qjxBrNs6BL6+Jj7MDKwKT7fechhYOCNMYJtj8+hcxymDQcScdoxIQyAk/rqJqTFkONsEFFTEwQH+dSJlBCbNF1KeHRh4WAYOT+2vUj0ej2LjDQsUxLsUDTzGZdCHYRIvDnL4ESf8h4aysSGBXWTQaXay0A8BylwcVgtGBQgSVYbW4ecsRs3WNRMIiLK7XQShVwNgT+TM5IvaeeNd42U43GDgIXg4GfrxkBQtrgZBYorsfFR8qfXqn+OtdC9QQ1P4XEQhh3wai2ac2JzA/AC86Uhz+3HgLlOvj5rrFxgP2BYpdVDZrL2an4rKUIEzYJfCJALIFS9yDE5etX0WmqwIzcGqHLvLJU5nFtvjieS2902j2EyQtuM2kwHUdXghpdNe0FuIST33DlHuOXVK/eouoPi6+vWHc1QMN3pGok7oKZcoQi/gZreVmR2Iyds1hTq4OqfD14XCtZaM1eDrNBanHGCqUCvTd7gOIAttSLuLSKafyE3zSMA2CI1ZC2hzUSjwnHFKz2k8MDZhqjQhcyUqHqoTYueQf9bCSxG/IW15JmVC8y0T18SzszxY6zI8IE2gWYb511elNrzpPJRR08VvudDujOpPCHxAwTfNGYGmQAee4QvaxKuRZ+W0GRmItMOrD378weK5Emeg9FAw3+9RnfCMAgMUlGF6BB8hyZxOKrLDiu3cIPOruN4AtEMYZFoiUrcOS1S06AqTfvAXRL59s1QLH94RRfVT9atrP1Ti8mgXmCqVmBT4Teccpbfw/ehLtlN/SjUCg6E9G1J1vDs0eVuNjCf5WdattAz8Hl6kpIeX6jfvYuK8Fh20qHsra4=&u=U2FsdGVkX1+wsscuLoPziL8XL3ZhBhYQz22PT02WGpE=&y=U2FsdGVkX1+uMnivZwAlPmQFBzzIIKR8r1+ceGHIMLn25DY01aFWiy8WwMjxlCeA HTTP/1.1" 200 1607
181.237.167.132 - - [08/Nov/2023:00:06:42 -0500] "GET /kwssiamovil/sm/acme/s?s=U2FsdGVkX1+gZEDxcBrN9wEQt1KtUlEqmrQSWxJioyftiyfgG2rBfaBXsT6WcuIQnunaUoW3jdtF3bU/dEpg9LBcWKfiy1hMnlO2Ieo585iXyEbMmJPAASkfUWV6KANWDCDK/6EmlusR8SiwFEvRgzjC5h3HvoMrk6Pd4dYV+JQIDD+RGDdu3KeOc8xZO354vT4bFLJGRgSxwlVSJA7N8FRXJbzXt4vjCTA+e3M3E+8w3FtMC6SosdDK8uhU/68INmGGiNa/HLET/zgYvyjVRdMhNYP8kHuGvSmnzlSFCfk33acRYCU8afML+LOgovfQlluEP4wn90OvtjwZX8B+lwtxf8RPE1lFjavE9Bk9+BTSzlGCwM/E6biAWJZTh8ZGLKZUvZMf04ivIojthsQAByUqGsC/BxLUJG6Rg/tFH/ETwWWfBqn+03TLl7JclxgsTSEDJEPTlmLltv2ltg3FGPeLnBu1KQTlrSRdItt0UNvuKVITnS2WNceVsGplE1Rxi8RWdIBUtqGVYdQc2gvhXReJagJ+u5slGnX/WJzGvEGZa7VGUoGtcGFqpqiqv+GkJyScny5OgLP2h/+TbQ/pJBcYJLCOy5E66i+Ybs6W++PtQEL68iHrTO6zsuZ1NlR/MRGQJBYeq35pGyKM5Ns1rwimjIfu+ZByPUKiU4dkxuosD4+/vm1Rn4rLfdd5puf414L+KE1JGmPPwrEc2k1NdE6JVetW5b7hVSh7GCqheAvlwuWW/VvYEuWT9Dh1lNEN&u=U2FsdGVkX1+wsscuLoPziL8XL3ZhBhYQz22PT02WGpE=&y=U2FsdGVkX1+uMnivZwAlPmQFBzzIIKR8r1+ceGHIMLn25DY01aFWiy8WwMjxlCeA HTTP/1.1" 200 208
181.237.167.132 - - [08/Nov/2023:00:06:43 -0500] "GET /kwssiamovil/sm/cjson/pre?f=1&x=U2FsdGVkX19NJ8cxUpFayj4cd3wiEtzbGTOAvUkIFm66K3GdqYMhOzqNYv7mhENh HTTP/1.1" 200 31032
66.249.79.224 - - [08/Nov/2023:00:07:05 -0500] "GET /BLA/resoluciones/RESOLUCIONES%202009/0029.pdf HTTP/1.1" 200 467430
47.128.42.162 - - [08/Nov/2023:00:07:24 -0500] "GET /robots.txt HTTP/1.1" 404 1049
201.245.192.253 - - [08/Nov/2023:00:08:28 -0500] "POST /kwsrmcab/Wsrmcab  HTTP/1.1" 200 42686
181.237.167.132 - - [08/Nov/2023:00:09:08 -0500] "OPTIONS /kwssiamovil/sm/setfile/f? HTTP/1.1" 200 13
181.237.167.132 - - [08/Nov/2023:00:09:08 -0500] "POST /kwssiamovil/sm/setfile/f? HTTP/1.1" 200 381
181.237.167.132 - - [08/Nov/2023:00:09:12 -0500] "OPTIONS /kwssiamovil/sm/setfile/f? HTTP/1.1" 200 13
181.237.167.132 - - [08/Nov/2023:00:09:12 -0500] "POST /kwssiamovil/sm/setfile/f? HTTP/1.1" 200 381
181.237.167.132 - - [08/Nov/2023:00:09:23 -0500] "GET /kwssiamovil/sm/acme/a?s=U2FsdGVkX1/t2IGLRY/lyzDLz1y+0sjILmgfaFTUOi3piNr9m+9euP5QwM8NVrdJctlMdUP0i5+Jez2xvPJiIzbfGY6dW/JZmeTuaibOsUC2SgRAsUkrHCP537UMI9iEPlueTPnYHGoPYDTZKgH2DCYwbSERurVO1iOtw+tFiUALDv+U/DdP4hm6z7vbnFKgY/SfozeYKq4XGg6x3WQYcrLkJ/gJaQ+mUulvclEejo+uH/wY4PoQECH6z2RDvyHZtDS1EDE8LFg5KMfOAljDsQ==&u=U2FsdGVkX1+wsscuLoPziL8XL3ZhBhYQz22PT02WGpE=&y=U2FsdGVkX1+uMnivZwAlPmQFBzzIIKR8r1+ceGHIMLn25DY01aFWiy8WwMjxlCeA HTTP/1.1" 200 26
181.237.167.132 - - [08/Nov/2023:00:09:23 -0500] "GET /kwssiamovil/sm/acme/a?s=U2FsdGVkX1/AxQrKBWf/qx0raT+kDfoOmO3wpOaoGDXMg8p7cNqedE+fo+3K3XR54ztCEGhjpAY9+lDVCZK0GnhfjY/VBRdh/glZt5arP1bf9hYB16rQZQJu49+cwCgUp+x0bVly6q1N6duGTjgiKmNXPKyKxa6aNrV/pIMyNicywqlFZadl2C7dawD9R9KFGh5vsX8YfAKNUvYJCR0pKoP4BMeO6+QK9Xe62IbGGy7gqjkEpaHNBc9IbjmfgvG08A+nL+1STwC3mHlk9HrECWF2dq5elHcMrKn3+kJUyYcy82L+dX1D2vhhwjH561loAD/Q7M7S3RuvMu0eMPT6Hg9sX3KEa98KKE8X0m4CdfPh0GEmjkxBv18fA8qsKxG2+T7z5vEQ7bUKo0Bkx8lR7SzuBqvELTvhUXHXajGHT/sEoqR5tNqe6nTiiXsOFQ0XHqpkNxEXN/WoaOkJuxcuL2v/F9Z7sRIBLIWuxiL9HruGiwb1xBVRetzpP+GbgbFTWpBlvbcGZNNei5lA2nMM4qMoI3WwqWZmhXc13kyrPcji/Djf77HXNoYtFFSEsmPTzUTrwDA06gGjZ9zxKwZxwoy3CsroQAa4SuycnovLwVtikSsSkAL98UewyC2DzWnkUJjkah2GrKt7b2jxGcU+e0ebhNmHq7nGRM5xMIf0zCbF84fDB2TNfV2qtpyN5Mrs2bcay8JJCeBOHSgq4zK0u3zdATzo5oBYJfsfJp1h0eSF+eOFHYDfuEKpPp+Hjhi5eeEk2N1+Dl1+dMn8FjCWrN9Nxe2tSG3gUye7+o8NPVIf+jYYYqGFdmDKhUvP0u+WVE7o1zlkvazdfxQIYB+KNvZXvmbU7wthtOYn+uCoqedjuW/r5nYRRAvABRocXkryFgErq+lMazh32GhUKqZInhwKTXaJ2pCR+9kWoz8l8ZZOzj47maAQNfyNFZu+OGl/3SZex9ko1CCq9ob456x5tLLxC4VV/WlYjruode4PcpTCf+IXujgiTBRuZ0xybvA8Kd+EtRMABOwON65V9kgMh95gy4EJSi9r6/9pNf8naSaAE2Rc/61xsuorUFbXdF/9GnAPYL1D3A8SCUg30+zLnzqS1BfXfoWVESNc0pIJd3Fx048gMsveje/hT64f+Xi+5LVHczld2gbBGb/5YF8AtQHL65VsUM7dZikdGejhQwMj/Nv7a8ZLUvpu4x4jGH8akWhJgbHMDvw2tm6RM0l0A/37LoM/jf31jBk33k1vtsVIj3dfjz2R7UZbERmujgXN9R6IBjXiZMH24BwG+jlaYDkMPF0qr9Ujyy/3U2r/nq+AlPbvZ8KsuL2y77rvuXPKUSwlX36xQ+N4cBMxOv/tVjYca6ERrWfEf5Jg3+mQ9ZLGrrie0RnBdhGZvzPsuDX24uiLtGVptYVOdqgxtip2wnzUkDcgK5NPZQuvTw4ctPNJwdSSvZvy//DXtQGg1I3XMHIMvsXoDaRQ3xiwfm0CVwkwPAHY863ISk1PWHOUEn7+NiXeT0tzfKYrizkVIIaa1X+qAfgSpABgXZt7iQW4v0GOcOlReN9W8U/1gHWZeAcezQjPTaqhrGjvsw2DBqxE4slwkpkrH/eOx53+dg+PSfeqSG0kc4yiNH6rxlgKFekprxW2iZnpNdsidJSLb++FVMgFHE9pG66uDZtZyQo54/NaO8V+tOgvxzBeda1oDJk/ti9WA6YLfsp54SkMOdmu&u=U2FsdGVkX1+wsscuLoPziL8XL3ZhBhYQz22PT02WGpE=&y=U2FsdGVkX1+uMnivZwAlPmQFBzzIIKR8r1+ceGHIMLn25DY01aFWiy8WwMjxlCeA HTTP/1.1" 200 26
181.237.167.132 - - [08/Nov/2023:00:09:23 -0500] "GET /kwssiamovil/sm/acme/a?s=U2FsdGVkX1/igsuu5gwiTALORtMj5MvudL7vUbhWsLVK7EFlhA4k/nWUyffwtOz4ohkW5jj1bwDHLdTSa+tkgqyjHxC3/e2BhqRUeuvtvu9Qkx7pTNOlwKT01cPWVUyMANOoKxvZhKsdSUSd89wPh1Ejxf2L9rjaFWvG6AkFsk4=&u=U2FsdGVkX1+wsscuLoPziL8XL3ZhBhYQz22PT02WGpE=&y=U2FsdGVkX1+uMnivZwAlPmQFBzzIIKR8r1+ceGHIMLn25DY01aFWiy8WwMjxlCeA HTTP/1.1" 200 26
181.237.167.132 - - [08/Nov/2023:00:09:24 -0500] "GET /kwssiamovil/sm/acme/a?s=U2FsdGVkX1+xt216bNSuC0eBS40KVw/SyXgF+1/QFJTxseXRB9YMy1zGpridg5dCEwEFswrSILkB8AUqHoFpDqZEkmf+Bulqo3uw2lNQhx54EcccRogFwcTKKJYmoCCGUoq85Lf+fp0k/D2SbhtTN7vDrGk+sl+/Mn6SNGJiPP4=&u=U2FsdGVkX1+wsscuLoPziL8XL3ZhBhYQz22PT02WGpE=&y=U2FsdGVkX1+uMnivZwAlPmQFBzzIIKR8r1+ceGHIMLn25DY01aFWiy8WwMjxlCeA HTTP/1.1" 200 26
181.237.167.132 - - [08/Nov/2023:00:09:24 -0500] "GET /kwssiamovil/sm/acme/a?s=U2FsdGVkX1/fBy4ySeG2Bwi95r31n4xYriRBQpXNvtonahranQ7oxZRYkMA6/eBZPN0j2NkiWW22ONlpfTZQGdBGpbRTsrQ1mbmRXSvdQXtsP8oGNNe+GArOqKJUahe8RuhScoa4V3kJ2F8+6swlH2PJQCLzK8GOkKpaVC1CEms=&u=U2FsdGVkX1+wsscuLoPziL8XL3ZhBhYQz22PT02WGpE=&y=U2FsdGVkX1+uMnivZwAlPmQFBzzIIKR8r1+ceGHIMLn25DY01aFWiy8WwMjxlCeA HTTP/1.1" 200 26
181.237.167.132 - - [08/Nov/2023:00:09:24 -0500] "GET /kwssiamovil/sm/acme/a?s=U2FsdGVkX18QW6aqoNEZX6Z1uI/9lVsojWqD50aoKU8qTd7LAADnsbUX5mPvG1Q2nxgRGw9rjsggg89IQGznJButh7XsQVOxOZFMWI6vFvF/ac7YkxmEc7F8xxvwf9rTL0iFCHEnWwzMg7Na1/H/u7Dd/iI4bdAi4ja3H0Vrdc/qyH4f3/IYS6POqxiGHhcr&u=U2FsdGVkX1+wsscuLoPziL8XL3ZhBhYQz22PT02WGpE=&y=U2FsdGVkX1+uMnivZwAlPmQFBzzIIKR8r1+ceGHIMLn25DY01aFWiy8WwMjxlCeA HTTP/1.1" 200 26
181.237.167.132 - - [08/Nov/2023:00:09:24 -0500] "GET /kwssiamovil/sm/acme/a?s=U2FsdGVkX19xOKcQCrFrCJ9xgoL0P0eht8WzqSGefvVVwbELq/Aayi4k6hmO7jDqRz4T3xcAfvo54O4LX5kSUGMdexIYERPM6tQt8mU03kq0XOldEaFJpNDOFGkOFGngnph/HBh11YeVu7+NNSN6eEe9qlF9+1ZxcRaRBvW5EbnGJn01ZWho+YaBEBsu3xI3KVYTzYZBDLMF0qSU0D+/mw==&u=U2FsdGVkX1+wsscuLoPziL8XL3ZhBhYQz22PT02WGpE=&y=U2FsdGVkX1+uMnivZwAlPmQFBzzIIKR8r1+ceGHIMLn25DY01aFWiy8WwMjxlCeA HTTP/1.1" 200 26
181.237.167.132 - - [08/Nov/2023:00:09:25 -0500] "GET /kwssiamovil/sm/acme/a?s=U2FsdGVkX183g2Jocu0qMT6L9QcxhbKXZb+iK77E5UHxEL7nT8u1tlI9kWURF9eWR2TdY12ReV1UwZr3J+Y+Y8Te8xLPdVbVYbAu9lEjvkg6Hft9LApZEto7ieMEDHseYmuqOvZ5zQ9mv6QgRsqwuXaRe/QmVKuwW/Z5JMpUnqHxeWHrWYNsdKei4y7ixdYn&u=U2FsdGVkX1+wsscuLoPziL8XL3ZhBhYQz22PT02WGpE=&y=U2FsdGVkX1+uMnivZwAlPmQFBzzIIKR8r1+ceGHIMLn25DY01aFWiy8WwMjxlCeA HTTP/1.1" 200 26
181.237.167.132 - - [08/Nov/2023:00:09:25 -0500] "GET /kwssiamovil/sm/acme/a?s=U2FsdGVkX19us+w6l5dwpF376jgTjqtS3rA8NpU2tiIanq5NM+um/schpeTYW/iBKaee322KZaXTakY6kZ5SUyPgBK+/+mylXE2mNLS3n02O/3+w2PtGKqi5WXB8evmaJ51RevB2ubK8CwWOcDHX0yCNqPUwEyTJSai2/Fm9q89cg/98JCMldpT6praTaf+/aAYyA3wr4KMJjNVo/SGiew==&u=U2FsdGVkX1+wsscuLoPziL8XL3ZhBhYQz22PT02WGpE=&y=U2FsdGVkX1+uMnivZwAlPmQFBzzIIKR8r1+ceGHIMLn25DY01aFWiy8WwMjxlCeA HTTP/1.1" 200 26
181.237.167.132 - - [08/Nov/2023:00:09:25 -0500] "GET /kwssiamovil/sm/acme/a?s=U2FsdGVkX18zX5kqflSC57rSOifHZnvkj+lOJ2es60z0F6c8KpbCjqsXpZfnsVZYDi3N5jg/7cuOm8jR+LsTdbsekiCEYwiwUsEJYrvHpZ/GTZXUDqf42dVPurtSx/HpAcQQEOWz89y8UKK9pEA7M8aZ/MNLzIA5Z3AlLa2FgUL0h4ZX/SA5x5XXdN2seyyA&u=U2FsdGVkX1+wsscuLoPziL8XL3ZhBhYQz22PT02WGpE=&y=U2FsdGVkX1+uMnivZwAlPmQFBzzIIKR8r1+ceGHIMLn25DY01aFWiy8WwMjxlCeA HTTP/1.1" 200 26
172.22.2.4 - - [08/Nov/2023:00:08:35 -0500] "HEAD /BLA/boletinlegal/ HTTP/1.1" 200 -
216.245.221.92 - - [08/Nov/2023:00:10:43 -0500] "HEAD / HTTP/1.1" 200 -
172.22.2.4 - - [08/Nov/2023:00:09:25 -0500] "GET /BLA/boletinlegal/ HTTP/1.1" 200 54105
201.245.192.253 - - [08/Nov/2023:00:13:27 -0500] "POST /kwsrmcab/Wsrmcab  HTTP/1.1" 200 42686
66.249.79.225 - - [08/Nov/2023:00:15:12 -0500] "GET /BLA/resoluciones/RESOLUCIONES%202011/1401.pdf HTTP/1.1" 200 63863
20.197.209.11 - - [08/Nov/2023:00:15:34 -0500] "GET /galeria/galeria/fotos/Entrenube2G.jpg HTTP/1.1" 200 111422
216.245.221.92 - - [08/Nov/2023:00:15:43 -0500] "HEAD / HTTP/1.1" 200 -
172.22.2.4 - - [08/Nov/2023:00:14:25 -0500] "HEAD /BLA/boletinlegal/ HTTP/1.1" 200 -
15.223.67.66 - - [08/Nov/2023:00:16:38 -0500] "POST /BLA/boletinlegal/admin/index.php HTTP/1.1" 200 2324
172.22.2.4 - - [08/Nov/2023:00:15:15 -0500] "GET /BLA/boletinlegal/ HTTP/1.1" 200 60634
201.245.192.253 - - [08/Nov/2023:00:16:58 -0500] "POST /kwsrmcab/Wsrmcab HTTP/1.1" 200 39931
201.245.192.253 - - [08/Nov/2023:00:17:01 -0500] "POST /kwsrmcab/Wsrmcab HTTP/1.1" 200 40198
201.245.192.253 - - [08/Nov/2023:00:18:26 -0500] "POST /kwsrmcab/Wsrmcab  HTTP/1.1" 200 42686
181.237.167.132 - - [08/Nov/2023:00:18:52 -0500] "GET /kwssiamovil/sm/ldap/au?x=U2FsdGVkX1+3FvtYDFbWkhS91U4AVlvWSiMrmkBSFXlQHEBAe6NXDxmiRXvdQQIV&y=U2FsdGVkX1+tFe3L1xhrCl0u4HSvOEWy8U4ZAp2eixBG8v1ntjaQ05WTzVcXH6ql HTTP/1.1" 200 30
181.237.167.132 - - [08/Nov/2023:00:18:52 -0500] "GET /kwssiamovil/sm/acme/s?s=U2FsdGVkX1/sLPh56unKHoWpQSGfe+iCP2zPI0rQJy0MqUtUQn26s5fXr4lz0tMe5AU2aqCRxapNu8JYfCYdq77eHj4RsQf6/2sFHe0Jyls=&u=U2FsdGVkX189lwDKfsfC9Q+Fcw9hR8UunX2SfOMRkY8=&y=U2FsdGVkX1+tFe3L1xhrCl0u4HSvOEWy8U4ZAp2eixBG8v1ntjaQ05WTzVcXH6ql HTTP/1.1" 200 97
181.237.167.132 - - [08/Nov/2023:00:18:52 -0500] "GET /kwssiamovil/sm/acme/s?s=U2FsdGVkX19aZK3FkzDmV7kyAr3vDP0TZOC6y+En05G3xNSzrJWeRsILcHTK6Q8e+BViwDoqCi9ol1NFm/WXxJPgQUF5JvI3gpvneKbLWq8HjXQZt+wmLyq7RESwgqjxrz7DONOAcfuDwJb43VuirLCfH9BQ9hqHE7USJ3efOlfD4VI1tnovGYJbLEPjDsWGZNvBpXF69/YwS7bMcMjAWKy2XoiUhjVTLsSC73peG6tqamjfu8d1NBX6AmjO583HAKlHz2oeFi1TMJZ7uIwSfcbcUYTSf/emUP5QAk4znHJgtk0/f2G0OcIpvVFjSUR8iSbvU8ZQXBWKWplaLuJrP8FHAzzxfoNECqliCs5vECYtywux3UjoQ+to0CVqhBJ3DSo4+6rOPulOvpWkmPj7z1uv8wsduwT2pogqkEx5KMBgcyYRlPZzUz3Gl7cc5MkAkRextg5JXVDGZCAj887KKejYJC7jysmfIBueFgIeXDqN9a+kSXqfY/LeOl3oiM4M4W0qYeRC9QLVtSOoneC1RE7I3j3xJKJwy28zvh9OIv67FUhrgKFc1+jKx4aSg51rubPEdqs21taeXplN3Bo83fqQDVwS2984FG0HmXjSnvLWwIY/+XYLzv7S9VleM0ntyjidUZcba7ZzvE9saKoQPfBL10Kf6yoW2MihaNdjMVeFOdGGnzWes9ycGSADKACjS7gqLS32S5BNbEMxIHEt7nzbz+GKicWoTKylLAXREpXXI4BIoCPAPXCSL5P905obetooT51yZasy+N44RX6uvIMoztwiPlBaqHVS3u0oDJ9Y7r6wV5DgBXjE+O7YxhyM3YoCiEzOxu6YZc3qZ3TFI3HhsIpF2wCRQydA/sF4CxzUXqVH8qNlT2li6MQo4g3fqvwqzv63uhENhTgmmxqFmGSsFdj9WLjYOs+YjOPvYE2jzH8FtJJU34q31BFBoYujvStKX77espe1/IG7AKc3pUBjsC8Uxx0wC7lEf2qygJ8ONvD1gkotqUa4nAbD1e0G/2QXaUA5mxvUllurZXGtoTnc4jrZVI+bIc/6ZObnasQ6Pv0D35/eSqSE9V2WghHHAaVmcJZlNRVm9UvvExwXSlfg+uwfr6L2clR+SFz00MsIgP/9dPI8aD3/NaNOsfU/zMMWnj4Wl+0QCbOzX699V4DoSubZ0dINL+WaW+oWANB5GUd4QhOn/DAAjQxNwElta4/JiwFZQGzp4nvcKIc+ov3buHJCGAhvisyPACf9/1JZGkRFvVKoORSPFWsd260lwDjHqSnSV+x5clow3xMHfE4BFquAvwRdW0zZRcDYV/n/bLtQpzGdWXlfDZk1dVGEHA+tuMwW5FqYaDZSAuwS08IzwNLXicH2v5C6SrUMFZL9myl8gRLS1L+2G+cdEBHaMhizKywmaLkj+XFomBNifWN7mU0gCFxbpfHknukYWAEG7L71LD8hWZxS03wH7KgpMAQh0yFZ6rGamxRTJdKfYT0rXaGv01HlBeb250z3M93ax3sfmcWrJ03JOFEYh41ZZy3EXRj4xzLPbAdHE8VOlakEqjMWlpoCYQIBxAf0MikxzAkCd3gaBqfhiY5IvtogYjBvW5UVRZJ5/wD+IKyYbJKa4zOuFKugN+mhAUCtriYvAke/AcTIEdDqX7hPuFO5OGRb+mDzMqq51AyxipPcq4wfUtSBmCWnfSExpjZuKSSfDXueC+OWvWGLn9X5cWJWlLUJwpsd4TN8UduhclfQBpQQ7e0bV9U1nsWlanFjVuE=&u=U2FsdGVkX189lwDKfsfC9Q+Fcw9hR8UunX2SfOMRkY8=&y=U2FsdGVkX1+tFe3L1xhrCl0u4HSvOEWy8U4ZAp2eixBG8v1ntjaQ05WTzVcXH6ql HTTP/1.1" 200 1607
181.237.167.132 - - [08/Nov/2023:00:18:52 -0500] "GET /kwssiamovil/sm/acme/s?s=U2FsdGVkX18J+L6gy5uxLdALm6R2mHHmICkaL32hxlUTxL7yv8NghRDvizXhfNQ/VZZ8Jiv/ZubNPCHSD19I4rkJ9Hwxyi0kSaUCReNWDKp9Cg71PuhrF5AIQwatMCzkA7imMDnQ0lrMRzbUIq0gL7DKT3mfQf9a59IhxpMQ8b81g2IRhapVP7IWXrrywVw517Fq8NYqXOOJOTd0bf0B8oraTmCWBSCNi+jljoVXWOk+zTUw04CN0i4RnH+LbYmjGAijPxZefmY2fcvjmBzMItzpSYrJLeP1VRD96kb245uveN4WbRYsuPlkeynwn+QEIDThhv7HwU86brIVP2LxFSRNbz9wsWAQ3GXy2oe6ipt/YMXAcu+nSgGrQu1aWcKPxiEmaCl4qTrFCo1Hp2pIvMHYcBOP2k0y4jR7HE3XtGECt8wsGatdrf/teEWhHnuFjf3ji8XzIQ5Ni1W2BPPODop8MFIRdpOZ2Ek1xzpXMvRAZr/+aFMyLs1xRB5V03PGfaJqcH+DiJULyKZEV2ciZlTzPQySm4rvp3kmiTWZjtogtGiH7TJlZW6lTYCaXDV0oJMxCE/an5kIi8dRSbdX6PgpW4dZpa79lkC9EcuUZtPUNRGbMbcJK5lu1FLZLGo0IfdJ+L8jHu50jC6upuUmNz20r+swSnpgTLTX/R7rjtJdB/fpLADrwu1mI71TTL0ikOCz8dnWHWA4A2XevxfTOcqIUOZRx6QeRVYrv2mIh3+XbRSr2lXjtZxUYkgTFsp/&u=U2FsdGVkX189lwDKfsfC9Q+Fcw9hR8UunX2SfOMRkY8=&y=U2FsdGVkX1+tFe3L1xhrCl0u4HSvOEWy8U4ZAp2eixBG8v1ntjaQ05WTzVcXH6ql HTTP/1.1" 200 208
181.237.167.132 - - [08/Nov/2023:00:18:52 -0500] "GET /kwssiamovil/sm/cjson/pre?f=1&x=U2FsdGVkX1+3FvtYDFbWkhS91U4AVlvWSiMrmkBSFXlQHEBAe6NXDxmiRXvdQQIV HTTP/1.1" 200 31032
201.245.192.253 - - [08/Nov/2023:00:20:14 -0500] "POST /kwsrmcab/Wsrmcab HTTP/1.1" 200 39931
201.245.192.253 - - [08/Nov/2023:00:20:19 -0500] "POST /kwsrmcab/Wsrmcab HTTP/1.1" 200 40198
216.245.221.92 - - [08/Nov/2023:00:20:43 -0500] "HEAD / HTTP/1.1" 200 -
181.237.167.132 - - [08/Nov/2023:00:21:17 -0500] "OPTIONS /kwssiamovil/sm/setfile/f? HTTP/1.1" 200 13
181.237.167.132 - - [08/Nov/2023:00:21:18 -0500] "POST /kwssiamovil/sm/setfile/f? HTTP/1.1" 200 381
181.237.167.132 - - [08/Nov/2023:00:21:24 -0500] "OPTIONS /kwssiamovil/sm/setfile/f? HTTP/1.1" 200 13
181.237.167.132 - - [08/Nov/2023:00:21:24 -0500] "POST /kwssiamovil/sm/setfile/f? HTTP/1.1" 200 381
181.237.167.132 - - [08/Nov/2023:00:21:35 -0500] "GET /kwssiamovil/sm/acme/a?s=U2FsdGVkX1+ukAMRIJHcK22Sgake9uSHpdlZe0D1T982xEqkExeLIGpgJuRIS+aVmYrYKqEJ6MGuZZaVa4jCXdFZ0du5desDCV5ZD0ER4WiJVAQT5u78YbDCmZuXG0gjG/02N8KXnUAK2bKyiFRUlpF+kzq0ckdTUUuEnTb1P90nc4pxGEjVFRPzIwIOsW++po547/v3D3/E/rivkYvZAn/owBpVYxNmiTfAaEX2QWxEEfKQ9LC6ZqVtJwpsZcIl5/HersC7ZBVQYWSYfVyv8g==&u=U2FsdGVkX189lwDKfsfC9Q+Fcw9hR8UunX2SfOMRkY8=&y=U2FsdGVkX1+tFe3L1xhrCl0u4HSvOEWy8U4ZAp2eixBG8v1ntjaQ05WTzVcXH6ql HTTP/1.1" 200 26
181.237.167.132 - - [08/Nov/2023:00:21:36 -0500] "GET /kwssiamovil/sm/acme/a?s=U2FsdGVkX18jecrGnUCAQmnoEHlYMc+t5t+lNScGd4Xset/8FJDoa4JC6eKNqR6PjABSP/viWXclPOnDR3AP6WWxdQ1zvB6lOlg7nmY7BQGvi49OCq/WmHypBNYWtyQfZk3A6kp23nxOcBTtgNIl8Kt3Q8b4MCGiDqBWfSBz9nL5vOVenNLzFRuVL3XT1Bfw9W/+8I3rMa168HOzOqImOGPM1990emtyCnk1vdeT749bwEWWBKBqZKtp2EnsHXPDlmBUWY4Pq5d59w8+U56TKZluQEaEY9wcX+AEBmKl3/3qWdKHAXlKXiQXC7k0+PAiDtQb/6708GE9xqfE9FJCrr5SLKX5ZY4X9IfQh03jBj2PsUzSP91dkRz0Zg9cw9tgEocNatjxQ7liiAXt6E5XlcJQpF59WF7hnl3Cit2OZ+zvgcC+UQH5fhnJMG5f6ly/Uqi+Ug0gpwiZPlpYLcmcOxq0v5lZJURVNurPH0QHJt8ekKeOiQYeKO5puBebjpqGJq7cws/qto5BJpwV4pjfAdHhDY5GNEe0mOR4QiUfx1dUFtdCBP3Ueel0dV+ubnhRlGFKl0EVTzUes8P3fCYOBm5RykyRYWR4tqBId1C/jsPeeV7bzn3QV9fOlMqkd/OX+42FEDuUjPg16I9Enukrqik8iXTo5hnGVb2hwALyT2FvlsL36OQ8/BEGa+TZL1cReHvGi1uUteqKL0/5BTGNPswoij+qnochHB6qXZ8bm0D88TTThU0swAD6QLIQnHIlbtgu5ZBTWCe24sQ/AQ8ZFmBhPIVKz7dj0er6KFqZSnzg/c8RekcFn76SRr8ORfiY+bGdHdVBJkwm4yYnWL8JrNNZLtOkN22oPB4btdk5dwm7//GF/w+9jPbvbjRqlU+eXhbVPCDrpNS/kKzMg5Xdsp4x2iUq4emZhDf9JGH1HuJLArTNtJNj9sdM+c/hG9lBbSFn4DWo+8TED1QOTGhXI4r4kZ7lO3BMkIflHe3/gou2KjZFDtM2i4MmEBKVHj8+EKkAR7UFCo5K/FPDJfts/PKefTEghnxCCgcnoGQE9iTsfrCXWMo2b518pxMrjUPRKKfg3kJ6ZJEFpfzYu8g+8MIdM4sY+VEhoEyGSyTQcxqGI2DGeYcwsIcJxdEDIodrybG8Oi4kBLnj2cjc8fzgbUpXCuu/zKUgCnT+KwD5SFQVZr43kNW3yx0ZtRVk7/K3rkMJcaD1gBrjRvz1jWTL06Kp0zT2eJBAHRHAcRffTiGI54sbh9HfjavtcRls8Q+F9c5TG/vOJ5cvXEDxfrGXwbcYjW8TaEoU8kEu99WHqxgV9eMozexUMZ8x5O5OXI/CAEPUeCFPuRsruEWDU7eJp2Y+H8Z73/uH+gFSqjnq9GIXVaOSbY7KzVwxyAQ146caorOQHxMdUeKcaZ40TksarjStVoBHTxj6Oy7dwNo76AWEDsnjWfCHna5eie9EGk131pGeTGORQPmPWTiNhTf2revrsarjqZU3UPWz4egxtCVrGKox1+UVC1dV58s7F3+eMv0FImsmxQ01StFsldXkjSshZs6xRxGpFLPlf76mJhTLKpsfbhGvqQYtmkgczpg2tmevaC1yuLzlIGwCd1vUX8ebeTP1wNs3uMKsEbOBtLTq/yhRpapXjHBIUvee8EkT8UtAkn282K1jaAZvrmHkzwmEW195QdNBljdQcA9o7wCGueeSZfW+6Nvwtrwdn41Kj58MeSm6L0vziVsNtfH2Z8nz/Atcy5nJvem34LIuKJ7HEwPwEGhpwqvwbAK3ffhArwysOF/TWN5XYb2Up9x2U1LydPbLk+WU+AXX1sF2oveIqCukYFroMX1mqzHQhHo7JRDrb23vR6vSzqe7Gp0pQhLrlFU56GeeL9/x8fr/o7IMJJVwa8xFJrrRK6X21TAthF89XOBzHckxs55AvcTTf2OHN3qJirg2kLJWYK8Rg6yeCcUv83WRD9sDAYbkt+e3YG0isWVgqovkV30HjPDE2PCwReJxLP2GWExA2EH5mEoefhrvc2cBkfKTuejPtSEYZTN/uLwvTMkXw7SvL5DLMT+pMy5Xkr9QMYqunNAOQWBU72KKnhXX1LAYLmIOINNCGQHBFi/XEMRz/PiEMS0EzvjnyljrQOKGaXSZLjTvHyOwJCHA3/MurCprUWbRLKfYvS6SU09UPVvnAmLtJ6F2yCPYW67ml3bUiK9Kl9bRfwosuTUo5iAWrXO+Mj5DwRdn0GuL3uin1NldBQD/BymPNmclBzSv7UnWZjxRqpEU7ODIPWnvtk2ABukEtZ+NGz6S/zIYT/Bfo96QatexkIo3L5xjvNbK4pNZXzsDqD8zGpVtIOWxQzU/kd7RsriAQ0oQDNa90P7y6gO9Wglltf7lq6gHXLgOeKabRaOU2PTyxukrQCANwQUm6NtFXyoJL4lHG9fAcEUFLXsv/wOUrhnoId9I3+nzXBzQXR+cWj2WpIo1vm7ftvuwMOI51Ze3u4ZWvRCN1HREEdeEGB5fkU2P1eIMcRnBy6HRNqGFOw0X8BfS9DW4+Z1XFO+NdAWEXqmvebxd36O+ipzVQDA6TWK7CUpVSM5/UEKOp5KRGJVmhlULyvHM1AFS0NZq5irHjVMJ0OT5wkp8NV0196nYZKPTpeHk4Dx8dhsR1ONeTNe5MsymnnOT4M5xPEvKNKRiXGWeDruqOyu7+huPtm3CreWUpsAc4gl6HSlUF7GwchG+U6CX59hsaxiGZ9DQWD7wF6h5L+cDmOO6Dblv44u/rTTOFNBmb2vMvgeVKULRQb3wChUr5f66Vrd9rrF2dNCZCg9i/yM5H/7SWkTLNfHVtJ72BPjhRojBzgcceS1FQlU+zckY0ydKOV8F7bctoqacaFZndKjQUXArxI5z8QNsxM0SP7RBw6E0eK5JBWitIx+vx6vvxLrUF7Ee6q9C7hfru6iU1kSjcXb71q/tWfOr6AzvRBSuuBaVCITE6SetcjiinUVksw+heZ79BDXYwZAP8YhtHB0wuXMWaG6G7F9dBLS795kMNzVOBsZSG1OjbBgsEQK9lQnRmfydh0DSNenCRXfV8WryL8Q6PfS0f/hWKXStfapwwD8k2KTXpx59rH6W7PpMpSJw6HjgA7c0MLUTGi7q&u=U2FsdGVkX189lwDKfsfC9Q+Fcw9hR8UunX2SfOMRkY8=&y=U2FsdGVkX1+tFe3L1xhrCl0u4HSvOEWy8U4ZAp2eixBG8v1ntjaQ05WTzVcXH6ql HTTP/1.1" 200 26
181.237.167.132 - - [08/Nov/2023:00:21:36 -0500] "GET /kwssiamovil/sm/acme/a?s=U2FsdGVkX1/n3VLWGMuGGpr+JpVbQCDjJzorncyoEwlOJH1grezq79LKdqQnY4Q+KgRHYc8Sz6W6/jQQg19yjf8iZaPJaBKv7h7pWNiGbQsKbclql+uh8rZN5khFBBlfcs9jLLzb/jhS7MIThk3ozOzEJhE1gPNA73FcLtp//ZM=&u=U2FsdGVkX189lwDKfsfC9Q+Fcw9hR8UunX2SfOMRkY8=&y=U2FsdGVkX1+tFe3L1xhrCl0u4HSvOEWy8U4ZAp2eixBG8v1ntjaQ05WTzVcXH6ql HTTP/1.1" 200 26
181.237.167.132 - - [08/Nov/2023:00:21:36 -0500] "GET /kwssiamovil/sm/acme/a?s=U2FsdGVkX1+JK1H8b5hUvw46K99R0x1+bdY4989KVfj8By89OjNel3cqj1SNqGZbNBulNT8sQkX/yuGxgm1I0sa3EQ29cA7brQBRK1L1/KTe8zcUqVqd+jLm4uTFJGYI+TKjaPY7h/7B7UU5z99QamXaLYmSWZsgQqQ9dHxORSg=&u=U2FsdGVkX189lwDKfsfC9Q+Fcw9hR8UunX2SfOMRkY8=&y=U2FsdGVkX1+tFe3L1xhrCl0u4HSvOEWy8U4ZAp2eixBG8v1ntjaQ05WTzVcXH6ql HTTP/1.1" 200 26
181.237.167.132 - - [08/Nov/2023:00:21:37 -0500] "GET /kwssiamovil/sm/acme/a?s=U2FsdGVkX18ZHGDldEB8KT10hjrtFl+uMLJatqe3NhvDvscUcHhidQJE7VvzA+9seos7b7OWpittJwSXh/Nga1qxVCfWPg2S0XHDWgvs5I57NAKSPYcgkG4ReiQ+TZGoPMnxId03dMrTyycfWFSERTAF/SeaAS7L3f0dY/9JD+I=&u=U2FsdGVkX189lwDKfsfC9Q+Fcw9hR8UunX2SfOMRkY8=&y=U2FsdGVkX1+tFe3L1xhrCl0u4HSvOEWy8U4ZAp2eixBG8v1ntjaQ05WTzVcXH6ql HTTP/1.1" 200 26
181.237.167.132 - - [08/Nov/2023:00:21:37 -0500] "GET /kwssiamovil/sm/acme/a?s=U2FsdGVkX1/681HTFKpZchhYBiynSA+9vsS+R8GMeKOulR73S7/C53yke7rL9nhNER3i6reTSrawxHdPq8prwJc6PXv7APH4YSNsDd/s9Cx6Ll8gA1nLFNoTi6QpWDacKIBAWGD5FdI7QJdc4IcWeol3ReQ5wzsDIVR4nLjfmXIGlkM668JhtNBVMO89IujI&u=U2FsdGVkX189lwDKfsfC9Q+Fcw9hR8UunX2SfOMRkY8=&y=U2FsdGVkX1+tFe3L1xhrCl0u4HSvOEWy8U4ZAp2eixBG8v1ntjaQ05WTzVcXH6ql HTTP/1.1" 200 26
181.237.167.132 - - [08/Nov/2023:00:21:37 -0500] "GET /kwssiamovil/sm/acme/a?s=U2FsdGVkX1+4YipB57VH811lMm0nVwvNTeY3DBhGtNWCOgQQ4Z95Cs0JrhG/i3l7l9RFfz9vJonnRXgTxL35iGy2LgDW3lezhLMYPWczfvj9df0xs0AjDZCey9t7Fcj3NVM7LaAgF4mKE3CGvF/Y7xHERyLE5/MP8HnDoYrpbQ/oxfvWBl4LH0bQACZfxt2JS9Jy502U5XvsR6pFBNhjPg==&u=U2FsdGVkX189lwDKfsfC9Q+Fcw9hR8UunX2SfOMRkY8=&y=U2FsdGVkX1+tFe3L1xhrCl0u4HSvOEWy8U4ZAp2eixBG8v1ntjaQ05WTzVcXH6ql HTTP/1.1" 200 26
181.237.167.132 - - [08/Nov/2023:00:21:38 -0500] "GET /kwssiamovil/sm/acme/a?s=U2FsdGVkX1/cgrUg0/J5d4aMOtpFIKfZ6kJXBszMqZV9vPUUsldEgaKin6lHlFITNlkY4b9cDh8/PcIZ04v6tnnrljYPaNos8VvFknZkRiT+Z687LkO1yd9e851VSQgvX2B8N8jNh+CHgCUvVji43TanDs9ElP/g2KkoqyAxh4BtFBEMczXstuEqjCGvDLgz&u=U2FsdGVkX189lwDKfsfC9Q+Fcw9hR8UunX2SfOMRkY8=&y=U2FsdGVkX1+tFe3L1xhrCl0u4HSvOEWy8U4ZAp2eixBG8v1ntjaQ05WTzVcXH6ql HTTP/1.1" 200 26
181.237.167.132 - - [08/Nov/2023:00:21:38 -0500] "GET /kwssiamovil/sm/acme/a?s=U2FsdGVkX1/TEEyn3UQt75Tus5XePugWRSS3AC5d18lVBmAsgvY4knC/y2k70zzx6zYQCHgGXRZmiYhsuu5KjrWcc9Fc29o9XbcDJrwPS4Wz5QlKNVHPo4gsysOSyxou7CTtQDW4l0GnFmO3JJuFrmzGkjM7zT7+4mksQ814ZcAI4mQYoAUTyJQYwlgN2EuPyqs4Mnd7Mfj+9KAVHjUmeQ==&u=U2FsdGVkX189lwDKfsfC9Q+Fcw9hR8UunX2SfOMRkY8=&y=U2FsdGVkX1+tFe3L1xhrCl0u4HSvOEWy8U4ZAp2eixBG8v1ntjaQ05WTzVcXH6ql HTTP/1.1" 200 26
181.237.167.132 - - [08/Nov/2023:00:21:38 -0500] "GET /kwssiamovil/sm/acme/a?s=U2FsdGVkX1+VKNaVYn9COkgx5KNz0chwUFTUC7d5r9Sau4e2qAnf2dlObPBPcdAnNFOMxjHGJnPLPaAMroZ16TIG1MfkBAHou8WUztV7MrZX6PIkHcqGacTeFTzehuh2g/r1Qr1kI0d2trAc0WLxB5IlG74cdQaxHTuTMEwg6rTWMd8/yDVpzcwzBGkuidEH&u=U2FsdGVkX189lwDKfsfC9Q+Fcw9hR8UunX2SfOMRkY8=&y=U2FsdGVkX1+tFe3L1xhrCl0u4HSvOEWy8U4ZAp2eixBG8v1ntjaQ05WTzVcXH6ql HTTP/1.1" 200 26
172.22.2.4 - - [08/Nov/2023:00:20:15 -0500] "HEAD /BLA/boletinlegal/ HTTP/1.1" 200 -
172.22.2.4 - - [08/Nov/2023:00:21:05 -0500] "GET /BLA/boletinlegal/ HTTP/1.1" 200 58644
15.223.67.66 - - [08/Nov/2023:00:23:02 -0500] "POST /BLA/boletinlegal/admin/index.php HTTP/1.1" 200 2324
172.104.242.173 - - [08/Nov/2023:00:23:03 -0500] "\xba\xabd\xa1EZC\xdbM\x87\xee^\xfd\xbf\x159 X\xd4>\x12\x98\xc4<\xe0\x13\xcf" 400 226
201.245.192.253 - - [08/Nov/2023:00:23:25 -0500] "POST /kwsrmcab/Wsrmcab  HTTP/1.1" 200 42686
216.245.221.92 - - [08/Nov/2023:00:25:43 -0500] "HEAD / HTTP/1.1" 200 -
201.245.192.253 - - [08/Nov/2023:00:26:58 -0500] "POST /kwsrmcab/Wsrmcab HTTP/1.1" 200 39931
201.245.192.253 - - [08/Nov/2023:00:27:00 -0500] "POST /kwsrmcab/Wsrmcab HTTP/1.1" 200 40198
172.22.2.4 - - [08/Nov/2023:00:26:05 -0500] "HEAD /BLA/boletinlegal/ HTTP/1.1" 200 -
201.245.192.253 - - [08/Nov/2023:00:28:24 -0500] "POST /kwsrmcab/Wsrmcab  HTTP/1.1" 200 42686
172.22.2.4 - - [08/Nov/2023:00:26:55 -0500] "GET /BLA/boletinlegal/ HTTP/1.1" 200 61018
186.80.52.180 - - [07/Nov/2023:22:49:43 -0500] "POST /sipse/faces/presentacion/financiero/solicitudProceso/listarSolicitudProceso.xhtml HTTP/1.1" 400 1022
201.245.192.253 - - [08/Nov/2023:00:30:15 -0500] "POST /kwsrmcab/Wsrmcab HTTP/1.1" 200 39931
201.245.192.253 - - [08/Nov/2023:00:30:19 -0500] "POST /kwsrmcab/Wsrmcab HTTP/1.1" 200 40198
216.245.221.92 - - [08/Nov/2023:00:30:43 -0500] "HEAD / HTTP/1.1" 200 -
40.77.167.43 - - [08/Nov/2023:00:32:32 -0500] "GET /BLA/resoluciones/RESOLUCIONES%202020/0809.pdf HTTP/1.1" 200 430927
47.128.40.50 - - [08/Nov/2023:00:32:33 -0500] "GET /robots.txt HTTP/1.1" 404 1034
52.167.144.214 - - [08/Nov/2023:00:32:47 -0500] "GET /Publicaciones/2023EE233242.pdf HTTP/1.1" 404 228
201.245.192.253 - - [08/Nov/2023:00:33:23 -0500] "POST /kwsrmcab/Wsrmcab  HTTP/1.1" 200 42686
172.22.2.4 - - [08/Nov/2023:00:31:55 -0500] "HEAD /BLA/boletinlegal/ HTTP/1.1" 200 -
172.22.2.4 - - [08/Nov/2023:00:32:46 -0500] "GET /BLA/boletinlegal/ HTTP/1.1" 200 58644
216.245.221.92 - - [08/Nov/2023:00:35:43 -0500] "HEAD / HTTP/1.1" 200 -
66.249.79.224 - - [08/Nov/2023:00:36:54 -0500] "GET /BLA/resoluciones/Notificaciones/AUTOS%202019/2548.pdf HTTP/1.1" 200 267253
201.245.192.253 - - [08/Nov/2023:00:36:58 -0500] "POST /kwsrmcab/Wsrmcab HTTP/1.1" 200 39931
201.245.192.253 - - [08/Nov/2023:00:37:00 -0500] "POST /kwsrmcab/Wsrmcab HTTP/1.1" 200 40198
66.249.79.238 - - [08/Nov/2023:00:37:08 -0500] "GET /BLA/resoluciones/RESOLUCIONES%202009/7189.pdf HTTP/1.1" 200 1011402
40.77.167.43 - - [08/Nov/2023:00:37:41 -0500] "GET /forest/ HTTP/1.1" 200 12041
66.249.79.224 - - [08/Nov/2023:00:37:59 -0500] "GET /Publicaciones/2023EE222017.pdf HTTP/1.1" 404 228
201.245.192.253 - - [08/Nov/2023:00:38:22 -0500] "POST /kwsrmcab/Wsrmcab  HTTP/1.1" 200 42686
172.22.2.4 - - [08/Nov/2023:00:37:46 -0500] "HEAD /BLA/boletinlegal/ HTTP/1.1" 200 -
172.22.2.4 - - [08/Nov/2023:00:38:36 -0500] "GET /BLA/boletinlegal/ HTTP/1.1" 200 58644
201.245.192.253 - - [08/Nov/2023:00:40:14 -0500] "POST /kwsrmcab/Wsrmcab HTTP/1.1" 200 39931
201.245.192.253 - - [08/Nov/2023:00:40:17 -0500] "POST /kwsrmcab/Wsrmcab HTTP/1.1" 200 40198
216.245.221.92 - - [08/Nov/2023:00:40:43 -0500] "HEAD / HTTP/1.1" 200 -
52.167.144.205 - - [08/Nov/2023:00:42:22 -0500] "GET /BLA/resoluciones/Notificaciones/REGISTROS%202020/0478.pdf HTTP/1.1" 200 328472
172.22.2.4 - - [08/Nov/2023:00:42:55 -0500] "GET /BLA/boletinlegal/Directivas/2011/Directiva%20No.%206%20del%208%20de%20Septiembre%20de%202011.pdf HTTP/1.1" 304 -
172.22.2.4 - - [08/Nov/2023:00:42:55 -0500] "GET /BLA/boletinlegal/Circulares/2019/Circular%20No.%200015%20del%2003%20de%20Octubre%20de%202019.pdf HTTP/1.1" 304 -
201.245.192.253 - - [08/Nov/2023:00:43:21 -0500] "POST /kwsrmcab/Wsrmcab  HTTP/1.1" 200 42686
207.46.13.153 - - [08/Nov/2023:00:45:15 -0500] "GET /BLA/resoluciones/AUTOS%202023/4863.pdf HTTP/1.1" 200 453024
172.22.2.4 - - [08/Nov/2023:00:43:36 -0500] "HEAD /BLA/boletinlegal/ HTTP/1.1" 200 -
216.245.221.92 - - [08/Nov/2023:00:45:43 -0500] "HEAD / HTTP/1.1" 200 -
172.22.2.4 - - [08/Nov/2023:00:44:26 -0500] "GET /BLA/boletinlegal/ HTTP/1.1" 200 52827
66.249.79.224 - - [08/Nov/2023:00:46:54 -0500] "GET /BLA/resoluciones/RESOLUCIONES%202010/4586.pdf HTTP/1.1" 200 934790
66.249.79.238 - - [08/Nov/2023:00:47:08 -0500] "GET /portel_dama/libreria/php/2006/ECOSISTEMAS%20FINAL%20web_mz27/xxx%20humedales/sitio/22_pol/xtras/1.pdf HTTP/1.1" 404 1018
201.245.192.253 - - [08/Nov/2023:00:48:20 -0500] "POST /kwsrmcab/Wsrmcab  HTTP/1.1" 200 42686
172.22.2.4 - - [08/Nov/2023:00:49:23 -0500] "GET /BLA/boletinlegal/actos.php HTTP/1.1" 200 9682
172.22.2.4 - - [08/Nov/2023:00:49:23 -0500] "GET /BLA/boletinlegal/js/ajax_actos.js HTTP/1.1" 200 1322
172.22.2.4 - - [08/Nov/2023:00:49:23 -0500] "GET /BLA/boletinlegal/niceforms-default.css HTTP/1.1" 200 6694
172.22.2.4 - - [08/Nov/2023:00:49:23 -0500] "GET /BLA/boletinlegal/styles2.css HTTP/1.1" 200 1838
172.22.2.4 - - [08/Nov/2023:00:49:23 -0500] "GET /BLA/boletinlegal/style.css HTTP/1.1" 200 9406
172.22.2.4 - - [08/Nov/2023:00:49:23 -0500] "GET /BLA/boletinlegal/niceforms.js HTTP/1.1" 200 22876
172.22.2.4 - - [08/Nov/2023:00:49:23 -0500] "GET /BLA/boletinlegal/js/popup.js HTTP/1.1" 200 1270
172.22.2.4 - - [08/Nov/2023:00:49:23 -0500] "GET /BLA/boletinlegal/js/lib.js HTTP/1.1" 200 6474
172.22.2.4 - - [08/Nov/2023:00:49:23 -0500] "GET /BLA/boletinlegal/js/jquery1.js HTTP/1.1" 200 29846
172.22.2.4 - - [08/Nov/2023:00:49:23 -0500] "GET /BLA/boletinlegal/images/cabezote%20BLEGAL.jpg HTTP/1.1" 200 118164
172.22.2.4 - - [08/Nov/2023:00:49:23 -0500] "GET /BLA/boletinlegal/images/subscribe-icon-big.png HTTP/1.1" 200 47702
172.22.2.4 - - [08/Nov/2023:00:49:23 -0500] "GET /BLA/boletinlegal/images/green-yellow-blue-pink-th.png HTTP/1.1" 200 7394
172.22.2.4 - - [08/Nov/2023:00:49:23 -0500] "GET /BLA/boletinlegal/images/tel.png HTTP/1.1" 200 14477
172.22.2.4 - - [08/Nov/2023:00:49:23 -0500] "GET /BLA/boletinlegal/images/registro-usuarios.png HTTP/1.1" 200 8106
172.22.2.4 - - [08/Nov/2023:00:49:23 -0500] "GET /BLA/boletinlegal/images/historia.png HTTP/1.1" 200 52775
172.22.2.4 - - [08/Nov/2023:00:49:23 -0500] "GET /BLA/boletinlegal/images/icono-email.png HTTP/1.1" 200 5544
172.22.2.4 - - [08/Nov/2023:00:49:23 -0500] "GET /BLA/boletinlegal/images/menu_lft.gif HTTP/1.1" 200 1713
172.22.2.4 - - [08/Nov/2023:00:49:23 -0500] "GET /BLA/boletinlegal/images/body_bg.jpg HTTP/1.1" 200 1601
172.22.2.4 - - [08/Nov/2023:00:49:23 -0500] "GET /BLA/boletinlegal/images/menu_rght.gif HTTP/1.1" 200 1627
172.22.2.4 - - [08/Nov/2023:00:49:23 -0500] "GET /BLA/boletinlegal/images/bg_top.jpg HTTP/1.1" 200 522
172.22.2.4 - - [08/Nov/2023:00:49:23 -0500] "GET /BLA/boletinlegal/images/text.jpg HTTP/1.1" 200 568
172.22.2.4 - - [08/Nov/2023:00:49:23 -0500] "GET /BLA/boletinlegal/images/menu_bg.jpg HTTP/1.1" 200 620
172.22.2.4 - - [08/Nov/2023:00:49:23 -0500] "GET /BLA/boletinlegal/images/footer_bg.jpg HTTP/1.1" 200 586
172.22.2.4 - - [08/Nov/2023:00:49:23 -0500] "GET /BLA/boletinlegal/images/hover.jpg HTTP/1.1" 200 640
172.22.2.4 - - [08/Nov/2023:00:49:23 -0500] "GET /BLA/boletinlegal/images/footer_bg_l.jpg HTTP/1.1" 200 776
172.22.2.4 - - [08/Nov/2023:00:49:23 -0500] "GET /BLA/boletinlegal/img/0.png HTTP/1.1" 200 110
172.22.2.4 - - [08/Nov/2023:00:49:23 -0500] "GET /BLA/boletinlegal/img/button-left.png HTTP/1.1" 200 57071
172.22.2.4 - - [08/Nov/2023:00:49:23 -0500] "GET /BLA/boletinlegal/img/button.png HTTP/1.1" 200 43241
172.22.2.4 - - [08/Nov/2023:00:49:23 -0500] "GET /BLA/boletinlegal/img/select-right.png HTTP/1.1" 200 44019
172.22.2.4 - - [08/Nov/2023:00:49:23 -0500] "GET /BLA/boletinlegal/img/button-right.png HTTP/1.1" 200 57878
172.22.2.4 - - [08/Nov/2023:00:49:23 -0500] "GET /BLA/boletinlegal/img/select-left.png HTTP/1.1" 200 263
172.22.2.4 - - [08/Nov/2023:00:49:23 -0500] "GET /BLA/boletinlegal/favicon.ico HTTP/1.1" 404 1326
190.158.100.71 - - [08/Nov/2023:00:49:32 -0500] "GET /BLA/resoluciones/ HTTP/1.1" 200 13696
190.158.100.71 - - [08/Nov/2023:00:49:32 -0500] "GET /BLA/resoluciones/dlf/styles.css HTTP/1.1" 200 3049
190.158.100.71 - - [08/Nov/2023:00:49:32 -0500] "GET /BLA/resoluciones/dlf/folder.png HTTP/1.1" 200 410
190.158.100.71 - - [08/Nov/2023:00:49:32 -0500] "GET /BLA/resoluciones/dlf/bg.gif HTTP/1.1" 200 54
190.158.100.71 - - [08/Nov/2023:00:49:32 -0500] "GET /favicon.ico HTTP/1.1" 200 7782
190.158.100.71 - - [08/Nov/2023:00:49:35 -0500] "GET /BLA/resoluciones/dlf/dirup.png HTTP/1.1" 200 644
190.158.100.71 - - [08/Nov/2023:00:49:35 -0500] "GET /BLA/resoluciones/dlf/pdf.gif HTTP/1.1" 200 272
190.158.100.71 - - [08/Nov/2023:00:49:34 -0500] "GET /BLA/resoluciones/index.php?dir=AUTOS+2020%2F HTTP/1.1" 200 332687
66.249.79.224 - - [08/Nov/2023:00:50:40 -0500] "GET /BLA/resoluciones/AUTOS%202014/5789.pdf HTTP/1.1" 200 208276
216.245.221.92 - - [08/Nov/2023:00:50:43 -0500] "HEAD / HTTP/1.1" 200 -
172.22.2.4 - - [08/Nov/2023:00:49:26 -0500] "HEAD /BLA/boletinlegal/ HTTP/1.1" 200 -
172.22.2.4 - - [08/Nov/2023:00:50:16 -0500] "GET /BLA/boletinlegal/ HTTP/1.1" 200 58294
201.245.192.253 - - [08/Nov/2023:00:53:19 -0500] "POST /kwsrmcab/Wsrmcab  HTTP/1.1" 200 42686
52.167.144.179 - - [08/Nov/2023:00:54:23 -0500] "GET /BLA/resoluciones/RESOLUCIONES%202023/1454.pdf HTTP/1.1" 200 462668
40.77.167.28 - - [08/Nov/2023:00:54:40 -0500] "GET /BLA/resoluciones/RESOLUCIONES%202005/00001089.tif HTTP/1.1" 200 153780
216.245.221.92 - - [08/Nov/2023:00:55:43 -0500] "HEAD / HTTP/1.1" 200 -
172.22.2.4 - - [08/Nov/2023:00:55:16 -0500] "HEAD /BLA/boletinlegal/ HTTP/1.1" 200 -
172.22.2.4 - - [08/Nov/2023:00:56:06 -0500] "GET /BLA/boletinlegal/ HTTP/1.1" 200 60634
69.63.189.117 - - [08/Nov/2023:00:58:05 -0500] "GET /images/cuerpos%20de%20agua%20en%20humedales-19-10.jpg HTTP/1.1" 200 73528
201.245.192.253 - - [08/Nov/2023:00:58:18 -0500] "POST /kwsrmcab/Wsrmcab  HTTP/1.1" 200 42686
216.245.221.92 - - [08/Nov/2023:01:00:43 -0500] "HEAD / HTTP/1.1" 200 -
52.167.144.179 - - [08/Nov/2023:01:01:13 -0500] "GET /BLA/resoluciones/RESOLUCIONES%202005/00001066.tif HTTP/1.1" 200 133752
43.153.17.220 - - [08/Nov/2023:01:02:09 -0500] "GET /portaldeninos/wp-content/uploads/2020/01/Tierra-escenario.jpg HTTP/1.1" 200 181491
66.249.66.38 - - [08/Nov/2023:01:02:34 -0500] "GET /distrito-formaliza-el-ultimo-acuerdo-de-la-actual-administracion-con-las-organizaciones-sindicales.html HTTP/1.1" 304 -
172.22.2.4 - - [08/Nov/2023:01:01:06 -0500] "HEAD /BLA/boletinlegal/ HTTP/1.1" 200 -
201.245.192.253 - - [08/Nov/2023:01:03:17 -0500] "POST /kwsrmcab/Wsrmcab  HTTP/1.1" 200 42686
172.22.2.4 - - [08/Nov/2023:01:01:56 -0500] "GET /BLA/boletinlegal/ HTTP/1.1" 200 59360
172.22.2.4 - - [08/Nov/2023:01:04:08 -0500] "GET /BLA/boletinlegal/actos.php HTTP/1.1" 200 9682
216.245.221.92 - - [08/Nov/2023:01:05:43 -0500] "HEAD / HTTP/1.1" 200 -
157.55.39.53 - - [08/Nov/2023:01:06:09 -0500] "GET /bla/resoluciones/resoluciones%202023/1611.pdf HTTP/1.1" 200 452654
157.55.39.201 - - [08/Nov/2023:01:08:11 -0500] "GET /BLA/resoluciones/ HTTP/1.1" 200 13696
201.245.192.253 - - [08/Nov/2023:01:08:16 -0500] "POST /kwsrmcab/Wsrmcab  HTTP/1.1" 200 42686
172.22.2.4 - - [08/Nov/2023:01:06:56 -0500] "HEAD /BLA/boletinlegal/ HTTP/1.1" 200 -
172.22.2.4 - - [08/Nov/2023:01:07:46 -0500] "GET /BLA/boletinlegal/ HTTP/1.1" 200 61018
216.245.221.92 - - [08/Nov/2023:01:10:43 -0500] "HEAD / HTTP/1.1" 200 -
66.249.79.224 - - [08/Nov/2023:01:12:32 -0500] "GET /BLA/resoluciones/RESOLUCIONES%202018/2566.pdf HTTP/1.1" 200 291217
40.77.167.26 - - [08/Nov/2023:01:12:36 -0500] "GET /BLA/resoluciones/AUTOS%202023/2515.pdf HTTP/1.1" 200 2319655
201.245.192.253 - - [08/Nov/2023:01:13:16 -0500] "POST /kwsrmcab/Wsrmcab  HTTP/1.1" 200 42686
152.61.192.232 - - [08/Nov/2023:01:13:20 -0500] "GET / HTTP/1.1" 200 319
66.249.66.38 - - [08/Nov/2023:01:13:45 -0500] "GET /secretaria-de-ambiente-entrego-balance-de-su-gestion-en-2022-y-presento-los-retos-para-el-2023.html HTTP/1.1" 304 -
172.22.2.4 - - [08/Nov/2023:01:12:46 -0500] "HEAD /BLA/boletinlegal/ HTTP/1.1" 200 -
66.249.79.224 - - [08/Nov/2023:01:15:09 -0500] "GET /BLA/resoluciones/RESOLUCIONES%202008/4540.pdf HTTP/1.1" 200 496649
172.22.2.4 - - [08/Nov/2023:01:13:36 -0500] "GET /BLA/boletinlegal/ HTTP/1.1" 200 56634
216.245.221.92 - - [08/Nov/2023:01:15:42 -0500] "HEAD / HTTP/1.1" 200 -
201.245.192.253 - - [08/Nov/2023:01:16:58 -0500] "POST /kwsrmcab/Wsrmcab HTTP/1.1" 200 40038
201.245.192.253 - - [08/Nov/2023:01:17:00 -0500] "POST /kwsrmcab/Wsrmcab HTTP/1.1" 200 40187
173.252.107.120 - - [08/Nov/2023:01:18:11 -0500] "GET /images/feria-servicios-5-MAYO.jpg HTTP/1.1" 200 39759
201.245.192.253 - - [08/Nov/2023:01:18:15 -0500] "POST /kwsrmcab/Wsrmcab  HTTP/1.1" 200 42686
40.77.167.53 - - [08/Nov/2023:01:18:24 -0500] "GET /bla/resoluciones/notificaciones/autos%202018/5702.pdf HTTP/1.1" 200 280839
157.55.39.14 - - [08/Nov/2023:01:19:33 -0500] "GET /bla/resoluciones/notificaciones/autos%202018/3344.pdf HTTP/1.1" 200 283704
190.159.168.169 - - [08/Nov/2023:01:20:05 -0500] "GET /BLA/resoluciones/index.php?dir=AUTOS+2019%2F HTTP/1.1" 200 390757
190.159.168.169 - - [08/Nov/2023:01:20:05 -0500] "GET /BLA/resoluciones/dlf/styles.css HTTP/1.1" 200 3049
190.159.168.169 - - [08/Nov/2023:01:20:05 -0500] "GET /BLA/resoluciones/dlf/dirup.png HTTP/1.1" 200 644
190.159.168.169 - - [08/Nov/2023:01:20:05 -0500] "GET /BLA/resoluciones/dlf/pdf.gif HTTP/1.1" 200 272
190.159.168.169 - - [08/Nov/2023:01:20:05 -0500] "GET /BLA/resoluciones/dlf/archive.png HTTP/1.1" 200 632
190.159.168.169 - - [08/Nov/2023:01:20:05 -0500] "GET /BLA/resoluciones/dlf/bg.gif HTTP/1.1" 200 54
190.159.168.169 - - [08/Nov/2023:01:20:06 -0500] "GET /favicon.ico HTTP/1.1" 200 7782
190.159.168.169 - - [08/Nov/2023:01:20:12 -0500] "GET /BLA/resoluciones/index.php HTTP/1.1" 200 13696
190.159.168.169 - - [08/Nov/2023:01:20:12 -0500] "GET /BLA/resoluciones/dlf/folder.png HTTP/1.1" 200 410
40.77.167.132 - - [08/Nov/2023:01:20:15 -0500] "GET /BLA/resoluciones/AUTOS%202023/1331.pdf HTTP/1.1" 200 423808
172.22.2.4 - - [08/Nov/2023:01:18:36 -0500] "HEAD /BLA/boletinlegal/ HTTP/1.1" 200 -
190.159.168.169 - - [08/Nov/2023:01:20:15 -0500] "GET /BLA/resoluciones/index.php?dir=AUTOS+2020%2F HTTP/1.1" 200 332687
201.245.192.253 - - [08/Nov/2023:01:20:14 -0500] "POST /kwsrmcab/Wsrmcab HTTP/1.1" 200 40038
201.245.192.253 - - [08/Nov/2023:01:20:17 -0500] "POST /kwsrmcab/Wsrmcab HTTP/1.1" 200 40187
216.245.221.92 - - [08/Nov/2023:01:20:42 -0500] "HEAD / HTTP/1.1" 200 -
66.249.79.238 - - [08/Nov/2023:01:20:52 -0500] "GET /BLA/resoluciones/AUTOS%202012/0533.pdf HTTP/1.1" 200 697006
172.22.2.4 - - [08/Nov/2023:01:19:26 -0500] "GET /BLA/boletinlegal/ HTTP/1.1" 200 58294
20.15.133.185 - - [08/Nov/2023:01:22:48 -0500] "GET /Publicaciones/2023EE225258.pdf HTTP/1.1" 404 228
66.249.79.238 - - [08/Nov/2023:01:23:05 -0500] "GET /BLA/resoluciones/RESOLUCIONES%202009/8766.pdf HTTP/1.1" 200 281289
172.22.2.4 - - [08/Nov/2023:01:21:34 -0500] "GET /BLA/boletinlegal/ HTTP/1.1" 200 63167
201.245.192.253 - - [08/Nov/2023:01:23:13 -0500] "POST /kwsrmcab/Wsrmcab  HTTP/1.1" 200 42686
66.249.79.238 - - [08/Nov/2023:01:23:21 -0500] "GET /BLA/resoluciones/RESOLUCIONES%202009/0192.pdf HTTP/1.1" 200 257319
152.61.128.50 - - [08/Nov/2023:01:24:14 -0500] "GET / HTTP/1.1" 200 319
216.245.221.92 - - [08/Nov/2023:01:25:42 -0500] "HEAD / HTTP/1.1" 200 -
172.22.2.4 - - [08/Nov/2023:01:24:26 -0500] "HEAD /BLA/boletinlegal/ HTTP/1.1" 200 -
172.22.2.4 - - [08/Nov/2023:01:25:16 -0500] "GET /BLA/boletinlegal/ HTTP/1.1" 200 58294
201.245.192.253 - - [08/Nov/2023:01:26:57 -0500] "POST /kwsrmcab/Wsrmcab HTTP/1.1" 200 40038
201.245.192.253 - - [08/Nov/2023:01:27:00 -0500] "POST /kwsrmcab/Wsrmcab HTTP/1.1" 200 40187
190.158.100.71 - - [08/Nov/2023:01:28:04 -0500] "GET /BLA/resoluciones/index.php?dir=AUTOS+2012%2F HTTP/1.1" 200 276641
201.245.192.253 - - [08/Nov/2023:01:28:12 -0500] "POST /kwsrmcab/Wsrmcab  HTTP/1.1" 200 42686
66.249.79.238 - - [08/Nov/2023:01:28:42 -0500] "GET /BLA/resoluciones/AUTOS%202007/3358.pdf HTTP/1.1" 200 116981
40.77.167.47 - - [08/Nov/2023:01:29:06 -0500] "GET /BLA/boletinlegal/js/jquery.scrollShow.js HTTP/1.1" 200 4586
201.245.192.253 - - [08/Nov/2023:01:30:14 -0500] "POST /kwsrmcab/Wsrmcab HTTP/1.1" 200 40038
201.245.192.253 - - [08/Nov/2023:01:30:17 -0500] "POST /kwsrmcab/Wsrmcab HTTP/1.1" 200 40187
34.141.237.5 - - [08/Nov/2023:01:30:42 -0500] "GET /propietarios-inscritos-en-el-inventario-nacional-de-bifenilos-de-policlorados-tienen-plazo-hasta-noviembre-para-reportar-su-balance.html HTTP/1.1" 200 1003
216.245.221.92 - - [08/Nov/2023:01:30:42 -0500] "HEAD / HTTP/1.1" 200 -
172.22.2.4 - - [08/Nov/2023:01:30:16 -0500] "HEAD /BLA/boletinlegal/ HTTP/1.1" 200 -
172.22.2.4 - - [08/Nov/2023:01:31:06 -0500] "GET /BLA/boletinlegal/ HTTP/1.1" 200 58294
201.245.192.253 - - [08/Nov/2023:01:33:11 -0500] "POST /kwsrmcab/Wsrmcab  HTTP/1.1" 200 42686
207.46.13.168 - - [08/Nov/2023:01:34:16 -0500] "GET /BLA/resoluciones/AUTOS%202021/4056.pdf HTTP/1.1" 200 353789
216.245.221.92 - - [08/Nov/2023:01:35:42 -0500] "HEAD / HTTP/1.1" 200 -
52.167.144.20 - - [08/Nov/2023:01:36:48 -0500] "GET /BLA/resoluciones/RESOLUCIONES%202012/1320.pdf HTTP/1.1" 200 289703
201.245.192.253 - - [08/Nov/2023:01:36:58 -0500] "POST /kwsrmcab/Wsrmcab HTTP/1.1" 200 40038
201.245.192.253 - - [08/Nov/2023:01:37:01 -0500] "POST /kwsrmcab/Wsrmcab HTTP/1.1" 200 40187
172.22.2.4 - - [08/Nov/2023:01:36:06 -0500] "HEAD /BLA/boletinlegal/ HTTP/1.1" 200 -
201.245.192.253 - - [08/Nov/2023:01:38:10 -0500] "POST /kwsrmcab/Wsrmcab  HTTP/1.1" 200 42686
172.22.2.4 - - [08/Nov/2023:01:36:57 -0500] "GET /BLA/boletinlegal/ HTTP/1.1" 200 58294
201.245.192.253 - - [08/Nov/2023:01:40:15 -0500] "POST /kwsrmcab/Wsrmcab HTTP/1.1" 200 40038
201.245.192.253 - - [08/Nov/2023:01:40:17 -0500] "POST /kwsrmcab/Wsrmcab HTTP/1.1" 200 40187
216.245.221.92 - - [08/Nov/2023:01:40:42 -0500] "HEAD / HTTP/1.1" 200 -
201.245.192.253 - - [08/Nov/2023:01:43:09 -0500] "POST /kwsrmcab/Wsrmcab  HTTP/1.1" 200 42686
172.22.2.4 - - [08/Nov/2023:01:41:56 -0500] "HEAD /BLA/boletinlegal/ HTTP/1.1" 200 -
172.22.2.4 - - [08/Nov/2023:01:42:47 -0500] "GET /BLA/boletinlegal/ HTTP/1.1" 200 58294
66.249.79.238 - - [08/Nov/2023:01:44:54 -0500] "GET /BLA/resoluciones/RESOLUCIONES%202011/1493.pdf HTTP/1.1" 200 72259
66.249.79.224 - - [08/Nov/2023:01:45:06 -0500] "GET /BLA/resoluciones/AUTOS%202008/0388.pdf HTTP/1.1" 200 244947
216.245.221.92 - - [08/Nov/2023:01:45:42 -0500] "HEAD / HTTP/1.1" 200 -
201.245.192.253 - - [08/Nov/2023:01:48:07 -0500] "POST /kwsrmcab/Wsrmcab  HTTP/1.1" 200 42686
172.22.2.4 - - [08/Nov/2023:01:48:15 -0500] "GET /BLA/boletinlegal/robots.txt HTTP/1.1" 404 1038
172.22.2.4 - - [08/Nov/2023:01:48:16 -0500] "GET /BLA/boletinlegal/Circulares/2017/Circular%20No.%2007%20del%2028%20de%20Abril%20de%202017.pdf HTTP/1.1" 200 309906
186.155.12.94 - - [08/Nov/2023:01:49:11 -0500] "GET /sipse/faces/faces/faces/index.xhtml HTTP/1.1" 200 677
186.155.12.94 - - [08/Nov/2023:01:49:11 -0500] "GET /sipse/faces/javax.faces.resource/theme.css?ln=primefaces-sipse HTTP/1.1" 304 -
186.155.12.94 - - [08/Nov/2023:01:49:11 -0500] "GET /sipse/faces/faces/faces/faces/autenticacion.xhtml HTTP/1.1" 200 12409
186.155.12.94 - - [08/Nov/2023:01:49:11 -0500] "GET /sipse/faces/javax.faces.resource/theme.css?ln=primefaces-sipse HTTP/1.1" 304 -
186.155.12.94 - - [08/Nov/2023:01:49:11 -0500] "GET /sipse/faces/javax.faces.resource/jquery/jquery.js?ln=primefaces&v=4.0 HTTP/1.1" 304 -
186.155.12.94 - - [08/Nov/2023:01:49:11 -0500] "GET /sipse/faces/javax.faces.resource/jquery/jquery-plugins.js?ln=primefaces&v=4.0 HTTP/1.1" 304 -
186.155.12.94 - - [08/Nov/2023:01:49:11 -0500] "GET /sipse/faces/javax.faces.resource/primefaces.js?ln=primefaces&v=4.0 HTTP/1.1" 304 -
186.155.12.94 - - [08/Nov/2023:01:49:11 -0500] "GET /sipse/faces/javax.faces.resource/layout/layout.js?ln=primefaces&v=4.0 HTTP/1.1" 304 -
186.155.12.94 - - [08/Nov/2023:01:49:11 -0500] "GET /sipse/faces/javax.faces.resource/layout/layout.css?ln=primefaces&v=4.0 HTTP/1.1" 200 542
186.155.12.94 - - [08/Nov/2023:01:49:11 -0500] "GET /sipse/faces/javax.faces.resource/primefaces.css?ln=primefaces&v=4.0 HTTP/1.1" 200 53295
186.155.12.94 - - [08/Nov/2023:01:49:11 -0500] "GET /sipse/faces/javax.faces.resource/images/ui-icons_898989_256x240.png?ln=primefaces-aristo HTTP/1.1" 200 5355
186.155.12.94 - - [08/Nov/2023:01:49:14 -0500] "POST /sipse/faces/autenticacion.xhtml HTTP/1.1" 200 2221
186.155.12.94 - - [08/Nov/2023:01:49:14 -0500] "GET /sipse/faces/javax.faces.resource/messages/messages.png?ln=primefaces&v=4.0 HTTP/1.1" 304 -
186.155.12.94 - - [08/Nov/2023:01:49:15 -0500] "POST /sipse/faces/autenticacion.xhtml HTTP/1.1" 200 16349
186.155.12.94 - - [08/Nov/2023:01:49:15 -0500] "GET /sipse/faces/javax.faces.resource/jquery/jquery.js?ln=primefaces&v=4.0 HTTP/1.1" 304 -
186.155.12.94 - - [08/Nov/2023:01:49:15 -0500] "GET /sipse/faces/javax.faces.resource/jquery/jquery-plugins.js?ln=primefaces&v=4.0 HTTP/1.1" 304 -
186.155.12.94 - - [08/Nov/2023:01:49:15 -0500] "GET /sipse/faces/javax.faces.resource/primefaces.js?ln=primefaces&v=4.0 HTTP/1.1" 304 -
186.155.12.94 - - [08/Nov/2023:01:49:15 -0500] "GET /sipse/faces/javax.faces.resource/layout/layout.js?ln=primefaces&v=4.0 HTTP/1.1" 304 -
186.155.12.94 - - [08/Nov/2023:01:49:17 -0500] "GET /sipse/faces/javax.faces.resource/images/ui-bg_flat_0_2d5972_40x100.png?ln=primefaces-aristo HTTP/1.1" 304 -
186.155.12.94 - - [08/Nov/2023:01:49:17 -0500] "POST /sipse/faces/bienvenido.xhtml HTTP/1.1" 200 2658
186.155.12.94 - - [08/Nov/2023:01:49:18 -0500] "POST /sipse/faces/bienvenido.xhtml HTTP/1.1" 200 62964
186.155.12.94 - - [08/Nov/2023:01:49:19 -0500] "GET /sipse/faces/javax.faces.resource/jquery/jquery.js?ln=primefaces&v=4.0 HTTP/1.1" 304 -
186.155.12.94 - - [08/Nov/2023:01:49:19 -0500] "GET /sipse/faces/javax.faces.resource/jquery/jquery-plugins.js?ln=primefaces&v=4.0 HTTP/1.1" 304 -
186.155.12.94 - - [08/Nov/2023:01:49:19 -0500] "GET /sipse/faces/javax.faces.resource/primefaces.js?ln=primefaces&v=4.0 HTTP/1.1" 304 -
186.155.12.94 - - [08/Nov/2023:01:49:19 -0500] "GET /sipse/faces/javax.faces.resource/layout/layout.js?ln=primefaces&v=4.0 HTTP/1.1" 304 -
186.155.12.94 - - [08/Nov/2023:01:49:19 -0500] "POST /sipse/faces/presentacion/financiero/solicitudProceso/listarSolicitudProceso.xhtml HTTP/1.1" 200 1548
186.155.12.94 - - [08/Nov/2023:01:49:22 -0500] "POST /sipse/faces/presentacion/financiero/solicitudProceso/listarSolicitudProceso.xhtml HTTP/1.1" 200 16437
172.22.2.4 - - [08/Nov/2023:01:47:46 -0500] "HEAD /BLA/boletinlegal/ HTTP/1.1" 200 -
186.155.12.94 - - [08/Nov/2023:01:49:27 -0500] "POST /sipse/faces/presentacion/financiero/solicitudProceso/listarSolicitudProceso.xhtml HTTP/1.1" 200 56341
186.155.12.94 - - [08/Nov/2023:01:49:27 -0500] "POST /sipse/faces/presentacion/financiero/solicitudProceso/listarSolicitudProceso.xhtml HTTP/1.1" 200 56341
186.155.12.94 - - [08/Nov/2023:01:49:27 -0500] "POST /sipse/faces/presentacion/financiero/solicitudProceso/listarSolicitudProceso.xhtml HTTP/1.1" 200 1548
186.155.12.94 - - [08/Nov/2023:01:49:27 -0500] "POST /sipse/faces/presentacion/financiero/solicitudProceso/listarSolicitudProceso.xhtml HTTP/1.1" 200 1560
172.22.2.4 - - [08/Nov/2023:01:48:37 -0500] "GET /BLA/boletinlegal/ HTTP/1.1" 200 58294
216.245.221.92 - - [08/Nov/2023:01:50:42 -0500] "HEAD / HTTP/1.1" 200 -
173.252.111.4 - - [08/Nov/2023:01:51:18 -0500] "GET /propietarios-inscritos-en-el-inventario-nacional-de-bifenilos-de-policlorados-tienen-plazo-hasta-noviembre-para-reportar-su-balance.html HTTP/1.1" 200 1003
152.61.192.232 - - [08/Nov/2023:01:51:43 -0500] "GET /arcgis/services/Calidad_del_Agua_WQI/MapServer/WMSServer?request=GetCapabilities&service=WMS HTTP/1.1" 503 1020
152.61.192.232 - - [08/Nov/2023:01:51:44 -0500] "GET /arcgis/services/Calidad_del_Agua_WQI/MapServer/WMSServer?SERVICE=WMS&REQUEST=GetCapabilities HTTP/1.1" 503 1020
152.61.192.232 - - [08/Nov/2023:01:51:44 -0500] "GET /arcgis/services/Calidad_del_Agua_WQI/MapServer/WMSServer?WMTVER=1.0.0&REQUEST=capabilities HTTP/1.1" 503 1020
201.245.192.253 - - [08/Nov/2023:01:53:05 -0500] "POST /kwsrmcab/Wsrmcab  HTTP/1.1" 200 42686
200.118.80.106 - - [08/Nov/2023:01:54:01 -0500] "GET /BLA/resoluciones/index.php?dir=AUTOS+2014%2F HTTP/1.1" 200 890851
200.118.80.106 - - [08/Nov/2023:01:54:04 -0500] "GET /BLA/resoluciones/dlf/dirup.png HTTP/1.1" 200 644
172.22.2.4 - - [08/Nov/2023:01:53:36 -0500] "HEAD /BLA/boletinlegal/ HTTP/1.1" 200 -
216.245.221.92 - - [08/Nov/2023:01:55:42 -0500] "HEAD / HTTP/1.1" 200 -
172.22.2.4 - - [08/Nov/2023:01:54:27 -0500] "GET /BLA/boletinlegal/ HTTP/1.1" 200 58644
207.46.13.111 - - [08/Nov/2023:01:56:40 -0500] "GET /BLA/resoluciones/AUTOS%202023/3267.pdf HTTP/1.1" 200 2736962
201.245.192.253 - - [08/Nov/2023:01:58:05 -0500] "POST /kwsrmcab/Wsrmcab  HTTP/1.1" 200 42686
116.202.20.140 - - [08/Nov/2023:01:59:30 -0500] "GET / HTTP/1.1" 200 4720
116.202.20.140 - - [08/Nov/2023:01:59:30 -0500] "GET / HTTP/1.1" 200 319
69.171.231.6 - - [08/Nov/2023:01:59:49 -0500] "GET /en-semana-santa-no-uses-palmas-ni-traigas-o-consumas-animales-silvestres.html HTTP/1.1" 200 959
216.245.221.92 - - [08/Nov/2023:02:00:42 -0500] "HEAD / HTTP/1.1" 200 -
172.22.2.4 - - [08/Nov/2023:01:59:26 -0500] "HEAD /BLA/boletinlegal/ HTTP/1.1" 200 -
52.167.144.233 - - [08/Nov/2023:02:01:09 -0500] "GET /BLA/resoluciones/AUTOS%202023/3186.pdf HTTP/1.1" 200 2279161
66.249.79.238 - - [08/Nov/2023:02:01:10 -0500] "GET /BLA/resoluciones/AUTOS%202011/5753.pdf HTTP/1.1" 200 201036
172.22.2.4 - - [08/Nov/2023:02:00:17 -0500] "GET /BLA/boletinlegal/ HTTP/1.1" 200 59360
40.77.167.60 - - [08/Nov/2023:02:02:35 -0500] "GET /BLA/resoluciones/RESOLUCIONES%202005/00001076.tif HTTP/1.1" 200 202944
201.245.192.253 - - [08/Nov/2023:02:03:03 -0500] "POST /kwsrmcab/Wsrmcab  HTTP/1.1" 200 42686
216.245.221.92 - - [08/Nov/2023:02:05:42 -0500] "HEAD / HTTP/1.1" 200 -
