201.245.192.253 - - [08/Nov/2023:12:26:51 -0500] "POST /forms/lservlet;jsessionid=ac16012b30d6f33de23e535e48629b158b5de6bb217d.e3iSbxaKaheRe3eRa38MahaQbi1ynknvrkLOlQzNp65In0 HTTP/1.1" 200 2
201.245.192.253 - - [08/Nov/2023:12:26:53 -0500] "POST /sipse/faces/presentacion/financiero/solicitudProceso/consultar.xhtml HTTP/1.1" 200 23089
201.245.192.253 - - [08/Nov/2023:12:26:55 -0500] "POST /kwsrmcab/Wsrmcab HTTP/1.1" 200 40460
201.245.192.253 - - [08/Nov/2023:12:26:58 -0500] "POST /kwsrmcab/Wsrmcab HTTP/1.1" 200 36961
201.245.192.253 - - [08/Nov/2023:12:26:54 -0500] "POST /sipse/faces/presentacion/financiero/solicitudProceso/consultar.xhtml HTTP/1.1" 200 42215
201.245.192.253 - - [08/Nov/2023:12:27:06 -0500] "POST /sipse/faces/presentacion/financiero/solicitudProceso/consultar.xhtml HTTP/1.1" 200 13011
201.245.192.253 - - [08/Nov/2023:12:27:10 -0500] "POST /forms/lservlet;jsessionid=ac16012b30d6c4b98c9a00674ab49b599f8f4161ab5e.e3iSbxaKaheRe3eRa38MahaQbi1ynknvrkLOlQzNp65In0 HTTP/1.1" 200 2
201.245.192.253 - - [08/Nov/2023:12:27:21 -0500] "POST /sipse/faces/presentacion/financiero/solicitudProceso/listarSolicitudProceso.xhtml HTTP/1.1" 200 119757
201.245.192.253 - - [08/Nov/2023:12:27:22 -0500] "GET /sipse/faces/javax.faces.resource/jquery/jquery.js?ln=primefaces&v=4.0 HTTP/1.1" 304 -
201.245.192.253 - - [08/Nov/2023:12:27:22 -0500] "GET /sipse/faces/javax.faces.resource/jquery/jquery-plugins.js?ln=primefaces&v=4.0 HTTP/1.1" 304 -
201.245.192.253 - - [08/Nov/2023:12:27:22 -0500] "GET /sipse/faces/javax.faces.resource/primefaces.js?ln=primefaces&v=4.0 HTTP/1.1" 304 -
201.245.192.253 - - [08/Nov/2023:12:27:22 -0500] "GET /sipse/faces/javax.faces.resource/layout/layout.js?ln=primefaces&v=4.0 HTTP/1.1" 304 -
185.180.143.48 - - [08/Nov/2023:12:28:24 -0500] "GET /portaldeninos/ HTTP/1.1" 200 110175
201.245.192.253 - - [08/Nov/2023:12:28:51 -0500] "POST /forms/lservlet;jsessionid=ac16012b30d6f33de23e535e48629b158b5de6bb217d.e3iSbxaKaheRe3eRa38MahaQbi1ynknvrkLOlQzNp65In0 HTTP/1.1" 200 2
66.249.66.20 - - [08/Nov/2023:12:29:06 -0500] "GET /portel_dama/libreria/php/2006/ECOSISTEMAS%20FINAL%20web_mz27/x%20restauracion/sitio/22_proye/xtras_in/3a.pdf HTTP/1.1" 404 1018
201.245.192.253 - - [08/Nov/2023:12:29:10 -0500] "POST /forms/lservlet;jsessionid=ac16012b30d6c4b98c9a00674ab49b599f8f4161ab5e.e3iSbxaKaheRe3eRa38MahaQbi1ynknvrkLOlQzNp65In0 HTTP/1.1" 200 2
191.156.233.22 - - [08/Nov/2023:12:29:22 -0500] "GET /sipse/faces/javax.faces.resource/images/ui-bg_flat_0_2d5972_40x100.png?ln=primefaces-aristo HTTP/1.1" 304 -
191.156.233.22 - - [08/Nov/2023:12:29:22 -0500] "POST /sipse/faces/presentacion/financiero/solicitudProceso/consultarSolicitudProceso.xhtml HTTP/1.1" 200 42232
191.156.233.22 - - [08/Nov/2023:12:29:23 -0500] "GET /sipse/faces/javax.faces.resource/theme.css?ln=primefaces-sipse HTTP/1.1" 304 -
191.156.233.22 - - [08/Nov/2023:12:29:23 -0500] "GET /sipse/faces/javax.faces.resource/primefaces.css?ln=primefaces&v=4.0 HTTP/1.1" 304 -
191.156.232.226 - - [08/Nov/2023:12:29:23 -0500] "GET /sipse/faces/javax.faces.resource/jquery/jquery.js?ln=primefaces&v=4.0 HTTP/1.1" 304 -
191.156.233.22 - - [08/Nov/2023:12:29:23 -0500] "GET /sipse/faces/javax.faces.resource/layout/layout.css?ln=primefaces&v=4.0 HTTP/1.1" 304 -
191.156.232.226 - - [08/Nov/2023:12:29:23 -0500] "GET /sipse/faces/javax.faces.resource/jquery/jquery-plugins.js?ln=primefaces&v=4.0 HTTP/1.1" 304 -
191.156.232.226 - - [08/Nov/2023:12:29:23 -0500] "GET /sipse/faces/javax.faces.resource/primefaces.js?ln=primefaces&v=4.0 HTTP/1.1" 304 -
191.156.232.226 - - [08/Nov/2023:12:29:23 -0500] "GET /sipse/faces/javax.faces.resource/layout/layout.js?ln=primefaces&v=4.0 HTTP/1.1" 304 -
191.156.233.22 - - [08/Nov/2023:12:29:23 -0500] "GET /sipse/css/imagen/contrasena.png HTTP/1.1" 404 383
191.156.232.226 - - [08/Nov/2023:12:29:23 -0500] "POST /sipse/faces/presentacion/financiero/solicitudProceso/consultar.xhtml HTTP/1.1" 200 35636
191.156.232.226 - - [08/Nov/2023:12:29:24 -0500] "POST /sipse/faces/presentacion/financiero/solicitudProceso/consultar.xhtml HTTP/1.1" 200 35636
191.156.232.226 - - [08/Nov/2023:12:29:24 -0500] "POST /sipse/faces/presentacion/financiero/solicitudProceso/consultar.xhtml HTTP/1.1" 200 35636
191.156.232.226 - - [08/Nov/2023:12:29:25 -0500] "POST /sipse/faces/presentacion/financiero/solicitudProceso/consultar.xhtml HTTP/1.1" 200 35636
191.156.232.226 - - [08/Nov/2023:12:29:29 -0500] "POST /sipse/faces/presentacion/financiero/solicitudProceso/consultar.xhtml HTTP/1.1" 200 12909
191.156.232.226 - - [08/Nov/2023:12:29:32 -0500] "POST /sipse/faces/presentacion/financiero/solicitudProceso/consultar.xhtml HTTP/1.1" 200 196232
191.156.232.226 - - [08/Nov/2023:12:29:35 -0500] "GET /sipse/faces/javax.faces.resource/theme.css?ln=primefaces-sipse HTTP/1.1" 304 -
191.156.233.22 - - [08/Nov/2023:12:29:35 -0500] "GET /sipse/faces/javax.faces.resource/primefaces.css?ln=primefaces&v=4.0 HTTP/1.1" 304 -
191.156.233.22 - - [08/Nov/2023:12:29:35 -0500] "GET /sipse/faces/javax.faces.resource/layout/layout.css?ln=primefaces&v=4.0 HTTP/1.1" 304 -
191.156.233.22 - - [08/Nov/2023:12:29:35 -0500] "GET /sipse/faces/javax.faces.resource/jquery/jquery.js?ln=primefaces&v=4.0 HTTP/1.1" 304 -
191.156.233.22 - - [08/Nov/2023:12:29:35 -0500] "GET /sipse/faces/javax.faces.resource/jquery/jquery-plugins.js?ln=primefaces&v=4.0 HTTP/1.1" 304 -
191.156.233.22 - - [08/Nov/2023:12:29:35 -0500] "GET /sipse/faces/javax.faces.resource/primefaces.js?ln=primefaces&v=4.0 HTTP/1.1" 304 -
191.156.233.22 - - [08/Nov/2023:12:29:35 -0500] "GET /sipse/faces/javax.faces.resource/layout/layout.js?ln=primefaces&v=4.0 HTTP/1.1" 304 -
191.156.233.22 - - [08/Nov/2023:12:29:35 -0500] "GET /sipse/css/imagen/contrasena.png HTTP/1.1" 404 383
191.156.233.22 - - [08/Nov/2023:12:29:44 -0500] "POST /sipse/faces/presentacion/financiero/solicitudProceso/consultarSolicitudProceso.xhtml HTTP/1.1" 200 154496
201.245.192.253 - - [08/Nov/2023:12:30:02 -0500] "POST /sipse/faces/presentacion/financiero/solicitudProceso/consultarSolicitudProceso.xhtml HTTP/1.1" 200 47816
201.245.192.253 - - [08/Nov/2023:12:30:05 -0500] "GET /sipse/faces/javax.faces.resource/primefaces.css?ln=primefaces&v=4.0 HTTP/1.1" 304 -
201.245.192.253 - - [08/Nov/2023:12:30:05 -0500] "GET /sipse/faces/javax.faces.resource/theme.css?ln=primefaces-sipse HTTP/1.1" 304 -
201.245.192.253 - - [08/Nov/2023:12:30:05 -0500] "GET /sipse/faces/javax.faces.resource/layout/layout.css?ln=primefaces&v=4.0 HTTP/1.1" 304 -
201.245.192.253 - - [08/Nov/2023:12:30:05 -0500] "GET /sipse/faces/javax.faces.resource/jquery/jquery.js?ln=primefaces&v=4.0 HTTP/1.1" 304 -
201.245.192.253 - - [08/Nov/2023:12:30:05 -0500] "GET /sipse/faces/javax.faces.resource/jquery/jquery-plugins.js?ln=primefaces&v=4.0 HTTP/1.1" 304 -
201.245.192.253 - - [08/Nov/2023:12:30:05 -0500] "GET /sipse/faces/javax.faces.resource/primefaces.js?ln=primefaces&v=4.0 HTTP/1.1" 304 -
201.245.192.253 - - [08/Nov/2023:12:30:05 -0500] "GET /sipse/faces/javax.faces.resource/layout/layout.js?ln=primefaces&v=4.0 HTTP/1.1" 304 -
201.245.192.253 - - [08/Nov/2023:12:30:05 -0500] "POST /sipse/faces/presentacion/financiero/solicitudProceso/listarSolicitudProceso.xhtml HTTP/1.1" 200 1472
201.245.192.253 - - [08/Nov/2023:12:30:10 -0500] "POST /sipse/faces/presentacion/financiero/solicitudProceso/listarSolicitudProceso.xhtml HTTP/1.1" 200 110274
201.245.192.253 - - [08/Nov/2023:12:30:11 -0500] "GET /sipse/faces/javax.faces.resource/theme.css?ln=primefaces-sipse HTTP/1.1" 304 -
201.245.192.253 - - [08/Nov/2023:12:30:11 -0500] "GET /sipse/faces/javax.faces.resource/primefaces.css?ln=primefaces&v=4.0 HTTP/1.1" 304 -
201.245.192.253 - - [08/Nov/2023:12:30:11 -0500] "GET /sipse/faces/javax.faces.resource/layout/layout.css?ln=primefaces&v=4.0 HTTP/1.1" 304 -
201.245.192.253 - - [08/Nov/2023:12:30:11 -0500] "GET /sipse/faces/javax.faces.resource/jquery/jquery.js?ln=primefaces&v=4.0 HTTP/1.1" 304 -
201.245.192.253 - - [08/Nov/2023:12:30:11 -0500] "GET /sipse/faces/javax.faces.resource/jquery/jquery-plugins.js?ln=primefaces&v=4.0 HTTP/1.1" 304 -
201.245.192.253 - - [08/Nov/2023:12:30:11 -0500] "GET /sipse/faces/javax.faces.resource/primefaces.js?ln=primefaces&v=4.0 HTTP/1.1" 304 -
201.245.192.253 - - [08/Nov/2023:12:30:11 -0500] "GET /sipse/faces/javax.faces.resource/layout/layout.js?ln=primefaces&v=4.0 HTTP/1.1" 304 -
201.245.192.253 - - [08/Nov/2023:12:30:12 -0500] "POST /kwsrmcab/Wsrmcab HTTP/1.1" 200 40460
52.167.144.236 - - [08/Nov/2023:12:30:17 -0500] "GET /BLA/resoluciones/AUTOS%202023/5414.pdf HTTP/1.1" 200 416811
201.245.192.253 - - [08/Nov/2023:12:30:15 -0500] "POST /kwsrmcab/Wsrmcab HTTP/1.1" 200 36961
40.77.167.235 - - [08/Nov/2023:12:30:29 -0500] "GET /BLA/resoluciones/AUTOS%202023/3398.pdf HTTP/1.1" 200 2066394
216.245.221.92 - - [08/Nov/2023:12:30:41 -0500] "HEAD / HTTP/1.1" 200 -
201.245.192.253 - - [08/Nov/2023:12:30:44 -0500] "POST /kwsrmcab/Wsrmcab  HTTP/1.1" 200 42686
201.245.192.253 - - [08/Nov/2023:12:30:51 -0500] "POST /forms/lservlet;jsessionid=ac16012b30d6f33de23e535e48629b158b5de6bb217d.e3iSbxaKaheRe3eRa38MahaQbi1ynknvrkLOlQzNp65In0 HTTP/1.1" 200 2
172.22.2.4 - - [08/Nov/2023:12:29:28 -0500] "HEAD /BLA/boletinlegal/ HTTP/1.1" 200 -
201.245.192.253 - - [08/Nov/2023:12:31:10 -0500] "POST /forms/lservlet;jsessionid=ac16012b30d6c4b98c9a00674ab49b599f8f4161ab5e.e3iSbxaKaheRe3eRa38MahaQbi1ynknvrkLOlQzNp65In0 HTTP/1.1" 200 2
47.128.23.191 - - [08/Nov/2023:12:31:54 -0500] "GET /BLA/boletinlegal/js/jquery.js HTTP/1.1" 200 57254
47.128.23.191 - - [08/Nov/2023:12:31:54 -0500] "GET /BLA/boletinlegal/js/jquery.scrollTo-min.js HTTP/1.1" 200 1150
47.128.23.191 - - [08/Nov/2023:12:31:54 -0500] "GET /BLA/boletinlegal/js/jquery.scrollShow.js HTTP/1.1" 200 4586
47.128.23.191 - - [08/Nov/2023:12:31:54 -0500] "GET /BLA/boletinlegal/style.css HTTP/1.1" 200 9406
47.128.23.191 - - [08/Nov/2023:12:31:54 -0500] "GET /BLA/boletinlegal/styles2.css HTTP/1.1" 200 1838
172.22.2.4 - - [08/Nov/2023:12:30:19 -0500] "GET /BLA/boletinlegal/ HTTP/1.1" 200 60224
44.230.252.91 - - [08/Nov/2023:12:32:02 -0500] "GET /BLA/resoluciones/index.php?dir=RESOLUCIONES%202004/RES%202004%201701-1750/ HTTP/1.1" 200 12358
44.230.252.91 - - [08/Nov/2023:12:32:13 -0500] "GET /BLA/resoluciones/index.php?dir=RESOLUCIONES%202004/RES%202004%202201-2250/ HTTP/1.1" 200 12358
47.128.47.68 - - [08/Nov/2023:12:32:31 -0500] "GET /robots.txt HTTP/1.1" 404 1049
201.245.192.253 - - [08/Nov/2023:12:32:33 -0500] "POST /sipse/faces/presentacion/financiero/solicitudProceso/consultarSolicitudProceso.xhtml HTTP/1.1" 200 463509
191.156.233.22 - - [08/Nov/2023:12:32:37 -0500] "POST /sipse/faces/presentacion/financiero/solicitudProceso/consultarSolicitudProceso.xhtml HTTP/1.1" 200 91945
47.128.23.191 - - [08/Nov/2023:12:31:53 -0500] "GET /BLA/boletinlegal/ HTTP/1.1" 200 36811
201.245.192.253 - - [08/Nov/2023:12:32:51 -0500] "POST /forms/lservlet;jsessionid=ac16012b30d6f33de23e535e48629b158b5de6bb217d.e3iSbxaKaheRe3eRa38MahaQbi1ynknvrkLOlQzNp65In0 HTTP/1.1" 200 2
201.245.192.253 - - [08/Nov/2023:12:33:10 -0500] "POST /forms/lservlet;jsessionid=ac16012b30d6c4b98c9a00674ab49b599f8f4161ab5e.e3iSbxaKaheRe3eRa38MahaQbi1ynknvrkLOlQzNp65In0 HTTP/1.1" 200 2
52.25.208.208 - - [08/Nov/2023:12:33:12 -0500] "GET /BLA/resoluciones/index.php?dir=AUTOS%202003/&order=desc&sort=name HTTP/1.1" 200 1812
191.95.59.170 - - [08/Nov/2023:12:33:18 -0500] "POST /sipse/faces/presentacion/financiero/solicitudProceso/consultarSolicitudProceso.xhtml HTTP/1.1" 200 21113
191.95.59.170 - - [08/Nov/2023:12:33:18 -0500] "GET /sipse/faces/javax.faces.resource/fileupload/fileupload.css?ln=primefaces&v=4.0 HTTP/1.1" 304 -
191.95.59.170 - - [08/Nov/2023:12:33:18 -0500] "GET /sipse/faces/javax.faces.resource/primefaces.css?ln=primefaces&v=4.0 HTTP/1.1" 304 -
191.95.59.170 - - [08/Nov/2023:12:33:18 -0500] "GET /sipse/faces/javax.faces.resource/theme.css?ln=primefaces-sipse HTTP/1.1" 304 -
191.95.59.170 - - [08/Nov/2023:12:33:18 -0500] "GET /sipse/faces/javax.faces.resource/jquery/jquery.js?ln=primefaces&v=4.0 HTTP/1.1" 304 -
191.95.59.170 - - [08/Nov/2023:12:33:18 -0500] "GET /sipse/faces/javax.faces.resource/layout/layout.css?ln=primefaces&v=4.0 HTTP/1.1" 304 -
191.95.59.170 - - [08/Nov/2023:12:33:18 -0500] "GET /sipse/faces/javax.faces.resource/layout/layout.js?ln=primefaces&v=4.0 HTTP/1.1" 304 -
191.95.59.170 - - [08/Nov/2023:12:33:18 -0500] "GET /sipse/faces/javax.faces.resource/jquery/jquery-plugins.js?ln=primefaces&v=4.0 HTTP/1.1" 304 -
191.95.59.170 - - [08/Nov/2023:12:33:18 -0500] "GET /sipse/faces/javax.faces.resource/primefaces.js?ln=primefaces&v=4.0 HTTP/1.1" 304 -
191.95.59.170 - - [08/Nov/2023:12:33:18 -0500] "GET /sipse/faces/javax.faces.resource/fileupload/fileupload.js?ln=primefaces&v=4.0 HTTP/1.1" 304 -
191.95.59.170 - - [08/Nov/2023:12:33:19 -0500] "GET /sipse/css/imagen/contrasena.png HTTP/1.1" 404 383
191.95.59.170 - - [08/Nov/2023:12:33:19 -0500] "GET /sipse/faces/javax.faces.resource/images/ui-icons_898989_256x240.png?ln=primefaces-aristo HTTP/1.1" 304 -
186.102.32.215 - - [08/Nov/2023:12:33:19 -0500] "OPTIONS /kwssiamovil/sm/setfile/f? HTTP/1.1" 200 13
52.25.208.208 - - [08/Nov/2023:12:33:19 -0500] "GET /BLA/resoluciones/index.php?dir=AUTOS%202003/&order=asc&sort=date HTTP/1.1" 200 1813
186.102.32.215 - - [08/Nov/2023:12:33:19 -0500] "POST /kwssiamovil/sm/setfile/f? HTTP/1.1" 200 381
52.25.208.208 - - [08/Nov/2023:12:33:25 -0500] "GET /BLA/resoluciones/index.php?dir=AUTOS%202003/&order=asc&sort=size HTTP/1.1" 200 1813
186.102.32.215 - - [08/Nov/2023:12:33:27 -0500] "GET /kwssiamovil/sm/acme/a?s=U2FsdGVkX19u9NLQG6O4L9BAMayKLBv3KrvAgaL6lv3pPuF2CeXu2xSrVSev34Ue8IQlbW3dwL7V62jq+o7gy4VRj8iyB6MtZwmL1NZ6Go77BGw90D0Y0FmgvB6pJ0kXYzJ35QGe0xCp+hvs4X+RaNZWgrfjBp2c+bOiI50KpKpPQYag7d5nKMGiZfbK6k02YjfedV8mRofTheyp/6ecgxQp6hNTnpWzxdftMH0dvs+0QcJtvSuIxwtszw2NAxUPfvwpgz86eLSdIfcEgofeoQ==&u=U2FsdGVkX18dQd+H/+3h5PVBpzBCLg0E03PbAtemTKg=&y=U2FsdGVkX19vZP+2Duc8fosvx1VP52+w0skgD5/XAnk= HTTP/1.1" 200 26
186.102.32.215 - - [08/Nov/2023:12:33:28 -0500] "GET /kwssiamovil/sm/acme/a?s=U2FsdGVkX1+3tOgWAIDa9tnowYq/0GQw4Pplpcut0K2rLwAzF6046mLP41ZmwP2GcdraNAH0Q2gr3YUAqvximGtt83VrJQmHSuyW1tfi+K7k1DG0ivrNUe5v5BweOsFs7tBmDC2ithMgvIC+q/Ef584hRr0C9Wv+0OHYDJp7/AO62GyhlW8HD20onvi205lXyW4UI+S7Ut8lsho3dkdl3DJpAXzosxKXyQCHj1r2K8aw6xEA33uBwk92KOQ6oni7c0VaTII7mYV5f2sWS0ZV43ybBMPNHoldqhuW8+/ZCUeU+r6D3nMInIfT4mHOZSF4wmbiGybKku7d0PO8o0YVr6oaMeaVYQXqSW4XKQ88GwnIXWwi9mbj1l4P4Db6l8YL1CYa1khE0/ZsF9z1/Y9qM1f+9rxEJrDS0Ss5aHvlBdLL1u5BAStDSUfNgSPceDZB5cGBuyQlZ2rOK9Ta7TMzpdDg51Txdc7JWIw5aJkjsoJMBFKt19JlkNOfgfrXvilEtfVCCwIZixcB+sKVugDNu+DdX0CIPgMmbzOuBkRGBhhMVSPJLJxx+UMKwjZnJ3LcC/eBGJFbcd5fotEBUYrCgtkiyAZZk4krBl8YzyVUUl7mFgqqL5OUdu/QTtfRNllAXgj6DY12Zak4wtKMPgOolPdLdNKw0nw3NRah+CM8SoGewvd24f6UFV6d6FhX3AIQNrdEQx4I/UVFDNEtXnbCS2S/EsvQewsDFJM2e6KehV8gS6leo3nO0N9n/Wg4oVXEobG+u7avInJclHTpyKCAdYGCC9agUoE3rzoWzKXtVHDyxlRyYzefLQSjv+v3HDrMS1A4ewT/M2QlBtuyG3+K3JPnwfVikMCt4QCTryjUf83hqCWO4LocmbeP9+yX+/sXaHwrzjTWraC5zNh/dSwi+Lex7sD2Zq5ySqTcY0efMMM+K36hyo/h1nlFKwfAtXQxW9yfj+nfbElVdDJsdBkvH9S5C6Cqzshi5bjKB6O/MTPXRvRSg5GQqznFJxXIkPzdNMI1NHiSYQlbjrze9NbxitEIoUQzGAqi9alqLf0eKvsyMddEbRiZmIrtXWCEbAZYqxIlWzYVSoYFGVgxpCSHvhKloY/4xdtG1A/8x7DdMDW6EsOSPrKm8z0ROaLaDS1AY65c8dLaOJjzMbRxBKjADz9zeaelNLSgdbyeTW90I9nIhJOuxiJ9d1BnIU7zp2Uyor7949woOvAQeGJRB908Ajj2/O4upjarfqMUf4SgS2eKkTY4ibG+vs37rP8xUYQne8WdqeqYFYQCjlbTTGFAafRoz7wO7CqU3rrXcN7c+I1XEKRaxWeWIQR9qiWJ/tbOY6Jkrg/I4oOGJ1YSlgfoVeE/MLsmlS4UpBp2SOEkIiX0RyPdWZ+OWq4p5xP9TYUurQtonhY6lnODKJ9AAD6Lj4xo7nMb1ORiP0XkegM2SlBFMf8VSBh2m9ISEyC+pKFqYNHsd8DZ5XrJjzvSg+sC2Z5eoeTV5JmKroWpK4K43sjtBW+am3nxZsizFCNM0fLOkWCN0CO4+EPH+ILB8fcCgLfddSTMqyB5C4bvm1cTHOt5i8ejHrx0q8OzKSi0CMWAE8zukF/RkWeD+AoPfVw8nLsMbp4Epo3XyNs/bnyG5W5yTpblBwV3JljnaeRWtspmqofPd0o8FoGv95h1VoSblGOg3YxCedHsGSmg5XGN4uE6ZXAeBJIpLwEGcYIOa0OVg9qIZq8Q+UrCn0Oy/pdaG4EN0LvvJbqnPDbi7G4s5oLKS7Qt9iFUDPGKRE7+ybXUW6JhkLwVhvZIBhZBgIRrmR8aM9Cv+S/mwDe6ZcEOUoLbpY0/Up6+/J31Ipyayt7t494xbQ1DmVIAo/+IkCLacA7nUTE2hnfVB8LAS+fQiRwdjldbzwnBx67SFPnnjpceuuuhqT0gOCpQsPjuJnYuhuGeJUYraGuSrnvuI9W2Ld5habPOsM4NTkUU7gnu5z9IQXCkTpJ/riK2Zi/NWhPxk9Z4zQZoZEDyKhCmN2q3NcPLckSr+Vz6rLZZUJ4lp3Ls&u=U2FsdGVkX18dQd+H/+3h5PVBpzBCLg0E03PbAtemTKg=&y=U2FsdGVkX19vZP+2Duc8fosvx1VP52+w0skgD5/XAnk= HTTP/1.1" 200 26
186.102.32.215 - - [08/Nov/2023:12:33:28 -0500] "GET /kwssiamovil/sm/acme/a?s=U2FsdGVkX186Zg5p9B54YLe/pPs1wW2GbauK1ztkVB+MIvxdcqum9cPd6bl4B3m28E2h2GwFWcCNm7ch+6QFo8nL2BnXtM7UxvahcAGkHs6+zy0nHZlGRIFNancZlaFjRFL0hq6FL2/3CXuMyc9Tw1tAmq8NfsGIj5NVWJKwTQs=&u=U2FsdGVkX18dQd+H/+3h5PVBpzBCLg0E03PbAtemTKg=&y=U2FsdGVkX19vZP+2Duc8fosvx1VP52+w0skgD5/XAnk= HTTP/1.1" 200 26
186.102.32.215 - - [08/Nov/2023:12:33:28 -0500] "GET /kwssiamovil/sm/acme/a?s=U2FsdGVkX1/C+ybsiyC0UYOXHwBSSYGHbpGxWvS+1XM+iheedLU5qUoMEAuR86rLpLnAJrpqJtSiNX8GmuXbOLxMMTgVO4GDTRaw9pOhxKgJ76ajxcf3t6AW/NLxWulKFtLM/DpbNlv9lswo7wYA/Gmv6hyH+h9zkHo31KrpRrw=&u=U2FsdGVkX18dQd+H/+3h5PVBpzBCLg0E03PbAtemTKg=&y=U2FsdGVkX19vZP+2Duc8fosvx1VP52+w0skgD5/XAnk= HTTP/1.1" 200 26
186.102.32.215 - - [08/Nov/2023:12:33:28 -0500] "GET /kwssiamovil/sm/acme/a?s=U2FsdGVkX1/qFLtZvdLOJTy7bQ4MlUJyWCkevs7pC8y2ByhrB6KT9ZeK13YGnQMhdTg+ZY9WIyovS4l6n/KITOrgWgrLH3elw64C6kJ21vlvCctGCFMmy962ihvmPDCQnEl0xssEorA8NpSIa5uC+Yn13renFMB+iBfYLEX5+V0=&u=U2FsdGVkX18dQd+H/+3h5PVBpzBCLg0E03PbAtemTKg=&y=U2FsdGVkX19vZP+2Duc8fosvx1VP52+w0skgD5/XAnk= HTTP/1.1" 200 26
186.102.32.215 - - [08/Nov/2023:12:33:29 -0500] "GET /kwssiamovil/sm/acme/a?s=U2FsdGVkX19zar9HprCHFabwNdKxgSODkfOs0d6qoDkrmTw45Or1nrCPQMiVL8JhC5BRwPZNfyDWGobwz5u6VGle5Ptp1cnCB817KXTJ2R9uY2d24BXf3O7V74dUXmhlNwjeQGhaADF+Xf8Ku77eKTS8ykvJGKR9rdCUM33ER+8QQEwfmOWjYNflwKEtIURy&u=U2FsdGVkX18dQd+H/+3h5PVBpzBCLg0E03PbAtemTKg=&y=U2FsdGVkX19vZP+2Duc8fosvx1VP52+w0skgD5/XAnk= HTTP/1.1" 200 26
186.102.32.215 - - [08/Nov/2023:12:33:29 -0500] "GET /kwssiamovil/sm/acme/a?s=U2FsdGVkX1/h2j/cMdy9GPnR4TDFR/0yBKKFyCWcAOKmnCn/mOH1QOOwZhvjbhGU0On1DXHn+yLt8bHTfsk5/80lVBOb/txKA5cBSzHb+koIU/6PKfvGSau0erZyWOBYAlx7I8gLI/w0jja5/6XgcFehdLKuVMXaYyB3qgaFKCFPag+KmywX3N0umPYaVaACDeQrMSFGemhbDnMa7u4NPSV5UcSqdzTIhTOS7a/YQSZgYSA/2FuNFbIt/kvczz9F/jF8/c811z7eyEd5GuN/lyOLC/6q9PbZmI8bCCGnMubKKox10HPggyX5lQzxRdfKjVj2+Gg9k7EYPW2WfD3ot+md5VQFz3FyDS4DZsJ0e8KXu1ZpYdNr8wV8MV6MEFUYgV7zfHYKHh3M4ZuzzXQ/jl7gozKykphzLqOwfSJlUdHHcER/B8kpHPjH7qil9jsWHbwFPXOaau1/7AX/OZf+8r5krkoMz2ZbB5Y7YY8Z4w0vL6yQTmu6f3lUUU0U9hIYQsEteyltQh+NxpD0BT3G7K7SJYgZFlVSTNH7vTNcuWM=&u=U2FsdGVkX18dQd+H/+3h5PVBpzBCLg0E03PbAtemTKg=&y=U2FsdGVkX19vZP+2Duc8fosvx1VP52+w0skgD5/XAnk= HTTP/1.1" 200 25
186.102.32.215 - - [08/Nov/2023:12:33:29 -0500] "GET /kwssiamovil/sm/acme/a?s=U2FsdGVkX19ypiSfWAzZCLlcYPC1viIebqIvwl13UQ2atwWcuWuJAh3zBpVXz6m1oq4gqkSLY4+EPZ4OaZ6CQJ15VuOIGGiFgH3c22ZN1da3Iu0AFoYpEWxtWyccv9sAeF+44FmojxeFaYMKU1mwONAw4eneYyoEg58K06tFA12lguTxrXrdatA1l81A/yT4Sbq2wAcpasxrCrSkC2FFlwFnUcMjg/qMbqbFGiCtA12dwtKb+JO9sg2zzfR0oMR48xwWrTaBT/o6MJhDVrPKqI1gkBxBoCUoyyJ1FvYw1r+hSz4FwBuyo3bmFF4PT15yDuHmEoW79f4hNSr4tp8o2OvcUK12fTVqQ5kHXVo7an643g3JDdU32nQFiHaRtB9kf4o6xFFpxEtlAT1tVYIo1+kSTSWpGDe+qZSpPzxGpLWNjKkZ+g4g6pgQn+tPBUmIDsGR64drlclI3cCRn/1eQ+Cj9tOqK4WUBC5ud4rWR3JKJTbURUczlAol2AOLcd/T&u=U2FsdGVkX18dQd+H/+3h5PVBpzBCLg0E03PbAtemTKg=&y=U2FsdGVkX19vZP+2Duc8fosvx1VP52+w0skgD5/XAnk= HTTP/1.1" 200 25
191.95.59.170 - - [08/Nov/2023:12:33:30 -0500] "GET /sipse/faces/javax.faces.resource/jquery/jquery-plugins.js?ln=primefaces&v=4.0 HTTP/1.1" 304 -
191.95.59.170 - - [08/Nov/2023:12:33:30 -0500] "GET /sipse/faces/javax.faces.resource/jquery/jquery.js?ln=primefaces&v=4.0 HTTP/1.1" 304 -
191.95.59.170 - - [08/Nov/2023:12:33:30 -0500] "GET /sipse/faces/javax.faces.resource/theme.css?ln=primefaces-sipse HTTP/1.1" 304 -
191.95.59.170 - - [08/Nov/2023:12:33:30 -0500] "GET /sipse/faces/javax.faces.resource/primefaces.css?ln=primefaces&v=4.0 HTTP/1.1" 304 -
191.95.59.170 - - [08/Nov/2023:12:33:30 -0500] "GET /sipse/faces/javax.faces.resource/layout/layout.css?ln=primefaces&v=4.0 HTTP/1.1" 304 -
191.95.59.170 - - [08/Nov/2023:12:33:30 -0500] "GET /sipse/faces/javax.faces.resource/layout/layout.js?ln=primefaces&v=4.0 HTTP/1.1" 304 -
191.95.59.170 - - [08/Nov/2023:12:33:30 -0500] "GET /sipse/faces/javax.faces.resource/primefaces.js?ln=primefaces&v=4.0 HTTP/1.1" 304 -
191.95.59.170 - - [08/Nov/2023:12:33:29 -0500] "POST /sipse/faces/presentacion/sistema/anexos/cargarAnexoSolicitudProceso.xhtml HTTP/1.1" 200 153737
191.95.59.170 - - [08/Nov/2023:12:33:30 -0500] "GET /sipse/faces/javax.faces.resource/images/ui-icons_898989_256x240.png?ln=primefaces-aristo HTTP/1.1" 304 -
201.245.192.253 - - [08/Nov/2023:12:33:45 -0500] "GET /sipse/faces/index.xhtml HTTP/1.1" 200 677
201.245.192.253 - - [08/Nov/2023:12:33:45 -0500] "GET /sipse/faces/javax.faces.resource/theme.css?ln=primefaces-sipse HTTP/1.1" 304 -
201.245.192.253 - - [08/Nov/2023:12:33:46 -0500] "GET /sipse/faces/faces/autenticacion.xhtml HTTP/1.1" 200 12413
201.245.192.253 - - [08/Nov/2023:12:33:46 -0500] "GET /sipse/faces/javax.faces.resource/theme.css?ln=primefaces-sipse HTTP/1.1" 304 -
201.245.192.253 - - [08/Nov/2023:12:33:46 -0500] "GET /sipse/faces/javax.faces.resource/primefaces.css?ln=primefaces&v=4.0 HTTP/1.1" 304 -
201.245.192.253 - - [08/Nov/2023:12:33:46 -0500] "GET /sipse/faces/javax.faces.resource/jquery/jquery-plugins.js?ln=primefaces&v=4.0 HTTP/1.1" 304 -
201.245.192.253 - - [08/Nov/2023:12:33:46 -0500] "GET /sipse/faces/javax.faces.resource/jquery/jquery.js?ln=primefaces&v=4.0 HTTP/1.1" 304 -
201.245.192.253 - - [08/Nov/2023:12:33:46 -0500] "GET /sipse/faces/javax.faces.resource/primefaces.js?ln=primefaces&v=4.0 HTTP/1.1" 304 -
201.245.192.253 - - [08/Nov/2023:12:33:46 -0500] "GET /sipse/faces/javax.faces.resource/layout/layout.css?ln=primefaces&v=4.0 HTTP/1.1" 304 -
201.245.192.253 - - [08/Nov/2023:12:33:46 -0500] "GET /sipse/faces/javax.faces.resource/layout/layout.js?ln=primefaces&v=4.0 HTTP/1.1" 304 -
201.245.192.253 - - [08/Nov/2023:12:33:46 -0500] "GET /sipse/faces/javax.faces.resource/images/ui-icons_898989_256x240.png?ln=primefaces-aristo HTTP/1.1" 304 -
44.230.252.91 - - [08/Nov/2023:12:33:48 -0500] "GET /BLA/resoluciones/index.php?dir=Notificaciones/DISCIPLINARIOS%202019/ HTTP/1.1" 200 3553
44.230.252.91 - - [08/Nov/2023:12:33:51 -0500] "GET /BLA/resoluciones/index.php?dir= HTTP/1.1" 200 13696
201.245.192.253 - - [08/Nov/2023:12:33:57 -0500] "POST /sipse/faces/autenticacion.xhtml HTTP/1.1" 200 11326
201.245.192.253 - - [08/Nov/2023:12:33:57 -0500] "GET /sipse/faces/javax.faces.resource/theme.css?ln=primefaces-sipse HTTP/1.1" 304 -
201.245.192.253 - - [08/Nov/2023:12:33:57 -0500] "GET /sipse/faces/javax.faces.resource/primefaces.css?ln=primefaces&v=4.0 HTTP/1.1" 304 -
201.245.192.253 - - [08/Nov/2023:12:33:57 -0500] "GET /sipse/faces/javax.faces.resource/layout/layout.css?ln=primefaces&v=4.0 HTTP/1.1" 304 -
201.245.192.253 - - [08/Nov/2023:12:33:57 -0500] "GET /sipse/faces/javax.faces.resource/jquery/jquery.js?ln=primefaces&v=4.0 HTTP/1.1" 304 -
201.245.192.253 - - [08/Nov/2023:12:33:57 -0500] "GET /sipse/faces/javax.faces.resource/jquery/jquery-plugins.js?ln=primefaces&v=4.0 HTTP/1.1" 304 -
201.245.192.253 - - [08/Nov/2023:12:33:57 -0500] "GET /sipse/faces/javax.faces.resource/primefaces.js?ln=primefaces&v=4.0 HTTP/1.1" 304 -
201.245.192.253 - - [08/Nov/2023:12:33:57 -0500] "GET /sipse/faces/javax.faces.resource/layout/layout.js?ln=primefaces&v=4.0 HTTP/1.1" 304 -
201.245.192.253 - - [08/Nov/2023:12:33:57 -0500] "GET /sipse/faces/javax.faces.resource/messages/messages.png?ln=primefaces&v=4.0 HTTP/1.1" 304 -
47.128.23.177 - - [08/Nov/2023:12:34:04 -0500] "GET /BLA/boletinlegal/norma_menu.php HTTP/1.1" 200 6328
47.128.23.177 - - [08/Nov/2023:12:34:05 -0500] "GET /BLA/boletinlegal/js/popup.js HTTP/1.1" 200 1270
47.128.23.177 - - [08/Nov/2023:12:34:05 -0500] "GET /BLA/boletinlegal/js/ajax.js HTTP/1.1" 200 772
47.128.23.177 - - [08/Nov/2023:12:34:05 -0500] "GET /BLA/boletinlegal/js/lib.js HTTP/1.1" 200 6474
47.128.23.177 - - [08/Nov/2023:12:34:05 -0500] "GET /BLA/boletinlegal/js/jquery1.js HTTP/1.1" 200 29846
47.128.23.177 - - [08/Nov/2023:12:34:05 -0500] "GET /BLA/boletinlegal/swfobject.js HTTP/1.1" 200 9763
201.245.192.253 - - [08/Nov/2023:12:34:25 -0500] "POST /sipse/faces/presentacion/financiero/solicitudProceso/consultarSolicitudProceso.xhtml HTTP/1.1" 200 45155
201.245.192.253 - - [08/Nov/2023:12:34:25 -0500] "GET /sipse/faces/javax.faces.resource/jquery/jquery.js?ln=primefaces&v=4.0 HTTP/1.1" 304 -
201.245.192.253 - - [08/Nov/2023:12:34:25 -0500] "GET /sipse/faces/javax.faces.resource/jquery/jquery-plugins.js?ln=primefaces&v=4.0 HTTP/1.1" 304 -
201.245.192.253 - - [08/Nov/2023:12:34:25 -0500] "GET /sipse/faces/javax.faces.resource/primefaces.js?ln=primefaces&v=4.0 HTTP/1.1" 304 -
201.245.192.253 - - [08/Nov/2023:12:34:25 -0500] "GET /sipse/faces/javax.faces.resource/layout/layout.js?ln=primefaces&v=4.0 HTTP/1.1" 304 -
201.245.192.253 - - [08/Nov/2023:12:34:26 -0500] "POST /sipse/faces/presentacion/financiero/solicitudProceso/listarSolicitudProceso.xhtml HTTP/1.1" 200 38549
201.245.192.253 - - [08/Nov/2023:12:34:26 -0500] "POST /sipse/faces/presentacion/financiero/solicitudProceso/listarSolicitudProceso.xhtml HTTP/1.1" 200 38549
201.245.192.253 - - [08/Nov/2023:12:34:27 -0500] "POST /sipse/faces/presentacion/financiero/solicitudProceso/listarSolicitudProceso.xhtml HTTP/1.1" 200 1420
201.245.192.253 - - [08/Nov/2023:12:34:27 -0500] "POST /sipse/faces/presentacion/financiero/solicitudProceso/listarSolicitudProceso.xhtml HTTP/1.1" 200 1444
201.245.192.253 - - [08/Nov/2023:12:34:27 -0500] "POST /sipse/faces/presentacion/financiero/solicitudProceso/listarSolicitudProceso.xhtml HTTP/1.1" 200 1436
201.245.192.253 - - [08/Nov/2023:12:34:36 -0500] "POST /sipse/faces/presentacion/financiero/solicitudProceso/listarSolicitudProceso.xhtml HTTP/1.1" 200 130469
201.245.192.253 - - [08/Nov/2023:12:34:37 -0500] "GET /sipse/faces/javax.faces.resource/jquery/jquery.js?ln=primefaces&v=4.0 HTTP/1.1" 304 -
201.245.192.253 - - [08/Nov/2023:12:34:37 -0500] "GET /sipse/faces/javax.faces.resource/jquery/jquery-plugins.js?ln=primefaces&v=4.0 HTTP/1.1" 304 -
201.245.192.253 - - [08/Nov/2023:12:34:37 -0500] "GET /sipse/faces/javax.faces.resource/primefaces.js?ln=primefaces&v=4.0 HTTP/1.1" 304 -
201.245.192.253 - - [08/Nov/2023:12:34:37 -0500] "GET /sipse/faces/javax.faces.resource/layout/layout.js?ln=primefaces&v=4.0 HTTP/1.1" 304 -
201.245.192.253 - - [08/Nov/2023:12:34:51 -0500] "POST /forms/lservlet;jsessionid=ac16012b30d6f33de23e535e48629b158b5de6bb217d.e3iSbxaKaheRe3eRa38MahaQbi1ynknvrkLOlQzNp65In0 HTTP/1.1" 200 2
201.245.192.253 - - [08/Nov/2023:12:35:10 -0500] "POST /forms/lservlet;jsessionid=ac16012b30d6c4b98c9a00674ab49b599f8f4161ab5e.e3iSbxaKaheRe3eRa38MahaQbi1ynknvrkLOlQzNp65In0 HTTP/1.1" 200 2
44.230.252.91 - - [08/Nov/2023:12:35:10 -0500] "GET /BLA/resoluciones/index.php?dir=RESOLUCIONES%202022/&order=desc&sort=name HTTP/1.1" 200 322326
201.245.192.253 - - [08/Nov/2023:12:35:16 -0500] "POST /sipse/faces/presentacion/financiero/solicitudProceso/consultarSolicitudProceso.xhtml HTTP/1.1" 200 91865
201.245.192.253 - - [08/Nov/2023:12:35:26 -0500] "POST /sipse/faces/presentacion/financiero/solicitudProceso/consultarSolicitudProceso.xhtml HTTP/1.1" 200 155889
201.245.192.253 - - [08/Nov/2023:12:35:27 -0500] "GET /sipse/faces/javax.faces.resource/theme.css?ln=primefaces-sipse HTTP/1.1" 304 -
201.245.192.253 - - [08/Nov/2023:12:35:27 -0500] "GET /sipse/faces/javax.faces.resource/jquery/jquery.js?ln=primefaces&v=4.0 HTTP/1.1" 304 -
201.245.192.253 - - [08/Nov/2023:12:35:27 -0500] "GET /sipse/faces/javax.faces.resource/jquery/jquery-plugins.js?ln=primefaces&v=4.0 HTTP/1.1" 304 -
201.245.192.253 - - [08/Nov/2023:12:35:27 -0500] "GET /sipse/faces/javax.faces.resource/primefaces.js?ln=primefaces&v=4.0 HTTP/1.1" 304 -
201.245.192.253 - - [08/Nov/2023:12:35:27 -0500] "GET /sipse/faces/javax.faces.resource/primefaces.css?ln=primefaces&v=4.0 HTTP/1.1" 304 -
201.245.192.253 - - [08/Nov/2023:12:35:27 -0500] "GET /sipse/faces/javax.faces.resource/layout/layout.css?ln=primefaces&v=4.0 HTTP/1.1" 304 -
201.245.192.253 - - [08/Nov/2023:12:35:27 -0500] "GET /sipse/faces/javax.faces.resource/layout/layout.js?ln=primefaces&v=4.0 HTTP/1.1" 304 -
201.245.192.253 - - [08/Nov/2023:12:35:31 -0500] "POST /sipse/faces/presentacion/financiero/solicitudProceso/consultarSolicitudProceso.xhtml HTTP/1.1" 200 23918
201.245.192.253 - - [08/Nov/2023:12:35:31 -0500] "GET /sipse/faces/javax.faces.resource/theme.css?ln=primefaces-sipse HTTP/1.1" 304 -
201.245.192.253 - - [08/Nov/2023:12:35:31 -0500] "GET /sipse/faces/javax.faces.resource/primefaces.css?ln=primefaces&v=4.0 HTTP/1.1" 304 -
201.245.192.253 - - [08/Nov/2023:12:35:31 -0500] "GET /sipse/faces/javax.faces.resource/layout/layout.css?ln=primefaces&v=4.0 HTTP/1.1" 304 -
201.245.192.253 - - [08/Nov/2023:12:35:31 -0500] "GET /sipse/faces/javax.faces.resource/jquery/jquery.js?ln=primefaces&v=4.0 HTTP/1.1" 304 -
201.245.192.253 - - [08/Nov/2023:12:35:31 -0500] "GET /sipse/faces/javax.faces.resource/jquery/jquery-plugins.js?ln=primefaces&v=4.0 HTTP/1.1" 304 -
201.245.192.253 - - [08/Nov/2023:12:35:31 -0500] "GET /sipse/faces/javax.faces.resource/primefaces.js?ln=primefaces&v=4.0 HTTP/1.1" 304 -
201.245.192.253 - - [08/Nov/2023:12:35:31 -0500] "GET /sipse/faces/javax.faces.resource/layout/layout.js?ln=primefaces&v=4.0 HTTP/1.1" 304 -
100.21.24.205 - - [08/Nov/2023:12:35:30 -0500] "GET /BLA/resoluciones/index.php?dir=RESOLUCIONES%202022/&order=asc&sort=date HTTP/1.1" 200 322327
201.245.192.253 - - [08/Nov/2023:12:35:38 -0500] "POST /sipse/faces/presentacion/financiero/viabilidad/expedirViabilidad.xhtml HTTP/1.1" 200 111934
201.245.192.253 - - [08/Nov/2023:12:35:38 -0500] "GET /sipse/faces/javax.faces.resource/theme.css?ln=primefaces-sipse HTTP/1.1" 304 -
201.245.192.253 - - [08/Nov/2023:12:35:38 -0500] "GET /sipse/faces/javax.faces.resource/primefaces.css?ln=primefaces&v=4.0 HTTP/1.1" 304 -
201.245.192.253 - - [08/Nov/2023:12:35:38 -0500] "GET /sipse/faces/javax.faces.resource/layout/layout.css?ln=primefaces&v=4.0 HTTP/1.1" 304 -
201.245.192.253 - - [08/Nov/2023:12:35:38 -0500] "GET /sipse/faces/javax.faces.resource/jquery/jquery.js?ln=primefaces&v=4.0 HTTP/1.1" 304 -
201.245.192.253 - - [08/Nov/2023:12:35:38 -0500] "GET /sipse/faces/javax.faces.resource/jquery/jquery-plugins.js?ln=primefaces&v=4.0 HTTP/1.1" 304 -
201.245.192.253 - - [08/Nov/2023:12:35:38 -0500] "GET /sipse/faces/javax.faces.resource/primefaces.js?ln=primefaces&v=4.0 HTTP/1.1" 304 -
201.245.192.253 - - [08/Nov/2023:12:35:38 -0500] "GET /sipse/faces/javax.faces.resource/layout/layout.js?ln=primefaces&v=4.0 HTTP/1.1" 304 -
216.245.221.92 - - [08/Nov/2023:12:35:41 -0500] "HEAD / HTTP/1.1" 200 -
201.245.192.253 - - [08/Nov/2023:12:35:42 -0500] "POST /kwsrmcab/Wsrmcab  HTTP/1.1" 200 42686
201.245.192.253 - - [08/Nov/2023:12:35:42 -0500] "POST /sipse/faces/presentacion/financiero/solicitudProceso/consultarSolicitudProceso.xhtml HTTP/1.1" 200 44864
201.245.192.253 - - [08/Nov/2023:12:35:44 -0500] "GET /sipse/faces/javax.faces.resource/layout/layout.css?ln=primefaces&v=4.0 HTTP/1.1" 304 -
201.245.192.253 - - [08/Nov/2023:12:35:44 -0500] "GET /sipse/faces/javax.faces.resource/primefaces.css?ln=primefaces&v=4.0 HTTP/1.1" 304 -
201.245.192.253 - - [08/Nov/2023:12:35:44 -0500] "GET /sipse/faces/javax.faces.resource/theme.css?ln=primefaces-sipse HTTP/1.1" 304 -
201.245.192.253 - - [08/Nov/2023:12:35:44 -0500] "GET /sipse/faces/javax.faces.resource/jquery/jquery.js?ln=primefaces&v=4.0 HTTP/1.1" 304 -
201.245.192.253 - - [08/Nov/2023:12:35:44 -0500] "GET /sipse/faces/javax.faces.resource/jquery/jquery-plugins.js?ln=primefaces&v=4.0 HTTP/1.1" 304 -
201.245.192.253 - - [08/Nov/2023:12:35:44 -0500] "GET /sipse/faces/javax.faces.resource/primefaces.js?ln=primefaces&v=4.0 HTTP/1.1" 304 -
201.245.192.253 - - [08/Nov/2023:12:35:44 -0500] "GET /sipse/faces/javax.faces.resource/layout/layout.js?ln=primefaces&v=4.0 HTTP/1.1" 304 -
201.245.192.253 - - [08/Nov/2023:12:35:44 -0500] "POST /sipse/faces/presentacion/financiero/solicitudProceso/listarSolicitudProceso.xhtml HTTP/1.1" 200 1460
201.245.192.253 - - [08/Nov/2023:12:35:48 -0500] "POST /sipse/faces/presentacion/financiero/solicitudProceso/listarSolicitudProceso.xhtml HTTP/1.1" 200 136495
201.245.192.253 - - [08/Nov/2023:12:35:49 -0500] "GET /sipse/faces/javax.faces.resource/layout/layout.css?ln=primefaces&v=4.0 HTTP/1.1" 304 -
201.245.192.253 - - [08/Nov/2023:12:35:49 -0500] "GET /sipse/faces/javax.faces.resource/theme.css?ln=primefaces-sipse HTTP/1.1" 304 -
201.245.192.253 - - [08/Nov/2023:12:35:49 -0500] "GET /sipse/faces/javax.faces.resource/primefaces.css?ln=primefaces&v=4.0 HTTP/1.1" 304 -
201.245.192.253 - - [08/Nov/2023:12:35:49 -0500] "GET /sipse/faces/javax.faces.resource/jquery/jquery.js?ln=primefaces&v=4.0 HTTP/1.1" 304 -
201.245.192.253 - - [08/Nov/2023:12:35:49 -0500] "GET /sipse/faces/javax.faces.resource/jquery/jquery-plugins.js?ln=primefaces&v=4.0 HTTP/1.1" 304 -
201.245.192.253 - - [08/Nov/2023:12:35:49 -0500] "GET /sipse/faces/javax.faces.resource/primefaces.js?ln=primefaces&v=4.0 HTTP/1.1" 304 -
201.245.192.253 - - [08/Nov/2023:12:35:49 -0500] "GET /sipse/faces/javax.faces.resource/layout/layout.js?ln=primefaces&v=4.0 HTTP/1.1" 304 -
66.249.66.19 - - [08/Nov/2023:12:35:57 -0500] "GET /BLA/resoluciones/AUTOS%202011/3048.pdf HTTP/1.1" 200 161237
100.21.24.205 - - [08/Nov/2023:12:36:42 -0500] "GET /BLA/resoluciones/index.php?dir=RESOLUCIONES%202022/&order=asc&sort=size HTTP/1.1" 200 322327
201.245.192.253 - - [08/Nov/2023:12:36:51 -0500] "POST /forms/lservlet;jsessionid=ac16012b30d6f33de23e535e48629b158b5de6bb217d.e3iSbxaKaheRe3eRa38MahaQbi1ynknvrkLOlQzNp65In0 HTTP/1.1" 200 2
201.245.192.253 - - [08/Nov/2023:12:36:55 -0500] "POST /kwsrmcab/Wsrmcab HTTP/1.1" 200 40460
172.22.2.4 - - [08/Nov/2023:12:35:18 -0500] "HEAD /BLA/boletinlegal/ HTTP/1.1" 200 -
201.245.192.253 - - [08/Nov/2023:12:36:58 -0500] "POST /kwsrmcab/Wsrmcab HTTP/1.1" 200 36961
44.230.252.91 - - [08/Nov/2023:12:37:08 -0500] "GET /BLA/resoluciones/index.php?dir=RESOLUCIONES%202004/RES%202004%201651-1700/ HTTP/1.1" 200 12370
201.245.192.253 - - [08/Nov/2023:12:37:10 -0500] "POST /forms/lservlet;jsessionid=ac16012b30d6c4b98c9a00674ab49b599f8f4161ab5e.e3iSbxaKaheRe3eRa38MahaQbi1ynknvrkLOlQzNp65In0 HTTP/1.1" 200 2
44.230.252.91 - - [08/Nov/2023:12:37:11 -0500] "GET /BLA/resoluciones/index.php?dir=RESOLUCIONES%202004/RES%202004%201801-1850/ HTTP/1.1" 200 12358
52.25.208.208 - - [08/Nov/2023:12:37:14 -0500] "GET /BLA/resoluciones/index.php?dir=RESOLUCIONES%202004/RES%202004%20201-250/ HTTP/1.1" 200 12050
201.245.192.253 - - [08/Nov/2023:12:37:15 -0500] "POST /sipse/faces/presentacion/financiero/solicitudProceso/consultarSolicitudProceso.xhtml HTTP/1.1" 200 125079
44.230.252.91 - - [08/Nov/2023:12:37:17 -0500] "GET /BLA/resoluciones/index.php?dir=RESOLUCIONES%202004/RES%202004%202001-2050/ HTTP/1.1" 200 12347
44.230.252.91 - - [08/Nov/2023:12:37:19 -0500] "GET /BLA/resoluciones/index.php?dir=RESOLUCIONES%202004/RES%202004%201151-1200/ HTTP/1.1" 200 12176
44.230.252.91 - - [08/Nov/2023:12:37:21 -0500] "GET /BLA/resoluciones/index.php?dir=RESOLUCIONES%202004/RES%202004%201101-1150/ HTTP/1.1" 200 12172
100.21.24.205 - - [08/Nov/2023:12:37:28 -0500] "GET /BLA/resoluciones/index.php?dir=RESOLUCIONES%202004/RES%202004%2051-100/ HTTP/1.1" 200 11980
100.21.24.205 - - [08/Nov/2023:12:37:28 -0500] "GET /BLA/resoluciones/index.php?dir=RESOLUCIONES%202004/RES%202004%20251-300/ HTTP/1.1" 200 12044
100.21.24.205 - - [08/Nov/2023:12:37:29 -0500] "GET /BLA/resoluciones/index.php?dir=Notificaciones/REGISTROS%202015/ HTTP/1.1" 200 19557
172.22.2.4 - - [08/Nov/2023:12:36:00 -0500] "GET /BLA/boletinlegal/ HTTP/1.1" 200 42651
44.230.252.91 - - [08/Nov/2023:12:37:46 -0500] "GET /BLA/resoluciones/index.php?dir=RESOLUCIONES%202004/RES%202004%201001-1050/ HTTP/1.1" 200 12169
52.25.208.208 - - [08/Nov/2023:12:37:46 -0500] "GET /BLA/resoluciones/index.php?dir=RESOLUCIONES%202004/RES%202004%201751-1800/ HTTP/1.1" 200 12363
44.230.252.91 - - [08/Nov/2023:12:37:47 -0500] "GET /BLA/resoluciones/index.php?dir=RESOLUCIONES%202004/RES%202004%20751-800/ HTTP/1.1" 200 12053
52.25.208.208 - - [08/Nov/2023:12:37:47 -0500] "GET /BLA/resoluciones/index.php?dir=RESOLUCIONES%202004/RES%202004%201851-1900/ HTTP/1.1" 200 12369
172.22.2.4 - - [08/Nov/2023:12:36:09 -0500] "GET /BLA/boletinlegal/ HTTP/1.1" 200 43449
52.25.208.208 - - [08/Nov/2023:12:37:53 -0500] "GET /BLA/resoluciones/index.php?dir=RESOLUCIONES%202004/RES%202004%20901-950/ HTTP/1.1" 200 12049
100.21.24.205 - - [08/Nov/2023:12:37:56 -0500] "GET /BLA/resoluciones/index.php?dir=AUTOS%202005/&order=asc&sort=size HTTP/1.1" 200 2791
201.245.192.253 - - [08/Nov/2023:12:37:56 -0500] "POST /sipse/faces/presentacion/financiero/solicitudProceso/consultarSolicitudProceso.xhtml HTTP/1.1" 200 5515
52.25.208.208 - - [08/Nov/2023:12:37:58 -0500] "GET /BLA/resoluciones/index.php?dir=RESOLUCIONES%202004/RES%202004%20451-500/ HTTP/1.1" 200 12037
52.25.208.208 - - [08/Nov/2023:12:38:03 -0500] "GET /BLA/resoluciones/index.php?dir=RESOLUCIONES%202004/RES%202004%2001-%2050/ HTTP/1.1" 200 11966
100.21.24.205 - - [08/Nov/2023:12:38:03 -0500] "GET /BLA/resoluciones/index.php?dir=RESOLUCIONES%202004/RES%202004%202151-2200/ HTTP/1.1" 200 12359
100.21.24.205 - - [08/Nov/2023:12:38:04 -0500] "GET /BLA/resoluciones/index.php?dir=Notificaciones/RESOLUCIONES%202015/ HTTP/1.1" 200 14394
40.77.167.235 - - [08/Nov/2023:12:38:10 -0500] "GET /BLA/resoluciones/RESOLUCIONES%202019/1442.pdf HTTP/1.1" 200 270019
44.230.252.91 - - [08/Nov/2023:12:38:14 -0500] "GET /BLA/resoluciones/index.php?dir=RESOLUCIONES%201998/&order=asc&sort=date HTTP/1.1" 200 14920
100.21.24.205 - - [08/Nov/2023:12:38:15 -0500] "GET /BLA/resoluciones/index.php?dir=RESOLUCIONES%202004/RES%202004%20101-150/ HTTP/1.1" 200 12033
44.230.252.91 - - [08/Nov/2023:12:38:20 -0500] "GET /BLA/resoluciones/index.php?dir=RESOLUCIONES%202004/RES%202004%20851-900/ HTTP/1.1" 200 12040
52.25.208.208 - - [08/Nov/2023:12:38:23 -0500] "GET /BLA/resoluciones/index.php?dir=AUTOS%202005/&order=asc&sort=date HTTP/1.1" 200 2791
100.21.24.205 - - [08/Nov/2023:12:38:24 -0500] "GET /BLA/resoluciones/index.php?dir=RESOLUCIONES%202004/RES%202004%201901-1950/ HTTP/1.1" 200 12350
52.25.208.208 - - [08/Nov/2023:12:38:26 -0500] "GET /BLA/resoluciones/index.php?dir=RESOLUCIONES%202004/RES%202004%201301-1350/ HTTP/1.1" 200 12341
44.230.252.91 - - [08/Nov/2023:12:38:28 -0500] "GET /BLA/resoluciones/index.php?dir=RESOLUCIONES%202004/RES%202004%201601-1650/ HTTP/1.1" 200 12359
100.21.24.205 - - [08/Nov/2023:12:38:31 -0500] "GET /BLA/resoluciones/index.php?dir=RESOLUCIONES%201995/&order=asc&sort=size HTTP/1.1" 200 12497
52.25.208.208 - - [08/Nov/2023:12:38:31 -0500] "GET /BLA/resoluciones/index.php?dir=RESOLUCIONES%202004/&order=desc&sort=name HTTP/1.1" 200 33859
44.230.252.91 - - [08/Nov/2023:12:38:31 -0500] "GET /BLA/resoluciones/index.php?dir=RESOLUCIONES%202004/RES%202004%201201-1250/ HTTP/1.1" 200 12361
100.21.24.205 - - [08/Nov/2023:12:38:32 -0500] "GET /BLA/resoluciones/index.php?dir=RESOLUCIONES%202004/RES%202004%201251-1300/ HTTP/1.1" 200 12352
44.230.252.91 - - [08/Nov/2023:12:38:37 -0500] "GET /BLA/resoluciones/index.php?dir=AUTOS%202005/&order=desc&sort=name HTTP/1.1" 200 2790
52.25.208.208 - - [08/Nov/2023:12:38:41 -0500] "GET /BLA/resoluciones/index.php?dir=Notificaciones/AUTOS%202202/ HTTP/1.1" 200 2022
52.25.208.208 - - [08/Nov/2023:12:38:42 -0500] "GET /BLA/resoluciones/index.php?dir=Notificaciones/AUTOS%201985/ HTTP/1.1" 200 2733
52.25.208.208 - - [08/Nov/2023:12:38:42 -0500] "GET /BLA/resoluciones/index.php?dir=RESOLUCIONES%202004/RES%202004%20951-1000/ HTTP/1.1" 200 12101
52.25.208.208 - - [08/Nov/2023:12:38:42 -0500] "GET /BLA/resoluciones/index.php?dir=Notificaciones/AUTOS%202029/ HTTP/1.1" 200 2024
201.245.192.253 - - [08/Nov/2023:12:38:43 -0500] "POST /sipse/faces/presentacion/financiero/solicitudProceso/consultarSolicitudProceso.xhtml HTTP/1.1" 200 5537
201.245.192.253 - - [08/Nov/2023:12:38:43 -0500] "GET /sipse/faces/javax.faces.resource/dynamiccontent.properties?ln=primefaces&pfdrid=XjOR5%2F%2FfPAZAuY9TpWQeCiM0BhlXxYRBGKi%2FQcXXfeA%3D&pfdrid_c=false HTTP/1.1" 200 117395
52.25.208.208 - - [08/Nov/2023:12:38:43 -0500] "GET /BLA/resoluciones/index.php?dir=RESOLUCIONES%202004/RES%202004%201051-1100/ HTTP/1.1" 200 12164
100.21.24.205 - - [08/Nov/2023:12:38:48 -0500] "GET /BLA/resoluciones/index.php?dir=Notificaciones/REGISTROS%202016/ HTTP/1.1" 200 17179
100.21.24.205 - - [08/Nov/2023:12:38:49 -0500] "GET /BLA/resoluciones/index.php?dir=RESOLUCIONES%202004/RES%202004%201951-2000/ HTTP/1.1" 200 12355
44.230.252.91 - - [08/Nov/2023:12:38:50 -0500] "GET /BLA/resoluciones/index.php?dir=RESOLUCIONES%202004/RES%202004%202301-2350/ HTTP/1.1" 200 12356
201.245.192.253 - - [08/Nov/2023:12:38:51 -0500] "POST /forms/lservlet;jsessionid=ac16012b30d6f33de23e535e48629b158b5de6bb217d.e3iSbxaKaheRe3eRa38MahaQbi1ynknvrkLOlQzNp65In0 HTTP/1.1" 200 2
52.25.208.208 - - [08/Nov/2023:12:38:53 -0500] "GET /BLA/resoluciones/index.php?dir=Notificaciones/AUTOS%200022/ HTTP/1.1" 200 2018
100.21.24.205 - - [08/Nov/2023:12:39:01 -0500] "GET /BLA/resoluciones/index.php?dir=RESOLUCIONES%202004/RES%202004%201401-1450/ HTTP/1.1" 200 12371
52.25.208.208 - - [08/Nov/2023:12:39:02 -0500] "GET /BLA/resoluciones/index.php?dir=RESOLUCIONES%202004/RES%202004%20151-200/ HTTP/1.1" 200 12047
44.230.252.91 - - [08/Nov/2023:12:39:02 -0500] "GET /BLA/resoluciones/index.php?dir=RESOLUCIONES%202002/RES%202002%201651-1700/ HTTP/1.1" 200 12155
44.230.252.91 - - [08/Nov/2023:12:39:05 -0500] "GET /BLA/resoluciones/index.php?dir=Notificaciones/REGISTROS%202022/ HTTP/1.1" 200 16832
201.245.192.253 - - [08/Nov/2023:12:39:10 -0500] "POST /forms/lservlet;jsessionid=ac16012b30d6c4b98c9a00674ab49b599f8f4161ab5e.e3iSbxaKaheRe3eRa38MahaQbi1ynknvrkLOlQzNp65In0 HTTP/1.1" 200 2
52.25.208.208 - - [08/Nov/2023:12:39:10 -0500] "GET /BLA/resoluciones/index.php?dir=RESOLUCIONES%202004/RES%202004%20401-450/ HTTP/1.1" 200 12039
52.25.208.208 - - [08/Nov/2023:12:39:10 -0500] "GET /BLA/resoluciones/index.php?dir=Notificaciones/AUTOS%202018/ HTTP/1.1" 200 98973
44.230.252.91 - - [08/Nov/2023:12:39:11 -0500] "GET /BLA/resoluciones/index.php?dir=Notificaciones/&order=asc&sort=date HTTP/1.1" 200 11650
52.25.208.208 - - [08/Nov/2023:12:39:14 -0500] "GET /BLA/resoluciones/index.php?dir=RESOLUCIONES%201995/&order=desc&sort=name HTTP/1.1" 200 12496
100.21.24.205 - - [08/Nov/2023:12:39:14 -0500] "GET /BLA/resoluciones/index.php?dir=Notificaciones/AUTOS%202014/ HTTP/1.1" 200 307884
44.230.252.91 - - [08/Nov/2023:12:39:19 -0500] "GET /BLA/resoluciones/index.php?dir=RESOLUCIONES%202004/RES%202004%20701-750/ HTTP/1.1" 200 12059
100.21.24.205 - - [08/Nov/2023:12:39:20 -0500] "GET /BLA/resoluciones/index.php?dir=RESOLUCIONES%202004/RES%202004%201351-1400/ HTTP/1.1" 200 12359
44.230.252.91 - - [08/Nov/2023:12:39:21 -0500] "GET /BLA/resoluciones/index.php?dir=RESOLUCIONES%202004/RES%202004%202101-2150/ HTTP/1.1" 200 12359
100.21.24.205 - - [08/Nov/2023:12:39:22 -0500] "GET /BLA/resoluciones/index.php?dir=RESOLUCIONES%202004/RES%202004%202251-2300/ HTTP/1.1" 200 12363
100.21.24.205 - - [08/Nov/2023:12:39:23 -0500] "GET /BLA/resoluciones/index.php?dir=Notificaciones/RESOLUCIONES%202017/ HTTP/1.1" 200 13655
44.230.252.91 - - [08/Nov/2023:12:39:27 -0500] "GET /BLA/resoluciones/index.php?dir=Notificaciones/REGISTROS%202018/ HTTP/1.1" 200 21644
100.21.24.205 - - [08/Nov/2023:12:39:29 -0500] "GET /BLA/resoluciones/index.php?dir=RESOLUCIONES%202007/RES%202007%203401%20AL%203500/ HTTP/1.1" 200 26618
52.25.208.208 - - [08/Nov/2023:12:39:29 -0500] "GET /BLA/resoluciones/index.php?dir=Notificaciones/AUTOS%202020/ HTTP/1.1" 200 119693
100.21.24.205 - - [08/Nov/2023:12:39:31 -0500] "GET /BLA/resoluciones/index.php?dir=Notificaciones/REGISTROS%202021/ HTTP/1.1" 200 23530
44.230.252.91 - - [08/Nov/2023:12:39:32 -0500] "GET /BLA/resoluciones/index.php?dir=RESOLUCIONES%202004/RES%202004%202051-2100/ HTTP/1.1" 200 12370
44.230.252.91 - - [08/Nov/2023:12:39:31 -0500] "GET /BLA/resoluciones/index.php?dir=AUTOS%202022/&order=asc&sort=size HTTP/1.1" 200 507974
52.25.208.208 - - [08/Nov/2023:12:39:33 -0500] "GET /BLA/resoluciones/index.php?dir=Notificaciones/RESOLUCIONES%202022/ HTTP/1.1" 200 106738
44.230.252.91 - - [08/Nov/2023:12:39:36 -0500] "GET /BLA/resoluciones/index.php?dir=RESOLUCIONES%202004/RES%202004%20301-350/ HTTP/1.1" 200 12062
100.21.24.205 - - [08/Nov/2023:12:39:38 -0500] "GET /BLA/resoluciones/index.php?dir=Notificaciones/RESOLUCIONES%200020/ HTTP/1.1" 200 2077
100.21.24.205 - - [08/Nov/2023:12:39:39 -0500] "GET /BLA/resoluciones/index.php?dir=Notificaciones/AUTOS%202013/ HTTP/1.1" 200 39422
44.230.252.91 - - [08/Nov/2023:12:39:42 -0500] "GET /BLA/resoluciones/index.php?dir=Notificaciones/REGISTROS%202023/ HTTP/1.1" 200 5001
100.21.24.205 - - [08/Nov/2023:12:39:41 -0500] "GET /BLA/resoluciones/index.php?dir=RESOLUCIONES%202004/RES%202004%20501-550/ HTTP/1.1" 200 12048
52.25.208.208 - - [08/Nov/2023:12:39:49 -0500] "GET /BLA/resoluciones/index.php?dir=RESOLUCIONES%202004/&order=asc&sort=date HTTP/1.1" 200 33860
100.21.24.205 - - [08/Nov/2023:12:39:50 -0500] "GET /BLA/resoluciones/index.php?dir=RESOLUCIONES%202004/RES%202004%201451-1500/ HTTP/1.1" 200 12353
44.230.252.91 - - [08/Nov/2023:12:39:50 -0500] "GET /BLA/resoluciones/index.php?dir=RESOLUCIONES%202004/RES%202004%20351-400/ HTTP/1.1" 200 12050
52.25.208.208 - - [08/Nov/2023:12:39:51 -0500] "GET /BLA/resoluciones/index.php?dir=Notificaciones/REGISTROS%202017/ HTTP/1.1" 200 9178
44.230.252.91 - - [08/Nov/2023:12:39:51 -0500] "GET /BLA/resoluciones/index.php?dir=Notificaciones/AUTOS%202023/ HTTP/1.1" 200 105307
44.230.252.91 - - [08/Nov/2023:12:39:53 -0500] "GET /BLA/resoluciones/index.php?dir=Notificaciones/RESOLUCIONES%202013/ HTTP/1.1" 200 2817
44.230.252.91 - - [08/Nov/2023:12:39:51 -0500] "GET /BLA/resoluciones/index.php?dir=AUTOS%202018/&order=asc&sort=size HTTP/1.1" 200 467745
44.230.252.91 - - [08/Nov/2023:12:39:53 -0500] "GET /BLA/resoluciones/index.php?dir=RESOLUCIONES%202004/RES%202004%201551-1600/ HTTP/1.1" 200 12345
100.21.24.205 - - [08/Nov/2023:12:39:56 -0500] "GET /BLA/resoluciones/index.php?dir=Notificaciones/AUTOS%201988/ HTTP/1.1" 200 2205
44.230.252.91 - - [08/Nov/2023:12:39:56 -0500] "GET /BLA/resoluciones/index.php?dir=RESOLUCIONES%202023/&order=asc&sort=date HTTP/1.1" 200 106644
44.230.252.91 - - [08/Nov/2023:12:39:57 -0500] "GET /BLA/resoluciones/index.php?dir=AUTOS%202006/AUTOS%202006%203201%20-%203300/ HTTP/1.1" 200 22209
44.230.252.91 - - [08/Nov/2023:12:39:59 -0500] "GET /BLA/resoluciones/index.php?dir=Notificaciones/RESOLUCIONES%202018/ HTTP/1.1" 200 19727
44.230.252.91 - - [08/Nov/2023:12:40:08 -0500] "GET /BLA/resoluciones/index.php?dir=RESOLUCIONES%202004/RES%202004%20601-650/ HTTP/1.1" 200 12060
100.21.24.205 - - [08/Nov/2023:12:40:09 -0500] "GET /BLA/resoluciones/index.php?dir=Notificaciones/AUTOS%202012/ HTTP/1.1" 200 3092
100.21.24.205 - - [08/Nov/2023:12:40:09 -0500] "GET /BLA/resoluciones/index.php?dir=Notificaciones/REGISTROS%200216/ HTTP/1.1" 200 2241
44.230.252.91 - - [08/Nov/2023:12:40:12 -0500] "GET /BLA/resoluciones/index.php?dir=Notificaciones/REGISTROS%202020/ HTTP/1.1" 200 20179
201.245.192.253 - - [08/Nov/2023:12:40:12 -0500] "POST /kwsrmcab/Wsrmcab HTTP/1.1" 200 40460
100.21.24.205 - - [08/Nov/2023:12:40:15 -0500] "GET /BLA/resoluciones/index.php?dir=RESOLUCIONES%201997/&order=asc&sort=date HTTP/1.1" 200 17831
100.21.24.205 - - [08/Nov/2023:12:40:15 -0500] "GET /BLA/resoluciones/index.php?dir=RESOLUCIONES%202002/&order=asc&sort=size HTTP/1.1" 200 26096
52.25.208.208 - - [08/Nov/2023:12:40:15 -0500] "GET /BLA/resoluciones/index.php?dir=Notificaciones/RESOLUCIONES%202019/ HTTP/1.1" 200 40760
201.245.192.253 - - [08/Nov/2023:12:40:15 -0500] "POST /kwsrmcab/Wsrmcab HTTP/1.1" 200 36961
191.95.59.170 - - [08/Nov/2023:12:40:21 -0500] "GET /sipse/faces/javax.faces.resource/images/ui-bg_flat_0_2d5972_40x100.png?ln=primefaces-aristo HTTP/1.1" 304 -
100.21.24.205 - - [08/Nov/2023:12:40:23 -0500] "GET /BLA/resoluciones/index.php?dir=AUTOS%202002/&order=asc&sort=size HTTP/1.1" 200 1813
191.95.59.170 - - [08/Nov/2023:12:40:21 -0500] "POST /sipse/faces/presentacion/financiero/solicitudProceso/consultarSolicitudProceso.xhtml HTTP/1.1" 200 65070
191.95.59.170 - - [08/Nov/2023:12:40:24 -0500] "GET /sipse/faces/javax.faces.resource/theme.css?ln=primefaces-sipse HTTP/1.1" 304 -
191.95.59.170 - - [08/Nov/2023:12:40:24 -0500] "GET /sipse/faces/javax.faces.resource/primefaces.css?ln=primefaces&v=4.0 HTTP/1.1" 304 -
191.95.59.170 - - [08/Nov/2023:12:40:24 -0500] "GET /sipse/faces/javax.faces.resource/layout/layout.css?ln=primefaces&v=4.0 HTTP/1.1" 304 -
191.95.59.170 - - [08/Nov/2023:12:40:24 -0500] "GET /sipse/faces/javax.faces.resource/jquery/jquery.js?ln=primefaces&v=4.0 HTTP/1.1" 304 -
44.230.252.91 - - [08/Nov/2023:12:40:24 -0500] "GET /BLA/resoluciones/index.php?dir=RESOLUCIONES%202004/RES%202004%20551-600/ HTTP/1.1" 200 12047
191.95.59.170 - - [08/Nov/2023:12:40:24 -0500] "GET /sipse/faces/javax.faces.resource/jquery/jquery-plugins.js?ln=primefaces&v=4.0 HTTP/1.1" 304 -
191.95.59.170 - - [08/Nov/2023:12:40:24 -0500] "GET /sipse/css/imagen/contrasena.png HTTP/1.1" 404 383
191.95.59.170 - - [08/Nov/2023:12:40:24 -0500] "GET /sipse/faces/javax.faces.resource/primefaces.js?ln=primefaces&v=4.0 HTTP/1.1" 304 -
191.95.59.170 - - [08/Nov/2023:12:40:24 -0500] "GET /sipse/faces/javax.faces.resource/layout/layout.js?ln=primefaces&v=4.0 HTTP/1.1" 304 -
191.95.59.170 - - [08/Nov/2023:12:40:24 -0500] "GET /sipse/faces/javax.faces.resource/messages/messages.png?ln=primefaces&v=4.0 HTTP/1.1" 304 -
191.95.59.170 - - [08/Nov/2023:12:40:24 -0500] "POST /sipse/faces/presentacion/financiero/solicitudProceso/listarSolicitudProceso.xhtml HTTP/1.1" 200 1548
52.25.208.208 - - [08/Nov/2023:12:40:27 -0500] "GET /BLA/resoluciones/index.php?dir=AUTOS%201997/&order=asc&sort=date HTTP/1.1" 200 2025
44.230.252.91 - - [08/Nov/2023:12:40:27 -0500] "GET /BLA/resoluciones/index.php?dir=RESOLUCIONES%201995/&order=asc&sort=date HTTP/1.1" 200 12497
