191.156.59.224 - - [11/Nov/2023:15:18:46 -0500] "GET /sipse/faces/javax.faces.resource/theme.css?ln=primefaces-sipse HTTP/1.1" 304 -
191.156.61.106 - - [11/Nov/2023:15:18:46 -0500] "GET /sipse/faces/javax.faces.resource/jquery/jquery.js?ln=primefaces&v=4.0 HTTP/1.1" 304 -
191.156.59.224 - - [11/Nov/2023:15:18:46 -0500] "GET /sipse/faces/javax.faces.resource/layout/layout.css?ln=primefaces&v=4.0 HTTP/1.1" 304 -
191.156.52.109 - - [11/Nov/2023:15:18:46 -0500] "GET /sipse/faces/javax.faces.resource/primefaces.css?ln=primefaces&v=4.0 HTTP/1.1" 304 -
191.156.52.109 - - [11/Nov/2023:15:18:46 -0500] "GET /sipse/faces/javax.faces.resource/jquery/jquery-plugins.js?ln=primefaces&v=4.0 HTTP/1.1" 304 -
191.156.52.109 - - [11/Nov/2023:15:18:46 -0500] "GET /sipse/faces/javax.faces.resource/primefaces.js?ln=primefaces&v=4.0 HTTP/1.1" 304 -
191.156.52.109 - - [11/Nov/2023:15:18:46 -0500] "GET /sipse/faces/javax.faces.resource/layout/layout.js?ln=primefaces&v=4.0 HTTP/1.1" 304 -
191.156.61.106 - - [11/Nov/2023:15:18:46 -0500] "GET /sipse/css/imagen/contrasena.png HTTP/1.1" 404 383
191.156.52.109 - - [11/Nov/2023:15:18:46 -0500] "POST /sipse/faces/presentacion/financiero/solicitudProceso/consultar.xhtml HTTP/1.1" 200 35403
191.156.52.109 - - [11/Nov/2023:15:18:47 -0500] "POST /sipse/faces/presentacion/financiero/solicitudProceso/consultar.xhtml HTTP/1.1" 200 35403
191.156.52.109 - - [11/Nov/2023:15:18:49 -0500] "POST /sipse/faces/presentacion/financiero/solicitudProceso/consultar.xhtml HTTP/1.1" 200 12913
191.156.52.109 - - [11/Nov/2023:15:18:52 -0500] "POST /sipse/faces/presentacion/financiero/solicitudProceso/consultar.xhtml HTTP/1.1" 200 158158
191.156.59.224 - - [11/Nov/2023:15:18:53 -0500] "GET /sipse/faces/javax.faces.resource/layout/layout.css?ln=primefaces&v=4.0 HTTP/1.1" 304 -
191.156.52.109 - - [11/Nov/2023:15:18:53 -0500] "GET /sipse/faces/javax.faces.resource/theme.css?ln=primefaces-sipse HTTP/1.1" 304 -
191.156.61.106 - - [11/Nov/2023:15:18:53 -0500] "GET /sipse/faces/javax.faces.resource/primefaces.css?ln=primefaces&v=4.0 HTTP/1.1" 304 -
191.156.59.224 - - [11/Nov/2023:15:18:53 -0500] "GET /sipse/faces/javax.faces.resource/jquery/jquery.js?ln=primefaces&v=4.0 HTTP/1.1" 304 -
191.156.59.224 - - [11/Nov/2023:15:18:53 -0500] "GET /sipse/faces/javax.faces.resource/jquery/jquery-plugins.js?ln=primefaces&v=4.0 HTTP/1.1" 304 -
191.156.59.224 - - [11/Nov/2023:15:18:53 -0500] "GET /sipse/faces/javax.faces.resource/primefaces.js?ln=primefaces&v=4.0 HTTP/1.1" 304 -
191.156.59.224 - - [11/Nov/2023:15:18:53 -0500] "GET /sipse/faces/javax.faces.resource/layout/layout.js?ln=primefaces&v=4.0 HTTP/1.1" 304 -
191.156.59.224 - - [11/Nov/2023:15:18:53 -0500] "GET /sipse/faces/javax.faces.resource/dynamiccontent.properties?ln=primefaces&pfdrid=XjOR5%2F%2FfPAZAuY9TpWQeCiM0BhlXxYRBGKi%2FQcXXfeA%3D&pfdrid_c=false HTTP/1.1" 500 383
191.156.61.106 - - [11/Nov/2023:15:18:56 -0500] "POST /sipse/faces/presentacion/financiero/solicitudProceso/consultarSolicitudProceso.xhtml HTTP/1.1" 200 407910
201.245.192.253 - - [11/Nov/2023:15:20:00 -0500] "POST /kwsrmcab/Wsrmcab HTTP/1.1" 200 40130
201.245.192.253 - - [11/Nov/2023:15:20:03 -0500] "POST /kwsrmcab/Wsrmcab HTTP/1.1" 200 39559
191.156.51.138 - - [11/Nov/2023:15:20:37 -0500] "POST /sipse/faces/presentacion/financiero/solicitudProceso/consultarSolicitudProceso.xhtml HTTP/1.1" 200 407910
216.245.221.92 - - [11/Nov/2023:15:22:54 -0500] "HEAD / HTTP/1.1" 200 -
172.22.2.4 - - [11/Nov/2023:15:21:36 -0500] "HEAD /BLA/boletinlegal/ HTTP/1.1" 200 -
172.22.2.4 - - [11/Nov/2023:15:23:22 -0500] "HEAD /BLA/boletinlegal/Circulares/2012/Circular%20No.%203%20del%2023%20de%20Marzo%20de%202012.pdf HTTP/1.1" 200 -
172.22.2.4 - - [11/Nov/2023:15:23:22 -0500] "GET /BLA/boletinlegal/Circulares/2012/Circular%20No.%203%20del%2023%20de%20Marzo%20de%202012.pdf HTTP/1.1" 200 572950
201.245.192.253 - - [11/Nov/2023:15:23:22 -0500] "POST /kwsrmcab/Wsrmcab  HTTP/1.1" 200 38506
172.22.2.4 - - [11/Nov/2023:15:22:27 -0500] "GET /BLA/boletinlegal/ HTTP/1.1" 200 61018
69.171.251.4 - - [11/Nov/2023:15:24:08 -0500] "GET /images/negocios-verdes-mayo-2022.jpg HTTP/1.1" 200 48000
201.245.192.253 - - [11/Nov/2023:15:26:41 -0500] "POST /kwsrmcab/Wsrmcab HTTP/1.1" 200 40130
66.249.66.21 - - [11/Nov/2023:15:26:45 -0500] "GET /silvicultura/1.pdf HTTP/1.1" 304 -
201.245.192.253 - - [11/Nov/2023:15:26:44 -0500] "POST /kwsrmcab/Wsrmcab HTTP/1.1" 200 39559
66.220.149.117 - - [11/Nov/2023:15:26:47 -0500] "GET /bogota-ya-cuenta-mas-de-70-negocios-verdes-verificados.html HTTP/1.1" 200 992
216.245.221.92 - - [11/Nov/2023:15:27:54 -0500] "HEAD / HTTP/1.1" 200 -
201.245.192.253 - - [11/Nov/2023:15:28:21 -0500] "POST /kwsrmcab/Wsrmcab  HTTP/1.1" 200 38506
15.235.114.226 - - [11/Nov/2023:15:28:57 -0500] "GET /consulta-y-conoce-los-proyectos-de-resolucion-de-para-los-planes-de-manejo-ambiental-de-cinco-humedales-en-bogota.html HTTP/1.1" 200 971
172.22.2.4 - - [11/Nov/2023:15:27:26 -0500] "HEAD /BLA/boletinlegal/ HTTP/1.1" 200 -
172.22.2.4 - - [11/Nov/2023:15:28:17 -0500] "GET /BLA/boletinlegal/ HTTP/1.1" 200 60634
201.245.192.253 - - [11/Nov/2023:15:30:00 -0500] "POST /kwsrmcab/Wsrmcab HTTP/1.1" 200 40130
201.245.192.253 - - [11/Nov/2023:15:30:03 -0500] "POST /kwsrmcab/Wsrmcab HTTP/1.1" 200 39559
134.147.198.48 - - [11/Nov/2023:15:30:29 -0500] "GET /robots.txt HTTP/1.1" 404 1144
186.102.103.224 - - [11/Nov/2023:15:30:33 -0500] "GET /kwssiamovil/sm/ldap/au?x=U2FsdGVkX18Qohx8Ar82mUuZuzdjPEbiioZNS1bpE+BdCpJ9DI/Y6AX4/4+7Vt7a&y=U2FsdGVkX18SRBZ1n0Q+mJZjDuKDXcVpqJHpApKivv4xuz1puQHau6QM41+UYXkh HTTP/1.1" 200 30
186.102.103.224 - - [11/Nov/2023:15:30:33 -0500] "GET /kwssiamovil/sm/acme/s?s=U2FsdGVkX1/lJ3W4MeXdMoRn99PpO8HMjgohW2hM3azj+vQ77JzH8GvktyS7fD6KmL5AiypOiSUnfdDEDlK/sMawkDbNCrg/Q85i5dHx8yI=&u=U2FsdGVkX18GTSISxcA+Ll5zEvRIkaZ526dNO+2ISb4=&y=U2FsdGVkX18SRBZ1n0Q+mJZjDuKDXcVpqJHpApKivv4xuz1puQHau6QM41+UYXkh HTTP/1.1" 200 97
186.102.103.224 - - [11/Nov/2023:15:30:33 -0500] "GET /kwssiamovil/sm/acme/s?s=U2FsdGVkX19YUaaoz3X1rbVN5ju+FEueTFnvniY4Pmjjr74kotxUhXO2nfNcYuSH6qjQU20lVeW6OMwlpWkcktMetYW40eflhXaIFkeXZgdqCDX/PedTlyw70FPuGB+cthgo8rnhTDo43Ru/duGr2nKGGm9nq9Op/ggsnvG0+gCLYlC5Td4pH9Db2VeLVGR/uQeOF1eo0sspoEH6X3JaiqwgWUq3Jf+wpZUBxVx1FR7b/eBw9CxersWqlsTWlgstVaC3qzlGKk30w05dWwQdF+qggIWTaPr8iq4fpJF5jlVDgnN6mAngv6GqWKQ+eAeDQFdG+/41u59Dn4PsLBbjlcK6YRCTw+5ydtNauS3WvKpDYoFoZ4NuU1nz26qBtDVbTxxrlwUS/ubBGj6Jd1h5HO/8D7zonq1qtzW9Q2uEBvC7UXcKZv+vtH8JMmsI+M4pKJJHQ5DXlAog4tiU16MEb2Tuhwx0LmKjuNaop9eY8TQpmGPblKwo/2g/6xGiUN0r3Hoe/va8mr+Flkn9Dtoa9viRxCmFuxE3ngsvAkHRxei2CsId/vyQb30xKW58q4eq+DP/FqpF+FAbgGI6QFu64/u/qufqeTWI5gU6skfTFw2zF1fEzutGeh/ULhv2zJIcXRoc1HCjHSofiyUD/oan7Vygl2guaH6HQ7A7l0MqMcS7bCRWGTwflweJ0rmU+edzWNy0QUSXWIqmhy6O/4fR7RgMBfolp+MIPbjJHKVjlTRhF04/w0Hx5lAZ3lXM5cyE2mfG9L0kcl88AK6VC6IPxZFTBhGWveH25Ho097Xx+xdLj96SDvFJepoQbgctAQaGMJ3ysEk5sFAok1cc231ths1C3ZJBeFRnhiljNYh1nJPatFTnpgWhteh9ZjVCgmobao5QPW6LwoEBJi7QrQfbqSNp8nUBriLLZW3sNxhIsbdCjA+nna1ZHq0Y7uwf/14GVd1RddFlWwtqIB4CB7gTZvSM/T2W575fPyVGyLLmHKDIuXhlEeiX6k6MjX4HYqHaSzuavBryDka1u4r9TkLmXSTcSGljhpeBgCPi8L2oyZuuZ5DgAz0rWoHTqpNBEUnYKpGb7UoDNlVBJIWW4GFlorgGjDcX/lkhupKnLyNI9bK/hcX40daltrnVyBvZ1E49Eq+1DIx7PBQ8dQU0Vua8RRVu2ovlLRFlCLq27YYswrDD9cCun7rRWQNWbKRERuMhc60z4RJyk4U8zhVACf9pvB58PIoBS7tnhL9E44OoRo2BELYPx+719YPb1jhAmA3X9+cUKobqrMWEvlyKm5DKtXWOeAnOObagg74i7AGMFx0KvQK4mmjoLXY40idIZdzGxU1k46xeoIE/2ECdgThd8Zx3B4ULtWfZt3/WhFN0snrSP6gyaYM7WmloTmHQINzEbJF6wgQUvkj+/AHdtLVDmRiNtLqcVZaDdqxyUyqsSqdgtZBKCIMag3Q7rykq2uaBZgJs7tOXcfVef2gh8SBQtHUOhBPJnxT5ilxmXO9rWDzTCWCdGXi+gIbQEZK3wugWg8+tAhBewQ1bCWwX2NNJ4EJiuFN9UZIR9YrLWVZdV2gtC2R3m0P9bV1Mkdt41U67cPoBHCBzR/a9/0/2dXmU0gwuyFRAoUx3j+ywXmBa/m4VuUay9+rlRCwhLBdxu/cd4epn30WKAIKCIf5j05y0jv8QDaHHAQbf1xisSodc2ZDplidUGhjuQg7j42x5CZBCnX5EsEauDsWpcm9iig1VGhTIaPPvqrOF0mZCYHqgFso=&u=U2FsdGVkX18GTSISxcA+Ll5zEvRIkaZ526dNO+2ISb4=&y=U2FsdGVkX18SRBZ1n0Q+mJZjDuKDXcVpqJHpApKivv4xuz1puQHau6QM41+UYXkh HTTP/1.1" 200 1602
186.102.103.224 - - [11/Nov/2023:15:30:33 -0500] "GET /kwssiamovil/sm/acme/s?s=U2FsdGVkX19jKEhcWZ2rX97wRa31FDKQXZhsAUmbzdCNBxnFCoIaxPIlrIbXRJ4zQFoYxs/2oH7yyj16aNgJGviw5p3b8S64Q+MCUCuEavWtD/8qIuBeMk/0OdPbuOoBBlmKL71Hha8CmP1GTRVthiDi2xhUU4trZAe3EmeWnqoBvoqiIin4NW0Ap0JbPduAO/9yg6+LjVNwyB6Qk5pHPTm7QJcH08KseD97Spaz50ErVNxPgABsCHlYXKprgylQEYyld8K+plG9dNCCFkgOZQYYEUJRWIJRXu75rwPUSb/ciLYDtg6sLx7/lBAotiJJFCM45KaorEc+x6X8bOFKYMB5aKDtePUgL3zle3i8+HrnsTq7QZfJV5Eghw8ryR5DiVhijZRde18fZIhL7HDG/uowIoUJxm+WttVfF7vKArjlPkS8Jfy4eMOQ7zOFEyTNcRNpnts9g5Z0QXDHP3ib+A1mnjXIBZTX7+Zstil+CfjXyBtyh7XVyQ3LJesxlzd+iL9VY6UX8ZQe0GY/q4mXUmwuOtgQyMTlavs+2bbWhfP8IGo4ZtiUzPpQ2NbqmHrlhSSyjQwKm/VaMew2PfZSAgwt04niSf1fI5mLZ+A1i3lgLu93CGFn3rDe5+ZzewjABD0jntHsCRPXh44sobq2ev7bHTgMNNax7cRdHRWleJBfqGyzDUy2n4P/w7fKRXt8IuP2YExAH9LVSMAs2nwRSSwNSbyETNDPJDD5/rwvSXwr+qhWYbH81mKwvbgcex/i&u=U2FsdGVkX18GTSISxcA+Ll5zEvRIkaZ526dNO+2ISb4=&y=U2FsdGVkX18SRBZ1n0Q+mJZjDuKDXcVpqJHpApKivv4xuz1puQHau6QM41+UYXkh HTTP/1.1" 200 208
191.156.51.138 - - [11/Nov/2023:15:30:33 -0500] "POST /sipse/faces/presentacion/financiero/solicitudProceso/consultarSolicitudProceso.xhtml HTTP/1.1" 200 42233
191.156.51.138 - - [11/Nov/2023:15:30:33 -0500] "GET /sipse/faces/javax.faces.resource/theme.css?ln=primefaces-sipse HTTP/1.1" 304 -
191.156.54.83 - - [11/Nov/2023:15:30:34 -0500] "GET /sipse/faces/javax.faces.resource/jquery/jquery.js?ln=primefaces&v=4.0 HTTP/1.1" 304 -
191.156.54.83 - - [11/Nov/2023:15:30:34 -0500] "GET /sipse/faces/javax.faces.resource/primefaces.css?ln=primefaces&v=4.0 HTTP/1.1" 304 -
191.156.52.67 - - [11/Nov/2023:15:30:34 -0500] "GET /sipse/faces/javax.faces.resource/layout/layout.css?ln=primefaces&v=4.0 HTTP/1.1" 304 -
191.156.54.83 - - [11/Nov/2023:15:30:34 -0500] "GET /sipse/faces/javax.faces.resource/jquery/jquery-plugins.js?ln=primefaces&v=4.0 HTTP/1.1" 304 -
191.156.54.83 - - [11/Nov/2023:15:30:34 -0500] "GET /sipse/css/imagen/contrasena.png HTTP/1.1" 404 383
191.156.52.67 - - [11/Nov/2023:15:30:34 -0500] "GET /sipse/faces/javax.faces.resource/primefaces.js?ln=primefaces&v=4.0 HTTP/1.1" 304 -
191.156.52.67 - - [11/Nov/2023:15:30:34 -0500] "GET /sipse/faces/javax.faces.resource/layout/layout.js?ln=primefaces&v=4.0 HTTP/1.1" 304 -
191.156.52.67 - - [11/Nov/2023:15:30:34 -0500] "POST /sipse/faces/presentacion/financiero/solicitudProceso/consultar.xhtml HTTP/1.1" 200 35521
186.102.103.224 - - [11/Nov/2023:15:30:33 -0500] "GET /kwssiamovil/sm/cjson/pre?f=1&x=U2FsdGVkX18Qohx8Ar82mUuZuzdjPEbiioZNS1bpE+BdCpJ9DI/Y6AX4/4+7Vt7a HTTP/1.1" 200 31032
191.156.52.67 - - [11/Nov/2023:15:30:34 -0500] "POST /sipse/faces/presentacion/financiero/solicitudProceso/consultar.xhtml HTTP/1.1" 200 35521
191.156.52.67 - - [11/Nov/2023:15:30:34 -0500] "POST /sipse/faces/presentacion/financiero/solicitudProceso/consultar.xhtml HTTP/1.1" 200 35521
191.156.52.67 - - [11/Nov/2023:15:30:35 -0500] "POST /sipse/faces/presentacion/financiero/solicitudProceso/consultar.xhtml HTTP/1.1" 200 35521
134.147.198.48 - - [11/Nov/2023:15:30:36 -0500] "GET /silvicultura/1.pdf HTTP/1.1" 200 334952
191.156.52.67 - - [11/Nov/2023:15:30:37 -0500] "POST /sipse/faces/presentacion/financiero/solicitudProceso/consultar.xhtml HTTP/1.1" 200 12906
134.147.198.48 - - [11/Nov/2023:15:30:40 -0500] "GET /silvicultura/1.pdf HTTP/1.1" 200 334952
191.156.52.67 - - [11/Nov/2023:15:30:39 -0500] "POST /sipse/faces/presentacion/financiero/solicitudProceso/consultar.xhtml HTTP/1.1" 200 156416
191.156.54.83 - - [11/Nov/2023:15:30:40 -0500] "GET /sipse/faces/javax.faces.resource/layout/layout.css?ln=primefaces&v=4.0 HTTP/1.1" 304 -
191.156.52.67 - - [11/Nov/2023:15:30:40 -0500] "GET /sipse/faces/javax.faces.resource/theme.css?ln=primefaces-sipse HTTP/1.1" 304 -
191.156.54.83 - - [11/Nov/2023:15:30:40 -0500] "GET /sipse/faces/javax.faces.resource/primefaces.css?ln=primefaces&v=4.0 HTTP/1.1" 304 -
191.156.51.138 - - [11/Nov/2023:15:30:40 -0500] "GET /sipse/faces/javax.faces.resource/jquery/jquery.js?ln=primefaces&v=4.0 HTTP/1.1" 304 -
191.156.51.138 - - [11/Nov/2023:15:30:40 -0500] "GET /sipse/faces/javax.faces.resource/jquery/jquery-plugins.js?ln=primefaces&v=4.0 HTTP/1.1" 304 -
191.156.51.138 - - [11/Nov/2023:15:30:40 -0500] "GET /sipse/faces/javax.faces.resource/primefaces.js?ln=primefaces&v=4.0 HTTP/1.1" 304 -
191.156.51.138 - - [11/Nov/2023:15:30:41 -0500] "GET /sipse/faces/javax.faces.resource/layout/layout.js?ln=primefaces&v=4.0 HTTP/1.1" 304 -
191.156.51.138 - - [11/Nov/2023:15:30:41 -0500] "GET /sipse/css/imagen/contrasena.png HTTP/1.1" 404 383
191.156.51.138 - - [11/Nov/2023:15:30:41 -0500] "GET /sipse/faces/javax.faces.resource/dynamiccontent.properties?ln=primefaces&pfdrid=XjOR5%2F%2FfPAZAuY9TpWQeCiM0BhlXxYRBGKi%2FQcXXfeA%3D&pfdrid_c=false HTTP/1.1" 500 383
191.156.54.83 - - [11/Nov/2023:15:30:44 -0500] "POST /sipse/faces/presentacion/financiero/solicitudProceso/consultarSolicitudProceso.xhtml HTTP/1.1" 200 62320
40.88.21.235 - - [11/Nov/2023:15:31:35 -0500] "GET / HTTP/1.1" 200 319
40.88.21.235 - - [11/Nov/2023:15:31:35 -0500] "GET /favicon.ico HTTP/1.1" 200 7782
43.135.144.129 - - [11/Nov/2023:15:32:11 -0500] "GET /galeria/galeria/fotos/GuaymaralTorca4G.jpg HTTP/1.1" 200 373786
216.245.221.92 - - [11/Nov/2023:15:32:54 -0500] "HEAD / HTTP/1.1" 200 -
201.245.192.253 - - [11/Nov/2023:15:33:20 -0500] "POST /kwsrmcab/Wsrmcab  HTTP/1.1" 200 38506
172.22.2.4 - - [11/Nov/2023:15:32:35 -0500] "GET /BLA/boletinlegal/ HTTP/1.1" 200 55399
172.22.2.4 - - [11/Nov/2023:15:34:34 -0500] "GET /BLA/boletinlegal/actos.php HTTP/1.1" 200 9682
172.22.2.4 - - [11/Nov/2023:15:34:34 -0500] "GET /BLA/boletinlegal/styles2.css HTTP/1.1" 200 1838
172.22.2.4 - - [11/Nov/2023:15:34:34 -0500] "GET /BLA/boletinlegal/js/ajax_actos.js HTTP/1.1" 200 1322
172.22.2.4 - - [11/Nov/2023:15:34:34 -0500] "GET /BLA/boletinlegal/style.css HTTP/1.1" 200 9406
172.22.2.4 - - [11/Nov/2023:15:34:34 -0500] "GET /BLA/boletinlegal/niceforms-default.css HTTP/1.1" 200 6694
172.22.2.4 - - [11/Nov/2023:15:34:34 -0500] "GET /BLA/boletinlegal/niceforms.js HTTP/1.1" 200 22876
172.22.2.4 - - [11/Nov/2023:15:34:34 -0500] "GET /BLA/boletinlegal/js/lib.js HTTP/1.1" 200 6474
172.22.2.4 - - [11/Nov/2023:15:34:34 -0500] "GET /BLA/boletinlegal/js/popup.js HTTP/1.1" 200 1270
172.22.2.4 - - [11/Nov/2023:15:34:34 -0500] "GET /BLA/boletinlegal/js/jquery1.js HTTP/1.1" 200 29846
172.22.2.4 - - [11/Nov/2023:15:34:34 -0500] "GET /BLA/boletinlegal/images/cabezote%20BLEGAL.jpg HTTP/1.1" 200 118164
172.22.2.4 - - [11/Nov/2023:15:34:34 -0500] "GET /BLA/boletinlegal/images/subscribe-icon-big.png HTTP/1.1" 200 47702
172.22.2.4 - - [11/Nov/2023:15:34:34 -0500] "GET /BLA/boletinlegal/images/historia.png HTTP/1.1" 200 52775
172.22.2.4 - - [11/Nov/2023:15:34:34 -0500] "GET /BLA/boletinlegal/images/registro-usuarios.png HTTP/1.1" 200 8106
172.22.2.4 - - [11/Nov/2023:15:34:34 -0500] "GET /BLA/boletinlegal/images/green-yellow-blue-pink-th.png HTTP/1.1" 200 7394
172.22.2.4 - - [11/Nov/2023:15:34:34 -0500] "GET /BLA/boletinlegal/images/tel.png HTTP/1.1" 200 14477
172.22.2.4 - - [11/Nov/2023:15:34:34 -0500] "GET /BLA/boletinlegal/images/menu_bg.jpg HTTP/1.1" 200 620
172.22.2.4 - - [11/Nov/2023:15:34:34 -0500] "GET /BLA/boletinlegal/images/menu_rght.gif HTTP/1.1" 200 1627
172.22.2.4 - - [11/Nov/2023:15:34:34 -0500] "GET /BLA/boletinlegal/images/footer_bg.jpg HTTP/1.1" 200 586
172.22.2.4 - - [11/Nov/2023:15:34:34 -0500] "GET /BLA/boletinlegal/images/bg_top.jpg HTTP/1.1" 200 522
172.22.2.4 - - [11/Nov/2023:15:34:35 -0500] "GET /BLA/boletinlegal/images/text.jpg HTTP/1.1" 200 568
172.22.2.4 - - [11/Nov/2023:15:34:35 -0500] "GET /BLA/boletinlegal/images/hover.jpg HTTP/1.1" 200 640
172.22.2.4 - - [11/Nov/2023:15:34:35 -0500] "GET /BLA/boletinlegal/images/icono-email.png HTTP/1.1" 200 5544
172.22.2.4 - - [11/Nov/2023:15:34:35 -0500] "GET /BLA/boletinlegal/images/body_bg.jpg HTTP/1.1" 200 1601
172.22.2.4 - - [11/Nov/2023:15:34:35 -0500] "GET /BLA/boletinlegal/images/menu_lft.gif HTTP/1.1" 200 1713
172.22.2.4 - - [11/Nov/2023:15:34:35 -0500] "GET /BLA/boletinlegal/images/footer_bg_l.jpg HTTP/1.1" 200 776
172.22.2.4 - - [11/Nov/2023:15:34:35 -0500] "GET /BLA/boletinlegal/img/select-right.png HTTP/1.1" 200 44019
172.22.2.4 - - [11/Nov/2023:15:34:35 -0500] "GET /BLA/boletinlegal/img/button-right.png HTTP/1.1" 200 57878
172.22.2.4 - - [11/Nov/2023:15:34:35 -0500] "GET /BLA/boletinlegal/img/0.png HTTP/1.1" 200 110
172.22.2.4 - - [11/Nov/2023:15:34:35 -0500] "GET /BLA/boletinlegal/img/button-left.png HTTP/1.1" 200 57071
172.22.2.4 - - [11/Nov/2023:15:34:35 -0500] "GET /BLA/boletinlegal/img/button.png HTTP/1.1" 200 43241
172.22.2.4 - - [11/Nov/2023:15:34:35 -0500] "GET /BLA/boletinlegal/img/select-left.png HTTP/1.1" 200 263
172.22.2.4 - - [11/Nov/2023:15:34:35 -0500] "GET /BLA/boletinlegal/favicon.ico HTTP/1.1" 404 1326
172.22.2.4 - - [11/Nov/2023:15:34:47 -0500] "GET /BLA/boletinlegal/consulta_actos.php?tipo=resoluciones&no=&usuario=&sector=&fecha=2023&resuelve= HTTP/1.1" 200 346231
172.22.2.4 - - [11/Nov/2023:15:34:48 -0500] "GET /BLA/boletinlegal/images/pdf.gif HTTP/1.1" 200 567
172.22.2.4 - - [11/Nov/2023:15:34:48 -0500] "GET /BLA/boletinlegal/images/background.gif HTTP/1.1" 200 -
172.22.2.4 - - [11/Nov/2023:15:33:16 -0500] "HEAD /BLA/boletinlegal/ HTTP/1.1" 200 -
172.22.2.4 - - [11/Nov/2023:15:33:37 -0500] "GET /BLA/boletinlegal/ HTTP/1.1" 200 44547
191.156.224.63 - - [11/Nov/2023:15:35:25 -0500] "GET /BLA/resoluciones/RESOLUCIONES%202023/2251.pdf HTTP/1.1" 200 512060
191.156.224.63 - - [11/Nov/2023:15:35:25 -0500] "GET /favicon.ico HTTP/1.1" 200 7782
66.249.66.20 - - [11/Nov/2023:15:35:44 -0500] "GET /isolucionsda/FrameSetArticulo.asp?Pagina=/isolucionsda/BancoConocimiento/A/Acuerdo130dediciembre7de2004/Acuerdo130dediciembre7de2004.asp?IdArticulo=544 HTTP/1.1" 200 527
172.22.2.4 - - [11/Nov/2023:15:34:07 -0500] "GET /BLA/boletinlegal/ HTTP/1.1" 200 51732
201.245.192.253 - - [11/Nov/2023:15:36:40 -0500] "POST /kwsrmcab/Wsrmcab HTTP/1.1" 200 40130
201.245.192.253 - - [11/Nov/2023:15:36:43 -0500] "POST /kwsrmcab/Wsrmcab HTTP/1.1" 200 39559
172.22.2.4 - - [11/Nov/2023:15:37:24 -0500] "GET /BLA/boletinlegal/normativa.php HTTP/1.1" 200 8343
40.77.167.36 - - [11/Nov/2023:15:37:31 -0500] "GET /bla/resoluciones/notificaciones/autos%202020/1010.pdf HTTP/1.1" 200 465611
172.22.2.4 - - [11/Nov/2023:15:37:38 -0500] "GET /BLA/boletinlegal/Circulares/2019/.pdf HTTP/1.1" 404 1218
216.245.221.92 - - [11/Nov/2023:15:37:54 -0500] "HEAD / HTTP/1.1" 200 -
66.249.66.194 - - [11/Nov/2023:15:38:11 -0500] "GET /habilitado-nuevo-camino-para-recorrer-los-cerros-guadalupe-aguanoso.html HTTP/1.1" 200 837
66.249.66.195 - - [11/Nov/2023:15:38:12 -0500] "GET /mas-de-28-toneladas-de-residuos-se-recolectaron-en-la-primera-reciclaton-2023.html HTTP/1.1" 304 -
201.245.192.253 - - [11/Nov/2023:15:38:19 -0500] "POST /kwsrmcab/Wsrmcab  HTTP/1.1" 200 38506
40.77.167.36 - - [11/Nov/2023:15:38:29 -0500] "GET /BLA/resoluciones/RESOLUCIONES%202021/0473.pdf HTTP/1.1" 304 -
201.245.192.253 - - [11/Nov/2023:15:40:00 -0500] "POST /kwsrmcab/Wsrmcab HTTP/1.1" 200 40130
201.245.192.253 - - [11/Nov/2023:15:40:03 -0500] "GET /kwsrmcab/Wsrmcab?wsdl HTTP/1.1" 200 6948
201.245.192.253 - - [11/Nov/2023:15:40:03 -0500] "POST /kwsrmcab/Wsrmcab HTTP/1.1" 200 39559
172.22.2.4 - - [11/Nov/2023:15:39:06 -0500] "HEAD /BLA/boletinlegal/ HTTP/1.1" 200 -
172.22.2.4 - - [11/Nov/2023:15:39:57 -0500] "GET /BLA/boletinlegal/ HTTP/1.1" 200 61018
186.102.103.224 - - [11/Nov/2023:15:42:50 -0500] "GET /kwssiamovil/sm/ldap/au?x=U2FsdGVkX1/ImFeFwv5jPDu4lcNGTgvI7uPvnFf6MXq7+H9eWQU7ghiJDecHoQtQ&y=U2FsdGVkX18qZi6zjhq8v9r64ZO4CM/ys6uPcf+oeZ+zhtFqDEVJg8ocbZgbLdHn HTTP/1.1" 200 30
186.102.103.224 - - [11/Nov/2023:15:42:50 -0500] "GET /kwssiamovil/sm/acme/s?s=U2FsdGVkX1/gI/lDx7N5K82uRncMSfrExUkGX5b8KwUNBCcUtK75rgJYQDTI+HzEwjfOa3imSJS5fEXE5Q8cDDF8KUwZq1AKTLLF6QCzIU4=&u=U2FsdGVkX18RopZzg0CM9GgZbqL1EYXfEFbkM6WvL64=&y=U2FsdGVkX18qZi6zjhq8v9r64ZO4CM/ys6uPcf+oeZ+zhtFqDEVJg8ocbZgbLdHn HTTP/1.1" 200 97
186.102.103.224 - - [11/Nov/2023:15:42:50 -0500] "GET /kwssiamovil/sm/acme/s?s=U2FsdGVkX19dwjLHgQSFAlgZwV/QkQbXijhFJoLMeXlCwAgk9z3lFVxUq419FkbdmT0fpFp+GbA0G1dIvsoMVKpkUnQCTLlKMt3DHiTMaiSJ7BqaW7Qe9E1h1hcgzNVrV7MBJjMD/EDWV6GQ16r1u/igIgyx20qIUVQLKViHc13ULHnB9IYQZSxPhu4Uuf9ZVrn5WUD2fhfHkdtAC2SLMxztTc0asJyelzKypVeH4gjFBUKlwZ7sVmb01PAo02jnNFfmBvJLz70BNI916RdqOWMfX+SYU1RVttB7/JweB6hp/X2kP+68Q+O0X7LTet5/i2S78RImlmk8DOQ4bV/FxYwYjp/mkkZ28H9GXIYo2G2AW8vr9AzOgUe/Xq4drcDsI7RdF8NF3p8esK6UJ+JflUat9+MkpiQtiC+skEdovdWUha2NnwgRzXC8U/cuPXvqRD2e7Vv5SyOq69USAuCbfp6zLfWz2mw7DI6zkcORKsEK39k7i9gbcfAZ7205m2S96ewYnmYWv8Rb8FyCPmcDxMfcEjnRJ7I22wx0WPMrrosorKQelkstRj5NUBRpQ/rbaovDApthRwlw2dPSV11dUHFA/O3juv2sfBBOY/txQYMinlkVvW0SXZMc/Cwmnj0hoDjrbbmIYYbrJt/jOKO0mzgQc4kLJxBheRZJePK2nwzhbVcSwYsdBD9E2NZDPn9uxah/hognn/Ve7Sdz2xLS8+tU63G2KLNtPcFITIeRu7Z7mDNzCq/ZIzZLleZohOD7dFoEkiwEZmEuRm2mhtN8YF5AvBeNsquNhjwFxqnFfq3t2dDkGPRdGmjyg5nt3/Kf9pqG/UzA3E1N9WsQD4YgnFGvLuJMMJ5qjN0tOm508fDtUgHfB/p9R0c9mtOCCh+jL3hv+JAcf3Vjci4obEUu8eiR7XsMrT/bJZYXJUxT/s7WwUMaUtYu5DkBjS9GtV4TwVUlLDWxDGM+nC2pj9SZr49ASfGu5bo/u9FLmE3gubFM3OetLTFsOWNzrJ/Z/mJkZOnqB8kc49gDsZi6p1nmmc0ureWMMi5AdEIwm9w/S7+B09L8b7dppGhIOjv9f/NWpqzifUrbQxPvlhhcVaImbDLoWs2i3wmIo3cqvuzQ3UNiukU02mMyU8xV2ZDuhfd0F4k7CaUm+T/cmegh70PVUe+sDjIAThqQDY608MfF4cZ49MGF+4ETKYcY4aFh/sPHHRIlCAHMQ5eqXnLu/MqTj6QUDUxFy5OBZ47eQ06gKw+BNO3vP7CutANN91JTjkUucjmSydiCNeB392x8briRhNf4yAOXmKLhvSZ7FUQNmZLn+9YGYMSl+Vpz7cXkC0MUYNI8NTXAbisfgUrU1GmeXo7iPfc6Goi8nqbK+ZUOvy7Hsk+ECTKBVkRimBdW1TMtUxHNhNulTfSPKUi+GPC0X+WY2w9fobEfsTptt9DenzAkpkuzEbeoQRN6AuXaze0Y2U2FKOZDIv2JwD5nUfb6S/ViuYdw35U+f4G/QU0Bl/8plHD95N3dNXPaBgOApLEpUFVJw4Ljpe/l9fw6FlXhgORWHQFSFGV36rXtfHwkJmntNQaORSHtntp/eRN+Jttd+7dbe+WPUG6DsjvkE6RCc2CeTFYGyKDTZ0GG0wCKAoPOgOmSFG+3EhZEUPwa67WUB2gKGKoSQ3rTPCKacwGUy0n+y8Bmfk2rZdTOc8eYNGyU+OFdmreyAYQQC0nJ3oYB3B7Vn2QOvpHIs57Irgj32rfRSEYWPKmkQEjSg2DYkp8=&u=U2FsdGVkX18RopZzg0CM9GgZbqL1EYXfEFbkM6WvL64=&y=U2FsdGVkX18qZi6zjhq8v9r64ZO4CM/ys6uPcf+oeZ+zhtFqDEVJg8ocbZgbLdHn HTTP/1.1" 200 1602
186.102.103.224 - - [11/Nov/2023:15:42:50 -0500] "GET /kwssiamovil/sm/acme/s?s=U2FsdGVkX19u9hSRfFF1U6te4zlkqKryDkXMY2wrkZSllPakUD2/avjJ/Rslr22PBoq5cZjxiN3J4KaBj7fdY+n5Y9dy6twxPH9E8XKfRbfXSAg1HKOTacCNkyRy3b94eRmsIGG5SGSsZL332jor6kMLuvYNoY9BQr2Rm54kgO334JKET9rNe7FqTTEtS/WCV6m4uknDKKqBgZHd9Whd5oqiLibb8rO/j0jx4rxhU78PhF5h1c8pLWjOKfOe0FXVUQKLAzcQSdqfMgJz+TuWfAZUgWQgymMHnXxbt3X6ff+WTHfhOS7XAUn2C4FJ+vTk698oRel3uvCeA3UJ2oD6Ju/x/jHrX6PxbyXNNzs1ABly15h6CIEoWqpztbTe3XOiZmg6XDbuCVZBOF78yfDk6DlpnjyfjdeaPw22gKLa6n8wI8YbgPf1U+mQ3pUw4A1LYLBcqa8020vaNuIZ1QqebvzQ1asve6vgawbNUiJPP9gr09Lj3PaoFIDLZ90PEqU2aT7TbAiTdUcl+WWXdyc/ouXTSqWKc9EiHTAPezGi32rWLwfnryQTpH9xF09Y3pSULiN9nGyA8LBxXP7/ioJ4ultx9M90I6+D6Qa1vb0IKOeE3VD2Irt6t4+7zfPHJFoso44v49Gd8nYwLA2TKnpFjO8N9upaURMcxpewAxg01Etb1suDgAgx0Brd4BWgNtOk5kkD8ybfGQLnskK0P0gjPcUgxK123RYoBDFsPvXv/EEMrtegWuQCb7JnUwej/0gC&u=U2FsdGVkX18RopZzg0CM9GgZbqL1EYXfEFbkM6WvL64=&y=U2FsdGVkX18qZi6zjhq8v9r64ZO4CM/ys6uPcf+oeZ+zhtFqDEVJg8ocbZgbLdHn HTTP/1.1" 200 208
186.102.103.224 - - [11/Nov/2023:15:42:50 -0500] "GET /kwssiamovil/sm/cjson/pre?f=1&x=U2FsdGVkX1/ImFeFwv5jPDu4lcNGTgvI7uPvnFf6MXq7+H9eWQU7ghiJDecHoQtQ HTTP/1.1" 200 31032
216.245.221.92 - - [11/Nov/2023:15:42:54 -0500] "HEAD / HTTP/1.1" 200 -
201.245.192.253 - - [11/Nov/2023:15:43:18 -0500] "POST /kwsrmcab/Wsrmcab  HTTP/1.1" 200 38506
43.153.6.48 - - [11/Nov/2023:15:43:41 -0500] "GET /galeria/galeria/fotos/Humedal-la-conejera3P.jpg HTTP/1.1" 200 31355
172.22.2.4 - - [11/Nov/2023:15:44:56 -0500] "HEAD /BLA/boletinlegal/ HTTP/1.1" 200 -
172.22.2.4 - - [11/Nov/2023:15:45:47 -0500] "GET /BLA/boletinlegal/ HTTP/1.1" 200 60634
216.245.221.92 - - [11/Nov/2023:15:47:54 -0500] "HEAD / HTTP/1.1" 200 -
201.245.192.253 - - [11/Nov/2023:15:48:16 -0500] "POST /kwsrmcab/Wsrmcab  HTTP/1.1" 200 38506
69.63.184.5 - - [11/Nov/2023:15:49:45 -0500] "GET /images/Zorro%20cangrejero.jpg HTTP/1.1" 200 40050
69.171.231.7 - - [11/Nov/2023:15:51:06 -0500] "GET /images/Zorro%20cangrejero.jpg HTTP/1.1" 200 40050
172.22.2.4 - - [11/Nov/2023:15:50:46 -0500] "HEAD /BLA/boletinlegal/ HTTP/1.1" 200 -
216.245.221.92 - - [11/Nov/2023:15:52:54 -0500] "HEAD / HTTP/1.1" 200 -
172.22.2.4 - - [11/Nov/2023:15:51:37 -0500] "GET /BLA/boletinlegal/ HTTP/1.1" 200 61018
201.245.192.253 - - [11/Nov/2023:15:53:15 -0500] "POST /kwsrmcab/Wsrmcab  HTTP/1.1" 200 38506
172.22.2.4 - - [11/Nov/2023:15:56:03 -0500] "GET /BLA/boletinlegal/ HTTP/1.1" 200 20427
172.22.2.4 - - [11/Nov/2023:15:57:25 -0500] "GET /BLA/boletinlegal/actos.php HTTP/1.1" 200 9682
172.22.2.4 - - [11/Nov/2023:15:57:25 -0500] "GET /BLA/boletinlegal/style.css HTTP/1.1" 200 9406
172.22.2.4 - - [11/Nov/2023:15:57:25 -0500] "GET /BLA/boletinlegal/images/green-yellow-blue-pink-th.png HTTP/1.1" 200 7394
172.22.2.4 - - [11/Nov/2023:15:57:25 -0500] "GET /BLA/boletinlegal/images/menu_rght.gif HTTP/1.1" 200 1627
172.22.2.4 - - [11/Nov/2023:15:57:25 -0500] "GET /BLA/boletinlegal/images/hover.jpg HTTP/1.1" 200 640
172.22.2.4 - - [11/Nov/2023:15:57:26 -0500] "GET /BLA/boletinlegal/img/button-right.png HTTP/1.1" 200 57878
172.22.2.4 - - [11/Nov/2023:15:57:45 -0500] "GET /BLA/boletinlegal/consulta_actos.php?tipo=resoluciones&no=6948&usuario=&sector=&fecha=2011&resuelve= HTTP/1.1" 200 1082
172.22.2.4 - - [11/Nov/2023:15:57:45 -0500] "GET /BLA/boletinlegal/images/pdf.gif HTTP/1.1" 200 567
186.144.252.26 - - [11/Nov/2023:15:57:47 -0500] "GET /BLA/resoluciones/RESOLUCIONES%202011/6948.pdf HTTP/1.1" 200 31740562
186.144.252.26 - - [11/Nov/2023:15:57:53 -0500] "GET /BLA/resoluciones/RESOLUCIONES%202011/6948.pdf HTTP/1.1" 206 1023
186.144.252.26 - - [11/Nov/2023:15:57:53 -0500] "GET /BLA/resoluciones/RESOLUCIONES%202011/6948.pdf HTTP/1.1" 416 314
186.144.252.26 - - [11/Nov/2023:15:57:53 -0500] "GET /BLA/resoluciones/RESOLUCIONES%202011/6948.pdf HTTP/1.1" 206 2188
186.144.252.26 - - [11/Nov/2023:15:57:54 -0500] "GET /BLA/resoluciones/RESOLUCIONES%202011/6948.pdf HTTP/1.1" 206 2902
216.245.221.92 - - [11/Nov/2023:15:57:54 -0500] "HEAD / HTTP/1.1" 200 -
201.245.192.253 - - [11/Nov/2023:15:58:13 -0500] "POST /kwsrmcab/Wsrmcab  HTTP/1.1" 200 38506
172.22.2.4 - - [11/Nov/2023:15:56:36 -0500] "HEAD /BLA/boletinlegal/ HTTP/1.1" 200 -
172.22.2.4 - - [11/Nov/2023:15:57:27 -0500] "GET /BLA/boletinlegal/ HTTP/1.1" 200 52827
66.249.66.76 - - [11/Nov/2023:16:00:41 -0500] "GET /portaldeninos/2021/06/20/mas-de-130-arboles-fueron-plantados-en-el-humedal-la-conejera-con-comunidad-educativa/ HTTP/1.1" 200 107808
134.147.198.48 - - [11/Nov/2023:16:00:52 -0500] "GET /robots.txt HTTP/1.1" 404 1018
134.147.198.48 - - [11/Nov/2023:16:00:58 -0500] "GET /BLA/resoluciones/RESOLUCIONES%202015/1054.pdf HTTP/1.1" 200 487632
134.147.198.48 - - [11/Nov/2023:16:01:05 -0500] "GET /BLA/resoluciones/RESOLUCIONES%202015/1054.pdf HTTP/1.1" 200 487632
114.119.151.108 - - [11/Nov/2023:16:01:06 -0500] "GET /BLA/resoluciones/index.php?dir=Notificaciones/RESOLUCIONES%2B2023/&sort=size&order=desc HTTP/1.1" 200 13964
172.22.2.4 - - [11/Nov/2023:16:01:33 -0500] "GET /BLA/boletinlegal/consulta_actos.php?tipo=resoluciones&no=4150&usuario=&sector=&fecha=2007&resuelve= HTTP/1.1" 200 626
186.144.252.26 - - [11/Nov/2023:16:01:47 -0500] "GET /BLA/resoluciones/ HTTP/1.1" 200 13696
186.144.252.26 - - [11/Nov/2023:16:01:47 -0500] "GET /BLA/resoluciones/dlf/bg.gif HTTP/1.1" 200 54
186.144.252.26 - - [11/Nov/2023:16:01:51 -0500] "GET /BLA/resoluciones/index.php?dir=RESOLUCIONES+2007%2F HTTP/1.1" 200 37998
186.144.252.26 - - [11/Nov/2023:16:01:51 -0500] "GET /BLA/resoluciones/dlf/pdf.gif HTTP/1.1" 200 272
186.144.252.26 - - [11/Nov/2023:16:02:05 -0500] "GET /BLA/resoluciones/index.php?dir=RESOLUCIONES+2007%2FRES+2007+4101+AL+4200%2F HTTP/1.1" 200 26886
186.144.252.26 - - [11/Nov/2023:16:02:09 -0500] "GET /BLA/resoluciones/RESOLUCIONES%202007/RES%202007%204101%20AL%204200/RESOLUCION%204150%20DE%202007.pdf HTTP/1.1" 200 1150324
216.245.221.92 - - [11/Nov/2023:16:02:54 -0500] "HEAD / HTTP/1.1" 200 -
201.245.192.253 - - [11/Nov/2023:16:03:12 -0500] "POST /kwsrmcab/Wsrmcab  HTTP/1.1" 200 38506
172.22.2.4 - - [11/Nov/2023:16:02:26 -0500] "HEAD /BLA/boletinlegal/ HTTP/1.1" 200 -
172.22.2.4 - - [11/Nov/2023:16:03:17 -0500] "GET /BLA/boletinlegal/ HTTP/1.1" 200 58294
191.156.59.25 - - [11/Nov/2023:16:05:30 -0500] "GET /sipse/faces/javax.faces.resource/images/ui-bg_flat_0_2d5972_40x100.png?ln=primefaces-aristo HTTP/1.1" 304 -
191.156.61.4 - - [11/Nov/2023:16:05:30 -0500] "POST /sipse/faces/presentacion/financiero/solicitudProceso/consultarSolicitudProceso.xhtml HTTP/1.1" 200 42226
191.156.61.4 - - [11/Nov/2023:16:05:31 -0500] "GET /sipse/faces/javax.faces.resource/theme.css?ln=primefaces-sipse HTTP/1.1" 304 -
191.156.61.4 - - [11/Nov/2023:16:05:31 -0500] "GET /sipse/faces/javax.faces.resource/jquery/jquery.js?ln=primefaces&v=4.0 HTTP/1.1" 304 -
191.156.61.4 - - [11/Nov/2023:16:05:31 -0500] "GET /sipse/faces/javax.faces.resource/layout/layout.css?ln=primefaces&v=4.0 HTTP/1.1" 304 -
191.156.61.4 - - [11/Nov/2023:16:05:31 -0500] "GET /sipse/faces/javax.faces.resource/jquery/jquery-plugins.js?ln=primefaces&v=4.0 HTTP/1.1" 304 -
191.156.61.4 - - [11/Nov/2023:16:05:31 -0500] "GET /sipse/faces/javax.faces.resource/primefaces.js?ln=primefaces&v=4.0 HTTP/1.1" 304 -
191.156.61.4 - - [11/Nov/2023:16:05:31 -0500] "GET /sipse/faces/javax.faces.resource/layout/layout.js?ln=primefaces&v=4.0 HTTP/1.1" 304 -
191.156.59.25 - - [11/Nov/2023:16:05:31 -0500] "GET /sipse/faces/javax.faces.resource/primefaces.css?ln=primefaces&v=4.0 HTTP/1.1" 304 -
191.156.61.4 - - [11/Nov/2023:16:05:31 -0500] "GET /sipse/css/imagen/contrasena.png HTTP/1.1" 404 383
191.156.61.4 - - [11/Nov/2023:16:05:31 -0500] "POST /sipse/faces/presentacion/financiero/solicitudProceso/consultar.xhtml HTTP/1.1" 200 35514
191.156.61.4 - - [11/Nov/2023:16:05:31 -0500] "POST /sipse/faces/presentacion/financiero/solicitudProceso/consultar.xhtml HTTP/1.1" 200 35514
191.156.61.4 - - [11/Nov/2023:16:05:32 -0500] "POST /sipse/faces/presentacion/financiero/solicitudProceso/consultar.xhtml HTTP/1.1" 200 35514
191.156.61.4 - - [11/Nov/2023:16:05:32 -0500] "POST /sipse/faces/presentacion/financiero/solicitudProceso/consultar.xhtml HTTP/1.1" 200 35514
191.156.61.4 - - [11/Nov/2023:16:05:32 -0500] "POST /sipse/faces/presentacion/financiero/solicitudProceso/consultar.xhtml HTTP/1.1" 200 35514
191.156.61.4 - - [11/Nov/2023:16:05:32 -0500] "POST /sipse/faces/presentacion/financiero/solicitudProceso/consultar.xhtml HTTP/1.1" 200 35514
191.156.61.4 - - [11/Nov/2023:16:05:35 -0500] "POST /sipse/faces/presentacion/financiero/solicitudProceso/consultar.xhtml HTTP/1.1" 200 12837
191.156.61.4 - - [11/Nov/2023:16:05:38 -0500] "POST /sipse/faces/presentacion/financiero/solicitudProceso/consultar.xhtml HTTP/1.1" 200 161692
191.156.61.4 - - [11/Nov/2023:16:05:39 -0500] "GET /sipse/faces/javax.faces.resource/theme.css?ln=primefaces-sipse HTTP/1.1" 304 -
191.156.61.4 - - [11/Nov/2023:16:05:39 -0500] "GET /sipse/faces/javax.faces.resource/primefaces.css?ln=primefaces&v=4.0 HTTP/1.1" 304 -
191.156.59.25 - - [11/Nov/2023:16:05:39 -0500] "GET /sipse/faces/javax.faces.resource/layout/layout.css?ln=primefaces&v=4.0 HTTP/1.1" 304 -
191.156.58.172 - - [11/Nov/2023:16:05:39 -0500] "GET /sipse/faces/javax.faces.resource/jquery/jquery.js?ln=primefaces&v=4.0 HTTP/1.1" 304 -
191.156.58.172 - - [11/Nov/2023:16:05:39 -0500] "GET /sipse/faces/javax.faces.resource/jquery/jquery-plugins.js?ln=primefaces&v=4.0 HTTP/1.1" 304 -
191.156.58.172 - - [11/Nov/2023:16:05:39 -0500] "GET /sipse/faces/javax.faces.resource/primefaces.js?ln=primefaces&v=4.0 HTTP/1.1" 304 -
191.156.58.172 - - [11/Nov/2023:16:05:39 -0500] "GET /sipse/faces/javax.faces.resource/layout/layout.js?ln=primefaces&v=4.0 HTTP/1.1" 304 -
191.156.58.172 - - [11/Nov/2023:16:05:39 -0500] "GET /sipse/css/imagen/contrasena.png HTTP/1.1" 404 383
191.156.58.172 - - [11/Nov/2023:16:05:39 -0500] "GET /sipse/faces/javax.faces.resource/dynamiccontent.properties?ln=primefaces&pfdrid=XjOR5%2F%2FfPAZAuY9TpWQeCiM0BhlXxYRBGKi%2FQcXXfeA%3D&pfdrid_c=false HTTP/1.1" 500 383
66.249.66.194 - - [11/Nov/2023:16:05:43 -0500] "GET /vehiculos-de-cero-o-bajas-emisiones-para-enfrentar-el-cambio-climatico.html HTTP/1.1" 304 -
191.156.59.25 - - [11/Nov/2023:16:05:43 -0500] "POST /sipse/faces/presentacion/financiero/solicitudProceso/consultarSolicitudProceso.xhtml HTTP/1.1" 200 304444
216.245.221.92 - - [11/Nov/2023:16:07:54 -0500] "HEAD / HTTP/1.1" 200 -
173.252.83.117 - - [11/Nov/2023:16:08:06 -0500] "GET /mujeres-que-reverdecen-secretaria-de-ambiente-anuncia-el-inicio-de-la-tercera-fase.html HTTP/1.1" 200 954
201.245.192.253 - - [11/Nov/2023:16:08:11 -0500] "POST /kwsrmcab/Wsrmcab  HTTP/1.1" 200 38506
66.249.66.21 - - [11/Nov/2023:16:08:37 -0500] "GET /Residuos/textiles/files/guia_textiles.pdf HTTP/1.1" 200 12356716
66.249.66.21 - - [11/Nov/2023:16:09:17 -0500] "GET /BLA/resoluciones/AUTOS%202009/0499.pdf HTTP/1.1" 200 185717
172.22.2.4 - - [11/Nov/2023:16:08:16 -0500] "HEAD /BLA/boletinlegal/ HTTP/1.1" 200 -
172.22.2.4 - - [11/Nov/2023:16:09:07 -0500] "GET /BLA/boletinlegal/ HTTP/1.1" 200 61018
191.156.60.163 - - [11/Nov/2023:16:11:00 -0500] "GET /sipse/faces/javax.faces.resource/images/ui-bg_flat_0_2d5972_40x100.png?ln=primefaces-aristo HTTP/1.1" 304 -
191.156.58.172 - - [11/Nov/2023:16:11:00 -0500] "POST /sipse/faces/presentacion/financiero/solicitudProceso/consultarSolicitudProceso.xhtml HTTP/1.1" 200 5510
191.156.58.172 - - [11/Nov/2023:16:11:08 -0500] "POST /sipse/faces/presentacion/financiero/solicitudProceso/consultarSolicitudProceso.xhtml HTTP/1.1" 200 304444
191.156.58.172 - - [11/Nov/2023:16:11:24 -0500] "POST /sipse/faces/presentacion/financiero/solicitudProceso/consultarSolicitudProceso.xhtml HTTP/1.1" 200 83570
80.66.88.215 - - [11/Nov/2023:16:12:30 -0500] "\x03" 400 226
216.245.221.92 - - [11/Nov/2023:16:12:54 -0500] "HEAD / HTTP/1.1" 200 -
201.245.192.253 - - [11/Nov/2023:16:13:10 -0500] "POST /kwsrmcab/Wsrmcab  HTTP/1.1" 200 38506
172.22.2.4 - - [11/Nov/2023:16:14:06 -0500] "HEAD /BLA/boletinlegal/ HTTP/1.1" 200 -
40.77.167.18 - - [11/Nov/2023:16:16:32 -0500] "GET /BLA/resoluciones/AUTOS%202007/1623.pdf HTTP/1.1" 200 226201
172.22.2.4 - - [11/Nov/2023:16:14:57 -0500] "GET /BLA/boletinlegal/ HTTP/1.1" 200 60634
201.245.192.253 - - [11/Nov/2023:16:16:40 -0500] "GET /kwsrmcab/Wsrmcab?wsdl HTTP/1.1" 200 6948
201.245.192.253 - - [11/Nov/2023:16:16:40 -0500] "POST /kwsrmcab/Wsrmcab HTTP/1.1" 200 40318
201.245.192.253 - - [11/Nov/2023:16:16:43 -0500] "POST /kwsrmcab/Wsrmcab HTTP/1.1" 200 39571
114.119.148.174 - - [11/Nov/2023:16:17:08 -0500] "GET /BLA/resoluciones/index.php?dir=Notificaciones/REGISTROS%2B0218/&sort=date&order=asc HTTP/1.1" 200 13956
216.245.221.92 - - [11/Nov/2023:16:17:54 -0500] "HEAD / HTTP/1.1" 200 -
40.77.167.18 - - [11/Nov/2023:16:18:03 -0500] "GET /sipse/faces/presentacion/sistema/anexos/cargarAnexoSolicitudProceso.xhtml HTTP/1.1" 302 -
40.77.167.18 - - [11/Nov/2023:16:18:04 -0500] "GET /sipse/faces/autenticacion.xhtml HTTP/1.1" 200 12407
201.245.192.253 - - [11/Nov/2023:16:18:09 -0500] "POST /kwsrmcab/Wsrmcab  HTTP/1.1" 200 38506
179.33.162.158 - - [11/Nov/2023:16:18:32 -0500] "OPTIONS /kwssiamovil/sm/setfile/f? HTTP/1.1" 200 13
179.33.162.158 - - [11/Nov/2023:16:18:32 -0500] "POST /kwssiamovil/sm/setfile/f? HTTP/1.1" 200 381
201.245.192.253 - - [11/Nov/2023:16:20:00 -0500] "POST /kwsrmcab/Wsrmcab HTTP/1.1" 200 40318
201.245.192.253 - - [11/Nov/2023:16:20:03 -0500] "POST /kwsrmcab/Wsrmcab HTTP/1.1" 200 39571
191.156.58.172 - - [11/Nov/2023:16:20:16 -0500] "POST /sipse/faces/presentacion/financiero/solicitudProceso/consultarSolicitudProceso.xhtml HTTP/1.1" 200 5510
191.156.58.172 - - [11/Nov/2023:16:20:46 -0500] "POST /sipse/faces/presentacion/financiero/solicitudProceso/consultarSolicitudProceso.xhtml HTTP/1.1" 200 104456
66.249.66.20 - - [11/Nov/2023:16:21:01 -0500] "GET /BLA/resoluciones/AUTOS%202013/2701.pdf HTTP/1.1" 200 394736
172.22.2.4 - - [11/Nov/2023:16:19:56 -0500] "HEAD /BLA/boletinlegal/ HTTP/1.1" 200 -
172.22.2.4 - - [11/Nov/2023:16:20:47 -0500] "GET /BLA/boletinlegal/ HTTP/1.1" 200 59827
216.245.221.92 - - [11/Nov/2023:16:22:54 -0500] "HEAD / HTTP/1.1" 200 -
201.245.192.253 - - [11/Nov/2023:16:23:08 -0500] "POST /kwsrmcab/Wsrmcab  HTTP/1.1" 200 38506
172.22.2.4 - - [11/Nov/2023:16:23:21 -0500] "HEAD /BLA/boletinlegal/Circulares/2012/Circular%20No.%209%20del%2021%20de%20Agosto%20de%202012.pdf HTTP/1.1" 200 -
172.22.2.4 - - [11/Nov/2023:16:23:21 -0500] "GET /BLA/boletinlegal/Circulares/2012/Circular%20No.%209%20del%2021%20de%20Agosto%20de%202012.pdf HTTP/1.1" 200 1402289
66.249.66.19 - - [11/Nov/2023:16:24:10 -0500] "GET /BLA/resoluciones/RESOLUCIONES%202007/RES%202007%201801%20AL%201900/RESOLUCION%201884%20DE%202007.pdf HTTP/1.1" 200 399948
172.22.2.4 - - [11/Nov/2023:16:24:01 -0500] "GET /BLA/boletinlegal/ HTTP/1.1" 200 32715
66.249.66.21 - - [11/Nov/2023:16:25:42 -0500] "GET /BLA/resoluciones/RESOLUCIONES%202008/1691.pdf HTTP/1.1" 200 226215
179.33.162.158 - - [11/Nov/2023:16:26:09 -0500] "GET /kwssiamovil/sm/acme/a?s=U2FsdGVkX1+RX5iPDZ4AZrvXlQ1PsQBYWvqKjUy0bIUHJt31k2E4lKRO3knhgfngWWYQsJM7p7ZmXx95JEerKvO5J6OhLN4DI/2+j8i8aHKWXcC0T5oTUTqt6mQn0ctwfcX3JdnDCRipbEIrPuWc8KJ8E+W31mnBOz4s+0YLwFxXPqa/hm2mwE/0CVFXeRzZMfDKQCEhp81bDSDmtPTGm5r/MT4/s7sniNUDXOih8xJ/iCMPtZTybEJ0O/lPiiN/wHeQg7uzvMCTZPt77L9XFQ==&u=U2FsdGVkX1985RFDILkTQcexIpr/eEzdwN8HWmz2fj4=&y=U2FsdGVkX19FhBVkX0gqYnAly0jZPD3G2RahdzxyX022DEh7d3Tz0gGzzrfKp6l0 HTTP/1.1" 200 26
179.33.162.158 - - [11/Nov/2023:16:26:10 -0500] "GET /kwssiamovil/sm/acme/a?s=U2FsdGVkX1+NmdJT2WPTLWip3JGO0QyRco/6Sghlq0FQz3lp6gBA2T/DbaQg4Y/gE/VFmy+s0UphyNflagDF/CJczLhQ1aIu5SQzon6EH76dFbnfB9lgKW3EVPZwwVjsaboTUxqe+dj/nnYEHcU30gAI8UxgDrJEfaLFcQGJjdCZLbofDi7OtEc0u0W7TIBOtJ4DoO86/fAihGdAfT5+nXBVu3xux6PbnvWLUHTD5p5pw/4oeCMro8r7UZmS8mtkFvblkdJ32AwViMt6r1JM81LimBFgKZuWeP0SiBAJSYyfziCHHCHcYDGnsvc4dMdXL5+qCJNk21bPy9N5uwxWXdAsm0lLklksKid8aWotVuuoh1UD0S+1ooCSrxMn5X94VzbHsSq/IBUgnSfF0Bh/5Jg3Dr20XYo4PrcrNeKR7StFXChfDeovwVWIDYOaj/0a6MUqYOBTPw1O6cBGclxGRYOt6l6tSPSp99nDRjxkW9Q/jL4tnmBZeESNkIaOmPt1kFttOMs2MbGqqxtsQw/1UBgLxb5yQPj7n1sUfaDodGG+O9TBzyIg6NHWBte43Z1rHXkdWi40pTAqHMF2EbWxNfOCrxbrIyspIKc3DDbTbzXmYJbgFNP4B5uriaN6FmeeMMHVzOvTQV3qUSnRF6rSM8wDiDLVcW/kAZksNfGnFp0Mi2TSquS6o7g2g9Sz0Tda71enG16ppSgS3wSw0JLTgB1b8erefIqUsyffwMBQ35awX/JI2cNcRzKGeSXrUif3n8yRo0Pmk227hP6NyN0A1xbiSdCnWVYolhdxHWediClsoVHBpkWlOWi7A6452/BdICf4zTLQiQGL3xwWjUJJBm/0gxrxPZbjIAOzPEGj9bKsGlmqP9+XvFnBeoD/voWCqdb5k23u/YZZO3e1zoWJoRd2JBITTuaknnGlE0+rPXvtwoyc72/XVLyqVXAqr02jUPNxjol0laiJVDvJ98i5dP4TdjRu3i3NOThW602TgVokWC3zEDN4c2wOKPUx67K42XsrZ33YG7YIpAxUVGgL76R6jeS8mu4ZZGbx7AkTZqZOXcr/yMFnA53rx3M+uAbrgtycDoTJQdZC7TXpNR8mhOQPXFFxIh3fGCXM2zMvPWkEWASyJe29a5aq23cEdu3RSg3C293HSEtIf7CbS5wjXjcUJ+TdjY1FJ4HCkU0dcUhg07iFadXfVpMSXzs4bktkRd9SZnIf+XHxdSEN5VDgoAVuhPiBYdtdjpfkuRexYzfDeKNXwnfsFZk/awkfJcBBjM3cAaGo5YjoMYDG1cwlHoluLMImAsY13FOh0FWxvniyCo+WNMMFVz/Hy5GiuFeSa9v3luqyqisWZKYLR7gYFzJw6zaNmanVTnNfVH1NwXfcEzEbE/JP2xut9V2GRjD+modXwQLmPtoWYt+vpbrO7xS6Pl02VcL/spjKZ3qWVz8H8Es9msSbU9zpDOtFewgf5SOepdvTPb/MwB48pqKhm/owMfgMprz6CUCutlx9wotlb3BHTEwrx+r3nzOJo9Vji7aOlraQbJTkv8NO7h8OlzGtlMjq2BkfQWotkjhUu6/fE3Q2Svo43e4GhjLDofJciadyAjaZGzaa2DbxjqSPtb7EpKSvM4Dg19ttpcaHh6F/tkBkzTsDoFdVoY7Yy+uxixhnRQHKZud0SW/hqKDAFeNk2SEFtihK50AghnaOHxxRpYbWTu+Yu+uessQqxmK+4NPymgN9jy+18BadPWtKr7W9CeDtFMQ0G83DR2wnBhg=&u=U2FsdGVkX1985RFDILkTQcexIpr/eEzdwN8HWmz2fj4=&y=U2FsdGVkX19FhBVkX0gqYnAly0jZPD3G2RahdzxyX022DEh7d3Tz0gGzzrfKp6l0 HTTP/1.1" 200 26
179.33.162.158 - - [11/Nov/2023:16:26:10 -0500] "GET /kwssiamovil/sm/acme/a?s=U2FsdGVkX1/fmnmZnDSzBQ1RQ8KaT8EsmiizeuJxDHJ32IyxUU2BE3tI7NxjScs2gDa3cNyY7VUKLD1jeJcxIHbW2vaMxSIYoWE83ik4PFlDZJu5lQoWUNIXOCyGb1nsE6qv8Ia3GFyr0l0d4iJ1ZRitxDm7dxZe8HOG1/le3/I=&u=U2FsdGVkX1985RFDILkTQcexIpr/eEzdwN8HWmz2fj4=&y=U2FsdGVkX19FhBVkX0gqYnAly0jZPD3G2RahdzxyX022DEh7d3Tz0gGzzrfKp6l0 HTTP/1.1" 200 26
179.33.162.158 - - [11/Nov/2023:16:26:10 -0500] "GET /kwssiamovil/sm/acme/a?s=U2FsdGVkX1/iG/zafM/lQY1WDVewiAyrAWQf9a0WiWaKbS4eyRuXFWUZTdonvMLKDNd49cnzGzhkC5CZ1xLaaHnv1V4Joy00y7qePe5+m1L2oQilpPhQuyPt+CM5EYReLiClDe8zFPPEuxiCSGFUYkQPpk1eRtXugGrntVnbpqs=&u=U2FsdGVkX1985RFDILkTQcexIpr/eEzdwN8HWmz2fj4=&y=U2FsdGVkX19FhBVkX0gqYnAly0jZPD3G2RahdzxyX022DEh7d3Tz0gGzzrfKp6l0 HTTP/1.1" 200 26
179.33.162.158 - - [11/Nov/2023:16:26:11 -0500] "GET /kwssiamovil/sm/acme/a?s=U2FsdGVkX19YHNlNT4nHIykBHzdtMEPgvb3UpzthbZkdEr2UKHxMWJZo3+H2TdLDRyFlnWOjzOdOqxn4D2xt0OFwJ7XwDepniNkQyUZEfarNUmx+xwHUDahHwDXPU5238xbZPwbZAxFC3mDHuxWFW6vPYB3OE7wjwrbdoEbKWHs=&u=U2FsdGVkX1985RFDILkTQcexIpr/eEzdwN8HWmz2fj4=&y=U2FsdGVkX19FhBVkX0gqYnAly0jZPD3G2RahdzxyX022DEh7d3Tz0gGzzrfKp6l0 HTTP/1.1" 200 26
179.33.162.158 - - [11/Nov/2023:16:26:11 -0500] "GET /kwssiamovil/sm/acme/a?s=U2FsdGVkX18j3gX/TIpNNWZz/ktuFNEor2d1whimAYjSY9Mgwscqj4NzqX5CF2fO8OiW1kdpkxkM+8AHLtVCi9p1V7OhGpMIU1yWjwBFjCp2J1wuOplzFfoKaMpTMMWrOAfmH77PjDLwu38yEnPb5gIbyA+BJ8vid3lzjR+gGzpZFImrzmzpiz4lXYLdLinEp2B+A0AooQynDEUplloHfQ==&u=U2FsdGVkX1985RFDILkTQcexIpr/eEzdwN8HWmz2fj4=&y=U2FsdGVkX19FhBVkX0gqYnAly0jZPD3G2RahdzxyX022DEh7d3Tz0gGzzrfKp6l0 HTTP/1.1" 200 26
179.33.162.158 - - [11/Nov/2023:16:26:11 -0500] "GET /kwssiamovil/sm/acme/a?s=U2FsdGVkX19+rU53ZgFpvWTXyvHksIrxJEtl94DjhP+zsU3k0+bF7nms8f8Zk/Jhxoy6OBpZ0zOVUSxdC/YmT5DcX99ce7/io9GArp9A6wZZC0dt/XV8+J3y11DNjZzihfTPY48W2jFPHo9wLIvyTvC5etFvKzL95t+qiRIZIRjtSgtmR2KpijfJZvLuzVz4i6B5YS1GYesR7kzdAoMcLE1GnqY689pC5AhDJXctffod7iazl8z1hYtH5KuS+FgtMrdz/aH3okuKCCqumRozjlvlaD6rLHlU5yPTMRaSyGdZU1/6df45HqSHFfc8KZav0EcFWu9bsCvh7eWqU4I5R+JcoHNCKmbYRNeACRpn3JKIWC6u4ePl2chc1pX7EWe2Qx1T+nJaTO0SFShqK3MZYndOEOIl0KM+JmacsDgNnyY=&u=U2FsdGVkX1985RFDILkTQcexIpr/eEzdwN8HWmz2fj4=&y=U2FsdGVkX19FhBVkX0gqYnAly0jZPD3G2RahdzxyX022DEh7d3Tz0gGzzrfKp6l0 HTTP/1.1" 200 25
179.33.162.158 - - [11/Nov/2023:16:26:11 -0500] "GET /kwssiamovil/sm/acme/a?s=U2FsdGVkX1/a+nManFCl3ojWNRPTZ7wMzkCYnA7OnE1GphbIkYSISNE9mSCiSBP4OxBdBc+LK2R2yoAQFBgUNEo/gHOFHNEfuq0zJQlynVNQpKwYPGpAwXshyE3d4kSewP8nd/mRrOqUamswQ1io7s9SXzdbNnmjP818ja2ytWF1kLxtBnKuPB3xSbnu6biQcHrHUuzZnkvcg6UarJ0b5jkNkoc5m30SN2fVKTGW2/uPQn8byoZ5LdUhI5a5+spr2VpHdDqnitJxgfWPVhr2qePPkEI3vgqp18Pmgonk+jwXtkJJbQlMVMwRhofTSF9OS05vxHW7WnIc3VZifZA56c5y7KKasyKFI/Z1T5qd+GgQxwxd/VaxLMp5mBEWHTFO&u=U2FsdGVkX1985RFDILkTQcexIpr/eEzdwN8HWmz2fj4=&y=U2FsdGVkX19FhBVkX0gqYnAly0jZPD3G2RahdzxyX022DEh7d3Tz0gGzzrfKp6l0 HTTP/1.1" 200 25
201.245.192.253 - - [11/Nov/2023:16:26:41 -0500] "POST /kwsrmcab/Wsrmcab HTTP/1.1" 200 40318
201.245.192.253 - - [11/Nov/2023:16:26:43 -0500] "POST /kwsrmcab/Wsrmcab HTTP/1.1" 200 39571
66.249.66.20 - - [11/Nov/2023:16:27:09 -0500] "GET /BLA/resoluciones/AUTOS%202009/1789.pdf HTTP/1.1" 200 99374
66.249.66.20 - - [11/Nov/2023:16:27:12 -0500] "GET /BLA/resoluciones/RESOLUCIONES%202012/0717.pdf HTTP/1.1" 200 176594
172.22.2.4 - - [11/Nov/2023:16:25:47 -0500] "HEAD /BLA/boletinlegal/ HTTP/1.1" 200 -
31.13.103.8 - - [11/Nov/2023:16:27:51 -0500] "GET /images/Zorro%20cangrejero.jpg HTTP/1.1" 200 40050
216.245.221.92 - - [11/Nov/2023:16:27:54 -0500] "HEAD / HTTP/1.1" 200 -
201.245.192.253 - - [11/Nov/2023:16:28:08 -0500] "POST /kwsrmcab/Wsrmcab  HTTP/1.1" 200 38506
172.22.2.4 - - [11/Nov/2023:16:26:38 -0500] "GET /BLA/boletinlegal/ HTTP/1.1" 200 53737
201.245.192.253 - - [11/Nov/2023:16:30:00 -0500] "POST /kwsrmcab/Wsrmcab HTTP/1.1" 200 40318
201.245.192.253 - - [11/Nov/2023:16:30:03 -0500] "POST /kwsrmcab/Wsrmcab HTTP/1.1" 200 39571
207.46.13.141 - - [11/Nov/2023:16:31:07 -0500] "GET /portaldeninos/wp-content/uploads/2020/11/Tibanica-B-133x75.jpg HTTP/1.1" 200 4200
213.186.1.154 - - [11/Nov/2023:16:31:41 -0500] "GET /images/humedales-bog.jpg HTTP/1.1" 200 38008
213.186.1.154 - - [11/Nov/2023:16:31:43 -0500] "GET /images/economia%20circular%201.jpeg HTTP/1.1" 200 52915
66.249.66.20 - - [11/Nov/2023:16:31:56 -0500] "GET /BLA/resoluciones/RESOLUCIONES%202009/5475.pdf HTTP/1.1" 200 497155
66.249.66.20 - - [11/Nov/2023:16:32:07 -0500] "GET /BLA/resoluciones/RESOLUCIONES%202008/1410.pdf HTTP/1.1" 200 222665
66.249.66.20 - - [11/Nov/2023:16:32:28 -0500] "GET /BLA/resoluciones/AUTOS%202008/0491.pdf HTTP/1.1" 200 117941
216.245.221.92 - - [11/Nov/2023:16:32:54 -0500] "HEAD / HTTP/1.1" 200 -
201.245.192.253 - - [11/Nov/2023:16:33:07 -0500] "POST /kwsrmcab/Wsrmcab  HTTP/1.1" 200 38506
172.22.2.4 - - [11/Nov/2023:16:31:37 -0500] "HEAD /BLA/boletinlegal/ HTTP/1.1" 200 -
169.197.131.51 - - [11/Nov/2023:16:33:50 -0500] "CONNECT www.google.com:443 HTTP/1.0" 405 942
172.22.2.4 - - [11/Nov/2023:16:32:27 -0500] "GET /BLA/boletinlegal/ HTTP/1.1" 200 59360
66.249.66.21 - - [11/Nov/2023:16:35:04 -0500] "GET /resoluciones/RESOLUCIONES%202008/2937.pdf HTTP/1.1" 404 1018
69.171.231.6 - - [11/Nov/2023:16:35:13 -0500] "GET /recuperado-zorro-cangrejero-que-era-tenido-ilegalmente-como-mascota-en-una-vivienda-del-sur-de-bogota.html HTTP/1.1" 200 801
69.171.231.8 - - [11/Nov/2023:16:35:13 -0500] "GET /recuperado-zorro-cangrejero-que-era-tenido-ilegalmente-como-mascota-en-una-vivienda-del-sur-de-bogota.html HTTP/1.1" 200 801
69.171.231.7 - - [11/Nov/2023:16:35:14 -0500] "GET /recuperado-zorro-cangrejero-que-era-tenido-ilegalmente-como-mascota-en-una-vivienda-del-sur-de-bogota.html HTTP/1.1" 206 801
5.188.87.55 - - [11/Nov/2023:16:35:18 -0500] "GET /wp-login.php HTTP/1.1" 404 1018
69.171.231.4 - - [11/Nov/2023:16:35:21 -0500] "GET /recuperado-zorro-cangrejero-que-era-tenido-ilegalmente-como-mascota-en-una-vivienda-del-sur-de-bogota.html HTTP/1.1" 200 801
172.22.2.4 - - [11/Nov/2023:16:33:47 -0500] "GET /BLA/boletinlegal/ HTTP/1.1" 200 61018
201.245.192.253 - - [11/Nov/2023:16:36:40 -0500] "POST /kwsrmcab/Wsrmcab HTTP/1.1" 200 40318
201.245.192.253 - - [11/Nov/2023:16:36:43 -0500] "POST /kwsrmcab/Wsrmcab HTTP/1.1" 200 39571
172.22.2.4 - - [11/Nov/2023:16:37:52 -0500] "GET /BLA/boletinlegal/Circulares/2019/.pdf HTTP/1.1" 404 1218
216.245.221.92 - - [11/Nov/2023:16:37:54 -0500] "HEAD / HTTP/1.1" 200 -
66.249.66.19 - - [11/Nov/2023:16:37:59 -0500] "GET /resoluciones/RESOLUCIONES%202010/1998.pdf HTTP/1.1" 404 1018
201.245.192.253 - - [11/Nov/2023:16:38:05 -0500] "POST /kwsrmcab/Wsrmcab  HTTP/1.1" 200 38506
66.249.66.19 - - [11/Nov/2023:16:38:37 -0500] "GET /BLA/resoluciones/RESOLUCIONES%202009/3487.pdf HTTP/1.1" 200 682153
172.22.2.4 - - [11/Nov/2023:16:38:48 -0500] "HEAD /BLA/boletinlegal/Circulares/2021/CIRCULAR%20No.%2000006%20DEL%2005%20DE%20AGOSTO%20DEL%202021.pdf HTTP/1.1" 200 -
172.22.2.4 - - [11/Nov/2023:16:38:48 -0500] "GET /BLA/boletinlegal/Circulares/2021/CIRCULAR%20No.%2000006%20DEL%2005%20DE%20AGOSTO%20DEL%202021.pdf HTTP/1.1" 200 249615
172.22.2.4 - - [11/Nov/2023:16:37:27 -0500] "HEAD /BLA/boletinlegal/ HTTP/1.1" 200 -
69.63.184.6 - - [11/Nov/2023:16:39:56 -0500] "GET /asi-las-mujeres-que-reverdecen-cuidan-los-arboles-para-la-restauracion-ecologica-de-bogota.html HTTP/1.1" 200 911
172.22.2.4 - - [11/Nov/2023:16:38:17 -0500] "GET /BLA/boletinlegal/ HTTP/1.1" 200 58644
201.245.192.253 - - [11/Nov/2023:16:40:00 -0500] "POST /kwsrmcab/Wsrmcab HTTP/1.1" 200 40318
201.245.192.253 - - [11/Nov/2023:16:40:03 -0500] "POST /kwsrmcab/Wsrmcab HTTP/1.1" 200 39571
66.249.66.19 - - [11/Nov/2023:16:41:15 -0500] "GET /resoluciones/RESOLUCIONES%202009/1335.pdf HTTP/1.1" 404 1018
216.245.221.92 - - [11/Nov/2023:16:42:54 -0500] "HEAD / HTTP/1.1" 200 -
201.245.192.253 - - [11/Nov/2023:16:43:04 -0500] "POST /kwsrmcab/Wsrmcab  HTTP/1.1" 200 38506
66.249.66.20 - - [11/Nov/2023:16:44:56 -0500] "GET /resoluciones/RESOLUCIONES%202010/3435.pdf HTTP/1.1" 404 1018
172.22.2.4 - - [11/Nov/2023:16:43:17 -0500] "HEAD /BLA/boletinlegal/ HTTP/1.1" 200 -
172.22.2.4 - - [11/Nov/2023:16:45:20 -0500] "GET /BLA/boletinlegal/jurisprudencia/analisis/AnalisisT-095-16.docx HTTP/1.1" 200 20284
172.22.2.4 - - [11/Nov/2023:16:44:07 -0500] "GET /BLA/boletinlegal/ HTTP/1.1" 200 58294
173.252.83.15 - - [11/Nov/2023:16:46:18 -0500] "GET /images/cuerpos%20de%20agua%20en%20humedales-19-10.jpg HTTP/1.1" 200 73528
66.249.66.20 - - [11/Nov/2023:16:47:19 -0500] "GET /BLA/resoluciones/Notificaciones/REGISTROS%202016/01217.pdf HTTP/1.1" 200 448951
216.245.221.92 - - [11/Nov/2023:16:47:54 -0500] "HEAD / HTTP/1.1" 200 -
172.22.2.4 - - [11/Nov/2023:16:47:58 -0500] "GET /BLA/boletinlegal/viwwwsogou?op=8&query=%E7%A8%8F%E5%BB%BA%09%E9%BE%90%E1%B7%A2 HTTP/1.1" 404 1327
201.245.192.253 - - [11/Nov/2023:16:48:03 -0500] "POST /kwsrmcab/Wsrmcab  HTTP/1.1" 200 38506
172.22.2.4 - - [11/Nov/2023:16:48:08 -0500] "GET /BLA/boletinlegal/c/msdownload/update/software/update/2021/11/6632de33-967441-x86.cab HTTP/1.1" 404 1288
172.22.2.4 - - [11/Nov/2023:16:48:09 -0500] "GET /BLA/boletinlegal/c/msdownload/update/software/update/2021/11/6632de33-967441-x86.cab HTTP/1.1" 404 1288
172.22.2.4 - - [11/Nov/2023:16:48:16 -0500] "GET /BLA/boletinlegal/Visu/ens/events HTTP/1.1" 404 1183
172.22.2.4 - - [11/Nov/2023:16:48:17 -0500] "GET /BLA/boletinlegal/Visu/ens/events HTTP/1.1" 404 1183
66.249.66.20 - - [11/Nov/2023:16:48:38 -0500] "GET /BLA/resoluciones/RESOLUCIONES%202009/9360.pdf HTTP/1.1" 200 500121
66.249.66.194 - - [11/Nov/2023:16:50:43 -0500] "GET /camino-guadalupe-aguanoso-abierto-de-nuevo-al-publico.html HTTP/1.1" 304 -
172.22.2.4 - - [11/Nov/2023:16:49:07 -0500] "HEAD /BLA/boletinlegal/ HTTP/1.1" 200 -
172.22.2.4 - - [11/Nov/2023:16:49:58 -0500] "GET /BLA/boletinlegal/ HTTP/1.1" 200 58644
216.245.221.92 - - [11/Nov/2023:16:52:54 -0500] "HEAD / HTTP/1.1" 200 -
201.245.192.253 - - [11/Nov/2023:16:53:02 -0500] "POST /kwsrmcab/Wsrmcab  HTTP/1.1" 200 38506
185.233.19.226 - - [11/Nov/2023:16:53:13 -0500] "GET / HTTP/1.1" 200 319
66.249.66.19 - - [11/Nov/2023:16:53:22 -0500] "GET /BLA/resoluciones/RESOLUCIONES%202010/7419.pdf HTTP/1.1" 200 283928
173.252.87.14 - - [11/Nov/2023:16:55:33 -0500] "GET /indicadores-de-fauna-silvestre-en-el-observatorio-ambiental-de-bogota.html HTTP/1.1" 200 949
191.156.52.67 - - [11/Nov/2023:16:56:27 -0500] "POST /sipse/faces/presentacion/financiero/solicitudProceso/consultarSolicitudProceso.xhtml HTTP/1.1" 200 42157
191.156.52.67 - - [11/Nov/2023:16:56:27 -0500] "GET /sipse/faces/javax.faces.resource/theme.css?ln=primefaces-sipse HTTP/1.1" 304 -
191.156.52.67 - - [11/Nov/2023:16:56:27 -0500] "GET /sipse/faces/javax.faces.resource/jquery/jquery.js?ln=primefaces&v=4.0 HTTP/1.1" 304 -
191.156.61.30 - - [11/Nov/2023:16:56:27 -0500] "GET /sipse/faces/javax.faces.resource/layout/layout.css?ln=primefaces&v=4.0 HTTP/1.1" 304 -
