172.22.2.4 - - [11/Nov/2023:04:53:59 -0500] "GET /BLA/boletinlegal/Temporary_Listen_Addresses HTTP/1.1" 404 1018
172.22.2.4 - - [11/Nov/2023:04:53:59 -0500] "GET /BLA/boletinlegal/ews/exchanges/ HTTP/1.1" 404 1018
172.22.2.4 - - [11/Nov/2023:04:54:00 -0500] "GET /BLA/boletinlegal/ews/exchange%20/ HTTP/1.1" 404 1018
172.22.2.4 - - [11/Nov/2023:04:52:20 -0500] "GET /BLA/boletinlegal/ HTTP/1.1" 200 55050
172.22.2.4 - - [11/Nov/2023:04:54:00 -0500] "GET /BLA/boletinlegal/ews/exchange/ HTTP/1.1" 404 1018
172.22.2.4 - - [11/Nov/2023:04:54:01 -0500] "GET /BLA/boletinlegal/ews/%20/ HTTP/1.1" 403 1020
172.22.2.4 - - [11/Nov/2023:04:54:01 -0500] "GET /BLA/boletinlegal/ews/ews/ HTTP/1.1" 404 1018
172.22.2.4 - - [11/Nov/2023:04:54:02 -0500] "GET /BLA/boletinlegal/ews/autodiscovers/ HTTP/1.1" 404 1018
172.22.2.4 - - [11/Nov/2023:04:54:03 -0500] "GET /BLA/boletinlegal/autodiscover/autodiscovers/ HTTP/1.1" 404 1018
172.22.2.4 - - [11/Nov/2023:04:54:03 -0500] "GET /BLA/boletinlegal/autodiscover/autodiscover%20/ HTTP/1.1" 404 1018
172.22.2.4 - - [11/Nov/2023:04:54:04 -0500] "GET /BLA/boletinlegal/autodiscover/autodiscoverrs/ HTTP/1.1" 404 1018
172.22.2.4 - - [11/Nov/2023:04:54:04 -0500] "GET /BLA/boletinlegal/autodiscove/ HTTP/1.1" 404 1018
157.55.39.15 - - [11/Nov/2023:04:54:45 -0500] "GET /reciclaton-empresarial-mas-de-34-toneladas-fueron-recibidas-en-la-segunda-jornada-del-ano.html HTTP/1.1" 200 899
66.249.66.21 - - [11/Nov/2023:04:55:41 -0500] "GET /BLA/resoluciones/RESOLUCIONES%202009/6718.pdf HTTP/1.1" 200 356860
201.245.192.253 - - [11/Nov/2023:04:55:46 -0500] "POST /kwsrmcab/Wsrmcab  HTTP/1.1" 200 38506
66.249.66.20 - - [11/Nov/2023:04:56:26 -0500] "GET /BLA/resoluciones/RESOLUCIONES%202015/0384.pdf HTTP/1.1" 200 782593
66.249.66.21 - - [11/Nov/2023:04:56:29 -0500] "GET /resoluciones/RESOLUCIONES%202008/3449.pdf HTTP/1.1" 404 1018
66.249.66.19 - - [11/Nov/2023:04:56:34 -0500] "GET /BLA/resoluciones/RESOLUCIONES%202011/0185.pdf HTTP/1.1" 200 285634
66.249.66.21 - - [11/Nov/2023:04:57:20 -0500] "GET /sig/encuestas/Gestion%20Ambiental/Ficha%20tecnica%20encuesta%20de%20percepcion%20GAE.pdf HTTP/1.1" 404 1018
172.22.2.4 - - [11/Nov/2023:04:57:23 -0500] "GET /BLA/boletinlegal/portal HTTP/1.1" 404 1018
216.245.221.92 - - [11/Nov/2023:04:57:56 -0500] "HEAD / HTTP/1.1" 200 -
172.22.2.4 - - [11/Nov/2023:04:58:57 -0500] "GET /BLA/boletinlegal/actos.php HTTP/1.1" 200 9682
172.22.2.4 - - [11/Nov/2023:04:57:19 -0500] "HEAD /BLA/boletinlegal/ HTTP/1.1" 200 -
172.22.2.4 - - [11/Nov/2023:04:57:54 -0500] "GET /BLA/boletinlegal/ HTTP/1.1" 200 36811
172.22.2.4 - - [11/Nov/2023:04:59:11 -0500] "GET /BLA/boletinlegal/robots.txt HTTP/1.1" 404 1018
172.22.2.4 - - [11/Nov/2023:04:59:13 -0500] "GET /BLA/boletinlegal/sitemap.xml HTTP/1.1" 404 1018
172.22.2.4 - - [11/Nov/2023:04:59:14 -0500] "GET /BLA/boletinlegal/.well-known/security.txt HTTP/1.1" 404 1018
172.22.2.4 - - [11/Nov/2023:04:59:17 -0500] "GET /BLA/boletinlegal/favicon.ico HTTP/1.1" 404 1018
172.22.2.4 - - [11/Nov/2023:04:59:24 -0500] "GET /BLA/boletinlegal/aaa9 HTTP/1.1" 404 1018
172.22.2.4 - - [11/Nov/2023:04:59:27 -0500] "GET /BLA/boletinlegal/aad7 HTTP/1.1" 404 1018
66.249.66.21 - - [11/Nov/2023:04:59:33 -0500] "GET /BLA/resoluciones/Notificaciones/AUTOS%202017/04542.pdf HTTP/1.1" 200 302977
66.249.66.19 - - [11/Nov/2023:04:59:49 -0500] "GET /resoluciones/RESOLUCIONES%202009/2869.pdf HTTP/1.1" 404 1018
172.22.2.4 - - [11/Nov/2023:04:58:10 -0500] "GET /BLA/boletinlegal/ HTTP/1.1" 200 52827
66.249.66.21 - - [11/Nov/2023:05:00:12 -0500] "GET /resoluciones/RESOLUCIONES%202009/0228.pdf HTTP/1.1" 404 1018
172.22.2.4 - - [11/Nov/2023:05:00:27 -0500] "GET /BLA/boletinlegal/node HTTP/1.1" 404 1018
201.245.192.253 - - [11/Nov/2023:05:00:45 -0500] "POST /kwsrmcab/Wsrmcab  HTTP/1.1" 200 38506
20.15.133.185 - - [11/Nov/2023:05:01:22 -0500] "GET /Publicaciones/2023EE225258.pdf HTTP/1.1" 404 228
66.249.66.20 - - [11/Nov/2023:05:02:32 -0500] "GET /resoluciones/RESOLUCIONES%202009/3864.pdf HTTP/1.1" 404 1018
216.245.221.92 - - [11/Nov/2023:05:02:55 -0500] "HEAD / HTTP/1.1" 200 -
66.249.66.21 - - [11/Nov/2023:05:03:29 -0500] "GET /BLA/resoluciones/RESOLUCIONES%202009/0582.pdf HTTP/1.1" 200 290453
109.195.71.44 - - [11/Nov/2023:05:04:01 -0500] "GET / HTTP/1.1" 200 319
172.22.2.4 - - [11/Nov/2023:05:04:37 -0500] "GET /BLA/boletinlegal/node HTTP/1.1" 404 1018
172.22.2.4 - - [11/Nov/2023:05:03:09 -0500] "HEAD /BLA/boletinlegal/ HTTP/1.1" 200 -
157.55.39.205 - - [11/Nov/2023:05:05:17 -0500] "GET /portaldeninos/parque-ecologico-distrital-humedal-santa-maria-del-lago/ HTTP/1.1" 200 90199
172.22.2.4 - - [11/Nov/2023:05:04:00 -0500] "GET /BLA/boletinlegal/ HTTP/1.1" 200 58294
201.245.192.253 - - [11/Nov/2023:05:05:43 -0500] "POST /kwsrmcab/Wsrmcab  HTTP/1.1" 200 38506
66.249.66.21 - - [11/Nov/2023:05:06:02 -0500] "GET /BLA/resoluciones/RESOLUCIONES%202009/1941.pdf HTTP/1.1" 200 468531
172.22.2.4 - - [11/Nov/2023:05:06:48 -0500] "GET /BLA/boletinlegal/jurisprudencia.php HTTP/1.1" 200 17583
66.249.66.19 - - [11/Nov/2023:05:06:59 -0500] "GET /BLA/resoluciones/RESOLUCIONES%202009/6047.pdf HTTP/1.1" 200 494067
52.167.144.16 - - [11/Nov/2023:05:07:40 -0500] "GET /BLA/resoluciones/Notificaciones/REGISTROS%202023/0000.pdf HTTP/1.1" 200 198759
172.22.2.4 - - [11/Nov/2023:05:07:45 -0500] "GET /BLA/boletinlegal/login.cs HTTP/1.1" 404 1018
216.245.221.92 - - [11/Nov/2023:05:07:55 -0500] "HEAD / HTTP/1.1" 200 -
172.22.2.4 - - [11/Nov/2023:05:07:05 -0500] "GET /BLA/boletinlegal/ HTTP/1.1" 200 63167
40.77.167.7 - - [11/Nov/2023:05:09:51 -0500] "GET /bla/resoluciones/notificaciones/autos%202020/3869.pdf HTTP/1.1" 200 365909
172.22.2.4 - - [11/Nov/2023:05:08:59 -0500] "HEAD /BLA/boletinlegal/ HTTP/1.1" 200 -
201.245.192.253 - - [11/Nov/2023:05:10:43 -0500] "POST /kwsrmcab/Wsrmcab  HTTP/1.1" 200 38506
172.22.2.4 - - [11/Nov/2023:05:09:50 -0500] "GET /BLA/boletinlegal/ HTTP/1.1" 200 53737
172.22.2.4 - - [11/Nov/2023:05:12:02 -0500] "GET /BLA/boletinlegal/login.cs HTTP/1.1" 404 1018
216.245.221.92 - - [11/Nov/2023:05:12:55 -0500] "HEAD / HTTP/1.1" 200 -
143.110.200.3 - - [11/Nov/2023:05:13:43 -0500] "GET / HTTP/1.1" 200 319
45.79.94.27 - - [11/Nov/2023:05:13:43 -0500] "POST /wsman HTTP/1.1" 404 1018
45.79.95.205 - - [11/Nov/2023:05:13:45 -0500] "GET / HTTP/1.1" 200 319
45.79.95.205 - - [11/Nov/2023:05:13:45 -0500] "GET /api/sonicos/auth HTTP/1.1" 404 1018
45.79.95.205 - - [11/Nov/2023:05:13:45 -0500] "GET /auth.html HTTP/1.1" 404 1018
45.79.95.205 - - [11/Nov/2023:05:13:45 -0500] "GET /auth1.html HTTP/1.1" 404 1018
45.79.95.205 - - [11/Nov/2023:05:13:45 -0500] "GET /sslvpnLogin.html HTTP/1.1" 404 1018
45.79.95.205 - - [11/Nov/2023:05:13:45 -0500] "GET /api/sonicos/tfa HTTP/1.1" 404 1018
45.56.104.183 - - [11/Nov/2023:05:13:54 -0500] "HEAD / HTTP/1.1" 200 -
45.56.104.183 - - [11/Nov/2023:05:14:14 -0500] "GET / HTTP/1.1" 200 319
172.22.2.4 - - [11/Nov/2023:05:15:23 -0500] "GET /BLA/boletinlegal/login HTTP/1.1" 404 1018
201.245.192.253 - - [11/Nov/2023:05:15:42 -0500] "POST /kwsrmcab/Wsrmcab  HTTP/1.1" 200 38506
52.167.144.221 - - [11/Nov/2023:05:15:51 -0500] "GET /BLA/resoluciones/AUTOS%202007/2245.pdf HTTP/1.1" 200 147201
66.249.66.20 - - [11/Nov/2023:05:16:06 -0500] "GET /resoluciones/RESOLUCIONES%202007/RES%202007%202801%20AL%202900/RESOLUCION%202834%20DE%202007.pdf HTTP/1.1" 404 1018
172.22.2.4 - - [11/Nov/2023:05:14:49 -0500] "HEAD /BLA/boletinlegal/ HTTP/1.1" 200 -
201.245.192.253 - - [11/Nov/2023:05:16:43 -0500] "POST /kwsrmcab/Wsrmcab HTTP/1.1" 200 39694
201.245.192.253 - - [11/Nov/2023:05:16:46 -0500] "POST /kwsrmcab/Wsrmcab HTTP/1.1" 200 39283
172.22.2.4 - - [11/Nov/2023:05:16:48 -0500] "GET /BLA/boletinlegal/niceforms.js HTTP/1.1" 200 22876
172.22.2.4 - - [11/Nov/2023:05:16:48 -0500] "GET /BLA/boletinlegal/js/ajax_actos.js HTTP/1.1" 200 1322
172.22.2.4 - - [11/Nov/2023:05:16:48 -0500] "GET /BLA/boletinlegal/styles2.css HTTP/1.1" 200 1838
172.22.2.4 - - [11/Nov/2023:05:16:48 -0500] "GET /BLA/boletinlegal/style.css HTTP/1.1" 200 9406
172.22.2.4 - - [11/Nov/2023:05:16:48 -0500] "GET /BLA/boletinlegal/js/lib.js HTTP/1.1" 200 6474
172.22.2.4 - - [11/Nov/2023:05:16:48 -0500] "GET /BLA/boletinlegal/js/jquery1.js HTTP/1.1" 200 29846
172.22.2.4 - - [11/Nov/2023:05:16:49 -0500] "GET /BLA/boletinlegal/js/popup.js HTTP/1.1" 200 1270
45.56.104.183 - - [11/Nov/2023:05:17:07 -0500] "GET / HTTP/1.1" 200 319
45.56.104.183 - - [11/Nov/2023:05:17:07 -0500] "GET /favicon.ico HTTP/1.1" 200 7782
172.22.2.4 - - [11/Nov/2023:05:15:40 -0500] "GET /BLA/boletinlegal/ HTTP/1.1" 200 58644
103.76.148.30 - - [11/Nov/2023:05:17:38 -0500] "GET /db/phpMyAdmin-3/index.php?lang=en HTTP/1.1" 404 1018
103.76.148.30 - - [11/Nov/2023:05:17:38 -0500] "GET /phpmyadmin2015/index.php?lang=en HTTP/1.1" 403 1165
103.76.148.30 - - [11/Nov/2023:05:17:39 -0500] "GET /phpMyAdmin-4.9.7/index.php?lang=en HTTP/1.1" 403 1165
103.76.148.30 - - [11/Nov/2023:05:17:39 -0500] "GET /mysql/web/index.php?lang=en HTTP/1.1" 404 1018
103.76.148.30 - - [11/Nov/2023:05:17:39 -0500] "GET /phpmyadmin3/index.php?lang=en HTTP/1.1" 403 1165
103.76.148.30 - - [11/Nov/2023:05:17:40 -0500] "GET /admin/phpmyadmin/index.php?lang=en HTTP/1.1" 404 1018
103.76.148.30 - - [11/Nov/2023:05:17:40 -0500] "GET /sql/phpmanager/index.php?lang=en HTTP/1.1" 404 1018
103.76.148.30 - - [11/Nov/2023:05:17:40 -0500] "GET /sql/webdb/index.php?lang=en HTTP/1.1" 404 1018
103.76.148.30 - - [11/Nov/2023:05:17:41 -0500] "GET /db/myadmin/index.php?lang=en HTTP/1.1" 404 1018
103.76.148.30 - - [11/Nov/2023:05:17:41 -0500] "GET /mysql/pMA/index.php?lang=en HTTP/1.1" 404 1018
103.76.148.30 - - [11/Nov/2023:05:17:41 -0500] "GET /phpMyAdmin-latest-all-languages/index.php?lang=en HTTP/1.1" 403 1165
103.76.148.30 - - [11/Nov/2023:05:17:42 -0500] "GET /mysql-admin/index.php?lang=en HTTP/1.1" 404 1018
103.76.148.30 - - [11/Nov/2023:05:17:42 -0500] "GET /program/index.php?lang=en HTTP/1.1" 404 1018
103.76.148.30 - - [11/Nov/2023:05:17:42 -0500] "GET /mysql/index.php?lang=en HTTP/1.1" 404 1018
103.76.148.30 - - [11/Nov/2023:05:17:42 -0500] "GET /db/phpmyadmin5/index.php?lang=en HTTP/1.1" 404 1018
103.76.148.30 - - [11/Nov/2023:05:17:43 -0500] "GET /phpmyadmin2017/index.php?lang=en HTTP/1.1" 403 1165
103.76.148.30 - - [11/Nov/2023:05:17:43 -0500] "GET /php-myadmin/index.php?lang=en HTTP/1.1" 404 1018
103.76.148.30 - - [11/Nov/2023:05:17:43 -0500] "GET /db/dbadmin/index.php?lang=en HTTP/1.1" 404 1018
103.76.148.30 - - [11/Nov/2023:05:17:44 -0500] "GET /1phpmyadmin/index.php?lang=en HTTP/1.1" 404 1018
103.76.148.30 - - [11/Nov/2023:05:17:44 -0500] "GET /php-my-admin/index.php?lang=en HTTP/1.1" 404 1018
103.76.148.30 - - [11/Nov/2023:05:17:44 -0500] "GET /phpmyadmin5/index.php?lang=en HTTP/1.1" 403 1165
103.76.148.30 - - [11/Nov/2023:05:17:45 -0500] "GET /administrator/phpMyAdmin/index.php?lang=en HTTP/1.1" 404 1018
103.76.148.30 - - [11/Nov/2023:05:17:45 -0500] "GET /phpMyadmin/index.php?lang=en HTTP/1.1" 403 1165
103.76.148.30 - - [11/Nov/2023:05:17:45 -0500] "GET /phpMyAdmin4/index.php?lang=en HTTP/1.1" 403 1165
103.76.148.30 - - [11/Nov/2023:05:17:46 -0500] "GET /phpMyAdmin5.2/index.php?lang=en HTTP/1.1" 403 1165
103.76.148.30 - - [11/Nov/2023:05:17:46 -0500] "GET /phpMyAdmin-4/index.php?lang=en HTTP/1.1" 403 1165
103.76.148.30 - - [11/Nov/2023:05:17:46 -0500] "GET /db/dbweb/index.php?lang=en HTTP/1.1" 404 1018
103.76.148.30 - - [11/Nov/2023:05:17:47 -0500] "GET /index.php?lang=en HTTP/1.1" 404 1018
103.76.148.30 - - [11/Nov/2023:05:17:47 -0500] "GET /phpMyAdmin1/index.php?lang=en HTTP/1.1" 403 1165
103.76.148.30 - - [11/Nov/2023:05:17:47 -0500] "GET /phpMyAdmin-5.3.0-all-languages/index.php?lang=en HTTP/1.1" 403 1165
103.76.148.30 - - [11/Nov/2023:05:17:47 -0500] "GET /phpmyadmin2012/index.php?lang=en HTTP/1.1" 403 1165
103.76.148.30 - - [11/Nov/2023:05:17:48 -0500] "GET /phpmyadmin2016/index.php?lang=en HTTP/1.1" 403 1165
103.76.148.30 - - [11/Nov/2023:05:17:48 -0500] "GET /phpMyAdmin5/index.php?lang=en HTTP/1.1" 403 1165
103.76.148.30 - - [11/Nov/2023:05:17:48 -0500] "GET /mysql/mysqlmanager/index.php?lang=en HTTP/1.1" 404 1018
103.76.148.30 - - [11/Nov/2023:05:17:49 -0500] "GET /admin/sysadmin/index.php?lang=en HTTP/1.1" 404 1018
103.76.148.30 - - [11/Nov/2023:05:17:49 -0500] "GET /db/phpMyAdmin/index.php?lang=en HTTP/1.1" 404 1018
103.76.148.30 - - [11/Nov/2023:05:17:49 -0500] "GET /sql/phpMyAdmin2/index.php?lang=en HTTP/1.1" 404 1018
103.76.148.30 - - [11/Nov/2023:05:17:50 -0500] "GET /phpMyAdmin-latest-english/index.php?lang=en HTTP/1.1" 403 1165
103.76.148.30 - - [11/Nov/2023:05:17:50 -0500] "GET /sql/sql-admin/index.php?lang=en HTTP/1.1" 404 1018
103.76.148.30 - - [11/Nov/2023:05:17:50 -0500] "GET /sql/webadmin/index.php?lang=en HTTP/1.1" 404 1018
103.76.148.30 - - [11/Nov/2023:05:17:51 -0500] "GET /phpmyadmin2018/index.php?lang=en HTTP/1.1" 403 1165
103.76.148.30 - - [11/Nov/2023:05:17:51 -0500] "GET /admin/phpMyAdmin/index.php?lang=en HTTP/1.1" 404 1018
103.76.148.30 - - [11/Nov/2023:05:17:51 -0500] "GET /MyAdmin/index.php?lang=en HTTP/1.1" 404 1018
103.76.148.30 - - [11/Nov/2023:05:17:52 -0500] "GET /_phpmyadmin_/index.php?lang=en HTTP/1.1" 404 1018
103.76.148.30 - - [11/Nov/2023:05:17:52 -0500] "GET /mysqlmanager/index.php?lang=en HTTP/1.1" 404 1018
103.76.148.30 - - [11/Nov/2023:05:17:52 -0500] "GET /phpmy-admin/index.php?lang=en HTTP/1.1" 404 1018
103.76.148.30 - - [11/Nov/2023:05:17:52 -0500] "GET /db/phpMyAdmin-5/index.php?lang=en HTTP/1.1" 404 1018
103.76.148.30 - - [11/Nov/2023:05:17:53 -0500] "GET /sqlmanager/index.php?lang=en HTTP/1.1" 404 1018
103.76.148.30 - - [11/Nov/2023:05:17:53 -0500] "GET /sql/myadmin/index.php?lang=en HTTP/1.1" 404 1018
103.76.148.30 - - [11/Nov/2023:05:17:53 -0500] "GET /phpMyAdmin-5.3.0/index.php?lang=en HTTP/1.1" 403 1165
103.76.148.30 - - [11/Nov/2023:05:17:54 -0500] "GET /phpMyAdmin_/index.php?lang=en HTTP/1.1" 403 1165
103.76.148.30 - - [11/Nov/2023:05:17:54 -0500] "GET /db/phpMyAdmin3/index.php?lang=en HTTP/1.1" 404 1018
103.76.148.30 - - [11/Nov/2023:05:17:55 -0500] "GET /sql/phpmyadmin5/index.php?lang=en HTTP/1.1" 404 1018
216.245.221.92 - - [11/Nov/2023:05:17:55 -0500] "HEAD / HTTP/1.1" 200 -
103.76.148.30 - - [11/Nov/2023:05:17:56 -0500] "GET /phpmyadmin2011/index.php?lang=en HTTP/1.1" 403 1165
103.76.148.30 - - [11/Nov/2023:05:17:56 -0500] "GET /pma/index.php?lang=en HTTP/1.1" 404 1018
103.76.148.30 - - [11/Nov/2023:05:17:56 -0500] "GET /sql/phpmyadmin3/index.php?lang=en HTTP/1.1" 404 1018
103.76.148.30 - - [11/Nov/2023:05:17:56 -0500] "GET /wpma5.2/index.php?lang=en HTTP/1.1" 404 1018
103.76.148.30 - - [11/Nov/2023:05:17:57 -0500] "GET /phpmyadmin2014/index.php?lang=en HTTP/1.1" 403 1165
103.76.148.30 - - [11/Nov/2023:05:17:57 -0500] "GET /admin/web/index.php?lang=en HTTP/1.1" 404 1018
103.76.148.30 - - [11/Nov/2023:05:17:57 -0500] "GET /db/index.php?lang=en HTTP/1.1" 404 1018
103.76.148.30 - - [11/Nov/2023:05:17:58 -0500] "GET /db/webdb/index.php?lang=en HTTP/1.1" 404 1018
103.76.148.30 - - [11/Nov/2023:05:17:58 -0500] "GET /sql/phpmyadmin4/index.php?lang=en HTTP/1.1" 404 1018
103.76.148.30 - - [11/Nov/2023:05:17:58 -0500] "GET /database/index.php?lang=en HTTP/1.1" 404 1018
103.76.148.30 - - [11/Nov/2023:05:17:59 -0500] "GET /phpmyadmin2/index.php?lang=en HTTP/1.1" 403 1165
103.76.148.30 - - [11/Nov/2023:05:17:59 -0500] "GET /phpMyAdmin/index.php?lang=en HTTP/1.1" 403 1165
103.76.148.30 - - [11/Nov/2023:05:17:59 -0500] "GET /phpMyAdmin-4.9.10-all-languages/index.php?lang=en HTTP/1.1" 403 1165
103.76.148.30 - - [11/Nov/2023:05:18:00 -0500] "GET /sql/phpmy-admin/index.php?lang=en HTTP/1.1" 404 1018
103.76.148.30 - - [11/Nov/2023:05:18:00 -0500] "GET /admin/db/index.php?lang=en HTTP/1.1" 404 1018
103.76.148.30 - - [11/Nov/2023:05:18:00 -0500] "GET /admin/index.php?lang=en HTTP/1.1" 404 1018
103.76.148.30 - - [11/Nov/2023:05:18:01 -0500] "GET /phpMyAdmin-5.2.0-all-languages/index.php?lang=en HTTP/1.1" 403 1165
103.76.148.30 - - [11/Nov/2023:05:18:01 -0500] "GET /mysql/sqlmanager/index.php?lang=en HTTP/1.1" 404 1018
103.76.148.30 - - [11/Nov/2023:05:18:01 -0500] "GET /phpMyAdmin-5.1.2/index.php?lang=en HTTP/1.1" 403 1165
103.76.148.30 - - [11/Nov/2023:05:18:01 -0500] "GET /mysql/pma/index.php?lang=en HTTP/1.1" 404 1018
103.76.148.30 - - [11/Nov/2023:05:18:02 -0500] "GET /administrator/pma/index.php?lang=en HTTP/1.1" 404 1018
103.76.148.30 - - [11/Nov/2023:05:18:02 -0500] "GET /admin/sqladmin/index.php?lang=en HTTP/1.1" 404 1018
103.76.148.30 - - [11/Nov/2023:05:18:02 -0500] "GET /phpMyAdmin-5.2.0/index.php?lang=en HTTP/1.1" 403 1165
103.76.148.30 - - [11/Nov/2023:05:18:03 -0500] "GET /phpmy/index.php?lang=en HTTP/1.1" 404 1018
103.76.148.30 - - [11/Nov/2023:05:18:03 -0500] "GET /administrator/phpmyadmin/index.php?lang=en HTTP/1.1" 404 1018
103.76.148.30 - - [11/Nov/2023:05:18:03 -0500] "GET /phpmyadmin4/index.php?lang=en HTTP/1.1" 403 1165
103.76.148.30 - - [11/Nov/2023:05:18:04 -0500] "GET /wp-content/plugins/portable-phpmyadmin/wp-pma-mod/index.php?lang=en HTTP/1.1" 404 1018
103.76.148.30 - - [11/Nov/2023:05:18:04 -0500] "GET /phppma/index.php?lang=en HTTP/1.1" 404 1018
103.76.148.30 - - [11/Nov/2023:05:18:04 -0500] "GET /phpMyAdmin-5/index.php?lang=en HTTP/1.1" 403 1165
103.76.148.30 - - [11/Nov/2023:05:18:05 -0500] "GET /PMA/index.php?lang=en HTTP/1.1" 404 1018
103.76.148.30 - - [11/Nov/2023:05:18:05 -0500] "GET /administrator/admin/index.php?lang=en HTTP/1.1" 404 1018
103.76.148.30 - - [11/Nov/2023:05:18:05 -0500] "GET /db/phpmyadmin3/index.php?lang=en HTTP/1.1" 404 1018
103.76.148.30 - - [11/Nov/2023:05:18:06 -0500] "GET /admin/pma/index.php?lang=en HTTP/1.1" 404 1018
103.76.148.30 - - [11/Nov/2023:05:18:06 -0500] "GET /db/webadmin/index.php?lang=en HTTP/1.1" 404 1018
103.76.148.30 - - [11/Nov/2023:05:18:06 -0500] "GET /phpMyAdmin3/index.php?lang=en HTTP/1.1" 403 1165
103.76.148.30 - - [11/Nov/2023:05:18:06 -0500] "GET /_phpmyadmin/index.php?lang=en HTTP/1.1" 404 1018
103.76.148.30 - - [11/Nov/2023:05:18:07 -0500] "GET /db/phpmyadmin4/index.php?lang=en HTTP/1.1" 404 1018
103.76.148.30 - - [11/Nov/2023:05:18:07 -0500] "GET /phpMyAdmin-5.1.1/index.php?lang=en HTTP/1.1" 403 1165
103.76.148.30 - - [11/Nov/2023:05:18:07 -0500] "GET /2phpmyadmin/index.php?lang=en HTTP/1.1" 404 1018
103.76.148.30 - - [11/Nov/2023:05:18:08 -0500] "GET /shopdb/index.php?lang=en HTTP/1.1" 404 1018
103.76.148.30 - - [11/Nov/2023:05:18:08 -0500] "GET /phpmyadmin2013/index.php?lang=en HTTP/1.1" 403 1165
103.76.148.30 - - [11/Nov/2023:05:18:08 -0500] "GET /db/db-admin/index.php?lang=en HTTP/1.1" 404 1018
103.76.148.30 - - [11/Nov/2023:05:18:09 -0500] "GET /phpmyadmin/index.php?lang=en HTTP/1.1" 403 1165
103.76.148.30 - - [11/Nov/2023:05:18:09 -0500] "GET /phpmyadmin1/index.php?lang=en HTTP/1.1" 403 1165
103.76.148.30 - - [11/Nov/2023:05:18:09 -0500] "GET /phpmyadmin2021/index.php?lang=en HTTP/1.1" 403 1165
103.76.148.30 - - [11/Nov/2023:05:18:10 -0500] "GET /sql/sqlweb/index.php?lang=en HTTP/1.1" 404 1018
103.76.148.30 - - [11/Nov/2023:05:18:10 -0500] "GET /sql/sqladmin/index.php?lang=en HTTP/1.1" 404 1018
103.76.148.30 - - [11/Nov/2023:05:18:10 -0500] "GET /__phpmyadmin/index.php?lang=en HTTP/1.1" 404 1018
103.76.148.30 - - [11/Nov/2023:05:18:11 -0500] "GET /phpMyAdmin5.1/index.php?lang=en HTTP/1.1" 403 1165
103.76.148.30 - - [11/Nov/2023:05:18:11 -0500] "GET /phpmyadmin2019/index.php?lang=en HTTP/1.1" 403 1165
103.76.148.30 - - [11/Nov/2023:05:18:11 -0500] "GET /mysql/db/index.php?lang=en HTTP/1.1" 404 1018
103.76.148.30 - - [11/Nov/2023:05:18:11 -0500] "GET /phpMyAdmin-3/index.php?lang=en HTTP/1.1" 403 1165
103.76.148.30 - - [11/Nov/2023:05:18:12 -0500] "GET /administrator/web/index.php?lang=en HTTP/1.1" 404 1018
103.76.148.30 - - [11/Nov/2023:05:18:12 -0500] "GET /phpmyAdmin/index.php?lang=en HTTP/1.1" 403 1165
103.76.148.30 - - [11/Nov/2023:05:18:12 -0500] "GET /myadmin/index.php?lang=en HTTP/1.1" 404 1018
103.76.148.30 - - [11/Nov/2023:05:18:13 -0500] "GET /db/phpmyadmin/index.php?lang=en HTTP/1.1" 404 1018
103.76.148.30 - - [11/Nov/2023:05:18:13 -0500] "GET /mysqladmin/index.php?lang=en HTTP/1.1" 404 1018
103.76.148.30 - - [11/Nov/2023:05:18:13 -0500] "GET /mysql/admin/index.php?lang=en HTTP/1.1" 404 1018
103.76.148.30 - - [11/Nov/2023:05:18:14 -0500] "GET /phpmyadmin_/index.php?lang=en HTTP/1.1" 403 1165
103.76.148.30 - - [11/Nov/2023:05:18:14 -0500] "GET /sql/php-myadmin/index.php?lang=en HTTP/1.1" 404 1018
103.76.148.30 - - [11/Nov/2023:05:18:14 -0500] "GET /phpMyAdmin-5.1.0/index.php?lang=en HTTP/1.1" 403 1165
103.76.148.30 - - [11/Nov/2023:05:18:15 -0500] "GET /dbadmin/index.php?lang=en HTTP/1.1" 404 1018
103.76.148.30 - - [11/Nov/2023:05:18:15 -0500] "GET /db/websql/index.php?lang=en HTTP/1.1" 404 1018
103.76.148.30 - - [11/Nov/2023:05:18:15 -0500] "GET /sql/websql/index.php?lang=en HTTP/1.1" 404 1018
103.76.148.30 - - [11/Nov/2023:05:18:16 -0500] "GET /phpMyAdmin2/index.php?lang=en HTTP/1.1" 403 1165
103.76.148.30 - - [11/Nov/2023:05:18:16 -0500] "GET /_phpMyAdmin/index.php?lang=en HTTP/1.1" 404 1018
103.76.148.30 - - [11/Nov/2023:05:18:16 -0500] "GET /administrator/db/index.php?lang=en HTTP/1.1" 404 1018
103.76.148.30 - - [11/Nov/2023:05:18:16 -0500] "GET /mysql/dbadmin/index.php?lang=en HTTP/1.1" 404 1018
103.76.148.30 - - [11/Nov/2023:05:18:17 -0500] "GET /administrator/PMA/index.php?lang=en HTTP/1.1" 404 1018
103.76.148.30 - - [11/Nov/2023:05:18:17 -0500] "GET /sql/phpMyAdmin/index.php?lang=en HTTP/1.1" 404 1018
103.76.148.30 - - [11/Nov/2023:05:18:17 -0500] "GET /phpmyadmin2020/index.php?lang=en HTTP/1.1" 403 1165
103.76.148.30 - - [11/Nov/2023:05:18:18 -0500] "GET /sql/sql/index.php?lang=en HTTP/1.1" 404 1018
103.76.148.30 - - [11/Nov/2023:05:18:18 -0500] "GET /phpmyadmin2022/index.php?lang=en HTTP/1.1" 403 1165
103.76.148.30 - - [11/Nov/2023:05:18:18 -0500] "GET /db/phpMyAdmin-4/index.php?lang=en HTTP/1.1" 404 1018
103.76.148.30 - - [11/Nov/2023:05:18:19 -0500] "GET /phpMyAdmin-5.1.3/index.php?lang=en HTTP/1.1" 403 1165
172.22.2.4 - - [11/Nov/2023:05:19:09 -0500] "GET /BLA/boletinlegal/login HTTP/1.1" 404 1018
201.245.192.253 - - [11/Nov/2023:05:20:01 -0500] "POST /kwsrmcab/Wsrmcab HTTP/1.1" 200 39694
201.245.192.253 - - [11/Nov/2023:05:20:05 -0500] "POST /kwsrmcab/Wsrmcab HTTP/1.1" 200 39283
201.245.192.253 - - [11/Nov/2023:05:20:41 -0500] "POST /kwsrmcab/Wsrmcab  HTTP/1.1" 200 38506
151.245.27.38 - - [11/Nov/2023:05:20:55 -0500] "GET / HTTP/1.1" 200 319
172.22.2.4 - - [11/Nov/2023:05:19:18 -0500] "GET /BLA/boletinlegal/ HTTP/1.1" 200 61380
43.136.58.184 - - [11/Nov/2023:05:21:14 -0500] "GET /xmlrpc.php HTTP/1.1" 404 1035
172.22.2.4 - - [11/Nov/2023:05:22:08 -0500] "GET /BLA/boletinlegal/WebViewer.html HTTP/1.1" 404 1018
172.22.2.4 - - [11/Nov/2023:05:20:39 -0500] "HEAD /BLA/boletinlegal/ HTTP/1.1" 200 -
66.249.66.19 - - [11/Nov/2023:05:22:54 -0500] "GET /BLA/resoluciones/RESOLUCIONES%202009/8855.pdf HTTP/1.1" 200 186459
216.245.221.92 - - [11/Nov/2023:05:22:55 -0500] "HEAD / HTTP/1.1" 200 -
172.22.2.4 - - [11/Nov/2023:05:21:30 -0500] "GET /BLA/boletinlegal/ HTTP/1.1" 200 52827
45.33.25.161 - - [11/Nov/2023:05:24:05 -0500] "GET / HTTP/1.0" 200 319
172.22.2.4 - - [11/Nov/2023:05:24:16 -0500] "GET /BLA/boletinlegal/owa/auth/errorFE.aspx?httpCode=500 HTTP/1.1" 404 1018
172.22.2.4 - - [11/Nov/2023:05:24:16 -0500] "GET /BLA/boletinlegal/ecp/Current/exporttool/microsoft.exchange.ediscovery.exporttool.application HTTP/1.1" 404 1018
172.22.2.4 - - [11/Nov/2023:05:24:16 -0500] "POST /BLA/boletinlegal/wsman HTTP/1.1" 404 1018
172.22.2.4 - - [11/Nov/2023:05:24:16 -0500] "GET /BLA/boletinlegal/owa/auth/logon.aspx HTTP/1.1" 404 1018
172.22.2.4 - - [11/Nov/2023:05:24:16 -0500] "GET /BLA/boletinlegal/api/v1 HTTP/1.1" 404 1018
172.22.2.4 - - [11/Nov/2023:05:24:16 -0500] "GET /BLA/boletinlegal/dana-na/nc/nc_gina_ver.txt HTTP/1.1" 404 1018
172.22.2.4 - - [11/Nov/2023:05:24:16 -0500] "GET /BLA/boletinlegal/dana-cached/hc/HostCheckerInstaller.osx HTTP/1.1" 404 1018
172.22.2.4 - - [11/Nov/2023:05:24:18 -0500] "GET /BLA/boletinlegal/RDWeb HTTP/1.1" 404 1018
172.22.2.4 - - [11/Nov/2023:05:24:18 -0500] "GET /BLA/boletinlegal/Remote HTTP/1.1" 404 1018
143.110.136.171 - - [11/Nov/2023:05:24:22 -0500] "GET / HTTP/1.0" 200 319
143.110.136.171 - - [11/Nov/2023:05:24:24 -0500] "Gh0st\xad" 400 226
172.22.2.4 - - [11/Nov/2023:05:24:24 -0500] "GET /BLA/boletinlegal/auth1.html HTTP/1.1" 404 1018
172.22.2.4 - - [11/Nov/2023:05:24:24 -0500] "GET /BLA/boletinlegal/api/sonicos/auth HTTP/1.1" 404 1018
172.22.2.4 - - [11/Nov/2023:05:24:24 -0500] "GET /BLA/boletinlegal/auth.html HTTP/1.1" 404 1018
172.22.2.4 - - [11/Nov/2023:05:24:24 -0500] "GET /BLA/boletinlegal/sslvpnLogin.html HTTP/1.1" 404 1018
172.22.2.4 - - [11/Nov/2023:05:24:24 -0500] "GET /BLA/boletinlegal/api/sonicos/tfa HTTP/1.1" 404 1018
143.110.136.171 - - [11/Nov/2023:05:24:27 -0500] "HELP" 501 953
143.110.136.171 - - [11/Nov/2023:05:24:27 -0500] "\x1b\x84\xd5\xb0]\xf4\xc4\x93\xc50\xc2X\x8c\xda\xb1\xd7\xac\xafn\x1d\xe1\x1e\x1a3*\x85\xb7\x1d'\xb1\xc9k\xbf\xf0\xbc" 501 953
143.110.136.171 - - [11/Nov/2023:05:24:29 -0500] "\x16\x03\x01" 400 226
143.110.136.171 - - [11/Nov/2023:05:24:31 -0500] "\xbd\xff\x9e\xffE\xff\x9e\xff\xbd\xff\x9e\xff\xa4\xff\x86\xff\xc4\xff\xbe\xff\xc7\xff\xdb\xff\xee\xffx\\d9\xff\xed\xff\xa4\xff\x9d\xff\xcf\xff\xd8\xff\xe5\xff\x04\xff\x12\xff0\xff\xb1\xff\xbd\xff\xe7\xff\xe2\xff\xdd\xff\xdc\xff\xde\xff\xc8\xff\xcc\xff\xbe\xff\xf8\xff&\xff\x01\xff\x0f\xff\xf5\xff\x06\xff\xff\xff\xf7\xff!\xff\xde\xff\x02\xff&\xff\x0c\xff\x01\xff\xf5\xff" 400 946
66.249.66.194 - - [11/Nov/2023:05:25:08 -0500] "GET /inscribete-y-participa-en-la-convencion-internacional-de-emergencia-climatica-bogota-2023.html HTTP/1.1" 200 895
172.22.2.4 - - [11/Nov/2023:05:24:16 -0500] "GET /BLA/boletinlegal/ HTTP/1.1" 200 32715
172.22.2.4 - - [11/Nov/2023:05:24:18 -0500] "GET /BLA/boletinlegal/ HTTP/1.1" 200 32715
172.22.2.4 - - [11/Nov/2023:05:24:24 -0500] "GET /BLA/boletinlegal/ HTTP/1.1" 200 32715
201.245.192.253 - - [11/Nov/2023:05:25:39 -0500] "POST /kwsrmcab/Wsrmcab  HTTP/1.1" 200 38506
172.22.2.4 - - [11/Nov/2023:05:24:44 -0500] "HEAD /BLA/boletinlegal/ HTTP/1.1" 200 -
201.245.192.253 - - [11/Nov/2023:05:26:42 -0500] "POST /kwsrmcab/Wsrmcab HTTP/1.1" 200 39694
66.249.66.21 - - [11/Nov/2023:05:26:46 -0500] "GET /BLA/resoluciones/RESOLUCIONES%202019/3093.pdf HTTP/1.1" 200 292489
201.245.192.253 - - [11/Nov/2023:05:26:45 -0500] "POST /kwsrmcab/Wsrmcab HTTP/1.1" 200 39283
216.245.221.92 - - [11/Nov/2023:05:27:55 -0500] "HEAD / HTTP/1.1" 200 -
172.22.2.4 - - [11/Nov/2023:05:26:29 -0500] "HEAD /BLA/boletinlegal/ HTTP/1.1" 200 -
172.22.2.4 - - [11/Nov/2023:05:27:20 -0500] "GET /BLA/boletinlegal/ HTTP/1.1" 200 61018
172.22.2.4 - - [11/Nov/2023:05:29:28 -0500] "GET /BLA/boletinlegal/vpn/index.html HTTP/1.1" 404 1018
66.249.66.20 - - [11/Nov/2023:05:29:29 -0500] "GET /resoluciones/RESOLUCIONES%202008/2836.pdf HTTP/1.1" 404 1018
201.245.192.253 - - [11/Nov/2023:05:30:02 -0500] "POST /kwsrmcab/Wsrmcab HTTP/1.1" 200 39694
201.245.192.253 - - [11/Nov/2023:05:30:05 -0500] "POST /kwsrmcab/Wsrmcab HTTP/1.1" 200 39283
201.245.192.253 - - [11/Nov/2023:05:30:37 -0500] "POST /kwsrmcab/Wsrmcab  HTTP/1.1" 200 38506
172.22.2.4 - - [11/Nov/2023:05:30:30 -0500] "GET /BLA/boletinlegal/ HTTP/1.1" 200 32715
216.245.221.92 - - [11/Nov/2023:05:32:55 -0500] "HEAD / HTTP/1.1" 200 -
172.22.2.4 - - [11/Nov/2023:05:33:40 -0500] "GET /BLA/boletinlegal/vpn/index.html HTTP/1.1" 404 1018
172.22.2.4 - - [11/Nov/2023:05:32:19 -0500] "HEAD /BLA/boletinlegal/ HTTP/1.1" 200 -
172.22.2.4 - - [11/Nov/2023:05:33:11 -0500] "GET /BLA/boletinlegal/ HTTP/1.1" 200 58644
201.245.192.253 - - [11/Nov/2023:05:35:37 -0500] "POST /kwsrmcab/Wsrmcab  HTTP/1.1" 200 38506
201.245.192.253 - - [11/Nov/2023:05:36:43 -0500] "POST /kwsrmcab/Wsrmcab HTTP/1.1" 200 39694
201.245.192.253 - - [11/Nov/2023:05:36:45 -0500] "POST /kwsrmcab/Wsrmcab HTTP/1.1" 200 39283
172.22.2.4 - - [11/Nov/2023:05:36:56 -0500] "GET /BLA/boletinlegal/web/index.html HTTP/1.1" 404 1018
216.245.221.92 - - [11/Nov/2023:05:37:55 -0500] "HEAD / HTTP/1.1" 200 -
66.249.66.21 - - [11/Nov/2023:05:39:02 -0500] "GET /BLA/resoluciones/RESOLUCIONES%202009/3865.pdf HTTP/1.1" 200 1141662
172.22.2.4 - - [11/Nov/2023:05:38:10 -0500] "HEAD /BLA/boletinlegal/ HTTP/1.1" 200 -
201.245.192.253 - - [11/Nov/2023:05:40:01 -0500] "POST /kwsrmcab/Wsrmcab HTTP/1.1" 200 39694
201.245.192.253 - - [11/Nov/2023:05:40:04 -0500] "POST /kwsrmcab/Wsrmcab HTTP/1.1" 200 39283
201.245.192.253 - - [11/Nov/2023:05:40:36 -0500] "POST /kwsrmcab/Wsrmcab  HTTP/1.1" 200 38506
172.22.2.4 - - [11/Nov/2023:05:39:01 -0500] "GET /BLA/boletinlegal/ HTTP/1.1" 200 60634
66.249.66.21 - - [11/Nov/2023:05:41:03 -0500] "GET /BLA/resoluciones/RESOLUCIONES%202008/4223.pdf HTTP/1.1" 200 343032
172.22.2.4 - - [11/Nov/2023:05:41:03 -0500] "GET /BLA/boletinlegal/web/index.html HTTP/1.1" 404 1018
172.22.2.4 - - [11/Nov/2023:05:41:46 -0500] "GET /BLA/boletinlegal/ HTTP/1.1" 200 20427
216.245.221.92 - - [11/Nov/2023:05:42:55 -0500] "HEAD / HTTP/1.1" 200 -
173.252.107.10 - - [11/Nov/2023:05:43:05 -0500] "GET /images/24%20de%20febrero%20Sendero%20guadalupe%202.jpeg HTTP/1.1" 200 70964
66.249.66.19 - - [11/Nov/2023:05:43:25 -0500] "GET /BLA/resoluciones/RESOLUCIONES%202009/7138.pdf HTTP/1.1" 200 1052417
3.224.220.101 - - [11/Nov/2023:05:43:40 -0500] "GET /portaldeninos/ HTTP/1.1" 200 110175
52.167.144.212 - - [11/Nov/2023:05:44:13 -0500] "GET /portaldeninos/wp-content/uploads/2021/11/aves-fauna-16-junio-50x28.jpg HTTP/1.1" 200 1504
172.22.2.4 - - [11/Nov/2023:05:44:15 -0500] "GET /BLA/boletinlegal/webui HTTP/1.1" 404 1018
40.77.167.70 - - [11/Nov/2023:05:45:15 -0500] "GET /images/INTRANET.jpg HTTP/1.1" 200 37297
40.77.167.70 - - [11/Nov/2023:05:45:16 -0500] "GET /catalogoisis/ HTTP/1.1" 404 211
201.245.192.253 - - [11/Nov/2023:05:45:35 -0500] "POST /kwsrmcab/Wsrmcab  HTTP/1.1" 200 38506
172.22.2.4 - - [11/Nov/2023:05:44:00 -0500] "HEAD /BLA/boletinlegal/ HTTP/1.1" 200 -
172.22.2.4 - - [11/Nov/2023:05:44:51 -0500] "GET /BLA/boletinlegal/ HTTP/1.1" 200 58644
216.245.221.92 - - [11/Nov/2023:05:47:55 -0500] "HEAD / HTTP/1.1" 200 -
172.22.2.4 - - [11/Nov/2023:05:48:34 -0500] "GET /BLA/boletinlegal/webui HTTP/1.1" 404 1018
201.245.192.253 - - [11/Nov/2023:05:50:33 -0500] "POST /kwsrmcab/Wsrmcab  HTTP/1.1" 200 38506
172.22.2.4 - - [11/Nov/2023:05:49:50 -0500] "HEAD /BLA/boletinlegal/ HTTP/1.1" 200 -
172.22.2.4 - - [11/Nov/2023:05:51:44 -0500] "GET /BLA/boletinlegal/NPClient.html HTTP/1.1" 404 1018
172.22.2.4 - - [11/Nov/2023:05:50:41 -0500] "GET /BLA/boletinlegal/ HTTP/1.1" 200 59007
40.77.167.52 - - [11/Nov/2023:05:52:36 -0500] "GET /bla/resoluciones/resoluciones%202012/1595.pdf HTTP/1.1" 200 786157
216.245.221.92 - - [11/Nov/2023:05:52:55 -0500] "HEAD / HTTP/1.1" 200 -
201.245.192.253 - - [11/Nov/2023:05:55:32 -0500] "POST /kwsrmcab/Wsrmcab  HTTP/1.1" 200 38506
172.22.2.4 - - [11/Nov/2023:05:55:59 -0500] "GET /BLA/boletinlegal/NPClient.html HTTP/1.1" 404 1018
172.22.2.4 - - [11/Nov/2023:05:55:40 -0500] "HEAD /BLA/boletinlegal/ HTTP/1.1" 200 -
216.245.221.92 - - [11/Nov/2023:05:57:55 -0500] "HEAD / HTTP/1.1" 200 -
172.22.2.4 - - [11/Nov/2023:05:56:31 -0500] "GET /BLA/boletinlegal/ HTTP/1.1" 200 60634
181.53.12.232 - - [11/Nov/2023:05:59:02 -0500] "GET /guadalupe-aguanoso-un-nuevo-tramo-de-camino-para-disfrutar-en-los-cerros-orientales.html HTTP/1.1" 200 795
172.22.2.4 - - [11/Nov/2023:05:59:15 -0500] "GET /BLA/boletinlegal/tmui/login.jsp HTTP/1.1" 404 1018
172.22.2.4 - - [11/Nov/2023:06:00:02 -0500] "HEAD /BLA/boletinlegal/Directivas/2013/Directiva%20No.%203%20del%2016%20de%20julio%20de%202013.pdf HTTP/1.1" 200 -
172.22.2.4 - - [11/Nov/2023:06:00:02 -0500] "GET /BLA/boletinlegal/Directivas/2013/Directiva%20No.%203%20del%2016%20de%20julio%20de%202013.pdf HTTP/1.1" 200 127414
172.22.2.4 - - [11/Nov/2023:06:00:12 -0500] "GET /BLA/boletinlegal/robots.txt HTTP/1.1" 404 1038
172.22.2.4 - - [11/Nov/2023:06:00:13 -0500] "GET /BLA/boletinlegal/Directivas/2018/Directiva%20No.%2025%20del%2027%20de%20diciembre%20de%202018.pdf HTTP/1.1" 200 1351319
201.245.192.253 - - [11/Nov/2023:06:00:30 -0500] "POST /kwsrmcab/Wsrmcab  HTTP/1.1" 200 38506
172.22.2.4 - - [11/Nov/2023:06:00:54 -0500] "GET /BLA/boletinlegal/actos.php HTTP/1.1" 200 9682
172.22.2.4 - - [11/Nov/2023:06:00:54 -0500] "GET /BLA/boletinlegal/js/ajax_actos.js HTTP/1.1" 200 1322
172.22.2.4 - - [11/Nov/2023:06:00:54 -0500] "GET /BLA/boletinlegal/niceforms.js HTTP/1.1" 200 22876
172.22.2.4 - - [11/Nov/2023:06:00:54 -0500] "GET /BLA/boletinlegal/niceforms-default.css HTTP/1.1" 200 6694
172.22.2.4 - - [11/Nov/2023:06:00:54 -0500] "GET /BLA/boletinlegal/js/lib.js HTTP/1.1" 200 6474
172.22.2.4 - - [11/Nov/2023:06:00:54 -0500] "GET /BLA/boletinlegal/js/popup.js HTTP/1.1" 200 1270
172.22.2.4 - - [11/Nov/2023:06:00:54 -0500] "GET /BLA/boletinlegal/js/jquery1.js HTTP/1.1" 200 29846
172.22.2.4 - - [11/Nov/2023:06:00:54 -0500] "GET /BLA/boletinlegal/images/green-yellow-blue-pink-th.png HTTP/1.1" 200 7394
172.22.2.4 - - [11/Nov/2023:06:00:54 -0500] "GET /BLA/boletinlegal/images/tel.png HTTP/1.1" 200 14477
172.22.2.4 - - [11/Nov/2023:06:00:54 -0500] "GET /BLA/boletinlegal/images/icono-email.png HTTP/1.1" 200 5544
172.22.2.4 - - [11/Nov/2023:06:00:54 -0500] "GET /BLA/boletinlegal/images/footer_bg_l.jpg HTTP/1.1" 200 776
172.22.2.4 - - [11/Nov/2023:06:00:55 -0500] "GET /BLA/boletinlegal/img/0.png HTTP/1.1" 200 110
172.22.2.4 - - [11/Nov/2023:06:00:55 -0500] "GET /BLA/boletinlegal/img/select-left.png HTTP/1.1" 200 263
172.22.2.4 - - [11/Nov/2023:06:00:55 -0500] "GET /BLA/boletinlegal/img/select-right.png HTTP/1.1" 200 44019
172.22.2.4 - - [11/Nov/2023:06:00:55 -0500] "GET /BLA/boletinlegal/img/button-left.png HTTP/1.1" 200 57071
172.22.2.4 - - [11/Nov/2023:06:00:55 -0500] "GET /BLA/boletinlegal/img/button.png HTTP/1.1" 200 43241
172.22.2.4 - - [11/Nov/2023:06:00:55 -0500] "GET /BLA/boletinlegal/img/button-right.png HTTP/1.1" 200 57878
172.22.2.4 - - [11/Nov/2023:06:00:55 -0500] "GET /BLA/boletinlegal/favicon.ico HTTP/1.1" 404 1326
52.167.144.179 - - [11/Nov/2023:06:01:20 -0500] "GET /bla/resoluciones/notificaciones/registros%202020/00839.pdf HTTP/1.1" 200 269077
172.22.2.4 - - [11/Nov/2023:06:01:34 -0500] "GET /BLA/boletinlegal/jurisprudencia/analisis/AnalisisC-746-12.docx HTTP/1.1" 200 22637
172.22.2.4 - - [11/Nov/2023:06:02:08 -0500] "GET /BLA/boletinlegal/consulta_actos.php?tipo=resoluciones&no=&usuario=&sector=SILVICULTURA&fecha=2023&resuelve=aprobacion%20tratamietntos%20silvicu HTTP/1.1" 200 626
172.22.2.4 - - [11/Nov/2023:06:02:11 -0500] "GET /BLA/boletinlegal/consulta_actos.php?tipo=resoluciones&no=&usuario=&sector=SILVICULTURA&fecha=2023&resuelve=aprobacion%20tratamietntos%20silvicu HTTP/1.1" 200 626
172.22.2.4 - - [11/Nov/2023:06:02:39 -0500] "GET /BLA/boletinlegal/consulta_actos.php?tipo=resoluciones&no=&usuario=&sector=SILVICULTURA&fecha=2023&resuelve=tratamientos%20silviculturales HTTP/1.1" 200 70261
172.22.2.4 - - [11/Nov/2023:06:02:39 -0500] "GET /BLA/boletinlegal/images/background.gif HTTP/1.1" 200 -
216.245.221.92 - - [11/Nov/2023:06:02:55 -0500] "HEAD / HTTP/1.1" 200 -
172.22.2.4 - - [11/Nov/2023:06:03:08 -0500] "GET /BLA/boletinlegal/tmui/login.jsp HTTP/1.1" 404 1018
172.22.2.4 - - [11/Nov/2023:06:01:30 -0500] "HEAD /BLA/boletinlegal/ HTTP/1.1" 200 -
191.156.49.12 - - [11/Nov/2023:06:03:21 -0500] "GET /BLA/resoluciones/RESOLUCIONES%202023/1913.pdf HTTP/1.1" 200 474253
191.156.49.12 - - [11/Nov/2023:06:03:21 -0500] "GET /favicon.ico HTTP/1.1" 200 7782
172.22.2.4 - - [11/Nov/2023:06:03:49 -0500] "GET /BLA/boletinlegal/Directivas/2014/Directiva%20No.%205%20del%2026%20de%20Diciembre%20de%202014.pdf HTTP/1.1" 304 -
172.22.2.4 - - [11/Nov/2023:06:02:21 -0500] "GET /BLA/boletinlegal/ HTTP/1.1" 200 59360
191.156.60.84 - - [11/Nov/2023:06:04:37 -0500] "GET /BLA/resoluciones/RESOLUCIONES%202023/1830.pdf HTTP/1.1" 200 542532
201.245.192.253 - - [11/Nov/2023:06:05:29 -0500] "POST /kwsrmcab/Wsrmcab  HTTP/1.1" 200 38506
66.249.66.21 - - [11/Nov/2023:06:05:39 -0500] "GET /BLA/resoluciones/RESOLUCIONES%202011/5694.pdf HTTP/1.1" 200 537555
186.154.33.207 - - [11/Nov/2023:06:05:40 -0500] "GET /BLA/resoluciones/ HTTP/1.1" 200 13696
186.154.33.207 - - [11/Nov/2023:06:05:41 -0500] "GET /BLA/resoluciones/dlf/styles.css HTTP/1.1" 200 3049
186.154.33.207 - - [11/Nov/2023:06:05:41 -0500] "GET /BLA/resoluciones/dlf/folder.png HTTP/1.1" 200 410
186.154.33.207 - - [11/Nov/2023:06:05:41 -0500] "GET /BLA/resoluciones/dlf/bg.gif HTTP/1.1" 200 54
186.154.33.207 - - [11/Nov/2023:06:05:51 -0500] "GET /BLA/resoluciones/dlf/dirup.png HTTP/1.1" 200 644
186.154.33.207 - - [11/Nov/2023:06:05:51 -0500] "GET /BLA/resoluciones/dlf/pdf.gif HTTP/1.1" 200 272
186.154.33.207 - - [11/Nov/2023:06:05:50 -0500] "GET /BLA/resoluciones/index.php?dir=AUTOS+2014%2F HTTP/1.1" 200 890851
186.154.33.207 - - [11/Nov/2023:06:05:51 -0500] "GET /BLA/resoluciones/dlf/unknown.png HTTP/1.1" 200 266
186.154.33.207 - - [11/Nov/2023:06:06:25 -0500] "GET /BLA/resoluciones/AUTOS%202014/3523.pdf HTTP/1.1" 200 526194
186.154.33.207 - - [11/Nov/2023:06:06:25 -0500] "GET /BLA/resoluciones/AUTOS%202014/3523.pdf HTTP/1.1" 206 1025
186.154.33.207 - - [11/Nov/2023:06:06:25 -0500] "GET /BLA/resoluciones/AUTOS%202014/3523.pdf HTTP/1.1" 200 526194
216.245.221.92 - - [11/Nov/2023:06:07:55 -0500] "HEAD / HTTP/1.1" 200 -
66.249.66.193 - - [11/Nov/2023:06:08:09 -0500] "GET /este-jueves-muevete-sostenible-y-dale-un-respiro-a-la-ciudad-en-el-dia-sin-carro-y-sin-moto.html HTTP/1.1" 304 -
172.22.2.4 - - [11/Nov/2023:06:06:50 -0500] "GET /BLA/boletinlegal/ HTTP/1.1" 200 55803
191.156.61.106 - - [11/Nov/2023:06:08:31 -0500] "GET /BLA/resoluciones/RESOLUCIONES%202023/1821.pdf HTTP/1.1" 200 643617
191.156.60.84 - - [11/Nov/2023:06:08:59 -0500] "GET /BLA/resoluciones/RESOLUCIONES%202023/1779.pdf HTTP/1.1" 200 464647
172.22.2.4 - - [11/Nov/2023:06:07:20 -0500] "HEAD /BLA/boletinlegal/ HTTP/1.1" 200 -
172.22.2.4 - - [11/Nov/2023:06:08:11 -0500] "GET /BLA/boletinlegal/ HTTP/1.1" 200 57881
201.245.192.253 - - [11/Nov/2023:06:10:28 -0500] "POST /kwsrmcab/Wsrmcab  HTTP/1.1" 200 38506
191.156.48.148 - - [11/Nov/2023:06:10:34 -0500] "GET /BLA/resoluciones/RESOLUCIONES%202023/1679.pdf HTTP/1.1" 200 489911
66.249.66.20 - - [11/Nov/2023:06:10:54 -0500] "GET /BLA/resoluciones/RESOLUCIONES%202010/6152.pdf HTTP/1.1" 200 655796
191.156.49.12 - - [11/Nov/2023:06:11:11 -0500] "GET /BLA/resoluciones/RESOLUCIONES%202023/1480.pdf HTTP/1.1" 200 447719
191.156.60.84 - - [11/Nov/2023:06:11:40 -0500] "GET /BLA/resoluciones/RESOLUCIONES%202023/1420.pdf HTTP/1.1" 200 496646
191.156.63.212 - - [11/Nov/2023:06:12:11 -0500] "GET /BLA/resoluciones/RESOLUCIONES%202023/1402.pdf HTTP/1.1" 200 494524
18.232.158.57 - - [11/Nov/2023:06:12:44 -0500] "GET /BLA/resoluciones/ HTTP/1.1" 200 13696
34.207.241.106 - - [11/Nov/2023:06:12:45 -0500] "GET /robots.txt HTTP/1.1" 404 1018
191.156.48.148 - - [11/Nov/2023:06:12:49 -0500] "GET /BLA/resoluciones/RESOLUCIONES%202023/1387.pdf HTTP/1.1" 200 481137
216.245.221.92 - - [11/Nov/2023:06:12:55 -0500] "HEAD / HTTP/1.1" 200 -
191.156.49.12 - - [11/Nov/2023:06:13:22 -0500] "GET /BLA/resoluciones/RESOLUCIONES%202023/1360.pdf HTTP/1.1" 200 502730
172.22.2.4 - - [11/Nov/2023:06:11:44 -0500] "GET /BLA/boletinlegal/ HTTP/1.1" 200 61380
191.156.55.248 - - [11/Nov/2023:06:13:47 -0500] "GET /BLA/resoluciones/RESOLUCIONES%202023/1326.pdf HTTP/1.1" 200 525974
66.249.66.21 - - [11/Nov/2023:06:14:18 -0500] "GET /BLA/resoluciones/RESOLUCIONES%202010/7096.pdf HTTP/1.1" 200 267721
162.55.171.138 - - [11/Nov/2023:06:14:38 -0500] "GET / HTTP/1.1" 200 319
191.156.55.248 - - [11/Nov/2023:06:14:39 -0500] "GET /BLA/resoluciones/RESOLUCIONES%202023/1225.pdf HTTP/1.1" 200 544225
162.55.171.138 - - [11/Nov/2023:06:14:40 -0500] "GET / HTTP/1.1" 200 4720
172.22.2.4 - - [11/Nov/2023:06:13:10 -0500] "HEAD /BLA/boletinlegal/ HTTP/1.1" 200 -
69.63.189.6 - - [11/Nov/2023:06:15:17 -0500] "GET /participa-conoce-y-comparte-experiencias-exitosas-frente-al-cambio-climatico-en-bogota.html HTTP/1.1" 200 1118
186.102.22.92 - - [11/Nov/2023:06:15:26 -0500] "GET /kwssiamovil/sm/ldap/au?x=U2FsdGVkX18OHe/+yl9dKom3LFJStb8WdUB2x5uxUwL6mPyv/HCyDwiJhXu4QkFE&y=U2FsdGVkX1+kp+QwmcYNymeT1wWWPT6DWq0lYV/GYGfeQLnzR7HUP3qodCJRUY7G HTTP/1.1" 200 30
186.102.22.92 - - [11/Nov/2023:06:15:26 -0500] "GET /kwssiamovil/sm/acme/s?s=U2FsdGVkX1/+MLlXxTRTovB2g1Z9xw3OMSupvhRUds97YiSzlaQP528fh00WNEAiqIwpWpH88pvX8sGXAgfCZDGvjvTHJUrAbOG6PjLFcgE=&u=U2FsdGVkX18HvlsY3naDzXFpsICr26RliEHjbkiIs/4=&y=U2FsdGVkX1+kp+QwmcYNymeT1wWWPT6DWq0lYV/GYGfeQLnzR7HUP3qodCJRUY7G HTTP/1.1" 200 97
186.102.22.92 - - [11/Nov/2023:06:15:26 -0500] "GET /kwssiamovil/sm/acme/s?s=U2FsdGVkX1+62Md6OmDKls5jwqGyvbbK40GVZ2wWNT+Cgj2ILuFunhHeEfWp4lVkDtekZl1/XzDkXqQ4vVxsq80ILwMLxh/A+VyFNEDEKj/oc5QVoxpB06iGCWnBaRDbFyRUzLjad7KmYlwtLC/AxUz3/MwfmKnOVIuQQCiKf/fHRtecsBOgAs+yMsuENCugSJcyFYeNJ/ChBRjldM1utkaIVQb53+9gtJsVCyJW1xCb8rCIUgdE+sc5ItmsLo2TPql5hOSm9pf3VtYym4s08admQwVfvDl7uvOoqwuJEsldaPtr+EP7pb0semJLkwuUcFieIvd3dpxhB4yv+sEJOq89sjw4OZFSIQvybXP6MVs2YJnvXgD/wX002xewOm7o5sw5RUszs4clVi+mt8JT4pHZL45GWPjMjJ/7irchLEpmTDI/5JrNFwaBpNcQxF73clKkbFE8NMk8hQmC8irgRn8JvycZ1ApMHMJ/ZuXjKe98Y06UVHzz6yWHNR8NxAaHGoJKoysD2t8nRAVdxUmR/+VeGn3hOE3f7x3HuyLJnCVU97EKBiQwXCEtaM6+ZZ7cupqU1ldx35FyXtnR0eBvu6M/64eU8hXG/b1zAueBvcF061C0TCnA41x/LUJ20KXo9ycmsCw/kI1PjTYzsZZAizp4CLG+0vMstL+Nl7AvIHFg5aC22yLrpQNJSNTNdqsdJgRQuOUrTzctERP6/mkZrvZGeZAX+aO2jIK/urTEFXibD7Mcc/8Y4p6M1ndRsmPSGF6lY3IYkXVQRZcO6S7Hpfn+9JSndap4lzlQPJ2kLXBlUgJHgTSxFEi99DMT50+s1BTrhLS6ZllwVhZPWsI+MJqRjsWlgfoXc5xrgqVAzNBrKwabsdoifGVzUH7kFh627dMeNqKv8X/baiVpToSnxFUhMTe6bfthIH0Kh8M+By7av6MZigklKR2bh1Od4T0USqBBTJq5SffcZJJy1wUOIA0ixyzygrig/XOmv5N5RuXcirLPzxyG3Zo0kbqHmBRpIBK3oj9wT9Btv9qQNXyT+ACsCpY9ft7KjOj2tKjGw94r2Io9qFVH03YEjxvYAv7uVnVIZlIWA3tO8DhtFhaBxxkQ2BEBs8R9Nvx0MUR8NSuH7B1Lmujp7+VHY/gRJ8MeyKytSQ27TYJcIXuPLytRnb/keHBfL1KJY2XfdZQd1v0d4qIlYwetTeAKzROCg5UPHYTHmYPEqoteVg9vFgT3gj5su3k+F3SS2fwKiOHFRa2ZDiIsNc+/CWcuP6F9RaOddB02VKt3Dy7fM3a4TwQ0RJ7jSz8aD+6ZV+b1JStd8yq3acu6DqjwJ2C7T6cPcMj9Ddv9lt2tqPI/SnJjEzUNaf4r4UhDASbkUN0zfovKUZG4Ta7sJt/sxp98L237RP+pvyUb2rEZPXAosc1iA/MgM/th6sVy0DIqcGs+nf+gnMoBExQFWUe3ft5Nalt+h551GQEb+ZvAantBFVHXvfyVtYPrek4Wj/wY8Mp0s0D7UWGe3PfC7ecb3vSIrj3EUidN14vGCaXdgHen0OC6byi2WflRr0ju/UVws0nSjvDQFRVMVw3NcX7SyLyP4idRYQp4iUOTEPrMipi/GVU70LkNdz/eyMf6z360p51kRvG76gxIYIPUeAXg559ALReF5cKfPi0F5VowzFP4P0lbaMGa34aB4/ogREPsPsLUOypWfNRGveJa1SjlKrwQ1oVJ9m7eDKPUGgnHAzDBkknZFEvXdLIksX12TOabrfNU+2OtqZQ=&u=U2FsdGVkX18HvlsY3naDzXFpsICr26RliEHjbkiIs/4=&y=U2FsdGVkX1+kp+QwmcYNymeT1wWWPT6DWq0lYV/GYGfeQLnzR7HUP3qodCJRUY7G HTTP/1.1" 200 3196
186.102.22.92 - - [11/Nov/2023:06:15:26 -0500] "GET /kwssiamovil/sm/acme/s?s=U2FsdGVkX1+RkPj1Kb6015SwbKBtDT6ZPEn2mmYVaaD70gq8YxLKPBuAaPdXYey0iqJKklGroYzTRvITbmHw24yf4owlUBXyTeQAJkWkOsysrCA8GzqiuSiWq6jFJxlov6OCfz3i+vHB5GycMCvrrkN9pQiOfRl1Xmq+AUmEdf0Ww2t9hXsY3iWZd24U9nFHwZh43WjCNPxCJ5Ekx/p6XFezDx/3LtqvwrBscww9uAW8Tnh6iKERgTdKUewK6vXJOrF84rWOcqJwKDgTjtbpBFvI9auuI/7QWH++8ThC4FFWx32YweTe43769MVZl2mUtJuYh9NKamPDjfaiQylVZ3dOXnRdptVdpPIIjpeiQPZWkijjE2eVv4bv32QNC6GS2l6AhuVG8+/LiAjplVJQmlpniuQfHyUFBW7DgZljiSxgxF6K+PS6btuwsikrJHbZGoUY20oD1oywj3qcAPjICGmhSF8iModjV+X6PJaC6ro4eTX/mx8a3dh3d3VhRRGEIkjyMtaavbdWq6H6uLd654UQ5ST+4KUAzNG24iPJSJg3/fVEydd4Dyt7FjM8fEnWQ2uVYj+x5LIRv06PQrc1BL32coHifz1U36tK62HrohaBnC0Ms6SE9H/MszL86c1QPGFS1aBY+4kKvGR2djln4R++d3O0I4EeHqsptTkSy/2MBG4HRxoSKhjVIE2hJGx3CRp0UfIarvxJE16cMEPmFlTGqg+RwgldasXQm3DqVbYW9bHvaZgO9/amkPbFyEVu&u=U2FsdGVkX18HvlsY3naDzXFpsICr26RliEHjbkiIs/4=&y=U2FsdGVkX1+kp+QwmcYNymeT1wWWPT6DWq0lYV/GYGfeQLnzR7HUP3qodCJRUY7G HTTP/1.1" 200 208
186.102.22.92 - - [11/Nov/2023:06:15:26 -0500] "GET /kwssiamovil/sm/cjson/pre?f=1&x=U2FsdGVkX18OHe/+yl9dKom3LFJStb8WdUB2x5uxUwL6mPyv/HCyDwiJhXu4QkFE HTTP/1.1" 200 31032
201.245.192.253 - - [11/Nov/2023:06:15:26 -0500] "POST /kwsrmcab/Wsrmcab  HTTP/1.1" 200 38506
172.22.2.4 - - [11/Nov/2023:06:14:01 -0500] "GET /BLA/boletinlegal/ HTTP/1.1" 200 60634
201.245.192.253 - - [11/Nov/2023:06:16:42 -0500] "POST /kwsrmcab/Wsrmcab HTTP/1.1" 200 39567
201.245.192.253 - - [11/Nov/2023:06:16:45 -0500] "POST /kwsrmcab/Wsrmcab HTTP/1.1" 200 39319
216.245.221.92 - - [11/Nov/2023:06:17:55 -0500] "HEAD / HTTP/1.1" 200 -
172.22.2.4 - - [11/Nov/2023:06:17:33 -0500] "GET /BLA/boletinlegal/ HTTP/1.1" 200 36811
172.22.2.4 - - [11/Nov/2023:06:19:38 -0500] "GET /BLA/boletinlegal/actos.php HTTP/1.1" 200 9682
201.245.192.253 - - [11/Nov/2023:06:20:01 -0500] "POST /kwsrmcab/Wsrmcab HTTP/1.1" 200 39567
201.245.192.253 - - [11/Nov/2023:06:20:05 -0500] "POST /kwsrmcab/Wsrmcab HTTP/1.1" 200 39319
201.245.192.253 - - [11/Nov/2023:06:20:25 -0500] "POST /kwsrmcab/Wsrmcab  HTTP/1.1" 200 38506
172.22.2.4 - - [11/Nov/2023:06:19:00 -0500] "HEAD /BLA/boletinlegal/ HTTP/1.1" 200 -
172.22.2.4 - - [11/Nov/2023:06:19:25 -0500] "GET /BLA/boletinlegal/ HTTP/1.1" 200 52214
172.22.2.4 - - [11/Nov/2023:06:21:25 -0500] "GET /BLA/boletinlegal/consulta_actos.php?tipo=resoluciones&no=4186&usuario=&sector=SILVICULTURA&fecha=2021&resuelve=tratamiento%20silvicultural HTTP/1.1" 200 626
172.22.2.4 - - [11/Nov/2023:06:21:28 -0500] "GET /BLA/boletinlegal/consulta_actos.php?tipo=resoluciones&no=4186&usuario=&sector=SILVICULTURA&fecha=2021&resuelve=tratamiento%20silvicultural HTTP/1.1" 200 626
172.22.2.4 - - [11/Nov/2023:06:19:51 -0500] "GET /BLA/boletinlegal/ HTTP/1.1" 200 55399
172.22.2.4 - - [11/Nov/2023:06:21:34 -0500] "GET /BLA/boletinlegal/consulta_actos.php?tipo=resoluciones&no=4186&usuario=&sector=SILVICULTURA&fecha=2021&resuelve=tratamiento%20silvicultural HTTP/1.1" 200 626
172.22.2.4 - - [11/Nov/2023:06:21:38 -0500] "GET /BLA/boletinlegal/consulta_actos.php?tipo=resoluciones&no=4186&usuario=&sector=SILVICULTURA&fecha=2021&resuelve=tratamiento%20silvicultural HTTP/1.1" 200 626
172.22.2.4 - - [11/Nov/2023:06:21:55 -0500] "GET /BLA/boletinlegal/consulta_actos.php?tipo=resoluciones&no=4186&usuario=&sector=SILVICULTURA&fecha=2021&resuelve=tratamiento%20silvicultural HTTP/1.1" 200 626
172.22.2.4 - - [11/Nov/2023:06:21:56 -0500] "GET /BLA/boletinlegal/consulta_actos.php?tipo=resoluciones&no=4186&usuario=&sector=SILVICULTURA&fecha=2021&resuelve=tratamiento%20silvicultural HTTP/1.1" 200 626
172.22.2.4 - - [11/Nov/2023:06:21:56 -0500] "GET /BLA/boletinlegal/consulta_actos.php?tipo=resoluciones&no=4186&usuario=&sector=SILVICULTURA&fecha=2021&resuelve=tratamiento%20silvicultural HTTP/1.1" 200 626
172.22.2.4 - - [11/Nov/2023:06:22:23 -0500] "GET /BLA/boletinlegal/consulta_actos.php?tipo=resoluciones&no=4186&usuario=&sector=SILVICULTURA&fecha=2021&resuelve=tratamiento%20silvicultural HTTP/1.1" 200 626
172.22.2.4 - - [11/Nov/2023:06:22:24 -0500] "GET /BLA/boletinlegal/consulta_actos.php?tipo=resoluciones&no=4186&usuario=&sector=SILVICULTURA&fecha=2021&resuelve=tratamiento%20silvicultural HTTP/1.1" 200 626
172.22.2.4 - - [11/Nov/2023:06:22:26 -0500] "GET /BLA/boletinlegal/consulta_actos.php?tipo=resoluciones&no=4186&usuario=&sector=SILVICULTURA&fecha=2021&resuelve=tratamiento%20silvicultural HTTP/1.1" 200 626
172.22.2.4 - - [11/Nov/2023:06:22:44 -0500] "GET /BLA/boletinlegal/consulta_actos.php?tipo=resoluciones&no=&usuario=&sector=SILVICULTURA&fecha=2021&resuelve=tratamiento%20silvicultural HTTP/1.1" 200 4533
216.245.221.92 - - [11/Nov/2023:06:22:55 -0500] "HEAD / HTTP/1.1" 200 -
43.153.41.115 - - [11/Nov/2023:06:23:55 -0500] "GET /galeria/galeria/fotos/Humedal-la-conejera4P.jpg HTTP/1.1" 200 33365
186.102.56.113 - - [11/Nov/2023:06:24:49 -0500] "GET /kwssiamovil/sm/ldap/au?x=U2FsdGVkX1+Otk1gNWP/QlHOJfGPmk9pI+X/VDTXkfmeYDhWRn5rPj/IzkzdxdXe&y=U2FsdGVkX18qY4AIe97UJVKAmwwA7hoGrwFhPqPe50w= HTTP/1.1" 200 30
186.102.56.113 - - [11/Nov/2023:06:24:49 -0500] "GET /kwssiamovil/sm/acme/s?s=U2FsdGVkX1+R/Jpnbqukugf0K6O3LgEAjxUeP6C37N57vTU6wef4/hDPh1VTtWZHtkx9JrvWMfEVQSMvsUq4dKKefglwIcPZD0whsfs7+kM=&u=U2FsdGVkX1/O1gS44frTtyC3QGOrjhR/ZI/Txe1h6LM=&y=U2FsdGVkX18qY4AIe97UJVKAmwwA7hoGrwFhPqPe50w= HTTP/1.1" 200 97
186.102.56.113 - - [11/Nov/2023:06:24:49 -0500] "GET /kwssiamovil/sm/acme/s?s=U2FsdGVkX187DsxbLCZxEinDb3WRyjL4K6R0y5sqoaxeEqgwrDW0BSDC/AePnpFdjmt9A9XLV2Vhgu36HXSo2FBfYCkYPwpgRhg+yN6VwHqXE3rQT/8NsMVDD/UDcFJq/JrCboOT71oleZ9QqHiopeEo2DERPWcOyl4gTKHT2ryhy+HStet9DlMakdguAg5g6czF2QqEpndb3XiIOGiKoIrP+W322/G8CLENVv8T7GZKJVE3XDxxe8hWyMPhasc8Pq1+lRxu2W6RYshfnBSyDaVXzXBKKcNyRHjh4yK/5Gt5X1tisCPcEHuDZWD4wo57WNuvncRNGJ6k1xFJKZvhlP1jEeNgEJ4dADqljjfMewmMUuvQdPPFMsOzCsK0iLwMm/ZxISXiOocwHTX3sl/XIAJb+1l+dZbS+vxWktPKac8OUeNkgiPochFvc2Pep7LcKJpm5CiV3Jbx2EsFMQrm+nA5LXaP4u6yZ9PcIrh9HMVLHRF+s5tmJTHNHAZ75JIW3r2ycZ1xecfwuKIXixFQosUdoD2rWZgR12/dABtQaI/KABf9+KAZPWe3jbtbWzHzEXhcbnGm6KYDufl11I5bcdeGCNnjxii1Np5VcBbTZZm+UTfAxwiHncgJ1Ciiv8mLZlwDxCd4Sk7DzptRUh93EMbpQRHhK2V+etI6dFtZ75BjdSX3GPgXz/IaHKs6VlbjwjHq1HtEh7H/jhOcjsn43vuqmWV7txBn+lJIv0Kdt281jxY6af/HTOjPJF2pNBI+jwf2uEvyIHsUnyv5pIAdi+d+NYAWmJHF8DNHKDy8mbVM1xw04ISNvDnA6mxDLnDqXRLLifnMyM+BV8UaI9MSPZw4vGSKchWQ74jT+jIIKaLcVhC2wSSSTBb5kFq67N50dRh/3NtcRrkQciNY5qHEXP5x1RXYm4B6VNBHDlkMUc0wK4e3wwff75yt5qJ2M/ciJP7MZKDSXcVHeRVSkSR+6C0YYenCBMzgBU62miBS8Z/sflxWoL4acsxhX6q+WIdUWgk5IOqEx4c2lR80yMvejKFBewjkfwqz8Z2GOhqZq+bI/tvjL3X1VnFlKiwtgEFo57VVNu4vU8pfdbiKOxX5SJom/f1vjXIVWvLFbQz6LwWyYmI0a/1S8RDtGZ2fTPUm6BJWfuSY3mdOo5meG4XsBmDOkYXiHIsaB59q3gMAq3DFWtvuhRGBsRJKLi+LvJq95+z/nXqLU5tVMhe/0kIh03RgxgUNQuQyuhU1L62O2zY8JJIwJRk8kWsoaMkGSyOx6kpkzDlePyodomQUel1wa1F8UtcbN8ucfQnT0ztcJjc3FfLkIEylYo5048RrmOj+KaWOJccpmYrFp60UJCfO5Ow6J4hOXFxQ0omnUWMQR2vc+o1kZjsxwoy4+KIWad2rv/g10NViSO97qw10DHLQG0iHUemMoe3a+rcYeiY8FQ3ILsPHgRjfF7Saru2v4JkOhMPA2z+AdE+PmhbR4QWsckhTruXAGNaD5hZGoDbpmlMA6bxJg1ESPW6GllUmWUCR15jhpAffhjX7Aqd7lzRuUN/T7nfuRMPkNYUn9LTXkNhNZo/rcjChfgjVpsHeRTJtq/80lwxk1KyTH4jPPq8G7qJShambpl7lt804zRgnhQxjCDXlGIKo4+FVSF5ugFgnRe8T6dYd9y16Pbz5MfFRE72dMKsxwnvZCtrer/IupxgJPjX9R6XJIvj0UaZzJL1YdIaixIVFSPTn/QACNx7ej9nvrTkAS39H0ntcvvpzBX4=&u=U2FsdGVkX1/O1gS44frTtyC3QGOrjhR/ZI/Txe1h6LM=&y=U2FsdGVkX18qY4AIe97UJVKAmwwA7hoGrwFhPqPe50w= HTTP/1.1" 200 979
