201.245.192.253 - - [11/Nov/2023:10:14:33 -0500] "POST /kwsrmcab/Wsrmcab  HTTP/1.1" 200 38506
172.22.2.4 - - [11/Nov/2023:10:13:15 -0500] "GET /BLA/boletinlegal/ HTTP/1.1" 200 61018
190.216.128.226 - - [11/Nov/2023:10:15:46 -0500] "GET /recuperado-zorro-cangrejero-que-era-tenido-ilegalmente-como-mascota-en-una-vivienda-del-sur-de-bogota.html HTTP/1.1" 200 801
201.245.192.253 - - [11/Nov/2023:10:16:42 -0500] "POST /kwsrmcab/Wsrmcab HTTP/1.1" 200 36181
201.245.192.253 - - [11/Nov/2023:10:16:44 -0500] "POST /kwsrmcab/Wsrmcab HTTP/1.1" 200 39558
191.156.186.1 - - [11/Nov/2023:10:17:22 -0500] "GET /recuperado-zorro-cangrejero-que-era-tenido-ilegalmente-como-mascota-en-una-vivienda-del-sur-de-bogota.html HTTP/1.1" 200 801
216.245.221.92 - - [11/Nov/2023:10:17:55 -0500] "HEAD / HTTP/1.1" 200 -
172.22.2.4 - - [11/Nov/2023:10:17:55 -0500] "GET /BLA/boletinlegal/actos.php HTTP/1.1" 200 9682
172.22.2.4 - - [11/Nov/2023:10:18:12 -0500] "GET /BLA/boletinlegal/consulta_actos.php?tipo=autos&no=&usuario=&sector=VERTIMIENTOS&fecha=2023&resuelve= HTTP/1.1" 200 184953
172.22.2.4 - - [11/Nov/2023:10:18:13 -0500] "GET /BLA/boletinlegal/images/background.gif HTTP/1.1" 200 -
172.22.2.4 - - [11/Nov/2023:10:18:13 -0500] "GET /BLA/boletinlegal/consulta_actos.php?tipo=autos&no=&usuario=&sector=VERTIMIENTOS&fecha=2023&resuelve= HTTP/1.1" 200 184953
172.22.2.4 - - [11/Nov/2023:10:17:54 -0500] "GET /BLA/boletinlegal/ HTTP/1.1" 200 24523
201.245.192.253 - - [11/Nov/2023:10:19:32 -0500] "POST /kwsrmcab/Wsrmcab  HTTP/1.1" 200 38506
172.22.2.4 - - [11/Nov/2023:10:18:15 -0500] "HEAD /BLA/boletinlegal/ HTTP/1.1" 200 -
201.245.192.253 - - [11/Nov/2023:10:20:01 -0500] "POST /kwsrmcab/Wsrmcab HTTP/1.1" 200 36181
201.245.192.253 - - [11/Nov/2023:10:20:04 -0500] "POST /kwsrmcab/Wsrmcab HTTP/1.1" 200 39558
172.22.2.4 - - [11/Nov/2023:10:19:05 -0500] "GET /BLA/boletinlegal/ HTTP/1.1" 200 60634
34.38.112.55 - - [11/Nov/2023:10:21:40 -0500] "GET /robots.txt HTTP/1.1" 404 1049
34.38.112.55 - - [11/Nov/2023:10:21:40 -0500] "GET /bla/boletinlegal/conceptos.php HTTP/1.1" 200 7496
216.245.221.92 - - [11/Nov/2023:10:22:55 -0500] "HEAD / HTTP/1.1" 200 -
66.249.66.21 - - [11/Nov/2023:10:23:04 -0500] "GET /BLA/resoluciones/Autos%202008/1577.pdf HTTP/1.1" 200 132354
31.13.103.7 - - [11/Nov/2023:10:23:35 -0500] "GET /images/foto%202.jpg HTTP/1.1" 200 63300
201.245.192.253 - - [11/Nov/2023:10:24:31 -0500] "POST /kwsrmcab/Wsrmcab  HTTP/1.1" 200 38506
172.22.2.4 - - [11/Nov/2023:10:24:05 -0500] "HEAD /BLA/boletinlegal/ HTTP/1.1" 200 -
172.22.2.4 - - [11/Nov/2023:10:24:55 -0500] "GET /BLA/boletinlegal/ HTTP/1.1" 200 58644
66.249.66.20 - - [11/Nov/2023:10:26:42 -0500] "GET /BLA/resoluciones/AUTOS%202014/6722.pdf HTTP/1.1" 200 521216
201.245.192.253 - - [11/Nov/2023:10:26:41 -0500] "POST /kwsrmcab/Wsrmcab HTTP/1.1" 200 36181
66.249.66.21 - - [11/Nov/2023:10:26:43 -0500] "GET /BLA/resoluciones/AUTOS%202017/2745.pdf HTTP/1.1" 200 242320
201.245.192.253 - - [11/Nov/2023:10:26:44 -0500] "POST /kwsrmcab/Wsrmcab HTTP/1.1" 200 39558
173.252.127.5 - - [11/Nov/2023:10:27:41 -0500] "GET /ruta-de-la-libertad-mas-de-400-animales-silvestres-fueron-liberados-por-la-secretaria-de-ambiente-en-el-cesar.html HTTP/1.1" 200 853
216.245.221.92 - - [11/Nov/2023:10:27:55 -0500] "HEAD / HTTP/1.1" 200 -
201.245.192.253 - - [11/Nov/2023:10:29:29 -0500] "POST /kwsrmcab/Wsrmcab  HTTP/1.1" 200 38506
190.145.43.226 - - [11/Nov/2023:10:29:45 -0500] "GET /agendate-para-participar-en-las-caminatas-ecologicas-de-febrero.html HTTP/1.1" 200 830
201.245.192.253 - - [11/Nov/2023:10:30:01 -0500] "POST /kwsrmcab/Wsrmcab HTTP/1.1" 200 36181
201.245.192.253 - - [11/Nov/2023:10:30:04 -0500] "POST /kwsrmcab/Wsrmcab HTTP/1.1" 200 39558
162.55.165.184 - - [11/Nov/2023:10:30:25 -0500] "GET / HTTP/1.1" 200 319
162.55.165.184 - - [11/Nov/2023:10:30:28 -0500] "GET / HTTP/1.1" 200 4720
34.91.39.158 - - [11/Nov/2023:10:30:58 -0500] "GET /propietarios-inscritos-en-el-inventario-nacional-de-bifenilos-de-policlorados-tienen-plazo-hasta-noviembre-para-reportar-su-balance.html HTTP/1.1" 200 1003
172.22.2.4 - - [11/Nov/2023:10:29:55 -0500] "HEAD /BLA/boletinlegal/ HTTP/1.1" 200 -
172.22.2.4 - - [11/Nov/2023:10:30:45 -0500] "GET /BLA/boletinlegal/ HTTP/1.1" 200 58644
216.245.221.92 - - [11/Nov/2023:10:32:55 -0500] "HEAD / HTTP/1.1" 200 -
173.252.107.119 - - [11/Nov/2023:10:33:53 -0500] "GET /recuperado-zorro-cangrejero-que-era-tenido-ilegalmente-como-mascota-en-una-vivienda-del-sur-de-bogota.html HTTP/1.1" 206 801
173.252.107.1 - - [11/Nov/2023:10:33:54 -0500] "GET /recuperado-zorro-cangrejero-que-era-tenido-ilegalmente-como-mascota-en-una-vivienda-del-sur-de-bogota.html HTTP/1.1" 200 801
173.252.107.119 - - [11/Nov/2023:10:33:54 -0500] "GET /recuperado-zorro-cangrejero-que-era-tenido-ilegalmente-como-mascota-en-una-vivienda-del-sur-de-bogota.html HTTP/1.1" 200 801
173.252.95.6 - - [11/Nov/2023:10:33:54 -0500] "GET /images/Zorro%20cangrejero.jpg HTTP/1.1" 200 40050
201.245.192.253 - - [11/Nov/2023:10:34:29 -0500] "POST /kwsrmcab/Wsrmcab  HTTP/1.1" 200 38506
186.154.39.204 - - [11/Nov/2023:10:35:16 -0500] "GET /BLA/resoluciones/ HTTP/1.1" 200 13696
186.154.39.204 - - [11/Nov/2023:10:35:18 -0500] "GET /BLA/resoluciones/index.php?dir=AUTOS+2019%2F HTTP/1.1" 200 390920
31.13.115.1 - - [11/Nov/2023:10:35:29 -0500] "GET /recuperado-zorro-cangrejero-que-era-tenido-ilegalmente-como-mascota-en-una-vivienda-del-sur-de-bogota.html HTTP/1.1" 200 801
173.252.107.117 - - [11/Nov/2023:10:35:30 -0500] "GET /images/Zorro%20cangrejero.jpg HTTP/1.1" 200 40050
18.213.87.247 - - [11/Nov/2023:10:35:32 -0500] "HEAD /recuperado-zorro-cangrejero-que-era-tenido-ilegalmente-como-mascota-en-una-vivienda-del-sur-de-bogota.html HTTP/1.1" 200 -
173.252.79.8 - - [11/Nov/2023:10:35:38 -0500] "GET /images/Zorro%20cangrejero.jpg HTTP/1.1" 200 40050
173.252.107.8 - - [11/Nov/2023:10:35:46 -0500] "GET /recuperado-zorro-cangrejero-que-era-tenido-ilegalmente-como-mascota-en-una-vivienda-del-sur-de-bogota.html HTTP/1.1" 200 801
66.249.66.20 - - [11/Nov/2023:10:35:52 -0500] "GET /BLA/resoluciones/AUTOS%202013/2833.pdf HTTP/1.1" 200 275379
69.63.184.9 - - [11/Nov/2023:10:35:54 -0500] "GET /images/Zorro%20cangrejero.jpg HTTP/1.1" 200 40050
173.252.95.118 - - [11/Nov/2023:10:36:10 -0500] "GET /recuperado-zorro-cangrejero-que-era-tenido-ilegalmente-como-mascota-en-una-vivienda-del-sur-de-bogota.html HTTP/1.1" 200 801
173.252.87.2 - - [11/Nov/2023:10:36:15 -0500] "GET /images/Zorro%20cangrejero.jpg HTTP/1.1" 200 40050
172.22.2.4 - - [11/Nov/2023:10:36:27 -0500] "GET /BLA/boletinlegal/robots.txt HTTP/1.1" 404 1038
172.22.2.4 - - [11/Nov/2023:10:36:27 -0500] "GET /BLA/boletinlegal/jurisprudencia/analisis/Analisis%20jurisprudencial%20Sentencia%20C-366-11.doc HTTP/1.1" 200 59392
173.252.83.6 - - [11/Nov/2023:10:36:27 -0500] "GET /images/Zorro%20cangrejero.jpg HTTP/1.1" 200 40050
31.13.127.31 - - [11/Nov/2023:10:36:29 -0500] "GET /images/Zorro HTTP/1.1" 404 1034
201.245.192.253 - - [11/Nov/2023:10:36:41 -0500] "POST /kwsrmcab/Wsrmcab HTTP/1.1" 200 36181
201.245.192.253 - - [11/Nov/2023:10:36:44 -0500] "POST /kwsrmcab/Wsrmcab HTTP/1.1" 200 39558
31.13.127.117 - - [11/Nov/2023:10:36:47 -0500] "GET /recuperado-zorro-cangrejero-que-era-tenido-ilegalmente-como-mascota-en-una-vivienda-del-sur-de-bogota.html HTTP/1.1" 200 801
31.13.127.10 - - [11/Nov/2023:10:36:47 -0500] "GET /recuperado-zorro-cangrejero-que-era-tenido-ilegalmente-como-mascota-en-una-vivienda-del-sur-de-bogota.html HTTP/1.1" 200 801
31.13.127.3 - - [11/Nov/2023:10:36:47 -0500] "GET /recuperado-zorro-cangrejero-que-era-tenido-ilegalmente-como-mascota-en-una-vivienda-del-sur-de-bogota.html HTTP/1.1" 200 801
173.252.127.3 - - [11/Nov/2023:10:37:20 -0500] "GET /recuperado-zorro-cangrejero-que-era-tenido-ilegalmente-como-mascota-en-una-vivienda-del-sur-de-bogota.html HTTP/1.1" 200 801
173.252.127.19 - - [11/Nov/2023:10:37:20 -0500] "GET /recuperado-zorro-cangrejero-que-era-tenido-ilegalmente-como-mascota-en-una-vivienda-del-sur-de-bogota.html HTTP/1.1" 200 801
31.13.127.30 - - [11/Nov/2023:10:37:24 -0500] "GET /recuperado-zorro-cangrejero-que-era-tenido-ilegalmente-como-mascota-en-una-vivienda-del-sur-de-bogota.html HTTP/1.1" 200 801
172.22.2.4 - - [11/Nov/2023:10:35:45 -0500] "HEAD /BLA/boletinlegal/ HTTP/1.1" 200 -
216.245.221.92 - - [11/Nov/2023:10:37:55 -0500] "HEAD / HTTP/1.1" 200 -
173.252.107.120 - - [11/Nov/2023:10:38:04 -0500] "GET /images/Zorro%20cangrejero.jpg HTTP/1.1" 200 40050
162.55.175.144 - - [11/Nov/2023:10:38:09 -0500] "GET / HTTP/1.1" 200 4720
162.55.175.144 - - [11/Nov/2023:10:38:12 -0500] "GET / HTTP/1.1" 200 319
172.22.2.4 - - [11/Nov/2023:10:36:35 -0500] "GET /BLA/boletinlegal/ HTTP/1.1" 200 60634
40.77.167.247 - - [11/Nov/2023:10:38:32 -0500] "GET /BLA/resoluciones/AUTOS%202011/7698.pdf HTTP/1.1" 200 509595
69.171.251.116 - - [11/Nov/2023:10:38:58 -0500] "GET /images/Zorro%20cangrejero.jpg HTTP/1.1" 200 40050
40.77.167.60 - - [11/Nov/2023:10:39:12 -0500] "GET /Autoliquidacion/index.php?dir=Solicitudes+relacionadas+con+calidad+del+aire+auditiva+y+visual%2F HTTP/1.1" 200 5748
66.249.66.20 - - [11/Nov/2023:10:39:16 -0500] "GET /BLA/resoluciones/RESOLUCIONES%202010/2099.pdf HTTP/1.1" 200 576857
173.252.127.117 - - [11/Nov/2023:10:39:24 -0500] "GET /images/Zorro%20cangrejero.jpg HTTP/1.1" 200 40050
201.245.192.253 - - [11/Nov/2023:10:39:28 -0500] "POST /kwsrmcab/Wsrmcab  HTTP/1.1" 200 38506
40.77.167.60 - - [11/Nov/2023:10:39:52 -0500] "GET /BLA/resoluciones/RESOLUCIONES%202022/2842.pdf HTTP/1.1" 304 -
201.245.192.253 - - [11/Nov/2023:10:40:00 -0500] "POST /kwsrmcab/Wsrmcab HTTP/1.1" 200 36181
40.77.167.41 - - [11/Nov/2023:10:40:04 -0500] "GET /bla/resoluciones/notificaciones/registros%202018/0045.pdf HTTP/1.1" 200 266217
201.245.192.253 - - [11/Nov/2023:10:40:03 -0500] "POST /kwsrmcab/Wsrmcab HTTP/1.1" 200 39558
69.63.184.9 - - [11/Nov/2023:10:41:06 -0500] "GET /images/Zorro%20cangrejero.jpg HTTP/1.1" 200 40050
66.249.66.21 - - [11/Nov/2023:10:41:29 -0500] "GET /BLA/resoluciones/RESOLUCIONES%202010/6227.pdf HTTP/1.1" 200 571603
216.245.221.92 - - [11/Nov/2023:10:42:55 -0500] "HEAD / HTTP/1.1" 200 -
173.252.107.6 - - [11/Nov/2023:10:43:14 -0500] "GET /recuperado-zorro-cangrejero-que-era-tenido-ilegalmente-como-mascota-en-una-vivienda-del-sur-de-bogota.html HTTP/1.1" 206 801
173.252.107.119 - - [11/Nov/2023:10:43:14 -0500] "GET /recuperado-zorro-cangrejero-que-era-tenido-ilegalmente-como-mascota-en-una-vivienda-del-sur-de-bogota.html HTTP/1.1" 206 801
172.22.2.4 - - [11/Nov/2023:10:41:35 -0500] "HEAD /BLA/boletinlegal/ HTTP/1.1" 200 -
173.252.107.1 - - [11/Nov/2023:10:43:15 -0500] "GET /recuperado-zorro-cangrejero-que-era-tenido-ilegalmente-como-mascota-en-una-vivienda-del-sur-de-bogota.html HTTP/1.1" 200 801
69.63.184.120 - - [11/Nov/2023:10:43:20 -0500] "GET /images/Zorro%20cangrejero.jpg HTTP/1.1" 200 40050
172.22.2.4 - - [11/Nov/2023:10:42:25 -0500] "GET /BLA/boletinlegal/ HTTP/1.1" 200 61018
201.245.192.253 - - [11/Nov/2023:10:44:26 -0500] "POST /kwsrmcab/Wsrmcab  HTTP/1.1" 200 38506
186.80.52.180 - - [11/Nov/2023:10:44:57 -0500] "GET /sipse/faces/index.xhtml HTTP/1.1" 200 677
186.80.52.180 - - [11/Nov/2023:10:44:57 -0500] "GET /sipse/faces/javax.faces.resource/theme.css?ln=primefaces-sipse HTTP/1.1" 304 -
186.80.52.180 - - [11/Nov/2023:10:44:57 -0500] "GET /sipse/faces/faces/autenticacion.xhtml HTTP/1.1" 200 12413
186.80.52.180 - - [11/Nov/2023:10:44:57 -0500] "GET /sipse/faces/javax.faces.resource/theme.css?ln=primefaces-sipse HTTP/1.1" 304 -
186.80.52.180 - - [11/Nov/2023:10:44:57 -0500] "GET /sipse/faces/javax.faces.resource/primefaces.css?ln=primefaces&v=4.0 HTTP/1.1" 304 -
186.80.52.180 - - [11/Nov/2023:10:44:57 -0500] "GET /sipse/faces/javax.faces.resource/layout/layout.css?ln=primefaces&v=4.0 HTTP/1.1" 304 -
186.80.52.180 - - [11/Nov/2023:10:44:57 -0500] "GET /sipse/faces/javax.faces.resource/jquery/jquery.js?ln=primefaces&v=4.0 HTTP/1.1" 304 -
186.80.52.180 - - [11/Nov/2023:10:44:57 -0500] "GET /sipse/faces/javax.faces.resource/jquery/jquery-plugins.js?ln=primefaces&v=4.0 HTTP/1.1" 304 -
186.80.52.180 - - [11/Nov/2023:10:44:57 -0500] "GET /sipse/faces/javax.faces.resource/layout/layout.js?ln=primefaces&v=4.0 HTTP/1.1" 304 -
186.80.52.180 - - [11/Nov/2023:10:44:57 -0500] "GET /sipse/faces/javax.faces.resource/primefaces.js?ln=primefaces&v=4.0 HTTP/1.1" 304 -
186.80.52.180 - - [11/Nov/2023:10:44:57 -0500] "GET /sipse/faces/javax.faces.resource/images/ui-icons_898989_256x240.png?ln=primefaces-aristo HTTP/1.1" 304 -
186.80.52.180 - - [11/Nov/2023:10:44:59 -0500] "POST /sipse/faces/autenticacion.xhtml HTTP/1.1" 200 2221
186.80.52.180 - - [11/Nov/2023:10:44:59 -0500] "GET /sipse/faces/javax.faces.resource/messages/messages.png?ln=primefaces&v=4.0 HTTP/1.1" 304 -
186.80.52.180 - - [11/Nov/2023:10:45:00 -0500] "POST /sipse/faces/autenticacion.xhtml HTTP/1.1" 200 16483
186.80.52.180 - - [11/Nov/2023:10:45:00 -0500] "GET /sipse/faces/javax.faces.resource/layout/layout.css?ln=primefaces&v=4.0 HTTP/1.1" 304 -
186.80.52.180 - - [11/Nov/2023:10:45:00 -0500] "GET /sipse/faces/javax.faces.resource/theme.css?ln=primefaces-sipse HTTP/1.1" 304 -
186.80.52.180 - - [11/Nov/2023:10:45:00 -0500] "GET /sipse/faces/javax.faces.resource/primefaces.css?ln=primefaces&v=4.0 HTTP/1.1" 304 -
186.80.52.180 - - [11/Nov/2023:10:45:00 -0500] "GET /sipse/faces/javax.faces.resource/jquery/jquery.js?ln=primefaces&v=4.0 HTTP/1.1" 304 -
186.80.52.180 - - [11/Nov/2023:10:45:00 -0500] "GET /sipse/faces/javax.faces.resource/jquery/jquery-plugins.js?ln=primefaces&v=4.0 HTTP/1.1" 304 -
186.80.52.180 - - [11/Nov/2023:10:45:00 -0500] "GET /sipse/faces/javax.faces.resource/primefaces.js?ln=primefaces&v=4.0 HTTP/1.1" 304 -
186.80.52.180 - - [11/Nov/2023:10:45:00 -0500] "GET /sipse/faces/javax.faces.resource/layout/layout.js?ln=primefaces&v=4.0 HTTP/1.1" 304 -
186.80.52.180 - - [11/Nov/2023:10:45:00 -0500] "GET /sipse/css/imagen/contrasena.png HTTP/1.1" 404 383
186.80.52.180 - - [11/Nov/2023:10:45:02 -0500] "GET /sipse/faces/javax.faces.resource/images/ui-bg_flat_0_2d5972_40x100.png?ln=primefaces-aristo HTTP/1.1" 304 -
186.80.52.180 - - [11/Nov/2023:10:45:02 -0500] "POST /sipse/faces/bienvenido.xhtml HTTP/1.1" 200 2658
186.80.52.180 - - [11/Nov/2023:10:45:03 -0500] "POST /sipse/faces/bienvenido.xhtml HTTP/1.1" 200 64679
186.80.52.180 - - [11/Nov/2023:10:45:04 -0500] "GET /sipse/faces/javax.faces.resource/primefaces.css?ln=primefaces&v=4.0 HTTP/1.1" 304 -
186.80.52.180 - - [11/Nov/2023:10:45:04 -0500] "GET /sipse/faces/javax.faces.resource/theme.css?ln=primefaces-sipse HTTP/1.1" 304 -
186.80.52.180 - - [11/Nov/2023:10:45:04 -0500] "GET /sipse/faces/javax.faces.resource/layout/layout.css?ln=primefaces&v=4.0 HTTP/1.1" 304 -
186.80.52.180 - - [11/Nov/2023:10:45:04 -0500] "GET /sipse/faces/javax.faces.resource/jquery/jquery.js?ln=primefaces&v=4.0 HTTP/1.1" 304 -
186.80.52.180 - - [11/Nov/2023:10:45:04 -0500] "GET /sipse/faces/javax.faces.resource/jquery/jquery-plugins.js?ln=primefaces&v=4.0 HTTP/1.1" 304 -
186.80.52.180 - - [11/Nov/2023:10:45:04 -0500] "GET /sipse/faces/javax.faces.resource/primefaces.js?ln=primefaces&v=4.0 HTTP/1.1" 304 -
186.80.52.180 - - [11/Nov/2023:10:45:04 -0500] "GET /sipse/faces/javax.faces.resource/layout/layout.js?ln=primefaces&v=4.0 HTTP/1.1" 304 -
186.80.52.180 - - [11/Nov/2023:10:45:04 -0500] "POST /sipse/faces/presentacion/financiero/solicitudProceso/listarSolicitudProceso.xhtml HTTP/1.1" 200 1556
186.80.52.180 - - [11/Nov/2023:10:45:06 -0500] "POST /sipse/faces/presentacion/financiero/solicitudProceso/listarSolicitudProceso.xhtml HTTP/1.1" 200 59142
186.80.52.180 - - [11/Nov/2023:10:45:06 -0500] "GET /sipse/faces/javax.faces.resource/layout/layout.css?ln=primefaces&v=4.0 HTTP/1.1" 304 -
186.80.52.180 - - [11/Nov/2023:10:45:06 -0500] "GET /sipse/faces/javax.faces.resource/theme.css?ln=primefaces-sipse HTTP/1.1" 304 -
186.80.52.180 - - [11/Nov/2023:10:45:06 -0500] "GET /sipse/faces/javax.faces.resource/primefaces.css?ln=primefaces&v=4.0 HTTP/1.1" 304 -
186.80.52.180 - - [11/Nov/2023:10:45:06 -0500] "GET /sipse/faces/javax.faces.resource/jquery/jquery.js?ln=primefaces&v=4.0 HTTP/1.1" 304 -
186.80.52.180 - - [11/Nov/2023:10:45:06 -0500] "GET /sipse/faces/javax.faces.resource/jquery/jquery-plugins.js?ln=primefaces&v=4.0 HTTP/1.1" 304 -
186.80.52.180 - - [11/Nov/2023:10:45:06 -0500] "GET /sipse/faces/javax.faces.resource/primefaces.js?ln=primefaces&v=4.0 HTTP/1.1" 304 -
186.80.52.180 - - [11/Nov/2023:10:45:06 -0500] "GET /sipse/faces/javax.faces.resource/layout/layout.js?ln=primefaces&v=4.0 HTTP/1.1" 304 -
186.80.52.180 - - [11/Nov/2023:10:45:09 -0500] "POST /sipse/faces/presentacion/financiero/solicitudProceso/crearModificarSolicitudProceso.xhtml HTTP/1.1" 200 26686
66.249.66.20 - - [11/Nov/2023:10:45:16 -0500] "GET /BLA/resoluciones/Autos%202008/0491.pdf HTTP/1.1" 200 117941
66.249.66.21 - - [11/Nov/2023:10:45:20 -0500] "GET /BLA/resoluciones/RESOLUCIONES%202011/3471.pdf HTTP/1.1" 200 535192
69.63.184.116 - - [11/Nov/2023:10:45:31 -0500] "GET /images/Zorro%20cangrejero.jpg HTTP/1.1" 200 40050
172.22.2.4 - - [11/Nov/2023:10:44:39 -0500] "GET /BLA/boletinlegal/ HTTP/1.1" 200 63167
186.80.52.180 - - [11/Nov/2023:10:46:22 -0500] "POST /sipse/faces/presentacion/financiero/solicitudProceso/crearModificarSolicitudProceso.xhtml HTTP/1.1" 200 24647
186.80.52.180 - - [11/Nov/2023:10:46:22 -0500] "GET /sipse/faces/javax.faces.resource/theme.css?ln=primefaces-sipse HTTP/1.1" 304 -
186.80.52.180 - - [11/Nov/2023:10:46:22 -0500] "GET /sipse/faces/javax.faces.resource/primefaces.css?ln=primefaces&v=4.0 HTTP/1.1" 304 -
186.80.52.180 - - [11/Nov/2023:10:46:22 -0500] "GET /sipse/faces/javax.faces.resource/layout/layout.css?ln=primefaces&v=4.0 HTTP/1.1" 304 -
186.80.52.180 - - [11/Nov/2023:10:46:22 -0500] "GET /sipse/faces/javax.faces.resource/jquery/jquery.js?ln=primefaces&v=4.0 HTTP/1.1" 304 -
186.80.52.180 - - [11/Nov/2023:10:46:22 -0500] "GET /sipse/faces/javax.faces.resource/jquery/jquery-plugins.js?ln=primefaces&v=4.0 HTTP/1.1" 304 -
186.80.52.180 - - [11/Nov/2023:10:46:22 -0500] "GET /sipse/faces/javax.faces.resource/layout/layout.js?ln=primefaces&v=4.0 HTTP/1.1" 304 -
186.80.52.180 - - [11/Nov/2023:10:46:22 -0500] "GET /sipse/faces/javax.faces.resource/primefaces.js?ln=primefaces&v=4.0 HTTP/1.1" 304 -
186.80.52.180 - - [11/Nov/2023:10:46:25 -0500] "POST /sipse/faces/presentacion/financiero/solicitudProyectoActividad/asociarProyectoSolicitud.xhtml HTTP/1.1" 200 6705
186.80.52.180 - - [11/Nov/2023:10:46:27 -0500] "POST /sipse/faces/presentacion/financiero/solicitudProyectoActividad/asociarProyectoSolicitud.xhtml HTTP/1.1" 200 1700
186.80.52.180 - - [11/Nov/2023:10:46:27 -0500] "POST /sipse/faces/presentacion/financiero/solicitudProyectoActividad/asociarProyectoSolicitud.xhtml HTTP/1.1" 200 28761
186.80.52.180 - - [11/Nov/2023:10:46:27 -0500] "GET /sipse/faces/javax.faces.resource/theme.css?ln=primefaces-sipse HTTP/1.1" 304 -
186.80.52.180 - - [11/Nov/2023:10:46:27 -0500] "GET /sipse/faces/javax.faces.resource/primefaces.css?ln=primefaces&v=4.0 HTTP/1.1" 304 -
186.80.52.180 - - [11/Nov/2023:10:46:27 -0500] "GET /sipse/faces/javax.faces.resource/layout/layout.css?ln=primefaces&v=4.0 HTTP/1.1" 304 -
186.80.52.180 - - [11/Nov/2023:10:46:27 -0500] "GET /sipse/faces/javax.faces.resource/jquery/jquery.js?ln=primefaces&v=4.0 HTTP/1.1" 304 -
186.80.52.180 - - [11/Nov/2023:10:46:28 -0500] "GET /sipse/faces/javax.faces.resource/jquery/jquery-plugins.js?ln=primefaces&v=4.0 HTTP/1.1" 304 -
186.80.52.180 - - [11/Nov/2023:10:46:28 -0500] "GET /sipse/faces/javax.faces.resource/primefaces.js?ln=primefaces&v=4.0 HTTP/1.1" 304 -
186.80.52.180 - - [11/Nov/2023:10:46:28 -0500] "GET /sipse/faces/javax.faces.resource/layout/layout.js?ln=primefaces&v=4.0 HTTP/1.1" 304 -
186.80.52.180 - - [11/Nov/2023:10:46:37 -0500] "GET /sipse/faces/javax.faces.resource/images/ui-icons_898989_256x240.png?ln=primefaces-aristo HTTP/1.1" 304 -
66.249.66.19 - - [11/Nov/2023:10:46:44 -0500] "GET /BLA/resoluciones/RESOLUCIONES%202009/5686.pdf HTTP/1.1" 200 876706
186.80.52.180 - - [11/Nov/2023:10:46:46 -0500] "POST /sipse/faces/presentacion/financiero/solicitudProyectoActividad/asociarActividadSolicitud.xhtml HTTP/1.1" 200 58973
186.80.52.180 - - [11/Nov/2023:10:46:46 -0500] "GET /sipse/faces/javax.faces.resource/theme.css?ln=primefaces-sipse HTTP/1.1" 304 -
186.80.52.180 - - [11/Nov/2023:10:46:46 -0500] "GET /sipse/faces/javax.faces.resource/primefaces.css?ln=primefaces&v=4.0 HTTP/1.1" 304 -
186.80.52.180 - - [11/Nov/2023:10:46:46 -0500] "GET /sipse/faces/javax.faces.resource/layout/layout.css?ln=primefaces&v=4.0 HTTP/1.1" 304 -
186.80.52.180 - - [11/Nov/2023:10:46:46 -0500] "GET /sipse/faces/javax.faces.resource/jquery/jquery.js?ln=primefaces&v=4.0 HTTP/1.1" 304 -
186.80.52.180 - - [11/Nov/2023:10:46:46 -0500] "GET /sipse/faces/javax.faces.resource/jquery/jquery-plugins.js?ln=primefaces&v=4.0 HTTP/1.1" 304 -
186.80.52.180 - - [11/Nov/2023:10:46:46 -0500] "GET /sipse/faces/javax.faces.resource/primefaces.js?ln=primefaces&v=4.0 HTTP/1.1" 304 -
186.80.52.180 - - [11/Nov/2023:10:46:46 -0500] "GET /sipse/faces/javax.faces.resource/layout/layout.js?ln=primefaces&v=4.0 HTTP/1.1" 304 -
186.80.52.180 - - [11/Nov/2023:10:47:22 -0500] "POST /sipse/faces/presentacion/financiero/solicitudProceso/crearModificarSolicitudProceso.xhtml HTTP/1.1" 200 44751
186.80.52.180 - - [11/Nov/2023:10:47:25 -0500] "GET /sipse/faces/javax.faces.resource/theme.css?ln=primefaces-sipse HTTP/1.1" 304 -
186.80.52.180 - - [11/Nov/2023:10:47:25 -0500] "GET /sipse/faces/javax.faces.resource/primefaces.css?ln=primefaces&v=4.0 HTTP/1.1" 304 -
186.80.52.180 - - [11/Nov/2023:10:47:25 -0500] "GET /sipse/faces/javax.faces.resource/layout/layout.css?ln=primefaces&v=4.0 HTTP/1.1" 304 -
186.80.52.180 - - [11/Nov/2023:10:47:25 -0500] "GET /sipse/faces/javax.faces.resource/jquery/jquery.js?ln=primefaces&v=4.0 HTTP/1.1" 304 -
186.80.52.180 - - [11/Nov/2023:10:47:25 -0500] "GET /sipse/faces/javax.faces.resource/primefaces.js?ln=primefaces&v=4.0 HTTP/1.1" 304 -
186.80.52.180 - - [11/Nov/2023:10:47:25 -0500] "GET /sipse/faces/javax.faces.resource/layout/layout.js?ln=primefaces&v=4.0 HTTP/1.1" 304 -
186.80.52.180 - - [11/Nov/2023:10:47:25 -0500] "GET /sipse/faces/javax.faces.resource/jquery/jquery-plugins.js?ln=primefaces&v=4.0 HTTP/1.1" 304 -
186.80.52.180 - - [11/Nov/2023:10:47:37 -0500] "POST /sipse/faces/presentacion/financiero/contrato/consultarContratosSolicitudProceso.xhtml HTTP/1.1" 200 61975
69.63.184.3 - - [11/Nov/2023:10:47:39 -0500] "GET /images/Zorro%20cangrejero.jpg HTTP/1.1" 200 40050
186.80.52.180 - - [11/Nov/2023:10:47:41 -0500] "POST /sipse/faces/presentacion/financiero/contrato/consultarContratosSolicitudProceso.xhtml HTTP/1.1" 200 59788
186.80.52.180 - - [11/Nov/2023:10:47:42 -0500] "GET /sipse/faces/javax.faces.resource/theme.css?ln=primefaces-sipse HTTP/1.1" 304 -
186.80.52.180 - - [11/Nov/2023:10:47:42 -0500] "GET /sipse/faces/javax.faces.resource/layout/layout.css?ln=primefaces&v=4.0 HTTP/1.1" 304 -
186.80.52.180 - - [11/Nov/2023:10:47:42 -0500] "GET /sipse/faces/javax.faces.resource/primefaces.css?ln=primefaces&v=4.0 HTTP/1.1" 304 -
186.80.52.180 - - [11/Nov/2023:10:47:42 -0500] "GET /sipse/faces/javax.faces.resource/jquery/jquery.js?ln=primefaces&v=4.0 HTTP/1.1" 304 -
186.80.52.180 - - [11/Nov/2023:10:47:42 -0500] "GET /sipse/faces/javax.faces.resource/jquery/jquery-plugins.js?ln=primefaces&v=4.0 HTTP/1.1" 304 -
186.80.52.180 - - [11/Nov/2023:10:47:42 -0500] "GET /sipse/faces/javax.faces.resource/primefaces.js?ln=primefaces&v=4.0 HTTP/1.1" 304 -
186.80.52.180 - - [11/Nov/2023:10:47:42 -0500] "GET /sipse/faces/javax.faces.resource/layout/layout.js?ln=primefaces&v=4.0 HTTP/1.1" 304 -
186.80.52.180 - - [11/Nov/2023:10:47:44 -0500] "POST /sipse/faces/presentacion/financiero/solicitudProceso/crearModificarSolicitudProceso.xhtml HTTP/1.1" 200 21217
186.80.52.180 - - [11/Nov/2023:10:47:44 -0500] "GET /sipse/faces/javax.faces.resource/theme.css?ln=primefaces-sipse HTTP/1.1" 304 -
186.80.52.180 - - [11/Nov/2023:10:47:44 -0500] "GET /sipse/faces/javax.faces.resource/primefaces.css?ln=primefaces&v=4.0 HTTP/1.1" 304 -
186.80.52.180 - - [11/Nov/2023:10:47:44 -0500] "GET /sipse/faces/javax.faces.resource/layout/layout.css?ln=primefaces&v=4.0 HTTP/1.1" 304 -
186.80.52.180 - - [11/Nov/2023:10:47:44 -0500] "GET /sipse/faces/javax.faces.resource/fileupload/fileupload.css?ln=primefaces&v=4.0 HTTP/1.1" 304 -
186.80.52.180 - - [11/Nov/2023:10:47:44 -0500] "GET /sipse/faces/javax.faces.resource/jquery/jquery.js?ln=primefaces&v=4.0 HTTP/1.1" 304 -
186.80.52.180 - - [11/Nov/2023:10:47:44 -0500] "GET /sipse/faces/javax.faces.resource/primefaces.js?ln=primefaces&v=4.0 HTTP/1.1" 304 -
186.80.52.180 - - [11/Nov/2023:10:47:44 -0500] "GET /sipse/faces/javax.faces.resource/jquery/jquery-plugins.js?ln=primefaces&v=4.0 HTTP/1.1" 304 -
186.80.52.180 - - [11/Nov/2023:10:47:44 -0500] "GET /sipse/faces/javax.faces.resource/layout/layout.js?ln=primefaces&v=4.0 HTTP/1.1" 304 -
186.80.52.180 - - [11/Nov/2023:10:47:44 -0500] "GET /sipse/faces/javax.faces.resource/fileupload/fileupload.js?ln=primefaces&v=4.0 HTTP/1.1" 304 -
186.80.52.180 - - [11/Nov/2023:10:47:50 -0500] "GET /sipse/faces/javax.faces.resource/theme.css?ln=primefaces-sipse HTTP/1.1" 304 -
186.80.52.180 - - [11/Nov/2023:10:47:50 -0500] "POST /sipse/faces/presentacion/sistema/anexos/cargarAnexoSolicitudProceso.xhtml HTTP/1.1" 200 65519
186.80.52.180 - - [11/Nov/2023:10:47:50 -0500] "GET /sipse/faces/javax.faces.resource/layout/layout.css?ln=primefaces&v=4.0 HTTP/1.1" 304 -
186.80.52.180 - - [11/Nov/2023:10:47:50 -0500] "GET /sipse/faces/javax.faces.resource/primefaces.css?ln=primefaces&v=4.0 HTTP/1.1" 304 -
186.80.52.180 - - [11/Nov/2023:10:47:50 -0500] "GET /sipse/faces/javax.faces.resource/primefaces.js?ln=primefaces&v=4.0 HTTP/1.1" 304 -
186.80.52.180 - - [11/Nov/2023:10:47:50 -0500] "GET /sipse/faces/javax.faces.resource/jquery/jquery-plugins.js?ln=primefaces&v=4.0 HTTP/1.1" 304 -
186.80.52.180 - - [11/Nov/2023:10:47:50 -0500] "GET /sipse/faces/javax.faces.resource/layout/layout.js?ln=primefaces&v=4.0 HTTP/1.1" 304 -
186.80.52.180 - - [11/Nov/2023:10:47:50 -0500] "GET /sipse/faces/javax.faces.resource/jquery/jquery.js?ln=primefaces&v=4.0 HTTP/1.1" 304 -
186.80.52.180 - - [11/Nov/2023:10:47:52 -0500] "POST /sipse/faces/presentacion/financiero/solicitudProceso/crearModificarSolicitudProceso.xhtml HTTP/1.1" 200 21217
186.80.52.180 - - [11/Nov/2023:10:47:52 -0500] "GET /sipse/faces/javax.faces.resource/theme.css?ln=primefaces-sipse HTTP/1.1" 304 -
186.80.52.180 - - [11/Nov/2023:10:47:52 -0500] "GET /sipse/faces/javax.faces.resource/primefaces.css?ln=primefaces&v=4.0 HTTP/1.1" 304 -
186.80.52.180 - - [11/Nov/2023:10:47:52 -0500] "GET /sipse/faces/javax.faces.resource/layout/layout.css?ln=primefaces&v=4.0 HTTP/1.1" 304 -
186.80.52.180 - - [11/Nov/2023:10:47:52 -0500] "GET /sipse/faces/javax.faces.resource/fileupload/fileupload.css?ln=primefaces&v=4.0 HTTP/1.1" 304 -
186.80.52.180 - - [11/Nov/2023:10:47:52 -0500] "GET /sipse/faces/javax.faces.resource/jquery/jquery.js?ln=primefaces&v=4.0 HTTP/1.1" 304 -
186.80.52.180 - - [11/Nov/2023:10:47:52 -0500] "GET /sipse/faces/javax.faces.resource/primefaces.js?ln=primefaces&v=4.0 HTTP/1.1" 304 -
186.80.52.180 - - [11/Nov/2023:10:47:52 -0500] "GET /sipse/faces/javax.faces.resource/jquery/jquery-plugins.js?ln=primefaces&v=4.0 HTTP/1.1" 304 -
186.80.52.180 - - [11/Nov/2023:10:47:52 -0500] "GET /sipse/faces/javax.faces.resource/fileupload/fileupload.js?ln=primefaces&v=4.0 HTTP/1.1" 304 -
186.80.52.180 - - [11/Nov/2023:10:47:52 -0500] "GET /sipse/faces/javax.faces.resource/layout/layout.js?ln=primefaces&v=4.0 HTTP/1.1" 304 -
216.245.221.92 - - [11/Nov/2023:10:47:54 -0500] "HEAD / HTTP/1.1" 200 -
186.80.52.180 - - [11/Nov/2023:10:47:56 -0500] "POST /sipse/faces/presentacion/sistema/anexos/cargarAnexoSolicitudProceso.xhtml HTTP/1.1" 200 66170
186.80.52.180 - - [11/Nov/2023:10:47:57 -0500] "GET /sipse/faces/javax.faces.resource/theme.css?ln=primefaces-sipse HTTP/1.1" 304 -
186.80.52.180 - - [11/Nov/2023:10:47:57 -0500] "GET /sipse/faces/javax.faces.resource/primefaces.css?ln=primefaces&v=4.0 HTTP/1.1" 304 -
186.80.52.180 - - [11/Nov/2023:10:47:57 -0500] "GET /sipse/faces/javax.faces.resource/layout/layout.css?ln=primefaces&v=4.0 HTTP/1.1" 304 -
186.80.52.180 - - [11/Nov/2023:10:47:57 -0500] "GET /sipse/faces/javax.faces.resource/jquery/jquery.js?ln=primefaces&v=4.0 HTTP/1.1" 304 -
186.80.52.180 - - [11/Nov/2023:10:47:57 -0500] "GET /sipse/faces/javax.faces.resource/jquery/jquery-plugins.js?ln=primefaces&v=4.0 HTTP/1.1" 304 -
186.80.52.180 - - [11/Nov/2023:10:47:57 -0500] "GET /sipse/faces/javax.faces.resource/layout/layout.js?ln=primefaces&v=4.0 HTTP/1.1" 304 -
186.80.52.180 - - [11/Nov/2023:10:47:57 -0500] "GET /sipse/faces/javax.faces.resource/primefaces.js?ln=primefaces&v=4.0 HTTP/1.1" 304 -
186.80.52.180 - - [11/Nov/2023:10:47:59 -0500] "POST /sipse/faces/presentacion/financiero/solicitudProceso/crearModificarSolicitudProceso.xhtml HTTP/1.1" 200 65134
186.80.52.180 - - [11/Nov/2023:10:48:02 -0500] "GET /sipse/faces/javax.faces.resource/theme.css?ln=primefaces-sipse HTTP/1.1" 304 -
186.80.52.180 - - [11/Nov/2023:10:48:02 -0500] "GET /sipse/faces/javax.faces.resource/layout/layout.css?ln=primefaces&v=4.0 HTTP/1.1" 304 -
186.80.52.180 - - [11/Nov/2023:10:48:02 -0500] "GET /sipse/faces/javax.faces.resource/primefaces.css?ln=primefaces&v=4.0 HTTP/1.1" 304 -
186.80.52.180 - - [11/Nov/2023:10:48:02 -0500] "GET /sipse/faces/javax.faces.resource/jquery/jquery.js?ln=primefaces&v=4.0 HTTP/1.1" 304 -
186.80.52.180 - - [11/Nov/2023:10:48:02 -0500] "GET /sipse/faces/javax.faces.resource/jquery/jquery-plugins.js?ln=primefaces&v=4.0 HTTP/1.1" 304 -
186.80.52.180 - - [11/Nov/2023:10:48:02 -0500] "GET /sipse/faces/javax.faces.resource/primefaces.js?ln=primefaces&v=4.0 HTTP/1.1" 304 -
186.80.52.180 - - [11/Nov/2023:10:48:02 -0500] "GET /sipse/faces/javax.faces.resource/layout/layout.js?ln=primefaces&v=4.0 HTTP/1.1" 304 -
186.80.52.180 - - [11/Nov/2023:10:48:02 -0500] "POST /sipse/faces/presentacion/financiero/solicitudProceso/listarSolicitudProceso.xhtml HTTP/1.1" 200 1556
66.249.66.19 - - [11/Nov/2023:10:48:07 -0500] "GET /BLA/resoluciones/RESOLUCIONES%202009/5708.pdf HTTP/1.1" 200 448710
66.249.66.19 - - [11/Nov/2023:10:48:08 -0500] "GET /BLA/resoluciones/RESOLUCIONES%202009/6869.pdf HTTP/1.1" 200 282017
66.249.66.193 - - [11/Nov/2023:10:48:19 -0500] "GET /recuperado-zorro-cangrejero-que-era-tenido-ilegalmente-como-mascota-en-una-vivienda-del-sur-de-bogota.html HTTP/1.1" 200 801
66.249.66.193 - - [11/Nov/2023:10:48:20 -0500] "GET /recuperado-zorro-cangrejero-que-era-tenido-ilegalmente-como-mascota-en-una-vivienda-del-sur-de-bogota.html HTTP/1.1" 200 801
69.171.249.5 - - [11/Nov/2023:10:49:00 -0500] "GET /images/Zorro%20cangrejero.jpg HTTP/1.1" 200 40050
172.22.2.4 - - [11/Nov/2023:10:47:25 -0500] "HEAD /BLA/boletinlegal/ HTTP/1.1" 200 -
69.63.184.3 - - [11/Nov/2023:10:49:17 -0500] "GET /recuperado-zorro-cangrejero-que-era-tenido-ilegalmente-como-mascota-en-una-vivienda-del-sur-de-bogota.html HTTP/1.1" 200 801
66.249.66.20 - - [11/Nov/2023:10:49:20 -0500] "GET /BLA/resoluciones/RESOLUCIONES%202007/RES%202007%201%20AL%20100/RESOLUCION%200006%20DE%202007.pdf HTTP/1.1" 200 263078
186.28.141.68 - - [11/Nov/2023:10:49:25 -0500] "GET /BLA/resoluciones/ HTTP/1.1" 200 13696
173.252.79.117 - - [11/Nov/2023:10:49:26 -0500] "GET /recuperado-zorro-cangrejero-que-era-tenido-ilegalmente-como-mascota-en-una-vivienda-del-sur-de-bogota.html HTTP/1.1" 200 801
201.245.192.253 - - [11/Nov/2023:10:49:26 -0500] "POST /kwsrmcab/Wsrmcab  HTTP/1.1" 200 38506
186.28.141.68 - - [11/Nov/2023:10:49:31 -0500] "GET /BLA/resoluciones/index.php?dir=AUTOS+2016%2F HTTP/1.1" 200 331625
186.28.141.68 - - [11/Nov/2023:10:49:37 -0500] "GET /BLA/resoluciones/AUTOS%202016/2769.pdf HTTP/1.1" 200 476279
186.80.52.180 - - [11/Nov/2023:10:49:46 -0500] "POST /sipse/faces/presentacion/financiero/solicitudProceso/listarSolicitudProceso.xhtml HTTP/1.1" 200 16836
186.80.52.180 - - [11/Nov/2023:10:49:49 -0500] "POST /sipse/faces/presentacion/financiero/solicitudProceso/listarSolicitudProceso.xhtml HTTP/1.1" 200 107377
186.80.52.180 - - [11/Nov/2023:10:49:49 -0500] "GET /sipse/faces/javax.faces.resource/theme.css?ln=primefaces-sipse HTTP/1.1" 304 -
186.80.52.180 - - [11/Nov/2023:10:49:49 -0500] "GET /sipse/faces/javax.faces.resource/layout/layout.css?ln=primefaces&v=4.0 HTTP/1.1" 304 -
186.80.52.180 - - [11/Nov/2023:10:49:49 -0500] "GET /sipse/faces/javax.faces.resource/primefaces.css?ln=primefaces&v=4.0 HTTP/1.1" 304 -
186.80.52.180 - - [11/Nov/2023:10:49:49 -0500] "GET /sipse/faces/javax.faces.resource/jquery/jquery.js?ln=primefaces&v=4.0 HTTP/1.1" 304 -
186.80.52.180 - - [11/Nov/2023:10:49:49 -0500] "GET /sipse/faces/javax.faces.resource/jquery/jquery-plugins.js?ln=primefaces&v=4.0 HTTP/1.1" 304 -
186.80.52.180 - - [11/Nov/2023:10:49:49 -0500] "GET /sipse/faces/javax.faces.resource/primefaces.js?ln=primefaces&v=4.0 HTTP/1.1" 304 -
186.80.52.180 - - [11/Nov/2023:10:49:49 -0500] "GET /sipse/faces/javax.faces.resource/layout/layout.js?ln=primefaces&v=4.0 HTTP/1.1" 304 -
186.80.52.180 - - [11/Nov/2023:10:49:52 -0500] "POST /sipse/faces/presentacion/financiero/solicitudProceso/consultarSolicitudProceso.xhtml HTTP/1.1" 200 21217
186.80.52.180 - - [11/Nov/2023:10:49:53 -0500] "GET /sipse/faces/javax.faces.resource/primefaces.css?ln=primefaces&v=4.0 HTTP/1.1" 304 -
186.80.52.180 - - [11/Nov/2023:10:49:53 -0500] "GET /sipse/faces/javax.faces.resource/theme.css?ln=primefaces-sipse HTTP/1.1" 304 -
186.80.52.180 - - [11/Nov/2023:10:49:53 -0500] "GET /sipse/faces/javax.faces.resource/layout/layout.css?ln=primefaces&v=4.0 HTTP/1.1" 304 -
186.80.52.180 - - [11/Nov/2023:10:49:53 -0500] "GET /sipse/faces/javax.faces.resource/jquery/jquery.js?ln=primefaces&v=4.0 HTTP/1.1" 304 -
186.80.52.180 - - [11/Nov/2023:10:49:53 -0500] "GET /sipse/faces/javax.faces.resource/jquery/jquery-plugins.js?ln=primefaces&v=4.0 HTTP/1.1" 304 -
186.80.52.180 - - [11/Nov/2023:10:49:53 -0500] "GET /sipse/faces/javax.faces.resource/fileupload/fileupload.css?ln=primefaces&v=4.0 HTTP/1.1" 304 -
186.80.52.180 - - [11/Nov/2023:10:49:53 -0500] "GET /sipse/faces/javax.faces.resource/primefaces.js?ln=primefaces&v=4.0 HTTP/1.1" 304 -
186.80.52.180 - - [11/Nov/2023:10:49:53 -0500] "GET /sipse/faces/javax.faces.resource/layout/layout.js?ln=primefaces&v=4.0 HTTP/1.1" 304 -
186.80.52.180 - - [11/Nov/2023:10:49:53 -0500] "GET /sipse/faces/javax.faces.resource/fileupload/fileupload.js?ln=primefaces&v=4.0 HTTP/1.1" 304 -
172.22.2.4 - - [11/Nov/2023:10:48:15 -0500] "GET /BLA/boletinlegal/ HTTP/1.1" 200 58294
186.80.52.180 - - [11/Nov/2023:10:50:03 -0500] "GET /sipse/faces/javax.faces.resource/theme.css?ln=primefaces-sipse HTTP/1.1" 304 -
186.80.52.180 - - [11/Nov/2023:10:50:03 -0500] "GET /sipse/faces/javax.faces.resource/primefaces.css?ln=primefaces&v=4.0 HTTP/1.1" 304 -
186.80.52.180 - - [11/Nov/2023:10:50:03 -0500] "GET /sipse/faces/javax.faces.resource/layout/layout.css?ln=primefaces&v=4.0 HTTP/1.1" 304 -
186.80.52.180 - - [11/Nov/2023:10:50:03 -0500] "GET /sipse/faces/javax.faces.resource/jquery/jquery-plugins.js?ln=primefaces&v=4.0 HTTP/1.1" 304 -
186.80.52.180 - - [11/Nov/2023:10:50:03 -0500] "GET /sipse/faces/javax.faces.resource/jquery/jquery.js?ln=primefaces&v=4.0 HTTP/1.1" 304 -
186.80.52.180 - - [11/Nov/2023:10:50:03 -0500] "GET /sipse/faces/javax.faces.resource/layout/layout.js?ln=primefaces&v=4.0 HTTP/1.1" 304 -
186.80.52.180 - - [11/Nov/2023:10:50:03 -0500] "GET /sipse/faces/javax.faces.resource/primefaces.js?ln=primefaces&v=4.0 HTTP/1.1" 304 -
186.80.52.180 - - [11/Nov/2023:10:50:01 -0500] "POST /sipse/faces/presentacion/sistema/anexos/cargarAnexoSolicitudProceso.xhtml HTTP/1.1" 200 153240
40.77.167.60 - - [11/Nov/2023:10:51:07 -0500] "GET /BLA/resoluciones/Notificaciones/AUTOS%202017/03418.pdf HTTP/1.1" 200 329808
66.249.66.20 - - [11/Nov/2023:10:51:24 -0500] "GET /BLA/resoluciones/RESOLUCIONES%202009/6541.pdf HTTP/1.1" 200 435741
69.171.251.6 - - [11/Nov/2023:10:52:42 -0500] "GET /galeria/galeria/fotos/Entrenube1P.jpg HTTP/1.1" 200 6959
216.245.221.92 - - [11/Nov/2023:10:52:54 -0500] "HEAD / HTTP/1.1" 200 -
66.249.66.19 - - [11/Nov/2023:10:53:12 -0500] "GET /BLA/resoluciones/RESOLUCIONES%202010/6040.pdf HTTP/1.1" 200 42310
66.249.66.19 - - [11/Nov/2023:10:53:31 -0500] "GET /BLA/resoluciones/RESOLUCIONES%202012/1034.pdf HTTP/1.1" 200 601592
66.249.66.19 - - [11/Nov/2023:10:54:09 -0500] "GET /portel_dama/libreria/pdf/2.pdf HTTP/1.1" 404 1018
201.245.192.253 - - [11/Nov/2023:10:54:25 -0500] "POST /kwsrmcab/Wsrmcab  HTTP/1.1" 200 38506
172.22.2.4 - - [11/Nov/2023:10:53:15 -0500] "HEAD /BLA/boletinlegal/ HTTP/1.1" 200 -
103.59.207.224 - - [11/Nov/2023:10:55:03 -0500] "GET / HTTP/1.1" 200 319
66.249.66.194 - - [11/Nov/2023:10:55:03 -0500] "GET /recuperado-zorro-cangrejero-que-era-tenido-ilegalmente-como-mascota-en-una-vivienda-del-sur-de-bogota.html HTTP/1.1" 200 801
66.249.66.194 - - [11/Nov/2023:10:55:04 -0500] "GET /recuperado-zorro-cangrejero-que-era-tenido-ilegalmente-como-mascota-en-una-vivienda-del-sur-de-bogota.html HTTP/1.1" 200 801
172.22.2.4 - - [11/Nov/2023:10:54:05 -0500] "GET /BLA/boletinlegal/ HTTP/1.1" 200 59360
186.155.45.184 - - [11/Nov/2023:10:57:29 -0500] "GET /recuperado-zorro-cangrejero-que-era-tenido-ilegalmente-como-mascota-en-una-vivienda-del-sur-de-bogota.html HTTP/1.1" 200 801
216.245.221.92 - - [11/Nov/2023:10:57:54 -0500] "HEAD / HTTP/1.1" 200 -
186.80.52.180 - - [11/Nov/2023:10:58:12 -0500] "POST /sipse/faces/presentacion/financiero/solicitudProceso/consultarSolicitudProceso.xhtml HTTP/1.1" 200 21217
186.80.52.180 - - [11/Nov/2023:10:58:12 -0500] "GET /sipse/faces/javax.faces.resource/theme.css?ln=primefaces-sipse HTTP/1.1" 304 -
186.80.52.180 - - [11/Nov/2023:10:58:12 -0500] "GET /sipse/faces/javax.faces.resource/primefaces.css?ln=primefaces&v=4.0 HTTP/1.1" 304 -
186.80.52.180 - - [11/Nov/2023:10:58:12 -0500] "GET /sipse/faces/javax.faces.resource/layout/layout.css?ln=primefaces&v=4.0 HTTP/1.1" 304 -
186.80.52.180 - - [11/Nov/2023:10:58:12 -0500] "GET /sipse/faces/javax.faces.resource/fileupload/fileupload.css?ln=primefaces&v=4.0 HTTP/1.1" 304 -
186.80.52.180 - - [11/Nov/2023:10:58:12 -0500] "GET /sipse/faces/javax.faces.resource/jquery/jquery.js?ln=primefaces&v=4.0 HTTP/1.1" 304 -
186.80.52.180 - - [11/Nov/2023:10:58:12 -0500] "GET /sipse/faces/javax.faces.resource/jquery/jquery-plugins.js?ln=primefaces&v=4.0 HTTP/1.1" 304 -
186.80.52.180 - - [11/Nov/2023:10:58:12 -0500] "GET /sipse/faces/javax.faces.resource/layout/layout.js?ln=primefaces&v=4.0 HTTP/1.1" 304 -
186.80.52.180 - - [11/Nov/2023:10:58:12 -0500] "GET /sipse/faces/javax.faces.resource/primefaces.js?ln=primefaces&v=4.0 HTTP/1.1" 304 -
186.80.52.180 - - [11/Nov/2023:10:58:12 -0500] "GET /sipse/faces/javax.faces.resource/fileupload/fileupload.js?ln=primefaces&v=4.0 HTTP/1.1" 304 -
186.80.52.180 - - [11/Nov/2023:10:58:12 -0500] "GET /sipse/faces/javax.faces.resource/images/ui-icons_898989_256x240.png?ln=primefaces-aristo HTTP/1.1" 304 -
186.80.52.180 - - [11/Nov/2023:10:58:12 -0500] "GET /sipse/css/imagen/contrasena.png HTTP/1.1" 404 383
40.77.190.29 - - [11/Nov/2023:10:58:31 -0500] "GET /Autoliquidacion/dlf/styles.css HTTP/1.1" 200 3045
69.63.184.9 - - [11/Nov/2023:10:58:39 -0500] "GET /images/Zorro%20cangrejero.jpg HTTP/1.1" 200 40050
173.252.107.118 - - [11/Nov/2023:10:59:01 -0500] "GET /images/Zorro%20cangrejero.jpg HTTP/1.1" 200 40050
201.245.192.253 - - [11/Nov/2023:10:59:23 -0500] "POST /kwsrmcab/Wsrmcab  HTTP/1.1" 200 38506
66.249.66.19 - - [11/Nov/2023:11:00:13 -0500] "GET /BLA/resoluciones/AUTOS%202008/1501.pdf HTTP/1.1" 200 281129
69.63.184.9 - - [11/Nov/2023:11:00:15 -0500] "GET /indicadores-de-fauna-silvestre-en-el-observatorio-ambiental-de-bogota.html HTTP/1.1" 200 949
172.22.2.4 - - [11/Nov/2023:10:59:05 -0500] "HEAD /BLA/boletinlegal/ HTTP/1.1" 200 -
172.22.2.4 - - [11/Nov/2023:10:59:55 -0500] "GET /BLA/boletinlegal/ HTTP/1.1" 200 60634
186.84.90.177 - - [11/Nov/2023:11:01:38 -0500] "GET /recuperado-zorro-cangrejero-que-era-tenido-ilegalmente-como-mascota-en-una-vivienda-del-sur-de-bogota.html?fbclid=IwAR0PquElE-yMjGIsm1Wm5q_XFmDaCF5q4jISHIZSMbEwNW382sOeSgE1sOQ HTTP/1.1" 200 801
216.245.221.92 - - [11/Nov/2023:11:02:54 -0500] "HEAD / HTTP/1.1" 200 -
200.118.80.110 - - [11/Nov/2023:11:03:18 -0500] "GET /sipse/faces/presentacion/sistema/anexos/cargarAnexoSolicitudProceso.xhtml HTTP/1.1" 302 -
200.118.80.110 - - [11/Nov/2023:11:03:18 -0500] "GET /sipse/faces/autenticacion.xhtml HTTP/1.1" 200 12407
200.118.80.110 - - [11/Nov/2023:11:03:18 -0500] "GET /sipse/js/disable_browser_buttons.js HTTP/1.1" 200 3230
200.118.80.110 - - [11/Nov/2023:11:03:18 -0500] "GET /sipse/js/funciones.js HTTP/1.1" 200 12592
200.118.80.110 - - [11/Nov/2023:11:03:18 -0500] "GET /sipse/faces/javax.faces.resource/primefaces.css?ln=primefaces&v=4.0 HTTP/1.1" 304 -
200.118.80.110 - - [11/Nov/2023:11:03:18 -0500] "GET /sipse/css/custom_css_sg.css HTTP/1.1" 200 9694
200.118.80.110 - - [11/Nov/2023:11:03:18 -0500] "GET /sipse/faces/javax.faces.resource/layout/layout.css?ln=primefaces&v=4.0 HTTP/1.1" 304 -
200.118.80.110 - - [11/Nov/2023:11:03:18 -0500] "GET /sipse/faces/javax.faces.resource/theme.css?ln=primefaces-sipse HTTP/1.1" 304 -
200.118.80.110 - - [11/Nov/2023:11:03:18 -0500] "GET /sipse/css/custom_css_sg_prime_login.css HTTP/1.1" 200 443
200.118.80.110 - - [11/Nov/2023:11:03:18 -0500] "GET /sipse/faces/javax.faces.resource/jquery/jquery.js?ln=primefaces&v=4.0 HTTP/1.1" 304 -
200.118.80.110 - - [11/Nov/2023:11:03:18 -0500] "GET /sipse/faces/javax.faces.resource/jquery/jquery-plugins.js?ln=primefaces&v=4.0 HTTP/1.1" 304 -
200.118.80.110 - - [11/Nov/2023:11:03:18 -0500] "GET /sipse/faces/javax.faces.resource/primefaces.js?ln=primefaces&v=4.0 HTTP/1.1" 304 -
200.118.80.110 - - [11/Nov/2023:11:03:18 -0500] "GET /sipse/faces/javax.faces.resource/layout/layout.js?ln=primefaces&v=4.0 HTTP/1.1" 304 -
200.118.80.110 - - [11/Nov/2023:11:03:18 -0500] "GET /sipse/css/imagen/logoSDG.png HTTP/1.1" 200 53064
200.118.80.110 - - [11/Nov/2023:11:03:18 -0500] "GET /sipse/css/imagen/loginimg.png HTTP/1.1" 200 71635
200.118.80.110 - - [11/Nov/2023:11:03:18 -0500] "GET /sipse/faces/javax.faces.resource/images/ui-icons_898989_256x240.png?ln=primefaces-aristo HTTP/1.1" 304 -
200.118.80.110 - - [11/Nov/2023:11:03:19 -0500] "GET /sipse/faces/index.xhtml HTTP/1.1" 200 677
200.118.80.110 - - [11/Nov/2023:11:03:19 -0500] "GET /sipse/faces/javax.faces.resource/theme.css?ln=primefaces-sipse HTTP/1.1" 304 -
200.118.80.110 - - [11/Nov/2023:11:03:19 -0500] "GET /sipse/faces/faces/autenticacion.xhtml HTTP/1.1" 200 12407
200.118.80.110 - - [11/Nov/2023:11:03:19 -0500] "GET /sipse/faces/javax.faces.resource/theme.css?ln=primefaces-sipse HTTP/1.1" 304 -
200.118.80.110 - - [11/Nov/2023:11:03:19 -0500] "GET /sipse/faces/javax.faces.resource/jquery/jquery.js?ln=primefaces&v=4.0 HTTP/1.1" 304 -
200.118.80.110 - - [11/Nov/2023:11:03:19 -0500] "GET /sipse/faces/javax.faces.resource/primefaces.css?ln=primefaces&v=4.0 HTTP/1.1" 304 -
200.118.80.110 - - [11/Nov/2023:11:03:19 -0500] "GET /sipse/faces/javax.faces.resource/layout/layout.css?ln=primefaces&v=4.0 HTTP/1.1" 304 -
200.118.80.110 - - [11/Nov/2023:11:03:19 -0500] "GET /sipse/faces/javax.faces.resource/primefaces.js?ln=primefaces&v=4.0 HTTP/1.1" 304 -
200.118.80.110 - - [11/Nov/2023:11:03:19 -0500] "GET /sipse/faces/javax.faces.resource/jquery/jquery-plugins.js?ln=primefaces&v=4.0 HTTP/1.1" 304 -
200.118.80.110 - - [11/Nov/2023:11:03:19 -0500] "GET /sipse/faces/javax.faces.resource/layout/layout.js?ln=primefaces&v=4.0 HTTP/1.1" 304 -
200.118.80.110 - - [11/Nov/2023:11:03:24 -0500] "POST /sipse/faces/autenticacion.xhtml HTTP/1.1" 200 2224
200.118.80.110 - - [11/Nov/2023:11:03:24 -0500] "GET /sipse/faces/javax.faces.resource/messages/messages.png?ln=primefaces&v=4.0 HTTP/1.1" 304 -
200.118.80.110 - - [11/Nov/2023:11:03:25 -0500] "GET /sipse/faces/javax.faces.resource/images/ui-icons_898989_256x240.png?ln=primefaces-aristo HTTP/1.1" 304 -
200.118.80.110 - - [11/Nov/2023:11:03:26 -0500] "POST /sipse/faces/autenticacion.xhtml HTTP/1.1" 200 16475
200.118.80.110 - - [11/Nov/2023:11:03:26 -0500] "GET /sipse/css/custom_css_sg_prime.css HTTP/1.1" 200 5201
200.118.80.110 - - [11/Nov/2023:11:03:26 -0500] "GET /sipse/faces/javax.faces.resource/theme.css?ln=primefaces-sipse HTTP/1.1" 304 -
200.118.80.110 - - [11/Nov/2023:11:03:26 -0500] "GET /sipse/faces/javax.faces.resource/primefaces.css?ln=primefaces&v=4.0 HTTP/1.1" 304 -
200.118.80.110 - - [11/Nov/2023:11:03:26 -0500] "GET /sipse/faces/javax.faces.resource/layout/layout.css?ln=primefaces&v=4.0 HTTP/1.1" 304 -
200.118.80.110 - - [11/Nov/2023:11:03:26 -0500] "GET /sipse/js/jquery.min.js HTTP/1.1" 200 85582
200.118.80.110 - - [11/Nov/2023:11:03:26 -0500] "GET /sipse/faces/javax.faces.resource/jquery/jquery.js?ln=primefaces&v=4.0 HTTP/1.1" 304 -
200.118.80.110 - - [11/Nov/2023:11:03:26 -0500] "GET /sipse/faces/javax.faces.resource/jquery/jquery-plugins.js?ln=primefaces&v=4.0 HTTP/1.1" 304 -
200.118.80.110 - - [11/Nov/2023:11:03:26 -0500] "GET /sipse/faces/javax.faces.resource/primefaces.js?ln=primefaces&v=4.0 HTTP/1.1" 304 -
200.118.80.110 - - [11/Nov/2023:11:03:26 -0500] "GET /sipse/faces/javax.faces.resource/layout/layout.js?ln=primefaces&v=4.0 HTTP/1.1" 304 -
200.118.80.110 - - [11/Nov/2023:11:03:26 -0500] "GET /sipse/css/v_mergente.css HTTP/1.1" 200 1505
200.118.80.110 - - [11/Nov/2023:11:03:26 -0500] "GET /sipse/css/imagen/contrasena.png HTTP/1.1" 404 383
200.118.80.110 - - [11/Nov/2023:11:03:26 -0500] "GET /sipse/imagenes/logoAplicacion.jpg HTTP/1.1" 200 155084
200.118.80.110 - - [11/Nov/2023:11:03:26 -0500] "GET /sipse/imagenes/cargando.gif HTTP/1.1" 200 36959
200.118.80.110 - - [11/Nov/2023:11:03:30 -0500] "GET /sipse/faces/javax.faces.resource/images/ui-bg_flat_0_2d5972_40x100.png?ln=primefaces-aristo HTTP/1.1" 304 -
200.118.80.110 - - [11/Nov/2023:11:03:30 -0500] "POST /sipse/faces/bienvenido.xhtml HTTP/1.1" 200 2658
200.118.80.110 - - [11/Nov/2023:11:03:32 -0500] "POST /sipse/faces/bienvenido.xhtml HTTP/1.1" 200 65548
200.118.80.110 - - [11/Nov/2023:11:03:33 -0500] "GET /sipse/faces/javax.faces.resource/theme.css?ln=primefaces-sipse HTTP/1.1" 304 -
200.118.80.110 - - [11/Nov/2023:11:03:33 -0500] "GET /sipse/faces/javax.faces.resource/primefaces.css?ln=primefaces&v=4.0 HTTP/1.1" 304 -
200.118.80.110 - - [11/Nov/2023:11:03:33 -0500] "GET /sipse/faces/javax.faces.resource/layout/layout.css?ln=primefaces&v=4.0 HTTP/1.1" 304 -
200.118.80.110 - - [11/Nov/2023:11:03:33 -0500] "GET /sipse/faces/javax.faces.resource/jquery/jquery.js?ln=primefaces&v=4.0 HTTP/1.1" 304 -
200.118.80.110 - - [11/Nov/2023:11:03:33 -0500] "GET /sipse/faces/javax.faces.resource/jquery/jquery-plugins.js?ln=primefaces&v=4.0 HTTP/1.1" 304 -
200.118.80.110 - - [11/Nov/2023:11:03:33 -0500] "GET /sipse/faces/javax.faces.resource/primefaces.js?ln=primefaces&v=4.0 HTTP/1.1" 304 -
200.118.80.110 - - [11/Nov/2023:11:03:33 -0500] "GET /sipse/faces/javax.faces.resource/layout/layout.js?ln=primefaces&v=4.0 HTTP/1.1" 304 -
200.118.80.110 - - [11/Nov/2023:11:03:34 -0500] "POST /sipse/faces/presentacion/financiero/solicitudProceso/listarSolicitudProceso.xhtml HTTP/1.1" 200 1556
200.118.80.110 - - [11/Nov/2023:11:03:38 -0500] "POST /sipse/faces/presentacion/financiero/solicitudProceso/listarSolicitudProceso.xhtml HTTP/1.1" 200 18614
201.245.192.253 - - [11/Nov/2023:11:04:22 -0500] "POST /kwsrmcab/Wsrmcab  HTTP/1.1" 200 38506
200.118.80.110 - - [11/Nov/2023:11:05:21 -0500] "POST /sipse/faces/presentacion/financiero/solicitudProceso/listarSolicitudProceso.xhtml HTTP/1.1" 200 45482
200.118.80.110 - - [11/Nov/2023:11:05:23 -0500] "POST /sipse/faces/presentacion/financiero/solicitudProceso/listarSolicitudProceso.xhtml HTTP/1.1" 200 18982
172.22.2.4 - - [11/Nov/2023:11:05:29 -0500] "GET /BLA/boletinlegal/actos.php HTTP/1.1" 200 9682
200.118.80.110 - - [11/Nov/2023:11:05:35 -0500] "POST /sipse/faces/presentacion/financiero/solicitudProceso/listarSolicitudProceso.xhtml HTTP/1.1" 200 116726
200.118.80.110 - - [11/Nov/2023:11:05:35 -0500] "GET /sipse/faces/javax.faces.resource/theme.css?ln=primefaces-sipse HTTP/1.1" 304 -
200.118.80.110 - - [11/Nov/2023:11:05:35 -0500] "GET /sipse/faces/javax.faces.resource/primefaces.css?ln=primefaces&v=4.0 HTTP/1.1" 304 -
200.118.80.110 - - [11/Nov/2023:11:05:35 -0500] "GET /sipse/faces/javax.faces.resource/layout/layout.css?ln=primefaces&v=4.0 HTTP/1.1" 304 -
200.118.80.110 - - [11/Nov/2023:11:05:35 -0500] "GET /sipse/css/imagen/contrasena.png HTTP/1.1" 404 383
200.118.80.110 - - [11/Nov/2023:11:05:35 -0500] "GET /sipse/faces/javax.faces.resource/jquery/jquery.js?ln=primefaces&v=4.0 HTTP/1.1" 304 -
200.118.80.110 - - [11/Nov/2023:11:05:35 -0500] "GET /sipse/faces/javax.faces.resource/jquery/jquery-plugins.js?ln=primefaces&v=4.0 HTTP/1.1" 304 -
200.118.80.110 - - [11/Nov/2023:11:05:35 -0500] "GET /sipse/faces/javax.faces.resource/primefaces.js?ln=primefaces&v=4.0 HTTP/1.1" 304 -
200.118.80.110 - - [11/Nov/2023:11:05:35 -0500] "GET /sipse/faces/javax.faces.resource/layout/layout.js?ln=primefaces&v=4.0 HTTP/1.1" 304 -
173.252.107.117 - - [11/Nov/2023:11:06:26 -0500] "GET /recuperado-zorro-cangrejero-que-era-tenido-ilegalmente-como-mascota-en-una-vivienda-del-sur-de-bogota.html HTTP/1.1" 206 801
173.252.107.119 - - [11/Nov/2023:11:06:27 -0500] "GET /recuperado-zorro-cangrejero-que-era-tenido-ilegalmente-como-mascota-en-una-vivienda-del-sur-de-bogota.html HTTP/1.1" 200 801
186.102.18.79 - - [11/Nov/2023:11:06:28 -0500] "GET /recuperado-zorro-cangrejero-que-era-tenido-ilegalmente-como-mascota-en-una-vivienda-del-sur-de-bogota.html HTTP/1.1" 200 801
172.22.2.4 - - [11/Nov/2023:11:05:30 -0500] "GET /BLA/boletinlegal/ HTTP/1.1" 200 32715
173.252.107.120 - - [11/Nov/2023:11:06:31 -0500] "GET /recuperado-zorro-cangrejero-que-era-tenido-ilegalmente-como-mascota-en-una-vivienda-del-sur-de-bogota.html HTTP/1.1" 200 801
