186.86.32.107 - - [12/Nov/2023:13:48:06 -0500] "POST /sipse/faces/presentacion/financiero/solicitudProceso/listarSolicitudProceso.xhtml HTTP/1.1" 200 1376
186.86.32.107 - - [12/Nov/2023:13:48:06 -0500] "POST /sipse/faces/presentacion/financiero/solicitudProceso/listarSolicitudProceso.xhtml HTTP/1.1" 200 1376
186.86.32.107 - - [12/Nov/2023:13:48:06 -0500] "POST /sipse/faces/presentacion/financiero/solicitudProceso/listarSolicitudProceso.xhtml HTTP/1.1" 200 1376
186.86.32.107 - - [12/Nov/2023:13:48:06 -0500] "POST /sipse/faces/presentacion/financiero/solicitudProceso/listarSolicitudProceso.xhtml HTTP/1.1" 200 1376
186.86.32.107 - - [12/Nov/2023:13:48:06 -0500] "POST /sipse/faces/presentacion/financiero/solicitudProceso/listarSolicitudProceso.xhtml HTTP/1.1" 200 1376
186.86.32.107 - - [12/Nov/2023:13:48:06 -0500] "POST /sipse/faces/presentacion/financiero/solicitudProceso/listarSolicitudProceso.xhtml HTTP/1.1" 200 1376
186.86.32.107 - - [12/Nov/2023:13:48:20 -0500] "POST /sipse/faces/presentacion/financiero/solicitudProceso/listarSolicitudProceso.xhtml HTTP/1.1" 200 911
186.86.32.107 - - [12/Nov/2023:13:48:21 -0500] "GET /sipse/faces/faces/autenticacion HTTP/1.1" 302 -
186.86.32.107 - - [12/Nov/2023:13:48:21 -0500] "GET /sipse/faces/autenticacion.xhtml HTTP/1.1" 200 12407
186.86.32.107 - - [12/Nov/2023:13:48:21 -0500] "GET /sipse/faces/javax.faces.resource/theme.css?ln=primefaces-sipse HTTP/1.1" 304 -
186.86.32.107 - - [12/Nov/2023:13:48:21 -0500] "GET /sipse/faces/javax.faces.resource/primefaces.css?ln=primefaces&v=4.0 HTTP/1.1" 304 -
186.86.32.107 - - [12/Nov/2023:13:48:21 -0500] "GET /sipse/faces/javax.faces.resource/layout/layout.css?ln=primefaces&v=4.0 HTTP/1.1" 304 -
186.86.32.107 - - [12/Nov/2023:13:48:21 -0500] "GET /sipse/faces/javax.faces.resource/jquery/jquery.js?ln=primefaces&v=4.0 HTTP/1.1" 304 -
186.86.32.107 - - [12/Nov/2023:13:48:21 -0500] "GET /sipse/faces/javax.faces.resource/primefaces.js?ln=primefaces&v=4.0 HTTP/1.1" 304 -
186.86.32.107 - - [12/Nov/2023:13:48:21 -0500] "GET /sipse/faces/javax.faces.resource/jquery/jquery-plugins.js?ln=primefaces&v=4.0 HTTP/1.1" 304 -
186.86.32.107 - - [12/Nov/2023:13:48:21 -0500] "GET /sipse/faces/javax.faces.resource/layout/layout.js?ln=primefaces&v=4.0 HTTP/1.1" 304 -
186.86.32.107 - - [12/Nov/2023:13:48:25 -0500] "POST /sipse/faces/autenticacion.xhtml HTTP/1.1" 200 16903
186.86.32.107 - - [12/Nov/2023:13:48:25 -0500] "GET /sipse/faces/javax.faces.resource/theme.css?ln=primefaces-sipse HTTP/1.1" 304 -
186.86.32.107 - - [12/Nov/2023:13:48:25 -0500] "GET /sipse/faces/javax.faces.resource/layout/layout.css?ln=primefaces&v=4.0 HTTP/1.1" 304 -
186.86.32.107 - - [12/Nov/2023:13:48:25 -0500] "GET /sipse/faces/javax.faces.resource/primefaces.css?ln=primefaces&v=4.0 HTTP/1.1" 304 -
186.86.32.107 - - [12/Nov/2023:13:48:25 -0500] "GET /sipse/faces/javax.faces.resource/jquery/jquery.js?ln=primefaces&v=4.0 HTTP/1.1" 304 -
186.86.32.107 - - [12/Nov/2023:13:48:25 -0500] "GET /sipse/faces/javax.faces.resource/jquery/jquery-plugins.js?ln=primefaces&v=4.0 HTTP/1.1" 304 -
186.86.32.107 - - [12/Nov/2023:13:48:25 -0500] "GET /sipse/faces/javax.faces.resource/primefaces.js?ln=primefaces&v=4.0 HTTP/1.1" 304 -
186.86.32.107 - - [12/Nov/2023:13:48:25 -0500] "GET /sipse/faces/javax.faces.resource/layout/layout.js?ln=primefaces&v=4.0 HTTP/1.1" 304 -
186.86.32.107 - - [12/Nov/2023:13:48:28 -0500] "POST /sipse/faces/bienvenido.xhtml HTTP/1.1" 200 2658
186.86.32.107 - - [12/Nov/2023:13:48:29 -0500] "POST /sipse/faces/bienvenido.xhtml HTTP/1.1" 200 33155
186.86.32.107 - - [12/Nov/2023:13:48:30 -0500] "GET /sipse/faces/javax.faces.resource/layout/layout.css?ln=primefaces&v=4.0 HTTP/1.1" 304 -
186.86.32.107 - - [12/Nov/2023:13:48:30 -0500] "GET /sipse/faces/javax.faces.resource/theme.css?ln=primefaces-sipse HTTP/1.1" 304 -
186.86.32.107 - - [12/Nov/2023:13:48:30 -0500] "GET /sipse/faces/javax.faces.resource/primefaces.css?ln=primefaces&v=4.0 HTTP/1.1" 304 -
186.86.32.107 - - [12/Nov/2023:13:48:30 -0500] "GET /sipse/faces/javax.faces.resource/jquery/jquery.js?ln=primefaces&v=4.0 HTTP/1.1" 304 -
186.86.32.107 - - [12/Nov/2023:13:48:30 -0500] "GET /sipse/faces/javax.faces.resource/jquery/jquery-plugins.js?ln=primefaces&v=4.0 HTTP/1.1" 304 -
186.86.32.107 - - [12/Nov/2023:13:48:30 -0500] "GET /sipse/faces/javax.faces.resource/primefaces.js?ln=primefaces&v=4.0 HTTP/1.1" 304 -
186.86.32.107 - - [12/Nov/2023:13:48:30 -0500] "GET /sipse/faces/javax.faces.resource/layout/layout.js?ln=primefaces&v=4.0 HTTP/1.1" 304 -
186.86.32.107 - - [12/Nov/2023:13:48:30 -0500] "POST /sipse/faces/presentacion/financiero/solicitudProceso/listarSolicitudProceso.xhtml HTTP/1.1" 200 1372
186.86.32.107 - - [12/Nov/2023:13:48:36 -0500] "POST /sipse/faces/presentacion/financiero/solicitudProceso/listarSolicitudProceso.xhtml HTTP/1.1" 200 911
186.86.32.107 - - [12/Nov/2023:13:48:38 -0500] "GET /sipse/faces/faces/autenticacion HTTP/1.1" 302 -
186.86.32.107 - - [12/Nov/2023:13:48:38 -0500] "GET /sipse/faces/autenticacion.xhtml HTTP/1.1" 200 12407
186.86.32.107 - - [12/Nov/2023:13:48:38 -0500] "GET /sipse/faces/javax.faces.resource/primefaces.css?ln=primefaces&v=4.0 HTTP/1.1" 304 -
186.86.32.107 - - [12/Nov/2023:13:48:38 -0500] "GET /sipse/faces/javax.faces.resource/theme.css?ln=primefaces-sipse HTTP/1.1" 304 -
186.86.32.107 - - [12/Nov/2023:13:48:38 -0500] "GET /sipse/faces/javax.faces.resource/jquery/jquery.js?ln=primefaces&v=4.0 HTTP/1.1" 304 -
186.86.32.107 - - [12/Nov/2023:13:48:38 -0500] "GET /sipse/faces/javax.faces.resource/layout/layout.css?ln=primefaces&v=4.0 HTTP/1.1" 304 -
186.86.32.107 - - [12/Nov/2023:13:48:38 -0500] "GET /sipse/faces/javax.faces.resource/jquery/jquery-plugins.js?ln=primefaces&v=4.0 HTTP/1.1" 304 -
186.86.32.107 - - [12/Nov/2023:13:48:38 -0500] "GET /sipse/faces/javax.faces.resource/layout/layout.js?ln=primefaces&v=4.0 HTTP/1.1" 304 -
186.86.32.107 - - [12/Nov/2023:13:48:38 -0500] "GET /sipse/faces/javax.faces.resource/primefaces.js?ln=primefaces&v=4.0 HTTP/1.1" 304 -
186.86.32.107 - - [12/Nov/2023:13:48:41 -0500] "POST /sipse/faces/autenticacion.xhtml HTTP/1.1" 200 16903
186.86.32.107 - - [12/Nov/2023:13:48:41 -0500] "GET /sipse/faces/javax.faces.resource/theme.css?ln=primefaces-sipse HTTP/1.1" 304 -
186.86.32.107 - - [12/Nov/2023:13:48:41 -0500] "GET /sipse/faces/javax.faces.resource/primefaces.css?ln=primefaces&v=4.0 HTTP/1.1" 304 -
186.86.32.107 - - [12/Nov/2023:13:48:41 -0500] "GET /sipse/faces/javax.faces.resource/layout/layout.css?ln=primefaces&v=4.0 HTTP/1.1" 304 -
186.86.32.107 - - [12/Nov/2023:13:48:41 -0500] "GET /sipse/faces/javax.faces.resource/jquery/jquery.js?ln=primefaces&v=4.0 HTTP/1.1" 304 -
186.86.32.107 - - [12/Nov/2023:13:48:41 -0500] "GET /sipse/faces/javax.faces.resource/jquery/jquery-plugins.js?ln=primefaces&v=4.0 HTTP/1.1" 304 -
186.86.32.107 - - [12/Nov/2023:13:48:41 -0500] "GET /sipse/faces/javax.faces.resource/primefaces.js?ln=primefaces&v=4.0 HTTP/1.1" 304 -
186.86.32.107 - - [12/Nov/2023:13:48:41 -0500] "GET /sipse/faces/javax.faces.resource/layout/layout.js?ln=primefaces&v=4.0 HTTP/1.1" 304 -
186.86.32.107 - - [12/Nov/2023:13:48:47 -0500] "POST /sipse/faces/bienvenido.xhtml HTTP/1.1" 200 2658
186.86.32.107 - - [12/Nov/2023:13:48:48 -0500] "POST /sipse/faces/bienvenido.xhtml HTTP/1.1" 200 33155
186.86.32.107 - - [12/Nov/2023:13:48:48 -0500] "GET /sipse/faces/javax.faces.resource/theme.css?ln=primefaces-sipse HTTP/1.1" 304 -
186.86.32.107 - - [12/Nov/2023:13:48:48 -0500] "GET /sipse/faces/javax.faces.resource/primefaces.css?ln=primefaces&v=4.0 HTTP/1.1" 304 -
186.86.32.107 - - [12/Nov/2023:13:48:48 -0500] "GET /sipse/faces/javax.faces.resource/layout/layout.css?ln=primefaces&v=4.0 HTTP/1.1" 304 -
186.86.32.107 - - [12/Nov/2023:13:48:48 -0500] "GET /sipse/faces/javax.faces.resource/jquery/jquery.js?ln=primefaces&v=4.0 HTTP/1.1" 304 -
186.86.32.107 - - [12/Nov/2023:13:48:48 -0500] "GET /sipse/faces/javax.faces.resource/jquery/jquery-plugins.js?ln=primefaces&v=4.0 HTTP/1.1" 304 -
186.86.32.107 - - [12/Nov/2023:13:48:48 -0500] "GET /sipse/faces/javax.faces.resource/primefaces.js?ln=primefaces&v=4.0 HTTP/1.1" 304 -
186.86.32.107 - - [12/Nov/2023:13:48:48 -0500] "GET /sipse/faces/javax.faces.resource/layout/layout.js?ln=primefaces&v=4.0 HTTP/1.1" 304 -
186.86.32.107 - - [12/Nov/2023:13:48:48 -0500] "POST /sipse/faces/presentacion/financiero/solicitudProceso/listarSolicitudProceso.xhtml HTTP/1.1" 200 1372
172.22.2.4 - - [12/Nov/2023:13:49:09 -0500] "HEAD /BLA/boletinlegal/ HTTP/1.1" 200 -
94.102.61.10 - - [12/Nov/2023:13:51:05 -0500] "GET / HTTP/1.1" 200 319
172.22.2.4 - - [12/Nov/2023:13:49:59 -0500] "GET /BLA/boletinlegal/ HTTP/1.1" 200 58294
201.245.192.253 - - [12/Nov/2023:13:51:39 -0500] "POST /kwsrmcab/Wsrmcab  HTTP/1.1" 200 40720
40.77.167.35 - - [12/Nov/2023:13:52:23 -0500] "GET /BLA/resoluciones/AUTOS%202023/3188.pdf HTTP/1.1" 200 429010
216.245.221.92 - - [12/Nov/2023:13:52:51 -0500] "HEAD / HTTP/1.1" 200 -
173.252.127.22 - - [12/Nov/2023:13:55:56 -0500] "GET /agendate-para-participar-en-las-caminatas-ecologicas-de-febrero.html HTTP/1.1" 200 830
172.22.2.4 - - [12/Nov/2023:13:56:04 -0500] "GET /BLA/boletinlegal/actos.php HTTP/1.1" 200 9682
172.22.2.4 - - [12/Nov/2023:13:56:04 -0500] "GET /BLA/boletinlegal/styles2.css HTTP/1.1" 200 1838
172.22.2.4 - - [12/Nov/2023:13:56:04 -0500] "GET /BLA/boletinlegal/js/ajax_actos.js HTTP/1.1" 200 1322
172.22.2.4 - - [12/Nov/2023:13:56:04 -0500] "GET /BLA/boletinlegal/niceforms-default.css HTTP/1.1" 200 6694
172.22.2.4 - - [12/Nov/2023:13:56:04 -0500] "GET /BLA/boletinlegal/style.css HTTP/1.1" 200 9406
172.22.2.4 - - [12/Nov/2023:13:56:04 -0500] "GET /BLA/boletinlegal/niceforms.js HTTP/1.1" 200 22876
172.22.2.4 - - [12/Nov/2023:13:56:04 -0500] "GET /BLA/boletinlegal/js/lib.js HTTP/1.1" 200 6474
172.22.2.4 - - [12/Nov/2023:13:56:04 -0500] "GET /BLA/boletinlegal/js/popup.js HTTP/1.1" 200 1270
172.22.2.4 - - [12/Nov/2023:13:56:04 -0500] "GET /BLA/boletinlegal/js/jquery1.js HTTP/1.1" 200 29846
172.22.2.4 - - [12/Nov/2023:13:56:04 -0500] "GET /BLA/boletinlegal/images/cabezote%20BLEGAL.jpg HTTP/1.1" 200 118164
172.22.2.4 - - [12/Nov/2023:13:56:04 -0500] "GET /BLA/boletinlegal/images/subscribe-icon-big.png HTTP/1.1" 200 47702
172.22.2.4 - - [12/Nov/2023:13:56:04 -0500] "GET /BLA/boletinlegal/images/historia.png HTTP/1.1" 200 52775
172.22.2.4 - - [12/Nov/2023:13:56:04 -0500] "GET /BLA/boletinlegal/images/registro-usuarios.png HTTP/1.1" 200 8106
172.22.2.4 - - [12/Nov/2023:13:56:04 -0500] "GET /BLA/boletinlegal/images/green-yellow-blue-pink-th.png HTTP/1.1" 200 7394
172.22.2.4 - - [12/Nov/2023:13:56:04 -0500] "GET /BLA/boletinlegal/images/icono-email.png HTTP/1.1" 200 5544
172.22.2.4 - - [12/Nov/2023:13:56:04 -0500] "GET /BLA/boletinlegal/images/tel.png HTTP/1.1" 200 14477
172.22.2.4 - - [12/Nov/2023:13:56:04 -0500] "GET /BLA/boletinlegal/images/body_bg.jpg HTTP/1.1" 200 1601
172.22.2.4 - - [12/Nov/2023:13:56:04 -0500] "GET /BLA/boletinlegal/images/menu_lft.gif HTTP/1.1" 200 1713
172.22.2.4 - - [12/Nov/2023:13:56:04 -0500] "GET /BLA/boletinlegal/images/menu_rght.gif HTTP/1.1" 200 1627
172.22.2.4 - - [12/Nov/2023:13:56:04 -0500] "GET /BLA/boletinlegal/images/bg_top.jpg HTTP/1.1" 200 522
172.22.2.4 - - [12/Nov/2023:13:56:04 -0500] "GET /BLA/boletinlegal/images/hover.jpg HTTP/1.1" 200 640
172.22.2.4 - - [12/Nov/2023:13:56:04 -0500] "GET /BLA/boletinlegal/images/menu_bg.jpg HTTP/1.1" 200 620
172.22.2.4 - - [12/Nov/2023:13:56:04 -0500] "GET /BLA/boletinlegal/images/text.jpg HTTP/1.1" 200 568
172.22.2.4 - - [12/Nov/2023:13:56:04 -0500] "GET /BLA/boletinlegal/images/footer_bg.jpg HTTP/1.1" 200 586
172.22.2.4 - - [12/Nov/2023:13:56:04 -0500] "GET /BLA/boletinlegal/images/footer_bg_l.jpg HTTP/1.1" 200 776
172.22.2.4 - - [12/Nov/2023:13:56:05 -0500] "GET /BLA/boletinlegal/img/0.png HTTP/1.1" 200 110
172.22.2.4 - - [12/Nov/2023:13:56:05 -0500] "GET /BLA/boletinlegal/img/select-left.png HTTP/1.1" 200 263
172.22.2.4 - - [12/Nov/2023:13:56:05 -0500] "GET /BLA/boletinlegal/img/select-right.png HTTP/1.1" 200 44019
172.22.2.4 - - [12/Nov/2023:13:56:05 -0500] "GET /BLA/boletinlegal/img/button-left.png HTTP/1.1" 200 57071
172.22.2.4 - - [12/Nov/2023:13:56:05 -0500] "GET /BLA/boletinlegal/img/button-right.png HTTP/1.1" 200 57878
172.22.2.4 - - [12/Nov/2023:13:56:05 -0500] "GET /BLA/boletinlegal/img/button.png HTTP/1.1" 200 43241
172.22.2.4 - - [12/Nov/2023:13:56:05 -0500] "GET /BLA/boletinlegal/favicon.ico HTTP/1.1" 404 1326
172.22.2.4 - - [12/Nov/2023:13:56:06 -0500] "GET /BLA/boletinlegal/jurisprudencia/analisis/AnalisisT-606-15.docx HTTP/1.1" 200 26698
172.22.2.4 - - [12/Nov/2023:13:56:06 -0500] "GET /BLA/boletinlegal/apple-touch-icon-120x120-precomposed.png HTTP/1.1" 404 1140
172.22.2.4 - - [12/Nov/2023:13:56:06 -0500] "GET /BLA/boletinlegal/apple-touch-icon-120x120.png HTTP/1.1" 404 1140
172.22.2.4 - - [12/Nov/2023:13:56:06 -0500] "GET /BLA/boletinlegal/apple-touch-icon-precomposed.png HTTP/1.1" 404 1140
172.22.2.4 - - [12/Nov/2023:13:56:06 -0500] "GET /BLA/boletinlegal/apple-touch-icon.png HTTP/1.1" 404 1140
172.22.2.4 - - [12/Nov/2023:13:56:06 -0500] "GET /BLA/boletinlegal/favicon.ico HTTP/1.1" 404 1140
172.22.2.4 - - [12/Nov/2023:13:56:06 -0500] "GET /BLA/boletinlegal/apple-touch-icon-120x120-precomposed.png HTTP/1.1" 404 1140
172.22.2.4 - - [12/Nov/2023:13:56:06 -0500] "GET /BLA/boletinlegal/apple-touch-icon-120x120.png HTTP/1.1" 404 1140
172.22.2.4 - - [12/Nov/2023:13:56:06 -0500] "GET /BLA/boletinlegal/apple-touch-icon-precomposed.png HTTP/1.1" 404 1140
172.22.2.4 - - [12/Nov/2023:13:56:06 -0500] "GET /BLA/boletinlegal/apple-touch-icon.png HTTP/1.1" 404 1140
172.22.2.4 - - [12/Nov/2023:13:56:06 -0500] "GET /BLA/boletinlegal/favicon.ico HTTP/1.1" 404 1140
186.28.124.214 - - [12/Nov/2023:13:56:07 -0500] "GET /BLA/resoluciones/ HTTP/1.1" 200 13696
186.28.124.214 - - [12/Nov/2023:13:56:07 -0500] "GET /BLA/resoluciones/dlf/folder.png HTTP/1.1" 200 410
186.28.124.214 - - [12/Nov/2023:13:56:10 -0500] "GET /BLA/resoluciones/dlf/dirup.png HTTP/1.1" 200 644
186.28.124.214 - - [12/Nov/2023:13:56:10 -0500] "GET /BLA/resoluciones/dlf/pdf.gif HTTP/1.1" 200 272
186.28.124.214 - - [12/Nov/2023:13:56:09 -0500] "GET /BLA/resoluciones/index.php?dir=AUTOS+2019%2F HTTP/1.1" 200 390920
186.28.124.214 - - [12/Nov/2023:13:56:10 -0500] "GET /BLA/resoluciones/dlf/archive.png HTTP/1.1" 200 632
172.22.2.4 - - [12/Nov/2023:13:54:59 -0500] "HEAD /BLA/boletinlegal/ HTTP/1.1" 200 -
201.245.192.253 - - [12/Nov/2023:13:56:38 -0500] "POST /kwsrmcab/Wsrmcab  HTTP/1.1" 200 40720
186.86.32.107 - - [12/Nov/2023:13:57:29 -0500] "POST /sipse/faces/presentacion/financiero/solicitudProceso/listarSolicitudProceso.xhtml HTTP/1.1" 200 2673
172.22.2.4 - - [12/Nov/2023:13:55:49 -0500] "GET /BLA/boletinlegal/ HTTP/1.1" 200 58644
186.86.32.107 - - [12/Nov/2023:13:57:30 -0500] "POST /sipse/faces/presentacion/financiero/solicitudProceso/listarSolicitudProceso.xhtml HTTP/1.1" 200 40848
186.86.32.107 - - [12/Nov/2023:13:57:30 -0500] "GET /sipse/faces/javax.faces.resource/theme.css?ln=primefaces-sipse HTTP/1.1" 304 -
186.86.32.107 - - [12/Nov/2023:13:57:30 -0500] "GET /sipse/faces/javax.faces.resource/jquery/jquery.js?ln=primefaces&v=4.0 HTTP/1.1" 304 -
186.86.32.107 - - [12/Nov/2023:13:57:30 -0500] "GET /sipse/faces/javax.faces.resource/primefaces.css?ln=primefaces&v=4.0 HTTP/1.1" 304 -
186.86.32.107 - - [12/Nov/2023:13:57:30 -0500] "GET /sipse/faces/javax.faces.resource/layout/layout.css?ln=primefaces&v=4.0 HTTP/1.1" 304 -
186.86.32.107 - - [12/Nov/2023:13:57:30 -0500] "GET /sipse/css/imagen/contrasena.png HTTP/1.1" 404 383
186.86.32.107 - - [12/Nov/2023:13:57:30 -0500] "GET /sipse/faces/javax.faces.resource/jquery/jquery-plugins.js?ln=primefaces&v=4.0 HTTP/1.1" 304 -
186.86.32.107 - - [12/Nov/2023:13:57:30 -0500] "GET /sipse/faces/javax.faces.resource/primefaces.js?ln=primefaces&v=4.0 HTTP/1.1" 304 -
186.86.32.107 - - [12/Nov/2023:13:57:30 -0500] "GET /sipse/faces/javax.faces.resource/layout/layout.js?ln=primefaces&v=4.0 HTTP/1.1" 304 -
186.86.32.107 - - [12/Nov/2023:13:57:30 -0500] "GET /sipse/faces/javax.faces.resource/images/ui-icons_898989_256x240.png?ln=primefaces-aristo HTTP/1.1" 304 -
186.86.32.107 - - [12/Nov/2023:13:57:30 -0500] "POST /sipse/faces/presentacion/financiero/solicitudProceso/consultar.xhtml HTTP/1.1" 200 34137
186.86.32.107 - - [12/Nov/2023:13:57:34 -0500] "GET /sipse/faces/javax.faces.resource/images/ui-bg_flat_0_2d5972_40x100.png?ln=primefaces-aristo HTTP/1.1" 304 -
186.86.32.107 - - [12/Nov/2023:13:57:34 -0500] "POST /sipse/faces/presentacion/financiero/solicitudProceso/consultar.xhtml HTTP/1.1" 200 12804
216.245.221.92 - - [12/Nov/2023:13:57:51 -0500] "HEAD / HTTP/1.1" 200 -
66.249.66.19 - - [12/Nov/2023:13:58:09 -0500] "GET /BLA/resoluciones/AUTOS%202014/3957.pdf HTTP/1.1" 200 499809
66.249.66.21 - - [12/Nov/2023:13:58:11 -0500] "GET /BLA/resoluciones/RESOLUCIONES%202009/4569.pdf HTTP/1.1" 200 641463
66.249.66.20 - - [12/Nov/2023:13:58:11 -0500] "GET /BLA/resoluciones/AUTOS%202019/1532.pdf HTTP/1.1" 200 274506
66.249.66.21 - - [12/Nov/2023:13:58:12 -0500] "GET /BLA/resoluciones/RESOLUCIONES%202007/RES%202007%20601%20AL%20700/RESOLUCION%200655%20DE%202007.pdf HTTP/1.1" 200 519280
66.249.66.20 - - [12/Nov/2023:13:58:12 -0500] "GET /BLA/resoluciones/RESOLUCIONES%202009/5890.pdf HTTP/1.1" 200 709928
52.167.144.233 - - [12/Nov/2023:13:59:43 -0500] "GET /Publicaciones/2023EE218258.pdf HTTP/1.1" 404 228
191.156.151.205 - - [12/Nov/2023:14:01:26 -0500] "GET /recuperado-zorro-cangrejero-que-era-tenido-ilegalmente-como-mascota-en-una-vivienda-del-sur-de-bogota.html HTTP/1.1" 200 801
201.245.192.253 - - [12/Nov/2023:14:01:36 -0500] "POST /kwsrmcab/Wsrmcab  HTTP/1.1" 200 40720
186.86.32.107 - - [12/Nov/2023:14:02:07 -0500] "POST /sipse/faces/presentacion/financiero/solicitudProceso/consultar.xhtml HTTP/1.1" 200 12860
172.22.2.4 - - [12/Nov/2023:14:00:49 -0500] "HEAD /BLA/boletinlegal/ HTTP/1.1" 200 -
216.245.221.92 - - [12/Nov/2023:14:02:51 -0500] "HEAD / HTTP/1.1" 200 -
186.86.32.107 - - [12/Nov/2023:14:02:55 -0500] "POST /sipse/faces/presentacion/financiero/solicitudProceso/consultar.xhtml HTTP/1.1" 200 12963
172.22.2.4 - - [12/Nov/2023:14:01:39 -0500] "GET /BLA/boletinlegal/ HTTP/1.1" 200 59007
186.86.32.107 - - [12/Nov/2023:14:03:35 -0500] "POST /sipse/faces/presentacion/financiero/solicitudProceso/consultar.xhtml HTTP/1.1" 200 12934
186.86.32.107 - - [12/Nov/2023:14:04:03 -0500] "POST /sipse/faces/presentacion/financiero/solicitudProceso/consultar.xhtml HTTP/1.1" 200 12925
52.167.144.212 - - [12/Nov/2023:14:04:25 -0500] "GET /Publicaciones/2023EE230863.pdf HTTP/1.1" 404 228
20.210.58.100 - - [12/Nov/2023:14:04:30 -0500] "GET /Publicaciones/2023EE230863.pdf HTTP/1.1" 404 228
186.86.32.107 - - [12/Nov/2023:14:04:35 -0500] "POST /sipse/faces/presentacion/financiero/solicitudProceso/consultar.xhtml HTTP/1.1" 200 12965
186.86.32.107 - - [12/Nov/2023:14:05:03 -0500] "POST /sipse/faces/presentacion/financiero/solicitudProceso/consultar.xhtml HTTP/1.1" 200 12960
186.86.32.107 - - [12/Nov/2023:14:05:32 -0500] "POST /sipse/faces/presentacion/financiero/solicitudProceso/consultar.xhtml HTTP/1.1" 200 12843
186.86.32.107 - - [12/Nov/2023:14:05:55 -0500] "POST /sipse/faces/presentacion/financiero/solicitudProceso/consultar.xhtml HTTP/1.1" 200 12935
186.86.32.107 - - [12/Nov/2023:14:06:19 -0500] "POST /sipse/faces/presentacion/financiero/solicitudProceso/consultar.xhtml HTTP/1.1" 200 12935
201.245.192.253 - - [12/Nov/2023:14:06:36 -0500] "POST /kwsrmcab/Wsrmcab  HTTP/1.1" 200 40720
186.86.32.107 - - [12/Nov/2023:14:06:43 -0500] "POST /sipse/faces/presentacion/financiero/solicitudProceso/consultar.xhtml HTTP/1.1" 200 12935
186.86.32.107 - - [12/Nov/2023:14:07:01 -0500] "POST /sipse/faces/presentacion/financiero/solicitudProceso/consultar.xhtml HTTP/1.1" 200 12935
216.245.221.92 - - [12/Nov/2023:14:07:50 -0500] "HEAD / HTTP/1.1" 200 -
186.86.32.107 - - [12/Nov/2023:14:08:02 -0500] "POST /sipse/faces/presentacion/financiero/solicitudProceso/consultar.xhtml HTTP/1.1" 200 12961
52.167.144.20 - - [12/Nov/2023:14:08:04 -0500] "GET /Publicaciones/2023EE227974.pdf HTTP/1.1" 404 228
172.22.2.4 - - [12/Nov/2023:14:06:39 -0500] "HEAD /BLA/boletinlegal/ HTTP/1.1" 200 -
186.86.32.107 - - [12/Nov/2023:14:08:29 -0500] "POST /sipse/faces/presentacion/financiero/solicitudProceso/consultar.xhtml HTTP/1.1" 200 12895
186.86.32.107 - - [12/Nov/2023:14:08:51 -0500] "POST /sipse/faces/presentacion/financiero/solicitudProceso/consultar.xhtml HTTP/1.1" 200 12851
172.22.2.4 - - [12/Nov/2023:14:07:29 -0500] "GET /BLA/boletinlegal/ HTTP/1.1" 200 60634
186.86.32.107 - - [12/Nov/2023:14:09:13 -0500] "POST /sipse/faces/presentacion/financiero/solicitudProceso/consultar.xhtml HTTP/1.1" 200 12900
186.86.32.107 - - [12/Nov/2023:14:09:35 -0500] "POST /sipse/faces/presentacion/financiero/solicitudProceso/consultar.xhtml HTTP/1.1" 200 12847
52.167.144.7 - - [12/Nov/2023:14:10:02 -0500] "GET /Publicaciones/2023EE225313.pdf HTTP/1.1" 404 228
66.249.66.21 - - [12/Nov/2023:14:11:08 -0500] "GET /Publicaciones/2023EE218153.pdf HTTP/1.1" 404 228
201.245.192.253 - - [12/Nov/2023:14:11:35 -0500] "POST /kwsrmcab/Wsrmcab  HTTP/1.1" 200 40720
216.245.221.92 - - [12/Nov/2023:14:12:50 -0500] "HEAD / HTTP/1.1" 200 -
173.252.87.12 - - [12/Nov/2023:14:13:39 -0500] "GET /images/acuerdos-conservacion-08-23.jpg HTTP/1.1" 200 55051
172.22.2.4 - - [12/Nov/2023:14:12:29 -0500] "HEAD /BLA/boletinlegal/ HTTP/1.1" 200 -
172.22.2.4 - - [12/Nov/2023:14:13:19 -0500] "GET /BLA/boletinlegal/ HTTP/1.1" 200 52827
47.128.59.109 - - [12/Nov/2023:14:16:11 -0500] "GET /galeria/nivo-slider/demo/images/Rendicion.png HTTP/1.1" 200 262274
201.245.192.253 - - [12/Nov/2023:14:16:34 -0500] "POST /kwsrmcab/Wsrmcab  HTTP/1.1" 200 40720
201.245.192.253 - - [12/Nov/2023:14:16:36 -0500] "POST /kwsrmcab/Wsrmcab HTTP/1.1" 200 42222
201.245.192.253 - - [12/Nov/2023:14:16:38 -0500] "POST /kwsrmcab/Wsrmcab HTTP/1.1" 200 41787
190.97.228.1 - - [12/Nov/2023:14:16:56 -0500] "GET /recuperado-zorro-cangrejero-que-era-tenido-ilegalmente-como-mascota-en-una-vivienda-del-sur-de-bogota.html HTTP/1.1" 200 801
69.63.189.4 - - [12/Nov/2023:14:17:06 -0500] "GET /recuperado-zorro-cangrejero-que-era-tenido-ilegalmente-como-mascota-en-una-vivienda-del-sur-de-bogota.html HTTP/1.1" 200 801
191.156.184.47 - - [12/Nov/2023:14:17:06 -0500] "GET /recuperado-zorro-cangrejero-que-era-tenido-ilegalmente-como-mascota-en-una-vivienda-del-sur-de-bogota.html HTTP/1.1" 200 801
216.245.221.92 - - [12/Nov/2023:14:17:50 -0500] "HEAD / HTTP/1.1" 200 -
40.77.167.24 - - [12/Nov/2023:14:19:27 -0500] "GET /BLA/resoluciones/AUTOS%202023/4832.pdf HTTP/1.1" 200 379174
201.245.192.253 - - [12/Nov/2023:14:19:56 -0500] "POST /kwsrmcab/Wsrmcab HTTP/1.1" 200 42222
172.22.2.4 - - [12/Nov/2023:14:18:20 -0500] "HEAD /BLA/boletinlegal/ HTTP/1.1" 200 -
201.245.192.253 - - [12/Nov/2023:14:19:59 -0500] "POST /kwsrmcab/Wsrmcab HTTP/1.1" 200 41787
172.22.2.4 - - [12/Nov/2023:14:19:10 -0500] "GET /BLA/boletinlegal/ HTTP/1.1" 200 52214
201.245.192.253 - - [12/Nov/2023:14:21:33 -0500] "POST /kwsrmcab/Wsrmcab  HTTP/1.1" 200 40720
66.249.66.19 - - [12/Nov/2023:14:20:12 -0500] "GET /BLA/boletinlegal/index.php? HTTP/1.1" 200 55050
172.22.2.4 - - [12/Nov/2023:14:22:46 -0500] "GET /BLA/boletinlegal/autodiscover/autodiscover.json?@zdi/Powershell HTTP/1.1" 404 1018
216.245.221.92 - - [12/Nov/2023:14:22:50 -0500] "HEAD / HTTP/1.1" 200 -
66.249.79.102 - - [12/Nov/2023:14:23:24 -0500] "GET /portaldeninos/2021/06/20/mas-de-130-arboles-fueron-plantados-en-el-humedal-la-conejera-con-comunidad-educativa/ HTTP/1.1" 200 107808
66.249.79.103 - - [12/Nov/2023:14:23:27 -0500] "GET /portaldeninos/wp-content/themes/betheme/css/base.css?ver=20.9.6 HTTP/1.1" 200 57283
66.249.79.131 - - [12/Nov/2023:14:24:13 -0500] "GET /semana-bogoti-reverdece-bogoti-preparada-para-la-crisis-climitica.html HTTP/1.1" 304 -
66.249.79.131 - - [12/Nov/2023:14:24:13 -0500] "GET /secretaria-de-ambiente-unidos-por-un-nuevo-aire.html HTTP/1.1" 304 -
52.167.144.210 - - [12/Nov/2023:14:24:47 -0500] "GET /BLA/resoluciones/AUTOS%202023/3265.pdf HTTP/1.1" 200 1191567
179.33.162.158 - - [12/Nov/2023:14:25:10 -0500] "OPTIONS /kwssiamovil/sm/setfile/f? HTTP/1.1" 200 13
179.33.162.158 - - [12/Nov/2023:14:25:10 -0500] "POST /kwssiamovil/sm/setfile/f? HTTP/1.1" 200 381
179.33.162.158 - - [12/Nov/2023:14:25:20 -0500] "GET /kwssiamovil/sm/acme/a?s=U2FsdGVkX1+Z3adr/e3O5+0qCqoLFv6vRSrSG8gxcXIpmcPPJBMv6T5wfr8DPN8FCX19RJp8rHlkZn2bkmLbFhzRxQH6M8xMAmMbvOMwVaBJMzyKm14BTKe/UYFJHFbdaPaxdci9fA7zRmlHs52Dw/c9WtDwnXxWtrYS3xafieumIUi3hxbhP3YoXoE92/7K6yx3sZLKWp7DPGtBxCrDXxEBd9fzSpR0clLmzOECRXzhR3/sZAoRVxYEjXa4nJiiH38ScSNFPZiOTtMOt0Q98Q==&u=U2FsdGVkX19+3yCyaoSCBOthIqhipKVtiaiBJ1vPArs=&y=U2FsdGVkX1/oQ0RIBy+UB42bE8RB5OTYcmKo9hqs/35D9c89iMPvslZPUkSvwgoP HTTP/1.1" 200 26
179.33.162.158 - - [12/Nov/2023:14:25:21 -0500] "GET /kwssiamovil/sm/acme/a?s=U2FsdGVkX1+S6nomETEkqN/jeQhRbY6wjcQBn/dMMGtxyEmO/4fxlbWyw1BqMIZ9VGujkhnY3vkyTi44lFdmLR4RRdgH+k2WXvLG0d6G0z+OMGAvpFWEpar/gOFJao252GKPbb/C0rQ2Jv/EmweTDos+541XjsSvrDgJ8wsQpffnRWiAp+laTqUhCgIKOsUdiLluzwDJMvzD5CvsOs7JjOauUxtBho2YbAf5nWG4zmUymmJ+HHCt9j129yO37XcPke4IhYThwocbr8EJVVDLNUPSKpoUuzdcLPWUhL89bJkQec6UyILv1bOyL4dxh9G1JTP41Kofiek45gHhRbIP4ZDzTskfMOly20DO5fo2Pg7nHe+aVPMWiWCtmZw9+hlvJ46S5eTKqgOWNFtpTZPK/quMp9KYhVQ+zUOXFgfK7NGV9H0k1oqGYCslMuO/s+RIBVItKT9nZovoamdnV1BL5y/175+SFsfFcH2Fo6vMkbL8BsBM2dAErN2IvtV6X6Az+n0DdvGKQ867C7w2JCQcBtv/B/+9IMr7X4dd0FEkF2G7G2NQ1m38UfScCMtXM21UGoHh44px+UnN1hmM1vLOWeAyx7G7ivVpDiXhEl8kEm4BKzTMptz2nc6ZTtYJ4Fc6UHk7hUxl4pQ+WBvGnogrJtgCQhm1znNmXQjSG7wZrt7ZslX31ZBvP4IeEg7lyD7GpFymNsDhZeli7khba4irioCrpG3Yaw0t4F5J6OVVH2LJhY7My4rQAaD+HmA8cv/P0RF3h9lCjeSpbbSEEqFmUmLAJB+xOdI7vJnWJ/TkJmEvOPFRY+X3/cdKlGJOxe0Fn/oxMWAMgHJ2qk0KB2uxaDlHwS2slM8T1yxX6RHI3DxYagbtH0mncMYaA3puMPokoOEeioksrwsCdB/NXwsfFHd/kM1MICYu4ORfcVHluwQDdgQRTUS9S7V4n5LCUz3YS5CkQGUDCWeAkoNZSvvY2GjoV3Oh5W/O7Os02WTZ7yKN4zJS8E8dY/xGID4TPsbmktlWaDzw19r6NILn+k1XWEZgHxAE42mw376VA6rtw1QQBVAdKtfPNwA1zY7ICWB9zFRqYwAUWvi/zSC/kWsys3jJYAnwUuisg8gdYDNJ7clM1buZSR0B179/5fjZj6PHxIAl5BNkOh+OuzV+gubcl6GR5lHGuKof4py+Uci0DbQrvVWdJ4F8ZBbQToFUEw9r0p3aZ6jo+/RJnVctlOlHtOtTHMtLZLzwj0rzxR1aAGtmOqyvwN1jf6KjfMtgpy+R+NkQMI2JDOMm73i3yMGmWsOEP4icm97j18CQkUH6mH0x5VAQ+dfMsaRriCutun5ttDhPXFR/mN0GW95NdqqA/ldlkw4mauFBqcDO/kIhUPniGA6pTr4hqysysC8G5MjFrA7cLgqtTNOLpBCapHeHkgmF3kJxxwtzNHq7GWxt2POgqaOG165Xua7xchxotDO6V4OT5hYBFWAIYh6mApirLQ4AYC5L6RFIe68qwTKceHHE1IlXkHAnr9kMC749BHjcHeb4/53FzTZO54maFF7vZAhVqPzy8UyEtajxtMbkutS4rb3RmuQeyHGjajDQJzxotnQI1L9bjf7gOhmCcdwHgNolZI+Bre427emRpSD7uiJ4QRKz41HfsTkWCm3/hZq//hUF9wyiBSztbHd5OsGW5Uqgu9+kZjQ7DGc3sbtaDAHi3ZwL/Fu5cx4Ubzq/Id5mV+bdXmQkKZlfaU901O9cmRAIazJWG/2KyGh1BmTDfoN1o0jjOEhhHBdyIPUjhP0PjAuG2poNefmcJboXC0D1RQA+epMP/zXaViXSPwrSXiipJWWq5ETUXWiufcIYiuHbOau+m40kacjV0Bn5JL/lNKyYWZ7TTD/uxoQVLqxQI9p1JYs9BnxVRUi3oe9zzVSqYFWqT8nolFWupRLD1gjyEXvV2BU0lcVIyQInyUCOt1XICzpGEbFLnfmrk+RtnMY2XXRPf7Zs2uGog/NPEwYUaaU/563OGUgPqAaYYF8rduT9rKvou9/S0Pv9n9+i8/tajahXsU8XByr/VQIYp5zU6w0eEXFGv7FIQQrwagn01jLDBWBMCBTqjnjJmiv2pJOF0vhRBActaOR3uZNbFIHy3SNHRGeRNIBrwQ6yoqCTIs45YBYt3lsvd9tJHwDWt/jgXWQpb/6Lh6rE11cVsQ2ccg==&u=U2FsdGVkX19+3yCyaoSCBOthIqhipKVtiaiBJ1vPArs=&y=U2FsdGVkX1/oQ0RIBy+UB42bE8RB5OTYcmKo9hqs/35D9c89iMPvslZPUkSvwgoP HTTP/1.1" 200 26
179.33.162.158 - - [12/Nov/2023:14:25:21 -0500] "GET /kwssiamovil/sm/acme/a?s=U2FsdGVkX1/OkAQGlTd9jUGBvFMd17ds76w+QWggG8skC0qRCqC1H5AoR7NSQGQVbQ/tqFSuRcgtoCbLfecyOaoNjOdxh53lPyRxnT41L+hw8UoR8U4LtFU5oYSTzPGyI6IcvoHS0fSzycY6aGarIm+3a+Db0DRzbwKDRmzgTzo=&u=U2FsdGVkX19+3yCyaoSCBOthIqhipKVtiaiBJ1vPArs=&y=U2FsdGVkX1/oQ0RIBy+UB42bE8RB5OTYcmKo9hqs/35D9c89iMPvslZPUkSvwgoP HTTP/1.1" 200 26
179.33.162.158 - - [12/Nov/2023:14:25:22 -0500] "GET /kwssiamovil/sm/acme/a?s=U2FsdGVkX19a+1YEWeENAD9tLLam4FmHlucZaKopRu+vqTakSkJiFPG6AdhrHPJ/faRK1xNyqL1z0wYftA2u6Kk+n3/ngz7hiSHj9oB+OlIdOwTmbpymK00kbwLFCxhNh+/Bpjf1Cmhk1vNpa7nJ1qVpVCilQ+cDSekBQPZVaaE=&u=U2FsdGVkX19+3yCyaoSCBOthIqhipKVtiaiBJ1vPArs=&y=U2FsdGVkX1/oQ0RIBy+UB42bE8RB5OTYcmKo9hqs/35D9c89iMPvslZPUkSvwgoP HTTP/1.1" 200 26
179.33.162.158 - - [12/Nov/2023:14:25:22 -0500] "GET /kwssiamovil/sm/acme/a?s=U2FsdGVkX18Iu0KXQaPTFCRJUHRboJPYJoyxB7a4XXLv1+3QQB/eaO4roE7jBZwFYmyIFSzFtI7Fho6J3l2yZ9KFu5JV/Ie3I4NaXWte2VXtGa7u8sDL6K4ZBEdGBVfiG7F4Nx7tOer9lN/88oHomz+08/yAsxDkbKgu4U4e0zI=&u=U2FsdGVkX19+3yCyaoSCBOthIqhipKVtiaiBJ1vPArs=&y=U2FsdGVkX1/oQ0RIBy+UB42bE8RB5OTYcmKo9hqs/35D9c89iMPvslZPUkSvwgoP HTTP/1.1" 200 26
179.33.162.158 - - [12/Nov/2023:14:25:22 -0500] "GET /kwssiamovil/sm/acme/a?s=U2FsdGVkX18oB5NP5HY+Zpg2ko6Zr4bWx8vjaJXTCXLRf9gqqiw5iLy0ubY+7NXFnqpvlltCokWnql1NS5bFYDQr+kUcMfNjOGBF6F5VBTetXLHCY/q5vSUCzQtB1KNS4vTaTQkMk3VhX8YY6ygpdFiJlirnXHqiMI1A/hFYdDIC7H7UYvq1VcYiWI5X0GYP9CQaZJLWUtD/vc8EOnsaYw==&u=U2FsdGVkX19+3yCyaoSCBOthIqhipKVtiaiBJ1vPArs=&y=U2FsdGVkX1/oQ0RIBy+UB42bE8RB5OTYcmKo9hqs/35D9c89iMPvslZPUkSvwgoP HTTP/1.1" 200 26
179.33.162.158 - - [12/Nov/2023:14:25:22 -0500] "GET /kwssiamovil/sm/acme/a?s=U2FsdGVkX1+526X7knXllQA2rF+uG0aJfqNvwr7/PQVHXBCUQbk1uNdDjjbqhSRUjTQctZ6NyVlhRVMYEjx7vkvnObmDNPsPGAkWACluZ7anLewbA6gRllveA7L7Y9q4lPyXS6wp8DSNBwCdYLQ0HIOCf20cVRSWo48BPSbYqrtdxeVafjtbtQyrlV3SCu6tQAt8rl2uWUpNCb3C135SpueUzAqVpECogzzcgYxlItzkMSvMknmZFfBPg36duhcjxIOzRvhdmQypmBqNAzC1Ddtfl1+4FMQw+JjfS6gRGbNsaAsG49QaJVG9mtFfohJdY0TJT+HZ9aQHOK7MV1p6gONFJT4CqBmFTdxlerQk9JfysV9NMWMZfXiMmwIgzCIo0rzhb3U3qTzKWl8k4DpC/PF4LVJ95ABrPdSS58rWOLYIxHj3VCZnVzKNoDwt57njRQLxmyravJQE6qD1HYdKKwQEwviSQTj5VCpsZSke1Bo=&u=U2FsdGVkX19+3yCyaoSCBOthIqhipKVtiaiBJ1vPArs=&y=U2FsdGVkX1/oQ0RIBy+UB42bE8RB5OTYcmKo9hqs/35D9c89iMPvslZPUkSvwgoP HTTP/1.1" 200 25
179.33.162.158 - - [12/Nov/2023:14:25:22 -0500] "GET /kwssiamovil/sm/acme/a?s=U2FsdGVkX18Cev9Ig2pcSqqof0dpmEg7PSklHrS1kBHW2TTEq+K1wi4rVYP0F05nhyQXWsOrhjk7pgm48s8wPTxq0TBediIQAOl9B6nO4IyjKBfmQHa/dAfaYY9vIJYkjurAFRlma+EzWNmLWYIPTmJVrpbDhgY6DooBBSK1LEuhRTJ6bbBASaaZK7AkSIUzOuH50MypaQmINP4dYrhXcGIGGsb59ZvfPAR8Ans5oXFzC/BLClkKcAk+IFZ0LLWBjhuug+wXNUnTzXIKpQuqgbHQni/E5Osc9fNnXGt1d6lS9KXwKUaarA6AxVYIGc+r5Jb9Hu3VCuVBfE2DPXa/GSKDt+5ldoIGg1Blb8/+1hJYCUAW65QhTHBcFNIGXLSv0pytxzm7sXZ8ncc83gLZ9rx/YZqm5ryLsZKCKgWCTtfsAa25SZiufOuanj/vWEeQ&u=U2FsdGVkX19+3yCyaoSCBOthIqhipKVtiaiBJ1vPArs=&y=U2FsdGVkX1/oQ0RIBy+UB42bE8RB5OTYcmKo9hqs/35D9c89iMPvslZPUkSvwgoP HTTP/1.1" 200 25
172.22.2.4 - - [12/Nov/2023:14:24:10 -0500] "HEAD /BLA/boletinlegal/ HTTP/1.1" 200 -
66.249.79.130 - - [12/Nov/2023:14:26:25 -0500] "GET /como-obtener-el-certificado-de-estado-de-conservacion-ambiental-ceca.html HTTP/1.1" 304 -
66.249.79.129 - - [12/Nov/2023:14:26:26 -0500] "GET /inscribete-y-participa-en-las-caminatas-ecologicas-de-marzo.html HTTP/1.1" 304 -
201.245.192.253 - - [12/Nov/2023:14:26:32 -0500] "POST /kwsrmcab/Wsrmcab  HTTP/1.1" 200 40720
201.245.192.253 - - [12/Nov/2023:14:26:35 -0500] "POST /kwsrmcab/Wsrmcab HTTP/1.1" 200 42222
201.245.192.253 - - [12/Nov/2023:14:26:38 -0500] "POST /kwsrmcab/Wsrmcab HTTP/1.1" 200 41787
172.22.2.4 - - [12/Nov/2023:14:25:00 -0500] "GET /BLA/boletinlegal/ HTTP/1.1" 200 58644
52.167.144.205 - - [12/Nov/2023:14:26:46 -0500] "GET /Publicaciones/2023EE218124.pdf HTTP/1.1" 404 228
162.55.91.153 - - [12/Nov/2023:14:27:13 -0500] "POST /BLA/boletinlegal/admin/index.php HTTP/1.1" 200 2324
216.245.221.92 - - [12/Nov/2023:14:27:50 -0500] "HEAD / HTTP/1.1" 200 -
66.249.66.21 - - [12/Nov/2023:14:28:09 -0500] "GET /BLA/resoluciones/RESOLUCIONES%202010/7131.pdf HTTP/1.1" 200 278677
173.252.95.12 - - [12/Nov/2023:14:28:49 -0500] "GET /images/presentaci\xc3\xb3n%20convenci\xc3\xb3n.jpg HTTP/1.1" 404 1034
52.167.144.205 - - [12/Nov/2023:14:29:58 -0500] "GET /BLA/resoluciones/AUTOS%202023/5791.pdf HTTP/1.1" 200 440714
201.245.192.253 - - [12/Nov/2023:14:29:56 -0500] "POST /kwsrmcab/Wsrmcab HTTP/1.1" 200 42222
201.245.192.253 - - [12/Nov/2023:14:29:59 -0500] "POST /kwsrmcab/Wsrmcab HTTP/1.1" 200 41787
201.245.192.253 - - [12/Nov/2023:14:31:32 -0500] "POST /kwsrmcab/Wsrmcab  HTTP/1.1" 200 40720
172.22.2.4 - - [12/Nov/2023:14:30:00 -0500] "HEAD /BLA/boletinlegal/ HTTP/1.1" 200 -
31.13.103.9 - - [12/Nov/2023:14:31:44 -0500] "GET /images/Zorro%20cangrejero.jpg HTTP/1.1" 200 40050
172.22.2.4 - - [12/Nov/2023:14:30:50 -0500] "GET /BLA/boletinlegal/ HTTP/1.1" 200 61018
216.245.221.92 - - [12/Nov/2023:14:32:50 -0500] "HEAD / HTTP/1.1" 200 -
172.22.2.4 - - [12/Nov/2023:14:32:55 -0500] "GET /BLA/boletinlegal/ews/exchange/ HTTP/1.1" 404 1018
201.245.192.253 - - [12/Nov/2023:14:36:31 -0500] "POST /kwsrmcab/Wsrmcab  HTTP/1.1" 200 40720
201.245.192.253 - - [12/Nov/2023:14:36:35 -0500] "POST /kwsrmcab/Wsrmcab HTTP/1.1" 200 42222
201.245.192.253 - - [12/Nov/2023:14:36:38 -0500] "POST /kwsrmcab/Wsrmcab HTTP/1.1" 200 41787
181.189.25.190 - - [12/Nov/2023:14:37:29 -0500] "GET /sipse/faces/index.xhtml HTTP/1.1" 200 677
181.189.25.190 - - [12/Nov/2023:14:37:29 -0500] "GET /sipse/faces/javax.faces.resource/theme.css?ln=primefaces-sipse HTTP/1.1" 304 -
172.22.2.4 - - [12/Nov/2023:14:35:50 -0500] "HEAD /BLA/boletinlegal/ HTTP/1.1" 200 -
181.189.25.190 - - [12/Nov/2023:14:37:30 -0500] "GET /sipse/faces/faces/autenticacion.xhtml HTTP/1.1" 200 12407
181.189.25.190 - - [12/Nov/2023:14:37:30 -0500] "GET /sipse/css/custom_css_sg.css HTTP/1.1" 304 -
181.189.25.190 - - [12/Nov/2023:14:37:30 -0500] "GET /sipse/faces/javax.faces.resource/theme.css?ln=primefaces-sipse HTTP/1.1" 304 -
181.189.25.190 - - [12/Nov/2023:14:37:30 -0500] "GET /sipse/faces/javax.faces.resource/primefaces.css?ln=primefaces&v=4.0 HTTP/1.1" 304 -
181.189.25.190 - - [12/Nov/2023:14:37:30 -0500] "GET /sipse/js/disable_browser_buttons.js HTTP/1.1" 304 -
181.189.25.190 - - [12/Nov/2023:14:37:30 -0500] "GET /sipse/css/custom_css_sg_prime_login.css HTTP/1.1" 304 -
181.189.25.190 - - [12/Nov/2023:14:37:30 -0500] "GET /sipse/faces/javax.faces.resource/layout/layout.css?ln=primefaces&v=4.0 HTTP/1.1" 304 -
181.189.25.190 - - [12/Nov/2023:14:37:30 -0500] "GET /sipse/js/funciones.js HTTP/1.1" 304 -
181.189.25.190 - - [12/Nov/2023:14:37:30 -0500] "GET /sipse/faces/javax.faces.resource/layout/layout.js?ln=primefaces&v=4.0 HTTP/1.1" 304 -
181.189.25.190 - - [12/Nov/2023:14:37:30 -0500] "GET /sipse/faces/javax.faces.resource/primefaces.js?ln=primefaces&v=4.0 HTTP/1.1" 304 -
181.189.25.190 - - [12/Nov/2023:14:37:30 -0500] "GET /sipse/faces/javax.faces.resource/jquery/jquery.js?ln=primefaces&v=4.0 HTTP/1.1" 304 -
181.189.25.190 - - [12/Nov/2023:14:37:30 -0500] "GET /sipse/faces/javax.faces.resource/jquery/jquery-plugins.js?ln=primefaces&v=4.0 HTTP/1.1" 304 -
181.189.25.190 - - [12/Nov/2023:14:37:30 -0500] "GET /sipse/css/imagen/loginimg.png HTTP/1.1" 304 -
181.189.25.190 - - [12/Nov/2023:14:37:30 -0500] "GET /sipse/css/imagen/logoSDG.png HTTP/1.1" 304 -
181.189.25.190 - - [12/Nov/2023:14:37:30 -0500] "GET /sipse/faces/javax.faces.resource/images/ui-icons_898989_256x240.png?ln=primefaces-aristo HTTP/1.1" 304 -
181.189.25.190 - - [12/Nov/2023:14:37:34 -0500] "POST /sipse/faces/autenticacion.xhtml HTTP/1.1" 200 2223
181.189.25.190 - - [12/Nov/2023:14:37:34 -0500] "GET /sipse/faces/javax.faces.resource/messages/messages.png?ln=primefaces&v=4.0 HTTP/1.1" 304 -
181.189.25.190 - - [12/Nov/2023:14:37:35 -0500] "POST /sipse/faces/autenticacion.xhtml HTTP/1.1" 200 16464
181.189.25.190 - - [12/Nov/2023:14:37:35 -0500] "GET /sipse/faces/javax.faces.resource/theme.css?ln=primefaces-sipse HTTP/1.1" 304 -
181.189.25.190 - - [12/Nov/2023:14:37:35 -0500] "GET /sipse/faces/javax.faces.resource/primefaces.css?ln=primefaces&v=4.0 HTTP/1.1" 304 -
181.189.25.190 - - [12/Nov/2023:14:37:35 -0500] "GET /sipse/faces/javax.faces.resource/layout/layout.css?ln=primefaces&v=4.0 HTTP/1.1" 304 -
181.189.25.190 - - [12/Nov/2023:14:37:35 -0500] "GET /sipse/js/jquery.min.js HTTP/1.1" 304 -
181.189.25.190 - - [12/Nov/2023:14:37:35 -0500] "GET /sipse/css/custom_css_sg_prime.css HTTP/1.1" 304 -
181.189.25.190 - - [12/Nov/2023:14:37:35 -0500] "GET /sipse/faces/javax.faces.resource/jquery/jquery.js?ln=primefaces&v=4.0 HTTP/1.1" 304 -
181.189.25.190 - - [12/Nov/2023:14:37:35 -0500] "GET /sipse/faces/javax.faces.resource/jquery/jquery-plugins.js?ln=primefaces&v=4.0 HTTP/1.1" 304 -
181.189.25.190 - - [12/Nov/2023:14:37:35 -0500] "GET /sipse/faces/javax.faces.resource/primefaces.js?ln=primefaces&v=4.0 HTTP/1.1" 304 -
181.189.25.190 - - [12/Nov/2023:14:37:36 -0500] "GET /sipse/faces/javax.faces.resource/layout/layout.js?ln=primefaces&v=4.0 HTTP/1.1" 304 -
181.189.25.190 - - [12/Nov/2023:14:37:36 -0500] "GET /sipse/css/imagen/contrasena.png HTTP/1.1" 404 383
181.189.25.190 - - [12/Nov/2023:14:37:36 -0500] "GET /sipse/css/v_mergente.css HTTP/1.1" 304 -
181.189.25.190 - - [12/Nov/2023:14:37:36 -0500] "GET /sipse/imagenes/logoAplicacion.jpg HTTP/1.1" 304 -
181.189.25.190 - - [12/Nov/2023:14:37:36 -0500] "GET /sipse/imagenes/cargando.gif HTTP/1.1" 304 -
181.189.25.190 - - [12/Nov/2023:14:37:37 -0500] "GET /sipse/faces/javax.faces.resource/images/ui-bg_flat_0_2d5972_40x100.png?ln=primefaces-aristo HTTP/1.1" 304 -
181.189.25.190 - - [12/Nov/2023:14:37:37 -0500] "POST /sipse/faces/bienvenido.xhtml HTTP/1.1" 200 2658
181.189.25.190 - - [12/Nov/2023:14:37:38 -0500] "POST /sipse/faces/bienvenido.xhtml HTTP/1.1" 200 64087
181.189.25.190 - - [12/Nov/2023:14:37:38 -0500] "GET /sipse/faces/javax.faces.resource/theme.css?ln=primefaces-sipse HTTP/1.1" 304 -
181.189.25.190 - - [12/Nov/2023:14:37:38 -0500] "GET /sipse/faces/javax.faces.resource/primefaces.css?ln=primefaces&v=4.0 HTTP/1.1" 304 -
181.189.25.190 - - [12/Nov/2023:14:37:38 -0500] "GET /sipse/faces/javax.faces.resource/layout/layout.css?ln=primefaces&v=4.0 HTTP/1.1" 304 -
181.189.25.190 - - [12/Nov/2023:14:37:38 -0500] "GET /sipse/faces/javax.faces.resource/jquery/jquery.js?ln=primefaces&v=4.0 HTTP/1.1" 304 -
181.189.25.190 - - [12/Nov/2023:14:37:38 -0500] "GET /sipse/faces/javax.faces.resource/jquery/jquery-plugins.js?ln=primefaces&v=4.0 HTTP/1.1" 304 -
181.189.25.190 - - [12/Nov/2023:14:37:38 -0500] "GET /sipse/faces/javax.faces.resource/primefaces.js?ln=primefaces&v=4.0 HTTP/1.1" 304 -
181.189.25.190 - - [12/Nov/2023:14:37:38 -0500] "GET /sipse/faces/javax.faces.resource/layout/layout.js?ln=primefaces&v=4.0 HTTP/1.1" 304 -
181.189.25.190 - - [12/Nov/2023:14:37:39 -0500] "POST /sipse/faces/presentacion/financiero/solicitudProceso/listarSolicitudProceso.xhtml HTTP/1.1" 200 1556
216.245.221.92 - - [12/Nov/2023:14:37:50 -0500] "HEAD / HTTP/1.1" 200 -
40.77.167.61 - - [12/Nov/2023:14:38:07 -0500] "GET /BLA/resoluciones/AUTOS%202019/0821.pdf HTTP/1.1" 200 282182
172.22.2.4 - - [12/Nov/2023:14:36:40 -0500] "GET /BLA/boletinlegal/ HTTP/1.1" 200 60634
172.22.2.4 - - [12/Nov/2023:14:38:30 -0500] "GET /BLA/boletinlegal/style.css HTTP/1.1" 200 9406
172.22.2.4 - - [12/Nov/2023:14:38:30 -0500] "GET /BLA/boletinlegal/styles2.css HTTP/1.1" 200 1838
172.22.2.4 - - [12/Nov/2023:14:38:30 -0500] "GET /BLA/boletinlegal/js/jquery.js HTTP/1.1" 200 57254
172.22.2.4 - - [12/Nov/2023:14:38:30 -0500] "GET /BLA/boletinlegal/js/jquery.scrollTo-min.js HTTP/1.1" 200 1150
172.22.2.4 - - [12/Nov/2023:14:38:30 -0500] "GET /BLA/boletinlegal/js/jquery.scrollShow.js HTTP/1.1" 200 4586
172.22.2.4 - - [12/Nov/2023:14:38:30 -0500] "GET /BLA/boletinlegal/images/cabezote%20BLEGAL.jpg HTTP/1.1" 200 118164
172.22.2.4 - - [12/Nov/2023:14:38:30 -0500] "GET /BLA/boletinlegal/images/subscribe-icon-big.png HTTP/1.1" 200 47702
172.22.2.4 - - [12/Nov/2023:14:38:30 -0500] "GET /BLA/boletinlegal/images/registro-usuarios.png HTTP/1.1" 200 8106
172.22.2.4 - - [12/Nov/2023:14:38:30 -0500] "GET /BLA/boletinlegal/images/historia.png HTTP/1.1" 200 52775
172.22.2.4 - - [12/Nov/2023:14:38:30 -0500] "GET /BLA/boletinlegal/images/launch.jpg HTTP/1.1" 200 14577
172.22.2.4 - - [12/Nov/2023:14:38:30 -0500] "GET /BLA/boletinlegal/images/arr_l.jpg HTTP/1.1" 200 1979
172.22.2.4 - - [12/Nov/2023:14:38:30 -0500] "GET /BLA/boletinlegal/images/screen_1.png HTTP/1.1" 200 202547
172.22.2.4 - - [12/Nov/2023:14:38:37 -0500] "GET /BLA/boletinlegal/images/screen_2.png HTTP/1.1" 200 362502
172.22.2.4 - - [12/Nov/2023:14:38:37 -0500] "GET /BLA/boletinlegal/images/screen_3.png HTTP/1.1" 200 210620
172.22.2.4 - - [12/Nov/2023:14:38:37 -0500] "GET /BLA/boletinlegal/images/screen_5.png HTTP/1.1" 200 368876
172.22.2.4 - - [12/Nov/2023:14:38:37 -0500] "GET /BLA/boletinlegal/images/arr_r.jpg HTTP/1.1" 200 1998
172.22.2.4 - - [12/Nov/2023:14:38:45 -0500] "GET /BLA/boletinlegal/images/pdf.gif HTTP/1.1" 200 567
201.245.192.253 - - [12/Nov/2023:14:39:57 -0500] "POST /kwsrmcab/Wsrmcab HTTP/1.1" 200 42222
201.245.192.253 - - [12/Nov/2023:14:39:59 -0500] "POST /kwsrmcab/Wsrmcab HTTP/1.1" 200 41787
172.22.2.4 - - [12/Nov/2023:14:38:30 -0500] "GET /BLA/boletinlegal/ HTTP/1.1" 200 62729
201.245.192.253 - - [12/Nov/2023:14:41:30 -0500] "POST /kwsrmcab/Wsrmcab  HTTP/1.1" 200 40720
52.167.144.220 - - [12/Nov/2023:14:42:17 -0500] "GET /BLA/resoluciones/Notificaciones/AUTOS%202017/05251.pdf HTTP/1.1" 200 332395
173.252.95.12 - - [12/Nov/2023:14:42:41 -0500] "GET /galeria/galeria/fotos/Pacto_Madera1P.jpg HTTP/1.1" 200 9449
216.245.221.92 - - [12/Nov/2023:14:42:50 -0500] "HEAD / HTTP/1.1" 200 -
172.22.2.4 - - [12/Nov/2023:14:41:40 -0500] "HEAD /BLA/boletinlegal/ HTTP/1.1" 200 -
69.171.231.118 - - [12/Nov/2023:14:43:27 -0500] "GET /recuperado-zorro-cangrejero-que-era-tenido-ilegalmente-como-mascota-en-una-vivienda-del-sur-de-bogota.html HTTP/1.1" 200 801
69.171.231.8 - - [12/Nov/2023:14:43:27 -0500] "GET /recuperado-zorro-cangrejero-que-era-tenido-ilegalmente-como-mascota-en-una-vivienda-del-sur-de-bogota.html HTTP/1.1" 200 801
69.171.231.2 - - [12/Nov/2023:14:43:27 -0500] "GET /recuperado-zorro-cangrejero-que-era-tenido-ilegalmente-como-mascota-en-una-vivienda-del-sur-de-bogota.html HTTP/1.1" 200 801
172.22.2.4 - - [12/Nov/2023:14:42:30 -0500] "GET /BLA/boletinlegal/ HTTP/1.1" 200 58644
114.119.137.249 - - [12/Nov/2023:14:45:21 -0500] "GET /BLA/resoluciones/index.php?dir=Notificaciones/AUTOS%2B1988/&sort=name&order=asc HTTP/1.1" 200 13944
181.189.25.190 - - [12/Nov/2023:14:46:11 -0500] "POST /sipse/faces/presentacion/financiero/solicitudProceso/listarSolicitudProceso.xhtml HTTP/1.1" 200 57349
181.189.25.190 - - [12/Nov/2023:14:46:11 -0500] "POST /sipse/faces/presentacion/financiero/solicitudProceso/listarSolicitudProceso.xhtml HTTP/1.1" 200 57349
181.189.25.190 - - [12/Nov/2023:14:46:11 -0500] "POST /sipse/faces/presentacion/financiero/solicitudProceso/listarSolicitudProceso.xhtml HTTP/1.1" 200 1556
181.189.25.190 - - [12/Nov/2023:14:46:12 -0500] "POST /sipse/faces/presentacion/financiero/solicitudProceso/listarSolicitudProceso.xhtml HTTP/1.1" 200 1552
181.189.25.190 - - [12/Nov/2023:14:46:17 -0500] "POST /sipse/faces/presentacion/financiero/solicitudProceso/listarSolicitudProceso.xhtml HTTP/1.1" 200 2861
181.189.25.190 - - [12/Nov/2023:14:46:18 -0500] "POST /sipse/faces/presentacion/financiero/solicitudProceso/listarSolicitudProceso.xhtml HTTP/1.1" 200 40849
181.189.25.190 - - [12/Nov/2023:14:46:18 -0500] "GET /sipse/faces/javax.faces.resource/theme.css?ln=primefaces-sipse HTTP/1.1" 304 -
181.189.25.190 - - [12/Nov/2023:14:46:18 -0500] "GET /sipse/faces/javax.faces.resource/primefaces.css?ln=primefaces&v=4.0 HTTP/1.1" 304 -
181.189.25.190 - - [12/Nov/2023:14:46:18 -0500] "GET /sipse/faces/javax.faces.resource/layout/layout.css?ln=primefaces&v=4.0 HTTP/1.1" 304 -
181.189.25.190 - - [12/Nov/2023:14:46:18 -0500] "GET /sipse/css/imagen/contrasena.png HTTP/1.1" 404 383
181.189.25.190 - - [12/Nov/2023:14:46:18 -0500] "GET /sipse/faces/javax.faces.resource/jquery/jquery.js?ln=primefaces&v=4.0 HTTP/1.1" 304 -
181.189.25.190 - - [12/Nov/2023:14:46:18 -0500] "GET /sipse/faces/javax.faces.resource/jquery/jquery-plugins.js?ln=primefaces&v=4.0 HTTP/1.1" 304 -
181.189.25.190 - - [12/Nov/2023:14:46:18 -0500] "GET /sipse/faces/javax.faces.resource/primefaces.js?ln=primefaces&v=4.0 HTTP/1.1" 304 -
181.189.25.190 - - [12/Nov/2023:14:46:18 -0500] "GET /sipse/faces/javax.faces.resource/layout/layout.js?ln=primefaces&v=4.0 HTTP/1.1" 304 -
181.189.25.190 - - [12/Nov/2023:14:46:18 -0500] "POST /sipse/faces/presentacion/financiero/solicitudProceso/consultar.xhtml HTTP/1.1" 200 34137
181.189.25.190 - - [12/Nov/2023:14:46:21 -0500] "POST /sipse/faces/presentacion/financiero/solicitudProceso/consultar.xhtml HTTP/1.1" 200 12824
181.189.25.190 - - [12/Nov/2023:14:46:24 -0500] "POST /sipse/faces/presentacion/financiero/solicitudProceso/consultar.xhtml HTTP/1.1" 200 163407
181.189.25.190 - - [12/Nov/2023:14:46:25 -0500] "GET /sipse/faces/javax.faces.resource/theme.css?ln=primefaces-sipse HTTP/1.1" 304 -
181.189.25.190 - - [12/Nov/2023:14:46:25 -0500] "GET /sipse/faces/javax.faces.resource/layout/layout.css?ln=primefaces&v=4.0 HTTP/1.1" 304 -
181.189.25.190 - - [12/Nov/2023:14:46:25 -0500] "GET /sipse/faces/javax.faces.resource/primefaces.css?ln=primefaces&v=4.0 HTTP/1.1" 304 -
181.189.25.190 - - [12/Nov/2023:14:46:25 -0500] "GET /sipse/faces/javax.faces.resource/jquery/jquery.js?ln=primefaces&v=4.0 HTTP/1.1" 304 -
181.189.25.190 - - [12/Nov/2023:14:46:25 -0500] "GET /sipse/faces/javax.faces.resource/jquery/jquery-plugins.js?ln=primefaces&v=4.0 HTTP/1.1" 304 -
181.189.25.190 - - [12/Nov/2023:14:46:25 -0500] "GET /sipse/faces/javax.faces.resource/primefaces.js?ln=primefaces&v=4.0 HTTP/1.1" 304 -
181.189.25.190 - - [12/Nov/2023:14:46:25 -0500] "GET /sipse/faces/javax.faces.resource/layout/layout.js?ln=primefaces&v=4.0 HTTP/1.1" 304 -
181.189.25.190 - - [12/Nov/2023:14:46:30 -0500] "POST /sipse/faces/presentacion/financiero/solicitudProceso/consultarSolicitudProceso.xhtml HTTP/1.1" 200 291533
201.245.192.253 - - [12/Nov/2023:14:46:29 -0500] "POST /kwsrmcab/Wsrmcab  HTTP/1.1" 200 40720
216.245.221.92 - - [12/Nov/2023:14:47:50 -0500] "HEAD / HTTP/1.1" 200 -
36.41.75.167 - - [12/Nov/2023:14:48:21 -0500] "GET / HTTP/1.1" 200 319
172.22.2.4 - - [12/Nov/2023:14:47:30 -0500] "HEAD /BLA/boletinlegal/ HTTP/1.1" 200 -
52.167.144.236 - - [12/Nov/2023:14:49:39 -0500] "GET /BLA/resoluciones/RESOLUCIONES%202021/4744.pdf HTTP/1.1" 200 394038
172.22.2.4 - - [12/Nov/2023:14:48:20 -0500] "GET /BLA/boletinlegal/ HTTP/1.1" 200 60224
181.56.232.238 - - [12/Nov/2023:14:50:07 -0500] "GET /sipse/faces/index.xhtml HTTP/1.1" 200 677
181.56.232.238 - - [12/Nov/2023:14:50:07 -0500] "GET /sipse/faces/javax.faces.resource/theme.css?ln=primefaces-sipse HTTP/1.1" 200 50058
181.56.232.238 - - [12/Nov/2023:14:50:07 -0500] "GET /sipse/faces/faces/autenticacion.xhtml HTTP/1.1" 200 12407
181.56.232.238 - - [12/Nov/2023:14:50:08 -0500] "GET /sipse/js/disable_browser_buttons.js HTTP/1.1" 200 3230
181.56.232.238 - - [12/Nov/2023:14:50:08 -0500] "GET /sipse/css/custom_css_sg_prime_login.css HTTP/1.1" 200 443
181.56.232.238 - - [12/Nov/2023:14:50:08 -0500] "GET /sipse/faces/javax.faces.resource/theme.css?ln=primefaces-sipse HTTP/1.1" 304 -
181.56.232.238 - - [12/Nov/2023:14:50:08 -0500] "GET /sipse/faces/javax.faces.resource/layout/layout.css?ln=primefaces&v=4.0 HTTP/1.1" 304 -
181.56.232.238 - - [12/Nov/2023:14:50:08 -0500] "GET /sipse/js/funciones.js HTTP/1.1" 200 12592
181.56.232.238 - - [12/Nov/2023:14:50:08 -0500] "GET /sipse/css/custom_css_sg.css HTTP/1.1" 200 9694
181.56.232.238 - - [12/Nov/2023:14:50:08 -0500] "GET /sipse/faces/javax.faces.resource/jquery/jquery.js?ln=primefaces&v=4.0 HTTP/1.1" 304 -
181.56.232.238 - - [12/Nov/2023:14:50:08 -0500] "GET /sipse/faces/javax.faces.resource/primefaces.js?ln=primefaces&v=4.0 HTTP/1.1" 304 -
181.56.232.238 - - [12/Nov/2023:14:50:08 -0500] "GET /sipse/faces/javax.faces.resource/jquery/jquery-plugins.js?ln=primefaces&v=4.0 HTTP/1.1" 304 -
181.56.232.238 - - [12/Nov/2023:14:50:08 -0500] "GET /sipse/faces/javax.faces.resource/layout/layout.js?ln=primefaces&v=4.0 HTTP/1.1" 304 -
181.56.232.238 - - [12/Nov/2023:14:50:08 -0500] "GET /sipse/faces/javax.faces.resource/primefaces.css?ln=primefaces&v=4.0 HTTP/1.1" 200 53295
181.56.232.238 - - [12/Nov/2023:14:50:08 -0500] "GET /sipse/faces/javax.faces.resource/images/ui-icons_898989_256x240.png?ln=primefaces-aristo HTTP/1.1" 200 5355
181.56.232.238 - - [12/Nov/2023:14:50:08 -0500] "GET /sipse/css/imagen/logoSDG.png HTTP/1.1" 200 53064
181.56.232.238 - - [12/Nov/2023:14:50:08 -0500] "GET /sipse/css/imagen/loginimg.png HTTP/1.1" 200 71635
181.56.232.238 - - [12/Nov/2023:14:50:10 -0500] "POST /sipse/faces/autenticacion.xhtml HTTP/1.1" 200 2224
181.56.232.238 - - [12/Nov/2023:14:50:10 -0500] "GET /sipse/faces/javax.faces.resource/messages/messages.png?ln=primefaces&v=4.0 HTTP/1.1" 200 27209
181.56.232.238 - - [12/Nov/2023:14:50:12 -0500] "POST /sipse/faces/autenticacion.xhtml HTTP/1.1" 200 16475
181.56.232.238 - - [12/Nov/2023:14:50:12 -0500] "GET /sipse/css/custom_css_sg_prime.css HTTP/1.1" 200 5201
181.56.232.238 - - [12/Nov/2023:14:50:12 -0500] "GET /sipse/js/jquery.min.js HTTP/1.1" 200 85582
181.56.232.238 - - [12/Nov/2023:14:50:12 -0500] "GET /sipse/faces/javax.faces.resource/jquery/jquery.js?ln=primefaces&v=4.0 HTTP/1.1" 304 -
181.56.232.238 - - [12/Nov/2023:14:50:12 -0500] "GET /sipse/faces/javax.faces.resource/jquery/jquery-plugins.js?ln=primefaces&v=4.0 HTTP/1.1" 304 -
181.56.232.238 - - [12/Nov/2023:14:50:12 -0500] "GET /sipse/faces/javax.faces.resource/primefaces.js?ln=primefaces&v=4.0 HTTP/1.1" 304 -
181.56.232.238 - - [12/Nov/2023:14:50:12 -0500] "GET /sipse/faces/javax.faces.resource/layout/layout.js?ln=primefaces&v=4.0 HTTP/1.1" 304 -
181.56.232.238 - - [12/Nov/2023:14:50:12 -0500] "GET /sipse/css/v_mergente.css HTTP/1.1" 200 1505
181.56.232.238 - - [12/Nov/2023:14:50:12 -0500] "GET /sipse/imagenes/cargando.gif HTTP/1.1" 200 36959
181.56.232.238 - - [12/Nov/2023:14:50:12 -0500] "GET /sipse/css/imagen/contrasena.png HTTP/1.1" 404 383
181.56.232.238 - - [12/Nov/2023:14:50:12 -0500] "GET /sipse/imagenes/logoAplicacion.jpg HTTP/1.1" 200 155084
181.56.232.238 - - [12/Nov/2023:14:50:15 -0500] "GET /sipse/faces/javax.faces.resource/images/ui-bg_flat_0_2d5972_40x100.png?ln=primefaces-aristo HTTP/1.1" 200 183
181.56.232.238 - - [12/Nov/2023:14:50:15 -0500] "POST /sipse/faces/bienvenido.xhtml HTTP/1.1" 200 2658
181.56.232.238 - - [12/Nov/2023:14:50:21 -0500] "POST /sipse/faces/bienvenido.xhtml HTTP/1.1" 200 65683
181.56.232.238 - - [12/Nov/2023:14:50:22 -0500] "GET /sipse/js/jquery.min.js HTTP/1.1" 200 26124
