186.102.1.142 - - [12/Nov/2023:15:02:29 -0500] "GET /kwssiamovil/sm/acme/a?s=U2FsdGVkX1+J0fHiRkpTs0IgWM0k8zzZOPlXBXSvMyY+kjKTGQ7fP04HDq2xUlCmdaYE2BjauPc1koiA7xLkpw8heyYuQDx8rh+qEXULgWsS03HwlaeesrkK1Gp6O92gkSN6PQ0v1yHNhUV0yPfSMG9VH/weDIdISRzkIi3gBdFkldWOfj+0wtuEEMbZElCDE+H3wa9WL7L0EPDLdmszMfAU+KTFP12SjaNSxNsa+819CjFA7B8sajUuW+OPLL+P0jEsvI9dYeqczqM3aIbnv3hbwZ0upxqWNuxLlVV1YgnebTNne0LUQ3LWEG/1sVDtftcJiHcxaDzA4LNmmc6I6wdQuElGGXJRxrwYWhHpW0vLEHIDGGIpCguCQpo0v09eSRFX33rDCV5r7bu+j+RFXnRWpR0SUFSEqsXBlIoxc+iZAr71lURwZ2JXkg2zdcrQvKXjffFpLSmnrc9stLep1oVdyb/8IFw0HFQxA59pfrUReBh0l12uFSyw9Bs0yYrMx21SYmgum8HGQ7zhF1JZsGjB/j/p5e0K0N4DFMbMayYg3N3RUjW1vKRnUDll2nPGLEpsdLKSAO+Q4Ks1/WytvV70yGM2ZWqj+qH0/uOdthXVOZPgJAGJcWOW36IvmdraZo2ZNIjC9OmH/V7a7c4/QiyFb3BiAFcYKZX6fvGDD8sh3ZeGVnRNnmuq4sa3Bs6AKVCZM4J8zchOGh+lbUaBcsw9yUwDFvA7nFslSEvzHcbVy0DS89c+0owKBlz3wBXwL4q9LwZsIEloNM1y+JtwKOCP+9ucyldhDe81s80H85zfBIQUDF2dcVRZdvsUC7g8zK7mw3ARiK7Cdr2bc449LxrFn8wZ5Z7W0mxyX4xMWxtbePyxHzF6UyMJtp19uGoigCJOAhZZ807Kd0KqUaLv8OTfrRqPWsmc0/TyuwE7s1Ta0fvSGUmiwjtiBUJv15pL7R1tFZ7bCBvHi8CFp30UtfWcO7Vvvk0X7mHkUMLlO7sZyef9Jht6xcyVCHJtgd0WUQfbe4kkkuAe+4ULahCp9KnfxE6uPD1Apt05RGcLRASLZxIWKqNYKpIzKHzH/v/UfKuT3FWNlN5azDl9pA5M0y9BA9gwR9aSu6pr1QDBh7GqNJRQ2TMbESahlWDAlNscKFGHyrKPc4Ww069SrFJL9cn1fzQ5BNN9g6UCPYl87C7o8nwT7rAnnVqlJDcknLDi45L51Gcbnf09PZ+N1y6/j/LwyTLXkBquBPDxRRnh23Z84GYM2KBKqI6090UfXbKjQDzsM+OdIVdiE7QEDUW1Ai9Ly20EEF6XhOiNLIeEPXahBXukHGgivfVGc4/et9b3hsHzBi4eEKJjB6FfOXxpDKt42DZ88Jb9BqE1D9rReMisljkVcrI7x9qMeS9zX7pyD7st0vPnOr4FSJleIdz6yxSYbnHicDHRiREVeoqXuqnmKiIHqxDbsUiGeOx22mJlRP8UOGkpmhplylPAYKGyQ2SDKf+wXTckTl27omcLthpMbNG3BDd3hPhnMxJWgIdSVNY0I+ZyPJIl+oDsVcljH4fGiPv2qRpwlbM9pwnW8tfZoH9pd3/Wx4WHyAdr8va0FUKpAU4/RZ262JCrZ2zOZNW4bPYQ9o0vxogOqxQxDEOvQEXGfgPOHt20jI6+i8kRyyNVy2GJ/nGaGTkKoTsqdzMf6MJGssr3SdnSVPNkzVOH3KrH15pnCTCwIsOyr6ASZ2ua04CbcmJ140fS6R0w0siz6x/cEVfc0SUqBKOiPPwyjRv45KReWYZK2L/5eoOiCpWnawxZk5lQ8YLBOfHKSTHPyUIAtQOapJDKGHKsJCWRDt1Jf6Th+wX0GKrFFawZCkcSXCzEDgN2wDjgXGX52dJ8Mn8UtvRch9JozLn25P5jUHTL0Eov5rWp5hpqXrRCcTC4fl8MAWs5/eTQUSm53iMzr2GO5Qo5TfbFyWk1DOPzMqkBlOVoNeVXMO9/3Eg0ssN5xo76hX0oNRAFLh0E2OgbM6PEheHfwZVffLLcJ2DUkb1MZecvt9Ah5Ft9u+w5zG5LdKNuE/He3IjSDXCfUWP2F3+mvvEf6UI6eUfLxIO5xrC94d5Eeyv12DBaLT/FAE3CxC9g6UQKmS7RPsYJLAXU+2mAjE5l+ZTJ7vfJvtQ3c0KZY3ffYASPHxn5QER+NXPMdheQObPrmjaimNjzPsJ+BIRB/kP6QisjI8LViwjKLLRDwhBgAaABVWXVYo4UJHrv1mmToi+IdIgXGKADlCOhkU4rFGCalGNdlLYmk46P4GVDjkfB5hqodJsTbhuMI5wqwhBgJVVdSxJkTXgM3tygryWf6v2PPwWMEqUAWSDUpVDG/8GNtl96Yp4/Ga5zluOzURsl+tfuGCWfyxGmHa8fiSzuX1u/rHtQIXyHePpdhEheYiwM96Azqq24GZGyz8xLtgJ1rUC7plqKjDSSs7T4csC7sSa5kYHCpfw1TZtHKg7Nfkbp/2eeksObyYaMQ7hSW2F3xBdgQ4w1ovUvO6nTEIUtlbXhQcC0HkHDlFfv+rjO7ey9V+vodirZjxLuS9z/U+vCgNMaX2afrgnnrQKKayOe3ygppF/+fvVvmA/qPeLZT/EU0UMVZ5WE6WVB1jebC6Fh/qtBXViHxSIYTU0rPgDQFckAKUZmeth1CE7iVub88LYTy+fmX7xvCHpr97AI93uX3/OI/IKn+AYfSVxGbw2aYrStYWziVkzdaQgL+x7IYYbfFDjzNP3U4LqXr+JCfPo6erGVkZP91hMcq32Qm2jSGxls9DQpZg/5o4cg2ddb8K4g5dQrqf1svZLYFyf0c3k8DebvndReucV7atRLIdCkmzSi4Josft/3wnVUTJlJLQQynwilNdLuGXtlAysRqRfagVtTdo0uvhDW5sZSO229KYrozsVP1JdCIeqzPb76u1/iXPn+KQi6vwsmVltAJ8nl6QssyY80zfAhLXybqg0uEsmS8BaWoaY4Fq9KmkfH5l+fsRa/BEH5YBowkLOnYqgGgKMf9mGELPl7jNQaahO8EOLrqcYo2Tzsor0bgb0DH0Rr9g8Lc6JwYkX9ScnyR1ov0Qu5f64e2VA3Qc2VJX/+lOsaitHGOiyIdoxGYkboO7x6GoZjujTwIIijjwJDj6JUnrFYWAkzoTrP6MxtKzP0o6NkbCsYLBLEGVcdc/tESTAEaELR44rnCV0KFtNV8+sp5Ok4F8clPdy9o5FPtoEWCKL7hBaCqOFWUyCGoc9+tZf6g3xS0o6pxRjwtQrggPlqB/sRkBk3wCj9AefU4lxevm9CSEK8dOIjQThPggpQtfZLi7QEC0j2JUTbIRvYqPu4Teq6AO7JNR5SliIEfYSx7HvkaKgdbUSZrC1NcunXVtEpqmTqqpRHUe7x&u=U2FsdGVkX1+dgoESVFJID8vWvvl3cm5zkzcXWFDA7as=&y=U2FsdGVkX19Rty5W2kVVt950gNoDSwJi4q9S4vexWGSiwB3emE5cFVjFXJYte6Bv HTTP/1.1" 200 26
186.102.1.142 - - [12/Nov/2023:15:02:30 -0500] "GET /kwssiamovil/sm/acme/a?s=U2FsdGVkX1+U5gB5r0aqc5MYt3V7SNcX4W4hZH6GMa/BLqIsVUHKt0zYHI4LojciycutSaMg2BGkk7bDE5KOYuFkOBIHNKijjBBkfS6QKO+ILbZMslGmeKBwP+j2CyIJJvNi/Wx1vALrRqIoz6UmW9+Dk80xxPnP7g1ljPONWWo=&u=U2FsdGVkX1+dgoESVFJID8vWvvl3cm5zkzcXWFDA7as=&y=U2FsdGVkX19Rty5W2kVVt950gNoDSwJi4q9S4vexWGSiwB3emE5cFVjFXJYte6Bv HTTP/1.1" 200 26
186.102.1.142 - - [12/Nov/2023:15:02:30 -0500] "GET /kwssiamovil/sm/acme/a?s=U2FsdGVkX188CKWazrv9hp+Yudh5SVXFca/xod6PBGhsvkJ/e3a+nzp8MUEhOE4EHB0giTC5RrqyIFjQv0SghW7yd6g+LzFiLETrHByttmowkURIqOAuMDqGiUyM0oxCfv/gTad5Y3K6vfYukm8nRDl26V+qf5eB9OPBv01coLs=&u=U2FsdGVkX1+dgoESVFJID8vWvvl3cm5zkzcXWFDA7as=&y=U2FsdGVkX19Rty5W2kVVt950gNoDSwJi4q9S4vexWGSiwB3emE5cFVjFXJYte6Bv HTTP/1.1" 200 26
186.102.1.142 - - [12/Nov/2023:15:02:30 -0500] "GET /kwssiamovil/sm/acme/a?s=U2FsdGVkX1/pcVKEetDwxTThAq8rF/jp2J4EHhQ/rsXRhJtMCaivb8fBVFEtBBdgQBzAd/Zk0K1okmb6CUu4AmnEtmGZvzpt7Dt8wRjbYkSf85BylwJGSLacOaUEAfTtYNcGNa/LApsIEZ3jPPIQTtCzSXUmwrEDta7SaXfjmwU=&u=U2FsdGVkX1+dgoESVFJID8vWvvl3cm5zkzcXWFDA7as=&y=U2FsdGVkX19Rty5W2kVVt950gNoDSwJi4q9S4vexWGSiwB3emE5cFVjFXJYte6Bv HTTP/1.1" 200 26
186.102.1.142 - - [12/Nov/2023:15:02:31 -0500] "GET /kwssiamovil/sm/acme/a?s=U2FsdGVkX18gEwd/xeT+nJWxj4RL7NKYsVa6TbiYSehYmulg9mbxFTT1xC477Q0t0yWf7wXQA5CoIq+OUbNmQXJ4XvmqpGAZHGVWkBIAYIREBfiertuLCQbXbAJXlICc2/QBDYukJH0aeoKmjENAaScmCfoEfMlm49Sd0zKP+WYXAFXz+54uHW1MFfWSVAAGBwSDk1M2xYm48d61SBAjtA==&u=U2FsdGVkX1+dgoESVFJID8vWvvl3cm5zkzcXWFDA7as=&y=U2FsdGVkX19Rty5W2kVVt950gNoDSwJi4q9S4vexWGSiwB3emE5cFVjFXJYte6Bv HTTP/1.1" 200 26
186.102.1.142 - - [12/Nov/2023:15:02:31 -0500] "GET /kwssiamovil/sm/acme/a?s=U2FsdGVkX18z/Y1K2p++sGVO/h5vNwNZt27lI6+MJCu2kfdYksrfHtnNvmqAa8TdV5Deh0s0vNtI50STpmTmpVNouzmkmq78oKNJudki3rISreuC0oZ48D1dzYo0EaS1y69TPYYMl2dvZ0i0QZl8xAbASMdqthbtWlrWCloxxR0ZFc8bbCvqEnukcB94skwMxvqxrjnE6vP2uvVlOAWxpKw9Cfy853NV9soQTlO3nxk=&u=U2FsdGVkX1+dgoESVFJID8vWvvl3cm5zkzcXWFDA7as=&y=U2FsdGVkX19Rty5W2kVVt950gNoDSwJi4q9S4vexWGSiwB3emE5cFVjFXJYte6Bv HTTP/1.1" 200 26
186.102.1.142 - - [12/Nov/2023:15:02:31 -0500] "GET /kwssiamovil/sm/acme/a?s=U2FsdGVkX19aSUY1aJQsGThzXb1/TJxKkbxVcEkf6irgrl2f8gP0yo+VaURadni54NvmWx6Q9FbnWx7CWTcuiAaSSquQnuZ9AmIMlGySxKwhR8YmagBbL9CuTOCofWuszXViOEAwHoVU9YYywoO214Rl6OA3xvTLuTc5xNx9TyHfVulT+3hBs+1HDBvGop521EWwGBS9j7Bhvr5I9GrToQ==&u=U2FsdGVkX1+dgoESVFJID8vWvvl3cm5zkzcXWFDA7as=&y=U2FsdGVkX19Rty5W2kVVt950gNoDSwJi4q9S4vexWGSiwB3emE5cFVjFXJYte6Bv HTTP/1.1" 200 26
216.245.221.92 - - [12/Nov/2023:15:02:50 -0500] "HEAD / HTTP/1.1" 200 -
40.77.167.22 - - [12/Nov/2023:15:04:23 -0500] "GET /BLA/resoluciones/AUTOS%202023/4823.pdf HTTP/1.1" 200 713509
191.156.224.239 - - [12/Nov/2023:15:04:23 -0500] "GET /sipse/js/disable_browser_buttons.js HTTP/1.1" 304 -
191.156.224.239 - - [12/Nov/2023:15:04:23 -0500] "GET /sipse/css/custom_css_sg.css HTTP/1.1" 304 -
191.156.224.239 - - [12/Nov/2023:15:04:23 -0500] "GET /sipse/css/custom_css_sg_prime_login.css HTTP/1.1" 304 -
191.156.224.239 - - [12/Nov/2023:15:04:23 -0500] "GET /sipse/faces/javax.faces.resource/primefaces.css?ln=primefaces&v=4.0 HTTP/1.1" 304 -
191.156.224.239 - - [12/Nov/2023:15:04:23 -0500] "GET /sipse/faces/javax.faces.resource/layout/layout.css?ln=primefaces&v=4.0 HTTP/1.1" 304 -
191.156.224.239 - - [12/Nov/2023:15:04:23 -0500] "GET /sipse/faces/javax.faces.resource/theme.css?ln=primefaces-sipse HTTP/1.1" 304 -
191.156.224.239 - - [12/Nov/2023:15:04:23 -0500] "GET /sipse/js/funciones.js HTTP/1.1" 304 -
191.156.224.239 - - [12/Nov/2023:15:04:23 -0500] "GET /sipse/faces/javax.faces.resource/jquery/jquery-plugins.js?ln=primefaces&v=4.0 HTTP/1.1" 304 -
191.156.224.239 - - [12/Nov/2023:15:04:23 -0500] "GET /sipse/faces/javax.faces.resource/layout/layout.js?ln=primefaces&v=4.0 HTTP/1.1" 304 -
191.156.224.239 - - [12/Nov/2023:15:04:23 -0500] "GET /sipse/faces/javax.faces.resource/primefaces.js?ln=primefaces&v=4.0 HTTP/1.1" 304 -
191.156.224.239 - - [12/Nov/2023:15:04:23 -0500] "GET /sipse/faces/javax.faces.resource/jquery/jquery.js?ln=primefaces&v=4.0 HTTP/1.1" 304 -
191.156.224.239 - - [12/Nov/2023:15:04:24 -0500] "GET /sipse/css/imagen/loginimg.png HTTP/1.1" 304 -
191.156.224.239 - - [12/Nov/2023:15:04:24 -0500] "GET /sipse/css/imagen/logoSDG.png HTTP/1.1" 304 -
191.156.224.239 - - [12/Nov/2023:15:04:24 -0500] "GET /sipse/faces/javax.faces.resource/images/ui-icons_898989_256x240.png?ln=primefaces-aristo HTTP/1.1" 304 -
191.156.224.239 - - [12/Nov/2023:15:04:24 -0500] "GET /sipse/faces/faces/faces/index.xhtml HTTP/1.1" 200 677
191.156.224.239 - - [12/Nov/2023:15:04:24 -0500] "GET /sipse/faces/javax.faces.resource/theme.css?ln=primefaces-sipse HTTP/1.1" 304 -
191.156.224.239 - - [12/Nov/2023:15:04:25 -0500] "GET /sipse/faces/javax.faces.resource/layout/layout.css?ln=primefaces&v=4.0 HTTP/1.1" 304 -
191.156.224.239 - - [12/Nov/2023:15:04:25 -0500] "GET /sipse/faces/javax.faces.resource/primefaces.css?ln=primefaces&v=4.0 HTTP/1.1" 304 -
191.156.224.239 - - [12/Nov/2023:15:04:25 -0500] "GET /sipse/faces/javax.faces.resource/theme.css?ln=primefaces-sipse HTTP/1.1" 304 -
191.156.224.239 - - [12/Nov/2023:15:04:26 -0500] "GET /sipse/faces/javax.faces.resource/jquery/jquery-plugins.js?ln=primefaces&v=4.0 HTTP/1.1" 304 -
191.156.224.239 - - [12/Nov/2023:15:04:26 -0500] "GET /sipse/faces/javax.faces.resource/jquery/jquery.js?ln=primefaces&v=4.0 HTTP/1.1" 304 -
191.156.224.239 - - [12/Nov/2023:15:04:26 -0500] "GET /sipse/faces/javax.faces.resource/primefaces.js?ln=primefaces&v=4.0 HTTP/1.1" 304 -
191.156.224.239 - - [12/Nov/2023:15:04:26 -0500] "GET /sipse/faces/javax.faces.resource/layout/layout.js?ln=primefaces&v=4.0 HTTP/1.1" 304 -
191.156.224.239 - - [12/Nov/2023:15:04:25 -0500] "GET /sipse/faces/faces/faces/faces/autenticacion.xhtml HTTP/1.1" 200 12407
191.156.224.239 - - [12/Nov/2023:15:05:09 -0500] "POST /sipse/faces/autenticacion.xhtml HTTP/1.1" 200 16903
191.156.224.239 - - [12/Nov/2023:15:05:09 -0500] "GET /sipse/faces/javax.faces.resource/theme.css?ln=primefaces-sipse HTTP/1.1" 304 -
191.156.224.239 - - [12/Nov/2023:15:05:09 -0500] "GET /sipse/faces/javax.faces.resource/primefaces.css?ln=primefaces&v=4.0 HTTP/1.1" 304 -
191.156.224.239 - - [12/Nov/2023:15:05:09 -0500] "GET /sipse/js/jquery.min.js HTTP/1.1" 304 -
191.156.224.239 - - [12/Nov/2023:15:05:09 -0500] "GET /sipse/css/custom_css_sg_prime.css HTTP/1.1" 304 -
191.156.224.239 - - [12/Nov/2023:15:05:09 -0500] "GET /sipse/faces/javax.faces.resource/layout/layout.css?ln=primefaces&v=4.0 HTTP/1.1" 304 -
191.156.224.239 - - [12/Nov/2023:15:05:09 -0500] "GET /sipse/faces/javax.faces.resource/jquery/jquery.js?ln=primefaces&v=4.0 HTTP/1.1" 304 -
191.156.224.239 - - [12/Nov/2023:15:05:09 -0500] "GET /sipse/faces/javax.faces.resource/jquery/jquery-plugins.js?ln=primefaces&v=4.0 HTTP/1.1" 304 -
191.156.224.239 - - [12/Nov/2023:15:05:09 -0500] "GET /sipse/faces/javax.faces.resource/primefaces.js?ln=primefaces&v=4.0 HTTP/1.1" 304 -
191.156.224.239 - - [12/Nov/2023:15:05:10 -0500] "GET /sipse/faces/javax.faces.resource/layout/layout.js?ln=primefaces&v=4.0 HTTP/1.1" 304 -
191.156.224.239 - - [12/Nov/2023:15:05:10 -0500] "GET /sipse/css/v_mergente.css HTTP/1.1" 304 -
191.156.224.239 - - [12/Nov/2023:15:05:10 -0500] "GET /sipse/css/imagen/contrasena.png HTTP/1.1" 404 383
191.156.224.239 - - [12/Nov/2023:15:05:10 -0500] "GET /sipse/imagenes/logoAplicacion.jpg HTTP/1.1" 304 -
191.156.224.239 - - [12/Nov/2023:15:05:10 -0500] "GET /sipse/imagenes/cargando.gif HTTP/1.1" 304 -
191.156.224.239 - - [12/Nov/2023:15:05:10 -0500] "GET /sipse/faces/javax.faces.resource/messages/messages.png?ln=primefaces&v=4.0 HTTP/1.1" 304 -
191.156.224.239 - - [12/Nov/2023:15:05:12 -0500] "GET /sipse/faces/javax.faces.resource/images/ui-bg_flat_0_2d5972_40x100.png?ln=primefaces-aristo HTTP/1.1" 304 -
191.156.224.239 - - [12/Nov/2023:15:05:12 -0500] "POST /sipse/faces/bienvenido.xhtml HTTP/1.1" 200 2658
191.156.224.239 - - [12/Nov/2023:15:05:13 -0500] "POST /sipse/faces/bienvenido.xhtml HTTP/1.1" 200 33155
191.156.224.239 - - [12/Nov/2023:15:05:13 -0500] "GET /sipse/faces/javax.faces.resource/primefaces.css?ln=primefaces&v=4.0 HTTP/1.1" 304 -
191.156.224.239 - - [12/Nov/2023:15:05:13 -0500] "GET /sipse/faces/javax.faces.resource/theme.css?ln=primefaces-sipse HTTP/1.1" 304 -
191.156.224.239 - - [12/Nov/2023:15:05:13 -0500] "GET /sipse/faces/javax.faces.resource/layout/layout.css?ln=primefaces&v=4.0 HTTP/1.1" 304 -
191.156.224.239 - - [12/Nov/2023:15:05:13 -0500] "GET /sipse/faces/javax.faces.resource/jquery/jquery.js?ln=primefaces&v=4.0 HTTP/1.1" 304 -
191.156.224.239 - - [12/Nov/2023:15:05:13 -0500] "GET /sipse/faces/javax.faces.resource/jquery/jquery-plugins.js?ln=primefaces&v=4.0 HTTP/1.1" 304 -
191.156.224.239 - - [12/Nov/2023:15:05:14 -0500] "GET /sipse/faces/javax.faces.resource/primefaces.js?ln=primefaces&v=4.0 HTTP/1.1" 304 -
191.156.224.239 - - [12/Nov/2023:15:05:14 -0500] "GET /sipse/faces/javax.faces.resource/layout/layout.js?ln=primefaces&v=4.0 HTTP/1.1" 304 -
191.156.224.239 - - [12/Nov/2023:15:05:14 -0500] "POST /sipse/faces/presentacion/financiero/solicitudProceso/listarSolicitudProceso.xhtml HTTP/1.1" 200 1372
191.156.224.239 - - [12/Nov/2023:15:05:18 -0500] "POST /sipse/faces/presentacion/financiero/solicitudProceso/listarSolicitudProceso.xhtml HTTP/1.1" 200 2673
40.77.167.22 - - [12/Nov/2023:15:05:33 -0500] "GET /BLA/resoluciones/AUTOS%202023/2656.pdf HTTP/1.1" 200 734948
201.245.192.253 - - [12/Nov/2023:15:06:25 -0500] "POST /kwsrmcab/Wsrmcab  HTTP/1.1" 200 40720
181.189.25.190 - - [12/Nov/2023:15:06:32 -0500] "POST /sipse/faces/presentacion/financiero/solicitudProceso/consultarSolicitudProceso.xhtml HTTP/1.1" 200 104120
172.22.2.4 - - [12/Nov/2023:15:04:59 -0500] "HEAD /BLA/boletinlegal/ HTTP/1.1" 200 -
173.252.107.10 - - [12/Nov/2023:15:07:12 -0500] "GET /olga-romero-una-mujer-que-reverdece-con-corazon-inquieto-que-encontro-en-el-reciclaje-su-pasion.html HTTP/1.1" 200 798
172.22.2.4 - - [12/Nov/2023:15:05:50 -0500] "GET /BLA/boletinlegal/ HTTP/1.1" 200 60634
216.245.221.92 - - [12/Nov/2023:15:07:50 -0500] "HEAD / HTTP/1.1" 200 -
181.56.232.238 - - [12/Nov/2023:15:10:46 -0500] "POST /sipse/faces/presentacion/financiero/solicitudProceso/listarSolicitudProceso.xhtml HTTP/1.1" 200 122124
181.56.232.238 - - [12/Nov/2023:15:10:46 -0500] "GET /sipse/faces/javax.faces.resource/jquery/jquery.js?ln=primefaces&v=4.0 HTTP/1.1" 304 -
181.56.232.238 - - [12/Nov/2023:15:10:46 -0500] "GET /sipse/faces/javax.faces.resource/jquery/jquery-plugins.js?ln=primefaces&v=4.0 HTTP/1.1" 304 -
181.56.232.238 - - [12/Nov/2023:15:10:46 -0500] "GET /sipse/faces/javax.faces.resource/primefaces.js?ln=primefaces&v=4.0 HTTP/1.1" 304 -
181.56.232.238 - - [12/Nov/2023:15:10:46 -0500] "GET /sipse/faces/javax.faces.resource/layout/layout.js?ln=primefaces&v=4.0 HTTP/1.1" 304 -
181.56.232.238 - - [12/Nov/2023:15:10:52 -0500] "POST /sipse/faces/presentacion/financiero/solicitudProceso/consultarSolicitudProceso.xhtml HTTP/1.1" 200 66242
181.56.232.238 - - [12/Nov/2023:15:10:55 -0500] "GET /sipse/faces/javax.faces.resource/jquery/jquery.js?ln=primefaces&v=4.0 HTTP/1.1" 304 -
181.56.232.238 - - [12/Nov/2023:15:10:55 -0500] "GET /sipse/faces/javax.faces.resource/jquery/jquery-plugins.js?ln=primefaces&v=4.0 HTTP/1.1" 304 -
181.56.232.238 - - [12/Nov/2023:15:10:55 -0500] "GET /sipse/faces/javax.faces.resource/primefaces.js?ln=primefaces&v=4.0 HTTP/1.1" 304 -
181.56.232.238 - - [12/Nov/2023:15:10:55 -0500] "GET /sipse/faces/javax.faces.resource/layout/layout.js?ln=primefaces&v=4.0 HTTP/1.1" 304 -
181.56.232.238 - - [12/Nov/2023:15:10:55 -0500] "POST /sipse/faces/presentacion/financiero/solicitudProceso/listarSolicitudProceso.xhtml HTTP/1.1" 200 1556
181.189.25.190 - - [12/Nov/2023:15:11:19 -0500] "POST /sipse/faces/presentacion/financiero/solicitudProceso/consultarSolicitudProceso.xhtml HTTP/1.1" 200 43902
181.189.25.190 - - [12/Nov/2023:15:11:19 -0500] "GET /sipse/faces/javax.faces.resource/theme.css?ln=primefaces-sipse HTTP/1.1" 304 -
181.189.25.190 - - [12/Nov/2023:15:11:19 -0500] "GET /sipse/faces/javax.faces.resource/primefaces.css?ln=primefaces&v=4.0 HTTP/1.1" 304 -
181.189.25.190 - - [12/Nov/2023:15:11:19 -0500] "GET /sipse/faces/javax.faces.resource/layout/layout.css?ln=primefaces&v=4.0 HTTP/1.1" 304 -
181.189.25.190 - - [12/Nov/2023:15:11:19 -0500] "GET /sipse/faces/javax.faces.resource/jquery/jquery.js?ln=primefaces&v=4.0 HTTP/1.1" 304 -
181.189.25.190 - - [12/Nov/2023:15:11:19 -0500] "GET /sipse/faces/javax.faces.resource/jquery/jquery-plugins.js?ln=primefaces&v=4.0 HTTP/1.1" 304 -
181.189.25.190 - - [12/Nov/2023:15:11:19 -0500] "GET /sipse/faces/javax.faces.resource/primefaces.js?ln=primefaces&v=4.0 HTTP/1.1" 304 -
181.189.25.190 - - [12/Nov/2023:15:11:19 -0500] "GET /sipse/faces/javax.faces.resource/layout/layout.js?ln=primefaces&v=4.0 HTTP/1.1" 304 -
181.189.25.190 - - [12/Nov/2023:15:11:19 -0500] "GET /sipse/css/imagen/contrasena.png HTTP/1.1" 404 383
181.189.25.190 - - [12/Nov/2023:15:11:19 -0500] "POST /sipse/faces/presentacion/financiero/solicitudProceso/consultar.xhtml HTTP/1.1" 200 37190
181.189.25.190 - - [12/Nov/2023:15:11:19 -0500] "POST /sipse/faces/presentacion/financiero/solicitudProceso/consultar.xhtml HTTP/1.1" 200 37190
181.189.25.190 - - [12/Nov/2023:15:11:19 -0500] "POST /sipse/faces/presentacion/financiero/solicitudProceso/consultar.xhtml HTTP/1.1" 200 37190
181.189.25.190 - - [12/Nov/2023:15:11:19 -0500] "POST /sipse/faces/presentacion/financiero/solicitudProceso/consultar.xhtml HTTP/1.1" 200 37190
181.189.25.190 - - [12/Nov/2023:15:11:19 -0500] "POST /sipse/faces/presentacion/financiero/solicitudProceso/consultar.xhtml HTTP/1.1" 200 37190
181.56.232.238 - - [12/Nov/2023:15:11:20 -0500] "POST /sipse/faces/presentacion/financiero/solicitudProceso/listarSolicitudProceso.xhtml HTTP/1.1" 200 45782
181.56.232.238 - - [12/Nov/2023:15:11:21 -0500] "POST /sipse/faces/presentacion/financiero/solicitudProceso/listarSolicitudProceso.xhtml HTTP/1.1" 200 19035
181.189.25.190 - - [12/Nov/2023:15:11:22 -0500] "POST /sipse/faces/presentacion/financiero/solicitudProceso/consultar.xhtml HTTP/1.1" 200 12856
181.56.232.238 - - [12/Nov/2023:15:11:23 -0500] "POST /sipse/faces/presentacion/financiero/solicitudProceso/listarSolicitudProceso.xhtml HTTP/1.1" 200 45782
181.56.232.238 - - [12/Nov/2023:15:11:24 -0500] "POST /sipse/faces/presentacion/financiero/solicitudProceso/listarSolicitudProceso.xhtml HTTP/1.1" 200 21818
181.56.232.238 - - [12/Nov/2023:15:11:24 -0500] "POST /sipse/faces/presentacion/financiero/solicitudProceso/listarSolicitudProceso.xhtml HTTP/1.1" 200 18838
181.56.232.238 - - [12/Nov/2023:15:11:24 -0500] "POST /sipse/faces/presentacion/financiero/solicitudProceso/listarSolicitudProceso.xhtml HTTP/1.1" 200 18822
181.189.25.190 - - [12/Nov/2023:15:11:24 -0500] "POST /sipse/faces/presentacion/financiero/solicitudProceso/consultar.xhtml HTTP/1.1" 200 161654
181.189.25.190 - - [12/Nov/2023:15:11:25 -0500] "GET /sipse/faces/javax.faces.resource/theme.css?ln=primefaces-sipse HTTP/1.1" 304 -
181.189.25.190 - - [12/Nov/2023:15:11:25 -0500] "GET /sipse/faces/javax.faces.resource/primefaces.css?ln=primefaces&v=4.0 HTTP/1.1" 304 -
181.189.25.190 - - [12/Nov/2023:15:11:25 -0500] "GET /sipse/faces/javax.faces.resource/layout/layout.css?ln=primefaces&v=4.0 HTTP/1.1" 304 -
181.189.25.190 - - [12/Nov/2023:15:11:25 -0500] "GET /sipse/faces/javax.faces.resource/jquery/jquery.js?ln=primefaces&v=4.0 HTTP/1.1" 304 -
181.189.25.190 - - [12/Nov/2023:15:11:25 -0500] "GET /sipse/faces/javax.faces.resource/jquery/jquery-plugins.js?ln=primefaces&v=4.0 HTTP/1.1" 304 -
181.189.25.190 - - [12/Nov/2023:15:11:25 -0500] "GET /sipse/faces/javax.faces.resource/primefaces.js?ln=primefaces&v=4.0 HTTP/1.1" 304 -
181.189.25.190 - - [12/Nov/2023:15:11:25 -0500] "GET /sipse/faces/javax.faces.resource/layout/layout.js?ln=primefaces&v=4.0 HTTP/1.1" 304 -
181.189.25.190 - - [12/Nov/2023:15:11:25 -0500] "GET /sipse/css/imagen/contrasena.png HTTP/1.1" 404 383
201.245.192.253 - - [12/Nov/2023:15:11:24 -0500] "POST /kwsrmcab/Wsrmcab  HTTP/1.1" 200 40720
66.249.79.130 - - [12/Nov/2023:15:11:27 -0500] "GET /cooperacion-internacional-postulate-para-la-coordinacion-ambiental-de-proyecto-con-la-union-europea-avantia.html HTTP/1.1" 304 -
181.189.25.190 - - [12/Nov/2023:15:11:30 -0500] "POST /sipse/faces/presentacion/financiero/solicitudProceso/consultarSolicitudProceso.xhtml HTTP/1.1" 200 150268
199.16.157.181 - - [12/Nov/2023:15:11:47 -0500] "GET /consulta-y-con HTTP/1.1" 404 1034
199.16.157.183 - - [12/Nov/2023:15:11:51 -0500] "GET /consulta-y-con HTTP/1.1" 404 1034
199.16.157.180 - - [12/Nov/2023:15:11:54 -0500] "GET /consulta-y-con HTTP/1.1" 404 1034
172.22.2.4 - - [12/Nov/2023:15:11:59 -0500] "GET /BLA/boletinlegal/actos.php HTTP/1.1" 200 9682
172.22.2.4 - - [12/Nov/2023:15:11:59 -0500] "GET /BLA/boletinlegal/favicon.ico HTTP/1.1" 404 1326
52.167.144.192 - - [12/Nov/2023:15:12:02 -0500] "GET /BLA/resoluciones/AUTOS%202007/1496.pdf HTTP/1.1" 200 24794
204.199.94.87 - - [12/Nov/2023:15:12:10 -0500] "GET /consulta-y-conoce-los-proyectos-de-resolucion-de-para-los-planes-de-manejo-ambiental-de-cinco-humedales-en-bogota.html HTTP/1.1" 200 971
172.22.2.4 - - [12/Nov/2023:15:10:49 -0500] "HEAD /BLA/boletinlegal/ HTTP/1.1" 200 -
172.22.2.4 - - [12/Nov/2023:15:12:47 -0500] "GET /BLA/boletinlegal/consulta_actos.php?tipo=resoluciones&no=3971&usuario=&sector=&fecha=2018&resuelve= HTTP/1.1" 200 1330
216.245.221.92 - - [12/Nov/2023:15:12:50 -0500] "HEAD / HTTP/1.1" 200 -
172.22.2.4 - - [12/Nov/2023:15:11:40 -0500] "GET /BLA/boletinlegal/ HTTP/1.1" 200 47708
172.22.2.4 - - [12/Nov/2023:15:11:54 -0500] "GET /BLA/boletinlegal/ HTTP/1.1" 200 51333
199.16.157.181 - - [12/Nov/2023:15:14:45 -0500] "GET /consulta-y-conoce-los-proyectos-de-resolucion-de-para-los-planes-de-manejo-ambiental-de-cinco-humedales-en-bogota.html HTTP/1.1" 200 971
168.119.76.233 - - [12/Nov/2023:15:14:49 -0500] "GET /robots.txt HTTP/1.1" 404 1034
168.119.76.233 - - [12/Nov/2023:15:14:50 -0500] "GET /consulta-y-conoce-los-proyectos-de-resolucion-de-para-los-planes-de-manejo-ambiental-de-cinco-humedales-en-bogota.html HTTP/1.1" 200 971
173.252.107.8 - - [12/Nov/2023:15:14:53 -0500] "GET /consulta-y-conoce-los-proyectos-de-resolucion-de-para-los-planes-de-manejo-ambiental-de-cinco-humedales-en-bogota.html HTTP/1.1" 200 971
38.52.156.155 - - [12/Nov/2023:15:15:21 -0500] "GET /consulta-y-conoce-los-proyectos-de-resolucion-de-para-los-planes-de-manejo-ambiental-de-cinco-humedales-en-bogota.html?fbclid=IwAR3hFJdsw7d5Um7GVWdFowKK3FjAg7LLrxN2RetdXf2kNkf2FZZKMU4WNxI HTTP/1.1" 200 971
69.171.251.12 - - [12/Nov/2023:15:15:29 -0500] "GET /consulta-y-conoce-los-proyectos-de-resolucion-de-para-los-planes-de-manejo-ambiental-de-cinco-humedales-en-bogota.html HTTP/1.1" 200 971
69.171.251.3 - - [12/Nov/2023:15:15:29 -0500] "GET /consulta-y-conoce-los-proyectos-de-resolucion-de-para-los-planes-de-manejo-ambiental-de-cinco-humedales-en-bogota.html HTTP/1.1" 200 971
31.13.115.10 - - [12/Nov/2023:15:15:36 -0500] "GET /consulta-y-conoce-los-proyectos-de-resolucion-de-para-los-planes-de-manejo-ambiental-de-cinco-humedales-en-bogota.html HTTP/1.1" 200 971
17.241.219.149 - - [12/Nov/2023:15:15:46 -0500] "GET /robots.txt HTTP/1.1" 404 1034
17.241.219.149 - - [12/Nov/2023:15:15:47 -0500] "GET /consulta-y-conoce-los-proyectos-de-resolucion-de-para-los-planes-de-manejo-ambiental-de-cinco-humedales-en-bogota.html HTTP/1.1" 200 971
31.13.127.16 - - [12/Nov/2023:15:15:54 -0500] "GET /consulta-y-conoce-los-proyectos-de-resolucion-de-para-los-planes-de-manejo-ambiental-de-cinco-humedales-en-bogota.html HTTP/1.1" 200 971
201.245.192.253 - - [12/Nov/2023:15:16:23 -0500] "POST /kwsrmcab/Wsrmcab  HTTP/1.1" 200 40720
173.252.79.5 - - [12/Nov/2023:15:16:35 -0500] "GET /consulta-y-conoce-los-proyectos-de-resolucion-de-para-los-planes-de-manejo-ambiental-de-cinco-humedales-en-bogota.html HTTP/1.1" 200 971
201.245.192.253 - - [12/Nov/2023:15:16:35 -0500] "POST /kwsrmcab/Wsrmcab HTTP/1.1" 200 41158
201.245.192.253 - - [12/Nov/2023:15:16:38 -0500] "POST /kwsrmcab/Wsrmcab HTTP/1.1" 200 41939
181.189.25.190 - - [12/Nov/2023:15:16:42 -0500] "POST /sipse/faces/presentacion/financiero/solicitudProceso/consultarSolicitudProceso.xhtml HTTP/1.1" 200 102563
15.235.114.226 - - [12/Nov/2023:15:16:57 -0500] "GET /consulta-y-conoce-los-proyectos-de-resolucion-de-para-los-planes-de-manejo-ambiental-de-cinco-humedales-en-bogota.html HTTP/1.1" 200 971
216.245.221.92 - - [12/Nov/2023:15:17:50 -0500] "HEAD / HTTP/1.1" 200 -
172.22.2.4 - - [12/Nov/2023:15:16:39 -0500] "HEAD /BLA/boletinlegal/ HTTP/1.1" 200 -
172.22.2.4 - - [12/Nov/2023:15:17:30 -0500] "GET /BLA/boletinlegal/ HTTP/1.1" 200 58644
40.77.167.16 - - [12/Nov/2023:15:19:50 -0500] "GET /atencion-mujeres-que-reverdecen-ya-inicia-la-segunda-fase.html HTTP/1.1" 200 857
201.245.192.253 - - [12/Nov/2023:15:19:56 -0500] "POST /kwsrmcab/Wsrmcab HTTP/1.1" 200 41158
201.245.192.253 - - [12/Nov/2023:15:19:59 -0500] "POST /kwsrmcab/Wsrmcab HTTP/1.1" 200 41939
172.22.2.4 - - [12/Nov/2023:15:20:43 -0500] "GET /BLA/boletinlegal/Circulares/2022/CIRCULAR%20No.%2000003%20DEL%2007%20DE%20MARZO%20DEL%202022.pdf HTTP/1.1" 200 311468
172.22.2.4 - - [12/Nov/2023:15:20:44 -0500] "GET /BLA/boletinlegal/favicon.ico HTTP/1.1" 404 1498
201.245.192.253 - - [12/Nov/2023:15:21:22 -0500] "POST /kwsrmcab/Wsrmcab  HTTP/1.1" 200 40720
69.63.184.3 - - [12/Nov/2023:15:21:38 -0500] "GET /consulta-y-conoce-los-proyectos-de-resolucion-de-para-los-planes-de-manejo-ambiental-de-cinco-humedales-en-bogota.html HTTP/1.1" 200 971
69.63.184.116 - - [12/Nov/2023:15:21:38 -0500] "GET /consulta-y-conoce-los-proyectos-de-resolucion-de-para-los-planes-de-manejo-ambiental-de-cinco-humedales-en-bogota.html HTTP/1.1" 200 971
181.189.25.190 - - [12/Nov/2023:15:21:54 -0500] "GET /sipse/faces/javax.faces.resource/images/ui-bg_flat_0_2d5972_40x100.png?ln=primefaces-aristo HTTP/1.1" 304 -
181.189.25.190 - - [12/Nov/2023:15:21:54 -0500] "POST /sipse/faces/presentacion/financiero/solicitudProceso/consultarSolicitudProceso.xhtml HTTP/1.1" 200 43934
181.189.25.190 - - [12/Nov/2023:15:21:54 -0500] "GET /sipse/faces/javax.faces.resource/theme.css?ln=primefaces-sipse HTTP/1.1" 304 -
181.189.25.190 - - [12/Nov/2023:15:21:54 -0500] "GET /sipse/faces/javax.faces.resource/primefaces.css?ln=primefaces&v=4.0 HTTP/1.1" 304 -
181.189.25.190 - - [12/Nov/2023:15:21:54 -0500] "GET /sipse/faces/javax.faces.resource/layout/layout.css?ln=primefaces&v=4.0 HTTP/1.1" 304 -
181.189.25.190 - - [12/Nov/2023:15:21:54 -0500] "GET /sipse/faces/javax.faces.resource/jquery/jquery.js?ln=primefaces&v=4.0 HTTP/1.1" 304 -
181.189.25.190 - - [12/Nov/2023:15:21:54 -0500] "GET /sipse/faces/javax.faces.resource/jquery/jquery-plugins.js?ln=primefaces&v=4.0 HTTP/1.1" 304 -
181.189.25.190 - - [12/Nov/2023:15:21:54 -0500] "GET /sipse/faces/javax.faces.resource/primefaces.js?ln=primefaces&v=4.0 HTTP/1.1" 304 -
181.189.25.190 - - [12/Nov/2023:15:21:54 -0500] "GET /sipse/faces/javax.faces.resource/layout/layout.js?ln=primefaces&v=4.0 HTTP/1.1" 304 -
181.189.25.190 - - [12/Nov/2023:15:21:54 -0500] "GET /sipse/css/imagen/contrasena.png HTTP/1.1" 404 383
181.189.25.190 - - [12/Nov/2023:15:21:54 -0500] "POST /sipse/faces/presentacion/financiero/solicitudProceso/consultar.xhtml HTTP/1.1" 200 37222
181.189.25.190 - - [12/Nov/2023:15:21:54 -0500] "POST /sipse/faces/presentacion/financiero/solicitudProceso/consultar.xhtml HTTP/1.1" 200 37222
181.189.25.190 - - [12/Nov/2023:15:21:54 -0500] "POST /sipse/faces/presentacion/financiero/solicitudProceso/consultar.xhtml HTTP/1.1" 200 37222
181.189.25.190 - - [12/Nov/2023:15:21:54 -0500] "POST /sipse/faces/presentacion/financiero/solicitudProceso/consultar.xhtml HTTP/1.1" 200 37222
181.189.25.190 - - [12/Nov/2023:15:21:54 -0500] "POST /sipse/faces/presentacion/financiero/solicitudProceso/consultar.xhtml HTTP/1.1" 200 37222
181.189.25.190 - - [12/Nov/2023:15:21:55 -0500] "POST /sipse/faces/presentacion/financiero/solicitudProceso/consultar.xhtml HTTP/1.1" 200 37222
181.189.25.190 - - [12/Nov/2023:15:21:55 -0500] "POST /sipse/faces/presentacion/financiero/solicitudProceso/consultar.xhtml HTTP/1.1" 200 37222
181.189.25.190 - - [12/Nov/2023:15:21:56 -0500] "POST /sipse/faces/presentacion/financiero/solicitudProceso/consultar.xhtml HTTP/1.1" 200 12816
181.189.25.190 - - [12/Nov/2023:15:22:08 -0500] "POST /sipse/faces/presentacion/financiero/solicitudProceso/consultar.xhtml HTTP/1.1" 200 165255
181.189.25.190 - - [12/Nov/2023:15:22:08 -0500] "GET /sipse/faces/javax.faces.resource/theme.css?ln=primefaces-sipse HTTP/1.1" 304 -
181.189.25.190 - - [12/Nov/2023:15:22:08 -0500] "GET /sipse/faces/javax.faces.resource/primefaces.css?ln=primefaces&v=4.0 HTTP/1.1" 304 -
181.189.25.190 - - [12/Nov/2023:15:22:08 -0500] "GET /sipse/faces/javax.faces.resource/layout/layout.css?ln=primefaces&v=4.0 HTTP/1.1" 304 -
181.189.25.190 - - [12/Nov/2023:15:22:08 -0500] "GET /sipse/faces/javax.faces.resource/jquery/jquery.js?ln=primefaces&v=4.0 HTTP/1.1" 304 -
181.189.25.190 - - [12/Nov/2023:15:22:08 -0500] "GET /sipse/faces/javax.faces.resource/jquery/jquery-plugins.js?ln=primefaces&v=4.0 HTTP/1.1" 304 -
181.189.25.190 - - [12/Nov/2023:15:22:09 -0500] "GET /sipse/faces/javax.faces.resource/primefaces.js?ln=primefaces&v=4.0 HTTP/1.1" 304 -
181.189.25.190 - - [12/Nov/2023:15:22:09 -0500] "GET /sipse/faces/javax.faces.resource/layout/layout.js?ln=primefaces&v=4.0 HTTP/1.1" 304 -
181.189.25.190 - - [12/Nov/2023:15:22:09 -0500] "GET /sipse/css/imagen/contrasena.png HTTP/1.1" 404 383
181.189.25.190 - - [12/Nov/2023:15:22:14 -0500] "POST /sipse/faces/presentacion/financiero/solicitudProceso/consultarSolicitudProceso.xhtml HTTP/1.1" 200 144676
216.245.221.92 - - [12/Nov/2023:15:22:50 -0500] "HEAD / HTTP/1.1" 200 -
172.22.2.4 - - [12/Nov/2023:15:22:29 -0500] "HEAD /BLA/boletinlegal/ HTTP/1.1" 200 -
173.252.127.26 - - [12/Nov/2023:15:24:29 -0500] "GET /recuperado-zorro-cangrejero-que-era-tenido-ilegalmente-como-mascota-en-una-vivienda-del-sur-de-bogota.html HTTP/1.1" 200 801
172.22.2.4 - - [12/Nov/2023:15:23:20 -0500] "GET /BLA/boletinlegal/ HTTP/1.1" 200 61018
172.22.2.4 - - [12/Nov/2023:15:25:36 -0500] "GET /BLA/boletinlegal/robots.txt HTTP/1.1" 404 1037
172.22.2.4 - - [12/Nov/2023:15:25:38 -0500] "GET /BLA/boletinlegal/Directivas/2014/Directiva%20No.%201%20del%2010%20de%20Abril%20de%202014.pdf HTTP/1.1" 200 258865
172.22.2.4 - - [12/Nov/2023:15:25:39 -0500] "GET /BLA/boletinlegal/Circulares/023/CIRCULAR%20No.%2000012%20DEL%2030%20DE%20OCTUBRE%20DEL%202023.pdf HTTP/1.1" 404 1037
201.245.192.253 - - [12/Nov/2023:15:26:21 -0500] "POST /kwsrmcab/Wsrmcab  HTTP/1.1" 200 40720
201.245.192.253 - - [12/Nov/2023:15:26:35 -0500] "POST /kwsrmcab/Wsrmcab HTTP/1.1" 200 41158
201.245.192.253 - - [12/Nov/2023:15:26:38 -0500] "POST /kwsrmcab/Wsrmcab HTTP/1.1" 200 41939
207.248.216.192 - - [12/Nov/2023:15:27:03 -0500] "GET /doc/page/login.asp?_ HTTP/1.1" 200 4756
207.248.216.192 - - [12/Nov/2023:15:27:04 -0500] "GET /ISAPI/Streaming/channels/101/picture HTTP/1.1" 406 -
207.248.216.192 - - [12/Nov/2023:15:27:04 -0500] "GET /ISAPI/Streaming/channels/101/picture HTTP/1.1" 406 -
207.248.216.192 - - [12/Nov/2023:15:27:04 -0500] "GET /ISAPI/Streaming/channels/101/picture HTTP/1.1" 406 -
207.248.216.192 - - [12/Nov/2023:15:27:05 -0500] "GET /ISAPI/Streaming/channels/101/picture HTTP/1.1" 406 -
207.248.216.192 - - [12/Nov/2023:15:27:05 -0500] "GET /ISAPI/Streaming/channels/101/picture HTTP/1.1" 406 -
207.248.216.192 - - [12/Nov/2023:15:27:06 -0500] "GET /ISAPI/Streaming/channels/101/picture HTTP/1.1" 406 -
207.248.216.192 - - [12/Nov/2023:15:27:06 -0500] "GET /ISAPI/Streaming/channels/101/picture HTTP/1.1" 406 -
207.248.216.192 - - [12/Nov/2023:15:27:07 -0500] "GET /ISAPI/Streaming/channels/201/picture HTTP/1.1" 406 -
207.248.216.192 - - [12/Nov/2023:15:27:07 -0500] "GET /ISAPI/Streaming/channels/201/picture HTTP/1.1" 406 -
207.248.216.192 - - [12/Nov/2023:15:27:08 -0500] "GET /ISAPI/Streaming/channels/201/picture HTTP/1.1" 406 -
207.248.216.192 - - [12/Nov/2023:15:27:08 -0500] "GET /ISAPI/Streaming/channels/201/picture HTTP/1.1" 406 -
207.248.216.192 - - [12/Nov/2023:15:27:09 -0500] "GET /ISAPI/Streaming/channels/201/picture HTTP/1.1" 406 -
207.248.216.192 - - [12/Nov/2023:15:27:09 -0500] "GET /ISAPI/Streaming/channels/201/picture HTTP/1.1" 406 -
207.248.216.192 - - [12/Nov/2023:15:27:10 -0500] "GET /ISAPI/Streaming/channels/201/picture HTTP/1.1" 406 -
207.248.216.192 - - [12/Nov/2023:15:27:11 -0500] "GET /ISAPI/Streaming/channels/301/picture HTTP/1.1" 406 -
207.248.216.192 - - [12/Nov/2023:15:27:11 -0500] "GET /ISAPI/Streaming/channels/301/picture HTTP/1.1" 406 -
207.248.216.192 - - [12/Nov/2023:15:27:11 -0500] "GET /ISAPI/Streaming/channels/301/picture HTTP/1.1" 406 -
207.248.216.192 - - [12/Nov/2023:15:27:12 -0500] "GET /ISAPI/Streaming/channels/301/picture HTTP/1.1" 406 -
207.248.216.192 - - [12/Nov/2023:15:27:12 -0500] "GET /ISAPI/Streaming/channels/301/picture HTTP/1.1" 406 -
216.245.221.92 - - [12/Nov/2023:15:27:50 -0500] "HEAD / HTTP/1.1" 200 -
181.189.25.190 - - [12/Nov/2023:15:27:58 -0500] "POST /sipse/faces/presentacion/financiero/solicitudProceso/consultarSolicitudProceso.xhtml HTTP/1.1" 200 101649
40.77.167.235 - - [12/Nov/2023:15:29:09 -0500] "GET /images/alcaldesa%20claudia-lopez-19-09-23.jpg HTTP/1.1" 200 36328
172.22.2.4 - - [12/Nov/2023:15:29:56 -0500] "HEAD /BLA/boletinlegal/Circulares/2011/Circular%20No.%206%20del%2023%20de%20Septiembre%20de%202011.pdf HTTP/1.1" 200 -
172.22.2.4 - - [12/Nov/2023:15:29:56 -0500] "GET /BLA/boletinlegal/Circulares/2011/Circular%20No.%206%20del%2023%20de%20Septiembre%20de%202011.pdf HTTP/1.1" 200 252800
201.245.192.253 - - [12/Nov/2023:15:29:56 -0500] "POST /kwsrmcab/Wsrmcab HTTP/1.1" 200 41158
172.22.2.4 - - [12/Nov/2023:15:28:19 -0500] "HEAD /BLA/boletinlegal/ HTTP/1.1" 200 -
201.245.192.253 - - [12/Nov/2023:15:29:58 -0500] "POST /kwsrmcab/Wsrmcab HTTP/1.1" 200 41939
172.22.2.4 - - [12/Nov/2023:15:29:10 -0500] "GET /BLA/boletinlegal/ HTTP/1.1" 200 61018
201.245.192.253 - - [12/Nov/2023:15:31:21 -0500] "POST /kwsrmcab/Wsrmcab  HTTP/1.1" 200 40720
216.245.221.92 - - [12/Nov/2023:15:32:50 -0500] "HEAD / HTTP/1.1" 200 -
172.22.2.4 - - [12/Nov/2023:15:32:40 -0500] "GET /BLA/boletinlegal/ HTTP/1.1" 200 61736
173.252.107.3 - - [12/Nov/2023:15:34:42 -0500] "GET /recuperado-zorro-cangrejero-que-era-tenido-ilegalmente-como-mascota-en-una-vivienda-del-sur-de-bogota.html HTTP/1.1" 206 801
173.252.107.116 - - [12/Nov/2023:15:34:42 -0500] "GET /recuperado-zorro-cangrejero-que-era-tenido-ilegalmente-como-mascota-en-una-vivienda-del-sur-de-bogota.html HTTP/1.1" 200 801
173.252.107.6 - - [12/Nov/2023:15:34:42 -0500] "GET /recuperado-zorro-cangrejero-que-era-tenido-ilegalmente-como-mascota-en-una-vivienda-del-sur-de-bogota.html HTTP/1.1" 200 801
173.252.107.3 - - [12/Nov/2023:15:34:42 -0500] "GET /recuperado-zorro-cangrejero-que-era-tenido-ilegalmente-como-mascota-en-una-vivienda-del-sur-de-bogota.html HTTP/1.1" 200 801
173.252.107.117 - - [12/Nov/2023:15:34:47 -0500] "GET /recuperado-zorro-cangrejero-que-era-tenido-ilegalmente-como-mascota-en-una-vivienda-del-sur-de-bogota.html HTTP/1.1" 200 801
181.189.25.190 - - [12/Nov/2023:15:35:27 -0500] "GET /sipse/faces/javax.faces.resource/images/ui-bg_flat_0_2d5972_40x100.png?ln=primefaces-aristo HTTP/1.1" 304 -
181.189.25.190 - - [12/Nov/2023:15:35:27 -0500] "POST /sipse/faces/presentacion/financiero/solicitudProceso/consultarSolicitudProceso.xhtml HTTP/1.1" 200 43894
181.189.25.190 - - [12/Nov/2023:15:35:27 -0500] "GET /sipse/faces/javax.faces.resource/theme.css?ln=primefaces-sipse HTTP/1.1" 304 -
181.189.25.190 - - [12/Nov/2023:15:35:27 -0500] "GET /sipse/faces/javax.faces.resource/primefaces.css?ln=primefaces&v=4.0 HTTP/1.1" 304 -
181.189.25.190 - - [12/Nov/2023:15:35:27 -0500] "GET /sipse/faces/javax.faces.resource/layout/layout.css?ln=primefaces&v=4.0 HTTP/1.1" 304 -
181.189.25.190 - - [12/Nov/2023:15:35:27 -0500] "GET /sipse/faces/javax.faces.resource/jquery/jquery.js?ln=primefaces&v=4.0 HTTP/1.1" 304 -
181.189.25.190 - - [12/Nov/2023:15:35:27 -0500] "GET /sipse/faces/javax.faces.resource/jquery/jquery-plugins.js?ln=primefaces&v=4.0 HTTP/1.1" 304 -
181.189.25.190 - - [12/Nov/2023:15:35:27 -0500] "GET /sipse/faces/javax.faces.resource/primefaces.js?ln=primefaces&v=4.0 HTTP/1.1" 304 -
181.189.25.190 - - [12/Nov/2023:15:35:27 -0500] "GET /sipse/faces/javax.faces.resource/layout/layout.js?ln=primefaces&v=4.0 HTTP/1.1" 304 -
181.189.25.190 - - [12/Nov/2023:15:35:27 -0500] "GET /sipse/css/imagen/contrasena.png HTTP/1.1" 404 383
181.189.25.190 - - [12/Nov/2023:15:35:27 -0500] "POST /sipse/faces/presentacion/financiero/solicitudProceso/consultar.xhtml HTTP/1.1" 200 37182
181.189.25.190 - - [12/Nov/2023:15:35:27 -0500] "POST /sipse/faces/presentacion/financiero/solicitudProceso/consultar.xhtml HTTP/1.1" 200 37182
181.189.25.190 - - [12/Nov/2023:15:35:27 -0500] "POST /sipse/faces/presentacion/financiero/solicitudProceso/consultar.xhtml HTTP/1.1" 200 37182
181.189.25.190 - - [12/Nov/2023:15:35:27 -0500] "POST /sipse/faces/presentacion/financiero/solicitudProceso/consultar.xhtml HTTP/1.1" 200 37182
181.189.25.190 - - [12/Nov/2023:15:35:28 -0500] "POST /sipse/faces/presentacion/financiero/solicitudProceso/consultar.xhtml HTTP/1.1" 200 37182
181.189.25.190 - - [12/Nov/2023:15:35:28 -0500] "POST /sipse/faces/presentacion/financiero/solicitudProceso/consultar.xhtml HTTP/1.1" 200 37182
181.189.25.190 - - [12/Nov/2023:15:35:28 -0500] "POST /sipse/faces/presentacion/financiero/solicitudProceso/consultar.xhtml HTTP/1.1" 200 37182
181.189.25.190 - - [12/Nov/2023:15:35:28 -0500] "POST /sipse/faces/presentacion/financiero/solicitudProceso/consultar.xhtml HTTP/1.1" 200 37182
181.189.25.190 - - [12/Nov/2023:15:35:28 -0500] "POST /sipse/faces/presentacion/financiero/solicitudProceso/consultar.xhtml HTTP/1.1" 200 37182
172.22.2.4 - - [12/Nov/2023:15:35:29 -0500] "GET /BLA/boletinlegal/consulta_actos.php?tipo=resoluciones&no=0073&usuario=&sector=&fecha=2023&resuelve= HTTP/1.1" 200 1131
181.189.25.190 - - [12/Nov/2023:15:35:30 -0500] "POST /sipse/faces/presentacion/financiero/solicitudProceso/consultar.xhtml HTTP/1.1" 200 12849
181.189.25.190 - - [12/Nov/2023:15:35:32 -0500] "POST /sipse/faces/presentacion/financiero/solicitudProceso/consultar.xhtml HTTP/1.1" 200 161630
181.189.25.190 - - [12/Nov/2023:15:35:32 -0500] "GET /sipse/faces/javax.faces.resource/primefaces.css?ln=primefaces&v=4.0 HTTP/1.1" 304 -
181.189.25.190 - - [12/Nov/2023:15:35:32 -0500] "GET /sipse/faces/javax.faces.resource/theme.css?ln=primefaces-sipse HTTP/1.1" 304 -
181.189.25.190 - - [12/Nov/2023:15:35:32 -0500] "GET /sipse/faces/javax.faces.resource/layout/layout.css?ln=primefaces&v=4.0 HTTP/1.1" 304 -
181.189.25.190 - - [12/Nov/2023:15:35:32 -0500] "GET /sipse/faces/javax.faces.resource/jquery/jquery.js?ln=primefaces&v=4.0 HTTP/1.1" 304 -
181.189.25.190 - - [12/Nov/2023:15:35:32 -0500] "GET /sipse/faces/javax.faces.resource/jquery/jquery-plugins.js?ln=primefaces&v=4.0 HTTP/1.1" 304 -
181.189.25.190 - - [12/Nov/2023:15:35:32 -0500] "GET /sipse/faces/javax.faces.resource/primefaces.js?ln=primefaces&v=4.0 HTTP/1.1" 304 -
181.189.25.190 - - [12/Nov/2023:15:35:32 -0500] "GET /sipse/faces/javax.faces.resource/layout/layout.js?ln=primefaces&v=4.0 HTTP/1.1" 304 -
181.189.25.190 - - [12/Nov/2023:15:35:32 -0500] "GET /sipse/css/imagen/contrasena.png HTTP/1.1" 404 383
172.22.2.4 - - [12/Nov/2023:15:34:09 -0500] "HEAD /BLA/boletinlegal/ HTTP/1.1" 200 -
181.189.25.190 - - [12/Nov/2023:15:35:57 -0500] "POST /sipse/faces/presentacion/financiero/solicitudProceso/consultarSolicitudProceso.xhtml HTTP/1.1" 200 43927
181.189.25.190 - - [12/Nov/2023:15:35:57 -0500] "GET /sipse/faces/javax.faces.resource/theme.css?ln=primefaces-sipse HTTP/1.1" 304 -
181.189.25.190 - - [12/Nov/2023:15:35:57 -0500] "GET /sipse/faces/javax.faces.resource/layout/layout.css?ln=primefaces&v=4.0 HTTP/1.1" 304 -
181.189.25.190 - - [12/Nov/2023:15:35:57 -0500] "GET /sipse/faces/javax.faces.resource/jquery/jquery.js?ln=primefaces&v=4.0 HTTP/1.1" 304 -
181.189.25.190 - - [12/Nov/2023:15:35:57 -0500] "GET /sipse/faces/javax.faces.resource/primefaces.css?ln=primefaces&v=4.0 HTTP/1.1" 304 -
181.189.25.190 - - [12/Nov/2023:15:35:57 -0500] "GET /sipse/faces/javax.faces.resource/jquery/jquery-plugins.js?ln=primefaces&v=4.0 HTTP/1.1" 304 -
181.189.25.190 - - [12/Nov/2023:15:35:57 -0500] "GET /sipse/faces/javax.faces.resource/primefaces.js?ln=primefaces&v=4.0 HTTP/1.1" 304 -
181.189.25.190 - - [12/Nov/2023:15:35:57 -0500] "GET /sipse/faces/javax.faces.resource/layout/layout.js?ln=primefaces&v=4.0 HTTP/1.1" 304 -
181.189.25.190 - - [12/Nov/2023:15:35:57 -0500] "GET /sipse/css/imagen/contrasena.png HTTP/1.1" 404 383
181.189.25.190 - - [12/Nov/2023:15:35:57 -0500] "POST /sipse/faces/presentacion/financiero/solicitudProceso/consultar.xhtml HTTP/1.1" 200 37215
181.189.25.190 - - [12/Nov/2023:15:35:57 -0500] "POST /sipse/faces/presentacion/financiero/solicitudProceso/consultar.xhtml HTTP/1.1" 200 37215
181.189.25.190 - - [12/Nov/2023:15:35:57 -0500] "POST /sipse/faces/presentacion/financiero/solicitudProceso/consultar.xhtml HTTP/1.1" 200 37215
181.189.25.190 - - [12/Nov/2023:15:35:57 -0500] "POST /sipse/faces/presentacion/financiero/solicitudProceso/consultar.xhtml HTTP/1.1" 200 37215
181.189.25.190 - - [12/Nov/2023:15:35:57 -0500] "POST /sipse/faces/presentacion/financiero/solicitudProceso/consultar.xhtml HTTP/1.1" 200 37215
181.189.25.190 - - [12/Nov/2023:15:35:58 -0500] "POST /sipse/faces/presentacion/financiero/solicitudProceso/consultar.xhtml HTTP/1.1" 200 37215
181.189.25.190 - - [12/Nov/2023:15:35:58 -0500] "POST /sipse/faces/presentacion/financiero/solicitudProceso/consultar.xhtml HTTP/1.1" 200 37215
181.189.25.190 - - [12/Nov/2023:15:35:58 -0500] "POST /sipse/faces/presentacion/financiero/solicitudProceso/consultar.xhtml HTTP/1.1" 200 37215
181.189.25.190 - - [12/Nov/2023:15:35:58 -0500] "POST /sipse/faces/presentacion/financiero/solicitudProceso/consultar.xhtml HTTP/1.1" 200 37215
181.189.25.190 - - [12/Nov/2023:15:35:58 -0500] "POST /sipse/faces/presentacion/financiero/solicitudProceso/consultar.xhtml HTTP/1.1" 200 37215
181.189.25.190 - - [12/Nov/2023:15:35:58 -0500] "POST /sipse/faces/presentacion/financiero/solicitudProceso/consultar.xhtml HTTP/1.1" 200 37215
181.189.25.190 - - [12/Nov/2023:15:36:00 -0500] "POST /sipse/faces/presentacion/financiero/solicitudProceso/consultar.xhtml HTTP/1.1" 200 12849
181.189.25.190 - - [12/Nov/2023:15:36:03 -0500] "POST /sipse/faces/presentacion/financiero/solicitudProceso/consultar.xhtml HTTP/1.1" 200 161630
181.189.25.190 - - [12/Nov/2023:15:36:03 -0500] "GET /sipse/faces/javax.faces.resource/layout/layout.css?ln=primefaces&v=4.0 HTTP/1.1" 304 -
181.189.25.190 - - [12/Nov/2023:15:36:03 -0500] "GET /sipse/faces/javax.faces.resource/theme.css?ln=primefaces-sipse HTTP/1.1" 304 -
181.189.25.190 - - [12/Nov/2023:15:36:03 -0500] "GET /sipse/faces/javax.faces.resource/primefaces.css?ln=primefaces&v=4.0 HTTP/1.1" 304 -
181.189.25.190 - - [12/Nov/2023:15:36:03 -0500] "GET /sipse/faces/javax.faces.resource/jquery/jquery.js?ln=primefaces&v=4.0 HTTP/1.1" 304 -
181.189.25.190 - - [12/Nov/2023:15:36:03 -0500] "GET /sipse/faces/javax.faces.resource/jquery/jquery-plugins.js?ln=primefaces&v=4.0 HTTP/1.1" 304 -
181.189.25.190 - - [12/Nov/2023:15:36:03 -0500] "GET /sipse/faces/javax.faces.resource/primefaces.js?ln=primefaces&v=4.0 HTTP/1.1" 304 -
181.189.25.190 - - [12/Nov/2023:15:36:03 -0500] "GET /sipse/faces/javax.faces.resource/layout/layout.js?ln=primefaces&v=4.0 HTTP/1.1" 304 -
181.189.25.190 - - [12/Nov/2023:15:36:03 -0500] "GET /sipse/css/imagen/contrasena.png HTTP/1.1" 404 383
181.189.25.190 - - [12/Nov/2023:15:36:07 -0500] "POST /sipse/faces/presentacion/financiero/solicitudProceso/consultarSolicitudProceso.xhtml HTTP/1.1" 200 247732
201.245.192.253 - - [12/Nov/2023:15:36:21 -0500] "POST /kwsrmcab/Wsrmcab  HTTP/1.1" 200 40720
201.245.192.253 - - [12/Nov/2023:15:36:35 -0500] "POST /kwsrmcab/Wsrmcab HTTP/1.1" 200 41158
201.245.192.253 - - [12/Nov/2023:15:36:38 -0500] "POST /kwsrmcab/Wsrmcab HTTP/1.1" 200 41939
172.22.2.4 - - [12/Nov/2023:15:35:00 -0500] "GET /BLA/boletinlegal/ HTTP/1.1" 200 61018
172.22.2.4 - - [12/Nov/2023:15:36:42 -0500] "GET /BLA/boletinlegal/Circulares/2019/.pdf HTTP/1.1" 404 1218
172.22.2.4 - - [12/Nov/2023:15:36:53 -0500] "GET /BLA/boletinlegal/Circulares/2012/Circular%20No.%2010%20del%2026%20de%20Enero%20de%202012.pdf HTTP/1.1" 404 1218
35.222.81.57 - - [12/Nov/2023:15:37:11 -0500] "GET /BLA/boletinlegal/admin/index.php HTTP/1.1" 200 2324
216.245.221.92 - - [12/Nov/2023:15:37:50 -0500] "HEAD / HTTP/1.1" 200 -
40.77.167.18 - - [12/Nov/2023:15:38:31 -0500] "GET /BLA/resoluciones/AUTOS%202023/5747.pdf HTTP/1.1" 200 460828
66.249.79.130 - - [12/Nov/2023:15:39:35 -0500] "GET /consulta-y-conoce-los-proyectos-de-resolucion-de-para-los-planes-de-manejo-ambiental-de-cinco-humedales-en-bogota.html HTTP/1.1" 200 971
167.114.1.197 - - [12/Nov/2023:15:39:40 -0500] "GET /consulta-y-conoce-los-proyectos-de-resolucion-de-para-los-planes-de-manejo-ambiental-de-cinco-humedales-en-bogota.html HTTP/1.1" 200 971
40.77.167.60 - - [12/Nov/2023:15:39:43 -0500] "GET /BLA/resoluciones/AUTOS%202023/5037.pdf HTTP/1.1" 200 417866
201.245.192.253 - - [12/Nov/2023:15:39:56 -0500] "POST /kwsrmcab/Wsrmcab HTTP/1.1" 200 41158
201.245.192.253 - - [12/Nov/2023:15:39:59 -0500] "POST /kwsrmcab/Wsrmcab HTTP/1.1" 200 41939
201.245.192.253 - - [12/Nov/2023:15:41:20 -0500] "POST /kwsrmcab/Wsrmcab  HTTP/1.1" 200 40720
52.167.144.233 - - [12/Nov/2023:15:41:24 -0500] "GET /BLA/resoluciones/AUTOS%202023/4733.pdf HTTP/1.1" 200 403557
172.22.2.4 - - [12/Nov/2023:15:39:59 -0500] "HEAD /BLA/boletinlegal/ HTTP/1.1" 200 -
172.22.2.4 - - [12/Nov/2023:15:41:10 -0500] "GET /BLA/boletinlegal/ HTTP/1.1" 200 20427
172.22.2.4 - - [12/Nov/2023:15:40:50 -0500] "GET /BLA/boletinlegal/ HTTP/1.1" 200 54105
216.245.221.92 - - [12/Nov/2023:15:42:50 -0500] "HEAD / HTTP/1.1" 200 -
40.77.167.24 - - [12/Nov/2023:15:42:53 -0500] "GET /portaldeninos/ HTTP/1.1" 200 110175
114.119.144.176 - - [12/Nov/2023:15:45:21 -0500] "GET /BLA/resoluciones/index.php?dir=RESOLUCIONES%2B2003/&sort=size&order=desc HTTP/1.1" 200 13902
40.77.167.63 - - [12/Nov/2023:15:46:09 -0500] "GET /BLA/resoluciones/AUTOS%202023/3966.pdf HTTP/1.1" 200 444657
201.245.192.253 - - [12/Nov/2023:15:46:18 -0500] "POST /kwsrmcab/Wsrmcab  HTTP/1.1" 200 40720
114.119.133.201 - - [12/Nov/2023:15:46:28 -0500] "GET /BLA/resoluciones/index.php?dir=RESOLUCIONES%2B1997/&sort=date&order=desc HTTP/1.1" 200 13902
172.22.2.4 - - [12/Nov/2023:15:45:49 -0500] "HEAD /BLA/boletinlegal/ HTTP/1.1" 200 -
181.189.25.190 - - [12/Nov/2023:15:47:32 -0500] "POST /sipse/faces/presentacion/financiero/solicitudProceso/consultarSolicitudProceso.xhtml HTTP/1.1" 200 103194
216.245.221.92 - - [12/Nov/2023:15:47:50 -0500] "HEAD / HTTP/1.1" 200 -
172.22.2.4 - - [12/Nov/2023:15:46:40 -0500] "GET /BLA/boletinlegal/ HTTP/1.1" 200 55803
172.22.2.4 - - [12/Nov/2023:15:48:37 -0500] "GET /BLA/boletinlegal/ HTTP/1.1" 200 36811
201.245.192.253 - - [12/Nov/2023:15:51:18 -0500] "POST /kwsrmcab/Wsrmcab  HTTP/1.1" 200 40720
69.171.249.120 - - [12/Nov/2023:15:51:35 -0500] "GET /consulta-y-conoce-los-proyectos-de-resolucion-de-para-los-planes-de-manejo-ambiental-de-cinco-humedales-en-bogota.html HTTP/1.1" 200 971
40.88.21.235 - - [12/Nov/2023:15:51:42 -0500] "GET / HTTP/1.1" 200 319
40.88.21.235 - - [12/Nov/2023:15:51:42 -0500] "GET /favicon.ico HTTP/1.1" 200 7782
216.245.221.92 - - [12/Nov/2023:15:52:50 -0500] "HEAD / HTTP/1.1" 200 -
172.22.2.4 - - [12/Nov/2023:15:51:39 -0500] "HEAD /BLA/boletinlegal/ HTTP/1.1" 200 -
52.167.144.18 - - [12/Nov/2023:15:54:04 -0500] "GET /Publicaciones/2023EE204132.pdf HTTP/1.1" 404 228
172.22.2.4 - - [12/Nov/2023:15:52:30 -0500] "GET /BLA/boletinlegal/ HTTP/1.1" 200 54105
186.102.92.82 - - [12/Nov/2023:15:54:51 -0500] "GET /recuperado-zorro-cangrejero-que-era-tenido-ilegalmente-como-mascota-en-una-vivienda-del-sur-de-bogota.html HTTP/1.1" 200 801
201.245.192.253 - - [12/Nov/2023:15:56:18 -0500] "POST /kwsrmcab/Wsrmcab  HTTP/1.1" 200 40720
66.249.79.129 - - [12/Nov/2023:15:56:26 -0500] "GET /secretaria-de-ambiente-entrego-balance-de-su-gestion-en-2022-y-presento-los-retos-para-el-2023.html HTTP/1.1" 304 -
216.245.221.92 - - [12/Nov/2023:15:57:50 -0500] "HEAD / HTTP/1.1" 200 -
172.22.2.4 - - [12/Nov/2023:15:57:31 -0500] "HEAD /BLA/boletinlegal/ HTTP/1.1" 200 -
172.22.2.4 - - [12/Nov/2023:15:58:21 -0500] "GET /BLA/boletinlegal/ HTTP/1.1" 200 60634
45.227.254.8 - - [12/Nov/2023:16:00:58 -0500] "\x03" 400 226
201.245.192.253 - - [12/Nov/2023:16:01:15 -0500] "POST /kwsrmcab/Wsrmcab  HTTP/1.1" 200 40720
52.167.144.137 - - [12/Nov/2023:16:01:44 -0500] "GET /BLA/resoluciones/RESOLUCIONES%202021/4723.pdf HTTP/1.1" 200 494152
40.77.167.3 - - [12/Nov/2023:16:01:52 -0500] "GET /BLA/resoluciones/AUTOS%202023/4134.pdf HTTP/1.1" 200 416396
216.245.221.92 - - [12/Nov/2023:16:02:50 -0500] "HEAD / HTTP/1.1" 200 -
173.252.127.26 - - [12/Nov/2023:16:03:43 -0500] "GET /consulta-y-conoce-los-proyectos-de-resolucion-de-para-los-planes-de-manejo-ambiental-de-cinco-humedales-en-bogota.html?fbclid=IwAR2i_UuY4P1nDSoIT_EZNPRgBdBWo8rNEDmVCXkJb-Ul_fiGDrfO4TtNzW0 HTTP/1.1" 200 971
172.22.2.4 - - [12/Nov/2023:16:03:21 -0500] "HEAD /BLA/boletinlegal/ HTTP/1.1" 200 -
52.167.144.20 - - [12/Nov/2023:16:05:12 -0500] "GET /BLA/resoluciones/AUTOS%202023/3697.pdf HTTP/1.1" 200 449900
152.203.182.118 - - [12/Nov/2023:16:05:39 -0500] "GET /consulta-y-conoce-los-proyectos-de-resolucion-de-para-los-planes-de-manejo-ambiental-de-cinco-humedales-en-bogota.html?fbclid=IwAR1BepsI9_UAd5Xd-dTHu2-8mDuOO0-VbBaZzU4WnoFUUNzZkpDSPPgvQvU HTTP/1.1" 200 971
172.22.2.4 - - [12/Nov/2023:16:04:11 -0500] "GET /BLA/boletinlegal/ HTTP/1.1" 200 58644
40.77.167.235 - - [12/Nov/2023:16:05:55 -0500] "GET /BLA/resoluciones/AUTOS%202023/4717.pdf HTTP/1.1" 200 3524427
201.245.192.253 - - [12/Nov/2023:16:06:14 -0500] "POST /kwsrmcab/Wsrmcab  HTTP/1.1" 200 40720
186.84.22.134 - - [12/Nov/2023:16:06:59 -0500] "GET /agendate-para-participar-en-las-caminatas-ecologicas-de-febrero.html HTTP/1.1" 200 830
31.13.103.4 - - [12/Nov/2023:16:07:29 -0500] "GET /recuperado-zorro-cangrejero-que-era-tenido-ilegalmente-como-mascota-en-una-vivienda-del-sur-de-bogota.html HTTP/1.1" 200 801
69.63.184.7 - - [12/Nov/2023:16:07:36 -0500] "GET /images/Zorro%20cangrejero.jpg HTTP/1.1" 200 40050
