172.22.2.4 - - [12/Nov/2023:19:46:14 -0500] "GET /BLA/boletinlegal/apple-touch-icon-precomposed.png HTTP/1.1" 404 1140
172.22.2.4 - - [12/Nov/2023:19:46:14 -0500] "GET /BLA/boletinlegal/apple-touch-icon.png HTTP/1.1" 404 1140
172.22.2.4 - - [12/Nov/2023:19:46:14 -0500] "GET /BLA/boletinlegal/favicon.ico HTTP/1.1" 404 1140
186.84.88.2 - - [12/Nov/2023:19:46:17 -0500] "GET /BLA/resoluciones/AUTOS%202023/4722.pdf HTTP/1.1" 200 703087
181.189.25.190 - - [12/Nov/2023:19:43:31 -0500] "GET /sipse/faces/presentacion/financiero/solicitudAnulacion/consultarSolicitudAnulacion.xhtml HTTP/1.1" 200 16113
186.84.88.2 - - [12/Nov/2023:19:46:31 -0500] "GET /BLA/resoluciones/AUTOS%202023/4655.pdf HTTP/1.1" 200 2228719
172.22.2.4 - - [12/Nov/2023:19:45:00 -0500] "HEAD /BLA/boletinlegal/ HTTP/1.1" 200 -
186.84.88.2 - - [12/Nov/2023:19:46:47 -0500] "GET /BLA/resoluciones/AUTOS%202023/4088.pdf HTTP/1.1" 200 4483394
186.84.88.2 - - [12/Nov/2023:19:46:57 -0500] "GET /BLA/resoluciones/AUTOS%202023/3682.pdf HTTP/1.1" 200 1587259
172.22.2.4 - - [12/Nov/2023:19:45:50 -0500] "GET /BLA/boletinlegal/ HTTP/1.1" 200 58294
216.245.221.92 - - [12/Nov/2023:19:47:50 -0500] "HEAD / HTTP/1.1" 200 -
181.189.25.190 - - [12/Nov/2023:19:43:31 -0500] "GET /sipse/faces/presentacion/financiero/solicitudAnulacion/consultarSolicitudAnulacion.xhtml HTTP/1.1" 200 17805
201.245.192.253 - - [12/Nov/2023:19:50:27 -0500] "POST /kwsrmcab/Wsrmcab  HTTP/1.1" 200 40720
191.156.229.188 - - [12/Nov/2023:19:51:36 -0500] "GET /recuperado-zorro-cangrejero-que-era-tenido-ilegalmente-como-mascota-en-una-vivienda-del-sur-de-bogota.html HTTP/1.1" 200 801
54.36.148.73 - - [12/Nov/2023:19:52:02 -0500] "GET /robots.txt HTTP/1.1" 404 1034
51.222.253.9 - - [12/Nov/2023:19:52:03 -0500] "GET /semana-bogota-reverdece-politica-publica-de-accion-climatica-es-una-realidad.html HTTP/1.1" 200 891
172.22.2.4 - - [12/Nov/2023:19:50:50 -0500] "HEAD /BLA/boletinlegal/ HTTP/1.1" 200 -
216.245.221.92 - - [12/Nov/2023:19:52:50 -0500] "HEAD / HTTP/1.1" 200 -
172.22.2.4 - - [12/Nov/2023:19:51:41 -0500] "GET /BLA/boletinlegal/ HTTP/1.1" 200 58644
172.22.2.4 - - [12/Nov/2023:19:53:54 -0500] "GET /BLA/boletinlegal/actos.php HTTP/1.1" 200 9682
172.22.2.4 - - [12/Nov/2023:19:53:54 -0500] "GET /BLA/boletinlegal/styles2.css HTTP/1.1" 200 1838
172.22.2.4 - - [12/Nov/2023:19:53:54 -0500] "GET /BLA/boletinlegal/js/ajax_actos.js HTTP/1.1" 200 1322
172.22.2.4 - - [12/Nov/2023:19:53:54 -0500] "GET /BLA/boletinlegal/niceforms-default.css HTTP/1.1" 200 6694
172.22.2.4 - - [12/Nov/2023:19:53:54 -0500] "GET /BLA/boletinlegal/style.css HTTP/1.1" 200 9406
172.22.2.4 - - [12/Nov/2023:19:53:54 -0500] "GET /BLA/boletinlegal/js/lib.js HTTP/1.1" 200 6474
172.22.2.4 - - [12/Nov/2023:19:53:54 -0500] "GET /BLA/boletinlegal/niceforms.js HTTP/1.1" 200 22876
172.22.2.4 - - [12/Nov/2023:19:53:54 -0500] "GET /BLA/boletinlegal/images/cabezote%20BLEGAL.jpg HTTP/1.1" 200 118164
172.22.2.4 - - [12/Nov/2023:19:53:54 -0500] "GET /BLA/boletinlegal/js/popup.js HTTP/1.1" 200 1270
172.22.2.4 - - [12/Nov/2023:19:53:54 -0500] "GET /BLA/boletinlegal/js/jquery1.js HTTP/1.1" 200 29846
172.22.2.4 - - [12/Nov/2023:19:53:54 -0500] "GET /BLA/boletinlegal/images/subscribe-icon-big.png HTTP/1.1" 200 47702
172.22.2.4 - - [12/Nov/2023:19:53:54 -0500] "GET /BLA/boletinlegal/images/historia.png HTTP/1.1" 200 52775
172.22.2.4 - - [12/Nov/2023:19:53:54 -0500] "GET /BLA/boletinlegal/images/registro-usuarios.png HTTP/1.1" 200 8106
172.22.2.4 - - [12/Nov/2023:19:53:54 -0500] "GET /BLA/boletinlegal/images/tel.png HTTP/1.1" 200 14477
172.22.2.4 - - [12/Nov/2023:19:53:54 -0500] "GET /BLA/boletinlegal/images/green-yellow-blue-pink-th.png HTTP/1.1" 200 7394
172.22.2.4 - - [12/Nov/2023:19:53:54 -0500] "GET /BLA/boletinlegal/images/body_bg.jpg HTTP/1.1" 200 1601
172.22.2.4 - - [12/Nov/2023:19:53:54 -0500] "GET /BLA/boletinlegal/images/icono-email.png HTTP/1.1" 200 5544
172.22.2.4 - - [12/Nov/2023:19:53:54 -0500] "GET /BLA/boletinlegal/images/menu_lft.gif HTTP/1.1" 200 1713
172.22.2.4 - - [12/Nov/2023:19:53:54 -0500] "GET /BLA/boletinlegal/images/menu_rght.gif HTTP/1.1" 200 1627
172.22.2.4 - - [12/Nov/2023:19:53:54 -0500] "GET /BLA/boletinlegal/images/text.jpg HTTP/1.1" 200 568
172.22.2.4 - - [12/Nov/2023:19:53:54 -0500] "GET /BLA/boletinlegal/images/footer_bg.jpg HTTP/1.1" 200 586
172.22.2.4 - - [12/Nov/2023:19:53:54 -0500] "GET /BLA/boletinlegal/images/bg_top.jpg HTTP/1.1" 200 522
172.22.2.4 - - [12/Nov/2023:19:53:54 -0500] "GET /BLA/boletinlegal/images/menu_bg.jpg HTTP/1.1" 200 620
172.22.2.4 - - [12/Nov/2023:19:53:54 -0500] "GET /BLA/boletinlegal/images/footer_bg_l.jpg HTTP/1.1" 200 776
172.22.2.4 - - [12/Nov/2023:19:53:54 -0500] "GET /BLA/boletinlegal/images/hover.jpg HTTP/1.1" 200 640
172.22.2.4 - - [12/Nov/2023:19:53:54 -0500] "GET /BLA/boletinlegal/img/0.png HTTP/1.1" 200 110
172.22.2.4 - - [12/Nov/2023:19:53:54 -0500] "GET /BLA/boletinlegal/img/button.png HTTP/1.1" 200 43241
172.22.2.4 - - [12/Nov/2023:19:53:54 -0500] "GET /BLA/boletinlegal/img/select-left.png HTTP/1.1" 200 263
172.22.2.4 - - [12/Nov/2023:19:53:54 -0500] "GET /BLA/boletinlegal/img/select-right.png HTTP/1.1" 200 44019
172.22.2.4 - - [12/Nov/2023:19:53:54 -0500] "GET /BLA/boletinlegal/img/button-left.png HTTP/1.1" 200 57071
172.22.2.4 - - [12/Nov/2023:19:53:54 -0500] "GET /BLA/boletinlegal/img/button-right.png HTTP/1.1" 200 57878
172.22.2.4 - - [12/Nov/2023:19:53:54 -0500] "GET /BLA/boletinlegal/favicon.ico HTTP/1.1" 404 1326
172.22.2.4 - - [12/Nov/2023:19:54:05 -0500] "GET /BLA/boletinlegal/consulta_actos.php?tipo=resoluciones&no=0278&usuario=&sector=&fecha=2018&resuelve= HTTP/1.1" 200 1120
172.22.2.4 - - [12/Nov/2023:19:54:05 -0500] "GET /BLA/boletinlegal/images/pdf.gif HTTP/1.1" 200 567
191.102.199.205 - - [12/Nov/2023:19:54:06 -0500] "GET /BLA/resoluciones/RESOLUCIONES%202018/0278.pdf HTTP/1.1" 200 430056
52.167.144.214 - - [12/Nov/2023:19:54:08 -0500] "GET /portaldeninos/?s=2024 HTTP/1.1" 200 85855
201.245.192.253 - - [12/Nov/2023:19:55:26 -0500] "POST /kwsrmcab/Wsrmcab  HTTP/1.1" 200 40720
181.53.13.119 - - [12/Nov/2023:19:56:30 -0500] "-" 408 -
128.14.136.18 - - [12/Nov/2023:19:57:07 -0500] "GET / HTTP/1.1" 200 319
40.77.167.235 - - [12/Nov/2023:19:57:34 -0500] "GET /portaldeninos/wp-content/uploads/2020/11/Pieza-3-B_-1-50x28.jpg HTTP/1.1" 200 1280
216.245.221.92 - - [12/Nov/2023:19:57:50 -0500] "HEAD / HTTP/1.1" 200 -
181.189.25.190 - - [12/Nov/2023:19:58:04 -0500] "POST /sipse/faces/presentacion/financiero/solicitudProceso/consultarSolicitudProceso.xhtml HTTP/1.1" 200 42176
181.189.25.190 - - [12/Nov/2023:19:58:04 -0500] "GET /sipse/faces/javax.faces.resource/theme.css?ln=primefaces-sipse HTTP/1.1" 304 -
181.189.25.190 - - [12/Nov/2023:19:58:04 -0500] "GET /sipse/faces/javax.faces.resource/primefaces.css?ln=primefaces&v=4.0 HTTP/1.1" 304 -
181.189.25.190 - - [12/Nov/2023:19:58:04 -0500] "GET /sipse/faces/javax.faces.resource/layout/layout.css?ln=primefaces&v=4.0 HTTP/1.1" 304 -
181.189.25.190 - - [12/Nov/2023:19:58:04 -0500] "GET /sipse/faces/javax.faces.resource/jquery/jquery.js?ln=primefaces&v=4.0 HTTP/1.1" 304 -
181.189.25.190 - - [12/Nov/2023:19:58:04 -0500] "GET /sipse/faces/javax.faces.resource/jquery/jquery-plugins.js?ln=primefaces&v=4.0 HTTP/1.1" 304 -
181.189.25.190 - - [12/Nov/2023:19:58:05 -0500] "GET /sipse/css/imagen/contrasena.png HTTP/1.1" 404 383
181.189.25.190 - - [12/Nov/2023:19:58:05 -0500] "GET /sipse/faces/javax.faces.resource/primefaces.js?ln=primefaces&v=4.0 HTTP/1.1" 304 -
181.189.25.190 - - [12/Nov/2023:19:58:05 -0500] "GET /sipse/faces/javax.faces.resource/layout/layout.js?ln=primefaces&v=4.0 HTTP/1.1" 304 -
181.189.25.190 - - [12/Nov/2023:19:58:05 -0500] "POST /sipse/faces/presentacion/financiero/solicitudProceso/consultar.xhtml HTTP/1.1" 200 35464
181.189.25.190 - - [12/Nov/2023:19:58:05 -0500] "POST /sipse/faces/presentacion/financiero/solicitudProceso/consultar.xhtml HTTP/1.1" 200 35464
181.189.25.190 - - [12/Nov/2023:19:58:07 -0500] "POST /sipse/faces/presentacion/financiero/solicitudProceso/consultar.xhtml HTTP/1.1" 200 12970
181.189.25.190 - - [12/Nov/2023:19:58:10 -0500] "POST /sipse/faces/presentacion/financiero/solicitudProceso/consultar.xhtml HTTP/1.1" 200 156414
181.189.25.190 - - [12/Nov/2023:19:58:10 -0500] "GET /sipse/faces/javax.faces.resource/theme.css?ln=primefaces-sipse HTTP/1.1" 304 -
181.189.25.190 - - [12/Nov/2023:19:58:10 -0500] "GET /sipse/faces/javax.faces.resource/primefaces.css?ln=primefaces&v=4.0 HTTP/1.1" 304 -
181.189.25.190 - - [12/Nov/2023:19:58:10 -0500] "GET /sipse/faces/javax.faces.resource/layout/layout.css?ln=primefaces&v=4.0 HTTP/1.1" 304 -
181.189.25.190 - - [12/Nov/2023:19:58:10 -0500] "GET /sipse/faces/javax.faces.resource/jquery/jquery.js?ln=primefaces&v=4.0 HTTP/1.1" 304 -
181.189.25.190 - - [12/Nov/2023:19:58:10 -0500] "GET /sipse/faces/javax.faces.resource/jquery/jquery-plugins.js?ln=primefaces&v=4.0 HTTP/1.1" 304 -
181.189.25.190 - - [12/Nov/2023:19:58:10 -0500] "GET /sipse/faces/javax.faces.resource/primefaces.js?ln=primefaces&v=4.0 HTTP/1.1" 304 -
181.189.25.190 - - [12/Nov/2023:19:58:10 -0500] "GET /sipse/faces/javax.faces.resource/layout/layout.js?ln=primefaces&v=4.0 HTTP/1.1" 304 -
181.189.25.190 - - [12/Nov/2023:19:58:10 -0500] "GET /sipse/css/imagen/contrasena.png HTTP/1.1" 404 383
181.189.25.190 - - [12/Nov/2023:19:58:16 -0500] "POST /sipse/faces/presentacion/financiero/solicitudProceso/consultarSolicitudProceso.xhtml HTTP/1.1" 200 141121
181.189.25.190 - - [12/Nov/2023:19:58:18 -0500] "POST /sipse/faces/presentacion/financiero/solicitudProceso/consultarSolicitudProceso.xhtml HTTP/1.1" 200 109437
172.22.2.4 - - [12/Nov/2023:19:56:40 -0500] "HEAD /BLA/boletinlegal/ HTTP/1.1" 200 -
181.59.3.11 - - [12/Nov/2023:19:58:20 -0500] "GET /consulta-y-conoce-los-proyectos-de-resolucion-de-para-los-planes-de-manejo-ambiental-de-cinco-humedales-en-bogota.html?fbclid=IwAR3VrkT70hkhH0E9X9fNmMR9_0iKSl9n2X4WeOHfVhz2PL-uJb-wwrt5Cpw HTTP/1.1" 200 971
40.77.167.18 - - [12/Nov/2023:19:58:36 -0500] "GET /BLA/resoluciones/AUTOS%202023/5890.pdf HTTP/1.1" 200 1016154
52.167.144.214 - - [12/Nov/2023:19:59:05 -0500] "GET /portaldeninos/wp-content/uploads/2016/02/home_toy_studio1.jpg HTTP/1.1" 200 219300
172.22.2.4 - - [12/Nov/2023:19:57:30 -0500] "GET /BLA/boletinlegal/ HTTP/1.1" 200 58294
152.203.184.56 - - [12/Nov/2023:19:59:21 -0500] "GET /recuperado-zorro-cangrejero-que-era-tenido-ilegalmente-como-mascota-en-una-vivienda-del-sur-de-bogota.html HTTP/1.1" 200 801
201.245.192.253 - - [12/Nov/2023:20:00:25 -0500] "POST /kwsrmcab/Wsrmcab  HTTP/1.1" 200 40720
37.8.207.13 - - [12/Nov/2023:20:00:45 -0500] "GET / HTTP/1.0" 200 319
173.252.79.120 - - [12/Nov/2023:20:02:15 -0500] "GET /images/24%20de%20febrero%20Sendero%20guadalupe%202.jpeg HTTP/1.1" 200 70964
216.245.221.92 - - [12/Nov/2023:20:02:50 -0500] "HEAD / HTTP/1.1" 200 -
172.22.2.4 - - [12/Nov/2023:20:02:30 -0500] "HEAD /BLA/boletinlegal/ HTTP/1.1" 200 -
172.22.2.4 - - [12/Nov/2023:20:03:21 -0500] "GET /BLA/boletinlegal/ HTTP/1.1" 200 61018
201.245.192.253 - - [12/Nov/2023:20:05:23 -0500] "POST /kwsrmcab/Wsrmcab  HTTP/1.1" 200 40720
77.23.246.156 - - [12/Nov/2023:20:05:58 -0500] "GET / HTTP/1.0" 200 319
216.245.221.92 - - [12/Nov/2023:20:07:50 -0500] "HEAD / HTTP/1.1" 200 -
181.189.25.190 - - [12/Nov/2023:20:07:57 -0500] "POST /sipse/faces/presentacion/financiero/solicitudProceso/consultarSolicitudProceso.xhtml HTTP/1.1" 200 42290
181.189.25.190 - - [12/Nov/2023:20:07:57 -0500] "GET /sipse/faces/javax.faces.resource/theme.css?ln=primefaces-sipse HTTP/1.1" 304 -
181.189.25.190 - - [12/Nov/2023:20:07:57 -0500] "GET /sipse/faces/javax.faces.resource/primefaces.css?ln=primefaces&v=4.0 HTTP/1.1" 304 -
181.189.25.190 - - [12/Nov/2023:20:07:57 -0500] "GET /sipse/faces/javax.faces.resource/layout/layout.css?ln=primefaces&v=4.0 HTTP/1.1" 304 -
181.189.25.190 - - [12/Nov/2023:20:07:57 -0500] "GET /sipse/faces/javax.faces.resource/jquery/jquery.js?ln=primefaces&v=4.0 HTTP/1.1" 304 -
181.189.25.190 - - [12/Nov/2023:20:07:57 -0500] "GET /sipse/faces/javax.faces.resource/jquery/jquery-plugins.js?ln=primefaces&v=4.0 HTTP/1.1" 304 -
181.189.25.190 - - [12/Nov/2023:20:07:57 -0500] "GET /sipse/faces/javax.faces.resource/primefaces.js?ln=primefaces&v=4.0 HTTP/1.1" 304 -
181.189.25.190 - - [12/Nov/2023:20:07:57 -0500] "GET /sipse/faces/javax.faces.resource/layout/layout.js?ln=primefaces&v=4.0 HTTP/1.1" 304 -
181.189.25.190 - - [12/Nov/2023:20:07:57 -0500] "GET /sipse/css/imagen/contrasena.png HTTP/1.1" 404 383
181.189.25.190 - - [12/Nov/2023:20:07:57 -0500] "POST /sipse/faces/presentacion/financiero/solicitudProceso/consultar.xhtml HTTP/1.1" 200 35578
181.189.25.190 - - [12/Nov/2023:20:07:57 -0500] "POST /sipse/faces/presentacion/financiero/solicitudProceso/consultar.xhtml HTTP/1.1" 200 35578
181.189.25.190 - - [12/Nov/2023:20:07:57 -0500] "POST /sipse/faces/presentacion/financiero/solicitudProceso/consultar.xhtml HTTP/1.1" 200 35578
181.189.25.190 - - [12/Nov/2023:20:07:57 -0500] "POST /sipse/faces/presentacion/financiero/solicitudProceso/consultar.xhtml HTTP/1.1" 200 35578
181.189.25.190 - - [12/Nov/2023:20:07:59 -0500] "POST /sipse/faces/presentacion/financiero/solicitudProceso/consultar.xhtml HTTP/1.1" 200 12866
181.189.25.190 - - [12/Nov/2023:20:08:01 -0500] "POST /sipse/faces/presentacion/financiero/solicitudProceso/consultar.xhtml HTTP/1.1" 200 159923
181.189.25.190 - - [12/Nov/2023:20:08:02 -0500] "GET /sipse/faces/javax.faces.resource/primefaces.css?ln=primefaces&v=4.0 HTTP/1.1" 304 -
181.189.25.190 - - [12/Nov/2023:20:08:02 -0500] "GET /sipse/faces/javax.faces.resource/layout/layout.css?ln=primefaces&v=4.0 HTTP/1.1" 304 -
181.189.25.190 - - [12/Nov/2023:20:08:02 -0500] "GET /sipse/faces/javax.faces.resource/theme.css?ln=primefaces-sipse HTTP/1.1" 304 -
181.189.25.190 - - [12/Nov/2023:20:08:02 -0500] "GET /sipse/faces/javax.faces.resource/jquery/jquery.js?ln=primefaces&v=4.0 HTTP/1.1" 304 -
181.189.25.190 - - [12/Nov/2023:20:08:02 -0500] "GET /sipse/faces/javax.faces.resource/jquery/jquery-plugins.js?ln=primefaces&v=4.0 HTTP/1.1" 304 -
181.189.25.190 - - [12/Nov/2023:20:08:02 -0500] "GET /sipse/faces/javax.faces.resource/primefaces.js?ln=primefaces&v=4.0 HTTP/1.1" 304 -
181.189.25.190 - - [12/Nov/2023:20:08:02 -0500] "GET /sipse/faces/javax.faces.resource/layout/layout.js?ln=primefaces&v=4.0 HTTP/1.1" 304 -
181.189.25.190 - - [12/Nov/2023:20:08:02 -0500] "GET /sipse/css/imagen/contrasena.png HTTP/1.1" 404 383
181.189.25.190 - - [12/Nov/2023:20:08:06 -0500] "POST /sipse/faces/presentacion/financiero/solicitudProceso/consultarSolicitudProceso.xhtml HTTP/1.1" 200 302204
172.22.2.4 - - [12/Nov/2023:20:08:20 -0500] "HEAD /BLA/boletinlegal/ HTTP/1.1" 200 -
201.245.192.253 - - [12/Nov/2023:20:10:23 -0500] "POST /kwsrmcab/Wsrmcab  HTTP/1.1" 200 40720
172.22.2.4 - - [12/Nov/2023:20:09:10 -0500] "GET /BLA/boletinlegal/ HTTP/1.1" 200 60634
172.22.2.4 - - [12/Nov/2023:20:11:29 -0500] "GET /BLA/boletinlegal/normativa.php HTTP/1.1" 200 8343
181.189.25.190 - - [12/Nov/2023:20:12:05 -0500] "POST /sipse/faces/presentacion/financiero/solicitudProceso/consultarSolicitudProceso.xhtml HTTP/1.1" 200 5510
181.189.25.190 - - [12/Nov/2023:20:12:36 -0500] "POST /sipse/faces/presentacion/financiero/solicitudProceso/consultarSolicitudProceso.xhtml HTTP/1.1" 200 101061
216.245.221.92 - - [12/Nov/2023:20:12:50 -0500] "HEAD / HTTP/1.1" 200 -
40.77.167.19 - - [12/Nov/2023:20:13:18 -0500] "GET /isolucionsda/FrameSetArticulo.asp?Pagina=/IsolucionSDA/bancoconocimiento/R/Resolucion3074del3deJuniode2011/Resolucion3074del3deJuniode2011.asp?IdArticulo=6538 HTTP/1.1" 200 527
181.189.25.190 - - [12/Nov/2023:20:15:16 -0500] "POST /sipse/faces/presentacion/financiero/solicitudProceso/consultarSolicitudProceso.xhtml HTTP/1.1" 200 5510
201.245.192.253 - - [12/Nov/2023:20:15:21 -0500] "POST /kwsrmcab/Wsrmcab  HTTP/1.1" 200 40720
172.22.2.4 - - [12/Nov/2023:20:14:10 -0500] "HEAD /BLA/boletinlegal/ HTTP/1.1" 200 -
172.22.2.4 - - [12/Nov/2023:20:16:02 -0500] "GET /BLA/boletinlegal/consulta_actos.php?tipo=resoluciones&no=0469&usuario=&sector=&fecha=2018&resuelve= HTTP/1.1" 200 1091
191.102.199.205 - - [12/Nov/2023:20:16:06 -0500] "GET /BLA/resoluciones/RESOLUCIONES%202018/0469.pdf HTTP/1.1" 200 395724
201.245.192.253 - - [12/Nov/2023:20:16:34 -0500] "POST /kwsrmcab/Wsrmcab HTTP/1.1" 200 40689
201.245.192.253 - - [12/Nov/2023:20:16:37 -0500] "POST /kwsrmcab/Wsrmcab HTTP/1.1" 200 41749
172.22.2.4 - - [12/Nov/2023:20:15:00 -0500] "GET /BLA/boletinlegal/ HTTP/1.1" 200 58644
216.245.221.92 - - [12/Nov/2023:20:17:50 -0500] "HEAD / HTTP/1.1" 200 -
95.9.245.43 - - [12/Nov/2023:20:19:08 -0500] "GET / HTTP/1.0" 200 319
181.189.25.190 - - [12/Nov/2023:20:19:19 -0500] "POST /sipse/faces/presentacion/financiero/solicitudProceso/consultarSolicitudProceso.xhtml HTTP/1.1" 200 42186
181.189.25.190 - - [12/Nov/2023:20:19:19 -0500] "GET /sipse/faces/javax.faces.resource/theme.css?ln=primefaces-sipse HTTP/1.1" 304 -
181.189.25.190 - - [12/Nov/2023:20:19:19 -0500] "GET /sipse/faces/javax.faces.resource/layout/layout.css?ln=primefaces&v=4.0 HTTP/1.1" 304 -
181.189.25.190 - - [12/Nov/2023:20:19:19 -0500] "GET /sipse/faces/javax.faces.resource/primefaces.css?ln=primefaces&v=4.0 HTTP/1.1" 304 -
181.189.25.190 - - [12/Nov/2023:20:19:19 -0500] "GET /sipse/faces/javax.faces.resource/jquery/jquery.js?ln=primefaces&v=4.0 HTTP/1.1" 304 -
181.189.25.190 - - [12/Nov/2023:20:19:19 -0500] "GET /sipse/faces/javax.faces.resource/jquery/jquery-plugins.js?ln=primefaces&v=4.0 HTTP/1.1" 304 -
181.189.25.190 - - [12/Nov/2023:20:19:19 -0500] "GET /sipse/faces/javax.faces.resource/primefaces.js?ln=primefaces&v=4.0 HTTP/1.1" 304 -
181.189.25.190 - - [12/Nov/2023:20:19:19 -0500] "GET /sipse/faces/javax.faces.resource/layout/layout.js?ln=primefaces&v=4.0 HTTP/1.1" 304 -
181.189.25.190 - - [12/Nov/2023:20:19:19 -0500] "GET /sipse/css/imagen/contrasena.png HTTP/1.1" 404 383
181.189.25.190 - - [12/Nov/2023:20:19:19 -0500] "POST /sipse/faces/presentacion/financiero/solicitudProceso/consultar.xhtml HTTP/1.1" 200 35474
181.189.25.190 - - [12/Nov/2023:20:19:19 -0500] "POST /sipse/faces/presentacion/financiero/solicitudProceso/consultar.xhtml HTTP/1.1" 200 35474
181.189.25.190 - - [12/Nov/2023:20:19:19 -0500] "POST /sipse/faces/presentacion/financiero/solicitudProceso/consultar.xhtml HTTP/1.1" 200 35474
181.189.25.190 - - [12/Nov/2023:20:19:19 -0500] "POST /sipse/faces/presentacion/financiero/solicitudProceso/consultar.xhtml HTTP/1.1" 200 35474
181.189.25.190 - - [12/Nov/2023:20:19:19 -0500] "POST /sipse/faces/presentacion/financiero/solicitudProceso/consultar.xhtml HTTP/1.1" 200 35474
181.189.25.190 - - [12/Nov/2023:20:19:19 -0500] "POST /sipse/faces/presentacion/financiero/solicitudProceso/consultar.xhtml HTTP/1.1" 200 35474
181.189.25.190 - - [12/Nov/2023:20:19:21 -0500] "POST /sipse/faces/presentacion/financiero/solicitudProceso/consultar.xhtml HTTP/1.1" 200 12962
181.189.25.190 - - [12/Nov/2023:20:19:24 -0500] "POST /sipse/faces/presentacion/financiero/solicitudProceso/consultar.xhtml HTTP/1.1" 200 161839
181.189.25.190 - - [12/Nov/2023:20:19:24 -0500] "GET /sipse/faces/javax.faces.resource/theme.css?ln=primefaces-sipse HTTP/1.1" 304 -
181.189.25.190 - - [12/Nov/2023:20:19:24 -0500] "GET /sipse/faces/javax.faces.resource/primefaces.css?ln=primefaces&v=4.0 HTTP/1.1" 304 -
181.189.25.190 - - [12/Nov/2023:20:19:24 -0500] "GET /sipse/faces/javax.faces.resource/layout/layout.css?ln=primefaces&v=4.0 HTTP/1.1" 304 -
181.189.25.190 - - [12/Nov/2023:20:19:24 -0500] "GET /sipse/faces/javax.faces.resource/jquery/jquery.js?ln=primefaces&v=4.0 HTTP/1.1" 304 -
181.189.25.190 - - [12/Nov/2023:20:19:24 -0500] "GET /sipse/faces/javax.faces.resource/jquery/jquery-plugins.js?ln=primefaces&v=4.0 HTTP/1.1" 304 -
181.189.25.190 - - [12/Nov/2023:20:19:24 -0500] "GET /sipse/faces/javax.faces.resource/primefaces.js?ln=primefaces&v=4.0 HTTP/1.1" 304 -
181.189.25.190 - - [12/Nov/2023:20:19:24 -0500] "GET /sipse/faces/javax.faces.resource/layout/layout.js?ln=primefaces&v=4.0 HTTP/1.1" 304 -
181.189.25.190 - - [12/Nov/2023:20:19:24 -0500] "GET /sipse/css/imagen/contrasena.png HTTP/1.1" 404 383
181.189.25.190 - - [12/Nov/2023:20:19:28 -0500] "POST /sipse/faces/presentacion/financiero/solicitudProceso/consultarSolicitudProceso.xhtml HTTP/1.1" 200 311485
40.77.167.26 - - [12/Nov/2023:20:19:53 -0500] "GET /BLA/resoluciones/AUTOS%202023/4832.pdf HTTP/1.1" 200 379174
201.245.192.253 - - [12/Nov/2023:20:19:56 -0500] "POST /kwsrmcab/Wsrmcab HTTP/1.1" 200 40689
201.245.192.253 - - [12/Nov/2023:20:19:58 -0500] "POST /kwsrmcab/Wsrmcab HTTP/1.1" 200 41749
181.189.25.190 - - [12/Nov/2023:20:20:05 -0500] "POST /sipse/faces/presentacion/financiero/solicitudProceso/consultarSolicitudProceso.xhtml HTTP/1.1" 200 101302
201.245.192.253 - - [12/Nov/2023:20:20:20 -0500] "POST /kwsrmcab/Wsrmcab  HTTP/1.1" 200 40720
191.156.59.42 - - [12/Nov/2023:20:20:29 -0500] "GET /recuperado-zorro-cangrejero-que-era-tenido-ilegalmente-como-mascota-en-una-vivienda-del-sur-de-bogota.html HTTP/1.1" 200 801
199.16.157.183 - - [12/Nov/2023:20:21:15 -0500] "GET /images/cr%C3%B3nica-29-nov-1_optimized.jpeg HTTP/1.1" 404 1034
199.16.157.181 - - [12/Nov/2023:20:21:15 -0500] "GET /images/cr%C3%B3nica-29-nov-1_optimized.jpeg HTTP/1.1" 404 1034
172.22.2.4 - - [12/Nov/2023:20:20:00 -0500] "HEAD /BLA/boletinlegal/ HTTP/1.1" 200 -
172.22.2.4 - - [12/Nov/2023:20:20:51 -0500] "GET /BLA/boletinlegal/ HTTP/1.1" 200 61018
216.245.221.92 - - [12/Nov/2023:20:22:50 -0500] "HEAD / HTTP/1.1" 200 -
191.95.61.73 - - [12/Nov/2023:20:23:14 -0500] "GET /recuperado-zorro-cangrejero-que-era-tenido-ilegalmente-como-mascota-en-una-vivienda-del-sur-de-bogota.html HTTP/1.1" 200 801
40.77.167.26 - - [12/Nov/2023:20:23:34 -0500] "GET /BLA/resoluciones/AUTOS%202023/6599.pdf HTTP/1.1" 200 424920
186.80.52.180 - - [12/Nov/2023:20:25:10 -0500] "GET /sipse/faces/index.xhtml HTTP/1.1" 200 677
186.80.52.180 - - [12/Nov/2023:20:25:10 -0500] "GET /sipse/faces/javax.faces.resource/theme.css?ln=primefaces-sipse HTTP/1.1" 304 -
186.80.52.180 - - [12/Nov/2023:20:25:10 -0500] "GET /sipse/faces/faces/autenticacion.xhtml HTTP/1.1" 200 12407
186.80.52.180 - - [12/Nov/2023:20:25:10 -0500] "GET /sipse/js/disable_browser_buttons.js HTTP/1.1" 304 -
186.80.52.180 - - [12/Nov/2023:20:25:10 -0500] "GET /sipse/css/custom_css_sg.css HTTP/1.1" 304 -
186.80.52.180 - - [12/Nov/2023:20:25:10 -0500] "GET /sipse/css/custom_css_sg_prime_login.css HTTP/1.1" 304 -
186.80.52.180 - - [12/Nov/2023:20:25:10 -0500] "GET /sipse/faces/javax.faces.resource/theme.css?ln=primefaces-sipse HTTP/1.1" 304 -
186.80.52.180 - - [12/Nov/2023:20:25:10 -0500] "GET /sipse/faces/javax.faces.resource/layout/layout.css?ln=primefaces&v=4.0 HTTP/1.1" 304 -
186.80.52.180 - - [12/Nov/2023:20:25:10 -0500] "GET /sipse/faces/javax.faces.resource/primefaces.css?ln=primefaces&v=4.0 HTTP/1.1" 304 -
186.80.52.180 - - [12/Nov/2023:20:25:10 -0500] "GET /sipse/js/funciones.js HTTP/1.1" 304 -
186.80.52.180 - - [12/Nov/2023:20:25:10 -0500] "GET /sipse/faces/javax.faces.resource/jquery/jquery.js?ln=primefaces&v=4.0 HTTP/1.1" 304 -
186.80.52.180 - - [12/Nov/2023:20:25:10 -0500] "GET /sipse/faces/javax.faces.resource/primefaces.js?ln=primefaces&v=4.0 HTTP/1.1" 304 -
186.80.52.180 - - [12/Nov/2023:20:25:10 -0500] "GET /sipse/faces/javax.faces.resource/layout/layout.js?ln=primefaces&v=4.0 HTTP/1.1" 304 -
186.80.52.180 - - [12/Nov/2023:20:25:10 -0500] "GET /sipse/faces/javax.faces.resource/jquery/jquery-plugins.js?ln=primefaces&v=4.0 HTTP/1.1" 304 -
186.80.52.180 - - [12/Nov/2023:20:25:11 -0500] "GET /sipse/css/imagen/logoSDG.png HTTP/1.1" 304 -
186.80.52.180 - - [12/Nov/2023:20:25:11 -0500] "GET /sipse/css/imagen/loginimg.png HTTP/1.1" 304 -
186.80.52.180 - - [12/Nov/2023:20:25:11 -0500] "GET /sipse/faces/javax.faces.resource/images/ui-icons_898989_256x240.png?ln=primefaces-aristo HTTP/1.1" 304 -
186.80.52.180 - - [12/Nov/2023:20:25:14 -0500] "POST /sipse/faces/autenticacion.xhtml HTTP/1.1" 200 2221
186.80.52.180 - - [12/Nov/2023:20:25:14 -0500] "GET /sipse/faces/javax.faces.resource/messages/messages.png?ln=primefaces&v=4.0 HTTP/1.1" 304 -
186.80.52.180 - - [12/Nov/2023:20:25:15 -0500] "POST /sipse/faces/autenticacion.xhtml HTTP/1.1" 200 16451
186.80.52.180 - - [12/Nov/2023:20:25:15 -0500] "GET /sipse/css/custom_css_sg_prime.css HTTP/1.1" 304 -
186.80.52.180 - - [12/Nov/2023:20:25:15 -0500] "GET /sipse/faces/javax.faces.resource/theme.css?ln=primefaces-sipse HTTP/1.1" 304 -
186.80.52.180 - - [12/Nov/2023:20:25:15 -0500] "GET /sipse/faces/javax.faces.resource/layout/layout.css?ln=primefaces&v=4.0 HTTP/1.1" 304 -
186.80.52.180 - - [12/Nov/2023:20:25:15 -0500] "GET /sipse/faces/javax.faces.resource/primefaces.css?ln=primefaces&v=4.0 HTTP/1.1" 304 -
186.80.52.180 - - [12/Nov/2023:20:25:15 -0500] "GET /sipse/js/jquery.min.js HTTP/1.1" 304 -
186.80.52.180 - - [12/Nov/2023:20:25:15 -0500] "GET /sipse/faces/javax.faces.resource/jquery/jquery.js?ln=primefaces&v=4.0 HTTP/1.1" 304 -
186.80.52.180 - - [12/Nov/2023:20:25:15 -0500] "GET /sipse/faces/javax.faces.resource/jquery/jquery-plugins.js?ln=primefaces&v=4.0 HTTP/1.1" 304 -
186.80.52.180 - - [12/Nov/2023:20:25:15 -0500] "GET /sipse/faces/javax.faces.resource/primefaces.js?ln=primefaces&v=4.0 HTTP/1.1" 304 -
186.80.52.180 - - [12/Nov/2023:20:25:15 -0500] "GET /sipse/faces/javax.faces.resource/layout/layout.js?ln=primefaces&v=4.0 HTTP/1.1" 304 -
186.80.52.180 - - [12/Nov/2023:20:25:15 -0500] "GET /sipse/css/v_mergente.css HTTP/1.1" 304 -
186.80.52.180 - - [12/Nov/2023:20:25:15 -0500] "GET /sipse/css/imagen/contrasena.png HTTP/1.1" 404 383
186.80.52.180 - - [12/Nov/2023:20:25:15 -0500] "GET /sipse/imagenes/cargando.gif HTTP/1.1" 304 -
186.80.52.180 - - [12/Nov/2023:20:25:15 -0500] "GET /sipse/imagenes/logoAplicacion.jpg HTTP/1.1" 304 -
186.80.52.180 - - [12/Nov/2023:20:25:20 -0500] "GET /sipse/faces/javax.faces.resource/images/ui-bg_flat_0_2d5972_40x100.png?ln=primefaces-aristo HTTP/1.1" 304 -
186.80.52.180 - - [12/Nov/2023:20:25:20 -0500] "POST /sipse/faces/bienvenido.xhtml HTTP/1.1" 200 2658
201.245.192.253 - - [12/Nov/2023:20:25:19 -0500] "POST /kwsrmcab/Wsrmcab  HTTP/1.1" 200 40720
186.80.52.180 - - [12/Nov/2023:20:25:22 -0500] "POST /sipse/faces/bienvenido.xhtml HTTP/1.1" 200 64790
186.80.52.180 - - [12/Nov/2023:20:25:23 -0500] "GET /sipse/faces/javax.faces.resource/primefaces.css?ln=primefaces&v=4.0 HTTP/1.1" 304 -
186.80.52.180 - - [12/Nov/2023:20:25:23 -0500] "GET /sipse/faces/javax.faces.resource/theme.css?ln=primefaces-sipse HTTP/1.1" 304 -
186.80.52.180 - - [12/Nov/2023:20:25:23 -0500] "GET /sipse/faces/javax.faces.resource/layout/layout.css?ln=primefaces&v=4.0 HTTP/1.1" 304 -
186.80.52.180 - - [12/Nov/2023:20:25:23 -0500] "GET /sipse/faces/javax.faces.resource/jquery/jquery.js?ln=primefaces&v=4.0 HTTP/1.1" 304 -
186.80.52.180 - - [12/Nov/2023:20:25:23 -0500] "GET /sipse/faces/javax.faces.resource/jquery/jquery-plugins.js?ln=primefaces&v=4.0 HTTP/1.1" 304 -
186.80.52.180 - - [12/Nov/2023:20:25:23 -0500] "GET /sipse/faces/javax.faces.resource/primefaces.js?ln=primefaces&v=4.0 HTTP/1.1" 304 -
186.80.52.180 - - [12/Nov/2023:20:25:23 -0500] "GET /sipse/faces/javax.faces.resource/layout/layout.js?ln=primefaces&v=4.0 HTTP/1.1" 304 -
186.80.52.180 - - [12/Nov/2023:20:25:23 -0500] "POST /sipse/faces/presentacion/financiero/solicitudProceso/listarSolicitudProceso.xhtml HTTP/1.1" 200 1556
186.80.52.180 - - [12/Nov/2023:20:25:28 -0500] "POST /sipse/faces/presentacion/financiero/solicitudProceso/listarSolicitudProceso.xhtml HTTP/1.1" 200 16508
52.167.144.22 - - [12/Nov/2023:20:25:39 -0500] "GET /BLA/resoluciones/AUTOS%202023/5015.pdf HTTP/1.1" 200 543426
186.80.52.180 - - [12/Nov/2023:20:25:46 -0500] "POST /sipse/faces/presentacion/financiero/solicitudProceso/listarSolicitudProceso.xhtml HTTP/1.1" 200 16607
190.0.241.180 - - [12/Nov/2023:20:26:24 -0500] "GET /consulta-y-conoce-los-proyectos-de-resolucion-de-para-los-planes-de-manejo-ambiental-de-cinco-humedales-en-bogota.html?fbclid=IwAR2D5KFtrSd6tmnE4sInBqRzhUc8cpdG-HX7ptbVYW46hPtnJaEloPT9qKI HTTP/1.1" 200 971
201.245.192.253 - - [12/Nov/2023:20:26:35 -0500] "POST /kwsrmcab/Wsrmcab HTTP/1.1" 200 40689
201.245.192.253 - - [12/Nov/2023:20:26:38 -0500] "POST /kwsrmcab/Wsrmcab HTTP/1.1" 200 41749
172.22.2.4 - - [12/Nov/2023:20:25:50 -0500] "HEAD /BLA/boletinlegal/ HTTP/1.1" 200 -
216.245.221.92 - - [12/Nov/2023:20:27:50 -0500] "HEAD / HTTP/1.1" 200 -
172.22.2.4 - - [12/Nov/2023:20:26:40 -0500] "GET /BLA/boletinlegal/ HTTP/1.1" 200 58294
201.245.192.253 - - [12/Nov/2023:20:29:55 -0500] "POST /kwsrmcab/Wsrmcab HTTP/1.1" 200 40689
201.245.192.253 - - [12/Nov/2023:20:29:58 -0500] "POST /kwsrmcab/Wsrmcab HTTP/1.1" 200 41749
201.245.192.253 - - [12/Nov/2023:20:30:18 -0500] "POST /kwsrmcab/Wsrmcab  HTTP/1.1" 200 40720
216.245.221.92 - - [12/Nov/2023:20:32:50 -0500] "HEAD / HTTP/1.1" 200 -
172.22.2.4 - - [12/Nov/2023:20:31:40 -0500] "HEAD /BLA/boletinlegal/ HTTP/1.1" 200 -
172.22.2.4 - - [12/Nov/2023:20:32:30 -0500] "GET /BLA/boletinlegal/ HTTP/1.1" 200 57497
201.245.192.253 - - [12/Nov/2023:20:35:17 -0500] "POST /kwsrmcab/Wsrmcab  HTTP/1.1" 200 40720
172.22.2.4 - - [12/Nov/2023:20:33:44 -0500] "GET /BLA/boletinlegal/ HTTP/1.1" 200 61736
172.22.2.4 - - [12/Nov/2023:20:35:28 -0500] "GET /BLA/boletinlegal/actos.php HTTP/1.1" 200 9682
172.22.2.4 - - [12/Nov/2023:20:35:28 -0500] "GET /BLA/boletinlegal/styles2.css HTTP/1.1" 200 1838
172.22.2.4 - - [12/Nov/2023:20:35:28 -0500] "GET /BLA/boletinlegal/js/ajax_actos.js HTTP/1.1" 200 1322
172.22.2.4 - - [12/Nov/2023:20:35:28 -0500] "GET /BLA/boletinlegal/niceforms-default.css HTTP/1.1" 200 6694
172.22.2.4 - - [12/Nov/2023:20:35:28 -0500] "GET /BLA/boletinlegal/style.css HTTP/1.1" 200 9406
172.22.2.4 - - [12/Nov/2023:20:35:28 -0500] "GET /BLA/boletinlegal/js/lib.js HTTP/1.1" 200 6474
172.22.2.4 - - [12/Nov/2023:20:35:28 -0500] "GET /BLA/boletinlegal/niceforms.js HTTP/1.1" 200 22876
172.22.2.4 - - [12/Nov/2023:20:35:28 -0500] "GET /BLA/boletinlegal/js/popup.js HTTP/1.1" 200 1270
172.22.2.4 - - [12/Nov/2023:20:35:28 -0500] "GET /BLA/boletinlegal/js/jquery1.js HTTP/1.1" 200 29846
172.22.2.4 - - [12/Nov/2023:20:35:28 -0500] "GET /BLA/boletinlegal/images/cabezote%20BLEGAL.jpg HTTP/1.1" 200 118164
172.22.2.4 - - [12/Nov/2023:20:35:28 -0500] "GET /BLA/boletinlegal/images/subscribe-icon-big.png HTTP/1.1" 200 47702
172.22.2.4 - - [12/Nov/2023:20:35:28 -0500] "GET /BLA/boletinlegal/images/historia.png HTTP/1.1" 200 52775
172.22.2.4 - - [12/Nov/2023:20:35:28 -0500] "GET /BLA/boletinlegal/images/registro-usuarios.png HTTP/1.1" 200 8106
172.22.2.4 - - [12/Nov/2023:20:35:28 -0500] "GET /BLA/boletinlegal/images/tel.png HTTP/1.1" 200 14477
172.22.2.4 - - [12/Nov/2023:20:35:28 -0500] "GET /BLA/boletinlegal/images/green-yellow-blue-pink-th.png HTTP/1.1" 200 7394
172.22.2.4 - - [12/Nov/2023:20:35:28 -0500] "GET /BLA/boletinlegal/images/icono-email.png HTTP/1.1" 200 5544
172.22.2.4 - - [12/Nov/2023:20:35:28 -0500] "GET /BLA/boletinlegal/images/body_bg.jpg HTTP/1.1" 200 1601
172.22.2.4 - - [12/Nov/2023:20:35:28 -0500] "GET /BLA/boletinlegal/images/menu_rght.gif HTTP/1.1" 200 1627
172.22.2.4 - - [12/Nov/2023:20:35:28 -0500] "GET /BLA/boletinlegal/images/menu_lft.gif HTTP/1.1" 200 1713
172.22.2.4 - - [12/Nov/2023:20:35:28 -0500] "GET /BLA/boletinlegal/images/bg_top.jpg HTTP/1.1" 200 522
172.22.2.4 - - [12/Nov/2023:20:35:28 -0500] "GET /BLA/boletinlegal/images/menu_bg.jpg HTTP/1.1" 200 620
172.22.2.4 - - [12/Nov/2023:20:35:28 -0500] "GET /BLA/boletinlegal/images/hover.jpg HTTP/1.1" 200 640
172.22.2.4 - - [12/Nov/2023:20:35:28 -0500] "GET /BLA/boletinlegal/images/footer_bg_l.jpg HTTP/1.1" 200 776
172.22.2.4 - - [12/Nov/2023:20:35:28 -0500] "GET /BLA/boletinlegal/images/footer_bg.jpg HTTP/1.1" 200 586
172.22.2.4 - - [12/Nov/2023:20:35:28 -0500] "GET /BLA/boletinlegal/images/text.jpg HTTP/1.1" 200 568
172.22.2.4 - - [12/Nov/2023:20:35:28 -0500] "GET /BLA/boletinlegal/img/select-left.png HTTP/1.1" 200 263
172.22.2.4 - - [12/Nov/2023:20:35:28 -0500] "GET /BLA/boletinlegal/img/0.png HTTP/1.1" 200 110
172.22.2.4 - - [12/Nov/2023:20:35:28 -0500] "GET /BLA/boletinlegal/img/select-right.png HTTP/1.1" 200 44019
172.22.2.4 - - [12/Nov/2023:20:35:28 -0500] "GET /BLA/boletinlegal/img/button.png HTTP/1.1" 200 43241
172.22.2.4 - - [12/Nov/2023:20:35:28 -0500] "GET /BLA/boletinlegal/img/button-left.png HTTP/1.1" 200 57071
172.22.2.4 - - [12/Nov/2023:20:35:28 -0500] "GET /BLA/boletinlegal/img/button-right.png HTTP/1.1" 200 57878
186.98.86.143 - - [12/Nov/2023:20:35:30 -0500] "GET /BLA/resoluciones/ HTTP/1.1" 200 13696
186.98.86.143 - - [12/Nov/2023:20:35:31 -0500] "GET /BLA/resoluciones/dlf/folder.png HTTP/1.1" 200 410
186.98.86.143 - - [12/Nov/2023:20:35:31 -0500] "GET /BLA/resoluciones/dlf/styles.css HTTP/1.1" 200 3049
186.98.86.143 - - [12/Nov/2023:20:35:31 -0500] "GET /BLA/resoluciones/dlf/bg.gif HTTP/1.1" 200 54
186.98.86.143 - - [12/Nov/2023:20:35:31 -0500] "GET /favicon.ico HTTP/1.1" 200 7782
186.98.86.143 - - [12/Nov/2023:20:35:39 -0500] "GET /BLA/resoluciones/index.php?dir=RESOLUCIONES+2020%2F HTTP/1.1" 200 169742
186.98.86.143 - - [12/Nov/2023:20:35:39 -0500] "GET /BLA/resoluciones/dlf/dirup.png HTTP/1.1" 200 644
186.98.86.143 - - [12/Nov/2023:20:35:39 -0500] "GET /BLA/resoluciones/dlf/pdf.gif HTTP/1.1" 200 272
186.98.86.143 - - [12/Nov/2023:20:35:39 -0500] "GET /BLA/resoluciones/dlf/archive.png HTTP/1.1" 200 632
186.98.86.143 - - [12/Nov/2023:20:35:54 -0500] "GET /BLA/resoluciones/RESOLUCIONES%202020/0263.pdf HTTP/1.1" 200 348676
201.245.192.253 - - [12/Nov/2023:20:36:34 -0500] "POST /kwsrmcab/Wsrmcab HTTP/1.1" 200 40689
201.245.192.253 - - [12/Nov/2023:20:36:37 -0500] "POST /kwsrmcab/Wsrmcab HTTP/1.1" 200 41749
181.189.25.190 - - [12/Nov/2023:20:37:01 -0500] "GET /sipse/faces/javax.faces.resource/images/ui-bg_flat_0_2d5972_40x100.png?ln=primefaces-aristo HTTP/1.1" 304 -
181.189.25.190 - - [12/Nov/2023:20:37:01 -0500] "POST /sipse/faces/presentacion/financiero/solicitudProceso/consultarSolicitudProceso.xhtml HTTP/1.1" 200 5510
172.22.2.4 - - [12/Nov/2023:20:37:19 -0500] "GET /BLA/boletinlegal/actos.php HTTP/1.1" 200 9682
172.22.2.4 - - [12/Nov/2023:20:37:19 -0500] "GET /BLA/boletinlegal/js/ajax_actos.js HTTP/1.1" 200 1322
172.22.2.4 - - [12/Nov/2023:20:37:19 -0500] "GET /BLA/boletinlegal/niceforms.js HTTP/1.1" 200 22876
172.22.2.4 - - [12/Nov/2023:20:37:19 -0500] "GET /BLA/boletinlegal/niceforms-default.css HTTP/1.1" 200 6694
172.22.2.4 - - [12/Nov/2023:20:37:19 -0500] "GET /BLA/boletinlegal/styles2.css HTTP/1.1" 200 1838
172.22.2.4 - - [12/Nov/2023:20:37:19 -0500] "GET /BLA/boletinlegal/style.css HTTP/1.1" 200 9406
172.22.2.4 - - [12/Nov/2023:20:37:19 -0500] "GET /BLA/boletinlegal/js/lib.js HTTP/1.1" 200 6474
172.22.2.4 - - [12/Nov/2023:20:37:19 -0500] "GET /BLA/boletinlegal/js/popup.js HTTP/1.1" 200 1270
172.22.2.4 - - [12/Nov/2023:20:37:19 -0500] "GET /BLA/boletinlegal/js/jquery1.js HTTP/1.1" 200 29846
172.22.2.4 - - [12/Nov/2023:20:37:19 -0500] "GET /BLA/boletinlegal/images/cabezote%20BLEGAL.jpg HTTP/1.1" 200 118164
172.22.2.4 - - [12/Nov/2023:20:37:20 -0500] "GET /BLA/boletinlegal/images/subscribe-icon-big.png HTTP/1.1" 200 47702
172.22.2.4 - - [12/Nov/2023:20:37:20 -0500] "GET /BLA/boletinlegal/images/historia.png HTTP/1.1" 200 52775
172.22.2.4 - - [12/Nov/2023:20:37:20 -0500] "GET /BLA/boletinlegal/images/body_bg.jpg HTTP/1.1" 200 1601
172.22.2.4 - - [12/Nov/2023:20:37:20 -0500] "GET /BLA/boletinlegal/images/menu_lft.gif HTTP/1.1" 200 1713
172.22.2.4 - - [12/Nov/2023:20:37:20 -0500] "GET /BLA/boletinlegal/images/menu_rght.gif HTTP/1.1" 200 1627
172.22.2.4 - - [12/Nov/2023:20:37:20 -0500] "GET /BLA/boletinlegal/images/bg_top.jpg HTTP/1.1" 200 522
172.22.2.4 - - [12/Nov/2023:20:37:20 -0500] "GET /BLA/boletinlegal/images/green-yellow-blue-pink-th.png HTTP/1.1" 200 7394
172.22.2.4 - - [12/Nov/2023:20:37:20 -0500] "GET /BLA/boletinlegal/images/registro-usuarios.png HTTP/1.1" 200 8106
172.22.2.4 - - [12/Nov/2023:20:37:20 -0500] "GET /BLA/boletinlegal/images/tel.png HTTP/1.1" 200 14477
172.22.2.4 - - [12/Nov/2023:20:37:20 -0500] "GET /BLA/boletinlegal/images/icono-email.png HTTP/1.1" 200 5544
172.22.2.4 - - [12/Nov/2023:20:37:20 -0500] "GET /BLA/boletinlegal/images/menu_bg.jpg HTTP/1.1" 200 620
172.22.2.4 - - [12/Nov/2023:20:37:20 -0500] "GET /BLA/boletinlegal/images/hover.jpg HTTP/1.1" 200 640
172.22.2.4 - - [12/Nov/2023:20:37:20 -0500] "GET /BLA/boletinlegal/images/text.jpg HTTP/1.1" 200 568
172.22.2.4 - - [12/Nov/2023:20:37:20 -0500] "GET /BLA/boletinlegal/images/footer_bg.jpg HTTP/1.1" 200 586
172.22.2.4 - - [12/Nov/2023:20:37:20 -0500] "GET /BLA/boletinlegal/images/footer_bg_l.jpg HTTP/1.1" 200 776
172.22.2.4 - - [12/Nov/2023:20:37:20 -0500] "GET /BLA/boletinlegal/img/0.png HTTP/1.1" 200 110
172.22.2.4 - - [12/Nov/2023:20:37:20 -0500] "GET /BLA/boletinlegal/img/select-left.png HTTP/1.1" 200 263
172.22.2.4 - - [12/Nov/2023:20:37:20 -0500] "GET /BLA/boletinlegal/img/select-right.png HTTP/1.1" 200 44019
172.22.2.4 - - [12/Nov/2023:20:37:20 -0500] "GET /BLA/boletinlegal/favicon.ico HTTP/1.1" 404 1326
172.22.2.4 - - [12/Nov/2023:20:37:20 -0500] "GET /BLA/boletinlegal/img/button-left.png HTTP/1.1" 200 57071
172.22.2.4 - - [12/Nov/2023:20:37:20 -0500] "GET /BLA/boletinlegal/img/button.png HTTP/1.1" 200 43241
172.22.2.4 - - [12/Nov/2023:20:37:20 -0500] "GET /BLA/boletinlegal/img/button-right.png HTTP/1.1" 200 57878
181.189.25.190 - - [12/Nov/2023:20:37:23 -0500] "POST /sipse/faces/presentacion/financiero/solicitudProceso/consultarSolicitudProceso.xhtml HTTP/1.1" 200 101302
52.167.144.191 - - [12/Nov/2023:20:37:37 -0500] "GET /BLA/resoluciones/AUTOS%202023/3684.pdf HTTP/1.1" 200 422808
216.245.221.92 - - [12/Nov/2023:20:37:50 -0500] "HEAD / HTTP/1.1" 200 -
172.22.2.4 - - [12/Nov/2023:20:37:50 -0500] "GET /BLA/boletinlegal/Circulares/2019/.pdf HTTP/1.1" 404 1218
172.22.2.4 - - [12/Nov/2023:20:37:59 -0500] "GET /BLA/boletinlegal/Circulares/2012/Circular%20No.%2010%20del%2026%20de%20Enero%20de%202012.pdf HTTP/1.1" 404 1218
172.22.2.4 - - [12/Nov/2023:20:38:57 -0500] "GET /BLA/boletinlegal/consulta_actos.php?tipo=resoluciones&no=0719&usuario=&sector=&fecha=2018&resuelve= HTTP/1.1" 200 1082
191.102.199.205 - - [12/Nov/2023:20:38:59 -0500] "GET /BLA/resoluciones/RESOLUCIONES%202018/0719.pdf HTTP/1.1" 200 348711
172.22.2.4 - - [12/Nov/2023:20:37:30 -0500] "HEAD /BLA/boletinlegal/ HTTP/1.1" 200 -
201.245.192.253 - - [12/Nov/2023:20:39:55 -0500] "POST /kwsrmcab/Wsrmcab HTTP/1.1" 200 40689
201.245.192.253 - - [12/Nov/2023:20:39:58 -0500] "POST /kwsrmcab/Wsrmcab HTTP/1.1" 200 41749
172.22.2.4 - - [12/Nov/2023:20:38:20 -0500] "GET /BLA/boletinlegal/ HTTP/1.1" 200 58644
52.167.144.16 - - [12/Nov/2023:20:40:16 -0500] "GET /portaldeninos/wp-content/uploads/2019/09/Pino-Romer%C3%B3n-%C3%A1rboles.jpg HTTP/1.1" 200 414717
201.245.192.253 - - [12/Nov/2023:20:40:15 -0500] "POST /kwsrmcab/Wsrmcab  HTTP/1.1" 200 40720
186.84.20.209 - - [12/Nov/2023:20:41:22 -0500] "GET /BLA/resoluciones/index.php?dir=AUTOS+2022%2F HTTP/1.1" 200 507974
186.84.20.209 - - [12/Nov/2023:20:41:23 -0500] "GET /BLA/resoluciones/ HTTP/1.1" 200 13696
186.84.20.209 - - [12/Nov/2023:20:41:26 -0500] "GET /BLA/resoluciones/index.php?dir=AUTOS+2022%2F HTTP/1.1" 200 507974
172.22.2.4 - - [12/Nov/2023:20:41:49 -0500] "GET /BLA/boletinlegal/actos.php HTTP/1.1" 200 9682
172.22.2.4 - - [12/Nov/2023:20:41:49 -0500] "GET /BLA/boletinlegal/styles2.css HTTP/1.1" 200 1838
172.22.2.4 - - [12/Nov/2023:20:41:49 -0500] "GET /BLA/boletinlegal/js/ajax_actos.js HTTP/1.1" 200 1322
172.22.2.4 - - [12/Nov/2023:20:41:49 -0500] "GET /BLA/boletinlegal/niceforms-default.css HTTP/1.1" 200 6694
172.22.2.4 - - [12/Nov/2023:20:41:49 -0500] "GET /BLA/boletinlegal/style.css HTTP/1.1" 200 9406
172.22.2.4 - - [12/Nov/2023:20:41:49 -0500] "GET /BLA/boletinlegal/niceforms.js HTTP/1.1" 200 22876
172.22.2.4 - - [12/Nov/2023:20:41:49 -0500] "GET /BLA/boletinlegal/js/lib.js HTTP/1.1" 200 6474
172.22.2.4 - - [12/Nov/2023:20:41:49 -0500] "GET /BLA/boletinlegal/js/jquery1.js HTTP/1.1" 200 29846
172.22.2.4 - - [12/Nov/2023:20:41:49 -0500] "GET /BLA/boletinlegal/js/popup.js HTTP/1.1" 200 1270
172.22.2.4 - - [12/Nov/2023:20:41:49 -0500] "GET /BLA/boletinlegal/images/cabezote%20BLEGAL.jpg HTTP/1.1" 200 118164
172.22.2.4 - - [12/Nov/2023:20:41:49 -0500] "GET /BLA/boletinlegal/images/subscribe-icon-big.png HTTP/1.1" 200 47702
172.22.2.4 - - [12/Nov/2023:20:41:49 -0500] "GET /BLA/boletinlegal/images/historia.png HTTP/1.1" 200 52775
172.22.2.4 - - [12/Nov/2023:20:41:49 -0500] "GET /BLA/boletinlegal/images/registro-usuarios.png HTTP/1.1" 200 8106
172.22.2.4 - - [12/Nov/2023:20:41:49 -0500] "GET /BLA/boletinlegal/images/tel.png HTTP/1.1" 200 14477
172.22.2.4 - - [12/Nov/2023:20:41:49 -0500] "GET /BLA/boletinlegal/images/green-yellow-blue-pink-th.png HTTP/1.1" 200 7394
172.22.2.4 - - [12/Nov/2023:20:41:49 -0500] "GET /BLA/boletinlegal/images/icono-email.png HTTP/1.1" 200 5544
172.22.2.4 - - [12/Nov/2023:20:41:49 -0500] "GET /BLA/boletinlegal/images/body_bg.jpg HTTP/1.1" 200 1601
172.22.2.4 - - [12/Nov/2023:20:41:49 -0500] "GET /BLA/boletinlegal/images/menu_lft.gif HTTP/1.1" 200 1713
172.22.2.4 - - [12/Nov/2023:20:41:49 -0500] "GET /BLA/boletinlegal/images/menu_rght.gif HTTP/1.1" 200 1627
172.22.2.4 - - [12/Nov/2023:20:41:49 -0500] "GET /BLA/boletinlegal/images/menu_bg.jpg HTTP/1.1" 200 620
172.22.2.4 - - [12/Nov/2023:20:41:49 -0500] "GET /BLA/boletinlegal/images/bg_top.jpg HTTP/1.1" 200 522
172.22.2.4 - - [12/Nov/2023:20:41:49 -0500] "GET /BLA/boletinlegal/images/hover.jpg HTTP/1.1" 200 640
172.22.2.4 - - [12/Nov/2023:20:41:49 -0500] "GET /BLA/boletinlegal/images/footer_bg.jpg HTTP/1.1" 200 586
172.22.2.4 - - [12/Nov/2023:20:41:49 -0500] "GET /BLA/boletinlegal/images/footer_bg_l.jpg HTTP/1.1" 200 776
172.22.2.4 - - [12/Nov/2023:20:41:49 -0500] "GET /BLA/boletinlegal/images/text.jpg HTTP/1.1" 200 568
172.22.2.4 - - [12/Nov/2023:20:41:50 -0500] "GET /BLA/boletinlegal/img/select-right.png HTTP/1.1" 200 44019
172.22.2.4 - - [12/Nov/2023:20:41:50 -0500] "GET /BLA/boletinlegal/img/select-left.png HTTP/1.1" 200 263
172.22.2.4 - - [12/Nov/2023:20:41:50 -0500] "GET /BLA/boletinlegal/img/0.png HTTP/1.1" 200 110
172.22.2.4 - - [12/Nov/2023:20:41:50 -0500] "GET /BLA/boletinlegal/img/button-left.png HTTP/1.1" 200 57071
172.22.2.4 - - [12/Nov/2023:20:41:50 -0500] "GET /BLA/boletinlegal/img/button-right.png HTTP/1.1" 200 57878
172.22.2.4 - - [12/Nov/2023:20:41:50 -0500] "GET /BLA/boletinlegal/img/button.png HTTP/1.1" 200 43241
172.22.2.4 - - [12/Nov/2023:20:41:50 -0500] "GET /BLA/boletinlegal/favicon.ico HTTP/1.1" 404 1326
186.84.20.209 - - [12/Nov/2023:20:42:04 -0500] "GET /BLA/resoluciones/index.php?dir=AUTOS+2022%2F HTTP/1.1" 200 507974
172.22.2.4 - - [12/Nov/2023:20:42:45 -0500] "GET /BLA/boletinlegal/consulta_actos.php?tipo=autos&no=0383&usuario=PRACO&sector=&fecha=2018&resuelve= HTTP/1.1" 200 626
186.29.3.252 - - [12/Nov/2023:20:42:46 -0500] "GET /propietarios-inscritos-en-el-inventario-nacional-de-bifenilos-de-policlorados-tienen-plazo-hasta-noviembre-para-reportar-su-balance.html HTTP/1.1" 200 1003
216.245.221.92 - - [12/Nov/2023:20:42:50 -0500] "HEAD / HTTP/1.1" 200 -
172.22.2.4 - - [12/Nov/2023:20:43:09 -0500] "GET /BLA/boletinlegal/consulta_actos.php?tipo=autos&no=0383&usuario=PRACO%20DIDACOL&sector=VERTIMIENTOS&fecha=2018&resuelve= HTTP/1.1" 200 626
172.22.2.4 - - [12/Nov/2023:20:43:15 -0500] "GET /BLA/boletinlegal/consulta_actos.php?tipo=autos&no=0383&usuario=PRACO%20DIDACOL&sector=VERTIMIENTOS&fecha=2018&resuelve= HTTP/1.1" 200 626
172.22.2.4 - - [12/Nov/2023:20:43:20 -0500] "HEAD /BLA/boletinlegal/ HTTP/1.1" 200 -
173.252.95.116 - - [12/Nov/2023:20:45:02 -0500] "GET /recuperado-zorro-cangrejero-que-era-tenido-ilegalmente-como-mascota-en-una-vivienda-del-sur-de-bogota.html HTTP/1.1" 200 801
201.245.192.253 - - [12/Nov/2023:20:45:14 -0500] "POST /kwsrmcab/Wsrmcab  HTTP/1.1" 200 40720
172.22.2.4 - - [12/Nov/2023:20:44:10 -0500] "GET /BLA/boletinlegal/ HTTP/1.1" 200 45941
40.77.167.77 - - [12/Nov/2023:20:46:21 -0500] "GET /BLA/resoluciones/AUTOS%202023/4218.pdf HTTP/1.1" 200 459925
40.77.167.77 - - [12/Nov/2023:20:46:22 -0500] "GET /BLA/resoluciones/AUTOS%202023/3197.pdf HTTP/1.1" 200 343874
43.153.81.107 - - [12/Nov/2023:20:47:30 -0500] "GET /galeria/galeria/fotos/Humedal-Tibanica2P.jpg HTTP/1.1" 200 29568
216.245.221.92 - - [12/Nov/2023:20:47:50 -0500] "HEAD / HTTP/1.1" 200 -
157.55.39.6 - - [12/Nov/2023:20:49:58 -0500] "GET /BLA/resoluciones/AUTOS%202023/5686.pdf HTTP/1.1" 200 419931
201.245.192.253 - - [12/Nov/2023:20:50:13 -0500] "POST /kwsrmcab/Wsrmcab  HTTP/1.1" 200 40720
172.22.2.4 - - [12/Nov/2023:20:49:10 -0500] "HEAD /BLA/boletinlegal/ HTTP/1.1" 200 -
40.77.167.68 - - [12/Nov/2023:20:51:22 -0500] "GET /propietarios-inscritos-en-el-inventario-nacional-de-bifenilos-de-policlorados-tienen-plazo-hasta-noviembre-para-reportar-su-balance.html HTTP/1.1" 200 1003
172.22.2.4 - - [12/Nov/2023:20:50:00 -0500] "GET /BLA/boletinlegal/ HTTP/1.1" 200 61018
52.167.144.140 - - [12/Nov/2023:20:51:50 -0500] "GET /desplazamientos-humanos-causados-por-el-cambio-climatico-que-estan-haciendo-los-paises-y-cuales-son-las-recomendaciones.ht HTTP/1.1" 404 1034
191.156.60.97 - - [12/Nov/2023:20:52:22 -0500] "GET /recuperado-zorro-cangrejero-que-era-tenido-ilegalmente-como-mascota-en-una-vivienda-del-sur-de-bogota.html HTTP/1.1" 200 801
216.245.221.92 - - [12/Nov/2023:20:52:50 -0500] "HEAD / HTTP/1.1" 200 -
40.77.167.23 - - [12/Nov/2023:20:54:52 -0500] "GET /BLA/resoluciones/AUTOS%202023/3375.pdf HTTP/1.1" 200 3671029
201.245.192.253 - - [12/Nov/2023:20:55:12 -0500] "POST /kwsrmcab/Wsrmcab  HTTP/1.1" 200 40720
186.102.40.52 - - [12/Nov/2023:20:55:46 -0500] "GET /kwssiamovil/sm/acme/a?s=U2FsdGVkX19YS4S9lvX8C8Oi3jSqsmtVoJwDpnmolZSmMhPVWu80knS/4UVkqygXfi60TEfdW9avdoo8fKVw3cs3FwNXakdLzcl1HviwjSYQM+OndDj55w5ClwNy/TG0ICHDXhCvawsqZvIGxm73KZh98dcKu7POZfroON3mq88cXX1imc05t41jidFN72Khna3AS55uPMy8Yq3+vASYf60W3dSyiqdXO4hKcs0sj4LikP07WnECFo0wd24iE7k3ILdmlUuBbt7fdc3MBkvQd7F/nqp/C5chIWe3K2AeRA0=&u=U2FsdGVkX1/dYWy2O8dy/59toQAYcYjQ9/+YCSMK0Z0RVfN+QLQyiSRRTb1etXhf&y=U2FsdGVkX1+be7Dt0ohWW0Vl4OKIYlUEkXD7XXc6lK9bW7wcLM5NrGo/r5vWWI+4 HTTP/1.1" 200 26
186.102.40.52 - - [12/Nov/2023:20:55:47 -0500] "GET /kwssiamovil/sm/acme/a?s=U2FsdGVkX18/D3ZGtPJYuirYVX0wTEJTADRAxVRwGUCvLT4n5FDI8UTq8g7agTxKYEsv0hAD4jCNuKLkpHT/BG/hcKaOho0ruNSfOkFs3x8O4wb+/skt62PynPve2VW7XRmizYcD4lSbWPU+Begg9AeKrPLCrXbNcTR0m6Vexs6KEfNlyoeV2+HPOhi0ji8gFrucHHwduHd8rzmxN6ltLk+XGLB/O5HCqgnRNwKvD7tc6QiMQ/Iddm2eXxtUOSxdTD+FL42SUzV1fcfuaEStEV7+l4NpyrUO+cU2g+702iThAZRnK+E201F1hsp6Qav6vd58lEYyPrri4qBEM1dMp/sskBP40X71wHJi4x4yt8CiWmhQRyWUwzw6dVYZdcE4LtFxjQS3Agnib5E2xArQPc7wxC07tMW4XiOXMwc0tDsSWb5f1T6/EJ1rEJKWKf1PXvgsZTl6QVMZTub2zRHbuJocPRirq/xTXWeIAPBfVneTWyjJ9S6JpVVs8COd1DpeGsvyi4kq17w+n9CC+79aIVPeF0+FhGzK/mo9atYdyK1Mtgr+iRSZE9+LGov7YxLTk85Ch+yWaPuShXgzsdiJK9qqEltASq/NpFwFdswc4hj385BgfJKunwci3aZEh5mHNkaB87S54NdbE5n41lPBaGDKBEBennUOc1cPmaJe3lwpcYhwBOXLLl9KFEItnfdkvIdwiecn1eKMs3S48Q/F6qAEB0TbbkYwbqRMVjs2FmBDbiiHiYrjLXAjsejqgqCJii8QpwSSqWzTxQRzt8S/tu0ssKwB+glqOPkaz5xlf+6nL9n21rd8a3JFq6lEJbixHaiP75W7z9So+GM4I1r6UjcvFdHo9+OzxyjMlIisXWYqcAcqwTm2zeUmNc+bxwVQHFrnlwQx5QTTvMrRgzczk4vjmRluQnC/Ed+FgeYTZq4GX0O0KFC2V8CpvQvq24BDN83Q/jts0X5xYXmWH5MCzyd0Zvp6m0+xQDNxuR2YK7rZG6/9pAyVG7QB3ZSfS9oBJQKbDdO92Mt378ysT1RCLXF8L1NoLp/EBbsARtnYGlnwuDX4UBvFlKZ8n2eJ5RyUNqaerzGRZFH1MO3KDOoz2qgpRcnTpT2UA5nERGmdJOosSKulK7i1juIRAbVDTTKOsK6Dk4zcBTpEfQ5qchZ5JHyr+3NMG/4GmtZ8vUGmpOwuhxkjm54RVwTpg9Zj7AYv44BXKm3/Ti84OZ64RReGFNvPafEKMn0LW+9mW40mUyiky8ApNStN0pkNi0NvEZmUVcdT4Uj0oBa6oyTu2pO2R43EwwXxc5RVCYTn/leHyiKTDON2/ClHLcWVaaEKXhMMc2y2F2ytdBVDS4f64oNAVH7cGVWrkYXSBQaal+FY6OOsQ7HuaFSmNssLC/OMnTOZhssv8oGwPooCjBfsOxb/ML5T2iX9WSRqkkH3rZewE9hcQ/aK3Ikj2dPTizSF5Okpk9WPmdsSa3BoZ9hz7kKfmA==&u=U2FsdGVkX1/dYWy2O8dy/59toQAYcYjQ9/+YCSMK0Z0RVfN+QLQyiSRRTb1etXhf&y=U2FsdGVkX1+be7Dt0ohWW0Vl4OKIYlUEkXD7XXc6lK9bW7wcLM5NrGo/r5vWWI+4 HTTP/1.1" 200 26
186.102.40.52 - - [12/Nov/2023:20:55:47 -0500] "GET /kwssiamovil/sm/acme/a?s=U2FsdGVkX18UJ4fZ7Eo4a/wxh8AORtuIIT9RkcKsnnETRyERSRyv/Gv7IOYzdKyOJWFibVO9zleRyRLbfF7tenD/eR7kwajUs7G9HovuEz37PhBUsdDo5sPqx6u/6ax8w3ZipdE0j8WK86yJC9mTfnQUbZHvZ2m2eJ0QrsZiqBQ=&u=U2FsdGVkX1/dYWy2O8dy/59toQAYcYjQ9/+YCSMK0Z0RVfN+QLQyiSRRTb1etXhf&y=U2FsdGVkX1+be7Dt0ohWW0Vl4OKIYlUEkXD7XXc6lK9bW7wcLM5NrGo/r5vWWI+4 HTTP/1.1" 200 26
186.102.40.52 - - [12/Nov/2023:20:55:47 -0500] "GET /kwssiamovil/sm/acme/a?s=U2FsdGVkX1/oAENC3p8rEa8W+EX4T5kI94oWQX4ZBn1ukl1fkllmT6XVovCmtLgaz3XmKeVDYIG6QJfHW2Xk/z8gxM3IVAm+3BpMG3woPmlS5hLCO7lmV4xtQ3rpmXM3qqeX8H/Pl7RtoMS7VGa719mrh8bWt4Is3BpjfcotV1Q=&u=U2FsdGVkX1/dYWy2O8dy/59toQAYcYjQ9/+YCSMK0Z0RVfN+QLQyiSRRTb1etXhf&y=U2FsdGVkX1+be7Dt0ohWW0Vl4OKIYlUEkXD7XXc6lK9bW7wcLM5NrGo/r5vWWI+4 HTTP/1.1" 200 26
186.102.40.52 - - [12/Nov/2023:20:55:48 -0500] "GET /kwssiamovil/sm/acme/a?s=U2FsdGVkX19SM/TD8JxX5DYU83cgXxNWZzbIcSnuIpL3uKZS20SmF/8prSj4sliFmB3Hk4XuuLU3rNOpHxin/tyo2HEC55O9CMZQlRazSZHvn8mn1vz+wyr3SH90On0yVGLRNcU2DhKGTA3ZVVS8+PBrEJhfEmyOcPKgBhfDqNo=&u=U2FsdGVkX1/dYWy2O8dy/59toQAYcYjQ9/+YCSMK0Z0RVfN+QLQyiSRRTb1etXhf&y=U2FsdGVkX1+be7Dt0ohWW0Vl4OKIYlUEkXD7XXc6lK9bW7wcLM5NrGo/r5vWWI+4 HTTP/1.1" 200 26
186.102.40.52 - - [12/Nov/2023:20:55:48 -0500] "GET /kwssiamovil/sm/acme/a?s=U2FsdGVkX1/0uIbZmHD51TYhbPXFxomXrZR32AefxbqAUFZzV8eUamTfdPdWGPgia75u2gx2k1aZEv+CaKMFa0cp2z9+8y3LnRaoVAvJfdzNLCC5F2ylt5O+OzcfnRabiQsR3P8xFU7gdlbHrZajEsM24pUEwFMBNXeCTBmlEYlMuI0Tyfwyu3wHbtm2rP56ubcIrJWyS52/+h+yTvwFQg==&u=U2FsdGVkX1/dYWy2O8dy/59toQAYcYjQ9/+YCSMK0Z0RVfN+QLQyiSRRTb1etXhf&y=U2FsdGVkX1+be7Dt0ohWW0Vl4OKIYlUEkXD7XXc6lK9bW7wcLM5NrGo/r5vWWI+4 HTTP/1.1" 200 26
207.46.13.153 - - [12/Nov/2023:20:56:20 -0500] "GET /BLA/resoluciones/AUTOS%202023/4206.pdf HTTP/1.1" 200 421508
172.22.2.4 - - [12/Nov/2023:20:55:00 -0500] "HEAD /BLA/boletinlegal/ HTTP/1.1" 200 -
172.22.2.4 - - [12/Nov/2023:20:55:50 -0500] "GET /BLA/boletinlegal/ HTTP/1.1" 200 58294
216.245.221.92 - - [12/Nov/2023:20:57:49 -0500] "HEAD / HTTP/1.1" 200 -
173.252.87.6 - - [12/Nov/2023:20:58:03 -0500] "GET /images/humedales-bog.jpg HTTP/1.1" 200 38008
201.245.192.253 - - [12/Nov/2023:21:00:11 -0500] "POST /kwsrmcab/Wsrmcab  HTTP/1.1" 200 40720
