172.22.2.4 - - [12/Nov/2023:18:35:51 -0500] "GET /BLA/boletinlegal/ HTTP/1.1" 200 58644
216.245.221.92 - - [12/Nov/2023:18:37:50 -0500] "HEAD / HTTP/1.1" 200 -
172.22.2.4 - - [12/Nov/2023:18:38:18 -0500] "GET /BLA/boletinlegal/Circulares/2019/.pdf HTTP/1.1" 404 1218
172.22.2.4 - - [12/Nov/2023:18:38:27 -0500] "GET /BLA/boletinlegal/Circulares/2012/Circular%20No.%2010%20del%2026%20de%20Enero%20de%202012.pdf HTTP/1.1" 404 1218
181.189.25.190 - - [12/Nov/2023:18:39:45 -0500] "GET /sipse/faces/javax.faces.resource/images/ui-bg_flat_0_2d5972_40x100.png?ln=primefaces-aristo HTTP/1.1" 304 -
181.189.25.190 - - [12/Nov/2023:18:39:45 -0500] "POST /sipse/faces/presentacion/financiero/solicitudProceso/consultarSolicitudProceso.xhtml HTTP/1.1" 200 43973
181.189.25.190 - - [12/Nov/2023:18:39:45 -0500] "GET /sipse/faces/javax.faces.resource/theme.css?ln=primefaces-sipse HTTP/1.1" 304 -
181.189.25.190 - - [12/Nov/2023:18:39:45 -0500] "GET /sipse/faces/javax.faces.resource/primefaces.css?ln=primefaces&v=4.0 HTTP/1.1" 304 -
181.189.25.190 - - [12/Nov/2023:18:39:45 -0500] "GET /sipse/faces/javax.faces.resource/layout/layout.css?ln=primefaces&v=4.0 HTTP/1.1" 304 -
181.189.25.190 - - [12/Nov/2023:18:39:45 -0500] "GET /sipse/faces/javax.faces.resource/jquery/jquery.js?ln=primefaces&v=4.0 HTTP/1.1" 304 -
181.189.25.190 - - [12/Nov/2023:18:39:45 -0500] "GET /sipse/faces/javax.faces.resource/jquery/jquery-plugins.js?ln=primefaces&v=4.0 HTTP/1.1" 304 -
181.189.25.190 - - [12/Nov/2023:18:39:45 -0500] "GET /sipse/faces/javax.faces.resource/primefaces.js?ln=primefaces&v=4.0 HTTP/1.1" 304 -
181.189.25.190 - - [12/Nov/2023:18:39:45 -0500] "GET /sipse/faces/javax.faces.resource/layout/layout.js?ln=primefaces&v=4.0 HTTP/1.1" 304 -
181.189.25.190 - - [12/Nov/2023:18:39:45 -0500] "GET /sipse/css/imagen/contrasena.png HTTP/1.1" 404 383
181.189.25.190 - - [12/Nov/2023:18:39:45 -0500] "POST /sipse/faces/presentacion/financiero/solicitudProceso/consultar.xhtml HTTP/1.1" 200 37261
181.189.25.190 - - [12/Nov/2023:18:39:45 -0500] "POST /sipse/faces/presentacion/financiero/solicitudProceso/consultar.xhtml HTTP/1.1" 200 37261
181.189.25.190 - - [12/Nov/2023:18:39:45 -0500] "POST /sipse/faces/presentacion/financiero/solicitudProceso/consultar.xhtml HTTP/1.1" 200 37261
181.189.25.190 - - [12/Nov/2023:18:39:45 -0500] "POST /sipse/faces/presentacion/financiero/solicitudProceso/consultar.xhtml HTTP/1.1" 200 37261
181.189.25.190 - - [12/Nov/2023:18:39:45 -0500] "POST /sipse/faces/presentacion/financiero/solicitudProceso/consultar.xhtml HTTP/1.1" 200 37261
181.189.25.190 - - [12/Nov/2023:18:39:45 -0500] "POST /sipse/faces/presentacion/financiero/solicitudProceso/consultar.xhtml HTTP/1.1" 200 37261
181.189.25.190 - - [12/Nov/2023:18:39:45 -0500] "POST /sipse/faces/presentacion/financiero/solicitudProceso/consultar.xhtml HTTP/1.1" 200 37261
181.189.25.190 - - [12/Nov/2023:18:39:46 -0500] "POST /sipse/faces/presentacion/financiero/solicitudProceso/consultar.xhtml HTTP/1.1" 200 37261
181.189.25.190 - - [12/Nov/2023:18:39:46 -0500] "POST /sipse/faces/presentacion/financiero/solicitudProceso/consultar.xhtml HTTP/1.1" 200 37261
181.189.25.190 - - [12/Nov/2023:18:39:46 -0500] "POST /sipse/faces/presentacion/financiero/solicitudProceso/consultar.xhtml HTTP/1.1" 200 37261
181.189.25.190 - - [12/Nov/2023:18:39:46 -0500] "POST /sipse/faces/presentacion/financiero/solicitudProceso/consultar.xhtml HTTP/1.1" 200 37261
181.189.25.190 - - [12/Nov/2023:18:39:46 -0500] "POST /sipse/faces/presentacion/financiero/solicitudProceso/consultar.xhtml HTTP/1.1" 200 37261
181.189.25.190 - - [12/Nov/2023:18:39:46 -0500] "POST /sipse/faces/presentacion/financiero/solicitudProceso/consultar.xhtml HTTP/1.1" 200 37261
181.189.25.190 - - [12/Nov/2023:18:39:46 -0500] "POST /sipse/faces/presentacion/financiero/solicitudProceso/consultar.xhtml HTTP/1.1" 200 37261
181.189.25.190 - - [12/Nov/2023:18:39:46 -0500] "POST /sipse/faces/presentacion/financiero/solicitudProceso/consultar.xhtml HTTP/1.1" 200 37261
181.189.25.190 - - [12/Nov/2023:18:39:46 -0500] "POST /sipse/faces/presentacion/financiero/solicitudProceso/consultar.xhtml HTTP/1.1" 200 37261
181.189.25.190 - - [12/Nov/2023:18:39:46 -0500] "POST /sipse/faces/presentacion/financiero/solicitudProceso/consultar.xhtml HTTP/1.1" 200 37261
181.189.25.190 - - [12/Nov/2023:18:39:46 -0500] "POST /sipse/faces/presentacion/financiero/solicitudProceso/consultar.xhtml HTTP/1.1" 200 37261
181.189.25.190 - - [12/Nov/2023:18:39:46 -0500] "POST /sipse/faces/presentacion/financiero/solicitudProceso/consultar.xhtml HTTP/1.1" 200 37261
181.189.25.190 - - [12/Nov/2023:18:39:47 -0500] "POST /sipse/faces/presentacion/financiero/solicitudProceso/consultar.xhtml HTTP/1.1" 200 37261
181.189.25.190 - - [12/Nov/2023:18:39:47 -0500] "POST /sipse/faces/presentacion/financiero/solicitudProceso/consultar.xhtml HTTP/1.1" 200 37261
181.189.25.190 - - [12/Nov/2023:18:39:47 -0500] "POST /sipse/faces/presentacion/financiero/solicitudProceso/consultar.xhtml HTTP/1.1" 200 37261
181.189.25.190 - - [12/Nov/2023:18:39:47 -0500] "POST /sipse/faces/presentacion/financiero/solicitudProceso/consultar.xhtml HTTP/1.1" 200 37261
181.189.25.190 - - [12/Nov/2023:18:39:47 -0500] "POST /sipse/faces/presentacion/financiero/solicitudProceso/consultar.xhtml HTTP/1.1" 200 37261
181.189.25.190 - - [12/Nov/2023:18:39:47 -0500] "POST /sipse/faces/presentacion/financiero/solicitudProceso/consultar.xhtml HTTP/1.1" 200 37261
181.189.25.190 - - [12/Nov/2023:18:39:47 -0500] "POST /sipse/faces/presentacion/financiero/solicitudProceso/consultar.xhtml HTTP/1.1" 200 37261
181.189.25.190 - - [12/Nov/2023:18:39:47 -0500] "POST /sipse/faces/presentacion/financiero/solicitudProceso/consultar.xhtml HTTP/1.1" 200 37261
181.189.25.190 - - [12/Nov/2023:18:39:51 -0500] "POST /sipse/faces/presentacion/financiero/solicitudProceso/consultar.xhtml HTTP/1.1" 200 12848
181.189.25.190 - - [12/Nov/2023:18:39:54 -0500] "POST /sipse/faces/presentacion/financiero/solicitudProceso/consultar.xhtml HTTP/1.1" 200 163366
181.189.25.190 - - [12/Nov/2023:18:39:54 -0500] "GET /sipse/faces/javax.faces.resource/primefaces.css?ln=primefaces&v=4.0 HTTP/1.1" 304 -
181.189.25.190 - - [12/Nov/2023:18:39:54 -0500] "GET /sipse/faces/javax.faces.resource/theme.css?ln=primefaces-sipse HTTP/1.1" 304 -
181.189.25.190 - - [12/Nov/2023:18:39:54 -0500] "GET /sipse/faces/javax.faces.resource/layout/layout.css?ln=primefaces&v=4.0 HTTP/1.1" 304 -
181.189.25.190 - - [12/Nov/2023:18:39:54 -0500] "GET /sipse/faces/javax.faces.resource/jquery/jquery.js?ln=primefaces&v=4.0 HTTP/1.1" 304 -
181.189.25.190 - - [12/Nov/2023:18:39:54 -0500] "GET /sipse/faces/javax.faces.resource/jquery/jquery-plugins.js?ln=primefaces&v=4.0 HTTP/1.1" 304 -
181.189.25.190 - - [12/Nov/2023:18:39:54 -0500] "GET /sipse/faces/javax.faces.resource/primefaces.js?ln=primefaces&v=4.0 HTTP/1.1" 304 -
181.189.25.190 - - [12/Nov/2023:18:39:54 -0500] "GET /sipse/faces/javax.faces.resource/layout/layout.js?ln=primefaces&v=4.0 HTTP/1.1" 304 -
181.189.25.190 - - [12/Nov/2023:18:39:54 -0500] "GET /sipse/css/imagen/contrasena.png HTTP/1.1" 404 383
201.245.192.253 - - [12/Nov/2023:18:39:55 -0500] "POST /kwsrmcab/Wsrmcab HTTP/1.1" 200 40890
181.189.25.190 - - [12/Nov/2023:18:39:58 -0500] "POST /sipse/faces/presentacion/financiero/solicitudProceso/consultarSolicitudProceso.xhtml HTTP/1.1" 200 170181
201.245.192.253 - - [12/Nov/2023:18:39:58 -0500] "POST /kwsrmcab/Wsrmcab HTTP/1.1" 200 41944
181.189.25.190 - - [12/Nov/2023:18:40:02 -0500] "POST /sipse/faces/presentacion/financiero/solicitudProceso/consultarSolicitudProceso.xhtml HTTP/1.1" 200 107427
201.245.192.253 - - [12/Nov/2023:18:40:41 -0500] "POST /kwsrmcab/Wsrmcab  HTTP/1.1" 200 40720
69.63.184.7 - - [12/Nov/2023:18:41:19 -0500] "GET /en-semana-santa-no-uses-palmas-ni-traigas-o-consumas-animales-silvestres.html HTTP/1.1" 200 959
181.189.25.190 - - [12/Nov/2023:18:42:00 -0500] "POST /sipse/faces/presentacion/financiero/solicitudProceso/consultarSolicitudProceso.xhtml HTTP/1.1" 200 5510
172.22.2.4 - - [12/Nov/2023:18:40:50 -0500] "HEAD /BLA/boletinlegal/ HTTP/1.1" 200 -
216.245.221.92 - - [12/Nov/2023:18:42:50 -0500] "HEAD / HTTP/1.1" 200 -
172.22.2.4 - - [12/Nov/2023:18:41:41 -0500] "GET /BLA/boletinlegal/ HTTP/1.1" 200 58644
201.245.192.253 - - [12/Nov/2023:18:45:40 -0500] "POST /kwsrmcab/Wsrmcab  HTTP/1.1" 200 40720
177.93.35.19 - - [12/Nov/2023:18:46:53 -0500] "GET /recuperado-zorro-cangrejero-que-era-tenido-ilegalmente-como-mascota-en-una-vivienda-del-sur-de-bogota.html HTTP/1.1" 200 801
177.93.35.19 - - [12/Nov/2023:18:46:53 -0500] "GET /favicon.ico HTTP/1.1" 404 1506
173.252.83.2 - - [12/Nov/2023:18:47:28 -0500] "GET /images/cuerpos%20de%20agua%20en%20humedales-19-10.jpg HTTP/1.1" 200 73528
216.245.221.92 - - [12/Nov/2023:18:47:50 -0500] "HEAD / HTTP/1.1" 200 -
173.252.87.13 - - [12/Nov/2023:18:48:05 -0500] "GET /recuperado-zorro-cangrejero-que-era-tenido-ilegalmente-como-mascota-en-una-vivienda-del-sur-de-bogota.html HTTP/1.1" 200 801
173.252.87.120 - - [12/Nov/2023:18:48:05 -0500] "GET /recuperado-zorro-cangrejero-que-era-tenido-ilegalmente-como-mascota-en-una-vivienda-del-sur-de-bogota.html HTTP/1.1" 200 801
172.22.2.4 - - [12/Nov/2023:18:46:40 -0500] "HEAD /BLA/boletinlegal/ HTTP/1.1" 200 -
172.22.2.4 - - [12/Nov/2023:18:47:31 -0500] "GET /BLA/boletinlegal/ HTTP/1.1" 200 53356
66.249.79.131 - - [12/Nov/2023:18:49:59 -0500] "GET /propietarios-inscritos-en-el-inventario-nacional-de-bifenilos-de-policlorados-tienen-plazo-hasta-noviembre-para-reportar-su-balance.html HTTP/1.1" 200 1003
172.22.2.4 - - [12/Nov/2023:18:50:39 -0500] "GET /BLA/boletinlegal/favicon.ico HTTP/1.1" 404 1025
66.249.79.131 - - [12/Nov/2023:18:50:40 -0500] "GET /secretaria-de-ambiente-se-unio-al-operativo-nacional-de-control-al-trafico-ilegal-de-maderas.html HTTP/1.1" 200 855
66.249.79.130 - - [12/Nov/2023:18:50:40 -0500] "GET /secretaria- HTTP/1.1" 404 1034
66.249.79.131 - - [12/Nov/2023:18:50:41 -0500] "GET /semana-bogota-reverdece-inventario-de-emisiones-de-gases-efecto-invernadero-2022-mostro-una-reduccion-de-19-8.html HTTP/1.1" 200 878
201.245.192.253 - - [12/Nov/2023:18:50:39 -0500] "POST /kwsrmcab/Wsrmcab  HTTP/1.1" 200 40720
66.249.79.131 - - [12/Nov/2023:18:50:42 -0500] "GET /mujeres- HTTP/1.1" 404 1034
172.22.2.4 - - [12/Nov/2023:18:49:54 -0500] "GET /BLA/boletinlegal/ HTTP/1.1" 200 49099
31.13.127.12 - - [12/Nov/2023:18:51:25 -0500] "GET /mas-de-179-individuos-de-aves-fueron-avistados-en-el-global-big-day.html HTTP/1.1" 200 786
216.245.221.92 - - [12/Nov/2023:18:52:51 -0500] "HEAD / HTTP/1.1" 200 -
172.22.2.4 - - [12/Nov/2023:18:52:30 -0500] "HEAD /BLA/boletinlegal/ HTTP/1.1" 200 -
172.22.2.4 - - [12/Nov/2023:18:53:21 -0500] "GET /BLA/boletinlegal/ HTTP/1.1" 200 52827
201.245.192.253 - - [12/Nov/2023:18:55:38 -0500] "POST /kwsrmcab/Wsrmcab  HTTP/1.1" 200 40720
172.22.2.4 - - [12/Nov/2023:18:56:07 -0500] "GET /BLA/boletinlegal/jurisprudencia/analisis/AnalisisT-606-15.docx HTTP/1.1" 200 26698
172.22.2.4 - - [12/Nov/2023:18:56:08 -0500] "GET /BLA/boletinlegal/apple-touch-icon-120x120-precomposed.png HTTP/1.1" 404 1140
172.22.2.4 - - [12/Nov/2023:18:56:08 -0500] "GET /BLA/boletinlegal/apple-touch-icon-120x120.png HTTP/1.1" 404 1140
172.22.2.4 - - [12/Nov/2023:18:56:08 -0500] "GET /BLA/boletinlegal/apple-touch-icon-precomposed.png HTTP/1.1" 404 1140
172.22.2.4 - - [12/Nov/2023:18:56:08 -0500] "GET /BLA/boletinlegal/apple-touch-icon.png HTTP/1.1" 404 1140
172.22.2.4 - - [12/Nov/2023:18:56:08 -0500] "GET /BLA/boletinlegal/favicon.ico HTTP/1.1" 404 1140
172.22.2.4 - - [12/Nov/2023:18:56:08 -0500] "GET /BLA/boletinlegal/apple-touch-icon-120x120-precomposed.png HTTP/1.1" 404 1140
172.22.2.4 - - [12/Nov/2023:18:56:08 -0500] "GET /BLA/boletinlegal/apple-touch-icon-120x120.png HTTP/1.1" 404 1140
172.22.2.4 - - [12/Nov/2023:18:56:08 -0500] "GET /BLA/boletinlegal/apple-touch-icon-precomposed.png HTTP/1.1" 404 1140
172.22.2.4 - - [12/Nov/2023:18:56:08 -0500] "GET /BLA/boletinlegal/apple-touch-icon.png HTTP/1.1" 404 1140
172.22.2.4 - - [12/Nov/2023:18:56:08 -0500] "GET /BLA/boletinlegal/favicon.ico HTTP/1.1" 404 1140
216.245.221.92 - - [12/Nov/2023:18:57:50 -0500] "HEAD / HTTP/1.1" 200 -
40.77.167.50 - - [12/Nov/2023:18:58:41 -0500] "GET /BLA/resoluciones/AUTOS%202023/3687.pdf HTTP/1.1" 200 474444
172.22.2.4 - - [12/Nov/2023:18:58:20 -0500] "HEAD /BLA/boletinlegal/ HTTP/1.1" 200 -
173.252.107.1 - - [12/Nov/2023:19:00:23 -0500] "GET /mujeres-que-reverdecen-secretaria-de-ambiente-anuncia-300-cupos-para-la-tercera-fase-del-programa.html HTTP/1.1" 200 823
201.245.192.253 - - [12/Nov/2023:19:00:37 -0500] "POST /kwsrmcab/Wsrmcab  HTTP/1.1" 200 40720
172.22.2.4 - - [12/Nov/2023:18:59:11 -0500] "GET /BLA/boletinlegal/ HTTP/1.1" 200 58644
47.128.35.129 - - [12/Nov/2023:19:01:08 -0500] "GET /galeria/nivo-slider/demo/images/buses-chimenea.jpg HTTP/1.1" 200 144235
47.128.35.129 - - [12/Nov/2023:19:01:08 -0500] "GET /galeria/nivo-slider/demo/images/Rendicion.png HTTP/1.1" 200 262274
47.128.48.41 - - [12/Nov/2023:19:01:19 -0500] "GET /robots.txt HTTP/1.1" 404 1018
172.22.2.4 - - [12/Nov/2023:19:01:49 -0500] "GET /BLA/boletinlegal/whyareugay HTTP/1.1" 404 1018
172.22.2.4 - - [12/Nov/2023:19:01:51 -0500] "GET /BLA/boletinlegal/.env HTTP/1.1" 404 1018
172.22.2.4 - - [12/Nov/2023:19:01:52 -0500] "GET /BLA/boletinlegal/api/.env HTTP/1.1" 404 1018
69.171.231.118 - - [12/Nov/2023:19:02:42 -0500] "GET /recuperado-zorro-cangrejero-que-era-tenido-ilegalmente-como-mascota-en-una-vivienda-del-sur-de-bogota.html HTTP/1.1" 200 801
216.245.221.92 - - [12/Nov/2023:19:02:50 -0500] "HEAD / HTTP/1.1" 200 -
52.167.144.18 - - [12/Nov/2023:19:03:11 -0500] "GET /BLA/resoluciones/RESOLUCIONES%202007/RES%202007%203201%20AL%203300/RESOLUCION%203280%20DE%202007.pdf HTTP/1.1" 200 428176
179.19.78.233 - - [12/Nov/2023:19:03:23 -0500] "GET /kwssiamovil/sm/acme/a?s=U2FsdGVkX1+E9ZMjNCnQAMN/qVKEc+weYJgyU17lnIMMZicRNZ2R6vErmbP6+eK3kov2R65OV5U2GlEV/5R0cpj9S1yceKp5QHky2lrxzPLDgTT6O+xwf0JZt42cKS5BrQ+XmE9Tpo2zv9Q01eW+U4kGStpaW2XlVTOx79+DklB/tqgeIBXSJMIRUoqAjKyjEmrBBR4gW2H3K/+v+GjCTI8PH5EBFi6IBp/QM7nUv6ZWWh0v3c0S3q547E/KTDnRYjq2hiXD3yg3SKTGn5TZ0g==&u=U2FsdGVkX19Ct66uuSmpbLP09QkxqPNrwh3Rp9/cj3w=&y=U2FsdGVkX181LZGoypMDnCtNFTeVSg5iQ1leuwJOGCqgx9w17ZEB/CjLdQKkOJdc HTTP/1.1" 200 26
179.19.78.233 - - [12/Nov/2023:19:03:26 -0500] "GET /kwssiamovil/sm/acme/a?s=U2FsdGVkX18vZT8Z6gvsBWT9mD8kx8zv4CnbQNiZJOgipjOLYZC8EH0cU6V8kvsKfUaBB4Useg+vouQgDLgosTJ+R7QMXwYK3gtXTBTkJ3M9lMBHE3wmuzE2KEXbFb8+Hnzg2na1HqWTrMUMBvO5LUxTLIAhFBNFU2sB3tp1I16BMa9JWbXT97cuRhFhkxSSai5MbYbauj5VgoYw1lQ8g0EYKgN1IJ1M4iPrC1tnwjNxLe4PqckYbfLy615VdnRFhUrsG5WGxxLLRmZ96wiTFPCI2xrqX+30kSci5AkLosF45dTW9sjIB2iQE69VPfRxRgjAtalwsk9oovnTNhtRBYr9SumhSernIygbUDe/2hh9qLB8zB40XYqeB1+VC0oDCP6IXto3/Y7yEkl4mu5QKtrK5SuvOlQsJO7DYX/1sOEu8XI7zLWfNUKEK4AfW3zpbrzc7N82+vA7UK+iYRsIR5g9gYEX6FDgpv8HQ/oxPhMZDanRWzoJjHBM9ZCWpCE6z9fhQYpYgI4mpjwx7vsr6n14BHulVqKyb1MYvd3rWTGR0wOj1j+l190pCmyqSHCcqE05gS6Z5zJLH1EuveXo6PBKb4kH2dAvQ/8iQJjJasGoLBfDDaaVe4LvhCNn9kycoUHyDngIvMAMkBcTQBfus/4V66eaM2YiYSXWBejVlHMubjXJRI3jqKVrBxAN9N7I/dYw13fXCzZaBlrFdn/JTsPb40y/rAwJsLDPtDW28l4O+KWcpnhOj8AYQPWeB8ZxZ66nCIbsnspaBarU9LCiPtAhhQa3ucJ340D8kZDc0xOFoc8lcdVbL6fr1zPRAGr/ZziJ14+03gm+rcxteq4IEbzY1XmvFtVUuqc22qKf+hank9WlBNCRXg68srfeQEDNzVGo01+n087Xi/oo0c+ru9nFZjG+izfg5uWSN53DErUCcn7fHvYftSI06pY4hPIBXZ28jJYNBL85V+h1s0kVVvF124tXKRbbTZKZuZGOSVgCBipcIatfkxiPZtPLOYHwXbududtFUIFSQujI1zCzAom5fYbcclrkrBLLbkiKTd0loYakLiApNY/Eb26VEJy50qNnDP/lBRm60kBNAwnjAA6T3W4PObQcFPdy+kBhhasl7UX10MZao7XD71YkipaodKuLRBQUYpZDcKkYZWZPaX/ytpI/lhrIiv7VTdG07MiGQqKUUkzG1m3fe3gcIPFgpZmVZAeeHcrpRmiZvY8OyEJakRudmW4wvxtT5tLFDN3mtHbZFhUDMHsAYWsmnRtGq84g0aX0jGx7mN+z0IeAGPz0lEDQXsTAH1EmF4+rUcnIZMuYkbCjcNceOvcIY3tdFymDSnF0kSpFY/M0j0EH1ApkCX19OTCRX0QG8/Y03XbOjK5oqsvXqGDTE6jBCL01VJbgi9OoLGp+cDkvbC9Yt07Z1bToNacyf9KAE41wJob8DakNQS6eW4rz2rfOhXpeu8Xmoxjtn4M1JmqyZFJhZzlYmSQSbLmYjZxZG1OSVNCK/aRXygQiQ9l69CgEx6XEtGI1ek1T/BRgTJ314TOoZoRpa4Jj6f5N9PE/k456IZ94MOK3wKjhvYIHp7svu9SF+0w75nQxWWOGNLzvSDv+fBdgTBpcsYh8KXmZx1SdU1jv7alw80yhhGaJRXqPbENaZSRPpcfdEN/oC9PWuACRRBCFCc8QXIVMX7lPiX1zsFvgObjF1bQy0de/IWtrCAEF+Amr1d98WPLKr1UwXYeDN/x2oxyROIahjZ8IePleChbUfe0cfJBus1aJAkP5mMvm&u=U2FsdGVkX19Ct66uuSmpbLP09QkxqPNrwh3Rp9/cj3w=&y=U2FsdGVkX181LZGoypMDnCtNFTeVSg5iQ1leuwJOGCqgx9w17ZEB/CjLdQKkOJdc HTTP/1.1" 200 26
179.19.78.233 - - [12/Nov/2023:19:03:29 -0500] "GET /kwssiamovil/sm/acme/a?s=U2FsdGVkX19MZFlgquA2o4I9FmcdJrm9orqTyWhabhN0aPY5Mye1WQ3MCsPshlAAutt8BFg4MnOW+EoASeJW+U4Ovsb0pjHB1yEpeEomUjJv3whNqLthr2/xpm30oPB9EIjvdnMe9MO4YGph+0agrdus+OSunNzBLm9r+XZ0H7g=&u=U2FsdGVkX19Ct66uuSmpbLP09QkxqPNrwh3Rp9/cj3w=&y=U2FsdGVkX181LZGoypMDnCtNFTeVSg5iQ1leuwJOGCqgx9w17ZEB/CjLdQKkOJdc HTTP/1.1" 200 26
179.19.78.233 - - [12/Nov/2023:19:03:33 -0500] "GET /kwssiamovil/sm/acme/a?s=U2FsdGVkX19owelmOr8O8dKa5OsGFiYL4I34dvqMRQsU20mZE8eT3yxAIN1VwRhhi+lqCAJhr9V0e1eA0SwAhl2guN91vvwYYtQLJkwkduNP2NEdrKAAhDQADn5Dbb1+CnIaOuLwP9VJaCNSsjexB+iB9PJ1AABZCbkNbHWhQR8=&u=U2FsdGVkX19Ct66uuSmpbLP09QkxqPNrwh3Rp9/cj3w=&y=U2FsdGVkX181LZGoypMDnCtNFTeVSg5iQ1leuwJOGCqgx9w17ZEB/CjLdQKkOJdc HTTP/1.1" 200 26
179.19.78.233 - - [12/Nov/2023:19:03:36 -0500] "GET /kwssiamovil/sm/acme/a?s=U2FsdGVkX1+e4NvvS4evwJPYA/05TxyW/hpa838hEYOqKqqXt4FvNgKKuo5ZrEDn+ZG64uKmqsBl4RsSmOnbRJffcVI3cyB+drSWp8wY+KZVZpGGKRS+QMyhjfwe+Cfcj183Ahh/PUg4xyA1Fr6vRX4i8zv8dxaKQSrUGSBCGa0=&u=U2FsdGVkX19Ct66uuSmpbLP09QkxqPNrwh3Rp9/cj3w=&y=U2FsdGVkX181LZGoypMDnCtNFTeVSg5iQ1leuwJOGCqgx9w17ZEB/CjLdQKkOJdc HTTP/1.1" 200 26
179.19.78.233 - - [12/Nov/2023:19:03:39 -0500] "GET /kwssiamovil/sm/acme/a?s=U2FsdGVkX1/Ye8TOkV5GqNnEs56XvyCl24uKBwj4xMfyQff1JeQmyyxdXvbWc9taId860Xtue+HoEO6pceOAdRAHuUXj5bHW8c20mM++d4hUfw7V1ogz/7f9A/m7+4U8AMtl4LaF7oHeprNx1IpRkrjH0biwNKTms+er18S1XvL5dmlteVGctQIn5cFKCc9mMlcLiVk1HsrrQKWM5DsCxQ==&u=U2FsdGVkX19Ct66uuSmpbLP09QkxqPNrwh3Rp9/cj3w=&y=U2FsdGVkX181LZGoypMDnCtNFTeVSg5iQ1leuwJOGCqgx9w17ZEB/CjLdQKkOJdc HTTP/1.1" 200 26
179.19.78.233 - - [12/Nov/2023:19:04:03 -0500] "GET /kwssiamovil/sm/acme/u?s=U2FsdGVkX1/yOH+4wM158XvVtS0/p+6bEZBGSEV03qRjRvVcO8xcAYx9ans36fpJfYdiqTj+xaM2Tzb1AE6x/V21PAnQmJ6k/HtIeP5cZm5K9nAZIBRQHnnIMhzJmfmdyNhZar1guzayzdB+PsgPgs/3pQyF7FOze3PjV/avPKw=&u=U2FsdGVkX19Ct66uuSmpbLP09QkxqPNrwh3Rp9/cj3w=&y=U2FsdGVkX181LZGoypMDnCtNFTeVSg5iQ1leuwJOGCqgx9w17ZEB/CjLdQKkOJdc HTTP/1.1" 200 60
179.19.78.233 - - [12/Nov/2023:19:04:06 -0500] "GET /kwssiamovil/sm/acme/u?s=U2FsdGVkX1+acNfGTOxFi3iV1hzA5dtZOLkKhHq97FyGwr/F2IcbrVL+OfxiTElLf8W/MHJKxT3DBT36JgzQGUXnYGRJbCVZdUKfdalLUIB4k/PJcsTjteTDBQ62sl+g+oJGqUzWiOU367/b4kz8UbTXRE7fH12j5eUjljbbv/Q=&u=U2FsdGVkX19Ct66uuSmpbLP09QkxqPNrwh3Rp9/cj3w=&y=U2FsdGVkX181LZGoypMDnCtNFTeVSg5iQ1leuwJOGCqgx9w17ZEB/CjLdQKkOJdc HTTP/1.1" 200 60
201.245.192.253 - - [12/Nov/2023:19:05:36 -0500] "POST /kwsrmcab/Wsrmcab  HTTP/1.1" 200 40720
172.22.2.4 - - [12/Nov/2023:19:04:10 -0500] "HEAD /BLA/boletinlegal/ HTTP/1.1" 200 -
172.22.2.4 - - [12/Nov/2023:19:05:01 -0500] "GET /BLA/boletinlegal/ HTTP/1.1" 200 60634
216.245.221.92 - - [12/Nov/2023:19:07:50 -0500] "HEAD / HTTP/1.1" 200 -
199.16.157.181 - - [12/Nov/2023:19:09:22 -0500] "GET /images/Secretarias%20Fondo%20carga%206%20de%20febrero.jpeg HTTP/1.1" 200 55460
199.16.157.183 - - [12/Nov/2023:19:09:22 -0500] "GET /ascenso-tecnologico-distrito-firma-decreto-que-permitira-renovar-parte-de-los-vehiculos-de-carga-y-asi-reducir-emisiones-contaminantes.html HTTP/1.1" 200 1058
201.245.192.253 - - [12/Nov/2023:19:10:35 -0500] "POST /kwsrmcab/Wsrmcab  HTTP/1.1" 200 40720
172.22.2.4 - - [12/Nov/2023:19:10:00 -0500] "HEAD /BLA/boletinlegal/ HTTP/1.1" 200 -
179.33.162.158 - - [12/Nov/2023:19:12:29 -0500] "OPTIONS /kwssiamovil/sm/setfile/f? HTTP/1.1" 200 13
179.33.162.158 - - [12/Nov/2023:19:12:29 -0500] "POST /kwssiamovil/sm/setfile/f? HTTP/1.1" 200 381
172.22.2.4 - - [12/Nov/2023:19:10:51 -0500] "GET /BLA/boletinlegal/ HTTP/1.1" 200 58644
179.33.162.158 - - [12/Nov/2023:19:12:36 -0500] "GET /kwssiamovil/sm/acme/a?s=U2FsdGVkX1//6y3Evf0vK7UeTQvnFWQ/aGkPppALtkz8tKtK2EMzHwSip72h0NmhSWZuqmltuqySQxKrsO03yokGNeCGiUWfnrepEac9GhMd+PIUgJPNLj8M1NZF7yLBwZ5M5mZfNlSKA5ysXMlyVjPq4qmjxfQ4sdIQ/rC8kKL5oX3vriFaTWGKu2WN8frZ1/T4Z7fvgvxdEXdIaeUXWuhQBHRa2fWg4N77v6FHuJgvRIWYZn4UELTNVNy5s3vuOcOQ69/ulxMMwq+TxaaT+A==&u=U2FsdGVkX19+3yCyaoSCBOthIqhipKVtiaiBJ1vPArs=&y=U2FsdGVkX1/oQ0RIBy+UB42bE8RB5OTYcmKo9hqs/35D9c89iMPvslZPUkSvwgoP HTTP/1.1" 200 26
179.33.162.158 - - [12/Nov/2023:19:12:37 -0500] "GET /kwssiamovil/sm/acme/a?s=U2FsdGVkX1+nFg2SDvwdZ32o08PjiCJ2YfItRigzjctlMQ7EB12WBvWKXzCXBNgjC1hgSCpA2er2XwEe/l2LlRhg1pY8urpdSvXHIwc6SuiEzcO8aLJq0nVc9jyWi06CB9dHpVbUA0jrWdn+7WohZfBQe2VMFyISn8QHPjZZNRrwKrukIcOB2Dtdlv4ChhyLk9BKZx+swTovrfDgWz8Zlmda9RHrydC8PdZoXxydBxU0j7fINiZhZMgypwUWSitDxFg+NoXasFGGwF2S2WF5ZbMo2lLZINslk214Gwrfdo7BpXEExBCEYSXJzA7KQRiAjynZMa1/KpUrQHIVW9QUBgE1QN6jTV+EwZ7gqhzf/lWzj66BLPggr1MXj5xKPWATrNrtHSj7XqAOLLBbpufiMQEmM1XQM2yWgh1O36xalWcgxPBgxPfA5L+LFkyrdhsKE25p8lk/3toLEou5iouokn6CPgdPUnmbFbkVOEOJb8k8kX4sR6QZaRqUNeP5nOAn7huTqhncjuCOA2ZqEEBbpV2oqlisBblkjMAQ8k6QuwnQabjeHwC8Uy47E1T5ZDGE+r84tOWwrVPfAGE/Bc/ixI9Qfcty8Q7sAz/aDDRcWYsYS4ImlKd2BXyjwZlQmwmBwWdMVcVbXMlM7GTjMBAn6OpeMjGhK7LUj4A5nwE/CSeIuPqSnxujvkBFInm1wREdXbovIGGRhnj0p5ILJTYA4ZXrjPMwDfYs01Y7ZAOlFF7GgSBEfGJIkLhle1PMD7P18olmlq07qLEBwEDlzmYGEJwJ2YRD1MAf4Jp9J9s4zVevdP4GVE+MY1E4NrSWJYNeBrFpP/Yay1HeOvvLUZjeHLRgzXazW0+GOTu5ysMBF4vAxGE9/macnSs7Z/4H0d55/uj2KbdUp0V/p1w6jF/mq3juWhAWAH3b5T89UMnt9ZpqlCBKFQFO/8BaxZSQmZrwtNBNA0htxfyAFMqvKc4T4sb63vtf2Eh3QvndySl2Ztk7pQm1r4Mt1DyL1i+FmdITBypP7ahLhVXmvan/S1amn/IpN538SXvzt9sxLS8822B1JW/uRHtW1HzfUp/NEYsrrrQVPCvzZqEOwmXxJTe6AmZ7yx5zgyAW11RaBDpJ6GMmVTmpVbTP9XFC1OH/JFm1C/dKJOEEGwmSOJwvayEERloIxZUKrs/1UMkIsjNFst1m/264xuSndGAMjsbPUWRcTH47nvetixg/JCwb7rHzSnhYCki0R4QNrjm8k9mbTv0s97vmrKFiVOzn/ZXHLctnQ0w2A681mDQlIjLtaQF88f6uiuMZiQPUsQW4kajP3DsqcyIpyEss2P5L2vr1Ng4fSAJz6hD7ceZYHX7CWpa5FlUcJQQ0ivN8/t1QeAMvRiHD+CY6IU0uiEp7bYKT9DQ4dyJk4lJDgVCDM0I/gaYfG3ADexwchNEbMknI3Kl8MsM9Tx3K44IVXT3h4d6GF7JbJRZGCc7I6tHSoMkOTBHp79qjMd7xZnu8qOwmEeUAS9NPaYFyQDxd6aQnGCqaCZXO193NlyiaTGWV5huS/5VONfCJHUelNKd76PRY2dQSnBmbHLlyGxEq0+xIqdqdPt8QqpM2+zi1vtdBHeU3XLrz3CH8iNzUqqzLS+fTiH/tfwOY26jFkem0E4auAvhluxjL1R2dMfBLgnVPxfKOAJc0g/F5S3gW5m1kR8f6hnWda6Me+y5b5Jwy6qf/ZBUdXIgDDTpYHLILuewA81OPuK+qW8LbskJW0jhpA8wiOAnbFPeLxPIb7Lh/pPasZu5+NaTYu/CINGmm+8yyXkQyAVweUmEVVwA7oQlCOZW56OfiGSF9XukoQ2xc0PSDTpd44bM3Ngadq8V6os0f1DAe0wPpnKBOqubvbsNTw1XPMUAC8bXthGBa+7xEcDbNVpx98i8E11Ds6J+DKSOc/n3+z2a71/2kZMDBaSU7HSDks1QnHMxrX7PZqJ6uxB7WRIoNuQle9G04kAmfqiSHkiZ6PM+1zgckfqoEm00iqe9/oW5Ca0ME0nrQh8Sb9l3TGDzQsEzcGLuB7YMHb3LvUx+X9yKJFWJJw8iOmqS4thmqxSOszHpz3VmEr0IT9iG8jbCu5RVyXe359YOOrXRSZ3vJKLEk0+MHPTL5aJKV9VnNGjBxe5ySm3CvkCGPnDzhGVuqUKNiIw55FBTlOuw+jfhrEZHY8OJkHfeLp+Xa3cOtPElP7AFyp0bMy9bBBajN7iN6ROtibvdBOHLTksioZlfFlbfitg==&u=U2FsdGVkX19+3yCyaoSCBOthIqhipKVtiaiBJ1vPArs=&y=U2FsdGVkX1/oQ0RIBy+UB42bE8RB5OTYcmKo9hqs/35D9c89iMPvslZPUkSvwgoP HTTP/1.1" 200 26
179.33.162.158 - - [12/Nov/2023:19:12:37 -0500] "GET /kwssiamovil/sm/acme/a?s=U2FsdGVkX19MTdF2XqvIZKf3fm3MTrO4b9EDImB3ETw8jSeyUOwtBqYXx5c5+R0KTI0uyXCmhZd6J/d9Z2pVbp+Xn6oHWacLm7b+BsVygjj7rd08BY4YsrZ8m1HvPyMEFkMOJWJPVr/oBGFQpUwUM5eoToyzD4seD782D5aQpQg=&u=U2FsdGVkX19+3yCyaoSCBOthIqhipKVtiaiBJ1vPArs=&y=U2FsdGVkX1/oQ0RIBy+UB42bE8RB5OTYcmKo9hqs/35D9c89iMPvslZPUkSvwgoP HTTP/1.1" 200 26
179.33.162.158 - - [12/Nov/2023:19:12:38 -0500] "GET /kwssiamovil/sm/acme/a?s=U2FsdGVkX19xZzI/lZJvLGuYlmgqB1C9myXN6MSasiB7t5oajMaL55gxVx9wqeyNqqcGRI4WwEtUV3UjsjRl+vyu0WlTaYSZ/1K7eWVIk4pEUgl64CS8ELxv22/KRdJma1ygWFZjE54sSX9qdH7QADnTWdwOwELsJ+6Cvu12FNQ=&u=U2FsdGVkX19+3yCyaoSCBOthIqhipKVtiaiBJ1vPArs=&y=U2FsdGVkX1/oQ0RIBy+UB42bE8RB5OTYcmKo9hqs/35D9c89iMPvslZPUkSvwgoP HTTP/1.1" 200 26
179.33.162.158 - - [12/Nov/2023:19:12:38 -0500] "GET /kwssiamovil/sm/acme/a?s=U2FsdGVkX1/+tx5CfN2AQPY+D+a88a6vHaNcMWtrOu9+Yg2CaqPZ6LsEVw2JhI63aPpgvVqJPnPaTyVmpaneZ3uUJpsPCh9sp/NgNz9Kf2bnH6hy2v3Z+PcHcxzHdJXKQwGD5qBdT/rpccUDXn5t3FZNfY28CBEnNrjvkJrZCzE=&u=U2FsdGVkX19+3yCyaoSCBOthIqhipKVtiaiBJ1vPArs=&y=U2FsdGVkX1/oQ0RIBy+UB42bE8RB5OTYcmKo9hqs/35D9c89iMPvslZPUkSvwgoP HTTP/1.1" 200 26
179.33.162.158 - - [12/Nov/2023:19:12:38 -0500] "GET /kwssiamovil/sm/acme/a?s=U2FsdGVkX18jzffu7KUNWbHlGBwS10bVhxTIeb71kb+3JEtgUR8DxnGDkbMP+UiGFwZ2mWCJoAwszm2Y7SNLW11/k+A8CGGAOwS3Yoi3diTqiXEknz35kUOb+z0UMmkG1U9Rvd66Uq7s/j4rFzb5Aj3AVdHGhI1HFD5ckZ8aIXKxubDfg1KVfIld3fW3uHvfdM9zgNwjyeD1qlb9+g9OUQ==&u=U2FsdGVkX19+3yCyaoSCBOthIqhipKVtiaiBJ1vPArs=&y=U2FsdGVkX1/oQ0RIBy+UB42bE8RB5OTYcmKo9hqs/35D9c89iMPvslZPUkSvwgoP HTTP/1.1" 200 26
179.33.162.158 - - [12/Nov/2023:19:12:38 -0500] "GET /kwssiamovil/sm/acme/a?s=U2FsdGVkX1+dnzF+ukoZeoky13v+ZFXKAvVvW5fxpufJ9tNWrvI3J9wWJttjwkjDuXgevZtu+1Y1TPVJ5kmxxtBHOvqsASmAP43ejCg0T5P1pCQ4OMmxIs28WGiPUIwgtOnE+qCQL7or1BNteHVIqOoj2ycPdqoJUXA/xmzUR23Ldn7c2sUgrYKoZaiFgFaT2R6ewWEvdY8D8nD/kLIICMbF3Un6umy3i+H4S5JajOHFvMN1SJmKrxFqnkcVpriZz0PSx8QDcDMdo6oxQi9/7gnwmOWJdtbeGsUSzlLmXMIcwcE3ZI023zhbMdSgM2SNZ5aCbNkT8XxsLb3J8dcRJypi/0Hia6QUB4mSyh9R1ZXIgntiOvDqmDgWMlWd8N+h1wOcILyCTuhqlsxszA4UasbOJXXkXcd5fXPEQc1mcHuA3ADbuu9098o0J9Q1Zp4zhd0mSy6Tx4XaioZ3GJjbDA==&u=U2FsdGVkX19+3yCyaoSCBOthIqhipKVtiaiBJ1vPArs=&y=U2FsdGVkX1/oQ0RIBy+UB42bE8RB5OTYcmKo9hqs/35D9c89iMPvslZPUkSvwgoP HTTP/1.1" 200 25
179.33.162.158 - - [12/Nov/2023:19:12:38 -0500] "GET /kwssiamovil/sm/acme/a?s=U2FsdGVkX18tkAWOhIfFq7TqQZLLZhiZKOTRjVa/VLngW+zKfWSt+gWQMPNtAB7gDo/3VXGfPk3aOdwzRI1QIstaic/ti26wRBEsWaHeLBlXm95dZH07S0jJT8LjLT2iFATJAmBIpjGLjiTi8odb1mZCwUiqFNhQbyXUb4ZLPSnGYOar3j9+9d8UprSwa69nCh+xX3IQt/yucb1tYRw7fU6rOXJ/Pcxou3oT3lXvO1UJf3QThIAAWyPrppinkSpPnKSgZacKq0BMvfG4UKaAGEdWsRPCHu3HGzVRJizdEy4KKfjbyNiIFRV19MLMcHcja7H9WULmMSw7sWKUeZNz4H0BTf1nal604Khn392nTq5o/Iz07LbmcUwlr3XBg75TP0ec4P8ZFEfvhpaVJ+S6Z0EI9HThypMFNIcmiALyMZg=&u=U2FsdGVkX19+3yCyaoSCBOthIqhipKVtiaiBJ1vPArs=&y=U2FsdGVkX1/oQ0RIBy+UB42bE8RB5OTYcmKo9hqs/35D9c89iMPvslZPUkSvwgoP HTTP/1.1" 200 25
216.245.221.92 - - [12/Nov/2023:19:12:50 -0500] "HEAD / HTTP/1.1" 200 -
52.167.144.228 - - [12/Nov/2023:19:14:13 -0500] "GET /BLA/resoluciones/RESOLUCIONES%202012/0511.pdf HTTP/1.1" 200 234497
52.167.144.182 - - [12/Nov/2023:19:14:20 -0500] "GET /BLA/resoluciones/RESOLUCIONES%202021/5027.pdf HTTP/1.1" 200 336083
52.167.144.170 - - [12/Nov/2023:19:15:32 -0500] "GET /BLA/resoluciones/AUTOS%202023/4244.pdf HTTP/1.1" 200 936128
201.245.192.253 - - [12/Nov/2023:19:15:34 -0500] "POST /kwsrmcab/Wsrmcab  HTTP/1.1" 200 40720
201.245.192.253 - - [12/Nov/2023:19:16:35 -0500] "POST /kwsrmcab/Wsrmcab HTTP/1.1" 200 40704
201.245.192.253 - - [12/Nov/2023:19:16:37 -0500] "POST /kwsrmcab/Wsrmcab HTTP/1.1" 200 41922
172.22.2.4 - - [12/Nov/2023:19:15:50 -0500] "HEAD /BLA/boletinlegal/ HTTP/1.1" 200 -
216.245.221.92 - - [12/Nov/2023:19:17:50 -0500] "HEAD / HTTP/1.1" 200 -
172.22.2.4 - - [12/Nov/2023:19:16:41 -0500] "GET /BLA/boletinlegal/ HTTP/1.1" 200 61018
201.245.192.253 - - [12/Nov/2023:19:19:56 -0500] "POST /kwsrmcab/Wsrmcab HTTP/1.1" 200 40704
201.245.192.253 - - [12/Nov/2023:19:19:59 -0500] "POST /kwsrmcab/Wsrmcab HTTP/1.1" 200 41922
201.245.192.253 - - [12/Nov/2023:19:20:32 -0500] "POST /kwsrmcab/Wsrmcab  HTTP/1.1" 200 40720
52.167.144.170 - - [12/Nov/2023:19:20:43 -0500] "GET /BLA/resoluciones/AUTOS%201997/1945.pdf HTTP/1.1" 304 -
52.167.144.170 - - [12/Nov/2023:19:21:34 -0500] "GET /BLA/resoluciones/AUTOS%202023/3188.pdf HTTP/1.1" 200 429010
199.16.157.182 - - [12/Nov/2023:19:22:03 -0500] "GET /images/pl%C3%A1sticos%20foto%201..jpg HTTP/1.1" 404 1034
216.245.221.92 - - [12/Nov/2023:19:22:50 -0500] "HEAD / HTTP/1.1" 200 -
172.22.2.4 - - [12/Nov/2023:19:21:40 -0500] "HEAD /BLA/boletinlegal/ HTTP/1.1" 200 -
172.22.2.4 - - [12/Nov/2023:19:22:31 -0500] "GET /BLA/boletinlegal/ HTTP/1.1" 200 60634
201.245.192.253 - - [12/Nov/2023:19:25:31 -0500] "POST /kwsrmcab/Wsrmcab  HTTP/1.1" 200 40720
52.167.144.220 - - [12/Nov/2023:19:25:40 -0500] "GET /Publicaciones/2023EE215082.pdf HTTP/1.1" 404 228
201.245.192.253 - - [12/Nov/2023:19:26:35 -0500] "POST /kwsrmcab/Wsrmcab HTTP/1.1" 200 40704
201.245.192.253 - - [12/Nov/2023:19:26:37 -0500] "POST /kwsrmcab/Wsrmcab HTTP/1.1" 200 41922
216.245.221.92 - - [12/Nov/2023:19:27:50 -0500] "HEAD / HTTP/1.1" 200 -
173.252.107.1 - - [12/Nov/2023:19:28:24 -0500] "GET /images/jardines-verticales-4-marzo.jpg HTTP/1.1" 200 54804
181.50.218.203 - - [12/Nov/2023:19:29:01 -0500] "GET /kwssiamovil/sm/acme/a?s=U2FsdGVkX1+2msIFCbv3JB2BqTeK7NQn3IGqnwJDd9hg7yjR4XZy5A7c0xuuQEPBXnCUyzNIooTx0ajuVfbG3ItjdLkYryg0VO0Q2B8cMoJd6loaPOZfDtebqh9STUg0USEB+wmV76oqbws4S11w6D6FJKkXP0M3PUVxYB/fEnsdRWQ8Mp5vdkro6CCdiA4LJzbreKiBsl4BpzgsWOdMZgh+IBXm8nHInNcOBd7MMxfgXKZWWYeXSwU1+ElYtN/Ojm1nZrUjhfSgjtsSzpKhsA==&u=U2FsdGVkX1/EdWq8zlW2xn8RSCjzdiq69NADXn9ztNzleaBxeBTO4+qzk0z8oRbm&y=U2FsdGVkX18hdEiOBDra3/DRxOlnrgAPAKcnxy7qo7CWK9AqyIMquA3gRoXO8+Pj HTTP/1.1" 200 26
181.50.218.203 - - [12/Nov/2023:19:29:01 -0500] "GET /kwssiamovil/sm/acme/a?s=U2FsdGVkX1/3I1BPDZQXT5P3Dg5/qoh0+ar2xgvBbolyO4AV8e1HIwPZo9iBrCAtsGx9Znmst/yQ0L5D73VAWWzTBVmZxQ0t210fta2h0oOv+VvuHtKS4/Dpxn7a4Vmujbvl8Nh6uDh53/R96G/sM2hm3H+d1noTOPSFsfFfph4o6GCfQyW6RrPh0w/ZUfq+O9LtkG/SSVhWo7zA6kWzYHsScnRK9wXidfkDCOmg8VOQ12HuugubRy01KEUM9ECOuaCkkEsiJfoQeYlvWuRGsaopndNUROiKBNEf48ZkYd8Eg/P61KbXvVt62uaGTR2/IdhwBgsGlJtyEjezoXI3aWBPFB8rhnPPbZ+ESoL9kofGsiwQmuqJ+G8Vm0yXLKchNwAkYef3qgXnhGMnMa0Tfl2NPvki5lu3iSBntS89Cc3tbUtf0nz0bBt1uGb2sCyowCmKRRIi0q2W9s7ztguoqfUfGskXHlvYe/g+8ZV8FP8f1esARgADXgezis34+Vs2dz4ITdpclLOXC1BOa10KZm5FUqN7bhZWoUE5zf4V8XHM30MxVGkcfItM67fV+FGwrnmSGbP+I8TE4RJZmDDci8YFUjhSZdJIEqmS8IiZMko/me/P1k49M+ronwePz+/cpkbgKBOYoSmTDq6KLP00QMw2QcDWqj6bZWVGFeAZm1YjtJFKG0wkyqv8RTTJptIRHaXhbTVluHbHdi3Rxu/Ya33ZawYeFRi9Z+HOXsHmd0iTBFGmOaL/mUj1Yj9l0K7hHr61xShulRNG1GN3e0kd939oofQj0fXGr804u1dux39ofRPqPfJCrT9UFtTCgHsLqwP7HDee8m1NoeSFlJv7qD9Ev+Cugz5K9CZMgCKXi277/UDtlHj75NfRKpnCDo8zKUHKnDevPr4jugT1v3iETIpMAJnq+YRCJYRGJlyJq0RhB7zuoWAkfptePfzSx69eiDM2WT3m1M3gvKqQ9zukDo9hkI8GjLFJRs9ezuRC9BH56SnSdbySiv4VqGtycJN6RT7gC4H0IEFsgJO9mlsyX43/+twi//pciV9mMtROy9U24Rgbru83h6RX08jHAQY3wuDvZr/+bobJuEVgNwZLSPy72k+24IXoG3PO8dhxfy0z6n+AooCbZ5rdWTQ3lVRYhbf1qqDzDttOwpN0dcFzyEHRCi5kkEwXRllk3TlPWqUxli9KhpU+LS0imWKAJL0UhX+5FcfpvSv1XAOwmSxzwJlg/ZcO80xOGsB7ALOWtWg7B1wexcvvpzWIAxu9Wrp8rqM1EixrPnpsJmbOEtma88sfgBdscUwgQ01x1E7W/+pM34SmIxUYllI/OASKE2W9V8w6vxO28a+Sg/7WTVSWi89N05CzaDEiGONzkYbFE0ekWZyYUFz+1kXde3eP3Ct7hK1kxpOstRDGZukkKmxuW8hI0B6yg4DwhVkxTiDb+huXelkI3wRIcaFRF5WXn/zCLx2zuOOs6UTMzfmJAwTkdNLAE/FW4Fvb8kNLwaXBRoONOoEHG4QKBuXC+1b36pjtgUFI/pRvSdjRqfgaluU8G4j+V3byFHNgNRpx+N4YbUvth7V2mtg8u5AUZ1ifAYg+MoSYq5fLQwilUdmTV/STy3FMBT3QNtKzhFcEft4PlkKonpRtQgRsG4dL0kG6tZplZYZM1b591OOU6ShZ5/nHLTRxgCQFNBbFHAiHoxbrLVY+ybCqhnWCMXWEnETzbIYHtOYjZSs2h+P55UzvGhSGjOymBPxXF8vQVUjT7YeEgPbhWYZuAyedyHSBJpgBaG81jug/cuGno8NgA33GfiXZDulwLi7GHkvHIpIn2xWjAHCn25sMqfCn0fpZ3Szinlvscgb+qYBUvAiT0ubnsFWT/v/eWHSJUrTfP/plhx8A5mWOYqIKV+oxmfzV3xiXh2edpiN901K9DY5wQ2sGLqPpdHN4ZMhwCCB2slE4QaxiIynynpWKfJP0Hoay5/DgrQDn5Q9pybdSrlhxdrYM7n4PqKtsflGiupnvnRxfanoPjjmlt/YyEGKWJjwiEKKSbYwMLR60ngubXBmNFFPWHkZAWe2lVqDi2Qr3qUD4sL6FozcUnFD5StQKu0EMwd5Iz0ugAWUGqWjZt3Yj8cWqg/wHFIzB1Rh4coBDPfElCe7tFDKc7gfV9AkQ2LdUZILWys2yK+0OpJ2wx4HiTdbB76UejTkVbMhpn7nJ1Ip/ADcS1MqKAWipdCeBle5lfJ/YrD2wq3Rm02gDCqj3GDdpXdOESS21RRWsfKc5LG2t0/hnxqRTiQmH21anok/9u7YTGhXxswZseLXNUVzCDrlEcS/w8KFl3YRlBPeXjg8WPEsVSYSs//dU+XjW2nT3TbajlzGzmMFsuGxjn97DfsjTuWKC3GNZTPGgmYcWkSZJqmVQslJoQFxnC0Alz9+qEkrxZlev&u=U2FsdGVkX1/EdWq8zlW2xn8RSCjzdiq69NADXn9ztNzleaBxeBTO4+qzk0z8oRbm&y=U2FsdGVkX18hdEiOBDra3/DRxOlnrgAPAKcnxy7qo7CWK9AqyIMquA3gRoXO8+Pj HTTP/1.1" 200 26
181.50.218.203 - - [12/Nov/2023:19:29:01 -0500] "GET /kwssiamovil/sm/acme/a?s=U2FsdGVkX18B5NEVzeStdJIeLRNjZ01Ez4OsdrkM1Ge084J8GYReevIvOELZGAV6z5+ysEr+/Uh7MyqtcyjLA8oqAHjvMDUMtNKymay57JCL4aXeaRIlICBeQsxpv/QDJM04R1LvwtKxg8kApqSd/Lj3B7yS/CNcCpIPQNaz5Sc=&u=U2FsdGVkX1/EdWq8zlW2xn8RSCjzdiq69NADXn9ztNzleaBxeBTO4+qzk0z8oRbm&y=U2FsdGVkX18hdEiOBDra3/DRxOlnrgAPAKcnxy7qo7CWK9AqyIMquA3gRoXO8+Pj HTTP/1.1" 200 26
181.50.218.203 - - [12/Nov/2023:19:29:02 -0500] "GET /kwssiamovil/sm/acme/a?s=U2FsdGVkX19GkvLQyODo3h2Ik76vk3RxM9vF2OU1F1LPY0HnLitytN7JeQGkDjSZwzKXC3R2DGOZGjgQ1hWJcAMdqQ9xHMy3ZiozHlqIOXwfQ2PyOyPqoNWQ0Ike7jD74v4cAQAX7KoBUygkqvTH2/sFcEyVQCfq48ozpyjoxWo=&u=U2FsdGVkX1/EdWq8zlW2xn8RSCjzdiq69NADXn9ztNzleaBxeBTO4+qzk0z8oRbm&y=U2FsdGVkX18hdEiOBDra3/DRxOlnrgAPAKcnxy7qo7CWK9AqyIMquA3gRoXO8+Pj HTTP/1.1" 200 26
181.50.218.203 - - [12/Nov/2023:19:29:02 -0500] "GET /kwssiamovil/sm/acme/a?s=U2FsdGVkX1+LCE4wjIyk/tevyQs9mfNyl+EO8Kp+uKxUanpvHTqajS3Mh5iTJ0jg96tOBpjdGzdl9aNItjU++jurzLD1UZ60lIMgsAiUZCs3F3TJPnLiuSgRc9jZ9MgNTmn+K8nnfEj8gAyK8MrIDBze14ipgb5YYu51GRBLgo4=&u=U2FsdGVkX1/EdWq8zlW2xn8RSCjzdiq69NADXn9ztNzleaBxeBTO4+qzk0z8oRbm&y=U2FsdGVkX18hdEiOBDra3/DRxOlnrgAPAKcnxy7qo7CWK9AqyIMquA3gRoXO8+Pj HTTP/1.1" 200 26
181.50.218.203 - - [12/Nov/2023:19:29:02 -0500] "GET /kwssiamovil/sm/acme/a?s=U2FsdGVkX19KJYzpmgkWIXlXc3ejzkanEn+tv+PuMwnsyMMXlOl0Gv93RK+WXfAsrg+MN+yWWSgDUhIUvVy6OilqAF5kb3+jn3k3768D1bceqSeAWDU8U/8QIfJZOXyaLjWmPimI9QuPfMv7bdmk0c1fFMw5lc6IeTpQyj7QenDUyTDURCTiMzJvIzFPSp/t5BJNJZpyKxh55z5mVPWKkA==&u=U2FsdGVkX1/EdWq8zlW2xn8RSCjzdiq69NADXn9ztNzleaBxeBTO4+qzk0z8oRbm&y=U2FsdGVkX18hdEiOBDra3/DRxOlnrgAPAKcnxy7qo7CWK9AqyIMquA3gRoXO8+Pj HTTP/1.1" 200 26
172.22.2.4 - - [12/Nov/2023:19:27:30 -0500] "HEAD /BLA/boletinlegal/ HTTP/1.1" 200 -
201.245.192.253 - - [12/Nov/2023:19:29:56 -0500] "POST /kwsrmcab/Wsrmcab HTTP/1.1" 200 40704
201.245.192.253 - - [12/Nov/2023:19:29:58 -0500] "POST /kwsrmcab/Wsrmcab HTTP/1.1" 200 41922
172.22.2.4 - - [12/Nov/2023:19:28:21 -0500] "GET /BLA/boletinlegal/ HTTP/1.1" 200 61018
201.245.192.253 - - [12/Nov/2023:19:30:30 -0500] "POST /kwsrmcab/Wsrmcab  HTTP/1.1" 200 40720
191.95.60.92 - - [12/Nov/2023:19:30:34 -0500] "GET /recuperado-zorro-cangrejero-que-era-tenido-ilegalmente-como-mascota-en-una-vivienda-del-sur-de-bogota.html HTTP/1.1" 200 801
216.245.221.92 - - [12/Nov/2023:19:32:50 -0500] "HEAD / HTTP/1.1" 200 -
172.22.2.4 - - [12/Nov/2023:19:32:37 -0500] "GET /BLA/boletinlegal/ HTTP/1.1" 200 57497
172.22.2.4 - - [12/Nov/2023:19:33:20 -0500] "HEAD /BLA/boletinlegal/ HTTP/1.1" 200 -
201.245.192.253 - - [12/Nov/2023:19:35:29 -0500] "POST /kwsrmcab/Wsrmcab  HTTP/1.1" 200 40720
172.22.2.4 - - [12/Nov/2023:19:34:11 -0500] "GET /BLA/boletinlegal/ HTTP/1.1" 200 60634
179.51.119.254 - - [12/Nov/2023:19:35:57 -0500] "GET /recuperado-zorro-cangrejero-que-era-tenido-ilegalmente-como-mascota-en-una-vivienda-del-sur-de-bogota.html HTTP/1.1" 200 801
172.22.2.4 - - [12/Nov/2023:19:36:35 -0500] "GET /BLA/boletinlegal/Circulares/2019/.pdf HTTP/1.1" 404 1218
201.245.192.253 - - [12/Nov/2023:19:36:35 -0500] "POST /kwsrmcab/Wsrmcab HTTP/1.1" 200 40704
201.245.192.253 - - [12/Nov/2023:19:36:37 -0500] "POST /kwsrmcab/Wsrmcab HTTP/1.1" 200 41922
31.13.127.117 - - [12/Nov/2023:19:36:46 -0500] "GET /recuperado-zorro-cangrejero-que-era-tenido-ilegalmente-como-mascota-en-una-vivienda-del-sur-de-bogota.html HTTP/1.1" 200 801
31.13.127.6 - - [12/Nov/2023:19:36:46 -0500] "GET /recuperado-zorro-cangrejero-que-era-tenido-ilegalmente-como-mascota-en-una-vivienda-del-sur-de-bogota.html HTTP/1.1" 200 801
114.119.153.104 - - [12/Nov/2023:19:37:20 -0500] "GET /BLA/resoluciones/index.php?dir=AUTOS%2B2005/ HTTP/1.1" 200 13882
216.245.221.92 - - [12/Nov/2023:19:37:50 -0500] "HEAD / HTTP/1.1" 200 -
173.252.95.1 - - [12/Nov/2023:19:38:04 -0500] "GET /images/foto%202.jpg HTTP/1.1" 200 63300
201.245.192.253 - - [12/Nov/2023:19:39:55 -0500] "POST /kwsrmcab/Wsrmcab HTTP/1.1" 200 40704
201.245.192.253 - - [12/Nov/2023:19:39:58 -0500] "POST /kwsrmcab/Wsrmcab HTTP/1.1" 200 41922
201.245.192.253 - - [12/Nov/2023:19:40:28 -0500] "POST /kwsrmcab/Wsrmcab  HTTP/1.1" 200 40720
172.22.2.4 - - [12/Nov/2023:19:39:10 -0500] "HEAD /BLA/boletinlegal/ HTTP/1.1" 200 -
172.22.2.4 - - [12/Nov/2023:19:41:16 -0500] "GET /BLA/boletinlegal/actos.php HTTP/1.1" 200 9682
172.22.2.4 - - [12/Nov/2023:19:41:16 -0500] "GET /BLA/boletinlegal/styles2.css HTTP/1.1" 200 1838
172.22.2.4 - - [12/Nov/2023:19:41:16 -0500] "GET /BLA/boletinlegal/js/ajax_actos.js HTTP/1.1" 200 1322
172.22.2.4 - - [12/Nov/2023:19:41:16 -0500] "GET /BLA/boletinlegal/niceforms-default.css HTTP/1.1" 200 6694
172.22.2.4 - - [12/Nov/2023:19:41:16 -0500] "GET /BLA/boletinlegal/style.css HTTP/1.1" 200 9406
172.22.2.4 - - [12/Nov/2023:19:41:16 -0500] "GET /BLA/boletinlegal/niceforms.js HTTP/1.1" 200 22876
172.22.2.4 - - [12/Nov/2023:19:41:16 -0500] "GET /BLA/boletinlegal/js/lib.js HTTP/1.1" 200 6474
172.22.2.4 - - [12/Nov/2023:19:41:16 -0500] "GET /BLA/boletinlegal/js/jquery1.js HTTP/1.1" 200 29846
172.22.2.4 - - [12/Nov/2023:19:41:16 -0500] "GET /BLA/boletinlegal/js/popup.js HTTP/1.1" 200 1270
172.22.2.4 - - [12/Nov/2023:19:41:16 -0500] "GET /BLA/boletinlegal/images/cabezote%20BLEGAL.jpg HTTP/1.1" 200 118164
172.22.2.4 - - [12/Nov/2023:19:41:16 -0500] "GET /BLA/boletinlegal/images/subscribe-icon-big.png HTTP/1.1" 200 47702
172.22.2.4 - - [12/Nov/2023:19:41:16 -0500] "GET /BLA/boletinlegal/images/historia.png HTTP/1.1" 200 52775
172.22.2.4 - - [12/Nov/2023:19:41:16 -0500] "GET /BLA/boletinlegal/images/registro-usuarios.png HTTP/1.1" 200 8106
172.22.2.4 - - [12/Nov/2023:19:41:16 -0500] "GET /BLA/boletinlegal/images/green-yellow-blue-pink-th.png HTTP/1.1" 200 7394
172.22.2.4 - - [12/Nov/2023:19:41:16 -0500] "GET /BLA/boletinlegal/images/tel.png HTTP/1.1" 200 14477
172.22.2.4 - - [12/Nov/2023:19:41:16 -0500] "GET /BLA/boletinlegal/images/icono-email.png HTTP/1.1" 200 5544
172.22.2.4 - - [12/Nov/2023:19:41:16 -0500] "GET /BLA/boletinlegal/images/body_bg.jpg HTTP/1.1" 200 1601
172.22.2.4 - - [12/Nov/2023:19:41:16 -0500] "GET /BLA/boletinlegal/images/menu_lft.gif HTTP/1.1" 200 1713
172.22.2.4 - - [12/Nov/2023:19:41:16 -0500] "GET /BLA/boletinlegal/images/menu_rght.gif HTTP/1.1" 200 1627
172.22.2.4 - - [12/Nov/2023:19:41:16 -0500] "GET /BLA/boletinlegal/images/bg_top.jpg HTTP/1.1" 200 522
172.22.2.4 - - [12/Nov/2023:19:41:16 -0500] "GET /BLA/boletinlegal/images/menu_bg.jpg HTTP/1.1" 200 620
172.22.2.4 - - [12/Nov/2023:19:41:16 -0500] "GET /BLA/boletinlegal/images/hover.jpg HTTP/1.1" 200 640
172.22.2.4 - - [12/Nov/2023:19:41:16 -0500] "GET /BLA/boletinlegal/images/text.jpg HTTP/1.1" 200 568
172.22.2.4 - - [12/Nov/2023:19:41:16 -0500] "GET /BLA/boletinlegal/images/footer_bg.jpg HTTP/1.1" 200 586
172.22.2.4 - - [12/Nov/2023:19:41:16 -0500] "GET /BLA/boletinlegal/images/footer_bg_l.jpg HTTP/1.1" 200 776
172.22.2.4 - - [12/Nov/2023:19:41:16 -0500] "GET /BLA/boletinlegal/img/0.png HTTP/1.1" 200 110
172.22.2.4 - - [12/Nov/2023:19:41:16 -0500] "GET /BLA/boletinlegal/img/select-left.png HTTP/1.1" 200 263
172.22.2.4 - - [12/Nov/2023:19:41:16 -0500] "GET /BLA/boletinlegal/img/button-left.png HTTP/1.1" 200 57071
172.22.2.4 - - [12/Nov/2023:19:41:16 -0500] "GET /BLA/boletinlegal/img/select-right.png HTTP/1.1" 200 44019
172.22.2.4 - - [12/Nov/2023:19:41:16 -0500] "GET /BLA/boletinlegal/img/button.png HTTP/1.1" 200 43241
172.22.2.4 - - [12/Nov/2023:19:41:16 -0500] "GET /BLA/boletinlegal/img/button-right.png HTTP/1.1" 200 57878
172.22.2.4 - - [12/Nov/2023:19:41:16 -0500] "GET /BLA/boletinlegal/favicon.ico HTTP/1.1" 404 1326
186.84.88.2 - - [12/Nov/2023:19:41:19 -0500] "GET /BLA/resoluciones/ HTTP/1.1" 200 13696
186.84.88.2 - - [12/Nov/2023:19:41:19 -0500] "GET /BLA/resoluciones/dlf/styles.css HTTP/1.1" 200 3049
186.84.88.2 - - [12/Nov/2023:19:41:19 -0500] "GET /BLA/resoluciones/dlf/folder.png HTTP/1.1" 200 410
186.84.88.2 - - [12/Nov/2023:19:41:19 -0500] "GET /BLA/resoluciones/dlf/bg.gif HTTP/1.1" 200 54
186.84.88.2 - - [12/Nov/2023:19:41:19 -0500] "GET /favicon.ico HTTP/1.1" 200 7782
172.22.2.4 - - [12/Nov/2023:19:41:30 -0500] "GET /BLA/boletinlegal/consulta_actos.php?tipo=autos&no=&usuario=&sector=PEV&fecha=2023&resuelve= HTTP/1.1" 200 317517
172.22.2.4 - - [12/Nov/2023:19:41:31 -0500] "GET /BLA/boletinlegal/images/pdf.gif HTTP/1.1" 200 567
172.22.2.4 - - [12/Nov/2023:19:41:31 -0500] "GET /BLA/boletinlegal/images/background.gif HTTP/1.1" 200 -
186.84.88.2 - - [12/Nov/2023:19:41:38 -0500] "GET /BLA/resoluciones/AUTOS%202023/5051.pdf HTTP/1.1" 200 1956738
172.22.2.4 - - [12/Nov/2023:19:40:01 -0500] "GET /BLA/boletinlegal/ HTTP/1.1" 200 54105
186.84.88.2 - - [12/Nov/2023:19:41:51 -0500] "GET /BLA/resoluciones/AUTOS%202023/5049.pdf HTTP/1.1" 200 2311886
216.245.221.92 - - [12/Nov/2023:19:42:50 -0500] "HEAD / HTTP/1.1" 200 -
40.77.167.78 - - [12/Nov/2023:19:43:05 -0500] "GET /BLA/resoluciones/AUTOS%202023/5952.pdf HTTP/1.1" 200 425117
181.189.25.190 - - [12/Nov/2023:19:43:31 -0500] "POST /sipse/faces/presentacion/financiero/solicitudProceso/consultarSolicitudProceso.xhtml HTTP/1.1" 200 193
181.189.25.190 - - [12/Nov/2023:19:43:31 -0500] "POST /sipse/faces/presentacion/financiero/solicitudProceso/consultarSolicitudProceso.xhtml HTTP/1.1" 200 193
181.189.25.190 - - [12/Nov/2023:19:43:31 -0500] "POST /sipse/faces/presentacion/financiero/solicitudProceso/consultarSolicitudProceso.xhtml HTTP/1.1" 200 193
181.189.25.190 - - [12/Nov/2023:19:43:31 -0500] "POST /sipse/faces/presentacion/financiero/solicitudProceso/consultarSolicitudProceso.xhtml HTTP/1.1" 200 193
181.189.25.190 - - [12/Nov/2023:19:43:31 -0500] "POST /sipse/faces/presentacion/financiero/solicitudProceso/consultarSolicitudProceso.xhtml HTTP/1.1" 200 193
181.189.25.190 - - [12/Nov/2023:19:43:31 -0500] "GET /sipse/faces/presentacion/financiero/solicitudAnulacion/consultarSolicitudAnulacion.xhtml HTTP/1.1" 200 16113
181.189.25.190 - - [12/Nov/2023:19:43:31 -0500] "GET /sipse/faces/presentacion/financiero/solicitudAnulacion/consultarSolicitudAnulacion.xhtml HTTP/1.1" 200 17805
181.189.25.190 - - [12/Nov/2023:19:43:31 -0500] "GET /sipse/faces/presentacion/financiero/solicitudAnulacion/consultarSolicitudAnulacion.xhtml HTTP/1.1" 200 12285
181.189.25.190 - - [12/Nov/2023:19:43:31 -0500] "POST /sipse/faces/presentacion/financiero/solicitudProceso/consultarSolicitudProceso.xhtml HTTP/1.1" 200 193
181.189.25.190 - - [12/Nov/2023:19:43:31 -0500] "GET /sipse/faces/javax.faces.resource/theme.css?ln=primefaces-sipse HTTP/1.1" 304 -
181.189.25.190 - - [12/Nov/2023:19:43:31 -0500] "GET /sipse/faces/javax.faces.resource/primefaces.css?ln=primefaces&v=4.0 HTTP/1.1" 304 -
181.189.25.190 - - [12/Nov/2023:19:43:31 -0500] "GET /sipse/faces/javax.faces.resource/jquery/jquery.js?ln=primefaces&v=4.0 HTTP/1.1" 304 -
181.189.25.190 - - [12/Nov/2023:19:43:31 -0500] "GET /sipse/faces/javax.faces.resource/layout/layout.css?ln=primefaces&v=4.0 HTTP/1.1" 304 -
181.189.25.190 - - [12/Nov/2023:19:43:31 -0500] "GET /sipse/faces/javax.faces.resource/jquery/jquery-plugins.js?ln=primefaces&v=4.0 HTTP/1.1" 304 -
181.189.25.190 - - [12/Nov/2023:19:43:31 -0500] "GET /sipse/faces/javax.faces.resource/primefaces.js?ln=primefaces&v=4.0 HTTP/1.1" 304 -
181.189.25.190 - - [12/Nov/2023:19:43:31 -0500] "GET /sipse/faces/javax.faces.resource/layout/layout.js?ln=primefaces&v=4.0 HTTP/1.1" 304 -
181.189.25.190 - - [12/Nov/2023:19:44:13 -0500] "GET /sipse/faces/index.xhtml HTTP/1.1" 200 677
181.189.25.190 - - [12/Nov/2023:19:44:13 -0500] "GET /sipse/faces/javax.faces.resource/theme.css?ln=primefaces-sipse HTTP/1.1" 304 -
181.189.25.190 - - [12/Nov/2023:19:44:14 -0500] "GET /sipse/faces/faces/autenticacion.xhtml HTTP/1.1" 200 12415
181.189.25.190 - - [12/Nov/2023:19:44:14 -0500] "GET /sipse/faces/javax.faces.resource/theme.css?ln=primefaces-sipse HTTP/1.1" 304 -
181.189.25.190 - - [12/Nov/2023:19:44:14 -0500] "GET /sipse/faces/javax.faces.resource/primefaces.css?ln=primefaces&v=4.0 HTTP/1.1" 304 -
181.189.25.190 - - [12/Nov/2023:19:44:14 -0500] "GET /sipse/faces/javax.faces.resource/jquery/jquery.js?ln=primefaces&v=4.0 HTTP/1.1" 304 -
181.189.25.190 - - [12/Nov/2023:19:44:14 -0500] "GET /sipse/faces/javax.faces.resource/layout/layout.js?ln=primefaces&v=4.0 HTTP/1.1" 304 -
181.189.25.190 - - [12/Nov/2023:19:44:14 -0500] "GET /sipse/faces/javax.faces.resource/primefaces.js?ln=primefaces&v=4.0 HTTP/1.1" 304 -
181.189.25.190 - - [12/Nov/2023:19:44:14 -0500] "GET /sipse/faces/javax.faces.resource/jquery/jquery-plugins.js?ln=primefaces&v=4.0 HTTP/1.1" 304 -
181.189.25.190 - - [12/Nov/2023:19:44:14 -0500] "GET /sipse/faces/javax.faces.resource/layout/layout.css?ln=primefaces&v=4.0 HTTP/1.1" 304 -
181.189.25.190 - - [12/Nov/2023:19:44:14 -0500] "GET /sipse/faces/javax.faces.resource/images/ui-icons_898989_256x240.png?ln=primefaces-aristo HTTP/1.1" 304 -
181.189.25.190 - - [12/Nov/2023:19:44:16 -0500] "POST /sipse/faces/autenticacion.xhtml HTTP/1.1" 200 2223
181.189.25.190 - - [12/Nov/2023:19:44:16 -0500] "GET /sipse/faces/javax.faces.resource/messages/messages.png?ln=primefaces&v=4.0 HTTP/1.1" 304 -
181.189.25.190 - - [12/Nov/2023:19:44:16 -0500] "POST /sipse/faces/autenticacion.xhtml HTTP/1.1" 200 16498
181.189.25.190 - - [12/Nov/2023:19:44:16 -0500] "GET /sipse/faces/javax.faces.resource/theme.css?ln=primefaces-sipse HTTP/1.1" 304 -
181.189.25.190 - - [12/Nov/2023:19:44:16 -0500] "GET /sipse/faces/javax.faces.resource/primefaces.css?ln=primefaces&v=4.0 HTTP/1.1" 304 -
181.189.25.190 - - [12/Nov/2023:19:44:16 -0500] "GET /sipse/faces/javax.faces.resource/layout/layout.css?ln=primefaces&v=4.0 HTTP/1.1" 304 -
181.189.25.190 - - [12/Nov/2023:19:44:16 -0500] "GET /sipse/faces/javax.faces.resource/jquery/jquery.js?ln=primefaces&v=4.0 HTTP/1.1" 304 -
181.189.25.190 - - [12/Nov/2023:19:44:16 -0500] "GET /sipse/faces/javax.faces.resource/jquery/jquery-plugins.js?ln=primefaces&v=4.0 HTTP/1.1" 304 -
181.189.25.190 - - [12/Nov/2023:19:44:16 -0500] "GET /sipse/faces/javax.faces.resource/primefaces.js?ln=primefaces&v=4.0 HTTP/1.1" 304 -
181.189.25.190 - - [12/Nov/2023:19:44:17 -0500] "GET /sipse/faces/javax.faces.resource/layout/layout.js?ln=primefaces&v=4.0 HTTP/1.1" 304 -
181.189.25.190 - - [12/Nov/2023:19:44:17 -0500] "GET /sipse/css/imagen/contrasena.png HTTP/1.1" 404 383
181.189.25.190 - - [12/Nov/2023:19:44:18 -0500] "GET /sipse/faces/javax.faces.resource/images/ui-bg_flat_0_2d5972_40x100.png?ln=primefaces-aristo HTTP/1.1" 304 -
181.189.25.190 - - [12/Nov/2023:19:44:18 -0500] "POST /sipse/faces/bienvenido.xhtml HTTP/1.1" 200 2073
181.189.25.190 - - [12/Nov/2023:19:44:19 -0500] "POST /sipse/faces/bienvenido.xhtml HTTP/1.1" 200 39091
181.189.25.190 - - [12/Nov/2023:19:44:19 -0500] "GET /sipse/faces/javax.faces.resource/theme.css?ln=primefaces-sipse HTTP/1.1" 304 -
181.189.25.190 - - [12/Nov/2023:19:44:19 -0500] "GET /sipse/faces/javax.faces.resource/primefaces.css?ln=primefaces&v=4.0 HTTP/1.1" 304 -
181.189.25.190 - - [12/Nov/2023:19:44:19 -0500] "GET /sipse/faces/javax.faces.resource/layout/layout.css?ln=primefaces&v=4.0 HTTP/1.1" 304 -
181.189.25.190 - - [12/Nov/2023:19:44:19 -0500] "GET /sipse/faces/javax.faces.resource/jquery/jquery.js?ln=primefaces&v=4.0 HTTP/1.1" 304 -
181.189.25.190 - - [12/Nov/2023:19:44:19 -0500] "GET /sipse/faces/javax.faces.resource/jquery/jquery-plugins.js?ln=primefaces&v=4.0 HTTP/1.1" 304 -
181.189.25.190 - - [12/Nov/2023:19:44:19 -0500] "GET /sipse/faces/javax.faces.resource/primefaces.js?ln=primefaces&v=4.0 HTTP/1.1" 304 -
181.189.25.190 - - [12/Nov/2023:19:44:19 -0500] "GET /sipse/faces/javax.faces.resource/layout/layout.js?ln=primefaces&v=4.0 HTTP/1.1" 304 -
181.189.25.190 - - [12/Nov/2023:19:44:21 -0500] "POST /sipse/faces/presentacion/financiero/solicitudProceso/consultar.xhtml HTTP/1.1" 200 12856
186.84.88.2 - - [12/Nov/2023:19:44:24 -0500] "GET /BLA/resoluciones/AUTOS%202023/5048.pdf HTTP/1.1" 200 2361788
181.189.25.190 - - [12/Nov/2023:19:44:26 -0500] "POST /sipse/faces/presentacion/financiero/solicitudProceso/consultar.xhtml HTTP/1.1" 200 165299
181.189.25.190 - - [12/Nov/2023:19:44:27 -0500] "GET /sipse/faces/javax.faces.resource/theme.css?ln=primefaces-sipse HTTP/1.1" 304 -
181.189.25.190 - - [12/Nov/2023:19:44:27 -0500] "GET /sipse/faces/javax.faces.resource/layout/layout.css?ln=primefaces&v=4.0 HTTP/1.1" 304 -
181.189.25.190 - - [12/Nov/2023:19:44:27 -0500] "GET /sipse/faces/javax.faces.resource/primefaces.css?ln=primefaces&v=4.0 HTTP/1.1" 304 -
181.189.25.190 - - [12/Nov/2023:19:44:27 -0500] "GET /sipse/faces/javax.faces.resource/jquery/jquery.js?ln=primefaces&v=4.0 HTTP/1.1" 304 -
181.189.25.190 - - [12/Nov/2023:19:44:27 -0500] "GET /sipse/faces/javax.faces.resource/jquery/jquery-plugins.js?ln=primefaces&v=4.0 HTTP/1.1" 304 -
181.189.25.190 - - [12/Nov/2023:19:44:27 -0500] "GET /sipse/faces/javax.faces.resource/primefaces.js?ln=primefaces&v=4.0 HTTP/1.1" 304 -
181.189.25.190 - - [12/Nov/2023:19:44:27 -0500] "GET /sipse/faces/javax.faces.resource/layout/layout.js?ln=primefaces&v=4.0 HTTP/1.1" 304 -
181.189.25.190 - - [12/Nov/2023:19:44:38 -0500] "POST /sipse/faces/presentacion/financiero/solicitudProceso/consultarSolicitudProceso.xhtml HTTP/1.1" 200 166850
181.189.25.190 - - [12/Nov/2023:19:44:41 -0500] "POST /sipse/faces/presentacion/financiero/solicitudProceso/consultarSolicitudProceso.xhtml HTTP/1.1" 200 106566
186.84.88.2 - - [12/Nov/2023:19:44:53 -0500] "GET /BLA/resoluciones/AUTOS%202023/5046.pdf HTTP/1.1" 200 1301579
186.84.88.2 - - [12/Nov/2023:19:45:12 -0500] "GET /BLA/resoluciones/AUTOS%202023/5024.pdf HTTP/1.1" 200 705379
186.84.88.2 - - [12/Nov/2023:19:45:26 -0500] "GET /BLA/resoluciones/AUTOS%202023/4900.pdf HTTP/1.1" 200 436185
201.245.192.253 - - [12/Nov/2023:19:45:27 -0500] "POST /kwsrmcab/Wsrmcab  HTTP/1.1" 200 40720
186.84.88.2 - - [12/Nov/2023:19:45:57 -0500] "GET /BLA/resoluciones/AUTOS%202023/4874.pdf HTTP/1.1" 200 706979
186.84.88.2 - - [12/Nov/2023:19:46:07 -0500] "GET /BLA/resoluciones/AUTOS%202023/4852.pdf HTTP/1.1" 200 899339
172.22.2.4 - - [12/Nov/2023:19:46:14 -0500] "GET /BLA/boletinlegal/jurisprudencia/analisis/AnalisisT-606-15.docx HTTP/1.1" 200 26698
172.22.2.4 - - [12/Nov/2023:19:46:14 -0500] "GET /BLA/boletinlegal/apple-touch-icon-120x120-precomposed.png HTTP/1.1" 404 1140
172.22.2.4 - - [12/Nov/2023:19:46:14 -0500] "GET /BLA/boletinlegal/apple-touch-icon-120x120.png HTTP/1.1" 404 1140
172.22.2.4 - - [12/Nov/2023:19:46:14 -0500] "GET /BLA/boletinlegal/apple-touch-icon-precomposed.png HTTP/1.1" 404 1140
172.22.2.4 - - [12/Nov/2023:19:46:14 -0500] "GET /BLA/boletinlegal/apple-touch-icon.png HTTP/1.1" 404 1140
172.22.2.4 - - [12/Nov/2023:19:46:14 -0500] "GET /BLA/boletinlegal/favicon.ico HTTP/1.1" 404 1140
172.22.2.4 - - [12/Nov/2023:19:46:14 -0500] "GET /BLA/boletinlegal/apple-touch-icon-120x120-precomposed.png HTTP/1.1" 404 1140
172.22.2.4 - - [12/Nov/2023:19:46:14 -0500] "GET /BLA/boletinlegal/apple-touch-icon-120x120.png HTTP/1.1" 404 1140
