190.70.192.175 - - [14/Nov/2023:09:24:13 -0500] "POST /sipse/faces/presentacion/financiero/solicitudProyectoActividad/asociarFuentesSolicitud.xhtml HTTP/1.1" 200 81547
190.70.192.175 - - [14/Nov/2023:09:24:13 -0500] "GET /sipse/faces/javax.faces.resource/theme.css?ln=primefaces-sipse HTTP/1.1" 304 -
190.70.192.175 - - [14/Nov/2023:09:24:13 -0500] "GET /sipse/faces/javax.faces.resource/primefaces.css?ln=primefaces&v=4.0 HTTP/1.1" 304 -
190.70.192.175 - - [14/Nov/2023:09:24:13 -0500] "GET /sipse/faces/javax.faces.resource/layout/layout.css?ln=primefaces&v=4.0 HTTP/1.1" 304 -
190.70.192.175 - - [14/Nov/2023:09:24:13 -0500] "GET /sipse/faces/javax.faces.resource/jquery/jquery.js?ln=primefaces&v=4.0 HTTP/1.1" 304 -
190.70.192.175 - - [14/Nov/2023:09:24:13 -0500] "GET /sipse/faces/javax.faces.resource/primefaces.js?ln=primefaces&v=4.0 HTTP/1.1" 304 -
190.70.192.175 - - [14/Nov/2023:09:24:13 -0500] "GET /sipse/faces/javax.faces.resource/layout/layout.js?ln=primefaces&v=4.0 HTTP/1.1" 304 -
190.70.192.175 - - [14/Nov/2023:09:24:13 -0500] "GET /sipse/faces/javax.faces.resource/jquery/jquery-plugins.js?ln=primefaces&v=4.0 HTTP/1.1" 304 -
190.70.192.175 - - [14/Nov/2023:09:24:14 -0500] "GET /sipse/css/imagen/contrasena.png HTTP/1.1" 404 383
190.70.192.175 - - [14/Nov/2023:09:24:14 -0500] "GET /sipse/faces/javax.faces.resource/images/ui-icons_898989_256x240.png?ln=primefaces-aristo HTTP/1.1" 304 -
172.22.2.4 - - [14/Nov/2023:09:24:18 -0500] "GET /BLA/boletinlegal/images/cabezote%20BLEGAL.jpg HTTP/1.1" 200 118164
172.22.2.4 - - [14/Nov/2023:09:24:18 -0500] "GET /BLA/boletinlegal/images/screen_1.png HTTP/1.1" 200 202547
172.22.2.4 - - [14/Nov/2023:09:24:19 -0500] "GET /BLA/boletinlegal/actos.php HTTP/1.1" 200 9682
172.22.2.4 - - [14/Nov/2023:09:24:20 -0500] "GET /BLA/boletinlegal/img/button-left.png HTTP/1.1" 200 57071
172.22.2.4 - - [14/Nov/2023:09:24:20 -0500] "GET /BLA/boletinlegal/img/button-right.png HTTP/1.1" 200 57878
172.22.2.4 - - [14/Nov/2023:09:24:20 -0500] "GET /BLA/boletinlegal/favicon.ico HTTP/1.1" 404 1326
172.22.2.4 - - [14/Nov/2023:09:24:22 -0500] "HEAD /BLA/boletinlegal/Circulares/2011/Circular%20No.%202%20del%2026%20de%20Mayo%20de%202011.pdf HTTP/1.1" 200 -
172.22.2.4 - - [14/Nov/2023:09:24:22 -0500] "GET /BLA/boletinlegal/Circulares/2011/Circular%20No.%202%20del%2026%20de%20Mayo%20de%202011.pdf HTTP/1.1" 200 644194
190.70.192.175 - - [14/Nov/2023:09:24:28 -0500] "GET /sipse/faces/javax.faces.resource/theme.css?ln=primefaces-sipse HTTP/1.1" 304 -
190.70.192.175 - - [14/Nov/2023:09:24:28 -0500] "GET /sipse/faces/javax.faces.resource/jquery/jquery.js?ln=primefaces&v=4.0 HTTP/1.1" 304 -
190.70.192.175 - - [14/Nov/2023:09:24:28 -0500] "GET /sipse/faces/javax.faces.resource/primefaces.css?ln=primefaces&v=4.0 HTTP/1.1" 304 -
190.70.192.175 - - [14/Nov/2023:09:24:28 -0500] "GET /sipse/faces/javax.faces.resource/layout/layout.css?ln=primefaces&v=4.0 HTTP/1.1" 304 -
190.70.192.175 - - [14/Nov/2023:09:24:28 -0500] "GET /sipse/faces/javax.faces.resource/primefaces.js?ln=primefaces&v=4.0 HTTP/1.1" 304 -
190.70.192.175 - - [14/Nov/2023:09:24:28 -0500] "GET /sipse/faces/javax.faces.resource/jquery/jquery-plugins.js?ln=primefaces&v=4.0 HTTP/1.1" 304 -
190.70.192.175 - - [14/Nov/2023:09:24:28 -0500] "GET /sipse/faces/javax.faces.resource/layout/layout.js?ln=primefaces&v=4.0 HTTP/1.1" 304 -
190.70.192.175 - - [14/Nov/2023:09:24:26 -0500] "POST /sipse/faces/presentacion/financiero/solicitudProceso/crearModificarSolicitudProceso.xhtml HTTP/1.1" 200 45623
201.245.192.253 - - [14/Nov/2023:09:24:41 -0500] "POST /kwsrmcab/Wsrmcab  HTTP/1.1" 200 40720
172.22.2.4 - - [14/Nov/2023:09:24:18 -0500] "GET /BLA/boletinlegal/ HTTP/1.1" 200 24523
190.70.192.175 - - [14/Nov/2023:09:24:58 -0500] "GET /sipse/faces/javax.faces.resource/images/ui-bg_flat_0_2d5972_40x100.png?ln=primefaces-aristo HTTP/1.1" 304 -
190.70.192.175 - - [14/Nov/2023:09:24:58 -0500] "POST /sipse/faces/presentacion/financiero/solicitudBienServicio/asociarBienServicioSolicitud.xhtml HTTP/1.1" 200 25946
190.70.192.175 - - [14/Nov/2023:09:25:01 -0500] "POST /sipse/faces/presentacion/financiero/solicitudBienServicio/asociarBienServicioSolicitud.xhtml HTTP/1.1" 200 25946
190.70.192.175 - - [14/Nov/2023:09:25:06 -0500] "POST /sipse/faces/presentacion/financiero/solicitudBienServicio/asociarBienServicioSolicitud.xhtml HTTP/1.1" 200 1591
190.70.192.175 - - [14/Nov/2023:09:25:22 -0500] "POST /sipse/faces/presentacion/financiero/solicitudBienServicio/asociarBienServicioSolicitud.xhtml HTTP/1.1" 200 1655
216.245.221.92 - - [14/Nov/2023:09:25:26 -0500] "HEAD / HTTP/1.1" 200 -
190.70.192.175 - - [14/Nov/2023:09:25:27 -0500] "POST /sipse/faces/presentacion/financiero/solicitudBienServicio/asociarBienServicioSolicitud.xhtml HTTP/1.1" 200 1643
172.22.2.4 - - [14/Nov/2023:09:25:39 -0500] "GET /BLA/boletinlegal/consulta_actos.php?tipo=resoluciones&no=&usuario=&sector=&fecha=2023&resuelve= HTTP/1.1" 200 346231
191.95.49.211 - - [14/Nov/2023:09:25:41 -0500] "GET /sipse/faces/index.xhtml HTTP/1.1" 200 677
191.95.49.211 - - [14/Nov/2023:09:25:41 -0500] "GET /sipse/faces/javax.faces.resource/theme.css?ln=primefaces-sipse HTTP/1.1" 200 50058
191.95.49.211 - - [14/Nov/2023:09:25:41 -0500] "GET /favicon.ico HTTP/1.1" 200 7782
172.22.1.61 - - [14/Nov/2023:09:25:42 -0500] "GET /reportes_sipse/sdg/ServletViabilidad?reporte=memo_viabilidad&solicitud=22609 HTTP/1.1" 200 1538
201.245.192.253 - - [14/Nov/2023:09:25:42 -0500] "POST /sipse/faces/presentacion/financiero/solicitudProceso/consultarSolicitudProceso.xhtml HTTP/1.1" 200 46435
201.245.192.253 - - [14/Nov/2023:09:25:44 -0500] "GET /sipse/faces/javax.faces.resource/theme.css?ln=primefaces-sipse HTTP/1.1" 304 -
201.245.192.253 - - [14/Nov/2023:09:25:44 -0500] "GET /sipse/faces/javax.faces.resource/primefaces.css?ln=primefaces&v=4.0 HTTP/1.1" 304 -
201.245.192.253 - - [14/Nov/2023:09:25:44 -0500] "GET /sipse/faces/javax.faces.resource/layout/layout.css?ln=primefaces&v=4.0 HTTP/1.1" 304 -
201.245.192.253 - - [14/Nov/2023:09:25:44 -0500] "GET /sipse/faces/javax.faces.resource/primefaces.js?ln=primefaces&v=4.0 HTTP/1.1" 304 -
201.245.192.253 - - [14/Nov/2023:09:25:44 -0500] "GET /sipse/faces/javax.faces.resource/layout/layout.js?ln=primefaces&v=4.0 HTTP/1.1" 304 -
201.245.192.253 - - [14/Nov/2023:09:25:44 -0500] "GET /sipse/faces/javax.faces.resource/jquery/jquery.js?ln=primefaces&v=4.0 HTTP/1.1" 304 -
201.245.192.253 - - [14/Nov/2023:09:25:44 -0500] "GET /sipse/faces/javax.faces.resource/jquery/jquery-plugins.js?ln=primefaces&v=4.0 HTTP/1.1" 304 -
201.245.192.253 - - [14/Nov/2023:09:25:45 -0500] "POST /sipse/faces/presentacion/financiero/solicitudProceso/listarSolicitudProceso.xhtml HTTP/1.1" 200 1440
201.245.192.253 - - [14/Nov/2023:09:25:45 -0500] "POST /sipse/faces/presentacion/financiero/solicitudProceso/listarSolicitudProceso.xhtml HTTP/1.1" 200 1444
190.70.192.175 - - [14/Nov/2023:09:25:45 -0500] "POST /sipse/faces/presentacion/financiero/solicitudBienServicio/asociarBienServicioSolicitud.xhtml HTTP/1.1" 200 1615
190.70.192.175 - - [14/Nov/2023:09:25:46 -0500] "POST /sipse/faces/presentacion/financiero/solicitudBienServicio/asociarBienServicioSolicitud.xhtml HTTP/1.1" 200 1615
167.0.137.185 - - [14/Nov/2023:09:25:48 -0500] "GET /sipse/faces/faces/index.xhtml HTTP/1.1" 200 677
190.70.192.175 - - [14/Nov/2023:09:25:47 -0500] "POST /sipse/faces/presentacion/financiero/solicitudBienServicio/asociarBienServicioSolicitud.xhtml HTTP/1.1" 200 1615
167.0.137.185 - - [14/Nov/2023:09:25:49 -0500] "GET /sipse/faces/javax.faces.resource/theme.css?ln=primefaces-sipse HTTP/1.1" 304 -
172.22.2.4 - - [14/Nov/2023:09:25:48 -0500] "GET /BLA/boletinlegal/consulta_actos.php?tipo=resoluciones&no=&usuario=&sector=&fecha=2022&resuelve= HTTP/1.1" 200 4986185
167.0.137.185 - - [14/Nov/2023:09:25:49 -0500] "GET /sipse/faces/faces/faces/autenticacion.xhtml HTTP/1.1" 200 12406
167.0.137.185 - - [14/Nov/2023:09:25:49 -0500] "GET /sipse/js/disable_browser_buttons.js HTTP/1.1" 304 -
167.0.137.185 - - [14/Nov/2023:09:25:49 -0500] "GET /sipse/js/funciones.js HTTP/1.1" 304 -
167.0.137.185 - - [14/Nov/2023:09:25:49 -0500] "GET /sipse/css/custom_css_sg.css HTTP/1.1" 304 -
167.0.137.185 - - [14/Nov/2023:09:25:49 -0500] "GET /sipse/css/custom_css_sg_prime_login.css HTTP/1.1" 304 -
167.0.137.185 - - [14/Nov/2023:09:25:49 -0500] "GET /sipse/faces/javax.faces.resource/theme.css?ln=primefaces-sipse HTTP/1.1" 304 -
167.0.137.185 - - [14/Nov/2023:09:25:49 -0500] "GET /sipse/faces/javax.faces.resource/primefaces.css?ln=primefaces&v=4.0 HTTP/1.1" 304 -
167.0.137.185 - - [14/Nov/2023:09:25:49 -0500] "GET /sipse/faces/javax.faces.resource/layout/layout.css?ln=primefaces&v=4.0 HTTP/1.1" 304 -
167.0.137.185 - - [14/Nov/2023:09:25:49 -0500] "GET /sipse/faces/javax.faces.resource/jquery/jquery.js?ln=primefaces&v=4.0 HTTP/1.1" 304 -
167.0.137.185 - - [14/Nov/2023:09:25:49 -0500] "GET /sipse/faces/javax.faces.resource/jquery/jquery-plugins.js?ln=primefaces&v=4.0 HTTP/1.1" 304 -
167.0.137.185 - - [14/Nov/2023:09:25:49 -0500] "GET /sipse/faces/javax.faces.resource/primefaces.js?ln=primefaces&v=4.0 HTTP/1.1" 304 -
167.0.137.185 - - [14/Nov/2023:09:25:49 -0500] "GET /sipse/faces/javax.faces.resource/layout/layout.js?ln=primefaces&v=4.0 HTTP/1.1" 304 -
167.0.137.185 - - [14/Nov/2023:09:25:50 -0500] "GET /sipse/css/imagen/logoSDG.png HTTP/1.1" 304 -
167.0.137.185 - - [14/Nov/2023:09:25:50 -0500] "GET /sipse/css/imagen/loginimg.png HTTP/1.1" 304 -
167.0.137.185 - - [14/Nov/2023:09:25:50 -0500] "GET /sipse/faces/javax.faces.resource/images/ui-icons_898989_256x240.png?ln=primefaces-aristo HTTP/1.1" 304 -
190.70.192.175 - - [14/Nov/2023:09:25:49 -0500] "POST /sipse/faces/presentacion/financiero/solicitudBienServicio/asociarBienServicioSolicitud.xhtml HTTP/1.1" 200 1615
190.70.192.175 - - [14/Nov/2023:09:25:50 -0500] "POST /sipse/faces/presentacion/financiero/solicitudBienServicio/asociarBienServicioSolicitud.xhtml HTTP/1.1" 200 1611
167.0.137.185 - - [14/Nov/2023:09:25:54 -0500] "POST /sipse/faces/autenticacion.xhtml HTTP/1.1" 200 16282
167.0.137.185 - - [14/Nov/2023:09:25:54 -0500] "GET /sipse/css/custom_css_sg_prime.css HTTP/1.1" 304 -
167.0.137.185 - - [14/Nov/2023:09:25:54 -0500] "GET /sipse/faces/javax.faces.resource/theme.css?ln=primefaces-sipse HTTP/1.1" 304 -
167.0.137.185 - - [14/Nov/2023:09:25:54 -0500] "GET /sipse/faces/javax.faces.resource/primefaces.css?ln=primefaces&v=4.0 HTTP/1.1" 304 -
167.0.137.185 - - [14/Nov/2023:09:25:54 -0500] "GET /sipse/faces/javax.faces.resource/layout/layout.css?ln=primefaces&v=4.0 HTTP/1.1" 304 -
167.0.137.185 - - [14/Nov/2023:09:25:54 -0500] "GET /sipse/js/jquery.min.js HTTP/1.1" 304 -
167.0.137.185 - - [14/Nov/2023:09:25:54 -0500] "GET /sipse/faces/javax.faces.resource/jquery/jquery.js?ln=primefaces&v=4.0 HTTP/1.1" 304 -
167.0.137.185 - - [14/Nov/2023:09:25:54 -0500] "GET /sipse/faces/javax.faces.resource/jquery/jquery-plugins.js?ln=primefaces&v=4.0 HTTP/1.1" 304 -
167.0.137.185 - - [14/Nov/2023:09:25:54 -0500] "GET /sipse/faces/javax.faces.resource/primefaces.js?ln=primefaces&v=4.0 HTTP/1.1" 304 -
167.0.137.185 - - [14/Nov/2023:09:25:54 -0500] "GET /sipse/faces/javax.faces.resource/layout/layout.js?ln=primefaces&v=4.0 HTTP/1.1" 304 -
167.0.137.185 - - [14/Nov/2023:09:25:55 -0500] "GET /sipse/css/v_mergente.css HTTP/1.1" 304 -
167.0.137.185 - - [14/Nov/2023:09:25:55 -0500] "GET /sipse/imagenes/cargando.gif HTTP/1.1" 304 -
167.0.137.185 - - [14/Nov/2023:09:25:55 -0500] "GET /sipse/imagenes/logoAplicacion.jpg HTTP/1.1" 304 -
167.0.137.185 - - [14/Nov/2023:09:25:55 -0500] "GET /sipse/css/imagen/contrasena.png HTTP/1.1" 404 383
167.0.137.185 - - [14/Nov/2023:09:25:55 -0500] "GET /sipse/faces/javax.faces.resource/messages/messages.png?ln=primefaces&v=4.0 HTTP/1.1" 304 -
190.70.192.175 - - [14/Nov/2023:09:25:54 -0500] "POST /sipse/faces/presentacion/financiero/solicitudBienServicio/asociarBienServicioSolicitud.xhtml HTTP/1.1" 200 1611
190.70.192.175 - - [14/Nov/2023:09:25:55 -0500] "POST /sipse/faces/presentacion/financiero/solicitudBienServicio/asociarBienServicioSolicitud.xhtml HTTP/1.1" 200 1607
191.95.49.211 - - [14/Nov/2023:09:25:57 -0500] "GET /sipse/faces/index.xhtml HTTP/1.1" 200 677
191.95.49.211 - - [14/Nov/2023:09:25:57 -0500] "GET /sipse/faces/javax.faces.resource/theme.css?ln=primefaces-sipse HTTP/1.1" 304 -
167.0.137.185 - - [14/Nov/2023:09:25:57 -0500] "GET /sipse/faces/javax.faces.resource/images/ui-bg_flat_0_2d5972_40x100.png?ln=primefaces-aristo HTTP/1.1" 304 -
167.0.137.185 - - [14/Nov/2023:09:25:57 -0500] "POST /sipse/faces/bienvenido.xhtml HTTP/1.1" 200 1471
190.70.192.175 - - [14/Nov/2023:09:25:57 -0500] "POST /sipse/faces/presentacion/financiero/solicitudBienServicio/asociarBienServicioSolicitud.xhtml HTTP/1.1" 200 1611
167.0.137.185 - - [14/Nov/2023:09:25:58 -0500] "POST /sipse/faces/bienvenido.xhtml HTTP/1.1" 200 43784
167.0.137.185 - - [14/Nov/2023:09:25:59 -0500] "GET /sipse/faces/javax.faces.resource/theme.css?ln=primefaces-sipse HTTP/1.1" 304 -
167.0.137.185 - - [14/Nov/2023:09:25:59 -0500] "GET /sipse/faces/javax.faces.resource/primefaces.css?ln=primefaces&v=4.0 HTTP/1.1" 304 -
167.0.137.185 - - [14/Nov/2023:09:25:59 -0500] "GET /sipse/faces/javax.faces.resource/layout/layout.css?ln=primefaces&v=4.0 HTTP/1.1" 304 -
167.0.137.185 - - [14/Nov/2023:09:25:59 -0500] "GET /sipse/faces/javax.faces.resource/jquery/jquery.js?ln=primefaces&v=4.0 HTTP/1.1" 304 -
167.0.137.185 - - [14/Nov/2023:09:25:59 -0500] "GET /sipse/faces/javax.faces.resource/jquery/jquery-plugins.js?ln=primefaces&v=4.0 HTTP/1.1" 304 -
167.0.137.185 - - [14/Nov/2023:09:25:59 -0500] "GET /sipse/faces/javax.faces.resource/primefaces.js?ln=primefaces&v=4.0 HTTP/1.1" 304 -
167.0.137.185 - - [14/Nov/2023:09:25:59 -0500] "GET /sipse/faces/javax.faces.resource/layout/layout.js?ln=primefaces&v=4.0 HTTP/1.1" 304 -
191.95.49.211 - - [14/Nov/2023:09:25:59 -0500] "GET /sipse/faces/faces/autenticacion.xhtml HTTP/1.1" 200 12406
191.95.49.211 - - [14/Nov/2023:09:26:00 -0500] "GET /sipse/js/disable_browser_buttons.js HTTP/1.1" 200 3230
191.95.49.211 - - [14/Nov/2023:09:26:00 -0500] "GET /sipse/css/custom_css_sg.css HTTP/1.1" 200 9694
191.95.49.211 - - [14/Nov/2023:09:26:00 -0500] "GET /sipse/js/funciones.js HTTP/1.1" 200 12592
191.95.49.211 - - [14/Nov/2023:09:26:00 -0500] "GET /sipse/css/custom_css_sg_prime_login.css HTTP/1.1" 200 443
167.0.137.185 - - [14/Nov/2023:09:26:00 -0500] "POST /sipse/faces/presentacion/financiero/solicitudProceso/listarSolicitudProceso.xhtml HTTP/1.1" 200 1468
191.95.49.211 - - [14/Nov/2023:09:26:00 -0500] "GET /sipse/faces/javax.faces.resource/theme.css?ln=primefaces-sipse HTTP/1.1" 304 -
191.95.49.211 - - [14/Nov/2023:09:26:00 -0500] "GET /sipse/faces/javax.faces.resource/layout/layout.css?ln=primefaces&v=4.0 HTTP/1.1" 200 542
191.95.49.211 - - [14/Nov/2023:09:26:00 -0500] "GET /sipse/faces/javax.faces.resource/primefaces.css?ln=primefaces&v=4.0 HTTP/1.1" 200 53295
191.95.49.211 - - [14/Nov/2023:09:26:00 -0500] "GET /sipse/faces/javax.faces.resource/jquery/jquery.js?ln=primefaces&v=4.0 HTTP/1.1" 200 105384
191.95.49.211 - - [14/Nov/2023:09:26:00 -0500] "GET /sipse/faces/javax.faces.resource/jquery/jquery-plugins.js?ln=primefaces&v=4.0 HTTP/1.1" 200 220526
191.95.49.211 - - [14/Nov/2023:09:26:00 -0500] "GET /sipse/faces/javax.faces.resource/layout/layout.js?ln=primefaces&v=4.0 HTTP/1.1" 200 87560
191.95.49.211 - - [14/Nov/2023:09:26:00 -0500] "GET /sipse/faces/javax.faces.resource/primefaces.js?ln=primefaces&v=4.0 HTTP/1.1" 200 276924
191.95.49.211 - - [14/Nov/2023:09:26:01 -0500] "GET /sipse/faces/javax.faces.resource/images/ui-icons_898989_256x240.png?ln=primefaces-aristo HTTP/1.1" 200 5355
191.95.49.211 - - [14/Nov/2023:09:26:01 -0500] "GET /sipse/css/imagen/loginimg.png HTTP/1.1" 200 71635
191.95.49.211 - - [14/Nov/2023:09:26:01 -0500] "GET /sipse/css/imagen/logoSDG.png HTTP/1.1" 200 53064
181.59.3.29 - - [14/Nov/2023:09:26:02 -0500] "GET /BLA/resoluciones/RESOLUCIONES%202022/1065.pdf HTTP/1.1" 200 331812
191.95.49.211 - - [14/Nov/2023:09:26:02 -0500] "GET /sipse/faces/faces/index.xhtml HTTP/1.1" 200 677
191.95.49.211 - - [14/Nov/2023:09:26:02 -0500] "GET /sipse/faces/javax.faces.resource/theme.css?ln=primefaces-sipse HTTP/1.1" 304 -
191.95.49.211 - - [14/Nov/2023:09:26:02 -0500] "GET /sipse/faces/faces/faces/autenticacion.xhtml HTTP/1.1" 200 12406
191.95.49.211 - - [14/Nov/2023:09:26:02 -0500] "GET /sipse/faces/javax.faces.resource/theme.css?ln=primefaces-sipse HTTP/1.1" 304 -
191.95.49.211 - - [14/Nov/2023:09:26:02 -0500] "GET /sipse/faces/javax.faces.resource/primefaces.css?ln=primefaces&v=4.0 HTTP/1.1" 304 -
191.95.49.211 - - [14/Nov/2023:09:26:02 -0500] "GET /sipse/faces/javax.faces.resource/layout/layout.css?ln=primefaces&v=4.0 HTTP/1.1" 304 -
191.95.49.211 - - [14/Nov/2023:09:26:02 -0500] "GET /sipse/faces/javax.faces.resource/jquery/jquery.js?ln=primefaces&v=4.0 HTTP/1.1" 304 -
191.95.49.211 - - [14/Nov/2023:09:26:02 -0500] "GET /sipse/faces/javax.faces.resource/jquery/jquery-plugins.js?ln=primefaces&v=4.0 HTTP/1.1" 304 -
191.95.49.211 - - [14/Nov/2023:09:26:02 -0500] "GET /sipse/faces/javax.faces.resource/primefaces.js?ln=primefaces&v=4.0 HTTP/1.1" 304 -
191.95.49.211 - - [14/Nov/2023:09:26:02 -0500] "GET /sipse/faces/javax.faces.resource/layout/layout.js?ln=primefaces&v=4.0 HTTP/1.1" 304 -
167.0.137.185 - - [14/Nov/2023:09:26:04 -0500] "POST /sipse/faces/presentacion/financiero/solicitudProceso/listarSolicitudProceso.xhtml HTTP/1.1" 200 2157
167.0.137.185 - - [14/Nov/2023:09:26:05 -0500] "POST /sipse/faces/presentacion/financiero/solicitudProceso/listarSolicitudProceso.xhtml HTTP/1.1" 200 38441
167.0.137.185 - - [14/Nov/2023:09:26:05 -0500] "GET /sipse/faces/javax.faces.resource/theme.css?ln=primefaces-sipse HTTP/1.1" 304 -
167.0.137.185 - - [14/Nov/2023:09:26:05 -0500] "GET /sipse/faces/javax.faces.resource/primefaces.css?ln=primefaces&v=4.0 HTTP/1.1" 304 -
167.0.137.185 - - [14/Nov/2023:09:26:05 -0500] "GET /sipse/faces/javax.faces.resource/layout/layout.css?ln=primefaces&v=4.0 HTTP/1.1" 304 -
167.0.137.185 - - [14/Nov/2023:09:26:05 -0500] "GET /sipse/faces/javax.faces.resource/jquery/jquery.js?ln=primefaces&v=4.0 HTTP/1.1" 304 -
167.0.137.185 - - [14/Nov/2023:09:26:05 -0500] "GET /sipse/faces/javax.faces.resource/jquery/jquery-plugins.js?ln=primefaces&v=4.0 HTTP/1.1" 304 -
167.0.137.185 - - [14/Nov/2023:09:26:05 -0500] "GET /sipse/faces/javax.faces.resource/primefaces.js?ln=primefaces&v=4.0 HTTP/1.1" 304 -
167.0.137.185 - - [14/Nov/2023:09:26:05 -0500] "GET /sipse/faces/javax.faces.resource/layout/layout.js?ln=primefaces&v=4.0 HTTP/1.1" 304 -
167.0.137.185 - - [14/Nov/2023:09:26:05 -0500] "POST /sipse/faces/presentacion/financiero/solicitudProceso/consultar.xhtml HTTP/1.1" 200 31741
190.70.192.175 - - [14/Nov/2023:09:26:03 -0500] "POST /sipse/faces/presentacion/financiero/solicitudBienServicio/asociarBienServicioSolicitud.xhtml HTTP/1.1" 200 25946
167.0.137.185 - - [14/Nov/2023:09:26:08 -0500] "POST /sipse/faces/presentacion/financiero/solicitudProceso/consultar.xhtml HTTP/1.1" 200 12828
201.245.192.253 - - [14/Nov/2023:09:26:09 -0500] "POST /forms/lservlet;jsessionid=ac16012b30d6ab7451c33a3c46eea060a6a4a3d1c92d.e3iSbxaKaheRe3eRa38MahaQbi1ynknvrkLOlQzNp65In0 HTTP/1.1" 200 2
167.0.137.185 - - [14/Nov/2023:09:26:10 -0500] "POST /sipse/faces/presentacion/financiero/solicitudProceso/consultar.xhtml HTTP/1.1" 200 150982
167.0.137.185 - - [14/Nov/2023:09:26:11 -0500] "GET /sipse/faces/javax.faces.resource/theme.css?ln=primefaces-sipse HTTP/1.1" 304 -
167.0.137.185 - - [14/Nov/2023:09:26:11 -0500] "GET /sipse/faces/javax.faces.resource/layout/layout.css?ln=primefaces&v=4.0 HTTP/1.1" 304 -
167.0.137.185 - - [14/Nov/2023:09:26:11 -0500] "GET /sipse/faces/javax.faces.resource/primefaces.css?ln=primefaces&v=4.0 HTTP/1.1" 304 -
167.0.137.185 - - [14/Nov/2023:09:26:11 -0500] "GET /sipse/faces/javax.faces.resource/jquery/jquery.js?ln=primefaces&v=4.0 HTTP/1.1" 304 -
167.0.137.185 - - [14/Nov/2023:09:26:11 -0500] "GET /sipse/faces/javax.faces.resource/jquery/jquery-plugins.js?ln=primefaces&v=4.0 HTTP/1.1" 304 -
167.0.137.185 - - [14/Nov/2023:09:26:11 -0500] "GET /sipse/faces/javax.faces.resource/primefaces.js?ln=primefaces&v=4.0 HTTP/1.1" 304 -
167.0.137.185 - - [14/Nov/2023:09:26:11 -0500] "GET /sipse/faces/javax.faces.resource/layout/layout.js?ln=primefaces&v=4.0 HTTP/1.1" 304 -
181.59.3.29 - - [14/Nov/2023:09:26:16 -0500] "GET /BLA/resoluciones/RESOLUCIONES%201999/0185.pdf HTTP/1.1" 200 226165
190.70.192.175 - - [14/Nov/2023:09:26:17 -0500] "POST /sipse/faces/presentacion/financiero/solicitudBienServicio/asociarBienServicioSolicitud.xhtml HTTP/1.1" 200 26046
181.59.3.29 - - [14/Nov/2023:09:26:19 -0500] "GET /BLA/resoluciones/RESOLUCIONES%201999/0185.pdf HTTP/1.1" 206 1
181.59.3.29 - - [14/Nov/2023:09:26:19 -0500] "GET /BLA/resoluciones/RESOLUCIONES%201999/0185.pdf HTTP/1.1" 206 223517
181.59.3.29 - - [14/Nov/2023:09:26:20 -0500] "GET /BLA/resoluciones/RESOLUCIONES%202022/1065.pdf HTTP/1.1" 206 1
190.70.192.175 - - [14/Nov/2023:09:26:20 -0500] "POST /sipse/faces/presentacion/financiero/solicitudBienServicio/asociarBienServicioSolicitud.xhtml HTTP/1.1" 200 25487
181.59.3.29 - - [14/Nov/2023:09:26:20 -0500] "GET /BLA/resoluciones/RESOLUCIONES%202022/1065.pdf HTTP/1.1" 206 329164
190.70.192.175 - - [14/Nov/2023:09:26:22 -0500] "POST /sipse/faces/presentacion/financiero/solicitudBienServicio/asociarBienServicioSolicitud.xhtml HTTP/1.1" 200 28591
190.70.192.175 - - [14/Nov/2023:09:26:24 -0500] "POST /sipse/faces/presentacion/financiero/solicitudBienServicio/asociarBienServicioSolicitud.xhtml HTTP/1.1" 200 28623
190.70.192.175 - - [14/Nov/2023:09:26:27 -0500] "POST /sipse/faces/presentacion/financiero/solicitudBienServicio/asociarBienServicioSolicitud.xhtml HTTP/1.1" 200 28591
181.59.3.29 - - [14/Nov/2023:09:26:28 -0500] "GET /BLA/resoluciones/RESOLUCIONES%202022/1065.pdf HTTP/1.1" 206 1
181.59.3.29 - - [14/Nov/2023:09:26:28 -0500] "GET /BLA/resoluciones/RESOLUCIONES%202022/1065.pdf HTTP/1.1" 206 329164
190.70.192.175 - - [14/Nov/2023:09:26:29 -0500] "POST /sipse/faces/presentacion/financiero/solicitudBienServicio/asociarBienServicioSolicitud.xhtml HTTP/1.1" 200 25783
201.245.192.253 - - [14/Nov/2023:09:26:27 -0500] "POST /kwsrmcab/Wsrmcab HTTP/1.1" 200 40403
190.70.192.175 - - [14/Nov/2023:09:26:30 -0500] "POST /sipse/faces/presentacion/financiero/solicitudBienServicio/asociarBienServicioSolicitud.xhtml HTTP/1.1" 200 26475
167.0.137.185 - - [14/Nov/2023:09:26:31 -0500] "POST /sipse/faces/presentacion/financiero/solicitudProceso/consultarSolicitudProceso.xhtml HTTP/1.1" 200 5486
191.95.49.211 - - [14/Nov/2023:09:26:32 -0500] "POST /sipse/faces/autenticacion.xhtml HTTP/1.1" 200 2223
191.95.49.211 - - [14/Nov/2023:09:26:32 -0500] "GET /sipse/faces/javax.faces.resource/messages/messages.png?ln=primefaces&v=4.0 HTTP/1.1" 200 27209
201.245.192.253 - - [14/Nov/2023:09:26:30 -0500] "POST /kwsrmcab/Wsrmcab HTTP/1.1" 200 41521
190.70.192.175 - - [14/Nov/2023:09:26:33 -0500] "POST /sipse/faces/presentacion/financiero/solicitudBienServicio/asociarBienServicioSolicitud.xhtml HTTP/1.1" 200 25964
191.95.49.211 - - [14/Nov/2023:09:26:33 -0500] "POST /sipse/faces/autenticacion.xhtml HTTP/1.1" 200 2227
191.95.49.211 - - [14/Nov/2023:09:26:35 -0500] "POST /sipse/faces/autenticacion.xhtml HTTP/1.1" 200 2227
191.95.49.211 - - [14/Nov/2023:09:26:37 -0500] "GET /sipse/faces/javax.faces.resource/images/ui-icons_898989_256x240.png?ln=primefaces-aristo HTTP/1.1" 304 -
191.95.49.211 - - [14/Nov/2023:09:26:37 -0500] "POST /sipse/faces/autenticacion.xhtml HTTP/1.1" 200 16457
191.95.49.211 - - [14/Nov/2023:09:26:37 -0500] "GET /sipse/faces/javax.faces.resource/theme.css?ln=primefaces-sipse HTTP/1.1" 304 -
191.95.49.211 - - [14/Nov/2023:09:26:37 -0500] "GET /sipse/css/custom_css_sg_prime.css HTTP/1.1" 200 5201
191.95.49.211 - - [14/Nov/2023:09:26:37 -0500] "GET /sipse/faces/javax.faces.resource/layout/layout.css?ln=primefaces&v=4.0 HTTP/1.1" 304 -
191.95.49.211 - - [14/Nov/2023:09:26:37 -0500] "GET /sipse/faces/javax.faces.resource/primefaces.css?ln=primefaces&v=4.0 HTTP/1.1" 304 -
191.95.49.211 - - [14/Nov/2023:09:26:37 -0500] "GET /sipse/js/jquery.min.js HTTP/1.1" 200 85582
186.80.108.8 - - [14/Nov/2023:09:26:38 -0500] "GET /sipse/faces/faces/index.xhtml HTTP/1.1" 200 677
191.95.49.211 - - [14/Nov/2023:09:26:38 -0500] "GET /sipse/faces/javax.faces.resource/jquery/jquery.js?ln=primefaces&v=4.0 HTTP/1.1" 304 -
191.95.49.211 - - [14/Nov/2023:09:26:38 -0500] "GET /sipse/faces/javax.faces.resource/jquery/jquery-plugins.js?ln=primefaces&v=4.0 HTTP/1.1" 304 -
191.95.49.211 - - [14/Nov/2023:09:26:38 -0500] "GET /sipse/faces/javax.faces.resource/primefaces.js?ln=primefaces&v=4.0 HTTP/1.1" 304 -
191.95.49.211 - - [14/Nov/2023:09:26:38 -0500] "GET /sipse/faces/javax.faces.resource/layout/layout.js?ln=primefaces&v=4.0 HTTP/1.1" 304 -
186.80.108.8 - - [14/Nov/2023:09:26:38 -0500] "GET /sipse/faces/javax.faces.resource/theme.css?ln=primefaces-sipse HTTP/1.1" 304 -
186.80.108.8 - - [14/Nov/2023:09:26:38 -0500] "GET /sipse/faces/faces/faces/autenticacion.xhtml HTTP/1.1" 200 12412
191.95.49.211 - - [14/Nov/2023:09:26:38 -0500] "GET /sipse/css/v_mergente.css HTTP/1.1" 200 1505
191.95.49.211 - - [14/Nov/2023:09:26:38 -0500] "GET /sipse/css/imagen/contrasena.png HTTP/1.1" 404 383
186.80.108.8 - - [14/Nov/2023:09:26:38 -0500] "GET /sipse/faces/javax.faces.resource/theme.css?ln=primefaces-sipse HTTP/1.1" 304 -
186.80.108.8 - - [14/Nov/2023:09:26:38 -0500] "GET /sipse/faces/javax.faces.resource/primefaces.css?ln=primefaces&v=4.0 HTTP/1.1" 304 -
186.80.108.8 - - [14/Nov/2023:09:26:38 -0500] "GET /sipse/faces/javax.faces.resource/jquery/jquery.js?ln=primefaces&v=4.0 HTTP/1.1" 304 -
186.80.108.8 - - [14/Nov/2023:09:26:38 -0500] "GET /sipse/faces/javax.faces.resource/jquery/jquery-plugins.js?ln=primefaces&v=4.0 HTTP/1.1" 304 -
186.80.108.8 - - [14/Nov/2023:09:26:38 -0500] "GET /sipse/faces/javax.faces.resource/layout/layout.css?ln=primefaces&v=4.0 HTTP/1.1" 304 -
186.80.108.8 - - [14/Nov/2023:09:26:38 -0500] "GET /sipse/faces/javax.faces.resource/primefaces.js?ln=primefaces&v=4.0 HTTP/1.1" 304 -
186.80.108.8 - - [14/Nov/2023:09:26:38 -0500] "GET /sipse/faces/javax.faces.resource/layout/layout.js?ln=primefaces&v=4.0 HTTP/1.1" 304 -
186.80.108.8 - - [14/Nov/2023:09:26:38 -0500] "GET /sipse/faces/javax.faces.resource/images/ui-icons_898989_256x240.png?ln=primefaces-aristo HTTP/1.1" 304 -
191.95.49.211 - - [14/Nov/2023:09:26:38 -0500] "GET /sipse/imagenes/cargando.gif HTTP/1.1" 200 36959
191.95.49.211 - - [14/Nov/2023:09:26:38 -0500] "GET /sipse/imagenes/logoAplicacion.jpg HTTP/1.1" 200 155084
186.80.108.8 - - [14/Nov/2023:09:26:40 -0500] "POST /sipse/faces/autenticacion.xhtml HTTP/1.1" 200 11259
186.80.108.8 - - [14/Nov/2023:09:26:41 -0500] "GET /sipse/faces/javax.faces.resource/theme.css?ln=primefaces-sipse HTTP/1.1" 304 -
186.80.108.8 - - [14/Nov/2023:09:26:41 -0500] "GET /sipse/faces/javax.faces.resource/primefaces.css?ln=primefaces&v=4.0 HTTP/1.1" 304 -
186.80.108.8 - - [14/Nov/2023:09:26:41 -0500] "GET /sipse/faces/javax.faces.resource/layout/layout.css?ln=primefaces&v=4.0 HTTP/1.1" 304 -
186.80.108.8 - - [14/Nov/2023:09:26:41 -0500] "GET /sipse/faces/javax.faces.resource/jquery/jquery.js?ln=primefaces&v=4.0 HTTP/1.1" 304 -
186.80.108.8 - - [14/Nov/2023:09:26:41 -0500] "GET /sipse/faces/javax.faces.resource/jquery/jquery-plugins.js?ln=primefaces&v=4.0 HTTP/1.1" 304 -
186.80.108.8 - - [14/Nov/2023:09:26:41 -0500] "GET /sipse/faces/javax.faces.resource/primefaces.js?ln=primefaces&v=4.0 HTTP/1.1" 304 -
186.80.108.8 - - [14/Nov/2023:09:26:41 -0500] "GET /sipse/faces/javax.faces.resource/layout/layout.js?ln=primefaces&v=4.0 HTTP/1.1" 304 -
186.80.108.8 - - [14/Nov/2023:09:26:41 -0500] "GET /sipse/faces/javax.faces.resource/messages/messages.png?ln=primefaces&v=4.0 HTTP/1.1" 304 -
186.80.108.8 - - [14/Nov/2023:09:26:42 -0500] "POST /sipse/faces/presentacion/sistema/seguridad/seleccionRol.xhtml HTTP/1.1" 200 15287
186.80.108.8 - - [14/Nov/2023:09:26:42 -0500] "GET /sipse/faces/javax.faces.resource/primefaces.css?ln=primefaces&v=4.0 HTTP/1.1" 304 -
186.80.108.8 - - [14/Nov/2023:09:26:42 -0500] "GET /sipse/faces/javax.faces.resource/layout/layout.css?ln=primefaces&v=4.0 HTTP/1.1" 304 -
186.80.108.8 - - [14/Nov/2023:09:26:42 -0500] "GET /sipse/faces/javax.faces.resource/theme.css?ln=primefaces-sipse HTTP/1.1" 304 -
186.80.108.8 - - [14/Nov/2023:09:26:42 -0500] "GET /sipse/faces/javax.faces.resource/jquery/jquery.js?ln=primefaces&v=4.0 HTTP/1.1" 304 -
186.80.108.8 - - [14/Nov/2023:09:26:42 -0500] "GET /sipse/faces/javax.faces.resource/jquery/jquery-plugins.js?ln=primefaces&v=4.0 HTTP/1.1" 304 -
186.80.108.8 - - [14/Nov/2023:09:26:42 -0500] "GET /sipse/faces/javax.faces.resource/primefaces.js?ln=primefaces&v=4.0 HTTP/1.1" 304 -
186.80.108.8 - - [14/Nov/2023:09:26:42 -0500] "GET /sipse/faces/javax.faces.resource/layout/layout.js?ln=primefaces&v=4.0 HTTP/1.1" 304 -
186.80.108.8 - - [14/Nov/2023:09:26:42 -0500] "GET /sipse/css/imagen/contrasena.png HTTP/1.1" 404 383
190.70.192.175 - - [14/Nov/2023:09:26:40 -0500] "POST /sipse/faces/presentacion/financiero/solicitudBienServicio/asociarBienServicioSolicitud.xhtml HTTP/1.1" 200 26125
167.0.137.185 - - [14/Nov/2023:09:26:43 -0500] "POST /sipse/faces/presentacion/financiero/solicitudProceso/consultarSolicitudProceso.xhtml HTTP/1.1" 200 5321
186.80.108.8 - - [14/Nov/2023:09:26:44 -0500] "GET /sipse/faces/javax.faces.resource/images/ui-bg_flat_0_2d5972_40x100.png?ln=primefaces-aristo HTTP/1.1" 304 -
186.80.108.8 - - [14/Nov/2023:09:26:44 -0500] "POST /sipse/faces/bienvenido.xhtml HTTP/1.1" 200 3246
191.95.49.211 - - [14/Nov/2023:09:26:44 -0500] "GET /sipse/faces/javax.faces.resource/images/ui-bg_flat_0_2d5972_40x100.png?ln=primefaces-aristo HTTP/1.1" 200 183
191.95.49.211 - - [14/Nov/2023:09:26:44 -0500] "POST /sipse/faces/bienvenido.xhtml HTTP/1.1" 200 2658
190.70.192.175 - - [14/Nov/2023:09:26:43 -0500] "POST /sipse/faces/presentacion/financiero/solicitudBienServicio/asociarBienServicioSolicitud.xhtml HTTP/1.1" 200 26125
186.80.108.8 - - [14/Nov/2023:09:26:45 -0500] "POST /sipse/faces/bienvenido.xhtml HTTP/1.1" 200 63503
186.80.108.8 - - [14/Nov/2023:09:26:45 -0500] "GET /sipse/faces/javax.faces.resource/theme.css?ln=primefaces-sipse HTTP/1.1" 304 -
186.80.108.8 - - [14/Nov/2023:09:26:46 -0500] "GET /sipse/faces/javax.faces.resource/layout/layout.css?ln=primefaces&v=4.0 HTTP/1.1" 304 -
186.80.108.8 - - [14/Nov/2023:09:26:46 -0500] "GET /sipse/faces/javax.faces.resource/primefaces.css?ln=primefaces&v=4.0 HTTP/1.1" 304 -
186.80.108.8 - - [14/Nov/2023:09:26:46 -0500] "GET /sipse/faces/javax.faces.resource/jquery/jquery.js?ln=primefaces&v=4.0 HTTP/1.1" 304 -
186.80.108.8 - - [14/Nov/2023:09:26:46 -0500] "GET /sipse/faces/javax.faces.resource/jquery/jquery-plugins.js?ln=primefaces&v=4.0 HTTP/1.1" 304 -
186.80.108.8 - - [14/Nov/2023:09:26:46 -0500] "GET /sipse/faces/javax.faces.resource/primefaces.js?ln=primefaces&v=4.0 HTTP/1.1" 304 -
186.80.108.8 - - [14/Nov/2023:09:26:46 -0500] "GET /sipse/faces/javax.faces.resource/layout/layout.js?ln=primefaces&v=4.0 HTTP/1.1" 304 -
186.80.108.8 - - [14/Nov/2023:09:26:46 -0500] "POST /sipse/faces/presentacion/financiero/solicitudProceso/listarSolicitudProceso.xhtml HTTP/1.1" 200 1556
186.80.108.8 - - [14/Nov/2023:09:26:47 -0500] "POST /sipse/faces/presentacion/financiero/solicitudProceso/listarSolicitudProceso.xhtml HTTP/1.1" 200 46396
186.80.108.8 - - [14/Nov/2023:09:26:47 -0500] "POST /sipse/faces/presentacion/financiero/solicitudProceso/listarSolicitudProceso.xhtml HTTP/1.1" 200 1556
191.95.49.211 - - [14/Nov/2023:09:26:47 -0500] "POST /sipse/faces/bienvenido.xhtml HTTP/1.1" 200 33915
191.95.49.211 - - [14/Nov/2023:09:26:47 -0500] "GET /sipse/faces/javax.faces.resource/primefaces.css?ln=primefaces&v=4.0 HTTP/1.1" 304 -
191.95.49.211 - - [14/Nov/2023:09:26:47 -0500] "GET /sipse/faces/javax.faces.resource/theme.css?ln=primefaces-sipse HTTP/1.1" 304 -
191.95.49.211 - - [14/Nov/2023:09:26:47 -0500] "GET /sipse/faces/javax.faces.resource/layout/layout.css?ln=primefaces&v=4.0 HTTP/1.1" 304 -
191.95.49.211 - - [14/Nov/2023:09:26:48 -0500] "GET /sipse/faces/javax.faces.resource/jquery/jquery.js?ln=primefaces&v=4.0 HTTP/1.1" 304 -
186.80.108.8 - - [14/Nov/2023:09:26:48 -0500] "POST /sipse/faces/presentacion/financiero/solicitudProceso/listarSolicitudProceso.xhtml HTTP/1.1" 200 32316
191.95.49.211 - - [14/Nov/2023:09:26:48 -0500] "GET /sipse/faces/javax.faces.resource/jquery/jquery-plugins.js?ln=primefaces&v=4.0 HTTP/1.1" 304 -
191.95.49.211 - - [14/Nov/2023:09:26:48 -0500] "GET /sipse/faces/javax.faces.resource/primefaces.js?ln=primefaces&v=4.0 HTTP/1.1" 304 -
191.95.49.211 - - [14/Nov/2023:09:26:48 -0500] "GET /sipse/faces/javax.faces.resource/layout/layout.js?ln=primefaces&v=4.0 HTTP/1.1" 304 -
186.80.108.8 - - [14/Nov/2023:09:26:48 -0500] "POST /sipse/faces/presentacion/financiero/solicitudProceso/listarSolicitudProceso.xhtml HTTP/1.1" 200 44177
190.70.192.175 - - [14/Nov/2023:09:26:47 -0500] "POST /sipse/faces/presentacion/financiero/solicitudBienServicio/asociarBienServicioSolicitud.xhtml HTTP/1.1" 200 27283
186.80.108.8 - - [14/Nov/2023:09:26:50 -0500] "POST /sipse/faces/presentacion/financiero/solicitudProceso/listarSolicitudProceso.xhtml HTTP/1.1" 200 32357
186.80.108.8 - - [14/Nov/2023:09:26:51 -0500] "POST /sipse/faces/presentacion/financiero/solicitudProceso/listarSolicitudProceso.xhtml HTTP/1.1" 200 4731
191.95.49.211 - - [14/Nov/2023:09:26:54 -0500] "POST /sipse/faces/presentacion/financiero/solicitudProceso/solicitudProcesoOtrosPagos.xhtml HTTP/1.1" 200 54865
191.95.49.211 - - [14/Nov/2023:09:26:54 -0500] "GET /sipse/faces/javax.faces.resource/primefaces.css?ln=primefaces&v=4.0 HTTP/1.1" 304 -
191.95.49.211 - - [14/Nov/2023:09:26:54 -0500] "GET /sipse/faces/javax.faces.resource/theme.css?ln=primefaces-sipse HTTP/1.1" 304 -
191.95.49.211 - - [14/Nov/2023:09:26:54 -0500] "GET /sipse/faces/javax.faces.resource/fileupload/fileupload.css?ln=primefaces&v=4.0 HTTP/1.1" 200 1330
191.95.49.211 - - [14/Nov/2023:09:26:54 -0500] "GET /sipse/faces/javax.faces.resource/layout/layout.css?ln=primefaces&v=4.0 HTTP/1.1" 304 -
191.95.49.211 - - [14/Nov/2023:09:26:54 -0500] "GET /sipse/faces/javax.faces.resource/jquery/jquery.js?ln=primefaces&v=4.0 HTTP/1.1" 304 -
191.95.49.211 - - [14/Nov/2023:09:26:54 -0500] "GET /sipse/faces/javax.faces.resource/jquery/jquery-plugins.js?ln=primefaces&v=4.0 HTTP/1.1" 304 -
191.95.49.211 - - [14/Nov/2023:09:26:55 -0500] "GET /sipse/faces/javax.faces.resource/primefaces.js?ln=primefaces&v=4.0 HTTP/1.1" 304 -
191.95.49.211 - - [14/Nov/2023:09:26:55 -0500] "GET /sipse/faces/javax.faces.resource/layout/layout.js?ln=primefaces&v=4.0 HTTP/1.1" 304 -
191.95.49.211 - - [14/Nov/2023:09:26:55 -0500] "GET /sipse/faces/javax.faces.resource/fileupload/fileupload.js?ln=primefaces&v=4.0 HTTP/1.1" 200 28091
167.0.137.185 - - [14/Nov/2023:09:26:55 -0500] "POST /sipse/faces/presentacion/financiero/solicitudProceso/consultarSolicitudProceso.xhtml HTTP/1.1" 200 44357
167.0.137.185 - - [14/Nov/2023:09:26:55 -0500] "GET /sipse/faces/javax.faces.resource/theme.css?ln=primefaces-sipse HTTP/1.1" 304 -
167.0.137.185 - - [14/Nov/2023:09:26:55 -0500] "GET /sipse/faces/javax.faces.resource/primefaces.css?ln=primefaces&v=4.0 HTTP/1.1" 304 -
167.0.137.185 - - [14/Nov/2023:09:26:55 -0500] "GET /sipse/faces/javax.faces.resource/layout/layout.css?ln=primefaces&v=4.0 HTTP/1.1" 304 -
167.0.137.185 - - [14/Nov/2023:09:26:55 -0500] "GET /sipse/faces/javax.faces.resource/jquery/jquery.js?ln=primefaces&v=4.0 HTTP/1.1" 304 -
167.0.137.185 - - [14/Nov/2023:09:26:55 -0500] "GET /sipse/faces/javax.faces.resource/jquery/jquery-plugins.js?ln=primefaces&v=4.0 HTTP/1.1" 304 -
167.0.137.185 - - [14/Nov/2023:09:26:56 -0500] "GET /sipse/faces/javax.faces.resource/primefaces.js?ln=primefaces&v=4.0 HTTP/1.1" 304 -
167.0.137.185 - - [14/Nov/2023:09:26:56 -0500] "GET /sipse/faces/javax.faces.resource/layout/layout.js?ln=primefaces&v=4.0 HTTP/1.1" 304 -
201.245.192.253 - - [14/Nov/2023:09:26:56 -0500] "POST /sipse/faces/presentacion/financiero/solicitudProceso/consultarSolicitudProceso.xhtml HTTP/1.1" 200 159885
167.0.137.185 - - [14/Nov/2023:09:26:56 -0500] "POST /sipse/faces/presentacion/financiero/solicitudProceso/listarSolicitudProceso.xhtml HTTP/1.1" 200 37631
167.0.137.185 - - [14/Nov/2023:09:26:56 -0500] "POST /sipse/faces/presentacion/financiero/solicitudProceso/listarSolicitudProceso.xhtml HTTP/1.1" 200 37631
167.0.137.185 - - [14/Nov/2023:09:26:57 -0500] "POST /sipse/faces/presentacion/financiero/solicitudProceso/listarSolicitudProceso.xhtml HTTP/1.1" 200 37631
167.0.137.185 - - [14/Nov/2023:09:26:57 -0500] "POST /sipse/faces/presentacion/financiero/solicitudProceso/listarSolicitudProceso.xhtml HTTP/1.1" 200 1468
167.0.137.185 - - [14/Nov/2023:09:26:57 -0500] "POST /sipse/faces/presentacion/financiero/solicitudProceso/listarSolicitudProceso.xhtml HTTP/1.1" 200 1460
167.0.137.185 - - [14/Nov/2023:09:26:58 -0500] "POST /sipse/faces/presentacion/financiero/solicitudProceso/listarSolicitudProceso.xhtml HTTP/1.1" 200 1472
167.0.137.185 - - [14/Nov/2023:09:26:58 -0500] "POST /sipse/faces/presentacion/financiero/solicitudProceso/listarSolicitudProceso.xhtml HTTP/1.1" 200 1468
167.0.137.185 - - [14/Nov/2023:09:27:01 -0500] "POST /sipse/faces/presentacion/financiero/solicitudProceso/listarSolicitudProceso.xhtml HTTP/1.1" 200 153275
167.0.137.185 - - [14/Nov/2023:09:27:02 -0500] "GET /sipse/faces/javax.faces.resource/theme.css?ln=primefaces-sipse HTTP/1.1" 304 -
167.0.137.185 - - [14/Nov/2023:09:27:02 -0500] "GET /sipse/faces/javax.faces.resource/primefaces.css?ln=primefaces&v=4.0 HTTP/1.1" 304 -
167.0.137.185 - - [14/Nov/2023:09:27:02 -0500] "GET /sipse/faces/javax.faces.resource/layout/layout.css?ln=primefaces&v=4.0 HTTP/1.1" 304 -
167.0.137.185 - - [14/Nov/2023:09:27:02 -0500] "GET /sipse/faces/javax.faces.resource/jquery/jquery.js?ln=primefaces&v=4.0 HTTP/1.1" 304 -
167.0.137.185 - - [14/Nov/2023:09:27:02 -0500] "GET /sipse/faces/javax.faces.resource/jquery/jquery-plugins.js?ln=primefaces&v=4.0 HTTP/1.1" 304 -
167.0.137.185 - - [14/Nov/2023:09:27:02 -0500] "GET /sipse/faces/javax.faces.resource/primefaces.js?ln=primefaces&v=4.0 HTTP/1.1" 304 -
167.0.137.185 - - [14/Nov/2023:09:27:02 -0500] "GET /sipse/faces/javax.faces.resource/layout/layout.js?ln=primefaces&v=4.0 HTTP/1.1" 304 -
167.0.137.185 - - [14/Nov/2023:09:27:08 -0500] "POST /sipse/faces/presentacion/financiero/solicitudProceso/consultarSolicitudProceso.xhtml HTTP/1.1" 200 5485
167.0.137.185 - - [14/Nov/2023:09:27:09 -0500] "GET /sipse/faces/javax.faces.resource/dynamiccontent.properties?ln=primefaces&pfdrid=XjOR5%2F%2FfPAZAuY9TpWQeCiM0BhlXxYRBGKi%2FQcXXfeA%3D&pfdrid_c=false HTTP/1.1" 200 120559
191.95.49.211 - - [14/Nov/2023:09:27:12 -0500] "POST /sipse/faces/presentacion/financiero/solicitudProceso/detalleSolicitudProcesoOtrosPagos.xhtml HTTP/1.1" 200 198
191.95.49.211 - - [14/Nov/2023:09:27:12 -0500] "GET /sipse/faces/javax.faces.resource/theme.css?ln=primefaces-sipse HTTP/1.1" 304 -
191.95.49.211 - - [14/Nov/2023:09:27:12 -0500] "GET /sipse/faces/javax.faces.resource/primefaces.css?ln=primefaces&v=4.0 HTTP/1.1" 304 -
191.95.49.211 - - [14/Nov/2023:09:27:13 -0500] "GET /sipse/faces/javax.faces.resource/layout/layout.css?ln=primefaces&v=4.0 HTTP/1.1" 304 -
191.95.49.211 - - [14/Nov/2023:09:27:13 -0500] "GET /sipse/faces/javax.faces.resource/jquery/jquery.js?ln=primefaces&v=4.0 HTTP/1.1" 304 -
191.95.49.211 - - [14/Nov/2023:09:27:13 -0500] "GET /sipse/faces/javax.faces.resource/fileupload/fileupload.css?ln=primefaces&v=4.0 HTTP/1.1" 304 -
191.95.49.211 - - [14/Nov/2023:09:27:12 -0500] "GET /sipse/faces/presentacion/financiero/solicitudProceso/registroSolicitudProcesoOtrosPagos.xhtml HTTP/1.1" 200 43948
191.95.49.211 - - [14/Nov/2023:09:27:13 -0500] "GET /sipse/faces/javax.faces.resource/jquery/jquery-plugins.js?ln=primefaces&v=4.0 HTTP/1.1" 304 -
191.95.49.211 - - [14/Nov/2023:09:27:13 -0500] "GET /sipse/faces/javax.faces.resource/primefaces.js?ln=primefaces&v=4.0 HTTP/1.1" 304 -
191.95.49.211 - - [14/Nov/2023:09:27:13 -0500] "GET /sipse/faces/javax.faces.resource/layout/layout.js?ln=primefaces&v=4.0 HTTP/1.1" 304 -
191.95.49.211 - - [14/Nov/2023:09:27:13 -0500] "GET /sipse/faces/javax.faces.resource/fileupload/fileupload.js?ln=primefaces&v=4.0 HTTP/1.1" 304 -
191.95.49.211 - - [14/Nov/2023:09:27:12 -0500] "GET /sipse/faces/javax.faces.resource/jsf.js?ln=javax.faces&stage=Development HTTP/1.1" 200 110326
190.70.192.175 - - [14/Nov/2023:09:27:24 -0500] "POST /sipse/faces/presentacion/financiero/solicitudBienServicio/asociarBienServicioSolicitud.xhtml HTTP/1.1" 200 25962
190.70.192.175 - - [14/Nov/2023:09:27:29 -0500] "POST /sipse/faces/presentacion/financiero/solicitudBienServicio/asociarBienServicioSolicitud.xhtml HTTP/1.1" 200 26122
190.70.192.175 - - [14/Nov/2023:09:27:31 -0500] "POST /sipse/faces/presentacion/financiero/solicitudBienServicio/asociarBienServicioSolicitud.xhtml HTTP/1.1" 200 26122
190.70.192.175 - - [14/Nov/2023:09:27:32 -0500] "POST /sipse/faces/presentacion/financiero/solicitudBienServicio/asociarBienServicioSolicitud.xhtml HTTP/1.1" 200 26122
190.70.192.175 - - [14/Nov/2023:09:27:34 -0500] "POST /sipse/faces/presentacion/financiero/solicitudBienServicio/asociarBienServicioSolicitud.xhtml HTTP/1.1" 200 26118
190.70.192.175 - - [14/Nov/2023:09:27:37 -0500] "POST /sipse/faces/presentacion/financiero/solicitudBienServicio/asociarBienServicioSolicitud.xhtml HTTP/1.1" 200 28332
190.70.192.175 - - [14/Nov/2023:09:27:39 -0500] "POST /sipse/faces/presentacion/financiero/solicitudBienServicio/asociarBienServicioSolicitud.xhtml HTTP/1.1" 200 1603
201.245.192.253 - - [14/Nov/2023:09:27:43 -0500] "POST /sipse/faces/presentacion/financiero/solicitudProceso/consultarSolicitudProceso.xhtml HTTP/1.1" 200 46771
190.70.192.175 - - [14/Nov/2023:09:27:42 -0500] "POST /sipse/faces/presentacion/financiero/solicitudBienServicio/asociarBienServicioSolicitud.xhtml HTTP/1.1" 200 1603
201.245.192.253 - - [14/Nov/2023:09:27:43 -0500] "GET /sipse/faces/javax.faces.resource/jquery/jquery.js?ln=primefaces&v=4.0 HTTP/1.1" 304 -
201.245.192.253 - - [14/Nov/2023:09:27:43 -0500] "GET /sipse/faces/javax.faces.resource/jquery/jquery-plugins.js?ln=primefaces&v=4.0 HTTP/1.1" 304 -
201.245.192.253 - - [14/Nov/2023:09:27:43 -0500] "GET /sipse/faces/javax.faces.resource/primefaces.js?ln=primefaces&v=4.0 HTTP/1.1" 304 -
201.245.192.253 - - [14/Nov/2023:09:27:43 -0500] "GET /sipse/faces/javax.faces.resource/layout/layout.js?ln=primefaces&v=4.0 HTTP/1.1" 304 -
201.245.192.253 - - [14/Nov/2023:09:27:43 -0500] "POST /sipse/faces/presentacion/financiero/solicitudProceso/listarSolicitudProceso.xhtml HTTP/1.1" 200 40050
190.70.192.175 - - [14/Nov/2023:09:27:43 -0500] "POST /sipse/faces/presentacion/financiero/solicitudBienServicio/asociarBienServicioSolicitud.xhtml HTTP/1.1" 200 1603
201.245.192.253 - - [14/Nov/2023:09:27:44 -0500] "POST /sipse/faces/presentacion/financiero/solicitudProceso/listarSolicitudProceso.xhtml HTTP/1.1" 200 40050
201.245.192.253 - - [14/Nov/2023:09:27:44 -0500] "POST /sipse/faces/presentacion/financiero/solicitudProceso/listarSolicitudProceso.xhtml HTTP/1.1" 200 40050
201.245.192.253 - - [14/Nov/2023:09:27:44 -0500] "POST /sipse/faces/presentacion/financiero/solicitudProceso/listarSolicitudProceso.xhtml HTTP/1.1" 200 40050
201.245.192.253 - - [14/Nov/2023:09:27:44 -0500] "POST /sipse/faces/presentacion/financiero/solicitudProceso/listarSolicitudProceso.xhtml HTTP/1.1" 200 40050
201.245.192.253 - - [14/Nov/2023:09:27:44 -0500] "POST /sipse/faces/presentacion/financiero/solicitudProceso/listarSolicitudProceso.xhtml HTTP/1.1" 200 1372
201.245.192.253 - - [14/Nov/2023:09:27:44 -0500] "POST /sipse/faces/presentacion/financiero/solicitudProceso/listarSolicitudProceso.xhtml HTTP/1.1" 200 1420
201.245.192.253 - - [14/Nov/2023:09:27:44 -0500] "POST /sipse/faces/presentacion/financiero/solicitudProceso/listarSolicitudProceso.xhtml HTTP/1.1" 200 1428
201.245.192.253 - - [14/Nov/2023:09:27:44 -0500] "POST /sipse/faces/presentacion/financiero/solicitudProceso/listarSolicitudProceso.xhtml HTTP/1.1" 200 1424
201.245.192.253 - - [14/Nov/2023:09:27:44 -0500] "POST /sipse/faces/presentacion/financiero/solicitudProceso/listarSolicitudProceso.xhtml HTTP/1.1" 200 1424
201.245.192.253 - - [14/Nov/2023:09:27:45 -0500] "POST /sipse/faces/presentacion/financiero/solicitudProceso/listarSolicitudProceso.xhtml HTTP/1.1" 200 1420
190.70.192.175 - - [14/Nov/2023:09:27:44 -0500] "POST /sipse/faces/presentacion/financiero/solicitudBienServicio/asociarBienServicioSolicitud.xhtml HTTP/1.1" 200 1607
190.70.192.175 - - [14/Nov/2023:09:27:48 -0500] "POST /sipse/faces/presentacion/financiero/solicitudBienServicio/asociarBienServicioSolicitud.xhtml HTTP/1.1" 200 1607
190.70.192.175 - - [14/Nov/2023:09:27:49 -0500] "POST /sipse/faces/presentacion/financiero/solicitudBienServicio/asociarBienServicioSolicitud.xhtml HTTP/1.1" 200 1607
190.70.192.175 - - [14/Nov/2023:09:27:50 -0500] "POST /sipse/faces/presentacion/financiero/solicitudBienServicio/asociarBienServicioSolicitud.xhtml HTTP/1.1" 200 1607
201.245.192.253 - - [14/Nov/2023:09:28:09 -0500] "POST /forms/lservlet;jsessionid=ac16012b30d6ab7451c33a3c46eea060a6a4a3d1c92d.e3iSbxaKaheRe3eRa38MahaQbi1ynknvrkLOlQzNp65In0 HTTP/1.1" 200 2
191.95.49.211 - - [14/Nov/2023:09:28:10 -0500] "POST /sipse/faces/presentacion/financiero/solicitudProceso/registroSolicitudProcesoOtrosPagos.xhtml HTTP/1.1" 200 1916
191.95.49.211 - - [14/Nov/2023:09:28:18 -0500] "POST /sipse/faces/presentacion/financiero/solicitudProceso/registroSolicitudProcesoOtrosPagos.xhtml HTTP/1.1" 200 190
191.95.49.211 - - [14/Nov/2023:09:28:20 -0500] "GET /sipse/faces/presentacion/financiero/solicitudProceso/solicitudProcesoOtrosPagos.xhtml HTTP/1.1" 200 36669
191.95.49.211 - - [14/Nov/2023:09:28:20 -0500] "GET /sipse/faces/javax.faces.resource/theme.css?ln=primefaces-sipse HTTP/1.1" 304 -
191.95.49.211 - - [14/Nov/2023:09:28:20 -0500] "GET /sipse/faces/javax.faces.resource/primefaces.css?ln=primefaces&v=4.0 HTTP/1.1" 304 -
191.95.49.211 - - [14/Nov/2023:09:28:20 -0500] "GET /sipse/faces/javax.faces.resource/layout/layout.css?ln=primefaces&v=4.0 HTTP/1.1" 304 -
191.95.49.211 - - [14/Nov/2023:09:28:20 -0500] "GET /sipse/faces/javax.faces.resource/jquery/jquery.js?ln=primefaces&v=4.0 HTTP/1.1" 304 -
191.95.49.211 - - [14/Nov/2023:09:28:20 -0500] "GET /sipse/faces/javax.faces.resource/jquery/jquery-plugins.js?ln=primefaces&v=4.0 HTTP/1.1" 304 -
191.95.49.211 - - [14/Nov/2023:09:28:20 -0500] "GET /sipse/faces/javax.faces.resource/primefaces.js?ln=primefaces&v=4.0 HTTP/1.1" 304 -
191.95.49.211 - - [14/Nov/2023:09:28:20 -0500] "GET /sipse/faces/javax.faces.resource/layout/layout.js?ln=primefaces&v=4.0 HTTP/1.1" 304 -
191.95.49.211 - - [14/Nov/2023:09:28:20 -0500] "GET /sipse/faces/javax.faces.resource/messages/messages.png?ln=primefaces&v=4.0 HTTP/1.1" 304 -
40.77.167.78 - - [14/Nov/2023:09:28:20 -0500] "GET /propietarios-inscritos-en-el-inventario-nacional-de-bifenilos-de-policlorados-tienen-plazo-hasta-noviembre-para-reportar-su-balance.html HTTP/1.1" 200 1003
190.70.192.175 - - [14/Nov/2023:09:28:19 -0500] "POST /sipse/faces/presentacion/financiero/solicitudBienServicio/asociarBienServicioSolicitud.xhtml HTTP/1.1" 200 25962
190.70.192.175 - - [14/Nov/2023:09:28:23 -0500] "POST /sipse/faces/presentacion/financiero/solicitudBienServicio/asociarBienServicioSolicitud.xhtml HTTP/1.1" 200 2854
191.95.49.211 - - [14/Nov/2023:09:28:29 -0500] "POST /sipse/faces/presentacion/financiero/solicitudProceso/solicitudProcesoOtrosPagos.xhtml HTTP/1.1" 200 55044
191.95.49.211 - - [14/Nov/2023:09:28:30 -0500] "GET /sipse/faces/javax.faces.resource/fileupload/fileupload.css?ln=primefaces&v=4.0 HTTP/1.1" 304 -
191.95.49.211 - - [14/Nov/2023:09:28:30 -0500] "GET /sipse/faces/javax.faces.resource/layout/layout.css?ln=primefaces&v=4.0 HTTP/1.1" 304 -
191.95.49.211 - - [14/Nov/2023:09:28:30 -0500] "GET /sipse/faces/javax.faces.resource/primefaces.css?ln=primefaces&v=4.0 HTTP/1.1" 304 -
191.95.49.211 - - [14/Nov/2023:09:28:30 -0500] "GET /sipse/faces/javax.faces.resource/theme.css?ln=primefaces-sipse HTTP/1.1" 304 -
191.95.49.211 - - [14/Nov/2023:09:28:30 -0500] "GET /sipse/faces/javax.faces.resource/jquery/jquery.js?ln=primefaces&v=4.0 HTTP/1.1" 304 -
191.95.49.211 - - [14/Nov/2023:09:28:30 -0500] "GET /sipse/faces/javax.faces.resource/jquery/jquery-plugins.js?ln=primefaces&v=4.0 HTTP/1.1" 304 -
191.95.49.211 - - [14/Nov/2023:09:28:30 -0500] "GET /sipse/faces/javax.faces.resource/primefaces.js?ln=primefaces&v=4.0 HTTP/1.1" 304 -
191.95.49.211 - - [14/Nov/2023:09:28:30 -0500] "GET /sipse/faces/javax.faces.resource/layout/layout.js?ln=primefaces&v=4.0 HTTP/1.1" 304 -
191.95.49.211 - - [14/Nov/2023:09:28:30 -0500] "GET /sipse/faces/javax.faces.resource/fileupload/fileupload.js?ln=primefaces&v=4.0 HTTP/1.1" 304 -
190.70.192.175 - - [14/Nov/2023:09:28:34 -0500] "GET /sipse/faces/javax.faces.resource/images/ui-icons_898989_256x240.png?ln=primefaces-aristo HTTP/1.1" 304 -
190.70.192.175 - - [14/Nov/2023:09:28:36 -0500] "POST /sipse/faces/presentacion/financiero/solicitudBienServicio/asociarBienServicioSolicitud.xhtml HTTP/1.1" 200 77408
190.70.192.175 - - [14/Nov/2023:09:28:36 -0500] "GET /sipse/faces/javax.faces.resource/theme.css?ln=primefaces-sipse HTTP/1.1" 304 -
190.70.192.175 - - [14/Nov/2023:09:28:36 -0500] "GET /sipse/faces/javax.faces.resource/primefaces.css?ln=primefaces&v=4.0 HTTP/1.1" 304 -
190.70.192.175 - - [14/Nov/2023:09:28:36 -0500] "GET /sipse/faces/javax.faces.resource/jquery/jquery.js?ln=primefaces&v=4.0 HTTP/1.1" 304 -
190.70.192.175 - - [14/Nov/2023:09:28:36 -0500] "GET /sipse/faces/javax.faces.resource/layout/layout.css?ln=primefaces&v=4.0 HTTP/1.1" 304 -
190.70.192.175 - - [14/Nov/2023:09:28:37 -0500] "GET /sipse/faces/javax.faces.resource/jquery/jquery-plugins.js?ln=primefaces&v=4.0 HTTP/1.1" 304 -
