201.245.192.253 - - [14/Nov/2023:09:43:18 -0500] "POST /forms/lservlet;jsessionid=ac16012b30d6ab7451c33a3c46eea060a6a4a3d1c92d.e3iSbxaKaheRe3eRa38MahaQbi1ynknvrkLOlQzNp65In0 HTTP/1.1" 200 168
201.245.192.253 - - [14/Nov/2023:09:43:18 -0500] "POST /forms/lservlet;jsessionid=ac16012b30d6ab7451c33a3c46eea060a6a4a3d1c92d.e3iSbxaKaheRe3eRa38MahaQbi1ynknvrkLOlQzNp65In0 HTTP/1.1" 200 192
201.245.192.253 - - [14/Nov/2023:09:43:18 -0500] "POST /forms/lservlet;jsessionid=ac16012b30d6ab7451c33a3c46eea060a6a4a3d1c92d.e3iSbxaKaheRe3eRa38MahaQbi1ynknvrkLOlQzNp65In0 HTTP/1.1" 200 179
201.245.192.253 - - [14/Nov/2023:09:43:18 -0500] "POST /forms/lservlet;jsessionid=ac16012b30d6ab7451c33a3c46eea060a6a4a3d1c92d.e3iSbxaKaheRe3eRa38MahaQbi1ynknvrkLOlQzNp65In0 HTTP/1.1" 200 192
201.245.192.253 - - [14/Nov/2023:09:43:18 -0500] "POST /forms/lservlet;jsessionid=ac16012b30d6ab7451c33a3c46eea060a6a4a3d1c92d.e3iSbxaKaheRe3eRa38MahaQbi1ynknvrkLOlQzNp65In0 HTTP/1.1" 200 189
201.245.192.253 - - [14/Nov/2023:09:43:18 -0500] "POST /forms/lservlet;jsessionid=ac16012b30d6ab7451c33a3c46eea060a6a4a3d1c92d.e3iSbxaKaheRe3eRa38MahaQbi1ynknvrkLOlQzNp65In0 HTTP/1.1" 200 421
201.245.192.253 - - [14/Nov/2023:09:43:18 -0500] "POST /forms/lservlet;jsessionid=ac16012b30d6ab7451c33a3c46eea060a6a4a3d1c92d.e3iSbxaKaheRe3eRa38MahaQbi1ynknvrkLOlQzNp65In0 HTTP/1.1" 200 302
201.245.192.253 - - [14/Nov/2023:09:43:19 -0500] "POST /forms/lservlet;jsessionid=ac16012b30d6ab7451c33a3c46eea060a6a4a3d1c92d.e3iSbxaKaheRe3eRa38MahaQbi1ynknvrkLOlQzNp65In0 HTTP/1.1" 200 300
201.245.192.253 - - [14/Nov/2023:09:43:19 -0500] "POST /forms/lservlet;jsessionid=ac16012b30d6ab7451c33a3c46eea060a6a4a3d1c92d.e3iSbxaKaheRe3eRa38MahaQbi1ynknvrkLOlQzNp65In0 HTTP/1.1" 200 434
201.245.192.253 - - [14/Nov/2023:09:43:19 -0500] "POST /forms/lservlet;jsessionid=ac16012b30d6ab7451c33a3c46eea060a6a4a3d1c92d.e3iSbxaKaheRe3eRa38MahaQbi1ynknvrkLOlQzNp65In0 HTTP/1.1" 200 416
201.245.192.253 - - [14/Nov/2023:09:43:19 -0500] "POST /forms/lservlet;jsessionid=ac16012b30d6ab7451c33a3c46eea060a6a4a3d1c92d.e3iSbxaKaheRe3eRa38MahaQbi1ynknvrkLOlQzNp65In0 HTTP/1.1" 200 222
201.245.192.253 - - [14/Nov/2023:09:43:19 -0500] "POST /forms/lservlet;jsessionid=ac16012b30d6ab7451c33a3c46eea060a6a4a3d1c92d.e3iSbxaKaheRe3eRa38MahaQbi1ynknvrkLOlQzNp65In0 HTTP/1.1" 200 472
201.245.192.253 - - [14/Nov/2023:09:43:19 -0500] "POST /forms/lservlet;jsessionid=ac16012b30d6ab7451c33a3c46eea060a6a4a3d1c92d.e3iSbxaKaheRe3eRa38MahaQbi1ynknvrkLOlQzNp65In0 HTTP/1.1" 200 203
201.245.192.253 - - [14/Nov/2023:09:43:19 -0500] "POST /forms/lservlet;jsessionid=ac16012b30d6ab7451c33a3c46eea060a6a4a3d1c92d.e3iSbxaKaheRe3eRa38MahaQbi1ynknvrkLOlQzNp65In0 HTTP/1.1" 200 187
201.245.192.253 - - [14/Nov/2023:09:43:19 -0500] "POST /forms/lservlet;jsessionid=ac16012b30d6ab7451c33a3c46eea060a6a4a3d1c92d.e3iSbxaKaheRe3eRa38MahaQbi1ynknvrkLOlQzNp65In0 HTTP/1.1" 200 184
201.245.192.253 - - [14/Nov/2023:09:43:19 -0500] "POST /forms/lservlet;jsessionid=ac16012b30d6ab7451c33a3c46eea060a6a4a3d1c92d.e3iSbxaKaheRe3eRa38MahaQbi1ynknvrkLOlQzNp65In0 HTTP/1.1" 200 168
201.245.192.253 - - [14/Nov/2023:09:43:19 -0500] "POST /forms/lservlet;jsessionid=ac16012b30d6ab7451c33a3c46eea060a6a4a3d1c92d.e3iSbxaKaheRe3eRa38MahaQbi1ynknvrkLOlQzNp65In0 HTTP/1.1" 200 168
201.245.192.253 - - [14/Nov/2023:09:43:19 -0500] "POST /forms/lservlet;jsessionid=ac16012b30d6ab7451c33a3c46eea060a6a4a3d1c92d.e3iSbxaKaheRe3eRa38MahaQbi1ynknvrkLOlQzNp65In0 HTTP/1.1" 200 437
201.245.192.253 - - [14/Nov/2023:09:43:19 -0500] "POST /forms/lservlet;jsessionid=ac16012b30d6ab7451c33a3c46eea060a6a4a3d1c92d.e3iSbxaKaheRe3eRa38MahaQbi1ynknvrkLOlQzNp65In0 HTTP/1.1" 200 187
201.245.192.253 - - [14/Nov/2023:09:43:19 -0500] "POST /forms/lservlet;jsessionid=ac16012b30d6ab7451c33a3c46eea060a6a4a3d1c92d.e3iSbxaKaheRe3eRa38MahaQbi1ynknvrkLOlQzNp65In0 HTTP/1.1" 200 187
201.245.192.253 - - [14/Nov/2023:09:43:19 -0500] "POST /forms/lservlet;jsessionid=ac16012b30d6ab7451c33a3c46eea060a6a4a3d1c92d.e3iSbxaKaheRe3eRa38MahaQbi1ynknvrkLOlQzNp65In0 HTTP/1.1" 200 184
201.245.192.253 - - [14/Nov/2023:09:43:19 -0500] "POST /forms/lservlet;jsessionid=ac16012b30d6ab7451c33a3c46eea060a6a4a3d1c92d.e3iSbxaKaheRe3eRa38MahaQbi1ynknvrkLOlQzNp65In0 HTTP/1.1" 200 168
201.245.192.253 - - [14/Nov/2023:09:43:19 -0500] "POST /forms/lservlet;jsessionid=ac16012b30d6ab7451c33a3c46eea060a6a4a3d1c92d.e3iSbxaKaheRe3eRa38MahaQbi1ynknvrkLOlQzNp65In0 HTTP/1.1" 200 168
201.245.192.253 - - [14/Nov/2023:09:43:19 -0500] "POST /forms/lservlet;jsessionid=ac16012b30d6ab7451c33a3c46eea060a6a4a3d1c92d.e3iSbxaKaheRe3eRa38MahaQbi1ynknvrkLOlQzNp65In0 HTTP/1.1" 200 168
201.245.192.253 - - [14/Nov/2023:09:43:19 -0500] "POST /forms/lservlet;jsessionid=ac16012b30d6ab7451c33a3c46eea060a6a4a3d1c92d.e3iSbxaKaheRe3eRa38MahaQbi1ynknvrkLOlQzNp65In0 HTTP/1.1" 200 168
201.245.192.253 - - [14/Nov/2023:09:43:19 -0500] "POST /forms/lservlet;jsessionid=ac16012b30d6ab7451c33a3c46eea060a6a4a3d1c92d.e3iSbxaKaheRe3eRa38MahaQbi1ynknvrkLOlQzNp65In0 HTTP/1.1" 200 168
201.245.192.253 - - [14/Nov/2023:09:43:19 -0500] "POST /forms/lservlet;jsessionid=ac16012b30d6ab7451c33a3c46eea060a6a4a3d1c92d.e3iSbxaKaheRe3eRa38MahaQbi1ynknvrkLOlQzNp65In0 HTTP/1.1" 200 168
201.245.192.253 - - [14/Nov/2023:09:43:19 -0500] "POST /forms/lservlet;jsessionid=ac16012b30d6ab7451c33a3c46eea060a6a4a3d1c92d.e3iSbxaKaheRe3eRa38MahaQbi1ynknvrkLOlQzNp65In0 HTTP/1.1" 200 168
201.245.192.253 - - [14/Nov/2023:09:43:19 -0500] "POST /forms/lservlet;jsessionid=ac16012b30d6ab7451c33a3c46eea060a6a4a3d1c92d.e3iSbxaKaheRe3eRa38MahaQbi1ynknvrkLOlQzNp65In0 HTTP/1.1" 200 168
201.245.192.253 - - [14/Nov/2023:09:43:19 -0500] "POST /forms/lservlet;jsessionid=ac16012b30d6ab7451c33a3c46eea060a6a4a3d1c92d.e3iSbxaKaheRe3eRa38MahaQbi1ynknvrkLOlQzNp65In0 HTTP/1.1" 200 168
201.245.192.253 - - [14/Nov/2023:09:43:19 -0500] "POST /forms/lservlet;jsessionid=ac16012b30d6ab7451c33a3c46eea060a6a4a3d1c92d.e3iSbxaKaheRe3eRa38MahaQbi1ynknvrkLOlQzNp65In0 HTTP/1.1" 200 168
201.245.192.253 - - [14/Nov/2023:09:43:19 -0500] "POST /forms/lservlet;jsessionid=ac16012b30d6ab7451c33a3c46eea060a6a4a3d1c92d.e3iSbxaKaheRe3eRa38MahaQbi1ynknvrkLOlQzNp65In0 HTTP/1.1" 200 168
201.245.192.253 - - [14/Nov/2023:09:43:19 -0500] "POST /forms/lservlet;jsessionid=ac16012b30d6ab7451c33a3c46eea060a6a4a3d1c92d.e3iSbxaKaheRe3eRa38MahaQbi1ynknvrkLOlQzNp65In0 HTTP/1.1" 200 168
201.245.192.253 - - [14/Nov/2023:09:43:19 -0500] "POST /forms/lservlet;jsessionid=ac16012b30d6ab7451c33a3c46eea060a6a4a3d1c92d.e3iSbxaKaheRe3eRa38MahaQbi1ynknvrkLOlQzNp65In0 HTTP/1.1" 200 168
201.245.192.253 - - [14/Nov/2023:09:43:19 -0500] "POST /forms/lservlet;jsessionid=ac16012b30d6ab7451c33a3c46eea060a6a4a3d1c92d.e3iSbxaKaheRe3eRa38MahaQbi1ynknvrkLOlQzNp65In0 HTTP/1.1" 200 167
201.245.192.253 - - [14/Nov/2023:09:43:19 -0500] "POST /forms/lservlet;jsessionid=ac16012b30d6ab7451c33a3c46eea060a6a4a3d1c92d.e3iSbxaKaheRe3eRa38MahaQbi1ynknvrkLOlQzNp65In0 HTTP/1.1" 200 167
201.245.192.253 - - [14/Nov/2023:09:43:19 -0500] "POST /forms/lservlet;jsessionid=ac16012b30d6ab7451c33a3c46eea060a6a4a3d1c92d.e3iSbxaKaheRe3eRa38MahaQbi1ynknvrkLOlQzNp65In0 HTTP/1.1" 200 167
201.245.192.253 - - [14/Nov/2023:09:43:19 -0500] "POST /forms/lservlet;jsessionid=ac16012b30d6ab7451c33a3c46eea060a6a4a3d1c92d.e3iSbxaKaheRe3eRa38MahaQbi1ynknvrkLOlQzNp65In0 HTTP/1.1" 200 167
190.26.205.194 - - [14/Nov/2023:09:43:19 -0500] "POST /sipse/faces/presentacion/financiero/solicitudAnulacion/registrarSolicitudAnulacion.xhtml HTTP/1.1" 200 3906
201.245.192.253 - - [14/Nov/2023:09:43:20 -0500] "POST /forms/lservlet;jsessionid=ac16012b30d6ab7451c33a3c46eea060a6a4a3d1c92d.e3iSbxaKaheRe3eRa38MahaQbi1ynknvrkLOlQzNp65In0 HTTP/1.1" 200 167
201.245.192.253 - - [14/Nov/2023:09:43:20 -0500] "POST /forms/lservlet;jsessionid=ac16012b30d6ab7451c33a3c46eea060a6a4a3d1c92d.e3iSbxaKaheRe3eRa38MahaQbi1ynknvrkLOlQzNp65In0 HTTP/1.1" 200 167
201.245.192.253 - - [14/Nov/2023:09:43:20 -0500] "POST /forms/lservlet;jsessionid=ac16012b30d6ab7451c33a3c46eea060a6a4a3d1c92d.e3iSbxaKaheRe3eRa38MahaQbi1ynknvrkLOlQzNp65In0 HTTP/1.1" 200 167
201.245.192.253 - - [14/Nov/2023:09:43:20 -0500] "POST /forms/lservlet;jsessionid=ac16012b30d6ab7451c33a3c46eea060a6a4a3d1c92d.e3iSbxaKaheRe3eRa38MahaQbi1ynknvrkLOlQzNp65In0 HTTP/1.1" 200 167
201.245.192.253 - - [14/Nov/2023:09:43:20 -0500] "POST /forms/lservlet;jsessionid=ac16012b30d6ab7451c33a3c46eea060a6a4a3d1c92d.e3iSbxaKaheRe3eRa38MahaQbi1ynknvrkLOlQzNp65In0 HTTP/1.1" 200 194
201.245.192.253 - - [14/Nov/2023:09:43:20 -0500] "POST /forms/lservlet;jsessionid=ac16012b30d6ab7451c33a3c46eea060a6a4a3d1c92d.e3iSbxaKaheRe3eRa38MahaQbi1ynknvrkLOlQzNp65In0 HTTP/1.1" 200 183
201.245.192.253 - - [14/Nov/2023:09:43:20 -0500] "POST /forms/lservlet;jsessionid=ac16012b30d6ab7451c33a3c46eea060a6a4a3d1c92d.e3iSbxaKaheRe3eRa38MahaQbi1ynknvrkLOlQzNp65In0 HTTP/1.1" 200 183
201.245.192.253 - - [14/Nov/2023:09:43:20 -0500] "POST /forms/lservlet;jsessionid=ac16012b30d6ab7451c33a3c46eea060a6a4a3d1c92d.e3iSbxaKaheRe3eRa38MahaQbi1ynknvrkLOlQzNp65In0 HTTP/1.1" 200 184
201.245.192.253 - - [14/Nov/2023:09:43:20 -0500] "POST /forms/lservlet;jsessionid=ac16012b30d6ab7451c33a3c46eea060a6a4a3d1c92d.e3iSbxaKaheRe3eRa38MahaQbi1ynknvrkLOlQzNp65In0 HTTP/1.1" 200 167
201.245.192.253 - - [14/Nov/2023:09:43:20 -0500] "POST /forms/lservlet;jsessionid=ac16012b30d6ab7451c33a3c46eea060a6a4a3d1c92d.e3iSbxaKaheRe3eRa38MahaQbi1ynknvrkLOlQzNp65In0 HTTP/1.1" 200 167
201.245.192.253 - - [14/Nov/2023:09:43:20 -0500] "POST /forms/lservlet;jsessionid=ac16012b30d6ab7451c33a3c46eea060a6a4a3d1c92d.e3iSbxaKaheRe3eRa38MahaQbi1ynknvrkLOlQzNp65In0 HTTP/1.1" 200 167
201.245.192.253 - - [14/Nov/2023:09:43:20 -0500] "POST /forms/lservlet;jsessionid=ac16012b30d6ab7451c33a3c46eea060a6a4a3d1c92d.e3iSbxaKaheRe3eRa38MahaQbi1ynknvrkLOlQzNp65In0 HTTP/1.1" 200 167
201.245.192.253 - - [14/Nov/2023:09:43:20 -0500] "POST /forms/lservlet;jsessionid=ac16012b30d6ab7451c33a3c46eea060a6a4a3d1c92d.e3iSbxaKaheRe3eRa38MahaQbi1ynknvrkLOlQzNp65In0 HTTP/1.1" 200 167
201.245.192.253 - - [14/Nov/2023:09:43:20 -0500] "POST /forms/lservlet;jsessionid=ac16012b30d6ab7451c33a3c46eea060a6a4a3d1c92d.e3iSbxaKaheRe3eRa38MahaQbi1ynknvrkLOlQzNp65In0 HTTP/1.1" 200 357
201.245.192.253 - - [14/Nov/2023:09:43:20 -0500] "POST /forms/lservlet;jsessionid=ac16012b30d6ab7451c33a3c46eea060a6a4a3d1c92d.e3iSbxaKaheRe3eRa38MahaQbi1ynknvrkLOlQzNp65In0 HTTP/1.1" 200 201
201.245.192.253 - - [14/Nov/2023:09:43:20 -0500] "POST /forms/lservlet;jsessionid=ac16012b30d6ab7451c33a3c46eea060a6a4a3d1c92d.e3iSbxaKaheRe3eRa38MahaQbi1ynknvrkLOlQzNp65In0 HTTP/1.1" 200 298
201.245.192.253 - - [14/Nov/2023:09:43:20 -0500] "POST /forms/lservlet;jsessionid=ac16012b30d6ab7451c33a3c46eea060a6a4a3d1c92d.e3iSbxaKaheRe3eRa38MahaQbi1ynknvrkLOlQzNp65In0 HTTP/1.1" 200 256
201.245.192.253 - - [14/Nov/2023:09:43:20 -0500] "POST /forms/lservlet;jsessionid=ac16012b30d6ab7451c33a3c46eea060a6a4a3d1c92d.e3iSbxaKaheRe3eRa38MahaQbi1ynknvrkLOlQzNp65In0 HTTP/1.1" 200 466
201.245.192.253 - - [14/Nov/2023:09:43:20 -0500] "POST /forms/lservlet;jsessionid=ac16012b30d6ab7451c33a3c46eea060a6a4a3d1c92d.e3iSbxaKaheRe3eRa38MahaQbi1ynknvrkLOlQzNp65In0 HTTP/1.1" 200 352
201.245.192.253 - - [14/Nov/2023:09:43:20 -0500] "POST /forms/lservlet;jsessionid=ac16012b30d6ab7451c33a3c46eea060a6a4a3d1c92d.e3iSbxaKaheRe3eRa38MahaQbi1ynknvrkLOlQzNp65In0 HTTP/1.1" 200 345
201.245.192.253 - - [14/Nov/2023:09:43:20 -0500] "POST /forms/lservlet;jsessionid=ac16012b30d6ab7451c33a3c46eea060a6a4a3d1c92d.e3iSbxaKaheRe3eRa38MahaQbi1ynknvrkLOlQzNp65In0 HTTP/1.1" 200 221
201.245.192.253 - - [14/Nov/2023:09:43:20 -0500] "POST /forms/lservlet;jsessionid=ac16012b30d6ab7451c33a3c46eea060a6a4a3d1c92d.e3iSbxaKaheRe3eRa38MahaQbi1ynknvrkLOlQzNp65In0 HTTP/1.1" 200 307
201.245.192.253 - - [14/Nov/2023:09:43:20 -0500] "POST /forms/lservlet;jsessionid=ac16012b30d6ab7451c33a3c46eea060a6a4a3d1c92d.e3iSbxaKaheRe3eRa38MahaQbi1ynknvrkLOlQzNp65In0 HTTP/1.1" 200 320
201.245.192.253 - - [14/Nov/2023:09:43:20 -0500] "POST /forms/lservlet;jsessionid=ac16012b30d6ab7451c33a3c46eea060a6a4a3d1c92d.e3iSbxaKaheRe3eRa38MahaQbi1ynknvrkLOlQzNp65In0 HTTP/1.1" 200 226
201.245.192.253 - - [14/Nov/2023:09:43:20 -0500] "POST /forms/lservlet;jsessionid=ac16012b30d6ab7451c33a3c46eea060a6a4a3d1c92d.e3iSbxaKaheRe3eRa38MahaQbi1ynknvrkLOlQzNp65In0 HTTP/1.1" 200 305
201.245.192.253 - - [14/Nov/2023:09:43:20 -0500] "POST /forms/lservlet;jsessionid=ac16012b30d6ab7451c33a3c46eea060a6a4a3d1c92d.e3iSbxaKaheRe3eRa38MahaQbi1ynknvrkLOlQzNp65In0 HTTP/1.1" 200 315
201.245.192.253 - - [14/Nov/2023:09:43:20 -0500] "POST /forms/lservlet;jsessionid=ac16012b30d6ab7451c33a3c46eea060a6a4a3d1c92d.e3iSbxaKaheRe3eRa38MahaQbi1ynknvrkLOlQzNp65In0 HTTP/1.1" 200 213
201.245.192.253 - - [14/Nov/2023:09:43:20 -0500] "POST /forms/lservlet;jsessionid=ac16012b30d6ab7451c33a3c46eea060a6a4a3d1c92d.e3iSbxaKaheRe3eRa38MahaQbi1ynknvrkLOlQzNp65In0 HTTP/1.1" 200 300
201.245.192.253 - - [14/Nov/2023:09:43:20 -0500] "POST /forms/lservlet;jsessionid=ac16012b30d6ab7451c33a3c46eea060a6a4a3d1c92d.e3iSbxaKaheRe3eRa38MahaQbi1ynknvrkLOlQzNp65In0 HTTP/1.1" 200 321
201.245.192.253 - - [14/Nov/2023:09:43:20 -0500] "POST /forms/lservlet;jsessionid=ac16012b30d6ab7451c33a3c46eea060a6a4a3d1c92d.e3iSbxaKaheRe3eRa38MahaQbi1ynknvrkLOlQzNp65In0 HTTP/1.1" 200 205
201.245.192.253 - - [14/Nov/2023:09:43:21 -0500] "POST /forms/lservlet;jsessionid=ac16012b30d6ab7451c33a3c46eea060a6a4a3d1c92d.e3iSbxaKaheRe3eRa38MahaQbi1ynknvrkLOlQzNp65In0 HTTP/1.1" 200 453
201.245.192.253 - - [14/Nov/2023:09:43:21 -0500] "POST /forms/lservlet;jsessionid=ac16012b30d6ab7451c33a3c46eea060a6a4a3d1c92d.e3iSbxaKaheRe3eRa38MahaQbi1ynknvrkLOlQzNp65In0 HTTP/1.1" 200 367
201.245.192.253 - - [14/Nov/2023:09:43:21 -0500] "POST /forms/lservlet;jsessionid=ac16012b30d6ab7451c33a3c46eea060a6a4a3d1c92d.e3iSbxaKaheRe3eRa38MahaQbi1ynknvrkLOlQzNp65In0 HTTP/1.1" 200 360
201.245.192.253 - - [14/Nov/2023:09:43:21 -0500] "POST /forms/lservlet;jsessionid=ac16012b30d6ab7451c33a3c46eea060a6a4a3d1c92d.e3iSbxaKaheRe3eRa38MahaQbi1ynknvrkLOlQzNp65In0 HTTP/1.1" 200 320
201.245.192.253 - - [14/Nov/2023:09:43:21 -0500] "POST /forms/lservlet;jsessionid=ac16012b30d6ab7451c33a3c46eea060a6a4a3d1c92d.e3iSbxaKaheRe3eRa38MahaQbi1ynknvrkLOlQzNp65In0 HTTP/1.1" 200 306
201.245.192.253 - - [14/Nov/2023:09:43:21 -0500] "POST /forms/lservlet;jsessionid=ac16012b30d6ab7451c33a3c46eea060a6a4a3d1c92d.e3iSbxaKaheRe3eRa38MahaQbi1ynknvrkLOlQzNp65In0 HTTP/1.1" 200 319
201.245.192.253 - - [14/Nov/2023:09:43:21 -0500] "POST /forms/lservlet;jsessionid=ac16012b30d6ab7451c33a3c46eea060a6a4a3d1c92d.e3iSbxaKaheRe3eRa38MahaQbi1ynknvrkLOlQzNp65In0 HTTP/1.1" 200 284
201.245.192.253 - - [14/Nov/2023:09:43:21 -0500] "POST /forms/lservlet;jsessionid=ac16012b30d6ab7451c33a3c46eea060a6a4a3d1c92d.e3iSbxaKaheRe3eRa38MahaQbi1ynknvrkLOlQzNp65In0 HTTP/1.1" 200 243
201.245.192.253 - - [14/Nov/2023:09:43:21 -0500] "POST /forms/lservlet;jsessionid=ac16012b30d6ab7451c33a3c46eea060a6a4a3d1c92d.e3iSbxaKaheRe3eRa38MahaQbi1ynknvrkLOlQzNp65In0 HTTP/1.1" 200 476
201.245.192.253 - - [14/Nov/2023:09:43:21 -0500] "POST /forms/lservlet;jsessionid=ac16012b30d6ab7451c33a3c46eea060a6a4a3d1c92d.e3iSbxaKaheRe3eRa38MahaQbi1ynknvrkLOlQzNp65In0 HTTP/1.1" 200 457
201.245.192.253 - - [14/Nov/2023:09:43:21 -0500] "POST /forms/lservlet;jsessionid=ac16012b30d6ab7451c33a3c46eea060a6a4a3d1c92d.e3iSbxaKaheRe3eRa38MahaQbi1ynknvrkLOlQzNp65In0 HTTP/1.1" 200 388
201.245.192.253 - - [14/Nov/2023:09:43:21 -0500] "POST /forms/lservlet;jsessionid=ac16012b30d6ab7451c33a3c46eea060a6a4a3d1c92d.e3iSbxaKaheRe3eRa38MahaQbi1ynknvrkLOlQzNp65In0 HTTP/1.1" 200 254
201.245.192.253 - - [14/Nov/2023:09:43:21 -0500] "POST /forms/lservlet;jsessionid=ac16012b30d6ab7451c33a3c46eea060a6a4a3d1c92d.e3iSbxaKaheRe3eRa38MahaQbi1ynknvrkLOlQzNp65In0 HTTP/1.1" 200 218
201.245.192.253 - - [14/Nov/2023:09:43:21 -0500] "POST /forms/lservlet;jsessionid=ac16012b30d6ab7451c33a3c46eea060a6a4a3d1c92d.e3iSbxaKaheRe3eRa38MahaQbi1ynknvrkLOlQzNp65In0 HTTP/1.1" 200 182
201.245.192.253 - - [14/Nov/2023:09:43:21 -0500] "POST /forms/lservlet;jsessionid=ac16012b30d6ab7451c33a3c46eea060a6a4a3d1c92d.e3iSbxaKaheRe3eRa38MahaQbi1ynknvrkLOlQzNp65In0 HTTP/1.1" 200 166
201.245.192.253 - - [14/Nov/2023:09:43:21 -0500] "POST /forms/lservlet;jsessionid=ac16012b30d6ab7451c33a3c46eea060a6a4a3d1c92d.e3iSbxaKaheRe3eRa38MahaQbi1ynknvrkLOlQzNp65In0 HTTP/1.1" 200 166
201.245.192.253 - - [14/Nov/2023:09:43:21 -0500] "POST /forms/lservlet;jsessionid=ac16012b30d6ab7451c33a3c46eea060a6a4a3d1c92d.e3iSbxaKaheRe3eRa38MahaQbi1ynknvrkLOlQzNp65In0 HTTP/1.1" 200 166
201.245.192.253 - - [14/Nov/2023:09:43:21 -0500] "POST /forms/lservlet;jsessionid=ac16012b30d6ab7451c33a3c46eea060a6a4a3d1c92d.e3iSbxaKaheRe3eRa38MahaQbi1ynknvrkLOlQzNp65In0 HTTP/1.1" 200 166
201.245.192.253 - - [14/Nov/2023:09:43:21 -0500] "POST /forms/lservlet;jsessionid=ac16012b30d6ab7451c33a3c46eea060a6a4a3d1c92d.e3iSbxaKaheRe3eRa38MahaQbi1ynknvrkLOlQzNp65In0 HTTP/1.1" 200 166
201.245.192.253 - - [14/Nov/2023:09:43:21 -0500] "POST /forms/lservlet;jsessionid=ac16012b30d6ab7451c33a3c46eea060a6a4a3d1c92d.e3iSbxaKaheRe3eRa38MahaQbi1ynknvrkLOlQzNp65In0 HTTP/1.1" 200 166
201.245.192.253 - - [14/Nov/2023:09:43:21 -0500] "POST /forms/lservlet;jsessionid=ac16012b30d6ab7451c33a3c46eea060a6a4a3d1c92d.e3iSbxaKaheRe3eRa38MahaQbi1ynknvrkLOlQzNp65In0 HTTP/1.1" 200 166
201.245.192.253 - - [14/Nov/2023:09:43:21 -0500] "POST /forms/lservlet;jsessionid=ac16012b30d6ab7451c33a3c46eea060a6a4a3d1c92d.e3iSbxaKaheRe3eRa38MahaQbi1ynknvrkLOlQzNp65In0 HTTP/1.1" 200 219
201.245.192.253 - - [14/Nov/2023:09:43:21 -0500] "POST /forms/lservlet;jsessionid=ac16012b30d6ab7451c33a3c46eea060a6a4a3d1c92d.e3iSbxaKaheRe3eRa38MahaQbi1ynknvrkLOlQzNp65In0 HTTP/1.1" 200 223
201.245.192.253 - - [14/Nov/2023:09:43:21 -0500] "POST /forms/lservlet;jsessionid=ac16012b30d6ab7451c33a3c46eea060a6a4a3d1c92d.e3iSbxaKaheRe3eRa38MahaQbi1ynknvrkLOlQzNp65In0 HTTP/1.1" 200 199
201.245.192.253 - - [14/Nov/2023:09:43:21 -0500] "POST /forms/lservlet;jsessionid=ac16012b30d6ab7451c33a3c46eea060a6a4a3d1c92d.e3iSbxaKaheRe3eRa38MahaQbi1ynknvrkLOlQzNp65In0 HTTP/1.1" 200 200
201.245.192.253 - - [14/Nov/2023:09:43:21 -0500] "POST /forms/lservlet;jsessionid=ac16012b30d6ab7451c33a3c46eea060a6a4a3d1c92d.e3iSbxaKaheRe3eRa38MahaQbi1ynknvrkLOlQzNp65In0 HTTP/1.1" 200 183
201.245.192.253 - - [14/Nov/2023:09:43:21 -0500] "POST /forms/lservlet;jsessionid=ac16012b30d6ab7451c33a3c46eea060a6a4a3d1c92d.e3iSbxaKaheRe3eRa38MahaQbi1ynknvrkLOlQzNp65In0 HTTP/1.1" 200 166
201.245.192.253 - - [14/Nov/2023:09:43:21 -0500] "POST /forms/lservlet;jsessionid=ac16012b30d6ab7451c33a3c46eea060a6a4a3d1c92d.e3iSbxaKaheRe3eRa38MahaQbi1ynknvrkLOlQzNp65In0 HTTP/1.1" 200 166
201.245.192.253 - - [14/Nov/2023:09:43:21 -0500] "POST /forms/lservlet;jsessionid=ac16012b30d6ab7451c33a3c46eea060a6a4a3d1c92d.e3iSbxaKaheRe3eRa38MahaQbi1ynknvrkLOlQzNp65In0 HTTP/1.1" 200 166
201.245.192.253 - - [14/Nov/2023:09:43:21 -0500] "POST /forms/lservlet;jsessionid=ac16012b30d6ab7451c33a3c46eea060a6a4a3d1c92d.e3iSbxaKaheRe3eRa38MahaQbi1ynknvrkLOlQzNp65In0 HTTP/1.1" 200 166
201.245.192.253 - - [14/Nov/2023:09:43:21 -0500] "POST /forms/lservlet;jsessionid=ac16012b30d6ab7451c33a3c46eea060a6a4a3d1c92d.e3iSbxaKaheRe3eRa38MahaQbi1ynknvrkLOlQzNp65In0 HTTP/1.1" 200 166
201.245.192.253 - - [14/Nov/2023:09:43:22 -0500] "POST /forms/lservlet;jsessionid=ac16012b30d6ab7451c33a3c46eea060a6a4a3d1c92d.e3iSbxaKaheRe3eRa38MahaQbi1ynknvrkLOlQzNp65In0 HTTP/1.1" 200 206
201.245.192.253 - - [14/Nov/2023:09:43:22 -0500] "POST /forms/lservlet;jsessionid=ac16012b30d6ab7451c33a3c46eea060a6a4a3d1c92d.e3iSbxaKaheRe3eRa38MahaQbi1ynknvrkLOlQzNp65In0 HTTP/1.1" 200 182
201.245.192.253 - - [14/Nov/2023:09:43:22 -0500] "POST /forms/lservlet;jsessionid=ac16012b30d6ab7451c33a3c46eea060a6a4a3d1c92d.e3iSbxaKaheRe3eRa38MahaQbi1ynknvrkLOlQzNp65In0 HTTP/1.1" 200 223
201.245.192.253 - - [14/Nov/2023:09:43:22 -0500] "POST /forms/lservlet;jsessionid=ac16012b30d6ab7451c33a3c46eea060a6a4a3d1c92d.e3iSbxaKaheRe3eRa38MahaQbi1ynknvrkLOlQzNp65In0 HTTP/1.1" 200 238
201.245.192.253 - - [14/Nov/2023:09:43:22 -0500] "POST /forms/lservlet;jsessionid=ac16012b30d6ab7451c33a3c46eea060a6a4a3d1c92d.e3iSbxaKaheRe3eRa38MahaQbi1ynknvrkLOlQzNp65In0 HTTP/1.1" 200 199
201.245.192.253 - - [14/Nov/2023:09:43:22 -0500] "POST /forms/lservlet;jsessionid=ac16012b30d6ab7451c33a3c46eea060a6a4a3d1c92d.e3iSbxaKaheRe3eRa38MahaQbi1ynknvrkLOlQzNp65In0 HTTP/1.1" 200 200
201.245.192.253 - - [14/Nov/2023:09:43:22 -0500] "POST /forms/lservlet;jsessionid=ac16012b30d6ab7451c33a3c46eea060a6a4a3d1c92d.e3iSbxaKaheRe3eRa38MahaQbi1ynknvrkLOlQzNp65In0 HTTP/1.1" 200 303
201.245.192.253 - - [14/Nov/2023:09:43:22 -0500] "POST /forms/lservlet;jsessionid=ac16012b30d6ab7451c33a3c46eea060a6a4a3d1c92d.e3iSbxaKaheRe3eRa38MahaQbi1ynknvrkLOlQzNp65In0 HTTP/1.1" 200 493
201.245.192.253 - - [14/Nov/2023:09:43:22 -0500] "POST /forms/lservlet;jsessionid=ac16012b30d6ab7451c33a3c46eea060a6a4a3d1c92d.e3iSbxaKaheRe3eRa38MahaQbi1ynknvrkLOlQzNp65In0 HTTP/1.1" 200 344
201.245.192.253 - - [14/Nov/2023:09:43:22 -0500] "POST /forms/lservlet;jsessionid=ac16012b30d6ab7451c33a3c46eea060a6a4a3d1c92d.e3iSbxaKaheRe3eRa38MahaQbi1ynknvrkLOlQzNp65In0 HTTP/1.1" 200 268
201.245.192.253 - - [14/Nov/2023:09:43:22 -0500] "POST /forms/lservlet;jsessionid=ac16012b30d6ab7451c33a3c46eea060a6a4a3d1c92d.e3iSbxaKaheRe3eRa38MahaQbi1ynknvrkLOlQzNp65In0 HTTP/1.1" 200 235
201.245.192.253 - - [14/Nov/2023:09:43:22 -0500] "POST /forms/lservlet;jsessionid=ac16012b30d6ab7451c33a3c46eea060a6a4a3d1c92d.e3iSbxaKaheRe3eRa38MahaQbi1ynknvrkLOlQzNp65In0 HTTP/1.1" 200 199
201.245.192.253 - - [14/Nov/2023:09:43:22 -0500] "POST /forms/lservlet;jsessionid=ac16012b30d6ab7451c33a3c46eea060a6a4a3d1c92d.e3iSbxaKaheRe3eRa38MahaQbi1ynknvrkLOlQzNp65In0 HTTP/1.1" 200 166
201.245.192.253 - - [14/Nov/2023:09:43:22 -0500] "POST /forms/lservlet;jsessionid=ac16012b30d6ab7451c33a3c46eea060a6a4a3d1c92d.e3iSbxaKaheRe3eRa38MahaQbi1ynknvrkLOlQzNp65In0 HTTP/1.1" 200 325
201.245.192.253 - - [14/Nov/2023:09:43:22 -0500] "POST /forms/lservlet;jsessionid=ac16012b30d6ab7451c33a3c46eea060a6a4a3d1c92d.e3iSbxaKaheRe3eRa38MahaQbi1ynknvrkLOlQzNp65In0 HTTP/1.1" 200 185
201.245.192.253 - - [14/Nov/2023:09:43:22 -0500] "POST /forms/lservlet;jsessionid=ac16012b30d6ab7451c33a3c46eea060a6a4a3d1c92d.e3iSbxaKaheRe3eRa38MahaQbi1ynknvrkLOlQzNp65In0 HTTP/1.1" 200 207
201.245.192.253 - - [14/Nov/2023:09:43:22 -0500] "POST /forms/lservlet;jsessionid=ac16012b30d6ab7451c33a3c46eea060a6a4a3d1c92d.e3iSbxaKaheRe3eRa38MahaQbi1ynknvrkLOlQzNp65In0 HTTP/1.1" 200 279
201.245.192.253 - - [14/Nov/2023:09:43:22 -0500] "POST /forms/lservlet;jsessionid=ac16012b30d6ab7451c33a3c46eea060a6a4a3d1c92d.e3iSbxaKaheRe3eRa38MahaQbi1ynknvrkLOlQzNp65In0 HTTP/1.1" 200 283
201.245.192.253 - - [14/Nov/2023:09:43:22 -0500] "POST /forms/lservlet;jsessionid=ac16012b30d6ab7451c33a3c46eea060a6a4a3d1c92d.e3iSbxaKaheRe3eRa38MahaQbi1ynknvrkLOlQzNp65In0 HTTP/1.1" 200 289
201.245.192.253 - - [14/Nov/2023:09:43:22 -0500] "POST /forms/lservlet;jsessionid=ac16012b30d6ab7451c33a3c46eea060a6a4a3d1c92d.e3iSbxaKaheRe3eRa38MahaQbi1ynknvrkLOlQzNp65In0 HTTP/1.1" 200 438
201.245.192.253 - - [14/Nov/2023:09:43:22 -0500] "POST /forms/lservlet;jsessionid=ac16012b30d6ab7451c33a3c46eea060a6a4a3d1c92d.e3iSbxaKaheRe3eRa38MahaQbi1ynknvrkLOlQzNp65In0 HTTP/1.1" 200 314
201.245.192.253 - - [14/Nov/2023:09:43:22 -0500] "POST /forms/lservlet;jsessionid=ac16012b30d6ab7451c33a3c46eea060a6a4a3d1c92d.e3iSbxaKaheRe3eRa38MahaQbi1ynknvrkLOlQzNp65In0 HTTP/1.1" 200 220
201.245.192.253 - - [14/Nov/2023:09:43:22 -0500] "POST /forms/lservlet;jsessionid=ac16012b30d6ab7451c33a3c46eea060a6a4a3d1c92d.e3iSbxaKaheRe3eRa38MahaQbi1ynknvrkLOlQzNp65In0 HTTP/1.1" 200 326
201.245.192.253 - - [14/Nov/2023:09:43:22 -0500] "POST /forms/lservlet;jsessionid=ac16012b30d6ab7451c33a3c46eea060a6a4a3d1c92d.e3iSbxaKaheRe3eRa38MahaQbi1ynknvrkLOlQzNp65In0 HTTP/1.1" 200 346
201.245.192.253 - - [14/Nov/2023:09:43:22 -0500] "POST /forms/lservlet;jsessionid=ac16012b30d6ab7451c33a3c46eea060a6a4a3d1c92d.e3iSbxaKaheRe3eRa38MahaQbi1ynknvrkLOlQzNp65In0 HTTP/1.1" 200 455
201.245.192.253 - - [14/Nov/2023:09:43:22 -0500] "POST /forms/lservlet;jsessionid=ac16012b30d6ab7451c33a3c46eea060a6a4a3d1c92d.e3iSbxaKaheRe3eRa38MahaQbi1ynknvrkLOlQzNp65In0 HTTP/1.1" 200 219
201.245.192.253 - - [14/Nov/2023:09:43:22 -0500] "POST /forms/lservlet;jsessionid=ac16012b30d6ab7451c33a3c46eea060a6a4a3d1c92d.e3iSbxaKaheRe3eRa38MahaQbi1ynknvrkLOlQzNp65In0 HTTP/1.1" 200 200
201.245.192.253 - - [14/Nov/2023:09:43:22 -0500] "POST /forms/lservlet;jsessionid=ac16012b30d6ab7451c33a3c46eea060a6a4a3d1c92d.e3iSbxaKaheRe3eRa38MahaQbi1ynknvrkLOlQzNp65In0 HTTP/1.1" 200 181
201.245.192.253 - - [14/Nov/2023:09:43:22 -0500] "POST /forms/lservlet;jsessionid=ac16012b30d6ab7451c33a3c46eea060a6a4a3d1c92d.e3iSbxaKaheRe3eRa38MahaQbi1ynknvrkLOlQzNp65In0 HTTP/1.1" 200 240
201.245.192.253 - - [14/Nov/2023:09:43:22 -0500] "POST /forms/lservlet;jsessionid=ac16012b30d6ab7451c33a3c46eea060a6a4a3d1c92d.e3iSbxaKaheRe3eRa38MahaQbi1ynknvrkLOlQzNp65In0 HTTP/1.1" 200 254
201.245.192.253 - - [14/Nov/2023:09:43:23 -0500] "POST /forms/lservlet;jsessionid=ac16012b30d6ab7451c33a3c46eea060a6a4a3d1c92d.e3iSbxaKaheRe3eRa38MahaQbi1ynknvrkLOlQzNp65In0 HTTP/1.1" 200 297
201.245.192.253 - - [14/Nov/2023:09:43:23 -0500] "POST /forms/lservlet;jsessionid=ac16012b30d6ab7451c33a3c46eea060a6a4a3d1c92d.e3iSbxaKaheRe3eRa38MahaQbi1ynknvrkLOlQzNp65In0 HTTP/1.1" 200 279
201.245.192.253 - - [14/Nov/2023:09:43:23 -0500] "POST /forms/lservlet;jsessionid=ac16012b30d6ab7451c33a3c46eea060a6a4a3d1c92d.e3iSbxaKaheRe3eRa38MahaQbi1ynknvrkLOlQzNp65In0 HTTP/1.1" 200 216
201.245.192.253 - - [14/Nov/2023:09:43:23 -0500] "POST /forms/lservlet;jsessionid=ac16012b30d6ab7451c33a3c46eea060a6a4a3d1c92d.e3iSbxaKaheRe3eRa38MahaQbi1ynknvrkLOlQzNp65In0 HTTP/1.1" 200 273
201.245.192.253 - - [14/Nov/2023:09:43:23 -0500] "POST /forms/lservlet;jsessionid=ac16012b30d6ab7451c33a3c46eea060a6a4a3d1c92d.e3iSbxaKaheRe3eRa38MahaQbi1ynknvrkLOlQzNp65In0 HTTP/1.1" 200 57
201.245.192.253 - - [14/Nov/2023:09:43:23 -0500] "POST /forms/lservlet;jsessionid=ac16012b30d6ab7451c33a3c46eea060a6a4a3d1c92d.e3iSbxaKaheRe3eRa38MahaQbi1ynknvrkLOlQzNp65In0 HTTP/1.1" 200 32
201.245.192.253 - - [14/Nov/2023:09:43:23 -0500] "POST /forms/lservlet;jsessionid=ac16012b30d6ab7451c33a3c46eea060a6a4a3d1c92d.e3iSbxaKaheRe3eRa38MahaQbi1ynknvrkLOlQzNp65In0 HTTP/1.1" 200 31
201.245.192.253 - - [14/Nov/2023:09:43:23 -0500] "POST /forms/lservlet;jsessionid=ac16012b30d6ab7451c33a3c46eea060a6a4a3d1c92d.e3iSbxaKaheRe3eRa38MahaQbi1ynknvrkLOlQzNp65In0 HTTP/1.1" 200 31
201.245.192.253 - - [14/Nov/2023:09:43:23 -0500] "POST /forms/lservlet;jsessionid=ac16012b30d6ab7451c33a3c46eea060a6a4a3d1c92d.e3iSbxaKaheRe3eRa38MahaQbi1ynknvrkLOlQzNp65In0 HTTP/1.1" 200 31
201.245.192.253 - - [14/Nov/2023:09:43:23 -0500] "POST /forms/lservlet;jsessionid=ac16012b30d6ab7451c33a3c46eea060a6a4a3d1c92d.e3iSbxaKaheRe3eRa38MahaQbi1ynknvrkLOlQzNp65In0 HTTP/1.1" 200 31
201.245.192.253 - - [14/Nov/2023:09:43:23 -0500] "POST /forms/lservlet;jsessionid=ac16012b30d6ab7451c33a3c46eea060a6a4a3d1c92d.e3iSbxaKaheRe3eRa38MahaQbi1ynknvrkLOlQzNp65In0 HTTP/1.1" 200 31
201.245.192.253 - - [14/Nov/2023:09:43:23 -0500] "POST /forms/lservlet;jsessionid=ac16012b30d6ab7451c33a3c46eea060a6a4a3d1c92d.e3iSbxaKaheRe3eRa38MahaQbi1ynknvrkLOlQzNp65In0 HTTP/1.1" 200 31
201.245.192.253 - - [14/Nov/2023:09:43:23 -0500] "POST /forms/lservlet;jsessionid=ac16012b30d6ab7451c33a3c46eea060a6a4a3d1c92d.e3iSbxaKaheRe3eRa38MahaQbi1ynknvrkLOlQzNp65In0 HTTP/1.1" 200 31
201.245.192.253 - - [14/Nov/2023:09:43:23 -0500] "POST /forms/lservlet;jsessionid=ac16012b30d6ab7451c33a3c46eea060a6a4a3d1c92d.e3iSbxaKaheRe3eRa38MahaQbi1ynknvrkLOlQzNp65In0 HTTP/1.1" 200 31
201.245.192.253 - - [14/Nov/2023:09:43:23 -0500] "POST /forms/lservlet;jsessionid=ac16012b30d6ab7451c33a3c46eea060a6a4a3d1c92d.e3iSbxaKaheRe3eRa38MahaQbi1ynknvrkLOlQzNp65In0 HTTP/1.1" 200 31
201.245.192.253 - - [14/Nov/2023:09:43:23 -0500] "POST /forms/lservlet;jsessionid=ac16012b30d6ab7451c33a3c46eea060a6a4a3d1c92d.e3iSbxaKaheRe3eRa38MahaQbi1ynknvrkLOlQzNp65In0 HTTP/1.1" 200 31
201.245.192.253 - - [14/Nov/2023:09:43:23 -0500] "POST /forms/lservlet;jsessionid=ac16012b30d6ab7451c33a3c46eea060a6a4a3d1c92d.e3iSbxaKaheRe3eRa38MahaQbi1ynknvrkLOlQzNp65In0 HTTP/1.1" 200 31
201.245.192.253 - - [14/Nov/2023:09:43:23 -0500] "POST /forms/lservlet;jsessionid=ac16012b30d6ab7451c33a3c46eea060a6a4a3d1c92d.e3iSbxaKaheRe3eRa38MahaQbi1ynknvrkLOlQzNp65In0 HTTP/1.1" 200 31
201.245.192.253 - - [14/Nov/2023:09:43:23 -0500] "POST /forms/lservlet;jsessionid=ac16012b30d6ab7451c33a3c46eea060a6a4a3d1c92d.e3iSbxaKaheRe3eRa38MahaQbi1ynknvrkLOlQzNp65In0 HTTP/1.1" 200 31
201.245.192.253 - - [14/Nov/2023:09:43:23 -0500] "POST /forms/lservlet;jsessionid=ac16012b30d6ab7451c33a3c46eea060a6a4a3d1c92d.e3iSbxaKaheRe3eRa38MahaQbi1ynknvrkLOlQzNp65In0 HTTP/1.1" 200 31
201.245.192.253 - - [14/Nov/2023:09:43:23 -0500] "POST /forms/lservlet;jsessionid=ac16012b30d6ab7451c33a3c46eea060a6a4a3d1c92d.e3iSbxaKaheRe3eRa38MahaQbi1ynknvrkLOlQzNp65In0 HTTP/1.1" 200 31
201.245.192.253 - - [14/Nov/2023:09:43:23 -0500] "POST /forms/lservlet;jsessionid=ac16012b30d6ab7451c33a3c46eea060a6a4a3d1c92d.e3iSbxaKaheRe3eRa38MahaQbi1ynknvrkLOlQzNp65In0 HTTP/1.1" 200 31
201.245.192.253 - - [14/Nov/2023:09:43:23 -0500] "POST /forms/lservlet;jsessionid=ac16012b30d6ab7451c33a3c46eea060a6a4a3d1c92d.e3iSbxaKaheRe3eRa38MahaQbi1ynknvrkLOlQzNp65In0 HTTP/1.1" 200 31
201.245.192.253 - - [14/Nov/2023:09:43:23 -0500] "POST /forms/lservlet;jsessionid=ac16012b30d6ab7451c33a3c46eea060a6a4a3d1c92d.e3iSbxaKaheRe3eRa38MahaQbi1ynknvrkLOlQzNp65In0 HTTP/1.1" 200 31
190.26.205.194 - - [14/Nov/2023:09:43:23 -0500] "POST /sipse/faces/presentacion/financiero/solicitudAnulacion/registrarSolicitudAnulacion.xhtml HTTP/1.1" 200 40868
190.26.205.194 - - [14/Nov/2023:09:43:24 -0500] "GET /sipse/faces/javax.faces.resource/primefaces.css?ln=primefaces&v=4.0 HTTP/1.1" 304 -
190.26.205.194 - - [14/Nov/2023:09:43:24 -0500] "GET /sipse/faces/javax.faces.resource/jquery/jquery.js?ln=primefaces&v=4.0 HTTP/1.1" 304 -
190.26.205.194 - - [14/Nov/2023:09:43:24 -0500] "GET /sipse/faces/javax.faces.resource/theme.css?ln=primefaces-sipse HTTP/1.1" 304 -
190.26.205.194 - - [14/Nov/2023:09:43:24 -0500] "GET /sipse/faces/javax.faces.resource/layout/layout.css?ln=primefaces&v=4.0 HTTP/1.1" 304 -
190.26.205.194 - - [14/Nov/2023:09:43:24 -0500] "GET /sipse/faces/javax.faces.resource/jquery/jquery-plugins.js?ln=primefaces&v=4.0 HTTP/1.1" 304 -
190.26.205.194 - - [14/Nov/2023:09:43:24 -0500] "GET /sipse/faces/javax.faces.resource/primefaces.js?ln=primefaces&v=4.0 HTTP/1.1" 304 -
190.26.205.194 - - [14/Nov/2023:09:43:24 -0500] "GET /sipse/faces/javax.faces.resource/layout/layout.js?ln=primefaces&v=4.0 HTTP/1.1" 304 -
201.245.192.253 - - [14/Nov/2023:09:43:24 -0500] "POST /forms/lservlet;jsessionid=ac16012b30d6ab7451c33a3c46eea060a6a4a3d1c92d.e3iSbxaKaheRe3eRa38MahaQbi1ynknvrkLOlQzNp65In0 HTTP/1.1" 200 362
172.22.2.4 - - [14/Nov/2023:09:43:30 -0500] "GET /BLA/boletinlegal/consulta_actos.php?tipo=resoluciones&no=&usuario=&sector=&fecha=2023&resuelve= HTTP/1.1" 200 346231
172.22.2.4 - - [14/Nov/2023:09:43:31 -0500] "GET /BLA/boletinlegal/consulta_actos.php?tipo=resoluciones&no=&usuario=&sector=&fecha=2023&resuelve= HTTP/1.1" 200 346231
190.26.205.194 - - [14/Nov/2023:09:43:31 -0500] "POST /sipse/faces/presentacion/financiero/solicitudProceso/consultar.xhtml HTTP/1.1" 200 12700
181.59.3.29 - - [14/Nov/2023:09:43:34 -0500] "GET /BLA/resoluciones/RESOLUCIONES%202023/4767.pdf HTTP/1.1" 206 1
181.59.3.29 - - [14/Nov/2023:09:43:34 -0500] "GET /BLA/resoluciones/RESOLUCIONES%202023/4767.pdf HTTP/1.1" 206 497674
181.59.3.29 - - [14/Nov/2023:09:43:38 -0500] "GET /BLA/resoluciones/RESOLUCIONES%202023/4767.pdf HTTP/1.1" 206 1
181.59.3.29 - - [14/Nov/2023:09:43:38 -0500] "GET /BLA/resoluciones/RESOLUCIONES%202023/4767.pdf HTTP/1.1" 206 497674
190.26.205.194 - - [14/Nov/2023:09:43:39 -0500] "POST /sipse/faces/presentacion/financiero/solicitudProceso/consultar.xhtml HTTP/1.1" 200 2392
201.245.192.253 - - [14/Nov/2023:09:43:39 -0500] "POST /forms/lservlet;jsessionid=ac16012b30d6ab7451c33a3c46eea060a6a4a3d1c92d.e3iSbxaKaheRe3eRa38MahaQbi1ynknvrkLOlQzNp65In0 HTTP/1.1" 200 2
201.245.192.253 - - [14/Nov/2023:09:43:39 -0500] "POST /forms/lservlet;jsessionid=ac16012b30d6ab7451c33a3c46eea060a6a4a3d1c92d.e3iSbxaKaheRe3eRa38MahaQbi1ynknvrkLOlQzNp65In0 HTTP/1.1" 200 14
201.245.192.253 - - [14/Nov/2023:09:43:40 -0500] "POST /forms/lservlet;jsessionid=ac16012b30d6ab7451c33a3c46eea060a6a4a3d1c92d.e3iSbxaKaheRe3eRa38MahaQbi1ynknvrkLOlQzNp65In0 HTTP/1.1" 200 14
201.245.192.253 - - [14/Nov/2023:09:43:41 -0500] "POST /forms/lservlet;jsessionid=ac16012b30d6ab7451c33a3c46eea060a6a4a3d1c92d.e3iSbxaKaheRe3eRa38MahaQbi1ynknvrkLOlQzNp65In0 HTTP/1.1" 200 14
201.245.192.253 - - [14/Nov/2023:09:43:43 -0500] "POST /forms/lservlet;jsessionid=ac16012b30d6ab7451c33a3c46eea060a6a4a3d1c92d.e3iSbxaKaheRe3eRa38MahaQbi1ynknvrkLOlQzNp65In0 HTTP/1.1" 200 14
201.245.192.253 - - [14/Nov/2023:09:43:45 -0500] "POST /forms/lservlet;jsessionid=ac16012b30d6ab7451c33a3c46eea060a6a4a3d1c92d.e3iSbxaKaheRe3eRa38MahaQbi1ynknvrkLOlQzNp65In0 HTTP/1.1" 200 15
201.245.192.253 - - [14/Nov/2023:09:43:47 -0500] "POST /forms/lservlet;jsessionid=ac16012b30d6ab7451c33a3c46eea060a6a4a3d1c92d.e3iSbxaKaheRe3eRa38MahaQbi1ynknvrkLOlQzNp65In0 HTTP/1.1" 200 15
201.245.192.253 - - [14/Nov/2023:09:43:51 -0500] "POST /forms/lservlet;jsessionid=ac16012b30d6ab7451c33a3c46eea060a6a4a3d1c92d.e3iSbxaKaheRe3eRa38MahaQbi1ynknvrkLOlQzNp65In0 HTTP/1.1" 200 1499
201.245.192.253 - - [14/Nov/2023:09:43:52 -0500] "POST /forms/lservlet;jsessionid=ac16012b30d6ab7451c33a3c46eea060a6a4a3d1c92d.e3iSbxaKaheRe3eRa38MahaQbi1ynknvrkLOlQzNp65In0 HTTP/1.1" 200 2
201.245.192.253 - - [14/Nov/2023:09:43:54 -0500] "POST /forms/lservlet;jsessionid=ac16012b30d6ab7451c33a3c46eea060a6a4a3d1c92d.e3iSbxaKaheRe3eRa38MahaQbi1ynknvrkLOlQzNp65In0 HTTP/1.1" 200 72
201.245.192.253 - - [14/Nov/2023:09:43:54 -0500] "POST /forms/lservlet;jsessionid=ac16012b30d6ab7451c33a3c46eea060a6a4a3d1c92d.e3iSbxaKaheRe3eRa38MahaQbi1ynknvrkLOlQzNp65In0 HTTP/1.1" 200 2
172.22.2.4 - - [14/Nov/2023:09:43:57 -0500] "GET /BLA/boletinlegal/consulta_actos.php?tipo=resoluciones&no=&usuario=&sector=&fecha=2022&resuelve= HTTP/1.1" 200 4986185
181.59.3.29 - - [14/Nov/2023:09:43:59 -0500] "GET /BLA/resoluciones/RESOLUCIONES%202022/5684.pdf HTTP/1.1" 200 728312
201.245.192.253 - - [14/Nov/2023:09:44:00 -0500] "POST /forms/lservlet;jsessionid=ac16012b30d6ab7451c33a3c46eea060a6a4a3d1c92d.e3iSbxaKaheRe3eRa38MahaQbi1ynknvrkLOlQzNp65In0 HTTP/1.1" 200 10044
181.59.3.29 - - [14/Nov/2023:09:44:01 -0500] "GET /BLA/resoluciones/RESOLUCIONES%202022/5684.pdf HTTP/1.1" 206 1
201.245.192.253 - - [14/Nov/2023:09:44:01 -0500] "POST /forms/lservlet;jsessionid=ac16012b30d6ab7451c33a3c46eea060a6a4a3d1c92d.e3iSbxaKaheRe3eRa38MahaQbi1ynknvrkLOlQzNp65In0 HTTP/1.1" 200 47
201.245.192.253 - - [14/Nov/2023:09:44:01 -0500] "POST /forms/lservlet;jsessionid=ac16012b30d6ab7451c33a3c46eea060a6a4a3d1c92d.e3iSbxaKaheRe3eRa38MahaQbi1ynknvrkLOlQzNp65In0 HTTP/1.1" 200 2
201.245.192.253 - - [14/Nov/2023:09:44:01 -0500] "POST /forms/lservlet;jsessionid=ac16012b30d6ab7451c33a3c46eea060a6a4a3d1c92d.e3iSbxaKaheRe3eRa38MahaQbi1ynknvrkLOlQzNp65In0 HTTP/1.1" 200 2
201.245.192.253 - - [14/Nov/2023:09:44:01 -0500] "POST /forms/lservlet;jsessionid=ac16012b30d6ab7451c33a3c46eea060a6a4a3d1c92d.e3iSbxaKaheRe3eRa38MahaQbi1ynknvrkLOlQzNp65In0 HTTP/1.1" 200 2
201.245.192.253 - - [14/Nov/2023:09:44:01 -0500] "POST /forms/lservlet;jsessionid=ac16012b30d6ab7451c33a3c46eea060a6a4a3d1c92d.e3iSbxaKaheRe3eRa38MahaQbi1ynknvrkLOlQzNp65In0 HTTP/1.1" 200 163
201.245.192.253 - - [14/Nov/2023:09:44:01 -0500] "POST /forms/lservlet;jsessionid=ac16012b30d6ab7451c33a3c46eea060a6a4a3d1c92d.e3iSbxaKaheRe3eRa38MahaQbi1ynknvrkLOlQzNp65In0 HTTP/1.1" 200 221
201.245.192.253 - - [14/Nov/2023:09:44:01 -0500] "POST /forms/lservlet;jsessionid=ac16012b30d6ab7451c33a3c46eea060a6a4a3d1c92d.e3iSbxaKaheRe3eRa38MahaQbi1ynknvrkLOlQzNp65In0 HTTP/1.1" 200 223
181.59.3.29 - - [14/Nov/2023:09:44:02 -0500] "GET /BLA/resoluciones/RESOLUCIONES%202022/5684.pdf HTTP/1.1" 206 1
201.245.192.253 - - [14/Nov/2023:09:44:02 -0500] "POST /forms/lservlet;jsessionid=ac16012b30d6ab7451c33a3c46eea060a6a4a3d1c92d.e3iSbxaKaheRe3eRa38MahaQbi1ynknvrkLOlQzNp65In0 HTTP/1.1" 200 207
181.59.3.29 - - [14/Nov/2023:09:44:02 -0500] "GET /BLA/resoluciones/RESOLUCIONES%202022/5684.pdf HTTP/1.1" 206 725664
201.245.192.253 - - [14/Nov/2023:09:44:03 -0500] "POST /forms/lservlet;jsessionid=ac16012b30d6ab7451c33a3c46eea060a6a4a3d1c92d.e3iSbxaKaheRe3eRa38MahaQbi1ynknvrkLOlQzNp65In0 HTTP/1.1" 200 90
181.59.3.29 - - [14/Nov/2023:09:44:03 -0500] "GET /BLA/resoluciones/RESOLUCIONES%202022/5684.pdf HTTP/1.1" 206 1
181.59.3.29 - - [14/Nov/2023:09:44:03 -0500] "GET /BLA/resoluciones/RESOLUCIONES%202022/5684.pdf HTTP/1.1" 206 717230
201.245.192.253 - - [14/Nov/2023:09:44:03 -0500] "POST /forms/lservlet;jsessionid=ac16012b30d6ab7451c33a3c46eea060a6a4a3d1c92d.e3iSbxaKaheRe3eRa38MahaQbi1ynknvrkLOlQzNp65In0 HTTP/1.1" 200 2
201.245.192.253 - - [14/Nov/2023:09:44:04 -0500] "POST /forms/lservlet;jsessionid=ac16012b30d6ab7451c33a3c46eea060a6a4a3d1c92d.e3iSbxaKaheRe3eRa38MahaQbi1ynknvrkLOlQzNp65In0 HTTP/1.1" 200 2076
201.245.192.253 - - [14/Nov/2023:09:44:04 -0500] "POST /forms/lservlet;jsessionid=ac16012b30d6ab7451c33a3c46eea060a6a4a3d1c92d.e3iSbxaKaheRe3eRa38MahaQbi1ynknvrkLOlQzNp65In0 HTTP/1.1" 200 11
181.59.3.29 - - [14/Nov/2023:09:44:04 -0500] "GET /BLA/resoluciones/RESOLUCIONES%202022/5684.pdf HTTP/1.1" 206 1
181.59.3.29 - - [14/Nov/2023:09:44:04 -0500] "GET /BLA/resoluciones/RESOLUCIONES%202022/5684.pdf HTTP/1.1" 206 717230
201.245.192.253 - - [14/Nov/2023:09:44:04 -0500] "POST /forms/lservlet;jsessionid=ac16012b30d6ab7451c33a3c46eea060a6a4a3d1c92d.e3iSbxaKaheRe3eRa38MahaQbi1ynknvrkLOlQzNp65In0 HTTP/1.1" 200 2
201.245.192.253 - - [14/Nov/2023:09:44:04 -0500] "POST /forms/lservlet;jsessionid=ac16012b30d6ab7451c33a3c46eea060a6a4a3d1c92d.e3iSbxaKaheRe3eRa38MahaQbi1ynknvrkLOlQzNp65In0 HTTP/1.1" 200 827
201.245.192.253 - - [14/Nov/2023:09:44:04 -0500] "POST /forms/lservlet;jsessionid=ac16012b30d6ab7451c33a3c46eea060a6a4a3d1c92d.e3iSbxaKaheRe3eRa38MahaQbi1ynknvrkLOlQzNp65In0 HTTP/1.1" 200 11
181.59.3.29 - - [14/Nov/2023:09:44:05 -0500] "GET /BLA/resoluciones/RESOLUCIONES%202022/5684.pdf HTTP/1.1" 206 1
181.59.3.29 - - [14/Nov/2023:09:44:05 -0500] "GET /BLA/resoluciones/RESOLUCIONES%202022/5684.pdf HTTP/1.1" 206 717230
190.26.205.194 - - [14/Nov/2023:09:44:05 -0500] "POST /sipse/faces/presentacion/financiero/solicitudProceso/consultar.xhtml HTTP/1.1" 200 24288
201.245.192.253 - - [14/Nov/2023:09:44:06 -0500] "POST /forms/lservlet;jsessionid=ac16012b30d6ab7451c33a3c46eea060a6a4a3d1c92d.e3iSbxaKaheRe3eRa38MahaQbi1ynknvrkLOlQzNp65In0 HTTP/1.1" 200 2
201.245.192.253 - - [14/Nov/2023:09:44:06 -0500] "POST /forms/lservlet;jsessionid=ac16012b30d6ab7451c33a3c46eea060a6a4a3d1c92d.e3iSbxaKaheRe3eRa38MahaQbi1ynknvrkLOlQzNp65In0 HTTP/1.1" 200 255
201.245.192.253 - - [14/Nov/2023:09:44:06 -0500] "POST /forms/lservlet;jsessionid=ac16012b30d6ab7451c33a3c46eea060a6a4a3d1c92d.e3iSbxaKaheRe3eRa38MahaQbi1ynknvrkLOlQzNp65In0 HTTP/1.1" 200 11
201.245.192.253 - - [14/Nov/2023:09:44:07 -0500] "POST /forms/lservlet;jsessionid=ac16012b30d6ab7451c33a3c46eea060a6a4a3d1c92d.e3iSbxaKaheRe3eRa38MahaQbi1ynknvrkLOlQzNp65In0 HTTP/1.1" 200 79
190.26.205.194 - - [14/Nov/2023:09:44:08 -0500] "POST /sipse/faces/presentacion/financiero/solicitudProceso/consultar.xhtml HTTP/1.1" 200 24288
201.245.192.253 - - [14/Nov/2023:09:44:09 -0500] "POST /forms/lservlet;jsessionid=ac16012b30d6ab7451c33a3c46eea060a6a4a3d1c92d.e3iSbxaKaheRe3eRa38MahaQbi1ynknvrkLOlQzNp65In0 HTTP/1.1" 200 7
190.26.205.194 - - [14/Nov/2023:09:44:11 -0500] "POST /sipse/faces/presentacion/financiero/solicitudProceso/consultar.xhtml HTTP/1.1" 200 24288
190.26.205.194 - - [14/Nov/2023:09:44:12 -0500] "POST /sipse/faces/presentacion/financiero/solicitudProceso/consultar.xhtml HTTP/1.1" 200 36143
190.26.205.194 - - [14/Nov/2023:09:44:12 -0500] "GET /sipse/faces/javax.faces.resource/theme.css?ln=primefaces-sipse HTTP/1.1" 304 -
190.26.205.194 - - [14/Nov/2023:09:44:12 -0500] "GET /sipse/faces/javax.faces.resource/primefaces.css?ln=primefaces&v=4.0 HTTP/1.1" 304 -
190.26.205.194 - - [14/Nov/2023:09:44:12 -0500] "GET /sipse/faces/javax.faces.resource/layout/layout.css?ln=primefaces&v=4.0 HTTP/1.1" 304 -
190.26.205.194 - - [14/Nov/2023:09:44:12 -0500] "GET /sipse/faces/javax.faces.resource/fileupload/fileupload.css?ln=primefaces&v=4.0 HTTP/1.1" 304 -
190.26.205.194 - - [14/Nov/2023:09:44:12 -0500] "GET /sipse/faces/javax.faces.resource/jquery/jquery.js?ln=primefaces&v=4.0 HTTP/1.1" 304 -
190.26.205.194 - - [14/Nov/2023:09:44:12 -0500] "GET /sipse/faces/javax.faces.resource/jquery/jquery-plugins.js?ln=primefaces&v=4.0 HTTP/1.1" 304 -
190.26.205.194 - - [14/Nov/2023:09:44:12 -0500] "GET /sipse/faces/javax.faces.resource/primefaces.js?ln=primefaces&v=4.0 HTTP/1.1" 304 -
190.26.205.194 - - [14/Nov/2023:09:44:12 -0500] "GET /sipse/faces/javax.faces.resource/layout/layout.js?ln=primefaces&v=4.0 HTTP/1.1" 304 -
190.26.205.194 - - [14/Nov/2023:09:44:12 -0500] "GET /sipse/faces/javax.faces.resource/fileupload/fileupload.js?ln=primefaces&v=4.0 HTTP/1.1" 304 -
190.26.205.194 - - [14/Nov/2023:09:44:15 -0500] "POST /sipse/faces/presentacion/financiero/solicitudAnulacion/registrarSolicitudAnulacion.xhtml HTTP/1.1" 200 19506
201.245.192.253 - - [14/Nov/2023:09:44:18 -0500] "POST /forms/lservlet;jsessionid=ac16012b30d6ab7451c33a3c46eea060a6a4a3d1c92d.e3iSbxaKaheRe3eRa38MahaQbi1ynknvrkLOlQzNp65In0 HTTP/1.1" 200 33
190.26.205.194 - - [14/Nov/2023:09:44:19 -0500] "POST /sipse/faces/presentacion/financiero/solicitudAnulacion/registrarSolicitudAnulacion.xhtml HTTP/1.1" 200 19534
172.22.2.4 - - [14/Nov/2023:09:44:20 -0500] "GET /BLA/boletinlegal/actos.php HTTP/1.1" 200 9682
201.245.192.253 - - [14/Nov/2023:09:44:21 -0500] "POST /forms/lservlet;jsessionid=ac16012b30d6ab7451c33a3c46eea060a6a4a3d1c92d.e3iSbxaKaheRe3eRa38MahaQbi1ynknvrkLOlQzNp65In0 HTTP/1.1" 200 57
201.245.192.253 - - [14/Nov/2023:09:44:21 -0500] "POST /forms/lservlet;jsessionid=ac16012b30d6ab7451c33a3c46eea060a6a4a3d1c92d.e3iSbxaKaheRe3eRa38MahaQbi1ynknvrkLOlQzNp65In0 HTTP/1.1" 200 7
201.245.192.253 - - [14/Nov/2023:09:44:22 -0500] "POST /forms/lservlet;jsessionid=ac16012b30d6ab7451c33a3c46eea060a6a4a3d1c92d.e3iSbxaKaheRe3eRa38MahaQbi1ynknvrkLOlQzNp65In0 HTTP/1.1" 200 2
172.22.2.4 - - [14/Nov/2023:09:44:22 -0500] "GET /BLA/boletinlegal/consulta_actos.php?tipo=autos&no=&usuario=&sector=&fecha=2023&resuelve= HTTP/1.1" 200 1177398
201.245.192.253 - - [14/Nov/2023:09:44:24 -0500] "POST /forms/lservlet;jsessionid=ac16012b30d6ab7451c33a3c46eea060a6a4a3d1c92d.e3iSbxaKaheRe3eRa38MahaQbi1ynknvrkLOlQzNp65In0 HTTP/1.1" 200 2
201.245.192.253 - - [14/Nov/2023:09:44:24 -0500] "POST /forms/lservlet;jsessionid=ac16012b30d6ab7451c33a3c46eea060a6a4a3d1c92d.e3iSbxaKaheRe3eRa38MahaQbi1ynknvrkLOlQzNp65In0 HTTP/1.1" 200 1824
201.245.192.253 - - [14/Nov/2023:09:44:25 -0500] "POST /forms/lservlet;jsessionid=ac16012b30d6ab7451c33a3c46eea060a6a4a3d1c92d.e3iSbxaKaheRe3eRa38MahaQbi1ynknvrkLOlQzNp65In0 HTTP/1.1" 200 11
201.245.192.253 - - [14/Nov/2023:09:44:25 -0500] "POST /forms/lservlet;jsessionid=ac16012b30d6ab7451c33a3c46eea060a6a4a3d1c92d.e3iSbxaKaheRe3eRa38MahaQbi1ynknvrkLOlQzNp65In0 HTTP/1.1" 200 2
201.245.192.253 - - [14/Nov/2023:09:44:25 -0500] "POST /forms/lservlet;jsessionid=ac16012b30d6ab7451c33a3c46eea060a6a4a3d1c92d.e3iSbxaKaheRe3eRa38MahaQbi1ynknvrkLOlQzNp65In0 HTTP/1.1" 200 1998
201.245.192.253 - - [14/Nov/2023:09:44:25 -0500] "POST /forms/lservlet;jsessionid=ac16012b30d6ab7451c33a3c46eea060a6a4a3d1c92d.e3iSbxaKaheRe3eRa38MahaQbi1ynknvrkLOlQzNp65In0 HTTP/1.1" 200 11
201.245.192.253 - - [14/Nov/2023:09:44:26 -0500] "POST /forms/lservlet;jsessionid=ac16012b30d6ab7451c33a3c46eea060a6a4a3d1c92d.e3iSbxaKaheRe3eRa38MahaQbi1ynknvrkLOlQzNp65In0 HTTP/1.1" 200 2
201.245.192.253 - - [14/Nov/2023:09:44:26 -0500] "POST /forms/lservlet;jsessionid=ac16012b30d6ab7451c33a3c46eea060a6a4a3d1c92d.e3iSbxaKaheRe3eRa38MahaQbi1ynknvrkLOlQzNp65In0 HTTP/1.1" 200 134
201.245.192.253 - - [14/Nov/2023:09:44:26 -0500] "POST /forms/lservlet;jsessionid=ac16012b30d6ab7451c33a3c46eea060a6a4a3d1c92d.e3iSbxaKaheRe3eRa38MahaQbi1ynknvrkLOlQzNp65In0 HTTP/1.1" 200 10
201.245.192.253 - - [14/Nov/2023:09:44:27 -0500] "POST /forms/lservlet;jsessionid=ac16012b30d6ab7451c33a3c46eea060a6a4a3d1c92d.e3iSbxaKaheRe3eRa38MahaQbi1ynknvrkLOlQzNp65In0 HTTP/1.1" 200 2
201.245.192.253 - - [14/Nov/2023:09:44:28 -0500] "POST /forms/lservlet;jsessionid=ac16012b30d6ab7451c33a3c46eea060a6a4a3d1c92d.e3iSbxaKaheRe3eRa38MahaQbi1ynknvrkLOlQzNp65In0 HTTP/1.1" 200 26
181.59.3.29 - - [14/Nov/2023:09:44:28 -0500] "GET /BLA/resoluciones/AUTOS%202023/7545.pdf HTTP/1.1" 200 415528
201.245.192.253 - - [14/Nov/2023:09:44:28 -0500] "POST /forms/lservlet;jsessionid=ac16012b30d6ab7451c33a3c46eea060a6a4a3d1c92d.e3iSbxaKaheRe3eRa38MahaQbi1ynknvrkLOlQzNp65In0 HTTP/1.1" 200 2
201.245.192.253 - - [14/Nov/2023:09:44:28 -0500] "POST /forms/lservlet;jsessionid=ac16012b30d6ab7451c33a3c46eea060a6a4a3d1c92d.e3iSbxaKaheRe3eRa38MahaQbi1ynknvrkLOlQzNp65In0 HTTP/1.1" 200 14
201.245.192.253 - - [14/Nov/2023:09:44:30 -0500] "POST /forms/lservlet;jsessionid=ac16012b30d6ab7451c33a3c46eea060a6a4a3d1c92d.e3iSbxaKaheRe3eRa38MahaQbi1ynknvrkLOlQzNp65In0 HTTP/1.1" 200 14
172.22.2.4 - - [14/Nov/2023:09:44:31 -0500] "GET /BLA/boletinlegal/conceptos.php HTTP/1.1" 200 7496
201.245.192.253 - - [14/Nov/2023:09:44:31 -0500] "POST /forms/lservlet;jsessionid=ac16012b30d6ab7451c33a3c46eea060a6a4a3d1c92d.e3iSbxaKaheRe3eRa38MahaQbi1ynknvrkLOlQzNp65In0 HTTP/1.1" 200 14
201.245.192.253 - - [14/Nov/2023:09:44:32 -0500] "POST /forms/lservlet;jsessionid=ac16012b30d6ab7451c33a3c46eea060a6a4a3d1c92d.e3iSbxaKaheRe3eRa38MahaQbi1ynknvrkLOlQzNp65In0 HTTP/1.1" 200 14
172.22.2.4 - - [14/Nov/2023:09:44:34 -0500] "GET /BLA/boletinlegal/consulta_conceptos.php?no=&solicitante=&radicado_entrada=&fecha_concepto=2023&objeto= HTTP/1.1" 200 27748
201.245.192.253 - - [14/Nov/2023:09:44:34 -0500] "POST /forms/lservlet;jsessionid=ac16012b30d6ab7451c33a3c46eea060a6a4a3d1c92d.e3iSbxaKaheRe3eRa38MahaQbi1ynknvrkLOlQzNp65In0 HTTP/1.1" 200 123
201.245.192.253 - - [14/Nov/2023:09:44:35 -0500] "POST /forms/lservlet;jsessionid=ac16012b30d6ab7451c33a3c46eea060a6a4a3d1c92d.e3iSbxaKaheRe3eRa38MahaQbi1ynknvrkLOlQzNp65In0 HTTP/1.1" 200 2
201.245.192.253 - - [14/Nov/2023:09:44:35 -0500] "POST /forms/lservlet;jsessionid=ac16012b30d6ab7451c33a3c46eea060a6a4a3d1c92d.e3iSbxaKaheRe3eRa38MahaQbi1ynknvrkLOlQzNp65In0 HTTP/1.1" 200 2
172.22.2.4 - - [14/Nov/2023:09:44:36 -0500] "GET /BLA/boletinlegal/conceptos/2023/56.pdf HTTP/1.1" 404 1334
201.245.192.253 - - [14/Nov/2023:09:44:36 -0500] "POST /forms/lservlet;jsessionid=ac16012b30d6ab7451c33a3c46eea060a6a4a3d1c92d.e3iSbxaKaheRe3eRa38MahaQbi1ynknvrkLOlQzNp65In0 HTTP/1.1" 200 2
201.245.192.253 - - [14/Nov/2023:09:44:38 -0500] "POST /kwsrmcab/Wsrmcab  HTTP/1.1" 200 40720
176.124.205.212 - - [14/Nov/2023:09:44:41 -0500] "GET /BLA/boletinlegal/admin/index.php HTTP/1.1" 200 2324
176.124.205.212 - - [14/Nov/2023:09:44:42 -0500] "POST /BLA/boletinlegal/admin/index.php HTTP/1.1" 200 2324
172.22.2.4 - - [14/Nov/2023:09:44:46 -0500] "GET /BLA/boletinlegal/conceptos/2023/51.pdf HTTP/1.1" 200 401176
172.22.2.4 - - [14/Nov/2023:09:44:54 -0500] "GET /BLA/boletinlegal/conceptos/2023/52.pdf HTTP/1.1" 200 843881
216.245.221.92 - - [14/Nov/2023:09:45:26 -0500] "HEAD / HTTP/1.1" 200 -
172.22.2.4 - - [14/Nov/2023:09:45:28 -0500] "GET /BLA/boletinlegal/conceptos/2023/54.pdf HTTP/1.1" 200 401674
172.22.2.4 - - [14/Nov/2023:09:45:34 -0500] "GET /BLA/boletinlegal/conceptos.php HTTP/1.1" 200 7496
172.22.2.4 - - [14/Nov/2023:09:45:36 -0500] "GET /BLA/boletinlegal/actos.php HTTP/1.1" 200 9682
201.245.192.253 - - [14/Nov/2023:09:45:39 -0500] "POST /sipse/faces/presentacion/financiero/solicitudProceso/consultar.xhtml HTTP/1.1" 200 157982
201.245.192.253 - - [14/Nov/2023:09:45:39 -0500] "GET /sipse/faces/javax.faces.resource/theme.css?ln=primefaces-sipse HTTP/1.1" 304 -
201.245.192.253 - - [14/Nov/2023:09:45:39 -0500] "GET /sipse/faces/javax.faces.resource/primefaces.css?ln=primefaces&v=4.0 HTTP/1.1" 304 -
201.245.192.253 - - [14/Nov/2023:09:45:39 -0500] "GET /sipse/faces/javax.faces.resource/layout/layout.css?ln=primefaces&v=4.0 HTTP/1.1" 304 -
201.245.192.253 - - [14/Nov/2023:09:45:39 -0500] "GET /sipse/faces/javax.faces.resource/jquery/jquery.js?ln=primefaces&v=4.0 HTTP/1.1" 304 -
201.245.192.253 - - [14/Nov/2023:09:45:39 -0500] "GET /sipse/faces/javax.faces.resource/jquery/jquery-plugins.js?ln=primefaces&v=4.0 HTTP/1.1" 304 -
201.245.192.253 - - [14/Nov/2023:09:45:39 -0500] "GET /sipse/faces/javax.faces.resource/primefaces.js?ln=primefaces&v=4.0 HTTP/1.1" 304 -
172.22.2.4 - - [14/Nov/2023:09:45:39 -0500] "GET /BLA/boletinlegal/consulta_actos.php?tipo=resoluciones&no=&usuario=&sector=&fecha=2023&resuelve= HTTP/1.1" 200 346231
201.245.192.253 - - [14/Nov/2023:09:45:39 -0500] "GET /sipse/faces/javax.faces.resource/layout/layout.js?ln=primefaces&v=4.0 HTTP/1.1" 304 -
201.245.192.253 - - [14/Nov/2023:09:45:39 -0500] "GET /sipse/faces/javax.faces.resource/dynamiccontent.properties?ln=primefaces&pfdrid=XjOR5%2F%2FfPAZAuY9TpWQeCiM0BhlXxYRBGKi%2FQcXXfeA%3D&pfdrid_c=false HTTP/1.1" 500 383
181.59.3.29 - - [14/Nov/2023:09:45:42 -0500] "GET /BLA/resoluciones/RESOLUCIONES%202023/4327.pdf HTTP/1.1" 200 399800
181.59.3.29 - - [14/Nov/2023:09:45:42 -0500] "GET /favicon.ico HTTP/1.1" 200 7782
190.26.205.194 - - [14/Nov/2023:09:45:43 -0500] "POST /sipse/faces/presentacion/financiero/solicitudAnulacion/registrarSolicitudAnulacion.xhtml HTTP/1.1" 200 4020
201.245.192.253 - - [14/Nov/2023:09:45:45 -0500] "POST /sipse/faces/presentacion/financiero/solicitudProceso/consultarSolicitudProceso.xhtml HTTP/1.1" 200 91401
190.26.205.194 - - [14/Nov/2023:09:45:46 -0500] "POST /sipse/faces/presentacion/financiero/solicitudAnulacion/registrarSolicitudAnulacion.xhtml HTTP/1.1" 200 40871
