201.245.192.253 - - [14/Nov/2023:02:19:50 -0500] "POST /kwsrmcab/Wsrmcab HTTP/1.1" 200 41004
201.245.192.253 - - [14/Nov/2023:02:19:53 -0500] "POST /kwsrmcab/Wsrmcab HTTP/1.1" 200 41517
216.245.221.92 - - [14/Nov/2023:02:20:27 -0500] "HEAD / HTTP/1.1" 200 -
201.245.192.253 - - [14/Nov/2023:02:21:16 -0500] "POST /kwsrmcab/Wsrmcab  HTTP/1.1" 200 40720
104.152.52.17 - - [14/Nov/2023:02:21:33 -0500] "GET / HTTP/1.0" 200 319
179.19.104.226 - - [14/Nov/2023:02:22:40 -0500] "GET /kwssiamovil/sm/acme/a?s=U2FsdGVkX19/ni4+E6iBGH8trXGAm7VTuJcLfoCL28T9jKh/zMHtWsJDdzCUhhhM5D0QPIOASqZ7jqUZAaGnzSEr1FBD7mkzfdIvZEOO+g5Tr60hvkwrxtES3oriAi/nzsMgC1uTl6fMwP2PpX9+loTtwT1ISMflwf6R85arUG2FcIJh3hCBdbtRu2qErwYZHqihe+s1jNyyvgee4GrI5axK1IeLgVP8YqmysE0j0QAenbRQ4xMLjpo6YpoeR8uJTOR61A84ZX2QfWbqG+VUNQ==&u=U2FsdGVkX18mdx5V3NZup3UWK4ywsRRU3trD99ZXCLo=&y=U2FsdGVkX1+3ctr/0uusCqPOYlFwkNgAJgUbebggbQGSkqQQoPCiTkZOZp3a9OFW HTTP/1.1" 200 26
179.19.104.226 - - [14/Nov/2023:02:22:41 -0500] "GET /kwssiamovil/sm/acme/a?s=U2FsdGVkX19ocIHSqrHRGBOVyAWW3H2Q6xXYb+A6l8Zg2CE1d9fW63Ub/ACyTcYEUlHG/rElJlkmOLww9viZWxf0aPe8GITAC5erQ+0skRP4hk6R/swOJthJkLOf6Fzj9GR9NVseBDMhsfRwqEEqfIdU7x/6BDpCnHPyXLmPHoeRau777oD/cjuSCKiw1KzGZrhY7gE2d4NwKeQNZ1AvvCzKA6fv6ug2rJ8kury9ou6Vhbl/N80DhMwtgBLBjdGCPKceEnS8sPEHx9MURQYstlYI6unXzpOtqgixu3V+T7EMvIcyRpE2m7q0c3t8KMjHgRMwYapWpf8opwU+tZjsoRczVb2L3039uVudCy0684dLCDp6/28kvZefeuVxrCgTUtJ+a/6ScD4fqielQj10YbhAi9Tyhh82UNLr7sVrTtL9pGfafO1EkjW+OHbJ5ThRC3lUZgQDUcA+gjWE6vlr1PjnUGJyyPjXfnhr4CpGAnf0HgEl7Sxsp0vYopwyxrFwpRNxf0h2B6ytfs3oQPS2XXPDEF2emyECVSb9M+7TdO9NA/jty5vATODB9zM8zX7tHmbALX/PTlRZ6c0hGsLxKyyjPrgkaqbei4wYXTXZ3xlgpO+5yAvjclhDqXhWYIenb4rv5fDu0RDAS9PRqKhCCZ29Pm4ecfV4g05w03HPz8izXAB9mw40IbgkdwvDWFk/YkGvDD3vesU7sXjAuubYdV7pTrs/KHGLOevjURM4yJaPdQDcvUA5eqjyPVizTrHoVtWUnNc081qvGAqV+kP6tc74Gcu6PPadAP6wkVGcdbPS00i5q6/49qznbXF2oiGAlnGRU3xUDd4XSfCndrxr7lDf5106sAyrT5CzNih8FvdKY2SxO93TGQ2F40ZwyM/rVOoompFXkCkRi40N0rYNTSPD0e6EDPt3SSBIUlRWRpMGrtD7DpkFk4PqfbAEd0vREYanDucNJshAcA7a5oNgRPvc8h8qX4LM69vdAinpx7PPZYJRAhfOKa/rkxjnXJ4mkjLckkY2+Z5/DOhZmMdDKcshBuC3BvKxRecvLV55dlD96Kra33mEknHfCli758LjcTSJsPGsLQLwOr6g1wvTUJz9hI2au7NqcOl+0aycjAnWAgkJyezCjGq++VXAstXzfS++3XihGry3lFvuEph/uTfJ7iqB8sYlXu7dZdpwR5m1wg3p//QsSYvWONkAKjbJeNki2izTurlYz2Ax5dwBWiyX1Ft6Esicj1pW5AAYFzzcaaRtwzxoX2HUimIyitYoIiScTCH4bnKESZKYl/1VAyh+rLdIYYz3MCkCHHuNF0yu1f2sE87RvBV8K3+AmnyaZon4hBTGaZkUL/k7341PElvtspCAaSdn1Bpf4plRbpn14p05qBbyR1mB9O9rAXm2ZnWh9g/ouZJqbq6brXo8Q2jFqQl8PyYrRULfQrKfx/JAUouW7DFPAn1ExgxqFIwFONP9TVpXX/lmMcylZGEFg0CZneuSF7GgkyiIlF2hrtJfL7FIl+1HWObTvlUJEcSsAgPulu+lL+3PjBZuRiGO9ibNA/3C/yWyREd1dv67+9z1N2QZ5MYdKOsJ4YDc1Bz9I4h76B63axvFuh/sKbElhj5RAGj9sDANGIPX/1RMMziCYJGqCo3n16dtHeAsMkrVxQf8MzQEoSYDunlIySFaWYKxAowm8tlbVrXM3q2IIU9np4ISaSB/Ff7EYDrk8KknW1+ca22D7+mdWjRHVXfu/QzKoHyK8VyVrjm1uZ0xwvO1CqMLh46fBKzTFJ5//20va9FSaNChAo4TmeiprLWiA7uomoCDkhpeWtw1bjXaoI/JT7oHBwCgkTUrDom3KbfbxjV/H88P7tM9EVK5HE9wKvFiVcYURonYSmEG9sCBMdarE6AGUbm4AW9u8xUrDM6v&u=U2FsdGVkX18mdx5V3NZup3UWK4ywsRRU3trD99ZXCLo=&y=U2FsdGVkX1+3ctr/0uusCqPOYlFwkNgAJgUbebggbQGSkqQQoPCiTkZOZp3a9OFW HTTP/1.1" 200 26
179.19.104.226 - - [14/Nov/2023:02:22:41 -0500] "GET /kwssiamovil/sm/acme/a?s=U2FsdGVkX1+8yaBfsZ8G9Y/Gj5Eg6RnqhQPcF9QSLWAtMxUTM3iZY0sqQnMNsPUMMOo5GW/t1OkZCzO8xv1zNSo6/g9GaLBx7JHhal4ngDzC9M+SaRtFOtlk6rUa4qx9sMds7K98BgnrUPbAdnoAVZDbvqmhIA9jvF+QlXJcK8A=&u=U2FsdGVkX18mdx5V3NZup3UWK4ywsRRU3trD99ZXCLo=&y=U2FsdGVkX1+3ctr/0uusCqPOYlFwkNgAJgUbebggbQGSkqQQoPCiTkZOZp3a9OFW HTTP/1.1" 200 26
179.19.104.226 - - [14/Nov/2023:02:22:42 -0500] "GET /kwssiamovil/sm/acme/a?s=U2FsdGVkX1/g2A7Hw3VHyiPq/lwHfA1DUICjS3wNyzhbOslhObrxxDhDuhdwHpnLFtZcGYrD7Gg2nkdiNPZGtYEgnS35OtwMAcXK/4g3ya/f/4eWKC0qmbBzepq7R9O4xNc27tu50dQ1BrA8LAdokMWOTDmiKN7NSjRgKq/xxVA=&u=U2FsdGVkX18mdx5V3NZup3UWK4ywsRRU3trD99ZXCLo=&y=U2FsdGVkX1+3ctr/0uusCqPOYlFwkNgAJgUbebggbQGSkqQQoPCiTkZOZp3a9OFW HTTP/1.1" 200 26
179.19.104.226 - - [14/Nov/2023:02:22:42 -0500] "GET /kwssiamovil/sm/acme/a?s=U2FsdGVkX1/+NS7/r2CjqtHnGk8u7t0IRZPYHqQMrgOv9ifaCJJdEtdo4fusOmILaCJfpH4U3J7TJY73zYHyYS4gWEXIPevc4HkzyzoLTBLGN0q8sfMuaqoT2z6ta8fyFbEfYCD3zYuivypzJhdW67Ym147P+WEoc+v/WwfMW3A=&u=U2FsdGVkX18mdx5V3NZup3UWK4ywsRRU3trD99ZXCLo=&y=U2FsdGVkX1+3ctr/0uusCqPOYlFwkNgAJgUbebggbQGSkqQQoPCiTkZOZp3a9OFW HTTP/1.1" 200 26
179.19.104.226 - - [14/Nov/2023:02:22:42 -0500] "GET /kwssiamovil/sm/acme/a?s=U2FsdGVkX1/sC1woUQRtH05Y3udcj86RJBCtGka0mGCdA5xJrZkgKaN65kPEeIUyLw85eOayEM7L1zjkQwXf4IK99MTXo2QvOXQjI999dueKp8U1aAvyiJVa9f+tAWGkMoztX+yMRlGp5yK8VoaS0Vksq8Te5eEt1rMyir8JUhlzUQIdyoA14hFTKxtbln4lKUmt0ToxESdZZ04YFRYQFQ==&u=U2FsdGVkX18mdx5V3NZup3UWK4ywsRRU3trD99ZXCLo=&y=U2FsdGVkX1+3ctr/0uusCqPOYlFwkNgAJgUbebggbQGSkqQQoPCiTkZOZp3a9OFW HTTP/1.1" 200 26
179.19.104.226 - - [14/Nov/2023:02:23:00 -0500] "GET /kwssiamovil/sm/acme/u?s=U2FsdGVkX1+zvj4xqbavjywbvJRE0Yjpq1oUfcvHLuVooruxYO++dX95/RUcsUZ6789o6q6p6yPVr8+yu/Vsaryxy+HPsoEM8tcpUAIpJuGx9aBzsSO2ZyneCeGKmUDBByro3+MM0Q1xJmPf6A30dj9NC3dUWsaB0dyffqL0Xg8=&u=U2FsdGVkX18mdx5V3NZup3UWK4ywsRRU3trD99ZXCLo=&y=U2FsdGVkX1+3ctr/0uusCqPOYlFwkNgAJgUbebggbQGSkqQQoPCiTkZOZp3a9OFW HTTP/1.1" 200 60
172.22.2.4 - - [14/Nov/2023:02:21:29 -0500] "HEAD /BLA/boletinlegal/ HTTP/1.1" 200 -
172.22.2.4 - - [14/Nov/2023:02:22:20 -0500] "GET /BLA/boletinlegal/ HTTP/1.1" 200 58294
216.245.221.92 - - [14/Nov/2023:02:25:27 -0500] "HEAD / HTTP/1.1" 200 -
201.245.192.253 - - [14/Nov/2023:02:26:15 -0500] "POST /kwsrmcab/Wsrmcab  HTTP/1.1" 200 40720
201.245.192.253 - - [14/Nov/2023:02:26:29 -0500] "POST /kwsrmcab/Wsrmcab HTTP/1.1" 200 41004
201.245.192.253 - - [14/Nov/2023:02:26:32 -0500] "POST /kwsrmcab/Wsrmcab HTTP/1.1" 200 41517
52.167.144.22 - - [14/Nov/2023:02:27:50 -0500] "GET /portaldeninos/aulas-ambientales/aula-ambiental-sorotama/ HTTP/1.1" 200 89596
66.249.66.20 - - [14/Nov/2023:02:28:14 -0500] "GET /BLA/resoluciones/Notificaciones/RESOLUCIONES%202022/2797.pdf HTTP/1.1" 200 374193
52.167.144.210 - - [14/Nov/2023:02:28:14 -0500] "GET /BLA/resoluciones/AUTOS%202023/3344.pdf HTTP/1.1" 200 977785
52.167.144.20 - - [14/Nov/2023:02:28:23 -0500] "GET /Publicaciones/2023EE236908.pdf HTTP/1.1" 404 228
172.22.2.4 - - [14/Nov/2023:02:27:19 -0500] "HEAD /BLA/boletinlegal/ HTTP/1.1" 200 -
172.22.2.4 - - [14/Nov/2023:02:28:10 -0500] "GET /BLA/boletinlegal/ HTTP/1.1" 200 57497
201.245.192.253 - - [14/Nov/2023:02:29:51 -0500] "POST /kwsrmcab/Wsrmcab HTTP/1.1" 200 41004
201.245.192.253 - - [14/Nov/2023:02:29:54 -0500] "POST /kwsrmcab/Wsrmcab HTTP/1.1" 200 41517
216.245.221.92 - - [14/Nov/2023:02:30:27 -0500] "HEAD / HTTP/1.1" 200 -
201.245.192.253 - - [14/Nov/2023:02:31:15 -0500] "POST /kwsrmcab/Wsrmcab  HTTP/1.1" 200 40720
66.249.66.194 - - [14/Nov/2023:02:32:05 -0500] "GET /tinguas-azules-secretaria-de-ambiente-atiende-alto-numero-de-reportes-de-aves-migratorias.html HTTP/1.1" 304 -
172.22.2.4 - - [14/Nov/2023:02:33:09 -0500] "HEAD /BLA/boletinlegal/ HTTP/1.1" 200 -
216.245.221.92 - - [14/Nov/2023:02:35:27 -0500] "HEAD / HTTP/1.1" 200 -
172.22.2.4 - - [14/Nov/2023:02:34:01 -0500] "GET /BLA/boletinlegal/ HTTP/1.1" 200 58644
201.245.192.253 - - [14/Nov/2023:02:36:13 -0500] "POST /kwsrmcab/Wsrmcab  HTTP/1.1" 200 40720
201.245.192.253 - - [14/Nov/2023:02:36:29 -0500] "POST /kwsrmcab/Wsrmcab HTTP/1.1" 200 41004
201.245.192.253 - - [14/Nov/2023:02:36:32 -0500] "POST /kwsrmcab/Wsrmcab HTTP/1.1" 200 41517
201.245.192.253 - - [14/Nov/2023:02:39:50 -0500] "POST /kwsrmcab/Wsrmcab HTTP/1.1" 200 41004
201.245.192.253 - - [14/Nov/2023:02:39:53 -0500] "POST /kwsrmcab/Wsrmcab HTTP/1.1" 200 41517
216.245.221.92 - - [14/Nov/2023:02:40:27 -0500] "HEAD / HTTP/1.1" 200 -
172.22.2.4 - - [14/Nov/2023:02:40:32 -0500] "GET /BLA/boletinlegal/Directivas/2017/Directiva%20No.%2004%20del%2028%20de%20Abril%20de%202017.pdf HTTP/1.1" 200 8194919
172.22.2.4 - - [14/Nov/2023:02:39:01 -0500] "HEAD /BLA/boletinlegal/ HTTP/1.1" 200 -
201.245.192.253 - - [14/Nov/2023:02:41:11 -0500] "POST /kwsrmcab/Wsrmcab  HTTP/1.1" 200 40720
172.22.2.4 - - [14/Nov/2023:02:39:52 -0500] "GET /BLA/boletinlegal/ HTTP/1.1" 200 60634
114.119.149.92 - - [14/Nov/2023:02:41:37 -0500] "GET /BLA/resoluciones/index.php?dir=RESOLUCIONES%2B2014/&sort=size&order=desc HTTP/1.1" 200 13902
40.77.167.70 - - [14/Nov/2023:02:42:24 -0500] "GET /BLA/resoluciones/AUTOS%202021/5607.pdf HTTP/1.1" 304 -
172.22.2.4 - - [14/Nov/2023:02:43:34 -0500] "GET /BLA/boletinlegal/ HTTP/1.1" 200 32715
216.245.221.92 - - [14/Nov/2023:02:45:27 -0500] "HEAD / HTTP/1.1" 200 -
201.245.192.253 - - [14/Nov/2023:02:46:10 -0500] "POST /kwsrmcab/Wsrmcab  HTTP/1.1" 200 40720
172.22.2.4 - - [14/Nov/2023:02:44:51 -0500] "HEAD /BLA/boletinlegal/ HTTP/1.1" 200 -
172.22.2.4 - - [14/Nov/2023:02:45:42 -0500] "GET /BLA/boletinlegal/ HTTP/1.1" 200 58294
216.245.221.92 - - [14/Nov/2023:02:50:27 -0500] "HEAD / HTTP/1.1" 200 -
172.22.2.4 - - [14/Nov/2023:02:50:55 -0500] "GET /BLA/boletinlegal/normativa.php HTTP/1.1" 200 8343
201.245.192.253 - - [14/Nov/2023:02:51:09 -0500] "POST /kwsrmcab/Wsrmcab  HTTP/1.1" 200 40720
172.22.2.4 - - [14/Nov/2023:02:50:41 -0500] "HEAD /BLA/boletinlegal/ HTTP/1.1" 200 -
172.22.2.4 - - [14/Nov/2023:02:51:32 -0500] "GET /BLA/boletinlegal/ HTTP/1.1" 200 58294
43.130.56.61 - - [14/Nov/2023:02:55:20 -0500] "GET /galeria/galeria/fotos/Jaboque4P.jpg HTTP/1.1" 200 27446
216.245.221.92 - - [14/Nov/2023:02:55:27 -0500] "HEAD / HTTP/1.1" 200 -
66.249.66.192 - - [14/Nov/2023:02:55:56 -0500] "GET /distrito-anuncia-areas-potenciales-para-la-creacion-de-21-bosques-urbanos-y-avanza-en-la-meta-de-sembrar-802-000-arboles.html HTTP/1.1" 304 -
201.245.192.253 - - [14/Nov/2023:02:56:08 -0500] "POST /kwsrmcab/Wsrmcab  HTTP/1.1" 200 40720
66.249.66.20 - - [14/Nov/2023:02:57:14 -0500] "GET /BLA/resoluciones/RESOLUCIONES%202016/1141.pdf HTTP/1.1" 200 855636
172.22.2.4 - - [14/Nov/2023:02:56:31 -0500] "HEAD /BLA/boletinlegal/ HTTP/1.1" 200 -
172.22.2.4 - - [14/Nov/2023:02:57:22 -0500] "GET /BLA/boletinlegal/ HTTP/1.1" 200 58644
52.167.144.221 - - [14/Nov/2023:02:59:08 -0500] "GET /BLA/resoluciones/RESOLUCIONES%202012/0788.pdf HTTP/1.1" 200 2677739
40.77.167.52 - - [14/Nov/2023:02:59:17 -0500] "GET /BLA/resoluciones/AUTOS%202007/0010.pdf HTTP/1.1" 200 164457
40.77.167.52 - - [14/Nov/2023:03:00:17 -0500] "GET /Publicaciones/2023EE206273.pdf HTTP/1.1" 404 228
40.77.167.78 - - [14/Nov/2023:03:00:22 -0500] "GET /BLA/resoluciones/RESOLUCIONES%202007/RES%202007%203201%20AL%203300/RESOLUCION%203211%20%20DE%202007.pdf HTTP/1.1" 200 1336310
216.245.221.92 - - [14/Nov/2023:03:00:27 -0500] "HEAD / HTTP/1.1" 200 -
201.245.192.253 - - [14/Nov/2023:03:01:07 -0500] "POST /kwsrmcab/Wsrmcab  HTTP/1.1" 200 40720
183.136.225.44 - - [14/Nov/2023:03:03:35 -0500] "GET / HTTP/1.1" 200 319
172.22.2.4 - - [14/Nov/2023:03:02:21 -0500] "HEAD /BLA/boletinlegal/ HTTP/1.1" 200 -
172.22.2.4 - - [14/Nov/2023:03:03:12 -0500] "GET /BLA/boletinlegal/ HTTP/1.1" 200 53737
216.245.221.92 - - [14/Nov/2023:03:05:27 -0500] "HEAD / HTTP/1.1" 200 -
201.245.192.253 - - [14/Nov/2023:03:06:06 -0500] "POST /kwsrmcab/Wsrmcab  HTTP/1.1" 200 40720
52.167.144.174 - - [14/Nov/2023:03:07:07 -0500] "GET /BLA/resoluciones/AUTOS%202007/0010.pdf HTTP/1.1" 200 164457
40.77.167.52 - - [14/Nov/2023:03:07:12 -0500] "GET /BLA/resoluciones/RESOLUCIONES%202012/0788.pdf HTTP/1.1" 200 2677739
182.42.105.144 - - [14/Nov/2023:03:07:59 -0500] "GET / HTTP/1.1" 200 319
69.63.184.10 - - [14/Nov/2023:03:08:21 -0500] "GET /ingresar-a-los-cuerpos-de-agua-de-los-humedales-esta-prohibido-no-arriesgues-tu-vida-por-unos-me-gusta.html HTTP/1.1" 200 894
172.22.2.4 - - [14/Nov/2023:03:08:11 -0500] "HEAD /BLA/boletinlegal/ HTTP/1.1" 200 -
216.245.221.92 - - [14/Nov/2023:03:10:27 -0500] "HEAD / HTTP/1.1" 200 -
172.22.2.4 - - [14/Nov/2023:03:09:02 -0500] "GET /BLA/boletinlegal/ HTTP/1.1" 200 60634
201.245.192.253 - - [14/Nov/2023:03:11:05 -0500] "POST /kwsrmcab/Wsrmcab  HTTP/1.1" 200 40720
216.245.221.92 - - [14/Nov/2023:03:15:27 -0500] "HEAD / HTTP/1.1" 200 -
172.22.2.4 - - [14/Nov/2023:03:14:01 -0500] "HEAD /BLA/boletinlegal/ HTTP/1.1" 200 -
201.245.192.253 - - [14/Nov/2023:03:16:04 -0500] "POST /kwsrmcab/Wsrmcab  HTTP/1.1" 200 40720
201.245.192.253 - - [14/Nov/2023:03:16:29 -0500] "POST /kwsrmcab/Wsrmcab HTTP/1.1" 200 40717
172.22.2.4 - - [14/Nov/2023:03:14:52 -0500] "GET /BLA/boletinlegal/ HTTP/1.1" 200 60634
201.245.192.253 - - [14/Nov/2023:03:16:31 -0500] "POST /kwsrmcab/Wsrmcab HTTP/1.1" 200 41514
52.167.144.192 - - [14/Nov/2023:03:18:31 -0500] "GET /portaldeninos/wp-content/uploads/2020/11/La-Vaca-B-133x75.jpg HTTP/1.1" 200 3642
66.249.66.21 - - [14/Nov/2023:03:19:49 -0500] "GET /BLA/resoluciones/RESOLUCIONES%202010/RESOLUCION%206519%20DE%202010.PDF HTTP/1.1" 200 72827
201.245.192.253 - - [14/Nov/2023:03:19:50 -0500] "POST /kwsrmcab/Wsrmcab HTTP/1.1" 200 40717
201.245.192.253 - - [14/Nov/2023:03:19:54 -0500] "POST /kwsrmcab/Wsrmcab HTTP/1.1" 200 41514
216.245.221.92 - - [14/Nov/2023:03:20:27 -0500] "HEAD / HTTP/1.1" 200 -
201.245.192.253 - - [14/Nov/2023:03:21:03 -0500] "POST /kwsrmcab/Wsrmcab  HTTP/1.1" 200 40720
172.22.2.4 - - [14/Nov/2023:03:19:51 -0500] "HEAD /BLA/boletinlegal/ HTTP/1.1" 200 -
172.22.2.4 - - [14/Nov/2023:03:22:10 -0500] "GET /BLA/boletinlegal/Directivas/2011/Directiva%20No.%205%20del%2029%20de%20Agosto%20de%202011.pdf HTTP/1.1" 200 444404
172.22.2.4 - - [14/Nov/2023:03:20:42 -0500] "GET /BLA/boletinlegal/ HTTP/1.1" 200 58294
40.77.167.26 - - [14/Nov/2023:03:25:08 -0500] "GET /BLA/resoluciones/RESOLUCIONES%202017/3520.pdf HTTP/1.1" 304 -
216.245.221.92 - - [14/Nov/2023:03:25:27 -0500] "HEAD / HTTP/1.1" 200 -
66.249.66.194 - - [14/Nov/2023:03:25:56 -0500] "GET /conoce-las-medidas-de-prevencion-y-mitigacion-contempladas-en-la-alerta-fase-1-por-calidad-del-aire.html HTTP/1.1" 304 -
201.245.192.253 - - [14/Nov/2023:03:26:01 -0500] "POST /kwsrmcab/Wsrmcab  HTTP/1.1" 200 40720
201.245.192.253 - - [14/Nov/2023:03:26:29 -0500] "POST /kwsrmcab/Wsrmcab HTTP/1.1" 200 40717
201.245.192.253 - - [14/Nov/2023:03:26:32 -0500] "POST /kwsrmcab/Wsrmcab HTTP/1.1" 200 41514
172.22.2.4 - - [14/Nov/2023:03:25:41 -0500] "HEAD /BLA/boletinlegal/ HTTP/1.1" 200 -
43.130.57.239 - - [14/Nov/2023:03:28:12 -0500] "GET / HTTP/1.1" 200 319
172.22.2.4 - - [14/Nov/2023:03:26:32 -0500] "GET /BLA/boletinlegal/ HTTP/1.1" 200 58644
52.167.144.140 - - [14/Nov/2023:03:29:23 -0500] "GET /BLA/resoluciones/AUTOS%202023/1713.pdf HTTP/1.1" 200 454105
201.245.192.253 - - [14/Nov/2023:03:29:50 -0500] "POST /kwsrmcab/Wsrmcab HTTP/1.1" 200 40717
201.245.192.253 - - [14/Nov/2023:03:29:53 -0500] "POST /kwsrmcab/Wsrmcab HTTP/1.1" 200 41514
216.245.221.92 - - [14/Nov/2023:03:30:27 -0500] "HEAD / HTTP/1.1" 200 -
201.245.192.253 - - [14/Nov/2023:03:31:01 -0500] "POST /kwsrmcab/Wsrmcab  HTTP/1.1" 200 40720
172.22.2.4 - - [14/Nov/2023:03:31:31 -0500] "HEAD /BLA/boletinlegal/ HTTP/1.1" 200 -
52.167.144.22 - - [14/Nov/2023:03:33:14 -0500] "GET /portaldeninos/ HTTP/1.1" 200 110175
172.22.2.4 - - [14/Nov/2023:03:32:22 -0500] "GET /BLA/boletinlegal/ HTTP/1.1" 200 58294
216.245.221.92 - - [14/Nov/2023:03:35:27 -0500] "HEAD / HTTP/1.1" 200 -
201.245.192.253 - - [14/Nov/2023:03:35:59 -0500] "POST /kwsrmcab/Wsrmcab  HTTP/1.1" 200 40720
201.245.192.253 - - [14/Nov/2023:03:36:29 -0500] "POST /kwsrmcab/Wsrmcab HTTP/1.1" 200 40717
201.245.192.253 - - [14/Nov/2023:03:36:31 -0500] "POST /kwsrmcab/Wsrmcab HTTP/1.1" 200 41514
172.22.2.4 - - [14/Nov/2023:03:37:21 -0500] "HEAD /BLA/boletinlegal/ HTTP/1.1" 200 -
34.174.152.29 - - [14/Nov/2023:03:39:07 -0500] "HEAD /BLA/resoluciones/RESOLUCIONES%202017/0520.pdf HTTP/1.1" 200 -
172.22.2.4 - - [14/Nov/2023:03:38:12 -0500] "GET /BLA/boletinlegal/ HTTP/1.1" 200 53737
201.245.192.253 - - [14/Nov/2023:03:39:50 -0500] "POST /kwsrmcab/Wsrmcab HTTP/1.1" 200 40717
201.245.192.253 - - [14/Nov/2023:03:39:54 -0500] "POST /kwsrmcab/Wsrmcab HTTP/1.1" 200 41514
158.169.150.18 - - [14/Nov/2023:03:40:10 -0500] "HEAD /BLA/resoluciones/RESOLUCIONES%202011/4862.pdf HTTP/1.1" 200 -
216.245.221.92 - - [14/Nov/2023:03:40:27 -0500] "HEAD / HTTP/1.1" 200 -
201.245.192.253 - - [14/Nov/2023:03:40:59 -0500] "POST /kwsrmcab/Wsrmcab  HTTP/1.1" 200 40720
34.219.206.157 - - [14/Nov/2023:03:41:12 -0500] "GET / HTTP/1.1" 200 319
157.55.39.53 - - [14/Nov/2023:03:42:08 -0500] "GET /portaldeninos/wp-content/uploads/2021/11/pieza-dia-abejas-20-infografia-ambiente-20-mayo.jpg HTTP/1.1" 200 78012
66.249.66.19 - - [14/Nov/2023:03:42:14 -0500] "GET /BLA/resoluciones/Notificaciones/RESOLUCIONES%202023/00511.pdf HTTP/1.1" 200 342343
34.221.161.206 - - [14/Nov/2023:03:44:17 -0500] "GET / HTTP/1.1" 200 319
172.22.2.4 - - [14/Nov/2023:03:43:11 -0500] "HEAD /BLA/boletinlegal/ HTTP/1.1" 200 -
216.245.221.92 - - [14/Nov/2023:03:45:27 -0500] "HEAD / HTTP/1.1" 200 -
172.22.2.4 - - [14/Nov/2023:03:44:02 -0500] "GET /BLA/boletinlegal/ HTTP/1.1" 200 58294
201.245.192.253 - - [14/Nov/2023:03:45:57 -0500] "POST /kwsrmcab/Wsrmcab  HTTP/1.1" 200 40720
34.221.42.191 - - [14/Nov/2023:03:46:00 -0500] "GET / HTTP/1.1" 200 319
216.245.221.92 - - [14/Nov/2023:03:50:27 -0500] "HEAD / HTTP/1.1" 200 -
172.22.2.4 - - [14/Nov/2023:03:49:01 -0500] "HEAD /BLA/boletinlegal/ HTTP/1.1" 200 -
201.245.192.253 - - [14/Nov/2023:03:50:57 -0500] "POST /kwsrmcab/Wsrmcab  HTTP/1.1" 200 40720
172.22.2.4 - - [14/Nov/2023:03:49:52 -0500] "GET /BLA/boletinlegal/ HTTP/1.1" 200 58644
205.210.31.232 - - [14/Nov/2023:03:55:18 -0500] "GET / HTTP/1.1" 200 319
216.245.221.92 - - [14/Nov/2023:03:55:27 -0500] "HEAD / HTTP/1.1" 200 -
66.249.66.192 - - [14/Nov/2023:03:55:56 -0500] "GET /palmas-silvestres-secretaria-de-ambiente-inicia-campana-de-proteccion.html HTTP/1.1" 304 -
201.245.192.253 - - [14/Nov/2023:03:55:55 -0500] "POST /kwsrmcab/Wsrmcab  HTTP/1.1" 200 40720
52.167.144.229 - - [14/Nov/2023:03:56:06 -0500] "GET /BLA/resoluciones/AUTOS%202023/4971.pdf HTTP/1.1" 200 743979
172.22.2.4 - - [14/Nov/2023:03:54:51 -0500] "HEAD /BLA/boletinlegal/ HTTP/1.1" 200 -
172.22.2.4 - - [14/Nov/2023:03:55:42 -0500] "GET /BLA/boletinlegal/ HTTP/1.1" 200 51333
172.22.2.4 - - [14/Nov/2023:03:57:26 -0500] "GET /BLA/boletinlegal/jurisprudencia/analisis/AnalisisT-606-15.docx HTTP/1.1" 200 26698
172.22.2.4 - - [14/Nov/2023:03:59:07 -0500] "GET /BLA/boletinlegal/jurisprudencia/analisis/analisis%20C-595-2010.doc HTTP/1.1" 304 -
40.77.167.22 - - [14/Nov/2023:04:00:12 -0500] "GET /Publicaciones/2023EE205024.pdf HTTP/1.1" 404 228
216.245.221.92 - - [14/Nov/2023:04:00:27 -0500] "HEAD / HTTP/1.1" 200 -
201.245.192.253 - - [14/Nov/2023:04:00:53 -0500] "POST /kwsrmcab/Wsrmcab  HTTP/1.1" 200 40720
54.203.14.63 - - [14/Nov/2023:04:01:11 -0500] "GET /favicon.ico HTTP/1.1" 200 7782
172.22.2.4 - - [14/Nov/2023:04:00:41 -0500] "HEAD /BLA/boletinlegal/ HTTP/1.1" 200 -
172.22.2.4 - - [14/Nov/2023:04:01:32 -0500] "GET /BLA/boletinlegal/ HTTP/1.1" 200 52827
216.245.221.92 - - [14/Nov/2023:04:05:27 -0500] "HEAD / HTTP/1.1" 200 -
201.245.192.253 - - [14/Nov/2023:04:05:52 -0500] "POST /kwsrmcab/Wsrmcab  HTTP/1.1" 200 40720
172.22.2.4 - - [14/Nov/2023:04:06:31 -0500] "HEAD /BLA/boletinlegal/ HTTP/1.1" 200 -
172.22.2.4 - - [14/Nov/2023:04:07:22 -0500] "GET /BLA/boletinlegal/ HTTP/1.1" 200 58644
34.212.224.51 - - [14/Nov/2023:04:09:22 -0500] "GET /favicon.ico HTTP/1.1" 200 7782
40.77.167.235 - - [14/Nov/2023:04:10:12 -0500] "GET /BLA/resoluciones/AUTOS%202007/1520.pdf HTTP/1.1" 200 69725
216.245.221.92 - - [14/Nov/2023:04:10:27 -0500] "HEAD / HTTP/1.1" 200 -
201.245.192.253 - - [14/Nov/2023:04:10:51 -0500] "POST /kwsrmcab/Wsrmcab  HTTP/1.1" 200 40720
5.255.231.52 - - [14/Nov/2023:04:11:24 -0500] "GET /robots.txt HTTP/1.1" 404 1035
5.255.231.113 - - [14/Nov/2023:04:11:24 -0500] "GET /portaldeninos/ HTTP/1.1" 200 110175
172.22.2.4 - - [14/Nov/2023:04:12:21 -0500] "HEAD /BLA/boletinlegal/ HTTP/1.1" 200 -
172.22.2.4 - - [14/Nov/2023:04:13:12 -0500] "GET /BLA/boletinlegal/ HTTP/1.1" 200 58294
216.245.221.92 - - [14/Nov/2023:04:15:27 -0500] "HEAD / HTTP/1.1" 200 -
201.245.192.253 - - [14/Nov/2023:04:15:50 -0500] "POST /kwsrmcab/Wsrmcab  HTTP/1.1" 200 40720
66.249.66.20 - - [14/Nov/2023:04:16:07 -0500] "GET /BLA/resoluciones/RESOLUCIONES%202011/5390.pdf HTTP/1.1" 200 496541
201.245.192.253 - - [14/Nov/2023:04:16:29 -0500] "POST /kwsrmcab/Wsrmcab HTTP/1.1" 200 40876
201.245.192.253 - - [14/Nov/2023:04:16:31 -0500] "POST /kwsrmcab/Wsrmcab HTTP/1.1" 200 41492
69.171.251.120 - - [14/Nov/2023:04:16:52 -0500] "GET /images/humedales-bog.jpg HTTP/1.1" 200 38008
69.63.184.9 - - [14/Nov/2023:04:16:53 -0500] "GET /consulta-y-conoce-los-proyectos-de-resolucion-de-para-los-planes-de-manejo-ambiental-de-cinco-humedales-en-bogota.html HTTP/1.1" 200 971
69.63.184.116 - - [14/Nov/2023:04:16:53 -0500] "GET /consulta-y-conoce-los-proyectos-de-resolucion-de-para-los-planes-de-manejo-ambiental-de-cinco-humedales-en-bogota.html HTTP/1.1" 200 971
69.63.184.118 - - [14/Nov/2023:04:16:59 -0500] "GET /images/Zorro%20cangrejero.jpg HTTP/1.1" 200 40050
172.22.2.4 - - [14/Nov/2023:04:18:11 -0500] "HEAD /BLA/boletinlegal/ HTTP/1.1" 200 -
201.245.192.253 - - [14/Nov/2023:04:19:50 -0500] "POST /kwsrmcab/Wsrmcab HTTP/1.1" 200 40876
201.245.192.253 - - [14/Nov/2023:04:19:53 -0500] "POST /kwsrmcab/Wsrmcab HTTP/1.1" 200 41492
40.77.167.235 - - [14/Nov/2023:04:20:05 -0500] "GET /bla/resoluciones/autos%202010/0567.pdf HTTP/1.1" 200 227439
216.245.221.92 - - [14/Nov/2023:04:20:27 -0500] "HEAD / HTTP/1.1" 200 -
172.22.2.4 - - [14/Nov/2023:04:19:02 -0500] "GET /BLA/boletinlegal/ HTTP/1.1" 200 59007
201.245.192.253 - - [14/Nov/2023:04:20:50 -0500] "POST /kwsrmcab/Wsrmcab  HTTP/1.1" 200 40720
52.167.144.22 - - [14/Nov/2023:04:21:03 -0500] "GET /bla/resoluciones/resoluciones%202012/0740.pdf HTTP/1.1" 200 177881
142.4.218.114 - - [14/Nov/2023:04:21:48 -0500] "GET / HTTP/1.1" 200 319
66.249.66.21 - - [14/Nov/2023:04:24:38 -0500] "GET /BLA/resoluciones/AUTOS%202008/1577.pdf HTTP/1.1" 200 132354
216.245.221.92 - - [14/Nov/2023:04:25:27 -0500] "HEAD / HTTP/1.1" 200 -
66.249.66.19 - - [14/Nov/2023:04:25:31 -0500] "GET /pdc/actos/1731.pdf HTTP/1.1" 200 724138
172.22.2.4 - - [14/Nov/2023:04:24:01 -0500] "HEAD /BLA/boletinlegal/ HTTP/1.1" 200 -
201.245.192.253 - - [14/Nov/2023:04:25:47 -0500] "POST /kwsrmcab/Wsrmcab  HTTP/1.1" 200 40720
201.245.192.253 - - [14/Nov/2023:04:26:28 -0500] "POST /kwsrmcab/Wsrmcab HTTP/1.1" 200 40876
172.22.2.4 - - [14/Nov/2023:04:24:52 -0500] "GET /BLA/boletinlegal/ HTTP/1.1" 200 56187
201.245.192.253 - - [14/Nov/2023:04:26:31 -0500] "POST /kwsrmcab/Wsrmcab HTTP/1.1" 200 41492
172.22.2.4 - - [14/Nov/2023:04:27:26 -0500] "GET /BLA/boletinlegal/js/jquery.js HTTP/1.1" 200 57254
172.22.2.4 - - [14/Nov/2023:04:27:26 -0500] "GET /BLA/boletinlegal/js/jquery.scrollShow.js HTTP/1.1" 200 4586
172.22.2.4 - - [14/Nov/2023:04:27:26 -0500] "GET /BLA/boletinlegal/js/jquery.scrollTo-min.js HTTP/1.1" 200 1150
172.22.2.4 - - [14/Nov/2023:04:27:27 -0500] "GET /BLA/boletinlegal/images/arr_l.jpg HTTP/1.1" 200 1979
172.22.2.4 - - [14/Nov/2023:04:27:27 -0500] "GET /BLA/boletinlegal/images/screen_1.png HTTP/1.1" 200 202547
172.22.2.4 - - [14/Nov/2023:04:27:27 -0500] "GET /BLA/boletinlegal/images/launch.jpg HTTP/1.1" 200 14577
172.22.2.4 - - [14/Nov/2023:04:27:29 -0500] "GET /BLA/boletinlegal/actos.php HTTP/1.1" 200 9682
172.22.2.4 - - [14/Nov/2023:04:27:23 -0500] "GET /BLA/boletinlegal/ HTTP/1.1" 200 24523
186.80.199.188 - - [14/Nov/2023:04:27:57 -0500] "GET /BLA/resoluciones/ HTTP/1.1" 200 13696
186.80.199.188 - - [14/Nov/2023:04:28:04 -0500] "GET /BLA/resoluciones/index.php?dir=AUTOS+2022%2F HTTP/1.1" 200 507974
66.249.66.20 - - [14/Nov/2023:04:28:30 -0500] "GET /BLA/resoluciones/RESOLUCIONES%202009/6046.pdf HTTP/1.1" 200 491887
201.245.192.253 - - [14/Nov/2023:04:29:50 -0500] "POST /kwsrmcab/Wsrmcab HTTP/1.1" 200 40876
201.245.192.253 - - [14/Nov/2023:04:29:54 -0500] "POST /kwsrmcab/Wsrmcab HTTP/1.1" 200 41492
213.32.39.39 - - [14/Nov/2023:04:30:17 -0500] "GET / HTTP/1.1" 200 319
216.245.221.92 - - [14/Nov/2023:04:30:27 -0500] "HEAD / HTTP/1.1" 200 -
66.249.66.21 - - [14/Nov/2023:04:30:41 -0500] "GET /BLA/resoluciones/AUTOS%202014/1111.pdf HTTP/1.1" 200 424329
201.245.192.253 - - [14/Nov/2023:04:30:47 -0500] "POST /kwsrmcab/Wsrmcab  HTTP/1.1" 200 40720
172.22.2.4 - - [14/Nov/2023:04:29:51 -0500] "HEAD /BLA/boletinlegal/ HTTP/1.1" 200 -
66.249.66.19 - - [14/Nov/2023:04:31:37 -0500] "GET /BLA/resoluciones/RESOLUCIONES%202009/4771.pdf HTTP/1.1" 200 479457
66.249.66.20 - - [14/Nov/2023:04:32:10 -0500] "GET /BLA/resoluciones/RESOLUCIONES%202009/4458.pdf HTTP/1.1" 200 411262
172.22.2.4 - - [14/Nov/2023:04:30:42 -0500] "GET /BLA/boletinlegal/ HTTP/1.1" 200 61018
66.249.66.19 - - [14/Nov/2023:04:35:16 -0500] "GET /BLA/resoluciones/RESOLUCIONES%202009/2942.pdf HTTP/1.1" 200 657938
216.245.221.92 - - [14/Nov/2023:04:35:27 -0500] "HEAD / HTTP/1.1" 200 -
201.245.192.253 - - [14/Nov/2023:04:35:46 -0500] "POST /kwsrmcab/Wsrmcab  HTTP/1.1" 200 40720
201.245.192.253 - - [14/Nov/2023:04:36:28 -0500] "POST /kwsrmcab/Wsrmcab HTTP/1.1" 200 40876
201.245.192.253 - - [14/Nov/2023:04:36:30 -0500] "POST /kwsrmcab/Wsrmcab HTTP/1.1" 200 41492
172.22.2.4 - - [14/Nov/2023:04:35:41 -0500] "HEAD /BLA/boletinlegal/ HTTP/1.1" 200 -
172.22.2.4 - - [14/Nov/2023:04:36:32 -0500] "GET /BLA/boletinlegal/ HTTP/1.1" 200 59007
66.249.66.19 - - [14/Nov/2023:04:39:51 -0500] "GET /BLA/resoluciones/AUTOS%202008/0123.pdf HTTP/1.1" 200 92021
201.245.192.253 - - [14/Nov/2023:04:39:51 -0500] "POST /kwsrmcab/Wsrmcab HTTP/1.1" 200 40876
201.245.192.253 - - [14/Nov/2023:04:39:54 -0500] "POST /kwsrmcab/Wsrmcab HTTP/1.1" 200 41492
216.245.221.92 - - [14/Nov/2023:04:40:27 -0500] "HEAD / HTTP/1.1" 200 -
201.245.192.253 - - [14/Nov/2023:04:40:44 -0500] "POST /kwsrmcab/Wsrmcab  HTTP/1.1" 200 40720
52.167.144.216 - - [14/Nov/2023:04:42:59 -0500] "GET /sipse/faces/faces/autenticacion.xhtml HTTP/1.1" 200 12728
172.22.2.4 - - [14/Nov/2023:04:41:31 -0500] "HEAD /BLA/boletinlegal/ HTTP/1.1" 200 -
172.22.2.4 - - [14/Nov/2023:04:42:22 -0500] "GET /BLA/boletinlegal/ HTTP/1.1" 200 58644
216.245.221.92 - - [14/Nov/2023:04:45:27 -0500] "HEAD / HTTP/1.1" 200 -
173.252.107.2 - - [14/Nov/2023:04:45:42 -0500] "GET /asi-las-mujeres-que-reverdecen-cuidan-los-arboles-para-la-restauracion-ecologica-de-bogota.html HTTP/1.1" 200 911
201.245.192.253 - - [14/Nov/2023:04:45:43 -0500] "POST /kwsrmcab/Wsrmcab  HTTP/1.1" 200 40720
66.249.66.21 - - [14/Nov/2023:04:45:57 -0500] "GET /BLA/resoluciones/RESOLUCIONES%202009/0150.pdf HTTP/1.1" 200 289740
66.249.66.19 - - [14/Nov/2023:04:46:06 -0500] "GET /portel_dama/libreria/php/2006/restauracion/55_artic/xtras/2.pdf HTTP/1.1" 404 1018
172.22.2.4 - - [14/Nov/2023:04:47:21 -0500] "HEAD /BLA/boletinlegal/ HTTP/1.1" 200 -
52.167.144.216 - - [14/Nov/2023:04:49:11 -0500] "GET /BLA/resoluciones/RESOLUCIONES%202021/4732.pdf HTTP/1.1" 200 411684
172.22.2.4 - - [14/Nov/2023:04:48:12 -0500] "GET /BLA/boletinlegal/ HTTP/1.1" 200 59007
66.249.66.20 - - [14/Nov/2023:04:50:09 -0500] "GET /BLA/resoluciones/RESOLUCIONES%202008/0879.pdf HTTP/1.1" 200 194159
216.245.221.92 - - [14/Nov/2023:04:50:27 -0500] "HEAD / HTTP/1.1" 200 -
66.249.66.20 - - [14/Nov/2023:04:50:39 -0500] "GET /BLA/resoluciones/RESOLUCIONES%202011/0299.pdf HTTP/1.1" 200 80163
201.245.192.253 - - [14/Nov/2023:04:50:42 -0500] "POST /kwsrmcab/Wsrmcab  HTTP/1.1" 200 40720
94.74.74.175 - - [14/Nov/2023:04:52:44 -0500] "GET / HTTP/1.1" 200 319
66.249.66.19 - - [14/Nov/2023:04:53:06 -0500] "GET /BLA/resoluciones/Autos%202008/2002.pdf HTTP/1.1" 200 180049
172.22.2.4 - - [14/Nov/2023:04:53:11 -0500] "HEAD /BLA/boletinlegal/ HTTP/1.1" 200 -
216.245.221.92 - - [14/Nov/2023:04:55:27 -0500] "HEAD / HTTP/1.1" 200 -
172.22.2.4 - - [14/Nov/2023:04:54:02 -0500] "GET /BLA/boletinlegal/ HTTP/1.1" 200 58294
201.245.192.253 - - [14/Nov/2023:04:55:41 -0500] "POST /kwsrmcab/Wsrmcab  HTTP/1.1" 200 40720
66.249.66.19 - - [14/Nov/2023:04:56:16 -0500] "GET /BLA/resoluciones/RESOLUCIONES%202008/0273.pdf HTTP/1.1" 200 297201
66.249.66.19 - - [14/Nov/2023:04:58:15 -0500] "GET /Publicaciones/2023EE171008.pdf HTTP/1.1" 404 228
216.245.221.92 - - [14/Nov/2023:05:00:27 -0500] "HEAD / HTTP/1.1" 200 -
172.22.2.4 - - [14/Nov/2023:04:59:01 -0500] "HEAD /BLA/boletinlegal/ HTTP/1.1" 200 -
201.245.192.253 - - [14/Nov/2023:05:00:39 -0500] "POST /kwsrmcab/Wsrmcab  HTTP/1.1" 200 40720
172.22.2.4 - - [14/Nov/2023:04:59:53 -0500] "GET /BLA/boletinlegal/ HTTP/1.1" 200 61018
66.249.66.20 - - [14/Nov/2023:05:03:02 -0500] "GET /BLA/resoluciones/RESOLUCIONES%202011/2003.pdf HTTP/1.1" 200 442985
216.245.221.92 - - [14/Nov/2023:05:05:27 -0500] "HEAD / HTTP/1.1" 200 -
201.245.192.253 - - [14/Nov/2023:05:05:37 -0500] "POST /kwsrmcab/Wsrmcab  HTTP/1.1" 200 40720
172.22.2.4 - - [14/Nov/2023:05:06:25 -0500] "GET /BLA/boletinlegal/robots.txt HTTP/1.1" 404 1038
172.22.2.4 - - [14/Nov/2023:05:04:53 -0500] "HEAD /BLA/boletinlegal/ HTTP/1.1" 200 -
66.249.66.21 - - [14/Nov/2023:05:07:12 -0500] "GET /BLA/resoluciones/RESOLUCIONES%202010/3382.pdf HTTP/1.1" 200 301185
172.22.2.4 - - [14/Nov/2023:05:05:44 -0500] "GET /BLA/boletinlegal/ HTTP/1.1" 200 54693
52.167.144.170 - - [14/Nov/2023:05:07:43 -0500] "GET /BLA/resoluciones/RESOLUCIONES%202018/2215.pdf HTTP/1.1" 304 -
172.22.2.4 - - [14/Nov/2023:05:06:27 -0500] "GET /BLA/boletinlegal/ HTTP/1.1" 200 58644
216.245.221.92 - - [14/Nov/2023:05:10:27 -0500] "HEAD / HTTP/1.1" 200 -
201.245.192.253 - - [14/Nov/2023:05:10:37 -0500] "POST /kwsrmcab/Wsrmcab  HTTP/1.1" 200 40720
40.77.167.70 - - [14/Nov/2023:05:12:23 -0500] "GET /BLA/resoluciones/AUTOS%202022/0009.pdf HTTP/1.1" 304 -
172.22.2.4 - - [14/Nov/2023:05:10:43 -0500] "HEAD /BLA/boletinlegal/ HTTP/1.1" 200 -
52.167.144.22 - - [14/Nov/2023:05:13:11 -0500] "GET /bla/resoluciones/autos%202010/3790.pdf HTTP/1.1" 200 265517
52.167.144.22 - - [14/Nov/2023:05:13:11 -0500] "GET /BLA/resoluciones/AUTOS%202022/4551.pdf HTTP/1.1" 304 -
172.22.2.4 - - [14/Nov/2023:05:11:34 -0500] "GET /BLA/boletinlegal/ HTTP/1.1" 200 58294
216.245.221.92 - - [14/Nov/2023:05:15:27 -0500] "HEAD / HTTP/1.1" 200 -
201.245.192.253 - - [14/Nov/2023:05:15:36 -0500] "POST /kwsrmcab/Wsrmcab  HTTP/1.1" 200 40720
172.22.2.4 - - [14/Nov/2023:05:15:52 -0500] "GET /BLA/boletinlegal/dns-query?dns=L5EBAAABAAAAAAAABmdvb2dsZQNjb20AAAEAAQ HTTP/1.1" 406 -
201.245.192.253 - - [14/Nov/2023:05:16:28 -0500] "POST /kwsrmcab/Wsrmcab HTTP/1.1" 200 41033
201.245.192.253 - - [14/Nov/2023:05:16:30 -0500] "POST /kwsrmcab/Wsrmcab HTTP/1.1" 200 41511
172.22.2.4 - - [14/Nov/2023:05:18:09 -0500] "POST /BLA/boletinlegal/dns-query HTTP/1.1" 406 -
172.22.2.4 - - [14/Nov/2023:05:16:33 -0500] "HEAD /BLA/boletinlegal/ HTTP/1.1" 200 -
172.22.2.4 - - [14/Nov/2023:05:17:24 -0500] "GET /BLA/boletinlegal/ HTTP/1.1" 200 53737
173.252.127.117 - - [14/Nov/2023:05:19:51 -0500] "GET /recuperado-zorro-cangrejero-que-era-tenido-ilegalmente-como-mascota-en-una-vivienda-del-sur-de-bogota.html HTTP/1.1" 200 801
173.252.127.15 - - [14/Nov/2023:05:19:51 -0500] "GET /recuperado-zorro-cangrejero-que-era-tenido-ilegalmente-como-mascota-en-una-vivienda-del-sur-de-bogota.html HTTP/1.1" 200 801
201.245.192.253 - - [14/Nov/2023:05:19:50 -0500] "POST /kwsrmcab/Wsrmcab HTTP/1.1" 200 41033
201.245.192.253 - - [14/Nov/2023:05:19:53 -0500] "POST /kwsrmcab/Wsrmcab HTTP/1.1" 200 41511
216.245.221.92 - - [14/Nov/2023:05:20:27 -0500] "HEAD / HTTP/1.1" 200 -
201.245.192.253 - - [14/Nov/2023:05:20:35 -0500] "POST /kwsrmcab/Wsrmcab  HTTP/1.1" 200 40720
114.119.155.78 - - [14/Nov/2023:05:21:42 -0500] "GET /BLA/resoluciones/index.php?dir=RESOLUCIONES%2B2015/&sort=size&order=asc HTTP/1.1" 200 13903
40.77.167.21 - - [14/Nov/2023:05:21:51 -0500] "GET /Publicaciones/2023EE229962.pdf HTTP/1.1" 404 228
190.46.86.80 - - [14/Nov/2023:05:22:00 -0500] "GET /recuperado-zorro-cangrejero-que-era-tenido-ilegalmente-como-mascota-en-una-vivienda-del-sur-de-bogota.html HTTP/1.1" 200 801
114.119.146.171 - - [14/Nov/2023:05:23:03 -0500] "GET /BLA/resoluciones/index.php?dir=RESOLUCIONES%2B2018/&sort=date&order=asc HTTP/1.1" 200 13903
172.22.2.4 - - [14/Nov/2023:05:23:58 -0500] "GET /BLA/boletinlegal/normativa.php HTTP/1.1" 200 8343
172.22.2.4 - - [14/Nov/2023:05:23:58 -0500] "GET /BLA/boletinlegal/styles2.css HTTP/1.1" 200 1838
172.22.2.4 - - [14/Nov/2023:05:23:59 -0500] "GET /BLA/boletinlegal/style.css HTTP/1.1" 200 9406
172.22.2.4 - - [14/Nov/2023:05:23:59 -0500] "GET /BLA/boletinlegal/js/ajax_normativa.js HTTP/1.1" 200 1154
172.22.2.4 - - [14/Nov/2023:05:23:59 -0500] "GET /BLA/boletinlegal/niceforms.js HTTP/1.1" 200 22876
172.22.2.4 - - [14/Nov/2023:05:23:59 -0500] "GET /BLA/boletinlegal/images/cabezote%20BLEGAL.jpg HTTP/1.1" 200 118164
172.22.2.4 - - [14/Nov/2023:05:23:59 -0500] "GET /BLA/boletinlegal/niceforms-default.css HTTP/1.1" 200 6694
172.22.2.4 - - [14/Nov/2023:05:23:59 -0500] "GET /BLA/boletinlegal/images/subscribe-icon-big.png HTTP/1.1" 200 47702
172.22.2.4 - - [14/Nov/2023:05:23:59 -0500] "GET /BLA/boletinlegal/images/registro-usuarios.png HTTP/1.1" 200 8106
172.22.2.4 - - [14/Nov/2023:05:23:59 -0500] "GET /BLA/boletinlegal/images/icono-email.png HTTP/1.1" 200 5544
172.22.2.4 - - [14/Nov/2023:05:23:59 -0500] "GET /BLA/boletinlegal/images/tel.png HTTP/1.1" 200 14477
172.22.2.4 - - [14/Nov/2023:05:23:59 -0500] "GET /BLA/boletinlegal/images/historia.png HTTP/1.1" 200 52775
172.22.2.4 - - [14/Nov/2023:05:23:59 -0500] "GET /BLA/boletinlegal/images/body_bg.jpg HTTP/1.1" 200 1601
172.22.2.4 - - [14/Nov/2023:05:23:59 -0500] "GET /BLA/boletinlegal/images/menu_lft.gif HTTP/1.1" 200 1713
172.22.2.4 - - [14/Nov/2023:05:23:59 -0500] "GET /BLA/boletinlegal/images/menu_rght.gif HTTP/1.1" 200 1627
172.22.2.4 - - [14/Nov/2023:05:23:59 -0500] "GET /BLA/boletinlegal/images/bg_top.jpg HTTP/1.1" 200 522
172.22.2.4 - - [14/Nov/2023:05:23:59 -0500] "GET /BLA/boletinlegal/images/hover.jpg HTTP/1.1" 200 640
172.22.2.4 - - [14/Nov/2023:05:23:59 -0500] "GET /BLA/boletinlegal/images/menu_bg.jpg HTTP/1.1" 200 620
172.22.2.4 - - [14/Nov/2023:05:23:59 -0500] "GET /BLA/boletinlegal/images/text.jpg HTTP/1.1" 200 568
172.22.2.4 - - [14/Nov/2023:05:23:59 -0500] "GET /BLA/boletinlegal/images/footer_bg_l.jpg HTTP/1.1" 200 776
172.22.2.4 - - [14/Nov/2023:05:23:59 -0500] "GET /BLA/boletinlegal/images/footer_bg.jpg HTTP/1.1" 200 586
172.22.2.4 - - [14/Nov/2023:05:23:59 -0500] "GET /BLA/boletinlegal/img/button.png HTTP/1.1" 200 43241
172.22.2.4 - - [14/Nov/2023:05:23:59 -0500] "GET /BLA/boletinlegal/img/0.png HTTP/1.1" 200 110
172.22.2.4 - - [14/Nov/2023:05:23:59 -0500] "GET /BLA/boletinlegal/img/button-right.png HTTP/1.1" 200 57878
172.22.2.4 - - [14/Nov/2023:05:23:59 -0500] "GET /BLA/boletinlegal/img/select-right.png HTTP/1.1" 200 44019
172.22.2.4 - - [14/Nov/2023:05:23:59 -0500] "GET /BLA/boletinlegal/img/select-left.png HTTP/1.1" 200 263
172.22.2.4 - - [14/Nov/2023:05:23:59 -0500] "GET /BLA/boletinlegal/img/button-left.png HTTP/1.1" 200 57071
172.22.2.4 - - [14/Nov/2023:05:23:59 -0500] "GET /BLA/boletinlegal/favicon.ico HTTP/1.1" 404 1334
172.22.2.4 - - [14/Nov/2023:05:22:23 -0500] "HEAD /BLA/boletinlegal/ HTTP/1.1" 200 -
172.22.2.4 - - [14/Nov/2023:05:24:08 -0500] "GET /BLA/boletinlegal/consulta_normativa.php?tipo=&sector=residuos&ano=&resuelve= HTTP/1.1" 200 20100
172.22.2.4 - - [14/Nov/2023:05:24:08 -0500] "GET /BLA/boletinlegal/images/background.gif HTTP/1.1" 200 -
172.22.2.4 - - [14/Nov/2023:05:24:08 -0500] "GET /BLA/boletinlegal/images/docs.png HTTP/1.1" 200 10288
179.33.166.168 - - [14/Nov/2023:05:24:24 -0500] "GET /kwssiamovil/sm/ldap/au?x=U2FsdGVkX19cJZC36pTaJlshdVg/vY7PijQngIYqNdsLfoLbQOscn7LjByidmYmm&y=U2FsdGVkX1/FOusJ6rXni+siYzSW2i/KzctC9tI7xTBrYtpQRkaho0x5zdJORibq HTTP/1.1" 200 30
179.33.166.168 - - [14/Nov/2023:05:24:24 -0500] "GET /kwssiamovil/sm/acme/s?s=U2FsdGVkX1/P5HV39GpQU2mBH/hkpQ6O2ByHLZaEBiArjHNiCA+Mngm6TWFjA7k6wREGTaUatLZyVfKHKNNJbSjdQRZYt92XbRce85rUFUk=&u=U2FsdGVkX1+BYsciwMJjkbIAh3sENQY7ZVypylXdLTk=&y=U2FsdGVkX1/FOusJ6rXni+siYzSW2i/KzctC9tI7xTBrYtpQRkaho0x5zdJORibq HTTP/1.1" 200 97
179.33.166.168 - - [14/Nov/2023:05:24:24 -0500] "GET /kwssiamovil/sm/acme/s?s=U2FsdGVkX1+4u+uWMN8vhQhYRbEzLX2J+BlNlBE70+nAJFpbesvBDoaGKB2TKsVgWa90AFsppq7bYWHSK2bZwnB57o2tGCUidBsHq2+pwfUIHE1f8Ftp5fTV0VF6ZFPUHg8EyT54pMmyMxaE/MjLA9iyFYbBLs9Tozq0pFpEArBJWWmUpl3PQBZa4nmHah01iKTOYWzNpIuHA2LhHmdUQEnrEZqiQY3Wadzp0HpiGrN+BcU4oXtVsmr9pREie1H27rCTu1ftO0mOXUNbDj270zg8dfwt7wu51BHy5N4tYE+JEfmWe0K+Ib2sCeDJKMxsOyvrxO9gjwJEWJPawgFOnrouOHg86eQ+yUFZx40kVXg9w9jwJHmMzidLIeXZMVkKlV/LsJD3HBRozV02F68NSkadaNc3GRqwGbzKH8xzDG+VZ3nveQ4D9VK8CPx1rbGBmeS6JM9F0ZmCDAObyL+eOKdtL9WXaTqCQB/tFxRiifk27YTn/MVgGFWrHNY+7bQdvJQzdUR3uaDJ3cIX1h2t/kD+Z4cCu6WesfweJhc0ovPt1/JkaaAidmluObJZsEQcFscy9TIjzAYa5DGffgrtP9pHEIcjFL2/D2wGNVbqDLdoS8UwKWUF68ioMlXcokJ24s571qiSgfV2DjnPzNpmNxQv6dSMZuLmBoQfxV8fLdsInUupoEKKAcV2KfrIFb4NixMBtzXs+Mv35OPlUABMFQi5zLxGkiljo+7eM4VrERWJK2yUVHZHgRFtRN2pioWQC8KEc2ryjtHsSOHpL5N8rvqJPvob7eLochHzIYo/0RcEvHimzjqbe6Prp/SVylVAhQHss4Q2APo/7PMlAViNRNAqYQUNdGmQx9SvMXGU8I6suZG0oXqNEsOgdtLksvLd+pdXWpyVVWnug3Y1nGL5yYevRSZaxwELxRebN49uIQYN8I139bVFF6dak3oyk8aiESnAiBhLY79BH6ZigUyBmzdPFlJ06Op3nto6+qMRq9+CW6p2Y0Zx9B0dhUM8CIzaUk85CfiwvIOJM9FLZFQr+tWwtLZNLr5F00hU680fpNMo8UWCYk1Bb9Z0SCiltt+Mk/ew/xuNmxhCKq/25nSs1aYxEQPLfjsHGTwNUePtraPcXGIhjTM6Uq4ZdB7/gC2W/Z//5DRVzUS3dldVcEv3N05/wH/ZM9tHC8EUJTrqielC9wsnwbC2ve8fiNTp+5cneCPSnUrub4eF7fRvku6ppX/m16h5nSr98cA0iCtbiewXi4K6NFEqa8TkQ2FraEdFcWxiFS3emKPG5qSt9thBK0pDWGv/JPledfZ8wIi+rrNnDZ44JCISJKjS7NVppnzEu/1EZrSJvHaT5w4CJ4XVAy5le/7N6sxsDLhQT1v8g6KfoUD3hrp7lowvU173TOOzgXjO7UDiR6MF+d/mtqBB/lLyh9cS/q/CbuyXmWO/4lAHlUtuIrHg206Ffbz66mfbA8lBfN9ZcSCDco5Qww5naK7yoMHSEBUJTCRtHcr/ws0tjQ0yBJwUjgFvNAbsxW58FP1ceSzibKTSpXEE09ZU1ilKJNFXcHj3VUPfUqyTULsVzpemsYMIEN3A6PLhtGWggaX34ArlSsXB8TZYv7U71uReWSpY09OC7dzC+zlp8nFpngqrFy6dl4OLPG2dDM62fwi3gCxmhEyyyceqA77aJs0/h3UHTNFA8FWrsN1jLA5XkDe/PygmIEtdTaHdLqDTKmD7eWTX06tFuA6Vifj3AliVJTmOWgbT4q50R6ctxsw=&u=U2FsdGVkX1+BYsciwMJjkbIAh3sENQY7ZVypylXdLTk=&y=U2FsdGVkX1/FOusJ6rXni+siYzSW2i/KzctC9tI7xTBrYtpQRkaho0x5zdJORibq HTTP/1.1" 200 4239
179.33.166.168 - - [14/Nov/2023:05:24:24 -0500] "GET /kwssiamovil/sm/acme/s?s=U2FsdGVkX1+hLpI75I1tvegP9xc9no+ARLguMZQgUjoRyBhH1q7yrkpaX3qLa8lrsvUKzcOUsTD4HINgwYajbSiyO88GPOlRPaNVg0pk4P6R0oQNZbm88jbNrTx1nWNfzD2LG/0ZzIByRxPToNn5X4ycGbc1oY91hZXtaJR5/nLV+itmhQPkc4AygC37NUaAfxCBZVxNWk2TLieZIGRUxhz3iFpWxveMjaUM8/+qtvfZiFjaDoxv5dvEJOJ+B2CF8kTbmq0iXkXDyoWgxizyQLwwCbrtyvBQuq9CdLGXuzfTWr7DQ9aQ3Gi0A/ordC591YD5Pk/fS9MQ53/HcChrZWMPlwiPfKjA2dTcHjlhhIqbNPcc8lT/wP09OYJYTK5C6sdNDlSPWgxDLBm0iCnrOKRLQVBw9gyRS9AXN7a/sJ5eZon/uyo9IuuoU0b7o3ufqNT9+v2vkoJLbHJ4arxb/jvUPFFXQ3I2+gwHqZ9NAwAAZ9FGy6d6+lp2vxiwjM8d26a3n4zDqE3P7QqRud02JJVXa/JRn50M/e+Rsd3WiDOP7bxCOChI0Bah+589LEsm2OnZxh4S1s0P3ucQKeY11SwsxCWP9SlQArjSeBb/bmbQV+iqxoFAGT6Z/+KZmSZNVk6y7i1hZOMroZypMxyuUY2bACvGV96T1HwwirNpbRxZ0MTz5Baw5urYf37ngNFHmtxk5eIvxQ3MX69sovKskoJz0eO6jzI04rZFyQQr4GAKD4zfXpsqJvLLYzCOdJlr&u=U2FsdGVkX1+BYsciwMJjkbIAh3sENQY7ZVypylXdLTk=&y=U2FsdGVkX1/FOusJ6rXni+siYzSW2i/KzctC9tI7xTBrYtpQRkaho0x5zdJORibq HTTP/1.1" 200 208
179.33.166.168 - - [14/Nov/2023:05:24:24 -0500] "GET /kwssiamovil/sm/cjson/pre?f=1&x=U2FsdGVkX19cJZC36pTaJlshdVg/vY7PijQngIYqNdsLfoLbQOscn7LjByidmYmm HTTP/1.1" 200 31032
172.22.2.4 - - [14/Nov/2023:05:23:14 -0500] "GET /BLA/boletinlegal/ HTTP/1.1" 200 55803
216.245.221.92 - - [14/Nov/2023:05:25:27 -0500] "HEAD / HTTP/1.1" 200 -
201.245.192.253 - - [14/Nov/2023:05:25:34 -0500] "POST /kwsrmcab/Wsrmcab  HTTP/1.1" 200 40720
66.249.77.8 - - [14/Nov/2023:05:25:56 -0500] "GET /dia-mundial-del-agua-2023-programate-para-participar-en-estas-actividades-de-educacion-ambiental.html HTTP/1.1" 304 -
201.245.192.253 - - [14/Nov/2023:05:26:27 -0500] "POST /kwsrmcab/Wsrmcab HTTP/1.1" 200 41033
201.245.192.253 - - [14/Nov/2023:05:26:30 -0500] "POST /kwsrmcab/Wsrmcab HTTP/1.1" 200 41511
5.255.231.175 - - [14/Nov/2023:05:28:19 -0500] "GET /robots.txt HTTP/1.1" 404 1018
87.250.224.207 - - [14/Nov/2023:05:28:19 -0500] "GET / HTTP/1.1" 200 319
40.77.167.44 - - [14/Nov/2023:05:29:26 -0500] "GET /portaldeninos/gestion-del-riesgo-incendios-forestales/ HTTP/1.1" 200 86825
186.154.33.207 - - [14/Nov/2023:05:29:48 -0500] "GET /BLA/resoluciones/ HTTP/1.1" 200 13696
201.245.192.253 - - [14/Nov/2023:05:29:50 -0500] "POST /kwsrmcab/Wsrmcab HTTP/1.1" 200 41033
172.22.2.4 - - [14/Nov/2023:05:28:13 -0500] "HEAD /BLA/boletinlegal/ HTTP/1.1" 200 -
201.245.192.253 - - [14/Nov/2023:05:29:53 -0500] "POST /kwsrmcab/Wsrmcab HTTP/1.1" 200 41511
216.245.221.92 - - [14/Nov/2023:05:30:27 -0500] "HEAD / HTTP/1.1" 200 -
201.245.192.253 - - [14/Nov/2023:05:30:33 -0500] "POST /kwsrmcab/Wsrmcab  HTTP/1.1" 200 40720
172.22.2.4 - - [14/Nov/2023:05:29:04 -0500] "GET /BLA/boletinlegal/ HTTP/1.1" 200 52827
66.249.66.21 - - [14/Nov/2023:05:31:08 -0500] "GET /BLA/resoluciones/RESOLUCIONES%202007/RES%202007%201%20AL%20100/RESOLUCION%200007DE%202007.pdf HTTP/1.1" 200 164907
186.154.33.207 - - [14/Nov/2023:05:32:35 -0500] "GET /BLA/resoluciones/index.php?dir=AUTOS+2014%2F HTTP/1.1" 200 890851
186.154.33.207 - - [14/Nov/2023:05:33:00 -0500] "GET /BLA/resoluciones/AUTOS%202014/4715.pdf HTTP/1.1" 200 565298
186.154.33.207 - - [14/Nov/2023:05:33:00 -0500] "GET /BLA/resoluciones/AUTOS%202014/4715.pdf HTTP/1.1" 206 1025
186.154.33.207 - - [14/Nov/2023:05:33:00 -0500] "GET /BLA/resoluciones/AUTOS%202014/4715.pdf HTTP/1.1" 200 565298
34.207.241.106 - - [14/Nov/2023:05:33:01 -0500] "GET /robots.txt HTTP/1.1" 404 1018
188.165.194.120 - - [14/Nov/2023:05:34:15 -0500] "GET /forest/ HTTP/1.1" 200 12041
216.245.221.92 - - [14/Nov/2023:05:35:27 -0500] "HEAD / HTTP/1.1" 200 -
31.13.103.118 - - [14/Nov/2023:05:35:29 -0500] "GET /recuperado-zorro-cangrejero-que-era-tenido-ilegalmente-como-mascota-en-una-vivienda-del-sur-de-bogota.html HTTP/1.1" 200 801
31.13.103.5 - - [14/Nov/2023:05:35:29 -0500] "GET /recuperado-zorro-cangrejero-que-era-tenido-ilegalmente-como-mascota-en-una-vivienda-del-sur-de-bogota.html HTTP/1.1" 200 801
31.13.103.116 - - [14/Nov/2023:05:35:30 -0500] "GET /recuperado-zorro-cangrejero-que-era-tenido-ilegalmente-como-mascota-en-una-vivienda-del-sur-de-bogota.html HTTP/1.1" 200 801
201.245.192.253 - - [14/Nov/2023:05:35:33 -0500] "POST /kwsrmcab/Wsrmcab  HTTP/1.1" 200 40720
172.22.2.4 - - [14/Nov/2023:05:34:03 -0500] "HEAD /BLA/boletinlegal/ HTTP/1.1" 200 -
201.245.192.253 - - [14/Nov/2023:05:36:28 -0500] "POST /kwsrmcab/Wsrmcab HTTP/1.1" 200 41033
201.245.192.253 - - [14/Nov/2023:05:36:30 -0500] "POST /kwsrmcab/Wsrmcab HTTP/1.1" 200 41511
172.22.2.4 - - [14/Nov/2023:05:34:54 -0500] "GET /BLA/boletinlegal/ HTTP/1.1" 200 50697
172.22.2.4 - - [14/Nov/2023:05:37:19 -0500] "GET /BLA/boletinlegal/jurisprudencia.php HTTP/1.1" 200 17583
172.22.2.4 - - [14/Nov/2023:05:37:51 -0500] "GET /BLA/boletinlegal/js/lib.js HTTP/1.1" 200 6474
179.33.166.168 - - [14/Nov/2023:05:39:00 -0500] "OPTIONS /kwssiamovil/sm/setfile/f? HTTP/1.1" 200 13
179.33.166.168 - - [14/Nov/2023:05:39:00 -0500] "POST /kwssiamovil/sm/setfile/f? HTTP/1.1" 200 381
179.33.166.168 - - [14/Nov/2023:05:39:15 -0500] "GET /kwssiamovil/sm/acme/a?s=U2FsdGVkX1/6dHS7S4MGoH21TI0X9KUFWF1x80Im2qFJQb2IR90H2FwduoOXyv3eLaWvzi8YbC4sgeB0yFVgMHvFY038/hoy9sHMwJgVGKCJN4Kh1wvvAxatFvA/dsUnCChbz4WG4p71yqF89BqdSSbq+GfXOyqV6jcgUIbYeAhpsdnFLE67ZA3xnPY+YJmw9EoZKiOovUR3N66x4DGoZByi70RLCkIfoNCg2cGjH2qFs/lVJ1MgqNJRYNj4UAdMe5z0+uGUELMk0PBWjQys/w==&u=U2FsdGVkX1+BYsciwMJjkbIAh3sENQY7ZVypylXdLTk=&y=U2FsdGVkX1/FOusJ6rXni+siYzSW2i/KzctC9tI7xTBrYtpQRkaho0x5zdJORibq HTTP/1.1" 200 26
179.33.166.168 - - [14/Nov/2023:05:39:15 -0500] "GET /kwssiamovil/sm/acme/a?s=U2FsdGVkX18sA+2EVfjGQaMRVki3l4DYB0LO+0yBMPzNRhZ645gTRR+RsmqhL7y+66sC+DZ4W8WAGwfKwMAgeq1sR+6et6KM15vRn7tDRUkwqIk8jz0RC/fyW6/AaVI1gUUAVupcdMImMMmjq7TfDnCzUPjtUBaAY7Q/p0RwK3LVGgNOMJW5EQEtwnMbROUnhZjnKqocs2qrGnVW5OgVKi4wuwvqy31CQA65Sa6joUSs937i5fONYfs1BAedBMXHSDP0nJ0dBFnSky/FaTHVeOLiZzgp4IFIFwhPmt6g+2CUCz1uEhjAMlc5z1cUm7avqCYW96xYjx/i0l+DBXKcYV0J3kXekIpjSeaOa4QcF8TUo30X4wn+CU/VoV//M/WzNwgGOCoE9Rsyi2MkGCvEuAm7NT4B5Hjd+UrrEebaWAGrYcrsccuUtk6RyHpQ8G5tinC+uyV8Ttu9BsJTkA2glajUBzliNoZevTzOiVvAG/r5QIR8yQofbLekOP3gdpkqv2ToeDeXcaaa4ociaveQ0NkAuGm1h3KwOhI7PP04/11cZcx/mp/BxCTDe4fFVxMpLuLLmBq5tf91Ib6JbGozPWDX22n+sBprSaoYalFcFZhiU+jPoruiqycJURYvWqmhCU4oqNT5rZk1a+dD+3kg4E0laHES9OHwD0P9PwxcHaonmANKRKFefEQxot7/VZ+4qUyUHtd8Nzi9m22yAkyw+VHKjL+2N9clVG2PBmeyLbgfXFZepMpf1GAO2tzpld/fR8geKFQqC+2Uiqdz2Z/+XRXjMI4zBdjXxt7cl4AL1f0rXrKxEt8SnjlVyTdipik2dG2xaWWIyuA+LroLA55Sau8bXkeED+MZVt6plhCrUr93wFysrdKS7l2/kMksKJok4VeN4o5glvkzIm5FWe8CIIe8UEtFQ82cIkD2twVVSjQPqiXUUu1M3QJQ1OGVy0K9WFmLNI2gEOynNZMd89fAWUXB8GxKTwSOhPYmi2uOvEcfpgaX9/jvyvBOCscPzrJuAWdgHvIIjsfnmCIq1v0g42v3tNbIXRHy7tEsvZb71g/ajqowpfdy6MD6MoWUZQuNcru6sHF6PY+yi4wKxRSLpo5iMttq1UuMff96mlCHGcgvhUxi6bdecKyAZu4evt7F/23Uqze8nQdzSIOObZiQ5tQ7DWhutxgotmjZymS0+LmjmHvP6ZKMuUxWJOZhTxCd0pkMUdW478/p8hwI6vQr+iBXrSWP9NTaeISUCThygHiFJTdSHPLbMJDYGZ0hvUciYwDfVIZTuEGDQK/sNzu2AVGnqDy9r+Ji8cpb/nq5b5JknsbcbEEZi+QuwkWbfEk8uggf7w2ZIeGyuEspwLpeoqrAd5yJWPxbtSYrQNKhd9ZuiPAYy6s5cg45IcIwU4SoaFRgCeq7AzRgP+5RJPedySCz8pppTGiIl7z6on+q157wuqBjBesfctVqEbJDlZZ4IaYLKVmeXf0mhrYlh9dSeR9CxN+GXabCnIZWep0uhndvI2aqAkq9o0t+JtclFqAwejNAwANBd2UYq1Z2S/BDRMC23yT12gcpeyskgpkH5KTgoWr4+BF4+YKsSkuuVI7//K1dliIngwlqf4Vd/iaevC8wp3kVL2/l6kN/U/JGiXJsob+qHiX54JA8mJfiv3DBcDc4xHBaird5Bqm84xoQIDjRCa1vhHpPEAkPw4rQ5+kSAMcNAnJth5VS8Q8DoEf191vAf6x/1Vj+MzzMJcJR+I2t8bTCFsnKHvP0Eo3n1jFW9uENFFyT7WK3sj6GP0FwC6Ff53u5H5Yf0qRomE7uTC2ZyYXINdzznaU3YXqLedjdxtGAmmi0SZlB9ZWq5cFRvczUrwNGI5vz59uH5234LfuT1SfToAdWjocukPuxVPruFVOkLBYckKtbiDtvlqqIXhcVzK8ePqXKw14UMxuvm3t613GrYhpR0EwHsNzpKee6ebS1UEWdFxaaTfJcqHqkLIUIUCsahm9PKKpn27q35ixuBEE9+AaBXoAmHM8o8ytaBb4GUWJvyAAeRKUCD5IM+BQeAvJ8RxoTZCCSqZeQI+ak+c5JkuzqaQ12tp6DMFAtt9h5rVnB5zMClDmYM9pPT4kC3lrVZ46zNmAYN0gjgrl4uMdilh/dmmlE6MaraHf0jW4PYnz4N+RiCiZaBwMPA/p+/juZJCYH1wwz6MdBHzgeXEvO36SWI/7HvpjgqTNmoNFN/YisHxlhDpGFXvuJZijK7uxo7cEdiW6LwMix3OQkkv0m2gQ+vl9Vfh2K8gET6mH0hWnrgq8W32PuFu93aadz63OU7TQenMYgJlSe//DJzOS1yiIiM3xgncx0zXuCfVEqFCYZDJkepzSs8NKWuXInYbs8v9LynI2ww3QkviqEBAEz8+igZ+1eTwZq2uSWCj86wpjmW1ql/odS49+eap8BDxxcWq87B/VSF3hXP7PwbtYPRn2F2cXNMe+EutXe4k8juVH+WTRIqq1eQ5GFilfMo+UYM9xQd6vfdgjhvpFdfVWoboIGhIJi8N7CjWJhACv07HFVnNrOQxft8uNjPFbXaJrszPY7Ln35YZHrA2V/p6qi3tK3v7/lyRxqlLY7VLv67F71wxmvVHaTh8/tP/EcoXIB3ag3a6SnryW9Nzg1RbMWWvr7VZAshsIfgrStNf0zZk9XjXahQ0/qVCZ2FEgFG5lxkHNQgi2+HqHnH1xkzWy3siyn4yl73Z7oiWo=&u=U2FsdGVkX1+BYsciwMJjkbIAh3sENQY7ZVypylXdLTk=&y=U2FsdGVkX1/FOusJ6rXni+siYzSW2i/KzctC9tI7xTBrYtpQRkaho0x5zdJORibq HTTP/1.1" 200 26
179.33.166.168 - - [14/Nov/2023:05:39:15 -0500] "GET /kwssiamovil/sm/acme/a?s=U2FsdGVkX19d6/Y+6UoyIdrLF/CWR9lpy/nrVutRlpy3fv1/cldGGb2RLGiIQ83y2SHee2IcMPWALeanoAcNuXVRqfgHQqYVrB+MnjYU7kjU3WqqdWMRgtzE35nU/yTmDOSt09ZbgKeypjlqUrtBo4xAUSXIyH8IFO+JBIS6ciA=&u=U2FsdGVkX1+BYsciwMJjkbIAh3sENQY7ZVypylXdLTk=&y=U2FsdGVkX1/FOusJ6rXni+siYzSW2i/KzctC9tI7xTBrYtpQRkaho0x5zdJORibq HTTP/1.1" 200 26
179.33.166.168 - - [14/Nov/2023:05:39:15 -0500] "GET /kwssiamovil/sm/acme/a?s=U2FsdGVkX1//F9l8h2xW8EykjvhSMprc6uzsKnbKajUPMAeFAZq3bsK0rRNsxWPcV/uf/DhOsb8CD5Ybe96pnStiubRvRPkKdZBKym713D+shNcbGJ46hzty3W/A1a4Fss+sgc//SfBWXJgYtoYDBeUL2d3TTJ+cP/Hb/RTDoBA=&u=U2FsdGVkX1+BYsciwMJjkbIAh3sENQY7ZVypylXdLTk=&y=U2FsdGVkX1/FOusJ6rXni+siYzSW2i/KzctC9tI7xTBrYtpQRkaho0x5zdJORibq HTTP/1.1" 200 26
179.33.166.168 - - [14/Nov/2023:05:39:16 -0500] "GET /kwssiamovil/sm/acme/a?s=U2FsdGVkX18xAJ8vQi3A8kpqECjNPa+p5iStXlLdspcDEQX8FCEnAo0HlKcrbHihKS2A1EoSwtUdjXgRdfu1voznKof+VqJbomV259iRZjvUo+M9d41TT6RdwmCiSeFh8joPcbfqAXYK8XE4Yf4QDOK/gETvsirgsXhJ8/vg5aA=&u=U2FsdGVkX1+BYsciwMJjkbIAh3sENQY7ZVypylXdLTk=&y=U2FsdGVkX1/FOusJ6rXni+siYzSW2i/KzctC9tI7xTBrYtpQRkaho0x5zdJORibq HTTP/1.1" 200 26
179.33.166.168 - - [14/Nov/2023:05:39:16 -0500] "GET /kwssiamovil/sm/acme/a?s=U2FsdGVkX19gvSS4VqS37RnOfZpRwzil2quSCCZdI9F4a/j/7YwSkam93lZxTWZwq0NaSLiZ9Wwz3s3x2tD7qWbuE5Z6JU8cgbpdyQZLyO4I8j8/JTdxEYLpxsD8hS1iIWw8PxBo8TMg8cDo98ShEOtIQk7Ff/HPG3yJf6jOGOJPw+a6JO4QPe9ibifc+SbVql9AomiwP/w53y+NMpjWYg==&u=U2FsdGVkX1+BYsciwMJjkbIAh3sENQY7ZVypylXdLTk=&y=U2FsdGVkX1/FOusJ6rXni+siYzSW2i/KzctC9tI7xTBrYtpQRkaho0x5zdJORibq HTTP/1.1" 200 26
179.33.166.168 - - [14/Nov/2023:05:39:16 -0500] "GET /kwssiamovil/sm/acme/a?s=U2FsdGVkX18ejSfMYOE85YkqVFz4Ws0xE23YE+p11aka6adGRckbBu9n7Iv1kvcQz5fLdtbKZxe9oBHrPx1S66cxzsiGTevd+DfFzvSdHjNfgcm1vwUCmXsyQAS6Oc9y3L+jgeadCOFdiOAqOnT6AtNbqf1eaJu6rR2m9Cses0IvcpuSzz+GnoFjidOgoPTur0ROGyx1lke8gNfLKDsGroEDQvKos61OWhERnodKWXMu2cIjVVN9ovqQ2UiL3QrL1qch7DSghTwxd3qwbR6FB7QF/sxnpPCpvI5w7Nb3kqtBjF84D+ErhSuaxUycScxlgkcLPUZK6EeloYneQCT9yKyX7SFrgvT9OufcWU9RQzKYIdWV9jwTXDy/6XbGjmYexaKTFCH03oy6w4DApyPdL45bi3k44bdgqoFpw8BdT/q20xmdp+k+lka9TZVCIwOc9vYvpdgEVOU/TeXO3twKnfPuBVxIQ23Rm3a71xUOMYRSlPuHlLTx8F6I7vaV+e3NsMtCdd0LpUQ0WdZD5iP3qyETNTyBytGaGCvqpCTY9o4=&u=U2FsdGVkX1+BYsciwMJjkbIAh3sENQY7ZVypylXdLTk=&y=U2FsdGVkX1/FOusJ6rXni+siYzSW2i/KzctC9tI7xTBrYtpQRkaho0x5zdJORibq HTTP/1.1" 200 25
179.33.166.168 - - [14/Nov/2023:05:39:16 -0500] "GET /kwssiamovil/sm/acme/a?s=U2FsdGVkX197xf/R+b/L3thCalHHs0Qf9uaALIavvyuhUsGK8chZhvYiWt5ZsYwgIxf7+/ToRxcqJvV79vY8u/MPQfFQQr1sps0oFPnVGDZTUBrSwDKvdDnrSHs38PLdVa/kjuMsrJQJLti9HaiJhEj2+38oTDy/zeOoZk5ZKravzt3rkPoYHycHmDn3v5fKye52SPYhjsGURHqJA70dhxETwOtT2yX/UJZa6Gt9ghHe8wnxxwWtJNR/sdY40GKOdHXAPukQh6fqxx8qX1PVfmMcvq3/X4dEQTXCt9kBJcl7mBWFmR5Qm1C0x15TwCaScR9Wmbkrml4Jg84WFK0+uaw82RJblslOHQZt5qJbOh6BJn7/BFImG7+prTFCM06xVj1ZHa+fwO92IRIQixCgCca5LznVgnsfCotZXSNXGC7vcPPj3S8GGPdPal3MZTNU7/ZZL+9Aglz6FeUVdXwi5C7UCbU/PBhq51Y7PYTPQdMWcn23MdYSW1gV0rvBrd9L&u=U2FsdGVkX1+BYsciwMJjkbIAh3sENQY7ZVypylXdLTk=&y=U2FsdGVkX1/FOusJ6rXni+siYzSW2i/KzctC9tI7xTBrYtpQRkaho0x5zdJORibq HTTP/1.1" 200 25
201.245.192.253 - - [14/Nov/2023:05:39:50 -0500] "POST /kwsrmcab/Wsrmcab HTTP/1.1" 200 41033
201.245.192.253 - - [14/Nov/2023:05:39:53 -0500] "POST /kwsrmcab/Wsrmcab HTTP/1.1" 200 41511
216.245.221.92 - - [14/Nov/2023:05:40:27 -0500] "HEAD / HTTP/1.1" 200 -
201.245.192.253 - - [14/Nov/2023:05:40:32 -0500] "POST /kwsrmcab/Wsrmcab  HTTP/1.1" 200 40720
66.249.69.134 - - [14/Nov/2023:05:40:50 -0500] "GET /portaldeninos/ HTTP/1.1" 200 110175
172.22.2.4 - - [14/Nov/2023:05:39:53 -0500] "HEAD /BLA/boletinlegal/ HTTP/1.1" 200 -
172.22.2.4 - - [14/Nov/2023:05:40:44 -0500] "GET /BLA/boletinlegal/ HTTP/1.1" 200 52827
114.119.144.163 - - [14/Nov/2023:05:42:50 -0500] "GET /BLA/resoluciones/index.php?dir=Notificaciones/AUTOS%2B1988/&sort=size&order=desc HTTP/1.1" 200 13943
173.252.107.5 - - [14/Nov/2023:05:43:42 -0500] "GET /olga-romero-una-mujer-que-reverdece-con-corazon-inquieto-que-encontro-en-el-reciclaje-su-pasion.html HTTP/1.1" 200 798
