!C99Shell v. 1.0 pre-release build #13!

Software: Apache. PHP/5.5.15 

uname -a: Windows NT SVR-DMZ 6.1 build 7600 (Windows Server 2008 R2 Enterprise Edition) i586 

SYSTEM 

Safe-mode: OFF (not secure)

E:\nuevo\apache\logs\   drwxrwxrwx
Free 9.41 GB of 239.26 GB (3.93%)
Detected drives: [ a ] [ c ] [ d ] [ e ] [ f ]
Home    Back    Forward    UPDIR    Refresh    Search    Buffer    Encoder    Tools    Proc.    FTP brute    Sec.    SQL    PHP-code    Update    Feedback    Self remove    Logout    


Viewing file:     access.2023.11.15.log (5.17 MB)      -rw-rw-rw-
Select action/file-type:
(+) | (+) | (+) | Code (+) | Session (+) | (+) | SDB (+) | (+) | (+) | (+) | (+) | (+) |
172.22.2.4 - - [14/Nov/2023:23:58:37 -0500] "GET /BLA/boletinlegal/ HTTP/1.1" 200 58294
201.245.192.253 - - [15/Nov/2023:00:00:49 -0500] "POST /forms/lservlet;jsessionid=ac16012b30d6ecb3a1c0f7a64cdda50ee8e11bea36f4.e3iSbxaKaheRe3eRa38MahaQbi1ynknvrkLOlQzNp65In0 HTTP/1.1" 200 2
189.203.85.137 - - [15/Nov/2023:00:01:09 -0500] "GET /isolucionsda/FramesetArticulo.asp?Pagina=%27nvOpzp;%20AND%201=1%20OR%20(%3C%27%22%3EiKO)),&IdArticulo=%27nvOpzp;%20AND%201=1%20OR%20(%3C%27%22%3EiKO)),&Codigo=%27nvOpzp;%20AND%201=1%20OR%20(%3C%27%22%3EiKO)),&Fecha=%27nvOpzp;%20AND%201=1%20OR%20(%3C%27%22%3EiKO)),&Version=%27nvOpzp;%20AND%201=1%20OR%20(%3C%27%22%3EiKO)),&Procedimiento=%27nvOpzp;%20AND%201=1%20OR%20(%3C%27%22%3EiKO)),&cliente=%27nvOpzp;%20AND%201=1%20OR%20(%3C%27%22%3EiKO)), HTTP/1.1" 302 164
189.203.85.137 - - [15/Nov/2023:00:01:09 -0500] "GET /Isolucionsda/frmHome.aspx HTTP/1.1" 404 2322
216.245.221.92 - - [15/Nov/2023:00:01:24 -0500] "HEAD / HTTP/1.1" 200 -
201.245.192.253 - - [15/Nov/2023:00:02:38 -0500] "POST /kwsrmcab/Wsrmcab  HTTP/1.1" 200 40720
201.245.192.253 - - [15/Nov/2023:00:02:49 -0500] "POST /forms/lservlet;jsessionid=ac16012b30d6ecb3a1c0f7a64cdda50ee8e11bea36f4.e3iSbxaKaheRe3eRa38MahaQbi1ynknvrkLOlQzNp65In0 HTTP/1.1" 200 2
172.22.2.4 - - [15/Nov/2023:00:01:37 -0500] "GET /BLA/boletinlegal/ HTTP/1.1" 200 62729
201.245.192.253 - - [15/Nov/2023:00:04:49 -0500] "POST /forms/lservlet;jsessionid=ac16012b30d6ecb3a1c0f7a64cdda50ee8e11bea36f4.e3iSbxaKaheRe3eRa38MahaQbi1ynknvrkLOlQzNp65In0 HTTP/1.1" 200 2
17.246.23.133 - - [15/Nov/2023:00:05:08 -0500] "GET /bogota-una-de-la-nueva-clase-de-119-ciudades-mundiales-nombradas-lideres-climaticos-en-la-a-list-de-cdp-del-2023.html HTTP/1.1" 200 843
172.22.2.4 - - [15/Nov/2023:00:03:37 -0500] "HEAD /BLA/boletinlegal/ HTTP/1.1" 200 -
172.22.2.4 - - [15/Nov/2023:00:04:27 -0500] "GET /BLA/boletinlegal/ HTTP/1.1" 200 61018
216.245.221.92 - - [15/Nov/2023:00:06:24 -0500] "HEAD / HTTP/1.1" 200 -
201.245.192.253 - - [15/Nov/2023:00:06:49 -0500] "POST /forms/lservlet;jsessionid=ac16012b30d6ecb3a1c0f7a64cdda50ee8e11bea36f4.e3iSbxaKaheRe3eRa38MahaQbi1ynknvrkLOlQzNp65In0 HTTP/1.1" 200 2
45.156.129.37 - - [15/Nov/2023:00:07:18 -0500] "GET / HTTP/1.1" 200 319
201.245.192.253 - - [15/Nov/2023:00:07:38 -0500] "POST /kwsrmcab/Wsrmcab  HTTP/1.1" 200 40720
201.245.192.253 - - [15/Nov/2023:00:08:49 -0500] "POST /forms/lservlet;jsessionid=ac16012b30d6ecb3a1c0f7a64cdda50ee8e11bea36f4.e3iSbxaKaheRe3eRa38MahaQbi1ynknvrkLOlQzNp65In0 HTTP/1.1" 200 2
181.53.12.61 - - [15/Nov/2023:00:09:43 -0500] "-" 408 -
66.249.66.21 - - [15/Nov/2023:00:10:18 -0500] "GET /isolucionsda/FrameSetArticulo.asp?Pagina=/isolucionsda/bancoconocimiento/L/Ley797del29deEnerode2003/Ley797del29deEnerode2003.asp?IdArticulo=6509 HTTP/1.1" 200 8059
66.249.66.21 - - [15/Nov/2023:00:10:20 -0500] "GET /isolucionsda/Scripts/jsUtilities.js?fecha=20150217a HTTP/1.1" 200 134450
66.249.66.20 - - [15/Nov/2023:00:10:20 -0500] "GET /isolucionsda/Scripts/customRequired/toasterConfiguration.js HTTP/1.1" 200 1446
66.249.66.20 - - [15/Nov/2023:00:10:20 -0500] "GET /isolucionsda/Scripts/jquery.js HTTP/1.1" 200 299461
66.249.66.20 - - [15/Nov/2023:00:10:21 -0500] "GET /isolucionsda/Scripts/customRequired/base64.js HTTP/1.1" 200 3069
66.249.66.21 - - [15/Nov/2023:00:10:22 -0500] "GET /isolucionsda/Scripts/toastr.js HTTP/1.1" 200 15304
66.249.66.19 - - [15/Nov/2023:00:10:22 -0500] "GET /isolucionsda/isolucionsda/bancoconocimiento/L/Ley797del29deEnerode2003/Ley797del29deEnerode2003.asp?IdArticulo=6509 HTTP/1.1" 404 5026
66.249.66.19 - - [15/Nov/2023:00:10:23 -0500] "GET /isolucionsda/Arriba.asp?Pagina=/isolucionsda/bancoconocimiento/L/Ley797del29deEnerode2003/Ley797del29deEnerode2003.asp&IdArticulo=6509 HTTP/1.1" 500 9068
66.249.66.20 - - [15/Nov/2023:00:10:23 -0500] "GET /isolucionsda/StyleSheet/StyleSheet.css HTTP/1.1" 200 28286
201.245.192.253 - - [15/Nov/2023:00:10:49 -0500] "POST /forms/lservlet;jsessionid=ac16012b30d6ecb3a1c0f7a64cdda50ee8e11bea36f4.e3iSbxaKaheRe3eRa38MahaQbi1ynknvrkLOlQzNp65In0 HTTP/1.1" 200 2
172.22.2.4 - - [15/Nov/2023:00:09:27 -0500] "HEAD /BLA/boletinlegal/ HTTP/1.1" 200 -
216.245.221.92 - - [15/Nov/2023:00:11:24 -0500] "HEAD / HTTP/1.1" 200 -
66.249.66.21 - - [15/Nov/2023:00:11:51 -0500] "GET /BLA/resoluciones/RESOLUCIONES%202010/2300.pdf HTTP/1.1" 200 803943
172.22.2.4 - - [15/Nov/2023:00:10:17 -0500] "GET /BLA/boletinlegal/ HTTP/1.1" 200 53737
201.245.192.253 - - [15/Nov/2023:00:12:37 -0500] "POST /kwsrmcab/Wsrmcab  HTTP/1.1" 200 40720
201.245.192.253 - - [15/Nov/2023:00:12:49 -0500] "POST /forms/lservlet;jsessionid=ac16012b30d6ecb3a1c0f7a64cdda50ee8e11bea36f4.e3iSbxaKaheRe3eRa38MahaQbi1ynknvrkLOlQzNp65In0 HTTP/1.1" 200 2
40.77.167.75 - - [15/Nov/2023:00:13:52 -0500] "GET /Publicaciones/2023EE245064.pdf HTTP/1.1" 404 228
201.245.192.253 - - [15/Nov/2023:00:14:49 -0500] "POST /forms/lservlet;jsessionid=ac16012b30d6ecb3a1c0f7a64cdda50ee8e11bea36f4.e3iSbxaKaheRe3eRa38MahaQbi1ynknvrkLOlQzNp65In0 HTTP/1.1" 200 2
66.249.77.8 - - [15/Nov/2023:00:15:01 -0500] "GET /robots.txt HTTP/1.1" 404 1034
66.249.77.9 - - [15/Nov/2023:00:15:01 -0500] "GET /ciudadana HTTP/1.1" 404 1034
66.249.77.196 - - [15/Nov/2023:00:15:01 -0500] "GET /robots.txt HTTP/1.1" 404 1043
66.249.77.10 - - [15/Nov/2023:00:15:02 -0500] "GET /inscribete-y-participa-en-las-caminatas-ecologicas-de-marzo.html HTTP/1.1" 304 -
66.249.77.195 - - [15/Nov/2023:00:15:02 -0500] "GET /BLA/boletinlegal/Directivas/2014/Directiva%20No.%205%20del%2026%20de%20Diciembre%20de%202014.pdf HTTP/1.1" 304 -
66.249.77.9 - - [15/Nov/2023:00:15:03 -0500] "GET /moda-circular-manos-reparadoras-la-estrategia-del-distrito-para-restaurar-prendas-usadas.html HTTP/1.1" 304 -
157.55.39.59 - - [15/Nov/2023:00:16:19 -0500] "GET /images/humedales-secretar%C3%ADa-ambiente.jpg HTTP/1.1" 404 1034
216.245.221.92 - - [15/Nov/2023:00:16:24 -0500] "HEAD / HTTP/1.1" 200 -
201.245.192.253 - - [15/Nov/2023:00:16:49 -0500] "POST /forms/lservlet;jsessionid=ac16012b30d6ecb3a1c0f7a64cdda50ee8e11bea36f4.e3iSbxaKaheRe3eRa38MahaQbi1ynknvrkLOlQzNp65In0 HTTP/1.1" 200 2
172.22.2.4 - - [15/Nov/2023:00:15:17 -0500] "HEAD /BLA/boletinlegal/ HTTP/1.1" 200 -
201.245.192.253 - - [15/Nov/2023:00:17:24 -0500] "POST /kwsrmcab/Wsrmcab HTTP/1.1" 200 41343
201.245.192.253 - - [15/Nov/2023:00:17:27 -0500] "POST /kwsrmcab/Wsrmcab HTTP/1.1" 200 41161
201.245.192.253 - - [15/Nov/2023:00:17:36 -0500] "POST /kwsrmcab/Wsrmcab  HTTP/1.1" 200 40720
172.22.2.4 - - [15/Nov/2023:00:16:08 -0500] "GET /BLA/boletinlegal/ HTTP/1.1" 200 60634
35.216.227.140 - - [15/Nov/2023:00:18:13 -0500] "GET / HTTP/1.1" 200 319
201.245.192.253 - - [15/Nov/2023:00:18:49 -0500] "POST /forms/lservlet;jsessionid=ac16012b30d6ecb3a1c0f7a64cdda50ee8e11bea36f4.e3iSbxaKaheRe3eRa38MahaQbi1ynknvrkLOlQzNp65In0 HTTP/1.1" 200 2
201.245.192.253 - - [15/Nov/2023:00:20:49 -0500] "POST /forms/lservlet;jsessionid=ac16012b30d6ecb3a1c0f7a64cdda50ee8e11bea36f4.e3iSbxaKaheRe3eRa38MahaQbi1ynknvrkLOlQzNp65In0 HTTP/1.1" 200 2
201.245.192.253 - - [15/Nov/2023:00:20:47 -0500] "POST /kwsrmcab/Wsrmcab HTTP/1.1" 200 41343
201.245.192.253 - - [15/Nov/2023:00:20:52 -0500] "POST /kwsrmcab/Wsrmcab HTTP/1.1" 200 41161
52.167.144.205 - - [15/Nov/2023:00:21:05 -0500] "GET /BLA/resoluciones/RESOLUCIONES%202021/2995.pdf HTTP/1.1" 304 -
216.245.221.92 - - [15/Nov/2023:00:21:24 -0500] "HEAD / HTTP/1.1" 200 -
201.245.192.253 - - [15/Nov/2023:00:22:35 -0500] "POST /kwsrmcab/Wsrmcab  HTTP/1.1" 200 40720
172.22.2.4 - - [15/Nov/2023:00:21:07 -0500] "HEAD /BLA/boletinlegal/ HTTP/1.1" 200 -
201.245.192.253 - - [15/Nov/2023:00:22:49 -0500] "POST /forms/lservlet;jsessionid=ac16012b30d6ecb3a1c0f7a64cdda50ee8e11bea36f4.e3iSbxaKaheRe3eRa38MahaQbi1ynknvrkLOlQzNp65In0 HTTP/1.1" 200 2
172.22.2.4 - - [15/Nov/2023:00:22:02 -0500] "GET /BLA/boletinlegal/ HTTP/1.1" 200 24523
172.22.2.4 - - [15/Nov/2023:00:21:57 -0500] "GET /BLA/boletinlegal/ HTTP/1.1" 200 51333
201.245.192.253 - - [15/Nov/2023:00:24:49 -0500] "POST /forms/lservlet;jsessionid=ac16012b30d6ecb3a1c0f7a64cdda50ee8e11bea36f4.e3iSbxaKaheRe3eRa38MahaQbi1ynknvrkLOlQzNp65In0 HTTP/1.1" 200 2
216.245.221.92 - - [15/Nov/2023:00:26:24 -0500] "HEAD / HTTP/1.1" 200 -
201.245.192.253 - - [15/Nov/2023:00:26:49 -0500] "POST /forms/lservlet;jsessionid=ac16012b30d6ecb3a1c0f7a64cdda50ee8e11bea36f4.e3iSbxaKaheRe3eRa38MahaQbi1ynknvrkLOlQzNp65In0 HTTP/1.1" 200 2
201.245.192.253 - - [15/Nov/2023:00:27:24 -0500] "POST /kwsrmcab/Wsrmcab HTTP/1.1" 200 41343
201.245.192.253 - - [15/Nov/2023:00:27:27 -0500] "POST /kwsrmcab/Wsrmcab HTTP/1.1" 200 41161
201.245.192.253 - - [15/Nov/2023:00:27:34 -0500] "POST /kwsrmcab/Wsrmcab  HTTP/1.1" 200 40720
172.22.2.4 - - [15/Nov/2023:00:26:57 -0500] "HEAD /BLA/boletinlegal/ HTTP/1.1" 200 -
201.245.192.253 - - [15/Nov/2023:00:28:49 -0500] "POST /forms/lservlet;jsessionid=ac16012b30d6ecb3a1c0f7a64cdda50ee8e11bea36f4.e3iSbxaKaheRe3eRa38MahaQbi1ynknvrkLOlQzNp65In0 HTTP/1.1" 200 2
152.206.222.95 - - [15/Nov/2023:00:28:55 -0500] "GET /sipse/faces/index.xhtml HTTP/1.1" 200 677
152.206.222.95 - - [15/Nov/2023:00:28:56 -0500] "ned" 501 953
152.206.222.95 - - [15/Nov/2023:00:28:56 -0500] "GET /sipse/faces/index.xhtml HTTP/1.1" 200 677
152.206.222.95 - - [15/Nov/2023:00:28:56 -0500] "GET /sipse/faces/javax.faces.resource/theme.css?ln=primefaces-sipse HTTP/1.1" 304 -
152.206.222.95 - - [15/Nov/2023:00:28:57 -0500] "GET /sipse/faces/faces/autenticacion.xhtml HTTP/1.1" 200 12410
152.206.222.95 - - [15/Nov/2023:00:28:57 -0500] "GET /sipse/css/custom_css_sg.css HTTP/1.1" 304 -
152.206.222.95 - - [15/Nov/2023:00:28:57 -0500] "GET /sipse/faces/javax.faces.resource/primefaces.css?ln=primefaces&v=4.0 HTTP/1.1" 304 -
152.206.222.95 - - [15/Nov/2023:00:28:57 -0500] "GET /sipse/css/custom_css_sg_prime_login.css HTTP/1.1" 304 -
152.206.222.95 - - [15/Nov/2023:00:28:57 -0500] "GET /sipse/js/disable_browser_buttons.js HTTP/1.1" 304 -
152.206.222.95 - - [15/Nov/2023:00:28:57 -0500] "GET /sipse/faces/javax.faces.resource/theme.css?ln=primefaces-sipse HTTP/1.1" 304 -
152.206.222.95 - - [15/Nov/2023:00:28:57 -0500] "GET /sipse/js/funciones.js HTTP/1.1" 304 -
152.206.222.95 - - [15/Nov/2023:00:28:57 -0500] "GET /sipse/faces/javax.faces.resource/jquery/jquery.js?ln=primefaces&v=4.0 HTTP/1.1" 304 -
152.206.222.95 - - [15/Nov/2023:00:28:57 -0500] "GET /sipse/faces/javax.faces.resource/layout/layout.css?ln=primefaces&v=4.0 HTTP/1.1" 304 -
152.206.222.95 - - [15/Nov/2023:00:28:57 -0500] "GET /sipse/faces/javax.faces.resource/jquery/jquery-plugins.js?ln=primefaces&v=4.0 HTTP/1.1" 304 -
152.206.222.95 - - [15/Nov/2023:00:28:57 -0500] "GET /sipse/faces/javax.faces.resource/layout/layout.js?ln=primefaces&v=4.0 HTTP/1.1" 304 -
152.206.222.95 - - [15/Nov/2023:00:28:57 -0500] "GET /sipse/faces/javax.faces.resource/primefaces.js?ln=primefaces&v=4.0 HTTP/1.1" 304 -
152.206.222.95 - - [15/Nov/2023:00:28:58 -0500] "e/faces/faces/autenticacion.xhtml" 501 953
152.206.222.95 - - [15/Nov/2023:00:28:58 -0500] "GET /sipse/css/imagen/logoSDG.png HTTP/1.1" 304 -
152.206.222.95 - - [15/Nov/2023:00:28:58 -0500] "GET /sipse/faces/javax.faces.resource/images/ui-icons_898989_256x240.png?ln=primefaces-aristo HTTP/1.1" 304 -
152.206.222.95 - - [15/Nov/2023:00:28:58 -0500] "GET /sipse/css/imagen/loginimg.png HTTP/1.1" 304 -
172.22.2.4 - - [15/Nov/2023:00:27:47 -0500] "GET /BLA/boletinlegal/ HTTP/1.1" 200 59007
168.119.100.88 - - [15/Nov/2023:00:29:52 -0500] "GET / HTTP/1.1" 200 319
168.119.100.88 - - [15/Nov/2023:00:29:52 -0500] "GET / HTTP/1.1" 200 4720
66.249.77.8 - - [15/Nov/2023:00:30:01 -0500] "GET /balance-ambiental-dia-sin-carro-y-sin-moto-mediodia.html HTTP/1.1" 304 -
201.245.192.253 - - [15/Nov/2023:00:30:49 -0500] "POST /forms/lservlet;jsessionid=ac16012b30d6ecb3a1c0f7a64cdda50ee8e11bea36f4.e3iSbxaKaheRe3eRa38MahaQbi1ynknvrkLOlQzNp65In0 HTTP/1.1" 200 2
201.245.192.253 - - [15/Nov/2023:00:30:48 -0500] "POST /kwsrmcab/Wsrmcab HTTP/1.1" 200 41343
201.245.192.253 - - [15/Nov/2023:00:30:51 -0500] "POST /kwsrmcab/Wsrmcab HTTP/1.1" 200 41161
152.206.222.95 - - [15/Nov/2023:00:31:11 -0500] "POST /sipse/faces/autenticacion.xhtml HTTP/1.1" 200 2222
152.206.222.95 - - [15/Nov/2023:00:31:12 -0500] "GET /sipse/faces/javax.faces.resource/messages/messages.png?ln=primefaces&v=4.0 HTTP/1.1" 304 -
152.206.222.95 - - [15/Nov/2023:00:31:14 -0500] "POST /sipse/faces/autenticacion.xhtml HTTP/1.1" 200 16468
152.206.222.95 - - [15/Nov/2023:00:31:15 -0500] "GET /sipse/css/custom_css_sg_prime.css HTTP/1.1" 304 -
152.206.222.95 - - [15/Nov/2023:00:31:15 -0500] "GET /sipse/js/jquery.min.js HTTP/1.1" 304 -
152.206.222.95 - - [15/Nov/2023:00:31:15 -0500] "GET /sipse/faces/javax.faces.resource/layout/layout.css?ln=primefaces&v=4.0 HTTP/1.1" 304 -
152.206.222.95 - - [15/Nov/2023:00:31:15 -0500] "GET /sipse/faces/javax.faces.resource/theme.css?ln=primefaces-sipse HTTP/1.1" 304 -
152.206.222.95 - - [15/Nov/2023:00:31:15 -0500] "GET /sipse/faces/javax.faces.resource/primefaces.css?ln=primefaces&v=4.0 HTTP/1.1" 304 -
152.206.222.95 - - [15/Nov/2023:00:31:15 -0500] "GET /sipse/faces/javax.faces.resource/jquery/jquery.js?ln=primefaces&v=4.0 HTTP/1.1" 304 -
152.206.222.95 - - [15/Nov/2023:00:31:15 -0500] "GET /sipse/faces/javax.faces.resource/jquery/jquery-plugins.js?ln=primefaces&v=4.0 HTTP/1.1" 304 -
152.206.222.95 - - [15/Nov/2023:00:31:15 -0500] "e/faces/faces/autenticacion.xhtml" 501 953
152.206.222.95 - - [15/Nov/2023:00:31:15 -0500] "GET /sipse/faces/javax.faces.resource/primefaces.js?ln=primefaces&v=4.0 HTTP/1.1" 304 -
152.206.222.95 - - [15/Nov/2023:00:31:15 -0500] "GET /sipse/faces/javax.faces.resource/layout/layout.js?ln=primefaces&v=4.0 HTTP/1.1" 304 -
152.206.222.95 - - [15/Nov/2023:00:31:16 -0500] "GET /sipse/css/v_mergente.css HTTP/1.1" 304 -
152.206.222.95 - - [15/Nov/2023:00:31:16 -0500] "GET /sipse/imagenes/cargando.gif HTTP/1.1" 304 -
152.206.222.95 - - [15/Nov/2023:00:31:16 -0500] "GET /sipse/imagenes/logoAplicacion.jpg HTTP/1.1" 304 -
152.206.222.95 - - [15/Nov/2023:00:31:16 -0500] "GET /sipse/css/imagen/contrasena.png HTTP/1.1" 404 383
152.206.222.95 - - [15/Nov/2023:00:31:18 -0500] "GET /sipse/faces/javax.faces.resource/images/ui-bg_flat_0_2d5972_40x100.png?ln=primefaces-aristo HTTP/1.1" 304 -
152.206.222.95 - - [15/Nov/2023:00:31:18 -0500] "POST /sipse/faces/bienvenido.xhtml HTTP/1.1" 200 2060
152.206.222.95 - - [15/Nov/2023:00:31:18 -0500] "rce/theme.css?ln=primefaces-sipse" 501 953
152.206.222.95 - - [15/Nov/2023:00:31:18 -0500] "POST /sipse/faces/bienvenido.xhtml HTTP/1.1" 200 44793
152.206.222.95 - - [15/Nov/2023:00:31:19 -0500] "GET /sipse/faces/javax.faces.resource/theme.css?ln=primefaces-sipse HTTP/1.1" 304 -
152.206.222.95 - - [15/Nov/2023:00:31:20 -0500] "GET /sipse/faces/javax.faces.resource/jquery/jquery.js?ln=primefaces&v=4.0 HTTP/1.1" 304 -
152.206.222.95 - - [15/Nov/2023:00:31:20 -0500] "GET /sipse/faces/javax.faces.resource/primefaces.css?ln=primefaces&v=4.0 HTTP/1.1" 304 -
152.206.222.95 - - [15/Nov/2023:00:31:20 -0500] "GET /sipse/faces/javax.faces.resource/layout/layout.css?ln=primefaces&v=4.0 HTTP/1.1" 304 -
152.206.222.95 - - [15/Nov/2023:00:31:20 -0500] "GET /sipse/faces/javax.faces.resource/jquery/jquery-plugins.js?ln=primefaces&v=4.0 HTTP/1.1" 304 -
152.206.222.95 - - [15/Nov/2023:00:31:20 -0500] "GET /sipse/faces/javax.faces.resource/primefaces.js?ln=primefaces&v=4.0 HTTP/1.1" 304 -
152.206.222.95 - - [15/Nov/2023:00:31:20 -0500] "e/faces/faces/autenticacion.xhtml" 501 953
152.206.222.95 - - [15/Nov/2023:00:31:20 -0500] "GET /sipse/faces/javax.faces.resource/layout/layout.js?ln=primefaces&v=4.0 HTTP/1.1" 304 -
152.206.222.95 - - [15/Nov/2023:00:31:20 -0500] "POST /sipse/faces/presentacion/financiero/solicitudProceso/listarSolicitudProceso.xhtml HTTP/1.1" 200 1468
216.245.221.92 - - [15/Nov/2023:00:31:24 -0500] "HEAD / HTTP/1.1" 200 -
152.206.222.95 - - [15/Nov/2023:00:31:38 -0500] "POST /sipse/faces/presentacion/financiero/solicitudProceso/listarSolicitudProceso.xhtml HTTP/1.1" 200 220
201.245.192.253 - - [15/Nov/2023:00:32:33 -0500] "POST /kwsrmcab/Wsrmcab  HTTP/1.1" 200 40720
201.245.192.253 - - [15/Nov/2023:00:32:49 -0500] "POST /forms/lservlet;jsessionid=ac16012b30d6ecb3a1c0f7a64cdda50ee8e11bea36f4.e3iSbxaKaheRe3eRa38MahaQbi1ynknvrkLOlQzNp65In0 HTTP/1.1" 200 2
172.22.2.4 - - [15/Nov/2023:00:32:46 -0500] "HEAD /BLA/boletinlegal/ HTTP/1.1" 200 -
201.245.192.253 - - [15/Nov/2023:00:34:49 -0500] "POST /forms/lservlet;jsessionid=ac16012b30d6ecb3a1c0f7a64cdda50ee8e11bea36f4.e3iSbxaKaheRe3eRa38MahaQbi1ynknvrkLOlQzNp65In0 HTTP/1.1" 200 2
181.56.235.113 - - [15/Nov/2023:00:35:06 -0500] "GET /BLA/resoluciones/index.php HTTP/1.1" 200 13696
181.56.235.113 - - [15/Nov/2023:00:35:08 -0500] "GET /BLA/resoluciones/index.php?dir=AUTOS+2014%2F HTTP/1.1" 200 890851
172.22.2.4 - - [15/Nov/2023:00:33:37 -0500] "GET /BLA/boletinlegal/ HTTP/1.1" 200 61018
216.245.221.92 - - [15/Nov/2023:00:36:24 -0500] "HEAD / HTTP/1.1" 200 -
201.245.192.253 - - [15/Nov/2023:00:36:49 -0500] "POST /forms/lservlet;jsessionid=ac16012b30d6ecb3a1c0f7a64cdda50ee8e11bea36f4.e3iSbxaKaheRe3eRa38MahaQbi1ynknvrkLOlQzNp65In0 HTTP/1.1" 200 2
201.245.192.253 - - [15/Nov/2023:00:37:25 -0500] "POST /kwsrmcab/Wsrmcab HTTP/1.1" 200 41343
201.245.192.253 - - [15/Nov/2023:00:37:29 -0500] "POST /kwsrmcab/Wsrmcab HTTP/1.1" 200 41161
201.245.192.253 - - [15/Nov/2023:00:37:32 -0500] "POST /kwsrmcab/Wsrmcab  HTTP/1.1" 200 40720
201.245.192.253 - - [15/Nov/2023:00:38:49 -0500] "POST /forms/lservlet;jsessionid=ac16012b30d6ecb3a1c0f7a64cdda50ee8e11bea36f4.e3iSbxaKaheRe3eRa38MahaQbi1ynknvrkLOlQzNp65In0 HTTP/1.1" 200 2
172.22.2.4 - - [15/Nov/2023:00:38:36 -0500] "HEAD /BLA/boletinlegal/ HTTP/1.1" 200 -
201.245.192.253 - - [15/Nov/2023:00:40:49 -0500] "POST /forms/lservlet;jsessionid=ac16012b30d6ecb3a1c0f7a64cdda50ee8e11bea36f4.e3iSbxaKaheRe3eRa38MahaQbi1ynknvrkLOlQzNp65In0 HTTP/1.1" 200 2
201.245.192.253 - - [15/Nov/2023:00:40:47 -0500] "POST /kwsrmcab/Wsrmcab HTTP/1.1" 200 41343
201.245.192.253 - - [15/Nov/2023:00:40:51 -0500] "POST /kwsrmcab/Wsrmcab HTTP/1.1" 200 41161
172.22.2.4 - - [15/Nov/2023:00:39:27 -0500] "GET /BLA/boletinlegal/ HTTP/1.1" 200 61018
216.245.221.92 - - [15/Nov/2023:00:41:24 -0500] "HEAD / HTTP/1.1" 200 -
31.27.194.252 - - [15/Nov/2023:00:42:02 -0500] "GET / HTTP/1.0" 200 319
54.36.148.148 - - [15/Nov/2023:00:42:26 -0500] "GET /robots.txt HTTP/1.1" 404 1018
201.245.192.253 - - [15/Nov/2023:00:42:31 -0500] "POST /kwsrmcab/Wsrmcab  HTTP/1.1" 200 40720
201.245.192.253 - - [15/Nov/2023:00:42:49 -0500] "POST /forms/lservlet;jsessionid=ac16012b30d6ecb3a1c0f7a64cdda50ee8e11bea36f4.e3iSbxaKaheRe3eRa38MahaQbi1ynknvrkLOlQzNp65In0 HTTP/1.1" 200 2
201.245.192.253 - - [15/Nov/2023:00:44:49 -0500] "POST /forms/lservlet;jsessionid=ac16012b30d6ecb3a1c0f7a64cdda50ee8e11bea36f4.e3iSbxaKaheRe3eRa38MahaQbi1ynknvrkLOlQzNp65In0 HTTP/1.1" 200 2
66.249.77.10 - - [15/Nov/2023:00:45:01 -0500] "GET /balance-ambiental-dia-sin-carro-y-sin-moto-mediodia.html HTTP/1.1" 304 -
172.22.2.4 - - [15/Nov/2023:00:44:26 -0500] "HEAD /BLA/boletinlegal/ HTTP/1.1" 200 -
216.245.221.92 - - [15/Nov/2023:00:46:24 -0500] "HEAD / HTTP/1.1" 200 -
201.245.192.253 - - [15/Nov/2023:00:46:49 -0500] "POST /forms/lservlet;jsessionid=ac16012b30d6ecb3a1c0f7a64cdda50ee8e11bea36f4.e3iSbxaKaheRe3eRa38MahaQbi1ynknvrkLOlQzNp65In0 HTTP/1.1" 200 2
172.22.2.4 - - [15/Nov/2023:00:45:17 -0500] "GET /BLA/boletinlegal/ HTTP/1.1" 200 58644
201.245.192.253 - - [15/Nov/2023:00:47:29 -0500] "POST /kwsrmcab/Wsrmcab  HTTP/1.1" 200 40720
201.245.192.253 - - [15/Nov/2023:00:48:49 -0500] "POST /forms/lservlet;jsessionid=ac16012b30d6ecb3a1c0f7a64cdda50ee8e11bea36f4.e3iSbxaKaheRe3eRa38MahaQbi1ynknvrkLOlQzNp65In0 HTTP/1.1" 200 2
66.249.66.19 - - [15/Nov/2023:00:50:28 -0500] "GET /Publicaciones/2022EE284262.pdf HTTP/1.1" 404 228
201.245.192.253 - - [15/Nov/2023:00:50:49 -0500] "POST /forms/lservlet;jsessionid=ac16012b30d6ecb3a1c0f7a64cdda50ee8e11bea36f4.e3iSbxaKaheRe3eRa38MahaQbi1ynknvrkLOlQzNp65In0 HTTP/1.1" 200 2
216.245.221.92 - - [15/Nov/2023:00:51:24 -0500] "HEAD / HTTP/1.1" 200 -
66.249.66.19 - - [15/Nov/2023:00:51:39 -0500] "GET /BLA/resoluciones/RESOLUCIONES%202010/7799.pdf HTTP/1.1" 200 1240879
172.22.2.4 - - [15/Nov/2023:00:50:16 -0500] "HEAD /BLA/boletinlegal/ HTTP/1.1" 200 -
201.245.192.253 - - [15/Nov/2023:00:52:28 -0500] "POST /kwsrmcab/Wsrmcab  HTTP/1.1" 200 40720
172.22.2.4 - - [15/Nov/2023:00:51:07 -0500] "GET /BLA/boletinlegal/ HTTP/1.1" 200 58644
201.245.192.253 - - [15/Nov/2023:00:52:49 -0500] "POST /forms/lservlet;jsessionid=ac16012b30d6ecb3a1c0f7a64cdda50ee8e11bea36f4.e3iSbxaKaheRe3eRa38MahaQbi1ynknvrkLOlQzNp65In0 HTTP/1.1" 200 2
40.77.167.53 - - [15/Nov/2023:00:53:38 -0500] "GET /sipse/faces/autenticacion.xhtml HTTP/1.1" 200 12732
201.245.192.253 - - [15/Nov/2023:00:54:49 -0500] "POST /forms/lservlet;jsessionid=ac16012b30d6ecb3a1c0f7a64cdda50ee8e11bea36f4.e3iSbxaKaheRe3eRa38MahaQbi1ynknvrkLOlQzNp65In0 HTTP/1.1" 200 2
216.245.221.92 - - [15/Nov/2023:00:56:24 -0500] "HEAD / HTTP/1.1" 200 -
201.245.192.253 - - [15/Nov/2023:00:56:49 -0500] "POST /forms/lservlet;jsessionid=ac16012b30d6ecb3a1c0f7a64cdda50ee8e11bea36f4.e3iSbxaKaheRe3eRa38MahaQbi1ynknvrkLOlQzNp65In0 HTTP/1.1" 200 2
201.245.192.253 - - [15/Nov/2023:00:57:27 -0500] "POST /kwsrmcab/Wsrmcab  HTTP/1.1" 200 40720
172.22.2.4 - - [15/Nov/2023:00:56:06 -0500] "HEAD /BLA/boletinlegal/ HTTP/1.1" 200 -
172.22.2.4 - - [15/Nov/2023:00:56:57 -0500] "GET /BLA/boletinlegal/ HTTP/1.1" 200 61018
201.245.192.253 - - [15/Nov/2023:00:58:49 -0500] "POST /forms/lservlet;jsessionid=ac16012b30d6ecb3a1c0f7a64cdda50ee8e11bea36f4.e3iSbxaKaheRe3eRa38MahaQbi1ynknvrkLOlQzNp65In0 HTTP/1.1" 200 2
172.22.2.4 - - [15/Nov/2023:00:59:48 -0500] "GET /BLA/boletinlegal/robots.txt HTTP/1.1" 404 1038
172.22.2.4 - - [15/Nov/2023:00:59:50 -0500] "GET /BLA/boletinlegal/normativa.php HTTP/1.1" 200 8343
66.249.77.9 - - [15/Nov/2023:01:00:01 -0500] "GET /mujeres-que-reverdecen-secretaria-de-ambiente-anuncia-el-inicio-de-la-tercera-fase.html HTTP/1.1" 304 -
66.249.77.8 - - [15/Nov/2023:01:00:02 -0500] "GET /semana-bogota-reverdece-con-exito-finaliza-el-primer-dia-de-la-convencion-internacional-de-emergencia-climatica.html HTTP/1.1" 304 -
201.245.192.253 - - [15/Nov/2023:01:00:49 -0500] "POST /forms/lservlet;jsessionid=ac16012b30d6ecb3a1c0f7a64cdda50ee8e11bea36f4.e3iSbxaKaheRe3eRa38MahaQbi1ynknvrkLOlQzNp65In0 HTTP/1.1" 200 2
216.245.221.92 - - [15/Nov/2023:01:01:24 -0500] "HEAD / HTTP/1.1" 200 -
201.245.192.253 - - [15/Nov/2023:01:02:26 -0500] "POST /kwsrmcab/Wsrmcab  HTTP/1.1" 200 40720
201.245.192.253 - - [15/Nov/2023:01:02:49 -0500] "POST /forms/lservlet;jsessionid=ac16012b30d6ecb3a1c0f7a64cdda50ee8e11bea36f4.e3iSbxaKaheRe3eRa38MahaQbi1ynknvrkLOlQzNp65In0 HTTP/1.1" 200 2
172.22.2.4 - - [15/Nov/2023:01:01:56 -0500] "HEAD /BLA/boletinlegal/ HTTP/1.1" 200 -
162.55.170.174 - - [15/Nov/2023:01:03:56 -0500] "GET / HTTP/1.1" 200 319
162.55.170.174 - - [15/Nov/2023:01:03:56 -0500] "GET / HTTP/1.1" 200 4720
172.22.2.4 - - [15/Nov/2023:01:02:47 -0500] "GET /BLA/boletinlegal/ HTTP/1.1" 200 58294
201.245.192.253 - - [15/Nov/2023:01:04:49 -0500] "POST /forms/lservlet;jsessionid=ac16012b30d6ecb3a1c0f7a64cdda50ee8e11bea36f4.e3iSbxaKaheRe3eRa38MahaQbi1ynknvrkLOlQzNp65In0 HTTP/1.1" 200 2
216.245.221.92 - - [15/Nov/2023:01:06:24 -0500] "HEAD / HTTP/1.1" 200 -
40.77.167.71 - - [15/Nov/2023:01:06:44 -0500] "GET /BLA/resoluciones/AUTOS%202021/2087.pdf HTTP/1.1" 304 -
201.245.192.253 - - [15/Nov/2023:01:06:49 -0500] "POST /forms/lservlet;jsessionid=ac16012b30d6ecb3a1c0f7a64cdda50ee8e11bea36f4.e3iSbxaKaheRe3eRa38MahaQbi1ynknvrkLOlQzNp65In0 HTTP/1.1" 200 2
201.245.192.253 - - [15/Nov/2023:01:07:25 -0500] "POST /kwsrmcab/Wsrmcab  HTTP/1.1" 200 40720
201.245.192.253 - - [15/Nov/2023:01:08:49 -0500] "POST /forms/lservlet;jsessionid=ac16012b30d6ecb3a1c0f7a64cdda50ee8e11bea36f4.e3iSbxaKaheRe3eRa38MahaQbi1ynknvrkLOlQzNp65In0 HTTP/1.1" 200 2
172.22.2.4 - - [15/Nov/2023:01:07:46 -0500] "HEAD /BLA/boletinlegal/ HTTP/1.1" 200 -
172.22.2.4 - - [15/Nov/2023:01:08:37 -0500] "GET /BLA/boletinlegal/ HTTP/1.1" 200 52827
162.216.150.50 - - [15/Nov/2023:01:10:44 -0500] "GET / HTTP/1.1" 200 319
201.245.192.253 - - [15/Nov/2023:01:10:49 -0500] "POST /forms/lservlet;jsessionid=ac16012b30d6ecb3a1c0f7a64cdda50ee8e11bea36f4.e3iSbxaKaheRe3eRa38MahaQbi1ynknvrkLOlQzNp65In0 HTTP/1.1" 200 2
216.245.221.92 - - [15/Nov/2023:01:11:24 -0500] "HEAD / HTTP/1.1" 200 -
201.245.192.253 - - [15/Nov/2023:01:12:25 -0500] "POST /kwsrmcab/Wsrmcab  HTTP/1.1" 200 40720
201.245.192.253 - - [15/Nov/2023:01:12:49 -0500] "POST /forms/lservlet;jsessionid=ac16012b30d6ecb3a1c0f7a64cdda50ee8e11bea36f4.e3iSbxaKaheRe3eRa38MahaQbi1ynknvrkLOlQzNp65In0 HTTP/1.1" 200 2
152.61.192.232 - - [15/Nov/2023:01:14:05 -0500] "GET / HTTP/1.1" 200 319
66.249.66.21 - - [15/Nov/2023:01:14:25 -0500] "GET /BLA/resoluciones/RESOLUCIONES%202008/2712.pdf HTTP/1.1" 200 334664
201.245.192.253 - - [15/Nov/2023:01:14:49 -0500] "POST /forms/lservlet;jsessionid=ac16012b30d6ecb3a1c0f7a64cdda50ee8e11bea36f4.e3iSbxaKaheRe3eRa38MahaQbi1ynknvrkLOlQzNp65In0 HTTP/1.1" 200 2
172.22.2.4 - - [15/Nov/2023:01:13:36 -0500] "HEAD /BLA/boletinlegal/ HTTP/1.1" 200 -
52.167.144.228 - - [15/Nov/2023:01:15:35 -0500] "GET /Publicaciones/2023EE210175.pdf HTTP/1.1" 404 228
172.22.2.4 - - [15/Nov/2023:01:14:27 -0500] "GET /BLA/boletinlegal/ HTTP/1.1" 200 58644
216.245.221.92 - - [15/Nov/2023:01:16:24 -0500] "HEAD / HTTP/1.1" 200 -
201.245.192.253 - - [15/Nov/2023:01:16:49 -0500] "POST /forms/lservlet;jsessionid=ac16012b30d6ecb3a1c0f7a64cdda50ee8e11bea36f4.e3iSbxaKaheRe3eRa38MahaQbi1ynknvrkLOlQzNp65In0 HTTP/1.1" 200 2
201.245.192.253 - - [15/Nov/2023:01:17:24 -0500] "POST /kwsrmcab/Wsrmcab  HTTP/1.1" 200 40720
201.245.192.253 - - [15/Nov/2023:01:17:25 -0500] "POST /kwsrmcab/Wsrmcab HTTP/1.1" 200 41197
201.245.192.253 - - [15/Nov/2023:01:17:29 -0500] "POST /kwsrmcab/Wsrmcab HTTP/1.1" 200 41179
201.245.192.253 - - [15/Nov/2023:01:18:49 -0500] "POST /forms/lservlet;jsessionid=ac16012b30d6ecb3a1c0f7a64cdda50ee8e11bea36f4.e3iSbxaKaheRe3eRa38MahaQbi1ynknvrkLOlQzNp65In0 HTTP/1.1" 200 2
201.245.192.253 - - [15/Nov/2023:01:20:49 -0500] "POST /forms/lservlet;jsessionid=ac16012b30d6ecb3a1c0f7a64cdda50ee8e11bea36f4.e3iSbxaKaheRe3eRa38MahaQbi1ynknvrkLOlQzNp65In0 HTTP/1.1" 200 2
201.245.192.253 - - [15/Nov/2023:01:20:47 -0500] "POST /kwsrmcab/Wsrmcab HTTP/1.1" 200 41197
201.245.192.253 - - [15/Nov/2023:01:20:50 -0500] "POST /kwsrmcab/Wsrmcab HTTP/1.1" 200 41179
172.22.2.4 - - [15/Nov/2023:01:21:00 -0500] "GET /BLA/boletinlegal/jurisprudencia/analisis/AnalisisC-035-16.docx HTTP/1.1" 200 25011
172.22.2.4 - - [15/Nov/2023:01:19:26 -0500] "HEAD /BLA/boletinlegal/ HTTP/1.1" 200 -
216.245.221.92 - - [15/Nov/2023:01:21:24 -0500] "HEAD / HTTP/1.1" 200 -
172.22.2.4 - - [15/Nov/2023:01:20:17 -0500] "GET /BLA/boletinlegal/ HTTP/1.1" 200 58294
201.245.192.253 - - [15/Nov/2023:01:22:22 -0500] "POST /kwsrmcab/Wsrmcab  HTTP/1.1" 200 40720
201.245.192.253 - - [15/Nov/2023:01:22:49 -0500] "POST /forms/lservlet;jsessionid=ac16012b30d6ecb3a1c0f7a64cdda50ee8e11bea36f4.e3iSbxaKaheRe3eRa38MahaQbi1ynknvrkLOlQzNp65In0 HTTP/1.1" 200 2
201.245.192.253 - - [15/Nov/2023:01:24:49 -0500] "POST /forms/lservlet;jsessionid=ac16012b30d6ecb3a1c0f7a64cdda50ee8e11bea36f4.e3iSbxaKaheRe3eRa38MahaQbi1ynknvrkLOlQzNp65In0 HTTP/1.1" 200 2
66.249.66.19 - - [15/Nov/2023:01:25:18 -0500] "GET /Publicaciones/2023EE217532.pdf HTTP/1.1" 404 228
216.245.221.92 - - [15/Nov/2023:01:26:24 -0500] "HEAD / HTTP/1.1" 200 -
201.245.192.253 - - [15/Nov/2023:01:26:49 -0500] "POST /forms/lservlet;jsessionid=ac16012b30d6ecb3a1c0f7a64cdda50ee8e11bea36f4.e3iSbxaKaheRe3eRa38MahaQbi1ynknvrkLOlQzNp65In0 HTTP/1.1" 200 2
172.22.2.4 - - [15/Nov/2023:01:25:16 -0500] "HEAD /BLA/boletinlegal/ HTTP/1.1" 200 -
201.245.192.253 - - [15/Nov/2023:01:27:21 -0500] "POST /kwsrmcab/Wsrmcab  HTTP/1.1" 200 40720
201.245.192.253 - - [15/Nov/2023:01:27:24 -0500] "POST /kwsrmcab/Wsrmcab HTTP/1.1" 200 41197
201.245.192.253 - - [15/Nov/2023:01:27:28 -0500] "POST /kwsrmcab/Wsrmcab HTTP/1.1" 200 41179
172.22.2.4 - - [15/Nov/2023:01:26:07 -0500] "GET /BLA/boletinlegal/ HTTP/1.1" 200 60634
51.222.253.6 - - [15/Nov/2023:01:28:43 -0500] "GET /robots.txt HTTP/1.1" 404 1034
51.222.253.6 - - [15/Nov/2023:01:28:45 -0500] "GET /semana-bogota-reverdece-inventario-de-emisiones-de-gases-efecto-invernadero-2022-mostro-una-reduccion-de-19-8.html HTTP/1.1" 200 878
201.245.192.253 - - [15/Nov/2023:01:28:49 -0500] "POST /forms/lservlet;jsessionid=ac16012b30d6ecb3a1c0f7a64cdda50ee8e11bea36f4.e3iSbxaKaheRe3eRa38MahaQbi1ynknvrkLOlQzNp65In0 HTTP/1.1" 200 2
152.61.128.50 - - [15/Nov/2023:01:29:55 -0500] "GET / HTTP/1.1" 200 319
40.77.167.54 - - [15/Nov/2023:01:30:11 -0500] "GET /BLA/resoluciones/RESOLUCIONES%202021/4883.pdf HTTP/1.1" 200 352496
52.167.144.212 - - [15/Nov/2023:01:30:19 -0500] "GET /BLA/resoluciones/RESOLUCIONES%202014/0708.pdf HTTP/1.1" 200 837947
186.84.22.208 - - [15/Nov/2023:01:30:28 -0500] "GET / HTTP/1.1" 200 4720
186.84.22.208 - - [15/Nov/2023:01:30:28 -0500] "GET /js/url.js HTTP/1.1" 404 1294
40.77.167.26 - - [15/Nov/2023:01:30:38 -0500] "GET /bla/resoluciones/resoluciones%202012/0226.pdf HTTP/1.1" 200 229416
201.245.192.253 - - [15/Nov/2023:01:30:49 -0500] "POST /forms/lservlet;jsessionid=ac16012b30d6ecb3a1c0f7a64cdda50ee8e11bea36f4.e3iSbxaKaheRe3eRa38MahaQbi1ynknvrkLOlQzNp65In0 HTTP/1.1" 200 2
201.245.192.253 - - [15/Nov/2023:01:30:47 -0500] "POST /kwsrmcab/Wsrmcab HTTP/1.1" 200 41197
201.245.192.253 - - [15/Nov/2023:01:30:50 -0500] "POST /kwsrmcab/Wsrmcab HTTP/1.1" 200 41179
216.245.221.92 - - [15/Nov/2023:01:31:24 -0500] "HEAD / HTTP/1.1" 200 -
186.103.24.25 - - [15/Nov/2023:01:32:16 -0500] "GET /recuperado-zorro-cangrejero-que-era-tenido-ilegalmente-como-mascota-en-una-vivienda-del-sur-de-bogota.html HTTP/1.1" 200 801
186.103.24.25 - - [15/Nov/2023:01:32:16 -0500] "GET /images/Zorro%20cangrejero.jpg HTTP/1.1" 200 40050
201.245.192.253 - - [15/Nov/2023:01:32:20 -0500] "POST /kwsrmcab/Wsrmcab  HTTP/1.1" 200 40720
172.22.2.4 - - [15/Nov/2023:01:31:06 -0500] "HEAD /BLA/boletinlegal/ HTTP/1.1" 200 -
201.245.192.253 - - [15/Nov/2023:01:32:49 -0500] "POST /forms/lservlet;jsessionid=ac16012b30d6ecb3a1c0f7a64cdda50ee8e11bea36f4.e3iSbxaKaheRe3eRa38MahaQbi1ynknvrkLOlQzNp65In0 HTTP/1.1" 200 2
172.22.2.4 - - [15/Nov/2023:01:31:57 -0500] "GET /BLA/boletinlegal/ HTTP/1.1" 200 53356
201.245.192.253 - - [15/Nov/2023:01:34:49 -0500] "POST /forms/lservlet;jsessionid=ac16012b30d6ecb3a1c0f7a64cdda50ee8e11bea36f4.e3iSbxaKaheRe3eRa38MahaQbi1ynknvrkLOlQzNp65In0 HTTP/1.1" 200 2
52.167.144.212 - - [15/Nov/2023:01:36:03 -0500] "GET /BLA/resoluciones/AUTOS%202023/3477.pdf HTTP/1.1" 200 1603533
216.245.221.92 - - [15/Nov/2023:01:36:24 -0500] "HEAD / HTTP/1.1" 200 -
201.245.192.253 - - [15/Nov/2023:01:36:49 -0500] "POST /forms/lservlet;jsessionid=ac16012b30d6ecb3a1c0f7a64cdda50ee8e11bea36f4.e3iSbxaKaheRe3eRa38MahaQbi1ynknvrkLOlQzNp65In0 HTTP/1.1" 200 2
201.245.192.253 - - [15/Nov/2023:01:37:19 -0500] "POST /kwsrmcab/Wsrmcab  HTTP/1.1" 200 40720
201.245.192.253 - - [15/Nov/2023:01:37:24 -0500] "POST /kwsrmcab/Wsrmcab HTTP/1.1" 200 41197
201.245.192.253 - - [15/Nov/2023:01:37:27 -0500] "POST /kwsrmcab/Wsrmcab HTTP/1.1" 200 41179
172.22.2.4 - - [15/Nov/2023:01:36:56 -0500] "HEAD /BLA/boletinlegal/ HTTP/1.1" 200 -
201.245.192.253 - - [15/Nov/2023:01:38:49 -0500] "POST /forms/lservlet;jsessionid=ac16012b30d6ecb3a1c0f7a64cdda50ee8e11bea36f4.e3iSbxaKaheRe3eRa38MahaQbi1ynknvrkLOlQzNp65In0 HTTP/1.1" 200 2
172.22.2.4 - - [15/Nov/2023:01:37:47 -0500] "GET /BLA/boletinlegal/ HTTP/1.1" 200 58294
201.245.192.253 - - [15/Nov/2023:01:40:49 -0500] "POST /forms/lservlet;jsessionid=ac16012b30d6ecb3a1c0f7a64cdda50ee8e11bea36f4.e3iSbxaKaheRe3eRa38MahaQbi1ynknvrkLOlQzNp65In0 HTTP/1.1" 200 2
201.245.192.253 - - [15/Nov/2023:01:40:47 -0500] "POST /kwsrmcab/Wsrmcab HTTP/1.1" 200 41197
201.245.192.253 - - [15/Nov/2023:01:40:50 -0500] "POST /kwsrmcab/Wsrmcab HTTP/1.1" 200 41179
216.245.221.92 - - [15/Nov/2023:01:41:24 -0500] "HEAD / HTTP/1.1" 200 -
201.245.192.253 - - [15/Nov/2023:01:42:17 -0500] "POST /kwsrmcab/Wsrmcab  HTTP/1.1" 200 40720
201.245.192.253 - - [15/Nov/2023:01:42:49 -0500] "POST /forms/lservlet;jsessionid=ac16012b30d6ecb3a1c0f7a64cdda50ee8e11bea36f4.e3iSbxaKaheRe3eRa38MahaQbi1ynknvrkLOlQzNp65In0 HTTP/1.1" 200 2
172.22.2.4 - - [15/Nov/2023:01:42:46 -0500] "HEAD /BLA/boletinlegal/ HTTP/1.1" 200 -
66.249.66.21 - - [15/Nov/2023:01:44:44 -0500] "GET /resoluciones/RESOLUCIONES%202007/RES%202007%20101%20AL%20200/RESOLUCION%200110%20%20DE%202007.pdf HTTP/1.1" 404 1018
201.245.192.253 - - [15/Nov/2023:01:44:49 -0500] "POST /forms/lservlet;jsessionid=ac16012b30d6ecb3a1c0f7a64cdda50ee8e11bea36f4.e3iSbxaKaheRe3eRa38MahaQbi1ynknvrkLOlQzNp65In0 HTTP/1.1" 200 2
66.249.69.135 - - [15/Nov/2023:01:45:01 -0500] "GET /robots.txt HTTP/1.1" 404 1035
66.249.69.135 - - [15/Nov/2023:01:45:01 -0500] "GET /portaldeninos/los-arboles/tips/ HTTP/1.1" 200 87677
66.249.77.9 - - [15/Nov/2023:01:45:02 -0500] "GET /como-ayudar-a-mantener-una-buena-calidad-del-aire-en-bogota.html HTTP/1.1" 304 -
172.22.2.4 - - [15/Nov/2023:01:43:38 -0500] "GET /BLA/boletinlegal/ HTTP/1.1" 200 58644
216.245.221.92 - - [15/Nov/2023:01:46:24 -0500] "HEAD / HTTP/1.1" 200 -
201.245.192.253 - - [15/Nov/2023:01:46:49 -0500] "POST /forms/lservlet;jsessionid=ac16012b30d6ecb3a1c0f7a64cdda50ee8e11bea36f4.e3iSbxaKaheRe3eRa38MahaQbi1ynknvrkLOlQzNp65In0 HTTP/1.1" 200 2
172.22.2.4 - - [15/Nov/2023:01:46:17 -0500] "GET /BLA/boletinlegal/ HTTP/1.1" 200 24523
152.61.192.232 - - [15/Nov/2023:01:47:15 -0500] "GET /arcgis/services/Calidad_del_Agua_WQI/MapServer/WMSServer?request=GetCapabilities&service=WMS HTTP/1.1" 503 1020
152.61.192.232 - - [15/Nov/2023:01:47:16 -0500] "GET /arcgis/services/Calidad_del_Agua_WQI/MapServer/WMSServer?SERVICE=WMS&REQUEST=GetCapabilities HTTP/1.1" 503 1020
152.61.192.232 - - [15/Nov/2023:01:47:16 -0500] "GET /arcgis/services/Calidad_del_Agua_WQI/MapServer/WMSServer?WMTVER=1.0.0&REQUEST=capabilities HTTP/1.1" 503 1020
201.245.192.253 - - [15/Nov/2023:01:47:16 -0500] "POST /kwsrmcab/Wsrmcab  HTTP/1.1" 200 40720
114.119.144.65 - - [15/Nov/2023:01:47:55 -0500] "GET /BLA/resoluciones/index.php?dir=AUTOS%2B2007/&sort=date&order=asc HTTP/1.1" 200 13882
201.245.192.253 - - [15/Nov/2023:01:48:49 -0500] "POST /forms/lservlet;jsessionid=ac16012b30d6ecb3a1c0f7a64cdda50ee8e11bea36f4.e3iSbxaKaheRe3eRa38MahaQbi1ynknvrkLOlQzNp65In0 HTTP/1.1" 200 2
40.77.167.54 - - [15/Nov/2023:01:49:18 -0500] "GET /php/ProyectosInversion/Ficha%20ebi.pdf HTTP/1.1" 404 1018
40.77.167.78 - - [15/Nov/2023:01:50:05 -0500] "GET /BLA/resoluciones/RESOLUCIONES%202018/1661.pdf HTTP/1.1" 304 -
172.22.2.4 - - [15/Nov/2023:01:48:37 -0500] "HEAD /BLA/boletinlegal/ HTTP/1.1" 200 -
201.245.192.253 - - [15/Nov/2023:01:50:49 -0500] "POST /forms/lservlet;jsessionid=ac16012b30d6ecb3a1c0f7a64cdda50ee8e11bea36f4.e3iSbxaKaheRe3eRa38MahaQbi1ynknvrkLOlQzNp65In0 HTTP/1.1" 200 2
172.22.2.4 - - [15/Nov/2023:01:49:28 -0500] "GET /BLA/boletinlegal/ HTTP/1.1" 200 52827
216.245.221.92 - - [15/Nov/2023:01:51:24 -0500] "HEAD / HTTP/1.1" 200 -
157.55.39.55 - - [15/Nov/2023:01:51:51 -0500] "GET /inventario-de-emisiones-2020-transporte-publico-sitp-redujo-emisiones-de-pm-2-5-en-un-37.html HTTP/1.1" 200 925
201.245.192.253 - - [15/Nov/2023:01:52:15 -0500] "POST /kwsrmcab/Wsrmcab  HTTP/1.1" 200 40720
201.245.192.253 - - [15/Nov/2023:01:52:49 -0500] "POST /forms/lservlet;jsessionid=ac16012b30d6ecb3a1c0f7a64cdda50ee8e11bea36f4.e3iSbxaKaheRe3eRa38MahaQbi1ynknvrkLOlQzNp65In0 HTTP/1.1" 200 2
201.245.192.253 - - [15/Nov/2023:01:54:49 -0500] "POST /forms/lservlet;jsessionid=ac16012b30d6ecb3a1c0f7a64cdda50ee8e11bea36f4.e3iSbxaKaheRe3eRa38MahaQbi1ynknvrkLOlQzNp65In0 HTTP/1.1" 200 2
172.22.2.4 - - [15/Nov/2023:01:54:27 -0500] "HEAD /BLA/boletinlegal/ HTTP/1.1" 200 -
216.245.221.92 - - [15/Nov/2023:01:56:24 -0500] "HEAD / HTTP/1.1" 200 -
201.245.192.253 - - [15/Nov/2023:01:56:49 -0500] "POST /forms/lservlet;jsessionid=ac16012b30d6ecb3a1c0f7a64cdda50ee8e11bea36f4.e3iSbxaKaheRe3eRa38MahaQbi1ynknvrkLOlQzNp65In0 HTTP/1.1" 200 2
162.55.167.166 - - [15/Nov/2023:01:56:57 -0500] "GET / HTTP/1.1" 200 4720
162.55.167.166 - - [15/Nov/2023:01:56:57 -0500] "GET / HTTP/1.1" 200 319
172.22.2.4 - - [15/Nov/2023:01:55:18 -0500] "GET /BLA/boletinlegal/ HTTP/1.1" 200 58644
201.245.192.253 - - [15/Nov/2023:01:57:15 -0500] "POST /kwsrmcab/Wsrmcab  HTTP/1.1" 200 40720
66.249.77.9 - - [15/Nov/2023:01:58:02 -0500] "GET /distrito-declara-alerta-preventiva-en-el-suroccidente-de-la-ciudad-por-mala-calidad-del-aire.html HTTP/1.1" 304 -
201.245.192.253 - - [15/Nov/2023:01:58:49 -0500] "POST /forms/lservlet;jsessionid=ac16012b30d6ecb3a1c0f7a64cdda50ee8e11bea36f4.e3iSbxaKaheRe3eRa38MahaQbi1ynknvrkLOlQzNp65In0 HTTP/1.1" 200 2
201.245.192.253 - - [15/Nov/2023:02:00:49 -0500] "POST /forms/lservlet;jsessionid=ac16012b30d6ecb3a1c0f7a64cdda50ee8e11bea36f4.e3iSbxaKaheRe3eRa38MahaQbi1ynknvrkLOlQzNp65In0 HTTP/1.1" 200 2
216.245.221.92 - - [15/Nov/2023:02:01:24 -0500] "HEAD / HTTP/1.1" 200 -
172.22.2.4 - - [15/Nov/2023:02:00:17 -0500] "HEAD /BLA/boletinlegal/ HTTP/1.1" 200 -
208.100.26.237 - - [15/Nov/2023:02:02:03 -0500] "HEAD /core/misc/drupal.js HTTP/1.1" 404 -
208.100.26.237 - - [15/Nov/2023:02:02:04 -0500] "HEAD /misc/drupal.js HTTP/1.1" 404 -
201.245.192.253 - - [15/Nov/2023:02:02:13 -0500] "POST /kwsrmcab/Wsrmcab  HTTP/1.1" 200 40720
172.22.2.4 - - [15/Nov/2023:02:01:08 -0500] "GET /BLA/boletinlegal/ HTTP/1.1" 200 61018
201.245.192.253 - - [15/Nov/2023:02:02:49 -0500] "POST /forms/lservlet;jsessionid=ac16012b30d6ecb3a1c0f7a64cdda50ee8e11bea36f4.e3iSbxaKaheRe3eRa38MahaQbi1ynknvrkLOlQzNp65In0 HTTP/1.1" 200 2
201.245.192.253 - - [15/Nov/2023:02:04:49 -0500] "POST /forms/lservlet;jsessionid=ac16012b30d6ecb3a1c0f7a64cdda50ee8e11bea36f4.e3iSbxaKaheRe3eRa38MahaQbi1ynknvrkLOlQzNp65In0 HTTP/1.1" 200 2
216.245.221.92 - - [15/Nov/2023:02:06:24 -0500] "HEAD / HTTP/1.1" 200 -
201.245.192.253 - - [15/Nov/2023:02:06:49 -0500] "POST /forms/lservlet;jsessionid=ac16012b30d6ecb3a1c0f7a64cdda50ee8e11bea36f4.e3iSbxaKaheRe3eRa38MahaQbi1ynknvrkLOlQzNp65In0 HTTP/1.1" 200 2
201.245.192.253 - - [15/Nov/2023:02:07:12 -0500] "POST /kwsrmcab/Wsrmcab  HTTP/1.1" 200 40720
172.22.2.4 - - [15/Nov/2023:02:06:07 -0500] "HEAD /BLA/boletinlegal/ HTTP/1.1" 200 -
172.22.2.4 - - [15/Nov/2023:02:06:58 -0500] "GET /BLA/boletinlegal/ HTTP/1.1" 200 60634
201.245.192.253 - - [15/Nov/2023:02:08:49 -0500] "POST /forms/lservlet;jsessionid=ac16012b30d6ecb3a1c0f7a64cdda50ee8e11bea36f4.e3iSbxaKaheRe3eRa38MahaQbi1ynknvrkLOlQzNp65In0 HTTP/1.1" 200 2
201.245.192.253 - - [15/Nov/2023:02:10:49 -0500] "POST /forms/lservlet;jsessionid=ac16012b30d6ecb3a1c0f7a64cdda50ee8e11bea36f4.e3iSbxaKaheRe3eRa38MahaQbi1ynknvrkLOlQzNp65In0 HTTP/1.1" 200 2
216.245.221.92 - - [15/Nov/2023:02:11:24 -0500] "HEAD / HTTP/1.1" 200 -
201.245.192.253 - - [15/Nov/2023:02:12:11 -0500] "POST /kwsrmcab/Wsrmcab  HTTP/1.1" 200 40720
201.245.192.253 - - [15/Nov/2023:02:12:49 -0500] "POST /forms/lservlet;jsessionid=ac16012b30d6ecb3a1c0f7a64cdda50ee8e11bea36f4.e3iSbxaKaheRe3eRa38MahaQbi1ynknvrkLOlQzNp65In0 HTTP/1.1" 200 2
66.249.77.8 - - [15/Nov/2023:02:13:02 -0500] "GET /ofensiva-conta-el-trafico-de-fauna-silvestre-durante-la-semana-ambiental-en-bogota.html HTTP/1.1" 200 989
172.22.2.4 - - [15/Nov/2023:02:11:57 -0500] "HEAD /BLA/boletinlegal/ HTTP/1.1" 200 -
152.61.128.50 - - [15/Nov/2023:02:13:48 -0500] "GET /arcgis/services/Calidad_del_Agua_WQI/MapServer/WMSServer?request=GetCapabilities&service=WMS HTTP/1.1" 503 1020
152.61.128.50 - - [15/Nov/2023:02:13:50 -0500] "GET /arcgis/services/Calidad_del_Agua_WQI/MapServer/WMSServer?SERVICE=WMS&REQUEST=GetCapabilities HTTP/1.1" 503 1020
152.61.128.50 - - [15/Nov/2023:02:13:50 -0500] "GET /arcgis/services/Calidad_del_Agua_WQI/MapServer/WMSServer?WMTVER=1.0.0&REQUEST=capabilities HTTP/1.1" 503 1020
172.22.2.4 - - [15/Nov/2023:02:12:48 -0500] "GET /BLA/boletinlegal/ HTTP/1.1" 200 58294
201.245.192.253 - - [15/Nov/2023:02:14:49 -0500] "POST /forms/lservlet;jsessionid=ac16012b30d6ecb3a1c0f7a64cdda50ee8e11bea36f4.e3iSbxaKaheRe3eRa38MahaQbi1ynknvrkLOlQzNp65In0 HTTP/1.1" 200 2
216.245.221.92 - - [15/Nov/2023:02:16:24 -0500] "HEAD / HTTP/1.1" 200 -
66.249.66.19 - - [15/Nov/2023:02:16:29 -0500] "GET /robots.txt HTTP/1.1" 404 1018
66.249.66.19 - - [15/Nov/2023:02:16:29 -0500] "GET /BLA/resoluciones/AUTOS%202007/3659.pdf HTTP/1.1" 200 142523
201.245.192.253 - - [15/Nov/2023:02:16:49 -0500] "POST /forms/lservlet;jsessionid=ac16012b30d6ecb3a1c0f7a64cdda50ee8e11bea36f4.e3iSbxaKaheRe3eRa38MahaQbi1ynknvrkLOlQzNp65In0 HTTP/1.1" 200 2
66.249.66.19 - - [15/Nov/2023:02:17:10 -0500] "GET /Residuos/quimicos/quimicos.html HTTP/1.1" 304 -
201.245.192.253 - - [15/Nov/2023:02:17:10 -0500] "POST /kwsrmcab/Wsrmcab  HTTP/1.1" 200 40720
201.245.192.253 - - [15/Nov/2023:02:17:24 -0500] "POST /kwsrmcab/Wsrmcab HTTP/1.1" 200 41186
201.245.192.253 - - [15/Nov/2023:02:17:27 -0500] "POST /kwsrmcab/Wsrmcab HTTP/1.1" 200 41178
201.245.192.253 - - [15/Nov/2023:02:18:49 -0500] "POST /forms/lservlet;jsessionid=ac16012b30d6ecb3a1c0f7a64cdda50ee8e11bea36f4.e3iSbxaKaheRe3eRa38MahaQbi1ynknvrkLOlQzNp65In0 HTTP/1.1" 200 2
172.22.2.4 - - [15/Nov/2023:02:17:47 -0500] "HEAD /BLA/boletinlegal/ HTTP/1.1" 200 -
172.22.2.4 - - [15/Nov/2023:02:18:38 -0500] "GET /BLA/boletinlegal/ HTTP/1.1" 200 58294
172.22.2.4 - - [15/Nov/2023:02:20:09 -0500] "GET /BLA/boletinlegal/ HTTP/1.1" 200 24523
201.245.192.253 - - [15/Nov/2023:02:20:47 -0500] "POST /kwsrmcab/Wsrmcab HTTP/1.1" 200 41186
201.245.192.253 - - [15/Nov/2023:02:20:49 -0500] "POST /forms/lservlet;jsessionid=ac16012b30d6ecb3a1c0f7a64cdda50ee8e11bea36f4.e3iSbxaKaheRe3eRa38MahaQbi1ynknvrkLOlQzNp65In0 HTTP/1.1" 200 2
201.245.192.253 - - [15/Nov/2023:02:20:50 -0500] "POST /kwsrmcab/Wsrmcab HTTP/1.1" 200 41178
216.245.221.92 - - [15/Nov/2023:02:21:24 -0500] "HEAD / HTTP/1.1" 200 -
201.245.192.253 - - [15/Nov/2023:02:22:09 -0500] "POST /kwsrmcab/Wsrmcab  HTTP/1.1" 200 40720
201.245.192.253 - - [15/Nov/2023:02:22:49 -0500] "POST /forms/lservlet;jsessionid=ac16012b30d6ecb3a1c0f7a64cdda50ee8e11bea36f4.e3iSbxaKaheRe3eRa38MahaQbi1ynknvrkLOlQzNp65In0 HTTP/1.1" 200 2
201.245.192.253 - - [15/Nov/2023:02:24:49 -0500] "POST /forms/lservlet;jsessionid=ac16012b30d6ecb3a1c0f7a64cdda50ee8e11bea36f4.e3iSbxaKaheRe3eRa38MahaQbi1ynknvrkLOlQzNp65In0 HTTP/1.1" 200 2
172.22.2.4 - - [15/Nov/2023:02:23:37 -0500] "HEAD /BLA/boletinlegal/ HTTP/1.1" 200 -
172.22.2.4 - - [15/Nov/2023:02:24:28 -0500] "GET /BLA/boletinlegal/ HTTP/1.1" 200 61018
52.167.144.212 - - [15/Nov/2023:02:26:17 -0500] "GET /appsia/controlador HTTP/1.1" 200 4799
216.245.221.92 - - [15/Nov/2023:02:26:24 -0500] "HEAD / HTTP/1.1" 200 -
201.245.192.253 - - [15/Nov/2023:02:26:49 -0500] "POST /forms/lservlet;jsessionid=ac16012b30d6ecb3a1c0f7a64cdda50ee8e11bea36f4.e3iSbxaKaheRe3eRa38MahaQbi1ynknvrkLOlQzNp65In0 HTTP/1.1" 200 2
201.245.192.253 - - [15/Nov/2023:02:27:08 -0500] "POST /kwsrmcab/Wsrmcab  HTTP/1.1" 200 40720
40.77.167.32 - - [15/Nov/2023:02:27:22 -0500] "GET /BLA/resoluciones/AUTOS%202021/4589.pdf HTTP/1.1" 304 -
201.245.192.253 - - [15/Nov/2023:02:27:24 -0500] "POST /kwsrmcab/Wsrmcab HTTP/1.1" 200 41186
201.245.192.253 - - [15/Nov/2023:02:27:27 -0500] "POST /kwsrmcab/Wsrmcab HTTP/1.1" 200 41178
66.249.69.134 - - [15/Nov/2023:02:30:02 -0500] "GET /portaldeninos/gestion-del-riesgo-incendios-forestales/ HTTP/1.1" 200 86825
66.249.69.133 - - [15/Nov/2023:02:30:30 -0500] "GET /portaldeninos/wp-includes/js/jquery/ui/sortable.min.js?ver=1.11.4 HTTP/1.1" 200 24899
172.22.2.4 - - [15/Nov/2023:02:29:06 -0500] "GET /BLA/boletinlegal/ HTTP/1.1" 200 56187
201.245.192.253 - - [15/Nov/2023:02:30:47 -0500] "POST /kwsrmcab/Wsrmcab HTTP/1.1" 200 41186
201.245.192.253 - - [15/Nov/2023:02:30:50 -0500] "POST /kwsrmcab/Wsrmcab HTTP/1.1" 200 41178
172.22.2.4 - - [15/Nov/2023:02:29:27 -0500] "HEAD /BLA/boletinlegal/ HTTP/1.1" 200 -
157.55.39.52 - - [15/Nov/2023:02:31:22 -0500] "GET /portaldeninos/aulas-ambientales/aula-ambiental-sorotama/ HTTP/1.1" 200 89596
216.245.221.92 - - [15/Nov/2023:02:31:24 -0500] "HEAD / HTTP/1.1" 200 -
198.235.24.212 - - [15/Nov/2023:02:31:39 -0500] "GET / HTTP/1.0" 200 319
172.22.2.4 - - [15/Nov/2023:02:30:18 -0500] "GET /BLA/boletinlegal/ HTTP/1.1" 200 56187
201.245.192.253 - - [15/Nov/2023:02:32:07 -0500] "POST /kwsrmcab/Wsrmcab  HTTP/1.1" 200 40720
168.119.253.61 - - [15/Nov/2023:02:35:32 -0500] "GET / HTTP/1.1" 200 319
168.119.253.61 - - [15/Nov/2023:02:35:35 -0500] "GET / HTTP/1.1" 200 4720
216.245.221.92 - - [15/Nov/2023:02:36:24 -0500] "HEAD / HTTP/1.1" 200 -
172.22.2.4 - - [15/Nov/2023:02:35:17 -0500] "HEAD /BLA/boletinlegal/ HTTP/1.1" 200 -
201.245.192.253 - - [15/Nov/2023:02:37:06 -0500] "POST /kwsrmcab/Wsrmcab  HTTP/1.1" 200 40720
201.245.192.253 - - [15/Nov/2023:02:37:24 -0500] "POST /kwsrmcab/Wsrmcab HTTP/1.1" 200 41186
201.245.192.253 - - [15/Nov/2023:02:37:27 -0500] "POST /kwsrmcab/Wsrmcab HTTP/1.1" 200 41178
172.22.2.4 - - [15/Nov/2023:02:36:08 -0500] "GET /BLA/boletinlegal/ HTTP/1.1" 200 58294
201.245.192.253 - - [15/Nov/2023:02:40:46 -0500] "POST /kwsrmcab/Wsrmcab HTTP/1.1" 200 41186
201.245.192.253 - - [15/Nov/2023:02:40:49 -0500] "POST /kwsrmcab/Wsrmcab HTTP/1.1" 200 41178
216.245.221.92 - - [15/Nov/2023:02:41:24 -0500] "HEAD / HTTP/1.1" 200 -
201.245.192.253 - - [15/Nov/2023:02:42:06 -0500] "POST /kwsrmcab/Wsrmcab  HTTP/1.1" 200 40720
172.22.2.4 - - [15/Nov/2023:02:41:07 -0500] "HEAD /BLA/boletinlegal/ HTTP/1.1" 200 -
172.22.2.4 - - [15/Nov/2023:02:41:58 -0500] "GET /BLA/boletinlegal/ HTTP/1.1" 200 61018
143.198.125.79 - - [15/Nov/2023:02:44:12 -0500] "GET / HTTP/1.1" 200 319
172.22.2.4 - - [15/Nov/2023:02:45:21 -0500] "GET /BLA/boletinlegal/robots.txt HTTP/1.1" 404 1037
172.22.2.4 - - [15/Nov/2023:02:45:22 -0500] "GET /BLA/boletinlegal/robots.txt HTTP/1.1" 404 1037
172.22.2.4 - - [15/Nov/2023:02:45:26 -0500] "GET /BLA/boletinlegal/Directivas/2011/Directiva%20No.%2011%20del%2027%20de%20Diciembre%20de%202011.pdf HTTP/1.1" 304 -
173.252.107.5 - - [15/Nov/2023:02:46:05 -0500] "GET /bogota-reverdece-una-semana-por-la-sostenibilidad-la-resiliencia-climatica-y-la-calidad-del-aire.html HTTP/1.1" 200 973
191.156.63.20 - - [15/Nov/2023:02:46:05 -0500] "GET /bogota-reverdece-una-semana-por-la-sostenibilidad-la-resiliencia-climatica-y-la-calidad-del-aire.html?fbclid=IwAR3Uhczn7W5VqJzBS7NYVujw4czkHoZy3maxVY3Gf6AYmh_YrS0Wg8oMS80 HTTP/1.1" 200 973
173.252.127.13 - - [15/Nov/2023:02:46:09 -0500] "GET /bogota-reverdece-una-semana-por-la-sostenibilidad-la-resiliencia-climatica-y-la-calidad-del-aire.html HTTP/1.1" 200 973
216.245.221.92 - - [15/Nov/2023:02:46:24 -0500] "HEAD / HTTP/1.1" 200 -
47.128.63.29 - - [15/Nov/2023:02:46:49 -0500] "GET /galeria/nivo-slider/demo/images/Rendicion.png HTTP/1.1" 200 262274
157.55.39.55 - - [15/Nov/2023:02:46:56 -0500] "GET /images/pl%C3%A1sticos%20foto%201..jpg HTTP/1.1" 404 1034
201.245.192.253 - - [15/Nov/2023:02:47:04 -0500] "POST /kwsrmcab/Wsrmcab  HTTP/1.1" 200 40720
172.22.2.4 - - [15/Nov/2023:02:46:57 -0500] "HEAD /BLA/boletinlegal/ HTTP/1.1" 200 -
172.22.2.4 - - [15/Nov/2023:02:47:48 -0500] "GET /BLA/boletinlegal/ HTTP/1.1" 200 61018
52.167.144.161 - - [15/Nov/2023:02:50:14 -0500] "GET /BLA/resoluciones/AUTOS%202023/4145.pdf HTTP/1.1" 200 420059
216.245.221.92 - - [15/Nov/2023:02:51:24 -0500] "HEAD / HTTP/1.1" 200 -
201.245.192.253 - - [15/Nov/2023:02:52:04 -0500] "POST /kwsrmcab/Wsrmcab  HTTP/1.1" 200 40720
52.167.144.168 - - [15/Nov/2023:02:52:09 -0500] "GET /BLA/resoluciones/RESOLUCIONES%202021/4992.pdf HTTP/1.1" 200 412725
172.22.2.4 - - [15/Nov/2023:02:52:47 -0500] "HEAD /BLA/boletinlegal/ HTTP/1.1" 200 -
172.22.2.4 - - [15/Nov/2023:02:53:38 -0500] "GET /BLA/boletinlegal/ HTTP/1.1" 200 58644
216.245.221.92 - - [15/Nov/2023:02:56:24 -0500] "HEAD / HTTP/1.1" 200 -
201.245.192.253 - - [15/Nov/2023:02:57:03 -0500] "POST /kwsrmcab/Wsrmcab  HTTP/1.1" 200 40720
172.22.2.4 - - [15/Nov/2023:02:58:37 -0500] "HEAD /BLA/boletinlegal/ HTTP/1.1" 200 -
172.22.2.4 - - [15/Nov/2023:02:59:28 -0500] "GET /BLA/boletinlegal/ HTTP/1.1" 200 56187
216.245.221.92 - - [15/Nov/2023:03:01:24 -0500] "HEAD / HTTP/1.1" 200 -
201.245.192.253 - - [15/Nov/2023:03:02:03 -0500] "POST /kwsrmcab/Wsrmcab  HTTP/1.1" 200 40720
172.22.2.4 - - [15/Nov/2023:03:04:27 -0500] "HEAD /BLA/boletinlegal/ HTTP/1.1" 200 -
216.245.221.92 - - [15/Nov/2023:03:06:24 -0500] "HEAD / HTTP/1.1" 200 -
172.22.2.4 - - [15/Nov/2023:03:05:18 -0500] "GET /BLA/boletinlegal/ HTTP/1.1" 200 58644
201.245.192.253 - - [15/Nov/2023:03:07:01 -0500] "POST /kwsrmcab/Wsrmcab  HTTP/1.1" 200 40720
182.42.105.144 - - [15/Nov/2023:03:07:53 -0500] "GET / HTTP/1.1" 200 319
216.245.221.92 - - [15/Nov/2023:03:11:24 -0500] "HEAD / HTTP/1.1" 200 -
173.252.107.8 - - [15/Nov/2023:03:11:46 -0500] "GET /images/cuerpos%20de%20agua%20en%20humedales-19-10.jpg HTTP/1.1" 200 73528
172.22.2.4 - - [15/Nov/2023:03:10:17 -0500] "HEAD /BLA/boletinlegal/ HTTP/1.1" 200 -
201.245.192.253 - - [15/Nov/2023:03:12:01 -0500] "POST /kwsrmcab/Wsrmcab  HTTP/1.1" 200 40720
172.22.2.4 - - [15/Nov/2023:03:11:08 -0500] "GET /BLA/boletinlegal/ HTTP/1.1" 200 58644
51.15.164.30 - - [15/Nov/2023:03:13:37 -0500] "HEAD /fuertes-vientos-lluvias-estado-fisico-y-sanitario-motivos-de-arboles-en-riesgo.html HTTP/1.1" 200 -
217.182.175.162 - - [15/Nov/2023:03:13:40 -0500] "HEAD /bogota-una-de-la-nueva-clase-de-119-ciudades-mundiales-nombradas-lideres-climaticos-en-la-a-list-de-cdp-del-2023.html HTTP/1.1" 200 -
