201.245.192.253 - - [16/Nov/2023:06:11:18 -0500] "POST /kwsrmcab/Wsrmcab  HTTP/1.1" 200 40720
216.245.221.92 - - [16/Nov/2023:06:11:20 -0500] "HEAD / HTTP/1.1" 200 -
201.245.192.253 - - [16/Nov/2023:06:11:20 -0500] "POST /forms/lservlet;jsessionid=ac16012b30d683d1711678cf4990b861e07ba9caeb48.e3iSbxaKaheRe3eRa38MahaQbi1ynknvrkLOlQzNp65In0 HTTP/1.1" 200 2
5.188.87.39 - - [16/Nov/2023:06:11:36 -0500] "GET /admin/config.php HTTP/1.1" 404 1018
201.245.192.253 - - [16/Nov/2023:06:11:44 -0500] "POST /forms/lservlet;jsessionid=ac16012b30d63836718647184461850edc8d8a6fee37.e3iSbxaKaheRe3eRa38MahaQbi1ynknvrkLOlQzNp65In0 HTTP/1.1" 200 2
201.245.192.253 - - [16/Nov/2023:06:13:20 -0500] "POST /forms/lservlet;jsessionid=ac16012b30d683d1711678cf4990b861e07ba9caeb48.e3iSbxaKaheRe3eRa38MahaQbi1ynknvrkLOlQzNp65In0 HTTP/1.1" 200 2
172.22.2.4 - - [16/Nov/2023:06:11:56 -0500] "HEAD /BLA/boletinlegal/ HTTP/1.1" 200 -
201.245.192.253 - - [16/Nov/2023:06:13:44 -0500] "POST /forms/lservlet;jsessionid=ac16012b30d63836718647184461850edc8d8a6fee37.e3iSbxaKaheRe3eRa38MahaQbi1ynknvrkLOlQzNp65In0 HTTP/1.1" 200 2
172.22.2.4 - - [16/Nov/2023:06:12:47 -0500] "GET /BLA/boletinlegal/ HTTP/1.1" 200 58644
201.245.192.253 - - [16/Nov/2023:06:15:20 -0500] "POST /forms/lservlet;jsessionid=ac16012b30d683d1711678cf4990b861e07ba9caeb48.e3iSbxaKaheRe3eRa38MahaQbi1ynknvrkLOlQzNp65In0 HTTP/1.1" 200 2
201.245.192.253 - - [16/Nov/2023:06:15:44 -0500] "POST /forms/lservlet;jsessionid=ac16012b30d63836718647184461850edc8d8a6fee37.e3iSbxaKaheRe3eRa38MahaQbi1ynknvrkLOlQzNp65In0 HTTP/1.1" 200 2
201.245.192.253 - - [16/Nov/2023:06:16:16 -0500] "POST /kwsrmcab/Wsrmcab  HTTP/1.1" 200 40720
216.245.221.92 - - [16/Nov/2023:06:16:20 -0500] "HEAD / HTTP/1.1" 200 -
172.22.2.4 - - [16/Nov/2023:06:16:59 -0500] "HEAD /BLA/boletinlegal/Circulares/2012/Circular%20No.%2013%20del%2006%20de%20Septiembre%20de%202012.pdf HTTP/1.1" 200 -
172.22.2.4 - - [16/Nov/2023:06:16:59 -0500] "GET /BLA/boletinlegal/Circulares/2012/Circular%20No.%2013%20del%2006%20de%20Septiembre%20de%202012.pdf HTTP/1.1" 200 351421
201.245.192.253 - - [16/Nov/2023:06:17:20 -0500] "POST /forms/lservlet;jsessionid=ac16012b30d683d1711678cf4990b861e07ba9caeb48.e3iSbxaKaheRe3eRa38MahaQbi1ynknvrkLOlQzNp65In0 HTTP/1.1" 200 2
201.245.192.253 - - [16/Nov/2023:06:17:18 -0500] "POST /kwsrmcab/Wsrmcab HTTP/1.1" 200 41206
201.245.192.253 - - [16/Nov/2023:06:17:21 -0500] "POST /kwsrmcab/Wsrmcab HTTP/1.1" 200 41059
201.245.192.253 - - [16/Nov/2023:06:17:44 -0500] "POST /forms/lservlet;jsessionid=ac16012b30d63836718647184461850edc8d8a6fee37.e3iSbxaKaheRe3eRa38MahaQbi1ynknvrkLOlQzNp65In0 HTTP/1.1" 200 2
201.245.192.253 - - [16/Nov/2023:06:19:20 -0500] "POST /forms/lservlet;jsessionid=ac16012b30d683d1711678cf4990b861e07ba9caeb48.e3iSbxaKaheRe3eRa38MahaQbi1ynknvrkLOlQzNp65In0 HTTP/1.1" 200 2
172.22.2.4 - - [16/Nov/2023:06:17:46 -0500] "HEAD /BLA/boletinlegal/ HTTP/1.1" 200 -
201.245.192.253 - - [16/Nov/2023:06:19:44 -0500] "POST /forms/lservlet;jsessionid=ac16012b30d63836718647184461850edc8d8a6fee37.e3iSbxaKaheRe3eRa38MahaQbi1ynknvrkLOlQzNp65In0 HTTP/1.1" 200 2
172.22.2.4 - - [16/Nov/2023:06:20:06 -0500] "HEAD /BLA/boletinlegal/Directivas/2011/Directiva%20No.%206%20del%208%20de%20Septiembre%20de%202011.pdf HTTP/1.1" 200 -
172.22.2.4 - - [16/Nov/2023:06:20:06 -0500] "GET /BLA/boletinlegal/Directivas/2011/Directiva%20No.%206%20del%208%20de%20Septiembre%20de%202011.pdf HTTP/1.1" 200 996625
52.167.144.174 - - [16/Nov/2023:06:20:07 -0500] "GET /atencion-mujeres-que-reverdecen-ya-inicia-la-segunda-fase.html HTTP/1.1" 200 857
172.22.2.4 - - [16/Nov/2023:06:18:37 -0500] "GET /BLA/boletinlegal/ HTTP/1.1" 200 58644
201.245.192.253 - - [16/Nov/2023:06:20:42 -0500] "POST /kwsrmcab/Wsrmcab HTTP/1.1" 200 41206
201.245.192.253 - - [16/Nov/2023:06:20:45 -0500] "POST /kwsrmcab/Wsrmcab HTTP/1.1" 200 41059
201.245.192.253 - - [16/Nov/2023:06:21:16 -0500] "POST /kwsrmcab/Wsrmcab  HTTP/1.1" 200 40720
216.245.221.92 - - [16/Nov/2023:06:21:20 -0500] "HEAD / HTTP/1.1" 200 -
201.245.192.253 - - [16/Nov/2023:06:21:20 -0500] "POST /forms/lservlet;jsessionid=ac16012b30d683d1711678cf4990b861e07ba9caeb48.e3iSbxaKaheRe3eRa38MahaQbi1ynknvrkLOlQzNp65In0 HTTP/1.1" 200 2
52.167.144.214 - - [16/Nov/2023:06:21:23 -0500] "GET /Publicaciones/2023EE245569.pdf HTTP/1.1" 404 228
201.245.192.253 - - [16/Nov/2023:06:21:44 -0500] "POST /forms/lservlet;jsessionid=ac16012b30d63836718647184461850edc8d8a6fee37.e3iSbxaKaheRe3eRa38MahaQbi1ynknvrkLOlQzNp65In0 HTTP/1.1" 200 2
186.84.88.204 - - [16/Nov/2023:06:22:31 -0500] "GET /sipse/faces/index.xhtml HTTP/1.1" 200 677
186.84.88.204 - - [16/Nov/2023:06:22:31 -0500] "GET /sipse/faces/javax.faces.resource/theme.css?ln=primefaces-sipse HTTP/1.1" 304 -
186.84.88.204 - - [16/Nov/2023:06:22:31 -0500] "GET /favicon.ico HTTP/1.1" 200 7782
186.84.88.204 - - [16/Nov/2023:06:22:31 -0500] "GET /sipse/faces/faces/autenticacion.xhtml HTTP/1.1" 200 12406
186.84.88.204 - - [16/Nov/2023:06:22:31 -0500] "GET /sipse/js/disable_browser_buttons.js HTTP/1.1" 200 3230
186.84.88.204 - - [16/Nov/2023:06:22:31 -0500] "GET /sipse/js/funciones.js HTTP/1.1" 200 12592
186.84.88.204 - - [16/Nov/2023:06:22:31 -0500] "GET /sipse/css/custom_css_sg.css HTTP/1.1" 200 9694
186.84.88.204 - - [16/Nov/2023:06:22:31 -0500] "GET /sipse/css/custom_css_sg_prime_login.css HTTP/1.1" 200 443
186.84.88.204 - - [16/Nov/2023:06:22:31 -0500] "GET /sipse/faces/javax.faces.resource/theme.css?ln=primefaces-sipse HTTP/1.1" 304 -
186.84.88.204 - - [16/Nov/2023:06:22:31 -0500] "GET /sipse/faces/javax.faces.resource/primefaces.css?ln=primefaces&v=4.0 HTTP/1.1" 304 -
186.84.88.204 - - [16/Nov/2023:06:22:31 -0500] "GET /sipse/faces/javax.faces.resource/primefaces.js?ln=primefaces&v=4.0 HTTP/1.1" 304 -
186.84.88.204 - - [16/Nov/2023:06:22:31 -0500] "GET /sipse/faces/javax.faces.resource/layout/layout.css?ln=primefaces&v=4.0 HTTP/1.1" 304 -
186.84.88.204 - - [16/Nov/2023:06:22:31 -0500] "GET /sipse/faces/javax.faces.resource/jquery/jquery.js?ln=primefaces&v=4.0 HTTP/1.1" 304 -
186.84.88.204 - - [16/Nov/2023:06:22:31 -0500] "GET /sipse/faces/javax.faces.resource/layout/layout.js?ln=primefaces&v=4.0 HTTP/1.1" 304 -
186.84.88.204 - - [16/Nov/2023:06:22:31 -0500] "GET /sipse/faces/javax.faces.resource/jquery/jquery-plugins.js?ln=primefaces&v=4.0 HTTP/1.1" 304 -
186.84.88.204 - - [16/Nov/2023:06:22:32 -0500] "GET /sipse/faces/javax.faces.resource/images/ui-icons_898989_256x240.png?ln=primefaces-aristo HTTP/1.1" 304 -
186.84.88.204 - - [16/Nov/2023:06:22:32 -0500] "GET /sipse/css/imagen/logoSDG.png HTTP/1.1" 200 53064
186.84.88.204 - - [16/Nov/2023:06:22:32 -0500] "GET /sipse/css/imagen/loginimg.png HTTP/1.1" 200 71635
186.84.88.204 - - [16/Nov/2023:06:22:35 -0500] "POST /sipse/faces/autenticacion.xhtml HTTP/1.1" 200 16902
186.84.88.204 - - [16/Nov/2023:06:22:36 -0500] "GET /sipse/css/custom_css_sg_prime.css HTTP/1.1" 200 5201
186.84.88.204 - - [16/Nov/2023:06:22:36 -0500] "GET /sipse/faces/javax.faces.resource/primefaces.css?ln=primefaces&v=4.0 HTTP/1.1" 304 -
186.84.88.204 - - [16/Nov/2023:06:22:36 -0500] "GET /sipse/faces/javax.faces.resource/theme.css?ln=primefaces-sipse HTTP/1.1" 304 -
186.84.88.204 - - [16/Nov/2023:06:22:36 -0500] "GET /sipse/faces/javax.faces.resource/layout/layout.css?ln=primefaces&v=4.0 HTTP/1.1" 304 -
186.84.88.204 - - [16/Nov/2023:06:22:36 -0500] "GET /sipse/js/jquery.min.js HTTP/1.1" 200 85582
186.84.88.204 - - [16/Nov/2023:06:22:36 -0500] "GET /sipse/faces/javax.faces.resource/jquery/jquery.js?ln=primefaces&v=4.0 HTTP/1.1" 304 -
186.84.88.204 - - [16/Nov/2023:06:22:36 -0500] "GET /sipse/faces/javax.faces.resource/jquery/jquery-plugins.js?ln=primefaces&v=4.0 HTTP/1.1" 304 -
186.84.88.204 - - [16/Nov/2023:06:22:36 -0500] "GET /sipse/faces/javax.faces.resource/primefaces.js?ln=primefaces&v=4.0 HTTP/1.1" 304 -
186.84.88.204 - - [16/Nov/2023:06:22:36 -0500] "GET /sipse/faces/javax.faces.resource/layout/layout.js?ln=primefaces&v=4.0 HTTP/1.1" 304 -
186.84.88.204 - - [16/Nov/2023:06:22:36 -0500] "GET /sipse/css/v_mergente.css HTTP/1.1" 200 1505
186.84.88.204 - - [16/Nov/2023:06:22:36 -0500] "GET /sipse/css/imagen/contrasena.png HTTP/1.1" 404 383
186.84.88.204 - - [16/Nov/2023:06:22:36 -0500] "GET /sipse/faces/javax.faces.resource/messages/messages.png?ln=primefaces&v=4.0 HTTP/1.1" 304 -
186.84.88.204 - - [16/Nov/2023:06:22:36 -0500] "GET /sipse/imagenes/cargando.gif HTTP/1.1" 200 36959
186.84.88.204 - - [16/Nov/2023:06:22:36 -0500] "GET /sipse/imagenes/logoAplicacion.jpg HTTP/1.1" 200 155084
186.84.88.204 - - [16/Nov/2023:06:22:38 -0500] "GET /sipse/faces/javax.faces.resource/images/ui-bg_flat_0_2d5972_40x100.png?ln=primefaces-aristo HTTP/1.1" 304 -
186.84.88.204 - - [16/Nov/2023:06:22:38 -0500] "POST /sipse/faces/bienvenido.xhtml HTTP/1.1" 200 1471
186.84.88.204 - - [16/Nov/2023:06:22:39 -0500] "POST /sipse/faces/bienvenido.xhtml HTTP/1.1" 200 31965
186.84.88.204 - - [16/Nov/2023:06:22:39 -0500] "GET /sipse/faces/javax.faces.resource/primefaces.css?ln=primefaces&v=4.0 HTTP/1.1" 304 -
186.84.88.204 - - [16/Nov/2023:06:22:39 -0500] "GET /sipse/faces/javax.faces.resource/theme.css?ln=primefaces-sipse HTTP/1.1" 304 -
186.84.88.204 - - [16/Nov/2023:06:22:39 -0500] "GET /sipse/faces/javax.faces.resource/layout/layout.css?ln=primefaces&v=4.0 HTTP/1.1" 304 -
186.84.88.204 - - [16/Nov/2023:06:22:39 -0500] "GET /sipse/faces/javax.faces.resource/jquery/jquery.js?ln=primefaces&v=4.0 HTTP/1.1" 304 -
186.84.88.204 - - [16/Nov/2023:06:22:39 -0500] "GET /sipse/faces/javax.faces.resource/jquery/jquery-plugins.js?ln=primefaces&v=4.0 HTTP/1.1" 304 -
186.84.88.204 - - [16/Nov/2023:06:22:39 -0500] "GET /sipse/faces/javax.faces.resource/primefaces.js?ln=primefaces&v=4.0 HTTP/1.1" 304 -
186.84.88.204 - - [16/Nov/2023:06:22:39 -0500] "GET /sipse/faces/javax.faces.resource/layout/layout.js?ln=primefaces&v=4.0 HTTP/1.1" 304 -
186.84.88.204 - - [16/Nov/2023:06:22:39 -0500] "POST /sipse/faces/presentacion/financiero/solicitudProceso/listarSolicitudProceso.xhtml HTTP/1.1" 200 1372
201.245.192.253 - - [16/Nov/2023:06:23:20 -0500] "POST /forms/lservlet;jsessionid=ac16012b30d683d1711678cf4990b861e07ba9caeb48.e3iSbxaKaheRe3eRa38MahaQbi1ynknvrkLOlQzNp65In0 HTTP/1.1" 200 2
201.245.192.253 - - [16/Nov/2023:06:23:44 -0500] "POST /forms/lservlet;jsessionid=ac16012b30d63836718647184461850edc8d8a6fee37.e3iSbxaKaheRe3eRa38MahaQbi1ynknvrkLOlQzNp65In0 HTTP/1.1" 200 2
40.77.167.235 - - [16/Nov/2023:06:23:48 -0500] "GET /Publicaciones/2023EE218079.pdf HTTP/1.1" 404 228
52.167.144.145 - - [16/Nov/2023:06:24:22 -0500] "GET /Publicaciones/2023EE204994.pdf HTTP/1.1" 404 228
172.22.2.4 - - [16/Nov/2023:06:23:36 -0500] "HEAD /BLA/boletinlegal/ HTTP/1.1" 200 -
201.245.192.253 - - [16/Nov/2023:06:25:20 -0500] "POST /forms/lservlet;jsessionid=ac16012b30d683d1711678cf4990b861e07ba9caeb48.e3iSbxaKaheRe3eRa38MahaQbi1ynknvrkLOlQzNp65In0 HTTP/1.1" 200 2
201.245.192.253 - - [16/Nov/2023:06:25:44 -0500] "POST /forms/lservlet;jsessionid=ac16012b30d63836718647184461850edc8d8a6fee37.e3iSbxaKaheRe3eRa38MahaQbi1ynknvrkLOlQzNp65In0 HTTP/1.1" 200 2
172.22.2.4 - - [16/Nov/2023:06:24:27 -0500] "GET /BLA/boletinlegal/ HTTP/1.1" 200 52827
201.245.192.253 - - [16/Nov/2023:06:26:15 -0500] "POST /kwsrmcab/Wsrmcab  HTTP/1.1" 200 40720
216.245.221.92 - - [16/Nov/2023:06:26:20 -0500] "HEAD / HTTP/1.1" 200 -
201.245.192.253 - - [16/Nov/2023:06:27:20 -0500] "POST /forms/lservlet;jsessionid=ac16012b30d683d1711678cf4990b861e07ba9caeb48.e3iSbxaKaheRe3eRa38MahaQbi1ynknvrkLOlQzNp65In0 HTTP/1.1" 200 2
201.245.192.253 - - [16/Nov/2023:06:27:18 -0500] "POST /kwsrmcab/Wsrmcab HTTP/1.1" 200 41206
201.245.192.253 - - [16/Nov/2023:06:27:21 -0500] "POST /kwsrmcab/Wsrmcab HTTP/1.1" 200 41059
201.245.192.253 - - [16/Nov/2023:06:27:44 -0500] "POST /forms/lservlet;jsessionid=ac16012b30d63836718647184461850edc8d8a6fee37.e3iSbxaKaheRe3eRa38MahaQbi1ynknvrkLOlQzNp65In0 HTTP/1.1" 200 2
52.167.144.145 - - [16/Nov/2023:06:27:45 -0500] "GET /POT-2013/Cartografia/13_Est_Ordenam_D.pdf HTTP/1.1" 200 6417967
66.249.66.193 - - [16/Nov/2023:06:28:43 -0500] "GET /como-debe-ser-el-manejo-del-ruido-en-bogota.html HTTP/1.1" 304 -
201.245.192.253 - - [16/Nov/2023:06:29:20 -0500] "POST /forms/lservlet;jsessionid=ac16012b30d683d1711678cf4990b861e07ba9caeb48.e3iSbxaKaheRe3eRa38MahaQbi1ynknvrkLOlQzNp65In0 HTTP/1.1" 200 2
201.245.192.253 - - [16/Nov/2023:06:29:44 -0500] "POST /forms/lservlet;jsessionid=ac16012b30d63836718647184461850edc8d8a6fee37.e3iSbxaKaheRe3eRa38MahaQbi1ynknvrkLOlQzNp65In0 HTTP/1.1" 200 2
201.245.192.253 - - [16/Nov/2023:06:30:43 -0500] "POST /kwsrmcab/Wsrmcab HTTP/1.1" 200 41206
201.245.192.253 - - [16/Nov/2023:06:30:46 -0500] "POST /kwsrmcab/Wsrmcab HTTP/1.1" 200 41059
172.22.2.4 - - [16/Nov/2023:06:29:26 -0500] "HEAD /BLA/boletinlegal/ HTTP/1.1" 200 -
201.245.192.253 - - [16/Nov/2023:06:31:13 -0500] "POST /kwsrmcab/Wsrmcab  HTTP/1.1" 200 40720
216.245.221.92 - - [16/Nov/2023:06:31:20 -0500] "HEAD / HTTP/1.1" 200 -
201.245.192.253 - - [16/Nov/2023:06:31:20 -0500] "POST /forms/lservlet;jsessionid=ac16012b30d683d1711678cf4990b861e07ba9caeb48.e3iSbxaKaheRe3eRa38MahaQbi1ynknvrkLOlQzNp65In0 HTTP/1.1" 200 2
201.245.192.253 - - [16/Nov/2023:06:31:44 -0500] "POST /forms/lservlet;jsessionid=ac16012b30d63836718647184461850edc8d8a6fee37.e3iSbxaKaheRe3eRa38MahaQbi1ynknvrkLOlQzNp65In0 HTTP/1.1" 200 2
172.22.2.4 - - [16/Nov/2023:06:30:17 -0500] "GET /BLA/boletinlegal/ HTTP/1.1" 200 61018
40.77.167.18 - - [16/Nov/2023:06:32:24 -0500] "GET /Publicaciones/2023EE254096.pdf HTTP/1.1" 404 228
201.245.192.253 - - [16/Nov/2023:06:33:20 -0500] "POST /forms/lservlet;jsessionid=ac16012b30d683d1711678cf4990b861e07ba9caeb48.e3iSbxaKaheRe3eRa38MahaQbi1ynknvrkLOlQzNp65In0 HTTP/1.1" 200 2
201.245.192.253 - - [16/Nov/2023:06:33:44 -0500] "POST /forms/lservlet;jsessionid=ac16012b30d63836718647184461850edc8d8a6fee37.e3iSbxaKaheRe3eRa38MahaQbi1ynknvrkLOlQzNp65In0 HTTP/1.1" 200 2
168.119.253.11 - - [16/Nov/2023:06:34:11 -0500] "GET / HTTP/1.1" 200 319
168.119.253.11 - - [16/Nov/2023:06:34:11 -0500] "GET / HTTP/1.1" 200 4720
201.245.192.253 - - [16/Nov/2023:06:35:20 -0500] "POST /forms/lservlet;jsessionid=ac16012b30d683d1711678cf4990b861e07ba9caeb48.e3iSbxaKaheRe3eRa38MahaQbi1ynknvrkLOlQzNp65In0 HTTP/1.1" 200 2
201.245.192.253 - - [16/Nov/2023:06:35:44 -0500] "POST /forms/lservlet;jsessionid=ac16012b30d63836718647184461850edc8d8a6fee37.e3iSbxaKaheRe3eRa38MahaQbi1ynknvrkLOlQzNp65In0 HTTP/1.1" 200 2
201.245.192.253 - - [16/Nov/2023:06:36:12 -0500] "POST /kwsrmcab/Wsrmcab  HTTP/1.1" 200 40720
216.245.221.92 - - [16/Nov/2023:06:36:20 -0500] "HEAD / HTTP/1.1" 200 -
172.22.2.4 - - [16/Nov/2023:06:35:16 -0500] "HEAD /BLA/boletinlegal/ HTTP/1.1" 200 -
201.245.192.253 - - [16/Nov/2023:06:37:20 -0500] "POST /forms/lservlet;jsessionid=ac16012b30d683d1711678cf4990b861e07ba9caeb48.e3iSbxaKaheRe3eRa38MahaQbi1ynknvrkLOlQzNp65In0 HTTP/1.1" 200 2
201.245.192.253 - - [16/Nov/2023:06:37:18 -0500] "POST /kwsrmcab/Wsrmcab HTTP/1.1" 200 41206
201.245.192.253 - - [16/Nov/2023:06:37:21 -0500] "POST /kwsrmcab/Wsrmcab HTTP/1.1" 200 41059
201.245.192.253 - - [16/Nov/2023:06:37:44 -0500] "POST /forms/lservlet;jsessionid=ac16012b30d63836718647184461850edc8d8a6fee37.e3iSbxaKaheRe3eRa38MahaQbi1ynknvrkLOlQzNp65In0 HTTP/1.1" 200 2
172.22.2.4 - - [16/Nov/2023:06:36:07 -0500] "GET /BLA/boletinlegal/ HTTP/1.1" 200 58294
201.245.192.253 - - [16/Nov/2023:06:39:20 -0500] "POST /forms/lservlet;jsessionid=ac16012b30d683d1711678cf4990b861e07ba9caeb48.e3iSbxaKaheRe3eRa38MahaQbi1ynknvrkLOlQzNp65In0 HTTP/1.1" 200 2
201.245.192.253 - - [16/Nov/2023:06:39:44 -0500] "POST /forms/lservlet;jsessionid=ac16012b30d63836718647184461850edc8d8a6fee37.e3iSbxaKaheRe3eRa38MahaQbi1ynknvrkLOlQzNp65In0 HTTP/1.1" 200 2
172.22.2.4 - - [16/Nov/2023:06:39:45 -0500] "GET /BLA/boletinlegal/robots.txt HTTP/1.1" 404 1018
201.245.192.253 - - [16/Nov/2023:06:40:42 -0500] "POST /kwsrmcab/Wsrmcab HTTP/1.1" 200 41206
201.245.192.253 - - [16/Nov/2023:06:40:45 -0500] "POST /kwsrmcab/Wsrmcab HTTP/1.1" 200 41059
172.22.2.4 - - [16/Nov/2023:06:41:04 -0500] "GET /BLA/boletinlegal/actos.php HTTP/1.1" 200 9682
172.22.2.4 - - [16/Nov/2023:06:41:04 -0500] "GET /BLA/boletinlegal/styles2.css HTTP/1.1" 200 1838
172.22.2.4 - - [16/Nov/2023:06:41:04 -0500] "GET /BLA/boletinlegal/js/lib.js HTTP/1.1" 200 6474
172.22.2.4 - - [16/Nov/2023:06:41:04 -0500] "GET /BLA/boletinlegal/js/popup.js HTTP/1.1" 200 1270
172.22.2.4 - - [16/Nov/2023:06:41:04 -0500] "GET /BLA/boletinlegal/js/jquery1.js HTTP/1.1" 200 29846
172.22.2.4 - - [16/Nov/2023:06:41:04 -0500] "GET /BLA/boletinlegal/js/ajax_actos.js HTTP/1.1" 200 1322
172.22.2.4 - - [16/Nov/2023:06:41:04 -0500] "GET /BLA/boletinlegal/niceforms.js HTTP/1.1" 200 22876
172.22.2.4 - - [16/Nov/2023:06:41:04 -0500] "GET /BLA/boletinlegal/style.css HTTP/1.1" 200 9406
172.22.2.4 - - [16/Nov/2023:06:41:04 -0500] "GET /BLA/boletinlegal/niceforms-default.css HTTP/1.1" 200 6694
172.22.2.4 - - [16/Nov/2023:06:41:04 -0500] "GET /BLA/boletinlegal/images/subscribe-icon-big.png HTTP/1.1" 200 47702
172.22.2.4 - - [16/Nov/2023:06:41:04 -0500] "GET /BLA/boletinlegal/images/cabezote%20BLEGAL.jpg HTTP/1.1" 200 118164
168.119.253.13 - - [16/Nov/2023:06:41:04 -0500] "GET / HTTP/1.1" 200 4720
172.22.2.4 - - [16/Nov/2023:06:41:04 -0500] "GET /BLA/boletinlegal/images/historia.png HTTP/1.1" 200 52775
172.22.2.4 - - [16/Nov/2023:06:41:04 -0500] "GET /BLA/boletinlegal/images/registro-usuarios.png HTTP/1.1" 200 8106
172.22.2.4 - - [16/Nov/2023:06:41:04 -0500] "GET /BLA/boletinlegal/images/green-yellow-blue-pink-th.png HTTP/1.1" 200 7394
172.22.2.4 - - [16/Nov/2023:06:41:04 -0500] "GET /BLA/boletinlegal/images/tel.png HTTP/1.1" 200 14477
172.22.2.4 - - [16/Nov/2023:06:41:04 -0500] "GET /BLA/boletinlegal/images/icono-email.png HTTP/1.1" 200 5544
172.22.2.4 - - [16/Nov/2023:06:41:04 -0500] "GET /BLA/boletinlegal/images/body_bg.jpg HTTP/1.1" 200 1601
172.22.2.4 - - [16/Nov/2023:06:41:04 -0500] "GET /BLA/boletinlegal/images/menu_lft.gif HTTP/1.1" 200 1713
172.22.2.4 - - [16/Nov/2023:06:41:04 -0500] "GET /BLA/boletinlegal/images/menu_rght.gif HTTP/1.1" 200 1627
172.22.2.4 - - [16/Nov/2023:06:41:04 -0500] "GET /BLA/boletinlegal/images/bg_top.jpg HTTP/1.1" 200 522
172.22.2.4 - - [16/Nov/2023:06:41:04 -0500] "GET /BLA/boletinlegal/images/menu_bg.jpg HTTP/1.1" 200 620
172.22.2.4 - - [16/Nov/2023:06:41:04 -0500] "GET /BLA/boletinlegal/images/hover.jpg HTTP/1.1" 200 640
172.22.2.4 - - [16/Nov/2023:06:41:04 -0500] "GET /BLA/boletinlegal/images/text.jpg HTTP/1.1" 200 568
172.22.2.4 - - [16/Nov/2023:06:41:05 -0500] "GET /BLA/boletinlegal/images/footer_bg.jpg HTTP/1.1" 200 586
172.22.2.4 - - [16/Nov/2023:06:41:05 -0500] "GET /BLA/boletinlegal/images/footer_bg_l.jpg HTTP/1.1" 200 776
172.22.2.4 - - [16/Nov/2023:06:41:05 -0500] "GET /BLA/boletinlegal/img/0.png HTTP/1.1" 200 110
172.22.2.4 - - [16/Nov/2023:06:41:05 -0500] "GET /BLA/boletinlegal/img/select-left.png HTTP/1.1" 200 263
172.22.2.4 - - [16/Nov/2023:06:41:05 -0500] "GET /BLA/boletinlegal/img/select-right.png HTTP/1.1" 200 44019
172.22.2.4 - - [16/Nov/2023:06:41:05 -0500] "GET /BLA/boletinlegal/img/button.png HTTP/1.1" 200 43241
172.22.2.4 - - [16/Nov/2023:06:41:05 -0500] "GET /BLA/boletinlegal/img/button-left.png HTTP/1.1" 200 57071
172.22.2.4 - - [16/Nov/2023:06:41:05 -0500] "GET /BLA/boletinlegal/img/button-right.png HTTP/1.1" 200 57878
168.119.253.13 - - [16/Nov/2023:06:41:07 -0500] "GET / HTTP/1.1" 200 319
190.109.20.166 - - [16/Nov/2023:06:41:07 -0500] "GET /BLA/resoluciones/RESOLUCIONES%202021/1865.pdf HTTP/1.1" 200 466582
190.109.20.166 - - [16/Nov/2023:06:41:08 -0500] "GET /BLA/resoluciones/RESOLUCIONES%202021/1865.pdf HTTP/1.1" 206 16384
201.245.192.253 - - [16/Nov/2023:06:41:10 -0500] "POST /kwsrmcab/Wsrmcab  HTTP/1.1" 200 40720
216.245.221.92 - - [16/Nov/2023:06:41:20 -0500] "HEAD / HTTP/1.1" 200 -
201.245.192.253 - - [16/Nov/2023:06:41:20 -0500] "POST /forms/lservlet;jsessionid=ac16012b30d683d1711678cf4990b861e07ba9caeb48.e3iSbxaKaheRe3eRa38MahaQbi1ynknvrkLOlQzNp65In0 HTTP/1.1" 200 2
201.245.192.253 - - [16/Nov/2023:06:41:44 -0500] "POST /forms/lservlet;jsessionid=ac16012b30d63836718647184461850edc8d8a6fee37.e3iSbxaKaheRe3eRa38MahaQbi1ynknvrkLOlQzNp65In0 HTTP/1.1" 200 2
172.22.2.4 - - [16/Nov/2023:06:41:57 -0500] "GET /BLA/boletinlegal/actos.php HTTP/1.1" 200 9682
172.22.2.4 - - [16/Nov/2023:06:41:06 -0500] "HEAD /BLA/boletinlegal/ HTTP/1.1" 200 -
201.245.192.253 - - [16/Nov/2023:06:43:20 -0500] "POST /forms/lservlet;jsessionid=ac16012b30d683d1711678cf4990b861e07ba9caeb48.e3iSbxaKaheRe3eRa38MahaQbi1ynknvrkLOlQzNp65In0 HTTP/1.1" 200 2
52.167.144.212 - - [16/Nov/2023:06:43:33 -0500] "GET /Publicaciones/2023EE250130.pdf HTTP/1.1" 404 228
172.22.2.4 - - [16/Nov/2023:06:41:57 -0500] "GET /BLA/boletinlegal/ HTTP/1.1" 200 58294
201.245.192.253 - - [16/Nov/2023:06:43:44 -0500] "POST /forms/lservlet;jsessionid=ac16012b30d63836718647184461850edc8d8a6fee37.e3iSbxaKaheRe3eRa38MahaQbi1ynknvrkLOlQzNp65In0 HTTP/1.1" 200 2
52.167.144.212 - - [16/Nov/2023:06:44:04 -0500] "GET /Publicaciones/2023EE245712.pdf HTTP/1.1" 404 228
172.22.2.4 - - [16/Nov/2023:06:45:04 -0500] "GET /BLA/boletinlegal/consulta_actos.php?tipo=resoluciones&no=4019&usuario=&sector=&fecha=2018&resuelve= HTTP/1.1" 200 1101
40.77.167.17 - - [16/Nov/2023:06:45:11 -0500] "GET /transparencia/directorioservidores/julio2015.xlsx HTTP/1.1" 200 34261
186.86.32.196 - - [16/Nov/2023:06:45:13 -0500] "GET /BLA/resoluciones/RESOLUCIONES%202018/4019.pdf HTTP/1.1" 200 621258
186.86.32.196 - - [16/Nov/2023:06:45:13 -0500] "GET /BLA/resoluciones/RESOLUCIONES%202018/4019.pdf HTTP/1.1" 206 1025
186.86.32.196 - - [16/Nov/2023:06:45:13 -0500] "GET /BLA/resoluciones/RESOLUCIONES%202018/4019.pdf HTTP/1.1" 200 621258
201.245.192.253 - - [16/Nov/2023:06:45:20 -0500] "POST /forms/lservlet;jsessionid=ac16012b30d683d1711678cf4990b861e07ba9caeb48.e3iSbxaKaheRe3eRa38MahaQbi1ynknvrkLOlQzNp65In0 HTTP/1.1" 200 2
201.245.192.253 - - [16/Nov/2023:06:45:44 -0500] "POST /forms/lservlet;jsessionid=ac16012b30d63836718647184461850edc8d8a6fee37.e3iSbxaKaheRe3eRa38MahaQbi1ynknvrkLOlQzNp65In0 HTTP/1.1" 200 2
201.245.192.253 - - [16/Nov/2023:06:46:08 -0500] "POST /kwsrmcab/Wsrmcab  HTTP/1.1" 200 40720
216.245.221.92 - - [16/Nov/2023:06:46:20 -0500] "HEAD / HTTP/1.1" 200 -
201.245.192.253 - - [16/Nov/2023:06:47:20 -0500] "POST /forms/lservlet;jsessionid=ac16012b30d683d1711678cf4990b861e07ba9caeb48.e3iSbxaKaheRe3eRa38MahaQbi1ynknvrkLOlQzNp65In0 HTTP/1.1" 200 2
201.245.192.253 - - [16/Nov/2023:06:47:44 -0500] "POST /forms/lservlet;jsessionid=ac16012b30d63836718647184461850edc8d8a6fee37.e3iSbxaKaheRe3eRa38MahaQbi1ynknvrkLOlQzNp65In0 HTTP/1.1" 200 2
52.167.144.203 - - [16/Nov/2023:06:47:46 -0500] "GET /php/CarreraAdministrativa/INSTRUCTIVO_SISTEMA_PROPIO_SDA_2010.doc HTTP/1.1" 404 1018
17.246.15.51 - - [16/Nov/2023:06:48:11 -0500] "GET /como-debe-ser-el-manejo-del-ruido-en-bogota.html HTTP/1.1" 200 765
172.22.2.4 - - [16/Nov/2023:06:46:56 -0500] "HEAD /BLA/boletinlegal/ HTTP/1.1" 200 -
201.245.192.253 - - [16/Nov/2023:06:49:20 -0500] "POST /forms/lservlet;jsessionid=ac16012b30d683d1711678cf4990b861e07ba9caeb48.e3iSbxaKaheRe3eRa38MahaQbi1ynknvrkLOlQzNp65In0 HTTP/1.1" 200 2
172.22.2.4 - - [16/Nov/2023:06:47:47 -0500] "GET /BLA/boletinlegal/ HTTP/1.1" 200 60224
201.245.192.253 - - [16/Nov/2023:06:49:44 -0500] "POST /forms/lservlet;jsessionid=ac16012b30d63836718647184461850edc8d8a6fee37.e3iSbxaKaheRe3eRa38MahaQbi1ynknvrkLOlQzNp65In0 HTTP/1.1" 200 2
66.249.66.19 - - [16/Nov/2023:06:49:57 -0500] "GET /BLA/resoluciones/Notificaciones/AUTOS%202023/2502.pdf HTTP/1.1" 304 -
173.252.107.5 - - [16/Nov/2023:06:51:06 -0500] "GET /secretaria-de-ambiente-avanza-con-la-implementacion-de-viveros-y-sistemas-de-recoleccion-de-agua-lluvia-en-humedales.html HTTP/1.1" 200 1031
201.245.192.253 - - [16/Nov/2023:06:51:07 -0500] "POST /kwsrmcab/Wsrmcab  HTTP/1.1" 200 40720
216.245.221.92 - - [16/Nov/2023:06:51:20 -0500] "HEAD / HTTP/1.1" 200 -
201.245.192.253 - - [16/Nov/2023:06:51:20 -0500] "POST /forms/lservlet;jsessionid=ac16012b30d683d1711678cf4990b861e07ba9caeb48.e3iSbxaKaheRe3eRa38MahaQbi1ynknvrkLOlQzNp65In0 HTTP/1.1" 200 2
201.245.192.253 - - [16/Nov/2023:06:51:44 -0500] "POST /forms/lservlet;jsessionid=ac16012b30d63836718647184461850edc8d8a6fee37.e3iSbxaKaheRe3eRa38MahaQbi1ynknvrkLOlQzNp65In0 HTTP/1.1" 200 2
185.157.246.199 - - [16/Nov/2023:06:51:49 -0500] "GET /setup/.env HTTP/1.1" 404 1018
190.109.20.168 - - [16/Nov/2023:06:52:39 -0500] "GET /reportes_sipse/jsp/inicio.jsp HTTP/1.1" 200 2935
190.109.20.168 - - [16/Nov/2023:06:52:39 -0500] "GET /reportes_sipse/css/estilos.css HTTP/1.1" 200 9135
190.109.20.168 - - [16/Nov/2023:06:52:39 -0500] "GET /reportes_sipse/imagenes/fondo.jpg HTTP/1.1" 200 20235
190.109.20.168 - - [16/Nov/2023:06:52:39 -0500] "GET /reportes_sipse/imagenes/logoAplicacion.jpg HTTP/1.1" 200 26872
190.109.20.168 - - [16/Nov/2023:06:52:39 -0500] "GET /favicon.ico HTTP/1.1" 200 7782
190.109.20.168 - - [16/Nov/2023:06:52:42 -0500] "POST /reportes_sipse/sdg/ServletReporte?adquisiciones_sipse_detallado& HTTP/1.1" 200 6273
190.109.20.168 - - [16/Nov/2023:06:52:42 -0500] "GET /reportes_sipse/js/funciones.js HTTP/1.1" 200 4709
190.109.20.168 - - [16/Nov/2023:06:52:42 -0500] "GET /reportes_sipse/imagenes/calendario.gif HTTP/1.1" 200 1387
190.109.20.168 - - [16/Nov/2023:06:52:42 -0500] "GET /reportes_sipse/imagenes/pdf.gif HTTP/1.1" 200 598
190.109.20.168 - - [16/Nov/2023:06:52:42 -0500] "GET /reportes_sipse/js/date-picker.js HTTP/1.1" 200 16768
190.109.20.168 - - [16/Nov/2023:06:52:42 -0500] "GET /reportes_sipse/imagenes/excel.gif HTTP/1.1" 200 613
190.109.20.168 - - [16/Nov/2023:06:52:47 -0500] "GET /reportes_sipse/imagenes/retrocedeAgno.gif HTTP/1.1" 200 781
190.109.20.168 - - [16/Nov/2023:06:52:47 -0500] "GET /reportes_sipse/imagenes/avanzaMes.gif HTTP/1.1" 200 660
190.109.20.168 - - [16/Nov/2023:06:52:47 -0500] "GET /reportes_sipse/imagenes/retrocedeMes.gif HTTP/1.1" 200 459
190.109.20.168 - - [16/Nov/2023:06:52:47 -0500] "GET /reportes_sipse/imagenes/avanzaAgno.gif HTTP/1.1" 200 779
190.109.20.168 - - [16/Nov/2023:06:52:57 -0500] "GET /reportes_sipse/jsp/inicio.jsp HTTP/1.1" 200 2935
190.109.20.168 - - [16/Nov/2023:06:53:01 -0500] "POST /reportes_sipse/sdg/ServletReporte?saldo_actividades_contratacion_columnas2& HTTP/1.1" 200 5987
190.109.20.168 - - [16/Nov/2023:06:53:10 -0500] "POST /reportes_sipse/sdg/ServletControlador HTTP/1.1" 200 57576
201.245.192.253 - - [16/Nov/2023:06:53:20 -0500] "POST /forms/lservlet;jsessionid=ac16012b30d683d1711678cf4990b861e07ba9caeb48.e3iSbxaKaheRe3eRa38MahaQbi1ynknvrkLOlQzNp65In0 HTTP/1.1" 200 2
20.198.193.97 - - [16/Nov/2023:06:53:44 -0500] "GET /Publicaciones/2023EE207304.pdf HTTP/1.1" 404 228
201.245.192.253 - - [16/Nov/2023:06:53:44 -0500] "POST /forms/lservlet;jsessionid=ac16012b30d63836718647184461850edc8d8a6fee37.e3iSbxaKaheRe3eRa38MahaQbi1ynknvrkLOlQzNp65In0 HTTP/1.1" 200 2
190.109.20.168 - - [16/Nov/2023:06:52:53 -0500] "POST /reportes_sipse/sdg/ServletControlador HTTP/1.1" 200 721543
172.22.2.4 - - [16/Nov/2023:06:52:46 -0500] "HEAD /BLA/boletinlegal/ HTTP/1.1" 200 -
172.22.2.4 - - [16/Nov/2023:06:53:37 -0500] "GET /BLA/boletinlegal/ HTTP/1.1" 200 60634
201.245.192.253 - - [16/Nov/2023:06:55:20 -0500] "POST /forms/lservlet;jsessionid=ac16012b30d683d1711678cf4990b861e07ba9caeb48.e3iSbxaKaheRe3eRa38MahaQbi1ynknvrkLOlQzNp65In0 HTTP/1.1" 200 2
201.245.192.253 - - [16/Nov/2023:06:55:44 -0500] "POST /forms/lservlet;jsessionid=ac16012b30d63836718647184461850edc8d8a6fee37.e3iSbxaKaheRe3eRa38MahaQbi1ynknvrkLOlQzNp65In0 HTTP/1.1" 200 2
201.245.192.253 - - [16/Nov/2023:06:56:05 -0500] "POST /kwsrmcab/Wsrmcab  HTTP/1.1" 200 40720
216.245.221.92 - - [16/Nov/2023:06:56:20 -0500] "HEAD / HTTP/1.1" 200 -
66.249.66.19 - - [16/Nov/2023:06:56:59 -0500] "GET /Publicaciones/2022EE282951.pdf HTTP/1.1" 404 228
201.245.192.253 - - [16/Nov/2023:06:57:20 -0500] "POST /forms/lservlet;jsessionid=ac16012b30d683d1711678cf4990b861e07ba9caeb48.e3iSbxaKaheRe3eRa38MahaQbi1ynknvrkLOlQzNp65In0 HTTP/1.1" 200 2
201.245.192.253 - - [16/Nov/2023:06:57:44 -0500] "POST /forms/lservlet;jsessionid=ac16012b30d63836718647184461850edc8d8a6fee37.e3iSbxaKaheRe3eRa38MahaQbi1ynknvrkLOlQzNp65In0 HTTP/1.1" 200 2
201.245.192.253 - - [16/Nov/2023:06:59:20 -0500] "POST /forms/lservlet;jsessionid=ac16012b30d683d1711678cf4990b861e07ba9caeb48.e3iSbxaKaheRe3eRa38MahaQbi1ynknvrkLOlQzNp65In0 HTTP/1.1" 200 2
201.245.192.253 - - [16/Nov/2023:06:59:44 -0500] "POST /forms/lservlet;jsessionid=ac16012b30d63836718647184461850edc8d8a6fee37.e3iSbxaKaheRe3eRa38MahaQbi1ynknvrkLOlQzNp65In0 HTTP/1.1" 200 2
172.22.2.4 - - [16/Nov/2023:06:58:36 -0500] "HEAD /BLA/boletinlegal/ HTTP/1.1" 200 -
201.245.192.253 - - [16/Nov/2023:07:01:04 -0500] "POST /kwsrmcab/Wsrmcab  HTTP/1.1" 200 40720
172.22.2.4 - - [16/Nov/2023:06:59:27 -0500] "GET /BLA/boletinlegal/ HTTP/1.1" 200 61018
216.245.221.92 - - [16/Nov/2023:07:01:20 -0500] "HEAD / HTTP/1.1" 200 -
201.245.192.253 - - [16/Nov/2023:07:01:20 -0500] "POST /forms/lservlet;jsessionid=ac16012b30d683d1711678cf4990b861e07ba9caeb48.e3iSbxaKaheRe3eRa38MahaQbi1ynknvrkLOlQzNp65In0 HTTP/1.1" 200 2
201.245.192.253 - - [16/Nov/2023:07:01:44 -0500] "POST /forms/lservlet;jsessionid=ac16012b30d63836718647184461850edc8d8a6fee37.e3iSbxaKaheRe3eRa38MahaQbi1ynknvrkLOlQzNp65In0 HTTP/1.1" 200 2
40.77.167.50 - - [16/Nov/2023:07:02:06 -0500] "GET /Publicaciones/2023EE201011.pdf HTTP/1.1" 404 228
201.245.192.253 - - [16/Nov/2023:07:03:23 -0500] "POST /forms/lservlet;jsessionid=ac16012b30d683d1711678cf4990b861e07ba9caeb48.e3iSbxaKaheRe3eRa38MahaQbi1ynknvrkLOlQzNp65In0 HTTP/1.1" 200 2
186.102.0.128 - - [16/Nov/2023:07:03:28 -0500] "GET /kwssiamovil/sm/ldap/au?x=U2FsdGVkX19Ozl/l/8oFd/6ng/2K6E+Io2otvh73IXFhgDfjETsy3PIJPe1KzPWi&y=U2FsdGVkX1/EPx+k9nquZ+f9VurwJAWUz1LTS+8MeJg= HTTP/1.1" 200 30
186.102.0.128 - - [16/Nov/2023:07:03:28 -0500] "GET /kwssiamovil/sm/acme/s?s=U2FsdGVkX1/KXAOgxXF3mqymh0PCvQq8p2dtYEe1hX+79wqPoRkFaz4u/JeaaXM396S1ec9ONwehVIHKhXP7b4hwuMZAIiM42BUcz0Xu2pk=&u=U2FsdGVkX18ZMbm/oPJZrE0SAoSoWjwbglShIxWL8Vo=&y=U2FsdGVkX1/EPx+k9nquZ+f9VurwJAWUz1LTS+8MeJg= HTTP/1.1" 200 97
186.102.0.128 - - [16/Nov/2023:07:03:28 -0500] "GET /kwssiamovil/sm/acme/s?s=U2FsdGVkX1+PSBTbuDblMd1tAiqwFLacZAT7ikw6Jr4TWiDU4ogRbDGmY73vlHtRMRX0DioGF/SzYAvzQMEG7gDlbF4+KnYO5lT9rlEZufJE8vwb6PceCHpv2rr1y5Y2/eK3e4BXtowOoQY6Ac8ODDzdBHjp/h5b18ZpqtnHZgr7GekyY8heYhvmD9VvTPrgOMUHAT9aH3Qsz8U/xw8kjx+ZqSuuPvsIsbRvqvHWvrKGxp6lj9PUiG8Xgnbm2jU7c+PKDbtviY4M6CjvWtPD1O/D7iVeFSb8sjsJi9/Xaz918fTYmi093TCvtbjj1Mv8tElzyaL7NxXqBr6PFjSjL9shJe5KF9JZZJkdr9ltFg0WX2pCDGVKDe+DF6XV22d37Qca65RshzrfLOZfzrZjP9yM91hSq4XbfGRiyTXL27fil5M4hFNAz6Ly9NdlQ3rwMP1ESiJB2pgv3NnwWGPzFGafZHD4TnCsj+SRJdbRuqxGIRYjZjToEdXgyOC02EY7kfY01gBjxknIS23L1k90m+FhWYZyD1AlD3JST/o4bAz+pI7HJohoZzL/mAmTFtS3xc/tFOCaFXc9qjj7svU299JILkuYORy4CvWVvHCl2i/3Q53u7Fsht8H0vHM4L0xuABSN4P9vKCMNvBe+xCr6AokLvPBteBUUayRLKWq64HLcbABHUW27/sOst5iASKfm9IMX79PWzHHHSceUaljHvgbPnRqmG348WEQhO2PAy1FwfBggN0V22sxWE40ra+RQ0GBJVBPaZm+DWa3CbW1woQJlGKnm1aY6J7GZUPQHjzaXw/xj3zQF4qAM7g9DO9yT4cNO6naexVUPsrpMaG97LXgB8WINb6u+sJ3eYZFi0s74U9nwJKiGjbkVVtYmUfCSK8ys6UxgLiLskWHIMqKZgzeF0i6QiA8qq5BmrIxWGO2RcpCAMzL19vS3RKn+XXOVkl84vPrqTDB7efkwYLXt0uuiC/PwiV6+8w9rjA7q2OHD4L99/bbw4tuN0mVk4iJ6ndk8IpH8gZWtFBPfFxry4VD67kPQI6vPfpiZV1uxydYuZTXMYrDiO8EcFrPYSrYk6LKXTCcgJyJlw8a1Uh2TYOztzb2WZi/ZjycIgzmRUS8+XhSXp7jY4QK6BFkTw5iAM7XheKzz5bjUAJQ8cSFukeC+B+vhaYLN46Kb0j7dyJUqG1taeHWd4zRyH6qID24S2yhMgUYztvnkr7+2EWHhPgZdAwQlp/MIHM+b6RCUPuIFG1+UR+2FKTU+xTuNnPLlw+2sreub/zzah2LL9q1HZTvtx/DmV9cWvo2huEW3OFuDvqKs9Q+sYnB2uvFArkseiZRpuVmz3HNwXyRMeeqjOdlznRZ9779alUacJ79N9sO6JVlyXJP3JMoE2zY2OwiqzGrC2vdBhi+Q7mF5e5B05jYhTiqlWRuVtfX2f51hhPaxHUSIp1SpW1UPzzjFy3DJVRtn0aG6ulIf4DbWtAkawrFYoNBNRkveaTNyxlaZ/a++jlYXH1M7IHMCfXWYg8qS0TfUEYkDVrzhN8/Y04jxhvt45buvxiYNcsXJFC2LDbJ3H5+KkSjCBNnfJxSQGDsVP3isoPigbCzsqecBI2BVT7TwMQXUHwaUBxQGzabfItCTDepavTXoqRGwMhOuPVfu+3rxrQuduZUBp8DjgViPZMHsXGebIWWvPeh7+mybzoQF+xHU4gJX/7B+eqAMpmljJisBWVgoXylzUUHDXVplrCnC/p43ez/lys1HksO88cI=&u=U2FsdGVkX18ZMbm/oPJZrE0SAoSoWjwbglShIxWL8Vo=&y=U2FsdGVkX1/EPx+k9nquZ+f9VurwJAWUz1LTS+8MeJg= HTTP/1.1" 200 364
186.102.0.128 - - [16/Nov/2023:07:03:28 -0500] "GET /kwssiamovil/sm/acme/s?s=U2FsdGVkX1/Tb1gRy6l7aDgmYlVmBOtZ2ZNpCOXrJXDlIahgr26wONd4Q8SD18osOW/DxFJmvQlZnEIUhmW6j7V0e7GlrKWEdbWUO+3aXCPgumsU/wWQIUaQeVVkTAIB3WZVXyKMBvUZ96Jyy05SV/OqU9rqug+Am5GuARaHqA8TtM9lhthYsxJEam9uiGrMwlLsaJX80xjwdhVj966++uStwygqHE5TSPYP0KbmunC2gzr5UQ6b4S3vUo7TSLL5GtYvhSKR56C6LpcOom1W3UH5uftGgm2jlqI+1RNre8loc5eziyQ9MpNZ/NtyihuvI5mk3rNhRQ8vkkvcBpjzUIZ3osqH7eIo3ToqLDRE4q0CCqAYM9MPKMHeYz58BDGlTX7gqtXONfCbQgkzm9x0J56G/i4Cq61uU5UONiYWJMyQ/PaMcWPvzV/l5YwjecFaVQHO9wzTTIGRgckmG1+nNJlWFokDCNKEnVHepjzoegCUWRO5caEzBg7oUqb2NzLxWlxEI7EX9hVhFACE7LiInnZ6bumsifnx++tmm6mrZY/eJ/cgewa1EErxfF8jqFCzedL8VTR7G91H6UEtVDsrdHtEDgflXQ8c2NIwV5iAY3GQCWbybKg6/kRoGnUKBCa8uKeqfXrXtv5GniuKDYHGA6shlMphA8J1mYKD18fcwdkIHRz1dHF1pJcGq9W4qwYAh8xKi9/VjVhV6VTOcE6qnQKPbHlUFmUr8s/E5aGX4lUiENCaP0zLlOzxF6sjt7u5&u=U2FsdGVkX18ZMbm/oPJZrE0SAoSoWjwbglShIxWL8Vo=&y=U2FsdGVkX1/EPx+k9nquZ+f9VurwJAWUz1LTS+8MeJg= HTTP/1.1" 200 208
186.102.0.128 - - [16/Nov/2023:07:03:28 -0500] "GET /kwssiamovil/sm/cjson/pre?f=1&x=U2FsdGVkX19Ozl/l/8oFd/6ng/2K6E+Io2otvh73IXFhgDfjETsy3PIJPe1KzPWi HTTP/1.1" 200 31032
201.245.192.253 - - [16/Nov/2023:07:03:44 -0500] "POST /forms/lservlet;jsessionid=ac16012b30d63836718647184461850edc8d8a6fee37.e3iSbxaKaheRe3eRa38MahaQbi1ynknvrkLOlQzNp65In0 HTTP/1.1" 200 2
201.245.192.253 - - [16/Nov/2023:07:05:23 -0500] "POST /forms/lservlet;jsessionid=ac16012b30d683d1711678cf4990b861e07ba9caeb48.e3iSbxaKaheRe3eRa38MahaQbi1ynknvrkLOlQzNp65In0 HTTP/1.1" 200 2
201.245.192.253 - - [16/Nov/2023:07:05:44 -0500] "POST /forms/lservlet;jsessionid=ac16012b30d63836718647184461850edc8d8a6fee37.e3iSbxaKaheRe3eRa38MahaQbi1ynknvrkLOlQzNp65In0 HTTP/1.1" 200 2
201.245.192.253 - - [16/Nov/2023:07:06:03 -0500] "POST /kwsrmcab/Wsrmcab  HTTP/1.1" 200 40720
172.22.2.4 - - [16/Nov/2023:07:04:26 -0500] "HEAD /BLA/boletinlegal/ HTTP/1.1" 200 -
40.77.167.71 - - [16/Nov/2023:07:06:16 -0500] "GET /pdc/actos/484.pdf HTTP/1.1" 200 1498535
216.245.221.92 - - [16/Nov/2023:07:06:20 -0500] "HEAD / HTTP/1.1" 200 -
172.22.2.4 - - [16/Nov/2023:07:05:17 -0500] "GET /BLA/boletinlegal/ HTTP/1.1" 200 60634
201.245.192.253 - - [16/Nov/2023:07:07:23 -0500] "POST /forms/lservlet;jsessionid=ac16012b30d683d1711678cf4990b861e07ba9caeb48.e3iSbxaKaheRe3eRa38MahaQbi1ynknvrkLOlQzNp65In0 HTTP/1.1" 200 2
201.245.192.253 - - [16/Nov/2023:07:07:44 -0500] "POST /forms/lservlet;jsessionid=ac16012b30d63836718647184461850edc8d8a6fee37.e3iSbxaKaheRe3eRa38MahaQbi1ynknvrkLOlQzNp65In0 HTTP/1.1" 200 2
52.167.144.139 - - [16/Nov/2023:07:08:16 -0500] "GET /Publicaciones/2023EE250311.pdf HTTP/1.1" 404 228
43.135.139.126 - - [16/Nov/2023:07:08:48 -0500] "GET /galeria/galeria/fotos/1humedal-Burro1P.jpg HTTP/1.1" 200 7921
40.77.167.61 - - [16/Nov/2023:07:08:57 -0500] "GET /Publicaciones/2023EE187073.pdf HTTP/1.1" 404 228
201.245.192.253 - - [16/Nov/2023:07:09:23 -0500] "POST /forms/lservlet;jsessionid=ac16012b30d683d1711678cf4990b861e07ba9caeb48.e3iSbxaKaheRe3eRa38MahaQbi1ynknvrkLOlQzNp65In0 HTTP/1.1" 200 2
201.245.192.253 - - [16/Nov/2023:07:09:44 -0500] "POST /forms/lservlet;jsessionid=ac16012b30d63836718647184461850edc8d8a6fee37.e3iSbxaKaheRe3eRa38MahaQbi1ynknvrkLOlQzNp65In0 HTTP/1.1" 200 2
201.245.192.253 - - [16/Nov/2023:07:11:02 -0500] "POST /kwsrmcab/Wsrmcab  HTTP/1.1" 200 40720
172.22.2.4 - - [16/Nov/2023:07:11:11 -0500] "GET /BLA/boletinlegal/js/jquery.js HTTP/1.1" 200 57254
172.22.2.4 - - [16/Nov/2023:07:11:11 -0500] "GET /BLA/boletinlegal/images/cabezote%20BLEGAL.jpg HTTP/1.1" 200 118164
172.22.2.4 - - [16/Nov/2023:07:11:11 -0500] "GET /BLA/boletinlegal/images/screen_1.png HTTP/1.1" 200 202547
172.22.2.4 - - [16/Nov/2023:07:11:11 -0500] "GET /BLA/boletinlegal/images/subscribe-icon-big.png HTTP/1.1" 200 47702
172.22.2.4 - - [16/Nov/2023:07:11:11 -0500] "GET /BLA/boletinlegal/images/historia.png HTTP/1.1" 200 52775
172.22.2.4 - - [16/Nov/2023:07:11:11 -0500] "GET /BLA/boletinlegal/images/launch.jpg HTTP/1.1" 200 14577
172.22.2.4 - - [16/Nov/2023:07:11:11 -0500] "GET /BLA/boletinlegal/images/registro-usuarios.png HTTP/1.1" 200 8106
216.245.221.92 - - [16/Nov/2023:07:11:20 -0500] "HEAD / HTTP/1.1" 200 -
172.22.2.4 - - [16/Nov/2023:07:11:21 -0500] "GET /BLA/boletinlegal/images/screen_2.png HTTP/1.1" 200 362502
172.22.2.4 - - [16/Nov/2023:07:11:21 -0500] "GET /BLA/boletinlegal/images/screen_5.png HTTP/1.1" 200 368876
172.22.2.4 - - [16/Nov/2023:07:11:21 -0500] "GET /BLA/boletinlegal/images/screen_3.png HTTP/1.1" 200 210620
201.245.192.253 - - [16/Nov/2023:07:11:23 -0500] "POST /forms/lservlet;jsessionid=ac16012b30d683d1711678cf4990b861e07ba9caeb48.e3iSbxaKaheRe3eRa38MahaQbi1ynknvrkLOlQzNp65In0 HTTP/1.1" 200 2
201.245.192.253 - - [16/Nov/2023:07:11:44 -0500] "POST /forms/lservlet;jsessionid=ac16012b30d63836718647184461850edc8d8a6fee37.e3iSbxaKaheRe3eRa38MahaQbi1ynknvrkLOlQzNp65In0 HTTP/1.1" 200 2
172.22.2.4 - - [16/Nov/2023:07:10:16 -0500] "HEAD /BLA/boletinlegal/ HTTP/1.1" 200 -
172.22.2.4 - - [16/Nov/2023:07:12:38 -0500] "GET /BLA/boletinlegal/actos.php HTTP/1.1" 200 9682
172.22.2.4 - - [16/Nov/2023:07:12:39 -0500] "GET /BLA/boletinlegal/js/jquery1.js HTTP/1.1" 200 29846
172.22.2.4 - - [16/Nov/2023:07:12:39 -0500] "GET /BLA/boletinlegal/images/green-yellow-blue-pink-th.png HTTP/1.1" 200 7394
172.22.2.4 - - [16/Nov/2023:07:12:39 -0500] "GET /BLA/boletinlegal/images/tel.png HTTP/1.1" 200 14477
172.22.2.4 - - [16/Nov/2023:07:12:39 -0500] "GET /BLA/boletinlegal/images/icono-email.png HTTP/1.1" 200 5544
172.22.2.4 - - [16/Nov/2023:07:12:39 -0500] "GET /BLA/boletinlegal/img/select-right.png HTTP/1.1" 200 44019
172.22.2.4 - - [16/Nov/2023:07:12:39 -0500] "GET /BLA/boletinlegal/img/button-left.png HTTP/1.1" 200 57071
172.22.2.4 - - [16/Nov/2023:07:12:39 -0500] "GET /BLA/boletinlegal/img/button.png HTTP/1.1" 200 43241
172.22.2.4 - - [16/Nov/2023:07:12:39 -0500] "GET /BLA/boletinlegal/img/button-right.png HTTP/1.1" 200 57878
172.22.2.4 - - [16/Nov/2023:07:12:39 -0500] "GET /BLA/boletinlegal/favicon.ico HTTP/1.1" 404 1326
172.22.2.4 - - [16/Nov/2023:07:11:07 -0500] "GET /BLA/boletinlegal/ HTTP/1.1" 200 43959
172.22.2.4 - - [16/Nov/2023:07:11:11 -0500] "GET /BLA/boletinlegal/ HTTP/1.1" 200 43018
172.22.2.4 - - [16/Nov/2023:07:12:09 -0500] "GET /BLA/boletinlegal/ HTTP/1.1" 200 36811
201.245.192.253 - - [16/Nov/2023:07:13:23 -0500] "POST /forms/lservlet;jsessionid=ac16012b30d683d1711678cf4990b861e07ba9caeb48.e3iSbxaKaheRe3eRa38MahaQbi1ynknvrkLOlQzNp65In0 HTTP/1.1" 200 2
172.22.2.4 - - [16/Nov/2023:07:13:28 -0500] "GET /BLA/boletinlegal/consulta_actos.php?tipo=resoluciones&no=0794&usuario=&sector=&fecha=2021&resuelve= HTTP/1.1" 200 1256
191.95.48.48 - - [16/Nov/2023:07:13:32 -0500] "GET /BLA/resoluciones/RESOLUCIONES%202021/0794.pdf HTTP/1.1" 200 543408
207.46.13.168 - - [16/Nov/2023:07:13:34 -0500] "GET /Publicaciones/2023EE244957.pdf HTTP/1.1" 404 228
201.245.192.253 - - [16/Nov/2023:07:13:44 -0500] "POST /forms/lservlet;jsessionid=ac16012b30d63836718647184461850edc8d8a6fee37.e3iSbxaKaheRe3eRa38MahaQbi1ynknvrkLOlQzNp65In0 HTTP/1.1" 200 2
191.95.48.48 - - [16/Nov/2023:07:13:47 -0500] "GET /BLA/resoluciones/RESOLUCIONES%202021/0794.pdf HTTP/1.1" 206 1
191.95.48.48 - - [16/Nov/2023:07:13:47 -0500] "GET /BLA/resoluciones/RESOLUCIONES%202021/0794.pdf HTTP/1.1" 206 540904
191.95.48.48 - - [16/Nov/2023:07:13:51 -0500] "GET /BLA/resoluciones/RESOLUCIONES%202021/0794.pdf HTTP/1.1" 206 1
191.95.48.48 - - [16/Nov/2023:07:13:51 -0500] "GET /BLA/resoluciones/RESOLUCIONES%202021/0794.pdf HTTP/1.1" 206 540904
191.95.48.48 - - [16/Nov/2023:07:13:58 -0500] "GET /BLA/resoluciones/RESOLUCIONES%202018/4019.pdf HTTP/1.1" 200 621258
191.102.224.201 - - [16/Nov/2023:07:13:59 -0500] "GET /BLA/resoluciones/RESOLUCIONES%202018/4019.pdf HTTP/1.1" 200 621258
66.249.66.19 - - [16/Nov/2023:07:13:59 -0500] "GET /BLA/resoluciones/RESOLUCIONES%202009/6975.pdf HTTP/1.1" 200 553271
191.95.48.48 - - [16/Nov/2023:07:14:01 -0500] "GET /BLA/resoluciones/RESOLUCIONES%202021/0794.pdf HTTP/1.1" 206 1
191.95.48.48 - - [16/Nov/2023:07:14:01 -0500] "GET /BLA/resoluciones/RESOLUCIONES%202021/0794.pdf HTTP/1.1" 206 540904
191.95.48.48 - - [16/Nov/2023:07:14:08 -0500] "GET /BLA/resoluciones/RESOLUCIONES%202021/0794.pdf HTTP/1.1" 206 1
191.95.48.48 - - [16/Nov/2023:07:14:08 -0500] "GET /BLA/resoluciones/RESOLUCIONES%202021/0794.pdf HTTP/1.1" 206 540904
191.95.48.48 - - [16/Nov/2023:07:14:11 -0500] "GET /BLA/resoluciones/RESOLUCIONES%202021/0794.pdf HTTP/1.1" 206 1
191.95.48.48 - - [16/Nov/2023:07:14:11 -0500] "GET /BLA/resoluciones/RESOLUCIONES%202021/0794.pdf HTTP/1.1" 206 540904
191.95.48.48 - - [16/Nov/2023:07:14:15 -0500] "GET /BLA/resoluciones/RESOLUCIONES%202021/0794.pdf HTTP/1.1" 206 1
191.95.48.48 - - [16/Nov/2023:07:14:15 -0500] "GET /BLA/resoluciones/RESOLUCIONES%202021/0794.pdf HTTP/1.1" 206 540904
191.95.48.48 - - [16/Nov/2023:07:14:21 -0500] "GET /BLA/resoluciones/RESOLUCIONES%202021/0794.pdf HTTP/1.1" 206 1
191.95.48.48 - - [16/Nov/2023:07:14:21 -0500] "GET /BLA/resoluciones/RESOLUCIONES%202021/0794.pdf HTTP/1.1" 206 540904
191.95.48.48 - - [16/Nov/2023:07:14:27 -0500] "GET /BLA/resoluciones/ HTTP/1.1" 200 13696
191.95.48.48 - - [16/Nov/2023:07:14:27 -0500] "GET /BLA/resoluciones/dlf/styles.css HTTP/1.1" 200 3049
191.95.48.48 - - [16/Nov/2023:07:14:27 -0500] "GET /BLA/resoluciones/dlf/folder.png HTTP/1.1" 200 410
191.95.48.48 - - [16/Nov/2023:07:14:27 -0500] "GET /BLA/resoluciones/dlf/bg.gif HTTP/1.1" 200 54
191.95.48.48 - - [16/Nov/2023:07:14:27 -0500] "GET /favicon.ico HTTP/1.1" 200 7782
191.95.48.48 - - [16/Nov/2023:07:14:31 -0500] "GET /BLA/resoluciones/dlf/dirup.png HTTP/1.1" 200 644
191.95.48.48 - - [16/Nov/2023:07:14:31 -0500] "GET /BLA/resoluciones/dlf/pdf.gif HTTP/1.1" 200 272
191.95.48.48 - - [16/Nov/2023:07:14:32 -0500] "GET /BLA/resoluciones/dlf/archive.png HTTP/1.1" 200 632
191.95.48.48 - - [16/Nov/2023:07:14:31 -0500] "GET /BLA/resoluciones/index.php?dir=RESOLUCIONES+2021%2F HTTP/1.1" 200 442881
191.95.48.48 - - [16/Nov/2023:07:14:40 -0500] "GET /BLA/resoluciones/RESOLUCIONES%202021/0794.pdf HTTP/1.1" 206 1
191.95.48.48 - - [16/Nov/2023:07:14:40 -0500] "GET /BLA/resoluciones/RESOLUCIONES%202021/0794.pdf HTTP/1.1" 206 540904
172.22.2.4 - - [16/Nov/2023:07:14:50 -0500] "GET /BLA/boletinlegal/jurisprudencia/analisis/analisis%20C-595-2010.doc HTTP/1.1" 304 -
201.245.192.253 - - [16/Nov/2023:07:15:23 -0500] "POST /forms/lservlet;jsessionid=ac16012b30d683d1711678cf4990b861e07ba9caeb48.e3iSbxaKaheRe3eRa38MahaQbi1ynknvrkLOlQzNp65In0 HTTP/1.1" 200 2
181.53.12.29 - - [16/Nov/2023:07:15:32 -0500] "GET /sipse/faces/faces/ HTTP/1.1" 302 -
181.53.12.29 - - [16/Nov/2023:07:15:32 -0500] "GET /sipse/faces/autenticacion.xhtml HTTP/1.1" 200 12406
52.167.144.139 - - [16/Nov/2023:07:15:37 -0500] "GET /Publicaciones/2023EE226622.pdf HTTP/1.1" 404 228
201.245.192.253 - - [16/Nov/2023:07:15:44 -0500] "POST /forms/lservlet;jsessionid=ac16012b30d63836718647184461850edc8d8a6fee37.e3iSbxaKaheRe3eRa38MahaQbi1ynknvrkLOlQzNp65In0 HTTP/1.1" 200 2
201.245.192.253 - - [16/Nov/2023:07:16:01 -0500] "POST /kwsrmcab/Wsrmcab  HTTP/1.1" 200 40720
181.53.12.29 - - [16/Nov/2023:07:16:12 -0500] "GET /sipse/css/custom_css_sg_prime_login.css HTTP/1.1" 304 -
181.53.12.29 - - [16/Nov/2023:07:16:12 -0500] "GET /sipse/css/custom_css_sg.css HTTP/1.1" 304 -
181.53.12.29 - - [16/Nov/2023:07:16:12 -0500] "GET /sipse/faces/javax.faces.resource/layout/layout.css?ln=primefaces&v=4.0 HTTP/1.1" 304 -
181.53.12.29 - - [16/Nov/2023:07:16:12 -0500] "GET /sipse/faces/javax.faces.resource/primefaces.css?ln=primefaces&v=4.0 HTTP/1.1" 304 -
181.53.12.29 - - [16/Nov/2023:07:16:12 -0500] "GET /sipse/faces/javax.faces.resource/theme.css?ln=primefaces-sipse HTTP/1.1" 304 -
181.53.12.29 - - [16/Nov/2023:07:16:12 -0500] "GET /sipse/js/disable_browser_buttons.js HTTP/1.1" 304 -
181.53.12.29 - - [16/Nov/2023:07:16:12 -0500] "GET /sipse/js/funciones.js HTTP/1.1" 304 -
181.53.12.29 - - [16/Nov/2023:07:16:12 -0500] "GET /sipse/faces/javax.faces.resource/jquery/jquery.js?ln=primefaces&v=4.0 HTTP/1.1" 304 -
181.53.12.29 - - [16/Nov/2023:07:16:12 -0500] "GET /sipse/faces/javax.faces.resource/layout/layout.js?ln=primefaces&v=4.0 HTTP/1.1" 304 -
181.53.12.29 - - [16/Nov/2023:07:16:12 -0500] "GET /sipse/faces/javax.faces.resource/jquery/jquery-plugins.js?ln=primefaces&v=4.0 HTTP/1.1" 304 -
181.53.12.29 - - [16/Nov/2023:07:16:12 -0500] "GET /sipse/faces/javax.faces.resource/primefaces.js?ln=primefaces&v=4.0 HTTP/1.1" 304 -
216.245.221.92 - - [16/Nov/2023:07:16:20 -0500] "HEAD / HTTP/1.1" 200 -
181.53.12.29 - - [16/Nov/2023:07:16:21 -0500] "GET /sipse/css/imagen/logoSDG.png HTTP/1.1" 304 -
181.53.12.29 - - [16/Nov/2023:07:16:22 -0500] "GET /sipse/css/imagen/loginimg.png HTTP/1.1" 304 -
181.53.12.29 - - [16/Nov/2023:07:16:22 -0500] "GET /sipse/faces/javax.faces.resource/images/ui-icons_898989_256x240.png?ln=primefaces-aristo HTTP/1.1" 304 -
181.53.12.29 - - [16/Nov/2023:07:16:26 -0500] "GET /sipse/faces/index.xhtml HTTP/1.1" 200 677
181.53.12.29 - - [16/Nov/2023:07:16:26 -0500] "GET /sipse/faces/javax.faces.resource/theme.css?ln=primefaces-sipse HTTP/1.1" 304 -
181.53.12.29 - - [16/Nov/2023:07:16:26 -0500] "GET /sipse/faces/faces/autenticacion.xhtml HTTP/1.1" 200 12406
181.53.12.29 - - [16/Nov/2023:07:16:27 -0500] "GET /sipse/faces/javax.faces.resource/primefaces.css?ln=primefaces&v=4.0 HTTP/1.1" 304 -
181.53.12.29 - - [16/Nov/2023:07:16:27 -0500] "GET /sipse/faces/javax.faces.resource/theme.css?ln=primefaces-sipse HTTP/1.1" 304 -
181.53.12.29 - - [16/Nov/2023:07:16:27 -0500] "GET /sipse/faces/javax.faces.resource/jquery/jquery.js?ln=primefaces&v=4.0 HTTP/1.1" 304 -
181.53.12.29 - - [16/Nov/2023:07:16:27 -0500] "GET /sipse/faces/javax.faces.resource/layout/layout.css?ln=primefaces&v=4.0 HTTP/1.1" 304 -
181.53.12.29 - - [16/Nov/2023:07:16:27 -0500] "GET /sipse/faces/javax.faces.resource/jquery/jquery-plugins.js?ln=primefaces&v=4.0 HTTP/1.1" 304 -
181.53.12.29 - - [16/Nov/2023:07:16:27 -0500] "GET /sipse/faces/javax.faces.resource/primefaces.js?ln=primefaces&v=4.0 HTTP/1.1" 304 -
181.53.12.29 - - [16/Nov/2023:07:16:27 -0500] "GET /sipse/faces/javax.faces.resource/layout/layout.js?ln=primefaces&v=4.0 HTTP/1.1" 304 -
181.53.12.29 - - [16/Nov/2023:07:16:48 -0500] "POST /sipse/faces/autenticacion.xhtml HTTP/1.1" 200 2223
181.53.12.29 - - [16/Nov/2023:07:16:49 -0500] "GET /sipse/faces/javax.faces.resource/messages/messages.png?ln=primefaces&v=4.0 HTTP/1.1" 304 -
181.53.12.29 - - [16/Nov/2023:07:16:49 -0500] "GET /sipse/faces/javax.faces.resource/images/ui-icons_898989_256x240.png?ln=primefaces-aristo HTTP/1.1" 304 -
181.53.12.29 - - [16/Nov/2023:07:16:50 -0500] "POST /sipse/faces/autenticacion.xhtml HTTP/1.1" 200 16472
181.53.12.29 - - [16/Nov/2023:07:16:50 -0500] "GET /sipse/css/custom_css_sg_prime.css HTTP/1.1" 304 -
181.53.12.29 - - [16/Nov/2023:07:16:50 -0500] "GET /sipse/faces/javax.faces.resource/theme.css?ln=primefaces-sipse HTTP/1.1" 304 -
181.53.12.29 - - [16/Nov/2023:07:16:50 -0500] "GET /sipse/faces/javax.faces.resource/primefaces.css?ln=primefaces&v=4.0 HTTP/1.1" 304 -
181.53.12.29 - - [16/Nov/2023:07:16:50 -0500] "GET /sipse/faces/javax.faces.resource/layout/layout.css?ln=primefaces&v=4.0 HTTP/1.1" 304 -
181.53.12.29 - - [16/Nov/2023:07:16:50 -0500] "GET /sipse/js/jquery.min.js HTTP/1.1" 304 -
181.53.12.29 - - [16/Nov/2023:07:16:50 -0500] "GET /sipse/faces/javax.faces.resource/jquery/jquery.js?ln=primefaces&v=4.0 HTTP/1.1" 304 -
181.53.12.29 - - [16/Nov/2023:07:16:50 -0500] "GET /sipse/faces/javax.faces.resource/jquery/jquery-plugins.js?ln=primefaces&v=4.0 HTTP/1.1" 304 -
181.53.12.29 - - [16/Nov/2023:07:16:50 -0500] "GET /sipse/faces/javax.faces.resource/primefaces.js?ln=primefaces&v=4.0 HTTP/1.1" 304 -
181.53.12.29 - - [16/Nov/2023:07:16:50 -0500] "GET /sipse/faces/javax.faces.resource/layout/layout.js?ln=primefaces&v=4.0 HTTP/1.1" 304 -
181.53.12.29 - - [16/Nov/2023:07:16:50 -0500] "GET /sipse/css/v_mergente.css HTTP/1.1" 304 -
181.53.12.29 - - [16/Nov/2023:07:16:50 -0500] "GET /sipse/imagenes/cargando.gif HTTP/1.1" 304 -
181.53.12.29 - - [16/Nov/2023:07:16:50 -0500] "GET /sipse/imagenes/logoAplicacion.jpg HTTP/1.1" 304 -
181.53.12.29 - - [16/Nov/2023:07:16:50 -0500] "GET /sipse/css/imagen/contrasena.png HTTP/1.1" 404 383
181.53.12.29 - - [16/Nov/2023:07:16:53 -0500] "GET /sipse/faces/javax.faces.resource/images/ui-bg_flat_0_2d5972_40x100.png?ln=primefaces-aristo HTTP/1.1" 304 -
181.53.12.29 - - [16/Nov/2023:07:16:53 -0500] "POST /sipse/faces/bienvenido.xhtml HTTP/1.1" 200 2060
181.53.12.29 - - [16/Nov/2023:07:16:53 -0500] "POST /sipse/faces/bienvenido.xhtml HTTP/1.1" 200 35638
181.53.12.29 - - [16/Nov/2023:07:16:54 -0500] "GET /sipse/faces/javax.faces.resource/theme.css?ln=primefaces-sipse HTTP/1.1" 304 -
181.53.12.29 - - [16/Nov/2023:07:16:54 -0500] "GET /sipse/faces/javax.faces.resource/primefaces.css?ln=primefaces&v=4.0 HTTP/1.1" 304 -
181.53.12.29 - - [16/Nov/2023:07:16:54 -0500] "GET /sipse/faces/javax.faces.resource/layout/layout.css?ln=primefaces&v=4.0 HTTP/1.1" 304 -
181.53.12.29 - - [16/Nov/2023:07:16:54 -0500] "GET /sipse/faces/javax.faces.resource/jquery/jquery.js?ln=primefaces&v=4.0 HTTP/1.1" 304 -
181.53.12.29 - - [16/Nov/2023:07:16:54 -0500] "GET /sipse/faces/javax.faces.resource/jquery/jquery-plugins.js?ln=primefaces&v=4.0 HTTP/1.1" 304 -
181.53.12.29 - - [16/Nov/2023:07:16:54 -0500] "GET /sipse/faces/javax.faces.resource/primefaces.js?ln=primefaces&v=4.0 HTTP/1.1" 304 -
181.53.12.29 - - [16/Nov/2023:07:16:55 -0500] "GET /sipse/faces/javax.faces.resource/layout/layout.js?ln=primefaces&v=4.0 HTTP/1.1" 304 -
181.53.12.29 - - [16/Nov/2023:07:16:55 -0500] "POST /sipse/faces/presentacion/financiero/solicitudProceso/listarSolicitudProceso.xhtml HTTP/1.1" 200 1400
199.16.157.182 - - [16/Nov/2023:07:16:55 -0500] "GET /images/desayuno-por-el-clima-del-c40-cop26-3-nov.jpg HTTP/1.1" 200 103146
201.245.192.253 - - [16/Nov/2023:07:17:19 -0500] "POST /kwsrmcab/Wsrmcab HTTP/1.1" 200 41361
201.245.192.253 - - [16/Nov/2023:07:17:21 -0500] "POST /kwsrmcab/Wsrmcab HTTP/1.1" 200 41064
