!C99Shell v. 1.0 pre-release build #13!

Software: Apache. PHP/5.5.15 

uname -a: Windows NT SVR-DMZ 6.1 build 7600 (Windows Server 2008 R2 Enterprise Edition) i586 

SYSTEM 

Safe-mode: OFF (not secure)

E:\nuevo\apache\logs\   drwxrwxrwx
Free 5.02 GB of 239.26 GB (2.1%)
Detected drives: [ a ] [ c ] [ d ] [ e ] [ f ]
Home    Back    Forward    UPDIR    Refresh    Search    Buffer    Encoder    Tools    Proc.    FTP brute    Sec.    SQL    PHP-code    Update    Feedback    Self remove    Logout    


Viewing file:     access.2023.11.16.log (5.03 MB)      -rw-rw-rw-
Select action/file-type:
(+) | (+) | (+) | Code (+) | Session (+) | (+) | SDB (+) | (+) | (+) | (+) | (+) | (+) |
199.16.157.182 - - [16/Nov/2023:00:00:06 -0500] "GET /images/pl%C3%A1sticos%20foto%201..jpg HTTP/1.1" 404 1034
172.22.2.4 - - [15/Nov/2023:23:58:36 -0500] "HEAD /BLA/boletinlegal/ HTTP/1.1" 200 -
66.249.66.193 - - [16/Nov/2023:00:00:37 -0500] "GET /por-un-corazon-mas-verde-del-1-al-9-de-junio-se-celebrara-la-semana-ambiental-2023-en-bogota.html HTTP/1.1" 200 819
172.22.2.4 - - [15/Nov/2023:23:59:27 -0500] "GET /BLA/boletinlegal/ HTTP/1.1" 200 58294
52.149.22.88 - - [16/Nov/2023:00:01:08 -0500] "GET /Publicaciones/2023EE201522.pdf HTTP/1.1" 404 228
201.245.192.253 - - [16/Nov/2023:00:01:16 -0500] "POST /forms/lservlet;jsessionid=ac16012b30d683d1711678cf4990b861e07ba9caeb48.e3iSbxaKaheRe3eRa38MahaQbi1ynknvrkLOlQzNp65In0 HTTP/1.1" 200 2
216.245.221.92 - - [16/Nov/2023:00:01:21 -0500] "HEAD / HTTP/1.1" 200 -
201.245.192.253 - - [16/Nov/2023:00:01:43 -0500] "POST /forms/lservlet;jsessionid=ac16012b30d63836718647184461850edc8d8a6fee37.e3iSbxaKaheRe3eRa38MahaQbi1ynknvrkLOlQzNp65In0 HTTP/1.1" 200 2
66.249.66.20 - - [16/Nov/2023:00:02:35 -0500] "GET /BLA/resoluciones/AUTOS%202014/0990.pdf HTTP/1.1" 200 292484
201.245.192.253 - - [16/Nov/2023:00:02:34 -0500] "POST /kwsrmcab/Wsrmcab  HTTP/1.1" 200 40720
201.245.192.253 - - [16/Nov/2023:00:03:16 -0500] "POST /forms/lservlet;jsessionid=ac16012b30d683d1711678cf4990b861e07ba9caeb48.e3iSbxaKaheRe3eRa38MahaQbi1ynknvrkLOlQzNp65In0 HTTP/1.1" 200 2
201.245.192.253 - - [16/Nov/2023:00:03:43 -0500] "POST /forms/lservlet;jsessionid=ac16012b30d63836718647184461850edc8d8a6fee37.e3iSbxaKaheRe3eRa38MahaQbi1ynknvrkLOlQzNp65In0 HTTP/1.1" 200 2
201.245.192.253 - - [16/Nov/2023:00:05:16 -0500] "POST /forms/lservlet;jsessionid=ac16012b30d683d1711678cf4990b861e07ba9caeb48.e3iSbxaKaheRe3eRa38MahaQbi1ynknvrkLOlQzNp65In0 HTTP/1.1" 200 2
201.245.192.253 - - [16/Nov/2023:00:05:43 -0500] "POST /forms/lservlet;jsessionid=ac16012b30d63836718647184461850edc8d8a6fee37.e3iSbxaKaheRe3eRa38MahaQbi1ynknvrkLOlQzNp65In0 HTTP/1.1" 200 2
172.22.2.4 - - [16/Nov/2023:00:04:26 -0500] "HEAD /BLA/boletinlegal/ HTTP/1.1" 200 -
216.245.221.92 - - [16/Nov/2023:00:06:21 -0500] "HEAD / HTTP/1.1" 200 -
172.22.2.4 - - [16/Nov/2023:00:05:17 -0500] "GET /BLA/boletinlegal/ HTTP/1.1" 200 56634
186.102.78.198 - - [16/Nov/2023:00:07:08 -0500] "GET /kwssiamovil/sm/ldap/au?x=U2FsdGVkX1+6WnqxBD9+ENhmbkI5J98vkxuRS0QD/xzLiqXuZF7uY9KPQsYWtx9E&y=U2FsdGVkX18WrO5PSLN41RjMT6ZL+h59cAZVM+0PLUyHE1SuG4tgcqOev/RvKw4g HTTP/1.1" 200 31
201.245.192.253 - - [16/Nov/2023:00:07:16 -0500] "POST /forms/lservlet;jsessionid=ac16012b30d683d1711678cf4990b861e07ba9caeb48.e3iSbxaKaheRe3eRa38MahaQbi1ynknvrkLOlQzNp65In0 HTTP/1.1" 200 2
201.245.192.253 - - [16/Nov/2023:00:07:33 -0500] "POST /kwsrmcab/Wsrmcab  HTTP/1.1" 200 40720
186.102.78.198 - - [16/Nov/2023:00:07:37 -0500] "GET /kwssiamovil/sm/ldap/au?x=U2FsdGVkX19onerOvtY4pOp0ubtSjRamTICHV/NwTwY2roOjnxfIxzIgUG7wxcGT&y=U2FsdGVkX18v5tHFszFACKRScdXzi++m63wGQV2pM8n0qsK4LkhMRRC8IJ4sIkll HTTP/1.1" 200 30
186.102.78.198 - - [16/Nov/2023:00:07:37 -0500] "GET /kwssiamovil/sm/acme/s?s=U2FsdGVkX1/tNckT+USJTo0SICNBIdMAune7Gl4J88R8ZRgJ9YMCmalA+AAutdYr4Zk6qX8EhFpb1baK24v7QLcYcyT/CwhD/haDisKmXKg=&u=U2FsdGVkX1872a20X26rZ87qtkR4QwS5FcT4E/yP3phFl8p0AUJ9qkSTo0QmvxeZ&y=U2FsdGVkX18v5tHFszFACKRScdXzi++m63wGQV2pM8n0qsK4LkhMRRC8IJ4sIkll HTTP/1.1" 200 97
186.102.78.198 - - [16/Nov/2023:00:07:37 -0500] "GET /kwssiamovil/sm/acme/s?s=U2FsdGVkX18pDLPl+s8x4kLEwyRo1TEzM11PHT7ak2kDMEZQjzOB1P1+A6m9DCvULgs9fwLRyUioxN3WwmuVpEVROv0uIPEwF8CcNCl2MYzaYHV4Lfp9i5++6wYJTTm9qQoS9yA5vT5OkDBDRWI5GDe8WE8W82rnit1nZTZypgPC5wulXF3hcgkFEC7guVGunsD0Rb++xhzK6cdyyXIthT+2FPEsGz324GlsINnnuyCvKUhT9lIS7h48sRvXsqWIcQuaKAxQKHI4RE+1Tz+ZXZ2dETcuPPL5SFCs23VWgV1ECDVUofO1RJNJ+e0nTtZx0SbxMlfJp7r8QzYC8kLcmYvS/S68ntrfQJC2apl2WllhJAcuLxRulb0Lc6WqPxblT0AoEqgHnohDU/fLV/pkYQ1XUUYOCZeV89O0ATtYsvzgUP5yPwCLPLKgfO7fT+U+cQZW0kvA0FMpHlLCT3vWdEg7250ndkvIRKTHToWrcMpGDLISoF66+TiL3f6jXuLBkSK08f0ZpHW5twphz9ew4a283JIq1eX9MRISHCCYJOWXWPBHVszhAibCYuxMmw+9B+JiCWRB2luvkfUvW6z5GKi77TDTAW/ijWG8VyocMWPYQLYDSl2OcxOUw4alerou/YlHHGCoTu1pZMxlZKlhWXxtkLZVHK+Pcp62Mz8nR+lfoeFJe+qf4Cx7YmqulRpadQ1doTRZAu9kLf/DD2EIP7Eg5YUWyamvKcXQ/PzmODN5NTFDZrNY9j65B8rEXVX4VvsmVRUtrI+cqw2d4vEJKJae6F5y5prcuRK5n//20++gSz0oC8FfgqzKw1nwcCBpAJicmasQ+zllpLrxJZHPfgdOWdCeE8z0eIK+rsynP184I57aPEJag7VNzlZbtI6Vxd4DZiXxxU8QvYyIDg4TrDg9EZJVGUAGz7Hw8F247VPVrAkGPdffeMIMPp4HOWuvet6qRw1UFQoM+owR+r4khyTCvwjIC3Y7gCe3LNsSdnNmD0/qkZRqW3N4Ug/GVscmfDfuTOYfIAGkYBKUQC2ULDJqpYYNUqlI1kGSAjJwWL0N6RHLINkLundoGXpqN6rmDXk4UA0J+HqpvNRtc59l49w6bGJ1FGXr3h8YrKzTjAGjjeDwKsE56Cap87VCIt2qn2pNeQB6W7bfwebyb95CUO+iUVYUksPQs4OZfs7iAF3TbYfn4D/9t46yL+ewNkoTzVczeNiwl9fu1GrH7rMEAPJu15PqKN9pBT22NxDsTY39vaoNIYZmmw0NierNCmMa1yLV2zBqiM+/BPebJpZ3PPQPTmaE1jSZIJYEk+XXz3FTCCmtY3L9X3EeidbeNOwmkSUa9Go1KUNPPoxm5zA2A2he6IPQDo73DbTpnX1N6vtCglucn5+Ys/B3Od2SrIPMhERWWtQHGaI2VEI/H6gKFbUtx6zZeCisuTw3XUC3U3+CPj+XvnA3/rKhco3wKVG6OUq+IUXcvQpSqly9FTnJdOGG/D11oBjw9FkanmganReEiLR3Vi29tLK1SQeeEqIyfFFXmvy99l9n7s3YXynKsasjOAozH/7ysDKheAfVgqr7oYvjT/1PSR1WydBFj5JFtWvZSOyuN2boxapKvPGavVe7oI6WjV/v/PybqsExDYi/IDwBlxwlfMPHzoXZeKe55aIj1MYKtXXgODH0uUu5Ehl7qvtDXYggOz8XLDIxrPIxvntbtv2oP4TVV/S/R1AzTqeHC9/62vK9lDTy8LJbQA/4UPoWCEcPnaHKLuXoAq6BY271ulFUsY5DvvhhOBeD&u=U2FsdGVkX1872a20X26rZ87qtkR4QwS5FcT4E/yP3phFl8p0AUJ9qkSTo0QmvxeZ&y=U2FsdGVkX18v5tHFszFACKRScdXzi++m63wGQV2pM8n0qsK4LkhMRRC8IJ4sIkll HTTP/1.1" 200 404
186.102.78.198 - - [16/Nov/2023:00:07:37 -0500] "GET /kwssiamovil/sm/acme/s?s=U2FsdGVkX187Q892kW10eGNG3U/cDJdfMFun4iDf4IzvRsfGC7D+Q8q/07d11JrbXbHBMc3S9/nDC7J1PAkwPPO1LRxGf1VLnPNNprT1JLNQ/OZQZ5qFYaqGNXtv2C248FFMVYhjA0W71az6A3jizEWDfduXMfTDJorW/HEBgh/6O9q1m8DYvk82JTqeJf036ugLHVqzrDijps+Gvhgba9EwQGbTcEq/RjGvKAnbQ4pKBSp9/awLK+a3hO/FXw0b7KG7Z5z2xxS22Z9VdhFWip4hX5JpbUlkrmUc2P01Wpoyj4yAkFyGQMWonuuPZQlF/TJMhMwiwEnu5gmF8RkBFqsegkVHuWdOSwTfblpRerAigK66Oysic1Wvl4L/7OZpc9N9JzFcP01OdDxs9kiZHjPZswAqTlo5XqHIm1IXhnKS8CCxy6RkDrqRTjkrGizYbtL72NIo1qYgdzT3DI/DBRNtH9Dl+kVaiLoQfp+DIu11+HNv0QGv99d24Y/ZWqEciYahVC+d/Co3GvR4Gub/afcBJ9CJBFy42ZIhY/X5kL0XAfOXu2gZMJ3A8orAGEZOvBem+y/0dQjZXQ3vI3uY0VsD+JHpl1AzbGtZglUaKgaMTDWa64KEsbFp54Gw7fjDTg0J0EhDXfc14Z502qDqfU+SaglJlTt+OHCQ+7BgAHqU9Cu2cn+FWhyNykM/9HTJ4YxvhxHt1/OFNMkN9ToEqcnZKGa+ZNBnzlNEgW6FtaamSTdzYIX1bDxiLn67Z5TgLPZHmPtlSU2RlPDPXHHaOg==&u=U2FsdGVkX1872a20X26rZ87qtkR4QwS5FcT4E/yP3phFl8p0AUJ9qkSTo0QmvxeZ&y=U2FsdGVkX18v5tHFszFACKRScdXzi++m63wGQV2pM8n0qsK4LkhMRRC8IJ4sIkll HTTP/1.1" 200 1095
186.102.78.198 - - [16/Nov/2023:00:07:38 -0500] "GET /kwssiamovil/sm/cjson/pre?f=17&x=U2FsdGVkX19onerOvtY4pOp0ubtSjRamTICHV/NwTwY2roOjnxfIxzIgUG7wxcGT HTTP/1.1" 200 12747
186.102.78.198 - - [16/Nov/2023:00:07:38 -0500] "GET /kwssiamovil/sm/cjson/pre?f=4&x=U2FsdGVkX19onerOvtY4pOp0ubtSjRamTICHV/NwTwY2roOjnxfIxzIgUG7wxcGT HTTP/1.1" 200 33589
186.102.78.198 - - [16/Nov/2023:00:07:38 -0500] "GET /kwssiamovil/sm/cjson/pre?f=6&x=U2FsdGVkX19onerOvtY4pOp0ubtSjRamTICHV/NwTwY2roOjnxfIxzIgUG7wxcGT HTTP/1.1" 200 34953
186.102.78.198 - - [16/Nov/2023:00:07:38 -0500] "GET /kwssiamovil/sm/cjson/pre?f=8&x=U2FsdGVkX19onerOvtY4pOp0ubtSjRamTICHV/NwTwY2roOjnxfIxzIgUG7wxcGT HTTP/1.1" 200 36010
201.245.192.253 - - [16/Nov/2023:00:07:43 -0500] "POST /forms/lservlet;jsessionid=ac16012b30d63836718647184461850edc8d8a6fee37.e3iSbxaKaheRe3eRa38MahaQbi1ynknvrkLOlQzNp65In0 HTTP/1.1" 200 2
186.102.78.198 - - [16/Nov/2023:00:07:38 -0500] "GET /kwssiamovil/sm/cjson/pre?f=7&x=U2FsdGVkX19onerOvtY4pOp0ubtSjRamTICHV/NwTwY2roOjnxfIxzIgUG7wxcGT HTTP/1.1" 200 93332
186.102.78.198 - - [16/Nov/2023:00:07:38 -0500] "GET /kwssiamovil/sm/cjson/pre?f=5&x=U2FsdGVkX19onerOvtY4pOp0ubtSjRamTICHV/NwTwY2roOjnxfIxzIgUG7wxcGT HTTP/1.1" 200 96431
186.102.78.198 - - [16/Nov/2023:00:07:38 -0500] "GET /kwssiamovil/sm/cjson/pre?f=3&x=U2FsdGVkX19onerOvtY4pOp0ubtSjRamTICHV/NwTwY2roOjnxfIxzIgUG7wxcGT HTTP/1.1" 200 94843
201.245.192.253 - - [16/Nov/2023:00:09:16 -0500] "POST /forms/lservlet;jsessionid=ac16012b30d683d1711678cf4990b861e07ba9caeb48.e3iSbxaKaheRe3eRa38MahaQbi1ynknvrkLOlQzNp65In0 HTTP/1.1" 200 2
66.249.66.193 - - [16/Nov/2023:00:09:37 -0500] "GET /secretaria-de-ambiente-unidos-por-un-nuevo-aire.html HTTP/1.1" 304 -
201.245.192.253 - - [16/Nov/2023:00:09:43 -0500] "POST /forms/lservlet;jsessionid=ac16012b30d63836718647184461850edc8d8a6fee37.e3iSbxaKaheRe3eRa38MahaQbi1ynknvrkLOlQzNp65In0 HTTP/1.1" 200 2
201.245.192.253 - - [16/Nov/2023:00:11:16 -0500] "POST /forms/lservlet;jsessionid=ac16012b30d683d1711678cf4990b861e07ba9caeb48.e3iSbxaKaheRe3eRa38MahaQbi1ynknvrkLOlQzNp65In0 HTTP/1.1" 200 2
216.245.221.92 - - [16/Nov/2023:00:11:21 -0500] "HEAD / HTTP/1.1" 200 -
201.245.192.253 - - [16/Nov/2023:00:11:43 -0500] "POST /forms/lservlet;jsessionid=ac16012b30d63836718647184461850edc8d8a6fee37.e3iSbxaKaheRe3eRa38MahaQbi1ynknvrkLOlQzNp65In0 HTTP/1.1" 200 2
172.22.2.4 - - [16/Nov/2023:00:10:16 -0500] "HEAD /BLA/boletinlegal/ HTTP/1.1" 200 -
66.249.66.20 - - [16/Nov/2023:00:12:17 -0500] "GET /BLA/resoluciones/AUTOS%202008/0393.pdf HTTP/1.1" 200 80304
201.245.192.253 - - [16/Nov/2023:00:12:33 -0500] "POST /kwsrmcab/Wsrmcab  HTTP/1.1" 200 40720
172.22.2.4 - - [16/Nov/2023:00:12:38 -0500] "GET /BLA/boletinlegal/Circulares/2020/Circular%20No.%2000018%20del%2002%20de%20diciembre%20del%202020.pdf HTTP/1.1" 200 276868
172.22.2.4 - - [16/Nov/2023:00:11:07 -0500] "GET /BLA/boletinlegal/ HTTP/1.1" 200 58644
201.245.192.253 - - [16/Nov/2023:00:13:16 -0500] "POST /forms/lservlet;jsessionid=ac16012b30d683d1711678cf4990b861e07ba9caeb48.e3iSbxaKaheRe3eRa38MahaQbi1ynknvrkLOlQzNp65In0 HTTP/1.1" 200 2
52.167.144.179 - - [16/Nov/2023:00:13:28 -0500] "GET /Publicaciones/2023EE250137.pdf HTTP/1.1" 404 228
201.245.192.253 - - [16/Nov/2023:00:13:43 -0500] "POST /forms/lservlet;jsessionid=ac16012b30d63836718647184461850edc8d8a6fee37.e3iSbxaKaheRe3eRa38MahaQbi1ynknvrkLOlQzNp65In0 HTTP/1.1" 200 2
66.249.66.19 - - [16/Nov/2023:00:13:50 -0500] "GET /Publicaciones/2023EE218153.pdf HTTP/1.1" 404 228
69.171.231.117 - - [16/Nov/2023:00:14:01 -0500] "GET /images/Sello%201%20JA-2.jpeg HTTP/1.1" 200 42236
173.252.107.7 - - [16/Nov/2023:00:14:05 -0500] "GET /secretaria-de-ambiente-impone-sancion-por-puntos-de-obra-sin-permiso-en-el-humedal-tibabuyes.html HTTP/1.1" 200 990
161.18.114.107 - - [16/Nov/2023:00:14:55 -0500] "GET /BLA/resoluciones/RESOLUCIONES%202009/3957.pdf HTTP/1.1" 200 1428643
201.245.192.253 - - [16/Nov/2023:00:15:16 -0500] "POST /forms/lservlet;jsessionid=ac16012b30d683d1711678cf4990b861e07ba9caeb48.e3iSbxaKaheRe3eRa38MahaQbi1ynknvrkLOlQzNp65In0 HTTP/1.1" 200 2
201.245.192.253 - - [16/Nov/2023:00:15:43 -0500] "POST /forms/lservlet;jsessionid=ac16012b30d63836718647184461850edc8d8a6fee37.e3iSbxaKaheRe3eRa38MahaQbi1ynknvrkLOlQzNp65In0 HTTP/1.1" 200 2
216.245.221.92 - - [16/Nov/2023:00:16:21 -0500] "HEAD / HTTP/1.1" 200 -
201.245.192.253 - - [16/Nov/2023:00:17:16 -0500] "POST /forms/lservlet;jsessionid=ac16012b30d683d1711678cf4990b861e07ba9caeb48.e3iSbxaKaheRe3eRa38MahaQbi1ynknvrkLOlQzNp65In0 HTTP/1.1" 200 2
201.245.192.253 - - [16/Nov/2023:00:17:20 -0500] "POST /kwsrmcab/Wsrmcab HTTP/1.1" 200 41338
201.245.192.253 - - [16/Nov/2023:00:17:23 -0500] "POST /kwsrmcab/Wsrmcab HTTP/1.1" 200 40859
201.245.192.253 - - [16/Nov/2023:00:17:31 -0500] "POST /kwsrmcab/Wsrmcab  HTTP/1.1" 200 40720
201.245.192.253 - - [16/Nov/2023:00:17:43 -0500] "POST /forms/lservlet;jsessionid=ac16012b30d63836718647184461850edc8d8a6fee37.e3iSbxaKaheRe3eRa38MahaQbi1ynknvrkLOlQzNp65In0 HTTP/1.1" 200 2
172.22.2.4 - - [16/Nov/2023:00:16:06 -0500] "HEAD /BLA/boletinlegal/ HTTP/1.1" 200 -
178.62.213.42 - - [16/Nov/2023:00:17:50 -0500] "\x16\x03\x01" 400 226
178.62.213.42 - - [16/Nov/2023:00:17:51 -0500] "GET / HTTP/1.1" 200 319
66.249.66.19 - - [16/Nov/2023:00:18:28 -0500] "GET /BLA/resoluciones/RESOLUCIONES%202008/4462.pdf HTTP/1.1" 200 696783
172.22.2.4 - - [16/Nov/2023:00:16:57 -0500] "GET /BLA/boletinlegal/ HTTP/1.1" 200 57497
201.245.192.253 - - [16/Nov/2023:00:19:16 -0500] "POST /forms/lservlet;jsessionid=ac16012b30d683d1711678cf4990b861e07ba9caeb48.e3iSbxaKaheRe3eRa38MahaQbi1ynknvrkLOlQzNp65In0 HTTP/1.1" 200 2
201.245.192.253 - - [16/Nov/2023:00:19:43 -0500] "POST /forms/lservlet;jsessionid=ac16012b30d63836718647184461850edc8d8a6fee37.e3iSbxaKaheRe3eRa38MahaQbi1ynknvrkLOlQzNp65In0 HTTP/1.1" 200 2
201.245.192.253 - - [16/Nov/2023:00:20:44 -0500] "POST /kwsrmcab/Wsrmcab HTTP/1.1" 200 41338
201.245.192.253 - - [16/Nov/2023:00:20:47 -0500] "POST /kwsrmcab/Wsrmcab HTTP/1.1" 200 40859
201.245.192.253 - - [16/Nov/2023:00:21:16 -0500] "POST /forms/lservlet;jsessionid=ac16012b30d683d1711678cf4990b861e07ba9caeb48.e3iSbxaKaheRe3eRa38MahaQbi1ynknvrkLOlQzNp65In0 HTTP/1.1" 200 2
216.245.221.92 - - [16/Nov/2023:00:21:21 -0500] "HEAD / HTTP/1.1" 200 -
201.245.192.253 - - [16/Nov/2023:00:21:43 -0500] "POST /forms/lservlet;jsessionid=ac16012b30d63836718647184461850edc8d8a6fee37.e3iSbxaKaheRe3eRa38MahaQbi1ynknvrkLOlQzNp65In0 HTTP/1.1" 200 2
201.245.192.253 - - [16/Nov/2023:00:22:30 -0500] "POST /kwsrmcab/Wsrmcab  HTTP/1.1" 200 40720
201.245.192.253 - - [16/Nov/2023:00:23:16 -0500] "POST /forms/lservlet;jsessionid=ac16012b30d683d1711678cf4990b861e07ba9caeb48.e3iSbxaKaheRe3eRa38MahaQbi1ynknvrkLOlQzNp65In0 HTTP/1.1" 200 2
172.22.2.4 - - [16/Nov/2023:00:21:57 -0500] "HEAD /BLA/boletinlegal/ HTTP/1.1" 200 -
201.245.192.253 - - [16/Nov/2023:00:23:43 -0500] "POST /forms/lservlet;jsessionid=ac16012b30d63836718647184461850edc8d8a6fee37.e3iSbxaKaheRe3eRa38MahaQbi1ynknvrkLOlQzNp65In0 HTTP/1.1" 200 2
172.22.2.4 - - [16/Nov/2023:00:22:48 -0500] "GET /BLA/boletinlegal/ HTTP/1.1" 200 61018
52.167.144.211 - - [16/Nov/2023:00:25:09 -0500] "GET /Publicaciones/2023EE216526.pdf HTTP/1.1" 404 228
201.245.192.253 - - [16/Nov/2023:00:25:16 -0500] "POST /forms/lservlet;jsessionid=ac16012b30d683d1711678cf4990b861e07ba9caeb48.e3iSbxaKaheRe3eRa38MahaQbi1ynknvrkLOlQzNp65In0 HTTP/1.1" 200 2
201.245.192.253 - - [16/Nov/2023:00:25:43 -0500] "POST /forms/lservlet;jsessionid=ac16012b30d63836718647184461850edc8d8a6fee37.e3iSbxaKaheRe3eRa38MahaQbi1ynknvrkLOlQzNp65In0 HTTP/1.1" 200 2
216.245.221.92 - - [16/Nov/2023:00:26:21 -0500] "HEAD / HTTP/1.1" 200 -
201.245.192.253 - - [16/Nov/2023:00:27:16 -0500] "POST /forms/lservlet;jsessionid=ac16012b30d683d1711678cf4990b861e07ba9caeb48.e3iSbxaKaheRe3eRa38MahaQbi1ynknvrkLOlQzNp65In0 HTTP/1.1" 200 2
201.245.192.253 - - [16/Nov/2023:00:27:20 -0500] "POST /kwsrmcab/Wsrmcab HTTP/1.1" 200 41338
201.245.192.253 - - [16/Nov/2023:00:27:22 -0500] "POST /kwsrmcab/Wsrmcab HTTP/1.1" 200 40859
66.249.66.192 - - [16/Nov/2023:00:27:24 -0500] "GET /fuertes-vientos-lluvias-estado-fisico-y-sanitario-motivos-de-arboles-en-riesgo.html HTTP/1.1" 200 808
66.249.66.194 - - [16/Nov/2023:00:27:24 -0500] "GET /robots.txt HTTP/1.1" 404 1034
201.245.192.253 - - [16/Nov/2023:00:27:28 -0500] "POST /kwsrmcab/Wsrmcab  HTTP/1.1" 200 40720
201.245.192.253 - - [16/Nov/2023:00:27:43 -0500] "POST /forms/lservlet;jsessionid=ac16012b30d63836718647184461850edc8d8a6fee37.e3iSbxaKaheRe3eRa38MahaQbi1ynknvrkLOlQzNp65In0 HTTP/1.1" 200 2
201.245.192.253 - - [16/Nov/2023:00:29:16 -0500] "POST /forms/lservlet;jsessionid=ac16012b30d683d1711678cf4990b861e07ba9caeb48.e3iSbxaKaheRe3eRa38MahaQbi1ynknvrkLOlQzNp65In0 HTTP/1.1" 200 2
172.22.2.4 - - [16/Nov/2023:00:27:47 -0500] "HEAD /BLA/boletinlegal/ HTTP/1.1" 200 -
201.245.192.253 - - [16/Nov/2023:00:29:43 -0500] "POST /forms/lservlet;jsessionid=ac16012b30d63836718647184461850edc8d8a6fee37.e3iSbxaKaheRe3eRa38MahaQbi1ynknvrkLOlQzNp65In0 HTTP/1.1" 200 2
172.22.2.4 - - [16/Nov/2023:00:28:38 -0500] "GET /BLA/boletinlegal/ HTTP/1.1" 200 60634
20.197.112.224 - - [16/Nov/2023:00:30:34 -0500] "GET /Publicaciones/2023EE229962.pdf HTTP/1.1" 404 228
66.249.66.192 - - [16/Nov/2023:00:30:37 -0500] "GET /secretaria-de-ambiente-instalo-la-primera-etiqueta-vehicular-ambiental-eva-en-un-auto-particular- HTTP/1.1" 404 1034
207.46.13.168 - - [16/Nov/2023:00:30:43 -0500] "GET /Publicaciones/2023EE207083.pdf HTTP/1.1" 404 228
201.245.192.253 - - [16/Nov/2023:00:30:43 -0500] "POST /kwsrmcab/Wsrmcab HTTP/1.1" 200 41338
201.245.192.253 - - [16/Nov/2023:00:30:46 -0500] "POST /kwsrmcab/Wsrmcab HTTP/1.1" 200 40859
201.245.192.253 - - [16/Nov/2023:00:31:16 -0500] "POST /forms/lservlet;jsessionid=ac16012b30d683d1711678cf4990b861e07ba9caeb48.e3iSbxaKaheRe3eRa38MahaQbi1ynknvrkLOlQzNp65In0 HTTP/1.1" 200 2
216.245.221.92 - - [16/Nov/2023:00:31:21 -0500] "HEAD / HTTP/1.1" 200 -
201.245.192.253 - - [16/Nov/2023:00:31:43 -0500] "POST /forms/lservlet;jsessionid=ac16012b30d63836718647184461850edc8d8a6fee37.e3iSbxaKaheRe3eRa38MahaQbi1ynknvrkLOlQzNp65In0 HTTP/1.1" 200 2
201.245.192.253 - - [16/Nov/2023:00:32:28 -0500] "POST /kwsrmcab/Wsrmcab  HTTP/1.1" 200 40720
185.157.246.199 - - [16/Nov/2023:00:32:59 -0500] "GET /inc/.env HTTP/1.1" 404 1018
201.245.192.253 - - [16/Nov/2023:00:33:16 -0500] "POST /forms/lservlet;jsessionid=ac16012b30d683d1711678cf4990b861e07ba9caeb48.e3iSbxaKaheRe3eRa38MahaQbi1ynknvrkLOlQzNp65In0 HTTP/1.1" 200 2
201.245.192.253 - - [16/Nov/2023:00:33:43 -0500] "POST /forms/lservlet;jsessionid=ac16012b30d63836718647184461850edc8d8a6fee37.e3iSbxaKaheRe3eRa38MahaQbi1ynknvrkLOlQzNp65In0 HTTP/1.1" 200 2
201.245.192.253 - - [16/Nov/2023:00:35:16 -0500] "POST /forms/lservlet;jsessionid=ac16012b30d683d1711678cf4990b861e07ba9caeb48.e3iSbxaKaheRe3eRa38MahaQbi1ynknvrkLOlQzNp65In0 HTTP/1.1" 200 2
172.22.2.4 - - [16/Nov/2023:00:33:37 -0500] "HEAD /BLA/boletinlegal/ HTTP/1.1" 200 -
201.245.192.253 - - [16/Nov/2023:00:35:43 -0500] "POST /forms/lservlet;jsessionid=ac16012b30d63836718647184461850edc8d8a6fee37.e3iSbxaKaheRe3eRa38MahaQbi1ynknvrkLOlQzNp65In0 HTTP/1.1" 200 2
172.22.2.4 - - [16/Nov/2023:00:34:28 -0500] "GET /BLA/boletinlegal/ HTTP/1.1" 200 55050
216.245.221.92 - - [16/Nov/2023:00:36:21 -0500] "HEAD / HTTP/1.1" 200 -
52.167.144.145 - - [16/Nov/2023:00:36:32 -0500] "GET /BLA/resoluciones/AUTOS%202022/0539.pdf HTTP/1.1" 304 -
201.245.192.253 - - [16/Nov/2023:00:37:16 -0500] "POST /forms/lservlet;jsessionid=ac16012b30d683d1711678cf4990b861e07ba9caeb48.e3iSbxaKaheRe3eRa38MahaQbi1ynknvrkLOlQzNp65In0 HTTP/1.1" 200 2
201.245.192.253 - - [16/Nov/2023:00:37:20 -0500] "POST /kwsrmcab/Wsrmcab HTTP/1.1" 200 41338
201.245.192.253 - - [16/Nov/2023:00:37:22 -0500] "POST /kwsrmcab/Wsrmcab HTTP/1.1" 200 40859
201.245.192.253 - - [16/Nov/2023:00:37:26 -0500] "POST /kwsrmcab/Wsrmcab  HTTP/1.1" 200 40720
201.245.192.253 - - [16/Nov/2023:00:37:43 -0500] "POST /forms/lservlet;jsessionid=ac16012b30d63836718647184461850edc8d8a6fee37.e3iSbxaKaheRe3eRa38MahaQbi1ynknvrkLOlQzNp65In0 HTTP/1.1" 200 2
162.55.166.12 - - [16/Nov/2023:00:38:39 -0500] "GET / HTTP/1.1" 200 4720
162.55.166.12 - - [16/Nov/2023:00:38:41 -0500] "GET / HTTP/1.1" 200 319
201.245.192.253 - - [16/Nov/2023:00:39:16 -0500] "POST /forms/lservlet;jsessionid=ac16012b30d683d1711678cf4990b861e07ba9caeb48.e3iSbxaKaheRe3eRa38MahaQbi1ynknvrkLOlQzNp65In0 HTTP/1.1" 200 2
66.249.66.21 - - [16/Nov/2023:00:39:24 -0500] "GET /Publicaciones/2023EE235347.pdf HTTP/1.1" 404 228
201.245.192.253 - - [16/Nov/2023:00:39:43 -0500] "POST /forms/lservlet;jsessionid=ac16012b30d63836718647184461850edc8d8a6fee37.e3iSbxaKaheRe3eRa38MahaQbi1ynknvrkLOlQzNp65In0 HTTP/1.1" 200 2
201.245.192.253 - - [16/Nov/2023:00:40:43 -0500] "POST /kwsrmcab/Wsrmcab HTTP/1.1" 200 41338
201.245.192.253 - - [16/Nov/2023:00:40:47 -0500] "POST /kwsrmcab/Wsrmcab HTTP/1.1" 200 40859
172.22.2.4 - - [16/Nov/2023:00:39:27 -0500] "HEAD /BLA/boletinlegal/ HTTP/1.1" 200 -
201.245.192.253 - - [16/Nov/2023:00:41:16 -0500] "POST /forms/lservlet;jsessionid=ac16012b30d683d1711678cf4990b861e07ba9caeb48.e3iSbxaKaheRe3eRa38MahaQbi1ynknvrkLOlQzNp65In0 HTTP/1.1" 200 2
216.245.221.92 - - [16/Nov/2023:00:41:21 -0500] "HEAD / HTTP/1.1" 200 -
201.245.192.253 - - [16/Nov/2023:00:41:43 -0500] "POST /forms/lservlet;jsessionid=ac16012b30d63836718647184461850edc8d8a6fee37.e3iSbxaKaheRe3eRa38MahaQbi1ynknvrkLOlQzNp65In0 HTTP/1.1" 200 2
172.22.2.4 - - [16/Nov/2023:00:40:18 -0500] "GET /BLA/boletinlegal/ HTTP/1.1" 200 60634
201.245.192.253 - - [16/Nov/2023:00:42:25 -0500] "POST /kwsrmcab/Wsrmcab  HTTP/1.1" 200 40720
66.220.149.3 - - [16/Nov/2023:00:43:11 -0500] "GET /images/cuerpos%20de%20agua%20en%20humedales-19-10.jpg HTTP/1.1" 200 73528
201.245.192.253 - - [16/Nov/2023:00:43:16 -0500] "POST /forms/lservlet;jsessionid=ac16012b30d683d1711678cf4990b861e07ba9caeb48.e3iSbxaKaheRe3eRa38MahaQbi1ynknvrkLOlQzNp65In0 HTTP/1.1" 200 2
201.245.192.253 - - [16/Nov/2023:00:43:43 -0500] "POST /forms/lservlet;jsessionid=ac16012b30d63836718647184461850edc8d8a6fee37.e3iSbxaKaheRe3eRa38MahaQbi1ynknvrkLOlQzNp65In0 HTTP/1.1" 200 2
201.245.192.253 - - [16/Nov/2023:00:45:16 -0500] "POST /forms/lservlet;jsessionid=ac16012b30d683d1711678cf4990b861e07ba9caeb48.e3iSbxaKaheRe3eRa38MahaQbi1ynknvrkLOlQzNp65In0 HTTP/1.1" 200 2
201.245.192.253 - - [16/Nov/2023:00:45:43 -0500] "POST /forms/lservlet;jsessionid=ac16012b30d63836718647184461850edc8d8a6fee37.e3iSbxaKaheRe3eRa38MahaQbi1ynknvrkLOlQzNp65In0 HTTP/1.1" 200 2
216.245.221.92 - - [16/Nov/2023:00:46:21 -0500] "HEAD / HTTP/1.1" 200 -
172.22.2.4 - - [16/Nov/2023:00:45:17 -0500] "HEAD /BLA/boletinlegal/ HTTP/1.1" 200 -
201.245.192.253 - - [16/Nov/2023:00:47:16 -0500] "POST /forms/lservlet;jsessionid=ac16012b30d683d1711678cf4990b861e07ba9caeb48.e3iSbxaKaheRe3eRa38MahaQbi1ynknvrkLOlQzNp65In0 HTTP/1.1" 200 2
201.245.192.253 - - [16/Nov/2023:00:47:24 -0500] "POST /kwsrmcab/Wsrmcab  HTTP/1.1" 200 40720
201.245.192.253 - - [16/Nov/2023:00:47:43 -0500] "POST /forms/lservlet;jsessionid=ac16012b30d63836718647184461850edc8d8a6fee37.e3iSbxaKaheRe3eRa38MahaQbi1ynknvrkLOlQzNp65In0 HTTP/1.1" 200 2
172.22.2.4 - - [16/Nov/2023:00:46:08 -0500] "GET /BLA/boletinlegal/ HTTP/1.1" 200 60634
201.245.192.253 - - [16/Nov/2023:00:49:16 -0500] "POST /forms/lservlet;jsessionid=ac16012b30d683d1711678cf4990b861e07ba9caeb48.e3iSbxaKaheRe3eRa38MahaQbi1ynknvrkLOlQzNp65In0 HTTP/1.1" 200 2
201.245.192.253 - - [16/Nov/2023:00:49:43 -0500] "POST /forms/lservlet;jsessionid=ac16012b30d63836718647184461850edc8d8a6fee37.e3iSbxaKaheRe3eRa38MahaQbi1ynknvrkLOlQzNp65In0 HTTP/1.1" 200 2
201.245.192.253 - - [16/Nov/2023:00:51:16 -0500] "POST /forms/lservlet;jsessionid=ac16012b30d683d1711678cf4990b861e07ba9caeb48.e3iSbxaKaheRe3eRa38MahaQbi1ynknvrkLOlQzNp65In0 HTTP/1.1" 200 2
216.245.221.92 - - [16/Nov/2023:00:51:21 -0500] "HEAD / HTTP/1.1" 200 -
201.245.192.253 - - [16/Nov/2023:00:51:43 -0500] "POST /forms/lservlet;jsessionid=ac16012b30d63836718647184461850edc8d8a6fee37.e3iSbxaKaheRe3eRa38MahaQbi1ynknvrkLOlQzNp65In0 HTTP/1.1" 200 2
66.249.66.21 - - [16/Nov/2023:00:51:59 -0500] "GET /Publicaciones/2022EE292463.pdf HTTP/1.1" 404 228
201.245.192.253 - - [16/Nov/2023:00:52:23 -0500] "POST /kwsrmcab/Wsrmcab  HTTP/1.1" 200 40720
172.22.2.4 - - [16/Nov/2023:00:51:07 -0500] "HEAD /BLA/boletinlegal/ HTTP/1.1" 200 -
201.245.192.253 - - [16/Nov/2023:00:53:16 -0500] "POST /forms/lservlet;jsessionid=ac16012b30d683d1711678cf4990b861e07ba9caeb48.e3iSbxaKaheRe3eRa38MahaQbi1ynknvrkLOlQzNp65In0 HTTP/1.1" 200 2
172.22.2.4 - - [16/Nov/2023:00:51:58 -0500] "GET /BLA/boletinlegal/ HTTP/1.1" 200 60634
201.245.192.253 - - [16/Nov/2023:00:53:43 -0500] "POST /forms/lservlet;jsessionid=ac16012b30d63836718647184461850edc8d8a6fee37.e3iSbxaKaheRe3eRa38MahaQbi1ynknvrkLOlQzNp65In0 HTTP/1.1" 200 2
201.245.192.253 - - [16/Nov/2023:00:55:16 -0500] "POST /forms/lservlet;jsessionid=ac16012b30d683d1711678cf4990b861e07ba9caeb48.e3iSbxaKaheRe3eRa38MahaQbi1ynknvrkLOlQzNp65In0 HTTP/1.1" 200 2
157.90.244.54 - - [16/Nov/2023:00:55:26 -0500] "GET / HTTP/1.1" 200 319
157.90.244.54 - - [16/Nov/2023:00:55:27 -0500] "GET / HTTP/1.1" 200 4720
201.245.192.253 - - [16/Nov/2023:00:55:43 -0500] "POST /forms/lservlet;jsessionid=ac16012b30d63836718647184461850edc8d8a6fee37.e3iSbxaKaheRe3eRa38MahaQbi1ynknvrkLOlQzNp65In0 HTTP/1.1" 200 2
216.245.221.92 - - [16/Nov/2023:00:56:21 -0500] "HEAD / HTTP/1.1" 200 -
201.245.192.253 - - [16/Nov/2023:00:57:16 -0500] "POST /forms/lservlet;jsessionid=ac16012b30d683d1711678cf4990b861e07ba9caeb48.e3iSbxaKaheRe3eRa38MahaQbi1ynknvrkLOlQzNp65In0 HTTP/1.1" 200 2
201.245.192.253 - - [16/Nov/2023:00:57:22 -0500] "POST /kwsrmcab/Wsrmcab  HTTP/1.1" 200 40720
201.245.192.253 - - [16/Nov/2023:00:57:43 -0500] "POST /forms/lservlet;jsessionid=ac16012b30d63836718647184461850edc8d8a6fee37.e3iSbxaKaheRe3eRa38MahaQbi1ynknvrkLOlQzNp65In0 HTTP/1.1" 200 2
172.22.2.4 - - [16/Nov/2023:00:56:57 -0500] "HEAD /BLA/boletinlegal/ HTTP/1.1" 200 -
201.245.192.253 - - [16/Nov/2023:00:59:16 -0500] "POST /forms/lservlet;jsessionid=ac16012b30d683d1711678cf4990b861e07ba9caeb48.e3iSbxaKaheRe3eRa38MahaQbi1ynknvrkLOlQzNp65In0 HTTP/1.1" 200 2
172.22.2.4 - - [16/Nov/2023:00:57:48 -0500] "GET /BLA/boletinlegal/ HTTP/1.1" 200 58294
201.245.192.253 - - [16/Nov/2023:00:59:43 -0500] "POST /forms/lservlet;jsessionid=ac16012b30d63836718647184461850edc8d8a6fee37.e3iSbxaKaheRe3eRa38MahaQbi1ynknvrkLOlQzNp65In0 HTTP/1.1" 200 2
66.249.66.194 - - [16/Nov/2023:01:00:37 -0500] "GET /reciclaton-universidad-de-la-salle-se-une-a-esta-iniciativa.html HTTP/1.1" 304 -
201.245.192.253 - - [16/Nov/2023:01:01:16 -0500] "POST /forms/lservlet;jsessionid=ac16012b30d683d1711678cf4990b861e07ba9caeb48.e3iSbxaKaheRe3eRa38MahaQbi1ynknvrkLOlQzNp65In0 HTTP/1.1" 200 2
216.245.221.92 - - [16/Nov/2023:01:01:21 -0500] "HEAD / HTTP/1.1" 200 -
201.245.192.253 - - [16/Nov/2023:01:01:43 -0500] "POST /forms/lservlet;jsessionid=ac16012b30d63836718647184461850edc8d8a6fee37.e3iSbxaKaheRe3eRa38MahaQbi1ynknvrkLOlQzNp65In0 HTTP/1.1" 200 2
201.245.192.253 - - [16/Nov/2023:01:02:20 -0500] "POST /kwsrmcab/Wsrmcab  HTTP/1.1" 200 40720
201.245.192.253 - - [16/Nov/2023:01:03:16 -0500] "POST /forms/lservlet;jsessionid=ac16012b30d683d1711678cf4990b861e07ba9caeb48.e3iSbxaKaheRe3eRa38MahaQbi1ynknvrkLOlQzNp65In0 HTTP/1.1" 200 2
201.245.192.253 - - [16/Nov/2023:01:03:43 -0500] "POST /forms/lservlet;jsessionid=ac16012b30d63836718647184461850edc8d8a6fee37.e3iSbxaKaheRe3eRa38MahaQbi1ynknvrkLOlQzNp65In0 HTTP/1.1" 200 2
66.249.66.19 - - [16/Nov/2023:01:04:11 -0500] "GET /BLA/resoluciones/AUTOS%202008/1968.pdf HTTP/1.1" 200 88322
172.22.2.4 - - [16/Nov/2023:01:02:47 -0500] "HEAD /BLA/boletinlegal/ HTTP/1.1" 200 -
66.249.66.20 - - [16/Nov/2023:01:05:09 -0500] "GET /BLA/resoluciones/RESOLUCIONES%202010/0518.pdf HTTP/1.1" 200 687426
201.245.192.253 - - [16/Nov/2023:01:05:16 -0500] "POST /forms/lservlet;jsessionid=ac16012b30d683d1711678cf4990b861e07ba9caeb48.e3iSbxaKaheRe3eRa38MahaQbi1ynknvrkLOlQzNp65In0 HTTP/1.1" 200 2
172.22.2.4 - - [16/Nov/2023:01:03:38 -0500] "GET /BLA/boletinlegal/ HTTP/1.1" 200 60634
201.245.192.253 - - [16/Nov/2023:01:05:43 -0500] "POST /forms/lservlet;jsessionid=ac16012b30d63836718647184461850edc8d8a6fee37.e3iSbxaKaheRe3eRa38MahaQbi1ynknvrkLOlQzNp65In0 HTTP/1.1" 200 2
216.245.221.92 - - [16/Nov/2023:01:06:21 -0500] "HEAD / HTTP/1.1" 200 -
66.249.66.19 - - [16/Nov/2023:01:06:37 -0500] "GET /resoluciones/RESOLUCIONES%202008/1515.pdf HTTP/1.1" 404 1018
201.245.192.253 - - [16/Nov/2023:01:07:16 -0500] "POST /forms/lservlet;jsessionid=ac16012b30d683d1711678cf4990b861e07ba9caeb48.e3iSbxaKaheRe3eRa38MahaQbi1ynknvrkLOlQzNp65In0 HTTP/1.1" 200 2
201.245.192.253 - - [16/Nov/2023:01:07:20 -0500] "POST /kwsrmcab/Wsrmcab  HTTP/1.1" 200 40720
17.241.75.175 - - [16/Nov/2023:01:07:42 -0500] "GET /como-debe-ser-el-manejo-del-ruido-en-bogota.html HTTP/1.1" 200 765
201.245.192.253 - - [16/Nov/2023:01:07:43 -0500] "POST /forms/lservlet;jsessionid=ac16012b30d63836718647184461850edc8d8a6fee37.e3iSbxaKaheRe3eRa38MahaQbi1ynknvrkLOlQzNp65In0 HTTP/1.1" 200 2
66.249.66.20 - - [16/Nov/2023:01:08:26 -0500] "GET /BLA/resoluciones/AUTOS%202007/2748.pdf HTTP/1.1" 200 83094
172.22.2.4 - - [16/Nov/2023:01:07:23 -0500] "GET /BLA/boletinlegal/ HTTP/1.1" 200 61736
201.245.192.253 - - [16/Nov/2023:01:09:16 -0500] "POST /forms/lservlet;jsessionid=ac16012b30d683d1711678cf4990b861e07ba9caeb48.e3iSbxaKaheRe3eRa38MahaQbi1ynknvrkLOlQzNp65In0 HTTP/1.1" 200 2
201.245.192.253 - - [16/Nov/2023:01:09:43 -0500] "POST /forms/lservlet;jsessionid=ac16012b30d63836718647184461850edc8d8a6fee37.e3iSbxaKaheRe3eRa38MahaQbi1ynknvrkLOlQzNp65In0 HTTP/1.1" 200 2
172.22.2.4 - - [16/Nov/2023:01:08:37 -0500] "HEAD /BLA/boletinlegal/ HTTP/1.1" 200 -
172.22.2.4 - - [16/Nov/2023:01:09:28 -0500] "GET /BLA/boletinlegal/ HTTP/1.1" 200 58644
52.167.144.191 - - [16/Nov/2023:01:11:09 -0500] "GET /BLA/resoluciones/AUTOS%202021/4847.pdf HTTP/1.1" 200 376154
201.245.192.253 - - [16/Nov/2023:01:11:16 -0500] "POST /forms/lservlet;jsessionid=ac16012b30d683d1711678cf4990b861e07ba9caeb48.e3iSbxaKaheRe3eRa38MahaQbi1ynknvrkLOlQzNp65In0 HTTP/1.1" 200 2
216.245.221.92 - - [16/Nov/2023:01:11:21 -0500] "HEAD / HTTP/1.1" 200 -
201.245.192.253 - - [16/Nov/2023:01:11:43 -0500] "POST /forms/lservlet;jsessionid=ac16012b30d63836718647184461850edc8d8a6fee37.e3iSbxaKaheRe3eRa38MahaQbi1ynknvrkLOlQzNp65In0 HTTP/1.1" 200 2
172.22.2.4 - - [16/Nov/2023:01:12:01 -0500] "GET /BLA/boletinlegal/actos.php HTTP/1.1" 200 9682
172.22.2.4 - - [16/Nov/2023:01:12:07 -0500] "GET /BLA/boletinlegal/favicon.ico HTTP/1.1" 404 1326
181.56.233.37 - - [16/Nov/2023:01:12:11 -0500] "GET /BLA/resoluciones/ HTTP/1.1" 200 13696
181.56.233.37 - - [16/Nov/2023:01:12:11 -0500] "GET /favicon.ico HTTP/1.1" 200 7782
181.56.233.37 - - [16/Nov/2023:01:12:17 -0500] "GET /BLA/resoluciones/index.php?dir=AUTOS+2022%2F HTTP/1.1" 200 508137
201.245.192.253 - - [16/Nov/2023:01:12:18 -0500] "POST /kwsrmcab/Wsrmcab  HTTP/1.1" 200 40720
166.0.218.55 - - [16/Nov/2023:01:13:02 -0500] "GET / HTTP/1.1" 200 319
201.245.192.253 - - [16/Nov/2023:01:13:16 -0500] "POST /forms/lservlet;jsessionid=ac16012b30d683d1711678cf4990b861e07ba9caeb48.e3iSbxaKaheRe3eRa38MahaQbi1ynknvrkLOlQzNp65In0 HTTP/1.1" 200 2
201.245.192.253 - - [16/Nov/2023:01:13:43 -0500] "POST /forms/lservlet;jsessionid=ac16012b30d63836718647184461850edc8d8a6fee37.e3iSbxaKaheRe3eRa38MahaQbi1ynknvrkLOlQzNp65In0 HTTP/1.1" 200 2
152.61.192.232 - - [16/Nov/2023:01:13:49 -0500] "GET / HTTP/1.1" 200 319
201.245.192.253 - - [16/Nov/2023:01:15:16 -0500] "POST /forms/lservlet;jsessionid=ac16012b30d683d1711678cf4990b861e07ba9caeb48.e3iSbxaKaheRe3eRa38MahaQbi1ynknvrkLOlQzNp65In0 HTTP/1.1" 200 2
201.245.192.253 - - [16/Nov/2023:01:15:43 -0500] "POST /forms/lservlet;jsessionid=ac16012b30d63836718647184461850edc8d8a6fee37.e3iSbxaKaheRe3eRa38MahaQbi1ynknvrkLOlQzNp65In0 HTTP/1.1" 200 2
172.22.2.4 - - [16/Nov/2023:01:14:27 -0500] "HEAD /BLA/boletinlegal/ HTTP/1.1" 200 -
216.245.221.92 - - [16/Nov/2023:01:16:21 -0500] "HEAD / HTTP/1.1" 200 -
172.22.2.4 - - [16/Nov/2023:01:15:18 -0500] "GET /BLA/boletinlegal/ HTTP/1.1" 200 60634
201.245.192.253 - - [16/Nov/2023:01:17:16 -0500] "POST /forms/lservlet;jsessionid=ac16012b30d683d1711678cf4990b861e07ba9caeb48.e3iSbxaKaheRe3eRa38MahaQbi1ynknvrkLOlQzNp65In0 HTTP/1.1" 200 2
40.77.167.68 - - [16/Nov/2023:01:17:16 -0500] "GET /BLA/resoluciones/index.php?dir=AUTOS+2015%2F HTTP/1.1" 200 584657
201.245.192.253 - - [16/Nov/2023:01:17:17 -0500] "POST /kwsrmcab/Wsrmcab  HTTP/1.1" 200 40720
201.245.192.253 - - [16/Nov/2023:01:17:19 -0500] "POST /kwsrmcab/Wsrmcab HTTP/1.1" 200 41331
201.245.192.253 - - [16/Nov/2023:01:17:22 -0500] "POST /kwsrmcab/Wsrmcab HTTP/1.1" 200 41163
201.245.192.253 - - [16/Nov/2023:01:17:43 -0500] "POST /forms/lservlet;jsessionid=ac16012b30d63836718647184461850edc8d8a6fee37.e3iSbxaKaheRe3eRa38MahaQbi1ynknvrkLOlQzNp65In0 HTTP/1.1" 200 2
66.249.66.20 - - [16/Nov/2023:01:17:59 -0500] "GET /Publicaciones/2022EE290579.pdf HTTP/1.1" 404 228
52.167.144.223 - - [16/Nov/2023:01:18:17 -0500] "GET /portaldeninos/humedal-cordoba-2/ HTTP/1.1" 200 88041
201.245.192.253 - - [16/Nov/2023:01:19:16 -0500] "POST /forms/lservlet;jsessionid=ac16012b30d683d1711678cf4990b861e07ba9caeb48.e3iSbxaKaheRe3eRa38MahaQbi1ynknvrkLOlQzNp65In0 HTTP/1.1" 200 2
201.245.192.253 - - [16/Nov/2023:01:19:43 -0500] "POST /forms/lservlet;jsessionid=ac16012b30d63836718647184461850edc8d8a6fee37.e3iSbxaKaheRe3eRa38MahaQbi1ynknvrkLOlQzNp65In0 HTTP/1.1" 200 2
185.157.246.199 - - [16/Nov/2023:01:19:43 -0500] "GET /laravel/.env HTTP/1.1" 404 1018
52.167.144.232 - - [16/Nov/2023:01:20:09 -0500] "GET /BLA/resoluciones/index.php?dir=RESOLUCIONES+2023%2F HTTP/1.1" 200 109025
201.245.192.253 - - [16/Nov/2023:01:20:43 -0500] "POST /kwsrmcab/Wsrmcab HTTP/1.1" 200 41331
201.245.192.253 - - [16/Nov/2023:01:20:47 -0500] "POST /kwsrmcab/Wsrmcab HTTP/1.1" 200 41163
201.245.192.253 - - [16/Nov/2023:01:21:16 -0500] "POST /forms/lservlet;jsessionid=ac16012b30d683d1711678cf4990b861e07ba9caeb48.e3iSbxaKaheRe3eRa38MahaQbi1ynknvrkLOlQzNp65In0 HTTP/1.1" 200 2
216.245.221.92 - - [16/Nov/2023:01:21:21 -0500] "HEAD / HTTP/1.1" 200 -
201.245.192.253 - - [16/Nov/2023:01:21:43 -0500] "POST /forms/lservlet;jsessionid=ac16012b30d63836718647184461850edc8d8a6fee37.e3iSbxaKaheRe3eRa38MahaQbi1ynknvrkLOlQzNp65In0 HTTP/1.1" 200 2
172.22.2.4 - - [16/Nov/2023:01:20:17 -0500] "HEAD /BLA/boletinlegal/ HTTP/1.1" 200 -
43.135.177.178 - - [16/Nov/2023:01:22:08 -0500] "GET /galeria/galeria/fotos/2humedal-Burro2P.jpg HTTP/1.1" 200 8996
201.245.192.253 - - [16/Nov/2023:01:22:16 -0500] "POST /kwsrmcab/Wsrmcab  HTTP/1.1" 200 40720
66.249.66.21 - - [16/Nov/2023:01:22:29 -0500] "GET /portel_dama/libreria/pdf/ecosistemas/restauracion/sitio/22_proye/xtras_in/4.pdf HTTP/1.1" 404 1018
172.22.2.4 - - [16/Nov/2023:01:21:08 -0500] "GET /BLA/boletinlegal/ HTTP/1.1" 200 60634
52.167.144.223 - - [16/Nov/2023:01:23:09 -0500] "GET /portaldeninos/wp-content/uploads/2021/11/Tingua-azul-fauna-junio-11-1200x480.jpg HTTP/1.1" 200 74805
201.245.192.253 - - [16/Nov/2023:01:23:16 -0500] "POST /forms/lservlet;jsessionid=ac16012b30d683d1711678cf4990b861e07ba9caeb48.e3iSbxaKaheRe3eRa38MahaQbi1ynknvrkLOlQzNp65In0 HTTP/1.1" 200 2
201.245.192.253 - - [16/Nov/2023:01:23:43 -0500] "POST /forms/lservlet;jsessionid=ac16012b30d63836718647184461850edc8d8a6fee37.e3iSbxaKaheRe3eRa38MahaQbi1ynknvrkLOlQzNp65In0 HTTP/1.1" 200 2
172.22.2.4 - - [16/Nov/2023:01:24:19 -0500] "GET /BLA/boletinlegal/images/historia.png HTTP/1.1" 200 52775
172.22.2.4 - - [16/Nov/2023:01:24:21 -0500] "GET /BLA/boletinlegal/conceptos.php HTTP/1.1" 200 7496
172.22.2.4 - - [16/Nov/2023:01:24:21 -0500] "GET /BLA/boletinlegal/favicon.ico HTTP/1.1" 404 1334
172.22.2.4 - - [16/Nov/2023:01:24:21 -0500] "GET /BLA/boletinlegal/apple-touch-icon-precomposed.png HTTP/1.1" 404 1140
172.22.2.4 - - [16/Nov/2023:01:24:21 -0500] "GET /BLA/boletinlegal/apple-touch-icon.png HTTP/1.1" 404 1140
40.77.167.16 - - [16/Nov/2023:01:24:25 -0500] "GET /BLA/resoluciones/AUTOS%202021/1907.pdf HTTP/1.1" 304 -
172.22.2.4 - - [16/Nov/2023:01:24:36 -0500] "GET /BLA/boletinlegal/consulta_conceptos.php?no=&solicitante=&radicado_entrada=&fecha_concepto=2023&objeto=sucesi%F3n HTTP/1.1" 200 570
172.22.2.4 - - [16/Nov/2023:01:24:42 -0500] "GET /BLA/boletinlegal/consulta_conceptos.php?no=&solicitante=&radicado_entrada=&fecha_concepto=2022&objeto=sucesi%F3n HTTP/1.1" 200 570
172.22.2.4 - - [16/Nov/2023:01:24:46 -0500] "GET /BLA/boletinlegal/consulta_conceptos.php?no=&solicitante=&radicado_entrada=&fecha_concepto=2021&objeto=sucesi%F3n HTTP/1.1" 200 570
172.22.2.4 - - [16/Nov/2023:01:24:50 -0500] "GET /BLA/boletinlegal/consulta_conceptos.php?no=&solicitante=&radicado_entrada=&fecha_concepto=2020&objeto=sucesi%F3n HTTP/1.1" 200 570
172.22.2.4 - - [16/Nov/2023:01:24:19 -0500] "GET /BLA/boletinlegal/ HTTP/1.1" 200 24523
172.22.2.4 - - [16/Nov/2023:01:24:54 -0500] "GET /BLA/boletinlegal/consulta_conceptos.php?no=&solicitante=&radicado_entrada=&fecha_concepto=2019&objeto=sucesi%F3n HTTP/1.1" 200 570
172.22.2.4 - - [16/Nov/2023:01:24:56 -0500] "GET /BLA/boletinlegal/consulta_conceptos.php?no=&solicitante=&radicado_entrada=&fecha_concepto=2018&objeto=sucesi%F3n HTTP/1.1" 200 570
172.22.2.4 - - [16/Nov/2023:01:25:00 -0500] "GET /BLA/boletinlegal/consulta_conceptos.php?no=&solicitante=&radicado_entrada=&fecha_concepto=2017&objeto=sucesi%F3n HTTP/1.1" 200 570
172.22.2.4 - - [16/Nov/2023:01:25:03 -0500] "GET /BLA/boletinlegal/consulta_conceptos.php?no=&solicitante=&radicado_entrada=&fecha_concepto=2016&objeto=sucesi%F3n HTTP/1.1" 200 570
172.22.2.4 - - [16/Nov/2023:01:25:06 -0500] "GET /BLA/boletinlegal/consulta_conceptos.php?no=&solicitante=&radicado_entrada=&fecha_concepto=2015&objeto=sucesi%F3n HTTP/1.1" 200 570
172.22.2.4 - - [16/Nov/2023:01:25:10 -0500] "GET /BLA/boletinlegal/consulta_conceptos.php?no=&solicitante=&radicado_entrada=&fecha_concepto=2014&objeto=sucesi%F3n HTTP/1.1" 200 570
201.245.192.253 - - [16/Nov/2023:01:25:16 -0500] "POST /forms/lservlet;jsessionid=ac16012b30d683d1711678cf4990b861e07ba9caeb48.e3iSbxaKaheRe3eRa38MahaQbi1ynknvrkLOlQzNp65In0 HTTP/1.1" 200 2
172.22.2.4 - - [16/Nov/2023:01:25:18 -0500] "GET /BLA/boletinlegal/consulta_conceptos.php?no=&solicitante=&radicado_entrada=&fecha_concepto=2013&objeto=sucesi%F3n HTTP/1.1" 200 570
172.22.2.4 - - [16/Nov/2023:01:25:21 -0500] "GET /BLA/boletinlegal/consulta_conceptos.php?no=&solicitante=&radicado_entrada=&fecha_concepto=2012&objeto=sucesi%F3n HTTP/1.1" 200 570
172.22.2.4 - - [16/Nov/2023:01:25:25 -0500] "GET /BLA/boletinlegal/consulta_conceptos.php?no=&solicitante=&radicado_entrada=&fecha_concepto=2011&objeto=sucesi%F3n HTTP/1.1" 200 570
172.22.2.4 - - [16/Nov/2023:01:25:28 -0500] "GET /BLA/boletinlegal/consulta_conceptos.php?no=&solicitante=&radicado_entrada=&fecha_concepto=2010&objeto=sucesi%F3n HTTP/1.1" 200 570
172.22.2.4 - - [16/Nov/2023:01:25:34 -0500] "GET /BLA/boletinlegal/consulta_conceptos.php?no=&solicitante=&radicado_entrada=&fecha_concepto=2010&objeto=sucesion HTTP/1.1" 200 570
172.22.2.4 - - [16/Nov/2023:01:25:38 -0500] "GET /BLA/boletinlegal/consulta_conceptos.php?no=&solicitante=&radicado_entrada=&fecha_concepto=2011&objeto=sucesion HTTP/1.1" 200 570
172.22.2.4 - - [16/Nov/2023:01:25:41 -0500] "GET /BLA/boletinlegal/consulta_conceptos.php?no=&solicitante=&radicado_entrada=&fecha_concepto=2012&objeto=sucesion HTTP/1.1" 200 570
201.245.192.253 - - [16/Nov/2023:01:25:43 -0500] "POST /forms/lservlet;jsessionid=ac16012b30d63836718647184461850edc8d8a6fee37.e3iSbxaKaheRe3eRa38MahaQbi1ynknvrkLOlQzNp65In0 HTTP/1.1" 200 2
172.22.2.4 - - [16/Nov/2023:01:25:44 -0500] "GET /BLA/boletinlegal/consulta_conceptos.php?no=&solicitante=&radicado_entrada=&fecha_concepto=2013&objeto=sucesion HTTP/1.1" 200 570
172.22.2.4 - - [16/Nov/2023:01:25:46 -0500] "GET /BLA/boletinlegal/consulta_conceptos.php?no=&solicitante=&radicado_entrada=&fecha_concepto=2014&objeto=sucesion HTTP/1.1" 200 570
172.22.2.4 - - [16/Nov/2023:01:25:49 -0500] "GET /BLA/boletinlegal/consulta_conceptos.php?no=&solicitante=&radicado_entrada=&fecha_concepto=2015&objeto=sucesion HTTP/1.1" 200 570
172.22.2.4 - - [16/Nov/2023:01:25:53 -0500] "GET /BLA/boletinlegal/consulta_conceptos.php?no=&solicitante=&radicado_entrada=&fecha_concepto=2016&objeto=sucesion HTTP/1.1" 200 570
172.22.2.4 - - [16/Nov/2023:01:25:56 -0500] "GET /BLA/boletinlegal/consulta_conceptos.php?no=&solicitante=&radicado_entrada=&fecha_concepto=2017&objeto=sucesion HTTP/1.1" 200 570
172.22.2.4 - - [16/Nov/2023:01:25:59 -0500] "GET /BLA/boletinlegal/consulta_conceptos.php?no=&solicitante=&radicado_entrada=&fecha_concepto=2018&objeto=sucesion HTTP/1.1" 200 570
172.22.2.4 - - [16/Nov/2023:01:26:02 -0500] "GET /BLA/boletinlegal/consulta_conceptos.php?no=&solicitante=&radicado_entrada=&fecha_concepto=2019&objeto=sucesion HTTP/1.1" 200 570
172.22.2.4 - - [16/Nov/2023:01:26:05 -0500] "GET /BLA/boletinlegal/consulta_conceptos.php?no=&solicitante=&radicado_entrada=&fecha_concepto=2020&objeto=sucesion HTTP/1.1" 200 570
172.22.2.4 - - [16/Nov/2023:01:26:08 -0500] "GET /BLA/boletinlegal/consulta_conceptos.php?no=&solicitante=&radicado_entrada=&fecha_concepto=2021&objeto=sucesion HTTP/1.1" 200 570
172.22.2.4 - - [16/Nov/2023:01:26:12 -0500] "GET /BLA/boletinlegal/consulta_conceptos.php?no=&solicitante=&radicado_entrada=&fecha_concepto=2022&objeto=sucesion HTTP/1.1" 200 570
172.22.2.4 - - [16/Nov/2023:01:26:15 -0500] "GET /BLA/boletinlegal/consulta_conceptos.php?no=&solicitante=&radicado_entrada=&fecha_concepto=2023&objeto=sucesion HTTP/1.1" 200 570
216.245.221.92 - - [16/Nov/2023:01:26:21 -0500] "HEAD / HTTP/1.1" 200 -
201.245.192.253 - - [16/Nov/2023:01:27:16 -0500] "POST /forms/lservlet;jsessionid=ac16012b30d683d1711678cf4990b861e07ba9caeb48.e3iSbxaKaheRe3eRa38MahaQbi1ynknvrkLOlQzNp65In0 HTTP/1.1" 200 2
201.245.192.253 - - [16/Nov/2023:01:27:16 -0500] "POST /kwsrmcab/Wsrmcab  HTTP/1.1" 200 40720
201.245.192.253 - - [16/Nov/2023:01:27:19 -0500] "POST /kwsrmcab/Wsrmcab HTTP/1.1" 200 41331
201.245.192.253 - - [16/Nov/2023:01:27:22 -0500] "POST /kwsrmcab/Wsrmcab HTTP/1.1" 200 41163
152.61.128.50 - - [16/Nov/2023:01:27:42 -0500] "GET / HTTP/1.1" 200 319
201.245.192.253 - - [16/Nov/2023:01:27:43 -0500] "POST /forms/lservlet;jsessionid=ac16012b30d63836718647184461850edc8d8a6fee37.e3iSbxaKaheRe3eRa38MahaQbi1ynknvrkLOlQzNp65In0 HTTP/1.1" 200 2
40.77.167.7 - - [16/Nov/2023:01:27:43 -0500] "GET /Publicaciones/2023EE210173.pdf HTTP/1.1" 404 228
172.22.2.4 - - [16/Nov/2023:01:26:07 -0500] "HEAD /BLA/boletinlegal/ HTTP/1.1" 200 -
172.22.2.4 - - [16/Nov/2023:01:26:58 -0500] "GET /BLA/boletinlegal/ HTTP/1.1" 200 59360
201.245.192.253 - - [16/Nov/2023:01:29:16 -0500] "POST /forms/lservlet;jsessionid=ac16012b30d683d1711678cf4990b861e07ba9caeb48.e3iSbxaKaheRe3eRa38MahaQbi1ynknvrkLOlQzNp65In0 HTTP/1.1" 200 2
201.245.192.253 - - [16/Nov/2023:01:29:43 -0500] "POST /forms/lservlet;jsessionid=ac16012b30d63836718647184461850edc8d8a6fee37.e3iSbxaKaheRe3eRa38MahaQbi1ynknvrkLOlQzNp65In0 HTTP/1.1" 200 2
66.249.66.193 - - [16/Nov/2023:01:30:37 -0500] "GET /inscribete-y-participa-en-la-convencion-internacional-de-emergencia-climatica-bogota-2023.html HTTP/1.1" 200 895
201.245.192.253 - - [16/Nov/2023:01:30:43 -0500] "POST /kwsrmcab/Wsrmcab HTTP/1.1" 200 41331
201.245.192.253 - - [16/Nov/2023:01:30:47 -0500] "POST /kwsrmcab/Wsrmcab HTTP/1.1" 200 41163
201.245.192.253 - - [16/Nov/2023:01:31:16 -0500] "POST /forms/lservlet;jsessionid=ac16012b30d683d1711678cf4990b861e07ba9caeb48.e3iSbxaKaheRe3eRa38MahaQbi1ynknvrkLOlQzNp65In0 HTTP/1.1" 200 2
216.245.221.92 - - [16/Nov/2023:01:31:21 -0500] "HEAD / HTTP/1.1" 200 -
201.245.192.253 - - [16/Nov/2023:01:31:43 -0500] "POST /forms/lservlet;jsessionid=ac16012b30d63836718647184461850edc8d8a6fee37.e3iSbxaKaheRe3eRa38MahaQbi1ynknvrkLOlQzNp65In0 HTTP/1.1" 200 2
201.245.192.253 - - [16/Nov/2023:01:32:15 -0500] "POST /kwsrmcab/Wsrmcab  HTTP/1.1" 200 40720
201.245.192.253 - - [16/Nov/2023:01:33:16 -0500] "POST /forms/lservlet;jsessionid=ac16012b30d683d1711678cf4990b861e07ba9caeb48.e3iSbxaKaheRe3eRa38MahaQbi1ynknvrkLOlQzNp65In0 HTTP/1.1" 200 2
172.22.2.4 - - [16/Nov/2023:01:31:57 -0500] "HEAD /BLA/boletinlegal/ HTTP/1.1" 200 -
201.245.192.253 - - [16/Nov/2023:01:33:43 -0500] "POST /forms/lservlet;jsessionid=ac16012b30d63836718647184461850edc8d8a6fee37.e3iSbxaKaheRe3eRa38MahaQbi1ynknvrkLOlQzNp65In0 HTTP/1.1" 200 2
66.249.66.20 - - [16/Nov/2023:01:34:17 -0500] "GET /BLA/resoluciones/RESOLUCIONES%202009/1230.pdf HTTP/1.1" 200 395410
172.22.2.4 - - [16/Nov/2023:01:32:48 -0500] "GET /BLA/boletinlegal/ HTTP/1.1" 200 58644
201.245.192.253 - - [16/Nov/2023:01:35:16 -0500] "POST /forms/lservlet;jsessionid=ac16012b30d683d1711678cf4990b861e07ba9caeb48.e3iSbxaKaheRe3eRa38MahaQbi1ynknvrkLOlQzNp65In0 HTTP/1.1" 200 2
201.245.192.253 - - [16/Nov/2023:01:35:43 -0500] "POST /forms/lservlet;jsessionid=ac16012b30d63836718647184461850edc8d8a6fee37.e3iSbxaKaheRe3eRa38MahaQbi1ynknvrkLOlQzNp65In0 HTTP/1.1" 200 2
216.245.221.92 - - [16/Nov/2023:01:36:21 -0500] "HEAD / HTTP/1.1" 200 -
137.184.217.189 - - [16/Nov/2023:01:36:39 -0500] "GET / HTTP/1.1" 200 319
201.245.192.253 - - [16/Nov/2023:01:37:16 -0500] "POST /forms/lservlet;jsessionid=ac16012b30d683d1711678cf4990b861e07ba9caeb48.e3iSbxaKaheRe3eRa38MahaQbi1ynknvrkLOlQzNp65In0 HTTP/1.1" 200 2
201.245.192.253 - - [16/Nov/2023:01:37:14 -0500] "POST /kwsrmcab/Wsrmcab  HTTP/1.1" 200 40720
201.245.192.253 - - [16/Nov/2023:01:37:19 -0500] "POST /kwsrmcab/Wsrmcab HTTP/1.1" 200 41331
201.245.192.253 - - [16/Nov/2023:01:37:22 -0500] "POST /kwsrmcab/Wsrmcab HTTP/1.1" 200 41163
162.55.165.184 - - [16/Nov/2023:01:37:25 -0500] "GET / HTTP/1.1" 200 319
162.55.165.184 - - [16/Nov/2023:01:37:28 -0500] "GET / HTTP/1.1" 200 4720
201.245.192.253 - - [16/Nov/2023:01:37:43 -0500] "POST /forms/lservlet;jsessionid=ac16012b30d63836718647184461850edc8d8a6fee37.e3iSbxaKaheRe3eRa38MahaQbi1ynknvrkLOlQzNp65In0 HTTP/1.1" 200 2
157.55.39.6 - - [16/Nov/2023:01:38:14 -0500] "GET /BLA/resoluciones/RESOLUCIONES%202023/2272.pdf HTTP/1.1" 200 540719
66.249.66.19 - - [16/Nov/2023:01:39:07 -0500] "GET /BLA/resoluciones/Autos%202008/0941.pdf HTTP/1.1" 200 110340
201.245.192.253 - - [16/Nov/2023:01:39:16 -0500] "POST /forms/lservlet;jsessionid=ac16012b30d683d1711678cf4990b861e07ba9caeb48.e3iSbxaKaheRe3eRa38MahaQbi1ynknvrkLOlQzNp65In0 HTTP/1.1" 200 2
172.22.2.4 - - [16/Nov/2023:01:37:47 -0500] "HEAD /BLA/boletinlegal/ HTTP/1.1" 200 -
201.245.192.253 - - [16/Nov/2023:01:39:43 -0500] "POST /forms/lservlet;jsessionid=ac16012b30d63836718647184461850edc8d8a6fee37.e3iSbxaKaheRe3eRa38MahaQbi1ynknvrkLOlQzNp65In0 HTTP/1.1" 200 2
172.22.2.4 - - [16/Nov/2023:01:38:38 -0500] "GET /BLA/boletinlegal/ HTTP/1.1" 200 60634
40.77.167.35 - - [16/Nov/2023:01:40:36 -0500] "GET /BLA/resoluciones/AUTOS%202021/6549.pdf HTTP/1.1" 304 -
201.245.192.253 - - [16/Nov/2023:01:40:43 -0500] "POST /kwsrmcab/Wsrmcab HTTP/1.1" 200 41331
201.245.192.253 - - [16/Nov/2023:01:40:46 -0500] "POST /kwsrmcab/Wsrmcab HTTP/1.1" 200 41163
201.245.192.253 - - [16/Nov/2023:01:41:16 -0500] "POST /forms/lservlet;jsessionid=ac16012b30d683d1711678cf4990b861e07ba9caeb48.e3iSbxaKaheRe3eRa38MahaQbi1ynknvrkLOlQzNp65In0 HTTP/1.1" 200 2
216.245.221.92 - - [16/Nov/2023:01:41:21 -0500] "HEAD / HTTP/1.1" 200 -
66.249.66.20 - - [16/Nov/2023:01:41:22 -0500] "GET /BLA/resoluciones/RESOLUCIONES%202012/1356.pdf HTTP/1.1" 200 282950
201.245.192.253 - - [16/Nov/2023:01:41:43 -0500] "POST /forms/lservlet;jsessionid=ac16012b30d63836718647184461850edc8d8a6fee37.e3iSbxaKaheRe3eRa38MahaQbi1ynknvrkLOlQzNp65In0 HTTP/1.1" 200 2
201.245.192.253 - - [16/Nov/2023:01:42:13 -0500] "POST /kwsrmcab/Wsrmcab  HTTP/1.1" 200 40720
201.245.192.253 - - [16/Nov/2023:01:43:16 -0500] "POST /forms/lservlet;jsessionid=ac16012b30d683d1711678cf4990b861e07ba9caeb48.e3iSbxaKaheRe3eRa38MahaQbi1ynknvrkLOlQzNp65In0 HTTP/1.1" 200 2
201.245.192.253 - - [16/Nov/2023:01:43:43 -0500] "POST /forms/lservlet;jsessionid=ac16012b30d63836718647184461850edc8d8a6fee37.e3iSbxaKaheRe3eRa38MahaQbi1ynknvrkLOlQzNp65In0 HTTP/1.1" 200 2
201.245.192.253 - - [16/Nov/2023:01:45:16 -0500] "POST /forms/lservlet;jsessionid=ac16012b30d683d1711678cf4990b861e07ba9caeb48.e3iSbxaKaheRe3eRa38MahaQbi1ynknvrkLOlQzNp65In0 HTTP/1.1" 200 2
172.22.2.4 - - [16/Nov/2023:01:43:37 -0500] "HEAD /BLA/boletinlegal/ HTTP/1.1" 200 -
40.77.167.35 - - [16/Nov/2023:01:45:36 -0500] "GET /Publicaciones/2023EE218266.pdf HTTP/1.1" 404 228
201.245.192.253 - - [16/Nov/2023:01:45:43 -0500] "POST /forms/lservlet;jsessionid=ac16012b30d63836718647184461850edc8d8a6fee37.e3iSbxaKaheRe3eRa38MahaQbi1ynknvrkLOlQzNp65In0 HTTP/1.1" 200 2
172.22.2.4 - - [16/Nov/2023:01:44:28 -0500] "GET /BLA/boletinlegal/ HTTP/1.1" 200 58294
216.245.221.92 - - [16/Nov/2023:01:46:21 -0500] "HEAD / HTTP/1.1" 200 -
201.245.192.253 - - [16/Nov/2023:01:47:13 -0500] "POST /kwsrmcab/Wsrmcab  HTTP/1.1" 200 40720
201.245.192.253 - - [16/Nov/2023:01:47:16 -0500] "POST /forms/lservlet;jsessionid=ac16012b30d683d1711678cf4990b861e07ba9caeb48.e3iSbxaKaheRe3eRa38MahaQbi1ynknvrkLOlQzNp65In0 HTTP/1.1" 200 2
201.245.192.253 - - [16/Nov/2023:01:47:43 -0500] "POST /forms/lservlet;jsessionid=ac16012b30d63836718647184461850edc8d8a6fee37.e3iSbxaKaheRe3eRa38MahaQbi1ynknvrkLOlQzNp65In0 HTTP/1.1" 200 2
201.245.192.253 - - [16/Nov/2023:01:49:16 -0500] "POST /forms/lservlet;jsessionid=ac16012b30d683d1711678cf4990b861e07ba9caeb48.e3iSbxaKaheRe3eRa38MahaQbi1ynknvrkLOlQzNp65In0 HTTP/1.1" 200 2
201.245.192.253 - - [16/Nov/2023:01:49:43 -0500] "POST /forms/lservlet;jsessionid=ac16012b30d63836718647184461850edc8d8a6fee37.e3iSbxaKaheRe3eRa38MahaQbi1ynknvrkLOlQzNp65In0 HTTP/1.1" 200 2
66.249.66.21 - - [16/Nov/2023:01:50:06 -0500] "GET /BLA/resoluciones/AUTOS%202008/1027.pdf HTTP/1.1" 200 165474
66.249.66.20 - - [16/Nov/2023:01:50:40 -0500] "GET /Publicaciones/2022EE287565.pdf HTTP/1.1" 404 228
172.22.2.4 - - [16/Nov/2023:01:49:27 -0500] "HEAD /BLA/boletinlegal/ HTTP/1.1" 200 -
162.55.175.144 - - [16/Nov/2023:01:51:14 -0500] "GET / HTTP/1.1" 200 4720
201.245.192.253 - - [16/Nov/2023:01:51:16 -0500] "POST /forms/lservlet;jsessionid=ac16012b30d683d1711678cf4990b861e07ba9caeb48.e3iSbxaKaheRe3eRa38MahaQbi1ynknvrkLOlQzNp65In0 HTTP/1.1" 200 2
162.55.175.144 - - [16/Nov/2023:01:51:17 -0500] "GET / HTTP/1.1" 200 319
216.245.221.92 - - [16/Nov/2023:01:51:21 -0500] "HEAD / HTTP/1.1" 200 -
201.245.192.253 - - [16/Nov/2023:01:51:43 -0500] "POST /forms/lservlet;jsessionid=ac16012b30d63836718647184461850edc8d8a6fee37.e3iSbxaKaheRe3eRa38MahaQbi1ynknvrkLOlQzNp65In0 HTTP/1.1" 200 2
172.22.2.4 - - [16/Nov/2023:01:50:18 -0500] "GET /BLA/boletinlegal/ HTTP/1.1" 200 58644
201.245.192.253 - - [16/Nov/2023:01:52:12 -0500] "POST /kwsrmcab/Wsrmcab  HTTP/1.1" 200 40720
114.119.147.73 - - [16/Nov/2023:01:52:43 -0500] "GET /BLA/resoluciones/index.php?dir=Notificaciones/AUTOS%2B2017/&sort=name&order=asc HTTP/1.1" 200 13944
152.61.192.232 - - [16/Nov/2023:01:52:43 -0500] "GET /arcgis/services/Calidad_del_Agua_WQI/MapServer/WMSServer?request=GetCapabilities&service=WMS HTTP/1.1" 503 1020
