201.245.192.253 - - [18/Nov/2023:03:11:56 -0500] "POST /kwsrmcab/Wsrmcab  HTTP/1.1" 200 40861
40.77.167.70 - - [18/Nov/2023:03:12:16 -0500] "GET /BLA/resoluciones/RESOLUCIONES%202021/5502.pdf HTTP/1.1" 304 -
40.77.167.70 - - [18/Nov/2023:03:13:56 -0500] "GET /BLA/resoluciones/RESOLUCIONES%202022/3420.pdf HTTP/1.1" 200 503019
66.249.69.196 - - [18/Nov/2023:03:14:05 -0500] "GET /Publicaciones/2023EE255699.pdf HTTP/1.1" 404 228
213.238.181.240 - - [18/Nov/2023:03:14:29 -0500] "GET /wp-login.php HTTP/1.1" 404 1035
172.22.2.4 - - [18/Nov/2023:03:13:51 -0500] "HEAD /BLA/boletinlegal/ HTTP/1.1" 200 -
216.245.221.92 - - [18/Nov/2023:03:16:13 -0500] "HEAD / HTTP/1.1" 200 -
172.22.2.4 - - [18/Nov/2023:03:14:41 -0500] "GET /BLA/boletinlegal/ HTTP/1.1" 200 58294
201.245.192.253 - - [18/Nov/2023:03:16:55 -0500] "POST /kwsrmcab/Wsrmcab  HTTP/1.1" 200 40861
201.245.192.253 - - [18/Nov/2023:03:17:10 -0500] "POST /kwsrmcab/Wsrmcab HTTP/1.1" 200 41050
201.245.192.253 - - [18/Nov/2023:03:17:12 -0500] "POST /kwsrmcab/Wsrmcab HTTP/1.1" 200 41969
201.245.192.253 - - [18/Nov/2023:03:20:35 -0500] "POST /kwsrmcab/Wsrmcab HTTP/1.1" 200 41050
201.245.192.253 - - [18/Nov/2023:03:20:47 -0500] "POST /kwsrmcab/Wsrmcab HTTP/1.1" 200 41969
216.245.221.92 - - [18/Nov/2023:03:21:13 -0500] "HEAD / HTTP/1.1" 200 -
172.22.2.4 - - [18/Nov/2023:03:19:41 -0500] "HEAD /BLA/boletinlegal/ HTTP/1.1" 200 -
201.245.192.253 - - [18/Nov/2023:03:21:54 -0500] "POST /kwsrmcab/Wsrmcab  HTTP/1.1" 200 40861
52.167.144.168 - - [18/Nov/2023:03:21:57 -0500] "GET /portaldeninos/?s=2023 HTTP/1.1" 200 87105
172.22.2.4 - - [18/Nov/2023:03:20:31 -0500] "GET /BLA/boletinlegal/ HTTP/1.1" 200 60634
216.245.221.92 - - [18/Nov/2023:03:26:13 -0500] "HEAD / HTTP/1.1" 200 -
201.245.192.253 - - [18/Nov/2023:03:26:52 -0500] "POST /kwsrmcab/Wsrmcab  HTTP/1.1" 200 40861
172.22.2.4 - - [18/Nov/2023:03:25:31 -0500] "HEAD /BLA/boletinlegal/ HTTP/1.1" 200 -
201.245.192.253 - - [18/Nov/2023:03:27:10 -0500] "POST /kwsrmcab/Wsrmcab HTTP/1.1" 200 41050
201.245.192.253 - - [18/Nov/2023:03:27:13 -0500] "POST /kwsrmcab/Wsrmcab HTTP/1.1" 200 41969
172.22.2.4 - - [18/Nov/2023:03:26:21 -0500] "GET /BLA/boletinlegal/ HTTP/1.1" 200 58294
172.22.2.4 - - [18/Nov/2023:03:29:51 -0500] "GET /BLA/boletinlegal/ HTTP/1.1" 200 20427
201.245.192.253 - - [18/Nov/2023:03:30:35 -0500] "POST /kwsrmcab/Wsrmcab HTTP/1.1" 200 41050
40.77.167.36 - - [18/Nov/2023:03:30:39 -0500] "GET /Publicaciones/2023EE187157.pdf HTTP/1.1" 404 228
201.245.192.253 - - [18/Nov/2023:03:30:39 -0500] "POST /kwsrmcab/Wsrmcab HTTP/1.1" 200 41969
216.245.221.92 - - [18/Nov/2023:03:31:13 -0500] "HEAD / HTTP/1.1" 200 -
201.245.192.253 - - [18/Nov/2023:03:31:52 -0500] "POST /kwsrmcab/Wsrmcab  HTTP/1.1" 200 40861
172.22.2.4 - - [18/Nov/2023:03:31:21 -0500] "HEAD /BLA/boletinlegal/ HTTP/1.1" 200 -
172.22.2.4 - - [18/Nov/2023:03:32:11 -0500] "GET /BLA/boletinlegal/ HTTP/1.1" 200 59360
172.22.2.4 - - [18/Nov/2023:03:33:37 -0500] "GET /BLA/boletinlegal/ HTTP/1.1" 200 20427
173.252.107.116 - - [18/Nov/2023:03:35:52 -0500] "GET /images/Zorro%20cangrejero.jpg HTTP/1.1" 200 40050
52.167.144.1 - - [18/Nov/2023:03:35:54 -0500] "GET /portaldeninos/wp-content/uploads/2020/11/La-Vaca-B-133x75.jpg HTTP/1.1" 200 3642
173.252.107.7 - - [18/Nov/2023:03:36:07 -0500] "GET /images/cuerpos%20de%20agua%20en%20humedales-19-10.jpg HTTP/1.1" 200 73528
216.245.221.92 - - [18/Nov/2023:03:36:13 -0500] "HEAD / HTTP/1.1" 200 -
201.245.192.253 - - [18/Nov/2023:03:36:51 -0500] "POST /kwsrmcab/Wsrmcab  HTTP/1.1" 200 40861
201.245.192.253 - - [18/Nov/2023:03:37:09 -0500] "POST /kwsrmcab/Wsrmcab HTTP/1.1" 200 41050
201.245.192.253 - - [18/Nov/2023:03:37:12 -0500] "POST /kwsrmcab/Wsrmcab HTTP/1.1" 200 41969
172.22.2.4 - - [18/Nov/2023:03:37:11 -0500] "HEAD /BLA/boletinlegal/ HTTP/1.1" 200 -
172.22.2.4 - - [18/Nov/2023:03:38:01 -0500] "GET /BLA/boletinlegal/ HTTP/1.1" 200 58294
201.245.192.253 - - [18/Nov/2023:03:40:35 -0500] "POST /kwsrmcab/Wsrmcab HTTP/1.1" 200 41050
201.245.192.253 - - [18/Nov/2023:03:40:38 -0500] "POST /kwsrmcab/Wsrmcab HTTP/1.1" 200 41969
40.77.167.54 - - [18/Nov/2023:03:40:58 -0500] "GET /BLA/resoluciones/AUTOS%202021/4781.pdf HTTP/1.1" 304 -
216.245.221.92 - - [18/Nov/2023:03:41:13 -0500] "HEAD / HTTP/1.1" 200 -
20.15.133.185 - - [18/Nov/2023:03:41:19 -0500] "GET /BLA/resoluciones/AUTOS%202023/3378.pdf HTTP/1.1" 200 1016224
201.245.192.253 - - [18/Nov/2023:03:41:49 -0500] "POST /kwsrmcab/Wsrmcab  HTTP/1.1" 200 40861
3.67.178.65 - - [18/Nov/2023:03:41:55 -0500] "GET /robots.txt HTTP/1.1" 404 1022
3.67.178.65 - - [18/Nov/2023:03:41:55 -0500] "GET / HTTP/1.1" 200 319
66.249.66.192 - - [18/Nov/2023:03:42:13 -0500] "GET /en-semana-santa-no-uses-palmas-ni-traigas-o-consumas-animales-silvestres.html HTTP/1.1" 200 959
66.249.66.194 - - [18/Nov/2023:03:43:56 -0500] "GET /inscribete-en-este-proceso-de-formacion-para-ser-un-lider-o-una-lideresa-ambiental-en-tu-localidad.html HTTP/1.1" 304 -
52.167.144.221 - - [18/Nov/2023:03:44:18 -0500] "GET /BLA/resoluciones/RESOLUCIONES%202019/1652.pdf HTTP/1.1" 304 -
172.22.2.4 - - [18/Nov/2023:03:43:01 -0500] "HEAD /BLA/boletinlegal/ HTTP/1.1" 200 -
40.77.167.247 - - [18/Nov/2023:03:44:51 -0500] "GET /BLA/resoluciones/AUTOS%202023/0147.pdf HTTP/1.1" 200 503731
87.236.176.245 - - [18/Nov/2023:03:44:58 -0500] "GET /portaldeninos/ HTTP/1.1" 200 110175
52.167.144.174 - - [18/Nov/2023:03:45:23 -0500] "GET /calidad-del-aire-en-bogota-afectada-de-nuevo-por-incendios-forestales-se-decreta-alerta-fase-1.html HTTP/1.1" 200 1057
172.22.2.4 - - [18/Nov/2023:03:43:51 -0500] "GET /BLA/boletinlegal/ HTTP/1.1" 200 61018
216.245.221.92 - - [18/Nov/2023:03:46:13 -0500] "HEAD / HTTP/1.1" 200 -
201.245.192.253 - - [18/Nov/2023:03:46:48 -0500] "POST /kwsrmcab/Wsrmcab  HTTP/1.1" 200 40861
40.77.167.247 - - [18/Nov/2023:03:49:12 -0500] "GET /BLA/resoluciones/RESOLUCIONES%202010/4664.pdf HTTP/1.1" 304 -
172.22.2.4 - - [18/Nov/2023:03:48:51 -0500] "HEAD /BLA/boletinlegal/ HTTP/1.1" 200 -
216.245.221.92 - - [18/Nov/2023:03:51:13 -0500] "HEAD / HTTP/1.1" 200 -
172.22.2.4 - - [18/Nov/2023:03:49:41 -0500] "GET /BLA/boletinlegal/ HTTP/1.1" 200 60634
201.245.192.253 - - [18/Nov/2023:03:51:47 -0500] "POST /kwsrmcab/Wsrmcab  HTTP/1.1" 200 40861
40.77.167.235 - - [18/Nov/2023:03:52:02 -0500] "GET /BLA/resoluciones/AUTOS%202021/3948.pdf HTTP/1.1" 304 -
17.22.237.187 - - [18/Nov/2023:03:52:27 -0500] "GET /como-obtener-el-certificado-de-estado-de-conservacion-ambiental-ceca.html HTTP/1.1" 200 873
40.77.167.247 - - [18/Nov/2023:03:53:31 -0500] "GET /Publicaciones/2023EE242154.pdf HTTP/1.1" 404 228
66.249.66.194 - - [18/Nov/2023:03:54:30 -0500] "GET /dia-mundial-del-agua-2023-programate-para-participar-en-estas-actividades-de-educacion-ambiental.html HTTP/1.1" 200 903
66.249.69.195 - - [18/Nov/2023:03:53:05 -0500] "GET /BLA/boletinlegal/index.php? HTTP/1.1" 200 62729
216.245.221.92 - - [18/Nov/2023:03:56:13 -0500] "HEAD / HTTP/1.1" 200 -
172.22.2.4 - - [18/Nov/2023:03:54:40 -0500] "HEAD /BLA/boletinlegal/ HTTP/1.1" 200 -
193.118.51.134 - - [18/Nov/2023:03:56:26 -0500] "GET /portaldeninos/ HTTP/1.1" 200 110175
201.245.192.253 - - [18/Nov/2023:03:56:46 -0500] "POST /kwsrmcab/Wsrmcab  HTTP/1.1" 200 40861
172.22.2.4 - - [18/Nov/2023:03:55:31 -0500] "GET /BLA/boletinlegal/ HTTP/1.1" 200 60634
172.22.2.4 - - [18/Nov/2023:03:57:49 -0500] "GET /BLA/boletinlegal/ HTTP/1.1" 200 20427
43.228.126.122 - - [18/Nov/2023:03:58:36 -0500] "GET /?author=11 HTTP/1.1" 200 319
8.222.16.187 - - [18/Nov/2023:03:58:37 -0500] "GET /?author=21 HTTP/1.1" 200 319
8.222.16.187 - - [18/Nov/2023:03:58:38 -0500] "GET /?author=21 HTTP/1.1" 200 319
8.222.16.187 - - [18/Nov/2023:03:58:38 -0500] "GET /?author=22 HTTP/1.1" 200 319
8.222.16.187 - - [18/Nov/2023:03:58:39 -0500] "GET /?author=23 HTTP/1.1" 200 319
8.222.16.187 - - [18/Nov/2023:03:58:39 -0500] "GET /?author=24 HTTP/1.1" 200 319
43.228.126.122 - - [18/Nov/2023:03:58:39 -0500] "GET /?author=11 HTTP/1.1" 200 319
8.222.16.187 - - [18/Nov/2023:03:58:40 -0500] "GET /?author=25 HTTP/1.1" 200 319
43.228.126.122 - - [18/Nov/2023:03:58:40 -0500] "GET /?author=12 HTTP/1.1" 200 319
8.222.16.187 - - [18/Nov/2023:03:58:41 -0500] "GET /?author=26 HTTP/1.1" 200 319
43.228.126.122 - - [18/Nov/2023:03:58:41 -0500] "GET /?author=13 HTTP/1.1" 200 319
8.222.16.187 - - [18/Nov/2023:03:58:41 -0500] "GET /?author=27 HTTP/1.1" 200 319
43.228.126.122 - - [18/Nov/2023:03:58:42 -0500] "GET /?author=14 HTTP/1.1" 200 319
8.222.16.187 - - [18/Nov/2023:03:58:42 -0500] "GET /?author=28 HTTP/1.1" 200 319
207.180.221.129 - - [18/Nov/2023:03:58:42 -0500] "GET /?author=1 HTTP/1.1" 200 319
207.180.221.129 - - [18/Nov/2023:03:58:42 -0500] "GET /?author=1 HTTP/1.1" 200 319
8.222.16.187 - - [18/Nov/2023:03:58:42 -0500] "GET /?author=29 HTTP/1.1" 200 319
43.228.126.122 - - [18/Nov/2023:03:58:42 -0500] "GET /?author=15 HTTP/1.1" 200 319
207.180.221.129 - - [18/Nov/2023:03:58:42 -0500] "GET /?author=2 HTTP/1.1" 200 319
8.222.16.187 - - [18/Nov/2023:03:58:43 -0500] "GET /?author=30 HTTP/1.1" 200 319
207.180.221.129 - - [18/Nov/2023:03:58:43 -0500] "GET /?author=3 HTTP/1.1" 200 319
43.228.126.122 - - [18/Nov/2023:03:58:43 -0500] "GET /?author=16 HTTP/1.1" 200 319
207.180.221.129 - - [18/Nov/2023:03:58:43 -0500] "GET /?author=4 HTTP/1.1" 200 319
207.180.221.129 - - [18/Nov/2023:03:58:44 -0500] "GET /?author=5 HTTP/1.1" 200 319
43.228.126.122 - - [18/Nov/2023:03:58:44 -0500] "GET /?author=17 HTTP/1.1" 200 319
207.180.221.129 - - [18/Nov/2023:03:58:44 -0500] "GET /?author=6 HTTP/1.1" 200 319
207.180.221.129 - - [18/Nov/2023:03:58:44 -0500] "GET /?author=7 HTTP/1.1" 200 319
43.228.126.122 - - [18/Nov/2023:03:58:44 -0500] "GET /?author=18 HTTP/1.1" 200 319
207.180.221.129 - - [18/Nov/2023:03:58:45 -0500] "GET /?author=8 HTTP/1.1" 200 319
207.180.221.129 - - [18/Nov/2023:03:58:45 -0500] "GET /?author=9 HTTP/1.1" 200 319
43.228.126.122 - - [18/Nov/2023:03:58:45 -0500] "GET /?author=19 HTTP/1.1" 200 319
207.180.221.129 - - [18/Nov/2023:03:58:45 -0500] "GET /?author=10 HTTP/1.1" 200 319
43.228.126.122 - - [18/Nov/2023:03:58:46 -0500] "GET /?author=20 HTTP/1.1" 200 319
76.167.231.121 - - [18/Nov/2023:03:58:51 -0500] "GET /?author=31 HTTP/1.1" 200 319
76.167.231.121 - - [18/Nov/2023:03:58:51 -0500] "GET /?author=31 HTTP/1.1" 200 319
76.167.231.121 - - [18/Nov/2023:03:58:52 -0500] "GET /?author=32 HTTP/1.1" 200 319
76.167.231.121 - - [18/Nov/2023:03:58:52 -0500] "GET /?author=33 HTTP/1.1" 200 319
76.167.231.121 - - [18/Nov/2023:03:58:52 -0500] "GET /?author=34 HTTP/1.1" 200 319
76.167.231.121 - - [18/Nov/2023:03:58:53 -0500] "GET /?author=35 HTTP/1.1" 200 319
76.167.231.121 - - [18/Nov/2023:03:58:53 -0500] "GET /?author=36 HTTP/1.1" 200 319
76.167.231.121 - - [18/Nov/2023:03:58:53 -0500] "GET /?author=37 HTTP/1.1" 200 319
76.167.231.121 - - [18/Nov/2023:03:58:54 -0500] "GET /?author=38 HTTP/1.1" 200 319
103.8.25.55 - - [18/Nov/2023:03:58:54 -0500] "GET /?author=41 HTTP/1.1" 200 319
76.167.231.121 - - [18/Nov/2023:03:58:54 -0500] "GET /?author=39 HTTP/1.1" 200 319
76.167.231.121 - - [18/Nov/2023:03:58:54 -0500] "GET /?author=40 HTTP/1.1" 200 319
103.8.25.55 - - [18/Nov/2023:03:58:55 -0500] "GET /?author=41 HTTP/1.1" 200 319
103.8.25.55 - - [18/Nov/2023:03:58:55 -0500] "GET /?author=42 HTTP/1.1" 200 319
103.8.25.55 - - [18/Nov/2023:03:58:56 -0500] "GET /?author=43 HTTP/1.1" 200 319
103.8.25.55 - - [18/Nov/2023:03:58:56 -0500] "GET /?author=44 HTTP/1.1" 200 319
103.8.25.55 - - [18/Nov/2023:03:58:57 -0500] "GET /?author=45 HTTP/1.1" 200 319
103.8.25.55 - - [18/Nov/2023:03:58:58 -0500] "GET /?author=46 HTTP/1.1" 200 319
103.8.25.55 - - [18/Nov/2023:03:58:58 -0500] "GET /?author=47 HTTP/1.1" 200 319
103.8.25.55 - - [18/Nov/2023:03:58:59 -0500] "GET /?author=48 HTTP/1.1" 200 319
103.8.25.55 - - [18/Nov/2023:03:59:00 -0500] "GET /?author=49 HTTP/1.1" 200 319
103.8.25.55 - - [18/Nov/2023:03:59:00 -0500] "GET /?author=50 HTTP/1.1" 200 319
40.77.167.18 - - [18/Nov/2023:03:59:13 -0500] "GET /BLA/resoluciones/AUTOS%202022/4421.pdf HTTP/1.1" 304 -
66.249.69.194 - - [18/Nov/2023:04:00:28 -0500] "GET /robots.txt HTTP/1.1" 404 1018
66.249.69.195 - - [18/Nov/2023:04:00:28 -0500] "GET /Publicaciones/2023EE217532.pdf HTTP/1.1" 404 228
216.245.221.92 - - [18/Nov/2023:04:01:13 -0500] "HEAD / HTTP/1.1" 200 -
201.245.192.253 - - [18/Nov/2023:04:01:45 -0500] "POST /kwsrmcab/Wsrmcab  HTTP/1.1" 200 40861
172.22.2.4 - - [18/Nov/2023:04:00:44 -0500] "GET /BLA/boletinlegal/ HTTP/1.1" 200 36811
172.22.2.4 - - [18/Nov/2023:04:00:30 -0500] "HEAD /BLA/boletinlegal/ HTTP/1.1" 200 -
172.22.2.4 - - [18/Nov/2023:04:01:21 -0500] "GET /BLA/boletinlegal/ HTTP/1.1" 200 54105
198.20.69.98 - - [18/Nov/2023:04:05:18 -0500] "GET / HTTP/1.1" 200 319
198.20.69.98 - - [18/Nov/2023:04:05:18 -0500] "GET /robots.txt HTTP/1.1" 404 1018
198.20.69.98 - - [18/Nov/2023:04:05:19 -0500] "GET /sitemap.xml HTTP/1.1" 404 1018
198.20.69.98 - - [18/Nov/2023:04:05:21 -0500] "GET /.well-known/security.txt HTTP/1.1" 404 1018
198.20.69.98 - - [18/Nov/2023:04:05:23 -0500] "GET /favicon.ico HTTP/1.1" 200 7782
216.245.221.92 - - [18/Nov/2023:04:06:13 -0500] "HEAD / HTTP/1.1" 200 -
201.245.192.253 - - [18/Nov/2023:04:06:44 -0500] "POST /kwsrmcab/Wsrmcab  HTTP/1.1" 200 40861
172.22.2.4 - - [18/Nov/2023:04:06:20 -0500] "HEAD /BLA/boletinlegal/ HTTP/1.1" 200 -
172.22.2.4 - - [18/Nov/2023:04:07:58 -0500] "GET /BLA/boletinlegal/ HTTP/1.1" 200 20427
172.22.2.4 - - [18/Nov/2023:04:07:11 -0500] "GET /BLA/boletinlegal/ HTTP/1.1" 200 56997
66.249.69.195 - - [18/Nov/2023:04:10:14 -0500] "GET /BLA/resoluciones/RESOLUCIONES%202009/1800.pdf HTTP/1.1" 200 770609
216.245.221.92 - - [18/Nov/2023:04:11:13 -0500] "HEAD / HTTP/1.1" 200 -
201.245.192.253 - - [18/Nov/2023:04:11:43 -0500] "POST /kwsrmcab/Wsrmcab  HTTP/1.1" 200 40861
34.90.138.212 - - [18/Nov/2023:04:12:07 -0500] "GET /consulta-y-conoce-los-proyectos-de-resolucion-de-para-los-planes-de-manejo-ambiental-de-cinco-humedales-en-bogota.html HTTP/1.1" 200 971
40.77.167.8 - - [18/Nov/2023:04:12:31 -0500] "GET /BLA/resoluciones/AUTOS%202022/0455.pdf HTTP/1.1" 304 -
167.94.145.54 - - [18/Nov/2023:04:13:13 -0500] "GET / HTTP/1.1" 200 319
167.94.145.54 - - [18/Nov/2023:04:13:17 -0500] "GET / HTTP/1.1" 200 319
167.94.145.54 - - [18/Nov/2023:04:13:17 -0500] "PRI * HTTP/2.0" 400 946
167.94.145.54 - - [18/Nov/2023:04:13:17 -0500] "GET /favicon.ico HTTP/1.1" 200 7782
172.22.2.4 - - [18/Nov/2023:04:12:10 -0500] "HEAD /BLA/boletinlegal/ HTTP/1.1" 200 -
172.22.2.4 - - [18/Nov/2023:04:13:01 -0500] "GET /BLA/boletinlegal/ HTTP/1.1" 200 58644
66.249.69.196 - - [18/Nov/2023:04:15:11 -0500] "GET /BLA/resoluciones/RESOLUCIONES%202008/5121.pdf HTTP/1.1" 200 613496
40.77.167.136 - - [18/Nov/2023:04:16:12 -0500] "GET /reporte-calidad-del-aire-15-de-agosto.html HTTP/1.1" 200 745
216.245.221.92 - - [18/Nov/2023:04:16:13 -0500] "HEAD / HTTP/1.1" 200 -
66.249.69.196 - - [18/Nov/2023:04:16:43 -0500] "GET /BLA/resoluciones/RESOLUCIONES%202009/5643.pdf HTTP/1.1" 200 675432
201.245.192.253 - - [18/Nov/2023:04:16:43 -0500] "POST /kwsrmcab/Wsrmcab  HTTP/1.1" 200 40861
66.249.69.194 - - [18/Nov/2023:04:17:00 -0500] "GET /BLA/resoluciones/RESOLUCIONES%202008/4132.pdf HTTP/1.1" 200 775302
201.245.192.253 - - [18/Nov/2023:04:17:09 -0500] "POST /kwsrmcab/Wsrmcab HTTP/1.1" 200 41028
201.245.192.253 - - [18/Nov/2023:04:17:12 -0500] "POST /kwsrmcab/Wsrmcab HTTP/1.1" 200 41811
52.167.144.142 - - [18/Nov/2023:04:17:23 -0500] "GET /BLA/resoluciones/AUTOS%202021/5501.pdf HTTP/1.1" 304 -
66.249.69.196 - - [18/Nov/2023:04:17:51 -0500] "GET /BLA/resoluciones/RESOLUCIONES%202010/1451.pdf HTTP/1.1" 200 356600
172.22.2.4 - - [18/Nov/2023:04:18:00 -0500] "HEAD /BLA/boletinlegal/ HTTP/1.1" 200 -
185.180.143.136 - - [18/Nov/2023:04:19:50 -0500] "GET /portaldeninos/ HTTP/1.1" 200 110175
66.249.69.195 - - [18/Nov/2023:04:20:12 -0500] "GET /BLA/resoluciones/RESOLUCIONES%202009/8564.pdf HTTP/1.1" 200 648939
172.22.2.4 - - [18/Nov/2023:04:18:51 -0500] "GET /BLA/boletinlegal/ HTTP/1.1" 200 58294
66.249.69.194 - - [18/Nov/2023:04:20:33 -0500] "GET /BLA/resoluciones/RESOLUCIONES%202011/3772.pdf HTTP/1.1" 200 688124
201.245.192.253 - - [18/Nov/2023:04:20:34 -0500] "POST /kwsrmcab/Wsrmcab HTTP/1.1" 200 41028
201.245.192.253 - - [18/Nov/2023:04:20:38 -0500] "POST /kwsrmcab/Wsrmcab HTTP/1.1" 200 41811
216.245.221.92 - - [18/Nov/2023:04:21:13 -0500] "HEAD / HTTP/1.1" 200 -
201.245.192.253 - - [18/Nov/2023:04:21:42 -0500] "POST /kwsrmcab/Wsrmcab  HTTP/1.1" 200 40861
66.249.69.194 - - [18/Nov/2023:04:23:48 -0500] "GET /BLA/resoluciones/RESOLUCIONES%202011/2567.pdf HTTP/1.1" 200 291400
172.22.2.4 - - [18/Nov/2023:04:23:50 -0500] "HEAD /BLA/boletinlegal/ HTTP/1.1" 200 -
66.249.69.194 - - [18/Nov/2023:04:26:00 -0500] "GET /BLA/resoluciones/AUTOS%202017/4179.pdf HTTP/1.1" 200 3154196
216.245.221.92 - - [18/Nov/2023:04:26:13 -0500] "HEAD / HTTP/1.1" 200 -
172.22.2.4 - - [18/Nov/2023:04:24:41 -0500] "GET /BLA/boletinlegal/ HTTP/1.1" 200 61018
66.249.69.194 - - [18/Nov/2023:04:26:22 -0500] "GET /resoluciones/AUTOS%202007/4002.pdf HTTP/1.1" 404 1018
201.245.192.253 - - [18/Nov/2023:04:26:40 -0500] "POST /kwsrmcab/Wsrmcab  HTTP/1.1" 200 40861
52.149.22.80 - - [18/Nov/2023:04:27:01 -0500] "GET /Publicaciones/2023EE237402.pdf HTTP/1.1" 404 228
201.245.192.253 - - [18/Nov/2023:04:27:09 -0500] "POST /kwsrmcab/Wsrmcab HTTP/1.1" 200 41028
201.245.192.253 - - [18/Nov/2023:04:27:12 -0500] "POST /kwsrmcab/Wsrmcab HTTP/1.1" 200 41811
20.197.112.225 - - [18/Nov/2023:04:28:35 -0500] "GET /Publicaciones/2023EE223715.pdf HTTP/1.1" 404 228
201.245.192.253 - - [18/Nov/2023:04:30:35 -0500] "POST /kwsrmcab/Wsrmcab HTTP/1.1" 200 41028
201.245.192.253 - - [18/Nov/2023:04:30:38 -0500] "POST /kwsrmcab/Wsrmcab HTTP/1.1" 200 41811
66.249.69.195 - - [18/Nov/2023:04:31:06 -0500] "GET /BLA/resoluciones/AUTOS%202012/2566.pdf HTTP/1.1" 200 505067
216.245.221.92 - - [18/Nov/2023:04:31:13 -0500] "HEAD / HTTP/1.1" 200 -
172.22.2.4 - - [18/Nov/2023:04:29:40 -0500] "HEAD /BLA/boletinlegal/ HTTP/1.1" 200 -
201.245.192.253 - - [18/Nov/2023:04:31:39 -0500] "POST /kwsrmcab/Wsrmcab  HTTP/1.1" 200 40861
172.22.2.4 - - [18/Nov/2023:04:30:34 -0500] "GET /BLA/boletinlegal/ HTTP/1.1" 200 61018
172.22.2.4 - - [18/Nov/2023:04:35:14 -0500] "GET /BLA/boletinlegal/jurisprudencia/analisis/Analisis%20jurisprudencial%20Sentencia%20C-366-11.doc HTTP/1.1" 304 -
172.22.2.4 - - [18/Nov/2023:04:35:30 -0500] "GET /BLA/boletinlegal/ HTTP/1.1" 200 24523
216.245.221.92 - - [18/Nov/2023:04:36:13 -0500] "HEAD / HTTP/1.1" 200 -
201.245.192.253 - - [18/Nov/2023:04:36:38 -0500] "POST /kwsrmcab/Wsrmcab  HTTP/1.1" 200 40861
201.245.192.253 - - [18/Nov/2023:04:37:09 -0500] "POST /kwsrmcab/Wsrmcab HTTP/1.1" 200 41028
172.22.2.4 - - [18/Nov/2023:04:35:33 -0500] "HEAD /BLA/boletinlegal/ HTTP/1.1" 200 -
201.245.192.253 - - [18/Nov/2023:04:37:12 -0500] "POST /kwsrmcab/Wsrmcab HTTP/1.1" 200 41811
172.22.2.4 - - [18/Nov/2023:04:36:24 -0500] "GET /BLA/boletinlegal/ HTTP/1.1" 200 60634
201.245.192.253 - - [18/Nov/2023:04:40:35 -0500] "POST /kwsrmcab/Wsrmcab HTTP/1.1" 200 41028
201.245.192.253 - - [18/Nov/2023:04:40:39 -0500] "POST /kwsrmcab/Wsrmcab HTTP/1.1" 200 41811
216.245.221.92 - - [18/Nov/2023:04:41:13 -0500] "HEAD / HTTP/1.1" 200 -
201.245.192.253 - - [18/Nov/2023:04:41:38 -0500] "POST /kwsrmcab/Wsrmcab  HTTP/1.1" 200 40861
114.119.142.132 - - [18/Nov/2023:04:42:01 -0500] "GET /BLA/resoluciones/index.php?dir=RESOLUCIONES%2B2006/&sort=name&order=desc HTTP/1.1" 200 13902
66.249.69.194 - - [18/Nov/2023:04:42:19 -0500] "GET /BLA/boletinlegal/Directivas/2016/Directiva%20No.%2004%20del%2023%20de%20Diciembre%20de%202016.pdf HTTP/1.1" 200 327098
66.249.69.194 - - [18/Nov/2023:04:42:21 -0500] "GET /BLA/resoluciones/RESOLUCIONES%202011/3285.pdf HTTP/1.1" 200 283898
66.249.69.194 - - [18/Nov/2023:04:42:23 -0500] "GET /BLA/resoluciones/Notificaciones/REGISTROS%202017/158.pdf HTTP/1.1" 200 311000
172.22.2.4 - - [18/Nov/2023:04:41:23 -0500] "HEAD /BLA/boletinlegal/ HTTP/1.1" 200 -
66.249.69.196 - - [18/Nov/2023:04:43:30 -0500] "GET /BLA/resoluciones/AUTOS%202008/2573.pdf HTTP/1.1" 200 99682
172.22.2.4 - - [18/Nov/2023:04:42:14 -0500] "GET /BLA/boletinlegal/ HTTP/1.1" 200 58644
172.22.2.4 - - [18/Nov/2023:04:44:11 -0500] "GET /BLA/boletinlegal/ReportServer HTTP/1.1" 404 1018
205.210.31.35 - - [18/Nov/2023:04:45:24 -0500] "GET / HTTP/1.1" 200 319
216.245.221.92 - - [18/Nov/2023:04:46:13 -0500] "HEAD / HTTP/1.1" 200 -
66.249.69.196 - - [18/Nov/2023:04:46:29 -0500] "GET /portel_dama/libreria/php/2006/ECOSISTEMAS%20FINAL%20web_mz27/xxxxx%20incendios/sitio/xtras/2.pdf HTTP/1.1" 404 1018
201.245.192.253 - - [18/Nov/2023:04:46:37 -0500] "POST /kwsrmcab/Wsrmcab  HTTP/1.1" 200 40861
66.249.69.194 - - [18/Nov/2023:04:47:04 -0500] "GET /BLA/resoluciones/Autos%202008/1972.pdf HTTP/1.1" 200 90468
20.26.80.131 - - [18/Nov/2023:04:47:12 -0500] "GET /Publicaciones/2023EE242154.pdf HTTP/1.1" 404 228
172.22.2.4 - - [18/Nov/2023:04:45:48 -0500] "GET /BLA/boletinlegal/ HTTP/1.1" 200 62379
66.249.69.196 - - [18/Nov/2023:04:48:42 -0500] "GET /BLA/resoluciones/RESOLUCIONES%202009/5805.pdf HTTP/1.1" 200 171107
172.22.2.4 - - [18/Nov/2023:04:47:13 -0500] "HEAD /BLA/boletinlegal/ HTTP/1.1" 200 -
172.22.2.4 - - [18/Nov/2023:04:48:04 -0500] "GET /BLA/boletinlegal/ HTTP/1.1" 200 58644
216.245.221.92 - - [18/Nov/2023:04:51:13 -0500] "HEAD / HTTP/1.1" 200 -
66.249.69.194 - - [18/Nov/2023:04:51:14 -0500] "GET /BLA/resoluciones/Autos%202008/0393.pdf HTTP/1.1" 200 80304
201.245.192.253 - - [18/Nov/2023:04:51:36 -0500] "POST /kwsrmcab/Wsrmcab  HTTP/1.1" 200 40861
52.167.144.219 - - [18/Nov/2023:04:52:18 -0500] "GET /BLA/resoluciones/RESOLUCIONES%202021/5480.pdf HTTP/1.1" 304 -
172.22.2.4 - - [18/Nov/2023:04:53:03 -0500] "HEAD /BLA/boletinlegal/ HTTP/1.1" 200 -
66.249.69.194 - - [18/Nov/2023:04:54:47 -0500] "GET /BLA/resoluciones/Autos%202008/1412.pdf HTTP/1.1" 200 340105
157.90.254.89 - - [18/Nov/2023:04:55:26 -0500] "GET / HTTP/1.1" 200 4720
157.90.254.89 - - [18/Nov/2023:04:55:28 -0500] "GET / HTTP/1.1" 200 319
172.22.2.4 - - [18/Nov/2023:04:53:54 -0500] "GET /BLA/boletinlegal/ HTTP/1.1" 200 60634
216.245.221.92 - - [18/Nov/2023:04:56:13 -0500] "HEAD / HTTP/1.1" 200 -
173.252.107.117 - - [18/Nov/2023:04:56:29 -0500] "GET /images/reunion-plan-accion-calidad-aire-7-marzo.jpeg HTTP/1.1" 200 62356
201.245.192.253 - - [18/Nov/2023:04:56:35 -0500] "POST /kwsrmcab/Wsrmcab  HTTP/1.1" 200 40861
66.249.66.193 - - [18/Nov/2023:04:58:55 -0500] "GET /ofensiva-conta-el-trafico-de-fauna-silvestre-durante-la-semana-ambiental-en-bogota.html HTTP/1.1" 200 989
66.249.69.196 - - [18/Nov/2023:04:59:00 -0500] "GET /BLA/resoluciones/RESOLUCIONES%202010/4891.pdf HTTP/1.1" 200 750137
66.249.69.196 - - [18/Nov/2023:05:00:28 -0500] "GET /galeria/nivo-slider/demo/images/bannerresiduoshospitalariosagosto.jpg HTTP/1.1" 304 -
66.249.69.195 - - [18/Nov/2023:05:00:29 -0500] "GET /BLA/resoluciones/Notificaciones/RESOLUCIONES%202022/4733.pdf HTTP/1.1" 200 380461
172.22.2.4 - - [18/Nov/2023:04:58:53 -0500] "HEAD /BLA/boletinlegal/ HTTP/1.1" 200 -
172.22.2.4 - - [18/Nov/2023:05:00:34 -0500] "GET /BLA/boletinlegal/robots.txt HTTP/1.1" 404 1038
172.22.2.4 - - [18/Nov/2023:05:00:34 -0500] "GET /BLA/boletinlegal/conceptos.php HTTP/1.1" 200 7496
216.245.221.92 - - [18/Nov/2023:05:01:13 -0500] "HEAD / HTTP/1.1" 200 -
172.22.2.4 - - [18/Nov/2023:04:59:44 -0500] "GET /BLA/boletinlegal/ HTTP/1.1" 200 58294
201.245.192.253 - - [18/Nov/2023:05:01:34 -0500] "POST /kwsrmcab/Wsrmcab  HTTP/1.1" 200 40861
172.22.2.4 - - [18/Nov/2023:05:02:01 -0500] "GET /BLA/boletinlegal/.env HTTP/1.1" 404 1018
172.22.2.4 - - [18/Nov/2023:05:02:02 -0500] "POST /BLA/boletinlegal/ HTTP/1.1" 200 24523
172.22.2.4 - - [18/Nov/2023:05:03:44 -0500] "GET /BLA/boletinlegal/Circulares/2015/Circular%20No.%201%20del%2010%20de%20Febrero%20de%202015.pdf HTTP/1.1" 304 -
52.167.144.232 - - [18/Nov/2023:05:04:48 -0500] "GET /sipse/faces/faces/autenticacion.xhtml HTTP/1.1" 200 12737
172.22.2.4 - - [18/Nov/2023:05:04:16 -0500] "GET /BLA/boletinlegal/ HTTP/1.1" 200 32715
216.245.221.92 - - [18/Nov/2023:05:06:13 -0500] "HEAD / HTTP/1.1" 200 -
66.249.69.196 - - [18/Nov/2023:05:06:16 -0500] "GET /BLA/resoluciones/AUTOS%202015/1950.pdf HTTP/1.1" 200 660296
172.22.2.4 - - [18/Nov/2023:05:04:43 -0500] "HEAD /BLA/boletinlegal/ HTTP/1.1" 200 -
201.245.192.253 - - [18/Nov/2023:05:06:33 -0500] "POST /kwsrmcab/Wsrmcab  HTTP/1.1" 200 40861
172.22.2.4 - - [18/Nov/2023:05:05:34 -0500] "GET /BLA/boletinlegal/ HTTP/1.1" 200 44773
172.22.2.4 - - [18/Nov/2023:05:05:35 -0500] "HEAD /BLA/boletinlegal/ HTTP/1.1" 200 -
216.245.221.92 - - [18/Nov/2023:05:11:13 -0500] "HEAD / HTTP/1.1" 200 -
201.245.192.253 - - [18/Nov/2023:05:11:31 -0500] "POST /kwsrmcab/Wsrmcab  HTTP/1.1" 200 40861
172.22.2.4 - - [18/Nov/2023:05:10:33 -0500] "HEAD /BLA/boletinlegal/ HTTP/1.1" 200 -
172.22.2.4 - - [18/Nov/2023:05:11:24 -0500] "GET /BLA/boletinlegal/ HTTP/1.1" 200 61018
216.245.221.92 - - [18/Nov/2023:05:16:13 -0500] "HEAD / HTTP/1.1" 200 -
201.245.192.253 - - [18/Nov/2023:05:16:30 -0500] "POST /kwsrmcab/Wsrmcab  HTTP/1.1" 200 40861
201.245.192.253 - - [18/Nov/2023:05:17:09 -0500] "POST /kwsrmcab/Wsrmcab HTTP/1.1" 200 40882
201.245.192.253 - - [18/Nov/2023:05:17:12 -0500] "POST /kwsrmcab/Wsrmcab HTTP/1.1" 200 41807
172.22.2.4 - - [18/Nov/2023:05:16:23 -0500] "HEAD /BLA/boletinlegal/ HTTP/1.1" 200 -
172.22.2.4 - - [18/Nov/2023:05:17:14 -0500] "GET /BLA/boletinlegal/ HTTP/1.1" 200 57497
201.245.192.253 - - [18/Nov/2023:05:20:35 -0500] "POST /kwsrmcab/Wsrmcab HTTP/1.1" 200 40882
201.245.192.253 - - [18/Nov/2023:05:20:38 -0500] "POST /kwsrmcab/Wsrmcab HTTP/1.1" 200 41807
216.245.221.92 - - [18/Nov/2023:05:21:13 -0500] "HEAD / HTTP/1.1" 200 -
201.245.192.253 - - [18/Nov/2023:05:21:29 -0500] "POST /kwsrmcab/Wsrmcab  HTTP/1.1" 200 40861
66.249.69.194 - - [18/Nov/2023:05:21:55 -0500] "GET /sig/Manual%20de%20Procesos%20y%20Procedimientos/126PM04%20Evaluaci%C3%B3n%20Control%20y%20Seguimiento/126PM04-PR17%20Atenci%C3%B3n%20solicitud%20Salvoconducto%20Flora.pdf HTTP/1.1" 404 1018
172.22.2.4 - - [18/Nov/2023:05:22:13 -0500] "HEAD /BLA/boletinlegal/ HTTP/1.1" 200 -
172.22.2.4 - - [18/Nov/2023:05:23:04 -0500] "GET /BLA/boletinlegal/ HTTP/1.1" 200 58294
87.236.176.157 - - [18/Nov/2023:05:24:46 -0500] "GET / HTTP/1.1" 200 319
66.249.69.195 - - [18/Nov/2023:05:24:59 -0500] "GET /BLA/resoluciones/AUTOS%202022/1614.pdf HTTP/1.1" 304 -
216.245.221.92 - - [18/Nov/2023:05:26:13 -0500] "HEAD / HTTP/1.1" 200 -
201.245.192.253 - - [18/Nov/2023:05:26:28 -0500] "POST /kwsrmcab/Wsrmcab  HTTP/1.1" 200 40861
201.245.192.253 - - [18/Nov/2023:05:27:09 -0500] "POST /kwsrmcab/Wsrmcab HTTP/1.1" 200 40882
201.245.192.253 - - [18/Nov/2023:05:27:12 -0500] "POST /kwsrmcab/Wsrmcab HTTP/1.1" 200 41807
172.22.2.4 - - [18/Nov/2023:05:28:03 -0500] "HEAD /BLA/boletinlegal/ HTTP/1.1" 200 -
172.22.2.4 - - [18/Nov/2023:05:28:54 -0500] "GET /BLA/boletinlegal/ HTTP/1.1" 200 55803
201.245.192.253 - - [18/Nov/2023:05:30:34 -0500] "POST /kwsrmcab/Wsrmcab HTTP/1.1" 200 40882
201.245.192.253 - - [18/Nov/2023:05:30:38 -0500] "POST /kwsrmcab/Wsrmcab HTTP/1.1" 200 41807
216.245.221.92 - - [18/Nov/2023:05:31:13 -0500] "HEAD / HTTP/1.1" 200 -
201.245.192.253 - - [18/Nov/2023:05:31:27 -0500] "POST /kwsrmcab/Wsrmcab  HTTP/1.1" 200 40861
52.149.22.88 - - [18/Nov/2023:05:31:30 -0500] "GET /Publicaciones/2023EE230853.pdf HTTP/1.1" 404 228
172.22.2.4 - - [18/Nov/2023:05:34:58 -0500] "GET /BLA/boletinlegal/actos.php HTTP/1.1" 200 9682
172.22.2.4 - - [18/Nov/2023:05:34:59 -0500] "GET /BLA/boletinlegal/favicon.ico HTTP/1.1" 404 1326
172.22.2.4 - - [18/Nov/2023:05:35:11 -0500] "GET /BLA/boletinlegal/consulta_actos.php?tipo=resoluciones&no=0311&usuario=&sector=SILVICULTURA&fecha=2019&resuelve= HTTP/1.1" 200 1336
172.22.2.4 - - [18/Nov/2023:05:35:13 -0500] "GET /BLA/boletinlegal/consulta_actos.php?tipo=resoluciones&no=0311&usuario=&sector=SILVICULTURA&fecha=2019&resuelve= HTTP/1.1" 200 1336
172.22.2.4 - - [18/Nov/2023:05:33:53 -0500] "HEAD /BLA/boletinlegal/ HTTP/1.1" 200 -
216.245.221.92 - - [18/Nov/2023:05:36:13 -0500] "HEAD / HTTP/1.1" 200 -
172.22.2.4 - - [18/Nov/2023:05:34:44 -0500] "GET /BLA/boletinlegal/ HTTP/1.1" 200 52827
201.245.192.253 - - [18/Nov/2023:05:36:27 -0500] "POST /kwsrmcab/Wsrmcab  HTTP/1.1" 200 40861
201.245.192.253 - - [18/Nov/2023:05:37:09 -0500] "POST /kwsrmcab/Wsrmcab HTTP/1.1" 200 40882
201.245.192.253 - - [18/Nov/2023:05:37:11 -0500] "POST /kwsrmcab/Wsrmcab HTTP/1.1" 200 41807
201.245.192.253 - - [18/Nov/2023:05:40:34 -0500] "POST /kwsrmcab/Wsrmcab HTTP/1.1" 200 40882
201.245.192.253 - - [18/Nov/2023:05:40:38 -0500] "POST /kwsrmcab/Wsrmcab HTTP/1.1" 200 41807
216.245.221.92 - - [18/Nov/2023:05:41:13 -0500] "HEAD / HTTP/1.1" 200 -
172.22.2.4 - - [18/Nov/2023:05:39:43 -0500] "HEAD /BLA/boletinlegal/ HTTP/1.1" 200 -
201.245.192.253 - - [18/Nov/2023:05:41:25 -0500] "POST /kwsrmcab/Wsrmcab  HTTP/1.1" 200 40861
172.22.2.4 - - [18/Nov/2023:05:40:34 -0500] "GET /BLA/boletinlegal/ HTTP/1.1" 200 60634
40.77.167.26 - - [18/Nov/2023:05:43:21 -0500] "GET /sipse/faces/faces/autenticacion.xhtml HTTP/1.1" 200 12737
66.249.66.193 - - [18/Nov/2023:05:43:55 -0500] "GET /dia-mundial-del-agua-2023-programate-para-participar-en-estas-actividades-de-educacion-ambiental.html HTTP/1.1" 304 -
66.249.69.194 - - [18/Nov/2023:05:45:27 -0500] "GET /galeria/galeria/fotos/loro3P.jpg HTTP/1.1" 304 -
66.249.69.195 - - [18/Nov/2023:05:45:29 -0500] "GET /Publicaciones/2022EE205590.pdf HTTP/1.1" 404 228
216.245.221.92 - - [18/Nov/2023:05:46:13 -0500] "HEAD / HTTP/1.1" 200 -
201.245.192.253 - - [18/Nov/2023:05:46:25 -0500] "POST /kwsrmcab/Wsrmcab  HTTP/1.1" 200 40861
20.240.13.240 - - [18/Nov/2023:05:46:36 -0500] "GET /Publicaciones/2023EE212154.pdf HTTP/1.1" 404 228
172.22.2.4 - - [18/Nov/2023:05:46:03 -0500] "GET /BLA/boletinlegal/ HTTP/1.1" 200 24523
172.22.2.4 - - [18/Nov/2023:05:45:33 -0500] "HEAD /BLA/boletinlegal/ HTTP/1.1" 200 -
172.22.2.4 - - [18/Nov/2023:05:46:24 -0500] "GET /BLA/boletinlegal/ HTTP/1.1" 200 53356
40.77.167.14 - - [18/Nov/2023:05:48:13 -0500] "GET /portaldeninos/parque-mirador-de-los-nevados/ HTTP/1.1" 200 89855
162.55.43.55 - - [18/Nov/2023:05:49:56 -0500] "GET / HTTP/1.1" 200 4720
162.55.43.55 - - [18/Nov/2023:05:49:58 -0500] "GET / HTTP/1.1" 200 319
216.245.221.92 - - [18/Nov/2023:05:51:13 -0500] "HEAD / HTTP/1.1" 200 -
201.245.192.253 - - [18/Nov/2023:05:51:23 -0500] "POST /kwsrmcab/Wsrmcab  HTTP/1.1" 200 40861
172.22.2.4 - - [18/Nov/2023:05:51:23 -0500] "HEAD /BLA/boletinlegal/ HTTP/1.1" 200 -
172.22.2.4 - - [18/Nov/2023:05:52:14 -0500] "GET /BLA/boletinlegal/ HTTP/1.1" 200 58294
66.249.69.194 - - [18/Nov/2023:05:55:53 -0500] "GET /resoluciones/RESOLUCIONES%202010/1989.pdf HTTP/1.1" 404 1018
216.245.221.92 - - [18/Nov/2023:05:56:13 -0500] "HEAD / HTTP/1.1" 200 -
201.245.192.253 - - [18/Nov/2023:05:56:23 -0500] "POST /kwsrmcab/Wsrmcab  HTTP/1.1" 200 40861
172.22.2.4 - - [18/Nov/2023:05:56:34 -0500] "GET /BLA/boletinlegal/styles2.css HTTP/1.1" 200 1838
172.22.2.4 - - [18/Nov/2023:05:56:35 -0500] "GET /BLA/boletinlegal/niceforms-default.css HTTP/1.1" 200 6694
172.22.2.4 - - [18/Nov/2023:05:56:35 -0500] "GET /BLA/boletinlegal/style.css HTTP/1.1" 200 9406
172.22.2.4 - - [18/Nov/2023:05:56:36 -0500] "GET /BLA/boletinlegal/niceforms.js HTTP/1.1" 200 22876
172.22.2.4 - - [18/Nov/2023:05:56:36 -0500] "GET /BLA/boletinlegal/js/ajax_conceptos.js HTTP/1.1" 200 1326
40.77.167.60 - - [18/Nov/2023:05:57:14 -0500] "GET /BLA/resoluciones/AUTOS%202022/3139.pdf HTTP/1.1" 304 -
172.22.2.4 - - [18/Nov/2023:05:57:13 -0500] "HEAD /BLA/boletinlegal/ HTTP/1.1" 200 -
172.22.2.4 - - [18/Nov/2023:05:58:04 -0500] "GET /BLA/boletinlegal/ HTTP/1.1" 200 52827
40.77.167.235 - - [18/Nov/2023:06:00:01 -0500] "GET /pdc/actos/325.pdf HTTP/1.1" 200 590268
66.249.69.196 - - [18/Nov/2023:06:00:31 -0500] "GET /BLA/resoluciones/AUTOS%202022/1614.pdf HTTP/1.1" 304 -
216.245.221.92 - - [18/Nov/2023:06:01:13 -0500] "HEAD / HTTP/1.1" 200 -
201.245.192.253 - - [18/Nov/2023:06:01:21 -0500] "POST /kwsrmcab/Wsrmcab  HTTP/1.1" 200 40861
52.167.144.142 - - [18/Nov/2023:06:04:01 -0500] "GET /Publicaciones/2023EE232167.pdf HTTP/1.1" 404 228
173.252.87.11 - - [18/Nov/2023:06:04:18 -0500] "GET /images/Acuerdos%2001%20(1)%20(1).jpeg HTTP/1.1" 200 32884
52.167.144.145 - - [18/Nov/2023:06:04:22 -0500] "GET /portaldeninos/wp-content/uploads/2020/11/Tibanica-B-133x75.jpg HTTP/1.1" 200 4200
173.252.127.9 - - [18/Nov/2023:06:04:42 -0500] "GET /images/jardines-verticales-plantas-24-mayo.jpg HTTP/1.1" 200 148288
172.22.2.4 - - [18/Nov/2023:06:03:03 -0500] "HEAD /BLA/boletinlegal/ HTTP/1.1" 200 -
172.22.2.4 - - [18/Nov/2023:06:03:54 -0500] "GET /BLA/boletinlegal/ HTTP/1.1" 200 58644
216.245.221.92 - - [18/Nov/2023:06:06:13 -0500] "HEAD / HTTP/1.1" 200 -
201.245.192.253 - - [18/Nov/2023:06:06:20 -0500] "POST /kwsrmcab/Wsrmcab  HTTP/1.1" 200 40861
108.174.2.219 - - [18/Nov/2023:06:07:05 -0500] "GET /images/Red%20de%20Monitoreo%20de%20Calidad%20del%20Aire.jpg HTTP/1.1" 200 51986
172.22.2.4 - - [18/Nov/2023:06:09:20 -0500] "GET /BLA/boletinlegal/robots.txt HTTP/1.1" 404 1038
172.22.2.4 - - [18/Nov/2023:06:09:22 -0500] "GET /BLA/boletinlegal/actos.php HTTP/1.1" 200 9682
66.249.69.196 - - [18/Nov/2023:06:10:33 -0500] "GET /BLA/resoluciones/Notificaciones/RESOLUCIONES%202023/00296.pdf HTTP/1.1" 200 444341
172.22.2.4 - - [18/Nov/2023:06:08:53 -0500] "HEAD /BLA/boletinlegal/ HTTP/1.1" 200 -
216.245.221.92 - - [18/Nov/2023:06:11:13 -0500] "HEAD / HTTP/1.1" 200 -
201.245.192.253 - - [18/Nov/2023:06:11:19 -0500] "POST /kwsrmcab/Wsrmcab  HTTP/1.1" 200 40861
172.22.2.4 - - [18/Nov/2023:06:09:44 -0500] "GET /BLA/boletinlegal/ HTTP/1.1" 200 58644
66.249.69.195 - - [18/Nov/2023:06:13:58 -0500] "GET /BLA/resoluciones/AUTOS%202014/5792.pdf HTTP/1.1" 200 199883
47.128.58.167 - - [18/Nov/2023:06:15:17 -0500] "GET /galeria/nivo-slider/demo/images/Rendicion.png HTTP/1.1" 200 262274
47.128.58.21 - - [18/Nov/2023:06:15:31 -0500] "GET /robots.txt HTTP/1.1" 404 1018
216.245.221.92 - - [18/Nov/2023:06:16:13 -0500] "HEAD / HTTP/1.1" 200 -
201.245.192.253 - - [18/Nov/2023:06:16:18 -0500] "POST /kwsrmcab/Wsrmcab  HTTP/1.1" 200 40861
172.22.2.4 - - [18/Nov/2023:06:14:43 -0500] "HEAD /BLA/boletinlegal/ HTTP/1.1" 200 -
201.245.192.253 - - [18/Nov/2023:06:17:09 -0500] "POST /kwsrmcab/Wsrmcab HTTP/1.1" 200 40907
172.22.2.4 - - [18/Nov/2023:06:15:34 -0500] "GET /BLA/boletinlegal/ HTTP/1.1" 200 58644
201.245.192.253 - - [18/Nov/2023:06:17:12 -0500] "POST /kwsrmcab/Wsrmcab HTTP/1.1" 200 41843
40.77.167.19 - - [18/Nov/2023:06:17:14 -0500] "GET /BLA/resoluciones/RESOLUCIONES%202010/5160.pdf HTTP/1.1" 200 1021402
20.240.13.240 - - [18/Nov/2023:06:18:02 -0500] "GET /Publicaciones/2023EE208354.pdf HTTP/1.1" 404 228
193.42.63.218 - - [18/Nov/2023:06:19:08 -0500] "GET / HTTP/1.1" 200 319
193.42.63.218 - - [18/Nov/2023:06:19:08 -0500] "GET /gui HTTP/1.1" 404 1018
201.245.192.253 - - [18/Nov/2023:06:20:34 -0500] "POST /kwsrmcab/Wsrmcab HTTP/1.1" 200 40907
201.245.192.253 - - [18/Nov/2023:06:20:38 -0500] "POST /kwsrmcab/Wsrmcab HTTP/1.1" 200 41843
216.245.221.92 - - [18/Nov/2023:06:21:13 -0500] "HEAD / HTTP/1.1" 200 -
201.245.192.253 - - [18/Nov/2023:06:21:18 -0500] "POST /kwsrmcab/Wsrmcab  HTTP/1.1" 200 40861
66.249.69.196 - - [18/Nov/2023:06:22:02 -0500] "GET /BLA/resoluciones/RESOLUCIONES%202009/1148.pdf HTTP/1.1" 200 438707
172.22.2.4 - - [18/Nov/2023:06:20:33 -0500] "HEAD /BLA/boletinlegal/ HTTP/1.1" 200 -
172.22.2.4 - - [18/Nov/2023:06:21:24 -0500] "GET /BLA/boletinlegal/ HTTP/1.1" 200 59007
66.249.69.195 - - [18/Nov/2023:06:24:22 -0500] "GET /BLA/resoluciones/RESOLUCIONES%202008/0935.pdf HTTP/1.1" 200 70010
52.167.144.218 - - [18/Nov/2023:06:25:38 -0500] "GET /portaldeninos/wp-content/uploads/2020/11/El-Tunjo-B-768x432.jpg HTTP/1.1" 200 81322
66.249.69.194 - - [18/Nov/2023:06:25:40 -0500] "GET /BLA/resoluciones/RESOLUCIONES%202010/2017.pdf HTTP/1.1" 200 339030
216.245.221.92 - - [18/Nov/2023:06:26:13 -0500] "HEAD / HTTP/1.1" 200 -
201.245.192.253 - - [18/Nov/2023:06:26:16 -0500] "POST /kwsrmcab/Wsrmcab  HTTP/1.1" 200 40861
201.245.192.253 - - [18/Nov/2023:06:27:08 -0500] "POST /kwsrmcab/Wsrmcab HTTP/1.1" 200 40907
201.245.192.253 - - [18/Nov/2023:06:27:11 -0500] "POST /kwsrmcab/Wsrmcab HTTP/1.1" 200 41843
52.167.144.204 - - [18/Nov/2023:06:27:17 -0500] "GET /pdc/actos/2069.pdf HTTP/1.1" 200 633244
40.77.167.235 - - [18/Nov/2023:06:27:35 -0500] "GET /BLA/resoluciones/RESOLUCIONES%202014/0433.pdf HTTP/1.1" 200 826794
66.249.69.194 - - [18/Nov/2023:06:27:52 -0500] "GET /pdc/actos/1789.pdf HTTP/1.1" 200 1121404
172.22.2.4 - - [18/Nov/2023:06:26:23 -0500] "HEAD /BLA/boletinlegal/ HTTP/1.1" 200 -
118.26.39.26 - - [18/Nov/2023:06:28:33 -0500] "GET / HTTP/1.1" 200 319
172.22.2.4 - - [18/Nov/2023:06:27:14 -0500] "GET /BLA/boletinlegal/ HTTP/1.1" 200 61018
66.249.66.192 - - [18/Nov/2023:06:28:55 -0500] "GET /el-agua-recurso-vital-para-la-conservacion-de-los-ecosistemas.html HTTP/1.1" 304 -
199.16.157.182 - - [18/Nov/2023:06:29:33 -0500] "GET /representantes-de-colombia-y-europa-se-reunieron-para-desarrollar-estrategias-innovadoras-en-la-gestion-del-plastico.html HTTP/1.1" 200 851
199.16.157.180 - - [18/Nov/2023:06:29:33 -0500] "GET /images/pl%C3%A1sticos%20foto%201..jpg HTTP/1.1" 404 1034
66.249.69.194 - - [18/Nov/2023:06:29:38 -0500] "GET /resoluciones/RESOLUCIONES%202009/0466.pdf HTTP/1.1" 404 1018
66.249.69.196 - - [18/Nov/2023:06:30:14 -0500] "GET /BLA/resoluciones/AUTOS%202014/5786.pdf HTTP/1.1" 200 201202
66.249.69.195 - - [18/Nov/2023:06:30:27 -0500] "GET /BLA/boletinlegal/images/cabezote%20BLEGAL.jpg HTTP/1.1" 200 118164
201.245.192.253 - - [18/Nov/2023:06:30:35 -0500] "POST /kwsrmcab/Wsrmcab HTTP/1.1" 200 40907
201.245.192.253 - - [18/Nov/2023:06:30:38 -0500] "POST /kwsrmcab/Wsrmcab HTTP/1.1" 200 41843
216.245.221.92 - - [18/Nov/2023:06:31:13 -0500] "HEAD / HTTP/1.1" 200 -
201.245.192.253 - - [18/Nov/2023:06:31:16 -0500] "POST /kwsrmcab/Wsrmcab  HTTP/1.1" 200 40861
66.249.69.195 - - [18/Nov/2023:06:32:08 -0500] "GET /BLA/resoluciones/RESOLUCIONES%202008/3498.pdf HTTP/1.1" 200 388734
66.249.69.195 - - [18/Nov/2023:06:32:56 -0500] "GET /BLA/resoluciones/RESOLUCIONES%202010/5768.pdf HTTP/1.1" 200 79794
172.22.2.4 - - [18/Nov/2023:06:32:57 -0500] "GET /BLA/boletinlegal/normativa.php HTTP/1.1" 200 8343
186.102.111.184 - - [18/Nov/2023:06:33:38 -0500] "GET /kwssiamovil/sm/ldap/au?x=U2FsdGVkX1/R2EiGBggo9xImugA2vop2ViLe7/SISy2wl9Vbsys2k8cJEMEFr11v&y=U2FsdGVkX1/rT+/1U1RB9bwf9Mbtc9izNWmbtDuq7yz8qAt4kU367JuvooFDkfWj HTTP/1.1" 200 30
186.102.111.184 - - [18/Nov/2023:06:33:38 -0500] "GET /kwssiamovil/sm/acme/s?s=U2FsdGVkX19Ad7x0AocKglR0tHd0k3OSe4y4bRRtE8/m82jeOK92l0BmYyICJ8hcUqrcRHX2f0Hr3BgEeL09xKc61/m9aRf9g0+Tczs9LA8=&u=U2FsdGVkX1/IeeXtOnt6Un4qd1lwlILIysKnUTsnZG4=&y=U2FsdGVkX1/rT+/1U1RB9bwf9Mbtc9izNWmbtDuq7yz8qAt4kU367JuvooFDkfWj HTTP/1.1" 200 97
186.102.111.184 - - [18/Nov/2023:06:33:38 -0500] "GET /kwssiamovil/sm/acme/s?s=U2FsdGVkX19QJhBB3rmtDmQyZCSpNk2DPd3fgfu5EMOR3NPabOc4rGZDT0eb8gma33DZ6C6lfuLRu5Gr8b3X/mQOlbFLRhTXdU0lG16UHVCw1Ff1Qzzb1BN0tAK8PKzvBlzWEfO9sw00nyFrRCbUVVVKHYP6khEc0uJO2gveFkh3AfcOMfUeV+i51REy4XXAhjAngpg1ThkiSCzrmY8O4U+0+/gZxrMsngqjz78ZPRmREJ3g6o0GxWo04uaX6l/vXm5iSGghr0+n/FpIv1WeNsGc+8lTxqy4r6hnqxg1Sta5zl5Eg3tXvGujSGFOTY08dQxAFF2XRxD7H5vi5ye3Z/y6X8rr3/EDZQQFjtdybyMwNH7OXGDoxvE86m05opQj0mIctry2wdjYDxmTMu1dzfvS8B/Amxkb4Q0ZOGHfflyhx+fBw2quklloQ0M0bEQEbcPhOxGzKVlptxbdEHR197rHhxfOCJZS8scxrUs+X6Rl9NTaqJRMPM+zuaEAjtwZMdy0rEWmRo+N/4hDG58m8txtb62fGboF5umMpRpn8crFfTWcBT8EP6ucfL9F6wH//Qsmetux2WIQtbWMciykgkjuiVLV9euW9yq5/6B5S+7GmJNB+3A2TftJS+uOQXkXbcmQlpGE8U1xFFXlaASSnhtHT1muD/Z/ECkXKlDXQncJ8rXE0a5FlfzG7fHt5oDLyK9pzZ1EJKjLFperdEBp6XsTRwMQfIHh+nbbeuq+ENz/2bciUbrDCdZxxYeFEcDx369Q1ZZJSQ+SEdr4BVRFsHj4Up4i4sRQb7431+1KwcpNSxYm9Nd5UxBo8GYNhx9RTXtYJlGDaA0/89JllzsjwF7iDVzzFXwYbFnis56yzkC5jNMr1BpZbZC7IOSqRXI5wjKvJsVN0GMRTdbhjcUJvI6Fy90U1ML4/PO/tHBoaWXcbIZpXcW1RM3r1bIjA5VaHIgnlgzAPHIx39qwDRigl/2e4sxri6YLkY/oidvUl3xePw3G2whlQn5o/H79+/NWR4iqOM+znjkh4gIRdk2nyjMn2PNPdwb1VzYKwdDjSenYHR8JKlWFr+K1rEhwU1T3qIrUzkLnwrbZD1OtOgZM6g7CiO51dNyxaUXwK+G0kgDJfOS+eDNJ3p7oXKFbbUuTFWXvyuVg2s2Ny+36BYFOqY+7V8HZ+11HgGofTJPJMr3UT/fK0pU0jRvauLg8IIiSjtX2qfLCAF95jm/YmrPSvJk0E/4GWJVJjaHVeu5kCK/tt0O9vYmc6C+qyE1ikdCG/D0iylv/5FmN15hoM768+FI6HADstCVnodWCdKaQg/nldM1i+x3IUNB3A48D/xfxowwL8hXRPcFPElFocXazREqCgaTjBu6X03OCDS0sNEYqF2gNrN2BFz4BkQQcJXnzzn1YqE0zsIy/H1Mj17YIl+LYhwQwh9l+vk/FbmB6ONknEAku1aCwSpyFXYOGGXlhQCl9yeNcNqF6k8oWrqLjXqM3IZfLbAd94G6C47GNnKgHIh5r+8VuJ7h8JQFkCWiun/IWGsYOiYBJttmywIiI94D09ksm/X2KgZcF9BDz/iltw5e6kD0gRIvcAnGcrMChllPfWKKaqIvf/oMGC81Cz5wPDGmud1qCnnH6JiQUg61JpcL+xBEldr63Z8gSbQseIoJHOzcHmUjCzKSqrqE0gQkkjxhIdH3ldcAmXSNq58Fd8/L21CkmMkSrMqVWrbT1o4NGp2sPk7QuWFn7uLUP6jxVLa1kU5pAEX1rxegIB9U=&u=U2FsdGVkX1/IeeXtOnt6Un4qd1lwlILIysKnUTsnZG4=&y=U2FsdGVkX1/rT+/1U1RB9bwf9Mbtc9izNWmbtDuq7yz8qAt4kU367JuvooFDkfWj HTTP/1.1" 200 5413
186.102.111.184 - - [18/Nov/2023:06:33:39 -0500] "GET /kwssiamovil/sm/acme/s?s=U2FsdGVkX1/fATDHoNRtFJ3DRQ/UT4FBrx21xURQtz1uX+/7icEBIHt8mpBgKpHHLw/aT3Vi6WCWcxXUaVBOkmiBFfoH7JKYPz6aXfbf4Fl0bnWblvg9dgwtDB3X38pMfP6ohbHIFfuWH4UqKV/sdJaBZQW2vlfdoTxnXxqJVKKuNB2gKqJDR802rifVezAc+PJfs3+9gHYYavjuWHHBSIEJoFsOXTMBwUD8OIfEBGokpRMkFfFdOURVwFPz4nqEatJfmdTkdgtcY4Bd+uVx9GbHaSlr7BEn4uPH2y5L+1r1Ke8YC2WMrIl9KGl1Gq4gJ69/vw59UG1eIQwfxy3N6Yj0S/fWEIQserUwm9Zf/wQTgpJANesPNawEFcjX2Hz2Q+Rc5FU+oiRQ8xDi4yQbf4ERSjaX8kg7UEeOObASiJBc9YoM2u+H/vkxltawAi4qn+Y6CoEvS8vgtwhZiHbrX5pvIIuN1xrQJVASo99QWe9o86vmFxoYG+F6OeAlGR0MzvDhZYcUnMt3km7Dh+zlHU2ILQaII8YJEdMGwOtthAhm6WUABZyPPS5o81JKQ38h9/hfzlJinqfHfAWPBHlSdrkjBthV+9iCB4ka0bx3/frxBwCzjRzVSsdwsHUn5jBlvM8w6IyebIma8MZx/oEuNhbry6Dd1Aoae6oaMFnXu+fz23TYeQ1ZE32Kvc7tESglYDbZsGmntEV2dCql2iJU5WTUYIKz83UX+OBWJjmeAu++Bo/XV4NqnWZm0Oh6M7kG&u=U2FsdGVkX1/IeeXtOnt6Un4qd1lwlILIysKnUTsnZG4=&y=U2FsdGVkX1/rT+/1U1RB9bwf9Mbtc9izNWmbtDuq7yz8qAt4kU367JuvooFDkfWj HTTP/1.1" 200 208
186.102.111.184 - - [18/Nov/2023:06:33:39 -0500] "GET /kwssiamovil/sm/cjson/pre?f=1&x=U2FsdGVkX1/R2EiGBggo9xImugA2vop2ViLe7/SISy2wl9Vbsys2k8cJEMEFr11v HTTP/1.1" 200 31032
172.22.2.4 - - [18/Nov/2023:06:33:44 -0500] "GET /BLA/boletinlegal/Circulares/2015/Circular%20No.%201%20del%2010%20de%20Febrero%20de%202015.pdf HTTP/1.1" 304 -
172.22.2.4 - - [18/Nov/2023:06:32:13 -0500] "HEAD /BLA/boletinlegal/ HTTP/1.1" 200 -
141.98.11.60 - - [18/Nov/2023:06:34:27 -0500] "GET / HTTP/1.1" 200 319
172.22.2.4 - - [18/Nov/2023:06:33:04 -0500] "GET /BLA/boletinlegal/ HTTP/1.1" 200 58294
216.245.221.92 - - [18/Nov/2023:06:36:13 -0500] "HEAD / HTTP/1.1" 200 -
201.245.192.253 - - [18/Nov/2023:06:36:14 -0500] "POST /kwsrmcab/Wsrmcab  HTTP/1.1" 200 40861
172.22.2.4 - - [18/Nov/2023:06:36:23 -0500] "GET /BLA/boletinlegal/jurisprudencia/analisis/CUADRO%20ANALISIS%20SENTENCIA%20T-411%20DE%201992.doc HTTP/1.1" 200 41984
201.245.192.253 - - [18/Nov/2023:06:37:09 -0500] "POST /kwsrmcab/Wsrmcab HTTP/1.1" 200 40907
201.245.192.253 - - [18/Nov/2023:06:37:12 -0500] "POST /kwsrmcab/Wsrmcab HTTP/1.1" 200 41843
66.249.69.194 - - [18/Nov/2023:06:38:28 -0500] "GET /BLA/resoluciones/Notificaciones/AUTOS%202023/2276.pdf HTTP/1.1" 200 3954700
66.249.69.196 - - [18/Nov/2023:06:38:33 -0500] "GET /ial/sitio/MEMORIAS%20SIMAH/Auditorio/Viernes%20AM/Sesion%205%20830%201000/4%20Anne%20Chung%20Japon.pdf HTTP/1.1" 404 1018
114.119.144.178 - - [18/Nov/2023:06:38:48 -0500] "GET /BLA/resoluciones/index.php?dir=AUTOS%2B2021/&sort=name&order=desc HTTP/1.1" 200 13881
20.26.44.168 - - [18/Nov/2023:06:39:10 -0500] "GET /Publicaciones/2023EE205564.pdf HTTP/1.1" 404 228
172.22.2.4 - - [18/Nov/2023:06:38:03 -0500] "HEAD /BLA/boletinlegal/ HTTP/1.1" 200 -
40.77.167.60 - - [18/Nov/2023:06:40:16 -0500] "GET /bla/resoluciones/resoluciones%202007/res%202007%202401%20al%202500/RESOLUCION%202449%20DE%202007.pdf HTTP/1.1" 200 367688
172.22.2.4 - - [18/Nov/2023:06:38:54 -0500] "GET /BLA/boletinlegal/ HTTP/1.1" 200 52827
201.245.192.253 - - [18/Nov/2023:06:40:34 -0500] "POST /kwsrmcab/Wsrmcab HTTP/1.1" 200 40907
201.245.192.253 - - [18/Nov/2023:06:40:38 -0500] "POST /kwsrmcab/Wsrmcab HTTP/1.1" 200 41843
216.245.221.92 - - [18/Nov/2023:06:41:13 -0500] "HEAD / HTTP/1.1" 200 -
201.245.192.253 - - [18/Nov/2023:06:41:13 -0500] "POST /kwsrmcab/Wsrmcab  HTTP/1.1" 200 40861
66.249.66.19 - - [18/Nov/2023:06:42:14 -0500] "GET /BLA/resoluciones/RESOLUCIONES%202010/6869.pdf HTTP/1.1" 200 188608
66.249.66.19 - - [18/Nov/2023:06:43:05 -0500] "GET /BLA/resoluciones/RESOLUCIONES%202009/1734.pdf HTTP/1.1" 200 238398
172.22.2.4 - - [18/Nov/2023:06:43:53 -0500] "HEAD /BLA/boletinlegal/ HTTP/1.1" 200 -
216.245.221.92 - - [18/Nov/2023:06:46:13 -0500] "HEAD / HTTP/1.1" 200 -
201.245.192.253 - - [18/Nov/2023:06:46:12 -0500] "POST /kwsrmcab/Wsrmcab  HTTP/1.1" 200 40861
172.22.2.4 - - [18/Nov/2023:06:44:44 -0500] "GET /BLA/boletinlegal/ HTTP/1.1" 200 58294
20.240.13.245 - - [18/Nov/2023:06:47:06 -0500] "GET /Publicaciones/2023EE181767.pdf HTTP/1.1" 404 228
66.249.66.19 - - [18/Nov/2023:06:47:30 -0500] "GET /BLA/resoluciones/RESOLUCIONES%202010/1710.pdf HTTP/1.1" 200 413304
66.249.66.21 - - [18/Nov/2023:06:48:55 -0500] "GET /BLA/resoluciones/RESOLUCIONES%202010/5943.pdf HTTP/1.1" 200 101425
216.245.221.92 - - [18/Nov/2023:06:51:13 -0500] "HEAD / HTTP/1.1" 200 -
201.245.192.253 - - [18/Nov/2023:06:51:11 -0500] "POST /kwsrmcab/Wsrmcab  HTTP/1.1" 200 40861
172.22.2.4 - - [18/Nov/2023:06:49:43 -0500] "HEAD /BLA/boletinlegal/ HTTP/1.1" 200 -
172.22.2.4 - - [18/Nov/2023:06:50:34 -0500] "GET /BLA/boletinlegal/ HTTP/1.1" 200 60634
52.167.144.161 - - [18/Nov/2023:06:53:29 -0500] "GET /transparencia/directorioservidores/septiembre2015.xlsx HTTP/1.1" 200 37000
66.249.66.21 - - [18/Nov/2023:06:53:32 -0500] "GET /Publicaciones/2023EE235412.pdf HTTP/1.1" 404 228
66.249.66.21 - - [18/Nov/2023:06:54:35 -0500] "GET /BLA/boletinlegal/Circulares/2018/CIRCULAR%20COJUNTA%20042%20DE%202018.pdf HTTP/1.1" 304 -
66.249.66.19 - - [18/Nov/2023:06:55:54 -0500] "GET /BLA/resoluciones/AUTOS%202014/5640.pdf HTTP/1.1" 200 206044
201.245.192.253 - - [18/Nov/2023:06:56:10 -0500] "POST /kwsrmcab/Wsrmcab  HTTP/1.1" 200 40861
216.245.221.92 - - [18/Nov/2023:06:56:13 -0500] "HEAD / HTTP/1.1" 200 -
172.22.2.4 - - [18/Nov/2023:06:55:33 -0500] "HEAD /BLA/boletinlegal/ HTTP/1.1" 200 -
66.249.66.20 - - [18/Nov/2023:06:57:23 -0500] "GET /resoluciones/RESOLUCIONES%202009/1267.pdf HTTP/1.1" 404 1018
172.22.2.4 - - [18/Nov/2023:06:56:24 -0500] "GET /BLA/boletinlegal/ HTTP/1.1" 200 60634
20.27.20.16 - - [18/Nov/2023:06:58:04 -0500] "GET /Publicaciones/2023EE244749.pdf HTTP/1.1" 404 228
66.249.73.68 - - [18/Nov/2023:06:58:57 -0500] "GET /en-julio-programate-para-asistir-a-las-caminatas-ecologicas-y-conectarte-con-la-naturaleza.html HTTP/1.1" 304 -
172.22.2.4 - - [18/Nov/2023:07:00:45 -0500] "GET /BLA/boletinlegal/actos.php HTTP/1.1" 200 9682
201.245.192.253 - - [18/Nov/2023:07:01:09 -0500] "POST /kwsrmcab/Wsrmcab  HTTP/1.1" 200 40861
216.245.221.92 - - [18/Nov/2023:07:01:13 -0500] "HEAD / HTTP/1.1" 200 -
149.202.86.56 - - [18/Nov/2023:07:02:58 -0500] "GET /robots.txt HTTP/1.1" 404 1034
172.22.2.4 - - [18/Nov/2023:07:01:23 -0500] "HEAD /BLA/boletinlegal/ HTTP/1.1" 200 -
149.202.86.56 - - [18/Nov/2023:07:03:05 -0500] "GET /mejora-tu-bienestar-con-las-caminatas-ecologicas-%C3%82%C2%A1conoce-la-programacion-de-agosto.html HTTP/1.1" 200 873
172.22.2.4 - - [18/Nov/2023:07:02:14 -0500] "GET /BLA/boletinlegal/ HTTP/1.1" 200 58294
201.245.192.253 - - [18/Nov/2023:07:06:08 -0500] "POST /kwsrmcab/Wsrmcab  HTTP/1.1" 200 40861
216.245.221.92 - - [18/Nov/2023:07:06:13 -0500] "HEAD / HTTP/1.1" 200 -
172.22.2.4 - - [18/Nov/2023:07:07:13 -0500] "HEAD /BLA/boletinlegal/ HTTP/1.1" 200 -
172.22.2.4 - - [18/Nov/2023:07:08:04 -0500] "GET /BLA/boletinlegal/ HTTP/1.1" 200 58294
201.245.192.253 - - [18/Nov/2023:07:11:08 -0500] "POST /kwsrmcab/Wsrmcab  HTTP/1.1" 200 40861
216.245.221.92 - - [18/Nov/2023:07:11:13 -0500] "HEAD / HTTP/1.1" 200 -
66.249.73.67 - - [18/Nov/2023:07:13:55 -0500] "GET /como-debe-ser-el-manejo-del-ruido-en-bogota.html HTTP/1.1" 304 -
125.75.66.97 - - [18/Nov/2023:07:14:22 -0500] "GET / HTTP/1.1" 200 319
172.22.2.4 - - [18/Nov/2023:07:13:03 -0500] "HEAD /BLA/boletinlegal/ HTTP/1.1" 200 -
172.22.2.4 - - [18/Nov/2023:07:13:54 -0500] "GET /BLA/boletinlegal/ HTTP/1.1" 200 58644
201.245.192.253 - - [18/Nov/2023:07:16:06 -0500] "POST /kwsrmcab/Wsrmcab  HTTP/1.1" 200 40861
216.245.221.92 - - [18/Nov/2023:07:16:13 -0500] "HEAD / HTTP/1.1" 200 -
40.77.167.21 - - [18/Nov/2023:07:16:41 -0500] "GET /BLA/resoluciones/RESOLUCIONES%202022/4961.pdf HTTP/1.1" 304 -
201.245.192.253 - - [18/Nov/2023:07:17:08 -0500] "POST /kwsrmcab/Wsrmcab HTTP/1.1" 200 40911
201.245.192.253 - - [18/Nov/2023:07:17:11 -0500] "POST /kwsrmcab/Wsrmcab HTTP/1.1" 200 41842
172.22.2.4 - - [18/Nov/2023:07:18:53 -0500] "HEAD /BLA/boletinlegal/ HTTP/1.1" 200 -
201.245.192.253 - - [18/Nov/2023:07:20:34 -0500] "POST /kwsrmcab/Wsrmcab HTTP/1.1" 200 40911
201.245.192.253 - - [18/Nov/2023:07:20:38 -0500] "POST /kwsrmcab/Wsrmcab HTTP/1.1" 200 41842
201.245.192.253 - - [18/Nov/2023:07:21:05 -0500] "POST /kwsrmcab/Wsrmcab  HTTP/1.1" 200 40861
216.245.221.92 - - [18/Nov/2023:07:21:13 -0500] "HEAD / HTTP/1.1" 200 -
172.22.2.4 - - [18/Nov/2023:07:19:44 -0500] "GET /BLA/boletinlegal/ HTTP/1.1" 200 58644
40.77.167.21 - - [18/Nov/2023:07:23:50 -0500] "GET /pdc/actos/422.pdf HTTP/1.1" 200 474957
201.245.192.253 - - [18/Nov/2023:07:26:04 -0500] "POST /kwsrmcab/Wsrmcab  HTTP/1.1" 200 40861
216.245.221.92 - - [18/Nov/2023:07:26:13 -0500] "HEAD / HTTP/1.1" 200 -
172.22.2.4 - - [18/Nov/2023:07:24:43 -0500] "HEAD /BLA/boletinlegal/ HTTP/1.1" 200 -
201.245.192.253 - - [18/Nov/2023:07:27:08 -0500] "POST /kwsrmcab/Wsrmcab HTTP/1.1" 200 40911
201.245.192.253 - - [18/Nov/2023:07:27:11 -0500] "POST /kwsrmcab/Wsrmcab HTTP/1.1" 200 41842
172.22.2.4 - - [18/Nov/2023:07:25:34 -0500] "GET /BLA/boletinlegal/ HTTP/1.1" 200 52827
201.245.192.253 - - [18/Nov/2023:07:30:34 -0500] "POST /kwsrmcab/Wsrmcab HTTP/1.1" 200 40911
201.245.192.253 - - [18/Nov/2023:07:30:37 -0500] "POST /kwsrmcab/Wsrmcab HTTP/1.1" 200 41842
201.245.192.253 - - [18/Nov/2023:07:31:03 -0500] "POST /kwsrmcab/Wsrmcab  HTTP/1.1" 200 40861
216.245.221.92 - - [18/Nov/2023:07:31:13 -0500] "HEAD / HTTP/1.1" 200 -
