186.102.72.121 - - [18/Nov/2023:20:27:36 -0500] "GET /kwssiamovil/sm/acme/s?s=U2FsdGVkX1/2W/LuXnlD05zVezwx/FfONzCDV2nk+Iu7Ipxdh7FmspRBCPKLaAFZpch5Sl8OkEzaQFAd6ZUuPS8srqxGApQg1mkFPICtk9UFIfdxuhmsiXHPqTkUtdaUziSDINX2BX7ducQUjn1I8Ztb4gYJot3wH8x2NBtGA9i/JS4GOvVDFMSBw9NOvoCDl9em2TLypCvZGbmKLSh6B2h/rrcc/aXwjyLELeDyiYTc87onGFlsyGOKeO9KFKlAw/BU+sVf6BjnOMQMONxPtS8kGO8c5CVItrhXvESvK85AtdMo9N8mtsOU5lgqJPL1qsigR5muRVmnD/G0DDLW7H7x02ElqNpfNZ/B3XyMfzmiW3mSaEVestbjGzYN0blCZwsABccwv3EzZQ93oceD6pP/TMVPvg42l3aTviHKLjoSpXkjzr6XmwoXCGltN8up0XrcL0V9LbExR1hO/yjgo27pWu3KNX1cm6e3DsTc38Z4lJQ8z4tFM1d7ji/aYJpzDSsY7jxfI7pUbYeSkk3A+gcYFVAuVnrDdTm3snkC1MFCdc+L3z5hPM3kMX34ZTrG2U+kipIyjMP/u7mJ9HlhHFa2itzSXu5W3kMj0xBYcAd+ae65XMn6YHlsVBtywe1Ack6PejccMiKw8SVUcrFh1RCzSQLGcPGIiV6NtcP2b8Y9ZBAY2+7Cd8CGKUoIAbZZRoqCfHOwkZzVw0XddEEl+vV5hOV9RfkVmaQ68MehBLrPxRrhxQxF7w30UJ0YLqPGacvIXJ6MsO69g32uW1SPyEyXtRIWDqI4fsHMvuVPM3gXhggtvcSTPcIu31WcSF2SHkNFyH3gvs99tN19iO0mf+Cjs80n6BOp9OFcALd5Y3cc4tLFdwE7z7my+jZ+Liv/kvPTHxzTzXZ1KUvm5IoqskTdMLUGogQlQip69wxf9B0aZV0uOkw9voSOFpD3pjwkD6hbDEDE5L3u2CTrlcw7UwP7q08W7fpze/KxCPLEId3bPpKlnKnlSixc6CsCQ4Lqwlgjct9e47OFe9ZcDuAyKKagVmYdvQnhd0DmepXlaEImDliJVdGNNlnNbQ6jRB7W0y1j4j0DC4RfyySxrR7+UvCuPOXCWCtNcqI5E9BY8XuKzIhS/LfF7b6B6upKOrB9Kl3zOCzjpp8vB1GNZ3T094T7rdXi/xUTC8n0VbdW60WPLcScuYb7gQQvS+YLCp3vtgAhcPuEQjVwqhyipPOLukfSkpwMg56xv1gQsDA0SAZHoAEkSdwKRv4wnuTs4VDwM9YN4Pim6JLZmDUKTsG52EEjCurUP6XrauERGM3K8/RwDrCZuD/RmETRcfr0kPgqjNDXJrmdPDodxqsAQbCrAH1WO+GKrpm/EdK9QeAiMLv5iGvgJ9CvX9mAuq3w/qhanY1alPAw7hYKMXwhAlTLU2fK7S/YiKBQSsCTDXEBOQo=&u=U2FsdGVkX1/pS8cFagCoXaVYLEM5F8KoABQbQSVwlWQ=&y=U2FsdGVkX19HyK3fm72nsvObWMEMW13mt3Ji6KOMa6w= HTTP/1.1" 200 1730
186.102.72.121 - - [18/Nov/2023:20:27:36 -0500] "GET /kwssiamovil/sm/acme/s?s=U2FsdGVkX19SeUw8MGo1iw8ur+FW3TDlVHnTjmjhpkPteOOT2Uq8gX02B/zRjhfa6BAG1qnokOxS3jFl9MSnWsEw2t6HqvOH8RqcHS69HWo+aYvgMLi1pNLLwMn12kfW/JCc2fxX/7IE+K88CT+LnjP7D7Uxd/YOU5Mwn37VZWYtUQC9sWixfqWriQwLVSaVW+335F0QiGNtxmyA3Pq04XwwJbQUPYrGkRTtfeTJLKMhb3v2e7LP4TzzjzCwpMu3GG475/FCULJvUZrWyTs+lhtWsI0hBepzvqRxR+iYz7VFkORMwLA6gHXuvaqANwiYS1TJDp1HDWE7JfNAMSbqQQ==&u=U2FsdGVkX1/pS8cFagCoXaVYLEM5F8KoABQbQSVwlWQ=&y=U2FsdGVkX19HyK3fm72nsvObWMEMW13mt3Ji6KOMa6w= HTTP/1.1" 200 196
186.102.72.121 - - [18/Nov/2023:20:27:36 -0500] "GET /kwssiamovil/sm/cjson/pre?f=1&x=U2FsdGVkX1+uVNFYC296HtiXI81aAUCTZqw9msTT1O++L5la0XT2Ud3gy+tkiUdp HTTP/1.1" 200 31032
98.64.96.30 - - [18/Nov/2023:20:27:47 -0500] "GET /Publicaciones/2023EE222899.pdf HTTP/1.1" 404 228
172.22.2.4 - - [18/Nov/2023:20:26:24 -0500] "HEAD /BLA/boletinlegal/ HTTP/1.1" 200 -
186.80.52.162 - - [18/Nov/2023:20:28:14 -0500] "GET /consulta-y-conoce-los-proyectos-de-resolucion-de-para-los-planes-de-manejo-ambiental-de-cinco-humedales-en-bogota.html HTTP/1.1" 200 971
201.245.192.253 - - [18/Nov/2023:20:28:19 -0500] "POST /kwsrmcab/Wsrmcab  HTTP/1.1" 200 40861
172.22.2.4 - - [18/Nov/2023:20:27:15 -0500] "GET /BLA/boletinlegal/ HTTP/1.1" 200 58294
199.16.157.182 - - [18/Nov/2023:20:29:59 -0500] "GET /images/cr%C3%B3nica-29-nov-1_optimized.jpeg HTTP/1.1" 404 1034
172.22.2.4 - - [18/Nov/2023:20:30:30 -0500] "GET /BLA/boletinlegal/actos.php HTTP/1.1" 200 9682
172.22.2.4 - - [18/Nov/2023:20:30:32 -0500] "GET /BLA/boletinlegal/favicon.ico HTTP/1.1" 404 1326
201.245.192.253 - - [18/Nov/2023:20:30:32 -0500] "POST /kwsrmcab/Wsrmcab HTTP/1.1" 200 40828
201.245.192.253 - - [18/Nov/2023:20:30:36 -0500] "POST /kwsrmcab/Wsrmcab HTTP/1.1" 200 42073
172.22.2.4 - - [18/Nov/2023:20:31:11 -0500] "GET /BLA/boletinlegal/consulta_actos.php?tipo=resoluciones&no=3052&usuario=&sector=&fecha=2021&resuelve= HTTP/1.1" 200 1231
191.74.142.114 - - [18/Nov/2023:20:31:28 -0500] "GET /BLA/resoluciones/RESOLUCIONES%202021/3052.pdf HTTP/1.1" 200 517629
216.245.221.92 - - [18/Nov/2023:20:32:01 -0500] "HEAD / HTTP/1.1" 200 -
201.245.192.253 - - [18/Nov/2023:20:33:19 -0500] "POST /kwsrmcab/Wsrmcab  HTTP/1.1" 200 40861
172.22.2.4 - - [18/Nov/2023:20:33:46 -0500] "GET /BLA/boletinlegal/jurisprudencia/analisis/ANALISIST-046-99.docx HTTP/1.1" 200 20918
172.22.2.4 - - [18/Nov/2023:20:33:46 -0500] "GET /BLA/boletinlegal/robots.txt HTTP/1.1" 404 1037
172.22.2.4 - - [18/Nov/2023:20:32:14 -0500] "HEAD /BLA/boletinlegal/ HTTP/1.1" 200 -
172.22.2.4 - - [18/Nov/2023:20:33:05 -0500] "GET /BLA/boletinlegal/ HTTP/1.1" 200 61018
52.167.144.214 - - [18/Nov/2023:20:34:51 -0500] "GET /BLA/resoluciones/AUTOS%202007/1997.pdf HTTP/1.1" 200 33076
54.36.175.53 - - [18/Nov/2023:20:35:54 -0500] "GET / HTTP/1.1" 200 319
52.167.144.214 - - [18/Nov/2023:20:35:55 -0500] "GET /BLA/resoluciones/AUTOS%202021/0738.pdf HTTP/1.1" 304 -
207.46.13.31 - - [18/Nov/2023:20:36:49 -0500] "GET /BLA/resoluciones/RESOLUCIONES%202021/3052.pdf HTTP/1.1" 200 517629
216.245.221.92 - - [18/Nov/2023:20:37:01 -0500] "HEAD / HTTP/1.1" 200 -
201.245.192.253 - - [18/Nov/2023:20:37:06 -0500] "POST /kwsrmcab/Wsrmcab HTTP/1.1" 200 40828
201.245.192.253 - - [18/Nov/2023:20:37:09 -0500] "POST /kwsrmcab/Wsrmcab HTTP/1.1" 200 42073
201.245.192.253 - - [18/Nov/2023:20:38:18 -0500] "POST /kwsrmcab/Wsrmcab  HTTP/1.1" 200 40861
172.22.2.4 - - [18/Nov/2023:20:38:04 -0500] "HEAD /BLA/boletinlegal/ HTTP/1.1" 200 -
201.245.192.253 - - [18/Nov/2023:20:40:32 -0500] "POST /kwsrmcab/Wsrmcab HTTP/1.1" 200 40828
172.22.2.4 - - [18/Nov/2023:20:38:55 -0500] "GET /BLA/boletinlegal/ HTTP/1.1" 200 58644
201.245.192.253 - - [18/Nov/2023:20:40:35 -0500] "POST /kwsrmcab/Wsrmcab HTTP/1.1" 200 42073
216.245.221.92 - - [18/Nov/2023:20:42:01 -0500] "HEAD / HTTP/1.1" 200 -
201.245.192.253 - - [18/Nov/2023:20:43:17 -0500] "POST /kwsrmcab/Wsrmcab  HTTP/1.1" 200 40861
191.74.142.114 - - [18/Nov/2023:20:43:45 -0500] "GET /BLA/resoluciones/RESOLUCIONES%202021/3052.pdf HTTP/1.1" 206 1
191.74.142.114 - - [18/Nov/2023:20:43:45 -0500] "GET /BLA/resoluciones/RESOLUCIONES%202021/3052.pdf HTTP/1.1" 206 384170
98.64.96.176 - - [18/Nov/2023:20:45:10 -0500] "GET /Publicaciones/2023EE209759.pdf HTTP/1.1" 404 228
172.22.2.4 - - [18/Nov/2023:20:43:55 -0500] "HEAD /BLA/boletinlegal/ HTTP/1.1" 200 -
172.22.2.4 - - [18/Nov/2023:20:44:46 -0500] "GET /BLA/boletinlegal/ HTTP/1.1" 200 59007
173.252.95.14 - - [18/Nov/2023:20:46:32 -0500] "GET /images/Zorro%20cangrejero.jpg HTTP/1.1" 200 40050
66.249.73.68 - - [18/Nov/2023:20:47:01 -0500] "GET /semana-bogoti-reverdece-bogoti-preparada-para-la-crisis-climitica.html HTTP/1.1" 304 -
216.245.221.92 - - [18/Nov/2023:20:47:01 -0500] "HEAD / HTTP/1.1" 200 -
201.245.192.253 - - [18/Nov/2023:20:48:16 -0500] "POST /kwsrmcab/Wsrmcab  HTTP/1.1" 200 40861
172.22.2.4 - - [18/Nov/2023:20:49:48 -0500] "HEAD /BLA/boletinlegal/ HTTP/1.1" 200 -
216.245.221.92 - - [18/Nov/2023:20:52:01 -0500] "HEAD / HTTP/1.1" 200 -
66.249.66.20 - - [18/Nov/2023:20:52:09 -0500] "GET /bla/boletinlegal/conceptos/2015/168.pdf HTTP/1.1" 200 1349704
66.249.66.20 - - [18/Nov/2023:20:52:13 -0500] "GET /isolucionsda/FrameSetArticulo.asp?Pagina=/isolucionsda/bancoconocimiento/D/Directiva1del2deMarzode2010/Directiva1del2deMarzode2010.asp?IdArticulo=6464 HTTP/1.1" 200 527
172.22.2.4 - - [18/Nov/2023:20:50:39 -0500] "GET /BLA/boletinlegal/ HTTP/1.1" 200 52827
201.245.192.253 - - [18/Nov/2023:20:53:16 -0500] "POST /kwsrmcab/Wsrmcab  HTTP/1.1" 200 40861
66.249.65.203 - - [18/Nov/2023:20:54:31 -0500] "GET /robots.txt HTTP/1.1" 404 1035
66.249.65.192 - - [18/Nov/2023:20:54:32 -0500] "GET /portaldeninos/que-es-cambio-climatico/ HTTP/1.1" 200 86727
66.249.65.192 - - [18/Nov/2023:20:54:34 -0500] "GET /portaldeninos/wp-includes/js/jquery/ui/core.min.js?ver=1.11.4 HTTP/1.1" 200 4000
66.249.65.203 - - [18/Nov/2023:20:54:35 -0500] "GET /portaldeninos/wp-content/themes/betheme/css/shortcodes.css?ver=20.9.6 HTTP/1.1" 200 138889
86.135.56.152 - - [18/Nov/2023:20:56:51 -0500] "GET / HTTP/1.1" 200 319
216.245.221.92 - - [18/Nov/2023:20:57:01 -0500] "HEAD / HTTP/1.1" 200 -
172.22.2.4 - - [18/Nov/2023:20:55:38 -0500] "HEAD /BLA/boletinlegal/ HTTP/1.1" 200 -
172.22.2.4 - - [18/Nov/2023:20:56:29 -0500] "GET /BLA/boletinlegal/ HTTP/1.1" 200 58644
201.245.192.253 - - [18/Nov/2023:20:58:15 -0500] "POST /kwsrmcab/Wsrmcab  HTTP/1.1" 200 40861
216.245.221.92 - - [18/Nov/2023:21:02:01 -0500] "HEAD / HTTP/1.1" 200 -
54.36.175.53 - - [18/Nov/2023:21:02:53 -0500] "GET / HTTP/1.1" 200 319
172.22.2.4 - - [18/Nov/2023:21:01:28 -0500] "HEAD /BLA/boletinlegal/ HTTP/1.1" 200 -
201.245.192.253 - - [18/Nov/2023:21:03:14 -0500] "POST /kwsrmcab/Wsrmcab  HTTP/1.1" 200 40861
172.22.2.4 - - [18/Nov/2023:21:02:19 -0500] "GET /BLA/boletinlegal/ HTTP/1.1" 200 58644
157.55.39.48 - - [18/Nov/2023:21:06:03 -0500] "GET /Publicaciones/2023EE233945.pdf HTTP/1.1" 404 228
157.55.39.48 - - [18/Nov/2023:21:06:03 -0500] "GET /BLA/resoluciones/RESOLUCIONES%202021/3840.pdf HTTP/1.1" 200 422160
216.245.221.92 - - [18/Nov/2023:21:07:01 -0500] "HEAD / HTTP/1.1" 200 -
201.245.192.253 - - [18/Nov/2023:21:08:12 -0500] "POST /kwsrmcab/Wsrmcab  HTTP/1.1" 200 40861
172.22.2.4 - - [18/Nov/2023:21:07:18 -0500] "HEAD /BLA/boletinlegal/ HTTP/1.1" 200 -
172.22.2.4 - - [18/Nov/2023:21:08:09 -0500] "GET /BLA/boletinlegal/ HTTP/1.1" 200 58294
52.167.144.142 - - [18/Nov/2023:21:10:46 -0500] "GET /BLA/resoluciones/AUTOS%202022/4497.pdf HTTP/1.1" 200 340060
216.245.221.92 - - [18/Nov/2023:21:12:01 -0500] "HEAD / HTTP/1.1" 200 -
201.245.192.253 - - [18/Nov/2023:21:13:11 -0500] "POST /kwsrmcab/Wsrmcab  HTTP/1.1" 200 40861
172.22.2.4 - - [18/Nov/2023:21:13:08 -0500] "HEAD /BLA/boletinlegal/ HTTP/1.1" 200 -
198.199.71.65 - - [18/Nov/2023:21:15:35 -0500] "GET /wp-content/plugins/royal-elementor-addons/assets/js/modal-popups.min.js HTTP/1.1" 404 1049
172.22.2.4 - - [18/Nov/2023:21:13:59 -0500] "GET /BLA/boletinlegal/ HTTP/1.1" 200 60634
172.22.2.4 - - [18/Nov/2023:21:15:54 -0500] "GET /BLA/boletinlegal/actos.php HTTP/1.1" 200 9682
172.22.2.4 - - [18/Nov/2023:21:16:27 -0500] "GET /BLA/boletinlegal/consulta_actos.php?tipo=resoluciones&no=0890&usuario=&sector=&fecha=2021&resuelve= HTTP/1.1" 200 1092
191.74.142.114 - - [18/Nov/2023:21:16:31 -0500] "GET /BLA/resoluciones/RESOLUCIONES%202021/0890.pdf HTTP/1.1" 200 498349
216.245.221.92 - - [18/Nov/2023:21:17:01 -0500] "HEAD / HTTP/1.1" 200 -
201.245.192.253 - - [18/Nov/2023:21:17:05 -0500] "POST /kwsrmcab/Wsrmcab HTTP/1.1" 200 40957
201.245.192.253 - - [18/Nov/2023:21:17:08 -0500] "POST /kwsrmcab/Wsrmcab HTTP/1.1" 200 42235
201.245.192.253 - - [18/Nov/2023:21:18:10 -0500] "POST /kwsrmcab/Wsrmcab  HTTP/1.1" 200 40861
201.245.192.253 - - [18/Nov/2023:21:20:32 -0500] "POST /kwsrmcab/Wsrmcab HTTP/1.1" 200 40957
201.245.192.253 - - [18/Nov/2023:21:20:35 -0500] "POST /kwsrmcab/Wsrmcab HTTP/1.1" 200 42235
172.22.2.4 - - [18/Nov/2023:21:18:58 -0500] "HEAD /BLA/boletinlegal/ HTTP/1.1" 200 -
176.111.172.179 - - [18/Nov/2023:21:21:27 -0500] "GET /consulta-y-conoce-los-proyectos-de-resolucion-de-para-los-planes-de-manejo-ambiental-de-cinco-humedales-en-bogota.html HTTP/1.1" 200 971
216.170.123.36 - - [18/Nov/2023:21:21:27 -0500] "GET /consulta-y-conoce-los-proyectos-de-resolucion-de-para-los-planes-de-manejo-ambiental-de-cinco-humedales-en-bogota.html HTTP/1.1" 200 971
172.22.2.4 - - [18/Nov/2023:21:19:49 -0500] "GET /BLA/boletinlegal/ HTTP/1.1" 200 58294
216.245.221.92 - - [18/Nov/2023:21:22:01 -0500] "HEAD / HTTP/1.1" 200 -
51.222.253.3 - - [18/Nov/2023:21:22:24 -0500] "GET /robots.txt HTTP/1.1" 404 1018
172.22.2.4 - - [18/Nov/2023:21:22:40 -0500] "GET /BLA/boletinlegal/Directivas/2019/Directiva%20No.%200001%20del%2011%20de%20junio%20de%202019.pdf HTTP/1.1" 304 -
201.245.192.253 - - [18/Nov/2023:21:23:09 -0500] "POST /kwsrmcab/Wsrmcab  HTTP/1.1" 200 40861
172.22.2.4 - - [18/Nov/2023:21:24:41 -0500] "GET /BLA/boletinlegal/consulta_actos.php?tipo=resoluciones&no=5307&usuario=&sector=&fecha=2021&resuelve= HTTP/1.1" 200 1334
191.74.142.114 - - [18/Nov/2023:21:24:48 -0500] "GET /BLA/resoluciones/RESOLUCIONES%202021/5307.pdf HTTP/1.1" 200 516552
52.167.144.176 - - [18/Nov/2023:21:25:16 -0500] "GET /BLA/resoluciones/RESOLUCIONES%202021/0890.pdf HTTP/1.1" 200 498349
172.22.2.4 - - [18/Nov/2023:21:24:49 -0500] "HEAD /BLA/boletinlegal/ HTTP/1.1" 200 -
66.249.66.20 - - [18/Nov/2023:21:26:31 -0500] "GET /BLA/resoluciones/Notificaciones/AUTOS%202022/6055.pdf HTTP/1.1" 200 472850
216.245.221.92 - - [18/Nov/2023:21:27:01 -0500] "HEAD / HTTP/1.1" 200 -
66.249.66.20 - - [18/Nov/2023:21:27:05 -0500] "GET /BLA/resoluciones/Notificaciones/RESOLUCIONES%202022/2668.pdf HTTP/1.1" 200 418371
201.245.192.253 - - [18/Nov/2023:21:27:06 -0500] "POST /kwsrmcab/Wsrmcab HTTP/1.1" 200 40957
201.245.192.253 - - [18/Nov/2023:21:27:10 -0500] "POST /kwsrmcab/Wsrmcab HTTP/1.1" 200 42235
52.167.144.211 - - [18/Nov/2023:21:27:16 -0500] "GET /BLA/resoluciones/AUTOS%202023/4849.pdf HTTP/1.1" 200 793335
172.22.2.4 - - [18/Nov/2023:21:25:40 -0500] "GET /BLA/boletinlegal/ HTTP/1.1" 200 58294
201.245.192.253 - - [18/Nov/2023:21:28:07 -0500] "POST /kwsrmcab/Wsrmcab  HTTP/1.1" 200 40861
66.249.73.67 - - [18/Nov/2023:21:30:15 -0500] "GET /semana-bogota-reverdece-inventario-de-emisiones-de-gases-efecto-invernadero-2022-mostro-una-reduccion-de-19-8.html HTTP/1.1" 200 878
201.245.192.253 - - [18/Nov/2023:21:30:32 -0500] "POST /kwsrmcab/Wsrmcab HTTP/1.1" 200 40957
201.245.192.253 - - [18/Nov/2023:21:30:35 -0500] "POST /kwsrmcab/Wsrmcab HTTP/1.1" 200 42235
173.252.107.120 - - [18/Nov/2023:21:31:32 -0500] "GET /en-el-dia-mundial-de-la-educacion-ambiental-bogota-condecora-a-docentes-lideres-artistas-organizaciones-y-empresas.html HTTP/1.1" 200 1075
66.249.66.19 - - [18/Nov/2023:21:31:35 -0500] "GET /BLA/resoluciones/Notificaciones/RESOLUCIONES%202023/0390.pdf HTTP/1.1" 200 3422989
66.249.73.68 - - [18/Nov/2023:21:32:01 -0500] "GET /cooperacion-internacional-postulate-para-la-coordinacion-ambiental-de-proyecto-con-la-union-europea-avantia.html HTTP/1.1" 200 1020
216.245.221.92 - - [18/Nov/2023:21:32:01 -0500] "HEAD / HTTP/1.1" 200 -
172.22.2.4 - - [18/Nov/2023:21:30:40 -0500] "HEAD /BLA/boletinlegal/ HTTP/1.1" 200 -
186.80.191.170 - - [18/Nov/2023:21:32:36 -0500] "GET /sipse/js/disable_browser_buttons.js HTTP/1.1" 200 3230
186.80.191.170 - - [18/Nov/2023:21:32:36 -0500] "GET /sipse/css/custom_css_sg.css HTTP/1.1" 200 9694
186.80.191.170 - - [18/Nov/2023:21:32:35 -0500] "GET /sipse/faces/autenticacion.xhtml HTTP/1.1" 200 12729
186.80.191.170 - - [18/Nov/2023:21:32:36 -0500] "GET /sipse/css/custom_css_sg_prime_login.css HTTP/1.1" 200 443
186.80.191.170 - - [18/Nov/2023:21:32:36 -0500] "GET /sipse/js/funciones.js HTTP/1.1" 200 12592
186.80.191.170 - - [18/Nov/2023:21:32:36 -0500] "GET /sipse/faces/javax.faces.resource/layout/layout.css;jsessionid=Z0QwafxsY2OlBBeOXegDyPEa.undefined?ln=primefaces&v=4.0 HTTP/1.1" 200 542
186.80.191.170 - - [18/Nov/2023:21:32:36 -0500] "GET /sipse/faces/javax.faces.resource/theme.css?ln=primefaces-sipse HTTP/1.1" 200 50058
186.80.191.170 - - [18/Nov/2023:21:32:36 -0500] "GET /sipse/faces/javax.faces.resource/primefaces.css;jsessionid=Z0QwafxsY2OlBBeOXegDyPEa.undefined?ln=primefaces&v=4.0 HTTP/1.1" 200 53295
186.80.191.170 - - [18/Nov/2023:21:32:37 -0500] "GET /sipse/faces/javax.faces.resource/layout/layout.js;jsessionid=Z0QwafxsY2OlBBeOXegDyPEa.undefined?ln=primefaces&v=4.0 HTTP/1.1" 200 87560
186.80.191.170 - - [18/Nov/2023:21:32:36 -0500] "GET /sipse/faces/javax.faces.resource/jquery/jquery.js;jsessionid=Z0QwafxsY2OlBBeOXegDyPEa.undefined?ln=primefaces&v=4.0 HTTP/1.1" 200 105384
186.80.191.170 - - [18/Nov/2023:21:32:37 -0500] "GET /sipse/faces/javax.faces.resource/jquery/jquery-plugins.js;jsessionid=Z0QwafxsY2OlBBeOXegDyPEa.undefined?ln=primefaces&v=4.0 HTTP/1.1" 200 220526
186.80.191.170 - - [18/Nov/2023:21:32:37 -0500] "GET /sipse/faces/javax.faces.resource/primefaces.js;jsessionid=Z0QwafxsY2OlBBeOXegDyPEa.undefined?ln=primefaces&v=4.0 HTTP/1.1" 200 276924
186.80.191.170 - - [18/Nov/2023:21:32:38 -0500] "GET /sipse/faces/javax.faces.resource/images/ui-icons_898989_256x240.png?ln=primefaces-aristo HTTP/1.1" 200 5355
186.80.191.170 - - [18/Nov/2023:21:32:38 -0500] "GET /sipse/css/imagen/loginimg.png HTTP/1.1" 200 71635
186.80.191.170 - - [18/Nov/2023:21:32:38 -0500] "GET /sipse/css/imagen/logoSDG.png HTTP/1.1" 200 53064
186.80.191.170 - - [18/Nov/2023:21:32:38 -0500] "GET /sipse/faces/index.xhtml HTTP/1.1" 200 677
186.80.191.170 - - [18/Nov/2023:21:32:38 -0500] "GET /sipse/faces/javax.faces.resource/theme.css?ln=primefaces-sipse HTTP/1.1" 304 -
186.80.191.170 - - [18/Nov/2023:21:32:39 -0500] "GET /favicon.ico HTTP/1.1" 200 7782
201.245.192.253 - - [18/Nov/2023:21:33:06 -0500] "POST /kwsrmcab/Wsrmcab  HTTP/1.1" 200 40861
172.22.2.4 - - [18/Nov/2023:21:31:31 -0500] "GET /BLA/boletinlegal/ HTTP/1.1" 200 57881
66.249.66.19 - - [18/Nov/2023:21:36:20 -0500] "GET /isolucionsda/FrameSetGeneral.asp?Pagina=BancoConocimiento/m/meci/meci.asp&IdModulo=16 HTTP/1.1" 200 527
216.245.221.92 - - [18/Nov/2023:21:37:01 -0500] "HEAD / HTTP/1.1" 200 -
201.245.192.253 - - [18/Nov/2023:21:37:05 -0500] "POST /kwsrmcab/Wsrmcab HTTP/1.1" 200 40957
201.245.192.253 - - [18/Nov/2023:21:37:08 -0500] "POST /kwsrmcab/Wsrmcab HTTP/1.1" 200 42235
201.245.192.253 - - [18/Nov/2023:21:38:05 -0500] "POST /kwsrmcab/Wsrmcab  HTTP/1.1" 200 40861
172.22.2.4 - - [18/Nov/2023:21:36:30 -0500] "HEAD /BLA/boletinlegal/ HTTP/1.1" 200 -
40.77.167.247 - - [18/Nov/2023:21:38:31 -0500] "GET /BLA/resoluciones/AUTOS%202022/1702.pdf HTTP/1.1" 304 -
172.22.2.4 - - [18/Nov/2023:21:37:21 -0500] "GET /BLA/boletinlegal/ HTTP/1.1" 200 58644
157.55.39.200 - - [18/Nov/2023:21:39:25 -0500] "GET /BLA/resoluciones/RESOLUCIONES%202021/5307.pdf HTTP/1.1" 200 516552
66.249.66.21 - - [18/Nov/2023:21:40:09 -0500] "GET /BLA/resoluciones/Notificaciones/RESOLUCIONES%202022/2969.pdf HTTP/1.1" 200 636094
201.245.192.253 - - [18/Nov/2023:21:40:31 -0500] "POST /kwsrmcab/Wsrmcab HTTP/1.1" 200 40957
201.245.192.253 - - [18/Nov/2023:21:40:35 -0500] "POST /kwsrmcab/Wsrmcab HTTP/1.1" 200 42235
66.249.66.19 - - [18/Nov/2023:21:41:38 -0500] "GET /BLA/resoluciones/Notificaciones/REGISTROS%202022/00425.pdf HTTP/1.1" 200 407050
45.156.129.12 - - [18/Nov/2023:21:41:54 -0500] "GET /portaldeninos/ HTTP/1.1" 200 110175
216.245.221.92 - - [18/Nov/2023:21:42:01 -0500] "HEAD / HTTP/1.1" 200 -
172.22.2.4 - - [18/Nov/2023:21:41:20 -0500] "GET /BLA/boletinlegal/ HTTP/1.1" 200 57291
45.156.129.12 - - [18/Nov/2023:21:43:01 -0500] "GET /portaldeninos/ HTTP/1.1" 200 110175
201.245.192.253 - - [18/Nov/2023:21:43:04 -0500] "POST /kwsrmcab/Wsrmcab  HTTP/1.1" 200 40861
172.22.2.4 - - [18/Nov/2023:21:42:20 -0500] "HEAD /BLA/boletinlegal/ HTTP/1.1" 200 -
45.156.129.12 - - [18/Nov/2023:21:44:41 -0500] "GET /portaldeninos/ HTTP/1.1" 200 110175
172.22.2.4 - - [18/Nov/2023:21:43:11 -0500] "GET /BLA/boletinlegal/ HTTP/1.1" 200 58294
181.53.13.36 - - [18/Nov/2023:21:45:40 -0500] "GET /images/jardines-verticales_optimized.jpeg HTTP/1.1" 200 138197
40.77.167.71 - - [18/Nov/2023:21:45:48 -0500] "GET /BLA/resoluciones/AUTOS%202021/5335.pdf HTTP/1.1" 304 -
181.53.13.36 - - [18/Nov/2023:21:46:04 -0500] "GET /images/jardines-verticales_optimized.jpeg HTTP/1.1" 200 138197
181.53.13.36 - - [18/Nov/2023:21:46:28 -0500] "GET /images/jardines-verticales_optimized.jpeg HTTP/1.1" 200 138197
181.53.13.36 - - [18/Nov/2023:21:46:51 -0500] "GET /images/jardines-verticales_optimized.jpeg HTTP/1.1" 200 138197
181.53.13.36 - - [18/Nov/2023:21:47:00 -0500] "GET /images/jardines-verticales_optimized.jpeg HTTP/1.1" 200 138197
216.245.221.92 - - [18/Nov/2023:21:47:01 -0500] "HEAD / HTTP/1.1" 200 -
66.249.65.192 - - [18/Nov/2023:21:47:02 -0500] "GET /portaldeninos/2021/06/05/celebracion-del-dia-mundial-del-medio-ambiente-comenzo-desde-uno-de-los-pulmones-de-bogota/ HTTP/1.1" 200 104357
66.249.65.203 - - [18/Nov/2023:21:47:04 -0500] "GET /portaldeninos/wp-content/themes/betheme/css/responsive.css?ver=20.9.6 HTTP/1.1" 200 55740
66.249.65.192 - - [18/Nov/2023:21:47:05 -0500] "GET /portaldeninos/wp-includes/js/comment-reply.min.js?ver=4.9.8 HTTP/1.1" 200 1078
181.53.13.36 - - [18/Nov/2023:21:47:21 -0500] "GET /images/jardines-verticales_optimized.jpeg HTTP/1.1" 200 138197
201.245.192.253 - - [18/Nov/2023:21:48:04 -0500] "POST /kwsrmcab/Wsrmcab  HTTP/1.1" 200 40861
172.22.2.4 - - [18/Nov/2023:21:48:10 -0500] "HEAD /BLA/boletinlegal/ HTTP/1.1" 200 -
172.22.2.4 - - [18/Nov/2023:21:49:01 -0500] "GET /BLA/boletinlegal/ HTTP/1.1" 200 58294
216.245.221.92 - - [18/Nov/2023:21:52:01 -0500] "HEAD / HTTP/1.1" 200 -
172.22.2.4 - - [18/Nov/2023:21:53:05 -0500] "GET /BLA/boletinlegal/jurisprudencia/analisis/CUADRO%20ANALISIS%20SENTENCIA%20C-554%20DE%202007.doc HTTP/1.1" 304 -
201.245.192.253 - - [18/Nov/2023:21:53:03 -0500] "POST /kwsrmcab/Wsrmcab  HTTP/1.1" 200 40861
172.22.2.4 - - [18/Nov/2023:21:54:00 -0500] "HEAD /BLA/boletinlegal/ HTTP/1.1" 200 -
172.22.2.4 - - [18/Nov/2023:21:54:16 -0500] "HEAD /BLA/boletinlegal/ HTTP/1.1" 200 -
66.249.66.13 - - [18/Nov/2023:21:56:21 -0500] "GET /BLA/resoluciones/Notificaciones/AUTOS%202022/6058.pdf HTTP/1.1" 200 530450
172.22.2.4 - - [18/Nov/2023:21:54:51 -0500] "GET /BLA/boletinlegal/ HTTP/1.1" 200 51732
216.245.221.92 - - [18/Nov/2023:21:57:01 -0500] "HEAD / HTTP/1.1" 200 -
201.245.192.253 - - [18/Nov/2023:21:58:02 -0500] "POST /kwsrmcab/Wsrmcab  HTTP/1.1" 200 40861
66.249.66.20 - - [18/Nov/2023:22:00:55 -0500] "GET /BLA/resoluciones/Notificaciones/REGISTROS%202022/00386.pdf HTTP/1.1" 200 405798
190.25.17.214 - - [18/Nov/2023:22:01:06 -0500] "GET /appsia/controlador HTTP/1.1" 200 4799
190.25.17.214 - - [18/Nov/2023:22:01:06 -0500] "GET /appsia/scripts/validarIngreso.js HTTP/1.1" 200 851
190.25.17.214 - - [18/Nov/2023:22:01:06 -0500] "GET /appsia/css/estilos.css HTTP/1.1" 200 4804
190.25.17.214 - - [18/Nov/2023:22:01:06 -0500] "GET /appsia/images/cabezoteHojaVida.png HTTP/1.1" 200 32493
190.25.17.214 - - [18/Nov/2023:22:01:06 -0500] "GET /appsia/images/logo_bogota_p.png HTTP/1.1" 200 14951
172.22.2.4 - - [18/Nov/2023:21:59:50 -0500] "HEAD /BLA/boletinlegal/ HTTP/1.1" 200 -
216.245.221.92 - - [18/Nov/2023:22:02:01 -0500] "HEAD / HTTP/1.1" 200 -
172.22.2.4 - - [18/Nov/2023:22:00:41 -0500] "GET /BLA/boletinlegal/ HTTP/1.1" 200 61018
201.245.192.253 - - [18/Nov/2023:22:03:01 -0500] "POST /kwsrmcab/Wsrmcab  HTTP/1.1" 200 40861
216.245.221.92 - - [18/Nov/2023:22:07:01 -0500] "HEAD / HTTP/1.1" 200 -
172.22.2.4 - - [18/Nov/2023:22:05:40 -0500] "HEAD /BLA/boletinlegal/ HTTP/1.1" 200 -
201.245.192.253 - - [18/Nov/2023:22:08:00 -0500] "POST /kwsrmcab/Wsrmcab  HTTP/1.1" 200 40861
172.22.2.4 - - [18/Nov/2023:22:06:31 -0500] "GET /BLA/boletinlegal/ HTTP/1.1" 200 58644
66.249.66.13 - - [18/Nov/2023:22:08:20 -0500] "GET /BLA/resoluciones/RESOLUCIONES%202009/5715.pdf HTTP/1.1" 200 475406
66.249.66.21 - - [18/Nov/2023:22:09:24 -0500] "GET /BLA/resoluciones/Notificaciones/REGISTROS%202021/02083.pdf HTTP/1.1" 200 414079
66.249.66.20 - - [18/Nov/2023:22:09:55 -0500] "GET /BLA/resoluciones/Notificaciones/REGISTROS%202021/02005.pdf HTTP/1.1" 200 416508
66.249.66.20 - - [18/Nov/2023:22:10:10 -0500] "GET /portel_dama/libreria/pdf/varios2006/IGA2004.pdf HTTP/1.1" 404 1018
66.249.66.20 - - [18/Nov/2023:22:10:55 -0500] "GET /POT-2013/SEGUIMIENTO/Microsoft%20Word%20-%20seguimiento_evaluacion%20POT%20Oct%2029.doc.pdf HTTP/1.1" 200 791863
172.22.2.4 - - [18/Nov/2023:22:11:01 -0500] "GET /BLA/boletinlegal/actos.php HTTP/1.1" 200 9682
216.245.221.92 - - [18/Nov/2023:22:12:01 -0500] "HEAD / HTTP/1.1" 200 -
66.249.66.19 - - [18/Nov/2023:22:12:32 -0500] "GET /BLA/resoluciones/RESOLUCIONES%202012/1132.pdf HTTP/1.1" 200 363833
201.245.192.253 - - [18/Nov/2023:22:12:59 -0500] "POST /kwsrmcab/Wsrmcab  HTTP/1.1" 200 40861
172.22.2.4 - - [18/Nov/2023:22:11:30 -0500] "HEAD /BLA/boletinlegal/ HTTP/1.1" 200 -
172.22.2.4 - - [18/Nov/2023:22:12:21 -0500] "GET /BLA/boletinlegal/ HTTP/1.1" 200 58294
157.90.209.79 - - [18/Nov/2023:22:15:11 -0500] "GET /robots.txt HTTP/1.1" 404 1034
157.90.209.79 - - [18/Nov/2023:22:15:14 -0500] "GET /sitemap HTTP/1.1" 404 1034
157.90.209.79 - - [18/Nov/2023:22:15:17 -0500] "GET /sitemap.txt HTTP/1.1" 404 1034
66.249.66.20 - - [18/Nov/2023:22:15:34 -0500] "GET /resoluciones/RESOLUCIONES%202009/3864.pdf HTTP/1.1" 404 1018
66.249.66.20 - - [18/Nov/2023:22:15:58 -0500] "GET /BLA/resoluciones/Notificaciones/AUTOS%202022/6019.pdf HTTP/1.1" 200 445752
216.245.221.92 - - [18/Nov/2023:22:17:01 -0500] "HEAD / HTTP/1.1" 200 -
201.245.192.253 - - [18/Nov/2023:22:17:06 -0500] "POST /kwsrmcab/Wsrmcab HTTP/1.1" 200 40964
201.245.192.253 - - [18/Nov/2023:22:17:08 -0500] "POST /kwsrmcab/Wsrmcab HTTP/1.1" 200 42074
172.22.2.4 - - [18/Nov/2023:22:17:22 -0500] "GET /BLA/boletinlegal/styles2.css HTTP/1.1" 200 1838
172.22.2.4 - - [18/Nov/2023:22:17:22 -0500] "GET /BLA/boletinlegal/js/lib.js HTTP/1.1" 200 6474
172.22.2.4 - - [18/Nov/2023:22:17:23 -0500] "GET /BLA/boletinlegal/niceforms.js HTTP/1.1" 200 22876
172.22.2.4 - - [18/Nov/2023:22:17:24 -0500] "GET /BLA/boletinlegal/style.css HTTP/1.1" 200 9406
172.22.2.4 - - [18/Nov/2023:22:17:24 -0500] "GET /BLA/boletinlegal/js/popup.js HTTP/1.1" 200 1270
172.22.2.4 - - [18/Nov/2023:22:17:25 -0500] "GET /BLA/boletinlegal/js/jquery1.js HTTP/1.1" 200 29846
172.22.2.4 - - [18/Nov/2023:22:17:25 -0500] "GET /BLA/boletinlegal/niceforms-default.css HTTP/1.1" 200 6694
172.22.2.4 - - [18/Nov/2023:22:17:25 -0500] "GET /BLA/boletinlegal/js/ajax_actos.js HTTP/1.1" 200 1322
66.249.66.20 - - [18/Nov/2023:22:17:45 -0500] "GET /BLA/resoluciones/Notificaciones/RESOLUCIONES%202021/5601.pdf HTTP/1.1" 200 403921
201.245.192.253 - - [18/Nov/2023:22:17:58 -0500] "POST /kwsrmcab/Wsrmcab  HTTP/1.1" 200 40861
66.249.66.20 - - [18/Nov/2023:22:18:11 -0500] "GET /BLA/resoluciones/Notificaciones/AUTOS%202022/5999.pdf HTTP/1.1" 200 455241
172.22.2.4 - - [18/Nov/2023:22:17:21 -0500] "HEAD /BLA/boletinlegal/ HTTP/1.1" 200 -
186.84.89.136 - - [18/Nov/2023:22:19:16 -0500] "GET /sipse/faces/index.xhtml HTTP/1.1" 200 677
186.84.89.136 - - [18/Nov/2023:22:19:17 -0500] "GET /sipse/faces/javax.faces.resource/theme.css?ln=primefaces-sipse HTTP/1.1" 200 50058
186.84.89.136 - - [18/Nov/2023:22:19:17 -0500] "GET /favicon.ico HTTP/1.1" 200 7782
186.84.89.136 - - [18/Nov/2023:22:19:20 -0500] "GET /sipse/faces/faces/autenticacion.xhtml HTTP/1.1" 200 12407
186.84.89.136 - - [18/Nov/2023:22:19:21 -0500] "GET /sipse/js/funciones.js HTTP/1.1" 200 12592
186.84.89.136 - - [18/Nov/2023:22:19:21 -0500] "GET /sipse/js/disable_browser_buttons.js HTTP/1.1" 200 3230
186.84.89.136 - - [18/Nov/2023:22:19:21 -0500] "GET /sipse/css/custom_css_sg.css HTTP/1.1" 200 9694
186.84.89.136 - - [18/Nov/2023:22:19:21 -0500] "GET /sipse/css/custom_css_sg_prime_login.css HTTP/1.1" 200 443
186.84.89.136 - - [18/Nov/2023:22:19:21 -0500] "GET /sipse/faces/javax.faces.resource/theme.css?ln=primefaces-sipse HTTP/1.1" 304 -
186.84.89.136 - - [18/Nov/2023:22:19:21 -0500] "GET /sipse/faces/javax.faces.resource/layout/layout.css?ln=primefaces&v=4.0 HTTP/1.1" 200 542
186.84.89.136 - - [18/Nov/2023:22:19:21 -0500] "GET /sipse/faces/javax.faces.resource/primefaces.css?ln=primefaces&v=4.0 HTTP/1.1" 200 53295
186.84.89.136 - - [18/Nov/2023:22:19:21 -0500] "GET /sipse/faces/javax.faces.resource/jquery/jquery.js?ln=primefaces&v=4.0 HTTP/1.1" 200 105384
186.84.89.136 - - [18/Nov/2023:22:19:21 -0500] "GET /sipse/faces/javax.faces.resource/primefaces.js?ln=primefaces&v=4.0 HTTP/1.1" 200 276924
186.84.89.136 - - [18/Nov/2023:22:19:21 -0500] "GET /sipse/faces/javax.faces.resource/jquery/jquery-plugins.js?ln=primefaces&v=4.0 HTTP/1.1" 200 220526
186.84.89.136 - - [18/Nov/2023:22:19:21 -0500] "GET /sipse/faces/javax.faces.resource/layout/layout.js?ln=primefaces&v=4.0 HTTP/1.1" 200 87560
186.84.89.136 - - [18/Nov/2023:22:19:21 -0500] "GET /sipse/faces/javax.faces.resource/images/ui-icons_898989_256x240.png?ln=primefaces-aristo HTTP/1.1" 200 5355
186.84.89.136 - - [18/Nov/2023:22:19:21 -0500] "GET /sipse/css/imagen/loginimg.png HTTP/1.1" 200 71635
186.84.89.136 - - [18/Nov/2023:22:19:21 -0500] "GET /sipse/css/imagen/logoSDG.png HTTP/1.1" 200 53064
186.84.89.136 - - [18/Nov/2023:22:19:21 -0500] "GET /sipse/faces/faces/index.xhtml HTTP/1.1" 200 677
186.84.89.136 - - [18/Nov/2023:22:19:21 -0500] "GET /sipse/faces/javax.faces.resource/theme.css?ln=primefaces-sipse HTTP/1.1" 304 -
186.84.89.136 - - [18/Nov/2023:22:19:22 -0500] "GET /sipse/faces/faces/faces/autenticacion.xhtml HTTP/1.1" 200 12407
186.84.89.136 - - [18/Nov/2023:22:19:22 -0500] "GET /sipse/faces/javax.faces.resource/theme.css?ln=primefaces-sipse HTTP/1.1" 304 -
186.84.89.136 - - [18/Nov/2023:22:19:22 -0500] "GET /sipse/faces/javax.faces.resource/primefaces.css?ln=primefaces&v=4.0 HTTP/1.1" 304 -
186.84.89.136 - - [18/Nov/2023:22:19:22 -0500] "GET /sipse/faces/javax.faces.resource/layout/layout.css?ln=primefaces&v=4.0 HTTP/1.1" 304 -
186.84.89.136 - - [18/Nov/2023:22:19:22 -0500] "GET /sipse/faces/javax.faces.resource/jquery/jquery.js?ln=primefaces&v=4.0 HTTP/1.1" 304 -
186.84.89.136 - - [18/Nov/2023:22:19:22 -0500] "GET /sipse/faces/javax.faces.resource/jquery/jquery-plugins.js?ln=primefaces&v=4.0 HTTP/1.1" 304 -
186.84.89.136 - - [18/Nov/2023:22:19:22 -0500] "GET /sipse/faces/javax.faces.resource/primefaces.js?ln=primefaces&v=4.0 HTTP/1.1" 304 -
186.84.89.136 - - [18/Nov/2023:22:19:22 -0500] "GET /sipse/faces/javax.faces.resource/layout/layout.js?ln=primefaces&v=4.0 HTTP/1.1" 304 -
172.22.2.4 - - [18/Nov/2023:22:18:12 -0500] "GET /BLA/boletinlegal/ HTTP/1.1" 200 59827
66.249.66.20 - - [18/Nov/2023:22:20:23 -0500] "GET /Publicaciones/2023EE214597.pdf HTTP/1.1" 404 228
66.249.66.19 - - [18/Nov/2023:22:20:29 -0500] "GET /Publicaciones/2023EE222720.pdf HTTP/1.1" 404 228
201.245.192.253 - - [18/Nov/2023:22:20:32 -0500] "POST /kwsrmcab/Wsrmcab HTTP/1.1" 200 40964
201.245.192.253 - - [18/Nov/2023:22:20:35 -0500] "POST /kwsrmcab/Wsrmcab HTTP/1.1" 200 42074
66.249.66.20 - - [18/Nov/2023:22:21:29 -0500] "GET /resoluciones/RESOLUCIONES%202008/2836.pdf HTTP/1.1" 404 1018
186.84.89.136 - - [18/Nov/2023:22:21:35 -0500] "GET /appsia/controlador HTTP/1.1" 200 4799
186.84.89.136 - - [18/Nov/2023:22:21:35 -0500] "GET /appsia/css/estilos.css HTTP/1.1" 200 4804
186.84.89.136 - - [18/Nov/2023:22:21:35 -0500] "GET /appsia/scripts/validarIngreso.js HTTP/1.1" 200 851
186.84.89.136 - - [18/Nov/2023:22:21:35 -0500] "GET /appsia/images/cabezoteHojaVida.png HTTP/1.1" 200 32493
186.84.89.136 - - [18/Nov/2023:22:21:35 -0500] "GET /appsia/images/logo_bogota_p.png HTTP/1.1" 200 14951
216.245.221.92 - - [18/Nov/2023:22:22:01 -0500] "HEAD / HTTP/1.1" 200 -
52.167.144.219 - - [18/Nov/2023:22:22:22 -0500] "GET /autoliquidacion2020/index.php?dir=Calidad+del+aire+auditiva+y+visual-%2FRegistro+de+la+publicidad+exterior+visual%2F HTTP/1.1" 200 3476
201.245.192.253 - - [18/Nov/2023:22:22:58 -0500] "POST /kwsrmcab/Wsrmcab  HTTP/1.1" 200 40861
52.167.144.219 - - [18/Nov/2023:22:23:21 -0500] "GET /autoliquidacion2020/dlf/styles.css HTTP/1.1" 200 3045
172.22.2.4 - - [18/Nov/2023:22:23:11 -0500] "HEAD /BLA/boletinlegal/ HTTP/1.1" 200 -
52.167.144.219 - - [18/Nov/2023:22:25:10 -0500] "GET /Publicaciones/2023EE182877.pdf HTTP/1.1" 404 228
172.22.2.4 - - [18/Nov/2023:22:24:02 -0500] "GET /BLA/boletinlegal/ HTTP/1.1" 200 54105
172.22.2.4 - - [18/Nov/2023:22:26:24 -0500] "GET /BLA/boletinlegal/actos.php HTTP/1.1" 200 9682
172.22.2.4 - - [18/Nov/2023:22:26:24 -0500] "GET /BLA/boletinlegal/favicon.ico HTTP/1.1" 404 1326
161.18.114.107 - - [18/Nov/2023:22:26:28 -0500] "GET /BLA/resoluciones/ HTTP/1.1" 200 13696
161.18.114.107 - - [18/Nov/2023:22:26:30 -0500] "GET /BLA/resoluciones/index.php?dir=AUTOS+2023%2F HTTP/1.1" 200 407446
66.249.66.19 - - [18/Nov/2023:22:26:54 -0500] "GET /BLA/resoluciones/RESOLUCIONES%202008/4223.pdf HTTP/1.1" 200 343032
216.245.221.92 - - [18/Nov/2023:22:27:01 -0500] "HEAD / HTTP/1.1" 200 -
201.245.192.253 - - [18/Nov/2023:22:27:05 -0500] "POST /kwsrmcab/Wsrmcab HTTP/1.1" 200 40964
201.245.192.253 - - [18/Nov/2023:22:27:10 -0500] "POST /kwsrmcab/Wsrmcab HTTP/1.1" 200 42074
201.245.192.253 - - [18/Nov/2023:22:27:58 -0500] "POST /kwsrmcab/Wsrmcab  HTTP/1.1" 200 40861
66.249.66.21 - - [18/Nov/2023:22:28:04 -0500] "GET /BLA/resoluciones/Notificaciones/AUTOS%202022/4946.pdf HTTP/1.1" 200 395906
3.142.131.228 - - [18/Nov/2023:22:28:05 -0500] "GET /ai.txt?t=1700355871.300666 HTTP/1.1" 404 1018
3.142.131.228 - - [18/Nov/2023:22:28:05 -0500] "GET /.well-known/ai.txt?t=1700355871.300666 HTTP/1.1" 404 1018
201.245.192.253 - - [18/Nov/2023:22:30:31 -0500] "POST /kwsrmcab/Wsrmcab HTTP/1.1" 200 40964
201.245.192.253 - - [18/Nov/2023:22:30:35 -0500] "POST /kwsrmcab/Wsrmcab HTTP/1.1" 200 42074
172.22.2.4 - - [18/Nov/2023:22:29:01 -0500] "HEAD /BLA/boletinlegal/ HTTP/1.1" 200 -
172.22.2.4 - - [18/Nov/2023:22:29:52 -0500] "GET /BLA/boletinlegal/ HTTP/1.1" 200 56634
172.22.2.4 - - [18/Nov/2023:22:30:48 -0500] "GET /BLA/boletinlegal/ HTTP/1.1" 200 32715
216.245.221.92 - - [18/Nov/2023:22:32:01 -0500] "HEAD / HTTP/1.1" 200 -
201.245.192.253 - - [18/Nov/2023:22:32:57 -0500] "POST /kwsrmcab/Wsrmcab  HTTP/1.1" 200 40861
40.77.167.230 - - [18/Nov/2023:22:33:05 -0500] "GET /BLA/resoluciones/AUTOS%202023/3160.pdf HTTP/1.1" 200 327537
203.2.64.59 - - [18/Nov/2023:22:33:28 -0500] "GET / HTTP/1.1" 200 319
66.249.66.20 - - [18/Nov/2023:22:33:45 -0500] "GET /BLA/resoluciones/Notificaciones/RESOLUCIONES%202022/2341.pdf HTTP/1.1" 200 365250
172.22.2.4 - - [18/Nov/2023:22:35:46 -0500] "GET /BLA/boletinlegal/jurisprudencia/analisis/AnalisisT-606-15.docx HTTP/1.1" 200 26698
172.22.2.4 - - [18/Nov/2023:22:35:47 -0500] "GET /BLA/boletinlegal/apple-touch-icon-120x120-precomposed.png HTTP/1.1" 404 1140
172.22.2.4 - - [18/Nov/2023:22:35:47 -0500] "GET /BLA/boletinlegal/apple-touch-icon-120x120.png HTTP/1.1" 404 1140
172.22.2.4 - - [18/Nov/2023:22:35:47 -0500] "GET /BLA/boletinlegal/apple-touch-icon-precomposed.png HTTP/1.1" 404 1140
172.22.2.4 - - [18/Nov/2023:22:35:47 -0500] "GET /BLA/boletinlegal/apple-touch-icon.png HTTP/1.1" 404 1140
172.22.2.4 - - [18/Nov/2023:22:35:47 -0500] "GET /BLA/boletinlegal/favicon.ico HTTP/1.1" 404 1140
172.22.2.4 - - [18/Nov/2023:22:35:47 -0500] "GET /BLA/boletinlegal/apple-touch-icon-120x120-precomposed.png HTTP/1.1" 404 1140
172.22.2.4 - - [18/Nov/2023:22:35:47 -0500] "GET /BLA/boletinlegal/apple-touch-icon-120x120.png HTTP/1.1" 404 1140
172.22.2.4 - - [18/Nov/2023:22:35:47 -0500] "GET /BLA/boletinlegal/apple-touch-icon-precomposed.png HTTP/1.1" 404 1140
172.22.2.4 - - [18/Nov/2023:22:35:47 -0500] "GET /BLA/boletinlegal/apple-touch-icon.png HTTP/1.1" 404 1140
172.22.2.4 - - [18/Nov/2023:22:35:47 -0500] "GET /BLA/boletinlegal/favicon.ico HTTP/1.1" 404 1140
172.22.2.4 - - [18/Nov/2023:22:34:51 -0500] "HEAD /BLA/boletinlegal/ HTTP/1.1" 200 -
216.245.221.92 - - [18/Nov/2023:22:37:01 -0500] "HEAD / HTTP/1.1" 200 -
162.55.171.138 - - [18/Nov/2023:22:37:06 -0500] "GET / HTTP/1.1" 200 319
162.55.171.138 - - [18/Nov/2023:22:37:07 -0500] "GET / HTTP/1.1" 200 4720
201.245.192.253 - - [18/Nov/2023:22:37:05 -0500] "POST /kwsrmcab/Wsrmcab HTTP/1.1" 200 40964
201.245.192.253 - - [18/Nov/2023:22:37:08 -0500] "POST /kwsrmcab/Wsrmcab HTTP/1.1" 200 42074
172.22.2.4 - - [18/Nov/2023:22:35:42 -0500] "GET /BLA/boletinlegal/ HTTP/1.1" 200 58644
201.245.192.253 - - [18/Nov/2023:22:37:57 -0500] "POST /kwsrmcab/Wsrmcab  HTTP/1.1" 200 40861
201.245.192.253 - - [18/Nov/2023:22:40:32 -0500] "POST /kwsrmcab/Wsrmcab HTTP/1.1" 200 40964
201.245.192.253 - - [18/Nov/2023:22:40:35 -0500] "POST /kwsrmcab/Wsrmcab HTTP/1.1" 200 42074
66.249.66.19 - - [18/Nov/2023:22:40:59 -0500] "GET /Publicaciones/2020EE209620.pdf HTTP/1.1" 404 228
66.249.66.19 - - [18/Nov/2023:22:41:20 -0500] "GET /BLA/resoluciones/Notificaciones/RESOLUCIONES%202023/1621.pdf HTTP/1.1" 200 5946607
216.245.221.92 - - [18/Nov/2023:22:42:01 -0500] "HEAD / HTTP/1.1" 200 -
172.22.2.4 - - [18/Nov/2023:22:40:41 -0500] "HEAD /BLA/boletinlegal/ HTTP/1.1" 200 -
66.249.66.19 - - [18/Nov/2023:22:42:28 -0500] "GET /BLA/resoluciones/Notificaciones/REGISTROS%202021/01795.pdf HTTP/1.1" 200 416793
201.245.192.253 - - [18/Nov/2023:22:42:56 -0500] "POST /kwsrmcab/Wsrmcab  HTTP/1.1" 200 40861
31.13.127.19 - - [18/Nov/2023:22:42:59 -0500] "GET /en-semana-santa-no-uses-palmas-ni-traigas-o-consumas-animales-silvestres.html HTTP/1.1" 200 959
172.22.2.4 - - [18/Nov/2023:22:41:31 -0500] "GET /BLA/boletinlegal/ HTTP/1.1" 200 58294
66.249.66.20 - - [18/Nov/2023:22:43:32 -0500] "GET /BLA/resoluciones/RESOLUCIONES%202017/1659.pdf HTTP/1.1" 304 -
66.249.66.19 - - [18/Nov/2023:22:45:02 -0500] "GET /BLA/resoluciones/Notificaciones/AUTOS%202022/6065.pdf HTTP/1.1" 200 393300
216.245.221.92 - - [18/Nov/2023:22:47:01 -0500] "HEAD / HTTP/1.1" 200 -
201.245.192.253 - - [18/Nov/2023:22:47:55 -0500] "POST /kwsrmcab/Wsrmcab  HTTP/1.1" 200 40861
172.22.2.4 - - [18/Nov/2023:22:46:31 -0500] "HEAD /BLA/boletinlegal/ HTTP/1.1" 200 -
172.22.2.4 - - [18/Nov/2023:22:47:22 -0500] "GET /BLA/boletinlegal/ HTTP/1.1" 200 55050
66.249.66.21 - - [18/Nov/2023:22:51:13 -0500] "GET /resoluciones/RESOLUCIONES%202008/3449.pdf HTTP/1.1" 404 1018
216.245.221.92 - - [18/Nov/2023:22:52:01 -0500] "HEAD / HTTP/1.1" 200 -
201.245.192.253 - - [18/Nov/2023:22:52:54 -0500] "POST /kwsrmcab/Wsrmcab  HTTP/1.1" 200 40861
190.67.158.150 - - [18/Nov/2023:22:53:09 -0500] "GET /BLA/resoluciones/index.php?dir=AUTOS+2010%2F HTTP/1.1" 200 281189
190.67.158.150 - - [18/Nov/2023:22:53:14 -0500] "GET /BLA/resoluciones/index.php?dir=AUTOS+2016%2F HTTP/1.1" 200 331625
172.22.2.4 - - [18/Nov/2023:22:52:21 -0500] "HEAD /BLA/boletinlegal/ HTTP/1.1" 200 -
172.22.2.4 - - [18/Nov/2023:22:53:11 -0500] "GET /BLA/boletinlegal/ HTTP/1.1" 200 58294
66.249.66.21 - - [18/Nov/2023:22:55:11 -0500] "GET /BLA/resoluciones/Notificaciones/AUTOS%202022/6061.pdf HTTP/1.1" 200 393476
66.249.66.20 - - [18/Nov/2023:22:55:45 -0500] "GET /BLA/resoluciones/Notificaciones/REGISTROS%202019/01975.pdf HTTP/1.1" 200 267148
216.245.221.92 - - [18/Nov/2023:22:57:01 -0500] "HEAD / HTTP/1.1" 200 -
157.55.39.53 - - [18/Nov/2023:22:57:12 -0500] "GET /BLA/resoluciones/AUTOS%202019/2654.pdf HTTP/1.1" 200 261196
201.245.192.253 - - [18/Nov/2023:22:57:53 -0500] "POST /kwsrmcab/Wsrmcab  HTTP/1.1" 200 40861
66.249.66.21 - - [18/Nov/2023:22:59:29 -0500] "GET /BLA/resoluciones/RESOLUCIONES%202009/6718.pdf HTTP/1.1" 200 356860
172.22.2.4 - - [18/Nov/2023:22:58:11 -0500] "HEAD /BLA/boletinlegal/ HTTP/1.1" 200 -
172.22.2.4 - - [18/Nov/2023:22:59:01 -0500] "GET /BLA/boletinlegal/ HTTP/1.1" 200 58294
66.249.66.19 - - [18/Nov/2023:23:00:56 -0500] "GET /BLA/resoluciones/Notificaciones/AUTOS%202022/6398.pdf HTTP/1.1" 200 500088
66.249.66.19 - - [18/Nov/2023:23:01:12 -0500] "GET /BLA/resoluciones/RESOLUCIONES%202011/5694.pdf HTTP/1.1" 200 537555
216.245.221.92 - - [18/Nov/2023:23:02:01 -0500] "HEAD / HTTP/1.1" 200 -
201.245.192.253 - - [18/Nov/2023:23:02:52 -0500] "POST /kwsrmcab/Wsrmcab  HTTP/1.1" 200 40861
173.252.127.12 - - [18/Nov/2023:23:03:05 -0500] "GET /alcaldesa-claudia-lopez-encabezo-encuentro-con-las-mujeres-que-reverdecen-a-bogota.html HTTP/1.1" 200 1069
66.249.66.19 - - [18/Nov/2023:23:03:26 -0500] "GET /BLA/resoluciones/RESOLUCIONES%202009/7138.pdf HTTP/1.1" 200 1052417
114.119.133.120 - - [18/Nov/2023:23:05:25 -0500] "GET /BLA/resoluciones/index.php?dir=RESOLUCIONES%2B2003/&sort=name&order=asc HTTP/1.1" 200 13903
172.22.2.4 - - [18/Nov/2023:23:04:01 -0500] "HEAD /BLA/boletinlegal/ HTTP/1.1" 200 -
66.249.66.21 - - [18/Nov/2023:23:06:04 -0500] "GET /BLA/resoluciones/RESOLUCIONES%202010/6152.pdf HTTP/1.1" 200 655796
172.22.2.4 - - [18/Nov/2023:23:04:51 -0500] "GET /BLA/boletinlegal/ HTTP/1.1" 200 52827
66.249.66.21 - - [18/Nov/2023:23:06:58 -0500] "GET /BLA/resoluciones/Notificaciones/AUTOS%202022/6051.pdf HTTP/1.1" 200 466423
216.245.221.92 - - [18/Nov/2023:23:07:01 -0500] "HEAD / HTTP/1.1" 200 -
114.119.150.15 - - [18/Nov/2023:23:07:02 -0500] "GET /BLA/resoluciones/index.php?dir=Notificaciones/AUTOS%2B2019/&sort=size&order=asc HTTP/1.1" 200 13944
66.249.66.20 - - [18/Nov/2023:23:07:11 -0500] "GET /BLA/resoluciones/RESOLUCIONES%202009/6047.pdf HTTP/1.1" 200 494067
201.245.192.253 - - [18/Nov/2023:23:07:51 -0500] "POST /kwsrmcab/Wsrmcab  HTTP/1.1" 200 40861
66.249.66.20 - - [18/Nov/2023:23:08:03 -0500] "GET /BLA/resoluciones/RESOLUCIONES%202009/0582.pdf HTTP/1.1" 200 290453
114.119.155.142 - - [18/Nov/2023:23:08:38 -0500] "GET /BLA/resoluciones/index.php?dir=Notificaciones/AUTOS%2B2017/&sort=date&order=desc HTTP/1.1" 200 13943
173.252.95.2 - - [18/Nov/2023:23:09:49 -0500] "GET /images/Sello%201%20JA-2.jpeg HTTP/1.1" 200 42236
114.119.136.251 - - [18/Nov/2023:23:10:12 -0500] "GET /BLA/resoluciones/index.php?dir=Notificaciones/AUTOS%2B2016/&sort=size&order=asc HTTP/1.1" 200 13944
67.217.57.54 - - [18/Nov/2023:23:10:27 -0500] "GET / HTTP/1.1" 200 319
173.252.107.117 - - [18/Nov/2023:23:11:06 -0500] "GET /secretaria-de-ambiente-rescata-perezoso-y-lo-traslada-al-departamento-de-antioquia-para-su-rehabilitacion.html HTTP/1.1" 200 1059
172.22.2.4 - - [18/Nov/2023:23:09:51 -0500] "HEAD /BLA/boletinlegal/ HTTP/1.1" 200 -
114.119.139.94 - - [18/Nov/2023:23:11:49 -0500] "GET /BLA/resoluciones/index.php?dir=Notificaciones/AUTOS%2B2014/&sort=size&order=asc HTTP/1.1" 200 13944
216.245.221.92 - - [18/Nov/2023:23:12:01 -0500] "HEAD / HTTP/1.1" 200 -
66.249.66.20 - - [18/Nov/2023:23:12:18 -0500] "GET /resoluciones/RESOLUCIONES%202009/2869.pdf HTTP/1.1" 404 1018
172.22.2.4 - - [18/Nov/2023:23:10:41 -0500] "GET /BLA/boletinlegal/ HTTP/1.1" 200 58644
66.249.66.19 - - [18/Nov/2023:23:12:31 -0500] "GET /BLA/resoluciones/Notificaciones/REGISTROS%202022/00265.pdf HTTP/1.1" 200 405518
201.245.192.253 - - [18/Nov/2023:23:12:50 -0500] "POST /kwsrmcab/Wsrmcab  HTTP/1.1" 200 40861
40.77.167.243 - - [18/Nov/2023:23:13:35 -0500] "GET /sipse/faces/faces/autenticacion.xhtml HTTP/1.1" 200 12729
40.77.167.243 - - [18/Nov/2023:23:13:55 -0500] "GET /sipse/faces/faces/autenticacion.xhtml HTTP/1.1" 200 12729
66.249.66.19 - - [18/Nov/2023:23:15:58 -0500] "GET /BLA/resoluciones/RESOLUCIONES%202010/7096.pdf HTTP/1.1" 200 267721
216.245.221.92 - - [18/Nov/2023:23:17:01 -0500] "HEAD / HTTP/1.1" 200 -
201.245.192.253 - - [18/Nov/2023:23:17:06 -0500] "POST /kwsrmcab/Wsrmcab HTTP/1.1" 200 40975
201.245.192.253 - - [18/Nov/2023:23:17:08 -0500] "POST /kwsrmcab/Wsrmcab HTTP/1.1" 200 42211
172.22.2.4 - - [18/Nov/2023:23:15:41 -0500] "HEAD /BLA/boletinlegal/ HTTP/1.1" 200 -
201.245.192.253 - - [18/Nov/2023:23:17:49 -0500] "POST /kwsrmcab/Wsrmcab  HTTP/1.1" 200 40861
157.55.39.6 - - [18/Nov/2023:23:17:56 -0500] "GET /BLA/resoluciones/AUTOS%202019/1986.pdf HTTP/1.1" 200 310743
172.22.2.4 - - [18/Nov/2023:23:16:32 -0500] "GET /BLA/boletinlegal/ HTTP/1.1" 200 58644
201.245.192.253 - - [18/Nov/2023:23:20:32 -0500] "POST /kwsrmcab/Wsrmcab HTTP/1.1" 200 40975
201.245.192.253 - - [18/Nov/2023:23:20:35 -0500] "POST /kwsrmcab/Wsrmcab HTTP/1.1" 200 42211
216.245.221.92 - - [18/Nov/2023:23:22:01 -0500] "HEAD / HTTP/1.1" 200 -
201.245.192.253 - - [18/Nov/2023:23:22:48 -0500] "POST /kwsrmcab/Wsrmcab  HTTP/1.1" 200 40861
172.22.2.4 - - [18/Nov/2023:23:23:05 -0500] "GET /BLA/boletinlegal/Circulares/2012/Circular%20No.%2013%20del%2006%20de%20Septiembre%20de%202012.pdf HTTP/1.1" 304 -
172.22.2.4 - - [18/Nov/2023:23:21:31 -0500] "HEAD /BLA/boletinlegal/ HTTP/1.1" 200 -
98.64.96.30 - - [18/Nov/2023:23:23:31 -0500] "GET /Publicaciones/2023EE244679.pdf HTTP/1.1" 404 228
172.22.2.4 - - [18/Nov/2023:23:22:21 -0500] "GET /BLA/boletinlegal/ HTTP/1.1" 200 60634
216.245.221.92 - - [18/Nov/2023:23:27:01 -0500] "HEAD / HTTP/1.1" 200 -
201.245.192.253 - - [18/Nov/2023:23:27:06 -0500] "POST /kwsrmcab/Wsrmcab HTTP/1.1" 200 40975
201.245.192.253 - - [18/Nov/2023:23:27:08 -0500] "POST /kwsrmcab/Wsrmcab HTTP/1.1" 200 42211
66.249.66.20 - - [18/Nov/2023:23:27:33 -0500] "GET /resoluciones/RESOLUCIONES%202009/0228.pdf HTTP/1.1" 404 1018
201.245.192.253 - - [18/Nov/2023:23:27:46 -0500] "POST /kwsrmcab/Wsrmcab  HTTP/1.1" 200 40861
54.36.175.53 - - [18/Nov/2023:23:28:24 -0500] "GET / HTTP/1.1" 200 319
172.22.2.4 - - [18/Nov/2023:23:27:21 -0500] "HEAD /BLA/boletinlegal/ HTTP/1.1" 200 -
172.22.2.4 - - [18/Nov/2023:23:28:11 -0500] "GET /BLA/boletinlegal/ HTTP/1.1" 200 60634
201.245.192.253 - - [18/Nov/2023:23:30:32 -0500] "POST /kwsrmcab/Wsrmcab HTTP/1.1" 200 40975
201.245.192.253 - - [18/Nov/2023:23:30:35 -0500] "POST /kwsrmcab/Wsrmcab HTTP/1.1" 200 42211
192.155.90.118 - - [18/Nov/2023:23:31:23 -0500] "\x16\x03\x01" 400 226
216.245.221.92 - - [18/Nov/2023:23:32:01 -0500] "HEAD / HTTP/1.1" 200 -
201.245.192.253 - - [18/Nov/2023:23:32:46 -0500] "POST /kwsrmcab/Wsrmcab  HTTP/1.1" 200 40861
108.227.224.189 - - [18/Nov/2023:23:34:27 -0500] "GET /semana-bogota-reverdece-politica-publica-de-accion-climatica-es-una-realidad.html HTTP/1.1" 200 891
40.77.167.254 - - [18/Nov/2023:23:34:29 -0500] "GET /BLA/resoluciones/AUTOS%202021/0337.pdf HTTP/1.1" 304 -
172.22.2.4 - - [18/Nov/2023:23:33:11 -0500] "HEAD /BLA/boletinlegal/ HTTP/1.1" 200 -
172.22.2.4 - - [18/Nov/2023:23:34:01 -0500] "GET /BLA/boletinlegal/ HTTP/1.1" 200 58644
216.245.221.92 - - [18/Nov/2023:23:37:01 -0500] "HEAD / HTTP/1.1" 200 -
201.245.192.253 - - [18/Nov/2023:23:37:05 -0500] "POST /kwsrmcab/Wsrmcab HTTP/1.1" 200 40975
201.245.192.253 - - [18/Nov/2023:23:37:08 -0500] "POST /kwsrmcab/Wsrmcab HTTP/1.1" 200 42211
201.245.192.253 - - [18/Nov/2023:23:37:45 -0500] "POST /kwsrmcab/Wsrmcab  HTTP/1.1" 200 40861
213.180.203.59 - - [18/Nov/2023:23:38:43 -0500] "GET /robots.txt HTTP/1.1" 404 1018
87.250.224.80 - - [18/Nov/2023:23:38:44 -0500] "GET /favicon.ico HTTP/1.1" 200 7782
123.125.109.127 - - [18/Nov/2023:23:39:16 -0500] "GET / HTTP/1.1" 200 319
201.245.192.253 - - [18/Nov/2023:23:40:31 -0500] "POST /kwsrmcab/Wsrmcab HTTP/1.1" 200 40975
201.245.192.253 - - [18/Nov/2023:23:40:36 -0500] "POST /kwsrmcab/Wsrmcab HTTP/1.1" 200 42211
172.22.2.4 - - [18/Nov/2023:23:39:01 -0500] "HEAD /BLA/boletinlegal/ HTTP/1.1" 200 -
172.22.2.4 - - [18/Nov/2023:23:39:52 -0500] "GET /BLA/boletinlegal/ HTTP/1.1" 200 58644
216.245.221.92 - - [18/Nov/2023:23:42:01 -0500] "HEAD / HTTP/1.1" 200 -
52.167.144.65 - - [18/Nov/2023:23:42:09 -0500] "GET /robots.txt HTTP/1.1" 404 1035
40.77.167.41 - - [18/Nov/2023:23:42:12 -0500] "GET /portaldeninos/?s=2024 HTTP/1.1" 200 85855
40.77.167.8 - - [18/Nov/2023:23:42:25 -0500] "GET /consulta-y-conoce-los-proyectos-de-resolucion-de-para-los-planes-de-manejo-ambiental-de-cinco-humedales-en-bogota.html HTTP/1.1" 200 971
108.227.224.189 - - [18/Nov/2023:23:42:27 -0500] "GET /en-bosa-distrito-inicio-la-consolidacion-de-las-zonas-urbanas-por-un-mejor-aire.html HTTP/1.1" 200 942
201.245.192.253 - - [18/Nov/2023:23:42:43 -0500] "POST /kwsrmcab/Wsrmcab  HTTP/1.1" 200 40861
66.249.73.69 - - [18/Nov/2023:23:44:02 -0500] "GET /secretaria-de-ambiente-intercambia-conocimientos-sobre-arbolado-urbano-con-delegadas-de-la-alcaldia-de-sao-paulo.html HTTP/1.1" 304 -
66.249.73.69 - - [18/Nov/2023:23:44:03 -0500] "GET /distrito-declara-alerta-preventiva-en-el-suroccidente-de-la-ciudad-por-mala-calidad-del-aire.html HTTP/1.1" 304 -
66.249.73.68 - - [18/Nov/2023:23:44:03 -0500] "GET /asi-se-mueve-bogota-en-el-dia-sin-carro-y-sin-moto.html HTTP/1.1" 304 -
66.249.73.67 - - [18/Nov/2023:23:44:04 -0500] "GET /mujeres-lideran-estrategias-para-enfrentar-el-cambio-climatico-en-bogota.html HTTP/1.1" 304 -
199.16.157.182 - - [18/Nov/2023:23:44:42 -0500] "GET /images/cr%C3%B3nica-29-nov-1_optimized.jpeg HTTP/1.1" 404 1034
172.22.2.4 - - [18/Nov/2023:23:44:51 -0500] "HEAD /BLA/boletinlegal/ HTTP/1.1" 200 -
216.245.221.92 - - [18/Nov/2023:23:47:01 -0500] "HEAD / HTTP/1.1" 200 -
172.22.2.4 - - [18/Nov/2023:23:45:41 -0500] "GET /BLA/boletinlegal/ HTTP/1.1" 200 58644
201.245.192.253 - - [18/Nov/2023:23:47:43 -0500] "POST /kwsrmcab/Wsrmcab  HTTP/1.1" 200 40861
216.245.221.92 - - [18/Nov/2023:23:52:00 -0500] "HEAD / HTTP/1.1" 200 -
172.22.2.4 - - [18/Nov/2023:23:50:41 -0500] "HEAD /BLA/boletinlegal/ HTTP/1.1" 200 -
172.22.2.4 - - [18/Nov/2023:23:52:33 -0500] "GET /BLA/boletinlegal/robots.txt HTTP/1.1" 404 1018
172.22.2.4 - - [18/Nov/2023:23:52:33 -0500] "GET /BLA/boletinlegal/sitemap.xml HTTP/1.1" 404 1018
172.22.2.4 - - [18/Nov/2023:23:52:33 -0500] "GET /BLA/boletinlegal/.well-known/security.txt HTTP/1.1" 404 1018
172.22.2.4 - - [18/Nov/2023:23:52:34 -0500] "GET /BLA/boletinlegal/favicon.ico HTTP/1.1" 404 1018
172.22.2.4 - - [18/Nov/2023:23:52:35 -0500] "GET /BLA/boletinlegal/aaa9 HTTP/1.1" 404 1018
172.22.2.4 - - [18/Nov/2023:23:52:36 -0500] "GET /BLA/boletinlegal/aad7 HTTP/1.1" 404 1018
201.245.192.253 - - [18/Nov/2023:23:52:42 -0500] "POST /kwsrmcab/Wsrmcab  HTTP/1.1" 200 40861
181.61.208.222 - - [18/Nov/2023:23:52:49 -0500] "GET /camaras-trampa-de-la-secretaria-de-ambiente-registran-fauna-en-cerros-orientales-en-areas-donde-tenemos-acuerdos-de-conservacion.html HTTP/1.1" 200 982
172.22.2.4 - - [18/Nov/2023:23:51:31 -0500] "GET /BLA/boletinlegal/ HTTP/1.1" 200 47708
172.22.2.4 - - [18/Nov/2023:23:52:04 -0500] "GET /BLA/boletinlegal/ HTTP/1.1" 200 32715
66.249.66.21 - - [18/Nov/2023:23:53:33 -0500] "GET /BLA/resoluciones/Notificaciones/RESOLUCIONES%202022/5212.pdf HTTP/1.1" 200 5741940
216.245.221.92 - - [18/Nov/2023:23:57:00 -0500] "HEAD / HTTP/1.1" 200 -
201.245.192.253 - - [18/Nov/2023:23:57:41 -0500] "POST /kwsrmcab/Wsrmcab  HTTP/1.1" 200 40861
172.22.2.4 - - [18/Nov/2023:23:56:31 -0500] "HEAD /BLA/boletinlegal/ HTTP/1.1" 200 -
52.167.144.209 - - [18/Nov/2023:23:58:55 -0500] "GET /portaldeninos/wp-content/uploads/2019/08/Logo-Ambientic.png HTTP/1.1" 200 22941
172.22.2.4 - - [18/Nov/2023:23:57:21 -0500] "GET /BLA/boletinlegal/ HTTP/1.1" 200 60634
66.249.73.67 - - [18/Nov/2023:23:59:02 -0500] "GET /como-obtener-el-certificado-de-estado-de-conservacion-ambiental-ceca.html HTTP/1.1" 304 -

:: Command execute ::

Enter:
 
Select:
 

:: Search ::
regexp 

:: Upload ::
 
[ ok ]

:: Make Dir ::
 
[ ok ]
:: Make File ::
 
[ ok ]

:: Go Dir ::
 
:: Go File ::
 

--[ c99shell v. 1.0 pre-release build #13 powered by Captain Crunch Security Team | http://ccteam.ru | Generation time: 0.5928 ]--