172.22.2.4 - - [21/Nov/2023:10:20:41 -0500] "GET /BLA/boletinlegal/images/hover.jpg HTTP/1.1" 200 640
201.245.192.253 - - [21/Nov/2023:10:20:41 -0500] "POST /forms/lservlet;jsessionid=ac16012b30d65dbf9e9ec0474c4a96cda918a1053f5b.e3iSbxaKaheRe3eRa38MahaQbi1ynknvrkLOlQzNp65In0 HTTP/1.1" 200 2
172.22.2.4 - - [21/Nov/2023:10:20:42 -0500] "GET /BLA/boletinlegal/actos.php HTTP/1.1" 200 9682
172.22.2.4 - - [21/Nov/2023:10:20:42 -0500] "GET /BLA/boletinlegal/js/ajax_actos.js HTTP/1.1" 200 1322
172.22.2.4 - - [21/Nov/2023:10:20:42 -0500] "GET /BLA/boletinlegal/niceforms.js HTTP/1.1" 200 22876
172.22.2.4 - - [21/Nov/2023:10:20:42 -0500] "GET /BLA/boletinlegal/niceforms-default.css HTTP/1.1" 200 6694
172.22.2.4 - - [21/Nov/2023:10:20:42 -0500] "GET /BLA/boletinlegal/js/lib.js HTTP/1.1" 200 6474
172.22.2.4 - - [21/Nov/2023:10:20:42 -0500] "GET /BLA/boletinlegal/js/popup.js HTTP/1.1" 200 1270
172.22.2.4 - - [21/Nov/2023:10:20:42 -0500] "GET /BLA/boletinlegal/js/jquery1.js HTTP/1.1" 200 29846
172.22.2.4 - - [21/Nov/2023:10:20:42 -0500] "GET /BLA/boletinlegal/images/green-yellow-blue-pink-th.png HTTP/1.1" 200 7394
172.22.2.4 - - [21/Nov/2023:10:20:42 -0500] "GET /BLA/boletinlegal/images/tel.png HTTP/1.1" 200 14477
172.22.2.4 - - [21/Nov/2023:10:20:42 -0500] "GET /BLA/boletinlegal/images/icono-email.png HTTP/1.1" 200 5544
172.22.2.4 - - [21/Nov/2023:10:20:42 -0500] "GET /BLA/boletinlegal/images/footer_bg.jpg HTTP/1.1" 200 586
172.22.2.4 - - [21/Nov/2023:10:20:42 -0500] "GET /BLA/boletinlegal/images/footer_bg_l.jpg HTTP/1.1" 200 776
172.22.2.4 - - [21/Nov/2023:10:20:42 -0500] "GET /BLA/boletinlegal/img/0.png HTTP/1.1" 200 110
172.22.2.4 - - [21/Nov/2023:10:20:42 -0500] "GET /BLA/boletinlegal/img/select-left.png HTTP/1.1" 200 263
172.22.2.4 - - [21/Nov/2023:10:20:42 -0500] "GET /BLA/boletinlegal/img/button-left.png HTTP/1.1" 200 57071
172.22.2.4 - - [21/Nov/2023:10:20:42 -0500] "GET /BLA/boletinlegal/img/button.png HTTP/1.1" 200 43241
172.22.2.4 - - [21/Nov/2023:10:20:42 -0500] "GET /BLA/boletinlegal/img/select-right.png HTTP/1.1" 200 44019
172.22.2.4 - - [21/Nov/2023:10:20:42 -0500] "GET /BLA/boletinlegal/img/button-right.png HTTP/1.1" 200 57878
172.22.2.4 - - [21/Nov/2023:10:20:42 -0500] "GET /BLA/boletinlegal/favicon.ico HTTP/1.1" 404 1326
201.245.192.253 - - [21/Nov/2023:10:20:43 -0500] "GET /BLA/resoluciones/ HTTP/1.1" 200 13696
201.245.192.253 - - [21/Nov/2023:10:20:47 -0500] "GET /BLA/resoluciones/index.php?dir=AUTOS+2023%2F HTTP/1.1" 200 407772
216.245.221.92 - - [21/Nov/2023:10:20:50 -0500] "HEAD / HTTP/1.1" 200 -
201.245.192.253 - - [21/Nov/2023:10:20:52 -0500] "POST /forms/lservlet;jsessionid=ac16012b30d62c24e9f35fc549ff9df4f4c430495967.e3iSbxaKaheRe3eRa38MahaQbi1ynknvrkLOlQzNp65In0 HTTP/1.1" 200 2
201.245.192.253 - - [21/Nov/2023:10:21:04 -0500] "GET /BLA/boletinlegal/admin/index.php HTTP/1.1" 200 2324
201.245.192.253 - - [21/Nov/2023:10:21:04 -0500] "GET /BLA/boletinlegal/admin/images/bg.png HTTP/1.1" 200 332965
201.245.192.253 - - [21/Nov/2023:10:21:06 -0500] "POST /BLA/boletinlegal/admin/usuarios/process.php HTTP/1.1" 302 -
201.245.192.253 - - [21/Nov/2023:10:21:06 -0500] "GET /BLA/boletinlegal/admin/index.php HTTP/1.1" 200 2324
186.84.90.82 - - [21/Nov/2023:10:21:10 -0500] "GET /sipse/faces/index.xhtml HTTP/1.1" 200 677
186.84.90.82 - - [21/Nov/2023:10:21:11 -0500] "GET /sipse/faces/javax.faces.resource/theme.css?ln=primefaces-sipse HTTP/1.1" 200 50058
186.84.90.82 - - [21/Nov/2023:10:21:11 -0500] "GET /sipse/faces/faces/autenticacion.xhtml HTTP/1.1" 200 12406
186.84.90.82 - - [21/Nov/2023:10:21:11 -0500] "GET /sipse/js/disable_browser_buttons.js HTTP/1.1" 200 3230
186.84.90.82 - - [21/Nov/2023:10:21:11 -0500] "GET /sipse/css/custom_css_sg.css HTTP/1.1" 200 9694
186.84.90.82 - - [21/Nov/2023:10:21:11 -0500] "GET /sipse/css/custom_css_sg_prime_login.css HTTP/1.1" 200 443
186.84.90.82 - - [21/Nov/2023:10:21:11 -0500] "GET /sipse/faces/javax.faces.resource/theme.css?ln=primefaces-sipse HTTP/1.1" 304 -
186.84.90.82 - - [21/Nov/2023:10:21:11 -0500] "GET /sipse/faces/javax.faces.resource/layout/layout.css?ln=primefaces&v=4.0 HTTP/1.1" 200 542
186.84.90.82 - - [21/Nov/2023:10:21:11 -0500] "GET /sipse/js/funciones.js HTTP/1.1" 200 12592
186.84.90.82 - - [21/Nov/2023:10:21:11 -0500] "GET /sipse/faces/javax.faces.resource/primefaces.css?ln=primefaces&v=4.0 HTTP/1.1" 200 53295
186.84.90.82 - - [21/Nov/2023:10:21:11 -0500] "GET /sipse/faces/javax.faces.resource/jquery/jquery.js?ln=primefaces&v=4.0 HTTP/1.1" 200 105384
186.84.90.82 - - [21/Nov/2023:10:21:11 -0500] "GET /sipse/faces/javax.faces.resource/layout/layout.js?ln=primefaces&v=4.0 HTTP/1.1" 200 87560
186.84.90.82 - - [21/Nov/2023:10:21:11 -0500] "GET /sipse/faces/javax.faces.resource/jquery/jquery-plugins.js?ln=primefaces&v=4.0 HTTP/1.1" 200 220526
186.84.90.82 - - [21/Nov/2023:10:21:11 -0500] "GET /sipse/faces/javax.faces.resource/primefaces.js?ln=primefaces&v=4.0 HTTP/1.1" 200 276924
186.84.90.82 - - [21/Nov/2023:10:21:12 -0500] "GET /sipse/css/imagen/logoSDG.png HTTP/1.1" 200 53064
186.84.90.82 - - [21/Nov/2023:10:21:12 -0500] "GET /sipse/css/imagen/loginimg.png HTTP/1.1" 200 71635
186.84.90.82 - - [21/Nov/2023:10:21:12 -0500] "GET /sipse/faces/javax.faces.resource/images/ui-icons_898989_256x240.png?ln=primefaces-aristo HTTP/1.1" 200 5355
201.245.192.253 - - [21/Nov/2023:10:21:13 -0500] "POST /BLA/boletinlegal/admin/usuarios/process.php HTTP/1.1" 302 -
172.22.2.4 - - [21/Nov/2023:10:19:41 -0500] "HEAD /BLA/boletinlegal/ HTTP/1.1" 200 -
201.245.192.253 - - [21/Nov/2023:10:21:23 -0500] "POST /sipse/faces/presentacion/financiero/solicitudProceso/consultarSolicitudProceso.xhtml HTTP/1.1" 200 5461
201.245.192.253 - - [21/Nov/2023:10:21:24 -0500] "GET /sipse/faces/javax.faces.resource/dynamiccontent.properties?ln=primefaces&pfdrid=XjOR5%2F%2FfPAZAuY9TpWQeCiM0BhlXxYRBGKi%2FQcXXfeA%3D&pfdrid_c=false HTTP/1.1" 200 117390
172.22.2.4 - - [21/Nov/2023:10:20:40 -0500] "GET /BLA/boletinlegal/ HTTP/1.1" 200 24523
201.245.192.253 - - [21/Nov/2023:10:21:13 -0500] "GET /BLA/boletinlegal/admin/index.php HTTP/1.1" 200 7109
201.245.192.253 - - [21/Nov/2023:10:21:29 -0500] "GET /BLA/boletinlegal/admin/index_files/index_files/tback.gif HTTP/1.1" 404 1334
186.102.92.119 - - [21/Nov/2023:10:21:30 -0500] "GET /kwssiamovil/sm/ldap/au?x=U2FsdGVkX1+JWIVBDCkH65kPsnKWf3qCw/+P2JnQQO/0ZVq4ALX/cM7Yzp/Nq1tu&y=U2FsdGVkX18kgDrnoUzoJj+/776H74Wfh26YZw8dqhz8hNCXsE+WeglrIKCz6Vzn HTTP/1.1" 200 30
186.102.92.119 - - [21/Nov/2023:10:21:30 -0500] "GET /kwssiamovil/sm/acme/s?s=U2FsdGVkX19Ic2iIWOaflFydmMHsZjsinFhxFtkYKeBYVmSTzzmkVYBIui6Uju88PZTws0g03S2M6rlt3TL4+tVqQO4znL+MPt2Sjs9KfvA=&u=U2FsdGVkX186K5uGtjB4oe7i3F0WeUlgUnD0Rp1DyA1yG3O27rc1ou+UvaUIF6BM&y=U2FsdGVkX18kgDrnoUzoJj+/776H74Wfh26YZw8dqhz8hNCXsE+WeglrIKCz6Vzn HTTP/1.1" 200 97
186.102.92.119 - - [21/Nov/2023:10:21:30 -0500] "GET /kwssiamovil/sm/acme/s?s=U2FsdGVkX1/62oS4n2aOTzu6cR/9vLWA9/aBa7KS6+yNudlS6e07sQRs18vSStxe2BRMSVOG+twFKMFnoUIrL9kR5WPyUYY0wcIYKLg+zkwHHMB6nDNZp5LoqFTCHJ6veswgn94kIvIB/AVfL+08eLHvhu7qpuSceoA+eB2KPLYjWxkNBRQZL2bBsDiViNMfs4KgOKDmAJq8RhFs26j6l4GSCHypzEfCpNBjtWkKaAvobFnJfcSXWLug/3SeZeBavSyiINvKromMmzGAopeEKLMOGsjnk6+aB5P8nNJMskTeNWtRDr8rQIFdz6rUYiWhqzr8sCzyqfo8Sl+CR3/MF0ZnjzrUUg1i0QiYsS34GDHYNcanhmVftyRNvzdG3QBBlKigl6VlKs+HFEIt33stfmVvbpQyR9PI8hCYPleJ7/eqHYxFIrgTH0Ds0QS31wg1rEkd02NQLt1aD9ZBvCOYcUB4h3OBzn8HgvVlaPfNajUQgQv/zi6x5l6CKmA9yGM8DCrScUABtlyu6X+04P3qgOmzCJlA5YNJjdYAcyQ+RvrR8XGeyaMFvBXuwZiQIVSNeoXg3EdPIFw6Nd6Lpag7QrB50P3RzBAu7sek7o0ZO2U2uBh4R3LVV1qnsL3A2KLEAb1lKJBDVrPRXlFGzRJpvBdXHpUKqpbdv1Y5we7i5R5tWU6ZIO2hDpHY/J7HlRWeHRIiS7YaVGFAGkwIDqdQrha5d5lTKL49PxPZoqJhQu3dgtGkDv/+DXYePgsALnQL13hoDO5JNJAjwDS41zFkhebPH7xjwW5imXWOjEzwLC7vVTOsNAowMnDhHTY7GbU0eQIUY8q2vf6c7kVWXWDzS5vp8/En+Vso68KemSr++zApMVCmYHr6XVF141ttlJ2/xGyqWECGR+GeA59gtgKzLCAz68qzxiH0h4anQBFTp6k294iWFdTTNwmlBUjmtgRkXO1qjDxTLdgqgctrHuEZBulebFsqBdtKey59HXABEkcQ2lZwLDYp+NpNgaJFIS8nE8XcuJ4tcT3Q35aSJrO9MTiDAXxC/ONHtL67lspbyoHqiICuaF8L6j0NBERdv0TW3Q/IZquJUNOf2PEuiHRCNwZ/2hF1W+yZFwoip+ClYZq2qY9/KSaR1XFL230bDywZyM0jmlEqvRDot01BVDX4CfuFZqzure8rjKZzrNU4SLOAVptfDPU0LTXqPA+k1vWlIe+wYPhDBFhDnK2na1Kd+ivAH2pkX0Sre8rNL6F5eMYQ1in0aed3+Sb/6ajN/UzTX87csJapKAB48dVWDspymg2Y2WaeqQoPa4nV32YaAa+5z/zIytnBSbTZ7AbOKLmxS6ItY/iFnDhIPjBMTDYSSCI+i1w3lSuIHNZfmaaMFqnE1sobzB1rpkW+hdIc6KAnUHD1AS1PbEFWFjHdenmcryayIS6IoYYk1LKqIn+i/wwOK0ednv58u7Nz5Un59OpFD0sPMDHgDWAJisWJp6S4UtBGefhb4qy72km2e8KBehCl21y8IkTqEMRKifYNGB1CXKhG36o+IV4mRz2qmMFDbOfeGV7keQcb0+fJ86ew3K4hwivOwLBUQjcGR1/E3+WeamVLdBQW2QKqwzTnPQ8wspvKPz5Zu8OThuYmwLs++jEGIcndse3LVAV6krSUClF90ZfUV3Or+evffa1qhNckoofdRDfPY/MfZeseYy64RXJ2i9w3Gqk+GTU+GGK0H0acFE9nF/ZI/ubttzh43aHWKSXTBNvIVntmMz+8WvhuaOKZn22gpBEeLZR11XyXC77z&u=U2FsdGVkX186K5uGtjB4oe7i3F0WeUlgUnD0Rp1DyA1yG3O27rc1ou+UvaUIF6BM&y=U2FsdGVkX18kgDrnoUzoJj+/776H74Wfh26YZw8dqhz8hNCXsE+WeglrIKCz6Vzn HTTP/1.1" 200 909
186.102.92.119 - - [21/Nov/2023:10:21:31 -0500] "GET /kwssiamovil/sm/acme/s?s=U2FsdGVkX1/gWJxczYqHyeyfy6Ix+sGT7U13bNXBpr4UwDTqvxZdorStfg7bzGC5W3eeRIjfm1Uw3qhXWkKlUg9EZ9pc/1YvUHzDQ9iNN6urfhdY0mj0sXT5bSYk9ggSD5sBXehp5AOnZ0wyiKfBHw==&u=U2FsdGVkX186K5uGtjB4oe7i3F0WeUlgUnD0Rp1DyA1yG3O27rc1ou+UvaUIF6BM&y=U2FsdGVkX18kgDrnoUzoJj+/776H74Wfh26YZw8dqhz8hNCXsE+WeglrIKCz6Vzn HTTP/1.1" 200 92
186.102.92.119 - - [21/Nov/2023:10:21:31 -0500] "GET /kwssiamovil/sm/acme/s?s=U2FsdGVkX19TdEQRN1Kwu+DomgF72vRK3H6eJeaQ6/TXUSL9mTukJJaGeJfe4M8l/7sclbykGz1BrGKVzUXzt4FPPIm4B7ZDmNFdUAgriRQ0AVLvEoTjQAkJ+Ub19M2AlhAlrodd29vrrjVn6wPiYLECVegUq6rU/S2apIV0RK+43j2LtPfv6p/VO/KHcXyqWuLIrxYkH3TVtig8fToXKKMlE0QFkG6cyC6mNxniADmiJ41l0MtDskHYbqIQsSiN2YH89SGILMVVlygNWniMA2P89Q/T77vNMDzoMcGGcAOOB7vGBld/QgVfyoNEO9u2g2jciFrNnXzlOWe6nx29mxGLdAz0lmY0N5MuEbrRRKTM1prz5i12+dETDqCaqb2e0YIQWNSpFHPow0ge51xsHet81ee9F6EJJ30BMfplBmdwliEJK4rVESQqcTL+WF4DBGpWBPfqG1HcB+byPdyHc/WXjOLz0qJrzeu1+vumu/+ZNeE8qhJXVMQ4hzrMMDZw1fthBkevCxq0f+2WeTviTXG6tWryX7VcE00pcB9PRMGO6ZAKACcKjvCPyWXF6Tz5boOc5B4sV0/QFZV5MT2FNXr6y+7JfQtSaae62BpQknBRsh/YUJ75725bHMOO9ljC66pa87UEt1B9hkwbyDcgaq3VhGOIcG8ySqKd/LwQ3cMMcUQoHuSfiOS02SrqklC/SvEE21h023wWYCk8pdR1bvTR4QwPuLOpZMGfMLZuoZziyZPBYF2Q2USEd7czN/vg1AhByqAsI3MACY1lSntSTA==&u=U2FsdGVkX186K5uGtjB4oe7i3F0WeUlgUnD0Rp1DyA1yG3O27rc1ou+UvaUIF6BM&y=U2FsdGVkX18kgDrnoUzoJj+/776H74Wfh26YZw8dqhz8hNCXsE+WeglrIKCz6Vzn HTTP/1.1" 200 1095
186.102.92.119 - - [21/Nov/2023:10:21:31 -0500] "GET /kwssiamovil/sm/cjson/pre?f=17&x=U2FsdGVkX1+JWIVBDCkH65kPsnKWf3qCw/+P2JnQQO/0ZVq4ALX/cM7Yzp/Nq1tu HTTP/1.1" 200 12747
201.245.192.253 - - [21/Nov/2023:10:21:34 -0500] "GET /BLA/boletinlegal/admin/actos/ingresar.php HTTP/1.1" 200 7209
186.102.92.119 - - [21/Nov/2023:10:21:31 -0500] "GET /kwssiamovil/sm/cjson/pre?f=5&x=U2FsdGVkX1+JWIVBDCkH65kPsnKWf3qCw/+P2JnQQO/0ZVq4ALX/cM7Yzp/Nq1tu HTTP/1.1" 200 96431
186.102.92.119 - - [21/Nov/2023:10:21:31 -0500] "GET /kwssiamovil/sm/cjson/pre?f=7&x=U2FsdGVkX1+JWIVBDCkH65kPsnKWf3qCw/+P2JnQQO/0ZVq4ALX/cM7Yzp/Nq1tu HTTP/1.1" 200 93332
186.102.92.119 - - [21/Nov/2023:10:21:31 -0500] "GET /kwssiamovil/sm/cjson/pre?f=6&x=U2FsdGVkX1+JWIVBDCkH65kPsnKWf3qCw/+P2JnQQO/0ZVq4ALX/cM7Yzp/Nq1tu HTTP/1.1" 200 34953
201.245.192.253 - - [21/Nov/2023:10:21:35 -0500] "POST /kwsrmcab/Wsrmcab  HTTP/1.1" 200 40861
186.102.92.119 - - [21/Nov/2023:10:21:31 -0500] "GET /kwssiamovil/sm/cjson/pre?f=4&x=U2FsdGVkX1+JWIVBDCkH65kPsnKWf3qCw/+P2JnQQO/0ZVq4ALX/cM7Yzp/Nq1tu HTTP/1.1" 200 33589
186.102.92.119 - - [21/Nov/2023:10:21:32 -0500] "GET /kwssiamovil/sm/cjson/pre?f=8&x=U2FsdGVkX1+JWIVBDCkH65kPsnKWf3qCw/+P2JnQQO/0ZVq4ALX/cM7Yzp/Nq1tu HTTP/1.1" 200 36010
186.102.92.119 - - [21/Nov/2023:10:21:31 -0500] "GET /kwssiamovil/sm/cjson/pre?f=3&x=U2FsdGVkX1+JWIVBDCkH65kPsnKWf3qCw/+P2JnQQO/0ZVq4ALX/cM7Yzp/Nq1tu HTTP/1.1" 200 94843
186.84.90.82 - - [21/Nov/2023:10:21:42 -0500] "POST /sipse/faces/autenticacion.xhtml HTTP/1.1" 200 2187
186.84.90.82 - - [21/Nov/2023:10:21:42 -0500] "GET /sipse/faces/javax.faces.resource/messages/messages.png?ln=primefaces&v=4.0 HTTP/1.1" 200 27209
201.245.192.253 - - [21/Nov/2023:10:21:43 -0500] "GET /BLA/boletinlegal/images/favicon.ico HTTP/1.1" 404 1328
186.84.90.82 - - [21/Nov/2023:10:21:49 -0500] "POST /sipse/faces/autenticacion.xhtml HTTP/1.1" 200 2187
186.84.90.82 - - [21/Nov/2023:10:21:53 -0500] "POST /sipse/faces/autenticacion.xhtml HTTP/1.1" 200 2191
172.22.2.4 - - [21/Nov/2023:10:22:08 -0500] "GET /BLA/boletinlegal/consulta_actos.php?tipo=autos&no=4536&usuario=&sector=&fecha=2014&resuelve= HTTP/1.1" 200 1033
172.22.2.4 - - [21/Nov/2023:10:20:32 -0500] "GET /BLA/boletinlegal/ HTTP/1.1" 200 50697
172.22.2.4 - - [21/Nov/2023:10:20:50 -0500] "GET /BLA/boletinlegal/ HTTP/1.1" 200 53356
186.102.92.119 - - [21/Nov/2023:10:22:37 -0500] "OPTIONS /kwssiamovil/sm/setfile/f? HTTP/1.1" 200 13
201.245.192.253 - - [21/Nov/2023:10:22:41 -0500] "POST /forms/lservlet;jsessionid=ac16012b30d65dbf9e9ec0474c4a96cda918a1053f5b.e3iSbxaKaheRe3eRa38MahaQbi1ynknvrkLOlQzNp65In0 HTTP/1.1" 200 2
186.102.92.119 - - [21/Nov/2023:10:22:37 -0500] "POST /kwssiamovil/sm/setfile/f? HTTP/1.1" 200 381
201.245.192.253 - - [21/Nov/2023:10:22:41 -0500] "POST /sipse/faces/presentacion/financiero/solicitudProceso/consultarSolicitudProceso.xhtml HTTP/1.1" 200 60114
201.245.192.253 - - [21/Nov/2023:10:22:43 -0500] "GET /sipse/faces/javax.faces.resource/jquery/jquery.js?ln=primefaces&v=4.0 HTTP/1.1" 304 -
201.245.192.253 - - [21/Nov/2023:10:22:43 -0500] "GET /sipse/faces/javax.faces.resource/jquery/jquery-plugins.js?ln=primefaces&v=4.0 HTTP/1.1" 304 -
201.245.192.253 - - [21/Nov/2023:10:22:43 -0500] "GET /sipse/faces/javax.faces.resource/primefaces.js?ln=primefaces&v=4.0 HTTP/1.1" 304 -
201.245.192.253 - - [21/Nov/2023:10:22:43 -0500] "GET /sipse/faces/javax.faces.resource/layout/layout.js?ln=primefaces&v=4.0 HTTP/1.1" 304 -
186.102.92.119 - - [21/Nov/2023:10:22:43 -0500] "OPTIONS /kwssiamovil/sm/setfile/f? HTTP/1.1" 200 13
201.245.192.253 - - [21/Nov/2023:10:22:45 -0500] "POST /sipse/faces/presentacion/financiero/solicitudProceso/listarSolicitudProceso.xhtml HTTP/1.1" 200 1524
186.102.92.119 - - [21/Nov/2023:10:22:44 -0500] "POST /kwssiamovil/sm/setfile/f? HTTP/1.1" 200 381
186.102.92.119 - - [21/Nov/2023:10:22:48 -0500] "OPTIONS /kwssiamovil/sm/setfile/f? HTTP/1.1" 200 13
186.102.92.119 - - [21/Nov/2023:10:22:49 -0500] "POST /kwssiamovil/sm/setfile/f? HTTP/1.1" 200 381
201.245.192.253 - - [21/Nov/2023:10:22:52 -0500] "POST /forms/lservlet;jsessionid=ac16012b30d62c24e9f35fc549ff9df4f4c430495967.e3iSbxaKaheRe3eRa38MahaQbi1ynknvrkLOlQzNp65In0 HTTP/1.1" 200 2
186.102.92.119 - - [21/Nov/2023:10:22:54 -0500] "OPTIONS /kwssiamovil/sm/setfile/f? HTTP/1.1" 200 13
186.102.92.119 - - [21/Nov/2023:10:22:54 -0500] "POST /kwssiamovil/sm/setfile/f? HTTP/1.1" 200 381
186.102.92.119 - - [21/Nov/2023:10:22:58 -0500] "OPTIONS /kwssiamovil/sm/setfile/f? HTTP/1.1" 200 13
186.102.92.119 - - [21/Nov/2023:10:22:58 -0500] "POST /kwssiamovil/sm/setfile/f? HTTP/1.1" 200 381
186.102.92.119 - - [21/Nov/2023:10:23:04 -0500] "OPTIONS /kwssiamovil/sm/setfile/f? HTTP/1.1" 200 13
69.30.231.226 - - [21/Nov/2023:10:23:04 -0500] "POST /cgi-bin/rpc HTTP/1.1" 404 1022
69.30.231.226 - - [21/Nov/2023:10:23:04 -0500] "GET /users/sign_in HTTP/1.1" 404 1022
186.102.92.119 - - [21/Nov/2023:10:23:05 -0500] "POST /kwssiamovil/sm/setfile/f? HTTP/1.1" 200 381
186.102.92.119 - - [21/Nov/2023:10:23:10 -0500] "OPTIONS /kwssiamovil/sm/setfile/f? HTTP/1.1" 200 13
186.102.92.119 - - [21/Nov/2023:10:23:11 -0500] "POST /kwssiamovil/sm/setfile/f? HTTP/1.1" 200 381
186.28.201.139 - - [21/Nov/2023:10:23:15 -0500] "GET /BLA/resoluciones/Notificaciones/RESOLUCIONES%202023/5132.pdf HTTP/1.1" 200 513103
186.28.201.139 - - [21/Nov/2023:10:23:16 -0500] "GET /favicon.ico HTTP/1.1" 200 7782
186.102.92.119 - - [21/Nov/2023:10:23:16 -0500] "OPTIONS /kwssiamovil/sm/setfile/f? HTTP/1.1" 200 13
152.203.204.22 - - [21/Nov/2023:10:23:19 -0500] "POST /sipse/faces/presentacion/financiero/solicitudProceso/listarSolicitudProceso.xhtml HTTP/1.1" 200 20189
186.84.90.82 - - [21/Nov/2023:10:23:20 -0500] "POST /sipse/faces/autenticacion.xhtml HTTP/1.1" 200 2187
186.102.92.119 - - [21/Nov/2023:10:23:16 -0500] "POST /kwssiamovil/sm/setfile/f? HTTP/1.1" 200 381
186.102.92.119 - - [21/Nov/2023:10:23:22 -0500] "OPTIONS /kwssiamovil/sm/setfile/f? HTTP/1.1" 200 13
152.203.204.22 - - [21/Nov/2023:10:23:22 -0500] "POST /sipse/faces/presentacion/financiero/solicitudProceso/listarSolicitudProceso.xhtml HTTP/1.1" 200 158953
152.203.204.22 - - [21/Nov/2023:10:23:23 -0500] "GET /sipse/faces/javax.faces.resource/jquery/jquery.js?ln=primefaces&v=4.0 HTTP/1.1" 304 -
152.203.204.22 - - [21/Nov/2023:10:23:23 -0500] "GET /sipse/faces/javax.faces.resource/jquery/jquery-plugins.js?ln=primefaces&v=4.0 HTTP/1.1" 304 -
152.203.204.22 - - [21/Nov/2023:10:23:23 -0500] "GET /sipse/faces/javax.faces.resource/primefaces.js?ln=primefaces&v=4.0 HTTP/1.1" 304 -
152.203.204.22 - - [21/Nov/2023:10:23:23 -0500] "GET /sipse/faces/javax.faces.resource/layout/layout.js?ln=primefaces&v=4.0 HTTP/1.1" 304 -
152.203.204.22 - - [21/Nov/2023:10:23:23 -0500] "GET /sipse/faces/javax.faces.resource/dynamiccontent.properties?ln=primefaces&pfdrid=XjOR5%2F%2FfPAZAuY9TpWQeCiM0BhlXxYRBGKi%2FQcXXfeA%3D&pfdrid_c=false HTTP/1.1" 500 383
186.102.92.119 - - [21/Nov/2023:10:23:22 -0500] "POST /kwssiamovil/sm/setfile/f? HTTP/1.1" 200 381
186.102.92.119 - - [21/Nov/2023:10:23:28 -0500] "OPTIONS /kwssiamovil/sm/setfile/f? HTTP/1.1" 200 13
186.102.92.119 - - [21/Nov/2023:10:23:29 -0500] "POST /kwssiamovil/sm/setfile/f? HTTP/1.1" 200 381
186.102.92.119 - - [21/Nov/2023:10:23:33 -0500] "OPTIONS /kwssiamovil/sm/setfile/f? HTTP/1.1" 200 13
186.102.92.119 - - [21/Nov/2023:10:23:33 -0500] "POST /kwssiamovil/sm/setfile/f? HTTP/1.1" 200 381
152.203.204.22 - - [21/Nov/2023:10:23:33 -0500] "POST /sipse/faces/presentacion/financiero/solicitudProceso/consultarSolicitudProceso.xhtml HTTP/1.1" 200 255280
186.102.92.119 - - [21/Nov/2023:10:24:08 -0500] "GET /kwssiamovil/sm/acme/a?s=U2FsdGVkX18Yipw+D/FBznJFzqUbcQ9K10AW2jOpT/Xlhkz1vHsZRWb3RsEH5azmqc2xcy4kSXlmMbomlSqfBZF7lQa+GRqIV/mMlSq0P919kxEQcqpMDG3R/pDRpNkex0GAREFeJ8TPEWqdOx+b1i0ChynLKPmIVUhaDpBr8+O0jXsClKAvNGKbqJI6+R5CxDSmo3d1F2sl/WubNWWddp22+GePVFxDHHX45dXvarDuRX2U/QoMqcHgrnXz8aPVd0SUgdEF6TG8GL6CXtz3BQ==&u=U2FsdGVkX186K5uGtjB4oe7i3F0WeUlgUnD0Rp1DyA1yG3O27rc1ou+UvaUIF6BM&y=U2FsdGVkX18kgDrnoUzoJj+/776H74Wfh26YZw8dqhz8hNCXsE+WeglrIKCz6Vzn HTTP/1.1" 200 26
186.102.92.119 - - [21/Nov/2023:10:24:09 -0500] "GET /kwssiamovil/sm/acme/a?s=U2FsdGVkX18DW8E0wagJvYAuQwm7ighxVuSpqSva5jx4beZjjsT4qGpg/P4kIrsXe7Ah+8k6IFGUjXbIJLWe3zVUJ+rZDotZAvCl/iKzChFMxFCydo9RT+pCfXkiXNCfHmLrz+mQ0qmjJf5GXl/athn0cJp7GOJGzwR9qVKG4eF0t3V/7cZWYSz5xdC0OTvBrGtmm1xNA4u1cT5hvZ/8xvxZL4mhPyshrPGqYEvamCXQcg2FWIfXtU/XCdSdGgX07QpJo73ClPKjD83DiDwSZFmK4Wtr4o+jMJ0sXO3JqT6GLK6+5OMGlogZg0UWC+NfT0OE7NDrO/TXkm+OVWzfX1GReaQQAnSvNK73WM8wlhRee6OXjCYUSzbqB4pMlQ/Jzqj4iKYpm09Wt/9chF+2Zs0TBP0KAuqHrCfD4KLXo4QctCUjTbJgi+gizzuu3WNn&u=U2FsdGVkX186K5uGtjB4oe7i3F0WeUlgUnD0Rp1DyA1yG3O27rc1ou+UvaUIF6BM&y=U2FsdGVkX18kgDrnoUzoJj+/776H74Wfh26YZw8dqhz8hNCXsE+WeglrIKCz6Vzn HTTP/1.1" 200 25
186.102.92.119 - - [21/Nov/2023:10:24:09 -0500] "GET /kwssiamovil/sm/acme/a?s=U2FsdGVkX1+/TBuM47KmTYd1XCgR/+JYfiiYR4YVJpS8rHGXSu7DtO8A2rICZYZLebqVWynbYdPHXBoiig5CX8LoIAHUjOO37ljzht6IAuwaxPZkqMPOZ3jF44i3/e/5VCK2XUK2+xbYbXa2bOKEjjlIrK+QkkQR6XpeStAjbsqShwSH7i5w7kVM6rWuiD0kPhVZ3yoPf8r8Oi9XcCmRZ+86lZ3sviAbpcJqib0gDmRj5mM1eDuUSGaoUBCoxhaNAH+kHDwfS6aBrgh2KDe0RIkSYqiG1gijgXiX1Iw0HlvZzA60R3LvJ2gX+WqZOxkc3LQQrDBQKt7E9SapIZjGMxnrC1u2aoiQ+x2Ah6FHDiPJywPJ9u4Qp68HbfEj0Kth+BIerxHP4qPzHBNiidaAkEPni1AxhfKmpFNoZd4MGG3mP9WnqhoX3hy0aG3eHIDeeepJPnj08xC5SR3kUai6qmtiDD4jTAN/yI2ae1ci78F7fcuMi8sDK7EMSX7+X7QuJJ0Aa1Yct2xc/nmjoOU9Tx3vHCDaf2pdCHGFA6Jg6LSTDkIeHnijOCzmRVil1gZwxlBDu9lyfmxrehaynYcC/MKEhqmwd689ze4fq/ib7luLd4YcNa7HIqfnjCh4FgU8Y5ivhq9klw+xOzNCxnVefDJFdGWkEAl7tHNnEvuP4eSs4b5DVxoV3O7tjspioUGp/qYAY9+qSxpYqO4iA1BOTimVrVirYu5K9fcf0Mk3c6eW+J5pBnA6aSuvXOfgqLPr+/ymdtjnVJBP7Pa862Ix5LoqV6JYtzt6e25ad7uTgIuAwS+hVpxvVxQOc38mbgoAMQUE+c67JoY5yI8SVFY57MVLczGE3gbLOXhXv0l+mCiyH9nztF8MNRU80TA5CL/tzH6ItG0/TjmmX0PvL7KVL2DvQ1Nipv32wQEoPJSslRVm+kawR+ubz34WfQu+LqQWTAmv2aURT/cQFfo2EjNIiAj1gEXMQc5Mdtm0sT3Kd8Fos2uWFnrgjdnGEL6vwym+9BxyiH4f6q3Lk9jbmjwTbIoFGYKh0OnindU7BDj3Bq8oeVDQ5YY361zEiK7jmk+YunQdYgOZeiXKS8oL9FrBmmcSFJDDv2io5J0jzGLTMVTAuTOx+DhqHqMemR1Z1fg54Niemw8hNMxDT7VdeZq89K/0ityT+4Rag35c7wxOWDtIFcyNjVzWywLfc/S9cb14CP5rq5Kwa0SwF7MNBX9tXI8qTDAEADoefyehYjv4IT/UJ4lDmDnz0bKQtvYUwLyoY+zlxzxKCKHC1NmBw+w+jK5m9TWPrBFFCjHT2Q0QWO2IRNZtgbyty4lycDKza7no1bkb16Li1Wx2QhMbM17Q1pHokQa/jnnzqG7fNVr1PP4rZ7VmQ/oJdVcRZ+P1RMNSKfX8uGjpVHOw0G+oj5px9Wm8k3/r38lMtlxk741v307+iTxWV9XUHvaGZgoFIFhwS97Wg3rvLRf5lQJ1jglu9YdiwP5YYtPq+60Sqyx5FCketHyViUdIUO0lrogReAK9LvinYp5uCFFGGOSV1ZwVyYDJ6D8BJXDrHlFXJSutxpLmHcqLCL+zzh4ZW2BOF1RlMXOtbA2u568bh1uBNmhWTx1JnZ9eD0U1mV1mnat+JDCoVf+qRrYvBJ8/AvUfdTiKWqPsBYw6DG1fMxzvx4jh7s/yKIqU+asPh94Dh71NV6sgSANPhg6QoLZi3iH6a2WeVUM+dVsEQ4/WgEVW39IGpQP0XZ+nLQyrYohloy1M3xDrFvW/xMVxsv2V1R4Dz0azy85K6Idar4iN8AiOBB6NxcyR/z9gL6BvL54oZbzjoUeNNI6hwkAE+oSyJQ4gtRrJ5wH1r5puwM3iGxcJ0gAszu30AE5nJbe1x2tXq9UJ+6lzqOPjcOvovgfKi8QEBBolxZ//EX1byl8HIgQQOJLLthKihDfrBcsVJpTaqvH5sQ4Bb+/Zu4pbs9MLGmTL9uAF0/DpTQ5+UFE1tIOGjcqpWAPingSompdIA4h/cIE8s7kfKN7QkXhgRoWLzdUCK7mu3dyWb6Q9TIIecnEKSeQZF6CXoi+N0qAAgGPLrFXMn7pBcN2K4kwYSTcppNA01WVRtntrmCIqQ1lQXC1erh4fgCd5iAsmbGjGHBZCT7zpweM86einZ0a4APd29LUnuvzS/kwnhdwYi5ckHprwKeBp9PfFvpOE/Nwb2Bdu+j76WjKkKBU1ne439UFIVJbT4zbqWPehUZGlYl3r7fhuf3R34UsVdhQTH2xkdoN9+oUxr1Fh0IBkNFf5Ln7pw0N/aP6T/VcDoOdK+BCg6ZI5XsdDKr5xus/19P3pA5iiMq0yRx+gAS/hov5iq+RKmvI/1s7df/S9oCuu4u3msHixd+VijClDAgsXC8G2hdv6OPYzbhb3OnnS4nOw/G4oCtnc/DG0JeeTLp2Gtq+WStLJ5n1ZMTn6dVoUJ0cCuyDeS3tJjCoKTmpKaFzrihrYyW/l4QWN8jlvMH/k2ZUsIuLY/qWz6dDJlPaQM7OHd8kD9fGFeUK6XIaVBiaVS2CqWtXnHGCa1z6ULHTql9qI8xD4TTu60BF19/MJI2UMgiOPOv/1kx/UJsSGvoJ5Fw0zbdhii7iGY/SckQXO5iFz8ulwYjkblmSXH3cilXFbMW0M+y4NJQZj6BbdyKecfyY8iAIhVoRHGoETz31dJwVV3ADww1w4VwhgmqEqrWrC46AY17A/E7cBAM39BuNRmRrO12wAdfj/sWNUrq7u/yCaN6ReFA96EaroPoQcnOW8evIkpCyQnSgv9X3t0xcb9NkBZtoNK70CAvyDeLc6GwfSte1lBY4lGOa6TrgXoxZsibASXn0hkmU=&u=U2FsdGVkX186K5uGtjB4oe7i3F0WeUlgUnD0Rp1DyA1yG3O27rc1ou+UvaUIF6BM&y=U2FsdGVkX18kgDrnoUzoJj+/776H74Wfh26YZw8dqhz8hNCXsE+WeglrIKCz6Vzn HTTP/1.1" 200 24
186.102.92.119 - - [21/Nov/2023:10:24:10 -0500] "GET /kwssiamovil/sm/acme/a?s=U2FsdGVkX19iN1Ck7FIppwzOFYlZE7zj1f3h7OuS/YralH319drjrf6iuBvrC1ReuGmB26Gn3silQgPUecd8Z3IUIdP8RBHE7UCSVG5+z+AumPniE0M13CivfXj9waCrhaj0ms3UZhB7Ew5meLPGz8QR4mV8KWtYXJAkiq+OKAw=&u=U2FsdGVkX186K5uGtjB4oe7i3F0WeUlgUnD0Rp1DyA1yG3O27rc1ou+UvaUIF6BM&y=U2FsdGVkX18kgDrnoUzoJj+/776H74Wfh26YZw8dqhz8hNCXsE+WeglrIKCz6Vzn HTTP/1.1" 200 26
186.102.92.119 - - [21/Nov/2023:10:24:10 -0500] "GET /kwssiamovil/sm/acme/a?s=U2FsdGVkX1/HUFqPyI9qkfhGSpzsVNIYuy02fuQdoX/rn8IXr/u5NLYgtNd3d+TkKjS4Qc8Hp5f4yFdwNPVWvxNAsmFKp81ZCBynT7qan+c3dlosBVW7Dn7yJ87Wcx+DIf/JeS+AE1JE9aFbNS3+vQ==&u=U2FsdGVkX186K5uGtjB4oe7i3F0WeUlgUnD0Rp1DyA1yG3O27rc1ou+UvaUIF6BM&y=U2FsdGVkX18kgDrnoUzoJj+/776H74Wfh26YZw8dqhz8hNCXsE+WeglrIKCz6Vzn HTTP/1.1" 200 24
186.102.92.119 - - [21/Nov/2023:10:24:10 -0500] "GET /kwssiamovil/sm/acme/a?s=U2FsdGVkX19UPEPbRspk6tXmSa1OIiEt9w08PBgh2PdhpDe7GbZkK4R3ZFE7rYpZ+ms1XVqlIdnwMrhRA358946FF3MRXeoJwYz4n80GPOKzIuFUMVjUrHPB8ddcZ/EU51s6s0V3CWBR8h220izryQ==&u=U2FsdGVkX186K5uGtjB4oe7i3F0WeUlgUnD0Rp1DyA1yG3O27rc1ou+UvaUIF6BM&y=U2FsdGVkX18kgDrnoUzoJj+/776H74Wfh26YZw8dqhz8hNCXsE+WeglrIKCz6Vzn HTTP/1.1" 200 24
186.102.92.119 - - [21/Nov/2023:10:24:11 -0500] "GET /kwssiamovil/sm/acme/a?s=U2FsdGVkX1+e0Cg8kMnahsjaiVoh4P/erO4CB+HpzPVT8bF0BhVndEn1PctxTkLqn/IRiINJBquPLYP+F5uZXM8X8daIyK8UTmjxrAn8qqothehbpmlVuGl+ykEKO6Eg80AD887lV6r8xboYFCtBldvZpycjhJOwA6xi2cTLyLsFbMkkQkx/okR3rG0xLxXM&u=U2FsdGVkX186K5uGtjB4oe7i3F0WeUlgUnD0Rp1DyA1yG3O27rc1ou+UvaUIF6BM&y=U2FsdGVkX18kgDrnoUzoJj+/776H74Wfh26YZw8dqhz8hNCXsE+WeglrIKCz6Vzn HTTP/1.1" 200 24
186.102.92.119 - - [21/Nov/2023:10:24:11 -0500] "GET /kwssiamovil/sm/acme/a?s=U2FsdGVkX1/4RUo1v5LfBnLsmOKn91Et7lOxNA5KbXVsFbjTJPLpPbJ7zh4D+daVQVnXoOHI/hz83kU3ZpqWKSjJ1YTuCvlFOHQ1sLHiK9GPjwkMbGBV6xiuWpzFJ0/TYGzcv/GzK77Z2cDXPTrOVf+nQPGFSiY8SJDkVJ2E63148l311Y4T4Az6MnYezv+jFtLboHEoXvOcPGBaQPWsIQ==&u=U2FsdGVkX186K5uGtjB4oe7i3F0WeUlgUnD0Rp1DyA1yG3O27rc1ou+UvaUIF6BM&y=U2FsdGVkX18kgDrnoUzoJj+/776H74Wfh26YZw8dqhz8hNCXsE+WeglrIKCz6Vzn HTTP/1.1" 200 25
186.102.92.119 - - [21/Nov/2023:10:24:11 -0500] "GET /kwssiamovil/sm/acme/a?s=U2FsdGVkX18+FRvmY5nCHPRKBZEbsftOWqbTSqjVwz1ZVz7roB/EeRq7zeutUDHU0f6xchckKSKhXn2nOlYePtyjUw3NjoYbnb28g1WwnRpsVgvTXGZZVWqfwH0rcXxVVuO2o/xCchER6Fw4YK9gvSjBnjw/iDS8p6LqWnRxU8KZ/JI3qWa96FU6b5yebhVOvINliyL7jslpgfr6gixxYHv0E6yr4iPO5X1Q8vTv5f9ziD8J7HwIcW9uMEaUy4mdQMqpGLXoFYQPW64V85MD4hYoDiiWVS4PjE+Uv+1NzEd4MhEQd0PXXby+Tq1uRnY2ODV5YlePFG9bLexrCMh6rNrNra4LEi6GkhpO+GsaSJfp2e8vcLdrK7eDHyZs9GVw+qtd0v8UaYN6jShKSid+5Kp2pSjPCnc1mNdoLU8w2zh9FhAhJ9UUdrlSTB+tIKzNG/UvZVqJjst+CHFLWA/vPau3wbPuc3ahA8ZWlzL4ezHjj6UGNe9XRyPAceWB+igm&u=U2FsdGVkX186K5uGtjB4oe7i3F0WeUlgUnD0Rp1DyA1yG3O27rc1ou+UvaUIF6BM&y=U2FsdGVkX18kgDrnoUzoJj+/776H74Wfh26YZw8dqhz8hNCXsE+WeglrIKCz6Vzn HTTP/1.1" 200 24
186.102.92.119 - - [21/Nov/2023:10:24:12 -0500] "GET /kwssiamovil/sm/acme/a?s=U2FsdGVkX19E22HXwQDcUUSdYh/04KHBrLskHdWTzPkTch5a5zNU5ePbFIlcLqMvYQLNAevAWW9rm37QhJO+6+9cnkvgFMwpvbp4q/N5rLEVltbOHDmTllz8OGi7OWNOtjtEw/oibnzgTLgm+cjez9pcfGr2jqOKhplDPU0X8LMHtWMxfPK3wkWFNJjLyFEhpATPZJoljic2G/5RFmUvbg==&u=U2FsdGVkX186K5uGtjB4oe7i3F0WeUlgUnD0Rp1DyA1yG3O27rc1ou+UvaUIF6BM&y=U2FsdGVkX18kgDrnoUzoJj+/776H74Wfh26YZw8dqhz8hNCXsE+WeglrIKCz6Vzn HTTP/1.1" 200 26
186.102.92.119 - - [21/Nov/2023:10:24:12 -0500] "GET /kwssiamovil/sm/acme/a?s=U2FsdGVkX1+T+Ppy2xdlR+jl5BeMNdpKdUHmR7cf2lA7Q6aZrc/AR2HE+aqH9AemY3RRJqn7RQeQCJ/aEysUZiwSV3mRFtvUU9Jx74L7TRhxuJiJBNbSsIf7VQwCqP4IiETmAsdTGr1snKWgzCDNZDWJ6b/+UlTh6nC/DFyLybtypX4UnM7KXKVYr5m5rtsLc2meA+CP1S64tgyO9ba8O+zIoe3S17iZSY4rkfJMzcyhPDQDdMTud5doZrs/aF6gDHY+f4DKtsiUqIh4IV2g3GkWq792tpvJI9CCEffzC3umPFgUlsjGe7E2KACTGsuvckJyEkB6T+2v0OqbIZlVWM7DQoqs6U33LEe4PKRBA8d/3hCH7+mEeNK/IwCRMFHzqcSvsGOoSxIbCC0zQHyG69Ti3B0UoVDXNR/vGvMjVZvMxs7PUO3/wfp6ceCk97sYdfrfZcNa0vT7Vd/zpTL2/vE6JnJz0m1GtakjgLfcOCI=&u=U2FsdGVkX186K5uGtjB4oe7i3F0WeUlgUnD0Rp1DyA1yG3O27rc1ou+UvaUIF6BM&y=U2FsdGVkX18kgDrnoUzoJj+/776H74Wfh26YZw8dqhz8hNCXsE+WeglrIKCz6Vzn HTTP/1.1" 200 25
186.102.92.119 - - [21/Nov/2023:10:24:13 -0500] "GET /kwssiamovil/sm/acme/a?s=U2FsdGVkX1/rfMvbKi9+RdaShIbfs83MOcJlrSMMgcwXk+uPo29vL2+yuXXwMP9hU5vIHyzdzrj/KnpmF9wwWYsWc1Jbq5tyFxjaCwq5VTwxj04Yi/48rXfxl3h90qj3Fl0Jg5fsja+sSv8Ox9WsBd+xSwWiflVlZRFHEGgLZQiUU2FejjD370KAGJG9LP+v&u=U2FsdGVkX186K5uGtjB4oe7i3F0WeUlgUnD0Rp1DyA1yG3O27rc1ou+UvaUIF6BM&y=U2FsdGVkX18kgDrnoUzoJj+/776H74Wfh26YZw8dqhz8hNCXsE+WeglrIKCz6Vzn HTTP/1.1" 200 24
186.102.92.119 - - [21/Nov/2023:10:24:13 -0500] "GET /kwssiamovil/sm/acme/a?s=U2FsdGVkX181ZIuYCpPHzWHq688y92NbwFOYWS+G58qurCNqWLQt55D+hykrcfMxOMhA8j7/M8tV6vIt9KIFsj6vTFcV8OwGDyCumKMcZEqF0cnbST0IvCBxmsiGkdtnKb9jFO28GzP+XjGeHLHlk6stYhmpi7wuVSmLtAS3yoNUY++Zs7/edZn71hLJbDn+fZgW05NS+4jbu3xpiSaNXg==&u=U2FsdGVkX186K5uGtjB4oe7i3F0WeUlgUnD0Rp1DyA1yG3O27rc1ou+UvaUIF6BM&y=U2FsdGVkX18kgDrnoUzoJj+/776H74Wfh26YZw8dqhz8hNCXsE+WeglrIKCz6Vzn HTTP/1.1" 200 25
186.102.92.119 - - [21/Nov/2023:10:24:13 -0500] "GET /kwssiamovil/sm/acme/a?s=U2FsdGVkX184+6putcxN1hDBwe0TXaq8+tXseC9t1w4I/zy5Hvu/mciSfsfDr/Bg+OZCmoIlIZmPc6Y0xdwvSS8X78/8jKG/6N9EAufo/hrSWGinAZ1l31a9RuAodwqDx6hoUYHGFjEdFoe6rzOdL/c6sRCbGb70wdSNQdrHQTU=&u=U2FsdGVkX186K5uGtjB4oe7i3F0WeUlgUnD0Rp1DyA1yG3O27rc1ou+UvaUIF6BM&y=U2FsdGVkX18kgDrnoUzoJj+/776H74Wfh26YZw8dqhz8hNCXsE+WeglrIKCz6Vzn HTTP/1.1" 200 26
186.102.92.119 - - [21/Nov/2023:10:24:14 -0500] "GET /kwssiamovil/sm/acme/a?s=U2FsdGVkX19fftAtexySDVKVn0fgFwZFAWbsIl+FCTA0zg2+KZ5vKpqir8JGxRLTFHMDx8Jfewjol/Dik0AnIqe+8sDiNKmFOpVg4KxA9HmR6No5oAah7Pw4OGabPT4bxPMVpbbqtvANOHZc165PlJZicbA/fdPX2t9an/N9Lb/6FtqN5kw+PAJvBVwqcO0c&u=U2FsdGVkX186K5uGtjB4oe7i3F0WeUlgUnD0Rp1DyA1yG3O27rc1ou+UvaUIF6BM&y=U2FsdGVkX18kgDrnoUzoJj+/776H74Wfh26YZw8dqhz8hNCXsE+WeglrIKCz6Vzn HTTP/1.1" 200 26
186.102.92.119 - - [21/Nov/2023:10:24:14 -0500] "GET /kwssiamovil/sm/acme/a?s=U2FsdGVkX19mlWcpiagstlj7vF2TGA5QY0thJrajrcLcKrJYoLnEOjzbPvxVUwijwrp+OgNTyGds7Lj12bBs7HbdZ4rAuft7Cuwx47fAEsJc9spZ+mMl3gKG1LPgvtgsOuaergX7S/PEfVOkLQFTbxoSNf9WTCFazsxEzKZFu4/InmieOcwVMoH+OvmGPh6s&u=U2FsdGVkX186K5uGtjB4oe7i3F0WeUlgUnD0Rp1DyA1yG3O27rc1ou+UvaUIF6BM&y=U2FsdGVkX18kgDrnoUzoJj+/776H74Wfh26YZw8dqhz8hNCXsE+WeglrIKCz6Vzn HTTP/1.1" 200 24
186.102.92.119 - - [21/Nov/2023:10:24:14 -0500] "GET /kwssiamovil/sm/acme/a?s=U2FsdGVkX1/dRXUZsD3uNJd1Ytvx4NxjED4M1+fUWlfHRskH8vb0iGMAZRnzfD3REGtFWDoo51FhQM90VwkOobzZjeJv66U3HlBhBEHT+VsBUVfLWNbR5A6ccfFz5qPnhLH1T5VjwkwSq05J/yOoMKuNfZ4zdxPx0cTMYdKcVCy4xeUI7x4pfLCQ7Q/eR5jV2oNPGWYZvbZsK6cJ/GB5xA==&u=U2FsdGVkX186K5uGtjB4oe7i3F0WeUlgUnD0Rp1DyA1yG3O27rc1ou+UvaUIF6BM&y=U2FsdGVkX18kgDrnoUzoJj+/776H74Wfh26YZw8dqhz8hNCXsE+WeglrIKCz6Vzn HTTP/1.1" 200 25
186.102.92.119 - - [21/Nov/2023:10:24:15 -0500] "GET /kwssiamovil/sm/acme/a?s=U2FsdGVkX18711puI/f5PVtTcD7fihm2f1xqwY4969WLjdUgVKeHBtVjPZaAItD0TFubjeblCtsvHfwq7uOOjboyzVJstuyvAD6m64qXEONX2/cvHoTypbGpj7IkIGoHzIQ3YF2MczqnFji/YGlcq/At2MkjM0701JqCBxwbzkc=&u=U2FsdGVkX186K5uGtjB4oe7i3F0WeUlgUnD0Rp1DyA1yG3O27rc1ou+UvaUIF6BM&y=U2FsdGVkX18kgDrnoUzoJj+/776H74Wfh26YZw8dqhz8hNCXsE+WeglrIKCz6Vzn HTTP/1.1" 200 26
186.102.92.119 - - [21/Nov/2023:10:24:15 -0500] "GET /kwssiamovil/sm/acme/a?s=U2FsdGVkX1+CZmaRu0EMRFQFrDiC+gy9oKb/cgST+XpA3gX8ds7yaVO2GWwvZz1Vuv03hxyRVLJ3kQb+NLy1bXiI7rC/wxTszy9fuDIMgrFKHmERNPrtdjtLlHmcylW6USdkA4Z6Kfq79kP57KJj3xSgicAnEI3QYG8+KEyCE70ZwbmNVYmI3lLrDxpzN+kokheCux7g9rmEheLrGxbkKQ==&u=U2FsdGVkX186K5uGtjB4oe7i3F0WeUlgUnD0Rp1DyA1yG3O27rc1ou+UvaUIF6BM&y=U2FsdGVkX18kgDrnoUzoJj+/776H74Wfh26YZw8dqhz8hNCXsE+WeglrIKCz6Vzn HTTP/1.1" 200 26
186.102.92.119 - - [21/Nov/2023:10:24:15 -0500] "GET /kwssiamovil/sm/acme/a?s=U2FsdGVkX1/3MelDMSWe+bOY+LNpGLo+ZXZC/NDBX69seIRHnWYjLWjlyqMtckqTgbstVvdwFk4FsNS49sqjrfM/oiNKEOTHszvIBQrch9YGAnPxUC5hqfOJb/BfdV6WIZJVxZNbH1eRSKoI+lpjxFIOOLTB65XJIKEzebDLF4opmZLikhbhxRaUfE5jbl4skNhiH9D67QZSlYY/E8p94w==&u=U2FsdGVkX186K5uGtjB4oe7i3F0WeUlgUnD0Rp1DyA1yG3O27rc1ou+UvaUIF6BM&y=U2FsdGVkX18kgDrnoUzoJj+/776H74Wfh26YZw8dqhz8hNCXsE+WeglrIKCz6Vzn HTTP/1.1" 200 25
186.102.92.119 - - [21/Nov/2023:10:24:16 -0500] "GET /kwssiamovil/sm/acme/a?s=U2FsdGVkX18wM+ePbYWnH3vNx6P3MjXyw/1ZMPpHG6kZIHuQ78YJ7yU/CICrshFeiEvWPROLxKtVMRfQyxOs59puzgZx+7JjE//EH4YSqj/g9L2dMJI/KwMR0vBHHhODO3ugDohhRgsIpWJBXeP8XPjaJW3KMFnvbzjCDpyexcZ64dmFd0vSDsCzyz434b/IDHlf64gS+FCF2aEe3h/wUQ==&u=U2FsdGVkX186K5uGtjB4oe7i3F0WeUlgUnD0Rp1DyA1yG3O27rc1ou+UvaUIF6BM&y=U2FsdGVkX18kgDrnoUzoJj+/776H74Wfh26YZw8dqhz8hNCXsE+WeglrIKCz6Vzn HTTP/1.1" 200 26
190.71.156.2 - - [21/Nov/2023:10:24:16 -0500] "POST /sipse/faces/presentacion/financiero/solicitudProceso/consultarSolicitudProceso.xhtml HTTP/1.1" 200 62996
186.102.92.119 - - [21/Nov/2023:10:24:16 -0500] "GET /kwssiamovil/sm/acme/a?s=U2FsdGVkX1+ekIz1yhkjB/6dAk8MHnBASfJr7zNJ2q+o/o0fZoSoOgLZqhwDZb8f71wbD7npg30T2uIKGvBkF8fBZfY3h3zjHoR+OK+ro5fh/osaub2O0inqHOztLQuK2fpyjIt+fYuB3HNj3mrxDfPvosE4UbdTSyiWevTW9byUwq8ktOpTJIQ3w50G/GaoEza6+pxIqhMl8deZg/gEUQ==&u=U2FsdGVkX186K5uGtjB4oe7i3F0WeUlgUnD0Rp1DyA1yG3O27rc1ou+UvaUIF6BM&y=U2FsdGVkX18kgDrnoUzoJj+/776H74Wfh26YZw8dqhz8hNCXsE+WeglrIKCz6Vzn HTTP/1.1" 200 25
190.71.156.2 - - [21/Nov/2023:10:24:16 -0500] "GET /sipse/faces/javax.faces.resource/jquery/jquery.js?ln=primefaces&v=4.0 HTTP/1.1" 304 -
190.71.156.2 - - [21/Nov/2023:10:24:16 -0500] "GET /sipse/faces/javax.faces.resource/jquery/jquery-plugins.js?ln=primefaces&v=4.0 HTTP/1.1" 304 -
190.71.156.2 - - [21/Nov/2023:10:24:16 -0500] "GET /sipse/faces/javax.faces.resource/primefaces.js?ln=primefaces&v=4.0 HTTP/1.1" 304 -
190.71.156.2 - - [21/Nov/2023:10:24:16 -0500] "GET /sipse/faces/javax.faces.resource/layout/layout.js?ln=primefaces&v=4.0 HTTP/1.1" 304 -
186.102.92.119 - - [21/Nov/2023:10:24:16 -0500] "GET /kwssiamovil/sm/acme/a?s=U2FsdGVkX195Jah/q/YuWMkCfxztHJc7JfEoDggH5mvcj69cIBqvgSQxSihPGeas+oyhQ9IZb5jALcbefiN4qmFEBKAPiVGy6MK4NUh1DFjcMyBjiW+hMyTLHg65r2eC67mK0bXh3SrWTI7FSyY4Nyq1i2f2uiZwvhwUak5Qy2Iccbns3Clu4ENjc+gGk/EVLuPwoYRKfDXOZhxqULKLgg==&u=U2FsdGVkX186K5uGtjB4oe7i3F0WeUlgUnD0Rp1DyA1yG3O27rc1ou+UvaUIF6BM&y=U2FsdGVkX18kgDrnoUzoJj+/776H74Wfh26YZw8dqhz8hNCXsE+WeglrIKCz6Vzn HTTP/1.1" 200 26
190.71.156.2 - - [21/Nov/2023:10:24:16 -0500] "POST /sipse/faces/presentacion/financiero/solicitudProceso/listarSolicitudProceso.xhtml HTTP/1.1" 200 56376
186.102.92.119 - - [21/Nov/2023:10:24:17 -0500] "GET /kwssiamovil/sm/acme/a?s=U2FsdGVkX1/THbdIBDnQQpd9NaDcYrPMdqE2itSO7upTircK2P94tdS48A2G2cvlnKLIJ43Yg2gO+7DU/SImzAPoPbjS9VnvaOwVaLXZeIQt6nlaYQTboc4tj8hwW7EYXJMfqUY+ows6KY4O4VzvPgKkRDi4R6iJzR0nHO6zBnXk1z2YAXJGVyqW0HcXbDu3v7BjVKjBdTf20/VMKlzVMQ==&u=U2FsdGVkX186K5uGtjB4oe7i3F0WeUlgUnD0Rp1DyA1yG3O27rc1ou+UvaUIF6BM&y=U2FsdGVkX18kgDrnoUzoJj+/776H74Wfh26YZw8dqhz8hNCXsE+WeglrIKCz6Vzn HTTP/1.1" 200 25
190.71.156.2 - - [21/Nov/2023:10:24:16 -0500] "POST /sipse/faces/presentacion/financiero/solicitudProceso/listarSolicitudProceso.xhtml HTTP/1.1" 200 56376
186.102.92.119 - - [21/Nov/2023:10:24:17 -0500] "GET /kwssiamovil/sm/acme/a?s=U2FsdGVkX19Qyk9MpzwZV+H08/VON8hVDI8BPuFAVgH1K5xfpLrvl78Xp/z3M8WwG3RWB+3rS4lELEOnM5H1h/cU1B784W2YKaZmftZ7pAA4ZGgERjlzZ2AMJTWLPIL6hJvk+MX2ru6BWMTBu4M7WQKp6xSwBJqj9T+R4xR5K5lPLve9+kh2/nMTnweNmk7tPxDTbgO5aP427sBSacKAoA==&u=U2FsdGVkX186K5uGtjB4oe7i3F0WeUlgUnD0Rp1DyA1yG3O27rc1ou+UvaUIF6BM&y=U2FsdGVkX18kgDrnoUzoJj+/776H74Wfh26YZw8dqhz8hNCXsE+WeglrIKCz6Vzn HTTP/1.1" 200 26
190.71.156.2 - - [21/Nov/2023:10:24:17 -0500] "POST /sipse/faces/presentacion/financiero/solicitudProceso/listarSolicitudProceso.xhtml HTTP/1.1" 200 56376
190.71.156.2 - - [21/Nov/2023:10:24:17 -0500] "POST /sipse/faces/presentacion/financiero/solicitudProceso/listarSolicitudProceso.xhtml HTTP/1.1" 200 56376
186.102.92.119 - - [21/Nov/2023:10:24:17 -0500] "GET /kwssiamovil/sm/acme/a?s=U2FsdGVkX19qEuh/YRa9Hm1yUVyqq6wygenKA0FS9aDpH26Moui/5hiB7zeHiGqZ2LsKoa1SnpJiJ6MF0edTK0EJphCVoKMyLrtY8ZEr0sX8NNx+8GTQTVxwQy4YBmm6JVLd719RQNPIDhJLhXtPYPeOn57UHyXpwsObceTkdqJMAr5FqeiZPezQLIU6+Vl+Bk4etKqPXFHACxzL3UYAPA==&u=U2FsdGVkX186K5uGtjB4oe7i3F0WeUlgUnD0Rp1DyA1yG3O27rc1ou+UvaUIF6BM&y=U2FsdGVkX18kgDrnoUzoJj+/776H74Wfh26YZw8dqhz8hNCXsE+WeglrIKCz6Vzn HTTP/1.1" 200 25
190.71.156.2 - - [21/Nov/2023:10:24:17 -0500] "POST /sipse/faces/presentacion/financiero/solicitudProceso/listarSolicitudProceso.xhtml HTTP/1.1" 200 56376
186.102.92.119 - - [21/Nov/2023:10:24:18 -0500] "GET /kwssiamovil/sm/acme/a?s=U2FsdGVkX1/tFKe04IrVGKMKfgX8/RoUC4sghoGBStkrnfHLhipN0hMz1Sn5pVMJLdAiZlqsL/BMZG6OlUoV2Uaifaql2uU3QScZHz2H411mQrcYYBzArvlxBWmBbMxvkrqni41LgU+XiBMDs9EYMAyEnHxEqn8EJJ2zRhE8w6rJhMh1SoAAw4av+eZSXWqgGrWMPiYbQ++DpT80/55u/Q==&u=U2FsdGVkX186K5uGtjB4oe7i3F0WeUlgUnD0Rp1DyA1yG3O27rc1ou+UvaUIF6BM&y=U2FsdGVkX18kgDrnoUzoJj+/776H74Wfh26YZw8dqhz8hNCXsE+WeglrIKCz6Vzn HTTP/1.1" 200 26
190.71.156.2 - - [21/Nov/2023:10:24:18 -0500] "POST /sipse/faces/presentacion/financiero/solicitudProceso/listarSolicitudProceso.xhtml HTTP/1.1" 200 56376
186.102.92.119 - - [21/Nov/2023:10:24:18 -0500] "GET /kwssiamovil/sm/acme/a?s=U2FsdGVkX1/x3FETxtv6nQPywMn6wBhTt79hBLPX2Xn42c/NTsIjdT5jILOcbsrz8SsaSeEpUNdkQ7evM6tl1iUSCB/fYA7UBO9zdaKm+yWKqYLHkEG4ydWpuWJOZh93AHlb0Otnj0Yi7nn7BWW2BmKstR/2rFX+NqR+I63SNkSKcanuIz07ZuFbjxJr6j1qcm1pqU0uzylBu6hiKX2JiQ==&u=U2FsdGVkX186K5uGtjB4oe7i3F0WeUlgUnD0Rp1DyA1yG3O27rc1ou+UvaUIF6BM&y=U2FsdGVkX18kgDrnoUzoJj+/776H74Wfh26YZw8dqhz8hNCXsE+WeglrIKCz6Vzn HTTP/1.1" 200 25
190.71.156.2 - - [21/Nov/2023:10:24:18 -0500] "POST /sipse/faces/presentacion/financiero/solicitudProceso/listarSolicitudProceso.xhtml HTTP/1.1" 200 56376
186.102.92.119 - - [21/Nov/2023:10:24:18 -0500] "GET /kwssiamovil/sm/acme/a?s=U2FsdGVkX1849WNKU7LGI2tjK4zxx3KlMSY1QCvF3OQobapbRQtn7Gt3EYXYA1sjezhDUudp3kqF0R4TcQ7dkzEPm4Ru01eDdD22eMQt5l921LzM7qcizKAc4wALKMwAC3EzGKjrVd4QjtH46hjqTDFa+ptYVg/BOn4HFmd6MBJIyEQdYhlC74fUccEgq9zy&u=U2FsdGVkX186K5uGtjB4oe7i3F0WeUlgUnD0Rp1DyA1yG3O27rc1ou+UvaUIF6BM&y=U2FsdGVkX18kgDrnoUzoJj+/776H74Wfh26YZw8dqhz8hNCXsE+WeglrIKCz6Vzn HTTP/1.1" 200 26
190.71.156.2 - - [21/Nov/2023:10:24:18 -0500] "POST /sipse/faces/presentacion/financiero/solicitudProceso/listarSolicitudProceso.xhtml HTTP/1.1" 200 56376
186.102.92.119 - - [21/Nov/2023:10:24:19 -0500] "GET /kwssiamovil/sm/acme/a?s=U2FsdGVkX197ca/OX/scO77/DozYY7Rd7CbjAX/6wFqVHcHOIj06QyS34dfkRGdPgVpkjHxhfIS9FNv+T7tg1y/JB7+JHlGUxtq39b6jiFEZTT9E4g7tuuUbl4gfLpe9zMI5ApD8TpOuCB2cBxaJViXi65nZNsPPTMrsxQjPEM5v4V1g+wIQT4WhJKU2RNpTdPC7jm5X7Cq6X59gXSJl4NcudcQQHPQ2NMwoZKuDFXw=&u=U2FsdGVkX186K5uGtjB4oe7i3F0WeUlgUnD0Rp1DyA1yG3O27rc1ou+UvaUIF6BM&y=U2FsdGVkX18kgDrnoUzoJj+/776H74Wfh26YZw8dqhz8hNCXsE+WeglrIKCz6Vzn HTTP/1.1" 200 25
190.71.156.2 - - [21/Nov/2023:10:24:19 -0500] "POST /sipse/faces/presentacion/financiero/solicitudProceso/listarSolicitudProceso.xhtml HTTP/1.1" 200 56376
190.71.156.2 - - [21/Nov/2023:10:24:19 -0500] "POST /sipse/faces/presentacion/financiero/solicitudProceso/listarSolicitudProceso.xhtml HTTP/1.1" 200 56376
186.102.92.119 - - [21/Nov/2023:10:24:19 -0500] "GET /kwssiamovil/sm/acme/a?s=U2FsdGVkX19zE4TcZTJsyN8GZxdvJOj+Q4qHpbOoW2oGzmf0D2pB4sb3jc+Oi0+azifM5tIFNIMhx21xAfmksO9R6VXPRjVNciOBDQxXh/eVED/OE+cGjfk025+xzbrq0p9aN10JRHykYOAFnhawh0hREFuVsKIQkmtJiGXCHuYU/yVix4hQOvypTtCg11m5wLQhHw5CI66sJgj83Q2u5g==&u=U2FsdGVkX186K5uGtjB4oe7i3F0WeUlgUnD0Rp1DyA1yG3O27rc1ou+UvaUIF6BM&y=U2FsdGVkX18kgDrnoUzoJj+/776H74Wfh26YZw8dqhz8hNCXsE+WeglrIKCz6Vzn HTTP/1.1" 200 26
190.71.156.2 - - [21/Nov/2023:10:24:19 -0500] "POST /sipse/faces/presentacion/financiero/solicitudProceso/listarSolicitudProceso.xhtml HTTP/1.1" 200 1556
190.71.156.2 - - [21/Nov/2023:10:24:19 -0500] "POST /sipse/faces/presentacion/financiero/solicitudProceso/listarSolicitudProceso.xhtml HTTP/1.1" 200 1556
186.102.92.119 - - [21/Nov/2023:10:24:19 -0500] "GET /kwssiamovil/sm/acme/a?s=U2FsdGVkX19Hq6B0MFlsZqWGiE45xiIjgGq6gufbcAUprefaQRYRSG9lXmLEgtNLT6WjMPqGFUYhglz834YS0H1IH8Dq+feCfGA5p5Z943GXKxe6eVGO9FtpPWiInsnKYWQMVF5XN683vMtnbfrromC8v9f9ubtPi5aCRXz6mOgMbfV2PM+JCR6mYyK2QAazoI/qqszqUBictu/wGgvoczqdavXPsKI9eT+/BN8ECUA=&u=U2FsdGVkX186K5uGtjB4oe7i3F0WeUlgUnD0Rp1DyA1yG3O27rc1ou+UvaUIF6BM&y=U2FsdGVkX18kgDrnoUzoJj+/776H74Wfh26YZw8dqhz8hNCXsE+WeglrIKCz6Vzn HTTP/1.1" 200 25
190.71.156.2 - - [21/Nov/2023:10:24:19 -0500] "POST /sipse/faces/presentacion/financiero/solicitudProceso/listarSolicitudProceso.xhtml HTTP/1.1" 200 1564
190.71.156.2 - - [21/Nov/2023:10:24:20 -0500] "POST /sipse/faces/presentacion/financiero/solicitudProceso/listarSolicitudProceso.xhtml HTTP/1.1" 200 1556
186.102.92.119 - - [21/Nov/2023:10:24:20 -0500] "GET /kwssiamovil/sm/acme/a?s=U2FsdGVkX1881EZT0eduvtRh1eVDCkSAKhY4rA/xZEnslsBYcxvmFYI7tEcCkOj/QhbxCWSrAJxVaOH7rPFcT9k44uWfsXtfFGVHSYLmoBr+NhZ35yNniU630oRvs/WYMDZT2FrrlOi0O91AT4vSIiI9XNGeZvQslwxde2bUZNVwr3ugYnACgwl6ccg+wJLRRC/Ks+QCbljDvvISAUy7kA==&u=U2FsdGVkX186K5uGtjB4oe7i3F0WeUlgUnD0Rp1DyA1yG3O27rc1ou+UvaUIF6BM&y=U2FsdGVkX18kgDrnoUzoJj+/776H74Wfh26YZw8dqhz8hNCXsE+WeglrIKCz6Vzn HTTP/1.1" 200 26
190.71.156.2 - - [21/Nov/2023:10:24:20 -0500] "POST /sipse/faces/presentacion/financiero/solicitudProceso/listarSolicitudProceso.xhtml HTTP/1.1" 200 1560
190.71.156.2 - - [21/Nov/2023:10:24:20 -0500] "POST /sipse/faces/presentacion/financiero/solicitudProceso/listarSolicitudProceso.xhtml HTTP/1.1" 200 1556
190.71.156.2 - - [21/Nov/2023:10:24:20 -0500] "POST /sipse/faces/presentacion/financiero/solicitudProceso/listarSolicitudProceso.xhtml HTTP/1.1" 200 1560
190.71.156.2 - - [21/Nov/2023:10:24:20 -0500] "POST /sipse/faces/presentacion/financiero/solicitudProceso/listarSolicitudProceso.xhtml HTTP/1.1" 200 1556
190.71.156.2 - - [21/Nov/2023:10:24:20 -0500] "POST /sipse/faces/presentacion/financiero/solicitudProceso/listarSolicitudProceso.xhtml HTTP/1.1" 200 1560
190.71.156.2 - - [21/Nov/2023:10:24:21 -0500] "POST /sipse/faces/presentacion/financiero/solicitudProceso/listarSolicitudProceso.xhtml HTTP/1.1" 200 1556
201.245.192.253 - - [21/Nov/2023:10:24:20 -0500] "POST /sipse/faces/presentacion/financiero/solicitudProceso/listarSolicitudProceso.xhtml HTTP/1.1" 200 116692
190.71.156.2 - - [21/Nov/2023:10:24:21 -0500] "POST /sipse/faces/presentacion/financiero/solicitudProceso/listarSolicitudProceso.xhtml HTTP/1.1" 200 1560
201.245.192.253 - - [21/Nov/2023:10:24:21 -0500] "GET /sipse/faces/javax.faces.resource/jquery/jquery.js?ln=primefaces&v=4.0 HTTP/1.1" 304 -
201.245.192.253 - - [21/Nov/2023:10:24:21 -0500] "GET /sipse/faces/javax.faces.resource/jquery/jquery-plugins.js?ln=primefaces&v=4.0 HTTP/1.1" 304 -
201.245.192.253 - - [21/Nov/2023:10:24:21 -0500] "GET /sipse/faces/javax.faces.resource/primefaces.js?ln=primefaces&v=4.0 HTTP/1.1" 304 -
201.245.192.253 - - [21/Nov/2023:10:24:21 -0500] "GET /sipse/faces/javax.faces.resource/layout/layout.js?ln=primefaces&v=4.0 HTTP/1.1" 304 -
201.245.192.253 - - [21/Nov/2023:10:24:21 -0500] "GET /sipse/faces/javax.faces.resource/dynamiccontent.properties?ln=primefaces&pfdrid=XjOR5%2F%2FfPAZAuY9TpWQeCiM0BhlXxYRBGKi%2FQcXXfeA%3D&pfdrid_c=false HTTP/1.1" 500 383
190.71.156.2 - - [21/Nov/2023:10:24:31 -0500] "POST /sipse/faces/presentacion/financiero/solicitudProceso/listarSolicitudProceso.xhtml HTTP/1.1" 200 22901
190.71.156.2 - - [21/Nov/2023:10:24:34 -0500] "POST /sipse/faces/presentacion/financiero/solicitudProceso/listarSolicitudProceso.xhtml HTTP/1.1" 200 108961
190.71.156.2 - - [21/Nov/2023:10:24:35 -0500] "GET /sipse/faces/javax.faces.resource/jquery/jquery.js?ln=primefaces&v=4.0 HTTP/1.1" 304 -
190.71.156.2 - - [21/Nov/2023:10:24:35 -0500] "GET /sipse/faces/javax.faces.resource/jquery/jquery-plugins.js?ln=primefaces&v=4.0 HTTP/1.1" 304 -
190.71.156.2 - - [21/Nov/2023:10:24:35 -0500] "GET /sipse/faces/javax.faces.resource/primefaces.js?ln=primefaces&v=4.0 HTTP/1.1" 304 -
190.71.156.2 - - [21/Nov/2023:10:24:35 -0500] "GET /sipse/faces/javax.faces.resource/layout/layout.js?ln=primefaces&v=4.0 HTTP/1.1" 304 -
190.71.156.2 - - [21/Nov/2023:10:24:35 -0500] "GET /sipse/faces/javax.faces.resource/dynamiccontent.properties?ln=primefaces&pfdrid=XjOR5%2F%2FfPAZAuY9TpWQeCiM0BhlXxYRBGKi%2FQcXXfeA%3D&pfdrid_c=false HTTP/1.1" 500 383
201.245.192.253 - - [21/Nov/2023:10:24:39 -0500] "POST /BLA/boletinlegal/admin/actos/ingresar.php HTTP/1.1" 200 7302
201.245.192.253 - - [21/Nov/2023:10:24:41 -0500] "POST /forms/lservlet;jsessionid=ac16012b30d65dbf9e9ec0474c4a96cda918a1053f5b.e3iSbxaKaheRe3eRa38MahaQbi1ynknvrkLOlQzNp65In0 HTTP/1.1" 200 2
201.245.192.253 - - [21/Nov/2023:10:24:42 -0500] "POST /sipse/faces/presentacion/financiero/solicitudProceso/consultarSolicitudProceso.xhtml HTTP/1.1" 200 149400
201.245.192.253 - - [21/Nov/2023:10:24:43 -0500] "GET /sipse/faces/faces/autenticacion.xhtml HTTP/1.1" 200 12406
201.245.192.253 - - [21/Nov/2023:10:24:44 -0500] "GET /sipse/js/disable_browser_buttons.js HTTP/1.1" 304 -
201.245.192.253 - - [21/Nov/2023:10:24:44 -0500] "GET /sipse/js/funciones.js HTTP/1.1" 304 -
201.245.192.253 - - [21/Nov/2023:10:24:44 -0500] "GET /sipse/css/custom_css_sg.css HTTP/1.1" 200 9694
201.245.192.253 - - [21/Nov/2023:10:24:44 -0500] "GET /sipse/css/custom_css_sg_prime_login.css HTTP/1.1" 200 443
201.245.192.253 - - [21/Nov/2023:10:24:44 -0500] "GET /sipse/faces/javax.faces.resource/layout/layout.css?ln=primefaces&v=4.0 HTTP/1.1" 304 -
201.245.192.253 - - [21/Nov/2023:10:24:44 -0500] "GET /sipse/faces/javax.faces.resource/jquery/jquery.js?ln=primefaces&v=4.0 HTTP/1.1" 304 -
201.245.192.253 - - [21/Nov/2023:10:24:44 -0500] "GET /sipse/faces/javax.faces.resource/jquery/jquery-plugins.js?ln=primefaces&v=4.0 HTTP/1.1" 304 -
201.245.192.253 - - [21/Nov/2023:10:24:44 -0500] "GET /sipse/faces/javax.faces.resource/primefaces.js?ln=primefaces&v=4.0 HTTP/1.1" 304 -
201.245.192.253 - - [21/Nov/2023:10:24:44 -0500] "GET /sipse/faces/javax.faces.resource/layout/layout.js?ln=primefaces&v=4.0 HTTP/1.1" 304 -
201.245.192.253 - - [21/Nov/2023:10:24:44 -0500] "GET /sipse/faces/javax.faces.resource/theme.css?ln=primefaces-sipse HTTP/1.1" 200 50058
201.245.192.253 - - [21/Nov/2023:10:24:44 -0500] "GET /sipse/faces/javax.faces.resource/primefaces.css?ln=primefaces&v=4.0 HTTP/1.1" 200 53295
201.245.192.253 - - [21/Nov/2023:10:24:44 -0500] "GET /sipse/css/imagen/loginimg.png HTTP/1.1" 304 -
201.245.192.253 - - [21/Nov/2023:10:24:44 -0500] "GET /sipse/css/imagen/logoSDG.png HTTP/1.1" 200 53064
201.245.192.253 - - [21/Nov/2023:10:24:44 -0500] "GET /sipse/faces/javax.faces.resource/images/ui-icons_898989_256x240.png?ln=primefaces-aristo HTTP/1.1" 304 -
201.245.192.253 - - [21/Nov/2023:10:24:44 -0500] "GET /sipse/faces/faces/index.xhtml HTTP/1.1" 200 677
201.245.192.253 - - [21/Nov/2023:10:24:44 -0500] "GET /sipse/faces/javax.faces.resource/theme.css?ln=primefaces-sipse HTTP/1.1" 304 -
201.245.192.253 - - [21/Nov/2023:10:24:44 -0500] "GET /sipse/faces/faces/faces/autenticacion.xhtml HTTP/1.1" 200 12406
201.245.192.253 - - [21/Nov/2023:10:24:44 -0500] "GET /sipse/faces/javax.faces.resource/theme.css?ln=primefaces-sipse HTTP/1.1" 304 -
201.245.192.253 - - [21/Nov/2023:10:24:44 -0500] "GET /sipse/faces/javax.faces.resource/primefaces.css?ln=primefaces&v=4.0 HTTP/1.1" 304 -
201.245.192.253 - - [21/Nov/2023:10:24:44 -0500] "GET /sipse/faces/javax.faces.resource/layout/layout.css?ln=primefaces&v=4.0 HTTP/1.1" 304 -
201.245.192.253 - - [21/Nov/2023:10:24:44 -0500] "GET /sipse/faces/javax.faces.resource/jquery/jquery.js?ln=primefaces&v=4.0 HTTP/1.1" 304 -
201.245.192.253 - - [21/Nov/2023:10:24:44 -0500] "GET /sipse/faces/javax.faces.resource/jquery/jquery-plugins.js?ln=primefaces&v=4.0 HTTP/1.1" 304 -
201.245.192.253 - - [21/Nov/2023:10:24:44 -0500] "GET /sipse/faces/javax.faces.resource/primefaces.js?ln=primefaces&v=4.0 HTTP/1.1" 304 -
201.245.192.253 - - [21/Nov/2023:10:24:44 -0500] "GET /sipse/faces/javax.faces.resource/layout/layout.js?ln=primefaces&v=4.0 HTTP/1.1" 304 -
201.245.192.253 - - [21/Nov/2023:10:24:44 -0500] "GET /sipse/faces/javax.faces.resource/images/ui-icons_898989_256x240.png?ln=primefaces-aristo HTTP/1.1" 304 -
201.245.192.253 - - [21/Nov/2023:10:24:48 -0500] "POST /sipse/faces/autenticacion.xhtml HTTP/1.1" 200 16784
201.245.192.253 - - [21/Nov/2023:10:24:48 -0500] "GET /sipse/css/custom_css_sg_prime.css HTTP/1.1" 200 5201
201.245.192.253 - - [21/Nov/2023:10:24:48 -0500] "GET /sipse/js/jquery.min.js HTTP/1.1" 304 -
201.245.192.253 - - [21/Nov/2023:10:24:48 -0500] "GET /sipse/faces/javax.faces.resource/jquery/jquery.js?ln=primefaces&v=4.0 HTTP/1.1" 304 -
201.245.192.253 - - [21/Nov/2023:10:24:48 -0500] "GET /sipse/faces/javax.faces.resource/jquery/jquery-plugins.js?ln=primefaces&v=4.0 HTTP/1.1" 304 -
201.245.192.253 - - [21/Nov/2023:10:24:48 -0500] "GET /sipse/faces/javax.faces.resource/primefaces.js?ln=primefaces&v=4.0 HTTP/1.1" 304 -
201.245.192.253 - - [21/Nov/2023:10:24:48 -0500] "GET /sipse/faces/javax.faces.resource/layout/layout.js?ln=primefaces&v=4.0 HTTP/1.1" 304 -
201.245.192.253 - - [21/Nov/2023:10:24:48 -0500] "GET /sipse/imagenes/cargando.gif HTTP/1.1" 200 36959
201.245.192.253 - - [21/Nov/2023:10:24:48 -0500] "GET /sipse/css/v_mergente.css HTTP/1.1" 304 -
201.245.192.253 - - [21/Nov/2023:10:24:48 -0500] "GET /sipse/css/imagen/contrasena.png HTTP/1.1" 404 383
201.245.192.253 - - [21/Nov/2023:10:24:48 -0500] "GET /sipse/imagenes/logoAplicacion.jpg HTTP/1.1" 200 155084
201.245.192.253 - - [21/Nov/2023:10:24:48 -0500] "GET /sipse/faces/javax.faces.resource/messages/messages.png?ln=primefaces&v=4.0 HTTP/1.1" 200 27209
201.245.192.253 - - [21/Nov/2023:10:24:50 -0500] "GET /sipse/faces/javax.faces.resource/images/ui-bg_flat_0_2d5972_40x100.png?ln=primefaces-aristo HTTP/1.1" 200 183
201.245.192.253 - - [21/Nov/2023:10:24:50 -0500] "POST /sipse/faces/bienvenido.xhtml HTTP/1.1" 200 1471
201.245.192.253 - - [21/Nov/2023:10:24:50 -0500] "POST /sipse/faces/bienvenido.xhtml HTTP/1.1" 200 56004
201.245.192.253 - - [21/Nov/2023:10:24:51 -0500] "GET /sipse/faces/javax.faces.resource/jquery/jquery.js?ln=primefaces&v=4.0 HTTP/1.1" 304 -
201.245.192.253 - - [21/Nov/2023:10:24:51 -0500] "GET /sipse/faces/javax.faces.resource/jquery/jquery-plugins.js?ln=primefaces&v=4.0 HTTP/1.1" 304 -
201.245.192.253 - - [21/Nov/2023:10:24:51 -0500] "GET /sipse/faces/javax.faces.resource/primefaces.js?ln=primefaces&v=4.0 HTTP/1.1" 304 -
201.245.192.253 - - [21/Nov/2023:10:24:51 -0500] "GET /sipse/faces/javax.faces.resource/layout/layout.js?ln=primefaces&v=4.0 HTTP/1.1" 304 -
201.245.192.253 - - [21/Nov/2023:10:24:51 -0500] "POST /sipse/faces/presentacion/financiero/solicitudProceso/listarSolicitudProceso.xhtml HTTP/1.1" 200 1540
201.245.192.253 - - [21/Nov/2023:10:24:52 -0500] "POST /forms/lservlet;jsessionid=ac16012b30d62c24e9f35fc549ff9df4f4c430495967.e3iSbxaKaheRe3eRa38MahaQbi1ynknvrkLOlQzNp65In0 HTTP/1.1" 200 2
190.71.156.2 - - [21/Nov/2023:10:24:59 -0500] "POST /sipse/faces/presentacion/financiero/solicitudProceso/consultarSolicitudProceso.xhtml HTTP/1.1" 200 62996
190.71.156.2 - - [21/Nov/2023:10:24:59 -0500] "GET /sipse/faces/javax.faces.resource/jquery/jquery.js?ln=primefaces&v=4.0 HTTP/1.1" 304 -
190.71.156.2 - - [21/Nov/2023:10:24:59 -0500] "GET /sipse/faces/javax.faces.resource/jquery/jquery-plugins.js?ln=primefaces&v=4.0 HTTP/1.1" 304 -
190.71.156.2 - - [21/Nov/2023:10:24:59 -0500] "GET /sipse/faces/javax.faces.resource/primefaces.js?ln=primefaces&v=4.0 HTTP/1.1" 304 -
190.71.156.2 - - [21/Nov/2023:10:24:59 -0500] "GET /sipse/faces/javax.faces.resource/layout/layout.js?ln=primefaces&v=4.0 HTTP/1.1" 304 -
190.71.156.2 - - [21/Nov/2023:10:24:59 -0500] "POST /sipse/faces/presentacion/financiero/solicitudProceso/listarSolicitudProceso.xhtml HTTP/1.1" 200 56376
190.71.156.2 - - [21/Nov/2023:10:24:59 -0500] "POST /sipse/faces/presentacion/financiero/solicitudProceso/listarSolicitudProceso.xhtml HTTP/1.1" 200 56376
190.71.156.2 - - [21/Nov/2023:10:25:00 -0500] "POST /sipse/faces/presentacion/financiero/solicitudProceso/listarSolicitudProceso.xhtml HTTP/1.1" 200 56376
190.71.156.2 - - [21/Nov/2023:10:25:00 -0500] "POST /sipse/faces/presentacion/financiero/solicitudProceso/listarSolicitudProceso.xhtml HTTP/1.1" 200 56376
190.71.156.2 - - [21/Nov/2023:10:25:02 -0500] "POST /sipse/faces/presentacion/financiero/solicitudProceso/listarSolicitudProceso.xhtml HTTP/1.1" 200 56376
190.71.156.2 - - [21/Nov/2023:10:25:02 -0500] "POST /sipse/faces/presentacion/financiero/solicitudProceso/listarSolicitudProceso.xhtml HTTP/1.1" 200 56376
190.71.156.2 - - [21/Nov/2023:10:25:02 -0500] "POST /sipse/faces/presentacion/financiero/solicitudProceso/listarSolicitudProceso.xhtml HTTP/1.1" 200 56376
