201.245.192.253 - - [21/Nov/2023:04:16:57 -0500] "POST /kwsrmcab/Wsrmcab HTTP/1.1" 200 41351
172.22.2.4 - - [21/Nov/2023:04:17:50 -0500] "GET /BLA/boletinlegal/magmi/web/magmi.php?configstep=2&profile=%3C%2Fscript%3E%3Cscript%3Ealert%28document.domain%29%3C%2Fscript%3E HTTP/1.1" 404 1038
172.22.2.4 - - [21/Nov/2023:04:16:11 -0500] "HEAD /BLA/boletinlegal/ HTTP/1.1" 200 -
52.167.144.18 - - [21/Nov/2023:04:17:54 -0500] "GET /Publicaciones/2023EE230853.pdf HTTP/1.1" 404 228
52.167.144.18 - - [21/Nov/2023:04:17:54 -0500] "GET /BLA/resoluciones/RESOLUCIONES%202022/0577.pdf HTTP/1.1" 200 371263
201.245.192.253 - - [21/Nov/2023:04:17:56 -0500] "POST /kwsrmcab/Wsrmcab  HTTP/1.1" 200 40861
52.167.144.230 - - [21/Nov/2023:04:17:58 -0500] "GET /BLA/resoluciones/RESOLUCIONES%202022/4766.pdf HTTP/1.1" 200 370078
40.77.167.35 - - [21/Nov/2023:04:18:03 -0500] "GET /BLA/resoluciones/RESOLUCIONES%202022/4720.pdf HTTP/1.1" 200 490301
199.16.157.180 - - [21/Nov/2023:04:18:13 -0500] "GET /images/cr%C3%B3nica-29-nov-1_optimized.jpeg HTTP/1.1" 404 1034
201.245.192.253 - - [21/Nov/2023:04:18:25 -0500] "POST /forms/lservlet;jsessionid=ac16012b30d65dbf9e9ec0474c4a96cda918a1053f5b.e3iSbxaKaheRe3eRa38MahaQbi1ynknvrkLOlQzNp65In0 HTTP/1.1" 200 2
52.167.144.18 - - [21/Nov/2023:04:18:33 -0500] "GET /BLA/resoluciones/RESOLUCIONES%202022/3861.pdf HTTP/1.1" 200 575917
172.22.2.4 - - [21/Nov/2023:04:17:02 -0500] "GET /BLA/boletinlegal/ HTTP/1.1" 200 59007
201.245.192.253 - - [21/Nov/2023:04:18:51 -0500] "POST /forms/lservlet;jsessionid=ac16012b30d62c24e9f35fc549ff9df4f4c430495967.e3iSbxaKaheRe3eRa38MahaQbi1ynknvrkLOlQzNp65In0 HTTP/1.1" 200 2
201.245.192.253 - - [21/Nov/2023:04:20:25 -0500] "POST /forms/lservlet;jsessionid=ac16012b30d65dbf9e9ec0474c4a96cda918a1053f5b.e3iSbxaKaheRe3eRa38MahaQbi1ynknvrkLOlQzNp65In0 HTTP/1.1" 200 2
201.245.192.253 - - [21/Nov/2023:04:20:23 -0500] "POST /kwsrmcab/Wsrmcab HTTP/1.1" 200 40397
201.245.192.253 - - [21/Nov/2023:04:20:26 -0500] "POST /kwsrmcab/Wsrmcab HTTP/1.1" 200 41351
201.245.192.253 - - [21/Nov/2023:04:20:51 -0500] "POST /forms/lservlet;jsessionid=ac16012b30d62c24e9f35fc549ff9df4f4c430495967.e3iSbxaKaheRe3eRa38MahaQbi1ynknvrkLOlQzNp65In0 HTTP/1.1" 200 2
216.245.221.92 - - [21/Nov/2023:04:21:53 -0500] "HEAD / HTTP/1.1" 200 -
201.245.192.253 - - [21/Nov/2023:04:22:25 -0500] "POST /forms/lservlet;jsessionid=ac16012b30d65dbf9e9ec0474c4a96cda918a1053f5b.e3iSbxaKaheRe3eRa38MahaQbi1ynknvrkLOlQzNp65In0 HTTP/1.1" 200 2
201.245.192.253 - - [21/Nov/2023:04:22:51 -0500] "POST /forms/lservlet;jsessionid=ac16012b30d62c24e9f35fc549ff9df4f4c430495967.e3iSbxaKaheRe3eRa38MahaQbi1ynknvrkLOlQzNp65In0 HTTP/1.1" 200 2
201.245.192.253 - - [21/Nov/2023:04:22:55 -0500] "POST /kwsrmcab/Wsrmcab  HTTP/1.1" 200 40861
172.22.2.4 - - [21/Nov/2023:04:22:01 -0500] "HEAD /BLA/boletinlegal/ HTTP/1.1" 200 -
201.245.192.253 - - [21/Nov/2023:04:24:25 -0500] "POST /forms/lservlet;jsessionid=ac16012b30d65dbf9e9ec0474c4a96cda918a1053f5b.e3iSbxaKaheRe3eRa38MahaQbi1ynknvrkLOlQzNp65In0 HTTP/1.1" 200 2
172.22.2.4 - - [21/Nov/2023:04:22:52 -0500] "GET /BLA/boletinlegal/ HTTP/1.1" 200 58644
201.245.192.253 - - [21/Nov/2023:04:24:51 -0500] "POST /forms/lservlet;jsessionid=ac16012b30d62c24e9f35fc549ff9df4f4c430495967.e3iSbxaKaheRe3eRa38MahaQbi1ynknvrkLOlQzNp65In0 HTTP/1.1" 200 2
66.249.66.19 - - [21/Nov/2023:04:25:57 -0500] "GET /BLA/resoluciones/Notificaciones/RESOLUCIONES%202022/4020.pdf HTTP/1.1" 200 380817
201.245.192.253 - - [21/Nov/2023:04:26:25 -0500] "POST /forms/lservlet;jsessionid=ac16012b30d65dbf9e9ec0474c4a96cda918a1053f5b.e3iSbxaKaheRe3eRa38MahaQbi1ynknvrkLOlQzNp65In0 HTTP/1.1" 200 2
66.249.66.20 - - [21/Nov/2023:04:26:26 -0500] "GET /BLA/resoluciones/RESOLUCIONES%202009/0241.pdf HTTP/1.1" 200 569465
201.245.192.253 - - [21/Nov/2023:04:26:51 -0500] "POST /forms/lservlet;jsessionid=ac16012b30d62c24e9f35fc549ff9df4f4c430495967.e3iSbxaKaheRe3eRa38MahaQbi1ynknvrkLOlQzNp65In0 HTTP/1.1" 200 2
216.245.221.92 - - [21/Nov/2023:04:26:53 -0500] "HEAD / HTTP/1.1" 200 -
201.245.192.253 - - [21/Nov/2023:04:26:54 -0500] "POST /kwsrmcab/Wsrmcab HTTP/1.1" 200 40397
201.245.192.253 - - [21/Nov/2023:04:26:57 -0500] "POST /kwsrmcab/Wsrmcab HTTP/1.1" 200 41351
186.155.19.136 - - [21/Nov/2023:04:27:16 -0500] "GET /BLA/resoluciones/AUTOS%202014/4512.pdf HTTP/1.1" 200 526000
31.13.127.117 - - [21/Nov/2023:04:27:35 -0500] "GET /images/tigrillo.jpeg HTTP/1.1" 200 64088
201.245.192.253 - - [21/Nov/2023:04:27:54 -0500] "POST /kwsrmcab/Wsrmcab  HTTP/1.1" 200 40861
201.245.192.253 - - [21/Nov/2023:04:28:25 -0500] "POST /forms/lservlet;jsessionid=ac16012b30d65dbf9e9ec0474c4a96cda918a1053f5b.e3iSbxaKaheRe3eRa38MahaQbi1ynknvrkLOlQzNp65In0 HTTP/1.1" 200 2
201.245.192.253 - - [21/Nov/2023:04:28:51 -0500] "POST /forms/lservlet;jsessionid=ac16012b30d62c24e9f35fc549ff9df4f4c430495967.e3iSbxaKaheRe3eRa38MahaQbi1ynknvrkLOlQzNp65In0 HTTP/1.1" 200 2
66.249.66.20 - - [21/Nov/2023:04:29:01 -0500] "GET /BLA/resoluciones/Notificaciones/RESOLUCIONES%202022/4099.pdf HTTP/1.1" 200 491872
172.22.2.4 - - [21/Nov/2023:04:27:51 -0500] "HEAD /BLA/boletinlegal/ HTTP/1.1" 200 -
172.22.2.4 - - [21/Nov/2023:04:28:42 -0500] "GET /BLA/boletinlegal/ HTTP/1.1" 200 58644
201.245.192.253 - - [21/Nov/2023:04:30:25 -0500] "POST /forms/lservlet;jsessionid=ac16012b30d65dbf9e9ec0474c4a96cda918a1053f5b.e3iSbxaKaheRe3eRa38MahaQbi1ynknvrkLOlQzNp65In0 HTTP/1.1" 200 2
201.245.192.253 - - [21/Nov/2023:04:30:23 -0500] "POST /kwsrmcab/Wsrmcab HTTP/1.1" 200 40397
201.245.192.253 - - [21/Nov/2023:04:30:26 -0500] "POST /kwsrmcab/Wsrmcab HTTP/1.1" 200 41351
201.245.192.253 - - [21/Nov/2023:04:30:51 -0500] "POST /forms/lservlet;jsessionid=ac16012b30d62c24e9f35fc549ff9df4f4c430495967.e3iSbxaKaheRe3eRa38MahaQbi1ynknvrkLOlQzNp65In0 HTTP/1.1" 200 2
66.249.66.19 - - [21/Nov/2023:04:31:42 -0500] "GET /BLA/resoluciones/RESOLUCIONES%202009/6090.pdf HTTP/1.1" 200 535691
216.245.221.92 - - [21/Nov/2023:04:31:53 -0500] "HEAD / HTTP/1.1" 200 -
201.245.192.253 - - [21/Nov/2023:04:32:25 -0500] "POST /forms/lservlet;jsessionid=ac16012b30d65dbf9e9ec0474c4a96cda918a1053f5b.e3iSbxaKaheRe3eRa38MahaQbi1ynknvrkLOlQzNp65In0 HTTP/1.1" 200 2
66.249.66.20 - - [21/Nov/2023:04:32:29 -0500] "GET /resoluciones/RESOLUCIONES%202007/RES%202007%201801%20AL%201900/RESOLUCION%201848%20DE%202007.pdf HTTP/1.1" 404 1018
201.245.192.253 - - [21/Nov/2023:04:32:51 -0500] "POST /forms/lservlet;jsessionid=ac16012b30d62c24e9f35fc549ff9df4f4c430495967.e3iSbxaKaheRe3eRa38MahaQbi1ynknvrkLOlQzNp65In0 HTTP/1.1" 200 2
201.245.192.253 - - [21/Nov/2023:04:32:53 -0500] "POST /kwsrmcab/Wsrmcab  HTTP/1.1" 200 40861
66.249.66.20 - - [21/Nov/2023:04:34:16 -0500] "GET /BLA/resoluciones/RESOLUCIONES%202008/0398.pdf HTTP/1.1" 200 266847
201.245.192.253 - - [21/Nov/2023:04:34:25 -0500] "POST /forms/lservlet;jsessionid=ac16012b30d65dbf9e9ec0474c4a96cda918a1053f5b.e3iSbxaKaheRe3eRa38MahaQbi1ynknvrkLOlQzNp65In0 HTTP/1.1" 200 2
201.245.192.253 - - [21/Nov/2023:04:34:51 -0500] "POST /forms/lservlet;jsessionid=ac16012b30d62c24e9f35fc549ff9df4f4c430495967.e3iSbxaKaheRe3eRa38MahaQbi1ynknvrkLOlQzNp65In0 HTTP/1.1" 200 2
172.22.2.4 - - [21/Nov/2023:04:33:41 -0500] "HEAD /BLA/boletinlegal/ HTTP/1.1" 200 -
172.22.2.4 - - [21/Nov/2023:04:34:32 -0500] "GET /BLA/boletinlegal/ HTTP/1.1" 200 58644
66.249.66.21 - - [21/Nov/2023:04:36:19 -0500] "GET /resoluciones/RESOLUCIONES%202009/1148.pdf HTTP/1.1" 404 1018
201.245.192.253 - - [21/Nov/2023:04:36:25 -0500] "POST /forms/lservlet;jsessionid=ac16012b30d65dbf9e9ec0474c4a96cda918a1053f5b.e3iSbxaKaheRe3eRa38MahaQbi1ynknvrkLOlQzNp65In0 HTTP/1.1" 200 2
201.245.192.253 - - [21/Nov/2023:04:36:51 -0500] "POST /forms/lservlet;jsessionid=ac16012b30d62c24e9f35fc549ff9df4f4c430495967.e3iSbxaKaheRe3eRa38MahaQbi1ynknvrkLOlQzNp65In0 HTTP/1.1" 200 2
216.245.221.92 - - [21/Nov/2023:04:36:53 -0500] "HEAD / HTTP/1.1" 200 -
201.245.192.253 - - [21/Nov/2023:04:36:54 -0500] "POST /kwsrmcab/Wsrmcab HTTP/1.1" 200 40397
201.245.192.253 - - [21/Nov/2023:04:36:57 -0500] "POST /kwsrmcab/Wsrmcab HTTP/1.1" 200 41351
201.245.192.253 - - [21/Nov/2023:04:37:52 -0500] "POST /kwsrmcab/Wsrmcab  HTTP/1.1" 200 40861
201.245.192.253 - - [21/Nov/2023:04:38:25 -0500] "POST /forms/lservlet;jsessionid=ac16012b30d65dbf9e9ec0474c4a96cda918a1053f5b.e3iSbxaKaheRe3eRa38MahaQbi1ynknvrkLOlQzNp65In0 HTTP/1.1" 200 2
201.245.192.253 - - [21/Nov/2023:04:38:51 -0500] "POST /forms/lservlet;jsessionid=ac16012b30d62c24e9f35fc549ff9df4f4c430495967.e3iSbxaKaheRe3eRa38MahaQbi1ynknvrkLOlQzNp65In0 HTTP/1.1" 200 2
173.252.107.112 - - [21/Nov/2023:04:39:12 -0500] "GET /consulta-y-conoce-los-proyectos-de-resolucion-de-para-los-planes-de-manejo-ambiental-de-cinco-humedales-en-bogota.html HTTP/1.1" 200 971
201.245.192.253 - - [21/Nov/2023:04:40:25 -0500] "POST /forms/lservlet;jsessionid=ac16012b30d65dbf9e9ec0474c4a96cda918a1053f5b.e3iSbxaKaheRe3eRa38MahaQbi1ynknvrkLOlQzNp65In0 HTTP/1.1" 200 2
201.245.192.253 - - [21/Nov/2023:04:40:23 -0500] "POST /kwsrmcab/Wsrmcab HTTP/1.1" 200 40397
201.245.192.253 - - [21/Nov/2023:04:40:27 -0500] "POST /kwsrmcab/Wsrmcab HTTP/1.1" 200 41351
201.245.192.253 - - [21/Nov/2023:04:40:51 -0500] "POST /forms/lservlet;jsessionid=ac16012b30d62c24e9f35fc549ff9df4f4c430495967.e3iSbxaKaheRe3eRa38MahaQbi1ynknvrkLOlQzNp65In0 HTTP/1.1" 200 2
172.22.2.4 - - [21/Nov/2023:04:39:31 -0500] "HEAD /BLA/boletinlegal/ HTTP/1.1" 200 -
172.22.2.4 - - [21/Nov/2023:04:41:03 -0500] "GET /BLA/boletinlegal/ HTTP/1.1" 200 20427
186.155.19.136 - - [21/Nov/2023:04:41:36 -0500] "GET /BLA/resoluciones/AUTOS%202014/4729.pdf HTTP/1.1" 200 565036
216.245.221.92 - - [21/Nov/2023:04:41:53 -0500] "HEAD / HTTP/1.1" 200 -
172.22.2.4 - - [21/Nov/2023:04:40:22 -0500] "GET /BLA/boletinlegal/ HTTP/1.1" 200 58644
66.249.66.192 - - [21/Nov/2023:04:42:18 -0500] "GET /semana-bogota-reverdece-135-nuevos-arboles-para-el-humedal-la-conejera.html HTTP/1.1" 304 -
201.245.192.253 - - [21/Nov/2023:04:42:25 -0500] "POST /forms/lservlet;jsessionid=ac16012b30d65dbf9e9ec0474c4a96cda918a1053f5b.e3iSbxaKaheRe3eRa38MahaQbi1ynknvrkLOlQzNp65In0 HTTP/1.1" 200 2
201.245.192.253 - - [21/Nov/2023:04:42:51 -0500] "POST /forms/lservlet;jsessionid=ac16012b30d62c24e9f35fc549ff9df4f4c430495967.e3iSbxaKaheRe3eRa38MahaQbi1ynknvrkLOlQzNp65In0 HTTP/1.1" 200 2
201.245.192.253 - - [21/Nov/2023:04:42:51 -0500] "POST /kwsrmcab/Wsrmcab  HTTP/1.1" 200 40861
201.245.192.253 - - [21/Nov/2023:04:44:25 -0500] "POST /forms/lservlet;jsessionid=ac16012b30d65dbf9e9ec0474c4a96cda918a1053f5b.e3iSbxaKaheRe3eRa38MahaQbi1ynknvrkLOlQzNp65In0 HTTP/1.1" 200 2
5.62.57.25 - - [21/Nov/2023:04:44:32 -0500] "GET / HTTP/1.1" 200 319
201.245.192.253 - - [21/Nov/2023:04:44:51 -0500] "POST /forms/lservlet;jsessionid=ac16012b30d62c24e9f35fc549ff9df4f4c430495967.e3iSbxaKaheRe3eRa38MahaQbi1ynknvrkLOlQzNp65In0 HTTP/1.1" 200 2
66.249.66.20 - - [21/Nov/2023:04:46:02 -0500] "GET /BLA/resoluciones/Notificaciones/RESOLUCIONES%202022/2833.pdf HTTP/1.1" 200 416011
201.245.192.253 - - [21/Nov/2023:04:46:25 -0500] "POST /forms/lservlet;jsessionid=ac16012b30d65dbf9e9ec0474c4a96cda918a1053f5b.e3iSbxaKaheRe3eRa38MahaQbi1ynknvrkLOlQzNp65In0 HTTP/1.1" 200 2
201.245.192.253 - - [21/Nov/2023:04:46:51 -0500] "POST /forms/lservlet;jsessionid=ac16012b30d62c24e9f35fc549ff9df4f4c430495967.e3iSbxaKaheRe3eRa38MahaQbi1ynknvrkLOlQzNp65In0 HTTP/1.1" 200 2
216.245.221.92 - - [21/Nov/2023:04:46:53 -0500] "HEAD / HTTP/1.1" 200 -
172.22.2.4 - - [21/Nov/2023:04:45:21 -0500] "HEAD /BLA/boletinlegal/ HTTP/1.1" 200 -
69.30.231.226 - - [21/Nov/2023:04:47:26 -0500] "POST /weaver/org.apache.xmlrpc.webserver.XmlRpcServlet HTTP/1.1" 404 1049
172.22.2.4 - - [21/Nov/2023:04:47:35 -0500] "GET /BLA/boletinlegal/webmail/old/calendar/minimizer/index.php?script=...%2f.%2f...%2f.%2f...%2f.%2f...%2f.%2f...%2f.%2f...%2f.%2f...%2f.%2f...%2f.%2f...%2f.%2f...%2f.%2fetc%2fpasswd HTTP/1.1" 404 1038
172.22.2.4 - - [21/Nov/2023:04:47:37 -0500] "GET /BLA/boletinlegal/webmail/old/calendar/minimizer/index.php?style=...%2f.%2f...%2f.%2f...%2f.%2f...%2f.%2f...%2f.%2f...%2f.%2f...%2f.%2f...%2f.%2f...%2f.%2f...%2f.%2fetc%2fpasswd HTTP/1.1" 404 1038
172.22.2.4 - - [21/Nov/2023:04:47:51 -0500] "GET /BLA/boletinlegal/Directivas/2016/Directiva%20No.%2003%20del%2026%20de%20Julio%20de%202016.pdf HTTP/1.1" 304 -
172.22.2.4 - - [21/Nov/2023:04:46:12 -0500] "GET /BLA/boletinlegal/ HTTP/1.1" 200 58644
201.245.192.253 - - [21/Nov/2023:04:47:50 -0500] "POST /kwsrmcab/Wsrmcab  HTTP/1.1" 200 40861
172.22.2.4 - - [21/Nov/2023:04:48:16 -0500] "GET /BLA/boletinlegal/wp-admin/admin-ajax.php?action=revslider_show_image&img=../wp-config.php HTTP/1.1" 404 1038
172.22.2.4 - - [21/Nov/2023:04:48:18 -0500] "GET /BLA/boletinlegal/blog/wp-admin/admin-ajax.php?action=revslider_show_image&img=../wp-config.php HTTP/1.1" 404 1038
201.245.192.253 - - [21/Nov/2023:04:48:25 -0500] "POST /forms/lservlet;jsessionid=ac16012b30d65dbf9e9ec0474c4a96cda918a1053f5b.e3iSbxaKaheRe3eRa38MahaQbi1ynknvrkLOlQzNp65In0 HTTP/1.1" 200 2
201.245.192.253 - - [21/Nov/2023:04:48:51 -0500] "POST /forms/lservlet;jsessionid=ac16012b30d62c24e9f35fc549ff9df4f4c430495967.e3iSbxaKaheRe3eRa38MahaQbi1ynknvrkLOlQzNp65In0 HTTP/1.1" 200 2
201.245.192.253 - - [21/Nov/2023:04:50:25 -0500] "POST /forms/lservlet;jsessionid=ac16012b30d65dbf9e9ec0474c4a96cda918a1053f5b.e3iSbxaKaheRe3eRa38MahaQbi1ynknvrkLOlQzNp65In0 HTTP/1.1" 200 2
40.77.167.28 - - [21/Nov/2023:04:50:44 -0500] "GET /BLA/resoluciones/RESOLUCIONES%202020/1521.pdf HTTP/1.1" 304 -
201.245.192.253 - - [21/Nov/2023:04:50:51 -0500] "POST /forms/lservlet;jsessionid=ac16012b30d62c24e9f35fc549ff9df4f4c430495967.e3iSbxaKaheRe3eRa38MahaQbi1ynknvrkLOlQzNp65In0 HTTP/1.1" 200 2
216.245.221.92 - - [21/Nov/2023:04:51:53 -0500] "HEAD / HTTP/1.1" 200 -
201.245.192.253 - - [21/Nov/2023:04:52:25 -0500] "POST /forms/lservlet;jsessionid=ac16012b30d65dbf9e9ec0474c4a96cda918a1053f5b.e3iSbxaKaheRe3eRa38MahaQbi1ynknvrkLOlQzNp65In0 HTTP/1.1" 200 2
172.22.2.4 - - [21/Nov/2023:04:51:11 -0500] "HEAD /BLA/boletinlegal/ HTTP/1.1" 200 -
172.22.2.4 - - [21/Nov/2023:04:52:51 -0500] "GET /BLA/boletinlegal/robots.txt HTTP/1.1" 404 1038
201.245.192.253 - - [21/Nov/2023:04:52:51 -0500] "POST /forms/lservlet;jsessionid=ac16012b30d62c24e9f35fc549ff9df4f4c430495967.e3iSbxaKaheRe3eRa38MahaQbi1ynknvrkLOlQzNp65In0 HTTP/1.1" 200 2
201.245.192.253 - - [21/Nov/2023:04:52:49 -0500] "POST /kwsrmcab/Wsrmcab  HTTP/1.1" 200 40861
172.22.2.4 - - [21/Nov/2023:04:52:53 -0500] "GET /BLA/boletinlegal/Circulares/2011/Circular%20No.%204%20del%2014%20de%20Julio%20de%202011.pdf HTTP/1.1" 200 399895
172.22.2.4 - - [21/Nov/2023:04:52:02 -0500] "GET /BLA/boletinlegal/ HTTP/1.1" 200 58294
66.249.66.19 - - [21/Nov/2023:04:53:55 -0500] "GET /BLA/resoluciones/RESOLUCIONES%202009/4942.pdf HTTP/1.1" 200 356588
201.245.192.253 - - [21/Nov/2023:04:54:25 -0500] "POST /forms/lservlet;jsessionid=ac16012b30d65dbf9e9ec0474c4a96cda918a1053f5b.e3iSbxaKaheRe3eRa38MahaQbi1ynknvrkLOlQzNp65In0 HTTP/1.1" 200 2
201.245.192.253 - - [21/Nov/2023:04:54:51 -0500] "POST /forms/lservlet;jsessionid=ac16012b30d62c24e9f35fc549ff9df4f4c430495967.e3iSbxaKaheRe3eRa38MahaQbi1ynknvrkLOlQzNp65In0 HTTP/1.1" 200 2
152.61.128.50 - - [21/Nov/2023:04:55:59 -0500] "GET /arcgis/services/Calidad_del_Agua_WQI/MapServer/WMSServer?request=GetCapabilities&service=WMS HTTP/1.1" 503 1020
152.61.128.50 - - [21/Nov/2023:04:56:01 -0500] "GET /arcgis/services/Calidad_del_Agua_WQI/MapServer/WMSServer?SERVICE=WMS&REQUEST=GetCapabilities HTTP/1.1" 503 1020
152.61.128.50 - - [21/Nov/2023:04:56:01 -0500] "GET /arcgis/services/Calidad_del_Agua_WQI/MapServer/WMSServer?WMTVER=1.0.0&REQUEST=capabilities HTTP/1.1" 503 1020
201.245.192.253 - - [21/Nov/2023:04:56:25 -0500] "POST /forms/lservlet;jsessionid=ac16012b30d65dbf9e9ec0474c4a96cda918a1053f5b.e3iSbxaKaheRe3eRa38MahaQbi1ynknvrkLOlQzNp65In0 HTTP/1.1" 200 2
201.245.192.253 - - [21/Nov/2023:04:56:51 -0500] "POST /forms/lservlet;jsessionid=ac16012b30d62c24e9f35fc549ff9df4f4c430495967.e3iSbxaKaheRe3eRa38MahaQbi1ynknvrkLOlQzNp65In0 HTTP/1.1" 200 2
216.245.221.92 - - [21/Nov/2023:04:56:53 -0500] "HEAD / HTTP/1.1" 200 -
66.249.66.194 - - [21/Nov/2023:04:57:18 -0500] "GET /secretaria-de-ambiente-unidos-por-un-nuevo-aire.html HTTP/1.1" 304 -
66.249.66.194 - - [21/Nov/2023:04:57:19 -0500] "GET /moda-circular-manos-reparadoras-la-estrategia-del-distrito-para-restaurar-prendas-usadas.html HTTP/1.1" 304 -
201.245.192.253 - - [21/Nov/2023:04:57:48 -0500] "POST /kwsrmcab/Wsrmcab  HTTP/1.1" 200 40861
66.249.66.21 - - [21/Nov/2023:04:57:55 -0500] "GET /BLA/resoluciones/AUTOS%202013/1765.pdf HTTP/1.1" 200 362800
201.245.192.253 - - [21/Nov/2023:04:58:25 -0500] "POST /forms/lservlet;jsessionid=ac16012b30d65dbf9e9ec0474c4a96cda918a1053f5b.e3iSbxaKaheRe3eRa38MahaQbi1ynknvrkLOlQzNp65In0 HTTP/1.1" 200 2
172.22.2.4 - - [21/Nov/2023:04:57:01 -0500] "HEAD /BLA/boletinlegal/ HTTP/1.1" 200 -
201.245.192.253 - - [21/Nov/2023:04:58:51 -0500] "POST /forms/lservlet;jsessionid=ac16012b30d62c24e9f35fc549ff9df4f4c430495967.e3iSbxaKaheRe3eRa38MahaQbi1ynknvrkLOlQzNp65In0 HTTP/1.1" 200 2
172.22.2.4 - - [21/Nov/2023:04:57:51 -0500] "GET /BLA/boletinlegal/ HTTP/1.1" 200 58294
66.249.66.21 - - [21/Nov/2023:05:00:09 -0500] "GET /PDC/actos/1469.pdf HTTP/1.1" 200 1053029
69.30.231.226 - - [21/Nov/2023:05:00:14 -0500] "GET /servlet/codesettree?flag=c&status=1&codesetid=1&parentid=-1&categories=~31~27~20union~20all~20select~20~27hongjing~27~2c~40~40version~2d~2d HTTP/1.1" 404 1049
201.245.192.253 - - [21/Nov/2023:05:00:25 -0500] "POST /forms/lservlet;jsessionid=ac16012b30d65dbf9e9ec0474c4a96cda918a1053f5b.e3iSbxaKaheRe3eRa38MahaQbi1ynknvrkLOlQzNp65In0 HTTP/1.1" 200 2
201.245.192.253 - - [21/Nov/2023:05:00:51 -0500] "POST /forms/lservlet;jsessionid=ac16012b30d62c24e9f35fc549ff9df4f4c430495967.e3iSbxaKaheRe3eRa38MahaQbi1ynknvrkLOlQzNp65In0 HTTP/1.1" 200 2
216.245.221.92 - - [21/Nov/2023:05:01:53 -0500] "HEAD / HTTP/1.1" 200 -
201.245.192.253 - - [21/Nov/2023:05:02:25 -0500] "POST /forms/lservlet;jsessionid=ac16012b30d65dbf9e9ec0474c4a96cda918a1053f5b.e3iSbxaKaheRe3eRa38MahaQbi1ynknvrkLOlQzNp65In0 HTTP/1.1" 200 2
201.245.192.253 - - [21/Nov/2023:05:02:47 -0500] "POST /kwsrmcab/Wsrmcab  HTTP/1.1" 200 40861
201.245.192.253 - - [21/Nov/2023:05:02:51 -0500] "POST /forms/lservlet;jsessionid=ac16012b30d62c24e9f35fc549ff9df4f4c430495967.e3iSbxaKaheRe3eRa38MahaQbi1ynknvrkLOlQzNp65In0 HTTP/1.1" 200 2
201.245.192.253 - - [21/Nov/2023:05:04:25 -0500] "POST /forms/lservlet;jsessionid=ac16012b30d65dbf9e9ec0474c4a96cda918a1053f5b.e3iSbxaKaheRe3eRa38MahaQbi1ynknvrkLOlQzNp65In0 HTTP/1.1" 200 2
172.22.2.4 - - [21/Nov/2023:05:02:51 -0500] "HEAD /BLA/boletinlegal/ HTTP/1.1" 200 -
66.249.66.193 - - [21/Nov/2023:05:04:48 -0500] "GET /ofensiva-conta-el-trafico-de-fauna-silvestre-durante-la-semana-ambiental-en-bogota.html HTTP/1.1" 200 989
201.245.192.253 - - [21/Nov/2023:05:04:51 -0500] "POST /forms/lservlet;jsessionid=ac16012b30d62c24e9f35fc549ff9df4f4c430495967.e3iSbxaKaheRe3eRa38MahaQbi1ynknvrkLOlQzNp65In0 HTTP/1.1" 200 2
172.22.2.4 - - [21/Nov/2023:05:03:42 -0500] "GET /BLA/boletinlegal/ HTTP/1.1" 200 51333
172.22.2.4 - - [21/Nov/2023:05:04:06 -0500] "GET /BLA/boletinlegal/ HTTP/1.1" 200 54105
172.22.2.4 - - [21/Nov/2023:05:05:49 -0500] "GET /BLA/boletinlegal/style.css HTTP/1.1" 200 9406
172.22.2.4 - - [21/Nov/2023:05:06:23 -0500] "GET /BLA/boletinlegal/wp-content/plugins/navis-documentcloud/js/window.php?wpbase=%3C%2Fscript%3E%3Cscript%3Ealert%28document.domain%29%3C%2Fscript%3E HTTP/1.1" 404 1038
201.245.192.253 - - [21/Nov/2023:05:06:25 -0500] "POST /forms/lservlet;jsessionid=ac16012b30d65dbf9e9ec0474c4a96cda918a1053f5b.e3iSbxaKaheRe3eRa38MahaQbi1ynknvrkLOlQzNp65In0 HTTP/1.1" 200 2
40.77.167.235 - - [21/Nov/2023:05:06:43 -0500] "GET /BLA/resoluciones/RESOLUCIONES%202021/1822.pdf HTTP/1.1" 304 -
201.245.192.253 - - [21/Nov/2023:05:06:51 -0500] "POST /forms/lservlet;jsessionid=ac16012b30d62c24e9f35fc549ff9df4f4c430495967.e3iSbxaKaheRe3eRa38MahaQbi1ynknvrkLOlQzNp65In0 HTTP/1.1" 200 2
216.245.221.92 - - [21/Nov/2023:05:06:53 -0500] "HEAD / HTTP/1.1" 200 -
201.245.192.253 - - [21/Nov/2023:05:07:46 -0500] "POST /kwsrmcab/Wsrmcab  HTTP/1.1" 200 40861
201.245.192.253 - - [21/Nov/2023:05:08:25 -0500] "POST /forms/lservlet;jsessionid=ac16012b30d65dbf9e9ec0474c4a96cda918a1053f5b.e3iSbxaKaheRe3eRa38MahaQbi1ynknvrkLOlQzNp65In0 HTTP/1.1" 200 2
201.245.192.253 - - [21/Nov/2023:05:08:51 -0500] "POST /forms/lservlet;jsessionid=ac16012b30d62c24e9f35fc549ff9df4f4c430495967.e3iSbxaKaheRe3eRa38MahaQbi1ynknvrkLOlQzNp65In0 HTTP/1.1" 200 2
172.22.2.4 - - [21/Nov/2023:05:09:03 -0500] "GET /BLA/boletinlegal/2YO4Het4qQ70FFJzyL3URmFYINq HTTP/1.1" 404 1038
172.22.2.4 - - [21/Nov/2023:05:08:42 -0500] "HEAD /BLA/boletinlegal/ HTTP/1.1" 200 -
201.245.192.253 - - [21/Nov/2023:05:10:25 -0500] "POST /forms/lservlet;jsessionid=ac16012b30d65dbf9e9ec0474c4a96cda918a1053f5b.e3iSbxaKaheRe3eRa38MahaQbi1ynknvrkLOlQzNp65In0 HTTP/1.1" 200 2
201.245.192.253 - - [21/Nov/2023:05:10:51 -0500] "POST /forms/lservlet;jsessionid=ac16012b30d62c24e9f35fc549ff9df4f4c430495967.e3iSbxaKaheRe3eRa38MahaQbi1ynknvrkLOlQzNp65In0 HTTP/1.1" 200 2
172.22.2.4 - - [21/Nov/2023:05:09:32 -0500] "GET /BLA/boletinlegal/ HTTP/1.1" 200 58644
66.249.66.21 - - [21/Nov/2023:05:11:19 -0500] "GET /BLA/resoluciones/Autos%202008/1968.pdf HTTP/1.1" 200 88322
66.249.66.21 - - [21/Nov/2023:05:11:50 -0500] "GET /BLA/resoluciones/Notificaciones/RESOLUCIONES%202022/2826.pdf HTTP/1.1" 200 401219
216.245.221.92 - - [21/Nov/2023:05:11:53 -0500] "HEAD / HTTP/1.1" 200 -
66.249.66.20 - - [21/Nov/2023:05:12:03 -0500] "GET /BLA/resoluciones/RESOLUCIONES%202007/RES%202007%201301%20AL%201400/RESOLUCION%201391%20DE%202007.pdf HTTP/1.1" 200 127794
201.245.192.253 - - [21/Nov/2023:05:12:25 -0500] "POST /forms/lservlet;jsessionid=ac16012b30d65dbf9e9ec0474c4a96cda918a1053f5b.e3iSbxaKaheRe3eRa38MahaQbi1ynknvrkLOlQzNp65In0 HTTP/1.1" 200 2
201.245.192.253 - - [21/Nov/2023:05:12:45 -0500] "POST /kwsrmcab/Wsrmcab  HTTP/1.1" 200 40861
201.245.192.253 - - [21/Nov/2023:05:12:51 -0500] "POST /forms/lservlet;jsessionid=ac16012b30d62c24e9f35fc549ff9df4f4c430495967.e3iSbxaKaheRe3eRa38MahaQbi1ynknvrkLOlQzNp65In0 HTTP/1.1" 200 2
201.245.192.253 - - [21/Nov/2023:05:14:25 -0500] "POST /forms/lservlet;jsessionid=ac16012b30d65dbf9e9ec0474c4a96cda918a1053f5b.e3iSbxaKaheRe3eRa38MahaQbi1ynknvrkLOlQzNp65In0 HTTP/1.1" 200 2
201.245.192.253 - - [21/Nov/2023:05:14:51 -0500] "POST /forms/lservlet;jsessionid=ac16012b30d62c24e9f35fc549ff9df4f4c430495967.e3iSbxaKaheRe3eRa38MahaQbi1ynknvrkLOlQzNp65In0 HTTP/1.1" 200 2
172.22.2.4 - - [21/Nov/2023:05:14:32 -0500] "HEAD /BLA/boletinlegal/ HTTP/1.1" 200 -
201.245.192.253 - - [21/Nov/2023:05:16:25 -0500] "POST /forms/lservlet;jsessionid=ac16012b30d65dbf9e9ec0474c4a96cda918a1053f5b.e3iSbxaKaheRe3eRa38MahaQbi1ynknvrkLOlQzNp65In0 HTTP/1.1" 200 2
201.245.192.253 - - [21/Nov/2023:05:16:51 -0500] "POST /forms/lservlet;jsessionid=ac16012b30d62c24e9f35fc549ff9df4f4c430495967.e3iSbxaKaheRe3eRa38MahaQbi1ynknvrkLOlQzNp65In0 HTTP/1.1" 200 2
216.245.221.92 - - [21/Nov/2023:05:16:53 -0500] "HEAD / HTTP/1.1" 200 -
45.238.183.88 - - [21/Nov/2023:05:16:54 -0500] "GET /camaras-trampa-de-la-secretaria-de-ambiente-registran-fauna-en-cerros-orientales-en-areas-donde-tenemos-acuerdos-de-conservacion.html HTTP/1.1" 200 982
201.245.192.253 - - [21/Nov/2023:05:16:55 -0500] "POST /kwsrmcab/Wsrmcab HTTP/1.1" 200 40402
201.245.192.253 - - [21/Nov/2023:05:16:57 -0500] "POST /kwsrmcab/Wsrmcab HTTP/1.1" 200 41351
172.22.2.4 - - [21/Nov/2023:05:15:22 -0500] "GET /BLA/boletinlegal/ HTTP/1.1" 200 60634
199.16.157.183 - - [21/Nov/2023:05:17:24 -0500] "GET /ascenso-tecnologico-distrito-firma-decreto-que-permitira-renovar-parte-de-los-vehiculos-de-carga-y-asi-reducir-emisiones-contaminantes.html HTTP/1.1" 200 1058
199.16.157.182 - - [21/Nov/2023:05:17:25 -0500] "GET /images/Secretarias%20Fondo%20carga%206%20de%20febrero.jpeg HTTP/1.1" 200 55460
201.245.192.253 - - [21/Nov/2023:05:17:44 -0500] "POST /kwsrmcab/Wsrmcab  HTTP/1.1" 200 40861
201.245.192.253 - - [21/Nov/2023:05:18:25 -0500] "POST /forms/lservlet;jsessionid=ac16012b30d65dbf9e9ec0474c4a96cda918a1053f5b.e3iSbxaKaheRe3eRa38MahaQbi1ynknvrkLOlQzNp65In0 HTTP/1.1" 200 2
66.249.66.21 - - [21/Nov/2023:05:18:32 -0500] "GET /BLA/resoluciones/RESOLUCIONES%202011/3374.pdf HTTP/1.1" 200 621456
201.245.192.253 - - [21/Nov/2023:05:18:51 -0500] "POST /forms/lservlet;jsessionid=ac16012b30d62c24e9f35fc549ff9df4f4c430495967.e3iSbxaKaheRe3eRa38MahaQbi1ynknvrkLOlQzNp65In0 HTTP/1.1" 200 2
172.22.2.4 - - [21/Nov/2023:05:19:35 -0500] "GET /BLA/boletinlegal/pages/setup.php?defaultlanguage=..%2f..%2f..%2f..%2f..%2fetc%2fpasswd HTTP/1.1" 404 1038
201.245.192.253 - - [21/Nov/2023:05:20:25 -0500] "POST /forms/lservlet;jsessionid=ac16012b30d65dbf9e9ec0474c4a96cda918a1053f5b.e3iSbxaKaheRe3eRa38MahaQbi1ynknvrkLOlQzNp65In0 HTTP/1.1" 200 2
201.245.192.253 - - [21/Nov/2023:05:20:23 -0500] "POST /kwsrmcab/Wsrmcab HTTP/1.1" 200 40402
201.245.192.253 - - [21/Nov/2023:05:20:27 -0500] "POST /kwsrmcab/Wsrmcab HTTP/1.1" 200 41351
172.22.2.4 - - [21/Nov/2023:05:20:45 -0500] "GET /BLA/boletinlegal/api/dp/rptsvcsyncpoint?ccid=1 HTTP/1.1" 404 1037
201.245.192.253 - - [21/Nov/2023:05:20:51 -0500] "POST /forms/lservlet;jsessionid=ac16012b30d62c24e9f35fc549ff9df4f4c430495967.e3iSbxaKaheRe3eRa38MahaQbi1ynknvrkLOlQzNp65In0 HTTP/1.1" 200 2
216.245.221.92 - - [21/Nov/2023:05:21:53 -0500] "HEAD / HTTP/1.1" 200 -
172.22.2.4 - - [21/Nov/2023:05:22:00 -0500] "POST /BLA/boletinlegal/public/index.php/material/Material/_download_imgage?media_id=1&picUrl=./../config/database.php HTTP/1.1" 404 1038
172.22.2.4 - - [21/Nov/2023:05:20:22 -0500] "HEAD /BLA/boletinlegal/ HTTP/1.1" 200 -
172.22.2.4 - - [21/Nov/2023:05:22:02 -0500] "GET /BLA/boletinlegal/public/index.php/home/file/user_pics HTTP/1.1" 404 1038
52.167.144.182 - - [21/Nov/2023:05:22:17 -0500] "GET /BLA/resoluciones/RESOLUCIONES%202021/5307.pdf HTTP/1.1" 200 516552
201.245.192.253 - - [21/Nov/2023:05:22:25 -0500] "POST /forms/lservlet;jsessionid=ac16012b30d65dbf9e9ec0474c4a96cda918a1053f5b.e3iSbxaKaheRe3eRa38MahaQbi1ynknvrkLOlQzNp65In0 HTTP/1.1" 200 2
201.245.192.253 - - [21/Nov/2023:05:22:43 -0500] "POST /kwsrmcab/Wsrmcab  HTTP/1.1" 200 40861
201.245.192.253 - - [21/Nov/2023:05:22:51 -0500] "POST /forms/lservlet;jsessionid=ac16012b30d62c24e9f35fc549ff9df4f4c430495967.e3iSbxaKaheRe3eRa38MahaQbi1ynknvrkLOlQzNp65In0 HTTP/1.1" 200 2
172.22.2.4 - - [21/Nov/2023:05:21:12 -0500] "GET /BLA/boletinlegal/ HTTP/1.1" 200 54105
66.220.149.25 - - [21/Nov/2023:05:23:05 -0500] "GET /images/tigrillo.jpeg HTTP/1.1" 200 64088
172.22.2.4 - - [21/Nov/2023:05:23:35 -0500] "GET /BLA/boletinlegal/autodiscover/autodiscover.json?@zdi/Powershell HTTP/1.1" 404 1018
69.30.231.226 - - [21/Nov/2023:05:24:00 -0500] "POST /mobile/plugin/browser.jsp HTTP/1.1" 404 1049
201.245.192.253 - - [21/Nov/2023:05:24:25 -0500] "POST /forms/lservlet;jsessionid=ac16012b30d65dbf9e9ec0474c4a96cda918a1053f5b.e3iSbxaKaheRe3eRa38MahaQbi1ynknvrkLOlQzNp65In0 HTTP/1.1" 200 2
66.249.66.20 - - [21/Nov/2023:05:24:28 -0500] "GET /BLA/resoluciones/AUTOS%202008/0851.pdf HTTP/1.1" 200 76780
201.245.192.253 - - [21/Nov/2023:05:24:51 -0500] "POST /forms/lservlet;jsessionid=ac16012b30d62c24e9f35fc549ff9df4f4c430495967.e3iSbxaKaheRe3eRa38MahaQbi1ynknvrkLOlQzNp65In0 HTTP/1.1" 200 2
201.245.192.253 - - [21/Nov/2023:05:26:25 -0500] "POST /forms/lservlet;jsessionid=ac16012b30d65dbf9e9ec0474c4a96cda918a1053f5b.e3iSbxaKaheRe3eRa38MahaQbi1ynknvrkLOlQzNp65In0 HTTP/1.1" 200 2
201.245.192.253 - - [21/Nov/2023:05:26:51 -0500] "POST /forms/lservlet;jsessionid=ac16012b30d62c24e9f35fc549ff9df4f4c430495967.e3iSbxaKaheRe3eRa38MahaQbi1ynknvrkLOlQzNp65In0 HTTP/1.1" 200 2
216.245.221.92 - - [21/Nov/2023:05:26:53 -0500] "HEAD / HTTP/1.1" 200 -
201.245.192.253 - - [21/Nov/2023:05:26:55 -0500] "POST /kwsrmcab/Wsrmcab HTTP/1.1" 200 40402
201.245.192.253 - - [21/Nov/2023:05:26:58 -0500] "POST /kwsrmcab/Wsrmcab HTTP/1.1" 200 41351
201.245.192.253 - - [21/Nov/2023:05:27:42 -0500] "POST /kwsrmcab/Wsrmcab  HTTP/1.1" 200 40861
172.22.2.4 - - [21/Nov/2023:05:26:12 -0500] "HEAD /BLA/boletinlegal/ HTTP/1.1" 200 -
201.245.192.253 - - [21/Nov/2023:05:28:25 -0500] "POST /forms/lservlet;jsessionid=ac16012b30d65dbf9e9ec0474c4a96cda918a1053f5b.e3iSbxaKaheRe3eRa38MahaQbi1ynknvrkLOlQzNp65In0 HTTP/1.1" 200 2
172.22.2.4 - - [21/Nov/2023:05:27:02 -0500] "GET /BLA/boletinlegal/ HTTP/1.1" 200 60634
201.245.192.253 - - [21/Nov/2023:05:28:51 -0500] "POST /forms/lservlet;jsessionid=ac16012b30d62c24e9f35fc549ff9df4f4c430495967.e3iSbxaKaheRe3eRa38MahaQbi1ynknvrkLOlQzNp65In0 HTTP/1.1" 200 2
172.22.2.4 - - [21/Nov/2023:05:30:04 -0500] "GET /BLA/boletinlegal/actos.php HTTP/1.1" 200 9682
172.22.2.4 - - [21/Nov/2023:05:30:04 -0500] "GET /BLA/boletinlegal/styles2.css HTTP/1.1" 200 1838
172.22.2.4 - - [21/Nov/2023:05:30:04 -0500] "GET /BLA/boletinlegal/js/ajax_actos.js HTTP/1.1" 200 1322
172.22.2.4 - - [21/Nov/2023:05:30:04 -0500] "GET /BLA/boletinlegal/niceforms-default.css HTTP/1.1" 200 6694
172.22.2.4 - - [21/Nov/2023:05:30:04 -0500] "GET /BLA/boletinlegal/style.css HTTP/1.1" 200 9406
172.22.2.4 - - [21/Nov/2023:05:30:04 -0500] "GET /BLA/boletinlegal/niceforms.js HTTP/1.1" 200 22876
172.22.2.4 - - [21/Nov/2023:05:30:04 -0500] "GET /BLA/boletinlegal/js/jquery1.js HTTP/1.1" 200 29846
172.22.2.4 - - [21/Nov/2023:05:30:04 -0500] "GET /BLA/boletinlegal/js/lib.js HTTP/1.1" 200 6474
172.22.2.4 - - [21/Nov/2023:05:30:04 -0500] "GET /BLA/boletinlegal/images/cabezote%20BLEGAL.jpg HTTP/1.1" 200 118164
172.22.2.4 - - [21/Nov/2023:05:30:04 -0500] "GET /BLA/boletinlegal/js/popup.js HTTP/1.1" 200 1270
172.22.2.4 - - [21/Nov/2023:05:30:04 -0500] "GET /BLA/boletinlegal/images/subscribe-icon-big.png HTTP/1.1" 200 47702
172.22.2.4 - - [21/Nov/2023:05:30:04 -0500] "GET /BLA/boletinlegal/images/historia.png HTTP/1.1" 200 52775
172.22.2.4 - - [21/Nov/2023:05:30:04 -0500] "GET /BLA/boletinlegal/images/registro-usuarios.png HTTP/1.1" 200 8106
172.22.2.4 - - [21/Nov/2023:05:30:04 -0500] "GET /BLA/boletinlegal/images/green-yellow-blue-pink-th.png HTTP/1.1" 200 7394
172.22.2.4 - - [21/Nov/2023:05:30:04 -0500] "GET /BLA/boletinlegal/images/tel.png HTTP/1.1" 200 14477
172.22.2.4 - - [21/Nov/2023:05:30:04 -0500] "GET /BLA/boletinlegal/images/icono-email.png HTTP/1.1" 200 5544
172.22.2.4 - - [21/Nov/2023:05:30:04 -0500] "GET /BLA/boletinlegal/images/body_bg.jpg HTTP/1.1" 200 1601
172.22.2.4 - - [21/Nov/2023:05:30:04 -0500] "GET /BLA/boletinlegal/images/bg_top.jpg HTTP/1.1" 200 522
172.22.2.4 - - [21/Nov/2023:05:30:04 -0500] "GET /BLA/boletinlegal/images/menu_rght.gif HTTP/1.1" 200 1627
172.22.2.4 - - [21/Nov/2023:05:30:04 -0500] "GET /BLA/boletinlegal/images/menu_lft.gif HTTP/1.1" 200 1713
172.22.2.4 - - [21/Nov/2023:05:30:04 -0500] "GET /BLA/boletinlegal/images/hover.jpg HTTP/1.1" 200 640
172.22.2.4 - - [21/Nov/2023:05:30:04 -0500] "GET /BLA/boletinlegal/images/text.jpg HTTP/1.1" 200 568
172.22.2.4 - - [21/Nov/2023:05:30:04 -0500] "GET /BLA/boletinlegal/images/menu_bg.jpg HTTP/1.1" 200 620
172.22.2.4 - - [21/Nov/2023:05:30:04 -0500] "GET /BLA/boletinlegal/images/footer_bg.jpg HTTP/1.1" 200 586
172.22.2.4 - - [21/Nov/2023:05:30:04 -0500] "GET /BLA/boletinlegal/images/footer_bg_l.jpg HTTP/1.1" 200 776
172.22.2.4 - - [21/Nov/2023:05:30:04 -0500] "GET /BLA/boletinlegal/img/0.png HTTP/1.1" 200 110
172.22.2.4 - - [21/Nov/2023:05:30:04 -0500] "GET /BLA/boletinlegal/img/select-left.png HTTP/1.1" 200 263
172.22.2.4 - - [21/Nov/2023:05:30:04 -0500] "GET /BLA/boletinlegal/img/select-right.png HTTP/1.1" 200 44019
172.22.2.4 - - [21/Nov/2023:05:30:04 -0500] "GET /BLA/boletinlegal/img/button-left.png HTTP/1.1" 200 57071
172.22.2.4 - - [21/Nov/2023:05:30:04 -0500] "GET /BLA/boletinlegal/img/button-right.png HTTP/1.1" 200 57878
172.22.2.4 - - [21/Nov/2023:05:30:04 -0500] "GET /BLA/boletinlegal/img/button.png HTTP/1.1" 200 43241
172.22.2.4 - - [21/Nov/2023:05:30:04 -0500] "GET /BLA/boletinlegal/favicon.ico HTTP/1.1" 404 1326
172.22.2.4 - - [21/Nov/2023:05:30:12 -0500] "GET /BLA/boletinlegal/consulta_actos.php?tipo=autos&no=&usuario=&sector=VERTIMIENTOS&fecha=2023&resuelve= HTTP/1.1" 200 185458
172.22.2.4 - - [21/Nov/2023:05:30:12 -0500] "GET /BLA/boletinlegal/images/pdf.gif HTTP/1.1" 200 567
172.22.2.4 - - [21/Nov/2023:05:30:12 -0500] "GET /BLA/boletinlegal/images/background.gif HTTP/1.1" 200 -
190.69.231.202 - - [21/Nov/2023:05:30:18 -0500] "GET /BLA/resoluciones/AUTOS%202023/4962.pdf HTTP/1.1" 200 333337
190.69.231.202 - - [21/Nov/2023:05:30:19 -0500] "GET /favicon.ico HTTP/1.1" 200 7782
190.69.231.202 - - [21/Nov/2023:05:30:19 -0500] "GET /BLA/resoluciones/AUTOS%202023/4962.pdf HTTP/1.1" 200 333337
190.69.231.202 - - [21/Nov/2023:05:30:19 -0500] "GET /BLA/resoluciones/AUTOS%202023/4962.pdf HTTP/1.1" 206 1025
201.245.192.253 - - [21/Nov/2023:05:30:25 -0500] "POST /forms/lservlet;jsessionid=ac16012b30d65dbf9e9ec0474c4a96cda918a1053f5b.e3iSbxaKaheRe3eRa38MahaQbi1ynknvrkLOlQzNp65In0 HTTP/1.1" 200 2
201.245.192.253 - - [21/Nov/2023:05:30:23 -0500] "POST /kwsrmcab/Wsrmcab HTTP/1.1" 200 40402
201.245.192.253 - - [21/Nov/2023:05:30:27 -0500] "POST /kwsrmcab/Wsrmcab HTTP/1.1" 200 41351
201.245.192.253 - - [21/Nov/2023:05:30:51 -0500] "POST /forms/lservlet;jsessionid=ac16012b30d62c24e9f35fc549ff9df4f4c430495967.e3iSbxaKaheRe3eRa38MahaQbi1ynknvrkLOlQzNp65In0 HTTP/1.1" 200 2
216.245.221.92 - - [21/Nov/2023:05:31:53 -0500] "HEAD / HTTP/1.1" 200 -
201.245.192.253 - - [21/Nov/2023:05:32:25 -0500] "POST /forms/lservlet;jsessionid=ac16012b30d65dbf9e9ec0474c4a96cda918a1053f5b.e3iSbxaKaheRe3eRa38MahaQbi1ynknvrkLOlQzNp65In0 HTTP/1.1" 200 2
201.245.192.253 - - [21/Nov/2023:05:32:41 -0500] "POST /kwsrmcab/Wsrmcab  HTTP/1.1" 200 40861
201.245.192.253 - - [21/Nov/2023:05:32:51 -0500] "POST /forms/lservlet;jsessionid=ac16012b30d62c24e9f35fc549ff9df4f4c430495967.e3iSbxaKaheRe3eRa38MahaQbi1ynknvrkLOlQzNp65In0 HTTP/1.1" 200 2
172.22.2.4 - - [21/Nov/2023:05:32:02 -0500] "HEAD /BLA/boletinlegal/ HTTP/1.1" 200 -
201.245.192.253 - - [21/Nov/2023:05:34:25 -0500] "POST /forms/lservlet;jsessionid=ac16012b30d65dbf9e9ec0474c4a96cda918a1053f5b.e3iSbxaKaheRe3eRa38MahaQbi1ynknvrkLOlQzNp65In0 HTTP/1.1" 200 2
172.22.2.4 - - [21/Nov/2023:05:32:53 -0500] "GET /BLA/boletinlegal/ HTTP/1.1" 200 56634
201.245.192.253 - - [21/Nov/2023:05:34:51 -0500] "POST /forms/lservlet;jsessionid=ac16012b30d62c24e9f35fc549ff9df4f4c430495967.e3iSbxaKaheRe3eRa38MahaQbi1ynknvrkLOlQzNp65In0 HTTP/1.1" 200 2
201.245.192.253 - - [21/Nov/2023:05:36:25 -0500] "POST /forms/lservlet;jsessionid=ac16012b30d65dbf9e9ec0474c4a96cda918a1053f5b.e3iSbxaKaheRe3eRa38MahaQbi1ynknvrkLOlQzNp65In0 HTTP/1.1" 200 2
201.245.192.253 - - [21/Nov/2023:05:36:51 -0500] "POST /forms/lservlet;jsessionid=ac16012b30d62c24e9f35fc549ff9df4f4c430495967.e3iSbxaKaheRe3eRa38MahaQbi1ynknvrkLOlQzNp65In0 HTTP/1.1" 200 2
216.245.221.92 - - [21/Nov/2023:05:36:53 -0500] "HEAD / HTTP/1.1" 200 -
201.245.192.253 - - [21/Nov/2023:05:36:55 -0500] "POST /kwsrmcab/Wsrmcab HTTP/1.1" 200 40402
201.245.192.253 - - [21/Nov/2023:05:36:58 -0500] "POST /kwsrmcab/Wsrmcab HTTP/1.1" 200 41351
172.22.2.4 - - [21/Nov/2023:05:36:13 -0500] "GET /BLA/boletinlegal/ HTTP/1.1" 200 49099
201.245.192.253 - - [21/Nov/2023:05:37:40 -0500] "POST /kwsrmcab/Wsrmcab  HTTP/1.1" 200 40861
201.245.192.253 - - [21/Nov/2023:05:38:25 -0500] "POST /forms/lservlet;jsessionid=ac16012b30d65dbf9e9ec0474c4a96cda918a1053f5b.e3iSbxaKaheRe3eRa38MahaQbi1ynknvrkLOlQzNp65In0 HTTP/1.1" 200 2
201.245.192.253 - - [21/Nov/2023:05:38:51 -0500] "POST /forms/lservlet;jsessionid=ac16012b30d62c24e9f35fc549ff9df4f4c430495967.e3iSbxaKaheRe3eRa38MahaQbi1ynknvrkLOlQzNp65In0 HTTP/1.1" 200 2
172.22.2.4 - - [21/Nov/2023:05:37:51 -0500] "GET /BLA/boletinlegal/index.php HTTP/1.1" 200 50697
172.22.2.4 - - [21/Nov/2023:05:37:52 -0500] "HEAD /BLA/boletinlegal/ HTTP/1.1" 200 -
66.249.66.21 - - [21/Nov/2023:05:39:59 -0500] "GET /BLA/resoluciones/AUTOS%202014/3548.pdf HTTP/1.1" 200 259517
172.22.2.4 - - [21/Nov/2023:05:38:42 -0500] "GET /BLA/boletinlegal/ HTTP/1.1" 200 53356
201.245.192.253 - - [21/Nov/2023:05:40:25 -0500] "POST /forms/lservlet;jsessionid=ac16012b30d65dbf9e9ec0474c4a96cda918a1053f5b.e3iSbxaKaheRe3eRa38MahaQbi1ynknvrkLOlQzNp65In0 HTTP/1.1" 200 2
201.245.192.253 - - [21/Nov/2023:05:40:23 -0500] "POST /kwsrmcab/Wsrmcab HTTP/1.1" 200 40402
201.245.192.253 - - [21/Nov/2023:05:40:26 -0500] "POST /kwsrmcab/Wsrmcab HTTP/1.1" 200 41351
201.245.192.253 - - [21/Nov/2023:05:40:51 -0500] "POST /forms/lservlet;jsessionid=ac16012b30d62c24e9f35fc549ff9df4f4c430495967.e3iSbxaKaheRe3eRa38MahaQbi1ynknvrkLOlQzNp65In0 HTTP/1.1" 200 2
216.245.221.92 - - [21/Nov/2023:05:41:53 -0500] "HEAD / HTTP/1.1" 200 -
201.245.192.253 - - [21/Nov/2023:05:42:25 -0500] "POST /forms/lservlet;jsessionid=ac16012b30d65dbf9e9ec0474c4a96cda918a1053f5b.e3iSbxaKaheRe3eRa38MahaQbi1ynknvrkLOlQzNp65In0 HTTP/1.1" 200 2
201.245.192.253 - - [21/Nov/2023:05:42:39 -0500] "POST /kwsrmcab/Wsrmcab  HTTP/1.1" 200 40861
201.245.192.253 - - [21/Nov/2023:05:42:51 -0500] "POST /forms/lservlet;jsessionid=ac16012b30d62c24e9f35fc549ff9df4f4c430495967.e3iSbxaKaheRe3eRa38MahaQbi1ynknvrkLOlQzNp65In0 HTTP/1.1" 200 2
66.249.66.20 - - [21/Nov/2023:05:43:16 -0500] "GET /BLA/resoluciones/RESOLUCIONES%202011/0295.pdf HTTP/1.1" 200 539885
201.245.192.253 - - [21/Nov/2023:05:44:25 -0500] "POST /forms/lservlet;jsessionid=ac16012b30d65dbf9e9ec0474c4a96cda918a1053f5b.e3iSbxaKaheRe3eRa38MahaQbi1ynknvrkLOlQzNp65In0 HTTP/1.1" 200 2
201.245.192.253 - - [21/Nov/2023:05:44:51 -0500] "POST /forms/lservlet;jsessionid=ac16012b30d62c24e9f35fc549ff9df4f4c430495967.e3iSbxaKaheRe3eRa38MahaQbi1ynknvrkLOlQzNp65In0 HTTP/1.1" 200 2
40.77.167.8 - - [21/Nov/2023:05:44:57 -0500] "GET /BLA/resoluciones/AUTOS%202022/5363.pdf HTTP/1.1" 304 -
186.31.62.190 - - [21/Nov/2023:05:45:11 -0500] "GET /camaras-trampa-de-la-secretaria-de-ambiente-registran-fauna-en-cerros-orientales-en-areas-donde-tenemos-acuerdos-de-conservacion.html HTTP/1.1" 200 982
172.22.2.4 - - [21/Nov/2023:05:43:42 -0500] "HEAD /BLA/boletinlegal/ HTTP/1.1" 200 -
172.22.2.4 - - [21/Nov/2023:05:44:32 -0500] "GET /BLA/boletinlegal/ HTTP/1.1" 200 57497
40.77.167.68 - - [21/Nov/2023:05:46:17 -0500] "GET /BLA/resoluciones/AUTOS%202021/4549.pdf HTTP/1.1" 304 -
201.245.192.253 - - [21/Nov/2023:05:46:25 -0500] "POST /forms/lservlet;jsessionid=ac16012b30d65dbf9e9ec0474c4a96cda918a1053f5b.e3iSbxaKaheRe3eRa38MahaQbi1ynknvrkLOlQzNp65In0 HTTP/1.1" 200 2
201.245.192.253 - - [21/Nov/2023:05:46:51 -0500] "POST /forms/lservlet;jsessionid=ac16012b30d62c24e9f35fc549ff9df4f4c430495967.e3iSbxaKaheRe3eRa38MahaQbi1ynknvrkLOlQzNp65In0 HTTP/1.1" 200 2
216.245.221.92 - - [21/Nov/2023:05:46:53 -0500] "HEAD / HTTP/1.1" 200 -
201.245.192.253 - - [21/Nov/2023:05:47:37 -0500] "POST /kwsrmcab/Wsrmcab  HTTP/1.1" 200 40861
172.22.2.4 - - [21/Nov/2023:05:48:03 -0500] "GET /BLA/boletinlegal/favicon.ico HTTP/1.1" 404 1018
172.22.2.4 - - [21/Nov/2023:05:48:06 -0500] "GET /BLA/boletinlegal/inc/supportLoad.asp?urlToLoad=http://oast.me HTTP/1.1" 404 1038
172.22.2.4 - - [21/Nov/2023:05:48:08 -0500] "GET /BLA/boletinlegal/vsaPres/Web20/core/LocalProxy.ashx?url=http://oast.me HTTP/1.1" 404 1038
172.22.2.4 - - [21/Nov/2023:05:48:09 -0500] "GET /BLA/boletinlegal/favicon.ico HTTP/1.1" 404 1043
172.22.2.4 - - [21/Nov/2023:05:48:22 -0500] "GET /BLA/boletinlegal/favicon.ico HTTP/1.1" 404 1037
66.249.66.19 - - [21/Nov/2023:05:48:23 -0500] "GET /resoluciones/RESOLUCIONES%202008/1042.pdf HTTP/1.1" 404 1018
201.245.192.253 - - [21/Nov/2023:05:48:25 -0500] "POST /forms/lservlet;jsessionid=ac16012b30d65dbf9e9ec0474c4a96cda918a1053f5b.e3iSbxaKaheRe3eRa38MahaQbi1ynknvrkLOlQzNp65In0 HTTP/1.1" 200 2
172.22.2.4 - - [21/Nov/2023:05:48:28 -0500] "GET /BLA/boletinlegal/favicon.ico HTTP/1.1" 404 1038
172.22.2.4 - - [21/Nov/2023:05:47:52 -0500] "GET /BLA/boletinlegal/ HTTP/1.1" 200 20427
201.245.192.253 - - [21/Nov/2023:05:48:51 -0500] "POST /forms/lservlet;jsessionid=ac16012b30d62c24e9f35fc549ff9df4f4c430495967.e3iSbxaKaheRe3eRa38MahaQbi1ynknvrkLOlQzNp65In0 HTTP/1.1" 200 2
172.22.2.4 - - [21/Nov/2023:05:47:53 -0500] "GET /BLA/boletinlegal/ HTTP/1.1" 200 24523
198.235.24.248 - - [21/Nov/2023:05:48:57 -0500] "GET / HTTP/1.1" 200 319
172.22.2.4 - - [21/Nov/2023:05:47:46 -0500] "GET /BLA/boletinlegal/ HTTP/1.1" 200 32715
172.22.2.4 - - [21/Nov/2023:05:48:02 -0500] "GET /BLA/boletinlegal/ HTTP/1.1" 200 24523
172.22.2.4 - - [21/Nov/2023:05:48:18 -0500] "GET /BLA/boletinlegal/ HTTP/1.1" 200 24523
172.22.2.4 - - [21/Nov/2023:05:48:08 -0500] "GET /BLA/boletinlegal/ HTTP/1.1" 200 24523
172.22.2.4 - - [21/Nov/2023:05:47:56 -0500] "GET /BLA/boletinlegal/ HTTP/1.1" 200 24523
172.22.2.4 - - [21/Nov/2023:05:48:14 -0500] "GET /BLA/boletinlegal/ HTTP/1.1" 200 24523
66.249.66.21 - - [21/Nov/2023:05:49:35 -0500] "GET /BLA/resoluciones/RESOLUCIONES%202010/5866.pdf HTTP/1.1" 200 136348
172.22.2.4 - - [21/Nov/2023:05:49:54 -0500] "GET /BLA/boletinlegal/_fragment?_path=_controller=phpcredits&flag=-1 HTTP/1.1" 404 1038
66.249.66.193 - - [21/Nov/2023:05:50:04 -0500] "GET /consulta-y-conoce-los-proyectos-de-resolucion-de-para-los-planes-de-manejo-ambiental-de-cinco-humedales-en-bogota.html HTTP/1.1" 200 971
201.245.192.253 - - [21/Nov/2023:05:50:25 -0500] "POST /forms/lservlet;jsessionid=ac16012b30d65dbf9e9ec0474c4a96cda918a1053f5b.e3iSbxaKaheRe3eRa38MahaQbi1ynknvrkLOlQzNp65In0 HTTP/1.1" 200 2
201.245.192.253 - - [21/Nov/2023:05:50:51 -0500] "POST /forms/lservlet;jsessionid=ac16012b30d62c24e9f35fc549ff9df4f4c430495967.e3iSbxaKaheRe3eRa38MahaQbi1ynknvrkLOlQzNp65In0 HTTP/1.1" 200 2
172.22.2.4 - - [21/Nov/2023:05:49:32 -0500] "HEAD /BLA/boletinlegal/ HTTP/1.1" 200 -
216.245.221.92 - - [21/Nov/2023:05:51:53 -0500] "HEAD / HTTP/1.1" 200 -
172.22.2.4 - - [21/Nov/2023:05:50:23 -0500] "GET /BLA/boletinlegal/ HTTP/1.1" 200 61018
201.245.192.253 - - [21/Nov/2023:05:52:25 -0500] "POST /forms/lservlet;jsessionid=ac16012b30d65dbf9e9ec0474c4a96cda918a1053f5b.e3iSbxaKaheRe3eRa38MahaQbi1ynknvrkLOlQzNp65In0 HTTP/1.1" 200 2
201.245.192.253 - - [21/Nov/2023:05:52:35 -0500] "POST /kwsrmcab/Wsrmcab  HTTP/1.1" 200 40861
201.245.192.253 - - [21/Nov/2023:05:52:51 -0500] "POST /forms/lservlet;jsessionid=ac16012b30d62c24e9f35fc549ff9df4f4c430495967.e3iSbxaKaheRe3eRa38MahaQbi1ynknvrkLOlQzNp65In0 HTTP/1.1" 200 2
66.249.66.20 - - [21/Nov/2023:05:53:06 -0500] "GET /BLA/resoluciones/AUTOS%202014/6726.pdf HTTP/1.1" 200 221231
66.249.66.19 - - [21/Nov/2023:05:53:06 -0500] "GET /robots.txt HTTP/1.1" 404 1018
201.245.192.253 - - [21/Nov/2023:05:54:25 -0500] "POST /forms/lservlet;jsessionid=ac16012b30d65dbf9e9ec0474c4a96cda918a1053f5b.e3iSbxaKaheRe3eRa38MahaQbi1ynknvrkLOlQzNp65In0 HTTP/1.1" 200 2
66.249.66.21 - - [21/Nov/2023:05:54:50 -0500] "GET /BLA/resoluciones/AUTOS%202013/3503.pdf HTTP/1.1" 200 491229
201.245.192.253 - - [21/Nov/2023:05:54:51 -0500] "POST /forms/lservlet;jsessionid=ac16012b30d62c24e9f35fc549ff9df4f4c430495967.e3iSbxaKaheRe3eRa38MahaQbi1ynknvrkLOlQzNp65In0 HTTP/1.1" 200 2
201.245.192.253 - - [21/Nov/2023:05:56:25 -0500] "POST /forms/lservlet;jsessionid=ac16012b30d65dbf9e9ec0474c4a96cda918a1053f5b.e3iSbxaKaheRe3eRa38MahaQbi1ynknvrkLOlQzNp65In0 HTTP/1.1" 200 2
201.245.192.253 - - [21/Nov/2023:05:56:51 -0500] "POST /forms/lservlet;jsessionid=ac16012b30d62c24e9f35fc549ff9df4f4c430495967.e3iSbxaKaheRe3eRa38MahaQbi1ynknvrkLOlQzNp65In0 HTTP/1.1" 200 2
216.245.221.92 - - [21/Nov/2023:05:56:53 -0500] "HEAD / HTTP/1.1" 200 -
172.22.2.4 - - [21/Nov/2023:05:55:22 -0500] "HEAD /BLA/boletinlegal/ HTTP/1.1" 200 -
157.55.39.205 - - [21/Nov/2023:05:57:12 -0500] "GET /portaldeninos/wp-content/uploads/2020/11/EL-Burro-B-1-768x432.jpg HTTP/1.1" 200 74878
201.245.192.253 - - [21/Nov/2023:05:57:34 -0500] "POST /kwsrmcab/Wsrmcab  HTTP/1.1" 200 40861
172.22.2.4 - - [21/Nov/2023:05:56:12 -0500] "GET /BLA/boletinlegal/ HTTP/1.1" 200 58644
201.245.192.253 - - [21/Nov/2023:05:58:25 -0500] "POST /forms/lservlet;jsessionid=ac16012b30d65dbf9e9ec0474c4a96cda918a1053f5b.e3iSbxaKaheRe3eRa38MahaQbi1ynknvrkLOlQzNp65In0 HTTP/1.1" 200 2
172.22.2.4 - - [21/Nov/2023:05:58:36 -0500] "GET /BLA/boletinlegal/favicon.ico HTTP/1.1" 404 1018
172.22.2.4 - - [21/Nov/2023:05:58:37 -0500] "GET /BLA/boletinlegal/robots.txt HTTP/1.1" 404 1018
172.22.2.4 - - [21/Nov/2023:05:58:38 -0500] "GET /BLA/boletinlegal/sitemap.xml HTTP/1.1" 404 1018
201.245.192.253 - - [21/Nov/2023:05:58:51 -0500] "POST /forms/lservlet;jsessionid=ac16012b30d62c24e9f35fc549ff9df4f4c430495967.e3iSbxaKaheRe3eRa38MahaQbi1ynknvrkLOlQzNp65In0 HTTP/1.1" 200 2
172.22.2.4 - - [21/Nov/2023:05:57:50 -0500] "GET /BLA/boletinlegal/ HTTP/1.1" 200 40907
172.22.2.4 - - [21/Nov/2023:05:58:16 -0500] "GET /BLA/boletinlegal/ HTTP/1.1" 200 32715
66.249.66.194 - - [21/Nov/2023:05:59:24 -0500] "GET /secretaria-de-ambiente-libero-19-animales-silvestres-en-bogota-en-el-humedal-torca-y-guaymaral.html HTTP/1.1" 200 904
201.245.192.253 - - [21/Nov/2023:06:00:25 -0500] "POST /forms/lservlet;jsessionid=ac16012b30d65dbf9e9ec0474c4a96cda918a1053f5b.e3iSbxaKaheRe3eRa38MahaQbi1ynknvrkLOlQzNp65In0 HTTP/1.1" 200 2
201.245.192.253 - - [21/Nov/2023:06:00:51 -0500] "POST /forms/lservlet;jsessionid=ac16012b30d62c24e9f35fc549ff9df4f4c430495967.e3iSbxaKaheRe3eRa38MahaQbi1ynknvrkLOlQzNp65In0 HTTP/1.1" 200 2
216.245.221.92 - - [21/Nov/2023:06:01:53 -0500] "HEAD / HTTP/1.1" 200 -
201.245.192.253 - - [21/Nov/2023:06:02:25 -0500] "POST /forms/lservlet;jsessionid=ac16012b30d65dbf9e9ec0474c4a96cda918a1053f5b.e3iSbxaKaheRe3eRa38MahaQbi1ynknvrkLOlQzNp65In0 HTTP/1.1" 200 2
201.245.192.253 - - [21/Nov/2023:06:02:33 -0500] "POST /kwsrmcab/Wsrmcab  HTTP/1.1" 200 40861
201.245.192.253 - - [21/Nov/2023:06:02:51 -0500] "POST /forms/lservlet;jsessionid=ac16012b30d62c24e9f35fc549ff9df4f4c430495967.e3iSbxaKaheRe3eRa38MahaQbi1ynknvrkLOlQzNp65In0 HTTP/1.1" 200 2
172.22.2.4 - - [21/Nov/2023:06:01:12 -0500] "HEAD /BLA/boletinlegal/ HTTP/1.1" 200 -
172.22.2.4 - - [21/Nov/2023:06:02:02 -0500] "GET /BLA/boletinlegal/ HTTP/1.1" 200 60634
69.30.231.226 - - [21/Nov/2023:06:04:21 -0500] "GET /webui/?g=sys_dia_data_down&file_name=../etc/passwd HTTP/1.1" 404 1049
201.245.192.253 - - [21/Nov/2023:06:04:25 -0500] "POST /forms/lservlet;jsessionid=ac16012b30d65dbf9e9ec0474c4a96cda918a1053f5b.e3iSbxaKaheRe3eRa38MahaQbi1ynknvrkLOlQzNp65In0 HTTP/1.1" 200 2
69.30.231.226 - - [21/Nov/2023:06:04:30 -0500] "GET /view/action/download_file.php?filename=../../../../../../../../../etc/passwd&savename=ekdkv.txt HTTP/1.1" 404 1049
201.245.192.253 - - [21/Nov/2023:06:04:52 -0500] "POST /forms/lservlet;jsessionid=ac16012b30d62c24e9f35fc549ff9df4f4c430495967.e3iSbxaKaheRe3eRa38MahaQbi1ynknvrkLOlQzNp65In0 HTTP/1.1" 200 2
172.22.2.4 - - [21/Nov/2023:06:04:56 -0500] "GET /BLA/boletinlegal/sysaid/getGfiUpgradeFile?fileName=../../../../../../../etc/passwd HTTP/1.1" 404 1038
172.22.2.4 - - [21/Nov/2023:06:04:58 -0500] "GET /BLA/boletinlegal/getGfiUpgradeFile?fileName=../../../../../../../etc/passwd HTTP/1.1" 404 1038
52.167.144.212 - - [21/Nov/2023:06:05:08 -0500] "GET /BLA/resoluciones/AUTOS%202022/3706.pdf HTTP/1.1" 304 -
201.245.192.253 - - [21/Nov/2023:06:06:25 -0500] "POST /forms/lservlet;jsessionid=ac16012b30d65dbf9e9ec0474c4a96cda918a1053f5b.e3iSbxaKaheRe3eRa38MahaQbi1ynknvrkLOlQzNp65In0 HTTP/1.1" 200 2
201.245.192.253 - - [21/Nov/2023:06:06:52 -0500] "POST /forms/lservlet;jsessionid=ac16012b30d62c24e9f35fc549ff9df4f4c430495967.e3iSbxaKaheRe3eRa38MahaQbi1ynknvrkLOlQzNp65In0 HTTP/1.1" 200 2
216.245.221.92 - - [21/Nov/2023:06:06:53 -0500] "HEAD / HTTP/1.1" 200 -
69.30.231.226 - - [21/Nov/2023:06:06:55 -0500] "GET /level/16/exec/show/config/CR HTTP/1.1" 404 1035
201.245.192.253 - - [21/Nov/2023:06:07:32 -0500] "POST /kwsrmcab/Wsrmcab  HTTP/1.1" 200 40861
66.249.66.21 - - [21/Nov/2023:06:08:19 -0500] "GET /bla/resoluciones/RESOLUCIONES%202011/1371.pdf HTTP/1.1" 200 519061
201.245.192.253 - - [21/Nov/2023:06:08:25 -0500] "POST /forms/lservlet;jsessionid=ac16012b30d65dbf9e9ec0474c4a96cda918a1053f5b.e3iSbxaKaheRe3eRa38MahaQbi1ynknvrkLOlQzNp65In0 HTTP/1.1" 200 2
172.22.2.4 - - [21/Nov/2023:06:07:02 -0500] "HEAD /BLA/boletinlegal/ HTTP/1.1" 200 -
201.245.192.253 - - [21/Nov/2023:06:08:52 -0500] "POST /forms/lservlet;jsessionid=ac16012b30d62c24e9f35fc549ff9df4f4c430495967.e3iSbxaKaheRe3eRa38MahaQbi1ynknvrkLOlQzNp65In0 HTTP/1.1" 200 2
66.249.66.19 - - [21/Nov/2023:06:09:30 -0500] "GET /BLA/resoluciones/Autos%202008/2857.pdf HTTP/1.1" 200 78767
172.22.2.4 - - [21/Nov/2023:06:07:52 -0500] "GET /BLA/boletinlegal/ HTTP/1.1" 200 61018
201.245.192.253 - - [21/Nov/2023:06:10:25 -0500] "POST /forms/lservlet;jsessionid=ac16012b30d65dbf9e9ec0474c4a96cda918a1053f5b.e3iSbxaKaheRe3eRa38MahaQbi1ynknvrkLOlQzNp65In0 HTTP/1.1" 200 2
201.245.192.253 - - [21/Nov/2023:06:10:52 -0500] "POST /forms/lservlet;jsessionid=ac16012b30d62c24e9f35fc549ff9df4f4c430495967.e3iSbxaKaheRe3eRa38MahaQbi1ynknvrkLOlQzNp65In0 HTTP/1.1" 200 2
66.249.66.193 - - [21/Nov/2023:06:11:24 -0500] "GET /como-ayudar-a-mantener-una-buena-calidad-del-aire-en-bogota.html HTTP/1.1" 200 914
66.249.66.21 - - [21/Nov/2023:06:11:32 -0500] "GET /BLA/resoluciones/AUTOS%202015/3301.pdf HTTP/1.1" 200 542734
66.249.66.19 - - [21/Nov/2023:06:11:52 -0500] "GET /BLA/resoluciones/AUTOS%202015/3301.pdf HTTP/1.1" 200 542734
216.245.221.92 - - [21/Nov/2023:06:11:53 -0500] "HEAD / HTTP/1.1" 200 -
66.249.66.19 - - [21/Nov/2023:06:12:07 -0500] "GET /galeria/nivo-slider/demo/images/bannerresiduoshospitalariosagosto.jpg HTTP/1.1" 304 -
172.22.2.4 - - [21/Nov/2023:06:12:12 -0500] "GET /BLA/boletinlegal/Circulares/2022/CIRCULAR%20No.%2000003%20DEL%2007%20DE%20MARZO%20DEL%202022.pdf HTTP/1.1" 304 -
201.245.192.253 - - [21/Nov/2023:06:12:25 -0500] "POST /forms/lservlet;jsessionid=ac16012b30d65dbf9e9ec0474c4a96cda918a1053f5b.e3iSbxaKaheRe3eRa38MahaQbi1ynknvrkLOlQzNp65In0 HTTP/1.1" 200 2
201.245.192.253 - - [21/Nov/2023:06:12:30 -0500] "POST /kwsrmcab/Wsrmcab  HTTP/1.1" 200 40861
186.112.56.33 - - [21/Nov/2023:06:12:49 -0500] "GET /camaras-trampa-de-la-secretaria-de-ambiente-registran-fauna-en-cerros-orientales-en-areas-donde-tenemos-acuerdos-de-conservacion.html HTTP/1.1" 200 982
186.112.56.33 - - [21/Nov/2023:06:12:49 -0500] "GET /favicon.ico HTTP/1.1" 404 1136
