!C99Shell v. 1.0 pre-release build #13!

Software: Apache. PHP/5.5.15 

uname -a: Windows NT SVR-DMZ 6.1 build 7600 (Windows Server 2008 R2 Enterprise Edition) i586 

SYSTEM 

Safe-mode: OFF (not secure)

E:\nuevo\apache\logs\   drwxrwxrwx
Free 5.02 GB of 239.26 GB (2.1%)
Detected drives: [ a ] [ c ] [ d ] [ e ] [ f ]
Home    Back    Forward    UPDIR    Refresh    Search    Buffer    Encoder    Tools    Proc.    FTP brute    Sec.    SQL    PHP-code    Update    Feedback    Self remove    Logout    


Viewing file:     access.2023.11.24.log (4.2 MB)      -rw-rw-rw-
Select action/file-type:
(+) | (+) | (+) | Code (+) | Session (+) | (+) | SDB (+) | (+) | (+) | (+) | (+) | (+) |
172.22.2.4 - - [23/Nov/2023:23:59:09 -0500] "HEAD /BLA/boletinlegal/ HTTP/1.1" 200 -
201.245.192.253 - - [24/Nov/2023:00:01:01 -0500] "POST /kwsrmcab/Wsrmcab  HTTP/1.1" 200 40861
172.22.2.4 - - [24/Nov/2023:00:00:00 -0500] "GET /BLA/boletinlegal/ HTTP/1.1" 200 55399
66.249.66.19 - - [24/Nov/2023:00:02:07 -0500] "GET /Residuos/textiles/files/guia_textiles.pdf HTTP/1.1" 200 12356716
216.245.221.92 - - [24/Nov/2023:00:02:45 -0500] "HEAD / HTTP/1.1" 200 -
172.105.128.13 - - [24/Nov/2023:00:03:04 -0500] "\x16\x03\x01" 400 226
172.22.2.4 - - [24/Nov/2023:00:04:46 -0500] "GET /BLA/boletinlegal/Circulares/2012/Circular%20No.%206%20del%2025%20de%20Mayo%20de%202012.pdf HTTP/1.1" 304 -
201.245.192.253 - - [24/Nov/2023:00:06:00 -0500] "POST /kwsrmcab/Wsrmcab  HTTP/1.1" 200 40861
172.22.2.4 - - [24/Nov/2023:00:04:59 -0500] "HEAD /BLA/boletinlegal/ HTTP/1.1" 200 -
172.22.2.4 - - [24/Nov/2023:00:07:27 -0500] "GET /BLA/boletinlegal/actos.php HTTP/1.1" 200 9682
172.22.2.4 - - [24/Nov/2023:00:07:27 -0500] "GET /BLA/boletinlegal/favicon.ico HTTP/1.1" 404 1326
172.22.2.4 - - [24/Nov/2023:00:05:50 -0500] "GET /BLA/boletinlegal/ HTTP/1.1" 200 59360
172.22.2.4 - - [24/Nov/2023:00:07:42 -0500] "GET /BLA/boletinlegal/consulta_actos.php?tipo=resoluciones&no=&usuario=&sector=PEV&fecha=2023&resuelve=revocatoria HTTP/1.1" 200 626
216.245.221.92 - - [24/Nov/2023:00:07:45 -0500] "HEAD / HTTP/1.1" 200 -
172.22.2.4 - - [24/Nov/2023:00:07:47 -0500] "GET /BLA/boletinlegal/consulta_actos.php?tipo=resoluciones&no=&usuario=&sector=PEV&fecha=2022&resuelve=revocatoria HTTP/1.1" 200 626
172.22.2.4 - - [24/Nov/2023:00:07:49 -0500] "GET /BLA/boletinlegal/consulta_actos.php?tipo=resoluciones&no=&usuario=&sector=PEV&fecha=2022&resuelve=revocatoria HTTP/1.1" 200 626
172.22.2.4 - - [24/Nov/2023:00:07:52 -0500] "GET /BLA/boletinlegal/consulta_actos.php?tipo=resoluciones&no=&usuario=&sector=PEV&fecha=2021&resuelve=revocatoria HTTP/1.1" 200 7707
172.22.2.4 - - [24/Nov/2023:00:07:52 -0500] "GET /BLA/boletinlegal/images/pdf.gif HTTP/1.1" 200 567
172.22.2.4 - - [24/Nov/2023:00:07:52 -0500] "GET /BLA/boletinlegal/images/background.gif HTTP/1.1" 200 -
52.167.144.171 - - [24/Nov/2023:00:08:08 -0500] "GET /forest/ HTTP/1.1" 200 12041
201.221.172.10 - - [24/Nov/2023:00:08:19 -0500] "GET /BLA/resoluciones/RESOLUCIONES%202021/2405.pdf HTTP/1.1" 200 720491
172.22.2.4 - - [24/Nov/2023:00:09:22 -0500] "GET /BLA/boletinlegal/.env HTTP/1.1" 404 1018
172.22.2.4 - - [24/Nov/2023:00:09:23 -0500] "POST /BLA/boletinlegal/ HTTP/1.1" 200 32715
172.22.2.4 - - [24/Nov/2023:00:10:41 -0500] "GET /BLA/boletinlegal/consulta_actos.php?tipo=resoluciones&no=5237&usuario=&sector=PEV&fecha=2021&resuelve= HTTP/1.1" 200 1150
201.221.172.10 - - [24/Nov/2023:00:10:43 -0500] "GET /BLA/resoluciones/RESOLUCIONES%202021/5237.pdf HTTP/1.1" 200 363232
201.245.192.253 - - [24/Nov/2023:00:10:58 -0500] "POST /kwsrmcab/Wsrmcab  HTTP/1.1" 200 40861
172.22.2.4 - - [24/Nov/2023:00:10:49 -0500] "HEAD /BLA/boletinlegal/ HTTP/1.1" 200 -
216.245.221.92 - - [24/Nov/2023:00:12:45 -0500] "HEAD / HTTP/1.1" 200 -
172.22.2.4 - - [24/Nov/2023:00:11:40 -0500] "GET /BLA/boletinlegal/ HTTP/1.1" 200 60634
201.245.192.253 - - [24/Nov/2023:00:15:58 -0500] "POST /kwsrmcab/Wsrmcab  HTTP/1.1" 200 40861
201.245.192.253 - - [24/Nov/2023:00:16:41 -0500] "POST /kwsrmcab/Wsrmcab HTTP/1.1" 200 41186
168.119.52.80 - - [24/Nov/2023:00:16:44 -0500] "GET / HTTP/1.1" 200 319
168.119.52.80 - - [24/Nov/2023:00:16:46 -0500] "GET / HTTP/1.1" 200 4720
201.245.192.253 - - [24/Nov/2023:00:16:44 -0500] "POST /kwsrmcab/Wsrmcab HTTP/1.1" 200 41808
216.245.221.92 - - [24/Nov/2023:00:17:45 -0500] "HEAD / HTTP/1.1" 200 -
172.22.2.4 - - [24/Nov/2023:00:16:39 -0500] "HEAD /BLA/boletinlegal/ HTTP/1.1" 200 -
52.167.144.17 - - [24/Nov/2023:00:18:59 -0500] "GET /portaldeninos/wp-content/uploads/2019/08/Incendios-forestales-ajustada.gif HTTP/1.1" 200 764832
52.167.144.17 - - [24/Nov/2023:00:19:02 -0500] "GET /portaldeninos/wp-content/uploads/2019/08/Incendios-forestales-ajustada.gif HTTP/1.1" 200 764832
172.22.2.4 - - [24/Nov/2023:00:17:30 -0500] "GET /BLA/boletinlegal/ HTTP/1.1" 200 58644
52.167.144.16 - - [24/Nov/2023:00:19:44 -0500] "GET /BLA/resoluciones/index.php?dir=RESOLUCIONES+2002%2FRES+2002+1451-1500%2F HTTP/1.1" 200 12146
201.245.192.253 - - [24/Nov/2023:00:20:12 -0500] "POST /kwsrmcab/Wsrmcab HTTP/1.1" 200 41186
201.245.192.253 - - [24/Nov/2023:00:20:57 -0500] "POST /kwsrmcab/Wsrmcab  HTTP/1.1" 200 40861
216.245.221.92 - - [24/Nov/2023:00:22:45 -0500] "HEAD / HTTP/1.1" 200 -
201.245.192.253 - - [24/Nov/2023:00:22:54 -0500] "POST /kwsrmcab/Wsrmcab HTTP/1.1" 200 41808
172.22.2.4 - - [24/Nov/2023:00:22:29 -0500] "HEAD /BLA/boletinlegal/ HTTP/1.1" 200 -
52.167.144.1 - - [24/Nov/2023:00:24:24 -0500] "GET /Publicaciones/2023EE244396.pdf HTTP/1.1" 404 228
216.244.66.195 - - [24/Nov/2023:00:24:32 -0500] "GET /robots.txt HTTP/1.1" 404 1018
172.22.2.4 - - [24/Nov/2023:00:23:20 -0500] "GET /BLA/boletinlegal/ HTTP/1.1" 200 58294
201.245.192.253 - - [24/Nov/2023:00:25:56 -0500] "POST /kwsrmcab/Wsrmcab  HTTP/1.1" 200 40861
201.245.192.253 - - [24/Nov/2023:00:26:41 -0500] "POST /kwsrmcab/Wsrmcab HTTP/1.1" 200 41186
201.245.192.253 - - [24/Nov/2023:00:26:44 -0500] "POST /kwsrmcab/Wsrmcab HTTP/1.1" 200 41808
216.245.221.92 - - [24/Nov/2023:00:27:45 -0500] "HEAD / HTTP/1.1" 200 -
172.22.2.4 - - [24/Nov/2023:00:28:19 -0500] "HEAD /BLA/boletinlegal/ HTTP/1.1" 200 -
201.245.192.253 - - [24/Nov/2023:00:30:12 -0500] "POST /kwsrmcab/Wsrmcab HTTP/1.1" 200 41186
172.22.2.4 - - [24/Nov/2023:00:29:10 -0500] "GET /BLA/boletinlegal/ HTTP/1.1" 200 60634
201.245.192.253 - - [24/Nov/2023:00:30:55 -0500] "POST /kwsrmcab/Wsrmcab  HTTP/1.1" 200 40861
66.249.66.20 - - [24/Nov/2023:00:32:07 -0500] "GET /BLA/resoluciones/RESOLUCIONES%202008/1339.pdf HTTP/1.1" 200 518373
66.249.66.19 - - [24/Nov/2023:00:32:08 -0500] "GET /BLA/resoluciones/RESOLUCIONES%202009/5272.pdf HTTP/1.1" 200 450357
66.249.66.19 - - [24/Nov/2023:00:32:09 -0500] "GET /BLA/resoluciones/AUTOS%202014/5581.pdf HTTP/1.1" 200 1233517
52.167.144.186 - - [24/Nov/2023:00:32:44 -0500] "GET /BLA/resoluciones/index.php?dir=RESOLUCIONES+2005%2FRES+2005+2651-2700%2F HTTP/1.1" 200 12369
216.245.221.92 - - [24/Nov/2023:00:32:45 -0500] "HEAD / HTTP/1.1" 200 -
201.245.192.253 - - [24/Nov/2023:00:32:46 -0500] "POST /kwsrmcab/Wsrmcab HTTP/1.1" 200 41808
52.167.144.186 - - [24/Nov/2023:00:33:34 -0500] "GET /BLA/resoluciones/index.php?dir=RESOLUCIONES+2007%2FRES+2007+2501+AL+2600%2F HTTP/1.1" 200 26847
207.46.13.126 - - [24/Nov/2023:00:34:21 -0500] "GET /Publicaciones/2023EE235633.pdf HTTP/1.1" 404 228
172.22.2.4 - - [24/Nov/2023:00:34:09 -0500] "HEAD /BLA/boletinlegal/ HTTP/1.1" 200 -
201.245.192.253 - - [24/Nov/2023:00:35:54 -0500] "POST /kwsrmcab/Wsrmcab  HTTP/1.1" 200 40861
172.22.2.4 - - [24/Nov/2023:00:35:00 -0500] "GET /BLA/boletinlegal/ HTTP/1.1" 200 52827
201.245.192.253 - - [24/Nov/2023:00:36:41 -0500] "POST /kwsrmcab/Wsrmcab HTTP/1.1" 200 41186
201.245.192.253 - - [24/Nov/2023:00:36:46 -0500] "POST /kwsrmcab/Wsrmcab HTTP/1.1" 200 41808
66.249.66.21 - - [24/Nov/2023:00:37:27 -0500] "GET /BLA/resoluciones/RESOLUCIONES%202008/3702.pdf HTTP/1.1" 200 155722
216.245.221.92 - - [24/Nov/2023:00:37:45 -0500] "HEAD / HTTP/1.1" 200 -
40.77.167.55 - - [24/Nov/2023:00:38:16 -0500] "GET /BLA/resoluciones/RESOLUCIONES%202021/1250.pdf HTTP/1.1" 200 511288
201.245.192.253 - - [24/Nov/2023:00:40:12 -0500] "POST /kwsrmcab/Wsrmcab HTTP/1.1" 200 41186
69.171.249.2 - - [24/Nov/2023:00:40:39 -0500] "GET /la-forma-en-la-que-estamos-definiendo-la-estructura-ecologica-principal-esta-pensada-para-enfrentar-la-emergencia-climatica-secretaria-de-ambiente-carolina-urrutia.html HTTP/1.1" 200 1164
201.245.192.253 - - [24/Nov/2023:00:40:53 -0500] "POST /kwsrmcab/Wsrmcab  HTTP/1.1" 200 40861
207.46.13.126 - - [24/Nov/2023:00:41:02 -0500] "GET /Publicaciones/2023EE192747.pdf HTTP/1.1" 404 228
66.249.66.19 - - [24/Nov/2023:00:41:19 -0500] "GET /BLA/resoluciones/AUTOS%202008/0401.pdf HTTP/1.1" 200 113228
172.22.2.4 - - [24/Nov/2023:00:39:59 -0500] "HEAD /BLA/boletinlegal/ HTTP/1.1" 200 -
172.22.2.4 - - [24/Nov/2023:00:40:50 -0500] "GET /BLA/boletinlegal/ HTTP/1.1" 200 58294
216.245.221.92 - - [24/Nov/2023:00:42:45 -0500] "HEAD / HTTP/1.1" 200 -
201.245.192.253 - - [24/Nov/2023:00:42:43 -0500] "POST /kwsrmcab/Wsrmcab HTTP/1.1" 200 41808
40.77.167.40 - - [24/Nov/2023:00:42:55 -0500] "GET /Publicaciones/2023EE243388.pdf HTTP/1.1" 404 228
66.249.66.20 - - [24/Nov/2023:00:44:46 -0500] "GET /BLA/resoluciones/RESOLUCIONES%202009/7957.pdf HTTP/1.1" 200 122192
201.245.192.253 - - [24/Nov/2023:00:45:52 -0500] "POST /kwsrmcab/Wsrmcab  HTTP/1.1" 200 40861
81.29.135.16 - - [24/Nov/2023:00:46:41 -0500] "GET / HTTP/1.1" 200 319
81.29.135.16 - - [24/Nov/2023:00:46:41 -0500] "GET / HTTP/1.1" 200 319
40.77.167.40 - - [24/Nov/2023:00:47:15 -0500] "GET /Publicaciones/2023EE245815.pdf HTTP/1.1" 404 228
172.22.2.4 - - [24/Nov/2023:00:45:50 -0500] "HEAD /BLA/boletinlegal/ HTTP/1.1" 200 -
216.245.221.92 - - [24/Nov/2023:00:47:45 -0500] "HEAD / HTTP/1.1" 200 -
172.22.2.4 - - [24/Nov/2023:00:46:41 -0500] "GET /BLA/boletinlegal/ HTTP/1.1" 200 59827
191.109.166.41 - - [24/Nov/2023:00:50:19 -0500] "GET /kwssiamovil/sm/ldap/au?x=U2FsdGVkX19HeTAGMLJ7hTIRIIXxYNeqROGZwT47izJpgWX56c+sisFa4kZZ6a559id1lvUvtwxdnvWfLvQdGg==&y=U2FsdGVkX1+1o47Ui+yQy/utBINjZoHWRGTduYrB7h/TpflBJg7VkRc9zbyLzUdV HTTP/1.1" 200 30
191.109.166.41 - - [24/Nov/2023:00:50:19 -0500] "GET /kwssiamovil/sm/acme/s?s=U2FsdGVkX1+wLzz7VdNn0lHkJqXIciG4+xSVTICcuqjuAy54DZIw3aM87ZwUUriUIli/A6pvj2vtejlIvNAhHhAijtePZqgiaBSnEj8+X1g=&u=U2FsdGVkX1+TwHawiVdEZxDoZqYOq54zuMfksThi/mL6B8iUi/7rZGIDm0ZYaFdG&y=U2FsdGVkX1+1o47Ui+yQy/utBINjZoHWRGTduYrB7h/TpflBJg7VkRc9zbyLzUdV HTTP/1.1" 200 97
191.109.166.41 - - [24/Nov/2023:00:50:19 -0500] "GET /kwssiamovil/sm/acme/s?s=U2FsdGVkX18SZI08RItcG2FzUhfyahpnMRMhqTXjeuuU5NcPNLzHXaaRB9eNTeTsiHRvw2xjtH7pzaWbyK19hjIKnePaZd6ujttzIbe+2a+aItHS+6DQgTDLR62vJkMe7yrOv2K0aG1NnDw42O2aZz9PDfufC3osR5mA+BiIVyeOAexqgJryXwv9JVhNeI0zKjiRjUX0MZgIB5zSLQ+Vr4BQTvcE7IEWnGYYEI9OomlY6Kp3vc1CRFM0Vpqo4tGWViXajay2nhrTyNNj5dXKwGF7T7ppCtcoqPR2SMBBXKMzIkn3fyZ4pJj7s6hvInwT9AJD2FtGAzYH8vDEo9HBDhmPYl73Q6eE/CLmXUSAHCIZ8tdfp+aZ0iCSWVnYsIyNLV1KBsEnPr16xw38GqT/AxOTroGS3AS8jgRoWdoUxu9Ho4hBSNG2pUl9HjbqmOJYx4eRvAA2GC6BfzeeL5pc19l84jeR+pje7oT7sFysQT7+rltxkr+N6iwuCv61xa2U1fUP0NQb5hBU/pHucJs2p4nkYjoLNghxSovQbiswlUv+FYQOXC8/0FmHHPr2YExPluNv4bSmghLYck9Z+IYDT1Cz7VweqrDBjjwR8QfI4HPjRNjk641WbQnjG1aBxNkylYRmrGtCZNL8dmNeRTwE/dIEEfJ0t0qlkXuOpURWZDnZsHlta/SaJZ2ASW9SdilAIFCrbRFhpOw/lfU9XfWWBNEFuary0ggIWQetTn8sORIQ4+P6Amr6qtw2dEw4w5S1sc5t7kyZJ0S2BorkCMKRqHAwAwbK3STKNY1MllasMbv4MkqgTULNZgTZNMhYjywPbDW0XrDJbF8TDVARyF4cycvGUY2nvRnMFfFVGKbV2PYwlPkfYeYN7ipJL/MQy5eTNI1jB6nDeRQ/nBEvqzFh+LL7i3QpSf6Ito0P+uCZ7nlMEyfHQAtmJLBav67RTfk0gZ3dbcj2HP3dPHS1xwixnYe1Tf2NaNFzo9OOAatybWzwbK2wp26VedkF+z2dVSNU6/8Wu++WspsOKWUWKh8O5td0sIYYf/LVm2zRScvp4qcibXpTvaA2Ua82Az6P2tLzcCKf4SokpXfoo7gs2Rk3dG77sbQ7khYMBZrbqGha1vdODIebJeWZ2b9HqFrESqGoIDkHjMVa7J/gOSMi+/yvetXVe4agUS1NRAthVDsRWSZT2rvWzLZQgDCjw2XcYBcRUBLYY878PFyFHcN42qTxNxcOZSRIvB9YksQGNGbIZKH+S6xPTMKUJTjkqy69Xb11NnvgSiA/Y0/BltzGgCSTL6XUZBDmMf3ChTcrxppXcg8dSGMsvyhqs6FKrHhMHHeX9rP68J2nuwqq2MdQYSMx997mAtC6jrjk/HG3QJ3s0Fa4hukxJ9OD218wZdjqPlC5RHVD2T3JWl+/8tQbUQJlALELtleYpnbblHTdgSVNs79Cn+cYewZUE8n6/EnusX34rvjnuT4rVMlqUhwKR97bdZhDoeB9xrJK2fun4q7L/bYw7V0K3GnxaYuW9SXrGnKy8KumShUnn7MyGk1AQeA60PtwUeBobegUmPy0l5dKzsNxDybekcbQLO0kM9QqhbS0WhCvySmPYLkU79dD/z691t018KDvfq4OBzQq9IARtem8sasRWY9yv9F7hj1yCxNYqjEA1hWWUa2vQEEjZPM1pSziGIYCwXLyuz/osl1QfHBSZxOUKsC7RLwjGZrG6IDYlrWywAmUgRFmD/hAYNWC0SBLUgFbmhtzxB90X7JTr85YYcokUV1/KcSSLoTQCV0D&u=U2FsdGVkX1+TwHawiVdEZxDoZqYOq54zuMfksThi/mL6B8iUi/7rZGIDm0ZYaFdG&y=U2FsdGVkX1+1o47Ui+yQy/utBINjZoHWRGTduYrB7h/TpflBJg7VkRc9zbyLzUdV HTTP/1.1" 200 713
191.109.166.41 - - [24/Nov/2023:00:50:20 -0500] "GET /kwssiamovil/sm/acme/s?s=U2FsdGVkX1+yKTNgDHPZySPoqZs/etv9lLbznX113e4t+5gqYH/jb2gWLvVj9cHapEpJ9NEHNzN6LqRq+FBNbGc/XlYFbeSTOcsNcyIdOAw/pzCbk2V2wwUIL3EA3C0ZJwaUzTf68cn8zjbzJ4eVQcxF0Ir9d61nZBFh/yqVm1RgWtGdQDn1Iih8vX/km4WUadsacNh2rf05j9qVgQhaR0CUuGN9k6r4VEGivxGyB6yEnYA6PiokFMqKOhdeUN9jOEqdlPIUZlf7HelpA0YwokdDSBAQ0iPpg/PLTIQFbr1xNlE+b7U9XFwy2By0f07L98EK5y0t1jnDI/yOa9GBZn6MJWFQnggGT9mBUdgNU2w2gusX6QtT/o0Sb0zwRGoGLHqFIzYe96DDrZNSiMNNRXEVE9mccg9Kykso7Wf4lUjRtY0majdwzGHgXpjbTDK37VBYnE5eOmPAaxd6UIWKb1lcFp1MN4jgMANTqKZtTSNN1CWh36eWhIWKgb5XLScmml2tvtTgsQCC8GHnfPVgvze8zFGlO94sVvVvU3Gxor5SDDJKxsBlVGVru5IZEBQWi3bD4rpFuy0ZSEORU71eP+AqRVxe9XlWGUMazDdDG/g8y5XyyZrkIij4a7n+QsgVxCR1mk4RW0ed+xjfWyBpDy4cAON6kUzsupZdUKNfYF4Fck8BWoXT4LciljSZN+B1X+NHYUctHrgLI9V+EuN7Bf3zbn0ylJVghU+uf8Bhae8DaNuqQuRIa9hLzJ0jwCcP&u=U2FsdGVkX1+TwHawiVdEZxDoZqYOq54zuMfksThi/mL6B8iUi/7rZGIDm0ZYaFdG&y=U2FsdGVkX1+1o47Ui+yQy/utBINjZoHWRGTduYrB7h/TpflBJg7VkRc9zbyLzUdV HTTP/1.1" 200 208
191.109.166.41 - - [24/Nov/2023:00:50:20 -0500] "GET /kwssiamovil/sm/cjson/pre?f=1&x=U2FsdGVkX19HeTAGMLJ7hTIRIIXxYNeqROGZwT47izJpgWX56c+sisFa4kZZ6a559id1lvUvtwxdnvWfLvQdGg== HTTP/1.1" 200 31032
40.77.167.40 - - [24/Nov/2023:00:50:25 -0500] "GET /Publicaciones/2023EE207079.pdf HTTP/1.1" 404 228
201.245.192.253 - - [24/Nov/2023:00:50:51 -0500] "POST /kwsrmcab/Wsrmcab  HTTP/1.1" 200 40861
216.244.66.195 - - [24/Nov/2023:00:52:22 -0500] "GET /BLA/resoluciones/AUTOS%202015/0368.pdf HTTP/1.1" 200 504014
216.245.221.92 - - [24/Nov/2023:00:52:45 -0500] "HEAD / HTTP/1.1" 200 -
216.244.66.195 - - [24/Nov/2023:00:53:08 -0500] "GET /BLA/resoluciones/AUTOS%202015/0448.pdf HTTP/1.1" 200 496266
172.22.2.4 - - [24/Nov/2023:00:51:40 -0500] "HEAD /BLA/boletinlegal/ HTTP/1.1" 200 -
172.22.2.4 - - [24/Nov/2023:00:53:26 -0500] "GET /BLA/boletinlegal/jurisprudencia/analisis/AnalisisT-606-15.docx HTTP/1.1" 200 26698
172.22.2.4 - - [24/Nov/2023:00:53:27 -0500] "GET /BLA/boletinlegal/apple-touch-icon-120x120-precomposed.png HTTP/1.1" 404 1140
172.22.2.4 - - [24/Nov/2023:00:53:27 -0500] "GET /BLA/boletinlegal/apple-touch-icon-120x120.png HTTP/1.1" 404 1140
172.22.2.4 - - [24/Nov/2023:00:53:27 -0500] "GET /BLA/boletinlegal/apple-touch-icon-precomposed.png HTTP/1.1" 404 1140
172.22.2.4 - - [24/Nov/2023:00:53:27 -0500] "GET /BLA/boletinlegal/apple-touch-icon.png HTTP/1.1" 404 1140
172.22.2.4 - - [24/Nov/2023:00:53:27 -0500] "GET /BLA/boletinlegal/favicon.ico HTTP/1.1" 404 1140
172.22.2.4 - - [24/Nov/2023:00:53:27 -0500] "GET /BLA/boletinlegal/apple-touch-icon-120x120-precomposed.png HTTP/1.1" 404 1140
172.22.2.4 - - [24/Nov/2023:00:53:27 -0500] "GET /BLA/boletinlegal/apple-touch-icon-120x120.png HTTP/1.1" 404 1140
172.22.2.4 - - [24/Nov/2023:00:53:27 -0500] "GET /BLA/boletinlegal/apple-touch-icon-precomposed.png HTTP/1.1" 404 1140
172.22.2.4 - - [24/Nov/2023:00:53:27 -0500] "GET /BLA/boletinlegal/apple-touch-icon.png HTTP/1.1" 404 1140
172.22.2.4 - - [24/Nov/2023:00:53:27 -0500] "GET /BLA/boletinlegal/favicon.ico HTTP/1.1" 404 1140
216.244.66.195 - - [24/Nov/2023:00:53:59 -0500] "GET /BLA/resoluciones/AUTOS%202015/1332.pdf HTTP/1.1" 200 198708
172.22.2.4 - - [24/Nov/2023:00:52:31 -0500] "GET /BLA/boletinlegal/ HTTP/1.1" 200 58294
201.245.192.253 - - [24/Nov/2023:00:55:49 -0500] "POST /kwsrmcab/Wsrmcab  HTTP/1.1" 200 40861
216.245.221.92 - - [24/Nov/2023:00:57:45 -0500] "HEAD / HTTP/1.1" 200 -
172.22.2.4 - - [24/Nov/2023:00:57:31 -0500] "HEAD /BLA/boletinlegal/ HTTP/1.1" 200 -
172.22.2.4 - - [24/Nov/2023:00:59:49 -0500] "GET /BLA/boletinlegal/owa/auth/logon.aspx HTTP/1.1" 404 1018
40.77.167.70 - - [24/Nov/2023:00:59:58 -0500] "GET /sipse/faces/autenticacion.xhtml HTTP/1.1" 200 12729
172.22.2.4 - - [24/Nov/2023:00:58:22 -0500] "GET /BLA/boletinlegal/ HTTP/1.1" 200 59007
191.109.166.41 - - [24/Nov/2023:01:00:03 -0500] "GET /kwssiamovil/sm/ldap/au?x=U2FsdGVkX1/G5tYY6exLJOu2rDIugdTtlqnFjOh17PASbs+/HWgQ9ytE1P9WoAZb7qz36Z8Ltz31BVCrQqwgsA==&y=U2FsdGVkX1/QZDmXqU14UcX0t2m1LaZ5yGGDRIM5k/OgEfj+mwOugMInPcqzljOz HTTP/1.1" 200 30
191.109.166.41 - - [24/Nov/2023:01:00:03 -0500] "GET /kwssiamovil/sm/acme/s?s=U2FsdGVkX1+HtYrHKuBMHZzsQ12EvIzI/bQvwTDA/eEII0pXLscESFRojtGliXTobcBt8hb4U+Kd+EHQhm9P/GhZK2ofmtuzACGKmeQPFK4=&u=U2FsdGVkX18jZ5Bx0XHlLPEqa8rxqpVwNLw7ms2IO205QdomdMD12vec9iDIOquE&y=U2FsdGVkX1/QZDmXqU14UcX0t2m1LaZ5yGGDRIM5k/OgEfj+mwOugMInPcqzljOz HTTP/1.1" 200 97
191.109.166.41 - - [24/Nov/2023:01:00:03 -0500] "GET /kwssiamovil/sm/acme/s?s=U2FsdGVkX1+ZPRnhhEgWXSbDiD9L4LPWRNrYRIzj8rvtwU1A34iCuomd9AKRQC8K78vB1yW9+6pAhxDjFC0puCWqfA3uTkvbEKsClRrhSuiO2CTrPHmGqY650QSICZNjnV2QysyxrRxt55Yi2RstSvGeavCGni0DSeHR2i1DusXIVhHj5tUJQ6XkVSPVbnRNy1ihDGcd3XQSkYF8QGP88hWYmCsuIxWwOAEWaVHQdy/STS2eRusvW3E6UCjqVQxFXNP/dGEi7B0PW0HnOA/7+Gu/qrI1NPYYgPZx+0Ubbsv6pnJXK1OulL3UhzHZhGfXRCaqrS8cPU5XTY129GTx85Gug4SD01P4niZNt1rKNnJK5PPTkvr24vZ5FOnCzNZ5Smxywz2UI6mQzy08YPXEwxP177UtN34u5pmS8bkENdYIx8pCaTFjskWl4Hh2bLB9TyK8K8pTPXTLLXr+Qip4HTlaxZdf/ZYKbpFLMmkwJQZfmnNPLQmFb/crAFyynWn/X1Tx1DIJvakBS0L2vGHo5P0lxMKOnR2DGAw5KbjjuUY9MXZZSnhpj1m3ug17o3R0FVfFXyyvlYuNcyHZdJgFFULGS05agSWuKxbBj1cIu8vo/VX1JRXWjTsMgoNxSmQyFaO7t1MuFL7mV3rQEVpxO8fbgHD7/PauhJ8KgRb/akS5JizsRe8MFFft53zYU2UL0MAwj5G4fJYiZ2KSmHVjoVILDIuk05p73gZxYQY4b9KI5b19EMuy2NkYawuq7DxO36gBXpsV1gDXQSumNk/rU65gKcj1D+nR2eJ0GUAjrFoSwe93sM4lAvsy7yt/mH/EnssZq5QuQeE3faJyrh27hev8yHRUjN1vV82JoSJZrLLoWLhK8IS+U8fJdx6EI0EHZHhCDwnG7/G0JshhKM6bsvIl5XvX+vxc+auQasM5tgobWveARDgLntD5nU0CAGxcSnNBqAqTJUOcOgl6bJLlAPiOw8bOghIaShtILD5ImaHYaVNcWy4jKuYC6lder6xNsNPrCNnC0S4Up3JG1Xh+ff5KkuqBAJ98l4MM4B5clSyvrb9VIC5F3fDQXzO4W6ZGfRmAN8XA8Tu6kakp8qe1lwFb+hpU2h5GAwbQ6ysqYP9L7a82BZfG7SfHHisM7gxqbjPRJou6MkBplxk8kPxlB4aEfEQMZ49KU6bP0K+HHIM3hVrMClbRc3qcv/kKEaYvwtWWGiC1Eszkv/W+kXhptYjZoT500MT4fKVuZHnU8Cacw8dR0JkKCu+KN0pQ1JwRUXytZDMye7zWATiN580Fx503hgKYCjF3DXNz7+WkFwn7q5KGnx9yvlPNpSuTQrBAKq0OS9O0RiXdXX9/lajdL2zTjvl0iF2j1jTgKt9FEW7Lix3l3luNC1vJSw+Iov1V6xPaeH4znDW3lgK7RQVSJjuG76djN9JXb4yVN7R7UNeXeO43kd+r7lQeK2cJ2yiO1J58o+z3CcfL9vUABuwgyXKgofvhGusYXWsMDgGd4Es4xKFK1CkcJr4kIQsjwmOJuMmDHnQNGRNFhFqpSi61155lpGaC5NIm92eeat9hkv3Uxz3gh6qwBWiNU18kwWyQVWJnBJw+5BpccRPD3tphGSxPvqWiqDeqxTEUFLcIzNvvE7mRp0H3Fthd/NXwX054ugUqN0rAn2EVb73k87b/ayWUuNNdY4Oi7PVFZaUBvuDt758ANaF5ZTNAg/3Ti1uA1vVtmlPCk80WMgkUyY7Ao9IbNDH/etefJfkr709HEFnqN8hsP/GUgMBQyofNS0Rx&u=U2FsdGVkX18jZ5Bx0XHlLPEqa8rxqpVwNLw7ms2IO205QdomdMD12vec9iDIOquE&y=U2FsdGVkX1/QZDmXqU14UcX0t2m1LaZ5yGGDRIM5k/OgEfj+mwOugMInPcqzljOz HTTP/1.1" 200 2687
191.109.166.41 - - [24/Nov/2023:01:00:03 -0500] "GET /kwssiamovil/sm/acme/s?s=U2FsdGVkX19ucDf6eRU/oAjREA60c7xJp87sJeq0gscmxdDnuyEQxHPnlVp1QdF53ZCfe6c4fh+Cju+/eLuLiaJtv7qY4k5PM06yP1aaz6bQP1XMxjWb169Chj5Pj6RxT5NKKC2WCxOrLk8sDP2ZxxTWDYyr5qo1yEodKMNMwp/9Cj4XDK/Pz2H5eq6E/vXesjlIbZ/eUmPg2bWgGYASvFGr5TlTR9go42797+qM1TzDKgmZ7GNfnMr4KVs7XsxJ0H7qDzVfagjfTdxbyI0zV9mUQEV6Ro3fDbfq6gRHpK1UIdWj3Kn/Vib1s0WLTALWxsCFHVi9b9plm2MsFX8rkn7/FhTmW/ONXA+OkGZSJbAz46uxsC/TfAUz83o43oVH5eBwgcHcGqzUgqE8+KiI7pGa4P25lLoi44wIjb3wgnI8CiCUoYdrqBwRKHLnD3Yvfvz21NdKgBjaH1TCuk+maRFWTCfC5QNzXLdJy985y/A1UJ8k/B+1APVPVRbR7W6xf+uc3e5t7febAAavyNbO+pKClCw4R6P0SCvn5txTeVgJr8nAMeGixXL/Tr1fk50/EvEzB/c89dns7CbYn9bwCT6i9boMzJlRq8zElvTjYpm1TxqY0OUPimrQLypdPXECEuqLUYQpIvqQYSog2typsn9Q2IAF4N8lCEzKfOwSQbF88vTy+quTmLjGsknNalUTCvVGpd5TJZNeSLzPg80/SWGbUy+sir2H0CdEC2mQyC6oU5X9PCmHLyxZrTjU/ZNH&u=U2FsdGVkX18jZ5Bx0XHlLPEqa8rxqpVwNLw7ms2IO205QdomdMD12vec9iDIOquE&y=U2FsdGVkX1/QZDmXqU14UcX0t2m1LaZ5yGGDRIM5k/OgEfj+mwOugMInPcqzljOz HTTP/1.1" 200 208
191.109.166.41 - - [24/Nov/2023:01:00:03 -0500] "GET /kwssiamovil/sm/cjson/pre?f=1&x=U2FsdGVkX1/G5tYY6exLJOu2rDIugdTtlqnFjOh17PASbs+/HWgQ9ytE1P9WoAZb7qz36Z8Ltz31BVCrQqwgsA== HTTP/1.1" 200 31032
66.249.66.20 - - [24/Nov/2023:01:00:48 -0500] "GET /BLA/resoluciones/RESOLUCIONES%202011/1390.pdf HTTP/1.1" 200 596408
201.245.192.253 - - [24/Nov/2023:01:00:48 -0500] "POST /kwsrmcab/Wsrmcab  HTTP/1.1" 200 40861
66.249.66.21 - - [24/Nov/2023:01:02:08 -0500] "GET /BLA/resoluciones/Notificaciones/RESOLUCIONES%202022/2789.pdf HTTP/1.1" 200 371982
66.249.66.19 - - [24/Nov/2023:01:02:09 -0500] "GET /Publicaciones/2023EE218258.pdf HTTP/1.1" 404 228
216.245.221.92 - - [24/Nov/2023:01:02:45 -0500] "HEAD / HTTP/1.1" 200 -
168.119.253.21 - - [24/Nov/2023:01:03:19 -0500] "GET / HTTP/1.1" 200 319
168.119.253.21 - - [24/Nov/2023:01:03:20 -0500] "GET / HTTP/1.1" 200 4720
52.167.144.182 - - [24/Nov/2023:01:03:56 -0500] "GET /Publicaciones/2023EE241945.pdf HTTP/1.1" 404 228
172.22.2.4 - - [24/Nov/2023:01:04:30 -0500] "GET /BLA/boletinlegal/robots.txt HTTP/1.1" 404 1038
172.22.2.4 - - [24/Nov/2023:01:04:31 -0500] "GET /BLA/boletinlegal/images/signo-menos.gif HTTP/1.1" 200 13454
52.167.144.182 - - [24/Nov/2023:01:04:38 -0500] "GET /BLA/resoluciones/index.php?dir=RESOLUCIONES+2005%2FRES+2005+3101-3150%2F HTTP/1.1" 200 12367
191.109.166.41 - - [24/Nov/2023:01:04:47 -0500] "GET /kwssiamovil/sm/ldap/au?x=U2FsdGVkX19Sky+qcEkALyzrk1qZMqPn00RawQo2AKULxGc4w6YLA3u7RtKXWQlMUv6OJLkWNNp09PSgQpv1Dw==&y=U2FsdGVkX1/93q9Fzh2Zw2JzNg+TvxXS1k1iHFZFo6bldOt1MrJdhAh63YlvcA61 HTTP/1.1" 200 30
191.109.166.41 - - [24/Nov/2023:01:04:47 -0500] "GET /kwssiamovil/sm/acme/s?s=U2FsdGVkX19gSmOJJ4bO8c7Kvxodt5Uf0TXb+Pic9rJs57RE9XogPF3loyMGqJzMCTZuZUXcYlo0UjX0Msgnq5yH+Klxg9meve/LTihN6HU=&u=U2FsdGVkX1/mc1Q9K+kSOWahqFyO7oSzDq9iktBHll00f8EBzY5l+mluVtiWbEzm&y=U2FsdGVkX1/93q9Fzh2Zw2JzNg+TvxXS1k1iHFZFo6bldOt1MrJdhAh63YlvcA61 HTTP/1.1" 200 97
191.109.166.41 - - [24/Nov/2023:01:04:48 -0500] "GET /kwssiamovil/sm/acme/s?s=U2FsdGVkX1++yTzCkuGjFeRWCoFu8M7vOUmXcTT/TQ/SbRKXyXcSna1czBGEkiPjMSfQcNY7SZr20JZgCvsfiF8hHVlwa7+MoZQ5WmoQoCA65c9FfuwqE+oY+B6SKFrnUH/Rbahi4I1JZ7hu0sZN0RTQ4X6SPIHVox8Xf8Ioo+9JfwyKj2Tzf9WrLHExSlu09gJd45y10q0VbrGRsCuuUxaA4a1zHCfK0AOsiqZafx8+HiVgP8T9INt1wBeNYQQWvJOa0L9f1Hp/eUGRBDUm3WetxUWGQikq2I8zYJjejzpz+IMtThTPg0jpuLvcltx2MMwTZ0tUHWCySmXIo3k2tkfdw9gi1jVyhzhhJZBPAt/72Ud3yZ/8YGpsBCR2XYRHEuxsEvAR2sd4x5fCRmdKLlDbKwpssH1u95pe++s+xJAU7K1pApj6+Z64FJ4ztQXAMLVzDZReG0Va7tHBMlDeuk4JtXubHgrV4aI/e+9KSJsioKMYXh9FZD9FBGgrTVSDUyG0PDAHSAb9IvtL8IbySbgs6ZHEm+lLEaOJP8YJYOp831I6R1oGQADRJjChPczYpWUyqN4pDP3faxaooUuuPtbEXreS39rnYvmkEnoSdJbDCPPpM3p9jE6l3cDgB43zAFHjslPnE8Rdr7s6iRtP1VoH5y4+BrADh1a08olsCXqSNiP/v5Mk7JVtQqAgViORhN97d7nPQiIg4WZkKW1L3OrVWMokAyKDQ4z/ERkJHy+GHkPwtyk8xHNdls8FHSg9b626wpASE1VdQLZu7ZFuLK+1efcuAiKItPPeOzQBOzN/pWiPiTpd8F9vYFG3e9/s+CPfcciA6dsWg7Q1qo8X/LHTS+egDSbt0/vhfqBxd3VlrTERrmDwTdwppI7ChatRpO+PJofcM0LEFtXxrOSZwfQnCb4hKtEsW7CJTR54cndz1Ey4XMMxTpI4idMCysIeHJHDHXOGHzjz/QO15levCNI0NavVQ79HKHI1EwwX5CIJEtwgrnXzHd1fjwR5DnVekH4v+OSp7XuEderUS0TlV7B4410P0BicTz5wwD24srkb6Z+5wPQb1OHyjaigxkXeIyd5QGSPHpPUtGKu3tF4g9W7dQNnnj9zJJNaclRpN3VCs+rvyvKT4OAi0lXZncXKzEGX1n1FxJHjA/hs3Y7+88G1HemwxIQWoSlSkPVBEvVwBonpJ+EA74NDBJ83zFaCtxl2N+TJ5A9qqBTNF0ZFFr6cGSiN7BGv7R9/HTQ4e8als0bF1+tPeNtxacSIbBX191+4BNnFL35HuyEoNSCRk77j9gn/9PwXtJF+D9BWYn3fT+Vd3KnkGJAioV1Bof6e5yol2Lmr6TyKaY1Kd+9MFX9y4mZBPFX+usYj2NPqX379jYWJria3urhKCwPCRIKBhRRQjFgW7QU87YKW6b/I2h/Y/7r1nF1pAob0Sun9nDCv068DlL1Fv+fYf6JUfHSeJOlq4WIccyNT9eAZirnsZT+xO3o8IcqWQC9Wfwn0ouFcp5tQUo7xsjllUmhk25US3d1Pz7RTQenQpsOZygD8AN2FXu7LArcS8I5fUJePc/TJm8JFyQ/wavjzqTzI7eII2zdZyJmWDdACbXF/VyQLm7U72EPXv6G6xm+J/kmmR8+Qus/mXuFOVJ5FFvx6a6MSksKuKYdRdcqOwT8Jw4KF1QwB56zVlA52bwObcloR7hqRsTSeZ5gV6U/0nbpitwhBdKbR6NxIsPYyZkwQiDcq8eBpHtwUqOc0S0wuQYeOXGXiPiZf8kygizAQInK4qgZ/&u=U2FsdGVkX1/mc1Q9K+kSOWahqFyO7oSzDq9iktBHll00f8EBzY5l+mluVtiWbEzm&y=U2FsdGVkX1/93q9Fzh2Zw2JzNg+TvxXS1k1iHFZFo6bldOt1MrJdhAh63YlvcA61 HTTP/1.1" 200 2687
191.109.166.41 - - [24/Nov/2023:01:04:48 -0500] "GET /kwssiamovil/sm/acme/s?s=U2FsdGVkX1/pzGrhz5BSiuJp2wZRGe5R3XA4+GFxdOrV5jQ223OoOdexeaFXaxTMJGmk7e1HidJF7UY0VyG14KZzD466bJI/+1eW66PFuBLd79FJ6POH/nklDBh43xNa3xiqvuNQd9NIc/DHkV2rnIvNd77fRKAEunZMN2+rX0sLtIW9CG8/gWcp0fC5+gHDszR3mHpKCr2vEw18GyhbqiMoLsU7cTXIO5RI+eeAA0Ojm+OG4PnwLac263hyOWSJMLWmIHXwRIli92fOHuAPZAtRgmXDHnJwG9NidpSQwoQxomWBeDYzG6gjC9D+F5tjzHRPKD+rUsIoyvSFIbjI9U04/rxAmfygaD8Ph42PFAZg30tXDbBJlLMExTHElA/6Y71AUl/CsuiS0PzhXD86vbzTa6DYEvFkYkxAdNlZByKNlEThxhJFbkQ0Jzg3B7eYWLrFguEwqL77/FwHDmOasHGAZw7y5KtBgimfcz7AZpdngS0OiwYclvzynzzhbgnufUtv1sY/7e70TywkiPYkJ5PinrUiwGpKX0ikBZtHogDO5+mouXhEMamN8lAhtll0D5kKDGB5rPasIYmaYrfgcB3vkKKn6KFT8akttO6oeBBX7FbB53f5cx8PaQDpKBuLWTtcm0lX9WYYv54ZG3zqAuTfXjimu0gM4ymAop1MsqGs+DdzBzT0k8zghShhwKFr55GhtXiNB6wlN/+4UKBxpl9f1IzcE683qYBxyTy5BGF1K5jWcds0T8FLeZT1SkAI&u=U2FsdGVkX1/mc1Q9K+kSOWahqFyO7oSzDq9iktBHll00f8EBzY5l+mluVtiWbEzm&y=U2FsdGVkX1/93q9Fzh2Zw2JzNg+TvxXS1k1iHFZFo6bldOt1MrJdhAh63YlvcA61 HTTP/1.1" 200 208
191.109.166.41 - - [24/Nov/2023:01:04:48 -0500] "GET /kwssiamovil/sm/cjson/pre?f=1&x=U2FsdGVkX19Sky+qcEkALyzrk1qZMqPn00RawQo2AKULxGc4w6YLA3u7RtKXWQlMUv6OJLkWNNp09PSgQpv1Dw== HTTP/1.1" 200 31032
172.22.2.4 - - [24/Nov/2023:01:03:21 -0500] "HEAD /BLA/boletinlegal/ HTTP/1.1" 200 -
54.36.149.99 - - [24/Nov/2023:01:05:36 -0500] "GET /robots.txt HTTP/1.1" 404 1018
201.245.192.253 - - [24/Nov/2023:01:05:47 -0500] "POST /kwsrmcab/Wsrmcab  HTTP/1.1" 200 40861
172.22.2.4 - - [24/Nov/2023:01:04:12 -0500] "GET /BLA/boletinlegal/ HTTP/1.1" 200 58644
186.102.46.39 - - [24/Nov/2023:01:05:56 -0500] "-" 408 -
216.245.221.92 - - [24/Nov/2023:01:07:45 -0500] "HEAD / HTTP/1.1" 200 -
172.22.2.4 - - [24/Nov/2023:01:07:51 -0500] "GET /BLA/boletinlegal/robots.txt HTTP/1.1" 404 1038
172.22.2.4 - - [24/Nov/2023:01:07:52 -0500] "GET /BLA/boletinlegal/conceptos.php HTTP/1.1" 200 7496
66.249.66.20 - - [24/Nov/2023:01:08:56 -0500] "GET /BLA/resoluciones/AUTOS%202014/5789.pdf HTTP/1.1" 200 208276
116.103.229.50 - - [24/Nov/2023:01:09:48 -0500] "CONNECT www.google.com:443 HTTP/1.1" 405 942
40.77.167.32 - - [24/Nov/2023:01:10:42 -0500] "GET /BLA/resoluciones/index.php?dir=AUTOS+2008%2F HTTP/1.1" 200 569644
201.245.192.253 - - [24/Nov/2023:01:10:46 -0500] "POST /kwsrmcab/Wsrmcab  HTTP/1.1" 200 40861
172.22.2.4 - - [24/Nov/2023:01:09:11 -0500] "HEAD /BLA/boletinlegal/ HTTP/1.1" 200 -
172.22.2.4 - - [24/Nov/2023:01:09:55 -0500] "HEAD /BLA/boletinlegal/ HTTP/1.1" 200 -
172.22.2.4 - - [24/Nov/2023:01:10:02 -0500] "GET /BLA/boletinlegal/ HTTP/1.1" 200 48217
216.245.221.92 - - [24/Nov/2023:01:12:45 -0500] "HEAD / HTTP/1.1" 200 -
201.245.192.253 - - [24/Nov/2023:01:15:45 -0500] "POST /kwsrmcab/Wsrmcab  HTTP/1.1" 200 40861
172.22.2.4 - - [24/Nov/2023:01:15:01 -0500] "HEAD /BLA/boletinlegal/ HTTP/1.1" 200 -
201.245.192.253 - - [24/Nov/2023:01:16:40 -0500] "POST /kwsrmcab/Wsrmcab HTTP/1.1" 200 41022
201.245.192.253 - - [24/Nov/2023:01:16:45 -0500] "POST /kwsrmcab/Wsrmcab HTTP/1.1" 200 41808
172.22.2.4 - - [24/Nov/2023:01:15:51 -0500] "GET /BLA/boletinlegal/ HTTP/1.1" 200 59007
216.245.221.92 - - [24/Nov/2023:01:17:45 -0500] "HEAD / HTTP/1.1" 200 -
207.46.13.154 - - [24/Nov/2023:01:18:57 -0500] "GET /BLA/resoluciones/index.php?dir=RESOLUCIONES+2006%2FRES+2006+2751-2800%2F HTTP/1.1" 200 12358
142.93.181.144 - - [24/Nov/2023:01:20:02 -0500] "\x16\x03\x01" 400 226
142.93.181.144 - - [24/Nov/2023:01:20:02 -0500] "\x16\x03\x01" 400 226
142.93.181.144 - - [24/Nov/2023:01:20:03 -0500] "GET / HTTP/1.1" 200 319
142.93.181.144 - - [24/Nov/2023:01:20:03 -0500] "GET /form.html HTTP/1.1" 404 1018
142.93.181.144 - - [24/Nov/2023:01:20:03 -0500] "GET /upl.php HTTP/1.1" 404 1018
142.93.181.144 - - [24/Nov/2023:01:20:03 -0500] "\x16\x03\x01" 400 226
142.93.181.144 - - [24/Nov/2023:01:20:03 -0500] "GET /geoip/ HTTP/1.1" 404 1018
142.93.181.144 - - [24/Nov/2023:01:20:04 -0500] "GET / HTTP/1.1" 200 319
142.93.181.144 - - [24/Nov/2023:01:20:04 -0500] "GET /favicon.ico HTTP/1.1" 200 7782
142.93.181.144 - - [24/Nov/2023:01:20:04 -0500] "GET /1.php HTTP/1.1" 404 1018
142.93.181.144 - - [24/Nov/2023:01:20:04 -0500] "GET /bundle.js HTTP/1.1" 404 1018
142.93.181.144 - - [24/Nov/2023:01:20:04 -0500] "GET /files/ HTTP/1.1" 404 1018
142.93.181.144 - - [24/Nov/2023:01:20:05 -0500] "GET /systembc/password.php HTTP/1.1" 404 1018
142.93.181.144 - - [24/Nov/2023:01:20:05 -0500] "GET /password.php HTTP/1.1" 404 1018
142.93.181.144 - - [24/Nov/2023:01:20:05 -0500] "GET /info.php HTTP/1.1" 404 1018
201.245.192.253 - - [24/Nov/2023:01:20:12 -0500] "POST /kwsrmcab/Wsrmcab HTTP/1.1" 200 41022
201.245.192.253 - - [24/Nov/2023:01:20:44 -0500] "POST /kwsrmcab/Wsrmcab  HTTP/1.1" 200 40861
172.22.2.4 - - [24/Nov/2023:01:19:17 -0500] "GET /BLA/boletinlegal/index.php HTTP/1.1" 200 62379
172.22.2.4 - - [24/Nov/2023:01:21:08 -0500] "GET /BLA/boletinlegal/js/jquery.js HTTP/1.1" 200 57254
172.22.2.4 - - [24/Nov/2023:01:21:12 -0500] "GET /BLA/boletinlegal/js/jquery.scrollTo-min.js HTTP/1.1" 200 1150
172.22.2.4 - - [24/Nov/2023:01:21:12 -0500] "GET /BLA/boletinlegal/js/jquery.scrollShow.js HTTP/1.1" 200 4586
172.22.2.4 - - [24/Nov/2023:01:20:51 -0500] "HEAD /BLA/boletinlegal/ HTTP/1.1" 200 -
216.245.221.92 - - [24/Nov/2023:01:22:45 -0500] "HEAD / HTTP/1.1" 200 -
66.249.66.21 - - [24/Nov/2023:01:22:51 -0500] "GET /BLA/resoluciones/AUTOS%202008/0368.pdf HTTP/1.1" 200 151967
201.245.192.253 - - [24/Nov/2023:01:22:56 -0500] "POST /kwsrmcab/Wsrmcab HTTP/1.1" 200 41808
52.167.144.182 - - [24/Nov/2023:01:23:13 -0500] "GET /Publicaciones/2023EE233184.pdf HTTP/1.1" 404 228
172.22.2.4 - - [24/Nov/2023:01:21:41 -0500] "GET /BLA/boletinlegal/ HTTP/1.1" 200 58644
66.249.66.194 - - [24/Nov/2023:01:25:18 -0500] "GET /bogota-construccion-sostenible-reconocio-los-disenos-de-proyectos-constructivos-que-generaran-un-impacto-positivo-al-ambiente-en-la-ciudad.html HTTP/1.1" 200 872
201.245.192.253 - - [24/Nov/2023:01:25:42 -0500] "POST /kwsrmcab/Wsrmcab  HTTP/1.1" 200 40861
40.77.167.40 - - [24/Nov/2023:01:25:50 -0500] "GET /BLA/resoluciones/RESOLUCIONES%202021/1128.pdf HTTP/1.1" 304 -
201.245.192.253 - - [24/Nov/2023:01:26:40 -0500] "POST /kwsrmcab/Wsrmcab HTTP/1.1" 200 41022
201.245.192.253 - - [24/Nov/2023:01:26:44 -0500] "POST /kwsrmcab/Wsrmcab HTTP/1.1" 200 41808
172.22.2.4 - - [24/Nov/2023:01:27:18 -0500] "GET /BLA/boletinlegal/js/ajax_conceptos.js HTTP/1.1" 200 1326
172.22.2.4 - - [24/Nov/2023:01:27:25 -0500] "GET /BLA/boletinlegal/niceforms-default.css HTTP/1.1" 200 6694
172.22.2.4 - - [24/Nov/2023:01:27:25 -0500] "GET /BLA/boletinlegal/niceforms.js HTTP/1.1" 200 22876
216.245.221.92 - - [24/Nov/2023:01:27:45 -0500] "HEAD / HTTP/1.1" 200 -
172.22.2.4 - - [24/Nov/2023:01:26:41 -0500] "HEAD /BLA/boletinlegal/ HTTP/1.1" 200 -
66.249.66.21 - - [24/Nov/2023:01:28:28 -0500] "GET /BLA/resoluciones/AUTOS%202008/1027.pdf HTTP/1.1" 200 165474
172.22.2.4 - - [24/Nov/2023:01:27:32 -0500] "GET /BLA/boletinlegal/ HTTP/1.1" 200 60634
201.245.192.253 - - [24/Nov/2023:01:30:12 -0500] "POST /kwsrmcab/Wsrmcab HTTP/1.1" 200 41022
201.245.192.253 - - [24/Nov/2023:01:30:41 -0500] "POST /kwsrmcab/Wsrmcab  HTTP/1.1" 200 40861
66.249.66.20 - - [24/Nov/2023:01:32:09 -0500] "GET /BLA/resoluciones/RESOLUCIONES%202013/1262.pdf HTTP/1.1" 200 7313637
216.245.221.92 - - [24/Nov/2023:01:32:45 -0500] "HEAD / HTTP/1.1" 200 -
201.245.192.253 - - [24/Nov/2023:01:32:49 -0500] "POST /kwsrmcab/Wsrmcab HTTP/1.1" 200 41808
152.61.192.232 - - [24/Nov/2023:01:32:59 -0500] "GET / HTTP/1.1" 200 319
172.22.2.4 - - [24/Nov/2023:01:32:32 -0500] "HEAD /BLA/boletinlegal/ HTTP/1.1" 200 -
172.22.2.4 - - [24/Nov/2023:01:33:23 -0500] "GET /BLA/boletinlegal/ HTTP/1.1" 200 60634
201.245.192.253 - - [24/Nov/2023:01:35:40 -0500] "POST /kwsrmcab/Wsrmcab  HTTP/1.1" 503 1020
201.245.192.253 - - [24/Nov/2023:01:36:39 -0500] "POST /kwsrmcab/Wsrmcab  HTTP/1.1" 503 1020
201.245.192.253 - - [24/Nov/2023:01:36:41 -0500] "POST /kwsrmcab/Wsrmcab HTTP/1.1" 503 1020
201.245.192.253 - - [24/Nov/2023:01:36:41 -0500] "POST /kwsrmcab/Wsrmcab HTTP/1.1" 503 1020
201.245.192.253 - - [24/Nov/2023:01:37:38 -0500] "POST /kwsrmcab/Wsrmcab  HTTP/1.1" 200 40861
216.245.221.92 - - [24/Nov/2023:01:37:45 -0500] "HEAD / HTTP/1.1" 200 -
74.125.210.198 - - [24/Nov/2023:01:38:04 -0500] "GET /BLA/resoluciones/RESOLUCIONES%202013/1197.pdf HTTP/1.1" 200 1787007
201.245.192.253 - - [24/Nov/2023:01:38:39 -0500] "POST /kwsrmcab/Wsrmcab  HTTP/1.1" 200 40861
66.249.66.19 - - [24/Nov/2023:01:39:30 -0500] "GET /BLA/resoluciones/RESOLUCIONES%202011/5715.pdf HTTP/1.1" 200 591366
172.22.2.4 - - [24/Nov/2023:01:38:22 -0500] "HEAD /BLA/boletinlegal/ HTTP/1.1" 200 -
201.245.192.253 - - [24/Nov/2023:01:40:12 -0500] "POST /kwsrmcab/Wsrmcab HTTP/1.1" 200 41022
40.77.167.241 - - [24/Nov/2023:01:40:32 -0500] "GET /BLA/resoluciones/index.php?dir=RESOLUCIONES+2005%2FRES+2005+251-300%2F HTTP/1.1" 200 12254
172.22.2.4 - - [24/Nov/2023:01:39:12 -0500] "GET /BLA/boletinlegal/ HTTP/1.1" 200 52827
216.245.221.92 - - [24/Nov/2023:01:42:45 -0500] "HEAD / HTTP/1.1" 200 -
201.245.192.253 - - [24/Nov/2023:01:42:45 -0500] "POST /kwsrmcab/Wsrmcab HTTP/1.1" 200 41808
201.245.192.253 - - [24/Nov/2023:01:43:39 -0500] "POST /kwsrmcab/Wsrmcab  HTTP/1.1" 200 40861
157.55.39.15 - - [24/Nov/2023:01:45:19 -0500] "GET /BLA/resoluciones/RESOLUCIONES%202021/0795.pdf HTTP/1.1" 304 -
172.22.2.4 - - [24/Nov/2023:01:44:12 -0500] "HEAD /BLA/boletinlegal/ HTTP/1.1" 200 -
172.22.2.4 - - [24/Nov/2023:01:45:02 -0500] "GET /BLA/boletinlegal/ HTTP/1.1" 200 58644
216.245.221.92 - - [24/Nov/2023:01:47:45 -0500] "HEAD / HTTP/1.1" 200 -
201.245.192.253 - - [24/Nov/2023:01:48:38 -0500] "POST /kwsrmcab/Wsrmcab  HTTP/1.1" 200 40861
172.22.2.4 - - [24/Nov/2023:01:50:02 -0500] "HEAD /BLA/boletinlegal/ HTTP/1.1" 200 -
172.22.2.4 - - [24/Nov/2023:01:50:53 -0500] "GET /BLA/boletinlegal/ HTTP/1.1" 200 58644
216.245.221.92 - - [24/Nov/2023:01:52:45 -0500] "HEAD / HTTP/1.1" 200 -
201.245.192.253 - - [24/Nov/2023:01:53:37 -0500] "POST /kwsrmcab/Wsrmcab  HTTP/1.1" 200 40861
172.22.2.4 - - [24/Nov/2023:01:55:52 -0500] "HEAD /BLA/boletinlegal/ HTTP/1.1" 200 -
216.245.221.92 - - [24/Nov/2023:01:57:45 -0500] "HEAD / HTTP/1.1" 200 -
172.22.2.4 - - [24/Nov/2023:01:56:43 -0500] "GET /BLA/boletinlegal/ HTTP/1.1" 200 55399
201.245.192.253 - - [24/Nov/2023:01:58:36 -0500] "POST /kwsrmcab/Wsrmcab  HTTP/1.1" 200 40861
216.245.221.92 - - [24/Nov/2023:02:02:45 -0500] "HEAD / HTTP/1.1" 200 -
172.22.2.4 - - [24/Nov/2023:02:01:42 -0500] "HEAD /BLA/boletinlegal/ HTTP/1.1" 200 -
201.245.192.253 - - [24/Nov/2023:02:03:35 -0500] "POST /kwsrmcab/Wsrmcab  HTTP/1.1" 200 40861
172.22.2.4 - - [24/Nov/2023:02:02:32 -0500] "GET /BLA/boletinlegal/ HTTP/1.1" 200 47708
172.22.2.4 - - [24/Nov/2023:02:02:56 -0500] "GET /BLA/boletinlegal/ HTTP/1.1" 200 54105
216.245.221.92 - - [24/Nov/2023:02:07:45 -0500] "HEAD / HTTP/1.1" 200 -
201.245.192.253 - - [24/Nov/2023:02:08:34 -0500] "POST /kwsrmcab/Wsrmcab  HTTP/1.1" 200 40861
172.22.2.4 - - [24/Nov/2023:02:07:32 -0500] "HEAD /BLA/boletinlegal/ HTTP/1.1" 200 -
172.22.2.4 - - [24/Nov/2023:02:08:22 -0500] "GET /BLA/boletinlegal/ HTTP/1.1" 200 53737
216.244.66.195 - - [24/Nov/2023:02:12:33 -0500] "GET /robots.txt HTTP/1.1" 404 1018
216.245.221.92 - - [24/Nov/2023:02:12:45 -0500] "HEAD / HTTP/1.1" 200 -
201.245.192.253 - - [24/Nov/2023:02:13:33 -0500] "POST /kwsrmcab/Wsrmcab  HTTP/1.1" 200 40861
172.22.2.4 - - [24/Nov/2023:02:13:22 -0500] "HEAD /BLA/boletinlegal/ HTTP/1.1" 200 -
172.22.2.4 - - [24/Nov/2023:02:14:14 -0500] "GET /BLA/boletinlegal/ HTTP/1.1" 200 59007
201.245.192.253 - - [24/Nov/2023:02:16:40 -0500] "POST /kwsrmcab/Wsrmcab HTTP/1.1" 200 40887
201.245.192.253 - - [24/Nov/2023:02:16:43 -0500] "POST /kwsrmcab/Wsrmcab HTTP/1.1" 200 41796
216.245.221.92 - - [24/Nov/2023:02:17:45 -0500] "HEAD / HTTP/1.1" 200 -
201.245.192.253 - - [24/Nov/2023:02:18:32 -0500] "POST /kwsrmcab/Wsrmcab  HTTP/1.1" 200 40861
201.245.192.253 - - [24/Nov/2023:02:20:12 -0500] "POST /kwsrmcab/Wsrmcab HTTP/1.1" 200 40887
172.22.2.4 - - [24/Nov/2023:02:19:14 -0500] "HEAD /BLA/boletinlegal/ HTTP/1.1" 200 -
172.22.2.4 - - [24/Nov/2023:02:20:04 -0500] "GET /BLA/boletinlegal/ HTTP/1.1" 200 59360
216.245.221.92 - - [24/Nov/2023:02:22:45 -0500] "HEAD / HTTP/1.1" 200 -
201.245.192.253 - - [24/Nov/2023:02:22:49 -0500] "POST /kwsrmcab/Wsrmcab HTTP/1.1" 200 41796
201.245.192.253 - - [24/Nov/2023:02:23:31 -0500] "POST /kwsrmcab/Wsrmcab  HTTP/1.1" 200 40861
201.245.192.253 - - [24/Nov/2023:02:26:40 -0500] "POST /kwsrmcab/Wsrmcab HTTP/1.1" 200 40887
172.22.2.4 - - [24/Nov/2023:02:25:04 -0500] "HEAD /BLA/boletinlegal/ HTTP/1.1" 200 -
201.245.192.253 - - [24/Nov/2023:02:26:43 -0500] "POST /kwsrmcab/Wsrmcab HTTP/1.1" 200 41796
172.22.2.4 - - [24/Nov/2023:02:25:54 -0500] "GET /BLA/boletinlegal/ HTTP/1.1" 200 58644
216.245.221.92 - - [24/Nov/2023:02:27:44 -0500] "HEAD / HTTP/1.1" 200 -
201.245.192.253 - - [24/Nov/2023:02:28:29 -0500] "POST /kwsrmcab/Wsrmcab  HTTP/1.1" 200 40861
201.245.192.253 - - [24/Nov/2023:02:30:11 -0500] "POST /kwsrmcab/Wsrmcab HTTP/1.1" 200 40887
172.22.2.4 - - [24/Nov/2023:02:30:54 -0500] "HEAD /BLA/boletinlegal/ HTTP/1.1" 200 -
201.245.192.253 - - [24/Nov/2023:02:32:37 -0500] "POST /kwsrmcab/Wsrmcab HTTP/1.1" 200 41796
216.245.221.92 - - [24/Nov/2023:02:32:44 -0500] "HEAD / HTTP/1.1" 200 -
172.22.2.4 - - [24/Nov/2023:02:31:44 -0500] "GET /BLA/boletinlegal/ HTTP/1.1" 200 57881
201.245.192.253 - - [24/Nov/2023:02:33:28 -0500] "POST /kwsrmcab/Wsrmcab  HTTP/1.1" 200 40861
157.55.39.54 - - [24/Nov/2023:02:35:33 -0500] "GET /BLA/resoluciones/index.php?dir=AUTOS+2018%2F HTTP/1.1" 200 468238
201.245.192.253 - - [24/Nov/2023:02:36:40 -0500] "POST /kwsrmcab/Wsrmcab HTTP/1.1" 200 40887
201.245.192.253 - - [24/Nov/2023:02:36:44 -0500] "POST /kwsrmcab/Wsrmcab HTTP/1.1" 200 41796
216.244.66.195 - - [24/Nov/2023:02:37:42 -0500] "GET /BLA/resoluciones/AUTOS%202008/0123.pdf HTTP/1.1" 200 92021
216.245.221.92 - - [24/Nov/2023:02:37:44 -0500] "HEAD / HTTP/1.1" 200 -
216.244.66.195 - - [24/Nov/2023:02:38:15 -0500] "GET /BLA/resoluciones/AUTOS%202008/0333.pdf HTTP/1.1" 200 61194
172.22.2.4 - - [24/Nov/2023:02:36:44 -0500] "HEAD /BLA/boletinlegal/ HTTP/1.1" 200 -
201.245.192.253 - - [24/Nov/2023:02:38:27 -0500] "POST /kwsrmcab/Wsrmcab  HTTP/1.1" 200 40861
188.241.144.108 - - [24/Nov/2023:02:38:30 -0500] "GET /appsia/controlador HTTP/1.1" 200 4799
216.244.66.195 - - [24/Nov/2023:02:38:44 -0500] "GET /BLA/resoluciones/AUTOS%202008/1365.pdf HTTP/1.1" 200 69533
216.244.66.195 - - [24/Nov/2023:02:39:14 -0500] "GET /BLA/resoluciones/AUTOS%202008/1426.pdf HTTP/1.1" 200 97748
172.22.2.4 - - [24/Nov/2023:02:37:34 -0500] "GET /BLA/boletinlegal/ HTTP/1.1" 200 52827
216.244.66.195 - - [24/Nov/2023:02:39:47 -0500] "GET /BLA/resoluciones/AUTOS%202009/0615.pdf HTTP/1.1" 200 120338
201.245.192.253 - - [24/Nov/2023:02:40:12 -0500] "POST /kwsrmcab/Wsrmcab HTTP/1.1" 200 40887
216.244.66.195 - - [24/Nov/2023:02:40:26 -0500] "GET /BLA/resoluciones/AUTOS%202013/0594.pdf HTTP/1.1" 200 1719331
199.16.157.183 - - [24/Nov/2023:02:41:14 -0500] "GET /images/cr%C3%B3nica-29-nov-1_optimized.jpeg HTTP/1.1" 404 1034
216.244.66.195 - - [24/Nov/2023:02:41:16 -0500] "GET /BLA/resoluciones/AUTOS%202013/2047.pdf HTTP/1.1" 200 1769898
216.244.66.195 - - [24/Nov/2023:02:42:06 -0500] "GET /BLA/resoluciones/AUTOS%202014/0042.pdf HTTP/1.1" 200 826826
201.245.192.253 - - [24/Nov/2023:02:42:38 -0500] "POST /kwsrmcab/Wsrmcab HTTP/1.1" 200 41796
216.245.221.92 - - [24/Nov/2023:02:42:44 -0500] "HEAD / HTTP/1.1" 200 -
157.55.39.54 - - [24/Nov/2023:02:42:46 -0500] "GET /Publicaciones/2023EE244583.pdf HTTP/1.1" 404 228
173.252.107.9 - - [24/Nov/2023:02:42:54 -0500] "GET /mujeres-que-reverdecen-secretaria-de-ambiente-anuncia-300-cupos-para-la-tercera-fase-del-programa.html HTTP/1.1" 200 823
216.244.66.195 - - [24/Nov/2023:02:42:56 -0500] "GET /BLA/resoluciones/AUTOS%202014/0440.pdf HTTP/1.1" 200 529139
201.245.192.253 - - [24/Nov/2023:02:43:26 -0500] "POST /kwsrmcab/Wsrmcab  HTTP/1.1" 200 40861
216.244.66.195 - - [24/Nov/2023:02:43:46 -0500] "GET /BLA/resoluciones/AUTOS%202014/2018.pdf HTTP/1.1" 200 190329
172.22.2.4 - - [24/Nov/2023:02:42:34 -0500] "HEAD /BLA/boletinlegal/ HTTP/1.1" 200 -
216.244.66.195 - - [24/Nov/2023:02:44:20 -0500] "GET /BLA/resoluciones/AUTOS%202015/0047.pdf HTTP/1.1" 200 669475
152.61.192.232 - - [24/Nov/2023:02:44:41 -0500] "GET /arcgis/services/Calidad_del_Agua_WQI/MapServer/WMSServer?request=GetCapabilities&service=WMS HTTP/1.1" 503 1020
152.61.192.232 - - [24/Nov/2023:02:44:42 -0500] "GET /arcgis/services/Calidad_del_Agua_WQI/MapServer/WMSServer?SERVICE=WMS&REQUEST=GetCapabilities HTTP/1.1" 503 1020
152.61.192.232 - - [24/Nov/2023:02:44:42 -0500] "GET /arcgis/services/Calidad_del_Agua_WQI/MapServer/WMSServer?WMTVER=1.0.0&REQUEST=capabilities HTTP/1.1" 503 1020
172.22.2.4 - - [24/Nov/2023:02:44:44 -0500] "GET /BLA/boletinlegal/robots.txt HTTP/1.1" 404 1038
172.22.2.4 - - [24/Nov/2023:02:44:44 -0500] "GET /BLA/boletinlegal/jurisprudencia/analisis/Analisis%20jurisprudencial%20Sentencia%20C-366-11.doc HTTP/1.1" 200 59392
172.22.2.4 - - [24/Nov/2023:02:44:47 -0500] "GET /BLA/boletinlegal/jurisprudencia/analisis/AnalisisT-693-12.docx HTTP/1.1" 304 -
172.22.2.4 - - [24/Nov/2023:02:43:24 -0500] "GET /BLA/boletinlegal/ HTTP/1.1" 200 58294
216.244.66.195 - - [24/Nov/2023:02:45:10 -0500] "GET /BLA/resoluciones/AUTOS%202015/0416.pdf HTTP/1.1" 200 866437
216.244.66.195 - - [24/Nov/2023:02:46:01 -0500] "GET /BLA/resoluciones/AUTOS%202015/0484.pdf HTTP/1.1" 200 732932
216.244.66.195 - - [24/Nov/2023:02:46:50 -0500] "GET /BLA/resoluciones/AUTOS%202015/0795.pdf HTTP/1.1" 200 579779
216.244.66.195 - - [24/Nov/2023:02:47:40 -0500] "GET /BLA/resoluciones/AUTOS%202015/2055.pdf HTTP/1.1" 200 581845
216.245.221.92 - - [24/Nov/2023:02:47:44 -0500] "HEAD / HTTP/1.1" 200 -
201.245.192.253 - - [24/Nov/2023:02:48:25 -0500] "POST /kwsrmcab/Wsrmcab  HTTP/1.1" 200 40861
216.244.66.195 - - [24/Nov/2023:02:48:29 -0500] "GET /BLA/resoluciones/AUTOS%202015/2346.pdf HTTP/1.1" 200 800225
172.22.2.4 - - [24/Nov/2023:02:46:55 -0500] "GET /BLA/boletinlegal/ HTTP/1.1" 200 61736
152.61.128.50 - - [24/Nov/2023:02:48:54 -0500] "GET / HTTP/1.1" 200 319
139.162.195.112 - - [24/Nov/2023:02:49:14 -0500] "GET / HTTP/1.1" 200 319
139.162.195.112 - - [24/Nov/2023:02:49:14 -0500] "\x16\x03\x01" 400 226
139.162.195.112 - - [24/Nov/2023:02:49:14 -0500] "\x16\x03\x01" 400 226
139.162.195.112 - - [24/Nov/2023:02:49:14 -0500] "\x16\x03\x01" 400 226
216.244.66.195 - - [24/Nov/2023:02:49:19 -0500] "GET /BLA/resoluciones/AUTOS%202015/3699.pdf HTTP/1.1" 200 561291
172.22.2.4 - - [24/Nov/2023:02:48:24 -0500] "HEAD /BLA/boletinlegal/ HTTP/1.1" 200 -
157.55.39.53 - - [24/Nov/2023:02:50:52 -0500] "GET /bla/resoluciones/resoluciones%202012/1284.pdf HTTP/1.1" 200 309165
172.22.2.4 - - [24/Nov/2023:02:49:15 -0500] "GET /BLA/boletinlegal/ HTTP/1.1" 200 53356
216.245.221.92 - - [24/Nov/2023:02:52:44 -0500] "HEAD / HTTP/1.1" 200 -
201.245.192.253 - - [24/Nov/2023:02:53:24 -0500] "POST /kwsrmcab/Wsrmcab  HTTP/1.1" 200 40861
40.77.167.68 - - [24/Nov/2023:02:55:14 -0500] "GET /Publicaciones/2023EE209144.pdf HTTP/1.1" 404 228
172.22.2.4 - - [24/Nov/2023:02:54:15 -0500] "HEAD /BLA/boletinlegal/ HTTP/1.1" 200 -
172.22.2.4 - - [24/Nov/2023:02:55:05 -0500] "GET /BLA/boletinlegal/ HTTP/1.1" 200 58644
216.245.221.92 - - [24/Nov/2023:02:57:44 -0500] "HEAD / HTTP/1.1" 200 -
201.245.192.253 - - [24/Nov/2023:02:58:23 -0500] "POST /kwsrmcab/Wsrmcab  HTTP/1.1" 200 40861
172.22.2.4 - - [24/Nov/2023:03:01:05 -0500] "GET /BLA/boletinlegal/actos.php HTTP/1.1" 200 9682
172.22.2.4 - - [24/Nov/2023:03:01:05 -0500] "GET /BLA/boletinlegal/styles2.css HTTP/1.1" 200 1838
172.22.2.4 - - [24/Nov/2023:03:01:05 -0500] "GET /BLA/boletinlegal/js/ajax_actos.js HTTP/1.1" 200 1322
172.22.2.4 - - [24/Nov/2023:03:01:05 -0500] "GET /BLA/boletinlegal/niceforms-default.css HTTP/1.1" 200 6694
172.22.2.4 - - [24/Nov/2023:03:01:05 -0500] "GET /BLA/boletinlegal/style.css HTTP/1.1" 200 9406
172.22.2.4 - - [24/Nov/2023:03:01:05 -0500] "GET /BLA/boletinlegal/niceforms.js HTTP/1.1" 200 22876
172.22.2.4 - - [24/Nov/2023:03:01:05 -0500] "GET /BLA/boletinlegal/js/lib.js HTTP/1.1" 200 6474
172.22.2.4 - - [24/Nov/2023:03:01:05 -0500] "GET /BLA/boletinlegal/js/popup.js HTTP/1.1" 200 1270
172.22.2.4 - - [24/Nov/2023:03:01:05 -0500] "GET /BLA/boletinlegal/js/jquery1.js HTTP/1.1" 200 29846
172.22.2.4 - - [24/Nov/2023:03:01:05 -0500] "GET /BLA/boletinlegal/images/cabezote%20BLEGAL.jpg HTTP/1.1" 200 118164
172.22.2.4 - - [24/Nov/2023:03:01:05 -0500] "GET /BLA/boletinlegal/images/subscribe-icon-big.png HTTP/1.1" 200 47702
172.22.2.4 - - [24/Nov/2023:03:01:05 -0500] "GET /BLA/boletinlegal/images/historia.png HTTP/1.1" 200 52775
172.22.2.4 - - [24/Nov/2023:03:01:05 -0500] "GET /BLA/boletinlegal/images/body_bg.jpg HTTP/1.1" 200 1601
172.22.2.4 - - [24/Nov/2023:03:01:05 -0500] "GET /BLA/boletinlegal/images/footer_bg.jpg HTTP/1.1" 200 586
172.22.2.4 - - [24/Nov/2023:03:01:05 -0500] "GET /BLA/boletinlegal/images/menu_lft.gif HTTP/1.1" 200 1713
172.22.2.4 - - [24/Nov/2023:03:01:05 -0500] "GET /BLA/boletinlegal/images/menu_rght.gif HTTP/1.1" 200 1627
172.22.2.4 - - [24/Nov/2023:03:01:05 -0500] "GET /BLA/boletinlegal/images/bg_top.jpg HTTP/1.1" 200 522
172.22.2.4 - - [24/Nov/2023:03:01:05 -0500] "GET /BLA/boletinlegal/images/menu_bg.jpg HTTP/1.1" 200 620
172.22.2.4 - - [24/Nov/2023:03:01:05 -0500] "GET /BLA/boletinlegal/images/text.jpg HTTP/1.1" 200 568
172.22.2.4 - - [24/Nov/2023:03:01:05 -0500] "GET /BLA/boletinlegal/images/registro-usuarios.png HTTP/1.1" 200 8106
172.22.2.4 - - [24/Nov/2023:03:01:05 -0500] "GET /BLA/boletinlegal/images/hover.jpg HTTP/1.1" 200 640
172.22.2.4 - - [24/Nov/2023:03:01:05 -0500] "GET /BLA/boletinlegal/images/green-yellow-blue-pink-th.png HTTP/1.1" 200 7394
172.22.2.4 - - [24/Nov/2023:03:01:05 -0500] "GET /BLA/boletinlegal/images/tel.png HTTP/1.1" 200 14477
172.22.2.4 - - [24/Nov/2023:03:01:05 -0500] "GET /BLA/boletinlegal/images/icono-email.png HTTP/1.1" 200 5544
172.22.2.4 - - [24/Nov/2023:03:01:05 -0500] "GET /BLA/boletinlegal/images/footer_bg_l.jpg HTTP/1.1" 200 776
172.22.2.4 - - [24/Nov/2023:03:01:05 -0500] "GET /BLA/boletinlegal/img/0.png HTTP/1.1" 200 110
172.22.2.4 - - [24/Nov/2023:03:01:05 -0500] "GET /BLA/boletinlegal/img/select-left.png HTTP/1.1" 200 263
172.22.2.4 - - [24/Nov/2023:03:01:05 -0500] "GET /BLA/boletinlegal/img/select-right.png HTTP/1.1" 200 44019
172.22.2.4 - - [24/Nov/2023:03:01:05 -0500] "GET /BLA/boletinlegal/img/button-left.png HTTP/1.1" 200 57071
172.22.2.4 - - [24/Nov/2023:03:01:05 -0500] "GET /BLA/boletinlegal/img/button.png HTTP/1.1" 200 43241
172.22.2.4 - - [24/Nov/2023:03:01:05 -0500] "GET /BLA/boletinlegal/img/button-right.png HTTP/1.1" 200 57878
186.83.246.35 - - [24/Nov/2023:03:01:08 -0500] "GET /BLA/resoluciones/ HTTP/1.1" 200 13696
186.83.246.35 - - [24/Nov/2023:03:01:08 -0500] "GET /BLA/resoluciones/dlf/folder.png HTTP/1.1" 200 410
186.83.246.35 - - [24/Nov/2023:03:01:08 -0500] "GET /BLA/resoluciones/dlf/styles.css HTTP/1.1" 200 3049
186.83.246.35 - - [24/Nov/2023:03:01:08 -0500] "GET /BLA/resoluciones/dlf/bg.gif HTTP/1.1" 200 54
186.83.246.35 - - [24/Nov/2023:03:01:12 -0500] "GET /BLA/resoluciones/dlf/dirup.png HTTP/1.1" 200 644
186.83.246.35 - - [24/Nov/2023:03:01:12 -0500] "GET /BLA/resoluciones/dlf/pdf.gif HTTP/1.1" 200 272
186.83.246.35 - - [24/Nov/2023:03:01:11 -0500] "GET /BLA/resoluciones/index.php?dir=RESOLUCIONES+2009%2F HTTP/1.1" 200 1694101
216.244.66.195 - - [24/Nov/2023:03:01:18 -0500] "GET /robots.txt HTTP/1.1" 404 1018
186.83.246.35 - - [24/Nov/2023:03:01:19 -0500] "GET /BLA/resoluciones/RESOLUCIONES%202009/4573.pdf HTTP/1.1" 200 3033915
172.22.2.4 - - [24/Nov/2023:03:00:05 -0500] "HEAD /BLA/boletinlegal/ HTTP/1.1" 200 -
172.22.2.4 - - [24/Nov/2023:03:00:55 -0500] "GET /BLA/boletinlegal/ HTTP/1.1" 200 58644
216.245.221.92 - - [24/Nov/2023:03:02:44 -0500] "HEAD / HTTP/1.1" 200 -
201.245.192.253 - - [24/Nov/2023:03:03:22 -0500] "POST /kwsrmcab/Wsrmcab  HTTP/1.1" 200 40861
66.249.66.192 - - [24/Nov/2023:03:04:17 -0500] "GET /inscribete-y-participa-en-las-caminatas-ecologicas-de-marzo.html HTTP/1.1" 304 -
66.249.66.194 - - [24/Nov/2023:03:04:18 -0500] "GET /mas-de-70-aves-de-corral-y-de-especies-no-convencionales-encontraron-un-hogar.html HTTP/1.1" 304 -
66.249.66.194 - - [24/Nov/2023:03:04:18 -0500] "GET /vehiculos-de-cero-o-bajas-emisiones-para-enfrentar-el-cambio-climatico.html HTTP/1.1" 304 -
199.16.157.183 - - [24/Nov/2023:03:06:25 -0500] "GET /images/pl%C3%A1sticos%20foto%201..jpg HTTP/1.1" 404 1034
66.249.66.192 - - [24/Nov/2023:03:06:59 -0500] "GET /el-agua-recurso-vital-para-la-conservacion-de-los-ecosistemas.html HTTP/1.1" 304 -
172.22.2.4 - - [24/Nov/2023:03:05:55 -0500] "HEAD /BLA/boletinlegal/ HTTP/1.1" 200 -
216.245.221.92 - - [24/Nov/2023:03:07:44 -0500] "HEAD / HTTP/1.1" 200 -
201.245.192.253 - - [24/Nov/2023:03:08:21 -0500] "POST /kwsrmcab/Wsrmcab  HTTP/1.1" 200 40861
172.22.2.4 - - [24/Nov/2023:03:06:45 -0500] "GET /BLA/boletinlegal/ HTTP/1.1" 200 52827
172.22.2.4 - - [24/Nov/2023:03:10:26 -0500] "GET /BLA/boletinlegal/Directivas/2018/Directiva%20No.%2027%20del%2028%20de%20diciembre%20de%202018.pdf HTTP/1.1" 200 2831879
216.245.221.92 - - [24/Nov/2023:03:12:44 -0500] "HEAD / HTTP/1.1" 200 -
201.245.192.253 - - [24/Nov/2023:03:13:19 -0500] "POST /kwsrmcab/Wsrmcab  HTTP/1.1" 200 40861
205.210.31.107 - - [24/Nov/2023:03:13:23 -0500] "\x16\x03\x01" 400 226
205.210.31.107 - - [24/Nov/2023:03:13:23 -0500] "\x16\x03\x01" 400 226
172.22.2.4 - - [24/Nov/2023:03:11:44 -0500] "HEAD /BLA/boletinlegal/ HTTP/1.1" 200 -
172.22.2.4 - - [24/Nov/2023:03:12:35 -0500] "GET /BLA/boletinlegal/ HTTP/1.1" 200 56997
52.167.144.161 - - [24/Nov/2023:03:15:19 -0500] "GET /BLA/resoluciones/AUTOS%202014/1537.pdf HTTP/1.1" 200 672249
201.245.192.253 - - [24/Nov/2023:03:16:40 -0500] "POST /kwsrmcab/Wsrmcab HTTP/1.1" 200 40861
201.245.192.253 - - [24/Nov/2023:03:16:43 -0500] "POST /kwsrmcab/Wsrmcab HTTP/1.1" 200 41786
69.63.184.3 - - [24/Nov/2023:03:17:26 -0500] "GET /images/lagartija-animal-trafico-fauna-31-octubre.jpg HTTP/1.1" 200 45684
216.245.221.92 - - [24/Nov/2023:03:17:44 -0500] "HEAD / HTTP/1.1" 200 -
201.245.192.253 - - [24/Nov/2023:03:18:18 -0500] "POST /kwsrmcab/Wsrmcab  HTTP/1.1" 200 40861
