181.56.232.238 - - [25/Nov/2023:00:35:38 -0500] "GET /sipse/faces/javax.faces.resource/primefaces.css?ln=primefaces&v=4.0 HTTP/1.1" 304 -
181.56.232.238 - - [25/Nov/2023:00:35:38 -0500] "GET /sipse/faces/javax.faces.resource/layout/layout.css?ln=primefaces&v=4.0 HTTP/1.1" 304 -
181.56.232.238 - - [25/Nov/2023:00:35:38 -0500] "GET /sipse/faces/javax.faces.resource/jquery/jquery.js?ln=primefaces&v=4.0 HTTP/1.1" 304 -
181.56.232.238 - - [25/Nov/2023:00:35:38 -0500] "GET /sipse/faces/javax.faces.resource/jquery/jquery-plugins.js?ln=primefaces&v=4.0 HTTP/1.1" 304 -
181.56.232.238 - - [25/Nov/2023:00:35:38 -0500] "GET /sipse/faces/javax.faces.resource/primefaces.js?ln=primefaces&v=4.0 HTTP/1.1" 304 -
181.56.232.238 - - [25/Nov/2023:00:35:38 -0500] "GET /sipse/faces/javax.faces.resource/layout/layout.js?ln=primefaces&v=4.0 HTTP/1.1" 304 -
181.56.232.238 - - [25/Nov/2023:00:35:38 -0500] "GET /sipse/faces/javax.faces.resource/images/ui-icons_898989_256x240.png?ln=primefaces-aristo HTTP/1.1" 304 -
181.56.232.238 - - [25/Nov/2023:00:35:58 -0500] "GET /sipse/faces/javax.faces.resource/images/ui-bg_flat_0_2d5972_40x100.png?ln=primefaces-aristo HTTP/1.1" 304 -
181.56.232.238 - - [25/Nov/2023:00:35:58 -0500] "POST /sipse/faces/presentacion/financiero/solicitudProceso/consultarSolicitudProceso.xhtml HTTP/1.1" 200 66058
181.56.232.238 - - [25/Nov/2023:00:36:01 -0500] "GET /sipse/faces/javax.faces.resource/jquery/jquery.js?ln=primefaces&v=4.0 HTTP/1.1" 304 -
181.56.232.238 - - [25/Nov/2023:00:36:01 -0500] "GET /sipse/faces/javax.faces.resource/jquery/jquery-plugins.js?ln=primefaces&v=4.0 HTTP/1.1" 304 -
181.56.232.238 - - [25/Nov/2023:00:36:01 -0500] "GET /sipse/faces/javax.faces.resource/primefaces.js?ln=primefaces&v=4.0 HTTP/1.1" 304 -
181.56.232.238 - - [25/Nov/2023:00:36:01 -0500] "GET /sipse/faces/javax.faces.resource/layout/layout.js?ln=primefaces&v=4.0 HTTP/1.1" 304 -
181.56.232.238 - - [25/Nov/2023:00:36:02 -0500] "GET /sipse/faces/javax.faces.resource/messages/messages.png?ln=primefaces&v=4.0 HTTP/1.1" 304 -
181.56.232.238 - - [25/Nov/2023:00:36:02 -0500] "POST /sipse/faces/presentacion/financiero/solicitudProceso/listarSolicitudProceso.xhtml HTTP/1.1" 200 1556
181.56.232.238 - - [25/Nov/2023:00:36:02 -0500] "POST /sipse/faces/presentacion/financiero/solicitudProceso/listarSolicitudProceso.xhtml HTTP/1.1" 200 1556
172.22.2.4 - - [25/Nov/2023:00:34:24 -0500] "GET /BLA/boletinlegal/ HTTP/1.1" 200 58644
52.149.22.84 - - [25/Nov/2023:00:36:12 -0500] "GET /Publicaciones/2023EE239871.pdf HTTP/1.1" 404 228
201.245.192.253 - - [25/Nov/2023:00:36:36 -0500] "POST /kwsrmcab/Wsrmcab HTTP/1.1" 200 39816
201.245.192.253 - - [25/Nov/2023:00:36:39 -0500] "POST /kwsrmcab/Wsrmcab HTTP/1.1" 200 41805
216.245.221.92 - - [25/Nov/2023:00:37:49 -0500] "HEAD / HTTP/1.1" 200 -
201.245.192.253 - - [25/Nov/2023:00:37:52 -0500] "POST /kwsrmcab/Wsrmcab  HTTP/1.1" 200 213
69.171.249.4 - - [25/Nov/2023:00:38:15 -0500] "GET /images/negocios-verdes-mayo-2022.jpg HTTP/1.1" 200 48000
173.252.107.116 - - [25/Nov/2023:00:39:11 -0500] "GET /bogota-ya-cuenta-mas-de-70-negocios-verdes-verificados.html HTTP/1.1" 200 992
201.245.192.253 - - [25/Nov/2023:00:40:08 -0500] "POST /kwsrmcab/Wsrmcab HTTP/1.1" 200 39816
172.22.2.4 - - [25/Nov/2023:00:39:23 -0500] "HEAD /BLA/boletinlegal/ HTTP/1.1" 200 -
181.56.232.238 - - [25/Nov/2023:00:41:41 -0500] "POST /sipse/faces/presentacion/financiero/solicitudProceso/listarSolicitudProceso.xhtml HTTP/1.1" 200 2857
181.56.232.238 - - [25/Nov/2023:00:41:43 -0500] "POST /sipse/faces/presentacion/financiero/solicitudProceso/listarSolicitudProceso.xhtml HTTP/1.1" 200 40742
181.56.232.238 - - [25/Nov/2023:00:41:43 -0500] "GET /sipse/faces/javax.faces.resource/jquery/jquery.js?ln=primefaces&v=4.0 HTTP/1.1" 304 -
181.56.232.238 - - [25/Nov/2023:00:41:43 -0500] "GET /sipse/faces/javax.faces.resource/jquery/jquery-plugins.js?ln=primefaces&v=4.0 HTTP/1.1" 304 -
181.56.232.238 - - [25/Nov/2023:00:41:43 -0500] "GET /sipse/faces/javax.faces.resource/primefaces.js?ln=primefaces&v=4.0 HTTP/1.1" 304 -
181.56.232.238 - - [25/Nov/2023:00:41:43 -0500] "GET /sipse/faces/javax.faces.resource/layout/layout.js?ln=primefaces&v=4.0 HTTP/1.1" 304 -
181.56.232.238 - - [25/Nov/2023:00:41:43 -0500] "POST /sipse/faces/presentacion/financiero/solicitudProceso/consultar.xhtml HTTP/1.1" 200 34137
181.56.232.238 - - [25/Nov/2023:00:41:51 -0500] "POST /sipse/faces/presentacion/financiero/solicitudProceso/consultar.xhtml HTTP/1.1" 200 12860
172.22.2.4 - - [25/Nov/2023:00:40:14 -0500] "GET /BLA/boletinlegal/ HTTP/1.1" 200 58294
201.245.192.253 - - [25/Nov/2023:00:42:19 -0500] "POST /kwsrmcab/Wsrmcab HTTP/1.1" 200 41805
216.245.221.92 - - [25/Nov/2023:00:42:49 -0500] "HEAD / HTTP/1.1" 200 -
201.245.192.253 - - [25/Nov/2023:00:42:51 -0500] "POST /kwsrmcab/Wsrmcab  HTTP/1.1" 200 213
66.249.79.130 - - [25/Nov/2023:00:44:05 -0500] "GET /agendate-para-participar-en-las-caminatas-ecologicas-de-febrero.html HTTP/1.1" 200 830
66.249.73.36 - - [25/Nov/2023:00:45:51 -0500] "GET /PDC/actos/1731.pdf HTTP/1.1" 200 724138
172.22.2.4 - - [25/Nov/2023:00:45:13 -0500] "HEAD /BLA/boletinlegal/ HTTP/1.1" 200 -
172.22.2.4 - - [25/Nov/2023:00:46:04 -0500] "GET /BLA/boletinlegal/ HTTP/1.1" 200 58294
216.245.221.92 - - [25/Nov/2023:00:47:49 -0500] "HEAD / HTTP/1.1" 200 -
201.245.192.253 - - [25/Nov/2023:00:47:49 -0500] "POST /kwsrmcab/Wsrmcab  HTTP/1.1" 200 213
52.167.144.22 - - [25/Nov/2023:00:50:13 -0500] "GET /bla/resoluciones/notificaciones/autos%202018/6285.pdf HTTP/1.1" 200 257159
66.249.73.36 - - [25/Nov/2023:00:50:55 -0500] "GET /BLA/resoluciones/RESOLUCIONES%202012/1768.pdf HTTP/1.1" 200 773156
172.22.2.4 - - [25/Nov/2023:00:51:03 -0500] "HEAD /BLA/boletinlegal/ HTTP/1.1" 200 -
216.245.221.92 - - [25/Nov/2023:00:52:49 -0500] "HEAD / HTTP/1.1" 200 -
201.245.192.253 - - [25/Nov/2023:00:52:47 -0500] "POST /kwsrmcab/Wsrmcab  HTTP/1.1" 200 213
66.249.73.38 - - [25/Nov/2023:00:53:00 -0500] "GET /BLA/resoluciones/RESOLUCIONES%202008/3113.pdf HTTP/1.1" 200 218309
172.22.2.4 - - [25/Nov/2023:00:51:54 -0500] "GET /BLA/boletinlegal/ HTTP/1.1" 200 58294
52.167.144.212 - - [25/Nov/2023:00:55:37 -0500] "GET /BLA/resoluciones/AUTOS%202023/5579.pdf HTTP/1.1" 200 430548
201.245.192.253 - - [25/Nov/2023:00:57:46 -0500] "POST /kwsrmcab/Wsrmcab  HTTP/1.1" 200 213
216.245.221.92 - - [25/Nov/2023:00:57:49 -0500] "HEAD / HTTP/1.1" 200 -
172.22.2.4 - - [25/Nov/2023:00:56:53 -0500] "HEAD /BLA/boletinlegal/ HTTP/1.1" 200 -
45.33.80.243 - - [25/Nov/2023:00:58:48 -0500] "\x16\x03\x01" 400 226
66.249.79.129 - - [25/Nov/2023:00:58:55 -0500] "GET /los-tramites-y-servicios-que-ofrece-la-secretaria-de-ambiente-de-bogota.html HTTP/1.1" 200 911
172.22.2.4 - - [25/Nov/2023:00:57:44 -0500] "GET /BLA/boletinlegal/ HTTP/1.1" 200 58294
172.22.2.4 - - [25/Nov/2023:00:59:57 -0500] "GET /BLA/boletinlegal/styles2.css HTTP/1.1" 200 1838
172.22.2.4 - - [25/Nov/2023:00:59:57 -0500] "GET /BLA/boletinlegal/niceforms-default.css HTTP/1.1" 200 6694
172.22.2.4 - - [25/Nov/2023:00:59:57 -0500] "GET /BLA/boletinlegal/actos.php HTTP/1.1" 200 9682
172.22.2.4 - - [25/Nov/2023:00:59:57 -0500] "GET /BLA/boletinlegal/style.css HTTP/1.1" 200 9406
172.22.2.4 - - [25/Nov/2023:00:59:57 -0500] "GET /BLA/boletinlegal/js/ajax_actos.js HTTP/1.1" 200 1322
172.22.2.4 - - [25/Nov/2023:00:59:57 -0500] "GET /BLA/boletinlegal/niceforms.js HTTP/1.1" 200 22876
172.22.2.4 - - [25/Nov/2023:00:59:57 -0500] "GET /BLA/boletinlegal/js/lib.js HTTP/1.1" 200 6474
172.22.2.4 - - [25/Nov/2023:00:59:57 -0500] "GET /BLA/boletinlegal/js/popup.js HTTP/1.1" 200 1270
172.22.2.4 - - [25/Nov/2023:00:59:57 -0500] "GET /BLA/boletinlegal/js/jquery1.js HTTP/1.1" 200 29846
172.22.2.4 - - [25/Nov/2023:00:59:57 -0500] "GET /BLA/boletinlegal/images/cabezote%20BLEGAL.jpg HTTP/1.1" 200 118164
172.22.2.4 - - [25/Nov/2023:00:59:57 -0500] "GET /BLA/boletinlegal/images/subscribe-icon-big.png HTTP/1.1" 200 47702
172.22.2.4 - - [25/Nov/2023:00:59:57 -0500] "GET /BLA/boletinlegal/images/green-yellow-blue-pink-th.png HTTP/1.1" 200 7394
172.22.2.4 - - [25/Nov/2023:00:59:57 -0500] "GET /BLA/boletinlegal/images/historia.png HTTP/1.1" 200 52775
172.22.2.4 - - [25/Nov/2023:00:59:57 -0500] "GET /BLA/boletinlegal/images/registro-usuarios.png HTTP/1.1" 200 8106
172.22.2.4 - - [25/Nov/2023:00:59:57 -0500] "GET /BLA/boletinlegal/images/tel.png HTTP/1.1" 200 14477
172.22.2.4 - - [25/Nov/2023:00:59:57 -0500] "GET /BLA/boletinlegal/images/icono-email.png HTTP/1.1" 200 5544
172.22.2.4 - - [25/Nov/2023:00:59:57 -0500] "GET /BLA/boletinlegal/images/body_bg.jpg HTTP/1.1" 200 1601
172.22.2.4 - - [25/Nov/2023:00:59:57 -0500] "GET /BLA/boletinlegal/images/menu_lft.gif HTTP/1.1" 200 1713
172.22.2.4 - - [25/Nov/2023:00:59:57 -0500] "GET /BLA/boletinlegal/images/footer_bg.jpg HTTP/1.1" 200 586
172.22.2.4 - - [25/Nov/2023:00:59:57 -0500] "GET /BLA/boletinlegal/images/menu_rght.gif HTTP/1.1" 200 1627
172.22.2.4 - - [25/Nov/2023:00:59:57 -0500] "GET /BLA/boletinlegal/images/bg_top.jpg HTTP/1.1" 200 522
172.22.2.4 - - [25/Nov/2023:00:59:57 -0500] "GET /BLA/boletinlegal/images/menu_bg.jpg HTTP/1.1" 200 620
172.22.2.4 - - [25/Nov/2023:00:59:57 -0500] "GET /BLA/boletinlegal/images/text.jpg HTTP/1.1" 200 568
172.22.2.4 - - [25/Nov/2023:00:59:57 -0500] "GET /BLA/boletinlegal/images/hover.jpg HTTP/1.1" 200 640
172.22.2.4 - - [25/Nov/2023:00:59:57 -0500] "GET /BLA/boletinlegal/images/footer_bg_l.jpg HTTP/1.1" 200 776
172.22.2.4 - - [25/Nov/2023:00:59:58 -0500] "GET /BLA/boletinlegal/img/select-left.png HTTP/1.1" 200 263
172.22.2.4 - - [25/Nov/2023:00:59:58 -0500] "GET /BLA/boletinlegal/img/0.png HTTP/1.1" 200 110
172.22.2.4 - - [25/Nov/2023:00:59:58 -0500] "GET /BLA/boletinlegal/img/select-right.png HTTP/1.1" 200 44019
172.22.2.4 - - [25/Nov/2023:00:59:58 -0500] "GET /BLA/boletinlegal/img/button-left.png HTTP/1.1" 200 57071
172.22.2.4 - - [25/Nov/2023:00:59:58 -0500] "GET /BLA/boletinlegal/img/button.png HTTP/1.1" 200 43241
172.22.2.4 - - [25/Nov/2023:00:59:58 -0500] "GET /BLA/boletinlegal/img/button-right.png HTTP/1.1" 200 57878
172.22.2.4 - - [25/Nov/2023:00:59:58 -0500] "GET /BLA/boletinlegal/favicon.ico HTTP/1.1" 404 1326
69.171.251.1 - - [25/Nov/2023:01:00:17 -0500] "GET /florecio-la-herrania-en-el-tropicario-distrital-una-planta-nativa-de-la-amazonia-colombiana.html HTTP/1.1" 200 935
172.22.2.4 - - [25/Nov/2023:01:00:22 -0500] "GET /BLA/boletinlegal/consulta_actos.php?tipo=autos&no=&usuario=&sector=RESIDUOS&fecha=2023&resuelve= HTTP/1.1" 200 100005
172.22.2.4 - - [25/Nov/2023:01:00:22 -0500] "GET /BLA/boletinlegal/images/pdf.gif HTTP/1.1" 200 567
172.22.2.4 - - [25/Nov/2023:01:00:22 -0500] "GET /BLA/boletinlegal/images/background.gif HTTP/1.1" 200 -
172.22.2.4 - - [25/Nov/2023:01:00:32 -0500] "GET /BLA/boletinlegal/consulta_actos.php?tipo=autos&no=&usuario=&sector=RESIDUOS&fecha=2023&resuelve=Aceite%20 HTTP/1.1" 200 626
172.22.2.4 - - [25/Nov/2023:01:00:40 -0500] "GET /BLA/boletinlegal/consulta_actos.php?tipo=autos&no=&usuario=&sector=RESIDUOS&fecha=2023&resuelve= HTTP/1.1" 200 100005
52.167.144.214 - - [25/Nov/2023:01:00:42 -0500] "GET /BLA/resoluciones/AUTOS%202013/3493.pdf HTTP/1.1" 200 270826
52.167.144.214 - - [25/Nov/2023:01:01:11 -0500] "GET /BLA/resoluciones/AUTOS%202023/3300.pdf HTTP/1.1" 200 563123
186.145.101.133 - - [25/Nov/2023:01:02:09 -0500] "GET /BLA/resoluciones/AUTOS%202023/4285.pdf HTTP/1.1" 200 383760
186.145.101.133 - - [25/Nov/2023:01:02:24 -0500] "GET /BLA/resoluciones/AUTOS%202023/4287.pdf HTTP/1.1" 200 422830
201.245.192.253 - - [25/Nov/2023:01:02:46 -0500] "POST /kwsrmcab/Wsrmcab  HTTP/1.1" 200 213
216.245.221.92 - - [25/Nov/2023:01:02:49 -0500] "HEAD / HTTP/1.1" 200 -
186.145.101.133 - - [25/Nov/2023:01:02:58 -0500] "GET /BLA/resoluciones/AUTOS%202023/4195.pdf HTTP/1.1" 200 422513
172.22.2.4 - - [25/Nov/2023:01:02:43 -0500] "HEAD /BLA/boletinlegal/ HTTP/1.1" 200 -
172.22.2.4 - - [25/Nov/2023:01:03:34 -0500] "GET /BLA/boletinlegal/ HTTP/1.1" 200 58644
66.249.73.36 - - [25/Nov/2023:01:06:54 -0500] "GET /BLA/resoluciones/RESOLUCIONES%202010/3411.pdf HTTP/1.1" 200 317124
201.245.192.253 - - [25/Nov/2023:01:07:43 -0500] "POST /kwsrmcab/Wsrmcab  HTTP/1.1" 200 213
216.245.221.92 - - [25/Nov/2023:01:07:49 -0500] "HEAD / HTTP/1.1" 200 -
40.77.167.18 - - [25/Nov/2023:01:09:13 -0500] "GET /BLA/resoluciones/AUTOS%202023/0473.pdf HTTP/1.1" 200 463151
172.22.2.4 - - [25/Nov/2023:01:08:33 -0500] "HEAD /BLA/boletinlegal/ HTTP/1.1" 200 -
172.22.2.4 - - [25/Nov/2023:01:09:24 -0500] "GET /BLA/boletinlegal/ HTTP/1.1" 200 60634
201.245.192.253 - - [25/Nov/2023:01:12:43 -0500] "POST /kwsrmcab/Wsrmcab  HTTP/1.1" 200 213
216.245.221.92 - - [25/Nov/2023:01:12:49 -0500] "HEAD / HTTP/1.1" 200 -
40.77.167.3 - - [25/Nov/2023:01:14:17 -0500] "GET /BLA/resoluciones/RESOLUCIONES%202021/2903.pdf HTTP/1.1" 304 -
172.22.2.4 - - [25/Nov/2023:01:14:23 -0500] "HEAD /BLA/boletinlegal/ HTTP/1.1" 200 -
201.245.192.253 - - [25/Nov/2023:01:16:36 -0500] "POST /kwsrmcab/Wsrmcab HTTP/1.1" 200 39650
201.245.192.253 - - [25/Nov/2023:01:16:39 -0500] "POST /kwsrmcab/Wsrmcab HTTP/1.1" 200 41306
172.22.2.4 - - [25/Nov/2023:01:15:14 -0500] "GET /BLA/boletinlegal/ HTTP/1.1" 200 61018
201.245.192.253 - - [25/Nov/2023:01:17:42 -0500] "POST /kwsrmcab/Wsrmcab  HTTP/1.1" 200 213
216.245.221.92 - - [25/Nov/2023:01:17:49 -0500] "HEAD / HTTP/1.1" 200 -
201.245.192.253 - - [25/Nov/2023:01:20:08 -0500] "POST /kwsrmcab/Wsrmcab HTTP/1.1" 200 39650
172.22.2.4 - - [25/Nov/2023:01:20:13 -0500] "HEAD /BLA/boletinlegal/ HTTP/1.1" 200 -
201.245.192.253 - - [25/Nov/2023:01:22:34 -0500] "POST /kwsrmcab/Wsrmcab HTTP/1.1" 200 41306
201.245.192.253 - - [25/Nov/2023:01:22:41 -0500] "POST /kwsrmcab/Wsrmcab  HTTP/1.1" 200 213
172.22.2.4 - - [25/Nov/2023:01:21:04 -0500] "GET /BLA/boletinlegal/ HTTP/1.1" 200 55399
216.245.221.92 - - [25/Nov/2023:01:22:49 -0500] "HEAD / HTTP/1.1" 200 -
66.249.73.36 - - [25/Nov/2023:01:26:20 -0500] "GET /BLA/resoluciones/RESOLUCIONES%202016/1034.pdf HTTP/1.1" 200 265358
201.245.192.253 - - [25/Nov/2023:01:26:35 -0500] "POST /kwsrmcab/Wsrmcab HTTP/1.1" 200 39650
201.245.192.253 - - [25/Nov/2023:01:26:38 -0500] "POST /kwsrmcab/Wsrmcab HTTP/1.1" 200 41306
201.245.192.253 - - [25/Nov/2023:01:27:41 -0500] "POST /kwsrmcab/Wsrmcab  HTTP/1.1" 200 213
172.22.2.4 - - [25/Nov/2023:01:26:03 -0500] "HEAD /BLA/boletinlegal/ HTTP/1.1" 200 -
216.245.221.92 - - [25/Nov/2023:01:27:49 -0500] "HEAD / HTTP/1.1" 200 -
172.22.2.4 - - [25/Nov/2023:01:26:54 -0500] "GET /BLA/boletinlegal/ HTTP/1.1" 200 58294
201.245.192.253 - - [25/Nov/2023:01:30:08 -0500] "POST /kwsrmcab/Wsrmcab HTTP/1.1" 200 39650
66.249.73.37 - - [25/Nov/2023:01:31:39 -0500] "GET /BLA/resoluciones/Notificaciones/RESOLUCIONES%202022/4032.pdf HTTP/1.1" 304 -
66.249.79.131 - - [25/Nov/2023:01:31:55 -0500] "GET /humedal- HTTP/1.1" 404 1034
201.245.192.253 - - [25/Nov/2023:01:32:23 -0500] "POST /kwsrmcab/Wsrmcab HTTP/1.1" 200 41306
201.245.192.253 - - [25/Nov/2023:01:32:39 -0500] "POST /kwsrmcab/Wsrmcab  HTTP/1.1" 200 213
216.245.221.92 - - [25/Nov/2023:01:32:49 -0500] "HEAD / HTTP/1.1" 200 -
152.61.192.232 - - [25/Nov/2023:01:33:28 -0500] "GET / HTTP/1.1" 200 319
172.22.2.4 - - [25/Nov/2023:01:31:53 -0500] "HEAD /BLA/boletinlegal/ HTTP/1.1" 200 -
172.22.2.4 - - [25/Nov/2023:01:32:44 -0500] "GET /BLA/boletinlegal/ HTTP/1.1" 200 59007
213.186.1.245 - - [25/Nov/2023:01:35:49 -0500] "GET /participa-del-panel-progreso-hacia-un-aire-limpio.html HTTP/1.1" 200 906
213.186.1.245 - - [25/Nov/2023:01:35:52 -0500] "GET /desde-el-proximo-25-de-noviembre-bogota-se-ilumina-con-majestuosos-el-festival-de-luces-del-jardin-botanico.html HTTP/1.1" 200 818
213.186.1.245 - - [25/Nov/2023:01:35:53 -0500] "GET /jornada-de-adopcion-los-mas-valiosos-estan-esperando-por-ti.html HTTP/1.1" 200 872
34.90.178.153 - - [25/Nov/2023:01:36:06 -0500] "GET /consulta-y-conoce-los-proyectos-de-resolucion-de-para-los-planes-de-manejo-ambiental-de-cinco-humedales-en-bogota.html HTTP/1.1" 200 971
31.13.103.116 - - [25/Nov/2023:01:36:06 -0500] "GET /desde-el-proximo-25-de-noviembre-bogota-se-ilumina-con-majestuosos-el-festival-de-luces-del-jardin-botanico.html HTTP/1.1" 206 818
31.13.103.7 - - [25/Nov/2023:01:36:07 -0500] "GET /images/alumbrado%20jardin%20botanico.jpg HTTP/1.1" 200 17999
31.13.103.9 - - [25/Nov/2023:01:36:08 -0500] "GET /participa-del-panel-progreso-hacia-un-aire-limpio.html HTTP/1.1" 206 906
31.13.103.1 - - [25/Nov/2023:01:36:09 -0500] "GET /images/Participa%20del%20panel%20progreso%20hacia%20un%20aire%20limpio.jpg HTTP/1.1" 200 43144
31.13.103.4 - - [25/Nov/2023:01:36:09 -0500] "GET /images/alumbrado%20jardin%20botanico.jpg HTTP/1.1" 200 17999
31.13.103.120 - - [25/Nov/2023:01:36:09 -0500] "GET /desde-el-proximo-25-de-noviembre-bogota-se-ilumina-con-majestuosos-el-festival-de-luces-del-jardin-botanico.html HTTP/1.1" 200 818
31.13.103.2 - - [25/Nov/2023:01:36:09 -0500] "GET /desde-el-proximo-25-de-noviembre-bogota-se-ilumina-con-majestuosos-el-festival-de-luces-del-jardin-botanico.html HTTP/1.1" 200 818
31.13.115.4 - - [25/Nov/2023:01:36:10 -0500] "GET /desde-el-proximo-25-de-noviembre-bogota-se-ilumina-con-majestuosos-el-festival-de-luces-del-jardin-botanico.html HTTP/1.1" 200 818
31.13.115.119 - - [25/Nov/2023:01:36:10 -0500] "GET /desde-el-proximo-25-de-noviembre-bogota-se-ilumina-con-majestuosos-el-festival-de-luces-del-jardin-botanico.html HTTP/1.1" 200 818
31.13.103.118 - - [25/Nov/2023:01:36:11 -0500] "GET /images/Participa%20del%20panel%20progreso%20hacia%20un%20aire%20limpio.jpg HTTP/1.1" 200 43144
31.13.103.120 - - [25/Nov/2023:01:36:11 -0500] "GET /participa-del-panel-progreso-hacia-un-aire-limpio.html HTTP/1.1" 200 906
31.13.103.2 - - [25/Nov/2023:01:36:11 -0500] "GET /participa-del-panel-progreso-hacia-un-aire-limpio.html HTTP/1.1" 200 906
31.13.115.119 - - [25/Nov/2023:01:36:12 -0500] "GET /participa-del-panel-progreso-hacia-un-aire-limpio.html HTTP/1.1" 200 906
31.13.115.119 - - [25/Nov/2023:01:36:12 -0500] "GET /participa-del-panel-progreso-hacia-un-aire-limpio.html HTTP/1.1" 200 906
45.33.80.243 - - [25/Nov/2023:01:36:43 -0500] "GET / HTTP/1.1" 200 319
201.245.192.253 - - [25/Nov/2023:01:36:36 -0500] "POST /kwsrmcab/Wsrmcab HTTP/1.1" 200 39650
201.245.192.253 - - [25/Nov/2023:01:36:45 -0500] "POST /kwsrmcab/Wsrmcab HTTP/1.1" 200 41306
40.77.167.8 - - [25/Nov/2023:01:37:33 -0500] "GET /zuma-propuesta-de-pot-una-herramienta-clave-para-seguir-mejorando-la-calidad-del-aire-de-bogota.html HTTP/1.1" 304 -
52.167.144.212 - - [25/Nov/2023:01:37:40 -0500] "GET /BLA/resoluciones/RESOLUCIONES%202014/1013.pdf HTTP/1.1" 200 463904
201.245.192.253 - - [25/Nov/2023:01:37:39 -0500] "POST /kwsrmcab/Wsrmcab  HTTP/1.1" 200 213
216.245.221.92 - - [25/Nov/2023:01:37:49 -0500] "HEAD / HTTP/1.1" 200 -
172.22.2.4 - - [25/Nov/2023:01:38:52 -0500] "GET /BLA/boletinlegal/jurisprudencia/analisis/AnalisisT-606-15.docx HTTP/1.1" 200 26698
172.22.2.4 - - [25/Nov/2023:01:38:52 -0500] "GET /BLA/boletinlegal/apple-touch-icon-120x120-precomposed.png HTTP/1.1" 404 1140
172.22.2.4 - - [25/Nov/2023:01:38:52 -0500] "GET /BLA/boletinlegal/apple-touch-icon-120x120.png HTTP/1.1" 404 1140
172.22.2.4 - - [25/Nov/2023:01:38:52 -0500] "GET /BLA/boletinlegal/apple-touch-icon-precomposed.png HTTP/1.1" 404 1140
172.22.2.4 - - [25/Nov/2023:01:38:52 -0500] "GET /BLA/boletinlegal/apple-touch-icon.png HTTP/1.1" 404 1140
172.22.2.4 - - [25/Nov/2023:01:38:52 -0500] "GET /BLA/boletinlegal/favicon.ico HTTP/1.1" 404 1140
172.22.2.4 - - [25/Nov/2023:01:38:52 -0500] "GET /BLA/boletinlegal/apple-touch-icon-120x120-precomposed.png HTTP/1.1" 404 1140
172.22.2.4 - - [25/Nov/2023:01:38:52 -0500] "GET /BLA/boletinlegal/apple-touch-icon-120x120.png HTTP/1.1" 404 1140
172.22.2.4 - - [25/Nov/2023:01:38:52 -0500] "GET /BLA/boletinlegal/apple-touch-icon-precomposed.png HTTP/1.1" 404 1140
172.22.2.4 - - [25/Nov/2023:01:38:52 -0500] "GET /BLA/boletinlegal/apple-touch-icon.png HTTP/1.1" 404 1140
172.22.2.4 - - [25/Nov/2023:01:38:52 -0500] "GET /BLA/boletinlegal/favicon.ico HTTP/1.1" 404 1140
172.22.2.4 - - [25/Nov/2023:01:37:43 -0500] "HEAD /BLA/boletinlegal/ HTTP/1.1" 200 -
201.245.192.253 - - [25/Nov/2023:01:40:07 -0500] "POST /kwsrmcab/Wsrmcab HTTP/1.1" 200 39650
172.22.2.4 - - [25/Nov/2023:01:38:34 -0500] "GET /BLA/boletinlegal/ HTTP/1.1" 200 60634
20.27.20.18 - - [25/Nov/2023:01:41:20 -0500] "GET /Publicaciones/2023EE207079.pdf HTTP/1.1" 404 228
201.245.192.253 - - [25/Nov/2023:01:42:21 -0500] "POST /kwsrmcab/Wsrmcab HTTP/1.1" 200 41306
201.245.192.253 - - [25/Nov/2023:01:42:37 -0500] "POST /kwsrmcab/Wsrmcab  HTTP/1.1" 200 213
216.245.221.92 - - [25/Nov/2023:01:42:49 -0500] "HEAD / HTTP/1.1" 200 -
40.77.167.235 - - [25/Nov/2023:01:42:49 -0500] "GET /BLA/resoluciones/AUTOS%202017/4333.pdf HTTP/1.1" 200 264085
66.249.79.129 - - [25/Nov/2023:01:43:55 -0500] "GET /mas-de-1000-personas-participaron-en-la-convencion-de-emergencia-climatica-una-mirada-optimista-y-un-llamado-a-la-accion.html HTTP/1.1" 304 -
172.22.2.4 - - [25/Nov/2023:01:43:33 -0500] "HEAD /BLA/boletinlegal/ HTTP/1.1" 200 -
172.22.2.4 - - [25/Nov/2023:01:44:24 -0500] "GET /BLA/boletinlegal/ HTTP/1.1" 200 60634
172.22.2.4 - - [25/Nov/2023:01:46:54 -0500] "GET /BLA/boletinlegal/images/registro-usuarios.png HTTP/1.1" 200 8106
52.167.144.170 - - [25/Nov/2023:01:47:32 -0500] "GET /BLA/resoluciones/AUTOS%202013/2702.pdf HTTP/1.1" 200 305819
201.245.192.253 - - [25/Nov/2023:01:47:36 -0500] "POST /kwsrmcab/Wsrmcab  HTTP/1.1" 200 213
216.245.221.92 - - [25/Nov/2023:01:47:49 -0500] "HEAD / HTTP/1.1" 200 -
173.252.83.113 - - [25/Nov/2023:01:48:01 -0500] "GET /images/IMG_3028%20(1).jpg HTTP/1.1" 200 435206
172.22.2.4 - - [25/Nov/2023:01:49:23 -0500] "HEAD /BLA/boletinlegal/ HTTP/1.1" 200 -
172.22.2.4 - - [25/Nov/2023:01:50:14 -0500] "GET /BLA/boletinlegal/ HTTP/1.1" 200 56187
201.245.192.253 - - [25/Nov/2023:01:52:36 -0500] "POST /kwsrmcab/Wsrmcab  HTTP/1.1" 200 213
216.245.221.92 - - [25/Nov/2023:01:52:49 -0500] "HEAD / HTTP/1.1" 200 -
40.77.167.52 - - [25/Nov/2023:01:55:53 -0500] "GET /BLA/resoluciones/AUTOS%202013/3473.pdf HTTP/1.1" 200 807000
172.22.2.4 - - [25/Nov/2023:01:55:13 -0500] "HEAD /BLA/boletinlegal/ HTTP/1.1" 200 -
201.245.192.253 - - [25/Nov/2023:01:57:33 -0500] "POST /kwsrmcab/Wsrmcab  HTTP/1.1" 200 213
172.22.2.4 - - [25/Nov/2023:01:56:04 -0500] "GET /BLA/boletinlegal/ HTTP/1.1" 200 58294
216.245.221.92 - - [25/Nov/2023:01:57:49 -0500] "HEAD / HTTP/1.1" 200 -
52.167.144.204 - - [25/Nov/2023:01:58:58 -0500] "GET /Publicaciones/2023EE181765.pdf HTTP/1.1" 404 228
40.77.167.52 - - [25/Nov/2023:01:59:33 -0500] "GET /BLA/resoluciones/AUTOS%202013/2853.pdf HTTP/1.1" 200 1736005
40.77.167.41 - - [25/Nov/2023:02:02:28 -0500] "GET /BLA/resoluciones/AUTOS%202023/5100.pdf HTTP/1.1" 200 393504
201.245.192.253 - - [25/Nov/2023:02:02:32 -0500] "POST /kwsrmcab/Wsrmcab  HTTP/1.1" 200 213
172.22.2.4 - - [25/Nov/2023:02:01:03 -0500] "HEAD /BLA/boletinlegal/ HTTP/1.1" 200 -
216.245.221.92 - - [25/Nov/2023:02:02:49 -0500] "HEAD / HTTP/1.1" 200 -
172.22.2.4 - - [25/Nov/2023:02:01:54 -0500] "GET /BLA/boletinlegal/ HTTP/1.1" 200 55803
172.22.2.4 - - [25/Nov/2023:02:04:29 -0500] "GET /BLA/boletinlegal/Circulares/023/CIRCULAR%20No.%2000012%20DEL%2030%20DE%20OCTUBRE%20DEL%202023.pdf HTTP/1.1" 404 1037
162.216.149.149 - - [25/Nov/2023:02:06:30 -0500] "GET / HTTP/1.1" 200 319
52.167.144.145 - - [25/Nov/2023:02:06:35 -0500] "GET /BLA/resoluciones/AUTOS%202023/5501.pdf HTTP/1.1" 200 668338
201.245.192.253 - - [25/Nov/2023:02:07:31 -0500] "POST /kwsrmcab/Wsrmcab  HTTP/1.1" 200 213
216.245.221.92 - - [25/Nov/2023:02:07:49 -0500] "HEAD / HTTP/1.1" 200 -
172.22.2.4 - - [25/Nov/2023:02:06:53 -0500] "HEAD /BLA/boletinlegal/ HTTP/1.1" 200 -
172.22.2.4 - - [25/Nov/2023:02:07:44 -0500] "GET /BLA/boletinlegal/ HTTP/1.1" 200 58644
144.217.180.167 - - [25/Nov/2023:02:09:41 -0500] "GET /wp-content/themes/twentytwenty/inc/index.php?520 HTTP/1.1" 404 1035
144.217.180.167 - - [25/Nov/2023:02:09:44 -0500] "GET /wp-content/themes/twentytwenty/inc/index.php?520 HTTP/1.1" 404 1032
66.249.79.131 - - [25/Nov/2023:02:09:55 -0500] "GET /como-obtener-el-certificado-de-estado-de-conservacion-ambiental-ceca.html HTTP/1.1" 304 -
66.249.79.130 - - [25/Nov/2023:02:09:56 -0500] "GET /mujeres-que-reverdecen-secretaria-de-ambiente-anuncia-300-cupos-para-la-tercera-fase-del-programa.html HTTP/1.1" 304 -
172.22.2.4 - - [25/Nov/2023:02:10:57 -0500] "GET /BLA/boletinlegal/actos.php HTTP/1.1" 200 9682
172.22.2.4 - - [25/Nov/2023:02:11:26 -0500] "GET /BLA/boletinlegal/js/ajax_actos.js HTTP/1.1" 200 1322
172.22.2.4 - - [25/Nov/2023:02:11:26 -0500] "GET /BLA/boletinlegal/js/jquery1.js HTTP/1.1" 200 29846
172.22.2.4 - - [25/Nov/2023:02:11:26 -0500] "GET /BLA/boletinlegal/js/popup.js HTTP/1.1" 200 1270
172.22.2.4 - - [25/Nov/2023:02:11:30 -0500] "GET /BLA/boletinlegal/style.css HTTP/1.1" 200 9406
172.22.2.4 - - [25/Nov/2023:02:11:30 -0500] "GET /BLA/boletinlegal/styles2.css HTTP/1.1" 200 1838
172.22.2.4 - - [25/Nov/2023:02:11:35 -0500] "GET /BLA/boletinlegal/js/lib.js HTTP/1.1" 200 6474
172.22.2.4 - - [25/Nov/2023:02:11:35 -0500] "GET /BLA/boletinlegal/niceforms-default.css HTTP/1.1" 200 6694
172.22.2.4 - - [25/Nov/2023:02:11:36 -0500] "GET /BLA/boletinlegal/niceforms.js HTTP/1.1" 200 22876
201.245.192.253 - - [25/Nov/2023:02:12:30 -0500] "POST /kwsrmcab/Wsrmcab  HTTP/1.1" 200 213
216.245.221.92 - - [25/Nov/2023:02:12:49 -0500] "HEAD / HTTP/1.1" 200 -
172.22.2.4 - - [25/Nov/2023:02:12:43 -0500] "HEAD /BLA/boletinlegal/ HTTP/1.1" 200 -
172.22.2.4 - - [25/Nov/2023:02:13:34 -0500] "GET /BLA/boletinlegal/ HTTP/1.1" 200 56187
172.22.2.4 - - [25/Nov/2023:02:14:08 -0500] "GET /BLA/boletinlegal/ HTTP/1.1" 200 59007
40.77.167.70 - - [25/Nov/2023:02:16:05 -0500] "GET /BLA/resoluciones/AUTOS%202023/5689.pdf HTTP/1.1" 200 408547
201.245.192.253 - - [25/Nov/2023:02:16:36 -0500] "POST /kwsrmcab/Wsrmcab HTTP/1.1" 200 39953
201.245.192.253 - - [25/Nov/2023:02:16:39 -0500] "POST /kwsrmcab/Wsrmcab HTTP/1.1" 200 41648
201.245.192.253 - - [25/Nov/2023:02:17:30 -0500] "POST /kwsrmcab/Wsrmcab  HTTP/1.1" 200 213
216.245.221.92 - - [25/Nov/2023:02:17:49 -0500] "HEAD / HTTP/1.1" 200 -
52.167.144.230 - - [25/Nov/2023:02:17:52 -0500] "GET /BLA/resoluciones/AUTOS%202023/5671.pdf HTTP/1.1" 200 389463
172.22.2.4 - - [25/Nov/2023:02:18:02 -0500] "GET /BLA/boletinlegal/actos.php HTTP/1.1" 200 9682
201.245.192.253 - - [25/Nov/2023:02:20:08 -0500] "POST /kwsrmcab/Wsrmcab HTTP/1.1" 200 39953
172.22.2.4 - - [25/Nov/2023:02:18:33 -0500] "HEAD /BLA/boletinlegal/ HTTP/1.1" 200 -
162.55.37.148 - - [25/Nov/2023:02:20:33 -0500] "GET / HTTP/1.1" 200 4720
162.55.37.148 - - [25/Nov/2023:02:20:35 -0500] "GET / HTTP/1.1" 200 319
172.22.2.4 - - [25/Nov/2023:02:19:24 -0500] "GET /BLA/boletinlegal/ HTTP/1.1" 200 58644
201.245.192.253 - - [25/Nov/2023:02:22:29 -0500] "POST /kwsrmcab/Wsrmcab  HTTP/1.1" 200 213
201.245.192.253 - - [25/Nov/2023:02:22:34 -0500] "POST /kwsrmcab/Wsrmcab HTTP/1.1" 200 41648
216.245.221.92 - - [25/Nov/2023:02:22:49 -0500] "HEAD / HTTP/1.1" 200 -
138.68.144.131 - - [25/Nov/2023:02:24:50 -0500] "\x16\x03\x01\x01\xfd\x01" 400 226
20.120.134.32 - - [25/Nov/2023:02:26:03 -0500] "GET /Publicaciones/2023EE244710.pdf HTTP/1.1" 404 228
172.22.2.4 - - [25/Nov/2023:02:24:23 -0500] "HEAD /BLA/boletinlegal/ HTTP/1.1" 200 -
201.245.192.253 - - [25/Nov/2023:02:26:36 -0500] "POST /kwsrmcab/Wsrmcab HTTP/1.1" 200 39953
201.245.192.253 - - [25/Nov/2023:02:26:39 -0500] "POST /kwsrmcab/Wsrmcab HTTP/1.1" 200 41648
172.22.2.4 - - [25/Nov/2023:02:25:14 -0500] "GET /BLA/boletinlegal/ HTTP/1.1" 200 60634
201.245.192.253 - - [25/Nov/2023:02:27:28 -0500] "POST /kwsrmcab/Wsrmcab  HTTP/1.1" 200 213
168.119.253.69 - - [25/Nov/2023:02:27:33 -0500] "GET / HTTP/1.1" 200 319
168.119.253.69 - - [25/Nov/2023:02:27:34 -0500] "GET / HTTP/1.1" 200 4720
216.245.221.92 - - [25/Nov/2023:02:27:49 -0500] "HEAD / HTTP/1.1" 200 -
52.167.144.166 - - [25/Nov/2023:02:29:06 -0500] "GET /BLA/resoluciones/AUTOS%202023/7411.pdf HTTP/1.1" 200 351864
66.249.73.38 - - [25/Nov/2023:02:30:02 -0500] "GET /BLA/resoluciones/Notificaciones/AUTOS%202022/7954.pdf HTTP/1.1" 304 -
201.245.192.253 - - [25/Nov/2023:02:30:08 -0500] "POST /kwsrmcab/Wsrmcab HTTP/1.1" 200 39953
40.77.167.68 - - [25/Nov/2023:02:31:42 -0500] "GET /BLA/resoluciones/AUTOS%202023/5292.pdf HTTP/1.1" 200 375039
172.22.2.4 - - [25/Nov/2023:02:30:13 -0500] "HEAD /BLA/boletinlegal/ HTTP/1.1" 200 -
144.217.180.167 - - [25/Nov/2023:02:32:18 -0500] "GET /wp-content/themes/twentytwenty/inc/index.php?520 HTTP/1.1" 404 1035
144.217.180.167 - - [25/Nov/2023:02:32:20 -0500] "GET /wp-content/themes/twentytwenty/inc/index.php?520 HTTP/1.1" 404 1032
201.245.192.253 - - [25/Nov/2023:02:32:22 -0500] "POST /kwsrmcab/Wsrmcab HTTP/1.1" 200 41648
201.245.192.253 - - [25/Nov/2023:02:32:26 -0500] "POST /kwsrmcab/Wsrmcab  HTTP/1.1" 200 213
172.22.2.4 - - [25/Nov/2023:02:31:04 -0500] "GET /BLA/boletinlegal/ HTTP/1.1" 200 52827
216.245.221.92 - - [25/Nov/2023:02:32:49 -0500] "HEAD / HTTP/1.1" 200 -
201.245.192.253 - - [25/Nov/2023:02:36:36 -0500] "POST /kwsrmcab/Wsrmcab HTTP/1.1" 200 39953
201.245.192.253 - - [25/Nov/2023:02:36:39 -0500] "POST /kwsrmcab/Wsrmcab HTTP/1.1" 200 41648
52.167.144.161 - - [25/Nov/2023:02:36:57 -0500] "GET /BLA/resoluciones/AUTOS%202023/4850.pdf HTTP/1.1" 200 679635
201.245.192.253 - - [25/Nov/2023:02:37:24 -0500] "POST /kwsrmcab/Wsrmcab  HTTP/1.1" 200 213
172.22.2.4 - - [25/Nov/2023:02:35:54 -0500] "GET /BLA/boletinlegal/ HTTP/1.1" 200 50697
172.22.2.4 - - [25/Nov/2023:02:36:03 -0500] "HEAD /BLA/boletinlegal/ HTTP/1.1" 200 -
216.245.221.92 - - [25/Nov/2023:02:37:49 -0500] "HEAD / HTTP/1.1" 200 -
172.22.2.4 - - [25/Nov/2023:02:36:54 -0500] "GET /BLA/boletinlegal/ HTTP/1.1" 200 54105
201.245.192.253 - - [25/Nov/2023:02:40:07 -0500] "POST /kwsrmcab/Wsrmcab HTTP/1.1" 200 39953
201.245.192.253 - - [25/Nov/2023:02:42:21 -0500] "POST /kwsrmcab/Wsrmcab HTTP/1.1" 200 41648
201.245.192.253 - - [25/Nov/2023:02:42:23 -0500] "POST /kwsrmcab/Wsrmcab  HTTP/1.1" 200 213
152.61.192.232 - - [25/Nov/2023:02:42:34 -0500] "GET /arcgis/services/Calidad_del_Agua_WQI/MapServer/WMSServer?request=GetCapabilities&service=WMS HTTP/1.1" 503 1020
152.61.192.232 - - [25/Nov/2023:02:42:35 -0500] "GET /arcgis/services/Calidad_del_Agua_WQI/MapServer/WMSServer?SERVICE=WMS&REQUEST=GetCapabilities HTTP/1.1" 503 1020
152.61.192.232 - - [25/Nov/2023:02:42:36 -0500] "GET /arcgis/services/Calidad_del_Agua_WQI/MapServer/WMSServer?WMTVER=1.0.0&REQUEST=capabilities HTTP/1.1" 503 1020
216.245.221.92 - - [25/Nov/2023:02:42:49 -0500] "HEAD / HTTP/1.1" 200 -
172.22.2.4 - - [25/Nov/2023:02:41:53 -0500] "HEAD /BLA/boletinlegal/ HTTP/1.1" 200 -
172.22.2.4 - - [25/Nov/2023:02:42:44 -0500] "GET /BLA/boletinlegal/ HTTP/1.1" 200 58294
201.245.192.253 - - [25/Nov/2023:02:47:22 -0500] "POST /kwsrmcab/Wsrmcab  HTTP/1.1" 200 213
52.167.144.16 - - [25/Nov/2023:02:47:44 -0500] "GET /BLA/resoluciones/AUTOS%202023/5461.pdf HTTP/1.1" 200 471499
216.245.221.92 - - [25/Nov/2023:02:47:49 -0500] "HEAD / HTTP/1.1" 200 -
172.22.2.4 - - [25/Nov/2023:02:47:43 -0500] "HEAD /BLA/boletinlegal/ HTTP/1.1" 200 -
172.22.2.4 - - [25/Nov/2023:02:48:34 -0500] "GET /BLA/boletinlegal/ HTTP/1.1" 200 58644
201.245.192.253 - - [25/Nov/2023:02:52:21 -0500] "POST /kwsrmcab/Wsrmcab  HTTP/1.1" 200 213
52.167.144.16 - - [25/Nov/2023:02:52:24 -0500] "GET /BLA/resoluciones/AUTOS%202023/5782.pdf HTTP/1.1" 200 427752
216.245.221.92 - - [25/Nov/2023:02:52:49 -0500] "HEAD / HTTP/1.1" 200 -
18.171.61.113 - - [25/Nov/2023:02:53:46 -0500] "" 400 226
66.249.79.129 - - [25/Nov/2023:02:54:55 -0500] "GET /semana-bogoti-reverdece-bogoti-preparada-para-la-crisis-climitica.html HTTP/1.1" 304 -
66.249.79.164 - - [25/Nov/2023:02:54:55 -0500] "GET /robots.txt HTTP/1.1" 404 1043
66.249.79.163 - - [25/Nov/2023:02:54:56 -0500] "GET /BLA/boletinlegal/Directivas/2014/Directiva%20No.%205%20del%2026%20de%20Diciembre%20de%202014.pdf HTTP/1.1" 304 -
172.22.2.4 - - [25/Nov/2023:02:53:33 -0500] "HEAD /BLA/boletinlegal/ HTTP/1.1" 200 -
172.22.2.4 - - [25/Nov/2023:02:54:24 -0500] "GET /BLA/boletinlegal/ HTTP/1.1" 200 58294
18.171.61.113 - - [25/Nov/2023:02:56:27 -0500] "" 400 226
201.245.192.253 - - [25/Nov/2023:02:57:20 -0500] "POST /kwsrmcab/Wsrmcab  HTTP/1.1" 200 213
216.245.221.92 - - [25/Nov/2023:02:57:49 -0500] "HEAD / HTTP/1.1" 200 -
172.22.2.4 - - [25/Nov/2023:02:59:23 -0500] "HEAD /BLA/boletinlegal/ HTTP/1.1" 200 -
172.22.2.4 - - [25/Nov/2023:03:00:14 -0500] "GET /BLA/boletinlegal/ HTTP/1.1" 200 61018
201.245.192.253 - - [25/Nov/2023:03:02:19 -0500] "POST /kwsrmcab/Wsrmcab  HTTP/1.1" 200 213
216.245.221.92 - - [25/Nov/2023:03:02:49 -0500] "HEAD / HTTP/1.1" 200 -
52.167.144.168 - - [25/Nov/2023:03:04:39 -0500] "GET /BLA/resoluciones/RESOLUCIONES%202008/4927.pdf HTTP/1.1" 200 333642
40.77.167.56 - - [25/Nov/2023:03:04:54 -0500] "GET /BLA/resoluciones/AUTOS%202023/5697.pdf HTTP/1.1" 200 311171
172.22.2.4 - - [25/Nov/2023:03:05:13 -0500] "HEAD /BLA/boletinlegal/ HTTP/1.1" 200 -
201.245.192.253 - - [25/Nov/2023:03:07:17 -0500] "POST /kwsrmcab/Wsrmcab  HTTP/1.1" 200 213
172.22.2.4 - - [25/Nov/2023:03:06:04 -0500] "GET /BLA/boletinlegal/ HTTP/1.1" 200 60634
216.245.221.92 - - [25/Nov/2023:03:07:49 -0500] "HEAD / HTTP/1.1" 200 -
201.245.192.253 - - [25/Nov/2023:03:12:16 -0500] "POST /kwsrmcab/Wsrmcab  HTTP/1.1" 200 213
172.22.2.4 - - [25/Nov/2023:03:11:03 -0500] "HEAD /BLA/boletinlegal/ HTTP/1.1" 200 -
216.245.221.92 - - [25/Nov/2023:03:12:49 -0500] "HEAD / HTTP/1.1" 200 -
172.22.2.4 - - [25/Nov/2023:03:11:54 -0500] "GET /BLA/boletinlegal/ HTTP/1.1" 200 58644
52.167.144.237 - - [25/Nov/2023:03:13:45 -0500] "GET /Publicaciones/2023EE259152.pdf HTTP/1.1" 404 228
66.249.73.36 - - [25/Nov/2023:03:14:09 -0500] "GET /BLA/boletinlegal/Directivas/2011/Directiva%20No.%2010%20del%2028%20de%20Septiembre%20de%202011.pdf HTTP/1.1" 304 -
201.245.192.253 - - [25/Nov/2023:03:16:36 -0500] "POST /kwsrmcab/Wsrmcab HTTP/1.1" 200 39971
201.245.192.253 - - [25/Nov/2023:03:16:39 -0500] "POST /kwsrmcab/Wsrmcab HTTP/1.1" 200 41784
199.16.157.183 - - [25/Nov/2023:03:16:43 -0500] "GET /images/cr%C3%B3nica-29-nov-1_optimized.jpeg HTTP/1.1" 404 1034
52.167.144.163 - - [25/Nov/2023:03:17:08 -0500] "GET /Publicaciones/2023EE244838.pdf HTTP/1.1" 404 228
52.167.144.16 - - [25/Nov/2023:03:17:15 -0500] "GET /Publicaciones/2023EE220454.pdf HTTP/1.1" 404 228
201.245.192.253 - - [25/Nov/2023:03:17:15 -0500] "POST /kwsrmcab/Wsrmcab  HTTP/1.1" 200 213
216.245.221.92 - - [25/Nov/2023:03:17:49 -0500] "HEAD / HTTP/1.1" 200 -
52.167.144.212 - - [25/Nov/2023:03:17:58 -0500] "GET /Publicaciones/2023EE192173.pdf HTTP/1.1" 404 228
52.167.144.212 - - [25/Nov/2023:03:18:08 -0500] "GET /Publicaciones/2023EE207079.pdf HTTP/1.1" 404 228
52.167.144.212 - - [25/Nov/2023:03:18:09 -0500] "GET /Publicaciones/2023EE217035.pdf HTTP/1.1" 404 228
172.22.2.4 - - [25/Nov/2023:03:16:53 -0500] "HEAD /BLA/boletinlegal/ HTTP/1.1" 200 -
40.77.167.38 - - [25/Nov/2023:03:19:05 -0500] "GET /BLA/resoluciones/AUTOS%202023/5562.pdf HTTP/1.1" 200 1550849
172.22.2.4 - - [25/Nov/2023:03:17:44 -0500] "GET /BLA/boletinlegal/ HTTP/1.1" 200 52827
201.245.192.253 - - [25/Nov/2023:03:20:08 -0500] "POST /kwsrmcab/Wsrmcab HTTP/1.1" 200 39971
40.77.167.38 - - [25/Nov/2023:03:22:05 -0500] "GET /BLA/resoluciones/AUTOS%202017/3181.pdf HTTP/1.1" 200 275770
201.245.192.253 - - [25/Nov/2023:03:22:13 -0500] "POST /kwsrmcab/Wsrmcab  HTTP/1.1" 200 213
201.245.192.253 - - [25/Nov/2023:03:22:33 -0500] "POST /kwsrmcab/Wsrmcab HTTP/1.1" 200 41784
216.245.221.92 - - [25/Nov/2023:03:22:49 -0500] "HEAD / HTTP/1.1" 200 -
40.77.167.28 - - [25/Nov/2023:03:22:51 -0500] "GET /BLA/resoluciones/AUTOS%202023/5144.pdf HTTP/1.1" 200 1302733
52.167.144.16 - - [25/Nov/2023:03:23:08 -0500] "GET /BLA/resoluciones/AUTOS%202013/1308.pdf HTTP/1.1" 200 1736677
172.22.2.4 - - [25/Nov/2023:03:22:43 -0500] "HEAD /BLA/boletinlegal/ HTTP/1.1" 200 -
172.22.2.4 - - [25/Nov/2023:03:23:34 -0500] "GET /BLA/boletinlegal/ HTTP/1.1" 200 58644
52.167.144.16 - - [25/Nov/2023:03:25:38 -0500] "GET /BLA/resoluciones/AUTOS%202023/4012.pdf HTTP/1.1" 200 446569
201.245.192.253 - - [25/Nov/2023:03:26:36 -0500] "POST /kwsrmcab/Wsrmcab HTTP/1.1" 200 39971
201.245.192.253 - - [25/Nov/2023:03:26:39 -0500] "POST /kwsrmcab/Wsrmcab HTTP/1.1" 200 41784
201.245.192.253 - - [25/Nov/2023:03:27:13 -0500] "POST /kwsrmcab/Wsrmcab  HTTP/1.1" 200 213
216.245.221.92 - - [25/Nov/2023:03:27:49 -0500] "HEAD / HTTP/1.1" 200 -
52.167.144.191 - - [25/Nov/2023:03:29:57 -0500] "GET /BLA/resoluciones/AUTOS%202023/5342.pdf HTTP/1.1" 200 6466794
201.245.192.253 - - [25/Nov/2023:03:30:07 -0500] "POST /kwsrmcab/Wsrmcab HTTP/1.1" 200 39971
172.22.2.4 - - [25/Nov/2023:03:28:33 -0500] "HEAD /BLA/boletinlegal/ HTTP/1.1" 200 -
20.197.112.227 - - [25/Nov/2023:03:30:35 -0500] "GET /Publicaciones/2023EE210178.pdf HTTP/1.1" 404 228
172.22.2.4 - - [25/Nov/2023:03:29:24 -0500] "GET /BLA/boletinlegal/ HTTP/1.1" 200 59827
201.245.192.253 - - [25/Nov/2023:03:32:12 -0500] "POST /kwsrmcab/Wsrmcab  HTTP/1.1" 200 213
201.245.192.253 - - [25/Nov/2023:03:32:21 -0500] "POST /kwsrmcab/Wsrmcab HTTP/1.1" 200 41784
66.249.73.38 - - [25/Nov/2023:03:32:32 -0500] "GET /siipev/Diseno%20de%20Elementos%20de%20Mobiliario%20Urbano/Otros%20Elementos/PARTE%20B/Dise%C3%B1o%20de%20Elementos%20M21.pdf HTTP/1.1" 200 285709
66.249.73.36 - - [25/Nov/2023:03:32:34 -0500] "GET /Publicaciones/2023EE260348.pdf HTTP/1.1" 404 228
66.249.73.37 - - [25/Nov/2023:03:32:34 -0500] "GET /Publicaciones/2023EE255371.pdf HTTP/1.1" 404 228
66.249.73.36 - - [25/Nov/2023:03:32:35 -0500] "GET /Publicaciones/2023EE158696.pdf HTTP/1.1" 404 228
66.249.73.36 - - [25/Nov/2023:03:32:35 -0500] "GET /Publicaciones/2023EE261947.pdf HTTP/1.1" 404 228
66.249.73.36 - - [25/Nov/2023:03:32:36 -0500] "GET /BLA/resoluciones/Notificaciones/RESOLUCIONES%202022/2797.pdf HTTP/1.1" 200 374193
66.249.73.37 - - [25/Nov/2023:03:32:39 -0500] "GET /Publicaciones/2023EE260499.pdf HTTP/1.1" 404 228
66.249.73.37 - - [25/Nov/2023:03:32:39 -0500] "GET /Publicaciones/2023EE219645.pdf HTTP/1.1" 404 228
66.249.73.37 - - [25/Nov/2023:03:32:40 -0500] "GET /Publicaciones/2023EE261020.pdf HTTP/1.1" 404 228
216.245.221.92 - - [25/Nov/2023:03:32:49 -0500] "HEAD / HTTP/1.1" 200 -
172.22.2.4 - - [25/Nov/2023:03:34:51 -0500] "GET /BLA/boletinlegal/nmaplowercheck1700901268 HTTP/1.1" 404 1043
172.22.2.4 - - [25/Nov/2023:03:34:51 -0500] "POST /BLA/boletinlegal/sdk HTTP/1.1" 404 1043
172.22.2.4 - - [25/Nov/2023:03:34:52 -0500] "GET /BLA/boletinlegal/robots.txt HTTP/1.1" 404 1043
172.22.2.4 - - [25/Nov/2023:03:34:52 -0500] "GET /BLA/boletinlegal/evox/about HTTP/1.1" 404 1043
172.22.2.4 - - [25/Nov/2023:03:34:52 -0500] "GET /BLA/boletinlegal/.git/HEAD HTTP/1.1" 404 1043
172.22.2.4 - - [25/Nov/2023:03:34:52 -0500] "GET /BLA/boletinlegal/HNAP1 HTTP/1.1" 404 1043
172.22.2.4 - - [25/Nov/2023:03:35:33 -0500] "GET /BLA/boletinlegal/favicon.ico HTTP/1.1" 404 1043
172.22.2.4 - - [25/Nov/2023:03:34:23 -0500] "HEAD /BLA/boletinlegal/ HTTP/1.1" 200 -
40.77.167.52 - - [25/Nov/2023:03:36:27 -0500] "GET /BLA/resoluciones/AUTOS%202023/2825.pdf HTTP/1.1" 200 904725
172.22.2.4 - - [25/Nov/2023:03:34:49 -0500] "GET /BLA/boletinlegal/ HTTP/1.1" 200 16870
172.22.2.4 - - [25/Nov/2023:03:34:51 -0500] "OPTIONS /BLA/boletinlegal/ HTTP/1.1" 200 17985
172.22.2.4 - - [25/Nov/2023:03:34:51 -0500] "GET /BLA/boletinlegal/ HTTP/1.1" 200 17985
172.22.2.4 - - [25/Nov/2023:03:34:51 -0500] "GET /BLA/boletinlegal/ HTTP/1.1" 200 17985
172.22.2.4 - - [25/Nov/2023:03:34:51 -0500] "OPTIONS /BLA/boletinlegal/ HTTP/1.1" 200 16276
172.22.2.4 - - [25/Nov/2023:03:34:51 -0500] "POST /BLA/boletinlegal/ HTTP/1.1" 200 15839
172.22.2.4 - - [25/Nov/2023:03:34:52 -0500] "PROPFIND /BLA/boletinlegal/ HTTP/1.1" 200 18407
172.22.2.4 - - [25/Nov/2023:03:34:52 -0500] "PROPFIND /BLA/boletinlegal/ HTTP/1.1" 200 15320
172.22.2.4 - - [25/Nov/2023:03:34:52 -0500] "OPTIONS /BLA/boletinlegal/ HTTP/1.1" 200 16276
201.245.192.253 - - [25/Nov/2023:03:36:36 -0500] "POST /kwsrmcab/Wsrmcab HTTP/1.1" 200 39971
172.22.2.4 - - [25/Nov/2023:03:34:59 -0500] "OPTIONS /BLA/boletinlegal/ HTTP/1.1" 200 16276
172.22.2.4 - - [25/Nov/2023:03:34:59 -0500] "GET /BLA/boletinlegal/ HTTP/1.1" 200 16276
172.22.2.4 - - [25/Nov/2023:03:34:59 -0500] "DKZB /BLA/boletinlegal/ HTTP/1.1" 200 19349
172.22.2.4 - - [25/Nov/2023:03:35:01 -0500] "PROPFIND /BLA/boletinlegal/ HTTP/1.1" 200 17343
201.245.192.253 - - [25/Nov/2023:03:36:39 -0500] "POST /kwsrmcab/Wsrmcab HTTP/1.1" 200 41784
172.22.2.4 - - [25/Nov/2023:03:35:08 -0500] "OPTIONS /BLA/boletinlegal/ HTTP/1.1" 200 15839
172.22.2.4 - - [25/Nov/2023:03:35:08 -0500] "GET /BLA/boletinlegal/ HTTP/1.1" 200 17343
172.22.2.4 - - [25/Nov/2023:03:35:08 -0500] "GET /BLA/boletinlegal/ HTTP/1.1" 200 17343
172.22.2.4 - - [25/Nov/2023:03:35:14 -0500] "GET /BLA/boletinlegal/ HTTP/1.1" 200 16276
172.22.2.4 - - [25/Nov/2023:03:35:16 -0500] "OPTIONS /BLA/boletinlegal/ HTTP/1.1" 200 17343
172.22.2.4 - - [25/Nov/2023:03:35:16 -0500] "HEAD /BLA/boletinlegal/ HTTP/1.1" 200 -
172.22.2.4 - - [25/Nov/2023:03:35:16 -0500] "HEAD /BLA/boletinlegal/ HTTP/1.1" 200 -
172.22.2.4 - - [25/Nov/2023:03:35:24 -0500] "OPTIONS /BLA/boletinlegal/ HTTP/1.1" 200 15839
172.22.2.4 - - [25/Nov/2023:03:35:24 -0500] "POST /BLA/boletinlegal/ HTTP/1.1" 200 18407
172.22.2.4 - - [25/Nov/2023:03:35:25 -0500] "GET /BLA/boletinlegal/ HTTP/1.1" 200 18913
172.22.2.4 - - [25/Nov/2023:03:35:32 -0500] "OPTIONS /BLA/boletinlegal/ HTTP/1.1" 200 17985
172.22.2.4 - - [25/Nov/2023:03:35:33 -0500] "OPTIONS /BLA/boletinlegal/ HTTP/1.1" 200 16276
201.245.192.253 - - [25/Nov/2023:03:37:11 -0500] "POST /kwsrmcab/Wsrmcab  HTTP/1.1" 200 213
172.22.2.4 - - [25/Nov/2023:03:35:34 -0500] "GET /BLA/boletinlegal/ HTTP/1.1" 200 17343
172.22.2.4 - - [25/Nov/2023:03:35:41 -0500] "OPTIONS /BLA/boletinlegal/ HTTP/1.1" 200 18407
172.22.2.4 - - [25/Nov/2023:03:35:42 -0500] "GET /BLA/boletinlegal/ HTTP/1.1" 200 18913
172.22.2.4 - - [25/Nov/2023:03:35:49 -0500] "OPTIONS /BLA/boletinlegal/ HTTP/1.1" 200 20253
172.22.2.4 - - [25/Nov/2023:03:35:51 -0500] "GET /BLA/boletinlegal/ HTTP/1.1" 200 19773
172.22.2.4 - - [25/Nov/2023:03:35:58 -0500] "OPTIONS /BLA/boletinlegal/ HTTP/1.1" 200 21165
216.245.221.92 - - [25/Nov/2023:03:37:49 -0500] "HEAD / HTTP/1.1" 200 -
172.22.2.4 - - [25/Nov/2023:03:37:05 -0500] "GET /BLA/boletinlegal/ HTTP/1.1" 200 24523
172.22.2.4 - - [25/Nov/2023:03:36:42 -0500] "GET /BLA/boletinlegal/ HTTP/1.1" 200 24523
172.22.2.4 - - [25/Nov/2023:03:37:06 -0500] "GET /BLA/boletinlegal/ HTTP/1.1" 200 24523
172.22.2.4 - - [25/Nov/2023:03:36:43 -0500] "GET /BLA/boletinlegal/ HTTP/1.1" 200 40946
66.249.73.36 - - [25/Nov/2023:03:39:39 -0500] "GET /Publicaciones/2022EE296383.pdf HTTP/1.1" 404 228
172.22.2.4 - - [25/Nov/2023:03:38:16 -0500] "GET /BLA/boletinlegal/ HTTP/1.1" 200 53195
66.249.79.162 - - [25/Nov/2023:03:39:55 -0500] "GET /BLA/boletinlegal/Directivas/2017/Directiva%20No.%2001%20del%2027%20de%20Junio%20de%202018.pdf HTTP/1.1" 304 -
66.249.79.130 - - [25/Nov/2023:03:39:56 -0500] "GET /compania-nacional-de-chocolates-cerescos-y-cablemovil-entre-las-empresas-que-han-implementado-proyectos-ambientales-exitosos.html HTTP/1.1" 304 -
172.22.2.4 - - [25/Nov/2023:03:38:17 -0500] "GET /BLA/boletinlegal/ HTTP/1.1" 200 58644
66.249.73.36 - - [25/Nov/2023:03:40:07 -0500] "GET /Publicaciones/2022EE296009.pdf HTTP/1.1" 404 228
201.245.192.253 - - [25/Nov/2023:03:40:07 -0500] "POST /kwsrmcab/Wsrmcab HTTP/1.1" 200 39971
162.55.175.158 - - [25/Nov/2023:03:40:43 -0500] "GET / HTTP/1.1" 200 319
162.55.175.158 - - [25/Nov/2023:03:40:43 -0500] "GET / HTTP/1.1" 200 4720
172.22.2.4 - - [25/Nov/2023:03:40:03 -0500] "GET /BLA/boletinlegal/ HTTP/1.1" 200 63167
201.245.192.253 - - [25/Nov/2023:03:42:10 -0500] "POST /kwsrmcab/Wsrmcab  HTTP/1.1" 200 213
201.245.192.253 - - [25/Nov/2023:03:42:20 -0500] "POST /kwsrmcab/Wsrmcab HTTP/1.1" 200 41784
52.167.144.191 - - [25/Nov/2023:03:42:48 -0500] "GET /BLA/resoluciones/AUTOS%202023/4519.pdf HTTP/1.1" 200 403425
216.245.221.92 - - [25/Nov/2023:03:42:49 -0500] "HEAD / HTTP/1.1" 200 -
172.22.2.4 - - [25/Nov/2023:03:43:29 -0500] "GET /BLA/boletinlegal/ HTTP/1.1" 200 62729
52.167.144.191 - - [25/Nov/2023:03:45:43 -0500] "GET /BLA/resoluciones/AUTOS%202023/4860.pdf HTTP/1.1" 200 806136
66.249.73.37 - - [25/Nov/2023:03:45:46 -0500] "GET /Publicaciones/2022EE296326.pdf HTTP/1.1" 404 228
201.245.192.253 - - [25/Nov/2023:03:47:09 -0500] "POST /kwsrmcab/Wsrmcab  HTTP/1.1" 200 213
216.245.221.92 - - [25/Nov/2023:03:47:49 -0500] "HEAD / HTTP/1.1" 200 -
66.249.73.36 - - [25/Nov/2023:03:48:21 -0500] "GET /Publicaciones/2022EE293531.pdf HTTP/1.1" 404 228
172.22.2.4 - - [25/Nov/2023:03:48:29 -0500] "HEAD /BLA/boletinlegal/ HTTP/1.1" 200 -
52.167.144.145 - - [25/Nov/2023:03:50:13 -0500] "GET /BLA/resoluciones/AUTOS%202023/5940.pdf HTTP/1.1" 200 421597
172.22.2.4 - - [25/Nov/2023:03:49:20 -0500] "GET /BLA/boletinlegal/ HTTP/1.1" 200 59827
172.22.2.4 - - [25/Nov/2023:03:51:33 -0500] "GET /BLA/boletinlegal/robots.txt HTTP/1.1" 404 1038
40.77.167.53 - - [25/Nov/2023:03:51:35 -0500] "GET /sitemaps.xml HTTP/1.1" 404 1034
201.245.192.253 - - [25/Nov/2023:03:52:08 -0500] "POST /kwsrmcab/Wsrmcab  HTTP/1.1" 200 213
216.245.221.92 - - [25/Nov/2023:03:52:49 -0500] "HEAD / HTTP/1.1" 200 -
172.22.2.4 - - [25/Nov/2023:03:51:36 -0500] "GET /BLA/boletinlegal/ HTTP/1.1" 200 49099
66.249.73.38 - - [25/Nov/2023:03:55:38 -0500] "GET /Publicaciones/2022EE299087.pdf HTTP/1.1" 404 228
172.22.2.4 - - [25/Nov/2023:03:54:19 -0500] "HEAD /BLA/boletinlegal/ HTTP/1.1" 200 -
172.22.2.4 - - [25/Nov/2023:03:55:10 -0500] "GET /BLA/boletinlegal/ HTTP/1.1" 200 54105
201.245.192.253 - - [25/Nov/2023:03:57:07 -0500] "POST /kwsrmcab/Wsrmcab  HTTP/1.1" 200 213
216.245.221.92 - - [25/Nov/2023:03:57:49 -0500] "HEAD / HTTP/1.1" 200 -
66.249.73.36 - - [25/Nov/2023:03:58:16 -0500] "GET /Publicaciones/2023EE261677.pdf HTTP/1.1" 404 228
66.249.73.38 - - [25/Nov/2023:03:59:47 -0500] "GET /Publicaciones/2022EE295127.pdf HTTP/1.1" 404 228
172.22.2.4 - - [25/Nov/2023:04:00:09 -0500] "HEAD /BLA/boletinlegal/ HTTP/1.1" 200 -
66.249.79.130 - - [25/Nov/2023:04:01:55 -0500] "GET /asi-se-mueve-bogota-en-el-dia-sin-carro-y-sin-moto.html HTTP/1.1" 304 -
172.22.2.4 - - [25/Nov/2023:04:01:57 -0500] "GET /BLA/boletinlegal/autodiscover/autodiscover.json?@zdi/Powershell HTTP/1.1" 404 1018
66.249.73.37 - - [25/Nov/2023:04:02:05 -0500] "GET /Publicaciones/2022EE298537.pdf HTTP/1.1" 404 228
201.245.192.253 - - [25/Nov/2023:04:02:06 -0500] "POST /kwsrmcab/Wsrmcab  HTTP/1.1" 200 213
172.22.2.4 - - [25/Nov/2023:04:01:00 -0500] "GET /BLA/boletinlegal/ HTTP/1.1" 200 60634
216.245.221.92 - - [25/Nov/2023:04:02:49 -0500] "HEAD / HTTP/1.1" 200 -
40.77.167.50 - - [25/Nov/2023:04:04:30 -0500] "GET /BLA/resoluciones/AUTOS%202023/4934.pdf HTTP/1.1" 200 464069
66.249.73.38 - - [25/Nov/2023:04:06:45 -0500] "GET /Publicaciones/2022EE295113.pdf HTTP/1.1" 404 228
66.249.79.130 - - [25/Nov/2023:04:06:56 -0500] "GET /secretaria-de-ambiente-intercambia-conocimientos-sobre-arbolado-urbano-con-delegadas-de-la-alcaldia-de-sao-paulo.html HTTP/1.1" 304 -
201.245.192.253 - - [25/Nov/2023:04:07:04 -0500] "POST /kwsrmcab/Wsrmcab  HTTP/1.1" 200 213
172.22.2.4 - - [25/Nov/2023:04:05:59 -0500] "HEAD /BLA/boletinlegal/ HTTP/1.1" 200 -
216.245.221.92 - - [25/Nov/2023:04:07:49 -0500] "HEAD / HTTP/1.1" 200 -
172.22.2.4 - - [25/Nov/2023:04:06:50 -0500] "GET /BLA/boletinlegal/ HTTP/1.1" 200 60224
40.77.167.50 - - [25/Nov/2023:04:08:51 -0500] "GET /BLA/resoluciones/AUTOS%202023/5510.pdf HTTP/1.1" 200 1014348
43.156.250.197 - - [25/Nov/2023:04:12:00 -0500] "GET /galeria/galeria/fotos/GuaymaralTorca4P.jpg HTTP/1.1" 200 33981
201.245.192.253 - - [25/Nov/2023:04:12:03 -0500] "POST /kwsrmcab/Wsrmcab  HTTP/1.1" 200 213
217.76.60.59 - - [25/Nov/2023:04:12:16 -0500] "GET /robots.txt HTTP/1.1" 404 1034
217.76.60.59 - - [25/Nov/2023:04:12:19 -0500] "GET /mejora-tu-bienestar-con-las-caminatas-ecologicas-%C3%82%C2%A1conoce-la-programacion-de-agosto.html HTTP/1.1" 200 873
216.245.221.92 - - [25/Nov/2023:04:12:49 -0500] "HEAD / HTTP/1.1" 200 -
172.22.2.4 - - [25/Nov/2023:04:11:49 -0500] "HEAD /BLA/boletinlegal/ HTTP/1.1" 200 -
157.55.39.223 - - [25/Nov/2023:04:14:08 -0500] "GET /robots.txt HTTP/1.1" 404 1035
172.22.2.4 - - [25/Nov/2023:04:12:40 -0500] "GET /BLA/boletinlegal/ HTTP/1.1" 200 60634
52.167.144.194 - - [25/Nov/2023:04:14:22 -0500] "GET /portaldeninos/?s=2023 HTTP/1.1" 200 87105
52.167.144.222 - - [25/Nov/2023:04:14:41 -0500] "GET /BLA/resoluciones/AUTOS%202023/1638.pdf HTTP/1.1" 200 882301
52.167.144.222 - - [25/Nov/2023:04:15:20 -0500] "GET /Publicaciones/2023EE211091.pdf HTTP/1.1" 404 228
66.249.73.37 - - [25/Nov/2023:04:15:26 -0500] "GET /Publicaciones/2022EE295115.pdf HTTP/1.1" 404 228
173.252.127.118 - - [25/Nov/2023:04:15:36 -0500] "GET /participa-con-nosotros-en-el-october-big-day.html HTTP/1.1" 200 1039
52.167.144.214 - - [25/Nov/2023:04:15:54 -0500] "GET /Publicaciones/2023EE216751.pdf HTTP/1.1" 404 228
40.77.167.235 - - [25/Nov/2023:04:15:59 -0500] "GET /Publicaciones/2023EE216758.pdf HTTP/1.1" 404 228
52.167.144.222 - - [25/Nov/2023:04:16:31 -0500] "GET /BLA/resoluciones/RESOLUCIONES%202023/0698.pdf HTTP/1.1" 304 -
201.245.192.253 - - [25/Nov/2023:04:16:35 -0500] "POST /kwsrmcab/Wsrmcab HTTP/1.1" 200 39975
52.167.144.222 - - [25/Nov/2023:04:16:40 -0500] "GET /Publicaciones/2023EE232169.pdf HTTP/1.1" 404 228
201.245.192.253 - - [25/Nov/2023:04:16:38 -0500] "POST /kwsrmcab/Wsrmcab HTTP/1.1" 200 41796
52.167.144.214 - - [25/Nov/2023:04:16:53 -0500] "GET /Publicaciones/2023EE186991.pdf HTTP/1.1" 404 228
201.245.192.253 - - [25/Nov/2023:04:17:01 -0500] "POST /kwsrmcab/Wsrmcab  HTTP/1.1" 200 213
216.244.66.246 - - [25/Nov/2023:04:17:04 -0500] "GET /robots.txt HTTP/1.1" 404 1034
216.245.221.92 - - [25/Nov/2023:04:17:49 -0500] "HEAD / HTTP/1.1" 200 -
40.77.167.235 - - [25/Nov/2023:04:19:11 -0500] "GET /BLA/resoluciones/AUTOS%202023/5636.pdf HTTP/1.1" 200 490364
52.167.144.222 - - [25/Nov/2023:04:19:15 -0500] "GET /BLA/resoluciones/AUTOS%202013/0655.pdf HTTP/1.1" 200 1113572
172.22.2.4 - - [25/Nov/2023:04:17:39 -0500] "HEAD /BLA/boletinlegal/ HTTP/1.1" 200 -
