186.102.49.241 - - [25/Nov/2023:14:48:01 -0500] "GET /kwssiamovil/sm/acme/a?s=U2FsdGVkX19yjdYBmT1RPn2cEXeLdb6DCWRhvra047wKtkSlnL2jDTdLMtxdRGU1j+U73bOajoEww9CDYDwF604e84FTAGRnrsm/B9i9/vj6UlPZVuhY1P+ZzFNvVcmTvb+JOirKOu9lIhQ5oHVyiloHz0woy+v4pWJu88B6/SM=&u=U2FsdGVkX1/KJwMQ7K2tLrL4FxUAiUDNmxinx8ZWqj80epwmZ4U3f2UKS0+Q869Q&y=U2FsdGVkX1+u7gFH0WTh4eVJFRw7ptF+adq3lFDOd/Eiz3VZDzH+GxqAynYC1sz0 HTTP/1.1" 200 26
186.102.49.241 - - [25/Nov/2023:14:48:02 -0500] "GET /kwssiamovil/sm/acme/a?s=U2FsdGVkX185dKfRwOUNZlvkTTd6PFKsISdV+VM8/3D5JJ4BZyNVFw9IMTEANuQq82hr/UvkC2SG7N3j5+/1gJla3RQGk8dxtQqLLE2hZBK+NYJ/NhjcR6hx+342MsCCg+J2nqLfw+cohhjM2kP95xDC38sMaCCe0ijc/LFvFZA=&u=U2FsdGVkX1/KJwMQ7K2tLrL4FxUAiUDNmxinx8ZWqj80epwmZ4U3f2UKS0+Q869Q&y=U2FsdGVkX1+u7gFH0WTh4eVJFRw7ptF+adq3lFDOd/Eiz3VZDzH+GxqAynYC1sz0 HTTP/1.1" 200 26
186.102.49.241 - - [25/Nov/2023:14:48:02 -0500] "GET /kwssiamovil/sm/acme/a?s=U2FsdGVkX18dLcn8McsaRtU4nQyVDLuwz55ElGEg9NayneRRk7K+P5ScFMnC/mbXB77qyoqWkxcmovfjQNGDv9AT2OtPEYtko6jt7dqqFH624UtXVg8xiyqD40OBRfjHxAeyGeiBe4yyyNGHt5vwcXe3TIjO5Y72j256AZHNyQKOxJTZmEoLX2m10OBn2d6SdooKQFuBszr+SyAG0fBRKg==&u=U2FsdGVkX1/KJwMQ7K2tLrL4FxUAiUDNmxinx8ZWqj80epwmZ4U3f2UKS0+Q869Q&y=U2FsdGVkX1+u7gFH0WTh4eVJFRw7ptF+adq3lFDOd/Eiz3VZDzH+GxqAynYC1sz0 HTTP/1.1" 200 26
172.22.2.4 - - [25/Nov/2023:14:47:41 -0500] "HEAD /BLA/boletinlegal/ HTTP/1.1" 200 -
201.245.192.253 - - [25/Nov/2023:14:49:41 -0500] "POST /kwsrmcab/Wsrmcab  HTTP/1.1" 200 213
52.230.152.188 - - [25/Nov/2023:14:49:53 -0500] "GET /robots.txt HTTP/1.1" 404 1035
52.230.152.26 - - [25/Nov/2023:14:49:54 -0500] "GET /portaldeninos/wp-content/uploads/2022/08/Infograf%C3%ADa-humedales-actualizada.png HTTP/1.1" 200 588022
172.22.2.4 - - [25/Nov/2023:14:48:32 -0500] "GET /BLA/boletinlegal/ HTTP/1.1" 200 56634
157.55.39.54 - - [25/Nov/2023:14:51:00 -0500] "GET /BLA/resoluciones/AUTOS%202023/5503.pdf HTTP/1.1" 200 1020109
216.245.221.92 - - [25/Nov/2023:14:52:47 -0500] "HEAD / HTTP/1.1" 200 -
201.245.192.253 - - [25/Nov/2023:14:54:40 -0500] "POST /kwsrmcab/Wsrmcab  HTTP/1.1" 200 213
52.167.144.145 - - [25/Nov/2023:14:55:04 -0500] "GET /portaldeninos/ HTTP/1.1" 200 110175
172.22.2.4 - - [25/Nov/2023:14:53:31 -0500] "HEAD /BLA/boletinlegal/ HTTP/1.1" 200 -
172.22.2.4 - - [25/Nov/2023:14:54:22 -0500] "GET /BLA/boletinlegal/ HTTP/1.1" 200 60634
216.245.221.92 - - [25/Nov/2023:14:57:47 -0500] "HEAD / HTTP/1.1" 200 -
207.46.13.156 - - [25/Nov/2023:14:57:52 -0500] "GET /BLA/resoluciones/index.php?dir=RESOLUCIONES+2002%2FRES+2002+1851-1900%2F HTTP/1.1" 200 12150
201.245.192.253 - - [25/Nov/2023:14:59:40 -0500] "POST /kwsrmcab/Wsrmcab  HTTP/1.1" 200 213
52.167.144.191 - - [25/Nov/2023:14:59:50 -0500] "GET /BLA/resoluciones/index.php?dir=RESOLUCIONES+2002%2FRES+2002+951-1000%2F HTTP/1.1" 200 12521
172.22.2.4 - - [25/Nov/2023:15:00:11 -0500] "GET /BLA/boletinlegal/jurisprudencia/analisis/AnalisisC-035-16.docx HTTP/1.1" 200 25011
66.228.52.209 - - [25/Nov/2023:15:00:22 -0500] "GET /sipse/faces/index.xhtml HTTP/1.1" 200 677
66.228.52.209 - - [25/Nov/2023:15:00:22 -0500] "GET /sipse/faces/javax.faces.resource/theme.css?ln=primefaces-sipse HTTP/1.1" 200 50058
66.228.52.209 - - [25/Nov/2023:15:00:24 -0500] "GET /favicon.ico HTTP/1.1" 200 7782
172.22.2.4 - - [25/Nov/2023:14:59:21 -0500] "HEAD /BLA/boletinlegal/ HTTP/1.1" 200 -
40.77.188.88 - - [25/Nov/2023:15:01:16 -0500] "GET /portaldeninos/wp-content/themes/betheme/fonts/mfn-icons.woff?93978679 HTTP/1.1" 200 80932
172.22.2.4 - - [25/Nov/2023:15:00:12 -0500] "GET /BLA/boletinlegal/ HTTP/1.1" 200 61018
216.245.221.92 - - [25/Nov/2023:15:02:47 -0500] "HEAD / HTTP/1.1" 200 -
66.249.66.193 - - [25/Nov/2023:15:04:20 -0500] "GET /en-julio-programate-para-asistir-a-las-caminatas-ecologicas-y-conectarte-con-la-naturaleza.html HTTP/1.1" 304 -
201.245.192.253 - - [25/Nov/2023:15:04:38 -0500] "POST /kwsrmcab/Wsrmcab  HTTP/1.1" 200 213
172.22.2.4 - - [25/Nov/2023:15:05:11 -0500] "HEAD /BLA/boletinlegal/ HTTP/1.1" 200 -
168.119.253.48 - - [25/Nov/2023:15:07:01 -0500] "GET / HTTP/1.1" 200 4720
168.119.253.48 - - [25/Nov/2023:15:07:02 -0500] "GET / HTTP/1.1" 200 319
108.174.5.112 - - [25/Nov/2023:15:07:27 -0500] "GET /soratama-en-los-cerros-orientales-un-rincon-ideal-para-los-mamiferos.html HTTP/1.1" 206 804
172.22.2.4 - - [25/Nov/2023:15:06:02 -0500] "GET /BLA/boletinlegal/ HTTP/1.1" 200 60634
216.245.221.92 - - [25/Nov/2023:15:07:47 -0500] "HEAD / HTTP/1.1" 200 -
162.55.175.158 - - [25/Nov/2023:15:08:46 -0500] "GET / HTTP/1.1" 200 319
162.55.175.158 - - [25/Nov/2023:15:08:46 -0500] "GET / HTTP/1.1" 200 4720
40.77.167.126 - - [25/Nov/2023:15:08:49 -0500] "GET /portaldeninos/?s= HTTP/1.1" 200 85920
201.245.192.253 - - [25/Nov/2023:15:09:37 -0500] "POST /kwsrmcab/Wsrmcab  HTTP/1.1" 200 213
186.102.49.241 - - [25/Nov/2023:15:12:10 -0500] "GET /kwssiamovil/sm/acme/a?s=U2FsdGVkX1/2XSNNWhZYWjEZ6s8GHkS66GfjwSLOrZiUwUdYKRH8bFyzp6SbloeC7/KK3mL2hyFmaIYt1yLkZIPxm7tB+IZFCfcYs8DodF3MNTGTV0n1d17rk3UY7r5Du5IabCOqrg/q8f/YL5aDBXzJsE0IInnTmD4hz4sdh3y0NpekFBhwrv9XknwaJjH2WGkSxvw5vQM7Q7V2ulqL9lW0l68qSgpX0Jy5THr6EE/D5Utn4k6zHuNuyQIpDRD/zaZshI4C7fKIi2unKIfocg==&u=U2FsdGVkX1/KJwMQ7K2tLrL4FxUAiUDNmxinx8ZWqj80epwmZ4U3f2UKS0+Q869Q&y=U2FsdGVkX1+u7gFH0WTh4eVJFRw7ptF+adq3lFDOd/Eiz3VZDzH+GxqAynYC1sz0 HTTP/1.1" 200 26
186.102.49.241 - - [25/Nov/2023:15:12:11 -0500] "GET /kwssiamovil/sm/acme/a?s=U2FsdGVkX18kK9C6Zy96y/TVHGXcvHpqJ4XktnkZcPEQIA6Mcd7gw9MAawI/W9ULKGQNa1pRQ/R4vz7r/X4F15chnUVub3vPs2/ewZHKRGuAUJ87G6J7WflCK23D97GrxQxhJMrbSuRAt1TpIU6ZaSLXMloJi3PXTHJ4Q9H5dJq0slDo1RcA0In6ATWSt9uFPodRsLYDU8He5cZXC8GNFBkAXAv9Yuky6SCG4abxTvzWUVKHctulqQKmUC/Zt5Ob+ZwybiXSfhzqpCMhYbL5gMmNgOS9YkLK7/u3iHkihAhbVvGSTiPLz97kXr3COjv9KVt8e45FybVNnsZbpTpdLNzBab8aVjQqzcUdn4RAx08cb1NT098LOPBBsw/P87twLcWCJQVTrf3HUBCmoTxo+IlyBTFdXbdfFit2upxqoyNOODGekX+BoaSiMXLQVm5Y+3Zt1q8M5znC5RtGMlIiAZnAoruDOlI5ObVbxudKEFJ9FmrnjDs6LGL2UuIq0L0A38adoQMLLuAUjjWfc5sJkCWYr04ytesk5OgiTWWfeZQlUx5WHSHq3j0NFAvJUH4/dqF0Ef94PCQ7BqhAcCLzcHhxn1Tdrk5PrdVVEdbMzpzosMasIjZnWTBigOihrKG2++umo0UQ4owVgfDSI+a10cACZwTkHWqOU4AuqCK+tmZcaUuC2QbdPJvwJWUvjZM4eEsT7nAnHVKOoQIABVlPOzj+nHSdrfSLEYTh/z2J84bKEn/8GYRdIsBAS/Q6p31wHdGASngxLX1ecUmW/HhnBjZIuzoZpxcXUMy8YYbV/R8q6UU73CcmfkOFUFbpcCk0oFbyP7ZZH6GgsLr7BUgcQ9JqDp5SRonvrhx6/zfaYGr0rTxQQ19xVzRgMjHdgXKmP1rQepnfRDTt8ku19zodSsqYRBFhjFUDux3UNNUg47H7PZGWQOA+oBPrOBuc6AykvPZAzz51CE4tmrVou7VqjpF71Ig9IEt5SdJD8PN5IvWuGCxCRctZ9suwna8Dzl0k9CApIC2KdbabAx8wzWNSpIUOdypAgMaT/iaq4QhwtfQs+e8PFMzDhmnFB/OUy8amIGoli9Raq/+gKGgkNBiOakUbh2YCU0JvtG3osRamvAYWp7LI7wRGYiCIKSJI2WcNe/+3WFvV8DG4j1FAVUqz6yDPuN8YK7cxDhpSO2Xqdv1PkVww5XgoXdyIFrlK1FVUBCzOgRxMXdBHxXL1sr1S0HIWgiGSALHm/inP2JJN0V2VHkOGxJDMlbd2CbIXdDeqCwgMSFfPLJ9oXkL987ZwSMD1WHcB3CAj8d+xRPy9O4YQtA1MGYmDGYCp8+eUXaF7ucCjJ8dqYHz6EdkAfDDqTxv3RXeRYfZtt7vZZIqqCfADbcNqTBETqWDCpW07/ecKshCOk/ZGPVtjsxDGQkPEpeMarFCifdAFffrk0t64i7iQrGdQs7YHscMjmOOfr2jrhvPBFBV+Vy4wLsv9/IwoQ8PXWZgnADIfWJ2JeQ4FPCm1ntgcDLXzMvVhmzvzvdTGbqTxHgJKK6bTgKa1vKJSN04tzH3LRUbz/0dI4SggbBg6PpuYs43deFe6LIqvxCsPb5zSSPvudzSA0A/ADRUsvqGr3IoDhAtjdMWB/XpwTPoDS5T07q3YFgYHeM9UvE/fzDUQHmBEfuLA/VkUENscF0lf2feB7ekZCftaIgNGe9i4a9LUYTy8kVpe3hoNMyv6UNQYaZhC3qDP/5AN52nhjvpmbkPxJV47YRWE6onhRIZk3ElUVNv03TzQRifhOwyx6XQgGkT7TgEowpZhf77fivRSxFDAJJ6dyUyuu5QCBjGE44pwhXIbl6xhpeCV4iZ3CyK3XbrB3hnCjf2H9lIgaL+Vhf+l8YdyBoBgaySm+38yeGN271dz1e9rXOSrCK6O3quPSCiNDpSkI2CVb9pfhJKFIB2kMgZSsuRyCDqLISHMjyV4QfvGGj1rNnUGkSqsl5xhGkL+sctIbr4Bcyqde84hZd3Y84Kj81gH8ekPS5C7DC1ir2u1hn5Ok3NggadvA3Q1M2NW39CB44lm0xlzZL0eOhdP5nAdxcF6soSB+xcmeWGDuoPzKZM9D6gUviJGqAyR1C3I3lMQtv9huDzoVJAX/WEKQ3jO5e46l7MmiJf+O571/TApIKQYOrXMA/l2mO/1SRWLHnfS1kEf6/ea7+ux4fc/XqiVi3gFyKTChQ2xx/ORhCsNaHJx8dOB7RVe0B6q1pZlKG+RaLia+0gGAk+HTGEmxDl7pHf0wH6Ku81Vn/9W7AfnharvSiXfaGuM9WSFax34JAIQsDJfYD39hQ==&u=U2FsdGVkX1/KJwMQ7K2tLrL4FxUAiUDNmxinx8ZWqj80epwmZ4U3f2UKS0+Q869Q&y=U2FsdGVkX1+u7gFH0WTh4eVJFRw7ptF+adq3lFDOd/Eiz3VZDzH+GxqAynYC1sz0 HTTP/1.1" 200 26
186.102.49.241 - - [25/Nov/2023:15:12:11 -0500] "GET /kwssiamovil/sm/acme/a?s=U2FsdGVkX1/ixU/J8YwBCsmMxDE5iBXZlR7cfQWbntBsnjE2xgvzHtw5IIe2BVm6qXE/kl7FPz1Mu0W7CfXUUaHfeHdsyGpHc4nnK9xeilSNNXA1P/Jm23+v7bO459NkMM68eSxgiEOGNDyCFyYWWfoaD/IUpEsY+jv1vpIdZ0g=&u=U2FsdGVkX1/KJwMQ7K2tLrL4FxUAiUDNmxinx8ZWqj80epwmZ4U3f2UKS0+Q869Q&y=U2FsdGVkX1+u7gFH0WTh4eVJFRw7ptF+adq3lFDOd/Eiz3VZDzH+GxqAynYC1sz0 HTTP/1.1" 200 26
186.102.49.241 - - [25/Nov/2023:15:12:12 -0500] "GET /kwssiamovil/sm/acme/a?s=U2FsdGVkX19gMu5bccGs85/HY/O+ZRS2L0PVBAgBkGEgtKEgyvEqHf3wlkgoAxvC+owcws9rWWJnXvDasj/3X3+DH66hoSQXLtSD8Nm1FTIHv8XK0UE56i35F+i/WO0OEAqCSQXTVqdTvvAk2MRXMdo3Y5mgi2B7Ge75GA320vU=&u=U2FsdGVkX1/KJwMQ7K2tLrL4FxUAiUDNmxinx8ZWqj80epwmZ4U3f2UKS0+Q869Q&y=U2FsdGVkX1+u7gFH0WTh4eVJFRw7ptF+adq3lFDOd/Eiz3VZDzH+GxqAynYC1sz0 HTTP/1.1" 200 26
186.102.49.241 - - [25/Nov/2023:15:12:12 -0500] "GET /kwssiamovil/sm/acme/a?s=U2FsdGVkX1/Dr83qytwDlD14NGs56uFjvVO1QqkJ+S6z+DAeq/UzBOCVPchIhl/KjojWdmdqTZgrz/Uau4iNeO81BB6kZ/IVq4wyp6fgQj8gHqG/kYXy2ngOzzIedyU9ckH3gBCY0gwc8U7C/MFBAw1ID3vUOSYgCsW77S41LB0=&u=U2FsdGVkX1/KJwMQ7K2tLrL4FxUAiUDNmxinx8ZWqj80epwmZ4U3f2UKS0+Q869Q&y=U2FsdGVkX1+u7gFH0WTh4eVJFRw7ptF+adq3lFDOd/Eiz3VZDzH+GxqAynYC1sz0 HTTP/1.1" 200 26
186.102.49.241 - - [25/Nov/2023:15:12:12 -0500] "GET /kwssiamovil/sm/acme/a?s=U2FsdGVkX18+K6sSxwKou5SMyfCXtlgo+692ygBlSvOcrBH1FAFUUbdOR+ojnRP4pph+K9LhDjOa72diZVyujwZq6RSTv1LKW4oxEmMSsBvrURy5CsPKcjja5dTcSeyzXDa40WeCk4azMc+3YCgQ5pU1vG399y0wNRaOmnvz2XKMcjbpUGQTbwmElBwvDBczBugyz1moyq3U+xvE7q+ZMg==&u=U2FsdGVkX1/KJwMQ7K2tLrL4FxUAiUDNmxinx8ZWqj80epwmZ4U3f2UKS0+Q869Q&y=U2FsdGVkX1+u7gFH0WTh4eVJFRw7ptF+adq3lFDOd/Eiz3VZDzH+GxqAynYC1sz0 HTTP/1.1" 200 26
207.46.13.31 - - [25/Nov/2023:15:12:29 -0500] "GET /Publicaciones/2023EE217011.pdf HTTP/1.1" 404 228
172.22.2.4 - - [25/Nov/2023:15:11:01 -0500] "HEAD /BLA/boletinlegal/ HTTP/1.1" 200 -
216.245.221.92 - - [25/Nov/2023:15:12:47 -0500] "HEAD / HTTP/1.1" 200 -
172.22.2.4 - - [25/Nov/2023:15:11:52 -0500] "GET /BLA/boletinlegal/ HTTP/1.1" 200 55803
66.228.52.209 - - [25/Nov/2023:15:14:32 -0500] "GET /sipse/faces/index.xhtml HTTP/1.1" 200 677
66.228.52.209 - - [25/Nov/2023:15:14:32 -0500] "GET /sipse/faces/javax.faces.resource/theme.css?ln=primefaces-sipse HTTP/1.1" 200 16030
201.245.192.253 - - [25/Nov/2023:15:14:37 -0500] "POST /kwsrmcab/Wsrmcab  HTTP/1.1" 200 213
157.55.39.15 - - [25/Nov/2023:15:15:04 -0500] "GET /BLA/resoluciones/index.php?dir=RESOLUCIONES+2007%2FRES+2007+2101+AL+2200%2F HTTP/1.1" 200 26622
40.77.167.41 - - [25/Nov/2023:15:15:37 -0500] "GET /BLA/resoluciones/AUTOS%202013/0977.pdf HTTP/1.1" 200 1153912
201.245.192.253 - - [25/Nov/2023:15:16:33 -0500] "POST /kwsrmcab/Wsrmcab HTTP/1.1" 200 40901
201.245.192.253 - - [25/Nov/2023:15:16:36 -0500] "POST /kwsrmcab/Wsrmcab HTTP/1.1" 200 42086
40.77.167.41 - - [25/Nov/2023:15:17:05 -0500] "GET /Publicaciones/2023EE192747.pdf HTTP/1.1" 404 228
216.245.221.92 - - [25/Nov/2023:15:17:47 -0500] "HEAD / HTTP/1.1" 200 -
157.55.39.15 - - [25/Nov/2023:15:18:01 -0500] "GET /Publicaciones/2023EE207081.pdf HTTP/1.1" 404 228
172.22.2.4 - - [25/Nov/2023:15:16:51 -0500] "HEAD /BLA/boletinlegal/ HTTP/1.1" 200 -
191.95.50.238 - - [25/Nov/2023:15:18:37 -0500] "GET /portaldeninos/wp-includes/js/wp-emoji-release.min.js?ver=4.9.8 HTTP/1.1" 200 12026
191.95.50.238 - - [25/Nov/2023:15:18:37 -0500] "GET /portaldeninos/wp-content/uploads/useanyfont/uaf.css?ver=1589905315 HTTP/1.1" 200 408
191.95.50.238 - - [25/Nov/2023:15:18:37 -0500] "GET /portaldeninos/wp-content/themes/betheme/style.css?ver=20.9.6 HTTP/1.1" 200 287
191.95.50.238 - - [25/Nov/2023:15:18:36 -0500] "GET /portaldeninos/humedal-jaboque-2/ HTTP/1.1" 200 87846
191.95.50.238 - - [25/Nov/2023:15:18:37 -0500] "GET /portaldeninos/wp-content/plugins/gallery-videos/CSS/totalsoft.css?ver=4.9.8 HTTP/1.1" 200 40622
191.95.50.238 - - [25/Nov/2023:15:18:37 -0500] "GET /portaldeninos/wp-content/plugins/gallery-videos/CSS/Total-Soft-Gallery-Video-Widget.css?ver=4.9.8 HTTP/1.1" 200 51554
191.95.50.238 - - [25/Nov/2023:15:18:37 -0500] "GET /portaldeninos/wp-content/themes/betheme/css/base.css?ver=20.9.6 HTTP/1.1" 200 57283
191.95.50.238 - - [25/Nov/2023:15:18:37 -0500] "GET /portaldeninos/wp-content/themes/betheme/assets/animations/animations.min.css?ver=20.9.6 HTTP/1.1" 200 58508
191.95.50.238 - - [25/Nov/2023:15:18:37 -0500] "GET /portaldeninos/wp-content/themes/betheme/css/shortcodes.css?ver=20.9.6 HTTP/1.1" 200 138889
191.95.50.238 - - [25/Nov/2023:15:18:37 -0500] "GET /portaldeninos/wp-content/themes/betheme/assets/ui/jquery.ui.all.css?ver=20.9.6 HTTP/1.1" 200 18765
191.95.50.238 - - [25/Nov/2023:15:18:37 -0500] "GET /portaldeninos/wp-content/themes/betheme/assets/jplayer/css/jplayer.blue.monday.css?ver=20.9.6 HTTP/1.1" 200 9834
191.95.50.238 - - [25/Nov/2023:15:18:37 -0500] "GET /portaldeninos/wp-content/plugins/google-analytics-for-wordpress/assets/js/frontend-gtag.min.js?ver=8.5.0 HTTP/1.1" 200 11801
191.95.50.238 - - [25/Nov/2023:15:18:37 -0500] "GET /portaldeninos/wp-content/themes/betheme/css/layout.css?ver=20.9.6 HTTP/1.1" 200 116639
191.95.50.238 - - [25/Nov/2023:15:18:38 -0500] "GET /portaldeninos/wp-includes/js/jquery/jquery-migrate.min.js?ver=1.4.1 HTTP/1.1" 200 10056
191.95.50.238 - - [25/Nov/2023:15:18:38 -0500] "GET /portaldeninos/wp-includes/js/jquery/ui/core.min.js?ver=1.11.4 HTTP/1.1" 200 4000
191.95.50.238 - - [25/Nov/2023:15:18:38 -0500] "GET /portaldeninos/wp-content/plugins/gallery-videos/JS/modernizr.custom.js?ver=4.9.8 HTTP/1.1" 200 9019
191.95.50.238 - - [25/Nov/2023:15:18:37 -0500] "GET /portaldeninos/wp-content/themes/betheme/css/responsive.css?ver=20.9.6 HTTP/1.1" 200 55740
191.95.50.238 - - [25/Nov/2023:15:18:38 -0500] "GET /portaldeninos/wp-content/plugins/gallery-videos/JS/Total-Soft-Gallery-Video-Widget.js?ver=4.9.8 HTTP/1.1" 200 80264
191.95.50.238 - - [25/Nov/2023:15:18:37 -0500] "GET /portaldeninos/wp-includes/js/jquery/jquery.js?ver=1.12.4 HTTP/1.1" 200 97184
191.95.50.238 - - [25/Nov/2023:15:18:38 -0500] "GET /portaldeninos/wp-content/uploads/2019/08/Logo-Ambientic.png HTTP/1.1" 200 22941
191.95.50.238 - - [25/Nov/2023:15:18:38 -0500] "GET /portaldeninos/wp-includes/js/jquery/ui/widget.min.js?ver=1.11.4 HTTP/1.1" 200 6908
191.95.50.238 - - [25/Nov/2023:15:18:38 -0500] "GET /portaldeninos/wp-includes/js/jquery/ui/mouse.min.js?ver=1.11.4 HTTP/1.1" 200 3148
191.95.50.238 - - [25/Nov/2023:15:18:38 -0500] "GET /portaldeninos/wp-includes/js/jquery/ui/accordion.min.js?ver=1.11.4 HTTP/1.1" 200 8584
191.95.50.238 - - [25/Nov/2023:15:18:38 -0500] "GET /portaldeninos/wp-content/uploads/2020/11/Jaboque-B-1024x576.jpg HTTP/1.1" 200 113926
191.95.50.238 - - [25/Nov/2023:15:18:38 -0500] "GET /portaldeninos/wp-includes/js/jquery/ui/tabs.min.js?ver=1.11.4 HTTP/1.1" 200 12110
191.95.50.238 - - [25/Nov/2023:15:18:38 -0500] "GET /portaldeninos/wp-content/themes/betheme/js/menu.js?ver=20.9.6 HTTP/1.1" 200 2449
191.95.50.238 - - [25/Nov/2023:15:18:38 -0500] "GET /portaldeninos/wp-content/themes/betheme/assets/animations/animations.min.js?ver=20.9.6 HTTP/1.1" 200 1896
191.95.50.238 - - [25/Nov/2023:15:18:38 -0500] "GET /portaldeninos/wp-includes/js/jquery/ui/sortable.min.js?ver=1.11.4 HTTP/1.1" 200 24899
191.95.50.238 - - [25/Nov/2023:15:18:38 -0500] "GET /portaldeninos/wp-includes/js/wp-embed.min.js?ver=4.9.8 HTTP/1.1" 200 1398
191.95.50.238 - - [25/Nov/2023:15:18:38 -0500] "GET /portaldeninos/wp-content/themes/betheme/fonts/mfn-icons.woff?93978679 HTTP/1.1" 200 80932
191.95.50.238 - - [25/Nov/2023:15:18:39 -0500] "GET /portaldeninos/wp-content/themes/betheme/images/box_shadow.png HTTP/1.1" 200 108
191.95.50.238 - - [25/Nov/2023:15:18:38 -0500] "GET /portaldeninos/wp-content/themes/betheme/assets/jplayer/jplayer.min.js?ver=20.9.6 HTTP/1.1" 200 52702
191.95.50.238 - - [25/Nov/2023:15:18:38 -0500] "GET /portaldeninos/wp-content/themes/betheme/js/scripts.js?ver=20.9.6 HTTP/1.1" 200 77162
191.95.50.238 - - [25/Nov/2023:15:18:38 -0500] "GET /portaldeninos/wp-content/themes/betheme/js/plugins.js?ver=20.9.6 HTTP/1.1" 200 197151
103.203.57.7 - - [25/Nov/2023:15:18:53 -0500] "GET / HTTP/1.1" 200 319
172.22.2.4 - - [25/Nov/2023:15:17:42 -0500] "GET /BLA/boletinlegal/ HTTP/1.1" 200 57881
201.245.192.253 - - [25/Nov/2023:15:19:36 -0500] "POST /kwsrmcab/Wsrmcab  HTTP/1.1" 200 213
40.77.167.41 - - [25/Nov/2023:15:19:39 -0500] "GET /BLA/resoluciones/AUTOS%202023/1313.pdf HTTP/1.1" 304 -
201.245.192.253 - - [25/Nov/2023:15:20:05 -0500] "POST /kwsrmcab/Wsrmcab HTTP/1.1" 200 40901
173.252.95.22 - - [25/Nov/2023:15:20:32 -0500] "GET /representantes-de-colombia-y-europa-se-reunieron-para-desarrollar-estrategias-innovadoras-en-la-gestion-del-plastico.html HTTP/1.1" 200 851
173.252.111.10 - - [25/Nov/2023:15:20:33 -0500] "GET /images/pl\xc3\xa1sticos%20foto%201..jpg HTTP/1.1" 404 1034
201.245.192.253 - - [25/Nov/2023:15:22:16 -0500] "POST /kwsrmcab/Wsrmcab HTTP/1.1" 200 42086
66.249.79.105 - - [25/Nov/2023:15:22:32 -0500] "GET /BLA/resoluciones/AUTOS%202010/1390.pdf HTTP/1.1" 200 246883
216.245.221.92 - - [25/Nov/2023:15:22:47 -0500] "HEAD / HTTP/1.1" 200 -
172.22.2.4 - - [25/Nov/2023:15:22:41 -0500] "HEAD /BLA/boletinlegal/ HTTP/1.1" 200 -
66.249.79.104 - - [25/Nov/2023:15:24:23 -0500] "GET /BLA/resoluciones/RESOLUCIONES%202003/RESOLUCION%202033%20DE%202003.PDF HTTP/1.1" 200 943120
201.245.192.253 - - [25/Nov/2023:15:24:34 -0500] "POST /kwsrmcab/Wsrmcab  HTTP/1.1" 200 213
172.22.2.4 - - [25/Nov/2023:15:23:32 -0500] "GET /BLA/boletinlegal/ HTTP/1.1" 200 58644
66.249.79.104 - - [25/Nov/2023:15:25:53 -0500] "GET /BLA/resoluciones/AUTOS%202007/0720.pdf HTTP/1.1" 200 53894
201.245.192.253 - - [25/Nov/2023:15:26:33 -0500] "POST /kwsrmcab/Wsrmcab HTTP/1.1" 200 40901
172.22.2.4 - - [25/Nov/2023:15:26:38 -0500] "GET /BLA/boletinlegal/actos.php HTTP/1.1" 200 9682
201.245.192.253 - - [25/Nov/2023:15:26:37 -0500] "POST /kwsrmcab/Wsrmcab HTTP/1.1" 200 42086
216.245.221.92 - - [25/Nov/2023:15:27:47 -0500] "HEAD / HTTP/1.1" 200 -
173.252.95.6 - - [25/Nov/2023:15:28:06 -0500] "GET /distrito-entrego-certificado-de-reconocimiento-a-mas-de-600-mujeres-que-reverdecen-tras-seis-meses-de-formacion-teorica-y-practica.html HTTP/1.1" 200 1113
201.245.192.253 - - [25/Nov/2023:15:29:33 -0500] "POST /kwsrmcab/Wsrmcab  HTTP/1.1" 200 213
201.245.192.253 - - [25/Nov/2023:15:30:05 -0500] "POST /kwsrmcab/Wsrmcab HTTP/1.1" 200 40901
172.22.2.4 - - [25/Nov/2023:15:28:31 -0500] "HEAD /BLA/boletinlegal/ HTTP/1.1" 200 -
172.22.2.4 - - [25/Nov/2023:15:29:22 -0500] "GET /BLA/boletinlegal/ HTTP/1.1" 200 59007
52.167.144.209 - - [25/Nov/2023:15:31:28 -0500] "GET /Publicaciones/2023EE245081.pdf HTTP/1.1" 404 228
186.154.39.129 - - [25/Nov/2023:15:31:58 -0500] "GET /secretaria-de-ambiente-inicia-campana-de-proteccion-y-conservacion-de-musgo-para-epoca-de-navidad.html HTTP/1.1" 200 876
186.154.39.129 - - [25/Nov/2023:15:31:58 -0500] "GET /favicon.ico HTTP/1.1" 404 1136
52.167.144.174 - - [25/Nov/2023:15:32:01 -0500] "GET /Publicaciones/2023EE204814.pdf HTTP/1.1" 404 228
201.245.192.253 - - [25/Nov/2023:15:32:12 -0500] "POST /kwsrmcab/Wsrmcab HTTP/1.1" 200 42086
66.249.66.194 - - [25/Nov/2023:15:32:22 -0500] "GET /aeropuerto-el-dorado-distrito-sensibilizo-a-viajeros-para-evitar-el-trafico-de-especies-silvestres.html HTTP/1.1" 200 851
216.245.221.92 - - [25/Nov/2023:15:32:47 -0500] "HEAD / HTTP/1.1" 200 -
66.249.79.106 - - [25/Nov/2023:15:34:10 -0500] "GET /BLA/resoluciones/Decretos/Decreto%20814%20del%2028%20de%20Diciembre%20de%202017.pdf HTTP/1.1" 200 2271553
201.245.192.253 - - [25/Nov/2023:15:34:32 -0500] "POST /kwsrmcab/Wsrmcab  HTTP/1.1" 200 213
66.249.79.105 - - [25/Nov/2023:15:35:34 -0500] "GET /BLA/resoluciones/AUTOS%202016/1864.pdf HTTP/1.1" 200 270378
172.22.2.4 - - [25/Nov/2023:15:33:55 -0500] "GET /BLA/boletinlegal/ HTTP/1.1" 200 56997
172.22.2.4 - - [25/Nov/2023:15:34:21 -0500] "HEAD /BLA/boletinlegal/ HTTP/1.1" 200 -
201.245.192.253 - - [25/Nov/2023:15:36:33 -0500] "POST /kwsrmcab/Wsrmcab HTTP/1.1" 200 40901
201.245.192.253 - - [25/Nov/2023:15:36:37 -0500] "POST /kwsrmcab/Wsrmcab HTTP/1.1" 200 42086
172.22.2.4 - - [25/Nov/2023:15:35:12 -0500] "GET /BLA/boletinlegal/ HTTP/1.1" 200 53737
207.46.13.156 - - [25/Nov/2023:15:37:05 -0500] "GET /BLA/resoluciones/AUTOS%202019/3580.pdf HTTP/1.1" 304 -
173.252.83.116 - - [25/Nov/2023:15:37:10 -0500] "GET /images/Zorro%20cangrejero.jpg HTTP/1.1" 200 40050
216.245.221.92 - - [25/Nov/2023:15:37:47 -0500] "HEAD / HTTP/1.1" 200 -
172.22.2.4 - - [25/Nov/2023:15:37:59 -0500] "GET /BLA/boletinlegal/Circulares/2019/.pdf HTTP/1.1" 404 1218
123.126.50.87 - - [25/Nov/2023:15:38:24 -0500] "GET / HTTP/1.1" 200 319
207.46.13.156 - - [25/Nov/2023:15:38:25 -0500] "GET /BLA/resoluciones/index.php?dir=AUTOS+2006%2FAUTOS+2006+1601+-+1700%2F HTTP/1.1" 200 22248
201.245.192.253 - - [25/Nov/2023:15:39:31 -0500] "POST /kwsrmcab/Wsrmcab  HTTP/1.1" 200 213
201.245.192.253 - - [25/Nov/2023:15:40:05 -0500] "POST /kwsrmcab/Wsrmcab HTTP/1.1" 200 40901
172.22.2.4 - - [25/Nov/2023:15:40:59 -0500] "GET /BLA/boletinlegal/robots.txt HTTP/1.1" 404 1038
172.22.2.4 - - [25/Nov/2023:15:41:04 -0500] "GET /BLA/boletinlegal/jurisprudencia.php HTTP/1.1" 200 17583
172.22.2.4 - - [25/Nov/2023:15:40:11 -0500] "HEAD /BLA/boletinlegal/ HTTP/1.1" 200 -
201.245.192.253 - - [25/Nov/2023:15:42:11 -0500] "POST /kwsrmcab/Wsrmcab HTTP/1.1" 200 42086
172.22.2.4 - - [25/Nov/2023:15:41:02 -0500] "GET /BLA/boletinlegal/ HTTP/1.1" 200 58294
172.22.2.4 - - [25/Nov/2023:15:42:44 -0500] "GET /BLA/boletinlegal/consulta_actos.php?tipo=resoluciones&no=2769&usuario=&sector=&fecha=2009&resuelve= HTTP/1.1" 200 1078
52.167.144.232 - - [25/Nov/2023:15:42:45 -0500] "GET /BLA/resoluciones/AUTOS%202013/1467.pdf HTTP/1.1" 200 430204
216.245.221.92 - - [25/Nov/2023:15:42:47 -0500] "HEAD / HTTP/1.1" 200 -
172.22.2.4 - - [25/Nov/2023:15:42:51 -0500] "GET /BLA/boletinlegal/consulta_actos.php?tipo=resoluciones&no=2769&usuario=&sector=&fecha=2009&resuelve= HTTP/1.1" 200 1078
201.221.172.10 - - [25/Nov/2023:15:42:55 -0500] "GET /BLA/resoluciones/RESOLUCIONES%202009/2769.pdf HTTP/1.1" 200 496552
172.22.2.4 - - [25/Nov/2023:15:43:58 -0500] "GET /BLA/boletinlegal/consulta_actos.php?tipo=resoluciones&no=0947&usuario=&sector=&fecha=2017&resuelve= HTTP/1.1" 200 1104
201.221.172.10 - - [25/Nov/2023:15:44:01 -0500] "GET /BLA/resoluciones/RESOLUCIONES%202017/0947.pdf HTTP/1.1" 200 746305
201.245.192.253 - - [25/Nov/2023:15:44:29 -0500] "POST /kwsrmcab/Wsrmcab  HTTP/1.1" 200 213
172.22.2.4 - - [25/Nov/2023:15:46:19 -0500] "GET /BLA/boletinlegal/normativa.php HTTP/1.1" 200 8343
172.22.2.4 - - [25/Nov/2023:15:46:19 -0500] "GET /BLA/boletinlegal/niceforms-default.css HTTP/1.1" 200 6694
172.22.2.4 - - [25/Nov/2023:15:46:19 -0500] "GET /BLA/boletinlegal/styles2.css HTTP/1.1" 200 1838
172.22.2.4 - - [25/Nov/2023:15:46:19 -0500] "GET /BLA/boletinlegal/style.css HTTP/1.1" 200 9406
172.22.2.4 - - [25/Nov/2023:15:46:19 -0500] "GET /BLA/boletinlegal/js/ajax_normativa.js HTTP/1.1" 200 1154
172.22.2.4 - - [25/Nov/2023:15:46:19 -0500] "GET /BLA/boletinlegal/niceforms.js HTTP/1.1" 200 22876
172.22.2.4 - - [25/Nov/2023:15:46:19 -0500] "GET /BLA/boletinlegal/images/cabezote%20BLEGAL.jpg HTTP/1.1" 200 118164
172.22.2.4 - - [25/Nov/2023:15:46:19 -0500] "GET /BLA/boletinlegal/images/subscribe-icon-big.png HTTP/1.1" 200 47702
172.22.2.4 - - [25/Nov/2023:15:46:19 -0500] "GET /BLA/boletinlegal/images/historia.png HTTP/1.1" 200 52775
172.22.2.4 - - [25/Nov/2023:15:46:19 -0500] "GET /BLA/boletinlegal/images/registro-usuarios.png HTTP/1.1" 200 8106
172.22.2.4 - - [25/Nov/2023:15:46:19 -0500] "GET /BLA/boletinlegal/images/tel.png HTTP/1.1" 200 14477
172.22.2.4 - - [25/Nov/2023:15:46:19 -0500] "GET /BLA/boletinlegal/images/icono-email.png HTTP/1.1" 200 5544
172.22.2.4 - - [25/Nov/2023:15:46:19 -0500] "GET /BLA/boletinlegal/images/menu_bg.jpg HTTP/1.1" 200 620
172.22.2.4 - - [25/Nov/2023:15:46:19 -0500] "GET /BLA/boletinlegal/images/body_bg.jpg HTTP/1.1" 200 1601
172.22.2.4 - - [25/Nov/2023:15:46:19 -0500] "GET /BLA/boletinlegal/images/footer_bg.jpg HTTP/1.1" 200 586
172.22.2.4 - - [25/Nov/2023:15:46:19 -0500] "GET /BLA/boletinlegal/images/menu_lft.gif HTTP/1.1" 200 1713
172.22.2.4 - - [25/Nov/2023:15:46:19 -0500] "GET /BLA/boletinlegal/images/bg_top.jpg HTTP/1.1" 200 522
172.22.2.4 - - [25/Nov/2023:15:46:19 -0500] "GET /BLA/boletinlegal/images/menu_rght.gif HTTP/1.1" 200 1627
172.22.2.4 - - [25/Nov/2023:15:46:19 -0500] "GET /BLA/boletinlegal/images/text.jpg HTTP/1.1" 200 568
172.22.2.4 - - [25/Nov/2023:15:46:19 -0500] "GET /BLA/boletinlegal/images/footer_bg_l.jpg HTTP/1.1" 200 776
172.22.2.4 - - [25/Nov/2023:15:46:19 -0500] "GET /BLA/boletinlegal/images/hover.jpg HTTP/1.1" 200 640
172.22.2.4 - - [25/Nov/2023:15:46:19 -0500] "GET /BLA/boletinlegal/img/0.png HTTP/1.1" 200 110
172.22.2.4 - - [25/Nov/2023:15:46:19 -0500] "GET /BLA/boletinlegal/img/select-left.png HTTP/1.1" 200 263
172.22.2.4 - - [25/Nov/2023:15:46:19 -0500] "GET /BLA/boletinlegal/img/button-right.png HTTP/1.1" 200 57878
172.22.2.4 - - [25/Nov/2023:15:46:19 -0500] "GET /BLA/boletinlegal/img/button-left.png HTTP/1.1" 200 57071
172.22.2.4 - - [25/Nov/2023:15:46:19 -0500] "GET /BLA/boletinlegal/img/select-right.png HTTP/1.1" 200 44019
172.22.2.4 - - [25/Nov/2023:15:46:19 -0500] "GET /BLA/boletinlegal/img/button.png HTTP/1.1" 200 43241
172.22.2.4 - - [25/Nov/2023:15:46:19 -0500] "GET /BLA/boletinlegal/favicon.ico HTTP/1.1" 404 1334
172.22.2.4 - - [25/Nov/2023:15:46:02 -0500] "HEAD /BLA/boletinlegal/ HTTP/1.1" 200 -
216.245.221.92 - - [25/Nov/2023:15:47:47 -0500] "HEAD / HTTP/1.1" 200 -
40.77.167.247 - - [25/Nov/2023:15:47:52 -0500] "GET /BLA/resoluciones/index.php?dir=RESOLUCIONES+2007%2FRES+2007+1201+AL+1300%2F HTTP/1.1" 200 26864
172.22.2.4 - - [25/Nov/2023:15:46:53 -0500] "GET /BLA/boletinlegal/ HTTP/1.1" 200 58644
40.77.167.247 - - [25/Nov/2023:15:48:52 -0500] "GET /BLA/resoluciones/index.php?dir=RESOLUCIONES+2007%2FRES+2007+701+AL+800%2F HTTP/1.1" 200 26639
40.77.167.241 - - [25/Nov/2023:15:49:23 -0500] "GET /BLA/resoluciones/RESOLUCIONES%202007/RES%202007%20701%20AL%20800/RESOLUCION%200781%20DE%202007.pdf HTTP/1.1" 200 779099
201.245.192.253 - - [25/Nov/2023:15:49:28 -0500] "POST /kwsrmcab/Wsrmcab  HTTP/1.1" 200 213
216.245.221.92 - - [25/Nov/2023:15:52:47 -0500] "HEAD / HTTP/1.1" 200 -
94.176.52.117 - - [25/Nov/2023:15:53:00 -0500] "GET /participa-del-panel-progreso-hacia-un-aire-limpio.html HTTP/1.1" 200 906
154.218.220.158 - - [25/Nov/2023:15:53:01 -0500] "GET /participa-del-panel-progreso-hacia-un-aire-limpio.html HTTP/1.1" 200 906
172.22.2.4 - - [25/Nov/2023:15:51:52 -0500] "HEAD /BLA/boletinlegal/ HTTP/1.1" 200 -
52.167.144.192 - - [25/Nov/2023:15:53:38 -0500] "GET /portaldeninos/wp-content/uploads/2021/07/inforgrafia-agua-12x50.jpg HTTP/1.1" 200 1142
152.203.139.237 - - [25/Nov/2023:15:53:53 -0500] "GET /sipse/faces/index.xhtml HTTP/1.1" 200 677
152.203.139.237 - - [25/Nov/2023:15:53:53 -0500] "GET /sipse/faces/javax.faces.resource/theme.css?ln=primefaces-sipse HTTP/1.1" 304 -
152.203.139.237 - - [25/Nov/2023:15:53:53 -0500] "GET /sipse/faces/faces/autenticacion.xhtml HTTP/1.1" 200 12407
152.203.139.237 - - [25/Nov/2023:15:53:53 -0500] "GET /sipse/js/disable_browser_buttons.js HTTP/1.1" 304 -
152.203.139.237 - - [25/Nov/2023:15:53:53 -0500] "GET /sipse/faces/javax.faces.resource/theme.css?ln=primefaces-sipse HTTP/1.1" 304 -
152.203.139.237 - - [25/Nov/2023:15:53:53 -0500] "GET /sipse/css/custom_css_sg.css HTTP/1.1" 304 -
152.203.139.237 - - [25/Nov/2023:15:53:53 -0500] "GET /sipse/css/custom_css_sg_prime_login.css HTTP/1.1" 304 -
152.203.139.237 - - [25/Nov/2023:15:53:53 -0500] "GET /sipse/faces/javax.faces.resource/layout/layout.css?ln=primefaces&v=4.0 HTTP/1.1" 304 -
152.203.139.237 - - [25/Nov/2023:15:53:53 -0500] "GET /sipse/faces/javax.faces.resource/primefaces.css?ln=primefaces&v=4.0 HTTP/1.1" 304 -
152.203.139.237 - - [25/Nov/2023:15:53:53 -0500] "GET /sipse/js/funciones.js HTTP/1.1" 304 -
152.203.139.237 - - [25/Nov/2023:15:53:53 -0500] "GET /sipse/faces/javax.faces.resource/jquery/jquery.js?ln=primefaces&v=4.0 HTTP/1.1" 304 -
152.203.139.237 - - [25/Nov/2023:15:53:53 -0500] "GET /sipse/faces/javax.faces.resource/jquery/jquery-plugins.js?ln=primefaces&v=4.0 HTTP/1.1" 304 -
152.203.139.237 - - [25/Nov/2023:15:53:53 -0500] "GET /sipse/faces/javax.faces.resource/layout/layout.js?ln=primefaces&v=4.0 HTTP/1.1" 304 -
152.203.139.237 - - [25/Nov/2023:15:53:53 -0500] "GET /sipse/faces/javax.faces.resource/primefaces.js?ln=primefaces&v=4.0 HTTP/1.1" 304 -
152.203.139.237 - - [25/Nov/2023:15:53:54 -0500] "GET /sipse/css/imagen/loginimg.png HTTP/1.1" 304 -
152.203.139.237 - - [25/Nov/2023:15:53:54 -0500] "GET /sipse/css/imagen/logoSDG.png HTTP/1.1" 304 -
152.203.139.237 - - [25/Nov/2023:15:53:54 -0500] "GET /sipse/faces/javax.faces.resource/images/ui-icons_898989_256x240.png?ln=primefaces-aristo HTTP/1.1" 304 -
152.203.139.237 - - [25/Nov/2023:15:53:58 -0500] "POST /sipse/faces/autenticacion.xhtml HTTP/1.1" 200 2225
152.203.139.237 - - [25/Nov/2023:15:53:58 -0500] "GET /sipse/faces/javax.faces.resource/messages/messages.png?ln=primefaces&v=4.0 HTTP/1.1" 304 -
152.203.139.237 - - [25/Nov/2023:15:53:59 -0500] "POST /sipse/faces/autenticacion.xhtml HTTP/1.1" 200 16346
152.203.139.237 - - [25/Nov/2023:15:53:59 -0500] "GET /sipse/css/custom_css_sg_prime.css HTTP/1.1" 304 -
152.203.139.237 - - [25/Nov/2023:15:53:59 -0500] "GET /sipse/faces/javax.faces.resource/primefaces.css?ln=primefaces&v=4.0 HTTP/1.1" 304 -
152.203.139.237 - - [25/Nov/2023:15:53:59 -0500] "GET /sipse/faces/javax.faces.resource/theme.css?ln=primefaces-sipse HTTP/1.1" 304 -
152.203.139.237 - - [25/Nov/2023:15:53:59 -0500] "GET /sipse/faces/javax.faces.resource/layout/layout.css?ln=primefaces&v=4.0 HTTP/1.1" 304 -
152.203.139.237 - - [25/Nov/2023:15:53:59 -0500] "GET /sipse/js/jquery.min.js HTTP/1.1" 304 -
152.203.139.237 - - [25/Nov/2023:15:53:59 -0500] "GET /sipse/faces/javax.faces.resource/jquery/jquery.js?ln=primefaces&v=4.0 HTTP/1.1" 304 -
152.203.139.237 - - [25/Nov/2023:15:53:59 -0500] "GET /sipse/faces/javax.faces.resource/jquery/jquery-plugins.js?ln=primefaces&v=4.0 HTTP/1.1" 304 -
152.203.139.237 - - [25/Nov/2023:15:53:59 -0500] "GET /sipse/faces/javax.faces.resource/primefaces.js?ln=primefaces&v=4.0 HTTP/1.1" 304 -
152.203.139.237 - - [25/Nov/2023:15:53:59 -0500] "GET /sipse/faces/javax.faces.resource/layout/layout.js?ln=primefaces&v=4.0 HTTP/1.1" 304 -
152.203.139.237 - - [25/Nov/2023:15:53:59 -0500] "GET /sipse/css/v_mergente.css HTTP/1.1" 304 -
152.203.139.237 - - [25/Nov/2023:15:53:59 -0500] "GET /sipse/imagenes/cargando.gif HTTP/1.1" 304 -
152.203.139.237 - - [25/Nov/2023:15:53:59 -0500] "GET /sipse/imagenes/logoAplicacion.jpg HTTP/1.1" 304 -
152.203.139.237 - - [25/Nov/2023:15:54:00 -0500] "GET /sipse/css/imagen/contrasena.png HTTP/1.1" 404 383
152.203.139.237 - - [25/Nov/2023:15:54:01 -0500] "GET /sipse/faces/javax.faces.resource/images/ui-bg_flat_0_2d5972_40x100.png?ln=primefaces-aristo HTTP/1.1" 304 -
152.203.139.237 - - [25/Nov/2023:15:54:01 -0500] "POST /sipse/faces/bienvenido.xhtml HTTP/1.1" 200 2658
152.203.139.237 - - [25/Nov/2023:15:54:01 -0500] "POST /sipse/faces/bienvenido.xhtml HTTP/1.1" 200 64246
152.203.139.237 - - [25/Nov/2023:15:54:03 -0500] "GET /sipse/faces/javax.faces.resource/primefaces.css?ln=primefaces&v=4.0 HTTP/1.1" 304 -
152.203.139.237 - - [25/Nov/2023:15:54:03 -0500] "GET /sipse/faces/javax.faces.resource/theme.css?ln=primefaces-sipse HTTP/1.1" 304 -
152.203.139.237 - - [25/Nov/2023:15:54:03 -0500] "GET /sipse/faces/javax.faces.resource/layout/layout.css?ln=primefaces&v=4.0 HTTP/1.1" 304 -
152.203.139.237 - - [25/Nov/2023:15:54:03 -0500] "GET /sipse/faces/javax.faces.resource/jquery/jquery.js?ln=primefaces&v=4.0 HTTP/1.1" 304 -
152.203.139.237 - - [25/Nov/2023:15:54:03 -0500] "GET /sipse/faces/javax.faces.resource/jquery/jquery-plugins.js?ln=primefaces&v=4.0 HTTP/1.1" 304 -
152.203.139.237 - - [25/Nov/2023:15:54:03 -0500] "GET /sipse/faces/javax.faces.resource/primefaces.js?ln=primefaces&v=4.0 HTTP/1.1" 304 -
152.203.139.237 - - [25/Nov/2023:15:54:03 -0500] "GET /sipse/faces/javax.faces.resource/layout/layout.js?ln=primefaces&v=4.0 HTTP/1.1" 304 -
152.203.139.237 - - [25/Nov/2023:15:54:03 -0500] "POST /sipse/faces/presentacion/financiero/solicitudProceso/listarSolicitudProceso.xhtml HTTP/1.1" 200 1556
172.22.2.4 - - [25/Nov/2023:15:52:43 -0500] "GET /BLA/boletinlegal/ HTTP/1.1" 200 56187
201.245.192.253 - - [25/Nov/2023:15:54:26 -0500] "POST /kwsrmcab/Wsrmcab  HTTP/1.1" 200 213
152.203.139.237 - - [25/Nov/2023:15:54:45 -0500] "POST /sipse/faces/presentacion/financiero/solicitudProceso/listarSolicitudProceso.xhtml HTTP/1.1" 200 20712
157.55.39.62 - - [25/Nov/2023:15:54:45 -0500] "GET /bla/resoluciones/resoluciones%202007/res%202007%204101%20al%204200/RESOLUCION%204179%20DE%202007.pdf HTTP/1.1" 304 -
152.203.139.237 - - [25/Nov/2023:15:54:47 -0500] "POST /sipse/faces/presentacion/financiero/solicitudProceso/listarSolicitudProceso.xhtml HTTP/1.1" 200 110357
152.203.139.237 - - [25/Nov/2023:15:54:48 -0500] "GET /sipse/faces/javax.faces.resource/theme.css?ln=primefaces-sipse HTTP/1.1" 304 -
152.203.139.237 - - [25/Nov/2023:15:54:48 -0500] "GET /sipse/faces/javax.faces.resource/primefaces.css?ln=primefaces&v=4.0 HTTP/1.1" 304 -
152.203.139.237 - - [25/Nov/2023:15:54:48 -0500] "GET /sipse/faces/javax.faces.resource/layout/layout.css?ln=primefaces&v=4.0 HTTP/1.1" 304 -
152.203.139.237 - - [25/Nov/2023:15:54:48 -0500] "GET /sipse/faces/javax.faces.resource/jquery/jquery.js?ln=primefaces&v=4.0 HTTP/1.1" 304 -
152.203.139.237 - - [25/Nov/2023:15:54:48 -0500] "GET /sipse/faces/javax.faces.resource/jquery/jquery-plugins.js?ln=primefaces&v=4.0 HTTP/1.1" 304 -
152.203.139.237 - - [25/Nov/2023:15:54:48 -0500] "GET /sipse/faces/javax.faces.resource/primefaces.js?ln=primefaces&v=4.0 HTTP/1.1" 304 -
152.203.139.237 - - [25/Nov/2023:15:54:48 -0500] "GET /sipse/faces/javax.faces.resource/layout/layout.js?ln=primefaces&v=4.0 HTTP/1.1" 304 -
199.16.157.183 - - [25/Nov/2023:15:54:48 -0500] "GET /images/pl%C3%A1sticos%20foto%201..jpg HTTP/1.1" 404 1034
152.203.139.237 - - [25/Nov/2023:15:54:48 -0500] "GET /sipse/faces/javax.faces.resource/dynamiccontent.properties?ln=primefaces&pfdrid=XjOR5%2F%2FfPAZAuY9TpWQeCiM0BhlXxYRBGKi%2FQcXXfeA%3D&pfdrid_c=false HTTP/1.1" 500 383
66.249.66.194 - - [25/Nov/2023:15:54:52 -0500] "GET /distrito-declara-alerta-preventiva-en-el-suroccidente-de-la-ciudad-por-mala-calidad-del-aire.html HTTP/1.1" 304 -
152.203.139.237 - - [25/Nov/2023:15:54:55 -0500] "POST /sipse/faces/presentacion/financiero/solicitudProceso/consultarSolicitudProceso.xhtml HTTP/1.1" 200 27986
152.203.139.237 - - [25/Nov/2023:15:54:55 -0500] "GET /sipse/faces/javax.faces.resource/theme.css?ln=primefaces-sipse HTTP/1.1" 304 -
152.203.139.237 - - [25/Nov/2023:15:54:55 -0500] "GET /sipse/faces/javax.faces.resource/primefaces.css?ln=primefaces&v=4.0 HTTP/1.1" 304 -
152.203.139.237 - - [25/Nov/2023:15:54:55 -0500] "GET /sipse/faces/javax.faces.resource/layout/layout.css?ln=primefaces&v=4.0 HTTP/1.1" 304 -
152.203.139.237 - - [25/Nov/2023:15:54:55 -0500] "GET /sipse/faces/javax.faces.resource/jquery/jquery.js?ln=primefaces&v=4.0 HTTP/1.1" 304 -
152.203.139.237 - - [25/Nov/2023:15:54:55 -0500] "GET /sipse/faces/javax.faces.resource/jquery/jquery-plugins.js?ln=primefaces&v=4.0 HTTP/1.1" 304 -
152.203.139.237 - - [25/Nov/2023:15:54:55 -0500] "GET /sipse/faces/javax.faces.resource/layout/layout.js?ln=primefaces&v=4.0 HTTP/1.1" 304 -
152.203.139.237 - - [25/Nov/2023:15:54:55 -0500] "GET /sipse/faces/javax.faces.resource/primefaces.js?ln=primefaces&v=4.0 HTTP/1.1" 304 -
152.203.139.237 - - [25/Nov/2023:15:55:28 -0500] "GET /sipse/faces/javax.faces.resource/theme.css?ln=primefaces-sipse HTTP/1.1" 304 -
152.203.139.237 - - [25/Nov/2023:15:55:29 -0500] "GET /sipse/faces/javax.faces.resource/jquery/jquery.js?ln=primefaces&v=4.0 HTTP/1.1" 304 -
152.203.139.237 - - [25/Nov/2023:15:55:29 -0500] "GET /sipse/faces/javax.faces.resource/primefaces.css?ln=primefaces&v=4.0 HTTP/1.1" 304 -
152.203.139.237 - - [25/Nov/2023:15:55:29 -0500] "GET /sipse/faces/javax.faces.resource/layout/layout.css?ln=primefaces&v=4.0 HTTP/1.1" 304 -
152.203.139.237 - - [25/Nov/2023:15:55:29 -0500] "GET /sipse/faces/javax.faces.resource/jquery/jquery-plugins.js?ln=primefaces&v=4.0 HTTP/1.1" 304 -
152.203.139.237 - - [25/Nov/2023:15:55:29 -0500] "GET /sipse/faces/javax.faces.resource/primefaces.js?ln=primefaces&v=4.0 HTTP/1.1" 304 -
152.203.139.237 - - [25/Nov/2023:15:55:29 -0500] "GET /sipse/faces/javax.faces.resource/layout/layout.js?ln=primefaces&v=4.0 HTTP/1.1" 304 -
152.203.139.237 - - [25/Nov/2023:15:55:28 -0500] "POST /sipse/faces/presentacion/financiero/solicitudProceso/consultarHistorialSolProceso.xhtml HTTP/1.1" 200 155287
152.203.139.237 - - [25/Nov/2023:15:55:29 -0500] "GET /sipse/faces/javax.faces.resource/dynamiccontent.properties?ln=primefaces&pfdrid=XjOR5%2F%2FfPAZAuY9TpWQeCiM0BhlXxYRBGKi%2FQcXXfeA%3D&pfdrid_c=false HTTP/1.1" 500 383
66.249.79.105 - - [25/Nov/2023:15:56:09 -0500] "GET /BLA/resoluciones/Autos%202008/2395.pdf HTTP/1.1" 200 125004
66.249.79.104 - - [25/Nov/2023:15:56:16 -0500] "GET /BLA/resoluciones/RESOLUCIONES%202010/5012.pdf HTTP/1.1" 200 752129
152.203.139.237 - - [25/Nov/2023:15:56:45 -0500] "POST /sipse/faces/presentacion/financiero/solicitudProceso/consultarSolicitudProceso.xhtml HTTP/1.1" 200 21124
152.203.139.237 - - [25/Nov/2023:15:56:45 -0500] "GET /sipse/faces/javax.faces.resource/theme.css?ln=primefaces-sipse HTTP/1.1" 304 -
152.203.139.237 - - [25/Nov/2023:15:56:45 -0500] "GET /sipse/faces/javax.faces.resource/primefaces.css?ln=primefaces&v=4.0 HTTP/1.1" 304 -
152.203.139.237 - - [25/Nov/2023:15:56:45 -0500] "GET /sipse/faces/javax.faces.resource/fileupload/fileupload.css?ln=primefaces&v=4.0 HTTP/1.1" 304 -
152.203.139.237 - - [25/Nov/2023:15:56:45 -0500] "GET /sipse/faces/javax.faces.resource/layout/layout.css?ln=primefaces&v=4.0 HTTP/1.1" 304 -
152.203.139.237 - - [25/Nov/2023:15:56:45 -0500] "GET /sipse/faces/javax.faces.resource/jquery/jquery.js?ln=primefaces&v=4.0 HTTP/1.1" 304 -
152.203.139.237 - - [25/Nov/2023:15:56:45 -0500] "GET /sipse/faces/javax.faces.resource/jquery/jquery-plugins.js?ln=primefaces&v=4.0 HTTP/1.1" 304 -
152.203.139.237 - - [25/Nov/2023:15:56:45 -0500] "GET /sipse/faces/javax.faces.resource/primefaces.js?ln=primefaces&v=4.0 HTTP/1.1" 304 -
152.203.139.237 - - [25/Nov/2023:15:56:45 -0500] "GET /sipse/faces/javax.faces.resource/layout/layout.js?ln=primefaces&v=4.0 HTTP/1.1" 304 -
152.203.139.237 - - [25/Nov/2023:15:56:45 -0500] "GET /sipse/faces/javax.faces.resource/fileupload/fileupload.js?ln=primefaces&v=4.0 HTTP/1.1" 304 -
152.203.139.237 - - [25/Nov/2023:15:56:52 -0500] "GET /sipse/faces/javax.faces.resource/theme.css?ln=primefaces-sipse HTTP/1.1" 304 -
152.203.139.237 - - [25/Nov/2023:15:56:52 -0500] "GET /sipse/faces/javax.faces.resource/primefaces.css?ln=primefaces&v=4.0 HTTP/1.1" 304 -
152.203.139.237 - - [25/Nov/2023:15:56:52 -0500] "GET /sipse/faces/javax.faces.resource/layout/layout.css?ln=primefaces&v=4.0 HTTP/1.1" 304 -
152.203.139.237 - - [25/Nov/2023:15:56:52 -0500] "GET /sipse/faces/javax.faces.resource/jquery/jquery-plugins.js?ln=primefaces&v=4.0 HTTP/1.1" 304 -
152.203.139.237 - - [25/Nov/2023:15:56:52 -0500] "GET /sipse/faces/javax.faces.resource/jquery/jquery.js?ln=primefaces&v=4.0 HTTP/1.1" 304 -
152.203.139.237 - - [25/Nov/2023:15:56:52 -0500] "GET /sipse/faces/javax.faces.resource/layout/layout.js?ln=primefaces&v=4.0 HTTP/1.1" 304 -
152.203.139.237 - - [25/Nov/2023:15:56:52 -0500] "GET /sipse/faces/javax.faces.resource/primefaces.js?ln=primefaces&v=4.0 HTTP/1.1" 304 -
152.203.139.237 - - [25/Nov/2023:15:56:52 -0500] "POST /sipse/faces/presentacion/sistema/anexos/cargarAnexoSolicitudProceso.xhtml HTTP/1.1" 200 157078
152.203.139.237 - - [25/Nov/2023:15:56:53 -0500] "GET /sipse/faces/javax.faces.resource/dynamiccontent.properties?ln=primefaces&pfdrid=XjOR5%2F%2FfPAZAuY9TpWQeCiM0BhlXxYRBGKi%2FQcXXfeA%3D&pfdrid_c=false HTTP/1.1" 500 383
152.203.139.237 - - [25/Nov/2023:15:56:55 -0500] "POST /sipse/faces/presentacion/financiero/solicitudProceso/consultarSolicitudProceso.xhtml HTTP/1.1" 200 37057
152.203.139.237 - - [25/Nov/2023:15:56:59 -0500] "GET /sipse/faces/javax.faces.resource/layout/layout.css?ln=primefaces&v=4.0 HTTP/1.1" 304 -
152.203.139.237 - - [25/Nov/2023:15:56:59 -0500] "GET /sipse/faces/javax.faces.resource/primefaces.css?ln=primefaces&v=4.0 HTTP/1.1" 304 -
152.203.139.237 - - [25/Nov/2023:15:56:59 -0500] "GET /sipse/faces/javax.faces.resource/theme.css?ln=primefaces-sipse HTTP/1.1" 304 -
152.203.139.237 - - [25/Nov/2023:15:56:59 -0500] "GET /sipse/faces/javax.faces.resource/jquery/jquery.js?ln=primefaces&v=4.0 HTTP/1.1" 304 -
152.203.139.237 - - [25/Nov/2023:15:56:59 -0500] "GET /sipse/faces/javax.faces.resource/jquery/jquery-plugins.js?ln=primefaces&v=4.0 HTTP/1.1" 304 -
152.203.139.237 - - [25/Nov/2023:15:56:59 -0500] "GET /sipse/faces/javax.faces.resource/primefaces.js?ln=primefaces&v=4.0 HTTP/1.1" 304 -
152.203.139.237 - - [25/Nov/2023:15:56:59 -0500] "GET /sipse/faces/javax.faces.resource/layout/layout.js?ln=primefaces&v=4.0 HTTP/1.1" 304 -
152.203.139.237 - - [25/Nov/2023:15:56:59 -0500] "POST /sipse/faces/presentacion/financiero/solicitudProceso/listarSolicitudProceso.xhtml HTTP/1.1" 200 1396
152.203.139.237 - - [25/Nov/2023:15:57:04 -0500] "POST /sipse/faces/presentacion/financiero/solicitudProceso/listarSolicitudProceso.xhtml HTTP/1.1" 200 911
66.249.79.104 - - [25/Nov/2023:15:57:11 -0500] "GET /BLA/resoluciones/RESOLUCIONES%202016/0814.pdf HTTP/1.1" 200 442447
152.203.139.237 - - [25/Nov/2023:15:57:24 -0500] "GET /sipse/faces/presentacion/sistema/anexos/faces/autenticacion HTTP/1.1" 302 -
152.203.139.237 - - [25/Nov/2023:15:57:24 -0500] "GET /sipse/faces/autenticacion.xhtml HTTP/1.1" 200 12407
152.203.139.237 - - [25/Nov/2023:15:57:24 -0500] "GET /sipse/faces/javax.faces.resource/theme.css?ln=primefaces-sipse HTTP/1.1" 304 -
152.203.139.237 - - [25/Nov/2023:15:57:24 -0500] "GET /sipse/faces/javax.faces.resource/primefaces.css?ln=primefaces&v=4.0 HTTP/1.1" 304 -
152.203.139.237 - - [25/Nov/2023:15:57:24 -0500] "GET /sipse/faces/javax.faces.resource/layout/layout.css?ln=primefaces&v=4.0 HTTP/1.1" 304 -
152.203.139.237 - - [25/Nov/2023:15:57:24 -0500] "GET /sipse/faces/javax.faces.resource/jquery/jquery.js?ln=primefaces&v=4.0 HTTP/1.1" 304 -
152.203.139.237 - - [25/Nov/2023:15:57:24 -0500] "GET /sipse/faces/javax.faces.resource/jquery/jquery-plugins.js?ln=primefaces&v=4.0 HTTP/1.1" 304 -
152.203.139.237 - - [25/Nov/2023:15:57:24 -0500] "GET /sipse/faces/javax.faces.resource/primefaces.js?ln=primefaces&v=4.0 HTTP/1.1" 304 -
152.203.139.237 - - [25/Nov/2023:15:57:24 -0500] "GET /sipse/faces/javax.faces.resource/layout/layout.js?ln=primefaces&v=4.0 HTTP/1.1" 304 -
52.167.144.17 - - [25/Nov/2023:15:57:24 -0500] "GET /BLA/resoluciones/index.php?dir=RESOLUCIONES+2006%2FRES+2006+1651-1700%2F HTTP/1.1" 200 12354
152.203.139.237 - - [25/Nov/2023:15:57:26 -0500] "POST /sipse/faces/autenticacion.xhtml HTTP/1.1" 200 16799
152.203.139.237 - - [25/Nov/2023:15:57:26 -0500] "GET /sipse/faces/javax.faces.resource/theme.css?ln=primefaces-sipse HTTP/1.1" 304 -
152.203.139.237 - - [25/Nov/2023:15:57:26 -0500] "GET /sipse/faces/javax.faces.resource/primefaces.css?ln=primefaces&v=4.0 HTTP/1.1" 304 -
152.203.139.237 - - [25/Nov/2023:15:57:26 -0500] "GET /sipse/faces/javax.faces.resource/layout/layout.css?ln=primefaces&v=4.0 HTTP/1.1" 304 -
152.203.139.237 - - [25/Nov/2023:15:57:26 -0500] "GET /sipse/faces/javax.faces.resource/jquery/jquery.js?ln=primefaces&v=4.0 HTTP/1.1" 304 -
152.203.139.237 - - [25/Nov/2023:15:57:27 -0500] "GET /sipse/faces/javax.faces.resource/jquery/jquery-plugins.js?ln=primefaces&v=4.0 HTTP/1.1" 304 -
152.203.139.237 - - [25/Nov/2023:15:57:27 -0500] "GET /sipse/faces/javax.faces.resource/primefaces.js?ln=primefaces&v=4.0 HTTP/1.1" 304 -
152.203.139.237 - - [25/Nov/2023:15:57:27 -0500] "GET /sipse/faces/javax.faces.resource/layout/layout.js?ln=primefaces&v=4.0 HTTP/1.1" 304 -
152.203.139.237 - - [25/Nov/2023:15:57:28 -0500] "POST /sipse/faces/bienvenido.xhtml HTTP/1.1" 200 2658
152.203.139.237 - - [25/Nov/2023:15:57:28 -0500] "POST /sipse/faces/bienvenido.xhtml HTTP/1.1" 200 39109
152.203.139.237 - - [25/Nov/2023:15:57:29 -0500] "GET /sipse/faces/javax.faces.resource/primefaces.css?ln=primefaces&v=4.0 HTTP/1.1" 304 -
152.203.139.237 - - [25/Nov/2023:15:57:29 -0500] "GET /sipse/faces/javax.faces.resource/theme.css?ln=primefaces-sipse HTTP/1.1" 304 -
152.203.139.237 - - [25/Nov/2023:15:57:29 -0500] "GET /sipse/faces/javax.faces.resource/layout/layout.css?ln=primefaces&v=4.0 HTTP/1.1" 304 -
152.203.139.237 - - [25/Nov/2023:15:57:29 -0500] "GET /sipse/faces/javax.faces.resource/jquery/jquery.js?ln=primefaces&v=4.0 HTTP/1.1" 304 -
152.203.139.237 - - [25/Nov/2023:15:57:29 -0500] "GET /sipse/faces/javax.faces.resource/jquery/jquery-plugins.js?ln=primefaces&v=4.0 HTTP/1.1" 304 -
152.203.139.237 - - [25/Nov/2023:15:57:29 -0500] "GET /sipse/faces/javax.faces.resource/primefaces.js?ln=primefaces&v=4.0 HTTP/1.1" 304 -
152.203.139.237 - - [25/Nov/2023:15:57:29 -0500] "GET /sipse/faces/javax.faces.resource/layout/layout.js?ln=primefaces&v=4.0 HTTP/1.1" 304 -
152.203.139.237 - - [25/Nov/2023:15:57:29 -0500] "POST /sipse/faces/presentacion/financiero/solicitudProceso/listarSolicitudProceso.xhtml HTTP/1.1" 200 1416
152.203.139.237 - - [25/Nov/2023:15:57:31 -0500] "POST /sipse/faces/presentacion/financiero/solicitudProceso/listarSolicitudProceso.xhtml HTTP/1.1" 200 110253
152.203.139.237 - - [25/Nov/2023:15:57:33 -0500] "GET /sipse/faces/javax.faces.resource/primefaces.css?ln=primefaces&v=4.0 HTTP/1.1" 304 -
152.203.139.237 - - [25/Nov/2023:15:57:33 -0500] "GET /sipse/faces/javax.faces.resource/theme.css?ln=primefaces-sipse HTTP/1.1" 304 -
152.203.139.237 - - [25/Nov/2023:15:57:33 -0500] "GET /sipse/faces/javax.faces.resource/layout/layout.css?ln=primefaces&v=4.0 HTTP/1.1" 304 -
152.203.139.237 - - [25/Nov/2023:15:57:33 -0500] "GET /sipse/faces/javax.faces.resource/jquery/jquery.js?ln=primefaces&v=4.0 HTTP/1.1" 304 -
152.203.139.237 - - [25/Nov/2023:15:57:33 -0500] "GET /sipse/faces/javax.faces.resource/jquery/jquery-plugins.js?ln=primefaces&v=4.0 HTTP/1.1" 304 -
152.203.139.237 - - [25/Nov/2023:15:57:33 -0500] "GET /sipse/faces/javax.faces.resource/primefaces.js?ln=primefaces&v=4.0 HTTP/1.1" 304 -
152.203.139.237 - - [25/Nov/2023:15:57:34 -0500] "GET /sipse/faces/javax.faces.resource/layout/layout.js?ln=primefaces&v=4.0 HTTP/1.1" 304 -
152.203.139.237 - - [25/Nov/2023:15:57:34 -0500] "GET /sipse/faces/javax.faces.resource/dynamiccontent.properties?ln=primefaces&pfdrid=XjOR5%2F%2FfPAZAuY9TpWQeCiM0BhlXxYRBGKi%2FQcXXfeA%3D&pfdrid_c=false HTTP/1.1" 500 383
152.203.139.237 - - [25/Nov/2023:15:57:36 -0500] "POST /sipse/faces/presentacion/financiero/solicitudProceso/consultarSolicitudProceso.xhtml HTTP/1.1" 200 36591
152.203.139.237 - - [25/Nov/2023:15:57:39 -0500] "GET /sipse/faces/javax.faces.resource/theme.css?ln=primefaces-sipse HTTP/1.1" 304 -
152.203.139.237 - - [25/Nov/2023:15:57:39 -0500] "GET /sipse/faces/javax.faces.resource/primefaces.css?ln=primefaces&v=4.0 HTTP/1.1" 304 -
152.203.139.237 - - [25/Nov/2023:15:57:39 -0500] "GET /sipse/faces/javax.faces.resource/layout/layout.css?ln=primefaces&v=4.0 HTTP/1.1" 304 -
152.203.139.237 - - [25/Nov/2023:15:57:39 -0500] "GET /sipse/faces/javax.faces.resource/jquery/jquery.js?ln=primefaces&v=4.0 HTTP/1.1" 304 -
152.203.139.237 - - [25/Nov/2023:15:57:39 -0500] "GET /sipse/faces/javax.faces.resource/jquery/jquery-plugins.js?ln=primefaces&v=4.0 HTTP/1.1" 304 -
152.203.139.237 - - [25/Nov/2023:15:57:39 -0500] "GET /sipse/faces/javax.faces.resource/primefaces.js?ln=primefaces&v=4.0 HTTP/1.1" 304 -
152.203.139.237 - - [25/Nov/2023:15:57:39 -0500] "GET /sipse/faces/javax.faces.resource/layout/layout.js?ln=primefaces&v=4.0 HTTP/1.1" 304 -
152.203.139.237 - - [25/Nov/2023:15:57:39 -0500] "POST /sipse/faces/presentacion/financiero/solicitudProceso/listarSolicitudProceso.xhtml HTTP/1.1" 200 1396
152.203.139.237 - - [25/Nov/2023:15:57:43 -0500] "POST /sipse/faces/presentacion/financiero/solicitudProceso/listarSolicitudProceso.xhtml HTTP/1.1" 200 911
152.203.139.237 - - [25/Nov/2023:15:57:44 -0500] "GET /sipse/faces/faces/autenticacion HTTP/1.1" 302 -
152.203.139.237 - - [25/Nov/2023:15:57:44 -0500] "GET /sipse/faces/autenticacion.xhtml HTTP/1.1" 200 12407
152.203.139.237 - - [25/Nov/2023:15:57:44 -0500] "GET /sipse/faces/javax.faces.resource/theme.css?ln=primefaces-sipse HTTP/1.1" 304 -
152.203.139.237 - - [25/Nov/2023:15:57:44 -0500] "GET /sipse/faces/javax.faces.resource/layout/layout.css?ln=primefaces&v=4.0 HTTP/1.1" 304 -
152.203.139.237 - - [25/Nov/2023:15:57:44 -0500] "GET /sipse/faces/javax.faces.resource/primefaces.css?ln=primefaces&v=4.0 HTTP/1.1" 304 -
152.203.139.237 - - [25/Nov/2023:15:57:44 -0500] "GET /sipse/faces/javax.faces.resource/jquery/jquery.js?ln=primefaces&v=4.0 HTTP/1.1" 304 -
152.203.139.237 - - [25/Nov/2023:15:57:44 -0500] "GET /sipse/faces/javax.faces.resource/jquery/jquery-plugins.js?ln=primefaces&v=4.0 HTTP/1.1" 304 -
152.203.139.237 - - [25/Nov/2023:15:57:44 -0500] "GET /sipse/faces/javax.faces.resource/primefaces.js?ln=primefaces&v=4.0 HTTP/1.1" 304 -
152.203.139.237 - - [25/Nov/2023:15:57:44 -0500] "GET /sipse/faces/javax.faces.resource/layout/layout.js?ln=primefaces&v=4.0 HTTP/1.1" 304 -
216.245.221.92 - - [25/Nov/2023:15:57:47 -0500] "HEAD / HTTP/1.1" 200 -
152.203.139.237 - - [25/Nov/2023:15:57:47 -0500] "POST /sipse/faces/autenticacion.xhtml HTTP/1.1" 200 2225
181.48.255.196 - - [25/Nov/2023:15:57:48 -0500] "GET /sipse/faces/faces/ HTTP/1.1" 302 -
152.203.139.237 - - [25/Nov/2023:15:57:48 -0500] "POST /sipse/faces/autenticacion.xhtml HTTP/1.1" 200 16346
152.203.139.237 - - [25/Nov/2023:15:57:48 -0500] "GET /sipse/faces/javax.faces.resource/theme.css?ln=primefaces-sipse HTTP/1.1" 304 -
152.203.139.237 - - [25/Nov/2023:15:57:48 -0500] "GET /sipse/faces/javax.faces.resource/primefaces.css?ln=primefaces&v=4.0 HTTP/1.1" 304 -
152.203.139.237 - - [25/Nov/2023:15:57:48 -0500] "GET /sipse/faces/javax.faces.resource/layout/layout.css?ln=primefaces&v=4.0 HTTP/1.1" 304 -
