186.102.12.221 - - [25/Nov/2023:09:42:45 -0500] "GET /kwssiamovil/sm/acme/s?s=U2FsdGVkX18ahSzXFZg2oigPzk+2awcMH3zAeOspCYMrtn9jms0RUFMe4dUNMs14FCAFa9nVpCeynqGPVvopFks1ZMxoyFsTVWqt6NyZrGjMQOClVzyohzkRwFoZdNZilwDHWoT4Rz5meTLI8q2L6CusV1F2jMr8yB8t1FUB0SUgXi11/uUM5DUaV1borxDCCUR0TYnRXOKgoHa63kOeGcyoDxko3pme/xbVyf+bW05YK95uTZsr674oFcz7w5SE1KawoQhClvI9kanKX3eTe7+vpbnyRPSFmwl1feQ+bwkyHLXf7PggE7Q/h/bLVUM4EH1qq7T38acbqjSfM/mma2FT/u6SwDLdJXeYV4a2Oa0QQDqdzeEh4To0tANvccalVrtwA0mG3DuoUNQVbRb/L0WB+9+O2opn373T9rhFckOrcYA1ta3VescgSKoK83R4uUeHDr4e/Hh8Q0B9ncWQY3xohY2sgUd/KrQUhGDE9h+/O8kLVMcgM2cyj1v9g1gzRdgmyA9Ct5A8j5fch72d1igACmUJHYqY9DEvjovJ+WvpYUs3kfWG8DhQNWDRzn3ubRzHJCt57raP+g803Nn71uiPhqIWunyH8LNBiUKl9+oz1r5QdJAWIc0F85FvasR0hP15pKGL9pFupAsThAyTUmDfti09M8Va17kGn7JEFEDBQKImr3iOCnWzVYu7odui+iG9t+D5hTPKElevovhfno3pPt3JzP3wagVVCQzAm13sw5wze/qulYSJyv5vaV0VvLCA9gFlUCGXpo6Sjd3xP2rDKROrPjK/LChVu7YMDcZtjlc63NiybqeekNXqVYaxRN/+NEM3GKgWLgqcj+2y5SPeJM9T93BB5n4kZ+Co03FvIJOmSHhFU6wEFoEsLY6gcWUICkLXO3IMzUngL+IwMdQv2ylkS1aeGCjuD3BZVxeEeWHy9/ur+ItjdHr3ualVLl6WoErm6ENA5kZ/WpekztMRat9oqBUkmS+s6fbYA831IaKghQYURIbXYyvR10xXsPsb9g2x+Wor4jMVANlmvMJAG9PrNQcMJlOP++WF7rejv9XASt4tcdmBLu29RapOxhufK0bhBBBHlE/k+uGUbGJIYHPISgZKS45MGwAPfXRieXPpbWZFiE1LXcjvFWEqINOg3wVQTSbUVOFFBlTrebJcPAGclkJmc3IaJ1v9sNLibm71NQRwTJp+JgT2rBS1D1jWm2HVuhu2KLM/bWT+aQCHXMdYPKBh9l8EX0+EvNAdu9+3nMlL+RGR5HLCwDcKl5CPfmCYfsMN1HJxLSTjhPVLmaZhwItpRFncofwELMckS5qGyxdvQqkG8NPaJlRB2MqBXHkY1tlljxqrCzALX/55phsw7jzI2ulmO7R9al8u3hQS8LHUPKBn0Bppk6Dg6efqnMXA6bS2W40bh4XJx+6hQnIPomU2bkNI6wLpWigYI/LijyyDmMOZGk8dPOQZAsR7c5Xv+8byDnTzFai4g48ZufILe2heQ9fhTqYA9EsfV5dBczaQahk+ZpA4lz8EcjQo2kK0KqntL5C3cL5vBUu//CttDp/WthyNkPDK6PZFyXSrIw09hWnA57hqlAubntMWQVxSjuF/u5Cl3CFBVqQhHs4E4QnzdhsyX4hEwicmYaaWY55NuvbgXvEKTQVvtaaSQjQDUPWcVAgPFbcDXZckyBw6LtpuLyzHDkypRWZGqfhTmu9oOOWy6aL5ewRwG9bHiA7tcl5ezW7hDILvCOH/B7XGrWUlMfbWBoXeGvw=&u=U2FsdGVkX1+4v1PW5h662JfWQuqdaizCzaYAr5Hwn8I=&y=U2FsdGVkX19GYxnjS8xnjF3fepaUiuqVRljFAEhh2ps= HTTP/1.1" 200 1142
186.102.12.221 - - [25/Nov/2023:09:42:45 -0500] "GET /kwssiamovil/sm/acme/s?s=U2FsdGVkX18R/3ZvH/i77qlujwdfao4vnPERcVzxDX1X+AuBdbs0Ru/6dIkCtMUWYS5AXQ4R6/ZEqe29WyVP/jSJJTPJ2qW1OLGe1P2G7GjwXtchAPfTsVnjR/sDQNQ97hbuEtuPMwRx1qKz6tAejam2v7Aag4MB8ghbYylkgky4SZZk0ban5/PVeojrEyGf9b6NdOj45WHvpXu+DolA0Hu76X72ph6yIkvPliljaHkzcVkeV9u2VrILS7xZmbqgb8ieQKoUCILS9ApAnYN8Ots7uSzf59rS0wT3BnZYLVj4bvp0uwDNJXma1ZbUG08UeBB3d1EQvWoqEpL7+WcRqI97RfKAbTjDo5p1XbSpW6ZluCmRvkhkPlje9sdN5+tzIDJjDlPTO+lxdEXhSKEwZlqwHwEpCWjzywo9/eeMSTkCjzWOEO8HJ4URDroFVqcrq9zIfSjTiXYzZoZ44Q2ZbKZ1IemRLEThbLCqR9UjBEFRabyIDc2qsJdZ/pXAq6St1VeuiWfgBBNHk1iG/oumkGuVm6i5kpbaHJC2mBX60yNiFwAEAyH39MGN90EvCbvVkeees9T0084dOWjhOad23971WuOZOnR9GyzykpO8+WTv0FZxfSFNTnApYcmahDmhck7vid2R2zzpCZPUtfR1llj4rhjz7r7qY71A9a5U1O9peCWBMWqbhqqbcxwXfURbSVDZqitOiUnBUjsM6PoAN41hlzlDzdUuyPU4fZ88YBlZj1RZJutW4RowkMWCzZ8K&u=U2FsdGVkX1+4v1PW5h662JfWQuqdaizCzaYAr5Hwn8I=&y=U2FsdGVkX19GYxnjS8xnjF3fepaUiuqVRljFAEhh2ps= HTTP/1.1" 200 208
186.102.12.221 - - [25/Nov/2023:09:42:45 -0500] "GET /kwssiamovil/sm/cjson/pre?f=1&x=U2FsdGVkX1+8gaCm3Mn2iE2LXJv4ifgZXO8zN+QPdV9ZQLg2Sw8CwmpHiWGMK7C1 HTTP/1.1" 200 31032
216.245.221.92 - - [25/Nov/2023:09:42:48 -0500] "HEAD / HTTP/1.1" 200 -
201.245.192.253 - - [25/Nov/2023:09:45:51 -0500] "POST /kwsrmcab/Wsrmcab  HTTP/1.1" 200 213
172.22.2.4 - - [25/Nov/2023:09:44:18 -0500] "HEAD /BLA/boletinlegal/ HTTP/1.1" 200 -
168.119.253.61 - - [25/Nov/2023:09:46:09 -0500] "GET / HTTP/1.1" 200 319
168.119.253.61 - - [25/Nov/2023:09:46:12 -0500] "GET / HTTP/1.1" 200 4720
172.22.2.4 - - [25/Nov/2023:09:45:09 -0500] "GET /BLA/boletinlegal/ HTTP/1.1" 200 54105
52.167.144.176 - - [25/Nov/2023:09:47:21 -0500] "GET /BLA/resoluciones/AUTOS%202013/0887.pdf HTTP/1.1" 200 1794899
216.245.221.92 - - [25/Nov/2023:09:47:48 -0500] "HEAD / HTTP/1.1" 200 -
123.126.68.37 - - [25/Nov/2023:09:48:15 -0500] "GET / HTTP/1.1" 200 319
172.22.2.4 - - [25/Nov/2023:09:49:12 -0500] "GET /BLA/boletinlegal/favicon.ico HTTP/1.1" 404 1230
207.46.13.153 - - [25/Nov/2023:09:49:32 -0500] "GET /transparencia/New%20folder/8.%20EJECUCION%20VIGENCIA%20AGOSTO%202020.pdf HTTP/1.1" 200 228771
40.77.167.136 - - [25/Nov/2023:09:49:36 -0500] "GET /BLA/resoluciones/AUTOS%202023/5479.pdf HTTP/1.1" 200 391980
52.167.144.176 - - [25/Nov/2023:09:50:52 -0500] "GET /BLA/resoluciones/AUTOS%202023/5090.pdf HTTP/1.1" 200 399929
201.245.192.253 - - [25/Nov/2023:09:50:50 -0500] "POST /kwsrmcab/Wsrmcab  HTTP/1.1" 200 213
40.77.167.136 - - [25/Nov/2023:09:51:34 -0500] "GET /BLA/resoluciones/AUTOS%202023/5599.pdf HTTP/1.1" 200 514992
172.22.2.4 - - [25/Nov/2023:09:50:08 -0500] "HEAD /BLA/boletinlegal/ HTTP/1.1" 200 -
172.22.2.4 - - [25/Nov/2023:09:50:59 -0500] "GET /BLA/boletinlegal/ HTTP/1.1" 200 59360
216.244.66.246 - - [25/Nov/2023:09:52:39 -0500] "GET /robots.txt HTTP/1.1" 404 1034
216.245.221.92 - - [25/Nov/2023:09:52:48 -0500] "HEAD / HTTP/1.1" 200 -
40.77.167.136 - - [25/Nov/2023:09:54:52 -0500] "GET /BLA/resoluciones/AUTOS%202023/5617.pdf HTTP/1.1" 200 410580
181.53.14.143 - - [25/Nov/2023:09:55:13 -0500] "GET /sipse/faces/index.xhtml HTTP/1.1" 200 677
181.53.14.143 - - [25/Nov/2023:09:55:14 -0500] "GET /sipse/faces/javax.faces.resource/theme.css?ln=primefaces-sipse HTTP/1.1" 304 -
181.53.14.143 - - [25/Nov/2023:09:55:14 -0500] "GET /sipse/faces/faces/autenticacion.xhtml HTTP/1.1" 200 12407
181.53.14.143 - - [25/Nov/2023:09:55:14 -0500] "GET /sipse/js/disable_browser_buttons.js HTTP/1.1" 304 -
181.53.14.143 - - [25/Nov/2023:09:55:14 -0500] "GET /sipse/css/custom_css_sg.css HTTP/1.1" 304 -
181.53.14.143 - - [25/Nov/2023:09:55:14 -0500] "GET /sipse/faces/javax.faces.resource/theme.css?ln=primefaces-sipse HTTP/1.1" 304 -
181.53.14.143 - - [25/Nov/2023:09:55:14 -0500] "GET /sipse/css/custom_css_sg_prime_login.css HTTP/1.1" 304 -
181.53.14.143 - - [25/Nov/2023:09:55:14 -0500] "GET /sipse/faces/javax.faces.resource/primefaces.css?ln=primefaces&v=4.0 HTTP/1.1" 304 -
181.53.14.143 - - [25/Nov/2023:09:55:14 -0500] "GET /sipse/js/funciones.js HTTP/1.1" 304 -
181.53.14.143 - - [25/Nov/2023:09:55:14 -0500] "GET /sipse/faces/javax.faces.resource/layout/layout.css?ln=primefaces&v=4.0 HTTP/1.1" 304 -
181.53.14.143 - - [25/Nov/2023:09:55:14 -0500] "GET /sipse/faces/javax.faces.resource/jquery/jquery.js?ln=primefaces&v=4.0 HTTP/1.1" 304 -
181.53.14.143 - - [25/Nov/2023:09:55:14 -0500] "GET /sipse/faces/javax.faces.resource/jquery/jquery-plugins.js?ln=primefaces&v=4.0 HTTP/1.1" 304 -
181.53.14.143 - - [25/Nov/2023:09:55:14 -0500] "GET /sipse/faces/javax.faces.resource/primefaces.js?ln=primefaces&v=4.0 HTTP/1.1" 304 -
181.53.14.143 - - [25/Nov/2023:09:55:14 -0500] "GET /sipse/faces/javax.faces.resource/layout/layout.js?ln=primefaces&v=4.0 HTTP/1.1" 304 -
181.53.14.143 - - [25/Nov/2023:09:55:14 -0500] "GET /sipse/css/imagen/logoSDG.png HTTP/1.1" 304 -
181.53.14.143 - - [25/Nov/2023:09:55:14 -0500] "GET /sipse/css/imagen/loginimg.png HTTP/1.1" 304 -
181.53.14.143 - - [25/Nov/2023:09:55:14 -0500] "GET /sipse/faces/javax.faces.resource/images/ui-icons_898989_256x240.png?ln=primefaces-aristo HTTP/1.1" 304 -
181.53.14.143 - - [25/Nov/2023:09:55:17 -0500] "POST /sipse/faces/autenticacion.xhtml HTTP/1.1" 200 2225
181.53.14.143 - - [25/Nov/2023:09:55:18 -0500] "GET /sipse/faces/javax.faces.resource/messages/messages.png?ln=primefaces&v=4.0 HTTP/1.1" 304 -
181.53.14.143 - - [25/Nov/2023:09:55:20 -0500] "POST /sipse/faces/autenticacion.xhtml HTTP/1.1" 200 16339
181.53.14.143 - - [25/Nov/2023:09:55:20 -0500] "GET /sipse/css/custom_css_sg_prime.css HTTP/1.1" 304 -
181.53.14.143 - - [25/Nov/2023:09:55:20 -0500] "GET /sipse/faces/javax.faces.resource/primefaces.css?ln=primefaces&v=4.0 HTTP/1.1" 304 -
181.53.14.143 - - [25/Nov/2023:09:55:20 -0500] "GET /sipse/faces/javax.faces.resource/layout/layout.css?ln=primefaces&v=4.0 HTTP/1.1" 304 -
181.53.14.143 - - [25/Nov/2023:09:55:20 -0500] "GET /sipse/faces/javax.faces.resource/theme.css?ln=primefaces-sipse HTTP/1.1" 304 -
181.53.14.143 - - [25/Nov/2023:09:55:20 -0500] "GET /sipse/js/jquery.min.js HTTP/1.1" 304 -
181.53.14.143 - - [25/Nov/2023:09:55:20 -0500] "GET /sipse/faces/javax.faces.resource/jquery/jquery.js?ln=primefaces&v=4.0 HTTP/1.1" 304 -
181.53.14.143 - - [25/Nov/2023:09:55:20 -0500] "GET /sipse/faces/javax.faces.resource/jquery/jquery-plugins.js?ln=primefaces&v=4.0 HTTP/1.1" 304 -
181.53.14.143 - - [25/Nov/2023:09:55:20 -0500] "GET /sipse/faces/javax.faces.resource/primefaces.js?ln=primefaces&v=4.0 HTTP/1.1" 304 -
181.53.14.143 - - [25/Nov/2023:09:55:20 -0500] "GET /sipse/faces/javax.faces.resource/layout/layout.js?ln=primefaces&v=4.0 HTTP/1.1" 304 -
181.53.14.143 - - [25/Nov/2023:09:55:20 -0500] "GET /sipse/css/v_mergente.css HTTP/1.1" 304 -
181.53.14.143 - - [25/Nov/2023:09:55:20 -0500] "GET /sipse/imagenes/cargando.gif HTTP/1.1" 304 -
181.53.14.143 - - [25/Nov/2023:09:55:20 -0500] "GET /sipse/imagenes/logoAplicacion.jpg HTTP/1.1" 304 -
181.53.14.143 - - [25/Nov/2023:09:55:20 -0500] "GET /sipse/css/imagen/contrasena.png HTTP/1.1" 404 383
181.53.14.143 - - [25/Nov/2023:09:55:22 -0500] "GET /sipse/faces/javax.faces.resource/images/ui-bg_flat_0_2d5972_40x100.png?ln=primefaces-aristo HTTP/1.1" 304 -
181.53.14.143 - - [25/Nov/2023:09:55:22 -0500] "POST /sipse/faces/bienvenido.xhtml HTTP/1.1" 200 2073
181.53.14.143 - - [25/Nov/2023:09:55:23 -0500] "POST /sipse/faces/bienvenido.xhtml HTTP/1.1" 200 38966
181.53.14.143 - - [25/Nov/2023:09:55:23 -0500] "GET /sipse/faces/javax.faces.resource/layout/layout.css?ln=primefaces&v=4.0 HTTP/1.1" 304 -
181.53.14.143 - - [25/Nov/2023:09:55:23 -0500] "GET /sipse/faces/javax.faces.resource/primefaces.css?ln=primefaces&v=4.0 HTTP/1.1" 304 -
181.53.14.143 - - [25/Nov/2023:09:55:23 -0500] "GET /sipse/faces/javax.faces.resource/theme.css?ln=primefaces-sipse HTTP/1.1" 304 -
181.53.14.143 - - [25/Nov/2023:09:55:23 -0500] "GET /sipse/faces/javax.faces.resource/jquery/jquery.js?ln=primefaces&v=4.0 HTTP/1.1" 304 -
181.53.14.143 - - [25/Nov/2023:09:55:23 -0500] "GET /sipse/faces/javax.faces.resource/jquery/jquery-plugins.js?ln=primefaces&v=4.0 HTTP/1.1" 304 -
181.53.14.143 - - [25/Nov/2023:09:55:23 -0500] "GET /sipse/faces/javax.faces.resource/primefaces.js?ln=primefaces&v=4.0 HTTP/1.1" 304 -
181.53.14.143 - - [25/Nov/2023:09:55:23 -0500] "GET /sipse/faces/javax.faces.resource/layout/layout.js?ln=primefaces&v=4.0 HTTP/1.1" 304 -
181.53.14.143 - - [25/Nov/2023:09:55:33 -0500] "POST /sipse/faces/presentacion/financiero/solicitudProceso/consultar.xhtml HTTP/1.1" 200 12823
181.53.14.143 - - [25/Nov/2023:09:55:42 -0500] "POST /sipse/faces/presentacion/financiero/solicitudProceso/consultar.xhtml HTTP/1.1" 200 106191
181.53.14.143 - - [25/Nov/2023:09:55:43 -0500] "GET /sipse/faces/javax.faces.resource/theme.css?ln=primefaces-sipse HTTP/1.1" 304 -
181.53.14.143 - - [25/Nov/2023:09:55:43 -0500] "GET /sipse/faces/javax.faces.resource/primefaces.css?ln=primefaces&v=4.0 HTTP/1.1" 304 -
181.53.14.143 - - [25/Nov/2023:09:55:43 -0500] "GET /sipse/faces/javax.faces.resource/layout/layout.css?ln=primefaces&v=4.0 HTTP/1.1" 304 -
181.53.14.143 - - [25/Nov/2023:09:55:43 -0500] "GET /sipse/faces/javax.faces.resource/jquery/jquery.js?ln=primefaces&v=4.0 HTTP/1.1" 304 -
181.53.14.143 - - [25/Nov/2023:09:55:43 -0500] "GET /sipse/faces/javax.faces.resource/jquery/jquery-plugins.js?ln=primefaces&v=4.0 HTTP/1.1" 304 -
181.53.14.143 - - [25/Nov/2023:09:55:43 -0500] "GET /sipse/faces/javax.faces.resource/primefaces.js?ln=primefaces&v=4.0 HTTP/1.1" 304 -
181.53.14.143 - - [25/Nov/2023:09:55:43 -0500] "GET /sipse/faces/javax.faces.resource/layout/layout.js?ln=primefaces&v=4.0 HTTP/1.1" 304 -
181.53.14.143 - - [25/Nov/2023:09:55:48 -0500] "POST /sipse/faces/presentacion/financiero/solicitudProceso/consultarSolicitudProceso.xhtml HTTP/1.1" 200 27048
181.53.14.143 - - [25/Nov/2023:09:55:49 -0500] "GET /sipse/faces/javax.faces.resource/theme.css?ln=primefaces-sipse HTTP/1.1" 304 -
181.53.14.143 - - [25/Nov/2023:09:55:49 -0500] "GET /sipse/faces/javax.faces.resource/primefaces.css?ln=primefaces&v=4.0 HTTP/1.1" 304 -
181.53.14.143 - - [25/Nov/2023:09:55:49 -0500] "GET /sipse/faces/javax.faces.resource/layout/layout.css?ln=primefaces&v=4.0 HTTP/1.1" 304 -
181.53.14.143 - - [25/Nov/2023:09:55:49 -0500] "GET /sipse/faces/javax.faces.resource/jquery/jquery.js?ln=primefaces&v=4.0 HTTP/1.1" 304 -
181.53.14.143 - - [25/Nov/2023:09:55:49 -0500] "GET /sipse/faces/javax.faces.resource/jquery/jquery-plugins.js?ln=primefaces&v=4.0 HTTP/1.1" 304 -
181.53.14.143 - - [25/Nov/2023:09:55:49 -0500] "GET /sipse/faces/javax.faces.resource/primefaces.js?ln=primefaces&v=4.0 HTTP/1.1" 304 -
181.53.14.143 - - [25/Nov/2023:09:55:49 -0500] "GET /sipse/faces/javax.faces.resource/layout/layout.js?ln=primefaces&v=4.0 HTTP/1.1" 304 -
201.245.192.253 - - [25/Nov/2023:09:55:49 -0500] "POST /kwsrmcab/Wsrmcab  HTTP/1.1" 200 213
181.53.14.143 - - [25/Nov/2023:09:56:12 -0500] "POST /sipse/faces/presentacion/financiero/solicitudProceso/consultarHistorialSolProceso.xhtml HTTP/1.1" 200 42018
181.53.14.143 - - [25/Nov/2023:09:56:12 -0500] "GET /sipse/faces/javax.faces.resource/theme.css?ln=primefaces-sipse HTTP/1.1" 304 -
181.53.14.143 - - [25/Nov/2023:09:56:12 -0500] "GET /sipse/faces/javax.faces.resource/primefaces.css?ln=primefaces&v=4.0 HTTP/1.1" 304 -
181.53.14.143 - - [25/Nov/2023:09:56:12 -0500] "GET /sipse/faces/javax.faces.resource/layout/layout.css?ln=primefaces&v=4.0 HTTP/1.1" 304 -
181.53.14.143 - - [25/Nov/2023:09:56:12 -0500] "GET /sipse/faces/javax.faces.resource/jquery/jquery.js?ln=primefaces&v=4.0 HTTP/1.1" 304 -
181.53.14.143 - - [25/Nov/2023:09:56:12 -0500] "GET /sipse/faces/javax.faces.resource/jquery/jquery-plugins.js?ln=primefaces&v=4.0 HTTP/1.1" 304 -
181.53.14.143 - - [25/Nov/2023:09:56:12 -0500] "GET /sipse/faces/javax.faces.resource/primefaces.js?ln=primefaces&v=4.0 HTTP/1.1" 304 -
181.53.14.143 - - [25/Nov/2023:09:56:12 -0500] "GET /sipse/faces/javax.faces.resource/layout/layout.js?ln=primefaces&v=4.0 HTTP/1.1" 304 -
172.22.2.4 - - [25/Nov/2023:09:56:35 -0500] "GET /BLA/boletinlegal/Circulares/2023/CIRCULAR%20No.%2000001%20DEL%2020%20DE%20FEBRERO%20DEL%202023.pdf HTTP/1.1" 304 -
172.22.2.4 - - [25/Nov/2023:09:55:58 -0500] "HEAD /BLA/boletinlegal/ HTTP/1.1" 200 -
216.245.221.92 - - [25/Nov/2023:09:57:48 -0500] "HEAD / HTTP/1.1" 200 -
172.22.2.4 - - [25/Nov/2023:09:56:49 -0500] "GET /BLA/boletinlegal/ HTTP/1.1" 200 60634
157.55.39.202 - - [25/Nov/2023:09:59:16 -0500] "GET /BLA/resoluciones/AUTOS%202023/4189.pdf HTTP/1.1" 200 419711
201.245.192.253 - - [25/Nov/2023:10:00:48 -0500] "POST /kwsrmcab/Wsrmcab  HTTP/1.1" 200 213
200.118.61.25 - - [25/Nov/2023:10:00:56 -0500] "GET /appsia/controlador HTTP/1.1" 200 4799
200.118.61.25 - - [25/Nov/2023:10:01:47 -0500] "POST /appsia/controlador HTTP/1.1" 200 5437
200.118.61.25 - - [25/Nov/2023:10:01:53 -0500] "POST /appsia/controlador HTTP/1.1" 200 7777
200.118.61.25 - - [25/Nov/2023:10:01:56 -0500] "POST /appsia/controlador HTTP/1.1" 200 6642
200.118.61.25 - - [25/Nov/2023:10:02:02 -0500] "POST /appsia/controlador HTTP/1.1" 200 10530
216.244.66.246 - - [25/Nov/2023:10:02:40 -0500] "GET /inscribete-y-participa-en-la-convencion-internacional-de-emergencia-climatica-bogota-2023.html HTTP/1.1" 200 895
216.245.221.92 - - [25/Nov/2023:10:02:48 -0500] "HEAD / HTTP/1.1" 200 -
172.22.2.4 - - [25/Nov/2023:10:01:48 -0500] "HEAD /BLA/boletinlegal/ HTTP/1.1" 200 -
172.22.2.4 - - [25/Nov/2023:10:02:39 -0500] "GET /BLA/boletinlegal/ HTTP/1.1" 200 55050
201.245.192.253 - - [25/Nov/2023:10:05:47 -0500] "POST /kwsrmcab/Wsrmcab  HTTP/1.1" 200 213
207.46.13.154 - - [25/Nov/2023:10:07:34 -0500] "GET /Publicaciones/2023EE234450.pdf HTTP/1.1" 404 228
216.245.221.92 - - [25/Nov/2023:10:07:48 -0500] "HEAD / HTTP/1.1" 200 -
172.22.2.4 - - [25/Nov/2023:10:07:38 -0500] "HEAD /BLA/boletinlegal/ HTTP/1.1" 200 -
207.46.13.154 - - [25/Nov/2023:10:09:54 -0500] "GET /Publicaciones/2023EE214597.pdf HTTP/1.1" 404 228
172.22.2.4 - - [25/Nov/2023:10:08:29 -0500] "GET /BLA/boletinlegal/ HTTP/1.1" 200 52827
52.167.144.142 - - [25/Nov/2023:10:10:31 -0500] "GET /Publicaciones/2023EE208780.pdf HTTP/1.1" 404 228
201.245.192.253 - - [25/Nov/2023:10:10:46 -0500] "POST /kwsrmcab/Wsrmcab  HTTP/1.1" 200 213
66.249.79.105 - - [25/Nov/2023:10:11:30 -0500] "GET /Publicaciones/2022EE297850.pdf HTTP/1.1" 404 228
52.167.144.142 - - [25/Nov/2023:10:12:03 -0500] "GET /BLA/resoluciones/AUTOS%202023/5949.pdf HTTP/1.1" 200 440505
216.245.221.92 - - [25/Nov/2023:10:12:48 -0500] "HEAD / HTTP/1.1" 200 -
172.22.2.4 - - [25/Nov/2023:10:12:58 -0500] "GET /BLA/boletinlegal/actos.php HTTP/1.1" 200 9682
66.249.79.104 - - [25/Nov/2023:10:13:04 -0500] "GET /Publicaciones/2022EE296549.pdf HTTP/1.1" 404 228
52.167.144.142 - - [25/Nov/2023:10:13:44 -0500] "GET /BLA/resoluciones/AUTOS%202023/5938.pdf HTTP/1.1" 200 432811
173.252.107.118 - - [25/Nov/2023:10:14:37 -0500] "GET /images/presentaci\xc3\xb3n%20convenci\xc3\xb3n.jpg HTTP/1.1" 404 1034
40.77.167.8 - - [25/Nov/2023:10:15:08 -0500] "GET /Publicaciones/2023EE244583.pdf HTTP/1.1" 404 228
172.22.2.4 - - [25/Nov/2023:10:13:28 -0500] "HEAD /BLA/boletinlegal/ HTTP/1.1" 200 -
201.245.192.253 - - [25/Nov/2023:10:15:44 -0500] "POST /kwsrmcab/Wsrmcab  HTTP/1.1" 200 213
172.22.2.4 - - [25/Nov/2023:10:14:19 -0500] "GET /BLA/boletinlegal/ HTTP/1.1" 200 59827
201.245.192.253 - - [25/Nov/2023:10:16:34 -0500] "POST /kwsrmcab/Wsrmcab HTTP/1.1" 200 37806
201.245.192.253 - - [25/Nov/2023:10:16:37 -0500] "POST /kwsrmcab/Wsrmcab HTTP/1.1" 200 42101
173.252.83.117 - - [25/Nov/2023:10:17:42 -0500] "GET /images/Acuerdos%2001%20(1)%20(1).jpeg HTTP/1.1" 200 32884
216.245.221.92 - - [25/Nov/2023:10:17:48 -0500] "HEAD / HTTP/1.1" 200 -
201.245.192.253 - - [25/Nov/2023:10:20:07 -0500] "POST /kwsrmcab/Wsrmcab HTTP/1.1" 200 37806
69.171.251.15 - - [25/Nov/2023:10:20:11 -0500] "GET /distrito-entrego-certificado-de-reconocimiento-a-mas-de-600-mujeres-que-reverdecen-tras-seis-meses-de-formacion-teorica-y-practica.html HTTP/1.1" 200 1113
201.245.192.253 - - [25/Nov/2023:10:20:43 -0500] "POST /kwsrmcab/Wsrmcab  HTTP/1.1" 200 213
172.22.2.4 - - [25/Nov/2023:10:19:18 -0500] "HEAD /BLA/boletinlegal/ HTTP/1.1" 200 -
172.22.2.4 - - [25/Nov/2023:10:20:09 -0500] "GET /BLA/boletinlegal/ HTTP/1.1" 200 58644
157.55.39.15 - - [25/Nov/2023:10:21:50 -0500] "GET /BLA/resoluciones/index.php?dir=RESOLUCIONES+2005%2FRES+2005+2051-2100%2F HTTP/1.1" 200 12352
201.245.192.253 - - [25/Nov/2023:10:22:22 -0500] "POST /kwsrmcab/Wsrmcab HTTP/1.1" 200 42101
216.245.221.92 - - [25/Nov/2023:10:22:48 -0500] "HEAD / HTTP/1.1" 200 -
201.245.192.253 - - [25/Nov/2023:10:25:42 -0500] "POST /kwsrmcab/Wsrmcab  HTTP/1.1" 200 213
201.245.192.253 - - [25/Nov/2023:10:26:34 -0500] "POST /kwsrmcab/Wsrmcab HTTP/1.1" 200 37806
201.245.192.253 - - [25/Nov/2023:10:26:37 -0500] "POST /kwsrmcab/Wsrmcab HTTP/1.1" 200 42101
172.22.2.4 - - [25/Nov/2023:10:25:08 -0500] "HEAD /BLA/boletinlegal/ HTTP/1.1" 200 -
172.22.2.4 - - [25/Nov/2023:10:25:59 -0500] "GET /BLA/boletinlegal/ HTTP/1.1" 200 58644
216.245.221.92 - - [25/Nov/2023:10:27:48 -0500] "HEAD / HTTP/1.1" 200 -
173.252.111.5 - - [25/Nov/2023:10:28:15 -0500] "GET /images/Zorro%20cangrejero.jpg HTTP/1.1" 200 40050
201.245.192.253 - - [25/Nov/2023:10:30:06 -0500] "POST /kwsrmcab/Wsrmcab HTTP/1.1" 200 37806
201.245.192.253 - - [25/Nov/2023:10:30:41 -0500] "POST /kwsrmcab/Wsrmcab  HTTP/1.1" 200 213
201.245.192.253 - - [25/Nov/2023:10:32:14 -0500] "POST /kwsrmcab/Wsrmcab HTTP/1.1" 200 42101
172.22.2.4 - - [25/Nov/2023:10:30:58 -0500] "HEAD /BLA/boletinlegal/ HTTP/1.1" 200 -
216.245.221.92 - - [25/Nov/2023:10:32:48 -0500] "HEAD / HTTP/1.1" 200 -
172.22.2.4 - - [25/Nov/2023:10:31:49 -0500] "GET /BLA/boletinlegal/ HTTP/1.1" 200 58294
66.249.79.104 - - [25/Nov/2023:10:35:38 -0500] "GET /BLA/resoluciones/RESOLUCIONES%202009/2933.pdf HTTP/1.1" 200 432180
201.245.192.253 - - [25/Nov/2023:10:35:40 -0500] "POST /kwsrmcab/Wsrmcab  HTTP/1.1" 200 213
201.245.192.253 - - [25/Nov/2023:10:36:34 -0500] "POST /kwsrmcab/Wsrmcab HTTP/1.1" 200 37806
201.245.192.253 - - [25/Nov/2023:10:36:37 -0500] "POST /kwsrmcab/Wsrmcab HTTP/1.1" 200 42101
216.245.221.92 - - [25/Nov/2023:10:37:48 -0500] "HEAD / HTTP/1.1" 200 -
172.22.2.4 - - [25/Nov/2023:10:36:48 -0500] "HEAD /BLA/boletinlegal/ HTTP/1.1" 200 -
216.244.66.246 - - [25/Nov/2023:10:38:39 -0500] "GET /robots.txt HTTP/1.1" 404 1034
152.203.173.72 - - [25/Nov/2023:10:38:50 -0500] "GET /sipse/faces/faces/autenticacion.xhtml HTTP/1.1" 200 12729
152.203.173.72 - - [25/Nov/2023:10:38:50 -0500] "GET /sipse/js/disable_browser_buttons.js HTTP/1.1" 304 -
152.203.173.72 - - [25/Nov/2023:10:38:50 -0500] "GET /sipse/css/custom_css_sg.css HTTP/1.1" 304 -
152.203.173.72 - - [25/Nov/2023:10:38:50 -0500] "GET /sipse/js/funciones.js HTTP/1.1" 304 -
152.203.173.72 - - [25/Nov/2023:10:38:50 -0500] "GET /sipse/css/custom_css_sg_prime_login.css HTTP/1.1" 304 -
152.203.173.72 - - [25/Nov/2023:10:38:50 -0500] "GET /sipse/faces/javax.faces.resource/theme.css?ln=primefaces-sipse HTTP/1.1" 304 -
152.203.173.72 - - [25/Nov/2023:10:38:50 -0500] "GET /sipse/faces/javax.faces.resource/layout/layout.css;jsessionid=iE1UD8R-MWdtSRAUEmjN93Da.undefined?ln=primefaces&v=4.0 HTTP/1.1" 200 542
152.203.173.72 - - [25/Nov/2023:10:38:50 -0500] "GET /sipse/faces/javax.faces.resource/primefaces.css;jsessionid=iE1UD8R-MWdtSRAUEmjN93Da.undefined?ln=primefaces&v=4.0 HTTP/1.1" 200 53295
152.203.173.72 - - [25/Nov/2023:10:38:50 -0500] "GET /sipse/faces/javax.faces.resource/jquery/jquery.js;jsessionid=iE1UD8R-MWdtSRAUEmjN93Da.undefined?ln=primefaces&v=4.0 HTTP/1.1" 200 105384
152.203.173.72 - - [25/Nov/2023:10:38:50 -0500] "GET /sipse/faces/javax.faces.resource/layout/layout.js;jsessionid=iE1UD8R-MWdtSRAUEmjN93Da.undefined?ln=primefaces&v=4.0 HTTP/1.1" 200 87560
152.203.173.72 - - [25/Nov/2023:10:38:50 -0500] "GET /sipse/faces/javax.faces.resource/jquery/jquery-plugins.js;jsessionid=iE1UD8R-MWdtSRAUEmjN93Da.undefined?ln=primefaces&v=4.0 HTTP/1.1" 200 220526
152.203.173.72 - - [25/Nov/2023:10:38:50 -0500] "GET /sipse/faces/javax.faces.resource/primefaces.js;jsessionid=iE1UD8R-MWdtSRAUEmjN93Da.undefined?ln=primefaces&v=4.0 HTTP/1.1" 200 276924
152.203.173.72 - - [25/Nov/2023:10:38:51 -0500] "GET /sipse/css/imagen/logoSDG.png HTTP/1.1" 304 -
152.203.173.72 - - [25/Nov/2023:10:38:51 -0500] "GET /sipse/css/imagen/loginimg.png HTTP/1.1" 304 -
152.203.173.72 - - [25/Nov/2023:10:38:51 -0500] "GET /sipse/faces/javax.faces.resource/images/ui-icons_898989_256x240.png?ln=primefaces-aristo HTTP/1.1" 304 -
152.203.173.72 - - [25/Nov/2023:10:38:51 -0500] "GET /sipse/faces/faces/index.xhtml HTTP/1.1" 200 677
152.203.173.72 - - [25/Nov/2023:10:38:51 -0500] "GET /sipse/faces/javax.faces.resource/theme.css?ln=primefaces-sipse HTTP/1.1" 304 -
152.203.173.72 - - [25/Nov/2023:10:38:51 -0500] "GET /sipse/faces/faces/faces/autenticacion.xhtml HTTP/1.1" 200 12407
152.203.173.72 - - [25/Nov/2023:10:38:51 -0500] "GET /sipse/faces/javax.faces.resource/theme.css?ln=primefaces-sipse HTTP/1.1" 304 -
152.203.173.72 - - [25/Nov/2023:10:38:51 -0500] "GET /sipse/faces/javax.faces.resource/primefaces.css?ln=primefaces&v=4.0 HTTP/1.1" 304 -
152.203.173.72 - - [25/Nov/2023:10:38:51 -0500] "GET /sipse/faces/javax.faces.resource/layout/layout.css?ln=primefaces&v=4.0 HTTP/1.1" 304 -
152.203.173.72 - - [25/Nov/2023:10:38:51 -0500] "GET /sipse/faces/javax.faces.resource/jquery/jquery-plugins.js?ln=primefaces&v=4.0 HTTP/1.1" 304 -
152.203.173.72 - - [25/Nov/2023:10:38:51 -0500] "GET /sipse/faces/javax.faces.resource/primefaces.js?ln=primefaces&v=4.0 HTTP/1.1" 304 -
152.203.173.72 - - [25/Nov/2023:10:38:51 -0500] "GET /sipse/faces/javax.faces.resource/jquery/jquery.js?ln=primefaces&v=4.0 HTTP/1.1" 304 -
152.203.173.72 - - [25/Nov/2023:10:38:51 -0500] "GET /sipse/faces/javax.faces.resource/layout/layout.js?ln=primefaces&v=4.0 HTTP/1.1" 304 -
152.203.173.72 - - [25/Nov/2023:10:38:55 -0500] "POST /sipse/faces/autenticacion.xhtml HTTP/1.1" 200 2228
152.203.173.72 - - [25/Nov/2023:10:38:56 -0500] "GET /sipse/faces/javax.faces.resource/messages/messages.png?ln=primefaces&v=4.0 HTTP/1.1" 304 -
152.203.173.72 - - [25/Nov/2023:10:38:56 -0500] "GET /sipse/faces/javax.faces.resource/images/ui-icons_898989_256x240.png?ln=primefaces-aristo HTTP/1.1" 304 -
152.203.173.72 - - [25/Nov/2023:10:38:59 -0500] "POST /sipse/faces/autenticacion.xhtml HTTP/1.1" 200 16357
152.203.173.72 - - [25/Nov/2023:10:38:59 -0500] "GET /sipse/css/custom_css_sg_prime.css HTTP/1.1" 304 -
152.203.173.72 - - [25/Nov/2023:10:38:59 -0500] "GET /sipse/faces/javax.faces.resource/layout/layout.css?ln=primefaces&v=4.0 HTTP/1.1" 304 -
152.203.173.72 - - [25/Nov/2023:10:38:59 -0500] "GET /sipse/faces/javax.faces.resource/primefaces.css?ln=primefaces&v=4.0 HTTP/1.1" 304 -
152.203.173.72 - - [25/Nov/2023:10:38:59 -0500] "GET /sipse/faces/javax.faces.resource/theme.css?ln=primefaces-sipse HTTP/1.1" 304 -
152.203.173.72 - - [25/Nov/2023:10:38:59 -0500] "GET /sipse/js/jquery.min.js HTTP/1.1" 304 -
152.203.173.72 - - [25/Nov/2023:10:38:59 -0500] "GET /sipse/faces/javax.faces.resource/jquery/jquery.js?ln=primefaces&v=4.0 HTTP/1.1" 304 -
152.203.173.72 - - [25/Nov/2023:10:39:00 -0500] "GET /sipse/faces/javax.faces.resource/jquery/jquery-plugins.js?ln=primefaces&v=4.0 HTTP/1.1" 304 -
152.203.173.72 - - [25/Nov/2023:10:39:00 -0500] "GET /sipse/faces/javax.faces.resource/primefaces.js?ln=primefaces&v=4.0 HTTP/1.1" 304 -
152.203.173.72 - - [25/Nov/2023:10:39:00 -0500] "GET /sipse/faces/javax.faces.resource/layout/layout.js?ln=primefaces&v=4.0 HTTP/1.1" 304 -
152.203.173.72 - - [25/Nov/2023:10:39:00 -0500] "GET /sipse/css/v_mergente.css HTTP/1.1" 304 -
152.203.173.72 - - [25/Nov/2023:10:39:00 -0500] "GET /sipse/imagenes/cargando.gif HTTP/1.1" 304 -
152.203.173.72 - - [25/Nov/2023:10:39:00 -0500] "GET /sipse/imagenes/logoAplicacion.jpg HTTP/1.1" 304 -
152.203.173.72 - - [25/Nov/2023:10:39:00 -0500] "GET /sipse/css/imagen/contrasena.png HTTP/1.1" 404 383
152.203.173.72 - - [25/Nov/2023:10:39:03 -0500] "GET /sipse/faces/javax.faces.resource/images/ui-bg_flat_0_2d5972_40x100.png?ln=primefaces-aristo HTTP/1.1" 304 -
152.203.173.72 - - [25/Nov/2023:10:39:03 -0500] "POST /sipse/faces/bienvenido.xhtml HTTP/1.1" 200 2658
152.203.173.72 - - [25/Nov/2023:10:39:04 -0500] "POST /sipse/faces/bienvenido.xhtml HTTP/1.1" 200 65557
152.203.173.72 - - [25/Nov/2023:10:39:06 -0500] "GET /sipse/faces/javax.faces.resource/layout/layout.css?ln=primefaces&v=4.0 HTTP/1.1" 304 -
152.203.173.72 - - [25/Nov/2023:10:39:06 -0500] "GET /sipse/faces/javax.faces.resource/theme.css?ln=primefaces-sipse HTTP/1.1" 304 -
152.203.173.72 - - [25/Nov/2023:10:39:06 -0500] "GET /sipse/faces/javax.faces.resource/primefaces.css?ln=primefaces&v=4.0 HTTP/1.1" 304 -
152.203.173.72 - - [25/Nov/2023:10:39:06 -0500] "GET /sipse/faces/javax.faces.resource/jquery/jquery.js?ln=primefaces&v=4.0 HTTP/1.1" 304 -
152.203.173.72 - - [25/Nov/2023:10:39:06 -0500] "GET /sipse/faces/javax.faces.resource/jquery/jquery-plugins.js?ln=primefaces&v=4.0 HTTP/1.1" 304 -
152.203.173.72 - - [25/Nov/2023:10:39:06 -0500] "GET /sipse/faces/javax.faces.resource/primefaces.js?ln=primefaces&v=4.0 HTTP/1.1" 304 -
152.203.173.72 - - [25/Nov/2023:10:39:06 -0500] "GET /sipse/faces/javax.faces.resource/layout/layout.js?ln=primefaces&v=4.0 HTTP/1.1" 304 -
152.203.173.72 - - [25/Nov/2023:10:39:07 -0500] "POST /sipse/faces/presentacion/financiero/solicitudProceso/listarSolicitudProceso.xhtml HTTP/1.1" 200 1556
152.203.173.72 - - [25/Nov/2023:10:39:11 -0500] "POST /sipse/faces/presentacion/financiero/solicitudProceso/listarSolicitudProceso.xhtml HTTP/1.1" 200 19523
152.203.173.72 - - [25/Nov/2023:10:39:15 -0500] "POST /sipse/faces/presentacion/financiero/solicitudProceso/listarSolicitudProceso.xhtml HTTP/1.1" 200 47882
152.203.173.72 - - [25/Nov/2023:10:39:16 -0500] "POST /sipse/faces/presentacion/financiero/solicitudProceso/listarSolicitudProceso.xhtml HTTP/1.1" 200 19322
152.203.173.72 - - [25/Nov/2023:10:39:18 -0500] "POST /sipse/faces/presentacion/financiero/solicitudProceso/listarSolicitudProceso.xhtml HTTP/1.1" 200 47882
172.22.2.4 - - [25/Nov/2023:10:37:39 -0500] "GET /BLA/boletinlegal/ HTTP/1.1" 200 56187
152.203.173.72 - - [25/Nov/2023:10:39:19 -0500] "POST /sipse/faces/presentacion/financiero/solicitudProceso/listarSolicitudProceso.xhtml HTTP/1.1" 200 19319
152.203.173.72 - - [25/Nov/2023:10:39:21 -0500] "POST /sipse/faces/presentacion/financiero/solicitudProceso/listarSolicitudProceso.xhtml HTTP/1.1" 200 47882
152.203.173.72 - - [25/Nov/2023:10:39:22 -0500] "POST /sipse/faces/presentacion/financiero/solicitudProceso/listarSolicitudProceso.xhtml HTTP/1.1" 200 19512
152.203.173.72 - - [25/Nov/2023:10:39:23 -0500] "POST /sipse/faces/presentacion/financiero/solicitudProceso/listarSolicitudProceso.xhtml HTTP/1.1" 200 47882
152.203.173.72 - - [25/Nov/2023:10:39:25 -0500] "POST /sipse/faces/presentacion/financiero/solicitudProceso/listarSolicitudProceso.xhtml HTTP/1.1" 200 19491
152.203.173.72 - - [25/Nov/2023:10:39:33 -0500] "POST /sipse/faces/presentacion/financiero/solicitudProceso/listarSolicitudProceso.xhtml HTTP/1.1" 200 47882
152.203.173.72 - - [25/Nov/2023:10:39:35 -0500] "POST /sipse/faces/presentacion/financiero/solicitudProceso/listarSolicitudProceso.xhtml HTTP/1.1" 200 19395
152.203.173.72 - - [25/Nov/2023:10:39:38 -0500] "POST /sipse/faces/presentacion/financiero/solicitudProceso/listarSolicitudProceso.xhtml HTTP/1.1" 200 47882
152.203.173.72 - - [25/Nov/2023:10:39:39 -0500] "POST /sipse/faces/presentacion/financiero/solicitudProceso/listarSolicitudProceso.xhtml HTTP/1.1" 200 19257
152.203.173.72 - - [25/Nov/2023:10:39:41 -0500] "POST /sipse/faces/presentacion/financiero/solicitudProceso/listarSolicitudProceso.xhtml HTTP/1.1" 200 47882
152.203.173.72 - - [25/Nov/2023:10:39:42 -0500] "POST /sipse/faces/presentacion/financiero/solicitudProceso/listarSolicitudProceso.xhtml HTTP/1.1" 200 19377
152.203.173.72 - - [25/Nov/2023:10:39:45 -0500] "POST /sipse/faces/presentacion/financiero/solicitudProceso/listarSolicitudProceso.xhtml HTTP/1.1" 200 47882
152.203.173.72 - - [25/Nov/2023:10:39:46 -0500] "POST /sipse/faces/presentacion/financiero/solicitudProceso/listarSolicitudProceso.xhtml HTTP/1.1" 200 19352
172.22.2.4 - - [25/Nov/2023:10:38:27 -0500] "GET /BLA/boletinlegal/ HTTP/1.1" 200 58294
201.245.192.253 - - [25/Nov/2023:10:40:06 -0500] "POST /kwsrmcab/Wsrmcab HTTP/1.1" 200 37806
201.245.192.253 - - [25/Nov/2023:10:40:40 -0500] "POST /kwsrmcab/Wsrmcab  HTTP/1.1" 200 213
201.245.192.253 - - [25/Nov/2023:10:42:15 -0500] "POST /kwsrmcab/Wsrmcab HTTP/1.1" 200 42101
216.245.221.92 - - [25/Nov/2023:10:42:48 -0500] "HEAD / HTTP/1.1" 200 -
140.82.14.185 - - [25/Nov/2023:10:43:16 -0500] "GET /BLA/resoluciones/RESOLUCIONES%202016/2074.pdf HTTP/1.1" 200 306608
51.161.115.227 - - [25/Nov/2023:10:43:28 -0500] "GET /participa-del-panel-progreso-hacia-un-aire-limpio.html HTTP/1.1" 200 906
52.167.144.174 - - [25/Nov/2023:10:44:06 -0500] "GET /BLA/resoluciones/AUTOS%202013/2585.pdf HTTP/1.1" 200 827192
172.22.2.4 - - [25/Nov/2023:10:42:38 -0500] "HEAD /BLA/boletinlegal/ HTTP/1.1" 200 -
66.249.79.105 - - [25/Nov/2023:10:44:36 -0500] "GET /resoluciones/RESOLUCIONES%202008/2978.pdf HTTP/1.1" 404 1018
66.249.79.104 - - [25/Nov/2023:10:44:43 -0500] "GET /BLA/resoluciones/RESOLUCIONES%202011/4462.pdf HTTP/1.1" 200 554832
172.22.2.4 - - [25/Nov/2023:10:43:29 -0500] "GET /BLA/boletinlegal/ HTTP/1.1" 200 52827
201.245.192.253 - - [25/Nov/2023:10:45:38 -0500] "POST /kwsrmcab/Wsrmcab  HTTP/1.1" 200 213
66.249.79.105 - - [25/Nov/2023:10:46:23 -0500] "GET /php/ProyectosInversion/Ficha%20ebi.pdf HTTP/1.1" 404 1018
66.249.79.105 - - [25/Nov/2023:10:46:43 -0500] "GET /BLA/resoluciones/AUTOS%202011/4529.pdf HTTP/1.1" 200 190734
216.245.221.92 - - [25/Nov/2023:10:47:48 -0500] "HEAD / HTTP/1.1" 200 -
172.22.2.4 - - [25/Nov/2023:10:48:28 -0500] "HEAD /BLA/boletinlegal/ HTTP/1.1" 200 -
216.244.66.246 - - [25/Nov/2023:10:50:28 -0500] "GET /secretaria-de-ambiente-firma-dos-nuevos-pagos-por-servicios-ambientales-que-permitiran-conservar-36-hectareas-en-usme.html HTTP/1.1" 200 1048
201.245.192.253 - - [25/Nov/2023:10:50:37 -0500] "POST /kwsrmcab/Wsrmcab  HTTP/1.1" 200 213
191.95.56.80 - - [25/Nov/2023:10:50:43 -0500] "POST /sipse/faces/presentacion/financiero/solicitudProceso/listarSolicitudProceso.xhtml HTTP/1.1" 302 -
191.95.56.80 - - [25/Nov/2023:10:50:43 -0500] "GET /sipse/faces/autenticacion.xhtml HTTP/1.1" 200 1099
191.95.56.80 - - [25/Nov/2023:10:50:43 -0500] "POST /sipse/faces/presentacion/financiero/solicitudProceso/listarSolicitudProceso.xhtml HTTP/1.1" 302 -
191.95.56.80 - - [25/Nov/2023:10:50:43 -0500] "GET /sipse/faces/autenticacion.xhtml HTTP/1.1" 200 1099
191.95.56.80 - - [25/Nov/2023:10:50:43 -0500] "POST /sipse/faces/presentacion/financiero/solicitudProceso/listarSolicitudProceso.xhtml HTTP/1.1" 302 -
191.95.56.80 - - [25/Nov/2023:10:50:43 -0500] "GET /sipse/faces/autenticacion.xhtml HTTP/1.1" 200 1099
191.95.56.80 - - [25/Nov/2023:10:50:44 -0500] "POST /sipse/faces/presentacion/financiero/solicitudProceso/listarSolicitudProceso.xhtml HTTP/1.1" 302 -
191.95.56.80 - - [25/Nov/2023:10:50:44 -0500] "GET /sipse/faces/autenticacion.xhtml HTTP/1.1" 200 1099
191.95.56.80 - - [25/Nov/2023:10:50:44 -0500] "POST /sipse/faces/presentacion/financiero/solicitudProceso/listarSolicitudProceso.xhtml HTTP/1.1" 302 -
191.95.56.80 - - [25/Nov/2023:10:50:44 -0500] "GET /sipse/faces/autenticacion.xhtml HTTP/1.1" 200 1099
191.95.56.80 - - [25/Nov/2023:10:50:44 -0500] "POST /sipse/faces/presentacion/financiero/solicitudProceso/listarSolicitudProceso.xhtml HTTP/1.1" 302 -
191.95.56.80 - - [25/Nov/2023:10:50:45 -0500] "GET /sipse/faces/autenticacion.xhtml HTTP/1.1" 200 1099
191.95.56.80 - - [25/Nov/2023:10:50:45 -0500] "POST /sipse/faces/presentacion/financiero/solicitudProceso/listarSolicitudProceso.xhtml HTTP/1.1" 302 -
191.95.56.80 - - [25/Nov/2023:10:50:45 -0500] "GET /sipse/faces/autenticacion.xhtml HTTP/1.1" 200 1099
191.95.56.80 - - [25/Nov/2023:10:50:45 -0500] "POST /sipse/faces/presentacion/financiero/solicitudProceso/listarSolicitudProceso.xhtml HTTP/1.1" 302 -
191.95.56.80 - - [25/Nov/2023:10:50:46 -0500] "GET /sipse/faces/autenticacion.xhtml HTTP/1.1" 200 1099
191.95.56.80 - - [25/Nov/2023:10:50:46 -0500] "POST /sipse/faces/presentacion/financiero/solicitudProceso/listarSolicitudProceso.xhtml HTTP/1.1" 302 -
191.95.56.80 - - [25/Nov/2023:10:50:46 -0500] "GET /sipse/faces/autenticacion.xhtml HTTP/1.1" 200 1099
191.95.56.80 - - [25/Nov/2023:10:50:46 -0500] "POST /sipse/faces/presentacion/financiero/solicitudProceso/listarSolicitudProceso.xhtml HTTP/1.1" 302 -
191.95.56.80 - - [25/Nov/2023:10:50:46 -0500] "GET /sipse/faces/autenticacion.xhtml HTTP/1.1" 200 1099
172.22.2.4 - - [25/Nov/2023:10:49:19 -0500] "GET /BLA/boletinlegal/ HTTP/1.1" 200 52827
172.22.2.4 - - [25/Nov/2023:10:51:13 -0500] "GET /BLA/boletinlegal/actos.php HTTP/1.1" 200 9682
172.22.2.4 - - [25/Nov/2023:10:51:13 -0500] "GET /BLA/boletinlegal/favicon.ico HTTP/1.1" 404 1326
191.109.167.8 - - [25/Nov/2023:10:51:15 -0500] "GET /BLA/resoluciones/ HTTP/1.1" 200 13696
191.109.167.8 - - [25/Nov/2023:10:51:18 -0500] "GET /BLA/resoluciones/index.php?dir=AUTOS+2023%2F HTTP/1.1" 200 428663
172.22.2.4 - - [25/Nov/2023:10:51:19 -0500] "GET /BLA/boletinlegal/Circulares/2012/Circular%20No.%204%20del%2019%20de%20abril%20de%202012.pdf HTTP/1.1" 200 253045
172.22.2.4 - - [25/Nov/2023:10:51:10 -0500] "GET /BLA/boletinlegal/ HTTP/1.1" 200 24523
40.77.167.71 - - [25/Nov/2023:10:51:53 -0500] "GET /BLA/resoluciones/index.php?dir=RESOLUCIONES+1996%2F HTTP/1.1" 200 9137
216.245.221.92 - - [25/Nov/2023:10:52:48 -0500] "HEAD / HTTP/1.1" 200 -
40.77.167.71 - - [25/Nov/2023:10:54:04 -0500] "GET /BLA/resoluciones/AUTOS%202023/7769.pdf HTTP/1.1" 200 509525
186.102.82.18 - - [25/Nov/2023:10:54:04 -0500] "GET /kwssiamovil/sm/acme/a?s=U2FsdGVkX19RzbR5CntTTvnAnqHcsTjDSzhRk0/eXFyvTXIX/1RJ2yBKU/kRTl68sjQqHc82f6gUDozPtTC31OGnpmApe34YaasmFwGiKNJ13HT18t1rz+RIx9AadMg5UiQxciDkD0Stkobo1rtdkewbf9tq951ruyAOlCJ8+/nNDT8YQ2787A5LOY2y/ZkHZDLJ5Ej7E5uh70qV1mq3aR4KAEtiiiZH0klHN/TO8VmBRsC+6uaeo1fuJ+ajfFDecA/4rA29NLoREefIc0lywQ==&u=U2FsdGVkX1+xaIZFwt6VouhO/V918NlCbmXZ7HHoPhE=&y=U2FsdGVkX19ShSMg9RsWeEg5jAXlWEJRi8canZFmXpDt6KI5U0sz8Y7iFsk3TkG6 HTTP/1.1" 200 26
186.102.82.18 - - [25/Nov/2023:10:54:04 -0500] "GET /kwssiamovil/sm/acme/a?s=U2FsdGVkX1/bWdjAx/2YmJH8R8e3MslY8wAdG/3FsWubnGKp8mH5/JR5XJ6Ih9P7yLHK+IKIgo1AjDRUk0Yy3to4RjHxnSiQ6L3sdOae40dFMYSpJ3i/OK6M/8seaRgd8371aYe8+BpGB4UHLaY/PU5Poo/YcRc5rmcwdf44zboUNN4QtT+1KQ7dhsiuhAbAkP+ZT/xgel/ac+AhuUhs4sZcsaLdtDTHelA2TGZYCp8w8G4nnKZHQAliY7JvEn8vl98P3RpiCqVySCLO64GjYNYMsd1T4Ntuixm4xkWlstTC6ipkFXyiRXxgKPI79lJXGbb6Bb/W66UT17bTK8O+33W3skxb1ONuqnTzisEkUKhiL0sEuUsNqzxvl+S1THariSt7YpdLBt7NuG6HZ8RQlhhxw3yi7czvZEDb4GKThTJXiy9TPk8pyY4fQzBptFF/XdnDGob2jWL72xtWDyQQMQbp/bAd9spSRgFiWmAtNkwF/FmgbravQhoqx5vsmegU5rVfQ50vWGDI4f8kijUGZ6cGN6sGsaTRqlodBNk6lvUhuLTbbqvgH+Q7WWTTsnKYoSQDBgl2XXIm49fNv0zjU3g4+VLxkQiahz2BDK98KsWc3u1JbsFbkk80n9oS+72X+0azqMRdTiA++ZzGvw1JFzuOta68NSnOwbPqLUouvxQ94wlGPgnDX/IC0/PbLbkrHBezGPsfUHJo3zuzpKOqUbOBzjUUDIqioPiQ16gYTjKWtuimQEef/Wki36zM9OlSkzqra9x2I2T8Ove34l7XVa3nP7T4c5EjgrRliMO17ef8s0hybD0cYzkN7FvAMYhMSaFrGbCwFLk+1CbPvKJuurMAOORN16uSP7Z3PaIsJzF/GDYjnKOccURFepaSyFMVBcKxDlDteozm/NBw4W7gwMfD7sHJnYUr2Xqa0WlsRvsVfDPBmQWzWSKTHTkzaL/90zFwiHnqeVek4YmC1hiATBiiNjvPwsTOXZbRZ5d657pOjyuBeDqGVGFY4pvTlSsQAaUg4Gf3KOkuG5Cvhko/N43noBp+jqDDP4JCk0N1Fe7mPtWgDq5MWwI7ihQ4jFBQ6xd/nLbT3J27/2vfjKGPVXaiSfeKPHoDmhNGRFL9Tx57olt12tZGHvz+Ox0CKWv8df6rRX4bCNfB4ftcQlG+niMH2hF8fhOm84jAFYCDJlshNjgncB/M4BCiAuoF+4S939o9ue4jhEUHj18TKU+3dhFgPmTMoXoalplF7a2Csky+OOJCcQFopYs9ADLsdSR5MVHRj4xbX4ZDkuUyfHfLiiHcdoZQg+BRdN029kMDIKGKyCN+zCmDvn38fH16aEV33Ts29k9kvyJNcGHSvr3AU/6m7orK9CpOTq46QHI9JTxsvIuk7yVwgXxRM8zWmGXkdGQp+bMzQ/524ewa4O91WUZSISyhE+dJS5AzNY/uQddCR4VRFQ7X3e9e/J0za0huRhbVD+CdDtO5M7+TW6Yf8EBwOGTzcYrhu46s7oO9W6WlfYBVDdTf5r11wVqcb4KO58DcoccgdZBUWdKxt4dGwsDY6rBVLkaFQWP/KgcWSzIoJiMgChqL8AKRg18La/E2sKB9VCSVb3FEq3cZY3KLn84KhTdh9e4GZZ0Xkzkg8kb/ISIEJj6eKyWLKeARUezlhxnTRHWzQnEkoPKqQTnBFjQ976E8bt0qSVnhljeOQKNxkUDEEE9LE4YyFxjRBrjEtj1thuHB8uBPRAPNBHwxepty3GFe/HeWMKgEaeyXSmgTtay/GMXu1rR348zM0wnYlKkm5zWWSXCZowEMZg3ywL+cRRXNqtpiLOItWSA7EnxeVC+M3zzZoQB95p/9/7prJluvElsIXHG21JmJYPUNan2KSc5c8ZI9DAjXbTPmGMJsKF8v+vx/jMpHj8awm9Q1/XS01Fljp7z67sNVuwU9OZUcaWIQ7ki84J9a+0qIWHRyrCnrHZ1Dqt9Tromk8ljrAnhrq9jUBl08en2m5b00b787PQqjbtI3lQfTD43fa76zr53gyKWP0SrbOvaJ9rGZy4CdRZQ/m3GXy3hpIQk9DN36A2QZW7uzLubGbQRHzNPX1L9flxiE8uNtF+f1lodProgeGe3lAs1MqZcQU21AvJ8U0dr7CNRvcJmHNSdlLpuc/e9ycGgrPpKj+ju6MaC+uaGpfsZP4D4iIkDB2F6EyIlNbdYiTZ4eB/d+DfBj4ecf2H+mwMeNq1CH2EkDDjKzKbnwFkVPlwAIGr2Ye8CojLLhAZKgSKOnpYQ2f1xeuimVkyimIp6s4fzz7YTNTSvnyYOAR67eM9lx1HNruOS3YKqxrc8+WesKW2jwLSnUD+QrOGdQVwZWbAI1MvkNl1OQVgs7rNqbcQvvYGqAfubTUra/8JM+LpLxAYvZ7tsZ8N2XVvepzkUcEdnmqe/ukd808jXDBVYShHdH+KzZ6bH5pxD9yyCZP2BcR13ybHOKNeDnWSsoDsKXwR4Hrl+uL4p9q1ghftDTnQfNobkRPB+ysMMbANYoz+PpYFRsU6WyIGLh1Qpu6HcAJSutYjSvYO6LBEh7bGcwrQSVbCg5mKvgFw==&u=U2FsdGVkX1+xaIZFwt6VouhO/V918NlCbmXZ7HHoPhE=&y=U2FsdGVkX19ShSMg9RsWeEg5jAXlWEJRi8canZFmXpDt6KI5U0sz8Y7iFsk3TkG6 HTTP/1.1" 200 26
186.102.82.18 - - [25/Nov/2023:10:54:05 -0500] "GET /kwssiamovil/sm/acme/a?s=U2FsdGVkX18iXg3BelsWmxpQWRYiJNol00KXSzuzDhDxv2KjWPROFjKdSYT6LH27mk/hLlij27hX01F9LCelI/wEgI/ogc3BU2nWxY7GRs4EFsMNL8rqjRrE8CdI5ULaBRlfl+7vKxkDOpEVKbtyFhuYf5nUbGSZxv76HDA9qII=&u=U2FsdGVkX1+xaIZFwt6VouhO/V918NlCbmXZ7HHoPhE=&y=U2FsdGVkX19ShSMg9RsWeEg5jAXlWEJRi8canZFmXpDt6KI5U0sz8Y7iFsk3TkG6 HTTP/1.1" 200 26
186.102.82.18 - - [25/Nov/2023:10:54:05 -0500] "GET /kwssiamovil/sm/acme/a?s=U2FsdGVkX1+7KBDLit3hHU/Z4R5hT3ih3nOUZh9TDjNYU2r0DDNQaWxyErGkLIVJh0il2jA6rCqbNRE9BTllXy+s3UMwsYJlY7AcrZSGINbB7sevLu1ynnBKl9xH1ir+3c2RYnin9bO4dw8L0U9zEhMtslKdWYzGvEB02peqRBY=&u=U2FsdGVkX1+xaIZFwt6VouhO/V918NlCbmXZ7HHoPhE=&y=U2FsdGVkX19ShSMg9RsWeEg5jAXlWEJRi8canZFmXpDt6KI5U0sz8Y7iFsk3TkG6 HTTP/1.1" 200 26
186.102.82.18 - - [25/Nov/2023:10:54:05 -0500] "GET /kwssiamovil/sm/acme/a?s=U2FsdGVkX1/qJGSfKryVNM7Gp1QTF4Fc30Y+q/qXYzmXE7+IFIIMuxo0LQWWWYtaVrVp4mNdB/3fSS5E+iTPoafkmcDta3q/TYkak1YUOxl3i+j0y8rliQwy9tamXZie/dFFzVOcrHuCw9pp/xFUWq1fRtPCvADstQbKIQ0tJio=&u=U2FsdGVkX1+xaIZFwt6VouhO/V918NlCbmXZ7HHoPhE=&y=U2FsdGVkX19ShSMg9RsWeEg5jAXlWEJRi8canZFmXpDt6KI5U0sz8Y7iFsk3TkG6 HTTP/1.1" 200 26
186.102.82.18 - - [25/Nov/2023:10:54:05 -0500] "GET /kwssiamovil/sm/acme/a?s=U2FsdGVkX18NEQs44IUGoWvzbeHDvgieS5FXMxDXju76O/y7SILBSce2MHKBudu1hIelNjYmf8o5SEW5XlYEWXTrrIdS52CDHZ1QxrQU54ePEPVK9uUZdDfPXApZhKwHKkjsVze/VI/x4A7f8SnxHMwCBYlpldqS1CY19jZNhNiiyU/4KqU8Fkolbj2zoIgSJE2zHIvCbp2A54o0LRw08g==&u=U2FsdGVkX1+xaIZFwt6VouhO/V918NlCbmXZ7HHoPhE=&y=U2FsdGVkX19ShSMg9RsWeEg5jAXlWEJRi8canZFmXpDt6KI5U0sz8Y7iFsk3TkG6 HTTP/1.1" 200 26
201.245.192.253 - - [25/Nov/2023:10:55:35 -0500] "POST /kwsrmcab/Wsrmcab  HTTP/1.1" 200 213
66.249.79.104 - - [25/Nov/2023:10:55:56 -0500] "GET /Publicaciones/2022EE295797.pdf HTTP/1.1" 404 228
172.22.2.4 - - [25/Nov/2023:10:54:18 -0500] "HEAD /BLA/boletinlegal/ HTTP/1.1" 200 -
172.22.2.4 - - [25/Nov/2023:10:56:20 -0500] "GET /BLA/boletinlegal/robots.txt HTTP/1.1" 404 1038
172.22.2.4 - - [25/Nov/2023:10:56:20 -0500] "GET /BLA/boletinlegal/sugerencias.php HTTP/1.1" 200 8615
172.22.2.4 - - [25/Nov/2023:10:56:21 -0500] "GET /BLA/boletinlegal/sugerencias.php HTTP/1.1" 200 8615
172.22.2.4 - - [25/Nov/2023:10:56:22 -0500] "GET /BLA/boletinlegal/js/jquery.scrollTo-min.js HTTP/1.1" 200 1150
172.22.2.4 - - [25/Nov/2023:10:56:22 -0500] "GET /BLA/boletinlegal/js/jquery.scrollTo-min.js HTTP/1.1" 200 1150
66.249.79.105 - - [25/Nov/2023:10:56:23 -0500] "GET /BLA/resoluciones/RESOLUCIONES%202009/5011.pdf HTTP/1.1" 200 652419
186.102.82.18 - - [25/Nov/2023:10:56:34 -0500] "GET /kwssiamovil/sm/acme/a?s=U2FsdGVkX18CHINu81QeMhhV5yxpsC9nfnDPO6VKnqjKl1uZKaF0nx/Z1N7fXmm/jYX81jlG6EYameePoNsS9DsXxLQlYIZQKm1g4AQ1Swo2qPtBarMA6oUOU5vdFDVfWhOtkL0Coi5yhp9JhVfZhYdVyGLnnIT62GKoqHOMppHVItB4zXXo8ZsOcJoRG9YsZbpEofdx/533dYeTA+EbOIn9VcH8jLRxRtV9cqPdWO7rnR7RD30HG9REr9MmFpnvdWPyZRNPCesS10vYIfZG0Q==&u=U2FsdGVkX1+xaIZFwt6VouhO/V918NlCbmXZ7HHoPhE=&y=U2FsdGVkX19ShSMg9RsWeEg5jAXlWEJRi8canZFmXpDt6KI5U0sz8Y7iFsk3TkG6 HTTP/1.1" 200 26
186.102.82.18 - - [25/Nov/2023:10:56:35 -0500] "GET /kwssiamovil/sm/acme/a?s=U2FsdGVkX1/FdmkTfOBj9nJ1MRfKHp9hWR3ddEXjF2/haRoh0L6iFwluBgxzGSji8rs1/azXWTR2ZVJMM6KXa9e8ogMVLwLbyxxlxn+lmsspAsSozNnazYj8Xv89cbsS7CkQFUyyooihX1t3erkwavgqKrMGAKdHnzMzWf7GZLbDbO4lHjFKSJMKzSF2AE0UFMx6NzsVL+ju1bV0+7FjS7NauJJQozMZkX2rW9RvAKjZ/nSMkF1dzbKYRbgQonsnJ/okHIa272GWkQYF6i9gLqexJphmWerMGJw3FDr3qBqwCSSSPVEkr2HYinfjGbgxVDxhferl2DxrIdubmn8Tm2B+oSR0eN6yRL6gnBNfeLdJq3P8tVyYI1mc1Ecj9nJ4hVzrXxOPx5sPHvrnXraYJjQEEtseJYEV+D2SERpG2LCegsnLn+L5RzEkRGZJEg2EjSv/U9vWQLSByVQP44F74XbzEmPiCjoWptqRUdwdonqHLnkOlsVRpjukPj09mgtzl69B8uR4lxK3DBW9bK3y5gEflVwvPcWdVb+fOv9lJ/JicFJbwQGrxdpiMorfrG8irJ3cTZqWPPsYLPtsHJ3O4u6zoJQJ4xFfMlgpirWsypeCkaTNZ3OjQcWmS07ALMmjcDIiWymyUZvAEoqxkplfpmpC/IK+IqSdGy3hg4L7wmuML1z+oTCEvJwb+iAMRyTj2XhG/d5Z9PlJOa7Bo+VsyVthBaVbYA4lAExARhHJk1iKn77bNrMM8wEaC9GTbsUSLM7V+y6a+wIo77ZitHzSLSpezmutOCU2XnU3omnzTVnVqwKNUL1QgMLyCX1hYBNwIovzGKun0n961doOoIi4iHTMji51k6dimpt01/u3Dk4FX0s5B3lob9ZhgdaSpNBHDYi11LYwNcUjLk6VD+EwR6edNuzz19BJpLO6VSzHhSQO86nguVlfb93S686lDEDtiCM9J/7Q3gUfPVA3s0p4wYDxdq1In9sQUL40oeFKkUtGMxe+0Ze3v62cx1s+pOLiaZv9fMcr2pp1OkTGluCVOHMOz9LYyYaEp5K1s2K9RvTdfUHVcjh+eZy3dTK3JQ+xlU68qYQkntRtewQ5+AR1TrK9ONHqdKRnrbds1ZdsvsrTWYo+WUHfsPE8TfRxdEvr052aO+G/UbQyP+fxB9r1lC8TUcF+CPguybnVP7UdiMMNDpbMHp65SBCG2goBLlwUbdooD8Nc/dkFAiCxSpP9Qsp+cRLG+0Or1h1G9UQqhy0rgIlXpMZY1xdV0eetdKxvhYlQv6ri1PJBopShVoDeLT8Dff/TH0mYjybMB2RGa6jKZyQvfmcNldw+6wbtcUs7RjNlmVSorGW611P8hsrwC2DtoIe6owv+HlnsVM47TN3Eiuy8ohpjkW0EXFVLRW8x3jKL6i8KXMrp0pXJ3mH2LgPYKBIywBxPPIV6V1Cj8akLv5GkVR2+SeJaayMgaq+FRlaI+YG9NoJ7Ocv3NwfCMfwjc5ss/adCUY162xv66y27XjqRfM6Gj0nuM4bZ0rIPHujT3wFK7EzOcYdFM6nykbU4jE6pVVyn5ybZvDkmrmH/I9/JDgcxST8GKY20DUL4/HtpaJAAIaPO+W1+WCnc+WeFtsbBYudevMDrE3iNl02tMBQB4HepQUrW4ZfCsSHAHdT5cOQcrNh2TCJuQ3merGsNkMEsasj5XGsxj09lH7Pgveiuc1073QBkxW1BWUc19wfNZ1am2JgbbVV2g3icY1aEOdoJX3QkEKC3vGro6ad3DHDbxSGDDu87eVFqHG+wkjvmWDh4E98yUgka0OomIy46HNeoEj4g1kpFt61LDV3ZvBRFtXc65aUkIYu9UZjeDmeqj54HzKO7xgT07JmqkPkdnckesE6x9GBHU6AZL5ElZpqNS+Z6zAd4gkaIA0VUgkA0K9E5dNE4oooJU9ixkLORUJugU0rO4xNebQDHsSXxmIJB+cFJhnQbH+s30nltim4DOzLaKBVWNfkWYKYwJ/cLQgUZEnEEWdTE4iamY0pnIOldekQ7s8eAMMwXvEbx9eVhqgUELVElVjtIxT/B3gpiEohbzc98SCzGXf7G7pA3mgTd+AEtF4flOLIcPovFmY3VWCeVruwXICDg+Uc0xKKVM59IFhvSxJlinhbPMVi4BQ5adNnifKvVawNRTPfNvoDL75l75si6IVTk1PwYIVh0iiwUD+7emmncTffYB38V8qFu/2O+fn+rFmW7cVf6R3roRpe3ApDQgsbS63LOuL28XtUDLDIg0JHxeu43W0SnXoaTa4HlmRpcOSNhWNjimutCWs8H85la92qSl2UFAfkZmmMfkt9FZJDYam2Nm4BnDo0rvqaGR22WbxRXNqFKZ6m3Tzbyd7FXtm7g+mz8P2mWF9uSYLjHafqoUoFPg/wiWqCBImoj80DSNHEZn0ZWp2i6BKShETgdnHKhCQW/+tg2RIAYD415t3ci5BfGkx6JqztbdkjRyXe8E3hPcVv/2vlz/TShYFEwN7A5Q7csjl5BYbrQK1aSDf7mvs++IQBa//ghUENDFkgrKt5XzZ1J8YAtcTEbYsWYFtRhHRJZSQ==&u=U2FsdGVkX1+xaIZFwt6VouhO/V918NlCbmXZ7HHoPhE=&y=U2FsdGVkX19ShSMg9RsWeEg5jAXlWEJRi8canZFmXpDt6KI5U0sz8Y7iFsk3TkG6 HTTP/1.1" 200 26
186.102.82.18 - - [25/Nov/2023:10:56:35 -0500] "GET /kwssiamovil/sm/acme/a?s=U2FsdGVkX1/XuQ94XRhBou+lbjsJz/ih6jiJP4TGgBTYm0Ckc6e9oT1fGTw4XYYsIM8H3ScEIuuwdKvwvdTu7cDsiwXJjv255qCK6i+VAUaUzWUWwoNbrKzaXE9D+LZkIPhBxHWwWd3AFTeuNwjDh+T4N/+GY3R29Ml/6gmz+g0=&u=U2FsdGVkX1+xaIZFwt6VouhO/V918NlCbmXZ7HHoPhE=&y=U2FsdGVkX19ShSMg9RsWeEg5jAXlWEJRi8canZFmXpDt6KI5U0sz8Y7iFsk3TkG6 HTTP/1.1" 200 26
186.102.82.18 - - [25/Nov/2023:10:56:35 -0500] "GET /kwssiamovil/sm/acme/a?s=U2FsdGVkX1/x8b/sLJb1uY4TwxbeKhBUJVQGvhg0EMLs+DUkEf1K2HOmMipD26AyNvZBl6r1jtCZs9vuIqLQVrIOsnU0piwxl3erHctf4JG9rx5f6yP3KEnxzx4fM2pjJX1OrVpuTLFgbtjoCAu64vwP3+04rhyZ8mFlbHk6kMc=&u=U2FsdGVkX1+xaIZFwt6VouhO/V918NlCbmXZ7HHoPhE=&y=U2FsdGVkX19ShSMg9RsWeEg5jAXlWEJRi8canZFmXpDt6KI5U0sz8Y7iFsk3TkG6 HTTP/1.1" 200 26
186.102.82.18 - - [25/Nov/2023:10:56:35 -0500] "GET /kwssiamovil/sm/acme/a?s=U2FsdGVkX1+WD66+dK2P+sLF5gPwZ9TMGdRQv5gi9NFfBqAwnyUOfo81OSCoGEPlV9JPx89Pk54rEtjxqb5iE907wmQ9C453Ks/PfbkKiiSkjI1nnNxpKWMtcJCUjwCgvcGFwdxCCpy7AiiX/nuqRq9XTHus6c+0y3qtjvKjuJI=&u=U2FsdGVkX1+xaIZFwt6VouhO/V918NlCbmXZ7HHoPhE=&y=U2FsdGVkX19ShSMg9RsWeEg5jAXlWEJRi8canZFmXpDt6KI5U0sz8Y7iFsk3TkG6 HTTP/1.1" 200 26
186.102.82.18 - - [25/Nov/2023:10:56:36 -0500] "GET /kwssiamovil/sm/acme/a?s=U2FsdGVkX1/21UCl//B7hMTgSySBlAwmpg2cKpPJ7sCD/EieLPQH9uqHKRZbCxwr4c5lip3g3HJZnwMYpe0pfCcgCs491niAXStJ1JhvHgP2GZeGdyF6PzUOrdXWOIGOPupQlD5AubN8pZpOJY3gPS2DPYIJKriVOH/MdbJftShl0dgMyPu+XLmh9xxaUVtvAP7eyddoUYf/HcqsrLtY5w==&u=U2FsdGVkX1+xaIZFwt6VouhO/V918NlCbmXZ7HHoPhE=&y=U2FsdGVkX19ShSMg9RsWeEg5jAXlWEJRi8canZFmXpDt6KI5U0sz8Y7iFsk3TkG6 HTTP/1.1" 200 26
172.22.2.4 - - [25/Nov/2023:10:55:09 -0500] "GET /BLA/boletinlegal/ HTTP/1.1" 200 58644
186.102.82.18 - - [25/Nov/2023:10:57:11 -0500] "GET /kwssiamovil/sm/acme/a?s=U2FsdGVkX19MKPWWLUwU1rPVJxso3mtmVvsJo8ua/tW7g5s4gFk0Br7W8z62OaAm0MLV2SYLH5KT5POG4+rO6+aVjkEJLSjCiwRruNYwJHIJZYMq8I8Ykg/w5a7Ypcnv8sFEh6Sa4zR3duXqwBLP8/763HyOhmK9ey77tgH05/PO9/YR8DIKqPLKov6ppamcDhwkTRnlpwdjXSr/kFa69orEAuSFTVg7RdZP3qUN6DWXBeMIZe63UiETBoesziRwcrYTPMf4chLitbpI2XN1iQ==&u=U2FsdGVkX1+xaIZFwt6VouhO/V918NlCbmXZ7HHoPhE=&y=U2FsdGVkX19ShSMg9RsWeEg5jAXlWEJRi8canZFmXpDt6KI5U0sz8Y7iFsk3TkG6 HTTP/1.1" 200 26
186.102.82.18 - - [25/Nov/2023:10:57:16 -0500] "GET /kwssiamovil/sm/acme/u?s=U2FsdGVkX1+jdAShJX/GjjWFqJ31mzNUiBuAKaP2f/lqIIb3Mp+pDZLC+wax/xGaUkJGPplkSmi8NMtsnnnVIBy2boHMsplgjkiroX2QPCalxoYyj2KQOwGLK8kUzDZPQ4YJ5afiQlLBYzrFK6RwEsWsnDlztdV6Tkwwp6JcSVs=&u=U2FsdGVkX1+xaIZFwt6VouhO/V918NlCbmXZ7HHoPhE=&y=U2FsdGVkX19ShSMg9RsWeEg5jAXlWEJRi8canZFmXpDt6KI5U0sz8Y7iFsk3TkG6 HTTP/1.1" 200 60
216.245.221.92 - - [25/Nov/2023:10:57:48 -0500] "HEAD / HTTP/1.1" 200 -
201.245.192.253 - - [25/Nov/2023:11:00:34 -0500] "POST /kwsrmcab/Wsrmcab  HTTP/1.1" 200 213
52.167.144.3 - - [25/Nov/2023:11:01:10 -0500] "GET /BLA/resoluciones/RESOLUCIONES%202014/2521.pdf HTTP/1.1" 200 783513
172.22.2.4 - - [25/Nov/2023:11:00:08 -0500] "HEAD /BLA/boletinlegal/ HTTP/1.1" 200 -
172.22.2.4 - - [25/Nov/2023:11:00:59 -0500] "GET /BLA/boletinlegal/ HTTP/1.1" 200 60634
216.245.221.92 - - [25/Nov/2023:11:02:48 -0500] "HEAD / HTTP/1.1" 200 -
69.63.184.120 - - [25/Nov/2023:11:03:21 -0500] "GET /gran-mercado-campesino-en-bogota.html HTTP/1.1" 200 759
69.63.184.1 - - [25/Nov/2023:11:03:30 -0500] "GET /secretaria-de-ambiente-capacito-y-certifico-a-miembros-del-ejercito-nacional-en-temas-de-cuidado-y-proteccion-ambiental.html HTTP/1.1" 200 888
201.245.192.253 - - [25/Nov/2023:11:05:33 -0500] "POST /kwsrmcab/Wsrmcab  HTTP/1.1" 200 213
40.77.167.235 - - [25/Nov/2023:11:06:58 -0500] "GET /BLA/resoluciones/AUTOS%202023/5555.pdf HTTP/1.1" 200 1541085
172.22.2.4 - - [25/Nov/2023:11:05:58 -0500] "HEAD /BLA/boletinlegal/ HTTP/1.1" 200 -
216.245.221.92 - - [25/Nov/2023:11:07:48 -0500] "HEAD / HTTP/1.1" 200 -
172.22.2.4 - - [25/Nov/2023:11:06:49 -0500] "GET /BLA/boletinlegal/ HTTP/1.1" 200 61018
172.22.2.4 - - [25/Nov/2023:11:08:38 -0500] "GET /BLA/boletinlegal/jurisprudencia/analisis/analisis%20C-595-2010.doc HTTP/1.1" 200 39424
201.245.192.253 - - [25/Nov/2023:11:10:32 -0500] "POST /kwsrmcab/Wsrmcab  HTTP/1.1" 200 213
66.249.79.104 - - [25/Nov/2023:11:10:54 -0500] "GET /Publicaciones/2022EE298551.pdf HTTP/1.1" 404 228
66.249.79.106 - - [25/Nov/2023:11:12:20 -0500] "GET /resoluciones/RESOLUCIONES%202008/1601.pdf HTTP/1.1" 404 1018
216.245.221.92 - - [25/Nov/2023:11:12:48 -0500] "HEAD / HTTP/1.1" 200 -
172.22.2.4 - - [25/Nov/2023:11:11:49 -0500] "HEAD /BLA/boletinlegal/ HTTP/1.1" 200 -
172.22.2.4 - - [25/Nov/2023:11:12:40 -0500] "GET /BLA/boletinlegal/ HTTP/1.1" 200 52827
191.109.166.41 - - [25/Nov/2023:11:14:44 -0500] "GET /kwssiamovil/sm/ldap/au?x=U2FsdGVkX19YiF5YfsqkuqBLaqGiNPWiSY2mz7bJNE8/ukeAJl3XVUGjkNa3nzoKJTjGdwEHx03hpH8w13eFyw==&y=U2FsdGVkX1+sOFmSFEjX5lWD6OTlzueNCW9OUInEbV/TfDxrolamTqDrrdIBFDm2 HTTP/1.1" 200 31
191.109.166.41 - - [25/Nov/2023:11:15:16 -0500] "GET /kwssiamovil/sm/ldap/au?x=U2FsdGVkX1+0w5lltTeVZ17OiMprYVLfq8sr4ERpcEjnd/gkTO8L/hGmWDuO47TOLIaUMJrkt5g4vEAID+JM+A==&y=U2FsdGVkX1+B8RVunCoKOCVNdLdyCh6RY3jzIlKhieMuXfr7BfSMmkejxnNmmKrt HTTP/1.1" 200 31
191.109.166.41 - - [25/Nov/2023:11:15:22 -0500] "GET /kwssiamovil/sm/ldap/au?x=U2FsdGVkX1+OLwrx72Fbuw9Xus31NuTwEspwTkoENDvXAonNvcPb95Hdv+oJcvM4DC6FqH3+t7Y7VuzSqpgc0g==&y=U2FsdGVkX1/AVHxqMrNtl8uHiJmqvebEZt3B9hwNVK13KBLM6jC317c2emCR0HSf HTTP/1.1" 200 31
