191.107.139.189 - - [26/Nov/2023:17:39:35 -0500] "GET /kwssiamovil/sm/acme/s?s=U2FsdGVkX1/Bd+B4hUpsFT2oLxWsDy9UFcuiVA0Aruk1PBxsuERarSZ35Vliyg8dVvFPWeMIOyvStZWUNGGiBajhi3t5u3W+a6Tp8eur3oINtS+H8cJhoCplN19gbSqcXhK+VM4l+zFibfhITqIeuZbcl/pRzi4jLhhZO4Vp3/RPR4Pyy39bzdo+Rozh+++yY2H/AErsXgAL/W7cmEVWt5FNWY4WiIzjl0AE7u2RNdogcuAk7XSe70fyRyNIUZ7tAp8fTmKoBwizuHINOaZS2yiSgDzVdR8fCBO/ZcgTgx6cclGYUHsYIlID1oFxn4xvDWZ1eOQTi6jrsOXOk7bb3siFiLHll0v2fhYMcsnLoR4jNjwAGOubHrcf8OF83bdRvB4Qt+4/f/WF5uVUVw7mdODUaJhDn+2GgE+p8A5XvWYXx0ODmMM3IvMKTAb578CCG6rfjMiNbHoqmd5lS2qvTjsCzgNsiERLuC6e25GRmhOZRddZnBUwY1bWGSvRKu2oo/qCCb8qJjM2nSanq+X73FCw7UQMJDiNWa8GrwzRMS0+/GAfxqaFCZRyLpRvW2b3Ujij8W0earynXXNkPRA8ARctIaxW47dljwKUFqOafl/ymWPEprweS4t64hDnQJAhBxZcoBw5NBFz7jhlPWXyvBNrzmByNRAvo0VfObt17ITnJbgaY8BCpliiZZ/ayuXUxKXYQc5IB+HCu4n+1RR2KNnhIAY3hIWt86eg2aKGRsRhKExdy2BI7e+ZngDDJb4fg6EpSzJE5emXVUfwy/tRrOkOdoTroQ0g374NNg+HARgwLRrXar0/arhdv5o7VFcBrenMUkDDUT3emVWRmG+Skz0No2OZ7goNqb61Yvp1LU+y0TymonFMMOqpZIoOOrazYqGjBJCUR+6XgaHLH+dwbcXViM/TezZ/azZKnt1GaqxuTR54t7+1h1C37WS7DGVmd7X7hi0rAmokbxnBihd23XDymuNq2vRHC9kmMu8UeCDapgzAM6/+VOA4LIV3A27pNWGIIlZixVm+dyZE9wFs4jEO4UVuXtRdx05VxMD3mL0FJhpOVnqTNGO/Iixxp6RetVu3EaieCGJ9h2tOky4RkIAGwNSzMbNPcGsGOGhaOlwd/7oEp0QhXYNdmGZGi8B09agFrNujiGoAgTBpkL4Fn8AHYh6+vYIbnpRuzDTGKeMGy5j1LbJsNap4Omyu754Zt/T1v79oc2CrbxWVhjzNpvTZCEyKpAtrgF38lVpBVAaGgKmZvlCJGlZlfj8Suq14sZ23oCIQe1sjgTeP68SOkSrGFaIPoAGa5HTTiWovATz0A5OAR7KTFsHuzChb5LrT8L04iKaN21SS9t7JjOWliP/UWnnS0EraIOmTe5x9vadqGRmUPLsI8S9wxfBhIa2zEq/13SIUF7ZvnB/e8OpEcnTEhuudQnfE6Gu8IkaY5YwFJIjXMITrSISnoP0Sk3fSjIK+0me909STSCRW4bmz60HnrTYwVWTV5n/aatu6yGIWeEfx9VZWLZIANii9sstj6N4eo2Q+gAeWIq6wCg0s4Gs6iRGfkzFwTdwk9CLleGERGkF1XCfP10KcJTlg4GOo0Dwgfe7TySIpP0h2YjBR0X9b5BKLQVS+pVAmxvmUUk11VOs9sIUB00NofnVj8cbLyrc2f2W9zWbEzKqMpRIr8Yd7o3uCLKSWVizSVcxjuB9HfCmzvYblE6RLxy8UbnKLL40Kycqp7GWMOQKQpjXY4te45RLxQJMcIbJEidgvlPs=&u=U2FsdGVkX195YWmjFdlkq6VVehTdtmwR5vbghRBAFDI=&y=U2FsdGVkX1+eIexd4oQWVu3Pwdp3lpcf/L3RUwLHtsmFXwrwRJHr0sqFyLw5quQc HTTP/1.1" 200 1687
191.107.139.189 - - [26/Nov/2023:17:39:35 -0500] "GET /kwssiamovil/sm/acme/s?s=U2FsdGVkX18FdyzAvSaTbLANcDFV3lXMSYv44bVx7kZnDLQIXwSkE/+qRaexHyDTDuqOjyHaEWys9kjh8GOLA8nEjjgfs6rIDI6WMWoTuoddX1bufQY5dCT2lqGkv/Fft5ev22LyEstBUjJQTfYnxQqXo8KcToLegseo784LN9fXJO4RS19L/RgPVSszq9zXHgIfrLb0Hff6vOZ55NsW03qCH7UjlHH6770pi8LuLswKURbN+b9c3CB+5NC0IN9WrMPt9X7xQCkFmBK8ze8S95w7wZdAkjr5ylL7XWjVbOViK6T4/8JSDPrWHTHkrofAOTNhBOVHSwKkILS3ehwPeJjsuZt1rlO5NXMTwMxzpbySxNrgNWRDPZpEWdr3kAwfpBs7C5VJYvmJsXi68JCbGin212ewXVyZJOnbCT7+5YoWVPHpLvjrNamFhe6uXLcgfb7ugwYUdq4w3qHWRVWZxbbWuNLAnhyf55rke/yAKKvoC/3svkGvRq9ue7p9tFbR3Dc3vKDJTK1tKB52xG6ZKIi5wKMWaSdCWLkrRu/6XrcSAxs63iC9sRCewcry9VIyv4ngC1cnMG0tX4qIzuaGsAiKL5erlJiSyJPFcR0uYuY7G/KjRKWHxMFU/erGX5FRWawzEvRuTjfhcZ7Hc0baQZmjF449+MSSh3pCy2kF/Av6jl1DP96tftKg7QEjE7Rvu9XFgRlmfBUvj12RAgBR8h0NaJjhLGY1viEDJVQsm90VvR6d5AvI8N35jdFMXq06&u=U2FsdGVkX195YWmjFdlkq6VVehTdtmwR5vbghRBAFDI=&y=U2FsdGVkX1+eIexd4oQWVu3Pwdp3lpcf/L3RUwLHtsmFXwrwRJHr0sqFyLw5quQc HTTP/1.1" 200 208
191.107.139.189 - - [26/Nov/2023:17:39:35 -0500] "GET /kwssiamovil/sm/cjson/pre?f=1&x=U2FsdGVkX1889eAXqXgRAlPe530BhxPMWG7NzthS8ZKncn+C3a/4b96xcz6A/pwV HTTP/1.1" 200 31032
201.245.192.253 - - [26/Nov/2023:17:40:01 -0500] "POST /kwsrmcab/Wsrmcab HTTP/1.1" 200 42100
172.22.2.4 - - [26/Nov/2023:17:38:45 -0500] "HEAD /BLA/boletinlegal/ HTTP/1.1" 200 -
216.245.221.92 - - [26/Nov/2023:17:40:46 -0500] "HEAD / HTTP/1.1" 200 -
17.241.219.95 - - [26/Nov/2023:17:40:59 -0500] "GET /robots.txt HTTP/1.1" 404 1034
17.241.219.95 - - [26/Nov/2023:17:40:59 -0500] "GET /participa-del-panel-progreso-hacia-un-aire-limpio.html HTTP/1.1" 200 906
173.252.95.17 - - [26/Nov/2023:17:41:12 -0500] "GET /bogota-region-unidos-por-la-proteccion-y-el-cuidado-del-agua.html HTTP/1.1" 200 824
172.22.2.4 - - [26/Nov/2023:17:39:36 -0500] "GET /BLA/boletinlegal/ HTTP/1.1" 200 53737
201.245.192.253 - - [26/Nov/2023:17:42:13 -0500] "POST /kwsrmcab/Wsrmcab  HTTP/1.1" 200 41956
201.245.192.253 - - [26/Nov/2023:17:42:16 -0500] "GET /kwsrmcab/Wsrmcab?wsdl HTTP/1.1" 200 6948
201.245.192.253 - - [26/Nov/2023:17:42:16 -0500] "POST /kwsrmcab/Wsrmcab HTTP/1.1" 200 42090
52.167.144.211 - - [26/Nov/2023:17:43:22 -0500] "GET /BLA/resoluciones/AUTOS%202023/4181.pdf HTTP/1.1" 200 401551
69.171.251.7 - - [26/Nov/2023:17:45:43 -0500] "GET /sendero-las-moyas-iniciativa-privada-enfocada-en-procesos-de-restauracion-conservacion-y-educacion-ambiental.html HTTP/1.1" 200 1013
216.245.221.92 - - [26/Nov/2023:17:45:46 -0500] "HEAD / HTTP/1.1" 200 -
198.235.24.95 - - [26/Nov/2023:17:46:12 -0500] "GET / HTTP/1.0" 200 319
172.22.2.4 - - [26/Nov/2023:17:44:35 -0500] "HEAD /BLA/boletinlegal/ HTTP/1.1" 200 -
191.107.139.189 - - [26/Nov/2023:17:46:16 -0500] "GET /kwssiamovil/sm/acme/a?s=U2FsdGVkX19GXTJuNkWucJejMj7aUtMsusHszwcm+kuVWblbjjB2zyes3ynHsSJDDkFR0xPBfNh/zcGc1fnLUwbUgfMfay4hBlZ9Ja8Va5t5jvp0JrEgXPY9WuPAhD+9qfHjoBBM5SdyNa/8bpIzMcQafUBYAz5agFg5vNVTgCFCmjuLbU/DGd3NIDkFK/lSghcZidtbFX5hd995pGG6k5YrXt+ucTKKglL1sPIPNiXL9zxQPux5+Kllh1ZGrG+hkNRcmKddUOhhPPlL7sqQrg==&u=U2FsdGVkX195YWmjFdlkq6VVehTdtmwR5vbghRBAFDI=&y=U2FsdGVkX1+eIexd4oQWVu3Pwdp3lpcf/L3RUwLHtsmFXwrwRJHr0sqFyLw5quQc HTTP/1.1" 200 26
191.107.139.189 - - [26/Nov/2023:17:46:16 -0500] "GET /kwssiamovil/sm/acme/a?s=U2FsdGVkX1/tShTipv5JcWE1IoOT9WvO/fhaLGEu7v2mQxLBP1LSzX/oVgLBE/BOrDVRan7JH9pwbW8MNgNBPoQw7Hl0DOmIpb7qkJVzhpx1SH28yi+FTVUjqRQEQ+mW/D/WbjCc8jPfk4VxMSGQNCc0oR/rhOXePEIdzb2K01C6qWduQaZDRn+EV/Ai9uaJBs2bEl3Lo1eBPpAtHxH6V6ow7jtCNhipCSvWakJ2iH1l2+JiN+E7rEK8sYxX2X8J++FIzZk63LFnXdNUrmYOegxyTXECfFf+ojNqTqQL5iG5MQVY2iCHNTGzwHlp5OjtCZmedEHOsMnlprS9RZGYwUN5y/2BBYE35UTYVmsL6f37J/eXiPWl61koyx3xzhLLK/ccZ7gdDUefyHOyspGFGecT+Kp51U+8N5opbDQNxVNAYKl4O3G5R8FyqeZZfAMRmW0JIia8DJpoRrWY+Yk3cbyj/vG8veyLJesu2woZq9JF2JXYCZoBK74CQeOiByakbniXaIFNbHQ144gx73e89yuBHzekPKxSD2PkAk9o7ZAX9eZNFLpR4cH9IL2nNXHDkzzjXqFsMMLuZbLNSvLmf9G+nfW2xn5eqkfh9WlxqwnUxYpEqgVAnkNYQSc8T3eNE2yuwgyq0DLNeQzPCaTzb0AGhVxtcoWHECygAYO9y/XD7q8T15tcukGH6+Jt9iWju8Vls9g2rwIjr38KFrtPoqESZj0y8z8slJjb0ZzBjJAyXzQL7y5NtVI8UZRrrjJu5U/rw9ohlYpnPyCLnqUDAClylQLRtNgDS+wDMk+siXe2zOCpu6acjY/hTG9ArZ0Ib7/urr6Y/bYm9KCatKAuTWlCRjBH+yWpUeZqyLbi7Q95vp7oWD5E7TcThTkerh+K/gHB85wCKzXALrFScIWyLaOD5lb+cs4w55O+w43go+B5zR8Ahs9IaU/BUMXOA01WmiIq4mCOeCQ/EqckwGa//hzsAPJsGYGTmTRI+yAvym9D89q6ic9kR6FOEfJ7nE835BZ54jNfeB1V0J31sFiyQorOE9MkmUev/j9xBZpOJ/DqFEepcGttYANdZjSF5RcPnnKLf27H/5Zgu0aiqerRcYweJMbLurgpcV4uW9mFb+qIcxvQy0+Xuc5IriNLNqPTIg4XUNx+yANo/fbN8g97ICPV5W103kuMxOcP4sm0w/DOlENkAoaEBJTljzl1t6IuEjIKj18M4bpeGLVIlA+v2PN5Boh3ucCJVcLRpTJ1aCWZ8QdsJFwp9ggs9EvebjhpGLxxcRy3Wjz7dEbPp8+RYyvXax0SuRyPIHkjm0jW5627uf6gzhEeoDQUcPTdl/kbvdePhz1k+9RObSLQQ7FVRKKE3c3gvUet+gOKCyxHMBJ5r2mH7gw+GmQ4u8TVPqlGpd0IbrLV6usryfGBTSj2Sr4sh6wZMTqs0kRfY2/Tm1Pux0L3gEh9uKf0eDsL1IgCcRIPz/F0r0H4uoUFqd+mhruJ386PK7xsdzh1xXhW9ZBmS3awvdx5Rx4VqxvinLGP7mPSrdEF18nOYFY7iUJ0RERawJzGrU/myMSbs0StzpDWxmR+y7t41HPhu7e4AX9lfavoKkmAqwDiVHlD8cAo1asaOsvfdMhSO7VwaYZbY9yQvHiEFtIJLvEQmUde0gb+ezPUUtn/41J2lNh0cnxJ4rYXGYgY7O5BGTZEh5hzB6ByeGSaCtsL0zdFFkGagZLEtHxuukcoqeHBTnhpSXOsz2VYLVuFYtSM/79HtvSuOrw5RZzJtOEQrHRfUmPyIe10WyBsAmP1FyrNiWnmxClOrqepfg6MRFJJrgg4BcOBuzM7WY4mMMr3dx5amPK2CscwJgOcJltZQHM35oFmthwsVXEA2qrxIbeJSULt+nlGeTvHncN5YB3/HeNWWGzx02qjQjdMzv2XqLjmHn+sO72ZkH7uBEHkHE02b9OttU+UBzLxH+G8lzTVS75vmoSXZ+qAmZ3QBWiicVrjDFbmMv/mCTNqi/rKs/RTDL2lo+flCedB+ILSY00M8Qm4Qgzg8dkbgtLjFU5QNYiu25CY/J9piGQLSSTYRx/8bK8e3oGfnL9lQ+6qlb6l0IW1jyJ7r8OvPMosML2GmHbrscMqFVLq7ZNW5TA5kMyEtcdevfjFRidqWdEuzCMTvervCtuDvp0Z7Hf0/nvAK7vAjT9pbda6FksNB9k8vZGt0dlBWYWdZlrxYa1X/10se9Rmb/aJOiDZEbtpxV0R9LddtOphCnGJ9LyfO14/cDqbs45VX8cEDPnH97Du3CcPGBJ9WdwIzdhdB+5Mhd/SsDx3CVd9COf32E18K3CKbhcY5zeQu9ZFo2ZBuPvVfuaSv6qYR+yeoAYl&u=U2FsdGVkX195YWmjFdlkq6VVehTdtmwR5vbghRBAFDI=&y=U2FsdGVkX1+eIexd4oQWVu3Pwdp3lpcf/L3RUwLHtsmFXwrwRJHr0sqFyLw5quQc HTTP/1.1" 200 26
191.107.139.189 - - [26/Nov/2023:17:46:16 -0500] "GET /kwssiamovil/sm/acme/a?s=U2FsdGVkX1/HBJrizTf5iD1kRP8r5ixOOLWQ1ZK4/M9FzfjiJi7OgdAZxo2HnjCIz8r1PeHiI9yarfF+2U+BgR33RcNg24pQ1bdfganrhpXHc+zGfgbnLA1hhLSpCG2hL2VCyEhNlESkyBm0qAnCQpS3LS3QAZJWhpLx/1gCCTo=&u=U2FsdGVkX195YWmjFdlkq6VVehTdtmwR5vbghRBAFDI=&y=U2FsdGVkX1+eIexd4oQWVu3Pwdp3lpcf/L3RUwLHtsmFXwrwRJHr0sqFyLw5quQc HTTP/1.1" 200 26
191.107.139.189 - - [26/Nov/2023:17:46:17 -0500] "GET /kwssiamovil/sm/acme/a?s=U2FsdGVkX19xnLZry/UsxbTdIQsduPaF7D93LS+2Ap/cF6xaK/3KJHTDKJrLGn/TJLxLDR4/8AO4+yMQv9I0jr0clcZkM6vKSyZOozRrlOmco0mIIphzcxxhgcE+2ezTPJplBViJXYLi8Dt6dcecsdDvshD4h0t4SXdqTCeOvFs=&u=U2FsdGVkX195YWmjFdlkq6VVehTdtmwR5vbghRBAFDI=&y=U2FsdGVkX1+eIexd4oQWVu3Pwdp3lpcf/L3RUwLHtsmFXwrwRJHr0sqFyLw5quQc HTTP/1.1" 200 26
191.107.139.189 - - [26/Nov/2023:17:46:17 -0500] "GET /kwssiamovil/sm/acme/a?s=U2FsdGVkX1927RaABd2VVSPUdkmZjCCO4nKMcGq0l3kV6sTGt+rmi7Jj6YFl7fIzSjFlFJkJnaIODbGExhZqFJpGLZVklxaSQBLk1vuR8bvQ4px7/tqMshzxtLQysN7FUNiQm7Y6Fx0nEiGq6vFBz7yrNQS58EsonyBppkwbFDo=&u=U2FsdGVkX195YWmjFdlkq6VVehTdtmwR5vbghRBAFDI=&y=U2FsdGVkX1+eIexd4oQWVu3Pwdp3lpcf/L3RUwLHtsmFXwrwRJHr0sqFyLw5quQc HTTP/1.1" 200 26
191.107.139.189 - - [26/Nov/2023:17:46:17 -0500] "GET /kwssiamovil/sm/acme/a?s=U2FsdGVkX19oHUDjIrL6ymheu+N2BEu0GxgQI29/JLFuAhiIq/Ot8LAaGJV/bm/M/ZnlGxwQ7kbaV76eqEq33kvcnU65bztUhEX/9H64gsBCDRNYtyUeW16yDhvL24Xy8AyI75EWCbXAEv2FxoDXAb2/Zuzi9NUM4sVLfMWOdiQKOShRxJJ0yQ85rCGNdiImShLLr9JpNx5OLzt8OGV59A==&u=U2FsdGVkX195YWmjFdlkq6VVehTdtmwR5vbghRBAFDI=&y=U2FsdGVkX1+eIexd4oQWVu3Pwdp3lpcf/L3RUwLHtsmFXwrwRJHr0sqFyLw5quQc HTTP/1.1" 200 26
172.22.2.4 - - [26/Nov/2023:17:45:27 -0500] "GET /BLA/boletinlegal/ HTTP/1.1" 200 58644
201.245.192.253 - - [26/Nov/2023:17:47:11 -0500] "POST /kwsrmcab/Wsrmcab  HTTP/1.1" 200 41956
40.77.167.247 - - [26/Nov/2023:17:47:33 -0500] "GET /documents/10184/4278102/3+de+febrero+Patrulla+Caza+Chimenea.jpeg/2f1e4259-7c6b-4f8b-bb57-63d93f99ddd6?t=1675446810669 HTTP/1.1" 404 1034
172.22.2.4 - - [26/Nov/2023:17:47:34 -0500] "GET /BLA/boletinlegal/ HTTP/1.1" 200 63167
216.245.221.92 - - [26/Nov/2023:17:50:46 -0500] "HEAD / HTTP/1.1" 200 -
172.22.2.4 - - [26/Nov/2023:17:50:26 -0500] "HEAD /BLA/boletinlegal/ HTTP/1.1" 200 -
201.245.192.253 - - [26/Nov/2023:17:52:09 -0500] "POST /kwsrmcab/Wsrmcab  HTTP/1.1" 200 41956
172.22.2.4 - - [26/Nov/2023:17:51:17 -0500] "GET /BLA/boletinlegal/ HTTP/1.1" 200 59827
190.27.57.161 - - [26/Nov/2023:17:53:18 -0500] "GET /sipse/faces/index.xhtml HTTP/1.1" 200 677
190.27.57.161 - - [26/Nov/2023:17:53:18 -0500] "GET /sipse/faces/javax.faces.resource/theme.css?ln=primefaces-sipse HTTP/1.1" 304 -
190.27.57.161 - - [26/Nov/2023:17:53:18 -0500] "GET /sipse/faces/faces/autenticacion.xhtml HTTP/1.1" 200 12407
190.27.57.161 - - [26/Nov/2023:17:53:18 -0500] "GET /sipse/js/disable_browser_buttons.js HTTP/1.1" 304 -
190.27.57.161 - - [26/Nov/2023:17:53:18 -0500] "GET /sipse/js/funciones.js HTTP/1.1" 304 -
190.27.57.161 - - [26/Nov/2023:17:53:19 -0500] "GET /sipse/css/custom_css_sg_prime_login.css HTTP/1.1" 304 -
190.27.57.161 - - [26/Nov/2023:17:53:19 -0500] "GET /sipse/css/custom_css_sg.css HTTP/1.1" 304 -
190.27.57.161 - - [26/Nov/2023:17:53:19 -0500] "GET /sipse/faces/javax.faces.resource/primefaces.css?ln=primefaces&v=4.0 HTTP/1.1" 304 -
190.27.57.161 - - [26/Nov/2023:17:53:19 -0500] "GET /sipse/faces/javax.faces.resource/theme.css?ln=primefaces-sipse HTTP/1.1" 304 -
190.27.57.161 - - [26/Nov/2023:17:53:19 -0500] "GET /sipse/faces/javax.faces.resource/layout/layout.css?ln=primefaces&v=4.0 HTTP/1.1" 304 -
190.27.57.161 - - [26/Nov/2023:17:53:19 -0500] "GET /sipse/faces/javax.faces.resource/jquery/jquery.js?ln=primefaces&v=4.0 HTTP/1.1" 304 -
190.27.57.161 - - [26/Nov/2023:17:53:19 -0500] "GET /sipse/faces/javax.faces.resource/jquery/jquery-plugins.js?ln=primefaces&v=4.0 HTTP/1.1" 304 -
190.27.57.161 - - [26/Nov/2023:17:53:19 -0500] "GET /sipse/faces/javax.faces.resource/primefaces.js?ln=primefaces&v=4.0 HTTP/1.1" 304 -
190.27.57.161 - - [26/Nov/2023:17:53:19 -0500] "GET /sipse/faces/javax.faces.resource/layout/layout.js?ln=primefaces&v=4.0 HTTP/1.1" 304 -
190.27.57.161 - - [26/Nov/2023:17:53:19 -0500] "GET /sipse/css/imagen/logoSDG.png HTTP/1.1" 304 -
190.27.57.161 - - [26/Nov/2023:17:53:19 -0500] "GET /sipse/css/imagen/loginimg.png HTTP/1.1" 304 -
190.27.57.161 - - [26/Nov/2023:17:53:19 -0500] "GET /sipse/faces/javax.faces.resource/images/ui-icons_898989_256x240.png?ln=primefaces-aristo HTTP/1.1" 304 -
40.77.167.22 - - [26/Nov/2023:17:53:23 -0500] "GET /BLA/resoluciones/AUTOS%202023/5636.pdf HTTP/1.1" 200 490364
190.27.57.161 - - [26/Nov/2023:17:53:28 -0500] "POST /sipse/faces/autenticacion.xhtml HTTP/1.1" 200 16173
190.27.57.161 - - [26/Nov/2023:17:53:28 -0500] "GET /sipse/css/custom_css_sg_prime.css HTTP/1.1" 304 -
190.27.57.161 - - [26/Nov/2023:17:53:28 -0500] "GET /sipse/faces/javax.faces.resource/theme.css?ln=primefaces-sipse HTTP/1.1" 304 -
190.27.57.161 - - [26/Nov/2023:17:53:28 -0500] "GET /sipse/faces/javax.faces.resource/layout/layout.css?ln=primefaces&v=4.0 HTTP/1.1" 304 -
190.27.57.161 - - [26/Nov/2023:17:53:28 -0500] "GET /sipse/faces/javax.faces.resource/primefaces.css?ln=primefaces&v=4.0 HTTP/1.1" 304 -
190.27.57.161 - - [26/Nov/2023:17:53:28 -0500] "GET /sipse/js/jquery.min.js HTTP/1.1" 304 -
190.27.57.161 - - [26/Nov/2023:17:53:28 -0500] "GET /sipse/faces/javax.faces.resource/jquery/jquery.js?ln=primefaces&v=4.0 HTTP/1.1" 304 -
40.77.167.14 - - [26/Nov/2023:17:53:28 -0500] "GET /BLA/resoluciones/AUTOS%202013/2275.pdf HTTP/1.1" 200 611710
190.27.57.161 - - [26/Nov/2023:17:53:28 -0500] "GET /sipse/faces/javax.faces.resource/jquery/jquery-plugins.js?ln=primefaces&v=4.0 HTTP/1.1" 304 -
190.27.57.161 - - [26/Nov/2023:17:53:28 -0500] "GET /sipse/faces/javax.faces.resource/primefaces.js?ln=primefaces&v=4.0 HTTP/1.1" 304 -
190.27.57.161 - - [26/Nov/2023:17:53:28 -0500] "GET /sipse/faces/javax.faces.resource/layout/layout.js?ln=primefaces&v=4.0 HTTP/1.1" 304 -
190.27.57.161 - - [26/Nov/2023:17:53:28 -0500] "GET /sipse/css/v_mergente.css HTTP/1.1" 304 -
190.27.57.161 - - [26/Nov/2023:17:53:28 -0500] "GET /sipse/imagenes/logoAplicacion.jpg HTTP/1.1" 304 -
190.27.57.161 - - [26/Nov/2023:17:53:28 -0500] "GET /sipse/imagenes/cargando.gif HTTP/1.1" 304 -
190.27.57.161 - - [26/Nov/2023:17:53:28 -0500] "GET /sipse/css/imagen/contrasena.png HTTP/1.1" 404 383
190.27.57.161 - - [26/Nov/2023:17:53:29 -0500] "GET /sipse/faces/javax.faces.resource/messages/messages.png?ln=primefaces&v=4.0 HTTP/1.1" 304 -
190.27.57.161 - - [26/Nov/2023:17:53:31 -0500] "GET /sipse/faces/javax.faces.resource/images/ui-bg_flat_0_2d5972_40x100.png?ln=primefaces-aristo HTTP/1.1" 304 -
190.27.57.161 - - [26/Nov/2023:17:53:31 -0500] "POST /sipse/faces/bienvenido.xhtml HTTP/1.1" 200 1471
190.27.57.161 - - [26/Nov/2023:17:53:32 -0500] "POST /sipse/faces/bienvenido.xhtml HTTP/1.1" 200 61741
190.27.57.161 - - [26/Nov/2023:17:53:32 -0500] "GET /sipse/faces/javax.faces.resource/theme.css?ln=primefaces-sipse HTTP/1.1" 304 -
190.27.57.161 - - [26/Nov/2023:17:53:32 -0500] "GET /sipse/faces/javax.faces.resource/primefaces.css?ln=primefaces&v=4.0 HTTP/1.1" 304 -
190.27.57.161 - - [26/Nov/2023:17:53:32 -0500] "GET /sipse/faces/javax.faces.resource/layout/layout.css?ln=primefaces&v=4.0 HTTP/1.1" 304 -
190.27.57.161 - - [26/Nov/2023:17:53:32 -0500] "GET /sipse/faces/javax.faces.resource/jquery/jquery.js?ln=primefaces&v=4.0 HTTP/1.1" 304 -
190.27.57.161 - - [26/Nov/2023:17:53:33 -0500] "GET /sipse/faces/javax.faces.resource/jquery/jquery-plugins.js?ln=primefaces&v=4.0 HTTP/1.1" 304 -
190.27.57.161 - - [26/Nov/2023:17:53:33 -0500] "GET /sipse/faces/javax.faces.resource/primefaces.js?ln=primefaces&v=4.0 HTTP/1.1" 304 -
190.27.57.161 - - [26/Nov/2023:17:53:33 -0500] "GET /sipse/faces/javax.faces.resource/layout/layout.js?ln=primefaces&v=4.0 HTTP/1.1" 304 -
190.27.57.161 - - [26/Nov/2023:17:53:33 -0500] "POST /sipse/faces/presentacion/financiero/solicitudProceso/listarSolicitudProceso.xhtml HTTP/1.1" 200 1556
190.27.57.161 - - [26/Nov/2023:17:53:43 -0500] "POST /sipse/faces/presentacion/financiero/solicitudProceso/listarSolicitudProceso.xhtml HTTP/1.1" 200 4833
190.27.57.161 - - [26/Nov/2023:17:53:51 -0500] "POST /sipse/faces/presentacion/financiero/solicitudProceso/listarSolicitudProceso.xhtml HTTP/1.1" 200 31895
190.27.57.161 - - [26/Nov/2023:17:53:51 -0500] "POST /sipse/faces/presentacion/financiero/solicitudProceso/listarSolicitudProceso.xhtml HTTP/1.1" 200 43626
190.27.57.161 - - [26/Nov/2023:17:53:53 -0500] "POST /sipse/faces/presentacion/financiero/solicitudProceso/listarSolicitudProceso.xhtml HTTP/1.1" 200 2341
190.27.57.161 - - [26/Nov/2023:17:53:54 -0500] "POST /sipse/faces/presentacion/financiero/solicitudProceso/listarSolicitudProceso.xhtml HTTP/1.1" 200 38327
190.27.57.161 - - [26/Nov/2023:17:53:54 -0500] "GET /sipse/faces/javax.faces.resource/theme.css?ln=primefaces-sipse HTTP/1.1" 304 -
190.27.57.161 - - [26/Nov/2023:17:53:54 -0500] "GET /sipse/faces/javax.faces.resource/primefaces.css?ln=primefaces&v=4.0 HTTP/1.1" 304 -
190.27.57.161 - - [26/Nov/2023:17:53:54 -0500] "GET /sipse/faces/javax.faces.resource/layout/layout.css?ln=primefaces&v=4.0 HTTP/1.1" 304 -
190.27.57.161 - - [26/Nov/2023:17:53:54 -0500] "GET /sipse/faces/javax.faces.resource/jquery/jquery.js?ln=primefaces&v=4.0 HTTP/1.1" 304 -
190.27.57.161 - - [26/Nov/2023:17:53:54 -0500] "GET /sipse/faces/javax.faces.resource/jquery/jquery-plugins.js?ln=primefaces&v=4.0 HTTP/1.1" 304 -
190.27.57.161 - - [26/Nov/2023:17:53:54 -0500] "GET /sipse/faces/javax.faces.resource/primefaces.js?ln=primefaces&v=4.0 HTTP/1.1" 304 -
190.27.57.161 - - [26/Nov/2023:17:53:54 -0500] "GET /sipse/faces/javax.faces.resource/layout/layout.js?ln=primefaces&v=4.0 HTTP/1.1" 304 -
190.27.57.161 - - [26/Nov/2023:17:53:54 -0500] "POST /sipse/faces/presentacion/financiero/solicitudProceso/consultar.xhtml HTTP/1.1" 200 31741
190.27.57.161 - - [26/Nov/2023:17:54:25 -0500] "POST /sipse/faces/presentacion/financiero/solicitudProceso/consultar.xhtml HTTP/1.1" 200 12871
190.27.57.161 - - [26/Nov/2023:17:54:35 -0500] "POST /sipse/faces/presentacion/financiero/solicitudProceso/consultar.xhtml HTTP/1.1" 200 12875
190.27.57.161 - - [26/Nov/2023:17:54:45 -0500] "POST /sipse/faces/presentacion/financiero/solicitudProceso/consultar.xhtml HTTP/1.1" 200 146032
190.27.57.161 - - [26/Nov/2023:17:54:46 -0500] "GET /sipse/faces/javax.faces.resource/theme.css?ln=primefaces-sipse HTTP/1.1" 304 -
190.27.57.161 - - [26/Nov/2023:17:54:46 -0500] "GET /sipse/faces/javax.faces.resource/primefaces.css?ln=primefaces&v=4.0 HTTP/1.1" 304 -
190.27.57.161 - - [26/Nov/2023:17:54:46 -0500] "GET /sipse/faces/javax.faces.resource/layout/layout.css?ln=primefaces&v=4.0 HTTP/1.1" 304 -
190.27.57.161 - - [26/Nov/2023:17:54:46 -0500] "GET /sipse/faces/javax.faces.resource/jquery/jquery.js?ln=primefaces&v=4.0 HTTP/1.1" 304 -
190.27.57.161 - - [26/Nov/2023:17:54:46 -0500] "GET /sipse/faces/javax.faces.resource/jquery/jquery-plugins.js?ln=primefaces&v=4.0 HTTP/1.1" 304 -
190.27.57.161 - - [26/Nov/2023:17:54:46 -0500] "GET /sipse/faces/javax.faces.resource/primefaces.js?ln=primefaces&v=4.0 HTTP/1.1" 304 -
190.27.57.161 - - [26/Nov/2023:17:54:46 -0500] "GET /sipse/faces/javax.faces.resource/layout/layout.js?ln=primefaces&v=4.0 HTTP/1.1" 304 -
216.245.221.92 - - [26/Nov/2023:17:55:46 -0500] "HEAD / HTTP/1.1" 200 -
201.245.192.253 - - [26/Nov/2023:17:57:07 -0500] "POST /kwsrmcab/Wsrmcab  HTTP/1.1" 200 41956
172.22.2.4 - - [26/Nov/2023:17:56:16 -0500] "HEAD /BLA/boletinlegal/ HTTP/1.1" 200 -
66.249.66.192 - - [26/Nov/2023:17:58:45 -0500] "GET /este-jueves-muevete-sostenible-y-dale-un-respiro-a-la-ciudad-en-el-dia-sin-carro-y-sin-moto.html HTTP/1.1" 304 -
66.249.66.194 - - [26/Nov/2023:17:58:46 -0500] "GET /vehiculos-de-cero-o-bajas-emisiones-para-enfrentar-el-cambio-climatico.html HTTP/1.1" 200 743
172.22.2.4 - - [26/Nov/2023:17:57:07 -0500] "GET /BLA/boletinlegal/ HTTP/1.1" 200 60634
114.119.145.163 - - [26/Nov/2023:17:59:42 -0500] "GET /robots.txt HTTP/1.1" 404 1018
216.245.221.92 - - [26/Nov/2023:18:00:46 -0500] "HEAD / HTTP/1.1" 200 -
191.95.23.114 - - [26/Nov/2023:18:01:16 -0500] "GET /sendero-las-moyas-iniciativa-privada-enfocada-en-procesos-de-restauracion-conservacion-y-educacion-ambiental.html?fbclid=IwAR3TImxxfR6ahT7LG5v6cmh6Rcmxavz0F2Q0knHCgA2n2baFB1yDZQIVLHU HTTP/1.1" 200 1013
201.245.192.253 - - [26/Nov/2023:18:02:07 -0500] "POST /kwsrmcab/Wsrmcab  HTTP/1.1" 200 41956
66.249.66.21 - - [26/Nov/2023:18:02:42 -0500] "GET /BLA/resoluciones/RESOLUCIONES%202007/RES%202007%20201%20AL%20300/RESOLUCION%200284%20DE%202007.pdf HTTP/1.1" 200 336985
66.249.66.19 - - [26/Nov/2023:18:02:44 -0500] "GET /BLA/resoluciones/RESOLUCIONES%202007/RES%202007%204201%20AL%204300/RESOLUCION%204235%20%20DE%202007.pdf HTTP/1.1" 200 733141
66.249.66.20 - - [26/Nov/2023:18:02:45 -0500] "GET /BLA/resoluciones/AUTOS%202014/2576.pdf HTTP/1.1" 200 752616
66.249.66.20 - - [26/Nov/2023:18:02:46 -0500] "GET /BLA/resoluciones/AUTOS%202014/5376.pdf HTTP/1.1" 200 568791
172.22.2.4 - - [26/Nov/2023:18:02:51 -0500] "GET /BLA/boletinlegal/jurisprudencia/analisis/AnalisisT-146-16.docx HTTP/1.1" 304 -
173.252.107.6 - - [26/Nov/2023:18:03:08 -0500] "GET /sendero-las-moyas-iniciativa-privada-enfocada-en-procesos-de-restauracion-conservacion-y-educacion-ambiental.html HTTP/1.1" 200 1013
172.22.2.4 - - [26/Nov/2023:18:02:06 -0500] "HEAD /BLA/boletinlegal/ HTTP/1.1" 200 -
31.13.127.15 - - [26/Nov/2023:18:03:48 -0500] "GET /sendero-las-moyas-iniciativa-privada-enfocada-en-procesos-de-restauracion-conservacion-y-educacion-ambiental.html?fbclid=IwAR0TxcaKWqMgCN4GKfA-NT14BUQ9irLfiVgUM__T4x1uMNYcWLlnsOpurgI HTTP/1.1" 200 1013
52.167.144.161 - - [26/Nov/2023:18:04:08 -0500] "GET /BLA/resoluciones/AUTOS%202023/7759.pdf HTTP/1.1" 200 2861154
172.22.2.4 - - [26/Nov/2023:18:02:57 -0500] "GET /BLA/boletinlegal/ HTTP/1.1" 200 56997
52.167.144.230 - - [26/Nov/2023:18:04:54 -0500] "GET /BLA/resoluciones/AUTOS%202013/1413.pdf HTTP/1.1" 200 563388
216.245.221.92 - - [26/Nov/2023:18:05:46 -0500] "HEAD / HTTP/1.1" 200 -
201.245.192.253 - - [26/Nov/2023:18:07:07 -0500] "POST /kwsrmcab/Wsrmcab  HTTP/1.1" 200 41956
66.249.66.21 - - [26/Nov/2023:18:08:43 -0500] "GET /Publicaciones/2023EE170601.pdf HTTP/1.1" 404 228
172.22.2.4 - - [26/Nov/2023:18:07:56 -0500] "HEAD /BLA/boletinlegal/ HTTP/1.1" 200 -
172.22.2.4 - - [26/Nov/2023:18:08:47 -0500] "GET /BLA/boletinlegal/ HTTP/1.1" 200 53356
216.245.221.92 - - [26/Nov/2023:18:10:46 -0500] "HEAD / HTTP/1.1" 200 -
190.27.57.161 - - [26/Nov/2023:18:10:55 -0500] "GET /sipse/faces/index.xhtml HTTP/1.1" 200 677
190.27.57.161 - - [26/Nov/2023:18:10:56 -0500] "GET /sipse/faces/javax.faces.resource/theme.css?ln=primefaces-sipse HTTP/1.1" 304 -
190.27.57.161 - - [26/Nov/2023:18:10:56 -0500] "GET /sipse/faces/faces/autenticacion.xhtml HTTP/1.1" 200 12417
190.27.57.161 - - [26/Nov/2023:18:10:56 -0500] "GET /sipse/faces/javax.faces.resource/primefaces.css?ln=primefaces&v=4.0 HTTP/1.1" 304 -
190.27.57.161 - - [26/Nov/2023:18:10:56 -0500] "GET /sipse/faces/javax.faces.resource/theme.css?ln=primefaces-sipse HTTP/1.1" 304 -
190.27.57.161 - - [26/Nov/2023:18:10:56 -0500] "GET /sipse/faces/javax.faces.resource/layout/layout.css?ln=primefaces&v=4.0 HTTP/1.1" 304 -
190.27.57.161 - - [26/Nov/2023:18:10:56 -0500] "GET /sipse/faces/javax.faces.resource/jquery/jquery-plugins.js?ln=primefaces&v=4.0 HTTP/1.1" 304 -
190.27.57.161 - - [26/Nov/2023:18:10:56 -0500] "GET /sipse/faces/javax.faces.resource/primefaces.js?ln=primefaces&v=4.0 HTTP/1.1" 304 -
190.27.57.161 - - [26/Nov/2023:18:10:56 -0500] "GET /sipse/faces/javax.faces.resource/jquery/jquery.js?ln=primefaces&v=4.0 HTTP/1.1" 304 -
190.27.57.161 - - [26/Nov/2023:18:10:56 -0500] "GET /sipse/faces/javax.faces.resource/layout/layout.js?ln=primefaces&v=4.0 HTTP/1.1" 304 -
190.27.57.161 - - [26/Nov/2023:18:10:57 -0500] "GET /sipse/faces/javax.faces.resource/images/ui-icons_898989_256x240.png?ln=primefaces-aristo HTTP/1.1" 304 -
190.27.57.161 - - [26/Nov/2023:18:11:01 -0500] "POST /sipse/faces/autenticacion.xhtml HTTP/1.1" 200 16206
190.27.57.161 - - [26/Nov/2023:18:11:02 -0500] "GET /sipse/faces/javax.faces.resource/theme.css?ln=primefaces-sipse HTTP/1.1" 304 -
190.27.57.161 - - [26/Nov/2023:18:11:02 -0500] "GET /sipse/faces/javax.faces.resource/primefaces.css?ln=primefaces&v=4.0 HTTP/1.1" 304 -
190.27.57.161 - - [26/Nov/2023:18:11:02 -0500] "GET /sipse/faces/javax.faces.resource/layout/layout.css?ln=primefaces&v=4.0 HTTP/1.1" 304 -
190.27.57.161 - - [26/Nov/2023:18:11:02 -0500] "GET /sipse/faces/javax.faces.resource/jquery/jquery.js?ln=primefaces&v=4.0 HTTP/1.1" 304 -
190.27.57.161 - - [26/Nov/2023:18:11:02 -0500] "GET /sipse/faces/javax.faces.resource/jquery/jquery-plugins.js?ln=primefaces&v=4.0 HTTP/1.1" 304 -
190.27.57.161 - - [26/Nov/2023:18:11:02 -0500] "GET /sipse/faces/javax.faces.resource/primefaces.js?ln=primefaces&v=4.0 HTTP/1.1" 304 -
190.27.57.161 - - [26/Nov/2023:18:11:02 -0500] "GET /sipse/faces/javax.faces.resource/layout/layout.js?ln=primefaces&v=4.0 HTTP/1.1" 304 -
190.27.57.161 - - [26/Nov/2023:18:11:02 -0500] "GET /sipse/css/imagen/contrasena.png HTTP/1.1" 404 383
190.27.57.161 - - [26/Nov/2023:18:11:02 -0500] "GET /sipse/faces/javax.faces.resource/messages/messages.png?ln=primefaces&v=4.0 HTTP/1.1" 304 -
190.27.57.161 - - [26/Nov/2023:18:11:07 -0500] "GET /sipse/faces/javax.faces.resource/images/ui-bg_flat_0_2d5972_40x100.png?ln=primefaces-aristo HTTP/1.1" 304 -
190.27.57.161 - - [26/Nov/2023:18:11:07 -0500] "POST /sipse/faces/bienvenido.xhtml HTTP/1.1" 200 1471
190.27.57.161 - - [26/Nov/2023:18:11:08 -0500] "POST /sipse/faces/bienvenido.xhtml HTTP/1.1" 200 31233
190.27.57.161 - - [26/Nov/2023:18:11:08 -0500] "GET /sipse/faces/javax.faces.resource/theme.css?ln=primefaces-sipse HTTP/1.1" 304 -
190.27.57.161 - - [26/Nov/2023:18:11:08 -0500] "GET /sipse/faces/javax.faces.resource/primefaces.css?ln=primefaces&v=4.0 HTTP/1.1" 304 -
190.27.57.161 - - [26/Nov/2023:18:11:08 -0500] "GET /sipse/faces/javax.faces.resource/layout/layout.css?ln=primefaces&v=4.0 HTTP/1.1" 304 -
190.27.57.161 - - [26/Nov/2023:18:11:08 -0500] "GET /sipse/faces/javax.faces.resource/jquery/jquery.js?ln=primefaces&v=4.0 HTTP/1.1" 304 -
190.27.57.161 - - [26/Nov/2023:18:11:08 -0500] "GET /sipse/faces/javax.faces.resource/jquery/jquery-plugins.js?ln=primefaces&v=4.0 HTTP/1.1" 304 -
190.27.57.161 - - [26/Nov/2023:18:11:08 -0500] "GET /sipse/faces/javax.faces.resource/primefaces.js?ln=primefaces&v=4.0 HTTP/1.1" 304 -
190.27.57.161 - - [26/Nov/2023:18:11:08 -0500] "GET /sipse/faces/javax.faces.resource/layout/layout.js?ln=primefaces&v=4.0 HTTP/1.1" 304 -
190.27.57.161 - - [26/Nov/2023:18:11:09 -0500] "POST /sipse/faces/presentacion/financiero/solicitudProceso/listarSolicitudProceso.xhtml HTTP/1.1" 200 1372
66.249.66.194 - - [26/Nov/2023:18:11:41 -0500] "GET /participa-del-panel-progreso-hacia-un-aire-limpio.html HTTP/1.1" 200 906
201.245.192.253 - - [26/Nov/2023:18:12:06 -0500] "POST /kwsrmcab/Wsrmcab  HTTP/1.1" 200 41956
40.77.167.241 - - [26/Nov/2023:18:13:15 -0500] "GET /BLA/resoluciones/AUTOS%202023/5469.pdf HTTP/1.1" 200 921449
172.22.2.4 - - [26/Nov/2023:18:13:46 -0500] "HEAD /BLA/boletinlegal/ HTTP/1.1" 200 -
216.245.221.92 - - [26/Nov/2023:18:15:46 -0500] "HEAD / HTTP/1.1" 200 -
69.171.251.120 - - [26/Nov/2023:18:15:49 -0500] "GET /images/presentaci\xc3\xb3n%20convenci\xc3\xb3n.jpg HTTP/1.1" 404 1034
172.22.2.4 - - [26/Nov/2023:18:14:37 -0500] "GET /BLA/boletinlegal/ HTTP/1.1" 200 49475
172.22.2.4 - - [26/Nov/2023:18:14:43 -0500] "GET /BLA/boletinlegal/ HTTP/1.1" 200 49900
201.245.192.253 - - [26/Nov/2023:18:16:28 -0500] "POST /kwsrmcab/Wsrmcab HTTP/1.1" 200 41670
201.245.192.253 - - [26/Nov/2023:18:16:31 -0500] "GET /kwsrmcab/Wsrmcab?wsdl HTTP/1.1" 200 6948
201.245.192.253 - - [26/Nov/2023:18:16:31 -0500] "POST /kwsrmcab/Wsrmcab HTTP/1.1" 200 42095
200.69.84.132 - - [26/Nov/2023:18:17:05 -0500] "GET /reportes_sipse/jsp/inicio.jsp HTTP/1.1" 200 2935
200.69.84.132 - - [26/Nov/2023:18:17:05 -0500] "GET /reportes_sipse/css/estilos.css HTTP/1.1" 200 9135
186.102.83.65 - - [26/Nov/2023:18:17:06 -0500] "GET /sendero-las-moyas-iniciativa-privada-enfocada-en-procesos-de-restauracion-conservacion-y-educacion-ambiental.html HTTP/1.1" 200 1013
201.245.192.253 - - [26/Nov/2023:18:17:05 -0500] "POST /kwsrmcab/Wsrmcab  HTTP/1.1" 200 41956
200.69.84.132 - - [26/Nov/2023:18:17:07 -0500] "GET /reportes_sipse/imagenes/fondo.jpg HTTP/1.1" 200 20235
200.69.84.132 - - [26/Nov/2023:18:17:05 -0500] "GET /reportes_sipse/imagenes/logoAplicacion.jpg HTTP/1.1" 200 26872
200.69.84.132 - - [26/Nov/2023:18:17:10 -0500] "GET /favicon.ico HTTP/1.1" 200 7782
200.69.84.132 - - [26/Nov/2023:18:17:11 -0500] "POST /reportes_sipse/sdg/ServletReporte?adquisiciones_sipse_detallado& HTTP/1.1" 200 6273
200.69.84.132 - - [26/Nov/2023:18:17:12 -0500] "GET /reportes_sipse/js/funciones.js HTTP/1.1" 200 4709
200.69.84.132 - - [26/Nov/2023:18:17:12 -0500] "GET /reportes_sipse/imagenes/calendario.gif HTTP/1.1" 200 1387
200.69.84.132 - - [26/Nov/2023:18:17:12 -0500] "GET /reportes_sipse/imagenes/pdf.gif HTTP/1.1" 200 598
200.69.84.132 - - [26/Nov/2023:18:17:12 -0500] "GET /reportes_sipse/js/date-picker.js HTTP/1.1" 200 16768
200.69.84.132 - - [26/Nov/2023:18:17:12 -0500] "GET /reportes_sipse/imagenes/excel.gif HTTP/1.1" 200 613
200.69.84.132 - - [26/Nov/2023:18:17:14 -0500] "GET /reportes_sipse/jsp/inicio.jsp HTTP/1.1" 200 2935
200.69.84.132 - - [26/Nov/2023:18:17:17 -0500] "GET /reportes_sipse/imagenes/retrocedeAgno.gif HTTP/1.1" 200 781
200.69.84.132 - - [26/Nov/2023:18:17:17 -0500] "GET /reportes_sipse/imagenes/retrocedeMes.gif HTTP/1.1" 200 459
200.69.84.132 - - [26/Nov/2023:18:17:17 -0500] "GET /reportes_sipse/imagenes/avanzaMes.gif HTTP/1.1" 200 660
200.69.84.132 - - [26/Nov/2023:18:17:17 -0500] "GET /reportes_sipse/imagenes/avanzaAgno.gif HTTP/1.1" 200 779
200.69.84.132 - - [26/Nov/2023:18:17:39 -0500] "POST /reportes_sipse/sdg/ServletReporte?saldo_actividades_contratacion_columnas2& HTTP/1.1" 200 5987
200.69.84.132 - - [26/Nov/2023:18:17:49 -0500] "POST /reportes_sipse/sdg/ServletControlador HTTP/1.1" 200 58863
162.55.175.143 - - [26/Nov/2023:18:18:24 -0500] "GET / HTTP/1.1" 200 319
162.55.175.143 - - [26/Nov/2023:18:18:26 -0500] "GET / HTTP/1.1" 200 4720
200.69.84.132 - - [26/Nov/2023:18:17:22 -0500] "POST /reportes_sipse/sdg/ServletControlador HTTP/1.1" 200 796119
201.245.192.253 - - [26/Nov/2023:18:20:01 -0500] "POST /kwsrmcab/Wsrmcab HTTP/1.1" 200 41670
216.245.221.92 - - [26/Nov/2023:18:20:46 -0500] "HEAD / HTTP/1.1" 200 -
172.22.2.4 - - [26/Nov/2023:18:19:36 -0500] "HEAD /BLA/boletinlegal/ HTTP/1.1" 200 -
34.76.96.55 - - [26/Nov/2023:18:21:25 -0500] "GET / HTTP/1.1" 200 319
201.245.192.253 - - [26/Nov/2023:18:22:03 -0500] "POST /kwsrmcab/Wsrmcab  HTTP/1.1" 200 41956
172.22.2.4 - - [26/Nov/2023:18:20:27 -0500] "GET /BLA/boletinlegal/ HTTP/1.1" 200 58644
201.245.192.253 - - [26/Nov/2023:18:22:23 -0500] "POST /kwsrmcab/Wsrmcab HTTP/1.1" 200 42095
216.245.221.92 - - [26/Nov/2023:18:25:46 -0500] "HEAD / HTTP/1.1" 200 -
201.245.192.253 - - [26/Nov/2023:18:26:28 -0500] "POST /kwsrmcab/Wsrmcab HTTP/1.1" 200 41670
201.245.192.253 - - [26/Nov/2023:18:26:31 -0500] "POST /kwsrmcab/Wsrmcab HTTP/1.1" 200 42095
201.245.192.253 - - [26/Nov/2023:18:27:03 -0500] "POST /kwsrmcab/Wsrmcab  HTTP/1.1" 200 41956
172.22.2.4 - - [26/Nov/2023:18:25:27 -0500] "HEAD /BLA/boletinlegal/ HTTP/1.1" 200 -
17.241.219.159 - - [26/Nov/2023:18:27:07 -0500] "GET /sendero-las-moyas-iniciativa-privada-enfocada-en-procesos-de-restauracion-conservacion-y-educacion-ambiental.html HTTP/1.1" 200 1013
172.22.2.4 - - [26/Nov/2023:18:26:17 -0500] "GET /BLA/boletinlegal/ HTTP/1.1" 200 58644
40.77.167.28 - - [26/Nov/2023:18:28:06 -0500] "GET /BLA/resoluciones/AUTOS%202013/1720.pdf HTTP/1.1" 200 196960
201.245.192.253 - - [26/Nov/2023:18:30:01 -0500] "POST /kwsrmcab/Wsrmcab HTTP/1.1" 200 41670
216.245.221.92 - - [26/Nov/2023:18:30:46 -0500] "HEAD / HTTP/1.1" 200 -
204.157.232.50 - - [26/Nov/2023:18:31:03 -0500] "GET /sendero-las-moyas-iniciativa-privada-enfocada-en-procesos-de-restauracion-conservacion-y-educacion-ambiental.html HTTP/1.1" 200 1013
201.245.192.253 - - [26/Nov/2023:18:32:01 -0500] "POST /kwsrmcab/Wsrmcab  HTTP/1.1" 200 41956
201.245.192.253 - - [26/Nov/2023:18:32:06 -0500] "POST /kwsrmcab/Wsrmcab HTTP/1.1" 200 42095
172.22.2.4 - - [26/Nov/2023:18:31:16 -0500] "HEAD /BLA/boletinlegal/ HTTP/1.1" 200 -
172.22.2.4 - - [26/Nov/2023:18:32:07 -0500] "GET /BLA/boletinlegal/ HTTP/1.1" 200 45170
172.22.2.4 - - [26/Nov/2023:18:32:41 -0500] "GET /BLA/boletinlegal/ HTTP/1.1" 200 49900
199.16.157.180 - - [26/Nov/2023:18:34:59 -0500] "GET /images/cr%C3%B3nica-29-nov-1_optimized.jpeg HTTP/1.1" 404 1034
173.252.83.111 - - [26/Nov/2023:18:35:37 -0500] "GET /semana-ambiental-con-invitados-internacionales-secretaria-de-ambiente-realiza-medicion-de-particulas-en-vehiculos-euro-vi.html HTTP/1.1" 200 800
216.245.221.92 - - [26/Nov/2023:18:35:46 -0500] "HEAD / HTTP/1.1" 200 -
201.245.192.253 - - [26/Nov/2023:18:36:28 -0500] "POST /kwsrmcab/Wsrmcab HTTP/1.1" 200 41670
152.201.83.59 - - [26/Nov/2023:18:36:31 -0500] "GET /sendero-las-moyas-iniciativa-privada-enfocada-en-procesos-de-restauracion-conservacion-y-educacion-ambiental.html HTTP/1.1" 200 1013
201.245.192.253 - - [26/Nov/2023:18:36:31 -0500] "POST /kwsrmcab/Wsrmcab HTTP/1.1" 200 42095
172.22.2.4 - - [26/Nov/2023:18:36:36 -0500] "GET /BLA/boletinlegal/Circulares/2019/.pdf HTTP/1.1" 404 1218
201.245.192.253 - - [26/Nov/2023:18:36:59 -0500] "POST /kwsrmcab/Wsrmcab  HTTP/1.1" 200 41956
40.77.167.27 - - [26/Nov/2023:18:38:23 -0500] "GET /BLA/resoluciones/AUTOS%202023/4343.pdf HTTP/1.1" 200 389371
162.55.175.138 - - [26/Nov/2023:18:38:34 -0500] "GET / HTTP/1.1" 200 319
162.55.175.138 - - [26/Nov/2023:18:38:34 -0500] "GET / HTTP/1.1" 200 4720
172.22.2.4 - - [26/Nov/2023:18:37:06 -0500] "HEAD /BLA/boletinlegal/ HTTP/1.1" 200 -
172.22.2.4 - - [26/Nov/2023:18:37:57 -0500] "GET /BLA/boletinlegal/ HTTP/1.1" 200 58294
201.245.192.253 - - [26/Nov/2023:18:40:01 -0500] "POST /kwsrmcab/Wsrmcab HTTP/1.1" 200 41670
216.245.221.92 - - [26/Nov/2023:18:40:46 -0500] "HEAD / HTTP/1.1" 200 -
201.245.192.253 - - [26/Nov/2023:18:41:57 -0500] "POST /kwsrmcab/Wsrmcab  HTTP/1.1" 200 41956
201.245.192.253 - - [26/Nov/2023:18:42:06 -0500] "POST /kwsrmcab/Wsrmcab HTTP/1.1" 200 42095
172.22.2.4 - - [26/Nov/2023:18:42:23 -0500] "GET /BLA/boletinlegal/jurisprudencia/analisis/AnalisisT-606-15.docx HTTP/1.1" 200 26698
172.22.2.4 - - [26/Nov/2023:18:42:23 -0500] "GET /BLA/boletinlegal/apple-touch-icon-120x120-precomposed.png HTTP/1.1" 404 1140
172.22.2.4 - - [26/Nov/2023:18:42:23 -0500] "GET /BLA/boletinlegal/apple-touch-icon-120x120.png HTTP/1.1" 404 1140
172.22.2.4 - - [26/Nov/2023:18:42:23 -0500] "GET /BLA/boletinlegal/apple-touch-icon-precomposed.png HTTP/1.1" 404 1140
172.22.2.4 - - [26/Nov/2023:18:42:23 -0500] "GET /BLA/boletinlegal/apple-touch-icon.png HTTP/1.1" 404 1140
172.22.2.4 - - [26/Nov/2023:18:42:23 -0500] "GET /BLA/boletinlegal/favicon.ico HTTP/1.1" 404 1140
172.22.2.4 - - [26/Nov/2023:18:42:23 -0500] "GET /BLA/boletinlegal/apple-touch-icon-120x120-precomposed.png HTTP/1.1" 404 1140
172.22.2.4 - - [26/Nov/2023:18:42:23 -0500] "GET /BLA/boletinlegal/apple-touch-icon-120x120.png HTTP/1.1" 404 1140
172.22.2.4 - - [26/Nov/2023:18:42:23 -0500] "GET /BLA/boletinlegal/apple-touch-icon-precomposed.png HTTP/1.1" 404 1140
172.22.2.4 - - [26/Nov/2023:18:42:23 -0500] "GET /BLA/boletinlegal/apple-touch-icon.png HTTP/1.1" 404 1140
172.22.2.4 - - [26/Nov/2023:18:42:23 -0500] "GET /BLA/boletinlegal/favicon.ico HTTP/1.1" 404 1140
172.22.2.4 - - [26/Nov/2023:18:43:46 -0500] "GET /BLA/boletinlegal/robots.txt HTTP/1.1" 404 1038
172.22.2.4 - - [26/Nov/2023:18:42:56 -0500] "HEAD /BLA/boletinlegal/ HTTP/1.1" 200 -
52.167.144.209 - - [26/Nov/2023:18:44:47 -0500] "GET /BLA/resoluciones/RESOLUCIONES%202007/RES%202007%203601%20AL%203700/RESOLUCION%203656%20DE%202007.pdf HTTP/1.1" 200 613712
172.22.2.4 - - [26/Nov/2023:18:43:46 -0500] "GET /BLA/boletinlegal/index.php HTTP/1.1" 200 48217
172.22.2.4 - - [26/Nov/2023:18:43:47 -0500] "GET /BLA/boletinlegal/ HTTP/1.1" 200 48217
216.245.221.92 - - [26/Nov/2023:18:45:46 -0500] "HEAD / HTTP/1.1" 200 -
172.22.2.4 - - [26/Nov/2023:18:46:42 -0500] "GET /BLA/boletinlegal/favicon.ico HTTP/1.1" 404 1018
172.22.2.4 - - [26/Nov/2023:18:46:23 -0500] "GET /BLA/boletinlegal/ HTTP/1.1" 200 20427
201.245.192.253 - - [26/Nov/2023:18:46:56 -0500] "POST /kwsrmcab/Wsrmcab  HTTP/1.1" 200 41956
172.22.2.4 - - [26/Nov/2023:18:46:27 -0500] "GET /BLA/boletinlegal/ HTTP/1.1" 200 32715
103.19.191.24 - - [26/Nov/2023:18:49:17 -0500] "GET /vpn/index.html HTTP/1.1" 404 1018
172.22.2.4 - - [26/Nov/2023:18:48:46 -0500] "HEAD /BLA/boletinlegal/ HTTP/1.1" 200 -
216.245.221.92 - - [26/Nov/2023:18:50:46 -0500] "HEAD / HTTP/1.1" 200 -
172.22.2.4 - - [26/Nov/2023:18:49:38 -0500] "GET /BLA/boletinlegal/ HTTP/1.1" 200 59007
201.245.192.253 - - [26/Nov/2023:18:51:55 -0500] "POST /kwsrmcab/Wsrmcab  HTTP/1.1" 200 41956
172.22.2.4 - - [26/Nov/2023:18:53:08 -0500] "GET /BLA/boletinlegal/consulta_actos.php?tipo=resoluciones&no=1378&usuario=&sector=&fecha=2018&resuelve= HTTP/1.1" 200 1103
201.221.172.10 - - [26/Nov/2023:18:53:10 -0500] "GET /BLA/resoluciones/RESOLUCIONES%202018/1378.pdf HTTP/1.1" 200 1384049
181.53.12.71 - - [26/Nov/2023:18:53:11 -0500] "GET /sendero-las-moyas-iniciativa-privada-enfocada-en-procesos-de-restauracion-conservacion-y-educacion-ambiental.html?fbclid=IwAR1ciZBygdAOwBcAGK54P2CO-lA1CHSbaryqhh7GJtM4BAzllaUvXeHtN5w HTTP/1.1" 200 1013
172.22.2.4 - - [26/Nov/2023:18:51:57 -0500] "GET /BLA/boletinlegal/ HTTP/1.1" 200 63167
66.249.66.20 - - [26/Nov/2023:18:53:46 -0500] "GET /BLA/resoluciones/Notificaciones/AUTOS%202023/2276.pdf HTTP/1.1" 304 -
172.22.2.4 - - [26/Nov/2023:18:54:12 -0500] "GET /BLA/boletinlegal/consulta_actos.php?tipo=resoluciones&no=7213&usuario=&sector=&fecha=2010&resuelve= HTTP/1.1" 200 1086
201.221.172.10 - - [26/Nov/2023:18:54:14 -0500] "GET /BLA/resoluciones/RESOLUCIONES%202010/7213.pdf HTTP/1.1" 200 776057
181.49.182.135 - - [26/Nov/2023:18:54:16 -0500] "GET /BLA/resoluciones/RESOLUCIONES%202010/7213.pdf HTTP/1.1" 200 776057
216.245.221.92 - - [26/Nov/2023:18:55:46 -0500] "HEAD / HTTP/1.1" 200 -
172.22.2.4 - - [26/Nov/2023:18:54:37 -0500] "HEAD /BLA/boletinlegal/ HTTP/1.1" 200 -
201.245.192.253 - - [26/Nov/2023:18:56:54 -0500] "POST /kwsrmcab/Wsrmcab  HTTP/1.1" 200 41956
172.22.2.4 - - [26/Nov/2023:18:55:28 -0500] "GET /BLA/boletinlegal/ HTTP/1.1" 200 52827
190.67.194.228 - - [26/Nov/2023:18:57:12 -0500] "GET /BLA/resoluciones/index.php?dir=AUTOS+2011%2F HTTP/1.1" 200 637403
190.67.194.228 - - [26/Nov/2023:18:57:20 -0500] "GET /BLA/resoluciones/AUTOS%202011/0323.pdf HTTP/1.1" 200 191590
190.67.194.228 - - [26/Nov/2023:18:57:20 -0500] "GET /BLA/resoluciones/AUTOS%202011/0323.pdf HTTP/1.1" 206 1025
190.67.194.228 - - [26/Nov/2023:18:57:20 -0500] "GET /BLA/resoluciones/AUTOS%202011/0323.pdf HTTP/1.1" 200 191590
216.245.221.92 - - [26/Nov/2023:19:00:46 -0500] "HEAD / HTTP/1.1" 200 -
52.167.144.176 - - [26/Nov/2023:19:00:59 -0500] "GET /BLA/resoluciones/AUTOS%202013/0950.pdf HTTP/1.1" 200 1011457
201.245.192.253 - - [26/Nov/2023:19:01:52 -0500] "POST /kwsrmcab/Wsrmcab  HTTP/1.1" 200 41956
172.22.2.4 - - [26/Nov/2023:19:00:27 -0500] "HEAD /BLA/boletinlegal/ HTTP/1.1" 200 -
172.22.2.4 - - [26/Nov/2023:19:01:18 -0500] "GET /BLA/boletinlegal/ HTTP/1.1" 200 61018
52.167.144.176 - - [26/Nov/2023:19:03:49 -0500] "GET /BLA/resoluciones/index.php?dir= HTTP/1.1" 200 13696
40.77.167.8 - - [26/Nov/2023:19:04:03 -0500] "GET /BLA/resoluciones/dlf/styles.css HTTP/1.1" 200 3049
216.245.221.92 - - [26/Nov/2023:19:05:46 -0500] "HEAD / HTTP/1.1" 200 -
201.245.192.253 - - [26/Nov/2023:19:06:50 -0500] "POST /kwsrmcab/Wsrmcab  HTTP/1.1" 200 41956
172.22.2.4 - - [26/Nov/2023:19:06:18 -0500] "HEAD /BLA/boletinlegal/ HTTP/1.1" 200 -
172.22.2.4 - - [26/Nov/2023:19:07:09 -0500] "GET /BLA/boletinlegal/ HTTP/1.1" 200 58294
199.16.157.181 - - [26/Nov/2023:19:09:11 -0500] "GET /robots.txt HTTP/1.1" 404 1034
199.16.157.181 - - [26/Nov/2023:19:09:11 -0500] "GET /images/1Moyas%20SDA.jpeg HTTP/1.1" 200 84469
192.133.77.18 - - [26/Nov/2023:19:10:00 -0500] "GET /sendero-las-moyas-iniciativa-privada-enfocada-en-procesos-de-restauracion-conservacion-y-educacion-ambiental.html HTTP/1.1" 200 1013
54.39.177.48 - - [26/Nov/2023:19:10:13 -0500] "GET /sendero-las-moyas-iniciativa-privada-enfocada-en-procesos-de-restauracion-conservacion-y-educacion-ambiental.html HTTP/1.1" 200 1013
216.245.221.92 - - [26/Nov/2023:19:10:46 -0500] "HEAD / HTTP/1.1" 200 -
47.128.63.34 - - [26/Nov/2023:19:11:36 -0500] "GET /galeria/nivo-slider/demo/images/Rendicion.png HTTP/1.1" 200 262274
201.245.192.253 - - [26/Nov/2023:19:11:49 -0500] "POST /kwsrmcab/Wsrmcab  HTTP/1.1" 200 41956
40.77.167.241 - - [26/Nov/2023:19:12:16 -0500] "GET /BLA/resoluciones/AUTOS%202023/5144.pdf HTTP/1.1" 200 1302733
40.77.167.19 - - [26/Nov/2023:19:13:41 -0500] "GET /BLA/resoluciones/AUTOS%202023/4117.pdf HTTP/1.1" 200 397964
172.22.2.4 - - [26/Nov/2023:19:12:08 -0500] "HEAD /BLA/boletinlegal/ HTTP/1.1" 200 -
172.22.2.4 - - [26/Nov/2023:19:13:49 -0500] "GET /BLA/boletinlegal/actos.php HTTP/1.1" 200 9682
172.22.2.4 - - [26/Nov/2023:19:13:49 -0500] "GET /BLA/boletinlegal/styles2.css HTTP/1.1" 200 1838
172.22.2.4 - - [26/Nov/2023:19:13:49 -0500] "GET /BLA/boletinlegal/js/ajax_actos.js HTTP/1.1" 200 1322
172.22.2.4 - - [26/Nov/2023:19:13:49 -0500] "GET /BLA/boletinlegal/style.css HTTP/1.1" 200 9406
172.22.2.4 - - [26/Nov/2023:19:13:49 -0500] "GET /BLA/boletinlegal/niceforms-default.css HTTP/1.1" 200 6694
172.22.2.4 - - [26/Nov/2023:19:13:49 -0500] "GET /BLA/boletinlegal/js/lib.js HTTP/1.1" 200 6474
172.22.2.4 - - [26/Nov/2023:19:13:49 -0500] "GET /BLA/boletinlegal/js/popup.js HTTP/1.1" 200 1270
172.22.2.4 - - [26/Nov/2023:19:13:49 -0500] "GET /BLA/boletinlegal/niceforms.js HTTP/1.1" 200 22876
172.22.2.4 - - [26/Nov/2023:19:13:49 -0500] "GET /BLA/boletinlegal/js/jquery1.js HTTP/1.1" 200 29846
172.22.2.4 - - [26/Nov/2023:19:13:49 -0500] "GET /BLA/boletinlegal/images/cabezote%20BLEGAL.jpg HTTP/1.1" 200 118164
172.22.2.4 - - [26/Nov/2023:19:13:49 -0500] "GET /BLA/boletinlegal/images/subscribe-icon-big.png HTTP/1.1" 200 47702
172.22.2.4 - - [26/Nov/2023:19:13:49 -0500] "GET /BLA/boletinlegal/images/historia.png HTTP/1.1" 200 52775
172.22.2.4 - - [26/Nov/2023:19:13:49 -0500] "GET /BLA/boletinlegal/images/green-yellow-blue-pink-th.png HTTP/1.1" 200 7394
172.22.2.4 - - [26/Nov/2023:19:13:49 -0500] "GET /BLA/boletinlegal/images/icono-email.png HTTP/1.1" 200 5544
172.22.2.4 - - [26/Nov/2023:19:13:49 -0500] "GET /BLA/boletinlegal/images/tel.png HTTP/1.1" 200 14477
172.22.2.4 - - [26/Nov/2023:19:13:49 -0500] "GET /BLA/boletinlegal/images/registro-usuarios.png HTTP/1.1" 200 8106
172.22.2.4 - - [26/Nov/2023:19:13:49 -0500] "GET /BLA/boletinlegal/images/body_bg.jpg HTTP/1.1" 200 1601
172.22.2.4 - - [26/Nov/2023:19:13:49 -0500] "GET /BLA/boletinlegal/images/hover.jpg HTTP/1.1" 200 640
172.22.2.4 - - [26/Nov/2023:19:13:49 -0500] "GET /BLA/boletinlegal/images/footer_bg.jpg HTTP/1.1" 200 586
172.22.2.4 - - [26/Nov/2023:19:13:49 -0500] "GET /BLA/boletinlegal/images/bg_top.jpg HTTP/1.1" 200 522
172.22.2.4 - - [26/Nov/2023:19:13:49 -0500] "GET /BLA/boletinlegal/images/menu_lft.gif HTTP/1.1" 200 1713
172.22.2.4 - - [26/Nov/2023:19:13:49 -0500] "GET /BLA/boletinlegal/images/menu_bg.jpg HTTP/1.1" 200 620
172.22.2.4 - - [26/Nov/2023:19:13:49 -0500] "GET /BLA/boletinlegal/images/menu_rght.gif HTTP/1.1" 200 1627
172.22.2.4 - - [26/Nov/2023:19:13:49 -0500] "GET /BLA/boletinlegal/images/text.jpg HTTP/1.1" 200 568
172.22.2.4 - - [26/Nov/2023:19:13:49 -0500] "GET /BLA/boletinlegal/images/footer_bg_l.jpg HTTP/1.1" 200 776
172.22.2.4 - - [26/Nov/2023:19:13:49 -0500] "GET /BLA/boletinlegal/img/button.png HTTP/1.1" 200 43241
172.22.2.4 - - [26/Nov/2023:19:13:49 -0500] "GET /BLA/boletinlegal/img/button-left.png HTTP/1.1" 200 57071
172.22.2.4 - - [26/Nov/2023:19:13:49 -0500] "GET /BLA/boletinlegal/img/select-right.png HTTP/1.1" 200 44019
172.22.2.4 - - [26/Nov/2023:19:13:49 -0500] "GET /BLA/boletinlegal/img/button-right.png HTTP/1.1" 200 57878
172.22.2.4 - - [26/Nov/2023:19:13:49 -0500] "GET /BLA/boletinlegal/img/select-left.png HTTP/1.1" 200 263
172.22.2.4 - - [26/Nov/2023:19:13:49 -0500] "GET /BLA/boletinlegal/img/0.png HTTP/1.1" 200 110
172.22.2.4 - - [26/Nov/2023:19:13:49 -0500] "GET /BLA/boletinlegal/favicon.ico HTTP/1.1" 404 1326
186.98.90.203 - - [26/Nov/2023:19:13:51 -0500] "GET /BLA/resoluciones/ HTTP/1.1" 200 13696
186.98.90.203 - - [26/Nov/2023:19:13:51 -0500] "GET /BLA/resoluciones/dlf/styles.css HTTP/1.1" 200 3049
186.98.90.203 - - [26/Nov/2023:19:13:51 -0500] "GET /BLA/resoluciones/dlf/folder.png HTTP/1.1" 200 410
186.98.90.203 - - [26/Nov/2023:19:13:51 -0500] "GET /BLA/resoluciones/dlf/bg.gif HTTP/1.1" 200 54
186.98.90.203 - - [26/Nov/2023:19:13:51 -0500] "GET /favicon.ico HTTP/1.1" 200 7782
186.98.90.203 - - [26/Nov/2023:19:13:55 -0500] "GET /BLA/resoluciones/index.php?dir=RESOLUCIONES+2022%2F HTTP/1.1" 200 323347
186.98.90.203 - - [26/Nov/2023:19:13:55 -0500] "GET /BLA/resoluciones/dlf/dirup.png HTTP/1.1" 200 644
186.98.90.203 - - [26/Nov/2023:19:13:56 -0500] "GET /BLA/resoluciones/dlf/pdf.gif HTTP/1.1" 200 272
186.98.90.203 - - [26/Nov/2023:19:13:56 -0500] "GET /BLA/resoluciones/dlf/archive.png HTTP/1.1" 200 632
31.13.115.4 - - [26/Nov/2023:19:14:25 -0500] "GET /sendero-las-moyas-iniciativa-privada-enfocada-en-procesos-de-restauracion-conservacion-y-educacion-ambiental.html HTTP/1.1" 200 1013
172.22.2.4 - - [26/Nov/2023:19:12:59 -0500] "GET /BLA/boletinlegal/ HTTP/1.1" 200 60634
31.13.127.9 - - [26/Nov/2023:19:14:43 -0500] "GET /sendero-las-moyas-iniciativa-privada-enfocada-en-procesos-de-restauracion-conservacion-y-educacion-ambiental.html?fbclid=IwAR2eWAxsQfhJWfHRGV64OhNqDm-6m0WUzWqgWy5GPey11OHdkDHzns965rs HTTP/1.1" 200 1013
181.56.240.213 - - [26/Nov/2023:19:15:16 -0500] "GET /BLA/resoluciones/ HTTP/1.1" 200 13696
181.56.240.213 - - [26/Nov/2023:19:15:16 -0500] "GET /BLA/resoluciones/dlf/folder.png HTTP/1.1" 200 410
181.56.240.213 - - [26/Nov/2023:19:15:18 -0500] "GET /BLA/resoluciones/index.php?dir=AUTOS+2014%2F HTTP/1.1" 200 891177
216.245.221.92 - - [26/Nov/2023:19:15:46 -0500] "HEAD / HTTP/1.1" 200 -
201.245.192.253 - - [26/Nov/2023:19:16:27 -0500] "POST /kwsrmcab/Wsrmcab HTTP/1.1" 200 42069
201.245.192.253 - - [26/Nov/2023:19:16:30 -0500] "POST /kwsrmcab/Wsrmcab HTTP/1.1" 200 42066
201.245.192.253 - - [26/Nov/2023:19:16:48 -0500] "POST /kwsrmcab/Wsrmcab  HTTP/1.1" 200 41956
69.171.249.116 - - [26/Nov/2023:19:19:28 -0500] "GET /sendero-las-moyas-iniciativa-privada-enfocada-en-procesos-de-restauracion-conservacion-y-educacion-ambiental.html HTTP/1.1" 206 1013
69.171.249.7 - - [26/Nov/2023:19:19:28 -0500] "GET /sendero-las-moyas-iniciativa-privada-enfocada-en-procesos-de-restauracion-conservacion-y-educacion-ambiental.html HTTP/1.1" 206 1013
69.171.249.6 - - [26/Nov/2023:19:19:28 -0500] "GET /sendero-las-moyas-iniciativa-privada-enfocada-en-procesos-de-restauracion-conservacion-y-educacion-ambiental.html HTTP/1.1" 200 1013
69.171.249.9 - - [26/Nov/2023:19:19:29 -0500] "GET /sendero-las-moyas-iniciativa-privada-enfocada-en-procesos-de-restauracion-conservacion-y-educacion-ambiental.html HTTP/1.1" 200 1013
172.22.2.4 - - [26/Nov/2023:19:17:58 -0500] "HEAD /BLA/boletinlegal/ HTTP/1.1" 200 -
201.245.192.253 - - [26/Nov/2023:19:20:01 -0500] "POST /kwsrmcab/Wsrmcab HTTP/1.1" 200 42069
172.22.2.4 - - [26/Nov/2023:19:20:12 -0500] "GET /BLA/boletinlegal/robots.txt HTTP/1.1" 404 1038
172.22.2.4 - - [26/Nov/2023:19:20:13 -0500] "GET /BLA/boletinlegal/Circulares/2013/Circular%20No.%201%20del%2014%20de%20enero%20de%202013.pdf HTTP/1.1" 200 1298384
172.22.2.4 - - [26/Nov/2023:19:18:49 -0500] "GET /BLA/boletinlegal/ HTTP/1.1" 200 59360
216.245.221.92 - - [26/Nov/2023:19:20:46 -0500] "HEAD / HTTP/1.1" 200 -
168.90.12.229 - - [26/Nov/2023:19:21:38 -0500] "GET /sendero-las-moyas-iniciativa-privada-enfocada-en-procesos-de-restauracion-conservacion-y-educacion-ambiental.html?fbclid=IwAR0YiiSkzIQQlK8C5cPoLbs0Y3ob4lT2pTqrkowi5SNWXYzeU5xSdX6BLGw HTTP/1.1" 200 1013
201.245.192.253 - - [26/Nov/2023:19:21:47 -0500] "POST /kwsrmcab/Wsrmcab  HTTP/1.1" 200 41956
172.22.2.4 - - [26/Nov/2023:19:21:57 -0500] "GET /BLA/boletinlegal/actos.php HTTP/1.1" 200 9682
186.98.90.203 - - [26/Nov/2023:19:22:00 -0500] "GET /BLA/resoluciones/ HTTP/1.1" 200 13696
186.98.90.203 - - [26/Nov/2023:19:22:06 -0500] "GET /BLA/resoluciones/index.php?dir=RESOLUCIONES+2022%2F HTTP/1.1" 200 323347
201.245.192.253 - - [26/Nov/2023:19:22:11 -0500] "POST /kwsrmcab/Wsrmcab HTTP/1.1" 200 42066
186.98.90.203 - - [26/Nov/2023:19:22:25 -0500] "GET /BLA/resoluciones/RESOLUCIONES%202022/4428.pdf HTTP/1.1" 200 888151
181.53.12.213 - - [26/Nov/2023:19:23:14 -0500] "GET /sendero-las-moyas-iniciativa-privada-enfocada-en-procesos-de-restauracion-conservacion-y-educacion-ambiental.html?fbclid=IwAR3W24svxPnJ5NukOUTdySrpGsTvJZKqYaEtQbjwoPoMcAkbfnChgZVeKgc HTTP/1.1" 200 1013
186.98.90.203 - - [26/Nov/2023:19:23:45 -0500] "GET /BLA/resoluciones/ HTTP/1.1" 200 13696
173.252.107.120 - - [26/Nov/2023:19:23:49 -0500] "GET /asi-fue-el-reverdecer-de-leandra-marulanda-mujer-resiliente-que-ahora-emprende-con-el-compostaje.html HTTP/1.1" 200 842
186.98.90.203 - - [26/Nov/2023:19:23:53 -0500] "GET /BLA/resoluciones/index.php?dir=RESOLUCIONES+2022%2F HTTP/1.1" 200 323347
172.22.2.4 - - [26/Nov/2023:19:23:48 -0500] "HEAD /BLA/boletinlegal/ HTTP/1.1" 200 -
181.61.74.100 - - [26/Nov/2023:19:25:35 -0500] "GET /sendero-las-moyas-iniciativa-privada-enfocada-en-procesos-de-restauracion-conservacion-y-educacion-ambiental.html?fbclid=IwAR2i0KCdicrbEc8UnPepXz8gDfIgCy-Vwm8COMFDBgH0ZgSrZXfWxpxNMEY HTTP/1.1" 200 1013
216.245.221.92 - - [26/Nov/2023:19:25:46 -0500] "HEAD / HTTP/1.1" 200 -
191.92.165.74 - - [26/Nov/2023:19:26:13 -0500] "GET /sendero-las-moyas-iniciativa-privada-enfocada-en-procesos-de-restauracion-conservacion-y-educacion-ambiental.html?fbclid=IwAR12mt3ulA441SjncqUbTSSpIVt6qdeiyQ9E-foVTNhItILi8AfTi8IqzhI HTTP/1.1" 200 1013
172.22.2.4 - - [26/Nov/2023:19:24:39 -0500] "GET /BLA/boletinlegal/ HTTP/1.1" 200 58294
201.245.192.253 - - [26/Nov/2023:19:26:28 -0500] "POST /kwsrmcab/Wsrmcab HTTP/1.1" 200 42069
