191.109.166.41 - - [26/Nov/2023:14:48:23 -0500] "GET /sipse/js/disable_browser_buttons.js HTTP/1.1" 200 3230
191.109.166.41 - - [26/Nov/2023:14:48:23 -0500] "GET /sipse/js/funciones.js HTTP/1.1" 200 12592
191.109.166.41 - - [26/Nov/2023:14:48:24 -0500] "GET /sipse/css/custom_css_sg.css HTTP/1.1" 200 9694
191.109.166.41 - - [26/Nov/2023:14:48:24 -0500] "GET /sipse/css/custom_css_sg_prime_login.css HTTP/1.1" 200 443
191.109.166.41 - - [26/Nov/2023:14:48:24 -0500] "GET /sipse/faces/javax.faces.resource/layout/layout.css?ln=primefaces&v=4.0 HTTP/1.1" 200 542
191.109.166.41 - - [26/Nov/2023:14:48:24 -0500] "GET /sipse/faces/javax.faces.resource/theme.css?ln=primefaces-sipse HTTP/1.1" 304 -
191.109.166.41 - - [26/Nov/2023:14:48:24 -0500] "GET /sipse/faces/javax.faces.resource/jquery/jquery.js?ln=primefaces&v=4.0 HTTP/1.1" 200 105384
191.109.166.41 - - [26/Nov/2023:14:48:24 -0500] "GET /sipse/faces/javax.faces.resource/primefaces.css?ln=primefaces&v=4.0 HTTP/1.1" 200 53295
191.109.166.41 - - [26/Nov/2023:14:48:24 -0500] "GET /sipse/faces/javax.faces.resource/layout/layout.js?ln=primefaces&v=4.0 HTTP/1.1" 200 87560
191.109.166.41 - - [26/Nov/2023:14:48:24 -0500] "GET /sipse/faces/javax.faces.resource/jquery/jquery-plugins.js?ln=primefaces&v=4.0 HTTP/1.1" 200 220526
191.109.166.41 - - [26/Nov/2023:14:48:24 -0500] "GET /sipse/faces/javax.faces.resource/primefaces.js?ln=primefaces&v=4.0 HTTP/1.1" 200 276924
191.109.166.41 - - [26/Nov/2023:14:48:24 -0500] "GET /sipse/faces/javax.faces.resource/images/ui-icons_898989_256x240.png?ln=primefaces-aristo HTTP/1.1" 200 5355
191.109.166.41 - - [26/Nov/2023:14:48:24 -0500] "GET /sipse/css/imagen/logoSDG.png HTTP/1.1" 200 53064
191.109.166.41 - - [26/Nov/2023:14:48:24 -0500] "GET /sipse/css/imagen/loginimg.png HTTP/1.1" 200 71635
216.245.221.92 - - [26/Nov/2023:14:50:47 -0500] "HEAD / HTTP/1.1" 200 -
172.22.2.4 - - [26/Nov/2023:14:49:24 -0500] "HEAD /BLA/boletinlegal/ HTTP/1.1" 200 -
66.249.66.76 - - [26/Nov/2023:14:51:32 -0500] "GET /portaldeninos/gestion-del-riesgo-incendios-forestales/ HTTP/1.1" 200 86825
66.249.66.75 - - [26/Nov/2023:14:51:35 -0500] "GET /portaldeninos/wp-includes/js/jquery/jquery.js?ver=1.12.4 HTTP/1.1" 200 97184
66.249.66.76 - - [26/Nov/2023:14:51:36 -0500] "GET /portaldeninos/wp-includes/js/jquery/ui/accordion.min.js?ver=1.11.4 HTTP/1.1" 200 8584
66.249.66.75 - - [26/Nov/2023:14:51:37 -0500] "GET /portaldeninos/wp-content/themes/betheme/assets/jplayer/jplayer.min.js?ver=20.9.6 HTTP/1.1" 200 52702
172.22.2.4 - - [26/Nov/2023:14:50:14 -0500] "GET /BLA/boletinlegal/ HTTP/1.1" 200 59007
201.245.192.253 - - [26/Nov/2023:14:52:57 -0500] "POST /kwsrmcab/Wsrmcab  HTTP/1.1" 200 41956
172.22.2.4 - - [26/Nov/2023:14:52:13 -0500] "GET /BLA/boletinlegal/ HTTP/1.1" 200 63167
52.167.144.161 - - [26/Nov/2023:14:54:36 -0500] "GET /bla/resoluciones/resoluciones%202007/res%202007%202401%20al%202500/RESOLUCION%202484%20DE%202007.pdf HTTP/1.1" 200 559989
31.7.58.42 - - [26/Nov/2023:14:55:08 -0500] "GET / HTTP/1.1" 200 319
216.245.221.92 - - [26/Nov/2023:14:55:47 -0500] "HEAD / HTTP/1.1" 200 -
172.22.2.4 - - [26/Nov/2023:14:55:14 -0500] "HEAD /BLA/boletinlegal/ HTTP/1.1" 200 -
172.22.2.4 - - [26/Nov/2023:14:56:04 -0500] "GET /BLA/boletinlegal/ HTTP/1.1" 200 53356
201.245.192.253 - - [26/Nov/2023:14:57:55 -0500] "POST /kwsrmcab/Wsrmcab  HTTP/1.1" 200 41956
69.171.231.117 - - [26/Nov/2023:15:00:39 -0500] "GET /secretaria-de-ambiente-ha-incautado-estos-dias-mas-de-55-kilos-de-palma-silvestre-y-refuerza-controles-previo-a-domingo-de-ramos.html HTTP/1.1" 200 1109
173.252.95.18 - - [26/Nov/2023:15:00:40 -0500] "GET /images/palma-de-cera-1-abril_optimized.jpeg HTTP/1.1" 200 171987
216.245.221.92 - - [26/Nov/2023:15:00:47 -0500] "HEAD / HTTP/1.1" 200 -
66.249.66.75 - - [26/Nov/2023:15:02:21 -0500] "GET /portaldeninos/ HTTP/1.1" 200 110175
66.249.66.192 - - [26/Nov/2023:15:02:23 -0500] "GET /como-ayudar-a-mantener-una-buena-calidad-del-aire-en-bogota.html HTTP/1.1" 304 -
172.22.2.4 - - [26/Nov/2023:15:01:04 -0500] "HEAD /BLA/boletinlegal/ HTTP/1.1" 200 -
201.245.192.253 - - [26/Nov/2023:15:02:53 -0500] "POST /kwsrmcab/Wsrmcab  HTTP/1.1" 200 41956
172.22.2.4 - - [26/Nov/2023:15:01:55 -0500] "GET /BLA/boletinlegal/ HTTP/1.1" 200 52827
216.245.221.92 - - [26/Nov/2023:15:05:47 -0500] "HEAD / HTTP/1.1" 200 -
52.167.144.55 - - [26/Nov/2023:15:07:29 -0500] "GET /robots.txt HTTP/1.1" 404 1018
40.77.167.41 - - [26/Nov/2023:15:07:29 -0500] "GET /BLA/resoluciones/AUTOS%202023/3897.pdf HTTP/1.1" 200 901991
201.245.192.253 - - [26/Nov/2023:15:07:52 -0500] "POST /kwsrmcab/Wsrmcab  HTTP/1.1" 200 41956
40.77.167.41 - - [26/Nov/2023:15:08:28 -0500] "GET /BLA/resoluciones/AUTOS%202023/4969.pdf HTTP/1.1" 200 526018
172.22.2.4 - - [26/Nov/2023:15:06:54 -0500] "HEAD /BLA/boletinlegal/ HTTP/1.1" 200 -
172.22.2.4 - - [26/Nov/2023:15:07:45 -0500] "GET /BLA/boletinlegal/ HTTP/1.1" 200 58644
40.77.167.41 - - [26/Nov/2023:15:09:30 -0500] "GET /BLA/resoluciones/AUTOS%202023/4938.pdf HTTP/1.1" 200 453327
216.245.221.92 - - [26/Nov/2023:15:10:47 -0500] "HEAD / HTTP/1.1" 200 -
52.167.144.218 - - [26/Nov/2023:15:11:40 -0500] "GET /BLA/resoluciones/AUTOS%202023/5461.pdf HTTP/1.1" 200 471499
201.245.192.253 - - [26/Nov/2023:15:12:50 -0500] "POST /kwsrmcab/Wsrmcab  HTTP/1.1" 200 41956
172.22.2.4 - - [26/Nov/2023:15:12:44 -0500] "HEAD /BLA/boletinlegal/ HTTP/1.1" 200 -
172.22.2.4 - - [26/Nov/2023:15:13:35 -0500] "GET /BLA/boletinlegal/ HTTP/1.1" 200 60634
52.167.144.136 - - [26/Nov/2023:15:15:41 -0500] "GET /BLA/resoluciones/AUTOS%202023/5940.pdf HTTP/1.1" 200 421597
216.245.221.92 - - [26/Nov/2023:15:15:47 -0500] "HEAD / HTTP/1.1" 200 -
201.245.192.253 - - [26/Nov/2023:15:16:28 -0500] "POST /kwsrmcab/Wsrmcab HTTP/1.1" 200 42098
201.245.192.253 - - [26/Nov/2023:15:16:31 -0500] "POST /kwsrmcab/Wsrmcab HTTP/1.1" 200 42086
201.245.192.253 - - [26/Nov/2023:15:16:41 -0500] "POST /sipse/faces/presentacion/financiero/solicitudProceso/solicitudProcesoOtrosPagos.xhtml HTTP/1.1" 200 56419
201.245.192.253 - - [26/Nov/2023:15:16:42 -0500] "GET /sipse/faces/javax.faces.resource/fileupload/fileupload.css?ln=primefaces&v=4.0 HTTP/1.1" 200 1330
201.245.192.253 - - [26/Nov/2023:15:16:42 -0500] "GET /sipse/faces/javax.faces.resource/jquery/jquery.js?ln=primefaces&v=4.0 HTTP/1.1" 304 -
201.245.192.253 - - [26/Nov/2023:15:16:42 -0500] "GET /sipse/faces/javax.faces.resource/jquery/jquery-plugins.js?ln=primefaces&v=4.0 HTTP/1.1" 304 -
201.245.192.253 - - [26/Nov/2023:15:16:42 -0500] "GET /sipse/faces/javax.faces.resource/primefaces.js?ln=primefaces&v=4.0 HTTP/1.1" 304 -
201.245.192.253 - - [26/Nov/2023:15:16:42 -0500] "GET /sipse/faces/javax.faces.resource/layout/layout.js?ln=primefaces&v=4.0 HTTP/1.1" 304 -
201.245.192.253 - - [26/Nov/2023:15:16:42 -0500] "GET /sipse/faces/javax.faces.resource/fileupload/fileupload.js?ln=primefaces&v=4.0 HTTP/1.1" 304 -
201.245.192.253 - - [26/Nov/2023:15:17:49 -0500] "POST /kwsrmcab/Wsrmcab  HTTP/1.1" 200 41956
198.235.24.169 - - [26/Nov/2023:15:17:52 -0500] "\x16\x03\x01" 400 226
198.235.24.169 - - [26/Nov/2023:15:17:52 -0500] "\x16\x03\x01" 400 226
52.167.144.136 - - [26/Nov/2023:15:18:31 -0500] "GET /BLA/resoluciones/AUTOS%202023/4189.pdf HTTP/1.1" 200 419711
201.245.192.253 - - [26/Nov/2023:15:20:01 -0500] "POST /kwsrmcab/Wsrmcab HTTP/1.1" 200 42098
172.22.2.4 - - [26/Nov/2023:15:18:34 -0500] "HEAD /BLA/boletinlegal/ HTTP/1.1" 200 -
216.245.221.92 - - [26/Nov/2023:15:20:47 -0500] "HEAD / HTTP/1.1" 200 -
172.22.2.4 - - [26/Nov/2023:15:19:27 -0500] "GET /BLA/boletinlegal/ HTTP/1.1" 200 58644
201.245.192.253 - - [26/Nov/2023:15:22:23 -0500] "POST /kwsrmcab/Wsrmcab HTTP/1.1" 200 42086
201.245.192.253 - - [26/Nov/2023:15:22:47 -0500] "POST /kwsrmcab/Wsrmcab  HTTP/1.1" 200 41956
52.167.144.237 - - [26/Nov/2023:15:23:20 -0500] "GET /BLA/resoluciones/AUTOS%202013/1849.pdf HTTP/1.1" 200 410703
181.56.240.213 - - [26/Nov/2023:15:24:30 -0500] "GET /BLA/resoluciones/dlf/styles.css HTTP/1.1" 200 3049
181.56.240.213 - - [26/Nov/2023:15:24:30 -0500] "GET /BLA/resoluciones/dlf/pdf.gif HTTP/1.1" 200 272
181.56.240.213 - - [26/Nov/2023:15:24:30 -0500] "GET /BLA/resoluciones/dlf/dirup.png HTTP/1.1" 200 644
181.56.240.213 - - [26/Nov/2023:15:24:30 -0500] "GET /BLA/resoluciones/dlf/bg.gif HTTP/1.1" 200 54
181.56.240.213 - - [26/Nov/2023:15:24:29 -0500] "GET /BLA/resoluciones/index.php?dir=AUTOS+2014%2F HTTP/1.1" 200 891177
181.56.240.213 - - [26/Nov/2023:15:24:31 -0500] "GET /BLA/resoluciones/dlf/unknown.png HTTP/1.1" 200 266
216.245.221.92 - - [26/Nov/2023:15:25:47 -0500] "HEAD / HTTP/1.1" 200 -
172.22.2.4 - - [26/Nov/2023:15:24:27 -0500] "HEAD /BLA/boletinlegal/ HTTP/1.1" 200 -
52.167.144.182 - - [26/Nov/2023:15:26:22 -0500] "GET /BLA/resoluciones/AUTOS%202023/5518.pdf HTTP/1.1" 200 589309
201.245.192.253 - - [26/Nov/2023:15:26:28 -0500] "POST /kwsrmcab/Wsrmcab HTTP/1.1" 200 42098
201.245.192.253 - - [26/Nov/2023:15:26:31 -0500] "POST /kwsrmcab/Wsrmcab HTTP/1.1" 200 42086
173.252.107.118 - - [26/Nov/2023:15:26:35 -0500] "GET /participa-del-panel-progreso-hacia-un-aire-limpio.html HTTP/1.1" 200 906
173.252.107.119 - - [26/Nov/2023:15:26:36 -0500] "GET /participa-del-panel-progreso-hacia-un-aire-limpio.html HTTP/1.1" 200 906
172.22.2.4 - - [26/Nov/2023:15:25:17 -0500] "GET /BLA/boletinlegal/ HTTP/1.1" 200 58644
201.245.192.253 - - [26/Nov/2023:15:27:46 -0500] "POST /kwsrmcab/Wsrmcab  HTTP/1.1" 200 41956
201.245.192.253 - - [26/Nov/2023:15:30:01 -0500] "POST /kwsrmcab/Wsrmcab HTTP/1.1" 200 42098
111.202.101.46 - - [26/Nov/2023:15:30:05 -0500] "GET / HTTP/1.1" 200 319
52.167.144.182 - - [26/Nov/2023:15:30:14 -0500] "GET /BLA/resoluciones/AUTOS%202023/5846.pdf HTTP/1.1" 200 389184
199.16.157.180 - - [26/Nov/2023:15:30:17 -0500] "GET /images/pl%C3%A1sticos%20foto%201..jpg HTTP/1.1" 404 1034
199.16.157.181 - - [26/Nov/2023:15:30:18 -0500] "GET /images/pl%C3%A1sticos%20foto%201..jpg HTTP/1.1" 404 1034
216.245.221.92 - - [26/Nov/2023:15:30:47 -0500] "HEAD / HTTP/1.1" 200 -
191.156.44.88 - - [26/Nov/2023:15:31:44 -0500] "GET /sipse/faces/index.xhtml HTTP/1.1" 200 677
191.156.44.88 - - [26/Nov/2023:15:31:44 -0500] "GET /sipse/faces/javax.faces.resource/theme.css?ln=primefaces-sipse HTTP/1.1" 304 -
191.156.44.88 - - [26/Nov/2023:15:31:44 -0500] "GET /sipse/faces/faces/autenticacion.xhtml HTTP/1.1" 200 12407
191.156.40.14 - - [26/Nov/2023:15:31:44 -0500] "GET /sipse/css/custom_css_sg_prime_login.css HTTP/1.1" 304 -
191.156.44.88 - - [26/Nov/2023:15:31:44 -0500] "GET /sipse/css/custom_css_sg.css HTTP/1.1" 304 -
191.156.47.6 - - [26/Nov/2023:15:31:44 -0500] "GET /sipse/faces/javax.faces.resource/theme.css?ln=primefaces-sipse HTTP/1.1" 304 -
191.156.42.242 - - [26/Nov/2023:15:31:44 -0500] "GET /sipse/faces/javax.faces.resource/layout/layout.css?ln=primefaces&v=4.0 HTTP/1.1" 304 -
191.156.47.6 - - [26/Nov/2023:15:31:44 -0500] "GET /sipse/js/disable_browser_buttons.js HTTP/1.1" 304 -
191.156.42.242 - - [26/Nov/2023:15:31:44 -0500] "GET /sipse/js/funciones.js HTTP/1.1" 304 -
191.156.47.6 - - [26/Nov/2023:15:31:44 -0500] "GET /sipse/faces/javax.faces.resource/layout/layout.js?ln=primefaces&v=4.0 HTTP/1.1" 304 -
191.156.34.166 - - [26/Nov/2023:15:31:44 -0500] "GET /sipse/faces/javax.faces.resource/primefaces.css?ln=primefaces&v=4.0 HTTP/1.1" 200 53295
191.156.44.88 - - [26/Nov/2023:15:31:44 -0500] "GET /sipse/faces/javax.faces.resource/jquery/jquery.js?ln=primefaces&v=4.0 HTTP/1.1" 200 105384
191.156.44.88 - - [26/Nov/2023:15:31:44 -0500] "GET /sipse/faces/javax.faces.resource/primefaces.js?ln=primefaces&v=4.0 HTTP/1.1" 200 276924
191.156.40.14 - - [26/Nov/2023:15:31:44 -0500] "GET /sipse/faces/javax.faces.resource/jquery/jquery-plugins.js?ln=primefaces&v=4.0 HTTP/1.1" 200 220526
191.156.44.88 - - [26/Nov/2023:15:31:46 -0500] "GET /sipse/css/imagen/loginimg.png HTTP/1.1" 304 -
191.156.44.88 - - [26/Nov/2023:15:31:46 -0500] "GET /sipse/faces/javax.faces.resource/images/ui-icons_898989_256x240.png?ln=primefaces-aristo HTTP/1.1" 200 5355
191.156.40.14 - - [26/Nov/2023:15:31:46 -0500] "GET /sipse/css/imagen/logoSDG.png HTTP/1.1" 200 53064
191.156.40.14 - - [26/Nov/2023:15:31:50 -0500] "POST /sipse/faces/autenticacion.xhtml HTTP/1.1" 200 16779
191.156.44.88 - - [26/Nov/2023:15:31:50 -0500] "GET /sipse/css/custom_css_sg_prime.css HTTP/1.1" 304 -
191.156.40.14 - - [26/Nov/2023:15:31:50 -0500] "GET /sipse/faces/javax.faces.resource/theme.css?ln=primefaces-sipse HTTP/1.1" 304 -
191.156.44.88 - - [26/Nov/2023:15:31:51 -0500] "GET /sipse/faces/javax.faces.resource/primefaces.css?ln=primefaces&v=4.0 HTTP/1.1" 304 -
191.156.34.166 - - [26/Nov/2023:15:31:51 -0500] "GET /sipse/faces/javax.faces.resource/layout/layout.css?ln=primefaces&v=4.0 HTTP/1.1" 304 -
191.156.47.6 - - [26/Nov/2023:15:31:51 -0500] "GET /sipse/js/jquery.min.js HTTP/1.1" 304 -
191.156.47.6 - - [26/Nov/2023:15:31:51 -0500] "GET /sipse/faces/javax.faces.resource/jquery/jquery.js?ln=primefaces&v=4.0 HTTP/1.1" 304 -
191.156.47.6 - - [26/Nov/2023:15:31:51 -0500] "GET /sipse/faces/javax.faces.resource/jquery/jquery-plugins.js?ln=primefaces&v=4.0 HTTP/1.1" 304 -
191.156.47.6 - - [26/Nov/2023:15:31:51 -0500] "GET /sipse/faces/javax.faces.resource/primefaces.js?ln=primefaces&v=4.0 HTTP/1.1" 304 -
191.156.47.6 - - [26/Nov/2023:15:31:51 -0500] "GET /sipse/faces/javax.faces.resource/layout/layout.js?ln=primefaces&v=4.0 HTTP/1.1" 304 -
191.156.47.6 - - [26/Nov/2023:15:31:51 -0500] "GET /sipse/css/v_mergente.css HTTP/1.1" 200 1505
191.156.44.88 - - [26/Nov/2023:15:31:51 -0500] "GET /sipse/css/imagen/contrasena.png HTTP/1.1" 404 383
191.156.44.88 - - [26/Nov/2023:15:31:51 -0500] "GET /sipse/imagenes/cargando.gif HTTP/1.1" 304 -
191.156.40.14 - - [26/Nov/2023:15:31:51 -0500] "GET /sipse/faces/javax.faces.resource/messages/messages.png?ln=primefaces&v=4.0 HTTP/1.1" 200 27209
191.156.34.166 - - [26/Nov/2023:15:31:51 -0500] "GET /sipse/imagenes/logoAplicacion.jpg HTTP/1.1" 200 155084
191.156.44.88 - - [26/Nov/2023:15:31:56 -0500] "GET /sipse/faces/javax.faces.resource/images/ui-bg_flat_0_2d5972_40x100.png?ln=primefaces-aristo HTTP/1.1" 304 -
191.156.41.237 - - [26/Nov/2023:15:31:56 -0500] "POST /sipse/faces/bienvenido.xhtml HTTP/1.1" 200 2658
172.22.2.4 - - [26/Nov/2023:15:30:17 -0500] "HEAD /BLA/boletinlegal/ HTTP/1.1" 200 -
191.156.41.237 - - [26/Nov/2023:15:31:58 -0500] "POST /sipse/faces/bienvenido.xhtml HTTP/1.1" 200 33028
191.156.44.88 - - [26/Nov/2023:15:31:59 -0500] "GET /sipse/faces/javax.faces.resource/primefaces.css?ln=primefaces&v=4.0 HTTP/1.1" 304 -
191.156.41.237 - - [26/Nov/2023:15:31:59 -0500] "GET /sipse/faces/javax.faces.resource/theme.css?ln=primefaces-sipse HTTP/1.1" 304 -
191.156.41.237 - - [26/Nov/2023:15:31:59 -0500] "GET /sipse/css/imagen/contrasena.png HTTP/1.1" 404 383
191.156.44.88 - - [26/Nov/2023:15:31:59 -0500] "GET /sipse/faces/javax.faces.resource/jquery/jquery.js?ln=primefaces&v=4.0 HTTP/1.1" 304 -
191.156.42.105 - - [26/Nov/2023:15:31:59 -0500] "GET /sipse/faces/javax.faces.resource/layout/layout.css?ln=primefaces&v=4.0 HTTP/1.1" 304 -
191.156.41.237 - - [26/Nov/2023:15:31:59 -0500] "GET /sipse/faces/javax.faces.resource/jquery/jquery-plugins.js?ln=primefaces&v=4.0 HTTP/1.1" 304 -
191.156.41.237 - - [26/Nov/2023:15:32:00 -0500] "GET /sipse/faces/javax.faces.resource/primefaces.js?ln=primefaces&v=4.0 HTTP/1.1" 304 -
191.156.41.237 - - [26/Nov/2023:15:32:00 -0500] "GET /sipse/faces/javax.faces.resource/layout/layout.js?ln=primefaces&v=4.0 HTTP/1.1" 304 -
191.156.41.237 - - [26/Nov/2023:15:32:00 -0500] "POST /sipse/faces/presentacion/financiero/solicitudProceso/listarSolicitudProceso.xhtml HTTP/1.1" 200 1372
201.245.192.253 - - [26/Nov/2023:15:32:16 -0500] "POST /kwsrmcab/Wsrmcab HTTP/1.1" 200 42086
52.167.144.142 - - [26/Nov/2023:15:32:30 -0500] "GET /BLA/resoluciones/AUTOS%202013/1467.pdf HTTP/1.1" 200 430204
201.245.192.253 - - [26/Nov/2023:15:32:45 -0500] "POST /kwsrmcab/Wsrmcab  HTTP/1.1" 200 41956
172.22.2.4 - - [26/Nov/2023:15:31:07 -0500] "GET /BLA/boletinlegal/ HTTP/1.1" 200 60634
172.22.2.4 - - [26/Nov/2023:15:33:07 -0500] "GET /BLA/boletinlegal/ HTTP/1.1" 200 63167
52.167.144.142 - - [26/Nov/2023:15:35:02 -0500] "GET /BLA/resoluciones/AUTOS%202023/5006.pdf HTTP/1.1" 200 515626
172.22.2.4 - - [26/Nov/2023:15:35:16 -0500] "GET /BLA/boletinlegal/jurisprudencia.php HTTP/1.1" 200 17583
172.22.2.4 - - [26/Nov/2023:15:35:32 -0500] "GET /BLA/boletinlegal/js/popup.js HTTP/1.1" 200 1270
216.245.221.92 - - [26/Nov/2023:15:35:46 -0500] "HEAD / HTTP/1.1" 200 -
201.245.192.253 - - [26/Nov/2023:15:36:28 -0500] "POST /kwsrmcab/Wsrmcab HTTP/1.1" 200 42098
201.245.192.253 - - [26/Nov/2023:15:36:31 -0500] "POST /kwsrmcab/Wsrmcab HTTP/1.1" 200 42086
172.22.2.4 - - [26/Nov/2023:15:37:03 -0500] "GET /BLA/boletinlegal/Circulares/2019/.pdf HTTP/1.1" 404 1218
172.22.2.4 - - [26/Nov/2023:15:37:15 -0500] "GET /BLA/boletinlegal/Circulares/2012/Circular%20No.%2010%20del%2026%20de%20Enero%20de%202012.pdf HTTP/1.1" 404 1218
201.245.192.253 - - [26/Nov/2023:15:37:45 -0500] "POST /kwsrmcab/Wsrmcab  HTTP/1.1" 200 41956
172.22.2.4 - - [26/Nov/2023:15:36:07 -0500] "HEAD /BLA/boletinlegal/ HTTP/1.1" 200 -
172.22.2.4 - - [26/Nov/2023:15:36:57 -0500] "GET /BLA/boletinlegal/ HTTP/1.1" 200 58644
40.77.167.68 - - [26/Nov/2023:15:39:42 -0500] "GET /BLA/resoluciones/AUTOS%202023/5622.pdf HTTP/1.1" 200 448850
201.245.192.253 - - [26/Nov/2023:15:40:02 -0500] "POST /kwsrmcab/Wsrmcab HTTP/1.1" 200 42098
216.245.221.92 - - [26/Nov/2023:15:40:47 -0500] "HEAD / HTTP/1.1" 200 -
201.245.192.253 - - [26/Nov/2023:15:42:16 -0500] "POST /kwsrmcab/Wsrmcab HTTP/1.1" 200 42086
201.245.192.253 - - [26/Nov/2023:15:42:43 -0500] "POST /kwsrmcab/Wsrmcab  HTTP/1.1" 200 41956
172.22.2.4 - - [26/Nov/2023:15:41:57 -0500] "HEAD /BLA/boletinlegal/ HTTP/1.1" 200 -
200.119.184.240 - - [26/Nov/2023:15:43:46 -0500] "GET /BLA/resoluciones/RESOLUCIONES%202019/3093.pdf HTTP/1.1" 200 292489
200.119.184.240 - - [26/Nov/2023:15:43:46 -0500] "GET /favicon.ico HTTP/1.1" 200 7782
172.22.2.4 - - [26/Nov/2023:15:42:47 -0500] "GET /BLA/boletinlegal/ HTTP/1.1" 200 60634
216.245.221.92 - - [26/Nov/2023:15:45:47 -0500] "HEAD / HTTP/1.1" 200 -
172.22.2.4 - - [26/Nov/2023:15:45:51 -0500] "GET /BLA/boletinlegal/style.css HTTP/1.1" 200 9406
172.22.2.4 - - [26/Nov/2023:15:45:51 -0500] "GET /BLA/boletinlegal/styles2.css HTTP/1.1" 200 1838
172.22.2.4 - - [26/Nov/2023:15:45:51 -0500] "GET /BLA/boletinlegal/js/jquery.js HTTP/1.1" 200 57254
172.22.2.4 - - [26/Nov/2023:15:45:51 -0500] "GET /BLA/boletinlegal/js/jquery.scrollShow.js HTTP/1.1" 200 4586
172.22.2.4 - - [26/Nov/2023:15:45:51 -0500] "GET /BLA/boletinlegal/js/jquery.scrollTo-min.js HTTP/1.1" 200 1150
172.22.2.4 - - [26/Nov/2023:15:45:51 -0500] "GET /BLA/boletinlegal/images/screen_1.png HTTP/1.1" 200 202547
172.22.2.4 - - [26/Nov/2023:15:45:51 -0500] "GET /BLA/boletinlegal/images/cabezote%20BLEGAL.jpg HTTP/1.1" 200 118164
172.22.2.4 - - [26/Nov/2023:15:45:51 -0500] "GET /BLA/boletinlegal/images/subscribe-icon-big.png HTTP/1.1" 200 47702
172.22.2.4 - - [26/Nov/2023:15:45:51 -0500] "GET /BLA/boletinlegal/images/registro-usuarios.png HTTP/1.1" 200 8106
172.22.2.4 - - [26/Nov/2023:15:45:51 -0500] "GET /BLA/boletinlegal/images/historia.png HTTP/1.1" 200 52775
172.22.2.4 - - [26/Nov/2023:15:45:51 -0500] "GET /BLA/boletinlegal/images/arr_l.jpg HTTP/1.1" 200 1979
172.22.2.4 - - [26/Nov/2023:15:45:51 -0500] "GET /BLA/boletinlegal/images/launch.jpg HTTP/1.1" 200 14577
172.22.2.4 - - [26/Nov/2023:15:45:51 -0500] "GET /BLA/boletinlegal/images/body_bg.jpg HTTP/1.1" 200 1601
172.22.2.4 - - [26/Nov/2023:15:45:51 -0500] "GET /BLA/boletinlegal/images/menu_lft.gif HTTP/1.1" 200 1713
172.22.2.4 - - [26/Nov/2023:15:45:51 -0500] "GET /BLA/boletinlegal/images/menu_rght.gif HTTP/1.1" 200 1627
172.22.2.4 - - [26/Nov/2023:15:45:51 -0500] "GET /BLA/boletinlegal/images/menu_bg.jpg HTTP/1.1" 200 620
172.22.2.4 - - [26/Nov/2023:15:45:51 -0500] "GET /BLA/boletinlegal/images/bg_top.jpg HTTP/1.1" 200 522
172.22.2.4 - - [26/Nov/2023:15:45:51 -0500] "GET /BLA/boletinlegal/images/text.jpg HTTP/1.1" 200 568
172.22.2.4 - - [26/Nov/2023:15:45:51 -0500] "GET /BLA/boletinlegal/images/hover.jpg HTTP/1.1" 200 640
172.22.2.4 - - [26/Nov/2023:15:45:53 -0500] "GET /BLA/boletinlegal/images/arr_r.jpg HTTP/1.1" 200 1998
172.22.2.4 - - [26/Nov/2023:15:45:53 -0500] "GET /BLA/boletinlegal/images/screen_3.png HTTP/1.1" 200 210620
172.22.2.4 - - [26/Nov/2023:15:45:53 -0500] "GET /BLA/boletinlegal/images/screen_5.png HTTP/1.1" 200 368876
172.22.2.4 - - [26/Nov/2023:15:45:53 -0500] "GET /BLA/boletinlegal/images/screen_2.png HTTP/1.1" 200 362502
172.22.2.4 - - [26/Nov/2023:15:45:53 -0500] "GET /BLA/boletinlegal/images/footer_bg.jpg HTTP/1.1" 200 586
172.22.2.4 - - [26/Nov/2023:15:45:53 -0500] "GET /BLA/boletinlegal/actos.php HTTP/1.1" 200 9682
172.22.2.4 - - [26/Nov/2023:15:45:53 -0500] "GET /BLA/boletinlegal/js/ajax_actos.js HTTP/1.1" 200 1322
172.22.2.4 - - [26/Nov/2023:15:45:53 -0500] "GET /BLA/boletinlegal/niceforms.js HTTP/1.1" 200 22876
172.22.2.4 - - [26/Nov/2023:15:45:53 -0500] "GET /BLA/boletinlegal/niceforms-default.css HTTP/1.1" 200 6694
172.22.2.4 - - [26/Nov/2023:15:45:53 -0500] "GET /BLA/boletinlegal/js/popup.js HTTP/1.1" 200 1270
172.22.2.4 - - [26/Nov/2023:15:45:53 -0500] "GET /BLA/boletinlegal/js/lib.js HTTP/1.1" 200 6474
172.22.2.4 - - [26/Nov/2023:15:45:53 -0500] "GET /BLA/boletinlegal/js/jquery1.js HTTP/1.1" 200 29846
172.22.2.4 - - [26/Nov/2023:15:45:53 -0500] "GET /BLA/boletinlegal/images/green-yellow-blue-pink-th.png HTTP/1.1" 200 7394
172.22.2.4 - - [26/Nov/2023:15:45:53 -0500] "GET /BLA/boletinlegal/images/tel.png HTTP/1.1" 200 14477
172.22.2.4 - - [26/Nov/2023:15:45:53 -0500] "GET /BLA/boletinlegal/images/icono-email.png HTTP/1.1" 200 5544
172.22.2.4 - - [26/Nov/2023:15:45:53 -0500] "GET /BLA/boletinlegal/images/footer_bg_l.jpg HTTP/1.1" 200 776
172.22.2.4 - - [26/Nov/2023:15:45:53 -0500] "GET /BLA/boletinlegal/img/button.png HTTP/1.1" 200 43241
172.22.2.4 - - [26/Nov/2023:15:45:53 -0500] "GET /BLA/boletinlegal/img/0.png HTTP/1.1" 200 110
172.22.2.4 - - [26/Nov/2023:15:45:53 -0500] "GET /BLA/boletinlegal/img/button-left.png HTTP/1.1" 200 57071
172.22.2.4 - - [26/Nov/2023:15:45:53 -0500] "GET /BLA/boletinlegal/img/select-right.png HTTP/1.1" 200 44019
172.22.2.4 - - [26/Nov/2023:15:45:53 -0500] "GET /BLA/boletinlegal/img/select-left.png HTTP/1.1" 200 263
172.22.2.4 - - [26/Nov/2023:15:45:53 -0500] "GET /BLA/boletinlegal/img/button-right.png HTTP/1.1" 200 57878
172.22.2.4 - - [26/Nov/2023:15:45:53 -0500] "GET /BLA/boletinlegal/favicon.ico HTTP/1.1" 404 1326
172.22.2.4 - - [26/Nov/2023:15:46:00 -0500] "GET /BLA/boletinlegal/consulta_actos.php?tipo=resoluciones&no=&usuario=&sector=&fecha=2023&resuelve= HTTP/1.1" 200 361266
172.22.2.4 - - [26/Nov/2023:15:46:00 -0500] "GET /BLA/boletinlegal/images/pdf.gif HTTP/1.1" 200 567
172.22.2.4 - - [26/Nov/2023:15:46:00 -0500] "GET /BLA/boletinlegal/images/background.gif HTTP/1.1" 200 -
172.22.2.4 - - [26/Nov/2023:15:45:45 -0500] "GET /BLA/boletinlegal/ HTTP/1.1" 200 32715
172.22.2.4 - - [26/Nov/2023:15:46:34 -0500] "GET /BLA/boletinlegal/consulta_actos.php?tipo=resoluciones&no=&usuario=&sector=&fecha=2023&resuelve=Nombramiento HTTP/1.1" 200 2236
172.22.2.4 - - [26/Nov/2023:15:47:15 -0500] "GET /BLA/boletinlegal/consulta_actos.php?tipo=resoluciones&no=&usuario=&sector=&fecha=2023&resuelve=Yesenia%20Donoso HTTP/1.1" 200 626
66.249.66.193 - - [26/Nov/2023:15:47:25 -0500] "GET /conoce-las-medidas-de-prevencion-y-mitigacion-contempladas-en-la-alerta-fase-1-por-calidad-del-aire.html HTTP/1.1" 304 -
201.245.192.253 - - [26/Nov/2023:15:47:41 -0500] "POST /kwsrmcab/Wsrmcab  HTTP/1.1" 200 41956
193.35.18.187 - - [26/Nov/2023:15:48:36 -0500] "CONNECT google.com:443 HTTP/1.1" 405 938
40.77.167.68 - - [26/Nov/2023:15:49:23 -0500] "GET /BLA/resoluciones/AUTOS%202013/1470.pdf HTTP/1.1" 200 1067351
172.22.2.4 - - [26/Nov/2023:15:47:47 -0500] "HEAD /BLA/boletinlegal/ HTTP/1.1" 200 -
172.22.2.4 - - [26/Nov/2023:15:48:38 -0500] "GET /BLA/boletinlegal/ HTTP/1.1" 200 58294
216.245.221.92 - - [26/Nov/2023:15:50:46 -0500] "HEAD / HTTP/1.1" 200 -
52.167.144.212 - - [26/Nov/2023:15:50:52 -0500] "GET /BLA/resoluciones/AUTOS%202023/7770.pdf HTTP/1.1" 200 518145
201.245.192.253 - - [26/Nov/2023:15:52:39 -0500] "POST /kwsrmcab/Wsrmcab  HTTP/1.1" 200 41956
181.56.235.113 - - [26/Nov/2023:15:53:53 -0500] "GET /BLA/resoluciones/ HTTP/1.1" 200 13696
181.56.235.113 - - [26/Nov/2023:15:53:56 -0500] "GET /BLA/resoluciones/index.php?dir=AUTOS+2014%2F HTTP/1.1" 200 891177
181.56.235.113 - - [26/Nov/2023:15:53:57 -0500] "GET /BLA/resoluciones/dlf/unknown.png HTTP/1.1" 200 266
52.167.144.236 - - [26/Nov/2023:15:54:24 -0500] "GET /BLA/resoluciones/AUTOS%202023/5598.pdf HTTP/1.1" 200 527504
40.77.167.21 - - [26/Nov/2023:15:54:29 -0500] "GET /BLA/resoluciones/AUTOS%202021/1612.pdf HTTP/1.1" 304 -
172.22.2.4 - - [26/Nov/2023:15:53:37 -0500] "HEAD /BLA/boletinlegal/ HTTP/1.1" 200 -
216.245.221.92 - - [26/Nov/2023:15:55:47 -0500] "HEAD / HTTP/1.1" 200 -
172.22.2.4 - - [26/Nov/2023:15:54:27 -0500] "GET /BLA/boletinlegal/ HTTP/1.1" 200 61018
172.22.2.4 - - [26/Nov/2023:15:56:31 -0500] "GET /BLA/boletinlegal/.env HTTP/1.1" 404 1018
172.22.2.4 - - [26/Nov/2023:15:56:39 -0500] "GET /BLA/boletinlegal/actos.php HTTP/1.1" 200 9682
172.22.2.4 - - [26/Nov/2023:15:56:31 -0500] "POST /BLA/boletinlegal/ HTTP/1.1" 200 24523
201.245.192.253 - - [26/Nov/2023:15:57:37 -0500] "POST /kwsrmcab/Wsrmcab  HTTP/1.1" 200 41956
168.119.251.242 - - [26/Nov/2023:15:58:10 -0500] "GET / HTTP/1.1" 200 319
168.119.251.242 - - [26/Nov/2023:15:58:13 -0500] "GET / HTTP/1.1" 200 4720
139.99.28.145 - - [26/Nov/2023:15:58:50 -0500] "GET /.env HTTP/1.1" 404 1018
139.99.28.145 - - [26/Nov/2023:15:58:51 -0500] "POST / HTTP/1.1" 200 319
52.167.144.212 - - [26/Nov/2023:15:58:52 -0500] "GET /BLA/resoluciones/AUTOS%202023/0473.pdf HTTP/1.1" 200 463151
66.249.66.75 - - [26/Nov/2023:15:59:27 -0500] "GET /portaldeninos/humedal-santa-maria-del-lago/ HTTP/1.1" 200 88988
66.249.66.192 - - [26/Nov/2023:15:59:28 -0500] "GET /atrapamoscas-coronidorado-ave-austral-que-se-registro-en-el-humedal-cordoba.html HTTP/1.1" 200 991
216.245.221.92 - - [26/Nov/2023:16:00:46 -0500] "HEAD / HTTP/1.1" 200 -
172.22.2.4 - - [26/Nov/2023:15:59:27 -0500] "HEAD /BLA/boletinlegal/ HTTP/1.1" 200 -
172.22.2.4 - - [26/Nov/2023:16:00:17 -0500] "GET /BLA/boletinlegal/ HTTP/1.1" 200 60634
40.77.167.70 - - [26/Nov/2023:16:02:08 -0500] "GET /BLA/resoluciones/AUTOS%202013/1118.pdf HTTP/1.1" 200 1011792
201.245.192.253 - - [26/Nov/2023:16:02:35 -0500] "POST /kwsrmcab/Wsrmcab  HTTP/1.1" 200 41956
216.245.221.92 - - [26/Nov/2023:16:05:47 -0500] "HEAD / HTTP/1.1" 200 -
172.22.2.4 - - [26/Nov/2023:16:05:17 -0500] "HEAD /BLA/boletinlegal/ HTTP/1.1" 200 -
201.245.192.253 - - [26/Nov/2023:16:07:36 -0500] "POST /kwsrmcab/Wsrmcab  HTTP/1.1" 200 41956
172.22.2.4 - - [26/Nov/2023:16:06:07 -0500] "GET /BLA/boletinlegal/ HTTP/1.1" 200 58644
52.167.144.142 - - [26/Nov/2023:16:08:17 -0500] "GET /portaldeninos/wp-content/uploads/2021/07/grafico-humedales-bogota-1-julio-300x231.jpg HTTP/1.1" 200 20111
40.77.167.28 - - [26/Nov/2023:16:08:24 -0500] "GET /BLA/resoluciones/AUTOS%202023/5169.pdf HTTP/1.1" 200 511885
40.77.167.60 - - [26/Nov/2023:16:10:21 -0500] "GET /BLA/resoluciones/AUTOS%202023/7358.pdf HTTP/1.1" 200 485092
216.245.221.92 - - [26/Nov/2023:16:10:46 -0500] "HEAD / HTTP/1.1" 200 -
173.252.127.17 - - [26/Nov/2023:16:11:14 -0500] "GET /images/presentaci\xc3\xb3n%20convenci\xc3\xb3n.jpg HTTP/1.1" 404 1034
201.245.192.253 - - [26/Nov/2023:16:12:34 -0500] "POST /kwsrmcab/Wsrmcab  HTTP/1.1" 200 41956
173.252.95.19 - - [26/Nov/2023:16:12:46 -0500] "GET /sendero-las-mo HTTP/1.1" 404 1034
172.22.2.4 - - [26/Nov/2023:16:11:07 -0500] "HEAD /BLA/boletinlegal/ HTTP/1.1" 200 -
173.252.95.23 - - [26/Nov/2023:16:12:47 -0500] "GET /sendero-las-mo HTTP/1.1" 404 1034
173.252.95.119 - - [26/Nov/2023:16:12:47 -0500] "GET /sendero-las-mo HTTP/1.1" 404 1034
173.252.95.18 - - [26/Nov/2023:16:12:47 -0500] "GET /sendero-las-mo HTTP/1.1" 404 1034
69.171.231.8 - - [26/Nov/2023:16:12:48 -0500] "GET /sendero-las-mo HTTP/1.1" 404 1034
173.252.83.1 - - [26/Nov/2023:16:12:51 -0500] "GET /sendero-las-mo HTTP/1.1" 404 1034
173.252.95.22 - - [26/Nov/2023:16:13:02 -0500] "GET /sendero-las-moyas-iniciativa-privada-enfocada-en-procesos-de-restauracion-conservacion-y-educacion-ambiental.html HTTP/1.1" 206 1013
173.252.95.10 - - [26/Nov/2023:16:13:03 -0500] "GET /sendero-las-moyas-iniciativa-privada-enfocada-en-procesos-de-restauracion-conservacion-y-educacion-ambiental.html HTTP/1.1" 200 1013
173.252.95.14 - - [26/Nov/2023:16:13:03 -0500] "GET /sendero-las-moyas-iniciativa-privada-enfocada-en-procesos-de-restauracion-conservacion-y-educacion-ambiental.html HTTP/1.1" 200 1013
173.252.87.120 - - [26/Nov/2023:16:13:03 -0500] "GET /images/1Moyas%20SDA.jpeg HTTP/1.1" 200 84469
66.249.66.192 - - [26/Nov/2023:16:13:33 -0500] "GET /mas-de-100-arboles-fueron-plantados-en-el-humedal-de-techo.html HTTP/1.1" 200 750
172.22.2.4 - - [26/Nov/2023:16:11:57 -0500] "GET /BLA/boletinlegal/ HTTP/1.1" 200 60224
40.77.167.60 - - [26/Nov/2023:16:13:41 -0500] "GET /BLA/resoluciones/AUTOS%202023/4839.pdf HTTP/1.1" 200 825922
199.16.157.182 - - [26/Nov/2023:16:15:26 -0500] "GET /participa-del- HTTP/1.1" 404 1034
199.16.157.180 - - [26/Nov/2023:16:15:29 -0500] "GET /participa-del- HTTP/1.1" 404 1034
216.245.221.92 - - [26/Nov/2023:16:15:46 -0500] "HEAD / HTTP/1.1" 200 -
201.245.192.253 - - [26/Nov/2023:16:16:27 -0500] "POST /kwsrmcab/Wsrmcab HTTP/1.1" 200 42105
201.245.192.253 - - [26/Nov/2023:16:16:31 -0500] "POST /kwsrmcab/Wsrmcab HTTP/1.1" 200 42254
201.245.192.253 - - [26/Nov/2023:16:17:34 -0500] "POST /kwsrmcab/Wsrmcab  HTTP/1.1" 200 41956
172.22.2.4 - - [26/Nov/2023:16:16:57 -0500] "HEAD /BLA/boletinlegal/ HTTP/1.1" 200 -
3.224.220.101 - - [26/Nov/2023:16:18:48 -0500] "GET /robots.txt HTTP/1.1" 404 1034
3.224.220.101 - - [26/Nov/2023:16:18:53 -0500] "GET /propietarios-inscritos-en-el-inventario-nacional-de-bifenilos-de-policlorados-tienen-plazo-hasta-noviembre-para-reportar-su-balance.html HTTP/1.1" 200 1003
192.133.77.14 - - [26/Nov/2023:16:18:55 -0500] "GET /participa-del-panel-progreso-hacia-un-aire-limpio.html HTTP/1.1" 200 906
168.119.76.160 - - [26/Nov/2023:16:19:05 -0500] "GET /robots.txt HTTP/1.1" 404 1034
168.119.76.160 - - [26/Nov/2023:16:19:05 -0500] "GET /participa-del-panel-progreso-hacia-un-aire-limpio.html HTTP/1.1" 200 906
172.22.2.4 - - [26/Nov/2023:16:17:47 -0500] "GET /BLA/boletinlegal/ HTTP/1.1" 200 58644
201.245.192.253 - - [26/Nov/2023:16:20:02 -0500] "POST /kwsrmcab/Wsrmcab HTTP/1.1" 200 42105
216.245.221.92 - - [26/Nov/2023:16:20:46 -0500] "HEAD / HTTP/1.1" 200 -
201.245.192.253 - - [26/Nov/2023:16:22:23 -0500] "POST /kwsrmcab/Wsrmcab HTTP/1.1" 200 42254
201.245.192.253 - - [26/Nov/2023:16:22:32 -0500] "POST /kwsrmcab/Wsrmcab  HTTP/1.1" 200 41956
52.167.144.229 - - [26/Nov/2023:16:23:55 -0500] "GET /BLA/resoluciones/RESOLUCIONES%202018/1474.pdf HTTP/1.1" 304 -
172.22.2.4 - - [26/Nov/2023:16:22:47 -0500] "HEAD /BLA/boletinlegal/ HTTP/1.1" 200 -
172.22.2.4 - - [26/Nov/2023:16:23:39 -0500] "GET /BLA/boletinlegal/ HTTP/1.1" 200 58644
216.245.221.92 - - [26/Nov/2023:16:25:46 -0500] "HEAD / HTTP/1.1" 200 -
201.245.192.253 - - [26/Nov/2023:16:26:28 -0500] "POST /kwsrmcab/Wsrmcab HTTP/1.1" 200 42105
201.245.192.253 - - [26/Nov/2023:16:26:32 -0500] "POST /kwsrmcab/Wsrmcab HTTP/1.1" 200 42254
201.245.192.253 - - [26/Nov/2023:16:27:31 -0500] "POST /kwsrmcab/Wsrmcab  HTTP/1.1" 200 41956
51.222.253.5 - - [26/Nov/2023:16:28:21 -0500] "GET /con-participacion-bogota-avanza-en-la-construccion-de-la-politica-publica-de-accion-climatica-2050.html HTTP/1.1" 200 806
52.167.144.171 - - [26/Nov/2023:16:29:53 -0500] "GET /BLA/resoluciones/AUTOS%202023/5584.pdf HTTP/1.1" 200 448082
201.245.192.253 - - [26/Nov/2023:16:30:01 -0500] "POST /kwsrmcab/Wsrmcab HTTP/1.1" 200 42105
172.22.2.4 - - [26/Nov/2023:16:28:39 -0500] "HEAD /BLA/boletinlegal/ HTTP/1.1" 200 -
216.245.221.92 - - [26/Nov/2023:16:30:46 -0500] "HEAD / HTTP/1.1" 200 -
172.22.2.4 - - [26/Nov/2023:16:29:30 -0500] "GET /BLA/boletinlegal/ HTTP/1.1" 200 58294
201.245.192.253 - - [26/Nov/2023:16:32:15 -0500] "POST /kwsrmcab/Wsrmcab HTTP/1.1" 200 42254
201.245.192.253 - - [26/Nov/2023:16:32:31 -0500] "POST /kwsrmcab/Wsrmcab  HTTP/1.1" 200 41956
172.22.2.4 - - [26/Nov/2023:16:32:54 -0500] "GET /BLA/boletinlegal/ HTTP/1.1" 200 62379
191.107.139.189 - - [26/Nov/2023:16:35:03 -0500] "GET /kwssiamovil/sm/ldap/au?x=U2FsdGVkX1+pqngVXaTM3uhA65wVehuI5/6tZdEN52mb26+9kjkEc9AvwIvr/YSj&y=U2FsdGVkX1+qk0C7wUs1CU6wPBkSsZGbQoxsiJbtrkPl5W8sRV09LpO5kyDS6TEs HTTP/1.1" 200 30
191.107.139.189 - - [26/Nov/2023:16:35:03 -0500] "GET /kwssiamovil/sm/acme/s?s=U2FsdGVkX1/f33TGgfjip/wA8O+qpssvGl8BQLPBOvUmoECnAvDRuF2fVrQV/h3m8tLdJPsN+wx4SzriIL1DHLEerErgT4f23vuAmSxjdCc=&u=U2FsdGVkX19oywI6HKF942CFkfK8MD4bo1hLgaZtcP4=&y=U2FsdGVkX1+qk0C7wUs1CU6wPBkSsZGbQoxsiJbtrkPl5W8sRV09LpO5kyDS6TEs HTTP/1.1" 200 97
191.107.139.189 - - [26/Nov/2023:16:35:03 -0500] "GET /kwssiamovil/sm/acme/s?s=U2FsdGVkX1+pUn9mOGrM25R7w3sQISrqC+cvO7PobIUMIQEwPZsFxJQG5qIP8/uyFcvss3UMHVDLmvXh0+COwalMxiesEWpSgcJyyJlZ8NkFazolVa3pCq/DhiQLWRYMtRobXZm/xrZormL1J1EdQx6oVI0PMrjEVSIuHWn9e4v1lsCBSzIWJVJ4p0iqhD9YCHelazqgB57SXP4x80MtQ68VrKAoAO66hHbu2w1+/ueWNmIL1rs+JTHErEOJitYtkwJec/JELqZtv8Ck+pcvd2t/lV3NGEsc8fWc2MF/C3w0lYL3i+YE6xYk9nt1fc2UdkaXg1Z4M6lIzukxq9JTbMe3XASMn+GnKcEcmWI51McPsZ0OjnCfh8MCXimwmuTwWDow4SqjTUjx51JcdKhKk0CgV5ByDrUzUktk/AK3mErB1EyDFSsbjAmMnEDU576xrGrl5tV+nFHEafx/x4RitM1vkAVORY3r2JAP5TJTuX0A1qTa2UG/CujIUKxG2hT1PC9JE/PGlZrjQZmj7WOci8S/mDqTkP3tpHNllUJgntNecMfduqebwKw94PE8X51rFqRCXRqtK7XyuiHKVQVxnT7JJRD/AAFPdC2da7JTZq5k/IUxbt2tnUOETITEsRA9xIoeTjbnUQJs6+Jh7za4FcWjC0n6Kbc/l8qXpRLcrvCVQdFZ8uUVQwI8LyxqJosBSnGAhozpN+f0M2gNhudUhdGD2xWjTmVjCC20iQuMkdKDiERTFq3OqegCBqg6G4SFkoMdHY4a23SZmnYQCB5h8fUUZQxbZE9Qxk+GMjBsbUP42fDjhLZorADCmyuDNyJdDaOIzsi5RjvxLQrNEa2fNuvXwrf28V6aNiPtBUjD9F1jNmxEMLQuF7yHUx3uSQJsRNP5hOnQjX+jiXJm0u6ke7QX6kWn/f4RfHxIVraYjB4EQo2PkUeOI52OzE0ByYieE30Y9x2BR96GNXbxtdELdImYeqk8FngzLhoCaYMVyyJ7E+RWeMD4dPbXbOHGs0hAZv6xSg0jf5wwh2PauFpKZgZYD9UcWN3onv1TKysA8t8WQk1Xp9aMCf4q0dbluEesBmMbkd4yj3AZjTcqNpAED1kwJekFDOYc4WJFUUSe+JiqiZmsAkYuIkq529peuTd2+4bcAOwXCa/UmoCo4ouEicNN9r2MstynY3muoJjBQ9SoKi0V8gEZPgFLvXWt/RwYPp7hmXji7xpbqpgdRCkUA7e0IePDxSRbDCCTQB+ILaG9pUmwStJduql3bin0FRmb15F1Qn8dNDXSbezXn/mZOCdBPIMTlfGWwD2kadHRja8tIgRHpEB00lLw2tOQ6X6QqQmsEGhiHNzeeBUA9H7SJgbrJkdadAbi8WWP1SZa2nsTVjx7ll0c2oXD9ZVmNRiVpjfv3qA3Y5CHCeYeh77qCzWT/xhHvuuARpW1ARZq7Ebw9Kcp23W/3dw7qV7r37Lkz4d5gLmOsZ9T0EU5g3Yod8Qa47l+c0qIEqGVHvSaTpNPwxdt0VnNwDPRKq2t0rjRrCoKGaC2cn17SZgoLLbMVkrAd8JKDtNBC/fB3+TvAXJLGxppEEr1Q3mS6EouHTYE5POU6ySmC3p0xzHvi44juj6bLtyOlnJ8ZVrNASk1I2ZOvkJdBXismdlNJZyGpd4T+cQIcaCizooT3EOCTzdAGraLAdfceAKEQp7Koi9kaDScZpJN5iy7wG1EAAJ8ZEatmgUlSynaYNQ7NsYZRKJx3gUYu0hek3JrunE3yPcYrsM=&u=U2FsdGVkX19oywI6HKF942CFkfK8MD4bo1hLgaZtcP4=&y=U2FsdGVkX1+qk0C7wUs1CU6wPBkSsZGbQoxsiJbtrkPl5W8sRV09LpO5kyDS6TEs HTTP/1.1" 200 1687
191.107.139.189 - - [26/Nov/2023:16:35:03 -0500] "GET /kwssiamovil/sm/acme/s?s=U2FsdGVkX18hzzG60PHyn/ytEiv+BSnod0avs9PT9zvbm3z5OdfemD2w+JFQWQaxyP6lTcxrmIdo+moy/Pt2oP/A4NkntxMrF0tAbwVVIUdAYb5djyAUiAOAsEF/x7GFjtXu+wo2NOxkzPq2BEWqYJXsA183yTJQ0CEqvzwfDqGHk7IxOs7NKsys3qTn2qZ2whmc1NN+4zry8QKMqR2S/vYlFSjbsBZbzhOWHJkjWgJ5SdUE64XVO66t0zrdU9rIe2f2YwHkjiimRktswlQV7VL6TJHEVVlH3Iq1Gu3eonXyo0pCQ5tjDdw/6ym8Qy0m2ALBZFZebVpj+NYseeFbbyReqCV/Q4tTiY8N0JPc9aj0ipWysA4LBFJD9x4P+LkoOujFOj6LaRJpNvPOITFH6zW83GyOcs0SWrOUyT5/WQF1i/W1bN/EoDjOljreeT2rWsuPyHcMLZq/oOyAiFt62WFPf8Roa2IvoPq5A1qDL2yxK7Tx393fWGlgkVv3B5TIadRSESH5hKrtnLSn66Of8ZY4wsKeg4tp0jFdVbZtEazEvhLkxyCZsILiHFjKK44qNEk+c4y3TdHe8RcxFLOUL1cRprtMdFy1BVXp48xYQR46FvWm3NKZas8miVbVAfrb02firJAf9xYsLixSI+2jQaEBp6sZ/DgZUOIjnGddKUEZUbEKAPei80moZRwkxyO0p9+NsVSeShQ+bb/tC7Ixmo3JMlYPhpGSV1DuEfAA2leh57iId3T5BcYvtJo4WS8T&u=U2FsdGVkX19oywI6HKF942CFkfK8MD4bo1hLgaZtcP4=&y=U2FsdGVkX1+qk0C7wUs1CU6wPBkSsZGbQoxsiJbtrkPl5W8sRV09LpO5kyDS6TEs HTTP/1.1" 200 208
191.107.139.189 - - [26/Nov/2023:16:35:04 -0500] "GET /kwssiamovil/sm/cjson/pre?f=1&x=U2FsdGVkX1+pqngVXaTM3uhA65wVehuI5/6tZdEN52mb26+9kjkEc9AvwIvr/YSj HTTP/1.1" 200 31032
216.245.221.92 - - [26/Nov/2023:16:35:46 -0500] "HEAD / HTTP/1.1" 200 -
207.46.13.7 - - [26/Nov/2023:16:35:53 -0500] "GET /BLA/resoluciones/AUTOS%202023/4850.pdf HTTP/1.1" 200 679635
172.22.2.4 - - [26/Nov/2023:16:34:28 -0500] "HEAD /BLA/boletinlegal/ HTTP/1.1" 200 -
201.245.192.253 - - [26/Nov/2023:16:36:27 -0500] "POST /kwsrmcab/Wsrmcab HTTP/1.1" 200 42105
201.245.192.253 - - [26/Nov/2023:16:36:31 -0500] "POST /kwsrmcab/Wsrmcab HTTP/1.1" 200 42254
172.22.2.4 - - [26/Nov/2023:16:35:19 -0500] "GET /BLA/boletinlegal/ HTTP/1.1" 200 60634
172.22.2.4 - - [26/Nov/2023:16:37:10 -0500] "GET /BLA/boletinlegal/Circulares/2019/.pdf HTTP/1.1" 404 1218
172.22.2.4 - - [26/Nov/2023:16:37:18 -0500] "GET /BLA/boletinlegal/Circulares/2012/Circular%20No.%2010%20del%2026%20de%20Enero%20de%202012.pdf HTTP/1.1" 404 1218
201.245.192.253 - - [26/Nov/2023:16:37:30 -0500] "POST /kwsrmcab/Wsrmcab  HTTP/1.1" 200 41956
172.22.2.4 - - [26/Nov/2023:16:39:08 -0500] "GET /BLA/boletinlegal/actos.php HTTP/1.1" 200 9682
172.22.2.4 - - [26/Nov/2023:16:39:09 -0500] "GET /BLA/boletinlegal/favicon.ico HTTP/1.1" 404 1326
190.67.194.228 - - [26/Nov/2023:16:39:13 -0500] "GET /BLA/resoluciones/ HTTP/1.1" 200 13696
190.67.194.228 - - [26/Nov/2023:16:39:14 -0500] "GET /favicon.ico HTTP/1.1" 200 7782
190.67.194.228 - - [26/Nov/2023:16:39:19 -0500] "GET /BLA/resoluciones/index.php?dir=AUTOS+2014%2F HTTP/1.1" 200 891177
201.245.192.253 - - [26/Nov/2023:16:40:01 -0500] "POST /kwsrmcab/Wsrmcab HTTP/1.1" 200 42105
216.245.221.92 - - [26/Nov/2023:16:40:46 -0500] "HEAD / HTTP/1.1" 200 -
191.107.139.189 - - [26/Nov/2023:16:41:49 -0500] "GET /kwssiamovil/sm/acme/a?s=U2FsdGVkX1/QKayNW0bOHQ+R7JB1Kn4rUnzcq4JzufrPaIIBeYFQ4zbC0eqjoFP4+LQcZ7d/NAocPPe8K2PbCDscLuYDiWyYb7WpqeKNecwzFPpKY1/E3O2TDufj1QOxmGq7fEG+8W6liunqTH5628IqS8pAfop9wmKKo0ct8a3Rmx+ZiWAEO5RmJqMyz1wzeuOgiYWgptTGBqRER13qac4SrOo9hB+uhfwhiLkKlnz+/GUnjheQd5wfGAweIy3AYRMypJpRlHYpd2PpW5cH3g==&u=U2FsdGVkX19oywI6HKF942CFkfK8MD4bo1hLgaZtcP4=&y=U2FsdGVkX1+qk0C7wUs1CU6wPBkSsZGbQoxsiJbtrkPl5W8sRV09LpO5kyDS6TEs HTTP/1.1" 200 26
191.107.139.189 - - [26/Nov/2023:16:41:50 -0500] "GET /kwssiamovil/sm/acme/a?s=U2FsdGVkX1+F+LNZtiM/xb412wiPciGj0lbBeK7hqkYCeZeMC20841dW7EIee0NVcXh5j6kc1GeHZbdfTIK7wOxBna6EG5PjnKZ3Md0nQdPPL6hrdlhX3PoeZ5jY2KebrzOKUlIdc0yb+g9L1IkC9w4cd1JrhB+gdQrTfEVhDSQc0t/G4GwtBFRWh8N5btbMBtgAE68xKsIfZp6z9YafriEH72N85iMucVJoivZk1jVNck074b1PCOXPpmflqZHQxZld3JbuV4JMm4tWPK2WwPjW1HFOf2hbZ4Xj0IGaGe7xOrl6NTzowDNxLRk8WhlqNrjm6PrB5UerdwH52WMt+w+6ANyTVQxbo6Pn5q41hyqiAXH3Gm0Tb5ZS+5lov3Vj3LIYdRehXvWuHe/09uqCXyljjJFTAIdfo9wTRQPVV9i/JC52lGniS8a+7GPT6RMw2jdjLpRW0QER7Qz0NKuBVhmSrK23B1IV1n6GH8Et1JniyJTzm/m0LsJ/1CF7/JJwB5dyCAOXEZBj3iaS0jCimppTarwoTHxhxemXroZNZcdjxzlGOnF77+wCKlhkX3d7rsZn49yXA5w1ytS521Y98PDuu00oS95jBaqxV0KeZzYYiOp4bLRuDUefnEiRcG3YrxkZ82cnTUaGfO0bZv9U/Xn1c/8/e08V75s/EWfAeZlq0qLYTYsgp0l6ly6HwF543O3yHl7Oq2PHKVNZapGF4uQdhBFPjOYXUqYz/JXIueG42CduZdu8WaYqKibVB9WIio7aZWFISOTHt4fNUu24JFOAXU/iYIYvZhwsjl5biDAUlR8cRRrN/cCME4IXDnNKJZ8bMY0g5P5cRfrQRy/TgGVJp1oxSJAmz9pfZaRqtGWHd0xceGEOVzMWZVB6u+P0UsBNI8oKyFK1//2ypBT4JPnL+JPbrGflfIqNovJeXRLDg5XjlBmakcKF2KYDXdhHFhmQ6EHiW9TgZa+6XPfUsNbmLbbF/u7GkrvV3zN2vDPwr9qDgcj7xwyq4q3tvlRwLKkdH1OYMN4Bguc/djeMqTXa54HXYRGUm4qmu0cDS80TAMcXQ943dsxmfmM7OjYRW/678rOnbWuTx19N5WNpbo/iVuITfiXag+G6KsIBMsbwq0rvLr3PLXh7WMm/uqRkTjti+o8DoNOhK1djpumgumfeNrjZenQ2Gy6QXyFcu0C6T4pTTsZkPLfpNVvisZ+wJmsqol5HkNuQEZPJxuRrs4XM0OMzLPUNgc9ttahg8LZcyyrz9tIqNuxMB7GT6knZEqHuJSIm3zS2UssO6I4kEeXxE/K2RWuyal7gQleOvXC4eeJBUdc7aamBvtci/A0XwVQCP3qbsY3Tb33IShpcbr1Ledf3NYyUTzr1Jqv28Jn1hk8O/BppF4xoYjXxTEDrb+xgjU66selsQA42jQoZoKkUkTzPpFce6xSxKMpSj2u+rgbxcqTO8xUod4drGq/zsYG15fqjrfYurvS9pggJxXw0bbDVPHwlxSdZN7sA35UoM5jhTgBH17sHR21EBd9egPWlaNqaVWnpbmxlweEGMHWGbLafDrjukhjuSD1+Oo2QaAh4TvC8tNX8jFi3S/w9jVC4bJseQDeKBGYExLa7+saG9uW+jDsFSysocpL3Ubbe9bLXIwVgl/qdbeXusn9PfN4i2F93Wl13FprH/JrzR2OHmnoDkaSpxzVQBSprL4dD8+AlxHghVblAlcptBqYdUAASmjIGaDlgE6CIbu4o2Z5w8WuHG05FYF0OluBvlXjGovvYZK+54qCjc8qWK43Wl8Cx8NsnHBvx30FGTNpnMfO8Mlt4DQjn+mDO2umEQ+TKKHilfaG4lm8B9VSTRdYY611g+/GCg1edT1AknGgudqj9vUExGZh0B527Vml3jY1T56wbWF7bTy+2zU/HGtnqyq45ULfjQtQ/Nv+J6lnF27Cy4b3zH8SIPYvwuBD70+vVm9RT7SYoR0+tsZMZuUeDMSpNyiWdebA7yJ8Dwbkj6lj9WmvoClJ4+qzzKPDq/hTDyubxHsem9Sf0kOwnduDQgy6LmzegLhUSPCjoKC0XAziKk4GXG/N3zUXqrpVVp1Sfbh5tR/cdGQm24p5mWdKQYwZE1hu+qEqNFF+eXwujP8Rvy70aSP+77y3uNul4/r/X5G6hIiEaHx2Y36jRnAjmd8nxqbl2N2vpl91Z2CXgn7Bwfd5d76cZZE/8G51BSaUumLAchDHIyB9ZyQjmMwYcS7lYLtKG3w7XJMTFYPmEY0muR7OQzRF8J4eG3aDMJi7e4ZLP/5pKpCXA7uzk33G7daysGC62nZkWxzLPtLYWQCJ6SDVucauHZFFwYU3OjZNojlB7oNJX2l+3V0eeCIANAlkYUMA7Uy/Ze3XZ2JkZyScFICWiFFF86gc+pBE/zm2hD+erK5XsKBtd/e/PKZVoJofiATnTEwW/j4UAxwkDPZpOKZt9mLtfuPbmAyHsM/gUyhEirdNv10uSMmDoWa7zK+tKp7zHEZeXLhI5Ga3zlc6hy7SDYnaUENgYT/H7kLkgxmqNOe9sNFpy0gpbhlYUb9XCxQwq5a/fPAsQ3EkYeJcVF1jKXw/dgoPmDOutt3KN7xOZTTHtg78wdq4EdknmKpyRqSfR5ZXbjyeXrVt4sAew3bZWg645Zu6aX+jKcN9bsYAgC2jSsG05VnNhuAKSlomCC3u1BIwS443fsg0Edwvpvd2kv4vy+/skNrN2JQZs2oy37v/fzk6DgCXO3QsSntoc1cIHFuAHpmfRhAMocYpXfiqnpKC5V96tE7qJGDWgv8evtUfJeO0lHhBcDrw2YXoATwWGcPWXK5NmruHJiOrIsp5xua7L1k5n6d05rX+7htJzUfOF3v4A3VS0IXWuPWogqisRBMnixZYTLXi6Zx2HMBFyZFHRnPLWefICfGBvXGMR/f1emYVjD9wRfB4C6Ack6cnDMaYkkIF/WjjmdU1ijmNw8htgagwArrytgSiyODJhLhBwhXEWxPBPPEqv4MKd6QLM+ZLV87cxIB3z31s4erhFEoEYCtcQ04sWzc3NecrG1m1f8lRrfpwSsTrYtPttDZXEDuluYwNTor0M7ARWJPB6A4CyAHeBr87YaMICK2sTziW7JeUd3SOx8hg7WRSxJ/Kbul5LMtTO8cIhFl030Qpk9PjwUbOJBLRbslwbvD+UcHqF7UGaUru42P5LoSn7b6J0cZY+x0Ikf4f6ZJ+WhsK81CzrMRzaK6q797hHJvEX6yxIvrMKWN9k53+Y&u=U2FsdGVkX19oywI6HKF942CFkfK8MD4bo1hLgaZtcP4=&y=U2FsdGVkX1+qk0C7wUs1CU6wPBkSsZGbQoxsiJbtrkPl5W8sRV09LpO5kyDS6TEs HTTP/1.1" 200 26
191.107.139.189 - - [26/Nov/2023:16:41:50 -0500] "GET /kwssiamovil/sm/acme/a?s=U2FsdGVkX1+28oJleCjOKgDzK+3BZdVvOBpZcywrLT6d5OB1In+3FVhjyzxFhFyHVtW6JKMloHlSBomjRWgUXkjIcQUr3fwBGZnVmnsRBqaAVjU/gb0snRMkyQBMzfY8zdBIh7jby/JD5LZsLowuCeJDeAlcjdGkSM8FS+eR+8s=&u=U2FsdGVkX19oywI6HKF942CFkfK8MD4bo1hLgaZtcP4=&y=U2FsdGVkX1+qk0C7wUs1CU6wPBkSsZGbQoxsiJbtrkPl5W8sRV09LpO5kyDS6TEs HTTP/1.1" 200 26
191.107.139.189 - - [26/Nov/2023:16:41:50 -0500] "GET /kwssiamovil/sm/acme/a?s=U2FsdGVkX1/56ASvs/oB3pvjhwol1GHz9jGJwZSUbrQCnEFrR+Z07c1JzANirGXQXLWB1xHjHoHsbM5XQFrpfBCHZWJM4ElNUgiCjYWa/IPXm365wQr6MmDuWLUUeK5d6635uts81vYEz4P40GIhZey7xQdnX8bUPtsr7uvds0Q=&u=U2FsdGVkX19oywI6HKF942CFkfK8MD4bo1hLgaZtcP4=&y=U2FsdGVkX1+qk0C7wUs1CU6wPBkSsZGbQoxsiJbtrkPl5W8sRV09LpO5kyDS6TEs HTTP/1.1" 200 26
191.107.139.189 - - [26/Nov/2023:16:41:51 -0500] "GET /kwssiamovil/sm/acme/a?s=U2FsdGVkX18wvBZgdNwJ9sHM7xlX01fgeZQyh+lFmoP7o/s6lN5qMsGlgkG2vI3d10CIqILwPxRU+je/5WhAgcz8OCh5FFMIsJ4mlR4YVW+knY88FGsfrw3pnXHTBUO/ENsuiHS51r5C97YQYW37CTFyFvkVPnWubc1mIDHmaOc=&u=U2FsdGVkX19oywI6HKF942CFkfK8MD4bo1hLgaZtcP4=&y=U2FsdGVkX1+qk0C7wUs1CU6wPBkSsZGbQoxsiJbtrkPl5W8sRV09LpO5kyDS6TEs HTTP/1.1" 200 26
191.107.139.189 - - [26/Nov/2023:16:41:51 -0500] "GET /kwssiamovil/sm/acme/a?s=U2FsdGVkX1+5yFRHHU46DE2cQhvJKzXI7g+PGQDDlpKXxKKx9xinDpNN/URIKXJ5jF/Ax3Sg1ZoRyIr8sldN3UJfQ77icYUhuRBq4GoqZnEfkqSsS3YFBFRjp3CCmIupvln9nrt1rFKuiF+CTriaagsHHrvNUPEd/lLxxaycE056eihIQQ3SEbRP9v7W1TPBSor3mZHAuEpJ9jva2NnFPg==&u=U2FsdGVkX19oywI6HKF942CFkfK8MD4bo1hLgaZtcP4=&y=U2FsdGVkX1+qk0C7wUs1CU6wPBkSsZGbQoxsiJbtrkPl5W8sRV09LpO5kyDS6TEs HTTP/1.1" 200 26
172.22.2.4 - - [26/Nov/2023:16:40:18 -0500] "HEAD /BLA/boletinlegal/ HTTP/1.1" 200 -
201.245.192.253 - - [26/Nov/2023:16:42:15 -0500] "POST /kwsrmcab/Wsrmcab HTTP/1.1" 200 42254
201.245.192.253 - - [26/Nov/2023:16:42:29 -0500] "POST /kwsrmcab/Wsrmcab  HTTP/1.1" 200 41956
172.22.2.4 - - [26/Nov/2023:16:41:14 -0500] "GET /BLA/boletinlegal/ HTTP/1.1" 200 59007
191.107.139.189 - - [26/Nov/2023:16:44:33 -0500] "GET /kwssiamovil/sm/acme/a?s=U2FsdGVkX1/v25f5T6Wg8ZEEhOGGtel8bytWBnkh8Ys1hbrFg4832MSRWA4TtdjXdds/xgJFwZRi8hUPM3QGyEbX+zc/2uzzQ6wFRtFxKyykmK5dB/YX5VTjSC/Auw6XXZc4aMq1Z6MgV79WVImRNf56Z0f7YydpXv5NWbJzLRhOB2cGInm8z+Or3Vwj5pm1kO1ZM7R+NtQ4l5Sb5738SR1P8YdxrjYTrnFGLiNdDaWydNG8mdK/eyIj1W2OMXX+Gmph4+mCmM8FKRNELmXrlA==&u=U2FsdGVkX19oywI6HKF942CFkfK8MD4bo1hLgaZtcP4=&y=U2FsdGVkX1+qk0C7wUs1CU6wPBkSsZGbQoxsiJbtrkPl5W8sRV09LpO5kyDS6TEs HTTP/1.1" 200 26
191.107.139.189 - - [26/Nov/2023:16:44:33 -0500] "GET /kwssiamovil/sm/acme/a?s=U2FsdGVkX1/XSIhsPLXl/hzsvNLi+HomcHUixjeBh9m8OpTrfvHqp6KSXqwD2A/GAnhrzsZllA8uMiOfrXvBcfhiZY2wWAc7els0rlUiaB3fjZpqbGG8GsASDPvLY7N+gM5BH8rkhNiroMJhwFVgP+ut/nnczoouAr+xaEX41l2F2le5NCPH6dSA11p0dPnoarOSIi2Gg26pwQfqlwpsWfxhO7V3FD8OxnmOxGSZ7dg1/E7eNDpZmU+WCSD7nbHhcKlNNKhsi6IOTgTiHgNsv7wdroNE+M+h/6Omc38xQd7Bv93cLhTiTL81MPIFNUqcQUHjiS7+Mt+y2zrQe2Jmuo767++UMtrPQD1l0DMNWvwHWm1bryuOwL67Vj3NQ+BcURCz8c02WSD7AFYUEKJg9/KOANaz9/Nj7um6skL0W5jsaNUAN4JEhmitmDzrX8maZFounb91kOPSW6LlvrZayAfxiNanlYejC2R1RKkMdkpu4SUa3Rdh1ZwVs2vPaYGovTpd1dMsfCGx+MLXcvFlkX/3R6TxHXmxLba+2KqLwhQlyeoPsyCBFCcQOm6TH57uDk49+O2mZz3cHAsNcPnMVoD+i6dM38VzpXWrM1yQg2y5WOox6TeanRdQGyhzQwgRBj7A6+7RyWHIPAHeqvUPZrqEMtnfrD3BDHmwq89aXcUKbUYU/Z6RmeXjf05/7S7ztZSSSLmEpyGAvVx+4LOdW7Hbgdfms2I7I9Pd7Kr94GPMjXx8Gp0HiC95NWT/1s5NR4PpwjjH3tmHzGuHhKutAKLEnxNnEJ+BzccciIbTVTF33sICsrc0qjvfNsiRdm5HPqUXu+Z8Myfvc+Rv7ddxap8oUNmLV0a2WT2PQ4U+u0i0262sPhvoaTsfIrc6PpsWTR/HmRhKWhgV5vLzENsSwyFlZCNhJgVmXjxs6iNMYojF0/dbtmI6wN/Ekrfjyzp9L4GVySQ1VkgKPj9BPy0Bn0qqnbuc0F7nMJyYY+iixIc8Xi/OZi8RQbxSgJe1bZbo7+SLuWY40z4KsyZz3LAYD86WNKJzFt9W+7Rq27FfEzxYcRDnLQkxTuGZ2p1+8FePC3L010jnVgJLfYmVvY4AxkLfeYtoKV6Q/MtAiybNFg5kydyYzH1Z7V6An5jo5J5l6Pp9tYUwwAYat8a6+wRA4Z/op1gHkSziAjct2kESH1d0tn0hNo2Ayr4J9TGRjm447dpSJ/iB2KIcbO1rDEeq631pXqSxbZ7JjNz6ObJ6z/iHfn/vJ/pB9CgFOk1+4Mn0BUiLC4oFt5eCQC0hpZEm6YPvKgMf/1Y0ja5pl765vzzQgpGYlVdLeYyM7F6vOTwD5iQT/y1DWWTDfRaqqnLvjh2m9cLRB5jpYz2fPPQSic4rwYUwnCqiuojDUNggXwSAAZtjwSUXbq9sxSEM7XDFQ4oX4q6Ddr+JZO0jRdKPECQFrWo3VBSqvRQTkvZZsGHZj7/+lazDn/2MyiIEeUDSFeZle2eqKFCMVf4GjjbLdnymOApxaa0ojPJkFV4C6L3W5v7CFWRkMT7IvtJiFVHqzlL1qw86Vkkg6+bbo40jZHsxYdX0YBV8wsus437X0pajNBX0eC1Ic+exa/PTh93VceUkx8IOjn9UmWFaNUyufZ0WtrxORWIOEOXsLTNV8WKRCqTnHihAgA48Ere0Ur6Wg31id2tE4s7gffWn0dJE7knGjqsUAx4YtiLs29ZXs29yLM9V6qP6xCrkXIVuH60d6kj/Dw+BqRJZmNTcAczykIfnDxci3UXCJ1N6J5PE7ZCqWIASdG0pc9kWHocwYs8lvN4n+kxjCzZWsrgSa3UMaXEYah3PsJ/XpRqM8qKG8mq+LRenAKDE4ezx154Yj77FxUdUPWEHRSaZZg5Cm1GbYoaBkbTGG5HVJO3REhqcH3bV70QQHIomYVo8uUzn/Iiumn3LIGJd6L7CQokQbOvBmUrri14LfXpAsaCVivv9wGdZAz3qv2MlvA1Ai0FuGVs98havKPhLiYnxw17KsM/FBZygFZ/N5Oo+CTSeRdEF1BlVF4j6uz5qQgKViEqjy4sWERoPw2THNiRV3nv1lxFatq8AZgh1BxrtZ/mdBaPnmCjPQ5PqTBlgFcW9WzAzvrG/zhl2RWIiaJJFTL3KfyqTYXH0/PeyqYg8ymk+39r6FrDUGednyUQunZWZFaVkFcVCBIYEuG9lzG8LK1ictpucuHQcdE7fq7PY2x9sq9NR4YIYPy1HVlHGFH2LHTVQ+S3gE9YuB8pED2iadptYHOP/slpvOZUayAzbLs28Esh3Qz9TgpM2sKrVvRXJ1407o5aucTftowW3WV07OzPkZLrE7GS7kTd7j3a+AjYZdLt9/f14kBprqImSUzSC5TlcwOUqooqAc3XD+SPV+UHrSzZDilOQ6JBHuvWVaNFx1s6LCvVK&u=U2FsdGVkX19oywI6HKF942CFkfK8MD4bo1hLgaZtcP4=&y=U2FsdGVkX1+qk0C7wUs1CU6wPBkSsZGbQoxsiJbtrkPl5W8sRV09LpO5kyDS6TEs HTTP/1.1" 200 26
191.107.139.189 - - [26/Nov/2023:16:44:33 -0500] "GET /kwssiamovil/sm/acme/a?s=U2FsdGVkX1+VeXVg5hqsyGpQDl4hZ3Ov2gaqIadIiYo2Bfk8p65eGkekguPLaXH6iIqb2BSx+SMKwRw9DK3kj+lTGRmDIgYWMfhnf5+Eyujdtxxl7OSaqfv3bQaunOGx4JPeQGLvzipMtPfm72HmgLxVm32LP8DSCuJCAhPXHSE=&u=U2FsdGVkX19oywI6HKF942CFkfK8MD4bo1hLgaZtcP4=&y=U2FsdGVkX1+qk0C7wUs1CU6wPBkSsZGbQoxsiJbtrkPl5W8sRV09LpO5kyDS6TEs HTTP/1.1" 200 26
191.107.139.189 - - [26/Nov/2023:16:44:34 -0500] "GET /kwssiamovil/sm/acme/a?s=U2FsdGVkX19W48cJc0/QHSJLnTROZSf14WYmnDLEgrhAa8TBNOC1Ura7Bx7SmuM5HMp3JTjYkC7CQbreyqDTWz9ChrN/+Y3LE0/Mug25Hng7ls0cD8Zwey2e3rIa8hCkF29IJI9NLNxlFcMadbjPTwcVDTFqPDFKSkKxTUYChyY=&u=U2FsdGVkX19oywI6HKF942CFkfK8MD4bo1hLgaZtcP4=&y=U2FsdGVkX1+qk0C7wUs1CU6wPBkSsZGbQoxsiJbtrkPl5W8sRV09LpO5kyDS6TEs HTTP/1.1" 200 26
191.107.139.189 - - [26/Nov/2023:16:44:34 -0500] "GET /kwssiamovil/sm/acme/a?s=U2FsdGVkX1/pYik8b0m5aB2am/O8y7U5OHbvQQAHinpqPRsAtBM4WDrFmA8pdoMym0CRIXFe1Dgzakqoa95rYsN0UP1m9XTCvo21glxWU134mOi/llSp+pF0BfE4ppJrqootIyZ8vdudn4+6kpAIPAynee+8E5vD9Zi4s+oLEYs=&u=U2FsdGVkX19oywI6HKF942CFkfK8MD4bo1hLgaZtcP4=&y=U2FsdGVkX1+qk0C7wUs1CU6wPBkSsZGbQoxsiJbtrkPl5W8sRV09LpO5kyDS6TEs HTTP/1.1" 200 26
191.107.139.189 - - [26/Nov/2023:16:44:34 -0500] "GET /kwssiamovil/sm/acme/a?s=U2FsdGVkX1/I89Ppi2I0CxqNQQ/Neqs9ePbkY8vtoWp+wkjPEhRS86HxrhFSLyT50TyNN+SqCX9XcTEK0/LWXMXzmZNhE5pwf4k6+uw59ww230I6LgnChRjB2F37vWbI5tailxGU9RGfUQ3whBp2blChXWQhXPqNj3nuGi8b5kYvkLlcwXF1JS60aQIftxgD2ZUpxHXLEIqzZcXUFpYE0g==&u=U2FsdGVkX19oywI6HKF942CFkfK8MD4bo1hLgaZtcP4=&y=U2FsdGVkX1+qk0C7wUs1CU6wPBkSsZGbQoxsiJbtrkPl5W8sRV09LpO5kyDS6TEs HTTP/1.1" 200 26
190.60.254.217 - - [26/Nov/2023:16:45:43 -0500] "GET /sipse/js/disable_browser_buttons.js HTTP/1.1" 304 -
190.60.254.217 - - [26/Nov/2023:16:45:43 -0500] "GET /sipse/css/custom_css_sg.css HTTP/1.1" 304 -
190.60.254.217 - - [26/Nov/2023:16:45:43 -0500] "GET /sipse/css/custom_css_sg_prime_login.css HTTP/1.1" 304 -
190.60.254.217 - - [26/Nov/2023:16:45:43 -0500] "GET /sipse/faces/javax.faces.resource/theme.css?ln=primefaces-sipse HTTP/1.1" 304 -
190.60.254.217 - - [26/Nov/2023:16:45:43 -0500] "GET /sipse/js/funciones.js HTTP/1.1" 304 -
190.60.254.217 - - [26/Nov/2023:16:45:43 -0500] "GET /sipse/faces/javax.faces.resource/primefaces.css?ln=primefaces&v=4.0 HTTP/1.1" 304 -
190.60.254.217 - - [26/Nov/2023:16:45:43 -0500] "GET /sipse/faces/javax.faces.resource/layout/layout.css?ln=primefaces&v=4.0 HTTP/1.1" 304 -
190.60.254.217 - - [26/Nov/2023:16:45:43 -0500] "GET /sipse/faces/javax.faces.resource/jquery/jquery-plugins.js?ln=primefaces&v=4.0 HTTP/1.1" 304 -
190.60.254.217 - - [26/Nov/2023:16:45:43 -0500] "GET /sipse/faces/javax.faces.resource/jquery/jquery.js?ln=primefaces&v=4.0 HTTP/1.1" 304 -
190.60.254.217 - - [26/Nov/2023:16:45:43 -0500] "GET /sipse/faces/javax.faces.resource/primefaces.js?ln=primefaces&v=4.0 HTTP/1.1" 304 -
190.60.254.217 - - [26/Nov/2023:16:45:43 -0500] "GET /sipse/faces/javax.faces.resource/layout/layout.js?ln=primefaces&v=4.0 HTTP/1.1" 304 -
190.60.254.217 - - [26/Nov/2023:16:45:43 -0500] "GET /sipse/css/imagen/logoSDG.png HTTP/1.1" 304 -
190.60.254.217 - - [26/Nov/2023:16:45:43 -0500] "GET /sipse/css/imagen/loginimg.png HTTP/1.1" 304 -
190.60.254.217 - - [26/Nov/2023:16:45:43 -0500] "GET /sipse/faces/javax.faces.resource/images/ui-icons_898989_256x240.png?ln=primefaces-aristo HTTP/1.1" 304 -
