201.245.192.253 - - [26/Nov/2023:19:26:31 -0500] "POST /kwsrmcab/Wsrmcab HTTP/1.1" 200 42066
201.245.192.253 - - [26/Nov/2023:19:26:46 -0500] "POST /kwsrmcab/Wsrmcab  HTTP/1.1" 200 41956
40.77.167.32 - - [26/Nov/2023:19:27:02 -0500] "GET /BLA/resoluciones/AUTOS%202013/0771.pdf HTTP/1.1" 200 2761651
172.22.2.4 - - [26/Nov/2023:19:27:07 -0500] "GET /BLA/boletinlegal/ HTTP/1.1" 200 24523
47.128.60.204 - - [26/Nov/2023:19:27:41 -0500] "GET /robots.txt HTTP/1.1" 404 1049
47.128.59.95 - - [26/Nov/2023:19:28:16 -0500] "GET /www.ambientebogota.gov.co:81/ HTTP/1.1" 403 1051
66.249.66.204 - - [26/Nov/2023:19:28:45 -0500] "GET /robots.txt HTTP/1.1" 404 1043
66.249.66.205 - - [26/Nov/2023:19:28:45 -0500] "GET /BLA/boletinlegal/Directivas/2017/Directiva%20No.%2006%20del%2016%20de%20Agosto%20de%202017.pdf HTTP/1.1" 200 310598
173.252.87.1 - - [26/Nov/2023:19:28:47 -0500] "GET /cuales-son-las-senales-para-identificar-un-arbol-en-riesgo-de-caida-en-bogota.html HTTP/1.1" 200 863
201.245.192.253 - - [26/Nov/2023:19:30:00 -0500] "POST /kwsrmcab/Wsrmcab HTTP/1.1" 200 42069
190.67.194.228 - - [26/Nov/2023:19:30:19 -0500] "GET /BLA/resoluciones/index.php?dir=RESOLUCIONES+2015%2F HTTP/1.1" 200 130562
216.245.221.92 - - [26/Nov/2023:19:30:46 -0500] "HEAD / HTTP/1.1" 200 -
172.22.2.4 - - [26/Nov/2023:19:29:38 -0500] "HEAD /BLA/boletinlegal/ HTTP/1.1" 200 -
201.245.192.253 - - [26/Nov/2023:19:31:44 -0500] "POST /kwsrmcab/Wsrmcab  HTTP/1.1" 200 41956
201.245.192.253 - - [26/Nov/2023:19:32:06 -0500] "POST /kwsrmcab/Wsrmcab HTTP/1.1" 200 42066
172.22.2.4 - - [26/Nov/2023:19:30:29 -0500] "GET /BLA/boletinlegal/ HTTP/1.1" 200 53356
52.167.144.161 - - [26/Nov/2023:19:33:12 -0500] "GET /BLA/resoluciones/RESOLUCIONES%202016/2227.pdf HTTP/1.1" 200 1701825
172.22.2.4 - - [26/Nov/2023:19:32:51 -0500] "GET /BLA/boletinlegal/ HTTP/1.1" 200 63167
181.56.240.213 - - [26/Nov/2023:19:35:12 -0500] "GET /BLA/resoluciones/ HTTP/1.1" 200 13696
181.56.240.213 - - [26/Nov/2023:19:35:14 -0500] "GET /BLA/resoluciones/index.php?dir=AUTOS+2011%2F HTTP/1.1" 200 637403
216.245.221.92 - - [26/Nov/2023:19:35:46 -0500] "HEAD / HTTP/1.1" 200 -
201.245.192.253 - - [26/Nov/2023:19:36:28 -0500] "POST /kwsrmcab/Wsrmcab HTTP/1.1" 200 42069
201.245.192.253 - - [26/Nov/2023:19:36:31 -0500] "POST /kwsrmcab/Wsrmcab HTTP/1.1" 200 42066
201.245.192.253 - - [26/Nov/2023:19:36:43 -0500] "POST /kwsrmcab/Wsrmcab  HTTP/1.1" 200 41956
172.22.2.4 - - [26/Nov/2023:19:36:51 -0500] "GET /BLA/boletinlegal/Circulares/2019/.pdf HTTP/1.1" 404 1218
172.22.2.4 - - [26/Nov/2023:19:37:02 -0500] "GET /BLA/boletinlegal/Circulares/2012/Circular%20No.%2010%20del%2026%20de%20Enero%20de%202012.pdf HTTP/1.1" 404 1218
52.167.144.161 - - [26/Nov/2023:19:37:04 -0500] "GET /BLA/resoluciones/AUTOS%202023/4213.pdf HTTP/1.1" 200 663308
172.22.2.4 - - [26/Nov/2023:19:35:28 -0500] "HEAD /BLA/boletinlegal/ HTTP/1.1" 200 -
172.22.2.4 - - [26/Nov/2023:19:36:19 -0500] "GET /BLA/boletinlegal/ HTTP/1.1" 200 60634
172.22.2.4 - - [26/Nov/2023:19:37:59 -0500] "GET /BLA/boletinlegal/consulta_actos.php?tipo=resoluciones&no=1352&usuario=&sector=&fecha=2018&resuelve= HTTP/1.1" 200 1103
201.221.172.10 - - [26/Nov/2023:19:38:02 -0500] "GET /BLA/resoluciones/RESOLUCIONES%202018/1352.pdf HTTP/1.1" 200 616905
201.245.192.253 - - [26/Nov/2023:19:40:01 -0500] "POST /kwsrmcab/Wsrmcab HTTP/1.1" 200 42069
191.156.176.137 - - [26/Nov/2023:19:40:16 -0500] "GET /sendero-las-moyas-iniciativa-privada-enfocada-en-procesos-de-restauracion-conservacion-y-educacion-ambiental.html?fbclid=IwAR1iMEse-aHn_xwtDWL_GtIN5OygWeZWGRzHDR0eumxnnR5DLKvUrFB-ebk HTTP/1.1" 200 1013
52.167.144.17 - - [26/Nov/2023:19:40:23 -0500] "GET /BLA/resoluciones/AUTOS%202023/4718.pdf HTTP/1.1" 200 476874
216.245.221.92 - - [26/Nov/2023:19:40:46 -0500] "HEAD / HTTP/1.1" 200 -
191.156.55.76 - - [26/Nov/2023:19:40:58 -0500] "GET /sendero-las-moyas-iniciativa-privada-enfocada-en-procesos-de-restauracion-conservacion-y-educacion-ambiental.html?fbclid=IwAR2AgV7eJ1xctuHPGBWcF4xWJLeyoxtf155I159mDFYjL-bL6V05cFm-uNM HTTP/1.1" 200 1013
201.245.192.253 - - [26/Nov/2023:19:41:41 -0500] "POST /kwsrmcab/Wsrmcab  HTTP/1.1" 200 41956
201.245.192.253 - - [26/Nov/2023:19:42:05 -0500] "POST /kwsrmcab/Wsrmcab HTTP/1.1" 200 42066
179.33.77.7 - - [26/Nov/2023:19:42:45 -0500] "GET /kwssiamovil/sm/acme/a?s=U2FsdGVkX1/y/QJ6F5HLRyu0SWpeNqDUNS+zX5NXZNDb5XxRs3dMfKn6zxSsqkccyZn/JmzNjjBBtE/gD2oAZDzPIRCs6zf3Bhg2aS4cRg0uuWLXQ4vLP0L09QXscrt/9FOnbfX9Pra1EqhEs0lBxtz634tJNLhM3ffreumkx4uQ2l5H/vGCkt7Y8aPv2je+v0diTX2LZFKue9a9LZlMYab7R0DLN49VRuqGElJTB4l9j8K/OAxjqaxrAB4fF9I+XSVgwlgTBOb39Cx/PNVQLQ==&u=U2FsdGVkX1+E5kMSrzdVcbDqg8HU+qcXW/SBgdr51mY=&y=U2FsdGVkX19PGRPSr/U70mdweXCk5jM6El1zJ16OYc5wgEX36uI7iD6KB0W6DCWQ HTTP/1.1" 200 26
179.33.77.7 - - [26/Nov/2023:19:42:46 -0500] "GET /kwssiamovil/sm/acme/a?s=U2FsdGVkX187Jp4j8ClU5YrbgxaKLZA9rdHiIrN7aIkFohGb8eO3UnXiocgKyDjILmcL0FrZ502dzXwiGG6EwcdRO0qLxdsSKgdbTJoDh5KYrJbOlODHZPbX7I51tDSRmtTAuUTWwsyiGyHLY/yXU5UB+vLsjxg8BEI57y/GQKYVCdVbhVWePVpXoZMsTFwxjoXrkAZhKrgeR1RLOUNCJ+Fwm9IyTMGobZTtTEan641oxzSCZZmS87izQ7nc9b6uSjTfiNZqJZhIaBocEl+HGUz/PQcRXFm2NS93M4zD8hJF9OwrTYfQUAeuBSMmqMRvhud8wHdl1UX1zbeUqb940RCATbvIdqQywZff+YeXa10sDOf5pW5rz+0w2kf6wL+y3cn499FuJIHhN63oLTZLj91yj4AKFHxcvzYN1wVWl/ZaHOSSuAT3CdpAf1z7fLcrAWCixuK5fAsEwuZAqHMT+2q9i9/jxFiOnr2Yl91XdaGmq0njCBGqMTXJ3dMhYpna/DHI2bMvVSECk+mpxIs20gPG5x7TkScCEXdjaqHOhHetWIDEIxanwicYPilzUuGAbsfTljnyOAHq96LgmLATEzg2ioFvBJPT5Rzii28Ev+RGWOd6H2rwRJ1djr14xgBxyLbL6h0JkN+qM5UtztvNaNoRB436psHqGaIKWhlGgsx60t7T45uqW7PFvkJSkL0bN+oJx8/Kt9jgYQbZ6BKW63gbWkvRAPF0f7dASOppMCtCVpCO6RaS+OPsMEnqCAGVOVmxbBny5To6Cu0aK9ryMNNa3SSjDq+iFkdqOK1CiandrY2JL+Nav3dATBlgKCzYP9L/PYD7gRBPGH4Yl3vnyBwe8GkPjzeozKmEY3hJp4P5toIcey59LtR2J+6lMfk50gVTDG6MP6Wj+Egq55rx7awLwqzGLr+FXLoclafTUxs+hE3ny8QSRz/HJjR/PLg8zFd7WCSMGk3jQwdVgp2GYk0SBAeiSYwDloQXtb0rdZcFBN3Qkc3ajPEKjmcqrj7XStlxQYcmZSBzEaaDW/2RIMT1APSNG32/PToqgZpPFX56Ch9QNM1wO2DFDMURLA/yqIZe7S26/WdCqeRtvL5XaVQ0J1EMDZvKr8qci1UxSJJ/ZVjxQ+RDAOwEwecFIKPXbircdXXHxMl3i8kMW3IabS1bjYt25JCf5fR9/I03dCekOu5HDXKpvchCKSqdTuISKVmqjdlnQe0J5qO1riR33VaZ1DlwRlyvWm++4NER38XHjEu80gvI9ck7VafuEhJkfLTF6H8J33dWyUW4KZrVCEB8UqBMAEDYRJskJ2GEGuuaFEVVdZ69T2MZ9khdDraU2Sd/pCLfY889oCoxtjY688g8puA3MHwplPK+Cxt/QethmLceqO9oDbSKqa0RB8p1MklMM1yab/oazNp6sejgSPMHkPvdpIeHpNoPuJ5bgIOT5Mo5akMWQsGoJ4BNbo3Cr9aBdMJXqc4bcyUqCB9m/g==&u=U2FsdGVkX1+E5kMSrzdVcbDqg8HU+qcXW/SBgdr51mY=&y=U2FsdGVkX19PGRPSr/U70mdweXCk5jM6El1zJ16OYc5wgEX36uI7iD6KB0W6DCWQ HTTP/1.1" 200 26
179.33.77.7 - - [26/Nov/2023:19:42:46 -0500] "GET /kwssiamovil/sm/acme/a?s=U2FsdGVkX197L1dm/3BI3uUE1VfNgyZ67aGjGScZHBPpUUuNehVVbPB1Jif8jH4EzumuD7WSvUVa4CdxXTbGib+fQLrypT5L5HHCWlBOl7HppMn6rvYfbuIDq7x8d/VGrU/sNZimn6FZmNYEQvBfI6TSk7va6SJs3SiaA1sa03g=&u=U2FsdGVkX1+E5kMSrzdVcbDqg8HU+qcXW/SBgdr51mY=&y=U2FsdGVkX19PGRPSr/U70mdweXCk5jM6El1zJ16OYc5wgEX36uI7iD6KB0W6DCWQ HTTP/1.1" 200 26
179.33.77.7 - - [26/Nov/2023:19:42:47 -0500] "GET /kwssiamovil/sm/acme/a?s=U2FsdGVkX1/OeyRGxcnikZtkQx7kXBQ1jdm3TM+2PnNbyiP/liTfNMNG0C9ED6tXPiM39lBXIfKjRtLUYpzQLXftf/GTnOKoXhIRVkOEJtGhhWLMoeekvIk++VkErFAvps82JeAyV4SFX+m77NWHGaYr0sWYcfEdxYUoa0+ESrI=&u=U2FsdGVkX1+E5kMSrzdVcbDqg8HU+qcXW/SBgdr51mY=&y=U2FsdGVkX19PGRPSr/U70mdweXCk5jM6El1zJ16OYc5wgEX36uI7iD6KB0W6DCWQ HTTP/1.1" 200 26
179.33.77.7 - - [26/Nov/2023:19:42:47 -0500] "GET /kwssiamovil/sm/acme/a?s=U2FsdGVkX18h7NMGUVh2qS9vvAZDFQDivVbwdKtH6/VjHlJScNltfnYeOORjl/9AZVG0fzSIPdqZpeNLFj0lUxKOMh99Wb+ilro2dRRLQGFvD9c/pFq5S3WKDCXO0U+ITMD+zyQfSWXpGxGiYGHkEhD5WqAT8cscPCqDFaubAs4=&u=U2FsdGVkX1+E5kMSrzdVcbDqg8HU+qcXW/SBgdr51mY=&y=U2FsdGVkX19PGRPSr/U70mdweXCk5jM6El1zJ16OYc5wgEX36uI7iD6KB0W6DCWQ HTTP/1.1" 200 26
179.33.77.7 - - [26/Nov/2023:19:42:47 -0500] "GET /kwssiamovil/sm/acme/a?s=U2FsdGVkX1/ys0FT4udGrFWiq/iZSoWB0JQXDxqZkxLeA4wrUi/bw/1oq/rbG/qnN69TtvsMTUEdMM8XlHFFXvQ8cteiJ12LDwVk0/pB6nq8LHAxSaNVM3gdFv2+toOKof72TcQ2tBKTxkWyStAY0nPp8NhjF65MocKbaKJ+QuPYyA8yRmzspmS6e6hHOdO3gEQ+2qXLoQpEpSOSi9oYeA==&u=U2FsdGVkX1+E5kMSrzdVcbDqg8HU+qcXW/SBgdr51mY=&y=U2FsdGVkX19PGRPSr/U70mdweXCk5jM6El1zJ16OYc5wgEX36uI7iD6KB0W6DCWQ HTTP/1.1" 200 26
172.22.2.4 - - [26/Nov/2023:19:41:18 -0500] "HEAD /BLA/boletinlegal/ HTTP/1.1" 200 -
181.56.240.213 - - [26/Nov/2023:19:43:35 -0500] "GET /BLA/resoluciones/ HTTP/1.1" 200 13696
181.56.240.213 - - [26/Nov/2023:19:43:37 -0500] "GET /BLA/resoluciones/index.php?dir=AUTOS+2014%2F HTTP/1.1" 200 891177
181.56.240.213 - - [26/Nov/2023:19:43:43 -0500] "GET /BLA/resoluciones/AUTOS%202014/2525.pdf HTTP/1.1" 200 700960
172.22.2.4 - - [26/Nov/2023:19:42:09 -0500] "GET /BLA/boletinlegal/ HTTP/1.1" 200 59007
52.167.144.221 - - [26/Nov/2023:19:43:54 -0500] "GET /BLA/boletinlegal/Circulares/2020/Circular%2000010%20del%2027%20de%20julio%20de%202020.pdf HTTP/1.1" 304 -
186.148.172.90 - - [26/Nov/2023:19:45:26 -0500] "GET /appsia/controlador HTTP/1.1" 200 4799
186.148.172.90 - - [26/Nov/2023:19:45:27 -0500] "GET /appsia/scripts/validarIngreso.js HTTP/1.1" 200 851
186.148.172.90 - - [26/Nov/2023:19:45:27 -0500] "GET /appsia/css/estilos.css HTTP/1.1" 200 4804
186.148.172.90 - - [26/Nov/2023:19:45:27 -0500] "GET /appsia/images/cabezoteHojaVida.png HTTP/1.1" 200 32493
186.148.172.90 - - [26/Nov/2023:19:45:27 -0500] "GET /appsia/images/logo_bogota_p.png HTTP/1.1" 200 14951
186.148.172.90 - - [26/Nov/2023:19:45:27 -0500] "GET /favicon.ico HTTP/1.1" 200 7782
186.148.172.90 - - [26/Nov/2023:19:45:32 -0500] "POST /appsia/controlador HTTP/1.1" 200 3599
186.148.172.90 - - [26/Nov/2023:19:45:32 -0500] "GET /appsia/jscripts/validarSolicitud.js HTTP/1.1" 404 68
173.252.87.117 - - [26/Nov/2023:19:45:33 -0500] "GET /images/presentaci\xc3\xb3n%20convenci\xc3\xb3n.jpg HTTP/1.1" 404 1034
186.148.172.90 - - [26/Nov/2023:19:45:35 -0500] "POST /appsia/controlador HTTP/1.1" 200 4799
216.245.221.92 - - [26/Nov/2023:19:45:46 -0500] "HEAD / HTTP/1.1" 200 -
186.148.172.90 - - [26/Nov/2023:19:45:48 -0500] "POST /appsia/controlador HTTP/1.1" 200 5437
181.49.182.135 - - [26/Nov/2023:19:45:49 -0500] "GET /appsia/controlador HTTP/1.1" 200 4799
181.49.182.135 - - [26/Nov/2023:19:45:50 -0500] "GET /appsia/css/estilos.css HTTP/1.1" 200 4804
181.49.182.135 - - [26/Nov/2023:19:45:50 -0500] "GET /appsia/scripts/validarIngreso.js HTTP/1.1" 200 851
181.49.182.135 - - [26/Nov/2023:19:45:50 -0500] "GET /appsia/images/logo_bogota_p.png HTTP/1.1" 200 14951
181.49.182.135 - - [26/Nov/2023:19:45:50 -0500] "GET /appsia/images/cabezoteHojaVida.png HTTP/1.1" 200 32493
186.148.172.90 - - [26/Nov/2023:19:45:52 -0500] "POST /appsia/controlador HTTP/1.1" 200 7783
186.148.172.90 - - [26/Nov/2023:19:46:00 -0500] "POST /appsia/controlador HTTP/1.1" 200 6648
186.148.172.90 - - [26/Nov/2023:19:46:05 -0500] "POST /appsia/controlador HTTP/1.1" 200 10970
186.148.172.90 - - [26/Nov/2023:19:46:09 -0500] "POST /appsia/controlador HTTP/1.1" 200 75944
186.148.172.90 - - [26/Nov/2023:19:46:29 -0500] "POST /appsia/controlador HTTP/1.1" 200 7783
186.148.172.90 - - [26/Nov/2023:19:46:35 -0500] "POST /appsia/controlador HTTP/1.1" 200 6648
186.148.172.90 - - [26/Nov/2023:19:46:37 -0500] "POST /appsia/controlador HTTP/1.1" 200 10970
186.148.172.90 - - [26/Nov/2023:19:46:41 -0500] "POST /appsia/controlador HTTP/1.1" 200 75944
201.245.192.253 - - [26/Nov/2023:19:46:40 -0500] "POST /kwsrmcab/Wsrmcab  HTTP/1.1" 200 41956
40.77.167.36 - - [26/Nov/2023:19:46:43 -0500] "GET /BLA/resoluciones/AUTOS%202023/5685.pdf HTTP/1.1" 200 416159
186.148.172.90 - - [26/Nov/2023:19:47:49 -0500] "POST /appsia/controlador HTTP/1.1" 200 7783
186.148.172.90 - - [26/Nov/2023:19:47:58 -0500] "POST /appsia/controlador HTTP/1.1" 200 6648
186.148.172.90 - - [26/Nov/2023:19:48:00 -0500] "POST /appsia/controlador HTTP/1.1" 200 10970
186.148.172.90 - - [26/Nov/2023:19:48:02 -0500] "POST /appsia/controlador HTTP/1.1" 200 75945
172.22.2.4 - - [26/Nov/2023:19:47:08 -0500] "HEAD /BLA/boletinlegal/ HTTP/1.1" 200 -
52.167.144.191 - - [26/Nov/2023:19:49:25 -0500] "GET /BLA/resoluciones/AUTOS%202013/2671.pdf HTTP/1.1" 200 243349
172.22.2.4 - - [26/Nov/2023:19:47:59 -0500] "GET /BLA/boletinlegal/ HTTP/1.1" 200 60634
161.18.119.127 - - [26/Nov/2023:19:49:53 -0500] "GET /sendero-las-moyas-iniciativa-privada-enfocada-en-procesos-de-restauracion-conservacion-y-educacion-ambiental.html?fbclid=IwAR1Oo4G-VtsaRraNyqxp_0MSoWjzaCG_o2fPrlA6YTHQoWKkUSbzVJ2lowE HTTP/1.1" 200 1013
216.245.221.92 - - [26/Nov/2023:19:50:46 -0500] "HEAD / HTTP/1.1" 200 -
186.31.62.213 - - [26/Nov/2023:19:51:31 -0500] "GET /sendero-las-moyas-iniciativa-privada-enfocada-en-procesos-de-restauracion-conservacion-y-educacion-ambiental.html?fbclid=IwAR3-3WWxk3oW3MHjbllpbv4cBfHMp1_zFNmmbMAMeun2CEhjhzF1Vmd31V0 HTTP/1.1" 200 1013
201.245.192.253 - - [26/Nov/2023:19:51:38 -0500] "POST /kwsrmcab/Wsrmcab  HTTP/1.1" 200 41956
66.249.66.20 - - [26/Nov/2023:19:53:35 -0500] "GET /robots.txt HTTP/1.1" 404 1018
52.167.144.223 - - [26/Nov/2023:19:54:24 -0500] "GET /BLA/resoluciones/AUTOS%202023/5962.pdf HTTP/1.1" 200 687433
172.22.2.4 - - [26/Nov/2023:19:52:58 -0500] "HEAD /BLA/boletinlegal/ HTTP/1.1" 200 -
66.249.66.21 - - [26/Nov/2023:19:53:35 -0500] "GET /BLA/boletinlegal/index.php? HTTP/1.1" 200 48217
172.22.2.4 - - [26/Nov/2023:19:53:50 -0500] "GET /BLA/boletinlegal/ HTTP/1.1" 200 49900
216.245.221.92 - - [26/Nov/2023:19:55:46 -0500] "HEAD / HTTP/1.1" 200 -
186.80.52.180 - - [26/Nov/2023:19:56:02 -0500] "GET /sipse/faces/index.xhtml HTTP/1.1" 200 677
186.80.52.180 - - [26/Nov/2023:19:56:02 -0500] "GET /sipse/faces/javax.faces.resource/theme.css?ln=primefaces-sipse HTTP/1.1" 304 -
186.80.52.180 - - [26/Nov/2023:19:56:02 -0500] "GET /sipse/faces/faces/autenticacion.xhtml HTTP/1.1" 200 12407
186.80.52.180 - - [26/Nov/2023:19:56:02 -0500] "GET /sipse/js/disable_browser_buttons.js HTTP/1.1" 304 -
186.80.52.180 - - [26/Nov/2023:19:56:02 -0500] "GET /sipse/css/custom_css_sg.css HTTP/1.1" 304 -
186.80.52.180 - - [26/Nov/2023:19:56:02 -0500] "GET /sipse/css/custom_css_sg_prime_login.css HTTP/1.1" 304 -
186.80.52.180 - - [26/Nov/2023:19:56:02 -0500] "GET /sipse/faces/javax.faces.resource/primefaces.css?ln=primefaces&v=4.0 HTTP/1.1" 304 -
186.80.52.180 - - [26/Nov/2023:19:56:02 -0500] "GET /sipse/js/funciones.js HTTP/1.1" 304 -
186.80.52.180 - - [26/Nov/2023:19:56:02 -0500] "GET /sipse/faces/javax.faces.resource/theme.css?ln=primefaces-sipse HTTP/1.1" 304 -
186.80.52.180 - - [26/Nov/2023:19:56:02 -0500] "GET /sipse/faces/javax.faces.resource/layout/layout.css?ln=primefaces&v=4.0 HTTP/1.1" 304 -
186.80.52.180 - - [26/Nov/2023:19:56:02 -0500] "GET /sipse/faces/javax.faces.resource/jquery/jquery.js?ln=primefaces&v=4.0 HTTP/1.1" 304 -
186.80.52.180 - - [26/Nov/2023:19:56:02 -0500] "GET /sipse/faces/javax.faces.resource/jquery/jquery-plugins.js?ln=primefaces&v=4.0 HTTP/1.1" 304 -
186.80.52.180 - - [26/Nov/2023:19:56:02 -0500] "GET /sipse/faces/javax.faces.resource/layout/layout.js?ln=primefaces&v=4.0 HTTP/1.1" 304 -
186.80.52.180 - - [26/Nov/2023:19:56:02 -0500] "GET /sipse/faces/javax.faces.resource/primefaces.js?ln=primefaces&v=4.0 HTTP/1.1" 304 -
186.80.52.180 - - [26/Nov/2023:19:56:03 -0500] "GET /sipse/css/imagen/logoSDG.png HTTP/1.1" 304 -
186.80.52.180 - - [26/Nov/2023:19:56:03 -0500] "GET /sipse/css/imagen/loginimg.png HTTP/1.1" 304 -
186.80.52.180 - - [26/Nov/2023:19:56:03 -0500] "GET /sipse/faces/javax.faces.resource/images/ui-icons_898989_256x240.png?ln=primefaces-aristo HTTP/1.1" 304 -
186.80.52.180 - - [26/Nov/2023:19:56:07 -0500] "POST /sipse/faces/autenticacion.xhtml HTTP/1.1" 200 2225
186.80.52.180 - - [26/Nov/2023:19:56:07 -0500] "GET /sipse/faces/javax.faces.resource/messages/messages.png?ln=primefaces&v=4.0 HTTP/1.1" 304 -
186.80.52.180 - - [26/Nov/2023:19:56:08 -0500] "POST /sipse/faces/autenticacion.xhtml HTTP/1.1" 200 16333
186.80.52.180 - - [26/Nov/2023:19:56:08 -0500] "GET /sipse/css/custom_css_sg_prime.css HTTP/1.1" 304 -
186.80.52.180 - - [26/Nov/2023:19:56:08 -0500] "GET /sipse/faces/javax.faces.resource/theme.css?ln=primefaces-sipse HTTP/1.1" 304 -
186.80.52.180 - - [26/Nov/2023:19:56:08 -0500] "GET /sipse/faces/javax.faces.resource/primefaces.css?ln=primefaces&v=4.0 HTTP/1.1" 304 -
186.80.52.180 - - [26/Nov/2023:19:56:08 -0500] "GET /sipse/faces/javax.faces.resource/layout/layout.css?ln=primefaces&v=4.0 HTTP/1.1" 304 -
186.80.52.180 - - [26/Nov/2023:19:56:08 -0500] "GET /sipse/js/jquery.min.js HTTP/1.1" 304 -
186.80.52.180 - - [26/Nov/2023:19:56:09 -0500] "GET /sipse/faces/javax.faces.resource/jquery/jquery.js?ln=primefaces&v=4.0 HTTP/1.1" 304 -
186.80.52.180 - - [26/Nov/2023:19:56:09 -0500] "GET /sipse/faces/javax.faces.resource/jquery/jquery-plugins.js?ln=primefaces&v=4.0 HTTP/1.1" 304 -
186.80.52.180 - - [26/Nov/2023:19:56:09 -0500] "GET /sipse/faces/javax.faces.resource/primefaces.js?ln=primefaces&v=4.0 HTTP/1.1" 304 -
186.80.52.180 - - [26/Nov/2023:19:56:09 -0500] "GET /sipse/faces/javax.faces.resource/layout/layout.js?ln=primefaces&v=4.0 HTTP/1.1" 304 -
186.80.52.180 - - [26/Nov/2023:19:56:09 -0500] "GET /sipse/css/v_mergente.css HTTP/1.1" 304 -
186.80.52.180 - - [26/Nov/2023:19:56:09 -0500] "GET /sipse/css/imagen/contrasena.png HTTP/1.1" 404 383
186.80.52.180 - - [26/Nov/2023:19:56:09 -0500] "GET /sipse/imagenes/logoAplicacion.jpg HTTP/1.1" 304 -
186.80.52.180 - - [26/Nov/2023:19:56:09 -0500] "GET /sipse/imagenes/cargando.gif HTTP/1.1" 304 -
186.80.52.180 - - [26/Nov/2023:19:56:20 -0500] "GET /sipse/faces/javax.faces.resource/images/ui-bg_flat_0_2d5972_40x100.png?ln=primefaces-aristo HTTP/1.1" 304 -
186.80.52.180 - - [26/Nov/2023:19:56:20 -0500] "POST /sipse/faces/bienvenido.xhtml HTTP/1.1" 200 2658
186.80.52.180 - - [26/Nov/2023:19:56:21 -0500] "POST /sipse/faces/bienvenido.xhtml HTTP/1.1" 200 64172
186.80.52.180 - - [26/Nov/2023:19:56:23 -0500] "GET /sipse/faces/javax.faces.resource/theme.css?ln=primefaces-sipse HTTP/1.1" 304 -
186.80.52.180 - - [26/Nov/2023:19:56:23 -0500] "GET /sipse/faces/javax.faces.resource/primefaces.css?ln=primefaces&v=4.0 HTTP/1.1" 304 -
186.80.52.180 - - [26/Nov/2023:19:56:23 -0500] "GET /sipse/faces/javax.faces.resource/layout/layout.css?ln=primefaces&v=4.0 HTTP/1.1" 304 -
186.80.52.180 - - [26/Nov/2023:19:56:23 -0500] "GET /sipse/faces/javax.faces.resource/jquery/jquery.js?ln=primefaces&v=4.0 HTTP/1.1" 304 -
186.80.52.180 - - [26/Nov/2023:19:56:23 -0500] "GET /sipse/faces/javax.faces.resource/jquery/jquery-plugins.js?ln=primefaces&v=4.0 HTTP/1.1" 304 -
186.80.52.180 - - [26/Nov/2023:19:56:23 -0500] "GET /sipse/faces/javax.faces.resource/primefaces.js?ln=primefaces&v=4.0 HTTP/1.1" 304 -
186.80.52.180 - - [26/Nov/2023:19:56:23 -0500] "GET /sipse/faces/javax.faces.resource/layout/layout.js?ln=primefaces&v=4.0 HTTP/1.1" 304 -
186.80.52.180 - - [26/Nov/2023:19:56:23 -0500] "POST /sipse/faces/presentacion/financiero/solicitudProceso/listarSolicitudProceso.xhtml HTTP/1.1" 200 1556
186.80.52.180 - - [26/Nov/2023:19:56:27 -0500] "POST /sipse/faces/presentacion/financiero/solicitudProceso/listarSolicitudProceso.xhtml HTTP/1.1" 200 46567
186.80.52.180 - - [26/Nov/2023:19:56:28 -0500] "POST /sipse/faces/presentacion/financiero/solicitudProceso/listarSolicitudProceso.xhtml HTTP/1.1" 200 1560
186.80.52.180 - - [26/Nov/2023:19:56:32 -0500] "POST /sipse/faces/presentacion/financiero/solicitudProceso/listarSolicitudProceso.xhtml HTTP/1.1" 200 32079
186.80.52.180 - - [26/Nov/2023:19:56:32 -0500] "POST /sipse/faces/presentacion/financiero/solicitudProceso/listarSolicitudProceso.xhtml HTTP/1.1" 200 44410
186.80.52.180 - - [26/Nov/2023:19:56:35 -0500] "POST /sipse/faces/presentacion/financiero/solicitudProceso/listarSolicitudProceso.xhtml HTTP/1.1" 200 8044
201.245.192.253 - - [26/Nov/2023:19:56:36 -0500] "POST /kwsrmcab/Wsrmcab  HTTP/1.1" 200 41956
186.80.52.180 - - [26/Nov/2023:19:56:50 -0500] "POST /sipse/faces/presentacion/financiero/solicitudProceso/listarSolicitudProceso.xhtml HTTP/1.1" 200 32682
186.80.52.180 - - [26/Nov/2023:19:57:09 -0500] "POST /sipse/faces/presentacion/financiero/solicitudProceso/listarSolicitudProceso.xhtml HTTP/1.1" 200 32242
173.252.83.113 - - [26/Nov/2023:19:57:27 -0500] "GET /images/SECRETARIA-AMBIENTE-FACHADA-5-NOV.jpg HTTP/1.1" 200 250889
186.80.52.180 - - [26/Nov/2023:19:57:28 -0500] "POST /sipse/faces/presentacion/financiero/solicitudProceso/listarSolicitudProceso.xhtml HTTP/1.1" 200 32115
186.80.52.180 - - [26/Nov/2023:19:57:32 -0500] "POST /sipse/faces/presentacion/financiero/solicitudProceso/listarSolicitudProceso.xhtml HTTP/1.1" 200 8044
52.167.144.223 - - [26/Nov/2023:19:57:34 -0500] "GET /BLA/resoluciones/RESOLUCIONES%202014/1508.pdf HTTP/1.1" 200 315591
186.155.116.249 - - [26/Nov/2023:19:57:43 -0500] "-" 408 -
186.80.52.180 - - [26/Nov/2023:20:00:16 -0500] "GET /sipse/faces/index.xhtml HTTP/1.1" 200 677
186.80.52.180 - - [26/Nov/2023:20:00:16 -0500] "GET /sipse/faces/javax.faces.resource/theme.css?ln=primefaces-sipse HTTP/1.1" 304 -
186.80.52.180 - - [26/Nov/2023:20:00:16 -0500] "GET /sipse/faces/faces/autenticacion.xhtml HTTP/1.1" 200 12413
186.80.52.180 - - [26/Nov/2023:20:00:16 -0500] "GET /sipse/faces/javax.faces.resource/theme.css?ln=primefaces-sipse HTTP/1.1" 304 -
186.80.52.180 - - [26/Nov/2023:20:00:16 -0500] "GET /sipse/faces/javax.faces.resource/primefaces.css?ln=primefaces&v=4.0 HTTP/1.1" 304 -
186.80.52.180 - - [26/Nov/2023:20:00:16 -0500] "GET /sipse/faces/javax.faces.resource/layout/layout.css?ln=primefaces&v=4.0 HTTP/1.1" 304 -
186.80.52.180 - - [26/Nov/2023:20:00:16 -0500] "GET /sipse/faces/javax.faces.resource/jquery/jquery.js?ln=primefaces&v=4.0 HTTP/1.1" 304 -
186.80.52.180 - - [26/Nov/2023:20:00:16 -0500] "GET /sipse/faces/javax.faces.resource/primefaces.js?ln=primefaces&v=4.0 HTTP/1.1" 304 -
186.80.52.180 - - [26/Nov/2023:20:00:16 -0500] "GET /sipse/faces/javax.faces.resource/jquery/jquery-plugins.js?ln=primefaces&v=4.0 HTTP/1.1" 304 -
186.80.52.180 - - [26/Nov/2023:20:00:16 -0500] "GET /sipse/faces/javax.faces.resource/layout/layout.js?ln=primefaces&v=4.0 HTTP/1.1" 304 -
186.80.52.180 - - [26/Nov/2023:20:00:16 -0500] "GET /sipse/faces/javax.faces.resource/images/ui-icons_898989_256x240.png?ln=primefaces-aristo HTTP/1.1" 304 -
186.80.52.180 - - [26/Nov/2023:20:00:19 -0500] "POST /sipse/faces/autenticacion.xhtml HTTP/1.1" 200 2225
186.80.52.180 - - [26/Nov/2023:20:00:19 -0500] "GET /sipse/faces/javax.faces.resource/messages/messages.png?ln=primefaces&v=4.0 HTTP/1.1" 304 -
186.80.52.180 - - [26/Nov/2023:20:00:20 -0500] "POST /sipse/faces/autenticacion.xhtml HTTP/1.1" 200 16365
186.80.52.180 - - [26/Nov/2023:20:00:20 -0500] "GET /sipse/faces/javax.faces.resource/theme.css?ln=primefaces-sipse HTTP/1.1" 304 -
186.80.52.180 - - [26/Nov/2023:20:00:20 -0500] "GET /sipse/faces/javax.faces.resource/layout/layout.css?ln=primefaces&v=4.0 HTTP/1.1" 304 -
186.80.52.180 - - [26/Nov/2023:20:00:20 -0500] "GET /sipse/faces/javax.faces.resource/primefaces.css?ln=primefaces&v=4.0 HTTP/1.1" 304 -
186.80.52.180 - - [26/Nov/2023:20:00:20 -0500] "GET /sipse/faces/javax.faces.resource/jquery/jquery.js?ln=primefaces&v=4.0 HTTP/1.1" 304 -
186.80.52.180 - - [26/Nov/2023:20:00:20 -0500] "GET /sipse/faces/javax.faces.resource/jquery/jquery-plugins.js?ln=primefaces&v=4.0 HTTP/1.1" 304 -
186.80.52.180 - - [26/Nov/2023:20:00:20 -0500] "GET /sipse/faces/javax.faces.resource/primefaces.js?ln=primefaces&v=4.0 HTTP/1.1" 304 -
186.80.52.180 - - [26/Nov/2023:20:00:20 -0500] "GET /sipse/faces/javax.faces.resource/layout/layout.js?ln=primefaces&v=4.0 HTTP/1.1" 304 -
186.80.52.180 - - [26/Nov/2023:20:00:20 -0500] "GET /sipse/css/imagen/contrasena.png HTTP/1.1" 404 383
186.80.52.180 - - [26/Nov/2023:20:00:21 -0500] "GET /sipse/faces/javax.faces.resource/images/ui-bg_flat_0_2d5972_40x100.png?ln=primefaces-aristo HTTP/1.1" 304 -
186.80.52.180 - - [26/Nov/2023:20:00:21 -0500] "POST /sipse/faces/bienvenido.xhtml HTTP/1.1" 200 2658
186.80.52.180 - - [26/Nov/2023:20:00:22 -0500] "POST /sipse/faces/bienvenido.xhtml HTTP/1.1" 200 64172
186.80.52.180 - - [26/Nov/2023:20:00:24 -0500] "GET /sipse/faces/javax.faces.resource/theme.css?ln=primefaces-sipse HTTP/1.1" 304 -
186.80.52.180 - - [26/Nov/2023:20:00:24 -0500] "GET /sipse/faces/javax.faces.resource/layout/layout.css?ln=primefaces&v=4.0 HTTP/1.1" 304 -
186.80.52.180 - - [26/Nov/2023:20:00:24 -0500] "GET /sipse/faces/javax.faces.resource/primefaces.css?ln=primefaces&v=4.0 HTTP/1.1" 304 -
186.80.52.180 - - [26/Nov/2023:20:00:24 -0500] "GET /sipse/faces/javax.faces.resource/jquery/jquery.js?ln=primefaces&v=4.0 HTTP/1.1" 304 -
186.80.52.180 - - [26/Nov/2023:20:00:24 -0500] "GET /sipse/faces/javax.faces.resource/jquery/jquery-plugins.js?ln=primefaces&v=4.0 HTTP/1.1" 304 -
186.80.52.180 - - [26/Nov/2023:20:00:24 -0500] "GET /sipse/faces/javax.faces.resource/primefaces.js?ln=primefaces&v=4.0 HTTP/1.1" 304 -
186.80.52.180 - - [26/Nov/2023:20:00:24 -0500] "GET /sipse/faces/javax.faces.resource/layout/layout.js?ln=primefaces&v=4.0 HTTP/1.1" 304 -
186.80.52.180 - - [26/Nov/2023:20:00:24 -0500] "POST /sipse/faces/presentacion/financiero/solicitudProceso/listarSolicitudProceso.xhtml HTTP/1.1" 200 1556
186.80.52.180 - - [26/Nov/2023:20:00:27 -0500] "POST /sipse/faces/presentacion/financiero/solicitudProceso/listarSolicitudProceso.xhtml HTTP/1.1" 200 46567
186.80.52.180 - - [26/Nov/2023:20:00:27 -0500] "POST /sipse/faces/presentacion/financiero/solicitudProceso/listarSolicitudProceso.xhtml HTTP/1.1" 200 1560
186.80.52.180 - - [26/Nov/2023:20:00:28 -0500] "POST /sipse/faces/presentacion/financiero/solicitudProceso/listarSolicitudProceso.xhtml HTTP/1.1" 200 32079
172.22.2.4 - - [26/Nov/2023:19:58:48 -0500] "HEAD /BLA/boletinlegal/ HTTP/1.1" 200 -
186.80.52.180 - - [26/Nov/2023:20:00:28 -0500] "POST /sipse/faces/presentacion/financiero/solicitudProceso/listarSolicitudProceso.xhtml HTTP/1.1" 200 44410
216.245.221.92 - - [26/Nov/2023:20:00:46 -0500] "HEAD / HTTP/1.1" 200 -
186.80.52.180 - - [26/Nov/2023:20:00:45 -0500] "POST /sipse/faces/presentacion/financiero/solicitudProceso/listarSolicitudProceso.xhtml HTTP/1.1" 200 154967
186.80.52.180 - - [26/Nov/2023:20:00:46 -0500] "GET /sipse/faces/javax.faces.resource/theme.css?ln=primefaces-sipse HTTP/1.1" 304 -
186.80.52.180 - - [26/Nov/2023:20:00:46 -0500] "GET /sipse/faces/javax.faces.resource/primefaces.css?ln=primefaces&v=4.0 HTTP/1.1" 304 -
186.80.52.180 - - [26/Nov/2023:20:00:46 -0500] "GET /sipse/faces/javax.faces.resource/layout/layout.css?ln=primefaces&v=4.0 HTTP/1.1" 304 -
186.80.52.180 - - [26/Nov/2023:20:00:46 -0500] "GET /sipse/faces/javax.faces.resource/jquery/jquery.js?ln=primefaces&v=4.0 HTTP/1.1" 304 -
186.80.52.180 - - [26/Nov/2023:20:00:46 -0500] "GET /sipse/faces/javax.faces.resource/jquery/jquery-plugins.js?ln=primefaces&v=4.0 HTTP/1.1" 304 -
186.80.52.180 - - [26/Nov/2023:20:00:46 -0500] "GET /sipse/faces/javax.faces.resource/primefaces.js?ln=primefaces&v=4.0 HTTP/1.1" 304 -
186.80.52.180 - - [26/Nov/2023:20:00:46 -0500] "GET /sipse/faces/javax.faces.resource/layout/layout.js?ln=primefaces&v=4.0 HTTP/1.1" 304 -
186.80.52.180 - - [26/Nov/2023:20:00:54 -0500] "POST /sipse/faces/presentacion/financiero/solicitudProceso/consultarSolicitudProceso.xhtml HTTP/1.1" 200 21111
186.80.52.180 - - [26/Nov/2023:20:00:54 -0500] "GET /sipse/faces/javax.faces.resource/theme.css?ln=primefaces-sipse HTTP/1.1" 304 -
186.80.52.180 - - [26/Nov/2023:20:00:54 -0500] "GET /sipse/faces/javax.faces.resource/primefaces.css?ln=primefaces&v=4.0 HTTP/1.1" 304 -
186.80.52.180 - - [26/Nov/2023:20:00:54 -0500] "GET /sipse/faces/javax.faces.resource/layout/layout.css?ln=primefaces&v=4.0 HTTP/1.1" 304 -
186.80.52.180 - - [26/Nov/2023:20:00:54 -0500] "GET /sipse/faces/javax.faces.resource/fileupload/fileupload.css?ln=primefaces&v=4.0 HTTP/1.1" 304 -
186.80.52.180 - - [26/Nov/2023:20:00:54 -0500] "GET /sipse/faces/javax.faces.resource/jquery/jquery.js?ln=primefaces&v=4.0 HTTP/1.1" 304 -
186.80.52.180 - - [26/Nov/2023:20:00:54 -0500] "GET /sipse/faces/javax.faces.resource/jquery/jquery-plugins.js?ln=primefaces&v=4.0 HTTP/1.1" 304 -
186.80.52.180 - - [26/Nov/2023:20:00:54 -0500] "GET /sipse/faces/javax.faces.resource/primefaces.js?ln=primefaces&v=4.0 HTTP/1.1" 304 -
186.80.52.180 - - [26/Nov/2023:20:00:54 -0500] "GET /sipse/faces/javax.faces.resource/layout/layout.js?ln=primefaces&v=4.0 HTTP/1.1" 304 -
186.80.52.180 - - [26/Nov/2023:20:00:54 -0500] "GET /sipse/faces/javax.faces.resource/fileupload/fileupload.js?ln=primefaces&v=4.0 HTTP/1.1" 304 -
186.80.52.180 - - [26/Nov/2023:20:01:08 -0500] "GET /sipse/faces/javax.faces.resource/primefaces.css?ln=primefaces&v=4.0 HTTP/1.1" 304 -
186.80.52.180 - - [26/Nov/2023:20:01:08 -0500] "GET /sipse/faces/javax.faces.resource/theme.css?ln=primefaces-sipse HTTP/1.1" 304 -
186.80.52.180 - - [26/Nov/2023:20:01:08 -0500] "GET /sipse/faces/javax.faces.resource/layout/layout.css?ln=primefaces&v=4.0 HTTP/1.1" 304 -
186.80.52.180 - - [26/Nov/2023:20:01:08 -0500] "GET /sipse/faces/javax.faces.resource/jquery/jquery.js?ln=primefaces&v=4.0 HTTP/1.1" 304 -
186.80.52.180 - - [26/Nov/2023:20:01:08 -0500] "GET /sipse/faces/javax.faces.resource/jquery/jquery-plugins.js?ln=primefaces&v=4.0 HTTP/1.1" 304 -
186.80.52.180 - - [26/Nov/2023:20:01:08 -0500] "GET /sipse/faces/javax.faces.resource/layout/layout.js?ln=primefaces&v=4.0 HTTP/1.1" 304 -
186.80.52.180 - - [26/Nov/2023:20:01:08 -0500] "GET /sipse/faces/javax.faces.resource/primefaces.js?ln=primefaces&v=4.0 HTTP/1.1" 304 -
186.80.52.180 - - [26/Nov/2023:20:01:07 -0500] "POST /sipse/faces/presentacion/sistema/anexos/cargarAnexoSolicitudProceso.xhtml HTTP/1.1" 200 202206
172.22.2.4 - - [26/Nov/2023:19:59:39 -0500] "GET /BLA/boletinlegal/ HTTP/1.1" 200 60634
186.80.52.180 - - [26/Nov/2023:20:01:29 -0500] "POST /sipse/faces/presentacion/financiero/solicitudProceso/consultarSolicitudProceso.xhtml HTTP/1.1" 200 64710
186.80.52.180 - - [26/Nov/2023:20:01:33 -0500] "GET /sipse/faces/javax.faces.resource/theme.css?ln=primefaces-sipse HTTP/1.1" 304 -
186.80.52.180 - - [26/Nov/2023:20:01:33 -0500] "GET /sipse/faces/javax.faces.resource/primefaces.css?ln=primefaces&v=4.0 HTTP/1.1" 304 -
186.80.52.180 - - [26/Nov/2023:20:01:33 -0500] "GET /sipse/faces/javax.faces.resource/layout/layout.css?ln=primefaces&v=4.0 HTTP/1.1" 304 -
186.80.52.180 - - [26/Nov/2023:20:01:33 -0500] "GET /sipse/faces/javax.faces.resource/jquery/jquery.js?ln=primefaces&v=4.0 HTTP/1.1" 304 -
186.80.52.180 - - [26/Nov/2023:20:01:33 -0500] "GET /sipse/faces/javax.faces.resource/jquery/jquery-plugins.js?ln=primefaces&v=4.0 HTTP/1.1" 304 -
186.80.52.180 - - [26/Nov/2023:20:01:33 -0500] "GET /sipse/faces/javax.faces.resource/primefaces.js?ln=primefaces&v=4.0 HTTP/1.1" 304 -
186.80.52.180 - - [26/Nov/2023:20:01:33 -0500] "GET /sipse/faces/javax.faces.resource/layout/layout.js?ln=primefaces&v=4.0 HTTP/1.1" 304 -
186.80.52.180 - - [26/Nov/2023:20:01:33 -0500] "POST /sipse/faces/presentacion/financiero/solicitudProceso/listarSolicitudProceso.xhtml HTTP/1.1" 200 1556
186.80.52.180 - - [26/Nov/2023:20:01:36 -0500] "POST /sipse/faces/presentacion/financiero/solicitudProceso/listarSolicitudProceso.xhtml HTTP/1.1" 200 32018
201.245.192.253 - - [26/Nov/2023:20:01:35 -0500] "POST /kwsrmcab/Wsrmcab  HTTP/1.1" 200 41956
186.80.52.180 - - [26/Nov/2023:20:01:38 -0500] "POST /sipse/faces/presentacion/financiero/solicitudProceso/listarSolicitudProceso.xhtml HTTP/1.1" 200 8157
66.249.66.194 - - [26/Nov/2023:20:02:36 -0500] "GET /secretaria-de-ambiente-entrego-balance-de-su-gestion-en-2022-y-presento-los-retos-para-el-2023.html HTTP/1.1" 304 -
52.167.144.238 - - [26/Nov/2023:20:04:26 -0500] "GET /BLA/resoluciones/AUTOS%202013/0655.pdf HTTP/1.1" 200 1113572
45.156.129.37 - - [26/Nov/2023:20:04:41 -0500] "GET / HTTP/1.1" 200 319
186.29.25.0 - - [26/Nov/2023:20:04:42 -0500] "GET /sendero-las-moyas-iniciativa-privada-enfocada-en-procesos-de-restauracion-conservacion-y-educacion-ambiental.html HTTP/1.1" 200 1013
216.245.221.92 - - [26/Nov/2023:20:05:46 -0500] "HEAD / HTTP/1.1" 200 -
172.22.2.4 - - [26/Nov/2023:20:04:38 -0500] "HEAD /BLA/boletinlegal/ HTTP/1.1" 200 -
201.245.192.253 - - [26/Nov/2023:20:06:35 -0500] "POST /kwsrmcab/Wsrmcab  HTTP/1.1" 200 41956
172.22.2.4 - - [26/Nov/2023:20:05:29 -0500] "GET /BLA/boletinlegal/ HTTP/1.1" 200 53737
152.203.238.173 - - [26/Nov/2023:20:08:23 -0500] "GET /sipse/faces/index.xhtml HTTP/1.1" 200 677
152.203.238.173 - - [26/Nov/2023:20:08:24 -0500] "GET /sipse/faces/javax.faces.resource/theme.css?ln=primefaces-sipse HTTP/1.1" 304 -
152.203.238.173 - - [26/Nov/2023:20:08:24 -0500] "GET /sipse/faces/faces/autenticacion.xhtml HTTP/1.1" 200 12407
152.203.238.173 - - [26/Nov/2023:20:08:24 -0500] "GET /sipse/js/disable_browser_buttons.js HTTP/1.1" 304 -
152.203.238.173 - - [26/Nov/2023:20:08:24 -0500] "GET /sipse/js/funciones.js HTTP/1.1" 304 -
152.203.238.173 - - [26/Nov/2023:20:08:24 -0500] "GET /sipse/css/custom_css_sg_prime_login.css HTTP/1.1" 304 -
152.203.238.173 - - [26/Nov/2023:20:08:24 -0500] "GET /sipse/css/custom_css_sg.css HTTP/1.1" 304 -
152.203.238.173 - - [26/Nov/2023:20:08:24 -0500] "GET /sipse/faces/javax.faces.resource/theme.css?ln=primefaces-sipse HTTP/1.1" 304 -
152.203.238.173 - - [26/Nov/2023:20:08:24 -0500] "GET /sipse/faces/javax.faces.resource/primefaces.css?ln=primefaces&v=4.0 HTTP/1.1" 304 -
152.203.238.173 - - [26/Nov/2023:20:08:24 -0500] "GET /sipse/faces/javax.faces.resource/layout/layout.css?ln=primefaces&v=4.0 HTTP/1.1" 304 -
152.203.238.173 - - [26/Nov/2023:20:08:24 -0500] "GET /sipse/faces/javax.faces.resource/jquery/jquery.js?ln=primefaces&v=4.0 HTTP/1.1" 304 -
152.203.238.173 - - [26/Nov/2023:20:08:24 -0500] "GET /sipse/faces/javax.faces.resource/primefaces.js?ln=primefaces&v=4.0 HTTP/1.1" 304 -
152.203.238.173 - - [26/Nov/2023:20:08:24 -0500] "GET /sipse/faces/javax.faces.resource/layout/layout.js?ln=primefaces&v=4.0 HTTP/1.1" 304 -
152.203.238.173 - - [26/Nov/2023:20:08:24 -0500] "GET /sipse/faces/javax.faces.resource/jquery/jquery-plugins.js?ln=primefaces&v=4.0 HTTP/1.1" 304 -
152.203.238.173 - - [26/Nov/2023:20:08:24 -0500] "GET /sipse/css/imagen/loginimg.png HTTP/1.1" 304 -
152.203.238.173 - - [26/Nov/2023:20:08:24 -0500] "GET /sipse/css/imagen/logoSDG.png HTTP/1.1" 304 -
152.203.238.173 - - [26/Nov/2023:20:08:24 -0500] "GET /sipse/faces/javax.faces.resource/images/ui-icons_898989_256x240.png?ln=primefaces-aristo HTTP/1.1" 304 -
152.203.238.173 - - [26/Nov/2023:20:08:27 -0500] "POST /sipse/faces/autenticacion.xhtml HTTP/1.1" 200 2225
152.203.238.173 - - [26/Nov/2023:20:08:27 -0500] "GET /sipse/faces/javax.faces.resource/messages/messages.png?ln=primefaces&v=4.0 HTTP/1.1" 304 -
152.203.238.173 - - [26/Nov/2023:20:08:29 -0500] "POST /sipse/faces/autenticacion.xhtml HTTP/1.1" 200 16346
152.203.238.173 - - [26/Nov/2023:20:08:30 -0500] "GET /sipse/css/custom_css_sg_prime.css HTTP/1.1" 304 -
152.203.238.173 - - [26/Nov/2023:20:08:30 -0500] "GET /sipse/faces/javax.faces.resource/primefaces.css?ln=primefaces&v=4.0 HTTP/1.1" 304 -
152.203.238.173 - - [26/Nov/2023:20:08:30 -0500] "GET /sipse/faces/javax.faces.resource/theme.css?ln=primefaces-sipse HTTP/1.1" 304 -
152.203.238.173 - - [26/Nov/2023:20:08:30 -0500] "GET /sipse/faces/javax.faces.resource/layout/layout.css?ln=primefaces&v=4.0 HTTP/1.1" 304 -
152.203.238.173 - - [26/Nov/2023:20:08:30 -0500] "GET /sipse/js/jquery.min.js HTTP/1.1" 304 -
152.203.238.173 - - [26/Nov/2023:20:08:30 -0500] "GET /sipse/faces/javax.faces.resource/jquery/jquery.js?ln=primefaces&v=4.0 HTTP/1.1" 304 -
152.203.238.173 - - [26/Nov/2023:20:08:31 -0500] "GET /sipse/faces/javax.faces.resource/jquery/jquery-plugins.js?ln=primefaces&v=4.0 HTTP/1.1" 304 -
152.203.238.173 - - [26/Nov/2023:20:08:31 -0500] "GET /sipse/faces/javax.faces.resource/primefaces.js?ln=primefaces&v=4.0 HTTP/1.1" 304 -
152.203.238.173 - - [26/Nov/2023:20:08:31 -0500] "GET /sipse/faces/javax.faces.resource/layout/layout.js?ln=primefaces&v=4.0 HTTP/1.1" 304 -
152.203.238.173 - - [26/Nov/2023:20:08:31 -0500] "GET /sipse/css/v_mergente.css HTTP/1.1" 304 -
152.203.238.173 - - [26/Nov/2023:20:08:31 -0500] "GET /sipse/imagenes/cargando.gif HTTP/1.1" 304 -
152.203.238.173 - - [26/Nov/2023:20:08:31 -0500] "GET /sipse/imagenes/logoAplicacion.jpg HTTP/1.1" 304 -
152.203.238.173 - - [26/Nov/2023:20:08:31 -0500] "GET /sipse/css/imagen/contrasena.png HTTP/1.1" 404 383
152.203.238.173 - - [26/Nov/2023:20:08:31 -0500] "POST /sipse/faces/bienvenido.xhtml HTTP/1.1" 200 732
152.203.238.173 - - [26/Nov/2023:20:08:33 -0500] "GET /sipse/faces/javax.faces.resource/images/ui-bg_flat_0_2d5972_40x100.png?ln=primefaces-aristo HTTP/1.1" 304 -
152.203.238.173 - - [26/Nov/2023:20:08:33 -0500] "POST /sipse/faces/bienvenido.xhtml HTTP/1.1" 200 2658
152.203.238.173 - - [26/Nov/2023:20:08:34 -0500] "POST /sipse/faces/bienvenido.xhtml HTTP/1.1" 200 64240
152.203.238.173 - - [26/Nov/2023:20:08:35 -0500] "GET /sipse/faces/javax.faces.resource/theme.css?ln=primefaces-sipse HTTP/1.1" 304 -
152.203.238.173 - - [26/Nov/2023:20:08:35 -0500] "GET /sipse/faces/javax.faces.resource/primefaces.css?ln=primefaces&v=4.0 HTTP/1.1" 304 -
152.203.238.173 - - [26/Nov/2023:20:08:35 -0500] "GET /sipse/faces/javax.faces.resource/layout/layout.css?ln=primefaces&v=4.0 HTTP/1.1" 304 -
152.203.238.173 - - [26/Nov/2023:20:08:35 -0500] "GET /sipse/faces/javax.faces.resource/jquery/jquery.js?ln=primefaces&v=4.0 HTTP/1.1" 304 -
152.203.238.173 - - [26/Nov/2023:20:08:35 -0500] "GET /sipse/faces/javax.faces.resource/jquery/jquery-plugins.js?ln=primefaces&v=4.0 HTTP/1.1" 304 -
152.203.238.173 - - [26/Nov/2023:20:08:36 -0500] "GET /sipse/faces/javax.faces.resource/primefaces.js?ln=primefaces&v=4.0 HTTP/1.1" 304 -
152.203.238.173 - - [26/Nov/2023:20:08:36 -0500] "GET /sipse/faces/javax.faces.resource/layout/layout.js?ln=primefaces&v=4.0 HTTP/1.1" 304 -
152.203.238.173 - - [26/Nov/2023:20:08:36 -0500] "POST /sipse/faces/presentacion/financiero/solicitudProceso/listarSolicitudProceso.xhtml HTTP/1.1" 200 1556
152.203.238.173 - - [26/Nov/2023:20:08:39 -0500] "POST /sipse/faces/presentacion/financiero/solicitudProceso/listarSolicitudProceso.xhtml HTTP/1.1" 200 20744
152.203.238.173 - - [26/Nov/2023:20:08:41 -0500] "POST /sipse/faces/presentacion/financiero/solicitudProceso/listarSolicitudProceso.xhtml HTTP/1.1" 200 20732
152.203.238.173 - - [26/Nov/2023:20:08:43 -0500] "POST /sipse/faces/presentacion/financiero/solicitudProceso/listarSolicitudProceso.xhtml HTTP/1.1" 200 157196
152.203.238.173 - - [26/Nov/2023:20:08:45 -0500] "GET /sipse/faces/javax.faces.resource/theme.css?ln=primefaces-sipse HTTP/1.1" 304 -
152.203.238.173 - - [26/Nov/2023:20:08:45 -0500] "GET /sipse/faces/javax.faces.resource/layout/layout.css?ln=primefaces&v=4.0 HTTP/1.1" 304 -
152.203.238.173 - - [26/Nov/2023:20:08:45 -0500] "GET /sipse/faces/javax.faces.resource/primefaces.css?ln=primefaces&v=4.0 HTTP/1.1" 304 -
152.203.238.173 - - [26/Nov/2023:20:08:45 -0500] "GET /sipse/faces/javax.faces.resource/jquery/jquery.js?ln=primefaces&v=4.0 HTTP/1.1" 304 -
152.203.238.173 - - [26/Nov/2023:20:08:45 -0500] "GET /sipse/faces/javax.faces.resource/jquery/jquery-plugins.js?ln=primefaces&v=4.0 HTTP/1.1" 304 -
152.203.238.173 - - [26/Nov/2023:20:08:45 -0500] "GET /sipse/faces/javax.faces.resource/primefaces.js?ln=primefaces&v=4.0 HTTP/1.1" 304 -
152.203.238.173 - - [26/Nov/2023:20:08:45 -0500] "GET /sipse/faces/javax.faces.resource/layout/layout.js?ln=primefaces&v=4.0 HTTP/1.1" 304 -
152.203.238.173 - - [26/Nov/2023:20:08:50 -0500] "POST /sipse/faces/presentacion/financiero/solicitudProceso/consultarSolicitudProceso.xhtml HTTP/1.1" 200 120290
186.80.52.180 - - [26/Nov/2023:20:09:16 -0500] "GET /sipse/faces/index.xhtml HTTP/1.1" 200 677
186.80.52.180 - - [26/Nov/2023:20:09:16 -0500] "GET /sipse/faces/javax.faces.resource/theme.css?ln=primefaces-sipse HTTP/1.1" 304 -
186.80.52.180 - - [26/Nov/2023:20:09:17 -0500] "GET /sipse/faces/faces/autenticacion.xhtml HTTP/1.1" 200 12413
186.80.52.180 - - [26/Nov/2023:20:09:17 -0500] "GET /sipse/faces/javax.faces.resource/theme.css?ln=primefaces-sipse HTTP/1.1" 304 -
186.80.52.180 - - [26/Nov/2023:20:09:17 -0500] "GET /sipse/faces/javax.faces.resource/primefaces.css?ln=primefaces&v=4.0 HTTP/1.1" 304 -
186.80.52.180 - - [26/Nov/2023:20:09:17 -0500] "GET /sipse/faces/javax.faces.resource/layout/layout.css?ln=primefaces&v=4.0 HTTP/1.1" 304 -
186.80.52.180 - - [26/Nov/2023:20:09:17 -0500] "GET /sipse/faces/javax.faces.resource/jquery/jquery.js?ln=primefaces&v=4.0 HTTP/1.1" 304 -
186.80.52.180 - - [26/Nov/2023:20:09:17 -0500] "GET /sipse/faces/javax.faces.resource/jquery/jquery-plugins.js?ln=primefaces&v=4.0 HTTP/1.1" 304 -
186.80.52.180 - - [26/Nov/2023:20:09:17 -0500] "GET /sipse/faces/javax.faces.resource/primefaces.js?ln=primefaces&v=4.0 HTTP/1.1" 304 -
186.80.52.180 - - [26/Nov/2023:20:09:17 -0500] "GET /sipse/faces/javax.faces.resource/layout/layout.js?ln=primefaces&v=4.0 HTTP/1.1" 304 -
186.80.52.180 - - [26/Nov/2023:20:09:17 -0500] "GET /sipse/faces/javax.faces.resource/images/ui-icons_898989_256x240.png?ln=primefaces-aristo HTTP/1.1" 304 -
186.80.52.180 - - [26/Nov/2023:20:09:19 -0500] "POST /sipse/faces/autenticacion.xhtml HTTP/1.1" 200 2225
186.80.52.180 - - [26/Nov/2023:20:09:19 -0500] "GET /sipse/faces/javax.faces.resource/messages/messages.png?ln=primefaces&v=4.0 HTTP/1.1" 304 -
186.80.52.180 - - [26/Nov/2023:20:09:20 -0500] "POST /sipse/faces/autenticacion.xhtml HTTP/1.1" 200 16365
186.80.52.180 - - [26/Nov/2023:20:09:20 -0500] "GET /sipse/faces/javax.faces.resource/primefaces.css?ln=primefaces&v=4.0 HTTP/1.1" 304 -
186.80.52.180 - - [26/Nov/2023:20:09:20 -0500] "GET /sipse/faces/javax.faces.resource/theme.css?ln=primefaces-sipse HTTP/1.1" 304 -
186.80.52.180 - - [26/Nov/2023:20:09:20 -0500] "GET /sipse/faces/javax.faces.resource/layout/layout.css?ln=primefaces&v=4.0 HTTP/1.1" 304 -
186.80.52.180 - - [26/Nov/2023:20:09:20 -0500] "GET /sipse/faces/javax.faces.resource/jquery/jquery.js?ln=primefaces&v=4.0 HTTP/1.1" 304 -
186.80.52.180 - - [26/Nov/2023:20:09:20 -0500] "GET /sipse/faces/javax.faces.resource/jquery/jquery-plugins.js?ln=primefaces&v=4.0 HTTP/1.1" 304 -
186.80.52.180 - - [26/Nov/2023:20:09:20 -0500] "GET /sipse/faces/javax.faces.resource/primefaces.js?ln=primefaces&v=4.0 HTTP/1.1" 304 -
186.80.52.180 - - [26/Nov/2023:20:09:20 -0500] "GET /sipse/faces/javax.faces.resource/layout/layout.js?ln=primefaces&v=4.0 HTTP/1.1" 304 -
186.80.52.180 - - [26/Nov/2023:20:09:20 -0500] "GET /sipse/css/imagen/contrasena.png HTTP/1.1" 404 383
186.80.52.180 - - [26/Nov/2023:20:09:21 -0500] "GET /sipse/faces/javax.faces.resource/images/ui-bg_flat_0_2d5972_40x100.png?ln=primefaces-aristo HTTP/1.1" 304 -
186.80.52.180 - - [26/Nov/2023:20:09:21 -0500] "POST /sipse/faces/bienvenido.xhtml HTTP/1.1" 200 2658
186.80.52.180 - - [26/Nov/2023:20:09:22 -0500] "POST /sipse/faces/bienvenido.xhtml HTTP/1.1" 200 64261
186.80.52.180 - - [26/Nov/2023:20:09:24 -0500] "GET /sipse/faces/javax.faces.resource/theme.css?ln=primefaces-sipse HTTP/1.1" 304 -
186.80.52.180 - - [26/Nov/2023:20:09:24 -0500] "GET /sipse/faces/javax.faces.resource/layout/layout.css?ln=primefaces&v=4.0 HTTP/1.1" 304 -
186.80.52.180 - - [26/Nov/2023:20:09:24 -0500] "GET /sipse/faces/javax.faces.resource/primefaces.css?ln=primefaces&v=4.0 HTTP/1.1" 304 -
186.80.52.180 - - [26/Nov/2023:20:09:24 -0500] "GET /sipse/faces/javax.faces.resource/jquery/jquery.js?ln=primefaces&v=4.0 HTTP/1.1" 304 -
186.80.52.180 - - [26/Nov/2023:20:09:24 -0500] "GET /sipse/faces/javax.faces.resource/jquery/jquery-plugins.js?ln=primefaces&v=4.0 HTTP/1.1" 304 -
186.80.52.180 - - [26/Nov/2023:20:09:24 -0500] "GET /sipse/faces/javax.faces.resource/primefaces.js?ln=primefaces&v=4.0 HTTP/1.1" 304 -
186.80.52.180 - - [26/Nov/2023:20:09:24 -0500] "GET /sipse/faces/javax.faces.resource/layout/layout.js?ln=primefaces&v=4.0 HTTP/1.1" 304 -
186.80.52.180 - - [26/Nov/2023:20:09:24 -0500] "POST /sipse/faces/presentacion/financiero/solicitudProceso/listarSolicitudProceso.xhtml HTTP/1.1" 200 1556
186.80.52.180 - - [26/Nov/2023:20:09:26 -0500] "POST /sipse/faces/presentacion/financiero/solicitudProceso/listarSolicitudProceso.xhtml HTTP/1.1" 200 16552
186.80.52.180 - - [26/Nov/2023:20:09:59 -0500] "POST /sipse/faces/presentacion/financiero/solicitudProceso/listarSolicitudProceso.xhtml HTTP/1.1" 200 16492
216.245.221.92 - - [26/Nov/2023:20:10:46 -0500] "HEAD / HTTP/1.1" 200 -
69.171.249.5 - - [26/Nov/2023:20:10:52 -0500] "GET /images/Red%20de%20Monitoreo%20de%20Calidad%20del%20Aire.jpg HTTP/1.1" 200 51986
201.245.192.253 - - [26/Nov/2023:20:11:34 -0500] "POST /kwsrmcab/Wsrmcab  HTTP/1.1" 200 41956
172.22.2.4 - - [26/Nov/2023:20:10:28 -0500] "HEAD /BLA/boletinlegal/ HTTP/1.1" 200 -
52.167.144.191 - - [26/Nov/2023:20:13:11 -0500] "GET /BLA/resoluciones/AUTOS%202013/0799.pdf HTTP/1.1" 200 1720638
172.22.2.4 - - [26/Nov/2023:20:11:31 -0500] "GET /BLA/boletinlegal/ HTTP/1.1" 200 59360
172.22.2.4 - - [26/Nov/2023:20:13:16 -0500] "GET /BLA/boletinlegal/actos.php HTTP/1.1" 200 9682
172.22.2.4 - - [26/Nov/2023:20:13:17 -0500] "GET /BLA/boletinlegal/favicon.ico HTTP/1.1" 404 1326
201.244.116.161 - - [26/Nov/2023:20:13:18 -0500] "GET /BLA/resoluciones/ HTTP/1.1" 200 13696
201.244.116.161 - - [26/Nov/2023:20:13:19 -0500] "GET /BLA/resoluciones/dlf/folder.png HTTP/1.1" 200 410
201.244.116.161 - - [26/Nov/2023:20:13:19 -0500] "GET /BLA/resoluciones/dlf/styles.css HTTP/1.1" 200 3049
201.244.116.161 - - [26/Nov/2023:20:13:19 -0500] "GET /BLA/resoluciones/dlf/bg.gif HTTP/1.1" 200 54
201.244.116.161 - - [26/Nov/2023:20:13:19 -0500] "GET /favicon.ico HTTP/1.1" 200 7782
201.244.116.161 - - [26/Nov/2023:20:13:28 -0500] "GET /BLA/resoluciones/dlf/dirup.png HTTP/1.1" 200 644
201.244.116.161 - - [26/Nov/2023:20:13:28 -0500] "GET /BLA/resoluciones/dlf/pdf.gif HTTP/1.1" 200 272
201.244.116.161 - - [26/Nov/2023:20:13:28 -0500] "GET /BLA/resoluciones/index.php?dir=RESOLUCIONES+2013%2F HTTP/1.1" 200 238278
201.244.116.161 - - [26/Nov/2023:20:13:28 -0500] "GET /BLA/resoluciones/dlf/doc.gif HTTP/1.1" 200 1079
201.244.116.161 - - [26/Nov/2023:20:13:35 -0500] "GET /BLA/resoluciones/RESOLUCIONES%202013/0693.pdf HTTP/1.1" 200 3440049
172.22.2.4 - - [26/Nov/2023:20:13:15 -0500] "GET /BLA/boletinlegal/ HTTP/1.1" 200 24523
216.245.221.92 - - [26/Nov/2023:20:15:46 -0500] "HEAD / HTTP/1.1" 200 -
201.245.192.253 - - [26/Nov/2023:20:16:27 -0500] "POST /kwsrmcab/Wsrmcab HTTP/1.1" 200 41885
201.245.192.253 - - [26/Nov/2023:20:16:30 -0500] "POST /kwsrmcab/Wsrmcab HTTP/1.1" 200 42050
201.245.192.253 - - [26/Nov/2023:20:16:33 -0500] "POST /kwsrmcab/Wsrmcab  HTTP/1.1" 200 41956
31.13.103.116 - - [26/Nov/2023:20:17:04 -0500] "GET /inscribete-y-participa-en-las-caminatas-ecologicas-de-marzo.html HTTP/1.1" 200 924
152.203.238.173 - - [26/Nov/2023:20:17:06 -0500] "POST /sipse/faces/presentacion/financiero/solicitudProceso/consultarSolicitudProceso.xhtml HTTP/1.1" 200 257657
172.22.2.4 - - [26/Nov/2023:20:16:31 -0500] "HEAD /BLA/boletinlegal/ HTTP/1.1" 200 -
199.16.157.180 - - [26/Nov/2023:20:18:29 -0500] "GET /moda-circular-manos-reparadoras-la-estrategia-del-distrito-para-restaurar-prendas-usadas.html HTTP/1.1" 200 901
199.16.157.183 - - [26/Nov/2023:20:18:29 -0500] "GET /images/secretaria-de-ambiente-carolina-urrutia-manos-reparadoras.jpg HTTP/1.1" 200 46600
172.22.2.4 - - [26/Nov/2023:20:17:22 -0500] "GET /BLA/boletinlegal/ HTTP/1.1" 200 61018
162.216.149.160 - - [26/Nov/2023:20:19:15 -0500] "GET / HTTP/1.1" 200 319
201.245.192.253 - - [26/Nov/2023:20:20:01 -0500] "POST /kwsrmcab/Wsrmcab HTTP/1.1" 200 41885
216.245.221.92 - - [26/Nov/2023:20:20:46 -0500] "HEAD / HTTP/1.1" 200 -
40.77.167.136 - - [26/Nov/2023:20:21:07 -0500] "GET /BLA/resoluciones/AUTOS%202023/4182.pdf HTTP/1.1" 200 404205
201.245.192.253 - - [26/Nov/2023:20:21:32 -0500] "POST /kwsrmcab/Wsrmcab  HTTP/1.1" 200 41956
201.245.192.253 - - [26/Nov/2023:20:22:15 -0500] "POST /kwsrmcab/Wsrmcab HTTP/1.1" 200 42050
200.25.64.247 - - [26/Nov/2023:20:22:37 -0500] "GET /feria-de-emprendimiento-mujeres-que-reverdecen-expusieron-sus-proyectos.html HTTP/1.1" 200 889
172.22.2.4 - - [26/Nov/2023:20:22:21 -0500] "HEAD /BLA/boletinlegal/ HTTP/1.1" 200 -
172.22.2.4 - - [26/Nov/2023:20:23:12 -0500] "GET /BLA/boletinlegal/ HTTP/1.1" 200 60634
216.245.221.92 - - [26/Nov/2023:20:25:46 -0500] "HEAD / HTTP/1.1" 200 -
201.245.192.253 - - [26/Nov/2023:20:26:27 -0500] "POST /kwsrmcab/Wsrmcab HTTP/1.1" 200 41885
201.245.192.253 - - [26/Nov/2023:20:26:30 -0500] "POST /kwsrmcab/Wsrmcab  HTTP/1.1" 200 41956
201.245.192.253 - - [26/Nov/2023:20:26:32 -0500] "POST /kwsrmcab/Wsrmcab HTTP/1.1" 200 42050
31.13.127.4 - - [26/Nov/2023:20:26:46 -0500] "GET /agendate-para-participar-en-las-caminatas-ecologicas-de-febrero.html HTTP/1.1" 200 830
152.203.238.173 - - [26/Nov/2023:20:27:48 -0500] "POST /sipse/faces/presentacion/financiero/solicitudProceso/consultarSolicitudProceso.xhtml HTTP/1.1" 200 36495
152.203.238.173 - - [26/Nov/2023:20:27:49 -0500] "GET /sipse/faces/javax.faces.resource/theme.css?ln=primefaces-sipse HTTP/1.1" 304 -
152.203.238.173 - - [26/Nov/2023:20:27:49 -0500] "GET /sipse/faces/javax.faces.resource/primefaces.css?ln=primefaces&v=4.0 HTTP/1.1" 304 -
152.203.238.173 - - [26/Nov/2023:20:27:49 -0500] "GET /sipse/faces/javax.faces.resource/layout/layout.css?ln=primefaces&v=4.0 HTTP/1.1" 304 -
152.203.238.173 - - [26/Nov/2023:20:27:49 -0500] "GET /sipse/faces/javax.faces.resource/jquery/jquery.js?ln=primefaces&v=4.0 HTTP/1.1" 304 -
152.203.238.173 - - [26/Nov/2023:20:27:49 -0500] "GET /sipse/faces/javax.faces.resource/jquery/jquery-plugins.js?ln=primefaces&v=4.0 HTTP/1.1" 304 -
152.203.238.173 - - [26/Nov/2023:20:27:49 -0500] "GET /sipse/faces/javax.faces.resource/primefaces.js?ln=primefaces&v=4.0 HTTP/1.1" 304 -
152.203.238.173 - - [26/Nov/2023:20:27:49 -0500] "GET /sipse/faces/javax.faces.resource/layout/layout.js?ln=primefaces&v=4.0 HTTP/1.1" 304 -
152.203.238.173 - - [26/Nov/2023:20:27:49 -0500] "POST /sipse/faces/presentacion/financiero/solicitudProceso/listarSolicitudProceso.xhtml HTTP/1.1" 200 29875
152.203.238.173 - - [26/Nov/2023:20:27:50 -0500] "POST /sipse/faces/presentacion/financiero/solicitudProceso/listarSolicitudProceso.xhtml HTTP/1.1" 200 29875
152.203.238.173 - - [26/Nov/2023:20:27:50 -0500] "POST /sipse/faces/presentacion/financiero/solicitudProceso/listarSolicitudProceso.xhtml HTTP/1.1" 200 1396
