186.84.21.166 - - [27/Nov/2023:05:20:44 -0500] "GET /sipse/css/imagen/contrasena.png HTTP/1.1" 404 383
186.84.21.166 - - [27/Nov/2023:05:20:44 -0500] "GET /sipse/imagenes/logoAplicacion.jpg HTTP/1.1" 304 -
186.84.21.166 - - [27/Nov/2023:05:20:44 -0500] "GET /sipse/imagenes/cargando.gif HTTP/1.1" 304 -
186.84.21.166 - - [27/Nov/2023:05:20:46 -0500] "GET /sipse/faces/javax.faces.resource/images/ui-bg_flat_0_2d5972_40x100.png?ln=primefaces-aristo HTTP/1.1" 304 -
186.84.21.166 - - [27/Nov/2023:05:20:46 -0500] "POST /sipse/faces/bienvenido.xhtml HTTP/1.1" 200 2658
186.84.21.166 - - [27/Nov/2023:05:20:48 -0500] "POST /sipse/faces/bienvenido.xhtml HTTP/1.1" 200 184
186.84.21.166 - - [27/Nov/2023:05:20:48 -0500] "GET /sipse/faces/presentacion/financiero/solicitudAnulacion/solicitudAnulacion.xhtml HTTP/1.1" 200 34097
186.84.21.166 - - [27/Nov/2023:05:20:48 -0500] "GET /sipse/faces/javax.faces.resource/theme.css?ln=primefaces-sipse HTTP/1.1" 304 -
186.84.21.166 - - [27/Nov/2023:05:20:48 -0500] "GET /sipse/faces/javax.faces.resource/primefaces.css?ln=primefaces&v=4.0 HTTP/1.1" 304 -
186.84.21.166 - - [27/Nov/2023:05:20:48 -0500] "GET /sipse/faces/javax.faces.resource/jquery/jquery.js?ln=primefaces&v=4.0 HTTP/1.1" 304 -
186.84.21.166 - - [27/Nov/2023:05:20:48 -0500] "GET /sipse/faces/javax.faces.resource/layout/layout.css?ln=primefaces&v=4.0 HTTP/1.1" 304 -
186.84.21.166 - - [27/Nov/2023:05:20:48 -0500] "GET /sipse/faces/javax.faces.resource/jquery/jquery-plugins.js?ln=primefaces&v=4.0 HTTP/1.1" 304 -
186.84.21.166 - - [27/Nov/2023:05:20:48 -0500] "GET /sipse/faces/javax.faces.resource/primefaces.js?ln=primefaces&v=4.0 HTTP/1.1" 304 -
186.84.21.166 - - [27/Nov/2023:05:20:48 -0500] "GET /sipse/faces/javax.faces.resource/layout/layout.js?ln=primefaces&v=4.0 HTTP/1.1" 304 -
186.84.21.166 - - [27/Nov/2023:05:20:48 -0500] "POST /sipse/faces/presentacion/financiero/solicitudAnulacion/solicitudAnulacion.xhtml HTTP/1.1" 200 12486
172.22.2.4 - - [27/Nov/2023:05:20:38 -0500] "GET /BLA/boletinlegal/ HTTP/1.1" 200 24523
201.245.192.253 - - [27/Nov/2023:05:21:16 -0500] "POST /kwsrmcab/Wsrmcab  HTTP/1.1" 200 41956
52.167.144.175 - - [27/Nov/2023:05:21:53 -0500] "GET /BLA/resoluciones/AUTOS%202023/4196.pdf HTTP/1.1" 200 444473
216.245.221.92 - - [27/Nov/2023:05:22:07 -0500] "HEAD / HTTP/1.1" 200 -
66.249.77.9 - - [27/Nov/2023:05:22:08 -0500] "GET /como-obtener-el-certificado-de-estado-de-conservacion-ambiental-ceca.html HTTP/1.1" 304 -
201.245.192.253 - - [27/Nov/2023:05:22:41 -0500] "POST /kwsrmcab/Wsrmcab HTTP/1.1" 200 41785
172.22.2.4 - - [27/Nov/2023:05:21:09 -0500] "HEAD /BLA/boletinlegal/ HTTP/1.1" 200 -
157.90.209.79 - - [27/Nov/2023:05:23:23 -0500] "GET /robots.txt HTTP/1.1" 404 1034
157.90.209.79 - - [27/Nov/2023:05:23:24 -0500] "GET /sitemap HTTP/1.1" 404 1034
172.22.2.4 - - [27/Nov/2023:05:23:31 -0500] "GET /BLA/boletinlegal/geoserver/web/ HTTP/1.1" 404 1018
157.90.209.79 - - [27/Nov/2023:05:23:32 -0500] "GET /sitemap.txt HTTP/1.1" 404 1034
172.22.2.4 - - [27/Nov/2023:05:21:59 -0500] "GET /BLA/boletinlegal/ HTTP/1.1" 200 58644
172.22.2.4 - - [27/Nov/2023:05:24:04 -0500] "GET /BLA/boletinlegal/.git/config HTTP/1.1" 404 1018
52.167.144.175 - - [27/Nov/2023:05:25:33 -0500] "GET /BLA/resoluciones/AUTOS%202023/7411.pdf HTTP/1.1" 200 351864
52.167.144.175 - - [27/Nov/2023:05:25:34 -0500] "GET /BLA/resoluciones/AUTOS%202023/5489.pdf HTTP/1.1" 200 1390415
40.77.167.26 - - [27/Nov/2023:05:25:38 -0500] "GET /BLA/resoluciones/AUTOS%202023/5966.pdf HTTP/1.1" 200 422740
201.245.192.253 - - [27/Nov/2023:05:26:16 -0500] "POST /kwsrmcab/Wsrmcab  HTTP/1.1" 200 41956
152.61.128.50 - - [27/Nov/2023:05:26:21 -0500] "GET /arcgis/services/Calidad_del_Agua_WQI/MapServer/WMSServer?request=GetCapabilities&service=WMS HTTP/1.1" 503 1020
152.61.128.50 - - [27/Nov/2023:05:26:22 -0500] "GET /arcgis/services/Calidad_del_Agua_WQI/MapServer/WMSServer?SERVICE=WMS&REQUEST=GetCapabilities HTTP/1.1" 503 1020
152.61.128.50 - - [27/Nov/2023:05:26:23 -0500] "GET /arcgis/services/Calidad_del_Agua_WQI/MapServer/WMSServer?WMTVER=1.0.0&REQUEST=capabilities HTTP/1.1" 503 1020
201.245.192.253 - - [27/Nov/2023:05:26:26 -0500] "POST /kwsrmcab/Wsrmcab HTTP/1.1" 200 41320
201.245.192.253 - - [27/Nov/2023:05:26:29 -0500] "POST /kwsrmcab/Wsrmcab HTTP/1.1" 200 41785
40.77.167.43 - - [27/Nov/2023:05:26:34 -0500] "GET /BLA/resoluciones/AUTOS%202023/5782.pdf HTTP/1.1" 200 427752
216.245.221.92 - - [27/Nov/2023:05:27:07 -0500] "HEAD / HTTP/1.1" 200 -
52.167.144.175 - - [27/Nov/2023:05:27:14 -0500] "GET /BLA/resoluciones/AUTOS%202023/5850.pdf HTTP/1.1" 200 397435
172.22.2.4 - - [27/Nov/2023:05:26:59 -0500] "HEAD /BLA/boletinlegal/ HTTP/1.1" 200 -
172.22.2.4 - - [27/Nov/2023:05:27:49 -0500] "GET /BLA/boletinlegal/ HTTP/1.1" 200 58644
201.245.192.253 - - [27/Nov/2023:05:29:59 -0500] "POST /kwsrmcab/Wsrmcab HTTP/1.1" 200 41320
201.245.192.253 - - [27/Nov/2023:05:31:15 -0500] "POST /kwsrmcab/Wsrmcab  HTTP/1.1" 200 41956
216.245.221.92 - - [27/Nov/2023:05:32:07 -0500] "HEAD / HTTP/1.1" 200 -
201.245.192.253 - - [27/Nov/2023:05:32:42 -0500] "POST /kwsrmcab/Wsrmcab HTTP/1.1" 200 41785
40.77.167.43 - - [27/Nov/2023:05:33:24 -0500] "GET /BLA/resoluciones/AUTOS%202013/3555.pdf HTTP/1.1" 200 431961
172.22.2.4 - - [27/Nov/2023:05:32:49 -0500] "HEAD /BLA/boletinlegal/ HTTP/1.1" 200 -
173.252.83.10 - - [27/Nov/2023:05:35:17 -0500] "GET /recuperado-zorro-cangrejero-que-era-tenido-ilegalmente-como-mascota-en-una-vivienda-del-sur-de-bogota.html HTTP/1.1" 200 801
172.22.2.4 - - [27/Nov/2023:05:33:39 -0500] "GET /BLA/boletinlegal/ HTTP/1.1" 200 59360
201.245.192.253 - - [27/Nov/2023:05:36:13 -0500] "POST /kwsrmcab/Wsrmcab  HTTP/1.1" 200 41956
17.241.227.144 - - [27/Nov/2023:05:36:20 -0500] "GET /cuales-son-las-senales-para-identificar-un-arbol-en-riesgo-de-caida-en-bogota.html HTTP/1.1" 200 863
213.244.248.47 - - [27/Nov/2023:05:36:25 -0500] "GET /portaldeninos/wp-content/uploads/2019/08/Humedal-Jaboque.jpg HTTP/1.1" 200 154626
201.245.192.253 - - [27/Nov/2023:05:36:25 -0500] "POST /kwsrmcab/Wsrmcab HTTP/1.1" 200 41320
201.245.192.253 - - [27/Nov/2023:05:36:28 -0500] "POST /kwsrmcab/Wsrmcab HTTP/1.1" 200 41785
216.245.221.92 - - [27/Nov/2023:05:37:06 -0500] "HEAD / HTTP/1.1" 200 -
65.154.226.166 - - [27/Nov/2023:05:37:18 -0500] "GET /secretaria-de-ambiente-y-car-firman-el-plan-de-manejo-ambiental-del-sitio-ramsar-complejo-de-humedales-urbanos-de-bogota-unico-en-america-latina.html HTTP/1.1" 200 1040
205.169.39.149 - - [27/Nov/2023:05:37:26 -0500] "GET /secretaria-de-ambiente-y-car-firman-el-plan-de-manejo-ambiental-del-sitio-ramsar-complejo-de-humedales-urbanos-de-bogota-unico-en-america-latina.html HTTP/1.1" 200 1040
205.169.39.149 - - [27/Nov/2023:05:38:14 -0500] "GET /secretaria-de-ambiente-y-car-firman-el-plan-de-manejo-ambiental-del-sitio-ramsar-complejo-de-humedales-urbanos-de-bogota-unico-en-america-latina.html HTTP/1.1" 200 1040
196.199.104.50 - - [27/Nov/2023:05:38:15 -0500] "GET /secretaria-de-ambiente-y-car-firman-el-plan-de-manejo-ambiental-del-sitio-ramsar-complejo-de-humedales-urbanos-de-bogota-unico-en-america-latina.html HTTP/1.1" 200 1040
201.245.192.253 - - [27/Nov/2023:05:39:59 -0500] "POST /kwsrmcab/Wsrmcab HTTP/1.1" 200 41320
172.22.2.4 - - [27/Nov/2023:05:38:39 -0500] "HEAD /BLA/boletinlegal/ HTTP/1.1" 200 -
172.22.2.4 - - [27/Nov/2023:05:39:30 -0500] "GET /BLA/boletinlegal/ HTTP/1.1" 200 60634
201.245.192.253 - - [27/Nov/2023:05:41:12 -0500] "POST /kwsrmcab/Wsrmcab  HTTP/1.1" 200 41956
216.245.221.92 - - [27/Nov/2023:05:42:06 -0500] "HEAD / HTTP/1.1" 200 -
201.245.192.253 - - [27/Nov/2023:05:42:39 -0500] "POST /kwsrmcab/Wsrmcab HTTP/1.1" 200 41785
66.249.77.8 - - [27/Nov/2023:05:44:38 -0500] "GET /secretaria-de-ambiente-intercambia-conocimientos-sobre-arbolado-urbano-con-delegadas-de-la-alcaldia-de-sao-paulo.html HTTP/1.1" 304 -
172.22.2.4 - - [27/Nov/2023:05:44:30 -0500] "HEAD /BLA/boletinlegal/ HTTP/1.1" 200 -
201.245.192.253 - - [27/Nov/2023:05:46:10 -0500] "POST /kwsrmcab/Wsrmcab  HTTP/1.1" 200 41956
172.22.2.4 - - [27/Nov/2023:05:45:20 -0500] "GET /BLA/boletinlegal/ HTTP/1.1" 200 61018
216.245.221.92 - - [27/Nov/2023:05:47:06 -0500] "HEAD / HTTP/1.1" 200 -
186.84.21.166 - - [27/Nov/2023:05:49:12 -0500] "POST /sipse/faces/presentacion/financiero/solicitudAnulacion/solicitudAnulacion.xhtml HTTP/1.1" 200 54035
186.84.21.166 - - [27/Nov/2023:05:49:13 -0500] "GET /sipse/faces/javax.faces.resource/theme.css?ln=primefaces-sipse HTTP/1.1" 304 -
186.84.21.166 - - [27/Nov/2023:05:49:13 -0500] "GET /sipse/faces/javax.faces.resource/fileupload/fileupload.css?ln=primefaces&v=4.0 HTTP/1.1" 304 -
186.84.21.166 - - [27/Nov/2023:05:49:13 -0500] "GET /sipse/faces/javax.faces.resource/layout/layout.css?ln=primefaces&v=4.0 HTTP/1.1" 304 -
186.84.21.166 - - [27/Nov/2023:05:49:13 -0500] "GET /sipse/faces/javax.faces.resource/primefaces.css?ln=primefaces&v=4.0 HTTP/1.1" 304 -
186.84.21.166 - - [27/Nov/2023:05:49:13 -0500] "GET /sipse/faces/javax.faces.resource/jquery/jquery.js?ln=primefaces&v=4.0 HTTP/1.1" 304 -
186.84.21.166 - - [27/Nov/2023:05:49:13 -0500] "GET /sipse/faces/javax.faces.resource/jquery/jquery-plugins.js?ln=primefaces&v=4.0 HTTP/1.1" 304 -
186.84.21.166 - - [27/Nov/2023:05:49:13 -0500] "GET /sipse/css/imagen/contrasena.png HTTP/1.1" 404 383
186.84.21.166 - - [27/Nov/2023:05:49:13 -0500] "GET /sipse/faces/javax.faces.resource/primefaces.js?ln=primefaces&v=4.0 HTTP/1.1" 304 -
186.84.21.166 - - [27/Nov/2023:05:49:13 -0500] "GET /sipse/faces/javax.faces.resource/layout/layout.js?ln=primefaces&v=4.0 HTTP/1.1" 304 -
186.84.21.166 - - [27/Nov/2023:05:49:13 -0500] "GET /sipse/faces/javax.faces.resource/fileupload/fileupload.js?ln=primefaces&v=4.0 HTTP/1.1" 304 -
186.84.21.166 - - [27/Nov/2023:05:49:13 -0500] "GET /sipse/faces/javax.faces.resource/images/ui-icons_898989_256x240.png?ln=primefaces-aristo HTTP/1.1" 304 -
52.167.144.166 - - [27/Nov/2023:05:49:16 -0500] "GET /BLA/resoluciones/AUTOS%202023/4198.pdf HTTP/1.1" 200 433102
186.84.21.166 - - [27/Nov/2023:05:49:28 -0500] "GET /sipse/faces/javax.faces.resource/images/ui-bg_flat_0_2d5972_40x100.png?ln=primefaces-aristo HTTP/1.1" 304 -
186.84.21.166 - - [27/Nov/2023:05:49:28 -0500] "POST /sipse/faces/presentacion/financiero/solicitudAnulacion/registrarSolicitudAnulacion.xhtml HTTP/1.1" 200 63668
186.84.21.166 - - [27/Nov/2023:05:49:29 -0500] "GET /sipse/faces/javax.faces.resource/theme.css?ln=primefaces-sipse HTTP/1.1" 304 -
186.84.21.166 - - [27/Nov/2023:05:49:29 -0500] "GET /sipse/faces/javax.faces.resource/primefaces.css?ln=primefaces&v=4.0 HTTP/1.1" 304 -
186.84.21.166 - - [27/Nov/2023:05:49:29 -0500] "GET /sipse/faces/javax.faces.resource/layout/layout.css?ln=primefaces&v=4.0 HTTP/1.1" 304 -
186.84.21.166 - - [27/Nov/2023:05:49:29 -0500] "GET /sipse/faces/javax.faces.resource/jquery/jquery.js?ln=primefaces&v=4.0 HTTP/1.1" 304 -
186.84.21.166 - - [27/Nov/2023:05:49:29 -0500] "GET /sipse/faces/javax.faces.resource/jquery/jquery-plugins.js?ln=primefaces&v=4.0 HTTP/1.1" 304 -
186.84.21.166 - - [27/Nov/2023:05:49:29 -0500] "GET /sipse/faces/javax.faces.resource/primefaces.js?ln=primefaces&v=4.0 HTTP/1.1" 304 -
186.84.21.166 - - [27/Nov/2023:05:49:29 -0500] "GET /sipse/faces/javax.faces.resource/layout/layout.js?ln=primefaces&v=4.0 HTTP/1.1" 304 -
186.84.21.166 - - [27/Nov/2023:05:49:29 -0500] "POST /sipse/faces/presentacion/financiero/solicitudProceso/listarSolicitudProceso.xhtml HTTP/1.1" 200 57052
186.84.21.166 - - [27/Nov/2023:05:49:29 -0500] "POST /sipse/faces/presentacion/financiero/solicitudProceso/listarSolicitudProceso.xhtml HTTP/1.1" 200 1556
186.84.21.166 - - [27/Nov/2023:05:49:30 -0500] "POST /sipse/faces/presentacion/financiero/solicitudProceso/listarSolicitudProceso.xhtml HTTP/1.1" 200 1556
186.84.21.166 - - [27/Nov/2023:05:49:34 -0500] "POST /sipse/faces/presentacion/financiero/solicitudProceso/listarSolicitudProceso.xhtml HTTP/1.1" 200 13911
186.84.21.166 - - [27/Nov/2023:05:49:35 -0500] "POST /sipse/faces/presentacion/financiero/solicitudProceso/listarSolicitudProceso.xhtml HTTP/1.1" 200 5108
186.84.21.166 - - [27/Nov/2023:05:49:38 -0500] "POST /sipse/faces/presentacion/financiero/solicitudProceso/listarSolicitudProceso.xhtml HTTP/1.1" 200 181090
186.84.21.166 - - [27/Nov/2023:05:49:39 -0500] "GET /sipse/faces/javax.faces.resource/theme.css?ln=primefaces-sipse HTTP/1.1" 304 -
186.84.21.166 - - [27/Nov/2023:05:49:39 -0500] "GET /sipse/faces/javax.faces.resource/layout/layout.css?ln=primefaces&v=4.0 HTTP/1.1" 304 -
186.84.21.166 - - [27/Nov/2023:05:49:39 -0500] "GET /sipse/faces/javax.faces.resource/primefaces.css?ln=primefaces&v=4.0 HTTP/1.1" 304 -
186.84.21.166 - - [27/Nov/2023:05:49:39 -0500] "GET /sipse/faces/javax.faces.resource/jquery/jquery.js?ln=primefaces&v=4.0 HTTP/1.1" 304 -
186.84.21.166 - - [27/Nov/2023:05:49:39 -0500] "GET /sipse/faces/javax.faces.resource/jquery/jquery-plugins.js?ln=primefaces&v=4.0 HTTP/1.1" 304 -
186.84.21.166 - - [27/Nov/2023:05:49:39 -0500] "GET /sipse/faces/javax.faces.resource/primefaces.js?ln=primefaces&v=4.0 HTTP/1.1" 304 -
186.84.21.166 - - [27/Nov/2023:05:49:39 -0500] "GET /sipse/faces/javax.faces.resource/layout/layout.js?ln=primefaces&v=4.0 HTTP/1.1" 304 -
186.84.21.166 - - [27/Nov/2023:05:50:26 -0500] "GET /sipse/faces/javax.faces.resource/theme.css?ln=primefaces-sipse HTTP/1.1" 304 -
186.84.21.166 - - [27/Nov/2023:05:50:26 -0500] "GET /sipse/faces/faces/autenticacion.xhtml HTTP/1.1" 200 12415
186.84.21.166 - - [27/Nov/2023:05:50:26 -0500] "GET /sipse/faces/javax.faces.resource/theme.css?ln=primefaces-sipse HTTP/1.1" 304 -
186.84.21.166 - - [27/Nov/2023:05:50:26 -0500] "GET /sipse/faces/javax.faces.resource/primefaces.css?ln=primefaces&v=4.0 HTTP/1.1" 304 -
186.84.21.166 - - [27/Nov/2023:05:50:26 -0500] "GET /sipse/faces/javax.faces.resource/layout/layout.css?ln=primefaces&v=4.0 HTTP/1.1" 304 -
186.84.21.166 - - [27/Nov/2023:05:50:26 -0500] "GET /sipse/faces/javax.faces.resource/jquery/jquery.js?ln=primefaces&v=4.0 HTTP/1.1" 304 -
186.84.21.166 - - [27/Nov/2023:05:50:26 -0500] "GET /sipse/faces/javax.faces.resource/layout/layout.js?ln=primefaces&v=4.0 HTTP/1.1" 304 -
186.84.21.166 - - [27/Nov/2023:05:50:26 -0500] "GET /sipse/faces/javax.faces.resource/primefaces.js?ln=primefaces&v=4.0 HTTP/1.1" 304 -
186.84.21.166 - - [27/Nov/2023:05:50:26 -0500] "GET /sipse/faces/javax.faces.resource/jquery/jquery-plugins.js?ln=primefaces&v=4.0 HTTP/1.1" 304 -
186.84.21.166 - - [27/Nov/2023:05:50:26 -0500] "GET /sipse/faces/javax.faces.resource/images/ui-icons_898989_256x240.png?ln=primefaces-aristo HTTP/1.1" 304 -
186.84.21.166 - - [27/Nov/2023:05:50:30 -0500] "POST /sipse/faces/autenticacion.xhtml HTTP/1.1" 200 2229
186.84.21.166 - - [27/Nov/2023:05:50:30 -0500] "GET /sipse/faces/javax.faces.resource/messages/messages.png?ln=primefaces&v=4.0 HTTP/1.1" 304 -
186.84.21.166 - - [27/Nov/2023:05:50:31 -0500] "POST /sipse/faces/autenticacion.xhtml HTTP/1.1" 200 16374
186.84.21.166 - - [27/Nov/2023:05:50:31 -0500] "GET /sipse/faces/javax.faces.resource/theme.css?ln=primefaces-sipse HTTP/1.1" 304 -
186.84.21.166 - - [27/Nov/2023:05:50:31 -0500] "GET /sipse/faces/javax.faces.resource/primefaces.css?ln=primefaces&v=4.0 HTTP/1.1" 304 -
186.84.21.166 - - [27/Nov/2023:05:50:31 -0500] "GET /sipse/faces/javax.faces.resource/layout/layout.css?ln=primefaces&v=4.0 HTTP/1.1" 304 -
186.84.21.166 - - [27/Nov/2023:05:50:31 -0500] "GET /sipse/faces/javax.faces.resource/jquery/jquery.js?ln=primefaces&v=4.0 HTTP/1.1" 304 -
186.84.21.166 - - [27/Nov/2023:05:50:31 -0500] "GET /sipse/faces/javax.faces.resource/jquery/jquery-plugins.js?ln=primefaces&v=4.0 HTTP/1.1" 304 -
186.84.21.166 - - [27/Nov/2023:05:50:31 -0500] "GET /sipse/faces/javax.faces.resource/primefaces.js?ln=primefaces&v=4.0 HTTP/1.1" 304 -
186.84.21.166 - - [27/Nov/2023:05:50:31 -0500] "GET /sipse/faces/javax.faces.resource/layout/layout.js?ln=primefaces&v=4.0 HTTP/1.1" 304 -
186.84.21.166 - - [27/Nov/2023:05:50:32 -0500] "GET /sipse/css/imagen/contrasena.png HTTP/1.1" 404 383
186.84.21.166 - - [27/Nov/2023:05:50:35 -0500] "GET /sipse/faces/javax.faces.resource/images/ui-bg_flat_0_2d5972_40x100.png?ln=primefaces-aristo HTTP/1.1" 304 -
186.84.21.166 - - [27/Nov/2023:05:50:35 -0500] "POST /sipse/faces/bienvenido.xhtml HTTP/1.1" 200 2658
186.84.21.166 - - [27/Nov/2023:05:50:36 -0500] "POST /sipse/faces/bienvenido.xhtml HTTP/1.1" 200 184
186.84.21.166 - - [27/Nov/2023:05:50:36 -0500] "GET /sipse/faces/presentacion/financiero/solicitudAnulacion/solicitudAnulacion.xhtml HTTP/1.1" 200 34097
186.84.21.166 - - [27/Nov/2023:05:50:37 -0500] "GET /sipse/faces/javax.faces.resource/theme.css?ln=primefaces-sipse HTTP/1.1" 304 -
186.84.21.166 - - [27/Nov/2023:05:50:37 -0500] "GET /sipse/faces/javax.faces.resource/primefaces.css?ln=primefaces&v=4.0 HTTP/1.1" 304 -
186.84.21.166 - - [27/Nov/2023:05:50:37 -0500] "GET /sipse/faces/javax.faces.resource/jquery/jquery.js?ln=primefaces&v=4.0 HTTP/1.1" 304 -
186.84.21.166 - - [27/Nov/2023:05:50:37 -0500] "GET /sipse/faces/javax.faces.resource/layout/layout.css?ln=primefaces&v=4.0 HTTP/1.1" 304 -
186.84.21.166 - - [27/Nov/2023:05:50:37 -0500] "GET /sipse/faces/javax.faces.resource/jquery/jquery-plugins.js?ln=primefaces&v=4.0 HTTP/1.1" 304 -
186.84.21.166 - - [27/Nov/2023:05:50:37 -0500] "GET /sipse/faces/javax.faces.resource/layout/layout.js?ln=primefaces&v=4.0 HTTP/1.1" 304 -
186.84.21.166 - - [27/Nov/2023:05:50:37 -0500] "GET /sipse/faces/javax.faces.resource/primefaces.js?ln=primefaces&v=4.0 HTTP/1.1" 304 -
186.84.21.166 - - [27/Nov/2023:05:50:37 -0500] "POST /sipse/faces/presentacion/financiero/solicitudAnulacion/solicitudAnulacion.xhtml HTTP/1.1" 200 12486
186.84.21.166 - - [27/Nov/2023:05:50:39 -0500] "POST /sipse/faces/presentacion/financiero/solicitudAnulacion/solicitudAnulacion.xhtml HTTP/1.1" 200 63668
186.84.21.166 - - [27/Nov/2023:05:50:39 -0500] "GET /sipse/faces/javax.faces.resource/layout/layout.css?ln=primefaces&v=4.0 HTTP/1.1" 304 -
186.84.21.166 - - [27/Nov/2023:05:50:39 -0500] "GET /sipse/faces/javax.faces.resource/primefaces.css?ln=primefaces&v=4.0 HTTP/1.1" 304 -
186.84.21.166 - - [27/Nov/2023:05:50:39 -0500] "GET /sipse/faces/javax.faces.resource/theme.css?ln=primefaces-sipse HTTP/1.1" 304 -
186.84.21.166 - - [27/Nov/2023:05:50:39 -0500] "GET /sipse/faces/javax.faces.resource/jquery/jquery.js?ln=primefaces&v=4.0 HTTP/1.1" 304 -
186.84.21.166 - - [27/Nov/2023:05:50:39 -0500] "GET /sipse/faces/javax.faces.resource/jquery/jquery-plugins.js?ln=primefaces&v=4.0 HTTP/1.1" 304 -
186.84.21.166 - - [27/Nov/2023:05:50:39 -0500] "GET /sipse/faces/javax.faces.resource/primefaces.js?ln=primefaces&v=4.0 HTTP/1.1" 304 -
186.84.21.166 - - [27/Nov/2023:05:50:39 -0500] "GET /sipse/faces/javax.faces.resource/layout/layout.js?ln=primefaces&v=4.0 HTTP/1.1" 304 -
186.84.21.166 - - [27/Nov/2023:05:50:40 -0500] "POST /sipse/faces/presentacion/financiero/solicitudProceso/listarSolicitudProceso.xhtml HTTP/1.1" 200 1556
137.184.140.204 - - [27/Nov/2023:05:50:44 -0500] "GET /secretaria-de-ambiente-y-car-firman-el-plan-de-manejo-ambiental-del-sitio-ramsar-complejo-de-humedales-urbanos-de-bogota-unico-en-america-latina.html HTTP/1.1" 200 1040
186.84.21.166 - - [27/Nov/2023:05:50:44 -0500] "POST /sipse/faces/presentacion/financiero/solicitudProceso/listarSolicitudProceso.xhtml HTTP/1.1" 200 181090
186.84.21.166 - - [27/Nov/2023:05:50:45 -0500] "GET /sipse/faces/javax.faces.resource/theme.css?ln=primefaces-sipse HTTP/1.1" 304 -
186.84.21.166 - - [27/Nov/2023:05:50:45 -0500] "GET /sipse/faces/javax.faces.resource/primefaces.css?ln=primefaces&v=4.0 HTTP/1.1" 304 -
186.84.21.166 - - [27/Nov/2023:05:50:45 -0500] "GET /sipse/faces/javax.faces.resource/layout/layout.css?ln=primefaces&v=4.0 HTTP/1.1" 304 -
186.84.21.166 - - [27/Nov/2023:05:50:45 -0500] "GET /sipse/faces/javax.faces.resource/jquery/jquery.js?ln=primefaces&v=4.0 HTTP/1.1" 304 -
186.84.21.166 - - [27/Nov/2023:05:50:45 -0500] "GET /sipse/faces/javax.faces.resource/jquery/jquery-plugins.js?ln=primefaces&v=4.0 HTTP/1.1" 304 -
186.84.21.166 - - [27/Nov/2023:05:50:45 -0500] "GET /sipse/faces/javax.faces.resource/primefaces.js?ln=primefaces&v=4.0 HTTP/1.1" 304 -
186.84.21.166 - - [27/Nov/2023:05:50:45 -0500] "GET /sipse/faces/javax.faces.resource/layout/layout.js?ln=primefaces&v=4.0 HTTP/1.1" 304 -
186.84.21.166 - - [27/Nov/2023:05:51:05 -0500] "POST /sipse/faces/presentacion/financiero/solicitudProceso/consultarSolicitudProceso.xhtml HTTP/1.1" 200 248625
201.245.192.253 - - [27/Nov/2023:05:51:09 -0500] "POST /kwsrmcab/Wsrmcab  HTTP/1.1" 200 41956
172.22.2.4 - - [27/Nov/2023:05:50:20 -0500] "HEAD /BLA/boletinlegal/ HTTP/1.1" 200 -
216.245.221.92 - - [27/Nov/2023:05:52:06 -0500] "HEAD / HTTP/1.1" 200 -
172.22.2.4 - - [27/Nov/2023:05:51:10 -0500] "GET /BLA/boletinlegal/ HTTP/1.1" 200 60634
191.96.150.226 - - [27/Nov/2023:05:55:44 -0500] "GET / HTTP/1.1" 200 319
201.245.192.253 - - [27/Nov/2023:05:56:08 -0500] "POST /kwsrmcab/Wsrmcab  HTTP/1.1" 200 41956
216.245.221.92 - - [27/Nov/2023:05:57:06 -0500] "HEAD / HTTP/1.1" 200 -
52.167.144.18 - - [27/Nov/2023:05:57:26 -0500] "GET /BLA/resoluciones/AUTOS%202013/1006.pdf HTTP/1.1" 200 546255
172.22.2.4 - - [27/Nov/2023:05:56:10 -0500] "HEAD /BLA/boletinlegal/ HTTP/1.1" 200 -
172.22.2.4 - - [27/Nov/2023:05:57:09 -0500] "GET /BLA/boletinlegal/ HTTP/1.1" 200 61018
207.46.13.31 - - [27/Nov/2023:05:59:57 -0500] "GET /BLA/resoluciones/AUTOS%202023/5496.pdf HTTP/1.1" 200 418794
201.245.192.253 - - [27/Nov/2023:06:01:06 -0500] "POST /kwsrmcab/Wsrmcab  HTTP/1.1" 200 41956
40.77.167.22 - - [27/Nov/2023:06:01:11 -0500] "GET /BLA/resoluciones/AUTOS%202023/7683.pdf HTTP/1.1" 200 504457
216.245.221.92 - - [27/Nov/2023:06:02:06 -0500] "HEAD / HTTP/1.1" 200 -
172.22.2.4 - - [27/Nov/2023:06:02:09 -0500] "HEAD /BLA/boletinlegal/ HTTP/1.1" 200 -
118.123.105.93 - - [27/Nov/2023:06:04:00 -0500] "\x16\x03\x01" 400 226
118.123.105.93 - - [27/Nov/2023:06:04:01 -0500] "\x16\x03\x01" 400 226
40.77.167.22 - - [27/Nov/2023:06:04:01 -0500] "GET /BLA/resoluciones/AUTOS%202017/3164.pdf HTTP/1.1" 200 274505
157.90.254.89 - - [27/Nov/2023:06:04:17 -0500] "GET / HTTP/1.1" 200 4720
157.90.254.89 - - [27/Nov/2023:06:04:20 -0500] "GET / HTTP/1.1" 200 319
172.22.2.4 - - [27/Nov/2023:06:02:59 -0500] "GET /BLA/boletinlegal/ HTTP/1.1" 200 58644
118.123.105.93 - - [27/Nov/2023:06:04:50 -0500] "\x16\x03\x03\x01\xa7\x01" 400 226
118.123.105.93 - - [27/Nov/2023:06:04:50 -0500] "\x16\x03\x03\x01\xa7\x01" 400 226
118.123.105.93 - - [27/Nov/2023:06:04:51 -0500] "\x16\x03\x03\x01X\x01" 400 226
118.123.105.93 - - [27/Nov/2023:06:04:51 -0500] "\x16\x03\x03\x01J\x01" 400 226
118.123.105.93 - - [27/Nov/2023:06:04:52 -0500] "\x16\x03\x03\x01\x9b\x01" 400 226
118.123.105.93 - - [27/Nov/2023:06:04:53 -0500] "\x16\x03\x02\x01\x9c\x01" 400 226
118.123.105.93 - - [27/Nov/2023:06:04:53 -0500] "\x16\x03\x01\x01\xa9\x01" 400 226
118.123.105.93 - - [27/Nov/2023:06:04:54 -0500] "\x16\x03\x01\x01\xa9\x01" 400 226
118.123.105.93 - - [27/Nov/2023:06:04:54 -0500] "\x16\x03\x01\x01\x9f\x01" 400 226
118.123.105.93 - - [27/Nov/2023:06:04:55 -0500] "\x16\x03\x01\x01\xb6\x01" 400 226
201.245.192.253 - - [27/Nov/2023:06:06:06 -0500] "POST /kwsrmcab/Wsrmcab  HTTP/1.1" 200 41956
216.245.221.92 - - [27/Nov/2023:06:07:06 -0500] "HEAD / HTTP/1.1" 200 -
172.22.2.4 - - [27/Nov/2023:06:09:12 -0500] "GET /BLA/boletinlegal/actos.php HTTP/1.1" 200 9682
172.22.2.4 - - [27/Nov/2023:06:09:13 -0500] "GET /BLA/boletinlegal/favicon.ico HTTP/1.1" 404 1326
186.29.17.124 - - [27/Nov/2023:06:09:15 -0500] "GET /BLA/resoluciones/ HTTP/1.1" 200 13696
186.29.17.124 - - [27/Nov/2023:06:09:18 -0500] "GET /BLA/resoluciones/index.php?dir=AUTOS+2023%2F HTTP/1.1" 200 428663
186.29.17.124 - - [27/Nov/2023:06:09:33 -0500] "GET /BLA/resoluciones/AUTOS%202023/3450.pdf HTTP/1.1" 200 734934
186.29.17.124 - - [27/Nov/2023:06:09:34 -0500] "GET /BLA/resoluciones/AUTOS%202023/3450.pdf HTTP/1.1" 206 1025
172.22.2.4 - - [27/Nov/2023:06:07:59 -0500] "HEAD /BLA/boletinlegal/ HTTP/1.1" 200 -
172.22.2.4 - - [27/Nov/2023:06:08:49 -0500] "GET /BLA/boletinlegal/ HTTP/1.1" 200 60634
40.77.167.27 - - [27/Nov/2023:06:10:37 -0500] "GET /BLA/resoluciones/AUTOS%202023/5012.pdf HTTP/1.1" 200 518163
201.245.192.253 - - [27/Nov/2023:06:11:05 -0500] "POST /kwsrmcab/Wsrmcab  HTTP/1.1" 200 41956
216.245.221.92 - - [27/Nov/2023:06:12:06 -0500] "HEAD / HTTP/1.1" 200 -
172.22.2.4 - - [27/Nov/2023:06:13:48 -0500] "HEAD /BLA/boletinlegal/ HTTP/1.1" 200 -
201.245.192.253 - - [27/Nov/2023:06:16:03 -0500] "POST /kwsrmcab/Wsrmcab  HTTP/1.1" 200 41956
172.22.2.4 - - [27/Nov/2023:06:14:39 -0500] "GET /BLA/boletinlegal/ HTTP/1.1" 200 61018
201.245.192.253 - - [27/Nov/2023:06:16:25 -0500] "POST /kwsrmcab/Wsrmcab HTTP/1.1" 200 41360
201.245.192.253 - - [27/Nov/2023:06:16:29 -0500] "POST /kwsrmcab/Wsrmcab HTTP/1.1" 200 41824
216.245.221.92 - - [27/Nov/2023:06:17:06 -0500] "HEAD / HTTP/1.1" 200 -
71.6.232.27 - - [27/Nov/2023:06:17:39 -0500] "GET / HTTP/1.1" 200 319
201.245.192.253 - - [27/Nov/2023:06:19:59 -0500] "POST /kwsrmcab/Wsrmcab HTTP/1.1" 200 41360
201.245.192.253 - - [27/Nov/2023:06:21:02 -0500] "POST /kwsrmcab/Wsrmcab  HTTP/1.1" 200 41956
172.22.2.4 - - [27/Nov/2023:06:19:38 -0500] "HEAD /BLA/boletinlegal/ HTTP/1.1" 200 -
207.46.13.7 - - [27/Nov/2023:06:21:30 -0500] "GET /BLA/resoluciones/AUTOS%202023/7851.pdf HTTP/1.1" 200 398071
216.245.221.92 - - [27/Nov/2023:06:22:06 -0500] "HEAD / HTTP/1.1" 200 -
172.22.2.4 - - [27/Nov/2023:06:20:29 -0500] "GET /BLA/boletinlegal/ HTTP/1.1" 200 61018
5.188.87.39 - - [27/Nov/2023:06:22:23 -0500] "POST /wp-login.php HTTP/1.1" 404 1018
201.245.192.253 - - [27/Nov/2023:06:22:43 -0500] "POST /kwsrmcab/Wsrmcab HTTP/1.1" 200 41824
201.245.192.253 - - [27/Nov/2023:06:26:00 -0500] "POST /kwsrmcab/Wsrmcab  HTTP/1.1" 200 41956
201.245.192.253 - - [27/Nov/2023:06:26:25 -0500] "POST /kwsrmcab/Wsrmcab HTTP/1.1" 200 41360
201.245.192.253 - - [27/Nov/2023:06:26:29 -0500] "POST /kwsrmcab/Wsrmcab HTTP/1.1" 200 41824
216.245.221.92 - - [27/Nov/2023:06:27:06 -0500] "HEAD / HTTP/1.1" 200 -
172.22.2.4 - - [27/Nov/2023:06:25:28 -0500] "HEAD /BLA/boletinlegal/ HTTP/1.1" 200 -
87.250.224.77 - - [27/Nov/2023:06:27:26 -0500] "GET /robots.txt HTTP/1.1" 404 1034
95.108.213.88 - - [27/Nov/2023:06:27:26 -0500] "GET /secretaria-de-ambiente-invita-al-conversatorio-sobre-publicidad-exterior-electoral.html HTTP/1.1" 200 822
172.22.2.4 - - [27/Nov/2023:06:26:19 -0500] "GET /BLA/boletinlegal/ HTTP/1.1" 200 58644
172.22.2.4 - - [27/Nov/2023:06:29:22 -0500] "GET /BLA/boletinlegal/robots.txt HTTP/1.1" 404 1037
172.22.2.4 - - [27/Nov/2023:06:29:22 -0500] "GET /BLA/boletinlegal/Circulares/023/CIRCULAR%20No.%2000012%20DEL%2030%20DE%20OCTUBRE%20DEL%202023.pdf HTTP/1.1" 404 1037
66.249.77.9 - - [27/Nov/2023:06:29:37 -0500] "GET /en-bosa-distrito-inicio-la-consolidacion-de-las-zonas-urbanas-por-un-mejor-aire.html HTTP/1.1" 200 942
66.249.75.18 - - [27/Nov/2023:06:29:38 -0500] "GET /robots.txt HTTP/1.1" 404 1035
66.249.75.19 - - [27/Nov/2023:06:29:38 -0500] "GET /portaldeninos/aulas-ambientales/ HTTP/1.1" 200 88416
201.245.192.253 - - [27/Nov/2023:06:29:59 -0500] "POST /kwsrmcab/Wsrmcab HTTP/1.1" 200 41360
66.249.75.19 - - [27/Nov/2023:06:30:22 -0500] "GET /portaldeninos/wp-includes/js/jquery/ui/mouse.min.js?ver=1.11.4 HTTP/1.1" 200 3148
27.44.203.3 - - [27/Nov/2023:06:30:26 -0500] "GET /galeria/galeria/fotos/2GuaymaralTorcaG2.jpg HTTP/1.1" 200 28916
201.245.192.253 - - [27/Nov/2023:06:30:58 -0500] "POST /kwsrmcab/Wsrmcab  HTTP/1.1" 200 41956
216.245.221.92 - - [27/Nov/2023:06:32:06 -0500] "HEAD / HTTP/1.1" 200 -
201.245.192.253 - - [27/Nov/2023:06:32:42 -0500] "POST /kwsrmcab/Wsrmcab HTTP/1.1" 200 41824
172.22.2.4 - - [27/Nov/2023:06:31:18 -0500] "HEAD /BLA/boletinlegal/ HTTP/1.1" 200 -
172.22.2.4 - - [27/Nov/2023:06:32:09 -0500] "GET /BLA/boletinlegal/ HTTP/1.1" 200 58294
207.46.13.116 - - [27/Nov/2023:06:33:52 -0500] "GET /BLA/resoluciones/AUTOS%202023/4862.pdf HTTP/1.1" 200 503768
172.22.2.4 - - [27/Nov/2023:06:33:22 -0500] "GET /BLA/boletinlegal/ HTTP/1.1" 200 32715
201.245.192.253 - - [27/Nov/2023:06:35:56 -0500] "POST /kwsrmcab/Wsrmcab  HTTP/1.1" 200 41956
201.245.192.253 - - [27/Nov/2023:06:36:25 -0500] "POST /kwsrmcab/Wsrmcab HTTP/1.1" 200 41360
201.245.192.253 - - [27/Nov/2023:06:36:29 -0500] "POST /kwsrmcab/Wsrmcab HTTP/1.1" 200 41824
66.249.66.19 - - [27/Nov/2023:06:36:44 -0500] "GET /Publicaciones/2023EE214587.pdf HTTP/1.1" 404 228
216.245.221.92 - - [27/Nov/2023:06:37:06 -0500] "HEAD / HTTP/1.1" 200 -
52.167.144.179 - - [27/Nov/2023:06:37:14 -0500] "GET /BLA/resoluciones/AUTOS%202023/5964.pdf HTTP/1.1" 200 431458
201.245.192.253 - - [27/Nov/2023:06:37:38 -0500] "GET /sipsepre/faces/index.xhtml HTTP/1.1" 200 680
201.245.192.253 - - [27/Nov/2023:06:37:38 -0500] "GET /sipsepre/faces/javax.faces.resource/theme.css?ln=primefaces-sipse HTTP/1.1" 200 50106
201.245.192.253 - - [27/Nov/2023:06:37:38 -0500] "GET /favicon.ico HTTP/1.1" 200 7782
201.245.192.253 - - [27/Nov/2023:06:37:38 -0500] "GET /sipsepre/faces/faces/autenticacion.xhtml HTTP/1.1" 200 12441
201.245.192.253 - - [27/Nov/2023:06:37:39 -0500] "GET /sipsepre/css/custom_css_sg.css HTTP/1.1" 200 9692
201.245.192.253 - - [27/Nov/2023:06:37:39 -0500] "GET /sipsepre/css/custom_css_sg_prime_login.css HTTP/1.1" 200 443
201.245.192.253 - - [27/Nov/2023:06:37:39 -0500] "GET /sipsepre/faces/javax.faces.resource/theme.css?ln=primefaces-sipse HTTP/1.1" 304 -
201.245.192.253 - - [27/Nov/2023:06:37:39 -0500] "GET /sipsepre/js/disable_browser_buttons.js HTTP/1.1" 200 3230
201.245.192.253 - - [27/Nov/2023:06:37:39 -0500] "GET /sipsepre/faces/javax.faces.resource/layout/layout.css?ln=primefaces&v=4.0 HTTP/1.1" 200 542
201.245.192.253 - - [27/Nov/2023:06:37:39 -0500] "GET /sipsepre/js/funciones.js HTTP/1.1" 200 12592
201.245.192.253 - - [27/Nov/2023:06:37:39 -0500] "GET /sipsepre/faces/javax.faces.resource/primefaces.css?ln=primefaces&v=4.0 HTTP/1.1" 200 53325
201.245.192.253 - - [27/Nov/2023:06:37:39 -0500] "GET /sipsepre/faces/javax.faces.resource/jquery/jquery.js?ln=primefaces&v=4.0 HTTP/1.1" 304 -
201.245.192.253 - - [27/Nov/2023:06:37:39 -0500] "GET /sipsepre/faces/javax.faces.resource/jquery/jquery-plugins.js?ln=primefaces&v=4.0 HTTP/1.1" 304 -
201.245.192.253 - - [27/Nov/2023:06:37:39 -0500] "GET /sipsepre/faces/javax.faces.resource/primefaces.js?ln=primefaces&v=4.0 HTTP/1.1" 304 -
201.245.192.253 - - [27/Nov/2023:06:37:39 -0500] "GET /sipsepre/faces/javax.faces.resource/layout/layout.js?ln=primefaces&v=4.0 HTTP/1.1" 304 -
201.245.192.253 - - [27/Nov/2023:06:37:39 -0500] "GET /sipsepre/css/imagen/logoSDG.png HTTP/1.1" 200 53064
201.245.192.253 - - [27/Nov/2023:06:37:39 -0500] "GET /sipsepre/css/imagen/loginimg.png HTTP/1.1" 200 71635
201.245.192.253 - - [27/Nov/2023:06:37:39 -0500] "GET /sipsepre/faces/javax.faces.resource/images/ui-icons_898989_256x240.png?ln=primefaces-aristo HTTP/1.1" 200 5355
201.245.192.253 - - [27/Nov/2023:06:37:42 -0500] "POST /sipsepre/faces/autenticacion.xhtml HTTP/1.1" 200 2187
201.245.192.253 - - [27/Nov/2023:06:37:43 -0500] "GET /sipsepre/faces/javax.faces.resource/messages/messages.png?ln=primefaces&v=4.0 HTTP/1.1" 200 27209
201.245.192.253 - - [27/Nov/2023:06:37:45 -0500] "POST /sipsepre/faces/autenticacion.xhtml HTTP/1.1" 200 12004
201.245.192.253 - - [27/Nov/2023:06:37:45 -0500] "GET /sipsepre/css/custom_css_sg_prime.css HTTP/1.1" 200 5201
201.245.192.253 - - [27/Nov/2023:06:37:45 -0500] "GET /sipsepre/faces/javax.faces.resource/jquery/jquery.js?ln=primefaces&v=4.0 HTTP/1.1" 304 -
201.245.192.253 - - [27/Nov/2023:06:37:45 -0500] "GET /sipsepre/faces/javax.faces.resource/jquery/jquery-plugins.js?ln=primefaces&v=4.0 HTTP/1.1" 304 -
201.245.192.253 - - [27/Nov/2023:06:37:45 -0500] "GET /sipsepre/faces/javax.faces.resource/primefaces.js?ln=primefaces&v=4.0 HTTP/1.1" 304 -
201.245.192.253 - - [27/Nov/2023:06:37:45 -0500] "GET /sipsepre/faces/javax.faces.resource/layout/layout.js?ln=primefaces&v=4.0 HTTP/1.1" 304 -
201.245.192.253 - - [27/Nov/2023:06:37:49 -0500] "POST /sipsepre/faces/presentacion/sistema/seguridad/seleccionRol.xhtml HTTP/1.1" 200 6409
201.245.192.253 - - [27/Nov/2023:06:37:50 -0500] "POST /sipsepre/faces/presentacion/sistema/seguridad/seleccionRol.xhtml HTTP/1.1" 200 19463
201.245.192.253 - - [27/Nov/2023:06:37:50 -0500] "GET /sipsepre/js/jquery.min.js HTTP/1.1" 200 85582
201.245.192.253 - - [27/Nov/2023:06:37:51 -0500] "GET /sipsepre/faces/javax.faces.resource/jquery/jquery.js?ln=primefaces&v=4.0 HTTP/1.1" 304 -
201.245.192.253 - - [27/Nov/2023:06:37:51 -0500] "GET /sipsepre/faces/javax.faces.resource/jquery/jquery-plugins.js?ln=primefaces&v=4.0 HTTP/1.1" 304 -
201.245.192.253 - - [27/Nov/2023:06:37:51 -0500] "GET /sipsepre/faces/javax.faces.resource/primefaces.js?ln=primefaces&v=4.0 HTTP/1.1" 304 -
201.245.192.253 - - [27/Nov/2023:06:37:51 -0500] "GET /sipsepre/faces/javax.faces.resource/layout/layout.js?ln=primefaces&v=4.0 HTTP/1.1" 304 -
201.245.192.253 - - [27/Nov/2023:06:37:51 -0500] "GET /sipsepre/css/v_mergente.css HTTP/1.1" 200 1508
201.245.192.253 - - [27/Nov/2023:06:37:51 -0500] "GET /sipsepre/imagenes/cargando.gif HTTP/1.1" 200 36959
201.245.192.253 - - [27/Nov/2023:06:37:51 -0500] "GET /sipsepre/css/imagen/contrasena.png HTTP/1.1" 404 383
201.245.192.253 - - [27/Nov/2023:06:37:51 -0500] "GET /sipsepre/imagenes/logoAplicacion.jpg HTTP/1.1" 200 155084
201.245.192.253 - - [27/Nov/2023:06:37:59 -0500] "GET /sipsepre/faces/javax.faces.resource/images/ui-bg_flat_0_2d5972_40x100.png?ln=primefaces-aristo HTTP/1.1" 200 183
201.245.192.253 - - [27/Nov/2023:06:37:59 -0500] "POST /sipsepre/faces/bienvenido.xhtml HTTP/1.1" 200 5040
172.22.2.4 - - [27/Nov/2023:06:38:08 -0500] "GET /BLA/boletinlegal/jurisprudencia/analisis/CUADRO%20ANALISIS%20SENTENCIA%20C-554%20DE%202007.doc HTTP/1.1" 304 -
201.245.192.253 - - [27/Nov/2023:06:38:10 -0500] "POST /sipsepre/faces/bienvenido.xhtml HTTP/1.1" 200 5002
201.245.192.253 - - [27/Nov/2023:06:38:12 -0500] "POST /sipsepre/faces/bienvenido.xhtml HTTP/1.1" 200 62788
201.245.192.253 - - [27/Nov/2023:06:38:12 -0500] "GET /sipsepre/faces/javax.faces.resource/jquery/jquery.js?ln=primefaces&v=4.0 HTTP/1.1" 304 -
201.245.192.253 - - [27/Nov/2023:06:38:12 -0500] "GET /sipsepre/faces/javax.faces.resource/jquery/jquery-plugins.js?ln=primefaces&v=4.0 HTTP/1.1" 304 -
201.245.192.253 - - [27/Nov/2023:06:38:12 -0500] "GET /sipsepre/faces/javax.faces.resource/primefaces.js?ln=primefaces&v=4.0 HTTP/1.1" 304 -
201.245.192.253 - - [27/Nov/2023:06:38:12 -0500] "GET /sipsepre/faces/javax.faces.resource/layout/layout.js?ln=primefaces&v=4.0 HTTP/1.1" 304 -
201.245.192.253 - - [27/Nov/2023:06:38:17 -0500] "POST /sipsepre/faces/presentacion/workflow/ListaContractual.xhtml HTTP/1.1" 200 34665
201.245.192.253 - - [27/Nov/2023:06:38:17 -0500] "GET /sipsepre/faces/javax.faces.resource/jquery/jquery.js?ln=primefaces&v=4.0 HTTP/1.1" 304 -
201.245.192.253 - - [27/Nov/2023:06:38:17 -0500] "GET /sipsepre/faces/javax.faces.resource/jquery/jquery-plugins.js?ln=primefaces&v=4.0 HTTP/1.1" 304 -
201.245.192.253 - - [27/Nov/2023:06:38:17 -0500] "GET /sipsepre/faces/javax.faces.resource/primefaces.js?ln=primefaces&v=4.0 HTTP/1.1" 304 -
201.245.192.253 - - [27/Nov/2023:06:38:17 -0500] "GET /sipsepre/faces/javax.faces.resource/layout/layout.js?ln=primefaces&v=4.0 HTTP/1.1" 304 -
201.245.192.253 - - [27/Nov/2023:06:38:17 -0500] "POST /sipsepre/faces/presentacion/workflow/ListaCorporativa.xhtml HTTP/1.1" 200 28062
201.245.192.253 - - [27/Nov/2023:06:38:22 -0500] "POST /sipsepre/faces/presentacion/workflow/ListaCorporativa.xhtml HTTP/1.1" 200 62788
201.245.192.253 - - [27/Nov/2023:06:38:22 -0500] "GET /sipsepre/faces/javax.faces.resource/jquery/jquery.js?ln=primefaces&v=4.0 HTTP/1.1" 304 -
201.245.192.253 - - [27/Nov/2023:06:38:22 -0500] "GET /sipsepre/faces/javax.faces.resource/jquery/jquery-plugins.js?ln=primefaces&v=4.0 HTTP/1.1" 304 -
201.245.192.253 - - [27/Nov/2023:06:38:22 -0500] "GET /sipsepre/faces/javax.faces.resource/primefaces.js?ln=primefaces&v=4.0 HTTP/1.1" 304 -
201.245.192.253 - - [27/Nov/2023:06:38:22 -0500] "GET /sipsepre/faces/javax.faces.resource/layout/layout.js?ln=primefaces&v=4.0 HTTP/1.1" 304 -
201.245.192.253 - - [27/Nov/2023:06:38:22 -0500] "POST /sipsepre/faces/presentacion/workflow/ListaContractual.xhtml HTTP/1.1" 200 56185
201.245.192.253 - - [27/Nov/2023:06:38:22 -0500] "POST /sipsepre/faces/presentacion/workflow/ListaContractual.xhtml HTTP/1.1" 200 56185
172.22.2.4 - - [27/Nov/2023:06:37:08 -0500] "HEAD /BLA/boletinlegal/ HTTP/1.1" 200 -
186.84.21.166 - - [27/Nov/2023:06:39:22 -0500] "POST /sipse/faces/presentacion/financiero/solicitudProceso/consultarSolicitudProceso.xhtml HTTP/1.1" 200 63668
186.84.21.166 - - [27/Nov/2023:06:39:22 -0500] "GET /sipse/faces/javax.faces.resource/theme.css?ln=primefaces-sipse HTTP/1.1" 304 -
186.84.21.166 - - [27/Nov/2023:06:39:22 -0500] "GET /sipse/faces/javax.faces.resource/layout/layout.css?ln=primefaces&v=4.0 HTTP/1.1" 304 -
186.84.21.166 - - [27/Nov/2023:06:39:22 -0500] "GET /sipse/faces/javax.faces.resource/primefaces.css?ln=primefaces&v=4.0 HTTP/1.1" 304 -
186.84.21.166 - - [27/Nov/2023:06:39:22 -0500] "GET /sipse/faces/javax.faces.resource/jquery/jquery.js?ln=primefaces&v=4.0 HTTP/1.1" 304 -
186.84.21.166 - - [27/Nov/2023:06:39:22 -0500] "GET /sipse/faces/javax.faces.resource/jquery/jquery-plugins.js?ln=primefaces&v=4.0 HTTP/1.1" 304 -
186.84.21.166 - - [27/Nov/2023:06:39:22 -0500] "GET /sipse/css/imagen/contrasena.png HTTP/1.1" 404 383
186.84.21.166 - - [27/Nov/2023:06:39:23 -0500] "GET /sipse/faces/javax.faces.resource/primefaces.js?ln=primefaces&v=4.0 HTTP/1.1" 304 -
186.84.21.166 - - [27/Nov/2023:06:39:23 -0500] "GET /sipse/faces/javax.faces.resource/layout/layout.js?ln=primefaces&v=4.0 HTTP/1.1" 304 -
186.84.21.166 - - [27/Nov/2023:06:39:23 -0500] "GET /sipse/faces/javax.faces.resource/images/ui-icons_898989_256x240.png?ln=primefaces-aristo HTTP/1.1" 304 -
186.84.21.166 - - [27/Nov/2023:06:39:23 -0500] "POST /sipse/faces/presentacion/financiero/solicitudProceso/listarSolicitudProceso.xhtml HTTP/1.1" 200 57052
186.84.21.166 - - [27/Nov/2023:06:39:23 -0500] "GET /sipse/faces/javax.faces.resource/images/ui-bg_flat_0_2d5972_40x100.png?ln=primefaces-aristo HTTP/1.1" 304 -
186.84.21.166 - - [27/Nov/2023:06:39:23 -0500] "POST /sipse/faces/presentacion/financiero/solicitudProceso/listarSolicitudProceso.xhtml HTTP/1.1" 200 57052
186.84.21.166 - - [27/Nov/2023:06:39:23 -0500] "POST /sipse/faces/presentacion/financiero/solicitudProceso/listarSolicitudProceso.xhtml HTTP/1.1" 200 1556
186.84.21.166 - - [27/Nov/2023:06:39:24 -0500] "POST /sipse/faces/presentacion/financiero/solicitudProceso/listarSolicitudProceso.xhtml HTTP/1.1" 200 1556
186.84.21.166 - - [27/Nov/2023:06:39:24 -0500] "POST /sipse/faces/presentacion/financiero/solicitudProceso/listarSolicitudProceso.xhtml HTTP/1.1" 200 1564
172.22.2.4 - - [27/Nov/2023:06:37:59 -0500] "GET /BLA/boletinlegal/ HTTP/1.1" 200 60224
201.245.192.253 - - [27/Nov/2023:06:39:59 -0500] "POST /kwsrmcab/Wsrmcab HTTP/1.1" 200 41360
186.84.21.166 - - [27/Nov/2023:06:40:09 -0500] "GET /sipse/faces/javax.faces.resource/theme.css?ln=primefaces-sipse HTTP/1.1" 304 -
186.84.21.166 - - [27/Nov/2023:06:40:09 -0500] "GET /sipse/faces/faces/autenticacion.xhtml HTTP/1.1" 200 12415
186.84.21.166 - - [27/Nov/2023:06:40:09 -0500] "GET /sipse/faces/javax.faces.resource/primefaces.css?ln=primefaces&v=4.0 HTTP/1.1" 304 -
186.84.21.166 - - [27/Nov/2023:06:40:09 -0500] "GET /sipse/faces/javax.faces.resource/theme.css?ln=primefaces-sipse HTTP/1.1" 304 -
186.84.21.166 - - [27/Nov/2023:06:40:09 -0500] "GET /sipse/faces/javax.faces.resource/layout/layout.js?ln=primefaces&v=4.0 HTTP/1.1" 304 -
186.84.21.166 - - [27/Nov/2023:06:40:09 -0500] "GET /sipse/faces/javax.faces.resource/layout/layout.css?ln=primefaces&v=4.0 HTTP/1.1" 304 -
186.84.21.166 - - [27/Nov/2023:06:40:09 -0500] "GET /sipse/faces/javax.faces.resource/jquery/jquery.js?ln=primefaces&v=4.0 HTTP/1.1" 304 -
186.84.21.166 - - [27/Nov/2023:06:40:09 -0500] "GET /sipse/faces/javax.faces.resource/jquery/jquery-plugins.js?ln=primefaces&v=4.0 HTTP/1.1" 304 -
186.84.21.166 - - [27/Nov/2023:06:40:09 -0500] "GET /sipse/faces/javax.faces.resource/primefaces.js?ln=primefaces&v=4.0 HTTP/1.1" 304 -
186.84.21.166 - - [27/Nov/2023:06:40:10 -0500] "GET /sipse/faces/javax.faces.resource/images/ui-icons_898989_256x240.png?ln=primefaces-aristo HTTP/1.1" 304 -
201.245.192.253 - - [27/Nov/2023:06:40:54 -0500] "POST /kwsrmcab/Wsrmcab  HTTP/1.1" 200 41956
40.77.167.60 - - [27/Nov/2023:06:41:11 -0500] "GET /bogota-celebra-la-semana-de-los-insectos.html HTTP/1.1" 200 717
216.245.221.92 - - [27/Nov/2023:06:42:06 -0500] "HEAD / HTTP/1.1" 200 -
201.245.192.253 - - [27/Nov/2023:06:42:42 -0500] "POST /kwsrmcab/Wsrmcab HTTP/1.1" 200 41824
201.245.192.253 - - [27/Nov/2023:06:43:38 -0500] "POST /sipsepre/faces/presentacion/workflow/ListaContractual.xhtml HTTP/1.1" 200 47959
201.245.192.253 - - [27/Nov/2023:06:43:38 -0500] "POST /sipsepre/faces/presentacion/workflow/ListaContractual.xhtml HTTP/1.1" 200 47959
201.245.192.253 - - [27/Nov/2023:06:43:39 -0500] "POST /sipsepre/faces/presentacion/workflow/ListaContractual.xhtml HTTP/1.1" 200 47959
201.245.192.253 - - [27/Nov/2023:06:43:39 -0500] "POST /sipsepre/faces/presentacion/workflow/ListaContractual.xhtml HTTP/1.1" 200 47959
201.245.192.253 - - [27/Nov/2023:06:43:41 -0500] "POST /sipsepre/faces/presentacion/workflow/ListaContractual.xhtml HTTP/1.1" 200 9336
201.245.192.253 - - [27/Nov/2023:06:43:45 -0500] "POST /sipsepre/faces/presentacion/workflow/ListaContractual.xhtml HTTP/1.1" 200 6210
201.245.192.253 - - [27/Nov/2023:06:43:46 -0500] "POST /sipsepre/faces/presentacion/workflow/ListaContractual.xhtml HTTP/1.1" 200 59135
201.245.192.253 - - [27/Nov/2023:06:43:47 -0500] "GET /sipsepre/faces/javax.faces.resource/jquery/jquery.js?ln=primefaces&v=4.0 HTTP/1.1" 304 -
201.245.192.253 - - [27/Nov/2023:06:43:47 -0500] "GET /sipsepre/faces/javax.faces.resource/jquery/jquery-plugins.js?ln=primefaces&v=4.0 HTTP/1.1" 304 -
201.245.192.253 - - [27/Nov/2023:06:43:47 -0500] "GET /sipsepre/faces/javax.faces.resource/primefaces.js?ln=primefaces&v=4.0 HTTP/1.1" 304 -
201.245.192.253 - - [27/Nov/2023:06:43:47 -0500] "GET /sipsepre/faces/javax.faces.resource/layout/layout.js?ln=primefaces&v=4.0 HTTP/1.1" 304 -
201.245.192.253 - - [27/Nov/2023:06:43:47 -0500] "POST /sipsepre/faces/presentacion/parametrica/consultarEntidad.xhtml HTTP/1.1" 200 52526
201.245.192.253 - - [27/Nov/2023:06:43:47 -0500] "POST /sipsepre/faces/presentacion/parametrica/consultarEntidad.xhtml HTTP/1.1" 200 52526
201.245.192.253 - - [27/Nov/2023:06:43:47 -0500] "POST /sipsepre/faces/presentacion/parametrica/consultarEntidad.xhtml HTTP/1.1" 200 52526
201.245.192.253 - - [27/Nov/2023:06:43:52 -0500] "POST /sipsepre/faces/presentacion/parametrica/consultarEntidad.xhtml HTTP/1.1" 200 6212
201.245.192.253 - - [27/Nov/2023:06:43:55 -0500] "POST /sipsepre/faces/presentacion/parametrica/consultarEntidad.xhtml HTTP/1.1" 200 52941
201.245.192.253 - - [27/Nov/2023:06:43:55 -0500] "GET /sipsepre/faces/javax.faces.resource/jquery/jquery.js?ln=primefaces&v=4.0 HTTP/1.1" 304 -
201.245.192.253 - - [27/Nov/2023:06:43:55 -0500] "GET /sipsepre/faces/javax.faces.resource/jquery/jquery-plugins.js?ln=primefaces&v=4.0 HTTP/1.1" 304 -
201.245.192.253 - - [27/Nov/2023:06:43:55 -0500] "GET /sipsepre/faces/javax.faces.resource/primefaces.js?ln=primefaces&v=4.0 HTTP/1.1" 304 -
201.245.192.253 - - [27/Nov/2023:06:43:55 -0500] "GET /sipsepre/faces/javax.faces.resource/layout/layout.js?ln=primefaces&v=4.0 HTTP/1.1" 304 -
201.245.192.253 - - [27/Nov/2023:06:43:56 -0500] "POST /sipsepre/faces/presentacion/parametrica/generales/listarGenerales.xhtml HTTP/1.1" 200 46314
201.245.192.253 - - [27/Nov/2023:06:43:56 -0500] "POST /sipsepre/faces/presentacion/parametrica/generales/listarGenerales.xhtml HTTP/1.1" 200 46314
201.245.192.253 - - [27/Nov/2023:06:43:56 -0500] "POST /sipsepre/faces/presentacion/parametrica/generales/listarGenerales.xhtml HTTP/1.1" 200 46314
201.245.192.253 - - [27/Nov/2023:06:43:56 -0500] "POST /sipsepre/faces/presentacion/parametrica/generales/listarGenerales.xhtml HTTP/1.1" 200 46314
186.102.93.230 - - [27/Nov/2023:06:44:14 -0500] "GET /kwssiamovil/sm/ldap/au?x=U2FsdGVkX1/l1l1Xj3GM6ALeVYmUPZpMOA4P42nwNy5SFWJUOymTF7+bOT8ngYLQ&y=U2FsdGVkX1+u4XiHytoDmMGd6kRAVTyKo1hj7yw86l3dkXWUPxN+tUhHzpNPED59 HTTP/1.1" 200 30
186.102.93.230 - - [27/Nov/2023:06:44:16 -0500] "GET /kwssiamovil/sm/acme/s?s=U2FsdGVkX1+N3apU2iWoFhTeDh25DkkEHxFVS9dYWzj1p0hlBwDRXAn5dcyCbDmySZpPwWOqVPrQu8IIoX5BflQhR8oUuI0jVcKaWa6aIpg=&u=U2FsdGVkX19l6SXbrWLyNWme+vegMqiB9kbVxoDTBIM=&y=U2FsdGVkX1+u4XiHytoDmMGd6kRAVTyKo1hj7yw86l3dkXWUPxN+tUhHzpNPED59 HTTP/1.1" 200 97
186.102.93.230 - - [27/Nov/2023:06:44:16 -0500] "GET /kwssiamovil/sm/acme/s?s=U2FsdGVkX1+4Jdlqh8B3B/io+guEJTb1IE644eEDSYQcuikRAawh77MfdJpZ5IuIPH979rM/U1V7OlM4tasK7J5wqUpiklKMtFe7qrzG9mq8fE827r+/bVetb8C4+WZ9TqIxx4S32DUCFJGia/hJ0H1IPWTOTH0jJaZq/mFPayU5VqVQVrQJW/lQlFU6M1RuCsSlX65Vu2ElcFU0tfyp6ZfcP52wQB8XY2kzxbDIWOX0rCOg6kk9CM0SuFgh1YLmPrdmYiSlPaYi6gXtV4clepVloNZKYj385dPj4WwHopa1dxPIWuAHNs9j5bsksMzMDM0f4Sojv8z7jX3AjroGQtclGqhEg0N7uzNqc/taN9/JrsMuFn3HHnzui5hAoxeMAvR86zJzq2f3LZUW6wicWRm2U7N/xgSu8pczgeSmO1mo40Atx6Jkv+K2NQs1btFB0251ZB8q7l541VIba1+34ETkfljXokUDntH7LiSHlPVgvwFpPTJyqFlhbyT23T0nPwnSiuKivMCVE4Uele5jMfQyoQkgBHmwcAIwOg0hyHrRjT1r7SeRjl+VRWDsLxbov/7Uw9iHi2muhiouBoYfTFvMRDD0i/aByS8BF7ceqBVQ+5BcGaRpb8guxTlLESDtvxs8QZodq6RNfFURAo/rAns09DMAsYjbS9Sx8iAvTjLD+/HWNbTIRm+TR8x3UShvwXbfFrSlXAp2TRX+qcK+AhnTB4tQ/lKrj1NFIK8nuKqjzi6hhFJLbH0soVpTNINrUpzRhl/0zW2Oy7cFPH4gdbyXJl3WOdMGJSZ4ToCAfy6SDiY7AFqsxSm2EjA/vL3Hq1ROitw6nb3VPbOu10f5SHA6EN9LgzofYrG1BlpmKxwuG4e0lhQhwdBajDhMwWLwrV4vimobOMF1fqrH2asmv3Z3bWmrCYX6yJDet8H2oGsCBnu7qJVhrIL02N7zHYlzkN5ATcbgk7LH8oQ3BvCyynFw9PGfgdAA8EajTX4lrmBstQ7gW0V0ooemHQPZ26Uyrx0w4aEK2gnohnCFobXlcqJRe3qd1SEWdpma1KE1FSVwB6AaK+R57XzH4/YY/LYOiPSJHnqxBtIQiL6oDolqMdG/MY8z60DMi+7s/MTeptNZsr+E3jqy/H062+NJeVzYw7SnwoqQ7Ah+0AW/3TPsJczdNyEtal/U5PbtyDmgXRANXxQ9gOO+aE9Pjir6+S6qkp7iB5qkeyfuqEo2Suw/OI73GpM/ELFJY9o+SN0eALRQ4XYyrudXcTAe82eAHAYPSXQgDIcsa9Chl8viwPUWrXA6PFU3WSE5KpMFUb95ECd7stESo8El0B9tBJzgPAXNxkw1yK9qchJ7vR+6O7TOt835dvL/sj9m/wc5gnbAnfdu6TfW6kytGjre1DxFuMk7G37hdW2hJGqYfnArEJiE2Q4oWSj/jsM1EhtexOzAroA2Up3Cyc6D3EBjCLL9nGC2I1UaxYtKnedCYXrgTXB44cjHFpn6sVIkV5ME1/n2/1ZyO/8wJS+KsdgWNpbkfyC5fgfwJHPeHVaQo/uyBW7T3ZiXK3QHMHamo6nOno+Fw94NSsAWrgoOYHsfOu6PrZdbCSjVH4oZHmq8gwTTBmuCriRrlf6Gl8jFxSDsA87NLUpT6mqfIR/wuSl8nKiYXjQrIP7uO5Jiqu/tTez3R17LOKb1YiJmrQdN59Av4ytWc6Q+yvDbCuUcUQXuC4KAQCq42OcRBsjaZdVoP4JeP+XnhqFKoiDiksj1+zLJ5kA4tPY=&u=U2FsdGVkX19l6SXbrWLyNWme+vegMqiB9kbVxoDTBIM=&y=U2FsdGVkX1+u4XiHytoDmMGd6kRAVTyKo1hj7yw86l3dkXWUPxN+tUhHzpNPED59 HTTP/1.1" 200 4921
186.102.93.230 - - [27/Nov/2023:06:44:18 -0500] "GET /kwssiamovil/sm/acme/s?s=U2FsdGVkX19oEbIHzwGJH7TInI10VGQQGdP0K9PAZOgTEHDlZf0vy59dRbjEJLmS7jrEI62aUs/+LnI6nhS/h18MrzSjxaR6w1tPfUV2pmtY8HA+2dSTyB8+IReXtuD5X7+kKQyoYYnCUD0VGnvXQrT0Wy04ureQiTgu0NyjklONRu9+bCpkvw+fitUSBz5OVbwMe5fqEFmbVxK2Eafi6RxZm1gnAP6xtA6fkNtGySMiSs6skxCtfnZJZgZq+G1z3kSI++86gUGrwaAI5LEpbebWf58kQkoRslPmzvoczaHo62KQYL/K4xMViPD7aU442SVyM/Oi2jR4krg2y5xSg/ItIlUlLXwDW83NrRFrWHkdV6GsDxANuZVSlxP9++1KBCJuIy0PcKnvM8OjPi5PZjR3K9VFaOZ/5NMFCQsJdQqMevKl2xQCQfl2bQgIYpvDmrR5B11Ta9i92EVKH0o0ArAz5udpdgegLbtwXQPvvdgpN3cjp6IU5KPswD9AmrFO44rSxgd7Hu3UXw5L3+w6Qsp9CWKac/XYJEFi4Q063gxpFSc1JVKHJqGOyw9MaL7/iM9BtQ1IpR32q2t15P8M+3Ugx9KdZinx0F275tgbYxw9/TKoW1VPZcOFkhrxZ+RHYAJNcKQW/APZxHwJxaZcLexcJi/gv4L18Qt+Vgs8ZSwpViV/tVieO4PgtfjBEixNxJQwHRWAMzRf+6dYS6GHi+V6DvkyFz2PpU6OlSLIYKjEueyVrHq6VrZBLGQhGkaN&u=U2FsdGVkX19l6SXbrWLyNWme+vegMqiB9kbVxoDTBIM=&y=U2FsdGVkX1+u4XiHytoDmMGd6kRAVTyKo1hj7yw86l3dkXWUPxN+tUhHzpNPED59 HTTP/1.1" 200 208
201.245.192.253 - - [27/Nov/2023:06:44:28 -0500] "POST /sipsepre/faces/presentacion/parametrica/generales/listarGenerales.xhtml HTTP/1.1" 200 2347
172.22.2.4 - - [27/Nov/2023:06:42:58 -0500] "HEAD /BLA/boletinlegal/ HTTP/1.1" 200 -
172.22.2.4 - - [27/Nov/2023:06:43:49 -0500] "GET /BLA/boletinlegal/ HTTP/1.1" 200 58294
201.245.192.253 - - [27/Nov/2023:06:45:52 -0500] "POST /kwsrmcab/Wsrmcab  HTTP/1.1" 200 41956
207.46.13.168 - - [27/Nov/2023:06:46:27 -0500] "GET /portaldeninos/wp-content/uploads/2021/06/infograf%C3%ADa-ruido_optimized-97x300.jpg HTTP/1.1" 200 10388
186.102.93.230 - - [27/Nov/2023:06:44:19 -0500] "GET /kwssiamovil/sm/cjson/pre?f=1&x=U2FsdGVkX1/l1l1Xj3GM6ALeVYmUPZpMOA4P42nwNy5SFWJUOymTF7+bOT8ngYLQ HTTP/1.1" 200 31032
216.245.221.92 - - [27/Nov/2023:06:47:06 -0500] "HEAD / HTTP/1.1" 200 -
201.245.192.253 - - [27/Nov/2023:06:47:25 -0500] "POST /sipsepre/faces/presentacion/parametrica/generales/listarGenerales.xhtml HTTP/1.1" 200 5882
201.245.192.253 - - [27/Nov/2023:06:47:33 -0500] "POST /sipsepre/faces/presentacion/parametrica/generales/listarGenerales.xhtml HTTP/1.1" 200 54479
201.245.192.253 - - [27/Nov/2023:06:47:34 -0500] "GET /sipsepre/faces/javax.faces.resource/jquery/jquery.js?ln=primefaces&v=4.0 HTTP/1.1" 304 -
201.245.192.253 - - [27/Nov/2023:06:47:34 -0500] "GET /sipsepre/faces/javax.faces.resource/jquery/jquery-plugins.js?ln=primefaces&v=4.0 HTTP/1.1" 304 -
201.245.192.253 - - [27/Nov/2023:06:47:34 -0500] "GET /sipsepre/faces/javax.faces.resource/primefaces.js?ln=primefaces&v=4.0 HTTP/1.1" 304 -
201.245.192.253 - - [27/Nov/2023:06:47:34 -0500] "GET /sipsepre/faces/javax.faces.resource/layout/layout.js?ln=primefaces&v=4.0 HTTP/1.1" 304 -
201.245.192.253 - - [27/Nov/2023:06:47:34 -0500] "POST /sipsepre/faces/presentacion/workflow/consultarAccion.xhtml HTTP/1.1" 200 47878
201.245.192.253 - - [27/Nov/2023:06:47:34 -0500] "POST /sipsepre/faces/presentacion/workflow/consultarAccion.xhtml HTTP/1.1" 200 47878
201.245.192.253 - - [27/Nov/2023:06:47:35 -0500] "POST /sipsepre/faces/presentacion/workflow/consultarAccion.xhtml HTTP/1.1" 200 47878
201.245.192.253 - - [27/Nov/2023:06:47:35 -0500] "POST /sipsepre/faces/presentacion/workflow/consultarAccion.xhtml HTTP/1.1" 200 47878
201.245.192.253 - - [27/Nov/2023:06:47:35 -0500] "POST /sipsepre/faces/presentacion/workflow/consultarAccion.xhtml HTTP/1.1" 200 47878
