!C99Shell v. 1.0 pre-release build #13!

Software: Apache. PHP/5.5.15 

uname -a: Windows NT SVR-DMZ 6.1 build 7600 (Windows Server 2008 R2 Enterprise Edition) i586 

SYSTEM 

Safe-mode: OFF (not secure)

E:\nuevo\apache\logs\   drwxrwxrwx
Free 8.02 GB of 239.26 GB (3.35%)
Detected drives: [ a ] [ c ] [ d ] [ e ] [ f ]
Home    Back    Forward    UPDIR    Refresh    Search    Buffer    Encoder    Tools    Proc.    FTP brute    Sec.    SQL    PHP-code    Update    Feedback    Self remove    Logout    


Viewing file:     access.2023.12.01.log (7.34 MB)      -rw-rw-rw-
Select action/file-type:
(+) | (+) | (+) | Code (+) | Session (+) | (+) | SDB (+) | (+) | (+) | (+) | (+) | (+) |
201.245.192.253 - - [01/Dec/2023:00:00:37 -0500] "POST /kwsrmcab/Wsrmcab  HTTP/1.1" 200 41956
201.245.192.253 - - [01/Dec/2023:00:00:48 -0500] "POST /forms/lservlet;jsessionid=ac16012b30d64ec0b0a9f85d4cd0acdf8f65235348eb.e3iSbxaKaheRe3eRa38MahaQbi1ynknvrkLOlQzNp65In0 HTTP/1.1" 200 2
172.22.2.4 - - [30/Nov/2023:23:59:21 -0500] "HEAD /BLA/boletinlegal/ HTTP/1.1" 200 -
201.245.192.253 - - [01/Dec/2023:00:01:20 -0500] "POST /forms/lservlet;jsessionid=ac16012b30d66bd79d5a81354b569b64ca0b03586396.e3iSbxaKaheRe3eRa38MahaQbi1ynknvrkLOlQzNp65In0 HTTP/1.1" 200 2
172.22.2.4 - - [01/Dec/2023:00:00:12 -0500] "GET /BLA/boletinlegal/ HTTP/1.1" 200 61018
207.46.13.63 - - [01/Dec/2023:00:02:15 -0500] "GET /BLA/resoluciones/index.php?dir=RESOLUCIONES+2021%2F HTTP/1.1" 200 443902
216.245.221.92 - - [01/Dec/2023:00:02:22 -0500] "HEAD / HTTP/1.1" 200 -
201.245.192.253 - - [01/Dec/2023:00:02:48 -0500] "POST /forms/lservlet;jsessionid=ac16012b30d64ec0b0a9f85d4cd0acdf8f65235348eb.e3iSbxaKaheRe3eRa38MahaQbi1ynknvrkLOlQzNp65In0 HTTP/1.1" 200 2
201.245.192.253 - - [01/Dec/2023:00:03:20 -0500] "POST /forms/lservlet;jsessionid=ac16012b30d66bd79d5a81354b569b64ca0b03586396.e3iSbxaKaheRe3eRa38MahaQbi1ynknvrkLOlQzNp65In0 HTTP/1.1" 200 2
201.245.192.253 - - [01/Dec/2023:00:04:48 -0500] "POST /forms/lservlet;jsessionid=ac16012b30d64ec0b0a9f85d4cd0acdf8f65235348eb.e3iSbxaKaheRe3eRa38MahaQbi1ynknvrkLOlQzNp65In0 HTTP/1.1" 200 2
201.245.192.253 - - [01/Dec/2023:00:05:20 -0500] "POST /forms/lservlet;jsessionid=ac16012b30d66bd79d5a81354b569b64ca0b03586396.e3iSbxaKaheRe3eRa38MahaQbi1ynknvrkLOlQzNp65In0 HTTP/1.1" 200 2
201.245.192.253 - - [01/Dec/2023:00:05:35 -0500] "POST /kwsrmcab/Wsrmcab  HTTP/1.1" 200 41956
201.245.192.253 - - [01/Dec/2023:00:06:48 -0500] "POST /forms/lservlet;jsessionid=ac16012b30d64ec0b0a9f85d4cd0acdf8f65235348eb.e3iSbxaKaheRe3eRa38MahaQbi1ynknvrkLOlQzNp65In0 HTTP/1.1" 200 2
172.22.2.4 - - [01/Dec/2023:00:05:11 -0500] "HEAD /BLA/boletinlegal/ HTTP/1.1" 200 -
201.245.192.253 - - [01/Dec/2023:00:07:20 -0500] "POST /forms/lservlet;jsessionid=ac16012b30d66bd79d5a81354b569b64ca0b03586396.e3iSbxaKaheRe3eRa38MahaQbi1ynknvrkLOlQzNp65In0 HTTP/1.1" 200 2
216.245.221.92 - - [01/Dec/2023:00:07:22 -0500] "HEAD / HTTP/1.1" 200 -
172.22.2.4 - - [01/Dec/2023:00:06:02 -0500] "GET /BLA/boletinlegal/ HTTP/1.1" 200 59007
201.245.192.253 - - [01/Dec/2023:00:08:48 -0500] "POST /forms/lservlet;jsessionid=ac16012b30d64ec0b0a9f85d4cd0acdf8f65235348eb.e3iSbxaKaheRe3eRa38MahaQbi1ynknvrkLOlQzNp65In0 HTTP/1.1" 200 2
66.249.66.21 - - [01/Dec/2023:00:09:18 -0500] "GET /BLA/resoluciones/RESOLUCIONES%202010/3894.pdf HTTP/1.1" 200 700616
201.245.192.253 - - [01/Dec/2023:00:09:20 -0500] "POST /forms/lservlet;jsessionid=ac16012b30d66bd79d5a81354b569b64ca0b03586396.e3iSbxaKaheRe3eRa38MahaQbi1ynknvrkLOlQzNp65In0 HTTP/1.1" 200 2
172.22.2.4 - - [01/Dec/2023:00:08:54 -0500] "GET /BLA/boletinlegal/ HTTP/1.1" 200 62729
201.245.192.253 - - [01/Dec/2023:00:10:33 -0500] "POST /kwsrmcab/Wsrmcab  HTTP/1.1" 200 41956
201.245.192.253 - - [01/Dec/2023:00:10:48 -0500] "POST /forms/lservlet;jsessionid=ac16012b30d64ec0b0a9f85d4cd0acdf8f65235348eb.e3iSbxaKaheRe3eRa38MahaQbi1ynknvrkLOlQzNp65In0 HTTP/1.1" 200 2
201.245.192.253 - - [01/Dec/2023:00:11:20 -0500] "POST /forms/lservlet;jsessionid=ac16012b30d66bd79d5a81354b569b64ca0b03586396.e3iSbxaKaheRe3eRa38MahaQbi1ynknvrkLOlQzNp65In0 HTTP/1.1" 200 2
168.119.253.6 - - [01/Dec/2023:00:12:13 -0500] "GET / HTTP/1.1" 200 4720
168.119.253.6 - - [01/Dec/2023:00:12:14 -0500] "GET / HTTP/1.1" 200 319
216.245.221.92 - - [01/Dec/2023:00:12:22 -0500] "HEAD / HTTP/1.1" 200 -
172.22.2.4 - - [01/Dec/2023:00:11:02 -0500] "HEAD /BLA/boletinlegal/ HTTP/1.1" 200 -
201.245.192.253 - - [01/Dec/2023:00:12:48 -0500] "POST /forms/lservlet;jsessionid=ac16012b30d64ec0b0a9f85d4cd0acdf8f65235348eb.e3iSbxaKaheRe3eRa38MahaQbi1ynknvrkLOlQzNp65In0 HTTP/1.1" 200 2
201.245.192.253 - - [01/Dec/2023:00:13:20 -0500] "POST /forms/lservlet;jsessionid=ac16012b30d66bd79d5a81354b569b64ca0b03586396.e3iSbxaKaheRe3eRa38MahaQbi1ynknvrkLOlQzNp65In0 HTTP/1.1" 200 2
66.249.66.20 - - [01/Dec/2023:00:13:29 -0500] "GET /BLA/resoluciones/Notificaciones/RESOLUCIONES%202022/5444.pdf HTTP/1.1" 200 3565678
172.22.2.4 - - [01/Dec/2023:00:11:52 -0500] "GET /BLA/boletinlegal/ HTTP/1.1" 200 58294
66.249.66.21 - - [01/Dec/2023:00:13:39 -0500] "GET /BLA/resoluciones/Notificaciones/AUTOS%202023/05451.pdf HTTP/1.1" 200 357531
173.252.107.8 - - [01/Dec/2023:00:13:44 -0500] "GET /por-segundo-ano-consecutivo-bogota-es-reconocida-como-ciudad-arbolada-del-mundo-por-la-fao.html HTTP/1.1" 200 1084
66.249.66.21 - - [01/Dec/2023:00:13:58 -0500] "GET /BLA/resoluciones/RESOLUCIONES%202010/6693.pdf HTTP/1.1" 200 2355573
66.249.66.21 - - [01/Dec/2023:00:14:19 -0500] "GET /BLA/resoluciones/RESOLUCIONES%202007/RES%202007%203601%20AL%203700/RESOLUCION%203632%20DE%202007.pdf HTTP/1.1" 200 654997
173.252.107.119 - - [01/Dec/2023:00:14:23 -0500] "GET /bogota-se-la-juega-por-las-mujeres-emprendedoras-de-bogota-es-mi-huerta-y-mujeres-que-reverdecen-expusieron-sus-proyectos-productivos.html HTTP/1.1" 200 985
66.249.66.19 - - [01/Dec/2023:00:14:40 -0500] "GET /BLA/resoluciones/RESOLUCIONES%202010/0621.pdf HTTP/1.1" 200 509558
201.245.192.253 - - [01/Dec/2023:00:14:48 -0500] "POST /forms/lservlet;jsessionid=ac16012b30d64ec0b0a9f85d4cd0acdf8f65235348eb.e3iSbxaKaheRe3eRa38MahaQbi1ynknvrkLOlQzNp65In0 HTTP/1.1" 200 2
186.84.20.209 - - [01/Dec/2023:00:15:02 -0500] "GET /BLA/resoluciones/index.php?dir=AUTOS+2011%2F HTTP/1.1" 200 637403
201.245.192.253 - - [01/Dec/2023:00:15:20 -0500] "POST /forms/lservlet;jsessionid=ac16012b30d66bd79d5a81354b569b64ca0b03586396.e3iSbxaKaheRe3eRa38MahaQbi1ynknvrkLOlQzNp65In0 HTTP/1.1" 200 2
201.245.192.253 - - [01/Dec/2023:00:15:31 -0500] "POST /kwsrmcab/Wsrmcab  HTTP/1.1" 200 41956
201.245.192.253 - - [01/Dec/2023:00:16:07 -0500] "POST /kwsrmcab/Wsrmcab HTTP/1.1" 200 40849
66.249.66.21 - - [01/Dec/2023:00:16:10 -0500] "GET /BLA/resoluciones/RESOLUCIONES%202009/7465.pdf HTTP/1.1" 200 712194
201.245.192.253 - - [01/Dec/2023:00:16:10 -0500] "POST /kwsrmcab/Wsrmcab HTTP/1.1" 200 38959
201.245.192.253 - - [01/Dec/2023:00:16:48 -0500] "POST /forms/lservlet;jsessionid=ac16012b30d64ec0b0a9f85d4cd0acdf8f65235348eb.e3iSbxaKaheRe3eRa38MahaQbi1ynknvrkLOlQzNp65In0 HTTP/1.1" 200 2
200.118.61.63 - - [01/Dec/2023:00:16:55 -0500] "GET /BLA/resoluciones/dlf/archive.png HTTP/1.1" 200 632
200.118.61.63 - - [01/Dec/2023:00:16:55 -0500] "GET /BLA/resoluciones/index.php?dir=AUTOS+2019%2F HTTP/1.1" 200 391409
201.245.192.253 - - [01/Dec/2023:00:17:20 -0500] "POST /forms/lservlet;jsessionid=ac16012b30d66bd79d5a81354b569b64ca0b03586396.e3iSbxaKaheRe3eRa38MahaQbi1ynknvrkLOlQzNp65In0 HTTP/1.1" 200 2
216.245.221.92 - - [01/Dec/2023:00:17:22 -0500] "HEAD / HTTP/1.1" 200 -
66.249.66.21 - - [01/Dec/2023:00:17:38 -0500] "GET /BLA/resoluciones/Notificaciones/AUTOS%202023/04964.pdf HTTP/1.1" 200 2011368
172.22.2.4 - - [01/Dec/2023:00:16:51 -0500] "HEAD /BLA/boletinlegal/ HTTP/1.1" 200 -
172.22.2.4 - - [01/Dec/2023:00:18:45 -0500] "GET /BLA/boletinlegal/style.css HTTP/1.1" 200 9406
172.22.2.4 - - [01/Dec/2023:00:18:45 -0500] "GET /BLA/boletinlegal/styles2.css HTTP/1.1" 200 1838
172.22.2.4 - - [01/Dec/2023:00:18:45 -0500] "GET /BLA/boletinlegal/js/jquery.scrollShow.js HTTP/1.1" 200 4586
172.22.2.4 - - [01/Dec/2023:00:18:45 -0500] "GET /BLA/boletinlegal/images/cabezote%20BLEGAL.jpg HTTP/1.1" 200 118164
172.22.2.4 - - [01/Dec/2023:00:18:45 -0500] "GET /BLA/boletinlegal/images/subscribe-icon-big.png HTTP/1.1" 200 47702
172.22.2.4 - - [01/Dec/2023:00:18:45 -0500] "GET /BLA/boletinlegal/images/historia.png HTTP/1.1" 200 52775
172.22.2.4 - - [01/Dec/2023:00:18:45 -0500] "GET /BLA/boletinlegal/images/registro-usuarios.png HTTP/1.1" 200 8106
172.22.2.4 - - [01/Dec/2023:00:18:45 -0500] "GET /BLA/boletinlegal/js/jquery.js HTTP/1.1" 200 57254
172.22.2.4 - - [01/Dec/2023:00:18:45 -0500] "GET /BLA/boletinlegal/js/jquery.scrollTo-min.js HTTP/1.1" 200 1150
172.22.2.4 - - [01/Dec/2023:00:18:45 -0500] "GET /BLA/boletinlegal/images/arr_l.jpg HTTP/1.1" 200 1979
172.22.2.4 - - [01/Dec/2023:00:18:45 -0500] "GET /BLA/boletinlegal/images/screen_1.png HTTP/1.1" 200 202547
172.22.2.4 - - [01/Dec/2023:00:18:45 -0500] "GET /BLA/boletinlegal/images/launch.jpg HTTP/1.1" 200 14577
172.22.2.4 - - [01/Dec/2023:00:18:46 -0500] "GET /BLA/boletinlegal/images/body_bg.jpg HTTP/1.1" 200 1601
172.22.2.4 - - [01/Dec/2023:00:18:46 -0500] "GET /BLA/boletinlegal/images/text.jpg HTTP/1.1" 200 568
172.22.2.4 - - [01/Dec/2023:00:18:46 -0500] "GET /BLA/boletinlegal/images/hover.jpg HTTP/1.1" 200 640
172.22.2.4 - - [01/Dec/2023:00:18:46 -0500] "GET /BLA/boletinlegal/images/menu_rght.gif HTTP/1.1" 200 1627
172.22.2.4 - - [01/Dec/2023:00:18:46 -0500] "GET /BLA/boletinlegal/images/bg_top.jpg HTTP/1.1" 200 522
172.22.2.4 - - [01/Dec/2023:00:18:46 -0500] "GET /BLA/boletinlegal/images/menu_lft.gif HTTP/1.1" 200 1713
172.22.2.4 - - [01/Dec/2023:00:18:46 -0500] "GET /BLA/boletinlegal/images/menu_bg.jpg HTTP/1.1" 200 620
201.245.192.253 - - [01/Dec/2023:00:18:48 -0500] "POST /forms/lservlet;jsessionid=ac16012b30d64ec0b0a9f85d4cd0acdf8f65235348eb.e3iSbxaKaheRe3eRa38MahaQbi1ynknvrkLOlQzNp65In0 HTTP/1.1" 200 2
172.22.2.4 - - [01/Dec/2023:00:18:53 -0500] "GET /BLA/boletinlegal/images/arr_r.jpg HTTP/1.1" 200 1998
172.22.2.4 - - [01/Dec/2023:00:18:53 -0500] "GET /BLA/boletinlegal/images/screen_3.png HTTP/1.1" 200 210620
172.22.2.4 - - [01/Dec/2023:00:18:53 -0500] "GET /BLA/boletinlegal/images/screen_2.png HTTP/1.1" 200 362502
172.22.2.4 - - [01/Dec/2023:00:18:53 -0500] "GET /BLA/boletinlegal/images/footer_bg.jpg HTTP/1.1" 200 586
172.22.2.4 - - [01/Dec/2023:00:18:53 -0500] "GET /BLA/boletinlegal/images/screen_5.png HTTP/1.1" 200 368876
172.22.2.4 - - [01/Dec/2023:00:18:53 -0500] "GET /BLA/boletinlegal/conceptos.php HTTP/1.1" 200 7496
172.22.2.4 - - [01/Dec/2023:00:18:54 -0500] "GET /BLA/boletinlegal/niceforms.js HTTP/1.1" 200 22876
172.22.2.4 - - [01/Dec/2023:00:18:54 -0500] "GET /BLA/boletinlegal/js/ajax_conceptos.js HTTP/1.1" 200 1326
172.22.2.4 - - [01/Dec/2023:00:18:54 -0500] "GET /BLA/boletinlegal/niceforms-default.css HTTP/1.1" 200 6694
172.22.2.4 - - [01/Dec/2023:00:18:54 -0500] "GET /BLA/boletinlegal/images/tel.png HTTP/1.1" 200 14477
172.22.2.4 - - [01/Dec/2023:00:18:54 -0500] "GET /BLA/boletinlegal/images/icono-email.png HTTP/1.1" 200 5544
172.22.2.4 - - [01/Dec/2023:00:18:54 -0500] "GET /BLA/boletinlegal/images/footer_bg_l.jpg HTTP/1.1" 200 776
172.22.2.4 - - [01/Dec/2023:00:18:54 -0500] "GET /BLA/boletinlegal/img/select-left.png HTTP/1.1" 200 263
172.22.2.4 - - [01/Dec/2023:00:18:54 -0500] "GET /BLA/boletinlegal/img/select-right.png HTTP/1.1" 200 44019
172.22.2.4 - - [01/Dec/2023:00:18:54 -0500] "GET /BLA/boletinlegal/img/0.png HTTP/1.1" 200 110
172.22.2.4 - - [01/Dec/2023:00:18:54 -0500] "GET /BLA/boletinlegal/img/button.png HTTP/1.1" 200 43241
172.22.2.4 - - [01/Dec/2023:00:18:54 -0500] "GET /BLA/boletinlegal/img/button-left.png HTTP/1.1" 200 57071
172.22.2.4 - - [01/Dec/2023:00:18:54 -0500] "GET /BLA/boletinlegal/img/button-right.png HTTP/1.1" 200 57878
172.22.2.4 - - [01/Dec/2023:00:18:54 -0500] "GET /BLA/boletinlegal/favicon.ico HTTP/1.1" 404 1334
172.22.2.4 - - [01/Dec/2023:00:19:03 -0500] "GET /BLA/boletinlegal/images/pdf.gif HTTP/1.1" 200 567
172.22.2.4 - - [01/Dec/2023:00:19:06 -0500] "GET /BLA/boletinlegal/consulta_conceptos.php?no=&solicitante=&radicado_entrada=&fecha_concepto=2023&objeto=decreto%20555 HTTP/1.1" 200 1094
172.22.2.4 - - [01/Dec/2023:00:19:18 -0500] "GET /BLA/boletinlegal/conceptos/2023/34.pdf HTTP/1.1" 200 396452
201.245.192.253 - - [01/Dec/2023:00:19:20 -0500] "POST /forms/lservlet;jsessionid=ac16012b30d66bd79d5a81354b569b64ca0b03586396.e3iSbxaKaheRe3eRa38MahaQbi1ynknvrkLOlQzNp65In0 HTTP/1.1" 200 2
172.22.2.4 - - [01/Dec/2023:00:17:42 -0500] "GET /BLA/boletinlegal/ HTTP/1.1" 200 52827
201.245.192.253 - - [01/Dec/2023:00:19:44 -0500] "POST /kwsrmcab/Wsrmcab HTTP/1.1" 200 40849
172.22.2.4 - - [01/Dec/2023:00:18:44 -0500] "GET /BLA/boletinlegal/ HTTP/1.1" 200 59827
201.245.192.253 - - [01/Dec/2023:00:20:30 -0500] "POST /kwsrmcab/Wsrmcab  HTTP/1.1" 200 41956
201.245.192.253 - - [01/Dec/2023:00:20:48 -0500] "POST /forms/lservlet;jsessionid=ac16012b30d64ec0b0a9f85d4cd0acdf8f65235348eb.e3iSbxaKaheRe3eRa38MahaQbi1ynknvrkLOlQzNp65In0 HTTP/1.1" 200 2
172.22.2.4 - - [01/Dec/2023:00:20:49 -0500] "GET /BLA/boletinlegal/consulta_conceptos.php?no=&solicitante=&radicado_entrada=&fecha_concepto=2023&objeto=adquisici%F3n HTTP/1.1" 200 570
172.22.2.4 - - [01/Dec/2023:00:20:51 -0500] "GET /BLA/boletinlegal/consulta_conceptos.php?no=&solicitante=&radicado_entrada=&fecha_concepto=2023&objeto=adquisici%F3n HTTP/1.1" 200 570
172.22.2.4 - - [01/Dec/2023:00:20:57 -0500] "GET /BLA/boletinlegal/consulta_conceptos.php?no=&solicitante=&radicado_entrada=&fecha_concepto=2023&objeto=predios HTTP/1.1" 200 1719
172.22.2.4 - - [01/Dec/2023:00:20:58 -0500] "GET /BLA/boletinlegal/images/background.gif HTTP/1.1" 200 -
172.22.2.4 - - [01/Dec/2023:00:21:14 -0500] "GET /BLA/boletinlegal/conceptos/2023/27.pdf HTTP/1.1" 200 465733
201.245.192.253 - - [01/Dec/2023:00:21:20 -0500] "POST /forms/lservlet;jsessionid=ac16012b30d66bd79d5a81354b569b64ca0b03586396.e3iSbxaKaheRe3eRa38MahaQbi1ynknvrkLOlQzNp65In0 HTTP/1.1" 200 2
172.22.2.4 - - [01/Dec/2023:00:21:52 -0500] "GET /BLA/boletinlegal/consulta_conceptos.php?no=&solicitante=&radicado_entrada=&fecha_concepto=2023&objeto=544 HTTP/1.1" 200 570
172.22.2.4 - - [01/Dec/2023:00:22:09 -0500] "GET /BLA/boletinlegal/consulta_conceptos.php?no=&solicitante=&radicado_entrada=&fecha_concepto=2023&objeto=544 HTTP/1.1" 200 570
172.22.2.4 - - [01/Dec/2023:00:22:15 -0500] "GET /BLA/boletinlegal/consulta_conceptos.php?no=&solicitante=&radicado_entrada=&fecha_concepto=2022&objeto=544 HTTP/1.1" 200 570
172.22.2.4 - - [01/Dec/2023:00:22:16 -0500] "GET /BLA/boletinlegal/consulta_conceptos.php?no=&solicitante=&radicado_entrada=&fecha_concepto=2022&objeto=544 HTTP/1.1" 200 570
216.245.221.92 - - [01/Dec/2023:00:22:22 -0500] "HEAD / HTTP/1.1" 200 -
201.245.192.253 - - [01/Dec/2023:00:22:23 -0500] "POST /kwsrmcab/Wsrmcab HTTP/1.1" 200 38959
201.245.192.253 - - [01/Dec/2023:00:22:48 -0500] "POST /forms/lservlet;jsessionid=ac16012b30d64ec0b0a9f85d4cd0acdf8f65235348eb.e3iSbxaKaheRe3eRa38MahaQbi1ynknvrkLOlQzNp65In0 HTTP/1.1" 200 2
201.245.192.253 - - [01/Dec/2023:00:23:20 -0500] "POST /forms/lservlet;jsessionid=ac16012b30d66bd79d5a81354b569b64ca0b03586396.e3iSbxaKaheRe3eRa38MahaQbi1ynknvrkLOlQzNp65In0 HTTP/1.1" 200 2
172.22.2.4 - - [01/Dec/2023:00:22:41 -0500] "HEAD /BLA/boletinlegal/ HTTP/1.1" 200 -
201.245.192.253 - - [01/Dec/2023:00:24:48 -0500] "POST /forms/lservlet;jsessionid=ac16012b30d64ec0b0a9f85d4cd0acdf8f65235348eb.e3iSbxaKaheRe3eRa38MahaQbi1ynknvrkLOlQzNp65In0 HTTP/1.1" 200 2
172.22.2.4 - - [01/Dec/2023:00:23:32 -0500] "GET /BLA/boletinlegal/ HTTP/1.1" 200 58294
201.245.192.253 - - [01/Dec/2023:00:25:20 -0500] "POST /forms/lservlet;jsessionid=ac16012b30d66bd79d5a81354b569b64ca0b03586396.e3iSbxaKaheRe3eRa38MahaQbi1ynknvrkLOlQzNp65In0 HTTP/1.1" 200 2
201.245.192.253 - - [01/Dec/2023:00:25:29 -0500] "POST /kwsrmcab/Wsrmcab  HTTP/1.1" 200 41956
66.249.66.21 - - [01/Dec/2023:00:26:08 -0500] "GET /BLA/resoluciones/RESOLUCIONES%202008/1824.pdf HTTP/1.1" 200 207865
201.245.192.253 - - [01/Dec/2023:00:26:07 -0500] "POST /kwsrmcab/Wsrmcab HTTP/1.1" 200 40849
201.245.192.253 - - [01/Dec/2023:00:26:10 -0500] "POST /kwsrmcab/Wsrmcab HTTP/1.1" 200 38959
66.249.66.19 - - [01/Dec/2023:00:26:39 -0500] "GET /BLA/resoluciones/RESOLUCIONES%202010/7243.pdf HTTP/1.1" 200 393450
201.245.192.253 - - [01/Dec/2023:00:26:48 -0500] "POST /forms/lservlet;jsessionid=ac16012b30d64ec0b0a9f85d4cd0acdf8f65235348eb.e3iSbxaKaheRe3eRa38MahaQbi1ynknvrkLOlQzNp65In0 HTTP/1.1" 200 2
201.245.192.253 - - [01/Dec/2023:00:27:20 -0500] "POST /forms/lservlet;jsessionid=ac16012b30d66bd79d5a81354b569b64ca0b03586396.e3iSbxaKaheRe3eRa38MahaQbi1ynknvrkLOlQzNp65In0 HTTP/1.1" 200 2
216.245.221.92 - - [01/Dec/2023:00:27:22 -0500] "HEAD / HTTP/1.1" 200 -
201.245.192.253 - - [01/Dec/2023:00:28:48 -0500] "POST /forms/lservlet;jsessionid=ac16012b30d64ec0b0a9f85d4cd0acdf8f65235348eb.e3iSbxaKaheRe3eRa38MahaQbi1ynknvrkLOlQzNp65In0 HTTP/1.1" 200 2
201.245.192.253 - - [01/Dec/2023:00:29:20 -0500] "POST /forms/lservlet;jsessionid=ac16012b30d66bd79d5a81354b569b64ca0b03586396.e3iSbxaKaheRe3eRa38MahaQbi1ynknvrkLOlQzNp65In0 HTTP/1.1" 200 2
201.245.192.253 - - [01/Dec/2023:00:29:44 -0500] "POST /kwsrmcab/Wsrmcab HTTP/1.1" 200 40849
172.22.2.4 - - [01/Dec/2023:00:28:31 -0500] "HEAD /BLA/boletinlegal/ HTTP/1.1" 200 -
201.245.192.253 - - [01/Dec/2023:00:30:28 -0500] "POST /kwsrmcab/Wsrmcab  HTTP/1.1" 200 41956
201.245.192.253 - - [01/Dec/2023:00:30:48 -0500] "POST /forms/lservlet;jsessionid=ac16012b30d64ec0b0a9f85d4cd0acdf8f65235348eb.e3iSbxaKaheRe3eRa38MahaQbi1ynknvrkLOlQzNp65In0 HTTP/1.1" 200 2
66.249.66.19 - - [01/Dec/2023:00:30:54 -0500] "GET /BLA/resoluciones/RESOLUCIONES%202010/1951.pdf HTTP/1.1" 200 996932
172.22.2.4 - - [01/Dec/2023:00:29:22 -0500] "GET /BLA/boletinlegal/ HTTP/1.1" 200 58644
201.245.192.253 - - [01/Dec/2023:00:31:20 -0500] "POST /forms/lservlet;jsessionid=ac16012b30d66bd79d5a81354b569b64ca0b03586396.e3iSbxaKaheRe3eRa38MahaQbi1ynknvrkLOlQzNp65In0 HTTP/1.1" 200 2
66.249.66.19 - - [01/Dec/2023:00:31:22 -0500] "GET /BLA/resoluciones/Notificaciones/RESOLUCIONES%202023/0278.pdf HTTP/1.1" 200 3544091
216.245.221.92 - - [01/Dec/2023:00:32:22 -0500] "HEAD / HTTP/1.1" 200 -
66.249.66.19 - - [01/Dec/2023:00:32:23 -0500] "GET /BLA/resoluciones/RESOLUCIONES%202010/6074.pdf HTTP/1.1" 200 314070
201.245.192.253 - - [01/Dec/2023:00:32:24 -0500] "POST /kwsrmcab/Wsrmcab HTTP/1.1" 200 38959
201.245.192.253 - - [01/Dec/2023:00:32:48 -0500] "POST /forms/lservlet;jsessionid=ac16012b30d64ec0b0a9f85d4cd0acdf8f65235348eb.e3iSbxaKaheRe3eRa38MahaQbi1ynknvrkLOlQzNp65In0 HTTP/1.1" 200 2
201.245.192.253 - - [01/Dec/2023:00:33:20 -0500] "POST /forms/lservlet;jsessionid=ac16012b30d66bd79d5a81354b569b64ca0b03586396.e3iSbxaKaheRe3eRa38MahaQbi1ynknvrkLOlQzNp65In0 HTTP/1.1" 200 2
172.22.2.4 - - [01/Dec/2023:00:34:21 -0500] "GET /BLA/boletinlegal/Circulares/023/CIRCULAR%20No.%2000012%20DEL%2030%20DE%20OCTUBRE%20DEL%202023.pdf HTTP/1.1" 404 1037
201.245.192.253 - - [01/Dec/2023:00:34:48 -0500] "POST /forms/lservlet;jsessionid=ac16012b30d64ec0b0a9f85d4cd0acdf8f65235348eb.e3iSbxaKaheRe3eRa38MahaQbi1ynknvrkLOlQzNp65In0 HTTP/1.1" 200 2
157.55.39.52 - - [01/Dec/2023:00:34:49 -0500] "GET /BLA/resoluciones/RESOLUCIONES%202022/4434.pdf HTTP/1.1" 304 -
201.245.192.253 - - [01/Dec/2023:00:35:20 -0500] "POST /forms/lservlet;jsessionid=ac16012b30d66bd79d5a81354b569b64ca0b03586396.e3iSbxaKaheRe3eRa38MahaQbi1ynknvrkLOlQzNp65In0 HTTP/1.1" 200 2
190.24.183.10 - - [01/Dec/2023:00:35:24 -0500] "POST /sipse/faces/presentacion/financiero/solicitudProceso/consultar.xhtml HTTP/1.1" 200 36881
190.24.183.10 - - [01/Dec/2023:00:35:24 -0500] "GET /sipse/faces/javax.faces.resource/theme.css?ln=primefaces-sipse HTTP/1.1" 304 -
190.24.183.10 - - [01/Dec/2023:00:35:24 -0500] "GET /sipse/faces/javax.faces.resource/primefaces.css?ln=primefaces&v=4.0 HTTP/1.1" 304 -
190.24.183.10 - - [01/Dec/2023:00:35:24 -0500] "GET /sipse/faces/javax.faces.resource/layout/layout.css?ln=primefaces&v=4.0 HTTP/1.1" 304 -
190.24.183.10 - - [01/Dec/2023:00:35:24 -0500] "GET /sipse/css/imagen/contrasena.png HTTP/1.1" 404 383
190.24.183.10 - - [01/Dec/2023:00:35:24 -0500] "GET /sipse/faces/javax.faces.resource/jquery/jquery.js?ln=primefaces&v=4.0 HTTP/1.1" 304 -
190.24.183.10 - - [01/Dec/2023:00:35:24 -0500] "GET /sipse/faces/javax.faces.resource/jquery/jquery-plugins.js?ln=primefaces&v=4.0 HTTP/1.1" 304 -
190.24.183.10 - - [01/Dec/2023:00:35:24 -0500] "GET /sipse/faces/javax.faces.resource/primefaces.js?ln=primefaces&v=4.0 HTTP/1.1" 304 -
190.24.183.10 - - [01/Dec/2023:00:35:24 -0500] "GET /sipse/faces/javax.faces.resource/layout/layout.js?ln=primefaces&v=4.0 HTTP/1.1" 304 -
190.24.183.10 - - [01/Dec/2023:00:35:24 -0500] "GET /sipse/faces/javax.faces.resource/images/ui-icons_898989_256x240.png?ln=primefaces-aristo HTTP/1.1" 304 -
190.24.183.10 - - [01/Dec/2023:00:35:24 -0500] "POST /sipse/faces/presentacion/financiero/solicitudProceso/listarSolicitudProceso.xhtml HTTP/1.1" 200 30137
190.24.183.10 - - [01/Dec/2023:00:35:25 -0500] "GET /sipse/faces/javax.faces.resource/images/ui-bg_flat_0_2d5972_40x100.png?ln=primefaces-aristo HTTP/1.1" 304 -
190.24.183.10 - - [01/Dec/2023:00:35:25 -0500] "POST /sipse/faces/presentacion/financiero/solicitudProceso/listarSolicitudProceso.xhtml HTTP/1.1" 200 30137
190.24.183.10 - - [01/Dec/2023:00:35:25 -0500] "POST /sipse/faces/presentacion/financiero/solicitudProceso/listarSolicitudProceso.xhtml HTTP/1.1" 200 1396
190.24.183.10 - - [01/Dec/2023:00:35:25 -0500] "POST /sipse/faces/presentacion/financiero/solicitudProceso/listarSolicitudProceso.xhtml HTTP/1.1" 200 1392
190.24.183.10 - - [01/Dec/2023:00:35:25 -0500] "POST /sipse/faces/presentacion/financiero/solicitudProceso/listarSolicitudProceso.xhtml HTTP/1.1" 200 1404
190.24.183.10 - - [01/Dec/2023:00:35:26 -0500] "POST /sipse/faces/presentacion/financiero/solicitudProceso/listarSolicitudProceso.xhtml HTTP/1.1" 200 18502
190.24.183.10 - - [01/Dec/2023:00:35:26 -0500] "POST /sipse/faces/presentacion/financiero/solicitudProceso/listarSolicitudProceso.xhtml HTTP/1.1" 200 1400
190.24.183.10 - - [01/Dec/2023:00:35:26 -0500] "POST /sipse/faces/presentacion/financiero/solicitudProceso/listarSolicitudProceso.xhtml HTTP/1.1" 200 18531
190.24.183.10 - - [01/Dec/2023:00:35:27 -0500] "POST /sipse/faces/presentacion/financiero/solicitudProceso/listarSolicitudProceso.xhtml HTTP/1.1" 200 1400
190.24.183.10 - - [01/Dec/2023:00:35:27 -0500] "POST /sipse/faces/presentacion/financiero/solicitudProceso/listarSolicitudProceso.xhtml HTTP/1.1" 200 1697
190.24.183.10 - - [01/Dec/2023:00:35:27 -0500] "POST /sipse/faces/presentacion/financiero/solicitudProceso/listarSolicitudProceso.xhtml HTTP/1.1" 200 13199
201.245.192.253 - - [01/Dec/2023:00:35:27 -0500] "POST /kwsrmcab/Wsrmcab  HTTP/1.1" 200 41956
66.249.66.20 - - [01/Dec/2023:00:35:43 -0500] "GET /BLA/resoluciones/RESOLUCIONES%202011/5118.pdf HTTP/1.1" 200 447963
172.22.2.4 - - [01/Dec/2023:00:34:21 -0500] "HEAD /BLA/boletinlegal/ HTTP/1.1" 200 -
201.245.192.253 - - [01/Dec/2023:00:36:07 -0500] "POST /kwsrmcab/Wsrmcab HTTP/1.1" 200 40849
201.245.192.253 - - [01/Dec/2023:00:36:11 -0500] "POST /kwsrmcab/Wsrmcab HTTP/1.1" 200 38959
66.249.66.21 - - [01/Dec/2023:00:36:19 -0500] "GET /BLA/resoluciones/RESOLUCIONES%202010/4501.pdf HTTP/1.1" 200 4070663
201.245.192.253 - - [01/Dec/2023:00:36:48 -0500] "POST /forms/lservlet;jsessionid=ac16012b30d64ec0b0a9f85d4cd0acdf8f65235348eb.e3iSbxaKaheRe3eRa38MahaQbi1ynknvrkLOlQzNp65In0 HTTP/1.1" 200 2
172.22.2.4 - - [01/Dec/2023:00:35:12 -0500] "GET /BLA/boletinlegal/ HTTP/1.1" 200 52827
201.245.192.253 - - [01/Dec/2023:00:37:20 -0500] "POST /forms/lservlet;jsessionid=ac16012b30d66bd79d5a81354b569b64ca0b03586396.e3iSbxaKaheRe3eRa38MahaQbi1ynknvrkLOlQzNp65In0 HTTP/1.1" 200 2
216.245.221.92 - - [01/Dec/2023:00:37:22 -0500] "HEAD / HTTP/1.1" 200 -
34.32.229.8 - - [01/Dec/2023:00:38:20 -0500] "GET /consulta-y-conoce-los-proyectos-de-resolucion-de-para-los-planes-de-manejo-ambiental-de-cinco-humedales-en-bogota.html HTTP/1.1" 200 971
66.249.66.21 - - [01/Dec/2023:00:38:29 -0500] "GET /resoluciones/RESOLUCIONES%202009/0555.pdf HTTP/1.1" 404 1018
201.245.192.253 - - [01/Dec/2023:00:38:48 -0500] "POST /forms/lservlet;jsessionid=ac16012b30d64ec0b0a9f85d4cd0acdf8f65235348eb.e3iSbxaKaheRe3eRa38MahaQbi1ynknvrkLOlQzNp65In0 HTTP/1.1" 200 2
40.77.167.32 - - [01/Dec/2023:00:39:07 -0500] "GET /galeria/galeria/jquery.fancybox.css?v=2.1.5 HTTP/1.1" 200 4895
52.167.144.182 - - [01/Dec/2023:00:39:13 -0500] "GET /galeria/galeria/jquery.fancybox.js?v=2.1.5 HTTP/1.1" 200 48706
201.245.192.253 - - [01/Dec/2023:00:39:20 -0500] "POST /forms/lservlet;jsessionid=ac16012b30d66bd79d5a81354b569b64ca0b03586396.e3iSbxaKaheRe3eRa38MahaQbi1ynknvrkLOlQzNp65In0 HTTP/1.1" 200 2
201.245.192.253 - - [01/Dec/2023:00:39:44 -0500] "POST /kwsrmcab/Wsrmcab HTTP/1.1" 200 40849
66.249.66.20 - - [01/Dec/2023:00:39:54 -0500] "GET /sig/Manual%20de%20Procesos%20y%20Procedimientos/PM04%20Evaluaci%C3%B3n,%20Control%20y%20Seguimiento/126PM04-PR17%20Atenci%C3%B3n%20solicitud%20Salvoconducto%20Flora.pdf HTTP/1.1" 404 1018
201.245.192.253 - - [01/Dec/2023:00:40:25 -0500] "POST /kwsrmcab/Wsrmcab  HTTP/1.1" 200 41956
201.245.192.253 - - [01/Dec/2023:00:40:48 -0500] "POST /forms/lservlet;jsessionid=ac16012b30d64ec0b0a9f85d4cd0acdf8f65235348eb.e3iSbxaKaheRe3eRa38MahaQbi1ynknvrkLOlQzNp65In0 HTTP/1.1" 200 2
201.245.192.253 - - [01/Dec/2023:00:41:20 -0500] "POST /forms/lservlet;jsessionid=ac16012b30d66bd79d5a81354b569b64ca0b03586396.e3iSbxaKaheRe3eRa38MahaQbi1ynknvrkLOlQzNp65In0 HTTP/1.1" 200 2
172.22.2.4 - - [01/Dec/2023:00:40:11 -0500] "HEAD /BLA/boletinlegal/ HTTP/1.1" 200 -
216.245.221.92 - - [01/Dec/2023:00:42:22 -0500] "HEAD / HTTP/1.1" 200 -
201.245.192.253 - - [01/Dec/2023:00:42:24 -0500] "POST /kwsrmcab/Wsrmcab HTTP/1.1" 200 38959
172.22.2.4 - - [01/Dec/2023:00:41:02 -0500] "GET /BLA/boletinlegal/ HTTP/1.1" 200 60634
201.245.192.253 - - [01/Dec/2023:00:42:48 -0500] "POST /forms/lservlet;jsessionid=ac16012b30d64ec0b0a9f85d4cd0acdf8f65235348eb.e3iSbxaKaheRe3eRa38MahaQbi1ynknvrkLOlQzNp65In0 HTTP/1.1" 200 2
66.249.66.195 - - [01/Dec/2023:00:42:56 -0500] "GET /agendate-para-participar-en-las-caminatas-ecologicas-de-febrero.html HTTP/1.1" 200 830
201.245.192.253 - - [01/Dec/2023:00:43:20 -0500] "POST /forms/lservlet;jsessionid=ac16012b30d66bd79d5a81354b569b64ca0b03586396.e3iSbxaKaheRe3eRa38MahaQbi1ynknvrkLOlQzNp65In0 HTTP/1.1" 200 2
66.249.66.21 - - [01/Dec/2023:00:44:27 -0500] "GET /BLA/resoluciones/Notificaciones/AUTOS%202023/05420.pdf HTTP/1.1" 200 371978
201.245.192.253 - - [01/Dec/2023:00:44:48 -0500] "POST /forms/lservlet;jsessionid=ac16012b30d64ec0b0a9f85d4cd0acdf8f65235348eb.e3iSbxaKaheRe3eRa38MahaQbi1ynknvrkLOlQzNp65In0 HTTP/1.1" 200 2
201.245.192.253 - - [01/Dec/2023:00:45:20 -0500] "POST /forms/lservlet;jsessionid=ac16012b30d66bd79d5a81354b569b64ca0b03586396.e3iSbxaKaheRe3eRa38MahaQbi1ynknvrkLOlQzNp65In0 HTTP/1.1" 200 2
201.245.192.253 - - [01/Dec/2023:00:45:23 -0500] "POST /kwsrmcab/Wsrmcab  HTTP/1.1" 200 41956
201.245.192.253 - - [01/Dec/2023:00:46:48 -0500] "POST /forms/lservlet;jsessionid=ac16012b30d64ec0b0a9f85d4cd0acdf8f65235348eb.e3iSbxaKaheRe3eRa38MahaQbi1ynknvrkLOlQzNp65In0 HTTP/1.1" 200 2
66.249.66.20 - - [01/Dec/2023:00:47:09 -0500] "GET /BLA/resoluciones/RESOLUCIONES%202009/6958.pdf HTTP/1.1" 200 266486
201.245.192.253 - - [01/Dec/2023:00:47:20 -0500] "POST /forms/lservlet;jsessionid=ac16012b30d66bd79d5a81354b569b64ca0b03586396.e3iSbxaKaheRe3eRa38MahaQbi1ynknvrkLOlQzNp65In0 HTTP/1.1" 200 2
216.245.221.92 - - [01/Dec/2023:00:47:22 -0500] "HEAD / HTTP/1.1" 200 -
172.22.2.4 - - [01/Dec/2023:00:46:01 -0500] "HEAD /BLA/boletinlegal/ HTTP/1.1" 200 -
172.22.2.4 - - [01/Dec/2023:00:46:52 -0500] "GET /BLA/boletinlegal/ HTTP/1.1" 200 60634
66.249.66.19 - - [01/Dec/2023:00:48:35 -0500] "GET /BLA/resoluciones/RESOLUCIONES%202010/6043.pdf HTTP/1.1" 200 677303
201.245.192.253 - - [01/Dec/2023:00:48:48 -0500] "POST /forms/lservlet;jsessionid=ac16012b30d64ec0b0a9f85d4cd0acdf8f65235348eb.e3iSbxaKaheRe3eRa38MahaQbi1ynknvrkLOlQzNp65In0 HTTP/1.1" 200 2
66.249.66.20 - - [01/Dec/2023:00:48:52 -0500] "GET /BLA/resoluciones/Notificaciones/AUTOS%202023/05434.pdf HTTP/1.1" 200 374868
201.245.192.253 - - [01/Dec/2023:00:49:20 -0500] "POST /forms/lservlet;jsessionid=ac16012b30d66bd79d5a81354b569b64ca0b03586396.e3iSbxaKaheRe3eRa38MahaQbi1ynknvrkLOlQzNp65In0 HTTP/1.1" 200 2
66.249.66.20 - - [01/Dec/2023:00:49:34 -0500] "GET /BLA/resoluciones/RESOLUCIONES%202008/3495.pdf HTTP/1.1" 200 253984
201.245.192.253 - - [01/Dec/2023:00:50:22 -0500] "POST /kwsrmcab/Wsrmcab  HTTP/1.1" 200 41956
207.46.13.63 - - [01/Dec/2023:00:50:34 -0500] "GET /BLA/resoluciones/RESOLUCIONES%202014/3156.pdf HTTP/1.1" 200 492889
52.167.144.18 - - [01/Dec/2023:00:50:40 -0500] "GET /sipse/faces/index.xhtml HTTP/1.1" 200 677
201.245.192.253 - - [01/Dec/2023:00:50:48 -0500] "POST /forms/lservlet;jsessionid=ac16012b30d64ec0b0a9f85d4cd0acdf8f65235348eb.e3iSbxaKaheRe3eRa38MahaQbi1ynknvrkLOlQzNp65In0 HTTP/1.1" 200 2
201.245.192.253 - - [01/Dec/2023:00:51:20 -0500] "POST /forms/lservlet;jsessionid=ac16012b30d66bd79d5a81354b569b64ca0b03586396.e3iSbxaKaheRe3eRa38MahaQbi1ynknvrkLOlQzNp65In0 HTTP/1.1" 200 2
66.249.66.19 - - [01/Dec/2023:00:52:10 -0500] "GET /BLA/resoluciones/RESOLUCIONES%202009/6916.pdf HTTP/1.1" 200 149098
216.245.221.92 - - [01/Dec/2023:00:52:22 -0500] "HEAD / HTTP/1.1" 200 -
201.245.192.253 - - [01/Dec/2023:00:52:48 -0500] "POST /forms/lservlet;jsessionid=ac16012b30d64ec0b0a9f85d4cd0acdf8f65235348eb.e3iSbxaKaheRe3eRa38MahaQbi1ynknvrkLOlQzNp65In0 HTTP/1.1" 200 2
201.245.192.253 - - [01/Dec/2023:00:53:20 -0500] "POST /forms/lservlet;jsessionid=ac16012b30d66bd79d5a81354b569b64ca0b03586396.e3iSbxaKaheRe3eRa38MahaQbi1ynknvrkLOlQzNp65In0 HTTP/1.1" 200 2
172.22.2.4 - - [01/Dec/2023:00:51:51 -0500] "HEAD /BLA/boletinlegal/ HTTP/1.1" 200 -
52.167.144.230 - - [01/Dec/2023:00:54:15 -0500] "GET /BLA/resoluciones/RESOLUCIONES%202023/0517.pdf HTTP/1.1" 304 -
172.22.2.4 - - [01/Dec/2023:00:52:42 -0500] "GET /BLA/boletinlegal/ HTTP/1.1" 200 56634
201.245.192.253 - - [01/Dec/2023:00:54:48 -0500] "POST /forms/lservlet;jsessionid=ac16012b30d64ec0b0a9f85d4cd0acdf8f65235348eb.e3iSbxaKaheRe3eRa38MahaQbi1ynknvrkLOlQzNp65In0 HTTP/1.1" 200 2
52.167.144.18 - - [01/Dec/2023:00:55:01 -0500] "GET /BLA/resoluciones/index.php HTTP/1.1" 200 13696
201.245.192.253 - - [01/Dec/2023:00:55:20 -0500] "POST /forms/lservlet;jsessionid=ac16012b30d66bd79d5a81354b569b64ca0b03586396.e3iSbxaKaheRe3eRa38MahaQbi1ynknvrkLOlQzNp65In0 HTTP/1.1" 200 2
201.245.192.253 - - [01/Dec/2023:00:55:19 -0500] "POST /kwsrmcab/Wsrmcab  HTTP/1.1" 200 41956
172.22.2.4 - - [01/Dec/2023:00:53:56 -0500] "GET /BLA/boletinlegal/ HTTP/1.1" 200 60634
185.180.143.72 - - [01/Dec/2023:00:56:09 -0500] "GET / HTTP/1.1" 200 319
186.84.20.209 - - [01/Dec/2023:00:56:17 -0500] "GET /BLA/resoluciones/index.php?dir=AUTOS+2022%2F HTTP/1.1" 200 508789
201.245.192.253 - - [01/Dec/2023:00:56:48 -0500] "POST /forms/lservlet;jsessionid=ac16012b30d64ec0b0a9f85d4cd0acdf8f65235348eb.e3iSbxaKaheRe3eRa38MahaQbi1ynknvrkLOlQzNp65In0 HTTP/1.1" 200 2
159.69.179.16 - - [01/Dec/2023:00:56:52 -0500] "GET / HTTP/1.1" 200 319
159.69.179.16 - - [01/Dec/2023:00:56:53 -0500] "GET / HTTP/1.1" 200 4720
201.245.192.253 - - [01/Dec/2023:00:57:20 -0500] "POST /forms/lservlet;jsessionid=ac16012b30d66bd79d5a81354b569b64ca0b03586396.e3iSbxaKaheRe3eRa38MahaQbi1ynknvrkLOlQzNp65In0 HTTP/1.1" 200 2
3.91.58.12 - - [01/Dec/2023:00:57:21 -0500] "GET /consulta-y-conoce-los-proyectos-de-resolucion-de-para-los-planes-de-manejo-ambiental-de-cinco-humedales-en-bogota.html HTTP/1.1" 200 971
216.245.221.92 - - [01/Dec/2023:00:57:22 -0500] "HEAD / HTTP/1.1" 200 -
3.91.58.12 - - [01/Dec/2023:00:57:23 -0500] "GET /propietarios-inscritos-en-el-inventario-nacional-de-bifenilos-de-policlorados-tienen-plazo-hasta-noviembre-para-reportar-su-balance.html HTTP/1.1" 200 1003
66.249.66.19 - - [01/Dec/2023:00:57:31 -0500] "GET /BLA/resoluciones/Notificaciones/RESOLUCIONES%202023/01714.pdf HTTP/1.1" 200 356935
162.55.41.96 - - [01/Dec/2023:00:57:59 -0500] "GET / HTTP/1.1" 200 4720
162.55.41.96 - - [01/Dec/2023:00:58:00 -0500] "GET / HTTP/1.1" 200 319
3.91.58.12 - - [01/Dec/2023:00:58:07 -0500] "GET /portaldeninos/ HTTP/1.1" 200 110175
172.22.2.4 - - [01/Dec/2023:00:58:12 -0500] "GET /BLA/boletinlegal/actos.php HTTP/1.1" 200 9682
201.245.192.253 - - [01/Dec/2023:00:58:48 -0500] "POST /forms/lservlet;jsessionid=ac16012b30d64ec0b0a9f85d4cd0acdf8f65235348eb.e3iSbxaKaheRe3eRa38MahaQbi1ynknvrkLOlQzNp65In0 HTTP/1.1" 200 2
201.245.192.253 - - [01/Dec/2023:00:59:20 -0500] "POST /forms/lservlet;jsessionid=ac16012b30d66bd79d5a81354b569b64ca0b03586396.e3iSbxaKaheRe3eRa38MahaQbi1ynknvrkLOlQzNp65In0 HTTP/1.1" 200 2
172.22.2.4 - - [01/Dec/2023:00:57:42 -0500] "HEAD /BLA/boletinlegal/ HTTP/1.1" 200 -
172.22.2.4 - - [01/Dec/2023:00:58:33 -0500] "GET /BLA/boletinlegal/ HTTP/1.1" 200 58644
201.245.192.253 - - [01/Dec/2023:01:00:19 -0500] "POST /kwsrmcab/Wsrmcab  HTTP/1.1" 200 41956
201.245.192.253 - - [01/Dec/2023:01:00:48 -0500] "POST /forms/lservlet;jsessionid=ac16012b30d64ec0b0a9f85d4cd0acdf8f65235348eb.e3iSbxaKaheRe3eRa38MahaQbi1ynknvrkLOlQzNp65In0 HTTP/1.1" 200 2
201.245.192.253 - - [01/Dec/2023:01:01:20 -0500] "POST /forms/lservlet;jsessionid=ac16012b30d66bd79d5a81354b569b64ca0b03586396.e3iSbxaKaheRe3eRa38MahaQbi1ynknvrkLOlQzNp65In0 HTTP/1.1" 200 2
66.249.66.19 - - [01/Dec/2023:01:01:50 -0500] "GET /BLA/resoluciones/RESOLUCIONES%202008/0133.pdf HTTP/1.1" 200 254715
40.77.167.10 - - [01/Dec/2023:01:01:56 -0500] "GET /BLA/resoluciones/AUTOS%202023/2249.pdf HTTP/1.1" 200 2301940
216.245.221.92 - - [01/Dec/2023:01:02:22 -0500] "HEAD / HTTP/1.1" 200 -
201.245.192.253 - - [01/Dec/2023:01:02:48 -0500] "POST /forms/lservlet;jsessionid=ac16012b30d64ec0b0a9f85d4cd0acdf8f65235348eb.e3iSbxaKaheRe3eRa38MahaQbi1ynknvrkLOlQzNp65In0 HTTP/1.1" 200 2
201.245.192.253 - - [01/Dec/2023:01:03:20 -0500] "POST /forms/lservlet;jsessionid=ac16012b30d66bd79d5a81354b569b64ca0b03586396.e3iSbxaKaheRe3eRa38MahaQbi1ynknvrkLOlQzNp65In0 HTTP/1.1" 200 2
40.77.167.10 - - [01/Dec/2023:01:04:07 -0500] "GET /BLA/resoluciones/AUTOS%202023/5584.pdf HTTP/1.1" 200 448082
66.249.66.21 - - [01/Dec/2023:01:02:57 -0500] "GET /BLA/boletinlegal/index.php? HTTP/1.1" 200 56634
66.249.66.19 - - [01/Dec/2023:01:04:37 -0500] "GET /BLA/resoluciones/RESOLUCIONES%202009/5083.pdf HTTP/1.1" 200 511392
201.245.192.253 - - [01/Dec/2023:01:04:48 -0500] "POST /forms/lservlet;jsessionid=ac16012b30d64ec0b0a9f85d4cd0acdf8f65235348eb.e3iSbxaKaheRe3eRa38MahaQbi1ynknvrkLOlQzNp65In0 HTTP/1.1" 200 2
172.22.2.4 - - [01/Dec/2023:01:03:32 -0500] "HEAD /BLA/boletinlegal/ HTTP/1.1" 200 -
66.249.66.19 - - [01/Dec/2023:01:05:14 -0500] "GET /BLA/resoluciones/AUTOS%202011/7678.pdf HTTP/1.1" 200 160904
201.245.192.253 - - [01/Dec/2023:01:05:17 -0500] "POST /kwsrmcab/Wsrmcab  HTTP/1.1" 200 41956
201.245.192.253 - - [01/Dec/2023:01:05:20 -0500] "POST /forms/lservlet;jsessionid=ac16012b30d66bd79d5a81354b569b64ca0b03586396.e3iSbxaKaheRe3eRa38MahaQbi1ynknvrkLOlQzNp65In0 HTTP/1.1" 200 2
172.22.2.4 - - [01/Dec/2023:01:04:23 -0500] "GET /BLA/boletinlegal/ HTTP/1.1" 200 59827
201.245.192.253 - - [01/Dec/2023:01:06:48 -0500] "POST /forms/lservlet;jsessionid=ac16012b30d64ec0b0a9f85d4cd0acdf8f65235348eb.e3iSbxaKaheRe3eRa38MahaQbi1ynknvrkLOlQzNp65In0 HTTP/1.1" 200 2
66.249.66.21 - - [01/Dec/2023:01:07:17 -0500] "GET /BLA/resoluciones/Notificaciones/AUTOS%202023/03799.pdf HTTP/1.1" 200 8279867
201.245.192.253 - - [01/Dec/2023:01:07:20 -0500] "POST /forms/lservlet;jsessionid=ac16012b30d66bd79d5a81354b569b64ca0b03586396.e3iSbxaKaheRe3eRa38MahaQbi1ynknvrkLOlQzNp65In0 HTTP/1.1" 200 2
216.245.221.92 - - [01/Dec/2023:01:07:22 -0500] "HEAD / HTTP/1.1" 200 -
201.245.192.253 - - [01/Dec/2023:01:08:48 -0500] "POST /forms/lservlet;jsessionid=ac16012b30d64ec0b0a9f85d4cd0acdf8f65235348eb.e3iSbxaKaheRe3eRa38MahaQbi1ynknvrkLOlQzNp65In0 HTTP/1.1" 200 2
201.245.192.253 - - [01/Dec/2023:01:09:20 -0500] "POST /forms/lservlet;jsessionid=ac16012b30d66bd79d5a81354b569b64ca0b03586396.e3iSbxaKaheRe3eRa38MahaQbi1ynknvrkLOlQzNp65In0 HTTP/1.1" 200 2
172.22.2.4 - - [01/Dec/2023:01:08:36 -0500] "GET /BLA/boletinlegal/index.php HTTP/1.1" 200 60634
201.245.192.253 - - [01/Dec/2023:01:10:16 -0500] "POST /kwsrmcab/Wsrmcab  HTTP/1.1" 200 41956
201.245.192.253 - - [01/Dec/2023:01:10:48 -0500] "POST /forms/lservlet;jsessionid=ac16012b30d64ec0b0a9f85d4cd0acdf8f65235348eb.e3iSbxaKaheRe3eRa38MahaQbi1ynknvrkLOlQzNp65In0 HTTP/1.1" 200 2
172.22.2.4 - - [01/Dec/2023:01:09:22 -0500] "HEAD /BLA/boletinlegal/ HTTP/1.1" 200 -
201.245.192.253 - - [01/Dec/2023:01:11:20 -0500] "POST /forms/lservlet;jsessionid=ac16012b30d66bd79d5a81354b569b64ca0b03586396.e3iSbxaKaheRe3eRa38MahaQbi1ynknvrkLOlQzNp65In0 HTTP/1.1" 200 2
172.22.2.4 - - [01/Dec/2023:01:10:13 -0500] "GET /BLA/boletinlegal/ HTTP/1.1" 200 57881
172.22.2.4 - - [01/Dec/2023:01:12:10 -0500] "GET /BLA/boletinlegal/Directivas/2016/Directiva%20No.%2002%20del%2019%20de%20Abril%20de%202016.pdf HTTP/1.1" 304 -
216.245.221.92 - - [01/Dec/2023:01:12:22 -0500] "HEAD / HTTP/1.1" 200 -
201.245.192.253 - - [01/Dec/2023:01:12:48 -0500] "POST /forms/lservlet;jsessionid=ac16012b30d64ec0b0a9f85d4cd0acdf8f65235348eb.e3iSbxaKaheRe3eRa38MahaQbi1ynknvrkLOlQzNp65In0 HTTP/1.1" 200 2
201.245.192.253 - - [01/Dec/2023:01:13:20 -0500] "POST /forms/lservlet;jsessionid=ac16012b30d66bd79d5a81354b569b64ca0b03586396.e3iSbxaKaheRe3eRa38MahaQbi1ynknvrkLOlQzNp65In0 HTTP/1.1" 200 2
201.245.192.253 - - [01/Dec/2023:01:14:48 -0500] "POST /forms/lservlet;jsessionid=ac16012b30d64ec0b0a9f85d4cd0acdf8f65235348eb.e3iSbxaKaheRe3eRa38MahaQbi1ynknvrkLOlQzNp65In0 HTTP/1.1" 200 2
201.245.192.253 - - [01/Dec/2023:01:15:14 -0500] "POST /kwsrmcab/Wsrmcab  HTTP/1.1" 200 41956
201.245.192.253 - - [01/Dec/2023:01:15:20 -0500] "POST /forms/lservlet;jsessionid=ac16012b30d66bd79d5a81354b569b64ca0b03586396.e3iSbxaKaheRe3eRa38MahaQbi1ynknvrkLOlQzNp65In0 HTTP/1.1" 200 2
201.245.192.253 - - [01/Dec/2023:01:16:07 -0500] "POST /kwsrmcab/Wsrmcab HTTP/1.1" 200 40377
201.245.192.253 - - [01/Dec/2023:01:16:10 -0500] "POST /kwsrmcab/Wsrmcab HTTP/1.1" 200 38972
201.245.192.253 - - [01/Dec/2023:01:16:48 -0500] "POST /forms/lservlet;jsessionid=ac16012b30d64ec0b0a9f85d4cd0acdf8f65235348eb.e3iSbxaKaheRe3eRa38MahaQbi1ynknvrkLOlQzNp65In0 HTTP/1.1" 200 2
172.22.2.4 - - [01/Dec/2023:01:15:12 -0500] "HEAD /BLA/boletinlegal/ HTTP/1.1" 200 -
201.245.192.253 - - [01/Dec/2023:01:17:20 -0500] "POST /forms/lservlet;jsessionid=ac16012b30d66bd79d5a81354b569b64ca0b03586396.e3iSbxaKaheRe3eRa38MahaQbi1ynknvrkLOlQzNp65In0 HTTP/1.1" 200 2
216.245.221.92 - - [01/Dec/2023:01:17:22 -0500] "HEAD / HTTP/1.1" 200 -
172.22.2.4 - - [01/Dec/2023:01:16:03 -0500] "GET /BLA/boletinlegal/ HTTP/1.1" 200 55050
54.188.66.243 - - [01/Dec/2023:01:18:00 -0500] "GET /galeria/galeria/fotos/mirador4P.jpg HTTP/1.1" 200 11757
172.22.2.4 - - [01/Dec/2023:01:18:19 -0500] "GET /BLA/boletinlegal/actos.php HTTP/1.1" 200 9682
172.22.2.4 - - [01/Dec/2023:01:18:47 -0500] "GET /BLA/boletinlegal/favicon.ico HTTP/1.1" 404 1326
201.245.192.253 - - [01/Dec/2023:01:18:48 -0500] "POST /forms/lservlet;jsessionid=ac16012b30d64ec0b0a9f85d4cd0acdf8f65235348eb.e3iSbxaKaheRe3eRa38MahaQbi1ynknvrkLOlQzNp65In0 HTTP/1.1" 200 2
201.245.192.253 - - [01/Dec/2023:01:19:20 -0500] "POST /forms/lservlet;jsessionid=ac16012b30d66bd79d5a81354b569b64ca0b03586396.e3iSbxaKaheRe3eRa38MahaQbi1ynknvrkLOlQzNp65In0 HTTP/1.1" 200 2
201.245.192.253 - - [01/Dec/2023:01:19:44 -0500] "POST /kwsrmcab/Wsrmcab HTTP/1.1" 200 40377
201.245.192.253 - - [01/Dec/2023:01:20:13 -0500] "POST /kwsrmcab/Wsrmcab  HTTP/1.1" 200 41956
201.245.192.253 - - [01/Dec/2023:01:20:48 -0500] "POST /forms/lservlet;jsessionid=ac16012b30d64ec0b0a9f85d4cd0acdf8f65235348eb.e3iSbxaKaheRe3eRa38MahaQbi1ynknvrkLOlQzNp65In0 HTTP/1.1" 200 2
172.22.2.4 - - [01/Dec/2023:01:19:19 -0500] "GET /BLA/boletinlegal/ HTTP/1.1" 200 62729
201.245.192.253 - - [01/Dec/2023:01:21:20 -0500] "POST /forms/lservlet;jsessionid=ac16012b30d66bd79d5a81354b569b64ca0b03586396.e3iSbxaKaheRe3eRa38MahaQbi1ynknvrkLOlQzNp65In0 HTTP/1.1" 200 2
216.245.221.92 - - [01/Dec/2023:01:22:22 -0500] "HEAD / HTTP/1.1" 200 -
201.245.192.253 - - [01/Dec/2023:01:22:27 -0500] "POST /kwsrmcab/Wsrmcab HTTP/1.1" 200 38972
172.22.2.4 - - [01/Dec/2023:01:21:02 -0500] "HEAD /BLA/boletinlegal/ HTTP/1.1" 200 -
201.245.192.253 - - [01/Dec/2023:01:22:48 -0500] "POST /forms/lservlet;jsessionid=ac16012b30d64ec0b0a9f85d4cd0acdf8f65235348eb.e3iSbxaKaheRe3eRa38MahaQbi1ynknvrkLOlQzNp65In0 HTTP/1.1" 200 2
201.245.192.253 - - [01/Dec/2023:01:23:20 -0500] "POST /forms/lservlet;jsessionid=ac16012b30d66bd79d5a81354b569b64ca0b03586396.e3iSbxaKaheRe3eRa38MahaQbi1ynknvrkLOlQzNp65In0 HTTP/1.1" 200 2
172.22.2.4 - - [01/Dec/2023:01:21:53 -0500] "GET /BLA/boletinlegal/ HTTP/1.1" 200 52827
201.245.192.253 - - [01/Dec/2023:01:24:48 -0500] "POST /forms/lservlet;jsessionid=ac16012b30d64ec0b0a9f85d4cd0acdf8f65235348eb.e3iSbxaKaheRe3eRa38MahaQbi1ynknvrkLOlQzNp65In0 HTTP/1.1" 200 2
201.245.192.253 - - [01/Dec/2023:01:25:11 -0500] "POST /kwsrmcab/Wsrmcab  HTTP/1.1" 200 41956
201.245.192.253 - - [01/Dec/2023:01:25:20 -0500] "POST /forms/lservlet;jsessionid=ac16012b30d66bd79d5a81354b569b64ca0b03586396.e3iSbxaKaheRe3eRa38MahaQbi1ynknvrkLOlQzNp65In0 HTTP/1.1" 200 2
201.245.192.253 - - [01/Dec/2023:01:26:07 -0500] "POST /kwsrmcab/Wsrmcab HTTP/1.1" 200 40377
201.245.192.253 - - [01/Dec/2023:01:26:11 -0500] "POST /kwsrmcab/Wsrmcab HTTP/1.1" 200 38972
201.245.192.253 - - [01/Dec/2023:01:26:48 -0500] "POST /forms/lservlet;jsessionid=ac16012b30d64ec0b0a9f85d4cd0acdf8f65235348eb.e3iSbxaKaheRe3eRa38MahaQbi1ynknvrkLOlQzNp65In0 HTTP/1.1" 200 2
201.245.192.253 - - [01/Dec/2023:01:27:20 -0500] "POST /forms/lservlet;jsessionid=ac16012b30d66bd79d5a81354b569b64ca0b03586396.e3iSbxaKaheRe3eRa38MahaQbi1ynknvrkLOlQzNp65In0 HTTP/1.1" 200 2
216.245.221.92 - - [01/Dec/2023:01:27:22 -0500] "HEAD / HTTP/1.1" 200 -
172.22.2.4 - - [01/Dec/2023:01:26:52 -0500] "HEAD /BLA/boletinlegal/ HTTP/1.1" 200 -
201.245.192.253 - - [01/Dec/2023:01:28:48 -0500] "POST /forms/lservlet;jsessionid=ac16012b30d64ec0b0a9f85d4cd0acdf8f65235348eb.e3iSbxaKaheRe3eRa38MahaQbi1ynknvrkLOlQzNp65In0 HTTP/1.1" 200 2
201.245.192.253 - - [01/Dec/2023:01:29:20 -0500] "POST /forms/lservlet;jsessionid=ac16012b30d66bd79d5a81354b569b64ca0b03586396.e3iSbxaKaheRe3eRa38MahaQbi1ynknvrkLOlQzNp65In0 HTTP/1.1" 200 2
172.22.2.4 - - [01/Dec/2023:01:27:43 -0500] "GET /BLA/boletinlegal/ HTTP/1.1" 200 60634
201.245.192.253 - - [01/Dec/2023:01:29:44 -0500] "POST /kwsrmcab/Wsrmcab HTTP/1.1" 200 40377
201.245.192.253 - - [01/Dec/2023:01:30:11 -0500] "POST /kwsrmcab/Wsrmcab  HTTP/1.1" 200 41956
201.245.192.253 - - [01/Dec/2023:01:30:48 -0500] "POST /forms/lservlet;jsessionid=ac16012b30d64ec0b0a9f85d4cd0acdf8f65235348eb.e3iSbxaKaheRe3eRa38MahaQbi1ynknvrkLOlQzNp65In0 HTTP/1.1" 200 2
201.245.192.253 - - [01/Dec/2023:01:31:20 -0500] "POST /forms/lservlet;jsessionid=ac16012b30d66bd79d5a81354b569b64ca0b03586396.e3iSbxaKaheRe3eRa38MahaQbi1ynknvrkLOlQzNp65In0 HTTP/1.1" 200 2
216.245.221.92 - - [01/Dec/2023:01:32:22 -0500] "HEAD / HTTP/1.1" 200 -
201.245.192.253 - - [01/Dec/2023:01:32:25 -0500] "POST /kwsrmcab/Wsrmcab HTTP/1.1" 200 38972
152.61.192.232 - - [01/Dec/2023:01:32:44 -0500] "GET / HTTP/1.1" 200 319
201.245.192.253 - - [01/Dec/2023:01:32:48 -0500] "POST /forms/lservlet;jsessionid=ac16012b30d64ec0b0a9f85d4cd0acdf8f65235348eb.e3iSbxaKaheRe3eRa38MahaQbi1ynknvrkLOlQzNp65In0 HTTP/1.1" 200 2
201.245.192.253 - - [01/Dec/2023:01:33:20 -0500] "POST /forms/lservlet;jsessionid=ac16012b30d66bd79d5a81354b569b64ca0b03586396.e3iSbxaKaheRe3eRa38MahaQbi1ynknvrkLOlQzNp65In0 HTTP/1.1" 200 2
172.22.2.4 - - [01/Dec/2023:01:32:42 -0500] "HEAD /BLA/boletinlegal/ HTTP/1.1" 200 -
201.245.192.253 - - [01/Dec/2023:01:34:48 -0500] "POST /forms/lservlet;jsessionid=ac16012b30d64ec0b0a9f85d4cd0acdf8f65235348eb.e3iSbxaKaheRe3eRa38MahaQbi1ynknvrkLOlQzNp65In0 HTTP/1.1" 200 2
201.245.192.253 - - [01/Dec/2023:01:35:09 -0500] "POST /kwsrmcab/Wsrmcab  HTTP/1.1" 503 1020
172.22.2.4 - - [01/Dec/2023:01:33:33 -0500] "GET /BLA/boletinlegal/ HTTP/1.1" 200 61018
201.245.192.253 - - [01/Dec/2023:01:35:20 -0500] "POST /forms/lservlet;jsessionid=ac16012b30d66bd79d5a81354b569b64ca0b03586396.e3iSbxaKaheRe3eRa38MahaQbi1ynknvrkLOlQzNp65In0 HTTP/1.1" 200 2
201.245.192.253 - - [01/Dec/2023:01:36:07 -0500] "POST /kwsrmcab/Wsrmcab HTTP/1.1" 503 1020
201.245.192.253 - - [01/Dec/2023:01:36:07 -0500] "POST /kwsrmcab/Wsrmcab HTTP/1.1" 503 1020
201.245.192.253 - - [01/Dec/2023:01:36:09 -0500] "POST /kwsrmcab/Wsrmcab  HTTP/1.1" 503 1020
201.245.192.253 - - [01/Dec/2023:01:36:48 -0500] "POST /forms/lservlet;jsessionid=ac16012b30d64ec0b0a9f85d4cd0acdf8f65235348eb.e3iSbxaKaheRe3eRa38MahaQbi1ynknvrkLOlQzNp65In0 HTTP/1.1" 200 2
201.245.192.253 - - [01/Dec/2023:01:37:07 -0500] "POST /kwsrmcab/Wsrmcab  HTTP/1.1" 200 41956
201.245.192.253 - - [01/Dec/2023:01:37:20 -0500] "POST /forms/lservlet;jsessionid=ac16012b30d66bd79d5a81354b569b64ca0b03586396.e3iSbxaKaheRe3eRa38MahaQbi1ynknvrkLOlQzNp65In0 HTTP/1.1" 200 2
216.245.221.92 - - [01/Dec/2023:01:37:22 -0500] "HEAD / HTTP/1.1" 200 -
201.245.192.253 - - [01/Dec/2023:01:38:09 -0500] "POST /kwsrmcab/Wsrmcab  HTTP/1.1" 200 41956
201.245.192.253 - - [01/Dec/2023:01:38:48 -0500] "POST /forms/lservlet;jsessionid=ac16012b30d64ec0b0a9f85d4cd0acdf8f65235348eb.e3iSbxaKaheRe3eRa38MahaQbi1ynknvrkLOlQzNp65In0 HTTP/1.1" 200 2
201.245.192.253 - - [01/Dec/2023:01:39:20 -0500] "POST /forms/lservlet;jsessionid=ac16012b30d66bd79d5a81354b569b64ca0b03586396.e3iSbxaKaheRe3eRa38MahaQbi1ynknvrkLOlQzNp65In0 HTTP/1.1" 200 2
201.245.192.253 - - [01/Dec/2023:01:39:44 -0500] "POST /kwsrmcab/Wsrmcab HTTP/1.1" 200 40377
172.22.2.4 - - [01/Dec/2023:01:38:32 -0500] "HEAD /BLA/boletinlegal/ HTTP/1.1" 200 -
201.245.192.253 - - [01/Dec/2023:01:40:48 -0500] "POST /forms/lservlet;jsessionid=ac16012b30d64ec0b0a9f85d4cd0acdf8f65235348eb.e3iSbxaKaheRe3eRa38MahaQbi1ynknvrkLOlQzNp65In0 HTTP/1.1" 200 2
172.22.2.4 - - [01/Dec/2023:01:39:23 -0500] "GET /BLA/boletinlegal/ HTTP/1.1" 200 60634
201.245.192.253 - - [01/Dec/2023:01:41:20 -0500] "POST /forms/lservlet;jsessionid=ac16012b30d66bd79d5a81354b569b64ca0b03586396.e3iSbxaKaheRe3eRa38MahaQbi1ynknvrkLOlQzNp65In0 HTTP/1.1" 200 2
216.245.221.92 - - [01/Dec/2023:01:42:22 -0500] "HEAD / HTTP/1.1" 200 -
201.245.192.253 - - [01/Dec/2023:01:42:24 -0500] "POST /kwsrmcab/Wsrmcab HTTP/1.1" 200 38972
201.245.192.253 - - [01/Dec/2023:01:42:48 -0500] "POST /forms/lservlet;jsessionid=ac16012b30d64ec0b0a9f85d4cd0acdf8f65235348eb.e3iSbxaKaheRe3eRa38MahaQbi1ynknvrkLOlQzNp65In0 HTTP/1.1" 200 2
40.77.167.255 - - [01/Dec/2023:01:43:10 -0500] "GET /BLA/resoluciones/AUTOS%202014/0137.pdf HTTP/1.1" 200 542401
201.245.192.253 - - [01/Dec/2023:01:43:08 -0500] "POST /kwsrmcab/Wsrmcab  HTTP/1.1" 200 41956
201.245.192.253 - - [01/Dec/2023:01:43:20 -0500] "POST /forms/lservlet;jsessionid=ac16012b30d66bd79d5a81354b569b64ca0b03586396.e3iSbxaKaheRe3eRa38MahaQbi1ynknvrkLOlQzNp65In0 HTTP/1.1" 200 2
201.245.192.253 - - [01/Dec/2023:01:44:48 -0500] "POST /forms/lservlet;jsessionid=ac16012b30d64ec0b0a9f85d4cd0acdf8f65235348eb.e3iSbxaKaheRe3eRa38MahaQbi1ynknvrkLOlQzNp65In0 HTTP/1.1" 200 2
201.245.192.253 - - [01/Dec/2023:01:45:20 -0500] "POST /forms/lservlet;jsessionid=ac16012b30d66bd79d5a81354b569b64ca0b03586396.e3iSbxaKaheRe3eRa38MahaQbi1ynknvrkLOlQzNp65In0 HTTP/1.1" 200 2
172.22.2.4 - - [01/Dec/2023:01:44:22 -0500] "HEAD /BLA/boletinlegal/ HTTP/1.1" 200 -
201.245.192.253 - - [01/Dec/2023:01:46:48 -0500] "POST /forms/lservlet;jsessionid=ac16012b30d64ec0b0a9f85d4cd0acdf8f65235348eb.e3iSbxaKaheRe3eRa38MahaQbi1ynknvrkLOlQzNp65In0 HTTP/1.1" 200 2
172.22.2.4 - - [01/Dec/2023:01:45:13 -0500] "GET /BLA/boletinlegal/ HTTP/1.1" 200 52827
201.245.192.253 - - [01/Dec/2023:01:47:20 -0500] "POST /forms/lservlet;jsessionid=ac16012b30d66bd79d5a81354b569b64ca0b03586396.e3iSbxaKaheRe3eRa38MahaQbi1ynknvrkLOlQzNp65In0 HTTP/1.1" 200 2
216.245.221.92 - - [01/Dec/2023:01:47:22 -0500] "HEAD / HTTP/1.1" 200 -
201.245.192.253 - - [01/Dec/2023:01:48:06 -0500] "POST /kwsrmcab/Wsrmcab  HTTP/1.1" 200 41956
201.245.192.253 - - [01/Dec/2023:01:48:48 -0500] "POST /forms/lservlet;jsessionid=ac16012b30d64ec0b0a9f85d4cd0acdf8f65235348eb.e3iSbxaKaheRe3eRa38MahaQbi1ynknvrkLOlQzNp65In0 HTTP/1.1" 200 2
186.28.220.214 - - [01/Dec/2023:01:49:16 -0500] "GET /BLA/resoluciones/index.php?dir= HTTP/1.1" 200 13696
186.28.220.214 - - [01/Dec/2023:01:49:19 -0500] "GET /BLA/resoluciones/index.php?dir=AUTOS+2022%2F HTTP/1.1" 200 508789
201.245.192.253 - - [01/Dec/2023:01:49:20 -0500] "POST /forms/lservlet;jsessionid=ac16012b30d66bd79d5a81354b569b64ca0b03586396.e3iSbxaKaheRe3eRa38MahaQbi1ynknvrkLOlQzNp65In0 HTTP/1.1" 200 2
201.245.192.253 - - [01/Dec/2023:01:50:48 -0500] "POST /forms/lservlet;jsessionid=ac16012b30d64ec0b0a9f85d4cd0acdf8f65235348eb.e3iSbxaKaheRe3eRa38MahaQbi1ynknvrkLOlQzNp65In0 HTTP/1.1" 200 2
201.245.192.253 - - [01/Dec/2023:01:51:20 -0500] "POST /forms/lservlet;jsessionid=ac16012b30d66bd79d5a81354b569b64ca0b03586396.e3iSbxaKaheRe3eRa38MahaQbi1ynknvrkLOlQzNp65In0 HTTP/1.1" 200 2
172.22.2.4 - - [01/Dec/2023:01:50:12 -0500] "HEAD /BLA/boletinlegal/ HTTP/1.1" 200 -
216.245.221.92 - - [01/Dec/2023:01:52:22 -0500] "HEAD / HTTP/1.1" 200 -
186.28.220.214 - - [01/Dec/2023:01:52:22 -0500] "GET /BLA/resoluciones/index.php?dir=AUTOS+2023%2F HTTP/1.1" 200 430456
172.22.2.4 - - [01/Dec/2023:01:51:03 -0500] "GET /BLA/boletinlegal/ HTTP/1.1" 200 52827
201.245.192.253 - - [01/Dec/2023:01:52:48 -0500] "POST /forms/lservlet;jsessionid=ac16012b30d64ec0b0a9f85d4cd0acdf8f65235348eb.e3iSbxaKaheRe3eRa38MahaQbi1ynknvrkLOlQzNp65In0 HTTP/1.1" 200 2
201.245.192.253 - - [01/Dec/2023:01:53:05 -0500] "POST /kwsrmcab/Wsrmcab  HTTP/1.1" 200 41956
201.245.192.253 - - [01/Dec/2023:01:53:20 -0500] "POST /forms/lservlet;jsessionid=ac16012b30d66bd79d5a81354b569b64ca0b03586396.e3iSbxaKaheRe3eRa38MahaQbi1ynknvrkLOlQzNp65In0 HTTP/1.1" 200 2
34.140.248.32 - - [01/Dec/2023:01:54:14 -0500] "GET / HTTP/1.1" 200 319
