172.22.2.4 - - [02/Dec/2023:22:06:12 -0500] "GET /BLA/boletinlegal/ HTTP/1.1" 200 58644
216.245.221.92 - - [02/Dec/2023:22:08:16 -0500] "HEAD / HTTP/1.1" 200 -
201.245.192.253 - - [02/Dec/2023:22:08:21 -0500] "POST /forms/lservlet;jsessionid=ac16012b30d64ec0b0a9f85d4cd0acdf8f65235348eb.e3iSbxaKaheRe3eRa38MahaQbi1ynknvrkLOlQzNp65In0 HTTP/1.1" 200 2
201.245.192.253 - - [02/Dec/2023:22:08:38 -0500] "POST /forms/lservlet;jsessionid=ac16012b30d66bd79d5a81354b569b64ca0b03586396.e3iSbxaKaheRe3eRa38MahaQbi1ynknvrkLOlQzNp65In0 HTTP/1.1" 200 2
20.120.74.197 - - [02/Dec/2023:22:08:40 -0500] "GET /robots.txt HTTP/1.1" 404 1018
20.120.74.197 - - [02/Dec/2023:22:08:44 -0500] "HEAD /galeria/galeria/fancybox_sprite@2x.png HTTP/1.1" 200 -
201.245.192.253 - - [02/Dec/2023:22:08:59 -0500] "POST /kwsrmcab/Wsrmcab  HTTP/1.1" 200 41956
173.252.87.12 - - [02/Dec/2023:22:09:57 -0500] "GET /images/caminos-cerros-orientales-7-abril.jpg HTTP/1.1" 200 80138
201.245.192.253 - - [02/Dec/2023:22:10:21 -0500] "POST /forms/lservlet;jsessionid=ac16012b30d64ec0b0a9f85d4cd0acdf8f65235348eb.e3iSbxaKaheRe3eRa38MahaQbi1ynknvrkLOlQzNp65In0 HTTP/1.1" 200 2
201.245.192.253 - - [02/Dec/2023:22:10:38 -0500] "POST /forms/lservlet;jsessionid=ac16012b30d66bd79d5a81354b569b64ca0b03586396.e3iSbxaKaheRe3eRa38MahaQbi1ynknvrkLOlQzNp65In0 HTTP/1.1" 200 2
69.171.249.9 - - [02/Dec/2023:22:10:55 -0500] "GET /images/simulacro.jpg HTTP/1.1" 200 70588
40.77.167.76 - - [02/Dec/2023:22:11:45 -0500] "GET /BLA/resoluciones/AUTOS%202017/3169.pdf HTTP/1.1" 200 289421
207.46.13.153 - - [02/Dec/2023:22:12:14 -0500] "GET /BLA/resoluciones/RESOLUCIONES%202021/4017.pdf HTTP/1.1" 200 350869
201.245.192.253 - - [02/Dec/2023:22:12:21 -0500] "POST /forms/lservlet;jsessionid=ac16012b30d64ec0b0a9f85d4cd0acdf8f65235348eb.e3iSbxaKaheRe3eRa38MahaQbi1ynknvrkLOlQzNp65In0 HTTP/1.1" 200 2
201.245.192.253 - - [02/Dec/2023:22:12:38 -0500] "POST /forms/lservlet;jsessionid=ac16012b30d66bd79d5a81354b569b64ca0b03586396.e3iSbxaKaheRe3eRa38MahaQbi1ynknvrkLOlQzNp65In0 HTTP/1.1" 200 2
172.22.2.4 - - [02/Dec/2023:22:11:11 -0500] "HEAD /BLA/boletinlegal/ HTTP/1.1" 200 -
216.245.221.92 - - [02/Dec/2023:22:13:16 -0500] "HEAD / HTTP/1.1" 200 -
172.22.2.4 - - [02/Dec/2023:22:12:02 -0500] "GET /BLA/boletinlegal/ HTTP/1.1" 200 58644
201.245.192.253 - - [02/Dec/2023:22:13:58 -0500] "POST /kwsrmcab/Wsrmcab  HTTP/1.1" 200 41956
201.245.192.253 - - [02/Dec/2023:22:14:21 -0500] "POST /forms/lservlet;jsessionid=ac16012b30d64ec0b0a9f85d4cd0acdf8f65235348eb.e3iSbxaKaheRe3eRa38MahaQbi1ynknvrkLOlQzNp65In0 HTTP/1.1" 200 2
201.245.192.253 - - [02/Dec/2023:22:14:38 -0500] "POST /forms/lservlet;jsessionid=ac16012b30d66bd79d5a81354b569b64ca0b03586396.e3iSbxaKaheRe3eRa38MahaQbi1ynknvrkLOlQzNp65In0 HTTP/1.1" 200 2
40.77.167.254 - - [02/Dec/2023:22:14:46 -0500] "GET /BLA/resoluciones/RESOLUCIONES%202023/1222.pdf HTTP/1.1" 200 446159
154.216.205.85 - - [02/Dec/2023:22:15:44 -0500] "GET /conoce-el-proyecto-de-resolucion-para-la-formulacion-del-plan-institucional-de-gestion-ambiental-piga.html HTTP/1.1" 200 749
119.12.204.96 - - [02/Dec/2023:22:15:44 -0500] "GET /conoce-el-proyecto-de-resolucion-para-la-formulacion-del-plan-institucional-de-gestion-ambiental-piga.html HTTP/1.1" 200 749
17.241.219.197 - - [02/Dec/2023:22:16:16 -0500] "GET /proximo-4-de-octubre-simulacro-distrital-de-evacuacion-dia-y-noche.html HTTP/1.1" 200 783
201.245.192.253 - - [02/Dec/2023:22:16:21 -0500] "POST /forms/lservlet;jsessionid=ac16012b30d64ec0b0a9f85d4cd0acdf8f65235348eb.e3iSbxaKaheRe3eRa38MahaQbi1ynknvrkLOlQzNp65In0 HTTP/1.1" 200 2
201.245.192.253 - - [02/Dec/2023:22:16:38 -0500] "POST /forms/lservlet;jsessionid=ac16012b30d66bd79d5a81354b569b64ca0b03586396.e3iSbxaKaheRe3eRa38MahaQbi1ynknvrkLOlQzNp65In0 HTTP/1.1" 200 2
201.245.192.253 - - [02/Dec/2023:22:16:58 -0500] "POST /kwsrmcab/Wsrmcab HTTP/1.1" 200 41269
201.245.192.253 - - [02/Dec/2023:22:17:02 -0500] "POST /kwsrmcab/Wsrmcab HTTP/1.1" 200 36783
173.252.127.117 - - [02/Dec/2023:22:17:34 -0500] "GET /distrito-celebro-el-cumpleanos-del-parque-ecologico-distrital-de-montana-entrenubes.html?fbclid=IwAR3EAVDTtDQ9YtFXa0QGoplRbLSxd_rl2EuPL1e7bYkoIY2qOglaFnabCuk HTTP/1.1" 200 829
216.245.221.92 - - [02/Dec/2023:22:18:16 -0500] "HEAD / HTTP/1.1" 200 -
201.245.192.253 - - [02/Dec/2023:22:18:21 -0500] "POST /forms/lservlet;jsessionid=ac16012b30d64ec0b0a9f85d4cd0acdf8f65235348eb.e3iSbxaKaheRe3eRa38MahaQbi1ynknvrkLOlQzNp65In0 HTTP/1.1" 200 2
201.245.192.253 - - [02/Dec/2023:22:18:38 -0500] "POST /forms/lservlet;jsessionid=ac16012b30d66bd79d5a81354b569b64ca0b03586396.e3iSbxaKaheRe3eRa38MahaQbi1ynknvrkLOlQzNp65In0 HTTP/1.1" 200 2
172.22.2.4 - - [02/Dec/2023:22:17:01 -0500] "HEAD /BLA/boletinlegal/ HTTP/1.1" 200 -
201.245.192.253 - - [02/Dec/2023:22:18:57 -0500] "POST /kwsrmcab/Wsrmcab  HTTP/1.1" 200 41956
40.88.21.235 - - [02/Dec/2023:22:19:25 -0500] "GET / HTTP/1.1" 200 319
40.88.21.235 - - [02/Dec/2023:22:19:25 -0500] "GET /favicon.ico HTTP/1.1" 200 7782
172.22.2.4 - - [02/Dec/2023:22:17:52 -0500] "GET /BLA/boletinlegal/ HTTP/1.1" 200 58644
201.245.192.253 - - [02/Dec/2023:22:20:21 -0500] "POST /forms/lservlet;jsessionid=ac16012b30d64ec0b0a9f85d4cd0acdf8f65235348eb.e3iSbxaKaheRe3eRa38MahaQbi1ynknvrkLOlQzNp65In0 HTTP/1.1" 200 2
201.245.192.253 - - [02/Dec/2023:22:20:38 -0500] "POST /forms/lservlet;jsessionid=ac16012b30d66bd79d5a81354b569b64ca0b03586396.e3iSbxaKaheRe3eRa38MahaQbi1ynknvrkLOlQzNp65In0 HTTP/1.1" 200 2
201.245.192.253 - - [02/Dec/2023:22:20:38 -0500] "POST /kwsrmcab/Wsrmcab HTTP/1.1" 200 41269
201.245.192.253 - - [02/Dec/2023:22:20:47 -0500] "POST /kwsrmcab/Wsrmcab HTTP/1.1" 200 36783
216.244.66.195 - - [02/Dec/2023:22:21:15 -0500] "GET /robots.txt HTTP/1.1" 404 1018
201.245.192.253 - - [02/Dec/2023:22:22:21 -0500] "POST /forms/lservlet;jsessionid=ac16012b30d64ec0b0a9f85d4cd0acdf8f65235348eb.e3iSbxaKaheRe3eRa38MahaQbi1ynknvrkLOlQzNp65In0 HTTP/1.1" 200 2
201.245.192.253 - - [02/Dec/2023:22:22:38 -0500] "POST /forms/lservlet;jsessionid=ac16012b30d66bd79d5a81354b569b64ca0b03586396.e3iSbxaKaheRe3eRa38MahaQbi1ynknvrkLOlQzNp65In0 HTTP/1.1" 200 2
66.249.65.70 - - [02/Dec/2023:22:23:15 -0500] "GET /portaldeninos/2021/06/20/mas-de-130-arboles-fueron-plantados-en-el-humedal-la-conejera-con-comunidad-educativa/ HTTP/1.1" 200 107808
216.245.221.92 - - [02/Dec/2023:22:23:16 -0500] "HEAD / HTTP/1.1" 200 -
66.249.65.70 - - [02/Dec/2023:22:23:17 -0500] "GET /portaldeninos/wp-includes/js/jquery/jquery-migrate.min.js?ver=1.4.1 HTTP/1.1" 200 10056
66.249.65.70 - - [02/Dec/2023:22:23:18 -0500] "GET /portaldeninos/wp-includes/js/jquery/ui/mouse.min.js?ver=1.11.4 HTTP/1.1" 200 3148
201.245.192.253 - - [02/Dec/2023:22:23:55 -0500] "POST /kwsrmcab/Wsrmcab  HTTP/1.1" 200 41956
201.245.192.253 - - [02/Dec/2023:22:24:21 -0500] "POST /forms/lservlet;jsessionid=ac16012b30d64ec0b0a9f85d4cd0acdf8f65235348eb.e3iSbxaKaheRe3eRa38MahaQbi1ynknvrkLOlQzNp65In0 HTTP/1.1" 200 2
172.22.2.4 - - [02/Dec/2023:22:22:51 -0500] "HEAD /BLA/boletinlegal/ HTTP/1.1" 200 -
201.245.192.253 - - [02/Dec/2023:22:24:38 -0500] "POST /forms/lservlet;jsessionid=ac16012b30d66bd79d5a81354b569b64ca0b03586396.e3iSbxaKaheRe3eRa38MahaQbi1ynknvrkLOlQzNp65In0 HTTP/1.1" 200 2
173.252.79.10 - - [02/Dec/2023:22:24:55 -0500] "GET /images/reunion-planta-termovalorizacion-11-mayo.jpg HTTP/1.1" 200 34782
172.22.2.4 - - [02/Dec/2023:22:23:42 -0500] "GET /BLA/boletinlegal/ HTTP/1.1" 200 58294
201.245.192.253 - - [02/Dec/2023:22:26:21 -0500] "POST /forms/lservlet;jsessionid=ac16012b30d64ec0b0a9f85d4cd0acdf8f65235348eb.e3iSbxaKaheRe3eRa38MahaQbi1ynknvrkLOlQzNp65In0 HTTP/1.1" 200 2
201.245.192.253 - - [02/Dec/2023:22:26:38 -0500] "POST /forms/lservlet;jsessionid=ac16012b30d66bd79d5a81354b569b64ca0b03586396.e3iSbxaKaheRe3eRa38MahaQbi1ynknvrkLOlQzNp65In0 HTTP/1.1" 200 2
207.46.13.116 - - [02/Dec/2023:22:26:57 -0500] "GET /BLA/resoluciones/AUTOS%202017/3062.pdf HTTP/1.1" 200 288525
201.245.192.253 - - [02/Dec/2023:22:26:59 -0500] "POST /kwsrmcab/Wsrmcab HTTP/1.1" 200 41269
201.245.192.253 - - [02/Dec/2023:22:27:02 -0500] "POST /kwsrmcab/Wsrmcab HTTP/1.1" 200 36783
216.245.221.92 - - [02/Dec/2023:22:28:16 -0500] "HEAD / HTTP/1.1" 200 -
201.245.192.253 - - [02/Dec/2023:22:28:21 -0500] "POST /forms/lservlet;jsessionid=ac16012b30d64ec0b0a9f85d4cd0acdf8f65235348eb.e3iSbxaKaheRe3eRa38MahaQbi1ynknvrkLOlQzNp65In0 HTTP/1.1" 200 2
201.245.192.253 - - [02/Dec/2023:22:28:38 -0500] "POST /forms/lservlet;jsessionid=ac16012b30d66bd79d5a81354b569b64ca0b03586396.e3iSbxaKaheRe3eRa38MahaQbi1ynknvrkLOlQzNp65In0 HTTP/1.1" 200 2
18.117.74.241 - - [02/Dec/2023:22:28:52 -0500] "GET /ai.txt?t=1701565470.305674 HTTP/1.1" 404 1018
18.117.74.241 - - [02/Dec/2023:22:28:52 -0500] "GET /.well-known/ai.txt?t=1701565470.305674 HTTP/1.1" 404 1018
201.245.192.253 - - [02/Dec/2023:22:28:53 -0500] "POST /kwsrmcab/Wsrmcab  HTTP/1.1" 200 41956
201.245.192.253 - - [02/Dec/2023:22:30:21 -0500] "POST /forms/lservlet;jsessionid=ac16012b30d64ec0b0a9f85d4cd0acdf8f65235348eb.e3iSbxaKaheRe3eRa38MahaQbi1ynknvrkLOlQzNp65In0 HTTP/1.1" 200 2
172.22.2.4 - - [02/Dec/2023:22:28:41 -0500] "HEAD /BLA/boletinlegal/ HTTP/1.1" 200 -
201.245.192.253 - - [02/Dec/2023:22:30:38 -0500] "POST /forms/lservlet;jsessionid=ac16012b30d66bd79d5a81354b569b64ca0b03586396.e3iSbxaKaheRe3eRa38MahaQbi1ynknvrkLOlQzNp65In0 HTTP/1.1" 200 2
201.245.192.253 - - [02/Dec/2023:22:30:38 -0500] "POST /kwsrmcab/Wsrmcab HTTP/1.1" 200 41269
201.245.192.253 - - [02/Dec/2023:22:30:48 -0500] "POST /kwsrmcab/Wsrmcab HTTP/1.1" 200 36783
172.22.2.4 - - [02/Dec/2023:22:29:32 -0500] "GET /BLA/boletinlegal/ HTTP/1.1" 200 58294
201.245.192.253 - - [02/Dec/2023:22:32:21 -0500] "POST /forms/lservlet;jsessionid=ac16012b30d64ec0b0a9f85d4cd0acdf8f65235348eb.e3iSbxaKaheRe3eRa38MahaQbi1ynknvrkLOlQzNp65In0 HTTP/1.1" 200 2
201.245.192.253 - - [02/Dec/2023:22:32:38 -0500] "POST /forms/lservlet;jsessionid=ac16012b30d66bd79d5a81354b569b64ca0b03586396.e3iSbxaKaheRe3eRa38MahaQbi1ynknvrkLOlQzNp65In0 HTTP/1.1" 200 2
216.245.221.92 - - [02/Dec/2023:22:33:16 -0500] "HEAD / HTTP/1.1" 200 -
201.245.192.253 - - [02/Dec/2023:22:33:52 -0500] "POST /kwsrmcab/Wsrmcab  HTTP/1.1" 200 41956
66.249.66.20 - - [02/Dec/2023:22:34:04 -0500] "GET /robots.txt HTTP/1.1" 404 1018
66.249.66.20 - - [02/Dec/2023:22:34:04 -0500] "GET /Publicaciones/2023EE278655.pdf HTTP/1.1" 200 231844
201.245.192.253 - - [02/Dec/2023:22:34:21 -0500] "POST /forms/lservlet;jsessionid=ac16012b30d64ec0b0a9f85d4cd0acdf8f65235348eb.e3iSbxaKaheRe3eRa38MahaQbi1ynknvrkLOlQzNp65In0 HTTP/1.1" 200 2
201.245.192.253 - - [02/Dec/2023:22:34:38 -0500] "POST /forms/lservlet;jsessionid=ac16012b30d66bd79d5a81354b569b64ca0b03586396.e3iSbxaKaheRe3eRa38MahaQbi1ynknvrkLOlQzNp65In0 HTTP/1.1" 200 2
172.22.2.4 - - [02/Dec/2023:22:34:14 -0500] "GET /BLA/boletinlegal/ HTTP/1.1" 200 52214
172.22.2.4 - - [02/Dec/2023:22:34:31 -0500] "HEAD /BLA/boletinlegal/ HTTP/1.1" 200 -
201.245.192.253 - - [02/Dec/2023:22:36:21 -0500] "POST /forms/lservlet;jsessionid=ac16012b30d64ec0b0a9f85d4cd0acdf8f65235348eb.e3iSbxaKaheRe3eRa38MahaQbi1ynknvrkLOlQzNp65In0 HTTP/1.1" 200 2
31.13.103.9 - - [02/Dec/2023:22:36:27 -0500] "GET /distrito-celebro-el-cumpleanos-del-parque-ecologico-distrital-de-montana-entrenubes.html HTTP/1.1" 200 829
201.245.192.253 - - [02/Dec/2023:22:36:38 -0500] "POST /forms/lservlet;jsessionid=ac16012b30d66bd79d5a81354b569b64ca0b03586396.e3iSbxaKaheRe3eRa38MahaQbi1ynknvrkLOlQzNp65In0 HTTP/1.1" 200 2
201.245.192.253 - - [02/Dec/2023:22:36:58 -0500] "POST /kwsrmcab/Wsrmcab HTTP/1.1" 200 41269
172.22.2.4 - - [02/Dec/2023:22:35:22 -0500] "GET /BLA/boletinlegal/ HTTP/1.1" 200 55399
201.245.192.253 - - [02/Dec/2023:22:37:02 -0500] "POST /kwsrmcab/Wsrmcab HTTP/1.1" 200 36783
172.22.2.4 - - [02/Dec/2023:22:38:15 -0500] "GET /BLA/boletinlegal/Circulares/2019/.pdf HTTP/1.1" 404 1218
216.245.221.92 - - [02/Dec/2023:22:38:16 -0500] "HEAD / HTTP/1.1" 200 -
201.245.192.253 - - [02/Dec/2023:22:38:21 -0500] "POST /forms/lservlet;jsessionid=ac16012b30d64ec0b0a9f85d4cd0acdf8f65235348eb.e3iSbxaKaheRe3eRa38MahaQbi1ynknvrkLOlQzNp65In0 HTTP/1.1" 200 2
201.245.192.253 - - [02/Dec/2023:22:38:38 -0500] "POST /forms/lservlet;jsessionid=ac16012b30d66bd79d5a81354b569b64ca0b03586396.e3iSbxaKaheRe3eRa38MahaQbi1ynknvrkLOlQzNp65In0 HTTP/1.1" 200 2
201.245.192.253 - - [02/Dec/2023:22:38:50 -0500] "POST /kwsrmcab/Wsrmcab  HTTP/1.1" 200 41956
162.55.175.24 - - [02/Dec/2023:22:40:05 -0500] "GET / HTTP/1.1" 200 319
162.55.175.24 - - [02/Dec/2023:22:40:09 -0500] "GET / HTTP/1.1" 200 4720
201.245.192.253 - - [02/Dec/2023:22:40:21 -0500] "POST /forms/lservlet;jsessionid=ac16012b30d64ec0b0a9f85d4cd0acdf8f65235348eb.e3iSbxaKaheRe3eRa38MahaQbi1ynknvrkLOlQzNp65In0 HTTP/1.1" 200 2
201.245.192.253 - - [02/Dec/2023:22:40:38 -0500] "POST /forms/lservlet;jsessionid=ac16012b30d66bd79d5a81354b569b64ca0b03586396.e3iSbxaKaheRe3eRa38MahaQbi1ynknvrkLOlQzNp65In0 HTTP/1.1" 200 2
201.245.192.253 - - [02/Dec/2023:22:40:37 -0500] "POST /kwsrmcab/Wsrmcab HTTP/1.1" 200 41269
66.249.66.20 - - [02/Dec/2023:22:40:48 -0500] "GET /BLA/resoluciones/RESOLUCIONES%202009/4239.pdf HTTP/1.1" 200 412022
201.245.192.253 - - [02/Dec/2023:22:40:46 -0500] "POST /kwsrmcab/Wsrmcab HTTP/1.1" 200 36783
66.249.66.20 - - [02/Dec/2023:22:40:49 -0500] "GET /BLA/resoluciones/Notificaciones/RESOLUCIONES%202021/3475.pdf HTTP/1.1" 200 458432
66.249.66.20 - - [02/Dec/2023:22:41:01 -0500] "GET /BLA/resoluciones/RESOLUCIONES%202009/6970.pdf HTTP/1.1" 200 756900
172.22.2.4 - - [02/Dec/2023:22:40:21 -0500] "HEAD /BLA/boletinlegal/ HTTP/1.1" 200 -
201.245.192.253 - - [02/Dec/2023:22:42:21 -0500] "POST /forms/lservlet;jsessionid=ac16012b30d64ec0b0a9f85d4cd0acdf8f65235348eb.e3iSbxaKaheRe3eRa38MahaQbi1ynknvrkLOlQzNp65In0 HTTP/1.1" 200 2
201.245.192.253 - - [02/Dec/2023:22:42:38 -0500] "POST /forms/lservlet;jsessionid=ac16012b30d66bd79d5a81354b569b64ca0b03586396.e3iSbxaKaheRe3eRa38MahaQbi1ynknvrkLOlQzNp65In0 HTTP/1.1" 200 2
216.244.66.195 - - [02/Dec/2023:22:42:50 -0500] "GET /BLA/resoluciones/AUTOS%202014/1359.pdf HTTP/1.1" 200 657703
172.22.2.4 - - [02/Dec/2023:22:41:12 -0500] "GET /BLA/boletinlegal/ HTTP/1.1" 200 58644
216.245.221.92 - - [02/Dec/2023:22:43:16 -0500] "HEAD / HTTP/1.1" 200 -
216.244.66.195 - - [02/Dec/2023:22:43:31 -0500] "GET /BLA/resoluciones/RESOLUCIONES%202011/1772.pdf HTTP/1.1" 200 425466
201.245.192.253 - - [02/Dec/2023:22:43:49 -0500] "POST /kwsrmcab/Wsrmcab  HTTP/1.1" 200 41956
201.245.192.253 - - [02/Dec/2023:22:44:21 -0500] "POST /forms/lservlet;jsessionid=ac16012b30d64ec0b0a9f85d4cd0acdf8f65235348eb.e3iSbxaKaheRe3eRa38MahaQbi1ynknvrkLOlQzNp65In0 HTTP/1.1" 200 2
201.245.192.253 - - [02/Dec/2023:22:44:38 -0500] "POST /forms/lservlet;jsessionid=ac16012b30d66bd79d5a81354b569b64ca0b03586396.e3iSbxaKaheRe3eRa38MahaQbi1ynknvrkLOlQzNp65In0 HTTP/1.1" 200 2
201.245.192.253 - - [02/Dec/2023:22:46:21 -0500] "POST /forms/lservlet;jsessionid=ac16012b30d64ec0b0a9f85d4cd0acdf8f65235348eb.e3iSbxaKaheRe3eRa38MahaQbi1ynknvrkLOlQzNp65In0 HTTP/1.1" 200 2
201.245.192.253 - - [02/Dec/2023:22:46:38 -0500] "POST /forms/lservlet;jsessionid=ac16012b30d66bd79d5a81354b569b64ca0b03586396.e3iSbxaKaheRe3eRa38MahaQbi1ynknvrkLOlQzNp65In0 HTTP/1.1" 200 2
66.249.66.21 - - [02/Dec/2023:22:47:03 -0500] "GET /BLA/resoluciones/Notificaciones/AUTOS%202022/6517.pdf HTTP/1.1" 200 434613
66.249.66.19 - - [02/Dec/2023:22:47:19 -0500] "GET /BLA/resoluciones/RESOLUCIONES%202008/2955.pdf HTTP/1.1" 200 271184
66.249.66.19 - - [02/Dec/2023:22:47:28 -0500] "GET /BLA/resoluciones/RESOLUCIONES%202012/0415.pdf HTTP/1.1" 200 422093
172.22.2.4 - - [02/Dec/2023:22:46:11 -0500] "HEAD /BLA/boletinlegal/ HTTP/1.1" 200 -
216.245.221.92 - - [02/Dec/2023:22:48:16 -0500] "HEAD / HTTP/1.1" 200 -
201.245.192.253 - - [02/Dec/2023:22:48:21 -0500] "POST /forms/lservlet;jsessionid=ac16012b30d64ec0b0a9f85d4cd0acdf8f65235348eb.e3iSbxaKaheRe3eRa38MahaQbi1ynknvrkLOlQzNp65In0 HTTP/1.1" 200 2
201.245.192.253 - - [02/Dec/2023:22:48:38 -0500] "POST /forms/lservlet;jsessionid=ac16012b30d66bd79d5a81354b569b64ca0b03586396.e3iSbxaKaheRe3eRa38MahaQbi1ynknvrkLOlQzNp65In0 HTTP/1.1" 200 2
172.22.2.4 - - [02/Dec/2023:22:47:02 -0500] "GET /BLA/boletinlegal/ HTTP/1.1" 200 61018
201.245.192.253 - - [02/Dec/2023:22:48:49 -0500] "POST /kwsrmcab/Wsrmcab  HTTP/1.1" 200 41956
157.55.39.200 - - [02/Dec/2023:22:50:08 -0500] "GET /BLA/resoluciones/AUTOS%202013/1218.pdf HTTP/1.1" 200 190192
201.245.192.253 - - [02/Dec/2023:22:50:21 -0500] "POST /forms/lservlet;jsessionid=ac16012b30d64ec0b0a9f85d4cd0acdf8f65235348eb.e3iSbxaKaheRe3eRa38MahaQbi1ynknvrkLOlQzNp65In0 HTTP/1.1" 200 2
201.245.192.253 - - [02/Dec/2023:22:50:38 -0500] "POST /forms/lservlet;jsessionid=ac16012b30d66bd79d5a81354b569b64ca0b03586396.e3iSbxaKaheRe3eRa38MahaQbi1ynknvrkLOlQzNp65In0 HTTP/1.1" 200 2
157.55.39.200 - - [02/Dec/2023:22:50:50 -0500] "GET /BLA/resoluciones/AUTOS%202021/3786.pdf HTTP/1.1" 304 -
66.249.66.19 - - [02/Dec/2023:22:51:58 -0500] "GET /BLA/resoluciones/AUTOS%202015/0804.pdf HTTP/1.1" 200 513218
66.249.66.19 - - [02/Dec/2023:22:52:13 -0500] "GET /BLA/resoluciones/RESOLUCIONES%202010/4055.pdf HTTP/1.1" 200 490101
201.245.192.253 - - [02/Dec/2023:22:52:21 -0500] "POST /forms/lservlet;jsessionid=ac16012b30d64ec0b0a9f85d4cd0acdf8f65235348eb.e3iSbxaKaheRe3eRa38MahaQbi1ynknvrkLOlQzNp65In0 HTTP/1.1" 200 2
201.245.192.253 - - [02/Dec/2023:22:52:38 -0500] "POST /forms/lservlet;jsessionid=ac16012b30d66bd79d5a81354b569b64ca0b03586396.e3iSbxaKaheRe3eRa38MahaQbi1ynknvrkLOlQzNp65In0 HTTP/1.1" 200 2
216.245.221.92 - - [02/Dec/2023:22:53:16 -0500] "HEAD / HTTP/1.1" 200 -
172.22.2.4 - - [02/Dec/2023:22:52:01 -0500] "HEAD /BLA/boletinlegal/ HTTP/1.1" 200 -
201.245.192.253 - - [02/Dec/2023:22:53:46 -0500] "POST /kwsrmcab/Wsrmcab  HTTP/1.1" 200 41956
201.245.192.253 - - [02/Dec/2023:22:54:21 -0500] "POST /forms/lservlet;jsessionid=ac16012b30d64ec0b0a9f85d4cd0acdf8f65235348eb.e3iSbxaKaheRe3eRa38MahaQbi1ynknvrkLOlQzNp65In0 HTTP/1.1" 200 2
172.22.2.4 - - [02/Dec/2023:22:53:49 -0500] "GET /BLA/boletinlegal/ HTTP/1.1" 200 24523
172.22.2.4 - - [02/Dec/2023:22:52:52 -0500] "GET /BLA/boletinlegal/ HTTP/1.1" 200 56997
201.245.192.253 - - [02/Dec/2023:22:54:38 -0500] "POST /forms/lservlet;jsessionid=ac16012b30d66bd79d5a81354b569b64ca0b03586396.e3iSbxaKaheRe3eRa38MahaQbi1ynknvrkLOlQzNp65In0 HTTP/1.1" 200 2
201.245.192.253 - - [02/Dec/2023:22:56:21 -0500] "POST /forms/lservlet;jsessionid=ac16012b30d64ec0b0a9f85d4cd0acdf8f65235348eb.e3iSbxaKaheRe3eRa38MahaQbi1ynknvrkLOlQzNp65In0 HTTP/1.1" 200 2
201.245.192.253 - - [02/Dec/2023:22:56:38 -0500] "POST /forms/lservlet;jsessionid=ac16012b30d66bd79d5a81354b569b64ca0b03586396.e3iSbxaKaheRe3eRa38MahaQbi1ynknvrkLOlQzNp65In0 HTTP/1.1" 200 2
216.245.221.92 - - [02/Dec/2023:22:58:16 -0500] "HEAD / HTTP/1.1" 200 -
201.245.192.253 - - [02/Dec/2023:22:58:21 -0500] "POST /forms/lservlet;jsessionid=ac16012b30d64ec0b0a9f85d4cd0acdf8f65235348eb.e3iSbxaKaheRe3eRa38MahaQbi1ynknvrkLOlQzNp65In0 HTTP/1.1" 200 2
52.167.144.18 - - [02/Dec/2023:22:58:35 -0500] "GET /BLA/resoluciones/Notificaciones/REGISTROS%202020/00851.pdf HTTP/1.1" 200 270108
201.245.192.253 - - [02/Dec/2023:22:58:38 -0500] "POST /forms/lservlet;jsessionid=ac16012b30d66bd79d5a81354b569b64ca0b03586396.e3iSbxaKaheRe3eRa38MahaQbi1ynknvrkLOlQzNp65In0 HTTP/1.1" 200 2
201.245.192.253 - - [02/Dec/2023:22:58:45 -0500] "POST /kwsrmcab/Wsrmcab  HTTP/1.1" 200 41956
172.22.2.4 - - [02/Dec/2023:22:57:51 -0500] "HEAD /BLA/boletinlegal/ HTTP/1.1" 200 -
201.245.192.253 - - [02/Dec/2023:23:00:21 -0500] "POST /forms/lservlet;jsessionid=ac16012b30d64ec0b0a9f85d4cd0acdf8f65235348eb.e3iSbxaKaheRe3eRa38MahaQbi1ynknvrkLOlQzNp65In0 HTTP/1.1" 200 2
172.22.2.4 - - [02/Dec/2023:22:58:42 -0500] "GET /BLA/boletinlegal/ HTTP/1.1" 200 58644
201.245.192.253 - - [02/Dec/2023:23:00:38 -0500] "POST /forms/lservlet;jsessionid=ac16012b30d66bd79d5a81354b569b64ca0b03586396.e3iSbxaKaheRe3eRa38MahaQbi1ynknvrkLOlQzNp65In0 HTTP/1.1" 200 2
201.245.192.253 - - [02/Dec/2023:23:02:21 -0500] "POST /forms/lservlet;jsessionid=ac16012b30d64ec0b0a9f85d4cd0acdf8f65235348eb.e3iSbxaKaheRe3eRa38MahaQbi1ynknvrkLOlQzNp65In0 HTTP/1.1" 200 2
201.245.192.253 - - [02/Dec/2023:23:02:38 -0500] "POST /forms/lservlet;jsessionid=ac16012b30d66bd79d5a81354b569b64ca0b03586396.e3iSbxaKaheRe3eRa38MahaQbi1ynknvrkLOlQzNp65In0 HTTP/1.1" 200 2
216.245.221.92 - - [02/Dec/2023:23:03:16 -0500] "HEAD / HTTP/1.1" 200 -
201.245.192.253 - - [02/Dec/2023:23:03:44 -0500] "POST /kwsrmcab/Wsrmcab  HTTP/1.1" 200 41956
201.245.192.253 - - [02/Dec/2023:23:04:21 -0500] "POST /forms/lservlet;jsessionid=ac16012b30d64ec0b0a9f85d4cd0acdf8f65235348eb.e3iSbxaKaheRe3eRa38MahaQbi1ynknvrkLOlQzNp65In0 HTTP/1.1" 200 2
201.245.192.253 - - [02/Dec/2023:23:04:38 -0500] "POST /forms/lservlet;jsessionid=ac16012b30d66bd79d5a81354b569b64ca0b03586396.e3iSbxaKaheRe3eRa38MahaQbi1ynknvrkLOlQzNp65In0 HTTP/1.1" 200 2
45.33.80.243 - - [02/Dec/2023:23:04:46 -0500] "\x16\x03\x01" 400 226
172.22.2.4 - - [02/Dec/2023:23:03:41 -0500] "HEAD /BLA/boletinlegal/ HTTP/1.1" 200 -
172.22.2.4 - - [02/Dec/2023:23:04:32 -0500] "GET /BLA/boletinlegal/ HTTP/1.1" 200 58294
201.245.192.253 - - [02/Dec/2023:23:06:21 -0500] "POST /forms/lservlet;jsessionid=ac16012b30d64ec0b0a9f85d4cd0acdf8f65235348eb.e3iSbxaKaheRe3eRa38MahaQbi1ynknvrkLOlQzNp65In0 HTTP/1.1" 200 2
201.245.192.253 - - [02/Dec/2023:23:06:38 -0500] "POST /forms/lservlet;jsessionid=ac16012b30d66bd79d5a81354b569b64ca0b03586396.e3iSbxaKaheRe3eRa38MahaQbi1ynknvrkLOlQzNp65In0 HTTP/1.1" 200 2
114.119.130.31 - - [02/Dec/2023:23:07:30 -0500] "GET /BLA/resoluciones/index.php?dir=Notificaciones/RESOLUCIONES%2B2017/&sort=name&order=asc HTTP/1.1" 200 13965
157.55.39.54 - - [02/Dec/2023:23:07:54 -0500] "GET /BLA/resoluciones/RESOLUCIONES%202021/1614.pdf HTTP/1.1" 200 461803
66.249.65.192 - - [02/Dec/2023:23:08:15 -0500] "GET /robots.txt HTTP/1.1" 404 1043
66.249.65.192 - - [02/Dec/2023:23:08:15 -0500] "GET /BLA/boletinlegal/Directivas/2014/Directiva%20No.%205%20del%2026%20de%20Diciembre%20de%202014.pdf HTTP/1.1" 304 -
216.245.221.92 - - [02/Dec/2023:23:08:16 -0500] "HEAD / HTTP/1.1" 200 -
201.245.192.253 - - [02/Dec/2023:23:08:21 -0500] "POST /forms/lservlet;jsessionid=ac16012b30d64ec0b0a9f85d4cd0acdf8f65235348eb.e3iSbxaKaheRe3eRa38MahaQbi1ynknvrkLOlQzNp65In0 HTTP/1.1" 200 2
66.249.66.20 - - [02/Dec/2023:23:08:27 -0500] "GET /BLA/resoluciones/RESOLUCIONES%202013/2785.pdf HTTP/1.1" 200 270995
51.222.253.1 - - [02/Dec/2023:23:08:32 -0500] "GET /catalogoisis/ HTTP/1.1" 200 8575
168.119.68.252 - - [02/Dec/2023:23:08:33 -0500] "GET /catalogoisis/Css/Busqueda.css HTTP/1.1" 200 1995
168.119.68.252 - - [02/Dec/2023:23:08:33 -0500] "GET /catalogoisis/Js/Go.js HTTP/1.1" 200 364
168.119.68.252 - - [02/Dec/2023:23:08:33 -0500] "GET /catalogoisis/Js/Enter.js HTTP/1.1" 200 1208
168.119.68.252 - - [02/Dec/2023:23:08:33 -0500] "GET /catalogoisis/Js/Remote.js HTTP/1.1" 200 436
168.119.68.252 - - [02/Dec/2023:23:08:33 -0500] "GET /catalogoisis/Js/Numero.js HTTP/1.1" 200 398
168.119.68.252 - - [02/Dec/2023:23:08:33 -0500] "GET /catalogoisis/Js/AceptarLimpiar.js HTTP/1.1" 200 331
168.119.68.252 - - [02/Dec/2023:23:08:33 -0500] "GET /catalogoisis/Js/Cookies.js HTTP/1.1" 200 1369
168.119.68.252 - - [02/Dec/2023:23:08:33 -0500] "GET /catalogoisis/Js/CriterioCombinada.js HTTP/1.1" 200 1843
168.119.68.252 - - [02/Dec/2023:23:08:33 -0500] "GET /catalogoisis/Js/LimpiarCombinada.js HTTP/1.1" 200 207
51.222.253.18 - - [02/Dec/2023:23:08:38 -0500] "GET /catalogoisis/Js/Enter.js HTTP/1.1" 200 1208
201.245.192.253 - - [02/Dec/2023:23:08:38 -0500] "POST /forms/lservlet;jsessionid=ac16012b30d66bd79d5a81354b569b64ca0b03586396.e3iSbxaKaheRe3eRa38MahaQbi1ynknvrkLOlQzNp65In0 HTTP/1.1" 200 2
51.222.253.18 - - [02/Dec/2023:23:08:38 -0500] "GET /catalogoisis/Js/Cookies.js HTTP/1.1" 200 1369
51.222.253.4 - - [02/Dec/2023:23:08:39 -0500] "GET /catalogoisis/Js/LimpiarCombinada.js HTTP/1.1" 200 207
51.222.253.2 - - [02/Dec/2023:23:08:39 -0500] "GET /catalogoisis/Js/Go.js HTTP/1.1" 200 364
51.222.253.17 - - [02/Dec/2023:23:08:40 -0500] "GET /catalogoisis/Css/Busqueda.css HTTP/1.1" 200 1995
51.222.253.17 - - [02/Dec/2023:23:08:40 -0500] "GET /catalogoisis/Js/Remote.js HTTP/1.1" 200 436
51.222.253.1 - - [02/Dec/2023:23:08:40 -0500] "GET /catalogoisis/Js/AceptarLimpiar.js HTTP/1.1" 200 331
51.222.253.20 - - [02/Dec/2023:23:08:41 -0500] "GET /catalogoisis/Js/CriterioCombinada.js HTTP/1.1" 200 1843
51.222.253.6 - - [02/Dec/2023:23:08:41 -0500] "GET /catalogoisis/Js/Numero.js HTTP/1.1" 200 398
201.245.192.253 - - [02/Dec/2023:23:08:43 -0500] "POST /kwsrmcab/Wsrmcab  HTTP/1.1" 200 41956
114.119.131.88 - - [02/Dec/2023:23:08:55 -0500] "GET /BLA/resoluciones/index.php?dir=Notificaciones/RESOLUCIONES%2B2016/ HTTP/1.1" 200 13965
66.249.66.21 - - [02/Dec/2023:23:09:08 -0500] "GET /BLA/resoluciones/RESOLUCIONES%202008/2720.pdf HTTP/1.1" 200 340165
114.119.136.72 - - [02/Dec/2023:23:10:16 -0500] "GET /BLA/resoluciones/index.php?dir=AUTOS%2B2008/&sort=size&order=desc HTTP/1.1" 200 13881
51.222.253.17 - - [02/Dec/2023:23:10:17 -0500] "GET /robots.txt HTTP/1.1" 404 1035
51.222.253.20 - - [02/Dec/2023:23:10:19 -0500] "GET /portaldeninos/biodiversidad/ HTTP/1.1" 200 86633
201.245.192.253 - - [02/Dec/2023:23:10:21 -0500] "POST /forms/lservlet;jsessionid=ac16012b30d64ec0b0a9f85d4cd0acdf8f65235348eb.e3iSbxaKaheRe3eRa38MahaQbi1ynknvrkLOlQzNp65In0 HTTP/1.1" 200 2
186.80.108.8 - - [02/Dec/2023:23:10:36 -0500] "GET /sipse/faces/faces/autenticacion.xhtml HTTP/1.1" 200 12414
186.80.108.8 - - [02/Dec/2023:23:10:36 -0500] "GET /sipse/js/funciones.js HTTP/1.1" 304 -
186.80.108.8 - - [02/Dec/2023:23:10:36 -0500] "GET /sipse/js/disable_browser_buttons.js HTTP/1.1" 304 -
186.80.108.8 - - [02/Dec/2023:23:10:36 -0500] "GET /sipse/faces/javax.faces.resource/primefaces.css?ln=primefaces&v=4.0 HTTP/1.1" 304 -
186.80.108.8 - - [02/Dec/2023:23:10:36 -0500] "GET /sipse/faces/javax.faces.resource/theme.css?ln=primefaces-sipse HTTP/1.1" 304 -
186.80.108.8 - - [02/Dec/2023:23:10:36 -0500] "GET /sipse/css/custom_css_sg_prime_login.css HTTP/1.1" 304 -
186.80.108.8 - - [02/Dec/2023:23:10:36 -0500] "GET /sipse/css/custom_css_sg.css HTTP/1.1" 304 -
186.80.108.8 - - [02/Dec/2023:23:10:36 -0500] "GET /sipse/faces/javax.faces.resource/layout/layout.css?ln=primefaces&v=4.0 HTTP/1.1" 304 -
186.80.108.8 - - [02/Dec/2023:23:10:36 -0500] "GET /sipse/faces/javax.faces.resource/jquery/jquery.js?ln=primefaces&v=4.0 HTTP/1.1" 304 -
186.80.108.8 - - [02/Dec/2023:23:10:36 -0500] "GET /sipse/faces/javax.faces.resource/jquery/jquery-plugins.js?ln=primefaces&v=4.0 HTTP/1.1" 304 -
186.80.108.8 - - [02/Dec/2023:23:10:36 -0500] "GET /sipse/faces/javax.faces.resource/primefaces.js?ln=primefaces&v=4.0 HTTP/1.1" 304 -
186.80.108.8 - - [02/Dec/2023:23:10:36 -0500] "GET /sipse/faces/javax.faces.resource/layout/layout.js?ln=primefaces&v=4.0 HTTP/1.1" 304 -
186.80.108.8 - - [02/Dec/2023:23:10:36 -0500] "GET /sipse/css/imagen/logoSDG.png HTTP/1.1" 304 -
186.80.108.8 - - [02/Dec/2023:23:10:36 -0500] "GET /sipse/css/imagen/loginimg.png HTTP/1.1" 304 -
186.80.108.8 - - [02/Dec/2023:23:10:36 -0500] "GET /sipse/faces/javax.faces.resource/images/ui-icons_898989_256x240.png?ln=primefaces-aristo HTTP/1.1" 304 -
186.80.108.8 - - [02/Dec/2023:23:10:36 -0500] "GET /sipse/faces/faces/index.xhtml HTTP/1.1" 200 677
201.245.192.253 - - [02/Dec/2023:23:10:38 -0500] "POST /forms/lservlet;jsessionid=ac16012b30d66bd79d5a81354b569b64ca0b03586396.e3iSbxaKaheRe3eRa38MahaQbi1ynknvrkLOlQzNp65In0 HTTP/1.1" 200 2
186.80.108.8 - - [02/Dec/2023:23:10:40 -0500] "GET /sipse/faces/javax.faces.resource/theme.css?ln=primefaces-sipse HTTP/1.1" 304 -
186.80.108.8 - - [02/Dec/2023:23:10:40 -0500] "GET /sipse/faces/faces/faces/autenticacion.xhtml HTTP/1.1" 200 12414
186.80.108.8 - - [02/Dec/2023:23:10:41 -0500] "GET /sipse/faces/javax.faces.resource/theme.css?ln=primefaces-sipse HTTP/1.1" 304 -
186.80.108.8 - - [02/Dec/2023:23:10:41 -0500] "GET /sipse/faces/javax.faces.resource/primefaces.css?ln=primefaces&v=4.0 HTTP/1.1" 304 -
186.80.108.8 - - [02/Dec/2023:23:10:41 -0500] "GET /sipse/faces/javax.faces.resource/primefaces.js?ln=primefaces&v=4.0 HTTP/1.1" 304 -
186.80.108.8 - - [02/Dec/2023:23:10:41 -0500] "GET /sipse/faces/javax.faces.resource/jquery/jquery.js?ln=primefaces&v=4.0 HTTP/1.1" 304 -
186.80.108.8 - - [02/Dec/2023:23:10:41 -0500] "GET /sipse/faces/javax.faces.resource/jquery/jquery-plugins.js?ln=primefaces&v=4.0 HTTP/1.1" 304 -
186.80.108.8 - - [02/Dec/2023:23:10:41 -0500] "GET /sipse/faces/javax.faces.resource/layout/layout.css?ln=primefaces&v=4.0 HTTP/1.1" 304 -
186.80.108.8 - - [02/Dec/2023:23:10:41 -0500] "GET /sipse/faces/javax.faces.resource/layout/layout.js?ln=primefaces&v=4.0 HTTP/1.1" 304 -
51.222.253.17 - - [02/Dec/2023:23:10:48 -0500] "GET /portaldeninos/gestion-del-riesgo-incendios-forestales/ HTTP/1.1" 200 86825
186.80.108.8 - - [02/Dec/2023:23:10:50 -0500] "POST /sipse/faces/autenticacion.xhtml HTTP/1.1" 200 11259
186.80.108.8 - - [02/Dec/2023:23:10:51 -0500] "GET /sipse/css/custom_css_sg_prime.css HTTP/1.1" 304 -
186.80.108.8 - - [02/Dec/2023:23:10:51 -0500] "GET /sipse/faces/javax.faces.resource/layout/layout.css?ln=primefaces&v=4.0 HTTP/1.1" 304 -
186.80.108.8 - - [02/Dec/2023:23:10:51 -0500] "GET /sipse/faces/javax.faces.resource/primefaces.css?ln=primefaces&v=4.0 HTTP/1.1" 304 -
186.80.108.8 - - [02/Dec/2023:23:10:51 -0500] "GET /sipse/faces/javax.faces.resource/jquery/jquery.js?ln=primefaces&v=4.0 HTTP/1.1" 304 -
186.80.108.8 - - [02/Dec/2023:23:10:51 -0500] "GET /sipse/faces/javax.faces.resource/theme.css?ln=primefaces-sipse HTTP/1.1" 304 -
186.80.108.8 - - [02/Dec/2023:23:10:51 -0500] "GET /sipse/faces/javax.faces.resource/jquery/jquery-plugins.js?ln=primefaces&v=4.0 HTTP/1.1" 304 -
186.80.108.8 - - [02/Dec/2023:23:10:51 -0500] "GET /sipse/faces/javax.faces.resource/primefaces.js?ln=primefaces&v=4.0 HTTP/1.1" 304 -
186.80.108.8 - - [02/Dec/2023:23:10:51 -0500] "GET /sipse/faces/javax.faces.resource/layout/layout.js?ln=primefaces&v=4.0 HTTP/1.1" 304 -
186.80.108.8 - - [02/Dec/2023:23:10:51 -0500] "GET /sipse/faces/javax.faces.resource/messages/messages.png?ln=primefaces&v=4.0 HTTP/1.1" 304 -
186.80.108.8 - - [02/Dec/2023:23:10:52 -0500] "GET /sipse/faces/javax.faces.resource/images/ui-icons_898989_256x240.png?ln=primefaces-aristo HTTP/1.1" 304 -
186.80.108.8 - - [02/Dec/2023:23:10:54 -0500] "POST /sipse/faces/presentacion/sistema/seguridad/seleccionRol.xhtml HTTP/1.1" 200 5624
186.80.108.8 - - [02/Dec/2023:23:10:54 -0500] "POST /sipse/faces/presentacion/sistema/seguridad/seleccionRol.xhtml HTTP/1.1" 200 15255
186.80.108.8 - - [02/Dec/2023:23:10:55 -0500] "GET /sipse/faces/javax.faces.resource/theme.css?ln=primefaces-sipse HTTP/1.1" 304 -
186.80.108.8 - - [02/Dec/2023:23:10:55 -0500] "GET /sipse/js/jquery.min.js HTTP/1.1" 304 -
186.80.108.8 - - [02/Dec/2023:23:10:55 -0500] "GET /sipse/faces/javax.faces.resource/primefaces.css?ln=primefaces&v=4.0 HTTP/1.1" 304 -
186.80.108.8 - - [02/Dec/2023:23:10:55 -0500] "GET /sipse/faces/javax.faces.resource/layout/layout.css?ln=primefaces&v=4.0 HTTP/1.1" 304 -
186.80.108.8 - - [02/Dec/2023:23:10:55 -0500] "GET /sipse/faces/javax.faces.resource/jquery/jquery.js?ln=primefaces&v=4.0 HTTP/1.1" 304 -
186.80.108.8 - - [02/Dec/2023:23:10:55 -0500] "GET /sipse/faces/javax.faces.resource/jquery/jquery-plugins.js?ln=primefaces&v=4.0 HTTP/1.1" 304 -
186.80.108.8 - - [02/Dec/2023:23:10:55 -0500] "GET /sipse/faces/javax.faces.resource/primefaces.js?ln=primefaces&v=4.0 HTTP/1.1" 304 -
186.80.108.8 - - [02/Dec/2023:23:10:55 -0500] "GET /sipse/faces/javax.faces.resource/layout/layout.js?ln=primefaces&v=4.0 HTTP/1.1" 304 -
186.80.108.8 - - [02/Dec/2023:23:10:55 -0500] "GET /sipse/css/v_mergente.css HTTP/1.1" 304 -
186.80.108.8 - - [02/Dec/2023:23:10:55 -0500] "GET /sipse/imagenes/cargando.gif HTTP/1.1" 304 -
186.80.108.8 - - [02/Dec/2023:23:10:55 -0500] "GET /sipse/imagenes/logoAplicacion.jpg HTTP/1.1" 304 -
186.80.108.8 - - [02/Dec/2023:23:10:55 -0500] "GET /sipse/css/imagen/contrasena.png HTTP/1.1" 404 383
51.222.253.10 - - [02/Dec/2023:23:10:54 -0500] "GET /portaldeninos/que-es-cambio-climatico/ HTTP/1.1" 200 86727
186.80.108.8 - - [02/Dec/2023:23:10:58 -0500] "GET /sipse/faces/javax.faces.resource/images/ui-bg_flat_0_2d5972_40x100.png?ln=primefaces-aristo HTTP/1.1" 304 -
186.80.108.8 - - [02/Dec/2023:23:10:58 -0500] "POST /sipse/faces/bienvenido.xhtml HTTP/1.1" 200 3246
186.80.108.8 - - [02/Dec/2023:23:11:00 -0500] "POST /sipse/faces/bienvenido.xhtml HTTP/1.1" 200 63515
186.80.108.8 - - [02/Dec/2023:23:11:00 -0500] "GET /sipse/faces/javax.faces.resource/primefaces.css?ln=primefaces&v=4.0 HTTP/1.1" 304 -
186.80.108.8 - - [02/Dec/2023:23:11:00 -0500] "GET /sipse/faces/javax.faces.resource/layout/layout.css?ln=primefaces&v=4.0 HTTP/1.1" 304 -
186.80.108.8 - - [02/Dec/2023:23:11:00 -0500] "GET /sipse/faces/javax.faces.resource/theme.css?ln=primefaces-sipse HTTP/1.1" 304 -
186.80.108.8 - - [02/Dec/2023:23:11:00 -0500] "GET /sipse/faces/javax.faces.resource/jquery/jquery.js?ln=primefaces&v=4.0 HTTP/1.1" 304 -
186.80.108.8 - - [02/Dec/2023:23:11:01 -0500] "GET /sipse/faces/javax.faces.resource/jquery/jquery-plugins.js?ln=primefaces&v=4.0 HTTP/1.1" 304 -
186.80.108.8 - - [02/Dec/2023:23:11:01 -0500] "GET /sipse/faces/javax.faces.resource/primefaces.js?ln=primefaces&v=4.0 HTTP/1.1" 304 -
186.80.108.8 - - [02/Dec/2023:23:11:01 -0500] "GET /sipse/faces/javax.faces.resource/layout/layout.js?ln=primefaces&v=4.0 HTTP/1.1" 304 -
186.80.108.8 - - [02/Dec/2023:23:11:01 -0500] "POST /sipse/faces/presentacion/financiero/solicitudProceso/listarSolicitudProceso.xhtml HTTP/1.1" 200 1564
186.80.108.8 - - [02/Dec/2023:23:11:02 -0500] "POST /sipse/faces/presentacion/financiero/solicitudProceso/listarSolicitudProceso.xhtml HTTP/1.1" 200 46404
186.80.108.8 - - [02/Dec/2023:23:11:02 -0500] "POST /sipse/faces/presentacion/financiero/solicitudProceso/listarSolicitudProceso.xhtml HTTP/1.1" 200 1564
186.80.108.8 - - [02/Dec/2023:23:11:03 -0500] "POST /sipse/faces/presentacion/financiero/solicitudProceso/listarSolicitudProceso.xhtml HTTP/1.1" 200 31976
186.80.108.8 - - [02/Dec/2023:23:11:03 -0500] "POST /sipse/faces/presentacion/financiero/solicitudProceso/listarSolicitudProceso.xhtml HTTP/1.1" 200 43829
186.80.108.8 - - [02/Dec/2023:23:11:05 -0500] "POST /sipse/faces/presentacion/financiero/solicitudProceso/listarSolicitudProceso.xhtml HTTP/1.1" 200 32299
172.22.2.4 - - [02/Dec/2023:23:09:31 -0500] "HEAD /BLA/boletinlegal/ HTTP/1.1" 200 -
186.80.108.8 - - [02/Dec/2023:23:11:36 -0500] "POST /sipse/faces/presentacion/financiero/solicitudProceso/listarSolicitudProceso.xhtml HTTP/1.1" 200 121950
186.80.108.8 - - [02/Dec/2023:23:11:37 -0500] "GET /sipse/faces/javax.faces.resource/theme.css?ln=primefaces-sipse HTTP/1.1" 304 -
186.80.108.8 - - [02/Dec/2023:23:11:37 -0500] "GET /sipse/faces/javax.faces.resource/primefaces.css?ln=primefaces&v=4.0 HTTP/1.1" 304 -
186.80.108.8 - - [02/Dec/2023:23:11:37 -0500] "GET /sipse/faces/javax.faces.resource/layout/layout.css?ln=primefaces&v=4.0 HTTP/1.1" 304 -
186.80.108.8 - - [02/Dec/2023:23:11:37 -0500] "GET /sipse/faces/javax.faces.resource/jquery/jquery.js?ln=primefaces&v=4.0 HTTP/1.1" 304 -
186.80.108.8 - - [02/Dec/2023:23:11:37 -0500] "GET /sipse/faces/javax.faces.resource/jquery/jquery-plugins.js?ln=primefaces&v=4.0 HTTP/1.1" 304 -
186.80.108.8 - - [02/Dec/2023:23:11:37 -0500] "GET /sipse/faces/javax.faces.resource/primefaces.js?ln=primefaces&v=4.0 HTTP/1.1" 304 -
186.80.108.8 - - [02/Dec/2023:23:11:37 -0500] "GET /sipse/faces/javax.faces.resource/layout/layout.js?ln=primefaces&v=4.0 HTTP/1.1" 304 -
186.80.108.8 - - [02/Dec/2023:23:11:37 -0500] "GET /sipse/faces/javax.faces.resource/dynamiccontent.properties?ln=primefaces&pfdrid=XjOR5%2F%2FfPAZAuY9TpWQeCiM0BhlXxYRBGKi%2FQcXXfeA%3D&pfdrid_c=false HTTP/1.1" 500 383
186.80.108.8 - - [02/Dec/2023:23:11:48 -0500] "POST /sipse/faces/presentacion/financiero/solicitudProceso/consultarSolicitudProceso.xhtml HTTP/1.1" 200 666966
172.22.2.4 - - [02/Dec/2023:23:10:22 -0500] "GET /BLA/boletinlegal/ HTTP/1.1" 200 58294
186.80.108.8 - - [02/Dec/2023:23:12:09 -0500] "GET /sipse/faces/javax.faces.resource/theme.css?ln=primefaces-sipse HTTP/1.1" 304 -
186.80.108.8 - - [02/Dec/2023:23:12:09 -0500] "GET /sipse/faces/javax.faces.resource/primefaces.js?ln=primefaces&v=4.0 HTTP/1.1" 304 -
186.80.108.8 - - [02/Dec/2023:23:12:09 -0500] "GET /sipse/faces/javax.faces.resource/primefaces.css?ln=primefaces&v=4.0 HTTP/1.1" 304 -
186.80.108.8 - - [02/Dec/2023:23:12:09 -0500] "GET /sipse/faces/javax.faces.resource/jquery/jquery.js?ln=primefaces&v=4.0 HTTP/1.1" 304 -
186.80.108.8 - - [02/Dec/2023:23:12:09 -0500] "GET /sipse/faces/javax.faces.resource/layout/layout.css?ln=primefaces&v=4.0 HTTP/1.1" 304 -
186.80.108.8 - - [02/Dec/2023:23:12:09 -0500] "GET /sipse/faces/javax.faces.resource/jquery/jquery-plugins.js?ln=primefaces&v=4.0 HTTP/1.1" 304 -
186.80.108.8 - - [02/Dec/2023:23:12:08 -0500] "POST /sipse/faces/presentacion/financiero/solicitudProceso/consultarSolicitudProceso.xhtml HTTP/1.1" 200 67337
186.80.108.8 - - [02/Dec/2023:23:12:09 -0500] "GET /sipse/faces/javax.faces.resource/layout/layout.js?ln=primefaces&v=4.0 HTTP/1.1" 304 -
186.80.108.8 - - [02/Dec/2023:23:12:10 -0500] "POST /sipse/faces/presentacion/financiero/solicitudProceso/listarSolicitudProceso.xhtml HTTP/1.1" 200 1564
186.80.108.8 - - [02/Dec/2023:23:12:10 -0500] "POST /sipse/faces/presentacion/financiero/solicitudProceso/listarSolicitudProceso.xhtml HTTP/1.1" 200 1560
186.80.108.8 - - [02/Dec/2023:23:12:13 -0500] "POST /sipse/faces/presentacion/financiero/solicitudProceso/listarSolicitudProceso.xhtml HTTP/1.1" 200 114821
186.80.108.8 - - [02/Dec/2023:23:12:14 -0500] "GET /sipse/faces/javax.faces.resource/theme.css?ln=primefaces-sipse HTTP/1.1" 304 -
186.80.108.8 - - [02/Dec/2023:23:12:14 -0500] "GET /sipse/faces/javax.faces.resource/primefaces.css?ln=primefaces&v=4.0 HTTP/1.1" 304 -
186.80.108.8 - - [02/Dec/2023:23:12:14 -0500] "GET /sipse/faces/javax.faces.resource/layout/layout.css?ln=primefaces&v=4.0 HTTP/1.1" 304 -
186.80.108.8 - - [02/Dec/2023:23:12:14 -0500] "GET /sipse/faces/javax.faces.resource/jquery/jquery.js?ln=primefaces&v=4.0 HTTP/1.1" 304 -
186.80.108.8 - - [02/Dec/2023:23:12:14 -0500] "GET /sipse/faces/javax.faces.resource/jquery/jquery-plugins.js?ln=primefaces&v=4.0 HTTP/1.1" 304 -
186.80.108.8 - - [02/Dec/2023:23:12:14 -0500] "GET /sipse/faces/javax.faces.resource/primefaces.js?ln=primefaces&v=4.0 HTTP/1.1" 304 -
186.80.108.8 - - [02/Dec/2023:23:12:14 -0500] "GET /sipse/faces/javax.faces.resource/layout/layout.js?ln=primefaces&v=4.0 HTTP/1.1" 304 -
186.80.108.8 - - [02/Dec/2023:23:12:14 -0500] "GET /sipse/faces/javax.faces.resource/dynamiccontent.properties?ln=primefaces&pfdrid=XjOR5%2F%2FfPAZAuY9TpWQeCiM0BhlXxYRBGKi%2FQcXXfeA%3D&pfdrid_c=false HTTP/1.1" 500 383
66.249.66.20 - - [02/Dec/2023:23:12:20 -0500] "GET /BLA/resoluciones/AUTOS%202015/0803.pdf HTTP/1.1" 200 454934
201.245.192.253 - - [02/Dec/2023:23:12:21 -0500] "POST /forms/lservlet;jsessionid=ac16012b30d64ec0b0a9f85d4cd0acdf8f65235348eb.e3iSbxaKaheRe3eRa38MahaQbi1ynknvrkLOlQzNp65In0 HTTP/1.1" 200 2
186.80.108.8 - - [02/Dec/2023:23:12:21 -0500] "POST /sipse/faces/presentacion/financiero/solicitudProceso/consultarSolicitudProceso.xhtml HTTP/1.1" 200 301151
66.249.66.20 - - [02/Dec/2023:23:12:36 -0500] "GET /BLA/resoluciones/RESOLUCIONES%202009/4772.pdf HTTP/1.1" 200 812239
201.245.192.253 - - [02/Dec/2023:23:12:38 -0500] "POST /forms/lservlet;jsessionid=ac16012b30d66bd79d5a81354b569b64ca0b03586396.e3iSbxaKaheRe3eRa38MahaQbi1ynknvrkLOlQzNp65In0 HTTP/1.1" 200 2
216.245.221.92 - - [02/Dec/2023:23:13:16 -0500] "HEAD / HTTP/1.1" 200 -
216.244.66.195 - - [02/Dec/2023:23:13:37 -0500] "GET /robots.txt HTTP/1.1" 404 1018
201.245.192.253 - - [02/Dec/2023:23:13:43 -0500] "POST /kwsrmcab/Wsrmcab  HTTP/1.1" 200 41956
201.245.192.253 - - [02/Dec/2023:23:14:21 -0500] "POST /forms/lservlet;jsessionid=ac16012b30d64ec0b0a9f85d4cd0acdf8f65235348eb.e3iSbxaKaheRe3eRa38MahaQbi1ynknvrkLOlQzNp65In0 HTTP/1.1" 200 2
47.128.56.28 - - [02/Dec/2023:23:14:38 -0500] "GET /galeria/nivo-slider/demo/images/Rendicion.png HTTP/1.1" 200 262274
201.245.192.253 - - [02/Dec/2023:23:14:38 -0500] "POST /forms/lservlet;jsessionid=ac16012b30d66bd79d5a81354b569b64ca0b03586396.e3iSbxaKaheRe3eRa38MahaQbi1ynknvrkLOlQzNp65In0 HTTP/1.1" 200 2
66.249.66.21 - - [02/Dec/2023:23:15:06 -0500] "GET /BLA/resoluciones/AUTOS%202018/3647.pdf HTTP/1.1" 200 326143
66.249.66.19 - - [02/Dec/2023:23:15:43 -0500] "GET /BLA/resoluciones/AUTOS%202015/2419.pdf HTTP/1.1" 200 504461
66.249.66.20 - - [02/Dec/2023:23:15:59 -0500] "GET /BLA/resoluciones/Notificaciones/AUTOS%202021/4398.pdf HTTP/1.1" 200 330845
201.245.192.253 - - [02/Dec/2023:23:16:21 -0500] "POST /forms/lservlet;jsessionid=ac16012b30d64ec0b0a9f85d4cd0acdf8f65235348eb.e3iSbxaKaheRe3eRa38MahaQbi1ynknvrkLOlQzNp65In0 HTTP/1.1" 200 2
201.245.192.253 - - [02/Dec/2023:23:16:38 -0500] "POST /forms/lservlet;jsessionid=ac16012b30d66bd79d5a81354b569b64ca0b03586396.e3iSbxaKaheRe3eRa38MahaQbi1ynknvrkLOlQzNp65In0 HTTP/1.1" 200 2
201.245.192.253 - - [02/Dec/2023:23:16:58 -0500] "POST /kwsrmcab/Wsrmcab HTTP/1.1" 200 41275
172.22.2.4 - - [02/Dec/2023:23:15:21 -0500] "HEAD /BLA/boletinlegal/ HTTP/1.1" 200 -
201.245.192.253 - - [02/Dec/2023:23:17:01 -0500] "POST /kwsrmcab/Wsrmcab HTTP/1.1" 200 36621
172.22.2.4 - - [02/Dec/2023:23:16:12 -0500] "GET /BLA/boletinlegal/ HTTP/1.1" 200 60634
216.245.221.92 - - [02/Dec/2023:23:18:16 -0500] "HEAD / HTTP/1.1" 200 -
201.245.192.253 - - [02/Dec/2023:23:18:21 -0500] "POST /forms/lservlet;jsessionid=ac16012b30d64ec0b0a9f85d4cd0acdf8f65235348eb.e3iSbxaKaheRe3eRa38MahaQbi1ynknvrkLOlQzNp65In0 HTTP/1.1" 200 2
201.245.192.253 - - [02/Dec/2023:23:18:38 -0500] "POST /forms/lservlet;jsessionid=ac16012b30d66bd79d5a81354b569b64ca0b03586396.e3iSbxaKaheRe3eRa38MahaQbi1ynknvrkLOlQzNp65In0 HTTP/1.1" 200 2
201.245.192.253 - - [02/Dec/2023:23:18:42 -0500] "POST /kwsrmcab/Wsrmcab  HTTP/1.1" 200 41956
52.167.144.197 - - [02/Dec/2023:23:19:07 -0500] "GET /portaldeninos/aulas-ambientales/aula-ambiental-sorotama/ HTTP/1.1" 200 89596
172.22.2.4 - - [02/Dec/2023:23:19:15 -0500] "GET /BLA/boletinlegal/style.css HTTP/1.1" 200 9406
172.22.2.4 - - [02/Dec/2023:23:19:15 -0500] "GET /BLA/boletinlegal/styles2.css HTTP/1.1" 200 1838
172.22.2.4 - - [02/Dec/2023:23:19:15 -0500] "GET /BLA/boletinlegal/js/jquery.scrollTo-min.js HTTP/1.1" 200 1150
172.22.2.4 - - [02/Dec/2023:23:19:15 -0500] "GET /BLA/boletinlegal/js/jquery.js HTTP/1.1" 200 57254
172.22.2.4 - - [02/Dec/2023:23:19:15 -0500] "GET /BLA/boletinlegal/js/jquery.scrollShow.js HTTP/1.1" 200 4586
172.22.2.4 - - [02/Dec/2023:23:19:15 -0500] "GET /BLA/boletinlegal/images/cabezote%20BLEGAL.jpg HTTP/1.1" 200 118164
172.22.2.4 - - [02/Dec/2023:23:19:15 -0500] "GET /BLA/boletinlegal/images/screen_1.png HTTP/1.1" 200 202547
172.22.2.4 - - [02/Dec/2023:23:19:15 -0500] "GET /BLA/boletinlegal/images/subscribe-icon-big.png HTTP/1.1" 200 47702
172.22.2.4 - - [02/Dec/2023:23:19:15 -0500] "GET /BLA/boletinlegal/images/historia.png HTTP/1.1" 200 52775
172.22.2.4 - - [02/Dec/2023:23:19:16 -0500] "GET /BLA/boletinlegal/images/registro-usuarios.png HTTP/1.1" 200 8106
172.22.2.4 - - [02/Dec/2023:23:19:16 -0500] "GET /BLA/boletinlegal/images/body_bg.jpg HTTP/1.1" 200 1601
172.22.2.4 - - [02/Dec/2023:23:19:16 -0500] "GET /BLA/boletinlegal/images/menu_rght.gif HTTP/1.1" 200 1627
172.22.2.4 - - [02/Dec/2023:23:19:16 -0500] "GET /BLA/boletinlegal/images/menu_lft.gif HTTP/1.1" 200 1713
172.22.2.4 - - [02/Dec/2023:23:19:16 -0500] "GET /BLA/boletinlegal/images/bg_top.jpg HTTP/1.1" 200 522
172.22.2.4 - - [02/Dec/2023:23:19:16 -0500] "GET /BLA/boletinlegal/images/menu_bg.jpg HTTP/1.1" 200 620
172.22.2.4 - - [02/Dec/2023:23:19:16 -0500] "GET /BLA/boletinlegal/images/text.jpg HTTP/1.1" 200 568
172.22.2.4 - - [02/Dec/2023:23:19:16 -0500] "GET /BLA/boletinlegal/images/launch.jpg HTTP/1.1" 200 14577
172.22.2.4 - - [02/Dec/2023:23:19:16 -0500] "GET /BLA/boletinlegal/images/arr_l.jpg HTTP/1.1" 200 1979
172.22.2.4 - - [02/Dec/2023:23:19:16 -0500] "GET /BLA/boletinlegal/images/hover.jpg HTTP/1.1" 200 640
172.22.2.4 - - [02/Dec/2023:23:19:15 -0500] "GET /BLA/boletinlegal/ HTTP/1.1" 200 24523
31.13.103.120 - - [02/Dec/2023:23:20:00 -0500] "GET /distrito-declara-alerta-preventiva-en-el-suroccidente-de-la-ciudad-por-mala-calidad-del-aire.html HTTP/1.1" 200 1065
40.77.167.68 - - [02/Dec/2023:23:20:05 -0500] "GET /BLA/resoluciones/AUTOS%202013/2895.pdf HTTP/1.1" 200 499578
201.245.192.253 - - [02/Dec/2023:23:20:21 -0500] "POST /forms/lservlet;jsessionid=ac16012b30d64ec0b0a9f85d4cd0acdf8f65235348eb.e3iSbxaKaheRe3eRa38MahaQbi1ynknvrkLOlQzNp65In0 HTTP/1.1" 200 2
201.245.192.253 - - [02/Dec/2023:23:20:38 -0500] "POST /forms/lservlet;jsessionid=ac16012b30d66bd79d5a81354b569b64ca0b03586396.e3iSbxaKaheRe3eRa38MahaQbi1ynknvrkLOlQzNp65In0 HTTP/1.1" 200 2
201.245.192.253 - - [02/Dec/2023:23:20:37 -0500] "POST /kwsrmcab/Wsrmcab HTTP/1.1" 200 41275
201.245.192.253 - - [02/Dec/2023:23:20:46 -0500] "POST /kwsrmcab/Wsrmcab HTTP/1.1" 200 36621
41.215.82.214 - - [02/Dec/2023:23:21:23 -0500] "GET / HTTP/1.1" 200 319
66.249.66.21 - - [02/Dec/2023:23:21:31 -0500] "GET /BLA/resoluciones/RESOLUCIONES%202011/1259.pdf HTTP/1.1" 200 369848
201.245.192.253 - - [02/Dec/2023:23:22:21 -0500] "POST /forms/lservlet;jsessionid=ac16012b30d64ec0b0a9f85d4cd0acdf8f65235348eb.e3iSbxaKaheRe3eRa38MahaQbi1ynknvrkLOlQzNp65In0 HTTP/1.1" 200 2
201.245.192.253 - - [02/Dec/2023:23:22:38 -0500] "POST /forms/lservlet;jsessionid=ac16012b30d66bd79d5a81354b569b64ca0b03586396.e3iSbxaKaheRe3eRa38MahaQbi1ynknvrkLOlQzNp65In0 HTTP/1.1" 200 2
172.22.2.4 - - [02/Dec/2023:23:21:11 -0500] "HEAD /BLA/boletinlegal/ HTTP/1.1" 200 -
216.245.221.92 - - [02/Dec/2023:23:23:16 -0500] "HEAD / HTTP/1.1" 200 -
172.22.2.4 - - [02/Dec/2023:23:22:02 -0500] "GET /BLA/boletinlegal/ HTTP/1.1" 200 58644
201.245.192.253 - - [02/Dec/2023:23:23:40 -0500] "POST /kwsrmcab/Wsrmcab  HTTP/1.1" 200 41956
66.249.66.21 - - [02/Dec/2023:23:24:21 -0500] "GET /BLA/resoluciones/Autos%202008/3417.pdf HTTP/1.1" 200 162333
201.245.192.253 - - [02/Dec/2023:23:24:21 -0500] "POST /forms/lservlet;jsessionid=ac16012b30d64ec0b0a9f85d4cd0acdf8f65235348eb.e3iSbxaKaheRe3eRa38MahaQbi1ynknvrkLOlQzNp65In0 HTTP/1.1" 200 2
66.249.66.19 - - [02/Dec/2023:23:24:37 -0500] "GET /BLA/resoluciones/AUTOS%202013/2294.pdf HTTP/1.1" 200 701595
201.245.192.253 - - [02/Dec/2023:23:24:38 -0500] "POST /forms/lservlet;jsessionid=ac16012b30d66bd79d5a81354b569b64ca0b03586396.e3iSbxaKaheRe3eRa38MahaQbi1ynknvrkLOlQzNp65In0 HTTP/1.1" 200 2
66.249.66.19 - - [02/Dec/2023:23:26:03 -0500] "GET /BLA/resoluciones/Notificaciones/AUTOS%202022/6523.pdf HTTP/1.1" 200 424459
201.245.192.253 - - [02/Dec/2023:23:26:21 -0500] "POST /forms/lservlet;jsessionid=ac16012b30d64ec0b0a9f85d4cd0acdf8f65235348eb.e3iSbxaKaheRe3eRa38MahaQbi1ynknvrkLOlQzNp65In0 HTTP/1.1" 200 2
201.245.192.253 - - [02/Dec/2023:23:26:38 -0500] "POST /forms/lservlet;jsessionid=ac16012b30d66bd79d5a81354b569b64ca0b03586396.e3iSbxaKaheRe3eRa38MahaQbi1ynknvrkLOlQzNp65In0 HTTP/1.1" 200 2
66.249.65.5 - - [02/Dec/2023:23:26:45 -0500] "GET /la-feria-de-servicios-ambientales-llega-a-la-localidad-rafael-uribe-uribe.html HTTP/1.1" 200 866
66.249.66.19 - - [02/Dec/2023:23:26:45 -0500] "GET /BLA/resoluciones/Notificaciones/AUTOS%202022/6533.pdf HTTP/1.1" 200 815425
201.245.192.253 - - [02/Dec/2023:23:26:59 -0500] "POST /kwsrmcab/Wsrmcab HTTP/1.1" 200 41275
201.245.192.253 - - [02/Dec/2023:23:27:02 -0500] "POST /kwsrmcab/Wsrmcab HTTP/1.1" 200 36621
66.249.66.19 - - [02/Dec/2023:23:27:07 -0500] "GET /BLA/resoluciones/Notificaciones/AUTOS%202021/1938.pdf HTTP/1.1" 200 345473
40.77.167.132 - - [02/Dec/2023:23:28:15 -0500] "GET /BLA/resoluciones/AUTOS%202013/2877.pdf HTTP/1.1" 200 661626
216.245.221.92 - - [02/Dec/2023:23:28:16 -0500] "HEAD / HTTP/1.1" 200 -
201.245.192.253 - - [02/Dec/2023:23:28:21 -0500] "POST /forms/lservlet;jsessionid=ac16012b30d64ec0b0a9f85d4cd0acdf8f65235348eb.e3iSbxaKaheRe3eRa38MahaQbi1ynknvrkLOlQzNp65In0 HTTP/1.1" 200 2
201.245.192.253 - - [02/Dec/2023:23:28:38 -0500] "POST /forms/lservlet;jsessionid=ac16012b30d66bd79d5a81354b569b64ca0b03586396.e3iSbxaKaheRe3eRa38MahaQbi1ynknvrkLOlQzNp65In0 HTTP/1.1" 200 2
201.245.192.253 - - [02/Dec/2023:23:28:38 -0500] "POST /kwsrmcab/Wsrmcab  HTTP/1.1" 200 41956
172.22.2.4 - - [02/Dec/2023:23:27:01 -0500] "HEAD /BLA/boletinlegal/ HTTP/1.1" 200 -
186.114.106.49 - - [02/Dec/2023:23:29:22 -0500] "GET /BLA/resoluciones/index.php HTTP/1.1" 200 13696
186.114.106.49 - - [02/Dec/2023:23:29:25 -0500] "GET /BLA/resoluciones/index.php?dir=RESOLUCIONES+2018%2F HTTP/1.1" 200 281129
172.22.2.4 - - [02/Dec/2023:23:27:52 -0500] "GET /BLA/boletinlegal/ HTTP/1.1" 200 60634
186.114.106.49 - - [02/Dec/2023:23:29:47 -0500] "GET /BLA/resoluciones/RESOLUCIONES%202018/4043.pdf HTTP/1.1" 200 272645
201.245.192.253 - - [02/Dec/2023:23:30:21 -0500] "POST /forms/lservlet;jsessionid=ac16012b30d64ec0b0a9f85d4cd0acdf8f65235348eb.e3iSbxaKaheRe3eRa38MahaQbi1ynknvrkLOlQzNp65In0 HTTP/1.1" 200 2
201.245.192.253 - - [02/Dec/2023:23:30:38 -0500] "POST /forms/lservlet;jsessionid=ac16012b30d66bd79d5a81354b569b64ca0b03586396.e3iSbxaKaheRe3eRa38MahaQbi1ynknvrkLOlQzNp65In0 HTTP/1.1" 200 2
201.245.192.253 - - [02/Dec/2023:23:30:37 -0500] "POST /kwsrmcab/Wsrmcab HTTP/1.1" 200 41275
201.245.192.253 - - [02/Dec/2023:23:30:47 -0500] "POST /kwsrmcab/Wsrmcab HTTP/1.1" 200 36621
201.245.192.253 - - [02/Dec/2023:23:32:21 -0500] "POST /forms/lservlet;jsessionid=ac16012b30d64ec0b0a9f85d4cd0acdf8f65235348eb.e3iSbxaKaheRe3eRa38MahaQbi1ynknvrkLOlQzNp65In0 HTTP/1.1" 200 2
201.245.192.253 - - [02/Dec/2023:23:32:38 -0500] "POST /forms/lservlet;jsessionid=ac16012b30d66bd79d5a81354b569b64ca0b03586396.e3iSbxaKaheRe3eRa38MahaQbi1ynknvrkLOlQzNp65In0 HTTP/1.1" 200 2
216.245.221.92 - - [02/Dec/2023:23:33:16 -0500] "HEAD / HTTP/1.1" 200 -
201.245.192.253 - - [02/Dec/2023:23:33:37 -0500] "POST /kwsrmcab/Wsrmcab  HTTP/1.1" 200 41956
201.245.192.253 - - [02/Dec/2023:23:34:21 -0500] "POST /forms/lservlet;jsessionid=ac16012b30d64ec0b0a9f85d4cd0acdf8f65235348eb.e3iSbxaKaheRe3eRa38MahaQbi1ynknvrkLOlQzNp65In0 HTTP/1.1" 200 2
