190.144.239.145 - - [02/Dec/2023:10:14:48 -0500] "GET /sipse/faces/javax.faces.resource/theme.css?ln=primefaces-sipse HTTP/1.1" 304 -
190.144.239.145 - - [02/Dec/2023:10:14:48 -0500] "GET /sipse/faces/javax.faces.resource/primefaces.css?ln=primefaces&v=4.0 HTTP/1.1" 304 -
190.144.239.145 - - [02/Dec/2023:10:14:48 -0500] "GET /sipse/faces/javax.faces.resource/layout/layout.css?ln=primefaces&v=4.0 HTTP/1.1" 304 -
190.144.239.145 - - [02/Dec/2023:10:14:48 -0500] "GET /sipse/faces/javax.faces.resource/jquery/jquery-plugins.js?ln=primefaces&v=4.0 HTTP/1.1" 304 -
190.144.239.145 - - [02/Dec/2023:10:14:48 -0500] "GET /sipse/faces/javax.faces.resource/jquery/jquery.js?ln=primefaces&v=4.0 HTTP/1.1" 304 -
190.144.239.145 - - [02/Dec/2023:10:14:48 -0500] "GET /sipse/faces/javax.faces.resource/primefaces.js?ln=primefaces&v=4.0 HTTP/1.1" 304 -
190.144.239.145 - - [02/Dec/2023:10:14:48 -0500] "GET /sipse/faces/javax.faces.resource/layout/layout.js?ln=primefaces&v=4.0 HTTP/1.1" 304 -
190.144.239.145 - - [02/Dec/2023:10:14:48 -0500] "POST /sipse/faces/presentacion/financiero/solicitudProceso/listarSolicitudProceso.xhtml HTTP/1.1" 200 1564
190.144.239.145 - - [02/Dec/2023:10:14:48 -0500] "POST /sipse/faces/presentacion/financiero/solicitudProceso/listarSolicitudProceso.xhtml HTTP/1.1" 200 1560
157.55.39.200 - - [02/Dec/2023:10:14:49 -0500] "GET /BLA/resoluciones/AUTOS%202013/2829.pdf HTTP/1.1" 200 139476
190.144.239.145 - - [02/Dec/2023:10:15:14 -0500] "POST /sipse/faces/presentacion/financiero/solicitudProceso/listarSolicitudProceso.xhtml HTTP/1.1" 200 25031
172.22.2.4 - - [02/Dec/2023:10:13:40 -0500] "HEAD /BLA/boletinlegal/ HTTP/1.1" 200 -
172.22.2.4 - - [02/Dec/2023:10:14:31 -0500] "GET /BLA/boletinlegal/ HTTP/1.1" 200 53356
201.245.192.253 - - [02/Dec/2023:10:16:18 -0500] "POST /forms/lservlet;jsessionid=ac16012b30d64ec0b0a9f85d4cd0acdf8f65235348eb.e3iSbxaKaheRe3eRa38MahaQbi1ynknvrkLOlQzNp65In0 HTTP/1.1" 200 2
190.144.239.145 - - [02/Dec/2023:10:16:34 -0500] "POST /sipse/faces/presentacion/financiero/solicitudProceso/listarSolicitudProceso.xhtml HTTP/1.1" 200 126371
190.144.239.145 - - [02/Dec/2023:10:16:35 -0500] "GET /sipse/faces/javax.faces.resource/theme.css?ln=primefaces-sipse HTTP/1.1" 304 -
190.144.239.145 - - [02/Dec/2023:10:16:35 -0500] "GET /sipse/faces/javax.faces.resource/primefaces.css?ln=primefaces&v=4.0 HTTP/1.1" 304 -
190.144.239.145 - - [02/Dec/2023:10:16:35 -0500] "GET /sipse/faces/javax.faces.resource/layout/layout.css?ln=primefaces&v=4.0 HTTP/1.1" 304 -
190.144.239.145 - - [02/Dec/2023:10:16:35 -0500] "GET /sipse/faces/javax.faces.resource/jquery/jquery.js?ln=primefaces&v=4.0 HTTP/1.1" 304 -
190.144.239.145 - - [02/Dec/2023:10:16:35 -0500] "GET /sipse/faces/javax.faces.resource/jquery/jquery-plugins.js?ln=primefaces&v=4.0 HTTP/1.1" 304 -
190.144.239.145 - - [02/Dec/2023:10:16:35 -0500] "GET /sipse/faces/javax.faces.resource/primefaces.js?ln=primefaces&v=4.0 HTTP/1.1" 304 -
190.144.239.145 - - [02/Dec/2023:10:16:35 -0500] "GET /sipse/faces/javax.faces.resource/layout/layout.js?ln=primefaces&v=4.0 HTTP/1.1" 304 -
201.245.192.253 - - [02/Dec/2023:10:16:37 -0500] "POST /forms/lservlet;jsessionid=ac16012b30d66bd79d5a81354b569b64ca0b03586396.e3iSbxaKaheRe3eRa38MahaQbi1ynknvrkLOlQzNp65In0 HTTP/1.1" 200 2
201.245.192.253 - - [02/Dec/2023:10:17:01 -0500] "POST /kwsrmcab/Wsrmcab HTTP/1.1" 200 35539
201.245.192.253 - - [02/Dec/2023:10:17:04 -0500] "POST /kwsrmcab/Wsrmcab HTTP/1.1" 200 36819
190.144.239.145 - - [02/Dec/2023:10:17:06 -0500] "POST /sipse/faces/presentacion/financiero/solicitudProceso/consultarSolicitudProceso.xhtml HTTP/1.1" 200 5534
201.245.192.253 - - [02/Dec/2023:10:17:20 -0500] "POST /kwsrmcab/Wsrmcab  HTTP/1.1" 200 41956
216.245.221.92 - - [02/Dec/2023:10:18:18 -0500] "HEAD / HTTP/1.1" 200 -
201.245.192.253 - - [02/Dec/2023:10:18:18 -0500] "POST /forms/lservlet;jsessionid=ac16012b30d64ec0b0a9f85d4cd0acdf8f65235348eb.e3iSbxaKaheRe3eRa38MahaQbi1ynknvrkLOlQzNp65In0 HTTP/1.1" 200 2
181.53.237.232 - - [02/Dec/2023:10:18:20 -0500] "GET /sendero-las-moyas-iniciativa-privada-enfocada-en-procesos-de-restauracion-conservacion-y-educacion-ambiental.html HTTP/1.1" 200 1013
190.144.239.145 - - [02/Dec/2023:10:18:33 -0500] "POST /sipse/faces/presentacion/financiero/solicitudProceso/consultarSolicitudProceso.xhtml HTTP/1.1" 200 91581
201.245.192.253 - - [02/Dec/2023:10:18:37 -0500] "POST /forms/lservlet;jsessionid=ac16012b30d66bd79d5a81354b569b64ca0b03586396.e3iSbxaKaheRe3eRa38MahaQbi1ynknvrkLOlQzNp65In0 HTTP/1.1" 200 2
40.77.167.26 - - [02/Dec/2023:10:18:49 -0500] "GET /BLA/resoluciones/AUTOS%202023/7171.pdf HTTP/1.1" 200 376731
172.22.1.61 - - [02/Dec/2023:10:19:08 -0500] "GET /reportes_sipse/sdg/ServletViabilidad?reporte=memo_viabilidad&solicitud=22143 HTTP/1.1" 200 1538
190.144.239.145 - - [02/Dec/2023:10:19:07 -0500] "POST /sipse/faces/presentacion/financiero/solicitudProceso/consultarSolicitudProceso.xhtml HTTP/1.1" 200 68047
190.144.239.145 - - [02/Dec/2023:10:19:10 -0500] "GET /sipse/faces/javax.faces.resource/theme.css?ln=primefaces-sipse HTTP/1.1" 304 -
190.144.239.145 - - [02/Dec/2023:10:19:10 -0500] "GET /sipse/faces/javax.faces.resource/primefaces.css?ln=primefaces&v=4.0 HTTP/1.1" 304 -
190.144.239.145 - - [02/Dec/2023:10:19:10 -0500] "GET /sipse/faces/javax.faces.resource/layout/layout.css?ln=primefaces&v=4.0 HTTP/1.1" 304 -
190.144.239.145 - - [02/Dec/2023:10:19:10 -0500] "GET /sipse/faces/javax.faces.resource/primefaces.js?ln=primefaces&v=4.0 HTTP/1.1" 304 -
190.144.239.145 - - [02/Dec/2023:10:19:10 -0500] "GET /sipse/faces/javax.faces.resource/jquery/jquery.js?ln=primefaces&v=4.0 HTTP/1.1" 304 -
190.144.239.145 - - [02/Dec/2023:10:19:10 -0500] "GET /sipse/faces/javax.faces.resource/layout/layout.js?ln=primefaces&v=4.0 HTTP/1.1" 304 -
190.144.239.145 - - [02/Dec/2023:10:19:10 -0500] "GET /sipse/faces/javax.faces.resource/jquery/jquery-plugins.js?ln=primefaces&v=4.0 HTTP/1.1" 304 -
190.144.239.145 - - [02/Dec/2023:10:19:10 -0500] "POST /sipse/faces/presentacion/financiero/solicitudProceso/listarSolicitudProceso.xhtml HTTP/1.1" 200 1564
190.144.239.145 - - [02/Dec/2023:10:19:11 -0500] "POST /sipse/faces/presentacion/financiero/solicitudProceso/listarSolicitudProceso.xhtml HTTP/1.1" 200 1560
190.60.254.212 - - [02/Dec/2023:10:19:28 -0500] "GET /sipse/faces/index.xhtml HTTP/1.1" 200 677
190.60.254.212 - - [02/Dec/2023:10:19:28 -0500] "GET /sipse/faces/javax.faces.resource/theme.css?ln=primefaces-sipse HTTP/1.1" 304 -
190.60.254.212 - - [02/Dec/2023:10:19:28 -0500] "GET /sipse/faces/faces/autenticacion.xhtml HTTP/1.1" 200 12414
190.60.254.212 - - [02/Dec/2023:10:19:28 -0500] "GET /sipse/faces/javax.faces.resource/theme.css?ln=primefaces-sipse HTTP/1.1" 304 -
190.60.254.212 - - [02/Dec/2023:10:19:28 -0500] "GET /sipse/faces/javax.faces.resource/primefaces.css?ln=primefaces&v=4.0 HTTP/1.1" 304 -
190.60.254.212 - - [02/Dec/2023:10:19:28 -0500] "GET /sipse/faces/javax.faces.resource/jquery/jquery.js?ln=primefaces&v=4.0 HTTP/1.1" 304 -
190.60.254.212 - - [02/Dec/2023:10:19:28 -0500] "GET /sipse/faces/javax.faces.resource/layout/layout.css?ln=primefaces&v=4.0 HTTP/1.1" 304 -
190.60.254.212 - - [02/Dec/2023:10:19:28 -0500] "GET /sipse/faces/javax.faces.resource/jquery/jquery-plugins.js?ln=primefaces&v=4.0 HTTP/1.1" 304 -
190.60.254.212 - - [02/Dec/2023:10:19:28 -0500] "GET /sipse/faces/javax.faces.resource/primefaces.js?ln=primefaces&v=4.0 HTTP/1.1" 304 -
190.60.254.212 - - [02/Dec/2023:10:19:28 -0500] "GET /sipse/faces/javax.faces.resource/layout/layout.js?ln=primefaces&v=4.0 HTTP/1.1" 304 -
190.60.254.212 - - [02/Dec/2023:10:19:28 -0500] "GET /sipse/faces/javax.faces.resource/images/ui-icons_898989_256x240.png?ln=primefaces-aristo HTTP/1.1" 304 -
190.60.254.212 - - [02/Dec/2023:10:19:35 -0500] "POST /sipse/faces/autenticacion.xhtml HTTP/1.1" 200 2228
190.60.254.212 - - [02/Dec/2023:10:19:35 -0500] "GET /sipse/faces/javax.faces.resource/messages/messages.png?ln=primefaces&v=4.0 HTTP/1.1" 304 -
190.60.254.212 - - [02/Dec/2023:10:19:37 -0500] "POST /sipse/faces/autenticacion.xhtml HTTP/1.1" 200 2232
190.60.254.212 - - [02/Dec/2023:10:19:45 -0500] "POST /sipse/faces/autenticacion.xhtml HTTP/1.1" 200 16450
190.60.254.212 - - [02/Dec/2023:10:19:45 -0500] "GET /sipse/faces/javax.faces.resource/theme.css?ln=primefaces-sipse HTTP/1.1" 304 -
190.60.254.212 - - [02/Dec/2023:10:19:45 -0500] "GET /sipse/js/jquery.min.js HTTP/1.1" 304 -
190.60.254.212 - - [02/Dec/2023:10:19:45 -0500] "GET /sipse/css/custom_css_sg_prime.css HTTP/1.1" 304 -
190.60.254.212 - - [02/Dec/2023:10:19:45 -0500] "GET /sipse/faces/javax.faces.resource/primefaces.css?ln=primefaces&v=4.0 HTTP/1.1" 304 -
190.60.254.212 - - [02/Dec/2023:10:19:45 -0500] "GET /sipse/faces/javax.faces.resource/layout/layout.css?ln=primefaces&v=4.0 HTTP/1.1" 304 -
190.60.254.212 - - [02/Dec/2023:10:19:46 -0500] "GET /sipse/faces/javax.faces.resource/jquery/jquery.js?ln=primefaces&v=4.0 HTTP/1.1" 304 -
190.60.254.212 - - [02/Dec/2023:10:19:46 -0500] "GET /sipse/faces/javax.faces.resource/jquery/jquery-plugins.js?ln=primefaces&v=4.0 HTTP/1.1" 304 -
190.60.254.212 - - [02/Dec/2023:10:19:46 -0500] "GET /sipse/faces/javax.faces.resource/primefaces.js?ln=primefaces&v=4.0 HTTP/1.1" 304 -
190.60.254.212 - - [02/Dec/2023:10:19:46 -0500] "GET /sipse/faces/javax.faces.resource/layout/layout.js?ln=primefaces&v=4.0 HTTP/1.1" 304 -
190.60.254.212 - - [02/Dec/2023:10:19:46 -0500] "GET /sipse/css/v_mergente.css HTTP/1.1" 304 -
190.60.254.212 - - [02/Dec/2023:10:19:46 -0500] "GET /sipse/imagenes/cargando.gif HTTP/1.1" 304 -
190.60.254.212 - - [02/Dec/2023:10:19:46 -0500] "GET /sipse/css/imagen/contrasena.png HTTP/1.1" 404 383
190.60.254.212 - - [02/Dec/2023:10:19:46 -0500] "GET /sipse/imagenes/logoAplicacion.jpg HTTP/1.1" 304 -
190.60.254.212 - - [02/Dec/2023:10:19:48 -0500] "GET /sipse/faces/javax.faces.resource/images/ui-bg_flat_0_2d5972_40x100.png?ln=primefaces-aristo HTTP/1.1" 304 -
190.60.254.212 - - [02/Dec/2023:10:19:48 -0500] "POST /sipse/faces/bienvenido.xhtml HTTP/1.1" 200 2658
191.156.61.214 - - [02/Dec/2023:10:19:51 -0500] "GET /retos-de-fin-de-ano-no-extraigas-fauna-silvestre-no-uses-polvora-ni-musgo-bajale-el-volumen-y-dispon-bien-tus-residuos.html HTTP/1.1" 200 820
190.60.254.212 - - [02/Dec/2023:10:19:53 -0500] "POST /sipse/faces/bienvenido.xhtml HTTP/1.1" 200 64500
190.60.254.212 - - [02/Dec/2023:10:19:53 -0500] "GET /sipse/faces/javax.faces.resource/primefaces.css?ln=primefaces&v=4.0 HTTP/1.1" 304 -
190.60.254.212 - - [02/Dec/2023:10:19:53 -0500] "GET /sipse/faces/javax.faces.resource/theme.css?ln=primefaces-sipse HTTP/1.1" 304 -
190.60.254.212 - - [02/Dec/2023:10:19:53 -0500] "GET /sipse/faces/javax.faces.resource/layout/layout.css?ln=primefaces&v=4.0 HTTP/1.1" 304 -
190.60.254.212 - - [02/Dec/2023:10:19:53 -0500] "GET /sipse/faces/javax.faces.resource/jquery/jquery.js?ln=primefaces&v=4.0 HTTP/1.1" 304 -
190.60.254.212 - - [02/Dec/2023:10:19:53 -0500] "GET /sipse/faces/javax.faces.resource/jquery/jquery-plugins.js?ln=primefaces&v=4.0 HTTP/1.1" 304 -
190.60.254.212 - - [02/Dec/2023:10:19:53 -0500] "GET /sipse/faces/javax.faces.resource/primefaces.js?ln=primefaces&v=4.0 HTTP/1.1" 304 -
190.60.254.212 - - [02/Dec/2023:10:19:54 -0500] "GET /sipse/faces/javax.faces.resource/layout/layout.js?ln=primefaces&v=4.0 HTTP/1.1" 304 -
190.60.254.212 - - [02/Dec/2023:10:19:54 -0500] "POST /sipse/faces/presentacion/financiero/solicitudProceso/listarSolicitudProceso.xhtml HTTP/1.1" 200 1564
190.60.254.212 - - [02/Dec/2023:10:19:58 -0500] "POST /sipse/faces/presentacion/financiero/solicitudProceso/listarSolicitudProceso.xhtml HTTP/1.1" 200 4859
190.60.254.212 - - [02/Dec/2023:10:20:14 -0500] "POST /sipse/faces/presentacion/financiero/solicitudProceso/listarSolicitudProceso.xhtml HTTP/1.1" 200 32093
201.245.192.253 - - [02/Dec/2023:10:20:18 -0500] "POST /forms/lservlet;jsessionid=ac16012b30d64ec0b0a9f85d4cd0acdf8f65235348eb.e3iSbxaKaheRe3eRa38MahaQbi1ynknvrkLOlQzNp65In0 HTTP/1.1" 200 2
40.77.167.26 - - [02/Dec/2023:10:20:28 -0500] "GET /BLA/resoluciones/AUTOS%202013/2701.pdf HTTP/1.1" 200 394736
201.245.192.253 - - [02/Dec/2023:10:20:37 -0500] "POST /forms/lservlet;jsessionid=ac16012b30d66bd79d5a81354b569b64ca0b03586396.e3iSbxaKaheRe3eRa38MahaQbi1ynknvrkLOlQzNp65In0 HTTP/1.1" 200 2
201.245.192.253 - - [02/Dec/2023:10:20:39 -0500] "POST /kwsrmcab/Wsrmcab HTTP/1.1" 200 35539
201.245.192.253 - - [02/Dec/2023:10:20:48 -0500] "POST /kwsrmcab/Wsrmcab HTTP/1.1" 200 36819
186.84.20.10 - - [02/Dec/2023:10:21:06 -0500] "POST /sipse/faces/presentacion/financiero/solicitudProceso/consultarSolicitudProceso.xhtml HTTP/1.1" 200 40671
186.84.20.10 - - [02/Dec/2023:10:21:07 -0500] "GET /sipse/faces/javax.faces.resource/jquery/jquery.js?ln=primefaces&v=4.0 HTTP/1.1" 304 -
186.84.20.10 - - [02/Dec/2023:10:21:07 -0500] "GET /sipse/faces/javax.faces.resource/jquery/jquery-plugins.js?ln=primefaces&v=4.0 HTTP/1.1" 304 -
186.84.20.10 - - [02/Dec/2023:10:21:07 -0500] "GET /sipse/faces/javax.faces.resource/primefaces.js?ln=primefaces&v=4.0 HTTP/1.1" 304 -
186.84.20.10 - - [02/Dec/2023:10:21:07 -0500] "GET /sipse/faces/javax.faces.resource/layout/layout.js?ln=primefaces&v=4.0 HTTP/1.1" 304 -
186.84.20.10 - - [02/Dec/2023:10:21:07 -0500] "POST /sipse/faces/presentacion/financiero/solicitudProceso/listarSolicitudProceso.xhtml HTTP/1.1" 200 33946
186.84.20.10 - - [02/Dec/2023:10:21:07 -0500] "POST /sipse/faces/presentacion/financiero/solicitudProceso/listarSolicitudProceso.xhtml HTTP/1.1" 200 33946
186.84.20.10 - - [02/Dec/2023:10:21:07 -0500] "POST /sipse/faces/presentacion/financiero/solicitudProceso/listarSolicitudProceso.xhtml HTTP/1.1" 200 1440
186.84.20.10 - - [02/Dec/2023:10:21:07 -0500] "POST /sipse/faces/presentacion/financiero/solicitudProceso/listarSolicitudProceso.xhtml HTTP/1.1" 200 1440
186.84.20.10 - - [02/Dec/2023:10:21:08 -0500] "POST /sipse/faces/presentacion/financiero/solicitudProceso/listarSolicitudProceso.xhtml HTTP/1.1" 200 1444
172.22.2.4 - - [02/Dec/2023:10:19:30 -0500] "HEAD /BLA/boletinlegal/ HTTP/1.1" 200 -
186.84.20.10 - - [02/Dec/2023:10:21:12 -0500] "POST /sipse/faces/presentacion/financiero/solicitudProceso/listarSolicitudProceso.xhtml HTTP/1.1" 200 119123
186.84.20.10 - - [02/Dec/2023:10:21:13 -0500] "GET /sipse/faces/javax.faces.resource/jquery/jquery.js?ln=primefaces&v=4.0 HTTP/1.1" 304 -
186.84.20.10 - - [02/Dec/2023:10:21:13 -0500] "GET /sipse/faces/javax.faces.resource/jquery/jquery-plugins.js?ln=primefaces&v=4.0 HTTP/1.1" 304 -
186.84.20.10 - - [02/Dec/2023:10:21:13 -0500] "GET /sipse/faces/javax.faces.resource/primefaces.js?ln=primefaces&v=4.0 HTTP/1.1" 304 -
186.84.20.10 - - [02/Dec/2023:10:21:13 -0500] "GET /sipse/faces/javax.faces.resource/layout/layout.js?ln=primefaces&v=4.0 HTTP/1.1" 304 -
186.84.20.10 - - [02/Dec/2023:10:21:21 -0500] "GET /sipse/faces/javax.faces.resource/theme.css?ln=primefaces-sipse HTTP/1.1" 304 -
186.84.20.10 - - [02/Dec/2023:10:21:21 -0500] "GET /sipse/faces/javax.faces.resource/jquery/jquery.js?ln=primefaces&v=4.0 HTTP/1.1" 304 -
186.84.20.10 - - [02/Dec/2023:10:21:21 -0500] "GET /sipse/faces/javax.faces.resource/layout/layout.css?ln=primefaces&v=4.0 HTTP/1.1" 304 -
186.84.20.10 - - [02/Dec/2023:10:21:21 -0500] "GET /sipse/faces/javax.faces.resource/primefaces.css?ln=primefaces&v=4.0 HTTP/1.1" 304 -
186.84.20.10 - - [02/Dec/2023:10:21:21 -0500] "GET /sipse/faces/javax.faces.resource/jquery/jquery-plugins.js?ln=primefaces&v=4.0 HTTP/1.1" 304 -
186.84.20.10 - - [02/Dec/2023:10:21:21 -0500] "GET /sipse/faces/javax.faces.resource/primefaces.js?ln=primefaces&v=4.0 HTTP/1.1" 304 -
186.84.20.10 - - [02/Dec/2023:10:21:21 -0500] "GET /sipse/faces/javax.faces.resource/layout/layout.js?ln=primefaces&v=4.0 HTTP/1.1" 304 -
186.84.20.10 - - [02/Dec/2023:10:21:21 -0500] "GET /sipse/faces/javax.faces.resource/images/ui-icons_898989_256x240.png?ln=primefaces-aristo HTTP/1.1" 304 -
186.84.20.10 - - [02/Dec/2023:10:21:20 -0500] "POST /sipse/faces/presentacion/financiero/solicitudProceso/consultarSolicitudProceso.xhtml HTTP/1.1" 200 164749
186.84.20.21 - - [02/Dec/2023:10:21:23 -0500] "GET /distrito-celebro-el-cumpleanos-del-parque-ecologico-distrital-de-montana-entrenubes.html HTTP/1.1" 200 829
186.84.20.10 - - [02/Dec/2023:10:21:25 -0500] "POST /sipse/faces/presentacion/financiero/solicitudProceso/consultarSolicitudProceso.xhtml HTTP/1.1" 200 19421
186.84.20.10 - - [02/Dec/2023:10:21:25 -0500] "GET /sipse/faces/javax.faces.resource/primefaces.css?ln=primefaces&v=4.0 HTTP/1.1" 304 -
186.84.20.10 - - [02/Dec/2023:10:21:25 -0500] "GET /sipse/faces/javax.faces.resource/theme.css?ln=primefaces-sipse HTTP/1.1" 304 -
186.84.20.10 - - [02/Dec/2023:10:21:25 -0500] "GET /sipse/faces/javax.faces.resource/layout/layout.css?ln=primefaces&v=4.0 HTTP/1.1" 304 -
186.84.20.10 - - [02/Dec/2023:10:21:25 -0500] "GET /sipse/faces/javax.faces.resource/jquery/jquery-plugins.js?ln=primefaces&v=4.0 HTTP/1.1" 304 -
186.84.20.10 - - [02/Dec/2023:10:21:25 -0500] "GET /sipse/faces/javax.faces.resource/primefaces.js?ln=primefaces&v=4.0 HTTP/1.1" 304 -
186.84.20.10 - - [02/Dec/2023:10:21:25 -0500] "GET /sipse/faces/javax.faces.resource/jquery/jquery.js?ln=primefaces&v=4.0 HTTP/1.1" 304 -
186.84.20.10 - - [02/Dec/2023:10:21:25 -0500] "GET /sipse/faces/javax.faces.resource/layout/layout.js?ln=primefaces&v=4.0 HTTP/1.1" 304 -
186.84.20.10 - - [02/Dec/2023:10:21:25 -0500] "GET /sipse/faces/javax.faces.resource/fileupload/fileupload.css?ln=primefaces&v=4.0 HTTP/1.1" 200 1330
186.84.20.10 - - [02/Dec/2023:10:21:25 -0500] "GET /sipse/faces/javax.faces.resource/fileupload/fileupload.js?ln=primefaces&v=4.0 HTTP/1.1" 200 28091
186.84.20.10 - - [02/Dec/2023:10:21:25 -0500] "GET /sipse/faces/javax.faces.resource/images/ui-icons_898989_256x240.png?ln=primefaces-aristo HTTP/1.1" 304 -
186.84.20.10 - - [02/Dec/2023:10:21:33 -0500] "GET /sipse/faces/javax.faces.resource/theme.css?ln=primefaces-sipse HTTP/1.1" 304 -
186.84.20.10 - - [02/Dec/2023:10:21:33 -0500] "GET /sipse/faces/javax.faces.resource/layout/layout.css?ln=primefaces&v=4.0 HTTP/1.1" 304 -
186.84.20.10 - - [02/Dec/2023:10:21:33 -0500] "GET /sipse/faces/javax.faces.resource/primefaces.css?ln=primefaces&v=4.0 HTTP/1.1" 304 -
186.84.20.10 - - [02/Dec/2023:10:21:33 -0500] "GET /sipse/faces/javax.faces.resource/jquery/jquery.js?ln=primefaces&v=4.0 HTTP/1.1" 304 -
186.84.20.10 - - [02/Dec/2023:10:21:33 -0500] "GET /sipse/faces/javax.faces.resource/jquery/jquery-plugins.js?ln=primefaces&v=4.0 HTTP/1.1" 304 -
186.84.20.10 - - [02/Dec/2023:10:21:33 -0500] "GET /sipse/faces/javax.faces.resource/layout/layout.js?ln=primefaces&v=4.0 HTTP/1.1" 304 -
186.84.20.10 - - [02/Dec/2023:10:21:33 -0500] "GET /sipse/faces/javax.faces.resource/primefaces.js?ln=primefaces&v=4.0 HTTP/1.1" 304 -
186.84.20.10 - - [02/Dec/2023:10:21:33 -0500] "GET /sipse/faces/javax.faces.resource/images/ui-icons_898989_256x240.png?ln=primefaces-aristo HTTP/1.1" 304 -
186.84.20.10 - - [02/Dec/2023:10:21:33 -0500] "POST /sipse/faces/presentacion/sistema/anexos/cargarAnexoSolicitudProceso.xhtml HTTP/1.1" 200 166480
186.84.20.10 - - [02/Dec/2023:10:21:36 -0500] "GET /sipse/faces/javax.faces.resource/images/ui-bg_flat_0_2d5972_40x100.png?ln=primefaces-aristo HTTP/1.1" 304 -
186.84.20.10 - - [02/Dec/2023:10:21:36 -0500] "POST /sipse/faces/presentacion/financiero/solicitudProceso/consultarSolicitudProceso.xhtml HTTP/1.1" 200 38068
186.84.20.10 - - [02/Dec/2023:10:21:39 -0500] "GET /sipse/faces/javax.faces.resource/jquery/jquery.js?ln=primefaces&v=4.0 HTTP/1.1" 304 -
186.84.20.10 - - [02/Dec/2023:10:21:39 -0500] "GET /sipse/faces/javax.faces.resource/jquery/jquery-plugins.js?ln=primefaces&v=4.0 HTTP/1.1" 304 -
186.84.20.10 - - [02/Dec/2023:10:21:39 -0500] "GET /sipse/faces/javax.faces.resource/primefaces.js?ln=primefaces&v=4.0 HTTP/1.1" 304 -
186.84.20.10 - - [02/Dec/2023:10:21:39 -0500] "GET /sipse/faces/javax.faces.resource/layout/layout.js?ln=primefaces&v=4.0 HTTP/1.1" 304 -
186.84.20.10 - - [02/Dec/2023:10:21:39 -0500] "GET /sipse/faces/javax.faces.resource/messages/messages.png?ln=primefaces&v=4.0 HTTP/1.1" 304 -
186.84.20.10 - - [02/Dec/2023:10:21:39 -0500] "POST /sipse/faces/presentacion/financiero/solicitudProceso/listarSolicitudProceso.xhtml HTTP/1.1" 200 1420
186.84.20.10 - - [02/Dec/2023:10:21:39 -0500] "POST /sipse/faces/presentacion/financiero/solicitudProceso/listarSolicitudProceso.xhtml HTTP/1.1" 200 1424
186.84.20.10 - - [02/Dec/2023:10:21:50 -0500] "POST /sipse/faces/presentacion/financiero/solicitudProceso/listarSolicitudProceso.xhtml HTTP/1.1" 200 117914
186.84.20.10 - - [02/Dec/2023:10:21:51 -0500] "GET /sipse/faces/javax.faces.resource/jquery/jquery.js?ln=primefaces&v=4.0 HTTP/1.1" 304 -
186.84.20.10 - - [02/Dec/2023:10:21:51 -0500] "GET /sipse/faces/javax.faces.resource/jquery/jquery-plugins.js?ln=primefaces&v=4.0 HTTP/1.1" 304 -
186.84.20.10 - - [02/Dec/2023:10:21:51 -0500] "GET /sipse/faces/javax.faces.resource/primefaces.js?ln=primefaces&v=4.0 HTTP/1.1" 304 -
186.84.20.10 - - [02/Dec/2023:10:21:51 -0500] "GET /sipse/faces/javax.faces.resource/layout/layout.js?ln=primefaces&v=4.0 HTTP/1.1" 304 -
172.22.2.4 - - [02/Dec/2023:10:20:21 -0500] "GET /BLA/boletinlegal/ HTTP/1.1" 200 58644
201.245.192.253 - - [02/Dec/2023:10:22:18 -0500] "POST /forms/lservlet;jsessionid=ac16012b30d64ec0b0a9f85d4cd0acdf8f65235348eb.e3iSbxaKaheRe3eRa38MahaQbi1ynknvrkLOlQzNp65In0 HTTP/1.1" 200 2
201.245.192.253 - - [02/Dec/2023:10:22:17 -0500] "POST /kwsrmcab/Wsrmcab  HTTP/1.1" 200 41956
201.245.192.253 - - [02/Dec/2023:10:22:37 -0500] "POST /forms/lservlet;jsessionid=ac16012b30d66bd79d5a81354b569b64ca0b03586396.e3iSbxaKaheRe3eRa38MahaQbi1ynknvrkLOlQzNp65In0 HTTP/1.1" 200 2
114.119.130.91 - - [02/Dec/2023:10:22:49 -0500] "GET /BLA/resoluciones/index.php?dir=AUTOS%2B2010/&sort=size&order=asc HTTP/1.1" 200 13882
216.245.221.92 - - [02/Dec/2023:10:23:18 -0500] "HEAD / HTTP/1.1" 200 -
186.84.20.10 - - [02/Dec/2023:10:23:24 -0500] "POST /sipse/faces/presentacion/financiero/solicitudProceso/consultarSolicitudProceso.xhtml HTTP/1.1" 200 216377
66.249.66.20 - - [02/Dec/2023:10:23:42 -0500] "GET /robots.txt HTTP/1.1" 404 1018
66.249.66.19 - - [02/Dec/2023:10:23:42 -0500] "GET /BLA/resoluciones/Notificaciones/AUTOS%202020/4783.pdf HTTP/1.1" 200 371582
186.84.20.10 - - [02/Dec/2023:10:23:51 -0500] "POST /sipse/faces/presentacion/financiero/solicitudProceso/consultarSolicitudProceso.xhtml HTTP/1.1" 200 199861
66.249.66.19 - - [02/Dec/2023:10:23:55 -0500] "GET /BLA/resoluciones/RESOLUCIONES%202009/2646.pdf HTTP/1.1" 200 218553
201.245.192.253 - - [02/Dec/2023:10:24:18 -0500] "POST /forms/lservlet;jsessionid=ac16012b30d64ec0b0a9f85d4cd0acdf8f65235348eb.e3iSbxaKaheRe3eRa38MahaQbi1ynknvrkLOlQzNp65In0 HTTP/1.1" 200 2
201.245.192.253 - - [02/Dec/2023:10:24:37 -0500] "POST /forms/lservlet;jsessionid=ac16012b30d66bd79d5a81354b569b64ca0b03586396.e3iSbxaKaheRe3eRa38MahaQbi1ynknvrkLOlQzNp65In0 HTTP/1.1" 200 2
186.84.20.10 - - [02/Dec/2023:10:24:49 -0500] "POST /sipse/faces/presentacion/financiero/solicitudProceso/consultarSolicitudProceso.xhtml HTTP/1.1" 200 38515
186.29.32.101 - - [02/Dec/2023:10:24:52 -0500] "GET /BLA/resoluciones/index.php?dir=AUTOS+2023%2F HTTP/1.1" 200 430456
186.29.32.101 - - [02/Dec/2023:10:24:57 -0500] "GET /BLA/resoluciones/AUTOS%202023/4310.pdf HTTP/1.1" 200 419944
186.84.20.10 - - [02/Dec/2023:10:26:09 -0500] "POST /sipse/faces/presentacion/financiero/solicitudProceso/consultarSolicitudProceso.xhtml HTTP/1.1" 200 2216484
201.245.192.253 - - [02/Dec/2023:10:26:18 -0500] "POST /forms/lservlet;jsessionid=ac16012b30d64ec0b0a9f85d4cd0acdf8f65235348eb.e3iSbxaKaheRe3eRa38MahaQbi1ynknvrkLOlQzNp65In0 HTTP/1.1" 200 2
201.245.192.253 - - [02/Dec/2023:10:26:37 -0500] "POST /forms/lservlet;jsessionid=ac16012b30d66bd79d5a81354b569b64ca0b03586396.e3iSbxaKaheRe3eRa38MahaQbi1ynknvrkLOlQzNp65In0 HTTP/1.1" 200 2
172.22.2.4 - - [02/Dec/2023:10:25:20 -0500] "HEAD /BLA/boletinlegal/ HTTP/1.1" 200 -
201.245.192.253 - - [02/Dec/2023:10:27:01 -0500] "POST /kwsrmcab/Wsrmcab HTTP/1.1" 200 35539
201.245.192.253 - - [02/Dec/2023:10:27:04 -0500] "POST /kwsrmcab/Wsrmcab HTTP/1.1" 200 36819
186.84.20.10 - - [02/Dec/2023:10:27:18 -0500] "GET /sipse/faces/presentacion/sistema/reporte/listarReportes.xhtml HTTP/1.1" 200 20246
186.84.20.10 - - [02/Dec/2023:10:27:18 -0500] "GET /sipse/faces/javax.faces.resource/theme.css?ln=primefaces-sipse HTTP/1.1" 304 -
186.84.20.10 - - [02/Dec/2023:10:27:18 -0500] "GET /sipse/faces/javax.faces.resource/primefaces.css?ln=primefaces&v=4.0 HTTP/1.1" 304 -
186.84.20.10 - - [02/Dec/2023:10:27:18 -0500] "GET /sipse/faces/javax.faces.resource/layout/layout.css?ln=primefaces&v=4.0 HTTP/1.1" 304 -
186.84.20.10 - - [02/Dec/2023:10:27:18 -0500] "GET /sipse/faces/javax.faces.resource/primefaces.js?ln=primefaces&v=4.0 HTTP/1.1" 304 -
186.84.20.10 - - [02/Dec/2023:10:27:18 -0500] "GET /sipse/faces/javax.faces.resource/jquery/jquery-plugins.js?ln=primefaces&v=4.0 HTTP/1.1" 304 -
186.84.20.10 - - [02/Dec/2023:10:27:18 -0500] "GET /sipse/faces/javax.faces.resource/jquery/jquery.js?ln=primefaces&v=4.0 HTTP/1.1" 304 -
186.84.20.10 - - [02/Dec/2023:10:27:18 -0500] "GET /sipse/faces/javax.faces.resource/layout/layout.js?ln=primefaces&v=4.0 HTTP/1.1" 304 -
186.84.20.10 - - [02/Dec/2023:10:27:19 -0500] "GET /sipse/css/imagen/contrasena.png HTTP/1.1" 404 383
186.84.20.10 - - [02/Dec/2023:10:27:19 -0500] "GET /sipse/faces/javax.faces.resource/images/ui-icons_898989_256x240.png?ln=primefaces-aristo HTTP/1.1" 304 -
201.245.192.253 - - [02/Dec/2023:10:27:16 -0500] "POST /kwsrmcab/Wsrmcab  HTTP/1.1" 200 41956
186.84.20.10 - - [02/Dec/2023:10:27:25 -0500] "GET /sipse/faces/presentacion/sistema/reporte/listarReportes.xhtml HTTP/1.1" 200 20246
186.84.20.10 - - [02/Dec/2023:10:27:25 -0500] "GET /sipse/faces/javax.faces.resource/theme.css?ln=primefaces-sipse HTTP/1.1" 304 -
186.84.20.10 - - [02/Dec/2023:10:27:25 -0500] "GET /sipse/faces/javax.faces.resource/primefaces.css?ln=primefaces&v=4.0 HTTP/1.1" 304 -
186.84.20.10 - - [02/Dec/2023:10:27:25 -0500] "GET /sipse/faces/javax.faces.resource/jquery/jquery.js?ln=primefaces&v=4.0 HTTP/1.1" 304 -
186.84.20.10 - - [02/Dec/2023:10:27:25 -0500] "GET /sipse/faces/javax.faces.resource/jquery/jquery-plugins.js?ln=primefaces&v=4.0 HTTP/1.1" 304 -
186.84.20.10 - - [02/Dec/2023:10:27:25 -0500] "GET /sipse/faces/javax.faces.resource/primefaces.js?ln=primefaces&v=4.0 HTTP/1.1" 304 -
186.84.20.10 - - [02/Dec/2023:10:27:25 -0500] "GET /sipse/faces/javax.faces.resource/layout/layout.css?ln=primefaces&v=4.0 HTTP/1.1" 304 -
186.84.20.10 - - [02/Dec/2023:10:27:25 -0500] "GET /sipse/faces/javax.faces.resource/layout/layout.js?ln=primefaces&v=4.0 HTTP/1.1" 304 -
186.84.20.10 - - [02/Dec/2023:10:27:26 -0500] "GET /sipse/css/imagen/contrasena.png HTTP/1.1" 404 383
186.84.20.10 - - [02/Dec/2023:10:27:26 -0500] "GET /sipse/faces/javax.faces.resource/images/ui-icons_898989_256x240.png?ln=primefaces-aristo HTTP/1.1" 304 -
186.84.20.10 - - [02/Dec/2023:10:27:27 -0500] "GET /sipse/faces/javax.faces.resource/images/ui-bg_flat_0_2d5972_40x100.png?ln=primefaces-aristo HTTP/1.1" 304 -
186.84.20.10 - - [02/Dec/2023:10:27:27 -0500] "POST /sipse/faces/presentacion/sistema/reporte/listarReportes.xhtml HTTP/1.1" 200 37572
186.84.20.10 - - [02/Dec/2023:10:27:27 -0500] "GET /sipse/faces/javax.faces.resource/jquery/jquery.js?ln=primefaces&v=4.0 HTTP/1.1" 304 -
186.84.20.10 - - [02/Dec/2023:10:27:27 -0500] "GET /sipse/faces/javax.faces.resource/jquery/jquery-plugins.js?ln=primefaces&v=4.0 HTTP/1.1" 304 -
186.84.20.10 - - [02/Dec/2023:10:27:27 -0500] "GET /sipse/faces/javax.faces.resource/primefaces.js?ln=primefaces&v=4.0 HTTP/1.1" 304 -
186.84.20.10 - - [02/Dec/2023:10:27:28 -0500] "GET /sipse/faces/javax.faces.resource/layout/layout.js?ln=primefaces&v=4.0 HTTP/1.1" 304 -
186.84.20.10 - - [02/Dec/2023:10:27:28 -0500] "POST /sipse/faces/presentacion/financiero/solicitudProceso/listarSolicitudProceso.xhtml HTTP/1.1" 200 1420
186.84.20.10 - - [02/Dec/2023:10:27:32 -0500] "POST /sipse/faces/presentacion/financiero/solicitudProceso/listarSolicitudProceso.xhtml HTTP/1.1" 200 117914
186.84.20.10 - - [02/Dec/2023:10:27:33 -0500] "GET /sipse/faces/javax.faces.resource/jquery/jquery.js?ln=primefaces&v=4.0 HTTP/1.1" 304 -
186.84.20.10 - - [02/Dec/2023:10:27:33 -0500] "GET /sipse/faces/javax.faces.resource/jquery/jquery-plugins.js?ln=primefaces&v=4.0 HTTP/1.1" 304 -
186.84.20.10 - - [02/Dec/2023:10:27:33 -0500] "GET /sipse/faces/javax.faces.resource/primefaces.js?ln=primefaces&v=4.0 HTTP/1.1" 304 -
186.84.20.10 - - [02/Dec/2023:10:27:33 -0500] "GET /sipse/faces/javax.faces.resource/layout/layout.js?ln=primefaces&v=4.0 HTTP/1.1" 304 -
186.84.20.10 - - [02/Dec/2023:10:27:41 -0500] "POST /sipse/faces/presentacion/financiero/solicitudProceso/consultarSolicitudProceso.xhtml HTTP/1.1" 200 5461
186.84.20.10 - - [02/Dec/2023:10:27:41 -0500] "GET /sipse/faces/javax.faces.resource/dynamiccontent.properties?ln=primefaces&pfdrid=XjOR5%2F%2FfPAZAuY9TpWQeCiM0BhlXxYRBGKi%2FQcXXfeA%3D&pfdrid_c=false HTTP/1.1" 200 117391
172.22.2.4 - - [02/Dec/2023:10:26:11 -0500] "GET /BLA/boletinlegal/ HTTP/1.1" 200 60634
207.46.13.116 - - [02/Dec/2023:10:28:00 -0500] "GET /BLA/resoluciones/RESOLUCIONES%202021/3945.pdf HTTP/1.1" 200 377748
216.245.221.92 - - [02/Dec/2023:10:28:18 -0500] "HEAD / HTTP/1.1" 200 -
201.245.192.253 - - [02/Dec/2023:10:28:18 -0500] "POST /forms/lservlet;jsessionid=ac16012b30d64ec0b0a9f85d4cd0acdf8f65235348eb.e3iSbxaKaheRe3eRa38MahaQbi1ynknvrkLOlQzNp65In0 HTTP/1.1" 200 2
201.245.192.253 - - [02/Dec/2023:10:28:37 -0500] "POST /forms/lservlet;jsessionid=ac16012b30d66bd79d5a81354b569b64ca0b03586396.e3iSbxaKaheRe3eRa38MahaQbi1ynknvrkLOlQzNp65In0 HTTP/1.1" 200 2
66.249.66.20 - - [02/Dec/2023:10:29:18 -0500] "GET /BLA/resoluciones/RESOLUCIONES%202017/2068.pdf HTTP/1.1" 200 304914
181.53.71.64 - - [02/Dec/2023:10:29:34 -0500] "GET /nata-de-contaminacion-fenomeno-de-inversion-termica-que-se-presenta-en-bogota.html HTTP/1.1" 200 751
193.136.124.207 - - [02/Dec/2023:10:30:00 -0500] "GET /bogota-cuenta-con-nuevo-modelo-de-residuos-de-construccion-y-demolicion.html HTTP/1.1" 200 783
201.245.192.253 - - [02/Dec/2023:10:30:18 -0500] "POST /forms/lservlet;jsessionid=ac16012b30d64ec0b0a9f85d4cd0acdf8f65235348eb.e3iSbxaKaheRe3eRa38MahaQbi1ynknvrkLOlQzNp65In0 HTTP/1.1" 200 2
201.245.192.253 - - [02/Dec/2023:10:30:37 -0500] "POST /forms/lservlet;jsessionid=ac16012b30d66bd79d5a81354b569b64ca0b03586396.e3iSbxaKaheRe3eRa38MahaQbi1ynknvrkLOlQzNp65In0 HTTP/1.1" 200 2
201.245.192.253 - - [02/Dec/2023:10:30:40 -0500] "POST /kwsrmcab/Wsrmcab HTTP/1.1" 200 35539
201.245.192.253 - - [02/Dec/2023:10:30:48 -0500] "POST /kwsrmcab/Wsrmcab HTTP/1.1" 200 36819
186.102.2.196 - - [02/Dec/2023:10:31:08 -0500] "GET /kwssiamovil/sm/ldap/au?x=U2FsdGVkX1/rxeec87ZDPrRUGpNWgc07dz/GD0662FeFuxkTxb1TkJTni7qLbZ32&y=U2FsdGVkX19r/q9FCniF3qGPl/jZFZlQCI37zxc1JFRjRoe9RlTqyJhi0o7iUYwf HTTP/1.1" 200 30
186.102.2.196 - - [02/Dec/2023:10:31:08 -0500] "GET /kwssiamovil/sm/acme/s?s=U2FsdGVkX1+47ZqzrN/2kHJ/aYTkULo4rdt2kydwLyLWuHVZAQYIjlaS7Viw5NwsraFIO54RNALMqS6AVOaRhFzQyPty48oDNV/NNUcdkmU=&u=U2FsdGVkX19kxuk+B+1Hitu+fXHzsV+gvgpO3NQIdKo=&y=U2FsdGVkX19r/q9FCniF3qGPl/jZFZlQCI37zxc1JFRjRoe9RlTqyJhi0o7iUYwf HTTP/1.1" 200 97
186.102.2.196 - - [02/Dec/2023:10:31:08 -0500] "GET /kwssiamovil/sm/acme/s?s=U2FsdGVkX1+jj7UklnP0FJg75YNOygH65/CwIeHE9fqRTdYcaHVS2ZfQsYT5axdI3HUEfIT91PtCrw3P8PMfeUU0YEOOnHV+buyVgGK2Ft/cZRiYXTfLbQ82pgkgx1KFqd4u879sJV7LWhu6y1G9ZSvJz6lm8J0ZEjI2ARUD4vJ1sEoxbmVsK3Ur+NRQvZVRKryCFgbpZZEMtM34FQtEv603UaiEEqe3dANYfA+jQv4wwF1+7auYImDxFJRYlzNDoekux27Pnw6w4JV+hzX1nxEtj4iY4cYnGueuWUiyZRutHrP5snr1Bz5kpDEOQpouqbrKLaK+/l9HX1GiFvzsY2AMvf/PZfqU4yYK+NcDr1rI4hgkX/nK7Jwx8qPbKnX4MLQqKXRnFxqdu9G3G0NF5tQCVMMhjYWG03ZKkAwbf/KOO4LWEd0Cap7nwsBuHB2Wa7ERQn2pGx7cXQ6BpTF4Ebzqb1K/Gs1RzXNBA6wAD/ECbXCYsDxxww7N/VsuGf81IWvTmbMerEJZDdjB/UvV0mh9dzMsglqOAbVgbuCESryOUoVz8isq5yv2yGczssqhOfcJe8XuU72HzGQsH9JwFClic35uUciWmKOEnc5CC54SMflm+eC3CiscdyhkZEUdJMQf5VCE5lwl8/zeS/CSV4YljUi9YoBh+3nU0sPjx/VN5uogQ/6UTg/Vl4G7d+j+gnN2bDzNPgUE8fa0WQA2vPBAHRBcCM9inNStxNClhTEYLcVNEGkLsA+huEyNgk1UvgX5fZaUrtgb8/UzuGzP7lwrmZ8CvrR5wPkDUkrgR1aC70ZOrcWB3WLEiGPYOnfLEkDiH/iAomnVpDjUeZMT54qNE38ovCXQhEyUvH77VVo24+V7tL0gM5b8U8IpeNgM5jHtZHwTL+rgzokbIxtu5mVcKDkF9WqVt3ZuDZaDBPxBsBMFfa09dSE3A+kRTb2AgqTK+ei+2/u7LjkyaYZdnQdf9AztUEbuR8W14jgZuEqdhtGSzqRG8cFcNILZLvRvk1pF85XZGX4M6DnnILPSl3dlJvXsIZ0KSOe2Emqni3JncTgDZzUTD27c6PkVCFuwYbZodt4ASL3f14ULYsU9K+JKfhIWPlWvqQrp039EpybsqUkDYb3sW4Rrd0ixSH7zu+1H684egaVFu0Ps/xCebJnRvkYqUOLuLZgr7Vi+FmY5/i+Ll2XXlfJouJ1L3XOJyCUPserf0RRtAFzPvuX56PlXraEPOynhGdjqrEbynKv9/p4KqM6shbjBZtdK8vBzbpjfoxHul66VASGQDL0q1E9L/USgUopitky1ZxkEAKUReH87K6URNcGMFKds9ZT92nEdgi3phxOjd0DVzAY5YLVv1W27WbfV+4fNfrYf0Vm/AbHIOS9dnQBCZaSUZBq52y+3OnemldnFc+qNMuKL9d3b+Ch70tCKuMIToADFGy1IVvUr0DOvhXraQfe1rJYopZKzua3R5rU3ghrf3dDsTfPTN/AfOz/29EuFIMqi7YqrPkrY7P/vKN7YJM8wZX6r+gd+k8Ppx4A8qkX0REb6IzgnDxJLiLPvaWow5aMEd4BtEFHN0PnM/Cw5TM8N0gdBpEsG0WJLJ0J2kFnQPQnUOVuRzQ+01KfzevJyRFmYP0t57YPgvgLzZGzpDLHmMmTxb1fPkkHBxkwEGlKq55bJkCv1NW45SvUvwKtl74hnencIlM6mJ2lNs6ClkMUCBDlgQQqPSO04MXmuA9EZMBzbvXyEE/G4rZVWHN84yvw5JQM=&u=U2FsdGVkX19kxuk+B+1Hitu+fXHzsV+gvgpO3NQIdKo=&y=U2FsdGVkX19r/q9FCniF3qGPl/jZFZlQCI37zxc1JFRjRoe9RlTqyJhi0o7iUYwf HTTP/1.1" 200 3233
186.102.2.196 - - [02/Dec/2023:10:31:08 -0500] "GET /kwssiamovil/sm/acme/s?s=U2FsdGVkX18N0a+VVdAsyZvKrnkkXiuYKNTjByXTJtyrW8rM67dPthLJoTbfUBVN8mgDWdyDwLVBDQuAxng0aEge3w8vCbt6meu8vdZ8bW5epQ7F5e8vSVlWHLr5bwK50DNMSS6mJragdgpxTW+70Xl7Z71XGJOn8RgfzadL1Ky1s5UWQD3W9tblWdi/t1cIC+Phtc1smdG+UXig1ELcCxJMP5q9mhqp6CzDjmgJ7oVhJ3NzokS+9Hce+hsyW1d3T0HYUDOarB0d1b2o0uOUVbid6/GTWUesC/3t2SUq1BOF+Vn//eheZMuoUsEwYKGfvXSNqQVZhz9qETEAV3bOmntSlztibHeu8+etKfMwT4T19plUVWjPzkQbpSSyMrWdb+AjQK+XSG14SDuN0l9eyA0tZ2zWJFD04I36/MNAvWuhCJNrRxB+4rm/ExvcybpfMWXfgYoDajYblfdmoEmeaCQcrY6hdywZrIDjj5n21Tvdu/3AMV67ZOkko10U9ngEWrGifvVpTNUlCEfyjTn+eprrMjmAYrpD0APT5Bm+6N+BtBjqzZ3eM636gwIr3e1B7naIsrKrWI0W4wqxOiDOUdcYDuxWUlqctnbq9JdXnOTditZDyJGwZTm/RZGoQ3ZZ2ea7g0ae48pGB49FlO8LQzjK4BgwiJI+5QBm5nw4mIPkSU1mXSjY0J4FQxssyUjvSxix51rmnxn436CfYyZh0OnaNR0/+InMfDNyNCPMkjPtt2Wi45pz4IC9uN+RkqHj&u=U2FsdGVkX19kxuk+B+1Hitu+fXHzsV+gvgpO3NQIdKo=&y=U2FsdGVkX19r/q9FCniF3qGPl/jZFZlQCI37zxc1JFRjRoe9RlTqyJhi0o7iUYwf HTTP/1.1" 200 208
186.102.2.196 - - [02/Dec/2023:10:31:09 -0500] "GET /kwssiamovil/sm/cjson/pre?f=1&x=U2FsdGVkX1/rxeec87ZDPrRUGpNWgc07dz/GD0662FeFuxkTxb1TkJTni7qLbZ32 HTTP/1.1" 200 31032
201.245.192.253 - - [02/Dec/2023:10:32:15 -0500] "POST /kwsrmcab/Wsrmcab  HTTP/1.1" 200 41956
201.245.192.253 - - [02/Dec/2023:10:32:18 -0500] "POST /forms/lservlet;jsessionid=ac16012b30d64ec0b0a9f85d4cd0acdf8f65235348eb.e3iSbxaKaheRe3eRa38MahaQbi1ynknvrkLOlQzNp65In0 HTTP/1.1" 200 2
201.245.192.253 - - [02/Dec/2023:10:32:37 -0500] "POST /forms/lservlet;jsessionid=ac16012b30d66bd79d5a81354b569b64ca0b03586396.e3iSbxaKaheRe3eRa38MahaQbi1ynknvrkLOlQzNp65In0 HTTP/1.1" 200 2
172.22.2.4 - - [02/Dec/2023:10:31:10 -0500] "HEAD /BLA/boletinlegal/ HTTP/1.1" 200 -
216.245.221.92 - - [02/Dec/2023:10:33:18 -0500] "HEAD / HTTP/1.1" 200 -
172.22.2.4 - - [02/Dec/2023:10:32:01 -0500] "GET /BLA/boletinlegal/ HTTP/1.1" 200 60634
201.245.192.253 - - [02/Dec/2023:10:34:18 -0500] "POST /forms/lservlet;jsessionid=ac16012b30d64ec0b0a9f85d4cd0acdf8f65235348eb.e3iSbxaKaheRe3eRa38MahaQbi1ynknvrkLOlQzNp65In0 HTTP/1.1" 200 2
199.45.154.50 - - [02/Dec/2023:10:34:30 -0500] "GET / HTTP/1.1" 200 319
199.45.154.50 - - [02/Dec/2023:10:34:36 -0500] "GET / HTTP/1.1" 200 319
201.245.192.253 - - [02/Dec/2023:10:34:37 -0500] "POST /forms/lservlet;jsessionid=ac16012b30d66bd79d5a81354b569b64ca0b03586396.e3iSbxaKaheRe3eRa38MahaQbi1ynknvrkLOlQzNp65In0 HTTP/1.1" 200 2
199.45.154.50 - - [02/Dec/2023:10:34:37 -0500] "PRI * HTTP/2.0" 400 946
199.45.154.50 - - [02/Dec/2023:10:34:39 -0500] "GET /favicon.ico HTTP/1.1" 200 7782
201.245.192.253 - - [02/Dec/2023:10:35:36 -0500] "POST /sipse/faces/autenticacion.xhtml HTTP/1.1" 200 11235
201.245.192.253 - - [02/Dec/2023:10:35:36 -0500] "GET /sipse/css/custom_css_sg_prime.css HTTP/1.1" 200 5201
201.245.192.253 - - [02/Dec/2023:10:35:36 -0500] "GET /sipse/faces/javax.faces.resource/jquery/jquery.js?ln=primefaces&v=4.0 HTTP/1.1" 304 -
201.245.192.253 - - [02/Dec/2023:10:35:36 -0500] "GET /sipse/faces/javax.faces.resource/jquery/jquery-plugins.js?ln=primefaces&v=4.0 HTTP/1.1" 304 -
201.245.192.253 - - [02/Dec/2023:10:35:36 -0500] "GET /sipse/faces/javax.faces.resource/primefaces.js?ln=primefaces&v=4.0 HTTP/1.1" 304 -
201.245.192.253 - - [02/Dec/2023:10:35:37 -0500] "GET /sipse/faces/javax.faces.resource/layout/layout.js?ln=primefaces&v=4.0 HTTP/1.1" 304 -
201.245.192.253 - - [02/Dec/2023:10:35:37 -0500] "GET /sipse/faces/javax.faces.resource/messages/messages.png?ln=primefaces&v=4.0 HTTP/1.1" 200 27209
201.245.192.253 - - [02/Dec/2023:10:35:42 -0500] "POST /sipse/faces/presentacion/sistema/seguridad/seleccionRol.xhtml HTTP/1.1" 200 5600
201.245.192.253 - - [02/Dec/2023:10:35:43 -0500] "POST /sipse/faces/presentacion/sistema/seguridad/seleccionRol.xhtml HTTP/1.1" 200 17678
201.245.192.253 - - [02/Dec/2023:10:35:44 -0500] "GET /sipse/js/jquery.min.js HTTP/1.1" 304 -
201.245.192.253 - - [02/Dec/2023:10:35:44 -0500] "GET /sipse/faces/javax.faces.resource/jquery/jquery.js?ln=primefaces&v=4.0 HTTP/1.1" 304 -
201.245.192.253 - - [02/Dec/2023:10:35:44 -0500] "GET /sipse/faces/javax.faces.resource/jquery/jquery-plugins.js?ln=primefaces&v=4.0 HTTP/1.1" 304 -
201.245.192.253 - - [02/Dec/2023:10:35:44 -0500] "GET /sipse/faces/javax.faces.resource/primefaces.js?ln=primefaces&v=4.0 HTTP/1.1" 304 -
201.245.192.253 - - [02/Dec/2023:10:35:44 -0500] "GET /sipse/faces/javax.faces.resource/layout/layout.js?ln=primefaces&v=4.0 HTTP/1.1" 304 -
201.245.192.253 - - [02/Dec/2023:10:35:44 -0500] "GET /sipse/css/v_mergente.css HTTP/1.1" 200 1505
201.245.192.253 - - [02/Dec/2023:10:35:44 -0500] "GET /sipse/css/imagen/contrasena.png HTTP/1.1" 404 383
201.245.192.253 - - [02/Dec/2023:10:35:44 -0500] "GET /sipse/imagenes/cargando.gif HTTP/1.1" 200 36959
201.245.192.253 - - [02/Dec/2023:10:35:44 -0500] "GET /sipse/imagenes/logoAplicacion.jpg HTTP/1.1" 200 155084
201.245.192.253 - - [02/Dec/2023:10:35:46 -0500] "GET /sipse/faces/javax.faces.resource/images/ui-bg_flat_0_2d5972_40x100.png?ln=primefaces-aristo HTTP/1.1" 200 183
201.245.192.253 - - [02/Dec/2023:10:35:46 -0500] "POST /sipse/faces/bienvenido.xhtml HTTP/1.1" 200 3246
201.245.192.253 - - [02/Dec/2023:10:35:48 -0500] "POST /sipse/faces/bienvenido.xhtml HTTP/1.1" 200 2055
66.249.66.19 - - [02/Dec/2023:10:35:48 -0500] "GET /BLA/resoluciones/Notificaciones/AUTOS%202022/6311.pdf HTTP/1.1" 200 413303
201.245.192.253 - - [02/Dec/2023:10:35:49 -0500] "POST /sipse/faces/bienvenido.xhtml HTTP/1.1" 200 84052
201.245.192.253 - - [02/Dec/2023:10:36:10 -0500] "GET /sipse/faces/javax.faces.resource/jquery/jquery.js?ln=primefaces&v=4.0 HTTP/1.1" 304 -
201.245.192.253 - - [02/Dec/2023:10:36:10 -0500] "GET /sipse/faces/javax.faces.resource/jquery/jquery-plugins.js?ln=primefaces&v=4.0 HTTP/1.1" 304 -
201.245.192.253 - - [02/Dec/2023:10:36:10 -0500] "GET /sipse/faces/javax.faces.resource/primefaces.js?ln=primefaces&v=4.0 HTTP/1.1" 304 -
201.245.192.253 - - [02/Dec/2023:10:36:10 -0500] "GET /sipse/faces/javax.faces.resource/layout/layout.js?ln=primefaces&v=4.0 HTTP/1.1" 304 -
201.245.192.253 - - [02/Dec/2023:10:36:16 -0500] "POST /sipse/faces/presentacion/proyectos/proyecto/listarProyecto.xhtml HTTP/1.1" 200 163
201.245.192.253 - - [02/Dec/2023:10:36:18 -0500] "POST /forms/lservlet;jsessionid=ac16012b30d64ec0b0a9f85d4cd0acdf8f65235348eb.e3iSbxaKaheRe3eRa38MahaQbi1ynknvrkLOlQzNp65In0 HTTP/1.1" 200 2
201.245.192.253 - - [02/Dec/2023:10:36:18 -0500] "GET /sipse/faces/javax.faces.resource/theme.css?ln=primefaces-sipse HTTP/1.1" 304 -
201.245.192.253 - - [02/Dec/2023:10:36:18 -0500] "GET /sipse/faces/javax.faces.resource/primefaces.css?ln=primefaces&v=4.0 HTTP/1.1" 304 -
201.245.192.253 - - [02/Dec/2023:10:36:18 -0500] "GET /sipse/faces/javax.faces.resource/layout/layout.css?ln=primefaces&v=4.0 HTTP/1.1" 304 -
201.245.192.253 - - [02/Dec/2023:10:36:18 -0500] "GET /sipse/faces/javax.faces.resource/jquery/jquery-plugins.js?ln=primefaces&v=4.0 HTTP/1.1" 304 -
201.245.192.253 - - [02/Dec/2023:10:36:18 -0500] "GET /sipse/faces/javax.faces.resource/jquery/jquery.js?ln=primefaces&v=4.0 HTTP/1.1" 304 -
201.245.192.253 - - [02/Dec/2023:10:36:18 -0500] "GET /sipse/faces/javax.faces.resource/layout/layout.js?ln=primefaces&v=4.0 HTTP/1.1" 304 -
201.245.192.253 - - [02/Dec/2023:10:36:18 -0500] "GET /sipse/faces/javax.faces.resource/primefaces.js?ln=primefaces&v=4.0 HTTP/1.1" 304 -
201.245.192.253 - - [02/Dec/2023:10:36:17 -0500] "GET /sipse/faces/presentacion/proyectos/proyecto/proyecto.xhtml HTTP/1.1" 200 90212
201.245.192.253 - - [02/Dec/2023:10:36:19 -0500] "GET /sipse/faces/javax.faces.resource/images/ui-icons_898989_256x240.png?ln=primefaces-aristo HTTP/1.1" 304 -
201.245.192.253 - - [02/Dec/2023:10:36:19 -0500] "GET /sipse/faces/javax.faces.resource/images/ui-bg_flat_0_2d5972_40x100.png?ln=primefaces-aristo HTTP/1.1" 304 -
201.245.192.253 - - [02/Dec/2023:10:36:19 -0500] "POST /sipse/faces/presentacion/proyectos/proyecto/proyecto.xhtml HTTP/1.1" 200 3269
201.245.192.253 - - [02/Dec/2023:10:36:26 -0500] "POST /sipse/faces/presentacion/proyectos/proyecto/proyecto.xhtml HTTP/1.1" 200 43455
201.245.192.253 - - [02/Dec/2023:10:36:28 -0500] "GET /sipse/faces/javax.faces.resource/spacer/dot_clear.gif?ln=primefaces&v=4.0 HTTP/1.1" 200 42
66.249.66.20 - - [02/Dec/2023:10:36:29 -0500] "GET /BLA/resoluciones/RESOLUCIONES%202017/3002.pdf HTTP/1.1" 200 307060
201.245.192.253 - - [02/Dec/2023:10:36:28 -0500] "POST /sipse/faces/presentacion/proyectos/proyecto/proyecto.xhtml HTTP/1.1" 200 3959
201.245.192.253 - - [02/Dec/2023:10:36:33 -0500] "POST /sipse/faces/presentacion/proyectos/proyecto/proyecto.xhtml HTTP/1.1" 200 53955
201.245.192.253 - - [02/Dec/2023:10:36:37 -0500] "POST /forms/lservlet;jsessionid=ac16012b30d66bd79d5a81354b569b64ca0b03586396.e3iSbxaKaheRe3eRa38MahaQbi1ynknvrkLOlQzNp65In0 HTTP/1.1" 200 2
201.245.192.253 - - [02/Dec/2023:10:37:00 -0500] "POST /kwsrmcab/Wsrmcab HTTP/1.1" 200 35539
201.245.192.253 - - [02/Dec/2023:10:37:03 -0500] "POST /kwsrmcab/Wsrmcab HTTP/1.1" 200 36819
207.46.13.128 - - [02/Dec/2023:10:37:09 -0500] "GET /portaldeninos/?s= HTTP/1.1" 200 85920
201.245.192.253 - - [02/Dec/2023:10:37:14 -0500] "POST /kwsrmcab/Wsrmcab  HTTP/1.1" 200 41956
186.84.20.10 - - [02/Dec/2023:10:37:38 -0500] "POST /sipse/faces/presentacion/financiero/solicitudProceso/consultarSolicitudProceso.xhtml HTTP/1.1" 200 35051
186.84.20.10 - - [02/Dec/2023:10:37:41 -0500] "GET /sipse/faces/javax.faces.resource/jquery/jquery.js?ln=primefaces&v=4.0 HTTP/1.1" 304 -
186.84.20.10 - - [02/Dec/2023:10:37:41 -0500] "GET /sipse/faces/javax.faces.resource/jquery/jquery-plugins.js?ln=primefaces&v=4.0 HTTP/1.1" 304 -
186.84.20.10 - - [02/Dec/2023:10:37:41 -0500] "GET /sipse/faces/javax.faces.resource/primefaces.js?ln=primefaces&v=4.0 HTTP/1.1" 304 -
186.84.20.10 - - [02/Dec/2023:10:37:41 -0500] "GET /sipse/faces/javax.faces.resource/layout/layout.js?ln=primefaces&v=4.0 HTTP/1.1" 304 -
186.84.20.10 - - [02/Dec/2023:10:37:41 -0500] "GET /sipse/faces/javax.faces.resource/messages/messages.png?ln=primefaces&v=4.0 HTTP/1.1" 304 -
186.84.20.10 - - [02/Dec/2023:10:37:41 -0500] "POST /sipse/faces/presentacion/financiero/solicitudProceso/listarSolicitudProceso.xhtml HTTP/1.1" 200 1396
186.84.20.10 - - [02/Dec/2023:10:38:07 -0500] "POST /sipse/faces/presentacion/financiero/solicitudProceso/listarSolicitudProceso.xhtml HTTP/1.1" 200 27884
186.84.20.10 - - [02/Dec/2023:10:38:07 -0500] "POST /sipse/faces/presentacion/financiero/solicitudProceso/listarSolicitudProceso.xhtml HTTP/1.1" 200 27884
186.84.20.10 - - [02/Dec/2023:10:38:07 -0500] "POST /sipse/faces/presentacion/financiero/solicitudProceso/listarSolicitudProceso.xhtml HTTP/1.1" 200 27884
186.84.20.10 - - [02/Dec/2023:10:38:07 -0500] "POST /sipse/faces/presentacion/financiero/solicitudProceso/listarSolicitudProceso.xhtml HTTP/1.1" 200 27884
186.84.20.10 - - [02/Dec/2023:10:38:08 -0500] "POST /sipse/faces/presentacion/financiero/solicitudProceso/listarSolicitudProceso.xhtml HTTP/1.1" 200 1396
186.84.20.10 - - [02/Dec/2023:10:38:08 -0500] "POST /sipse/faces/presentacion/financiero/solicitudProceso/listarSolicitudProceso.xhtml HTTP/1.1" 200 1392
186.84.20.10 - - [02/Dec/2023:10:38:08 -0500] "POST /sipse/faces/presentacion/financiero/solicitudProceso/listarSolicitudProceso.xhtml HTTP/1.1" 200 1404
186.84.20.10 - - [02/Dec/2023:10:38:08 -0500] "POST /sipse/faces/presentacion/financiero/solicitudProceso/listarSolicitudProceso.xhtml HTTP/1.1" 200 1392
216.245.221.92 - - [02/Dec/2023:10:38:18 -0500] "HEAD / HTTP/1.1" 200 -
201.245.192.253 - - [02/Dec/2023:10:38:18 -0500] "POST /forms/lservlet;jsessionid=ac16012b30d64ec0b0a9f85d4cd0acdf8f65235348eb.e3iSbxaKaheRe3eRa38MahaQbi1ynknvrkLOlQzNp65In0 HTTP/1.1" 200 2
201.245.192.253 - - [02/Dec/2023:10:38:37 -0500] "POST /forms/lservlet;jsessionid=ac16012b30d66bd79d5a81354b569b64ca0b03586396.e3iSbxaKaheRe3eRa38MahaQbi1ynknvrkLOlQzNp65In0 HTTP/1.1" 200 2
74.235.70.86 - - [02/Dec/2023:10:38:38 -0500] "GET /distrito-celebro-el-cumpleanos-del-parque-ecologico-distrital-de-montana-entrenubes.html HTTP/1.1" 200 829
172.22.2.4 - - [02/Dec/2023:10:37:00 -0500] "HEAD /BLA/boletinlegal/ HTTP/1.1" 200 -
66.249.66.19 - - [02/Dec/2023:10:38:53 -0500] "GET /resoluciones/RESOLUCIONES%202008/3740.pdf HTTP/1.1" 404 1018
66.249.66.20 - - [02/Dec/2023:10:39:27 -0500] "GET /BLA/resoluciones/AUTOS%202017/2914.pdf HTTP/1.1" 200 256996
172.22.2.4 - - [02/Dec/2023:10:37:51 -0500] "GET /BLA/boletinlegal/ HTTP/1.1" 200 58294
23.22.35.162 - - [02/Dec/2023:10:39:57 -0500] "GET /robots.txt HTTP/1.1" 404 1034
52.70.240.171 - - [02/Dec/2023:10:39:59 -0500] "GET /consulta-y-conoce-los-proyectos-de-resolucion-de-para-los-planes-de-manejo-ambiental-de-cinco-humedales-en-bogota.html HTTP/1.1" 200 971
201.245.192.253 - - [02/Dec/2023:10:40:18 -0500] "POST /forms/lservlet;jsessionid=ac16012b30d64ec0b0a9f85d4cd0acdf8f65235348eb.e3iSbxaKaheRe3eRa38MahaQbi1ynknvrkLOlQzNp65In0 HTTP/1.1" 200 2
201.245.192.253 - - [02/Dec/2023:10:40:37 -0500] "POST /forms/lservlet;jsessionid=ac16012b30d66bd79d5a81354b569b64ca0b03586396.e3iSbxaKaheRe3eRa38MahaQbi1ynknvrkLOlQzNp65In0 HTTP/1.1" 200 2
201.245.192.253 - - [02/Dec/2023:10:40:40 -0500] "POST /kwsrmcab/Wsrmcab HTTP/1.1" 200 35539
201.245.192.253 - - [02/Dec/2023:10:40:48 -0500] "POST /kwsrmcab/Wsrmcab HTTP/1.1" 200 36819
172.22.2.4 - - [02/Dec/2023:10:40:53 -0500] "GET /BLA/boletinlegal/styles2.css HTTP/1.1" 200 1838
172.22.2.4 - - [02/Dec/2023:10:40:53 -0500] "GET /BLA/boletinlegal/style.css HTTP/1.1" 200 9406
172.22.2.4 - - [02/Dec/2023:10:40:53 -0500] "GET /BLA/boletinlegal/js/jquery.scrollTo-min.js HTTP/1.1" 200 1150
172.22.2.4 - - [02/Dec/2023:10:40:53 -0500] "GET /BLA/boletinlegal/js/jquery.js HTTP/1.1" 200 57254
172.22.2.4 - - [02/Dec/2023:10:40:53 -0500] "GET /BLA/boletinlegal/js/jquery.scrollShow.js HTTP/1.1" 200 4586
172.22.2.4 - - [02/Dec/2023:10:40:53 -0500] "GET /BLA/boletinlegal/images/cabezote%20BLEGAL.jpg HTTP/1.1" 200 118164
172.22.2.4 - - [02/Dec/2023:10:40:53 -0500] "GET /BLA/boletinlegal/images/subscribe-icon-big.png HTTP/1.1" 200 47702
172.22.2.4 - - [02/Dec/2023:10:40:53 -0500] "GET /BLA/boletinlegal/images/historia.png HTTP/1.1" 200 52775
172.22.2.4 - - [02/Dec/2023:10:40:53 -0500] "GET /BLA/boletinlegal/images/registro-usuarios.png HTTP/1.1" 200 8106
172.22.2.4 - - [02/Dec/2023:10:40:53 -0500] "GET /BLA/boletinlegal/images/arr_l.jpg HTTP/1.1" 200 1979
172.22.2.4 - - [02/Dec/2023:10:40:53 -0500] "GET /BLA/boletinlegal/images/body_bg.jpg HTTP/1.1" 200 1601
172.22.2.4 - - [02/Dec/2023:10:40:53 -0500] "GET /BLA/boletinlegal/images/menu_lft.gif HTTP/1.1" 200 1713
172.22.2.4 - - [02/Dec/2023:10:40:53 -0500] "GET /BLA/boletinlegal/images/bg_top.jpg HTTP/1.1" 200 522
172.22.2.4 - - [02/Dec/2023:10:40:53 -0500] "GET /BLA/boletinlegal/images/menu_rght.gif HTTP/1.1" 200 1627
172.22.2.4 - - [02/Dec/2023:10:40:53 -0500] "GET /BLA/boletinlegal/images/menu_bg.jpg HTTP/1.1" 200 620
172.22.2.4 - - [02/Dec/2023:10:40:53 -0500] "GET /BLA/boletinlegal/images/text.jpg HTTP/1.1" 200 568
172.22.2.4 - - [02/Dec/2023:10:40:53 -0500] "GET /BLA/boletinlegal/images/launch.jpg HTTP/1.1" 200 14577
172.22.2.4 - - [02/Dec/2023:10:40:53 -0500] "GET /BLA/boletinlegal/images/hover.jpg HTTP/1.1" 200 640
172.22.2.4 - - [02/Dec/2023:10:40:53 -0500] "GET /BLA/boletinlegal/images/screen_1.png HTTP/1.1" 200 202547
172.22.2.4 - - [02/Dec/2023:10:41:00 -0500] "GET /BLA/boletinlegal/images/arr_r.jpg HTTP/1.1" 200 1998
172.22.2.4 - - [02/Dec/2023:10:41:00 -0500] "GET /BLA/boletinlegal/images/screen_3.png HTTP/1.1" 200 210620
172.22.2.4 - - [02/Dec/2023:10:41:00 -0500] "GET /BLA/boletinlegal/images/screen_5.png HTTP/1.1" 200 368876
172.22.2.4 - - [02/Dec/2023:10:41:00 -0500] "GET /BLA/boletinlegal/images/screen_2.png HTTP/1.1" 200 362502
172.22.2.4 - - [02/Dec/2023:10:41:00 -0500] "GET /BLA/boletinlegal/images/footer_bg.jpg HTTP/1.1" 200 586
172.22.2.4 - - [02/Dec/2023:10:41:08 -0500] "GET /BLA/boletinlegal/images/pdf.gif HTTP/1.1" 200 567
172.22.2.4 - - [02/Dec/2023:10:41:14 -0500] "GET /BLA/boletinlegal/actos.php HTTP/1.1" 200 9682
172.22.2.4 - - [02/Dec/2023:10:41:14 -0500] "GET /BLA/boletinlegal/js/ajax_actos.js HTTP/1.1" 200 1322
172.22.2.4 - - [02/Dec/2023:10:41:14 -0500] "GET /BLA/boletinlegal/niceforms-default.css HTTP/1.1" 200 6694
172.22.2.4 - - [02/Dec/2023:10:41:15 -0500] "GET /BLA/boletinlegal/js/lib.js HTTP/1.1" 200 6474
172.22.2.4 - - [02/Dec/2023:10:41:15 -0500] "GET /BLA/boletinlegal/niceforms.js HTTP/1.1" 200 22876
172.22.2.4 - - [02/Dec/2023:10:41:15 -0500] "GET /BLA/boletinlegal/js/popup.js HTTP/1.1" 200 1270
172.22.2.4 - - [02/Dec/2023:10:41:15 -0500] "GET /BLA/boletinlegal/js/jquery1.js HTTP/1.1" 200 29846
172.22.2.4 - - [02/Dec/2023:10:41:15 -0500] "GET /BLA/boletinlegal/images/green-yellow-blue-pink-th.png HTTP/1.1" 200 7394
172.22.2.4 - - [02/Dec/2023:10:41:15 -0500] "GET /BLA/boletinlegal/images/tel.png HTTP/1.1" 200 14477
