190.144.239.145 - - [02/Dec/2023:11:30:10 -0500] "POST /sipse/faces/presentacion/financiero/solicitudProceso/consultarSolicitudProceso.xhtml HTTP/1.1" 200 67905
190.144.239.145 - - [02/Dec/2023:11:30:13 -0500] "GET /sipse/faces/javax.faces.resource/theme.css?ln=primefaces-sipse HTTP/1.1" 304 -
190.144.239.145 - - [02/Dec/2023:11:30:13 -0500] "GET /sipse/faces/javax.faces.resource/layout/layout.css?ln=primefaces&v=4.0 HTTP/1.1" 304 -
190.144.239.145 - - [02/Dec/2023:11:30:13 -0500] "GET /sipse/faces/javax.faces.resource/primefaces.css?ln=primefaces&v=4.0 HTTP/1.1" 304 -
190.144.239.145 - - [02/Dec/2023:11:30:13 -0500] "GET /sipse/faces/javax.faces.resource/jquery/jquery.js?ln=primefaces&v=4.0 HTTP/1.1" 304 -
190.144.239.145 - - [02/Dec/2023:11:30:13 -0500] "GET /sipse/faces/javax.faces.resource/jquery/jquery-plugins.js?ln=primefaces&v=4.0 HTTP/1.1" 304 -
190.144.239.145 - - [02/Dec/2023:11:30:13 -0500] "GET /sipse/faces/javax.faces.resource/primefaces.js?ln=primefaces&v=4.0 HTTP/1.1" 304 -
190.144.239.145 - - [02/Dec/2023:11:30:13 -0500] "GET /sipse/faces/javax.faces.resource/layout/layout.js?ln=primefaces&v=4.0 HTTP/1.1" 304 -
190.144.239.145 - - [02/Dec/2023:11:30:13 -0500] "POST /sipse/faces/presentacion/financiero/solicitudProceso/listarSolicitudProceso.xhtml HTTP/1.1" 200 1564
190.144.239.145 - - [02/Dec/2023:11:30:13 -0500] "POST /sipse/faces/presentacion/financiero/solicitudProceso/listarSolicitudProceso.xhtml HTTP/1.1" 200 1560
190.144.239.145 - - [02/Dec/2023:11:30:16 -0500] "POST /sipse/faces/presentacion/financiero/solicitudProceso/listarSolicitudProceso.xhtml HTTP/1.1" 200 10742
201.245.192.253 - - [02/Dec/2023:11:30:18 -0500] "POST /forms/lservlet;jsessionid=ac16012b30d64ec0b0a9f85d4cd0acdf8f65235348eb.e3iSbxaKaheRe3eRa38MahaQbi1ynknvrkLOlQzNp65In0 HTTP/1.1" 200 2
190.144.239.145 - - [02/Dec/2023:11:30:19 -0500] "POST /sipse/faces/presentacion/financiero/solicitudProceso/listarSolicitudProceso.xhtml HTTP/1.1" 200 124218
190.144.239.145 - - [02/Dec/2023:11:30:20 -0500] "GET /sipse/faces/javax.faces.resource/theme.css?ln=primefaces-sipse HTTP/1.1" 304 -
190.144.239.145 - - [02/Dec/2023:11:30:20 -0500] "GET /sipse/faces/javax.faces.resource/layout/layout.css?ln=primefaces&v=4.0 HTTP/1.1" 304 -
190.144.239.145 - - [02/Dec/2023:11:30:20 -0500] "GET /sipse/faces/javax.faces.resource/primefaces.css?ln=primefaces&v=4.0 HTTP/1.1" 304 -
190.144.239.145 - - [02/Dec/2023:11:30:20 -0500] "GET /sipse/faces/javax.faces.resource/jquery/jquery.js?ln=primefaces&v=4.0 HTTP/1.1" 304 -
190.144.239.145 - - [02/Dec/2023:11:30:20 -0500] "GET /sipse/faces/javax.faces.resource/jquery/jquery-plugins.js?ln=primefaces&v=4.0 HTTP/1.1" 304 -
190.144.239.145 - - [02/Dec/2023:11:30:20 -0500] "GET /sipse/faces/javax.faces.resource/primefaces.js?ln=primefaces&v=4.0 HTTP/1.1" 304 -
190.144.239.145 - - [02/Dec/2023:11:30:20 -0500] "GET /sipse/faces/javax.faces.resource/layout/layout.js?ln=primefaces&v=4.0 HTTP/1.1" 304 -
201.245.192.253 - - [02/Dec/2023:11:30:37 -0500] "POST /forms/lservlet;jsessionid=ac16012b30d66bd79d5a81354b569b64ca0b03586396.e3iSbxaKaheRe3eRa38MahaQbi1ynknvrkLOlQzNp65In0 HTTP/1.1" 200 2
190.144.239.145 - - [02/Dec/2023:11:30:41 -0500] "POST /sipse/faces/presentacion/financiero/solicitudProceso/consultarSolicitudProceso.xhtml HTTP/1.1" 200 5534
201.245.192.253 - - [02/Dec/2023:11:30:39 -0500] "POST /kwsrmcab/Wsrmcab HTTP/1.1" 200 37287
201.245.192.253 - - [02/Dec/2023:11:30:48 -0500] "POST /kwsrmcab/Wsrmcab HTTP/1.1" 200 36812
172.22.2.4 - - [02/Dec/2023:11:29:30 -0500] "HEAD /BLA/boletinlegal/ HTTP/1.1" 200 -
190.144.239.145 - - [02/Dec/2023:11:31:41 -0500] "POST /sipse/faces/presentacion/financiero/solicitudProceso/consultarSolicitudProceso.xhtml HTTP/1.1" 200 78997
66.249.66.21 - - [02/Dec/2023:11:31:45 -0500] "GET /BLA/resoluciones/Notificaciones/AUTOS%202022/6365.pdf HTTP/1.1" 200 393631
201.245.192.253 - - [02/Dec/2023:11:31:55 -0500] "POST /kwsrmcab/Wsrmcab  HTTP/1.1" 200 41956
172.22.2.4 - - [02/Dec/2023:11:30:21 -0500] "GET /BLA/boletinlegal/ HTTP/1.1" 200 61018
201.245.192.253 - - [02/Dec/2023:11:32:18 -0500] "POST /forms/lservlet;jsessionid=ac16012b30d64ec0b0a9f85d4cd0acdf8f65235348eb.e3iSbxaKaheRe3eRa38MahaQbi1ynknvrkLOlQzNp65In0 HTTP/1.1" 200 2
172.22.1.61 - - [02/Dec/2023:11:32:20 -0500] "GET /reportes_sipse/sdg/ServletViabilidad?reporte=memo_viabilidad&solicitud=23072 HTTP/1.1" 200 1538
190.144.239.145 - - [02/Dec/2023:11:32:19 -0500] "POST /sipse/faces/presentacion/financiero/solicitudProceso/consultarSolicitudProceso.xhtml HTTP/1.1" 200 67905
190.144.239.145 - - [02/Dec/2023:11:32:22 -0500] "GET /sipse/faces/javax.faces.resource/theme.css?ln=primefaces-sipse HTTP/1.1" 304 -
190.144.239.145 - - [02/Dec/2023:11:32:22 -0500] "GET /sipse/faces/javax.faces.resource/primefaces.css?ln=primefaces&v=4.0 HTTP/1.1" 304 -
190.144.239.145 - - [02/Dec/2023:11:32:22 -0500] "GET /sipse/faces/javax.faces.resource/jquery/jquery.js?ln=primefaces&v=4.0 HTTP/1.1" 304 -
190.144.239.145 - - [02/Dec/2023:11:32:22 -0500] "GET /sipse/faces/javax.faces.resource/primefaces.js?ln=primefaces&v=4.0 HTTP/1.1" 304 -
190.144.239.145 - - [02/Dec/2023:11:32:22 -0500] "GET /sipse/faces/javax.faces.resource/layout/layout.css?ln=primefaces&v=4.0 HTTP/1.1" 304 -
190.144.239.145 - - [02/Dec/2023:11:32:22 -0500] "GET /sipse/faces/javax.faces.resource/jquery/jquery-plugins.js?ln=primefaces&v=4.0 HTTP/1.1" 304 -
190.144.239.145 - - [02/Dec/2023:11:32:22 -0500] "GET /sipse/faces/javax.faces.resource/layout/layout.js?ln=primefaces&v=4.0 HTTP/1.1" 304 -
190.144.239.145 - - [02/Dec/2023:11:32:22 -0500] "POST /sipse/faces/presentacion/financiero/solicitudProceso/listarSolicitudProceso.xhtml HTTP/1.1" 200 1564
190.144.239.145 - - [02/Dec/2023:11:32:22 -0500] "POST /sipse/faces/presentacion/financiero/solicitudProceso/listarSolicitudProceso.xhtml HTTP/1.1" 200 1560
201.245.192.253 - - [02/Dec/2023:11:32:37 -0500] "POST /forms/lservlet;jsessionid=ac16012b30d66bd79d5a81354b569b64ca0b03586396.e3iSbxaKaheRe3eRa38MahaQbi1ynknvrkLOlQzNp65In0 HTTP/1.1" 200 2
201.245.211.158 - - [02/Dec/2023:11:32:41 -0500] "POST /sipse/faces/presentacion/financiero/solicitudProceso/consultarSolicitudProceso.xhtml HTTP/1.1" 200 67405
201.245.211.158 - - [02/Dec/2023:11:32:41 -0500] "GET /sipse/faces/javax.faces.resource/theme.css?ln=primefaces-sipse HTTP/1.1" 304 -
201.245.211.158 - - [02/Dec/2023:11:32:41 -0500] "GET /sipse/faces/javax.faces.resource/primefaces.css?ln=primefaces&v=4.0 HTTP/1.1" 304 -
201.245.211.158 - - [02/Dec/2023:11:32:41 -0500] "GET /sipse/faces/javax.faces.resource/layout/layout.css?ln=primefaces&v=4.0 HTTP/1.1" 304 -
201.245.211.158 - - [02/Dec/2023:11:32:41 -0500] "GET /sipse/faces/javax.faces.resource/jquery/jquery-plugins.js?ln=primefaces&v=4.0 HTTP/1.1" 304 -
201.245.211.158 - - [02/Dec/2023:11:32:41 -0500] "GET /sipse/faces/javax.faces.resource/jquery/jquery.js?ln=primefaces&v=4.0 HTTP/1.1" 304 -
201.245.211.158 - - [02/Dec/2023:11:32:41 -0500] "GET /sipse/faces/javax.faces.resource/primefaces.js?ln=primefaces&v=4.0 HTTP/1.1" 304 -
201.245.211.158 - - [02/Dec/2023:11:32:41 -0500] "GET /sipse/faces/javax.faces.resource/layout/layout.js?ln=primefaces&v=4.0 HTTP/1.1" 304 -
201.245.211.158 - - [02/Dec/2023:11:32:42 -0500] "GET /sipse/css/imagen/contrasena.png HTTP/1.1" 404 383
201.245.211.158 - - [02/Dec/2023:11:32:42 -0500] "GET /sipse/faces/javax.faces.resource/images/ui-icons_898989_256x240.png?ln=primefaces-aristo HTTP/1.1" 304 -
201.245.211.158 - - [02/Dec/2023:11:32:42 -0500] "GET /sipse/faces/javax.faces.resource/images/ui-bg_flat_0_2d5972_40x100.png?ln=primefaces-aristo HTTP/1.1" 304 -
201.245.211.158 - - [02/Dec/2023:11:32:42 -0500] "POST /sipse/faces/presentacion/financiero/solicitudProceso/listarSolicitudProceso.xhtml HTTP/1.1" 200 1564
201.245.211.158 - - [02/Dec/2023:11:32:42 -0500] "POST /sipse/faces/presentacion/financiero/solicitudProceso/listarSolicitudProceso.xhtml HTTP/1.1" 200 1560
201.245.211.158 - - [02/Dec/2023:11:32:45 -0500] "POST /sipse/faces/presentacion/financiero/solicitudProceso/listarSolicitudProceso.xhtml HTTP/1.1" 200 7803
194.187.176.222 - - [02/Dec/2023:11:32:48 -0500] "GET / HTTP/1.1" 200 319
194.187.176.147 - - [02/Dec/2023:11:32:49 -0500] "GET /favicon.ico HTTP/1.1" 200 7782
201.245.211.158 - - [02/Dec/2023:11:32:57 -0500] "POST /sipse/faces/presentacion/financiero/solicitudProceso/listarSolicitudProceso.xhtml HTTP/1.1" 200 109947
201.245.211.158 - - [02/Dec/2023:11:32:58 -0500] "GET /sipse/faces/javax.faces.resource/theme.css?ln=primefaces-sipse HTTP/1.1" 304 -
201.245.211.158 - - [02/Dec/2023:11:32:58 -0500] "GET /sipse/faces/javax.faces.resource/primefaces.css?ln=primefaces&v=4.0 HTTP/1.1" 304 -
201.245.211.158 - - [02/Dec/2023:11:32:58 -0500] "GET /sipse/faces/javax.faces.resource/layout/layout.css?ln=primefaces&v=4.0 HTTP/1.1" 304 -
190.144.239.145 - - [02/Dec/2023:11:32:58 -0500] "POST /sipse/faces/presentacion/financiero/solicitudProceso/listarSolicitudProceso.xhtml HTTP/1.1" 200 7803
201.245.211.158 - - [02/Dec/2023:11:32:58 -0500] "GET /sipse/faces/javax.faces.resource/jquery/jquery.js?ln=primefaces&v=4.0 HTTP/1.1" 304 -
201.245.211.158 - - [02/Dec/2023:11:32:58 -0500] "GET /sipse/faces/javax.faces.resource/jquery/jquery-plugins.js?ln=primefaces&v=4.0 HTTP/1.1" 304 -
201.245.211.158 - - [02/Dec/2023:11:32:58 -0500] "GET /sipse/faces/javax.faces.resource/primefaces.js?ln=primefaces&v=4.0 HTTP/1.1" 304 -
201.245.211.158 - - [02/Dec/2023:11:32:58 -0500] "GET /sipse/faces/javax.faces.resource/layout/layout.js?ln=primefaces&v=4.0 HTTP/1.1" 304 -
190.144.239.145 - - [02/Dec/2023:11:33:03 -0500] "POST /sipse/faces/presentacion/financiero/solicitudProceso/listarSolicitudProceso.xhtml HTTP/1.1" 200 109947
190.144.239.145 - - [02/Dec/2023:11:33:04 -0500] "GET /sipse/faces/javax.faces.resource/theme.css?ln=primefaces-sipse HTTP/1.1" 304 -
190.144.239.145 - - [02/Dec/2023:11:33:04 -0500] "GET /sipse/faces/javax.faces.resource/primefaces.css?ln=primefaces&v=4.0 HTTP/1.1" 304 -
190.144.239.145 - - [02/Dec/2023:11:33:04 -0500] "GET /sipse/faces/javax.faces.resource/layout/layout.css?ln=primefaces&v=4.0 HTTP/1.1" 304 -
190.144.239.145 - - [02/Dec/2023:11:33:04 -0500] "GET /sipse/faces/javax.faces.resource/jquery/jquery.js?ln=primefaces&v=4.0 HTTP/1.1" 304 -
190.144.239.145 - - [02/Dec/2023:11:33:04 -0500] "GET /sipse/faces/javax.faces.resource/jquery/jquery-plugins.js?ln=primefaces&v=4.0 HTTP/1.1" 304 -
190.144.239.145 - - [02/Dec/2023:11:33:04 -0500] "GET /sipse/faces/javax.faces.resource/primefaces.js?ln=primefaces&v=4.0 HTTP/1.1" 304 -
190.144.239.145 - - [02/Dec/2023:11:33:04 -0500] "GET /sipse/faces/javax.faces.resource/layout/layout.js?ln=primefaces&v=4.0 HTTP/1.1" 304 -
216.245.221.92 - - [02/Dec/2023:11:33:18 -0500] "HEAD / HTTP/1.1" 200 -
201.245.211.158 - - [02/Dec/2023:11:33:28 -0500] "POST /sipse/faces/presentacion/financiero/solicitudProceso/consultarSolicitudProceso.xhtml HTTP/1.1" 200 5470
190.144.239.145 - - [02/Dec/2023:11:33:43 -0500] "POST /sipse/faces/presentacion/financiero/solicitudProceso/consultarSolicitudProceso.xhtml HTTP/1.1" 200 63422
190.144.239.145 - - [02/Dec/2023:11:33:43 -0500] "GET /sipse/faces/javax.faces.resource/theme.css?ln=primefaces-sipse HTTP/1.1" 304 -
190.144.239.145 - - [02/Dec/2023:11:33:43 -0500] "GET /sipse/faces/javax.faces.resource/primefaces.css?ln=primefaces&v=4.0 HTTP/1.1" 304 -
190.144.239.145 - - [02/Dec/2023:11:33:43 -0500] "GET /sipse/faces/javax.faces.resource/layout/layout.css?ln=primefaces&v=4.0 HTTP/1.1" 304 -
190.144.239.145 - - [02/Dec/2023:11:33:43 -0500] "GET /sipse/faces/javax.faces.resource/jquery/jquery.js?ln=primefaces&v=4.0 HTTP/1.1" 304 -
190.144.239.145 - - [02/Dec/2023:11:33:43 -0500] "GET /sipse/faces/javax.faces.resource/jquery/jquery-plugins.js?ln=primefaces&v=4.0 HTTP/1.1" 304 -
190.144.239.145 - - [02/Dec/2023:11:33:43 -0500] "GET /sipse/faces/javax.faces.resource/primefaces.js?ln=primefaces&v=4.0 HTTP/1.1" 304 -
190.144.239.145 - - [02/Dec/2023:11:33:43 -0500] "GET /sipse/faces/javax.faces.resource/layout/layout.js?ln=primefaces&v=4.0 HTTP/1.1" 304 -
190.144.239.145 - - [02/Dec/2023:11:33:44 -0500] "POST /sipse/faces/presentacion/financiero/solicitudProceso/listarSolicitudProceso.xhtml HTTP/1.1" 200 56679
190.144.239.145 - - [02/Dec/2023:11:33:44 -0500] "POST /sipse/faces/presentacion/financiero/solicitudProceso/listarSolicitudProceso.xhtml HTTP/1.1" 200 1564
190.144.239.145 - - [02/Dec/2023:11:33:44 -0500] "POST /sipse/faces/presentacion/financiero/solicitudProceso/listarSolicitudProceso.xhtml HTTP/1.1" 200 1560
190.144.239.145 - - [02/Dec/2023:11:33:46 -0500] "POST /sipse/faces/presentacion/financiero/solicitudProceso/listarSolicitudProceso.xhtml HTTP/1.1" 200 7803
190.144.239.145 - - [02/Dec/2023:11:33:51 -0500] "POST /sipse/faces/presentacion/financiero/solicitudProceso/listarSolicitudProceso.xhtml HTTP/1.1" 200 109232
190.144.239.145 - - [02/Dec/2023:11:33:52 -0500] "GET /sipse/faces/javax.faces.resource/theme.css?ln=primefaces-sipse HTTP/1.1" 304 -
190.144.239.145 - - [02/Dec/2023:11:33:52 -0500] "GET /sipse/faces/javax.faces.resource/primefaces.css?ln=primefaces&v=4.0 HTTP/1.1" 304 -
190.144.239.145 - - [02/Dec/2023:11:33:52 -0500] "GET /sipse/faces/javax.faces.resource/layout/layout.css?ln=primefaces&v=4.0 HTTP/1.1" 304 -
190.144.239.145 - - [02/Dec/2023:11:33:52 -0500] "GET /sipse/faces/javax.faces.resource/jquery/jquery.js?ln=primefaces&v=4.0 HTTP/1.1" 304 -
190.144.239.145 - - [02/Dec/2023:11:33:52 -0500] "GET /sipse/faces/javax.faces.resource/jquery/jquery-plugins.js?ln=primefaces&v=4.0 HTTP/1.1" 304 -
190.144.239.145 - - [02/Dec/2023:11:33:52 -0500] "GET /sipse/faces/javax.faces.resource/primefaces.js?ln=primefaces&v=4.0 HTTP/1.1" 304 -
190.144.239.145 - - [02/Dec/2023:11:33:52 -0500] "GET /sipse/faces/javax.faces.resource/layout/layout.js?ln=primefaces&v=4.0 HTTP/1.1" 304 -
201.245.211.158 - - [02/Dec/2023:11:33:56 -0500] "POST /sipse/faces/presentacion/financiero/solicitudProceso/consultarSolicitudProceso.xhtml HTTP/1.1" 200 133465
190.144.239.145 - - [02/Dec/2023:11:34:18 -0500] "POST /sipse/faces/presentacion/financiero/solicitudProceso/consultarSolicitudProceso.xhtml HTTP/1.1" 200 5470
201.245.192.253 - - [02/Dec/2023:11:34:18 -0500] "POST /forms/lservlet;jsessionid=ac16012b30d64ec0b0a9f85d4cd0acdf8f65235348eb.e3iSbxaKaheRe3eRa38MahaQbi1ynknvrkLOlQzNp65In0 HTTP/1.1" 200 2
201.245.192.253 - - [02/Dec/2023:11:34:37 -0500] "POST /forms/lservlet;jsessionid=ac16012b30d66bd79d5a81354b569b64ca0b03586396.e3iSbxaKaheRe3eRa38MahaQbi1ynknvrkLOlQzNp65In0 HTTP/1.1" 200 2
186.86.34.33 - - [02/Dec/2023:11:34:39 -0500] "GET /feria-de-negocios-verdes-hecho-en-bogoti-emprendedores-comprometidos-con-el-medioambiente.html HTTP/1.1" 200 776
201.245.211.158 - - [02/Dec/2023:11:34:50 -0500] "POST /sipse/faces/presentacion/financiero/solicitudProceso/consultarSolicitudProceso.xhtml HTTP/1.1" 200 133465
190.144.239.145 - - [02/Dec/2023:11:35:25 -0500] "POST /sipse/faces/presentacion/financiero/solicitudProceso/consultarSolicitudProceso.xhtml HTTP/1.1" 200 134092
172.22.2.4 - - [02/Dec/2023:11:36:00 -0500] "GET /BLA/boletinlegal/js/jquery.scrollShow.js HTTP/1.1" 200 4586
172.22.2.4 - - [02/Dec/2023:11:36:00 -0500] "GET /BLA/boletinlegal/styles2.css HTTP/1.1" 200 1838
172.22.2.4 - - [02/Dec/2023:11:36:00 -0500] "GET /BLA/boletinlegal/style.css HTTP/1.1" 200 9406
172.22.2.4 - - [02/Dec/2023:11:36:00 -0500] "GET /BLA/boletinlegal/js/jquery.scrollTo-min.js HTTP/1.1" 200 1150
172.22.2.4 - - [02/Dec/2023:11:36:00 -0500] "GET /BLA/boletinlegal/js/jquery.js HTTP/1.1" 200 57254
172.22.2.4 - - [02/Dec/2023:11:36:00 -0500] "GET /BLA/boletinlegal/images/registro-usuarios.png HTTP/1.1" 200 8106
172.22.2.4 - - [02/Dec/2023:11:36:01 -0500] "GET /BLA/boletinlegal/images/subscribe-icon-big.png HTTP/1.1" 200 47702
172.22.2.4 - - [02/Dec/2023:11:36:01 -0500] "GET /BLA/boletinlegal/images/cabezote%20BLEGAL.jpg HTTP/1.1" 200 118164
172.22.2.4 - - [02/Dec/2023:11:36:01 -0500] "GET /BLA/boletinlegal/images/arr_l.jpg HTTP/1.1" 200 1979
172.22.2.4 - - [02/Dec/2023:11:36:01 -0500] "GET /BLA/boletinlegal/images/screen_1.png HTTP/1.1" 200 202547
172.22.2.4 - - [02/Dec/2023:11:36:01 -0500] "GET /BLA/boletinlegal/images/launch.jpg HTTP/1.1" 200 14577
172.22.2.4 - - [02/Dec/2023:11:36:01 -0500] "GET /BLA/boletinlegal/images/historia.png HTTP/1.1" 200 52775
172.22.2.4 - - [02/Dec/2023:11:36:01 -0500] "GET /BLA/boletinlegal/images/bg_top.jpg HTTP/1.1" 200 522
172.22.2.4 - - [02/Dec/2023:11:36:01 -0500] "GET /BLA/boletinlegal/images/body_bg.jpg HTTP/1.1" 200 1601
172.22.2.4 - - [02/Dec/2023:11:36:01 -0500] "GET /BLA/boletinlegal/images/menu_rght.gif HTTP/1.1" 200 1627
172.22.2.4 - - [02/Dec/2023:11:36:01 -0500] "GET /BLA/boletinlegal/images/menu_lft.gif HTTP/1.1" 200 1713
172.22.2.4 - - [02/Dec/2023:11:36:01 -0500] "GET /BLA/boletinlegal/images/text.jpg HTTP/1.1" 200 568
172.22.2.4 - - [02/Dec/2023:11:36:01 -0500] "GET /BLA/boletinlegal/images/hover.jpg HTTP/1.1" 200 640
172.22.2.4 - - [02/Dec/2023:11:36:01 -0500] "GET /BLA/boletinlegal/images/menu_bg.jpg HTTP/1.1" 200 620
172.22.1.61 - - [02/Dec/2023:11:36:05 -0500] "GET /reportes_sipse/sdg/ServletViabilidad?reporte=memo_viabilidad&solicitud=22980 HTTP/1.1" 200 1538
172.22.1.61 - - [02/Dec/2023:11:36:05 -0500] "GET /reportes_sipse/sdg/ServletViabilidad?reporte=memo_viabilidad&solicitud=23037 HTTP/1.1" 200 1538
190.144.239.145 - - [02/Dec/2023:11:36:05 -0500] "POST /sipse/faces/presentacion/financiero/solicitudProceso/consultarSolicitudProceso.xhtml HTTP/1.1" 200 67743
190.144.239.145 - - [02/Dec/2023:11:36:08 -0500] "GET /sipse/faces/javax.faces.resource/theme.css?ln=primefaces-sipse HTTP/1.1" 304 -
190.144.239.145 - - [02/Dec/2023:11:36:08 -0500] "GET /sipse/faces/javax.faces.resource/primefaces.css?ln=primefaces&v=4.0 HTTP/1.1" 304 -
190.144.239.145 - - [02/Dec/2023:11:36:08 -0500] "GET /sipse/faces/javax.faces.resource/layout/layout.css?ln=primefaces&v=4.0 HTTP/1.1" 304 -
190.144.239.145 - - [02/Dec/2023:11:36:08 -0500] "GET /sipse/faces/javax.faces.resource/jquery/jquery.js?ln=primefaces&v=4.0 HTTP/1.1" 304 -
190.144.239.145 - - [02/Dec/2023:11:36:08 -0500] "GET /sipse/faces/javax.faces.resource/jquery/jquery-plugins.js?ln=primefaces&v=4.0 HTTP/1.1" 304 -
190.144.239.145 - - [02/Dec/2023:11:36:08 -0500] "GET /sipse/faces/javax.faces.resource/primefaces.js?ln=primefaces&v=4.0 HTTP/1.1" 304 -
190.144.239.145 - - [02/Dec/2023:11:36:08 -0500] "GET /sipse/faces/javax.faces.resource/layout/layout.js?ln=primefaces&v=4.0 HTTP/1.1" 304 -
201.245.211.158 - - [02/Dec/2023:11:36:05 -0500] "POST /sipse/faces/presentacion/financiero/solicitudProceso/consultarSolicitudProceso.xhtml HTTP/1.1" 200 67743
201.245.211.158 - - [02/Dec/2023:11:36:08 -0500] "GET /sipse/faces/javax.faces.resource/theme.css?ln=primefaces-sipse HTTP/1.1" 304 -
201.245.211.158 - - [02/Dec/2023:11:36:08 -0500] "GET /sipse/faces/javax.faces.resource/primefaces.css?ln=primefaces&v=4.0 HTTP/1.1" 304 -
201.245.211.158 - - [02/Dec/2023:11:36:08 -0500] "GET /sipse/faces/javax.faces.resource/layout/layout.css?ln=primefaces&v=4.0 HTTP/1.1" 304 -
201.245.211.158 - - [02/Dec/2023:11:36:08 -0500] "GET /sipse/faces/javax.faces.resource/jquery/jquery.js?ln=primefaces&v=4.0 HTTP/1.1" 304 -
201.245.211.158 - - [02/Dec/2023:11:36:08 -0500] "GET /sipse/faces/javax.faces.resource/jquery/jquery-plugins.js?ln=primefaces&v=4.0 HTTP/1.1" 304 -
201.245.211.158 - - [02/Dec/2023:11:36:08 -0500] "GET /sipse/faces/javax.faces.resource/primefaces.js?ln=primefaces&v=4.0 HTTP/1.1" 304 -
201.245.211.158 - - [02/Dec/2023:11:36:08 -0500] "GET /sipse/faces/javax.faces.resource/layout/layout.js?ln=primefaces&v=4.0 HTTP/1.1" 304 -
190.144.239.145 - - [02/Dec/2023:11:36:08 -0500] "POST /sipse/faces/presentacion/financiero/solicitudProceso/listarSolicitudProceso.xhtml HTTP/1.1" 200 1564
190.144.239.145 - - [02/Dec/2023:11:36:08 -0500] "POST /sipse/faces/presentacion/financiero/solicitudProceso/listarSolicitudProceso.xhtml HTTP/1.1" 200 1560
201.245.211.158 - - [02/Dec/2023:11:36:08 -0500] "GET /sipse/faces/javax.faces.resource/messages/messages.png?ln=primefaces&v=4.0 HTTP/1.1" 304 -
201.245.211.158 - - [02/Dec/2023:11:36:09 -0500] "POST /sipse/faces/presentacion/financiero/solicitudProceso/listarSolicitudProceso.xhtml HTTP/1.1" 200 1564
201.245.211.158 - - [02/Dec/2023:11:36:09 -0500] "POST /sipse/faces/presentacion/financiero/solicitudProceso/listarSolicitudProceso.xhtml HTTP/1.1" 200 1560
201.245.211.158 - - [02/Dec/2023:11:36:12 -0500] "POST /sipse/faces/presentacion/financiero/solicitudProceso/listarSolicitudProceso.xhtml HTTP/1.1" 200 31867
190.144.239.145 - - [02/Dec/2023:11:36:15 -0500] "POST /sipse/faces/presentacion/financiero/solicitudProceso/listarSolicitudProceso.xhtml HTTP/1.1" 200 31867
201.245.192.253 - - [02/Dec/2023:11:36:19 -0500] "POST /forms/lservlet;jsessionid=ac16012b30d64ec0b0a9f85d4cd0acdf8f65235348eb.e3iSbxaKaheRe3eRa38MahaQbi1ynknvrkLOlQzNp65In0 HTTP/1.1" 200 2
172.22.2.4 - - [02/Dec/2023:11:36:00 -0500] "GET /BLA/boletinlegal/ HTTP/1.1" 200 16331
190.144.239.145 - - [02/Dec/2023:11:36:21 -0500] "POST /sipse/faces/presentacion/financiero/solicitudProceso/listarSolicitudProceso.xhtml HTTP/1.1" 200 109943
190.144.239.145 - - [02/Dec/2023:11:36:22 -0500] "GET /sipse/faces/javax.faces.resource/theme.css?ln=primefaces-sipse HTTP/1.1" 304 -
190.144.239.145 - - [02/Dec/2023:11:36:22 -0500] "GET /sipse/faces/javax.faces.resource/primefaces.css?ln=primefaces&v=4.0 HTTP/1.1" 304 -
190.144.239.145 - - [02/Dec/2023:11:36:22 -0500] "GET /sipse/faces/javax.faces.resource/layout/layout.css?ln=primefaces&v=4.0 HTTP/1.1" 304 -
190.144.239.145 - - [02/Dec/2023:11:36:22 -0500] "GET /sipse/faces/javax.faces.resource/jquery/jquery.js?ln=primefaces&v=4.0 HTTP/1.1" 304 -
190.144.239.145 - - [02/Dec/2023:11:36:22 -0500] "GET /sipse/faces/javax.faces.resource/jquery/jquery-plugins.js?ln=primefaces&v=4.0 HTTP/1.1" 304 -
190.144.239.145 - - [02/Dec/2023:11:36:22 -0500] "GET /sipse/faces/javax.faces.resource/primefaces.js?ln=primefaces&v=4.0 HTTP/1.1" 304 -
190.144.239.145 - - [02/Dec/2023:11:36:22 -0500] "GET /sipse/faces/javax.faces.resource/layout/layout.js?ln=primefaces&v=4.0 HTTP/1.1" 304 -
201.245.192.253 - - [02/Dec/2023:11:36:37 -0500] "POST /forms/lservlet;jsessionid=ac16012b30d66bd79d5a81354b569b64ca0b03586396.e3iSbxaKaheRe3eRa38MahaQbi1ynknvrkLOlQzNp65In0 HTTP/1.1" 200 2
201.245.211.158 - - [02/Dec/2023:11:36:41 -0500] "POST /sipse/faces/presentacion/financiero/solicitudProceso/listarSolicitudProceso.xhtml HTTP/1.1" 200 124218
201.245.211.158 - - [02/Dec/2023:11:36:42 -0500] "GET /sipse/faces/javax.faces.resource/theme.css?ln=primefaces-sipse HTTP/1.1" 304 -
201.245.211.158 - - [02/Dec/2023:11:36:42 -0500] "GET /sipse/faces/javax.faces.resource/primefaces.css?ln=primefaces&v=4.0 HTTP/1.1" 304 -
201.245.211.158 - - [02/Dec/2023:11:36:42 -0500] "GET /sipse/faces/javax.faces.resource/layout/layout.css?ln=primefaces&v=4.0 HTTP/1.1" 304 -
201.245.211.158 - - [02/Dec/2023:11:36:42 -0500] "GET /sipse/faces/javax.faces.resource/jquery/jquery.js?ln=primefaces&v=4.0 HTTP/1.1" 304 -
201.245.211.158 - - [02/Dec/2023:11:36:42 -0500] "GET /sipse/faces/javax.faces.resource/jquery/jquery-plugins.js?ln=primefaces&v=4.0 HTTP/1.1" 304 -
201.245.211.158 - - [02/Dec/2023:11:36:42 -0500] "GET /sipse/faces/javax.faces.resource/primefaces.js?ln=primefaces&v=4.0 HTTP/1.1" 304 -
201.245.211.158 - - [02/Dec/2023:11:36:42 -0500] "GET /sipse/faces/javax.faces.resource/layout/layout.js?ln=primefaces&v=4.0 HTTP/1.1" 304 -
157.55.39.200 - - [02/Dec/2023:11:36:42 -0500] "GET /BLA/resoluciones/AUTOS%202017/3263.pdf HTTP/1.1" 200 271561
52.167.144.180 - - [02/Dec/2023:11:36:46 -0500] "GET /sipse/faces/faces/autenticacion.xhtml HTTP/1.1" 200 12736
190.144.239.145 - - [02/Dec/2023:11:36:47 -0500] "POST /sipse/faces/presentacion/financiero/solicitudProceso/consultarSolicitudProceso.xhtml HTTP/1.1" 200 5470
201.245.211.158 - - [02/Dec/2023:11:36:50 -0500] "POST /sipse/faces/presentacion/financiero/solicitudProceso/consultarSolicitudProceso.xhtml HTTP/1.1" 200 5534
201.245.192.253 - - [02/Dec/2023:11:36:54 -0500] "POST /kwsrmcab/Wsrmcab  HTTP/1.1" 200 41956
172.22.2.4 - - [02/Dec/2023:11:35:20 -0500] "HEAD /BLA/boletinlegal/ HTTP/1.1" 200 -
201.245.192.253 - - [02/Dec/2023:11:37:01 -0500] "POST /kwsrmcab/Wsrmcab HTTP/1.1" 200 37287
201.245.192.253 - - [02/Dec/2023:11:37:04 -0500] "POST /kwsrmcab/Wsrmcab HTTP/1.1" 200 36812
157.55.39.13 - - [02/Dec/2023:11:37:06 -0500] "GET /sipse/faces/presentacion/sistema/anexos/cargarAnexoSolicitudProceso.xhtml HTTP/1.1" 302 -
157.55.39.13 - - [02/Dec/2023:11:37:07 -0500] "GET /sipse/faces/autenticacion.xhtml HTTP/1.1" 200 12414
201.245.211.158 - - [02/Dec/2023:11:37:12 -0500] "POST /sipse/faces/presentacion/financiero/solicitudProceso/consultarSolicitudProceso.xhtml HTTP/1.1" 200 78993
66.249.65.6 - - [02/Dec/2023:11:37:32 -0500] "GET /retos-de-fin-de-ano-no-extraigas-fauna-silvestre-no-uses-polvora-ni-musgo-bajale-el-volumen-y-dispon-bien-tus-residuos.html HTTP/1.1" 200 820
52.167.144.180 - - [02/Dec/2023:11:37:44 -0500] "GET /BLA/resoluciones/RESOLUCIONES%202023/0193.pdf HTTP/1.1" 304 -
172.22.2.4 - - [02/Dec/2023:11:37:18 -0500] "GET /BLA/boletinlegal/ HTTP/1.1" 200 20427
172.22.2.4 - - [02/Dec/2023:11:36:11 -0500] "GET /BLA/boletinlegal/ HTTP/1.1" 200 50272
190.144.239.145 - - [02/Dec/2023:11:38:02 -0500] "POST /sipse/faces/presentacion/financiero/solicitudProceso/consultarSolicitudProceso.xhtml HTTP/1.1" 200 260172
216.245.221.92 - - [02/Dec/2023:11:38:18 -0500] "HEAD / HTTP/1.1" 200 -
201.245.192.253 - - [02/Dec/2023:11:38:19 -0500] "POST /forms/lservlet;jsessionid=ac16012b30d64ec0b0a9f85d4cd0acdf8f65235348eb.e3iSbxaKaheRe3eRa38MahaQbi1ynknvrkLOlQzNp65In0 HTTP/1.1" 200 2
172.22.1.61 - - [02/Dec/2023:11:38:23 -0500] "GET /reportes_sipse/sdg/ServletViabilidad?reporte=memo_viabilidad&solicitud=22852 HTTP/1.1" 200 1538
190.144.239.145 - - [02/Dec/2023:11:38:23 -0500] "POST /sipse/faces/presentacion/financiero/solicitudProceso/consultarSolicitudProceso.xhtml HTTP/1.1" 200 67743
190.144.239.145 - - [02/Dec/2023:11:38:26 -0500] "GET /sipse/faces/javax.faces.resource/theme.css?ln=primefaces-sipse HTTP/1.1" 304 -
190.144.239.145 - - [02/Dec/2023:11:38:26 -0500] "GET /sipse/faces/javax.faces.resource/primefaces.css?ln=primefaces&v=4.0 HTTP/1.1" 304 -
190.144.239.145 - - [02/Dec/2023:11:38:26 -0500] "GET /sipse/faces/javax.faces.resource/layout/layout.css?ln=primefaces&v=4.0 HTTP/1.1" 304 -
190.144.239.145 - - [02/Dec/2023:11:38:26 -0500] "GET /sipse/faces/javax.faces.resource/jquery/jquery.js?ln=primefaces&v=4.0 HTTP/1.1" 304 -
190.144.239.145 - - [02/Dec/2023:11:38:26 -0500] "GET /sipse/faces/javax.faces.resource/primefaces.js?ln=primefaces&v=4.0 HTTP/1.1" 304 -
190.144.239.145 - - [02/Dec/2023:11:38:26 -0500] "GET /sipse/faces/javax.faces.resource/jquery/jquery-plugins.js?ln=primefaces&v=4.0 HTTP/1.1" 304 -
190.144.239.145 - - [02/Dec/2023:11:38:26 -0500] "GET /sipse/faces/javax.faces.resource/layout/layout.js?ln=primefaces&v=4.0 HTTP/1.1" 304 -
190.144.239.145 - - [02/Dec/2023:11:38:26 -0500] "POST /sipse/faces/presentacion/financiero/solicitudProceso/listarSolicitudProceso.xhtml HTTP/1.1" 200 1564
190.144.239.145 - - [02/Dec/2023:11:38:26 -0500] "POST /sipse/faces/presentacion/financiero/solicitudProceso/listarSolicitudProceso.xhtml HTTP/1.1" 200 1560
201.245.192.253 - - [02/Dec/2023:11:38:37 -0500] "POST /forms/lservlet;jsessionid=ac16012b30d66bd79d5a81354b569b64ca0b03586396.e3iSbxaKaheRe3eRa38MahaQbi1ynknvrkLOlQzNp65In0 HTTP/1.1" 200 2
172.22.1.61 - - [02/Dec/2023:11:39:03 -0500] "GET /reportes_sipse/sdg/ServletViabilidad?reporte=memo_viabilidad&solicitud=23071 HTTP/1.1" 200 1538
201.245.211.158 - - [02/Dec/2023:11:39:03 -0500] "POST /sipse/faces/presentacion/financiero/solicitudProceso/consultarSolicitudProceso.xhtml HTTP/1.1" 200 67763
201.245.211.158 - - [02/Dec/2023:11:39:05 -0500] "GET /sipse/faces/javax.faces.resource/primefaces.css?ln=primefaces&v=4.0 HTTP/1.1" 304 -
201.245.211.158 - - [02/Dec/2023:11:39:05 -0500] "GET /sipse/faces/javax.faces.resource/theme.css?ln=primefaces-sipse HTTP/1.1" 304 -
201.245.211.158 - - [02/Dec/2023:11:39:05 -0500] "GET /sipse/faces/javax.faces.resource/jquery/jquery-plugins.js?ln=primefaces&v=4.0 HTTP/1.1" 304 -
201.245.211.158 - - [02/Dec/2023:11:39:05 -0500] "GET /sipse/faces/javax.faces.resource/jquery/jquery.js?ln=primefaces&v=4.0 HTTP/1.1" 304 -
201.245.211.158 - - [02/Dec/2023:11:39:05 -0500] "GET /sipse/faces/javax.faces.resource/layout/layout.css?ln=primefaces&v=4.0 HTTP/1.1" 304 -
201.245.211.158 - - [02/Dec/2023:11:39:05 -0500] "GET /sipse/faces/javax.faces.resource/primefaces.js?ln=primefaces&v=4.0 HTTP/1.1" 304 -
201.245.211.158 - - [02/Dec/2023:11:39:05 -0500] "GET /sipse/faces/javax.faces.resource/layout/layout.js?ln=primefaces&v=4.0 HTTP/1.1" 304 -
201.245.211.158 - - [02/Dec/2023:11:39:06 -0500] "POST /sipse/faces/presentacion/financiero/solicitudProceso/listarSolicitudProceso.xhtml HTTP/1.1" 200 1564
201.245.211.158 - - [02/Dec/2023:11:39:06 -0500] "POST /sipse/faces/presentacion/financiero/solicitudProceso/listarSolicitudProceso.xhtml HTTP/1.1" 200 1560
201.245.211.158 - - [02/Dec/2023:11:39:09 -0500] "POST /sipse/faces/presentacion/financiero/solicitudProceso/listarSolicitudProceso.xhtml HTTP/1.1" 200 25847
201.245.192.253 - - [02/Dec/2023:11:40:19 -0500] "POST /forms/lservlet;jsessionid=ac16012b30d64ec0b0a9f85d4cd0acdf8f65235348eb.e3iSbxaKaheRe3eRa38MahaQbi1ynknvrkLOlQzNp65In0 HTTP/1.1" 200 2
201.245.192.253 - - [02/Dec/2023:11:40:37 -0500] "POST /forms/lservlet;jsessionid=ac16012b30d66bd79d5a81354b569b64ca0b03586396.e3iSbxaKaheRe3eRa38MahaQbi1ynknvrkLOlQzNp65In0 HTTP/1.1" 200 2
201.245.192.253 - - [02/Dec/2023:11:40:40 -0500] "POST /kwsrmcab/Wsrmcab HTTP/1.1" 200 37287
201.245.192.253 - - [02/Dec/2023:11:40:48 -0500] "POST /kwsrmcab/Wsrmcab HTTP/1.1" 200 36812
186.102.99.33 - - [02/Dec/2023:11:41:09 -0500] "OPTIONS /kwssiamovil/sm/setfile/f? HTTP/1.1" 200 13
186.102.99.33 - - [02/Dec/2023:11:41:09 -0500] "POST /kwssiamovil/sm/setfile/f? HTTP/1.1" 200 381
201.245.211.158 - - [02/Dec/2023:11:41:21 -0500] "POST /sipse/faces/presentacion/financiero/solicitudProceso/listarSolicitudProceso.xhtml HTTP/1.1" 200 110288
201.245.211.158 - - [02/Dec/2023:11:41:22 -0500] "GET /sipse/faces/javax.faces.resource/theme.css?ln=primefaces-sipse HTTP/1.1" 304 -
201.245.211.158 - - [02/Dec/2023:11:41:22 -0500] "GET /sipse/faces/javax.faces.resource/primefaces.css?ln=primefaces&v=4.0 HTTP/1.1" 304 -
201.245.211.158 - - [02/Dec/2023:11:41:22 -0500] "GET /sipse/faces/javax.faces.resource/layout/layout.css?ln=primefaces&v=4.0 HTTP/1.1" 304 -
201.245.211.158 - - [02/Dec/2023:11:41:22 -0500] "GET /sipse/faces/javax.faces.resource/jquery/jquery.js?ln=primefaces&v=4.0 HTTP/1.1" 304 -
201.245.211.158 - - [02/Dec/2023:11:41:22 -0500] "GET /sipse/faces/javax.faces.resource/jquery/jquery-plugins.js?ln=primefaces&v=4.0 HTTP/1.1" 304 -
201.245.211.158 - - [02/Dec/2023:11:41:22 -0500] "GET /sipse/faces/javax.faces.resource/primefaces.js?ln=primefaces&v=4.0 HTTP/1.1" 304 -
201.245.211.158 - - [02/Dec/2023:11:41:22 -0500] "GET /sipse/faces/javax.faces.resource/layout/layout.js?ln=primefaces&v=4.0 HTTP/1.1" 304 -
201.245.211.158 - - [02/Dec/2023:11:41:29 -0500] "POST /sipse/faces/presentacion/financiero/solicitudProceso/consultarSolicitudProceso.xhtml HTTP/1.1" 200 5470
186.102.99.33 - - [02/Dec/2023:11:41:31 -0500] "GET /kwssiamovil/sm/acme/a?s=U2FsdGVkX18PHQy7DsCWyOJ/fMXELDgvUXbQKdGJvBlQpIEtvzuY19hXQveo/tdWlAxE6jsTLdUpFBy07Oo0RXKicxmVGWtwHPygL4W3h3IQ43CA+bv+T9/xGeWGfaHTdcyKe6ZkARyOsLb8ZX5ZXc9k9gxjH0s0rXoinW1HfjfTUQkeS3WV1sBrCq8iTUJeGI82j5f5SKXNsTxHK3Tm7dIANtpz/U1HFLnr16ByAxMv12DJHk0OE7c7YpvZPTFZth4EaWLKOWsMtQomyiCRcA==&u=U2FsdGVkX1+v7XtX9fk+j8isjQIpXl8ZNgDtY/BCgjvSe4Oubh4TmUBxxKtwZpCX&y=U2FsdGVkX1/zvgSTRiTBboxfbIPjVPy9ht9bhbrsQkVkBablPaO8E2WG5Cldyz6o HTTP/1.1" 200 26
186.102.99.33 - - [02/Dec/2023:11:41:32 -0500] "GET /kwssiamovil/sm/acme/a?s=U2FsdGVkX1+EgkiqJstzMC6oEc/15v0pM6BdpwTuHOc0fM5rgDzxgk1Fzkh0vMh3TA2c2+ZM31vvqWW8TxpYVXOEQVnmFXmOamEGsLWCvi9XlvSokYusyWgfTz8ly5pCucnpjAfL5q5On8z/2NwODXOy9PufmmSOP+iQmk73cljh3imjVtEU803qzgoNlz1rFl68B3tlh9yVP1xgLbNKkWB5qyaIN/vQ3q6Z10coSH2/UBXIWbn5BbzrcjCTeFTMmk8uzxpkkiACin1MI8eDI+gcde5M+mRtdLb85X9+rB6q7EVJBbjtjddyqoeeYFjwiJ5/viL6xrn0Cpa2BegfUQNHqWEqEqQN5B8rNRB5U27HnaOFWPvlttKMZ2up486/nRFxAxdLpxChsSGXoo9Nkq41IC1aljvzvV2t296djcrK1bxhP6voZ6Ti8sJqMcgAM7GDlYddMyTPobG87QYPymbdFK93oFDgDpz1ESnCu8Zr7zE/NlVaUiC3J8jXOio1R74SOtKCONU3KqhAUVx15C6W4yE/WYYzdsdmtoO/x0/6kDDBfWGi2d1eAhZh1XtUiB6LqT7jKJyUZJgN68YqN3MN9Gm1zYQFXvHsDY2OtQ+K/9k92m/XJUmNP4Yz9A0wgWaw2/X0+jp0jv4c1Nabiibf+f1wnxGdjXF7P7jQ70ixVmT6OhpEEHP5czMyfzhT36epXiYrXcoD9x9Aucz+GEVGNyVUfkryiELgauHWQGM1NeTYb934RFG1lsdjqNhZtIK0Dn0c46aWm7bUTrjqAVR9mAe0pFcch5dpZXolHo2ukQucs/eMnXFFN5bnq8UNcSpQQ9s4C1diNp4w4t0qH6fkkMF/E5vOCSU5yENEn8z4fpUesCmVWwCzISqJk5D12B0oJRpkHhJl+tre0xn7hdlg/TYq8SffT96VZFww2HQz/v3j7NxZXMoJiiucoZfdc3rMxmDr2gVxsshdjftptKnlO52i2Rx7UngqN8GMDuOEHEPuC29g0pKJQnFqSbITL5xbbS/PxMQyin1js4lbjmxfV6lNWm0A9nS2hrrZbEY9MnweoHP557LrpVjv5PNz4Bt/njnstShvRNrZr8/+sfqQe+ruZIPS7XJoDzAdcd09bFcqjlEKxRMWHO+yaf+Vu/uXhhJnZ9Nv8k8mvnZKoH9ZCptgMED3bHJZJ9RS264qoegeJw4TjEXrS6j6hti6o4l+Fl9DhOyXGyBCkkYJqD6VsgtxQRaPlvyB4UCVOY4JvirVegjT6oVAULEWJMkrz3q5Mj+RtFZR7JYzIdu9NMdDMCxz5qDaP2x7vJH9BiSan+qjN2//s3vqz+Wmcay2J1engW4Pwimi/Z5hv5Obiz0XeCERQawnyeQkkm9xIclTtzpptVfU4A/uloZpuy3I+Be7b7VjiDiia0JXKRBSym6xjcnVA3HhIPJ+YZXh1HkQB3a46ZUHiPMfXCObJJIueoaT2UjA1xY556+005ff/eyOq7zlWVH6Jrdo4wtUK3iwUM8FOjswTJMGw77AVCIecldJlbudqabxegghJkU2NNbbKkIL0mOANvenZNF/efEtAqD1OqS/rvj8bYF000WD4x2k/vZZNX1wKxEpya+oML5TduBMRwTNJkdJTVfeRs8qgcYEiGMQLf+VH+uHq5/Ibx3CXPts1dva5OfynIuAQeama2jKlUU2sd1g/44Gii/QzvIg89g1dNjeomPO0nCXy7Hr/2CsWynAidZhpBvvw0IiXoKRA60BZZXubCC6oNI=&u=U2FsdGVkX1+v7XtX9fk+j8isjQIpXl8ZNgDtY/BCgjvSe4Oubh4TmUBxxKtwZpCX&y=U2FsdGVkX1/zvgSTRiTBboxfbIPjVPy9ht9bhbrsQkVkBablPaO8E2WG5Cldyz6o HTTP/1.1" 200 26
186.102.99.33 - - [02/Dec/2023:11:41:32 -0500] "GET /kwssiamovil/sm/acme/a?s=U2FsdGVkX1/UbCgdLGxYY/55etlEwPJve/NEoQlzILXp8iFzv+a3BYRBtg3sti/UiuY293xqoDL31/PmTZ9ScqD85YlYl2K70f9HKqaNFcd6dmSlSQvCG+CEoCeZNRpLmOY7DySP3Fl/W4g9FHJPYOx9ecXPQxaYtmAY6bOlQ9c=&u=U2FsdGVkX1+v7XtX9fk+j8isjQIpXl8ZNgDtY/BCgjvSe4Oubh4TmUBxxKtwZpCX&y=U2FsdGVkX1/zvgSTRiTBboxfbIPjVPy9ht9bhbrsQkVkBablPaO8E2WG5Cldyz6o HTTP/1.1" 200 26
186.102.99.33 - - [02/Dec/2023:11:41:33 -0500] "GET /kwssiamovil/sm/acme/a?s=U2FsdGVkX1/uQ/QWEo87DxSlliftOuYGEzpBWfgvitEluDQTky5IYpSOjXiK4j4aYJ7zQtPmWspXDig9AQoz2aSZIVIA/jDNxNERZtGBnK99GdLYR7ysgRDiuvPoLy3dK1Ihv2dWzfeIlhw4gPkoAhUCM9ExlX5xZVxT+oRpquI=&u=U2FsdGVkX1+v7XtX9fk+j8isjQIpXl8ZNgDtY/BCgjvSe4Oubh4TmUBxxKtwZpCX&y=U2FsdGVkX1/zvgSTRiTBboxfbIPjVPy9ht9bhbrsQkVkBablPaO8E2WG5Cldyz6o HTTP/1.1" 200 26
186.102.99.33 - - [02/Dec/2023:11:41:33 -0500] "GET /kwssiamovil/sm/acme/a?s=U2FsdGVkX1+vpU19M+yz/qyHdT2TovbN5u827poMCWRr2OR4Ug5XX4MXazuXS8w3FwlIN0cFUZfViOXeJdn8lvISm8ptzDqmTykWKaa6GQ2xzixCsH/lw1ZG3H/eMVUDofi9zPsT2Mn+3KYPDJj8HdqbL8j5rch6k6M8ufPnzwc=&u=U2FsdGVkX1+v7XtX9fk+j8isjQIpXl8ZNgDtY/BCgjvSe4Oubh4TmUBxxKtwZpCX&y=U2FsdGVkX1/zvgSTRiTBboxfbIPjVPy9ht9bhbrsQkVkBablPaO8E2WG5Cldyz6o HTTP/1.1" 200 26
186.102.99.33 - - [02/Dec/2023:11:41:33 -0500] "GET /kwssiamovil/sm/acme/a?s=U2FsdGVkX1/dyBcSzjdUg9phN1rcxIynlt/xnmH2Ea11jjT9HyulpjAt3uhHcvnrEXzT3y4LRBlXCWP+azZmZJqCgVvKeePs2nHzAcXn2/DuwX4GEIWITrhjwW4dFONI9j+PuquSKIlNBT30zNHfebKrt3MOg9ulrK5SGlqMjg6I53T0/EhKsBBE4V1tETF3gC7IrY8smViqF/bL6lZlNw==&u=U2FsdGVkX1+v7XtX9fk+j8isjQIpXl8ZNgDtY/BCgjvSe4Oubh4TmUBxxKtwZpCX&y=U2FsdGVkX1/zvgSTRiTBboxfbIPjVPy9ht9bhbrsQkVkBablPaO8E2WG5Cldyz6o HTTP/1.1" 200 26
186.102.99.33 - - [02/Dec/2023:11:41:34 -0500] "GET /kwssiamovil/sm/acme/a?s=U2FsdGVkX1+CwN8hmWX2KgLxcCoZFbRXQbDFjnqLlxFXtUI+j7rY8I1dxSxmKvqjPHGFOSjgZEsVCt0+sqJakFJnWuf0PfPgNivUVirn5Kr4wCxkStpHU5+zD3xvxxeMzbUD2NkGmoiCSP7yU3XptwJwKHPa73kKQ7Hx0v5ti2zaxFW4rITNzfXo1ZkJHpkjt+V1l+5Hx7ub2SKCk5Lv91jQmeLGfAqgE+G9YBAfNi8niGA68eJBtXcJqglPwQEJGA8M4mTpqrsM3qk2SChkDSmw7hihj0gFFgAESR+kE9OYEFQddsE1+J+OFlGZyMck4cl8ga1n91nqFVPBEF5vIeTQnKImPiZYYA3pgDnvnO4i97YQ5tfYLWjjRwhIRvFnEvQSPqDuvd/MYbCJVl/JLVLMXfCMWZyjmw57cMaqSJLLJ1oYezKCmgsmGVnMDHE3T010Wo3G3v3NBFSaFaaXRmkfBArvpypRrWec+AVvifQ=&u=U2FsdGVkX1+v7XtX9fk+j8isjQIpXl8ZNgDtY/BCgjvSe4Oubh4TmUBxxKtwZpCX&y=U2FsdGVkX1/zvgSTRiTBboxfbIPjVPy9ht9bhbrsQkVkBablPaO8E2WG5Cldyz6o HTTP/1.1" 200 25
186.102.99.33 - - [02/Dec/2023:11:41:34 -0500] "GET /kwssiamovil/sm/acme/a?s=U2FsdGVkX18jdkxxlyjE8p0Utq3k8LbYdCzkmJzPdjLQvv+1wUGGdQbEeE9/y1ToEARD7aRZPDcGe3HpX23woPdBxiU8sfUcX9vebVdixngKZJZiX9eCgG3RoAWWG8Q8b/Kn026Fjp0LYvtxulch/sy7dfsvQKr1iyTkJ79NxDON3vmol7we9smbqaaOTTbNUBZCx+eyWQPk5Nj3OsvaARD4fgLa0w+b+GoU5tK8lKgeOGqHid1iD18oDHjZ+TKToz2RD33WLJ17KXAu+lkx7JSZoR/kLHrs6OCw0aghblPPFH+gSJUZNi5gH5pIFMI2gQlFbyC6F/Rp4pwmP2DkshYL9JNTITTLnwon1TllB46Tq3RKVEHk1QSBrbpGqSzcUGcpdzM9/gl7SogmPXtOWUd3lCtTsKiQ27y45J4doCo/AIAJSy/jHoGcA63mXCm7&u=U2FsdGVkX1+v7XtX9fk+j8isjQIpXl8ZNgDtY/BCgjvSe4Oubh4TmUBxxKtwZpCX&y=U2FsdGVkX1/zvgSTRiTBboxfbIPjVPy9ht9bhbrsQkVkBablPaO8E2WG5Cldyz6o HTTP/1.1" 200 25
201.245.211.158 - - [02/Dec/2023:11:41:50 -0500] "POST /sipse/faces/presentacion/financiero/solicitudProceso/consultarSolicitudProceso.xhtml HTTP/1.1" 200 191634
173.252.87.5 - - [02/Dec/2023:11:41:51 -0500] "GET /consulta-y-conoce-los-proyectos-de-resolucion-de-para-los-planes-de-manejo-ambiental-de-cinco-humedales-en-bogota.html HTTP/1.1" 200 971
201.245.192.253 - - [02/Dec/2023:11:41:53 -0500] "POST /kwsrmcab/Wsrmcab  HTTP/1.1" 200 41956
201.245.192.253 - - [02/Dec/2023:11:42:19 -0500] "POST /forms/lservlet;jsessionid=ac16012b30d64ec0b0a9f85d4cd0acdf8f65235348eb.e3iSbxaKaheRe3eRa38MahaQbi1ynknvrkLOlQzNp65In0 HTTP/1.1" 200 2
201.245.192.253 - - [02/Dec/2023:11:42:37 -0500] "POST /forms/lservlet;jsessionid=ac16012b30d66bd79d5a81354b569b64ca0b03586396.e3iSbxaKaheRe3eRa38MahaQbi1ynknvrkLOlQzNp65In0 HTTP/1.1" 200 2
172.22.2.4 - - [02/Dec/2023:11:41:10 -0500] "HEAD /BLA/boletinlegal/ HTTP/1.1" 200 -
216.245.221.92 - - [02/Dec/2023:11:43:18 -0500] "HEAD / HTTP/1.1" 200 -
66.249.65.6 - - [02/Dec/2023:11:43:39 -0500] "GET /dia-mundial-de-las-aves-migratorias-cuidado-y-proteccion-para-la-biodiversidad.html HTTP/1.1" 200 1027
172.22.2.4 - - [02/Dec/2023:11:42:01 -0500] "GET /BLA/boletinlegal/ HTTP/1.1" 200 61018
201.245.192.253 - - [02/Dec/2023:11:44:19 -0500] "POST /forms/lservlet;jsessionid=ac16012b30d64ec0b0a9f85d4cd0acdf8f65235348eb.e3iSbxaKaheRe3eRa38MahaQbi1ynknvrkLOlQzNp65In0 HTTP/1.1" 200 2
201.245.192.253 - - [02/Dec/2023:11:44:37 -0500] "POST /forms/lservlet;jsessionid=ac16012b30d66bd79d5a81354b569b64ca0b03586396.e3iSbxaKaheRe3eRa38MahaQbi1ynknvrkLOlQzNp65In0 HTTP/1.1" 200 2
190.144.239.145 - - [02/Dec/2023:11:44:41 -0500] "POST /sipse/faces/presentacion/financiero/solicitudProceso/listarSolicitudProceso.xhtml HTTP/1.1" 200 28778
190.144.239.145 - - [02/Dec/2023:11:44:45 -0500] "POST /sipse/faces/presentacion/financiero/solicitudProceso/listarSolicitudProceso.xhtml HTTP/1.1" 200 127335
190.144.239.145 - - [02/Dec/2023:11:44:45 -0500] "GET /sipse/faces/javax.faces.resource/theme.css?ln=primefaces-sipse HTTP/1.1" 304 -
190.144.239.145 - - [02/Dec/2023:11:44:45 -0500] "GET /sipse/faces/javax.faces.resource/primefaces.css?ln=primefaces&v=4.0 HTTP/1.1" 304 -
190.144.239.145 - - [02/Dec/2023:11:44:45 -0500] "GET /sipse/faces/javax.faces.resource/layout/layout.css?ln=primefaces&v=4.0 HTTP/1.1" 304 -
190.144.239.145 - - [02/Dec/2023:11:44:45 -0500] "GET /sipse/faces/javax.faces.resource/jquery/jquery.js?ln=primefaces&v=4.0 HTTP/1.1" 304 -
190.144.239.145 - - [02/Dec/2023:11:44:45 -0500] "GET /sipse/faces/javax.faces.resource/jquery/jquery-plugins.js?ln=primefaces&v=4.0 HTTP/1.1" 304 -
190.144.239.145 - - [02/Dec/2023:11:44:45 -0500] "GET /sipse/faces/javax.faces.resource/primefaces.js?ln=primefaces&v=4.0 HTTP/1.1" 304 -
190.144.239.145 - - [02/Dec/2023:11:44:45 -0500] "GET /sipse/faces/javax.faces.resource/layout/layout.js?ln=primefaces&v=4.0 HTTP/1.1" 304 -
172.22.2.4 - - [02/Dec/2023:11:44:39 -0500] "GET /BLA/boletinlegal/ HTTP/1.1" 200 24523
173.252.111.7 - - [02/Dec/2023:11:45:15 -0500] "GET /images/Zorro%20cangrejero.jpg HTTP/1.1" 200 40050
52.167.144.171 - - [02/Dec/2023:11:45:35 -0500] "GET /BLA/resoluciones/AUTOS%202017/3684.pdf HTTP/1.1" 200 293586
201.245.192.253 - - [02/Dec/2023:11:46:19 -0500] "POST /forms/lservlet;jsessionid=ac16012b30d64ec0b0a9f85d4cd0acdf8f65235348eb.e3iSbxaKaheRe3eRa38MahaQbi1ynknvrkLOlQzNp65In0 HTTP/1.1" 200 2
199.16.157.180 - - [02/Dec/2023:11:46:32 -0500] "GET /images/cr%C3%B3nica-29-nov-1_optimized.jpeg HTTP/1.1" 404 1034
201.245.192.253 - - [02/Dec/2023:11:46:37 -0500] "POST /forms/lservlet;jsessionid=ac16012b30d66bd79d5a81354b569b64ca0b03586396.e3iSbxaKaheRe3eRa38MahaQbi1ynknvrkLOlQzNp65In0 HTTP/1.1" 200 2
201.245.192.253 - - [02/Dec/2023:11:46:52 -0500] "POST /kwsrmcab/Wsrmcab  HTTP/1.1" 200 41956
52.167.144.171 - - [02/Dec/2023:11:47:34 -0500] "GET /BLA/resoluciones/AUTOS%202017/3043.pdf HTTP/1.1" 200 280769
201.245.211.158 - - [02/Dec/2023:11:48:13 -0500] "POST /sipse/faces/presentacion/financiero/solicitudProceso/consultarSolicitudProceso.xhtml HTTP/1.1" 200 63722
201.245.211.158 - - [02/Dec/2023:11:48:16 -0500] "GET /sipse/faces/javax.faces.resource/theme.css?ln=primefaces-sipse HTTP/1.1" 304 -
201.245.211.158 - - [02/Dec/2023:11:48:16 -0500] "GET /sipse/faces/javax.faces.resource/primefaces.css?ln=primefaces&v=4.0 HTTP/1.1" 304 -
201.245.211.158 - - [02/Dec/2023:11:48:16 -0500] "GET /sipse/faces/javax.faces.resource/layout/layout.css?ln=primefaces&v=4.0 HTTP/1.1" 304 -
201.245.211.158 - - [02/Dec/2023:11:48:16 -0500] "GET /sipse/faces/javax.faces.resource/jquery/jquery.js?ln=primefaces&v=4.0 HTTP/1.1" 304 -
201.245.211.158 - - [02/Dec/2023:11:48:16 -0500] "GET /sipse/faces/javax.faces.resource/jquery/jquery-plugins.js?ln=primefaces&v=4.0 HTTP/1.1" 304 -
201.245.211.158 - - [02/Dec/2023:11:48:16 -0500] "GET /sipse/faces/javax.faces.resource/primefaces.js?ln=primefaces&v=4.0 HTTP/1.1" 304 -
201.245.211.158 - - [02/Dec/2023:11:48:16 -0500] "GET /sipse/faces/javax.faces.resource/layout/layout.js?ln=primefaces&v=4.0 HTTP/1.1" 304 -
201.245.211.158 - - [02/Dec/2023:11:48:16 -0500] "POST /sipse/faces/presentacion/financiero/solicitudProceso/listarSolicitudProceso.xhtml HTTP/1.1" 200 1564
216.245.221.92 - - [02/Dec/2023:11:48:18 -0500] "HEAD / HTTP/1.1" 200 -
201.245.192.253 - - [02/Dec/2023:11:48:19 -0500] "POST /forms/lservlet;jsessionid=ac16012b30d64ec0b0a9f85d4cd0acdf8f65235348eb.e3iSbxaKaheRe3eRa38MahaQbi1ynknvrkLOlQzNp65In0 HTTP/1.1" 200 2
201.245.192.253 - - [02/Dec/2023:11:48:37 -0500] "POST /forms/lservlet;jsessionid=ac16012b30d66bd79d5a81354b569b64ca0b03586396.e3iSbxaKaheRe3eRa38MahaQbi1ynknvrkLOlQzNp65In0 HTTP/1.1" 200 2
172.22.2.4 - - [02/Dec/2023:11:47:00 -0500] "HEAD /BLA/boletinlegal/ HTTP/1.1" 200 -
172.22.2.4 - - [02/Dec/2023:11:48:41 -0500] "GET /BLA/boletinlegal/actos.php HTTP/1.1" 200 9682
172.22.2.4 - - [02/Dec/2023:11:48:41 -0500] "GET /BLA/boletinlegal/styles2.css HTTP/1.1" 200 1838
172.22.2.4 - - [02/Dec/2023:11:48:41 -0500] "GET /BLA/boletinlegal/style.css HTTP/1.1" 200 9406
172.22.2.4 - - [02/Dec/2023:11:48:41 -0500] "GET /BLA/boletinlegal/js/ajax_actos.js HTTP/1.1" 200 1322
172.22.2.4 - - [02/Dec/2023:11:48:41 -0500] "GET /BLA/boletinlegal/niceforms.js HTTP/1.1" 200 22876
172.22.2.4 - - [02/Dec/2023:11:48:41 -0500] "GET /BLA/boletinlegal/js/lib.js HTTP/1.1" 200 6474
172.22.2.4 - - [02/Dec/2023:11:48:41 -0500] "GET /BLA/boletinlegal/js/jquery1.js HTTP/1.1" 200 29846
172.22.2.4 - - [02/Dec/2023:11:48:41 -0500] "GET /BLA/boletinlegal/images/cabezote%20BLEGAL.jpg HTTP/1.1" 200 118164
172.22.2.4 - - [02/Dec/2023:11:48:41 -0500] "GET /BLA/boletinlegal/js/popup.js HTTP/1.1" 200 1270
172.22.2.4 - - [02/Dec/2023:11:48:41 -0500] "GET /BLA/boletinlegal/niceforms-default.css HTTP/1.1" 200 6694
172.22.2.4 - - [02/Dec/2023:11:48:41 -0500] "GET /BLA/boletinlegal/images/subscribe-icon-big.png HTTP/1.1" 200 47702
172.22.2.4 - - [02/Dec/2023:11:48:41 -0500] "GET /BLA/boletinlegal/images/historia.png HTTP/1.1" 200 52775
172.22.2.4 - - [02/Dec/2023:11:48:41 -0500] "GET /BLA/boletinlegal/images/green-yellow-blue-pink-th.png HTTP/1.1" 200 7394
172.22.2.4 - - [02/Dec/2023:11:48:41 -0500] "GET /BLA/boletinlegal/images/registro-usuarios.png HTTP/1.1" 200 8106
172.22.2.4 - - [02/Dec/2023:11:48:41 -0500] "GET /BLA/boletinlegal/images/tel.png HTTP/1.1" 200 14477
172.22.2.4 - - [02/Dec/2023:11:48:41 -0500] "GET /BLA/boletinlegal/images/icono-email.png HTTP/1.1" 200 5544
172.22.2.4 - - [02/Dec/2023:11:48:41 -0500] "GET /BLA/boletinlegal/images/body_bg.jpg HTTP/1.1" 200 1601
172.22.2.4 - - [02/Dec/2023:11:48:41 -0500] "GET /BLA/boletinlegal/images/menu_lft.gif HTTP/1.1" 200 1713
172.22.2.4 - - [02/Dec/2023:11:48:41 -0500] "GET /BLA/boletinlegal/images/bg_top.jpg HTTP/1.1" 200 522
172.22.2.4 - - [02/Dec/2023:11:48:41 -0500] "GET /BLA/boletinlegal/images/menu_rght.gif HTTP/1.1" 200 1627
172.22.2.4 - - [02/Dec/2023:11:48:41 -0500] "GET /BLA/boletinlegal/images/text.jpg HTTP/1.1" 200 568
172.22.2.4 - - [02/Dec/2023:11:48:41 -0500] "GET /BLA/boletinlegal/images/hover.jpg HTTP/1.1" 200 640
172.22.2.4 - - [02/Dec/2023:11:48:41 -0500] "GET /BLA/boletinlegal/images/menu_bg.jpg HTTP/1.1" 200 620
172.22.2.4 - - [02/Dec/2023:11:48:41 -0500] "GET /BLA/boletinlegal/images/footer_bg_l.jpg HTTP/1.1" 200 776
172.22.2.4 - - [02/Dec/2023:11:48:41 -0500] "GET /BLA/boletinlegal/images/footer_bg.jpg HTTP/1.1" 200 586
172.22.2.4 - - [02/Dec/2023:11:48:41 -0500] "GET /BLA/boletinlegal/img/0.png HTTP/1.1" 200 110
172.22.2.4 - - [02/Dec/2023:11:48:41 -0500] "GET /BLA/boletinlegal/img/select-left.png HTTP/1.1" 200 263
172.22.2.4 - - [02/Dec/2023:11:48:41 -0500] "GET /BLA/boletinlegal/img/button-right.png HTTP/1.1" 200 57878
172.22.2.4 - - [02/Dec/2023:11:48:41 -0500] "GET /BLA/boletinlegal/img/select-right.png HTTP/1.1" 200 44019
172.22.2.4 - - [02/Dec/2023:11:48:41 -0500] "GET /BLA/boletinlegal/img/button.png HTTP/1.1" 200 43241
172.22.2.4 - - [02/Dec/2023:11:48:41 -0500] "GET /BLA/boletinlegal/img/button-left.png HTTP/1.1" 200 57071
190.144.239.145 - - [02/Dec/2023:11:49:10 -0500] "POST /sipse/faces/presentacion/financiero/solicitudProceso/consultarSolicitudProceso.xhtml HTTP/1.1" 200 63280
190.144.239.145 - - [02/Dec/2023:11:49:10 -0500] "GET /sipse/faces/javax.faces.resource/theme.css?ln=primefaces-sipse HTTP/1.1" 304 -
190.144.239.145 - - [02/Dec/2023:11:49:10 -0500] "GET /sipse/faces/javax.faces.resource/layout/layout.css?ln=primefaces&v=4.0 HTTP/1.1" 304 -
190.144.239.145 - - [02/Dec/2023:11:49:10 -0500] "GET /sipse/faces/javax.faces.resource/primefaces.css?ln=primefaces&v=4.0 HTTP/1.1" 304 -
190.144.239.145 - - [02/Dec/2023:11:49:10 -0500] "GET /sipse/faces/javax.faces.resource/jquery/jquery.js?ln=primefaces&v=4.0 HTTP/1.1" 304 -
190.144.239.145 - - [02/Dec/2023:11:49:10 -0500] "GET /sipse/faces/javax.faces.resource/jquery/jquery-plugins.js?ln=primefaces&v=4.0 HTTP/1.1" 304 -
190.144.239.145 - - [02/Dec/2023:11:49:11 -0500] "GET /sipse/faces/javax.faces.resource/primefaces.js?ln=primefaces&v=4.0 HTTP/1.1" 304 -
190.144.239.145 - - [02/Dec/2023:11:49:11 -0500] "GET /sipse/faces/javax.faces.resource/layout/layout.js?ln=primefaces&v=4.0 HTTP/1.1" 304 -
190.144.239.145 - - [02/Dec/2023:11:49:11 -0500] "POST /sipse/faces/presentacion/financiero/solicitudProceso/listarSolicitudProceso.xhtml HTTP/1.1" 200 56537
190.144.239.145 - - [02/Dec/2023:11:49:11 -0500] "POST /sipse/faces/presentacion/financiero/solicitudProceso/listarSolicitudProceso.xhtml HTTP/1.1" 200 1564
190.144.239.145 - - [02/Dec/2023:11:49:11 -0500] "POST /sipse/faces/presentacion/financiero/solicitudProceso/listarSolicitudProceso.xhtml HTTP/1.1" 200 1560
66.249.66.21 - - [02/Dec/2023:11:49:20 -0500] "GET /phpold/AjaxPhpCode/PDFs/Ajax_Chat_and_JSON.pdf HTTP/1.1" 404 1018
190.144.239.145 - - [02/Dec/2023:11:49:21 -0500] "POST /sipse/faces/presentacion/financiero/solicitudProceso/listarSolicitudProceso.xhtml HTTP/1.1" 200 22836
190.144.239.145 - - [02/Dec/2023:11:49:24 -0500] "POST /sipse/faces/presentacion/financiero/solicitudProceso/listarSolicitudProceso.xhtml HTTP/1.1" 200 124218
190.144.239.145 - - [02/Dec/2023:11:49:25 -0500] "GET /sipse/faces/javax.faces.resource/theme.css?ln=primefaces-sipse HTTP/1.1" 304 -
190.144.239.145 - - [02/Dec/2023:11:49:25 -0500] "GET /sipse/faces/javax.faces.resource/layout/layout.css?ln=primefaces&v=4.0 HTTP/1.1" 304 -
190.144.239.145 - - [02/Dec/2023:11:49:25 -0500] "GET /sipse/faces/javax.faces.resource/primefaces.css?ln=primefaces&v=4.0 HTTP/1.1" 304 -
190.144.239.145 - - [02/Dec/2023:11:49:25 -0500] "GET /sipse/faces/javax.faces.resource/jquery/jquery.js?ln=primefaces&v=4.0 HTTP/1.1" 304 -
190.144.239.145 - - [02/Dec/2023:11:49:25 -0500] "GET /sipse/faces/javax.faces.resource/jquery/jquery-plugins.js?ln=primefaces&v=4.0 HTTP/1.1" 304 -
190.144.239.145 - - [02/Dec/2023:11:49:25 -0500] "GET /sipse/faces/javax.faces.resource/primefaces.js?ln=primefaces&v=4.0 HTTP/1.1" 304 -
190.144.239.145 - - [02/Dec/2023:11:49:25 -0500] "GET /sipse/faces/javax.faces.resource/layout/layout.js?ln=primefaces&v=4.0 HTTP/1.1" 304 -
172.22.2.4 - - [02/Dec/2023:11:47:51 -0500] "GET /BLA/boletinlegal/ HTTP/1.1" 200 61018
52.167.144.171 - - [02/Dec/2023:11:49:35 -0500] "GET /BLA/resoluciones/AUTOS%202013/0074.pdf HTTP/1.1" 200 1385000
190.144.239.145 - - [02/Dec/2023:11:49:41 -0500] "POST /sipse/faces/presentacion/financiero/solicitudProceso/consultarSolicitudProceso.xhtml HTTP/1.1" 200 5534
201.245.192.253 - - [02/Dec/2023:11:50:19 -0500] "POST /forms/lservlet;jsessionid=ac16012b30d64ec0b0a9f85d4cd0acdf8f65235348eb.e3iSbxaKaheRe3eRa38MahaQbi1ynknvrkLOlQzNp65In0 HTTP/1.1" 200 2
201.245.192.253 - - [02/Dec/2023:11:50:37 -0500] "POST /forms/lservlet;jsessionid=ac16012b30d66bd79d5a81354b569b64ca0b03586396.e3iSbxaKaheRe3eRa38MahaQbi1ynknvrkLOlQzNp65In0 HTTP/1.1" 200 2
66.249.66.21 - - [02/Dec/2023:11:51:06 -0500] "GET /BLA/resoluciones/RESOLUCIONES%202012/0741.pdf HTTP/1.1" 200 165813
190.144.239.145 - - [02/Dec/2023:11:51:15 -0500] "POST /sipse/faces/presentacion/financiero/solicitudProceso/consultarSolicitudProceso.xhtml HTTP/1.1" 200 78980
