190.144.239.145 - - [02/Dec/2023:12:26:18 -0500] "GET /sipse/faces/javax.faces.resource/primefaces.js?ln=primefaces&v=4.0 HTTP/1.1" 304 -
190.144.239.145 - - [02/Dec/2023:12:26:18 -0500] "GET /sipse/faces/javax.faces.resource/layout/layout.js?ln=primefaces&v=4.0 HTTP/1.1" 304 -
201.245.192.253 - - [02/Dec/2023:12:26:19 -0500] "POST /forms/lservlet;jsessionid=ac16012b30d64ec0b0a9f85d4cd0acdf8f65235348eb.e3iSbxaKaheRe3eRa38MahaQbi1ynknvrkLOlQzNp65In0 HTTP/1.1" 200 2
172.22.1.61 - - [02/Dec/2023:12:26:30 -0500] "GET /reportes_sipse/sdg/ServletViabilidad?reporte=memo_viabilidad&solicitud=23009 HTTP/1.1" 200 1538
201.245.211.158 - - [02/Dec/2023:12:26:30 -0500] "POST /sipse/faces/presentacion/financiero/solicitudProceso/consultarSolicitudProceso.xhtml HTTP/1.1" 200 61245
201.245.211.158 - - [02/Dec/2023:12:26:33 -0500] "GET /sipse/faces/javax.faces.resource/primefaces.css?ln=primefaces&v=4.0 HTTP/1.1" 304 -
201.245.211.158 - - [02/Dec/2023:12:26:33 -0500] "GET /sipse/faces/javax.faces.resource/theme.css?ln=primefaces-sipse HTTP/1.1" 304 -
201.245.211.158 - - [02/Dec/2023:12:26:33 -0500] "GET /sipse/faces/javax.faces.resource/layout/layout.css?ln=primefaces&v=4.0 HTTP/1.1" 304 -
201.245.211.158 - - [02/Dec/2023:12:26:33 -0500] "GET /sipse/faces/javax.faces.resource/primefaces.js?ln=primefaces&v=4.0 HTTP/1.1" 304 -
201.245.211.158 - - [02/Dec/2023:12:26:33 -0500] "GET /sipse/faces/javax.faces.resource/jquery/jquery.js?ln=primefaces&v=4.0 HTTP/1.1" 304 -
201.245.211.158 - - [02/Dec/2023:12:26:33 -0500] "GET /sipse/faces/javax.faces.resource/jquery/jquery-plugins.js?ln=primefaces&v=4.0 HTTP/1.1" 304 -
201.245.211.158 - - [02/Dec/2023:12:26:33 -0500] "GET /sipse/faces/javax.faces.resource/layout/layout.js?ln=primefaces&v=4.0 HTTP/1.1" 304 -
201.245.211.158 - - [02/Dec/2023:12:26:33 -0500] "POST /sipse/faces/presentacion/financiero/solicitudProceso/listarSolicitudProceso.xhtml HTTP/1.1" 200 1544
201.245.211.158 - - [02/Dec/2023:12:26:33 -0500] "POST /sipse/faces/presentacion/financiero/solicitudProceso/listarSolicitudProceso.xhtml HTTP/1.1" 200 1548
190.144.239.145 - - [02/Dec/2023:12:26:37 -0500] "POST /sipse/faces/presentacion/financiero/solicitudProceso/consultarSolicitudProceso.xhtml HTTP/1.1" 200 5470
201.245.192.253 - - [02/Dec/2023:12:26:37 -0500] "POST /forms/lservlet;jsessionid=ac16012b30d66bd79d5a81354b569b64ca0b03586396.e3iSbxaKaheRe3eRa38MahaQbi1ynknvrkLOlQzNp65In0 HTTP/1.1" 200 2
201.245.192.253 - - [02/Dec/2023:12:26:40 -0500] "POST /kwsrmcab/Wsrmcab  HTTP/1.1" 200 41956
201.245.211.158 - - [02/Dec/2023:12:26:46 -0500] "POST /sipse/faces/presentacion/financiero/solicitudProceso/listarSolicitudProceso.xhtml HTTP/1.1" 200 109446
201.245.211.158 - - [02/Dec/2023:12:26:47 -0500] "GET /sipse/faces/javax.faces.resource/primefaces.css?ln=primefaces&v=4.0 HTTP/1.1" 304 -
201.245.211.158 - - [02/Dec/2023:12:26:47 -0500] "GET /sipse/faces/javax.faces.resource/theme.css?ln=primefaces-sipse HTTP/1.1" 304 -
201.245.211.158 - - [02/Dec/2023:12:26:47 -0500] "GET /sipse/faces/javax.faces.resource/layout/layout.css?ln=primefaces&v=4.0 HTTP/1.1" 304 -
201.245.211.158 - - [02/Dec/2023:12:26:47 -0500] "GET /sipse/faces/javax.faces.resource/jquery/jquery.js?ln=primefaces&v=4.0 HTTP/1.1" 304 -
201.245.211.158 - - [02/Dec/2023:12:26:47 -0500] "GET /sipse/faces/javax.faces.resource/jquery/jquery-plugins.js?ln=primefaces&v=4.0 HTTP/1.1" 304 -
201.245.211.158 - - [02/Dec/2023:12:26:47 -0500] "GET /sipse/faces/javax.faces.resource/primefaces.js?ln=primefaces&v=4.0 HTTP/1.1" 304 -
201.245.211.158 - - [02/Dec/2023:12:26:47 -0500] "GET /sipse/faces/javax.faces.resource/layout/layout.js?ln=primefaces&v=4.0 HTTP/1.1" 304 -
201.245.211.158 - - [02/Dec/2023:12:26:52 -0500] "POST /sipse/faces/presentacion/financiero/solicitudProceso/consultarSolicitudProceso.xhtml HTTP/1.1" 200 5470
66.249.65.5 - - [02/Dec/2023:12:26:53 -0500] "GET /los-tramites-y-servicios-que-ofrece-la-secretaria-de-ambiente-de-bogota.html HTTP/1.1" 304 -
201.245.192.253 - - [02/Dec/2023:12:27:00 -0500] "POST /kwsrmcab/Wsrmcab HTTP/1.1" 200 36496
201.245.192.253 - - [02/Dec/2023:12:27:04 -0500] "POST /kwsrmcab/Wsrmcab HTTP/1.1" 200 36819
190.144.239.145 - - [02/Dec/2023:12:27:21 -0500] "POST /sipse/faces/presentacion/financiero/solicitudProceso/consultarSolicitudProceso.xhtml HTTP/1.1" 200 286362
201.245.211.158 - - [02/Dec/2023:12:27:33 -0500] "POST /sipse/faces/presentacion/financiero/solicitudProceso/consultarSolicitudProceso.xhtml HTTP/1.1" 200 136153
172.22.1.61 - - [02/Dec/2023:12:27:42 -0500] "GET /reportes_sipse/sdg/ServletViabilidad?reporte=memo_viabilidad&solicitud=22850 HTTP/1.1" 200 1538
190.144.239.145 - - [02/Dec/2023:12:27:42 -0500] "POST /sipse/faces/presentacion/financiero/solicitudProceso/consultarSolicitudProceso.xhtml HTTP/1.1" 200 58141
190.144.239.145 - - [02/Dec/2023:12:27:45 -0500] "GET /sipse/faces/javax.faces.resource/theme.css?ln=primefaces-sipse HTTP/1.1" 304 -
190.144.239.145 - - [02/Dec/2023:12:27:45 -0500] "GET /sipse/faces/javax.faces.resource/primefaces.css?ln=primefaces&v=4.0 HTTP/1.1" 304 -
190.144.239.145 - - [02/Dec/2023:12:27:45 -0500] "GET /sipse/faces/javax.faces.resource/layout/layout.css?ln=primefaces&v=4.0 HTTP/1.1" 304 -
190.144.239.145 - - [02/Dec/2023:12:27:45 -0500] "GET /sipse/faces/javax.faces.resource/jquery/jquery.js?ln=primefaces&v=4.0 HTTP/1.1" 304 -
190.144.239.145 - - [02/Dec/2023:12:27:45 -0500] "GET /sipse/faces/javax.faces.resource/jquery/jquery-plugins.js?ln=primefaces&v=4.0 HTTP/1.1" 304 -
190.144.239.145 - - [02/Dec/2023:12:27:45 -0500] "GET /sipse/faces/javax.faces.resource/primefaces.js?ln=primefaces&v=4.0 HTTP/1.1" 304 -
190.144.239.145 - - [02/Dec/2023:12:27:45 -0500] "GET /sipse/faces/javax.faces.resource/layout/layout.js?ln=primefaces&v=4.0 HTTP/1.1" 304 -
190.144.239.145 - - [02/Dec/2023:12:27:45 -0500] "POST /sipse/faces/presentacion/financiero/solicitudProceso/listarSolicitudProceso.xhtml HTTP/1.1" 200 1528
190.144.239.145 - - [02/Dec/2023:12:27:45 -0500] "POST /sipse/faces/presentacion/financiero/solicitudProceso/listarSolicitudProceso.xhtml HTTP/1.1" 200 1532
190.144.239.145 - - [02/Dec/2023:12:27:58 -0500] "POST /sipse/faces/presentacion/financiero/solicitudProceso/listarSolicitudProceso.xhtml HTTP/1.1" 200 107284
190.144.239.145 - - [02/Dec/2023:12:27:59 -0500] "GET /sipse/faces/javax.faces.resource/theme.css?ln=primefaces-sipse HTTP/1.1" 304 -
190.144.239.145 - - [02/Dec/2023:12:27:59 -0500] "GET /sipse/faces/javax.faces.resource/primefaces.css?ln=primefaces&v=4.0 HTTP/1.1" 304 -
190.144.239.145 - - [02/Dec/2023:12:27:59 -0500] "GET /sipse/faces/javax.faces.resource/layout/layout.css?ln=primefaces&v=4.0 HTTP/1.1" 304 -
190.144.239.145 - - [02/Dec/2023:12:27:59 -0500] "GET /sipse/faces/javax.faces.resource/jquery/jquery.js?ln=primefaces&v=4.0 HTTP/1.1" 304 -
190.144.239.145 - - [02/Dec/2023:12:27:59 -0500] "GET /sipse/faces/javax.faces.resource/jquery/jquery-plugins.js?ln=primefaces&v=4.0 HTTP/1.1" 304 -
190.144.239.145 - - [02/Dec/2023:12:28:00 -0500] "GET /sipse/faces/javax.faces.resource/primefaces.js?ln=primefaces&v=4.0 HTTP/1.1" 304 -
190.144.239.145 - - [02/Dec/2023:12:28:00 -0500] "GET /sipse/faces/javax.faces.resource/layout/layout.js?ln=primefaces&v=4.0 HTTP/1.1" 304 -
216.245.221.92 - - [02/Dec/2023:12:28:18 -0500] "HEAD / HTTP/1.1" 200 -
201.245.192.253 - - [02/Dec/2023:12:28:19 -0500] "POST /forms/lservlet;jsessionid=ac16012b30d64ec0b0a9f85d4cd0acdf8f65235348eb.e3iSbxaKaheRe3eRa38MahaQbi1ynknvrkLOlQzNp65In0 HTTP/1.1" 200 2
190.144.239.145 - - [02/Dec/2023:12:28:28 -0500] "POST /sipse/faces/presentacion/financiero/solicitudProceso/consultarSolicitudProceso.xhtml HTTP/1.1" 200 194652
201.245.192.253 - - [02/Dec/2023:12:28:37 -0500] "POST /forms/lservlet;jsessionid=ac16012b30d66bd79d5a81354b569b64ca0b03586396.e3iSbxaKaheRe3eRa38MahaQbi1ynknvrkLOlQzNp65In0 HTTP/1.1" 200 2
190.144.239.145 - - [02/Dec/2023:12:28:38 -0500] "POST /sipse/faces/presentacion/financiero/solicitudProceso/consultarSolicitudProceso.xhtml HTTP/1.1" 200 5462
207.46.13.126 - - [02/Dec/2023:12:28:38 -0500] "GET /BLA/resoluciones/AUTOS%202017/3238.pdf HTTP/1.1" 200 271487
66.249.65.5 - - [02/Dec/2023:12:28:39 -0500] "GET /manos-reparadoras-una-alternativa-y-tendencia-de-moda-sostenible.html HTTP/1.1" 200 810
172.22.1.61 - - [02/Dec/2023:12:28:40 -0500] "GET /reportes_sipse/sdg/ServletViabilidad?reporte=memo_viabilidad&solicitud=22984 HTTP/1.1" 200 1538
201.245.211.158 - - [02/Dec/2023:12:28:39 -0500] "POST /sipse/faces/presentacion/financiero/solicitudProceso/consultarSolicitudProceso.xhtml HTTP/1.1" 200 54972
201.245.211.158 - - [02/Dec/2023:12:28:42 -0500] "GET /sipse/faces/javax.faces.resource/theme.css?ln=primefaces-sipse HTTP/1.1" 304 -
201.245.211.158 - - [02/Dec/2023:12:28:42 -0500] "GET /sipse/faces/javax.faces.resource/primefaces.css?ln=primefaces&v=4.0 HTTP/1.1" 304 -
201.245.211.158 - - [02/Dec/2023:12:28:42 -0500] "GET /sipse/faces/javax.faces.resource/jquery/jquery.js?ln=primefaces&v=4.0 HTTP/1.1" 304 -
201.245.211.158 - - [02/Dec/2023:12:28:42 -0500] "GET /sipse/faces/javax.faces.resource/layout/layout.css?ln=primefaces&v=4.0 HTTP/1.1" 304 -
201.245.211.158 - - [02/Dec/2023:12:28:42 -0500] "GET /sipse/faces/javax.faces.resource/jquery/jquery-plugins.js?ln=primefaces&v=4.0 HTTP/1.1" 304 -
201.245.211.158 - - [02/Dec/2023:12:28:42 -0500] "GET /sipse/faces/javax.faces.resource/primefaces.js?ln=primefaces&v=4.0 HTTP/1.1" 304 -
201.245.211.158 - - [02/Dec/2023:12:28:42 -0500] "GET /sipse/faces/javax.faces.resource/layout/layout.js?ln=primefaces&v=4.0 HTTP/1.1" 304 -
201.245.211.158 - - [02/Dec/2023:12:28:42 -0500] "POST /sipse/faces/presentacion/financiero/solicitudProceso/listarSolicitudProceso.xhtml HTTP/1.1" 200 1496
201.245.211.158 - - [02/Dec/2023:12:28:43 -0500] "POST /sipse/faces/presentacion/financiero/solicitudProceso/listarSolicitudProceso.xhtml HTTP/1.1" 200 1504
190.144.239.145 - - [02/Dec/2023:12:29:15 -0500] "POST /sipse/faces/presentacion/financiero/solicitudProceso/consultarSolicitudProceso.xhtml HTTP/1.1" 200 194652
201.245.211.158 - - [02/Dec/2023:12:29:24 -0500] "POST /sipse/faces/presentacion/financiero/solicitudProceso/listarSolicitudProceso.xhtml HTTP/1.1" 200 124188
201.245.211.158 - - [02/Dec/2023:12:29:25 -0500] "GET /sipse/faces/javax.faces.resource/theme.css?ln=primefaces-sipse HTTP/1.1" 304 -
201.245.211.158 - - [02/Dec/2023:12:29:25 -0500] "GET /sipse/faces/javax.faces.resource/layout/layout.css?ln=primefaces&v=4.0 HTTP/1.1" 304 -
201.245.211.158 - - [02/Dec/2023:12:29:25 -0500] "GET /sipse/faces/javax.faces.resource/primefaces.css?ln=primefaces&v=4.0 HTTP/1.1" 304 -
201.245.211.158 - - [02/Dec/2023:12:29:25 -0500] "GET /sipse/faces/javax.faces.resource/jquery/jquery.js?ln=primefaces&v=4.0 HTTP/1.1" 304 -
201.245.211.158 - - [02/Dec/2023:12:29:25 -0500] "GET /sipse/faces/javax.faces.resource/jquery/jquery-plugins.js?ln=primefaces&v=4.0 HTTP/1.1" 304 -
201.245.211.158 - - [02/Dec/2023:12:29:25 -0500] "GET /sipse/faces/javax.faces.resource/primefaces.js?ln=primefaces&v=4.0 HTTP/1.1" 304 -
201.245.211.158 - - [02/Dec/2023:12:29:25 -0500] "GET /sipse/faces/javax.faces.resource/layout/layout.js?ln=primefaces&v=4.0 HTTP/1.1" 304 -
172.22.2.4 - - [02/Dec/2023:12:27:50 -0500] "HEAD /BLA/boletinlegal/ HTTP/1.1" 200 -
201.245.211.158 - - [02/Dec/2023:12:29:32 -0500] "POST /sipse/faces/presentacion/financiero/solicitudProceso/consultarSolicitudProceso.xhtml HTTP/1.1" 200 5534
172.22.1.61 - - [02/Dec/2023:12:29:50 -0500] "GET /reportes_sipse/sdg/ServletViabilidad?reporte=memo_viabilidad&solicitud=22507 HTTP/1.1" 200 1538
190.144.239.145 - - [02/Dec/2023:12:29:50 -0500] "POST /sipse/faces/presentacion/financiero/solicitudProceso/consultarSolicitudProceso.xhtml HTTP/1.1" 200 52004
190.144.239.145 - - [02/Dec/2023:12:29:53 -0500] "GET /sipse/faces/javax.faces.resource/theme.css?ln=primefaces-sipse HTTP/1.1" 304 -
190.144.239.145 - - [02/Dec/2023:12:29:53 -0500] "GET /sipse/faces/javax.faces.resource/primefaces.css?ln=primefaces&v=4.0 HTTP/1.1" 304 -
190.144.239.145 - - [02/Dec/2023:12:29:53 -0500] "GET /sipse/faces/javax.faces.resource/layout/layout.css?ln=primefaces&v=4.0 HTTP/1.1" 304 -
190.144.239.145 - - [02/Dec/2023:12:29:53 -0500] "GET /sipse/faces/javax.faces.resource/jquery/jquery.js?ln=primefaces&v=4.0 HTTP/1.1" 304 -
190.144.239.145 - - [02/Dec/2023:12:29:53 -0500] "GET /sipse/faces/javax.faces.resource/jquery/jquery-plugins.js?ln=primefaces&v=4.0 HTTP/1.1" 304 -
190.144.239.145 - - [02/Dec/2023:12:29:53 -0500] "GET /sipse/faces/javax.faces.resource/primefaces.js?ln=primefaces&v=4.0 HTTP/1.1" 304 -
190.144.239.145 - - [02/Dec/2023:12:29:53 -0500] "GET /sipse/faces/javax.faces.resource/layout/layout.js?ln=primefaces&v=4.0 HTTP/1.1" 304 -
190.144.239.145 - - [02/Dec/2023:12:29:53 -0500] "POST /sipse/faces/presentacion/financiero/solicitudProceso/listarSolicitudProceso.xhtml HTTP/1.1" 200 1480
190.144.239.145 - - [02/Dec/2023:12:29:53 -0500] "POST /sipse/faces/presentacion/financiero/solicitudProceso/listarSolicitudProceso.xhtml HTTP/1.1" 200 1488
190.144.239.145 - - [02/Dec/2023:12:29:59 -0500] "POST /sipse/faces/presentacion/financiero/solicitudProceso/listarSolicitudProceso.xhtml HTTP/1.1" 200 124188
190.144.239.145 - - [02/Dec/2023:12:29:59 -0500] "GET /sipse/faces/javax.faces.resource/theme.css?ln=primefaces-sipse HTTP/1.1" 304 -
190.144.239.145 - - [02/Dec/2023:12:29:59 -0500] "GET /sipse/faces/javax.faces.resource/primefaces.css?ln=primefaces&v=4.0 HTTP/1.1" 304 -
190.144.239.145 - - [02/Dec/2023:12:29:59 -0500] "GET /sipse/faces/javax.faces.resource/layout/layout.css?ln=primefaces&v=4.0 HTTP/1.1" 304 -
190.144.239.145 - - [02/Dec/2023:12:29:59 -0500] "GET /sipse/faces/javax.faces.resource/jquery/jquery.js?ln=primefaces&v=4.0 HTTP/1.1" 304 -
190.144.239.145 - - [02/Dec/2023:12:29:59 -0500] "GET /sipse/faces/javax.faces.resource/jquery/jquery-plugins.js?ln=primefaces&v=4.0 HTTP/1.1" 304 -
190.144.239.145 - - [02/Dec/2023:12:30:00 -0500] "GET /sipse/faces/javax.faces.resource/primefaces.js?ln=primefaces&v=4.0 HTTP/1.1" 304 -
190.144.239.145 - - [02/Dec/2023:12:30:00 -0500] "GET /sipse/faces/javax.faces.resource/layout/layout.js?ln=primefaces&v=4.0 HTTP/1.1" 304 -
201.245.211.158 - - [02/Dec/2023:12:30:10 -0500] "POST /sipse/faces/presentacion/financiero/solicitudProceso/consultarSolicitudProceso.xhtml HTTP/1.1" 200 78692
201.245.192.253 - - [02/Dec/2023:12:30:19 -0500] "POST /forms/lservlet;jsessionid=ac16012b30d64ec0b0a9f85d4cd0acdf8f65235348eb.e3iSbxaKaheRe3eRa38MahaQbi1ynknvrkLOlQzNp65In0 HTTP/1.1" 200 2
190.144.239.145 - - [02/Dec/2023:12:30:19 -0500] "POST /sipse/faces/presentacion/financiero/solicitudProceso/consultarSolicitudProceso.xhtml HTTP/1.1" 200 5534
172.22.2.4 - - [02/Dec/2023:12:28:41 -0500] "GET /BLA/boletinlegal/ HTTP/1.1" 200 60634
201.245.192.253 - - [02/Dec/2023:12:30:37 -0500] "POST /forms/lservlet;jsessionid=ac16012b30d66bd79d5a81354b569b64ca0b03586396.e3iSbxaKaheRe3eRa38MahaQbi1ynknvrkLOlQzNp65In0 HTTP/1.1" 200 2
172.22.2.4 - - [02/Dec/2023:12:30:38 -0500] "GET /BLA/boletinlegal/images/subscribe-icon-big.png HTTP/1.1" 200 47702
201.245.192.253 - - [02/Dec/2023:12:30:40 -0500] "POST /kwsrmcab/Wsrmcab HTTP/1.1" 200 36496
66.249.66.20 - - [02/Dec/2023:12:30:46 -0500] "GET /BLA/resoluciones/RESOLUCIONES%201999/RESOLUCION%20538%20DE%201999.pdf HTTP/1.1" 200 129149
201.245.192.253 - - [02/Dec/2023:12:30:48 -0500] "POST /kwsrmcab/Wsrmcab HTTP/1.1" 200 36819
207.46.13.54 - - [02/Dec/2023:12:31:19 -0500] "GET /Publicaciones/2023EE218260.pdf HTTP/1.1" 404 228
172.22.1.61 - - [02/Dec/2023:12:31:26 -0500] "GET /reportes_sipse/sdg/ServletViabilidad?reporte=memo_viabilidad&solicitud=23030 HTTP/1.1" 200 1538
201.245.211.158 - - [02/Dec/2023:12:31:26 -0500] "POST /sipse/faces/presentacion/financiero/solicitudProceso/consultarSolicitudProceso.xhtml HTTP/1.1" 200 49100
201.245.211.158 - - [02/Dec/2023:12:31:29 -0500] "GET /sipse/faces/javax.faces.resource/theme.css?ln=primefaces-sipse HTTP/1.1" 304 -
201.245.211.158 - - [02/Dec/2023:12:31:29 -0500] "GET /sipse/faces/javax.faces.resource/primefaces.css?ln=primefaces&v=4.0 HTTP/1.1" 304 -
201.245.211.158 - - [02/Dec/2023:12:31:29 -0500] "GET /sipse/faces/javax.faces.resource/layout/layout.css?ln=primefaces&v=4.0 HTTP/1.1" 304 -
201.245.211.158 - - [02/Dec/2023:12:31:29 -0500] "GET /sipse/faces/javax.faces.resource/jquery/jquery.js?ln=primefaces&v=4.0 HTTP/1.1" 304 -
201.245.211.158 - - [02/Dec/2023:12:31:29 -0500] "GET /sipse/faces/javax.faces.resource/jquery/jquery-plugins.js?ln=primefaces&v=4.0 HTTP/1.1" 304 -
201.245.211.158 - - [02/Dec/2023:12:31:29 -0500] "GET /sipse/faces/javax.faces.resource/primefaces.js?ln=primefaces&v=4.0 HTTP/1.1" 304 -
201.245.211.158 - - [02/Dec/2023:12:31:29 -0500] "GET /sipse/faces/javax.faces.resource/layout/layout.js?ln=primefaces&v=4.0 HTTP/1.1" 304 -
201.245.211.158 - - [02/Dec/2023:12:31:29 -0500] "POST /sipse/faces/presentacion/financiero/solicitudProceso/listarSolicitudProceso.xhtml HTTP/1.1" 200 1468
201.245.211.158 - - [02/Dec/2023:12:31:29 -0500] "POST /sipse/faces/presentacion/financiero/solicitudProceso/listarSolicitudProceso.xhtml HTTP/1.1" 200 1460
190.144.239.145 - - [02/Dec/2023:12:31:32 -0500] "POST /sipse/faces/presentacion/financiero/solicitudProceso/consultarSolicitudProceso.xhtml HTTP/1.1" 200 79310
201.245.192.253 - - [02/Dec/2023:12:31:39 -0500] "POST /kwsrmcab/Wsrmcab  HTTP/1.1" 200 41956
201.245.211.158 - - [02/Dec/2023:12:31:42 -0500] "POST /sipse/faces/presentacion/financiero/solicitudProceso/listarSolicitudProceso.xhtml HTTP/1.1" 200 124223
201.245.211.158 - - [02/Dec/2023:12:31:43 -0500] "GET /sipse/faces/javax.faces.resource/primefaces.css?ln=primefaces&v=4.0 HTTP/1.1" 304 -
201.245.211.158 - - [02/Dec/2023:12:31:43 -0500] "GET /sipse/faces/javax.faces.resource/layout/layout.css?ln=primefaces&v=4.0 HTTP/1.1" 304 -
201.245.211.158 - - [02/Dec/2023:12:31:43 -0500] "GET /sipse/faces/javax.faces.resource/theme.css?ln=primefaces-sipse HTTP/1.1" 304 -
201.245.211.158 - - [02/Dec/2023:12:31:43 -0500] "GET /sipse/faces/javax.faces.resource/jquery/jquery.js?ln=primefaces&v=4.0 HTTP/1.1" 304 -
201.245.211.158 - - [02/Dec/2023:12:31:43 -0500] "GET /sipse/faces/javax.faces.resource/jquery/jquery-plugins.js?ln=primefaces&v=4.0 HTTP/1.1" 304 -
201.245.211.158 - - [02/Dec/2023:12:31:43 -0500] "GET /sipse/faces/javax.faces.resource/primefaces.js?ln=primefaces&v=4.0 HTTP/1.1" 304 -
201.245.211.158 - - [02/Dec/2023:12:31:43 -0500] "GET /sipse/faces/javax.faces.resource/layout/layout.js?ln=primefaces&v=4.0 HTTP/1.1" 304 -
172.22.1.61 - - [02/Dec/2023:12:31:46 -0500] "GET /reportes_sipse/sdg/ServletViabilidad?reporte=memo_viabilidad&solicitud=23029 HTTP/1.1" 200 1538
190.144.239.145 - - [02/Dec/2023:12:31:45 -0500] "POST /sipse/faces/presentacion/financiero/solicitudProceso/consultarSolicitudProceso.xhtml HTTP/1.1" 200 46161
190.144.239.145 - - [02/Dec/2023:12:31:48 -0500] "GET /sipse/faces/javax.faces.resource/theme.css?ln=primefaces-sipse HTTP/1.1" 304 -
190.144.239.145 - - [02/Dec/2023:12:31:48 -0500] "GET /sipse/faces/javax.faces.resource/primefaces.css?ln=primefaces&v=4.0 HTTP/1.1" 304 -
190.144.239.145 - - [02/Dec/2023:12:31:48 -0500] "GET /sipse/faces/javax.faces.resource/layout/layout.css?ln=primefaces&v=4.0 HTTP/1.1" 304 -
190.144.239.145 - - [02/Dec/2023:12:31:48 -0500] "GET /sipse/faces/javax.faces.resource/jquery/jquery.js?ln=primefaces&v=4.0 HTTP/1.1" 304 -
190.144.239.145 - - [02/Dec/2023:12:31:48 -0500] "GET /sipse/faces/javax.faces.resource/jquery/jquery-plugins.js?ln=primefaces&v=4.0 HTTP/1.1" 304 -
190.144.239.145 - - [02/Dec/2023:12:31:48 -0500] "GET /sipse/faces/javax.faces.resource/primefaces.js?ln=primefaces&v=4.0 HTTP/1.1" 304 -
190.144.239.145 - - [02/Dec/2023:12:31:48 -0500] "GET /sipse/faces/javax.faces.resource/layout/layout.js?ln=primefaces&v=4.0 HTTP/1.1" 304 -
190.144.239.145 - - [02/Dec/2023:12:31:48 -0500] "POST /sipse/faces/presentacion/financiero/solicitudProceso/listarSolicitudProceso.xhtml HTTP/1.1" 200 1440
190.144.239.145 - - [02/Dec/2023:12:31:48 -0500] "POST /sipse/faces/presentacion/financiero/solicitudProceso/listarSolicitudProceso.xhtml HTTP/1.1" 200 1440
201.245.211.158 - - [02/Dec/2023:12:31:49 -0500] "POST /sipse/faces/presentacion/financiero/solicitudProceso/consultarSolicitudProceso.xhtml HTTP/1.1" 200 5534
190.144.239.145 - - [02/Dec/2023:12:32:00 -0500] "POST /sipse/faces/presentacion/financiero/solicitudProceso/listarSolicitudProceso.xhtml HTTP/1.1" 200 124223
190.144.239.145 - - [02/Dec/2023:12:32:01 -0500] "GET /sipse/faces/javax.faces.resource/theme.css?ln=primefaces-sipse HTTP/1.1" 304 -
190.144.239.145 - - [02/Dec/2023:12:32:01 -0500] "GET /sipse/faces/javax.faces.resource/primefaces.css?ln=primefaces&v=4.0 HTTP/1.1" 304 -
190.144.239.145 - - [02/Dec/2023:12:32:01 -0500] "GET /sipse/faces/javax.faces.resource/layout/layout.css?ln=primefaces&v=4.0 HTTP/1.1" 304 -
190.144.239.145 - - [02/Dec/2023:12:32:01 -0500] "GET /sipse/faces/javax.faces.resource/jquery/jquery.js?ln=primefaces&v=4.0 HTTP/1.1" 304 -
190.144.239.145 - - [02/Dec/2023:12:32:01 -0500] "GET /sipse/faces/javax.faces.resource/jquery/jquery-plugins.js?ln=primefaces&v=4.0 HTTP/1.1" 304 -
190.144.239.145 - - [02/Dec/2023:12:32:01 -0500] "GET /sipse/faces/javax.faces.resource/primefaces.js?ln=primefaces&v=4.0 HTTP/1.1" 304 -
190.144.239.145 - - [02/Dec/2023:12:32:01 -0500] "GET /sipse/faces/javax.faces.resource/layout/layout.js?ln=primefaces&v=4.0 HTTP/1.1" 304 -
201.245.211.158 - - [02/Dec/2023:12:32:13 -0500] "POST /sipse/faces/presentacion/financiero/solicitudProceso/consultarSolicitudProceso.xhtml HTTP/1.1" 200 78842
201.245.192.253 - - [02/Dec/2023:12:32:19 -0500] "POST /forms/lservlet;jsessionid=ac16012b30d64ec0b0a9f85d4cd0acdf8f65235348eb.e3iSbxaKaheRe3eRa38MahaQbi1ynknvrkLOlQzNp65In0 HTTP/1.1" 200 2
190.144.239.145 - - [02/Dec/2023:12:32:24 -0500] "POST /sipse/faces/presentacion/financiero/solicitudProceso/consultarSolicitudProceso.xhtml HTTP/1.1" 200 5534
162.55.41.96 - - [02/Dec/2023:12:32:36 -0500] "GET / HTTP/1.1" 200 4720
201.245.192.253 - - [02/Dec/2023:12:32:37 -0500] "POST /forms/lservlet;jsessionid=ac16012b30d66bd79d5a81354b569b64ca0b03586396.e3iSbxaKaheRe3eRa38MahaQbi1ynknvrkLOlQzNp65In0 HTTP/1.1" 200 2
162.55.41.96 - - [02/Dec/2023:12:32:38 -0500] "GET / HTTP/1.1" 200 319
190.144.239.145 - - [02/Dec/2023:12:33:14 -0500] "POST /sipse/faces/presentacion/financiero/solicitudProceso/consultarSolicitudProceso.xhtml HTTP/1.1" 200 78965
216.245.221.92 - - [02/Dec/2023:12:33:18 -0500] "HEAD / HTTP/1.1" 200 -
172.22.1.61 - - [02/Dec/2023:12:33:27 -0500] "GET /reportes_sipse/sdg/ServletViabilidad?reporte=memo_viabilidad&solicitud=23027 HTTP/1.1" 200 1538
190.144.239.145 - - [02/Dec/2023:12:33:26 -0500] "POST /sipse/faces/presentacion/financiero/solicitudProceso/consultarSolicitudProceso.xhtml HTTP/1.1" 200 43218
190.144.239.145 - - [02/Dec/2023:12:33:29 -0500] "GET /sipse/faces/javax.faces.resource/theme.css?ln=primefaces-sipse HTTP/1.1" 304 -
190.144.239.145 - - [02/Dec/2023:12:33:29 -0500] "GET /sipse/faces/javax.faces.resource/primefaces.css?ln=primefaces&v=4.0 HTTP/1.1" 304 -
190.144.239.145 - - [02/Dec/2023:12:33:29 -0500] "GET /sipse/faces/javax.faces.resource/layout/layout.css?ln=primefaces&v=4.0 HTTP/1.1" 304 -
190.144.239.145 - - [02/Dec/2023:12:33:29 -0500] "GET /sipse/faces/javax.faces.resource/jquery/jquery.js?ln=primefaces&v=4.0 HTTP/1.1" 304 -
190.144.239.145 - - [02/Dec/2023:12:33:29 -0500] "GET /sipse/faces/javax.faces.resource/primefaces.js?ln=primefaces&v=4.0 HTTP/1.1" 304 -
190.144.239.145 - - [02/Dec/2023:12:33:29 -0500] "GET /sipse/faces/javax.faces.resource/jquery/jquery-plugins.js?ln=primefaces&v=4.0 HTTP/1.1" 304 -
190.144.239.145 - - [02/Dec/2023:12:33:29 -0500] "GET /sipse/faces/javax.faces.resource/layout/layout.js?ln=primefaces&v=4.0 HTTP/1.1" 304 -
190.144.239.145 - - [02/Dec/2023:12:33:29 -0500] "POST /sipse/faces/presentacion/financiero/solicitudProceso/listarSolicitudProceso.xhtml HTTP/1.1" 200 1420
190.144.239.145 - - [02/Dec/2023:12:33:29 -0500] "POST /sipse/faces/presentacion/financiero/solicitudProceso/listarSolicitudProceso.xhtml HTTP/1.1" 200 1424
207.46.13.54 - - [02/Dec/2023:12:33:41 -0500] "GET /BLA/resoluciones/AUTOS%202023/6654.pdf HTTP/1.1" 200 671751
190.144.239.145 - - [02/Dec/2023:12:33:45 -0500] "POST /sipse/faces/presentacion/financiero/solicitudProceso/listarSolicitudProceso.xhtml HTTP/1.1" 200 124311
190.144.239.145 - - [02/Dec/2023:12:33:46 -0500] "GET /sipse/faces/javax.faces.resource/theme.css?ln=primefaces-sipse HTTP/1.1" 304 -
190.144.239.145 - - [02/Dec/2023:12:33:46 -0500] "GET /sipse/faces/javax.faces.resource/primefaces.css?ln=primefaces&v=4.0 HTTP/1.1" 304 -
190.144.239.145 - - [02/Dec/2023:12:33:46 -0500] "GET /sipse/faces/javax.faces.resource/layout/layout.css?ln=primefaces&v=4.0 HTTP/1.1" 304 -
190.144.239.145 - - [02/Dec/2023:12:33:46 -0500] "GET /sipse/faces/javax.faces.resource/jquery/jquery.js?ln=primefaces&v=4.0 HTTP/1.1" 304 -
190.144.239.145 - - [02/Dec/2023:12:33:46 -0500] "GET /sipse/faces/javax.faces.resource/jquery/jquery-plugins.js?ln=primefaces&v=4.0 HTTP/1.1" 304 -
190.144.239.145 - - [02/Dec/2023:12:33:46 -0500] "GET /sipse/faces/javax.faces.resource/primefaces.js?ln=primefaces&v=4.0 HTTP/1.1" 304 -
190.144.239.145 - - [02/Dec/2023:12:33:46 -0500] "GET /sipse/faces/javax.faces.resource/layout/layout.js?ln=primefaces&v=4.0 HTTP/1.1" 304 -
190.144.239.145 - - [02/Dec/2023:12:34:09 -0500] "POST /sipse/faces/presentacion/financiero/solicitudProceso/consultarSolicitudProceso.xhtml HTTP/1.1" 200 5534
172.22.1.61 - - [02/Dec/2023:12:34:15 -0500] "GET /reportes_sipse/sdg/ServletViabilidad?reporte=memo_viabilidad&solicitud=23028 HTTP/1.1" 200 1538
201.245.211.158 - - [02/Dec/2023:12:34:15 -0500] "POST /sipse/faces/presentacion/financiero/solicitudProceso/consultarSolicitudProceso.xhtml HTTP/1.1" 200 40212
201.245.211.158 - - [02/Dec/2023:12:34:17 -0500] "GET /sipse/faces/javax.faces.resource/theme.css?ln=primefaces-sipse HTTP/1.1" 304 -
201.245.211.158 - - [02/Dec/2023:12:34:17 -0500] "GET /sipse/faces/javax.faces.resource/primefaces.css?ln=primefaces&v=4.0 HTTP/1.1" 304 -
201.245.211.158 - - [02/Dec/2023:12:34:17 -0500] "GET /sipse/faces/javax.faces.resource/layout/layout.css?ln=primefaces&v=4.0 HTTP/1.1" 304 -
201.245.211.158 - - [02/Dec/2023:12:34:17 -0500] "GET /sipse/faces/javax.faces.resource/jquery/jquery.js?ln=primefaces&v=4.0 HTTP/1.1" 304 -
201.245.211.158 - - [02/Dec/2023:12:34:17 -0500] "GET /sipse/faces/javax.faces.resource/jquery/jquery-plugins.js?ln=primefaces&v=4.0 HTTP/1.1" 304 -
201.245.211.158 - - [02/Dec/2023:12:34:17 -0500] "GET /sipse/faces/javax.faces.resource/layout/layout.js?ln=primefaces&v=4.0 HTTP/1.1" 304 -
201.245.211.158 - - [02/Dec/2023:12:34:17 -0500] "GET /sipse/faces/javax.faces.resource/primefaces.js?ln=primefaces&v=4.0 HTTP/1.1" 304 -
201.245.211.158 - - [02/Dec/2023:12:34:18 -0500] "POST /sipse/faces/presentacion/financiero/solicitudProceso/listarSolicitudProceso.xhtml HTTP/1.1" 200 1396
201.245.211.158 - - [02/Dec/2023:12:34:18 -0500] "POST /sipse/faces/presentacion/financiero/solicitudProceso/listarSolicitudProceso.xhtml HTTP/1.1" 200 1392
201.245.192.253 - - [02/Dec/2023:12:34:19 -0500] "POST /forms/lservlet;jsessionid=ac16012b30d64ec0b0a9f85d4cd0acdf8f65235348eb.e3iSbxaKaheRe3eRa38MahaQbi1ynknvrkLOlQzNp65In0 HTTP/1.1" 200 2
185.224.128.187 - - [02/Dec/2023:12:34:26 -0500] "GET / HTTP/1.1" 200 319
201.245.192.253 - - [02/Dec/2023:12:34:37 -0500] "POST /forms/lservlet;jsessionid=ac16012b30d66bd79d5a81354b569b64ca0b03586396.e3iSbxaKaheRe3eRa38MahaQbi1ynknvrkLOlQzNp65In0 HTTP/1.1" 200 2
190.144.239.145 - - [02/Dec/2023:12:34:47 -0500] "POST /sipse/faces/presentacion/financiero/solicitudProceso/consultarSolicitudProceso.xhtml HTTP/1.1" 200 80696
172.22.2.4 - - [02/Dec/2023:12:35:03 -0500] "GET /BLA/boletinlegal/.git/config HTTP/1.1" 404 1038
172.22.1.61 - - [02/Dec/2023:12:35:03 -0500] "GET /reportes_sipse/sdg/ServletViabilidad?reporte=memo_viabilidad&solicitud=23025 HTTP/1.1" 200 1538
190.144.239.145 - - [02/Dec/2023:12:35:03 -0500] "POST /sipse/faces/presentacion/financiero/solicitudProceso/consultarSolicitudProceso.xhtml HTTP/1.1" 200 37036
190.144.239.145 - - [02/Dec/2023:12:35:05 -0500] "GET /sipse/faces/javax.faces.resource/theme.css?ln=primefaces-sipse HTTP/1.1" 304 -
190.144.239.145 - - [02/Dec/2023:12:35:05 -0500] "GET /sipse/faces/javax.faces.resource/primefaces.css?ln=primefaces&v=4.0 HTTP/1.1" 304 -
190.144.239.145 - - [02/Dec/2023:12:35:05 -0500] "GET /sipse/faces/javax.faces.resource/layout/layout.css?ln=primefaces&v=4.0 HTTP/1.1" 304 -
190.144.239.145 - - [02/Dec/2023:12:35:05 -0500] "GET /sipse/faces/javax.faces.resource/jquery/jquery.js?ln=primefaces&v=4.0 HTTP/1.1" 304 -
190.144.239.145 - - [02/Dec/2023:12:35:05 -0500] "GET /sipse/faces/javax.faces.resource/jquery/jquery-plugins.js?ln=primefaces&v=4.0 HTTP/1.1" 304 -
190.144.239.145 - - [02/Dec/2023:12:35:05 -0500] "GET /sipse/faces/javax.faces.resource/layout/layout.js?ln=primefaces&v=4.0 HTTP/1.1" 304 -
190.144.239.145 - - [02/Dec/2023:12:35:05 -0500] "GET /sipse/faces/javax.faces.resource/primefaces.js?ln=primefaces&v=4.0 HTTP/1.1" 304 -
190.144.239.145 - - [02/Dec/2023:12:35:06 -0500] "POST /sipse/faces/presentacion/financiero/solicitudProceso/listarSolicitudProceso.xhtml HTTP/1.1" 200 1376
190.144.239.145 - - [02/Dec/2023:12:35:06 -0500] "POST /sipse/faces/presentacion/financiero/solicitudProceso/listarSolicitudProceso.xhtml HTTP/1.1" 200 1384
114.119.153.50 - - [02/Dec/2023:12:35:10 -0500] "GET /BLA/resoluciones/index.php?dir=AUTOS%2B2013/&sort=size&order=asc HTTP/1.1" 200 13882
172.22.2.4 - - [02/Dec/2023:12:33:40 -0500] "HEAD /BLA/boletinlegal/ HTTP/1.1" 200 -
172.22.2.4 - - [02/Dec/2023:12:34:31 -0500] "GET /BLA/boletinlegal/ HTTP/1.1" 200 61018
201.245.192.253 - - [02/Dec/2023:12:36:19 -0500] "POST /forms/lservlet;jsessionid=ac16012b30d64ec0b0a9f85d4cd0acdf8f65235348eb.e3iSbxaKaheRe3eRa38MahaQbi1ynknvrkLOlQzNp65In0 HTTP/1.1" 200 2
52.167.144.235 - - [02/Dec/2023:12:36:36 -0500] "GET /BLA/resoluciones/AUTOS%202023/5517.pdf HTTP/1.1" 200 1340142
201.245.192.253 - - [02/Dec/2023:12:36:37 -0500] "POST /forms/lservlet;jsessionid=ac16012b30d66bd79d5a81354b569b64ca0b03586396.e3iSbxaKaheRe3eRa38MahaQbi1ynknvrkLOlQzNp65In0 HTTP/1.1" 200 2
201.245.192.253 - - [02/Dec/2023:12:36:37 -0500] "POST /kwsrmcab/Wsrmcab  HTTP/1.1" 200 41956
201.245.192.253 - - [02/Dec/2023:12:37:01 -0500] "POST /kwsrmcab/Wsrmcab HTTP/1.1" 200 36496
201.245.192.253 - - [02/Dec/2023:12:37:04 -0500] "POST /kwsrmcab/Wsrmcab HTTP/1.1" 200 36819
66.249.66.20 - - [02/Dec/2023:12:37:42 -0500] "GET /BLA/resoluciones/Notificaciones/AUTOS%202022/6389.pdf HTTP/1.1" 200 489579
186.102.73.72 - - [02/Dec/2023:12:38:08 -0500] "GET /kwssiamovil/sm/ldap/au?x=U2FsdGVkX1+SUPbCgrPlvER+9Mn8yKEt0NppMhc0aInPy599RmkYp+TxCT9yXgHC&y=U2FsdGVkX180kE/KUAfMdcqWF7SQxKS7hGgX/2vks2I= HTTP/1.1" 200 30
186.102.73.72 - - [02/Dec/2023:12:38:08 -0500] "GET /kwssiamovil/sm/acme/s?s=U2FsdGVkX19W9tmTiDhFRxXtR2T7IyWK1dEqgvohnGKFsTwOefWAp1iJEd9QxtxCzRytmhoAOYchpTcXR+MAindjuHSrvmf8h5nFO9srJys=&u=U2FsdGVkX1+lM9idmF7pFidGpvjNn16HLgQ1yoP1n4o=&y=U2FsdGVkX180kE/KUAfMdcqWF7SQxKS7hGgX/2vks2I= HTTP/1.1" 200 97
186.102.73.72 - - [02/Dec/2023:12:38:08 -0500] "GET /kwssiamovil/sm/acme/s?s=U2FsdGVkX187/+rrZIz3So+Zqlvd2w26tJBJ8n8bQxXn7ieErbwtxQm9yKi9UfK3OFIn6LqoRMPz7pqU6NsNDUYcVIsS1OjYVvgXJUHfx08f+gs8htteuea9Htw0ZkZ5REf/GGCveryUaN06Gdvecw+v1ZkqBHr92Bz18eFq61Mh2bC87OJDgHkITJEU1T84JIuFiN/7wFxoG4V3QkoUrUPwqy6ps1SnKuucVQhcLj/AixtdRdMPIUof5p/h88Ixe88cq34NtLWrhsnhSaS0UuPRtiNYKhqAJNT/e0PqbIxCy5rAZBlyIVtOuu9yMgmhgz5eeOhlkfU/HfDx10V6/Yh+8o9Wy8Ts/5zoK5nOQlm74arlCroZVCHd53np5HsA5B8KN59dK5B5NO1OLyqxXX3LtVaxOYt39rK77aAvdIE8Sxj5V1uXlWM88/YQ9VHkkR4nmDLxwSRlJ4Zp9dRsGZzdAY97yZizQ3tJ3mNbGROuOpiUyoOAN01kUs2QVu4ZRlOEGEMEpckh/cwRakc5ky6T/ZiypzFRPclyv0BCGDJN9DT+mJsDzKwG5IxjDuk6CK9sIcwKPLmZHbn/HdbMeOxCTRcLtwznE94+zKqLoDMlzEdYB5PubDuf5W6WCiQ144Zoze/9NAMcTIcf+KBoShOfZhc8t72blTDCeJBqSrZkviSmJBXI1wyKdiIlm91xBnjNPL9Iy+fUeHSLECrYEw321Y1rCQMKn3RVPrB005MFbrLUe1UyTvw8eCAZvwG9Od+4LAZvciTFwKIqrzdFMsVlrBboOUKZxrJTtqXXDapwPok2j2EtP8B2YYKI/RA3mor9W1l1+lEXIvLcpdns3Ost1Ag8uYbqRFIDBYFsD9WwfedOxNIGamqi4cxj7pzNU06j5ED+V6KLcZ0EmWMVACoqcKswCqoGxARLEKLO46afV7DjOoLRtsIr+Kkecijqtc0NQLamI2N44uK/5r7+58rv45dBNnjUduXVfbUDdq0dNMmPH9SltOOQq3u5Jdxi/iz/e6OYGe2+hcxNK6N9zez9ZCx95u1eo30zL7JnAGsmLcCyda76TLl/EyIP6Cqn66yB1HAH1UOSdr1pSSqszSiijy8OHX+u4gF0cFEkNz7qB0UaIlC3FDYM4mAJw1amsaHI5Ez3ShzUhyT39Gsx6vNYC549+idPQx9e64GsPmDK87LyWPcQrDJRCS+fi3HfgPSO5+oaGHhllhZKlAwR1pj1NFg8x95KKTerqBU+kQBBFDXSoKqZopha3eIoEDubiUaT3rxPMXrAmi2sJZwCbIAdbTpEz2VHYzcA9WibOEYYegEnkWZgUGOaOD7vmA90rRpf8zXeglck2K3IaYUqCJ25VX/fLlptJiFYurTNP92i/V89DK0Q5Xkvae8FP9bErGIsdnOow/0z6P8Ya+f3u9QB7C8XlVXh98XGiGqjMJFzHkZE83gOpw5rffxXd9GaF4CLjMFIHj4tagm13UMTravpR8teE+YeBZ7JRuIlYU/xfH5m1FfLnrV+fzUb9AlMl+ojnxKdYhluRLyf2sBqYkIwpDUyFBmd6vbgO4vv3mLE7VG6MeQC6wAQ+OHyUxbjBx2LLbkn5sLc1t/jgpEdZQE4O1mnXH3daeIRQhu3EcBPJqEdVhhbFgno+xra0wsh/lEi2R1G9I8PbxArRqYvF8CK3NsgEYnY2hGUhQLRq+3x3zfcJWqQicDqDCI9N+AxVksZvQuhAeJB7yGxi0WFAaL7R+swnlxyukHRbXFIDC0=&u=U2FsdGVkX1+lM9idmF7pFidGpvjNn16HLgQ1yoP1n4o=&y=U2FsdGVkX180kE/KUAfMdcqWF7SQxKS7hGgX/2vks2I= HTTP/1.1" 200 1142
186.102.73.72 - - [02/Dec/2023:12:38:09 -0500] "GET /kwssiamovil/sm/acme/s?s=U2FsdGVkX18PhfJgShwu81kLfMhqj7FltOyM+jipOrtUSI7x47zHNF2mbcEAtX61d9QdYo7WrS/G58wzwWbukJSbC4YeR0ldDd1MFjnDKzXxHpbprEKqWsLZA8mJJDNY7ifpde4C4bbxExd7eIkO5d9jOI0a5FgtDVgy+6q5w2Kn4MqDZrzR7xDhQESjs3ycab6ohbKy4hoLMpumJSnLosZDuVDAlOZLm5rgmVCZ1wHMAPWwyPkgsx6tkLqYKtjT4YAYsp9Z9bpCiRI4d+Zuc0IqU019yIzDPTeCvJK0bySKl6JfN9sEV5PFDTvqmL0dLFVOhLEEl25z+VgtopbfXQSX7ruSK0VTa33AfVUGQuGkqECAsO5mKZVBEVcBBPkUD5E0vAafhvjAi7Pscv0GP43hxgGOOMXXBLSzpuK2vU5eoZnzOado58+hBleDm+Uqf/wlRCtDCHJ9jKIRCwGaBSaMgnGSqZuYMBaX8Hw82jg+YtrrScnl4e6JANzpBqiEVvkIKpBOI+IUDnaeM3H4RfFqlAdZYlAXy0etQ+hjTTujrYrItNCWI3j4PKpm8GhHATO5ioyXfAaJnMb2gtFKtI/C6UzxUL7kpKdtFdqszmIUNdPIcg8cvtNxmbGp1LLR/VJ/pQ0hWv7unTvPL46k+E0vXnbtEwzR5qfduhPybHnurEZXmovAKHgLXDUIxG1Ymw/W8UB1dW/fjFboDy+OlYEyaTsW3VBg3ICLn6+qkUtLYWEcqSLDcDkWo/XG5i4t&u=U2FsdGVkX1+lM9idmF7pFidGpvjNn16HLgQ1yoP1n4o=&y=U2FsdGVkX180kE/KUAfMdcqWF7SQxKS7hGgX/2vks2I= HTTP/1.1" 200 208
186.102.73.72 - - [02/Dec/2023:12:38:09 -0500] "GET /kwssiamovil/sm/cjson/pre?f=1&x=U2FsdGVkX1+SUPbCgrPlvER+9Mn8yKEt0NppMhc0aInPy599RmkYp+TxCT9yXgHC HTTP/1.1" 200 31032
216.245.221.92 - - [02/Dec/2023:12:38:18 -0500] "HEAD / HTTP/1.1" 200 -
201.245.192.253 - - [02/Dec/2023:12:38:19 -0500] "POST /forms/lservlet;jsessionid=ac16012b30d64ec0b0a9f85d4cd0acdf8f65235348eb.e3iSbxaKaheRe3eRa38MahaQbi1ynknvrkLOlQzNp65In0 HTTP/1.1" 200 2
201.245.192.253 - - [02/Dec/2023:12:38:37 -0500] "POST /forms/lservlet;jsessionid=ac16012b30d66bd79d5a81354b569b64ca0b03586396.e3iSbxaKaheRe3eRa38MahaQbi1ynknvrkLOlQzNp65In0 HTTP/1.1" 200 2
66.249.66.21 - - [02/Dec/2023:12:39:49 -0500] "GET /BLA/resoluciones/RESOLUCIONES%202010/5525.pdf HTTP/1.1" 200 2867743
201.245.192.253 - - [02/Dec/2023:12:40:19 -0500] "POST /forms/lservlet;jsessionid=ac16012b30d64ec0b0a9f85d4cd0acdf8f65235348eb.e3iSbxaKaheRe3eRa38MahaQbi1ynknvrkLOlQzNp65In0 HTTP/1.1" 200 2
201.245.192.253 - - [02/Dec/2023:12:40:37 -0500] "POST /forms/lservlet;jsessionid=ac16012b30d66bd79d5a81354b569b64ca0b03586396.e3iSbxaKaheRe3eRa38MahaQbi1ynknvrkLOlQzNp65In0 HTTP/1.1" 200 2
152.203.161.199 - - [02/Dec/2023:12:40:40 -0500] "OPTIONS /kwssiamovil/sm/setfile/f? HTTP/1.1" 200 13
152.203.161.199 - - [02/Dec/2023:12:40:40 -0500] "POST /kwssiamovil/sm/setfile/f? HTTP/1.1" 200 381
201.245.192.253 - - [02/Dec/2023:12:40:39 -0500] "POST /kwsrmcab/Wsrmcab HTTP/1.1" 200 36496
152.203.161.199 - - [02/Dec/2023:12:40:42 -0500] "OPTIONS /kwssiamovil/sm/setfile/f? HTTP/1.1" 200 13
152.203.161.199 - - [02/Dec/2023:12:40:42 -0500] "POST /kwssiamovil/sm/setfile/f? HTTP/1.1" 200 381
152.203.161.199 - - [02/Dec/2023:12:40:44 -0500] "OPTIONS /kwssiamovil/sm/setfile/f? HTTP/1.1" 200 13
152.203.161.199 - - [02/Dec/2023:12:40:44 -0500] "POST /kwssiamovil/sm/setfile/f? HTTP/1.1" 200 381
152.203.161.199 - - [02/Dec/2023:12:40:47 -0500] "OPTIONS /kwssiamovil/sm/setfile/f? HTTP/1.1" 200 13
152.203.161.199 - - [02/Dec/2023:12:40:47 -0500] "POST /kwssiamovil/sm/setfile/f? HTTP/1.1" 200 381
152.203.161.199 - - [02/Dec/2023:12:40:49 -0500] "OPTIONS /kwssiamovil/sm/setfile/f? HTTP/1.1" 200 13
201.245.192.253 - - [02/Dec/2023:12:40:48 -0500] "POST /kwsrmcab/Wsrmcab HTTP/1.1" 200 36819
152.203.161.199 - - [02/Dec/2023:12:40:50 -0500] "POST /kwssiamovil/sm/setfile/f? HTTP/1.1" 200 381
152.203.161.199 - - [02/Dec/2023:12:40:52 -0500] "OPTIONS /kwssiamovil/sm/setfile/f? HTTP/1.1" 200 13
152.203.161.199 - - [02/Dec/2023:12:40:52 -0500] "POST /kwssiamovil/sm/setfile/f? HTTP/1.1" 200 381
152.203.161.199 - - [02/Dec/2023:12:41:06 -0500] "GET /kwssiamovil/sm/acme/a?s=U2FsdGVkX1+sPib9p5tLXUUmDcpLf0sBU2Vwpg/kY5Fed7UeVimqp6dm9FLmy9goUEhRPvdIfKVu7fyMn0bnUdqe2nmOhpN3vU/U1y2iNJ4IGYWMdZca4iiw+E3El3fqnb8K7KkK2g8hZQ22dGAnHitfZq8r0w4cs1F6C4sTz7NQS4X+GXyqYK95nOchudIKvZGUKON6d+0wlV6VSiytEUF8nhOAvAnrTYgV95xj086JDVlVDNFocOa6ypqIssjGS6aYsPP4Cegoe++808tRdw==&u=U2FsdGVkX1+Bl1HaRvtqpEG0x7ndh2NZYBz4CGGB5bf1k7QQSZYlZFaab2gaDu+Q&y=U2FsdGVkX18D2igbuy0t/5ylv1oaAxlBCltzditRb7JakS1MGdVr2KEhPiv7hFos HTTP/1.1" 200 26
152.203.161.199 - - [02/Dec/2023:12:41:06 -0500] "GET /kwssiamovil/sm/acme/a?s=U2FsdGVkX18JCnu9obnjRLbczDRuVO4aC05bttOv6DJZO7tQw+ERmVluA8Dvzw8pQcH3fmDGs3wFDOnenPg0bBb2Ubybre/zx9Mw+jnuqE2qvlGruRYXKeeQR0OyGryGB+kaMqAPwt02aIf2BwbiRTaDFoytTpzbvyqhQGs1hGUJV1HUTo9Vq78NQi7HYQFnk476C8pFQybwwB4rBVeMsaX8EXfLdPifnZ9LthZoFu6Pjwp6RawAQUArAz96fFtTlLthSfx/Ei8KK2cyPOJS3EjUuh6JyWSUHk9Bx+Z3pakbMq3dW6KHAtT1ul1TwdwHl++iXoimB2fBf8WWJs8mIAeRoJFdGiUWUbRJSiwKn1G2HjDvY3qDHjkTetwmK4vXXjmHk6dIsHKbYJOlXd2hH78xy36wfADfX2dxXQl4kAeHZ2hRmZGUe4O/vYM52OGzmU3Wn9YpkrLR5tHGnYod8JuuWMSCRH1rlJBbo7sfyX6a43N0T0GY1xwQg3Md1cGdfVZ9ERyRSs0541ZK3tCCgn3kUCO+cSjQCTgaHb2/EvwWrnj96ksaZdatkwqHAfpSC0RbwY4PQarJ+MnYKl9vXKg7vUol6m7w1oRaRoadP5na3vz8SlnYQlwx5rNi90HT9eKlrHU/4xmfQX2YVRrACsRAQ6Mdsu8XEm/X4MZSGUVNxDW49AEWxrCSvxMb4YI0p5TKJTwGDrkAvC4ol4yZKYBm1huoiWIfNO81hZ3q7xbz6B5AwmqnOmX7cfLnebsX6YJufnJVTiq6SQaOyHS9un13APF8+GlwzL2/26QfSee9eUWbQWUNFMBGK00MXg9ls0FyGsD+liiy6z0uxELnh5nZEDJeF+cVLqjQUapIYbTFXKkJoBUP9vr5QxwZtrX9sEIgZ2O7ryhl6k0FdXvpnBVwnbl34T8/TMnIBzuIHzFkHX0RgymrQP8svBxAsjcBFcOSYCGaGwOuM3Q/wGrjK4z202ZXIptCKiW+65O0SoU0nOvS54h3YjvySYTsuRxM67hViMf/vBrHGShAdaIlh/NIr8TkhPtzpWdko3WRiPhSnFbjd/mdqjyg6XULkklUn21+oeXpJAxeVvYrmajTiw0IqYvAwQQaAeN9D3OsLAHJ3Aq7zvwMUdYAVezZZ7c7e/ZMDDYh8vjVuTQOTGt1L03OZUn3VsjvMGK+GkGOxCcmhThAEH8E4X+tVmeb7tCKzZURDNX/DaqXw/JSMD6THse3lXKrg+S4ybpwVoeUFqI=&u=U2FsdGVkX1+Bl1HaRvtqpEG0x7ndh2NZYBz4CGGB5bf1k7QQSZYlZFaab2gaDu+Q&y=U2FsdGVkX18D2igbuy0t/5ylv1oaAxlBCltzditRb7JakS1MGdVr2KEhPiv7hFos HTTP/1.1" 200 26
152.203.161.199 - - [02/Dec/2023:12:41:06 -0500] "GET /kwssiamovil/sm/acme/a?s=U2FsdGVkX1/kuTVMX6UfAnXWPOizWbxQnir2SsAY1piBqE5JZCnmf6ZEzmfH/H/Rdnn6AQQT9qsV4pxGvVUN64d3yZnrE36v7NRxumyUsowl5gd4rea57bQ+soPmQFEYWfYaU/yOVfB9GMUdgAU4kYiAhknsyNOHe73p8XQR7bM=&u=U2FsdGVkX1+Bl1HaRvtqpEG0x7ndh2NZYBz4CGGB5bf1k7QQSZYlZFaab2gaDu+Q&y=U2FsdGVkX18D2igbuy0t/5ylv1oaAxlBCltzditRb7JakS1MGdVr2KEhPiv7hFos HTTP/1.1" 200 26
152.203.161.199 - - [02/Dec/2023:12:41:06 -0500] "GET /kwssiamovil/sm/acme/a?s=U2FsdGVkX1+KrO/4hQHy8VoUwGUa6mF6nWs3TzPBWwf55e1Ezu6mkBI4A2LPyEFTfwdqHWdLYWIJtPdPAyitj9d506CZANC/YkmytMtOA9gWuvo/K+1HEGpq/GC6X2n9ftUK/jQ4NIzfokO2wZCLKua42/4ndDBjL2K0i7jusdk=&u=U2FsdGVkX1+Bl1HaRvtqpEG0x7ndh2NZYBz4CGGB5bf1k7QQSZYlZFaab2gaDu+Q&y=U2FsdGVkX18D2igbuy0t/5ylv1oaAxlBCltzditRb7JakS1MGdVr2KEhPiv7hFos HTTP/1.1" 200 26
152.203.161.199 - - [02/Dec/2023:12:41:07 -0500] "GET /kwssiamovil/sm/acme/a?s=U2FsdGVkX190b2Tz5x970uiyriXzQ/vm7YYmXT8sG8ujg0BHVDevRYFiKIsQwNufPbyUpdVxAS6T4Bl66i4X46Si2YpyzS/N5zx00A2ksBUZQXtKvnOvyoucu68/GxTIVAMAsnUsDrw7OPgfJbhXNIhyDOpfeRD95EJiOQbVlOI=&u=U2FsdGVkX1+Bl1HaRvtqpEG0x7ndh2NZYBz4CGGB5bf1k7QQSZYlZFaab2gaDu+Q&y=U2FsdGVkX18D2igbuy0t/5ylv1oaAxlBCltzditRb7JakS1MGdVr2KEhPiv7hFos HTTP/1.1" 200 26
152.203.161.199 - - [02/Dec/2023:12:41:07 -0500] "GET /kwssiamovil/sm/acme/a?s=U2FsdGVkX19QyaDxbtH+/K/XRSQDaM4o0YSsXDYs8Ceq9cRCu95cjnsYxv9V9Fa2k9Q+EG5E5ZpJVojzDmaihn90enG1Ny4Uga76jGehGMf3NRglVUtTjyjMhI/vfQkKimTi3t9Hmhs3MafTcTD5oLrW/TaZccXNAxQtdh+34iZc2QbVbYgaPwQsRmvHzhQ1W1TH91esDPwUoZZYcY9gJA==&u=U2FsdGVkX1+Bl1HaRvtqpEG0x7ndh2NZYBz4CGGB5bf1k7QQSZYlZFaab2gaDu+Q&y=U2FsdGVkX18D2igbuy0t/5ylv1oaAxlBCltzditRb7JakS1MGdVr2KEhPiv7hFos HTTP/1.1" 200 26
152.203.161.199 - - [02/Dec/2023:12:41:07 -0500] "GET /kwssiamovil/sm/acme/a?s=U2FsdGVkX18TcEXP0OR1SnfH4FaLFN4RtVxzr3VX1mrpvi1lLkwTsW61IbBFZGDiPQ5yvDThkV4fVDHMeGGxJL0p7BTUEYFgj4sFm3b9goTOlMbYhMrpDYfPSBmhWos5vngH/I4+oRdnza88RS4nviNU9q90RP/gNNRBIwxpLqmcZvFtQ8ggYV6bBINKDr488MF23hNchF+CncX0OVrVwQ==&u=U2FsdGVkX1+Bl1HaRvtqpEG0x7ndh2NZYBz4CGGB5bf1k7QQSZYlZFaab2gaDu+Q&y=U2FsdGVkX18D2igbuy0t/5ylv1oaAxlBCltzditRb7JakS1MGdVr2KEhPiv7hFos HTTP/1.1" 200 26
152.203.161.199 - - [02/Dec/2023:12:41:07 -0500] "GET /kwssiamovil/sm/acme/a?s=U2FsdGVkX19yFKq2RxWX+KFqNlE7DDWJzVd/91c6hycCfPJJHCF9cKLnNwHGDzdY6eX+DOUJKOOzX8KdyHL19taZ3hNnKilP4vYzugx0Mr/qDl1IX1DpalXJjAYnVDSniI3lrlDDCwgipB8k3uMnU6NN234DSNwU5kmqMGojA0LpvRjRJOoKiVOXgCCkZ44G&u=U2FsdGVkX1+Bl1HaRvtqpEG0x7ndh2NZYBz4CGGB5bf1k7QQSZYlZFaab2gaDu+Q&y=U2FsdGVkX18D2igbuy0t/5ylv1oaAxlBCltzditRb7JakS1MGdVr2KEhPiv7hFos HTTP/1.1" 200 26
152.203.161.199 - - [02/Dec/2023:12:41:07 -0500] "GET /kwssiamovil/sm/acme/a?s=U2FsdGVkX18nMwt7GzmfZQTHp4nsn0N2z2DZ0Rd0BYo3jjbPTywY6+NIkZ+PjOBdHzEAA5Hfq9lDkWknIemAQVWHza34hY3mjAz3/T2JC2ntLQv0WEk2PzUqKEjwPj8TeP5K9ZEEBtE4eMjo6nyJ66VgF7iyiiVi5OetyzjyVbw+xUVTZZXeYZFh8pdV/ShNOnqJ/XKDbim9RFHGZUmc5Q==&u=U2FsdGVkX1+Bl1HaRvtqpEG0x7ndh2NZYBz4CGGB5bf1k7QQSZYlZFaab2gaDu+Q&y=U2FsdGVkX18D2igbuy0t/5ylv1oaAxlBCltzditRb7JakS1MGdVr2KEhPiv7hFos HTTP/1.1" 200 26
152.203.161.199 - - [02/Dec/2023:12:41:07 -0500] "GET /kwssiamovil/sm/acme/a?s=U2FsdGVkX1+6PYnrxXjnBadMYuhFig96yOKyfFi4+C/dmAo3iGvu9xWfP4JXoIiqhwVT9sHBMKLxsXorsG+tNx7Q1lMD567AkL2QnnPOcz9apUVKZRfyQPzBsMoUQWpd1b32i4OxFt2bD9NFgwloAIwaq2kYhOE/Y/43fpFD9XuDDTVTnw+evqspv6k8bVom&u=U2FsdGVkX1+Bl1HaRvtqpEG0x7ndh2NZYBz4CGGB5bf1k7QQSZYlZFaab2gaDu+Q&y=U2FsdGVkX18D2igbuy0t/5ylv1oaAxlBCltzditRb7JakS1MGdVr2KEhPiv7hFos HTTP/1.1" 200 26
152.203.161.199 - - [02/Dec/2023:12:41:08 -0500] "GET /kwssiamovil/sm/acme/a?s=U2FsdGVkX1+0t5A0h2Ql4iSj3h17derYeiZm2j6a01EVHEEjwyT+/1pCg89BVStiKZ9JN74LaSmlQ4ja/dCz9THWAExGswDZuZ18qP0vKUfoSaHrxlCP345iaoKeUWiwmGHoodznxryF8mVFfEw3CFpq2/iVkiXun4S/iQeLbZM2j/piDxTQ9e+cU+T8vIwZhmADFkDaM+0uI0kIqpH3nA==&u=U2FsdGVkX1+Bl1HaRvtqpEG0x7ndh2NZYBz4CGGB5bf1k7QQSZYlZFaab2gaDu+Q&y=U2FsdGVkX18D2igbuy0t/5ylv1oaAxlBCltzditRb7JakS1MGdVr2KEhPiv7hFos HTTP/1.1" 200 26
152.203.161.199 - - [02/Dec/2023:12:41:08 -0500] "GET /kwssiamovil/sm/acme/a?s=U2FsdGVkX18hj2YISOT4VlyIpZY8MqE8yZ8GITHtiW9gdpVo2ukm10+rNvbRyHjfI2GJDrxZq2Wd0i45JKuRBvkwoWP9kdcljeXKoF1avKF55QxlEwTtsWc+QeCs3x4MX1tLJDCBdlbOjsYJiB3lwUF+K2cauuiCJt1Bqsp6a1e6zFfOq7a3eNl7YcS0oHN/8fv5FvvapIbaGWhtbYZm1A==&u=U2FsdGVkX1+Bl1HaRvtqpEG0x7ndh2NZYBz4CGGB5bf1k7QQSZYlZFaab2gaDu+Q&y=U2FsdGVkX18D2igbuy0t/5ylv1oaAxlBCltzditRb7JakS1MGdVr2KEhPiv7hFos HTTP/1.1" 200 26
152.203.161.199 - - [02/Dec/2023:12:41:08 -0500] "GET /kwssiamovil/sm/acme/a?s=U2FsdGVkX1+ny5CeSIKKrLqbpFy9buEbhXMKpA2TXNpvamsql9UdFRTwqpw4qHHU1wxgCbuEInTmycAi+mtsgOuXSfUqS5Ug5x40DbgvV2HjhC+3stBuO5DbSi+VvYecUYqDT69DSq79fx3N6f1JzT4wdx3w3kVRFIX9sedPq3LJ7Dz+0Z2/N950N07TQ/IjChS0oM6YAcU6wb4kXetosQ==&u=U2FsdGVkX1+Bl1HaRvtqpEG0x7ndh2NZYBz4CGGB5bf1k7QQSZYlZFaab2gaDu+Q&y=U2FsdGVkX18D2igbuy0t/5ylv1oaAxlBCltzditRb7JakS1MGdVr2KEhPiv7hFos HTTP/1.1" 200 26
152.203.161.199 - - [02/Dec/2023:12:41:08 -0500] "GET /kwssiamovil/sm/acme/a?s=U2FsdGVkX197Xfl3bA/WwBq1zhF5Rc2G3GzsRnaTxDjmC9VWMguQV6+MkKRk68FrxYgUTRXOMGSkRXFAQczyoKOwmb2kQbJE8CPVUhTpMcbaO3b2OliX/HjAhMf5zejUctOoKl7cebDfxKotbuwHVzm5JRZgSYOk/4B8xRZeJeCDiPMUyujB1e7g9dEc01YdtXiDo5QWZOSb8lyLGjeW4w==&u=U2FsdGVkX1+Bl1HaRvtqpEG0x7ndh2NZYBz4CGGB5bf1k7QQSZYlZFaab2gaDu+Q&y=U2FsdGVkX18D2igbuy0t/5ylv1oaAxlBCltzditRb7JakS1MGdVr2KEhPiv7hFos HTTP/1.1" 200 26
152.203.161.199 - - [02/Dec/2023:12:41:08 -0500] "GET /kwssiamovil/sm/acme/a?s=U2FsdGVkX1+Aq+Tn2PPXebsxPMJODkBQiilUpLQWScMmw+LJAcZs23ZDT34DbNwNeybCVGucyBAof7w4BigCaEZWFIJuky50RQ5KlNshTrw41IX7atFOBukDt+SEikDFZpFfTj0HAkAFSHMi4IjcIYxrX5cQzCq6woNlHoU7aTCgJJ536Ilku98djQytMlk/bGLV3osXXW7OOvVi66k1Vg==&u=U2FsdGVkX1+Bl1HaRvtqpEG0x7ndh2NZYBz4CGGB5bf1k7QQSZYlZFaab2gaDu+Q&y=U2FsdGVkX18D2igbuy0t/5ylv1oaAxlBCltzditRb7JakS1MGdVr2KEhPiv7hFos HTTP/1.1" 200 26
152.203.161.199 - - [02/Dec/2023:12:41:08 -0500] "GET /kwssiamovil/sm/acme/a?s=U2FsdGVkX1+Pk7okgK9x4enf0V6NET2rUSiNzyiZrj7h8lSvh3K8FcLiONOZRZG13pWCcl2VTXrWR4Ee9skdp5mGkrk6BtJRC1pzjBeh72mK44qtJU4LwJgaoUKwz6gOz/SOYE3pb5kIXfGi3yzv+bFmz8geqqE2BgcuuuXa35gdstnsj2S3Vj5W3fhqE3zwkaZPsR+5lokVAPne2obK6Q==&u=U2FsdGVkX1+Bl1HaRvtqpEG0x7ndh2NZYBz4CGGB5bf1k7QQSZYlZFaab2gaDu+Q&y=U2FsdGVkX18D2igbuy0t/5ylv1oaAxlBCltzditRb7JakS1MGdVr2KEhPiv7hFos HTTP/1.1" 200 26
152.203.161.199 - - [02/Dec/2023:12:41:08 -0500] "GET /kwssiamovil/sm/acme/a?s=U2FsdGVkX18gYDui8+toanivCJ28SWwV0xdl3ql+JOMf01Ru3NT9liiuF5X6xYCMoy7HGL+Viehx7LDpZeR3SbVQp6/H+1F+MWMqIG8nzI3i5t8vm9NOJmZyD51HbYX+UJmFp2JdGhpHWp7mSlqUVElaBwT8KUW8GWfSoJZTD9QFBMylzJDXicXSIPGF6nCl7cmapuHCgC20gd3NWYabgw==&u=U2FsdGVkX1+Bl1HaRvtqpEG0x7ndh2NZYBz4CGGB5bf1k7QQSZYlZFaab2gaDu+Q&y=U2FsdGVkX18D2igbuy0t/5ylv1oaAxlBCltzditRb7JakS1MGdVr2KEhPiv7hFos HTTP/1.1" 200 26
152.203.161.199 - - [02/Dec/2023:12:41:09 -0500] "GET /kwssiamovil/sm/acme/a?s=U2FsdGVkX1+P5LUq8NQYJEc8u/6A2murWqTUk41MULLZcHW9mRXzbB/EfhhIG4bDcSuyB5FmxxdhvkQxdncOc1RCo/4g8LOwWodghlbBX3Imb06iaizWduJiVUsWnL/b0sCYEmZK2uGikftsnutbs2PqH/O/ZniXDWDLRfzzEnDfxdVz1nmsv0K/JRTE1s6BFre8/AWLDNFPqOHtrWuYdA==&u=U2FsdGVkX1+Bl1HaRvtqpEG0x7ndh2NZYBz4CGGB5bf1k7QQSZYlZFaab2gaDu+Q&y=U2FsdGVkX18D2igbuy0t/5ylv1oaAxlBCltzditRb7JakS1MGdVr2KEhPiv7hFos HTTP/1.1" 200 26
172.22.2.4 - - [02/Dec/2023:12:39:30 -0500] "HEAD /BLA/boletinlegal/ HTTP/1.1" 200 -
201.245.192.253 - - [02/Dec/2023:12:41:36 -0500] "POST /kwsrmcab/Wsrmcab  HTTP/1.1" 200 41956
157.55.39.49 - - [02/Dec/2023:12:41:41 -0500] "GET /BLA/resoluciones/AUTOS%202013/2256.pdf HTTP/1.1" 200 778295
172.22.2.4 - - [02/Dec/2023:12:40:20 -0500] "GET /BLA/boletinlegal/ HTTP/1.1" 200 58294
201.245.192.253 - - [02/Dec/2023:12:42:19 -0500] "POST /forms/lservlet;jsessionid=ac16012b30d64ec0b0a9f85d4cd0acdf8f65235348eb.e3iSbxaKaheRe3eRa38MahaQbi1ynknvrkLOlQzNp65In0 HTTP/1.1" 200 2
201.245.192.253 - - [02/Dec/2023:12:42:37 -0500] "POST /forms/lservlet;jsessionid=ac16012b30d66bd79d5a81354b569b64ca0b03586396.e3iSbxaKaheRe3eRa38MahaQbi1ynknvrkLOlQzNp65In0 HTTP/1.1" 200 2
216.245.221.92 - - [02/Dec/2023:12:43:18 -0500] "HEAD / HTTP/1.1" 200 -
201.245.192.253 - - [02/Dec/2023:12:44:19 -0500] "POST /forms/lservlet;jsessionid=ac16012b30d64ec0b0a9f85d4cd0acdf8f65235348eb.e3iSbxaKaheRe3eRa38MahaQbi1ynknvrkLOlQzNp65In0 HTTP/1.1" 200 2
157.55.39.49 - - [02/Dec/2023:12:44:33 -0500] "GET /BLA/resoluciones/AUTOS%202021/5974.pdf HTTP/1.1" 304 -
201.245.192.253 - - [02/Dec/2023:12:44:37 -0500] "POST /forms/lservlet;jsessionid=ac16012b30d66bd79d5a81354b569b64ca0b03586396.e3iSbxaKaheRe3eRa38MahaQbi1ynknvrkLOlQzNp65In0 HTTP/1.1" 200 2
157.55.39.62 - - [02/Dec/2023:12:44:42 -0500] "GET /BLA/resoluciones/AUTOS%202023/4859.pdf HTTP/1.1" 200 622085
152.203.211.70 - - [02/Dec/2023:12:45:12 -0500] "POST /sipse/faces/presentacion/financiero/solicitudProceso/listarSolicitudProceso.xhtml HTTP/1.1" 200 46197
152.203.211.70 - - [02/Dec/2023:12:45:17 -0500] "POST /sipse/faces/presentacion/financiero/solicitudProceso/listarSolicitudProceso.xhtml HTTP/1.1" 200 45950
152.203.211.70 - - [02/Dec/2023:12:45:18 -0500] "POST /sipse/faces/presentacion/financiero/solicitudProceso/listarSolicitudProceso.xhtml HTTP/1.1" 200 45942
152.203.211.70 - - [02/Dec/2023:12:45:20 -0500] "POST /sipse/faces/presentacion/financiero/solicitudProceso/listarSolicitudProceso.xhtml HTTP/1.1" 200 19178
152.203.211.70 - - [02/Dec/2023:12:45:23 -0500] "POST /sipse/faces/presentacion/financiero/solicitudProceso/listarSolicitudProceso.xhtml HTTP/1.1" 200 46734
152.203.211.70 - - [02/Dec/2023:12:45:24 -0500] "POST /sipse/faces/presentacion/financiero/solicitudProceso/listarSolicitudProceso.xhtml HTTP/1.1" 200 19314
152.203.211.70 - - [02/Dec/2023:12:45:26 -0500] "POST /sipse/faces/presentacion/financiero/solicitudProceso/listarSolicitudProceso.xhtml HTTP/1.1" 200 46734
152.203.211.70 - - [02/Dec/2023:12:45:28 -0500] "POST /sipse/faces/presentacion/financiero/solicitudProceso/listarSolicitudProceso.xhtml HTTP/1.1" 200 19198
152.203.211.70 - - [02/Dec/2023:12:45:31 -0500] "POST /sipse/faces/presentacion/financiero/solicitudProceso/listarSolicitudProceso.xhtml HTTP/1.1" 200 46734
152.203.211.70 - - [02/Dec/2023:12:45:32 -0500] "POST /sipse/faces/presentacion/financiero/solicitudProceso/listarSolicitudProceso.xhtml HTTP/1.1" 200 19186
152.203.211.70 - - [02/Dec/2023:12:45:34 -0500] "POST /sipse/faces/presentacion/financiero/solicitudProceso/listarSolicitudProceso.xhtml HTTP/1.1" 200 46734
152.203.211.70 - - [02/Dec/2023:12:45:36 -0500] "POST /sipse/faces/presentacion/financiero/solicitudProceso/listarSolicitudProceso.xhtml HTTP/1.1" 200 19307
201.245.192.253 - - [02/Dec/2023:12:46:19 -0500] "POST /forms/lservlet;jsessionid=ac16012b30d64ec0b0a9f85d4cd0acdf8f65235348eb.e3iSbxaKaheRe3eRa38MahaQbi1ynknvrkLOlQzNp65In0 HTTP/1.1" 200 2
201.245.192.253 - - [02/Dec/2023:12:46:37 -0500] "POST /forms/lservlet;jsessionid=ac16012b30d66bd79d5a81354b569b64ca0b03586396.e3iSbxaKaheRe3eRa38MahaQbi1ynknvrkLOlQzNp65In0 HTTP/1.1" 200 2
201.245.192.253 - - [02/Dec/2023:12:46:35 -0500] "POST /kwsrmcab/Wsrmcab  HTTP/1.1" 200 41956
186.102.5.230 - - [02/Dec/2023:12:46:56 -0500] "GET /BLA/resoluciones/dlf/bg.gif HTTP/1.1" 200 54
172.22.2.4 - - [02/Dec/2023:12:45:20 -0500] "HEAD /BLA/boletinlegal/ HTTP/1.1" 200 -
191.156.45.112 - - [02/Dec/2023:12:47:13 -0500] "GET /BLA/boletinlegal/norma_menu.php HTTP/1.1" 200 6328
191.156.40.186 - - [02/Dec/2023:12:47:14 -0500] "GET /apple-touch-icon-120x120-precomposed.png HTTP/1.1" 404 1120
191.156.40.186 - - [02/Dec/2023:12:47:14 -0500] "GET /apple-touch-icon-120x120.png HTTP/1.1" 404 1120
191.156.40.186 - - [02/Dec/2023:12:47:14 -0500] "GET /apple-touch-icon-precomposed.png HTTP/1.1" 404 1120
