216.245.221.92 - - [02/Dec/2023:07:02:18 -0500] "HEAD / HTTP/1.1" 200 -
201.245.192.253 - - [02/Dec/2023:07:02:16 -0500] "POST /kwsrmcab/Wsrmcab  HTTP/1.1" 200 41956
172.22.2.4 - - [02/Dec/2023:07:01:01 -0500] "GET /BLA/boletinlegal/ HTTP/1.1" 200 58644
201.245.192.253 - - [02/Dec/2023:07:03:17 -0500] "POST /forms/lservlet;jsessionid=ac16012b30d64ec0b0a9f85d4cd0acdf8f65235348eb.e3iSbxaKaheRe3eRa38MahaQbi1ynknvrkLOlQzNp65In0 HTTP/1.1" 200 2
179.33.119.226 - - [02/Dec/2023:07:03:19 -0500] "POST /sipse/faces/presentacion/financiero/solicitudProceso/consultarSolicitudProceso.xhtml HTTP/1.1" 200 152505
179.33.119.226 - - [02/Dec/2023:07:03:20 -0500] "GET /sipse/faces/javax.faces.resource/theme.css?ln=primefaces-sipse HTTP/1.1" 304 -
179.33.119.226 - - [02/Dec/2023:07:03:20 -0500] "GET /sipse/faces/javax.faces.resource/primefaces.css?ln=primefaces&v=4.0 HTTP/1.1" 304 -
179.33.119.226 - - [02/Dec/2023:07:03:20 -0500] "GET /sipse/faces/javax.faces.resource/layout/layout.css?ln=primefaces&v=4.0 HTTP/1.1" 304 -
179.33.119.226 - - [02/Dec/2023:07:03:20 -0500] "GET /sipse/faces/javax.faces.resource/primefaces.js?ln=primefaces&v=4.0 HTTP/1.1" 304 -
179.33.119.226 - - [02/Dec/2023:07:03:20 -0500] "GET /sipse/faces/javax.faces.resource/layout/layout.js?ln=primefaces&v=4.0 HTTP/1.1" 304 -
179.33.119.226 - - [02/Dec/2023:07:03:20 -0500] "GET /sipse/faces/javax.faces.resource/jquery/jquery-plugins.js?ln=primefaces&v=4.0 HTTP/1.1" 304 -
179.33.119.226 - - [02/Dec/2023:07:03:20 -0500] "GET /sipse/faces/javax.faces.resource/jquery/jquery.js?ln=primefaces&v=4.0 HTTP/1.1" 304 -
179.33.119.226 - - [02/Dec/2023:07:03:20 -0500] "GET /sipse/faces/javax.faces.resource/images/ui-icons_898989_256x240.png?ln=primefaces-aristo HTTP/1.1" 304 -
179.33.119.226 - - [02/Dec/2023:07:03:28 -0500] "GET /sipse/faces/javax.faces.resource/images/ui-bg_flat_0_2d5972_40x100.png?ln=primefaces-aristo HTTP/1.1" 304 -
179.33.119.226 - - [02/Dec/2023:07:03:28 -0500] "POST /sipse/faces/presentacion/financiero/solicitudProceso/consultarSolicitudProceso.xhtml HTTP/1.1" 200 24050
179.33.119.226 - - [02/Dec/2023:07:03:29 -0500] "GET /sipse/faces/javax.faces.resource/jquery/jquery.js?ln=primefaces&v=4.0 HTTP/1.1" 304 -
179.33.119.226 - - [02/Dec/2023:07:03:29 -0500] "GET /sipse/faces/javax.faces.resource/jquery/jquery-plugins.js?ln=primefaces&v=4.0 HTTP/1.1" 304 -
179.33.119.226 - - [02/Dec/2023:07:03:29 -0500] "GET /sipse/faces/javax.faces.resource/primefaces.js?ln=primefaces&v=4.0 HTTP/1.1" 304 -
179.33.119.226 - - [02/Dec/2023:07:03:29 -0500] "GET /sipse/faces/javax.faces.resource/layout/layout.js?ln=primefaces&v=4.0 HTTP/1.1" 304 -
201.245.192.253 - - [02/Dec/2023:07:03:36 -0500] "POST /forms/lservlet;jsessionid=ac16012b30d66bd79d5a81354b569b64ca0b03586396.e3iSbxaKaheRe3eRa38MahaQbi1ynknvrkLOlQzNp65In0 HTTP/1.1" 200 2
179.33.119.226 - - [02/Dec/2023:07:03:41 -0500] "POST /sipse/faces/presentacion/financiero/viabilidad/expedirViabilidad.xhtml HTTP/1.1" 200 108546
179.33.119.226 - - [02/Dec/2023:07:03:42 -0500] "GET /sipse/faces/javax.faces.resource/jquery/jquery.js?ln=primefaces&v=4.0 HTTP/1.1" 304 -
179.33.119.226 - - [02/Dec/2023:07:03:42 -0500] "GET /sipse/faces/javax.faces.resource/jquery/jquery-plugins.js?ln=primefaces&v=4.0 HTTP/1.1" 304 -
179.33.119.226 - - [02/Dec/2023:07:03:42 -0500] "GET /sipse/faces/javax.faces.resource/primefaces.js?ln=primefaces&v=4.0 HTTP/1.1" 304 -
179.33.119.226 - - [02/Dec/2023:07:03:42 -0500] "GET /sipse/faces/javax.faces.resource/layout/layout.js?ln=primefaces&v=4.0 HTTP/1.1" 304 -
179.33.119.226 - - [02/Dec/2023:07:03:59 -0500] "POST /sipse/faces/presentacion/financiero/solicitudProceso/consultarSolicitudProceso.xhtml HTTP/1.1" 200 42314
179.33.119.226 - - [02/Dec/2023:07:04:01 -0500] "GET /sipse/faces/javax.faces.resource/jquery/jquery.js?ln=primefaces&v=4.0 HTTP/1.1" 304 -
179.33.119.226 - - [02/Dec/2023:07:04:01 -0500] "GET /sipse/faces/javax.faces.resource/jquery/jquery-plugins.js?ln=primefaces&v=4.0 HTTP/1.1" 304 -
179.33.119.226 - - [02/Dec/2023:07:04:01 -0500] "GET /sipse/faces/javax.faces.resource/primefaces.js?ln=primefaces&v=4.0 HTTP/1.1" 304 -
179.33.119.226 - - [02/Dec/2023:07:04:01 -0500] "GET /sipse/faces/javax.faces.resource/layout/layout.js?ln=primefaces&v=4.0 HTTP/1.1" 304 -
179.33.119.226 - - [02/Dec/2023:07:04:01 -0500] "GET /sipse/faces/javax.faces.resource/messages/messages.png?ln=primefaces&v=4.0 HTTP/1.1" 304 -
179.33.119.226 - - [02/Dec/2023:07:04:01 -0500] "POST /sipse/faces/presentacion/financiero/solicitudProceso/listarSolicitudProceso.xhtml HTTP/1.1" 200 1440
179.33.119.226 - - [02/Dec/2023:07:04:16 -0500] "POST /sipse/faces/presentacion/financiero/solicitudProceso/listarSolicitudProceso.xhtml HTTP/1.1" 200 107350
179.33.119.226 - - [02/Dec/2023:07:04:17 -0500] "GET /sipse/faces/javax.faces.resource/jquery/jquery.js?ln=primefaces&v=4.0 HTTP/1.1" 304 -
179.33.119.226 - - [02/Dec/2023:07:04:17 -0500] "GET /sipse/faces/javax.faces.resource/jquery/jquery-plugins.js?ln=primefaces&v=4.0 HTTP/1.1" 304 -
179.33.119.226 - - [02/Dec/2023:07:04:17 -0500] "GET /sipse/faces/javax.faces.resource/primefaces.js?ln=primefaces&v=4.0 HTTP/1.1" 304 -
179.33.119.226 - - [02/Dec/2023:07:04:17 -0500] "GET /sipse/faces/javax.faces.resource/layout/layout.js?ln=primefaces&v=4.0 HTTP/1.1" 304 -
201.245.192.253 - - [02/Dec/2023:07:05:17 -0500] "POST /forms/lservlet;jsessionid=ac16012b30d64ec0b0a9f85d4cd0acdf8f65235348eb.e3iSbxaKaheRe3eRa38MahaQbi1ynknvrkLOlQzNp65In0 HTTP/1.1" 200 2
201.245.192.253 - - [02/Dec/2023:07:05:36 -0500] "POST /forms/lservlet;jsessionid=ac16012b30d66bd79d5a81354b569b64ca0b03586396.e3iSbxaKaheRe3eRa38MahaQbi1ynknvrkLOlQzNp65In0 HTTP/1.1" 200 2
66.249.66.20 - - [02/Dec/2023:07:06:04 -0500] "GET /BLA/resoluciones/RESOLUCIONES%202010/6331.pdf HTTP/1.1" 200 559473
66.249.66.21 - - [02/Dec/2023:07:07:02 -0500] "GET /BLA/resoluciones/AUTOS%202016/3136.pdf HTTP/1.1" 200 1040093
201.245.192.253 - - [02/Dec/2023:07:07:17 -0500] "POST /forms/lservlet;jsessionid=ac16012b30d64ec0b0a9f85d4cd0acdf8f65235348eb.e3iSbxaKaheRe3eRa38MahaQbi1ynknvrkLOlQzNp65In0 HTTP/1.1" 200 2
201.245.192.253 - - [02/Dec/2023:07:07:15 -0500] "POST /kwsrmcab/Wsrmcab  HTTP/1.1" 200 41956
216.245.221.92 - - [02/Dec/2023:07:07:18 -0500] "HEAD / HTTP/1.1" 200 -
179.33.119.226 - - [02/Dec/2023:07:07:31 -0500] "POST /sipse/faces/presentacion/financiero/solicitudProceso/consultarSolicitudProceso.xhtml HTTP/1.1" 200 140445
201.245.192.253 - - [02/Dec/2023:07:07:36 -0500] "POST /forms/lservlet;jsessionid=ac16012b30d66bd79d5a81354b569b64ca0b03586396.e3iSbxaKaheRe3eRa38MahaQbi1ynknvrkLOlQzNp65In0 HTTP/1.1" 200 2
172.22.2.4 - - [02/Dec/2023:07:06:00 -0500] "HEAD /BLA/boletinlegal/ HTTP/1.1" 200 -
172.22.2.4 - - [02/Dec/2023:07:07:25 -0500] "GET /BLA/boletinlegal/ HTTP/1.1" 200 24523
172.22.2.4 - - [02/Dec/2023:07:06:51 -0500] "GET /BLA/boletinlegal/ HTTP/1.1" 200 50272
201.245.192.253 - - [02/Dec/2023:07:09:17 -0500] "POST /forms/lservlet;jsessionid=ac16012b30d64ec0b0a9f85d4cd0acdf8f65235348eb.e3iSbxaKaheRe3eRa38MahaQbi1ynknvrkLOlQzNp65In0 HTTP/1.1" 200 2
66.249.66.19 - - [02/Dec/2023:07:09:22 -0500] "GET /BLA/resoluciones/RESOLUCIONES%202009/5204.pdf HTTP/1.1" 200 356030
179.33.119.226 - - [02/Dec/2023:07:09:31 -0500] "POST /sipse/faces/presentacion/financiero/solicitudProceso/consultarSolicitudProceso.xhtml HTTP/1.1" 200 152969
179.33.119.226 - - [02/Dec/2023:07:09:32 -0500] "GET /sipse/faces/javax.faces.resource/theme.css?ln=primefaces-sipse HTTP/1.1" 304 -
179.33.119.226 - - [02/Dec/2023:07:09:32 -0500] "GET /sipse/faces/javax.faces.resource/primefaces.css?ln=primefaces&v=4.0 HTTP/1.1" 304 -
179.33.119.226 - - [02/Dec/2023:07:09:32 -0500] "GET /sipse/faces/javax.faces.resource/layout/layout.css?ln=primefaces&v=4.0 HTTP/1.1" 304 -
179.33.119.226 - - [02/Dec/2023:07:09:32 -0500] "GET /sipse/faces/javax.faces.resource/layout/layout.js?ln=primefaces&v=4.0 HTTP/1.1" 304 -
179.33.119.226 - - [02/Dec/2023:07:09:32 -0500] "GET /sipse/faces/javax.faces.resource/jquery/jquery.js?ln=primefaces&v=4.0 HTTP/1.1" 304 -
179.33.119.226 - - [02/Dec/2023:07:09:32 -0500] "GET /sipse/faces/javax.faces.resource/jquery/jquery-plugins.js?ln=primefaces&v=4.0 HTTP/1.1" 304 -
179.33.119.226 - - [02/Dec/2023:07:09:32 -0500] "GET /sipse/faces/javax.faces.resource/primefaces.js?ln=primefaces&v=4.0 HTTP/1.1" 304 -
179.33.119.226 - - [02/Dec/2023:07:09:32 -0500] "GET /sipse/faces/javax.faces.resource/images/ui-icons_898989_256x240.png?ln=primefaces-aristo HTTP/1.1" 304 -
201.245.192.253 - - [02/Dec/2023:07:09:36 -0500] "POST /forms/lservlet;jsessionid=ac16012b30d66bd79d5a81354b569b64ca0b03586396.e3iSbxaKaheRe3eRa38MahaQbi1ynknvrkLOlQzNp65In0 HTTP/1.1" 200 2
179.33.119.226 - - [02/Dec/2023:07:09:40 -0500] "GET /sipse/faces/javax.faces.resource/images/ui-bg_flat_0_2d5972_40x100.png?ln=primefaces-aristo HTTP/1.1" 304 -
179.33.119.226 - - [02/Dec/2023:07:09:40 -0500] "POST /sipse/faces/presentacion/financiero/solicitudProceso/consultarSolicitudProceso.xhtml HTTP/1.1" 200 24050
179.33.119.226 - - [02/Dec/2023:07:09:40 -0500] "GET /sipse/faces/javax.faces.resource/jquery/jquery.js?ln=primefaces&v=4.0 HTTP/1.1" 304 -
179.33.119.226 - - [02/Dec/2023:07:09:40 -0500] "GET /sipse/faces/javax.faces.resource/jquery/jquery-plugins.js?ln=primefaces&v=4.0 HTTP/1.1" 304 -
179.33.119.226 - - [02/Dec/2023:07:09:40 -0500] "GET /sipse/faces/javax.faces.resource/primefaces.js?ln=primefaces&v=4.0 HTTP/1.1" 304 -
179.33.119.226 - - [02/Dec/2023:07:09:40 -0500] "GET /sipse/faces/javax.faces.resource/layout/layout.js?ln=primefaces&v=4.0 HTTP/1.1" 304 -
179.33.119.226 - - [02/Dec/2023:07:09:52 -0500] "POST /sipse/faces/presentacion/financiero/viabilidad/expedirViabilidad.xhtml HTTP/1.1" 200 109010
179.33.119.226 - - [02/Dec/2023:07:09:54 -0500] "GET /sipse/faces/javax.faces.resource/jquery/jquery.js?ln=primefaces&v=4.0 HTTP/1.1" 304 -
179.33.119.226 - - [02/Dec/2023:07:09:54 -0500] "GET /sipse/faces/javax.faces.resource/jquery/jquery-plugins.js?ln=primefaces&v=4.0 HTTP/1.1" 304 -
179.33.119.226 - - [02/Dec/2023:07:09:54 -0500] "GET /sipse/faces/javax.faces.resource/primefaces.js?ln=primefaces&v=4.0 HTTP/1.1" 304 -
179.33.119.226 - - [02/Dec/2023:07:09:54 -0500] "GET /sipse/faces/javax.faces.resource/layout/layout.js?ln=primefaces&v=4.0 HTTP/1.1" 304 -
179.33.119.226 - - [02/Dec/2023:07:10:15 -0500] "POST /sipse/faces/presentacion/financiero/solicitudProceso/consultarSolicitudProceso.xhtml HTTP/1.1" 200 39258
179.33.119.226 - - [02/Dec/2023:07:10:17 -0500] "GET /sipse/faces/javax.faces.resource/jquery/jquery.js?ln=primefaces&v=4.0 HTTP/1.1" 304 -
179.33.119.226 - - [02/Dec/2023:07:10:17 -0500] "GET /sipse/faces/javax.faces.resource/jquery/jquery-plugins.js?ln=primefaces&v=4.0 HTTP/1.1" 304 -
179.33.119.226 - - [02/Dec/2023:07:10:17 -0500] "GET /sipse/faces/javax.faces.resource/primefaces.js?ln=primefaces&v=4.0 HTTP/1.1" 304 -
179.33.119.226 - - [02/Dec/2023:07:10:17 -0500] "GET /sipse/faces/javax.faces.resource/layout/layout.js?ln=primefaces&v=4.0 HTTP/1.1" 304 -
179.33.119.226 - - [02/Dec/2023:07:10:17 -0500] "GET /sipse/faces/javax.faces.resource/messages/messages.png?ln=primefaces&v=4.0 HTTP/1.1" 304 -
179.33.119.226 - - [02/Dec/2023:07:10:18 -0500] "POST /sipse/faces/presentacion/financiero/solicitudProceso/listarSolicitudProceso.xhtml HTTP/1.1" 200 1420
66.249.66.21 - - [02/Dec/2023:07:10:20 -0500] "GET /BLA/resoluciones/AUTOS%202014/1124.pdf HTTP/1.1" 200 362344
179.33.119.226 - - [02/Dec/2023:07:11:06 -0500] "POST /sipse/faces/presentacion/financiero/solicitudProceso/listarSolicitudProceso.xhtml HTTP/1.1" 200 106938
179.33.119.226 - - [02/Dec/2023:07:11:07 -0500] "GET /sipse/faces/javax.faces.resource/jquery/jquery.js?ln=primefaces&v=4.0 HTTP/1.1" 304 -
179.33.119.226 - - [02/Dec/2023:07:11:07 -0500] "GET /sipse/faces/javax.faces.resource/jquery/jquery-plugins.js?ln=primefaces&v=4.0 HTTP/1.1" 304 -
179.33.119.226 - - [02/Dec/2023:07:11:07 -0500] "GET /sipse/faces/javax.faces.resource/primefaces.js?ln=primefaces&v=4.0 HTTP/1.1" 304 -
179.33.119.226 - - [02/Dec/2023:07:11:07 -0500] "GET /sipse/faces/javax.faces.resource/layout/layout.js?ln=primefaces&v=4.0 HTTP/1.1" 304 -
201.245.192.253 - - [02/Dec/2023:07:11:17 -0500] "POST /forms/lservlet;jsessionid=ac16012b30d64ec0b0a9f85d4cd0acdf8f65235348eb.e3iSbxaKaheRe3eRa38MahaQbi1ynknvrkLOlQzNp65In0 HTTP/1.1" 200 2
201.245.192.253 - - [02/Dec/2023:07:11:36 -0500] "POST /forms/lservlet;jsessionid=ac16012b30d66bd79d5a81354b569b64ca0b03586396.e3iSbxaKaheRe3eRa38MahaQbi1ynknvrkLOlQzNp65In0 HTTP/1.1" 200 2
162.55.35.116 - - [02/Dec/2023:07:11:42 -0500] "GET / HTTP/1.1" 200 319
162.55.35.116 - - [02/Dec/2023:07:11:43 -0500] "GET / HTTP/1.1" 200 4720
52.230.152.236 - - [02/Dec/2023:07:11:58 -0500] "GET /robots.txt HTTP/1.1" 404 1049
52.230.152.118 - - [02/Dec/2023:07:11:58 -0500] "GET /BLA/boletinlegal/js/lib.js HTTP/1.1" 200 6474
201.245.192.253 - - [02/Dec/2023:07:12:14 -0500] "POST /kwsrmcab/Wsrmcab  HTTP/1.1" 200 41956
216.245.221.92 - - [02/Dec/2023:07:12:18 -0500] "HEAD / HTTP/1.1" 200 -
201.245.192.253 - - [02/Dec/2023:07:13:17 -0500] "POST /forms/lservlet;jsessionid=ac16012b30d64ec0b0a9f85d4cd0acdf8f65235348eb.e3iSbxaKaheRe3eRa38MahaQbi1ynknvrkLOlQzNp65In0 HTTP/1.1" 200 2
172.22.2.4 - - [02/Dec/2023:07:11:50 -0500] "HEAD /BLA/boletinlegal/ HTTP/1.1" 200 -
201.245.192.253 - - [02/Dec/2023:07:13:36 -0500] "POST /forms/lservlet;jsessionid=ac16012b30d66bd79d5a81354b569b64ca0b03586396.e3iSbxaKaheRe3eRa38MahaQbi1ynknvrkLOlQzNp65In0 HTTP/1.1" 200 2
179.33.119.226 - - [02/Dec/2023:07:13:52 -0500] "POST /sipse/faces/presentacion/financiero/solicitudProceso/consultarSolicitudProceso.xhtml HTTP/1.1" 200 165814
172.22.2.4 - - [02/Dec/2023:07:12:41 -0500] "GET /BLA/boletinlegal/ HTTP/1.1" 200 58644
207.46.13.128 - - [02/Dec/2023:07:14:42 -0500] "GET /BLA/resoluciones/AUTOS%202022/8325.pdf HTTP/1.1" 200 380578
179.33.119.226 - - [02/Dec/2023:07:14:46 -0500] "POST /sipse/faces/presentacion/financiero/solicitudProceso/consultarSolicitudProceso.xhtml HTTP/1.1" 200 24050
179.33.119.226 - - [02/Dec/2023:07:14:46 -0500] "GET /sipse/faces/javax.faces.resource/jquery/jquery.js?ln=primefaces&v=4.0 HTTP/1.1" 304 -
179.33.119.226 - - [02/Dec/2023:07:14:46 -0500] "GET /sipse/faces/javax.faces.resource/jquery/jquery-plugins.js?ln=primefaces&v=4.0 HTTP/1.1" 304 -
179.33.119.226 - - [02/Dec/2023:07:14:46 -0500] "GET /sipse/faces/javax.faces.resource/primefaces.js?ln=primefaces&v=4.0 HTTP/1.1" 304 -
179.33.119.226 - - [02/Dec/2023:07:14:46 -0500] "GET /sipse/faces/javax.faces.resource/layout/layout.js?ln=primefaces&v=4.0 HTTP/1.1" 304 -
179.33.119.226 - - [02/Dec/2023:07:14:58 -0500] "POST /sipse/faces/presentacion/financiero/viabilidad/expedirViabilidad.xhtml HTTP/1.1" 200 108585
179.33.119.226 - - [02/Dec/2023:07:14:59 -0500] "GET /sipse/faces/javax.faces.resource/jquery/jquery.js?ln=primefaces&v=4.0 HTTP/1.1" 304 -
179.33.119.226 - - [02/Dec/2023:07:14:59 -0500] "GET /sipse/faces/javax.faces.resource/jquery/jquery-plugins.js?ln=primefaces&v=4.0 HTTP/1.1" 304 -
179.33.119.226 - - [02/Dec/2023:07:14:59 -0500] "GET /sipse/faces/javax.faces.resource/primefaces.js?ln=primefaces&v=4.0 HTTP/1.1" 304 -
179.33.119.226 - - [02/Dec/2023:07:14:59 -0500] "GET /sipse/faces/javax.faces.resource/layout/layout.js?ln=primefaces&v=4.0 HTTP/1.1" 304 -
157.55.39.13 - - [02/Dec/2023:07:15:02 -0500] "GET /BLA/resoluciones/RESOLUCIONES%202022/4668.pdf HTTP/1.1" 304 -
157.55.39.13 - - [02/Dec/2023:07:15:05 -0500] "GET /BLA/resoluciones/AUTOS%202017/3246.pdf HTTP/1.1" 200 271176
179.33.119.226 - - [02/Dec/2023:07:15:13 -0500] "POST /sipse/faces/presentacion/financiero/solicitudProceso/consultarSolicitudProceso.xhtml HTTP/1.1" 200 154204
179.33.119.226 - - [02/Dec/2023:07:15:14 -0500] "GET /sipse/faces/javax.faces.resource/theme.css?ln=primefaces-sipse HTTP/1.1" 304 -
179.33.119.226 - - [02/Dec/2023:07:15:14 -0500] "GET /sipse/faces/javax.faces.resource/primefaces.css?ln=primefaces&v=4.0 HTTP/1.1" 304 -
179.33.119.226 - - [02/Dec/2023:07:15:14 -0500] "GET /sipse/faces/javax.faces.resource/jquery/jquery.js?ln=primefaces&v=4.0 HTTP/1.1" 304 -
179.33.119.226 - - [02/Dec/2023:07:15:14 -0500] "GET /sipse/faces/javax.faces.resource/layout/layout.css?ln=primefaces&v=4.0 HTTP/1.1" 304 -
179.33.119.226 - - [02/Dec/2023:07:15:14 -0500] "GET /sipse/faces/javax.faces.resource/jquery/jquery-plugins.js?ln=primefaces&v=4.0 HTTP/1.1" 304 -
179.33.119.226 - - [02/Dec/2023:07:15:14 -0500] "GET /sipse/faces/javax.faces.resource/layout/layout.js?ln=primefaces&v=4.0 HTTP/1.1" 304 -
179.33.119.226 - - [02/Dec/2023:07:15:14 -0500] "GET /sipse/faces/javax.faces.resource/primefaces.js?ln=primefaces&v=4.0 HTTP/1.1" 304 -
179.33.119.226 - - [02/Dec/2023:07:15:14 -0500] "GET /sipse/faces/javax.faces.resource/images/ui-icons_898989_256x240.png?ln=primefaces-aristo HTTP/1.1" 304 -
201.245.192.253 - - [02/Dec/2023:07:15:17 -0500] "POST /forms/lservlet;jsessionid=ac16012b30d64ec0b0a9f85d4cd0acdf8f65235348eb.e3iSbxaKaheRe3eRa38MahaQbi1ynknvrkLOlQzNp65In0 HTTP/1.1" 200 2
173.252.95.113 - - [02/Dec/2023:07:15:32 -0500] "GET /distrito-celebro-el-cumpleanos-del-parque-ecologico-distrital-de-montana-entrenubes.html HTTP/1.1" 200 829
179.33.119.226 - - [02/Dec/2023:07:15:32 -0500] "GET /sipse/faces/javax.faces.resource/images/ui-bg_flat_0_2d5972_40x100.png?ln=primefaces-aristo HTTP/1.1" 304 -
179.33.119.226 - - [02/Dec/2023:07:15:32 -0500] "POST /sipse/faces/presentacion/financiero/solicitudProceso/consultarSolicitudProceso.xhtml HTTP/1.1" 200 36219
179.33.119.226 - - [02/Dec/2023:07:15:35 -0500] "GET /sipse/faces/javax.faces.resource/jquery/jquery.js?ln=primefaces&v=4.0 HTTP/1.1" 304 -
179.33.119.226 - - [02/Dec/2023:07:15:35 -0500] "GET /sipse/faces/javax.faces.resource/jquery/jquery-plugins.js?ln=primefaces&v=4.0 HTTP/1.1" 304 -
179.33.119.226 - - [02/Dec/2023:07:15:35 -0500] "GET /sipse/faces/javax.faces.resource/primefaces.js?ln=primefaces&v=4.0 HTTP/1.1" 304 -
179.33.119.226 - - [02/Dec/2023:07:15:35 -0500] "GET /sipse/faces/javax.faces.resource/layout/layout.js?ln=primefaces&v=4.0 HTTP/1.1" 304 -
179.33.119.226 - - [02/Dec/2023:07:15:35 -0500] "GET /sipse/faces/javax.faces.resource/messages/messages.png?ln=primefaces&v=4.0 HTTP/1.1" 304 -
179.33.119.226 - - [02/Dec/2023:07:15:35 -0500] "POST /sipse/faces/presentacion/financiero/solicitudProceso/listarSolicitudProceso.xhtml HTTP/1.1" 200 1396
201.245.192.253 - - [02/Dec/2023:07:15:36 -0500] "POST /forms/lservlet;jsessionid=ac16012b30d66bd79d5a81354b569b64ca0b03586396.e3iSbxaKaheRe3eRa38MahaQbi1ynknvrkLOlQzNp65In0 HTTP/1.1" 200 2
179.33.119.226 - - [02/Dec/2023:07:15:44 -0500] "POST /sipse/faces/presentacion/financiero/solicitudProceso/consultarSolicitudProceso.xhtml HTTP/1.1" 200 35727
179.33.119.226 - - [02/Dec/2023:07:15:45 -0500] "POST /sipse/faces/presentacion/financiero/solicitudProceso/listarSolicitudProceso.xhtml HTTP/1.1" 200 1396
179.33.119.226 - - [02/Dec/2023:07:15:45 -0500] "POST /sipse/faces/presentacion/financiero/solicitudProceso/listarSolicitudProceso.xhtml HTTP/1.1" 200 1392
201.245.192.253 - - [02/Dec/2023:07:16:01 -0500] "POST /kwsrmcab/Wsrmcab HTTP/1.1" 200 40726
201.245.192.253 - - [02/Dec/2023:07:16:04 -0500] "POST /kwsrmcab/Wsrmcab HTTP/1.1" 200 36589
179.33.119.226 - - [02/Dec/2023:07:16:08 -0500] "POST /sipse/faces/presentacion/financiero/solicitudProceso/listarSolicitudProceso.xhtml HTTP/1.1" 200 106649
179.33.119.226 - - [02/Dec/2023:07:16:09 -0500] "GET /sipse/faces/javax.faces.resource/jquery/jquery.js?ln=primefaces&v=4.0 HTTP/1.1" 304 -
179.33.119.226 - - [02/Dec/2023:07:16:09 -0500] "GET /sipse/faces/javax.faces.resource/jquery/jquery-plugins.js?ln=primefaces&v=4.0 HTTP/1.1" 304 -
179.33.119.226 - - [02/Dec/2023:07:16:09 -0500] "GET /sipse/faces/javax.faces.resource/primefaces.js?ln=primefaces&v=4.0 HTTP/1.1" 304 -
179.33.119.226 - - [02/Dec/2023:07:16:09 -0500] "GET /sipse/faces/javax.faces.resource/layout/layout.js?ln=primefaces&v=4.0 HTTP/1.1" 304 -
177.93.44.169 - - [02/Dec/2023:07:16:51 -0500] "GET / HTTP/1.1" 200 4720
177.93.44.169 - - [02/Dec/2023:07:16:51 -0500] "GET /js/url.js HTTP/1.1" 404 1294
201.245.192.253 - - [02/Dec/2023:07:17:13 -0500] "POST /kwsrmcab/Wsrmcab  HTTP/1.1" 200 41956
201.245.192.253 - - [02/Dec/2023:07:17:17 -0500] "POST /forms/lservlet;jsessionid=ac16012b30d64ec0b0a9f85d4cd0acdf8f65235348eb.e3iSbxaKaheRe3eRa38MahaQbi1ynknvrkLOlQzNp65In0 HTTP/1.1" 200 2
216.245.221.92 - - [02/Dec/2023:07:17:18 -0500] "HEAD / HTTP/1.1" 200 -
201.245.192.253 - - [02/Dec/2023:07:17:36 -0500] "POST /forms/lservlet;jsessionid=ac16012b30d66bd79d5a81354b569b64ca0b03586396.e3iSbxaKaheRe3eRa38MahaQbi1ynknvrkLOlQzNp65In0 HTTP/1.1" 200 2
177.93.44.169 - - [02/Dec/2023:07:17:38 -0500] "POST /procesar.php HTTP/1.1" 200 1037
177.93.44.169 - - [02/Dec/2023:07:17:47 -0500] "GET /retos-de-fin-de-ano-no-extraigas-fauna-silvestre-no-uses-polvora-ni-musgo-bajale-el-volumen-y-dispon-bien-tus-residuos.html HTTP/1.1" 206 820
201.245.192.253 - - [02/Dec/2023:07:19:17 -0500] "POST /forms/lservlet;jsessionid=ac16012b30d64ec0b0a9f85d4cd0acdf8f65235348eb.e3iSbxaKaheRe3eRa38MahaQbi1ynknvrkLOlQzNp65In0 HTTP/1.1" 200 2
172.22.2.4 - - [02/Dec/2023:07:17:40 -0500] "HEAD /BLA/boletinlegal/ HTTP/1.1" 200 -
66.249.66.19 - - [02/Dec/2023:07:19:36 -0500] "GET /BLA/resoluciones/RESOLUCIONES%202008/1485.pdf HTTP/1.1" 200 298366
201.245.192.253 - - [02/Dec/2023:07:19:36 -0500] "POST /forms/lservlet;jsessionid=ac16012b30d66bd79d5a81354b569b64ca0b03586396.e3iSbxaKaheRe3eRa38MahaQbi1ynknvrkLOlQzNp65In0 HTTP/1.1" 200 2
201.245.192.253 - - [02/Dec/2023:07:19:39 -0500] "POST /kwsrmcab/Wsrmcab HTTP/1.1" 200 40726
201.245.192.253 - - [02/Dec/2023:07:19:48 -0500] "POST /kwsrmcab/Wsrmcab HTTP/1.1" 200 36589
186.155.148.14 - - [02/Dec/2023:07:20:05 -0500] "GET /distrito-celebro-el-cumpleanos-del-parque-ecologico-distrital-de-montana-entrenubes.html?fbclid=IwAR1S77RhsiJeqOnPE3IlqySOON8OUoSQ4s4zM9xiA9Eiyt50gB82-npHMHU HTTP/1.1" 200 829
172.22.2.4 - - [02/Dec/2023:07:18:31 -0500] "GET /BLA/boletinlegal/ HTTP/1.1" 200 58644
179.33.119.226 - - [02/Dec/2023:07:20:24 -0500] "POST /sipse/faces/presentacion/financiero/solicitudProceso/consultarSolicitudProceso.xhtml HTTP/1.1" 200 138234
179.33.119.226 - - [02/Dec/2023:07:20:59 -0500] "POST /sipse/faces/presentacion/financiero/solicitudProceso/consultarSolicitudProceso.xhtml HTTP/1.1" 200 138234
201.245.192.253 - - [02/Dec/2023:07:21:17 -0500] "POST /forms/lservlet;jsessionid=ac16012b30d64ec0b0a9f85d4cd0acdf8f65235348eb.e3iSbxaKaheRe3eRa38MahaQbi1ynknvrkLOlQzNp65In0 HTTP/1.1" 200 2
179.33.119.226 - - [02/Dec/2023:07:21:31 -0500] "POST /sipse/faces/presentacion/financiero/solicitudProceso/consultarSolicitudProceso.xhtml HTTP/1.1" 200 138234
201.245.192.253 - - [02/Dec/2023:07:21:36 -0500] "POST /forms/lservlet;jsessionid=ac16012b30d66bd79d5a81354b569b64ca0b03586396.e3iSbxaKaheRe3eRa38MahaQbi1ynknvrkLOlQzNp65In0 HTTP/1.1" 200 2
66.249.66.20 - - [02/Dec/2023:07:22:02 -0500] "GET /BLA/resoluciones/Notificaciones/RESOLUCIONES%202021/2863.pdf HTTP/1.1" 200 568456
201.245.192.253 - - [02/Dec/2023:07:22:10 -0500] "POST /kwsrmcab/Wsrmcab  HTTP/1.1" 200 41956
216.245.221.92 - - [02/Dec/2023:07:22:18 -0500] "HEAD / HTTP/1.1" 200 -
201.245.192.253 - - [02/Dec/2023:07:23:17 -0500] "POST /forms/lservlet;jsessionid=ac16012b30d64ec0b0a9f85d4cd0acdf8f65235348eb.e3iSbxaKaheRe3eRa38MahaQbi1ynknvrkLOlQzNp65In0 HTTP/1.1" 200 2
201.245.192.253 - - [02/Dec/2023:07:23:36 -0500] "POST /forms/lservlet;jsessionid=ac16012b30d66bd79d5a81354b569b64ca0b03586396.e3iSbxaKaheRe3eRa38MahaQbi1ynknvrkLOlQzNp65In0 HTTP/1.1" 200 2
179.33.119.226 - - [02/Dec/2023:07:23:50 -0500] "POST /sipse/faces/presentacion/financiero/solicitudProceso/consultarSolicitudProceso.xhtml HTTP/1.1" 200 138234
66.249.66.19 - - [02/Dec/2023:07:23:58 -0500] "GET /BLA/resoluciones/RESOLUCIONES%202008/3387.pdf HTTP/1.1" 200 271383
179.33.119.226 - - [02/Dec/2023:07:24:08 -0500] "POST /sipse/faces/presentacion/financiero/solicitudProceso/consultarSolicitudProceso.xhtml HTTP/1.1" 200 138234
179.33.119.226 - - [02/Dec/2023:07:24:37 -0500] "GET /sipse/faces/javax.faces.resource/images/ui-bg_flat_0_2d5972_40x100.png?ln=primefaces-aristo HTTP/1.1" 304 -
179.33.119.226 - - [02/Dec/2023:07:24:37 -0500] "POST /sipse/faces/presentacion/financiero/solicitudProceso/consultarSolicitudProceso.xhtml HTTP/1.1" 200 35727
179.33.119.226 - - [02/Dec/2023:07:24:37 -0500] "GET /sipse/faces/javax.faces.resource/jquery/jquery.js?ln=primefaces&v=4.0 HTTP/1.1" 304 -
179.33.119.226 - - [02/Dec/2023:07:24:37 -0500] "GET /sipse/faces/javax.faces.resource/jquery/jquery-plugins.js?ln=primefaces&v=4.0 HTTP/1.1" 304 -
179.33.119.226 - - [02/Dec/2023:07:24:37 -0500] "GET /sipse/faces/javax.faces.resource/primefaces.js?ln=primefaces&v=4.0 HTTP/1.1" 304 -
179.33.119.226 - - [02/Dec/2023:07:24:37 -0500] "GET /sipse/faces/javax.faces.resource/layout/layout.js?ln=primefaces&v=4.0 HTTP/1.1" 304 -
179.33.119.226 - - [02/Dec/2023:07:24:37 -0500] "POST /sipse/faces/presentacion/financiero/solicitudProceso/listarSolicitudProceso.xhtml HTTP/1.1" 200 1396
179.33.119.226 - - [02/Dec/2023:07:24:44 -0500] "POST /sipse/faces/presentacion/financiero/solicitudProceso/listarSolicitudProceso.xhtml HTTP/1.1" 200 106649
179.33.119.226 - - [02/Dec/2023:07:24:45 -0500] "GET /sipse/faces/javax.faces.resource/jquery/jquery.js?ln=primefaces&v=4.0 HTTP/1.1" 304 -
179.33.119.226 - - [02/Dec/2023:07:24:45 -0500] "GET /sipse/faces/javax.faces.resource/jquery/jquery-plugins.js?ln=primefaces&v=4.0 HTTP/1.1" 304 -
179.33.119.226 - - [02/Dec/2023:07:24:45 -0500] "GET /sipse/faces/javax.faces.resource/primefaces.js?ln=primefaces&v=4.0 HTTP/1.1" 304 -
179.33.119.226 - - [02/Dec/2023:07:24:45 -0500] "GET /sipse/faces/javax.faces.resource/layout/layout.js?ln=primefaces&v=4.0 HTTP/1.1" 304 -
179.33.119.226 - - [02/Dec/2023:07:24:59 -0500] "POST /sipse/faces/presentacion/financiero/solicitudProceso/consultarSolicitudProceso.xhtml HTTP/1.1" 200 24050
179.33.119.226 - - [02/Dec/2023:07:24:59 -0500] "GET /sipse/faces/javax.faces.resource/jquery/jquery.js?ln=primefaces&v=4.0 HTTP/1.1" 304 -
179.33.119.226 - - [02/Dec/2023:07:24:59 -0500] "GET /sipse/faces/javax.faces.resource/jquery/jquery-plugins.js?ln=primefaces&v=4.0 HTTP/1.1" 304 -
179.33.119.226 - - [02/Dec/2023:07:24:59 -0500] "GET /sipse/faces/javax.faces.resource/primefaces.js?ln=primefaces&v=4.0 HTTP/1.1" 304 -
179.33.119.226 - - [02/Dec/2023:07:24:59 -0500] "GET /sipse/faces/javax.faces.resource/layout/layout.js?ln=primefaces&v=4.0 HTTP/1.1" 304 -
179.33.119.226 - - [02/Dec/2023:07:25:03 -0500] "POST /sipse/faces/presentacion/financiero/viabilidad/expedirViabilidad.xhtml HTTP/1.1" 200 35727
179.33.119.226 - - [02/Dec/2023:07:25:03 -0500] "GET /sipse/faces/javax.faces.resource/jquery/jquery.js?ln=primefaces&v=4.0 HTTP/1.1" 304 -
179.33.119.226 - - [02/Dec/2023:07:25:03 -0500] "GET /sipse/faces/javax.faces.resource/jquery/jquery-plugins.js?ln=primefaces&v=4.0 HTTP/1.1" 304 -
179.33.119.226 - - [02/Dec/2023:07:25:03 -0500] "GET /sipse/faces/javax.faces.resource/primefaces.js?ln=primefaces&v=4.0 HTTP/1.1" 304 -
179.33.119.226 - - [02/Dec/2023:07:25:03 -0500] "GET /sipse/faces/javax.faces.resource/layout/layout.js?ln=primefaces&v=4.0 HTTP/1.1" 304 -
179.33.119.226 - - [02/Dec/2023:07:25:03 -0500] "POST /sipse/faces/presentacion/financiero/solicitudProceso/listarSolicitudProceso.xhtml HTTP/1.1" 200 28985
179.33.119.226 - - [02/Dec/2023:07:25:03 -0500] "POST /sipse/faces/presentacion/financiero/solicitudProceso/listarSolicitudProceso.xhtml HTTP/1.1" 200 28985
179.33.119.226 - - [02/Dec/2023:07:25:04 -0500] "POST /sipse/faces/presentacion/financiero/solicitudProceso/listarSolicitudProceso.xhtml HTTP/1.1" 200 28985
179.33.119.226 - - [02/Dec/2023:07:25:04 -0500] "POST /sipse/faces/presentacion/financiero/solicitudProceso/listarSolicitudProceso.xhtml HTTP/1.1" 200 1396
179.33.119.226 - - [02/Dec/2023:07:25:04 -0500] "POST /sipse/faces/presentacion/financiero/solicitudProceso/listarSolicitudProceso.xhtml HTTP/1.1" 200 1392
179.33.119.226 - - [02/Dec/2023:07:25:04 -0500] "POST /sipse/faces/presentacion/financiero/solicitudProceso/listarSolicitudProceso.xhtml HTTP/1.1" 200 1404
179.33.119.226 - - [02/Dec/2023:07:25:04 -0500] "POST /sipse/faces/presentacion/financiero/solicitudProceso/listarSolicitudProceso.xhtml HTTP/1.1" 200 1392
172.22.2.4 - - [02/Dec/2023:07:23:30 -0500] "HEAD /BLA/boletinlegal/ HTTP/1.1" 200 -
179.33.119.226 - - [02/Dec/2023:07:25:11 -0500] "POST /sipse/faces/presentacion/financiero/solicitudProceso/listarSolicitudProceso.xhtml HTTP/1.1" 200 106649
179.33.119.226 - - [02/Dec/2023:07:25:12 -0500] "GET /sipse/faces/javax.faces.resource/jquery/jquery.js?ln=primefaces&v=4.0 HTTP/1.1" 304 -
179.33.119.226 - - [02/Dec/2023:07:25:12 -0500] "GET /sipse/faces/javax.faces.resource/jquery/jquery-plugins.js?ln=primefaces&v=4.0 HTTP/1.1" 304 -
179.33.119.226 - - [02/Dec/2023:07:25:12 -0500] "GET /sipse/faces/javax.faces.resource/primefaces.js?ln=primefaces&v=4.0 HTTP/1.1" 304 -
179.33.119.226 - - [02/Dec/2023:07:25:12 -0500] "GET /sipse/faces/javax.faces.resource/layout/layout.js?ln=primefaces&v=4.0 HTTP/1.1" 304 -
201.245.192.253 - - [02/Dec/2023:07:25:17 -0500] "POST /forms/lservlet;jsessionid=ac16012b30d64ec0b0a9f85d4cd0acdf8f65235348eb.e3iSbxaKaheRe3eRa38MahaQbi1ynknvrkLOlQzNp65In0 HTTP/1.1" 200 2
157.55.39.9 - - [02/Dec/2023:07:25:21 -0500] "GET /BLA/resoluciones/AUTOS%202013/0286.pdf HTTP/1.1" 200 1117593
179.33.119.226 - - [02/Dec/2023:07:25:23 -0500] "POST /sipse/faces/presentacion/financiero/solicitudProceso/consultarSolicitudProceso.xhtml HTTP/1.1" 200 138234
207.46.13.116 - - [02/Dec/2023:07:25:26 -0500] "GET /BLA/resoluciones/AUTOS%202017/3062.pdf HTTP/1.1" 200 288525
201.245.192.253 - - [02/Dec/2023:07:25:36 -0500] "POST /forms/lservlet;jsessionid=ac16012b30d66bd79d5a81354b569b64ca0b03586396.e3iSbxaKaheRe3eRa38MahaQbi1ynknvrkLOlQzNp65In0 HTTP/1.1" 200 2
172.22.2.4 - - [02/Dec/2023:07:24:21 -0500] "GET /BLA/boletinlegal/ HTTP/1.1" 200 58294
201.245.192.253 - - [02/Dec/2023:07:26:01 -0500] "POST /kwsrmcab/Wsrmcab HTTP/1.1" 200 40726
201.245.192.253 - - [02/Dec/2023:07:26:04 -0500] "POST /kwsrmcab/Wsrmcab HTTP/1.1" 200 36589
17.241.219.236 - - [02/Dec/2023:07:26:33 -0500] "GET /bogota-reverdece-una-semana-por-la-sostenibilidad-la-resiliencia-climatica-y-la-calidad-del-aire.html HTTP/1.1" 200 973
66.249.66.20 - - [02/Dec/2023:07:26:53 -0500] "GET /BLA/resoluciones/Notificaciones/AUTOS%202021/3805.pdf HTTP/1.1" 200 347341
201.245.192.253 - - [02/Dec/2023:07:27:09 -0500] "POST /kwsrmcab/Wsrmcab  HTTP/1.1" 200 41956
201.245.192.253 - - [02/Dec/2023:07:27:17 -0500] "POST /forms/lservlet;jsessionid=ac16012b30d64ec0b0a9f85d4cd0acdf8f65235348eb.e3iSbxaKaheRe3eRa38MahaQbi1ynknvrkLOlQzNp65In0 HTTP/1.1" 200 2
216.245.221.92 - - [02/Dec/2023:07:27:18 -0500] "HEAD / HTTP/1.1" 200 -
201.245.192.253 - - [02/Dec/2023:07:27:36 -0500] "POST /forms/lservlet;jsessionid=ac16012b30d66bd79d5a81354b569b64ca0b03586396.e3iSbxaKaheRe3eRa38MahaQbi1ynknvrkLOlQzNp65In0 HTTP/1.1" 200 2
201.245.192.253 - - [02/Dec/2023:07:29:17 -0500] "POST /forms/lservlet;jsessionid=ac16012b30d64ec0b0a9f85d4cd0acdf8f65235348eb.e3iSbxaKaheRe3eRa38MahaQbi1ynknvrkLOlQzNp65In0 HTTP/1.1" 200 2
201.245.192.253 - - [02/Dec/2023:07:29:36 -0500] "POST /forms/lservlet;jsessionid=ac16012b30d66bd79d5a81354b569b64ca0b03586396.e3iSbxaKaheRe3eRa38MahaQbi1ynknvrkLOlQzNp65In0 HTTP/1.1" 200 2
201.245.192.253 - - [02/Dec/2023:07:29:39 -0500] "POST /kwsrmcab/Wsrmcab HTTP/1.1" 200 40726
201.245.192.253 - - [02/Dec/2023:07:29:48 -0500] "POST /kwsrmcab/Wsrmcab HTTP/1.1" 200 36589
172.22.2.4 - - [02/Dec/2023:07:29:20 -0500] "HEAD /BLA/boletinlegal/ HTTP/1.1" 200 -
207.46.13.31 - - [02/Dec/2023:07:31:01 -0500] "GET /BLA/resoluciones/RESOLUCIONES%202021/0386.pdf HTTP/1.1" 200 481164
201.245.192.253 - - [02/Dec/2023:07:31:17 -0500] "POST /forms/lservlet;jsessionid=ac16012b30d64ec0b0a9f85d4cd0acdf8f65235348eb.e3iSbxaKaheRe3eRa38MahaQbi1ynknvrkLOlQzNp65In0 HTTP/1.1" 200 2
186.28.104.78 - - [02/Dec/2023:07:31:20 -0500] "GET /sendero-las-moyas-iniciativa-privada-enfocada-en-procesos-de-restauracion-conservacion-y-educacion-ambiental.html HTTP/1.1" 200 1013
201.245.192.253 - - [02/Dec/2023:07:31:36 -0500] "POST /forms/lservlet;jsessionid=ac16012b30d66bd79d5a81354b569b64ca0b03586396.e3iSbxaKaheRe3eRa38MahaQbi1ynknvrkLOlQzNp65In0 HTTP/1.1" 200 2
172.22.2.4 - - [02/Dec/2023:07:30:11 -0500] "GET /BLA/boletinlegal/ HTTP/1.1" 200 55803
201.245.192.253 - - [02/Dec/2023:07:32:07 -0500] "POST /kwsrmcab/Wsrmcab  HTTP/1.1" 200 41956
179.33.119.226 - - [02/Dec/2023:07:32:15 -0500] "POST /sipse/faces/presentacion/financiero/solicitudProceso/consultarSolicitudProceso.xhtml HTTP/1.1" 200 33008
179.33.119.226 - - [02/Dec/2023:07:32:18 -0500] "GET /sipse/faces/javax.faces.resource/jquery/jquery.js?ln=primefaces&v=4.0 HTTP/1.1" 304 -
179.33.119.226 - - [02/Dec/2023:07:32:18 -0500] "GET /sipse/faces/javax.faces.resource/jquery/jquery-plugins.js?ln=primefaces&v=4.0 HTTP/1.1" 304 -
216.245.221.92 - - [02/Dec/2023:07:32:18 -0500] "HEAD / HTTP/1.1" 200 -
179.33.119.226 - - [02/Dec/2023:07:32:18 -0500] "GET /sipse/faces/javax.faces.resource/primefaces.js?ln=primefaces&v=4.0 HTTP/1.1" 304 -
179.33.119.226 - - [02/Dec/2023:07:32:18 -0500] "GET /sipse/faces/javax.faces.resource/layout/layout.js?ln=primefaces&v=4.0 HTTP/1.1" 304 -
179.33.119.226 - - [02/Dec/2023:07:32:18 -0500] "GET /sipse/faces/javax.faces.resource/messages/messages.png?ln=primefaces&v=4.0 HTTP/1.1" 304 -
179.33.119.226 - - [02/Dec/2023:07:32:18 -0500] "POST /sipse/faces/presentacion/financiero/solicitudProceso/listarSolicitudProceso.xhtml HTTP/1.1" 200 1376
213.184.118.110 - - [02/Dec/2023:07:32:36 -0500] "GET / HTTP/1.0" 200 319
201.245.192.253 - - [02/Dec/2023:07:33:17 -0500] "POST /forms/lservlet;jsessionid=ac16012b30d64ec0b0a9f85d4cd0acdf8f65235348eb.e3iSbxaKaheRe3eRa38MahaQbi1ynknvrkLOlQzNp65In0 HTTP/1.1" 200 2
201.245.192.253 - - [02/Dec/2023:07:33:36 -0500] "POST /forms/lservlet;jsessionid=ac16012b30d66bd79d5a81354b569b64ca0b03586396.e3iSbxaKaheRe3eRa38MahaQbi1ynknvrkLOlQzNp65In0 HTTP/1.1" 200 2
201.245.192.253 - - [02/Dec/2023:07:35:17 -0500] "POST /forms/lservlet;jsessionid=ac16012b30d64ec0b0a9f85d4cd0acdf8f65235348eb.e3iSbxaKaheRe3eRa38MahaQbi1ynknvrkLOlQzNp65In0 HTTP/1.1" 200 2
201.245.192.253 - - [02/Dec/2023:07:35:36 -0500] "POST /forms/lservlet;jsessionid=ac16012b30d66bd79d5a81354b569b64ca0b03586396.e3iSbxaKaheRe3eRa38MahaQbi1ynknvrkLOlQzNp65In0 HTTP/1.1" 200 2
201.245.192.253 - - [02/Dec/2023:07:36:01 -0500] "POST /kwsrmcab/Wsrmcab HTTP/1.1" 200 40726
201.245.192.253 - - [02/Dec/2023:07:36:04 -0500] "POST /kwsrmcab/Wsrmcab HTTP/1.1" 200 36589
172.22.2.4 - - [02/Dec/2023:07:35:10 -0500] "HEAD /BLA/boletinlegal/ HTTP/1.1" 200 -
66.249.66.20 - - [02/Dec/2023:07:37:00 -0500] "GET /BLA/resoluciones/RESOLUCIONES%202009/2869.pdf HTTP/1.1" 200 530664
201.245.192.253 - - [02/Dec/2023:07:37:06 -0500] "POST /kwsrmcab/Wsrmcab  HTTP/1.1" 200 41956
201.245.192.253 - - [02/Dec/2023:07:37:17 -0500] "POST /forms/lservlet;jsessionid=ac16012b30d64ec0b0a9f85d4cd0acdf8f65235348eb.e3iSbxaKaheRe3eRa38MahaQbi1ynknvrkLOlQzNp65In0 HTTP/1.1" 200 2
216.245.221.92 - - [02/Dec/2023:07:37:18 -0500] "HEAD / HTTP/1.1" 200 -
18.139.221.184 - - [02/Dec/2023:07:37:34 -0500] "GET / HTTP/1.1" 200 319
201.245.192.253 - - [02/Dec/2023:07:37:36 -0500] "POST /forms/lservlet;jsessionid=ac16012b30d66bd79d5a81354b569b64ca0b03586396.e3iSbxaKaheRe3eRa38MahaQbi1ynknvrkLOlQzNp65In0 HTTP/1.1" 200 2
172.22.2.4 - - [02/Dec/2023:07:36:01 -0500] "GET /BLA/boletinlegal/ HTTP/1.1" 200 59827
167.94.138.49 - - [02/Dec/2023:07:37:42 -0500] "GET / HTTP/1.1" 200 319
167.94.138.49 - - [02/Dec/2023:07:37:46 -0500] "GET / HTTP/1.1" 200 319
167.94.138.49 - - [02/Dec/2023:07:37:46 -0500] "PRI * HTTP/2.0" 400 946
167.94.138.49 - - [02/Dec/2023:07:37:47 -0500] "GET /favicon.ico HTTP/1.1" 200 7782
172.22.2.4 - - [02/Dec/2023:07:39:00 -0500] "GET /BLA/boletinlegal/robots.txt HTTP/1.1" 404 1037
172.22.2.4 - - [02/Dec/2023:07:39:01 -0500] "GET /BLA/boletinlegal/jurisprudencia/analisis/ANALISIST-046-99.docx HTTP/1.1" 304 -
66.249.66.21 - - [02/Dec/2023:07:39:15 -0500] "GET /BLA/resoluciones/AUTOS%202015/1752.pdf HTTP/1.1" 200 469315
201.245.192.253 - - [02/Dec/2023:07:39:17 -0500] "POST /forms/lservlet;jsessionid=ac16012b30d64ec0b0a9f85d4cd0acdf8f65235348eb.e3iSbxaKaheRe3eRa38MahaQbi1ynknvrkLOlQzNp65In0 HTTP/1.1" 200 2
201.245.192.253 - - [02/Dec/2023:07:39:36 -0500] "POST /forms/lservlet;jsessionid=ac16012b30d66bd79d5a81354b569b64ca0b03586396.e3iSbxaKaheRe3eRa38MahaQbi1ynknvrkLOlQzNp65In0 HTTP/1.1" 200 2
201.245.192.253 - - [02/Dec/2023:07:39:40 -0500] "POST /kwsrmcab/Wsrmcab HTTP/1.1" 200 40726
201.245.192.253 - - [02/Dec/2023:07:39:49 -0500] "POST /kwsrmcab/Wsrmcab HTTP/1.1" 200 36589
66.249.66.20 - - [02/Dec/2023:07:39:55 -0500] "GET /BLA/resoluciones/AUTOS%202015/2702.pdf HTTP/1.1" 200 718419
66.249.66.19 - - [02/Dec/2023:07:40:11 -0500] "GET /resoluciones/RESOLUCIONES%202007/RES%202007%202301%20AL%202400/RESOLUCION%202375%20DE%202007.pdf HTTP/1.1" 404 1018
66.249.66.19 - - [02/Dec/2023:07:40:14 -0500] "GET /BLA/resoluciones/RESOLUCIONES%202009/5748.pdf HTTP/1.1" 200 509847
201.245.192.253 - - [02/Dec/2023:07:41:17 -0500] "POST /forms/lservlet;jsessionid=ac16012b30d64ec0b0a9f85d4cd0acdf8f65235348eb.e3iSbxaKaheRe3eRa38MahaQbi1ynknvrkLOlQzNp65In0 HTTP/1.1" 200 2
114.119.135.237 - - [02/Dec/2023:07:41:17 -0500] "GET /BLA/resoluciones/index.php?dir=RESOLUCIONES%2B1994/&sort=date&order=asc HTTP/1.1" 200 13903
201.245.192.253 - - [02/Dec/2023:07:41:36 -0500] "POST /forms/lservlet;jsessionid=ac16012b30d66bd79d5a81354b569b64ca0b03586396.e3iSbxaKaheRe3eRa38MahaQbi1ynknvrkLOlQzNp65In0 HTTP/1.1" 200 2
201.245.192.253 - - [02/Dec/2023:07:42:05 -0500] "POST /kwsrmcab/Wsrmcab  HTTP/1.1" 200 41956
66.249.66.20 - - [02/Dec/2023:07:42:15 -0500] "GET /BLA/resoluciones/RESOLUCIONES%202019/3918.pdf HTTP/1.1" 200 258617
216.245.221.92 - - [02/Dec/2023:07:42:18 -0500] "HEAD / HTTP/1.1" 200 -
66.249.66.19 - - [02/Dec/2023:07:42:32 -0500] "GET /BLA/resoluciones/AUTOS%202015/2232.pdf HTTP/1.1" 200 581744
172.22.2.4 - - [02/Dec/2023:07:41:00 -0500] "HEAD /BLA/boletinlegal/ HTTP/1.1" 200 -
108.174.5.123 - - [02/Dec/2023:07:43:15 -0500] "GET /images/aire-bogota.jpeg HTTP/1.1" 200 169194
201.245.192.253 - - [02/Dec/2023:07:43:17 -0500] "POST /forms/lservlet;jsessionid=ac16012b30d64ec0b0a9f85d4cd0acdf8f65235348eb.e3iSbxaKaheRe3eRa38MahaQbi1ynknvrkLOlQzNp65In0 HTTP/1.1" 200 2
172.22.2.4 - - [02/Dec/2023:07:41:50 -0500] "GET /BLA/boletinlegal/ HTTP/1.1" 200 58644
201.245.192.253 - - [02/Dec/2023:07:43:36 -0500] "POST /forms/lservlet;jsessionid=ac16012b30d66bd79d5a81354b569b64ca0b03586396.e3iSbxaKaheRe3eRa38MahaQbi1ynknvrkLOlQzNp65In0 HTTP/1.1" 200 2
66.249.66.21 - - [02/Dec/2023:07:43:37 -0500] "GET /BLA/resoluciones/Autos%202008/3307.pdf HTTP/1.1" 200 56543
66.249.66.20 - - [02/Dec/2023:07:44:09 -0500] "GET /BLA/resoluciones/RESOLUCIONES%202009/3470.pdf HTTP/1.1" 200 335508
66.249.66.20 - - [02/Dec/2023:07:44:17 -0500] "GET /BLA/resoluciones/Notificaciones/AUTOS%202021/3728.pdf HTTP/1.1" 200 313706
66.249.66.20 - - [02/Dec/2023:07:44:18 -0500] "GET /BLA/resoluciones/RESOLUCIONES%202010/1989.pdf HTTP/1.1" 200 339200
66.249.66.19 - - [02/Dec/2023:07:44:26 -0500] "GET /BLA/resoluciones/AUTOS%202011/7063.pdf HTTP/1.1" 200 154051
82.65.172.221 - - [02/Dec/2023:07:44:57 -0500] "GET / HTTP/1.0" 200 319
66.249.66.21 - - [02/Dec/2023:07:44:57 -0500] "GET /BLA/resoluciones/RESOLUCIONES%202009/7991.pdf HTTP/1.1" 200 514162
201.245.192.253 - - [02/Dec/2023:07:45:17 -0500] "POST /forms/lservlet;jsessionid=ac16012b30d64ec0b0a9f85d4cd0acdf8f65235348eb.e3iSbxaKaheRe3eRa38MahaQbi1ynknvrkLOlQzNp65In0 HTTP/1.1" 200 2
139.99.28.145 - - [02/Dec/2023:07:45:27 -0500] "GET /.env HTTP/1.1" 404 1018
139.99.28.145 - - [02/Dec/2023:07:45:27 -0500] "POST / HTTP/1.1" 200 319
201.245.192.253 - - [02/Dec/2023:07:45:36 -0500] "POST /forms/lservlet;jsessionid=ac16012b30d66bd79d5a81354b569b64ca0b03586396.e3iSbxaKaheRe3eRa38MahaQbi1ynknvrkLOlQzNp65In0 HTTP/1.1" 200 2
66.249.66.20 - - [02/Dec/2023:07:47:04 -0500] "GET /BLA/resoluciones/RESOLUCIONES%202010/2653.pdf HTTP/1.1" 200 337860
201.245.192.253 - - [02/Dec/2023:07:47:03 -0500] "POST /kwsrmcab/Wsrmcab  HTTP/1.1" 200 41956
66.249.66.20 - - [02/Dec/2023:07:47:15 -0500] "GET /BLA/resoluciones/RESOLUCIONES%202008/1547.pdf HTTP/1.1" 200 240912
201.245.192.253 - - [02/Dec/2023:07:47:17 -0500] "POST /forms/lservlet;jsessionid=ac16012b30d64ec0b0a9f85d4cd0acdf8f65235348eb.e3iSbxaKaheRe3eRa38MahaQbi1ynknvrkLOlQzNp65In0 HTTP/1.1" 200 2
216.245.221.92 - - [02/Dec/2023:07:47:18 -0500] "HEAD / HTTP/1.1" 200 -
201.245.192.253 - - [02/Dec/2023:07:47:36 -0500] "POST /forms/lservlet;jsessionid=ac16012b30d66bd79d5a81354b569b64ca0b03586396.e3iSbxaKaheRe3eRa38MahaQbi1ynknvrkLOlQzNp65In0 HTTP/1.1" 200 2
172.22.2.4 - - [02/Dec/2023:07:46:50 -0500] "HEAD /BLA/boletinlegal/ HTTP/1.1" 200 -
201.245.192.253 - - [02/Dec/2023:07:49:17 -0500] "POST /forms/lservlet;jsessionid=ac16012b30d64ec0b0a9f85d4cd0acdf8f65235348eb.e3iSbxaKaheRe3eRa38MahaQbi1ynknvrkLOlQzNp65In0 HTTP/1.1" 200 2
172.22.2.4 - - [02/Dec/2023:07:47:41 -0500] "GET /BLA/boletinlegal/ HTTP/1.1" 200 58294
201.245.192.253 - - [02/Dec/2023:07:49:36 -0500] "POST /forms/lservlet;jsessionid=ac16012b30d66bd79d5a81354b569b64ca0b03586396.e3iSbxaKaheRe3eRa38MahaQbi1ynknvrkLOlQzNp65In0 HTTP/1.1" 200 2
40.77.167.26 - - [02/Dec/2023:07:49:57 -0500] "GET /BLA/resoluciones/RESOLUCIONES%202021/1546.pdf HTTP/1.1" 200 453110
157.55.39.52 - - [02/Dec/2023:07:50:03 -0500] "GET /BLA/resoluciones/RESOLUCIONES%202021/4017.pdf HTTP/1.1" 200 350869
201.245.192.253 - - [02/Dec/2023:07:51:17 -0500] "POST /forms/lservlet;jsessionid=ac16012b30d64ec0b0a9f85d4cd0acdf8f65235348eb.e3iSbxaKaheRe3eRa38MahaQbi1ynknvrkLOlQzNp65In0 HTTP/1.1" 200 2
66.249.66.21 - - [02/Dec/2023:07:51:29 -0500] "GET /BLA/resoluciones/RESOLUCIONES%202010/2554.pdf HTTP/1.1" 200 539503
201.245.192.253 - - [02/Dec/2023:07:51:36 -0500] "POST /forms/lservlet;jsessionid=ac16012b30d66bd79d5a81354b569b64ca0b03586396.e3iSbxaKaheRe3eRa38MahaQbi1ynknvrkLOlQzNp65In0 HTTP/1.1" 200 2
201.245.192.253 - - [02/Dec/2023:07:52:02 -0500] "POST /kwsrmcab/Wsrmcab  HTTP/1.1" 200 41956
216.245.221.92 - - [02/Dec/2023:07:52:18 -0500] "HEAD / HTTP/1.1" 200 -
66.249.66.19 - - [02/Dec/2023:07:52:37 -0500] "GET /resoluciones/AUTOS%202007/3945.pdf HTTP/1.1" 404 1018
185.180.143.49 - - [02/Dec/2023:07:53:15 -0500] "GET / HTTP/1.1" 200 319
185.180.143.49 - - [02/Dec/2023:07:53:15 -0500] "GET /cf_scripts/scripts/ajax/ckeditor/ckeditor.js HTTP/1.1" 404 1018
201.245.192.253 - - [02/Dec/2023:07:53:17 -0500] "POST /forms/lservlet;jsessionid=ac16012b30d64ec0b0a9f85d4cd0acdf8f65235348eb.e3iSbxaKaheRe3eRa38MahaQbi1ynknvrkLOlQzNp65In0 HTTP/1.1" 200 2
201.245.192.253 - - [02/Dec/2023:07:53:36 -0500] "POST /forms/lservlet;jsessionid=ac16012b30d66bd79d5a81354b569b64ca0b03586396.e3iSbxaKaheRe3eRa38MahaQbi1ynknvrkLOlQzNp65In0 HTTP/1.1" 200 2
66.249.66.20 - - [02/Dec/2023:07:53:41 -0500] "GET /BLA/resoluciones/Notificaciones/REGISTROS%202017/00158.pdf HTTP/1.1" 200 412108
172.22.2.4 - - [02/Dec/2023:07:52:40 -0500] "HEAD /BLA/boletinlegal/ HTTP/1.1" 200 -
66.249.66.21 - - [02/Dec/2023:07:55:22 -0500] "GET /BLA/resoluciones/Notificaciones/AUTOS%202021/3910.pdf HTTP/1.1" 200 321644
66.249.66.19 - - [02/Dec/2023:07:56:04 -0500] "GET /BLA/resoluciones/RESOLUCIONES%202017/1606.pdf HTTP/1.1" 200 2201938
172.22.2.4 - - [02/Dec/2023:07:53:30 -0500] "GET /BLA/boletinlegal/ HTTP/1.1" 200 64323
201.245.192.253 - - [02/Dec/2023:07:56:18 -0500] "POST /forms/lservlet;jsessionid=ac16012b30d64ec0b0a9f85d4cd0acdf8f65235348eb.e3iSbxaKaheRe3eRa38MahaQbi1ynknvrkLOlQzNp65In0 HTTP/1.1" 200 2
66.249.66.19 - - [02/Dec/2023:07:56:24 -0500] "GET /portel_dama/libreria/php/2006/ECOSISTEMAS%20FINAL%20web_mz27/x%20restauracion/sitio/22_proye/xtras_in/2a.pdf HTTP/1.1" 404 1018
66.249.66.20 - - [02/Dec/2023:07:56:27 -0500] "GET /BLA/resoluciones/AUTOS%202015/7295.pdf HTTP/1.1" 200 589372
201.245.192.253 - - [02/Dec/2023:07:56:37 -0500] "POST /forms/lservlet;jsessionid=ac16012b30d66bd79d5a81354b569b64ca0b03586396.e3iSbxaKaheRe3eRa38MahaQbi1ynknvrkLOlQzNp65In0 HTTP/1.1" 200 2
66.249.66.20 - - [02/Dec/2023:07:57:44 -0500] "GET /BLA/resoluciones/RESOLUCIONES%202013/2315.pdf HTTP/1.1" 200 688475
201.245.192.253 - - [02/Dec/2023:07:58:00 -0500] "POST /kwsrmcab/Wsrmcab  HTTP/1.1" 200 41956
201.245.192.253 - - [02/Dec/2023:07:58:18 -0500] "POST /forms/lservlet;jsessionid=ac16012b30d64ec0b0a9f85d4cd0acdf8f65235348eb.e3iSbxaKaheRe3eRa38MahaQbi1ynknvrkLOlQzNp65In0 HTTP/1.1" 200 2
216.245.221.92 - - [02/Dec/2023:07:58:18 -0500] "HEAD / HTTP/1.1" 200 -
52.167.144.174 - - [02/Dec/2023:07:58:30 -0500] "GET /BLA/resoluciones/RESOLUCIONES%202021/5228.pdf HTTP/1.1" 200 366845
201.245.192.253 - - [02/Dec/2023:07:58:37 -0500] "POST /forms/lservlet;jsessionid=ac16012b30d66bd79d5a81354b569b64ca0b03586396.e3iSbxaKaheRe3eRa38MahaQbi1ynknvrkLOlQzNp65In0 HTTP/1.1" 200 2
52.167.144.174 - - [02/Dec/2023:07:58:59 -0500] "GET /BLA/resoluciones/AUTOS%202017/3046.pdf HTTP/1.1" 200 264556
162.55.41.96 - - [02/Dec/2023:07:59:12 -0500] "GET / HTTP/1.1" 200 4720
162.55.41.96 - - [02/Dec/2023:07:59:14 -0500] "GET / HTTP/1.1" 200 319
66.249.66.19 - - [02/Dec/2023:07:59:50 -0500] "GET /BLA/resoluciones/RESOLUCIONES%202009/0555.pdf HTTP/1.1" 200 711875
40.77.167.79 - - [02/Dec/2023:07:59:50 -0500] "GET /BLA/resoluciones/AUTOS%202013/2422.pdf HTTP/1.1" 200 419532
201.245.192.253 - - [02/Dec/2023:08:00:18 -0500] "POST /forms/lservlet;jsessionid=ac16012b30d64ec0b0a9f85d4cd0acdf8f65235348eb.e3iSbxaKaheRe3eRa38MahaQbi1ynknvrkLOlQzNp65In0 HTTP/1.1" 200 2
52.167.144.230 - - [02/Dec/2023:08:00:19 -0500] "GET /BLA/resoluciones/AUTOS%202013/2049.pdf HTTP/1.1" 200 1993319
181.55.170.0 - - [02/Dec/2023:08:00:24 -0500] "GET /privados-y-distrito-inauguraron-vivero-en-la-reserva-van-der-hammen-con-capacidad-para-producir-50-mil-arboles-al-ano.html HTTP/1.1" 200 899
172.22.2.4 - - [02/Dec/2023:08:00:26 -0500] "GET /BLA/boletinlegal/jurisprudencia/analisis/AnalisisT-606-15.docx HTTP/1.1" 200 26698
201.245.192.253 - - [02/Dec/2023:08:00:37 -0500] "POST /forms/lservlet;jsessionid=ac16012b30d66bd79d5a81354b569b64ca0b03586396.e3iSbxaKaheRe3eRa38MahaQbi1ynknvrkLOlQzNp65In0 HTTP/1.1" 200 2
172.22.2.4 - - [02/Dec/2023:07:59:30 -0500] "HEAD /BLA/boletinlegal/ HTTP/1.1" 200 -
172.22.2.4 - - [02/Dec/2023:08:00:21 -0500] "GET /BLA/boletinlegal/ HTTP/1.1" 200 54105
201.245.192.253 - - [02/Dec/2023:08:02:18 -0500] "POST /forms/lservlet;jsessionid=ac16012b30d64ec0b0a9f85d4cd0acdf8f65235348eb.e3iSbxaKaheRe3eRa38MahaQbi1ynknvrkLOlQzNp65In0 HTTP/1.1" 200 2
201.245.192.253 - - [02/Dec/2023:08:02:37 -0500] "POST /forms/lservlet;jsessionid=ac16012b30d66bd79d5a81354b569b64ca0b03586396.e3iSbxaKaheRe3eRa38MahaQbi1ynknvrkLOlQzNp65In0 HTTP/1.1" 200 2
66.249.66.19 - - [02/Dec/2023:08:03:01 -0500] "GET /BLA/resoluciones/Autos%202008/0176.pdf HTTP/1.1" 200 178749
201.245.192.253 - - [02/Dec/2023:08:03:00 -0500] "POST /kwsrmcab/Wsrmcab  HTTP/1.1" 200 41956
216.245.221.92 - - [02/Dec/2023:08:03:18 -0500] "HEAD / HTTP/1.1" 200 -
66.249.66.19 - - [02/Dec/2023:08:03:37 -0500] "GET /BLA/resoluciones/RESOLUCIONES%202008/0392.pdf HTTP/1.1" 200 273552
66.249.66.19 - - [02/Dec/2023:08:03:53 -0500] "GET /BLA/resoluciones/RESOLUCIONES%202016/1617.pdf HTTP/1.1" 200 2202343
66.249.66.21 - - [02/Dec/2023:08:04:00 -0500] "GET /Publicaciones/2023EE284150.pdf HTTP/1.1" 200 1391488
66.249.66.21 - - [02/Dec/2023:08:04:02 -0500] "GET /Publicaciones/2023EE282768.pdf HTTP/1.1" 200 1066896
66.249.66.20 - - [02/Dec/2023:08:04:03 -0500] "GET /Publicaciones/2023EE283611.pdf HTTP/1.1" 200 231943
66.249.66.20 - - [02/Dec/2023:08:04:04 -0500] "GET /Publicaciones/2023EE278509.pdf HTTP/1.1" 200 331873
66.249.66.19 - - [02/Dec/2023:08:04:05 -0500] "GET /BLA/resoluciones/RESOLUCIONES%202009/3509.pdf HTTP/1.1" 200 716238
66.249.66.19 - - [02/Dec/2023:08:04:05 -0500] "GET /Publicaciones/2023EE280807.pdf HTTP/1.1" 200 3738357
66.249.66.20 - - [02/Dec/2023:08:04:09 -0500] "GET /Publicaciones/2023EE273168.pdf HTTP/1.1" 200 430369
66.249.66.20 - - [02/Dec/2023:08:04:10 -0500] "GET /Publicaciones/2023EE283623.pdf HTTP/1.1" 200 231606
66.249.66.20 - - [02/Dec/2023:08:04:10 -0500] "GET /Publicaciones/2023EE278783.pdf HTTP/1.1" 200 231861
66.249.66.19 - - [02/Dec/2023:08:04:11 -0500] "GET /Publicaciones/2023EE271446.pdf HTTP/1.1" 200 231913
66.249.66.20 - - [02/Dec/2023:08:04:11 -0500] "GET /Publicaciones/2023EE271095.pdf HTTP/1.1" 200 1054145
66.249.66.20 - - [02/Dec/2023:08:04:13 -0500] "GET /Publicaciones/2023EE278655.pdf HTTP/1.1" 200 231844
66.249.66.19 - - [02/Dec/2023:08:04:13 -0500] "GET /Publicaciones/2023EE274502.pdf HTTP/1.1" 200 231834
66.249.66.22 - - [02/Dec/2023:08:04:14 -0500] "GET /Publicaciones/2023EE275503.pdf HTTP/1.1" 200 231944
66.249.66.2 - - [02/Dec/2023:08:04:14 -0500] "GET /Publicaciones/2023EE274500.pdf HTTP/1.1" 200 231866
66.249.66.23 - - [02/Dec/2023:08:04:15 -0500] "GET /Publicaciones/2023EE283627.pdf HTTP/1.1" 200 231595
66.249.66.23 - - [02/Dec/2023:08:04:16 -0500] "GET /Publicaciones/2023EE272972.pdf HTTP/1.1" 200 231464
66.249.66.19 - - [02/Dec/2023:08:04:16 -0500] "GET /Publicaciones/2023EE278657.pdf HTTP/1.1" 200 231821
66.249.66.19 - - [02/Dec/2023:08:04:17 -0500] "GET /Publicaciones/2023EE271443.pdf HTTP/1.1" 200 231782
201.245.192.253 - - [02/Dec/2023:08:04:18 -0500] "POST /forms/lservlet;jsessionid=ac16012b30d64ec0b0a9f85d4cd0acdf8f65235348eb.e3iSbxaKaheRe3eRa38MahaQbi1ynknvrkLOlQzNp65In0 HTTP/1.1" 200 2
66.249.66.22 - - [02/Dec/2023:08:04:17 -0500] "GET /Publicaciones/2023EE280062.pdf HTTP/1.1" 200 1878339
66.249.66.3 - - [02/Dec/2023:08:04:20 -0500] "GET /Publicaciones/2023EE273041.pdf HTTP/1.1" 200 357211
162.142.125.217 - - [02/Dec/2023:08:04:21 -0500] "GET / HTTP/1.1" 200 319
66.249.66.1 - - [02/Dec/2023:08:04:20 -0500] "GET /Publicaciones/2023EE278835.pdf HTTP/1.1" 200 350056
66.249.66.22 - - [02/Dec/2023:08:04:21 -0500] "GET /Publicaciones/2023EE283224.pdf HTTP/1.1" 200 1267938
