172.22.2.4 - - [02/Dec/2023:14:02:35 -0500] "GET /BLA/boletinlegal/apple-touch-icon-precomposed.png HTTP/1.1" 404 1140
172.22.2.4 - - [02/Dec/2023:14:02:35 -0500] "GET /BLA/boletinlegal/apple-touch-icon.png HTTP/1.1" 404 1140
172.22.2.4 - - [02/Dec/2023:14:02:35 -0500] "GET /BLA/boletinlegal/favicon.ico HTTP/1.1" 404 1140
172.22.2.4 - - [02/Dec/2023:14:02:35 -0500] "GET /BLA/boletinlegal/apple-touch-icon-120x120-precomposed.png HTTP/1.1" 404 1140
172.22.2.4 - - [02/Dec/2023:14:02:35 -0500] "GET /BLA/boletinlegal/apple-touch-icon-120x120.png HTTP/1.1" 404 1140
172.22.2.4 - - [02/Dec/2023:14:02:35 -0500] "GET /BLA/boletinlegal/apple-touch-icon-precomposed.png HTTP/1.1" 404 1140
172.22.2.4 - - [02/Dec/2023:14:02:35 -0500] "GET /BLA/boletinlegal/apple-touch-icon.png HTTP/1.1" 404 1140
172.22.2.4 - - [02/Dec/2023:14:02:36 -0500] "GET /BLA/boletinlegal/favicon.ico HTTP/1.1" 404 1140
201.245.192.253 - - [02/Dec/2023:14:02:37 -0500] "POST /forms/lservlet;jsessionid=ac16012b30d66bd79d5a81354b569b64ca0b03586396.e3iSbxaKaheRe3eRa38MahaQbi1ynknvrkLOlQzNp65In0 HTTP/1.1" 200 2
172.22.2.4 - - [02/Dec/2023:14:01:10 -0500] "HEAD /BLA/boletinlegal/ HTTP/1.1" 200 -
216.245.221.92 - - [02/Dec/2023:14:03:17 -0500] "HEAD / HTTP/1.1" 200 -
172.22.2.4 - - [02/Dec/2023:14:02:00 -0500] "GET /BLA/boletinlegal/ HTTP/1.1" 200 58294
201.245.192.253 - - [02/Dec/2023:14:04:19 -0500] "POST /forms/lservlet;jsessionid=ac16012b30d64ec0b0a9f85d4cd0acdf8f65235348eb.e3iSbxaKaheRe3eRa38MahaQbi1ynknvrkLOlQzNp65In0 HTTP/1.1" 200 2
201.245.192.253 - - [02/Dec/2023:14:04:37 -0500] "POST /forms/lservlet;jsessionid=ac16012b30d66bd79d5a81354b569b64ca0b03586396.e3iSbxaKaheRe3eRa38MahaQbi1ynknvrkLOlQzNp65In0 HTTP/1.1" 200 2
201.245.192.253 - - [02/Dec/2023:14:06:14 -0500] "POST /kwsrmcab/Wsrmcab  HTTP/1.1" 200 41956
201.245.192.253 - - [02/Dec/2023:14:06:19 -0500] "POST /forms/lservlet;jsessionid=ac16012b30d64ec0b0a9f85d4cd0acdf8f65235348eb.e3iSbxaKaheRe3eRa38MahaQbi1ynknvrkLOlQzNp65In0 HTTP/1.1" 200 2
66.220.149.18 - - [02/Dec/2023:14:06:30 -0500] "GET /distrito-celebro-el-cumpleanos-del-parque-ecologico-distrital-de-montana-entrenubes.html HTTP/1.1" 200 829
201.245.192.253 - - [02/Dec/2023:14:06:37 -0500] "POST /forms/lservlet;jsessionid=ac16012b30d66bd79d5a81354b569b64ca0b03586396.e3iSbxaKaheRe3eRa38MahaQbi1ynknvrkLOlQzNp65In0 HTTP/1.1" 200 2
52.167.144.219 - - [02/Dec/2023:14:07:49 -0500] "GET /BLA/resoluciones/AUTOS%202023/5747.pdf HTTP/1.1" 200 460828
216.245.221.92 - - [02/Dec/2023:14:08:17 -0500] "HEAD / HTTP/1.1" 200 -
201.245.192.253 - - [02/Dec/2023:14:08:19 -0500] "POST /forms/lservlet;jsessionid=ac16012b30d64ec0b0a9f85d4cd0acdf8f65235348eb.e3iSbxaKaheRe3eRa38MahaQbi1ynknvrkLOlQzNp65In0 HTTP/1.1" 200 2
157.55.39.6 - - [02/Dec/2023:14:08:28 -0500] "GET /BLA/resoluciones/RESOLUCIONES%202021/4220.pdf HTTP/1.1" 200 336418
201.245.192.253 - - [02/Dec/2023:14:08:37 -0500] "POST /forms/lservlet;jsessionid=ac16012b30d66bd79d5a81354b569b64ca0b03586396.e3iSbxaKaheRe3eRa38MahaQbi1ynknvrkLOlQzNp65In0 HTTP/1.1" 200 2
172.22.2.4 - - [02/Dec/2023:14:07:00 -0500] "HEAD /BLA/boletinlegal/ HTTP/1.1" 200 -
172.22.2.4 - - [02/Dec/2023:14:07:50 -0500] "GET /BLA/boletinlegal/ HTTP/1.1" 200 58644
201.245.192.253 - - [02/Dec/2023:14:10:19 -0500] "POST /forms/lservlet;jsessionid=ac16012b30d64ec0b0a9f85d4cd0acdf8f65235348eb.e3iSbxaKaheRe3eRa38MahaQbi1ynknvrkLOlQzNp65In0 HTTP/1.1" 200 2
201.245.192.253 - - [02/Dec/2023:14:10:37 -0500] "POST /forms/lservlet;jsessionid=ac16012b30d66bd79d5a81354b569b64ca0b03586396.e3iSbxaKaheRe3eRa38MahaQbi1ynknvrkLOlQzNp65In0 HTTP/1.1" 200 2
201.245.192.253 - - [02/Dec/2023:14:11:11 -0500] "POST /kwsrmcab/Wsrmcab  HTTP/1.1" 200 41956
201.245.192.253 - - [02/Dec/2023:14:12:19 -0500] "POST /forms/lservlet;jsessionid=ac16012b30d64ec0b0a9f85d4cd0acdf8f65235348eb.e3iSbxaKaheRe3eRa38MahaQbi1ynknvrkLOlQzNp65In0 HTTP/1.1" 200 2
201.245.192.253 - - [02/Dec/2023:14:12:37 -0500] "POST /forms/lservlet;jsessionid=ac16012b30d66bd79d5a81354b569b64ca0b03586396.e3iSbxaKaheRe3eRa38MahaQbi1ynknvrkLOlQzNp65In0 HTTP/1.1" 200 2
216.245.221.92 - - [02/Dec/2023:14:13:17 -0500] "HEAD / HTTP/1.1" 200 -
201.245.192.253 - - [02/Dec/2023:14:14:19 -0500] "POST /forms/lservlet;jsessionid=ac16012b30d64ec0b0a9f85d4cd0acdf8f65235348eb.e3iSbxaKaheRe3eRa38MahaQbi1ynknvrkLOlQzNp65In0 HTTP/1.1" 200 2
172.22.2.4 - - [02/Dec/2023:14:12:50 -0500] "HEAD /BLA/boletinlegal/ HTTP/1.1" 200 -
201.245.192.253 - - [02/Dec/2023:14:14:37 -0500] "POST /forms/lservlet;jsessionid=ac16012b30d66bd79d5a81354b569b64ca0b03586396.e3iSbxaKaheRe3eRa38MahaQbi1ynknvrkLOlQzNp65In0 HTTP/1.1" 200 2
173.252.111.7 - - [02/Dec/2023:14:14:41 -0500] "GET /distrito-celebro-el-cumpleanos-del-parque-ecologico-distrital-de-montana-entrenubes.html HTTP/1.1" 200 829
173.252.127.17 - - [02/Dec/2023:14:15:17 -0500] "GET /distrito-celebro-el-cumpleanos-del-parque-ecologico-distrital-de-montana-entrenubes.html?fbclid=IwAR32CIslp4XqAd3aEWuDhyjRkaozCMNKwehw73Qa6MU_2n9V_Bu4HOyYYUY HTTP/1.1" 200 829
172.22.2.4 - - [02/Dec/2023:14:13:40 -0500] "GET /BLA/boletinlegal/ HTTP/1.1" 200 58644
201.245.192.253 - - [02/Dec/2023:14:16:10 -0500] "POST /kwsrmcab/Wsrmcab  HTTP/1.1" 200 41956
201.245.192.253 - - [02/Dec/2023:14:16:19 -0500] "POST /forms/lservlet;jsessionid=ac16012b30d64ec0b0a9f85d4cd0acdf8f65235348eb.e3iSbxaKaheRe3eRa38MahaQbi1ynknvrkLOlQzNp65In0 HTTP/1.1" 200 2
201.245.192.253 - - [02/Dec/2023:14:16:37 -0500] "POST /forms/lservlet;jsessionid=ac16012b30d66bd79d5a81354b569b64ca0b03586396.e3iSbxaKaheRe3eRa38MahaQbi1ynknvrkLOlQzNp65In0 HTTP/1.1" 200 2
191.95.63.251 - - [02/Dec/2023:14:17:01 -0500] "GET /html/css/main.css?browserId=other&themeId=rknowsys_WAR_rknowsystheme&minifierType=css&languageId=es_ES&b=6202&t=1419355480000 HTTP/1.1" 404 1034
201.245.192.253 - - [02/Dec/2023:14:17:00 -0500] "POST /kwsrmcab/Wsrmcab HTTP/1.1" 200 41310
173.252.87.6 - - [02/Dec/2023:14:17:02 -0500] "GET /images/mercados-campesinos-5-mayo.jpg HTTP/1.1" 200 95848
191.95.63.251 - - [02/Dec/2023:14:17:03 -0500] "GET /habilitado-nuevo-camino-para-recorrer-los-cerros-guadalupe-aguanoso.html HTTP/1.1" 200 837
201.245.192.253 - - [02/Dec/2023:14:17:03 -0500] "POST /kwsrmcab/Wsrmcab HTTP/1.1" 200 36810
173.252.95.15 - - [02/Dec/2023:14:17:31 -0500] "GET /primer-festival-de-la-papa-nativa-en-el-jardin-botanico-conozca-pruebe-y-disfrute-estos-manjares-criollos-y-saludables.html HTTP/1.1" 200 1116
52.167.144.182 - - [02/Dec/2023:14:17:54 -0500] "GET /BLA/resoluciones/AUTOS%202023/6652.pdf HTTP/1.1" 200 512455
157.55.39.6 - - [02/Dec/2023:14:18:17 -0500] "GET /BLA/resoluciones/AUTOS%202017/3264.pdf HTTP/1.1" 200 277470
216.245.221.92 - - [02/Dec/2023:14:18:17 -0500] "HEAD / HTTP/1.1" 200 -
201.245.192.253 - - [02/Dec/2023:14:18:19 -0500] "POST /forms/lservlet;jsessionid=ac16012b30d64ec0b0a9f85d4cd0acdf8f65235348eb.e3iSbxaKaheRe3eRa38MahaQbi1ynknvrkLOlQzNp65In0 HTTP/1.1" 200 2
201.245.192.253 - - [02/Dec/2023:14:18:37 -0500] "POST /forms/lservlet;jsessionid=ac16012b30d66bd79d5a81354b569b64ca0b03586396.e3iSbxaKaheRe3eRa38MahaQbi1ynknvrkLOlQzNp65In0 HTTP/1.1" 200 2
114.119.157.17 - - [02/Dec/2023:14:19:47 -0500] "GET /BLA/resoluciones/index.php?dir=AUTOS%2B2008/&sort=size&order=asc HTTP/1.1" 200 13882
201.245.192.253 - - [02/Dec/2023:14:20:19 -0500] "POST /forms/lservlet;jsessionid=ac16012b30d64ec0b0a9f85d4cd0acdf8f65235348eb.e3iSbxaKaheRe3eRa38MahaQbi1ynknvrkLOlQzNp65In0 HTTP/1.1" 200 2
52.167.144.138 - - [02/Dec/2023:14:20:19 -0500] "GET /BLA/resoluciones/Notificaciones/REGISTROS%202020/1734.pdf HTTP/1.1" 200 371892
172.22.2.4 - - [02/Dec/2023:14:18:40 -0500] "HEAD /BLA/boletinlegal/ HTTP/1.1" 200 -
201.245.192.253 - - [02/Dec/2023:14:20:37 -0500] "POST /forms/lservlet;jsessionid=ac16012b30d66bd79d5a81354b569b64ca0b03586396.e3iSbxaKaheRe3eRa38MahaQbi1ynknvrkLOlQzNp65In0 HTTP/1.1" 200 2
201.245.192.253 - - [02/Dec/2023:14:20:39 -0500] "POST /kwsrmcab/Wsrmcab HTTP/1.1" 200 41310
186.102.32.165 - - [02/Dec/2023:14:20:46 -0500] "GET /kwssiamovil/sm/ldap/au?x=U2FsdGVkX1/C0iluLrgBENKXeIE5BaTO6PiWPW/7D6pJflE4n4RixO9+e8XvWdvo&y=U2FsdGVkX1/QBzjqqeC0g9DRNWyRK+i1ZTeOXdVMZxGk66/WV4M4nf508gPa46At HTTP/1.1" 200 30
186.102.32.165 - - [02/Dec/2023:14:20:47 -0500] "GET /kwssiamovil/sm/acme/s?s=U2FsdGVkX190aEIZiemD3rsTeUGRhI8rvIbnQ7XSi9B3173yp2OttIBQ7bv0Qv4+WJA4c9d0eKJPQWCDyFORxBU4buRx5WQtsNugp+FydZw=&u=U2FsdGVkX1/cXk8mrF66S22FJMhBEjeigVj3/tB579tdhuo0a23yvehXnFwTcF+a&y=U2FsdGVkX1/QBzjqqeC0g9DRNWyRK+i1ZTeOXdVMZxGk66/WV4M4nf508gPa46At HTTP/1.1" 200 97
186.102.32.165 - - [02/Dec/2023:14:20:47 -0500] "GET /kwssiamovil/sm/acme/s?s=U2FsdGVkX18FGCc5RGnpPyANAk8RaJO6c1Q8LWW5mdoMjFAoZuwwg0ZSeoAm6ZQvceNR7u18/WVyHHaEMJgSd+1skS77SVqEKWEJ5JjnTcQh5k1x9qIToPrb9C+9N/ObVflBsrJ/5wAvbAluB0c4B0lN5PI2ZjtbqNqKwOJxC3A+S3vJfpHp9NIpfLzOGyU7n8pgn6L9uPljSpRIeS/qieV4a5chduyt8774RBx6EUf7+jK/jdM3cJBaiQF08QXSg1V8pJxxkx7Acuxs2O8sAYM9cWBMAVjDhhbhxWjy70PDlC30i3XCzdTV6jcnx4JYJBQrt4sKsd4gaMvOs9Rf3b7ov2g3awOhB3bMU9pTubEaHgbCw5EM9MAdgrKP/J5kjcJWmmLbuYf6ED0AwqQnVxTgVEa5w65nTYvJFrrMRGug2wRCu2wsnJj1Hf6aUEgAFbYu43dbUCZ9+/4Jne+z8NdxcVBt+F4Lm1aSDL/KpSNdU2QXLL7TYik15JfoYC4VFF96Yi4jXGt8iqjcjIYAKwhT0I9kRJAToLofiey5Fcj7swJ7lGNprhW3JL9xaUf/lBSEKKE82w7PN57CRY25tpRu65rzgrCPP0I6LeUfZUYREJqsyPUv/B4WkexoMUSe1PXQx7Xi6nx2t3fCz8kyu22I8mCUkUm1WeKMJREoFU1RmXwAAvKezfUN8BkeWkVFh2mSR6E5uMEPj+IClf2ak/1g0CcatYLAXSuVzGZL58+bjiX1ttDAFYlcyXwqG2UMQNuaVnNiB6qSTYMkzbV0GzMCfwnaq8j/yITxlVGmyRrF2XZ00R/7bykoQ8wqFD0XC8GJ5zsM3ta5ISsZrsMxIIODhi0uB8usNlIr+yDUxUaKQiDr5QhArzxvCl0FKq8tSWayWjFEgWaKmHeuC2aC9WF4UeRScUG6uAm1OMmnsh7Vu8pfqO33XtCHiqUdhrLuw7+9anOo/pDXjBRIl4ZFu3VbE/DF8yd16s/3LbfuWhukbfWS56sqs7xxBoL18X+RZoJpznrmugWTLgbEg5WQPHUvHG09+edn8JdsQ/8Lyo1WFkEzlTAeGUxPq3Xwh4j8HQ4UCWfWaeVwWEpMSVWjNj+hYmth7cvC2X+/MUjcVOCdEhRTDmEzm3Wk3F2hYW4os8YtFbIBJfQAwtBLB7Ikq6yIleQ6KVeW02D4GixKvBJAzfEQ7vUFlZyVMmsbqsFwr2CLZEs1e4S70Y6lzVa8Xws4xdrqCcQtCb11pVgVz88xxohu9ug64O9F+/jtEfBTVMsrQYhemWkw3F5Mb90417oUF3poheLRFjn2uo9y40ei183ICXFh0F48uwU1jskVZ5VWBMD4LSrylTNT8VOyujxhlglwwsd6dKkHA0TH8b4DtqiwLYKN3fu6ZGhltuaWnjrYsJBrLfcnAx2xgCpeLiAtPxlZF+vFqmiB53ZFobo=&u=U2FsdGVkX1/cXk8mrF66S22FJMhBEjeigVj3/tB579tdhuo0a23yvehXnFwTcF+a&y=U2FsdGVkX1/QBzjqqeC0g9DRNWyRK+i1ZTeOXdVMZxGk66/WV4M4nf508gPa46At HTTP/1.1" 200 6071
186.102.32.165 - - [02/Dec/2023:14:20:47 -0500] "GET /kwssiamovil/sm/acme/s?s=U2FsdGVkX1+QC0KoTmY/TQIKbnhmVW+IUGTYE6uZVXHuFAY/tLYgFGT5zyEsd4TW+XQiY/yrV1ic2gs+hJw5Vd8y0ibVmrGSujM4pLfM1SshaYdzntuYdQRfub/60B+fymUKZ21z1yRzGXnQRvFjVzHzopfVSt2IXx5FbR/GM1DtbR0xjlJTCHQoNK+qwIh3mA59HV3HT/WCYycYsCClbbB1PFu+cthsplF6lnzxKplGQGdDmiWGX3Lgafsq6SfXqlGyxd/MD46MVuFlU95MwJUng1hVF/v9CAm72Qdo0BExFtPTOkxI+Y1Mh8/uSDW6+8oFOaVIcMnuD6UOHnPJJWU43JFu5jxC4/SJlZUWoFo=&u=U2FsdGVkX1/cXk8mrF66S22FJMhBEjeigVj3/tB579tdhuo0a23yvehXnFwTcF+a&y=U2FsdGVkX1/QBzjqqeC0g9DRNWyRK+i1ZTeOXdVMZxGk66/WV4M4nf508gPa46At HTTP/1.1" 200 196
186.102.32.165 - - [02/Dec/2023:14:20:47 -0500] "GET /kwssiamovil/sm/cjson/pre?f=1&x=U2FsdGVkX1/C0iluLrgBENKXeIE5BaTO6PiWPW/7D6pJflE4n4RixO9+e8XvWdvo HTTP/1.1" 200 31032
201.245.192.253 - - [02/Dec/2023:14:20:48 -0500] "POST /kwsrmcab/Wsrmcab HTTP/1.1" 200 36810
172.22.2.4 - - [02/Dec/2023:14:19:30 -0500] "GET /BLA/boletinlegal/ HTTP/1.1" 200 58294
201.245.192.253 - - [02/Dec/2023:14:21:09 -0500] "POST /kwsrmcab/Wsrmcab  HTTP/1.1" 200 41956
40.77.167.46 - - [02/Dec/2023:14:21:34 -0500] "GET /BLA/resoluciones/Notificaciones/REGISTROS%202020/0411.pdf HTTP/1.1" 200 255997
40.77.167.46 - - [02/Dec/2023:14:21:34 -0500] "GET /BLA/resoluciones/RESOLUCIONES%202021/3241.pdf HTTP/1.1" 200 344217
52.167.144.138 - - [02/Dec/2023:14:22:01 -0500] "GET /BLA/resoluciones/index.php HTTP/1.1" 200 13696
201.245.192.253 - - [02/Dec/2023:14:22:19 -0500] "POST /forms/lservlet;jsessionid=ac16012b30d64ec0b0a9f85d4cd0acdf8f65235348eb.e3iSbxaKaheRe3eRa38MahaQbi1ynknvrkLOlQzNp65In0 HTTP/1.1" 200 2
201.245.192.253 - - [02/Dec/2023:14:22:37 -0500] "POST /forms/lservlet;jsessionid=ac16012b30d66bd79d5a81354b569b64ca0b03586396.e3iSbxaKaheRe3eRa38MahaQbi1ynknvrkLOlQzNp65In0 HTTP/1.1" 200 2
52.167.144.138 - - [02/Dec/2023:14:22:38 -0500] "GET /forest/ HTTP/1.1" 200 12041
216.245.221.92 - - [02/Dec/2023:14:23:17 -0500] "HEAD / HTTP/1.1" 200 -
201.245.192.253 - - [02/Dec/2023:14:24:19 -0500] "POST /forms/lservlet;jsessionid=ac16012b30d64ec0b0a9f85d4cd0acdf8f65235348eb.e3iSbxaKaheRe3eRa38MahaQbi1ynknvrkLOlQzNp65In0 HTTP/1.1" 200 2
201.245.192.253 - - [02/Dec/2023:14:24:37 -0500] "POST /forms/lservlet;jsessionid=ac16012b30d66bd79d5a81354b569b64ca0b03586396.e3iSbxaKaheRe3eRa38MahaQbi1ynknvrkLOlQzNp65In0 HTTP/1.1" 200 2
52.167.144.171 - - [02/Dec/2023:14:25:57 -0500] "GET /BLA/resoluciones/AUTOS%202017/0649.pdf HTTP/1.1" 200 341396
172.22.2.4 - - [02/Dec/2023:14:24:30 -0500] "HEAD /BLA/boletinlegal/ HTTP/1.1" 200 -
201.245.192.253 - - [02/Dec/2023:14:26:08 -0500] "POST /kwsrmcab/Wsrmcab  HTTP/1.1" 200 41956
201.245.192.253 - - [02/Dec/2023:14:26:19 -0500] "POST /forms/lservlet;jsessionid=ac16012b30d64ec0b0a9f85d4cd0acdf8f65235348eb.e3iSbxaKaheRe3eRa38MahaQbi1ynknvrkLOlQzNp65In0 HTTP/1.1" 200 2
201.245.192.253 - - [02/Dec/2023:14:26:37 -0500] "POST /forms/lservlet;jsessionid=ac16012b30d66bd79d5a81354b569b64ca0b03586396.e3iSbxaKaheRe3eRa38MahaQbi1ynknvrkLOlQzNp65In0 HTTP/1.1" 200 2
172.22.2.4 - - [02/Dec/2023:14:25:20 -0500] "GET /BLA/boletinlegal/ HTTP/1.1" 200 58294
201.245.192.253 - - [02/Dec/2023:14:27:00 -0500] "POST /kwsrmcab/Wsrmcab HTTP/1.1" 200 41310
201.245.192.253 - - [02/Dec/2023:14:27:03 -0500] "POST /kwsrmcab/Wsrmcab HTTP/1.1" 200 36810
52.167.144.179 - - [02/Dec/2023:14:28:11 -0500] "GET /BLA/resoluciones/AUTOS%202023/2055.pdf HTTP/1.1" 200 402861
216.245.221.92 - - [02/Dec/2023:14:28:17 -0500] "HEAD / HTTP/1.1" 200 -
201.245.192.253 - - [02/Dec/2023:14:28:19 -0500] "POST /forms/lservlet;jsessionid=ac16012b30d64ec0b0a9f85d4cd0acdf8f65235348eb.e3iSbxaKaheRe3eRa38MahaQbi1ynknvrkLOlQzNp65In0 HTTP/1.1" 200 2
173.252.127.21 - - [02/Dec/2023:14:28:30 -0500] "GET /distrito-celebro-el-cumpleanos-del-parque-ecologico-distrital-de-montana-entrenubes.html HTTP/1.1" 200 829
201.245.192.253 - - [02/Dec/2023:14:28:37 -0500] "POST /forms/lservlet;jsessionid=ac16012b30d66bd79d5a81354b569b64ca0b03586396.e3iSbxaKaheRe3eRa38MahaQbi1ynknvrkLOlQzNp65In0 HTTP/1.1" 200 2
201.245.192.253 - - [02/Dec/2023:14:30:19 -0500] "POST /forms/lservlet;jsessionid=ac16012b30d64ec0b0a9f85d4cd0acdf8f65235348eb.e3iSbxaKaheRe3eRa38MahaQbi1ynknvrkLOlQzNp65In0 HTTP/1.1" 200 2
201.245.192.253 - - [02/Dec/2023:14:30:37 -0500] "POST /forms/lservlet;jsessionid=ac16012b30d66bd79d5a81354b569b64ca0b03586396.e3iSbxaKaheRe3eRa38MahaQbi1ynknvrkLOlQzNp65In0 HTTP/1.1" 200 2
201.245.192.253 - - [02/Dec/2023:14:30:39 -0500] "POST /kwsrmcab/Wsrmcab HTTP/1.1" 200 41310
201.245.192.253 - - [02/Dec/2023:14:30:48 -0500] "POST /kwsrmcab/Wsrmcab HTTP/1.1" 200 36810
173.252.87.120 - - [02/Dec/2023:14:30:54 -0500] "GET /distrito-celebro-el-cumpleanos-del-parque-ecologico-distrital-de-montana-entrenubes.html HTTP/1.1" 200 829
201.245.192.253 - - [02/Dec/2023:14:31:08 -0500] "POST /kwsrmcab/Wsrmcab  HTTP/1.1" 200 41956
186.102.99.33 - - [02/Dec/2023:14:31:56 -0500] "OPTIONS /kwssiamovil/sm/setfile/f? HTTP/1.1" 200 13
172.22.2.4 - - [02/Dec/2023:14:30:19 -0500] "HEAD /BLA/boletinlegal/ HTTP/1.1" 200 -
186.102.99.33 - - [02/Dec/2023:14:31:56 -0500] "POST /kwssiamovil/sm/setfile/f? HTTP/1.1" 200 381
186.102.99.33 - - [02/Dec/2023:14:32:11 -0500] "GET /kwssiamovil/sm/acme/a?s=U2FsdGVkX19izGx0FUIot+4hz0SoLXWoIMfQuLDWH7kNsaEgJdJ6RTWO6aVvutRcoocyPok8aa66ipSpD6Dfk5hDQC4qWi2NsM5cKCi2TZB9+v/A/5yEkqpOJc1xVwU2xKsdoaifz9Qq3g2WlMNiHBkrVYnpywrDpMycqfMbJ/W4kVp1KQXawYlaNzTWBjF8pCGbXzaAzt8OTNiexTQdgbqA1QgjCVgL8i/lyI18f5/9cMTNJ1KmBYzVsDnBAHsgK1p8hH4+b2B6Ki1b/ifjVQ==&u=U2FsdGVkX1+v7XtX9fk+j8isjQIpXl8ZNgDtY/BCgjvSe4Oubh4TmUBxxKtwZpCX&y=U2FsdGVkX1/zvgSTRiTBboxfbIPjVPy9ht9bhbrsQkVkBablPaO8E2WG5Cldyz6o HTTP/1.1" 200 26
186.102.99.33 - - [02/Dec/2023:14:32:12 -0500] "GET /kwssiamovil/sm/acme/a?s=U2FsdGVkX18F5vZhnQ+9NrVv8C+YWkQoQxVjWjLw/I2bFvxW50eB0POKbEJw1Pp5K0QEW0645fuTEuDoIyaoEAFujYmv1sZ7EuWbN8LOmI0nAWmDK50DuGHOjjFU8s4X+/5MfoMKp1Lg144y+Q2Nl+zRPc0toVdoXrSZCcljxQQ8bnhov/i43G0EQEeuV4WvzPcZi/qw5VaZ9gBgGHIzuotqIrVwa/rEUdRAqDL8QBj0Jy9HUEH4fiDLK0BBZ2/tglsrPSSdIYKU7GMOgjbhvYqxUyIXJlouvHevjh3Id1cnL9qN5jokTLqDWyKGSytzQGDYjcmukKdj48AxRypYmBEjNUUza3Xc8vr65l0p28r8140rfsfJYUyFJH213bWfhvUPbvzz/jrns8p/17AlW38jmuOHZuEeYoxHVFALfNWxDsXf3OZyW0Wx7D+L/v/v9zvwcj9UUbvzq8+UyGsCD9AXwOW5LwssG0fsOx5begeZmdZWAGKG66KkAz/Zi7p3BhWxYoEvl4V9yp0tes3+VEuhM5qbxKWgfsLVh6ghwCtLq7LAt61z6Zk9Zv/NwZ+SbDCfqRFFV4wzkKtdAUUk2qcL4WWNmyvzJ69VJvePKyFxGMqWz5nPjC21dWjaX1Xg1hDqseKrQEDNODjvQ8AKiXu6M42OHQG0L5gAHcqLXcksNHfzyb74bSTmvymbDwMEcR/HujcTNgKJaRTbiU+cMziwxtYg0q65XbQ3oZ6E/pqKK62szjy9k8reC9s7kqyyOW1+T1Y6zEVHq/BejLZ8gPJ1+PVYi3Hh8Vba9eWQI0z22502e9MRg7fPhKSYv7d3I2h+KWlWq/9eRXn9w2U1zmR0F97ME5smSbZrG9V5noN27EVUIVJfKPlrn5wKrGY8p97YvZ9x6RsxRlvqGcwk8iED7CD38dvDut1W19BnDjT0+cXKZgaJ/GCnGaUp3s+Ozm5hZY/G1aV5t3mxKiWAhnOVVmAgsWs9qsk8fTvyi7slw9u6LOqrVFr6X2O89Fktnt5zlS5a76urfhr9680Xndg0vW7LppFNmg5bP8x93FMVFLEJxylj/ToEAigdGpVPf2xrCtzfFoVQ1lwmLDDqiRV8yfhQybNSSsPh0j0WpPariQhTFdiE7UIEQQe8mIMZNE1eozs611ffEKth4iexOy5MLlH6I+dgYKPdKd0fcGJQkqeoQuEsF55tKk4Rbr7rsunORC3zUVIrvEa8deBR0+0FokmKEJtZ3Ng43vNGhBmCGyrin2mXZkKDUpegH3hVdEMc5DZFvFX7WG4+4TagkvEe11h1J3k3psgX9ntyKf8OFzocB0SkXoOHJQrHkeftLMPU7vgq2CCGnZvvBDoqfG9NMz8GjyRK4Y0THkJFfIlVcr6n0yNziPv/uJFsjm71WGu4JWkhoKzo4QJZwhUCJs5Cu7FEuvIpDFETxyGNc9F8nfJVbGPZzmmxOrnogVjyMG9v7JqsnnueQJzx/tjKndv0lNOuw2Qyg/+DLMNLIQiUqJSDiN2xUDhe+Bfit0EH7zry3bIoDdDd4AdZowBBzjdxFkLIM/7EE9BcuwBxz2jJV87F9YsNw2SiONBGsdoL&u=U2FsdGVkX1+v7XtX9fk+j8isjQIpXl8ZNgDtY/BCgjvSe4Oubh4TmUBxxKtwZpCX&y=U2FsdGVkX1/zvgSTRiTBboxfbIPjVPy9ht9bhbrsQkVkBablPaO8E2WG5Cldyz6o HTTP/1.1" 200 26
186.102.99.33 - - [02/Dec/2023:14:32:13 -0500] "GET /kwssiamovil/sm/acme/a?s=U2FsdGVkX1826kafS6djT1A52FdjKG/onvP8hGfI+FzxqtbP78GTK6eRggOLOyCU/PDS85RK4GLJGuTyp7xJHi9i0JS59r1cnMlWIsEHd/y1WREn2zeZa50tXduW+cFkWpnpRlJDrRNbpUHi6SoXZIfLLMGN/kud+eiRwXaKgD8=&u=U2FsdGVkX1+v7XtX9fk+j8isjQIpXl8ZNgDtY/BCgjvSe4Oubh4TmUBxxKtwZpCX&y=U2FsdGVkX1/zvgSTRiTBboxfbIPjVPy9ht9bhbrsQkVkBablPaO8E2WG5Cldyz6o HTTP/1.1" 200 26
186.102.99.33 - - [02/Dec/2023:14:32:13 -0500] "GET /kwssiamovil/sm/acme/a?s=U2FsdGVkX1/jjxXhS3WJItPHdPtJgQEt4+EDuzLaoXpI8bIN0kJ77gXfHt9coIIDuNH72roTTQUSf5b8XGCgxiJ7VI68KfRcxVrTaqM8fvx/vEKJDlmp2tcDLxHLOAiB2iqdkt2pymX5/u9f0Bb8i/0lktFUEJVJpsLSrFBgeBY=&u=U2FsdGVkX1+v7XtX9fk+j8isjQIpXl8ZNgDtY/BCgjvSe4Oubh4TmUBxxKtwZpCX&y=U2FsdGVkX1/zvgSTRiTBboxfbIPjVPy9ht9bhbrsQkVkBablPaO8E2WG5Cldyz6o HTTP/1.1" 200 26
186.102.99.33 - - [02/Dec/2023:14:32:13 -0500] "GET /kwssiamovil/sm/acme/a?s=U2FsdGVkX19V5FZh0PmocY4EOXh9SKr0j+skedYA3HSmO4IqXu7VCfYEHydONxiElDa1BmcTykQbt7vkdABAbZPq0ly6woJHWGZMZtLRqS7dvOkKmByZTt2bTqnGDGM4ctK8pNH0bIDbfBHLg9r9LxYHYcX3ejdQRij32Sgfeh0=&u=U2FsdGVkX1+v7XtX9fk+j8isjQIpXl8ZNgDtY/BCgjvSe4Oubh4TmUBxxKtwZpCX&y=U2FsdGVkX1/zvgSTRiTBboxfbIPjVPy9ht9bhbrsQkVkBablPaO8E2WG5Cldyz6o HTTP/1.1" 200 26
186.102.99.33 - - [02/Dec/2023:14:32:14 -0500] "GET /kwssiamovil/sm/acme/a?s=U2FsdGVkX19CoYJYwaVO+Gp0FX6D6IjXv3oWgf8ZVgDQmQEXEIOp7Xh8y2NjogKFDHv6KqdQ4KePFPF7bYONHSrGoWbM5BVSzoZMdH9ZtcfX0B2DfFm7/XOmN0Jt9/cmQlVTeB7OhSEht5aeWPyJdJrhK5c99odlAvI+Uv0xZ4gJwmeCloEAXN87HqJuxZDuwuQpQYvCalHmJBZ644Ya4g==&u=U2FsdGVkX1+v7XtX9fk+j8isjQIpXl8ZNgDtY/BCgjvSe4Oubh4TmUBxxKtwZpCX&y=U2FsdGVkX1/zvgSTRiTBboxfbIPjVPy9ht9bhbrsQkVkBablPaO8E2WG5Cldyz6o HTTP/1.1" 200 26
186.102.99.33 - - [02/Dec/2023:14:32:14 -0500] "GET /kwssiamovil/sm/acme/a?s=U2FsdGVkX19AHVzwOSaVQj92fdKgCP1600YFb7bfpprlzXt8MajejDaZSNVYRyBJgi8IZRfnX6RmqfDCTDCJS6hdehLp7JxDwt0G8GazHM4BbwAfjwed2p0rKF5FGhQyFPsQklJlUQditN+3EORl7myOEx1WSb3YtqUYAisciyxDhlZxmPIsKf1LzwYjrNEgtxJYQ6GQsR6RazWOUuFYPr6FNtoQsly+DS/Q0vVKni3dLYvQvCcHA/UYs1irzldJOzB0S4OlP4M4np9Zco27gB2MoJDGkaObbz8PSzeMXBMXSwf4RnW6tmUAcIpntZJRivurqDJ+TupMPXFLcjNmqWFrK1a5FVroO5t1uj6GGD5X87y8fy8+UY/gH9RC+IAaks1dKj5Vk3pBezi+yspHYoXncbM7fq8ncvAwIYR0A2/Gg68WAldg0Eo4/n+NnlBDDoQWccE+xxmhTwI0B2FT24keuq5/iny6+bUhf0xbNva8Qf7KuzFiz9fKlAA8sloNn4RUuXSNPasF8evXOqDJaw==&u=U2FsdGVkX1+v7XtX9fk+j8isjQIpXl8ZNgDtY/BCgjvSe4Oubh4TmUBxxKtwZpCX&y=U2FsdGVkX1/zvgSTRiTBboxfbIPjVPy9ht9bhbrsQkVkBablPaO8E2WG5Cldyz6o HTTP/1.1" 200 25
186.102.99.33 - - [02/Dec/2023:14:32:15 -0500] "GET /kwssiamovil/sm/acme/a?s=U2FsdGVkX1/i57WRgF3ZTNngh1MHYqJDOyHUntFVFyPEgo3Lzrs9welfixZJknqyUZWexBxdB+BwCSrFVmNdkVaaSEk3Nv+YklFS18rXb2CNxlVvNSO5oPVR5/uWa8aFUKwCDvWd7+fl8GSYjIvG3Rg6KLDvW74e2dKb0Crxual1FK22pTN5gOMT5c/F5Pt/wtiqWJWBGJzQ/hm7sTokKA6XTNhSMBLriM1GVs0BTw2Imr8/nNr/vZpoBETcWYcOPl7udfiZIYX3c4toUBpIhVbKuj12vhAtiGMGlMaLr2Gs2f8+5emIxWCYcV/3z6bG/gZnQky2sNNyDttCS5teBRuN5nh8pUVvRlUVarkpSZa+NYXmtOtPZi85aOVNdsl1yyFQWfCuyGj3QVBFxriMcEWO9Ho+lkDZjdzoqda2KJ/2LeJ1lOp08OypO2EigQPpCfyi/WJW1rnmX4bKHkifRef62ja8o/H0gVGs0eopjKA=&u=U2FsdGVkX1+v7XtX9fk+j8isjQIpXl8ZNgDtY/BCgjvSe4Oubh4TmUBxxKtwZpCX&y=U2FsdGVkX1/zvgSTRiTBboxfbIPjVPy9ht9bhbrsQkVkBablPaO8E2WG5Cldyz6o HTTP/1.1" 200 25
201.245.192.253 - - [02/Dec/2023:14:32:19 -0500] "POST /forms/lservlet;jsessionid=ac16012b30d64ec0b0a9f85d4cd0acdf8f65235348eb.e3iSbxaKaheRe3eRa38MahaQbi1ynknvrkLOlQzNp65In0 HTTP/1.1" 200 2
201.245.192.253 - - [02/Dec/2023:14:32:37 -0500] "POST /forms/lservlet;jsessionid=ac16012b30d66bd79d5a81354b569b64ca0b03586396.e3iSbxaKaheRe3eRa38MahaQbi1ynknvrkLOlQzNp65In0 HTTP/1.1" 200 2
52.167.144.179 - - [02/Dec/2023:14:32:40 -0500] "GET /BLA/resoluciones/AUTOS%202013/0785.pdf HTTP/1.1" 200 1562464
172.22.2.4 - - [02/Dec/2023:14:31:10 -0500] "GET /BLA/boletinlegal/ HTTP/1.1" 200 58294
216.245.221.92 - - [02/Dec/2023:14:33:17 -0500] "HEAD / HTTP/1.1" 200 -
52.167.144.179 - - [02/Dec/2023:14:33:52 -0500] "GET /BLA/resoluciones/AUTOS%202017/3241.pdf HTTP/1.1" 200 270849
66.249.65.68 - - [02/Dec/2023:14:34:14 -0500] "GET /robots.txt HTTP/1.1" 404 1035
66.249.65.68 - - [02/Dec/2023:14:34:14 -0500] "GET /portaldeninos/aulas-ambientales/ HTTP/1.1" 200 88416
201.245.192.253 - - [02/Dec/2023:14:34:19 -0500] "POST /forms/lservlet;jsessionid=ac16012b30d64ec0b0a9f85d4cd0acdf8f65235348eb.e3iSbxaKaheRe3eRa38MahaQbi1ynknvrkLOlQzNp65In0 HTTP/1.1" 200 2
201.245.192.253 - - [02/Dec/2023:14:34:37 -0500] "POST /forms/lservlet;jsessionid=ac16012b30d66bd79d5a81354b569b64ca0b03586396.e3iSbxaKaheRe3eRa38MahaQbi1ynknvrkLOlQzNp65In0 HTTP/1.1" 200 2
173.252.79.3 - - [02/Dec/2023:14:35:15 -0500] "GET /distrito-celebro-el-cumpleanos-del-parque-ecologico-distrital-de-montana-entrenubes.html HTTP/1.1" 200 829
201.245.192.253 - - [02/Dec/2023:14:36:06 -0500] "POST /kwsrmcab/Wsrmcab  HTTP/1.1" 200 41956
201.245.192.253 - - [02/Dec/2023:14:36:19 -0500] "POST /forms/lservlet;jsessionid=ac16012b30d64ec0b0a9f85d4cd0acdf8f65235348eb.e3iSbxaKaheRe3eRa38MahaQbi1ynknvrkLOlQzNp65In0 HTTP/1.1" 200 2
201.245.192.253 - - [02/Dec/2023:14:36:37 -0500] "POST /forms/lservlet;jsessionid=ac16012b30d66bd79d5a81354b569b64ca0b03586396.e3iSbxaKaheRe3eRa38MahaQbi1ynknvrkLOlQzNp65In0 HTTP/1.1" 200 2
172.22.2.4 - - [02/Dec/2023:14:36:56 -0500] "GET /BLA/boletinlegal/actos.php HTTP/1.1" 200 9682
172.22.2.4 - - [02/Dec/2023:14:36:57 -0500] "GET /BLA/boletinlegal/favicon.ico HTTP/1.1" 404 1326
190.24.77.15 - - [02/Dec/2023:14:37:02 -0500] "GET /BLA/resoluciones/ HTTP/1.1" 200 13696
190.24.77.15 - - [02/Dec/2023:14:37:03 -0500] "GET /favicon.ico HTTP/1.1" 200 7782
201.245.192.253 - - [02/Dec/2023:14:37:00 -0500] "POST /kwsrmcab/Wsrmcab HTTP/1.1" 200 41310
201.245.192.253 - - [02/Dec/2023:14:37:04 -0500] "POST /kwsrmcab/Wsrmcab HTTP/1.1" 200 36810
190.24.77.15 - - [02/Dec/2023:14:37:05 -0500] "GET /BLA/resoluciones/index.php?dir=AUTOS+2014%2F HTTP/1.1" 200 891340
186.102.14.142 - - [02/Dec/2023:14:37:11 -0500] "GET /kwssiamovil/sm/ldap/au?x=U2FsdGVkX19Yutn8d61+Fa4iBm7QyqawFr6PB2//3v82BRyaizWkV+bL1jb186oiy8bFJuu7UYdhSMJqoKC0ew==&y=U2FsdGVkX1/55QtL2uZhfO7SEpx7rfcWMg5Sb87WG6KPgMqDhCmO0oVvOWNyhibK HTTP/1.1" 200 30
186.102.14.142 - - [02/Dec/2023:14:37:11 -0500] "GET /kwssiamovil/sm/acme/s?s=U2FsdGVkX18FjHgypYjOMzTm3+mjuc5eqJgvW3i3WZG7EtB6CVeLMLAPaSrYk8gOWoKGLdU3EwzWGcnaHi9X660WJAWKxBFBFySCUm/XaZ8=&u=U2FsdGVkX18Rtn7CiJv758yckyZ/FrMWbDK1OfAVg2WWDoBl+eAXw7q5Jtbvegoj&y=U2FsdGVkX1/55QtL2uZhfO7SEpx7rfcWMg5Sb87WG6KPgMqDhCmO0oVvOWNyhibK HTTP/1.1" 200 97
186.102.14.142 - - [02/Dec/2023:14:37:11 -0500] "GET /kwssiamovil/sm/acme/s?s=U2FsdGVkX19tQccwb8eTOZgd1FYn5zMpUtcgVZrkEEPVlrplBDkUNcQ3z2BTOY/+OelZRlfCfTXNYM3pzf6bGHHVmSfQ2z3cN13D8ErrY/s+amhY6KXffdSQltoZVNtP4CfqsblFsleUEk53tRdO36+7+4/xm5NI+1KGq86oGDET4oWHclGxxXZYN4rgEM/VZDDOaXz6HtOhrAdillOLoJu3uBZ3ESNc1vs1HkCtq40SCOKO6nQ63ZxE+WLwIpOpEGGUzDhGgSzuil3Lr7cfwgutXZJlzh/gLujP7Ifoh+23iWvshw2tLhitOAB6qucrpNSELIoBV+zwEj6Zdj/CX2LR1eKPAjRVfgLeQpILZt0E9Ey2M1I9AJfsz4rOHqFCKpDj99F+h+Zm6B9+bNfEJNDOQxwQhSJKmE+xjAYkgvjmlCt8KxobF8Omj2FQIRsG4y/MuN6Ym9cudz9xCXkycTaXeNx89HU9Y/99m5i3uqCyoscYydwjN6UXj7KIMxpTbfaZzIVp5r1qgWxbkhvE7Pav+vzVuLcbGZ4ODwFgMupJBzD8/Oc1ZoY77cKz537nicQamhk1R2SZJ713XPWrnXUrj+91QVQRW9qCw6Z8aEZ2lp6VJLpx0sXy7R5ziuQVkJO4OXSJ6SFgYR3w7igSM0TqjHDiaXelVvRiuZEW44jme8sSsg0jon7esJrEXQdl7LMwjRGDscs2QHyCSOvFg6eCXyIp0KJ7NqP2M913CWRufQmvWuaQS0z0iEMNIZ+rEW3lL4DZgEOFc/MTtfN+Q2895R321xh7QL0npMY2Q2njGXR33rwZ9OCnf8ZizT0b5oFC1ikLh0RNGCUGpf4U4DELWIocFA1t3CJDszT9M2eRwpB/P2BOqy9eLmECN/jzYVGECBov7T5cBBJCwhFe6vf+jRN8CxuMp2qXpQGWxICX8bKZiwGPI5MPeqw6yPzToktk+XM99PRYqpPFD9hPEioA5M6fy4wkE8jVruc8qYvRa/29ZggMV0Duam3hMrbF+zg2UYeA0MkFPQ8VI5/JkGkljDUTaY9roSM3PDnGdZwTCW4ujPDAIyySLX4Hiag3mdif5DumJ2rWoFUhSIW6nxbkALyMcFTYCZdASmEENIPOrNa7KB4Y2XWzKA3oy970IJews7aE8LTwGjkyvFvepK4SvS4JmyN0CI/Yeax1WpjRHD3d++qqnvBKT6XCm08WRSD3hbx0+0AvfnSRZg2QCN/MqEHZh+iDlC6Vz2+kJExg33zszM3LnYUdk+g7v2mFNbFlaIrbTdSFV07wvpf2v9utI8eWCpPypWJGVJ60EoAaxueKu00FpFP99txNUjsbf3X13RHVkrmJNxfZDnjrTPBzXL+AaMNy/AFqnePaEjQ4fM79HnHluFHbtJCUyc3HS8UXQNl0f/+p4PVNybwrvoiZlJuIdYYOeUIuN8KjN0nhhYkvNFCL5g0mqNlvuxV22ekG3bEAqgjBANT8U7FrkoE8+/GdqIfT+ZN5K2soHIj0kbIcCq7GGwhuDmlGhTDsS/jXkjS2AV8nV8wQ/hJ42RsFFx0Qa4DSZ3fspBiw45r+WHA+oEn51CVyTmksHKFY5s206n+wu6fKMI2TmYxgtrDR3vo/SvcfeKco9tys+wbyl6QpZrOyYs98U9xlAOM8FB7rYuMybvKk38u605x2zrsv14rufgTxMiYWqpg+XgywhX6bQL5JtFu3dQY7OBAhgQbwGhZx/1fFU8igTBPwB83VRfT7aLra0BVukCfneOjyrfAOzPt3UwEvyPfu2Oea&u=U2FsdGVkX18Rtn7CiJv758yckyZ/FrMWbDK1OfAVg2WWDoBl+eAXw7q5Jtbvegoj&y=U2FsdGVkX1/55QtL2uZhfO7SEpx7rfcWMg5Sb87WG6KPgMqDhCmO0oVvOWNyhibK HTTP/1.1" 200 1033
186.102.14.142 - - [02/Dec/2023:14:37:11 -0500] "GET /kwssiamovil/sm/acme/s?s=U2FsdGVkX1+zUoYx79fA67Qrn7VPThbEai1ld2gc7PEfoESgsVE5kB2YWnlb3Gq9nibKk82KeNzQE/GtTRyuw2xM7WzashdBJWn8hYyLgzycwblTlFpVmBzGrabWD0sTym2CkPyKFjWkq+Pwhu2zf/Fa+eC2XM5YY5MlstOW5f71BWj4hXxPz9qqnMAQA1FXkol+qlXzTY2LEPX+xyE/CpWpoW1f1wNLHRAwwFbYa1Ws+OUS2ln5CMbshMVv/wtvsrqiI1CrIQOKycqRKzTxOUf01DKBHzVMGsnqOk3f2gi/2qmUANCuRpijiWU8nTTe3/7YVAsdXLPyZO+Vi9q+pi90DLUBMHTVN444CahW+RfBzQm7IJpRLF/aClXivxO4LAAmm4wf6DEo19S2Nx03VxYvtxQSuwovpESngter9qFAUXoyFTOP7QNVCDqs9JiCS+xvq1WB1KKVgXMrs0ciCAbvlaSqppfK7ZlEh/ERcCAx0msuVEArMqdwXUo2E3f89HCaJ+lZZrv2uyUf5txuTMfVdsS78JShrCgQyWdQ595b1MZblbPaXR2qM60vXPHihnwypqZmBEeLoo+6sKIl6WcjBLXwNWyfZuF0JfVqGqv5FxuqrQAQnEn7fP1gp1x7R/Fe5f6AwwCE68BW3pMZ3IpLgOE7wTzTV+g7B9VfC5lkQA0GNnTpXMAI4exwTFQaHvozLVX8y2jnpP88eXMm3yfHoODWRpCuWWKZv4xkd29QjiscuQDnzfhbMJahG77B&u=U2FsdGVkX18Rtn7CiJv758yckyZ/FrMWbDK1OfAVg2WWDoBl+eAXw7q5Jtbvegoj&y=U2FsdGVkX1/55QtL2uZhfO7SEpx7rfcWMg5Sb87WG6KPgMqDhCmO0oVvOWNyhibK HTTP/1.1" 200 208
186.102.14.142 - - [02/Dec/2023:14:37:11 -0500] "GET /kwssiamovil/sm/cjson/pre?f=1&x=U2FsdGVkX19Yutn8d61+Fa4iBm7QyqawFr6PB2//3v82BRyaizWkV+bL1jb186oiy8bFJuu7UYdhSMJqoKC0ew== HTTP/1.1" 200 31032
190.24.77.15 - - [02/Dec/2023:14:37:20 -0500] "GET /BLA/resoluciones/AUTOS%202014/4368.pdf HTTP/1.1" 200 386516
190.24.77.15 - - [02/Dec/2023:14:37:20 -0500] "GET /BLA/resoluciones/AUTOS%202014/4368.pdf HTTP/1.1" 200 386516
52.167.144.229 - - [02/Dec/2023:14:37:45 -0500] "GET /BLA/resoluciones/AUTOS%202017/3183.pdf HTTP/1.1" 200 274204
172.22.2.4 - - [02/Dec/2023:14:36:10 -0500] "HEAD /BLA/boletinlegal/ HTTP/1.1" 200 -
216.245.221.92 - - [02/Dec/2023:14:38:17 -0500] "HEAD / HTTP/1.1" 200 -
201.245.192.253 - - [02/Dec/2023:14:38:19 -0500] "POST /forms/lservlet;jsessionid=ac16012b30d64ec0b0a9f85d4cd0acdf8f65235348eb.e3iSbxaKaheRe3eRa38MahaQbi1ynknvrkLOlQzNp65In0 HTTP/1.1" 200 2
201.245.192.253 - - [02/Dec/2023:14:38:37 -0500] "POST /forms/lservlet;jsessionid=ac16012b30d66bd79d5a81354b569b64ca0b03586396.e3iSbxaKaheRe3eRa38MahaQbi1ynknvrkLOlQzNp65In0 HTTP/1.1" 200 2
172.22.2.4 - - [02/Dec/2023:14:37:00 -0500] "GET /BLA/boletinlegal/ HTTP/1.1" 200 58294
173.252.87.2 - - [02/Dec/2023:14:38:42 -0500] "GET /en-el-diamundialdelmedioambiente-distrito-ejercito-nacional-y-comunidad-plantaron-120-arboles-en-parque-nacional.html HTTP/1.1" 200 838
200.118.62.163 - - [02/Dec/2023:14:39:05 -0500] "GET /bogota-cuenta-con-nuevo-modelo-de-residuos-de-construccion-y-demolicion.html HTTP/1.1" 200 783
52.167.144.20 - - [02/Dec/2023:14:40:14 -0500] "GET /portaldeninos/humedal-el-tunjo/ HTTP/1.1" 200 87661
201.245.192.253 - - [02/Dec/2023:14:40:19 -0500] "POST /forms/lservlet;jsessionid=ac16012b30d64ec0b0a9f85d4cd0acdf8f65235348eb.e3iSbxaKaheRe3eRa38MahaQbi1ynknvrkLOlQzNp65In0 HTTP/1.1" 200 2
201.245.192.253 - - [02/Dec/2023:14:40:37 -0500] "POST /forms/lservlet;jsessionid=ac16012b30d66bd79d5a81354b569b64ca0b03586396.e3iSbxaKaheRe3eRa38MahaQbi1ynknvrkLOlQzNp65In0 HTTP/1.1" 200 2
40.77.167.7 - - [02/Dec/2023:14:40:41 -0500] "GET /BLA/resoluciones/AUTOS%202013/1622.pdf HTTP/1.1" 200 163147
201.245.192.253 - - [02/Dec/2023:14:40:39 -0500] "POST /kwsrmcab/Wsrmcab HTTP/1.1" 200 41310
201.245.192.253 - - [02/Dec/2023:14:40:48 -0500] "POST /kwsrmcab/Wsrmcab HTTP/1.1" 200 36810
201.245.192.253 - - [02/Dec/2023:14:41:05 -0500] "POST /kwsrmcab/Wsrmcab  HTTP/1.1" 200 41956
52.167.144.209 - - [02/Dec/2023:14:41:10 -0500] "GET /portaldeninos/wp-content/themes/betheme/assets/animations/animations.min.css?ver=20.9.6 HTTP/1.1" 200 58508
52.167.144.209 - - [02/Dec/2023:14:41:11 -0500] "GET /portaldeninos/wp-content/themes/betheme/js/menu.js?ver=20.9.6 HTTP/1.1" 200 2449
52.167.144.209 - - [02/Dec/2023:14:41:11 -0500] "GET /portaldeninos/wp-includes/js/jquery/ui/accordion.min.js?ver=1.11.4 HTTP/1.1" 200 8584
52.167.144.209 - - [02/Dec/2023:14:41:11 -0500] "GET /portaldeninos/wp-includes/js/jquery/ui/mouse.min.js?ver=1.11.4 HTTP/1.1" 200 3148
52.167.144.209 - - [02/Dec/2023:14:41:11 -0500] "GET /portaldeninos/wp-includes/js/jquery/ui/tabs.min.js?ver=1.11.4 HTTP/1.1" 200 12110
52.167.144.209 - - [02/Dec/2023:14:41:12 -0500] "GET /portaldeninos/wp-includes/js/jquery/ui/widget.min.js?ver=1.11.4 HTTP/1.1" 200 6908
52.167.144.209 - - [02/Dec/2023:14:41:12 -0500] "GET /portaldeninos/wp-includes/js/wp-embed.min.js?ver=4.9.8 HTTP/1.1" 200 1398
52.167.144.20 - - [02/Dec/2023:14:41:17 -0500] "GET /portaldeninos/wp-content/plugins/gallery-videos/CSS/Total-Soft-Gallery-Video-Widget.css?ver=4.9.8 HTTP/1.1" 200 51554
52.167.144.20 - - [02/Dec/2023:14:41:18 -0500] "GET /portaldeninos/wp-content/plugins/gallery-videos/CSS/totalsoft.css?ver=4.9.8 HTTP/1.1" 200 40622
52.167.144.20 - - [02/Dec/2023:14:41:18 -0500] "GET /portaldeninos/wp-content/plugins/gallery-videos/JS/modernizr.custom.js?ver=4.9.8 HTTP/1.1" 200 9019
52.167.144.20 - - [02/Dec/2023:14:41:18 -0500] "GET /portaldeninos/wp-content/themes/betheme/assets/jplayer/css/jplayer.blue.monday.css?ver=20.9.6 HTTP/1.1" 200 9834
52.167.144.20 - - [02/Dec/2023:14:41:18 -0500] "GET /portaldeninos/wp-content/themes/betheme/assets/ui/jquery.ui.all.css?ver=20.9.6 HTTP/1.1" 200 18765
52.167.144.20 - - [02/Dec/2023:14:41:19 -0500] "GET /portaldeninos/wp-content/themes/betheme/css/responsive.css?ver=20.9.6 HTTP/1.1" 200 55740
52.167.144.20 - - [02/Dec/2023:14:41:19 -0500] "GET /portaldeninos/wp-content/themes/betheme/css/base.css?ver=20.9.6 HTTP/1.1" 200 57283
52.167.144.20 - - [02/Dec/2023:14:41:19 -0500] "GET /portaldeninos/wp-content/themes/betheme/js/scripts.js?ver=20.9.6 HTTP/1.1" 200 77162
52.167.144.20 - - [02/Dec/2023:14:41:19 -0500] "GET /portaldeninos/wp-includes/js/jquery/jquery-migrate.min.js?ver=1.4.1 HTTP/1.1" 200 10056
52.167.144.20 - - [02/Dec/2023:14:41:20 -0500] "GET /portaldeninos/wp-content/uploads/useanyfont/uaf.css?ver=1589905315 HTTP/1.1" 200 408
52.167.144.180 - - [02/Dec/2023:14:41:26 -0500] "GET /portaldeninos/wp-content/themes/betheme/assets/animations/animations.min.js?ver=20.9.6 HTTP/1.1" 200 1896
52.167.144.180 - - [02/Dec/2023:14:41:27 -0500] "GET /portaldeninos/wp-content/themes/betheme/assets/jplayer/jplayer.min.js?ver=20.9.6 HTTP/1.1" 200 52702
52.167.144.180 - - [02/Dec/2023:14:41:27 -0500] "GET /portaldeninos/wp-content/themes/betheme/css/shortcodes.css?ver=20.9.6 HTTP/1.1" 200 138889
52.167.144.180 - - [02/Dec/2023:14:41:28 -0500] "GET /portaldeninos/wp-content/themes/betheme/js/plugins.js?ver=20.9.6 HTTP/1.1" 200 197151
52.167.144.180 - - [02/Dec/2023:14:41:28 -0500] "GET /portaldeninos/wp-content/themes/betheme/style.css?ver=20.9.6 HTTP/1.1" 200 287
52.167.144.180 - - [02/Dec/2023:14:41:28 -0500] "GET /portaldeninos/wp-includes/js/jquery/ui/core.min.js?ver=1.11.4 HTTP/1.1" 200 4000
52.167.144.180 - - [02/Dec/2023:14:41:29 -0500] "GET /portaldeninos/wp-includes/js/wp-emoji-release.min.js?ver=4.9.8 HTTP/1.1" 200 12026
201.245.192.253 - - [02/Dec/2023:14:42:19 -0500] "POST /forms/lservlet;jsessionid=ac16012b30d64ec0b0a9f85d4cd0acdf8f65235348eb.e3iSbxaKaheRe3eRa38MahaQbi1ynknvrkLOlQzNp65In0 HTTP/1.1" 200 2
201.245.192.253 - - [02/Dec/2023:14:42:37 -0500] "POST /forms/lservlet;jsessionid=ac16012b30d66bd79d5a81354b569b64ca0b03586396.e3iSbxaKaheRe3eRa38MahaQbi1ynknvrkLOlQzNp65In0 HTTP/1.1" 200 2
216.245.221.92 - - [02/Dec/2023:14:43:17 -0500] "HEAD / HTTP/1.1" 200 -
172.22.2.4 - - [02/Dec/2023:14:42:00 -0500] "HEAD /BLA/boletinlegal/ HTTP/1.1" 200 -
201.245.192.253 - - [02/Dec/2023:14:44:19 -0500] "POST /forms/lservlet;jsessionid=ac16012b30d64ec0b0a9f85d4cd0acdf8f65235348eb.e3iSbxaKaheRe3eRa38MahaQbi1ynknvrkLOlQzNp65In0 HTTP/1.1" 200 2
172.22.2.4 - - [02/Dec/2023:14:44:26 -0500] "GET /BLA/boletinlegal/jurisprudencia/analisis/CUADRO%20ANALISIS%20SENTENCIA%20T-411%20DE%201992.doc HTTP/1.1" 304 -
172.22.2.4 - - [02/Dec/2023:14:42:50 -0500] "GET /BLA/boletinlegal/ HTTP/1.1" 200 58294
201.245.192.253 - - [02/Dec/2023:14:44:37 -0500] "POST /forms/lservlet;jsessionid=ac16012b30d66bd79d5a81354b569b64ca0b03586396.e3iSbxaKaheRe3eRa38MahaQbi1ynknvrkLOlQzNp65In0 HTTP/1.1" 200 2
52.167.144.194 - - [02/Dec/2023:14:45:14 -0500] "GET /BLA/resoluciones/AUTOS%202013/0286.pdf HTTP/1.1" 200 1117593
185.134.22.149 - - [02/Dec/2023:14:45:37 -0500] "GET / HTTP/1.1" 200 319
185.134.22.149 - - [02/Dec/2023:14:45:39 -0500] "GET /systembc/password.php HTTP/1.1" 404 1018
185.134.22.149 - - [02/Dec/2023:14:45:39 -0500] "GET /Ep1v HTTP/1.1" 404 1018
185.134.22.149 - - [02/Dec/2023:14:45:41 -0500] "GET /GWqN HTTP/1.1" 404 1018
201.245.192.253 - - [02/Dec/2023:14:46:05 -0500] "POST /kwsrmcab/Wsrmcab  HTTP/1.1" 200 41956
201.245.192.253 - - [02/Dec/2023:14:46:19 -0500] "POST /forms/lservlet;jsessionid=ac16012b30d64ec0b0a9f85d4cd0acdf8f65235348eb.e3iSbxaKaheRe3eRa38MahaQbi1ynknvrkLOlQzNp65In0 HTTP/1.1" 200 2
201.245.192.253 - - [02/Dec/2023:14:46:37 -0500] "POST /forms/lservlet;jsessionid=ac16012b30d66bd79d5a81354b569b64ca0b03586396.e3iSbxaKaheRe3eRa38MahaQbi1ynknvrkLOlQzNp65In0 HTTP/1.1" 200 2
216.245.221.92 - - [02/Dec/2023:14:48:17 -0500] "HEAD / HTTP/1.1" 200 -
201.245.192.253 - - [02/Dec/2023:14:48:19 -0500] "POST /forms/lservlet;jsessionid=ac16012b30d64ec0b0a9f85d4cd0acdf8f65235348eb.e3iSbxaKaheRe3eRa38MahaQbi1ynknvrkLOlQzNp65In0 HTTP/1.1" 200 2
201.245.192.253 - - [02/Dec/2023:14:48:37 -0500] "POST /forms/lservlet;jsessionid=ac16012b30d66bd79d5a81354b569b64ca0b03586396.e3iSbxaKaheRe3eRa38MahaQbi1ynknvrkLOlQzNp65In0 HTTP/1.1" 200 2
172.22.2.4 - - [02/Dec/2023:14:47:49 -0500] "HEAD /BLA/boletinlegal/ HTTP/1.1" 200 -
201.245.192.253 - - [02/Dec/2023:14:50:19 -0500] "POST /forms/lservlet;jsessionid=ac16012b30d64ec0b0a9f85d4cd0acdf8f65235348eb.e3iSbxaKaheRe3eRa38MahaQbi1ynknvrkLOlQzNp65In0 HTTP/1.1" 200 2
172.22.2.4 - - [02/Dec/2023:14:48:40 -0500] "GET /BLA/boletinlegal/ HTTP/1.1" 200 61018
201.245.192.253 - - [02/Dec/2023:14:50:37 -0500] "POST /forms/lservlet;jsessionid=ac16012b30d66bd79d5a81354b569b64ca0b03586396.e3iSbxaKaheRe3eRa38MahaQbi1ynknvrkLOlQzNp65In0 HTTP/1.1" 200 2
172.22.2.4 - - [02/Dec/2023:14:50:47 -0500] "GET /BLA/boletinlegal/actos.php HTTP/1.1" 200 9682
201.245.192.253 - - [02/Dec/2023:14:51:03 -0500] "POST /kwsrmcab/Wsrmcab  HTTP/1.1" 200 41956
52.167.144.17 - - [02/Dec/2023:14:51:12 -0500] "GET /BLA/resoluciones/RESOLUCIONES%202023/0325.pdf HTTP/1.1" 200 1208024
201.245.192.253 - - [02/Dec/2023:14:52:19 -0500] "POST /forms/lservlet;jsessionid=ac16012b30d64ec0b0a9f85d4cd0acdf8f65235348eb.e3iSbxaKaheRe3eRa38MahaQbi1ynknvrkLOlQzNp65In0 HTTP/1.1" 200 2
201.245.192.253 - - [02/Dec/2023:14:52:37 -0500] "POST /forms/lservlet;jsessionid=ac16012b30d66bd79d5a81354b569b64ca0b03586396.e3iSbxaKaheRe3eRa38MahaQbi1ynknvrkLOlQzNp65In0 HTTP/1.1" 200 2
216.245.221.92 - - [02/Dec/2023:14:53:17 -0500] "HEAD / HTTP/1.1" 200 -
201.245.192.253 - - [02/Dec/2023:14:54:19 -0500] "POST /forms/lservlet;jsessionid=ac16012b30d64ec0b0a9f85d4cd0acdf8f65235348eb.e3iSbxaKaheRe3eRa38MahaQbi1ynknvrkLOlQzNp65In0 HTTP/1.1" 200 2
201.245.192.253 - - [02/Dec/2023:14:54:37 -0500] "POST /forms/lservlet;jsessionid=ac16012b30d66bd79d5a81354b569b64ca0b03586396.e3iSbxaKaheRe3eRa38MahaQbi1ynknvrkLOlQzNp65In0 HTTP/1.1" 200 2
172.22.2.4 - - [02/Dec/2023:14:55:19 -0500] "GET /BLA/boletinlegal/jurisprudencia/analisis/AnalisisT-146-16.docx HTTP/1.1" 200 23021
172.22.2.4 - - [02/Dec/2023:14:53:39 -0500] "HEAD /BLA/boletinlegal/ HTTP/1.1" 200 -
201.245.192.253 - - [02/Dec/2023:14:56:01 -0500] "POST /kwsrmcab/Wsrmcab  HTTP/1.1" 200 41956
172.22.2.4 - - [02/Dec/2023:14:54:30 -0500] "GET /BLA/boletinlegal/ HTTP/1.1" 200 58644
201.245.192.253 - - [02/Dec/2023:14:56:19 -0500] "POST /forms/lservlet;jsessionid=ac16012b30d64ec0b0a9f85d4cd0acdf8f65235348eb.e3iSbxaKaheRe3eRa38MahaQbi1ynknvrkLOlQzNp65In0 HTTP/1.1" 200 2
201.245.192.253 - - [02/Dec/2023:14:56:37 -0500] "POST /forms/lservlet;jsessionid=ac16012b30d66bd79d5a81354b569b64ca0b03586396.e3iSbxaKaheRe3eRa38MahaQbi1ynknvrkLOlQzNp65In0 HTTP/1.1" 200 2
40.77.190.41 - - [02/Dec/2023:14:57:06 -0500] "GET /portaldeninos/wp-content/themes/betheme/fonts/mfn-icons.woff?93978679 HTTP/1.1" 200 80932
216.245.221.92 - - [02/Dec/2023:14:58:17 -0500] "HEAD / HTTP/1.1" 200 -
201.245.192.253 - - [02/Dec/2023:14:58:19 -0500] "POST /forms/lservlet;jsessionid=ac16012b30d64ec0b0a9f85d4cd0acdf8f65235348eb.e3iSbxaKaheRe3eRa38MahaQbi1ynknvrkLOlQzNp65In0 HTTP/1.1" 200 2
201.245.192.253 - - [02/Dec/2023:14:58:37 -0500] "POST /forms/lservlet;jsessionid=ac16012b30d66bd79d5a81354b569b64ca0b03586396.e3iSbxaKaheRe3eRa38MahaQbi1ynknvrkLOlQzNp65In0 HTTP/1.1" 200 2
185.142.236.41 - - [02/Dec/2023:14:59:32 -0500] "GET / HTTP/1.1" 200 319
185.142.236.41 - - [02/Dec/2023:14:59:33 -0500] "GET /robots.txt HTTP/1.1" 404 1018
185.142.236.41 - - [02/Dec/2023:14:59:36 -0500] "GET /sitemap.xml HTTP/1.1" 404 1018
185.142.236.41 - - [02/Dec/2023:14:59:37 -0500] "GET /.well-known/security.txt HTTP/1.1" 404 1018
185.142.236.41 - - [02/Dec/2023:14:59:41 -0500] "GET /favicon.ico HTTP/1.1" 200 7782
172.22.2.4 - - [02/Dec/2023:14:59:46 -0500] "GET /BLA/boletinlegal/js/jquery.js HTTP/1.1" 200 57254
172.22.2.4 - - [02/Dec/2023:14:59:46 -0500] "GET /BLA/boletinlegal/js/jquery.scrollTo-min.js HTTP/1.1" 200 1150
172.22.2.4 - - [02/Dec/2023:14:59:46 -0500] "GET /BLA/boletinlegal/js/jquery.scrollShow.js HTTP/1.1" 200 4586
172.22.2.4 - - [02/Dec/2023:14:59:46 -0500] "GET /BLA/boletinlegal/images/arr_l.jpg HTTP/1.1" 200 1979
172.22.2.4 - - [02/Dec/2023:14:59:46 -0500] "GET /BLA/boletinlegal/images/screen_1.png HTTP/1.1" 200 202547
172.22.2.4 - - [02/Dec/2023:14:59:47 -0500] "GET /BLA/boletinlegal/images/launch.jpg HTTP/1.1" 200 14577
172.22.2.4 - - [02/Dec/2023:14:59:50 -0500] "GET /BLA/boletinlegal/actos.php HTTP/1.1" 200 9682
172.22.2.4 - - [02/Dec/2023:14:59:52 -0500] "GET /BLA/boletinlegal/favicon.ico HTTP/1.1" 404 1326
186.80.199.188 - - [02/Dec/2023:15:00:04 -0500] "GET /BLA/resoluciones/ HTTP/1.1" 200 13696
186.80.199.188 - - [02/Dec/2023:15:00:10 -0500] "GET /BLA/resoluciones/index.php?dir=AUTOS+2023%2F HTTP/1.1" 200 430456
201.245.192.253 - - [02/Dec/2023:15:00:19 -0500] "POST /forms/lservlet;jsessionid=ac16012b30d64ec0b0a9f85d4cd0acdf8f65235348eb.e3iSbxaKaheRe3eRa38MahaQbi1ynknvrkLOlQzNp65In0 HTTP/1.1" 200 2
201.245.192.253 - - [02/Dec/2023:15:00:37 -0500] "POST /forms/lservlet;jsessionid=ac16012b30d66bd79d5a81354b569b64ca0b03586396.e3iSbxaKaheRe3eRa38MahaQbi1ynknvrkLOlQzNp65In0 HTTP/1.1" 200 2
172.22.2.4 - - [02/Dec/2023:14:59:42 -0500] "GET /BLA/boletinlegal/ HTTP/1.1" 200 24523
201.245.192.253 - - [02/Dec/2023:15:00:59 -0500] "POST /kwsrmcab/Wsrmcab  HTTP/1.1" 200 41956
172.22.2.4 - - [02/Dec/2023:14:59:29 -0500] "HEAD /BLA/boletinlegal/ HTTP/1.1" 200 -
172.22.2.4 - - [02/Dec/2023:15:00:20 -0500] "GET /BLA/boletinlegal/ HTTP/1.1" 200 55050
201.245.192.253 - - [02/Dec/2023:15:02:19 -0500] "POST /forms/lservlet;jsessionid=ac16012b30d64ec0b0a9f85d4cd0acdf8f65235348eb.e3iSbxaKaheRe3eRa38MahaQbi1ynknvrkLOlQzNp65In0 HTTP/1.1" 200 2
201.245.192.253 - - [02/Dec/2023:15:02:37 -0500] "POST /forms/lservlet;jsessionid=ac16012b30d66bd79d5a81354b569b64ca0b03586396.e3iSbxaKaheRe3eRa38MahaQbi1ynknvrkLOlQzNp65In0 HTTP/1.1" 200 2
207.46.13.126 - - [02/Dec/2023:15:02:53 -0500] "GET /BLA/resoluciones/AUTOS%202013/2440.pdf HTTP/1.1" 200 490610
216.245.221.92 - - [02/Dec/2023:15:03:17 -0500] "HEAD / HTTP/1.1" 200 -
201.245.192.253 - - [02/Dec/2023:15:04:19 -0500] "POST /forms/lservlet;jsessionid=ac16012b30d64ec0b0a9f85d4cd0acdf8f65235348eb.e3iSbxaKaheRe3eRa38MahaQbi1ynknvrkLOlQzNp65In0 HTTP/1.1" 200 2
201.245.192.253 - - [02/Dec/2023:15:04:37 -0500] "POST /forms/lservlet;jsessionid=ac16012b30d66bd79d5a81354b569b64ca0b03586396.e3iSbxaKaheRe3eRa38MahaQbi1ynknvrkLOlQzNp65In0 HTTP/1.1" 200 2
40.77.167.79 - - [02/Dec/2023:15:05:57 -0500] "GET /distrito-declara-alerta-preventiva-en-el-suroccidente-de-la-ciudad-por-mala-calidad-del-aire.html HTTP/1.1" 200 1065
201.245.192.253 - - [02/Dec/2023:15:05:57 -0500] "POST /kwsrmcab/Wsrmcab  HTTP/1.1" 200 41956
201.245.192.253 - - [02/Dec/2023:15:06:19 -0500] "POST /forms/lservlet;jsessionid=ac16012b30d64ec0b0a9f85d4cd0acdf8f65235348eb.e3iSbxaKaheRe3eRa38MahaQbi1ynknvrkLOlQzNp65In0 HTTP/1.1" 200 2
201.245.192.253 - - [02/Dec/2023:15:06:37 -0500] "POST /forms/lservlet;jsessionid=ac16012b30d66bd79d5a81354b569b64ca0b03586396.e3iSbxaKaheRe3eRa38MahaQbi1ynknvrkLOlQzNp65In0 HTTP/1.1" 200 2
172.22.2.4 - - [02/Dec/2023:15:05:19 -0500] "HEAD /BLA/boletinlegal/ HTTP/1.1" 200 -
40.77.167.33 - - [02/Dec/2023:15:07:49 -0500] "GET /forest/ HTTP/1.1" 200 12041
172.22.2.4 - - [02/Dec/2023:15:06:10 -0500] "GET /BLA/boletinlegal/ HTTP/1.1" 200 60634
216.245.221.92 - - [02/Dec/2023:15:08:17 -0500] "HEAD / HTTP/1.1" 200 -
201.245.192.253 - - [02/Dec/2023:15:08:19 -0500] "POST /forms/lservlet;jsessionid=ac16012b30d64ec0b0a9f85d4cd0acdf8f65235348eb.e3iSbxaKaheRe3eRa38MahaQbi1ynknvrkLOlQzNp65In0 HTTP/1.1" 200 2
201.245.192.253 - - [02/Dec/2023:15:08:37 -0500] "POST /forms/lservlet;jsessionid=ac16012b30d66bd79d5a81354b569b64ca0b03586396.e3iSbxaKaheRe3eRa38MahaQbi1ynknvrkLOlQzNp65In0 HTTP/1.1" 200 2
69.63.184.8 - - [02/Dec/2023:15:09:27 -0500] "GET /bogota-tendra-la-primera-planta-de-termovalorizacion-de-colombia-la-cual-convertira-los-residuos-en-energia-para-la-ciudad.html HTTP/1.1" 200 883
173.252.79.10 - - [02/Dec/2023:15:09:29 -0500] "GET /images/reunion-planta-termovalorizacion-11-mayo.jpg HTTP/1.1" 200 34782
173.252.95.117 - - [02/Dec/2023:15:09:40 -0500] "GET /bogota-tendra-la-primera-planta-de-termovalorizacion-de-colombia-la-cual-convertira-los-residuos-en-energia-para-la-ciudad.html HTTP/1.1" 200 883
201.245.192.253 - - [02/Dec/2023:15:10:19 -0500] "POST /forms/lservlet;jsessionid=ac16012b30d64ec0b0a9f85d4cd0acdf8f65235348eb.e3iSbxaKaheRe3eRa38MahaQbi1ynknvrkLOlQzNp65In0 HTTP/1.1" 200 2
201.245.192.253 - - [02/Dec/2023:15:10:37 -0500] "POST /forms/lservlet;jsessionid=ac16012b30d66bd79d5a81354b569b64ca0b03586396.e3iSbxaKaheRe3eRa38MahaQbi1ynknvrkLOlQzNp65In0 HTTP/1.1" 200 2
201.245.192.253 - - [02/Dec/2023:15:10:57 -0500] "POST /kwsrmcab/Wsrmcab  HTTP/1.1" 200 41956
157.55.39.6 - - [02/Dec/2023:15:11:04 -0500] "GET /BLA/resoluciones/RESOLUCIONES%202022/5197.pdf HTTP/1.1" 200 499516
31.13.115.1 - - [02/Dec/2023:15:11:22 -0500] "GET /distrito-celebro-el-cumpleanos-del-parque-ecologico-distrital-de-montana-entrenubes.html HTTP/1.1" 200 829
66.249.65.68 - - [02/Dec/2023:15:11:44 -0500] "GET /portaldeninos/2021/06/01/agroecologia-tips-para-germinar-semillas-en-casa/ HTTP/1.1" 200 105801
201.245.192.253 - - [02/Dec/2023:15:12:19 -0500] "POST /forms/lservlet;jsessionid=ac16012b30d64ec0b0a9f85d4cd0acdf8f65235348eb.e3iSbxaKaheRe3eRa38MahaQbi1ynknvrkLOlQzNp65In0 HTTP/1.1" 200 2
201.245.192.253 - - [02/Dec/2023:15:12:37 -0500] "POST /forms/lservlet;jsessionid=ac16012b30d66bd79d5a81354b569b64ca0b03586396.e3iSbxaKaheRe3eRa38MahaQbi1ynknvrkLOlQzNp65In0 HTTP/1.1" 200 2
172.22.2.4 - - [02/Dec/2023:15:11:09 -0500] "HEAD /BLA/boletinlegal/ HTTP/1.1" 200 -
216.245.221.92 - - [02/Dec/2023:15:13:17 -0500] "HEAD / HTTP/1.1" 200 -
172.22.2.4 - - [02/Dec/2023:15:12:00 -0500] "GET /BLA/boletinlegal/ HTTP/1.1" 200 58644
201.245.192.253 - - [02/Dec/2023:15:14:19 -0500] "POST /forms/lservlet;jsessionid=ac16012b30d64ec0b0a9f85d4cd0acdf8f65235348eb.e3iSbxaKaheRe3eRa38MahaQbi1ynknvrkLOlQzNp65In0 HTTP/1.1" 200 2
201.245.192.253 - - [02/Dec/2023:15:14:38 -0500] "POST /forms/lservlet;jsessionid=ac16012b30d66bd79d5a81354b569b64ca0b03586396.e3iSbxaKaheRe3eRa38MahaQbi1ynknvrkLOlQzNp65In0 HTTP/1.1" 200 2
201.245.192.253 - - [02/Dec/2023:15:15:55 -0500] "POST /kwsrmcab/Wsrmcab  HTTP/1.1" 200 41956
201.245.192.253 - - [02/Dec/2023:15:16:19 -0500] "POST /forms/lservlet;jsessionid=ac16012b30d64ec0b0a9f85d4cd0acdf8f65235348eb.e3iSbxaKaheRe3eRa38MahaQbi1ynknvrkLOlQzNp65In0 HTTP/1.1" 200 2
201.245.192.253 - - [02/Dec/2023:15:16:38 -0500] "POST /forms/lservlet;jsessionid=ac16012b30d66bd79d5a81354b569b64ca0b03586396.e3iSbxaKaheRe3eRa38MahaQbi1ynknvrkLOlQzNp65In0 HTTP/1.1" 200 2
201.245.192.253 - - [02/Dec/2023:15:17:00 -0500] "POST /kwsrmcab/Wsrmcab HTTP/1.1" 200 41319
201.245.192.253 - - [02/Dec/2023:15:17:03 -0500] "POST /kwsrmcab/Wsrmcab HTTP/1.1" 200 36810
216.245.221.92 - - [02/Dec/2023:15:18:17 -0500] "HEAD / HTTP/1.1" 200 -
201.245.192.253 - - [02/Dec/2023:15:18:19 -0500] "POST /forms/lservlet;jsessionid=ac16012b30d64ec0b0a9f85d4cd0acdf8f65235348eb.e3iSbxaKaheRe3eRa38MahaQbi1ynknvrkLOlQzNp65In0 HTTP/1.1" 200 2
201.245.192.253 - - [02/Dec/2023:15:18:38 -0500] "POST /forms/lservlet;jsessionid=ac16012b30d66bd79d5a81354b569b64ca0b03586396.e3iSbxaKaheRe3eRa38MahaQbi1ynknvrkLOlQzNp65In0 HTTP/1.1" 200 2
172.22.2.4 - - [02/Dec/2023:15:16:59 -0500] "HEAD /BLA/boletinlegal/ HTTP/1.1" 200 -
172.22.2.4 - - [02/Dec/2023:15:17:50 -0500] "GET /BLA/boletinlegal/ HTTP/1.1" 200 58644
207.46.13.116 - - [02/Dec/2023:15:19:45 -0500] "GET /BLA/resoluciones/AUTOS%202013/4001.pdf HTTP/1.1" 200 192662
201.245.192.253 - - [02/Dec/2023:15:20:19 -0500] "POST /forms/lservlet;jsessionid=ac16012b30d64ec0b0a9f85d4cd0acdf8f65235348eb.e3iSbxaKaheRe3eRa38MahaQbi1ynknvrkLOlQzNp65In0 HTTP/1.1" 200 2
201.245.192.253 - - [02/Dec/2023:15:20:38 -0500] "POST /forms/lservlet;jsessionid=ac16012b30d66bd79d5a81354b569b64ca0b03586396.e3iSbxaKaheRe3eRa38MahaQbi1ynknvrkLOlQzNp65In0 HTTP/1.1" 200 2
201.245.192.253 - - [02/Dec/2023:15:20:41 -0500] "POST /kwsrmcab/Wsrmcab HTTP/1.1" 200 41319
201.245.192.253 - - [02/Dec/2023:15:20:50 -0500] "POST /kwsrmcab/Wsrmcab HTTP/1.1" 200 36810
201.245.192.253 - - [02/Dec/2023:15:20:54 -0500] "POST /kwsrmcab/Wsrmcab  HTTP/1.1" 200 41956
186.154.38.207 - - [02/Dec/2023:15:21:31 -0500] "GET /sipse/faces/index.xhtml HTTP/1.1" 200 677
186.154.38.207 - - [02/Dec/2023:15:21:32 -0500] "GET /sipse/faces/javax.faces.resource/theme.css?ln=primefaces-sipse HTTP/1.1" 200 50058
186.154.38.207 - - [02/Dec/2023:15:21:32 -0500] "GET /favicon.ico HTTP/1.1" 200 7782
186.154.38.207 - - [02/Dec/2023:15:21:32 -0500] "GET /sipse/faces/faces/autenticacion.xhtml HTTP/1.1" 200 12414
186.154.38.207 - - [02/Dec/2023:15:21:32 -0500] "GET /sipse/js/disable_browser_buttons.js HTTP/1.1" 200 3230
186.154.38.207 - - [02/Dec/2023:15:21:32 -0500] "GET /sipse/js/funciones.js HTTP/1.1" 200 12592
186.154.38.207 - - [02/Dec/2023:15:21:32 -0500] "GET /sipse/css/custom_css_sg.css HTTP/1.1" 200 9694
186.154.38.207 - - [02/Dec/2023:15:21:32 -0500] "GET /sipse/css/custom_css_sg_prime_login.css HTTP/1.1" 200 443
186.154.38.207 - - [02/Dec/2023:15:21:32 -0500] "GET /sipse/faces/javax.faces.resource/theme.css?ln=primefaces-sipse HTTP/1.1" 304 -
186.154.38.207 - - [02/Dec/2023:15:21:32 -0500] "GET /sipse/faces/javax.faces.resource/layout/layout.css?ln=primefaces&v=4.0 HTTP/1.1" 200 542
186.154.38.207 - - [02/Dec/2023:15:21:32 -0500] "GET /sipse/faces/javax.faces.resource/jquery/jquery.js?ln=primefaces&v=4.0 HTTP/1.1" 200 105384
186.154.38.207 - - [02/Dec/2023:15:21:32 -0500] "GET /sipse/faces/javax.faces.resource/jquery/jquery-plugins.js?ln=primefaces&v=4.0 HTTP/1.1" 200 220526
186.154.38.207 - - [02/Dec/2023:15:21:32 -0500] "GET /sipse/faces/javax.faces.resource/layout/layout.js?ln=primefaces&v=4.0 HTTP/1.1" 200 87560
186.154.38.207 - - [02/Dec/2023:15:21:32 -0500] "GET /sipse/faces/javax.faces.resource/primefaces.css?ln=primefaces&v=4.0 HTTP/1.1" 200 53295
186.154.38.207 - - [02/Dec/2023:15:21:32 -0500] "GET /sipse/faces/javax.faces.resource/primefaces.js?ln=primefaces&v=4.0 HTTP/1.1" 200 276924
186.154.38.207 - - [02/Dec/2023:15:21:32 -0500] "GET /sipse/css/imagen/logoSDG.png HTTP/1.1" 200 53064
186.154.38.207 - - [02/Dec/2023:15:21:32 -0500] "GET /sipse/faces/javax.faces.resource/images/ui-icons_898989_256x240.png?ln=primefaces-aristo HTTP/1.1" 200 5355
186.154.38.207 - - [02/Dec/2023:15:21:32 -0500] "GET /sipse/css/imagen/loginimg.png HTTP/1.1" 200 71635
172.22.2.4 - - [02/Dec/2023:15:21:34 -0500] "GET /BLA/boletinlegal/actos.php HTTP/1.1" 200 9682
172.22.2.4 - - [02/Dec/2023:15:21:35 -0500] "GET /BLA/boletinlegal/favicon.ico HTTP/1.1" 404 1326
181.61.46.141 - - [02/Dec/2023:15:21:37 -0500] "GET /BLA/resoluciones/ HTTP/1.1" 200 13696
181.61.46.141 - - [02/Dec/2023:15:21:42 -0500] "GET /BLA/resoluciones/index.php?dir=RESOLUCIONES+2006%2F HTTP/1.1" 200 40916
