66.249.66.4 - - [02/Dec/2023:08:04:23 -0500] "GET /BLA/resoluciones/RESOLUCIONES%202014/2727.pdf HTTP/1.1" 200 521267
66.249.66.1 - - [02/Dec/2023:08:04:24 -0500] "GET /Publicaciones/2023EE276404.pdf HTTP/1.1" 200 231821
66.249.66.3 - - [02/Dec/2023:08:04:24 -0500] "GET /Publicaciones/2023EE283628.pdf HTTP/1.1" 200 231576
162.142.125.217 - - [02/Dec/2023:08:04:24 -0500] "GET / HTTP/1.1" 200 319
162.142.125.217 - - [02/Dec/2023:08:04:25 -0500] "PRI * HTTP/2.0" 400 946
162.142.125.217 - - [02/Dec/2023:08:04:25 -0500] "GET /favicon.ico HTTP/1.1" 200 7782
66.249.66.23 - - [02/Dec/2023:08:04:24 -0500] "GET /Publicaciones/2023EE282664.pdf HTTP/1.1" 200 2139724
66.249.66.2 - - [02/Dec/2023:08:04:27 -0500] "GET /Publicaciones/2023EE279278.pdf HTTP/1.1" 200 231925
66.249.66.2 - - [02/Dec/2023:08:04:27 -0500] "GET /Publicaciones/2023EE270869.pdf HTTP/1.1" 200 351975
66.249.66.1 - - [02/Dec/2023:08:04:28 -0500] "GET /Publicaciones/2023EE274813.pdf HTTP/1.1" 200 2878322
66.249.66.1 - - [02/Dec/2023:08:04:31 -0500] "GET /Publicaciones/2023EE275501.pdf HTTP/1.1" 200 231954
66.249.66.2 - - [02/Dec/2023:08:04:32 -0500] "GET /Publicaciones/2023EE283616.pdf HTTP/1.1" 200 231988
66.249.66.1 - - [02/Dec/2023:08:04:32 -0500] "GET /Publicaciones/2023EE272736.pdf HTTP/1.1" 200 762480
66.249.66.20 - - [02/Dec/2023:08:04:33 -0500] "GET /Publicaciones/2023EE275296.pdf HTTP/1.1" 200 365770
66.249.66.4 - - [02/Dec/2023:08:04:34 -0500] "GET /Publicaciones/2023EE283015.pdf HTTP/1.1" 200 375197
66.249.66.4 - - [02/Dec/2023:08:04:35 -0500] "GET /Publicaciones/2023EE271491.pdf HTTP/1.1" 200 335313
66.249.66.23 - - [02/Dec/2023:08:04:35 -0500] "GET /Publicaciones/2023EE273229.pdf HTTP/1.1" 200 231988
66.249.66.21 - - [02/Dec/2023:08:04:36 -0500] "GET /Publicaciones/2023EE276397.pdf HTTP/1.1" 200 345942
201.245.192.253 - - [02/Dec/2023:08:04:37 -0500] "POST /forms/lservlet;jsessionid=ac16012b30d66bd79d5a81354b569b64ca0b03586396.e3iSbxaKaheRe3eRa38MahaQbi1ynknvrkLOlQzNp65In0 HTTP/1.1" 200 2
66.249.66.22 - - [02/Dec/2023:08:04:37 -0500] "GET /Publicaciones/2023EE274824.pdf HTTP/1.1" 200 423345
66.249.66.4 - - [02/Dec/2023:08:04:37 -0500] "GET /Publicaciones/2023EE278689.pdf HTTP/1.1" 200 231529
66.249.66.21 - - [02/Dec/2023:08:04:38 -0500] "GET /Publicaciones/2023EE275970.pdf HTTP/1.1" 200 398672
66.249.66.20 - - [02/Dec/2023:08:04:38 -0500] "GET /Publicaciones/2023EE275387.pdf HTTP/1.1" 200 375107
66.249.66.12 - - [02/Dec/2023:08:04:39 -0500] "GET /Publicaciones/2023EE274634.pdf HTTP/1.1" 200 447974
66.249.66.20 - - [02/Dec/2023:08:04:40 -0500] "GET /Publicaciones/2023EE280406.pdf HTTP/1.1" 200 286820
66.249.66.14 - - [02/Dec/2023:08:04:41 -0500] "GET /Publicaciones/2023EE283613.pdf HTTP/1.1" 200 231885
66.249.66.8 - - [02/Dec/2023:08:04:41 -0500] "GET /Publicaciones/2023EE279327.pdf HTTP/1.1" 200 363724
66.249.66.19 - - [02/Dec/2023:08:04:42 -0500] "GET /Publicaciones/2023EE276191.pdf HTTP/1.1" 200 355846
66.249.66.22 - - [02/Dec/2023:08:04:43 -0500] "GET /Publicaciones/2023EE280089.pdf HTTP/1.1" 200 367482
66.249.66.8 - - [02/Dec/2023:08:04:44 -0500] "GET /Publicaciones/2023EE278652.pdf HTTP/1.1" 200 231921
66.249.66.1 - - [02/Dec/2023:08:04:44 -0500] "GET /Publicaciones/2023EE278790.pdf HTTP/1.1" 200 231496
66.249.66.5 - - [02/Dec/2023:08:04:45 -0500] "GET /Publicaciones/2023EE283629.pdf HTTP/1.1" 200 232017
66.249.66.7 - - [02/Dec/2023:08:04:46 -0500] "GET /Publicaciones/2023EE284149.pdf HTTP/1.1" 200 1314583
66.249.66.22 - - [02/Dec/2023:08:04:48 -0500] "GET /Publicaciones/2023EE281445.pdf HTTP/1.1" 200 370043
66.249.66.11 - - [02/Dec/2023:08:04:48 -0500] "GET /Publicaciones/2023EE281847.pdf HTTP/1.1" 200 231859
207.46.13.153 - - [02/Dec/2023:08:04:49 -0500] "GET /transparencia/General%20Asignado/? HTTP/1.1" 200 43229
66.249.66.20 - - [02/Dec/2023:08:04:49 -0500] "GET /Publicaciones/2023EE282571.pdf HTTP/1.1" 200 232606
66.249.66.4 - - [02/Dec/2023:08:04:49 -0500] "GET /Publicaciones/2023EE274515.pdf HTTP/1.1" 200 231836
66.249.66.6 - - [02/Dec/2023:08:04:50 -0500] "GET /Publicaciones/2023EE282310.pdf HTTP/1.1" 200 642579
66.249.66.6 - - [02/Dec/2023:08:04:51 -0500] "GET /Publicaciones/2023EE274896.pdf HTTP/1.1" 200 4594536
66.249.66.4 - - [02/Dec/2023:08:04:56 -0500] "GET /Publicaciones/2023EE282569.pdf HTTP/1.1" 200 1436339
66.249.66.17 - - [02/Dec/2023:08:04:58 -0500] "GET /Publicaciones/2023EE277230.pdf HTTP/1.1" 200 361649
66.249.66.20 - - [02/Dec/2023:08:04:59 -0500] "GET /Publicaciones/2023EE281824.pdf HTTP/1.1" 200 231431
66.249.66.21 - - [02/Dec/2023:08:05:00 -0500] "GET /Publicaciones/2023EE271425.pdf HTTP/1.1" 200 384131
66.249.66.23 - - [02/Dec/2023:08:05:01 -0500] "GET /Publicaciones/2023EE278654.pdf HTTP/1.1" 200 231832
66.249.66.9 - - [02/Dec/2023:08:05:02 -0500] "GET /Publicaciones/2023EE277653.pdf HTTP/1.1" 200 371526
66.249.66.5 - - [02/Dec/2023:08:05:02 -0500] "GET /Publicaciones/2023EE279281.pdf HTTP/1.1" 200 231785
66.249.66.13 - - [02/Dec/2023:08:05:03 -0500] "GET /Publicaciones/2023EE283630.pdf HTTP/1.1" 200 231516
66.249.66.3 - - [02/Dec/2023:08:05:04 -0500] "GET /Publicaciones/2023EE282237.pdf HTTP/1.1" 200 1199846
66.249.66.23 - - [02/Dec/2023:08:05:06 -0500] "GET /Publicaciones/2023EE283170.pdf HTTP/1.1" 200 421506
66.249.66.2 - - [02/Dec/2023:08:05:07 -0500] "GET /Publicaciones/2023EE283620.pdf HTTP/1.1" 200 231937
66.249.66.2 - - [02/Dec/2023:08:05:07 -0500] "GET /Publicaciones/2023EE279994.pdf HTTP/1.1" 200 231895
66.249.66.2 - - [02/Dec/2023:08:05:08 -0500] "GET /Publicaciones/2023EE280806.pdf HTTP/1.1" 200 3805099
66.249.66.20 - - [02/Dec/2023:08:05:12 -0500] "GET /Publicaciones/2023EE271389.pdf HTTP/1.1" 200 365028
66.249.66.21 - - [02/Dec/2023:08:05:13 -0500] "GET /Publicaciones/2023EE278695.pdf HTTP/1.1" 200 231845
66.249.66.6 - - [02/Dec/2023:08:05:13 -0500] "GET /Publicaciones/2023EE278048.pdf HTTP/1.1" 200 369418
66.249.66.23 - - [02/Dec/2023:08:05:14 -0500] "GET /Publicaciones/2023EE278522.pdf HTTP/1.1" 200 383451
66.249.66.6 - - [02/Dec/2023:08:05:14 -0500] "GET /Publicaciones/2023EE276400.pdf HTTP/1.1" 200 231950
66.249.66.19 - - [02/Dec/2023:08:05:15 -0500] "GET /Publicaciones/2023EE278685.pdf HTTP/1.1" 200 231831
66.249.66.19 - - [02/Dec/2023:08:05:16 -0500] "GET /Publicaciones/2023EE275660.pdf HTTP/1.1" 200 231874
66.249.66.19 - - [02/Dec/2023:08:05:17 -0500] "GET /Publicaciones/2023EE274823.pdf HTTP/1.1" 200 350634
66.249.66.4 - - [02/Dec/2023:08:05:18 -0500] "GET /Publicaciones/2023EE280625.pdf HTTP/1.1" 200 285791
66.249.66.22 - - [02/Dec/2023:08:05:18 -0500] "GET /Publicaciones/2023EE283318.pdf HTTP/1.1" 200 1306438
66.249.66.23 - - [02/Dec/2023:08:05:20 -0500] "GET /Publicaciones/2023EE283581.pdf HTTP/1.1" 200 232032
66.249.66.2 - - [02/Dec/2023:08:05:21 -0500] "GET /Publicaciones/2023EE271448.pdf HTTP/1.1" 200 231774
66.249.66.21 - - [02/Dec/2023:08:05:21 -0500] "GET /Publicaciones/2023EE271170.pdf HTTP/1.1" 200 232250
66.249.66.20 - - [02/Dec/2023:08:05:22 -0500] "GET /Publicaciones/2023EE273968.pdf HTTP/1.1" 200 1354767
66.249.66.22 - - [02/Dec/2023:08:05:23 -0500] "GET /Publicaciones/2023EE276229.pdf HTTP/1.1" 200 336815
66.249.66.21 - - [02/Dec/2023:08:05:24 -0500] "GET /Publicaciones/2023EE271417.pdf HTTP/1.1" 200 935301
66.249.66.22 - - [02/Dec/2023:08:05:25 -0500] "GET /Publicaciones/2023EE283592.pdf HTTP/1.1" 200 231948
66.249.66.22 - - [02/Dec/2023:08:05:26 -0500] "GET /Publicaciones/2023EE280003.pdf HTTP/1.1" 200 232291
66.249.66.3 - - [02/Dec/2023:08:05:26 -0500] "GET /Publicaciones/2023EE279728.pdf HTTP/1.1" 200 394351
66.249.66.22 - - [02/Dec/2023:08:05:27 -0500] "GET /Publicaciones/2023EE278961.pdf HTTP/1.1" 200 435253
66.249.66.22 - - [02/Dec/2023:08:05:28 -0500] "GET /Publicaciones/2023EE275284.pdf HTTP/1.1" 200 362068
66.249.66.22 - - [02/Dec/2023:08:05:28 -0500] "GET /Publicaciones/2023EE278540.pdf HTTP/1.1" 200 397727
66.249.66.1 - - [02/Dec/2023:08:05:29 -0500] "GET /Publicaciones/2023EE271740.pdf HTTP/1.1" 200 231852
66.249.66.8 - - [02/Dec/2023:08:05:30 -0500] "GET /Publicaciones/2023EE283612.pdf HTTP/1.1" 200 231957
66.249.66.19 - - [02/Dec/2023:08:05:31 -0500] "GET /Publicaciones/2023EE279733.pdf HTTP/1.1" 200 368840
66.249.66.23 - - [02/Dec/2023:08:05:31 -0500] "GET /Publicaciones/2023EE282325.pdf HTTP/1.1" 200 394719
66.249.66.7 - - [02/Dec/2023:08:05:32 -0500] "GET /Publicaciones/2023EE278960.pdf HTTP/1.1" 200 358015
66.249.66.7 - - [02/Dec/2023:08:05:33 -0500] "GET /Publicaciones/2023EE275504.pdf HTTP/1.1" 200 231848
66.249.66.1 - - [02/Dec/2023:08:05:34 -0500] "GET /Publicaciones/2023EE281826.pdf HTTP/1.1" 200 231943
66.249.66.19 - - [02/Dec/2023:08:05:35 -0500] "GET /Publicaciones/2023EE283619.pdf HTTP/1.1" 200 232219
66.249.66.1 - - [02/Dec/2023:08:05:35 -0500] "GET /Publicaciones/2023EE281838.pdf HTTP/1.1" 200 231940
66.249.66.4 - - [02/Dec/2023:08:05:36 -0500] "GET /Publicaciones/2023EE276440.pdf HTTP/1.1" 200 366627
66.249.66.7 - - [02/Dec/2023:08:05:37 -0500] "GET /Publicaciones/2023EE280778.pdf HTTP/1.1" 200 1067919
66.249.66.19 - - [02/Dec/2023:08:05:38 -0500] "GET /Publicaciones/2023EE271096.pdf HTTP/1.1" 200 979925
66.249.66.1 - - [02/Dec/2023:08:05:39 -0500] "GET /Publicaciones/2023EE278041.pdf HTTP/1.1" 200 1957744
66.249.66.7 - - [02/Dec/2023:08:05:42 -0500] "GET /Publicaciones/2023EE282317.pdf HTTP/1.1" 200 1218492
66.249.66.6 - - [02/Dec/2023:08:05:43 -0500] "GET /Publicaciones/2023EE276407.pdf HTTP/1.1" 200 231822
66.249.66.11 - - [02/Dec/2023:08:05:44 -0500] "GET /Publicaciones/2023EE279276.pdf HTTP/1.1" 200 231902
66.249.66.8 - - [02/Dec/2023:08:05:45 -0500] "GET /Publicaciones/2023EE275623.pdf HTTP/1.1" 200 370814
66.249.66.12 - - [02/Dec/2023:08:05:46 -0500] "GET /Publicaciones/2023EE283617.pdf HTTP/1.1" 200 231951
66.249.66.4 - - [02/Dec/2023:08:05:46 -0500] "GET /Publicaciones/2023EE282769.pdf HTTP/1.1" 200 1181857
66.249.66.23 - - [02/Dec/2023:08:05:48 -0500] "GET /Publicaciones/2023EE271314.pdf HTTP/1.1" 200 4042049
66.249.66.10 - - [02/Dec/2023:08:05:53 -0500] "GET /Publicaciones/2023EE283583.pdf HTTP/1.1" 200 232040
66.249.66.13 - - [02/Dec/2023:08:05:53 -0500] "GET /Publicaciones/2023EE270848.pdf HTTP/1.1" 200 326746
66.249.66.12 - - [02/Dec/2023:08:05:54 -0500] "GET /Publicaciones/2023EE281821.pdf HTTP/1.1" 200 231868
66.249.66.12 - - [02/Dec/2023:08:05:55 -0500] "GET /Publicaciones/2023EE282687.pdf HTTP/1.1" 200 294880
66.249.66.14 - - [02/Dec/2023:08:05:55 -0500] "GET /Publicaciones/2023EE282574.pdf HTTP/1.1" 200 1051872
66.249.66.23 - - [02/Dec/2023:08:05:57 -0500] "GET /Publicaciones/2023EE273267.pdf HTTP/1.1" 200 231890
66.249.66.5 - - [02/Dec/2023:08:05:58 -0500] "GET /Publicaciones/2023EE280006.pdf HTTP/1.1" 200 231963
66.249.66.13 - - [02/Dec/2023:08:05:58 -0500] "GET /Publicaciones/2023EE278955.pdf HTTP/1.1" 200 2441074
66.249.66.12 - - [02/Dec/2023:08:06:01 -0500] "GET /Publicaciones/2023EE276203.pdf HTTP/1.1" 200 343027
66.249.66.7 - - [02/Dec/2023:08:06:02 -0500] "GET /Publicaciones/2023EE280813.pdf HTTP/1.1" 200 1666912
66.249.66.7 - - [02/Dec/2023:08:06:04 -0500] "GET /Publicaciones/2023EE279284.pdf HTTP/1.1" 200 231907
66.249.66.9 - - [02/Dec/2023:08:06:04 -0500] "GET /Publicaciones/2023EE272715.pdf HTTP/1.1" 200 401614
66.249.66.19 - - [02/Dec/2023:08:06:05 -0500] "GET /Publicaciones/2023EE274814.pdf HTTP/1.1" 200 3084480
66.249.66.5 - - [02/Dec/2023:08:06:09 -0500] "GET /Publicaciones/2023EE281706.pdf HTTP/1.1" 200 5180205
66.249.66.3 - - [02/Dec/2023:08:06:14 -0500] "GET /Publicaciones/2023EE279757.pdf HTTP/1.1" 200 337991
66.249.66.23 - - [02/Dec/2023:08:06:15 -0500] "GET /Publicaciones/2023EE281818.pdf HTTP/1.1" 200 231861
66.249.66.7 - - [02/Dec/2023:08:06:16 -0500] "GET /Publicaciones/2023EE278784.pdf HTTP/1.1" 200 231846
66.249.66.22 - - [02/Dec/2023:08:06:16 -0500] "GET /Publicaciones/2023EE281436.pdf HTTP/1.1" 200 404877
201.245.192.253 - - [02/Dec/2023:08:06:18 -0500] "POST /forms/lservlet;jsessionid=ac16012b30d64ec0b0a9f85d4cd0acdf8f65235348eb.e3iSbxaKaheRe3eRa38MahaQbi1ynknvrkLOlQzNp65In0 HTTP/1.1" 200 2
66.249.66.1 - - [02/Dec/2023:08:06:17 -0500] "GET /Publicaciones/2023EE282675.pdf HTTP/1.1" 200 820078
66.249.66.3 - - [02/Dec/2023:08:06:19 -0500] "GET /Publicaciones/2023EE281453.pdf HTTP/1.1" 200 391666
66.249.66.2 - - [02/Dec/2023:08:06:19 -0500] "GET /Publicaciones/2023EE281835.pdf HTTP/1.1" 200 231965
66.249.66.22 - - [02/Dec/2023:08:06:20 -0500] "GET /Publicaciones/2023EE283589.pdf HTTP/1.1" 200 231519
66.249.66.21 - - [02/Dec/2023:08:06:21 -0500] "GET /Publicaciones/2023EE281812.pdf HTTP/1.1" 200 231907
66.249.66.1 - - [02/Dec/2023:08:06:22 -0500] "GET /Publicaciones/2023EE275621.pdf HTTP/1.1" 200 376717
66.249.66.21 - - [02/Dec/2023:08:06:23 -0500] "GET /Publicaciones/2023EE281845.pdf HTTP/1.1" 200 232816
66.249.66.5 - - [02/Dec/2023:08:06:23 -0500] "GET /Publicaciones/2023EE281849.pdf HTTP/1.1" 200 231901
66.249.66.5 - - [02/Dec/2023:08:06:24 -0500] "GET /Publicaciones/2023EE279262.pdf HTTP/1.1" 200 2048035
66.249.66.1 - - [02/Dec/2023:08:06:27 -0500] "GET /Publicaciones/2023EE278692.pdf HTTP/1.1" 200 231994
66.249.66.1 - - [02/Dec/2023:08:06:27 -0500] "GET /Publicaciones/2023EE275511.pdf HTTP/1.1" 200 231818
66.249.66.22 - - [02/Dec/2023:08:06:28 -0500] "GET /Publicaciones/2023EE280011.pdf HTTP/1.1" 200 231887
66.249.66.21 - - [02/Dec/2023:08:06:28 -0500] "GET /Publicaciones/2023EE275972.pdf HTTP/1.1" 200 404189
66.249.66.9 - - [02/Dec/2023:08:06:29 -0500] "GET /Publicaciones/2023EE278305.pdf HTTP/1.1" 200 361567
66.249.66.23 - - [02/Dec/2023:08:06:30 -0500] "GET /Publicaciones/2023EE273480.pdf HTTP/1.1" 200 497804
66.249.66.20 - - [02/Dec/2023:08:06:31 -0500] "GET /Publicaciones/2023EE279993.pdf HTTP/1.1" 200 232026
66.249.66.6 - - [02/Dec/2023:08:06:32 -0500] "GET /Publicaciones/2023EE284260.pdf HTTP/1.1" 200 231954
66.249.66.1 - - [02/Dec/2023:08:06:33 -0500] "GET /Publicaciones/2023EE278098.pdf HTTP/1.1" 200 1014626
66.249.66.4 - - [02/Dec/2023:08:06:34 -0500] "GET /Publicaciones/2023EE283626.pdf HTTP/1.1" 200 231548
66.249.66.20 - - [02/Dec/2023:08:06:35 -0500] "GET /Publicaciones/2023EE277231.pdf HTTP/1.1" 200 375161
66.249.66.19 - - [02/Dec/2023:08:06:36 -0500] "GET /Publicaciones/2023EE283014.pdf HTTP/1.1" 200 334975
201.245.192.253 - - [02/Dec/2023:08:06:37 -0500] "POST /forms/lservlet;jsessionid=ac16012b30d66bd79d5a81354b569b64ca0b03586396.e3iSbxaKaheRe3eRa38MahaQbi1ynknvrkLOlQzNp65In0 HTTP/1.1" 200 2
66.249.66.21 - - [02/Dec/2023:08:06:37 -0500] "GET /Publicaciones/2023EE283595.pdf HTTP/1.1" 200 231936
66.249.66.5 - - [02/Dec/2023:08:06:38 -0500] "GET /Publicaciones/2023EE283586.pdf HTTP/1.1" 200 231951
66.249.66.23 - - [02/Dec/2023:08:06:38 -0500] "GET /Publicaciones/2023EE283395.pdf HTTP/1.1" 200 1398149
66.249.66.10 - - [02/Dec/2023:08:06:40 -0500] "GET /Publicaciones/2023EE282323.pdf HTTP/1.1" 200 358999
66.249.66.9 - - [02/Dec/2023:08:06:41 -0500] "GET /Publicaciones/2023EE281688.pdf HTTP/1.1" 200 364835
172.22.2.4 - - [02/Dec/2023:08:05:20 -0500] "HEAD /BLA/boletinlegal/ HTTP/1.1" 200 -
62.197.222.201 - - [02/Dec/2023:08:07:32 -0500] "GET / HTTP/1.1" 200 319
172.22.2.4 - - [02/Dec/2023:08:06:11 -0500] "GET /BLA/boletinlegal/ HTTP/1.1" 200 60634
103.231.254.34 - - [02/Dec/2023:08:07:52 -0500] "GET / HTTP/1.1" 200 4720
201.245.192.253 - - [02/Dec/2023:08:07:59 -0500] "POST /kwsrmcab/Wsrmcab  HTTP/1.1" 200 41956
201.245.192.253 - - [02/Dec/2023:08:08:18 -0500] "POST /forms/lservlet;jsessionid=ac16012b30d64ec0b0a9f85d4cd0acdf8f65235348eb.e3iSbxaKaheRe3eRa38MahaQbi1ynknvrkLOlQzNp65In0 HTTP/1.1" 200 2
216.245.221.92 - - [02/Dec/2023:08:08:18 -0500] "HEAD / HTTP/1.1" 200 -
201.245.192.253 - - [02/Dec/2023:08:08:37 -0500] "POST /forms/lservlet;jsessionid=ac16012b30d66bd79d5a81354b569b64ca0b03586396.e3iSbxaKaheRe3eRa38MahaQbi1ynknvrkLOlQzNp65In0 HTTP/1.1" 200 2
207.46.13.126 - - [02/Dec/2023:08:09:32 -0500] "GET /BLA/resoluciones/AUTOS%202017/4874.pdf HTTP/1.1" 200 263657
45.238.183.5 - - [02/Dec/2023:08:09:49 -0500] "GET /sendero-las-moyas-iniciativa-privada-enfocada-en-procesos-de-restauracion-conservacion-y-educacion-ambiental.html HTTP/1.1" 200 1013
201.245.192.253 - - [02/Dec/2023:08:10:18 -0500] "POST /forms/lservlet;jsessionid=ac16012b30d64ec0b0a9f85d4cd0acdf8f65235348eb.e3iSbxaKaheRe3eRa38MahaQbi1ynknvrkLOlQzNp65In0 HTTP/1.1" 200 2
201.245.192.253 - - [02/Dec/2023:08:10:37 -0500] "POST /forms/lservlet;jsessionid=ac16012b30d66bd79d5a81354b569b64ca0b03586396.e3iSbxaKaheRe3eRa38MahaQbi1ynknvrkLOlQzNp65In0 HTTP/1.1" 200 2
157.55.39.61 - - [02/Dec/2023:08:10:46 -0500] "GET /BLA/resoluciones/AUTOS%202017/3167.pdf HTTP/1.1" 200 289379
66.249.66.19 - - [02/Dec/2023:08:10:46 -0500] "GET /BLA/resoluciones/RESOLUCIONES%202017/2467.pdf HTTP/1.1" 200 278842
66.249.66.21 - - [02/Dec/2023:08:11:11 -0500] "GET /BLA/resoluciones/Notificaciones/RESOLUCIONES%202021/3732.pdf HTTP/1.1" 200 416824
66.249.66.19 - - [02/Dec/2023:08:11:16 -0500] "GET /BLA/resoluciones/RESOLUCIONES%202009/6974.pdf HTTP/1.1" 200 638441
157.55.39.61 - - [02/Dec/2023:08:12:05 -0500] "GET /BLA/resoluciones/AUTOS%202017/3267.pdf HTTP/1.1" 200 280366
157.55.39.61 - - [02/Dec/2023:08:12:06 -0500] "GET /BLA/resoluciones/RESOLUCIONES%202021/0722.pdf HTTP/1.1" 304 -
18.139.221.184 - - [02/Dec/2023:08:12:08 -0500] "GET / HTTP/1.1" 200 319
201.245.192.253 - - [02/Dec/2023:08:12:18 -0500] "POST /forms/lservlet;jsessionid=ac16012b30d64ec0b0a9f85d4cd0acdf8f65235348eb.e3iSbxaKaheRe3eRa38MahaQbi1ynknvrkLOlQzNp65In0 HTTP/1.1" 200 2
201.245.192.253 - - [02/Dec/2023:08:12:37 -0500] "POST /forms/lservlet;jsessionid=ac16012b30d66bd79d5a81354b569b64ca0b03586396.e3iSbxaKaheRe3eRa38MahaQbi1ynknvrkLOlQzNp65In0 HTTP/1.1" 200 2
172.22.2.4 - - [02/Dec/2023:08:11:10 -0500] "HEAD /BLA/boletinlegal/ HTTP/1.1" 200 -
201.245.192.253 - - [02/Dec/2023:08:12:57 -0500] "POST /kwsrmcab/Wsrmcab  HTTP/1.1" 200 41956
66.220.149.21 - - [02/Dec/2023:08:13:14 -0500] "GET /images/presentaci\xc3\xb3n%20convenci\xc3\xb3n.jpg HTTP/1.1" 404 1034
216.245.221.92 - - [02/Dec/2023:08:13:18 -0500] "HEAD / HTTP/1.1" 200 -
172.22.2.4 - - [02/Dec/2023:08:12:01 -0500] "GET /BLA/boletinlegal/ HTTP/1.1" 200 56997
201.245.192.253 - - [02/Dec/2023:08:14:18 -0500] "POST /forms/lservlet;jsessionid=ac16012b30d64ec0b0a9f85d4cd0acdf8f65235348eb.e3iSbxaKaheRe3eRa38MahaQbi1ynknvrkLOlQzNp65In0 HTTP/1.1" 200 2
201.245.192.253 - - [02/Dec/2023:08:14:37 -0500] "POST /forms/lservlet;jsessionid=ac16012b30d66bd79d5a81354b569b64ca0b03586396.e3iSbxaKaheRe3eRa38MahaQbi1ynknvrkLOlQzNp65In0 HTTP/1.1" 200 2
201.245.192.253 - - [02/Dec/2023:08:16:18 -0500] "POST /forms/lservlet;jsessionid=ac16012b30d64ec0b0a9f85d4cd0acdf8f65235348eb.e3iSbxaKaheRe3eRa38MahaQbi1ynknvrkLOlQzNp65In0 HTTP/1.1" 200 2
201.245.192.253 - - [02/Dec/2023:08:16:37 -0500] "POST /forms/lservlet;jsessionid=ac16012b30d66bd79d5a81354b569b64ca0b03586396.e3iSbxaKaheRe3eRa38MahaQbi1ynknvrkLOlQzNp65In0 HTTP/1.1" 200 2
201.245.192.253 - - [02/Dec/2023:08:17:01 -0500] "POST /kwsrmcab/Wsrmcab HTTP/1.1" 200 40870
201.245.192.253 - - [02/Dec/2023:08:17:04 -0500] "POST /kwsrmcab/Wsrmcab HTTP/1.1" 200 36584
66.249.66.20 - - [02/Dec/2023:08:17:46 -0500] "GET /Publicaciones/2023EE270847.pdf HTTP/1.1" 200 243157
66.249.66.21 - - [02/Dec/2023:08:17:47 -0500] "GET /Publicaciones/2023EE271172.pdf HTTP/1.1" 200 231847
201.245.192.253 - - [02/Dec/2023:08:17:56 -0500] "POST /kwsrmcab/Wsrmcab  HTTP/1.1" 200 41956
201.245.192.253 - - [02/Dec/2023:08:18:18 -0500] "POST /forms/lservlet;jsessionid=ac16012b30d64ec0b0a9f85d4cd0acdf8f65235348eb.e3iSbxaKaheRe3eRa38MahaQbi1ynknvrkLOlQzNp65In0 HTTP/1.1" 200 2
216.245.221.92 - - [02/Dec/2023:08:18:18 -0500] "HEAD / HTTP/1.1" 200 -
201.245.192.253 - - [02/Dec/2023:08:18:37 -0500] "POST /forms/lservlet;jsessionid=ac16012b30d66bd79d5a81354b569b64ca0b03586396.e3iSbxaKaheRe3eRa38MahaQbi1ynknvrkLOlQzNp65In0 HTTP/1.1" 200 2
172.22.2.4 - - [02/Dec/2023:08:17:00 -0500] "HEAD /BLA/boletinlegal/ HTTP/1.1" 200 -
172.22.2.4 - - [02/Dec/2023:08:17:51 -0500] "GET /BLA/boletinlegal/ HTTP/1.1" 200 58294
201.245.192.253 - - [02/Dec/2023:08:20:18 -0500] "POST /forms/lservlet;jsessionid=ac16012b30d64ec0b0a9f85d4cd0acdf8f65235348eb.e3iSbxaKaheRe3eRa38MahaQbi1ynknvrkLOlQzNp65In0 HTTP/1.1" 200 2
201.245.192.253 - - [02/Dec/2023:08:20:37 -0500] "POST /forms/lservlet;jsessionid=ac16012b30d66bd79d5a81354b569b64ca0b03586396.e3iSbxaKaheRe3eRa38MahaQbi1ynknvrkLOlQzNp65In0 HTTP/1.1" 200 2
201.245.192.253 - - [02/Dec/2023:08:20:40 -0500] "POST /kwsrmcab/Wsrmcab HTTP/1.1" 200 40870
201.245.192.253 - - [02/Dec/2023:08:20:49 -0500] "POST /kwsrmcab/Wsrmcab HTTP/1.1" 200 36584
172.22.2.4 - - [02/Dec/2023:08:20:54 -0500] "GET /BLA/boletinlegal/jurisprudencia/analisis/AnalisisT-693-12.docx HTTP/1.1" 304 -
201.245.192.253 - - [02/Dec/2023:08:22:18 -0500] "POST /forms/lservlet;jsessionid=ac16012b30d64ec0b0a9f85d4cd0acdf8f65235348eb.e3iSbxaKaheRe3eRa38MahaQbi1ynknvrkLOlQzNp65In0 HTTP/1.1" 200 2
201.245.192.253 - - [02/Dec/2023:08:22:37 -0500] "POST /forms/lservlet;jsessionid=ac16012b30d66bd79d5a81354b569b64ca0b03586396.e3iSbxaKaheRe3eRa38MahaQbi1ynknvrkLOlQzNp65In0 HTTP/1.1" 200 2
201.245.192.253 - - [02/Dec/2023:08:22:54 -0500] "POST /kwsrmcab/Wsrmcab  HTTP/1.1" 200 41956
216.245.221.92 - - [02/Dec/2023:08:23:18 -0500] "HEAD / HTTP/1.1" 200 -
186.29.165.62 - - [02/Dec/2023:08:23:25 -0500] "GET /BLA/resoluciones/dlf/styles.css HTTP/1.1" 200 3049
186.29.165.62 - - [02/Dec/2023:08:23:25 -0500] "GET /BLA/resoluciones/dlf/dirup.png HTTP/1.1" 200 644
186.29.165.62 - - [02/Dec/2023:08:23:25 -0500] "GET /BLA/resoluciones/dlf/pdf.gif HTTP/1.1" 200 272
186.29.165.62 - - [02/Dec/2023:08:23:25 -0500] "GET /BLA/resoluciones/index.php?dir=AUTOS+2014%2F HTTP/1.1" 200 891340
186.29.165.62 - - [02/Dec/2023:08:23:26 -0500] "GET /BLA/resoluciones/dlf/unknown.png HTTP/1.1" 200 266
186.29.165.62 - - [02/Dec/2023:08:23:26 -0500] "GET /BLA/resoluciones/dlf/bg.gif HTTP/1.1" 200 54
186.29.165.62 - - [02/Dec/2023:08:24:14 -0500] "GET /BLA/resoluciones/AUTOS%202011/5565.pdf HTTP/1.1" 200 396800
186.29.165.62 - - [02/Dec/2023:08:24:14 -0500] "GET /BLA/resoluciones/AUTOS%202011/5565.pdf HTTP/1.1" 206 1025
40.77.167.46 - - [02/Dec/2023:08:24:14 -0500] "GET /BLA/resoluciones/RESOLUCIONES%202021/1621.pdf HTTP/1.1" 200 438426
186.29.165.62 - - [02/Dec/2023:08:24:16 -0500] "GET /BLA/resoluciones/AUTOS%202011/5565.pdf HTTP/1.1" 200 396800
186.29.165.62 - - [02/Dec/2023:08:24:16 -0500] "GET /BLA/resoluciones/AUTOS%202011/5565.pdf HTTP/1.1" 200 396800
201.245.192.253 - - [02/Dec/2023:08:24:18 -0500] "POST /forms/lservlet;jsessionid=ac16012b30d64ec0b0a9f85d4cd0acdf8f65235348eb.e3iSbxaKaheRe3eRa38MahaQbi1ynknvrkLOlQzNp65In0 HTTP/1.1" 200 2
172.22.2.4 - - [02/Dec/2023:08:22:50 -0500] "HEAD /BLA/boletinlegal/ HTTP/1.1" 200 -
201.245.192.253 - - [02/Dec/2023:08:24:37 -0500] "POST /forms/lservlet;jsessionid=ac16012b30d66bd79d5a81354b569b64ca0b03586396.e3iSbxaKaheRe3eRa38MahaQbi1ynknvrkLOlQzNp65In0 HTTP/1.1" 200 2
186.29.165.62 - - [02/Dec/2023:08:24:55 -0500] "GET /BLA/resoluciones/AUTOS%202011/5565.pdf HTTP/1.1" 200 396800
186.29.165.62 - - [02/Dec/2023:08:25:02 -0500] "GET /BLA/resoluciones/index.php?dir=AUTOS+2011%2F HTTP/1.1" 200 637403
186.29.165.62 - - [02/Dec/2023:08:25:05 -0500] "GET /BLA/resoluciones/ HTTP/1.1" 200 13696
186.29.165.62 - - [02/Dec/2023:08:25:05 -0500] "GET /BLA/resoluciones/dlf/folder.png HTTP/1.1" 200 410
186.29.165.62 - - [02/Dec/2023:08:25:07 -0500] "GET /BLA/resoluciones/index.php?dir=AUTOS+2014%2F HTTP/1.1" 200 891340
186.29.165.62 - - [02/Dec/2023:08:25:18 -0500] "GET /BLA/resoluciones/AUTOS%202014/3334.pdf HTTP/1.1" 200 422576
186.29.165.62 - - [02/Dec/2023:08:25:18 -0500] "GET /BLA/resoluciones/AUTOS%202014/3334.pdf HTTP/1.1" 206 1025
186.29.165.62 - - [02/Dec/2023:08:25:18 -0500] "GET /BLA/resoluciones/AUTOS%202014/3334.pdf HTTP/1.1" 200 422576
172.22.2.4 - - [02/Dec/2023:08:23:41 -0500] "GET /BLA/boletinlegal/ HTTP/1.1" 200 56634
172.22.2.4 - - [02/Dec/2023:08:25:48 -0500] "GET /BLA/boletinlegal/actos.php HTTP/1.1" 200 9682
172.22.2.4 - - [02/Dec/2023:08:25:49 -0500] "GET /BLA/boletinlegal/styles2.css HTTP/1.1" 200 1838
172.22.2.4 - - [02/Dec/2023:08:25:49 -0500] "GET /BLA/boletinlegal/js/ajax_actos.js HTTP/1.1" 200 1322
172.22.2.4 - - [02/Dec/2023:08:25:49 -0500] "GET /BLA/boletinlegal/niceforms-default.css HTTP/1.1" 200 6694
172.22.2.4 - - [02/Dec/2023:08:25:49 -0500] "GET /BLA/boletinlegal/style.css HTTP/1.1" 200 9406
172.22.2.4 - - [02/Dec/2023:08:25:49 -0500] "GET /BLA/boletinlegal/js/lib.js HTTP/1.1" 200 6474
172.22.2.4 - - [02/Dec/2023:08:25:49 -0500] "GET /BLA/boletinlegal/niceforms.js HTTP/1.1" 200 22876
172.22.2.4 - - [02/Dec/2023:08:25:49 -0500] "GET /BLA/boletinlegal/js/popup.js HTTP/1.1" 200 1270
172.22.2.4 - - [02/Dec/2023:08:25:49 -0500] "GET /BLA/boletinlegal/js/jquery1.js HTTP/1.1" 200 29846
172.22.2.4 - - [02/Dec/2023:08:25:49 -0500] "GET /BLA/boletinlegal/images/cabezote%20BLEGAL.jpg HTTP/1.1" 200 118164
172.22.2.4 - - [02/Dec/2023:08:25:49 -0500] "GET /BLA/boletinlegal/images/subscribe-icon-big.png HTTP/1.1" 200 47702
172.22.2.4 - - [02/Dec/2023:08:25:49 -0500] "GET /BLA/boletinlegal/images/historia.png HTTP/1.1" 200 52775
172.22.2.4 - - [02/Dec/2023:08:25:49 -0500] "GET /BLA/boletinlegal/images/body_bg.jpg HTTP/1.1" 200 1601
172.22.2.4 - - [02/Dec/2023:08:25:49 -0500] "GET /BLA/boletinlegal/images/menu_lft.gif HTTP/1.1" 200 1713
172.22.2.4 - - [02/Dec/2023:08:25:49 -0500] "GET /BLA/boletinlegal/images/footer_bg.jpg HTTP/1.1" 200 586
172.22.2.4 - - [02/Dec/2023:08:25:49 -0500] "GET /BLA/boletinlegal/images/menu_rght.gif HTTP/1.1" 200 1627
172.22.2.4 - - [02/Dec/2023:08:25:49 -0500] "GET /BLA/boletinlegal/images/menu_bg.jpg HTTP/1.1" 200 620
172.22.2.4 - - [02/Dec/2023:08:25:49 -0500] "GET /BLA/boletinlegal/images/bg_top.jpg HTTP/1.1" 200 522
172.22.2.4 - - [02/Dec/2023:08:25:49 -0500] "GET /BLA/boletinlegal/images/text.jpg HTTP/1.1" 200 568
172.22.2.4 - - [02/Dec/2023:08:25:49 -0500] "GET /BLA/boletinlegal/images/footer_bg_l.jpg HTTP/1.1" 200 776
172.22.2.4 - - [02/Dec/2023:08:25:49 -0500] "GET /BLA/boletinlegal/images/hover.jpg HTTP/1.1" 200 640
172.22.2.4 - - [02/Dec/2023:08:25:49 -0500] "GET /BLA/boletinlegal/images/green-yellow-blue-pink-th.png HTTP/1.1" 200 7394
172.22.2.4 - - [02/Dec/2023:08:25:49 -0500] "GET /BLA/boletinlegal/images/registro-usuarios.png HTTP/1.1" 200 8106
172.22.2.4 - - [02/Dec/2023:08:25:49 -0500] "GET /BLA/boletinlegal/images/tel.png HTTP/1.1" 200 14477
172.22.2.4 - - [02/Dec/2023:08:25:49 -0500] "GET /BLA/boletinlegal/images/icono-email.png HTTP/1.1" 200 5544
172.22.2.4 - - [02/Dec/2023:08:25:49 -0500] "GET /BLA/boletinlegal/img/0.png HTTP/1.1" 200 110
172.22.2.4 - - [02/Dec/2023:08:25:49 -0500] "GET /BLA/boletinlegal/img/select-left.png HTTP/1.1" 200 263
172.22.2.4 - - [02/Dec/2023:08:25:49 -0500] "GET /BLA/boletinlegal/img/select-right.png HTTP/1.1" 200 44019
172.22.2.4 - - [02/Dec/2023:08:25:49 -0500] "GET /BLA/boletinlegal/img/button.png HTTP/1.1" 200 43241
172.22.2.4 - - [02/Dec/2023:08:25:49 -0500] "GET /BLA/boletinlegal/img/button-left.png HTTP/1.1" 200 57071
172.22.2.4 - - [02/Dec/2023:08:25:49 -0500] "GET /BLA/boletinlegal/img/button-right.png HTTP/1.1" 200 57878
172.22.2.4 - - [02/Dec/2023:08:25:49 -0500] "GET /BLA/boletinlegal/favicon.ico HTTP/1.1" 404 1326
201.245.192.253 - - [02/Dec/2023:08:26:18 -0500] "POST /forms/lservlet;jsessionid=ac16012b30d64ec0b0a9f85d4cd0acdf8f65235348eb.e3iSbxaKaheRe3eRa38MahaQbi1ynknvrkLOlQzNp65In0 HTTP/1.1" 200 2
201.245.192.253 - - [02/Dec/2023:08:26:37 -0500] "POST /forms/lservlet;jsessionid=ac16012b30d66bd79d5a81354b569b64ca0b03586396.e3iSbxaKaheRe3eRa38MahaQbi1ynknvrkLOlQzNp65In0 HTTP/1.1" 200 2
201.245.192.253 - - [02/Dec/2023:08:27:02 -0500] "POST /kwsrmcab/Wsrmcab HTTP/1.1" 200 40870
201.245.192.253 - - [02/Dec/2023:08:27:05 -0500] "POST /kwsrmcab/Wsrmcab HTTP/1.1" 200 36584
172.233.57.47 - - [02/Dec/2023:08:27:25 -0500] "\x16\x03\x01" 400 226
172.233.57.47 - - [02/Dec/2023:08:27:29 -0500] "GET / HTTP/1.1" 200 319
201.245.192.253 - - [02/Dec/2023:08:27:52 -0500] "POST /kwsrmcab/Wsrmcab  HTTP/1.1" 200 41956
201.245.192.253 - - [02/Dec/2023:08:28:18 -0500] "POST /forms/lservlet;jsessionid=ac16012b30d64ec0b0a9f85d4cd0acdf8f65235348eb.e3iSbxaKaheRe3eRa38MahaQbi1ynknvrkLOlQzNp65In0 HTTP/1.1" 200 2
216.245.221.92 - - [02/Dec/2023:08:28:18 -0500] "HEAD / HTTP/1.1" 200 -
201.245.192.253 - - [02/Dec/2023:08:28:37 -0500] "POST /forms/lservlet;jsessionid=ac16012b30d66bd79d5a81354b569b64ca0b03586396.e3iSbxaKaheRe3eRa38MahaQbi1ynknvrkLOlQzNp65In0 HTTP/1.1" 200 2
172.22.2.4 - - [02/Dec/2023:08:28:57 -0500] "GET /BLA/boletinlegal/actos.php HTTP/1.1" 200 9682
172.22.2.4 - - [02/Dec/2023:08:28:58 -0500] "GET /BLA/boletinlegal/js/ajax_actos.js HTTP/1.1" 200 1322
172.22.2.4 - - [02/Dec/2023:08:28:58 -0500] "GET /BLA/boletinlegal/styles2.css HTTP/1.1" 200 1838
172.22.2.4 - - [02/Dec/2023:08:28:58 -0500] "GET /BLA/boletinlegal/style.css HTTP/1.1" 200 9406
172.22.2.4 - - [02/Dec/2023:08:28:58 -0500] "GET /BLA/boletinlegal/niceforms-default.css HTTP/1.1" 200 6694
172.22.2.4 - - [02/Dec/2023:08:28:58 -0500] "GET /BLA/boletinlegal/niceforms.js HTTP/1.1" 200 22876
172.22.2.4 - - [02/Dec/2023:08:28:59 -0500] "GET /BLA/boletinlegal/js/lib.js HTTP/1.1" 200 6474
172.22.2.4 - - [02/Dec/2023:08:28:59 -0500] "GET /BLA/boletinlegal/js/popup.js HTTP/1.1" 200 1270
172.22.2.4 - - [02/Dec/2023:08:28:59 -0500] "GET /BLA/boletinlegal/js/jquery1.js HTTP/1.1" 200 29846
172.22.2.4 - - [02/Dec/2023:08:28:59 -0500] "GET /BLA/boletinlegal/images/cabezote%20BLEGAL.jpg HTTP/1.1" 200 118164
172.22.2.4 - - [02/Dec/2023:08:29:01 -0500] "GET /BLA/boletinlegal/images/subscribe-icon-big.png HTTP/1.1" 200 47702
172.22.2.4 - - [02/Dec/2023:08:29:01 -0500] "GET /BLA/boletinlegal/images/tel.png HTTP/1.1" 200 14477
172.22.2.4 - - [02/Dec/2023:08:29:01 -0500] "GET /BLA/boletinlegal/images/historia.png HTTP/1.1" 200 52775
172.22.2.4 - - [02/Dec/2023:08:29:01 -0500] "GET /BLA/boletinlegal/images/registro-usuarios.png HTTP/1.1" 200 8106
172.22.2.4 - - [02/Dec/2023:08:29:01 -0500] "GET /BLA/boletinlegal/images/green-yellow-blue-pink-th.png HTTP/1.1" 200 7394
172.22.2.4 - - [02/Dec/2023:08:29:05 -0500] "GET /BLA/boletinlegal/images/footer_bg.jpg HTTP/1.1" 200 586
172.22.2.4 - - [02/Dec/2023:08:29:05 -0500] "GET /BLA/boletinlegal/images/body_bg.jpg HTTP/1.1" 200 1601
172.22.2.4 - - [02/Dec/2023:08:29:05 -0500] "GET /BLA/boletinlegal/images/menu_rght.gif HTTP/1.1" 200 1627
172.22.2.4 - - [02/Dec/2023:08:29:08 -0500] "GET /BLA/boletinlegal/images/menu_lft.gif HTTP/1.1" 200 1713
172.22.2.4 - - [02/Dec/2023:08:29:09 -0500] "GET /BLA/boletinlegal/images/hover.jpg HTTP/1.1" 200 640
172.22.2.4 - - [02/Dec/2023:08:29:10 -0500] "GET /BLA/boletinlegal/images/menu_bg.jpg HTTP/1.1" 200 620
172.22.2.4 - - [02/Dec/2023:08:29:11 -0500] "GET /BLA/boletinlegal/images/bg_top.jpg HTTP/1.1" 200 522
172.22.2.4 - - [02/Dec/2023:08:29:11 -0500] "GET /BLA/boletinlegal/images/icono-email.png HTTP/1.1" 200 5544
172.22.2.4 - - [02/Dec/2023:08:29:11 -0500] "GET /BLA/boletinlegal/images/footer_bg_l.jpg HTTP/1.1" 200 776
172.22.2.4 - - [02/Dec/2023:08:29:11 -0500] "GET /BLA/boletinlegal/images/text.jpg HTTP/1.1" 200 568
172.22.2.4 - - [02/Dec/2023:08:29:13 -0500] "GET /BLA/boletinlegal/img/0.png HTTP/1.1" 200 110
172.22.2.4 - - [02/Dec/2023:08:29:13 -0500] "GET /BLA/boletinlegal/img/select-left.png HTTP/1.1" 200 263
172.22.2.4 - - [02/Dec/2023:08:29:13 -0500] "GET /BLA/boletinlegal/img/select-right.png HTTP/1.1" 200 44019
172.22.2.4 - - [02/Dec/2023:08:29:14 -0500] "GET /BLA/boletinlegal/favicon.ico HTTP/1.1" 404 1326
172.22.2.4 - - [02/Dec/2023:08:29:14 -0500] "GET /BLA/boletinlegal/img/button-left.png HTTP/1.1" 200 57071
172.22.2.4 - - [02/Dec/2023:08:29:16 -0500] "GET /BLA/boletinlegal/img/button.png HTTP/1.1" 200 43241
172.22.2.4 - - [02/Dec/2023:08:29:16 -0500] "GET /BLA/boletinlegal/img/button-right.png HTTP/1.1" 200 57878
173.252.107.6 - - [02/Dec/2023:08:29:36 -0500] "GET /images/Senderos1.jpeg HTTP/1.1" 200 172777
201.245.192.253 - - [02/Dec/2023:08:30:18 -0500] "POST /forms/lservlet;jsessionid=ac16012b30d64ec0b0a9f85d4cd0acdf8f65235348eb.e3iSbxaKaheRe3eRa38MahaQbi1ynknvrkLOlQzNp65In0 HTTP/1.1" 200 2
172.22.2.4 - - [02/Dec/2023:08:28:40 -0500] "HEAD /BLA/boletinlegal/ HTTP/1.1" 200 -
201.245.192.253 - - [02/Dec/2023:08:30:37 -0500] "POST /forms/lservlet;jsessionid=ac16012b30d66bd79d5a81354b569b64ca0b03586396.e3iSbxaKaheRe3eRa38MahaQbi1ynknvrkLOlQzNp65In0 HTTP/1.1" 200 2
201.245.192.253 - - [02/Dec/2023:08:30:40 -0500] "POST /kwsrmcab/Wsrmcab HTTP/1.1" 200 40870
201.245.192.253 - - [02/Dec/2023:08:30:48 -0500] "POST /kwsrmcab/Wsrmcab HTTP/1.1" 200 36584
172.22.2.4 - - [02/Dec/2023:08:29:31 -0500] "GET /BLA/boletinlegal/ HTTP/1.1" 200 56634
201.245.192.253 - - [02/Dec/2023:08:32:18 -0500] "POST /forms/lservlet;jsessionid=ac16012b30d64ec0b0a9f85d4cd0acdf8f65235348eb.e3iSbxaKaheRe3eRa38MahaQbi1ynknvrkLOlQzNp65In0 HTTP/1.1" 200 2
201.245.192.253 - - [02/Dec/2023:08:32:37 -0500] "POST /forms/lservlet;jsessionid=ac16012b30d66bd79d5a81354b569b64ca0b03586396.e3iSbxaKaheRe3eRa38MahaQbi1ynknvrkLOlQzNp65In0 HTTP/1.1" 200 2
201.245.192.253 - - [02/Dec/2023:08:32:50 -0500] "POST /kwsrmcab/Wsrmcab  HTTP/1.1" 200 41956
216.245.221.92 - - [02/Dec/2023:08:33:18 -0500] "HEAD / HTTP/1.1" 200 -
172.22.2.4 - - [02/Dec/2023:08:33:35 -0500] "GET /BLA/boletinlegal/owa/auth/logon.aspx HTTP/1.1" 404 1018
18.139.221.184 - - [02/Dec/2023:08:33:46 -0500] "GET / HTTP/1.1" 200 319
201.245.192.253 - - [02/Dec/2023:08:34:18 -0500] "POST /forms/lservlet;jsessionid=ac16012b30d64ec0b0a9f85d4cd0acdf8f65235348eb.e3iSbxaKaheRe3eRa38MahaQbi1ynknvrkLOlQzNp65In0 HTTP/1.1" 200 2
201.245.192.253 - - [02/Dec/2023:08:34:37 -0500] "POST /forms/lservlet;jsessionid=ac16012b30d66bd79d5a81354b569b64ca0b03586396.e3iSbxaKaheRe3eRa38MahaQbi1ynknvrkLOlQzNp65In0 HTTP/1.1" 200 2
172.22.2.4 - - [02/Dec/2023:08:34:30 -0500] "HEAD /BLA/boletinlegal/ HTTP/1.1" 200 -
201.245.192.253 - - [02/Dec/2023:08:36:18 -0500] "POST /forms/lservlet;jsessionid=ac16012b30d64ec0b0a9f85d4cd0acdf8f65235348eb.e3iSbxaKaheRe3eRa38MahaQbi1ynknvrkLOlQzNp65In0 HTTP/1.1" 200 2
201.245.192.253 - - [02/Dec/2023:08:36:37 -0500] "POST /forms/lservlet;jsessionid=ac16012b30d66bd79d5a81354b569b64ca0b03586396.e3iSbxaKaheRe3eRa38MahaQbi1ynknvrkLOlQzNp65In0 HTTP/1.1" 200 2
172.22.2.4 - - [02/Dec/2023:08:35:21 -0500] "GET /BLA/boletinlegal/ HTTP/1.1" 200 58294
201.245.192.253 - - [02/Dec/2023:08:37:01 -0500] "POST /kwsrmcab/Wsrmcab HTTP/1.1" 200 40870
201.245.192.253 - - [02/Dec/2023:08:37:04 -0500] "POST /kwsrmcab/Wsrmcab HTTP/1.1" 200 36584
201.245.192.253 - - [02/Dec/2023:08:37:49 -0500] "POST /kwsrmcab/Wsrmcab  HTTP/1.1" 200 41956
201.245.192.253 - - [02/Dec/2023:08:38:18 -0500] "POST /forms/lservlet;jsessionid=ac16012b30d64ec0b0a9f85d4cd0acdf8f65235348eb.e3iSbxaKaheRe3eRa38MahaQbi1ynknvrkLOlQzNp65In0 HTTP/1.1" 200 2
216.245.221.92 - - [02/Dec/2023:08:38:18 -0500] "HEAD / HTTP/1.1" 200 -
54.36.148.24 - - [02/Dec/2023:08:38:20 -0500] "GET /robots.txt HTTP/1.1" 404 1018
201.245.192.253 - - [02/Dec/2023:08:38:37 -0500] "POST /forms/lservlet;jsessionid=ac16012b30d66bd79d5a81354b569b64ca0b03586396.e3iSbxaKaheRe3eRa38MahaQbi1ynknvrkLOlQzNp65In0 HTTP/1.1" 200 2
201.245.192.253 - - [02/Dec/2023:08:39:42 -0500] "GET /reportes_sipse/jsp/inicio.jsp HTTP/1.1" 200 2935
201.245.192.253 - - [02/Dec/2023:08:39:42 -0500] "GET /reportes_sipse/css/estilos.css HTTP/1.1" 304 -
201.245.192.253 - - [02/Dec/2023:08:39:42 -0500] "GET /reportes_sipse/imagenes/logoAplicacion.jpg HTTP/1.1" 304 -
201.245.192.253 - - [02/Dec/2023:08:39:42 -0500] "GET /reportes_sipse/imagenes/fondo.jpg HTTP/1.1" 304 -
201.245.192.253 - - [02/Dec/2023:08:39:44 -0500] "POST /reportes_sipse/sdg/ServletReporte?adquisiciones_sipse_detallado& HTTP/1.1" 200 6273
201.245.192.253 - - [02/Dec/2023:08:39:44 -0500] "GET /reportes_sipse/js/funciones.js HTTP/1.1" 304 -
201.245.192.253 - - [02/Dec/2023:08:39:44 -0500] "GET /reportes_sipse/js/date-picker.js HTTP/1.1" 304 -
201.245.192.253 - - [02/Dec/2023:08:39:44 -0500] "GET /reportes_sipse/imagenes/calendario.gif HTTP/1.1" 304 -
201.245.192.253 - - [02/Dec/2023:08:39:44 -0500] "GET /reportes_sipse/imagenes/pdf.gif HTTP/1.1" 304 -
201.245.192.253 - - [02/Dec/2023:08:39:44 -0500] "GET /reportes_sipse/imagenes/excel.gif HTTP/1.1" 304 -
201.245.192.253 - - [02/Dec/2023:08:39:47 -0500] "GET /reportes_sipse/imagenes/retrocedeMes.gif HTTP/1.1" 304 -
201.245.192.253 - - [02/Dec/2023:08:39:47 -0500] "GET /reportes_sipse/imagenes/retrocedeAgno.gif HTTP/1.1" 304 -
201.245.192.253 - - [02/Dec/2023:08:39:47 -0500] "GET /reportes_sipse/imagenes/avanzaMes.gif HTTP/1.1" 304 -
201.245.192.253 - - [02/Dec/2023:08:39:47 -0500] "GET /reportes_sipse/imagenes/avanzaAgno.gif HTTP/1.1" 304 -
186.102.2.196 - - [02/Dec/2023:08:40:10 -0500] "GET /kwssiamovil/sm/ldap/au?x=U2FsdGVkX1+TpqEf7Q6ZzPVwriVFJd8JsUm8blTyL3GUktKa/2tw/c09WeUkRoWR&y=U2FsdGVkX18rZ6/VEoKHfeR/HEWlsR1ZVjZH/kbcEcg2HQfGub5Q1IUo/kAVsfPX HTTP/1.1" 200 30
186.102.2.196 - - [02/Dec/2023:08:40:10 -0500] "GET /kwssiamovil/sm/acme/s?s=U2FsdGVkX18UBrodMcaHv2VQ3b6ywJCCn9lMl5xQrQVsnjSR8wHHPyUV4e/UaL35ps6A0YO9qpWY1GeqyTPv0PicuiDJHPhvb+vhfPX7d8o=&u=U2FsdGVkX18ewq4NpnNUCb2wQov0I2AhSd0s81r4DvU=&y=U2FsdGVkX18rZ6/VEoKHfeR/HEWlsR1ZVjZH/kbcEcg2HQfGub5Q1IUo/kAVsfPX HTTP/1.1" 200 97
186.102.2.196 - - [02/Dec/2023:08:40:10 -0500] "GET /kwssiamovil/sm/acme/s?s=U2FsdGVkX1/sa/P6yZwoAu6QlVnff08lUETotMd5xA05rPxCFH3qCEd6PbJez1vFP35KixOg96HaBdbftjvuJMRA2aekkP24M8Wf7tqOZ3dMC1JlkYWBzhNxF4fD/it6D3kznd54A+dIBNUrOwQ0fQHbwxWE7T6XE4+6E+IdMAmp6RPgswwKzQlnARmWmEHRi9qj/LxCbq7tqjgHyttKwAfqICPQb6YQpsSa6MnBBelYI4FTfyJXAlFeLEUXn75+7gsGGZ/HvapJQKQe3o/q5bt6ZSd4T2Xep/k8rmSkHKX5XV0mXMhW14kZ6mB2KpfZ8hGkF9Gd9KUoNALNwPCAV8SgI6KfGvIq9b4ulICYEqZNInKIwe5RWAq/1GmX7nkDZUmVj5l+mxWLWkiMyFsYUHt+rsFH+Oo3U1hRMp3Zeso2w1wTjAnUal6pPI70eFYhlcxcdEVn5ncep53lTJG4v2sdtcyHNpAhUVxbZDvS1ZCoFRGBKL8tTiBNdOGd8jGUmndGb+Pp/jPE4AH493YK9oPst4WCSCxYeRxKQmX+WcUCiPeBW9Fo3igmJY/+A/Nm1lr/Zg8qV0zE/ap+ihvQOzyG2AE/wnjxUQbzzz79GE2IH0FQ5bWuU7TOZIoLRWWewusyWA8Cu9a48T6BYxYTsAOpGgGOPJWrTcd4Jdn1ZKNIQszeUR2N0IoQkoawmsaJMlHRQ0jiJdi37CmL7kyhkVHJMxzrNJwOzFfETQ//CtkXppFi3H6g7WSHsxEUs1S3J9rng+d1hxsDeOajwgBpK/HHQcQh/m+3m2d6OLl/Bv1a1daVhE+6OYVcuYU5Kd5brC5YT2lC56gg0brhL3D3KT1nIfHbalyzvHiNNxzrbGwCu1rjI4VLCpnEGaypF9ARSLRTbO3z7S9zoSlTvCzFVR7WnoGWviRQCAHqPUg3Mixz8M9CmCo6TpkRcapgp+yeMiY9/cg7+Ft4pbpF5G2mXb2KAyph1obEggCBnOrg19rLW70kCBKofEHuEju+8G+tNP/92yE/G5K9/q7P3YSVhQ2DZsKAMJm3LcqFOl/BAgZ+2/IKhPiRZ6Pk4CukSPePeSzaJwpfgVG2cbGRvLirXq4hdz4IYoutEFiMLwGJ8cecRjfjZ2iznO/nuIPjxDZx27+jXzSok0jTWhzl1TRged4E+f38KRVN2GLMZL3lGsQ+WDvzlIBSEXfuG7I7oYJ3A5ykCgvwq6h6C03GFV1AydJk5bE5gk6uqHereSLRvOtqJ9n5SbVllSgILSOPzRjvnC/SNb/cNnZH4Rgj324vleTjwxhMb/hWkIdl/LPAzkf6tTzV8hTRum3o2dVO7PWgVvfL7Y5NipJHTMavvnYOhGw0m0glGKe17jIG5MwhkYQvMu4I1vgZudLRUJm6BOSaR24JzOxrfJLM2TOl+Thxf+dKddc/OW3/aAvTg/4y326HFdNlgxFZpLG1uHknsGuUxNyQLHPap0/t7y8PMtyWDkR9TCyURKD/hUCi+ieiENfPU/xxA50QO4IM3831OD9V3tF0kR4quP495cPexD+LGubYWLmSL3hAz1bkXKgfdS4zaPWIiKzlqd9zgkiQs7gZSsXucZHJUbAMIiZP6KylIJavMtobtH/hsRMh2D3g30GdeEUreyCZeCwyJ2Q8JzKybk2E94ZKlnxzxZPDkVmFBgWUqvLYvf5fNmqhxmm1OBBqCdW4plcTkna615Jw8yjYKx1tKHhmYcvdSoyAEThvM/GzswQVt89WmHBuV8HqhM8=&u=U2FsdGVkX18ewq4NpnNUCb2wQov0I2AhSd0s81r4DvU=&y=U2FsdGVkX18rZ6/VEoKHfeR/HEWlsR1ZVjZH/kbcEcg2HQfGub5Q1IUo/kAVsfPX HTTP/1.1" 200 3233
186.102.2.196 - - [02/Dec/2023:08:40:10 -0500] "GET /kwssiamovil/sm/acme/s?s=U2FsdGVkX1/VELP4JUBVU9WMouzLvL4yQhtRg5e3xjyLvfaXGn9K2K69UpJc6ZgtlHTX9cLawINJC4AxgShgDymMId3sYkqLec23TVLuJ0f+G7CihjbWsuQ1zKsVfaSKR6KzOHFAc2PjTpXwREHfm6nrgVY0XbOMMNZjom6naNPLQ0qtdsDFeliRAtZNaVbNspvSLBs6pvtog1yAPw5Md/W6lwRlfzuVtZpWet7TmoWFJ8ApzKyncdkqGstB90Ev0Kz6SEjGwn6iShlsPr65Ap9PjZ/qI0EXPyht4rwNOFPKNbYsAkON/XF5kFl1BjiF/X+5qlaavBX8xXbn+uboU5/+u1w4n8bAkwI/ljxPr1J2EVYcj5PZ/kVp5AxksJquXpEfKgGubexrFJGVSCBDV9Cx/zi2cadDFiaRqGIvm0AJI+eD4TwZtFkYthmlbZZNtRCOVEtNIwDGU8EElWA6ijzjMHAebB5OCdBOoDOHZ9R+4dDgXa0V8HIrQUviR6l0XHryXOMwW0DmKKEieuKKdLE7vSBkmeroKZaHnrQc9htyYW9/98CZdZzREy7Yki5KdazB4TmTt6zEREvkVDxw7BzNa3llzdPZDz1EGMC1NT6S4MYCULWysxaLKSaEleJiCzkpAyVLvGPyjCg4+6Tz7OaGR+3r7WyQaP+nmK8kRyW8mW7k8HcwRM2XzJ1+O2sW6gqmWWnVtv8vdZXWQmEaQ4a1xguLc8D4Evv6WvWqfnIjF/myyeKOITHIyl37u9a8&u=U2FsdGVkX18ewq4NpnNUCb2wQov0I2AhSd0s81r4DvU=&y=U2FsdGVkX18rZ6/VEoKHfeR/HEWlsR1ZVjZH/kbcEcg2HQfGub5Q1IUo/kAVsfPX HTTP/1.1" 200 208
186.102.2.196 - - [02/Dec/2023:08:40:10 -0500] "GET /kwssiamovil/sm/cjson/pre?f=1&x=U2FsdGVkX1+TpqEf7Q6ZzPVwriVFJd8JsUm8blTyL3GUktKa/2tw/c09WeUkRoWR HTTP/1.1" 200 31032
201.245.192.253 - - [02/Dec/2023:08:40:18 -0500] "POST /forms/lservlet;jsessionid=ac16012b30d64ec0b0a9f85d4cd0acdf8f65235348eb.e3iSbxaKaheRe3eRa38MahaQbi1ynknvrkLOlQzNp65In0 HTTP/1.1" 200 2
201.245.192.253 - - [02/Dec/2023:08:40:37 -0500] "POST /forms/lservlet;jsessionid=ac16012b30d66bd79d5a81354b569b64ca0b03586396.e3iSbxaKaheRe3eRa38MahaQbi1ynknvrkLOlQzNp65In0 HTTP/1.1" 200 2
201.245.192.253 - - [02/Dec/2023:08:40:40 -0500] "POST /kwsrmcab/Wsrmcab HTTP/1.1" 200 40870
201.245.192.253 - - [02/Dec/2023:08:40:49 -0500] "POST /kwsrmcab/Wsrmcab HTTP/1.1" 200 36584
201.245.192.253 - - [02/Dec/2023:08:39:55 -0500] "POST /reportes_sipse/sdg/ServletControlador HTTP/1.1" 200 854581
172.22.2.4 - - [02/Dec/2023:08:40:20 -0500] "HEAD /BLA/boletinlegal/ HTTP/1.1" 200 -
201.245.192.253 - - [02/Dec/2023:08:42:18 -0500] "POST /forms/lservlet;jsessionid=ac16012b30d64ec0b0a9f85d4cd0acdf8f65235348eb.e3iSbxaKaheRe3eRa38MahaQbi1ynknvrkLOlQzNp65In0 HTTP/1.1" 200 2
201.245.192.253 - - [02/Dec/2023:08:42:37 -0500] "POST /forms/lservlet;jsessionid=ac16012b30d66bd79d5a81354b569b64ca0b03586396.e3iSbxaKaheRe3eRa38MahaQbi1ynknvrkLOlQzNp65In0 HTTP/1.1" 200 2
201.245.192.253 - - [02/Dec/2023:08:42:47 -0500] "POST /kwsrmcab/Wsrmcab  HTTP/1.1" 200 41956
172.22.2.4 - - [02/Dec/2023:08:41:12 -0500] "GET /BLA/boletinlegal/ HTTP/1.1" 200 59827
186.102.2.196 - - [02/Dec/2023:08:43:18 -0500] "GET /kwssiamovil/sm/ldap/au?x=U2FsdGVkX19ZjXjCbTcerS4L+iMFgWUmwTlczBD56RFfkRL0YaXVE6f+a20AMqEb&y=U2FsdGVkX1++o7nOOOsCuuleseAxS3hY/Rum7g0YQtLc0vZ3usXXAZ+RXkI1IFKY HTTP/1.1" 200 30
186.102.2.196 - - [02/Dec/2023:08:43:18 -0500] "GET /kwssiamovil/sm/acme/s?s=U2FsdGVkX19hM2mnCa3ZIX/K1tsdpsnYG10o+5KFM4HQEv1plB+sHqFCjLy2HdCYvLRdR+Z/ppTrwGb2gA/oiE78BSpWv05//t8UPgtOIR8=&u=U2FsdGVkX1/0C6i60koHXk+G8yYZARekH3GWa7tlMzY=&y=U2FsdGVkX1++o7nOOOsCuuleseAxS3hY/Rum7g0YQtLc0vZ3usXXAZ+RXkI1IFKY HTTP/1.1" 200 97
186.102.2.196 - - [02/Dec/2023:08:43:18 -0500] "GET /kwssiamovil/sm/acme/s?s=U2FsdGVkX19or0OtBzOlNMhzhMypIEIBqWlkTA+32GNSFHpTllZw8+uQzFv/+Obiw5vDLWC5MnTn9+yBIJ5Q+Z972tcDs+hLHyl474O7oHoycSKyws6Dt6cF4RdZbJcSaqXnEYhQCsneIbkW0ea4b93YgCm+u6vwxzbE4oYcOIGABfSPGKyNk0cm13EDPsM95yNBMeaFhDLDHzPnpShNvfOxuxBGJicQfzRK/DBOruKYoHZE9zKkpPPKRNUnsUATB0Yo4sCLAIuK7UlE6U7ajzv7+rP0V6bVFM5b4sRkE2IYfzUzUwJR1iDuZ9Wvsg6Bq4V++M8P5VnbTy2k20WEjSraNX0IEH8QnjPZ4Qg3IoU8GkAyb9q3rLwLreQXwhUwiKe53Jc00BOd9RVZQFeOKRr2gR1u4GZ9fUnogWiuGiMnHMfjvmJOP0bgIzlFQi+O0ax/WqsALKLF1jO6FZl+6d1fWv4q7GCi+BegXSzVL7AJFX63DoR6vD3JTxPHhsy3aNEbfwBfYypNoU64LJ0OcYvb3kncfuBRXO1Y5pc9v6GMA3bZJyAPnZ9KaaAPpESRBLf6ovx1W9TnGGP/4LtFgvbrrK0eHn6a/+vse1nWzzxmAukCeGAhfPYFqpfkixiKUOM+LFkvPVJqORqdADGc1QNEd0SvtWCMIEGIYwMQ7Yy/q4Ku7JrBKB9YdgZYEbW5kCi+KPOwe0+MUe1JfF4DgMuy8OYi9a2ihA8rOtohnLtFa8hiWYOs/R4DtqKx2F7b/LtfQjpqM77QBfTV6jECwjABJ4WafT8mo7MkQ33I86qUfnSBNwBH1bIsFPsC+TUOTx/TpfUYYObaYbk5XL3coA8IsqpXQfy+i5fBr3O8Z9xTn1b8s9qYDcNGXKBjMh6M6a7UcB+CMzeQrzWIMMHMj5ASPl30KNxrGHcSHXGgMbrRf7cCndMnU2yuXDRww2+u1tUVyLHiacx4s8Xe07RfWvsrJ00NGs69wrsOYJ+IMGGOm+tcWhjETQICOseHg3w0bwHHdyXv7SMLLG3ox6lR3t2jtPmgbzdtDRMCwVt31cOt2vXJgBvQdlPi4uN/mSiF5U+SjUOPZZCs9BmH6IF2u1+4kILHiiFor+8D0SmDaSsFGDe8J0GI5AUcR2ERmlweUSas+8fXGynYOBR3MV9lzHO4A6gyplEFdGZYOll/Yidcz2yqddInM90lOFgFP5rscXTb/JLqCH6Bp9FsV3n6wMqHep35z51rcEyK5JnmBVsODMzRtWvZLBe1RymkhSp37qkZ1s0xzn+2gVuRRhuDxT269Q+WcCxUgQifcPuzS2Xj1chm9S42ng8M6KXzielHgQathK2laId+dOKCi2daqZM98fDXqXLvataj0nF8PoW+HFzi0hrDeT8zdM6C4FNYDMCIErwrOzhgXML0OgblOHp206wYxEZf6jV+Bx0rkCAF1oAQuTdN1/+CQMI70sxs6fAu+AbF2JfpSNkPJ9ckyIH/boyT1UqOlgU5iDmSOE0UAgWHMPd0EfhBpshcq7waaUnOATEFefWuMutCNNT5PZpKdcdLdWKrlJJIILH8bg7WcSfr8tFsSBZ8iLxVcq+kQjE0ntm/gLnIb0tLIcWe0FLY13KlCWTXLc7+vko8Ndol1xzr+JM3gxBkUMhlWx4VUZJ12VWSHrGyo+u2QgKZZEe8EKWk/pBXoCRXNkcsgyGWjiOxvxEVuBKZPoPW3ku1kU6BqvcEeIXxz+WBG1sOOjCxcrJS6vkj2X572vOFU84=&u=U2FsdGVkX1/0C6i60koHXk+G8yYZARekH3GWa7tlMzY=&y=U2FsdGVkX1++o7nOOOsCuuleseAxS3hY/Rum7g0YQtLc0vZ3usXXAZ+RXkI1IFKY HTTP/1.1" 200 3233
186.102.2.196 - - [02/Dec/2023:08:43:18 -0500] "GET /kwssiamovil/sm/acme/s?s=U2FsdGVkX1/jxD4MREmEJCxMT9eI4nQFtTlZJa/+odrGlzXDShCqLYEUxJIyHlgZ013uu/AoJBf47iO7gAyGJ/1fdztnIKFfFbaC50R2PJ2I6FvxfPEdQbQrc8WZuUAdcs+Pk1tU3LgZA3+XDiZ2jmsZq3T4/J8tucQ9ibESECQqnJ3LfTi6t9csa40ohHsOnfxAHsYp7b//WVbfd6+V0VGP1mJGMDovY1+yf8KerBNdEq+qN31K5J59x/1/gybSBAvtNB7qi3fB6B21Hou2GQO5pshiRyBAZ8XahtuuXLOJfhdKrYnaK6eS6xNKNXBLU9nhdQBiBa4ko7KjkE26rVXjvHyk5caH8jLtOrnjFh9YGUHh9ZUcRnOxf02hxkN+rFnpTMzM4KX06JAb+TnrXiCh/8dlJIC7yskSgzrE42ywz4+WGMZmV3MjuJK6ZFrwqoa4vUoA6AHRx01c7j2dA2mJoMneNTk7JJRPl4aro7qFrUkGUf+VV99rSyXl9Mvbw7qNvQGUnbQaLFYeL0DDHk6MC4r7TV06eCvJDJBVK4A5ZIMZSbCcEyGp24tLvxkcw2OCSYulKHYJ66A9ZSCJcVbBSIsD1zf8du3L6YKWdUnAa5hUrPi6YnLwUF2m0p+o+HT5so4JbV+Q3WKyzHGf5qWaUiYL4R2WWKcQPC4kFRq0mYuOWWlF0Ok3e0MGhpvGPI4rZCodj0Mu3CYWQZpd5es6bBEa4T0Ox3JES6ysKgdUZai/LGZPjl02gAYGOjkG&u=U2FsdGVkX1/0C6i60koHXk+G8yYZARekH3GWa7tlMzY=&y=U2FsdGVkX1++o7nOOOsCuuleseAxS3hY/Rum7g0YQtLc0vZ3usXXAZ+RXkI1IFKY HTTP/1.1" 200 208
216.245.221.92 - - [02/Dec/2023:08:43:18 -0500] "HEAD / HTTP/1.1" 200 -
186.102.2.196 - - [02/Dec/2023:08:43:18 -0500] "GET /kwssiamovil/sm/cjson/pre?f=1&x=U2FsdGVkX19ZjXjCbTcerS4L+iMFgWUmwTlczBD56RFfkRL0YaXVE6f+a20AMqEb HTTP/1.1" 200 31032
199.16.157.183 - - [02/Dec/2023:08:43:36 -0500] "GET /conoce-el-proyecto-de-resolucion-para-la-formulacion-del-plan-institucional-de-gestion-ambiental-piga.html HTTP/1.1" 200 749
199.16.157.181 - - [02/Dec/2023:08:43:36 -0500] "GET /images/exterios%20sda.jpeg HTTP/1.1" 200 147774
173.252.79.119 - - [02/Dec/2023:08:43:39 -0500] "GET /images/jardines-verticales-4-marzo.jpg HTTP/1.1" 200 54804
201.245.192.253 - - [02/Dec/2023:08:44:18 -0500] "POST /forms/lservlet;jsessionid=ac16012b30d64ec0b0a9f85d4cd0acdf8f65235348eb.e3iSbxaKaheRe3eRa38MahaQbi1ynknvrkLOlQzNp65In0 HTTP/1.1" 200 2
201.245.192.253 - - [02/Dec/2023:08:44:37 -0500] "POST /forms/lservlet;jsessionid=ac16012b30d66bd79d5a81354b569b64ca0b03586396.e3iSbxaKaheRe3eRa38MahaQbi1ynknvrkLOlQzNp65In0 HTTP/1.1" 200 2
66.249.65.5 - - [02/Dec/2023:08:45:14 -0500] "GET /participa-en-la-convocatoria-para-el-aseguramiento-metrologico-de-la-red-de-monitoreo-de-calidad-del-aire-de-bogota.html HTTP/1.1" 200 848
201.245.192.253 - - [02/Dec/2023:08:46:18 -0500] "POST /forms/lservlet;jsessionid=ac16012b30d64ec0b0a9f85d4cd0acdf8f65235348eb.e3iSbxaKaheRe3eRa38MahaQbi1ynknvrkLOlQzNp65In0 HTTP/1.1" 200 2
201.245.192.253 - - [02/Dec/2023:08:46:37 -0500] "POST /forms/lservlet;jsessionid=ac16012b30d66bd79d5a81354b569b64ca0b03586396.e3iSbxaKaheRe3eRa38MahaQbi1ynknvrkLOlQzNp65In0 HTTP/1.1" 200 2
201.245.192.253 - - [02/Dec/2023:08:47:45 -0500] "POST /kwsrmcab/Wsrmcab  HTTP/1.1" 200 41956
172.22.2.4 - - [02/Dec/2023:08:46:10 -0500] "HEAD /BLA/boletinlegal/ HTTP/1.1" 200 -
201.245.192.253 - - [02/Dec/2023:08:48:18 -0500] "POST /forms/lservlet;jsessionid=ac16012b30d64ec0b0a9f85d4cd0acdf8f65235348eb.e3iSbxaKaheRe3eRa38MahaQbi1ynknvrkLOlQzNp65In0 HTTP/1.1" 200 2
216.245.221.92 - - [02/Dec/2023:08:48:18 -0500] "HEAD / HTTP/1.1" 200 -
201.245.192.253 - - [02/Dec/2023:08:48:37 -0500] "POST /forms/lservlet;jsessionid=ac16012b30d66bd79d5a81354b569b64ca0b03586396.e3iSbxaKaheRe3eRa38MahaQbi1ynknvrkLOlQzNp65In0 HTTP/1.1" 200 2
172.22.2.4 - - [02/Dec/2023:08:47:01 -0500] "GET /BLA/boletinlegal/ HTTP/1.1" 200 60634
201.245.192.253 - - [02/Dec/2023:08:50:18 -0500] "POST /forms/lservlet;jsessionid=ac16012b30d64ec0b0a9f85d4cd0acdf8f65235348eb.e3iSbxaKaheRe3eRa38MahaQbi1ynknvrkLOlQzNp65In0 HTTP/1.1" 200 2
199.16.157.182 - - [02/Dec/2023:08:50:22 -0500] "GET /representantes-de-colombia-y-europa-se-reunieron-para-desarrollar-estrategias-innovadoras-en-la-gestion-del-plastico.html HTTP/1.1" 200 851
199.16.157.181 - - [02/Dec/2023:08:50:22 -0500] "GET /images/pl%C3%A1sticos%20foto%201..jpg HTTP/1.1" 404 1034
199.16.157.183 - - [02/Dec/2023:08:50:23 -0500] "GET /images/pl%C3%A1sticos%20foto%201..jpg HTTP/1.1" 404 1034
201.245.192.253 - - [02/Dec/2023:08:50:37 -0500] "POST /forms/lservlet;jsessionid=ac16012b30d66bd79d5a81354b569b64ca0b03586396.e3iSbxaKaheRe3eRa38MahaQbi1ynknvrkLOlQzNp65In0 HTTP/1.1" 200 2
201.245.192.253 - - [02/Dec/2023:08:52:18 -0500] "POST /forms/lservlet;jsessionid=ac16012b30d64ec0b0a9f85d4cd0acdf8f65235348eb.e3iSbxaKaheRe3eRa38MahaQbi1ynknvrkLOlQzNp65In0 HTTP/1.1" 200 2
201.245.192.253 - - [02/Dec/2023:08:52:37 -0500] "POST /forms/lservlet;jsessionid=ac16012b30d66bd79d5a81354b569b64ca0b03586396.e3iSbxaKaheRe3eRa38MahaQbi1ynknvrkLOlQzNp65In0 HTTP/1.1" 200 2
201.245.192.253 - - [02/Dec/2023:08:52:45 -0500] "POST /kwsrmcab/Wsrmcab  HTTP/1.1" 200 41956
216.245.221.92 - - [02/Dec/2023:08:53:18 -0500] "HEAD / HTTP/1.1" 200 -
172.22.2.4 - - [02/Dec/2023:08:52:00 -0500] "HEAD /BLA/boletinlegal/ HTTP/1.1" 200 -
201.245.192.253 - - [02/Dec/2023:08:54:18 -0500] "POST /forms/lservlet;jsessionid=ac16012b30d64ec0b0a9f85d4cd0acdf8f65235348eb.e3iSbxaKaheRe3eRa38MahaQbi1ynknvrkLOlQzNp65In0 HTTP/1.1" 200 2
172.22.2.4 - - [02/Dec/2023:08:52:51 -0500] "GET /BLA/boletinlegal/ HTTP/1.1" 200 60634
201.245.192.253 - - [02/Dec/2023:08:54:37 -0500] "POST /forms/lservlet;jsessionid=ac16012b30d66bd79d5a81354b569b64ca0b03586396.e3iSbxaKaheRe3eRa38MahaQbi1ynknvrkLOlQzNp65In0 HTTP/1.1" 200 2
201.245.192.253 - - [02/Dec/2023:08:56:18 -0500] "POST /forms/lservlet;jsessionid=ac16012b30d64ec0b0a9f85d4cd0acdf8f65235348eb.e3iSbxaKaheRe3eRa38MahaQbi1ynknvrkLOlQzNp65In0 HTTP/1.1" 200 2
201.245.192.253 - - [02/Dec/2023:08:56:37 -0500] "POST /forms/lservlet;jsessionid=ac16012b30d66bd79d5a81354b569b64ca0b03586396.e3iSbxaKaheRe3eRa38MahaQbi1ynknvrkLOlQzNp65In0 HTTP/1.1" 200 2
201.245.192.253 - - [02/Dec/2023:08:57:44 -0500] "POST /kwsrmcab/Wsrmcab  HTTP/1.1" 200 41956
201.245.192.253 - - [02/Dec/2023:08:58:18 -0500] "POST /forms/lservlet;jsessionid=ac16012b30d64ec0b0a9f85d4cd0acdf8f65235348eb.e3iSbxaKaheRe3eRa38MahaQbi1ynknvrkLOlQzNp65In0 HTTP/1.1" 200 2
216.245.221.92 - - [02/Dec/2023:08:58:18 -0500] "HEAD / HTTP/1.1" 200 -
