190.84.43.231 - - [02/Dec/2023:17:25:05 -0500] "POST /sipse/faces/presentacion/financiero/solicitudProceso/consultar.xhtml HTTP/1.1" 200 34894
190.84.43.231 - - [02/Dec/2023:17:25:06 -0500] "POST /sipse/faces/presentacion/financiero/solicitudProceso/consultar.xhtml HTTP/1.1" 200 12955
190.84.43.231 - - [02/Dec/2023:17:25:10 -0500] "POST /sipse/faces/presentacion/financiero/solicitudProceso/consultar.xhtml HTTP/1.1" 200 113950
190.84.43.231 - - [02/Dec/2023:17:25:12 -0500] "GET /sipse/faces/javax.faces.resource/theme.css?ln=primefaces-sipse HTTP/1.1" 304 -
190.84.43.231 - - [02/Dec/2023:17:25:12 -0500] "GET /sipse/faces/javax.faces.resource/primefaces.css?ln=primefaces&v=4.0 HTTP/1.1" 304 -
190.84.43.231 - - [02/Dec/2023:17:25:12 -0500] "GET /sipse/faces/javax.faces.resource/layout/layout.css?ln=primefaces&v=4.0 HTTP/1.1" 304 -
190.84.43.231 - - [02/Dec/2023:17:25:12 -0500] "GET /sipse/faces/javax.faces.resource/jquery/jquery.js?ln=primefaces&v=4.0 HTTP/1.1" 304 -
190.84.43.231 - - [02/Dec/2023:17:25:12 -0500] "GET /sipse/faces/javax.faces.resource/jquery/jquery-plugins.js?ln=primefaces&v=4.0 HTTP/1.1" 304 -
190.84.43.231 - - [02/Dec/2023:17:25:12 -0500] "GET /sipse/faces/javax.faces.resource/primefaces.js?ln=primefaces&v=4.0 HTTP/1.1" 304 -
190.84.43.231 - - [02/Dec/2023:17:25:12 -0500] "GET /sipse/faces/javax.faces.resource/layout/layout.js?ln=primefaces&v=4.0 HTTP/1.1" 304 -
190.84.43.231 - - [02/Dec/2023:17:25:17 -0500] "POST /sipse/faces/presentacion/financiero/solicitudProceso/consultarSolicitudProceso.xhtml HTTP/1.1" 200 2142000
201.245.192.253 - - [02/Dec/2023:17:25:20 -0500] "POST /kwsrmcab/Wsrmcab  HTTP/1.1" 200 41956
207.46.13.153 - - [02/Dec/2023:17:25:36 -0500] "GET /BLA/resoluciones/RESOLUCIONES%202023/1230.pdf HTTP/1.1" 200 690670
66.249.66.19 - - [02/Dec/2023:17:25:42 -0500] "GET /BLA/resoluciones/Autos%202008/1618.pdf HTTP/1.1" 200 64140
190.84.43.231 - - [02/Dec/2023:17:26:10 -0500] "POST /sipse/faces/presentacion/financiero/solicitudProceso/consultarSolicitudProceso.xhtml HTTP/1.1" 200 41633
190.84.43.231 - - [02/Dec/2023:17:26:10 -0500] "GET /sipse/faces/javax.faces.resource/theme.css?ln=primefaces-sipse HTTP/1.1" 304 -
190.84.43.231 - - [02/Dec/2023:17:26:10 -0500] "GET /sipse/faces/javax.faces.resource/primefaces.css?ln=primefaces&v=4.0 HTTP/1.1" 304 -
190.84.43.231 - - [02/Dec/2023:17:26:10 -0500] "GET /sipse/faces/javax.faces.resource/layout/layout.css?ln=primefaces&v=4.0 HTTP/1.1" 304 -
190.84.43.231 - - [02/Dec/2023:17:26:10 -0500] "GET /sipse/faces/javax.faces.resource/jquery/jquery.js?ln=primefaces&v=4.0 HTTP/1.1" 304 -
190.84.43.231 - - [02/Dec/2023:17:26:10 -0500] "GET /sipse/faces/javax.faces.resource/jquery/jquery-plugins.js?ln=primefaces&v=4.0 HTTP/1.1" 304 -
190.84.43.231 - - [02/Dec/2023:17:26:10 -0500] "GET /sipse/faces/javax.faces.resource/primefaces.js?ln=primefaces&v=4.0 HTTP/1.1" 304 -
190.84.43.231 - - [02/Dec/2023:17:26:10 -0500] "GET /sipse/faces/javax.faces.resource/layout/layout.js?ln=primefaces&v=4.0 HTTP/1.1" 304 -
190.84.43.231 - - [02/Dec/2023:17:26:10 -0500] "POST /sipse/faces/presentacion/financiero/solicitudProceso/consultar.xhtml HTTP/1.1" 200 34929
190.84.43.231 - - [02/Dec/2023:17:26:11 -0500] "POST /sipse/faces/presentacion/financiero/solicitudProceso/consultar.xhtml HTTP/1.1" 200 34929
190.84.43.231 - - [02/Dec/2023:17:26:11 -0500] "POST /sipse/faces/presentacion/financiero/solicitudProceso/consultar.xhtml HTTP/1.1" 200 34929
190.84.43.231 - - [02/Dec/2023:17:26:11 -0500] "POST /sipse/faces/presentacion/financiero/solicitudProceso/consultar.xhtml HTTP/1.1" 200 34929
190.84.43.231 - - [02/Dec/2023:17:26:12 -0500] "POST /sipse/faces/presentacion/financiero/solicitudProceso/consultar.xhtml HTTP/1.1" 200 34929
190.84.43.231 - - [02/Dec/2023:17:26:12 -0500] "POST /sipse/faces/presentacion/financiero/solicitudProceso/consultar.xhtml HTTP/1.1" 200 34929
190.84.43.231 - - [02/Dec/2023:17:26:12 -0500] "POST /sipse/faces/presentacion/financiero/solicitudProceso/consultar.xhtml HTTP/1.1" 200 34929
190.84.43.231 - - [02/Dec/2023:17:26:13 -0500] "POST /sipse/faces/presentacion/financiero/solicitudProceso/consultar.xhtml HTTP/1.1" 200 34929
190.84.43.231 - - [02/Dec/2023:17:26:13 -0500] "POST /sipse/faces/presentacion/financiero/solicitudProceso/consultar.xhtml HTTP/1.1" 200 34929
190.84.43.231 - - [02/Dec/2023:17:26:13 -0500] "POST /sipse/faces/presentacion/financiero/solicitudProceso/consultar.xhtml HTTP/1.1" 200 34929
190.84.43.231 - - [02/Dec/2023:17:26:13 -0500] "POST /sipse/faces/presentacion/financiero/solicitudProceso/consultar.xhtml HTTP/1.1" 200 34929
190.84.43.231 - - [02/Dec/2023:17:26:14 -0500] "POST /sipse/faces/presentacion/financiero/solicitudProceso/consultar.xhtml HTTP/1.1" 200 34929
190.84.43.231 - - [02/Dec/2023:17:26:14 -0500] "POST /sipse/faces/presentacion/financiero/solicitudProceso/consultar.xhtml HTTP/1.1" 200 34929
190.84.43.231 - - [02/Dec/2023:17:26:14 -0500] "POST /sipse/faces/presentacion/financiero/solicitudProceso/consultar.xhtml HTTP/1.1" 200 34929
190.84.43.231 - - [02/Dec/2023:17:26:15 -0500] "POST /sipse/faces/presentacion/financiero/solicitudProceso/consultar.xhtml HTTP/1.1" 200 34929
190.84.43.231 - - [02/Dec/2023:17:26:15 -0500] "POST /sipse/faces/presentacion/financiero/solicitudProceso/consultar.xhtml HTTP/1.1" 200 34929
190.84.43.231 - - [02/Dec/2023:17:26:15 -0500] "POST /sipse/faces/presentacion/financiero/solicitudProceso/consultar.xhtml HTTP/1.1" 200 34929
190.84.43.231 - - [02/Dec/2023:17:26:16 -0500] "POST /sipse/faces/presentacion/financiero/solicitudProceso/consultar.xhtml HTTP/1.1" 200 34929
190.84.43.231 - - [02/Dec/2023:17:26:16 -0500] "POST /sipse/faces/presentacion/financiero/solicitudProceso/consultar.xhtml HTTP/1.1" 200 34929
190.84.43.231 - - [02/Dec/2023:17:26:16 -0500] "POST /sipse/faces/presentacion/financiero/solicitudProceso/consultar.xhtml HTTP/1.1" 200 34929
190.84.43.231 - - [02/Dec/2023:17:26:17 -0500] "POST /sipse/faces/presentacion/financiero/solicitudProceso/consultar.xhtml HTTP/1.1" 200 34929
190.84.43.231 - - [02/Dec/2023:17:26:19 -0500] "POST /sipse/faces/presentacion/financiero/solicitudProceso/consultar.xhtml HTTP/1.1" 200 12916
201.245.192.253 - - [02/Dec/2023:17:26:20 -0500] "POST /forms/lservlet;jsessionid=ac16012b30d64ec0b0a9f85d4cd0acdf8f65235348eb.e3iSbxaKaheRe3eRa38MahaQbi1ynknvrkLOlQzNp65In0 HTTP/1.1" 200 2
190.84.43.231 - - [02/Dec/2023:17:26:20 -0500] "POST /sipse/faces/presentacion/financiero/solicitudProceso/consultar.xhtml HTTP/1.1" 200 110608
190.84.43.231 - - [02/Dec/2023:17:26:21 -0500] "GET /sipse/faces/javax.faces.resource/theme.css?ln=primefaces-sipse HTTP/1.1" 304 -
190.84.43.231 - - [02/Dec/2023:17:26:21 -0500] "GET /sipse/faces/javax.faces.resource/primefaces.css?ln=primefaces&v=4.0 HTTP/1.1" 304 -
190.84.43.231 - - [02/Dec/2023:17:26:21 -0500] "GET /sipse/faces/javax.faces.resource/layout/layout.css?ln=primefaces&v=4.0 HTTP/1.1" 304 -
190.84.43.231 - - [02/Dec/2023:17:26:21 -0500] "GET /sipse/faces/javax.faces.resource/jquery/jquery.js?ln=primefaces&v=4.0 HTTP/1.1" 304 -
190.84.43.231 - - [02/Dec/2023:17:26:21 -0500] "GET /sipse/faces/javax.faces.resource/jquery/jquery-plugins.js?ln=primefaces&v=4.0 HTTP/1.1" 304 -
190.84.43.231 - - [02/Dec/2023:17:26:21 -0500] "GET /sipse/faces/javax.faces.resource/primefaces.js?ln=primefaces&v=4.0 HTTP/1.1" 304 -
190.84.43.231 - - [02/Dec/2023:17:26:21 -0500] "GET /sipse/faces/javax.faces.resource/layout/layout.js?ln=primefaces&v=4.0 HTTP/1.1" 304 -
190.84.43.231 - - [02/Dec/2023:17:26:25 -0500] "POST /sipse/faces/presentacion/financiero/solicitudProceso/consultarSolicitudProceso.xhtml HTTP/1.1" 200 41594
190.84.43.231 - - [02/Dec/2023:17:26:26 -0500] "GET /sipse/faces/javax.faces.resource/theme.css?ln=primefaces-sipse HTTP/1.1" 304 -
190.84.43.231 - - [02/Dec/2023:17:26:26 -0500] "GET /sipse/faces/javax.faces.resource/layout/layout.css?ln=primefaces&v=4.0 HTTP/1.1" 304 -
190.84.43.231 - - [02/Dec/2023:17:26:26 -0500] "GET /sipse/faces/javax.faces.resource/primefaces.css?ln=primefaces&v=4.0 HTTP/1.1" 304 -
190.84.43.231 - - [02/Dec/2023:17:26:26 -0500] "GET /sipse/faces/javax.faces.resource/jquery/jquery.js?ln=primefaces&v=4.0 HTTP/1.1" 304 -
190.84.43.231 - - [02/Dec/2023:17:26:26 -0500] "GET /sipse/faces/javax.faces.resource/jquery/jquery-plugins.js?ln=primefaces&v=4.0 HTTP/1.1" 304 -
190.84.43.231 - - [02/Dec/2023:17:26:26 -0500] "GET /sipse/faces/javax.faces.resource/primefaces.js?ln=primefaces&v=4.0 HTTP/1.1" 304 -
190.84.43.231 - - [02/Dec/2023:17:26:26 -0500] "GET /sipse/faces/javax.faces.resource/layout/layout.js?ln=primefaces&v=4.0 HTTP/1.1" 304 -
190.84.43.231 - - [02/Dec/2023:17:26:26 -0500] "POST /sipse/faces/presentacion/financiero/solicitudProceso/consultar.xhtml HTTP/1.1" 200 34890
190.84.43.231 - - [02/Dec/2023:17:26:27 -0500] "POST /sipse/faces/presentacion/financiero/solicitudProceso/consultar.xhtml HTTP/1.1" 200 34890
190.84.43.231 - - [02/Dec/2023:17:26:27 -0500] "POST /sipse/faces/presentacion/financiero/solicitudProceso/consultar.xhtml HTTP/1.1" 200 34890
190.84.43.231 - - [02/Dec/2023:17:26:27 -0500] "POST /sipse/faces/presentacion/financiero/solicitudProceso/consultar.xhtml HTTP/1.1" 200 34890
190.84.43.231 - - [02/Dec/2023:17:26:28 -0500] "POST /sipse/faces/presentacion/financiero/solicitudProceso/consultar.xhtml HTTP/1.1" 200 34890
190.84.43.231 - - [02/Dec/2023:17:26:28 -0500] "POST /sipse/faces/presentacion/financiero/solicitudProceso/consultar.xhtml HTTP/1.1" 200 34890
190.84.43.231 - - [02/Dec/2023:17:26:28 -0500] "POST /sipse/faces/presentacion/financiero/solicitudProceso/consultar.xhtml HTTP/1.1" 200 34890
190.84.43.231 - - [02/Dec/2023:17:26:29 -0500] "POST /sipse/faces/presentacion/financiero/solicitudProceso/consultar.xhtml HTTP/1.1" 200 34890
190.84.43.231 - - [02/Dec/2023:17:26:29 -0500] "POST /sipse/faces/presentacion/financiero/solicitudProceso/consultar.xhtml HTTP/1.1" 200 34890
190.84.43.231 - - [02/Dec/2023:17:26:29 -0500] "POST /sipse/faces/presentacion/financiero/solicitudProceso/consultar.xhtml HTTP/1.1" 200 34890
190.84.43.231 - - [02/Dec/2023:17:26:29 -0500] "POST /sipse/faces/presentacion/financiero/solicitudProceso/consultar.xhtml HTTP/1.1" 200 34890
190.84.43.231 - - [02/Dec/2023:17:26:30 -0500] "POST /sipse/faces/presentacion/financiero/solicitudProceso/consultar.xhtml HTTP/1.1" 200 34890
190.84.43.231 - - [02/Dec/2023:17:26:30 -0500] "POST /sipse/faces/presentacion/financiero/solicitudProceso/consultar.xhtml HTTP/1.1" 200 34890
190.84.43.231 - - [02/Dec/2023:17:26:30 -0500] "POST /sipse/faces/presentacion/financiero/solicitudProceso/consultar.xhtml HTTP/1.1" 200 34890
190.84.43.231 - - [02/Dec/2023:17:26:31 -0500] "POST /sipse/faces/presentacion/financiero/solicitudProceso/consultar.xhtml HTTP/1.1" 200 34890
190.84.43.231 - - [02/Dec/2023:17:26:31 -0500] "POST /sipse/faces/presentacion/financiero/solicitudProceso/consultar.xhtml HTTP/1.1" 200 34890
190.84.43.231 - - [02/Dec/2023:17:26:31 -0500] "POST /sipse/faces/presentacion/financiero/solicitudProceso/consultar.xhtml HTTP/1.1" 200 34890
190.84.43.231 - - [02/Dec/2023:17:26:32 -0500] "POST /sipse/faces/presentacion/financiero/solicitudProceso/consultar.xhtml HTTP/1.1" 200 34890
190.84.43.231 - - [02/Dec/2023:17:26:32 -0500] "POST /sipse/faces/presentacion/financiero/solicitudProceso/consultar.xhtml HTTP/1.1" 200 34890
190.84.43.231 - - [02/Dec/2023:17:26:32 -0500] "POST /sipse/faces/presentacion/financiero/solicitudProceso/consultar.xhtml HTTP/1.1" 200 34890
190.84.43.231 - - [02/Dec/2023:17:26:33 -0500] "POST /sipse/faces/presentacion/financiero/solicitudProceso/consultar.xhtml HTTP/1.1" 200 34890
190.84.43.231 - - [02/Dec/2023:17:26:33 -0500] "POST /sipse/faces/presentacion/financiero/solicitudProceso/consultar.xhtml HTTP/1.1" 200 34890
190.84.43.231 - - [02/Dec/2023:17:26:33 -0500] "POST /sipse/faces/presentacion/financiero/solicitudProceso/consultar.xhtml HTTP/1.1" 200 34890
201.245.192.253 - - [02/Dec/2023:17:26:38 -0500] "POST /forms/lservlet;jsessionid=ac16012b30d66bd79d5a81354b569b64ca0b03586396.e3iSbxaKaheRe3eRa38MahaQbi1ynknvrkLOlQzNp65In0 HTTP/1.1" 200 2
190.24.58.13 - - [02/Dec/2023:17:26:49 -0500] "GET /sendero-las-moyas-iniciativa-privada-enfocada-en-procesos-de-restauracion-conservacion-y-educacion-ambiental.html HTTP/1.1" 200 1013
172.22.2.4 - - [02/Dec/2023:17:25:19 -0500] "HEAD /BLA/boletinlegal/ HTTP/1.1" 200 -
201.245.192.253 - - [02/Dec/2023:17:27:00 -0500] "POST /kwsrmcab/Wsrmcab HTTP/1.1" 200 41313
201.245.192.253 - - [02/Dec/2023:17:27:03 -0500] "POST /kwsrmcab/Wsrmcab HTTP/1.1" 200 36808
172.22.2.4 - - [02/Dec/2023:17:26:10 -0500] "GET /BLA/boletinlegal/ HTTP/1.1" 200 56997
216.245.221.92 - - [02/Dec/2023:17:28:17 -0500] "HEAD / HTTP/1.1" 200 -
66.249.66.19 - - [02/Dec/2023:17:28:19 -0500] "GET /BLA/resoluciones/AUTOS%202014/0832.pdf HTTP/1.1" 200 309898
201.245.192.253 - - [02/Dec/2023:17:28:20 -0500] "POST /forms/lservlet;jsessionid=ac16012b30d64ec0b0a9f85d4cd0acdf8f65235348eb.e3iSbxaKaheRe3eRa38MahaQbi1ynknvrkLOlQzNp65In0 HTTP/1.1" 200 2
201.245.192.253 - - [02/Dec/2023:17:28:38 -0500] "POST /forms/lservlet;jsessionid=ac16012b30d66bd79d5a81354b569b64ca0b03586396.e3iSbxaKaheRe3eRa38MahaQbi1ynknvrkLOlQzNp65In0 HTTP/1.1" 200 2
201.245.192.253 - - [02/Dec/2023:17:28:49 -0500] "GET /appsia/controlador HTTP/1.1" 200 4799
201.245.192.253 - - [02/Dec/2023:17:28:49 -0500] "GET /appsia/css/estilos.css HTTP/1.1" 200 4804
201.245.192.253 - - [02/Dec/2023:17:28:49 -0500] "GET /appsia/scripts/validarIngreso.js HTTP/1.1" 200 851
201.245.192.253 - - [02/Dec/2023:17:28:49 -0500] "GET /appsia/images/cabezoteHojaVida.png HTTP/1.1" 200 32493
201.245.192.253 - - [02/Dec/2023:17:28:49 -0500] "GET /appsia/images/logo_bogota_p.png HTTP/1.1" 200 14951
201.245.192.253 - - [02/Dec/2023:17:28:49 -0500] "GET /favicon.ico HTTP/1.1" 200 7782
201.245.192.253 - - [02/Dec/2023:17:29:02 -0500] "POST /appsia/controlador HTTP/1.1" 200 5437
201.245.192.253 - - [02/Dec/2023:17:29:06 -0500] "POST /appsia/controlador HTTP/1.1" 200 7777
201.245.192.253 - - [02/Dec/2023:17:29:12 -0500] "POST /appsia/controlador HTTP/1.1" 200 6642
201.245.192.253 - - [02/Dec/2023:17:29:14 -0500] "POST /appsia/controlador HTTP/1.1" 200 11999
157.55.39.202 - - [02/Dec/2023:17:29:48 -0500] "GET /BLA/resoluciones/AUTOS%202017/4874.pdf HTTP/1.1" 200 263657
201.245.192.253 - - [02/Dec/2023:17:30:20 -0500] "POST /forms/lservlet;jsessionid=ac16012b30d64ec0b0a9f85d4cd0acdf8f65235348eb.e3iSbxaKaheRe3eRa38MahaQbi1ynknvrkLOlQzNp65In0 HTTP/1.1" 200 2
201.245.192.253 - - [02/Dec/2023:17:30:18 -0500] "POST /kwsrmcab/Wsrmcab  HTTP/1.1" 200 41956
201.245.192.253 - - [02/Dec/2023:17:30:38 -0500] "POST /forms/lservlet;jsessionid=ac16012b30d66bd79d5a81354b569b64ca0b03586396.e3iSbxaKaheRe3eRa38MahaQbi1ynknvrkLOlQzNp65In0 HTTP/1.1" 200 2
201.245.192.253 - - [02/Dec/2023:17:30:38 -0500] "POST /kwsrmcab/Wsrmcab HTTP/1.1" 200 41313
201.245.192.253 - - [02/Dec/2023:17:30:47 -0500] "POST /kwsrmcab/Wsrmcab HTTP/1.1" 200 36808
40.77.167.235 - - [02/Dec/2023:17:31:02 -0500] "GET /BLA/resoluciones/AUTOS%202017/3239.pdf HTTP/1.1" 200 270672
172.22.2.4 - - [02/Dec/2023:17:31:17 -0500] "GET /BLA/boletinlegal/Circulares/2018/CIRCULAR%20COJUNTA%20042%20DE%202018.pdf HTTP/1.1" 200 515008
66.249.66.21 - - [02/Dec/2023:17:32:07 -0500] "GET /BLA/resoluciones/RESOLUCIONES%202017/2984.pdf HTTP/1.1" 200 260940
201.245.192.253 - - [02/Dec/2023:17:32:20 -0500] "POST /forms/lservlet;jsessionid=ac16012b30d64ec0b0a9f85d4cd0acdf8f65235348eb.e3iSbxaKaheRe3eRa38MahaQbi1ynknvrkLOlQzNp65In0 HTTP/1.1" 200 2
201.245.192.253 - - [02/Dec/2023:17:32:38 -0500] "POST /forms/lservlet;jsessionid=ac16012b30d66bd79d5a81354b569b64ca0b03586396.e3iSbxaKaheRe3eRa38MahaQbi1ynknvrkLOlQzNp65In0 HTTP/1.1" 200 2
172.22.2.4 - - [02/Dec/2023:17:31:09 -0500] "HEAD /BLA/boletinlegal/ HTTP/1.1" 200 -
216.245.221.92 - - [02/Dec/2023:17:33:17 -0500] "HEAD / HTTP/1.1" 200 -
172.22.2.4 - - [02/Dec/2023:17:32:00 -0500] "GET /BLA/boletinlegal/ HTTP/1.1" 200 60634
201.245.192.253 - - [02/Dec/2023:17:34:20 -0500] "POST /forms/lservlet;jsessionid=ac16012b30d64ec0b0a9f85d4cd0acdf8f65235348eb.e3iSbxaKaheRe3eRa38MahaQbi1ynknvrkLOlQzNp65In0 HTTP/1.1" 200 2
40.77.189.226 - - [02/Dec/2023:17:34:20 -0500] "GET /sipse/faces/javax.faces.resource/layout/layout.css;jsessionid=StC0xXBAuvvEb-wh-sFrvIOa.undefined?ln=primefaces&v=4.0 HTTP/1.1" 200 542
40.77.188.100 - - [02/Dec/2023:17:34:20 -0500] "GET /sipse/faces/javax.faces.resource/primefaces.css;jsessionid=StC0xXBAuvvEb-wh-sFrvIOa.undefined?ln=primefaces&v=4.0 HTTP/1.1" 200 53295
40.77.188.77 - - [02/Dec/2023:17:34:20 -0500] "GET /sipse/faces/javax.faces.resource/layout/layout.js;jsessionid=StC0xXBAuvvEb-wh-sFrvIOa.undefined?ln=primefaces&v=4.0 HTTP/1.1" 200 87560
40.77.189.31 - - [02/Dec/2023:17:34:20 -0500] "GET /sipse/faces/javax.faces.resource/primefaces.js;jsessionid=StC0xXBAuvvEb-wh-sFrvIOa.undefined?ln=primefaces&v=4.0 HTTP/1.1" 200 276924
40.77.188.10 - - [02/Dec/2023:17:34:21 -0500] "GET /sipse/faces/faces/index.xhtml HTTP/1.1" 200 677
201.245.192.253 - - [02/Dec/2023:17:34:38 -0500] "POST /forms/lservlet;jsessionid=ac16012b30d66bd79d5a81354b569b64ca0b03586396.e3iSbxaKaheRe3eRa38MahaQbi1ynknvrkLOlQzNp65In0 HTTP/1.1" 200 2
201.245.192.253 - - [02/Dec/2023:17:35:17 -0500] "POST /kwsrmcab/Wsrmcab  HTTP/1.1" 200 41956
172.22.2.4 - - [02/Dec/2023:17:34:22 -0500] "GET /BLA/boletinlegal/ HTTP/1.1" 200 62729
162.55.37.148 - - [02/Dec/2023:17:36:16 -0500] "GET / HTTP/1.1" 200 4720
162.55.37.148 - - [02/Dec/2023:17:36:18 -0500] "GET / HTTP/1.1" 200 319
201.245.192.253 - - [02/Dec/2023:17:36:20 -0500] "POST /forms/lservlet;jsessionid=ac16012b30d64ec0b0a9f85d4cd0acdf8f65235348eb.e3iSbxaKaheRe3eRa38MahaQbi1ynknvrkLOlQzNp65In0 HTTP/1.1" 200 2
66.249.66.20 - - [02/Dec/2023:17:36:30 -0500] "GET /BLA/resoluciones/AUTOS%202007/0377.pdf HTTP/1.1" 200 274016
201.245.192.253 - - [02/Dec/2023:17:36:38 -0500] "POST /forms/lservlet;jsessionid=ac16012b30d66bd79d5a81354b569b64ca0b03586396.e3iSbxaKaheRe3eRa38MahaQbi1ynknvrkLOlQzNp65In0 HTTP/1.1" 200 2
201.245.192.253 - - [02/Dec/2023:17:36:59 -0500] "POST /kwsrmcab/Wsrmcab HTTP/1.1" 200 41313
66.249.66.20 - - [02/Dec/2023:17:37:02 -0500] "GET /BLA/resoluciones/AUTOS%202022/1614.pdf HTTP/1.1" 304 -
201.245.192.253 - - [02/Dec/2023:17:37:02 -0500] "POST /kwsrmcab/Wsrmcab HTTP/1.1" 200 36808
216.245.221.92 - - [02/Dec/2023:17:38:17 -0500] "HEAD / HTTP/1.1" 200 -
201.245.192.253 - - [02/Dec/2023:17:38:20 -0500] "POST /forms/lservlet;jsessionid=ac16012b30d64ec0b0a9f85d4cd0acdf8f65235348eb.e3iSbxaKaheRe3eRa38MahaQbi1ynknvrkLOlQzNp65In0 HTTP/1.1" 200 2
172.22.2.4 - - [02/Dec/2023:17:38:27 -0500] "GET /BLA/boletinlegal/Circulares/2019/.pdf HTTP/1.1" 404 1218
172.22.2.4 - - [02/Dec/2023:17:38:37 -0500] "GET /BLA/boletinlegal/Circulares/2012/Circular%20No.%2010%20del%2026%20de%20Enero%20de%202012.pdf HTTP/1.1" 404 1218
201.245.192.253 - - [02/Dec/2023:17:38:38 -0500] "POST /forms/lservlet;jsessionid=ac16012b30d66bd79d5a81354b569b64ca0b03586396.e3iSbxaKaheRe3eRa38MahaQbi1ynknvrkLOlQzNp65In0 HTTP/1.1" 200 2
172.22.2.4 - - [02/Dec/2023:17:36:59 -0500] "HEAD /BLA/boletinlegal/ HTTP/1.1" 200 -
172.22.2.4 - - [02/Dec/2023:17:37:50 -0500] "GET /BLA/boletinlegal/ HTTP/1.1" 200 60634
201.245.192.253 - - [02/Dec/2023:17:40:15 -0500] "POST /kwsrmcab/Wsrmcab  HTTP/1.1" 200 41956
201.245.192.253 - - [02/Dec/2023:17:40:20 -0500] "POST /forms/lservlet;jsessionid=ac16012b30d64ec0b0a9f85d4cd0acdf8f65235348eb.e3iSbxaKaheRe3eRa38MahaQbi1ynknvrkLOlQzNp65In0 HTTP/1.1" 200 2
201.245.192.253 - - [02/Dec/2023:17:40:38 -0500] "POST /forms/lservlet;jsessionid=ac16012b30d66bd79d5a81354b569b64ca0b03586396.e3iSbxaKaheRe3eRa38MahaQbi1ynknvrkLOlQzNp65In0 HTTP/1.1" 200 2
201.245.192.253 - - [02/Dec/2023:17:40:38 -0500] "POST /kwsrmcab/Wsrmcab HTTP/1.1" 200 41313
201.245.192.253 - - [02/Dec/2023:17:40:47 -0500] "POST /kwsrmcab/Wsrmcab HTTP/1.1" 200 36808
173.252.83.120 - - [02/Dec/2023:17:42:13 -0500] "GET /secretaria-de-ambiente-libero-19-animales-silvestres-en-bogota-en-el-humedal-torca-y-guaymaral.html HTTP/1.1" 200 904
201.245.192.253 - - [02/Dec/2023:17:42:20 -0500] "POST /forms/lservlet;jsessionid=ac16012b30d64ec0b0a9f85d4cd0acdf8f65235348eb.e3iSbxaKaheRe3eRa38MahaQbi1ynknvrkLOlQzNp65In0 HTTP/1.1" 200 2
66.249.65.6 - - [02/Dec/2023:17:42:34 -0500] "GET /moda-circular-manos-reparadoras-la-estrategia-del-distrito-para-restaurar-prendas-usadas.html HTTP/1.1" 304 -
66.249.66.20 - - [02/Dec/2023:17:42:37 -0500] "GET /PDC/actos/1731.pdf HTTP/1.1" 200 724138
201.245.192.253 - - [02/Dec/2023:17:42:38 -0500] "POST /forms/lservlet;jsessionid=ac16012b30d66bd79d5a81354b569b64ca0b03586396.e3iSbxaKaheRe3eRa38MahaQbi1ynknvrkLOlQzNp65In0 HTTP/1.1" 200 2
216.245.221.92 - - [02/Dec/2023:17:43:17 -0500] "HEAD / HTTP/1.1" 200 -
40.77.167.78 - - [02/Dec/2023:17:43:39 -0500] "GET /BLA/resoluciones/AUTOS%202017/3056.pdf HTTP/1.1" 200 290460
40.77.167.78 - - [02/Dec/2023:17:44:07 -0500] "GET /BLA/boletinlegal/js/jquery.scrollShow.js HTTP/1.1" 200 4586
40.77.167.63 - - [02/Dec/2023:17:44:13 -0500] "GET /BLA/resoluciones/AUTOS%202017/3052.pdf HTTP/1.1" 200 273664
201.245.192.253 - - [02/Dec/2023:17:44:20 -0500] "POST /forms/lservlet;jsessionid=ac16012b30d64ec0b0a9f85d4cd0acdf8f65235348eb.e3iSbxaKaheRe3eRa38MahaQbi1ynknvrkLOlQzNp65In0 HTTP/1.1" 200 2
172.22.2.4 - - [02/Dec/2023:17:42:49 -0500] "HEAD /BLA/boletinlegal/ HTTP/1.1" 200 -
201.245.192.253 - - [02/Dec/2023:17:44:38 -0500] "POST /forms/lservlet;jsessionid=ac16012b30d66bd79d5a81354b569b64ca0b03586396.e3iSbxaKaheRe3eRa38MahaQbi1ynknvrkLOlQzNp65In0 HTTP/1.1" 200 2
201.245.192.253 - - [02/Dec/2023:17:45:14 -0500] "POST /kwsrmcab/Wsrmcab  HTTP/1.1" 200 41956
172.22.2.4 - - [02/Dec/2023:17:43:40 -0500] "GET /BLA/boletinlegal/ HTTP/1.1" 200 61018
201.245.192.253 - - [02/Dec/2023:17:46:20 -0500] "POST /forms/lservlet;jsessionid=ac16012b30d64ec0b0a9f85d4cd0acdf8f65235348eb.e3iSbxaKaheRe3eRa38MahaQbi1ynknvrkLOlQzNp65In0 HTTP/1.1" 200 2
201.245.192.253 - - [02/Dec/2023:17:46:38 -0500] "POST /forms/lservlet;jsessionid=ac16012b30d66bd79d5a81354b569b64ca0b03586396.e3iSbxaKaheRe3eRa38MahaQbi1ynknvrkLOlQzNp65In0 HTTP/1.1" 200 2
52.167.144.16 - - [02/Dec/2023:17:46:57 -0500] "GET /BLA/resoluciones/index.php?dir=RESOLUCIONES+2009%2F HTTP/1.1" 200 1694101
40.77.167.63 - - [02/Dec/2023:17:47:02 -0500] "GET /BLA/resoluciones/RESOLUCIONES%202009/3904.pdf HTTP/1.1" 200 704813
207.46.13.54 - - [02/Dec/2023:17:47:02 -0500] "GET /BLA/resoluciones/index.php?dir=RESOLUCIONES+2006%2FRES+2006+2601-2650%2F HTTP/1.1" 200 11939
40.77.189.10 - - [02/Dec/2023:17:47:35 -0500] "GET /BLA/resoluciones/dlf/styles.css HTTP/1.1" 200 3049
216.245.221.92 - - [02/Dec/2023:17:48:17 -0500] "HEAD / HTTP/1.1" 200 -
201.245.192.253 - - [02/Dec/2023:17:48:20 -0500] "POST /forms/lservlet;jsessionid=ac16012b30d64ec0b0a9f85d4cd0acdf8f65235348eb.e3iSbxaKaheRe3eRa38MahaQbi1ynknvrkLOlQzNp65In0 HTTP/1.1" 200 2
201.245.192.253 - - [02/Dec/2023:17:48:38 -0500] "POST /forms/lservlet;jsessionid=ac16012b30d66bd79d5a81354b569b64ca0b03586396.e3iSbxaKaheRe3eRa38MahaQbi1ynknvrkLOlQzNp65In0 HTTP/1.1" 200 2
172.22.2.4 - - [02/Dec/2023:17:49:37 -0500] "GET /BLA/boletinlegal/Circulares/2022/CIRCULAR%20No.%2000005%20DEL%2030%20DE%20JUNIO%20DEL%202022.pdf HTTP/1.1" 304 -
190.84.43.231 - - [02/Dec/2023:17:49:50 -0500] "GET /sipse/faces/index.xhtml HTTP/1.1" 200 677
190.84.43.231 - - [02/Dec/2023:17:49:51 -0500] "GET /sipse/faces/javax.faces.resource/theme.css?ln=primefaces-sipse HTTP/1.1" 304 -
190.84.43.231 - - [02/Dec/2023:17:49:51 -0500] "GET /sipse/faces/faces/autenticacion.xhtml HTTP/1.1" 200 12414
190.84.43.231 - - [02/Dec/2023:17:49:51 -0500] "GET /sipse/faces/javax.faces.resource/theme.css?ln=primefaces-sipse HTTP/1.1" 304 -
190.84.43.231 - - [02/Dec/2023:17:49:51 -0500] "GET /sipse/faces/javax.faces.resource/jquery/jquery.js?ln=primefaces&v=4.0 HTTP/1.1" 304 -
190.84.43.231 - - [02/Dec/2023:17:49:51 -0500] "GET /sipse/faces/javax.faces.resource/primefaces.css?ln=primefaces&v=4.0 HTTP/1.1" 304 -
190.84.43.231 - - [02/Dec/2023:17:49:51 -0500] "GET /sipse/faces/javax.faces.resource/layout/layout.css?ln=primefaces&v=4.0 HTTP/1.1" 304 -
190.84.43.231 - - [02/Dec/2023:17:49:51 -0500] "GET /sipse/faces/javax.faces.resource/jquery/jquery-plugins.js?ln=primefaces&v=4.0 HTTP/1.1" 304 -
190.84.43.231 - - [02/Dec/2023:17:49:51 -0500] "GET /sipse/faces/javax.faces.resource/primefaces.js?ln=primefaces&v=4.0 HTTP/1.1" 304 -
190.84.43.231 - - [02/Dec/2023:17:49:51 -0500] "GET /sipse/faces/javax.faces.resource/layout/layout.js?ln=primefaces&v=4.0 HTTP/1.1" 304 -
190.84.43.231 - - [02/Dec/2023:17:49:51 -0500] "GET /sipse/faces/javax.faces.resource/images/ui-icons_898989_256x240.png?ln=primefaces-aristo HTTP/1.1" 304 -
190.84.43.231 - - [02/Dec/2023:17:49:54 -0500] "POST /sipse/faces/autenticacion.xhtml HTTP/1.1" 200 16289
190.84.43.231 - - [02/Dec/2023:17:49:54 -0500] "GET /sipse/faces/javax.faces.resource/theme.css?ln=primefaces-sipse HTTP/1.1" 304 -
190.84.43.231 - - [02/Dec/2023:17:49:54 -0500] "GET /sipse/faces/javax.faces.resource/primefaces.css?ln=primefaces&v=4.0 HTTP/1.1" 304 -
190.84.43.231 - - [02/Dec/2023:17:49:54 -0500] "GET /sipse/faces/javax.faces.resource/layout/layout.css?ln=primefaces&v=4.0 HTTP/1.1" 304 -
190.84.43.231 - - [02/Dec/2023:17:49:54 -0500] "GET /sipse/faces/javax.faces.resource/jquery/jquery.js?ln=primefaces&v=4.0 HTTP/1.1" 304 -
190.84.43.231 - - [02/Dec/2023:17:49:54 -0500] "GET /sipse/faces/javax.faces.resource/jquery/jquery-plugins.js?ln=primefaces&v=4.0 HTTP/1.1" 304 -
190.84.43.231 - - [02/Dec/2023:17:49:54 -0500] "GET /sipse/faces/javax.faces.resource/primefaces.js?ln=primefaces&v=4.0 HTTP/1.1" 304 -
190.84.43.231 - - [02/Dec/2023:17:49:54 -0500] "GET /sipse/faces/javax.faces.resource/layout/layout.js?ln=primefaces&v=4.0 HTTP/1.1" 304 -
190.84.43.231 - - [02/Dec/2023:17:49:55 -0500] "GET /sipse/css/imagen/contrasena.png HTTP/1.1" 404 383
190.84.43.231 - - [02/Dec/2023:17:49:55 -0500] "GET /sipse/faces/javax.faces.resource/messages/messages.png?ln=primefaces&v=4.0 HTTP/1.1" 304 -
190.84.43.231 - - [02/Dec/2023:17:49:59 -0500] "GET /sipse/faces/javax.faces.resource/images/ui-bg_flat_0_2d5972_40x100.png?ln=primefaces-aristo HTTP/1.1" 304 -
190.84.43.231 - - [02/Dec/2023:17:49:59 -0500] "POST /sipse/faces/bienvenido.xhtml HTTP/1.1" 200 1471
190.84.43.231 - - [02/Dec/2023:17:50:02 -0500] "POST /sipse/faces/bienvenido.xhtml HTTP/1.1" 200 62301
190.84.43.231 - - [02/Dec/2023:17:50:02 -0500] "GET /sipse/faces/javax.faces.resource/theme.css?ln=primefaces-sipse HTTP/1.1" 304 -
190.84.43.231 - - [02/Dec/2023:17:50:02 -0500] "GET /sipse/faces/javax.faces.resource/layout/layout.css?ln=primefaces&v=4.0 HTTP/1.1" 304 -
190.84.43.231 - - [02/Dec/2023:17:50:02 -0500] "GET /sipse/faces/javax.faces.resource/primefaces.css?ln=primefaces&v=4.0 HTTP/1.1" 304 -
190.84.43.231 - - [02/Dec/2023:17:50:02 -0500] "GET /sipse/faces/javax.faces.resource/jquery/jquery.js?ln=primefaces&v=4.0 HTTP/1.1" 304 -
190.84.43.231 - - [02/Dec/2023:17:50:03 -0500] "GET /sipse/faces/javax.faces.resource/jquery/jquery-plugins.js?ln=primefaces&v=4.0 HTTP/1.1" 304 -
190.84.43.231 - - [02/Dec/2023:17:50:03 -0500] "GET /sipse/faces/javax.faces.resource/primefaces.js?ln=primefaces&v=4.0 HTTP/1.1" 304 -
190.84.43.231 - - [02/Dec/2023:17:50:03 -0500] "GET /sipse/faces/javax.faces.resource/layout/layout.js?ln=primefaces&v=4.0 HTTP/1.1" 304 -
190.84.43.231 - - [02/Dec/2023:17:50:03 -0500] "POST /sipse/faces/presentacion/financiero/solicitudProceso/listarSolicitudProceso.xhtml HTTP/1.1" 200 1564
191.108.24.81 - - [02/Dec/2023:17:50:04 -0500] "GET /kwssiamovil/sm/ldap/au?x=U2FsdGVkX19XOXzAQ+nctgf71Sr9HJEQbrgE9Sn3AlwwtSgVs4DBZq14FFvJQf+c+yAMYddBPch+pi5AMI+qQg==&y=U2FsdGVkX18kDxNWFe69QqSLpABARiWPMHdHBDk4YrTinyRtW0h+mpewa5fXfLMw HTTP/1.1" 200 30
191.108.24.81 - - [02/Dec/2023:17:50:04 -0500] "GET /kwssiamovil/sm/acme/s?s=U2FsdGVkX18/S6alLujspxWME/Mjb3fyB3XfHuST5G2thzd4gq2bghUdrcBViiIA1G/uSljpJe5bw/Shi0gHV7Nu1GNwLIjtKX/Um7nnEWw=&u=U2FsdGVkX181BEadZoAodYnj+Vwnrx15YS9Q1F80EiGR/nOoDNbX04prFgD2KRzL&y=U2FsdGVkX18kDxNWFe69QqSLpABARiWPMHdHBDk4YrTinyRtW0h+mpewa5fXfLMw HTTP/1.1" 200 97
191.108.24.81 - - [02/Dec/2023:17:50:04 -0500] "GET /kwssiamovil/sm/acme/s?s=U2FsdGVkX18UfcwweSj/fq04bnrj5vCZ37ZhXMr/rkLmPEG2dWY7MlRVJthB4LR/7TWGTLOhuwV3mWNhMIhAhxk8XTQxHCV+3j3JJoUlI01eWe60KaL91zRCBblnfsFXo6SoBq92kJknJrj/sDBIC5sRoeeI7N/8MB6IE3fXb3pyiamo4IS3IQxRhXFmLVZw7EErpcNHTeuzWc0YyQc8MQgWrSC4hGG8MPdM9kw1J/JPBZHZ7otlppOE3ftaBTAnAKcL8V0NSOAR8P1MkrEI99gmhQ7WrOctZ/1/8q8qc6MrN3KtMIaJp3BOAvPCgnodZ/dE5oMnErqKFLIxYyd9+Vx4jBpdt1X2hD2RNuI0jR2u6s4zOkCiTlFmKnjwMMaUHJfd2PdqNjajhOGbX1ysIbdyrcrjMOXPauPWl60Y0TSEB/cfMjCvGxXPWbbCAMWLdO5RL7kC4K8IjGvtbp0f9KDfLAlwYaZrHGFSrXoHdkj4+mcnJtVwQqLwqoG/GoyHvUEmwp5vvyI0mGEfmSkMj5lEzMdGSZttXp0seRq4GF6MGec0JNQCB5cdbg9RtSacImLKd0oOzK986pN8ZKbxoNCMhOqbUJGevD/85O6AQqDI9R5JA7SCRk63oX8zmkeu/tDTzd4cMjiaUOniy20AEmYWeHPfMSBGpg6qXTMlKyqZLjL798bPpoOZYV+3qbNgdFQI4CA5wQdOn/LLTpSyDhto2n2wlXChQ96NEM3J9Blt/HuKDiDnBZ9ZF+RLIiqNErbLdln1vJwmBztjuqkBneT6aKc4Rw1xI+9KLwfje6T9zvhZeEBt3FLHK+9TjAaMjcZ6hyLcoCb6tBq06R6GbAIKuLEu+Re+kl0xgYDg3Qms0HX8FWMMSZGMN7gjd896iAoxoqJHIabDxyf+RKY7Eb/x8+lVN6EAbASUmUcHUa/bsFWdQvSV6IlBlNy/pEWvNHoNMA94Dei2ZV7OX3LZEzOZPXBKGPPX730jWA0xhy/y/2FiC8wOls5WsZWolWBvXqnhLwZh2yaPSdZorIeSeXD1H1wEe930e74ZiGa3R2Qd5prcmV0tL/TrQ1/Esz7mxQu6AhhPt/G5Ke0XOCsxfxAyZ72c5X7Iz4H4OM+L48GRGsrwzGgWP8NjfuE2Ga562jQcmOdNx6/nkfw5d7dt9Td2DJGW5dDxjsJz7uZjInjx7jkJIQDLqDDUOVLD/4ddJJtba0EPJAvX63iXZGAvRbnkjvfO5jlL2I8XSErKHxQDIf7R/FfpDgElV99UdojxqdHnlX3vpKmfNyS6A9sW6/dUeBtyuNMdfR43psdIollZ6+6bqE+3B53z8F3xqdJvU//YeRueM1ZTboRVBi1UjKM9I22ph8R3QA8l3YmszrTlCdvB5U/X+duL6M2hVQ3wxfE6Cq8hCie6lMGD7rt3d8r2O+ZkoCsgSTS/o/laRyK7xhE+Nu5joibbCxuqoGIShnRYneWa0IrA5Uq403M4NUQ/RTSQVPutRIo2u71E2RW7A7uMuR7zeXqFYU67QKmnHc0LMPGQpthhh7rvZ7EJ6HzyTWShmUjaAXvlPLW8Glniy1svoFVGLf/vtaOB04tNZSX9rVTcNEfH6CJy3wVe8Sc4mj18jFCWYG/N7qSHeV3IpxB4KATuWu/0TV18G7uPSpcju+KVhua6g4b7qh4HacF1F1P8PFy7G7SHKMBNM42AfN8MTfbclkMrmB9Y1d8DYAotxkER9MPpy553kJx6df3NRn3vCvGZfwXBIzyAdslYvLgvqtbxRETcYJjH4d4A&u=U2FsdGVkX181BEadZoAodYnj+Vwnrx15YS9Q1F80EiGR/nOoDNbX04prFgD2KRzL&y=U2FsdGVkX18kDxNWFe69QqSLpABARiWPMHdHBDk4YrTinyRtW0h+mpewa5fXfLMw HTTP/1.1" 200 1033
191.108.24.81 - - [02/Dec/2023:17:50:04 -0500] "GET /kwssiamovil/sm/acme/s?s=U2FsdGVkX1//TfSWVU4R8M+H3rpgUk8HE8FnH+h9hSghxUjGk3LK9hqWptNH+W8tfxpTm0y8N+3wL+NWK3zaLRKwdIeDoDzarFM3WlySE8sYaQ8yiLQ2i1+vQu1s+mF9/k/2buyHGPMh7nHkAAaG8MGtE5j+j0ASNT8prk8vtzvQeOfvmmQC5tnH3REXkgH2xCV6eHnuGQc3IDV4eakqKKFZ/1N9BtGBL/cOoMMEmZWynknYptMjb6btRGp9dShofDQW3jQTuqBmA7+SoFtvABVs7jk5FHrxRsKYgINH+ulVEdi7YcH1b1ccx4rWyFp3L0IrgEh+LQOFQkiD8VBsv4yeckAdvesCIUelD1Huml7pcst5dhlole8XEHZLmfClNbboUeBU5nCkzAtpVg3lZcE4TYN+SBYB5TO1R0KaT6iHrjfP0xwiNUdJFSokjGn0kKV3dLjWbWicaMWzqtzOYtyVXaQVpcZTRKqOk6NEopb28vxhIJLRwQt/1KyoS7w9XyTEkmRL1/fHUdNcfhu7gUbP/7khOYpRfmWwG7sLxxjTKWgJXDwj6rDPG967GbANpxeUPDkVPnrb6gSlBusU9uH2ULyGEBJwhXgopM1sSw80EAbvj+T1vC5sA6OotIYMwKuaE1RzDULgN2qfqx5kYh7S5JrBhJzOMcN4qqovwUj1beSVxmBTQCsmYWo37IorUuYnLnHopFRojbSy/IV8teqlT0wBqd9zdvSeG61julbOv4HS+9uol1s4tQh0KPLw&u=U2FsdGVkX181BEadZoAodYnj+Vwnrx15YS9Q1F80EiGR/nOoDNbX04prFgD2KRzL&y=U2FsdGVkX18kDxNWFe69QqSLpABARiWPMHdHBDk4YrTinyRtW0h+mpewa5fXfLMw HTTP/1.1" 200 208
190.84.43.231 - - [02/Dec/2023:17:50:05 -0500] "POST /sipse/faces/presentacion/financiero/solicitudProceso/listarSolicitudProceso.xhtml HTTP/1.1" 200 5113
191.108.24.81 - - [02/Dec/2023:17:50:05 -0500] "GET /kwssiamovil/sm/cjson/pre?f=1&x=U2FsdGVkX19XOXzAQ+nctgf71Sr9HJEQbrgE9Sn3AlwwtSgVs4DBZq14FFvJQf+c+yAMYddBPch+pi5AMI+qQg== HTTP/1.1" 200 31032
190.84.43.231 - - [02/Dec/2023:17:50:07 -0500] "POST /sipse/faces/presentacion/financiero/solicitudProceso/listarSolicitudProceso.xhtml HTTP/1.1" 200 124770
190.84.43.231 - - [02/Dec/2023:17:50:09 -0500] "GET /sipse/faces/javax.faces.resource/theme.css?ln=primefaces-sipse HTTP/1.1" 304 -
190.84.43.231 - - [02/Dec/2023:17:50:09 -0500] "GET /sipse/faces/javax.faces.resource/primefaces.css?ln=primefaces&v=4.0 HTTP/1.1" 304 -
190.84.43.231 - - [02/Dec/2023:17:50:09 -0500] "GET /sipse/faces/javax.faces.resource/layout/layout.css?ln=primefaces&v=4.0 HTTP/1.1" 304 -
190.84.43.231 - - [02/Dec/2023:17:50:09 -0500] "GET /sipse/faces/javax.faces.resource/jquery/jquery.js?ln=primefaces&v=4.0 HTTP/1.1" 304 -
190.84.43.231 - - [02/Dec/2023:17:50:09 -0500] "GET /sipse/faces/javax.faces.resource/jquery/jquery-plugins.js?ln=primefaces&v=4.0 HTTP/1.1" 304 -
190.84.43.231 - - [02/Dec/2023:17:50:09 -0500] "GET /sipse/faces/javax.faces.resource/primefaces.js?ln=primefaces&v=4.0 HTTP/1.1" 304 -
190.84.43.231 - - [02/Dec/2023:17:50:09 -0500] "GET /sipse/faces/javax.faces.resource/layout/layout.js?ln=primefaces&v=4.0 HTTP/1.1" 304 -
201.245.192.253 - - [02/Dec/2023:17:50:12 -0500] "POST /kwsrmcab/Wsrmcab  HTTP/1.1" 200 41956
172.22.2.4 - - [02/Dec/2023:17:48:39 -0500] "HEAD /BLA/boletinlegal/ HTTP/1.1" 200 -
201.245.192.253 - - [02/Dec/2023:17:50:20 -0500] "POST /forms/lservlet;jsessionid=ac16012b30d64ec0b0a9f85d4cd0acdf8f65235348eb.e3iSbxaKaheRe3eRa38MahaQbi1ynknvrkLOlQzNp65In0 HTTP/1.1" 200 2
201.245.192.253 - - [02/Dec/2023:17:50:38 -0500] "POST /forms/lservlet;jsessionid=ac16012b30d66bd79d5a81354b569b64ca0b03586396.e3iSbxaKaheRe3eRa38MahaQbi1ynknvrkLOlQzNp65In0 HTTP/1.1" 200 2
172.22.2.4 - - [02/Dec/2023:17:49:30 -0500] "GET /BLA/boletinlegal/ HTTP/1.1" 200 58644
190.84.43.231 - - [02/Dec/2023:17:51:14 -0500] "POST /sipse/faces/presentacion/financiero/solicitudProceso/consultarSolicitudProceso.xhtml HTTP/1.1" 200 218699
190.84.43.231 - - [02/Dec/2023:17:51:29 -0500] "POST /sipse/faces/presentacion/financiero/solicitudProceso/consultarSolicitudProceso.xhtml HTTP/1.1" 200 494635
190.84.43.231 - - [02/Dec/2023:17:51:31 -0500] "POST /sipse/faces/presentacion/financiero/solicitudProceso/consultarSolicitudProceso.xhtml HTTP/1.1" 200 2141937
190.84.43.231 - - [02/Dec/2023:17:51:34 -0500] "POST /sipse/faces/presentacion/financiero/solicitudProceso/consultarSolicitudProceso.xhtml HTTP/1.1" 200 38521
190.84.43.231 - - [02/Dec/2023:17:51:36 -0500] "POST /sipse/faces/presentacion/financiero/solicitudProceso/consultarSolicitudProceso.xhtml HTTP/1.1" 200 73904
190.84.43.231 - - [02/Dec/2023:17:51:38 -0500] "POST /sipse/faces/presentacion/financiero/solicitudProceso/consultarSolicitudProceso.xhtml HTTP/1.1" 200 52352
201.245.192.253 - - [02/Dec/2023:17:52:20 -0500] "POST /forms/lservlet;jsessionid=ac16012b30d64ec0b0a9f85d4cd0acdf8f65235348eb.e3iSbxaKaheRe3eRa38MahaQbi1ynknvrkLOlQzNp65In0 HTTP/1.1" 200 2
201.245.192.253 - - [02/Dec/2023:17:52:38 -0500] "POST /forms/lservlet;jsessionid=ac16012b30d66bd79d5a81354b569b64ca0b03586396.e3iSbxaKaheRe3eRa38MahaQbi1ynknvrkLOlQzNp65In0 HTTP/1.1" 200 2
190.84.43.231 - - [02/Dec/2023:17:52:56 -0500] "POST /sipse/faces/presentacion/financiero/solicitudProceso/consultarSolicitudProceso.xhtml HTTP/1.1" 200 5497
190.84.43.231 - - [02/Dec/2023:17:52:56 -0500] "GET /sipse/faces/javax.faces.resource/dynamiccontent.properties?ln=primefaces&pfdrid=XjOR5%2F%2FfPAZAuY9TpWQeCiM0BhlXxYRBGKi%2FQcXXfeA%3D&pfdrid_c=false HTTP/1.1" 200 117453
190.84.43.231 - - [02/Dec/2023:17:52:58 -0500] "GET /sipse/faces/javax.faces.resource/dynamiccontent.properties?ln=primefaces&pfdrid=XjOR5%2F%2FfPAZAuY9TpWQeCiM0BhlXxYRBGKi%2FQcXXfeA%3D&pfdrid_c=false HTTP/1.1" 500 383
216.245.221.92 - - [02/Dec/2023:17:53:17 -0500] "HEAD / HTTP/1.1" 200 -
40.77.167.243 - - [02/Dec/2023:17:53:30 -0500] "GET /BLA/resoluciones/AUTOS%202017/3046.pdf HTTP/1.1" 200 264556
201.245.192.253 - - [02/Dec/2023:17:54:20 -0500] "POST /forms/lservlet;jsessionid=ac16012b30d64ec0b0a9f85d4cd0acdf8f65235348eb.e3iSbxaKaheRe3eRa38MahaQbi1ynknvrkLOlQzNp65In0 HTTP/1.1" 200 2
201.245.192.253 - - [02/Dec/2023:17:54:38 -0500] "POST /forms/lservlet;jsessionid=ac16012b30d66bd79d5a81354b569b64ca0b03586396.e3iSbxaKaheRe3eRa38MahaQbi1ynknvrkLOlQzNp65In0 HTTP/1.1" 200 2
66.249.66.19 - - [02/Dec/2023:17:55:05 -0500] "GET /BLA/resoluciones/AUTOS%202014/5129.pdf HTTP/1.1" 200 545119
201.245.192.253 - - [02/Dec/2023:17:55:11 -0500] "POST /kwsrmcab/Wsrmcab  HTTP/1.1" 200 41956
66.249.66.20 - - [02/Dec/2023:17:55:18 -0500] "GET /BLA/resoluciones/RESOLUCIONES%202010/3411.pdf HTTP/1.1" 200 317124
40.77.167.143 - - [02/Dec/2023:17:55:42 -0500] "GET /Publicaciones/2023EE248767.pdf HTTP/1.1" 404 228
40.77.167.143 - - [02/Dec/2023:17:55:43 -0500] "GET /BLA/resoluciones/RESOLUCIONES%202014/0983.pdf HTTP/1.1" 200 554948
172.22.2.4 - - [02/Dec/2023:17:54:29 -0500] "HEAD /BLA/boletinlegal/ HTTP/1.1" 200 -
201.245.192.253 - - [02/Dec/2023:17:56:20 -0500] "POST /forms/lservlet;jsessionid=ac16012b30d64ec0b0a9f85d4cd0acdf8f65235348eb.e3iSbxaKaheRe3eRa38MahaQbi1ynknvrkLOlQzNp65In0 HTTP/1.1" 200 2
201.245.192.253 - - [02/Dec/2023:17:56:38 -0500] "POST /forms/lservlet;jsessionid=ac16012b30d66bd79d5a81354b569b64ca0b03586396.e3iSbxaKaheRe3eRa38MahaQbi1ynknvrkLOlQzNp65In0 HTTP/1.1" 200 2
172.22.2.4 - - [02/Dec/2023:17:55:20 -0500] "GET /BLA/boletinlegal/ HTTP/1.1" 200 61018
216.245.221.92 - - [02/Dec/2023:17:58:17 -0500] "HEAD / HTTP/1.1" 200 -
201.245.192.253 - - [02/Dec/2023:17:58:20 -0500] "POST /forms/lservlet;jsessionid=ac16012b30d64ec0b0a9f85d4cd0acdf8f65235348eb.e3iSbxaKaheRe3eRa38MahaQbi1ynknvrkLOlQzNp65In0 HTTP/1.1" 200 2
201.245.192.253 - - [02/Dec/2023:17:58:38 -0500] "POST /forms/lservlet;jsessionid=ac16012b30d66bd79d5a81354b569b64ca0b03586396.e3iSbxaKaheRe3eRa38MahaQbi1ynknvrkLOlQzNp65In0 HTTP/1.1" 200 2
201.245.192.253 - - [02/Dec/2023:18:00:11 -0500] "POST /kwsrmcab/Wsrmcab  HTTP/1.1" 200 41956
201.245.192.253 - - [02/Dec/2023:18:00:20 -0500] "POST /forms/lservlet;jsessionid=ac16012b30d64ec0b0a9f85d4cd0acdf8f65235348eb.e3iSbxaKaheRe3eRa38MahaQbi1ynknvrkLOlQzNp65In0 HTTP/1.1" 200 2
201.245.192.253 - - [02/Dec/2023:18:00:38 -0500] "POST /forms/lservlet;jsessionid=ac16012b30d66bd79d5a81354b569b64ca0b03586396.e3iSbxaKaheRe3eRa38MahaQbi1ynknvrkLOlQzNp65In0 HTTP/1.1" 200 2
172.22.2.4 - - [02/Dec/2023:18:00:19 -0500] "HEAD /BLA/boletinlegal/ HTTP/1.1" 200 -
201.245.192.253 - - [02/Dec/2023:18:02:20 -0500] "POST /forms/lservlet;jsessionid=ac16012b30d64ec0b0a9f85d4cd0acdf8f65235348eb.e3iSbxaKaheRe3eRa38MahaQbi1ynknvrkLOlQzNp65In0 HTTP/1.1" 200 2
52.167.144.216 - - [02/Dec/2023:18:02:32 -0500] "GET /BLA/resoluciones/Notificaciones/REGISTROS%202020/0859.pdf HTTP/1.1" 200 268497
201.245.192.253 - - [02/Dec/2023:18:02:38 -0500] "POST /forms/lservlet;jsessionid=ac16012b30d66bd79d5a81354b569b64ca0b03586396.e3iSbxaKaheRe3eRa38MahaQbi1ynknvrkLOlQzNp65In0 HTTP/1.1" 200 2
172.22.2.4 - - [02/Dec/2023:18:01:10 -0500] "GET /BLA/boletinlegal/ HTTP/1.1" 200 60634
216.245.221.92 - - [02/Dec/2023:18:03:17 -0500] "HEAD / HTTP/1.1" 200 -
201.245.192.253 - - [02/Dec/2023:18:04:20 -0500] "POST /forms/lservlet;jsessionid=ac16012b30d64ec0b0a9f85d4cd0acdf8f65235348eb.e3iSbxaKaheRe3eRa38MahaQbi1ynknvrkLOlQzNp65In0 HTTP/1.1" 200 2
201.245.192.253 - - [02/Dec/2023:18:04:38 -0500] "POST /forms/lservlet;jsessionid=ac16012b30d66bd79d5a81354b569b64ca0b03586396.e3iSbxaKaheRe3eRa38MahaQbi1ynknvrkLOlQzNp65In0 HTTP/1.1" 200 2
40.77.167.235 - - [02/Dec/2023:18:05:08 -0500] "GET /images/Red%20de%20Monitoreo%20de%20Calidad%20del%20Aire.jpg HTTP/1.1" 200 51986
201.245.192.253 - - [02/Dec/2023:18:05:10 -0500] "POST /kwsrmcab/Wsrmcab  HTTP/1.1" 200 41956
201.245.192.253 - - [02/Dec/2023:18:06:20 -0500] "POST /forms/lservlet;jsessionid=ac16012b30d64ec0b0a9f85d4cd0acdf8f65235348eb.e3iSbxaKaheRe3eRa38MahaQbi1ynknvrkLOlQzNp65In0 HTTP/1.1" 200 2
201.245.192.253 - - [02/Dec/2023:18:06:38 -0500] "POST /forms/lservlet;jsessionid=ac16012b30d66bd79d5a81354b569b64ca0b03586396.e3iSbxaKaheRe3eRa38MahaQbi1ynknvrkLOlQzNp65In0 HTTP/1.1" 200 2
52.167.144.170 - - [02/Dec/2023:18:07:12 -0500] "GET /BLA/resoluciones/AUTOS%202017/4616.pdf HTTP/1.1" 200 262050
172.22.2.4 - - [02/Dec/2023:18:06:09 -0500] "HEAD /BLA/boletinlegal/ HTTP/1.1" 200 -
216.245.221.92 - - [02/Dec/2023:18:08:17 -0500] "HEAD / HTTP/1.1" 200 -
201.245.192.253 - - [02/Dec/2023:18:08:20 -0500] "POST /forms/lservlet;jsessionid=ac16012b30d64ec0b0a9f85d4cd0acdf8f65235348eb.e3iSbxaKaheRe3eRa38MahaQbi1ynknvrkLOlQzNp65In0 HTTP/1.1" 200 2
201.245.192.253 - - [02/Dec/2023:18:08:38 -0500] "POST /forms/lservlet;jsessionid=ac16012b30d66bd79d5a81354b569b64ca0b03586396.e3iSbxaKaheRe3eRa38MahaQbi1ynknvrkLOlQzNp65In0 HTTP/1.1" 200 2
172.22.2.4 - - [02/Dec/2023:18:07:00 -0500] "GET /BLA/boletinlegal/ HTTP/1.1" 200 60634
201.245.192.253 - - [02/Dec/2023:18:10:09 -0500] "POST /kwsrmcab/Wsrmcab  HTTP/1.1" 200 41956
201.245.192.253 - - [02/Dec/2023:18:10:20 -0500] "POST /forms/lservlet;jsessionid=ac16012b30d64ec0b0a9f85d4cd0acdf8f65235348eb.e3iSbxaKaheRe3eRa38MahaQbi1ynknvrkLOlQzNp65In0 HTTP/1.1" 200 2
152.203.161.199 - - [02/Dec/2023:18:10:23 -0500] "OPTIONS /kwssiamovil/sm/setfile/f? HTTP/1.1" 200 13
152.203.161.199 - - [02/Dec/2023:18:10:23 -0500] "POST /kwssiamovil/sm/setfile/f? HTTP/1.1" 200 381
152.203.161.199 - - [02/Dec/2023:18:10:26 -0500] "OPTIONS /kwssiamovil/sm/setfile/f? HTTP/1.1" 200 13
152.203.161.199 - - [02/Dec/2023:18:10:26 -0500] "POST /kwssiamovil/sm/setfile/f? HTTP/1.1" 200 381
152.203.161.199 - - [02/Dec/2023:18:10:28 -0500] "OPTIONS /kwssiamovil/sm/setfile/f? HTTP/1.1" 200 13
152.203.161.199 - - [02/Dec/2023:18:10:28 -0500] "POST /kwssiamovil/sm/setfile/f? HTTP/1.1" 200 381
152.203.161.199 - - [02/Dec/2023:18:10:31 -0500] "OPTIONS /kwssiamovil/sm/setfile/f? HTTP/1.1" 200 13
152.203.161.199 - - [02/Dec/2023:18:10:31 -0500] "POST /kwssiamovil/sm/setfile/f? HTTP/1.1" 200 381
152.203.161.199 - - [02/Dec/2023:18:10:33 -0500] "OPTIONS /kwssiamovil/sm/setfile/f? HTTP/1.1" 200 13
152.203.161.199 - - [02/Dec/2023:18:10:33 -0500] "POST /kwssiamovil/sm/setfile/f? HTTP/1.1" 200 381
152.203.161.199 - - [02/Dec/2023:18:10:35 -0500] "OPTIONS /kwssiamovil/sm/setfile/f? HTTP/1.1" 200 13
152.203.161.199 - - [02/Dec/2023:18:10:35 -0500] "POST /kwssiamovil/sm/setfile/f? HTTP/1.1" 200 381
201.245.192.253 - - [02/Dec/2023:18:10:38 -0500] "POST /forms/lservlet;jsessionid=ac16012b30d66bd79d5a81354b569b64ca0b03586396.e3iSbxaKaheRe3eRa38MahaQbi1ynknvrkLOlQzNp65In0 HTTP/1.1" 200 2
152.203.161.199 - - [02/Dec/2023:18:10:53 -0500] "GET /kwssiamovil/sm/acme/a?s=U2FsdGVkX195PDJqySK20sFfmvoveTtqrDbTOOGa1GNScq0S/HMt1UcvJfKlhsNOL3CAuNaTU0Oi8ft1QpBe2Zofpp2N8WZH8zMkJQNy8rwCNJqemPtn7nGrBL6QBubo0lcZ6fakzWPk4GXTSiOGU10ZclTTWZ5T6IOnJWlv8DdIA8r5vUeqZYPwE9h+5O6QT6otM6Vf7PRqG2+L8ciOdqTK3bGzgf4IBIr86J7Ukw4Q935KgELuEs7XdLFsxbPmOo0YIH+kDi6wJAf78qfERw==&u=U2FsdGVkX1+Bl1HaRvtqpEG0x7ndh2NZYBz4CGGB5bf1k7QQSZYlZFaab2gaDu+Q&y=U2FsdGVkX18D2igbuy0t/5ylv1oaAxlBCltzditRb7JakS1MGdVr2KEhPiv7hFos HTTP/1.1" 200 26
152.203.161.199 - - [02/Dec/2023:18:10:53 -0500] "GET /kwssiamovil/sm/acme/a?s=U2FsdGVkX1+sS6vV8jmZlHRe3y2rGYdrbNSU2o7vXd3dupaWlnyI73H8oI1zGAibkKRloArgKyDt9kKgkyHKE2zQUstZVE0o1nm27gg7a3mreBgp0v/aKgGaPjJSjV0ooinZZNXTygq20a+rQJUda8VrqCx0vlL1XxHPVrSS1kgqWVDBtoyN2+YFwa2fSNNtErFi/MX8D4bx3QsnzdeM2xgoRzDJvgNZw17zFFxGCGElA312XM/G5YsAPEyd5yREs2Ltp6zRogBjOMO68dYwlTYzuRQH/1SI2R5qPky95KMukqg0MI84bzlZ0WirHiKfk4vhVrwPgUYbHk1Xe4FAtwzBUeQCjSgdyb4OI1AD/Uqra9tJNV5hUkhwy2w0HPHG9tSFA3zSxX5Sxr/8E58nvXzxjWIDhcULOofuKc5j7nD29tl2bDvkuMWp66HpYbI87Wo1gtNV575/E0Q0+W9T3MtHjrbXH63rrrvePeuYYSXHlQyMl2d5i6NHYkc2o7we4wkyFBxalb0wygsb8XizKU3AnoM7cR/6Q9obnoECv/dCPUIt+qOCRdWOEj04rgjiszu5BLwsbT60PwTzYyF70T1dSyu6h6aEEwu7prOU5Dhp/eOT7/Ta3EiGLiOmZwsqKooJL6LG+p+9pD/9gvsGMJJlisy1km89gddSdKmbxVKHxbqe/6MvUYcB9N+NwUOE0hCJKZUNwIS8gM4Gn31G8z4DK+JR4+lVquGclF8ryr6uecHMqbFjf2wV+cdNo7mOmoe8Ondd2jlsTnA8vsBRtxLQ3Sw6nqD2x9lXM54+ZuNeOIerrg6h1oPjlguXZNBIhNGjvwCKiEaQcxw+X9LN4uJgLsoNV6qtWwKUtfcEMC0SHV8d7ji/QEMRsw8uPv2+CRLMFVputJP2hi8UlHg2U6Pp0dSYKYXEBoffSe59bKlT8b960CnIKcSQ2Cf2FHfSv/sXc5gekqrc7TE3JTxU3zhcxuWPTRMtMdMcLd14bAWiCaBLr1GVrCYwVfSENG50S5uwLQSShURx6PC9Kp+WwEBlfW3M6G/XDlN0ddqRR2/eS8LwvxI4+Sp9fQupSM7G69bQj4UA9fgGW3qkiIoC3e50zlqUZwslERQxMCd/Arbm64Gm3HnKDq8B+jzRbmb/63bgIvTZJIGv4R/6NbTR+RycmJwmTNnlP1zhXu7htzrXWGgF0naGTTaBWd0jS7fJ/HjS5lQ+WALqf70NNbAJqRXMgmpDD+yfuSxPtOB4/Pb2QCY3FoVzKr0iwAaJz+VaurCWOtEd2lSy0roIPNRDo0GW56n/G0/22jma1zYo12YB8DJkMQzzUxr5iIJsGNWxzFGHjtxGluuD1idABoC0jeGOWAoCtkd6mn6QRjIEyn1X0T8iJqEWG642mo6/DLqYTxSG+nBEOqHQFtwCyuxB9ebHDWMS+n6gGin7EZMIEnMoIJqjrgPmd1Emd3c15+rKL2RpCaXhqL9vZfTglU+Eb0wtyaxbX3W8trOhg1ya7rMnT09v0gPuEboMNMlkmgNBcrd2ctQBMEd+jEt1C+nCMilnfhBOVczHqLkD/ItpAdkQuN3qzAvZC7Zsy/rgkVXqOUcvvT5Jx4Ty+o4ovsUrvNNANeRXs4Rva5I3AFiM9mSRVgEdRRAbvef2nmPLrs3eL/q3GQckVS1rrKW4rje9uEA2Ifk54bUCODFRUzTSz2g=&u=U2FsdGVkX1+Bl1HaRvtqpEG0x7ndh2NZYBz4CGGB5bf1k7QQSZYlZFaab2gaDu+Q&y=U2FsdGVkX18D2igbuy0t/5ylv1oaAxlBCltzditRb7JakS1MGdVr2KEhPiv7hFos HTTP/1.1" 200 26
152.203.161.199 - - [02/Dec/2023:18:10:54 -0500] "GET /kwssiamovil/sm/acme/a?s=U2FsdGVkX1/JqbtQIhCZqJt2+gazdsM1lKKOjWsY7Lqfn483dowIWYRW62J6+0mLyxSYrvuRs6pets1kLBFZp3S/iB1n/Y/C+wCxzKzF8J//k7ukQRYMIUVFR3qYWwbOMCPkiHnJyYkKTkpYc8j0KpZiB6yKWFhnbGnmDuOsWi8=&u=U2FsdGVkX1+Bl1HaRvtqpEG0x7ndh2NZYBz4CGGB5bf1k7QQSZYlZFaab2gaDu+Q&y=U2FsdGVkX18D2igbuy0t/5ylv1oaAxlBCltzditRb7JakS1MGdVr2KEhPiv7hFos HTTP/1.1" 200 26
152.203.161.199 - - [02/Dec/2023:18:10:54 -0500] "GET /kwssiamovil/sm/acme/a?s=U2FsdGVkX1+yfVgPB5/k8xq91y8ixc2OdnPPYr73LSmCXDByMB/VTs8Kmv11lUOhduCeEi6OyijFH7uMMlmaivQj5uHa2VQUaM2Rvj0Jip9wUBJuFyjoNpR8hKST3Ybtfz5nQWRs4pjJ15DVnn16xc9Baw2SZd0GhZIsMh3wmQE=&u=U2FsdGVkX1+Bl1HaRvtqpEG0x7ndh2NZYBz4CGGB5bf1k7QQSZYlZFaab2gaDu+Q&y=U2FsdGVkX18D2igbuy0t/5ylv1oaAxlBCltzditRb7JakS1MGdVr2KEhPiv7hFos HTTP/1.1" 200 26
152.203.161.199 - - [02/Dec/2023:18:10:54 -0500] "GET /kwssiamovil/sm/acme/a?s=U2FsdGVkX1/U3QasKDM9DEMk8mVOcrsWMVt2+giLdQkEFv9WwurcvWEiXTuRT+njA0zHTQrPkWRVGwjDRU6mYYQOaoD5A040REhENPOWeMxD1t0QGZzKjFlgHEVivHWmSjmiReQTMXAS0LIWAGl4HGuSllyQlL5E/k2gbKSFakY=&u=U2FsdGVkX1+Bl1HaRvtqpEG0x7ndh2NZYBz4CGGB5bf1k7QQSZYlZFaab2gaDu+Q&y=U2FsdGVkX18D2igbuy0t/5ylv1oaAxlBCltzditRb7JakS1MGdVr2KEhPiv7hFos HTTP/1.1" 200 26
152.203.161.199 - - [02/Dec/2023:18:10:54 -0500] "GET /kwssiamovil/sm/acme/a?s=U2FsdGVkX1/qJvSe2OuddMzVJaoQqYrKG85kDRuTH98Q/+XuDsgUcNINWQXNQwpeW+GricYWIkc1kbO3klV61mnDHTMZD14tlVgeoT7FhgHWpJr9Yv7trvLYGO2rELWrMR2vHN7twpSAl8SFFMjGl8aFn4FyttCpJsEh+v+jjKP/VZcymNJLddJCDDvI89O+5EHaBFMKLmRUp3RgnbA50Q==&u=U2FsdGVkX1+Bl1HaRvtqpEG0x7ndh2NZYBz4CGGB5bf1k7QQSZYlZFaab2gaDu+Q&y=U2FsdGVkX18D2igbuy0t/5ylv1oaAxlBCltzditRb7JakS1MGdVr2KEhPiv7hFos HTTP/1.1" 200 26
152.203.161.199 - - [02/Dec/2023:18:10:55 -0500] "GET /kwssiamovil/sm/acme/a?s=U2FsdGVkX1+MyQbt3YzjXwpGI8On+4cjNUG0Ze/o16jEcg3BUlp79DDCamFwVtVORxat6/fwiImYoVYQKAlmGBOfE+JuRA8Li/uUu54uXmnNkIs6KA/4TYMyyCK6lEHcItJJlgbdkFZWIgke5c3dVqWWmYr3rgwlX+vJuD+T01warp3prVXEmgjHVANHcpzFq9Fgf8cz6JLV4X/2XCpGAg==&u=U2FsdGVkX1+Bl1HaRvtqpEG0x7ndh2NZYBz4CGGB5bf1k7QQSZYlZFaab2gaDu+Q&y=U2FsdGVkX18D2igbuy0t/5ylv1oaAxlBCltzditRb7JakS1MGdVr2KEhPiv7hFos HTTP/1.1" 200 26
152.203.161.199 - - [02/Dec/2023:18:10:55 -0500] "GET /kwssiamovil/sm/acme/a?s=U2FsdGVkX18pq/clzARavK12EncRYegajxzTLv1mLw2/LfMKx0GtV33fezfGZ2bwDJgTkscSihgMqYv5B12gD1MDzP7DVsHwY/z+8bYgwbjAUTUTFKdPQL+2X/hJWtjrUp6YDMsP1LIK++jZpkyjFgaUnxfPAOZInwzO6oEWNl+tUu8rRMJLT9lO461OqKCm&u=U2FsdGVkX1+Bl1HaRvtqpEG0x7ndh2NZYBz4CGGB5bf1k7QQSZYlZFaab2gaDu+Q&y=U2FsdGVkX18D2igbuy0t/5ylv1oaAxlBCltzditRb7JakS1MGdVr2KEhPiv7hFos HTTP/1.1" 200 26
152.203.161.199 - - [02/Dec/2023:18:10:55 -0500] "GET /kwssiamovil/sm/acme/a?s=U2FsdGVkX1++7GVQeCJJm0t1HMlLxpTlIqpZqyoTdeVdUuxoUtABh48GdRcbAxRCGdrhU0uM3z/x9A1XoHNXb+AfXQVB92E5DxCzyZqcq/EOGrz9S6ZQG4a4Han4bLritr+3gwRVYuj3Imlm0cKkkXEWXMTgdZ84h8wweGhn38vCJjdfnEQY89TSpGCmqi8K+TWUZ3oeLYATSBPK5rl61w==&u=U2FsdGVkX1+Bl1HaRvtqpEG0x7ndh2NZYBz4CGGB5bf1k7QQSZYlZFaab2gaDu+Q&y=U2FsdGVkX18D2igbuy0t/5ylv1oaAxlBCltzditRb7JakS1MGdVr2KEhPiv7hFos HTTP/1.1" 200 26
152.203.161.199 - - [02/Dec/2023:18:10:56 -0500] "GET /kwssiamovil/sm/acme/a?s=U2FsdGVkX1/Tm/tpUVrqczjV42wZmyzdS4YbWapbnwqEcW5okbPTgEu3BcTSlkIo/h9yjAwaOkFfG3nGS+Rnop/T30I2fHvwfzo5rWQ/awt0FV+kOuYmyoEwfICWwdGwbeCFYs1zfKgcKIVu2tcUExauH57aX2YdjH8CQktMd6CBH76ydI6Hkm5Xn8CIXeQk&u=U2FsdGVkX1+Bl1HaRvtqpEG0x7ndh2NZYBz4CGGB5bf1k7QQSZYlZFaab2gaDu+Q&y=U2FsdGVkX18D2igbuy0t/5ylv1oaAxlBCltzditRb7JakS1MGdVr2KEhPiv7hFos HTTP/1.1" 200 26
152.203.161.199 - - [02/Dec/2023:18:10:56 -0500] "GET /kwssiamovil/sm/acme/a?s=U2FsdGVkX198R7+IiEsD/tLY5Q3NjH1rvG88IIl/2f+9fO2SaF1vcCXhchhCaIOzGYxzhTNlVzo1T26DMZXQaL10Nj4xcTkTmzQa7UmLdjkT34i+AexL3+XLmKf72PuDC2/7uGlpg4mJeBvUEX95TDL1mUOojN/Wc1JgbEi0pE3lkY9xaRXanzZ3fDDVpq4XtF4xgRWQufFmoGXHOzsl+A==&u=U2FsdGVkX1+Bl1HaRvtqpEG0x7ndh2NZYBz4CGGB5bf1k7QQSZYlZFaab2gaDu+Q&y=U2FsdGVkX18D2igbuy0t/5ylv1oaAxlBCltzditRb7JakS1MGdVr2KEhPiv7hFos HTTP/1.1" 200 26
152.203.161.199 - - [02/Dec/2023:18:10:56 -0500] "GET /kwssiamovil/sm/acme/a?s=U2FsdGVkX1+shaIiLMVtr0RLempnQrCohmEBKx62ehCEFxQml3W9IGpklSDxGJQS6x0uS0QABOiZyeKbzHGND36cl8pBzpHQAPY7glR+1kA3nawoEE81tGUyvVbvdzj7cFh1aN12YwMYbst+ci63yjW1ZY4tkPrmsrViO/QFTLWV4vNCciMZQgkK0j8mAiRS&u=U2FsdGVkX1+Bl1HaRvtqpEG0x7ndh2NZYBz4CGGB5bf1k7QQSZYlZFaab2gaDu+Q&y=U2FsdGVkX18D2igbuy0t/5ylv1oaAxlBCltzditRb7JakS1MGdVr2KEhPiv7hFos HTTP/1.1" 200 26
152.203.161.199 - - [02/Dec/2023:18:10:56 -0500] "GET /kwssiamovil/sm/acme/a?s=U2FsdGVkX19JVuAEC57Zx41o84g6m5z59wgTkcGc/aFrO89cj74lSESWrtOm5QuF4MRWGGrBRuTh9E27ROAGiV4qTMwKO3bUstUTIH+dsHU9xUOADjuHblo9r2mirye+CCfSd9WTCTNk3PdzXg6ATQEfYMaAVOKAe4vGKI5s1B2WgLkzq70FIB99ik/bdVJDi3AFSU/Dcwdx8KhyeuztTg==&u=U2FsdGVkX1+Bl1HaRvtqpEG0x7ndh2NZYBz4CGGB5bf1k7QQSZYlZFaab2gaDu+Q&y=U2FsdGVkX18D2igbuy0t/5ylv1oaAxlBCltzditRb7JakS1MGdVr2KEhPiv7hFos HTTP/1.1" 200 26
152.203.161.199 - - [02/Dec/2023:18:10:56 -0500] "GET /kwssiamovil/sm/acme/a?s=U2FsdGVkX1/rC5jNOPQNcx0i0t8y3yOSyWjuqzHQmYUxN9kyyAro9J45OgvXADBSeoBIM7p5QOFxr8vtF0WYLG2nEaeBdwq0bmy+Ussa4xx/sm8NysJlxz7xzzRxmkTtXi9Lsfd+Vr04mGEL8/yEemWBQIu2h500VcpPqGggc+LqMPjkNP0D9aA01zHsTO8F&u=U2FsdGVkX1+Bl1HaRvtqpEG0x7ndh2NZYBz4CGGB5bf1k7QQSZYlZFaab2gaDu+Q&y=U2FsdGVkX18D2igbuy0t/5ylv1oaAxlBCltzditRb7JakS1MGdVr2KEhPiv7hFos HTTP/1.1" 200 26
152.203.161.199 - - [02/Dec/2023:18:10:57 -0500] "GET /kwssiamovil/sm/acme/a?s=U2FsdGVkX18d9SI1l51bQZFFlCFuVYxHc7Mhr3z5S1syX0TDf65arUq3DZBj5pNC+sc0Bnq7EulDRbeagW4+3mxCYA/TeckcFUU4IjB1PdwyKD78fwKjiV6dxytpesQZG4UDvrVdpvnA1serKUj36k5mYKci1oMkqS7kHZIapCJ9SWr73og19uIRQNS1kXgecplDq48XpkbjU1jLWy8fOA==&u=U2FsdGVkX1+Bl1HaRvtqpEG0x7ndh2NZYBz4CGGB5bf1k7QQSZYlZFaab2gaDu+Q&y=U2FsdGVkX18D2igbuy0t/5ylv1oaAxlBCltzditRb7JakS1MGdVr2KEhPiv7hFos HTTP/1.1" 200 26
