!C99Shell v. 1.0 pre-release build #13!

Software: Apache. PHP/5.5.15 

uname -a: Windows NT SVR-DMZ 6.1 build 7600 (Windows Server 2008 R2 Enterprise Edition) i586 

SYSTEM 

Safe-mode: OFF (not secure)

E:\nuevo\apache\logs\   drwxrwxrwx
Free 9.41 GB of 239.26 GB (3.93%)
Detected drives: [ a ] [ c ] [ d ] [ e ] [ f ]
Home    Back    Forward    UPDIR    Refresh    Search    Buffer    Encoder    Tools    Proc.    FTP brute    Sec.    SQL    PHP-code    Update    Feedback    Self remove    Logout    


Viewing file:     access.2023.12.02.log (1.93 MB)      -rw-rw-rw-
Select action/file-type:
(+) | (+) | (+) | Code (+) | Session (+) | (+) | SDB (+) | (+) | (+) | (+) | (+) | (+) |
201.245.192.253 - - [02/Dec/2023:00:01:15 -0500] "POST /forms/lservlet;jsessionid=ac16012b30d64ec0b0a9f85d4cd0acdf8f65235348eb.e3iSbxaKaheRe3eRa38MahaQbi1ynknvrkLOlQzNp65In0 HTTP/1.1" 200 2
201.245.192.253 - - [02/Dec/2023:00:01:35 -0500] "POST /forms/lservlet;jsessionid=ac16012b30d66bd79d5a81354b569b64ca0b03586396.e3iSbxaKaheRe3eRa38MahaQbi1ynknvrkLOlQzNp65In0 HTTP/1.1" 200 2
172.22.2.4 - - [02/Dec/2023:00:00:11 -0500] "HEAD /BLA/boletinlegal/ HTTP/1.1" 200 -
201.245.192.253 - - [02/Dec/2023:00:02:10 -0500] "POST /kwsrmcab/Wsrmcab  HTTP/1.1" 200 41956
216.245.221.92 - - [02/Dec/2023:00:02:19 -0500] "HEAD / HTTP/1.1" 200 -
172.22.2.4 - - [02/Dec/2023:00:01:02 -0500] "GET /BLA/boletinlegal/ HTTP/1.1" 200 60634
201.245.192.253 - - [02/Dec/2023:00:03:15 -0500] "POST /forms/lservlet;jsessionid=ac16012b30d64ec0b0a9f85d4cd0acdf8f65235348eb.e3iSbxaKaheRe3eRa38MahaQbi1ynknvrkLOlQzNp65In0 HTTP/1.1" 200 2
201.245.192.253 - - [02/Dec/2023:00:03:35 -0500] "POST /forms/lservlet;jsessionid=ac16012b30d66bd79d5a81354b569b64ca0b03586396.e3iSbxaKaheRe3eRa38MahaQbi1ynknvrkLOlQzNp65In0 HTTP/1.1" 200 2
17.241.227.28 - - [02/Dec/2023:00:03:59 -0500] "GET /como-obtener-el-certificado-de-estado-de-conservacion-ambiental-ceca.html HTTP/1.1" 200 873
201.245.192.253 - - [02/Dec/2023:00:05:15 -0500] "POST /forms/lservlet;jsessionid=ac16012b30d64ec0b0a9f85d4cd0acdf8f65235348eb.e3iSbxaKaheRe3eRa38MahaQbi1ynknvrkLOlQzNp65In0 HTTP/1.1" 200 2
201.245.192.253 - - [02/Dec/2023:00:05:35 -0500] "POST /forms/lservlet;jsessionid=ac16012b30d66bd79d5a81354b569b64ca0b03586396.e3iSbxaKaheRe3eRa38MahaQbi1ynknvrkLOlQzNp65In0 HTTP/1.1" 200 2
66.249.66.75 - - [02/Dec/2023:00:05:59 -0500] "GET /portaldeninos/2021/06/01/agroecologia-tips-para-germinar-semillas-en-casa/ HTTP/1.1" 200 105801
66.249.66.75 - - [02/Dec/2023:00:06:02 -0500] "GET /portaldeninos/wp-content/plugins/gallery-videos/JS/modernizr.custom.js?ver=4.9.8 HTTP/1.1" 200 9019
201.245.192.253 - - [02/Dec/2023:00:07:08 -0500] "POST /kwsrmcab/Wsrmcab  HTTP/1.1" 200 41956
201.245.192.253 - - [02/Dec/2023:00:07:15 -0500] "POST /forms/lservlet;jsessionid=ac16012b30d64ec0b0a9f85d4cd0acdf8f65235348eb.e3iSbxaKaheRe3eRa38MahaQbi1ynknvrkLOlQzNp65In0 HTTP/1.1" 200 2
216.245.221.92 - - [02/Dec/2023:00:07:19 -0500] "HEAD / HTTP/1.1" 200 -
201.245.192.253 - - [02/Dec/2023:00:07:35 -0500] "POST /forms/lservlet;jsessionid=ac16012b30d66bd79d5a81354b569b64ca0b03586396.e3iSbxaKaheRe3eRa38MahaQbi1ynknvrkLOlQzNp65In0 HTTP/1.1" 200 2
172.22.2.4 - - [02/Dec/2023:00:06:01 -0500] "HEAD /BLA/boletinlegal/ HTTP/1.1" 200 -
172.22.2.4 - - [02/Dec/2023:00:06:52 -0500] "GET /BLA/boletinlegal/ HTTP/1.1" 200 61018
201.245.192.253 - - [02/Dec/2023:00:09:15 -0500] "POST /forms/lservlet;jsessionid=ac16012b30d64ec0b0a9f85d4cd0acdf8f65235348eb.e3iSbxaKaheRe3eRa38MahaQbi1ynknvrkLOlQzNp65In0 HTTP/1.1" 200 2
201.245.192.253 - - [02/Dec/2023:00:09:35 -0500] "POST /forms/lservlet;jsessionid=ac16012b30d66bd79d5a81354b569b64ca0b03586396.e3iSbxaKaheRe3eRa38MahaQbi1ynknvrkLOlQzNp65In0 HTTP/1.1" 200 2
66.249.66.12 - - [02/Dec/2023:00:10:01 -0500] "GET /resoluciones/RESOLUCIONES%202009/0192.pdf HTTP/1.1" 404 1018
201.245.192.253 - - [02/Dec/2023:00:11:15 -0500] "POST /forms/lservlet;jsessionid=ac16012b30d64ec0b0a9f85d4cd0acdf8f65235348eb.e3iSbxaKaheRe3eRa38MahaQbi1ynknvrkLOlQzNp65In0 HTTP/1.1" 200 2
201.245.192.253 - - [02/Dec/2023:00:11:35 -0500] "POST /forms/lservlet;jsessionid=ac16012b30d66bd79d5a81354b569b64ca0b03586396.e3iSbxaKaheRe3eRa38MahaQbi1ynknvrkLOlQzNp65In0 HTTP/1.1" 200 2
201.245.192.253 - - [02/Dec/2023:00:12:07 -0500] "POST /kwsrmcab/Wsrmcab  HTTP/1.1" 200 41956
186.116.214.74 - - [02/Dec/2023:00:12:15 -0500] "GET /sipse/faces/faces/autenticacion.xhtml HTTP/1.1" 200 12736
186.116.214.74 - - [02/Dec/2023:00:12:15 -0500] "GET /sipse/js/disable_browser_buttons.js HTTP/1.1" 304 -
186.116.214.74 - - [02/Dec/2023:00:12:15 -0500] "GET /sipse/js/funciones.js HTTP/1.1" 304 -
186.116.214.74 - - [02/Dec/2023:00:12:15 -0500] "GET /sipse/css/custom_css_sg.css HTTP/1.1" 304 -
186.116.214.74 - - [02/Dec/2023:00:12:15 -0500] "GET /sipse/faces/javax.faces.resource/theme.css?ln=primefaces-sipse HTTP/1.1" 304 -
186.116.214.74 - - [02/Dec/2023:00:12:15 -0500] "GET /sipse/faces/javax.faces.resource/layout/layout.css;jsessionid=+ltNjPQ0fF9ZtzDKkBIdoAPs.undefined?ln=primefaces&v=4.0 HTTP/1.1" 200 542
186.116.214.74 - - [02/Dec/2023:00:12:15 -0500] "GET /sipse/css/custom_css_sg_prime_login.css HTTP/1.1" 304 -
186.116.214.74 - - [02/Dec/2023:00:12:15 -0500] "GET /sipse/faces/javax.faces.resource/primefaces.css;jsessionid=+ltNjPQ0fF9ZtzDKkBIdoAPs.undefined?ln=primefaces&v=4.0 HTTP/1.1" 200 53295
186.116.214.74 - - [02/Dec/2023:00:12:15 -0500] "GET /sipse/faces/javax.faces.resource/layout/layout.js;jsessionid=+ltNjPQ0fF9ZtzDKkBIdoAPs.undefined?ln=primefaces&v=4.0 HTTP/1.1" 200 87560
186.116.214.74 - - [02/Dec/2023:00:12:15 -0500] "GET /sipse/faces/javax.faces.resource/primefaces.js;jsessionid=+ltNjPQ0fF9ZtzDKkBIdoAPs.undefined?ln=primefaces&v=4.0 HTTP/1.1" 200 276924
186.116.214.74 - - [02/Dec/2023:00:12:15 -0500] "GET /sipse/faces/javax.faces.resource/jquery/jquery.js;jsessionid=+ltNjPQ0fF9ZtzDKkBIdoAPs.undefined?ln=primefaces&v=4.0 HTTP/1.1" 200 105384
186.116.214.74 - - [02/Dec/2023:00:12:15 -0500] "GET /sipse/faces/javax.faces.resource/jquery/jquery-plugins.js;jsessionid=+ltNjPQ0fF9ZtzDKkBIdoAPs.undefined?ln=primefaces&v=4.0 HTTP/1.1" 200 220526
186.116.214.74 - - [02/Dec/2023:00:12:16 -0500] "GET /sipse/css/imagen/logoSDG.png HTTP/1.1" 304 -
186.116.214.74 - - [02/Dec/2023:00:12:16 -0500] "GET /sipse/css/imagen/loginimg.png HTTP/1.1" 304 -
186.116.214.74 - - [02/Dec/2023:00:12:16 -0500] "GET /sipse/faces/javax.faces.resource/images/ui-icons_898989_256x240.png?ln=primefaces-aristo HTTP/1.1" 304 -
186.116.214.74 - - [02/Dec/2023:00:12:16 -0500] "GET /sipse/faces/faces/index.xhtml HTTP/1.1" 200 677
186.116.214.74 - - [02/Dec/2023:00:12:16 -0500] "GET /sipse/faces/javax.faces.resource/theme.css?ln=primefaces-sipse HTTP/1.1" 304 -
186.116.214.74 - - [02/Dec/2023:00:12:16 -0500] "GET /sipse/faces/faces/faces/autenticacion.xhtml HTTP/1.1" 200 12414
186.116.214.74 - - [02/Dec/2023:00:12:16 -0500] "GET /sipse/faces/javax.faces.resource/theme.css?ln=primefaces-sipse HTTP/1.1" 304 -
186.116.214.74 - - [02/Dec/2023:00:12:16 -0500] "GET /sipse/faces/javax.faces.resource/primefaces.css?ln=primefaces&v=4.0 HTTP/1.1" 304 -
186.116.214.74 - - [02/Dec/2023:00:12:16 -0500] "GET /sipse/faces/javax.faces.resource/layout/layout.css?ln=primefaces&v=4.0 HTTP/1.1" 304 -
186.116.214.74 - - [02/Dec/2023:00:12:16 -0500] "GET /sipse/faces/javax.faces.resource/jquery/jquery.js?ln=primefaces&v=4.0 HTTP/1.1" 304 -
186.116.214.74 - - [02/Dec/2023:00:12:16 -0500] "GET /sipse/faces/javax.faces.resource/jquery/jquery-plugins.js?ln=primefaces&v=4.0 HTTP/1.1" 304 -
186.116.214.74 - - [02/Dec/2023:00:12:16 -0500] "GET /sipse/faces/javax.faces.resource/primefaces.js?ln=primefaces&v=4.0 HTTP/1.1" 304 -
186.116.214.74 - - [02/Dec/2023:00:12:16 -0500] "GET /sipse/faces/javax.faces.resource/layout/layout.js?ln=primefaces&v=4.0 HTTP/1.1" 304 -
186.116.214.74 - - [02/Dec/2023:00:12:16 -0500] "GET /sipse/faces/javax.faces.resource/images/ui-icons_898989_256x240.png?ln=primefaces-aristo HTTP/1.1" 304 -
216.245.221.92 - - [02/Dec/2023:00:12:19 -0500] "HEAD / HTTP/1.1" 200 -
186.116.214.74 - - [02/Dec/2023:00:12:27 -0500] "POST /sipse/faces/autenticacion.xhtml HTTP/1.1" 200 2227
186.116.214.74 - - [02/Dec/2023:00:12:27 -0500] "GET /sipse/faces/javax.faces.resource/messages/messages.png?ln=primefaces&v=4.0 HTTP/1.1" 200 27209
186.116.214.74 - - [02/Dec/2023:00:12:30 -0500] "POST /sipse/faces/autenticacion.xhtml HTTP/1.1" 200 16468
186.116.214.74 - - [02/Dec/2023:00:12:30 -0500] "GET /sipse/css/custom_css_sg_prime.css HTTP/1.1" 304 -
186.116.214.74 - - [02/Dec/2023:00:12:30 -0500] "GET /sipse/js/jquery.min.js HTTP/1.1" 304 -
186.116.214.74 - - [02/Dec/2023:00:12:30 -0500] "GET /sipse/faces/javax.faces.resource/jquery/jquery.js?ln=primefaces&v=4.0 HTTP/1.1" 304 -
186.116.214.74 - - [02/Dec/2023:00:12:30 -0500] "GET /sipse/faces/javax.faces.resource/jquery/jquery-plugins.js?ln=primefaces&v=4.0 HTTP/1.1" 304 -
186.116.214.74 - - [02/Dec/2023:00:12:30 -0500] "GET /sipse/faces/javax.faces.resource/primefaces.js?ln=primefaces&v=4.0 HTTP/1.1" 304 -
186.116.214.74 - - [02/Dec/2023:00:12:30 -0500] "GET /sipse/faces/javax.faces.resource/layout/layout.js?ln=primefaces&v=4.0 HTTP/1.1" 304 -
186.116.214.74 - - [02/Dec/2023:00:12:30 -0500] "GET /sipse/css/v_mergente.css HTTP/1.1" 304 -
186.116.214.74 - - [02/Dec/2023:00:12:30 -0500] "GET /sipse/imagenes/cargando.gif HTTP/1.1" 200 36959
186.116.214.74 - - [02/Dec/2023:00:12:30 -0500] "GET /sipse/css/imagen/contrasena.png HTTP/1.1" 404 383
186.116.214.74 - - [02/Dec/2023:00:12:30 -0500] "GET /sipse/imagenes/logoAplicacion.jpg HTTP/1.1" 200 155084
186.116.214.74 - - [02/Dec/2023:00:12:34 -0500] "GET /sipse/faces/javax.faces.resource/images/ui-bg_flat_0_2d5972_40x100.png?ln=primefaces-aristo HTTP/1.1" 304 -
186.116.214.74 - - [02/Dec/2023:00:12:34 -0500] "POST /sipse/faces/bienvenido.xhtml HTTP/1.1" 200 2060
186.116.214.74 - - [02/Dec/2023:00:12:35 -0500] "POST /sipse/faces/bienvenido.xhtml HTTP/1.1" 200 60256
186.116.214.74 - - [02/Dec/2023:00:12:36 -0500] "GET /sipse/faces/javax.faces.resource/jquery/jquery.js?ln=primefaces&v=4.0 HTTP/1.1" 304 -
186.116.214.74 - - [02/Dec/2023:00:12:36 -0500] "GET /sipse/faces/javax.faces.resource/jquery/jquery-plugins.js?ln=primefaces&v=4.0 HTTP/1.1" 304 -
186.116.214.74 - - [02/Dec/2023:00:12:36 -0500] "GET /sipse/faces/javax.faces.resource/primefaces.js?ln=primefaces&v=4.0 HTTP/1.1" 304 -
186.116.214.74 - - [02/Dec/2023:00:12:36 -0500] "GET /sipse/faces/javax.faces.resource/layout/layout.js?ln=primefaces&v=4.0 HTTP/1.1" 304 -
186.116.214.74 - - [02/Dec/2023:00:12:36 -0500] "POST /sipse/faces/presentacion/financiero/solicitudProceso/listarSolicitudProceso.xhtml HTTP/1.1" 200 1564
186.116.214.74 - - [02/Dec/2023:00:13:08 -0500] "POST /sipse/faces/presentacion/financiero/solicitudProceso/listarSolicitudProceso.xhtml HTTP/1.1" 200 112136
186.116.214.74 - - [02/Dec/2023:00:13:09 -0500] "GET /sipse/faces/javax.faces.resource/jquery/jquery.js?ln=primefaces&v=4.0 HTTP/1.1" 304 -
186.116.214.74 - - [02/Dec/2023:00:13:09 -0500] "GET /sipse/faces/javax.faces.resource/jquery/jquery-plugins.js?ln=primefaces&v=4.0 HTTP/1.1" 304 -
186.116.214.74 - - [02/Dec/2023:00:13:09 -0500] "GET /sipse/faces/javax.faces.resource/primefaces.js?ln=primefaces&v=4.0 HTTP/1.1" 304 -
186.116.214.74 - - [02/Dec/2023:00:13:09 -0500] "GET /sipse/faces/javax.faces.resource/layout/layout.js?ln=primefaces&v=4.0 HTTP/1.1" 304 -
201.245.192.253 - - [02/Dec/2023:00:13:15 -0500] "POST /forms/lservlet;jsessionid=ac16012b30d64ec0b0a9f85d4cd0acdf8f65235348eb.e3iSbxaKaheRe3eRa38MahaQbi1ynknvrkLOlQzNp65In0 HTTP/1.1" 200 2
172.22.2.4 - - [02/Dec/2023:00:11:51 -0500] "HEAD /BLA/boletinlegal/ HTTP/1.1" 200 -
201.245.192.253 - - [02/Dec/2023:00:13:35 -0500] "POST /forms/lservlet;jsessionid=ac16012b30d66bd79d5a81354b569b64ca0b03586396.e3iSbxaKaheRe3eRa38MahaQbi1ynknvrkLOlQzNp65In0 HTTP/1.1" 200 2
172.22.2.4 - - [02/Dec/2023:00:12:42 -0500] "GET /BLA/boletinlegal/ HTTP/1.1" 200 52827
207.46.13.126 - - [02/Dec/2023:00:14:54 -0500] "GET /BLA/resoluciones/AUTOS%202013/0626.pdf HTTP/1.1" 200 2953150
201.245.192.253 - - [02/Dec/2023:00:15:15 -0500] "POST /forms/lservlet;jsessionid=ac16012b30d64ec0b0a9f85d4cd0acdf8f65235348eb.e3iSbxaKaheRe3eRa38MahaQbi1ynknvrkLOlQzNp65In0 HTTP/1.1" 200 2
201.245.192.253 - - [02/Dec/2023:00:15:35 -0500] "POST /forms/lservlet;jsessionid=ac16012b30d66bd79d5a81354b569b64ca0b03586396.e3iSbxaKaheRe3eRa38MahaQbi1ynknvrkLOlQzNp65In0 HTTP/1.1" 200 2
201.245.192.253 - - [02/Dec/2023:00:16:02 -0500] "POST /kwsrmcab/Wsrmcab HTTP/1.1" 200 40394
201.245.192.253 - - [02/Dec/2023:00:16:06 -0500] "POST /kwsrmcab/Wsrmcab HTTP/1.1" 200 36388
186.116.214.74 - - [02/Dec/2023:00:16:59 -0500] "POST /sipse/faces/presentacion/financiero/solicitudProceso/consultarSolicitudProceso.xhtml HTTP/1.1" 200 458478
31.13.127.116 - - [02/Dec/2023:00:17:01 -0500] "GET /images/Humedal%20Vaca%20publicaci\xc3\xb3n%207%20de%20febrero.jpg HTTP/1.1" 404 1034
201.245.192.253 - - [02/Dec/2023:00:17:05 -0500] "POST /kwsrmcab/Wsrmcab  HTTP/1.1" 200 41956
201.245.192.253 - - [02/Dec/2023:00:17:15 -0500] "POST /forms/lservlet;jsessionid=ac16012b30d64ec0b0a9f85d4cd0acdf8f65235348eb.e3iSbxaKaheRe3eRa38MahaQbi1ynknvrkLOlQzNp65In0 HTTP/1.1" 200 2
216.245.221.92 - - [02/Dec/2023:00:17:19 -0500] "HEAD / HTTP/1.1" 200 -
201.245.192.253 - - [02/Dec/2023:00:17:35 -0500] "POST /forms/lservlet;jsessionid=ac16012b30d66bd79d5a81354b569b64ca0b03586396.e3iSbxaKaheRe3eRa38MahaQbi1ynknvrkLOlQzNp65In0 HTTP/1.1" 200 2
207.46.13.126 - - [02/Dec/2023:00:17:43 -0500] "GET /BLA/resoluciones/AUTOS%202013/1298.pdf HTTP/1.1" 200 257921
66.249.66.194 - - [02/Dec/2023:00:17:59 -0500] "GET /bogota-cuenta-con-nuevo-modelo-de-residuos-de-construccion-y-demolicion.html HTTP/1.1" 200 783
201.245.192.253 - - [02/Dec/2023:00:19:15 -0500] "POST /forms/lservlet;jsessionid=ac16012b30d64ec0b0a9f85d4cd0acdf8f65235348eb.e3iSbxaKaheRe3eRa38MahaQbi1ynknvrkLOlQzNp65In0 HTTP/1.1" 200 2
172.22.2.4 - - [02/Dec/2023:00:17:41 -0500] "HEAD /BLA/boletinlegal/ HTTP/1.1" 200 -
201.245.192.253 - - [02/Dec/2023:00:19:35 -0500] "POST /forms/lservlet;jsessionid=ac16012b30d66bd79d5a81354b569b64ca0b03586396.e3iSbxaKaheRe3eRa38MahaQbi1ynknvrkLOlQzNp65In0 HTTP/1.1" 200 2
201.245.192.253 - - [02/Dec/2023:00:19:41 -0500] "POST /kwsrmcab/Wsrmcab HTTP/1.1" 200 40394
157.55.39.6 - - [02/Dec/2023:00:19:49 -0500] "GET /galeria/galeria/jquery.fancybox.js?v=2.1.5 HTTP/1.1" 200 48706
172.22.2.4 - - [02/Dec/2023:00:19:50 -0500] "GET /BLA/boletinlegal/norma_menu.php HTTP/1.1" 200 6328
201.245.192.253 - - [02/Dec/2023:00:19:53 -0500] "POST /kwsrmcab/Wsrmcab HTTP/1.1" 200 36388
40.77.167.14 - - [02/Dec/2023:00:19:56 -0500] "GET /galeria/galeria/jquery.fancybox.css?v=2.1.5 HTTP/1.1" 200 4895
172.22.2.4 - - [02/Dec/2023:00:18:32 -0500] "GET /BLA/boletinlegal/ HTTP/1.1" 200 58644
186.116.214.74 - - [02/Dec/2023:00:20:15 -0500] "POST /sipse/faces/presentacion/financiero/solicitudProceso/consultarSolicitudProceso.xhtml HTTP/1.1" 200 24050
186.116.214.74 - - [02/Dec/2023:00:20:15 -0500] "GET /sipse/faces/javax.faces.resource/jquery/jquery.js?ln=primefaces&v=4.0 HTTP/1.1" 304 -
186.116.214.74 - - [02/Dec/2023:00:20:15 -0500] "GET /sipse/faces/javax.faces.resource/jquery/jquery-plugins.js?ln=primefaces&v=4.0 HTTP/1.1" 304 -
186.116.214.74 - - [02/Dec/2023:00:20:15 -0500] "GET /sipse/faces/javax.faces.resource/primefaces.js?ln=primefaces&v=4.0 HTTP/1.1" 304 -
186.116.214.74 - - [02/Dec/2023:00:20:15 -0500] "GET /sipse/faces/javax.faces.resource/layout/layout.js?ln=primefaces&v=4.0 HTTP/1.1" 304 -
186.116.214.74 - - [02/Dec/2023:00:20:28 -0500] "POST /sipse/faces/presentacion/financiero/viabilidad/expedirViabilidad.xhtml HTTP/1.1" 200 113783
186.116.214.74 - - [02/Dec/2023:00:20:29 -0500] "GET /sipse/faces/javax.faces.resource/jquery/jquery.js?ln=primefaces&v=4.0 HTTP/1.1" 304 -
186.116.214.74 - - [02/Dec/2023:00:20:29 -0500] "GET /sipse/faces/javax.faces.resource/jquery/jquery-plugins.js?ln=primefaces&v=4.0 HTTP/1.1" 304 -
186.116.214.74 - - [02/Dec/2023:00:20:29 -0500] "GET /sipse/faces/javax.faces.resource/primefaces.js?ln=primefaces&v=4.0 HTTP/1.1" 304 -
186.116.214.74 - - [02/Dec/2023:00:20:29 -0500] "GET /sipse/faces/javax.faces.resource/layout/layout.js?ln=primefaces&v=4.0 HTTP/1.1" 304 -
66.249.66.11 - - [02/Dec/2023:00:20:36 -0500] "GET /BLA/resoluciones/AUTOS%202010/2181.pdf HTTP/1.1" 200 151346
201.245.192.253 - - [02/Dec/2023:00:21:15 -0500] "POST /forms/lservlet;jsessionid=ac16012b30d64ec0b0a9f85d4cd0acdf8f65235348eb.e3iSbxaKaheRe3eRa38MahaQbi1ynknvrkLOlQzNp65In0 HTTP/1.1" 200 2
186.116.214.74 - - [02/Dec/2023:00:21:34 -0500] "POST /sipse/faces/presentacion/financiero/solicitudProceso/consultarSolicitudProceso.xhtml HTTP/1.1" 200 159982
201.245.192.253 - - [02/Dec/2023:00:21:35 -0500] "POST /forms/lservlet;jsessionid=ac16012b30d66bd79d5a81354b569b64ca0b03586396.e3iSbxaKaheRe3eRa38MahaQbi1ynknvrkLOlQzNp65In0 HTTP/1.1" 200 2
186.116.214.74 - - [02/Dec/2023:00:21:35 -0500] "GET /sipse/faces/javax.faces.resource/theme.css?ln=primefaces-sipse HTTP/1.1" 304 -
186.116.214.74 - - [02/Dec/2023:00:21:35 -0500] "GET /sipse/faces/javax.faces.resource/jquery/jquery.js?ln=primefaces&v=4.0 HTTP/1.1" 304 -
186.116.214.74 - - [02/Dec/2023:00:21:35 -0500] "GET /sipse/faces/javax.faces.resource/jquery/jquery-plugins.js?ln=primefaces&v=4.0 HTTP/1.1" 304 -
186.116.214.74 - - [02/Dec/2023:00:21:35 -0500] "GET /sipse/faces/javax.faces.resource/primefaces.js?ln=primefaces&v=4.0 HTTP/1.1" 304 -
186.116.214.74 - - [02/Dec/2023:00:21:35 -0500] "GET /sipse/faces/javax.faces.resource/primefaces.css?ln=primefaces&v=4.0 HTTP/1.1" 304 -
186.116.214.74 - - [02/Dec/2023:00:21:35 -0500] "GET /sipse/faces/javax.faces.resource/layout/layout.css?ln=primefaces&v=4.0 HTTP/1.1" 304 -
186.116.214.74 - - [02/Dec/2023:00:21:35 -0500] "GET /sipse/faces/javax.faces.resource/layout/layout.js?ln=primefaces&v=4.0 HTTP/1.1" 304 -
186.116.214.74 - - [02/Dec/2023:00:21:35 -0500] "GET /sipse/faces/javax.faces.resource/images/ui-icons_898989_256x240.png?ln=primefaces-aristo HTTP/1.1" 304 -
173.252.107.2 - - [02/Dec/2023:00:21:47 -0500] "GET /secretaria-de-ambiente-reconoce-entidades-por-su-gestion-ambiental.html HTTP/1.1" 206 806
173.252.107.117 - - [02/Dec/2023:00:21:47 -0500] "GET /images/piga-sda.jpg HTTP/1.1" 200 55421
173.252.107.119 - - [02/Dec/2023:00:21:48 -0500] "GET /secretaria-de-ambiente-reconoce-entidades-por-su-gestion-ambiental.html HTTP/1.1" 200 806
173.252.107.116 - - [02/Dec/2023:00:21:48 -0500] "GET /secretaria-de-ambiente-reconoce-entidades-por-su-gestion-ambiental.html HTTP/1.1" 200 806
179.33.132.95 - - [02/Dec/2023:00:21:48 -0500] "GET /images/piga-sda.jpg HTTP/1.1" 200 55421
173.252.107.120 - - [02/Dec/2023:00:21:48 -0500] "GET /images/piga-sda.jpg HTTP/1.1" 200 55421
173.252.79.3 - - [02/Dec/2023:00:21:49 -0500] "GET /images/piga-sda.jpg HTTP/1.1" 200 55421
173.252.95.8 - - [02/Dec/2023:00:21:49 -0500] "GET /secretaria-de-ambiente-reconoce-entidades-por-su-gestion-ambiental.html HTTP/1.1" 200 806
69.171.249.117 - - [02/Dec/2023:00:21:49 -0500] "GET /secretaria-de-ambiente-reconoce-entidades-por-su-gestion-ambiental.html HTTP/1.1" 200 806
201.245.192.253 - - [02/Dec/2023:00:22:04 -0500] "POST /kwsrmcab/Wsrmcab  HTTP/1.1" 200 41956
216.245.221.92 - - [02/Dec/2023:00:22:19 -0500] "HEAD / HTTP/1.1" 200 -
186.116.214.74 - - [02/Dec/2023:00:22:30 -0500] "GET /sipse/faces/javax.faces.resource/images/ui-bg_flat_0_2d5972_40x100.png?ln=primefaces-aristo HTTP/1.1" 304 -
186.116.214.74 - - [02/Dec/2023:00:22:30 -0500] "POST /sipse/faces/presentacion/financiero/solicitudProceso/consultarSolicitudProceso.xhtml HTTP/1.1" 200 57605
186.116.214.74 - - [02/Dec/2023:00:22:33 -0500] "GET /sipse/faces/javax.faces.resource/jquery/jquery.js?ln=primefaces&v=4.0 HTTP/1.1" 304 -
186.116.214.74 - - [02/Dec/2023:00:22:33 -0500] "GET /sipse/faces/javax.faces.resource/jquery/jquery-plugins.js?ln=primefaces&v=4.0 HTTP/1.1" 304 -
186.116.214.74 - - [02/Dec/2023:00:22:33 -0500] "GET /sipse/faces/javax.faces.resource/primefaces.js?ln=primefaces&v=4.0 HTTP/1.1" 304 -
186.116.214.74 - - [02/Dec/2023:00:22:33 -0500] "GET /sipse/faces/javax.faces.resource/layout/layout.js?ln=primefaces&v=4.0 HTTP/1.1" 304 -
186.116.214.74 - - [02/Dec/2023:00:22:33 -0500] "GET /sipse/faces/javax.faces.resource/messages/messages.png?ln=primefaces&v=4.0 HTTP/1.1" 304 -
186.116.214.74 - - [02/Dec/2023:00:22:33 -0500] "POST /sipse/faces/presentacion/financiero/solicitudProceso/listarSolicitudProceso.xhtml HTTP/1.1" 200 1544
201.245.192.253 - - [02/Dec/2023:00:23:15 -0500] "POST /forms/lservlet;jsessionid=ac16012b30d64ec0b0a9f85d4cd0acdf8f65235348eb.e3iSbxaKaheRe3eRa38MahaQbi1ynknvrkLOlQzNp65In0 HTTP/1.1" 200 2
186.116.214.74 - - [02/Dec/2023:00:23:18 -0500] "POST /sipse/faces/presentacion/financiero/solicitudProceso/listarSolicitudProceso.xhtml HTTP/1.1" 200 107662
186.116.214.74 - - [02/Dec/2023:00:23:18 -0500] "GET /sipse/faces/javax.faces.resource/jquery/jquery.js?ln=primefaces&v=4.0 HTTP/1.1" 304 -
186.116.214.74 - - [02/Dec/2023:00:23:19 -0500] "GET /sipse/faces/javax.faces.resource/jquery/jquery-plugins.js?ln=primefaces&v=4.0 HTTP/1.1" 304 -
186.116.214.74 - - [02/Dec/2023:00:23:19 -0500] "GET /sipse/faces/javax.faces.resource/primefaces.js?ln=primefaces&v=4.0 HTTP/1.1" 304 -
186.116.214.74 - - [02/Dec/2023:00:23:19 -0500] "GET /sipse/faces/javax.faces.resource/layout/layout.js?ln=primefaces&v=4.0 HTTP/1.1" 304 -
201.245.192.253 - - [02/Dec/2023:00:23:35 -0500] "POST /forms/lservlet;jsessionid=ac16012b30d66bd79d5a81354b569b64ca0b03586396.e3iSbxaKaheRe3eRa38MahaQbi1ynknvrkLOlQzNp65In0 HTTP/1.1" 200 2
186.116.214.74 - - [02/Dec/2023:00:24:30 -0500] "POST /sipse/faces/presentacion/financiero/solicitudProceso/consultarSolicitudProceso.xhtml HTTP/1.1" 200 243886
172.22.2.4 - - [02/Dec/2023:00:23:31 -0500] "HEAD /BLA/boletinlegal/ HTTP/1.1" 200 -
201.245.192.253 - - [02/Dec/2023:00:25:15 -0500] "POST /forms/lservlet;jsessionid=ac16012b30d64ec0b0a9f85d4cd0acdf8f65235348eb.e3iSbxaKaheRe3eRa38MahaQbi1ynknvrkLOlQzNp65In0 HTTP/1.1" 200 2
201.245.192.253 - - [02/Dec/2023:00:25:35 -0500] "POST /forms/lservlet;jsessionid=ac16012b30d66bd79d5a81354b569b64ca0b03586396.e3iSbxaKaheRe3eRa38MahaQbi1ynknvrkLOlQzNp65In0 HTTP/1.1" 200 2
172.22.2.4 - - [02/Dec/2023:00:24:22 -0500] "GET /BLA/boletinlegal/ HTTP/1.1" 200 52827
201.245.192.253 - - [02/Dec/2023:00:26:02 -0500] "POST /kwsrmcab/Wsrmcab HTTP/1.1" 200 40394
201.245.192.253 - - [02/Dec/2023:00:26:06 -0500] "POST /kwsrmcab/Wsrmcab HTTP/1.1" 200 36388
157.55.39.61 - - [02/Dec/2023:00:26:12 -0500] "GET /BLA/resoluciones/AUTOS%202013/0071.pdf HTTP/1.1" 200 3056308
201.245.192.253 - - [02/Dec/2023:00:27:02 -0500] "POST /kwsrmcab/Wsrmcab  HTTP/1.1" 200 41956
201.245.192.253 - - [02/Dec/2023:00:27:15 -0500] "POST /forms/lservlet;jsessionid=ac16012b30d64ec0b0a9f85d4cd0acdf8f65235348eb.e3iSbxaKaheRe3eRa38MahaQbi1ynknvrkLOlQzNp65In0 HTTP/1.1" 200 2
216.245.221.92 - - [02/Dec/2023:00:27:19 -0500] "HEAD / HTTP/1.1" 200 -
201.245.192.253 - - [02/Dec/2023:00:27:35 -0500] "POST /forms/lservlet;jsessionid=ac16012b30d66bd79d5a81354b569b64ca0b03586396.e3iSbxaKaheRe3eRa38MahaQbi1ynknvrkLOlQzNp65In0 HTTP/1.1" 200 2
186.116.214.74 - - [02/Dec/2023:00:28:19 -0500] "POST /sipse/faces/presentacion/financiero/solicitudProceso/consultarSolicitudProceso.xhtml HTTP/1.1" 200 24050
186.116.214.74 - - [02/Dec/2023:00:28:20 -0500] "GET /sipse/faces/javax.faces.resource/jquery/jquery.js?ln=primefaces&v=4.0 HTTP/1.1" 304 -
186.116.214.74 - - [02/Dec/2023:00:28:20 -0500] "GET /sipse/faces/javax.faces.resource/jquery/jquery-plugins.js?ln=primefaces&v=4.0 HTTP/1.1" 304 -
186.116.214.74 - - [02/Dec/2023:00:28:20 -0500] "GET /sipse/faces/javax.faces.resource/primefaces.js?ln=primefaces&v=4.0 HTTP/1.1" 304 -
186.116.214.74 - - [02/Dec/2023:00:28:20 -0500] "GET /sipse/faces/javax.faces.resource/layout/layout.js?ln=primefaces&v=4.0 HTTP/1.1" 304 -
186.116.214.74 - - [02/Dec/2023:00:28:28 -0500] "POST /sipse/faces/presentacion/financiero/viabilidad/expedirViabilidad.xhtml HTTP/1.1" 200 109309
186.116.214.74 - - [02/Dec/2023:00:28:28 -0500] "GET /sipse/faces/javax.faces.resource/jquery/jquery.js?ln=primefaces&v=4.0 HTTP/1.1" 304 -
186.116.214.74 - - [02/Dec/2023:00:28:28 -0500] "GET /sipse/faces/javax.faces.resource/jquery/jquery-plugins.js?ln=primefaces&v=4.0 HTTP/1.1" 304 -
186.116.214.74 - - [02/Dec/2023:00:28:28 -0500] "GET /sipse/faces/javax.faces.resource/primefaces.js?ln=primefaces&v=4.0 HTTP/1.1" 304 -
186.116.214.74 - - [02/Dec/2023:00:28:28 -0500] "GET /sipse/faces/javax.faces.resource/layout/layout.js?ln=primefaces&v=4.0 HTTP/1.1" 304 -
186.116.214.74 - - [02/Dec/2023:00:28:40 -0500] "POST /sipse/faces/presentacion/financiero/solicitudProceso/consultarSolicitudProceso.xhtml HTTP/1.1" 200 155312
186.116.214.74 - - [02/Dec/2023:00:28:40 -0500] "GET /sipse/faces/javax.faces.resource/theme.css?ln=primefaces-sipse HTTP/1.1" 304 -
186.116.214.74 - - [02/Dec/2023:00:28:40 -0500] "GET /sipse/faces/javax.faces.resource/primefaces.css?ln=primefaces&v=4.0 HTTP/1.1" 304 -
186.116.214.74 - - [02/Dec/2023:00:28:40 -0500] "GET /sipse/faces/javax.faces.resource/layout/layout.css?ln=primefaces&v=4.0 HTTP/1.1" 304 -
186.116.214.74 - - [02/Dec/2023:00:28:40 -0500] "GET /sipse/faces/javax.faces.resource/jquery/jquery.js?ln=primefaces&v=4.0 HTTP/1.1" 304 -
186.116.214.74 - - [02/Dec/2023:00:28:40 -0500] "GET /sipse/faces/javax.faces.resource/jquery/jquery-plugins.js?ln=primefaces&v=4.0 HTTP/1.1" 304 -
186.116.214.74 - - [02/Dec/2023:00:28:40 -0500] "GET /sipse/faces/javax.faces.resource/primefaces.js?ln=primefaces&v=4.0 HTTP/1.1" 304 -
186.116.214.74 - - [02/Dec/2023:00:28:40 -0500] "GET /sipse/faces/javax.faces.resource/layout/layout.js?ln=primefaces&v=4.0 HTTP/1.1" 304 -
186.116.214.74 - - [02/Dec/2023:00:28:40 -0500] "GET /sipse/faces/javax.faces.resource/images/ui-icons_898989_256x240.png?ln=primefaces-aristo HTTP/1.1" 304 -
186.116.214.74 - - [02/Dec/2023:00:29:00 -0500] "GET /sipse/faces/javax.faces.resource/images/ui-bg_flat_0_2d5972_40x100.png?ln=primefaces-aristo HTTP/1.1" 304 -
186.116.214.74 - - [02/Dec/2023:00:29:00 -0500] "POST /sipse/faces/presentacion/financiero/solicitudProceso/consultarSolicitudProceso.xhtml HTTP/1.1" 200 54473
186.116.214.74 - - [02/Dec/2023:00:29:02 -0500] "GET /sipse/faces/javax.faces.resource/jquery/jquery.js?ln=primefaces&v=4.0 HTTP/1.1" 304 -
186.116.214.74 - - [02/Dec/2023:00:29:02 -0500] "GET /sipse/faces/javax.faces.resource/jquery/jquery-plugins.js?ln=primefaces&v=4.0 HTTP/1.1" 304 -
186.116.214.74 - - [02/Dec/2023:00:29:02 -0500] "GET /sipse/faces/javax.faces.resource/primefaces.js?ln=primefaces&v=4.0 HTTP/1.1" 304 -
186.116.214.74 - - [02/Dec/2023:00:29:02 -0500] "GET /sipse/faces/javax.faces.resource/layout/layout.js?ln=primefaces&v=4.0 HTTP/1.1" 304 -
186.116.214.74 - - [02/Dec/2023:00:29:02 -0500] "GET /sipse/faces/javax.faces.resource/messages/messages.png?ln=primefaces&v=4.0 HTTP/1.1" 304 -
186.116.214.74 - - [02/Dec/2023:00:29:02 -0500] "POST /sipse/faces/presentacion/financiero/solicitudProceso/listarSolicitudProceso.xhtml HTTP/1.1" 200 1528
201.245.192.253 - - [02/Dec/2023:00:29:15 -0500] "POST /forms/lservlet;jsessionid=ac16012b30d64ec0b0a9f85d4cd0acdf8f65235348eb.e3iSbxaKaheRe3eRa38MahaQbi1ynknvrkLOlQzNp65In0 HTTP/1.1" 200 2
186.116.214.74 - - [02/Dec/2023:00:29:24 -0500] "POST /sipse/faces/presentacion/financiero/solicitudProceso/listarSolicitudProceso.xhtml HTTP/1.1" 200 107579
186.116.214.74 - - [02/Dec/2023:00:29:25 -0500] "GET /sipse/faces/javax.faces.resource/jquery/jquery.js?ln=primefaces&v=4.0 HTTP/1.1" 304 -
186.116.214.74 - - [02/Dec/2023:00:29:25 -0500] "GET /sipse/faces/javax.faces.resource/jquery/jquery-plugins.js?ln=primefaces&v=4.0 HTTP/1.1" 304 -
186.116.214.74 - - [02/Dec/2023:00:29:25 -0500] "GET /sipse/faces/javax.faces.resource/primefaces.js?ln=primefaces&v=4.0 HTTP/1.1" 304 -
186.116.214.74 - - [02/Dec/2023:00:29:25 -0500] "GET /sipse/faces/javax.faces.resource/layout/layout.js?ln=primefaces&v=4.0 HTTP/1.1" 304 -
186.116.214.74 - - [02/Dec/2023:00:29:28 -0500] "POST /sipse/faces/presentacion/financiero/solicitudProceso/consultarSolicitudProceso.xhtml HTTP/1.1" 200 53981
186.116.214.74 - - [02/Dec/2023:00:29:28 -0500] "GET /sipse/faces/javax.faces.resource/jquery/jquery.js?ln=primefaces&v=4.0 HTTP/1.1" 304 -
186.116.214.74 - - [02/Dec/2023:00:29:28 -0500] "GET /sipse/faces/javax.faces.resource/jquery/jquery-plugins.js?ln=primefaces&v=4.0 HTTP/1.1" 304 -
186.116.214.74 - - [02/Dec/2023:00:29:28 -0500] "GET /sipse/faces/javax.faces.resource/primefaces.js?ln=primefaces&v=4.0 HTTP/1.1" 304 -
186.116.214.74 - - [02/Dec/2023:00:29:28 -0500] "GET /sipse/faces/javax.faces.resource/layout/layout.js?ln=primefaces&v=4.0 HTTP/1.1" 304 -
186.116.214.74 - - [02/Dec/2023:00:29:28 -0500] "POST /sipse/faces/presentacion/financiero/solicitudProceso/listarSolicitudProceso.xhtml HTTP/1.1" 200 47239
186.116.214.74 - - [02/Dec/2023:00:29:29 -0500] "POST /sipse/faces/presentacion/financiero/solicitudProceso/listarSolicitudProceso.xhtml HTTP/1.1" 200 47239
186.116.214.74 - - [02/Dec/2023:00:29:29 -0500] "POST /sipse/faces/presentacion/financiero/solicitudProceso/listarSolicitudProceso.xhtml HTTP/1.1" 200 1528
186.116.214.74 - - [02/Dec/2023:00:29:29 -0500] "POST /sipse/faces/presentacion/financiero/solicitudProceso/listarSolicitudProceso.xhtml HTTP/1.1" 200 1532
186.116.214.74 - - [02/Dec/2023:00:29:29 -0500] "POST /sipse/faces/presentacion/financiero/solicitudProceso/listarSolicitudProceso.xhtml HTTP/1.1" 200 1532
186.116.214.74 - - [02/Dec/2023:00:29:34 -0500] "POST /sipse/faces/presentacion/financiero/solicitudProceso/listarSolicitudProceso.xhtml HTTP/1.1" 200 107900
186.116.214.74 - - [02/Dec/2023:00:29:35 -0500] "GET /sipse/faces/javax.faces.resource/jquery/jquery.js?ln=primefaces&v=4.0 HTTP/1.1" 304 -
186.116.214.74 - - [02/Dec/2023:00:29:35 -0500] "GET /sipse/faces/javax.faces.resource/jquery/jquery-plugins.js?ln=primefaces&v=4.0 HTTP/1.1" 304 -
186.116.214.74 - - [02/Dec/2023:00:29:35 -0500] "GET /sipse/faces/javax.faces.resource/primefaces.js?ln=primefaces&v=4.0 HTTP/1.1" 304 -
186.116.214.74 - - [02/Dec/2023:00:29:35 -0500] "GET /sipse/faces/javax.faces.resource/layout/layout.js?ln=primefaces&v=4.0 HTTP/1.1" 304 -
201.245.192.253 - - [02/Dec/2023:00:29:35 -0500] "POST /forms/lservlet;jsessionid=ac16012b30d66bd79d5a81354b569b64ca0b03586396.e3iSbxaKaheRe3eRa38MahaQbi1ynknvrkLOlQzNp65In0 HTTP/1.1" 200 2
201.245.192.253 - - [02/Dec/2023:00:29:41 -0500] "POST /kwsrmcab/Wsrmcab HTTP/1.1" 200 40394
66.249.66.21 - - [02/Dec/2023:00:29:49 -0500] "GET /BLA/resoluciones/AUTOS%202014/5970.pdf HTTP/1.1" 200 514176
201.245.192.253 - - [02/Dec/2023:00:29:51 -0500] "POST /kwsrmcab/Wsrmcab HTTP/1.1" 200 36388
66.249.66.12 - - [02/Dec/2023:00:30:05 -0500] "GET /BLA/resoluciones/RESOLUCIONES%202013/2091.pdf HTTP/1.1" 200 529441
172.22.2.4 - - [02/Dec/2023:00:29:21 -0500] "HEAD /BLA/boletinlegal/ HTTP/1.1" 200 -
201.245.192.253 - - [02/Dec/2023:00:31:15 -0500] "POST /forms/lservlet;jsessionid=ac16012b30d64ec0b0a9f85d4cd0acdf8f65235348eb.e3iSbxaKaheRe3eRa38MahaQbi1ynknvrkLOlQzNp65In0 HTTP/1.1" 200 2
201.245.192.253 - - [02/Dec/2023:00:31:35 -0500] "POST /forms/lservlet;jsessionid=ac16012b30d66bd79d5a81354b569b64ca0b03586396.e3iSbxaKaheRe3eRa38MahaQbi1ynknvrkLOlQzNp65In0 HTTP/1.1" 200 2
172.22.2.4 - - [02/Dec/2023:00:30:12 -0500] "GET /BLA/boletinlegal/ HTTP/1.1" 200 58294
201.245.192.253 - - [02/Dec/2023:00:32:01 -0500] "POST /kwsrmcab/Wsrmcab  HTTP/1.1" 200 41956
186.116.214.74 - - [02/Dec/2023:00:32:13 -0500] "POST /sipse/faces/presentacion/financiero/solicitudProceso/consultarSolicitudProceso.xhtml HTTP/1.1" 200 459430
216.245.221.92 - - [02/Dec/2023:00:32:19 -0500] "HEAD / HTTP/1.1" 200 -
201.245.192.253 - - [02/Dec/2023:00:33:15 -0500] "POST /forms/lservlet;jsessionid=ac16012b30d64ec0b0a9f85d4cd0acdf8f65235348eb.e3iSbxaKaheRe3eRa38MahaQbi1ynknvrkLOlQzNp65In0 HTTP/1.1" 200 2
201.245.192.253 - - [02/Dec/2023:00:33:35 -0500] "POST /forms/lservlet;jsessionid=ac16012b30d66bd79d5a81354b569b64ca0b03586396.e3iSbxaKaheRe3eRa38MahaQbi1ynknvrkLOlQzNp65In0 HTTP/1.1" 200 2
181.53.12.175 - - [02/Dec/2023:00:33:39 -0500] "GET /BLA/resoluciones/ HTTP/1.1" 200 13696
181.53.12.175 - - [02/Dec/2023:00:33:40 -0500] "GET /BLA/resoluciones/dlf/styles.css HTTP/1.1" 200 3049
181.53.12.175 - - [02/Dec/2023:00:33:40 -0500] "GET /BLA/resoluciones/dlf/folder.png HTTP/1.1" 200 410
181.53.12.175 - - [02/Dec/2023:00:33:40 -0500] "GET /BLA/resoluciones/dlf/bg.gif HTTP/1.1" 200 54
181.53.12.175 - - [02/Dec/2023:00:33:43 -0500] "GET /BLA/resoluciones/index.php?dir=AUTOS+2022%2F HTTP/1.1" 200 12235
181.53.12.175 - - [02/Dec/2023:00:33:44 -0500] "GET /BLA/resoluciones/dlf/dirup.png HTTP/1.1" 200 644
181.53.12.175 - - [02/Dec/2023:00:33:44 -0500] "GET /BLA/resoluciones/dlf/pdf.gif HTTP/1.1" 200 272
181.53.12.175 - - [02/Dec/2023:00:33:43 -0500] "GET /BLA/resoluciones/index.php?dir=AUTOS+2022%2F HTTP/1.1" 200 508789
181.53.12.175 - - [02/Dec/2023:00:33:45 -0500] "GET /BLA/resoluciones/dlf/archive.png HTTP/1.1" 200 632
181.53.12.175 - - [02/Dec/2023:00:33:57 -0500] "GET /BLA/resoluciones/AUTOS%202022/7516.pdf HTTP/1.1" 200 372380
186.116.214.74 - - [02/Dec/2023:00:34:50 -0500] "POST /sipse/faces/presentacion/financiero/solicitudProceso/consultarSolicitudProceso.xhtml HTTP/1.1" 200 153903
186.116.214.74 - - [02/Dec/2023:00:34:51 -0500] "GET /sipse/faces/javax.faces.resource/theme.css?ln=primefaces-sipse HTTP/1.1" 304 -
186.116.214.74 - - [02/Dec/2023:00:34:51 -0500] "GET /sipse/faces/javax.faces.resource/primefaces.css?ln=primefaces&v=4.0 HTTP/1.1" 304 -
186.116.214.74 - - [02/Dec/2023:00:34:51 -0500] "GET /sipse/faces/javax.faces.resource/layout/layout.css?ln=primefaces&v=4.0 HTTP/1.1" 304 -
186.116.214.74 - - [02/Dec/2023:00:34:51 -0500] "GET /sipse/faces/javax.faces.resource/jquery/jquery.js?ln=primefaces&v=4.0 HTTP/1.1" 304 -
186.116.214.74 - - [02/Dec/2023:00:34:51 -0500] "GET /sipse/faces/javax.faces.resource/jquery/jquery-plugins.js?ln=primefaces&v=4.0 HTTP/1.1" 304 -
186.116.214.74 - - [02/Dec/2023:00:34:51 -0500] "GET /sipse/faces/javax.faces.resource/primefaces.js?ln=primefaces&v=4.0 HTTP/1.1" 304 -
186.116.214.74 - - [02/Dec/2023:00:34:51 -0500] "GET /sipse/faces/javax.faces.resource/layout/layout.js?ln=primefaces&v=4.0 HTTP/1.1" 304 -
186.116.214.74 - - [02/Dec/2023:00:34:51 -0500] "GET /sipse/faces/javax.faces.resource/images/ui-icons_898989_256x240.png?ln=primefaces-aristo HTTP/1.1" 304 -
201.245.192.253 - - [02/Dec/2023:00:35:16 -0500] "POST /forms/lservlet;jsessionid=ac16012b30d64ec0b0a9f85d4cd0acdf8f65235348eb.e3iSbxaKaheRe3eRa38MahaQbi1ynknvrkLOlQzNp65In0 HTTP/1.1" 200 2
201.245.192.253 - - [02/Dec/2023:00:35:35 -0500] "POST /forms/lservlet;jsessionid=ac16012b30d66bd79d5a81354b569b64ca0b03586396.e3iSbxaKaheRe3eRa38MahaQbi1ynknvrkLOlQzNp65In0 HTTP/1.1" 200 2
201.245.192.253 - - [02/Dec/2023:00:36:02 -0500] "POST /kwsrmcab/Wsrmcab HTTP/1.1" 200 40394
201.245.192.253 - - [02/Dec/2023:00:36:06 -0500] "POST /kwsrmcab/Wsrmcab HTTP/1.1" 200 36388
186.116.214.74 - - [02/Dec/2023:00:36:09 -0500] "GET /sipse/faces/javax.faces.resource/images/ui-bg_flat_0_2d5972_40x100.png?ln=primefaces-aristo HTTP/1.1" 304 -
186.116.214.74 - - [02/Dec/2023:00:36:09 -0500] "POST /sipse/faces/presentacion/financiero/solicitudProceso/consultarSolicitudProceso.xhtml HTTP/1.1" 200 24050
186.116.214.74 - - [02/Dec/2023:00:36:10 -0500] "GET /sipse/faces/javax.faces.resource/jquery/jquery.js?ln=primefaces&v=4.0 HTTP/1.1" 304 -
186.116.214.74 - - [02/Dec/2023:00:36:10 -0500] "GET /sipse/faces/javax.faces.resource/jquery/jquery-plugins.js?ln=primefaces&v=4.0 HTTP/1.1" 304 -
186.116.214.74 - - [02/Dec/2023:00:36:10 -0500] "GET /sipse/faces/javax.faces.resource/primefaces.js?ln=primefaces&v=4.0 HTTP/1.1" 304 -
186.116.214.74 - - [02/Dec/2023:00:36:10 -0500] "GET /sipse/faces/javax.faces.resource/layout/layout.js?ln=primefaces&v=4.0 HTTP/1.1" 304 -
186.116.214.74 - - [02/Dec/2023:00:36:44 -0500] "POST /sipse/faces/presentacion/financiero/viabilidad/expedirViabilidad.xhtml HTTP/1.1" 200 109560
186.116.214.74 - - [02/Dec/2023:00:36:45 -0500] "GET /sipse/faces/javax.faces.resource/jquery/jquery.js?ln=primefaces&v=4.0 HTTP/1.1" 304 -
186.116.214.74 - - [02/Dec/2023:00:36:45 -0500] "GET /sipse/faces/javax.faces.resource/jquery/jquery-plugins.js?ln=primefaces&v=4.0 HTTP/1.1" 304 -
186.116.214.74 - - [02/Dec/2023:00:36:45 -0500] "GET /sipse/faces/javax.faces.resource/primefaces.js?ln=primefaces&v=4.0 HTTP/1.1" 304 -
186.116.214.74 - - [02/Dec/2023:00:36:45 -0500] "GET /sipse/faces/javax.faces.resource/layout/layout.js?ln=primefaces&v=4.0 HTTP/1.1" 304 -
172.22.2.4 - - [02/Dec/2023:00:35:11 -0500] "HEAD /BLA/boletinlegal/ HTTP/1.1" 200 -
201.245.192.253 - - [02/Dec/2023:00:36:58 -0500] "POST /kwsrmcab/Wsrmcab  HTTP/1.1" 200 41956
201.245.192.253 - - [02/Dec/2023:00:37:16 -0500] "POST /forms/lservlet;jsessionid=ac16012b30d64ec0b0a9f85d4cd0acdf8f65235348eb.e3iSbxaKaheRe3eRa38MahaQbi1ynknvrkLOlQzNp65In0 HTTP/1.1" 200 2
216.245.221.92 - - [02/Dec/2023:00:37:19 -0500] "HEAD / HTTP/1.1" 200 -
201.245.192.253 - - [02/Dec/2023:00:37:35 -0500] "POST /forms/lservlet;jsessionid=ac16012b30d66bd79d5a81354b569b64ca0b03586396.e3iSbxaKaheRe3eRa38MahaQbi1ynknvrkLOlQzNp65In0 HTTP/1.1" 200 2
172.22.2.4 - - [02/Dec/2023:00:36:02 -0500] "GET /BLA/boletinlegal/ HTTP/1.1" 200 58644
186.116.214.74 - - [02/Dec/2023:00:37:51 -0500] "POST /sipse/faces/presentacion/financiero/solicitudProceso/consultarSolicitudProceso.xhtml HTTP/1.1" 200 155602
186.116.214.74 - - [02/Dec/2023:00:37:52 -0500] "GET /sipse/faces/javax.faces.resource/primefaces.css?ln=primefaces&v=4.0 HTTP/1.1" 304 -
186.116.214.74 - - [02/Dec/2023:00:37:52 -0500] "GET /sipse/faces/javax.faces.resource/theme.css?ln=primefaces-sipse HTTP/1.1" 304 -
186.116.214.74 - - [02/Dec/2023:00:37:52 -0500] "GET /sipse/faces/javax.faces.resource/layout/layout.css?ln=primefaces&v=4.0 HTTP/1.1" 304 -
186.116.214.74 - - [02/Dec/2023:00:37:52 -0500] "GET /sipse/faces/javax.faces.resource/jquery/jquery-plugins.js?ln=primefaces&v=4.0 HTTP/1.1" 304 -
186.116.214.74 - - [02/Dec/2023:00:37:52 -0500] "GET /sipse/faces/javax.faces.resource/primefaces.js?ln=primefaces&v=4.0 HTTP/1.1" 304 -
186.116.214.74 - - [02/Dec/2023:00:37:52 -0500] "GET /sipse/faces/javax.faces.resource/layout/layout.js?ln=primefaces&v=4.0 HTTP/1.1" 304 -
186.116.214.74 - - [02/Dec/2023:00:37:52 -0500] "GET /sipse/faces/javax.faces.resource/jquery/jquery.js?ln=primefaces&v=4.0 HTTP/1.1" 304 -
186.116.214.74 - - [02/Dec/2023:00:37:52 -0500] "GET /sipse/faces/javax.faces.resource/images/ui-icons_898989_256x240.png?ln=primefaces-aristo HTTP/1.1" 304 -
186.116.214.74 - - [02/Dec/2023:00:37:59 -0500] "GET /sipse/faces/javax.faces.resource/images/ui-bg_flat_0_2d5972_40x100.png?ln=primefaces-aristo HTTP/1.1" 304 -
186.116.214.74 - - [02/Dec/2023:00:37:59 -0500] "POST /sipse/faces/presentacion/financiero/solicitudProceso/consultarSolicitudProceso.xhtml HTTP/1.1" 200 51437
186.116.214.74 - - [02/Dec/2023:00:38:02 -0500] "GET /sipse/faces/javax.faces.resource/jquery/jquery.js?ln=primefaces&v=4.0 HTTP/1.1" 304 -
186.116.214.74 - - [02/Dec/2023:00:38:02 -0500] "GET /sipse/faces/javax.faces.resource/jquery/jquery-plugins.js?ln=primefaces&v=4.0 HTTP/1.1" 304 -
186.116.214.74 - - [02/Dec/2023:00:38:02 -0500] "GET /sipse/faces/javax.faces.resource/primefaces.js?ln=primefaces&v=4.0 HTTP/1.1" 304 -
186.116.214.74 - - [02/Dec/2023:00:38:02 -0500] "GET /sipse/faces/javax.faces.resource/layout/layout.js?ln=primefaces&v=4.0 HTTP/1.1" 304 -
186.116.214.74 - - [02/Dec/2023:00:38:02 -0500] "GET /sipse/faces/javax.faces.resource/messages/messages.png?ln=primefaces&v=4.0 HTTP/1.1" 304 -
186.116.214.74 - - [02/Dec/2023:00:38:02 -0500] "POST /sipse/faces/presentacion/financiero/solicitudProceso/listarSolicitudProceso.xhtml HTTP/1.1" 200 1496
66.249.66.14 - - [02/Dec/2023:00:38:18 -0500] "GET /BLA/resoluciones/AUTOS%202012/2102.pdf HTTP/1.1" 200 625964
66.249.66.12 - - [02/Dec/2023:00:39:10 -0500] "GET /Residuos/textiles/files/guia_textiles.pdf HTTP/1.1" 200 12356716
201.245.192.253 - - [02/Dec/2023:00:39:16 -0500] "POST /forms/lservlet;jsessionid=ac16012b30d64ec0b0a9f85d4cd0acdf8f65235348eb.e3iSbxaKaheRe3eRa38MahaQbi1ynknvrkLOlQzNp65In0 HTTP/1.1" 200 2
201.245.192.253 - - [02/Dec/2023:00:39:35 -0500] "POST /forms/lservlet;jsessionid=ac16012b30d66bd79d5a81354b569b64ca0b03586396.e3iSbxaKaheRe3eRa38MahaQbi1ynknvrkLOlQzNp65In0 HTTP/1.1" 200 2
201.245.192.253 - - [02/Dec/2023:00:39:41 -0500] "POST /kwsrmcab/Wsrmcab HTTP/1.1" 200 40394
201.245.192.253 - - [02/Dec/2023:00:39:50 -0500] "POST /kwsrmcab/Wsrmcab HTTP/1.1" 200 36388
17.241.219.79 - - [02/Dec/2023:00:40:11 -0500] "GET /el-agua-recurso-vital-para-la-conservacion-de-los-ecosistemas.html HTTP/1.1" 200 870
66.249.66.12 - - [02/Dec/2023:00:40:57 -0500] "GET /BLA/resoluciones/Notificaciones/AUTOS%202021/3742.pdf HTTP/1.1" 200 352508
201.245.192.253 - - [02/Dec/2023:00:41:16 -0500] "POST /forms/lservlet;jsessionid=ac16012b30d64ec0b0a9f85d4cd0acdf8f65235348eb.e3iSbxaKaheRe3eRa38MahaQbi1ynknvrkLOlQzNp65In0 HTTP/1.1" 200 2
201.245.192.253 - - [02/Dec/2023:00:41:35 -0500] "POST /forms/lservlet;jsessionid=ac16012b30d66bd79d5a81354b569b64ca0b03586396.e3iSbxaKaheRe3eRa38MahaQbi1ynknvrkLOlQzNp65In0 HTTP/1.1" 200 2
201.245.192.253 - - [02/Dec/2023:00:41:57 -0500] "POST /kwsrmcab/Wsrmcab  HTTP/1.1" 200 41956
216.245.221.92 - - [02/Dec/2023:00:42:19 -0500] "HEAD / HTTP/1.1" 200 -
172.22.2.4 - - [02/Dec/2023:00:41:01 -0500] "HEAD /BLA/boletinlegal/ HTTP/1.1" 200 -
66.249.66.20 - - [02/Dec/2023:00:42:49 -0500] "GET /BLA/resoluciones/Notificaciones/RESOLUCIONES%202021/3992.pdf HTTP/1.1" 200 501422
66.249.66.196 - - [02/Dec/2023:00:43:05 -0500] "GET /agendate-para-participar-en-las-caminatas-ecologicas-de-febrero.html HTTP/1.1" 200 830
201.245.192.253 - - [02/Dec/2023:00:43:16 -0500] "POST /forms/lservlet;jsessionid=ac16012b30d64ec0b0a9f85d4cd0acdf8f65235348eb.e3iSbxaKaheRe3eRa38MahaQbi1ynknvrkLOlQzNp65In0 HTTP/1.1" 200 2
172.22.2.4 - - [02/Dec/2023:00:41:52 -0500] "GET /BLA/boletinlegal/ HTTP/1.1" 200 60634
201.245.192.253 - - [02/Dec/2023:00:43:35 -0500] "POST /forms/lservlet;jsessionid=ac16012b30d66bd79d5a81354b569b64ca0b03586396.e3iSbxaKaheRe3eRa38MahaQbi1ynknvrkLOlQzNp65In0 HTTP/1.1" 200 2
66.249.66.20 - - [02/Dec/2023:00:44:24 -0500] "GET /BLA/resoluciones/RESOLUCIONES%202010/6746.pdf HTTP/1.1" 200 340713
207.46.13.92 - - [02/Dec/2023:00:44:25 -0500] "GET /BLA/resoluciones/AUTOS%202023/0800.pdf HTTP/1.1" 200 607128
66.249.66.21 - - [02/Dec/2023:00:45:08 -0500] "GET /BLA/resoluciones/RESOLUCIONES%202008/4540.pdf HTTP/1.1" 200 496649
201.245.192.253 - - [02/Dec/2023:00:45:16 -0500] "POST /forms/lservlet;jsessionid=ac16012b30d64ec0b0a9f85d4cd0acdf8f65235348eb.e3iSbxaKaheRe3eRa38MahaQbi1ynknvrkLOlQzNp65In0 HTTP/1.1" 200 2
201.245.192.253 - - [02/Dec/2023:00:45:35 -0500] "POST /forms/lservlet;jsessionid=ac16012b30d66bd79d5a81354b569b64ca0b03586396.e3iSbxaKaheRe3eRa38MahaQbi1ynknvrkLOlQzNp65In0 HTTP/1.1" 200 2
190.158.12.31 - - [02/Dec/2023:00:46:44 -0500] "GET /BLA/resoluciones/index.php?dir=AUTOS+2017%2F HTTP/1.1" 200 483481
190.158.12.31 - - [02/Dec/2023:00:46:52 -0500] "GET /favicon.ico HTTP/1.1" 200 7782
190.158.12.31 - - [02/Dec/2023:00:46:57 -0500] "GET /BLA/resoluciones/index.php?dir=AUTOS+2020%2F HTTP/1.1" 200 332687
201.245.192.253 - - [02/Dec/2023:00:46:56 -0500] "POST /kwsrmcab/Wsrmcab  HTTP/1.1" 200 41956
201.245.192.253 - - [02/Dec/2023:00:47:16 -0500] "POST /forms/lservlet;jsessionid=ac16012b30d64ec0b0a9f85d4cd0acdf8f65235348eb.e3iSbxaKaheRe3eRa38MahaQbi1ynknvrkLOlQzNp65In0 HTTP/1.1" 200 2
216.245.221.92 - - [02/Dec/2023:00:47:19 -0500] "HEAD / HTTP/1.1" 200 -
201.245.192.253 - - [02/Dec/2023:00:47:35 -0500] "POST /forms/lservlet;jsessionid=ac16012b30d66bd79d5a81354b569b64ca0b03586396.e3iSbxaKaheRe3eRa38MahaQbi1ynknvrkLOlQzNp65In0 HTTP/1.1" 200 2
52.167.144.219 - - [02/Dec/2023:00:48:11 -0500] "GET /BLA/resoluciones/AUTOS%202023/4519.pdf HTTP/1.1" 200 403425
172.22.2.4 - - [02/Dec/2023:00:46:51 -0500] "HEAD /BLA/boletinlegal/ HTTP/1.1" 200 -
185.180.143.138 - - [02/Dec/2023:00:49:04 -0500] "GET / HTTP/1.1" 200 319
201.245.192.253 - - [02/Dec/2023:00:49:16 -0500] "POST /forms/lservlet;jsessionid=ac16012b30d64ec0b0a9f85d4cd0acdf8f65235348eb.e3iSbxaKaheRe3eRa38MahaQbi1ynknvrkLOlQzNp65In0 HTTP/1.1" 200 2
172.22.2.4 - - [02/Dec/2023:00:47:42 -0500] "GET /BLA/boletinlegal/ HTTP/1.1" 200 55399
201.245.192.253 - - [02/Dec/2023:00:49:35 -0500] "POST /forms/lservlet;jsessionid=ac16012b30d66bd79d5a81354b569b64ca0b03586396.e3iSbxaKaheRe3eRa38MahaQbi1ynknvrkLOlQzNp65In0 HTTP/1.1" 200 2
66.249.66.76 - - [02/Dec/2023:00:50:58 -0500] "GET /portaldeninos/2021/06/20/mas-de-130-arboles-fueron-plantados-en-el-humedal-la-conejera-con-comunidad-educativa/ HTTP/1.1" 200 107808
66.249.66.75 - - [02/Dec/2023:00:51:02 -0500] "GET /portaldeninos/wp-content/plugins/google-analytics-for-wordpress/assets/js/frontend-gtag.min.js?ver=8.5.0 HTTP/1.1" 200 11801
66.249.66.75 - - [02/Dec/2023:00:51:03 -0500] "GET /portaldeninos/wp-content/themes/betheme/js/scripts.js?ver=20.9.6 HTTP/1.1" 200 77162
66.249.66.76 - - [02/Dec/2023:00:51:04 -0500] "GET /portaldeninos/wp-content/themes/betheme/css/responsive.css?ver=20.9.6 HTTP/1.1" 200 55740
207.46.13.7 - - [02/Dec/2023:00:51:14 -0500] "GET /BLA/resoluciones/AUTOS%202013/2895.pdf HTTP/1.1" 200 499578
201.245.192.253 - - [02/Dec/2023:00:51:16 -0500] "POST /forms/lservlet;jsessionid=ac16012b30d64ec0b0a9f85d4cd0acdf8f65235348eb.e3iSbxaKaheRe3eRa38MahaQbi1ynknvrkLOlQzNp65In0 HTTP/1.1" 200 2
66.249.66.20 - - [02/Dec/2023:00:51:34 -0500] "GET /BLA/resoluciones/RESOLUCIONES%202017/0270.pdf HTTP/1.1" 200 652745
201.245.192.253 - - [02/Dec/2023:00:51:35 -0500] "POST /forms/lservlet;jsessionid=ac16012b30d66bd79d5a81354b569b64ca0b03586396.e3iSbxaKaheRe3eRa38MahaQbi1ynknvrkLOlQzNp65In0 HTTP/1.1" 200 2
52.167.144.20 - - [02/Dec/2023:00:51:51 -0500] "GET /BLA/resoluciones/AUTOS%202013/2683.pdf HTTP/1.1" 200 2178569
201.245.192.253 - - [02/Dec/2023:00:51:54 -0500] "POST /kwsrmcab/Wsrmcab  HTTP/1.1" 200 41956
216.245.221.92 - - [02/Dec/2023:00:52:19 -0500] "HEAD / HTTP/1.1" 200 -
157.55.39.54 - - [02/Dec/2023:00:52:55 -0500] "GET /BLA/resoluciones/RESOLUCIONES%202023/2407.pdf HTTP/1.1" 200 341879
201.245.192.253 - - [02/Dec/2023:00:53:16 -0500] "POST /forms/lservlet;jsessionid=ac16012b30d64ec0b0a9f85d4cd0acdf8f65235348eb.e3iSbxaKaheRe3eRa38MahaQbi1ynknvrkLOlQzNp65In0 HTTP/1.1" 200 2
201.245.192.253 - - [02/Dec/2023:00:53:35 -0500] "POST /forms/lservlet;jsessionid=ac16012b30d66bd79d5a81354b569b64ca0b03586396.e3iSbxaKaheRe3eRa38MahaQbi1ynknvrkLOlQzNp65In0 HTTP/1.1" 200 2
172.22.2.4 - - [02/Dec/2023:00:52:41 -0500] "HEAD /BLA/boletinlegal/ HTTP/1.1" 200 -
52.167.144.19 - - [02/Dec/2023:00:54:31 -0500] "GET /BLA/resoluciones/RESOLUCIONES%202021/0364.pdf HTTP/1.1" 304 -
172.22.2.4 - - [02/Dec/2023:00:53:32 -0500] "GET /BLA/boletinlegal/ HTTP/1.1" 200 58644
201.245.192.253 - - [02/Dec/2023:00:55:16 -0500] "POST /forms/lservlet;jsessionid=ac16012b30d64ec0b0a9f85d4cd0acdf8f65235348eb.e3iSbxaKaheRe3eRa38MahaQbi1ynknvrkLOlQzNp65In0 HTTP/1.1" 200 2
201.245.192.253 - - [02/Dec/2023:00:55:35 -0500] "POST /forms/lservlet;jsessionid=ac16012b30d66bd79d5a81354b569b64ca0b03586396.e3iSbxaKaheRe3eRa38MahaQbi1ynknvrkLOlQzNp65In0 HTTP/1.1" 200 2
66.249.66.19 - - [02/Dec/2023:00:56:08 -0500] "GET /BLA/resoluciones/Notificaciones/AUTOS%202023/4815.pdf HTTP/1.1" 200 350126
66.249.66.19 - - [02/Dec/2023:00:56:17 -0500] "GET /BLA/resoluciones/RESOLUCIONES%202009/1267.pdf HTTP/1.1" 200 569573
157.55.39.6 - - [02/Dec/2023:00:56:27 -0500] "GET /BLA/resoluciones/AUTOS%202017/3295.pdf HTTP/1.1" 200 281259
66.249.66.19 - - [02/Dec/2023:00:56:35 -0500] "GET /Publicaciones/2022EE304808.pdf HTTP/1.1" 404 228
66.249.66.19 - - [02/Dec/2023:00:56:42 -0500] "GET /BLA/resoluciones/Autos%202008/0164.pdf HTTP/1.1" 200 106221
66.249.66.19 - - [02/Dec/2023:00:56:45 -0500] "GET /BLA/resoluciones/RESOLUCIONES%202010/4357.pdf HTTP/1.1" 200 501475
201.245.192.253 - - [02/Dec/2023:00:56:52 -0500] "POST /kwsrmcab/Wsrmcab  HTTP/1.1" 200 41956
201.245.192.253 - - [02/Dec/2023:00:57:16 -0500] "POST /forms/lservlet;jsessionid=ac16012b30d64ec0b0a9f85d4cd0acdf8f65235348eb.e3iSbxaKaheRe3eRa38MahaQbi1ynknvrkLOlQzNp65In0 HTTP/1.1" 200 2
216.245.221.92 - - [02/Dec/2023:00:57:19 -0500] "HEAD / HTTP/1.1" 200 -
201.245.192.253 - - [02/Dec/2023:00:57:35 -0500] "POST /forms/lservlet;jsessionid=ac16012b30d66bd79d5a81354b569b64ca0b03586396.e3iSbxaKaheRe3eRa38MahaQbi1ynknvrkLOlQzNp65In0 HTTP/1.1" 200 2
66.249.66.19 - - [02/Dec/2023:00:58:44 -0500] "GET /BLA/resoluciones/AUTOS%202018/3594.pdf HTTP/1.1" 200 288344
201.245.192.253 - - [02/Dec/2023:00:59:16 -0500] "POST /forms/lservlet;jsessionid=ac16012b30d64ec0b0a9f85d4cd0acdf8f65235348eb.e3iSbxaKaheRe3eRa38MahaQbi1ynknvrkLOlQzNp65In0 HTTP/1.1" 200 2
201.245.192.253 - - [02/Dec/2023:00:59:35 -0500] "POST /forms/lservlet;jsessionid=ac16012b30d66bd79d5a81354b569b64ca0b03586396.e3iSbxaKaheRe3eRa38MahaQbi1ynknvrkLOlQzNp65In0 HTTP/1.1" 200 2
172.22.2.4 - - [02/Dec/2023:00:58:31 -0500] "HEAD /BLA/boletinlegal/ HTTP/1.1" 200 -
172.22.2.4 - - [02/Dec/2023:00:59:22 -0500] "GET /BLA/boletinlegal/ HTTP/1.1" 200 52827
201.245.192.253 - - [02/Dec/2023:01:01:16 -0500] "POST /forms/lservlet;jsessionid=ac16012b30d64ec0b0a9f85d4cd0acdf8f65235348eb.e3iSbxaKaheRe3eRa38MahaQbi1ynknvrkLOlQzNp65In0 HTTP/1.1" 200 2
66.249.66.21 - - [02/Dec/2023:01:01:33 -0500] "GET /BLA/resoluciones/RESOLUCIONES%202010/6353.pdf HTTP/1.1" 200 1143628
201.245.192.253 - - [02/Dec/2023:01:01:35 -0500] "POST /forms/lservlet;jsessionid=ac16012b30d66bd79d5a81354b569b64ca0b03586396.e3iSbxaKaheRe3eRa38MahaQbi1ynknvrkLOlQzNp65In0 HTTP/1.1" 200 2
201.245.192.253 - - [02/Dec/2023:01:01:51 -0500] "POST /kwsrmcab/Wsrmcab  HTTP/1.1" 200 41956
66.249.66.19 - - [02/Dec/2023:01:02:15 -0500] "GET /BLA/resoluciones/RESOLUCIONES%202011/5311.pdf HTTP/1.1" 200 408600
216.245.221.92 - - [02/Dec/2023:01:02:19 -0500] "HEAD / HTTP/1.1" 200 -
