66.249.66.19 - - [02/Dec/2023:20:36:04 -0500] "GET /BLA/resoluciones/RESOLUCIONES%202017/1659.pdf HTTP/1.1" 304 -
172.22.2.4 - - [02/Dec/2023:20:34:37 -0500] "GET /BLA/boletinlegal/ HTTP/1.1" 200 61018
201.245.192.253 - - [02/Dec/2023:20:36:21 -0500] "POST /forms/lservlet;jsessionid=ac16012b30d64ec0b0a9f85d4cd0acdf8f65235348eb.e3iSbxaKaheRe3eRa38MahaQbi1ynknvrkLOlQzNp65In0 HTTP/1.1" 200 2
201.245.192.253 - - [02/Dec/2023:20:36:38 -0500] "POST /forms/lservlet;jsessionid=ac16012b30d66bd79d5a81354b569b64ca0b03586396.e3iSbxaKaheRe3eRa38MahaQbi1ynknvrkLOlQzNp65In0 HTTP/1.1" 200 2
201.245.192.253 - - [02/Dec/2023:20:36:59 -0500] "POST /kwsrmcab/Wsrmcab HTTP/1.1" 200 41293
201.245.192.253 - - [02/Dec/2023:20:37:04 -0500] "POST /kwsrmcab/Wsrmcab HTTP/1.1" 200 36796
40.77.167.54 - - [02/Dec/2023:20:37:19 -0500] "GET /BLA/resoluciones/AUTOS%202013/1072.pdf HTTP/1.1" 200 1001928
216.245.221.92 - - [02/Dec/2023:20:38:17 -0500] "HEAD / HTTP/1.1" 200 -
201.245.192.253 - - [02/Dec/2023:20:38:21 -0500] "POST /forms/lservlet;jsessionid=ac16012b30d64ec0b0a9f85d4cd0acdf8f65235348eb.e3iSbxaKaheRe3eRa38MahaQbi1ynknvrkLOlQzNp65In0 HTTP/1.1" 200 2
201.245.192.253 - - [02/Dec/2023:20:38:38 -0500] "POST /forms/lservlet;jsessionid=ac16012b30d66bd79d5a81354b569b64ca0b03586396.e3iSbxaKaheRe3eRa38MahaQbi1ynknvrkLOlQzNp65In0 HTTP/1.1" 200 2
172.22.2.4 - - [02/Dec/2023:20:38:41 -0500] "GET /BLA/boletinlegal/Circulares/2019/.pdf HTTP/1.1" 404 1218
201.245.192.253 - - [02/Dec/2023:20:39:22 -0500] "POST /kwsrmcab/Wsrmcab  HTTP/1.1" 200 41956
172.22.2.4 - - [02/Dec/2023:20:37:51 -0500] "HEAD /BLA/boletinlegal/ HTTP/1.1" 200 -
201.245.192.253 - - [02/Dec/2023:20:40:21 -0500] "POST /forms/lservlet;jsessionid=ac16012b30d64ec0b0a9f85d4cd0acdf8f65235348eb.e3iSbxaKaheRe3eRa38MahaQbi1ynknvrkLOlQzNp65In0 HTTP/1.1" 200 2
172.22.2.4 - - [02/Dec/2023:20:38:41 -0500] "GET /BLA/boletinlegal/ HTTP/1.1" 200 58294
201.245.192.253 - - [02/Dec/2023:20:40:38 -0500] "POST /forms/lservlet;jsessionid=ac16012b30d66bd79d5a81354b569b64ca0b03586396.e3iSbxaKaheRe3eRa38MahaQbi1ynknvrkLOlQzNp65In0 HTTP/1.1" 200 2
201.245.192.253 - - [02/Dec/2023:20:40:38 -0500] "POST /kwsrmcab/Wsrmcab HTTP/1.1" 200 41293
201.245.192.253 - - [02/Dec/2023:20:40:46 -0500] "POST /kwsrmcab/Wsrmcab HTTP/1.1" 200 36796
201.245.192.253 - - [02/Dec/2023:20:42:21 -0500] "POST /forms/lservlet;jsessionid=ac16012b30d64ec0b0a9f85d4cd0acdf8f65235348eb.e3iSbxaKaheRe3eRa38MahaQbi1ynknvrkLOlQzNp65In0 HTTP/1.1" 200 2
201.245.192.253 - - [02/Dec/2023:20:42:38 -0500] "POST /forms/lservlet;jsessionid=ac16012b30d66bd79d5a81354b569b64ca0b03586396.e3iSbxaKaheRe3eRa38MahaQbi1ynknvrkLOlQzNp65In0 HTTP/1.1" 200 2
199.45.154.51 - - [02/Dec/2023:20:42:54 -0500] "GET / HTTP/1.1" 200 319
199.45.154.51 - - [02/Dec/2023:20:43:03 -0500] "GET / HTTP/1.1" 200 319
199.45.154.51 - - [02/Dec/2023:20:43:05 -0500] "PRI * HTTP/2.0" 400 946
199.45.154.51 - - [02/Dec/2023:20:43:09 -0500] "GET /favicon.ico HTTP/1.1" 200 7782
216.245.221.92 - - [02/Dec/2023:20:43:17 -0500] "HEAD / HTTP/1.1" 200 -
157.55.39.6 - - [02/Dec/2023:20:43:57 -0500] "GET /BLA/resoluciones/AUTOS%202013/0588.pdf HTTP/1.1" 200 799493
111.172.249.49 - - [02/Dec/2023:20:44:19 -0500] "GET / HTTP/1.1" 200 319
201.245.192.253 - - [02/Dec/2023:20:44:21 -0500] "POST /forms/lservlet;jsessionid=ac16012b30d64ec0b0a9f85d4cd0acdf8f65235348eb.e3iSbxaKaheRe3eRa38MahaQbi1ynknvrkLOlQzNp65In0 HTTP/1.1" 200 2
201.245.192.253 - - [02/Dec/2023:20:44:20 -0500] "POST /kwsrmcab/Wsrmcab  HTTP/1.1" 200 41956
201.245.192.253 - - [02/Dec/2023:20:44:38 -0500] "POST /forms/lservlet;jsessionid=ac16012b30d66bd79d5a81354b569b64ca0b03586396.e3iSbxaKaheRe3eRa38MahaQbi1ynknvrkLOlQzNp65In0 HTTP/1.1" 200 2
172.22.2.4 - - [02/Dec/2023:20:43:41 -0500] "HEAD /BLA/boletinlegal/ HTTP/1.1" 200 -
172.22.2.4 - - [02/Dec/2023:20:44:31 -0500] "GET /BLA/boletinlegal/ HTTP/1.1" 200 58294
201.245.192.253 - - [02/Dec/2023:20:46:21 -0500] "POST /forms/lservlet;jsessionid=ac16012b30d64ec0b0a9f85d4cd0acdf8f65235348eb.e3iSbxaKaheRe3eRa38MahaQbi1ynknvrkLOlQzNp65In0 HTTP/1.1" 200 2
201.245.192.253 - - [02/Dec/2023:20:46:38 -0500] "POST /forms/lservlet;jsessionid=ac16012b30d66bd79d5a81354b569b64ca0b03586396.e3iSbxaKaheRe3eRa38MahaQbi1ynknvrkLOlQzNp65In0 HTTP/1.1" 200 2
216.245.221.92 - - [02/Dec/2023:20:48:17 -0500] "HEAD / HTTP/1.1" 200 -
179.33.73.22 - - [02/Dec/2023:20:48:19 -0500] "GET /kwssiamovil/sm/ldap/au?x=U2FsdGVkX19HC/y0kd29QAtQgz2v3U72YXZzLjJZlWEChJP+/Yxf0dpYDSL/4Dn5&y=U2FsdGVkX18zCxrStLPAWgHr7iidyA3hiPbzDHxu/WWhfjvJvMdlIHbfCj31v324 HTTP/1.1" 200 30
179.33.73.22 - - [02/Dec/2023:20:48:19 -0500] "GET /kwssiamovil/sm/acme/s?s=U2FsdGVkX197S52AmiXVAvML45YY6koiDIYyOeGNy8UnyrDXfJTC2gmgF8uTJ1dwjjdg49RdlPJuidz+ZjcZmfM5eXmghQ8rCEg4kesb2NU=&u=U2FsdGVkX1+s9oKZzuCjfH/OQ6ln0hgs1Wr7atwOFmg=&y=U2FsdGVkX18zCxrStLPAWgHr7iidyA3hiPbzDHxu/WWhfjvJvMdlIHbfCj31v324 HTTP/1.1" 200 97
179.33.73.22 - - [02/Dec/2023:20:48:19 -0500] "GET /kwssiamovil/sm/acme/s?s=U2FsdGVkX18r2oPqb81GN/dNZTrAx88Pt+Tv57doTDHq9BAxiy+lnrLcQNhuoV99ejrvNABhyholK8bDWgzE1fKfa5JRdyal0TlZur+ZpjY0T6h2/1Ljul1CIDm7wwfi3aHWjH72dtx3tKs8DDuxWn7z3KYyCrg4kn+6hQJjRPymdh0+tHYxXppIVKlJCSQozCH6p8SFNcrqgN5rIYmzCxPpLbWdR/8CT0FCSccykaqx4wla6N78HAFgt7vYpsdvZNrv6d9qxDjRZmQFsr1TpL6e95hU75UN9oX2uDtSBUGDvKpfdPewSu/9X0yQrOS3OdZXEzcGvhkExsCO2nbJv0zwM3v5SjN4DQWIkaWXzbKgXnl/GRDiyGCWhl2YQqdn06TNPMGWyBnU3OkTMkSqwhiN1vaOOd6Yrp7atfuiWwl2Y9QsoYHmKwlvwyBAWnH4eat9bWsJjGN46USflWM0C5hCOLaL5PaK6RNnoVi8NaplvATykbanjyWmolWmjqt9TM91o3Rw+ACu9Phtqrkm6OcX7FBdGieS10u1257Z0mf266rX/sTbyqrs23V9FerMV8w4WVuHnSCjLPHVk/gZ/yP1cP9ixBKMe8GMXzORLYWSPq7PUhARMikYBA5vrA0Lf0/zAdXvh7ePMDA/uDz9YAsW2Fq+rUUkszcKpD+nXw3oJEcmqWsRLIoABfEeiXLcMapkrwWc1VzrmXDWMcmea9RTXp2p1BjkJkf2PWzHaZ68UjMG4eapCHaEmmj0egX60ZXefJeYddzYxkmthwWPtA6RpY4E4ZxaiJFbSIMhf4Y4/0f2hDgcnL+nZ5Wsd0zEA3nMFljOHBs6vo5MRhzE0V8ruAl0JUBUjM0YVrh16TDNvFRXmVhppl9MK2xXFYiDAKs9XQuee6qHRO+Ao4kwQIeCZ448TTwbIOoEYisPnuD9LbI5d926qWhb8qbndv5rLTeDVMa+4LRw9EkG7IyxSuL5KDsCqgYxfp6wcJQvmuDEQJPVxlCSG/HOgdslwwYLSV+GYbHSC5QjegtUiTmb1Z3Us2RKz27BnPRTgM70gI7KqOcZNGdMstyoj+2p2h+IT32VfYSslndbBtjeHdB5QhLlr/epEl04PrPaIcJ8IpMoI/50Oh1d+XB01NT+er+guSOaPv/Lceo6RKIBPwDqOAXPW4M7OtiZHfftKD1Z915prJx5wrtZkACDtU0TrhW+2Xg67ZRklpt9wz/GqrV75GyruC0JmRBPOXrlIP+MT4ul/IEgWqz7ekyNybZo0+BmvSHXuRjepkvnKgiAi9K4GA1+EFVGpJLVhPeghBRdzUkhFSFC4UWyvz6s7nub3tJ+OyTfoDaRMZG2DpFZlQ0OrD52SgkS/b8ORJkzoK4dpe0i2kNWZwO3KXgkDRslI/QLrMaJxgYW+Z2aFHgzBlmPb0b6jHd4ZKPeHGfB8jMeu2p8G1BwbTckR5y6XUGNKtM3ZJ7pAF+IrO4H0vVZLxFmWhVkQbBLGXmVfabU5R5/h4jv02inWYZOITe/9pI6ZY32Y55IjYzt21A1dKTwwAqs2qrDXG485uIoPJEy0x0sewHOLNCVzXUrZHtfAFOhdX66LLJTIcEqCeY/zGFjihpr5DdE26qSCQIKJuwmW0epCuvkdvuRQq2W+O3/pZSK/kEJ7iJ+4Ih5OFLkzi+Cv9g8oZ56Fut8shdRP0IYhwMYXTf7LzhOPTWrE18fz+UMk67eLsrgo+/L6mJ5KJ+JhALPdyeija9+UoCe4qHe7i8ynl4=&u=U2FsdGVkX1+s9oKZzuCjfH/OQ6ln0hgs1Wr7atwOFmg=&y=U2FsdGVkX18zCxrStLPAWgHr7iidyA3hiPbzDHxu/WWhfjvJvMdlIHbfCj31v324 HTTP/1.1" 200 1567
179.33.73.22 - - [02/Dec/2023:20:48:20 -0500] "GET /kwssiamovil/sm/acme/s?s=U2FsdGVkX1/n5/vp/Rz3CyHwdSVQaErxTQyNkcgcGE6SKaqSGWu0lPojRpBVUkfu0ybPeQrxrwvdCA4wTJPYqknB1Rg2PU8g3yT/f9cRwZa5AvQkKiDN0XFfpqiKeWcVEL7c7Kfrq7cweIAII62DrZdphIHcaaFaPAoJaa0vu243RrzIFUK/fpcRXMkzMDXgzqSW9NOEmd1KNsG9zT5V8DjihnXCa9nh9l0OlWa7r3eO+KktPRD1STxJGzHuL+zSBm/iHCFwfyMf4WZkqojZGxq9E6weKzUv3WMfjlDYhAlleRwym5kG/cXyTlxfCeGdt1tFytlMuUfBNC7gpfRVJuOQsGEoYS7FUA3+powhSYpKJd4er5vSDvyngKwaDc0Kn+th3XZkGiFIwuuQsTL+8InJi+qsM//dWuiVH+nYWT9X5aU+zqg/HlDIhSCVAsHmf4cwBb0v8naiRFB3a0jucBjT1G3+EyiJbSdelHdHD3J0ErIJFzrv4NbmSrEQ3VrtJmLJtefZdBhyBHAm6257zbjrkBfviRaUTV978AUf+k6Od/Mk6H5VOhPVlVlnDDWNDGSr3Ac1Be7ZeQ0xsafh77jVEQcDbzR+eCWZsBkUoT9KR6/WfNNJ7ug9zRxDMMQie8W62+tNysEPQZ6RJRseQ9+kUWt5OPwfsmMGfmyGZ9OFlzU2ynn/sSXPmj5PcXBTepSe2VO2Kx8Y5gTFn40DQZtc5Fz6ioi1VHi6xZUOH0ixiRYEPO92xv9UDlnnyxYF&u=U2FsdGVkX1+s9oKZzuCjfH/OQ6ln0hgs1Wr7atwOFmg=&y=U2FsdGVkX18zCxrStLPAWgHr7iidyA3hiPbzDHxu/WWhfjvJvMdlIHbfCj31v324 HTTP/1.1" 200 208
179.33.73.22 - - [02/Dec/2023:20:48:20 -0500] "GET /kwssiamovil/sm/cjson/pre?f=1&x=U2FsdGVkX19HC/y0kd29QAtQgz2v3U72YXZzLjJZlWEChJP+/Yxf0dpYDSL/4Dn5 HTTP/1.1" 200 31032
201.245.192.253 - - [02/Dec/2023:20:48:21 -0500] "POST /forms/lservlet;jsessionid=ac16012b30d64ec0b0a9f85d4cd0acdf8f65235348eb.e3iSbxaKaheRe3eRa38MahaQbi1ynknvrkLOlQzNp65In0 HTTP/1.1" 200 2
201.245.192.253 - - [02/Dec/2023:20:48:38 -0500] "POST /forms/lservlet;jsessionid=ac16012b30d66bd79d5a81354b569b64ca0b03586396.e3iSbxaKaheRe3eRa38MahaQbi1ynknvrkLOlQzNp65In0 HTTP/1.1" 200 2
201.245.192.253 - - [02/Dec/2023:20:49:19 -0500] "POST /kwsrmcab/Wsrmcab  HTTP/1.1" 200 41956
201.245.192.253 - - [02/Dec/2023:20:50:21 -0500] "POST /forms/lservlet;jsessionid=ac16012b30d64ec0b0a9f85d4cd0acdf8f65235348eb.e3iSbxaKaheRe3eRa38MahaQbi1ynknvrkLOlQzNp65In0 HTTP/1.1" 200 2
162.55.166.12 - - [02/Dec/2023:20:50:21 -0500] "GET / HTTP/1.1" 200 4720
162.55.166.12 - - [02/Dec/2023:20:50:25 -0500] "GET / HTTP/1.1" 200 319
201.245.192.253 - - [02/Dec/2023:20:50:38 -0500] "POST /forms/lservlet;jsessionid=ac16012b30d66bd79d5a81354b569b64ca0b03586396.e3iSbxaKaheRe3eRa38MahaQbi1ynknvrkLOlQzNp65In0 HTTP/1.1" 200 2
172.22.2.4 - - [02/Dec/2023:20:49:31 -0500] "HEAD /BLA/boletinlegal/ HTTP/1.1" 200 -
40.77.167.28 - - [02/Dec/2023:20:51:11 -0500] "GET /BLA/resoluciones/AUTOS%202017/4624.pdf HTTP/1.1" 200 263155
157.55.39.53 - - [02/Dec/2023:20:51:50 -0500] "GET /BLA/resoluciones/AUTOS%202023/4684.pdf HTTP/1.1" 304 -
207.46.13.31 - - [02/Dec/2023:20:51:51 -0500] "GET /consulta-y-conoce-los-proyectos-de-resolucion-de-para-los-planes-de-manejo-ambiental-de-cinco-humedales-en-bogota.html HTTP/1.1" 200 971
172.22.2.4 - - [02/Dec/2023:20:50:21 -0500] "GET /BLA/boletinlegal/ HTTP/1.1" 200 58644
201.245.192.253 - - [02/Dec/2023:20:52:21 -0500] "POST /forms/lservlet;jsessionid=ac16012b30d64ec0b0a9f85d4cd0acdf8f65235348eb.e3iSbxaKaheRe3eRa38MahaQbi1ynknvrkLOlQzNp65In0 HTTP/1.1" 200 2
201.245.192.253 - - [02/Dec/2023:20:52:38 -0500] "POST /forms/lservlet;jsessionid=ac16012b30d66bd79d5a81354b569b64ca0b03586396.e3iSbxaKaheRe3eRa38MahaQbi1ynknvrkLOlQzNp65In0 HTTP/1.1" 200 2
216.245.221.92 - - [02/Dec/2023:20:53:16 -0500] "HEAD / HTTP/1.1" 200 -
201.245.192.253 - - [02/Dec/2023:20:54:17 -0500] "POST /kwsrmcab/Wsrmcab  HTTP/1.1" 200 41956
201.245.192.253 - - [02/Dec/2023:20:54:21 -0500] "POST /forms/lservlet;jsessionid=ac16012b30d64ec0b0a9f85d4cd0acdf8f65235348eb.e3iSbxaKaheRe3eRa38MahaQbi1ynknvrkLOlQzNp65In0 HTTP/1.1" 200 2
201.245.192.253 - - [02/Dec/2023:20:54:38 -0500] "POST /forms/lservlet;jsessionid=ac16012b30d66bd79d5a81354b569b64ca0b03586396.e3iSbxaKaheRe3eRa38MahaQbi1ynknvrkLOlQzNp65In0 HTTP/1.1" 200 2
52.167.144.174 - - [02/Dec/2023:20:54:39 -0500] "GET /BLA/resoluciones/RESOLUCIONES%202007/RES%202007%20701%20AL%20800/RESOLUCION%200783%20DE%202007.pdf HTTP/1.1" 200 466766
198.235.24.98 - - [02/Dec/2023:20:55:03 -0500] "GET / HTTP/1.0" 200 319
179.33.73.22 - - [02/Dec/2023:20:55:14 -0500] "GET /kwssiamovil/sm/acme/a?s=U2FsdGVkX1+St5wOCSmEQQrpxSKeRz/7AVQqTQlocbenuyK/ul9kpp85m3fxmkJDXRGjziD0r8vkzi0eprUVq8gaxXH4B4P/YQRKYjEwT5VN61HkQTpyWyJR0P30HFaqdhlt+tE8YklWJI3xmHApOx3FCflRrRoi4q3ZVAwwvrQehUGKkY4DP3cah2OPxK8Hp659LpVejp+N6eqc7TR4x8e/brw/9Cvl41s1xeNBOw9hDa7Ajj9uNg/d1fr1t18Cf+hnKgE4eCgCQ97wqWUF6A==&u=U2FsdGVkX1+s9oKZzuCjfH/OQ6ln0hgs1Wr7atwOFmg=&y=U2FsdGVkX18zCxrStLPAWgHr7iidyA3hiPbzDHxu/WWhfjvJvMdlIHbfCj31v324 HTTP/1.1" 200 26
179.33.73.22 - - [02/Dec/2023:20:55:14 -0500] "GET /kwssiamovil/sm/acme/a?s=U2FsdGVkX18uu+jZ4Iy+micl5mgkbC/cDpjf3I1AydqqFIOZopd1CBt4gJhnuL+T0Dn5kHjPzsrNduZFaYTtV7TqaHAzxTNMVGuHMmsnf0dYi5iaGMvsX6Wr/4L7FbyPxo4/bGJzirf02vZTqS1AzBkG5CJTJACWrx6v0pXtjfwuAb6AQPQLCIH9QL1tUqZheQIi1qpaTjn4L2INeIfqgrTBWcLGMRgCnl/xg9YpcSsCI3nA5kfv/6qwtamz/bt1L0seT3IxhFevzJK/m2Mkv6UaHNegoLN9giZnafFtUB2EFJmiMHIA+9RmZPAag2BhK583Egw0MLv6rhYHfVLjRYepfh7QX2MjY6x2G0QoVzIloNYz6nHcnbg3DiYdgMLtfMll4oMY/aaSJT6Y72sQG5jpNueDw4Hos30bGG+T5ILfIflFJr8eHGFuq1TVNSkUBFqDboJLro+wLZF5AFNua5pSAFExMo9pKli1QRgSbqcrqi1DJOb6Gs8be4ameLvsXRlXTq5NZPQeJWrF7czfTVKU4YqXSz/OX2vM8GUt46lWrcpB+tYM3sgSovjm95nD7EhEGIpxl87NzafktgTMKOanXCfcqcG7SXp+FXv8GwQVhwpjA7vSOZRX67qSKT4/BRhb9xVoypRNZnojFPa+MowGT9acgie2ztiGMa97bAESMf1zTUHpU5oIkGsY/RpW3PvgpL4i80v5OYgFssjF9Y57M55nTBfZs6XG9uS2y+m3X2OYtF9g4KVddxJAZGR1/QYhX4GxVAtxbgDZ9lGmYtGLQlda9AWW+EyMkMJbKjm2ate/Jf8tYjqGL90q4COCEnVlqz/ajqOKp45zGSNCoWUjczW9tfw3E0P/042kZqEntUZJFvfsB5qP6W2yiwGYyg9bOsFvMhZFiQLEu2k4WuhN4d+z63ua2Ouwv59QMYN/tM/gsRV4Fp2+D+2kxW6fUt8xJTEZr4B0wNnejYjQHhvRIQ6L4EiIVYQGYIll9sgjbl1HTjgzYxFKlYCOQ04lg3iAzpRKc4vVEyNlayB2E9psl3m28JkGJNkfEz9erztpRLL8OOLvzYMa0oYx7NB/mnuWc21xSoeXz4xjcnAUXC8/llH4EHtRasRR/PzzKkSOY2jQpk7nXcXNWW/yBROHWOv2jlDkUO6c5efX32hA8XG72EJuHLbS2bm5sYOQ4HQqyBI3VsBUTEQ8jS3EJAWFHxxlOVDgb7uABOzHCC9ijgsbHDP7Wd8smN0HaRGnDMSxdTefeINe7zhTs9HL8nu7fU0m8qtBEw2YZUtOW6nmDPIV6701PUPy0LjE2efVvHYfcQPU/dHaUGGru0IoNqzXQyN5V0Kj9Bh2oG/eYmix9d7OtgkD57c19vk2rBVup4Eno0oE/c0yxInxIboqqJNNFbKblRoZ+FjBxdl/51e/0v3CBLv593/u7XcMRIjxtIbi3XmEiV66cXfHyVz4BDdarpcY/6XZYxszTGMw4ZCzO2qPAiQaBvEVjlO7dN8o0qk=&u=U2FsdGVkX1+s9oKZzuCjfH/OQ6ln0hgs1Wr7atwOFmg=&y=U2FsdGVkX18zCxrStLPAWgHr7iidyA3hiPbzDHxu/WWhfjvJvMdlIHbfCj31v324 HTTP/1.1" 200 26
179.33.73.22 - - [02/Dec/2023:20:55:15 -0500] "GET /kwssiamovil/sm/acme/a?s=U2FsdGVkX1+LyHzMRF7VII3Sgkj1JcYN7yBRcWWMGc5/sqzbSeqMwdYW0mWuRqtPfX9+zzsLzxCuqOjmOsxxFQGjmCI6vcBL+dY5z5RChNwFGz9F1YdgtRxJd7kFbHGfa2Hoq52hfyvt8vv5eEu52yqJuIjLtp0ntxY1AtTJBLE=&u=U2FsdGVkX1+s9oKZzuCjfH/OQ6ln0hgs1Wr7atwOFmg=&y=U2FsdGVkX18zCxrStLPAWgHr7iidyA3hiPbzDHxu/WWhfjvJvMdlIHbfCj31v324 HTTP/1.1" 200 26
179.33.73.22 - - [02/Dec/2023:20:55:15 -0500] "GET /kwssiamovil/sm/acme/a?s=U2FsdGVkX1/r7cMDcCNigJFYLVMX9qROKoWuoV4yAFeR9WYz9KZPL6PaeB2VHNJOJhdqZpNukCTQM2HGdKEE5EiqAexzTqD3rmkRkpw//drfjxCpQZRRCuL4n5l0o7Hvfo0PItyOA2/K1gq3zOi8u68VMRrbJokvq2TTl666XJA=&u=U2FsdGVkX1+s9oKZzuCjfH/OQ6ln0hgs1Wr7atwOFmg=&y=U2FsdGVkX18zCxrStLPAWgHr7iidyA3hiPbzDHxu/WWhfjvJvMdlIHbfCj31v324 HTTP/1.1" 200 26
179.33.73.22 - - [02/Dec/2023:20:55:17 -0500] "GET /kwssiamovil/sm/acme/a?s=U2FsdGVkX1+QxnKlsMP4soqiyMSSmbAv5O4py0Act6vmQDDibI43GuBATH335cZhMEncDNcrRQdFugtblK53vi0MCWF5L8fwO1jsPzVmqhehGNe11vQiLcWgJ9hvNhlY8JpmHDj4wb5wVde+ll8tAvVj1bdsCU+PNT3geaN049Q=&u=U2FsdGVkX1+s9oKZzuCjfH/OQ6ln0hgs1Wr7atwOFmg=&y=U2FsdGVkX18zCxrStLPAWgHr7iidyA3hiPbzDHxu/WWhfjvJvMdlIHbfCj31v324 HTTP/1.1" 200 26
179.33.73.22 - - [02/Dec/2023:20:55:17 -0500] "GET /kwssiamovil/sm/acme/a?s=U2FsdGVkX1/hR6vYdsP6fzrMW9PFUc3j67VzpfVQ1ZEA4ls/j7rgTwDdDgmOi+q276pm9RYriB86+Utf2ukGKpcTITBOiHLyrX2e6Ltdrl6tR/fw+EiiGc4X3fk69uhp/MNq0PhAyZmVEW+RNGixklGm8xoMbxkeVjUG81ioSAL+hCSzlWOWupgRTPBeigMr2ArE1jIT7M8GZv8e9FJzRQ==&u=U2FsdGVkX1+s9oKZzuCjfH/OQ6ln0hgs1Wr7atwOFmg=&y=U2FsdGVkX18zCxrStLPAWgHr7iidyA3hiPbzDHxu/WWhfjvJvMdlIHbfCj31v324 HTTP/1.1" 200 26
216.244.66.195 - - [02/Dec/2023:20:55:35 -0500] "GET /galeria/galeria/fotos/Nogal.jpg HTTP/1.1" 200 365859
201.245.192.253 - - [02/Dec/2023:20:56:21 -0500] "POST /forms/lservlet;jsessionid=ac16012b30d64ec0b0a9f85d4cd0acdf8f65235348eb.e3iSbxaKaheRe3eRa38MahaQbi1ynknvrkLOlQzNp65In0 HTTP/1.1" 200 2
201.245.192.253 - - [02/Dec/2023:20:56:38 -0500] "POST /forms/lservlet;jsessionid=ac16012b30d66bd79d5a81354b569b64ca0b03586396.e3iSbxaKaheRe3eRa38MahaQbi1ynknvrkLOlQzNp65In0 HTTP/1.1" 200 2
172.22.2.4 - - [02/Dec/2023:20:55:21 -0500] "HEAD /BLA/boletinlegal/ HTTP/1.1" 200 -
172.22.2.4 - - [02/Dec/2023:20:56:11 -0500] "GET /BLA/boletinlegal/ HTTP/1.1" 200 55803
216.245.221.92 - - [02/Dec/2023:20:58:16 -0500] "HEAD / HTTP/1.1" 200 -
201.245.192.253 - - [02/Dec/2023:20:58:21 -0500] "POST /forms/lservlet;jsessionid=ac16012b30d64ec0b0a9f85d4cd0acdf8f65235348eb.e3iSbxaKaheRe3eRa38MahaQbi1ynknvrkLOlQzNp65In0 HTTP/1.1" 200 2
201.245.192.253 - - [02/Dec/2023:20:58:38 -0500] "POST /forms/lservlet;jsessionid=ac16012b30d66bd79d5a81354b569b64ca0b03586396.e3iSbxaKaheRe3eRa38MahaQbi1ynknvrkLOlQzNp65In0 HTTP/1.1" 200 2
201.245.192.253 - - [02/Dec/2023:20:59:16 -0500] "POST /kwsrmcab/Wsrmcab  HTTP/1.1" 200 41956
201.245.192.253 - - [02/Dec/2023:21:00:21 -0500] "POST /forms/lservlet;jsessionid=ac16012b30d64ec0b0a9f85d4cd0acdf8f65235348eb.e3iSbxaKaheRe3eRa38MahaQbi1ynknvrkLOlQzNp65In0 HTTP/1.1" 200 2
186.30.63.182 - - [02/Dec/2023:21:00:37 -0500] "GET /sendero-las-moyas-iniciativa-privada-enfocada-en-procesos-de-restauracion-conservacion-y-educacion-ambiental.html HTTP/1.1" 200 1013
201.245.192.253 - - [02/Dec/2023:21:00:38 -0500] "POST /forms/lservlet;jsessionid=ac16012b30d66bd79d5a81354b569b64ca0b03586396.e3iSbxaKaheRe3eRa38MahaQbi1ynknvrkLOlQzNp65In0 HTTP/1.1" 200 2
186.30.63.182 - - [02/Dec/2023:21:01:22 -0500] "GET /sendero-las-moyas-iniciativa-privada-enfocada-en-procesos-de-restauracion-conservacion-y-educacion-ambiental.html HTTP/1.1" 200 1013
40.77.167.33 - - [02/Dec/2023:21:02:20 -0500] "GET /BLA/resoluciones/AUTOS%202014/3525.pdf HTTP/1.1" 200 115942
201.245.192.253 - - [02/Dec/2023:21:02:21 -0500] "POST /forms/lservlet;jsessionid=ac16012b30d64ec0b0a9f85d4cd0acdf8f65235348eb.e3iSbxaKaheRe3eRa38MahaQbi1ynknvrkLOlQzNp65In0 HTTP/1.1" 200 2
201.245.192.253 - - [02/Dec/2023:21:02:38 -0500] "POST /forms/lservlet;jsessionid=ac16012b30d66bd79d5a81354b569b64ca0b03586396.e3iSbxaKaheRe3eRa38MahaQbi1ynknvrkLOlQzNp65In0 HTTP/1.1" 200 2
172.22.2.4 - - [02/Dec/2023:21:01:11 -0500] "HEAD /BLA/boletinlegal/ HTTP/1.1" 200 -
216.245.221.92 - - [02/Dec/2023:21:03:17 -0500] "HEAD / HTTP/1.1" 200 -
172.22.2.4 - - [02/Dec/2023:21:02:01 -0500] "GET /BLA/boletinlegal/ HTTP/1.1" 200 58644
66.249.66.21 - - [02/Dec/2023:21:04:04 -0500] "GET /Residuos/textiles/files/guia_textiles.pdf HTTP/1.1" 200 12356716
201.245.192.253 - - [02/Dec/2023:21:04:16 -0500] "POST /kwsrmcab/Wsrmcab  HTTP/1.1" 200 41956
201.245.192.253 - - [02/Dec/2023:21:04:21 -0500] "POST /forms/lservlet;jsessionid=ac16012b30d64ec0b0a9f85d4cd0acdf8f65235348eb.e3iSbxaKaheRe3eRa38MahaQbi1ynknvrkLOlQzNp65In0 HTTP/1.1" 200 2
201.245.192.253 - - [02/Dec/2023:21:04:38 -0500] "POST /forms/lservlet;jsessionid=ac16012b30d66bd79d5a81354b569b64ca0b03586396.e3iSbxaKaheRe3eRa38MahaQbi1ynknvrkLOlQzNp65In0 HTTP/1.1" 200 2
173.252.107.119 - - [02/Dec/2023:21:06:07 -0500] "GET /distrito-celebro-el-cumpleanos-del-parque-ecologico-distrital-de-montana-entrenubes.html HTTP/1.1" 200 829
201.245.192.253 - - [02/Dec/2023:21:06:21 -0500] "POST /forms/lservlet;jsessionid=ac16012b30d64ec0b0a9f85d4cd0acdf8f65235348eb.e3iSbxaKaheRe3eRa38MahaQbi1ynknvrkLOlQzNp65In0 HTTP/1.1" 200 2
201.245.192.253 - - [02/Dec/2023:21:06:38 -0500] "POST /forms/lservlet;jsessionid=ac16012b30d66bd79d5a81354b569b64ca0b03586396.e3iSbxaKaheRe3eRa38MahaQbi1ynknvrkLOlQzNp65In0 HTTP/1.1" 200 2
216.245.221.92 - - [02/Dec/2023:21:08:16 -0500] "HEAD / HTTP/1.1" 200 -
201.245.192.253 - - [02/Dec/2023:21:08:21 -0500] "POST /forms/lservlet;jsessionid=ac16012b30d64ec0b0a9f85d4cd0acdf8f65235348eb.e3iSbxaKaheRe3eRa38MahaQbi1ynknvrkLOlQzNp65In0 HTTP/1.1" 200 2
52.167.144.203 - - [02/Dec/2023:21:08:27 -0500] "GET /BLA/resoluciones/RESOLUCIONES%202017/1795.pdf HTTP/1.1" 304 -
201.245.192.253 - - [02/Dec/2023:21:08:38 -0500] "POST /forms/lservlet;jsessionid=ac16012b30d66bd79d5a81354b569b64ca0b03586396.e3iSbxaKaheRe3eRa38MahaQbi1ynknvrkLOlQzNp65In0 HTTP/1.1" 200 2
172.22.2.4 - - [02/Dec/2023:21:07:01 -0500] "HEAD /BLA/boletinlegal/ HTTP/1.1" 200 -
201.245.192.253 - - [02/Dec/2023:21:09:15 -0500] "POST /kwsrmcab/Wsrmcab  HTTP/1.1" 200 41956
172.22.2.4 - - [02/Dec/2023:21:07:51 -0500] "GET /BLA/boletinlegal/ HTTP/1.1" 200 55399
201.245.192.253 - - [02/Dec/2023:21:10:21 -0500] "POST /forms/lservlet;jsessionid=ac16012b30d64ec0b0a9f85d4cd0acdf8f65235348eb.e3iSbxaKaheRe3eRa38MahaQbi1ynknvrkLOlQzNp65In0 HTTP/1.1" 200 2
201.245.192.253 - - [02/Dec/2023:21:10:38 -0500] "POST /forms/lservlet;jsessionid=ac16012b30d66bd79d5a81354b569b64ca0b03586396.e3iSbxaKaheRe3eRa38MahaQbi1ynknvrkLOlQzNp65In0 HTTP/1.1" 200 2
157.55.39.55 - - [02/Dec/2023:21:11:39 -0500] "GET /BLA/resoluciones/AUTOS%202017/4599.pdf HTTP/1.1" 200 261858
201.245.192.253 - - [02/Dec/2023:21:12:21 -0500] "POST /forms/lservlet;jsessionid=ac16012b30d64ec0b0a9f85d4cd0acdf8f65235348eb.e3iSbxaKaheRe3eRa38MahaQbi1ynknvrkLOlQzNp65In0 HTTP/1.1" 200 2
201.245.192.253 - - [02/Dec/2023:21:12:38 -0500] "POST /forms/lservlet;jsessionid=ac16012b30d66bd79d5a81354b569b64ca0b03586396.e3iSbxaKaheRe3eRa38MahaQbi1ynknvrkLOlQzNp65In0 HTTP/1.1" 200 2
173.252.127.6 - - [02/Dec/2023:21:12:39 -0500] "GET /feria-de-negocios-verdes-hecho-en-bogoti-emprendedores-comprometidos-con-el-medioambiente.html HTTP/1.1" 200 776
216.245.221.92 - - [02/Dec/2023:21:13:16 -0500] "HEAD / HTTP/1.1" 200 -
172.22.2.4 - - [02/Dec/2023:21:13:34 -0500] "GET /BLA/boletinlegal/normativa.php HTTP/1.1" 200 8343
201.245.192.253 - - [02/Dec/2023:21:14:13 -0500] "POST /kwsrmcab/Wsrmcab  HTTP/1.1" 200 41956
201.245.192.253 - - [02/Dec/2023:21:14:21 -0500] "POST /forms/lservlet;jsessionid=ac16012b30d64ec0b0a9f85d4cd0acdf8f65235348eb.e3iSbxaKaheRe3eRa38MahaQbi1ynknvrkLOlQzNp65In0 HTTP/1.1" 200 2
172.22.2.4 - - [02/Dec/2023:21:12:51 -0500] "HEAD /BLA/boletinlegal/ HTTP/1.1" 200 -
201.245.192.253 - - [02/Dec/2023:21:14:38 -0500] "POST /forms/lservlet;jsessionid=ac16012b30d66bd79d5a81354b569b64ca0b03586396.e3iSbxaKaheRe3eRa38MahaQbi1ynknvrkLOlQzNp65In0 HTTP/1.1" 200 2
172.22.2.4 - - [02/Dec/2023:21:13:41 -0500] "GET /BLA/boletinlegal/ HTTP/1.1" 200 58644
186.102.8.230 - - [02/Dec/2023:21:15:53 -0500] "-" 408 -
52.167.144.235 - - [02/Dec/2023:21:16:01 -0500] "GET /BLA/resoluciones/index.php HTTP/1.1" 200 13696
201.245.192.253 - - [02/Dec/2023:21:16:21 -0500] "POST /forms/lservlet;jsessionid=ac16012b30d64ec0b0a9f85d4cd0acdf8f65235348eb.e3iSbxaKaheRe3eRa38MahaQbi1ynknvrkLOlQzNp65In0 HTTP/1.1" 200 2
201.245.192.253 - - [02/Dec/2023:21:16:38 -0500] "POST /forms/lservlet;jsessionid=ac16012b30d66bd79d5a81354b569b64ca0b03586396.e3iSbxaKaheRe3eRa38MahaQbi1ynknvrkLOlQzNp65In0 HTTP/1.1" 200 2
201.245.192.253 - - [02/Dec/2023:21:16:59 -0500] "POST /kwsrmcab/Wsrmcab HTTP/1.1" 200 41280
201.245.192.253 - - [02/Dec/2023:21:17:03 -0500] "POST /kwsrmcab/Wsrmcab HTTP/1.1" 200 36797
216.245.221.92 - - [02/Dec/2023:21:18:16 -0500] "HEAD / HTTP/1.1" 200 -
201.245.192.253 - - [02/Dec/2023:21:18:21 -0500] "POST /forms/lservlet;jsessionid=ac16012b30d64ec0b0a9f85d4cd0acdf8f65235348eb.e3iSbxaKaheRe3eRa38MahaQbi1ynknvrkLOlQzNp65In0 HTTP/1.1" 200 2
201.245.192.253 - - [02/Dec/2023:21:18:38 -0500] "POST /forms/lservlet;jsessionid=ac16012b30d66bd79d5a81354b569b64ca0b03586396.e3iSbxaKaheRe3eRa38MahaQbi1ynknvrkLOlQzNp65In0 HTTP/1.1" 200 2
172.22.2.4 - - [02/Dec/2023:21:18:40 -0500] "GET /BLA/boletinlegal/actos.php HTTP/1.1" 200 9682
201.244.116.161 - - [02/Dec/2023:21:18:42 -0500] "GET /BLA/resoluciones/ HTTP/1.1" 200 13696
201.244.116.161 - - [02/Dec/2023:21:18:45 -0500] "GET /BLA/resoluciones/index.php?dir=AUTOS+2012%2F HTTP/1.1" 200 276804
66.249.66.20 - - [02/Dec/2023:21:19:11 -0500] "GET /BLA/resoluciones/AUTOS%202014/1441.pdf HTTP/1.1" 200 1230439
201.245.192.253 - - [02/Dec/2023:21:19:12 -0500] "POST /kwsrmcab/Wsrmcab  HTTP/1.1" 200 41956
172.22.2.4 - - [02/Dec/2023:21:18:39 -0500] "GET /BLA/boletinlegal/ HTTP/1.1" 200 24523
201.244.116.161 - - [02/Dec/2023:21:19:21 -0500] "GET /BLA/resoluciones/AUTOS%202012/1565.pdf HTTP/1.1" 200 281330
40.77.167.22 - - [02/Dec/2023:21:19:44 -0500] "GET /BLA/resoluciones/AUTOS%202013/0460.pdf HTTP/1.1" 200 398623
172.22.2.4 - - [02/Dec/2023:21:18:40 -0500] "HEAD /BLA/boletinlegal/ HTTP/1.1" 200 -
201.245.192.253 - - [02/Dec/2023:21:20:21 -0500] "POST /forms/lservlet;jsessionid=ac16012b30d64ec0b0a9f85d4cd0acdf8f65235348eb.e3iSbxaKaheRe3eRa38MahaQbi1ynknvrkLOlQzNp65In0 HTTP/1.1" 200 2
201.245.192.253 - - [02/Dec/2023:21:20:38 -0500] "POST /forms/lservlet;jsessionid=ac16012b30d66bd79d5a81354b569b64ca0b03586396.e3iSbxaKaheRe3eRa38MahaQbi1ynknvrkLOlQzNp65In0 HTTP/1.1" 200 2
201.245.192.253 - - [02/Dec/2023:21:20:38 -0500] "POST /kwsrmcab/Wsrmcab HTTP/1.1" 200 41280
201.245.192.253 - - [02/Dec/2023:21:20:46 -0500] "POST /kwsrmcab/Wsrmcab HTTP/1.1" 200 36797
172.22.2.4 - - [02/Dec/2023:21:19:31 -0500] "GET /BLA/boletinlegal/ HTTP/1.1" 200 61018
201.245.192.253 - - [02/Dec/2023:21:22:21 -0500] "POST /forms/lservlet;jsessionid=ac16012b30d64ec0b0a9f85d4cd0acdf8f65235348eb.e3iSbxaKaheRe3eRa38MahaQbi1ynknvrkLOlQzNp65In0 HTTP/1.1" 200 2
201.245.192.253 - - [02/Dec/2023:21:22:38 -0500] "POST /forms/lservlet;jsessionid=ac16012b30d66bd79d5a81354b569b64ca0b03586396.e3iSbxaKaheRe3eRa38MahaQbi1ynknvrkLOlQzNp65In0 HTTP/1.1" 200 2
27.44.203.6 - - [02/Dec/2023:21:22:40 -0500] "GET /galeria/galeria/fotos/MeandrodelSay3P.jpg HTTP/1.1" 200 32353
216.245.221.92 - - [02/Dec/2023:21:23:16 -0500] "HEAD / HTTP/1.1" 200 -
51.222.253.18 - - [02/Dec/2023:21:23:20 -0500] "GET /robots.txt HTTP/1.1" 404 1018
201.245.192.253 - - [02/Dec/2023:21:24:11 -0500] "POST /kwsrmcab/Wsrmcab  HTTP/1.1" 200 41956
201.245.192.253 - - [02/Dec/2023:21:24:21 -0500] "POST /forms/lservlet;jsessionid=ac16012b30d64ec0b0a9f85d4cd0acdf8f65235348eb.e3iSbxaKaheRe3eRa38MahaQbi1ynknvrkLOlQzNp65In0 HTTP/1.1" 200 2
201.245.192.253 - - [02/Dec/2023:21:24:38 -0500] "POST /forms/lservlet;jsessionid=ac16012b30d66bd79d5a81354b569b64ca0b03586396.e3iSbxaKaheRe3eRa38MahaQbi1ynknvrkLOlQzNp65In0 HTTP/1.1" 200 2
66.249.66.20 - - [02/Dec/2023:21:24:41 -0500] "GET /BLA/resoluciones/AUTOS%202017/0803.pdf HTTP/1.1" 200 466555
172.22.2.4 - - [02/Dec/2023:21:24:30 -0500] "HEAD /BLA/boletinlegal/ HTTP/1.1" 200 -
201.245.192.253 - - [02/Dec/2023:21:26:21 -0500] "POST /forms/lservlet;jsessionid=ac16012b30d64ec0b0a9f85d4cd0acdf8f65235348eb.e3iSbxaKaheRe3eRa38MahaQbi1ynknvrkLOlQzNp65In0 HTTP/1.1" 200 2
201.245.192.253 - - [02/Dec/2023:21:26:38 -0500] "POST /forms/lservlet;jsessionid=ac16012b30d66bd79d5a81354b569b64ca0b03586396.e3iSbxaKaheRe3eRa38MahaQbi1ynknvrkLOlQzNp65In0 HTTP/1.1" 200 2
172.22.2.4 - - [02/Dec/2023:21:25:21 -0500] "GET /BLA/boletinlegal/ HTTP/1.1" 200 60634
201.245.192.253 - - [02/Dec/2023:21:26:59 -0500] "POST /kwsrmcab/Wsrmcab HTTP/1.1" 200 41280
201.245.192.253 - - [02/Dec/2023:21:27:03 -0500] "POST /kwsrmcab/Wsrmcab HTTP/1.1" 200 36797
216.245.221.92 - - [02/Dec/2023:21:28:16 -0500] "HEAD / HTTP/1.1" 200 -
201.245.192.253 - - [02/Dec/2023:21:28:21 -0500] "POST /forms/lservlet;jsessionid=ac16012b30d64ec0b0a9f85d4cd0acdf8f65235348eb.e3iSbxaKaheRe3eRa38MahaQbi1ynknvrkLOlQzNp65In0 HTTP/1.1" 200 2
201.245.192.253 - - [02/Dec/2023:21:28:38 -0500] "POST /forms/lservlet;jsessionid=ac16012b30d66bd79d5a81354b569b64ca0b03586396.e3iSbxaKaheRe3eRa38MahaQbi1ynknvrkLOlQzNp65In0 HTTP/1.1" 200 2
207.46.13.107 - - [02/Dec/2023:21:28:50 -0500] "GET /BLA/resoluciones/AUTOS%202021/4129.pdf HTTP/1.1" 304 -
201.245.192.253 - - [02/Dec/2023:21:29:10 -0500] "POST /kwsrmcab/Wsrmcab  HTTP/1.1" 200 41956
66.249.66.19 - - [02/Dec/2023:21:29:25 -0500] "GET /BLA/resoluciones/AUTOS%202015/4652.pdf HTTP/1.1" 200 622379
201.245.192.253 - - [02/Dec/2023:21:30:21 -0500] "POST /forms/lservlet;jsessionid=ac16012b30d64ec0b0a9f85d4cd0acdf8f65235348eb.e3iSbxaKaheRe3eRa38MahaQbi1ynknvrkLOlQzNp65In0 HTTP/1.1" 200 2
201.245.192.253 - - [02/Dec/2023:21:30:38 -0500] "POST /forms/lservlet;jsessionid=ac16012b30d66bd79d5a81354b569b64ca0b03586396.e3iSbxaKaheRe3eRa38MahaQbi1ynknvrkLOlQzNp65In0 HTTP/1.1" 200 2
201.245.192.253 - - [02/Dec/2023:21:30:38 -0500] "POST /kwsrmcab/Wsrmcab HTTP/1.1" 200 41280
201.245.192.253 - - [02/Dec/2023:21:30:47 -0500] "POST /kwsrmcab/Wsrmcab HTTP/1.1" 200 36797
66.249.66.21 - - [02/Dec/2023:21:31:26 -0500] "GET /BLA/resoluciones/Autos%202008/1990.pdf HTTP/1.1" 200 99269
172.22.2.4 - - [02/Dec/2023:21:30:21 -0500] "HEAD /BLA/boletinlegal/ HTTP/1.1" 200 -
66.249.66.21 - - [02/Dec/2023:21:32:06 -0500] "GET /BLA/resoluciones/Notificaciones/AUTOS%202021/3327.pdf HTTP/1.1" 200 368043
201.245.192.253 - - [02/Dec/2023:21:32:21 -0500] "POST /forms/lservlet;jsessionid=ac16012b30d64ec0b0a9f85d4cd0acdf8f65235348eb.e3iSbxaKaheRe3eRa38MahaQbi1ynknvrkLOlQzNp65In0 HTTP/1.1" 200 2
201.245.192.253 - - [02/Dec/2023:21:32:38 -0500] "POST /forms/lservlet;jsessionid=ac16012b30d66bd79d5a81354b569b64ca0b03586396.e3iSbxaKaheRe3eRa38MahaQbi1ynknvrkLOlQzNp65In0 HTTP/1.1" 200 2
66.249.66.20 - - [02/Dec/2023:21:32:40 -0500] "GET /BLA/resoluciones/AUTOS%202015/7016.pdf HTTP/1.1" 200 503791
66.249.65.6 - - [02/Dec/2023:21:32:51 -0500] "GET /distrito-firmo-resolucion-de-etiquetado-vehicular-ambiental-herramienta-para-clasificar-vehiculos-segun-sus-niveles-de-emisiones.html HTTP/1.1" 200 841
172.22.2.4 - - [02/Dec/2023:21:31:12 -0500] "GET /BLA/boletinlegal/ HTTP/1.1" 200 61018
216.245.221.92 - - [02/Dec/2023:21:33:16 -0500] "HEAD / HTTP/1.1" 200 -
201.245.192.253 - - [02/Dec/2023:21:34:08 -0500] "POST /kwsrmcab/Wsrmcab  HTTP/1.1" 200 41956
201.245.192.253 - - [02/Dec/2023:21:34:21 -0500] "POST /forms/lservlet;jsessionid=ac16012b30d64ec0b0a9f85d4cd0acdf8f65235348eb.e3iSbxaKaheRe3eRa38MahaQbi1ynknvrkLOlQzNp65In0 HTTP/1.1" 200 2
66.249.66.20 - - [02/Dec/2023:21:34:29 -0500] "GET /BLA/resoluciones/Notificaciones/AUTOS%202021/4861.pdf HTTP/1.1" 200 313350
201.245.192.253 - - [02/Dec/2023:21:34:38 -0500] "POST /forms/lservlet;jsessionid=ac16012b30d66bd79d5a81354b569b64ca0b03586396.e3iSbxaKaheRe3eRa38MahaQbi1ynknvrkLOlQzNp65In0 HTTP/1.1" 200 2
172.22.2.4 - - [02/Dec/2023:21:34:26 -0500] "GET /BLA/boletinlegal/ HTTP/1.1" 200 62729
201.245.192.253 - - [02/Dec/2023:21:36:21 -0500] "POST /forms/lservlet;jsessionid=ac16012b30d64ec0b0a9f85d4cd0acdf8f65235348eb.e3iSbxaKaheRe3eRa38MahaQbi1ynknvrkLOlQzNp65In0 HTTP/1.1" 200 2
17.241.219.209 - - [02/Dec/2023:21:36:33 -0500] "GET /robots.txt HTTP/1.1" 404 1034
17.241.219.209 - - [02/Dec/2023:21:36:34 -0500] "GET /presentamos-las-nuevas-herramientas-de-la-secretaria-de-ambiente-para-analizar-y-monitorear-los-rios-de-bogota.html HTTP/1.1" 200 905
201.245.192.253 - - [02/Dec/2023:21:36:38 -0500] "POST /forms/lservlet;jsessionid=ac16012b30d66bd79d5a81354b569b64ca0b03586396.e3iSbxaKaheRe3eRa38MahaQbi1ynknvrkLOlQzNp65In0 HTTP/1.1" 200 2
201.245.192.253 - - [02/Dec/2023:21:36:59 -0500] "POST /kwsrmcab/Wsrmcab HTTP/1.1" 200 41280
201.245.192.253 - - [02/Dec/2023:21:37:02 -0500] "POST /kwsrmcab/Wsrmcab HTTP/1.1" 200 36797
172.22.2.4 - - [02/Dec/2023:21:36:11 -0500] "HEAD /BLA/boletinlegal/ HTTP/1.1" 200 -
173.252.79.9 - - [02/Dec/2023:21:37:56 -0500] "GET /images/presentaci\xc3\xb3n%20convenci\xc3\xb3n.jpg HTTP/1.1" 404 1034
216.245.221.92 - - [02/Dec/2023:21:38:16 -0500] "HEAD / HTTP/1.1" 200 -
201.245.192.253 - - [02/Dec/2023:21:38:21 -0500] "POST /forms/lservlet;jsessionid=ac16012b30d64ec0b0a9f85d4cd0acdf8f65235348eb.e3iSbxaKaheRe3eRa38MahaQbi1ynknvrkLOlQzNp65In0 HTTP/1.1" 200 2
172.22.2.4 - - [02/Dec/2023:21:38:32 -0500] "GET /BLA/boletinlegal/Circulares/2019/.pdf HTTP/1.1" 404 1218
201.245.192.253 - - [02/Dec/2023:21:38:38 -0500] "POST /forms/lservlet;jsessionid=ac16012b30d66bd79d5a81354b569b64ca0b03586396.e3iSbxaKaheRe3eRa38MahaQbi1ynknvrkLOlQzNp65In0 HTTP/1.1" 200 2
172.22.2.4 - - [02/Dec/2023:21:38:40 -0500] "GET /BLA/boletinlegal/Circulares/2012/Circular%20No.%2010%20del%2026%20de%20Enero%20de%202012.pdf HTTP/1.1" 404 1218
172.22.2.4 - - [02/Dec/2023:21:37:02 -0500] "GET /BLA/boletinlegal/ HTTP/1.1" 200 55399
201.245.192.253 - - [02/Dec/2023:21:39:07 -0500] "POST /kwsrmcab/Wsrmcab  HTTP/1.1" 200 41956
66.249.66.19 - - [02/Dec/2023:21:39:23 -0500] "GET /BLA/resoluciones/AUTOS%202016/2174.pdf HTTP/1.1" 200 504144
40.77.167.255 - - [02/Dec/2023:21:39:33 -0500] "GET /BLA/resoluciones/AUTOS%202013/2683.pdf HTTP/1.1" 200 2178569
201.245.192.253 - - [02/Dec/2023:21:40:21 -0500] "POST /forms/lservlet;jsessionid=ac16012b30d64ec0b0a9f85d4cd0acdf8f65235348eb.e3iSbxaKaheRe3eRa38MahaQbi1ynknvrkLOlQzNp65In0 HTTP/1.1" 200 2
201.245.192.253 - - [02/Dec/2023:21:40:38 -0500] "POST /forms/lservlet;jsessionid=ac16012b30d66bd79d5a81354b569b64ca0b03586396.e3iSbxaKaheRe3eRa38MahaQbi1ynknvrkLOlQzNp65In0 HTTP/1.1" 200 2
201.245.192.253 - - [02/Dec/2023:21:40:38 -0500] "POST /kwsrmcab/Wsrmcab HTTP/1.1" 200 41280
201.245.192.253 - - [02/Dec/2023:21:40:47 -0500] "POST /kwsrmcab/Wsrmcab HTTP/1.1" 200 36797
40.77.167.76 - - [02/Dec/2023:21:41:09 -0500] "GET /portaldeninos/parque-ecologico-distrital-humedal-santa-maria-del-lago/ HTTP/1.1" 200 90199
31.13.127.2 - - [02/Dec/2023:21:41:16 -0500] "GET /15-negocios-verdes-verificados-por-la-secretaria-de-ambiente-participan-en-la-feria-hecho-en-bogota.html HTTP/1.1" 200 1007
40.77.167.63 - - [02/Dec/2023:21:42:09 -0500] "GET /portaldeninos/parque-ecologico-distrital-humedal-santa-maria-del-lago/ HTTP/1.1" 200 90199
66.249.66.21 - - [02/Dec/2023:21:42:12 -0500] "GET /BLA/resoluciones/RESOLUCIONES%202010/6504.pdf HTTP/1.1" 200 176888
201.245.192.253 - - [02/Dec/2023:21:42:21 -0500] "POST /forms/lservlet;jsessionid=ac16012b30d64ec0b0a9f85d4cd0acdf8f65235348eb.e3iSbxaKaheRe3eRa38MahaQbi1ynknvrkLOlQzNp65In0 HTTP/1.1" 200 2
162.216.150.125 - - [02/Dec/2023:21:42:22 -0500] "GET / HTTP/1.1" 200 319
201.245.192.253 - - [02/Dec/2023:21:42:38 -0500] "POST /forms/lservlet;jsessionid=ac16012b30d66bd79d5a81354b569b64ca0b03586396.e3iSbxaKaheRe3eRa38MahaQbi1ynknvrkLOlQzNp65In0 HTTP/1.1" 200 2
173.252.107.7 - - [02/Dec/2023:21:43:02 -0500] "GET /bogota-tendra-una-nueva-reciclaton-empresarial.html HTTP/1.1" 200 886
173.252.107.8 - - [02/Dec/2023:21:43:02 -0500] "GET /somos-pioneros-en-la-inclusion-de-los-animales-de-compania-en-protocolos-de-emergencia.html HTTP/1.1" 200 1373
173.252.83.116 - - [02/Dec/2023:21:43:02 -0500] "GET /images/reciclaton-mayo-3-mayo.jpg HTTP/1.1" 200 278453
69.171.231.8 - - [02/Dec/2023:21:43:02 -0500] "GET /images/Animales1.jpeg HTTP/1.1" 200 76841
173.252.107.3 - - [02/Dec/2023:21:43:03 -0500] "GET /distrito-academia-y-sector-privado-plantaron-100-arboles-para-conmemorar-el-dia-de-la-tierra.html HTTP/1.1" 200 1066
173.252.95.12 - - [02/Dec/2023:21:43:04 -0500] "GET /images/actividades-dia-tierra-22-abril.jpg HTTP/1.1" 200 77276
173.252.107.9 - - [02/Dec/2023:21:43:04 -0500] "GET /images/actividades-dia-tierra-22-abril.jpg HTTP/1.1" 200 77276
31.13.127.11 - - [02/Dec/2023:21:43:06 -0500] "GET /bogota-tendra-una-nueva-reciclaton-empresarial.html HTTP/1.1" 200 886
216.245.221.92 - - [02/Dec/2023:21:43:16 -0500] "HEAD / HTTP/1.1" 200 -
172.22.2.4 - - [02/Dec/2023:21:42:01 -0500] "HEAD /BLA/boletinlegal/ HTTP/1.1" 200 -
201.245.192.253 - - [02/Dec/2023:21:44:05 -0500] "POST /kwsrmcab/Wsrmcab  HTTP/1.1" 200 41956
201.245.192.253 - - [02/Dec/2023:21:44:21 -0500] "POST /forms/lservlet;jsessionid=ac16012b30d64ec0b0a9f85d4cd0acdf8f65235348eb.e3iSbxaKaheRe3eRa38MahaQbi1ynknvrkLOlQzNp65In0 HTTP/1.1" 200 2
172.22.2.4 - - [02/Dec/2023:21:42:52 -0500] "GET /BLA/boletinlegal/ HTTP/1.1" 200 60224
172.22.2.4 - - [02/Dec/2023:21:44:36 -0500] "GET /BLA/boletinlegal/actos.php HTTP/1.1" 200 9682
172.22.2.4 - - [02/Dec/2023:21:44:37 -0500] "GET /BLA/boletinlegal/favicon.ico HTTP/1.1" 404 1326
201.245.192.253 - - [02/Dec/2023:21:44:38 -0500] "POST /forms/lservlet;jsessionid=ac16012b30d66bd79d5a81354b569b64ca0b03586396.e3iSbxaKaheRe3eRa38MahaQbi1ynknvrkLOlQzNp65In0 HTTP/1.1" 200 2
200.118.80.38 - - [02/Dec/2023:21:44:53 -0500] "GET /BLA/resoluciones/ HTTP/1.1" 200 13696
200.118.80.38 - - [02/Dec/2023:21:44:53 -0500] "GET /BLA/resoluciones/dlf/folder.png HTTP/1.1" 200 410
200.118.80.38 - - [02/Dec/2023:21:44:53 -0500] "GET /BLA/resoluciones/dlf/styles.css HTTP/1.1" 200 3049
200.118.80.38 - - [02/Dec/2023:21:44:53 -0500] "GET /BLA/resoluciones/dlf/bg.gif HTTP/1.1" 200 54
200.118.80.38 - - [02/Dec/2023:21:45:00 -0500] "GET /BLA/resoluciones/index.php?dir=AUTOS+1997%2F HTTP/1.1" 200 2025
200.118.80.38 - - [02/Dec/2023:21:45:00 -0500] "GET /BLA/resoluciones/dlf/dirup.png HTTP/1.1" 200 644
200.118.80.38 - - [02/Dec/2023:21:45:00 -0500] "GET /BLA/resoluciones/dlf/unknown.png HTTP/1.1" 200 266
200.118.80.38 - - [02/Dec/2023:21:45:00 -0500] "GET /BLA/resoluciones/dlf/pdf.gif HTTP/1.1" 200 272
66.249.66.19 - - [02/Dec/2023:21:45:02 -0500] "GET /BLA/resoluciones/Notificaciones/AUTOS%202021/4915.pdf HTTP/1.1" 200 366281
200.118.80.38 - - [02/Dec/2023:21:45:06 -0500] "GET /BLA/resoluciones/index.php?dir= HTTP/1.1" 200 13696
200.118.80.38 - - [02/Dec/2023:21:45:08 -0500] "GET /BLA/resoluciones/index.php?dir=AUTOS+1997%2F HTTP/1.1" 200 2025
200.118.80.38 - - [02/Dec/2023:21:45:02 -0500] "GET /BLA/resoluciones/AUTOS%201997/portal-tullaveplus.tar HTTP/1.1" 200 1205176320
200.118.80.38 - - [02/Dec/2023:21:45:06 -0500] "GET /BLA/resoluciones/AUTOS%201997/portal-tullaveplus.tar HTTP/1.1" 200 1205176320
200.118.80.38 - - [02/Dec/2023:21:45:05 -0500] "GET /BLA/resoluciones/AUTOS%201997/portal-tullaveplus.tar HTTP/1.1" 200 1205176320
200.118.80.38 - - [02/Dec/2023:21:45:05 -0500] "GET /BLA/resoluciones/AUTOS%201997/portal-tullaveplus.tar HTTP/1.1" 200 1205176320
200.118.80.38 - - [02/Dec/2023:21:45:09 -0500] "GET /BLA/resoluciones/AUTOS%201997/portal-tullaveplus.tar HTTP/1.1" 200 1205176320
200.118.80.38 - - [02/Dec/2023:21:45:06 -0500] "GET /BLA/resoluciones/AUTOS%201997/portal-tullaveplus.tar HTTP/1.1" 200 1205176320
201.245.192.253 - - [02/Dec/2023:21:46:21 -0500] "POST /forms/lservlet;jsessionid=ac16012b30d64ec0b0a9f85d4cd0acdf8f65235348eb.e3iSbxaKaheRe3eRa38MahaQbi1ynknvrkLOlQzNp65In0 HTTP/1.1" 200 2
186.98.90.203 - - [02/Dec/2023:21:46:22 -0500] "POST /BLA/boletinlegal/admin/actos/ingresar.php HTTP/1.1" 200 7302
201.245.192.253 - - [02/Dec/2023:21:46:38 -0500] "POST /forms/lservlet;jsessionid=ac16012b30d66bd79d5a81354b569b64ca0b03586396.e3iSbxaKaheRe3eRa38MahaQbi1ynknvrkLOlQzNp65In0 HTTP/1.1" 200 2
172.22.2.4 - - [02/Dec/2023:21:47:27 -0500] "GET /BLA/boletinlegal/actos.php HTTP/1.1" 200 9682
216.245.221.92 - - [02/Dec/2023:21:48:16 -0500] "HEAD / HTTP/1.1" 200 -
201.245.192.253 - - [02/Dec/2023:21:48:21 -0500] "POST /forms/lservlet;jsessionid=ac16012b30d64ec0b0a9f85d4cd0acdf8f65235348eb.e3iSbxaKaheRe3eRa38MahaQbi1ynknvrkLOlQzNp65In0 HTTP/1.1" 200 2
201.245.192.253 - - [02/Dec/2023:21:48:38 -0500] "POST /forms/lservlet;jsessionid=ac16012b30d66bd79d5a81354b569b64ca0b03586396.e3iSbxaKaheRe3eRa38MahaQbi1ynknvrkLOlQzNp65In0 HTTP/1.1" 200 2
201.245.192.253 - - [02/Dec/2023:21:49:03 -0500] "POST /kwsrmcab/Wsrmcab  HTTP/1.1" 200 41956
172.22.2.4 - - [02/Dec/2023:21:47:51 -0500] "HEAD /BLA/boletinlegal/ HTTP/1.1" 200 -
52.167.144.182 - - [02/Dec/2023:21:50:17 -0500] "GET /BLA/resoluciones/AUTOS%202017/3267.pdf HTTP/1.1" 200 280366
172.22.2.4 - - [02/Dec/2023:21:50:17 -0500] "GET /BLA/boletinlegal/actos.php HTTP/1.1" 200 9682
201.245.192.253 - - [02/Dec/2023:21:50:21 -0500] "POST /forms/lservlet;jsessionid=ac16012b30d64ec0b0a9f85d4cd0acdf8f65235348eb.e3iSbxaKaheRe3eRa38MahaQbi1ynknvrkLOlQzNp65In0 HTTP/1.1" 200 2
172.22.2.4 - - [02/Dec/2023:21:48:42 -0500] "GET /BLA/boletinlegal/ HTTP/1.1" 200 58644
201.245.192.253 - - [02/Dec/2023:21:50:38 -0500] "POST /forms/lservlet;jsessionid=ac16012b30d66bd79d5a81354b569b64ca0b03586396.e3iSbxaKaheRe3eRa38MahaQbi1ynknvrkLOlQzNp65In0 HTTP/1.1" 200 2
200.118.80.38 - - [02/Dec/2023:21:45:09 -0500] "GET /BLA/resoluciones/AUTOS%201997/portal-tullaveplus.tar HTTP/1.1" 200 1205176320
201.245.192.253 - - [02/Dec/2023:21:52:21 -0500] "POST /forms/lservlet;jsessionid=ac16012b30d64ec0b0a9f85d4cd0acdf8f65235348eb.e3iSbxaKaheRe3eRa38MahaQbi1ynknvrkLOlQzNp65In0 HTTP/1.1" 200 2
201.245.192.253 - - [02/Dec/2023:21:52:38 -0500] "POST /forms/lservlet;jsessionid=ac16012b30d66bd79d5a81354b569b64ca0b03586396.e3iSbxaKaheRe3eRa38MahaQbi1ynknvrkLOlQzNp65In0 HTTP/1.1" 200 2
216.245.221.92 - - [02/Dec/2023:21:53:16 -0500] "HEAD / HTTP/1.1" 200 -
201.245.192.253 - - [02/Dec/2023:21:54:02 -0500] "POST /kwsrmcab/Wsrmcab  HTTP/1.1" 200 41956
201.245.192.253 - - [02/Dec/2023:21:54:21 -0500] "POST /forms/lservlet;jsessionid=ac16012b30d64ec0b0a9f85d4cd0acdf8f65235348eb.e3iSbxaKaheRe3eRa38MahaQbi1ynknvrkLOlQzNp65In0 HTTP/1.1" 200 2
201.245.192.253 - - [02/Dec/2023:21:54:38 -0500] "POST /forms/lservlet;jsessionid=ac16012b30d66bd79d5a81354b569b64ca0b03586396.e3iSbxaKaheRe3eRa38MahaQbi1ynknvrkLOlQzNp65In0 HTTP/1.1" 200 2
172.22.2.4 - - [02/Dec/2023:21:53:41 -0500] "HEAD /BLA/boletinlegal/ HTTP/1.1" 200 -
52.167.144.181 - - [02/Dec/2023:21:55:47 -0500] "GET /BLA/resoluciones/AUTOS%202013/3641.pdf HTTP/1.1" 200 663497
186.98.90.203 - - [02/Dec/2023:21:56:05 -0500] "POST /BLA/boletinlegal/admin/actos/ingresar.php HTTP/1.1" 200 7302
172.22.2.4 - - [02/Dec/2023:21:54:32 -0500] "GET /BLA/boletinlegal/ HTTP/1.1" 200 60634
201.245.192.253 - - [02/Dec/2023:21:56:21 -0500] "POST /forms/lservlet;jsessionid=ac16012b30d64ec0b0a9f85d4cd0acdf8f65235348eb.e3iSbxaKaheRe3eRa38MahaQbi1ynknvrkLOlQzNp65In0 HTTP/1.1" 200 2
201.245.192.253 - - [02/Dec/2023:21:56:38 -0500] "POST /forms/lservlet;jsessionid=ac16012b30d66bd79d5a81354b569b64ca0b03586396.e3iSbxaKaheRe3eRa38MahaQbi1ynknvrkLOlQzNp65In0 HTTP/1.1" 200 2
216.245.221.92 - - [02/Dec/2023:21:58:17 -0500] "HEAD / HTTP/1.1" 200 -
201.245.192.253 - - [02/Dec/2023:21:58:21 -0500] "POST /forms/lservlet;jsessionid=ac16012b30d64ec0b0a9f85d4cd0acdf8f65235348eb.e3iSbxaKaheRe3eRa38MahaQbi1ynknvrkLOlQzNp65In0 HTTP/1.1" 200 2
201.245.192.253 - - [02/Dec/2023:21:58:38 -0500] "POST /forms/lservlet;jsessionid=ac16012b30d66bd79d5a81354b569b64ca0b03586396.e3iSbxaKaheRe3eRa38MahaQbi1ynknvrkLOlQzNp65In0 HTTP/1.1" 200 2
186.29.165.62 - - [02/Dec/2023:21:58:50 -0500] "GET /BLA/resoluciones/index.php?dir=AUTOS+2014%2F HTTP/1.1" 200 891340
201.245.192.253 - - [02/Dec/2023:21:59:01 -0500] "POST /kwsrmcab/Wsrmcab  HTTP/1.1" 200 41956
186.29.165.62 - - [02/Dec/2023:21:59:11 -0500] "GET /BLA/resoluciones/AUTOS%202014/3744.pdf HTTP/1.1" 200 511779
186.29.165.62 - - [02/Dec/2023:21:59:11 -0500] "GET /BLA/resoluciones/AUTOS%202014/3744.pdf HTTP/1.1" 206 1025
186.29.165.62 - - [02/Dec/2023:21:59:11 -0500] "GET /BLA/resoluciones/AUTOS%202014/3744.pdf HTTP/1.1" 200 511779
201.245.192.253 - - [02/Dec/2023:22:00:21 -0500] "POST /forms/lservlet;jsessionid=ac16012b30d64ec0b0a9f85d4cd0acdf8f65235348eb.e3iSbxaKaheRe3eRa38MahaQbi1ynknvrkLOlQzNp65In0 HTTP/1.1" 200 2
186.29.165.62 - - [02/Dec/2023:22:00:25 -0500] "GET /BLA/resoluciones/index.php?dir=RESOLUCIONES+2022%2F HTTP/1.1" 200 324029
201.245.192.253 - - [02/Dec/2023:22:00:38 -0500] "POST /forms/lservlet;jsessionid=ac16012b30d66bd79d5a81354b569b64ca0b03586396.e3iSbxaKaheRe3eRa38MahaQbi1ynknvrkLOlQzNp65In0 HTTP/1.1" 200 2
186.29.165.62 - - [02/Dec/2023:22:01:00 -0500] "GET /BLA/resoluciones/index.php?dir=AUTOS+2022%2F HTTP/1.1" 200 508952
186.29.165.62 - - [02/Dec/2023:22:01:10 -0500] "GET /BLA/resoluciones/AUTOS%202022/3099.pdf HTTP/1.1" 200 346642
186.29.165.62 - - [02/Dec/2023:22:01:10 -0500] "GET /BLA/resoluciones/AUTOS%202022/3099.pdf HTTP/1.1" 200 346642
186.29.165.62 - - [02/Dec/2023:22:01:10 -0500] "GET /BLA/resoluciones/AUTOS%202022/3099.pdf HTTP/1.1" 206 1025
172.22.2.4 - - [02/Dec/2023:21:59:31 -0500] "HEAD /BLA/boletinlegal/ HTTP/1.1" 200 -
52.167.144.180 - - [02/Dec/2023:22:01:56 -0500] "GET /BLA/resoluciones/AUTOS%202013/0169.pdf HTTP/1.1" 200 1163267
52.167.144.180 - - [02/Dec/2023:22:01:57 -0500] "GET /BLA/resoluciones/RESOLUCIONES%202023/0479.pdf HTTP/1.1" 304 -
172.22.2.4 - - [02/Dec/2023:22:00:22 -0500] "GET /BLA/boletinlegal/ HTTP/1.1" 200 60634
201.245.192.253 - - [02/Dec/2023:22:02:21 -0500] "POST /forms/lservlet;jsessionid=ac16012b30d64ec0b0a9f85d4cd0acdf8f65235348eb.e3iSbxaKaheRe3eRa38MahaQbi1ynknvrkLOlQzNp65In0 HTTP/1.1" 200 2
69.171.249.118 - - [02/Dec/2023:22:02:29 -0500] "GET /images/Zorro%20cangrejero.jpg HTTP/1.1" 200 40050
201.245.192.253 - - [02/Dec/2023:22:02:38 -0500] "POST /forms/lservlet;jsessionid=ac16012b30d66bd79d5a81354b569b64ca0b03586396.e3iSbxaKaheRe3eRa38MahaQbi1ynknvrkLOlQzNp65In0 HTTP/1.1" 200 2
181.56.115.30 - - [02/Dec/2023:22:03:02 -0500] "GET /appsia/controlador HTTP/1.1" 200 4799
181.56.115.30 - - [02/Dec/2023:22:03:08 -0500] "GET /sipse/faces/faces/autenticacion.xhtml HTTP/1.1" 200 12414
181.56.115.30 - - [02/Dec/2023:22:03:08 -0500] "GET /sipse/js/disable_browser_buttons.js HTTP/1.1" 200 3230
181.56.115.30 - - [02/Dec/2023:22:03:08 -0500] "GET /sipse/js/funciones.js HTTP/1.1" 200 12592
181.56.115.30 - - [02/Dec/2023:22:03:08 -0500] "GET /sipse/css/custom_css_sg.css HTTP/1.1" 200 9694
181.56.115.30 - - [02/Dec/2023:22:03:08 -0500] "GET /sipse/css/custom_css_sg_prime_login.css HTTP/1.1" 200 443
181.56.115.30 - - [02/Dec/2023:22:03:08 -0500] "GET /sipse/faces/javax.faces.resource/theme.css?ln=primefaces-sipse HTTP/1.1" 304 -
181.56.115.30 - - [02/Dec/2023:22:03:08 -0500] "GET /sipse/faces/javax.faces.resource/primefaces.css?ln=primefaces&v=4.0 HTTP/1.1" 304 -
181.56.115.30 - - [02/Dec/2023:22:03:08 -0500] "GET /sipse/faces/javax.faces.resource/layout/layout.css?ln=primefaces&v=4.0 HTTP/1.1" 304 -
181.56.115.30 - - [02/Dec/2023:22:03:08 -0500] "GET /sipse/faces/javax.faces.resource/jquery/jquery.js?ln=primefaces&v=4.0 HTTP/1.1" 304 -
181.56.115.30 - - [02/Dec/2023:22:03:08 -0500] "GET /sipse/faces/javax.faces.resource/primefaces.js?ln=primefaces&v=4.0 HTTP/1.1" 304 -
181.56.115.30 - - [02/Dec/2023:22:03:08 -0500] "GET /sipse/faces/javax.faces.resource/layout/layout.js?ln=primefaces&v=4.0 HTTP/1.1" 304 -
181.56.115.30 - - [02/Dec/2023:22:03:08 -0500] "GET /sipse/faces/javax.faces.resource/jquery/jquery-plugins.js?ln=primefaces&v=4.0 HTTP/1.1" 304 -
181.56.115.30 - - [02/Dec/2023:22:03:08 -0500] "GET /sipse/css/imagen/logoSDG.png HTTP/1.1" 200 53064
181.56.115.30 - - [02/Dec/2023:22:03:08 -0500] "GET /sipse/faces/javax.faces.resource/images/ui-icons_898989_256x240.png?ln=primefaces-aristo HTTP/1.1" 304 -
181.56.115.30 - - [02/Dec/2023:22:03:08 -0500] "GET /sipse/css/imagen/loginimg.png HTTP/1.1" 200 71635
181.56.115.30 - - [02/Dec/2023:22:03:08 -0500] "GET /sipse/faces/faces/index.xhtml HTTP/1.1" 200 677
181.56.115.30 - - [02/Dec/2023:22:03:08 -0500] "GET /sipse/faces/javax.faces.resource/theme.css?ln=primefaces-sipse HTTP/1.1" 304 -
181.56.115.30 - - [02/Dec/2023:22:03:09 -0500] "GET /sipse/faces/faces/faces/autenticacion.xhtml HTTP/1.1" 200 12414
181.56.115.30 - - [02/Dec/2023:22:03:09 -0500] "GET /sipse/faces/javax.faces.resource/layout/layout.css?ln=primefaces&v=4.0 HTTP/1.1" 304 -
181.56.115.30 - - [02/Dec/2023:22:03:09 -0500] "GET /sipse/faces/javax.faces.resource/primefaces.css?ln=primefaces&v=4.0 HTTP/1.1" 304 -
181.56.115.30 - - [02/Dec/2023:22:03:09 -0500] "GET /sipse/faces/javax.faces.resource/theme.css?ln=primefaces-sipse HTTP/1.1" 304 -
181.56.115.30 - - [02/Dec/2023:22:03:09 -0500] "GET /sipse/faces/javax.faces.resource/primefaces.js?ln=primefaces&v=4.0 HTTP/1.1" 304 -
181.56.115.30 - - [02/Dec/2023:22:03:09 -0500] "GET /sipse/faces/javax.faces.resource/jquery/jquery.js?ln=primefaces&v=4.0 HTTP/1.1" 304 -
181.56.115.30 - - [02/Dec/2023:22:03:09 -0500] "GET /sipse/faces/javax.faces.resource/jquery/jquery-plugins.js?ln=primefaces&v=4.0 HTTP/1.1" 304 -
181.56.115.30 - - [02/Dec/2023:22:03:09 -0500] "GET /sipse/faces/javax.faces.resource/layout/layout.js?ln=primefaces&v=4.0 HTTP/1.1" 304 -
181.56.115.30 - - [02/Dec/2023:22:03:14 -0500] "POST /sipse/faces/autenticacion.xhtml HTTP/1.1" 200 16285
181.56.115.30 - - [02/Dec/2023:22:03:15 -0500] "GET /sipse/css/custom_css_sg_prime.css HTTP/1.1" 200 5201
181.56.115.30 - - [02/Dec/2023:22:03:15 -0500] "GET /sipse/faces/javax.faces.resource/theme.css?ln=primefaces-sipse HTTP/1.1" 304 -
181.56.115.30 - - [02/Dec/2023:22:03:15 -0500] "GET /sipse/faces/javax.faces.resource/layout/layout.css?ln=primefaces&v=4.0 HTTP/1.1" 304 -
181.56.115.30 - - [02/Dec/2023:22:03:15 -0500] "GET /sipse/faces/javax.faces.resource/primefaces.css?ln=primefaces&v=4.0 HTTP/1.1" 304 -
181.56.115.30 - - [02/Dec/2023:22:03:15 -0500] "GET /sipse/js/jquery.min.js HTTP/1.1" 200 85582
181.56.115.30 - - [02/Dec/2023:22:03:15 -0500] "GET /sipse/faces/javax.faces.resource/jquery/jquery.js?ln=primefaces&v=4.0 HTTP/1.1" 304 -
181.56.115.30 - - [02/Dec/2023:22:03:15 -0500] "GET /sipse/faces/javax.faces.resource/jquery/jquery-plugins.js?ln=primefaces&v=4.0 HTTP/1.1" 304 -
181.56.115.30 - - [02/Dec/2023:22:03:15 -0500] "GET /sipse/faces/javax.faces.resource/primefaces.js?ln=primefaces&v=4.0 HTTP/1.1" 304 -
181.56.115.30 - - [02/Dec/2023:22:03:15 -0500] "GET /sipse/faces/javax.faces.resource/layout/layout.js?ln=primefaces&v=4.0 HTTP/1.1" 304 -
181.56.115.30 - - [02/Dec/2023:22:03:15 -0500] "GET /sipse/css/v_mergente.css HTTP/1.1" 200 1505
181.56.115.30 - - [02/Dec/2023:22:03:15 -0500] "GET /sipse/css/imagen/contrasena.png HTTP/1.1" 404 383
181.56.115.30 - - [02/Dec/2023:22:03:15 -0500] "GET /sipse/imagenes/cargando.gif HTTP/1.1" 200 36959
181.56.115.30 - - [02/Dec/2023:22:03:15 -0500] "GET /sipse/faces/javax.faces.resource/messages/messages.png?ln=primefaces&v=4.0 HTTP/1.1" 304 -
181.56.115.30 - - [02/Dec/2023:22:03:15 -0500] "GET /sipse/imagenes/logoAplicacion.jpg HTTP/1.1" 200 155084
216.245.221.92 - - [02/Dec/2023:22:03:16 -0500] "HEAD / HTTP/1.1" 200 -
66.249.66.20 - - [02/Dec/2023:22:03:33 -0500] "GET /BLA/resoluciones/AUTOS%202011/4089.pdf HTTP/1.1" 200 2175151
201.245.192.253 - - [02/Dec/2023:22:04:00 -0500] "POST /kwsrmcab/Wsrmcab  HTTP/1.1" 200 41956
201.245.192.253 - - [02/Dec/2023:22:04:21 -0500] "POST /forms/lservlet;jsessionid=ac16012b30d64ec0b0a9f85d4cd0acdf8f65235348eb.e3iSbxaKaheRe3eRa38MahaQbi1ynknvrkLOlQzNp65In0 HTTP/1.1" 200 2
201.245.192.253 - - [02/Dec/2023:22:04:38 -0500] "POST /forms/lservlet;jsessionid=ac16012b30d66bd79d5a81354b569b64ca0b03586396.e3iSbxaKaheRe3eRa38MahaQbi1ynknvrkLOlQzNp65In0 HTTP/1.1" 200 2
157.55.39.62 - - [02/Dec/2023:22:04:41 -0500] "GET /distrito-celebro-el-cumpleanos-del-parque-ecologico-distrital-de-montana-entrenubes.html HTTP/1.1" 200 829
157.55.39.62 - - [02/Dec/2023:22:05:21 -0500] "GET /images/parque%20entre%20nubes.jpeg HTTP/1.1" 200 144350
52.167.144.176 - - [02/Dec/2023:22:06:06 -0500] "GET /sipse/faces/faces/autenticacion.xhtml HTTP/1.1" 200 12736
201.245.192.253 - - [02/Dec/2023:22:06:21 -0500] "POST /forms/lservlet;jsessionid=ac16012b30d64ec0b0a9f85d4cd0acdf8f65235348eb.e3iSbxaKaheRe3eRa38MahaQbi1ynknvrkLOlQzNp65In0 HTTP/1.1" 200 2
201.245.192.253 - - [02/Dec/2023:22:06:38 -0500] "POST /forms/lservlet;jsessionid=ac16012b30d66bd79d5a81354b569b64ca0b03586396.e3iSbxaKaheRe3eRa38MahaQbi1ynknvrkLOlQzNp65In0 HTTP/1.1" 200 2
52.167.144.219 - - [02/Dec/2023:22:06:44 -0500] "GET /feria-de-negocios-verdes-hecho-en-bogoti-emprendedores-comprometidos-con-el-medioambiente.html HTTP/1.1" 200 776
172.22.2.4 - - [02/Dec/2023:22:05:21 -0500] "HEAD /BLA/boletinlegal/ HTTP/1.1" 200 -
