201.245.192.253 - - [03/Dec/2023:14:16:40 -0500] "POST /forms/lservlet;jsessionid=ac16012b30d66bd79d5a81354b569b64ca0b03586396.e3iSbxaKaheRe3eRa38MahaQbi1ynknvrkLOlQzNp65In0 HTTP/1.1" 200 2
201.245.192.253 - - [03/Dec/2023:14:16:55 -0500] "POST /kwsrmcab/Wsrmcab HTTP/1.1" 200 39895
201.245.192.253 - - [03/Dec/2023:14:16:58 -0500] "POST /kwsrmcab/Wsrmcab HTTP/1.1" 200 37879
216.245.221.92 - - [03/Dec/2023:14:18:14 -0500] "HEAD / HTTP/1.1" 200 -
201.245.192.253 - - [03/Dec/2023:14:18:25 -0500] "POST /forms/lservlet;jsessionid=ac16012b30d64ec0b0a9f85d4cd0acdf8f65235348eb.e3iSbxaKaheRe3eRa38MahaQbi1ynknvrkLOlQzNp65In0 HTTP/1.1" 200 2
201.245.192.253 - - [03/Dec/2023:14:18:40 -0500] "POST /forms/lservlet;jsessionid=ac16012b30d66bd79d5a81354b569b64ca0b03586396.e3iSbxaKaheRe3eRa38MahaQbi1ynknvrkLOlQzNp65In0 HTTP/1.1" 200 2
201.245.192.253 - - [03/Dec/2023:14:19:31 -0500] "POST /kwsrmcab/Wsrmcab  HTTP/1.1" 200 41956
173.252.127.24 - - [03/Dec/2023:14:19:47 -0500] "GET /mujeres-que-reverdecen-secretaria-de-ambiente-anuncia-el-inicio-de-la-tercera-fase.html HTTP/1.1" 200 954
201.245.192.253 - - [03/Dec/2023:14:20:25 -0500] "POST /forms/lservlet;jsessionid=ac16012b30d64ec0b0a9f85d4cd0acdf8f65235348eb.e3iSbxaKaheRe3eRa38MahaQbi1ynknvrkLOlQzNp65In0 HTTP/1.1" 200 2
201.245.192.253 - - [03/Dec/2023:14:20:35 -0500] "POST /kwsrmcab/Wsrmcab HTTP/1.1" 200 39895
201.245.192.253 - - [03/Dec/2023:14:20:40 -0500] "POST /forms/lservlet;jsessionid=ac16012b30d66bd79d5a81354b569b64ca0b03586396.e3iSbxaKaheRe3eRa38MahaQbi1ynknvrkLOlQzNp65In0 HTTP/1.1" 200 2
172.22.2.4 - - [03/Dec/2023:14:19:06 -0500] "HEAD /BLA/boletinlegal/ HTTP/1.1" 200 -
201.245.192.253 - - [03/Dec/2023:14:20:44 -0500] "POST /kwsrmcab/Wsrmcab HTTP/1.1" 200 37879
173.252.95.10 - - [03/Dec/2023:14:20:53 -0500] "GET /animales-recuperados-en-san-cristobal-y-ciudad-bolivar-son-atendidos-en-el-centro-de-flora-de-la-secretaria-de-ambiente.html HTTP/1.1" 200 1056
172.22.2.4 - - [03/Dec/2023:14:19:57 -0500] "GET /BLA/boletinlegal/ HTTP/1.1" 200 60634
201.245.192.253 - - [03/Dec/2023:14:22:25 -0500] "POST /forms/lservlet;jsessionid=ac16012b30d64ec0b0a9f85d4cd0acdf8f65235348eb.e3iSbxaKaheRe3eRa38MahaQbi1ynknvrkLOlQzNp65In0 HTTP/1.1" 200 2
40.77.167.30 - - [03/Dec/2023:14:22:39 -0500] "GET /BLA/resoluciones/RESOLUCIONES%202007/RES%202007%20701%20AL%20800/RESOLUCION%200784%20DE%202007.pdf HTTP/1.1" 200 374000
201.245.192.253 - - [03/Dec/2023:14:22:40 -0500] "POST /forms/lservlet;jsessionid=ac16012b30d66bd79d5a81354b569b64ca0b03586396.e3iSbxaKaheRe3eRa38MahaQbi1ynknvrkLOlQzNp65In0 HTTP/1.1" 200 2
186.154.184.247 - - [03/Dec/2023:14:23:11 -0500] "GET /kwssiamovil/sm/acme/s?s=U2FsdGVkX1/x7YZjzdVUAl2IN/sHqLrzeTHNyaSFgpt3Rtk0L1/z68m5uH4i+IeR4q/7v2HdgAY4eK05MINLO7wI0wh5jQq+DqqtWYZcHucfxjev0nHlXpUwDHaTFMPU0aJt9MkPyz7+30Iwj7Ssbf2HQoFrgXJAKrUapYMfOQyxjYMSuKhx3tFIrH691By25vF4Trb3O//rYCeK1LS/BCrU9jmKs9SREhPb26J72ghJCvU7t0jiUAtUBKELB4mCkP07rNoDGTrjuqgkF2tjI3xZM3TAi9SsYBHFEChhdxTg2Ex6wmtd0vNkTXxc4GaLXcCTIhlDQ/V11xxXAI7TBDP948nPNUM4lKIQfSd9UzP6gstDeTEU0DL7GBHLjieS&u=U2FsdGVkX184Y4LRaK2ldTQwICzlCpoRFgtm/f/25IhUyAB6ndTieO5pr3bH7WrP&y=U2FsdGVkX1/WC1lkhTsSYtYGJ2LMHFQaXXLmcnMIGxM3v8A3GlxoDKLZHpGIiiEf HTTP/1.1" 200 90
186.154.184.247 - - [03/Dec/2023:14:23:12 -0500] "OPTIONS /kwssiamovil/sm/setfile/f? HTTP/1.1" 200 13
186.154.184.247 - - [03/Dec/2023:14:23:12 -0500] "POST /kwssiamovil/sm/setfile/f? HTTP/1.1" 200 381
186.154.184.247 - - [03/Dec/2023:14:23:14 -0500] "OPTIONS /kwssiamovil/sm/setfile/f? HTTP/1.1" 200 13
186.154.184.247 - - [03/Dec/2023:14:23:14 -0500] "POST /kwssiamovil/sm/setfile/f? HTTP/1.1" 200 381
216.245.221.92 - - [03/Dec/2023:14:23:14 -0500] "HEAD / HTTP/1.1" 200 -
186.154.184.247 - - [03/Dec/2023:14:23:14 -0500] "GET /kwssiamovil/sm/acme/s?s=U2FsdGVkX1+ByquN0HvqZbwmW0D4uS/pHWpyHaCk4/RUA2faDtWWdqXZB4BDg/FfxuFLRkC/fyq6HqEWfUKfNdHkLo10ueXJgIkyKFtaeeH5TEbAYAAeSTxa4il6TGq7EHxYirpbI1pfOnC6CDhx4JJRpIFNCUf/yu9XYXPB86bcF7z1uN+qfnVpHwIE2nYvrU85DgXim5+u8/V7MBEAXtglbTy/2SvhWS29lKf/17TgXwFDvjzojwHPRClQS3fvSz+/RbDO8znBzNN9qKyLgI2c+s+39jSrmeMX7tGHTmJvvn0/rnY9KDksc+L7BgyG8IIPfAtx82fpxptlYFkqPbE2G+PMoL0lPGfDkk+mlQGgHz3JjiW//vb9uxHTZWbC&u=U2FsdGVkX184Y4LRaK2ldTQwICzlCpoRFgtm/f/25IhUyAB6ndTieO5pr3bH7WrP&y=U2FsdGVkX1/WC1lkhTsSYtYGJ2LMHFQaXXLmcnMIGxM3v8A3GlxoDKLZHpGIiiEf HTTP/1.1" 200 90
198.235.24.58 - - [03/Dec/2023:14:23:19 -0500] "GET / HTTP/1.1" 200 319
186.154.184.247 - - [03/Dec/2023:14:23:22 -0500] "GET /kwssiamovil/sm/acme/a?s=U2FsdGVkX1/4ufOlGNSZ0ux9vWqGdKz10rUV6IHVwaPLHEZstfOqh/LBuGjtEoMmUnKQZSR4vikznQdklwxsmd1Qfaq+91sC9edym/rmBmlSDuOfLFjFAInABmjVQfXZj8GvODSsbsfjKVW0BXxwC81ZiWBXU2NlipHBSL1Frph7syJsuqGgc3oqCH7iz513TAbNUOTXnFSKtz4EDMGk39NCjgofcL+DeyPm6xIwkPsIg5tMxCbOhA7Q2haCUAgAMVifmBstSMo6L9g2mNqOQw==&u=U2FsdGVkX184Y4LRaK2ldTQwICzlCpoRFgtm/f/25IhUyAB6ndTieO5pr3bH7WrP&y=U2FsdGVkX1/WC1lkhTsSYtYGJ2LMHFQaXXLmcnMIGxM3v8A3GlxoDKLZHpGIiiEf HTTP/1.1" 200 26
186.154.184.247 - - [03/Dec/2023:14:23:22 -0500] "GET /kwssiamovil/sm/acme/u?s=U2FsdGVkX18wsi94OW6Dde1Lw54pS1WqB60wFqnnKCQZubneAqUzQxdZZVKfDEXTlCU2EE1SXU2/UIf7KPiiBuMvL5Edmdp5Qh2l1xGGAHJZpFXxeUQrNcvx7rhfDGsiL/7TwSD54LTIfTs970hI0bbdHM+Xd+6LvVYTsN/T5tuEKmGjNTPHNJoX5D3hHIulXiMrLRftbxGbOGolle4gkA1q7PQKzZOXm2VXyHKiUz3cHdH3VFUhFxbYKS++8qdeXmSyFTdStI5y9R9V+/xKFfe1K3XBaqmeQD2RbZzvlyfZGRKSplnMs+95w0eIS8nby3UqJSYaQnypCe+X9A5cEVxIfW/stAgnhIES+PhUZEXbwMS7vOWH9Z+kdQr1OjMC3AOsQRY6xThSs04HMtZzmn/uVvZtUn9+2ZZRGSRpD1C9Vh1RdcxBpVsz+5sy0Qvo7l9zQEHnkUJvIWZHyUUeRhA9Qk6zuaYX2mL/Zdpd8YysAijgPiXFY9mX+CBcGO3ePjqBnoGU3njAUHDhlNEEPIYtx3oQafAbOJB/OAXnz8nW8Azv7RjXHEnfY1xQ76tbehi+xN4xoC+4SrfhlLKoEayu2nDZ2yPC7P4S5y1haA6zmJxeXI9wmIXX17GqQqb2OtQSSVL9IaYwyfEjw3rUZCfMUhO1R5LqnXxapT9966v/hx2XNfubZ2nVLm6faBW7ChvDDrehsWHTtUhL7p4BYwTeIwFD1n8meI81c7iE4hDHqW+w//6h5PgxHFhsTIZHJOffO6C3FrtbaYi+MHVoGBmy5f50tC4F9vWuEtjjFaI/5l1SqZzLEqO6wKvLFsBv8ELSd30dnCA9UjTd99D6zQgy5lf1LnekeOmo6AqBfPoWgD54NwDq42p0lbwEme5ghcMAYHpK8Pk0VVM7cNwCtP0dDfDi7GiV889fMpdljALiEEvr10xo+ZuHNgj4n2PWwGMEYybyCmmbI+rHr78+Ew0N+rD1+QzFuXWveYhZf45cCe8joGC/o90KIkub0P8UrHpELa6GrdsWEPlcl9NR52xdHEJPhwm53wEoCeTEVlWo2YnquMS1mAgsLawiZtRP5SMnk0NAo5ahSRZP0Wp84qBtQffLfO729QK7/MI19/QpuOSyRtg02V3Odo8RAuRl9LZ4IoOndO06BG3M7tnKCy6oGxyaS9S8KE53PglfDCnho9FC9grVZZFTMUA4BjPKUY9OeI77ncfS8KMDjbQd/FZwaz8fYYcrMXa2T1WO9VLUhENMGHzvb/P21zEcaxRgEUfC3SJSggNZ8/bZUJmrbm9bmC3HBs7tgzecFhwEYsixyDR5SlqULbiZw73/kTBTaOwqCN9CBPQNR8tJf7GRw6Emh2LAFWtpSerzIUME8BLC/tSMwW8674tcopmltglY18l+f6dvPzq+l3d/isCVYpThN7Ys7JS/J+JE9CflxIWYgg1EbgN0KJicQ2mTwiZVt8hWDKw7TInpmx+FQ0T2fSDSOhZzXGGJ8aLBSwLPDNRBb8r4mOKW7qU0OnFOt+xP/Vb6wEIaWzjqsTmvVKpHaCRiYEEOgUT9q8xJyxBbb78aJRbGVtcDXXckpQ3CgGAQQutNn0whV2u07MtLZd+qtktOZ4WJiK428xNj8Ko2wSq/ncyRG/Mn6gCR8/GyyxijrNj+U326YKTReFAxTUKfMD8S/07/JF97wd4XqDYfOLuGao8/KFMVjBAotkkhSGntcXwdeNlvxsGpZiPoAXZ7YnBfMo0q+sJ9KSBw0+iWzHwgBCakvO6qzNdnAb+J6cDqTuKpoOWnm8mOd0ZBsCvINzJpJS1+zYqkwUpzE1BO0RelXo+aum1h1IaqLkXqLB3F6IAMYIj7xK86tZD2b58GUhYvBol53nj5fZBd77raAdtS04DUY8sE9Tgz/Tah505sA/5ee8K34FezQ8QFYuRD8WLS8DGcBIEcYkhrxgzaTMnZaTctR3pvz8FtZ/dW8XAV400/5jb6UyBUi57jX6sJUYRmew/jjpNnjuXqPzQnWSz1acl4lGAdHf2CoU7vpRIoiWQHOeOI0EVgnCPnGsixVgyz0YSZbKMxvaEC0rj0gUm1Ltlzsuy6NagBi29jM2y79hPz4zc2ZAcnS9tAiWD6KmXDv0wjqJPenNCNJS0ZU2HwqXnkhJoVB5eAljdt1aE6Q4P+vZODqckQR+VZ60mIyQgg9h9TU6AXJooD3ZDbVE92BFwXcYK9P4mzYF9i4/WgyLcwqOp3BYALZdnGRTVl5/DGfnBGmzNh/cBH6k94yTVhB6YG+5MkKVhvH8yDpEke&u=U2FsdGVkX184Y4LRaK2ldTQwICzlCpoRFgtm/f/25IhUyAB6ndTieO5pr3bH7WrP&y=U2FsdGVkX1/WC1lkhTsSYtYGJ2LMHFQaXXLmcnMIGxM3v8A3GlxoDKLZHpGIiiEf HTTP/1.1" 200 60
186.154.184.247 - - [03/Dec/2023:14:23:22 -0500] "GET /kwssiamovil/sm/acme/a?s=U2FsdGVkX1/4XrAU0q41CMwBr7rLSjvt4P7ovIy8A2SPcGKpiP3FL1rX9RfB3aBNK9rPMyaGzcCv8BHd4B/7Fo6vEpDCLmCAhAz1yUIArc95Ra8kjKxpbDiAbufOiNizoSGpEKsDRFcnUejxW/A2Hb0jMmEnCdf9HyfYcQecl1CGlaTXIONzr/MRjRUP2YanTIRRH9isN6GrG8P8WAZ1xAl+L2cUr4vUngp7qL+gGs8vTregE9xw20bwyGruOmdh8neKkFW0h4ta7semWdZc0OKzyBf2R59tOcUmVIinSq2lX4EgiBxL7YFQhZV1xSxg&u=U2FsdGVkX184Y4LRaK2ldTQwICzlCpoRFgtm/f/25IhUyAB6ndTieO5pr3bH7WrP&y=U2FsdGVkX1/WC1lkhTsSYtYGJ2LMHFQaXXLmcnMIGxM3v8A3GlxoDKLZHpGIiiEf HTTP/1.1" 200 25
186.154.184.247 - - [03/Dec/2023:14:23:23 -0500] "GET /kwssiamovil/sm/acme/a?s=U2FsdGVkX1+E5OCP+nnPUxjTffmEdJaJBRiQahey5/Sw8NR6Na1DlElgNGZBYNUUVKHenVu8r0N61gyS7qAPOlMNwIN8sa+Uw+StEgt/vB9JjrXN0QZYUzIh5iOtQRfCCFcxMS8EHi5YSQIBfD4axZdAFQluNGpZBMpNO6M36ZR3yQtsbRuzdDjNj43mkaAVJYjv2L7YWxmNQgfqM2EZLT6KOlXK8LHxBriRdVt9Ptit05qxr0hohocCdlkh5Enh&u=U2FsdGVkX184Y4LRaK2ldTQwICzlCpoRFgtm/f/25IhUyAB6ndTieO5pr3bH7WrP&y=U2FsdGVkX1/WC1lkhTsSYtYGJ2LMHFQaXXLmcnMIGxM3v8A3GlxoDKLZHpGIiiEf HTTP/1.1" 200 25
186.154.184.247 - - [03/Dec/2023:14:23:23 -0500] "GET /kwssiamovil/sm/acme/a?s=U2FsdGVkX1/PHGcot9OK321jO70ETGNthf9vfLrl/dC29kepblAqeRkOSGoWV/3ojBHOLHHvEOCNNT8hPvXm3k7hxNm80iz2pt1FwhBKF9K09nCfYSzjXbDyblBMVzTt1zyfp1iHEAj+mFVRBb3r/fxGVBS7Qnc2WGiMzuO8afo=&u=U2FsdGVkX184Y4LRaK2ldTQwICzlCpoRFgtm/f/25IhUyAB6ndTieO5pr3bH7WrP&y=U2FsdGVkX1/WC1lkhTsSYtYGJ2LMHFQaXXLmcnMIGxM3v8A3GlxoDKLZHpGIiiEf HTTP/1.1" 200 25
186.154.184.247 - - [03/Dec/2023:14:23:23 -0500] "GET /kwssiamovil/sm/acme/a?s=U2FsdGVkX18Ez118sI2aJW1Dlte6FbR0guLotH7JhgfKFVbGvh7EN/4TaVQQ6HOw4ZKA8v4qqKSA7L2xLrYVVYxPAfyqvrjSKbCIreRskaP1hFRADoxOkz7mjqYYpzaqlA8hF3d0A2Cs+75ZNBCEnHDFf6lWriKFWjuyPgAwrMg=&u=U2FsdGVkX184Y4LRaK2ldTQwICzlCpoRFgtm/f/25IhUyAB6ndTieO5pr3bH7WrP&y=U2FsdGVkX1/WC1lkhTsSYtYGJ2LMHFQaXXLmcnMIGxM3v8A3GlxoDKLZHpGIiiEf HTTP/1.1" 200 26
186.154.184.247 - - [03/Dec/2023:14:23:23 -0500] "GET /kwssiamovil/sm/acme/a?s=U2FsdGVkX198R/X8OcO1UmKjVK64Pn3XKTCn3o8b7qBDmgYHxFpEDa1IGUF9xV8JBZX+6QmZYsWLYLYrE67oMrrq8BvZnCVUyzPdH9c7+ef3Z41L3+Ne9lmikAhmmQ/X4gfvCT+CLjrG8PqvqY6KfZEUO9wiXfofFLNTRxLbqVUD6qZVHmtDZji75coa/9zU8kYXcWOEYKc1Wp+TsNiJuQ==&u=U2FsdGVkX184Y4LRaK2ldTQwICzlCpoRFgtm/f/25IhUyAB6ndTieO5pr3bH7WrP&y=U2FsdGVkX1/WC1lkhTsSYtYGJ2LMHFQaXXLmcnMIGxM3v8A3GlxoDKLZHpGIiiEf HTTP/1.1" 200 24
186.154.184.247 - - [03/Dec/2023:14:23:24 -0500] "GET /kwssiamovil/sm/acme/a?s=U2FsdGVkX19UlqGIb7K0+r+VViqx4jX7esZ5cS4maEiruFZ830hT36Wv8gym0SvOICp5+Yk3RCCihbWxJTacVfocIkYQmfXnWq7nm/yWDwgOZcJJRd867zNRMGCZm9NuIv4iQC0imbE+M+dkzUSnAQoOweRm4tVufCjWdr01o9OlEPLIcX57mk99sLVUaIewe93XY1zDBAneCs09eA7wTg==&u=U2FsdGVkX184Y4LRaK2ldTQwICzlCpoRFgtm/f/25IhUyAB6ndTieO5pr3bH7WrP&y=U2FsdGVkX1/WC1lkhTsSYtYGJ2LMHFQaXXLmcnMIGxM3v8A3GlxoDKLZHpGIiiEf HTTP/1.1" 200 24
186.154.184.247 - - [03/Dec/2023:14:23:24 -0500] "GET /kwssiamovil/sm/acme/a?s=U2FsdGVkX18asfUVOxZ+9nShu4HzmaHU0KEK0O1UIjn29rAR4zv8Lod2dp7faC6XlIOKbmIcTW24DtvhPB1pVC2+34KHhNj863rgAIqnd85An7/lbijZZpi3Wr3DntXtMezZrAye05G9/iEkCIR8SpFdE+UZp5GvbZOyGjir1SwkONvSNMO5ALEnS+wlTf/tsPOx/BT94vvOgpmX39EZIbi+6k/YLQvJ/A6U3dR9OL+5e1LXHVwDaWCBULNFgYYscCuJ17RMrJeF6VIMm7qLd5MCJC9w4j0I97vduYeWmPXS+9j+9NazmEzJqBQ3a+6N9xLf/GGd23Wy1y1qHIznMPW4A/FxfQ7n94h4NMxc3wuSIyewn3uXHOZGrbgnbtsG9lihJqaKPWRViMTD7YX9OwKT6YLWHdpM3YdpA/CS3e2L+rbX4zXwQD3p686Qhzsofbv37Sn3dQuA+g4pygKC0w==&u=U2FsdGVkX184Y4LRaK2ldTQwICzlCpoRFgtm/f/25IhUyAB6ndTieO5pr3bH7WrP&y=U2FsdGVkX1/WC1lkhTsSYtYGJ2LMHFQaXXLmcnMIGxM3v8A3GlxoDKLZHpGIiiEf HTTP/1.1" 200 24
186.154.184.247 - - [03/Dec/2023:14:23:24 -0500] "GET /kwssiamovil/sm/acme/a?s=U2FsdGVkX18VRxp6PwqofV39cuvyBIobP+6q6B4annMZQhJNRbQMMrKLm7qJbtqKKZNhieng0FNcvXSxbW5MDosPb3TiiJUGsvKZw4qWU13s4DFd5w24Fwbp3wAyDmomHIJ2+4SvcfEX3dOT0ftcB5V+ON2criKtkcbDmcSKjeyWKodXoQ57kZ8vrBHAbjoU&u=U2FsdGVkX184Y4LRaK2ldTQwICzlCpoRFgtm/f/25IhUyAB6ndTieO5pr3bH7WrP&y=U2FsdGVkX1/WC1lkhTsSYtYGJ2LMHFQaXXLmcnMIGxM3v8A3GlxoDKLZHpGIiiEf HTTP/1.1" 200 26
186.154.184.247 - - [03/Dec/2023:14:23:24 -0500] "GET /kwssiamovil/sm/acme/a?s=U2FsdGVkX18dXh0TBc4lYaaf19snhTOsJKS7MZyXAZhE8KRbbz8jUhJPbtDq6H67ycXLzxZrXd5gCafRz19UBcPph3FYfy4ORhj1nM1N5DPrYoKwuoqi/jAzj6swPm7QsxIaqHbGecW31FaRLD0a0iR7Ny5a4y+dqzlvZmsSt+pqHfUuph97sl53xxswPEpzl3QsmP4mL9cE7CTfJ/60uBVWzCaa0B8eyOBmDtDo2aaM3BNMnadPG6cFsEBh8yzplhHYRAh4bb1WzlsfShG8d1b9+HcdplEYC4AKXu8mxYrHioata2A4ZLybs+mfOcNFy9milOPONvSdELaJXi58iJICLHf18DtucMKuY8t03eYYNezpdPpqHSMkQAY009iLrHjdwsCCvUdE2Le2pqPT33x4+c+p0cgwDiIM6YG/u+I=&u=U2FsdGVkX184Y4LRaK2ldTQwICzlCpoRFgtm/f/25IhUyAB6ndTieO5pr3bH7WrP&y=U2FsdGVkX1/WC1lkhTsSYtYGJ2LMHFQaXXLmcnMIGxM3v8A3GlxoDKLZHpGIiiEf HTTP/1.1" 200 25
186.154.184.247 - - [03/Dec/2023:14:24:08 -0500] "GET /kwssiamovil/sm/ldap/au?x=U2FsdGVkX19MZhMmXU8EQnnftMRCv3uA2tcVPoKMFLeYSUd+0oIhh0TTgPJZqSAD&y=U2FsdGVkX1+mS82P4NGv3S/6jhN/dqpJFwC5lFywMiMNgw64cSopw6ZCw2LOpF6B HTTP/1.1" 200 30
186.154.184.247 - - [03/Dec/2023:14:24:08 -0500] "GET /kwssiamovil/sm/acme/s?s=U2FsdGVkX18t6ZL573+/PrBnnJoRTpXL7TbUB7LHuk2g4QyXzAv7RDC7eSrxDPWA7o3jZLlsgHvjVolhF6VP25rgWSd03b7H37SqKzLMpcY=&u=U2FsdGVkX18/nhmDWiLrn5lSvHkC9e1tVJA/ohHBFYNoQo4TIm4zkL/Jtrc3Bl7U&y=U2FsdGVkX1+mS82P4NGv3S/6jhN/dqpJFwC5lFywMiMNgw64cSopw6ZCw2LOpF6B HTTP/1.1" 200 97
186.154.184.247 - - [03/Dec/2023:14:24:08 -0500] "GET /kwssiamovil/sm/acme/s?s=U2FsdGVkX1+x/z2WFqTa4yIl7oEe6gDr4IQHCMNIaLKidBhHALNnnjCoE0UYMgalw10NXQqB2a5pgtfAk82IlgELhfEhRqCHrUaSYMif5j+B1xJj70cpKM8nB+ySJUG9CAIYhRNrCdB232JsXHGSET5UGflN9d7ZiutCi9IAjKwzWhwEb/lEWTGKxDVGboMAEdNV2qlrmd0T52PT2MwsHUQ2ITBGfhysOd/XWoL267Yg1Ie/ztdZoTE5fr7ednPv85Da1slrBF1GPXSw12ONkOtoVyIgcjPLc2pvxMvWYH+gfc1gnR/gQdh1iXYrL7OXHb5NQVIczIHv6MG4TxqUpXdwna6y2qvVvGNDJhqJp8zhUGfDmcdfkrQbSFakX047A0xnTt1LUr3dZJJXH6ovC+DjEnIdK1oECL5maTdZO7L+eeFb5PItYK/U4iZVOJFXOIAoEMPZj+QXt+U3srQrlQvLqd9qzYp3MbpkXol7WB+cgCZaTS9J61bMcfg7bveqgNEbTMZluy+BRHx4rIPFQ1mJbrK/I/iG7VHXXzFmuSNmupHWveQ03uj+nWF7Lp8mbgu4KMsJ2HF9rug1FPF7ETN7ebbHnjhAZfi+uWY8tE20WakzEnzvLNoCwYF3y4h2jnbLhPlgfoeMJf6rgMwkD5YM6o/RkAlz2y0o56CdeTa2YdUmtoh+jQD2m6kF0gJpdWCD80gH7vCXsW968MU/2MEs1hJ0Wm3cvIPJ1HVvcJm2Wmo/Kouv8XrqNX28v6i3ZZS8mkj2pt73h1Nmy3EaTzP2g2lQoi/CXGJDblmdEChy1izuNYjw346Teegp2/jdvLMYYGJQ/DBFCyOpiHnwTPrdzZJr+c4XSDPvg2yvMTzKaWoSQXjsIXwVeuJ6GYk8CW1v4uGmtEqUt4K48JWqcprSFvVG/xiFG8GtVpcZ1fBXKdmqjkJlGhZXYq4VySZE0Mt2A7bs+O8iTJo7tg3bKvCI/3KHPXJBWclVM4M92LpOf9uzM6eiy9YhfhJSKsFulPILtsjhTxoqnRZKh7WpztE3w/Mw9bFXfIA5+AXSaKVCqzRp7fnkM2Ik4yv+Y0ist3xwJ9ioTne1FWcxntaRN/AZaCnUERGDzWShOI4B5VzaMVuZDO5abdGP7VOAmnQUMwEk8LYsW671JwsvX4jnrXtEjyBMklYv7tO5r2nAiM1HDzaIq5QOT1g91bojA9Lp/InryimNlTZj4aw7EmTYj5qRf2wER8uD/vo5KmKw0yOU6Qk+GU7GeTLdHSvSzq1gMaqd+GUavgghy7BTxTCL9RtiM7CTSLpg2h95ue4Jhpv17CmDScWGKIi3jnO0vyft9/PWhXlUYjGw8UPerjb8va5chjI8OpAWwfsgUxJWKKEKySayu1JIHXt9iPjPVFIkPdBKEJsCXKDngX4TRj+JInFUcosCn+I422FFJdlyynlbjWExfl3+TxRxEnsNDwbXuS7P5vNBSyMSbygc/MhEbKjvzgVfkmq32+cm2/nTibb/xVv5IebJrqNPtgXRGoXC3leLfCC9LTJkAsspBuz9gppJbn7L9L+MKiry+n+4vs4rlsLsDmn+ny8AkcqsbZRLK/eeayWNHk0PzlteWO/Jcaad7NJnutt0QVACgVLlVI2KvOCmaT/9eoCQsZdeqNA5JEBbUO+Wbvhtgcz8KwHS5Lp8xgPInOEreoiFZx2xfn/E75oRhvubP9skyB70LLIY6V3oUkfTdGzh1OrdDgk615qykxzFQCef9I1Kfeh/SKWLvn5Df5Cim4AdUliwixRI&u=U2FsdGVkX18/nhmDWiLrn5lSvHkC9e1tVJA/ohHBFYNoQo4TIm4zkL/Jtrc3Bl7U&y=U2FsdGVkX1+mS82P4NGv3S/6jhN/dqpJFwC5lFywMiMNgw64cSopw6ZCw2LOpF6B HTTP/1.1" 200 1872
186.154.184.247 - - [03/Dec/2023:14:24:08 -0500] "GET /kwssiamovil/sm/acme/s?s=U2FsdGVkX1/aqraiLEQNEUzSaT6z3HEOfdf0L9z0/9089ERrvsXhUtqI+IMTdgfFOdbOHmMstD8CH/S5RbFwxGElidfOx3iAPvYC5RKiYfCeoXYYW1VE36Vycjmg+kMVVut5OFieIrboW9JPN7qWahu0Qe69CGkO8KbfZPAs73Z6WCSlDCLnzHKKtqriNjYQL6K7xky6QEtHO+MHCZWB3lclt106WGMGDcq5af/9eFuGuLQOV7NaZMfeI6sXIRQBhoKAdBP0CFJ7xDU5K/+/F0dahIaioC8k5ntyPLGPRS4sJUKHsk+cI22Heeb1PDVPhApJsmAebaUVelygcxr79YLJEdsvWf+Kghct9nOfBaq+Qfc++YD+D8Wc9PbPUacfROElYoTEBEnDRISWItGk9w3q5K6jOStUkx3ItdTm6texJ06gJ4ah3vKql9SzQMY1DKzQKTH3fvyZOeixQ5U4LCtDfyqV34McsU/bEIw8K63dC2UiIJXwTDNlRjRi7b8pZWYohth4SgAwKrkvM+260Gf54v4xRX0oTLrg+ftU4pajsPXUDPLszIg4y+dtQjQuMEqXNGviZyegIVwQ3GB1wlrGJU7lbTjgX+ytr9BHMjpkaJ5KcyVaf2jzS7GxCgyXJV0JYVHxZBStQHDZT7LM3HMrBzlF/JrFT5ZlAaZF/vvqTrlGuGWyZn/oA8hquZeaBNT7IOeiEUMOhO92jlB026F8He9SVWgP8Xv3wK85Qh6LQ1gHt9tHWpbzhWza//zPC4eXX3ieA9MFR5UTNTi6fw==&u=U2FsdGVkX18/nhmDWiLrn5lSvHkC9e1tVJA/ohHBFYNoQo4TIm4zkL/Jtrc3Bl7U&y=U2FsdGVkX1+mS82P4NGv3S/6jhN/dqpJFwC5lFywMiMNgw64cSopw6ZCw2LOpF6B HTTP/1.1" 200 354
186.154.184.247 - - [03/Dec/2023:14:24:08 -0500] "GET /kwssiamovil/sm/cjson/pre?f=1&x=U2FsdGVkX19MZhMmXU8EQnnftMRCv3uA2tcVPoKMFLeYSUd+0oIhh0TTgPJZqSAD HTTP/1.1" 200 31032
186.154.184.247 - - [03/Dec/2023:14:24:08 -0500] "GET /kwssiamovil/sm/cjson/pre?f=18&x=U2FsdGVkX19MZhMmXU8EQnnftMRCv3uA2tcVPoKMFLeYSUd+0oIhh0TTgPJZqSAD HTTP/1.1" 200 32849
201.245.192.253 - - [03/Dec/2023:14:24:25 -0500] "POST /forms/lservlet;jsessionid=ac16012b30d64ec0b0a9f85d4cd0acdf8f65235348eb.e3iSbxaKaheRe3eRa38MahaQbi1ynknvrkLOlQzNp65In0 HTTP/1.1" 200 2
186.28.66.94 - - [03/Dec/2023:14:24:31 -0500] "GET /BLA/resoluciones/index.php?dir= HTTP/1.1" 200 13696
201.245.192.253 - - [03/Dec/2023:14:24:29 -0500] "POST /kwsrmcab/Wsrmcab  HTTP/1.1" 200 41956
186.28.66.94 - - [03/Dec/2023:14:24:34 -0500] "GET /BLA/resoluciones/index.php?dir=AUTOS+2022%2F HTTP/1.1" 200 508952
201.245.192.253 - - [03/Dec/2023:14:24:40 -0500] "POST /forms/lservlet;jsessionid=ac16012b30d66bd79d5a81354b569b64ca0b03586396.e3iSbxaKaheRe3eRa38MahaQbi1ynknvrkLOlQzNp65In0 HTTP/1.1" 200 2
52.167.144.229 - - [03/Dec/2023:14:24:40 -0500] "GET /BLA/resoluciones/resoluciones%202021/0377.pdf HTTP/1.1" 200 509607
201.245.192.253 - - [03/Dec/2023:14:26:25 -0500] "POST /forms/lservlet;jsessionid=ac16012b30d64ec0b0a9f85d4cd0acdf8f65235348eb.e3iSbxaKaheRe3eRa38MahaQbi1ynknvrkLOlQzNp65In0 HTTP/1.1" 200 2
172.22.2.4 - - [03/Dec/2023:14:24:56 -0500] "HEAD /BLA/boletinlegal/ HTTP/1.1" 200 -
201.245.192.253 - - [03/Dec/2023:14:26:40 -0500] "POST /forms/lservlet;jsessionid=ac16012b30d66bd79d5a81354b569b64ca0b03586396.e3iSbxaKaheRe3eRa38MahaQbi1ynknvrkLOlQzNp65In0 HTTP/1.1" 200 2
201.245.192.253 - - [03/Dec/2023:14:26:56 -0500] "POST /kwsrmcab/Wsrmcab HTTP/1.1" 200 39895
201.245.192.253 - - [03/Dec/2023:14:26:59 -0500] "POST /kwsrmcab/Wsrmcab HTTP/1.1" 200 37879
172.22.2.4 - - [03/Dec/2023:14:25:47 -0500] "GET /BLA/boletinlegal/ HTTP/1.1" 200 57881
186.28.66.94 - - [03/Dec/2023:14:27:58 -0500] "GET /BLA/resoluciones/index.php?dir=AUTOS+2023%2F HTTP/1.1" 200 430945
216.245.221.92 - - [03/Dec/2023:14:28:14 -0500] "HEAD / HTTP/1.1" 200 -
201.245.192.253 - - [03/Dec/2023:14:28:25 -0500] "POST /forms/lservlet;jsessionid=ac16012b30d64ec0b0a9f85d4cd0acdf8f65235348eb.e3iSbxaKaheRe3eRa38MahaQbi1ynknvrkLOlQzNp65In0 HTTP/1.1" 200 2
201.245.192.253 - - [03/Dec/2023:14:28:40 -0500] "POST /forms/lservlet;jsessionid=ac16012b30d66bd79d5a81354b569b64ca0b03586396.e3iSbxaKaheRe3eRa38MahaQbi1ynknvrkLOlQzNp65In0 HTTP/1.1" 200 2
120.71.1.48 - - [03/Dec/2023:14:28:48 -0500] "GET http://190.27.245.106:80/phpMyAdmin/scripts/setup.php HTTP/1.0" 403 1165
120.71.1.48 - - [03/Dec/2023:14:28:49 -0500] "GET http://190.27.245.106:80/phpmyadmin/scripts/setup.php HTTP/1.0" 403 1165
120.71.1.48 - - [03/Dec/2023:14:28:49 -0500] "GET http://190.27.245.106:80/phpMyAdmin-2.11.4/scripts/setup.php HTTP/1.0" 403 1165
120.71.1.48 - - [03/Dec/2023:14:28:50 -0500] "GET http://190.27.245.106:80/phpMyAdmin-2.11.3/scripts/setup.php HTTP/1.0" 403 1165
120.71.1.48 - - [03/Dec/2023:14:28:50 -0500] "GET http://190.27.245.106:80/phpMyAdmin-2.10.0.2/scripts/setup.php HTTP/1.0" 403 1165
120.71.1.48 - - [03/Dec/2023:14:28:58 -0500] "GET http://190.27.245.106:80/phpMyAdmin-2.10.3/scripts/setup.php HTTP/1.0" 403 1165
120.71.1.48 - - [03/Dec/2023:14:28:59 -0500] "GET http://190.27.245.106:80/phpMyAdmin-2.8.0.2/scripts/setup.php HTTP/1.0" 403 1165
120.71.1.48 - - [03/Dec/2023:14:29:03 -0500] "GET http://190.27.245.106:80/phpMyAdmin-2.10.2/scripts/setup.php HTTP/1.0" 403 1165
120.71.1.48 - - [03/Dec/2023:14:29:03 -0500] "GET http://190.27.245.106:80/phpMyAdmin-2.11.9.2/scripts/setup.php HTTP/1.0" 403 1165
186.154.184.247 - - [03/Dec/2023:14:29:03 -0500] "GET /kwssiamovil/sm/acme/s?s=U2FsdGVkX19PTddwnfw/f8edCs+L8Qux7aXbWAmK2Q9yHucDJoVjqETg2V983qhJqKTlxbt4UdlV2EMhDyoHZ5Tv/uJfO3CnGx1PLkTcGQsCTV1pjG00KQ9j8U25a6S9fGNwt8AAs6H1tlTknm/SyL+47NFefaFQ7wEKheVSpAzsMAHWqUescg+pASse1y75scvQzem4RGhQ1WmI/SUzfQ4aprWdF8v0WiBFFTqtREBNuYXG4eiz6Ur/VgdFZA4QM27FCA3fOlbpwNM+zZ7MuzGkErfvTbPtV19cKJIX2nKps42HML7EkzZxMBKCu6t77SLkXvH33KvSPoCBCmfi+1NmmuQL/DbhgWS+gGrLTtM6fIdAb8e6ybWGW4Y/tilL&u=U2FsdGVkX18/nhmDWiLrn5lSvHkC9e1tVJA/ohHBFYNoQo4TIm4zkL/Jtrc3Bl7U&y=U2FsdGVkX1+mS82P4NGv3S/6jhN/dqpJFwC5lFywMiMNgw64cSopw6ZCw2LOpF6B HTTP/1.1" 200 90
120.71.1.48 - - [03/Dec/2023:14:29:04 -0500] "GET http://190.27.245.106:80/phpMyAdmin-2.11.0/scripts/setup.php HTTP/1.0" 403 1165
186.154.184.247 - - [03/Dec/2023:14:29:04 -0500] "OPTIONS /kwssiamovil/sm/setfile/f? HTTP/1.1" 200 13
120.71.1.48 - - [03/Dec/2023:14:29:06 -0500] "GET http://190.27.245.106:80/phpMyAdmin-2.11.7/scripts/setup.php HTTP/1.0" 403 1165
186.154.184.247 - - [03/Dec/2023:14:29:04 -0500] "POST /kwssiamovil/sm/setfile/f? HTTP/1.1" 200 381
120.71.1.48 - - [03/Dec/2023:14:29:06 -0500] "GET http://190.27.245.106:80/phpMyAdmin-2.11.1.2/scripts/setup.php HTTP/1.0" 403 1165
186.154.184.247 - - [03/Dec/2023:14:29:06 -0500] "OPTIONS /kwssiamovil/sm/setfile/f? HTTP/1.1" 200 13
186.154.184.247 - - [03/Dec/2023:14:29:06 -0500] "POST /kwssiamovil/sm/setfile/f? HTTP/1.1" 200 381
186.154.184.247 - - [03/Dec/2023:14:29:07 -0500] "GET /kwssiamovil/sm/acme/s?s=U2FsdGVkX1+6YdiZP5rLF1asXZWeUXa2Q1D8F/tV8zt6d3TKzzcNw5q+AQHh1dNaalhqD2RnC0unFew9hzAYYPK8RBLq68DPa9pNXVvfd8pfc5ILczaofE775wkP9B4W3XxDiahz4/+oZI4Lfld4/KrJ4nGQ2ZzxnMJFje6Un8KQrM/4jsDNp6thSboRIOYj7wOdS8RST/qdbHpX0TPrjHavQ8tmJGSMQ3NzzKhs135nvbpTR1LHFH9BfEDuXEzQU0T6shoMmATh9AoQrrublkmemDgZoQkrfUcu3PzMmQqBiDrCXBxldfrmljbOfhqQugTvLoh9Gi2W6FKsfzXOuiKJ3bx8STvXzC6g3EfOi+3+W+kspfFhDucb8KogjGzt&u=U2FsdGVkX18/nhmDWiLrn5lSvHkC9e1tVJA/ohHBFYNoQo4TIm4zkL/Jtrc3Bl7U&y=U2FsdGVkX1+mS82P4NGv3S/6jhN/dqpJFwC5lFywMiMNgw64cSopw6ZCw2LOpF6B HTTP/1.1" 200 90
120.71.1.48 - - [03/Dec/2023:14:29:07 -0500] "GET http://190.27.245.106:80/pma/scripts/setup.php HTTP/1.0" 404 1018
120.71.1.48 - - [03/Dec/2023:14:29:08 -0500] "GET http://190.27.245.106:80/phpMyAdmin3/scripts/setup.php HTTP/1.0" 403 1165
120.71.1.48 - - [03/Dec/2023:14:29:08 -0500] "GET http://190.27.245.106:80/myadmin/scripts/setup.php HTTP/1.0" 404 1018
120.71.1.48 - - [03/Dec/2023:14:29:09 -0500] "GET http://190.27.245.106:80/MyAdmin/scripts/setup.php HTTP/1.0" 404 1018
120.71.1.48 - - [03/Dec/2023:14:29:09 -0500] "GET http://190.27.245.106:80/PHPMYADMIN/scripts/setup.php HTTP/1.0" 403 1165
120.71.1.48 - - [03/Dec/2023:14:29:10 -0500] "GET http://190.27.245.106:80/mysqladmin/scripts/setup.php HTTP/1.0" 404 1018
120.71.1.48 - - [03/Dec/2023:14:29:14 -0500] "GET http://190.27.245.106:80/SQL/scripts/setup.php HTTP/1.0" 404 1018
120.71.1.48 - - [03/Dec/2023:14:29:15 -0500] "GET http://190.27.245.106:80/phpMyAdmin-2.5.5-pl1/scripts/setup.php HTTP/1.0" 403 1165
186.154.184.247 - - [03/Dec/2023:14:29:15 -0500] "GET /kwssiamovil/sm/acme/a?s=U2FsdGVkX19m0mZzS2AxUiyu6p15yWhfeN9X4l6++f0o0XJXOv9+GEaFhWyEzZmkfcf8sM4vKrUvyi1icelNr5x0EFVmSX16JScyCawKYGT+Umua4xz//ReZamOfbHW8nMGAl6ijOAWEU6dqiwiVBiX6QlvDbOm+xYrme9SBgcbp55K9uCnRTiweDfqAN/eKqG8rJBbYt1QaT8NT6743eH/+0AhL/eMPpQugNpP7O5FO1eTIvg4K3HXX34I87ey23EVU9IVkEjLM2oN5ulwr9g==&u=U2FsdGVkX18/nhmDWiLrn5lSvHkC9e1tVJA/ohHBFYNoQo4TIm4zkL/Jtrc3Bl7U&y=U2FsdGVkX1+mS82P4NGv3S/6jhN/dqpJFwC5lFywMiMNgw64cSopw6ZCw2LOpF6B HTTP/1.1" 200 26
186.154.184.247 - - [03/Dec/2023:14:29:15 -0500] "GET /kwssiamovil/sm/acme/u?s=U2FsdGVkX1/un67710J8tmlpgbfNqNT5l1PCi7suznXjJkNmQwxHCwRTLHaUF/WQ2tI+TPP3RzLwi0rUJ/dD+LwvoxnWg0VCvmp5PNBQ09FPWHlODAxMsPLlcmYjFNlcscpf0VbqHUzFl/HDwGYRbBDbLfEXhgJlC0Nf9+E0PGcLU/xEh8uUhc/N2dTj36rfzpAPiwvSYqcmSjmXGzkCXJrlxIs5K5RR/L/nIgtO89vFjv5kOTzUPYNsFNFSDQyke+uxknvVGJBC/va7GGLcqHKCac489Hq/8VCNsqoiJR5JL0S6zu/op60LP2knaFXzTw+ijg8aBKI1XMygr4SplcMk3Edvnvlfde3uaGiIe7EXP/0RPARk1VWGqfYJEqcLSX+SuQgpNZak5RQ8QBQRWk640lsBOtLCzHKu+ZXIj9feUcf1JWhCcQQjzyfyZthtHneLDvzhU5S++2kHrQZ58KedPywAxUVraluyB8h6eAE4NvYUKd/bl+P77SsK8LRuXw/cNDwQ6v+dtOgEUKIm9LSg817q0bgN1sIueVFrRissLp/b898SVkk/7teiSJtgNlDjQp0eBz0ngdb2F+Ym2GVX0xwMhKDdJLzGSK/QBt/eS31AQJROJAIngqm+n7ezscJ6uVXw9SWmogeVlIG4Qom4fqEzcDHsyuDfDE4/eLGL1nnMTlZztz8HcFR8vBM2ghuP1fSY9hNkxKEb/vYdnGd/vRRitMIbrxKJjbweAPSWnGmvCuQ9QbX1LLYpuJOgVFr+cItCLutu52U5y1lb8FahwikfcTzvPX5Z/MDJPYKBuuRv3j9CxYYaqir4M1vVD4EOwCBnWHloR7Adgvk6TQ6QvDlWCIXYJW7cxysQAKvGZWE0Ku4kIPE/XWyKLWX0cOUyFJM4x3x1rTqf93qQIPnFtAte8CRKxwWT/9tZKFIMy2DnYE2eN2fiNaLjGoIwQM+VNeFr4FvPRnrPcYT2LORG0gPAfAFyhERv9m1MDNccyxL0vhv33FnGiiPVY88/T570DFQLKQaDvAtmRxOUbmus0qTUUmFjG19GWNgw7O6xgCalxSeUImG0pdHUaPU/Iyvntw+tfofqNymcMzf9PqaXsLzHLnUazuFFJnTFTG+MRzHCJRPCqjtTjaYCy2h+NKJB5ZAeExTEjxSIFZa9B+diNoqbdVCcjwjElTq8hPLHtJrvnIrjmWcMNqo/xm5HHciVpzdEcDXaOXvnkVTfGaAnlZ+p8R9CNqjtXfCQ9eEi0cuoncVjz8OpbSGFgdu3VWzFXQWkulGaaUAFBP5rK6TG3xmEMkPnDGB0iiUswDMDo9wf3QYP3lLZeFK7tHglqMnjtgQ5c9aCUiqj/z9KtFhTw1wCuxDjyRE68dgf8DUnrkczkxZ7S1L8/hHA84aii8sGaM9GfJ70vDibgqRtfvzvOaxapKL1SRk90IfZu+uW44jRmjBaJoaQKobac+X+4VnAiuA/Zkc2IO5cL7w+20p/twF+Mkz0a4HzA+gC+oVOiBGRFQRMvMTv0W5w0p+uvrojXfx2urPP093CjXNox866gjqS060JJHUFvNdRPZgpQvp4ojoGpZT59MVcBOCKq+h+XAXAl5VGUOduleMvI4VXDyfQJHEH8Y3TskS4eWmj32hOPp1ncDQQvgtRcKqeH1bcN8cv/g+EtQ4gINZwz14ADXIgg14sXoUK+mUxsPWGIhKEAR25TkZu5UGIGL73ydLmyoIkXu38RHb3UeXtQSCYAvcivTppbDkXG0+2m7BkZhGF/i3gGXkrdJBsXNfBiHmGLOCJQfgXPUivZNEnRbIPbrGidELaGdB990sWE6ey1yS5XPm3g9+IPTaxP3mYg9UYum5WmUF3bRjZSAem6wNHQ0ki8eHErm/j4g+QgEAaJ73Y1HenYPX4oocl3hwAgZcESjijFwqdQB9dA6Wa3FoAwD4ptV+lL1jYsd7mbT9b6PP8uQNWIt7nO4Avjh9ibYmGUTdiEdtkd8N9molYqUV5N5snv3Ov9HHzJ5ncocbOHNSslH+kmOy0coIozc1xWgBwH10tfnCkKiXhRb55jZqCiFITq3kjvkifJYO+RlgNMLMlEXY2+1aBeL5k774TbZLop/JDJ4wWhKzYCzET5cf0jDZ39BzB+09HCu88xT2DjdcRvoHidY9nsnZtrbH0/q0PWu/vpE8skWWuy14dOYjN9IvPHqpUjglCAw5g7FR7m56tflF/2ml8cop5T9WLbyuG9cOVVPC9cXI/gA8cpHZohsGCqcwFAvSp01hPiioySKCbDsbhFIzVqgXuitBi&u=U2FsdGVkX18/nhmDWiLrn5lSvHkC9e1tVJA/ohHBFYNoQo4TIm4zkL/Jtrc3Bl7U&y=U2FsdGVkX1+mS82P4NGv3S/6jhN/dqpJFwC5lFywMiMNgw64cSopw6ZCw2LOpF6B HTTP/1.1" 200 60
186.154.184.247 - - [03/Dec/2023:14:29:16 -0500] "GET /kwssiamovil/sm/acme/a?s=U2FsdGVkX1/IuEwPLluVzk33wvf/OyV2DG2hZgrT4M20uCeCX6bNrNf6tdFJ20H5MztXQdNA6BpOW0/KS1qeJdqM+IBNMi37qr6MecDLF62Cvb0Vl2EfACRw8DWXu7DrmUih5Q98TluOS3tryi5o8tR3l0NQGle+pOddNNVETFvCiop6gh5O6JiVWmjueIFh/W2tYjNfbvjmVlFe369n39RrVhBfasQRWOyEKbbNGjedJagICq6RoiHVynN7twi+3lyOppg4/9y0VizMj+BmIEKGOnoBqV2sLqprdYz8YiYh8u+9J2WltyzxaDwbTAxMfxs4yzNJBIO8gdmkMPTLcQ==&u=U2FsdGVkX18/nhmDWiLrn5lSvHkC9e1tVJA/ohHBFYNoQo4TIm4zkL/Jtrc3Bl7U&y=U2FsdGVkX1+mS82P4NGv3S/6jhN/dqpJFwC5lFywMiMNgw64cSopw6ZCw2LOpF6B HTTP/1.1" 200 25
186.154.184.247 - - [03/Dec/2023:14:29:16 -0500] "GET /kwssiamovil/sm/acme/a?s=U2FsdGVkX1/Xy3UB/cjx+TEF+6FMSfCkh8GV0UbVq7ZJeO0NaR9MUD5fg4mgE3BHnYAF/XDX54t/f0XYayCuLPEfZ8DLyO/3UNtqmp0NUO6BaLNbmVTlZXfeWY8oAyKYY3cPLLN6YtPreMM9+E1FIAhruqCeFhEu4FC4EZE1xQq/Uq03pSZ8ZI+rKEcDUhjkY7QjMcecprpH914haN7vy0Rn8NzX/CBJEqfMH4XOnQXM5wXuISbaRBYQs7Pat8JF&u=U2FsdGVkX18/nhmDWiLrn5lSvHkC9e1tVJA/ohHBFYNoQo4TIm4zkL/Jtrc3Bl7U&y=U2FsdGVkX1+mS82P4NGv3S/6jhN/dqpJFwC5lFywMiMNgw64cSopw6ZCw2LOpF6B HTTP/1.1" 200 25
186.154.184.247 - - [03/Dec/2023:14:29:16 -0500] "GET /kwssiamovil/sm/acme/a?s=U2FsdGVkX181+PkIfdxAUXND4mk7f2DEXuuUk4qi6tZvIDTw46WM4sl+5X7vBft7IdENkIGztCfHkd9rDfJLfr76CzFno8ljnNpFDMfCFv9LNZaR+MIBGUfD4C6V/po61LmxzPQuwQo+ykYYVcADuMExrhaScHpt9UzlNT5wcs4=&u=U2FsdGVkX18/nhmDWiLrn5lSvHkC9e1tVJA/ohHBFYNoQo4TIm4zkL/Jtrc3Bl7U&y=U2FsdGVkX1+mS82P4NGv3S/6jhN/dqpJFwC5lFywMiMNgw64cSopw6ZCw2LOpF6B HTTP/1.1" 200 25
186.154.184.247 - - [03/Dec/2023:14:29:16 -0500] "GET /kwssiamovil/sm/acme/a?s=U2FsdGVkX1/IGKSFISP+fcZnwTodWNDDyyqBOAT8zQhaPmXXhISIokBHa1SBVMEUscVzvvLCC4OPmMCnsEQoBy4jNpuxfPBmhyImCFr79Q8GdiJQZR5rwxl86HJWKwBfBdTOxQsaPO2+QfcoKa50bHn7UgeHkMHJgTxkVtLA8kw=&u=U2FsdGVkX18/nhmDWiLrn5lSvHkC9e1tVJA/ohHBFYNoQo4TIm4zkL/Jtrc3Bl7U&y=U2FsdGVkX1+mS82P4NGv3S/6jhN/dqpJFwC5lFywMiMNgw64cSopw6ZCw2LOpF6B HTTP/1.1" 200 26
186.154.184.247 - - [03/Dec/2023:14:29:17 -0500] "GET /kwssiamovil/sm/acme/a?s=U2FsdGVkX19AiqGikzr7cf0A2t3eMgciy59uUo3kW1c+tk7HrWIATpgWchXooFGlQfpGLn+6M6eRDfphOtkls5zH8t7CH5shaInHpM32FE26PcB2QyP6SodQIQFLeS5zMt2zWL5Oj6UcU3e3f0XRRY9UmySt05JSrn+yGwu6Fal4ThoJ5lQLMSARXA9NzVQeUl+zh4YXbhxn3hmxI3S0qA==&u=U2FsdGVkX18/nhmDWiLrn5lSvHkC9e1tVJA/ohHBFYNoQo4TIm4zkL/Jtrc3Bl7U&y=U2FsdGVkX1+mS82P4NGv3S/6jhN/dqpJFwC5lFywMiMNgw64cSopw6ZCw2LOpF6B HTTP/1.1" 200 24
186.154.184.247 - - [03/Dec/2023:14:29:17 -0500] "GET /kwssiamovil/sm/acme/a?s=U2FsdGVkX18VWegv5gf4NFy5N6vvDRQDBXZyf3QdPETWrIW/bEZPYsQcigV5ZKV32pDzJurTcrWBtgS9cSsKCDgsyC/ozlJYe4lOE+5tpbKyjnrD/RsaojyBcZldW85nbjGZKUqfvqWOgsyT7svHnyVz3FtS9UMwCbcoSs+0TEqLX+B7UFfQEOAG1VISNfbnITtIb3ak1jKQLipOzpQ8Gg==&u=U2FsdGVkX18/nhmDWiLrn5lSvHkC9e1tVJA/ohHBFYNoQo4TIm4zkL/Jtrc3Bl7U&y=U2FsdGVkX1+mS82P4NGv3S/6jhN/dqpJFwC5lFywMiMNgw64cSopw6ZCw2LOpF6B HTTP/1.1" 200 24
186.154.184.247 - - [03/Dec/2023:14:29:17 -0500] "GET /kwssiamovil/sm/acme/a?s=U2FsdGVkX1+1ZzsmjNJq2zntydk6nD3+YwomZf0vNYZjbP8JlN2516dO9ZPKd2eghoGwO8rATJ973QO2f41sg/O3Xj/CmJhwNcjCSGTXDrNVFVlLTM03i6yNbwJj5jGeZnnZwjBV1xgv9bOurzqwv1vlq6llZkqjFN/YqqW7DnvDxSGR0nBo/6q1jwg1P+RslX/ysgM9l0z6Ad8g9/JXSbsOi5HmEyN0Lyx8LWDRbWN97wk76TpfXuDgHQpe7fmMPiiAAhzwkxN6hR2iu9vYkzLohOsl4n3YSzztIkActxpRXlAGw0G+dRR0gJh468I9nwiQowZqLqzUm2/lNi9kPtE+He04VbbXKUGmnGqCjjsNC27iVOyqbvyLGbDTTlpNJHjSaSSlvIiey9lyXlDuS/Guega39mmhG665M2NomEK6qTnk2VgjHpNfou4CbbzZ&u=U2FsdGVkX18/nhmDWiLrn5lSvHkC9e1tVJA/ohHBFYNoQo4TIm4zkL/Jtrc3Bl7U&y=U2FsdGVkX1+mS82P4NGv3S/6jhN/dqpJFwC5lFywMiMNgw64cSopw6ZCw2LOpF6B HTTP/1.1" 200 24
186.154.184.247 - - [03/Dec/2023:14:29:17 -0500] "GET /kwssiamovil/sm/acme/a?s=U2FsdGVkX19Nd1rDFqAE0qI9ML68yMPtxvHjB1GQGBf0umlEdfq5Kr9OfR/sKf2k5uy99Y1p8NWMxuMxZQoGs4s8Ngx1sP3Wng0RZnRXaBcBRyTdzJ6V1sp1ASK8RDRBQgmQDq7s/bdi8HvqAm9BhR3D+sPuNxaECX20DFSIZZ6lU/RBWqwanM5ldmpjD4YO&u=U2FsdGVkX18/nhmDWiLrn5lSvHkC9e1tVJA/ohHBFYNoQo4TIm4zkL/Jtrc3Bl7U&y=U2FsdGVkX1+mS82P4NGv3S/6jhN/dqpJFwC5lFywMiMNgw64cSopw6ZCw2LOpF6B HTTP/1.1" 200 26
186.154.184.247 - - [03/Dec/2023:14:29:17 -0500] "GET /kwssiamovil/sm/acme/a?s=U2FsdGVkX1/jNB4e8H5gCau04dlWBolw+13U6Sahj2FlbOO7mp8E5eZsvSQI3wz7pfJf2pXify/DuDZT9NqilI86O3Qf6TzD7w6kn4g6Buo8O2O6AcTvMsJEpGZHXa8Fe7QnkANvwSAg5cEe/KkK7SouALRbZnuGysDPZ3xypIoSIJhJ2+7ryjWDK/q7Iwa9U3AJ4bKDx4xU/BofH76QpdztIkvyulqwEiXgXtKWVt521Cvg5UmbZZS10X/LNOLSLm4eddzu8fuEUNRjrFbQ9yAqHa8loltdnKb0a0jcC7INCyprRvnVET9gAIhoZ3uan4DENaiffCPLKb7uqVroESqPD63wznITe2Jz3pOB0h2gYDTNZ8/dRrIlpElv9fA9jJFxBFoSJ/Uo0RwEv+FdLfdJfl/yxXIUkyJmeGBQwMg=&u=U2FsdGVkX18/nhmDWiLrn5lSvHkC9e1tVJA/ohHBFYNoQo4TIm4zkL/Jtrc3Bl7U&y=U2FsdGVkX1+mS82P4NGv3S/6jhN/dqpJFwC5lFywMiMNgw64cSopw6ZCw2LOpF6B HTTP/1.1" 200 25
120.71.1.48 - - [03/Dec/2023:14:29:22 -0500] "GET http://190.27.245.106:80/phpMyAdmin-2.5.5/scripts/setup.php HTTP/1.0" 403 1165
120.71.1.48 - - [03/Dec/2023:14:29:23 -0500] "GET http://190.27.245.106:80/phpMyAdmin-2.5.4/scripts/setup.php HTTP/1.0" 403 1165
120.71.1.48 - - [03/Dec/2023:14:29:24 -0500] "GET http://190.27.245.106:80/phpMyAdmin-2.5.7-pl1/scripts/setup.php HTTP/1.0" 403 1165
120.71.1.48 - - [03/Dec/2023:14:29:24 -0500] "GET http://190.27.245.106:80/admin/pma/scripts/setup.php HTTP/1.0" 404 1018
201.245.192.253 - - [03/Dec/2023:14:29:29 -0500] "POST /kwsrmcab/Wsrmcab  HTTP/1.1" 200 41956
120.71.1.48 - - [03/Dec/2023:14:29:32 -0500] "GET http://190.27.245.106:80/phpMyAdmin-2/scripts/setup.php HTTP/1.0" 403 1165
120.71.1.48 - - [03/Dec/2023:14:29:33 -0500] "GET http://190.27.245.106:80/web/phpMyAdmin/scripts/setup.php HTTP/1.0" 404 1018
120.71.1.48 - - [03/Dec/2023:14:29:41 -0500] "GET http://190.27.245.106:80/webadmin/scripts/setup.php HTTP/1.0" 404 1018
120.71.1.48 - - [03/Dec/2023:14:29:42 -0500] "GET http://190.27.245.106:80/admin/scripts/setup.php HTTP/1.0" 404 1018
120.71.1.48 - - [03/Dec/2023:14:29:50 -0500] "GET http://190.27.245.106:80/dbadmin/scripts/setup.php HTTP/1.0" 404 1018
120.71.1.48 - - [03/Dec/2023:14:29:50 -0500] "GET http://190.27.245.106:80/mysql/scripts/setup.php HTTP/1.0" 404 1018
120.71.1.48 - - [03/Dec/2023:14:29:58 -0500] "GET http://190.27.245.106:80/phpMyAdmin2/scripts/setup.php HTTP/1.0" 403 1165
120.71.1.48 - - [03/Dec/2023:14:29:59 -0500] "GET http://190.27.245.106:80/phpma/scripts/setup.php HTTP/1.0" 404 1018
120.71.1.48 - - [03/Dec/2023:14:30:06 -0500] "GET http://190.27.245.106:80/sqlweb/scripts/setup.php HTTP/1.0" 404 1018
120.71.1.48 - - [03/Dec/2023:14:30:07 -0500] "GET http://190.27.245.106:80/webdb/scripts/setup.php HTTP/1.0" 404 1018
120.71.1.48 - - [03/Dec/2023:14:30:10 -0500] "GET http://190.27.245.106:80/websql/scripts/setup.php HTTP/1.0" 404 1018
120.71.1.48 - - [03/Dec/2023:14:30:10 -0500] "GET http://190.27.245.106:80/_phpMyAdmin/scripts/setup.php HTTP/1.0" 404 1018
120.71.1.48 - - [03/Dec/2023:14:30:15 -0500] "GET http://190.27.245.106:80/php/scripts/setup.php HTTP/1.0" 404 1018
120.71.1.48 - - [03/Dec/2023:14:30:16 -0500] "GET http://190.27.245.106:80/admin/phpmyadmin/scripts/setup.txt HTTP/1.0" 404 1018
186.28.146.234 - - [03/Dec/2023:14:30:22 -0500] "GET /BLA/resoluciones/index.php HTTP/1.1" 200 13696
120.71.1.48 - - [03/Dec/2023:14:30:23 -0500] "GET http://190.27.245.106:80/db/scripts/setup.php HTTP/1.0" 404 1018
120.71.1.48 - - [03/Dec/2023:14:30:24 -0500] "GET http://190.27.245.106:80/sqlmanager/scripts/setup.php HTTP/1.0" 404 1018
120.71.1.48 - - [03/Dec/2023:14:30:25 -0500] "GET http://190.27.245.106:80/mysqlmanager/scripts/setup.php HTTP/1.0" 404 1018
201.245.192.253 - - [03/Dec/2023:14:30:25 -0500] "POST /forms/lservlet;jsessionid=ac16012b30d64ec0b0a9f85d4cd0acdf8f65235348eb.e3iSbxaKaheRe3eRa38MahaQbi1ynknvrkLOlQzNp65In0 HTTP/1.1" 200 2
120.71.1.48 - - [03/Dec/2023:14:30:25 -0500] "GET http://190.27.245.106:80/phpmanager/scripts/setup.php HTTP/1.0" 404 1018
120.71.1.48 - - [03/Dec/2023:14:30:26 -0500] "GET http://190.27.245.106:80/php-myadmin/scripts/setup.php HTTP/1.0" 404 1018
186.28.146.234 - - [03/Dec/2023:14:30:26 -0500] "GET /BLA/resoluciones/index.php?dir=AUTOS+2020%2F HTTP/1.1" 200 332687
120.71.1.48 - - [03/Dec/2023:14:30:30 -0500] "GET http://190.27.245.106:80/phpmy-admin/scripts/setup.php HTTP/1.0" 404 1018
201.245.192.253 - - [03/Dec/2023:14:30:35 -0500] "POST /kwsrmcab/Wsrmcab HTTP/1.1" 200 39895
120.71.1.48 - - [03/Dec/2023:14:30:37 -0500] "GET http://190.27.245.106:80/mysql-admin/scripts/setup.php HTTP/1.0" 404 1018
201.245.192.253 - - [03/Dec/2023:14:30:40 -0500] "POST /forms/lservlet;jsessionid=ac16012b30d66bd79d5a81354b569b64ca0b03586396.e3iSbxaKaheRe3eRa38MahaQbi1ynknvrkLOlQzNp65In0 HTTP/1.1" 200 2
201.245.192.253 - - [03/Dec/2023:14:30:44 -0500] "POST /kwsrmcab/Wsrmcab HTTP/1.1" 200 37879
201.245.192.253 - - [03/Dec/2023:14:32:25 -0500] "POST /forms/lservlet;jsessionid=ac16012b30d64ec0b0a9f85d4cd0acdf8f65235348eb.e3iSbxaKaheRe3eRa38MahaQbi1ynknvrkLOlQzNp65In0 HTTP/1.1" 200 2
172.22.2.4 - - [03/Dec/2023:14:30:46 -0500] "HEAD /BLA/boletinlegal/ HTTP/1.1" 200 -
201.245.192.253 - - [03/Dec/2023:14:32:40 -0500] "POST /forms/lservlet;jsessionid=ac16012b30d66bd79d5a81354b569b64ca0b03586396.e3iSbxaKaheRe3eRa38MahaQbi1ynknvrkLOlQzNp65In0 HTTP/1.1" 200 2
216.245.221.92 - - [03/Dec/2023:14:33:14 -0500] "HEAD / HTTP/1.1" 200 -
172.22.2.4 - - [03/Dec/2023:14:31:37 -0500] "GET /BLA/boletinlegal/ HTTP/1.1" 200 58644
186.84.22.243 - - [03/Dec/2023:14:33:29 -0500] "GET /appsia/controlador HTTP/1.1" 200 4799
186.84.22.243 - - [03/Dec/2023:14:33:29 -0500] "GET /appsia/css/estilos.css HTTP/1.1" 200 4804
186.84.22.243 - - [03/Dec/2023:14:33:29 -0500] "GET /appsia/scripts/validarIngreso.js HTTP/1.1" 200 851
186.84.22.243 - - [03/Dec/2023:14:33:29 -0500] "GET /appsia/images/logo_bogota_p.png HTTP/1.1" 200 14951
186.84.22.243 - - [03/Dec/2023:14:33:29 -0500] "GET /appsia/images/cabezoteHojaVida.png HTTP/1.1" 200 32493
186.84.22.243 - - [03/Dec/2023:14:33:29 -0500] "GET /favicon.ico HTTP/1.1" 200 7782
66.249.66.195 - - [03/Dec/2023:14:33:38 -0500] "GET /semana-bogota-reverdece-inventario-de-emisiones-de-gases-efecto-invernadero-2022-mostro-una-reduccion-de-19-8.html HTTP/1.1" 200 878
186.84.22.243 - - [03/Dec/2023:14:33:44 -0500] "POST /appsia/controlador HTTP/1.1" 200 5437
186.84.22.243 - - [03/Dec/2023:14:33:50 -0500] "POST /appsia/controlador HTTP/1.1" 200 7771
186.84.22.243 - - [03/Dec/2023:14:33:55 -0500] "POST /appsia/controlador HTTP/1.1" 200 6636
186.84.22.243 - - [03/Dec/2023:14:33:57 -0500] "POST /appsia/controlador HTTP/1.1" 200 12113
40.77.167.73 - - [03/Dec/2023:14:34:06 -0500] "GET /BLA/resoluciones/AUTOS%202017/3059.pdf HTTP/1.1" 200 290232
186.82.9.43 - - [03/Dec/2023:14:34:16 -0500] "GET /portaldeninos/ HTTP/1.1" 200 110175
186.82.9.43 - - [03/Dec/2023:14:34:18 -0500] "GET /portaldeninos/wp-includes/js/wp-emoji-release.min.js?ver=4.9.8 HTTP/1.1" 200 12026
186.82.9.43 - - [03/Dec/2023:14:34:18 -0500] "GET /portaldeninos/wp-content/plugins/gallery-videos/CSS/Total-Soft-Gallery-Video-Widget.css?ver=4.9.8 HTTP/1.1" 200 51554
186.82.9.43 - - [03/Dec/2023:14:34:18 -0500] "GET /portaldeninos/wp-content/uploads/useanyfont/uaf.css?ver=1589905315 HTTP/1.1" 200 408
186.82.9.43 - - [03/Dec/2023:14:34:18 -0500] "GET /portaldeninos/wp-content/themes/betheme/style.css?ver=20.9.6 HTTP/1.1" 200 287
186.82.9.43 - - [03/Dec/2023:14:34:18 -0500] "GET /portaldeninos/wp-content/plugins/gallery-videos/CSS/totalsoft.css?ver=4.9.8 HTTP/1.1" 200 40622
186.82.9.43 - - [03/Dec/2023:14:34:18 -0500] "GET /portaldeninos/wp-content/themes/betheme/css/layout.css?ver=20.9.6 HTTP/1.1" 200 116639
186.82.9.43 - - [03/Dec/2023:14:34:18 -0500] "GET /portaldeninos/wp-content/themes/betheme/css/base.css?ver=20.9.6 HTTP/1.1" 200 57283
186.82.9.43 - - [03/Dec/2023:14:34:18 -0500] "GET /portaldeninos/wp-content/themes/betheme/css/shortcodes.css?ver=20.9.6 HTTP/1.1" 200 138889
186.82.9.43 - - [03/Dec/2023:14:34:18 -0500] "GET /portaldeninos/wp-content/themes/betheme/assets/ui/jquery.ui.all.css?ver=20.9.6 HTTP/1.1" 200 18765
186.82.9.43 - - [03/Dec/2023:14:34:18 -0500] "GET /portaldeninos/wp-content/themes/betheme/assets/jplayer/css/jplayer.blue.monday.css?ver=20.9.6 HTTP/1.1" 200 9834
186.82.9.43 - - [03/Dec/2023:14:34:18 -0500] "GET /portaldeninos/wp-content/themes/betheme/assets/animations/animations.min.css?ver=20.9.6 HTTP/1.1" 200 58508
186.82.9.43 - - [03/Dec/2023:14:34:18 -0500] "GET /portaldeninos/wp-content/plugins/popup-maker/assets/css/site.min.css?ver=1.8.14 HTTP/1.1" 200 8260
186.82.9.43 - - [03/Dec/2023:14:34:18 -0500] "GET /portaldeninos/wp-content/themes/betheme/css/responsive.css?ver=20.9.6 HTTP/1.1" 200 55740
186.82.9.43 - - [03/Dec/2023:14:34:18 -0500] "GET /portaldeninos/wp-content/plugins/google-analytics-for-wordpress/assets/js/frontend-gtag.min.js?ver=8.5.0 HTTP/1.1" 200 11801
186.82.9.43 - - [03/Dec/2023:14:34:18 -0500] "GET /portaldeninos/wp-includes/js/jquery/jquery-migrate.min.js?ver=1.4.1 HTTP/1.1" 200 10056
186.82.9.43 - - [03/Dec/2023:14:34:18 -0500] "GET /portaldeninos/wp-includes/js/jquery/ui/core.min.js?ver=1.11.4 HTTP/1.1" 200 4000
186.82.9.43 - - [03/Dec/2023:14:34:18 -0500] "GET /portaldeninos/wp-content/plugins/gallery-videos/JS/modernizr.custom.js?ver=4.9.8 HTTP/1.1" 200 9019
186.82.9.43 - - [03/Dec/2023:14:34:18 -0500] "GET /portaldeninos/wp-includes/js/jquery/jquery.js?ver=1.12.4 HTTP/1.1" 200 97184
186.82.9.43 - - [03/Dec/2023:14:34:18 -0500] "GET /portaldeninos/wp-content/plugins/gallery-videos/JS/Total-Soft-Gallery-Video-Widget.js?ver=4.9.8 HTTP/1.1" 200 80264
186.82.9.43 - - [03/Dec/2023:14:34:19 -0500] "GET /portaldeninos/wp-content/uploads/2021/06/titulo-cabezote-ni%C3%B1os.png HTTP/1.1" 200 64425
186.82.9.43 - - [03/Dec/2023:14:34:19 -0500] "GET /portaldeninos/wp-content/uploads/2019/08/Logo-Ambientic.png HTTP/1.1" 200 22941
186.82.9.43 - - [03/Dec/2023:14:34:20 -0500] "GET /portaldeninos/wp-includes/js/jquery/ui/widget.min.js?ver=1.11.4 HTTP/1.1" 200 6908
186.82.9.43 - - [03/Dec/2023:14:34:20 -0500] "GET /portaldeninos/wp-includes/js/jquery/ui/mouse.min.js?ver=1.11.4 HTTP/1.1" 200 3148
186.82.9.43 - - [03/Dec/2023:14:34:20 -0500] "GET /portaldeninos/wp-includes/js/jquery/ui/accordion.min.js?ver=1.11.4 HTTP/1.1" 200 8584
186.82.9.43 - - [03/Dec/2023:14:34:20 -0500] "GET /portaldeninos/wp-includes/js/jquery/ui/tabs.min.js?ver=1.11.4 HTTP/1.1" 200 12110
186.82.9.43 - - [03/Dec/2023:14:34:20 -0500] "GET /portaldeninos/wp-includes/js/jquery/ui/sortable.min.js?ver=1.11.4 HTTP/1.1" 200 24899
186.82.9.43 - - [03/Dec/2023:14:34:20 -0500] "GET /portaldeninos/wp-content/themes/betheme/js/plugins.js?ver=20.9.6 HTTP/1.1" 200 197151
186.82.9.43 - - [03/Dec/2023:14:34:21 -0500] "GET /portaldeninos/wp-content/themes/betheme/js/menu.js?ver=20.9.6 HTTP/1.1" 200 2449
186.82.9.43 - - [03/Dec/2023:14:34:21 -0500] "GET /portaldeninos/wp-content/themes/betheme/assets/animations/animations.min.js?ver=20.9.6 HTTP/1.1" 200 1896
186.82.9.43 - - [03/Dec/2023:14:34:21 -0500] "GET /portaldeninos/wp-includes/js/jquery/ui/position.min.js?ver=1.11.4 HTTP/1.1" 200 6527
186.82.9.43 - - [03/Dec/2023:14:34:21 -0500] "GET /portaldeninos/wp-content/themes/betheme/assets/jplayer/jplayer.min.js?ver=20.9.6 HTTP/1.1" 200 52702
186.82.9.43 - - [03/Dec/2023:14:34:21 -0500] "GET /portaldeninos/wp-content/themes/betheme/js/scripts.js?ver=20.9.6 HTTP/1.1" 200 77162
186.82.9.43 - - [03/Dec/2023:14:34:21 -0500] "GET /portaldeninos/wp-content/plugins/popup-maker/assets/js/site.min.js?defer&ver=1.8.14 HTTP/1.1" 200 48457
186.82.9.43 - - [03/Dec/2023:14:34:21 -0500] "GET /portaldeninos/wp-includes/js/wp-embed.min.js?ver=4.9.8 HTTP/1.1" 200 1398
186.82.9.43 - - [03/Dec/2023:14:34:21 -0500] "GET /portaldeninos/wp-content/uploads/2021/06/titulo-miambiente-ni%C3%B1os.png HTTP/1.1" 200 11944
186.82.9.43 - - [03/Dec/2023:14:34:21 -0500] "GET /portaldeninos/wp-content/uploads/2021/06/titulo-videos-ni%C3%B1os.png HTTP/1.1" 200 10502
186.82.9.43 - - [03/Dec/2023:14:34:21 -0500] "GET /portaldeninos/wp-content/uploads/2020/01/Tierra-escenario.jpg HTTP/1.1" 200 181491
186.82.9.43 - - [03/Dec/2023:14:34:21 -0500] "GET /portaldeninos/wp-content/uploads/2021/06/titulo-humedales-ni%C3%B1os.png HTTP/1.1" 200 13361
186.82.9.43 - - [03/Dec/2023:14:34:21 -0500] "GET /portaldeninos/wp-content/uploads/2020/01/Frailejon-escenario.jpg HTTP/1.1" 200 357472
186.82.9.43 - - [03/Dec/2023:14:34:21 -0500] "GET /portaldeninos/wp-content/uploads/2018/10/oso.jpg HTTP/1.1" 200 305180
186.82.9.43 - - [03/Dec/2023:14:34:21 -0500] "GET /portaldeninos/wp-content/uploads/2018/11/tigrillo.jpg HTTP/1.1" 200 402961
186.82.9.43 - - [03/Dec/2023:14:34:21 -0500] "GET /portaldeninos/wp-content/uploads/2018/11/caneca.jpg HTTP/1.1" 200 262661
186.82.9.43 - - [03/Dec/2023:14:34:22 -0500] "GET /portaldeninos/wp-content/uploads/2020/05/fb.jpg HTTP/1.1" 200 9893
186.82.9.43 - - [03/Dec/2023:14:34:22 -0500] "GET /portaldeninos/wp-content/uploads/2020/05/ig.jpg HTTP/1.1" 200 11470
186.82.9.43 - - [03/Dec/2023:14:34:22 -0500] "GET /portaldeninos/wp-content/uploads/2020/06/yt.jpg HTTP/1.1" 200 10577
186.82.9.43 - - [03/Dec/2023:14:34:22 -0500] "GET /portaldeninos/wp-content/uploads/2020/06/tw.jpg HTTP/1.1" 200 11056
186.82.9.43 - - [03/Dec/2023:14:34:22 -0500] "GET /portaldeninos/wp-content/uploads/2022/08/Infograf%C3%ADa-humedales-actualizada.png HTTP/1.1" 200 588022
186.82.9.43 - - [03/Dec/2023:14:34:23 -0500] "GET /portaldeninos/wp-content/themes/betheme/images/box_shadow.png HTTP/1.1" 200 108
186.82.9.43 - - [03/Dec/2023:14:34:22 -0500] "GET /portaldeninos/wp-content/uploads/2022/08/HUmedalConejera03-1.jpg HTTP/1.1" 200 1105256
201.245.192.253 - - [03/Dec/2023:14:34:25 -0500] "POST /forms/lservlet;jsessionid=ac16012b30d64ec0b0a9f85d4cd0acdf8f65235348eb.e3iSbxaKaheRe3eRa38MahaQbi1ynknvrkLOlQzNp65In0 HTTP/1.1" 200 2
201.245.192.253 - - [03/Dec/2023:14:34:26 -0500] "POST /kwsrmcab/Wsrmcab  HTTP/1.1" 200 41956
201.245.192.253 - - [03/Dec/2023:14:34:40 -0500] "POST /forms/lservlet;jsessionid=ac16012b30d66bd79d5a81354b569b64ca0b03586396.e3iSbxaKaheRe3eRa38MahaQbi1ynknvrkLOlQzNp65In0 HTTP/1.1" 200 2
186.84.22.243 - - [03/Dec/2023:14:34:38 -0500] "POST /appsia/controlador HTTP/1.1" 200 76049
186.84.22.243 - - [03/Dec/2023:14:36:04 -0500] "POST /appsia/controlador HTTP/1.1" 200 7771
186.84.22.243 - - [03/Dec/2023:14:36:08 -0500] "POST /appsia/controlador HTTP/1.1" 200 6636
186.84.22.243 - - [03/Dec/2023:14:36:10 -0500] "POST /appsia/controlador HTTP/1.1" 200 10942
201.245.192.253 - - [03/Dec/2023:14:36:25 -0500] "POST /forms/lservlet;jsessionid=ac16012b30d64ec0b0a9f85d4cd0acdf8f65235348eb.e3iSbxaKaheRe3eRa38MahaQbi1ynknvrkLOlQzNp65In0 HTTP/1.1" 200 2
201.245.192.253 - - [03/Dec/2023:14:36:40 -0500] "POST /forms/lservlet;jsessionid=ac16012b30d66bd79d5a81354b569b64ca0b03586396.e3iSbxaKaheRe3eRa38MahaQbi1ynknvrkLOlQzNp65In0 HTTP/1.1" 200 2
186.84.22.243 - - [03/Dec/2023:14:36:39 -0500] "POST /appsia/controlador HTTP/1.1" 200 75913
201.245.192.253 - - [03/Dec/2023:14:36:55 -0500] "POST /kwsrmcab/Wsrmcab HTTP/1.1" 200 39895
201.245.192.253 - - [03/Dec/2023:14:36:58 -0500] "POST /kwsrmcab/Wsrmcab HTTP/1.1" 200 37879
85.208.96.201 - - [03/Dec/2023:14:37:52 -0500] "GET /robots.txt HTTP/1.1" 404 1035
185.191.171.4 - - [03/Dec/2023:14:37:53 -0500] "GET /portaldeninos/biodiversidad HTTP/1.1" 301 -
185.191.171.16 - - [03/Dec/2023:14:37:55 -0500] "GET /portaldeninos/biodiversidad/ HTTP/1.1" 200 86633
216.245.221.92 - - [03/Dec/2023:14:38:14 -0500] "HEAD / HTTP/1.1" 200 -
172.22.2.4 - - [03/Dec/2023:14:36:36 -0500] "HEAD /BLA/boletinlegal/ HTTP/1.1" 200 -
201.245.192.253 - - [03/Dec/2023:14:38:25 -0500] "POST /forms/lservlet;jsessionid=ac16012b30d64ec0b0a9f85d4cd0acdf8f65235348eb.e3iSbxaKaheRe3eRa38MahaQbi1ynknvrkLOlQzNp65In0 HTTP/1.1" 200 2
201.245.192.253 - - [03/Dec/2023:14:38:40 -0500] "POST /forms/lservlet;jsessionid=ac16012b30d66bd79d5a81354b569b64ca0b03586396.e3iSbxaKaheRe3eRa38MahaQbi1ynknvrkLOlQzNp65In0 HTTP/1.1" 200 2
172.22.2.4 - - [03/Dec/2023:14:37:27 -0500] "GET /BLA/boletinlegal/ HTTP/1.1" 200 60634
52.167.144.238 - - [03/Dec/2023:14:39:13 -0500] "GET /BLA/resoluciones/AUTOS%202017/3183.pdf HTTP/1.1" 200 274204
201.245.192.253 - - [03/Dec/2023:14:39:25 -0500] "POST /kwsrmcab/Wsrmcab  HTTP/1.1" 200 41956
201.245.192.253 - - [03/Dec/2023:14:40:25 -0500] "POST /forms/lservlet;jsessionid=ac16012b30d64ec0b0a9f85d4cd0acdf8f65235348eb.e3iSbxaKaheRe3eRa38MahaQbi1ynknvrkLOlQzNp65In0 HTTP/1.1" 200 2
201.245.192.253 - - [03/Dec/2023:14:40:35 -0500] "POST /kwsrmcab/Wsrmcab HTTP/1.1" 200 39895
201.245.192.253 - - [03/Dec/2023:14:40:40 -0500] "POST /forms/lservlet;jsessionid=ac16012b30d66bd79d5a81354b569b64ca0b03586396.e3iSbxaKaheRe3eRa38MahaQbi1ynknvrkLOlQzNp65In0 HTTP/1.1" 200 2
201.245.192.253 - - [03/Dec/2023:14:40:44 -0500] "POST /kwsrmcab/Wsrmcab HTTP/1.1" 200 37879
186.154.184.247 - - [03/Dec/2023:14:40:50 -0500] "GET /kwssiamovil/sm/acme/s?s=U2FsdGVkX1/94+OoM0klD8BT2V0h6srL5l59DFd5kKjH8eGU2LVpDI7v20yeFaj0ucI4mDQaoyvJFYNyBAYJDiQGGZYomWXqs8Nqskc4INottTE1LQ/5+Zy9yLTaBYI6LjASK13LIlJSZCMD0HSqxLy2AHJEX/Ss1hNSD/DCvXDbjXhcX5fOMG0+xG1KRJsWbLPdU8U+RmNPxsIa5ptmMTpMt0G30BL4qUCN7Ci3Kr/qTOjI7LnKH16LHCRi1jIVY7A0ssQkCP2zn+zXXMpX9bMvFQCbzUYh+Nj5Z66r7PGrp2PmQRMLBBcDJwA6HYS3G8M1o4CxfAJWJMeGUYXqV74lSpWrhrNdgRMWhLq0ztBV50mBHdEpqCAQraF5Dx08&u=U2FsdGVkX18/nhmDWiLrn5lSvHkC9e1tVJA/ohHBFYNoQo4TIm4zkL/Jtrc3Bl7U&y=U2FsdGVkX1+mS82P4NGv3S/6jhN/dqpJFwC5lFywMiMNgw64cSopw6ZCw2LOpF6B HTTP/1.1" 200 90
186.154.184.247 - - [03/Dec/2023:14:40:51 -0500] "OPTIONS /kwssiamovil/sm/setfile/f? HTTP/1.1" 200 13
186.154.184.247 - - [03/Dec/2023:14:40:51 -0500] "POST /kwssiamovil/sm/setfile/f? HTTP/1.1" 200 381
186.154.184.247 - - [03/Dec/2023:14:40:53 -0500] "OPTIONS /kwssiamovil/sm/setfile/f? HTTP/1.1" 200 13
186.154.184.247 - - [03/Dec/2023:14:40:53 -0500] "POST /kwssiamovil/sm/setfile/f? HTTP/1.1" 200 381
186.154.184.247 - - [03/Dec/2023:14:40:53 -0500] "GET /kwssiamovil/sm/acme/s?s=U2FsdGVkX1+ctURapGrhsKrOh5nwbfW7RXPpoo/+9tNOuLnlTKy9bbyiR88yH3Xcaj0078LKt1kW/iScZpNpw2WU18wqiZNqIQLaNXq26OEWWTRf53BVMnq5+vOPfqcQ+iNEVeh9PPp+R+dwWM1iXMFTcHeI6BVlDNSwB4efYUae4tzaQMuvHs7FnX2yQKByjciRHkg5e6QQCKWJnfHqXhegfqlniJ5dFToR41iqKzP6nlB9afNIFrotmxOEEY1XaukzSyP+2bv2tLqk5PU6yrwEFs/3bwetlOxO4zVb4ffuq+LeqXYGt3pvKLkcKoqssAqFyksscN7G1eh9lA6jHrKdFgvtsszcNNHBCT3pwP/s09GKaNKO7FFBHnJvLT0x&u=U2FsdGVkX18/nhmDWiLrn5lSvHkC9e1tVJA/ohHBFYNoQo4TIm4zkL/Jtrc3Bl7U&y=U2FsdGVkX1+mS82P4NGv3S/6jhN/dqpJFwC5lFywMiMNgw64cSopw6ZCw2LOpF6B HTTP/1.1" 200 90
186.154.184.247 - - [03/Dec/2023:14:41:01 -0500] "GET /kwssiamovil/sm/acme/a?s=U2FsdGVkX1/9yO/LvLz+S4g9Agez0c1PiS3+t1n+q4prZUj1wnRfa2fFkmdTtjsVk9JkWaW+0PQr/LeC+GeypWu1An23+KmgoJzD7gQQyfvfwCeBDhj+jnW7medP+35p6ewpyGLVrrt9+iTt55K3lg44Nm1PT9UnRs2mYLZyuuB+HboK6Txu5IXnB5a5R1UNXgj/2THvJ5I9qXDn2X0ZduGWdmkoluLT0VCoJ3fCgckyTks6pwOMixxRs8fUppo9/FM+Rljcoofy/QJsmfQ/oQ==&u=U2FsdGVkX18/nhmDWiLrn5lSvHkC9e1tVJA/ohHBFYNoQo4TIm4zkL/Jtrc3Bl7U&y=U2FsdGVkX1+mS82P4NGv3S/6jhN/dqpJFwC5lFywMiMNgw64cSopw6ZCw2LOpF6B HTTP/1.1" 200 26
