66.249.66.21 - - [03/Dec/2023:06:31:31 -0500] "GET /resoluciones/RESOLUCIONES%202007/RES%202007%202301%20AL%202400/RESOLUCION%202370%20DE%202007.pdf HTTP/1.1" 404 1018
201.245.192.253 - - [03/Dec/2023:06:31:38 -0500] "POST /kwsrmcab/Wsrmcab  HTTP/1.1" 200 41956
66.249.66.20 - - [03/Dec/2023:06:31:43 -0500] "GET /BLA/resoluciones/RESOLUCIONES%202009/6603.pdf HTTP/1.1" 200 503889
201.245.192.253 - - [03/Dec/2023:06:32:23 -0500] "POST /forms/lservlet;jsessionid=ac16012b30d64ec0b0a9f85d4cd0acdf8f65235348eb.e3iSbxaKaheRe3eRa38MahaQbi1ynknvrkLOlQzNp65In0 HTTP/1.1" 200 2
66.249.66.20 - - [03/Dec/2023:06:32:30 -0500] "GET /BLA/resoluciones/Notificaciones/AUTOS%202022/6251.pdf HTTP/1.1" 200 606474
201.245.192.253 - - [03/Dec/2023:06:32:39 -0500] "POST /forms/lservlet;jsessionid=ac16012b30d66bd79d5a81354b569b64ca0b03586396.e3iSbxaKaheRe3eRa38MahaQbi1ynknvrkLOlQzNp65In0 HTTP/1.1" 200 2
172.22.2.4 - - [03/Dec/2023:06:32:48 -0500] "GET /BLA/boletinlegal/robots.txt HTTP/1.1" 404 1038
172.22.2.4 - - [03/Dec/2023:06:32:49 -0500] "GET /BLA/boletinlegal/Circulares/2019/Circular%2000020%20del%2020%20de%20diciembre%20de%202019.pdf HTTP/1.1" 200 145170
216.245.221.92 - - [03/Dec/2023:06:33:15 -0500] "HEAD / HTTP/1.1" 200 -
172.22.2.4 - - [03/Dec/2023:06:32:16 -0500] "HEAD /BLA/boletinlegal/ HTTP/1.1" 200 -
201.245.192.253 - - [03/Dec/2023:06:34:23 -0500] "POST /forms/lservlet;jsessionid=ac16012b30d64ec0b0a9f85d4cd0acdf8f65235348eb.e3iSbxaKaheRe3eRa38MahaQbi1ynknvrkLOlQzNp65In0 HTTP/1.1" 200 2
201.245.192.253 - - [03/Dec/2023:06:34:39 -0500] "POST /forms/lservlet;jsessionid=ac16012b30d66bd79d5a81354b569b64ca0b03586396.e3iSbxaKaheRe3eRa38MahaQbi1ynknvrkLOlQzNp65In0 HTTP/1.1" 200 2
172.22.2.4 - - [03/Dec/2023:06:33:07 -0500] "GET /BLA/boletinlegal/ HTTP/1.1" 200 58294
66.249.66.20 - - [03/Dec/2023:06:35:42 -0500] "GET /BLA/resoluciones/RESOLUCIONES%202011/0256.pdf HTTP/1.1" 200 306093
201.245.192.253 - - [03/Dec/2023:06:36:23 -0500] "POST /forms/lservlet;jsessionid=ac16012b30d64ec0b0a9f85d4cd0acdf8f65235348eb.e3iSbxaKaheRe3eRa38MahaQbi1ynknvrkLOlQzNp65In0 HTTP/1.1" 200 2
201.245.192.253 - - [03/Dec/2023:06:36:39 -0500] "POST /forms/lservlet;jsessionid=ac16012b30d66bd79d5a81354b569b64ca0b03586396.e3iSbxaKaheRe3eRa38MahaQbi1ynknvrkLOlQzNp65In0 HTTP/1.1" 200 2
201.245.192.253 - - [03/Dec/2023:06:36:37 -0500] "POST /kwsrmcab/Wsrmcab  HTTP/1.1" 200 41956
201.245.192.253 - - [03/Dec/2023:06:36:56 -0500] "POST /kwsrmcab/Wsrmcab HTTP/1.1" 200 41066
201.245.192.253 - - [03/Dec/2023:06:37:00 -0500] "POST /kwsrmcab/Wsrmcab HTTP/1.1" 200 36411
66.249.66.19 - - [03/Dec/2023:06:38:04 -0500] "GET /resoluciones/RESOLUCIONES%202009/0131.pdf HTTP/1.1" 404 1018
216.245.221.92 - - [03/Dec/2023:06:38:15 -0500] "HEAD / HTTP/1.1" 200 -
201.245.192.253 - - [03/Dec/2023:06:38:23 -0500] "POST /forms/lservlet;jsessionid=ac16012b30d64ec0b0a9f85d4cd0acdf8f65235348eb.e3iSbxaKaheRe3eRa38MahaQbi1ynknvrkLOlQzNp65In0 HTTP/1.1" 200 2
201.245.192.253 - - [03/Dec/2023:06:38:39 -0500] "POST /forms/lservlet;jsessionid=ac16012b30d66bd79d5a81354b569b64ca0b03586396.e3iSbxaKaheRe3eRa38MahaQbi1ynknvrkLOlQzNp65In0 HTTP/1.1" 200 2
66.249.66.19 - - [03/Dec/2023:06:39:18 -0500] "GET /BLA/resoluciones/RESOLUCIONES%202011/3393.pdf HTTP/1.1" 200 626248
66.249.66.20 - - [03/Dec/2023:06:39:36 -0500] "GET /BLA/resoluciones/RESOLUCIONES%202010/5865.pdf HTTP/1.1" 200 138398
172.22.2.4 - - [03/Dec/2023:06:38:06 -0500] "HEAD /BLA/boletinlegal/ HTTP/1.1" 200 -
201.245.192.253 - - [03/Dec/2023:06:40:23 -0500] "POST /forms/lservlet;jsessionid=ac16012b30d64ec0b0a9f85d4cd0acdf8f65235348eb.e3iSbxaKaheRe3eRa38MahaQbi1ynknvrkLOlQzNp65In0 HTTP/1.1" 200 2
172.22.2.4 - - [03/Dec/2023:06:38:57 -0500] "GET /BLA/boletinlegal/ HTTP/1.1" 200 58644
201.245.192.253 - - [03/Dec/2023:06:40:36 -0500] "POST /kwsrmcab/Wsrmcab HTTP/1.1" 200 41066
201.245.192.253 - - [03/Dec/2023:06:40:39 -0500] "POST /forms/lservlet;jsessionid=ac16012b30d66bd79d5a81354b569b64ca0b03586396.e3iSbxaKaheRe3eRa38MahaQbi1ynknvrkLOlQzNp65In0 HTTP/1.1" 200 2
201.245.192.253 - - [03/Dec/2023:06:40:45 -0500] "POST /kwsrmcab/Wsrmcab HTTP/1.1" 200 36411
52.167.144.218 - - [03/Dec/2023:06:41:24 -0500] "GET /portaldeninos/2021/06/29/jasbleady-castaneda-una-mujer-que-le-pone-el-alma-a-la-proteccion-de-las-tinguas-azules/ HTTP/1.1" 200 108388
201.245.192.253 - - [03/Dec/2023:06:41:36 -0500] "POST /kwsrmcab/Wsrmcab  HTTP/1.1" 200 41956
201.245.192.253 - - [03/Dec/2023:06:42:23 -0500] "POST /forms/lservlet;jsessionid=ac16012b30d64ec0b0a9f85d4cd0acdf8f65235348eb.e3iSbxaKaheRe3eRa38MahaQbi1ynknvrkLOlQzNp65In0 HTTP/1.1" 200 2
201.245.192.253 - - [03/Dec/2023:06:42:39 -0500] "POST /forms/lservlet;jsessionid=ac16012b30d66bd79d5a81354b569b64ca0b03586396.e3iSbxaKaheRe3eRa38MahaQbi1ynknvrkLOlQzNp65In0 HTTP/1.1" 200 2
66.249.66.19 - - [03/Dec/2023:06:42:58 -0500] "GET /BLA/resoluciones/RESOLUCIONES%202010/4900.pdf HTTP/1.1" 200 753573
216.245.221.92 - - [03/Dec/2023:06:43:15 -0500] "HEAD / HTTP/1.1" 200 -
201.245.192.253 - - [03/Dec/2023:06:44:23 -0500] "POST /forms/lservlet;jsessionid=ac16012b30d64ec0b0a9f85d4cd0acdf8f65235348eb.e3iSbxaKaheRe3eRa38MahaQbi1ynknvrkLOlQzNp65In0 HTTP/1.1" 200 2
66.249.66.20 - - [03/Dec/2023:06:44:38 -0500] "GET /BLA/resoluciones/RESOLUCIONES%202009/5070.pdf HTTP/1.1" 200 486723
201.245.192.253 - - [03/Dec/2023:06:44:39 -0500] "POST /forms/lservlet;jsessionid=ac16012b30d66bd79d5a81354b569b64ca0b03586396.e3iSbxaKaheRe3eRa38MahaQbi1ynknvrkLOlQzNp65In0 HTTP/1.1" 200 2
66.249.66.19 - - [03/Dec/2023:06:44:47 -0500] "GET /BLA/resoluciones/RESOLUCIONES%202009/5540.pdf HTTP/1.1" 200 505319
114.119.147.116 - - [03/Dec/2023:06:45:20 -0500] "GET /BLA/resoluciones/index.php?dir=RESOLUCIONES%2B1997/&sort=date&order=asc HTTP/1.1" 200 13903
172.22.2.4 - - [03/Dec/2023:06:43:56 -0500] "HEAD /BLA/boletinlegal/ HTTP/1.1" 200 -
201.245.192.253 - - [03/Dec/2023:06:46:23 -0500] "POST /forms/lservlet;jsessionid=ac16012b30d64ec0b0a9f85d4cd0acdf8f65235348eb.e3iSbxaKaheRe3eRa38MahaQbi1ynknvrkLOlQzNp65In0 HTTP/1.1" 200 2
172.22.2.4 - - [03/Dec/2023:06:44:47 -0500] "GET /BLA/boletinlegal/ HTTP/1.1" 200 58644
201.245.192.253 - - [03/Dec/2023:06:46:34 -0500] "POST /kwsrmcab/Wsrmcab  HTTP/1.1" 200 41956
201.245.192.253 - - [03/Dec/2023:06:46:39 -0500] "POST /forms/lservlet;jsessionid=ac16012b30d66bd79d5a81354b569b64ca0b03586396.e3iSbxaKaheRe3eRa38MahaQbi1ynknvrkLOlQzNp65In0 HTTP/1.1" 200 2
66.249.66.21 - - [03/Dec/2023:06:46:57 -0500] "GET /portel_dama/libreria/php/2006/ECOSISTEMAS%20FINAL%20web_mz27/x%20restauracion/sitio/22_proye/xtras_in/4.pdf HTTP/1.1" 404 1018
216.245.221.92 - - [03/Dec/2023:06:48:15 -0500] "HEAD / HTTP/1.1" 200 -
172.22.2.4 - - [03/Dec/2023:06:48:20 -0500] "GET /BLA/boletinlegal/Circulares/2022/CIRCULAR%20No.%2000009%20DEL%2010%20DE%20OCTUBRE%20DEL%202022.pdf HTTP/1.1" 304 -
201.245.192.253 - - [03/Dec/2023:06:48:23 -0500] "POST /forms/lservlet;jsessionid=ac16012b30d64ec0b0a9f85d4cd0acdf8f65235348eb.e3iSbxaKaheRe3eRa38MahaQbi1ynknvrkLOlQzNp65In0 HTTP/1.1" 200 2
201.245.192.253 - - [03/Dec/2023:06:48:39 -0500] "POST /forms/lservlet;jsessionid=ac16012b30d66bd79d5a81354b569b64ca0b03586396.e3iSbxaKaheRe3eRa38MahaQbi1ynknvrkLOlQzNp65In0 HTTP/1.1" 200 2
66.249.66.21 - - [03/Dec/2023:06:49:29 -0500] "GET /BLA/resoluciones/RESOLUCIONES%202010/0516.pdf HTTP/1.1" 200 655898
201.245.192.253 - - [03/Dec/2023:06:50:23 -0500] "POST /forms/lservlet;jsessionid=ac16012b30d64ec0b0a9f85d4cd0acdf8f65235348eb.e3iSbxaKaheRe3eRa38MahaQbi1ynknvrkLOlQzNp65In0 HTTP/1.1" 200 2
201.245.192.253 - - [03/Dec/2023:06:50:39 -0500] "POST /forms/lservlet;jsessionid=ac16012b30d66bd79d5a81354b569b64ca0b03586396.e3iSbxaKaheRe3eRa38MahaQbi1ynknvrkLOlQzNp65In0 HTTP/1.1" 200 2
40.77.167.235 - - [03/Dec/2023:06:51:11 -0500] "GET /BLA/resoluciones/AUTOS%202013/0319.pdf HTTP/1.1" 200 1520892
172.22.2.4 - - [03/Dec/2023:06:49:46 -0500] "HEAD /BLA/boletinlegal/ HTTP/1.1" 200 -
201.245.192.253 - - [03/Dec/2023:06:51:32 -0500] "POST /kwsrmcab/Wsrmcab  HTTP/1.1" 200 41956
173.252.107.2 - - [03/Dec/2023:06:51:44 -0500] "GET /distrito-celebro-el-cumpleanos-del-parque-ecologico-distrital-de-montana-entrenubes.html HTTP/1.1" 200 829
172.22.2.4 - - [03/Dec/2023:06:50:37 -0500] "GET /BLA/boletinlegal/ HTTP/1.1" 200 60634
201.245.192.253 - - [03/Dec/2023:06:52:23 -0500] "POST /forms/lservlet;jsessionid=ac16012b30d64ec0b0a9f85d4cd0acdf8f65235348eb.e3iSbxaKaheRe3eRa38MahaQbi1ynknvrkLOlQzNp65In0 HTTP/1.1" 200 2
201.245.192.253 - - [03/Dec/2023:06:52:39 -0500] "POST /forms/lservlet;jsessionid=ac16012b30d66bd79d5a81354b569b64ca0b03586396.e3iSbxaKaheRe3eRa38MahaQbi1ynknvrkLOlQzNp65In0 HTTP/1.1" 200 2
216.245.221.92 - - [03/Dec/2023:06:53:15 -0500] "HEAD / HTTP/1.1" 200 -
66.249.66.19 - - [03/Dec/2023:06:53:56 -0500] "GET /BLA/resoluciones/RESOLUCIONES%202015/2663.pdf HTTP/1.1" 200 578454
201.245.192.253 - - [03/Dec/2023:06:54:23 -0500] "POST /forms/lservlet;jsessionid=ac16012b30d64ec0b0a9f85d4cd0acdf8f65235348eb.e3iSbxaKaheRe3eRa38MahaQbi1ynknvrkLOlQzNp65In0 HTTP/1.1" 200 2
201.245.192.253 - - [03/Dec/2023:06:54:39 -0500] "POST /forms/lservlet;jsessionid=ac16012b30d66bd79d5a81354b569b64ca0b03586396.e3iSbxaKaheRe3eRa38MahaQbi1ynknvrkLOlQzNp65In0 HTTP/1.1" 200 2
66.249.66.20 - - [03/Dec/2023:06:56:12 -0500] "GET /BLA/resoluciones/RESOLUCIONES%202009/1260.pdf HTTP/1.1" 200 684752
87.236.176.236 - - [03/Dec/2023:06:56:23 -0500] "GET / HTTP/1.1" 200 319
201.245.192.253 - - [03/Dec/2023:06:56:23 -0500] "POST /forms/lservlet;jsessionid=ac16012b30d64ec0b0a9f85d4cd0acdf8f65235348eb.e3iSbxaKaheRe3eRa38MahaQbi1ynknvrkLOlQzNp65In0 HTTP/1.1" 200 2
201.245.192.253 - - [03/Dec/2023:06:56:31 -0500] "POST /kwsrmcab/Wsrmcab  HTTP/1.1" 200 41956
52.167.144.19 - - [03/Dec/2023:06:56:36 -0500] "GET /BLA/resoluciones/AUTOS%202013/3585.pdf HTTP/1.1" 200 1749740
201.245.192.253 - - [03/Dec/2023:06:56:39 -0500] "POST /forms/lservlet;jsessionid=ac16012b30d66bd79d5a81354b569b64ca0b03586396.e3iSbxaKaheRe3eRa38MahaQbi1ynknvrkLOlQzNp65In0 HTTP/1.1" 200 2
185.15.56.22 - - [03/Dec/2023:06:56:56 -0500] "HEAD /POT-2013/Cartografia/Anexo01_Sistema_Hidrico.pdf HTTP/1.1" 200 -
172.22.2.4 - - [03/Dec/2023:06:55:18 -0500] "GET /BLA/boletinlegal/ HTTP/1.1" 200 53356
66.249.66.20 - - [03/Dec/2023:06:57:15 -0500] "GET /BLA/resoluciones/RESOLUCIONES%202016/1249.pdf HTTP/1.1" 200 892645
172.22.2.4 - - [03/Dec/2023:06:55:36 -0500] "HEAD /BLA/boletinlegal/ HTTP/1.1" 200 -
172.22.2.4 - - [03/Dec/2023:06:56:27 -0500] "GET /BLA/boletinlegal/ HTTP/1.1" 200 56187
216.245.221.92 - - [03/Dec/2023:06:58:15 -0500] "HEAD / HTTP/1.1" 200 -
201.245.192.253 - - [03/Dec/2023:06:58:23 -0500] "POST /forms/lservlet;jsessionid=ac16012b30d64ec0b0a9f85d4cd0acdf8f65235348eb.e3iSbxaKaheRe3eRa38MahaQbi1ynknvrkLOlQzNp65In0 HTTP/1.1" 200 2
201.245.192.253 - - [03/Dec/2023:06:58:39 -0500] "POST /forms/lservlet;jsessionid=ac16012b30d66bd79d5a81354b569b64ca0b03586396.e3iSbxaKaheRe3eRa38MahaQbi1ynknvrkLOlQzNp65In0 HTTP/1.1" 200 2
66.249.66.21 - - [03/Dec/2023:06:58:49 -0500] "GET /BLA/resoluciones/RESOLUCIONES%202010/5860.pdf HTTP/1.1" 200 133244
66.249.66.20 - - [03/Dec/2023:06:59:04 -0500] "GET /BLA/resoluciones/AUTOS%202008/1818.pdf HTTP/1.1" 200 144095
201.245.192.253 - - [03/Dec/2023:07:00:23 -0500] "POST /forms/lservlet;jsessionid=ac16012b30d64ec0b0a9f85d4cd0acdf8f65235348eb.e3iSbxaKaheRe3eRa38MahaQbi1ynknvrkLOlQzNp65In0 HTTP/1.1" 200 2
201.245.192.253 - - [03/Dec/2023:07:00:39 -0500] "POST /forms/lservlet;jsessionid=ac16012b30d66bd79d5a81354b569b64ca0b03586396.e3iSbxaKaheRe3eRa38MahaQbi1ynknvrkLOlQzNp65In0 HTTP/1.1" 200 2
201.245.192.253 - - [03/Dec/2023:07:01:30 -0500] "POST /kwsrmcab/Wsrmcab  HTTP/1.1" 200 41956
66.249.66.21 - - [03/Dec/2023:07:01:43 -0500] "GET /BLA/resoluciones/RESOLUCIONES%202009/1584.pdf HTTP/1.1" 200 522515
201.245.192.253 - - [03/Dec/2023:07:02:23 -0500] "POST /forms/lservlet;jsessionid=ac16012b30d64ec0b0a9f85d4cd0acdf8f65235348eb.e3iSbxaKaheRe3eRa38MahaQbi1ynknvrkLOlQzNp65In0 HTTP/1.1" 200 2
201.245.192.253 - - [03/Dec/2023:07:02:39 -0500] "POST /forms/lservlet;jsessionid=ac16012b30d66bd79d5a81354b569b64ca0b03586396.e3iSbxaKaheRe3eRa38MahaQbi1ynknvrkLOlQzNp65In0 HTTP/1.1" 200 2
172.22.2.4 - - [03/Dec/2023:07:01:26 -0500] "HEAD /BLA/boletinlegal/ HTTP/1.1" 200 -
216.245.221.92 - - [03/Dec/2023:07:03:15 -0500] "HEAD / HTTP/1.1" 200 -
66.249.66.194 - - [03/Dec/2023:07:03:18 -0500] "GET /robots.txt HTTP/1.1" 404 1034
66.249.66.194 - - [03/Dec/2023:07:03:18 -0500] "GET /inscribete-y-participa-en-las-caminatas-ecologicas-de-marzo.html HTTP/1.1" 304 -
172.22.2.4 - - [03/Dec/2023:07:02:17 -0500] "GET /BLA/boletinlegal/ HTTP/1.1" 200 60634
201.245.192.253 - - [03/Dec/2023:07:04:23 -0500] "POST /forms/lservlet;jsessionid=ac16012b30d64ec0b0a9f85d4cd0acdf8f65235348eb.e3iSbxaKaheRe3eRa38MahaQbi1ynknvrkLOlQzNp65In0 HTTP/1.1" 200 2
66.249.66.19 - - [03/Dec/2023:07:04:36 -0500] "GET /BLA/resoluciones/RESOLUCIONES%202009/5011.pdf HTTP/1.1" 200 652419
201.245.192.253 - - [03/Dec/2023:07:04:39 -0500] "POST /forms/lservlet;jsessionid=ac16012b30d66bd79d5a81354b569b64ca0b03586396.e3iSbxaKaheRe3eRa38MahaQbi1ynknvrkLOlQzNp65In0 HTTP/1.1" 200 2
66.249.66.19 - - [03/Dec/2023:07:05:54 -0500] "GET /BLA/resoluciones/RESOLUCIONES%202011/4462.pdf HTTP/1.1" 200 554832
173.252.87.119 - - [03/Dec/2023:07:05:57 -0500] "GET /distrito-celebro-el-cumpleanos-del-parque-ecologico-distrital-de-montana-entrenubes.html HTTP/1.1" 200 829
52.167.144.20 - - [03/Dec/2023:07:05:56 -0500] "GET /portaldeninos/humedal-el-tunjo/ HTTP/1.1" 200 87661
66.249.66.20 - - [03/Dec/2023:07:06:01 -0500] "GET /BLA/resoluciones/AUTOS%202015/1007.pdf HTTP/1.1" 200 435491
201.245.192.253 - - [03/Dec/2023:07:06:23 -0500] "POST /forms/lservlet;jsessionid=ac16012b30d64ec0b0a9f85d4cd0acdf8f65235348eb.e3iSbxaKaheRe3eRa38MahaQbi1ynknvrkLOlQzNp65In0 HTTP/1.1" 200 2
201.245.192.253 - - [03/Dec/2023:07:06:28 -0500] "POST /kwsrmcab/Wsrmcab  HTTP/1.1" 200 41956
201.245.192.253 - - [03/Dec/2023:07:06:39 -0500] "POST /forms/lservlet;jsessionid=ac16012b30d66bd79d5a81354b569b64ca0b03586396.e3iSbxaKaheRe3eRa38MahaQbi1ynknvrkLOlQzNp65In0 HTTP/1.1" 200 2
216.245.221.92 - - [03/Dec/2023:07:08:15 -0500] "HEAD / HTTP/1.1" 200 -
201.245.192.253 - - [03/Dec/2023:07:08:23 -0500] "POST /forms/lservlet;jsessionid=ac16012b30d64ec0b0a9f85d4cd0acdf8f65235348eb.e3iSbxaKaheRe3eRa38MahaQbi1ynknvrkLOlQzNp65In0 HTTP/1.1" 200 2
201.245.192.253 - - [03/Dec/2023:07:08:39 -0500] "POST /forms/lservlet;jsessionid=ac16012b30d66bd79d5a81354b569b64ca0b03586396.e3iSbxaKaheRe3eRa38MahaQbi1ynknvrkLOlQzNp65In0 HTTP/1.1" 200 2
172.22.2.4 - - [03/Dec/2023:07:07:16 -0500] "HEAD /BLA/boletinlegal/ HTTP/1.1" 200 -
172.22.2.4 - - [03/Dec/2023:07:08:07 -0500] "GET /BLA/boletinlegal/ HTTP/1.1" 200 58644
66.249.66.20 - - [03/Dec/2023:07:10:11 -0500] "GET /BLA/resoluciones/RESOLUCIONES%202009/2933.pdf HTTP/1.1" 200 432180
201.245.192.253 - - [03/Dec/2023:07:10:23 -0500] "POST /forms/lservlet;jsessionid=ac16012b30d64ec0b0a9f85d4cd0acdf8f65235348eb.e3iSbxaKaheRe3eRa38MahaQbi1ynknvrkLOlQzNp65In0 HTTP/1.1" 200 2
201.245.192.253 - - [03/Dec/2023:07:10:39 -0500] "POST /forms/lservlet;jsessionid=ac16012b30d66bd79d5a81354b569b64ca0b03586396.e3iSbxaKaheRe3eRa38MahaQbi1ynknvrkLOlQzNp65In0 HTTP/1.1" 200 2
201.245.192.253 - - [03/Dec/2023:07:11:28 -0500] "POST /kwsrmcab/Wsrmcab  HTTP/1.1" 200 41956
201.245.192.253 - - [03/Dec/2023:07:12:23 -0500] "POST /forms/lservlet;jsessionid=ac16012b30d64ec0b0a9f85d4cd0acdf8f65235348eb.e3iSbxaKaheRe3eRa38MahaQbi1ynknvrkLOlQzNp65In0 HTTP/1.1" 200 2
201.245.192.253 - - [03/Dec/2023:07:12:39 -0500] "POST /forms/lservlet;jsessionid=ac16012b30d66bd79d5a81354b569b64ca0b03586396.e3iSbxaKaheRe3eRa38MahaQbi1ynknvrkLOlQzNp65In0 HTTP/1.1" 200 2
216.245.221.92 - - [03/Dec/2023:07:13:15 -0500] "HEAD / HTTP/1.1" 200 -
66.249.66.19 - - [03/Dec/2023:07:13:40 -0500] "GET /Publicaciones/2023EE217035.pdf HTTP/1.1" 404 228
201.245.192.253 - - [03/Dec/2023:07:14:23 -0500] "POST /forms/lservlet;jsessionid=ac16012b30d64ec0b0a9f85d4cd0acdf8f65235348eb.e3iSbxaKaheRe3eRa38MahaQbi1ynknvrkLOlQzNp65In0 HTTP/1.1" 200 2
40.77.167.55 - - [03/Dec/2023:07:14:37 -0500] "GET /BLA/resoluciones/Notificaciones/AUTOS%202017/05031.pdf HTTP/1.1" 200 276857
201.245.192.253 - - [03/Dec/2023:07:14:39 -0500] "POST /forms/lservlet;jsessionid=ac16012b30d66bd79d5a81354b569b64ca0b03586396.e3iSbxaKaheRe3eRa38MahaQbi1ynknvrkLOlQzNp65In0 HTTP/1.1" 200 2
172.22.2.4 - - [03/Dec/2023:07:13:07 -0500] "HEAD /BLA/boletinlegal/ HTTP/1.1" 200 -
172.22.2.4 - - [03/Dec/2023:07:13:58 -0500] "GET /BLA/boletinlegal/ HTTP/1.1" 200 61018
66.249.66.19 - - [03/Dec/2023:07:16:19 -0500] "GET /BLA/resoluciones/RESOLUCIONES%202010/6026.pdf HTTP/1.1" 200 736523
201.245.192.253 - - [03/Dec/2023:07:16:23 -0500] "POST /forms/lservlet;jsessionid=ac16012b30d64ec0b0a9f85d4cd0acdf8f65235348eb.e3iSbxaKaheRe3eRa38MahaQbi1ynknvrkLOlQzNp65In0 HTTP/1.1" 200 2
201.245.192.253 - - [03/Dec/2023:07:16:26 -0500] "POST /kwsrmcab/Wsrmcab  HTTP/1.1" 200 41956
201.245.192.253 - - [03/Dec/2023:07:16:39 -0500] "POST /forms/lservlet;jsessionid=ac16012b30d66bd79d5a81354b569b64ca0b03586396.e3iSbxaKaheRe3eRa38MahaQbi1ynknvrkLOlQzNp65In0 HTTP/1.1" 200 2
201.245.192.253 - - [03/Dec/2023:07:16:57 -0500] "POST /kwsrmcab/Wsrmcab HTTP/1.1" 200 41061
201.245.192.253 - - [03/Dec/2023:07:17:00 -0500] "POST /kwsrmcab/Wsrmcab HTTP/1.1" 200 37652
172.22.2.4 - - [03/Dec/2023:07:17:34 -0500] "GET /BLA/boletinlegal/robots.txt HTTP/1.1" 404 1038
172.22.2.4 - - [03/Dec/2023:07:17:35 -0500] "GET /BLA/boletinlegal/Circulares/2013/Circular%20No.%206%20del%2019%20de%20julio%20de%202013.pdf HTTP/1.1" 200 4210437
216.245.221.92 - - [03/Dec/2023:07:18:15 -0500] "HEAD / HTTP/1.1" 200 -
201.245.192.253 - - [03/Dec/2023:07:18:23 -0500] "POST /forms/lservlet;jsessionid=ac16012b30d64ec0b0a9f85d4cd0acdf8f65235348eb.e3iSbxaKaheRe3eRa38MahaQbi1ynknvrkLOlQzNp65In0 HTTP/1.1" 200 2
201.245.192.253 - - [03/Dec/2023:07:18:39 -0500] "POST /forms/lservlet;jsessionid=ac16012b30d66bd79d5a81354b569b64ca0b03586396.e3iSbxaKaheRe3eRa38MahaQbi1ynknvrkLOlQzNp65In0 HTTP/1.1" 200 2
66.249.66.20 - - [03/Dec/2023:07:19:48 -0500] "GET /BLA/resoluciones/RESOLUCIONES%202010/RESOLUCION%207837%20DE%202010.PDF HTTP/1.1" 200 135468
66.249.66.19 - - [03/Dec/2023:07:20:09 -0500] "GET /BLA/resoluciones/Autos%202008/2854.pdf HTTP/1.1" 200 80132
40.77.167.235 - - [03/Dec/2023:07:20:19 -0500] "GET /BLA/resoluciones/Notificaciones/REGISTROS%202020/1670.pdf HTTP/1.1" 200 375514
201.245.192.253 - - [03/Dec/2023:07:20:23 -0500] "POST /forms/lservlet;jsessionid=ac16012b30d64ec0b0a9f85d4cd0acdf8f65235348eb.e3iSbxaKaheRe3eRa38MahaQbi1ynknvrkLOlQzNp65In0 HTTP/1.1" 200 2
172.22.2.4 - - [03/Dec/2023:07:18:57 -0500] "HEAD /BLA/boletinlegal/ HTTP/1.1" 200 -
201.245.192.253 - - [03/Dec/2023:07:20:36 -0500] "POST /kwsrmcab/Wsrmcab HTTP/1.1" 200 41061
201.245.192.253 - - [03/Dec/2023:07:20:39 -0500] "POST /forms/lservlet;jsessionid=ac16012b30d66bd79d5a81354b569b64ca0b03586396.e3iSbxaKaheRe3eRa38MahaQbi1ynknvrkLOlQzNp65In0 HTTP/1.1" 200 2
201.245.192.253 - - [03/Dec/2023:07:20:45 -0500] "POST /kwsrmcab/Wsrmcab HTTP/1.1" 200 37652
66.249.66.19 - - [03/Dec/2023:07:20:48 -0500] "GET /resoluciones/RESOLUCIONES%202008/1859.pdf HTTP/1.1" 404 1018
201.245.192.253 - - [03/Dec/2023:07:21:25 -0500] "POST /kwsrmcab/Wsrmcab  HTTP/1.1" 200 41956
172.22.2.4 - - [03/Dec/2023:07:19:48 -0500] "GET /BLA/boletinlegal/ HTTP/1.1" 200 58644
201.245.192.253 - - [03/Dec/2023:07:22:23 -0500] "POST /forms/lservlet;jsessionid=ac16012b30d64ec0b0a9f85d4cd0acdf8f65235348eb.e3iSbxaKaheRe3eRa38MahaQbi1ynknvrkLOlQzNp65In0 HTTP/1.1" 200 2
201.245.192.253 - - [03/Dec/2023:07:22:39 -0500] "POST /forms/lservlet;jsessionid=ac16012b30d66bd79d5a81354b569b64ca0b03586396.e3iSbxaKaheRe3eRa38MahaQbi1ynknvrkLOlQzNp65In0 HTTP/1.1" 200 2
216.245.221.92 - - [03/Dec/2023:07:23:15 -0500] "HEAD / HTTP/1.1" 200 -
201.245.192.253 - - [03/Dec/2023:07:24:23 -0500] "POST /forms/lservlet;jsessionid=ac16012b30d64ec0b0a9f85d4cd0acdf8f65235348eb.e3iSbxaKaheRe3eRa38MahaQbi1ynknvrkLOlQzNp65In0 HTTP/1.1" 200 2
201.245.192.253 - - [03/Dec/2023:07:24:39 -0500] "POST /forms/lservlet;jsessionid=ac16012b30d66bd79d5a81354b569b64ca0b03586396.e3iSbxaKaheRe3eRa38MahaQbi1ynknvrkLOlQzNp65In0 HTTP/1.1" 200 2
201.245.192.253 - - [03/Dec/2023:07:26:23 -0500] "POST /forms/lservlet;jsessionid=ac16012b30d64ec0b0a9f85d4cd0acdf8f65235348eb.e3iSbxaKaheRe3eRa38MahaQbi1ynknvrkLOlQzNp65In0 HTTP/1.1" 200 2
201.245.192.253 - - [03/Dec/2023:07:26:23 -0500] "POST /kwsrmcab/Wsrmcab  HTTP/1.1" 200 41956
172.22.2.4 - - [03/Dec/2023:07:24:47 -0500] "HEAD /BLA/boletinlegal/ HTTP/1.1" 200 -
201.245.192.253 - - [03/Dec/2023:07:26:39 -0500] "POST /forms/lservlet;jsessionid=ac16012b30d66bd79d5a81354b569b64ca0b03586396.e3iSbxaKaheRe3eRa38MahaQbi1ynknvrkLOlQzNp65In0 HTTP/1.1" 200 2
201.245.192.253 - - [03/Dec/2023:07:26:56 -0500] "POST /kwsrmcab/Wsrmcab HTTP/1.1" 200 41061
201.245.192.253 - - [03/Dec/2023:07:27:00 -0500] "POST /kwsrmcab/Wsrmcab HTTP/1.1" 200 37652
172.22.2.4 - - [03/Dec/2023:07:25:38 -0500] "GET /BLA/boletinlegal/ HTTP/1.1" 200 57881
172.22.2.4 - - [03/Dec/2023:07:27:20 -0500] "GET /BLA/boletinlegal/norma_menu.php HTTP/1.1" 200 6328
216.245.221.92 - - [03/Dec/2023:07:28:15 -0500] "HEAD / HTTP/1.1" 200 -
201.245.192.253 - - [03/Dec/2023:07:28:23 -0500] "POST /forms/lservlet;jsessionid=ac16012b30d64ec0b0a9f85d4cd0acdf8f65235348eb.e3iSbxaKaheRe3eRa38MahaQbi1ynknvrkLOlQzNp65In0 HTTP/1.1" 200 2
52.167.144.222 - - [03/Dec/2023:07:28:28 -0500] "GET /BLA/resoluciones/AUTOS%202021/2670.pdf HTTP/1.1" 304 -
201.245.192.253 - - [03/Dec/2023:07:28:39 -0500] "POST /forms/lservlet;jsessionid=ac16012b30d66bd79d5a81354b569b64ca0b03586396.e3iSbxaKaheRe3eRa38MahaQbi1ynknvrkLOlQzNp65In0 HTTP/1.1" 200 2
201.245.192.253 - - [03/Dec/2023:07:30:23 -0500] "POST /forms/lservlet;jsessionid=ac16012b30d64ec0b0a9f85d4cd0acdf8f65235348eb.e3iSbxaKaheRe3eRa38MahaQbi1ynknvrkLOlQzNp65In0 HTTP/1.1" 200 2
201.245.192.253 - - [03/Dec/2023:07:30:36 -0500] "POST /kwsrmcab/Wsrmcab HTTP/1.1" 200 41061
201.245.192.253 - - [03/Dec/2023:07:30:39 -0500] "POST /forms/lservlet;jsessionid=ac16012b30d66bd79d5a81354b569b64ca0b03586396.e3iSbxaKaheRe3eRa38MahaQbi1ynknvrkLOlQzNp65In0 HTTP/1.1" 200 2
201.245.192.253 - - [03/Dec/2023:07:30:45 -0500] "POST /kwsrmcab/Wsrmcab HTTP/1.1" 200 37652
201.245.192.253 - - [03/Dec/2023:07:31:22 -0500] "POST /kwsrmcab/Wsrmcab  HTTP/1.1" 200 41956
172.22.2.4 - - [03/Dec/2023:07:30:38 -0500] "HEAD /BLA/boletinlegal/ HTTP/1.1" 200 -
201.245.192.253 - - [03/Dec/2023:07:32:23 -0500] "POST /forms/lservlet;jsessionid=ac16012b30d64ec0b0a9f85d4cd0acdf8f65235348eb.e3iSbxaKaheRe3eRa38MahaQbi1ynknvrkLOlQzNp65In0 HTTP/1.1" 200 2
201.245.192.253 - - [03/Dec/2023:07:32:39 -0500] "POST /forms/lservlet;jsessionid=ac16012b30d66bd79d5a81354b569b64ca0b03586396.e3iSbxaKaheRe3eRa38MahaQbi1ynknvrkLOlQzNp65In0 HTTP/1.1" 200 2
52.167.144.222 - - [03/Dec/2023:07:32:55 -0500] "GET /BLA/resoluciones/RESOLUCIONES%202020/1968.pdf HTTP/1.1" 304 -
172.22.2.4 - - [03/Dec/2023:07:31:29 -0500] "GET /BLA/boletinlegal/ HTTP/1.1" 200 60634
216.245.221.92 - - [03/Dec/2023:07:33:15 -0500] "HEAD / HTTP/1.1" 200 -
172.22.2.4 - - [03/Dec/2023:07:33:20 -0500] "GET /BLA/boletinlegal/Directivas/2022/DIRECTIVA%20No.%2000001%20DEL%2015%20DE%20JUNIO%20DEL%202022.pdf HTTP/1.1" 304 -
201.245.192.253 - - [03/Dec/2023:07:34:23 -0500] "POST /forms/lservlet;jsessionid=ac16012b30d64ec0b0a9f85d4cd0acdf8f65235348eb.e3iSbxaKaheRe3eRa38MahaQbi1ynknvrkLOlQzNp65In0 HTTP/1.1" 200 2
201.245.192.253 - - [03/Dec/2023:07:34:39 -0500] "POST /forms/lservlet;jsessionid=ac16012b30d66bd79d5a81354b569b64ca0b03586396.e3iSbxaKaheRe3eRa38MahaQbi1ynknvrkLOlQzNp65In0 HTTP/1.1" 200 2
40.77.167.32 - - [03/Dec/2023:07:35:33 -0500] "GET /BLA/resoluciones/AUTOS%202014/1681.pdf HTTP/1.1" 200 579168
201.245.192.253 - - [03/Dec/2023:07:36:21 -0500] "POST /kwsrmcab/Wsrmcab  HTTP/1.1" 200 41956
201.245.192.253 - - [03/Dec/2023:07:36:23 -0500] "POST /forms/lservlet;jsessionid=ac16012b30d64ec0b0a9f85d4cd0acdf8f65235348eb.e3iSbxaKaheRe3eRa38MahaQbi1ynknvrkLOlQzNp65In0 HTTP/1.1" 200 2
52.167.144.222 - - [03/Dec/2023:07:36:38 -0500] "GET /BLA/resoluciones/AUTOS%202017/3170.pdf HTTP/1.1" 200 290512
201.245.192.253 - - [03/Dec/2023:07:36:39 -0500] "POST /forms/lservlet;jsessionid=ac16012b30d66bd79d5a81354b569b64ca0b03586396.e3iSbxaKaheRe3eRa38MahaQbi1ynknvrkLOlQzNp65In0 HTTP/1.1" 200 2
201.245.192.253 - - [03/Dec/2023:07:36:57 -0500] "POST /kwsrmcab/Wsrmcab HTTP/1.1" 200 41061
201.245.192.253 - - [03/Dec/2023:07:37:00 -0500] "POST /kwsrmcab/Wsrmcab HTTP/1.1" 200 37652
172.22.2.4 - - [03/Dec/2023:07:36:28 -0500] "HEAD /BLA/boletinlegal/ HTTP/1.1" 200 -
52.167.144.55 - - [03/Dec/2023:07:38:14 -0500] "GET /robots.txt HTTP/1.1" 404 1034
216.245.221.92 - - [03/Dec/2023:07:38:15 -0500] "HEAD / HTTP/1.1" 200 -
201.245.192.253 - - [03/Dec/2023:07:38:23 -0500] "POST /forms/lservlet;jsessionid=ac16012b30d64ec0b0a9f85d4cd0acdf8f65235348eb.e3iSbxaKaheRe3eRa38MahaQbi1ynknvrkLOlQzNp65In0 HTTP/1.1" 200 2
201.245.192.253 - - [03/Dec/2023:07:38:39 -0500] "POST /forms/lservlet;jsessionid=ac16012b30d66bd79d5a81354b569b64ca0b03586396.e3iSbxaKaheRe3eRa38MahaQbi1ynknvrkLOlQzNp65In0 HTTP/1.1" 200 2
172.22.2.4 - - [03/Dec/2023:07:37:19 -0500] "GET /BLA/boletinlegal/ HTTP/1.1" 200 58644
157.55.39.10 - - [03/Dec/2023:07:39:56 -0500] "GET /distrito-levanta-alerta-fase-1-por-calidad-del-aire-en-bogota-llamado-a-no-bajar-la-guardia-y-seguir-reduciendo-emisiones.html HTTP/1.1" 200 908
201.245.192.253 - - [03/Dec/2023:07:40:23 -0500] "POST /forms/lservlet;jsessionid=ac16012b30d64ec0b0a9f85d4cd0acdf8f65235348eb.e3iSbxaKaheRe3eRa38MahaQbi1ynknvrkLOlQzNp65In0 HTTP/1.1" 200 2
201.245.192.253 - - [03/Dec/2023:07:40:36 -0500] "POST /kwsrmcab/Wsrmcab HTTP/1.1" 200 41061
201.245.192.253 - - [03/Dec/2023:07:40:39 -0500] "POST /forms/lservlet;jsessionid=ac16012b30d66bd79d5a81354b569b64ca0b03586396.e3iSbxaKaheRe3eRa38MahaQbi1ynknvrkLOlQzNp65In0 HTTP/1.1" 200 2
201.245.192.253 - - [03/Dec/2023:07:40:45 -0500] "POST /kwsrmcab/Wsrmcab HTTP/1.1" 200 37652
201.245.192.253 - - [03/Dec/2023:07:41:19 -0500] "POST /kwsrmcab/Wsrmcab  HTTP/1.1" 200 41956
201.245.192.253 - - [03/Dec/2023:07:42:23 -0500] "POST /forms/lservlet;jsessionid=ac16012b30d64ec0b0a9f85d4cd0acdf8f65235348eb.e3iSbxaKaheRe3eRa38MahaQbi1ynknvrkLOlQzNp65In0 HTTP/1.1" 200 2
201.245.192.253 - - [03/Dec/2023:07:42:39 -0500] "POST /forms/lservlet;jsessionid=ac16012b30d66bd79d5a81354b569b64ca0b03586396.e3iSbxaKaheRe3eRa38MahaQbi1ynknvrkLOlQzNp65In0 HTTP/1.1" 200 2
216.245.221.92 - - [03/Dec/2023:07:43:15 -0500] "HEAD / HTTP/1.1" 200 -
172.22.2.4 - - [03/Dec/2023:07:42:18 -0500] "HEAD /BLA/boletinlegal/ HTTP/1.1" 200 -
172.22.2.4 - - [03/Dec/2023:07:42:54 -0500] "GET /BLA/boletinlegal/ HTTP/1.1" 200 36811
201.245.192.253 - - [03/Dec/2023:07:44:23 -0500] "POST /forms/lservlet;jsessionid=ac16012b30d64ec0b0a9f85d4cd0acdf8f65235348eb.e3iSbxaKaheRe3eRa38MahaQbi1ynknvrkLOlQzNp65In0 HTTP/1.1" 200 2
201.245.192.253 - - [03/Dec/2023:07:44:39 -0500] "POST /forms/lservlet;jsessionid=ac16012b30d66bd79d5a81354b569b64ca0b03586396.e3iSbxaKaheRe3eRa38MahaQbi1ynknvrkLOlQzNp65In0 HTTP/1.1" 200 2
172.22.2.4 - - [03/Dec/2023:07:43:10 -0500] "GET /BLA/boletinlegal/ HTTP/1.1" 200 52827
201.245.192.253 - - [03/Dec/2023:07:46:17 -0500] "POST /kwsrmcab/Wsrmcab  HTTP/1.1" 200 41956
201.245.192.253 - - [03/Dec/2023:07:46:23 -0500] "POST /forms/lservlet;jsessionid=ac16012b30d64ec0b0a9f85d4cd0acdf8f65235348eb.e3iSbxaKaheRe3eRa38MahaQbi1ynknvrkLOlQzNp65In0 HTTP/1.1" 200 2
201.245.192.253 - - [03/Dec/2023:07:46:39 -0500] "POST /forms/lservlet;jsessionid=ac16012b30d66bd79d5a81354b569b64ca0b03586396.e3iSbxaKaheRe3eRa38MahaQbi1ynknvrkLOlQzNp65In0 HTTP/1.1" 200 2
52.167.144.189 - - [03/Dec/2023:07:47:07 -0500] "GET /BLA/resoluciones/AUTOS%202013/1268.pdf HTTP/1.1" 200 1710887
172.22.2.4 - - [03/Dec/2023:07:47:29 -0500] "GET /BLA/boletinlegal/images/body_bg.jpg HTTP/1.1" 200 1601
172.22.2.4 - - [03/Dec/2023:07:47:29 -0500] "GET /BLA/boletinlegal/images/menu_lft.gif HTTP/1.1" 200 1713
172.22.2.4 - - [03/Dec/2023:07:47:29 -0500] "GET /BLA/boletinlegal/images/menu_rght.gif HTTP/1.1" 200 1627
172.22.2.4 - - [03/Dec/2023:07:47:29 -0500] "GET /BLA/boletinlegal/images/bg_top.jpg HTTP/1.1" 200 522
172.22.2.4 - - [03/Dec/2023:07:47:29 -0500] "GET /BLA/boletinlegal/images/menu_bg.jpg HTTP/1.1" 200 620
172.22.2.4 - - [03/Dec/2023:07:47:29 -0500] "GET /BLA/boletinlegal/images/text.jpg HTTP/1.1" 200 568
172.22.2.4 - - [03/Dec/2023:07:47:29 -0500] "GET /BLA/boletinlegal/images/hover.jpg HTTP/1.1" 200 640
172.22.2.4 - - [03/Dec/2023:07:47:31 -0500] "GET /BLA/boletinlegal/actos.php HTTP/1.1" 200 9682
172.22.2.4 - - [03/Dec/2023:07:47:31 -0500] "GET /BLA/boletinlegal/js/ajax_actos.js HTTP/1.1" 200 1322
172.22.2.4 - - [03/Dec/2023:07:47:31 -0500] "GET /BLA/boletinlegal/niceforms.js HTTP/1.1" 200 22876
172.22.2.4 - - [03/Dec/2023:07:47:31 -0500] "GET /BLA/boletinlegal/niceforms-default.css HTTP/1.1" 200 6694
172.22.2.4 - - [03/Dec/2023:07:47:31 -0500] "GET /BLA/boletinlegal/js/lib.js HTTP/1.1" 200 6474
172.22.2.4 - - [03/Dec/2023:07:47:31 -0500] "GET /BLA/boletinlegal/js/popup.js HTTP/1.1" 200 1270
172.22.2.4 - - [03/Dec/2023:07:47:31 -0500] "GET /BLA/boletinlegal/js/jquery1.js HTTP/1.1" 200 29846
172.22.2.4 - - [03/Dec/2023:07:47:31 -0500] "GET /BLA/boletinlegal/images/green-yellow-blue-pink-th.png HTTP/1.1" 200 7394
172.22.2.4 - - [03/Dec/2023:07:47:31 -0500] "GET /BLA/boletinlegal/images/tel.png HTTP/1.1" 200 14477
172.22.2.4 - - [03/Dec/2023:07:47:31 -0500] "GET /BLA/boletinlegal/images/icono-email.png HTTP/1.1" 200 5544
172.22.2.4 - - [03/Dec/2023:07:47:31 -0500] "GET /BLA/boletinlegal/images/footer_bg.jpg HTTP/1.1" 200 586
172.22.2.4 - - [03/Dec/2023:07:47:31 -0500] "GET /BLA/boletinlegal/images/footer_bg_l.jpg HTTP/1.1" 200 776
172.22.2.4 - - [03/Dec/2023:07:47:31 -0500] "GET /BLA/boletinlegal/img/0.png HTTP/1.1" 200 110
172.22.2.4 - - [03/Dec/2023:07:47:31 -0500] "GET /BLA/boletinlegal/img/select-left.png HTTP/1.1" 200 263
172.22.2.4 - - [03/Dec/2023:07:47:31 -0500] "GET /BLA/boletinlegal/img/select-right.png HTTP/1.1" 200 44019
172.22.2.4 - - [03/Dec/2023:07:47:31 -0500] "GET /BLA/boletinlegal/img/button-left.png HTTP/1.1" 200 57071
172.22.2.4 - - [03/Dec/2023:07:47:31 -0500] "GET /BLA/boletinlegal/img/button.png HTTP/1.1" 200 43241
172.22.2.4 - - [03/Dec/2023:07:47:31 -0500] "GET /BLA/boletinlegal/img/button-right.png HTTP/1.1" 200 57878
172.22.2.4 - - [03/Dec/2023:07:47:49 -0500] "GET /BLA/boletinlegal/consulta_actos.php?tipo=autos&no=&usuario=&sector=VERTIMIENTOS&fecha=2023&resuelve=ACLARACI%D3N HTTP/1.1" 200 626
172.22.2.4 - - [03/Dec/2023:07:47:56 -0500] "GET /BLA/boletinlegal/consulta_actos.php?tipo=autos&no=&usuario=&sector=VERTIMIENTOS&fecha=2023&resuelve=ACLARAR HTTP/1.1" 200 626
172.22.2.4 - - [03/Dec/2023:07:47:58 -0500] "GET /BLA/boletinlegal/consulta_actos.php?tipo=autos&no=&usuario=&sector=VERTIMIENTOS&fecha=2023&resuelve=ACLARAR HTTP/1.1" 200 626
172.22.2.4 - - [03/Dec/2023:07:47:28 -0500] "GET /BLA/boletinlegal/ HTTP/1.1" 200 24523
172.22.2.4 - - [03/Dec/2023:07:48:03 -0500] "GET /BLA/boletinlegal/consulta_actos.php?tipo=autos&no=&usuario=&sector=VERTIMIENTOS&fecha=2022&resuelve=ACLARAR HTTP/1.1" 200 626
172.22.2.4 - - [03/Dec/2023:07:48:08 -0500] "GET /BLA/boletinlegal/consulta_actos.php?tipo=autos&no=&usuario=&sector=VERTIMIENTOS&fecha=2022&resuelve=ACLARACI%D3N HTTP/1.1" 200 626
172.22.2.4 - - [03/Dec/2023:07:48:09 -0500] "GET /BLA/boletinlegal/consulta_actos.php?tipo=autos&no=&usuario=&sector=VERTIMIENTOS&fecha=2022&resuelve=ACLARACI%D3N HTTP/1.1" 200 626
216.245.221.92 - - [03/Dec/2023:07:48:15 -0500] "HEAD / HTTP/1.1" 200 -
201.245.192.253 - - [03/Dec/2023:07:48:23 -0500] "POST /forms/lservlet;jsessionid=ac16012b30d64ec0b0a9f85d4cd0acdf8f65235348eb.e3iSbxaKaheRe3eRa38MahaQbi1ynknvrkLOlQzNp65In0 HTTP/1.1" 200 2
201.245.192.253 - - [03/Dec/2023:07:48:39 -0500] "POST /forms/lservlet;jsessionid=ac16012b30d66bd79d5a81354b569b64ca0b03586396.e3iSbxaKaheRe3eRa38MahaQbi1ynknvrkLOlQzNp65In0 HTTP/1.1" 200 2
172.22.2.4 - - [03/Dec/2023:07:48:09 -0500] "HEAD /BLA/boletinlegal/ HTTP/1.1" 200 -
201.245.192.253 - - [03/Dec/2023:07:50:23 -0500] "POST /forms/lservlet;jsessionid=ac16012b30d64ec0b0a9f85d4cd0acdf8f65235348eb.e3iSbxaKaheRe3eRa38MahaQbi1ynknvrkLOlQzNp65In0 HTTP/1.1" 200 2
201.245.192.253 - - [03/Dec/2023:07:50:39 -0500] "POST /forms/lservlet;jsessionid=ac16012b30d66bd79d5a81354b569b64ca0b03586396.e3iSbxaKaheRe3eRa38MahaQbi1ynknvrkLOlQzNp65In0 HTTP/1.1" 200 2
172.22.2.4 - - [03/Dec/2023:07:49:00 -0500] "GET /BLA/boletinlegal/ HTTP/1.1" 200 58294
52.167.144.205 - - [03/Dec/2023:07:50:40 -0500] "GET /BLA/resoluciones/RESOLUCIONES%202007/RES%202007%20701%20AL%20800/RESOLUCION%200792%20DE%202007.pdf HTTP/1.1" 200 163177
201.245.192.253 - - [03/Dec/2023:07:51:16 -0500] "POST /kwsrmcab/Wsrmcab  HTTP/1.1" 200 41956
69.171.249.117 - - [03/Dec/2023:07:51:37 -0500] "GET /distrito-celebro-el-cumpleanos-del-parque-ecologico-distrital-de-montana-entrenubes.html HTTP/1.1" 200 829
201.245.192.253 - - [03/Dec/2023:07:52:23 -0500] "POST /forms/lservlet;jsessionid=ac16012b30d64ec0b0a9f85d4cd0acdf8f65235348eb.e3iSbxaKaheRe3eRa38MahaQbi1ynknvrkLOlQzNp65In0 HTTP/1.1" 200 2
201.245.192.253 - - [03/Dec/2023:07:52:39 -0500] "POST /forms/lservlet;jsessionid=ac16012b30d66bd79d5a81354b569b64ca0b03586396.e3iSbxaKaheRe3eRa38MahaQbi1ynknvrkLOlQzNp65In0 HTTP/1.1" 200 2
109.205.213.94 - - [03/Dec/2023:07:52:43 -0500] "GET / HTTP/1.1" 200 319
216.245.221.92 - - [03/Dec/2023:07:53:15 -0500] "HEAD / HTTP/1.1" 200 -
172.22.2.4 - - [03/Dec/2023:07:53:35 -0500] "GET /BLA/boletinlegal/ HTTP/1.1" 200 32715
201.245.192.253 - - [03/Dec/2023:07:54:23 -0500] "POST /forms/lservlet;jsessionid=ac16012b30d64ec0b0a9f85d4cd0acdf8f65235348eb.e3iSbxaKaheRe3eRa38MahaQbi1ynknvrkLOlQzNp65In0 HTTP/1.1" 200 2
201.245.192.253 - - [03/Dec/2023:07:54:39 -0500] "POST /forms/lservlet;jsessionid=ac16012b30d66bd79d5a81354b569b64ca0b03586396.e3iSbxaKaheRe3eRa38MahaQbi1ynknvrkLOlQzNp65In0 HTTP/1.1" 200 2
172.22.2.4 - - [03/Dec/2023:07:53:59 -0500] "HEAD /BLA/boletinlegal/ HTTP/1.1" 200 -
52.167.144.234 - - [03/Dec/2023:07:55:43 -0500] "GET /BLA/resoluciones/RESOLUCIONES%202019/3640.pdf HTTP/1.1" 304 -
201.245.192.253 - - [03/Dec/2023:07:56:15 -0500] "POST /kwsrmcab/Wsrmcab  HTTP/1.1" 200 41956
186.102.42.19 - - [03/Dec/2023:07:56:18 -0500] "GET /kwssiamovil/sm/ldap/au?x=U2FsdGVkX1/FQAyGUPYLuaJ1sN+NcU2HVy0snOe8EEzU0b9yElvsztK6zgX7b6yr&y=U2FsdGVkX1+BGwbqkP+uvlGY69SC6ih2fij5dfW3V49oltRyY3atf41z6rNl0eAZ HTTP/1.1" 200 30
186.102.42.19 - - [03/Dec/2023:07:56:19 -0500] "GET /kwssiamovil/sm/acme/s?s=U2FsdGVkX1/t+emtO1sUgU8hynbOEvzSHWH8KaLnQ0bHaCycDcf0BLWBbV2mWjK/mfwJqE7RmSLG5fOotbA+AxNVhtFeLguzYext4zflZ7c=&u=U2FsdGVkX1/gQgVziMcTTcK9DaRxaFN8CmYFZnKBkwU=&y=U2FsdGVkX1+BGwbqkP+uvlGY69SC6ih2fij5dfW3V49oltRyY3atf41z6rNl0eAZ HTTP/1.1" 200 97
186.102.42.19 - - [03/Dec/2023:07:56:19 -0500] "GET /kwssiamovil/sm/acme/s?s=U2FsdGVkX19xdr2rXF+rj75YL/JTB1S0L42ACj5kf+QjX1jB0HF9uKqLVLExN5zkMESDJyQe5Fzth1XNsjud34GGHQQHEIJIeS8V/btxyqRIcLQZtIPI2JuQjliwDEBDFcRMPTgcRzEYMte2ygQhYH2WEk2WYBTVWgRwPigRUK3Z8f6YjepVK3yzUk7GGg5A5Cy+OE1QH67hWnOqknzsJ6503mXvYaLTo27z/hBfQUuB96K95CN6WmSqikliVcGWkdWqO3zXduRm79cNCJ//DS4nvbicAuX5BN72QVaAY5nGl9lO+5u/oYoK1rP60jxsKnprsx2XuGY3OgQtwi6A8d5Klk/uwlBzv4n0b7WNxGd5HfmfD5fXILdLGPwXjCebGmkoWoG2p3PRaTjOurrRIkGWnYHmCu1fR9sQyHsI25LIojaBWiSrTlZb6TGfUBjxRqRse9z1cTgf0sDzbScsb3NSeODcxIO101Csf577+YrViy6fQkUlaSUMA0CpDuLFtp15faSPoRtQKIFvDrwovZUDTerSvsH1hxVxQM/5W5+umv9Yvh1fADvW/VCLMP54owJFh/OwJZE/n+WSZQ26e043FITjNqz6eKhSJrG1AU31/lxhz5c8Dosq97L1R4rBD/rQ02Hr+p7GbOGg/KD/FoUN0PJTHsKQaKp5s9/P9/w5apUqXlb4KsWeAa1+MZiHFf6F7a3RobzuqqFsqWuYOf1g4l627NbwWbzh8907IENqGpG1omhQbwuCAmp3D+KqyL3V9pPj/fhryzAHhOTH/rVGWauOVcF9JrUBqurk30MATrKYpgkHcuqCnpcJ3MWUqRAyTRH9UP4fxFHatadind11Yo8DnIna4yPBGtpb2OP0rGZlv5xH+p9qnMzg8WwSf6wcsVLAhmCSVrRmcnEO0YIQ+Mg9MnmiwiKztADyDdiSLd2GjPZX1sEvwG4Ok4XaWu7fqGsMiJjvVnmpKmiRHz+90hZqNVtCefm9mI8qKTHxXaSnAy3LwXiVqAhDeUXNvZqh9vAv1U0ITbxkrqaK0Gl4gVA1xP0hWyXth3ksuQKEFoKCqqeFYeGq77g30E/Fw+S2lvDoMUcDCkpCFmm5JJTzkcvXxyYx6PRH/9eiasy3Gw4ZGtS74eK9cs85rVuJyycE9hkZ1rhy0l7ZvbPmPwL3WjoyvEbIUEwfo8Mzigxq9gFbPSdV0PCD34sW2OirspLyoQcNxUQkHMrc0ib1sg6/Qmsk4R5UdsI6by637rFg8eaBZveUphL0dxHot2GAe3D4VtGdVMegqp7ewC4sv8PUeDi6V6h+CIdXrBiI8Ko72TMP6pHy9Xv8M+ua2kJp+ctaP3DNEwkEym3r8oBJ2lQonXAwukMVh/CITRGWUCSKVvnD9ge+sXo1ns3LvDGoha4czvw6LVkb6ua4kQ1Lcaqztf5FZTWhleoJ9fLPMVXcbqrZxvL98Pm152GPZ8fggU4KkCL6aWXI60KXSy5udEIstkZBe2ywHPbfCdx8vbK2F8ilEvFd29NBmo78SJWM/BT6WpFKWqXs0AlHwTHl3GCPl6nVWlzXSf8L4DIXYwoHpCvyq4UcS/FjCgoJvgcN2Wwz+U/slTibtsszYajmjF++NNxRzGY+aR6xbdgFuDX0WVKn8Bj7qi0nos8OXGbMaZLogTlxAev98tVR9piox219c+ct4nFwgS7pSFJzdjkWN6IbHIFHjR42ilojLHfwLsSTAjCZ+vb36IglKuc0/89N9D2UXgCgyHR/0mcfxNc=&u=U2FsdGVkX1/gQgVziMcTTcK9DaRxaFN8CmYFZnKBkwU=&y=U2FsdGVkX1+BGwbqkP+uvlGY69SC6ih2fij5dfW3V49oltRyY3atf41z6rNl0eAZ HTTP/1.1" 200 1345
186.102.42.19 - - [03/Dec/2023:07:56:19 -0500] "GET /kwssiamovil/sm/acme/s?s=U2FsdGVkX1/cf4lIpKjB2fqMXmBpGWHgjqeuaFXgxFCVZgTW/AVKf1aCZlACkSCDLfRnFbyOlR0XLIfYa/Q8kdi6zV5QFY0igZCfimsej9fk4K0UJ5j9GcpYBLZ4M0quXfvriLUkO3K//Zo0IrN8smsnDuZ0NED0r0mehtsMGJnA1842L0hra/jYpv6zQ7nEm7kZP4LEIiLK6Afp4nkxX2u4GaHL/c8KtxPukbx5eln5Aj2BYps2B9OAh0LYStczghwXt/UZ1ebNC4oFXJNXcWpcH5jDJts4GIuyhfkI0U/g6asU6CdLSzAWMSz25SpBUDxqYpE1QBlCYJcDMIxgZZKRlrVVkkM0lXI16JiuDvIebatpGXO+Km0q73uao/xPeHpxVef+rE3+50lg4soMPlwUoMwde118z1aRgkB7CWmgqDDWbztsO8bGJlVtzUIq2cG20od5vgKpV7xFY4CKg82vPsKAA+B90A9YvKuLxCDUwi/+460xUg1gkY1w94zwH0Sz/x07/y4l5VOgf1atG+cuekaJkUYQB1qA8gCNI1kgR3jpLe7vLzZf4mIznbGhFRgsni6NSxJTGYyF+dG8DTzGRTEOlxxqKFofIyYXDEt83tui5rn33a86ERTb/PQWLPx/Kv6Uk71Vtkn7ySnYEDTMbKyH3PQ5W3JqU3Qoa/EO712cP4v5EUkmZeiUzIP73q4A6+9BhA6Fq8xIhQzhGnqgVh+X8W7y+s3Vqty0Oq5f0i0xLQ092mRW5BLPTpVc&u=U2FsdGVkX1/gQgVziMcTTcK9DaRxaFN8CmYFZnKBkwU=&y=U2FsdGVkX1+BGwbqkP+uvlGY69SC6ih2fij5dfW3V49oltRyY3atf41z6rNl0eAZ HTTP/1.1" 200 208
186.102.42.19 - - [03/Dec/2023:07:56:20 -0500] "GET /kwssiamovil/sm/cjson/pre?f=1&x=U2FsdGVkX1/FQAyGUPYLuaJ1sN+NcU2HVy0snOe8EEzU0b9yElvsztK6zgX7b6yr HTTP/1.1" 200 31032
201.245.192.253 - - [03/Dec/2023:07:56:23 -0500] "POST /forms/lservlet;jsessionid=ac16012b30d64ec0b0a9f85d4cd0acdf8f65235348eb.e3iSbxaKaheRe3eRa38MahaQbi1ynknvrkLOlQzNp65In0 HTTP/1.1" 200 2
172.22.2.4 - - [03/Dec/2023:07:54:50 -0500] "GET /BLA/boletinlegal/ HTTP/1.1" 200 53737
201.245.192.253 - - [03/Dec/2023:07:56:39 -0500] "POST /forms/lservlet;jsessionid=ac16012b30d66bd79d5a81354b569b64ca0b03586396.e3iSbxaKaheRe3eRa38MahaQbi1ynknvrkLOlQzNp65In0 HTTP/1.1" 200 2
172.22.2.4 - - [03/Dec/2023:07:55:57 -0500] "GET /BLA/boletinlegal/ HTTP/1.1" 200 43449
216.245.221.92 - - [03/Dec/2023:07:58:15 -0500] "HEAD / HTTP/1.1" 200 -
201.245.192.253 - - [03/Dec/2023:07:58:23 -0500] "POST /forms/lservlet;jsessionid=ac16012b30d64ec0b0a9f85d4cd0acdf8f65235348eb.e3iSbxaKaheRe3eRa38MahaQbi1ynknvrkLOlQzNp65In0 HTTP/1.1" 200 2
201.245.192.253 - - [03/Dec/2023:07:58:39 -0500] "POST /forms/lservlet;jsessionid=ac16012b30d66bd79d5a81354b569b64ca0b03586396.e3iSbxaKaheRe3eRa38MahaQbi1ynknvrkLOlQzNp65In0 HTTP/1.1" 200 2
201.245.192.253 - - [03/Dec/2023:08:00:23 -0500] "POST /forms/lservlet;jsessionid=ac16012b30d64ec0b0a9f85d4cd0acdf8f65235348eb.e3iSbxaKaheRe3eRa38MahaQbi1ynknvrkLOlQzNp65In0 HTTP/1.1" 200 2
186.102.42.19 - - [03/Dec/2023:08:00:24 -0500] "GET /kwssiamovil/sm/ldap/au?x=U2FsdGVkX1+TN/Y2+nhgIthd4sT0m0v+l2vzVQQS9DaQTAOJy66spd5+MLKAynes&y=U2FsdGVkX185Bag93mupwScQdPl/qOfJ1Bf80hpVnZsW+Ia+gJ3b6TtKne19RqmA HTTP/1.1" 200 30
186.102.42.19 - - [03/Dec/2023:08:00:25 -0500] "GET /kwssiamovil/sm/acme/s?s=U2FsdGVkX18N5yl3nrvKbEU71r7ef0sjs9CEiXKKKlUiUSKr/N3g8cwW/NAjX81nhttvA+3hU9VpxPWzdy6KzA7DUm59ZeSAd7iCPsaLuDM=&u=U2FsdGVkX18ok4eBgHCBSmEItVV+ADsjSqXPkqzufsU=&y=U2FsdGVkX185Bag93mupwScQdPl/qOfJ1Bf80hpVnZsW+Ia+gJ3b6TtKne19RqmA HTTP/1.1" 200 97
186.102.42.19 - - [03/Dec/2023:08:00:25 -0500] "GET /kwssiamovil/sm/acme/s?s=U2FsdGVkX1/EeSvyQ7EaU4C5WYCN4JHsZkuQIOy+fICRJUnB7+Q7RYHjAmS6OVJ9qhEi1yzJlGyXLxDLeqeDsog/xxLwxd5A4Hk7qrR7Lq0iK5cMWPmuK2Wz7kpDZJ3YnAGj+PRehfpJd7hnjmJJO0sX9sk1hsfxzUefzeM0VLu2MTW7qvATLou0Af6eLS8gb5c5QeSV/EOAAoIXd5Ok4kH4Im2UXzjDuoFa07ENg59K77tANx/JmHmWNbPJmnx0ww0QnWLPjCcHbtVnRTKlhlrxzFQzlZFva0pQe56hufMmKrorGhdYAlAnkva4W5e85o+Xld+Hyqaxm7S5yYhPqE04yPzLxObdHq3mEXX0OB56xD3966cD745SyW9OgmIZh1yqWQDMq/GPAGTWyxJbl80eV3NDfAMlK366r00g0Y4zLSUdzSh6k5ICvMnAUtaY/HWlaQGHjEeUgmb5b1QoauF66uyNhu2l3SaT8/6NcPdIoL9aUdl8evue5pK0gDdeDSqLd4RoLyn0KnHZo+9D97WVNUpePK5iS4IiY62yCtgrdNtR5CNrR9EomYK1JF0PN5K1ELEYx+aL5rNBDHi1ZOI5+eExxmwnyBoirWH+Otl6NipmcKfpLIFTplRrV+7LKRckghaz443zYhHORy+OejHzB+RiedL+67Fp8NF4ZD/8pzroqP8U8s47xh1+7YHuDKjgyqXPxSSTNobVk9OBDLKpSYjKWA7HGyZOEYpKb82gNINsaaO+Dlttrl2zUoA0kKKsRMWGGtioNnZSIeSUxSDq94TBebN1OoHKG9wgM0JNjzcmX4Nhmcf2KQbcf952d1GSHqIwRUsPNXd25qv0Y861hvLs98p1rVDhg5jiOTmUhK9s6e0Wx8mR+BfIfGklObX/C9+yneoeGuBqhYqK+glChWQuZNdfS2m3A6b8O+GHqL3LoX2leD4t+UlHPPrRBgU5aErIzD8k9XzVEUuiwF10cJK5EeMuZMne8bG0U8xZ3liXGZfPjVG8wQH13i1HBHylDIopQwG8nm7znb1g3lfZmo/C4JNBNv4PFiYlyQt1120TMd7X3O12suj8U7kAxkIQH0S8et3Ny2+mE/rv/YWtwiB4Un6BWB3fm6S8HJuBP2LfDCMXujYxTx4bs/naQ93bptTRJDhxY/jamFwRZCe5X9f7KOC+xGCf/4/detKTQIbHBo+VpjcYNURKUBy6My2Pa8kcytGzMkD2pft619VxHAFO54C6xhXo0uS9/Apc07RXjiVDVN0rHxEGcg2JXJRxgyDf1xd7Ae+65ljuLRz00DzhSw6CK+B1657aD9qzzGa7vLcYINUTkjC2tvrmcPVYr0DTOzgkdiBB3dBbrq5KZqAQAiJhqrcqF/dOi1k1TgSHur7UCTPrmhHnCWMdSObsWb21J5OyCXqXMa783vg1RYZlFdi+4KZvM2RZ0vsP/rdtlgksdpZTyKwRA33xndEq+IIf8AO/Ke2UJDNuMfqv12yIVrrFkn67ZhMUDTBZzCiacoreIQZlQoREDVMssW6F6w8CX3WRlOp7o8LNELb1W3nH+da4DOEWmIFL3YAl2/H52TpJQHW6kzg2YURRa01SPkabxLwVLIZZvg7/PbB2u4lz/tSLk64LUsGaIIFb847TjnM37KON1KXUX5hbRMwfgTrHVcy/XgKJ7cA3m1RksQjRUF7cZ5i09CTMHjfHG4Eeg3BzXyx4GQg3nMfixv7Hs5WKVroeUT3F7JbaEtjWcLDEqlgvOZWEC14P/Xk=&u=U2FsdGVkX18ok4eBgHCBSmEItVV+ADsjSqXPkqzufsU=&y=U2FsdGVkX185Bag93mupwScQdPl/qOfJ1Bf80hpVnZsW+Ia+gJ3b6TtKne19RqmA HTTP/1.1" 200 1670
186.102.42.19 - - [03/Dec/2023:08:00:25 -0500] "GET /kwssiamovil/sm/acme/s?s=U2FsdGVkX18YLQSxO2JMxrTAq688vUjoWkEnEW8JE9IG83VgonQNbqOKMS2WKqJlzxcg0RUJWynkqVBIp1/I4+NynkZfZ9WToJuSwFDioiW0khReY/crJB222DzdXU1lhNpmrT/d+hUtSvHPP/ajCQDqO3/427RkXyO8f0JtuWAd/F1bN5YOYpMjpIQWiUSfi9G8ME3yEOibgNEAjlbXVa4XoqdynxL2LtMNM1Q0LxzqBtZp1ILWBV0rOp0gDAK9iqcYNRZlWXCC0UAagrLG4dw7wGcu1XMhXiSEnsUu0ptdFrGvAJR6AikNiDRhlO7hFgd6v9f+76kYby9InzWzRkLqn1qSvwwUjzy0ft46ZtGqndmtas2V9KCk17JuLmX+guSaGfWsBc+uhbtvzGR+cFhm5qoso76h3QDL2FTJYby7RUf1vIaQ1DG0QuAN5zC8w6rDEhzqK7Pm1RknOh4howpkX7eUy6V314raLtRCwGNdoVn2wPCWTo1z4LBQoq6CbnyrLMo+zcLS/jxaivbZGvsCE6dPhPZ/Jsu/rOnwYEMdYms4YrmmD3d8PA1zPiPtydY/dDl1aw/U92nvHwMBMI4FZZ03D5ZnsaV6JQhnMW2aoO1g7XeCu/DrSsAv5WnJe2ZBeUnP64QanKcWLxMCPXlxPOhPgABTZpteeXl+v72auDw+1WVjPQZuhTVx4W12rOTS77DUSiNjN1iKHZ6YXf01Wb45H/k3mh/uIRVJUdRD6dX/+Oi7mYWvXu1tIfNj&u=U2FsdGVkX18ok4eBgHCBSmEItVV+ADsjSqXPkqzufsU=&y=U2FsdGVkX185Bag93mupwScQdPl/qOfJ1Bf80hpVnZsW+Ia+gJ3b6TtKne19RqmA HTTP/1.1" 200 208
186.102.42.19 - - [03/Dec/2023:08:00:25 -0500] "GET /kwssiamovil/sm/cjson/pre?f=1&x=U2FsdGVkX1+TN/Y2+nhgIthd4sT0m0v+l2vzVQQS9DaQTAOJy66spd5+MLKAynes HTTP/1.1" 200 31032
201.245.192.253 - - [03/Dec/2023:08:00:39 -0500] "POST /forms/lservlet;jsessionid=ac16012b30d66bd79d5a81354b569b64ca0b03586396.e3iSbxaKaheRe3eRa38MahaQbi1ynknvrkLOlQzNp65In0 HTTP/1.1" 200 2
201.245.192.253 - - [03/Dec/2023:08:01:14 -0500] "POST /kwsrmcab/Wsrmcab  HTTP/1.1" 200 41956
172.22.2.4 - - [03/Dec/2023:07:59:49 -0500] "HEAD /BLA/boletinlegal/ HTTP/1.1" 200 -
168.119.252.242 - - [03/Dec/2023:08:01:45 -0500] "GET / HTTP/1.1" 200 319
168.119.252.242 - - [03/Dec/2023:08:01:45 -0500] "GET / HTTP/1.1" 200 4720
172.22.2.4 - - [03/Dec/2023:08:00:40 -0500] "GET /BLA/boletinlegal/ HTTP/1.1" 200 58644
201.245.192.253 - - [03/Dec/2023:08:02:23 -0500] "POST /forms/lservlet;jsessionid=ac16012b30d64ec0b0a9f85d4cd0acdf8f65235348eb.e3iSbxaKaheRe3eRa38MahaQbi1ynknvrkLOlQzNp65In0 HTTP/1.1" 200 2
201.245.192.253 - - [03/Dec/2023:08:02:39 -0500] "POST /forms/lservlet;jsessionid=ac16012b30d66bd79d5a81354b569b64ca0b03586396.e3iSbxaKaheRe3eRa38MahaQbi1ynknvrkLOlQzNp65In0 HTTP/1.1" 200 2
216.245.221.92 - - [03/Dec/2023:08:03:15 -0500] "HEAD / HTTP/1.1" 200 -
52.167.144.234 - - [03/Dec/2023:08:03:29 -0500] "GET /BLA/resoluciones/Notificaciones/REGISTROS%202020/0923.pdf HTTP/1.1" 200 270114
201.245.192.253 - - [03/Dec/2023:08:04:23 -0500] "POST /forms/lservlet;jsessionid=ac16012b30d64ec0b0a9f85d4cd0acdf8f65235348eb.e3iSbxaKaheRe3eRa38MahaQbi1ynknvrkLOlQzNp65In0 HTTP/1.1" 200 2
201.245.192.253 - - [03/Dec/2023:08:04:39 -0500] "POST /forms/lservlet;jsessionid=ac16012b30d66bd79d5a81354b569b64ca0b03586396.e3iSbxaKaheRe3eRa38MahaQbi1ynknvrkLOlQzNp65In0 HTTP/1.1" 200 2
172.22.2.4 - - [03/Dec/2023:08:04:55 -0500] "GET /BLA/boletinlegal/robots.txt HTTP/1.1" 404 1038
172.22.2.4 - - [03/Dec/2023:08:04:56 -0500] "GET /BLA/boletinlegal/Directivas/2018/Directiva%20No.%2027%20del%2028%20de%20diciembre%20de%202018.pdf HTTP/1.1" 200 2831879
201.245.192.253 - - [03/Dec/2023:08:06:13 -0500] "POST /kwsrmcab/Wsrmcab  HTTP/1.1" 200 41956
201.245.192.253 - - [03/Dec/2023:08:06:23 -0500] "POST /forms/lservlet;jsessionid=ac16012b30d64ec0b0a9f85d4cd0acdf8f65235348eb.e3iSbxaKaheRe3eRa38MahaQbi1ynknvrkLOlQzNp65In0 HTTP/1.1" 200 2
201.245.192.253 - - [03/Dec/2023:08:06:39 -0500] "POST /forms/lservlet;jsessionid=ac16012b30d66bd79d5a81354b569b64ca0b03586396.e3iSbxaKaheRe3eRa38MahaQbi1ynknvrkLOlQzNp65In0 HTTP/1.1" 200 2
172.22.2.4 - - [03/Dec/2023:08:05:39 -0500] "HEAD /BLA/boletinlegal/ HTTP/1.1" 200 -
172.22.2.4 - - [03/Dec/2023:08:06:30 -0500] "GET /BLA/boletinlegal/ HTTP/1.1" 200 61018
216.245.221.92 - - [03/Dec/2023:08:08:15 -0500] "HEAD / HTTP/1.1" 200 -
201.245.192.253 - - [03/Dec/2023:08:08:23 -0500] "POST /forms/lservlet;jsessionid=ac16012b30d64ec0b0a9f85d4cd0acdf8f65235348eb.e3iSbxaKaheRe3eRa38MahaQbi1ynknvrkLOlQzNp65In0 HTTP/1.1" 200 2
201.245.192.253 - - [03/Dec/2023:08:08:39 -0500] "POST /forms/lservlet;jsessionid=ac16012b30d66bd79d5a81354b569b64ca0b03586396.e3iSbxaKaheRe3eRa38MahaQbi1ynknvrkLOlQzNp65In0 HTTP/1.1" 200 2
201.245.192.253 - - [03/Dec/2023:08:10:23 -0500] "POST /forms/lservlet;jsessionid=ac16012b30d64ec0b0a9f85d4cd0acdf8f65235348eb.e3iSbxaKaheRe3eRa38MahaQbi1ynknvrkLOlQzNp65In0 HTTP/1.1" 200 2
201.245.192.253 - - [03/Dec/2023:08:10:39 -0500] "POST /forms/lservlet;jsessionid=ac16012b30d66bd79d5a81354b569b64ca0b03586396.e3iSbxaKaheRe3eRa38MahaQbi1ynknvrkLOlQzNp65In0 HTTP/1.1" 200 2
201.245.192.253 - - [03/Dec/2023:08:11:12 -0500] "POST /kwsrmcab/Wsrmcab  HTTP/1.1" 200 41956
172.22.2.4 - - [03/Dec/2023:08:11:17 -0500] "GET /BLA/boletinlegal/actos.php HTTP/1.1" 200 9682
186.80.199.188 - - [03/Dec/2023:08:11:32 -0500] "GET /BLA/resoluciones/ HTTP/1.1" 200 13696
185.134.22.149 - - [03/Dec/2023:08:11:37 -0500] "GET / HTTP/1.1" 200 319
185.134.22.149 - - [03/Dec/2023:08:11:38 -0500] "GET /systembc/password.php HTTP/1.1" 404 1018
185.134.22.149 - - [03/Dec/2023:08:11:39 -0500] "GET /Ep1v HTTP/1.1" 404 1018
186.80.199.188 - - [03/Dec/2023:08:11:39 -0500] "GET /BLA/resoluciones/index.php?dir=AUTOS+2023%2F HTTP/1.1" 200 430945
185.134.22.149 - - [03/Dec/2023:08:11:40 -0500] "GET /GWqN HTTP/1.1" 404 1018
172.22.2.4 - - [03/Dec/2023:08:11:05 -0500] "GET /BLA/boletinlegal/ HTTP/1.1" 200 32715
20.197.112.234 - - [03/Dec/2023:08:12:15 -0500] "GET /Publicaciones/2023EE208780.pdf HTTP/1.1" 404 228
201.245.192.253 - - [03/Dec/2023:08:12:23 -0500] "POST /forms/lservlet;jsessionid=ac16012b30d64ec0b0a9f85d4cd0acdf8f65235348eb.e3iSbxaKaheRe3eRa38MahaQbi1ynknvrkLOlQzNp65In0 HTTP/1.1" 200 2
201.245.192.253 - - [03/Dec/2023:08:12:39 -0500] "POST /forms/lservlet;jsessionid=ac16012b30d66bd79d5a81354b569b64ca0b03586396.e3iSbxaKaheRe3eRa38MahaQbi1ynknvrkLOlQzNp65In0 HTTP/1.1" 200 2
172.22.2.4 - - [03/Dec/2023:08:11:29 -0500] "HEAD /BLA/boletinlegal/ HTTP/1.1" 200 -
216.245.221.92 - - [03/Dec/2023:08:13:15 -0500] "HEAD / HTTP/1.1" 200 -
172.22.2.4 - - [03/Dec/2023:08:12:41 -0500] "GET /BLA/boletinlegal/ HTTP/1.1" 200 24523
172.22.2.4 - - [03/Dec/2023:08:12:20 -0500] "GET /BLA/boletinlegal/ HTTP/1.1" 200 56634
201.245.192.253 - - [03/Dec/2023:08:14:23 -0500] "POST /forms/lservlet;jsessionid=ac16012b30d64ec0b0a9f85d4cd0acdf8f65235348eb.e3iSbxaKaheRe3eRa38MahaQbi1ynknvrkLOlQzNp65In0 HTTP/1.1" 200 2
201.245.192.253 - - [03/Dec/2023:08:14:39 -0500] "POST /forms/lservlet;jsessionid=ac16012b30d66bd79d5a81354b569b64ca0b03586396.e3iSbxaKaheRe3eRa38MahaQbi1ynknvrkLOlQzNp65In0 HTTP/1.1" 200 2
201.245.192.253 - - [03/Dec/2023:08:16:11 -0500] "POST /kwsrmcab/Wsrmcab  HTTP/1.1" 200 41956
201.245.192.253 - - [03/Dec/2023:08:16:23 -0500] "POST /forms/lservlet;jsessionid=ac16012b30d64ec0b0a9f85d4cd0acdf8f65235348eb.e3iSbxaKaheRe3eRa38MahaQbi1ynknvrkLOlQzNp65In0 HTTP/1.1" 200 2
201.245.192.253 - - [03/Dec/2023:08:16:39 -0500] "POST /forms/lservlet;jsessionid=ac16012b30d66bd79d5a81354b569b64ca0b03586396.e3iSbxaKaheRe3eRa38MahaQbi1ynknvrkLOlQzNp65In0 HTTP/1.1" 200 2
201.245.192.253 - - [03/Dec/2023:08:16:56 -0500] "POST /kwsrmcab/Wsrmcab HTTP/1.1" 200 41064
201.245.192.253 - - [03/Dec/2023:08:16:59 -0500] "POST /kwsrmcab/Wsrmcab HTTP/1.1" 200 37645
216.245.221.92 - - [03/Dec/2023:08:18:15 -0500] "HEAD / HTTP/1.1" 200 -
201.245.192.253 - - [03/Dec/2023:08:18:23 -0500] "POST /forms/lservlet;jsessionid=ac16012b30d64ec0b0a9f85d4cd0acdf8f65235348eb.e3iSbxaKaheRe3eRa38MahaQbi1ynknvrkLOlQzNp65In0 HTTP/1.1" 200 2
201.245.192.253 - - [03/Dec/2023:08:18:39 -0500] "POST /forms/lservlet;jsessionid=ac16012b30d66bd79d5a81354b569b64ca0b03586396.e3iSbxaKaheRe3eRa38MahaQbi1ynknvrkLOlQzNp65In0 HTTP/1.1" 200 2
172.22.2.4 - - [03/Dec/2023:08:17:19 -0500] "HEAD /BLA/boletinlegal/ HTTP/1.1" 200 -
40.77.167.243 - - [03/Dec/2023:08:19:01 -0500] "GET /sipse/faces/autenticacion.xhtml HTTP/1.1" 200 12736
66.249.66.20 - - [03/Dec/2023:08:19:24 -0500] "GET /Publicaciones/2023EE281453.pdf HTTP/1.1" 200 391666
69.171.249.4 - - [03/Dec/2023:08:19:26 -0500] "GET /images/Zorro%20cangrejero.jpg HTTP/1.1" 200 40050
172.22.2.4 - - [03/Dec/2023:08:18:10 -0500] "GET /BLA/boletinlegal/ HTTP/1.1" 200 56634
201.245.192.253 - - [03/Dec/2023:08:20:23 -0500] "POST /forms/lservlet;jsessionid=ac16012b30d64ec0b0a9f85d4cd0acdf8f65235348eb.e3iSbxaKaheRe3eRa38MahaQbi1ynknvrkLOlQzNp65In0 HTTP/1.1" 200 2
201.245.192.253 - - [03/Dec/2023:08:20:36 -0500] "POST /kwsrmcab/Wsrmcab HTTP/1.1" 200 41064
