!C99Shell v. 1.0 pre-release build #13!

Software: Apache. PHP/5.5.15 

uname -a: Windows NT SVR-DMZ 6.1 build 7600 (Windows Server 2008 R2 Enterprise Edition) i586 

SYSTEM 

Safe-mode: OFF (not secure)

E:\nuevo\apache\logs\   drwxrwxrwx
Free 8.02 GB of 239.26 GB (3.35%)
Detected drives: [ a ] [ c ] [ d ] [ e ] [ f ]
Home    Back    Forward    UPDIR    Refresh    Search    Buffer    Encoder    Tools    Proc.    FTP brute    Sec.    SQL    PHP-code    Update    Feedback    Self remove    Logout    


Viewing file:     access.2023.12.03.log (1.65 MB)      -rw-rw-rw-
Select action/file-type:
(+) | (+) | (+) | Code (+) | Session (+) | (+) | SDB (+) | (+) | (+) | (+) | (+) | (+) |
201.245.192.253 - - [03/Dec/2023:00:00:21 -0500] "POST /forms/lservlet;jsessionid=ac16012b30d64ec0b0a9f85d4cd0acdf8f65235348eb.e3iSbxaKaheRe3eRa38MahaQbi1ynknvrkLOlQzNp65In0 HTTP/1.1" 200 2
66.249.65.4 - - [03/Dec/2023:00:00:29 -0500] "GET /un-respiro-para-el-ambiente-durante-la-jornada-de-dia-sin-carro-y-sin-moto.html HTTP/1.1" 304 -
201.245.192.253 - - [03/Dec/2023:00:00:38 -0500] "POST /forms/lservlet;jsessionid=ac16012b30d66bd79d5a81354b569b64ca0b03586396.e3iSbxaKaheRe3eRa38MahaQbi1ynknvrkLOlQzNp65In0 HTTP/1.1" 200 2
201.245.192.253 - - [03/Dec/2023:00:02:21 -0500] "POST /forms/lservlet;jsessionid=ac16012b30d64ec0b0a9f85d4cd0acdf8f65235348eb.e3iSbxaKaheRe3eRa38MahaQbi1ynknvrkLOlQzNp65In0 HTTP/1.1" 200 2
172.22.2.4 - - [03/Dec/2023:00:00:52 -0500] "HEAD /BLA/boletinlegal/ HTTP/1.1" 200 -
201.245.192.253 - - [03/Dec/2023:00:02:38 -0500] "POST /forms/lservlet;jsessionid=ac16012b30d66bd79d5a81354b569b64ca0b03586396.e3iSbxaKaheRe3eRa38MahaQbi1ynknvrkLOlQzNp65In0 HTTP/1.1" 200 2
216.245.221.92 - - [03/Dec/2023:00:03:16 -0500] "HEAD / HTTP/1.1" 200 -
172.22.2.4 - - [03/Dec/2023:00:01:43 -0500] "GET /BLA/boletinlegal/ HTTP/1.1" 200 60634
201.245.192.253 - - [03/Dec/2023:00:03:29 -0500] "POST /kwsrmcab/Wsrmcab  HTTP/1.1" 200 41956
173.252.95.116 - - [03/Dec/2023:00:03:41 -0500] "GET /images/Acuerdos%2001%20(1)%20(1).jpeg HTTP/1.1" 200 32884
157.55.39.49 - - [03/Dec/2023:00:04:03 -0500] "GET /BLA/resoluciones/AUTOS%202013/1131.pdf HTTP/1.1" 200 990650
201.245.192.253 - - [03/Dec/2023:00:04:21 -0500] "POST /forms/lservlet;jsessionid=ac16012b30d64ec0b0a9f85d4cd0acdf8f65235348eb.e3iSbxaKaheRe3eRa38MahaQbi1ynknvrkLOlQzNp65In0 HTTP/1.1" 200 2
201.245.192.253 - - [03/Dec/2023:00:04:38 -0500] "POST /forms/lservlet;jsessionid=ac16012b30d66bd79d5a81354b569b64ca0b03586396.e3iSbxaKaheRe3eRa38MahaQbi1ynknvrkLOlQzNp65In0 HTTP/1.1" 200 2
52.167.144.235 - - [03/Dec/2023:00:06:15 -0500] "GET /galeria/galeria/jquery.fancybox.css?v=2.1.5 HTTP/1.1" 200 4895
52.167.144.186 - - [03/Dec/2023:00:06:20 -0500] "GET /galeria/galeria/jquery.fancybox.js?v=2.1.5 HTTP/1.1" 200 48706
201.245.192.253 - - [03/Dec/2023:00:06:21 -0500] "POST /forms/lservlet;jsessionid=ac16012b30d64ec0b0a9f85d4cd0acdf8f65235348eb.e3iSbxaKaheRe3eRa38MahaQbi1ynknvrkLOlQzNp65In0 HTTP/1.1" 200 2
201.245.192.253 - - [03/Dec/2023:00:06:38 -0500] "POST /forms/lservlet;jsessionid=ac16012b30d66bd79d5a81354b569b64ca0b03586396.e3iSbxaKaheRe3eRa38MahaQbi1ynknvrkLOlQzNp65In0 HTTP/1.1" 200 2
216.245.221.92 - - [03/Dec/2023:00:08:16 -0500] "HEAD / HTTP/1.1" 200 -
201.245.192.253 - - [03/Dec/2023:00:08:21 -0500] "POST /forms/lservlet;jsessionid=ac16012b30d64ec0b0a9f85d4cd0acdf8f65235348eb.e3iSbxaKaheRe3eRa38MahaQbi1ynknvrkLOlQzNp65In0 HTTP/1.1" 200 2
172.22.2.4 - - [03/Dec/2023:00:06:42 -0500] "HEAD /BLA/boletinlegal/ HTTP/1.1" 200 -
201.245.192.253 - - [03/Dec/2023:00:08:28 -0500] "POST /kwsrmcab/Wsrmcab  HTTP/1.1" 200 41956
201.245.192.253 - - [03/Dec/2023:00:08:38 -0500] "POST /forms/lservlet;jsessionid=ac16012b30d66bd79d5a81354b569b64ca0b03586396.e3iSbxaKaheRe3eRa38MahaQbi1ynknvrkLOlQzNp65In0 HTTP/1.1" 200 2
172.22.2.4 - - [03/Dec/2023:00:07:56 -0500] "GET /BLA/boletinlegal/ HTTP/1.1" 200 55050
201.245.192.253 - - [03/Dec/2023:00:10:21 -0500] "POST /forms/lservlet;jsessionid=ac16012b30d64ec0b0a9f85d4cd0acdf8f65235348eb.e3iSbxaKaheRe3eRa38MahaQbi1ynknvrkLOlQzNp65In0 HTTP/1.1" 200 2
172.22.2.4 - - [03/Dec/2023:00:09:00 -0500] "GET /BLA/boletinlegal/ HTTP/1.1" 200 49099
201.245.192.253 - - [03/Dec/2023:00:10:38 -0500] "POST /forms/lservlet;jsessionid=ac16012b30d66bd79d5a81354b569b64ca0b03586396.e3iSbxaKaheRe3eRa38MahaQbi1ynknvrkLOlQzNp65In0 HTTP/1.1" 200 2
52.167.144.174 - - [03/Dec/2023:00:11:19 -0500] "GET /BLA/resoluciones/RESOLUCIONES%202022/4466.pdf HTTP/1.1" 304 -
66.249.65.5 - - [03/Dec/2023:00:11:44 -0500] "GET /como-hacer-uso-de-la-publicidad-exterior-visual-en-epoca-electoral.html HTTP/1.1" 304 -
201.245.192.253 - - [03/Dec/2023:00:12:21 -0500] "POST /forms/lservlet;jsessionid=ac16012b30d64ec0b0a9f85d4cd0acdf8f65235348eb.e3iSbxaKaheRe3eRa38MahaQbi1ynknvrkLOlQzNp65In0 HTTP/1.1" 200 2
201.245.192.253 - - [03/Dec/2023:00:12:38 -0500] "POST /forms/lservlet;jsessionid=ac16012b30d66bd79d5a81354b569b64ca0b03586396.e3iSbxaKaheRe3eRa38MahaQbi1ynknvrkLOlQzNp65In0 HTTP/1.1" 200 2
216.245.221.92 - - [03/Dec/2023:00:13:16 -0500] "HEAD / HTTP/1.1" 200 -
201.245.192.253 - - [03/Dec/2023:00:13:26 -0500] "POST /kwsrmcab/Wsrmcab  HTTP/1.1" 200 41956
52.167.144.186 - - [03/Dec/2023:00:14:09 -0500] "GET /BLA/resoluciones/AUTOS%202017/3270.pdf HTTP/1.1" 200 279803
201.245.192.253 - - [03/Dec/2023:00:14:21 -0500] "POST /forms/lservlet;jsessionid=ac16012b30d64ec0b0a9f85d4cd0acdf8f65235348eb.e3iSbxaKaheRe3eRa38MahaQbi1ynknvrkLOlQzNp65In0 HTTP/1.1" 200 2
172.22.2.4 - - [03/Dec/2023:00:12:55 -0500] "HEAD /BLA/boletinlegal/ HTTP/1.1" 200 -
201.245.192.253 - - [03/Dec/2023:00:14:38 -0500] "POST /forms/lservlet;jsessionid=ac16012b30d66bd79d5a81354b569b64ca0b03586396.e3iSbxaKaheRe3eRa38MahaQbi1ynknvrkLOlQzNp65In0 HTTP/1.1" 200 2
172.22.2.4 - - [03/Dec/2023:00:13:46 -0500] "GET /BLA/boletinlegal/ HTTP/1.1" 200 60634
40.77.167.235 - - [03/Dec/2023:00:15:39 -0500] "GET /BLA/resoluciones/AUTOS%202023/2249.pdf HTTP/1.1" 200 2301940
201.245.192.253 - - [03/Dec/2023:00:16:21 -0500] "POST /forms/lservlet;jsessionid=ac16012b30d64ec0b0a9f85d4cd0acdf8f65235348eb.e3iSbxaKaheRe3eRa38MahaQbi1ynknvrkLOlQzNp65In0 HTTP/1.1" 200 2
201.245.192.253 - - [03/Dec/2023:00:16:38 -0500] "POST /forms/lservlet;jsessionid=ac16012b30d66bd79d5a81354b569b64ca0b03586396.e3iSbxaKaheRe3eRa38MahaQbi1ynknvrkLOlQzNp65In0 HTTP/1.1" 200 2
201.245.192.253 - - [03/Dec/2023:00:16:58 -0500] "POST /kwsrmcab/Wsrmcab HTTP/1.1" 200 41001
201.245.192.253 - - [03/Dec/2023:00:17:03 -0500] "POST /kwsrmcab/Wsrmcab HTTP/1.1" 200 36389
216.245.221.92 - - [03/Dec/2023:00:18:16 -0500] "HEAD / HTTP/1.1" 200 -
201.245.192.253 - - [03/Dec/2023:00:18:21 -0500] "POST /forms/lservlet;jsessionid=ac16012b30d64ec0b0a9f85d4cd0acdf8f65235348eb.e3iSbxaKaheRe3eRa38MahaQbi1ynknvrkLOlQzNp65In0 HTTP/1.1" 200 2
66.249.66.19 - - [03/Dec/2023:00:18:23 -0500] "GET /BLA/resoluciones/Notificaciones/AUTOS%202022/6026.pdf HTTP/1.1" 200 425637
201.245.192.253 - - [03/Dec/2023:00:18:25 -0500] "POST /kwsrmcab/Wsrmcab  HTTP/1.1" 200 41956
201.245.192.253 - - [03/Dec/2023:00:18:38 -0500] "POST /forms/lservlet;jsessionid=ac16012b30d66bd79d5a81354b569b64ca0b03586396.e3iSbxaKaheRe3eRa38MahaQbi1ynknvrkLOlQzNp65In0 HTTP/1.1" 200 2
201.245.192.253 - - [03/Dec/2023:00:20:21 -0500] "POST /forms/lservlet;jsessionid=ac16012b30d64ec0b0a9f85d4cd0acdf8f65235348eb.e3iSbxaKaheRe3eRa38MahaQbi1ynknvrkLOlQzNp65In0 HTTP/1.1" 200 2
172.22.2.4 - - [03/Dec/2023:00:18:45 -0500] "HEAD /BLA/boletinlegal/ HTTP/1.1" 200 -
201.245.192.253 - - [03/Dec/2023:00:20:38 -0500] "POST /forms/lservlet;jsessionid=ac16012b30d66bd79d5a81354b569b64ca0b03586396.e3iSbxaKaheRe3eRa38MahaQbi1ynknvrkLOlQzNp65In0 HTTP/1.1" 200 2
201.245.192.253 - - [03/Dec/2023:00:20:38 -0500] "POST /kwsrmcab/Wsrmcab HTTP/1.1" 200 41001
201.245.192.253 - - [03/Dec/2023:00:20:46 -0500] "POST /kwsrmcab/Wsrmcab HTTP/1.1" 200 36389
172.22.2.4 - - [03/Dec/2023:00:19:36 -0500] "GET /BLA/boletinlegal/ HTTP/1.1" 200 60634
201.245.192.253 - - [03/Dec/2023:00:22:21 -0500] "POST /forms/lservlet;jsessionid=ac16012b30d64ec0b0a9f85d4cd0acdf8f65235348eb.e3iSbxaKaheRe3eRa38MahaQbi1ynknvrkLOlQzNp65In0 HTTP/1.1" 200 2
201.245.192.253 - - [03/Dec/2023:00:22:38 -0500] "POST /forms/lservlet;jsessionid=ac16012b30d66bd79d5a81354b569b64ca0b03586396.e3iSbxaKaheRe3eRa38MahaQbi1ynknvrkLOlQzNp65In0 HTTP/1.1" 200 2
66.249.65.4 - - [03/Dec/2023:00:22:59 -0500] "GET /semana-bogota-reverdece-se-plantaron-200-nuevos-arboles-en-el-humedal-tingua-azul-bosa.html HTTP/1.1" 304 -
216.245.221.92 - - [03/Dec/2023:00:23:16 -0500] "HEAD / HTTP/1.1" 200 -
201.245.192.253 - - [03/Dec/2023:00:23:24 -0500] "POST /kwsrmcab/Wsrmcab  HTTP/1.1" 200 41956
207.46.13.130 - - [03/Dec/2023:00:24:00 -0500] "GET /BLA/resoluciones/AUTOS%202021/5793.pdf HTTP/1.1" 304 -
201.245.192.253 - - [03/Dec/2023:00:24:21 -0500] "POST /forms/lservlet;jsessionid=ac16012b30d64ec0b0a9f85d4cd0acdf8f65235348eb.e3iSbxaKaheRe3eRa38MahaQbi1ynknvrkLOlQzNp65In0 HTTP/1.1" 200 2
201.245.192.253 - - [03/Dec/2023:00:24:38 -0500] "POST /forms/lservlet;jsessionid=ac16012b30d66bd79d5a81354b569b64ca0b03586396.e3iSbxaKaheRe3eRa38MahaQbi1ynknvrkLOlQzNp65In0 HTTP/1.1" 200 2
172.22.2.4 - - [03/Dec/2023:00:24:49 -0500] "GET /BLA/boletinlegal/robots.txt HTTP/1.1" 404 1037
172.22.2.4 - - [03/Dec/2023:00:24:49 -0500] "GET /BLA/boletinlegal/Directivas/2009/Directiva%20No.%20del%2023%20de%20Diciembre%20de%202009.pdf HTTP/1.1" 304 -
66.249.66.19 - - [03/Dec/2023:00:25:34 -0500] "GET /BLA/resoluciones/Notificaciones/AUTOS%202021/4322.pdf HTTP/1.1" 200 312603
172.22.2.4 - - [03/Dec/2023:00:24:35 -0500] "HEAD /BLA/boletinlegal/ HTTP/1.1" 200 -
201.245.192.253 - - [03/Dec/2023:00:26:21 -0500] "POST /forms/lservlet;jsessionid=ac16012b30d64ec0b0a9f85d4cd0acdf8f65235348eb.e3iSbxaKaheRe3eRa38MahaQbi1ynknvrkLOlQzNp65In0 HTTP/1.1" 200 2
201.245.192.253 - - [03/Dec/2023:00:26:38 -0500] "POST /forms/lservlet;jsessionid=ac16012b30d66bd79d5a81354b569b64ca0b03586396.e3iSbxaKaheRe3eRa38MahaQbi1ynknvrkLOlQzNp65In0 HTTP/1.1" 200 2
201.245.192.253 - - [03/Dec/2023:00:26:57 -0500] "POST /kwsrmcab/Wsrmcab HTTP/1.1" 200 41001
201.245.192.253 - - [03/Dec/2023:00:27:01 -0500] "POST /kwsrmcab/Wsrmcab HTTP/1.1" 200 36389
172.22.2.4 - - [03/Dec/2023:00:25:26 -0500] "GET /BLA/boletinlegal/ HTTP/1.1" 200 61018
216.245.221.92 - - [03/Dec/2023:00:28:16 -0500] "HEAD / HTTP/1.1" 200 -
201.245.192.253 - - [03/Dec/2023:00:28:21 -0500] "POST /forms/lservlet;jsessionid=ac16012b30d64ec0b0a9f85d4cd0acdf8f65235348eb.e3iSbxaKaheRe3eRa38MahaQbi1ynknvrkLOlQzNp65In0 HTTP/1.1" 200 2
201.245.192.253 - - [03/Dec/2023:00:28:22 -0500] "POST /kwsrmcab/Wsrmcab  HTTP/1.1" 200 41956
201.245.192.253 - - [03/Dec/2023:00:28:38 -0500] "POST /forms/lservlet;jsessionid=ac16012b30d66bd79d5a81354b569b64ca0b03586396.e3iSbxaKaheRe3eRa38MahaQbi1ynknvrkLOlQzNp65In0 HTTP/1.1" 200 2
52.167.144.219 - - [03/Dec/2023:00:28:40 -0500] "GET /BLA/resoluciones/RESOLUCIONES%202007/RES%202007%203601%20AL%203700/RESOLUCION%203604%20DE%202007.pdf HTTP/1.1" 200 610578
3.135.195.18 - - [03/Dec/2023:00:29:11 -0500] "GET /ai.txt?t=1701565474.957452 HTTP/1.1" 404 1035
3.135.195.18 - - [03/Dec/2023:00:29:11 -0500] "GET /.well-known/ai.txt?t=1701565474.957452 HTTP/1.1" 404 1035
201.245.192.253 - - [03/Dec/2023:00:30:21 -0500] "POST /forms/lservlet;jsessionid=ac16012b30d64ec0b0a9f85d4cd0acdf8f65235348eb.e3iSbxaKaheRe3eRa38MahaQbi1ynknvrkLOlQzNp65In0 HTTP/1.1" 200 2
66.249.66.20 - - [03/Dec/2023:00:30:23 -0500] "GET /BLA/resoluciones/AUTOS%202008/2153.pdf HTTP/1.1" 200 299198
201.245.192.253 - - [03/Dec/2023:00:30:38 -0500] "POST /forms/lservlet;jsessionid=ac16012b30d66bd79d5a81354b569b64ca0b03586396.e3iSbxaKaheRe3eRa38MahaQbi1ynknvrkLOlQzNp65In0 HTTP/1.1" 200 2
201.245.192.253 - - [03/Dec/2023:00:30:37 -0500] "POST /kwsrmcab/Wsrmcab HTTP/1.1" 200 41001
201.245.192.253 - - [03/Dec/2023:00:30:47 -0500] "POST /kwsrmcab/Wsrmcab HTTP/1.1" 200 36389
172.22.2.4 - - [03/Dec/2023:00:30:25 -0500] "HEAD /BLA/boletinlegal/ HTTP/1.1" 200 -
201.245.192.253 - - [03/Dec/2023:00:32:21 -0500] "POST /forms/lservlet;jsessionid=ac16012b30d64ec0b0a9f85d4cd0acdf8f65235348eb.e3iSbxaKaheRe3eRa38MahaQbi1ynknvrkLOlQzNp65In0 HTTP/1.1" 200 2
201.245.192.253 - - [03/Dec/2023:00:32:38 -0500] "POST /forms/lservlet;jsessionid=ac16012b30d66bd79d5a81354b569b64ca0b03586396.e3iSbxaKaheRe3eRa38MahaQbi1ynknvrkLOlQzNp65In0 HTTP/1.1" 200 2
172.22.2.4 - - [03/Dec/2023:00:31:16 -0500] "GET /BLA/boletinlegal/ HTTP/1.1" 200 60634
216.245.221.92 - - [03/Dec/2023:00:33:16 -0500] "HEAD / HTTP/1.1" 200 -
201.245.192.253 - - [03/Dec/2023:00:33:20 -0500] "POST /kwsrmcab/Wsrmcab  HTTP/1.1" 200 41956
201.245.192.253 - - [03/Dec/2023:00:34:21 -0500] "POST /forms/lservlet;jsessionid=ac16012b30d64ec0b0a9f85d4cd0acdf8f65235348eb.e3iSbxaKaheRe3eRa38MahaQbi1ynknvrkLOlQzNp65In0 HTTP/1.1" 200 2
201.245.192.253 - - [03/Dec/2023:00:34:38 -0500] "POST /forms/lservlet;jsessionid=ac16012b30d66bd79d5a81354b569b64ca0b03586396.e3iSbxaKaheRe3eRa38MahaQbi1ynknvrkLOlQzNp65In0 HTTP/1.1" 200 2
201.245.192.253 - - [03/Dec/2023:00:36:22 -0500] "POST /forms/lservlet;jsessionid=ac16012b30d64ec0b0a9f85d4cd0acdf8f65235348eb.e3iSbxaKaheRe3eRa38MahaQbi1ynknvrkLOlQzNp65In0 HTTP/1.1" 200 2
201.245.192.253 - - [03/Dec/2023:00:36:38 -0500] "POST /forms/lservlet;jsessionid=ac16012b30d66bd79d5a81354b569b64ca0b03586396.e3iSbxaKaheRe3eRa38MahaQbi1ynknvrkLOlQzNp65In0 HTTP/1.1" 200 2
201.245.192.253 - - [03/Dec/2023:00:36:58 -0500] "POST /kwsrmcab/Wsrmcab HTTP/1.1" 200 41001
201.245.192.253 - - [03/Dec/2023:00:37:02 -0500] "POST /kwsrmcab/Wsrmcab HTTP/1.1" 200 36389
52.167.144.138 - - [03/Dec/2023:00:37:11 -0500] "GET /portaldeninos/?s=2024 HTTP/1.1" 200 85855
172.22.2.4 - - [03/Dec/2023:00:36:15 -0500] "HEAD /BLA/boletinlegal/ HTTP/1.1" 200 -
66.249.65.70 - - [03/Dec/2023:00:38:15 -0500] "GET /portaldeninos/aulas-ambientales/ HTTP/1.1" 200 88416
216.245.221.92 - - [03/Dec/2023:00:38:16 -0500] "HEAD / HTTP/1.1" 200 -
201.245.192.253 - - [03/Dec/2023:00:38:22 -0500] "POST /forms/lservlet;jsessionid=ac16012b30d64ec0b0a9f85d4cd0acdf8f65235348eb.e3iSbxaKaheRe3eRa38MahaQbi1ynknvrkLOlQzNp65In0 HTTP/1.1" 200 2
201.245.192.253 - - [03/Dec/2023:00:38:19 -0500] "POST /kwsrmcab/Wsrmcab  HTTP/1.1" 200 41956
201.245.192.253 - - [03/Dec/2023:00:38:38 -0500] "POST /forms/lservlet;jsessionid=ac16012b30d66bd79d5a81354b569b64ca0b03586396.e3iSbxaKaheRe3eRa38MahaQbi1ynknvrkLOlQzNp65In0 HTTP/1.1" 200 2
172.22.2.4 - - [03/Dec/2023:00:37:06 -0500] "GET /BLA/boletinlegal/ HTTP/1.1" 200 60634
167.248.133.51 - - [03/Dec/2023:00:39:56 -0500] "GET / HTTP/1.1" 200 319
167.248.133.51 - - [03/Dec/2023:00:40:00 -0500] "GET / HTTP/1.1" 200 319
167.248.133.51 - - [03/Dec/2023:00:40:00 -0500] "PRI * HTTP/2.0" 400 946
167.248.133.51 - - [03/Dec/2023:00:40:00 -0500] "GET /favicon.ico HTTP/1.1" 200 7782
201.245.192.253 - - [03/Dec/2023:00:40:22 -0500] "POST /forms/lservlet;jsessionid=ac16012b30d64ec0b0a9f85d4cd0acdf8f65235348eb.e3iSbxaKaheRe3eRa38MahaQbi1ynknvrkLOlQzNp65In0 HTTP/1.1" 200 2
201.245.192.253 - - [03/Dec/2023:00:40:38 -0500] "POST /forms/lservlet;jsessionid=ac16012b30d66bd79d5a81354b569b64ca0b03586396.e3iSbxaKaheRe3eRa38MahaQbi1ynknvrkLOlQzNp65In0 HTTP/1.1" 200 2
201.245.192.253 - - [03/Dec/2023:00:40:37 -0500] "POST /kwsrmcab/Wsrmcab HTTP/1.1" 200 41001
201.245.192.253 - - [03/Dec/2023:00:40:47 -0500] "POST /kwsrmcab/Wsrmcab HTTP/1.1" 200 36389
207.46.13.168 - - [03/Dec/2023:00:41:44 -0500] "GET /BLA/resoluciones/AUTOS%202017/3184.pdf HTTP/1.1" 200 274707
201.245.192.253 - - [03/Dec/2023:00:42:22 -0500] "POST /forms/lservlet;jsessionid=ac16012b30d64ec0b0a9f85d4cd0acdf8f65235348eb.e3iSbxaKaheRe3eRa38MahaQbi1ynknvrkLOlQzNp65In0 HTTP/1.1" 200 2
201.245.192.253 - - [03/Dec/2023:00:42:38 -0500] "POST /forms/lservlet;jsessionid=ac16012b30d66bd79d5a81354b569b64ca0b03586396.e3iSbxaKaheRe3eRa38MahaQbi1ynknvrkLOlQzNp65In0 HTTP/1.1" 200 2
172.22.2.4 - - [03/Dec/2023:00:42:40 -0500] "GET /BLA/boletinlegal/jurisprudencia/analisis/ANALISIST-257-96.docx HTTP/1.1" 200 19486
66.249.66.21 - - [03/Dec/2023:00:42:50 -0500] "GET /BLA/resoluciones/Autos%202008/1613.pdf HTTP/1.1" 200 73174
66.249.66.21 - - [03/Dec/2023:00:43:06 -0500] "GET /resoluciones/RESOLUCIONES%202010/2029.pdf HTTP/1.1" 404 1018
216.245.221.92 - - [03/Dec/2023:00:43:16 -0500] "HEAD / HTTP/1.1" 200 -
201.245.192.253 - - [03/Dec/2023:00:43:16 -0500] "POST /kwsrmcab/Wsrmcab  HTTP/1.1" 200 41956
172.22.2.4 - - [03/Dec/2023:00:42:05 -0500] "HEAD /BLA/boletinlegal/ HTTP/1.1" 200 -
201.245.192.253 - - [03/Dec/2023:00:44:22 -0500] "POST /forms/lservlet;jsessionid=ac16012b30d64ec0b0a9f85d4cd0acdf8f65235348eb.e3iSbxaKaheRe3eRa38MahaQbi1ynknvrkLOlQzNp65In0 HTTP/1.1" 200 2
66.249.66.19 - - [03/Dec/2023:00:44:24 -0500] "GET /BLA/resoluciones/RESOLUCIONES%202010/3997.pdf HTTP/1.1" 200 401359
172.22.2.4 - - [03/Dec/2023:00:42:56 -0500] "GET /BLA/boletinlegal/ HTTP/1.1" 200 60634
201.245.192.253 - - [03/Dec/2023:00:44:38 -0500] "POST /forms/lservlet;jsessionid=ac16012b30d66bd79d5a81354b569b64ca0b03586396.e3iSbxaKaheRe3eRa38MahaQbi1ynknvrkLOlQzNp65In0 HTTP/1.1" 200 2
66.249.65.7 - - [03/Dec/2023:00:45:29 -0500] "GET /agendate-para-participar-en-las-caminatas-ecologicas-de-febrero.html HTTP/1.1" 200 830
66.249.66.21 - - [03/Dec/2023:00:46:10 -0500] "GET /BLA/resoluciones/Notificaciones/AUTOS%202022/6372.pdf HTTP/1.1" 200 2253061
201.245.192.253 - - [03/Dec/2023:00:46:22 -0500] "POST /forms/lservlet;jsessionid=ac16012b30d64ec0b0a9f85d4cd0acdf8f65235348eb.e3iSbxaKaheRe3eRa38MahaQbi1ynknvrkLOlQzNp65In0 HTTP/1.1" 200 2
201.245.192.253 - - [03/Dec/2023:00:46:38 -0500] "POST /forms/lservlet;jsessionid=ac16012b30d66bd79d5a81354b569b64ca0b03586396.e3iSbxaKaheRe3eRa38MahaQbi1ynknvrkLOlQzNp65In0 HTTP/1.1" 200 2
66.249.66.19 - - [03/Dec/2023:00:48:03 -0500] "GET /BLA/resoluciones/AUTOS%202017/2689.pdf HTTP/1.1" 200 312674
52.167.144.219 - - [03/Dec/2023:00:48:11 -0500] "GET /BLA/resoluciones/AUTOS%202013/2998.pdf HTTP/1.1" 200 301946
201.245.192.253 - - [03/Dec/2023:00:48:13 -0500] "POST /kwsrmcab/Wsrmcab  HTTP/1.1" 200 41956
216.245.221.92 - - [03/Dec/2023:00:48:16 -0500] "HEAD / HTTP/1.1" 200 -
201.245.192.253 - - [03/Dec/2023:00:48:22 -0500] "POST /forms/lservlet;jsessionid=ac16012b30d64ec0b0a9f85d4cd0acdf8f65235348eb.e3iSbxaKaheRe3eRa38MahaQbi1ynknvrkLOlQzNp65In0 HTTP/1.1" 200 2
201.245.192.253 - - [03/Dec/2023:00:48:38 -0500] "POST /forms/lservlet;jsessionid=ac16012b30d66bd79d5a81354b569b64ca0b03586396.e3iSbxaKaheRe3eRa38MahaQbi1ynknvrkLOlQzNp65In0 HTTP/1.1" 200 2
66.249.66.20 - - [03/Dec/2023:00:49:14 -0500] "GET /BLA/resoluciones/AUTOS%202017/2979.pdf HTTP/1.1" 200 273494
66.249.66.19 - - [03/Dec/2023:00:49:30 -0500] "GET /BLA/resoluciones/RESOLUCIONES%202009/7990.pdf HTTP/1.1" 200 530531
172.22.2.4 - - [03/Dec/2023:00:47:55 -0500] "HEAD /BLA/boletinlegal/ HTTP/1.1" 200 -
66.249.66.19 - - [03/Dec/2023:00:50:15 -0500] "GET /BLA/resoluciones/RESOLUCIONES%202008/3740.pdf HTTP/1.1" 200 242537
201.245.192.253 - - [03/Dec/2023:00:50:22 -0500] "POST /forms/lservlet;jsessionid=ac16012b30d64ec0b0a9f85d4cd0acdf8f65235348eb.e3iSbxaKaheRe3eRa38MahaQbi1ynknvrkLOlQzNp65In0 HTTP/1.1" 200 2
172.22.2.4 - - [03/Dec/2023:00:48:46 -0500] "GET /BLA/boletinlegal/ HTTP/1.1" 200 58294
66.249.66.19 - - [03/Dec/2023:00:50:35 -0500] "GET /BLA/resoluciones/RESOLUCIONES%202009/3475.pdf HTTP/1.1" 200 479349
201.245.192.253 - - [03/Dec/2023:00:50:38 -0500] "POST /forms/lservlet;jsessionid=ac16012b30d66bd79d5a81354b569b64ca0b03586396.e3iSbxaKaheRe3eRa38MahaQbi1ynknvrkLOlQzNp65In0 HTTP/1.1" 200 2
201.245.192.253 - - [03/Dec/2023:00:52:22 -0500] "POST /forms/lservlet;jsessionid=ac16012b30d64ec0b0a9f85d4cd0acdf8f65235348eb.e3iSbxaKaheRe3eRa38MahaQbi1ynknvrkLOlQzNp65In0 HTTP/1.1" 200 2
201.245.192.253 - - [03/Dec/2023:00:52:38 -0500] "POST /forms/lservlet;jsessionid=ac16012b30d66bd79d5a81354b569b64ca0b03586396.e3iSbxaKaheRe3eRa38MahaQbi1ynknvrkLOlQzNp65In0 HTTP/1.1" 200 2
201.245.192.253 - - [03/Dec/2023:00:53:12 -0500] "POST /kwsrmcab/Wsrmcab  HTTP/1.1" 200 41956
216.245.221.92 - - [03/Dec/2023:00:53:16 -0500] "HEAD / HTTP/1.1" 200 -
201.245.192.253 - - [03/Dec/2023:00:54:22 -0500] "POST /forms/lservlet;jsessionid=ac16012b30d64ec0b0a9f85d4cd0acdf8f65235348eb.e3iSbxaKaheRe3eRa38MahaQbi1ynknvrkLOlQzNp65In0 HTTP/1.1" 200 2
201.245.192.253 - - [03/Dec/2023:00:54:38 -0500] "POST /forms/lservlet;jsessionid=ac16012b30d66bd79d5a81354b569b64ca0b03586396.e3iSbxaKaheRe3eRa38MahaQbi1ynknvrkLOlQzNp65In0 HTTP/1.1" 200 2
172.22.2.4 - - [03/Dec/2023:00:53:45 -0500] "HEAD /BLA/boletinlegal/ HTTP/1.1" 200 -
52.167.144.195 - - [03/Dec/2023:00:56:12 -0500] "GET /BLA/resoluciones/AUTOS%202013/2422.pdf HTTP/1.1" 200 419532
172.22.2.4 - - [03/Dec/2023:00:54:36 -0500] "GET /BLA/boletinlegal/ HTTP/1.1" 200 58644
201.245.192.253 - - [03/Dec/2023:00:56:22 -0500] "POST /forms/lservlet;jsessionid=ac16012b30d64ec0b0a9f85d4cd0acdf8f65235348eb.e3iSbxaKaheRe3eRa38MahaQbi1ynknvrkLOlQzNp65In0 HTTP/1.1" 200 2
172.22.2.4 - - [03/Dec/2023:00:56:32 -0500] "GET /BLA/boletinlegal/jurisprudencia/analisis/ANALISIST-257-96.docx HTTP/1.1" 304 -
201.245.192.253 - - [03/Dec/2023:00:56:38 -0500] "POST /forms/lservlet;jsessionid=ac16012b30d66bd79d5a81354b569b64ca0b03586396.e3iSbxaKaheRe3eRa38MahaQbi1ynknvrkLOlQzNp65In0 HTTP/1.1" 200 2
201.245.192.253 - - [03/Dec/2023:00:58:10 -0500] "POST /kwsrmcab/Wsrmcab  HTTP/1.1" 200 41956
216.245.221.92 - - [03/Dec/2023:00:58:16 -0500] "HEAD / HTTP/1.1" 200 -
201.245.192.253 - - [03/Dec/2023:00:58:22 -0500] "POST /forms/lservlet;jsessionid=ac16012b30d64ec0b0a9f85d4cd0acdf8f65235348eb.e3iSbxaKaheRe3eRa38MahaQbi1ynknvrkLOlQzNp65In0 HTTP/1.1" 200 2
201.245.192.253 - - [03/Dec/2023:00:58:38 -0500] "POST /forms/lservlet;jsessionid=ac16012b30d66bd79d5a81354b569b64ca0b03586396.e3iSbxaKaheRe3eRa38MahaQbi1ynknvrkLOlQzNp65In0 HTTP/1.1" 200 2
66.249.65.69 - - [03/Dec/2023:00:58:59 -0500] "GET /portaldeninos/aire/ HTTP/1.1" 200 88215
52.167.144.195 - - [03/Dec/2023:00:59:02 -0500] "GET /BLA/resoluciones/AUTOS%202013/0495.pdf HTTP/1.1" 200 1623153
66.249.66.19 - - [03/Dec/2023:00:59:17 -0500] "GET /BLA/resoluciones/RESOLUCIONES%202010/6249.pdf HTTP/1.1" 200 611472
201.245.192.253 - - [03/Dec/2023:01:00:22 -0500] "POST /forms/lservlet;jsessionid=ac16012b30d64ec0b0a9f85d4cd0acdf8f65235348eb.e3iSbxaKaheRe3eRa38MahaQbi1ynknvrkLOlQzNp65In0 HTTP/1.1" 200 2
201.245.192.253 - - [03/Dec/2023:01:00:38 -0500] "POST /forms/lservlet;jsessionid=ac16012b30d66bd79d5a81354b569b64ca0b03586396.e3iSbxaKaheRe3eRa38MahaQbi1ynknvrkLOlQzNp65In0 HTTP/1.1" 200 2
66.249.66.19 - - [03/Dec/2023:01:00:43 -0500] "GET /BLA/resoluciones/RESOLUCIONES%202009/0228.pdf HTTP/1.1" 200 240848
172.22.2.4 - - [03/Dec/2023:00:59:35 -0500] "HEAD /BLA/boletinlegal/ HTTP/1.1" 200 -
173.252.107.111 - - [03/Dec/2023:01:01:31 -0500] "GET /secretaria-de-ambiente-avanza-con-la-implementacion-de-viveros-y-sistemas-de-recoleccion-de-agua-lluvia-en-humedales.html HTTP/1.1" 200 1031
172.22.2.4 - - [03/Dec/2023:01:00:26 -0500] "GET /BLA/boletinlegal/ HTTP/1.1" 200 61018
162.55.41.96 - - [03/Dec/2023:01:02:07 -0500] "GET / HTTP/1.1" 200 4720
162.55.41.96 - - [03/Dec/2023:01:02:09 -0500] "GET / HTTP/1.1" 200 319
201.245.192.253 - - [03/Dec/2023:01:02:22 -0500] "POST /forms/lservlet;jsessionid=ac16012b30d64ec0b0a9f85d4cd0acdf8f65235348eb.e3iSbxaKaheRe3eRa38MahaQbi1ynknvrkLOlQzNp65In0 HTTP/1.1" 200 2
201.245.192.253 - - [03/Dec/2023:01:02:38 -0500] "POST /forms/lservlet;jsessionid=ac16012b30d66bd79d5a81354b569b64ca0b03586396.e3iSbxaKaheRe3eRa38MahaQbi1ynknvrkLOlQzNp65In0 HTTP/1.1" 200 2
201.245.192.253 - - [03/Dec/2023:01:03:09 -0500] "POST /kwsrmcab/Wsrmcab  HTTP/1.1" 200 41956
216.245.221.92 - - [03/Dec/2023:01:03:16 -0500] "HEAD / HTTP/1.1" 200 -
201.245.192.253 - - [03/Dec/2023:01:04:22 -0500] "POST /forms/lservlet;jsessionid=ac16012b30d64ec0b0a9f85d4cd0acdf8f65235348eb.e3iSbxaKaheRe3eRa38MahaQbi1ynknvrkLOlQzNp65In0 HTTP/1.1" 200 2
69.171.249.2 - - [03/Dec/2023:01:04:33 -0500] "GET /images/presentaci\xc3\xb3n%20convenci\xc3\xb3n.jpg HTTP/1.1" 404 1034
66.249.66.19 - - [03/Dec/2023:01:04:34 -0500] "GET /BLA/resoluciones/AUTOS%202014/2766.pdf HTTP/1.1" 200 1111387
201.245.192.253 - - [03/Dec/2023:01:04:38 -0500] "POST /forms/lservlet;jsessionid=ac16012b30d66bd79d5a81354b569b64ca0b03586396.e3iSbxaKaheRe3eRa38MahaQbi1ynknvrkLOlQzNp65In0 HTTP/1.1" 200 2
201.245.192.253 - - [03/Dec/2023:01:06:22 -0500] "POST /forms/lservlet;jsessionid=ac16012b30d64ec0b0a9f85d4cd0acdf8f65235348eb.e3iSbxaKaheRe3eRa38MahaQbi1ynknvrkLOlQzNp65In0 HTTP/1.1" 200 2
201.245.192.253 - - [03/Dec/2023:01:06:39 -0500] "POST /forms/lservlet;jsessionid=ac16012b30d66bd79d5a81354b569b64ca0b03586396.e3iSbxaKaheRe3eRa38MahaQbi1ynknvrkLOlQzNp65In0 HTTP/1.1" 200 2
172.22.2.4 - - [03/Dec/2023:01:05:25 -0500] "HEAD /BLA/boletinlegal/ HTTP/1.1" 200 -
172.22.2.4 - - [03/Dec/2023:01:06:16 -0500] "GET /BLA/boletinlegal/ HTTP/1.1" 200 58644
66.249.66.21 - - [03/Dec/2023:01:08:05 -0500] "GET /BLA/resoluciones/Notificaciones/AUTOS%202021/4876.pdf HTTP/1.1" 200 331467
201.245.192.253 - - [03/Dec/2023:01:08:08 -0500] "POST /kwsrmcab/Wsrmcab  HTTP/1.1" 200 41956
216.245.221.92 - - [03/Dec/2023:01:08:16 -0500] "HEAD / HTTP/1.1" 200 -
201.245.192.253 - - [03/Dec/2023:01:08:22 -0500] "POST /forms/lservlet;jsessionid=ac16012b30d64ec0b0a9f85d4cd0acdf8f65235348eb.e3iSbxaKaheRe3eRa38MahaQbi1ynknvrkLOlQzNp65In0 HTTP/1.1" 200 2
201.245.192.253 - - [03/Dec/2023:01:08:39 -0500] "POST /forms/lservlet;jsessionid=ac16012b30d66bd79d5a81354b569b64ca0b03586396.e3iSbxaKaheRe3eRa38MahaQbi1ynknvrkLOlQzNp65In0 HTTP/1.1" 200 2
66.249.66.20 - - [03/Dec/2023:01:08:46 -0500] "GET /BLA/resoluciones/Autos%202008/1549.pdf HTTP/1.1" 200 99640
201.245.192.253 - - [03/Dec/2023:01:10:22 -0500] "POST /forms/lservlet;jsessionid=ac16012b30d64ec0b0a9f85d4cd0acdf8f65235348eb.e3iSbxaKaheRe3eRa38MahaQbi1ynknvrkLOlQzNp65In0 HTTP/1.1" 200 2
201.245.192.253 - - [03/Dec/2023:01:10:39 -0500] "POST /forms/lservlet;jsessionid=ac16012b30d66bd79d5a81354b569b64ca0b03586396.e3iSbxaKaheRe3eRa38MahaQbi1ynknvrkLOlQzNp65In0 HTTP/1.1" 200 2
66.249.66.20 - - [03/Dec/2023:01:12:17 -0500] "GET /BLA/resoluciones/RESOLUCIONES%202013/1901.pdf HTTP/1.1" 200 1283282
201.245.192.253 - - [03/Dec/2023:01:12:22 -0500] "POST /forms/lservlet;jsessionid=ac16012b30d64ec0b0a9f85d4cd0acdf8f65235348eb.e3iSbxaKaheRe3eRa38MahaQbi1ynknvrkLOlQzNp65In0 HTTP/1.1" 200 2
201.245.192.253 - - [03/Dec/2023:01:12:39 -0500] "POST /forms/lservlet;jsessionid=ac16012b30d66bd79d5a81354b569b64ca0b03586396.e3iSbxaKaheRe3eRa38MahaQbi1ynknvrkLOlQzNp65In0 HTTP/1.1" 200 2
172.22.2.4 - - [03/Dec/2023:01:11:15 -0500] "HEAD /BLA/boletinlegal/ HTTP/1.1" 200 -
201.245.192.253 - - [03/Dec/2023:01:13:06 -0500] "POST /kwsrmcab/Wsrmcab  HTTP/1.1" 200 41956
216.245.221.92 - - [03/Dec/2023:01:13:16 -0500] "HEAD / HTTP/1.1" 200 -
172.22.2.4 - - [03/Dec/2023:01:12:06 -0500] "GET /BLA/boletinlegal/ HTTP/1.1" 200 60634
201.245.192.253 - - [03/Dec/2023:01:14:22 -0500] "POST /forms/lservlet;jsessionid=ac16012b30d64ec0b0a9f85d4cd0acdf8f65235348eb.e3iSbxaKaheRe3eRa38MahaQbi1ynknvrkLOlQzNp65In0 HTTP/1.1" 200 2
201.245.192.253 - - [03/Dec/2023:01:14:39 -0500] "POST /forms/lservlet;jsessionid=ac16012b30d66bd79d5a81354b569b64ca0b03586396.e3iSbxaKaheRe3eRa38MahaQbi1ynknvrkLOlQzNp65In0 HTTP/1.1" 200 2
66.249.66.19 - - [03/Dec/2023:01:14:40 -0500] "GET /BLA/resoluciones/RESOLUCIONES%202009/8599.pdf HTTP/1.1" 200 299284
172.22.2.4 - - [03/Dec/2023:01:16:07 -0500] "GET /BLA/boletinlegal/autodiscover/autodiscover.json?@zdi/Powershell HTTP/1.1" 404 1018
201.245.192.253 - - [03/Dec/2023:01:16:22 -0500] "POST /forms/lservlet;jsessionid=ac16012b30d64ec0b0a9f85d4cd0acdf8f65235348eb.e3iSbxaKaheRe3eRa38MahaQbi1ynknvrkLOlQzNp65In0 HTTP/1.1" 200 2
201.245.192.253 - - [03/Dec/2023:01:16:39 -0500] "POST /forms/lservlet;jsessionid=ac16012b30d66bd79d5a81354b569b64ca0b03586396.e3iSbxaKaheRe3eRa38MahaQbi1ynknvrkLOlQzNp65In0 HTTP/1.1" 200 2
172.22.2.4 - - [03/Dec/2023:01:16:59 -0500] "GET /BLA/boletinlegal/Directivas/2016/Directiva%20No.%2002%20del%2019%20de%20Abril%20de%202016.pdf HTTP/1.1" 304 -
201.245.192.253 - - [03/Dec/2023:01:16:57 -0500] "POST /kwsrmcab/Wsrmcab HTTP/1.1" 200 40868
157.55.39.49 - - [03/Dec/2023:01:17:01 -0500] "GET /BLA/resoluciones/RESOLUCIONES%202007/RES%202007%20701%20AL%20800/RESOLUCION%200784%20DE%202007.pdf HTTP/1.1" 200 374000
157.55.39.49 - - [03/Dec/2023:01:17:02 -0500] "GET /BLA/resoluciones/RESOLUCIONES%202023/0566.pdf HTTP/1.1" 200 464784
201.245.192.253 - - [03/Dec/2023:01:17:00 -0500] "POST /kwsrmcab/Wsrmcab HTTP/1.1" 200 36546
66.249.66.20 - - [03/Dec/2023:01:18:05 -0500] "GET /BLA/resoluciones/AUTOS%202013/3736.pdf HTTP/1.1" 200 704343
201.245.192.253 - - [03/Dec/2023:01:18:05 -0500] "POST /kwsrmcab/Wsrmcab  HTTP/1.1" 200 41956
216.245.221.92 - - [03/Dec/2023:01:18:16 -0500] "HEAD / HTTP/1.1" 200 -
201.245.192.253 - - [03/Dec/2023:01:18:22 -0500] "POST /forms/lservlet;jsessionid=ac16012b30d64ec0b0a9f85d4cd0acdf8f65235348eb.e3iSbxaKaheRe3eRa38MahaQbi1ynknvrkLOlQzNp65In0 HTTP/1.1" 200 2
66.249.66.20 - - [03/Dec/2023:01:18:33 -0500] "GET /BLA/resoluciones/RESOLUCIONES%202005/RESOLUCION%201275%20DE%202005.PDF HTTP/1.1" 200 1628129
66.249.66.20 - - [03/Dec/2023:01:18:34 -0500] "GET /BLA/resoluciones/RESOLUCIONES%202011/0694.pdf HTTP/1.1" 200 282879
201.245.192.253 - - [03/Dec/2023:01:18:39 -0500] "POST /forms/lservlet;jsessionid=ac16012b30d66bd79d5a81354b569b64ca0b03586396.e3iSbxaKaheRe3eRa38MahaQbi1ynknvrkLOlQzNp65In0 HTTP/1.1" 200 2
172.22.2.4 - - [03/Dec/2023:01:18:44 -0500] "GET /BLA/boletinlegal/Circulares/2021/CIRCULAR%20No.%2000009%20DEL%2001%20DE%20OCTUBRE%20DEL%202021.pdf HTTP/1.1" 304 -
172.22.2.4 - - [03/Dec/2023:01:17:05 -0500] "HEAD /BLA/boletinlegal/ HTTP/1.1" 200 -
66.249.66.20 - - [03/Dec/2023:01:18:54 -0500] "GET /BLA/resoluciones/RESOLUCIONES%202017/0317.pdf HTTP/1.1" 200 404801
172.22.2.4 - - [03/Dec/2023:01:17:56 -0500] "GET /BLA/boletinlegal/ HTTP/1.1" 200 60634
66.249.66.19 - - [03/Dec/2023:01:19:44 -0500] "GET /BLA/resoluciones/RESOLUCIONES%202010/2395.pdf HTTP/1.1" 200 508594
201.245.192.253 - - [03/Dec/2023:01:20:22 -0500] "POST /forms/lservlet;jsessionid=ac16012b30d64ec0b0a9f85d4cd0acdf8f65235348eb.e3iSbxaKaheRe3eRa38MahaQbi1ynknvrkLOlQzNp65In0 HTTP/1.1" 200 2
201.245.192.253 - - [03/Dec/2023:01:20:39 -0500] "POST /forms/lservlet;jsessionid=ac16012b30d66bd79d5a81354b569b64ca0b03586396.e3iSbxaKaheRe3eRa38MahaQbi1ynknvrkLOlQzNp65In0 HTTP/1.1" 200 2
201.245.192.253 - - [03/Dec/2023:01:20:37 -0500] "POST /kwsrmcab/Wsrmcab HTTP/1.1" 200 40868
201.245.192.253 - - [03/Dec/2023:01:20:48 -0500] "POST /kwsrmcab/Wsrmcab HTTP/1.1" 200 36546
201.245.192.253 - - [03/Dec/2023:01:22:22 -0500] "POST /forms/lservlet;jsessionid=ac16012b30d64ec0b0a9f85d4cd0acdf8f65235348eb.e3iSbxaKaheRe3eRa38MahaQbi1ynknvrkLOlQzNp65In0 HTTP/1.1" 200 2
201.245.192.253 - - [03/Dec/2023:01:22:39 -0500] "POST /forms/lservlet;jsessionid=ac16012b30d66bd79d5a81354b569b64ca0b03586396.e3iSbxaKaheRe3eRa38MahaQbi1ynknvrkLOlQzNp65In0 HTTP/1.1" 200 2
201.245.192.253 - - [03/Dec/2023:01:23:05 -0500] "POST /kwsrmcab/Wsrmcab  HTTP/1.1" 200 41956
216.245.221.92 - - [03/Dec/2023:01:23:16 -0500] "HEAD / HTTP/1.1" 200 -
201.245.192.253 - - [03/Dec/2023:01:24:22 -0500] "POST /forms/lservlet;jsessionid=ac16012b30d64ec0b0a9f85d4cd0acdf8f65235348eb.e3iSbxaKaheRe3eRa38MahaQbi1ynknvrkLOlQzNp65In0 HTTP/1.1" 200 2
172.22.2.4 - - [03/Dec/2023:01:22:55 -0500] "HEAD /BLA/boletinlegal/ HTTP/1.1" 200 -
201.245.192.253 - - [03/Dec/2023:01:24:39 -0500] "POST /forms/lservlet;jsessionid=ac16012b30d66bd79d5a81354b569b64ca0b03586396.e3iSbxaKaheRe3eRa38MahaQbi1ynknvrkLOlQzNp65In0 HTTP/1.1" 200 2
172.22.2.4 - - [03/Dec/2023:01:23:46 -0500] "GET /BLA/boletinlegal/ HTTP/1.1" 200 60634
201.245.192.253 - - [03/Dec/2023:01:26:22 -0500] "POST /forms/lservlet;jsessionid=ac16012b30d64ec0b0a9f85d4cd0acdf8f65235348eb.e3iSbxaKaheRe3eRa38MahaQbi1ynknvrkLOlQzNp65In0 HTTP/1.1" 200 2
40.77.167.60 - - [03/Dec/2023:01:26:37 -0500] "GET /BLA/resoluciones/AUTOS%202013/0626.pdf HTTP/1.1" 200 2953150
201.245.192.253 - - [03/Dec/2023:01:26:39 -0500] "POST /forms/lservlet;jsessionid=ac16012b30d66bd79d5a81354b569b64ca0b03586396.e3iSbxaKaheRe3eRa38MahaQbi1ynknvrkLOlQzNp65In0 HTTP/1.1" 200 2
201.245.192.253 - - [03/Dec/2023:01:26:57 -0500] "POST /kwsrmcab/Wsrmcab HTTP/1.1" 200 40868
201.245.192.253 - - [03/Dec/2023:01:27:01 -0500] "POST /kwsrmcab/Wsrmcab HTTP/1.1" 200 36546
66.249.66.19 - - [03/Dec/2023:01:27:09 -0500] "GET /BLA/resoluciones/Notificaciones/AUTOS%202021/4395.pdf HTTP/1.1" 200 338290
201.245.192.253 - - [03/Dec/2023:01:28:03 -0500] "POST /kwsrmcab/Wsrmcab  HTTP/1.1" 200 41956
216.245.221.92 - - [03/Dec/2023:01:28:16 -0500] "HEAD / HTTP/1.1" 200 -
201.245.192.253 - - [03/Dec/2023:01:28:22 -0500] "POST /forms/lservlet;jsessionid=ac16012b30d64ec0b0a9f85d4cd0acdf8f65235348eb.e3iSbxaKaheRe3eRa38MahaQbi1ynknvrkLOlQzNp65In0 HTTP/1.1" 200 2
201.245.192.253 - - [03/Dec/2023:01:28:39 -0500] "POST /forms/lservlet;jsessionid=ac16012b30d66bd79d5a81354b569b64ca0b03586396.e3iSbxaKaheRe3eRa38MahaQbi1ynknvrkLOlQzNp65In0 HTTP/1.1" 200 2
201.245.192.253 - - [03/Dec/2023:01:30:22 -0500] "POST /forms/lservlet;jsessionid=ac16012b30d64ec0b0a9f85d4cd0acdf8f65235348eb.e3iSbxaKaheRe3eRa38MahaQbi1ynknvrkLOlQzNp65In0 HTTP/1.1" 200 2
172.22.2.4 - - [03/Dec/2023:01:28:45 -0500] "HEAD /BLA/boletinlegal/ HTTP/1.1" 200 -
201.245.192.253 - - [03/Dec/2023:01:30:39 -0500] "POST /forms/lservlet;jsessionid=ac16012b30d66bd79d5a81354b569b64ca0b03586396.e3iSbxaKaheRe3eRa38MahaQbi1ynknvrkLOlQzNp65In0 HTTP/1.1" 200 2
201.245.192.253 - - [03/Dec/2023:01:30:37 -0500] "POST /kwsrmcab/Wsrmcab HTTP/1.1" 200 40868
201.245.192.253 - - [03/Dec/2023:01:30:46 -0500] "POST /kwsrmcab/Wsrmcab HTTP/1.1" 200 36546
172.22.2.4 - - [03/Dec/2023:01:29:38 -0500] "GET /BLA/boletinlegal/ HTTP/1.1" 200 58644
201.245.192.253 - - [03/Dec/2023:01:32:22 -0500] "POST /forms/lservlet;jsessionid=ac16012b30d64ec0b0a9f85d4cd0acdf8f65235348eb.e3iSbxaKaheRe3eRa38MahaQbi1ynknvrkLOlQzNp65In0 HTTP/1.1" 200 2
66.249.66.20 - - [03/Dec/2023:01:32:30 -0500] "GET /BLA/resoluciones/AUTOS%202014/6306.pdf HTTP/1.1" 200 564464
52.167.144.235 - - [03/Dec/2023:01:32:37 -0500] "GET /BLA/resoluciones/RESOLUCIONES%202021/0386.pdf HTTP/1.1" 200 481164
201.245.192.253 - - [03/Dec/2023:01:32:39 -0500] "POST /forms/lservlet;jsessionid=ac16012b30d66bd79d5a81354b569b64ca0b03586396.e3iSbxaKaheRe3eRa38MahaQbi1ynknvrkLOlQzNp65In0 HTTP/1.1" 200 2
201.245.192.253 - - [03/Dec/2023:01:33:01 -0500] "POST /kwsrmcab/Wsrmcab  HTTP/1.1" 200 41956
216.245.221.92 - - [03/Dec/2023:01:33:16 -0500] "HEAD / HTTP/1.1" 200 -
52.167.144.216 - - [03/Dec/2023:01:33:34 -0500] "GET /BLA/resoluciones/AUTOS%202023/0223.pdf HTTP/1.1" 304 -
201.245.192.253 - - [03/Dec/2023:01:34:22 -0500] "POST /forms/lservlet;jsessionid=ac16012b30d64ec0b0a9f85d4cd0acdf8f65235348eb.e3iSbxaKaheRe3eRa38MahaQbi1ynknvrkLOlQzNp65In0 HTTP/1.1" 200 2
201.245.192.253 - - [03/Dec/2023:01:34:39 -0500] "POST /forms/lservlet;jsessionid=ac16012b30d66bd79d5a81354b569b64ca0b03586396.e3iSbxaKaheRe3eRa38MahaQbi1ynknvrkLOlQzNp65In0 HTTP/1.1" 200 2
66.249.66.19 - - [03/Dec/2023:01:34:58 -0500] "GET /BLA/resoluciones/AUTOS%202017/3573.pdf HTTP/1.1" 200 297562
172.22.2.4 - - [03/Dec/2023:01:34:37 -0500] "HEAD /BLA/boletinlegal/ HTTP/1.1" 200 -
201.245.192.253 - - [03/Dec/2023:01:36:22 -0500] "POST /forms/lservlet;jsessionid=ac16012b30d64ec0b0a9f85d4cd0acdf8f65235348eb.e3iSbxaKaheRe3eRa38MahaQbi1ynknvrkLOlQzNp65In0 HTTP/1.1" 200 2
201.245.192.253 - - [03/Dec/2023:01:36:39 -0500] "POST /forms/lservlet;jsessionid=ac16012b30d66bd79d5a81354b569b64ca0b03586396.e3iSbxaKaheRe3eRa38MahaQbi1ynknvrkLOlQzNp65In0 HTTP/1.1" 200 2
52.167.144.182 - - [03/Dec/2023:01:36:48 -0500] "GET /BLA/resoluciones/RESOLUCIONES%202007/RES%202007%203601%20AL%203700/RESOLUCION%203637%20DE%202007.pdf HTTP/1.1" 200 48864
201.245.192.253 - - [03/Dec/2023:01:36:58 -0500] "POST /kwsrmcab/Wsrmcab HTTP/1.1" 503 1020
201.245.192.253 - - [03/Dec/2023:01:36:59 -0500] "POST /kwsrmcab/Wsrmcab HTTP/1.1" 503 1020
172.22.2.4 - - [03/Dec/2023:01:35:28 -0500] "GET /BLA/boletinlegal/ HTTP/1.1" 200 60634
201.245.192.253 - - [03/Dec/2023:01:38:00 -0500] "POST /kwsrmcab/Wsrmcab  HTTP/1.1" 200 41956
216.245.221.92 - - [03/Dec/2023:01:38:16 -0500] "HEAD / HTTP/1.1" 200 -
201.245.192.253 - - [03/Dec/2023:01:38:22 -0500] "POST /forms/lservlet;jsessionid=ac16012b30d64ec0b0a9f85d4cd0acdf8f65235348eb.e3iSbxaKaheRe3eRa38MahaQbi1ynknvrkLOlQzNp65In0 HTTP/1.1" 200 2
201.245.192.253 - - [03/Dec/2023:01:38:39 -0500] "POST /forms/lservlet;jsessionid=ac16012b30d66bd79d5a81354b569b64ca0b03586396.e3iSbxaKaheRe3eRa38MahaQbi1ynknvrkLOlQzNp65In0 HTTP/1.1" 200 2
114.119.135.64 - - [03/Dec/2023:01:40:00 -0500] "GET /BLA/resoluciones/index.php?dir=RESOLUCIONES%2B2009/&sort=name&order=desc HTTP/1.1" 200 13902
201.245.192.253 - - [03/Dec/2023:01:40:22 -0500] "POST /forms/lservlet;jsessionid=ac16012b30d64ec0b0a9f85d4cd0acdf8f65235348eb.e3iSbxaKaheRe3eRa38MahaQbi1ynknvrkLOlQzNp65In0 HTTP/1.1" 200 2
201.245.192.253 - - [03/Dec/2023:01:40:39 -0500] "POST /forms/lservlet;jsessionid=ac16012b30d66bd79d5a81354b569b64ca0b03586396.e3iSbxaKaheRe3eRa38MahaQbi1ynknvrkLOlQzNp65In0 HTTP/1.1" 200 2
201.245.192.253 - - [03/Dec/2023:01:40:37 -0500] "POST /kwsrmcab/Wsrmcab HTTP/1.1" 200 40868
201.245.192.253 - - [03/Dec/2023:01:40:46 -0500] "POST /kwsrmcab/Wsrmcab HTTP/1.1" 200 36546
52.167.144.182 - - [03/Dec/2023:01:41:48 -0500] "GET /BLA/resoluciones/AUTOS%202023/1902.pdf HTTP/1.1" 200 445912
172.22.2.4 - - [03/Dec/2023:01:40:27 -0500] "HEAD /BLA/boletinlegal/ HTTP/1.1" 200 -
201.245.192.253 - - [03/Dec/2023:01:42:22 -0500] "POST /forms/lservlet;jsessionid=ac16012b30d64ec0b0a9f85d4cd0acdf8f65235348eb.e3iSbxaKaheRe3eRa38MahaQbi1ynknvrkLOlQzNp65In0 HTTP/1.1" 200 2
201.245.192.253 - - [03/Dec/2023:01:42:39 -0500] "POST /forms/lservlet;jsessionid=ac16012b30d66bd79d5a81354b569b64ca0b03586396.e3iSbxaKaheRe3eRa38MahaQbi1ynknvrkLOlQzNp65In0 HTTP/1.1" 200 2
172.22.2.4 - - [03/Dec/2023:01:41:18 -0500] "GET /BLA/boletinlegal/ HTTP/1.1" 200 57881
201.245.192.253 - - [03/Dec/2023:01:42:58 -0500] "POST /kwsrmcab/Wsrmcab  HTTP/1.1" 200 41956
216.245.221.92 - - [03/Dec/2023:01:43:16 -0500] "HEAD / HTTP/1.1" 200 -
201.245.192.253 - - [03/Dec/2023:01:44:22 -0500] "POST /forms/lservlet;jsessionid=ac16012b30d64ec0b0a9f85d4cd0acdf8f65235348eb.e3iSbxaKaheRe3eRa38MahaQbi1ynknvrkLOlQzNp65In0 HTTP/1.1" 200 2
201.245.192.253 - - [03/Dec/2023:01:44:39 -0500] "POST /forms/lservlet;jsessionid=ac16012b30d66bd79d5a81354b569b64ca0b03586396.e3iSbxaKaheRe3eRa38MahaQbi1ynknvrkLOlQzNp65In0 HTTP/1.1" 200 2
173.252.107.5 - - [03/Dec/2023:01:45:47 -0500] "GET /secretaria-de-ambiente-realizo-piloto-antes-de-apertura-oficial-del-camino-de-los-cerros-guadalupe-aguanoso.html HTTP/1.1" 200 982
207.46.13.107 - - [03/Dec/2023:01:46:13 -0500] "GET /portaldeninos/tag/programas-posconsumo/ HTTP/1.1" 200 93802
52.167.144.195 - - [03/Dec/2023:01:46:17 -0500] "GET /BLA/resoluciones/RESOLUCIONES%202007/RES%202007%20701%20AL%20800/RESOLUCION%200709%20DE%202007.pdf HTTP/1.1" 200 520284
201.245.192.253 - - [03/Dec/2023:01:46:22 -0500] "POST /forms/lservlet;jsessionid=ac16012b30d64ec0b0a9f85d4cd0acdf8f65235348eb.e3iSbxaKaheRe3eRa38MahaQbi1ynknvrkLOlQzNp65In0 HTTP/1.1" 200 2
52.167.144.189 - - [03/Dec/2023:01:46:27 -0500] "GET /portaldeninos/wp-content/plugins/gallery-videos/CSS/Total-Soft-Gallery-Video-Widget.css?ver=4.9.8 HTTP/1.1" 200 51554
52.167.144.189 - - [03/Dec/2023:01:46:28 -0500] "GET /portaldeninos/wp-content/plugins/gallery-videos/JS/modernizr.custom.js?ver=4.9.8 HTTP/1.1" 200 9019
52.167.144.189 - - [03/Dec/2023:01:46:28 -0500] "GET /portaldeninos/wp-content/plugins/gallery-videos/CSS/totalsoft.css?ver=4.9.8 HTTP/1.1" 200 40622
52.167.144.189 - - [03/Dec/2023:01:46:28 -0500] "GET /portaldeninos/wp-content/themes/betheme/assets/jplayer/css/jplayer.blue.monday.css?ver=20.9.6 HTTP/1.1" 200 9834
52.167.144.189 - - [03/Dec/2023:01:46:29 -0500] "GET /portaldeninos/wp-content/themes/betheme/css/base.css?ver=20.9.6 HTTP/1.1" 200 57283
52.167.144.189 - - [03/Dec/2023:01:46:29 -0500] "GET /portaldeninos/wp-content/themes/betheme/css/responsive.css?ver=20.9.6 HTTP/1.1" 200 55740
52.167.144.189 - - [03/Dec/2023:01:46:29 -0500] "GET /portaldeninos/wp-content/themes/betheme/js/scripts.js?ver=20.9.6 HTTP/1.1" 200 77162
52.167.144.189 - - [03/Dec/2023:01:46:30 -0500] "GET /portaldeninos/wp-content/uploads/useanyfont/uaf.css?ver=1589905315 HTTP/1.1" 200 408
52.167.144.189 - - [03/Dec/2023:01:46:30 -0500] "GET /portaldeninos/wp-includes/js/jquery/jquery-migrate.min.js?ver=1.4.1 HTTP/1.1" 200 10056
157.55.39.61 - - [03/Dec/2023:01:46:36 -0500] "GET /portaldeninos/wp-content/themes/betheme/assets/animations/animations.min.css?ver=20.9.6 HTTP/1.1" 200 58508
157.55.39.61 - - [03/Dec/2023:01:46:38 -0500] "GET /portaldeninos/wp-content/themes/betheme/js/menu.js?ver=20.9.6 HTTP/1.1" 200 2449
157.55.39.61 - - [03/Dec/2023:01:46:38 -0500] "GET /portaldeninos/wp-includes/js/jquery/ui/accordion.min.js?ver=1.11.4 HTTP/1.1" 200 8584
201.245.192.253 - - [03/Dec/2023:01:46:39 -0500] "POST /forms/lservlet;jsessionid=ac16012b30d66bd79d5a81354b569b64ca0b03586396.e3iSbxaKaheRe3eRa38MahaQbi1ynknvrkLOlQzNp65In0 HTTP/1.1" 200 2
157.55.39.61 - - [03/Dec/2023:01:46:39 -0500] "GET /portaldeninos/wp-includes/js/jquery/ui/mouse.min.js?ver=1.11.4 HTTP/1.1" 200 3148
157.55.39.61 - - [03/Dec/2023:01:46:39 -0500] "GET /portaldeninos/wp-includes/js/wp-embed.min.js?ver=4.9.8 HTTP/1.1" 200 1398
157.55.39.61 - - [03/Dec/2023:01:46:39 -0500] "GET /portaldeninos/wp-includes/js/jquery/ui/widget.min.js?ver=1.11.4 HTTP/1.1" 200 6908
207.46.13.107 - - [03/Dec/2023:01:46:42 -0500] "GET /portaldeninos/wp-content/themes/betheme/assets/jplayer/jplayer.min.js?ver=20.9.6 HTTP/1.1" 200 52702
207.46.13.107 - - [03/Dec/2023:01:46:43 -0500] "GET /portaldeninos/wp-content/themes/betheme/css/shortcodes.css?ver=20.9.6 HTTP/1.1" 200 138889
207.46.13.107 - - [03/Dec/2023:01:46:44 -0500] "GET /portaldeninos/wp-content/themes/betheme/js/plugins.js?ver=20.9.6 HTTP/1.1" 200 197151
207.46.13.107 - - [03/Dec/2023:01:46:45 -0500] "GET /portaldeninos/wp-content/themes/betheme/style.css?ver=20.9.6 HTTP/1.1" 200 287
207.46.13.107 - - [03/Dec/2023:01:46:45 -0500] "GET /portaldeninos/wp-includes/js/jquery/ui/core.min.js?ver=1.11.4 HTTP/1.1" 200 4000
207.46.13.107 - - [03/Dec/2023:01:46:45 -0500] "GET /portaldeninos/wp-includes/js/wp-emoji-release.min.js?ver=4.9.8 HTTP/1.1" 200 12026
52.167.144.195 - - [03/Dec/2023:01:47:57 -0500] "GET /BLA/resoluciones/AUTOS%202017/3268.pdf HTTP/1.1" 200 264086
172.22.2.4 - - [03/Dec/2023:01:46:17 -0500] "HEAD /BLA/boletinlegal/ HTTP/1.1" 200 -
201.245.192.253 - - [03/Dec/2023:01:47:56 -0500] "POST /kwsrmcab/Wsrmcab  HTTP/1.1" 200 41956
216.245.221.92 - - [03/Dec/2023:01:48:16 -0500] "HEAD / HTTP/1.1" 200 -
201.245.192.253 - - [03/Dec/2023:01:48:22 -0500] "POST /forms/lservlet;jsessionid=ac16012b30d64ec0b0a9f85d4cd0acdf8f65235348eb.e3iSbxaKaheRe3eRa38MahaQbi1ynknvrkLOlQzNp65In0 HTTP/1.1" 200 2
201.245.192.253 - - [03/Dec/2023:01:48:39 -0500] "POST /forms/lservlet;jsessionid=ac16012b30d66bd79d5a81354b569b64ca0b03586396.e3iSbxaKaheRe3eRa38MahaQbi1ynknvrkLOlQzNp65In0 HTTP/1.1" 200 2
172.22.2.4 - - [03/Dec/2023:01:47:11 -0500] "GET /BLA/boletinlegal/ HTTP/1.1" 200 53356
40.77.167.38 - - [03/Dec/2023:01:49:35 -0500] "GET /BLA/resoluciones/Notificaciones/REGISTROS%202020/01736.pdf HTTP/1.1" 200 370512
201.245.192.253 - - [03/Dec/2023:01:50:22 -0500] "POST /forms/lservlet;jsessionid=ac16012b30d64ec0b0a9f85d4cd0acdf8f65235348eb.e3iSbxaKaheRe3eRa38MahaQbi1ynknvrkLOlQzNp65In0 HTTP/1.1" 200 2
52.167.144.174 - - [03/Dec/2023:01:50:27 -0500] "GET /BLA/resoluciones/RESOLUCIONES%202021/3110.pdf HTTP/1.1" 200 344551
201.245.192.253 - - [03/Dec/2023:01:50:39 -0500] "POST /forms/lservlet;jsessionid=ac16012b30d66bd79d5a81354b569b64ca0b03586396.e3iSbxaKaheRe3eRa38MahaQbi1ynknvrkLOlQzNp65In0 HTTP/1.1" 200 2
201.245.192.253 - - [03/Dec/2023:01:52:22 -0500] "POST /forms/lservlet;jsessionid=ac16012b30d64ec0b0a9f85d4cd0acdf8f65235348eb.e3iSbxaKaheRe3eRa38MahaQbi1ynknvrkLOlQzNp65In0 HTTP/1.1" 200 2
201.245.192.253 - - [03/Dec/2023:01:52:39 -0500] "POST /forms/lservlet;jsessionid=ac16012b30d66bd79d5a81354b569b64ca0b03586396.e3iSbxaKaheRe3eRa38MahaQbi1ynknvrkLOlQzNp65In0 HTTP/1.1" 200 2
201.245.192.253 - - [03/Dec/2023:01:52:55 -0500] "POST /kwsrmcab/Wsrmcab  HTTP/1.1" 200 41956
216.245.221.92 - - [03/Dec/2023:01:53:16 -0500] "HEAD / HTTP/1.1" 200 -
52.167.144.174 - - [03/Dec/2023:01:53:27 -0500] "GET /BLA/resoluciones/AUTOS%202013/0199.pdf HTTP/1.1" 200 502480
172.22.2.4 - - [03/Dec/2023:01:52:10 -0500] "HEAD /BLA/boletinlegal/ HTTP/1.1" 200 -
201.245.192.253 - - [03/Dec/2023:01:54:22 -0500] "POST /forms/lservlet;jsessionid=ac16012b30d64ec0b0a9f85d4cd0acdf8f65235348eb.e3iSbxaKaheRe3eRa38MahaQbi1ynknvrkLOlQzNp65In0 HTTP/1.1" 200 2
201.245.192.253 - - [03/Dec/2023:01:54:39 -0500] "POST /forms/lservlet;jsessionid=ac16012b30d66bd79d5a81354b569b64ca0b03586396.e3iSbxaKaheRe3eRa38MahaQbi1ynknvrkLOlQzNp65In0 HTTP/1.1" 200 2
172.22.2.4 - - [03/Dec/2023:01:53:01 -0500] "GET /BLA/boletinlegal/ HTTP/1.1" 200 60634
172.22.2.4 - - [03/Dec/2023:01:56:07 -0500] "GET /BLA/boletinlegal/Circulares/2011/Circular%20No.%209%20del%2003%20de%20Noviembre%20de%202011.pdf HTTP/1.1" 200 54568
201.245.192.253 - - [03/Dec/2023:01:56:22 -0500] "POST /forms/lservlet;jsessionid=ac16012b30d64ec0b0a9f85d4cd0acdf8f65235348eb.e3iSbxaKaheRe3eRa38MahaQbi1ynknvrkLOlQzNp65In0 HTTP/1.1" 200 2
201.245.192.253 - - [03/Dec/2023:01:56:39 -0500] "POST /forms/lservlet;jsessionid=ac16012b30d66bd79d5a81354b569b64ca0b03586396.e3iSbxaKaheRe3eRa38MahaQbi1ynknvrkLOlQzNp65In0 HTTP/1.1" 200 2
201.245.192.253 - - [03/Dec/2023:01:57:54 -0500] "POST /kwsrmcab/Wsrmcab  HTTP/1.1" 200 41956
216.245.221.92 - - [03/Dec/2023:01:58:16 -0500] "HEAD / HTTP/1.1" 200 -
201.245.192.253 - - [03/Dec/2023:01:58:22 -0500] "POST /forms/lservlet;jsessionid=ac16012b30d64ec0b0a9f85d4cd0acdf8f65235348eb.e3iSbxaKaheRe3eRa38MahaQbi1ynknvrkLOlQzNp65In0 HTTP/1.1" 200 2
152.61.192.232 - - [03/Dec/2023:01:58:31 -0500] "GET / HTTP/1.1" 200 319
201.245.192.253 - - [03/Dec/2023:01:58:39 -0500] "POST /forms/lservlet;jsessionid=ac16012b30d66bd79d5a81354b569b64ca0b03586396.e3iSbxaKaheRe3eRa38MahaQbi1ynknvrkLOlQzNp65In0 HTTP/1.1" 200 2
172.22.2.4 - - [03/Dec/2023:01:58:00 -0500] "HEAD /BLA/boletinlegal/ HTTP/1.1" 200 -
201.245.192.253 - - [03/Dec/2023:02:00:22 -0500] "POST /forms/lservlet;jsessionid=ac16012b30d64ec0b0a9f85d4cd0acdf8f65235348eb.e3iSbxaKaheRe3eRa38MahaQbi1ynknvrkLOlQzNp65In0 HTTP/1.1" 200 2
172.22.2.4 - - [03/Dec/2023:01:58:51 -0500] "GET /BLA/boletinlegal/ HTTP/1.1" 200 58644
201.245.192.253 - - [03/Dec/2023:02:00:39 -0500] "POST /forms/lservlet;jsessionid=ac16012b30d66bd79d5a81354b569b64ca0b03586396.e3iSbxaKaheRe3eRa38MahaQbi1ynknvrkLOlQzNp65In0 HTTP/1.1" 200 2
52.167.144.180 - - [03/Dec/2023:02:01:47 -0500] "GET /BLA/resoluciones/AUTOS%202017/3283.pdf HTTP/1.1" 200 260217
201.245.192.253 - - [03/Dec/2023:02:02:22 -0500] "POST /forms/lservlet;jsessionid=ac16012b30d64ec0b0a9f85d4cd0acdf8f65235348eb.e3iSbxaKaheRe3eRa38MahaQbi1ynknvrkLOlQzNp65In0 HTTP/1.1" 200 2
40.77.189.190 - - [03/Dec/2023:02:02:27 -0500] "GET /portaldeninos/wp-content/themes/betheme/fonts/mfn-icons.woff?93978679 HTTP/1.1" 200 80932
201.245.192.253 - - [03/Dec/2023:02:02:39 -0500] "POST /forms/lservlet;jsessionid=ac16012b30d66bd79d5a81354b569b64ca0b03586396.e3iSbxaKaheRe3eRa38MahaQbi1ynknvrkLOlQzNp65In0 HTTP/1.1" 200 2
201.245.192.253 - - [03/Dec/2023:02:02:52 -0500] "POST /kwsrmcab/Wsrmcab  HTTP/1.1" 200 41956
216.245.221.92 - - [03/Dec/2023:02:03:16 -0500] "HEAD / HTTP/1.1" 200 -
173.252.127.4 - - [03/Dec/2023:02:03:19 -0500] "GET /images/Acuerdos%2001%20(1)%20(1).jpeg HTTP/1.1" 200 32884
52.167.144.222 - - [03/Dec/2023:02:04:16 -0500] "GET /semana-bogota-reverdece-135-nuevos-arboles-para-el-humedal-la-conejera.html HTTP/1.1" 200 814
201.245.192.253 - - [03/Dec/2023:02:04:22 -0500] "POST /forms/lservlet;jsessionid=ac16012b30d64ec0b0a9f85d4cd0acdf8f65235348eb.e3iSbxaKaheRe3eRa38MahaQbi1ynknvrkLOlQzNp65In0 HTTP/1.1" 200 2
201.245.192.253 - - [03/Dec/2023:02:04:39 -0500] "POST /forms/lservlet;jsessionid=ac16012b30d66bd79d5a81354b569b64ca0b03586396.e3iSbxaKaheRe3eRa38MahaQbi1ynknvrkLOlQzNp65In0 HTTP/1.1" 200 2
172.22.2.4 - - [03/Dec/2023:02:03:50 -0500] "HEAD /BLA/boletinlegal/ HTTP/1.1" 200 -
173.252.107.111 - - [03/Dec/2023:02:06:14 -0500] "GET /si-eres-mujer-y-te-gusta-el-cuidado-de-los-humedales-este-proceso-de-formacion-es-para-ti.html HTTP/1.1" 200 1025
173.252.87.7 - - [03/Dec/2023:02:06:15 -0500] "GET /images/pieza-mujeres-reverdecen-4-abril.jpg HTTP/1.1" 200 48916
172.22.2.4 - - [03/Dec/2023:02:04:41 -0500] "GET /BLA/boletinlegal/ HTTP/1.1" 200 60634
201.245.192.253 - - [03/Dec/2023:02:06:22 -0500] "POST /forms/lservlet;jsessionid=ac16012b30d64ec0b0a9f85d4cd0acdf8f65235348eb.e3iSbxaKaheRe3eRa38MahaQbi1ynknvrkLOlQzNp65In0 HTTP/1.1" 200 2
173.252.107.8 - - [03/Dec/2023:02:06:26 -0500] "GET /calidad-del-aire-de-bogota-en-condiciones-moderadas-y-regulares.html HTTP/1.1" 200 898
173.252.79.111 - - [03/Dec/2023:02:06:26 -0500] "GET /images/pieza-calidad-aire-noche-4-febrero.jpg HTTP/1.1" 200 37476
173.252.127.4 - - [03/Dec/2023:02:06:30 -0500] "GET /distrito-entrego-certificado-de-reconocimiento-a-mas-de-600-mujeres-que-reverdecen-tras-seis-meses-de-formacion-teorica-y-practica.html HTTP/1.1" 200 1113
201.245.192.253 - - [03/Dec/2023:02:06:39 -0500] "POST /forms/lservlet;jsessionid=ac16012b30d66bd79d5a81354b569b64ca0b03586396.e3iSbxaKaheRe3eRa38MahaQbi1ynknvrkLOlQzNp65In0 HTTP/1.1" 200 2
111.202.101.106 - - [03/Dec/2023:02:07:00 -0500] "GET / HTTP/1.1" 200 319
201.245.192.253 - - [03/Dec/2023:02:07:51 -0500] "POST /kwsrmcab/Wsrmcab  HTTP/1.1" 200 41956
66.249.65.70 - - [03/Dec/2023:02:08:14 -0500] "GET /portaldeninos/2021/06/01/agroecologia-tips-para-germinar-semillas-en-casa/ HTTP/1.1" 200 105801
216.245.221.92 - - [03/Dec/2023:02:08:16 -0500] "HEAD / HTTP/1.1" 200 -
201.245.192.253 - - [03/Dec/2023:02:08:22 -0500] "POST /forms/lservlet;jsessionid=ac16012b30d64ec0b0a9f85d4cd0acdf8f65235348eb.e3iSbxaKaheRe3eRa38MahaQbi1ynknvrkLOlQzNp65In0 HTTP/1.1" 200 2
