201.245.192.253 - - [03/Dec/2023:13:44:40 -0500] "POST /forms/lservlet;jsessionid=ac16012b30d66bd79d5a81354b569b64ca0b03586396.e3iSbxaKaheRe3eRa38MahaQbi1ynknvrkLOlQzNp65In0 HTTP/1.1" 200 2
201.245.192.253 - - [03/Dec/2023:13:44:42 -0500] "POST /kwsrmcab/Wsrmcab  HTTP/1.1" 200 41956
172.22.2.4 - - [03/Dec/2023:13:45:43 -0500] "GET /BLA/boletinlegal/robots.txt HTTP/1.1" 404 1038
172.22.2.4 - - [03/Dec/2023:13:45:44 -0500] "GET /BLA/boletinlegal/conceptos/2020/46.pdf HTTP/1.1" 200 350199
172.22.2.4 - - [03/Dec/2023:13:44:05 -0500] "HEAD /BLA/boletinlegal/ HTTP/1.1" 200 -
172.22.2.4 - - [03/Dec/2023:13:45:51 -0500] "GET /BLA/boletinlegal/style.css HTTP/1.1" 200 9406
172.22.2.4 - - [03/Dec/2023:13:45:51 -0500] "GET /BLA/boletinlegal/js/jquery.js HTTP/1.1" 200 57254
172.22.2.4 - - [03/Dec/2023:13:45:51 -0500] "GET /BLA/boletinlegal/styles2.css HTTP/1.1" 200 1838
172.22.2.4 - - [03/Dec/2023:13:45:51 -0500] "GET /BLA/boletinlegal/js/jquery.scrollTo-min.js HTTP/1.1" 200 1150
172.22.2.4 - - [03/Dec/2023:13:45:51 -0500] "GET /BLA/boletinlegal/js/jquery.scrollShow.js HTTP/1.1" 200 4586
172.22.2.4 - - [03/Dec/2023:13:45:51 -0500] "GET /BLA/boletinlegal/images/screen_1.png HTTP/1.1" 200 202547
172.22.2.4 - - [03/Dec/2023:13:45:51 -0500] "GET /BLA/boletinlegal/images/cabezote%20BLEGAL.jpg HTTP/1.1" 200 118164
172.22.2.4 - - [03/Dec/2023:13:45:51 -0500] "GET /BLA/boletinlegal/images/subscribe-icon-big.png HTTP/1.1" 200 47702
172.22.2.4 - - [03/Dec/2023:13:45:51 -0500] "GET /BLA/boletinlegal/images/historia.png HTTP/1.1" 200 52775
172.22.2.4 - - [03/Dec/2023:13:45:51 -0500] "GET /BLA/boletinlegal/images/registro-usuarios.png HTTP/1.1" 200 8106
172.22.2.4 - - [03/Dec/2023:13:45:51 -0500] "GET /BLA/boletinlegal/images/arr_l.jpg HTTP/1.1" 200 1979
172.22.2.4 - - [03/Dec/2023:13:45:51 -0500] "GET /BLA/boletinlegal/images/launch.jpg HTTP/1.1" 200 14577
172.22.2.4 - - [03/Dec/2023:13:45:51 -0500] "GET /BLA/boletinlegal/images/bg_top.jpg HTTP/1.1" 200 522
172.22.2.4 - - [03/Dec/2023:13:45:51 -0500] "GET /BLA/boletinlegal/images/text.jpg HTTP/1.1" 200 568
172.22.2.4 - - [03/Dec/2023:13:45:51 -0500] "GET /BLA/boletinlegal/images/hover.jpg HTTP/1.1" 200 640
172.22.2.4 - - [03/Dec/2023:13:45:51 -0500] "GET /BLA/boletinlegal/images/menu_rght.gif HTTP/1.1" 200 1627
172.22.2.4 - - [03/Dec/2023:13:45:51 -0500] "GET /BLA/boletinlegal/images/menu_lft.gif HTTP/1.1" 200 1713
172.22.2.4 - - [03/Dec/2023:13:45:51 -0500] "GET /BLA/boletinlegal/images/menu_bg.jpg HTTP/1.1" 200 620
172.22.2.4 - - [03/Dec/2023:13:45:51 -0500] "GET /BLA/boletinlegal/images/body_bg.jpg HTTP/1.1" 200 1601
172.22.2.4 - - [03/Dec/2023:13:45:55 -0500] "GET /BLA/boletinlegal/normativa.php HTTP/1.1" 200 8343
172.22.2.4 - - [03/Dec/2023:13:45:56 -0500] "GET /BLA/boletinlegal/js/ajax_normativa.js HTTP/1.1" 200 1154
172.22.2.4 - - [03/Dec/2023:13:45:56 -0500] "GET /BLA/boletinlegal/niceforms-default.css HTTP/1.1" 200 6694
172.22.2.4 - - [03/Dec/2023:13:45:56 -0500] "GET /BLA/boletinlegal/niceforms.js HTTP/1.1" 200 22876
172.22.2.4 - - [03/Dec/2023:13:45:56 -0500] "GET /BLA/boletinlegal/images/tel.png HTTP/1.1" 200 14477
172.22.2.4 - - [03/Dec/2023:13:45:56 -0500] "GET /BLA/boletinlegal/images/icono-email.png HTTP/1.1" 200 5544
172.22.2.4 - - [03/Dec/2023:13:45:56 -0500] "GET /BLA/boletinlegal/images/footer_bg.jpg HTTP/1.1" 200 586
172.22.2.4 - - [03/Dec/2023:13:45:56 -0500] "GET /BLA/boletinlegal/images/footer_bg_l.jpg HTTP/1.1" 200 776
172.22.2.4 - - [03/Dec/2023:13:45:56 -0500] "GET /BLA/boletinlegal/img/0.png HTTP/1.1" 200 110
172.22.2.4 - - [03/Dec/2023:13:45:56 -0500] "GET /BLA/boletinlegal/img/select-left.png HTTP/1.1" 200 263
172.22.2.4 - - [03/Dec/2023:13:45:56 -0500] "GET /BLA/boletinlegal/img/select-right.png HTTP/1.1" 200 44019
172.22.2.4 - - [03/Dec/2023:13:45:56 -0500] "GET /BLA/boletinlegal/img/button.png HTTP/1.1" 200 43241
172.22.2.4 - - [03/Dec/2023:13:45:56 -0500] "GET /BLA/boletinlegal/img/button-left.png HTTP/1.1" 200 57071
172.22.2.4 - - [03/Dec/2023:13:45:56 -0500] "GET /BLA/boletinlegal/img/button-right.png HTTP/1.1" 200 57878
172.22.2.4 - - [03/Dec/2023:13:45:56 -0500] "GET /BLA/boletinlegal/favicon.ico HTTP/1.1" 404 1334
172.22.2.4 - - [03/Dec/2023:13:46:10 -0500] "GET /BLA/boletinlegal/consulta_normativa.php?tipo=Resolucion&sector=silvicultura&ano=&resuelve= HTTP/1.1" 200 5131
172.22.2.4 - - [03/Dec/2023:13:46:10 -0500] "GET /BLA/boletinlegal/images/background.gif HTTP/1.1" 200 -
172.22.2.4 - - [03/Dec/2023:13:46:10 -0500] "GET /BLA/boletinlegal/images/docs.png HTTP/1.1" 200 10288
172.22.2.4 - - [03/Dec/2023:13:46:18 -0500] "GET /BLA/boletinlegal/normativa.php HTTP/1.1" 200 8343
172.22.2.4 - - [03/Dec/2023:13:46:19 -0500] "GET /BLA/boletinlegal/actos.php HTTP/1.1" 200 9682
172.22.2.4 - - [03/Dec/2023:13:46:19 -0500] "GET /BLA/boletinlegal/js/lib.js HTTP/1.1" 200 6474
172.22.2.4 - - [03/Dec/2023:13:46:19 -0500] "GET /BLA/boletinlegal/js/popup.js HTTP/1.1" 200 1270
172.22.2.4 - - [03/Dec/2023:13:46:19 -0500] "GET /BLA/boletinlegal/js/jquery1.js HTTP/1.1" 200 29846
172.22.2.4 - - [03/Dec/2023:13:46:19 -0500] "GET /BLA/boletinlegal/images/green-yellow-blue-pink-th.png HTTP/1.1" 200 7394
172.22.2.4 - - [03/Dec/2023:13:46:19 -0500] "GET /BLA/boletinlegal/js/ajax_actos.js HTTP/1.1" 200 1322
172.22.2.4 - - [03/Dec/2023:13:46:23 -0500] "GET /BLA/boletinlegal/consulta_actos.php?tipo=resoluciones&no=&usuario=&sector=&fecha=2023&resuelve= HTTP/1.1" 200 363844
172.22.2.4 - - [03/Dec/2023:13:46:24 -0500] "GET /BLA/boletinlegal/images/pdf.gif HTTP/1.1" 200 567
201.245.192.253 - - [03/Dec/2023:13:46:25 -0500] "POST /forms/lservlet;jsessionid=ac16012b30d64ec0b0a9f85d4cd0acdf8f65235348eb.e3iSbxaKaheRe3eRa38MahaQbi1ynknvrkLOlQzNp65In0 HTTP/1.1" 200 2
172.22.2.4 - - [03/Dec/2023:13:45:51 -0500] "GET /BLA/boletinlegal/ HTTP/1.1" 200 24523
172.22.2.4 - - [03/Dec/2023:13:44:56 -0500] "GET /BLA/boletinlegal/ HTTP/1.1" 200 56634
201.245.192.253 - - [03/Dec/2023:13:46:40 -0500] "POST /forms/lservlet;jsessionid=ac16012b30d66bd79d5a81354b569b64ca0b03586396.e3iSbxaKaheRe3eRa38MahaQbi1ynknvrkLOlQzNp65In0 HTTP/1.1" 200 2
201.244.40.220 - - [03/Dec/2023:13:46:41 -0500] "GET /BLA/resoluciones/RESOLUCIONES%202023/2530.pdf HTTP/1.1" 200 380498
201.244.40.220 - - [03/Dec/2023:13:46:41 -0500] "GET /favicon.ico HTTP/1.1" 200 7782
201.244.40.220 - - [03/Dec/2023:13:47:18 -0500] "GET /BLA/resoluciones/RESOLUCIONES%202023/2635.pdf HTTP/1.1" 200 387056
216.245.221.92 - - [03/Dec/2023:13:48:14 -0500] "HEAD / HTTP/1.1" 200 -
201.245.192.253 - - [03/Dec/2023:13:48:25 -0500] "POST /forms/lservlet;jsessionid=ac16012b30d64ec0b0a9f85d4cd0acdf8f65235348eb.e3iSbxaKaheRe3eRa38MahaQbi1ynknvrkLOlQzNp65In0 HTTP/1.1" 200 2
201.245.192.253 - - [03/Dec/2023:13:48:40 -0500] "POST /forms/lservlet;jsessionid=ac16012b30d66bd79d5a81354b569b64ca0b03586396.e3iSbxaKaheRe3eRa38MahaQbi1ynknvrkLOlQzNp65In0 HTTP/1.1" 200 2
201.245.192.253 - - [03/Dec/2023:13:49:40 -0500] "POST /kwsrmcab/Wsrmcab  HTTP/1.1" 200 41956
172.22.2.4 - - [03/Dec/2023:13:49:43 -0500] "GET /BLA/boletinlegal/actos.php HTTP/1.1" 200 9682
172.22.2.4 - - [03/Dec/2023:13:49:43 -0500] "GET /BLA/boletinlegal/styles2.css HTTP/1.1" 200 1838
172.22.2.4 - - [03/Dec/2023:13:49:43 -0500] "GET /BLA/boletinlegal/js/ajax_actos.js HTTP/1.1" 200 1322
172.22.2.4 - - [03/Dec/2023:13:49:43 -0500] "GET /BLA/boletinlegal/niceforms-default.css HTTP/1.1" 200 6694
172.22.2.4 - - [03/Dec/2023:13:49:43 -0500] "GET /BLA/boletinlegal/style.css HTTP/1.1" 200 9406
172.22.2.4 - - [03/Dec/2023:13:49:43 -0500] "GET /BLA/boletinlegal/niceforms.js HTTP/1.1" 200 22876
172.22.2.4 - - [03/Dec/2023:13:49:43 -0500] "GET /BLA/boletinlegal/js/lib.js HTTP/1.1" 200 6474
172.22.2.4 - - [03/Dec/2023:13:49:43 -0500] "GET /BLA/boletinlegal/js/popup.js HTTP/1.1" 200 1270
172.22.2.4 - - [03/Dec/2023:13:49:43 -0500] "GET /BLA/boletinlegal/js/jquery1.js HTTP/1.1" 200 29846
172.22.2.4 - - [03/Dec/2023:13:49:43 -0500] "GET /BLA/boletinlegal/images/cabezote%20BLEGAL.jpg HTTP/1.1" 200 118164
172.22.2.4 - - [03/Dec/2023:13:49:43 -0500] "GET /BLA/boletinlegal/images/subscribe-icon-big.png HTTP/1.1" 200 47702
172.22.2.4 - - [03/Dec/2023:13:49:43 -0500] "GET /BLA/boletinlegal/images/historia.png HTTP/1.1" 200 52775
172.22.2.4 - - [03/Dec/2023:13:49:43 -0500] "GET /BLA/boletinlegal/images/registro-usuarios.png HTTP/1.1" 200 8106
172.22.2.4 - - [03/Dec/2023:13:49:43 -0500] "GET /BLA/boletinlegal/images/green-yellow-blue-pink-th.png HTTP/1.1" 200 7394
172.22.2.4 - - [03/Dec/2023:13:49:43 -0500] "GET /BLA/boletinlegal/images/tel.png HTTP/1.1" 200 14477
172.22.2.4 - - [03/Dec/2023:13:49:43 -0500] "GET /BLA/boletinlegal/images/icono-email.png HTTP/1.1" 200 5544
172.22.2.4 - - [03/Dec/2023:13:49:43 -0500] "GET /BLA/boletinlegal/images/body_bg.jpg HTTP/1.1" 200 1601
172.22.2.4 - - [03/Dec/2023:13:49:43 -0500] "GET /BLA/boletinlegal/images/menu_lft.gif HTTP/1.1" 200 1713
172.22.2.4 - - [03/Dec/2023:13:49:43 -0500] "GET /BLA/boletinlegal/images/menu_bg.jpg HTTP/1.1" 200 620
172.22.2.4 - - [03/Dec/2023:13:49:43 -0500] "GET /BLA/boletinlegal/images/menu_rght.gif HTTP/1.1" 200 1627
172.22.2.4 - - [03/Dec/2023:13:49:43 -0500] "GET /BLA/boletinlegal/images/footer_bg.jpg HTTP/1.1" 200 586
172.22.2.4 - - [03/Dec/2023:13:49:43 -0500] "GET /BLA/boletinlegal/images/bg_top.jpg HTTP/1.1" 200 522
172.22.2.4 - - [03/Dec/2023:13:49:43 -0500] "GET /BLA/boletinlegal/images/text.jpg HTTP/1.1" 200 568
172.22.2.4 - - [03/Dec/2023:13:49:43 -0500] "GET /BLA/boletinlegal/images/hover.jpg HTTP/1.1" 200 640
172.22.2.4 - - [03/Dec/2023:13:49:43 -0500] "GET /BLA/boletinlegal/images/footer_bg_l.jpg HTTP/1.1" 200 776
172.22.2.4 - - [03/Dec/2023:13:49:44 -0500] "GET /BLA/boletinlegal/img/0.png HTTP/1.1" 200 110
172.22.2.4 - - [03/Dec/2023:13:49:44 -0500] "GET /BLA/boletinlegal/img/select-left.png HTTP/1.1" 200 263
172.22.2.4 - - [03/Dec/2023:13:49:44 -0500] "GET /BLA/boletinlegal/img/select-right.png HTTP/1.1" 200 44019
172.22.2.4 - - [03/Dec/2023:13:49:44 -0500] "GET /BLA/boletinlegal/img/button-left.png HTTP/1.1" 200 57071
172.22.2.4 - - [03/Dec/2023:13:49:44 -0500] "GET /BLA/boletinlegal/img/button.png HTTP/1.1" 200 43241
172.22.2.4 - - [03/Dec/2023:13:49:44 -0500] "GET /BLA/boletinlegal/img/button-right.png HTTP/1.1" 200 57878
172.22.2.4 - - [03/Dec/2023:13:49:44 -0500] "GET /BLA/boletinlegal/favicon.ico HTTP/1.1" 404 1326
181.53.237.151 - - [03/Dec/2023:13:49:49 -0500] "GET /BLA/resoluciones/ HTTP/1.1" 200 13696
181.53.237.151 - - [03/Dec/2023:13:49:49 -0500] "GET /BLA/resoluciones/dlf/styles.css HTTP/1.1" 200 3049
181.53.237.151 - - [03/Dec/2023:13:49:49 -0500] "GET /BLA/resoluciones/dlf/bg.gif HTTP/1.1" 200 54
181.53.237.151 - - [03/Dec/2023:13:49:53 -0500] "GET /BLA/resoluciones/dlf/dirup.png HTTP/1.1" 200 644
181.53.237.151 - - [03/Dec/2023:13:49:53 -0500] "GET /BLA/resoluciones/dlf/pdf.gif HTTP/1.1" 200 272
181.53.237.151 - - [03/Dec/2023:13:49:53 -0500] "GET /BLA/resoluciones/dlf/unknown.png HTTP/1.1" 200 266
181.53.237.151 - - [03/Dec/2023:13:49:53 -0500] "GET /BLA/resoluciones/index.php?dir=AUTOS+2015%2F HTTP/1.1" 200 584657
201.245.192.253 - - [03/Dec/2023:13:50:25 -0500] "POST /forms/lservlet;jsessionid=ac16012b30d64ec0b0a9f85d4cd0acdf8f65235348eb.e3iSbxaKaheRe3eRa38MahaQbi1ynknvrkLOlQzNp65In0 HTTP/1.1" 200 2
201.245.192.253 - - [03/Dec/2023:13:50:40 -0500] "POST /forms/lservlet;jsessionid=ac16012b30d66bd79d5a81354b569b64ca0b03586396.e3iSbxaKaheRe3eRa38MahaQbi1ynknvrkLOlQzNp65In0 HTTP/1.1" 200 2
40.77.167.79 - - [03/Dec/2023:13:51:04 -0500] "GET /BLA/resoluciones/AUTOS%202013/2877.pdf HTTP/1.1" 200 661626
172.22.2.4 - - [03/Dec/2023:13:49:55 -0500] "HEAD /BLA/boletinlegal/ HTTP/1.1" 200 -
54.36.149.107 - - [03/Dec/2023:13:52:14 -0500] "GET /robots.txt HTTP/1.1" 404 1018
201.245.192.253 - - [03/Dec/2023:13:52:25 -0500] "POST /forms/lservlet;jsessionid=ac16012b30d64ec0b0a9f85d4cd0acdf8f65235348eb.e3iSbxaKaheRe3eRa38MahaQbi1ynknvrkLOlQzNp65In0 HTTP/1.1" 200 2
172.22.2.4 - - [03/Dec/2023:13:50:46 -0500] "GET /BLA/boletinlegal/ HTTP/1.1" 200 58644
201.245.192.253 - - [03/Dec/2023:13:52:40 -0500] "POST /forms/lservlet;jsessionid=ac16012b30d66bd79d5a81354b569b64ca0b03586396.e3iSbxaKaheRe3eRa38MahaQbi1ynknvrkLOlQzNp65In0 HTTP/1.1" 200 2
216.245.221.92 - - [03/Dec/2023:13:53:14 -0500] "HEAD / HTTP/1.1" 200 -
201.245.192.253 - - [03/Dec/2023:13:54:25 -0500] "POST /forms/lservlet;jsessionid=ac16012b30d64ec0b0a9f85d4cd0acdf8f65235348eb.e3iSbxaKaheRe3eRa38MahaQbi1ynknvrkLOlQzNp65In0 HTTP/1.1" 200 2
201.245.192.253 - - [03/Dec/2023:13:54:40 -0500] "POST /forms/lservlet;jsessionid=ac16012b30d66bd79d5a81354b569b64ca0b03586396.e3iSbxaKaheRe3eRa38MahaQbi1ynknvrkLOlQzNp65In0 HTTP/1.1" 200 2
201.245.192.253 - - [03/Dec/2023:13:54:38 -0500] "POST /kwsrmcab/Wsrmcab  HTTP/1.1" 200 41956
201.245.192.253 - - [03/Dec/2023:13:56:25 -0500] "POST /forms/lservlet;jsessionid=ac16012b30d64ec0b0a9f85d4cd0acdf8f65235348eb.e3iSbxaKaheRe3eRa38MahaQbi1ynknvrkLOlQzNp65In0 HTTP/1.1" 200 2
40.77.167.136 - - [03/Dec/2023:13:56:32 -0500] "GET /BLA/resoluciones/RESOLUCIONES%202021/4186.pdf HTTP/1.1" 304 -
201.245.192.253 - - [03/Dec/2023:13:56:40 -0500] "POST /forms/lservlet;jsessionid=ac16012b30d66bd79d5a81354b569b64ca0b03586396.e3iSbxaKaheRe3eRa38MahaQbi1ynknvrkLOlQzNp65In0 HTTP/1.1" 200 2
172.22.2.4 - - [03/Dec/2023:13:55:45 -0500] "HEAD /BLA/boletinlegal/ HTTP/1.1" 200 -
190.60.254.216 - - [03/Dec/2023:13:57:27 -0500] "GET /sipse/faces/index.xhtml HTTP/1.1" 200 677
190.60.254.216 - - [03/Dec/2023:13:57:28 -0500] "GET /sipse/faces/javax.faces.resource/theme.css?ln=primefaces-sipse HTTP/1.1" 304 -
190.60.254.216 - - [03/Dec/2023:13:57:28 -0500] "GET /sipse/faces/faces/autenticacion.xhtml HTTP/1.1" 200 12414
190.60.254.216 - - [03/Dec/2023:13:57:28 -0500] "GET /sipse/faces/javax.faces.resource/theme.css?ln=primefaces-sipse HTTP/1.1" 304 -
190.60.254.216 - - [03/Dec/2023:13:57:28 -0500] "GET /sipse/faces/javax.faces.resource/primefaces.css?ln=primefaces&v=4.0 HTTP/1.1" 304 -
190.60.254.216 - - [03/Dec/2023:13:57:28 -0500] "GET /sipse/css/custom_css_sg.css HTTP/1.1" 304 -
190.60.254.216 - - [03/Dec/2023:13:57:28 -0500] "GET /sipse/css/custom_css_sg_prime_login.css HTTP/1.1" 304 -
190.60.254.216 - - [03/Dec/2023:13:57:28 -0500] "GET /sipse/js/funciones.js HTTP/1.1" 304 -
190.60.254.216 - - [03/Dec/2023:13:57:28 -0500] "GET /sipse/faces/javax.faces.resource/layout/layout.css?ln=primefaces&v=4.0 HTTP/1.1" 304 -
190.60.254.216 - - [03/Dec/2023:13:57:28 -0500] "GET /sipse/faces/javax.faces.resource/jquery/jquery.js?ln=primefaces&v=4.0 HTTP/1.1" 304 -
190.60.254.216 - - [03/Dec/2023:13:57:28 -0500] "GET /sipse/faces/javax.faces.resource/layout/layout.js?ln=primefaces&v=4.0 HTTP/1.1" 304 -
190.60.254.216 - - [03/Dec/2023:13:57:28 -0500] "GET /sipse/js/disable_browser_buttons.js HTTP/1.1" 304 -
190.60.254.216 - - [03/Dec/2023:13:57:28 -0500] "GET /sipse/faces/javax.faces.resource/jquery/jquery-plugins.js?ln=primefaces&v=4.0 HTTP/1.1" 304 -
190.60.254.216 - - [03/Dec/2023:13:57:28 -0500] "GET /sipse/faces/javax.faces.resource/primefaces.js?ln=primefaces&v=4.0 HTTP/1.1" 304 -
190.60.254.216 - - [03/Dec/2023:13:57:29 -0500] "GET /sipse/css/imagen/logoSDG.png HTTP/1.1" 304 -
190.60.254.216 - - [03/Dec/2023:13:57:29 -0500] "GET /sipse/css/imagen/loginimg.png HTTP/1.1" 304 -
190.60.254.216 - - [03/Dec/2023:13:57:29 -0500] "GET /sipse/faces/javax.faces.resource/images/ui-icons_898989_256x240.png?ln=primefaces-aristo HTTP/1.1" 304 -
94.183.189.166 - - [03/Dec/2023:13:57:33 -0500] "GET / HTTP/1.1" 200 319
190.60.254.216 - - [03/Dec/2023:13:57:40 -0500] "POST /sipse/faces/autenticacion.xhtml HTTP/1.1" 200 2228
190.60.254.216 - - [03/Dec/2023:13:57:40 -0500] "GET /sipse/faces/javax.faces.resource/messages/messages.png?ln=primefaces&v=4.0 HTTP/1.1" 304 -
190.60.254.216 - - [03/Dec/2023:13:57:42 -0500] "POST /sipse/faces/autenticacion.xhtml HTTP/1.1" 200 16450
190.60.254.216 - - [03/Dec/2023:13:57:43 -0500] "GET /sipse/css/custom_css_sg_prime.css HTTP/1.1" 304 -
190.60.254.216 - - [03/Dec/2023:13:57:43 -0500] "GET /sipse/faces/javax.faces.resource/theme.css?ln=primefaces-sipse HTTP/1.1" 304 -
190.60.254.216 - - [03/Dec/2023:13:57:43 -0500] "GET /sipse/faces/javax.faces.resource/primefaces.css?ln=primefaces&v=4.0 HTTP/1.1" 304 -
190.60.254.216 - - [03/Dec/2023:13:57:43 -0500] "GET /sipse/faces/javax.faces.resource/layout/layout.css?ln=primefaces&v=4.0 HTTP/1.1" 304 -
190.60.254.216 - - [03/Dec/2023:13:57:43 -0500] "GET /sipse/js/jquery.min.js HTTP/1.1" 304 -
190.60.254.216 - - [03/Dec/2023:13:57:43 -0500] "GET /sipse/faces/javax.faces.resource/jquery/jquery.js?ln=primefaces&v=4.0 HTTP/1.1" 304 -
190.60.254.216 - - [03/Dec/2023:13:57:43 -0500] "GET /sipse/faces/javax.faces.resource/jquery/jquery-plugins.js?ln=primefaces&v=4.0 HTTP/1.1" 304 -
190.60.254.216 - - [03/Dec/2023:13:57:43 -0500] "GET /sipse/faces/javax.faces.resource/primefaces.js?ln=primefaces&v=4.0 HTTP/1.1" 304 -
190.60.254.216 - - [03/Dec/2023:13:57:44 -0500] "GET /sipse/faces/javax.faces.resource/layout/layout.js?ln=primefaces&v=4.0 HTTP/1.1" 304 -
190.60.254.216 - - [03/Dec/2023:13:57:44 -0500] "GET /sipse/css/v_mergente.css HTTP/1.1" 304 -
190.60.254.216 - - [03/Dec/2023:13:57:44 -0500] "GET /sipse/imagenes/cargando.gif HTTP/1.1" 304 -
190.60.254.216 - - [03/Dec/2023:13:57:44 -0500] "GET /sipse/imagenes/logoAplicacion.jpg HTTP/1.1" 304 -
190.60.254.216 - - [03/Dec/2023:13:57:44 -0500] "GET /sipse/css/imagen/contrasena.png HTTP/1.1" 404 383
190.60.254.216 - - [03/Dec/2023:13:57:46 -0500] "POST /sipse/faces/bienvenido.xhtml HTTP/1.1" 200 2658
190.60.254.216 - - [03/Dec/2023:13:57:46 -0500] "GET /sipse/faces/javax.faces.resource/images/ui-bg_flat_0_2d5972_40x100.png?ln=primefaces-aristo HTTP/1.1" 304 -
190.60.254.216 - - [03/Dec/2023:13:57:47 -0500] "POST /sipse/faces/bienvenido.xhtml HTTP/1.1" 200 64527
190.60.254.216 - - [03/Dec/2023:13:57:48 -0500] "GET /sipse/faces/javax.faces.resource/theme.css?ln=primefaces-sipse HTTP/1.1" 304 -
190.60.254.216 - - [03/Dec/2023:13:57:48 -0500] "GET /sipse/faces/javax.faces.resource/primefaces.css?ln=primefaces&v=4.0 HTTP/1.1" 304 -
190.60.254.216 - - [03/Dec/2023:13:57:48 -0500] "GET /sipse/faces/javax.faces.resource/layout/layout.css?ln=primefaces&v=4.0 HTTP/1.1" 304 -
190.60.254.216 - - [03/Dec/2023:13:57:48 -0500] "GET /sipse/faces/javax.faces.resource/jquery/jquery.js?ln=primefaces&v=4.0 HTTP/1.1" 304 -
190.60.254.216 - - [03/Dec/2023:13:57:48 -0500] "GET /sipse/faces/javax.faces.resource/jquery/jquery-plugins.js?ln=primefaces&v=4.0 HTTP/1.1" 304 -
190.60.254.216 - - [03/Dec/2023:13:57:48 -0500] "GET /sipse/faces/javax.faces.resource/primefaces.js?ln=primefaces&v=4.0 HTTP/1.1" 304 -
190.60.254.216 - - [03/Dec/2023:13:57:48 -0500] "GET /sipse/faces/javax.faces.resource/layout/layout.js?ln=primefaces&v=4.0 HTTP/1.1" 304 -
190.60.254.216 - - [03/Dec/2023:13:57:49 -0500] "POST /sipse/faces/presentacion/financiero/solicitudProceso/listarSolicitudProceso.xhtml HTTP/1.1" 200 1564
216.245.221.92 - - [03/Dec/2023:13:58:14 -0500] "HEAD / HTTP/1.1" 200 -
172.22.2.4 - - [03/Dec/2023:13:56:36 -0500] "GET /BLA/boletinlegal/ HTTP/1.1" 200 58294
52.167.144.195 - - [03/Dec/2023:13:58:19 -0500] "GET /BLA/resoluciones/AUTOS%202021/3825.pdf HTTP/1.1" 304 -
201.245.192.253 - - [03/Dec/2023:13:58:25 -0500] "POST /forms/lservlet;jsessionid=ac16012b30d64ec0b0a9f85d4cd0acdf8f65235348eb.e3iSbxaKaheRe3eRa38MahaQbi1ynknvrkLOlQzNp65In0 HTTP/1.1" 200 2
201.245.192.253 - - [03/Dec/2023:13:58:40 -0500] "POST /forms/lservlet;jsessionid=ac16012b30d66bd79d5a81354b569b64ca0b03586396.e3iSbxaKaheRe3eRa38MahaQbi1ynknvrkLOlQzNp65In0 HTTP/1.1" 200 2
114.119.134.204 - - [03/Dec/2023:13:59:00 -0500] "GET /BLA/resoluciones/index.php?dir=RESOLUCIONES%2B1997/ HTTP/1.1" 200 13903
190.60.254.216 - - [03/Dec/2023:13:59:14 -0500] "POST /sipse/faces/presentacion/financiero/solicitudProceso/listarSolicitudProceso.xhtml HTTP/1.1" 200 4807
40.77.167.136 - - [03/Dec/2023:13:59:21 -0500] "GET /BLA/resoluciones/RESOLUCIONES%202022/0405.pdf HTTP/1.1" 200 4850555
186.154.184.247 - - [03/Dec/2023:13:59:22 -0500] "GET /kwssiamovil/sm/ldap/au?x=U2FsdGVkX19+Z1HuugJA74wsWPgmHV+tTnxyJWkOkH7XxYvsFE/n6OUeCUDHTPDK&y=U2FsdGVkX1/WC1lkhTsSYtYGJ2LMHFQaXXLmcnMIGxM3v8A3GlxoDKLZHpGIiiEf HTTP/1.1" 200 30
186.154.184.247 - - [03/Dec/2023:13:59:23 -0500] "GET /kwssiamovil/sm/acme/s?s=U2FsdGVkX19JwcHDLsJj1UBcCJkJ2twvknDIj9ci+EPdnpgjGPNKpYdJfnCuI6ZSoSvfioot+2WN4FDASKHz1OY54MZ2mm9EvhXlMAlbmAM=&u=U2FsdGVkX184Y4LRaK2ldTQwICzlCpoRFgtm/f/25IhUyAB6ndTieO5pr3bH7WrP&y=U2FsdGVkX1/WC1lkhTsSYtYGJ2LMHFQaXXLmcnMIGxM3v8A3GlxoDKLZHpGIiiEf HTTP/1.1" 200 97
186.154.184.247 - - [03/Dec/2023:13:59:23 -0500] "GET /kwssiamovil/sm/acme/s?s=U2FsdGVkX19AbcvtXhjCWHJ8JzqPzGphMtMoi6lOIXwuiYfpKXEBJCU72TfDH17i5Vs9yO7j6fMUBE/LKcwMf/TzTAIdPrVkURJrKSth3Z39emlqth8H4cv2NSDOHt9mA2rwzT9DuDQcL7hXaLH5f/w9R6LypeT/haSvtaG4h81eBrEXUDwlLodt09S2eYwVh/fHc4ArENTynKlwt4J/lzRj+KNgBxsAVNgO4SrMpgm7g6zF82yazAVo5rPkafUNfT54tHQJ4O4RTUFGIhxUIGkNP5iSZBt7dxanTnOjAKtad+facTo7Du7UHH/Gohr0YzUYMpT9+Et/bN6dSunXqxhUMfKo2tnYm6e9XEAJ57ewZt3sVdUrho6ZzzZJz1h11uv5wzDAKTmCUpU3/+4W3AOHdhoLxQgRFM3+6n2PQPy54b4rp6FhL5Nl7rwBf+ECpWFnilLVEiWTt2woFpAOSs3wgCyJ6vKI4lpAkxeEsnvrLiGxD83SvrNZ4Vjg2MeiJQUKN5RLRxXohAGlUcUBb0R5vmtXrLVsJvxqvwIifKhb7Mb/nd6739A684BbRH+PDGKCKxnWQ/jqusmNY7SLUv6qKIA7bG7COgx7TH2HWUigolycBiRbY8guDq29FoPiRmzkZ1DvaSpvaIpC4XG4WHUBXCBzlzbHnbuuFOZ5jrxQKpOIaVkQl7oOaPPqKuU0GPLKlUgeqb+f7YjyWzYIuz9bzLZrjjrwnzOsR5h2+yFPfn6OUNaOpvDXdgtRJrltu14Jo9ceS2np2jlj8yvNlE741VNVxFXpM+JYS1qRFp5GHBJjmg+U4XgpcxV8sgEXjwl1D7zlNh6bAyB7UA4FSrFuNF9O/FyNwQ8DKRX3UTeHPtyMwW8Yxu1M690OpcN8jyf5pH5Gn/Lzkg+y6SCI09n11nvc35gGVtuqXcUmxHljWSL288Q+JQBZSrE9RP99h9ZLPMaPQwxUIqrK10IolM9ohg4hhORpuba0cDrvTjHT4+O1+G/bBkVtnu7kG2NweluPlEtXtZBNq//a9VomKw3pYnv9zmaG1jexiVR07z6r9hW8SqjivE0LcKSEYDmzdfUvknCiqNt0RRuqno4himT5c9fJPP01ENRI+pD+gunfiT+/t4vnaCDkpPVUx78LfA3lKxASo4E0p+vlyEqZByobvPtvFleI2s+e83/EoRz6zQFFUIIN70ESxeW56WFf7StF8vPUy5cTtRIxSVingtEX25jsL2hXX7WsjFt10x2tSgA8t8Av0UcIpwPrgM6rxj/DIFaCJdYkLVYC/MOxb6ujZpUMHaa7+ktqE1twN3hp0bw9VE80wq6iTQHDbIfpyqnnQkqSTRS1wyRAmz5gQgfX8LNxOndVw50jJpjbmYnQO94hetZ8O5jzVvDqiM3YCj/OGXHoYdxp+TVNyS34t0zkT6TvE8yGYTIqTd+p6D5/tTOcJ5g793r9URYJxIDBWkCus0MubqgWo1hBwMsIOjI/7MKRt3LzolWehPOsXkSuP5dOMXBW/jFtzclZneanxw25BDyXjB6RcQdVDSsn9Gy/bBiaHTzC5/bHrjQyNQtCiLbJtvodSKMiBtMf6eWwzDn9xsTM13V3sc4o+NxvmaEn0lUYCSBxxFPwiideU8ODbUffG1IvZphzVroHOzTv2Vltxku0tTyL8YOsSB7teNughs1PnweBhuMu14D7TFiq0fUZJok4L2cpWK8MWDWlb52HC3xi1wP8y87eWrl5oj9NfghCXWkelRH1808QS9BX7h8dEkujD5pLcBla2LHg&u=U2FsdGVkX184Y4LRaK2ldTQwICzlCpoRFgtm/f/25IhUyAB6ndTieO5pr3bH7WrP&y=U2FsdGVkX1/WC1lkhTsSYtYGJ2LMHFQaXXLmcnMIGxM3v8A3GlxoDKLZHpGIiiEf HTTP/1.1" 200 1872
186.154.184.247 - - [03/Dec/2023:13:59:23 -0500] "GET /kwssiamovil/sm/acme/s?s=U2FsdGVkX19EaIL5AL7s9tbty1GF+vMWdYMhFoq/gZkJY6WsRzVB+V9xfB4yMDN4FYD8rZKr8p+UiQgtxM63s1a+0GFCe6fF1c75u9BkOVmkukEvrx8VsxbzQLQWiFaPlvKSs4tHoYbehe+hgvgQgXJ6pVeJ5IIgI+v/bs2gyVaOZcOnWHVzVFcVFuQognS2uZTtsY9mSMbO//L9rfWV2xhGALyY0SZofYLU8QzZfvL7sY3DZ4uXlTbXyCwCWuCGcJ40epboTw6+AiBgpI+UkrMFcqVZTbtcgtCua5DwzNeHffsdKIoZg9uDvkOtI+1iYPcSzc/oK6Pnh1qoBhdd0opx3uLDxYed2Kb8SmAsE1zge5RUTkkO33NzPavhXwu4tQKuD+0yyI/7jMvXbPUk/vxwQOqfkAA/FQROV9s6wzahtOWqBHedgULU+TXrNtkizd4PaoOJnWdjpen1Omft8Slwvh0+Ir6V0exVcMgNPnV/VSRPHYZIUjHtJTBpB4KK+6AGMPb6PAqR87d6Fel1Z9LR4iS0iwjT7WvC5RprENVvic6hHGNAq0vtI43YkEGsVzmfJUN9ufQ0P+46MV7G325mX/a5YdKhpYN4VqMpAIofM/Qg+tb77macO2N29XJBV9ggugO/+7h9rjKUgX0VoAOWs5dtinUhjBl4kJEpH2UMgCYSDjMa5jVGACBgdLG/YjZHRA9R/C0gf5TVdmglS1l9nfQ6nmbXRgRjTy2IpXPl1Pt5tiQp6O+DLEURJ3DtqVNkKEvDgT/E6GWA+0t4Jg==&u=U2FsdGVkX184Y4LRaK2ldTQwICzlCpoRFgtm/f/25IhUyAB6ndTieO5pr3bH7WrP&y=U2FsdGVkX1/WC1lkhTsSYtYGJ2LMHFQaXXLmcnMIGxM3v8A3GlxoDKLZHpGIiiEf HTTP/1.1" 200 354
186.154.184.247 - - [03/Dec/2023:13:59:23 -0500] "GET /kwssiamovil/sm/cjson/pre?f=18&x=U2FsdGVkX19+Z1HuugJA74wsWPgmHV+tTnxyJWkOkH7XxYvsFE/n6OUeCUDHTPDK HTTP/1.1" 200 32849
186.154.184.247 - - [03/Dec/2023:13:59:23 -0500] "GET /kwssiamovil/sm/cjson/pre?f=1&x=U2FsdGVkX19+Z1HuugJA74wsWPgmHV+tTnxyJWkOkH7XxYvsFE/n6OUeCUDHTPDK HTTP/1.1" 200 31032
190.60.254.216 - - [03/Dec/2023:13:59:27 -0500] "POST /sipse/faces/presentacion/financiero/solicitudProceso/listarSolicitudProceso.xhtml HTTP/1.1" 200 32177
201.245.192.253 - - [03/Dec/2023:13:59:36 -0500] "POST /kwsrmcab/Wsrmcab  HTTP/1.1" 200 41956
201.245.192.253 - - [03/Dec/2023:14:00:25 -0500] "POST /forms/lservlet;jsessionid=ac16012b30d64ec0b0a9f85d4cd0acdf8f65235348eb.e3iSbxaKaheRe3eRa38MahaQbi1ynknvrkLOlQzNp65In0 HTTP/1.1" 200 2
201.245.192.253 - - [03/Dec/2023:14:00:40 -0500] "POST /forms/lservlet;jsessionid=ac16012b30d66bd79d5a81354b569b64ca0b03586396.e3iSbxaKaheRe3eRa38MahaQbi1ynknvrkLOlQzNp65In0 HTTP/1.1" 200 2
111.202.101.81 - - [03/Dec/2023:14:02:11 -0500] "GET / HTTP/1.1" 200 319
201.245.192.253 - - [03/Dec/2023:14:02:25 -0500] "POST /forms/lservlet;jsessionid=ac16012b30d64ec0b0a9f85d4cd0acdf8f65235348eb.e3iSbxaKaheRe3eRa38MahaQbi1ynknvrkLOlQzNp65In0 HTTP/1.1" 200 2
201.245.192.253 - - [03/Dec/2023:14:02:40 -0500] "POST /forms/lservlet;jsessionid=ac16012b30d66bd79d5a81354b569b64ca0b03586396.e3iSbxaKaheRe3eRa38MahaQbi1ynknvrkLOlQzNp65In0 HTTP/1.1" 200 2
216.245.221.92 - - [03/Dec/2023:14:03:14 -0500] "HEAD / HTTP/1.1" 200 -
172.22.2.4 - - [03/Dec/2023:14:01:35 -0500] "HEAD /BLA/boletinlegal/ HTTP/1.1" 200 -
172.22.2.4 - - [03/Dec/2023:14:02:26 -0500] "GET /BLA/boletinlegal/ HTTP/1.1" 200 58644
201.245.192.253 - - [03/Dec/2023:14:04:25 -0500] "POST /forms/lservlet;jsessionid=ac16012b30d64ec0b0a9f85d4cd0acdf8f65235348eb.e3iSbxaKaheRe3eRa38MahaQbi1ynknvrkLOlQzNp65In0 HTTP/1.1" 200 2
201.245.192.253 - - [03/Dec/2023:14:04:35 -0500] "POST /kwsrmcab/Wsrmcab  HTTP/1.1" 200 41956
201.245.192.253 - - [03/Dec/2023:14:04:40 -0500] "POST /forms/lservlet;jsessionid=ac16012b30d66bd79d5a81354b569b64ca0b03586396.e3iSbxaKaheRe3eRa38MahaQbi1ynknvrkLOlQzNp65In0 HTTP/1.1" 200 2
52.167.144.195 - - [03/Dec/2023:14:04:52 -0500] "GET /BLA/resoluciones/AUTOS%202017/3043.pdf HTTP/1.1" 200 280769
216.244.66.246 - - [03/Dec/2023:14:05:10 -0500] "GET /mujeres-que-reverdecen-secretaria-de-ambiente-anuncia-el-inicio-de-la-tercera-fase.html HTTP/1.1" 200 954
186.80.52.180 - - [03/Dec/2023:14:06:16 -0500] "POST /sipse/faces/presentacion/financiero/solicitudProceso/listarSolicitudProceso.xhtml HTTP/1.1" 200 5031
186.80.52.180 - - [03/Dec/2023:14:06:19 -0500] "POST /sipse/faces/presentacion/financiero/solicitudProceso/listarSolicitudProceso.xhtml HTTP/1.1" 200 32429
201.245.192.253 - - [03/Dec/2023:14:06:25 -0500] "POST /forms/lservlet;jsessionid=ac16012b30d64ec0b0a9f85d4cd0acdf8f65235348eb.e3iSbxaKaheRe3eRa38MahaQbi1ynknvrkLOlQzNp65In0 HTTP/1.1" 200 2
201.245.192.253 - - [03/Dec/2023:14:06:40 -0500] "POST /forms/lservlet;jsessionid=ac16012b30d66bd79d5a81354b569b64ca0b03586396.e3iSbxaKaheRe3eRa38MahaQbi1ynknvrkLOlQzNp65In0 HTTP/1.1" 200 2
40.77.167.30 - - [03/Dec/2023:14:07:51 -0500] "GET /BLA/resoluciones/RESOLUCIONES%202023/2409.pdf HTTP/1.1" 200 318592
190.60.254.216 - - [03/Dec/2023:14:07:56 -0500] "POST /sipse/faces/presentacion/financiero/solicitudProceso/listarSolicitudProceso.xhtml HTTP/1.1" 200 5003
190.60.254.216 - - [03/Dec/2023:14:08:04 -0500] "POST /sipse/faces/presentacion/financiero/solicitudProceso/listarSolicitudProceso.xhtml HTTP/1.1" 200 32177
216.245.221.92 - - [03/Dec/2023:14:08:14 -0500] "HEAD / HTTP/1.1" 200 -
201.245.192.253 - - [03/Dec/2023:14:08:25 -0500] "POST /forms/lservlet;jsessionid=ac16012b30d64ec0b0a9f85d4cd0acdf8f65235348eb.e3iSbxaKaheRe3eRa38MahaQbi1ynknvrkLOlQzNp65In0 HTTP/1.1" 200 2
201.245.192.253 - - [03/Dec/2023:14:08:40 -0500] "POST /forms/lservlet;jsessionid=ac16012b30d66bd79d5a81354b569b64ca0b03586396.e3iSbxaKaheRe3eRa38MahaQbi1ynknvrkLOlQzNp65In0 HTTP/1.1" 200 2
52.167.144.231 - - [03/Dec/2023:14:08:45 -0500] "GET /BLA/resoluciones/AUTOS%202017/3246.pdf HTTP/1.1" 200 271176
172.22.2.4 - - [03/Dec/2023:14:07:25 -0500] "HEAD /BLA/boletinlegal/ HTTP/1.1" 200 -
40.77.167.235 - - [03/Dec/2023:14:09:16 -0500] "GET /BLA/resoluciones/RESOLUCIONES%202021/2199.pdf HTTP/1.1" 304 -
186.154.184.247 - - [03/Dec/2023:14:09:30 -0500] "GET /kwssiamovil/sm/acme/s?s=U2FsdGVkX1/72WYx/Rn+o+I5WX0LFNoveZ09nzhRVa4x4E3KikJX9k4D912emy303LTqu0PI/iFYFiyGgEbp0FAVorF2euo4KTtc4ULUMxoFr6p7R9jwYfO9qrCg68KIe6RKclDwNpe8fGGWU+psBnEVd6oDzFcWczbBUxxlu9xnYUCiKzNF3Q02qN2s4N/aWqjO09MkNvbzuRN21a9hDKLwsLVfmQSClHCWwNMYlRo92T82nEbq4keboYvFUCXVgErlI/fiLwiwVrHFxfxVgR+IsL2lh9HjCUmoWVkQGC/5TdvJvOqiT300M+D3BUVPvtwtXZl/yBR0B3A1YOkMrtkC1CHRUkeZ+DLlBsw/wXzFDuqZBrK3VPemIGxS427w&u=U2FsdGVkX184Y4LRaK2ldTQwICzlCpoRFgtm/f/25IhUyAB6ndTieO5pr3bH7WrP&y=U2FsdGVkX1/WC1lkhTsSYtYGJ2LMHFQaXXLmcnMIGxM3v8A3GlxoDKLZHpGIiiEf HTTP/1.1" 200 90
186.154.184.247 - - [03/Dec/2023:14:09:31 -0500] "OPTIONS /kwssiamovil/sm/setfile/f? HTTP/1.1" 200 13
186.154.184.247 - - [03/Dec/2023:14:09:31 -0500] "POST /kwssiamovil/sm/setfile/f? HTTP/1.1" 200 381
186.154.184.247 - - [03/Dec/2023:14:09:33 -0500] "OPTIONS /kwssiamovil/sm/setfile/f? HTTP/1.1" 200 13
186.154.184.247 - - [03/Dec/2023:14:09:33 -0500] "POST /kwssiamovil/sm/setfile/f? HTTP/1.1" 200 381
186.154.184.247 - - [03/Dec/2023:14:09:35 -0500] "OPTIONS /kwssiamovil/sm/setfile/f? HTTP/1.1" 200 13
186.154.184.247 - - [03/Dec/2023:14:09:35 -0500] "POST /kwssiamovil/sm/setfile/f? HTTP/1.1" 200 381
186.154.184.247 - - [03/Dec/2023:14:09:35 -0500] "GET /kwssiamovil/sm/acme/s?s=U2FsdGVkX1/YSEeibtElkqV2dC+yXVjKDLIY8wp6eH1mokgZqjbdDohMZ48bhx1hfmnlV0mNw3k6vs6YRBRVdhSE2yueLlt+csWcf+GfxSztOF40m2EjasghMBdlLRs0j5dXnn6UGojUnDSlFHgL7mn2ddNa38LKdaNq/s0a7H3lTzRHBWovnZrX0I9ST596rHmcV6k30QPRp/LJCMDJ7Z7f/L4LeAMMok0v2cdN2uuizsin6OjVPaSHqkCx45hNQkFrk2yS90aWcsTpvylSCqKE79k9dqqCJWlmAac+4CEUxPDIe+REOQTqzCwBHgO9rKzZFJw9tO4AAYXooGHFVs/dhjKPRIDXcHjwhbb4k6eEgsGoYJqMMdWPFn0pB3lx&u=U2FsdGVkX184Y4LRaK2ldTQwICzlCpoRFgtm/f/25IhUyAB6ndTieO5pr3bH7WrP&y=U2FsdGVkX1/WC1lkhTsSYtYGJ2LMHFQaXXLmcnMIGxM3v8A3GlxoDKLZHpGIiiEf HTTP/1.1" 200 90
201.245.192.253 - - [03/Dec/2023:14:09:34 -0500] "POST /kwsrmcab/Wsrmcab  HTTP/1.1" 200 41956
186.154.184.247 - - [03/Dec/2023:14:09:43 -0500] "GET /kwssiamovil/sm/acme/a?s=U2FsdGVkX1+LWlsky+A5FyuUORehmCYoX7QFrhDXhGM3cfhD8Xs+D1258Mtear10FS7S/129XZdcbMe6dAdXdkFmIBcJ+hU6pUiOkJh0noF5m5ilQCvOv1ZTpqfhQ/AfTEuNhpIG9dVlyBQxfr9og3P5ZJPzvr8PqfvLigLgfgab52oO+4m8DNIh2J3ddtuBK+tdGoRsRH85owE1VLOeS7efM29nFUZcHd0wHjqkMNiSbTwORZf+264tTO6yG1+om7W/0OYR59P+xm70Cr4ZDw==&u=U2FsdGVkX184Y4LRaK2ldTQwICzlCpoRFgtm/f/25IhUyAB6ndTieO5pr3bH7WrP&y=U2FsdGVkX1/WC1lkhTsSYtYGJ2LMHFQaXXLmcnMIGxM3v8A3GlxoDKLZHpGIiiEf HTTP/1.1" 200 26
186.154.184.247 - - [03/Dec/2023:14:09:44 -0500] "GET /kwssiamovil/sm/acme/u?s=U2FsdGVkX18f6pv4RdgBVLNPJVsigDu+RU79SlYdxx0hT+8Ii7G5nSOCv2QP2JQZBqHMIqhf+7uwXpJYwTWENaqmV5u7IbSKAMtsHrcq+P0OQ6WJ3hvZHAlowDeBu5bsx1V/yQD/CT8rPNGGyHBpj510EEv00EInvtqqzG/92hGxT7OfK6tPH2PO2M9fsnUYpfcLKgNAajR4Ft9UWTqLkmhnQbfIY1M4KZA/pUk0xo32XS8eVIcFLsxLVvBBI1MA3xIMQbqPnwR5DBDzLqGipfM1wUWDvmzi4MPiC3J/bbocYF5SGQaJzNcFrTVY1F74JR6Zb/S7K9VI5aGulmEICfRY+VaPKTflEVxwTK884TCmuaNvjGOibPQVaNqYJDGCCqcOL/ojHR2sw0kXJLEWxRCA6jxFhQIvDCzZym0mKRXwHOSNRyRVhkd8DD9uVcsPtbTj9t5NLvEWFJ70HT59xyxwPz5AnFYzrB2mWknOsKBgu92gkjBuzlWZQGREILSKs/Kct6tvZgO6V+59eHzMlM4yedaI7enGWUPs1hIne8aPZBch9ao5gtOZam7EBLZ/xf5ORQOxuQhJOwhrnlHIytWPi0fLeN2Dl68AHvKd8WpehlD1x8/SN/j8DZnGX6lQk3cw5Ea9IR9aeMCT2OABeZBF2piZMUxrEcm9sEkz4snjB3gatDIxL1CGRgh7vMgQMGqnKW+Fmnk8vXl55rrnuNI1E9G8gA1HwfdoBs4ByxWY+e46LmlzV0n6MjjRGUmAzesxQEqAjCDNXaOVqUplhZPnQteXnypDWEocMstHHcPZ40WH4KZBjyf0Bb70Vl6ie0GWC/rbMigJwF5QuP/0A4/k8EO+o7WRGYDLAD2La+5gGFjdGWuojfUTN2r5VNO4VNAHK6Nx3e8y7RDCoEoUMnocg+pGiEQUeVwwkpXWDe0Dn+8zQM04zogTj5YVlVxPvusxuEixQlwy8Lu+PuiWRO/+4sRYFsAoisD4OYaOyIFKxp9NAFAIhRwwfkxMBOPtoxt4ffn0NyVnyRbW6G5jtBeKwXnyUTgun0JDZxE9FJHc8+67IAQL0IxPLiuIIUPg8RfPMZ84yRxlaZC8ORJpo5eyv59wNZFlA47i0MAelYD0RmH5DGBuVA3r6jzOBM4IRZH4GRxlk/7X4rFVuKYy53VMB8vz66m+iXTeXQdlUMg2PN0UH1EeRiahJb4vkCMoPrG77aCUePUKwjessEdajKQJe9zzCBdT8Czf9rnFCZ80UYURh6pCJJtrNjrqrdIVMvJfJl2Dxe2mFGh76oaPIxVMJTQ6bWLszmlbowDbINBTnfzxONtOQQS55eiCCdxr2BaZh46MygxUHz8GvS8yLLAqJUyyz3u5X33iJY1vpXMkXSqnCY38oW3wSYd6xMZNiu6m2mExcYJYdbKdaqDq33oozlSzy9tZ79WujQqqcd8CStAr5IkknmLu9HBJ8Ev4uIO7uYNqeYffALw1czF8Au+20qYZnhXYB5TQ04N210Wi/pVTX3SWN4gVxvMp3p/fqXo4J8jjtosLkfygLXo6GgcVaeJdIl5ZEJR7wk0wP7/e8vDYDPIIwoxXPQCgfuxWGR1L5ccPK69QUiQP472Y8tzFg7pIT5KmTRnJo1mrXfbdvznC6cwfV64N+ESrr+k+Z+P8V23i6keK38si6d+IZbhKqd9akg/AVkRRr2bAcQJWGr1pHmE5uK5XWLjvveqKq8Y7O/1+dhXqfweNZbCaxfQLQWPfpqv5XJr1QO5a5c0/b2U5G7eZhaC9GLQF7s1t42W+QRoC6uRENfJAZ+AGl7gOBUxGxqjFKDBvPVp9gZ3jC9/rR56WyMU7LjlsY2aNBCnUHGdPT4RV757I5n08ZjGTaLx+wlf6CZDZjs87ynd3qnhTvxqkOxEO3gEt45hE/lEjl49F3f9Z6/S3zzmaZDz7e+sHs1E2u1LSdXreMZEluuuU5AvDNVZhw8RjZE8Yqe2sYT1yUnBuf0gbLbUvKwP/xNllp6KRmizeFbm/np4Y2mTZkDOXtZMJ55pza64zA1MBNprD11sd/YfmIJ9PXbZAUq3S0AmAS8UfAjhih1SudaEfnsjsyUsH3HS4sUESIT3jKJtRuEJV1lXsd9+KX0dCWZgyCx6ge0DUu89n7EqPxc+Zhb5Synbm7Mi7FjuDPs5ynbZenggHy7M5MzBSDGKwGJ0lt8t412Frn49Kno/oog8gKhzTixaOUPZbcasDIFbZj6AZ9VGNNsc1XepJa3AsJPv4d3dMnQLNwkoAJ0z2pqzVAOmC6/83YUro+qaDo+EUvYMT6FTQ9dj7fH1oTA==&u=U2FsdGVkX184Y4LRaK2ldTQwICzlCpoRFgtm/f/25IhUyAB6ndTieO5pr3bH7WrP&y=U2FsdGVkX1/WC1lkhTsSYtYGJ2LMHFQaXXLmcnMIGxM3v8A3GlxoDKLZHpGIiiEf HTTP/1.1" 200 60
186.154.184.247 - - [03/Dec/2023:14:09:44 -0500] "GET /kwssiamovil/sm/acme/a?s=U2FsdGVkX1/tdrEa+aKCi/Cp8JOK7paQgpv26t59ikl5H9Pl9mguyZHK3Gj7EYYsiy00rCuYM5N57vRPCQ1DdWZETOqhCoVp1nkmr8DR1pOyhI+IeVA7JyK2huEUJleOjIk2xCUVqvUuhaZ+Rb8Ho5uwMgAa/edyvcfyGDd5v7Qb4HeG7i0xdNuqJQ4qtPrE6rQaKJ2bt4sBIVe8qo7zJMLe21XgDS0MhXLt899WmFjNkiHmTbUbYS6Kply7H4v+9ZuZlowaMj+xi71ah2NzWsXf2m+zWhUFNEyX3KMZCV/WNQwlAOEcK0yjwfzUIiFf08911KZT/y+OoLxA0TmDOQ==&u=U2FsdGVkX184Y4LRaK2ldTQwICzlCpoRFgtm/f/25IhUyAB6ndTieO5pr3bH7WrP&y=U2FsdGVkX1/WC1lkhTsSYtYGJ2LMHFQaXXLmcnMIGxM3v8A3GlxoDKLZHpGIiiEf HTTP/1.1" 200 25
186.154.184.247 - - [03/Dec/2023:14:09:45 -0500] "GET /kwssiamovil/sm/acme/a?s=U2FsdGVkX180VXoFzJFoCZi7sRCFsPsRRw7+JYRiN5hrwoAh/KH0dyumoTGtNdKT+P8kv+EXndo0syRox2Rt2lDbeKQjpffxyYmRw86RtXarEIjo3nNf+AP+a6FxNSha0iK/ErDxwnYyBJ3i2AkeO07XjMHbv9xKI3hHkioUFFJc/KqcngkwbYe/kO29/UpHY+85erdNvsSBCLnM8S2rqT11fQVcSK3akb6rNz/eqyWJQtaFICC08IXIMvJV63aB&u=U2FsdGVkX184Y4LRaK2ldTQwICzlCpoRFgtm/f/25IhUyAB6ndTieO5pr3bH7WrP&y=U2FsdGVkX1/WC1lkhTsSYtYGJ2LMHFQaXXLmcnMIGxM3v8A3GlxoDKLZHpGIiiEf HTTP/1.1" 200 25
186.154.184.247 - - [03/Dec/2023:14:09:45 -0500] "GET /kwssiamovil/sm/acme/a?s=U2FsdGVkX18XsjhzwRzleDVMdBh9xVpC4QW8hetLbLwJBms0WbSbRiTHInT2Lqh+mrlS4dTyxJF+vlnqM6GrRqLcBIDmkk/t/e6Sm6ckJBXBnj6thbxEYcZlIYN0j1FUhY0Txm33jjseL29+YP0XyldzswUdmY1jIp591VfwoGU=&u=U2FsdGVkX184Y4LRaK2ldTQwICzlCpoRFgtm/f/25IhUyAB6ndTieO5pr3bH7WrP&y=U2FsdGVkX1/WC1lkhTsSYtYGJ2LMHFQaXXLmcnMIGxM3v8A3GlxoDKLZHpGIiiEf HTTP/1.1" 200 25
186.154.184.247 - - [03/Dec/2023:14:09:45 -0500] "GET /kwssiamovil/sm/acme/a?s=U2FsdGVkX1/8n5/yLg1F4MtfDejciZpKw4pZk2IUvJ+sZwtFRM5f0NSWr0pt7alElMMeSgH/Ve9DpoO1IO7hQ/wD3PN5ZMqnjqVw58Cc43KJLwb/N+niKGReB+Pzkl/BNKm4qwF7Bjtr+VWrR7JaAoEYhp4bGmxCMAWAps0yqm0=&u=U2FsdGVkX184Y4LRaK2ldTQwICzlCpoRFgtm/f/25IhUyAB6ndTieO5pr3bH7WrP&y=U2FsdGVkX1/WC1lkhTsSYtYGJ2LMHFQaXXLmcnMIGxM3v8A3GlxoDKLZHpGIiiEf HTTP/1.1" 200 26
186.154.184.247 - - [03/Dec/2023:14:09:45 -0500] "GET /kwssiamovil/sm/acme/a?s=U2FsdGVkX1/zCOuA1oboNGiWhOWyBv48cPupguOy7BBcedp13kgzIJtNBg61DbZHbhaG/8doikRlale5lbTqd7ylokW8HCH6ZaWkdAwIKSm0qyqJ36jCdQRWAZ6u1uRaowZI4ZsGDl+S/iZAdjd+vIZOAJAdX2N9jT01lLOq6VzzEmamOkf9mGrkrFR7LoLL+HRwvfixlqaemKvJcMMIs8ZPoC7atUonEmH2wcu3FwCzkMFymXQqIJeHbfPtKHN9&u=U2FsdGVkX184Y4LRaK2ldTQwICzlCpoRFgtm/f/25IhUyAB6ndTieO5pr3bH7WrP&y=U2FsdGVkX1/WC1lkhTsSYtYGJ2LMHFQaXXLmcnMIGxM3v8A3GlxoDKLZHpGIiiEf HTTP/1.1" 200 25
186.154.184.247 - - [03/Dec/2023:14:09:46 -0500] "GET /kwssiamovil/sm/acme/a?s=U2FsdGVkX1/uhqfgpIoYjem759vDU0izCb16qM6tsV8LbYVRfRv56aDcu47nv36KgXZ4y48oNCo++XHrsqfLN3JOXpmVFhQr8WXZZ2gMBiXC5CHbMqN9JoqXT7rNnUMaHn7wTY2IoDf3lW4FtuIsCXgup3dl5uSVzvYErYaAG3+TVt7oyGbTQt8NyMtgBpVaSNiXUMgQrLNv0I+Z/fdlnQ==&u=U2FsdGVkX184Y4LRaK2ldTQwICzlCpoRFgtm/f/25IhUyAB6ndTieO5pr3bH7WrP&y=U2FsdGVkX1/WC1lkhTsSYtYGJ2LMHFQaXXLmcnMIGxM3v8A3GlxoDKLZHpGIiiEf HTTP/1.1" 200 24
186.154.184.247 - - [03/Dec/2023:14:09:46 -0500] "GET /kwssiamovil/sm/acme/a?s=U2FsdGVkX1/Flbtq52lvTNzafZoQYZ5BlBpio1Tt2Oon6C6hWKpqsVMGea6znxLaWnUWPmEM3pAJwkeCPWfiGm1ILZhBLDrRYSH/XpXwJQgVe9IG0GZCUeSiaH+KblumJbOZPJzdVYUQ5gmV7Iz9xnmUGPQqg3g2DsC2F/PQ9k/hp2jufwVGRsHJntvjJuT3DXoGtr9g5O4JqHqRDYFG0w==&u=U2FsdGVkX184Y4LRaK2ldTQwICzlCpoRFgtm/f/25IhUyAB6ndTieO5pr3bH7WrP&y=U2FsdGVkX1/WC1lkhTsSYtYGJ2LMHFQaXXLmcnMIGxM3v8A3GlxoDKLZHpGIiiEf HTTP/1.1" 200 24
186.154.184.247 - - [03/Dec/2023:14:09:46 -0500] "GET /kwssiamovil/sm/acme/a?s=U2FsdGVkX19x7wNLIL9p8IafXwajqijbXtj2iOBQ3FSWXrFHiyU9m3nsa3bpjtI9vfr9e+xUpZFLM9Rp9T/+BPQJCimJxha1ZAgEwdiOhgqHSTst2f6iOfx9iz9CI2lZ3arrG3m9vi9DnEuLpSe+tj3Vvrnl0WBK2lmJgjgsh2+OGrVsvt2PQUUqAQYnDi/B10VpginjA32fs1CEy5I/7U9ZAaoUBh1YINAdoZefpasVt8LNyGcaKq+D0h9XbgsuBNX2FBMg/zhhEjI/Njw0TpfxA/Y5XKjZNC6Qroi173UwUSCoaIWlMAOOTlMD4WT5bZnDVbbjbPmqutPbSPWsxarET6x6Dq1NPGrWtcD2YVK2DJiptuu+fxCOD3pv+PfyX+NkBEXDBCLs0LGQvk2vz7Oi6Vvc++wTNq9p0cm1cTOZt9XCA9yg955fzPkq28M4GotRfNDJOzr1QpYQ3AAZLQ==&u=U2FsdGVkX184Y4LRaK2ldTQwICzlCpoRFgtm/f/25IhUyAB6ndTieO5pr3bH7WrP&y=U2FsdGVkX1/WC1lkhTsSYtYGJ2LMHFQaXXLmcnMIGxM3v8A3GlxoDKLZHpGIiiEf HTTP/1.1" 200 24
186.154.184.247 - - [03/Dec/2023:14:09:46 -0500] "GET /kwssiamovil/sm/acme/a?s=U2FsdGVkX18cUX07ha658MeII4I1/6l+zvgfyIyB/x5eb/UgbfRMxaMIgZS0lRyAVTQ/V2fakDNZfw1ohspX/2a596ttrM7Pa2vbmpfe5X+gVCx6XSd5hfbPpgqbLLCah24cbiNdAemfi6eAKOcSkOPDk45ab10jtXfOrL6RjOX/W86EfzCDiTdYZDcE6jc8&u=U2FsdGVkX184Y4LRaK2ldTQwICzlCpoRFgtm/f/25IhUyAB6ndTieO5pr3bH7WrP&y=U2FsdGVkX1/WC1lkhTsSYtYGJ2LMHFQaXXLmcnMIGxM3v8A3GlxoDKLZHpGIiiEf HTTP/1.1" 200 26
186.154.184.247 - - [03/Dec/2023:14:09:47 -0500] "GET /kwssiamovil/sm/acme/a?s=U2FsdGVkX1933HcNMKzppwqs6s/nroJO/l3QFCIlrj90LX8R53K3CR9bdhRFztpEb3/pX1jKbF/hupU1TPRhk8zfGQ7fjnhOrFof2pfrYDvQqDdBTcyN/USOGGaUVDg7rodz77DEuLQqE/sHYnH3mGct9D3Vb3jpX/PGb2I3nec4bROrZKabNZMjDFSK6cO/hw2Zvd3VM+/s4lRI9jQE+OSeoBaJAbYlTxjHVlPXq9gfEeexPuloIzihLGTqmxvcsbuHH1nabnT5oYIqcmZhVJc1X58rUSRoGxR5xNBKZp6F4CU6M8aZu9gPgSlMWOEQz5Y2WO77Pp/fYVbG5iUi9RsLnVdNo0ANqlAu9Y0fqg5pmtQFUAurr9773glQNvkqMnxUzEgaHsnA0G9NxuOUGN6YwcCDND9kEYYE7FQ6TAUDOBBctBMPIiUDEw3wTy4y&u=U2FsdGVkX184Y4LRaK2ldTQwICzlCpoRFgtm/f/25IhUyAB6ndTieO5pr3bH7WrP&y=U2FsdGVkX1/WC1lkhTsSYtYGJ2LMHFQaXXLmcnMIGxM3v8A3GlxoDKLZHpGIiiEf HTTP/1.1" 200 25
186.154.184.247 - - [03/Dec/2023:14:09:47 -0500] "GET /kwssiamovil/sm/acme/a?s=U2FsdGVkX19Garkwfwwe/qACMcLRQ7TGhmiCb4IigWjRMwRFIfycq43mJAYT99IAau5+eIHhgsuQLUsXYO1v8IyBiHs6RQG/utwMVll5RloaEdV0A/yzKccYHzmcFS9V7r83atFyIisZn+ulBMn8kYP/duCLMwk08NHPjXlwGVLdcEceipaExz5J7Uh5nafiAnEgI5FuZYSRolcj6vUJkg==&u=U2FsdGVkX184Y4LRaK2ldTQwICzlCpoRFgtm/f/25IhUyAB6ndTieO5pr3bH7WrP&y=U2FsdGVkX1/WC1lkhTsSYtYGJ2LMHFQaXXLmcnMIGxM3v8A3GlxoDKLZHpGIiiEf HTTP/1.1" 200 24
186.154.184.247 - - [03/Dec/2023:14:09:47 -0500] "GET /kwssiamovil/sm/acme/a?s=U2FsdGVkX19BfrX39vLlV7ecE5R549cZRgkJZSXWrIpxZEGZU4HM1RYc6HiD77dPxeJpaIXD1hDLAdGpJmRVfcPpoLw1R2Mc+Rc8MRtyb89dvSmhsLhowtP0Jbo+j2HqkNTacerKbSGFUv++0eiDSLU4vwcTByKxqfV2cTi4fQCm5V3M8xw/8fNsgdlD13YE&u=U2FsdGVkX184Y4LRaK2ldTQwICzlCpoRFgtm/f/25IhUyAB6ndTieO5pr3bH7WrP&y=U2FsdGVkX1/WC1lkhTsSYtYGJ2LMHFQaXXLmcnMIGxM3v8A3GlxoDKLZHpGIiiEf HTTP/1.1" 200 26
172.22.2.4 - - [03/Dec/2023:14:08:16 -0500] "GET /BLA/boletinlegal/ HTTP/1.1" 200 58294
201.245.192.253 - - [03/Dec/2023:14:10:25 -0500] "POST /forms/lservlet;jsessionid=ac16012b30d64ec0b0a9f85d4cd0acdf8f65235348eb.e3iSbxaKaheRe3eRa38MahaQbi1ynknvrkLOlQzNp65In0 HTTP/1.1" 200 2
201.245.192.253 - - [03/Dec/2023:14:10:40 -0500] "POST /forms/lservlet;jsessionid=ac16012b30d66bd79d5a81354b569b64ca0b03586396.e3iSbxaKaheRe3eRa38MahaQbi1ynknvrkLOlQzNp65In0 HTTP/1.1" 200 2
52.167.144.231 - - [03/Dec/2023:14:11:56 -0500] "GET /BLA/resoluciones/AUTOS%202022/1023.pdf HTTP/1.1" 304 -
201.245.192.253 - - [03/Dec/2023:14:12:25 -0500] "POST /forms/lservlet;jsessionid=ac16012b30d64ec0b0a9f85d4cd0acdf8f65235348eb.e3iSbxaKaheRe3eRa38MahaQbi1ynknvrkLOlQzNp65In0 HTTP/1.1" 200 2
201.245.192.253 - - [03/Dec/2023:14:12:40 -0500] "POST /forms/lservlet;jsessionid=ac16012b30d66bd79d5a81354b569b64ca0b03586396.e3iSbxaKaheRe3eRa38MahaQbi1ynknvrkLOlQzNp65In0 HTTP/1.1" 200 2
216.245.221.92 - - [03/Dec/2023:14:13:14 -0500] "HEAD / HTTP/1.1" 200 -
201.245.192.253 - - [03/Dec/2023:14:14:25 -0500] "POST /forms/lservlet;jsessionid=ac16012b30d64ec0b0a9f85d4cd0acdf8f65235348eb.e3iSbxaKaheRe3eRa38MahaQbi1ynknvrkLOlQzNp65In0 HTTP/1.1" 200 2
201.245.192.253 - - [03/Dec/2023:14:14:34 -0500] "POST /kwsrmcab/Wsrmcab  HTTP/1.1" 200 41956
201.245.192.253 - - [03/Dec/2023:14:14:40 -0500] "POST /forms/lservlet;jsessionid=ac16012b30d66bd79d5a81354b569b64ca0b03586396.e3iSbxaKaheRe3eRa38MahaQbi1ynknvrkLOlQzNp65In0 HTTP/1.1" 200 2
172.22.2.4 - - [03/Dec/2023:14:13:16 -0500] "HEAD /BLA/boletinlegal/ HTTP/1.1" 200 -
172.22.2.4 - - [03/Dec/2023:14:14:07 -0500] "GET /BLA/boletinlegal/ HTTP/1.1" 200 60634
40.77.167.235 - - [03/Dec/2023:14:15:48 -0500] "GET /BLA/resoluciones/AUTOS%202023/2453.pdf HTTP/1.1" 200 330743
186.154.184.247 - - [03/Dec/2023:14:16:16 -0500] "GET /kwssiamovil/sm/acme/s?s=U2FsdGVkX180tLXOnXM4ve/D+knwZrpdJ4Un7qzDlx1CgD4ENxLgmdg9n11cZDk4+3v20lHq94a6h94LxiGZQqCmfCDGl8Ftmr0f1ugquizZ1l48aPQbpymesNdO9d+MYYF0q/des8qgSVER7Cp3VtjMzBkDtQ30FRi5HCJ985N6gKbHod046Ny2EwkoYrH5pRidw1GC31xIsLdAp05ZsPo6yHqNsBcRJlGj2ZFe5LQHdf2OGe4woBq4ejo+B+m2RrHpPsbAqO68PFWVt3ImRpyjmtMwQ3tZMLGPiiljm5ZNRAQ9hLqjZEn2IprNfrGvj/xPOhtTNt/2ZbJewg5AtOr4A+PDMOeSCOUs3oRun3V7D1aTjFW0MrDJBhZjfh57&u=U2FsdGVkX184Y4LRaK2ldTQwICzlCpoRFgtm/f/25IhUyAB6ndTieO5pr3bH7WrP&y=U2FsdGVkX1/WC1lkhTsSYtYGJ2LMHFQaXXLmcnMIGxM3v8A3GlxoDKLZHpGIiiEf HTTP/1.1" 200 90
186.154.184.247 - - [03/Dec/2023:14:16:17 -0500] "OPTIONS /kwssiamovil/sm/setfile/f? HTTP/1.1" 200 13
186.154.184.247 - - [03/Dec/2023:14:16:17 -0500] "POST /kwssiamovil/sm/setfile/f? HTTP/1.1" 200 381
186.154.184.247 - - [03/Dec/2023:14:16:19 -0500] "OPTIONS /kwssiamovil/sm/setfile/f? HTTP/1.1" 200 13
186.154.184.247 - - [03/Dec/2023:14:16:19 -0500] "POST /kwssiamovil/sm/setfile/f? HTTP/1.1" 200 381
186.154.184.247 - - [03/Dec/2023:14:16:20 -0500] "GET /kwssiamovil/sm/acme/s?s=U2FsdGVkX1/2l5uNaYuSrOECg1P9lraBF809u/csF0HTK/3Sf56YZlpV9vYRuV7z9mYZmCfe6F1EuMWNIlMNXU14nf3UF5buZqYEJcSz24RPwwuQCMuCM4H7AFCeV6+iGUR3j4Pqx1/jQJXRrzeN8Oo4OjWahhsirYTjUk6Di61Y+YG2rFlhZMHhPJGmJmFOk/0m38DgsZIoKZ5juYtLAyrSjVjnXeRAu0Rqro51iYtRECL1a4fI6gUdS3Tj6s2GFXdOnATRuxnQLgfyA20AP+7c8wxv6Ze1Ir9DVWJclDVLGY6ZBFAiX/giPEOKA5gwGNy0ICl9ZTNTttRJgOPm7jU6gRewDQj5QZLEcnL+P5BOYnNF7fBgdPz8NgK02/Wv&u=U2FsdGVkX184Y4LRaK2ldTQwICzlCpoRFgtm/f/25IhUyAB6ndTieO5pr3bH7WrP&y=U2FsdGVkX1/WC1lkhTsSYtYGJ2LMHFQaXXLmcnMIGxM3v8A3GlxoDKLZHpGIiiEf HTTP/1.1" 200 90
201.245.192.253 - - [03/Dec/2023:14:16:25 -0500] "POST /forms/lservlet;jsessionid=ac16012b30d64ec0b0a9f85d4cd0acdf8f65235348eb.e3iSbxaKaheRe3eRa38MahaQbi1ynknvrkLOlQzNp65In0 HTTP/1.1" 200 2
186.154.184.247 - - [03/Dec/2023:14:16:27 -0500] "GET /kwssiamovil/sm/acme/a?s=U2FsdGVkX1+qz19yGAFf8SCVj1HDr578bT6TEsHVqrAoZsIeuyfTk0hKIcBwlBpA43bdNkePwo+5j70R7wViy7VIJmfwkPG7k2KMcCY7e/awUR3hDZzCa6R1oGtQ4VIrI4kHOGkO7h5y++aEqkfLnUS8/qKcNnCrBcrHVxAdjPAmX/mrijkI+Jcl8GyLbxlnGNXGs/BGZNd+I3uV4JOt/A063fS8dTL1QN+xoUIeuzVlPb3b2w/uMfgWZKOFPnDquAcGR5C23yCxg67LfWDZWQ==&u=U2FsdGVkX184Y4LRaK2ldTQwICzlCpoRFgtm/f/25IhUyAB6ndTieO5pr3bH7WrP&y=U2FsdGVkX1/WC1lkhTsSYtYGJ2LMHFQaXXLmcnMIGxM3v8A3GlxoDKLZHpGIiiEf HTTP/1.1" 200 26
186.154.184.247 - - [03/Dec/2023:14:16:28 -0500] "GET /kwssiamovil/sm/acme/u?s=U2FsdGVkX1913+UxmZURaQVYdqLAIVm66R6jrRJmSvLJwZusVzTEBGVctutsB+aIfSkaByXZF8rXlIbd+jrv2JCLXtaa6+7pLrCmhRk+be1wqeySPAFJAw4Or37Ocf1ug/YZvvGvo/rlYvR+NEBlU1EOZ33sd+4iAaxw/HXA0FrgBVwMnqzVExGGLQXYMlAvmp3HdsmuyXtEWnuoKtVgLTBYeZ/ZszlkcoeFif0FikCyHdPeYv0XDY6/eh6TWBhzhf070TyRzQRx01cAK+ItRf5NZhoFWvHyReZII4hcFkfTFqo/I2hvLRqlKNRTEFVd4rSFyms2BhCdvq/c+3UBtHtarFlhyl8URoK/v9TwaZNNuqUp2CYcYBHPQKoaN1jUASsZBrvCA39jDgZvTKiW/lKNjctg3i4s+6wU9hix69vf98ylKCJFSvWPkWUtUSBGnWYE0NibqVb4loEF+0bO89t75flWZRyHpbSPLMMLtFRWti+rIb/V6Wfod2Prh4E67pjVrjJU8dUYAJMoXMttZdrZIwUUrfVarYTNFDhpWQM2V+Uvs8DuCD5PJb06bGy6Nw6P7wRjBQNW5H6RfNkS+SV3eds4KueuXjEnAwlaaphlHJBdQh6iJI7PDmkUNEs6P5yq+/0oocKLLLoABGuHsWbN3+kRAg7tTYgFb31jp3SLe/zRX9lT1/mf2wC1o9K06hOidjuYlQMKx4Yz6r/H8GcgjzexEYFaKazRyq3FBDOss0j/LeoR2PTNyYt1cVTsb4FhqnB8nwAHVLCiDM0r1rgVhibAeavrWhER38sr3eB3M/m96jP90LzEko9x0Q5BGNNt/Jx5npIVPfCS9I7eMBvbPFKM6PiRygy8ffThLSMnRv0YqsT3HowjuAQrNJSNXE9VjWQ2EakRSxezCKeAh3WNzJ+7bBV7KcT5ITH95GPCsE/WANgt+wSeowjQ2DWEQSdMRsybKPhxGr33ZaCh2td+YLD+tpOWJ9ETjH0LuUCfB70l10nAkiaME6RolmN4xodTBFjptjGZQDneJTqDGq3QOwhseWHmsfHccypXi6jxKlIN+i+FwFJ3L7Pqzb0PMQEYxsvT3Wk+SntSH3PQ/v9KbFJTaNzjx/1ZRyu3qtDEOz4VamYyjJH2XVLtA3t42ALBilUi+LzkIcEeu31nRsxXNtaXq1FTxe6AdJ0EaUFK588s09FB9h1SKnLRLnftLcwiO6r8CMPF2MGnne7lf0wvsIiE6LxLSJORugNUsORRr3hyyNwCrV2ho/a813l4yoVYWFZR2+lQwlJxeueTMp+R5+OOsjQ7mLTLYMlGN+j18UrLNwwJBUbxO7dTLIg/PvDm7LfLcglocS1uSFh82kQU8SzCno2O1IN5Vm6l08ddou9/h1iT3iXqRYsqjo52HmDYah/YaRNcbKToWKeldJTJphkD7UZrt56kXwLYKn+lXHmOzHHTsJnoWjjHSF82I1yyiNe90Ivei5jJdCtLdDUfPOIFu7cOe1DK1QPrBaaYc265vW0bIUR0VLxCycMArDkKPMTBT0m/gdU9zd29Hfzlvv3/ZR7ToDIkC0gMJryr1YbxsNvh1U92Fy0oqiYz7/sSkDxJ+yp5T2t2XM55zeUYYxFYeGybPdHfXJp4FZ/5k2laKF8fyQyM7odWZi56dJtWL1BJ1BPt5+vEidmO0+LuPu/LiOjBOFMXrqG4o0zGuBWCnhHmUmwQiffP1O1ekRCwpihU6Op5VAxhzETauxcqQPtZkRaHI+7EO9hsEEXrUymMFgoBFGUVK3nlU3KVNmvTf2/clzgJFrbo+g/SBLvhRULLL5uznjZl7bToKGPktWi17lgAtZpE4opqDByuj+2dn9VCTDHxacMkMJEKoKH8Gj/ppSRjO6LfLyQbTyRqyh+oiHVyjbUjDBy5rOH6MleXrLklrT4E4dK7ORCoipa/Jpc1eYua3YFpEW0j35w/kFHab0Bje4vII3L5h1UlTlg5FGioh4l7dF4GMZhiIl1jz25JdIvNkbQFYbFzG4u0hvP7CUsXFy6WKc4k00tJlsMj9PPwRflanmBZHwhj+nfQoKmbdHuKmISlAcbqKzbnHR4NjxrXZArBMpkR7XLOGGqsesQNGZZd0O+mJmXCZ1HwKHStCzDPKXypcoR2HIuvHI4OQCrtY7rhPsUKLqCNNrj0/zzX6JBYRK8dtc/XWVQiXotH4XJQTh7ja6vQg+OdcInUGHHv5zEyJD+X0XSc/oj5kA1F4o2RH2UAhHx0uk14w35fOp2JlCx1+24me6dbB5H4TZgBpjziNAJg8q6b&u=U2FsdGVkX184Y4LRaK2ldTQwICzlCpoRFgtm/f/25IhUyAB6ndTieO5pr3bH7WrP&y=U2FsdGVkX1/WC1lkhTsSYtYGJ2LMHFQaXXLmcnMIGxM3v8A3GlxoDKLZHpGIiiEf HTTP/1.1" 200 60
186.154.184.247 - - [03/Dec/2023:14:16:28 -0500] "GET /kwssiamovil/sm/acme/a?s=U2FsdGVkX19qJKNMfTy6E4ITtGmEdtahsjWqVOXp+OYSdRVxeivrqqAALFHuna8adCmHf38mg5mMEr4c44sGb8pi5Ra2NpIr8fXsjuSjYx/87Sc4K8b/yHIkeIslAIeiOHN9/s8E9meeSphUEj3T838Pf1AdQuR1/0kcrooIt8gYTCD9O+dOJ3hKTZq0AtVMcfbGMabDCQbrYPV8Jvm0NsElgfXTK8HDhdj4nZ5mf9KTu5DMMcLJut/gnxSf8UA7cXi+NCTqZR2jDlsXLreOTfylCteoU/R9bkUV3Q0p6gR8yf75SckmSlcvvllFJEzt0VB6NpPXkBC9QmbwCdUKIA==&u=U2FsdGVkX184Y4LRaK2ldTQwICzlCpoRFgtm/f/25IhUyAB6ndTieO5pr3bH7WrP&y=U2FsdGVkX1/WC1lkhTsSYtYGJ2LMHFQaXXLmcnMIGxM3v8A3GlxoDKLZHpGIiiEf HTTP/1.1" 200 25
186.154.184.247 - - [03/Dec/2023:14:16:28 -0500] "GET /kwssiamovil/sm/acme/a?s=U2FsdGVkX1++TUKXZzUOIKaxodJlItUgJfqnKHHVJr95KRitobLxrZjN1ywDS7aV/IyozDNxChfd7FpjWuapYHL/E9HEs34mjTahNqC+tckus1NVtdIDkFZqfneR204UJ1lLP53wBGmqm1dpihNKGWI7f7vI84JRleRmgwZ8mn8+VY40iAZqRuMZTpMhqga9F0y43oZ0q5b/IoHvvjmc/SBjmOhC0yIkkbamg/dtGDK77f9A6hS9ZVF6yCPZFOlD&u=U2FsdGVkX184Y4LRaK2ldTQwICzlCpoRFgtm/f/25IhUyAB6ndTieO5pr3bH7WrP&y=U2FsdGVkX1/WC1lkhTsSYtYGJ2LMHFQaXXLmcnMIGxM3v8A3GlxoDKLZHpGIiiEf HTTP/1.1" 200 25
186.154.184.247 - - [03/Dec/2023:14:16:29 -0500] "GET /kwssiamovil/sm/acme/a?s=U2FsdGVkX1+TIWeBzToDiPkts0mOFyh/ut4UvwixfidbtwJUyMKtyuozJPVDQfpwGZtIYfkoudQ+6NRv6Y3EWL1ueLGYXMhVmWGSoKW7TMHlk2DZiW4c1bPksiHpNv2A6bmXdSfjQk36R1Zw7SV4i0ZMtEFKk+CFC+gRB5rHE6M=&u=U2FsdGVkX184Y4LRaK2ldTQwICzlCpoRFgtm/f/25IhUyAB6ndTieO5pr3bH7WrP&y=U2FsdGVkX1/WC1lkhTsSYtYGJ2LMHFQaXXLmcnMIGxM3v8A3GlxoDKLZHpGIiiEf HTTP/1.1" 200 25
186.154.184.247 - - [03/Dec/2023:14:16:29 -0500] "GET /kwssiamovil/sm/acme/a?s=U2FsdGVkX19Ve0r5LaJiJJXbcMhs/Ma/xeRZVLbfDwAzCO5GqVdmuWp/QJ7uLGFiRibzRH+q4k+bcDFIWue+D9AtNOZNYPplSk6+zk8ADi9NkvliQ/EHQR0f+BcKUZ6okmOGNEtrWpjGBYK1OZhnTgX9T48wyl4NctlIZLk7Qw0=&u=U2FsdGVkX184Y4LRaK2ldTQwICzlCpoRFgtm/f/25IhUyAB6ndTieO5pr3bH7WrP&y=U2FsdGVkX1/WC1lkhTsSYtYGJ2LMHFQaXXLmcnMIGxM3v8A3GlxoDKLZHpGIiiEf HTTP/1.1" 200 26
186.154.184.247 - - [03/Dec/2023:14:16:29 -0500] "GET /kwssiamovil/sm/acme/a?s=U2FsdGVkX18lDkHZ0MyovHAunjPuqdVSX1iu/qQ97Glr+ftyWmaGK6x4Ka0J6NSZ9/1orjLHepfsvQhhdWIJF2al0NOH1QBYvMLuR3spWLelESTR8P2JDkYxVc0D67ZTobeouJlpoTNHABp9IHfCzwS5bnVKo/0UibpWLbT9K/otkd+AVaUrM5OcIobz3PDofEKi4YNclcGTjxWyGePH7w==&u=U2FsdGVkX184Y4LRaK2ldTQwICzlCpoRFgtm/f/25IhUyAB6ndTieO5pr3bH7WrP&y=U2FsdGVkX1/WC1lkhTsSYtYGJ2LMHFQaXXLmcnMIGxM3v8A3GlxoDKLZHpGIiiEf HTTP/1.1" 200 24
186.154.184.247 - - [03/Dec/2023:14:16:29 -0500] "GET /kwssiamovil/sm/acme/a?s=U2FsdGVkX19KTidP/a96WCXgb5C8324YKg9exIqXlxek8ntINSOLdmS8Rw9ThmNyktF0XAgiKsHwa+9lrhhGYp5S0LKi1RBSUY+j4oJHIgQm2geaBliD72+x8QnqEH9kfR89HuUW7rcpy20W6NaJvIyN52Jg1dEgfXmvfJynBHoyA/kezJGViD2lEPKSW0uKJcoyEHhpNh4rC8MYB1KWyA==&u=U2FsdGVkX184Y4LRaK2ldTQwICzlCpoRFgtm/f/25IhUyAB6ndTieO5pr3bH7WrP&y=U2FsdGVkX1/WC1lkhTsSYtYGJ2LMHFQaXXLmcnMIGxM3v8A3GlxoDKLZHpGIiiEf HTTP/1.1" 200 24
186.154.184.247 - - [03/Dec/2023:14:16:29 -0500] "GET /kwssiamovil/sm/acme/a?s=U2FsdGVkX18Q1UbUhkNsqM3DJFRv95rDSeN3tSFUB/3wL5mmBNelGruD6M6zM8Mc+/GdOhXSkcrZAUUenJJKEBSi+aLlHSIY0C9mRTkHTwqq2+i2F1BJw6989zn9ORr6HfZgQSF37QWnrae4qsiiOv4oY9GYdU8nZzfSWQq3xF+C4fQkAE+eyFA00u/2c4XREYjAnNRD41hwCopzPi7wK/GuwdZyigGA0Fr3HJnElWLNX9js+srBsIZgTgBWcp9/JA/6Jc8m9cGbnn1ExXplBnS+vKNh/nrtpalGkza/cpRJVwDGgqBClAW0lQ2JQgD/V08UDm/kyZi0/o0nB41A8XrICHgpXMZo/5dCCLdrrtEewkT0tpcMx5jGztggESPaK4DZxUFf/QGuIn3IYdw6lbRSF4RDeABehiRK79ZZ7b0KAH0BwHBAVLfqEwPke26k&u=U2FsdGVkX184Y4LRaK2ldTQwICzlCpoRFgtm/f/25IhUyAB6ndTieO5pr3bH7WrP&y=U2FsdGVkX1/WC1lkhTsSYtYGJ2LMHFQaXXLmcnMIGxM3v8A3GlxoDKLZHpGIiiEf HTTP/1.1" 200 24
186.154.184.247 - - [03/Dec/2023:14:16:30 -0500] "GET /kwssiamovil/sm/acme/a?s=U2FsdGVkX1+oWYDLuKQYkC+5XcTVIu9DqtJzn+sEamyFFWaxjUP1of3QpV9KEsuIJyjbuABkXe4LvYlaZ9SHn3Pcc2meube6gcrku2GmmYezWKTT2KS4kKEBmq0bzekTZRPhoPcfUkQY1vqOoKsdIaAzq/G3pm11HovSdiNV3BkB0VPxWa6LLTMZZHdupdZi&u=U2FsdGVkX184Y4LRaK2ldTQwICzlCpoRFgtm/f/25IhUyAB6ndTieO5pr3bH7WrP&y=U2FsdGVkX1/WC1lkhTsSYtYGJ2LMHFQaXXLmcnMIGxM3v8A3GlxoDKLZHpGIiiEf HTTP/1.1" 200 26
186.154.184.247 - - [03/Dec/2023:14:16:30 -0500] "GET /kwssiamovil/sm/acme/a?s=U2FsdGVkX1+ikuvIM4gupr+/p1mtZsn7/4eX+CO2beRK9RJeAuf04aNM5n66g5RhWbtbTx96c/53ayIKsaydXrc7biTCPrj7IqYExj04RD2gOUDrHmyMnSSTj33YfINJET/cA+FtfMKANtWCgT0XSUtNVweFFt9fSBe8I0YOLOukwH9jZEQbHElbKMJJRPdcIUSnlcO+XUQkUaKWpyb3Fi/PmMxvslAhXMj5BK1v7y7+4IgomnFouN44a5jGpdiRX/+ZpIndVmi159xQfA2t8dd+Ou4l6OJfKBf0TsYyYW9HoR45VrRtk6DGsG8xIO1fM9KdvWaECFleVyKfiGGl6B58FSIMbMKYqEpHNWBkFpKmafsx3huhKEVOyiaEB5hmVazq7IVVAQjRVOUdLhIIJgMtWs5+KDkWJUE30X44M+c=&u=U2FsdGVkX184Y4LRaK2ldTQwICzlCpoRFgtm/f/25IhUyAB6ndTieO5pr3bH7WrP&y=U2FsdGVkX1/WC1lkhTsSYtYGJ2LMHFQaXXLmcnMIGxM3v8A3GlxoDKLZHpGIiiEf HTTP/1.1" 200 25
