190.60.254.241 - - [03/Dec/2023:18:57:42 -0500] "GET /sipse/faces/javax.faces.resource/primefaces.js?ln=primefaces&v=4.0 HTTP/1.1" 304 -
190.60.254.241 - - [03/Dec/2023:18:57:42 -0500] "GET /sipse/faces/javax.faces.resource/layout/layout.js?ln=primefaces&v=4.0 HTTP/1.1" 304 -
190.60.254.241 - - [03/Dec/2023:18:57:52 -0500] "POST /sipse/faces/presentacion/financiero/solicitudProceso/crearModificarSolicitudProceso.xhtml HTTP/1.1" 200 64982
190.60.254.241 - - [03/Dec/2023:18:57:55 -0500] "GET /sipse/faces/javax.faces.resource/theme.css?ln=primefaces-sipse HTTP/1.1" 304 -
190.60.254.241 - - [03/Dec/2023:18:57:55 -0500] "GET /sipse/faces/javax.faces.resource/jquery/jquery.js?ln=primefaces&v=4.0 HTTP/1.1" 304 -
190.60.254.241 - - [03/Dec/2023:18:57:55 -0500] "GET /sipse/faces/javax.faces.resource/primefaces.css?ln=primefaces&v=4.0 HTTP/1.1" 304 -
190.60.254.241 - - [03/Dec/2023:18:57:55 -0500] "GET /sipse/faces/javax.faces.resource/layout/layout.css?ln=primefaces&v=4.0 HTTP/1.1" 304 -
190.60.254.241 - - [03/Dec/2023:18:57:55 -0500] "GET /sipse/faces/javax.faces.resource/jquery/jquery-plugins.js?ln=primefaces&v=4.0 HTTP/1.1" 304 -
190.60.254.241 - - [03/Dec/2023:18:57:55 -0500] "GET /sipse/faces/javax.faces.resource/primefaces.js?ln=primefaces&v=4.0 HTTP/1.1" 304 -
190.60.254.241 - - [03/Dec/2023:18:57:55 -0500] "GET /sipse/faces/javax.faces.resource/layout/layout.js?ln=primefaces&v=4.0 HTTP/1.1" 304 -
190.60.254.241 - - [03/Dec/2023:18:57:55 -0500] "POST /sipse/faces/presentacion/financiero/solicitudProceso/listarSolicitudProceso.xhtml HTTP/1.1" 200 1564
190.60.254.241 - - [03/Dec/2023:18:57:59 -0500] "POST /sipse/faces/presentacion/financiero/solicitudProceso/listarSolicitudProceso.xhtml HTTP/1.1" 200 20297
216.245.221.92 - - [03/Dec/2023:18:58:13 -0500] "HEAD / HTTP/1.1" 200 -
201.245.192.253 - - [03/Dec/2023:18:58:18 -0500] "POST /kwsrmcab/Wsrmcab  HTTP/1.1" 200 41956
201.245.192.253 - - [03/Dec/2023:18:58:26 -0500] "POST /forms/lservlet;jsessionid=ac16012b30d64ec0b0a9f85d4cd0acdf8f65235348eb.e3iSbxaKaheRe3eRa38MahaQbi1ynknvrkLOlQzNp65In0 HTTP/1.1" 200 2
201.245.192.253 - - [03/Dec/2023:18:58:41 -0500] "POST /forms/lservlet;jsessionid=ac16012b30d66bd79d5a81354b569b64ca0b03586396.e3iSbxaKaheRe3eRa38MahaQbi1ynknvrkLOlQzNp65In0 HTTP/1.1" 200 2
190.60.254.241 - - [03/Dec/2023:18:58:54 -0500] "POST /sipse/faces/presentacion/financiero/solicitudProceso/listarSolicitudProceso.xhtml HTTP/1.1" 200 108831
190.60.254.241 - - [03/Dec/2023:18:58:55 -0500] "GET /sipse/faces/javax.faces.resource/theme.css?ln=primefaces-sipse HTTP/1.1" 304 -
190.60.254.241 - - [03/Dec/2023:18:58:55 -0500] "GET /sipse/faces/javax.faces.resource/primefaces.css?ln=primefaces&v=4.0 HTTP/1.1" 304 -
190.60.254.241 - - [03/Dec/2023:18:58:55 -0500] "GET /sipse/faces/javax.faces.resource/layout/layout.css?ln=primefaces&v=4.0 HTTP/1.1" 304 -
190.60.254.241 - - [03/Dec/2023:18:58:55 -0500] "GET /sipse/faces/javax.faces.resource/jquery/jquery.js?ln=primefaces&v=4.0 HTTP/1.1" 304 -
190.60.254.241 - - [03/Dec/2023:18:58:55 -0500] "GET /sipse/faces/javax.faces.resource/jquery/jquery-plugins.js?ln=primefaces&v=4.0 HTTP/1.1" 304 -
190.60.254.241 - - [03/Dec/2023:18:58:55 -0500] "GET /sipse/faces/javax.faces.resource/primefaces.js?ln=primefaces&v=4.0 HTTP/1.1" 304 -
190.60.254.241 - - [03/Dec/2023:18:58:55 -0500] "GET /sipse/faces/javax.faces.resource/layout/layout.js?ln=primefaces&v=4.0 HTTP/1.1" 304 -
190.60.254.241 - - [03/Dec/2023:18:58:56 -0500] "GET /sipse/faces/javax.faces.resource/dynamiccontent.properties?ln=primefaces&pfdrid=XjOR5%2F%2FfPAZAuY9TpWQeCiM0BhlXxYRBGKi%2FQcXXfeA%3D&pfdrid_c=false HTTP/1.1" 500 383
201.245.192.253 - - [03/Dec/2023:19:00:26 -0500] "POST /forms/lservlet;jsessionid=ac16012b30d64ec0b0a9f85d4cd0acdf8f65235348eb.e3iSbxaKaheRe3eRa38MahaQbi1ynknvrkLOlQzNp65In0 HTTP/1.1" 200 2
201.245.192.253 - - [03/Dec/2023:19:00:41 -0500] "POST /forms/lservlet;jsessionid=ac16012b30d66bd79d5a81354b569b64ca0b03586396.e3iSbxaKaheRe3eRa38MahaQbi1ynknvrkLOlQzNp65In0 HTTP/1.1" 200 2
172.22.2.4 - - [03/Dec/2023:18:59:09 -0500] "HEAD /BLA/boletinlegal/ HTTP/1.1" 200 -
91.92.242.253 - - [03/Dec/2023:19:01:16 -0500] "GET /BLA/boletinlegal/admin/index.php HTTP/1.1" 200 2324
190.60.254.241 - - [03/Dec/2023:19:01:27 -0500] "POST /sipse/faces/presentacion/financiero/solicitudProceso/consultarSolicitudProceso.xhtml HTTP/1.1" 200 64527
190.60.254.241 - - [03/Dec/2023:19:01:28 -0500] "GET /sipse/faces/javax.faces.resource/theme.css?ln=primefaces-sipse HTTP/1.1" 304 -
190.60.254.241 - - [03/Dec/2023:19:01:28 -0500] "GET /sipse/faces/javax.faces.resource/layout/layout.css?ln=primefaces&v=4.0 HTTP/1.1" 304 -
190.60.254.241 - - [03/Dec/2023:19:01:28 -0500] "GET /sipse/faces/javax.faces.resource/primefaces.css?ln=primefaces&v=4.0 HTTP/1.1" 304 -
190.60.254.241 - - [03/Dec/2023:19:01:28 -0500] "GET /sipse/faces/javax.faces.resource/jquery/jquery.js?ln=primefaces&v=4.0 HTTP/1.1" 304 -
190.60.254.241 - - [03/Dec/2023:19:01:28 -0500] "GET /sipse/faces/javax.faces.resource/jquery/jquery-plugins.js?ln=primefaces&v=4.0 HTTP/1.1" 304 -
190.60.254.241 - - [03/Dec/2023:19:01:28 -0500] "GET /sipse/faces/javax.faces.resource/primefaces.js?ln=primefaces&v=4.0 HTTP/1.1" 304 -
190.60.254.241 - - [03/Dec/2023:19:01:28 -0500] "GET /sipse/faces/javax.faces.resource/layout/layout.js?ln=primefaces&v=4.0 HTTP/1.1" 304 -
190.60.254.241 - - [03/Dec/2023:19:01:28 -0500] "POST /sipse/faces/presentacion/financiero/solicitudProceso/listarSolicitudProceso.xhtml HTTP/1.1" 200 57803
190.60.254.241 - - [03/Dec/2023:19:01:29 -0500] "POST /sipse/faces/presentacion/financiero/solicitudProceso/listarSolicitudProceso.xhtml HTTP/1.1" 200 57803
190.60.254.241 - - [03/Dec/2023:19:01:30 -0500] "POST /sipse/faces/presentacion/financiero/solicitudProceso/listarSolicitudProceso.xhtml HTTP/1.1" 200 1564
190.60.254.241 - - [03/Dec/2023:19:01:30 -0500] "POST /sipse/faces/presentacion/financiero/solicitudProceso/listarSolicitudProceso.xhtml HTTP/1.1" 200 1560
190.60.254.241 - - [03/Dec/2023:19:01:30 -0500] "POST /sipse/faces/presentacion/financiero/solicitudProceso/listarSolicitudProceso.xhtml HTTP/1.1" 200 1568
190.60.254.241 - - [03/Dec/2023:19:01:38 -0500] "POST /sipse/faces/presentacion/financiero/solicitudProceso/listarSolicitudProceso.xhtml HTTP/1.1" 200 20297
172.22.2.4 - - [03/Dec/2023:19:00:00 -0500] "GET /BLA/boletinlegal/ HTTP/1.1" 200 60634
190.60.254.241 - - [03/Dec/2023:19:02:17 -0500] "POST /sipse/faces/presentacion/financiero/solicitudProceso/listarSolicitudProceso.xhtml HTTP/1.1" 200 911
201.245.192.253 - - [03/Dec/2023:19:02:26 -0500] "POST /forms/lservlet;jsessionid=ac16012b30d64ec0b0a9f85d4cd0acdf8f65235348eb.e3iSbxaKaheRe3eRa38MahaQbi1ynknvrkLOlQzNp65In0 HTTP/1.1" 200 2
201.245.192.253 - - [03/Dec/2023:19:02:41 -0500] "POST /forms/lservlet;jsessionid=ac16012b30d66bd79d5a81354b569b64ca0b03586396.e3iSbxaKaheRe3eRa38MahaQbi1ynknvrkLOlQzNp65In0 HTTP/1.1" 200 2
186.86.33.245 - - [03/Dec/2023:19:03:13 -0500] "GET /sipse/faces/index.xhtml HTTP/1.1" 200 677
186.86.33.245 - - [03/Dec/2023:19:03:13 -0500] "GET /sipse/faces/javax.faces.resource/theme.css?ln=primefaces-sipse HTTP/1.1" 304 -
216.245.221.92 - - [03/Dec/2023:19:03:13 -0500] "HEAD / HTTP/1.1" 200 -
186.86.33.245 - - [03/Dec/2023:19:03:13 -0500] "GET /sipse/faces/faces/autenticacion.xhtml HTTP/1.1" 200 12414
186.86.33.245 - - [03/Dec/2023:19:03:14 -0500] "GET /sipse/js/disable_browser_buttons.js HTTP/1.1" 304 -
186.86.33.245 - - [03/Dec/2023:19:03:14 -0500] "GET /sipse/js/funciones.js HTTP/1.1" 304 -
186.86.33.245 - - [03/Dec/2023:19:03:14 -0500] "GET /sipse/css/custom_css_sg.css HTTP/1.1" 304 -
186.86.33.245 - - [03/Dec/2023:19:03:14 -0500] "GET /sipse/faces/javax.faces.resource/theme.css?ln=primefaces-sipse HTTP/1.1" 304 -
186.86.33.245 - - [03/Dec/2023:19:03:14 -0500] "GET /sipse/faces/javax.faces.resource/layout/layout.css?ln=primefaces&v=4.0 HTTP/1.1" 200 542
186.86.33.245 - - [03/Dec/2023:19:03:14 -0500] "GET /sipse/css/custom_css_sg_prime_login.css HTTP/1.1" 304 -
186.86.33.245 - - [03/Dec/2023:19:03:14 -0500] "GET /sipse/faces/javax.faces.resource/jquery/jquery.js?ln=primefaces&v=4.0 HTTP/1.1" 304 -
186.86.33.245 - - [03/Dec/2023:19:03:14 -0500] "GET /sipse/faces/javax.faces.resource/jquery/jquery-plugins.js?ln=primefaces&v=4.0 HTTP/1.1" 304 -
186.86.33.245 - - [03/Dec/2023:19:03:14 -0500] "GET /sipse/faces/javax.faces.resource/primefaces.js?ln=primefaces&v=4.0 HTTP/1.1" 304 -
186.86.33.245 - - [03/Dec/2023:19:03:14 -0500] "GET /sipse/faces/javax.faces.resource/layout/layout.js?ln=primefaces&v=4.0 HTTP/1.1" 304 -
186.86.33.245 - - [03/Dec/2023:19:03:14 -0500] "GET /sipse/faces/javax.faces.resource/primefaces.css?ln=primefaces&v=4.0 HTTP/1.1" 200 53295
186.86.33.245 - - [03/Dec/2023:19:03:14 -0500] "GET /sipse/faces/javax.faces.resource/images/ui-icons_898989_256x240.png?ln=primefaces-aristo HTTP/1.1" 200 5355
186.86.33.245 - - [03/Dec/2023:19:03:14 -0500] "GET /sipse/css/imagen/loginimg.png HTTP/1.1" 200 71635
186.86.33.245 - - [03/Dec/2023:19:03:14 -0500] "GET /sipse/css/imagen/logoSDG.png HTTP/1.1" 200 53064
201.245.192.253 - - [03/Dec/2023:19:03:17 -0500] "POST /kwsrmcab/Wsrmcab  HTTP/1.1" 200 41956
186.86.33.245 - - [03/Dec/2023:19:03:22 -0500] "POST /sipse/faces/autenticacion.xhtml HTTP/1.1" 200 16285
186.86.33.245 - - [03/Dec/2023:19:03:22 -0500] "GET /sipse/css/custom_css_sg_prime.css HTTP/1.1" 200 5201
186.86.33.245 - - [03/Dec/2023:19:03:22 -0500] "GET /sipse/js/jquery.min.js HTTP/1.1" 304 -
186.86.33.245 - - [03/Dec/2023:19:03:22 -0500] "GET /sipse/faces/javax.faces.resource/jquery/jquery.js?ln=primefaces&v=4.0 HTTP/1.1" 304 -
186.86.33.245 - - [03/Dec/2023:19:03:22 -0500] "GET /sipse/faces/javax.faces.resource/jquery/jquery-plugins.js?ln=primefaces&v=4.0 HTTP/1.1" 304 -
186.86.33.245 - - [03/Dec/2023:19:03:22 -0500] "GET /sipse/faces/javax.faces.resource/primefaces.js?ln=primefaces&v=4.0 HTTP/1.1" 304 -
186.86.33.245 - - [03/Dec/2023:19:03:23 -0500] "GET /sipse/faces/javax.faces.resource/layout/layout.js?ln=primefaces&v=4.0 HTTP/1.1" 304 -
186.86.33.245 - - [03/Dec/2023:19:03:23 -0500] "GET /sipse/css/v_mergente.css HTTP/1.1" 304 -
186.86.33.245 - - [03/Dec/2023:19:03:23 -0500] "GET /sipse/imagenes/cargando.gif HTTP/1.1" 200 36959
186.86.33.245 - - [03/Dec/2023:19:03:23 -0500] "GET /sipse/faces/javax.faces.resource/messages/messages.png?ln=primefaces&v=4.0 HTTP/1.1" 304 -
186.86.33.245 - - [03/Dec/2023:19:03:23 -0500] "GET /sipse/css/imagen/contrasena.png HTTP/1.1" 404 383
186.86.33.245 - - [03/Dec/2023:19:03:23 -0500] "GET /sipse/imagenes/logoAplicacion.jpg HTTP/1.1" 200 155084
190.60.254.241 - - [03/Dec/2023:19:03:48 -0500] "GET /sipse/faces/javax.faces.resource/theme.css?ln=primefaces-sipse HTTP/1.1" 304 -
201.245.192.253 - - [03/Dec/2023:19:04:26 -0500] "POST /forms/lservlet;jsessionid=ac16012b30d64ec0b0a9f85d4cd0acdf8f65235348eb.e3iSbxaKaheRe3eRa38MahaQbi1ynknvrkLOlQzNp65In0 HTTP/1.1" 200 2
201.245.192.253 - - [03/Dec/2023:19:04:41 -0500] "POST /forms/lservlet;jsessionid=ac16012b30d66bd79d5a81354b569b64ca0b03586396.e3iSbxaKaheRe3eRa38MahaQbi1ynknvrkLOlQzNp65In0 HTTP/1.1" 200 2
186.102.52.72 - - [03/Dec/2023:19:05:16 -0500] "GET /kwssiamovil/sm/acme/a?s=U2FsdGVkX18O8nkf7Ziezk1ksuVAazVFbnKcplw5vEEMvHx2v0r+0B9oC15rG56NNvImwPcel/9ryb/MS+qBJ0datL7KWEHeT05V98ATMR2M6HL3p4i37E5Km7IJI5j1J3DD1e8rZ7uvQQuDmBWwBN295vzLIyfqzKxqBWLw/Frz/wisbEwLZTf+rcgdQyTt4AZIDpPcSVfB7RwVOfltQR7qrmSK3Ii0GcENmh+OJ7rqQwF9lNaoq5v82K1djWShGpuR7eFkDRW51asrlTbM3w==&u=U2FsdGVkX18aYoaJ7ZQFC0V6Jc7ew69k+ovcrZy8mns=&y=U2FsdGVkX18xM1zbaRivtb9B7EslSCi14DJeM0LPpt0= HTTP/1.1" 200 26
186.102.52.72 - - [03/Dec/2023:19:05:17 -0500] "GET /kwssiamovil/sm/acme/a?s=U2FsdGVkX1+mnpd26V+T1VfVpASaYdV8ejhCwOyIGt3pchooYR+Rf7p+0Xj/FgUztBelhkjZ+x2RQjjgUXvVNDz/yjbmMgrAQHZ2cLLJf0buVd6EL1y2LPq7hvQAYDWKj0kCFiiWHBUGY/05gVd98l/s0K42mimp4kh+zXDoV3iB+v+ppxooHhVUG1mkGfvfs2B9QhyGaYLpf865EgKboiBdAoIZuXeP/78p6LbZ/5Ynk/TrhVrGVnpAkOBnb9QbP6zhrXgPNoT/o4wSs1EmhbF7wOTcdFS5bfxpRileMEOTxocUX7eWJLN8kSa++jP8BB+wnEyOFgdc25AAn7LzIS5Q+8Ckcvb/VktxesKyg63hnHwCdZ1PUACbBcjCuFUiODm2EqL/ADfbyaDRSxKOBWCP8FqCQaJBh6pubVO6Pu9lhhmzDBSQxaH7XMtWCiG2RwxZqYFnRzf0vH4zW1jwZBTophjQfM95ywIDc4VKGQBN3Br1yNR3uFJrT6NM5x6xcDH796qcAZu3hA1vw465IJrz2Kyqe25r5z4rQ0MY2+ZNs0zkLumwpsLJrXt3Od8T6fgAptmR84dv+mje23In985Xrb1SFeJxgcaiwKEmkmmMRGKiZ1DJVHlJe3nU74lUGSTIwB1FfdiN2lD2i+MSWVIBe5PGgg5l0Y5NA7vNGpLOQ3SuKaErzqzuc899nDsJXeGGZdpGja1wZ8IqwkaZG1PYS8xYC6Ic109huR599DaVuX0xyBqKhr5QnJsrOze0ZG2zcgFlk893lh7d1sU5Q9ZscrGLR4rGLtDFzi767bI2Q76L71WDU4eFtz8k4eZyJcWk6cETh/6WVb0ZM/fIaj1gi452mFEAXWgUtgfeJutKVhRY0WMX/UME3MqXL+KzBu5AWtEasKJSa6IDVFlLM/BTnXV0Ag2r9A8TTmCeiIpA31CId1HcGC8PNiBGdcDANejqoQckDT/2gbhNiiGfSbsvS413YOvmEBusIM5kzl1ZLNJ3YnSqZuJhvCwBHfN67k1PxhkOborCtv3+YQwr2Se7wOWzGxF+JvbVqbSupl892LBVYE28asjiaXzh2AP6v4S6rQl0UY90o6G50GS/v5KiTaBTZGsxjtNWljQ2nGKyqMb0gwcJZHHifW6AyDdQGkYrs8frvTFlxiDNnoD4eg6xKDteycMxbREm3dlXKxuRcmlPSFr+rZ0y4DHa+ukybKXaR6IlJSPtZvrTZ3Nt3JCrrMm4CZddH6FC9QEVBR1giQGEPpkHlfpiZsepm5BM5KngNpRdIyOBlOn+Bt6jeThPuH5HbhZJDO4PbqzX/SIOIKXyTcuQyjSiVhfNqW9g0EmtUipHYJmJIRQjA9sqL8cwutOHZn79XtrM3LB2X6kvM21wyq7Oc+1HQwWWxo29DlsQesSndcbSYWLiGbMvofEucyfkA+c1kRAufwuht2zqI80zNOHvy0m2RN9HoUPZYB5FVaxsGAtm02uwRQlNZojagwODebI87MSriwbkZiQw4ijyQKCSNnI0IBYTNE+soVJPpiinxGQB1ah3MTRBsgHz15kg062YXxugR5+alAPK5RqUObz4KCdemEE5kP4GZPtN8YogW8qWMaOAX10D5Tx2gxY2afa6Efei54z5vfEvubWZtVAK2Ee9UWuJdMeslRi9KcGw6va+GOfMwMYomPnalBlCmQxHT3ILR5E7GC6+1ai0SzbdiWkRtuHfs3mb2TJ7mAbCQGmvEjvByYjGGI/i7ZBjQmfTPntYbP6d0b5/Q13Mo3BxM/JYYsRKrw3PIHcleCWy7wy8GK9HWmG4Pw5dMOaH/JF+dgzJkMbJmG0Dg9XkJP6zGryYtwPCGhuCC/KV+ydhAEJkXJLaFLBJzBqm4mtwkEuoAh1E6ubhzHhSptbj5hQvy3/Yd0EP/5g7eaAhYFrYCT8tMCkSXjA/xkWTdJjBWbjmNbKAHHfAtQ55zWtIhQ/uPMNzhxVAR/4+a3cJmcgsGRXC8jTTYsV7BA==&u=U2FsdGVkX18aYoaJ7ZQFC0V6Jc7ew69k+ovcrZy8mns=&y=U2FsdGVkX18xM1zbaRivtb9B7EslSCi14DJeM0LPpt0= HTTP/1.1" 200 26
186.102.52.72 - - [03/Dec/2023:19:05:17 -0500] "GET /kwssiamovil/sm/acme/a?s=U2FsdGVkX1+sJ5uq+8M/Am+1D+R4JT32sTzEgHU6GgEsEzx0I/4tt1NAbp0O854v8noxNlioWmhDCk/OBtuCdDbUiEWOe1Mkks2eeIqybrjBZXoni+OgjCYIFoX9nHxY9mzgrsNeDcvABKE2Zb8qDDl0S9uquiLckwXlSOV/sEI=&u=U2FsdGVkX18aYoaJ7ZQFC0V6Jc7ew69k+ovcrZy8mns=&y=U2FsdGVkX18xM1zbaRivtb9B7EslSCi14DJeM0LPpt0= HTTP/1.1" 200 26
186.102.52.72 - - [03/Dec/2023:19:05:17 -0500] "GET /kwssiamovil/sm/acme/a?s=U2FsdGVkX1+oUjuQgNVW9JBIhLUAqfW1LMLvS5SCz4oNjYoXr0KucZJcNki1fWXO1I6s1qo8t0vPXc3TSalLAhOLCS06cclBOGuP2A13hoPqYt80NHIsxH3Pn3kVhsrKKpV3g848rCnRr4ilFVp10vPPk8DqKGdHaYYrsFIcsjk=&u=U2FsdGVkX18aYoaJ7ZQFC0V6Jc7ew69k+ovcrZy8mns=&y=U2FsdGVkX18xM1zbaRivtb9B7EslSCi14DJeM0LPpt0= HTTP/1.1" 200 26
186.102.52.72 - - [03/Dec/2023:19:05:17 -0500] "GET /kwssiamovil/sm/acme/a?s=U2FsdGVkX19jtqEWG31HjtIzx7SrWpqJNCIjJOXSgT76f/49GBCNb9jPVK7LvATniF6apxG3NHA0s0SaUIAcTOJZwXYVzWPtEz65c8bJG/Unsm0kIf5EV0mlqedC10FBlEa4F/yAWzT8x2iWhMEB0N6S64RiLV+tQ4FIX8uKz6I=&u=U2FsdGVkX18aYoaJ7ZQFC0V6Jc7ew69k+ovcrZy8mns=&y=U2FsdGVkX18xM1zbaRivtb9B7EslSCi14DJeM0LPpt0= HTTP/1.1" 200 26
186.102.52.72 - - [03/Dec/2023:19:05:18 -0500] "GET /kwssiamovil/sm/acme/a?s=U2FsdGVkX18od0hsvBsHruSJ7cn9RkvAxAtlSWHbUc3mj6keI4ZMahsyieN2Cbx8iExCXLrNhkYPVO+O2h/xZV11mbZBwEngWeUnPvF9SpqfAF/aYnM7A2XzOMeOZG7KOrcoXokiHrLt80XTw5BYK2nv9Y3rgRSwQLX5kO3vhgCVSIpevbsqKOfzcDnAqMei&u=U2FsdGVkX18aYoaJ7ZQFC0V6Jc7ew69k+ovcrZy8mns=&y=U2FsdGVkX18xM1zbaRivtb9B7EslSCi14DJeM0LPpt0= HTTP/1.1" 200 26
201.245.192.253 - - [03/Dec/2023:19:06:26 -0500] "POST /forms/lservlet;jsessionid=ac16012b30d64ec0b0a9f85d4cd0acdf8f65235348eb.e3iSbxaKaheRe3eRa38MahaQbi1ynknvrkLOlQzNp65In0 HTTP/1.1" 200 2
186.86.33.245 - - [03/Dec/2023:19:06:35 -0500] "GET /sipse/faces/javax.faces.resource/images/ui-bg_flat_0_2d5972_40x100.png?ln=primefaces-aristo HTTP/1.1" 200 183
186.86.33.245 - - [03/Dec/2023:19:06:35 -0500] "POST /sipse/faces/bienvenido.xhtml HTTP/1.1" 200 9243
186.86.33.245 - - [03/Dec/2023:19:06:38 -0500] "POST /sipse/faces/bienvenido.xhtml HTTP/1.1" 200 1471
172.22.2.4 - - [03/Dec/2023:19:04:59 -0500] "HEAD /BLA/boletinlegal/ HTTP/1.1" 200 -
186.86.33.245 - - [03/Dec/2023:19:06:40 -0500] "POST /sipse/faces/bienvenido.xhtml HTTP/1.1" 200 62304
186.86.33.245 - - [03/Dec/2023:19:06:41 -0500] "GET /sipse/faces/javax.faces.resource/jquery/jquery.js?ln=primefaces&v=4.0 HTTP/1.1" 304 -
186.86.33.245 - - [03/Dec/2023:19:06:41 -0500] "GET /sipse/faces/javax.faces.resource/jquery/jquery-plugins.js?ln=primefaces&v=4.0 HTTP/1.1" 304 -
186.86.33.245 - - [03/Dec/2023:19:06:41 -0500] "GET /sipse/faces/javax.faces.resource/primefaces.js?ln=primefaces&v=4.0 HTTP/1.1" 304 -
186.86.33.245 - - [03/Dec/2023:19:06:41 -0500] "GET /sipse/faces/javax.faces.resource/layout/layout.js?ln=primefaces&v=4.0 HTTP/1.1" 304 -
201.245.192.253 - - [03/Dec/2023:19:06:41 -0500] "POST /forms/lservlet;jsessionid=ac16012b30d66bd79d5a81354b569b64ca0b03586396.e3iSbxaKaheRe3eRa38MahaQbi1ynknvrkLOlQzNp65In0 HTTP/1.1" 200 2
186.86.33.245 - - [03/Dec/2023:19:06:42 -0500] "POST /sipse/faces/presentacion/financiero/solicitudProceso/listarSolicitudProceso.xhtml HTTP/1.1" 200 1564
20.68.233.219 - - [03/Dec/2023:19:07:01 -0500] "GET / HTTP/1.1" 200 319
172.22.2.4 - - [03/Dec/2023:19:05:50 -0500] "GET /BLA/boletinlegal/ HTTP/1.1" 200 58294
190.27.185.40 - - [03/Dec/2023:19:07:54 -0500] "POST /sipse/faces/presentacion/financiero/solicitudProceso/consultarSolicitudProceso.xhtml HTTP/1.1" 200 65797
190.27.185.40 - - [03/Dec/2023:19:07:55 -0500] "GET /sipse/faces/javax.faces.resource/layout/layout.css?ln=primefaces&v=4.0 HTTP/1.1" 304 -
190.27.185.40 - - [03/Dec/2023:19:07:55 -0500] "GET /sipse/faces/javax.faces.resource/jquery/jquery.js?ln=primefaces&v=4.0 HTTP/1.1" 304 -
190.27.185.40 - - [03/Dec/2023:19:07:55 -0500] "GET /sipse/faces/javax.faces.resource/jquery/jquery-plugins.js?ln=primefaces&v=4.0 HTTP/1.1" 304 -
190.27.185.40 - - [03/Dec/2023:19:07:55 -0500] "GET /sipse/faces/javax.faces.resource/layout/layout.js?ln=primefaces&v=4.0 HTTP/1.1" 304 -
190.27.185.40 - - [03/Dec/2023:19:07:55 -0500] "GET /sipse/faces/javax.faces.resource/primefaces.js?ln=primefaces&v=4.0 HTTP/1.1" 304 -
190.27.185.40 - - [03/Dec/2023:19:07:55 -0500] "GET /sipse/faces/javax.faces.resource/theme.css?ln=primefaces-sipse HTTP/1.1" 200 50058
190.27.185.40 - - [03/Dec/2023:19:07:55 -0500] "GET /sipse/faces/javax.faces.resource/primefaces.css?ln=primefaces&v=4.0 HTTP/1.1" 200 53295
190.27.185.40 - - [03/Dec/2023:19:07:55 -0500] "GET /sipse/faces/javax.faces.resource/images/ui-icons_898989_256x240.png?ln=primefaces-aristo HTTP/1.1" 200 5355
190.27.185.40 - - [03/Dec/2023:19:07:55 -0500] "GET /sipse/faces/javax.faces.resource/images/ui-bg_flat_0_2d5972_40x100.png?ln=primefaces-aristo HTTP/1.1" 200 183
190.27.185.40 - - [03/Dec/2023:19:07:55 -0500] "POST /sipse/faces/presentacion/financiero/solicitudProceso/listarSolicitudProceso.xhtml HTTP/1.1" 200 1564
190.27.185.40 - - [03/Dec/2023:19:07:55 -0500] "POST /sipse/faces/presentacion/financiero/solicitudProceso/listarSolicitudProceso.xhtml HTTP/1.1" 200 1560
190.27.185.40 - - [03/Dec/2023:19:07:57 -0500] "POST /sipse/faces/presentacion/financiero/solicitudProceso/listarSolicitudProceso.xhtml HTTP/1.1" 200 32317
190.27.185.40 - - [03/Dec/2023:19:08:04 -0500] "POST /sipse/faces/presentacion/financiero/solicitudProceso/listarSolicitudProceso.xhtml HTTP/1.1" 200 114289
190.27.185.40 - - [03/Dec/2023:19:08:05 -0500] "GET /sipse/faces/javax.faces.resource/jquery/jquery.js?ln=primefaces&v=4.0 HTTP/1.1" 304 -
190.27.185.40 - - [03/Dec/2023:19:08:05 -0500] "GET /sipse/faces/javax.faces.resource/jquery/jquery-plugins.js?ln=primefaces&v=4.0 HTTP/1.1" 304 -
190.27.185.40 - - [03/Dec/2023:19:08:05 -0500] "GET /sipse/faces/javax.faces.resource/primefaces.js?ln=primefaces&v=4.0 HTTP/1.1" 304 -
190.27.185.40 - - [03/Dec/2023:19:08:05 -0500] "GET /sipse/faces/javax.faces.resource/layout/layout.js?ln=primefaces&v=4.0 HTTP/1.1" 304 -
190.27.185.40 - - [03/Dec/2023:19:08:05 -0500] "GET /sipse/faces/javax.faces.resource/dynamiccontent.properties?ln=primefaces&pfdrid=XjOR5%2F%2FfPAZAuY9TpWQeCiM0BhlXxYRBGKi%2FQcXXfeA%3D&pfdrid_c=false HTTP/1.1" 500 383
190.27.185.40 - - [03/Dec/2023:19:08:10 -0500] "POST /sipse/faces/presentacion/financiero/solicitudProceso/consultarSolicitudProceso.xhtml HTTP/1.1" 200 186236
216.245.221.92 - - [03/Dec/2023:19:08:13 -0500] "HEAD / HTTP/1.1" 200 -
190.27.185.40 - - [03/Dec/2023:19:08:13 -0500] "POST /sipse/faces/presentacion/financiero/solicitudProceso/consultarSolicitudProceso.xhtml HTTP/1.1" 200 2141681
190.27.185.40 - - [03/Dec/2023:19:08:17 -0500] "POST /sipse/faces/presentacion/financiero/solicitudProceso/consultarSolicitudProceso.xhtml HTTP/1.1" 200 465190
201.245.192.253 - - [03/Dec/2023:19:08:15 -0500] "POST /kwsrmcab/Wsrmcab  HTTP/1.1" 200 41956
201.245.192.253 - - [03/Dec/2023:19:08:26 -0500] "POST /forms/lservlet;jsessionid=ac16012b30d64ec0b0a9f85d4cd0acdf8f65235348eb.e3iSbxaKaheRe3eRa38MahaQbi1ynknvrkLOlQzNp65In0 HTTP/1.1" 200 2
201.245.192.253 - - [03/Dec/2023:19:08:41 -0500] "POST /forms/lservlet;jsessionid=ac16012b30d66bd79d5a81354b569b64ca0b03586396.e3iSbxaKaheRe3eRa38MahaQbi1ynknvrkLOlQzNp65In0 HTTP/1.1" 200 2
116.202.20.140 - - [03/Dec/2023:19:09:02 -0500] "GET / HTTP/1.1" 200 4720
116.202.20.140 - - [03/Dec/2023:19:09:03 -0500] "GET / HTTP/1.1" 200 319
190.27.185.40 - - [03/Dec/2023:19:09:04 -0500] "POST /sipse/faces/presentacion/financiero/solicitudProceso/consultarSolicitudProceso.xhtml HTTP/1.1" 200 5469
190.27.185.40 - - [03/Dec/2023:19:09:04 -0500] "GET /sipse/faces/javax.faces.resource/dynamiccontent.properties?ln=primefaces&pfdrid=XjOR5%2F%2FfPAZAuY9TpWQeCiM0BhlXxYRBGKi%2FQcXXfeA%3D&pfdrid_c=false HTTP/1.1" 200 117392
201.245.192.253 - - [03/Dec/2023:19:10:26 -0500] "POST /forms/lservlet;jsessionid=ac16012b30d64ec0b0a9f85d4cd0acdf8f65235348eb.e3iSbxaKaheRe3eRa38MahaQbi1ynknvrkLOlQzNp65In0 HTTP/1.1" 200 2
186.86.33.245 - - [03/Dec/2023:19:10:27 -0500] "POST /sipse/faces/presentacion/financiero/solicitudProceso/listarSolicitudProceso.xhtml HTTP/1.1" 200 26432
201.245.192.253 - - [03/Dec/2023:19:10:41 -0500] "POST /forms/lservlet;jsessionid=ac16012b30d66bd79d5a81354b569b64ca0b03586396.e3iSbxaKaheRe3eRa38MahaQbi1ynknvrkLOlQzNp65In0 HTTP/1.1" 200 2
186.86.33.245 - - [03/Dec/2023:19:10:51 -0500] "POST /sipse/faces/presentacion/financiero/solicitudProceso/listarSolicitudProceso.xhtml HTTP/1.1" 200 132748
186.86.33.245 - - [03/Dec/2023:19:10:54 -0500] "GET /sipse/faces/javax.faces.resource/jquery/jquery.js?ln=primefaces&v=4.0 HTTP/1.1" 304 -
186.86.33.245 - - [03/Dec/2023:19:10:54 -0500] "GET /sipse/faces/javax.faces.resource/jquery/jquery-plugins.js?ln=primefaces&v=4.0 HTTP/1.1" 304 -
186.86.33.245 - - [03/Dec/2023:19:10:54 -0500] "GET /sipse/faces/javax.faces.resource/primefaces.js?ln=primefaces&v=4.0 HTTP/1.1" 304 -
52.167.144.197 - - [03/Dec/2023:19:10:54 -0500] "GET /BLA/resoluciones/AUTOS%202023/5555.pdf HTTP/1.1" 200 1541085
186.86.33.245 - - [03/Dec/2023:19:10:55 -0500] "GET /sipse/faces/javax.faces.resource/layout/layout.js?ln=primefaces&v=4.0 HTTP/1.1" 304 -
186.86.33.245 - - [03/Dec/2023:19:10:55 -0500] "GET /sipse/faces/javax.faces.resource/dynamiccontent.properties?ln=primefaces&pfdrid=XjOR5%2F%2FfPAZAuY9TpWQeCiM0BhlXxYRBGKi%2FQcXXfeA%3D&pfdrid_c=false HTTP/1.1" 500 383
186.102.52.72 - - [03/Dec/2023:19:11:17 -0500] "GET /kwssiamovil/sm/acme/a?s=U2FsdGVkX1+ec5tzK3eXZApUj1+HC9Yj6TuKCmMymaw6MHJnTJW43cgz97Z6UHR64cCtiRlEvQtJgue+uB0CVdgJXVDAsMio8n+HV3FK3KxJJEcyjtPMWS7rk7nNCKzxGeg4drjOsjwuDZUdil5leha9n2E0if7pQfmcVlxFAhoxJh7Cwyqd46bHsy3yQZQjFztAvUNPV9OzaDW5LHMuJdYcqOT0gHdvB/fc4G+oUn0gbseWpniKUc/3m9CX9L83iiDNdU4xcq29+c6bCIrxlQ==&u=U2FsdGVkX18aYoaJ7ZQFC0V6Jc7ew69k+ovcrZy8mns=&y=U2FsdGVkX18xM1zbaRivtb9B7EslSCi14DJeM0LPpt0= HTTP/1.1" 200 26
186.102.52.72 - - [03/Dec/2023:19:11:18 -0500] "GET /kwssiamovil/sm/acme/a?s=U2FsdGVkX18abBbGtLXU6KWNth560ggdibmwYqr4yi8EjChL+xD3WdH66DR/vX4xW/XOHSUZEUrTuz3QcUjcFKsFZ58Q0o3DUhgTIfgXAyMDNn0iARTS/ZqUUVDpAh/zMa4rRaj6nMVM4RSS93WLnCzTeHfXWsHzE1KVUPDLCNa5ouqtgKLvysYJiJUwLEbSn0MwY1f8Fg81S7+Pw+3RxcLJ5pQwdR86gpTGNHEe1jhh1dhbKas7bIuPA19AywrfzLdeLvF7HSPlrvvOMBhwcTZcGO3vgSE4GCXZ6WyoBjgqd5av+nUoNBWHxY09ksFZxxXtyoIMZlUdf+E5gJZvSLv7IH/ZxhrlvzhOYJY+GdZYg59orj54//3sAMWTiCYxA3S/wYMNKQ3Ixlqd5eZzrzmXjpl8wBVX2ORtaKo6+Zl6W6BGGdovx9PQj8AKgEnHg4G8CGcLInwbFToN7Qn688D7lVooUiDKJuaeMOrZajiEwDfZ/TNVvUccE2lQOKrxpOKytAjZ2ELBCJjidyycLO7VcEJnyRPg5bCy6tt5BROPsmluz7GzU0q24QNw681t/dzXpM4EMVDXQsYPRJ+RR06mYePHuQnLa9DP2KF1zbuPvbP7jJFo11n5zyZ5i+Jk9T21kvSpjA/GWEXpi8hlAgIeykYnRq7nKcfrK8aW8G6ldFHIq9dg67kkKH8KZAWNCluhDOMdLak1WFn+83wB81ho9E1r49KLBs5GH8803w2FiP0TZHN7anBE0TkMVttOkPwfQ9Ej27yrTxIPZdqdY+DAUcm5ppfB6TBf/yZQpxQJXHrN7ekr6ECCjZm+SrYJINXQChF2JEe+hfL6TRtvRwnxnftav+cgDVhrYtQhMCr6j5MC0B3S25mGgNUbU5CUWpP45akXJAbZ833s1ifCUYX8idKDGoSI0lbB9900IIMipOKAUbzd94aCM5mhG2EJtvmYCXo8Y/HonVgca9/QLHyi50WGOYAhivHN8ynDzGkTU6mfIzhY3oGzogtGDEMTSybo+YFwnfKiX8/BUGjwy7YI7YfPv4mifTTF7CiKqMdxueNx/p3BhZeX/qRodYv9dnYnFQaAOxX1/UJzvp4UJ8mYYVZmgrQXHDa+qX4T+OstJWdJ0gEfVKvFCwcEiRaEk522pdm2zO0Ap0kalHJENa5QzPYJEw1IV7q/9HAAXTD25dPB8zvT5ydu6pQgyFeeZvvG5e02cHJh9qroTFLOJN6k0Ywlmu/93Jz6rWmFafzzjIe9rpgjZv+gtRWfL+RJaHMuNxTL5Zw4LSPDmIXvq3R1brLmiZKFCn19Dfep9JivPfYrNrC8JI1SD0sZ+EHkoIa7pRd9Mag27ax5RrV5BsLtQqEEndyPriGb/s1hfgI33GZPfO3FvIttsZrkN2N66jdqKQvUtDk0p+w+CpjXgGur+XqTmZuhzOXDrqnLcE3ySqRMxT8EaolF2+Z3P+nv5dQoV/WADrFpktGbiBycSeMaCkPpr4qSHAc7kEMTLZLfFARDUfsN+tGbmHQEHVDuwOqGeLwRW90t87r1xlH7PGPqNXyGmM56EIWiSozPZMw7uDi+fEc81FJUT+JXP0zjw48Vtqhx8hD6bzSdvur8hssyEuwGzFPH19Z+HLTMyXtr/lp8B18Ym1rla5aKsuyblWicIzjT/ZM+vFvjtO+3U91cEmVUjJ/YX6lANgfZ0jV7mTIaNMSBM3twCb4z/2bpBbGG/TTbnOfq13mK3ltrREldts/qa+BT3yMbISmmszh9BU4y9sQwwCq7ol0Q8L4bB1/R/LYwX6z9Q2+5aQ2v5fzqywco4oja+PJed4IXgxh9BtIfNURurvYAyAy4z0gMMO4A6f4eqUJNTkTJsdiRQxhB4wGIjOMi2Ir+27W11/FCqH2+lUeVMB9ZiH5EOFxYWJw5vc6lI7vML9sCW5m0afTVbfqcXY+C80CVwzC5Wkdm1s26RlPc+7KabqE8H2urjf6li9GttEEVfv12PcrTz5tI7umnX8+r62utTLfDD+M3Z9oo14sYu0SAE5YIE3QsW/FUgy120QmxleMUUdNn2g==&u=U2FsdGVkX18aYoaJ7ZQFC0V6Jc7ew69k+ovcrZy8mns=&y=U2FsdGVkX18xM1zbaRivtb9B7EslSCi14DJeM0LPpt0= HTTP/1.1" 200 26
186.102.52.72 - - [03/Dec/2023:19:11:18 -0500] "GET /kwssiamovil/sm/acme/a?s=U2FsdGVkX18efTMlv3YYqbumkUbmVMtKZ7rOzEyJjdYlkNe+IRABHp2CJn5F9SX+oUD5i6wG0rsPsfmP592Fs/PfyYUVfwgbWwc5rmFBfZb4WZtpGc8ZSYvxm8MOk4mUd0VVFNQ9Jh97DYhM6f5O+mXYUF5tPKplL4M4sIqFhtY=&u=U2FsdGVkX18aYoaJ7ZQFC0V6Jc7ew69k+ovcrZy8mns=&y=U2FsdGVkX18xM1zbaRivtb9B7EslSCi14DJeM0LPpt0= HTTP/1.1" 200 26
186.102.52.72 - - [03/Dec/2023:19:11:18 -0500] "GET /kwssiamovil/sm/acme/a?s=U2FsdGVkX1+lEZFuYdx2UucRcz41EVL9TEOXlkOMTc6ECyXaHK5m2b2SvaBVH92hsN+3JcuwNDpEIMvhRwSk4Nw8sSWqX86gTFP/plh4dU+zXpubDf4VuusG5s17YfBPknAjPpj13NoCbjFL6BOqBZJnewLbJlDW2BzhDxJPGQA=&u=U2FsdGVkX18aYoaJ7ZQFC0V6Jc7ew69k+ovcrZy8mns=&y=U2FsdGVkX18xM1zbaRivtb9B7EslSCi14DJeM0LPpt0= HTTP/1.1" 200 26
186.102.52.72 - - [03/Dec/2023:19:11:18 -0500] "GET /kwssiamovil/sm/acme/a?s=U2FsdGVkX1/OU1At5zeXIF2lmMR4xPpiQUXpyF/1FZYJX0m0KnnUD6rqeGGCECfDrZjv+nYKp4ExHLtJwsIISKIawaroWBhvC6FSw7jOPvJjuQRJ4O7P65DJLCC+QcF+f/sL+gZPZSuHyxQU0FAoN2xFGb8GnHjcRdlFYUsF/DQ=&u=U2FsdGVkX18aYoaJ7ZQFC0V6Jc7ew69k+ovcrZy8mns=&y=U2FsdGVkX18xM1zbaRivtb9B7EslSCi14DJeM0LPpt0= HTTP/1.1" 200 26
186.102.52.72 - - [03/Dec/2023:19:11:19 -0500] "GET /kwssiamovil/sm/acme/a?s=U2FsdGVkX19hKF4NiQX3g+2Xr29sEXyNqBYAKGhU2P17o81qbIpBQstjx0XImeQuBClUEr99qtU/QMWBFn6dYsKpM0Ihag9FKUIlO/Hime0BWAzcMNpoakwVEBOdueVS3Ycf0UoDVfg5WwRreSr8BWQ311p7wVjw0lwo6DuEykaHgmZwwcCvSSJ72Fyk7DjG&u=U2FsdGVkX18aYoaJ7ZQFC0V6Jc7ew69k+ovcrZy8mns=&y=U2FsdGVkX18xM1zbaRivtb9B7EslSCi14DJeM0LPpt0= HTTP/1.1" 200 26
201.245.192.253 - - [03/Dec/2023:19:12:26 -0500] "POST /forms/lservlet;jsessionid=ac16012b30d64ec0b0a9f85d4cd0acdf8f65235348eb.e3iSbxaKaheRe3eRa38MahaQbi1ynknvrkLOlQzNp65In0 HTTP/1.1" 200 2
172.22.2.4 - - [03/Dec/2023:19:10:49 -0500] "HEAD /BLA/boletinlegal/ HTTP/1.1" 200 -
201.245.192.253 - - [03/Dec/2023:19:12:41 -0500] "POST /forms/lservlet;jsessionid=ac16012b30d66bd79d5a81354b569b64ca0b03586396.e3iSbxaKaheRe3eRa38MahaQbi1ynknvrkLOlQzNp65In0 HTTP/1.1" 200 2
216.245.221.92 - - [03/Dec/2023:19:13:13 -0500] "HEAD / HTTP/1.1" 200 -
201.245.192.253 - - [03/Dec/2023:19:13:14 -0500] "POST /kwsrmcab/Wsrmcab  HTTP/1.1" 200 41956
172.22.2.4 - - [03/Dec/2023:19:11:40 -0500] "GET /BLA/boletinlegal/ HTTP/1.1" 200 58644
186.86.33.245 - - [03/Dec/2023:19:13:56 -0500] "GET /sipse/faces/javax.faces.resource/theme.css?ln=primefaces-sipse HTTP/1.1" 304 -
186.86.33.245 - - [03/Dec/2023:19:13:56 -0500] "GET /sipse/faces/javax.faces.resource/layout/layout.css?ln=primefaces&v=4.0 HTTP/1.1" 304 -
186.86.33.245 - - [03/Dec/2023:19:13:56 -0500] "GET /sipse/faces/javax.faces.resource/primefaces.css?ln=primefaces&v=4.0 HTTP/1.1" 304 -
186.86.33.245 - - [03/Dec/2023:19:13:56 -0500] "GET /sipse/faces/javax.faces.resource/jquery/jquery.js?ln=primefaces&v=4.0 HTTP/1.1" 304 -
186.86.33.245 - - [03/Dec/2023:19:13:56 -0500] "GET /sipse/faces/javax.faces.resource/jquery/jquery-plugins.js?ln=primefaces&v=4.0 HTTP/1.1" 304 -
186.86.33.245 - - [03/Dec/2023:19:13:56 -0500] "GET /sipse/faces/javax.faces.resource/primefaces.js?ln=primefaces&v=4.0 HTTP/1.1" 304 -
186.86.33.245 - - [03/Dec/2023:19:13:54 -0500] "POST /sipse/faces/presentacion/financiero/solicitudProceso/consultarSolicitudProceso.xhtml HTTP/1.1" 200 31279
186.86.33.245 - - [03/Dec/2023:19:13:56 -0500] "GET /sipse/faces/javax.faces.resource/layout/layout.js?ln=primefaces&v=4.0 HTTP/1.1" 304 -
186.86.33.245 - - [03/Dec/2023:19:13:57 -0500] "GET /sipse/faces/javax.faces.resource/images/ui-icons_898989_256x240.png?ln=primefaces-aristo HTTP/1.1" 304 -
190.27.185.40 - - [03/Dec/2023:19:14:12 -0500] "GET /sipse/faces/faces/autenticacion.xhtml HTTP/1.1" 200 12424
190.27.185.40 - - [03/Dec/2023:19:14:12 -0500] "GET /sipse/css/custom_css_sg.css HTTP/1.1" 200 9694
190.27.185.40 - - [03/Dec/2023:19:14:12 -0500] "GET /sipse/css/custom_css_sg_prime_login.css HTTP/1.1" 200 443
190.27.185.40 - - [03/Dec/2023:19:14:12 -0500] "GET /sipse/faces/javax.faces.resource/layout/layout.css?ln=primefaces&v=4.0 HTTP/1.1" 200 542
190.27.185.40 - - [03/Dec/2023:19:14:12 -0500] "GET /sipse/faces/javax.faces.resource/jquery/jquery-plugins.js?ln=primefaces&v=4.0 HTTP/1.1" 304 -
190.27.185.40 - - [03/Dec/2023:19:14:12 -0500] "GET /sipse/faces/javax.faces.resource/jquery/jquery.js?ln=primefaces&v=4.0 HTTP/1.1" 304 -
190.27.185.40 - - [03/Dec/2023:19:14:12 -0500] "GET /sipse/faces/javax.faces.resource/primefaces.js?ln=primefaces&v=4.0 HTTP/1.1" 304 -
190.27.185.40 - - [03/Dec/2023:19:14:12 -0500] "GET /sipse/faces/javax.faces.resource/layout/layout.js?ln=primefaces&v=4.0 HTTP/1.1" 304 -
190.27.185.40 - - [03/Dec/2023:19:14:12 -0500] "GET /sipse/faces/javax.faces.resource/theme.css?ln=primefaces-sipse HTTP/1.1" 200 50058
190.27.185.40 - - [03/Dec/2023:19:14:12 -0500] "GET /sipse/faces/javax.faces.resource/primefaces.css?ln=primefaces&v=4.0 HTTP/1.1" 200 53295
190.27.185.40 - - [03/Dec/2023:19:14:12 -0500] "GET /sipse/css/imagen/logoSDG.png HTTP/1.1" 200 21242
190.27.185.40 - - [03/Dec/2023:19:14:12 -0500] "GET /sipse/faces/javax.faces.resource/images/ui-icons_898989_256x240.png?ln=primefaces-aristo HTTP/1.1" 200 5355
190.27.185.40 - - [03/Dec/2023:19:14:12 -0500] "GET /sipse/css/imagen/loginimg.png HTTP/1.1" 200 71635
190.27.185.40 - - [03/Dec/2023:19:14:12 -0500] "GET /sipse/faces/faces/index.xhtml HTTP/1.1" 200 677
190.27.185.40 - - [03/Dec/2023:19:14:12 -0500] "GET /sipse/faces/javax.faces.resource/theme.css?ln=primefaces-sipse HTTP/1.1" 304 -
190.27.185.40 - - [03/Dec/2023:19:14:13 -0500] "GET /sipse/faces/faces/faces/autenticacion.xhtml HTTP/1.1" 200 12424
190.27.185.40 - - [03/Dec/2023:19:14:13 -0500] "GET /sipse/faces/javax.faces.resource/theme.css?ln=primefaces-sipse HTTP/1.1" 304 -
190.27.185.40 - - [03/Dec/2023:19:14:13 -0500] "GET /sipse/faces/javax.faces.resource/primefaces.css?ln=primefaces&v=4.0 HTTP/1.1" 304 -
190.27.185.40 - - [03/Dec/2023:19:14:13 -0500] "GET /sipse/faces/javax.faces.resource/layout/layout.css?ln=primefaces&v=4.0 HTTP/1.1" 304 -
190.27.185.40 - - [03/Dec/2023:19:14:13 -0500] "GET /sipse/faces/javax.faces.resource/jquery/jquery.js?ln=primefaces&v=4.0 HTTP/1.1" 304 -
190.27.185.40 - - [03/Dec/2023:19:14:13 -0500] "GET /sipse/faces/javax.faces.resource/jquery/jquery-plugins.js?ln=primefaces&v=4.0 HTTP/1.1" 304 -
190.27.185.40 - - [03/Dec/2023:19:14:13 -0500] "GET /sipse/faces/javax.faces.resource/primefaces.js?ln=primefaces&v=4.0 HTTP/1.1" 304 -
190.27.185.40 - - [03/Dec/2023:19:14:13 -0500] "GET /sipse/faces/javax.faces.resource/layout/layout.js?ln=primefaces&v=4.0 HTTP/1.1" 304 -
190.27.185.40 - - [03/Dec/2023:19:14:13 -0500] "GET /sipse/faces/javax.faces.resource/images/ui-icons_898989_256x240.png?ln=primefaces-aristo HTTP/1.1" 304 -
190.27.185.40 - - [03/Dec/2023:19:14:17 -0500] "POST /sipse/faces/autenticacion.xhtml HTTP/1.1" 200 16934
190.27.185.40 - - [03/Dec/2023:19:14:17 -0500] "GET /sipse/css/custom_css_sg_prime.css HTTP/1.1" 200 5201
190.27.185.40 - - [03/Dec/2023:19:14:17 -0500] "GET /sipse/faces/javax.faces.resource/jquery/jquery.js?ln=primefaces&v=4.0 HTTP/1.1" 304 -
190.27.185.40 - - [03/Dec/2023:19:14:18 -0500] "GET /sipse/faces/javax.faces.resource/jquery/jquery-plugins.js?ln=primefaces&v=4.0 HTTP/1.1" 304 -
190.27.185.40 - - [03/Dec/2023:19:14:18 -0500] "GET /sipse/faces/javax.faces.resource/primefaces.js?ln=primefaces&v=4.0 HTTP/1.1" 304 -
190.27.185.40 - - [03/Dec/2023:19:14:18 -0500] "GET /sipse/faces/javax.faces.resource/layout/layout.js?ln=primefaces&v=4.0 HTTP/1.1" 304 -
190.27.185.40 - - [03/Dec/2023:19:14:18 -0500] "GET /sipse/imagenes/cargando.gif HTTP/1.1" 200 36959
190.27.185.40 - - [03/Dec/2023:19:14:18 -0500] "GET /sipse/css/v_mergente.css HTTP/1.1" 200 1505
190.27.185.40 - - [03/Dec/2023:19:14:18 -0500] "GET /sipse/css/imagen/contrasena.png HTTP/1.1" 404 383
190.27.185.40 - - [03/Dec/2023:19:14:18 -0500] "GET /sipse/faces/javax.faces.resource/messages/messages.png?ln=primefaces&v=4.0 HTTP/1.1" 200 27209
190.27.185.40 - - [03/Dec/2023:19:14:18 -0500] "GET /sipse/imagenes/logoAplicacion.jpg HTTP/1.1" 200 155084
190.27.185.40 - - [03/Dec/2023:19:14:19 -0500] "GET /sipse/faces/javax.faces.resource/images/ui-bg_flat_0_2d5972_40x100.png?ln=primefaces-aristo HTTP/1.1" 200 183
190.27.185.40 - - [03/Dec/2023:19:14:19 -0500] "POST /sipse/faces/bienvenido.xhtml HTTP/1.1" 200 1471
190.27.185.40 - - [03/Dec/2023:19:14:21 -0500] "POST /sipse/faces/bienvenido.xhtml HTTP/1.1" 200 9883
190.27.185.40 - - [03/Dec/2023:19:14:24 -0500] "POST /sipse/faces/bienvenido.xhtml HTTP/1.1" 200 1472
190.27.185.40 - - [03/Dec/2023:19:14:26 -0500] "POST /sipse/faces/bienvenido.xhtml HTTP/1.1" 200 30587
190.27.185.40 - - [03/Dec/2023:19:14:26 -0500] "GET /sipse/faces/javax.faces.resource/jquery/jquery.js?ln=primefaces&v=4.0 HTTP/1.1" 304 -
190.27.185.40 - - [03/Dec/2023:19:14:26 -0500] "GET /sipse/faces/javax.faces.resource/jquery/jquery-plugins.js?ln=primefaces&v=4.0 HTTP/1.1" 304 -
190.27.185.40 - - [03/Dec/2023:19:14:26 -0500] "GET /sipse/faces/javax.faces.resource/primefaces.js?ln=primefaces&v=4.0 HTTP/1.1" 304 -
190.27.185.40 - - [03/Dec/2023:19:14:26 -0500] "GET /sipse/faces/javax.faces.resource/layout/layout.js?ln=primefaces&v=4.0 HTTP/1.1" 304 -
201.245.192.253 - - [03/Dec/2023:19:14:26 -0500] "POST /forms/lservlet;jsessionid=ac16012b30d64ec0b0a9f85d4cd0acdf8f65235348eb.e3iSbxaKaheRe3eRa38MahaQbi1ynknvrkLOlQzNp65In0 HTTP/1.1" 200 2
190.27.185.40 - - [03/Dec/2023:19:14:27 -0500] "POST /sipse/faces/presentacion/workflow/reasignarReenrutar.xhtml HTTP/1.1" 200 15541
190.27.185.40 - - [03/Dec/2023:19:14:29 -0500] "POST /sipse/faces/presentacion/workflow/reasignarReenrutar.xhtml HTTP/1.1" 200 15591
190.27.185.40 - - [03/Dec/2023:19:14:29 -0500] "POST /sipse/faces/presentacion/workflow/reasignarReenrutar.xhtml HTTP/1.1" 200 16058
186.86.33.245 - - [03/Dec/2023:19:14:30 -0500] "GET /sipse/faces/javax.faces.resource/theme.css?ln=primefaces-sipse HTTP/1.1" 304 -
186.86.33.245 - - [03/Dec/2023:19:14:30 -0500] "GET /sipse/faces/javax.faces.resource/primefaces.css?ln=primefaces&v=4.0 HTTP/1.1" 304 -
186.86.33.245 - - [03/Dec/2023:19:14:30 -0500] "GET /sipse/faces/javax.faces.resource/layout/layout.css?ln=primefaces&v=4.0 HTTP/1.1" 304 -
186.86.33.245 - - [03/Dec/2023:19:14:30 -0500] "GET /sipse/faces/javax.faces.resource/jquery/jquery.js?ln=primefaces&v=4.0 HTTP/1.1" 304 -
186.86.33.245 - - [03/Dec/2023:19:14:29 -0500] "POST /sipse/faces/presentacion/financiero/solicitudProceso/consultarHistorialSolProceso.xhtml HTTP/1.1" 200 178062
186.86.33.245 - - [03/Dec/2023:19:14:30 -0500] "GET /sipse/faces/javax.faces.resource/layout/layout.js?ln=primefaces&v=4.0 HTTP/1.1" 304 -
186.86.33.245 - - [03/Dec/2023:19:14:30 -0500] "GET /sipse/faces/javax.faces.resource/primefaces.js?ln=primefaces&v=4.0 HTTP/1.1" 304 -
186.86.33.245 - - [03/Dec/2023:19:14:30 -0500] "GET /sipse/faces/javax.faces.resource/jquery/jquery-plugins.js?ln=primefaces&v=4.0 HTTP/1.1" 304 -
186.86.33.245 - - [03/Dec/2023:19:14:30 -0500] "GET /sipse/faces/javax.faces.resource/images/ui-icons_898989_256x240.png?ln=primefaces-aristo HTTP/1.1" 304 -
186.86.33.245 - - [03/Dec/2023:19:14:31 -0500] "GET /sipse/faces/javax.faces.resource/dynamiccontent.properties?ln=primefaces&pfdrid=XjOR5%2F%2FfPAZAuY9TpWQeCiM0BhlXxYRBGKi%2FQcXXfeA%3D&pfdrid_c=false HTTP/1.1" 500 383
190.27.185.40 - - [03/Dec/2023:19:14:32 -0500] "POST /sipse/faces/presentacion/workflow/reasignarReenrutar.xhtml HTTP/1.1" 200 57246
186.86.33.245 - - [03/Dec/2023:19:14:38 -0500] "GET /sipse/faces/javax.faces.resource/images/ui-bg_flat_0_2d5972_40x100.png?ln=primefaces-aristo HTTP/1.1" 304 -
186.86.33.245 - - [03/Dec/2023:19:14:38 -0500] "POST /sipse/faces/presentacion/financiero/solicitudProceso/consultarSolicitudProceso.xhtml HTTP/1.1" 200 62304
186.86.33.245 - - [03/Dec/2023:19:14:38 -0500] "GET /sipse/faces/javax.faces.resource/jquery/jquery.js?ln=primefaces&v=4.0 HTTP/1.1" 304 -
186.86.33.245 - - [03/Dec/2023:19:14:39 -0500] "GET /sipse/faces/javax.faces.resource/jquery/jquery-plugins.js?ln=primefaces&v=4.0 HTTP/1.1" 304 -
186.86.33.245 - - [03/Dec/2023:19:14:39 -0500] "GET /sipse/faces/javax.faces.resource/primefaces.js?ln=primefaces&v=4.0 HTTP/1.1" 304 -
186.86.33.245 - - [03/Dec/2023:19:14:39 -0500] "GET /sipse/faces/javax.faces.resource/layout/layout.js?ln=primefaces&v=4.0 HTTP/1.1" 304 -
190.27.185.40 - - [03/Dec/2023:19:14:39 -0500] "POST /sipse/faces/presentacion/workflow/reasignarReenrutar.xhtml HTTP/1.1" 200 57290
186.86.33.245 - - [03/Dec/2023:19:14:39 -0500] "POST /sipse/faces/presentacion/financiero/solicitudProceso/listarSolicitudProceso.xhtml HTTP/1.1" 200 1564
201.245.192.253 - - [03/Dec/2023:19:14:41 -0500] "POST /forms/lservlet;jsessionid=ac16012b30d66bd79d5a81354b569b64ca0b03586396.e3iSbxaKaheRe3eRa38MahaQbi1ynknvrkLOlQzNp65In0 HTTP/1.1" 200 2
190.27.185.40 - - [03/Dec/2023:19:14:45 -0500] "POST /sipse/faces/presentacion/workflow/reasignarReenrutar.xhtml HTTP/1.1" 200 57817
190.27.185.40 - - [03/Dec/2023:19:14:46 -0500] "POST /sipse/faces/presentacion/workflow/reasignarReenrutar.xhtml HTTP/1.1" 200 4929
186.86.33.245 - - [03/Dec/2023:19:15:14 -0500] "POST /sipse/faces/presentacion/financiero/solicitudProceso/listarSolicitudProceso.xhtml HTTP/1.1" 200 26432
52.167.144.230 - - [03/Dec/2023:19:15:43 -0500] "GET /BLA/resoluciones/AUTOS%202019/1279.pdf HTTP/1.1" 200 438578
186.86.33.245 - - [03/Dec/2023:19:15:43 -0500] "POST /sipse/faces/presentacion/financiero/solicitudProceso/listarSolicitudProceso.xhtml HTTP/1.1" 200 55529
186.86.33.245 - - [03/Dec/2023:19:15:45 -0500] "POST /sipse/faces/presentacion/financiero/solicitudProceso/listarSolicitudProceso.xhtml HTTP/1.1" 200 55529
186.86.33.245 - - [03/Dec/2023:19:15:45 -0500] "POST /sipse/faces/presentacion/financiero/solicitudProceso/listarSolicitudProceso.xhtml HTTP/1.1" 200 1564
186.86.33.245 - - [03/Dec/2023:19:15:46 -0500] "POST /sipse/faces/presentacion/financiero/solicitudProceso/listarSolicitudProceso.xhtml HTTP/1.1" 200 1560
186.86.33.245 - - [03/Dec/2023:19:16:23 -0500] "POST /sipse/faces/presentacion/financiero/solicitudProceso/listarSolicitudProceso.xhtml HTTP/1.1" 200 23584
201.245.192.253 - - [03/Dec/2023:19:16:26 -0500] "POST /forms/lservlet;jsessionid=ac16012b30d64ec0b0a9f85d4cd0acdf8f65235348eb.e3iSbxaKaheRe3eRa38MahaQbi1ynknvrkLOlQzNp65In0 HTTP/1.1" 200 2
201.245.192.253 - - [03/Dec/2023:19:16:41 -0500] "POST /forms/lservlet;jsessionid=ac16012b30d66bd79d5a81354b569b64ca0b03586396.e3iSbxaKaheRe3eRa38MahaQbi1ynknvrkLOlQzNp65In0 HTTP/1.1" 200 2
40.77.167.152 - - [03/Dec/2023:19:16:50 -0500] "GET /BLA/resoluciones/AUTOS%202017/4618.pdf HTTP/1.1" 200 264256
186.86.33.245 - - [03/Dec/2023:19:16:52 -0500] "POST /sipse/faces/presentacion/financiero/solicitudProceso/listarSolicitudProceso.xhtml HTTP/1.1" 200 32256
52.167.144.209 - - [03/Dec/2023:19:16:54 -0500] "GET /BLA/resoluciones/AUTOS%202013/2711.pdf HTTP/1.1" 200 802211
52.167.144.209 - - [03/Dec/2023:19:16:55 -0500] "GET /BLA/resoluciones/AUTOS%202013/2851.pdf HTTP/1.1" 200 2263434
201.245.192.253 - - [03/Dec/2023:19:16:54 -0500] "POST /kwsrmcab/Wsrmcab HTTP/1.1" 200 41280
201.245.192.253 - - [03/Dec/2023:19:16:58 -0500] "GET /kwsrmcab/Wsrmcab?wsdl HTTP/1.1" 200 6948
201.245.192.253 - - [03/Dec/2023:19:16:58 -0500] "POST /kwsrmcab/Wsrmcab HTTP/1.1" 200 37855
216.245.221.92 - - [03/Dec/2023:19:18:13 -0500] "HEAD / HTTP/1.1" 200 -
201.245.192.253 - - [03/Dec/2023:19:18:12 -0500] "POST /kwsrmcab/Wsrmcab  HTTP/1.1" 200 41956
172.22.2.4 - - [03/Dec/2023:19:16:39 -0500] "HEAD /BLA/boletinlegal/ HTTP/1.1" 200 -
201.245.192.253 - - [03/Dec/2023:19:18:26 -0500] "POST /forms/lservlet;jsessionid=ac16012b30d64ec0b0a9f85d4cd0acdf8f65235348eb.e3iSbxaKaheRe3eRa38MahaQbi1ynknvrkLOlQzNp65In0 HTTP/1.1" 200 2
201.245.192.253 - - [03/Dec/2023:19:18:41 -0500] "POST /forms/lservlet;jsessionid=ac16012b30d66bd79d5a81354b569b64ca0b03586396.e3iSbxaKaheRe3eRa38MahaQbi1ynknvrkLOlQzNp65In0 HTTP/1.1" 200 2
52.167.144.209 - - [03/Dec/2023:19:19:05 -0500] "GET /BLA/resoluciones/AUTOS%202013/2440.pdf HTTP/1.1" 200 490610
172.22.2.4 - - [03/Dec/2023:19:17:31 -0500] "GET /BLA/boletinlegal/ HTTP/1.1" 200 59007
66.249.66.196 - - [03/Dec/2023:19:19:47 -0500] "GET /robots.txt HTTP/1.1" 404 1034
66.249.66.194 - - [03/Dec/2023:19:19:47 -0500] "GET /dia-nacional-del-arbol-atributos-y-caracteristicas-de-las-especies-representativas-de-bogota.html HTTP/1.1" 200 697
66.249.66.194 - - [03/Dec/2023:19:19:48 -0500] "GET /dia-nacional-del-arbol-atributos-y-caracteristicas-de-las-especies-representativas-de-bogota.html HTTP/1.1" 200 697
52.167.144.230 - - [03/Dec/2023:19:20:05 -0500] "GET /BLA/resoluciones/AUTOS%202013/3276.pdf HTTP/1.1" 200 351412
201.245.192.253 - - [03/Dec/2023:19:20:26 -0500] "POST /forms/lservlet;jsessionid=ac16012b30d64ec0b0a9f85d4cd0acdf8f65235348eb.e3iSbxaKaheRe3eRa38MahaQbi1ynknvrkLOlQzNp65In0 HTTP/1.1" 200 2
201.245.192.253 - - [03/Dec/2023:19:20:34 -0500] "POST /kwsrmcab/Wsrmcab HTTP/1.1" 200 41280
201.245.192.253 - - [03/Dec/2023:19:20:41 -0500] "POST /forms/lservlet;jsessionid=ac16012b30d66bd79d5a81354b569b64ca0b03586396.e3iSbxaKaheRe3eRa38MahaQbi1ynknvrkLOlQzNp65In0 HTTP/1.1" 200 2
201.245.192.253 - - [03/Dec/2023:19:20:43 -0500] "POST /kwsrmcab/Wsrmcab HTTP/1.1" 200 37855
52.167.144.230 - - [03/Dec/2023:19:22:06 -0500] "GET /BLA/resoluciones/RESOLUCIONES%202007/RES%202007%20701%20AL%20800/RESOLUCION%200709%20DE%202007.pdf HTTP/1.1" 200 520284
201.245.192.253 - - [03/Dec/2023:19:22:26 -0500] "POST /forms/lservlet;jsessionid=ac16012b30d64ec0b0a9f85d4cd0acdf8f65235348eb.e3iSbxaKaheRe3eRa38MahaQbi1ynknvrkLOlQzNp65In0 HTTP/1.1" 200 2
201.245.192.253 - - [03/Dec/2023:19:22:41 -0500] "POST /forms/lservlet;jsessionid=ac16012b30d66bd79d5a81354b569b64ca0b03586396.e3iSbxaKaheRe3eRa38MahaQbi1ynknvrkLOlQzNp65In0 HTTP/1.1" 200 2
216.245.221.92 - - [03/Dec/2023:19:23:13 -0500] "HEAD / HTTP/1.1" 200 -
201.245.192.253 - - [03/Dec/2023:19:23:11 -0500] "POST /kwsrmcab/Wsrmcab  HTTP/1.1" 200 41956
186.86.33.245 - - [03/Dec/2023:19:23:23 -0500] "POST /sipse/faces/presentacion/financiero/solicitudProceso/listarSolicitudProceso.xhtml HTTP/1.1" 200 118457
186.86.33.245 - - [03/Dec/2023:19:23:28 -0500] "GET /sipse/faces/javax.faces.resource/jquery/jquery.js?ln=primefaces&v=4.0 HTTP/1.1" 304 -
186.86.33.245 - - [03/Dec/2023:19:23:28 -0500] "GET /sipse/faces/javax.faces.resource/jquery/jquery-plugins.js?ln=primefaces&v=4.0 HTTP/1.1" 304 -
186.86.33.245 - - [03/Dec/2023:19:23:29 -0500] "GET /sipse/faces/javax.faces.resource/primefaces.js?ln=primefaces&v=4.0 HTTP/1.1" 304 -
186.86.33.245 - - [03/Dec/2023:19:23:29 -0500] "GET /sipse/faces/javax.faces.resource/layout/layout.js?ln=primefaces&v=4.0 HTTP/1.1" 304 -
186.86.33.245 - - [03/Dec/2023:19:23:30 -0500] "GET /sipse/faces/javax.faces.resource/dynamiccontent.properties?ln=primefaces&pfdrid=XjOR5%2F%2FfPAZAuY9TpWQeCiM0BhlXxYRBGKi%2FQcXXfeA%3D&pfdrid_c=false HTTP/1.1" 500 383
186.86.33.245 - - [03/Dec/2023:19:23:54 -0500] "POST /sipse/faces/presentacion/financiero/solicitudProceso/consultarSolicitudProceso.xhtml HTTP/1.1" 200 250376
172.22.2.4 - - [03/Dec/2023:19:22:30 -0500] "HEAD /BLA/boletinlegal/ HTTP/1.1" 200 -
201.245.192.253 - - [03/Dec/2023:19:24:26 -0500] "POST /forms/lservlet;jsessionid=ac16012b30d64ec0b0a9f85d4cd0acdf8f65235348eb.e3iSbxaKaheRe3eRa38MahaQbi1ynknvrkLOlQzNp65In0 HTTP/1.1" 200 2
181.56.171.197 - - [03/Dec/2023:19:24:27 -0500] "POST /sipse/faces/presentacion/financiero/solicitudProceso/listarSolicitudProceso.xhtml HTTP/1.1" 200 57847
181.56.171.197 - - [03/Dec/2023:19:24:28 -0500] "POST /sipse/faces/presentacion/financiero/solicitudProceso/listarSolicitudProceso.xhtml HTTP/1.1" 200 57847
181.56.171.197 - - [03/Dec/2023:19:24:28 -0500] "POST /sipse/faces/presentacion/financiero/solicitudProceso/listarSolicitudProceso.xhtml HTTP/1.1" 200 57847
181.56.171.197 - - [03/Dec/2023:19:24:28 -0500] "POST /sipse/faces/presentacion/financiero/solicitudProceso/listarSolicitudProceso.xhtml HTTP/1.1" 200 57847
181.56.171.197 - - [03/Dec/2023:19:24:29 -0500] "POST /sipse/faces/presentacion/financiero/solicitudProceso/listarSolicitudProceso.xhtml HTTP/1.1" 200 57847
181.56.171.197 - - [03/Dec/2023:19:24:29 -0500] "POST /sipse/faces/presentacion/financiero/solicitudProceso/listarSolicitudProceso.xhtml HTTP/1.1" 200 57847
181.56.171.197 - - [03/Dec/2023:19:24:29 -0500] "POST /sipse/faces/presentacion/financiero/solicitudProceso/listarSolicitudProceso.xhtml HTTP/1.1" 200 57847
181.56.171.197 - - [03/Dec/2023:19:24:30 -0500] "POST /sipse/faces/presentacion/financiero/solicitudProceso/listarSolicitudProceso.xhtml HTTP/1.1" 200 1564
181.56.171.197 - - [03/Dec/2023:19:24:30 -0500] "POST /sipse/faces/presentacion/financiero/solicitudProceso/listarSolicitudProceso.xhtml HTTP/1.1" 200 1560
181.56.171.197 - - [03/Dec/2023:19:24:30 -0500] "POST /sipse/faces/presentacion/financiero/solicitudProceso/listarSolicitudProceso.xhtml HTTP/1.1" 200 1568
181.56.171.197 - - [03/Dec/2023:19:24:30 -0500] "POST /sipse/faces/presentacion/financiero/solicitudProceso/listarSolicitudProceso.xhtml HTTP/1.1" 200 1560
181.56.171.197 - - [03/Dec/2023:19:24:30 -0500] "POST /sipse/faces/presentacion/financiero/solicitudProceso/listarSolicitudProceso.xhtml HTTP/1.1" 200 1568
181.56.171.197 - - [03/Dec/2023:19:24:31 -0500] "POST /sipse/faces/presentacion/financiero/solicitudProceso/listarSolicitudProceso.xhtml HTTP/1.1" 200 1560
181.56.171.197 - - [03/Dec/2023:19:24:31 -0500] "POST /sipse/faces/presentacion/financiero/solicitudProceso/listarSolicitudProceso.xhtml HTTP/1.1" 200 1568
181.56.171.197 - - [03/Dec/2023:19:24:34 -0500] "POST /sipse/faces/presentacion/financiero/solicitudProceso/listarSolicitudProceso.xhtml HTTP/1.1" 200 16597
181.56.171.197 - - [03/Dec/2023:19:24:38 -0500] "POST /sipse/faces/presentacion/financiero/solicitudProceso/listarSolicitudProceso.xhtml HTTP/1.1" 200 59153
181.56.171.197 - - [03/Dec/2023:19:24:38 -0500] "GET /sipse/faces/javax.faces.resource/theme.css?ln=primefaces-sipse HTTP/1.1" 304 -
181.56.171.197 - - [03/Dec/2023:19:24:38 -0500] "GET /sipse/faces/javax.faces.resource/primefaces.css?ln=primefaces&v=4.0 HTTP/1.1" 304 -
181.56.171.197 - - [03/Dec/2023:19:24:38 -0500] "GET /sipse/css/imagen/contrasena.png HTTP/1.1" 404 383
181.56.171.197 - - [03/Dec/2023:19:24:38 -0500] "GET /sipse/faces/javax.faces.resource/layout/layout.css?ln=primefaces&v=4.0 HTTP/1.1" 304 -
181.56.171.197 - - [03/Dec/2023:19:24:38 -0500] "GET /sipse/faces/javax.faces.resource/jquery/jquery.js?ln=primefaces&v=4.0 HTTP/1.1" 304 -
181.56.171.197 - - [03/Dec/2023:19:24:38 -0500] "GET /sipse/faces/javax.faces.resource/jquery/jquery-plugins.js?ln=primefaces&v=4.0 HTTP/1.1" 304 -
181.56.171.197 - - [03/Dec/2023:19:24:38 -0500] "GET /sipse/faces/javax.faces.resource/primefaces.js?ln=primefaces&v=4.0 HTTP/1.1" 304 -
181.56.171.197 - - [03/Dec/2023:19:24:38 -0500] "GET /sipse/faces/javax.faces.resource/layout/layout.js?ln=primefaces&v=4.0 HTTP/1.1" 304 -
181.56.171.197 - - [03/Dec/2023:19:24:38 -0500] "GET /sipse/faces/javax.faces.resource/images/ui-icons_898989_256x240.png?ln=primefaces-aristo HTTP/1.1" 304 -
201.245.192.253 - - [03/Dec/2023:19:24:41 -0500] "POST /forms/lservlet;jsessionid=ac16012b30d66bd79d5a81354b569b64ca0b03586396.e3iSbxaKaheRe3eRa38MahaQbi1ynknvrkLOlQzNp65In0 HTTP/1.1" 200 2
186.86.33.245 - - [03/Dec/2023:19:24:55 -0500] "POST /sipse/faces/presentacion/financiero/solicitudProceso/consultarSolicitudProceso.xhtml HTTP/1.1" 200 66239
186.86.33.245 - - [03/Dec/2023:19:24:56 -0500] "GET /sipse/faces/javax.faces.resource/primefaces.css?ln=primefaces&v=4.0 HTTP/1.1" 304 -
186.86.33.245 - - [03/Dec/2023:19:24:56 -0500] "GET /sipse/faces/javax.faces.resource/theme.css?ln=primefaces-sipse HTTP/1.1" 304 -
186.86.33.245 - - [03/Dec/2023:19:24:56 -0500] "GET /sipse/faces/javax.faces.resource/jquery/jquery.js?ln=primefaces&v=4.0 HTTP/1.1" 304 -
186.86.33.245 - - [03/Dec/2023:19:24:56 -0500] "GET /sipse/faces/javax.faces.resource/layout/layout.css?ln=primefaces&v=4.0 HTTP/1.1" 304 -
186.86.33.245 - - [03/Dec/2023:19:24:56 -0500] "GET /sipse/faces/javax.faces.resource/jquery/jquery-plugins.js?ln=primefaces&v=4.0 HTTP/1.1" 304 -
186.86.33.245 - - [03/Dec/2023:19:24:56 -0500] "GET /sipse/faces/javax.faces.resource/primefaces.js?ln=primefaces&v=4.0 HTTP/1.1" 304 -
186.86.33.245 - - [03/Dec/2023:19:24:56 -0500] "GET /sipse/faces/javax.faces.resource/layout/layout.js?ln=primefaces&v=4.0 HTTP/1.1" 304 -
