186.102.52.72 - - [04/Dec/2023:01:16:08 -0500] "GET /kwssiamovil/sm/acme/a?s=U2FsdGVkX1/QYsZkwO8tISq1bhUInSfI0q4ORdbOnnYfSMaoC2DA6wCwQpdkR8zfJLQ7brxzehA6MJZOAjwgMCuVrlE1QdO5zZ+ZaIPT/0RBcrs0096enWg5ix6ihHBdlKZA69BIXoKZhrCPhoHik323KfeoxpgfpXgck6QqStXmmQEyJlY9avkCXlrX66/BohMXEWEYNvuUY40DmUIsGZQa5DQvfOvFxyhLehN8PlLodVs605AwsLLlj5+b34oqApaVCZW9N3OYMnGNeiPzpHewMHmtKPRBpPutA3DCdic+q0VX2YdCtJuANZlvibEoEb3T2LgtUeQF47/KLL8hKT9ZLLcAbdsWu2wP+4DnZnYlmn82r0Q3kZBwMHv1VsgYcTalL1wN0qjbfvOQI31+WqbzLu7qUXQAvDm48wss//aD1i8pINDqOgoq5dty4ukLfRzIyFJ/QH6U4uojVYtLftih52Qhsdr7My/CEoSwUSpQ5HqgkzGHq6vCIWiXOAYLlhZhQvvvcHp0GVg+rxXxmNmjB2ZaEcfGVxngYP4IwBNG4B874mCI/+goVFFC4wR4H+wUi0KDF3Sf1IphR40OjDZGkOTMb71eMLuqtAC9QfJAG7ElK6ojHM9NJWbTHPHy0rUF5ACqHHbGIrivxBvsgmuym6ITZXu1ApLd5sOdWlH2aeFAngzDcgNgYa0GuKPDgApuema9262RUhF1Ipfk7B9+ZoCzUZ2kYJRJ9d6CqsNBhmbSuaea9G4ZMMmK6J0uBPEa6glE4i2amIl2yy/Bozg9AcN/VkbimQ6BBaWVlfUq1w4FI3w9lV3tFN2GtoGCqE++GLKo3r3W8oNF1MKZzU9FOWMUnmcm1ylWnWEQaXDUKfR74G7ulCyV+VLI1OUh3ASf/yw5tJj+eR78Y9UsEwCrNh2rcJCNAI7MNRcMhjil2aEAq4HZzxoTMaFeM/hveCOneTdxuZjuftY9S4//t12+ijadKB1ftEPscMmkfl5ihKtAQR/ZVTZtnTz+nSNRJ4cS8yrwGGYOHXQVepyQ425S1zTMUvFvkxDKbUF9Vn1JzGc5t9tK66OHpXpnY0iU1/Tyk9n1G0GePPcXoZvLW86Lcu2nisky7fglW4vxGv+YUcUaNDaTLpURj+k5w9EAWe/reC/mxYLTb5jhBnbmpmjxMakB94+DySXw3QLVhmW+pIU/jOS6/i8kcqrnm35Dgm0S2TEHKn27rzQcM3mByjDNLY0WavJskZnqozK/wwy9D+iXvIZN2g7w807Sa2jmXWUonk2HwPY5a3VRB0xcg+1GO1AKRnsXCsrOVkfkvqwha2Z1MHI3ZHtiLaDdT43g0ELvzSOGVb0wyR/OnHK/g2oTQFSMr3xcggc6nZ2A/fUxQ+MY3NyMFQmD5pi0U3Bxk18r6oPKGSh5ikb8drnkioASHO/v8AqidWbvFqO8wptIjjyVhfcvmBlFsNaP9ibLngAD/eRtsKqA1teDJsHNYPtfC6h8FnPMhJKeXdWeDPnfSr2i9PDrSQ4TnChKZ99st31vSYUcvHnqgwc3aTCHj7LyJ5D2eGbXcqRTf6jjffpSu/efTgBVMmC1GLmL5bDp1PG798U6/OEqWs8mDwkkLKv0Hw7ftJ6kyy/bHdRbZgMNuYZNoR7kXeGUmGfHJjLdM4K7tWW4g8jEL5542MKx79F4N2XFHgtujRycHV1Kuo0F2YEeiY0+n6cV+o2FKJDpjUsxbZhxWUl+CQBVneY1C1h0YxZ5E9XFs0rI+n0MvaZWkvJWedEIT/d+Eduk0Mwbk5QqPgDbL0N3JJNdvcUVdq9VBg8N5XA6qIJy8VrOiw3ptJW6usDDxPsZCrfCEIGh4c3w/rHO2OwUhPHZwMgipoHKPsoOIyInqVnUSuGSGNkKSSRQFLzADQ3KuxnqHPUID6+G/c+s9QKS2M8I3lGuCg==&u=U2FsdGVkX18aYoaJ7ZQFC0V6Jc7ew69k+ovcrZy8mns=&y=U2FsdGVkX18xM1zbaRivtb9B7EslSCi14DJeM0LPpt0= HTTP/1.1" 200 26
186.102.52.72 - - [04/Dec/2023:01:16:08 -0500] "GET /kwssiamovil/sm/acme/a?s=U2FsdGVkX1+vA5FTsEek1O1xMYhmIbCSBMftdmxfr7jT9Btd35Dt/fGr9qOLpxRs1s5AazGBs787a52zzRdGbTRgjYI5+X8ZbnXgxbnfb+NEnXqh0bjskJ8LCOoILufx4pSt0GHiacpF3hbsPpVIVbBa+x62xjm5MX16OiMUs6s=&u=U2FsdGVkX18aYoaJ7ZQFC0V6Jc7ew69k+ovcrZy8mns=&y=U2FsdGVkX18xM1zbaRivtb9B7EslSCi14DJeM0LPpt0= HTTP/1.1" 200 26
186.102.52.72 - - [04/Dec/2023:01:16:08 -0500] "GET /kwssiamovil/sm/acme/a?s=U2FsdGVkX1/7e3BbazngfxQ52dA/RvLuOZZOYCxXNRFiAaU31lPdOkpQ+1yqLsEbSpc2pPwEaUndwredF40r8a+x9za7pPGbqlJf5fbOXeo3hkYgfmrRBaSwqAEpNLdf7cOsj23E58SM0rUHdlDE4lcVKBxse1kp7zpVfB30Ovk=&u=U2FsdGVkX18aYoaJ7ZQFC0V6Jc7ew69k+ovcrZy8mns=&y=U2FsdGVkX18xM1zbaRivtb9B7EslSCi14DJeM0LPpt0= HTTP/1.1" 200 26
186.102.52.72 - - [04/Dec/2023:01:16:08 -0500] "GET /kwssiamovil/sm/acme/a?s=U2FsdGVkX182lKM1fDADqMeRcJZ84qPXncUKfV0IZ4mM/s2PL3Q/FbTA5HvmpkTObXTYNYwe2KZ2N+g8CMrnUqEN4aDCmiK5UZqJlb55stxQEAyxN8Uoo+R7+mBxn2ww1w42SLHhhYDUj0rE8hvV+eNrxtAVIWIP0gTzha6pXBI=&u=U2FsdGVkX18aYoaJ7ZQFC0V6Jc7ew69k+ovcrZy8mns=&y=U2FsdGVkX18xM1zbaRivtb9B7EslSCi14DJeM0LPpt0= HTTP/1.1" 200 26
186.102.52.72 - - [04/Dec/2023:01:16:09 -0500] "GET /kwssiamovil/sm/acme/a?s=U2FsdGVkX18YeziBuzegazRilTGyQ2kGSB/4iDO9IERFGZybhQ1NK7w2UlIZG/Ppu63OeaTxVyMq9kbbjnvuT8SxKOmXhtj4XGghtkRuWNEqyGj9leMMxoyn3cJEgbnm4ssGL8ZZenIp7sXkMf7WBgROdCpYI3VbvCQqwcpnhi1NOrGMmDFMadOSzX8QD3IJ&u=U2FsdGVkX18aYoaJ7ZQFC0V6Jc7ew69k+ovcrZy8mns=&y=U2FsdGVkX18xM1zbaRivtb9B7EslSCi14DJeM0LPpt0= HTTP/1.1" 200 26
201.245.192.253 - - [04/Dec/2023:01:16:28 -0500] "POST /forms/lservlet;jsessionid=ac16012b30d64ec0b0a9f85d4cd0acdf8f65235348eb.e3iSbxaKaheRe3eRa38MahaQbi1ynknvrkLOlQzNp65In0 HTTP/1.1" 200 2
201.245.192.253 - - [04/Dec/2023:01:16:38 -0500] "POST /kwsrmcab/Wsrmcab  HTTP/1.1" 200 41956
201.245.192.253 - - [04/Dec/2023:01:16:42 -0500] "POST /forms/lservlet;jsessionid=ac16012b30d66bd79d5a81354b569b64ca0b03586396.e3iSbxaKaheRe3eRa38MahaQbi1ynknvrkLOlQzNp65In0 HTTP/1.1" 200 2
201.245.192.253 - - [04/Dec/2023:01:16:53 -0500] "POST /kwsrmcab/Wsrmcab HTTP/1.1" 200 38987
201.245.192.253 - - [04/Dec/2023:01:16:56 -0500] "POST /kwsrmcab/Wsrmcab HTTP/1.1" 200 37612
216.245.221.92 - - [04/Dec/2023:01:18:12 -0500] "HEAD / HTTP/1.1" 200 -
201.245.192.253 - - [04/Dec/2023:01:18:28 -0500] "POST /forms/lservlet;jsessionid=ac16012b30d64ec0b0a9f85d4cd0acdf8f65235348eb.e3iSbxaKaheRe3eRa38MahaQbi1ynknvrkLOlQzNp65In0 HTTP/1.1" 200 2
201.245.192.253 - - [04/Dec/2023:01:18:42 -0500] "POST /forms/lservlet;jsessionid=ac16012b30d66bd79d5a81354b569b64ca0b03586396.e3iSbxaKaheRe3eRa38MahaQbi1ynknvrkLOlQzNp65In0 HTTP/1.1" 200 2
40.77.167.32 - - [04/Dec/2023:01:19:24 -0500] "GET /BLA/resoluciones/RESOLUCIONES%202007/RES%202007%203601%20AL%203700/RESOLUCION%203604%20DE%202007.pdf HTTP/1.1" 200 610578
172.22.2.4 - - [04/Dec/2023:01:18:28 -0500] "HEAD /BLA/boletinlegal/ HTTP/1.1" 200 -
201.245.192.253 - - [04/Dec/2023:01:20:28 -0500] "POST /forms/lservlet;jsessionid=ac16012b30d64ec0b0a9f85d4cd0acdf8f65235348eb.e3iSbxaKaheRe3eRa38MahaQbi1ynknvrkLOlQzNp65In0 HTTP/1.1" 200 2
201.245.192.253 - - [04/Dec/2023:01:20:33 -0500] "POST /kwsrmcab/Wsrmcab HTTP/1.1" 200 38987
201.245.192.253 - - [04/Dec/2023:01:20:42 -0500] "POST /forms/lservlet;jsessionid=ac16012b30d66bd79d5a81354b569b64ca0b03586396.e3iSbxaKaheRe3eRa38MahaQbi1ynknvrkLOlQzNp65In0 HTTP/1.1" 200 2
201.245.192.253 - - [04/Dec/2023:01:20:42 -0500] "POST /kwsrmcab/Wsrmcab HTTP/1.1" 200 37612
172.22.2.4 - - [04/Dec/2023:01:19:19 -0500] "GET /BLA/boletinlegal/ HTTP/1.1" 200 58294
201.245.192.253 - - [04/Dec/2023:01:21:37 -0500] "POST /kwsrmcab/Wsrmcab  HTTP/1.1" 200 41956
52.167.144.19 - - [04/Dec/2023:01:21:48 -0500] "GET /BLA/resoluciones/RESOLUCIONES%202023/0037.pdf HTTP/1.1" 304 -
186.102.52.72 - - [04/Dec/2023:01:22:07 -0500] "GET /kwssiamovil/sm/acme/a?s=U2FsdGVkX18xztHIHoXc9La3uMJKiJ5di/1JAYz+bI0lvwIHdoKhQTNjTvIQmRd/pCEPXhMV2dwCQfzusY5+zaFcjzNx4g6DD1UyWefluY53RDhQ54xrLDYGhagfDwGztP126Vz93mzU6pupQM+bKIjsG3RtpSfrMOpD3cXTI3F+J9fSDPSTmuv0RISMDAxwr/kk8IMQb9Wg1Q/KTKfFQMZS1f+o+nPdlIpT94VjlizpNxFZ2C85o6zvC5TrXQn88RUqDi0mt2jcODJJwL2SVQ==&u=U2FsdGVkX18aYoaJ7ZQFC0V6Jc7ew69k+ovcrZy8mns=&y=U2FsdGVkX18xM1zbaRivtb9B7EslSCi14DJeM0LPpt0= HTTP/1.1" 200 26
186.102.52.72 - - [04/Dec/2023:01:22:08 -0500] "GET /kwssiamovil/sm/acme/a?s=U2FsdGVkX1+kG+UjObfMWkyC7OAWyPvpK/1v0PWT5v2YQBVMFGPQ1sBamdzo965JZW9SIhTweSEXBO/sGAfkDKCaZCRHLQFvA/GNbGId24tM8wqE/dYKypvGrehzpS7dF02jOFI6+ke/nTWYCcszAlZZF/sZ7BZ+nNdzGUNxh3XFHbkTy8GQa7l08W9nL6LoGaczvj7pnlDBhEfc9nFW0bhBOizlf3R87lTk9WWIDEDj1znWhEfeopOiJiSWj1H/wnJOl4+1yvSoyIOmwsn/VgsXzcxltpHfAg9IOz5A/ZS6waNApIYsFNJbksHmr1mz6eQ6DV+4x+xjADB+QONFja7MYyIKPDOrCE+tkdcPPNbdzm6xzp1fPecgurl6z1HiUc/6MREYdLmB8wPbB6zbTmhApqyOt1k68zTC6uTG+iQ3SD7YMIbZq+/4TTou+RSlhb7rFOra7dXono9/6NPGufaVEIbhEhBe7sgFpwY22/YUsGDBV5rowCR2Pg2cWC+zUBwlmqBZvdl5xA61zd9T7DqY5MFjH7UYctAVI7rCFzP5A4jRTHhuOkmZJ61nRO6xooAi5U7zwSPkJTos+AvbM9TJrhBUKCCu0jMChveJUesEfGqu6IRMNUIX9dvNB305mul3sqEW5MeblhKctOFYnchHjhNkGrJYwQIXc9JA3S4b1rM9hWCy6ye77pOLI5K7taVg10kOp/lsMpTedOkOEgcfzFM03MeLu1W13YaqFq3HkM4qZzP0HiuWsJXb3B4U6EROvRAQ3gTXwvxAHk6zZYdp9fvXgVh7t2td86g544hPIHNgXdUTIskWOKqEKnRhDWM8CRBhRbIAgOYU6KR3eChhU/ju2rDsh6bWsWbXgCsUSrAMmdVn8lMixIltiLFVvplyXCE5Nf0lvbDrj4vOzvNaHmHDqoIPeQEF2D3ItkDKEyXoT+vDS0WpY7fvvXr58nsEP0wIi4ID81CL//QISPq7UIc98ZteN7VtUf+NIEYhKtA6hBDYmDX/Ur0YlBx/1W7kS3cB93Mb0uZcbbtIImCw8Gj8EjeR8NhXpF134qmyTYR3iZep+rpUCYrLXkdi91uImjTEhmP6fC2NtYHYWOrt6kkyulj7RMg3RKDi3P1c3HoFUWr5o9HojpW4QRK6aVlrlXR2Cgv17B/g8+OJEFaa7I2TYvV6hNnchHk+n6VgyqKJ8YS8N/GkmFjfqyiMQ5vyvesAyrEOVh6yQK/kO2Kj/77BzoGr3khkAVh1cMzguS6g8/5QgkhKWeeOgtSyFUrPFzGO1kqeHlD/vNoNqR5Nolykl30Pu9OD4C+nxPwfjVFPL0tJk6BolRF2r4NezCdRbxNVjLp5oxHPz6OwCV4aU6piIjYe/RzX+pQfsWBQaRNY+0GQnxdgYQ3VBY5nrEBNyDOQF+3EzM/A0zk/f30KjzFAfRADTFcQ4MhXgFscUGJ3ED2qb+YaaQP3k5ZE/WDliXc0WfOY1rK3PEPO8t2nZYw+UNV2tPZd3fcuB93emFz3UK0Y1+DtyrMBNqei/UMCfaYrFoIPkYWHe/RRzh87l818Pqrj1H068k1IVH2GDlPm+Vx02vKYGqGvZ5CUmuHE3hHxwdVJs3U/0VNWb8oTQzMPa7cRFTd3bmFeiNfNXF9W3yKq9pnSBHdxu0Vv/azfj6o1OW/7EaA6ptDKjQTtkipvzcYI6R9l565nRAxViZDV2CawUyDJmq0oJ0lm1w/JbyVePnrBhdqokSQh32G0TY1IZC9Z+4Cb35yx3njNUcrOo1OpiZvU2TwhBWCfzAsMTPl/x4CKh433jd8TMbMK4ofWVPgDpG6cvK4MHVngXOArcJvRylB8U+FshC8bwJPM/P9HnRzk53rtfgZPAyM0ldur7j47vtixPM+kwvZjubGXnCblMrbRJfGVuXfQOwr4KPaAwvRrubKvFxKsAQ==&u=U2FsdGVkX18aYoaJ7ZQFC0V6Jc7ew69k+ovcrZy8mns=&y=U2FsdGVkX18xM1zbaRivtb9B7EslSCi14DJeM0LPpt0= HTTP/1.1" 200 26
186.102.52.72 - - [04/Dec/2023:01:22:08 -0500] "GET /kwssiamovil/sm/acme/a?s=U2FsdGVkX19Kq/5jH5VElqh62Ff7X6xJ3PgDbLLW9ItWx3lXwvK6dJByvc7/0hCglyPRT0LIGns3JsHZ+cKaYW8fSZ8lERs+vzUTOuno7ViwK/O42sOkPh5BKs1pW8AHNJRFuCV0Qd8gJ/R/fXRnwUnCXHhoAmCxG7hSpJ8aCuI=&u=U2FsdGVkX18aYoaJ7ZQFC0V6Jc7ew69k+ovcrZy8mns=&y=U2FsdGVkX18xM1zbaRivtb9B7EslSCi14DJeM0LPpt0= HTTP/1.1" 200 26
186.102.52.72 - - [04/Dec/2023:01:22:08 -0500] "GET /kwssiamovil/sm/acme/a?s=U2FsdGVkX1+ZEmvPJb16StWJQYCYF//zjnXPKxx/A8+36+sGmwgH06dK4DkyZQS8ZEaqkg2T30oOZKNpO9+mnnzz+bY5WZKlGT2+1n8TVROZ1XJ41mVE6dT1L/vCQNGHYNZzUGYbUMWxRPozW3N3RcdJIGAZGPp7HTZDfoCycnk=&u=U2FsdGVkX18aYoaJ7ZQFC0V6Jc7ew69k+ovcrZy8mns=&y=U2FsdGVkX18xM1zbaRivtb9B7EslSCi14DJeM0LPpt0= HTTP/1.1" 200 26
186.102.52.72 - - [04/Dec/2023:01:22:08 -0500] "GET /kwssiamovil/sm/acme/a?s=U2FsdGVkX1/z8AZCRfIeaiF7FXQqESc5sNuunep5n6dJK54GYU/64eWx64I9KBbsVUYX9sIWOocml/7PrBbkOIdW71CSgJzmDmmd6U3ZV9Yfx6LjPhTTufIkHHqba/M7JI2I9XAHzMT8smzvK3/vGInbSyOM3jjK9c9E4wiAid4=&u=U2FsdGVkX18aYoaJ7ZQFC0V6Jc7ew69k+ovcrZy8mns=&y=U2FsdGVkX18xM1zbaRivtb9B7EslSCi14DJeM0LPpt0= HTTP/1.1" 200 26
186.102.52.72 - - [04/Dec/2023:01:22:09 -0500] "GET /kwssiamovil/sm/acme/a?s=U2FsdGVkX1+QNpjzjkmnvqx2nWMq2aOLRyYEB7KvpJnDka7m+L9J++ys4O0ziFXnnb6p1o9snq++NeEEzj6397a73DhoiH21SD2+GSHRkJqz0Hn6oCA/QEXmKv/oUTuLm5VRr8WunCYWvmB9A+pLYvJs3UuY3gvumZ/5yer67QBrPjIfRXwSX17WUzCNsrom&u=U2FsdGVkX18aYoaJ7ZQFC0V6Jc7ew69k+ovcrZy8mns=&y=U2FsdGVkX18xM1zbaRivtb9B7EslSCi14DJeM0LPpt0= HTTP/1.1" 200 26
201.245.192.253 - - [04/Dec/2023:01:22:28 -0500] "POST /forms/lservlet;jsessionid=ac16012b30d64ec0b0a9f85d4cd0acdf8f65235348eb.e3iSbxaKaheRe3eRa38MahaQbi1ynknvrkLOlQzNp65In0 HTTP/1.1" 200 2
201.245.192.253 - - [04/Dec/2023:01:22:42 -0500] "POST /forms/lservlet;jsessionid=ac16012b30d66bd79d5a81354b569b64ca0b03586396.e3iSbxaKaheRe3eRa38MahaQbi1ynknvrkLOlQzNp65In0 HTTP/1.1" 200 2
216.245.221.92 - - [04/Dec/2023:01:23:12 -0500] "HEAD / HTTP/1.1" 200 -
40.77.167.60 - - [04/Dec/2023:01:23:13 -0500] "GET /BLA/resoluciones/AUTOS%202017/3117.pdf HTTP/1.1" 200 267792
173.252.79.4 - - [04/Dec/2023:01:23:17 -0500] "GET /images/ecosistema-dia-internacional-tierra-21-abril.jpg HTTP/1.1" 200 30098
172.22.2.4 - - [04/Dec/2023:01:22:57 -0500] "GET /BLA/boletinlegal/ HTTP/1.1" 200 49099
201.245.192.253 - - [04/Dec/2023:01:24:28 -0500] "POST /forms/lservlet;jsessionid=ac16012b30d64ec0b0a9f85d4cd0acdf8f65235348eb.e3iSbxaKaheRe3eRa38MahaQbi1ynknvrkLOlQzNp65In0 HTTP/1.1" 200 2
201.245.192.253 - - [04/Dec/2023:01:24:42 -0500] "POST /forms/lservlet;jsessionid=ac16012b30d66bd79d5a81354b569b64ca0b03586396.e3iSbxaKaheRe3eRa38MahaQbi1ynknvrkLOlQzNp65In0 HTTP/1.1" 200 2
173.252.107.9 - - [04/Dec/2023:01:25:48 -0500] "GET /laurel-de-cera-para-el-dia-de-la-santa-cruz-cruz-de-mayo-evita-usarlo-existen-otras-alternativas.html HTTP/1.1" 200 931
172.22.2.4 - - [04/Dec/2023:01:24:18 -0500] "HEAD /BLA/boletinlegal/ HTTP/1.1" 200 -
201.245.192.253 - - [04/Dec/2023:01:26:28 -0500] "POST /forms/lservlet;jsessionid=ac16012b30d64ec0b0a9f85d4cd0acdf8f65235348eb.e3iSbxaKaheRe3eRa38MahaQbi1ynknvrkLOlQzNp65In0 HTTP/1.1" 200 2
201.245.192.253 - - [04/Dec/2023:01:26:35 -0500] "POST /kwsrmcab/Wsrmcab  HTTP/1.1" 200 41956
201.245.192.253 - - [04/Dec/2023:01:26:42 -0500] "POST /forms/lservlet;jsessionid=ac16012b30d66bd79d5a81354b569b64ca0b03586396.e3iSbxaKaheRe3eRa38MahaQbi1ynknvrkLOlQzNp65In0 HTTP/1.1" 200 2
186.102.52.72 - - [04/Dec/2023:01:26:48 -0500] "GET /kwssiamovil/sm/acme/a?s=U2FsdGVkX1/Nr9BEAioB0tuIAIuqHr9rquhkNBr/OsFWpy6TPHj56LNy+w80vvRVpgs2F4BnuTF4Id6+lruG7EqpgZexs3eVVkkqVaSlabZ9LOdEum6sNoX8opBKjXWJDjC56r6PDpyUb9dJsXyKpB1KJmcb5ATqvrr0f+QyOpiJs1hIGRx7S4ToQKF+EEUi+GZaGUZynJmlvRDIzzzWwmAMY4V0f3D/0WqRm5mTXDuo8zhTajkWH0mjQZUBoFbBcLLnq/4SH2XDj2Cew0j4jA==&u=U2FsdGVkX18aYoaJ7ZQFC0V6Jc7ew69k+ovcrZy8mns=&y=U2FsdGVkX18xM1zbaRivtb9B7EslSCi14DJeM0LPpt0= HTTP/1.1" 200 26
186.102.52.72 - - [04/Dec/2023:01:26:48 -0500] "GET /kwssiamovil/sm/acme/a?s=U2FsdGVkX18p7VV2dyrZQmWU2kJCrrgQ7vn7AAyZRQs+1sat3Fwq/BApe+kXC9k2Jyhjbnreh7ak15T/Rsu0Zi5Zl2YZEnaF7v90PGrAV3EDn6Rpyx+ZwuHRfesmfuAsqUMlZBFloAD+UEGttJQ4j1wjvsfxYY+4IWXwrI8X76HTHihKOJP6q3JZw8HiKu1C80P/r80x2NYrWwa7JuOIa8iyMJbKwOqLOCkt89y9RZzfwDSrswGG9LOk6Q1JcSMreUM1GxwDD2Mz7TKRbAOjo56tLsGaUXS7zDsbh+qLOvRrb22pKi7F1e9pJrC4WFwtV9YQ3M4DfzNRoHjm+q4++utMk4EJtqqmhg1QxhmXFV32PaPlWXE+/vMMGKfIcm6kEQTXxII+h+/6VgWEs22YmlF1ewv/9MrKwNMVxg5/SmYI6EnndaFGmzhEvxclJu1t19CddHCknS8ar5Hm5cweI4mdE+nEliaxqmYsJKM5brX9Z0+GQQ36timTVRRcTyfJTzKIUrIFdyq/Tc0S9xdViPNLHbTYOg4HTIy2pLxffyy1zyK5p97FswsQQmTRlAlPrjHxtyR6zkT5Z7gEWTupIcnRSn78XmygLzw/JKXTG2ZSdDXSS1QYAeMeltUCt5McIGgkYUjiG3NK3QpD7wA5OdOIOhI/9NaVz8DOHPiN27DGSEC8Dr1HWyPHWHu3rTxJAAg8Eofba+5Cz/GHwVFu0mbz4B2on9r1+B+EmVCrkB460dojFpwtTWrTSfJXrEKmWzgJZpwp+EtlmRlavgeJuACecx4nqckjrxqEBRlcOgKjbGjXRDoUqbvHpcIIUOzeRdGcSzehhsZun8fobCjVeAAQbcir7YyluegfDX5VnU0UKly/Fziadc01fdcf+jQx3K+Y2c3YfR/joAXLeAJSgAQ7YBC1YbucKbH1HxXBxdmWRiDGDOVWjeCgx+KSWwEg1xpxV4jptoIsiQnfx94dy5ivwc6f0O6hBYS7oeM2kN9Fg+opu7+q8SquDG7aebNzGnNH9mtg8DBqomDubEikwE+DOPWmE+QQdmlJmmfLEwzwqtSfnGROkSDPfwTg6u0TDulDGbFGejIGbTiDlmHTddba2lJuzbgCxBPWKhTAyh4hWDCaJ6Dn43NANxklOFyGJRJQgqoPMrrPYIeZalLvngUYVpmtpdbwIDlmUTWDu112YoKKmmQ4BPq9h+cR2xj32eWYFYMs56+IbXJ9bHV92eEom8orsDAk3ct00zYBmCx+AxnpE/LCBvs6xlwDrczthJuChLAl0UJqXtBEcokuj3c/Oww8xwNLrHPTrI4feDjZ/nZb8Q1PSsJIIjn129rHxAgZ8n3scEvSp+Kb2WiXoGB3os0JtfC2+fftsQIPyV8J7cJRmIcu1pXkCVoUn/zdB+Js7r3Y197oF0N5DZlct6yNlTD7l+3jVQF0FQmiUJUy/v+PoKNnWV9ooXt86vZbgznGqLlt88ojMpmboZwiw5ZRs8itCHCF/QO5m/EslZzZu7Gjhq/opCP+aKQJucFhWFbwRzl3cyQUWIiBki6mCHnp7x6vddDNPhj41oAoc75Ajxv5I4gTclbjx+KQH1b88dR/uCM/SEmN02YYvT3BmahfeHwzZzOXaBzIWeYUF8tAmisof5+bSa4skiXADFX8ZHCRKsvqA6AJM820XbF6ZYUSWhNJRxVVXJZ/T83szTNb5RMmq3qkApuH8Umtrbu25ZDD3ekWUyC5bnln2zwYgALZpOXF+/CTHri9fsLWav0XLxh1edmhMviKpCNyF/AqlOv9s5RQ1S8Um6Ux5ky1aTBSQZDCGEYAvfr1hXxXJEdHcUs1THvmRPjSFzD3cCgf/miJO3s+QHTzbFOvIU/16TMbaizyQ8paxW9ptYISJs4pbZ0rQ5ktTD7oWnN58Lae8YV6OEXrBP+86atzuBBXDDCBz06TN2s402nfYzBDu4zduFaIOxh/ogziIYpdyqQiCDxEYm4vwrn0TUZaWruejyLBAse81Buf3yEEqhDYzEStBylzFzyCJGBuBs8aTIVbZttAH7C4Iaaf3+RQK0EchpEgLNtMi9tou2MW9Pmm8ZkPRV6ukNkSKHdV6v4lMO1tuExK1kdAounojt51TzDveiZTU5iawl7Zd3/8COvZpE+gfsPT0RjMPlXKLi73EPMSy4F4S001vFLjyz5nECt2K8Nx+498QyuRdtIIi6iVbPK1Cd14gqnymTJigNv4RRm4Z5Qq1Yyjenv76Nck0+Zg/w==&u=U2FsdGVkX18aYoaJ7ZQFC0V6Jc7ew69k+ovcrZy8mns=&y=U2FsdGVkX18xM1zbaRivtb9B7EslSCi14DJeM0LPpt0= HTTP/1.1" 200 26
186.102.52.72 - - [04/Dec/2023:01:26:48 -0500] "GET /kwssiamovil/sm/acme/a?s=U2FsdGVkX18hF86bvxvxy50ZycSsV+ce+jtqcJNzILsDQ47+wuIIDcbZnZwlhfQlUfFBGAmsvVuAObJAgy1VDkP+1i+UkWxTsXkBdFBYx8Q7e34dgDEg0208XzJJNtnvjdsbPWa+Ix01KThlwNawp4MdLGOhUoN1VT3/bVW0l9U=&u=U2FsdGVkX18aYoaJ7ZQFC0V6Jc7ew69k+ovcrZy8mns=&y=U2FsdGVkX18xM1zbaRivtb9B7EslSCi14DJeM0LPpt0= HTTP/1.1" 200 26
186.102.52.72 - - [04/Dec/2023:01:26:49 -0500] "GET /kwssiamovil/sm/acme/a?s=U2FsdGVkX1+swJxgzrwY6bdoGS/iLtTucuhvkxB8ZLZZow9rbxAydh8VbJvG5OT+II6cL+p4OJKxvh+LgWMnlIUfEKa2rPnUpDnBp2vCUQ10eznlyVflGDEs/ggNCvXulLud8cMsdzKleiYsyBUiVqYW/c1LRUSFfnkR6tyjbUY=&u=U2FsdGVkX18aYoaJ7ZQFC0V6Jc7ew69k+ovcrZy8mns=&y=U2FsdGVkX18xM1zbaRivtb9B7EslSCi14DJeM0LPpt0= HTTP/1.1" 200 26
186.102.52.72 - - [04/Dec/2023:01:26:49 -0500] "GET /kwssiamovil/sm/acme/a?s=U2FsdGVkX18rTvefXX+/1f6hY2G0CyQV7tX1yIUb/FZK5NpFAhmmLKyJVnCBO0ec1AV3B2Kg/eCcPGFVuBErHfrWT3+TsB28IA2Qo16MyAb1zHdNFXY/8Ma4WAr40Wh0u9WKJ50iVT6PY+e8PCSl8Ew6Q5slcMes6F3FzIc9u6I=&u=U2FsdGVkX18aYoaJ7ZQFC0V6Jc7ew69k+ovcrZy8mns=&y=U2FsdGVkX18xM1zbaRivtb9B7EslSCi14DJeM0LPpt0= HTTP/1.1" 200 26
186.102.52.72 - - [04/Dec/2023:01:26:49 -0500] "GET /kwssiamovil/sm/acme/a?s=U2FsdGVkX1+/zgfKWWHAyzsxsDuzZpJKG9sUMAWjDqnB7ZFiCGDSWzQEuTze7R14hGnCATrJzMaM9qBpqzgfhhzTtUBCS3RqzEZky4qRIm/u0WkOZE3eIQae/WPTgS28Y3vN0L4dL6SFO/p3C1nqmsYE0tZZFpep/FboZsBYqt07G/GDfwdigCqYwG8Eoesw&u=U2FsdGVkX18aYoaJ7ZQFC0V6Jc7ew69k+ovcrZy8mns=&y=U2FsdGVkX18xM1zbaRivtb9B7EslSCi14DJeM0LPpt0= HTTP/1.1" 200 26
172.22.2.4 - - [04/Dec/2023:01:25:10 -0500] "GET /BLA/boletinlegal/ HTTP/1.1" 200 58644
201.245.192.253 - - [04/Dec/2023:01:26:53 -0500] "POST /kwsrmcab/Wsrmcab HTTP/1.1" 200 38987
201.245.192.253 - - [04/Dec/2023:01:26:58 -0500] "POST /kwsrmcab/Wsrmcab HTTP/1.1" 200 37612
216.245.221.92 - - [04/Dec/2023:01:28:12 -0500] "HEAD / HTTP/1.1" 200 -
201.245.192.253 - - [04/Dec/2023:01:28:28 -0500] "POST /forms/lservlet;jsessionid=ac16012b30d64ec0b0a9f85d4cd0acdf8f65235348eb.e3iSbxaKaheRe3eRa38MahaQbi1ynknvrkLOlQzNp65In0 HTTP/1.1" 200 2
201.245.192.253 - - [04/Dec/2023:01:28:42 -0500] "POST /forms/lservlet;jsessionid=ac16012b30d66bd79d5a81354b569b64ca0b03586396.e3iSbxaKaheRe3eRa38MahaQbi1ynknvrkLOlQzNp65In0 HTTP/1.1" 200 2
201.245.192.253 - - [04/Dec/2023:01:30:28 -0500] "POST /forms/lservlet;jsessionid=ac16012b30d64ec0b0a9f85d4cd0acdf8f65235348eb.e3iSbxaKaheRe3eRa38MahaQbi1ynknvrkLOlQzNp65In0 HTTP/1.1" 200 2
201.245.192.253 - - [04/Dec/2023:01:30:33 -0500] "POST /kwsrmcab/Wsrmcab HTTP/1.1" 200 38987
201.245.192.253 - - [04/Dec/2023:01:30:42 -0500] "POST /forms/lservlet;jsessionid=ac16012b30d66bd79d5a81354b569b64ca0b03586396.e3iSbxaKaheRe3eRa38MahaQbi1ynknvrkLOlQzNp65In0 HTTP/1.1" 200 2
201.245.192.253 - - [04/Dec/2023:01:30:42 -0500] "POST /kwsrmcab/Wsrmcab HTTP/1.1" 200 37612
201.245.192.253 - - [04/Dec/2023:01:31:33 -0500] "POST /kwsrmcab/Wsrmcab  HTTP/1.1" 200 41956
172.22.2.4 - - [04/Dec/2023:01:30:09 -0500] "HEAD /BLA/boletinlegal/ HTTP/1.1" 200 -
201.245.192.253 - - [04/Dec/2023:01:32:28 -0500] "POST /forms/lservlet;jsessionid=ac16012b30d64ec0b0a9f85d4cd0acdf8f65235348eb.e3iSbxaKaheRe3eRa38MahaQbi1ynknvrkLOlQzNp65In0 HTTP/1.1" 200 2
172.22.2.4 - - [04/Dec/2023:01:31:00 -0500] "GET /BLA/boletinlegal/ HTTP/1.1" 200 60634
201.245.192.253 - - [04/Dec/2023:01:32:42 -0500] "POST /forms/lservlet;jsessionid=ac16012b30d66bd79d5a81354b569b64ca0b03586396.e3iSbxaKaheRe3eRa38MahaQbi1ynknvrkLOlQzNp65In0 HTTP/1.1" 200 2
216.245.221.92 - - [04/Dec/2023:01:33:12 -0500] "HEAD / HTTP/1.1" 200 -
201.245.192.253 - - [04/Dec/2023:01:34:28 -0500] "POST /forms/lservlet;jsessionid=ac16012b30d64ec0b0a9f85d4cd0acdf8f65235348eb.e3iSbxaKaheRe3eRa38MahaQbi1ynknvrkLOlQzNp65In0 HTTP/1.1" 200 2
66.249.66.194 - - [04/Dec/2023:01:34:31 -0500] "GET /distrito-celebro-el-cumpleanos-del-parque-ecologico-distrital-de-montana-entrenubes.html HTTP/1.1" 200 829
66.249.66.196 - - [04/Dec/2023:01:34:32 -0500] "GET /distrito-alcanza-ya-15-acuerdos-de-conservacion-por-174-02-hectareas-para-consolidar-varios-ecosistemas-estrategicos-de-bogota.html HTTP/1.1" 304 -
201.245.192.253 - - [04/Dec/2023:01:34:42 -0500] "POST /forms/lservlet;jsessionid=ac16012b30d66bd79d5a81354b569b64ca0b03586396.e3iSbxaKaheRe3eRa38MahaQbi1ynknvrkLOlQzNp65In0 HTTP/1.1" 200 2
40.77.167.243 - - [04/Dec/2023:01:35:45 -0500] "GET /BLA/resoluciones/AUTOS%202013/1954.pdf HTTP/1.1" 200 1085535
201.245.192.253 - - [04/Dec/2023:01:36:28 -0500] "POST /forms/lservlet;jsessionid=ac16012b30d64ec0b0a9f85d4cd0acdf8f65235348eb.e3iSbxaKaheRe3eRa38MahaQbi1ynknvrkLOlQzNp65In0 HTTP/1.1" 200 2
201.245.192.253 - - [04/Dec/2023:01:36:32 -0500] "POST /kwsrmcab/Wsrmcab  HTTP/1.1" 503 1020
201.245.192.253 - - [04/Dec/2023:01:36:42 -0500] "POST /forms/lservlet;jsessionid=ac16012b30d66bd79d5a81354b569b64ca0b03586396.e3iSbxaKaheRe3eRa38MahaQbi1ynknvrkLOlQzNp65In0 HTTP/1.1" 200 2
201.245.192.253 - - [04/Dec/2023:01:36:53 -0500] "POST /kwsrmcab/Wsrmcab HTTP/1.1" 503 1020
201.245.192.253 - - [04/Dec/2023:01:36:53 -0500] "POST /kwsrmcab/Wsrmcab HTTP/1.1" 503 1020
201.245.192.253 - - [04/Dec/2023:01:37:32 -0500] "POST /kwsrmcab/Wsrmcab  HTTP/1.1" 503 1020
172.22.2.4 - - [04/Dec/2023:01:35:59 -0500] "HEAD /BLA/boletinlegal/ HTTP/1.1" 200 -
216.245.221.92 - - [04/Dec/2023:01:38:12 -0500] "HEAD / HTTP/1.1" 200 -
201.245.192.253 - - [04/Dec/2023:01:38:28 -0500] "POST /forms/lservlet;jsessionid=ac16012b30d64ec0b0a9f85d4cd0acdf8f65235348eb.e3iSbxaKaheRe3eRa38MahaQbi1ynknvrkLOlQzNp65In0 HTTP/1.1" 200 2
172.22.2.4 - - [04/Dec/2023:01:36:50 -0500] "GET /BLA/boletinlegal/ HTTP/1.1" 200 58294
201.245.192.253 - - [04/Dec/2023:01:38:31 -0500] "POST /kwsrmcab/Wsrmcab  HTTP/1.1" 200 41956
201.245.192.253 - - [04/Dec/2023:01:38:42 -0500] "POST /forms/lservlet;jsessionid=ac16012b30d66bd79d5a81354b569b64ca0b03586396.e3iSbxaKaheRe3eRa38MahaQbi1ynknvrkLOlQzNp65In0 HTTP/1.1" 200 2
201.245.192.253 - - [04/Dec/2023:01:39:32 -0500] "POST /kwsrmcab/Wsrmcab  HTTP/1.1" 200 41956
201.245.192.253 - - [04/Dec/2023:01:40:28 -0500] "POST /forms/lservlet;jsessionid=ac16012b30d64ec0b0a9f85d4cd0acdf8f65235348eb.e3iSbxaKaheRe3eRa38MahaQbi1ynknvrkLOlQzNp65In0 HTTP/1.1" 200 2
201.245.192.253 - - [04/Dec/2023:01:40:33 -0500] "POST /kwsrmcab/Wsrmcab HTTP/1.1" 200 38987
201.245.192.253 - - [04/Dec/2023:01:40:42 -0500] "POST /forms/lservlet;jsessionid=ac16012b30d66bd79d5a81354b569b64ca0b03586396.e3iSbxaKaheRe3eRa38MahaQbi1ynknvrkLOlQzNp65In0 HTTP/1.1" 200 2
201.245.192.253 - - [04/Dec/2023:01:40:41 -0500] "POST /kwsrmcab/Wsrmcab HTTP/1.1" 200 37612
201.245.192.253 - - [04/Dec/2023:01:42:28 -0500] "POST /forms/lservlet;jsessionid=ac16012b30d64ec0b0a9f85d4cd0acdf8f65235348eb.e3iSbxaKaheRe3eRa38MahaQbi1ynknvrkLOlQzNp65In0 HTTP/1.1" 200 2
201.245.192.253 - - [04/Dec/2023:01:42:42 -0500] "POST /forms/lservlet;jsessionid=ac16012b30d66bd79d5a81354b569b64ca0b03586396.e3iSbxaKaheRe3eRa38MahaQbi1ynknvrkLOlQzNp65In0 HTTP/1.1" 200 2
216.245.221.92 - - [04/Dec/2023:01:43:12 -0500] "HEAD / HTTP/1.1" 200 -
172.22.2.4 - - [04/Dec/2023:01:41:49 -0500] "HEAD /BLA/boletinlegal/ HTTP/1.1" 200 -
172.22.2.4 - - [04/Dec/2023:01:42:41 -0500] "GET /BLA/boletinlegal/ HTTP/1.1" 200 52827
201.245.192.253 - - [04/Dec/2023:01:44:28 -0500] "POST /forms/lservlet;jsessionid=ac16012b30d64ec0b0a9f85d4cd0acdf8f65235348eb.e3iSbxaKaheRe3eRa38MahaQbi1ynknvrkLOlQzNp65In0 HTTP/1.1" 200 2
201.245.192.253 - - [04/Dec/2023:01:44:31 -0500] "POST /kwsrmcab/Wsrmcab  HTTP/1.1" 200 41956
201.245.192.253 - - [04/Dec/2023:01:44:42 -0500] "POST /forms/lservlet;jsessionid=ac16012b30d66bd79d5a81354b569b64ca0b03586396.e3iSbxaKaheRe3eRa38MahaQbi1ynknvrkLOlQzNp65In0 HTTP/1.1" 200 2
201.245.192.253 - - [04/Dec/2023:01:46:28 -0500] "POST /forms/lservlet;jsessionid=ac16012b30d64ec0b0a9f85d4cd0acdf8f65235348eb.e3iSbxaKaheRe3eRa38MahaQbi1ynknvrkLOlQzNp65In0 HTTP/1.1" 200 2
201.245.192.253 - - [04/Dec/2023:01:46:42 -0500] "POST /forms/lservlet;jsessionid=ac16012b30d66bd79d5a81354b569b64ca0b03586396.e3iSbxaKaheRe3eRa38MahaQbi1ynknvrkLOlQzNp65In0 HTTP/1.1" 200 2
156.59.198.135 - - [04/Dec/2023:01:47:47 -0500] "GET /galeria/nivo-slider/demo/images/Rendicion.png HTTP/1.0" 200 262274
47.128.50.126 - - [04/Dec/2023:01:48:12 -0500] "GET /robots.txt HTTP/1.1" 404 1018
216.245.221.92 - - [04/Dec/2023:01:48:12 -0500] "HEAD / HTTP/1.1" 200 -
201.245.192.253 - - [04/Dec/2023:01:48:28 -0500] "POST /forms/lservlet;jsessionid=ac16012b30d64ec0b0a9f85d4cd0acdf8f65235348eb.e3iSbxaKaheRe3eRa38MahaQbi1ynknvrkLOlQzNp65In0 HTTP/1.1" 200 2
201.245.192.253 - - [04/Dec/2023:01:48:42 -0500] "POST /forms/lservlet;jsessionid=ac16012b30d66bd79d5a81354b569b64ca0b03586396.e3iSbxaKaheRe3eRa38MahaQbi1ynknvrkLOlQzNp65In0 HTTP/1.1" 200 2
172.22.2.4 - - [04/Dec/2023:01:47:40 -0500] "HEAD /BLA/boletinlegal/ HTTP/1.1" 200 -
201.245.192.253 - - [04/Dec/2023:01:49:29 -0500] "POST /kwsrmcab/Wsrmcab  HTTP/1.1" 200 41956
111.229.190.100 - - [04/Dec/2023:01:49:49 -0500] "GET /xmlrpc.php HTTP/1.1" 404 1035
175.178.57.6 - - [04/Dec/2023:01:49:49 -0500] "GET /xmlrpc.php HTTP/1.1" 404 1035
172.22.2.4 - - [04/Dec/2023:01:48:31 -0500] "GET /BLA/boletinlegal/ HTTP/1.1" 200 58294
201.245.192.253 - - [04/Dec/2023:01:50:28 -0500] "POST /forms/lservlet;jsessionid=ac16012b30d64ec0b0a9f85d4cd0acdf8f65235348eb.e3iSbxaKaheRe3eRa38MahaQbi1ynknvrkLOlQzNp65In0 HTTP/1.1" 200 2
201.245.192.253 - - [04/Dec/2023:01:50:42 -0500] "POST /forms/lservlet;jsessionid=ac16012b30d66bd79d5a81354b569b64ca0b03586396.e3iSbxaKaheRe3eRa38MahaQbi1ynknvrkLOlQzNp65In0 HTTP/1.1" 200 2
201.245.192.253 - - [04/Dec/2023:01:52:28 -0500] "POST /forms/lservlet;jsessionid=ac16012b30d64ec0b0a9f85d4cd0acdf8f65235348eb.e3iSbxaKaheRe3eRa38MahaQbi1ynknvrkLOlQzNp65In0 HTTP/1.1" 200 2
201.245.192.253 - - [04/Dec/2023:01:52:42 -0500] "POST /forms/lservlet;jsessionid=ac16012b30d66bd79d5a81354b569b64ca0b03586396.e3iSbxaKaheRe3eRa38MahaQbi1ynknvrkLOlQzNp65In0 HTTP/1.1" 200 2
216.245.221.92 - - [04/Dec/2023:01:53:12 -0500] "HEAD / HTTP/1.1" 200 -
201.245.192.253 - - [04/Dec/2023:01:54:28 -0500] "POST /forms/lservlet;jsessionid=ac16012b30d64ec0b0a9f85d4cd0acdf8f65235348eb.e3iSbxaKaheRe3eRa38MahaQbi1ynknvrkLOlQzNp65In0 HTTP/1.1" 200 2
201.245.192.253 - - [04/Dec/2023:01:54:29 -0500] "POST /kwsrmcab/Wsrmcab  HTTP/1.1" 200 41956
201.245.192.253 - - [04/Dec/2023:01:54:42 -0500] "POST /forms/lservlet;jsessionid=ac16012b30d66bd79d5a81354b569b64ca0b03586396.e3iSbxaKaheRe3eRa38MahaQbi1ynknvrkLOlQzNp65In0 HTTP/1.1" 200 2
172.22.2.4 - - [04/Dec/2023:01:53:30 -0500] "HEAD /BLA/boletinlegal/ HTTP/1.1" 200 -
172.22.2.4 - - [04/Dec/2023:01:54:21 -0500] "GET /BLA/boletinlegal/ HTTP/1.1" 200 58294
201.245.192.253 - - [04/Dec/2023:01:56:28 -0500] "POST /forms/lservlet;jsessionid=ac16012b30d64ec0b0a9f85d4cd0acdf8f65235348eb.e3iSbxaKaheRe3eRa38MahaQbi1ynknvrkLOlQzNp65In0 HTTP/1.1" 200 2
201.245.192.253 - - [04/Dec/2023:01:56:42 -0500] "POST /forms/lservlet;jsessionid=ac16012b30d66bd79d5a81354b569b64ca0b03586396.e3iSbxaKaheRe3eRa38MahaQbi1ynknvrkLOlQzNp65In0 HTTP/1.1" 200 2
216.245.221.92 - - [04/Dec/2023:01:58:12 -0500] "HEAD / HTTP/1.1" 200 -
201.245.192.253 - - [04/Dec/2023:01:58:28 -0500] "POST /forms/lservlet;jsessionid=ac16012b30d64ec0b0a9f85d4cd0acdf8f65235348eb.e3iSbxaKaheRe3eRa38MahaQbi1ynknvrkLOlQzNp65In0 HTTP/1.1" 200 2
201.245.192.253 - - [04/Dec/2023:01:58:42 -0500] "POST /forms/lservlet;jsessionid=ac16012b30d66bd79d5a81354b569b64ca0b03586396.e3iSbxaKaheRe3eRa38MahaQbi1ynknvrkLOlQzNp65In0 HTTP/1.1" 200 2
201.245.192.253 - - [04/Dec/2023:01:59:27 -0500] "POST /kwsrmcab/Wsrmcab  HTTP/1.1" 200 41956
201.245.192.253 - - [04/Dec/2023:02:00:28 -0500] "POST /forms/lservlet;jsessionid=ac16012b30d64ec0b0a9f85d4cd0acdf8f65235348eb.e3iSbxaKaheRe3eRa38MahaQbi1ynknvrkLOlQzNp65In0 HTTP/1.1" 200 2
201.245.192.253 - - [04/Dec/2023:02:00:42 -0500] "POST /forms/lservlet;jsessionid=ac16012b30d66bd79d5a81354b569b64ca0b03586396.e3iSbxaKaheRe3eRa38MahaQbi1ynknvrkLOlQzNp65In0 HTTP/1.1" 200 2
172.22.2.4 - - [04/Dec/2023:01:59:20 -0500] "HEAD /BLA/boletinlegal/ HTTP/1.1" 200 -
172.22.2.4 - - [04/Dec/2023:02:00:11 -0500] "GET /BLA/boletinlegal/ HTTP/1.1" 200 56634
201.245.192.253 - - [04/Dec/2023:02:02:28 -0500] "POST /forms/lservlet;jsessionid=ac16012b30d64ec0b0a9f85d4cd0acdf8f65235348eb.e3iSbxaKaheRe3eRa38MahaQbi1ynknvrkLOlQzNp65In0 HTTP/1.1" 200 2
201.245.192.253 - - [04/Dec/2023:02:02:42 -0500] "POST /forms/lservlet;jsessionid=ac16012b30d66bd79d5a81354b569b64ca0b03586396.e3iSbxaKaheRe3eRa38MahaQbi1ynknvrkLOlQzNp65In0 HTTP/1.1" 200 2
216.245.221.92 - - [04/Dec/2023:02:03:12 -0500] "HEAD / HTTP/1.1" 200 -
66.249.66.196 - - [04/Dec/2023:02:03:33 -0500] "GET /mas-de-1000-personas-participaron-en-la-convencion-de-emergencia-climatica-una-mirada-optimista-y-un-llamado-a-la-accion.html HTTP/1.1" 304 -
40.77.167.63 - - [04/Dec/2023:02:03:58 -0500] "GET /BLA/resoluciones/AUTOS%202013/3733.pdf HTTP/1.1" 200 949926
201.245.192.253 - - [04/Dec/2023:02:04:28 -0500] "POST /forms/lservlet;jsessionid=ac16012b30d64ec0b0a9f85d4cd0acdf8f65235348eb.e3iSbxaKaheRe3eRa38MahaQbi1ynknvrkLOlQzNp65In0 HTTP/1.1" 200 2
201.245.192.253 - - [04/Dec/2023:02:04:26 -0500] "POST /kwsrmcab/Wsrmcab  HTTP/1.1" 200 41956
201.245.192.253 - - [04/Dec/2023:02:04:42 -0500] "POST /forms/lservlet;jsessionid=ac16012b30d66bd79d5a81354b569b64ca0b03586396.e3iSbxaKaheRe3eRa38MahaQbi1ynknvrkLOlQzNp65In0 HTTP/1.1" 200 2
201.245.192.253 - - [04/Dec/2023:02:06:28 -0500] "POST /forms/lservlet;jsessionid=ac16012b30d64ec0b0a9f85d4cd0acdf8f65235348eb.e3iSbxaKaheRe3eRa38MahaQbi1ynknvrkLOlQzNp65In0 HTTP/1.1" 200 2
201.245.192.253 - - [04/Dec/2023:02:06:42 -0500] "POST /forms/lservlet;jsessionid=ac16012b30d66bd79d5a81354b569b64ca0b03586396.e3iSbxaKaheRe3eRa38MahaQbi1ynknvrkLOlQzNp65In0 HTTP/1.1" 200 2
172.22.2.4 - - [04/Dec/2023:02:05:11 -0500] "HEAD /BLA/boletinlegal/ HTTP/1.1" 200 -
172.22.2.4 - - [04/Dec/2023:02:06:02 -0500] "GET /BLA/boletinlegal/ HTTP/1.1" 200 58294
52.167.144.212 - - [04/Dec/2023:02:08:06 -0500] "GET /BLA/resoluciones/RESOLUCIONES%202021/1933.pdf HTTP/1.1" 200 525674
216.245.221.92 - - [04/Dec/2023:02:08:12 -0500] "HEAD / HTTP/1.1" 200 -
201.245.192.253 - - [04/Dec/2023:02:08:28 -0500] "POST /forms/lservlet;jsessionid=ac16012b30d64ec0b0a9f85d4cd0acdf8f65235348eb.e3iSbxaKaheRe3eRa38MahaQbi1ynknvrkLOlQzNp65In0 HTTP/1.1" 200 2
201.245.192.253 - - [04/Dec/2023:02:08:42 -0500] "POST /forms/lservlet;jsessionid=ac16012b30d66bd79d5a81354b569b64ca0b03586396.e3iSbxaKaheRe3eRa38MahaQbi1ynknvrkLOlQzNp65In0 HTTP/1.1" 200 2
201.245.192.253 - - [04/Dec/2023:02:09:24 -0500] "POST /kwsrmcab/Wsrmcab  HTTP/1.1" 200 41956
201.245.192.253 - - [04/Dec/2023:02:10:28 -0500] "POST /forms/lservlet;jsessionid=ac16012b30d64ec0b0a9f85d4cd0acdf8f65235348eb.e3iSbxaKaheRe3eRa38MahaQbi1ynknvrkLOlQzNp65In0 HTTP/1.1" 200 2
201.245.192.253 - - [04/Dec/2023:02:10:42 -0500] "POST /forms/lservlet;jsessionid=ac16012b30d66bd79d5a81354b569b64ca0b03586396.e3iSbxaKaheRe3eRa38MahaQbi1ynknvrkLOlQzNp65In0 HTTP/1.1" 200 2
152.61.192.232 - - [04/Dec/2023:02:11:21 -0500] "GET / HTTP/1.1" 200 319
201.245.192.253 - - [04/Dec/2023:02:12:28 -0500] "POST /forms/lservlet;jsessionid=ac16012b30d64ec0b0a9f85d4cd0acdf8f65235348eb.e3iSbxaKaheRe3eRa38MahaQbi1ynknvrkLOlQzNp65In0 HTTP/1.1" 200 2
50.17.17.67 - - [04/Dec/2023:02:12:31 -0500] "GET /robots.txt HTTP/1.1" 404 1034
50.17.17.67 - - [04/Dec/2023:02:12:32 -0500] "GET /en-junio-conectate-con-la-naturaleza-y-el-medioambiente-a-traves-de-estas-caminatas-ecologicas.html HTTP/1.1" 200 900
40.77.167.63 - - [04/Dec/2023:02:12:37 -0500] "GET /BLA/resoluciones/AUTOS%202013/0135.pdf HTTP/1.1" 200 1261327
172.22.2.4 - - [04/Dec/2023:02:11:01 -0500] "HEAD /BLA/boletinlegal/ HTTP/1.1" 200 -
201.245.192.253 - - [04/Dec/2023:02:12:42 -0500] "POST /forms/lservlet;jsessionid=ac16012b30d66bd79d5a81354b569b64ca0b03586396.e3iSbxaKaheRe3eRa38MahaQbi1ynknvrkLOlQzNp65In0 HTTP/1.1" 200 2
216.245.221.92 - - [04/Dec/2023:02:13:12 -0500] "HEAD / HTTP/1.1" 200 -
172.22.2.4 - - [04/Dec/2023:02:11:52 -0500] "GET /BLA/boletinlegal/ HTTP/1.1" 200 60634
201.245.192.253 - - [04/Dec/2023:02:14:23 -0500] "POST /kwsrmcab/Wsrmcab  HTTP/1.1" 200 41956
201.245.192.253 - - [04/Dec/2023:02:14:28 -0500] "POST /forms/lservlet;jsessionid=ac16012b30d64ec0b0a9f85d4cd0acdf8f65235348eb.e3iSbxaKaheRe3eRa38MahaQbi1ynknvrkLOlQzNp65In0 HTTP/1.1" 200 2
201.245.192.253 - - [04/Dec/2023:02:14:42 -0500] "POST /forms/lservlet;jsessionid=ac16012b30d66bd79d5a81354b569b64ca0b03586396.e3iSbxaKaheRe3eRa38MahaQbi1ynknvrkLOlQzNp65In0 HTTP/1.1" 200 2
52.167.144.222 - - [04/Dec/2023:02:15:59 -0500] "GET /BLA/resoluciones/RESOLUCIONES%202009/3904.pdf HTTP/1.1" 200 704813
201.245.192.253 - - [04/Dec/2023:02:16:28 -0500] "POST /forms/lservlet;jsessionid=ac16012b30d64ec0b0a9f85d4cd0acdf8f65235348eb.e3iSbxaKaheRe3eRa38MahaQbi1ynknvrkLOlQzNp65In0 HTTP/1.1" 200 2
201.245.192.253 - - [04/Dec/2023:02:16:42 -0500] "POST /forms/lservlet;jsessionid=ac16012b30d66bd79d5a81354b569b64ca0b03586396.e3iSbxaKaheRe3eRa38MahaQbi1ynknvrkLOlQzNp65In0 HTTP/1.1" 200 2
201.245.192.253 - - [04/Dec/2023:02:16:53 -0500] "POST /kwsrmcab/Wsrmcab HTTP/1.1" 200 38973
201.245.192.253 - - [04/Dec/2023:02:16:56 -0500] "POST /kwsrmcab/Wsrmcab HTTP/1.1" 200 37617
40.77.167.38 - - [04/Dec/2023:02:17:39 -0500] "GET /BLA/resoluciones/RESOLUCIONES%202023/1214.pdf HTTP/1.1" 200 371329
216.245.221.92 - - [04/Dec/2023:02:18:12 -0500] "HEAD / HTTP/1.1" 200 -
201.245.192.253 - - [04/Dec/2023:02:18:28 -0500] "POST /forms/lservlet;jsessionid=ac16012b30d64ec0b0a9f85d4cd0acdf8f65235348eb.e3iSbxaKaheRe3eRa38MahaQbi1ynknvrkLOlQzNp65In0 HTTP/1.1" 200 2
172.22.2.4 - - [04/Dec/2023:02:16:51 -0500] "HEAD /BLA/boletinlegal/ HTTP/1.1" 200 -
201.245.192.253 - - [04/Dec/2023:02:18:42 -0500] "POST /forms/lservlet;jsessionid=ac16012b30d66bd79d5a81354b569b64ca0b03586396.e3iSbxaKaheRe3eRa38MahaQbi1ynknvrkLOlQzNp65In0 HTTP/1.1" 200 2
172.22.2.4 - - [04/Dec/2023:02:17:42 -0500] "GET /BLA/boletinlegal/ HTTP/1.1" 200 58294
201.245.192.253 - - [04/Dec/2023:02:19:21 -0500] "POST /kwsrmcab/Wsrmcab  HTTP/1.1" 200 41956
66.249.66.194 - - [04/Dec/2023:02:19:30 -0500] "GET /semana-ambiental-2022-del-31-de-mayo-al-5-de-junio-se-celebrara-en-bogota.html HTTP/1.1" 200 799
66.249.66.75 - - [04/Dec/2023:02:19:32 -0500] "GET /portaldeninos/2021/06/20/mas-de-130-arboles-fueron-plantados-en-el-humedal-la-conejera-con-comunidad-educativa/ HTTP/1.1" 200 107808
52.167.144.222 - - [04/Dec/2023:02:20:19 -0500] "GET /BLA/resoluciones/AUTOS%202023/8164.pdf HTTP/1.1" 200 508933
201.245.192.253 - - [04/Dec/2023:02:20:28 -0500] "POST /forms/lservlet;jsessionid=ac16012b30d64ec0b0a9f85d4cd0acdf8f65235348eb.e3iSbxaKaheRe3eRa38MahaQbi1ynknvrkLOlQzNp65In0 HTTP/1.1" 200 2
201.245.192.253 - - [04/Dec/2023:02:20:33 -0500] "POST /kwsrmcab/Wsrmcab HTTP/1.1" 200 38973
201.245.192.253 - - [04/Dec/2023:02:20:42 -0500] "POST /forms/lservlet;jsessionid=ac16012b30d66bd79d5a81354b569b64ca0b03586396.e3iSbxaKaheRe3eRa38MahaQbi1ynknvrkLOlQzNp65In0 HTTP/1.1" 200 2
201.245.192.253 - - [04/Dec/2023:02:20:41 -0500] "POST /kwsrmcab/Wsrmcab HTTP/1.1" 200 37617
51.254.59.113 - - [04/Dec/2023:02:21:41 -0500] "GET / HTTP/1.1" 200 319
201.245.192.253 - - [04/Dec/2023:02:22:28 -0500] "POST /forms/lservlet;jsessionid=ac16012b30d64ec0b0a9f85d4cd0acdf8f65235348eb.e3iSbxaKaheRe3eRa38MahaQbi1ynknvrkLOlQzNp65In0 HTTP/1.1" 200 2
201.245.192.253 - - [04/Dec/2023:02:22:42 -0500] "POST /forms/lservlet;jsessionid=ac16012b30d66bd79d5a81354b569b64ca0b03586396.e3iSbxaKaheRe3eRa38MahaQbi1ynknvrkLOlQzNp65In0 HTTP/1.1" 200 2
216.245.221.92 - - [04/Dec/2023:02:23:12 -0500] "HEAD / HTTP/1.1" 200 -
172.22.2.4 - - [04/Dec/2023:02:22:41 -0500] "HEAD /BLA/boletinlegal/ HTTP/1.1" 200 -
201.245.192.253 - - [04/Dec/2023:02:24:20 -0500] "POST /kwsrmcab/Wsrmcab  HTTP/1.1" 200 41956
201.245.192.253 - - [04/Dec/2023:02:24:28 -0500] "POST /forms/lservlet;jsessionid=ac16012b30d64ec0b0a9f85d4cd0acdf8f65235348eb.e3iSbxaKaheRe3eRa38MahaQbi1ynknvrkLOlQzNp65In0 HTTP/1.1" 200 2
201.245.192.253 - - [04/Dec/2023:02:24:42 -0500] "POST /forms/lservlet;jsessionid=ac16012b30d66bd79d5a81354b569b64ca0b03586396.e3iSbxaKaheRe3eRa38MahaQbi1ynknvrkLOlQzNp65In0 HTTP/1.1" 200 2
172.22.2.4 - - [04/Dec/2023:02:23:32 -0500] "GET /BLA/boletinlegal/ HTTP/1.1" 200 58644
201.245.192.253 - - [04/Dec/2023:02:26:28 -0500] "POST /forms/lservlet;jsessionid=ac16012b30d64ec0b0a9f85d4cd0acdf8f65235348eb.e3iSbxaKaheRe3eRa38MahaQbi1ynknvrkLOlQzNp65In0 HTTP/1.1" 200 2
201.245.192.253 - - [04/Dec/2023:02:26:42 -0500] "POST /forms/lservlet;jsessionid=ac16012b30d66bd79d5a81354b569b64ca0b03586396.e3iSbxaKaheRe3eRa38MahaQbi1ynknvrkLOlQzNp65In0 HTTP/1.1" 200 2
201.245.192.253 - - [04/Dec/2023:02:26:53 -0500] "POST /kwsrmcab/Wsrmcab HTTP/1.1" 200 38973
172.22.2.4 - - [04/Dec/2023:02:26:58 -0500] "GET /BLA/boletinlegal/robots.txt HTTP/1.1" 404 1038
201.245.192.253 - - [04/Dec/2023:02:26:56 -0500] "POST /kwsrmcab/Wsrmcab HTTP/1.1" 200 37617
216.245.221.92 - - [04/Dec/2023:02:28:12 -0500] "HEAD / HTTP/1.1" 200 -
201.245.192.253 - - [04/Dec/2023:02:28:28 -0500] "POST /forms/lservlet;jsessionid=ac16012b30d64ec0b0a9f85d4cd0acdf8f65235348eb.e3iSbxaKaheRe3eRa38MahaQbi1ynknvrkLOlQzNp65In0 HTTP/1.1" 200 2
172.22.2.4 - - [04/Dec/2023:02:26:59 -0500] "GET /BLA/boletinlegal/index.php HTTP/1.1" 200 61736
66.249.66.76 - - [04/Dec/2023:02:28:39 -0500] "GET /portaldeninos/wp-includes/js/jquery/jquery-migrate.min.js?ver=1.4.1 HTTP/1.1" 200 10056
66.249.66.77 - - [04/Dec/2023:02:28:40 -0500] "GET /portaldeninos/wp-content/themes/betheme/css/shortcodes.css?ver=20.9.6 HTTP/1.1" 200 138889
66.249.66.77 - - [04/Dec/2023:02:28:41 -0500] "GET /portaldeninos/wp-includes/js/jquery/jquery.js?ver=1.12.4 HTTP/1.1" 200 97184
201.245.192.253 - - [04/Dec/2023:02:28:42 -0500] "POST /forms/lservlet;jsessionid=ac16012b30d66bd79d5a81354b569b64ca0b03586396.e3iSbxaKaheRe3eRa38MahaQbi1ynknvrkLOlQzNp65In0 HTTP/1.1" 200 2
201.245.192.253 - - [04/Dec/2023:02:29:18 -0500] "POST /kwsrmcab/Wsrmcab  HTTP/1.1" 200 41956
190.158.12.31 - - [04/Dec/2023:02:29:35 -0500] "GET /BLA/resoluciones/index.php?dir=RESOLUCIONES+2017%2F HTTP/1.1" 200 287001
172.22.2.4 - - [04/Dec/2023:02:28:31 -0500] "HEAD /BLA/boletinlegal/ HTTP/1.1" 200 -
52.167.144.230 - - [04/Dec/2023:02:30:18 -0500] "GET /transparencia/financiera/Desagregado%20con%20modificaciones/? HTTP/1.1" 404 1018
201.245.192.253 - - [04/Dec/2023:02:30:28 -0500] "POST /forms/lservlet;jsessionid=ac16012b30d64ec0b0a9f85d4cd0acdf8f65235348eb.e3iSbxaKaheRe3eRa38MahaQbi1ynknvrkLOlQzNp65In0 HTTP/1.1" 200 2
201.245.192.253 - - [04/Dec/2023:02:30:33 -0500] "POST /kwsrmcab/Wsrmcab HTTP/1.1" 200 38973
201.245.192.253 - - [04/Dec/2023:02:30:42 -0500] "POST /forms/lservlet;jsessionid=ac16012b30d66bd79d5a81354b569b64ca0b03586396.e3iSbxaKaheRe3eRa38MahaQbi1ynknvrkLOlQzNp65In0 HTTP/1.1" 200 2
201.245.192.253 - - [04/Dec/2023:02:30:41 -0500] "POST /kwsrmcab/Wsrmcab HTTP/1.1" 200 37617
172.22.2.4 - - [04/Dec/2023:02:29:22 -0500] "GET /BLA/boletinlegal/ HTTP/1.1" 200 59827
201.245.192.253 - - [04/Dec/2023:02:32:28 -0500] "POST /forms/lservlet;jsessionid=ac16012b30d64ec0b0a9f85d4cd0acdf8f65235348eb.e3iSbxaKaheRe3eRa38MahaQbi1ynknvrkLOlQzNp65In0 HTTP/1.1" 200 2
201.245.192.253 - - [04/Dec/2023:02:32:42 -0500] "POST /forms/lservlet;jsessionid=ac16012b30d66bd79d5a81354b569b64ca0b03586396.e3iSbxaKaheRe3eRa38MahaQbi1ynknvrkLOlQzNp65In0 HTTP/1.1" 200 2
216.245.221.92 - - [04/Dec/2023:02:33:12 -0500] "HEAD / HTTP/1.1" 200 -
201.245.192.253 - - [04/Dec/2023:02:34:17 -0500] "POST /kwsrmcab/Wsrmcab  HTTP/1.1" 200 41956
190.158.12.31 - - [04/Dec/2023:02:34:26 -0500] "GET /BLA/resoluciones/index.php?dir=RESOLUCIONES+2016%2F HTTP/1.1" 200 172327
201.245.192.253 - - [04/Dec/2023:02:34:28 -0500] "POST /forms/lservlet;jsessionid=ac16012b30d64ec0b0a9f85d4cd0acdf8f65235348eb.e3iSbxaKaheRe3eRa38MahaQbi1ynknvrkLOlQzNp65In0 HTTP/1.1" 200 2
201.245.192.253 - - [04/Dec/2023:02:34:42 -0500] "POST /forms/lservlet;jsessionid=ac16012b30d66bd79d5a81354b569b64ca0b03586396.e3iSbxaKaheRe3eRa38MahaQbi1ynknvrkLOlQzNp65In0 HTTP/1.1" 200 2
172.22.2.4 - - [04/Dec/2023:02:35:06 -0500] "GET /BLA/boletinlegal/js/jquery.scrollShow.js HTTP/1.1" 200 4586
172.22.2.4 - - [04/Dec/2023:02:34:21 -0500] "HEAD /BLA/boletinlegal/ HTTP/1.1" 200 -
201.245.192.253 - - [04/Dec/2023:02:36:28 -0500] "POST /forms/lservlet;jsessionid=ac16012b30d64ec0b0a9f85d4cd0acdf8f65235348eb.e3iSbxaKaheRe3eRa38MahaQbi1ynknvrkLOlQzNp65In0 HTTP/1.1" 200 2
201.245.192.253 - - [04/Dec/2023:02:36:42 -0500] "POST /forms/lservlet;jsessionid=ac16012b30d66bd79d5a81354b569b64ca0b03586396.e3iSbxaKaheRe3eRa38MahaQbi1ynknvrkLOlQzNp65In0 HTTP/1.1" 200 2
172.22.2.4 - - [04/Dec/2023:02:35:12 -0500] "GET /BLA/boletinlegal/ HTTP/1.1" 200 58294
201.245.192.253 - - [04/Dec/2023:02:36:53 -0500] "POST /kwsrmcab/Wsrmcab HTTP/1.1" 200 38973
201.245.192.253 - - [04/Dec/2023:02:36:57 -0500] "POST /kwsrmcab/Wsrmcab HTTP/1.1" 200 37617
216.245.221.92 - - [04/Dec/2023:02:38:12 -0500] "HEAD / HTTP/1.1" 200 -
201.245.192.253 - - [04/Dec/2023:02:38:28 -0500] "POST /forms/lservlet;jsessionid=ac16012b30d64ec0b0a9f85d4cd0acdf8f65235348eb.e3iSbxaKaheRe3eRa38MahaQbi1ynknvrkLOlQzNp65In0 HTTP/1.1" 200 2
201.245.192.253 - - [04/Dec/2023:02:38:42 -0500] "POST /forms/lservlet;jsessionid=ac16012b30d66bd79d5a81354b569b64ca0b03586396.e3iSbxaKaheRe3eRa38MahaQbi1ynknvrkLOlQzNp65In0 HTTP/1.1" 200 2
201.245.192.253 - - [04/Dec/2023:02:39:14 -0500] "POST /kwsrmcab/Wsrmcab  HTTP/1.1" 200 41956
201.245.192.253 - - [04/Dec/2023:02:40:28 -0500] "POST /forms/lservlet;jsessionid=ac16012b30d64ec0b0a9f85d4cd0acdf8f65235348eb.e3iSbxaKaheRe3eRa38MahaQbi1ynknvrkLOlQzNp65In0 HTTP/1.1" 200 2
201.245.192.253 - - [04/Dec/2023:02:40:33 -0500] "POST /kwsrmcab/Wsrmcab HTTP/1.1" 200 38973
201.245.192.253 - - [04/Dec/2023:02:40:42 -0500] "POST /forms/lservlet;jsessionid=ac16012b30d66bd79d5a81354b569b64ca0b03586396.e3iSbxaKaheRe3eRa38MahaQbi1ynknvrkLOlQzNp65In0 HTTP/1.1" 200 2
201.245.192.253 - - [04/Dec/2023:02:40:41 -0500] "POST /kwsrmcab/Wsrmcab HTTP/1.1" 200 37617
172.22.2.4 - - [04/Dec/2023:02:40:11 -0500] "HEAD /BLA/boletinlegal/ HTTP/1.1" 200 -
201.245.192.253 - - [04/Dec/2023:02:42:28 -0500] "POST /forms/lservlet;jsessionid=ac16012b30d64ec0b0a9f85d4cd0acdf8f65235348eb.e3iSbxaKaheRe3eRa38MahaQbi1ynknvrkLOlQzNp65In0 HTTP/1.1" 200 2
172.22.2.4 - - [04/Dec/2023:02:41:02 -0500] "GET /BLA/boletinlegal/ HTTP/1.1" 200 43018
201.245.192.253 - - [04/Dec/2023:02:42:42 -0500] "POST /forms/lservlet;jsessionid=ac16012b30d66bd79d5a81354b569b64ca0b03586396.e3iSbxaKaheRe3eRa38MahaQbi1ynknvrkLOlQzNp65In0 HTTP/1.1" 200 2
172.22.2.4 - - [04/Dec/2023:02:41:21 -0500] "GET /BLA/boletinlegal/ HTTP/1.1" 200 44547
216.245.221.92 - - [04/Dec/2023:02:43:12 -0500] "HEAD / HTTP/1.1" 200 -
172.22.2.4 - - [04/Dec/2023:02:43:39 -0500] "GET /BLA/boletinlegal/style.css HTTP/1.1" 200 9406
172.22.2.4 - - [04/Dec/2023:02:43:44 -0500] "GET /BLA/boletinlegal/js/jquery.js HTTP/1.1" 200 57254
40.77.167.60 - - [04/Dec/2023:02:43:47 -0500] "GET /BLA/resoluciones/AUTOS%202017/3268.pdf HTTP/1.1" 200 264086
201.245.192.253 - - [04/Dec/2023:02:44:14 -0500] "POST /kwsrmcab/Wsrmcab  HTTP/1.1" 200 41956
201.245.192.253 - - [04/Dec/2023:02:44:28 -0500] "POST /forms/lservlet;jsessionid=ac16012b30d64ec0b0a9f85d4cd0acdf8f65235348eb.e3iSbxaKaheRe3eRa38MahaQbi1ynknvrkLOlQzNp65In0 HTTP/1.1" 200 2
201.245.192.253 - - [04/Dec/2023:02:44:42 -0500] "POST /forms/lservlet;jsessionid=ac16012b30d66bd79d5a81354b569b64ca0b03586396.e3iSbxaKaheRe3eRa38MahaQbi1ynknvrkLOlQzNp65In0 HTTP/1.1" 200 2
201.245.192.253 - - [04/Dec/2023:02:46:28 -0500] "POST /forms/lservlet;jsessionid=ac16012b30d64ec0b0a9f85d4cd0acdf8f65235348eb.e3iSbxaKaheRe3eRa38MahaQbi1ynknvrkLOlQzNp65In0 HTTP/1.1" 200 2
201.245.192.253 - - [04/Dec/2023:02:46:42 -0500] "POST /forms/lservlet;jsessionid=ac16012b30d66bd79d5a81354b569b64ca0b03586396.e3iSbxaKaheRe3eRa38MahaQbi1ynknvrkLOlQzNp65In0 HTTP/1.1" 200 2
152.61.128.50 - - [04/Dec/2023:02:47:19 -0500] "GET / HTTP/1.1" 200 319
172.22.2.4 - - [04/Dec/2023:02:46:01 -0500] "HEAD /BLA/boletinlegal/ HTTP/1.1" 200 -
216.245.221.92 - - [04/Dec/2023:02:48:12 -0500] "HEAD / HTTP/1.1" 200 -
201.245.192.253 - - [04/Dec/2023:02:48:28 -0500] "POST /forms/lservlet;jsessionid=ac16012b30d64ec0b0a9f85d4cd0acdf8f65235348eb.e3iSbxaKaheRe3eRa38MahaQbi1ynknvrkLOlQzNp65In0 HTTP/1.1" 200 2
172.22.2.4 - - [04/Dec/2023:02:46:52 -0500] "GET /BLA/boletinlegal/ HTTP/1.1" 200 58644
201.245.192.253 - - [04/Dec/2023:02:48:42 -0500] "POST /forms/lservlet;jsessionid=ac16012b30d66bd79d5a81354b569b64ca0b03586396.e3iSbxaKaheRe3eRa38MahaQbi1ynknvrkLOlQzNp65In0 HTTP/1.1" 200 2
201.245.192.253 - - [04/Dec/2023:02:49:11 -0500] "POST /kwsrmcab/Wsrmcab  HTTP/1.1" 200 41956
201.245.192.253 - - [04/Dec/2023:02:50:28 -0500] "POST /forms/lservlet;jsessionid=ac16012b30d64ec0b0a9f85d4cd0acdf8f65235348eb.e3iSbxaKaheRe3eRa38MahaQbi1ynknvrkLOlQzNp65In0 HTTP/1.1" 200 2
201.245.192.253 - - [04/Dec/2023:02:50:42 -0500] "POST /forms/lservlet;jsessionid=ac16012b30d66bd79d5a81354b569b64ca0b03586396.e3iSbxaKaheRe3eRa38MahaQbi1ynknvrkLOlQzNp65In0 HTTP/1.1" 200 2
201.245.192.253 - - [04/Dec/2023:02:52:28 -0500] "POST /forms/lservlet;jsessionid=ac16012b30d64ec0b0a9f85d4cd0acdf8f65235348eb.e3iSbxaKaheRe3eRa38MahaQbi1ynknvrkLOlQzNp65In0 HTTP/1.1" 200 2
201.245.192.253 - - [04/Dec/2023:02:52:42 -0500] "POST /forms/lservlet;jsessionid=ac16012b30d66bd79d5a81354b569b64ca0b03586396.e3iSbxaKaheRe3eRa38MahaQbi1ynknvrkLOlQzNp65In0 HTTP/1.1" 200 2
216.245.221.92 - - [04/Dec/2023:02:53:12 -0500] "HEAD / HTTP/1.1" 200 -
172.22.2.4 - - [04/Dec/2023:02:51:51 -0500] "HEAD /BLA/boletinlegal/ HTTP/1.1" 200 -
201.245.192.253 - - [04/Dec/2023:02:54:11 -0500] "POST /kwsrmcab/Wsrmcab  HTTP/1.1" 200 41956
172.22.2.4 - - [04/Dec/2023:02:52:42 -0500] "GET /BLA/boletinlegal/ HTTP/1.1" 200 51333
201.245.192.253 - - [04/Dec/2023:02:54:28 -0500] "POST /forms/lservlet;jsessionid=ac16012b30d64ec0b0a9f85d4cd0acdf8f65235348eb.e3iSbxaKaheRe3eRa38MahaQbi1ynknvrkLOlQzNp65In0 HTTP/1.1" 200 2
201.245.192.253 - - [04/Dec/2023:02:54:42 -0500] "POST /forms/lservlet;jsessionid=ac16012b30d66bd79d5a81354b569b64ca0b03586396.e3iSbxaKaheRe3eRa38MahaQbi1ynknvrkLOlQzNp65In0 HTTP/1.1" 200 2
172.22.2.4 - - [04/Dec/2023:02:53:07 -0500] "GET /BLA/boletinlegal/ HTTP/1.1" 200 53737
162.55.171.138 - - [04/Dec/2023:02:55:29 -0500] "GET / HTTP/1.1" 200 319
162.55.171.138 - - [04/Dec/2023:02:55:31 -0500] "GET / HTTP/1.1" 200 4720
201.245.192.253 - - [04/Dec/2023:02:56:28 -0500] "POST /forms/lservlet;jsessionid=ac16012b30d64ec0b0a9f85d4cd0acdf8f65235348eb.e3iSbxaKaheRe3eRa38MahaQbi1ynknvrkLOlQzNp65In0 HTTP/1.1" 200 2
201.245.192.253 - - [04/Dec/2023:02:56:42 -0500] "POST /forms/lservlet;jsessionid=ac16012b30d66bd79d5a81354b569b64ca0b03586396.e3iSbxaKaheRe3eRa38MahaQbi1ynknvrkLOlQzNp65In0 HTTP/1.1" 200 2
35.203.210.243 - - [04/Dec/2023:02:56:56 -0500] "GET / HTTP/1.1" 200 319
216.245.221.92 - - [04/Dec/2023:02:58:12 -0500] "HEAD / HTTP/1.1" 200 -
201.245.192.253 - - [04/Dec/2023:02:58:28 -0500] "POST /forms/lservlet;jsessionid=ac16012b30d64ec0b0a9f85d4cd0acdf8f65235348eb.e3iSbxaKaheRe3eRa38MahaQbi1ynknvrkLOlQzNp65In0 HTTP/1.1" 200 2
201.245.192.253 - - [04/Dec/2023:02:58:42 -0500] "POST /forms/lservlet;jsessionid=ac16012b30d66bd79d5a81354b569b64ca0b03586396.e3iSbxaKaheRe3eRa38MahaQbi1ynknvrkLOlQzNp65In0 HTTP/1.1" 200 2
201.245.192.253 - - [04/Dec/2023:02:59:10 -0500] "POST /kwsrmcab/Wsrmcab  HTTP/1.1" 200 41956
172.22.2.4 - - [04/Dec/2023:02:57:41 -0500] "HEAD /BLA/boletinlegal/ HTTP/1.1" 200 -
172.22.2.4 - - [04/Dec/2023:02:59:31 -0500] "GET /BLA/boletinlegal/js/jquery.scrollShow.js HTTP/1.1" 200 4586
172.22.2.4 - - [04/Dec/2023:02:59:31 -0500] "GET /BLA/boletinlegal/js/jquery.scrollTo-min.js HTTP/1.1" 200 1150
172.22.2.4 - - [04/Dec/2023:02:59:31 -0500] "GET /BLA/boletinlegal/styles2.css HTTP/1.1" 200 1838
172.22.2.4 - - [04/Dec/2023:02:58:32 -0500] "GET /BLA/boletinlegal/ HTTP/1.1" 200 58644
201.245.192.253 - - [04/Dec/2023:03:00:28 -0500] "POST /forms/lservlet;jsessionid=ac16012b30d64ec0b0a9f85d4cd0acdf8f65235348eb.e3iSbxaKaheRe3eRa38MahaQbi1ynknvrkLOlQzNp65In0 HTTP/1.1" 200 2
201.245.192.253 - - [04/Dec/2023:03:00:42 -0500] "POST /forms/lservlet;jsessionid=ac16012b30d66bd79d5a81354b569b64ca0b03586396.e3iSbxaKaheRe3eRa38MahaQbi1ynknvrkLOlQzNp65In0 HTTP/1.1" 200 2
162.55.175.24 - - [04/Dec/2023:03:02:21 -0500] "GET / HTTP/1.1" 200 319
162.55.175.24 - - [04/Dec/2023:03:02:24 -0500] "GET / HTTP/1.1" 200 4720
201.245.192.253 - - [04/Dec/2023:03:02:28 -0500] "POST /forms/lservlet;jsessionid=ac16012b30d64ec0b0a9f85d4cd0acdf8f65235348eb.e3iSbxaKaheRe3eRa38MahaQbi1ynknvrkLOlQzNp65In0 HTTP/1.1" 200 2
201.245.192.253 - - [04/Dec/2023:03:02:42 -0500] "POST /forms/lservlet;jsessionid=ac16012b30d66bd79d5a81354b569b64ca0b03586396.e3iSbxaKaheRe3eRa38MahaQbi1ynknvrkLOlQzNp65In0 HTTP/1.1" 200 2
216.245.221.92 - - [04/Dec/2023:03:03:12 -0500] "HEAD / HTTP/1.1" 200 -
201.245.192.253 - - [04/Dec/2023:03:04:07 -0500] "POST /kwsrmcab/Wsrmcab  HTTP/1.1" 200 41956
201.245.192.253 - - [04/Dec/2023:03:04:28 -0500] "POST /forms/lservlet;jsessionid=ac16012b30d64ec0b0a9f85d4cd0acdf8f65235348eb.e3iSbxaKaheRe3eRa38MahaQbi1ynknvrkLOlQzNp65In0 HTTP/1.1" 200 2
66.249.66.75 - - [04/Dec/2023:03:04:31 -0500] "GET /portaldeninos/aulas-ambientales/ HTTP/1.1" 200 88416
201.245.192.253 - - [04/Dec/2023:03:04:42 -0500] "POST /forms/lservlet;jsessionid=ac16012b30d66bd79d5a81354b569b64ca0b03586396.e3iSbxaKaheRe3eRa38MahaQbi1ynknvrkLOlQzNp65In0 HTTP/1.1" 200 2
31.13.103.2 - - [04/Dec/2023:03:04:48 -0500] "GET /cordoncillo-beneficioso-para-los-procesos-de-restauracion-ecologica-y-para-la-salud.html HTTP/1.1" 200 919
31.13.127.13 - - [04/Dec/2023:03:04:48 -0500] "GET /images/pieza-ficha-flora-cordoncillo-22-enero.jpg HTTP/1.1" 200 260174
31.13.103.120 - - [04/Dec/2023:03:04:48 -0500] "GET /images/pieza-ficha-flora-cordoncillo-22-enero.jpg HTTP/1.1" 200 260174
172.22.2.4 - - [04/Dec/2023:03:03:31 -0500] "HEAD /BLA/boletinlegal/ HTTP/1.1" 200 -
172.22.2.4 - - [04/Dec/2023:03:04:22 -0500] "GET /BLA/boletinlegal/ HTTP/1.1" 200 58644
34.148.142.142 - - [04/Dec/2023:03:06:19 -0500] "GET /galeria/galeria/fotos/2humedal-Burro2P.jpg HTTP/1.1" 200 8996
201.245.192.253 - - [04/Dec/2023:03:06:28 -0500] "POST /forms/lservlet;jsessionid=ac16012b30d64ec0b0a9f85d4cd0acdf8f65235348eb.e3iSbxaKaheRe3eRa38MahaQbi1ynknvrkLOlQzNp65In0 HTTP/1.1" 200 2
201.245.192.253 - - [04/Dec/2023:03:06:42 -0500] "POST /forms/lservlet;jsessionid=ac16012b30d66bd79d5a81354b569b64ca0b03586396.e3iSbxaKaheRe3eRa38MahaQbi1ynknvrkLOlQzNp65In0 HTTP/1.1" 200 2
216.245.221.92 - - [04/Dec/2023:03:08:12 -0500] "HEAD / HTTP/1.1" 200 -
201.245.192.253 - - [04/Dec/2023:03:08:28 -0500] "POST /forms/lservlet;jsessionid=ac16012b30d64ec0b0a9f85d4cd0acdf8f65235348eb.e3iSbxaKaheRe3eRa38MahaQbi1ynknvrkLOlQzNp65In0 HTTP/1.1" 200 2
201.245.192.253 - - [04/Dec/2023:03:08:42 -0500] "POST /forms/lservlet;jsessionid=ac16012b30d66bd79d5a81354b569b64ca0b03586396.e3iSbxaKaheRe3eRa38MahaQbi1ynknvrkLOlQzNp65In0 HTTP/1.1" 200 2
201.245.192.253 - - [04/Dec/2023:03:09:06 -0500] "POST /kwsrmcab/Wsrmcab  HTTP/1.1" 200 41956
172.22.2.4 - - [04/Dec/2023:03:10:24 -0500] "GET /BLA/boletinlegal/jurisprudencia/analisis/analisis%20sentencia%20C%20401%20de%202010.doc HTTP/1.1" 200 34816
201.245.192.253 - - [04/Dec/2023:03:10:28 -0500] "POST /forms/lservlet;jsessionid=ac16012b30d64ec0b0a9f85d4cd0acdf8f65235348eb.e3iSbxaKaheRe3eRa38MahaQbi1ynknvrkLOlQzNp65In0 HTTP/1.1" 200 2
