66.249.66.76 - - [05/Dec/2023:01:33:18 -0500] "GET /portaldeninos/2021/06/01/agroecologia-tips-para-germinar-semillas-en-casa/ HTTP/1.1" 200 105801
66.249.66.76 - - [05/Dec/2023:01:33:22 -0500] "GET /portaldeninos/wp-includes/js/comment-reply.min.js?ver=4.9.8 HTTP/1.1" 200 1078
172.22.2.4 - - [05/Dec/2023:01:33:27 -0500] "GET /BLA/boletinlegal/robots.txt HTTP/1.1" 404 1038
172.22.2.4 - - [05/Dec/2023:01:33:28 -0500] "GET /BLA/boletinlegal/Directivas/2014/Directiva%20No.%205%20del%2026%20de%20Diciembre%20de%202014.pdf HTTP/1.1" 200 3424865
201.245.192.253 - - [05/Dec/2023:01:33:37 -0500] "POST /forms/lservlet;jsessionid=ac16012b30d62db0ca076e27406a9e01ba06e71398f7.e3iSbxaKaheRe3eRa38MahaQbi1ynknvrkLOlQzNp65In0 HTTP/1.1" 200 2
152.61.192.232 - - [05/Dec/2023:01:33:55 -0500] "GET / HTTP/1.1" 200 319
172.22.2.4 - - [05/Dec/2023:01:32:26 -0500] "GET /BLA/boletinlegal/ HTTP/1.1" 200 60634
201.245.192.253 - - [05/Dec/2023:01:34:40 -0500] "POST /forms/lservlet;jsessionid=ac16012b30d64ec0b0a9f85d4cd0acdf8f65235348eb.e3iSbxaKaheRe3eRa38MahaQbi1ynknvrkLOlQzNp65In0 HTTP/1.1" 200 2
201.245.192.253 - - [05/Dec/2023:01:34:59 -0500] "POST /forms/lservlet;jsessionid=ac16012b30d66bd79d5a81354b569b64ca0b03586396.e3iSbxaKaheRe3eRa38MahaQbi1ynknvrkLOlQzNp65In0 HTTP/1.1" 200 2
201.245.192.253 - - [05/Dec/2023:01:35:37 -0500] "POST /forms/lservlet;jsessionid=ac16012b30d62db0ca076e27406a9e01ba06e71398f7.e3iSbxaKaheRe3eRa38MahaQbi1ynknvrkLOlQzNp65In0 HTTP/1.1" 200 2
201.245.192.253 - - [05/Dec/2023:01:36:40 -0500] "POST /forms/lservlet;jsessionid=ac16012b30d64ec0b0a9f85d4cd0acdf8f65235348eb.e3iSbxaKaheRe3eRa38MahaQbi1ynknvrkLOlQzNp65In0 HTTP/1.1" 200 2
201.245.192.253 - - [05/Dec/2023:01:36:49 -0500] "POST /kwsrmcab/Wsrmcab HTTP/1.1" 503 1020
201.245.192.253 - - [05/Dec/2023:01:36:50 -0500] "POST /kwsrmcab/Wsrmcab HTTP/1.1" 503 1020
201.245.192.253 - - [05/Dec/2023:01:36:59 -0500] "POST /forms/lservlet;jsessionid=ac16012b30d66bd79d5a81354b569b64ca0b03586396.e3iSbxaKaheRe3eRa38MahaQbi1ynknvrkLOlQzNp65In0 HTTP/1.1" 200 2
201.245.192.253 - - [05/Dec/2023:01:37:37 -0500] "POST /forms/lservlet;jsessionid=ac16012b30d62db0ca076e27406a9e01ba06e71398f7.e3iSbxaKaheRe3eRa38MahaQbi1ynknvrkLOlQzNp65In0 HTTP/1.1" 200 2
201.245.192.253 - - [05/Dec/2023:01:37:54 -0500] "POST /kwsrmcab/Wsrmcab  HTTP/1.1" 200 41806
216.245.221.92 - - [05/Dec/2023:01:38:09 -0500] "HEAD / HTTP/1.1" 200 -
201.245.192.253 - - [05/Dec/2023:01:38:40 -0500] "POST /forms/lservlet;jsessionid=ac16012b30d64ec0b0a9f85d4cd0acdf8f65235348eb.e3iSbxaKaheRe3eRa38MahaQbi1ynknvrkLOlQzNp65In0 HTTP/1.1" 200 2
201.245.192.253 - - [05/Dec/2023:01:38:59 -0500] "POST /forms/lservlet;jsessionid=ac16012b30d66bd79d5a81354b569b64ca0b03586396.e3iSbxaKaheRe3eRa38MahaQbi1ynknvrkLOlQzNp65In0 HTTP/1.1" 200 2
172.22.2.4 - - [05/Dec/2023:01:37:25 -0500] "HEAD /BLA/boletinlegal/ HTTP/1.1" 200 -
201.245.192.253 - - [05/Dec/2023:01:39:37 -0500] "POST /forms/lservlet;jsessionid=ac16012b30d62db0ca076e27406a9e01ba06e71398f7.e3iSbxaKaheRe3eRa38MahaQbi1ynknvrkLOlQzNp65In0 HTTP/1.1" 200 2
172.22.2.4 - - [05/Dec/2023:01:38:16 -0500] "GET /BLA/boletinlegal/ HTTP/1.1" 200 49900
66.249.66.19 - - [05/Dec/2023:01:38:29 -0500] "GET /BLA/boletinlegal/index.php? HTTP/1.1" 200 51333
66.249.66.19 - - [05/Dec/2023:01:40:11 -0500] "GET /BLA/boletinlegal/js/jquery.js HTTP/1.1" 200 57254
66.249.66.19 - - [05/Dec/2023:01:40:11 -0500] "GET /BLA/boletinlegal/js/jquery.scrollTo-min.js HTTP/1.1" 200 1150
201.245.192.253 - - [05/Dec/2023:01:40:30 -0500] "POST /kwsrmcab/Wsrmcab HTTP/1.1" 200 38809
201.245.192.253 - - [05/Dec/2023:01:40:40 -0500] "POST /forms/lservlet;jsessionid=ac16012b30d64ec0b0a9f85d4cd0acdf8f65235348eb.e3iSbxaKaheRe3eRa38MahaQbi1ynknvrkLOlQzNp65In0 HTTP/1.1" 200 2
201.245.192.253 - - [05/Dec/2023:01:40:42 -0500] "POST /kwsrmcab/Wsrmcab HTTP/1.1" 200 38362
201.245.192.253 - - [05/Dec/2023:01:40:59 -0500] "POST /forms/lservlet;jsessionid=ac16012b30d66bd79d5a81354b569b64ca0b03586396.e3iSbxaKaheRe3eRa38MahaQbi1ynknvrkLOlQzNp65In0 HTTP/1.1" 200 2
201.245.192.253 - - [05/Dec/2023:01:41:37 -0500] "POST /forms/lservlet;jsessionid=ac16012b30d62db0ca076e27406a9e01ba06e71398f7.e3iSbxaKaheRe3eRa38MahaQbi1ynknvrkLOlQzNp65In0 HTTP/1.1" 200 2
52.167.144.204 - - [05/Dec/2023:01:41:44 -0500] "GET /portaldeninos/wp-content/uploads/2021/11/pieza-dia-abejas-ambiente-20-mayo-960x720.jpg HTTP/1.1" 200 105537
201.245.192.253 - - [05/Dec/2023:01:42:40 -0500] "POST /forms/lservlet;jsessionid=ac16012b30d64ec0b0a9f85d4cd0acdf8f65235348eb.e3iSbxaKaheRe3eRa38MahaQbi1ynknvrkLOlQzNp65In0 HTTP/1.1" 200 2
201.245.192.253 - - [05/Dec/2023:01:42:52 -0500] "POST /kwsrmcab/Wsrmcab  HTTP/1.1" 200 41806
201.245.192.253 - - [05/Dec/2023:01:42:59 -0500] "POST /forms/lservlet;jsessionid=ac16012b30d66bd79d5a81354b569b64ca0b03586396.e3iSbxaKaheRe3eRa38MahaQbi1ynknvrkLOlQzNp65In0 HTTP/1.1" 200 2
216.245.221.92 - - [05/Dec/2023:01:43:09 -0500] "HEAD / HTTP/1.1" 200 -
201.245.192.253 - - [05/Dec/2023:01:43:37 -0500] "POST /forms/lservlet;jsessionid=ac16012b30d62db0ca076e27406a9e01ba06e71398f7.e3iSbxaKaheRe3eRa38MahaQbi1ynknvrkLOlQzNp65In0 HTTP/1.1" 200 2
201.245.192.253 - - [05/Dec/2023:01:44:40 -0500] "POST /forms/lservlet;jsessionid=ac16012b30d64ec0b0a9f85d4cd0acdf8f65235348eb.e3iSbxaKaheRe3eRa38MahaQbi1ynknvrkLOlQzNp65In0 HTTP/1.1" 200 2
172.22.2.4 - - [05/Dec/2023:01:43:15 -0500] "HEAD /BLA/boletinlegal/ HTTP/1.1" 200 -
201.245.192.253 - - [05/Dec/2023:01:44:59 -0500] "POST /forms/lservlet;jsessionid=ac16012b30d66bd79d5a81354b569b64ca0b03586396.e3iSbxaKaheRe3eRa38MahaQbi1ynknvrkLOlQzNp65In0 HTTP/1.1" 200 2
69.63.189.3 - - [05/Dec/2023:01:45:06 -0500] "GET /images/Zorro%20cangrejero.jpg HTTP/1.1" 200 40050
201.245.192.253 - - [05/Dec/2023:01:45:37 -0500] "POST /forms/lservlet;jsessionid=ac16012b30d62db0ca076e27406a9e01ba06e71398f7.e3iSbxaKaheRe3eRa38MahaQbi1ynknvrkLOlQzNp65In0 HTTP/1.1" 200 2
172.22.2.4 - - [05/Dec/2023:01:44:06 -0500] "GET /BLA/boletinlegal/ HTTP/1.1" 200 61018
201.245.192.253 - - [05/Dec/2023:01:46:40 -0500] "POST /forms/lservlet;jsessionid=ac16012b30d64ec0b0a9f85d4cd0acdf8f65235348eb.e3iSbxaKaheRe3eRa38MahaQbi1ynknvrkLOlQzNp65In0 HTTP/1.1" 200 2
201.245.192.253 - - [05/Dec/2023:01:46:59 -0500] "POST /forms/lservlet;jsessionid=ac16012b30d66bd79d5a81354b569b64ca0b03586396.e3iSbxaKaheRe3eRa38MahaQbi1ynknvrkLOlQzNp65In0 HTTP/1.1" 200 2
201.245.192.253 - - [05/Dec/2023:01:47:37 -0500] "POST /forms/lservlet;jsessionid=ac16012b30d62db0ca076e27406a9e01ba06e71398f7.e3iSbxaKaheRe3eRa38MahaQbi1ynknvrkLOlQzNp65In0 HTTP/1.1" 200 2
201.245.192.253 - - [05/Dec/2023:01:47:50 -0500] "POST /kwsrmcab/Wsrmcab  HTTP/1.1" 200 41806
200.118.61.63 - - [05/Dec/2023:01:47:59 -0500] "GET /BLA/resoluciones/index.php?dir=AUTOS+2022%2F HTTP/1.1" 200 508952
216.245.221.92 - - [05/Dec/2023:01:48:09 -0500] "HEAD / HTTP/1.1" 200 -
200.118.61.63 - - [05/Dec/2023:01:48:23 -0500] "GET /BLA/resoluciones/AUTOS%202022/4584.pdf HTTP/1.1" 200 361497
201.245.192.253 - - [05/Dec/2023:01:48:40 -0500] "POST /forms/lservlet;jsessionid=ac16012b30d64ec0b0a9f85d4cd0acdf8f65235348eb.e3iSbxaKaheRe3eRa38MahaQbi1ynknvrkLOlQzNp65In0 HTTP/1.1" 200 2
201.245.192.253 - - [05/Dec/2023:01:48:59 -0500] "POST /forms/lservlet;jsessionid=ac16012b30d66bd79d5a81354b569b64ca0b03586396.e3iSbxaKaheRe3eRa38MahaQbi1ynknvrkLOlQzNp65In0 HTTP/1.1" 200 2
201.245.192.253 - - [05/Dec/2023:01:49:37 -0500] "POST /forms/lservlet;jsessionid=ac16012b30d62db0ca076e27406a9e01ba06e71398f7.e3iSbxaKaheRe3eRa38MahaQbi1ynknvrkLOlQzNp65In0 HTTP/1.1" 200 2
201.245.192.253 - - [05/Dec/2023:01:50:40 -0500] "POST /forms/lservlet;jsessionid=ac16012b30d64ec0b0a9f85d4cd0acdf8f65235348eb.e3iSbxaKaheRe3eRa38MahaQbi1ynknvrkLOlQzNp65In0 HTTP/1.1" 200 2
172.22.2.4 - - [05/Dec/2023:01:49:06 -0500] "HEAD /BLA/boletinlegal/ HTTP/1.1" 200 -
201.245.192.253 - - [05/Dec/2023:01:50:59 -0500] "POST /forms/lservlet;jsessionid=ac16012b30d66bd79d5a81354b569b64ca0b03586396.e3iSbxaKaheRe3eRa38MahaQbi1ynknvrkLOlQzNp65In0 HTTP/1.1" 200 2
172.22.2.4 - - [05/Dec/2023:01:49:57 -0500] "GET /BLA/boletinlegal/ HTTP/1.1" 200 58294
201.245.192.253 - - [05/Dec/2023:01:51:37 -0500] "POST /forms/lservlet;jsessionid=ac16012b30d62db0ca076e27406a9e01ba06e71398f7.e3iSbxaKaheRe3eRa38MahaQbi1ynknvrkLOlQzNp65In0 HTTP/1.1" 200 2
201.245.192.253 - - [05/Dec/2023:01:52:40 -0500] "POST /forms/lservlet;jsessionid=ac16012b30d64ec0b0a9f85d4cd0acdf8f65235348eb.e3iSbxaKaheRe3eRa38MahaQbi1ynknvrkLOlQzNp65In0 HTTP/1.1" 200 2
201.245.192.253 - - [05/Dec/2023:01:52:49 -0500] "POST /kwsrmcab/Wsrmcab  HTTP/1.1" 200 41806
201.245.192.253 - - [05/Dec/2023:01:52:59 -0500] "POST /forms/lservlet;jsessionid=ac16012b30d66bd79d5a81354b569b64ca0b03586396.e3iSbxaKaheRe3eRa38MahaQbi1ynknvrkLOlQzNp65In0 HTTP/1.1" 200 2
216.245.221.92 - - [05/Dec/2023:01:53:09 -0500] "HEAD / HTTP/1.1" 200 -
172.22.2.4 - - [05/Dec/2023:01:53:22 -0500] "GET /BLA/boletinlegal/Circulares/2023/CIRCULAR%20No.%2000012%20DEL%2030%20DE%20OCTUBRE%20DEL%202023.pdf HTTP/1.1" 304 -
158.69.27.213 - - [05/Dec/2023:01:53:34 -0500] "GET /recuperados-1-5-kilos-de-musgo-distrito-hace-un-llamado-para-que-no-se-extraiga-o-comercialice-esta-especie.html HTTP/1.1" 200 865
201.245.192.253 - - [05/Dec/2023:01:53:37 -0500] "POST /forms/lservlet;jsessionid=ac16012b30d62db0ca076e27406a9e01ba06e71398f7.e3iSbxaKaheRe3eRa38MahaQbi1ynknvrkLOlQzNp65In0 HTTP/1.1" 200 2
198.235.24.136 - - [05/Dec/2023:01:53:58 -0500] "GET / HTTP/1.0" 200 319
201.245.192.253 - - [05/Dec/2023:01:54:40 -0500] "POST /forms/lservlet;jsessionid=ac16012b30d64ec0b0a9f85d4cd0acdf8f65235348eb.e3iSbxaKaheRe3eRa38MahaQbi1ynknvrkLOlQzNp65In0 HTTP/1.1" 200 2
52.167.144.194 - - [05/Dec/2023:01:54:54 -0500] "GET /BLA/resoluciones/AUTOS%202021/3929.pdf HTTP/1.1" 304 -
201.245.192.253 - - [05/Dec/2023:01:54:59 -0500] "POST /forms/lservlet;jsessionid=ac16012b30d66bd79d5a81354b569b64ca0b03586396.e3iSbxaKaheRe3eRa38MahaQbi1ynknvrkLOlQzNp65In0 HTTP/1.1" 200 2
201.245.192.253 - - [05/Dec/2023:01:55:37 -0500] "POST /forms/lservlet;jsessionid=ac16012b30d62db0ca076e27406a9e01ba06e71398f7.e3iSbxaKaheRe3eRa38MahaQbi1ynknvrkLOlQzNp65In0 HTTP/1.1" 200 2
172.22.2.4 - - [05/Dec/2023:01:54:56 -0500] "HEAD /BLA/boletinlegal/ HTTP/1.1" 200 -
201.245.192.253 - - [05/Dec/2023:01:56:40 -0500] "POST /forms/lservlet;jsessionid=ac16012b30d64ec0b0a9f85d4cd0acdf8f65235348eb.e3iSbxaKaheRe3eRa38MahaQbi1ynknvrkLOlQzNp65In0 HTTP/1.1" 200 2
201.245.192.253 - - [05/Dec/2023:01:56:59 -0500] "POST /forms/lservlet;jsessionid=ac16012b30d66bd79d5a81354b569b64ca0b03586396.e3iSbxaKaheRe3eRa38MahaQbi1ynknvrkLOlQzNp65In0 HTTP/1.1" 200 2
172.22.2.4 - - [05/Dec/2023:01:55:47 -0500] "GET /BLA/boletinlegal/ HTTP/1.1" 200 52214
201.245.192.253 - - [05/Dec/2023:01:57:37 -0500] "POST /forms/lservlet;jsessionid=ac16012b30d62db0ca076e27406a9e01ba06e71398f7.e3iSbxaKaheRe3eRa38MahaQbi1ynknvrkLOlQzNp65In0 HTTP/1.1" 200 2
172.22.2.4 - - [05/Dec/2023:01:56:01 -0500] "GET /BLA/boletinlegal/ HTTP/1.1" 200 53737
201.245.192.253 - - [05/Dec/2023:01:57:47 -0500] "POST /kwsrmcab/Wsrmcab  HTTP/1.1" 200 41806
216.245.221.92 - - [05/Dec/2023:01:58:09 -0500] "HEAD / HTTP/1.1" 200 -
201.245.192.253 - - [05/Dec/2023:01:58:40 -0500] "POST /forms/lservlet;jsessionid=ac16012b30d64ec0b0a9f85d4cd0acdf8f65235348eb.e3iSbxaKaheRe3eRa38MahaQbi1ynknvrkLOlQzNp65In0 HTTP/1.1" 200 2
201.245.192.253 - - [05/Dec/2023:01:58:59 -0500] "POST /forms/lservlet;jsessionid=ac16012b30d66bd79d5a81354b569b64ca0b03586396.e3iSbxaKaheRe3eRa38MahaQbi1ynknvrkLOlQzNp65In0 HTTP/1.1" 200 2
201.245.192.253 - - [05/Dec/2023:01:59:37 -0500] "POST /forms/lservlet;jsessionid=ac16012b30d62db0ca076e27406a9e01ba06e71398f7.e3iSbxaKaheRe3eRa38MahaQbi1ynknvrkLOlQzNp65In0 HTTP/1.1" 200 2
201.245.192.253 - - [05/Dec/2023:02:00:40 -0500] "POST /forms/lservlet;jsessionid=ac16012b30d64ec0b0a9f85d4cd0acdf8f65235348eb.e3iSbxaKaheRe3eRa38MahaQbi1ynknvrkLOlQzNp65In0 HTTP/1.1" 200 2
201.245.192.253 - - [05/Dec/2023:02:00:59 -0500] "POST /forms/lservlet;jsessionid=ac16012b30d66bd79d5a81354b569b64ca0b03586396.e3iSbxaKaheRe3eRa38MahaQbi1ynknvrkLOlQzNp65In0 HTTP/1.1" 200 2
192.241.199.75 - - [05/Dec/2023:02:01:20 -0500] "GET /ReportServer HTTP/1.1" 404 1018
201.245.192.253 - - [05/Dec/2023:02:01:37 -0500] "POST /forms/lservlet;jsessionid=ac16012b30d62db0ca076e27406a9e01ba06e71398f7.e3iSbxaKaheRe3eRa38MahaQbi1ynknvrkLOlQzNp65In0 HTTP/1.1" 200 2
66.249.66.20 - - [05/Dec/2023:02:02:07 -0500] "GET /Publicaciones/2022EE205579.pdf HTTP/1.1" 404 228
172.22.2.4 - - [05/Dec/2023:02:00:46 -0500] "HEAD /BLA/boletinlegal/ HTTP/1.1" 200 -
201.245.192.253 - - [05/Dec/2023:02:02:40 -0500] "POST /forms/lservlet;jsessionid=ac16012b30d64ec0b0a9f85d4cd0acdf8f65235348eb.e3iSbxaKaheRe3eRa38MahaQbi1ynknvrkLOlQzNp65In0 HTTP/1.1" 200 2
201.245.192.253 - - [05/Dec/2023:02:02:47 -0500] "POST /kwsrmcab/Wsrmcab  HTTP/1.1" 200 41806
201.245.192.253 - - [05/Dec/2023:02:02:59 -0500] "POST /forms/lservlet;jsessionid=ac16012b30d66bd79d5a81354b569b64ca0b03586396.e3iSbxaKaheRe3eRa38MahaQbi1ynknvrkLOlQzNp65In0 HTTP/1.1" 200 2
216.245.221.92 - - [05/Dec/2023:02:03:09 -0500] "HEAD / HTTP/1.1" 200 -
172.22.2.4 - - [05/Dec/2023:02:01:37 -0500] "GET /BLA/boletinlegal/ HTTP/1.1" 200 58294
201.245.192.253 - - [05/Dec/2023:02:03:37 -0500] "POST /forms/lservlet;jsessionid=ac16012b30d62db0ca076e27406a9e01ba06e71398f7.e3iSbxaKaheRe3eRa38MahaQbi1ynknvrkLOlQzNp65In0 HTTP/1.1" 200 2
201.245.192.253 - - [05/Dec/2023:02:04:40 -0500] "POST /forms/lservlet;jsessionid=ac16012b30d64ec0b0a9f85d4cd0acdf8f65235348eb.e3iSbxaKaheRe3eRa38MahaQbi1ynknvrkLOlQzNp65In0 HTTP/1.1" 200 2
201.245.192.253 - - [05/Dec/2023:02:04:59 -0500] "POST /forms/lservlet;jsessionid=ac16012b30d66bd79d5a81354b569b64ca0b03586396.e3iSbxaKaheRe3eRa38MahaQbi1ynknvrkLOlQzNp65In0 HTTP/1.1" 200 2
168.119.253.13 - - [05/Dec/2023:02:05:07 -0500] "GET / HTTP/1.1" 200 4720
168.119.253.13 - - [05/Dec/2023:02:05:10 -0500] "GET / HTTP/1.1" 200 319
201.245.192.253 - - [05/Dec/2023:02:05:37 -0500] "POST /forms/lservlet;jsessionid=ac16012b30d62db0ca076e27406a9e01ba06e71398f7.e3iSbxaKaheRe3eRa38MahaQbi1ynknvrkLOlQzNp65In0 HTTP/1.1" 200 2
201.245.192.253 - - [05/Dec/2023:02:06:40 -0500] "POST /forms/lservlet;jsessionid=ac16012b30d64ec0b0a9f85d4cd0acdf8f65235348eb.e3iSbxaKaheRe3eRa38MahaQbi1ynknvrkLOlQzNp65In0 HTTP/1.1" 200 2
201.245.192.253 - - [05/Dec/2023:02:06:59 -0500] "POST /forms/lservlet;jsessionid=ac16012b30d66bd79d5a81354b569b64ca0b03586396.e3iSbxaKaheRe3eRa38MahaQbi1ynknvrkLOlQzNp65In0 HTTP/1.1" 200 2
172.22.2.4 - - [05/Dec/2023:02:07:37 -0500] "GET /BLA/boletinlegal/Directivas/2009/Directiva%20No.%20del%2023%20de%20Diciembre%20de%202009.pdf HTTP/1.1" 304 -
201.245.192.253 - - [05/Dec/2023:02:07:37 -0500] "POST /forms/lservlet;jsessionid=ac16012b30d62db0ca076e27406a9e01ba06e71398f7.e3iSbxaKaheRe3eRa38MahaQbi1ynknvrkLOlQzNp65In0 HTTP/1.1" 200 2
52.167.144.238 - - [05/Dec/2023:02:07:46 -0500] "GET /BLA/resoluciones/RESOLUCIONES%202018/1682.pdf HTTP/1.1" 304 -
201.245.192.253 - - [05/Dec/2023:02:07:45 -0500] "POST /kwsrmcab/Wsrmcab  HTTP/1.1" 200 41806
216.245.221.92 - - [05/Dec/2023:02:08:09 -0500] "HEAD / HTTP/1.1" 200 -
172.22.2.4 - - [05/Dec/2023:02:06:36 -0500] "HEAD /BLA/boletinlegal/ HTTP/1.1" 200 -
201.245.192.253 - - [05/Dec/2023:02:08:40 -0500] "POST /forms/lservlet;jsessionid=ac16012b30d64ec0b0a9f85d4cd0acdf8f65235348eb.e3iSbxaKaheRe3eRa38MahaQbi1ynknvrkLOlQzNp65In0 HTTP/1.1" 200 2
201.245.192.253 - - [05/Dec/2023:02:08:59 -0500] "POST /forms/lservlet;jsessionid=ac16012b30d66bd79d5a81354b569b64ca0b03586396.e3iSbxaKaheRe3eRa38MahaQbi1ynknvrkLOlQzNp65In0 HTTP/1.1" 200 2
172.22.2.4 - - [05/Dec/2023:02:07:27 -0500] "GET /BLA/boletinlegal/ HTTP/1.1" 200 60634
201.245.192.253 - - [05/Dec/2023:02:09:37 -0500] "POST /forms/lservlet;jsessionid=ac16012b30d62db0ca076e27406a9e01ba06e71398f7.e3iSbxaKaheRe3eRa38MahaQbi1ynknvrkLOlQzNp65In0 HTTP/1.1" 200 2
152.61.128.50 - - [05/Dec/2023:02:10:13 -0500] "GET / HTTP/1.1" 200 319
201.245.192.253 - - [05/Dec/2023:02:10:40 -0500] "POST /forms/lservlet;jsessionid=ac16012b30d64ec0b0a9f85d4cd0acdf8f65235348eb.e3iSbxaKaheRe3eRa38MahaQbi1ynknvrkLOlQzNp65In0 HTTP/1.1" 200 2
66.249.66.77 - - [05/Dec/2023:02:10:49 -0500] "GET /portaldeninos/2021/06/20/mas-de-130-arboles-fueron-plantados-en-el-humedal-la-conejera-con-comunidad-educativa/ HTTP/1.1" 200 107808
201.245.192.253 - - [05/Dec/2023:02:10:59 -0500] "POST /forms/lservlet;jsessionid=ac16012b30d66bd79d5a81354b569b64ca0b03586396.e3iSbxaKaheRe3eRa38MahaQbi1ynknvrkLOlQzNp65In0 HTTP/1.1" 200 2
66.249.66.75 - - [05/Dec/2023:02:11:08 -0500] "GET /portaldeninos/wp-content/plugins/gallery-videos/JS/modernizr.custom.js?ver=4.9.8 HTTP/1.1" 200 9019
66.249.66.76 - - [05/Dec/2023:02:11:08 -0500] "GET /portaldeninos/wp-includes/js/jquery/ui/core.min.js?ver=1.11.4 HTTP/1.1" 200 4000
66.249.66.76 - - [05/Dec/2023:02:11:09 -0500] "GET /portaldeninos/wp-includes/js/jquery/ui/sortable.min.js?ver=1.11.4 HTTP/1.1" 200 24899
66.249.66.76 - - [05/Dec/2023:02:11:10 -0500] "GET /portaldeninos/wp-includes/js/jquery/ui/tabs.min.js?ver=1.11.4 HTTP/1.1" 200 12110
66.249.66.76 - - [05/Dec/2023:02:11:11 -0500] "GET /portaldeninos/wp-includes/js/comment-reply.min.js?ver=4.9.8 HTTP/1.1" 200 1078
201.245.192.253 - - [05/Dec/2023:02:11:37 -0500] "POST /forms/lservlet;jsessionid=ac16012b30d62db0ca076e27406a9e01ba06e71398f7.e3iSbxaKaheRe3eRa38MahaQbi1ynknvrkLOlQzNp65In0 HTTP/1.1" 200 2
201.245.192.253 - - [05/Dec/2023:02:12:40 -0500] "POST /forms/lservlet;jsessionid=ac16012b30d64ec0b0a9f85d4cd0acdf8f65235348eb.e3iSbxaKaheRe3eRa38MahaQbi1ynknvrkLOlQzNp65In0 HTTP/1.1" 200 2
201.245.192.253 - - [05/Dec/2023:02:12:44 -0500] "POST /kwsrmcab/Wsrmcab  HTTP/1.1" 200 41806
201.245.192.253 - - [05/Dec/2023:02:12:59 -0500] "POST /forms/lservlet;jsessionid=ac16012b30d66bd79d5a81354b569b64ca0b03586396.e3iSbxaKaheRe3eRa38MahaQbi1ynknvrkLOlQzNp65In0 HTTP/1.1" 200 2
216.245.221.92 - - [05/Dec/2023:02:13:09 -0500] "HEAD / HTTP/1.1" 200 -
17.241.227.71 - - [05/Dec/2023:02:13:23 -0500] "GET /p4g-es-sin-duda-un-ejemplo-de-que-el-optimismo-es-posible-y-necesario-carolina-urrutia-secretaria-de-ambiente.html HTTP/1.1" 200 934
52.167.144.184 - - [05/Dec/2023:02:13:28 -0500] "GET /BLA/resoluciones/index.php?dir=RESOLUCIONES+2007%2FRES+2007+3301+AL+3400%2F HTTP/1.1" 200 26620
201.245.192.253 - - [05/Dec/2023:02:13:37 -0500] "POST /forms/lservlet;jsessionid=ac16012b30d62db0ca076e27406a9e01ba06e71398f7.e3iSbxaKaheRe3eRa38MahaQbi1ynknvrkLOlQzNp65In0 HTTP/1.1" 200 2
172.22.2.4 - - [05/Dec/2023:02:12:26 -0500] "HEAD /BLA/boletinlegal/ HTTP/1.1" 200 -
201.245.192.253 - - [05/Dec/2023:02:14:40 -0500] "POST /forms/lservlet;jsessionid=ac16012b30d64ec0b0a9f85d4cd0acdf8f65235348eb.e3iSbxaKaheRe3eRa38MahaQbi1ynknvrkLOlQzNp65In0 HTTP/1.1" 200 2
66.249.66.193 - - [05/Dec/2023:02:14:50 -0500] "GET /distrito-firma-siete-nuevos-pagos-por-servicios-ambientales-en-la-ruralidad-de-bogota-ya-van-mas-de-1100-hectareas.html HTTP/1.1" 200 853
66.249.66.193 - - [05/Dec/2023:02:14:51 -0500] "GET /asi-se-mueve-bogota-en-el-dia-sin-carro-y-sin-moto.html HTTP/1.1" 200 847
172.22.2.4 - - [05/Dec/2023:02:13:17 -0500] "GET /BLA/boletinlegal/ HTTP/1.1" 200 60634
201.245.192.253 - - [05/Dec/2023:02:14:59 -0500] "POST /forms/lservlet;jsessionid=ac16012b30d66bd79d5a81354b569b64ca0b03586396.e3iSbxaKaheRe3eRa38MahaQbi1ynknvrkLOlQzNp65In0 HTTP/1.1" 200 2
201.245.192.253 - - [05/Dec/2023:02:15:37 -0500] "POST /forms/lservlet;jsessionid=ac16012b30d62db0ca076e27406a9e01ba06e71398f7.e3iSbxaKaheRe3eRa38MahaQbi1ynknvrkLOlQzNp65In0 HTTP/1.1" 200 2
201.245.192.253 - - [05/Dec/2023:02:16:40 -0500] "POST /forms/lservlet;jsessionid=ac16012b30d64ec0b0a9f85d4cd0acdf8f65235348eb.e3iSbxaKaheRe3eRa38MahaQbi1ynknvrkLOlQzNp65In0 HTTP/1.1" 200 2
201.245.192.253 - - [05/Dec/2023:02:16:48 -0500] "POST /kwsrmcab/Wsrmcab HTTP/1.1" 200 38803
201.245.192.253 - - [05/Dec/2023:02:16:52 -0500] "POST /kwsrmcab/Wsrmcab HTTP/1.1" 200 38367
201.245.192.253 - - [05/Dec/2023:02:16:59 -0500] "POST /forms/lservlet;jsessionid=ac16012b30d66bd79d5a81354b569b64ca0b03586396.e3iSbxaKaheRe3eRa38MahaQbi1ynknvrkLOlQzNp65In0 HTTP/1.1" 200 2
201.245.192.253 - - [05/Dec/2023:02:17:37 -0500] "POST /forms/lservlet;jsessionid=ac16012b30d62db0ca076e27406a9e01ba06e71398f7.e3iSbxaKaheRe3eRa38MahaQbi1ynknvrkLOlQzNp65In0 HTTP/1.1" 200 2
201.245.192.253 - - [05/Dec/2023:02:17:43 -0500] "POST /kwsrmcab/Wsrmcab  HTTP/1.1" 200 41806
216.245.221.92 - - [05/Dec/2023:02:18:09 -0500] "HEAD / HTTP/1.1" 200 -
162.55.35.116 - - [05/Dec/2023:02:18:37 -0500] "GET / HTTP/1.1" 200 319
162.55.35.116 - - [05/Dec/2023:02:18:38 -0500] "GET / HTTP/1.1" 200 4720
201.245.192.253 - - [05/Dec/2023:02:18:40 -0500] "POST /forms/lservlet;jsessionid=ac16012b30d64ec0b0a9f85d4cd0acdf8f65235348eb.e3iSbxaKaheRe3eRa38MahaQbi1ynknvrkLOlQzNp65In0 HTTP/1.1" 200 2
201.245.192.253 - - [05/Dec/2023:02:18:59 -0500] "POST /forms/lservlet;jsessionid=ac16012b30d66bd79d5a81354b569b64ca0b03586396.e3iSbxaKaheRe3eRa38MahaQbi1ynknvrkLOlQzNp65In0 HTTP/1.1" 200 2
88.199.82.12 - - [05/Dec/2023:02:19:09 -0500] "GET / HTTP/1.1" 200 319
201.245.192.253 - - [05/Dec/2023:02:19:37 -0500] "POST /forms/lservlet;jsessionid=ac16012b30d62db0ca076e27406a9e01ba06e71398f7.e3iSbxaKaheRe3eRa38MahaQbi1ynknvrkLOlQzNp65In0 HTTP/1.1" 200 2
172.22.2.4 - - [05/Dec/2023:02:18:16 -0500] "HEAD /BLA/boletinlegal/ HTTP/1.1" 200 -
201.245.192.253 - - [05/Dec/2023:02:20:29 -0500] "POST /kwsrmcab/Wsrmcab HTTP/1.1" 200 38803
201.245.192.253 - - [05/Dec/2023:02:20:40 -0500] "POST /forms/lservlet;jsessionid=ac16012b30d64ec0b0a9f85d4cd0acdf8f65235348eb.e3iSbxaKaheRe3eRa38MahaQbi1ynknvrkLOlQzNp65In0 HTTP/1.1" 200 2
201.245.192.253 - - [05/Dec/2023:02:20:40 -0500] "POST /kwsrmcab/Wsrmcab HTTP/1.1" 200 38367
172.22.2.4 - - [05/Dec/2023:02:19:07 -0500] "GET /BLA/boletinlegal/ HTTP/1.1" 200 55399
201.245.192.253 - - [05/Dec/2023:02:20:59 -0500] "POST /forms/lservlet;jsessionid=ac16012b30d66bd79d5a81354b569b64ca0b03586396.e3iSbxaKaheRe3eRa38MahaQbi1ynknvrkLOlQzNp65In0 HTTP/1.1" 200 2
201.245.192.253 - - [05/Dec/2023:02:21:37 -0500] "POST /forms/lservlet;jsessionid=ac16012b30d62db0ca076e27406a9e01ba06e71398f7.e3iSbxaKaheRe3eRa38MahaQbi1ynknvrkLOlQzNp65In0 HTTP/1.1" 200 2
201.245.192.253 - - [05/Dec/2023:02:22:40 -0500] "POST /forms/lservlet;jsessionid=ac16012b30d64ec0b0a9f85d4cd0acdf8f65235348eb.e3iSbxaKaheRe3eRa38MahaQbi1ynknvrkLOlQzNp65In0 HTTP/1.1" 200 2
201.245.192.253 - - [05/Dec/2023:02:22:41 -0500] "POST /kwsrmcab/Wsrmcab  HTTP/1.1" 200 41806
201.245.192.253 - - [05/Dec/2023:02:22:59 -0500] "POST /forms/lservlet;jsessionid=ac16012b30d66bd79d5a81354b569b64ca0b03586396.e3iSbxaKaheRe3eRa38MahaQbi1ynknvrkLOlQzNp65In0 HTTP/1.1" 200 2
216.245.221.92 - - [05/Dec/2023:02:23:09 -0500] "HEAD / HTTP/1.1" 200 -
201.245.192.253 - - [05/Dec/2023:02:23:37 -0500] "POST /forms/lservlet;jsessionid=ac16012b30d62db0ca076e27406a9e01ba06e71398f7.e3iSbxaKaheRe3eRa38MahaQbi1ynknvrkLOlQzNp65In0 HTTP/1.1" 200 2
201.245.192.253 - - [05/Dec/2023:02:24:40 -0500] "POST /forms/lservlet;jsessionid=ac16012b30d64ec0b0a9f85d4cd0acdf8f65235348eb.e3iSbxaKaheRe3eRa38MahaQbi1ynknvrkLOlQzNp65In0 HTTP/1.1" 200 2
201.245.192.253 - - [05/Dec/2023:02:24:59 -0500] "POST /forms/lservlet;jsessionid=ac16012b30d66bd79d5a81354b569b64ca0b03586396.e3iSbxaKaheRe3eRa38MahaQbi1ynknvrkLOlQzNp65In0 HTTP/1.1" 200 2
201.245.192.253 - - [05/Dec/2023:02:25:37 -0500] "POST /forms/lservlet;jsessionid=ac16012b30d62db0ca076e27406a9e01ba06e71398f7.e3iSbxaKaheRe3eRa38MahaQbi1ynknvrkLOlQzNp65In0 HTTP/1.1" 200 2
172.22.2.4 - - [05/Dec/2023:02:24:06 -0500] "HEAD /BLA/boletinlegal/ HTTP/1.1" 200 -
172.22.2.4 - - [05/Dec/2023:02:24:57 -0500] "GET /BLA/boletinlegal/ HTTP/1.1" 200 60634
201.245.192.253 - - [05/Dec/2023:02:26:40 -0500] "POST /forms/lservlet;jsessionid=ac16012b30d64ec0b0a9f85d4cd0acdf8f65235348eb.e3iSbxaKaheRe3eRa38MahaQbi1ynknvrkLOlQzNp65In0 HTTP/1.1" 200 2
201.245.192.253 - - [05/Dec/2023:02:26:48 -0500] "POST /kwsrmcab/Wsrmcab HTTP/1.1" 200 38803
201.245.192.253 - - [05/Dec/2023:02:26:52 -0500] "POST /kwsrmcab/Wsrmcab HTTP/1.1" 200 38367
201.245.192.253 - - [05/Dec/2023:02:26:59 -0500] "POST /forms/lservlet;jsessionid=ac16012b30d66bd79d5a81354b569b64ca0b03586396.e3iSbxaKaheRe3eRa38MahaQbi1ynknvrkLOlQzNp65In0 HTTP/1.1" 200 2
52.167.144.18 - - [05/Dec/2023:02:27:26 -0500] "GET /BLA/resoluciones/RESOLUCIONES%202007/RES%202007%203301%20AL%203400/RESOLUCION%203310%20DE%202007.pdf HTTP/1.1" 200 1022344
201.245.192.253 - - [05/Dec/2023:02:27:37 -0500] "POST /forms/lservlet;jsessionid=ac16012b30d62db0ca076e27406a9e01ba06e71398f7.e3iSbxaKaheRe3eRa38MahaQbi1ynknvrkLOlQzNp65In0 HTTP/1.1" 200 2
201.245.192.253 - - [05/Dec/2023:02:27:40 -0500] "POST /kwsrmcab/Wsrmcab  HTTP/1.1" 200 41806
216.245.221.92 - - [05/Dec/2023:02:28:09 -0500] "HEAD / HTTP/1.1" 200 -
201.245.192.253 - - [05/Dec/2023:02:28:40 -0500] "POST /forms/lservlet;jsessionid=ac16012b30d64ec0b0a9f85d4cd0acdf8f65235348eb.e3iSbxaKaheRe3eRa38MahaQbi1ynknvrkLOlQzNp65In0 HTTP/1.1" 200 2
40.77.167.32 - - [05/Dec/2023:02:28:58 -0500] "GET /BLA/resoluciones/RESOLUCIONES%202007/RES%202007%203301%20AL%203400/RESOLUCION%203308%20DE%202007.pdf HTTP/1.1" 200 426523
40.77.167.32 - - [05/Dec/2023:02:28:59 -0500] "GET /BLA/resoluciones/RESOLUCIONES%202007/RES%202007%203301%20AL%203400/RESOLUCION%203375%20DE%202007.pdf HTTP/1.1" 200 1095806
201.245.192.253 - - [05/Dec/2023:02:28:59 -0500] "POST /forms/lservlet;jsessionid=ac16012b30d66bd79d5a81354b569b64ca0b03586396.e3iSbxaKaheRe3eRa38MahaQbi1ynknvrkLOlQzNp65In0 HTTP/1.1" 200 2
201.245.192.253 - - [05/Dec/2023:02:29:37 -0500] "POST /forms/lservlet;jsessionid=ac16012b30d62db0ca076e27406a9e01ba06e71398f7.e3iSbxaKaheRe3eRa38MahaQbi1ynknvrkLOlQzNp65In0 HTTP/1.1" 200 2
201.245.192.253 - - [05/Dec/2023:02:30:29 -0500] "POST /kwsrmcab/Wsrmcab HTTP/1.1" 200 38803
201.245.192.253 - - [05/Dec/2023:02:30:40 -0500] "POST /forms/lservlet;jsessionid=ac16012b30d64ec0b0a9f85d4cd0acdf8f65235348eb.e3iSbxaKaheRe3eRa38MahaQbi1ynknvrkLOlQzNp65In0 HTTP/1.1" 200 2
201.245.192.253 - - [05/Dec/2023:02:30:41 -0500] "POST /kwsrmcab/Wsrmcab HTTP/1.1" 200 38367
201.245.192.253 - - [05/Dec/2023:02:30:59 -0500] "POST /forms/lservlet;jsessionid=ac16012b30d66bd79d5a81354b569b64ca0b03586396.e3iSbxaKaheRe3eRa38MahaQbi1ynknvrkLOlQzNp65In0 HTTP/1.1" 200 2
172.22.2.4 - - [05/Dec/2023:02:29:56 -0500] "HEAD /BLA/boletinlegal/ HTTP/1.1" 200 -
201.245.192.253 - - [05/Dec/2023:02:31:37 -0500] "POST /forms/lservlet;jsessionid=ac16012b30d62db0ca076e27406a9e01ba06e71398f7.e3iSbxaKaheRe3eRa38MahaQbi1ynknvrkLOlQzNp65In0 HTTP/1.1" 200 2
172.22.2.4 - - [05/Dec/2023:02:32:23 -0500] "GET /BLA/boletinlegal/robots.txt HTTP/1.1" 404 1038
172.22.2.4 - - [05/Dec/2023:02:30:47 -0500] "GET /BLA/boletinlegal/ HTTP/1.1" 200 57881
201.245.192.253 - - [05/Dec/2023:02:32:40 -0500] "POST /forms/lservlet;jsessionid=ac16012b30d64ec0b0a9f85d4cd0acdf8f65235348eb.e3iSbxaKaheRe3eRa38MahaQbi1ynknvrkLOlQzNp65In0 HTTP/1.1" 200 2
201.245.192.253 - - [05/Dec/2023:02:32:38 -0500] "POST /kwsrmcab/Wsrmcab  HTTP/1.1" 200 41806
201.245.192.253 - - [05/Dec/2023:02:32:59 -0500] "POST /forms/lservlet;jsessionid=ac16012b30d66bd79d5a81354b569b64ca0b03586396.e3iSbxaKaheRe3eRa38MahaQbi1ynknvrkLOlQzNp65In0 HTTP/1.1" 200 2
216.245.221.92 - - [05/Dec/2023:02:33:09 -0500] "HEAD / HTTP/1.1" 200 -
201.245.192.253 - - [05/Dec/2023:02:33:37 -0500] "POST /forms/lservlet;jsessionid=ac16012b30d62db0ca076e27406a9e01ba06e71398f7.e3iSbxaKaheRe3eRa38MahaQbi1ynknvrkLOlQzNp65In0 HTTP/1.1" 200 2
172.22.2.4 - - [05/Dec/2023:02:32:23 -0500] "GET /BLA/boletinlegal/index.php HTTP/1.1" 200 62729
201.245.192.253 - - [05/Dec/2023:02:34:40 -0500] "POST /forms/lservlet;jsessionid=ac16012b30d64ec0b0a9f85d4cd0acdf8f65235348eb.e3iSbxaKaheRe3eRa38MahaQbi1ynknvrkLOlQzNp65In0 HTTP/1.1" 200 2
201.245.192.253 - - [05/Dec/2023:02:34:59 -0500] "POST /forms/lservlet;jsessionid=ac16012b30d66bd79d5a81354b569b64ca0b03586396.e3iSbxaKaheRe3eRa38MahaQbi1ynknvrkLOlQzNp65In0 HTTP/1.1" 200 2
201.245.192.253 - - [05/Dec/2023:02:35:37 -0500] "POST /forms/lservlet;jsessionid=ac16012b30d62db0ca076e27406a9e01ba06e71398f7.e3iSbxaKaheRe3eRa38MahaQbi1ynknvrkLOlQzNp65In0 HTTP/1.1" 200 2
111.202.101.96 - - [05/Dec/2023:02:36:08 -0500] "GET / HTTP/1.1" 200 319
52.167.144.219 - - [05/Dec/2023:02:36:31 -0500] "GET /BLA/resoluciones/index.php?dir=Notificaciones%2FRESOLUCIONES+2023%2F HTTP/1.1" 200 38992
201.245.192.253 - - [05/Dec/2023:02:36:40 -0500] "POST /forms/lservlet;jsessionid=ac16012b30d64ec0b0a9f85d4cd0acdf8f65235348eb.e3iSbxaKaheRe3eRa38MahaQbi1ynknvrkLOlQzNp65In0 HTTP/1.1" 200 2
40.77.167.14 - - [05/Dec/2023:02:36:48 -0500] "GET /BLA/resoluciones/Notificaciones/RESOLUCIONES%202023/160.pdf HTTP/1.1" 200 406253
201.245.192.253 - - [05/Dec/2023:02:36:48 -0500] "POST /kwsrmcab/Wsrmcab HTTP/1.1" 200 38803
40.77.167.132 - - [05/Dec/2023:02:36:52 -0500] "GET /BLA/resoluciones/Notificaciones/RESOLUCIONES%202023/1423.pdf HTTP/1.1" 200 398367
40.77.167.132 - - [05/Dec/2023:02:36:53 -0500] "GET /BLA/resoluciones/Notificaciones/RESOLUCIONES%202023/479.pdf HTTP/1.1" 200 442989
201.245.192.253 - - [05/Dec/2023:02:36:52 -0500] "POST /kwsrmcab/Wsrmcab HTTP/1.1" 200 38367
201.245.192.253 - - [05/Dec/2023:02:36:59 -0500] "POST /forms/lservlet;jsessionid=ac16012b30d66bd79d5a81354b569b64ca0b03586396.e3iSbxaKaheRe3eRa38MahaQbi1ynknvrkLOlQzNp65In0 HTTP/1.1" 200 2
40.77.167.14 - - [05/Dec/2023:02:37:17 -0500] "GET /BLA/resoluciones/Notificaciones/RESOLUCIONES%202023/00324.pdf HTTP/1.1" 200 816341
40.77.167.132 - - [05/Dec/2023:02:37:20 -0500] "GET /BLA/resoluciones/Notificaciones/RESOLUCIONES%202023/738.pdf HTTP/1.1" 200 430365
52.167.144.219 - - [05/Dec/2023:02:37:22 -0500] "GET /BLA/resoluciones/Notificaciones/RESOLUCIONES%202023/468.pdf HTTP/1.1" 200 444799
172.22.2.4 - - [05/Dec/2023:02:35:46 -0500] "HEAD /BLA/boletinlegal/ HTTP/1.1" 200 -
201.245.192.253 - - [05/Dec/2023:02:37:37 -0500] "POST /forms/lservlet;jsessionid=ac16012b30d62db0ca076e27406a9e01ba06e71398f7.e3iSbxaKaheRe3eRa38MahaQbi1ynknvrkLOlQzNp65In0 HTTP/1.1" 200 2
201.245.192.253 - - [05/Dec/2023:02:37:36 -0500] "POST /kwsrmcab/Wsrmcab  HTTP/1.1" 200 41806
216.245.221.92 - - [05/Dec/2023:02:38:09 -0500] "HEAD / HTTP/1.1" 200 -
172.22.2.4 - - [05/Dec/2023:02:36:37 -0500] "GET /BLA/boletinlegal/ HTTP/1.1" 200 58644
201.245.192.253 - - [05/Dec/2023:02:38:40 -0500] "POST /forms/lservlet;jsessionid=ac16012b30d64ec0b0a9f85d4cd0acdf8f65235348eb.e3iSbxaKaheRe3eRa38MahaQbi1ynknvrkLOlQzNp65In0 HTTP/1.1" 200 2
201.245.192.253 - - [05/Dec/2023:02:38:59 -0500] "POST /forms/lservlet;jsessionid=ac16012b30d66bd79d5a81354b569b64ca0b03586396.e3iSbxaKaheRe3eRa38MahaQbi1ynknvrkLOlQzNp65In0 HTTP/1.1" 200 2
201.245.192.253 - - [05/Dec/2023:02:39:37 -0500] "POST /forms/lservlet;jsessionid=ac16012b30d62db0ca076e27406a9e01ba06e71398f7.e3iSbxaKaheRe3eRa38MahaQbi1ynknvrkLOlQzNp65In0 HTTP/1.1" 200 2
52.167.144.219 - - [05/Dec/2023:02:39:51 -0500] "GET /BLA/resoluciones/AUTOS%202023/1271.pdf HTTP/1.1" 304 -
201.245.192.253 - - [05/Dec/2023:02:40:29 -0500] "POST /kwsrmcab/Wsrmcab HTTP/1.1" 200 38803
201.245.192.253 - - [05/Dec/2023:02:40:40 -0500] "POST /forms/lservlet;jsessionid=ac16012b30d64ec0b0a9f85d4cd0acdf8f65235348eb.e3iSbxaKaheRe3eRa38MahaQbi1ynknvrkLOlQzNp65In0 HTTP/1.1" 200 2
201.245.192.253 - - [05/Dec/2023:02:40:41 -0500] "POST /kwsrmcab/Wsrmcab HTTP/1.1" 200 38367
201.245.192.253 - - [05/Dec/2023:02:40:59 -0500] "POST /forms/lservlet;jsessionid=ac16012b30d66bd79d5a81354b569b64ca0b03586396.e3iSbxaKaheRe3eRa38MahaQbi1ynknvrkLOlQzNp65In0 HTTP/1.1" 200 2
152.61.192.232 - - [05/Dec/2023:02:41:32 -0500] "GET /arcgis/services/Calidad_del_Agua_WQI/MapServer/WMSServer?request=GetCapabilities&service=WMS HTTP/1.1" 503 1020
152.61.192.232 - - [05/Dec/2023:02:41:34 -0500] "GET /arcgis/services/Calidad_del_Agua_WQI/MapServer/WMSServer?SERVICE=WMS&REQUEST=GetCapabilities HTTP/1.1" 503 1020
152.61.192.232 - - [05/Dec/2023:02:41:34 -0500] "GET /arcgis/services/Calidad_del_Agua_WQI/MapServer/WMSServer?WMTVER=1.0.0&REQUEST=capabilities HTTP/1.1" 503 1020
201.245.192.253 - - [05/Dec/2023:02:41:37 -0500] "POST /forms/lservlet;jsessionid=ac16012b30d62db0ca076e27406a9e01ba06e71398f7.e3iSbxaKaheRe3eRa38MahaQbi1ynknvrkLOlQzNp65In0 HTTP/1.1" 200 2
201.245.192.253 - - [05/Dec/2023:02:42:40 -0500] "POST /forms/lservlet;jsessionid=ac16012b30d64ec0b0a9f85d4cd0acdf8f65235348eb.e3iSbxaKaheRe3eRa38MahaQbi1ynknvrkLOlQzNp65In0 HTTP/1.1" 200 2
201.245.192.253 - - [05/Dec/2023:02:42:35 -0500] "POST /kwsrmcab/Wsrmcab  HTTP/1.1" 200 41806
201.245.192.253 - - [05/Dec/2023:02:42:59 -0500] "POST /forms/lservlet;jsessionid=ac16012b30d66bd79d5a81354b569b64ca0b03586396.e3iSbxaKaheRe3eRa38MahaQbi1ynknvrkLOlQzNp65In0 HTTP/1.1" 200 2
216.245.221.92 - - [05/Dec/2023:02:43:09 -0500] "HEAD / HTTP/1.1" 200 -
172.22.2.4 - - [05/Dec/2023:02:41:36 -0500] "HEAD /BLA/boletinlegal/ HTTP/1.1" 200 -
201.245.192.253 - - [05/Dec/2023:02:43:38 -0500] "POST /forms/lservlet;jsessionid=ac16012b30d62db0ca076e27406a9e01ba06e71398f7.e3iSbxaKaheRe3eRa38MahaQbi1ynknvrkLOlQzNp65In0 HTTP/1.1" 200 2
172.22.2.4 - - [05/Dec/2023:02:42:26 -0500] "GET /BLA/boletinlegal/ HTTP/1.1" 200 58644
201.245.192.253 - - [05/Dec/2023:02:44:40 -0500] "POST /forms/lservlet;jsessionid=ac16012b30d64ec0b0a9f85d4cd0acdf8f65235348eb.e3iSbxaKaheRe3eRa38MahaQbi1ynknvrkLOlQzNp65In0 HTTP/1.1" 200 2
201.245.192.253 - - [05/Dec/2023:02:44:59 -0500] "POST /forms/lservlet;jsessionid=ac16012b30d66bd79d5a81354b569b64ca0b03586396.e3iSbxaKaheRe3eRa38MahaQbi1ynknvrkLOlQzNp65In0 HTTP/1.1" 200 2
201.245.192.253 - - [05/Dec/2023:02:45:38 -0500] "POST /forms/lservlet;jsessionid=ac16012b30d62db0ca076e27406a9e01ba06e71398f7.e3iSbxaKaheRe3eRa38MahaQbi1ynknvrkLOlQzNp65In0 HTTP/1.1" 200 2
66.249.66.19 - - [05/Dec/2023:02:46:13 -0500] "GET /Publicaciones/2023EE255825.pdf HTTP/1.1" 404 228
201.245.192.253 - - [05/Dec/2023:02:46:40 -0500] "POST /forms/lservlet;jsessionid=ac16012b30d64ec0b0a9f85d4cd0acdf8f65235348eb.e3iSbxaKaheRe3eRa38MahaQbi1ynknvrkLOlQzNp65In0 HTTP/1.1" 200 2
201.245.192.253 - - [05/Dec/2023:02:46:59 -0500] "POST /forms/lservlet;jsessionid=ac16012b30d66bd79d5a81354b569b64ca0b03586396.e3iSbxaKaheRe3eRa38MahaQbi1ynknvrkLOlQzNp65In0 HTTP/1.1" 200 2
201.245.192.253 - - [05/Dec/2023:02:47:34 -0500] "POST /kwsrmcab/Wsrmcab  HTTP/1.1" 200 41806
201.245.192.253 - - [05/Dec/2023:02:47:38 -0500] "POST /forms/lservlet;jsessionid=ac16012b30d62db0ca076e27406a9e01ba06e71398f7.e3iSbxaKaheRe3eRa38MahaQbi1ynknvrkLOlQzNp65In0 HTTP/1.1" 200 2
216.245.221.92 - - [05/Dec/2023:02:48:09 -0500] "HEAD / HTTP/1.1" 200 -
66.249.66.77 - - [05/Dec/2023:02:48:18 -0500] "GET /portaldeninos/aulas-ambientales/ HTTP/1.1" 200 88416
66.249.66.76 - - [05/Dec/2023:02:48:28 -0500] "GET /portaldeninos/wp-content/themes/betheme/css/responsive.css?ver=20.9.6 HTTP/1.1" 200 55740
201.245.192.253 - - [05/Dec/2023:02:48:40 -0500] "POST /forms/lservlet;jsessionid=ac16012b30d64ec0b0a9f85d4cd0acdf8f65235348eb.e3iSbxaKaheRe3eRa38MahaQbi1ynknvrkLOlQzNp65In0 HTTP/1.1" 200 2
201.245.192.253 - - [05/Dec/2023:02:48:59 -0500] "POST /forms/lservlet;jsessionid=ac16012b30d66bd79d5a81354b569b64ca0b03586396.e3iSbxaKaheRe3eRa38MahaQbi1ynknvrkLOlQzNp65In0 HTTP/1.1" 200 2
172.22.2.4 - - [05/Dec/2023:02:47:26 -0500] "HEAD /BLA/boletinlegal/ HTTP/1.1" 200 -
201.245.192.253 - - [05/Dec/2023:02:49:38 -0500] "POST /forms/lservlet;jsessionid=ac16012b30d62db0ca076e27406a9e01ba06e71398f7.e3iSbxaKaheRe3eRa38MahaQbi1ynknvrkLOlQzNp65In0 HTTP/1.1" 200 2
172.22.2.4 - - [05/Dec/2023:02:48:17 -0500] "GET /BLA/boletinlegal/ HTTP/1.1" 200 58644
201.245.192.253 - - [05/Dec/2023:02:50:40 -0500] "POST /forms/lservlet;jsessionid=ac16012b30d64ec0b0a9f85d4cd0acdf8f65235348eb.e3iSbxaKaheRe3eRa38MahaQbi1ynknvrkLOlQzNp65In0 HTTP/1.1" 200 2
201.245.192.253 - - [05/Dec/2023:02:50:59 -0500] "POST /forms/lservlet;jsessionid=ac16012b30d66bd79d5a81354b569b64ca0b03586396.e3iSbxaKaheRe3eRa38MahaQbi1ynknvrkLOlQzNp65In0 HTTP/1.1" 200 2
185.180.143.7 - - [05/Dec/2023:02:51:23 -0500] "GET / HTTP/1.1" 200 319
40.77.167.235 - - [05/Dec/2023:02:51:30 -0500] "GET /BLA/boletinlegal/js/jquery.scrollShow.js HTTP/1.1" 200 4586
201.245.192.253 - - [05/Dec/2023:02:51:38 -0500] "POST /forms/lservlet;jsessionid=ac16012b30d62db0ca076e27406a9e01ba06e71398f7.e3iSbxaKaheRe3eRa38MahaQbi1ynknvrkLOlQzNp65In0 HTTP/1.1" 200 2
201.245.192.253 - - [05/Dec/2023:02:52:33 -0500] "POST /kwsrmcab/Wsrmcab  HTTP/1.1" 200 41806
201.245.192.253 - - [05/Dec/2023:02:52:40 -0500] "POST /forms/lservlet;jsessionid=ac16012b30d64ec0b0a9f85d4cd0acdf8f65235348eb.e3iSbxaKaheRe3eRa38MahaQbi1ynknvrkLOlQzNp65In0 HTTP/1.1" 200 2
201.245.192.253 - - [05/Dec/2023:02:52:59 -0500] "POST /forms/lservlet;jsessionid=ac16012b30d66bd79d5a81354b569b64ca0b03586396.e3iSbxaKaheRe3eRa38MahaQbi1ynknvrkLOlQzNp65In0 HTTP/1.1" 200 2
216.245.221.92 - - [05/Dec/2023:02:53:09 -0500] "HEAD / HTTP/1.1" 200 -
201.245.192.253 - - [05/Dec/2023:02:53:38 -0500] "POST /forms/lservlet;jsessionid=ac16012b30d62db0ca076e27406a9e01ba06e71398f7.e3iSbxaKaheRe3eRa38MahaQbi1ynknvrkLOlQzNp65In0 HTTP/1.1" 200 2
172.22.2.4 - - [05/Dec/2023:02:52:18 -0500] "GET /BLA/boletinlegal/ HTTP/1.1" 200 61018
201.245.192.253 - - [05/Dec/2023:02:54:40 -0500] "POST /forms/lservlet;jsessionid=ac16012b30d64ec0b0a9f85d4cd0acdf8f65235348eb.e3iSbxaKaheRe3eRa38MahaQbi1ynknvrkLOlQzNp65In0 HTTP/1.1" 200 2
172.22.2.4 - - [05/Dec/2023:02:53:16 -0500] "HEAD /BLA/boletinlegal/ HTTP/1.1" 200 -
201.245.192.253 - - [05/Dec/2023:02:54:59 -0500] "POST /forms/lservlet;jsessionid=ac16012b30d66bd79d5a81354b569b64ca0b03586396.e3iSbxaKaheRe3eRa38MahaQbi1ynknvrkLOlQzNp65In0 HTTP/1.1" 200 2
201.245.192.253 - - [05/Dec/2023:02:55:38 -0500] "POST /forms/lservlet;jsessionid=ac16012b30d62db0ca076e27406a9e01ba06e71398f7.e3iSbxaKaheRe3eRa38MahaQbi1ynknvrkLOlQzNp65In0 HTTP/1.1" 200 2
172.22.2.4 - - [05/Dec/2023:02:54:06 -0500] "GET /BLA/boletinlegal/ HTTP/1.1" 200 58644
201.245.192.253 - - [05/Dec/2023:02:56:40 -0500] "POST /forms/lservlet;jsessionid=ac16012b30d64ec0b0a9f85d4cd0acdf8f65235348eb.e3iSbxaKaheRe3eRa38MahaQbi1ynknvrkLOlQzNp65In0 HTTP/1.1" 200 2
201.245.192.253 - - [05/Dec/2023:02:56:59 -0500] "POST /forms/lservlet;jsessionid=ac16012b30d66bd79d5a81354b569b64ca0b03586396.e3iSbxaKaheRe3eRa38MahaQbi1ynknvrkLOlQzNp65In0 HTTP/1.1" 200 2
201.245.192.253 - - [05/Dec/2023:02:57:32 -0500] "POST /kwsrmcab/Wsrmcab  HTTP/1.1" 200 41806
201.245.192.253 - - [05/Dec/2023:02:57:38 -0500] "POST /forms/lservlet;jsessionid=ac16012b30d62db0ca076e27406a9e01ba06e71398f7.e3iSbxaKaheRe3eRa38MahaQbi1ynknvrkLOlQzNp65In0 HTTP/1.1" 200 2
172.22.2.4 - - [05/Dec/2023:02:57:57 -0500] "GET /BLA/boletinlegal/Directivas/2019/Directiva%20No.%200001%20del%2011%20de%20junio%20de%202019.pdf HTTP/1.1" 304 -
216.245.221.92 - - [05/Dec/2023:02:58:09 -0500] "HEAD / HTTP/1.1" 200 -
201.245.192.253 - - [05/Dec/2023:02:58:40 -0500] "POST /forms/lservlet;jsessionid=ac16012b30d64ec0b0a9f85d4cd0acdf8f65235348eb.e3iSbxaKaheRe3eRa38MahaQbi1ynknvrkLOlQzNp65In0 HTTP/1.1" 200 2
201.245.192.253 - - [05/Dec/2023:02:58:59 -0500] "POST /forms/lservlet;jsessionid=ac16012b30d66bd79d5a81354b569b64ca0b03586396.e3iSbxaKaheRe3eRa38MahaQbi1ynknvrkLOlQzNp65In0 HTTP/1.1" 200 2
201.245.192.253 - - [05/Dec/2023:02:59:38 -0500] "POST /forms/lservlet;jsessionid=ac16012b30d62db0ca076e27406a9e01ba06e71398f7.e3iSbxaKaheRe3eRa38MahaQbi1ynknvrkLOlQzNp65In0 HTTP/1.1" 200 2
201.245.192.253 - - [05/Dec/2023:03:00:40 -0500] "POST /forms/lservlet;jsessionid=ac16012b30d64ec0b0a9f85d4cd0acdf8f65235348eb.e3iSbxaKaheRe3eRa38MahaQbi1ynknvrkLOlQzNp65In0 HTTP/1.1" 200 2
172.22.2.4 - - [05/Dec/2023:02:59:06 -0500] "HEAD /BLA/boletinlegal/ HTTP/1.1" 200 -
198.235.24.83 - - [05/Dec/2023:03:00:51 -0500] "\x16\x03\x01" 400 226
198.235.24.83 - - [05/Dec/2023:03:00:52 -0500] "\x16\x03\x01" 400 226
201.245.192.253 - - [05/Dec/2023:03:00:59 -0500] "POST /forms/lservlet;jsessionid=ac16012b30d66bd79d5a81354b569b64ca0b03586396.e3iSbxaKaheRe3eRa38MahaQbi1ynknvrkLOlQzNp65In0 HTTP/1.1" 200 2
172.22.2.4 - - [05/Dec/2023:02:59:56 -0500] "GET /BLA/boletinlegal/ HTTP/1.1" 200 60634
201.245.192.253 - - [05/Dec/2023:03:01:38 -0500] "POST /forms/lservlet;jsessionid=ac16012b30d62db0ca076e27406a9e01ba06e71398f7.e3iSbxaKaheRe3eRa38MahaQbi1ynknvrkLOlQzNp65In0 HTTP/1.1" 200 2
201.245.192.253 - - [05/Dec/2023:03:02:32 -0500] "POST /kwsrmcab/Wsrmcab  HTTP/1.1" 200 41806
201.245.192.253 - - [05/Dec/2023:03:02:40 -0500] "POST /forms/lservlet;jsessionid=ac16012b30d64ec0b0a9f85d4cd0acdf8f65235348eb.e3iSbxaKaheRe3eRa38MahaQbi1ynknvrkLOlQzNp65In0 HTTP/1.1" 200 2
201.245.192.253 - - [05/Dec/2023:03:02:59 -0500] "POST /forms/lservlet;jsessionid=ac16012b30d66bd79d5a81354b569b64ca0b03586396.e3iSbxaKaheRe3eRa38MahaQbi1ynknvrkLOlQzNp65In0 HTTP/1.1" 200 2
216.245.221.92 - - [05/Dec/2023:03:03:09 -0500] "HEAD / HTTP/1.1" 200 -
40.77.167.136 - - [05/Dec/2023:03:03:37 -0500] "GET /BLA/resoluciones/AUTOS%202023/5689.pdf HTTP/1.1" 200 408547
201.245.192.253 - - [05/Dec/2023:03:03:38 -0500] "POST /forms/lservlet;jsessionid=ac16012b30d62db0ca076e27406a9e01ba06e71398f7.e3iSbxaKaheRe3eRa38MahaQbi1ynknvrkLOlQzNp65In0 HTTP/1.1" 200 2
201.245.192.253 - - [05/Dec/2023:03:04:40 -0500] "POST /forms/lservlet;jsessionid=ac16012b30d64ec0b0a9f85d4cd0acdf8f65235348eb.e3iSbxaKaheRe3eRa38MahaQbi1ynknvrkLOlQzNp65In0 HTTP/1.1" 200 2
34.91.109.118 - - [05/Dec/2023:03:04:42 -0500] "GET /las-tres-caminatas-para-cerrar-el-ano-entre-la-naturaleza.html HTTP/1.1" 200 776
201.245.192.253 - - [05/Dec/2023:03:04:59 -0500] "POST /forms/lservlet;jsessionid=ac16012b30d66bd79d5a81354b569b64ca0b03586396.e3iSbxaKaheRe3eRa38MahaQbi1ynknvrkLOlQzNp65In0 HTTP/1.1" 200 2
201.245.192.253 - - [05/Dec/2023:03:05:38 -0500] "POST /forms/lservlet;jsessionid=ac16012b30d62db0ca076e27406a9e01ba06e71398f7.e3iSbxaKaheRe3eRa38MahaQbi1ynknvrkLOlQzNp65In0 HTTP/1.1" 200 2
168.119.253.69 - - [05/Dec/2023:03:06:27 -0500] "GET / HTTP/1.1" 200 319
168.119.253.69 - - [05/Dec/2023:03:06:27 -0500] "GET / HTTP/1.1" 200 4720
172.22.2.4 - - [05/Dec/2023:03:04:56 -0500] "HEAD /BLA/boletinlegal/ HTTP/1.1" 200 -
201.245.192.253 - - [05/Dec/2023:03:06:40 -0500] "POST /forms/lservlet;jsessionid=ac16012b30d64ec0b0a9f85d4cd0acdf8f65235348eb.e3iSbxaKaheRe3eRa38MahaQbi1ynknvrkLOlQzNp65In0 HTTP/1.1" 200 2
201.245.192.253 - - [05/Dec/2023:03:06:59 -0500] "POST /forms/lservlet;jsessionid=ac16012b30d66bd79d5a81354b569b64ca0b03586396.e3iSbxaKaheRe3eRa38MahaQbi1ynknvrkLOlQzNp65In0 HTTP/1.1" 200 2
172.22.2.4 - - [05/Dec/2023:03:05:47 -0500] "GET /BLA/boletinlegal/ HTTP/1.1" 200 58644
201.245.192.253 - - [05/Dec/2023:03:07:31 -0500] "POST /kwsrmcab/Wsrmcab  HTTP/1.1" 200 41806
201.245.192.253 - - [05/Dec/2023:03:07:38 -0500] "POST /forms/lservlet;jsessionid=ac16012b30d62db0ca076e27406a9e01ba06e71398f7.e3iSbxaKaheRe3eRa38MahaQbi1ynknvrkLOlQzNp65In0 HTTP/1.1" 200 2
216.245.221.92 - - [05/Dec/2023:03:08:09 -0500] "HEAD / HTTP/1.1" 200 -
201.245.192.253 - - [05/Dec/2023:03:08:40 -0500] "POST /forms/lservlet;jsessionid=ac16012b30d64ec0b0a9f85d4cd0acdf8f65235348eb.e3iSbxaKaheRe3eRa38MahaQbi1ynknvrkLOlQzNp65In0 HTTP/1.1" 200 2
172.22.2.4 - - [05/Dec/2023:03:08:57 -0500] "GET /BLA/boletinlegal/jurisprudencia/analisis/ANALISIST-257-96.docx HTTP/1.1" 304 -
201.245.192.253 - - [05/Dec/2023:03:08:59 -0500] "POST /forms/lservlet;jsessionid=ac16012b30d66bd79d5a81354b569b64ca0b03586396.e3iSbxaKaheRe3eRa38MahaQbi1ynknvrkLOlQzNp65In0 HTTP/1.1" 200 2
201.245.192.253 - - [05/Dec/2023:03:09:38 -0500] "POST /forms/lservlet;jsessionid=ac16012b30d62db0ca076e27406a9e01ba06e71398f7.e3iSbxaKaheRe3eRa38MahaQbi1ynknvrkLOlQzNp65In0 HTTP/1.1" 200 2
201.245.192.253 - - [05/Dec/2023:03:10:40 -0500] "POST /forms/lservlet;jsessionid=ac16012b30d64ec0b0a9f85d4cd0acdf8f65235348eb.e3iSbxaKaheRe3eRa38MahaQbi1ynknvrkLOlQzNp65In0 HTTP/1.1" 200 2
201.245.192.253 - - [05/Dec/2023:03:10:59 -0500] "POST /forms/lservlet;jsessionid=ac16012b30d66bd79d5a81354b569b64ca0b03586396.e3iSbxaKaheRe3eRa38MahaQbi1ynknvrkLOlQzNp65In0 HTTP/1.1" 200 2
201.245.192.253 - - [05/Dec/2023:03:11:38 -0500] "POST /forms/lservlet;jsessionid=ac16012b30d62db0ca076e27406a9e01ba06e71398f7.e3iSbxaKaheRe3eRa38MahaQbi1ynknvrkLOlQzNp65In0 HTTP/1.1" 200 2
172.22.2.4 - - [05/Dec/2023:03:10:46 -0500] "HEAD /BLA/boletinlegal/ HTTP/1.1" 200 -
201.245.192.253 - - [05/Dec/2023:03:12:29 -0500] "POST /kwsrmcab/Wsrmcab  HTTP/1.1" 200 41806
201.245.192.253 - - [05/Dec/2023:03:12:40 -0500] "POST /forms/lservlet;jsessionid=ac16012b30d64ec0b0a9f85d4cd0acdf8f65235348eb.e3iSbxaKaheRe3eRa38MahaQbi1ynknvrkLOlQzNp65In0 HTTP/1.1" 200 2
201.245.192.253 - - [05/Dec/2023:03:12:59 -0500] "POST /forms/lservlet;jsessionid=ac16012b30d66bd79d5a81354b569b64ca0b03586396.e3iSbxaKaheRe3eRa38MahaQbi1ynknvrkLOlQzNp65In0 HTTP/1.1" 200 2
216.245.221.92 - - [05/Dec/2023:03:13:09 -0500] "HEAD / HTTP/1.1" 200 -
35.93.114.76 - - [05/Dec/2023:03:13:12 -0500] "GET /galeria/galeria/fotos/Humedal-la-conejera4P.jpg HTTP/1.1" 200 33365
172.22.2.4 - - [05/Dec/2023:03:11:36 -0500] "GET /BLA/boletinlegal/ HTTP/1.1" 200 58644
201.245.192.253 - - [05/Dec/2023:03:13:38 -0500] "POST /forms/lservlet;jsessionid=ac16012b30d62db0ca076e27406a9e01ba06e71398f7.e3iSbxaKaheRe3eRa38MahaQbi1ynknvrkLOlQzNp65In0 HTTP/1.1" 200 2
201.245.192.253 - - [05/Dec/2023:03:14:40 -0500] "POST /forms/lservlet;jsessionid=ac16012b30d64ec0b0a9f85d4cd0acdf8f65235348eb.e3iSbxaKaheRe3eRa38MahaQbi1ynknvrkLOlQzNp65In0 HTTP/1.1" 200 2
201.245.192.253 - - [05/Dec/2023:03:14:59 -0500] "POST /forms/lservlet;jsessionid=ac16012b30d66bd79d5a81354b569b64ca0b03586396.e3iSbxaKaheRe3eRa38MahaQbi1ynknvrkLOlQzNp65In0 HTTP/1.1" 200 2
201.245.192.253 - - [05/Dec/2023:03:15:38 -0500] "POST /forms/lservlet;jsessionid=ac16012b30d62db0ca076e27406a9e01ba06e71398f7.e3iSbxaKaheRe3eRa38MahaQbi1ynknvrkLOlQzNp65In0 HTTP/1.1" 200 2
201.245.192.253 - - [05/Dec/2023:03:16:40 -0500] "POST /forms/lservlet;jsessionid=ac16012b30d64ec0b0a9f85d4cd0acdf8f65235348eb.e3iSbxaKaheRe3eRa38MahaQbi1ynknvrkLOlQzNp65In0 HTTP/1.1" 200 2
201.245.192.253 - - [05/Dec/2023:03:16:48 -0500] "POST /kwsrmcab/Wsrmcab HTTP/1.1" 200 38800
201.245.192.253 - - [05/Dec/2023:03:16:52 -0500] "POST /kwsrmcab/Wsrmcab HTTP/1.1" 200 38366
201.245.192.253 - - [05/Dec/2023:03:16:59 -0500] "POST /forms/lservlet;jsessionid=ac16012b30d66bd79d5a81354b569b64ca0b03586396.e3iSbxaKaheRe3eRa38MahaQbi1ynknvrkLOlQzNp65In0 HTTP/1.1" 200 2
201.245.192.253 - - [05/Dec/2023:03:17:28 -0500] "POST /kwsrmcab/Wsrmcab  HTTP/1.1" 200 41806
201.245.192.253 - - [05/Dec/2023:03:17:38 -0500] "POST /forms/lservlet;jsessionid=ac16012b30d62db0ca076e27406a9e01ba06e71398f7.e3iSbxaKaheRe3eRa38MahaQbi1ynknvrkLOlQzNp65In0 HTTP/1.1" 200 2
216.245.221.92 - - [05/Dec/2023:03:18:09 -0500] "HEAD / HTTP/1.1" 200 -
172.22.2.4 - - [05/Dec/2023:03:16:36 -0500] "HEAD /BLA/boletinlegal/ HTTP/1.1" 200 -
201.245.192.253 - - [05/Dec/2023:03:18:40 -0500] "POST /forms/lservlet;jsessionid=ac16012b30d64ec0b0a9f85d4cd0acdf8f65235348eb.e3iSbxaKaheRe3eRa38MahaQbi1ynknvrkLOlQzNp65In0 HTTP/1.1" 200 2
201.245.192.253 - - [05/Dec/2023:03:18:59 -0500] "POST /forms/lservlet;jsessionid=ac16012b30d66bd79d5a81354b569b64ca0b03586396.e3iSbxaKaheRe3eRa38MahaQbi1ynknvrkLOlQzNp65In0 HTTP/1.1" 200 2
172.22.2.4 - - [05/Dec/2023:03:17:27 -0500] "GET /BLA/boletinlegal/ HTTP/1.1" 200 56187
201.245.192.253 - - [05/Dec/2023:03:19:38 -0500] "POST /forms/lservlet;jsessionid=ac16012b30d62db0ca076e27406a9e01ba06e71398f7.e3iSbxaKaheRe3eRa38MahaQbi1ynknvrkLOlQzNp65In0 HTTP/1.1" 200 2
172.22.2.4 - - [05/Dec/2023:03:18:22 -0500] "GET /BLA/boletinlegal/ HTTP/1.1" 200 60224
201.245.192.253 - - [05/Dec/2023:03:20:30 -0500] "POST /kwsrmcab/Wsrmcab HTTP/1.1" 200 38800
201.245.192.253 - - [05/Dec/2023:03:20:40 -0500] "POST /forms/lservlet;jsessionid=ac16012b30d64ec0b0a9f85d4cd0acdf8f65235348eb.e3iSbxaKaheRe3eRa38MahaQbi1ynknvrkLOlQzNp65In0 HTTP/1.1" 200 2
201.245.192.253 - - [05/Dec/2023:03:20:42 -0500] "POST /kwsrmcab/Wsrmcab HTTP/1.1" 200 38366
201.245.192.253 - - [05/Dec/2023:03:20:59 -0500] "POST /forms/lservlet;jsessionid=ac16012b30d66bd79d5a81354b569b64ca0b03586396.e3iSbxaKaheRe3eRa38MahaQbi1ynknvrkLOlQzNp65In0 HTTP/1.1" 200 2
201.245.192.253 - - [05/Dec/2023:03:21:38 -0500] "POST /forms/lservlet;jsessionid=ac16012b30d62db0ca076e27406a9e01ba06e71398f7.e3iSbxaKaheRe3eRa38MahaQbi1ynknvrkLOlQzNp65In0 HTTP/1.1" 200 2
66.249.66.19 - - [05/Dec/2023:03:22:08 -0500] "GET /BLA/resoluciones/AUTOS%202017/2539.pdf HTTP/1.1" 200 271307
201.245.192.253 - - [05/Dec/2023:03:22:26 -0500] "POST /kwsrmcab/Wsrmcab  HTTP/1.1" 200 41806
201.245.192.253 - - [05/Dec/2023:03:22:40 -0500] "POST /forms/lservlet;jsessionid=ac16012b30d64ec0b0a9f85d4cd0acdf8f65235348eb.e3iSbxaKaheRe3eRa38MahaQbi1ynknvrkLOlQzNp65In0 HTTP/1.1" 200 2
66.249.66.19 - - [05/Dec/2023:03:22:52 -0500] "GET /BLA/resoluciones/AUTOS%202014/6592.pdf HTTP/1.1" 200 509970
201.245.192.253 - - [05/Dec/2023:03:22:59 -0500] "POST /forms/lservlet;jsessionid=ac16012b30d66bd79d5a81354b569b64ca0b03586396.e3iSbxaKaheRe3eRa38MahaQbi1ynknvrkLOlQzNp65In0 HTTP/1.1" 200 2
216.245.221.92 - - [05/Dec/2023:03:23:09 -0500] "HEAD / HTTP/1.1" 200 -
201.245.192.253 - - [05/Dec/2023:03:23:38 -0500] "POST /forms/lservlet;jsessionid=ac16012b30d62db0ca076e27406a9e01ba06e71398f7.e3iSbxaKaheRe3eRa38MahaQbi1ynknvrkLOlQzNp65In0 HTTP/1.1" 200 2
172.22.2.4 - - [05/Dec/2023:03:22:26 -0500] "HEAD /BLA/boletinlegal/ HTTP/1.1" 200 -
201.245.192.253 - - [05/Dec/2023:03:24:40 -0500] "POST /forms/lservlet;jsessionid=ac16012b30d64ec0b0a9f85d4cd0acdf8f65235348eb.e3iSbxaKaheRe3eRa38MahaQbi1ynknvrkLOlQzNp65In0 HTTP/1.1" 200 2
172.22.2.4 - - [05/Dec/2023:03:23:16 -0500] "GET /BLA/boletinlegal/ HTTP/1.1" 200 58294
201.245.192.253 - - [05/Dec/2023:03:24:59 -0500] "POST /forms/lservlet;jsessionid=ac16012b30d66bd79d5a81354b569b64ca0b03586396.e3iSbxaKaheRe3eRa38MahaQbi1ynknvrkLOlQzNp65In0 HTTP/1.1" 200 2
201.245.192.253 - - [05/Dec/2023:03:25:38 -0500] "POST /forms/lservlet;jsessionid=ac16012b30d62db0ca076e27406a9e01ba06e71398f7.e3iSbxaKaheRe3eRa38MahaQbi1ynknvrkLOlQzNp65In0 HTTP/1.1" 200 2
201.245.192.253 - - [05/Dec/2023:03:26:40 -0500] "POST /forms/lservlet;jsessionid=ac16012b30d64ec0b0a9f85d4cd0acdf8f65235348eb.e3iSbxaKaheRe3eRa38MahaQbi1ynknvrkLOlQzNp65In0 HTTP/1.1" 200 2
201.245.192.253 - - [05/Dec/2023:03:26:47 -0500] "POST /kwsrmcab/Wsrmcab HTTP/1.1" 200 38800
