186.29.34.21 - - [05/Dec/2023:04:29:09 -0500] "GET /sipse/faces/javax.faces.resource/jquery/jquery.js?ln=primefaces&v=4.0 HTTP/1.1" 304 -
186.29.34.21 - - [05/Dec/2023:04:29:09 -0500] "GET /sipse/faces/javax.faces.resource/jquery/jquery-plugins.js?ln=primefaces&v=4.0 HTTP/1.1" 304 -
186.29.34.21 - - [05/Dec/2023:04:29:09 -0500] "GET /sipse/faces/javax.faces.resource/primefaces.js?ln=primefaces&v=4.0 HTTP/1.1" 304 -
186.29.34.21 - - [05/Dec/2023:04:29:09 -0500] "GET /sipse/faces/javax.faces.resource/layout/layout.js?ln=primefaces&v=4.0 HTTP/1.1" 304 -
201.245.192.253 - - [05/Dec/2023:04:29:38 -0500] "POST /forms/lservlet;jsessionid=ac16012b30d62db0ca076e27406a9e01ba06e71398f7.e3iSbxaKaheRe3eRa38MahaQbi1ynknvrkLOlQzNp65In0 HTTP/1.1" 200 2
186.29.34.21 - - [05/Dec/2023:04:29:45 -0500] "POST /sipse/faces/presentacion/financiero/solicitudProyectoActividad/asociarActividadSolicitud.xhtml HTTP/1.1" 200 20084
186.29.34.21 - - [05/Dec/2023:04:29:45 -0500] "GET /sipse/faces/javax.faces.resource/jquery/jquery.js?ln=primefaces&v=4.0 HTTP/1.1" 304 -
186.29.34.21 - - [05/Dec/2023:04:29:45 -0500] "GET /sipse/faces/javax.faces.resource/jquery/jquery-plugins.js?ln=primefaces&v=4.0 HTTP/1.1" 304 -
186.29.34.21 - - [05/Dec/2023:04:29:45 -0500] "GET /sipse/faces/javax.faces.resource/primefaces.js?ln=primefaces&v=4.0 HTTP/1.1" 304 -
186.29.34.21 - - [05/Dec/2023:04:29:45 -0500] "GET /sipse/faces/javax.faces.resource/layout/layout.js?ln=primefaces&v=4.0 HTTP/1.1" 304 -
66.249.66.19 - - [05/Dec/2023:04:30:00 -0500] "GET /BLA/resoluciones/AUTOS%202007/3778.pdf HTTP/1.1" 200 283398
186.29.34.21 - - [05/Dec/2023:04:30:04 -0500] "POST /sipse/faces/presentacion/financiero/solicitudProyectoActividad/asociarFuentesSolicitud.xhtml HTTP/1.1" 200 68116
186.29.34.21 - - [05/Dec/2023:04:30:05 -0500] "GET /sipse/faces/javax.faces.resource/theme.css?ln=primefaces-sipse HTTP/1.1" 304 -
186.29.34.21 - - [05/Dec/2023:04:30:05 -0500] "GET /sipse/faces/javax.faces.resource/primefaces.css?ln=primefaces&v=4.0 HTTP/1.1" 304 -
186.29.34.21 - - [05/Dec/2023:04:30:05 -0500] "GET /sipse/faces/javax.faces.resource/layout/layout.css?ln=primefaces&v=4.0 HTTP/1.1" 304 -
186.29.34.21 - - [05/Dec/2023:04:30:05 -0500] "GET /sipse/faces/javax.faces.resource/jquery/jquery.js?ln=primefaces&v=4.0 HTTP/1.1" 304 -
186.29.34.21 - - [05/Dec/2023:04:30:05 -0500] "GET /sipse/faces/javax.faces.resource/jquery/jquery-plugins.js?ln=primefaces&v=4.0 HTTP/1.1" 304 -
186.29.34.21 - - [05/Dec/2023:04:30:05 -0500] "GET /sipse/faces/javax.faces.resource/layout/layout.js?ln=primefaces&v=4.0 HTTP/1.1" 304 -
186.29.34.21 - - [05/Dec/2023:04:30:05 -0500] "GET /sipse/faces/javax.faces.resource/primefaces.js?ln=primefaces&v=4.0 HTTP/1.1" 304 -
186.29.34.21 - - [05/Dec/2023:04:30:05 -0500] "GET /sipse/faces/javax.faces.resource/images/ui-icons_898989_256x240.png?ln=primefaces-aristo HTTP/1.1" 304 -
186.29.34.21 - - [05/Dec/2023:04:30:13 -0500] "POST /sipse/faces/presentacion/financiero/solicitudProceso/crearModificarSolicitudProceso.xhtml HTTP/1.1" 200 44717
186.29.34.21 - - [05/Dec/2023:04:30:16 -0500] "GET /sipse/faces/javax.faces.resource/theme.css?ln=primefaces-sipse HTTP/1.1" 304 -
186.29.34.21 - - [05/Dec/2023:04:30:16 -0500] "GET /sipse/faces/javax.faces.resource/primefaces.css?ln=primefaces&v=4.0 HTTP/1.1" 304 -
186.29.34.21 - - [05/Dec/2023:04:30:16 -0500] "GET /sipse/faces/javax.faces.resource/layout/layout.css?ln=primefaces&v=4.0 HTTP/1.1" 304 -
186.29.34.21 - - [05/Dec/2023:04:30:16 -0500] "GET /sipse/faces/javax.faces.resource/jquery/jquery.js?ln=primefaces&v=4.0 HTTP/1.1" 304 -
186.29.34.21 - - [05/Dec/2023:04:30:16 -0500] "GET /sipse/faces/javax.faces.resource/primefaces.js?ln=primefaces&v=4.0 HTTP/1.1" 304 -
186.29.34.21 - - [05/Dec/2023:04:30:16 -0500] "GET /sipse/faces/javax.faces.resource/jquery/jquery-plugins.js?ln=primefaces&v=4.0 HTTP/1.1" 304 -
186.29.34.21 - - [05/Dec/2023:04:30:16 -0500] "GET /sipse/faces/javax.faces.resource/layout/layout.js?ln=primefaces&v=4.0 HTTP/1.1" 304 -
186.29.34.21 - - [05/Dec/2023:04:30:16 -0500] "GET /sipse/faces/javax.faces.resource/images/ui-icons_898989_256x240.png?ln=primefaces-aristo HTTP/1.1" 304 -
186.29.34.21 - - [05/Dec/2023:04:30:22 -0500] "GET /sipse/faces/javax.faces.resource/images/ui-bg_flat_0_2d5972_40x100.png?ln=primefaces-aristo HTTP/1.1" 304 -
186.29.34.21 - - [05/Dec/2023:04:30:22 -0500] "POST /sipse/faces/presentacion/financiero/contrato/consultarContratosSolicitudProceso.xhtml HTTP/1.1" 200 62119
186.29.34.21 - - [05/Dec/2023:04:30:28 -0500] "POST /sipse/faces/presentacion/financiero/contrato/consultarContratosSolicitudProceso.xhtml HTTP/1.1" 200 63523
186.29.34.21 - - [05/Dec/2023:04:30:29 -0500] "GET /sipse/faces/javax.faces.resource/jquery/jquery.js?ln=primefaces&v=4.0 HTTP/1.1" 304 -
186.29.34.21 - - [05/Dec/2023:04:30:29 -0500] "GET /sipse/faces/javax.faces.resource/jquery/jquery-plugins.js?ln=primefaces&v=4.0 HTTP/1.1" 304 -
186.29.34.21 - - [05/Dec/2023:04:30:29 -0500] "GET /sipse/faces/javax.faces.resource/primefaces.js?ln=primefaces&v=4.0 HTTP/1.1" 304 -
186.29.34.21 - - [05/Dec/2023:04:30:29 -0500] "GET /sipse/faces/javax.faces.resource/layout/layout.js?ln=primefaces&v=4.0 HTTP/1.1" 304 -
201.245.192.253 - - [05/Dec/2023:04:30:29 -0500] "POST /kwsrmcab/Wsrmcab HTTP/1.1" 200 38645
66.249.66.19 - - [05/Dec/2023:04:30:35 -0500] "GET /BLA/resoluciones/RESOLUCIONES%202011/3532.pdf HTTP/1.1" 200 254209
186.29.34.21 - - [05/Dec/2023:04:30:35 -0500] "POST /sipse/faces/presentacion/financiero/solicitudProceso/crearModificarSolicitudProceso.xhtml HTTP/1.1" 200 63872
186.29.34.21 - - [05/Dec/2023:04:30:38 -0500] "GET /sipse/faces/javax.faces.resource/jquery/jquery.js?ln=primefaces&v=4.0 HTTP/1.1" 304 -
186.29.34.21 - - [05/Dec/2023:04:30:38 -0500] "GET /sipse/faces/javax.faces.resource/jquery/jquery-plugins.js?ln=primefaces&v=4.0 HTTP/1.1" 304 -
186.29.34.21 - - [05/Dec/2023:04:30:38 -0500] "GET /sipse/faces/javax.faces.resource/primefaces.js?ln=primefaces&v=4.0 HTTP/1.1" 304 -
186.29.34.21 - - [05/Dec/2023:04:30:38 -0500] "GET /sipse/faces/javax.faces.resource/layout/layout.js?ln=primefaces&v=4.0 HTTP/1.1" 304 -
186.29.34.21 - - [05/Dec/2023:04:30:38 -0500] "GET /sipse/faces/javax.faces.resource/messages/messages.png?ln=primefaces&v=4.0 HTTP/1.1" 304 -
186.29.34.21 - - [05/Dec/2023:04:30:38 -0500] "POST /sipse/faces/presentacion/financiero/solicitudProceso/listarSolicitudProceso.xhtml HTTP/1.1" 200 1564
201.245.192.253 - - [05/Dec/2023:04:30:40 -0500] "POST /forms/lservlet;jsessionid=ac16012b30d64ec0b0a9f85d4cd0acdf8f65235348eb.e3iSbxaKaheRe3eRa38MahaQbi1ynknvrkLOlQzNp65In0 HTTP/1.1" 200 2
186.29.34.21 - - [05/Dec/2023:04:30:41 -0500] "POST /sipse/faces/presentacion/financiero/solicitudProceso/listarSolicitudProceso.xhtml HTTP/1.1" 200 17244
201.245.192.253 - - [05/Dec/2023:04:30:41 -0500] "POST /kwsrmcab/Wsrmcab HTTP/1.1" 200 38374
201.245.192.253 - - [05/Dec/2023:04:31:00 -0500] "POST /forms/lservlet;jsessionid=ac16012b30d66bd79d5a81354b569b64ca0b03586396.e3iSbxaKaheRe3eRa38MahaQbi1ynknvrkLOlQzNp65In0 HTTP/1.1" 200 2
201.245.192.253 - - [05/Dec/2023:04:31:38 -0500] "POST /forms/lservlet;jsessionid=ac16012b30d62db0ca076e27406a9e01ba06e71398f7.e3iSbxaKaheRe3eRa38MahaQbi1ynknvrkLOlQzNp65In0 HTTP/1.1" 200 2
201.245.192.253 - - [05/Dec/2023:04:32:07 -0500] "POST /kwsrmcab/Wsrmcab  HTTP/1.1" 200 41806
201.245.192.253 - - [05/Dec/2023:04:32:40 -0500] "POST /forms/lservlet;jsessionid=ac16012b30d64ec0b0a9f85d4cd0acdf8f65235348eb.e3iSbxaKaheRe3eRa38MahaQbi1ynknvrkLOlQzNp65In0 HTTP/1.1" 200 2
201.245.192.253 - - [05/Dec/2023:04:33:00 -0500] "POST /forms/lservlet;jsessionid=ac16012b30d66bd79d5a81354b569b64ca0b03586396.e3iSbxaKaheRe3eRa38MahaQbi1ynknvrkLOlQzNp65In0 HTTP/1.1" 200 2
216.245.221.92 - - [05/Dec/2023:04:33:08 -0500] "HEAD / HTTP/1.1" 200 -
201.245.192.253 - - [05/Dec/2023:04:33:38 -0500] "POST /forms/lservlet;jsessionid=ac16012b30d62db0ca076e27406a9e01ba06e71398f7.e3iSbxaKaheRe3eRa38MahaQbi1ynknvrkLOlQzNp65In0 HTTP/1.1" 200 2
172.22.2.4 - - [05/Dec/2023:04:32:26 -0500] "HEAD /BLA/boletinlegal/ HTTP/1.1" 200 -
201.245.192.253 - - [05/Dec/2023:04:34:40 -0500] "POST /forms/lservlet;jsessionid=ac16012b30d64ec0b0a9f85d4cd0acdf8f65235348eb.e3iSbxaKaheRe3eRa38MahaQbi1ynknvrkLOlQzNp65In0 HTTP/1.1" 200 2
172.22.2.4 - - [05/Dec/2023:04:33:17 -0500] "GET /BLA/boletinlegal/ HTTP/1.1" 200 61018
201.245.192.253 - - [05/Dec/2023:04:35:00 -0500] "POST /forms/lservlet;jsessionid=ac16012b30d66bd79d5a81354b569b64ca0b03586396.e3iSbxaKaheRe3eRa38MahaQbi1ynknvrkLOlQzNp65In0 HTTP/1.1" 200 2
201.245.192.253 - - [05/Dec/2023:04:35:38 -0500] "POST /forms/lservlet;jsessionid=ac16012b30d62db0ca076e27406a9e01ba06e71398f7.e3iSbxaKaheRe3eRa38MahaQbi1ynknvrkLOlQzNp65In0 HTTP/1.1" 200 2
66.249.66.20 - - [05/Dec/2023:04:36:23 -0500] "GET /BLA/resoluciones/Autos%202008/2574.pdf HTTP/1.1" 200 100643
201.245.192.253 - - [05/Dec/2023:04:36:40 -0500] "POST /forms/lservlet;jsessionid=ac16012b30d64ec0b0a9f85d4cd0acdf8f65235348eb.e3iSbxaKaheRe3eRa38MahaQbi1ynknvrkLOlQzNp65In0 HTTP/1.1" 200 2
201.245.192.253 - - [05/Dec/2023:04:36:48 -0500] "POST /kwsrmcab/Wsrmcab HTTP/1.1" 200 38645
201.245.192.253 - - [05/Dec/2023:04:36:52 -0500] "POST /kwsrmcab/Wsrmcab HTTP/1.1" 200 38374
201.245.192.253 - - [05/Dec/2023:04:37:00 -0500] "POST /forms/lservlet;jsessionid=ac16012b30d66bd79d5a81354b569b64ca0b03586396.e3iSbxaKaheRe3eRa38MahaQbi1ynknvrkLOlQzNp65In0 HTTP/1.1" 200 2
201.245.192.253 - - [05/Dec/2023:04:37:06 -0500] "POST /kwsrmcab/Wsrmcab  HTTP/1.1" 200 41806
201.245.192.253 - - [05/Dec/2023:04:37:38 -0500] "POST /forms/lservlet;jsessionid=ac16012b30d62db0ca076e27406a9e01ba06e71398f7.e3iSbxaKaheRe3eRa38MahaQbi1ynknvrkLOlQzNp65In0 HTTP/1.1" 200 2
216.245.221.92 - - [05/Dec/2023:04:38:08 -0500] "HEAD / HTTP/1.1" 200 -
201.245.192.253 - - [05/Dec/2023:04:38:40 -0500] "POST /forms/lservlet;jsessionid=ac16012b30d64ec0b0a9f85d4cd0acdf8f65235348eb.e3iSbxaKaheRe3eRa38MahaQbi1ynknvrkLOlQzNp65In0 HTTP/1.1" 200 2
172.22.2.4 - - [05/Dec/2023:04:38:52 -0500] "GET /BLA/boletinlegal/style.css HTTP/1.1" 200 9406
172.22.2.4 - - [05/Dec/2023:04:38:52 -0500] "GET /BLA/boletinlegal/styles2.css HTTP/1.1" 200 1838
172.22.2.4 - - [05/Dec/2023:04:38:52 -0500] "GET /BLA/boletinlegal/js/jquery.js HTTP/1.1" 200 57254
172.22.2.4 - - [05/Dec/2023:04:38:52 -0500] "GET /BLA/boletinlegal/js/jquery.scrollTo-min.js HTTP/1.1" 200 1150
172.22.2.4 - - [05/Dec/2023:04:38:52 -0500] "GET /BLA/boletinlegal/js/jquery.scrollShow.js HTTP/1.1" 200 4586
172.22.2.4 - - [05/Dec/2023:04:38:52 -0500] "GET /BLA/boletinlegal/images/cabezote%20BLEGAL.jpg HTTP/1.1" 200 118164
172.22.2.4 - - [05/Dec/2023:04:38:52 -0500] "GET /BLA/boletinlegal/images/screen_1.png HTTP/1.1" 200 202547
172.22.2.4 - - [05/Dec/2023:04:38:52 -0500] "GET /BLA/boletinlegal/images/subscribe-icon-big.png HTTP/1.1" 200 47702
172.22.2.4 - - [05/Dec/2023:04:38:53 -0500] "GET /BLA/boletinlegal/images/historia.png HTTP/1.1" 200 52775
172.22.2.4 - - [05/Dec/2023:04:38:53 -0500] "GET /BLA/boletinlegal/images/registro-usuarios.png HTTP/1.1" 200 8106
172.22.2.4 - - [05/Dec/2023:04:38:53 -0500] "GET /BLA/boletinlegal/images/arr_l.jpg HTTP/1.1" 200 1979
172.22.2.4 - - [05/Dec/2023:04:38:53 -0500] "GET /BLA/boletinlegal/images/launch.jpg HTTP/1.1" 200 14577
172.22.2.4 - - [05/Dec/2023:04:38:53 -0500] "GET /BLA/boletinlegal/images/body_bg.jpg HTTP/1.1" 200 1601
172.22.2.4 - - [05/Dec/2023:04:38:53 -0500] "GET /BLA/boletinlegal/images/menu_lft.gif HTTP/1.1" 200 1713
172.22.2.4 - - [05/Dec/2023:04:38:53 -0500] "GET /BLA/boletinlegal/images/menu_rght.gif HTTP/1.1" 200 1627
172.22.2.4 - - [05/Dec/2023:04:38:53 -0500] "GET /BLA/boletinlegal/images/menu_bg.jpg HTTP/1.1" 200 620
172.22.2.4 - - [05/Dec/2023:04:38:53 -0500] "GET /BLA/boletinlegal/images/bg_top.jpg HTTP/1.1" 200 522
172.22.2.4 - - [05/Dec/2023:04:38:53 -0500] "GET /BLA/boletinlegal/images/text.jpg HTTP/1.1" 200 568
172.22.2.4 - - [05/Dec/2023:04:38:53 -0500] "GET /BLA/boletinlegal/images/hover.jpg HTTP/1.1" 200 640
201.245.192.253 - - [05/Dec/2023:04:39:00 -0500] "POST /forms/lservlet;jsessionid=ac16012b30d66bd79d5a81354b569b64ca0b03586396.e3iSbxaKaheRe3eRa38MahaQbi1ynknvrkLOlQzNp65In0 HTTP/1.1" 200 2
172.22.2.4 - - [05/Dec/2023:04:39:01 -0500] "GET /BLA/boletinlegal/images/screen_2.png HTTP/1.1" 200 362502
172.22.2.4 - - [05/Dec/2023:04:39:01 -0500] "GET /BLA/boletinlegal/images/screen_5.png HTTP/1.1" 200 368876
172.22.2.4 - - [05/Dec/2023:04:39:01 -0500] "GET /BLA/boletinlegal/images/screen_3.png HTTP/1.1" 200 210620
172.22.2.4 - - [05/Dec/2023:04:39:02 -0500] "GET /BLA/boletinlegal/images/arr_r.jpg HTTP/1.1" 200 1998
172.22.2.4 - - [05/Dec/2023:04:39:03 -0500] "GET /BLA/boletinlegal/images/footer_bg.jpg HTTP/1.1" 200 586
172.22.2.4 - - [05/Dec/2023:04:39:14 -0500] "GET /BLA/boletinlegal/images/pdf.gif HTTP/1.1" 200 567
201.245.192.253 - - [05/Dec/2023:04:39:38 -0500] "POST /forms/lservlet;jsessionid=ac16012b30d62db0ca076e27406a9e01ba06e71398f7.e3iSbxaKaheRe3eRa38MahaQbi1ynknvrkLOlQzNp65In0 HTTP/1.1" 200 2
66.249.66.19 - - [05/Dec/2023:04:39:55 -0500] "GET /BLA/resoluciones/AUTOS%202017/5295.pdf HTTP/1.1" 200 1910530
172.22.2.4 - - [05/Dec/2023:04:38:15 -0500] "HEAD /BLA/boletinlegal/ HTTP/1.1" 200 -
172.22.2.4 - - [05/Dec/2023:04:40:15 -0500] "GET /BLA/boletinlegal/images/background.gif HTTP/1.1" 200 -
201.245.192.253 - - [05/Dec/2023:04:40:28 -0500] "POST /kwsrmcab/Wsrmcab HTTP/1.1" 200 38645
172.22.2.4 - - [05/Dec/2023:04:38:51 -0500] "GET /BLA/boletinlegal/ HTTP/1.1" 200 46339
201.245.192.253 - - [05/Dec/2023:04:40:40 -0500] "POST /forms/lservlet;jsessionid=ac16012b30d64ec0b0a9f85d4cd0acdf8f65235348eb.e3iSbxaKaheRe3eRa38MahaQbi1ynknvrkLOlQzNp65In0 HTTP/1.1" 200 2
201.245.192.253 - - [05/Dec/2023:04:40:39 -0500] "POST /kwsrmcab/Wsrmcab HTTP/1.1" 200 38374
172.22.2.4 - - [05/Dec/2023:04:39:06 -0500] "GET /BLA/boletinlegal/ HTTP/1.1" 200 49900
201.245.192.253 - - [05/Dec/2023:04:41:00 -0500] "POST /forms/lservlet;jsessionid=ac16012b30d66bd79d5a81354b569b64ca0b03586396.e3iSbxaKaheRe3eRa38MahaQbi1ynknvrkLOlQzNp65In0 HTTP/1.1" 200 2
201.245.192.253 - - [05/Dec/2023:04:41:38 -0500] "POST /forms/lservlet;jsessionid=ac16012b30d62db0ca076e27406a9e01ba06e71398f7.e3iSbxaKaheRe3eRa38MahaQbi1ynknvrkLOlQzNp65In0 HTTP/1.1" 200 2
201.245.192.253 - - [05/Dec/2023:04:42:05 -0500] "POST /kwsrmcab/Wsrmcab  HTTP/1.1" 200 41806
217.182.175.162 - - [05/Dec/2023:04:42:25 -0500] "HEAD /las-tres-caminatas-para-cerrar-el-ano-entre-la-naturaleza.html HTTP/1.1" 200 -
201.245.192.253 - - [05/Dec/2023:04:42:40 -0500] "POST /forms/lservlet;jsessionid=ac16012b30d64ec0b0a9f85d4cd0acdf8f65235348eb.e3iSbxaKaheRe3eRa38MahaQbi1ynknvrkLOlQzNp65In0 HTTP/1.1" 200 2
201.245.192.253 - - [05/Dec/2023:04:43:00 -0500] "POST /forms/lservlet;jsessionid=ac16012b30d66bd79d5a81354b569b64ca0b03586396.e3iSbxaKaheRe3eRa38MahaQbi1ynknvrkLOlQzNp65In0 HTTP/1.1" 200 2
216.245.221.92 - - [05/Dec/2023:04:43:08 -0500] "HEAD / HTTP/1.1" 200 -
201.245.192.253 - - [05/Dec/2023:04:43:38 -0500] "POST /forms/lservlet;jsessionid=ac16012b30d62db0ca076e27406a9e01ba06e71398f7.e3iSbxaKaheRe3eRa38MahaQbi1ynknvrkLOlQzNp65In0 HTTP/1.1" 200 2
66.249.66.21 - - [05/Dec/2023:04:43:59 -0500] "GET /BLA/resoluciones/Autos%202008/0644.pdf HTTP/1.1" 200 169391
201.245.192.253 - - [05/Dec/2023:04:44:40 -0500] "POST /forms/lservlet;jsessionid=ac16012b30d64ec0b0a9f85d4cd0acdf8f65235348eb.e3iSbxaKaheRe3eRa38MahaQbi1ynknvrkLOlQzNp65In0 HTTP/1.1" 200 2
201.245.192.253 - - [05/Dec/2023:04:45:00 -0500] "POST /forms/lservlet;jsessionid=ac16012b30d66bd79d5a81354b569b64ca0b03586396.e3iSbxaKaheRe3eRa38MahaQbi1ynknvrkLOlQzNp65In0 HTTP/1.1" 200 2
201.245.192.253 - - [05/Dec/2023:04:45:38 -0500] "POST /forms/lservlet;jsessionid=ac16012b30d62db0ca076e27406a9e01ba06e71398f7.e3iSbxaKaheRe3eRa38MahaQbi1ynknvrkLOlQzNp65In0 HTTP/1.1" 200 2
172.22.2.4 - - [05/Dec/2023:04:44:06 -0500] "HEAD /BLA/boletinlegal/ HTTP/1.1" 200 -
172.22.2.4 - - [05/Dec/2023:04:44:56 -0500] "GET /BLA/boletinlegal/ HTTP/1.1" 200 58294
201.245.192.253 - - [05/Dec/2023:04:46:40 -0500] "POST /forms/lservlet;jsessionid=ac16012b30d64ec0b0a9f85d4cd0acdf8f65235348eb.e3iSbxaKaheRe3eRa38MahaQbi1ynknvrkLOlQzNp65In0 HTTP/1.1" 200 2
201.245.192.253 - - [05/Dec/2023:04:47:00 -0500] "POST /forms/lservlet;jsessionid=ac16012b30d66bd79d5a81354b569b64ca0b03586396.e3iSbxaKaheRe3eRa38MahaQbi1ynknvrkLOlQzNp65In0 HTTP/1.1" 200 2
201.245.192.253 - - [05/Dec/2023:04:47:04 -0500] "POST /kwsrmcab/Wsrmcab  HTTP/1.1" 200 41806
201.245.192.253 - - [05/Dec/2023:04:47:38 -0500] "POST /forms/lservlet;jsessionid=ac16012b30d62db0ca076e27406a9e01ba06e71398f7.e3iSbxaKaheRe3eRa38MahaQbi1ynknvrkLOlQzNp65In0 HTTP/1.1" 200 2
66.249.66.19 - - [05/Dec/2023:04:47:50 -0500] "GET /BLA/resoluciones/RESOLUCIONES%202007/RES%202007%202501%20AL%202600/RESOLUCION%202517%20DE%202007.pdf HTTP/1.1" 200 235989
172.22.2.4 - - [05/Dec/2023:04:48:08 -0500] "GET /BLA/boletinlegal/actos.php HTTP/1.1" 200 9682
216.245.221.92 - - [05/Dec/2023:04:48:08 -0500] "HEAD / HTTP/1.1" 200 -
172.22.2.4 - - [05/Dec/2023:04:48:11 -0500] "GET /BLA/boletinlegal/favicon.ico HTTP/1.1" 404 1326
201.245.192.253 - - [05/Dec/2023:04:48:40 -0500] "POST /forms/lservlet;jsessionid=ac16012b30d64ec0b0a9f85d4cd0acdf8f65235348eb.e3iSbxaKaheRe3eRa38MahaQbi1ynknvrkLOlQzNp65In0 HTTP/1.1" 200 2
201.245.192.253 - - [05/Dec/2023:04:49:00 -0500] "POST /forms/lservlet;jsessionid=ac16012b30d66bd79d5a81354b569b64ca0b03586396.e3iSbxaKaheRe3eRa38MahaQbi1ynknvrkLOlQzNp65In0 HTTP/1.1" 200 2
66.249.66.21 - - [05/Dec/2023:04:49:05 -0500] "GET /BLA/resoluciones/RESOLUCIONES%202007/RES%202007%201901%20AL%202000/RESOLUCION%201912%20DE%202007.pdf HTTP/1.1" 200 26330
66.249.66.19 - - [05/Dec/2023:04:49:16 -0500] "GET /BLA/resoluciones/AUTOS%202007/0650.pdf HTTP/1.1" 200 67208
201.245.192.253 - - [05/Dec/2023:04:49:38 -0500] "POST /forms/lservlet;jsessionid=ac16012b30d62db0ca076e27406a9e01ba06e71398f7.e3iSbxaKaheRe3eRa38MahaQbi1ynknvrkLOlQzNp65In0 HTTP/1.1" 200 2
66.249.66.19 - - [05/Dec/2023:04:49:39 -0500] "GET /BLA/resoluciones/RESOLUCIONES%202009/3370.pdf HTTP/1.1" 200 559785
152.61.128.50 - - [05/Dec/2023:04:49:43 -0500] "GET /arcgis/services/Calidad_del_Agua_WQI/MapServer/WMSServer?request=GetCapabilities&service=WMS HTTP/1.1" 503 1020
152.61.128.50 - - [05/Dec/2023:04:49:45 -0500] "GET /arcgis/services/Calidad_del_Agua_WQI/MapServer/WMSServer?SERVICE=WMS&REQUEST=GetCapabilities HTTP/1.1" 503 1020
152.61.128.50 - - [05/Dec/2023:04:49:45 -0500] "GET /arcgis/services/Calidad_del_Agua_WQI/MapServer/WMSServer?WMTVER=1.0.0&REQUEST=capabilities HTTP/1.1" 503 1020
186.29.34.21 - - [05/Dec/2023:04:49:45 -0500] "POST /sipse/faces/presentacion/financiero/solicitudProceso/listarSolicitudProceso.xhtml HTTP/1.1" 200 59159
186.29.34.21 - - [05/Dec/2023:04:49:45 -0500] "GET /sipse/faces/javax.faces.resource/jquery/jquery.js?ln=primefaces&v=4.0 HTTP/1.1" 304 -
186.29.34.21 - - [05/Dec/2023:04:49:45 -0500] "GET /sipse/faces/javax.faces.resource/jquery/jquery-plugins.js?ln=primefaces&v=4.0 HTTP/1.1" 304 -
186.29.34.21 - - [05/Dec/2023:04:49:46 -0500] "GET /sipse/faces/javax.faces.resource/primefaces.js?ln=primefaces&v=4.0 HTTP/1.1" 304 -
186.29.34.21 - - [05/Dec/2023:04:49:46 -0500] "GET /sipse/faces/javax.faces.resource/layout/layout.js?ln=primefaces&v=4.0 HTTP/1.1" 304 -
186.29.34.21 - - [05/Dec/2023:04:49:51 -0500] "POST /sipse/faces/presentacion/financiero/solicitudProceso/crearModificarSolicitudProceso.xhtml HTTP/1.1" 200 27314
186.29.34.21 - - [05/Dec/2023:04:50:19 -0500] "POST /sipse/faces/presentacion/financiero/solicitudProceso/crearModificarSolicitudProceso.xhtml HTTP/1.1" 200 10095
201.245.192.253 - - [05/Dec/2023:04:50:40 -0500] "POST /forms/lservlet;jsessionid=ac16012b30d64ec0b0a9f85d4cd0acdf8f65235348eb.e3iSbxaKaheRe3eRa38MahaQbi1ynknvrkLOlQzNp65In0 HTTP/1.1" 200 2
201.245.192.253 - - [05/Dec/2023:04:51:00 -0500] "POST /forms/lservlet;jsessionid=ac16012b30d66bd79d5a81354b569b64ca0b03586396.e3iSbxaKaheRe3eRa38MahaQbi1ynknvrkLOlQzNp65In0 HTTP/1.1" 200 2
66.249.66.20 - - [05/Dec/2023:04:51:01 -0500] "GET /Publicaciones/2022EE309328.pdf HTTP/1.1" 404 228
34.174.152.29 - - [05/Dec/2023:04:51:28 -0500] "HEAD /BLA/resoluciones/RESOLUCIONES%202017/0520.pdf HTTP/1.1" 200 -
172.22.2.4 - - [05/Dec/2023:04:49:55 -0500] "HEAD /BLA/boletinlegal/ HTTP/1.1" 200 -
201.245.192.253 - - [05/Dec/2023:04:51:38 -0500] "POST /forms/lservlet;jsessionid=ac16012b30d62db0ca076e27406a9e01ba06e71398f7.e3iSbxaKaheRe3eRa38MahaQbi1ynknvrkLOlQzNp65In0 HTTP/1.1" 200 2
186.29.34.21 - - [05/Dec/2023:04:51:55 -0500] "POST /sipse/faces/presentacion/financiero/solicitudProceso/crearModificarSolicitudProceso.xhtml HTTP/1.1" 200 24675
186.29.34.21 - - [05/Dec/2023:04:51:56 -0500] "GET /sipse/faces/javax.faces.resource/theme.css?ln=primefaces-sipse HTTP/1.1" 304 -
186.29.34.21 - - [05/Dec/2023:04:51:56 -0500] "GET /sipse/faces/javax.faces.resource/primefaces.css?ln=primefaces&v=4.0 HTTP/1.1" 304 -
186.29.34.21 - - [05/Dec/2023:04:51:56 -0500] "GET /sipse/faces/javax.faces.resource/layout/layout.css?ln=primefaces&v=4.0 HTTP/1.1" 304 -
186.29.34.21 - - [05/Dec/2023:04:51:56 -0500] "GET /sipse/faces/javax.faces.resource/jquery/jquery.js?ln=primefaces&v=4.0 HTTP/1.1" 304 -
186.29.34.21 - - [05/Dec/2023:04:51:56 -0500] "GET /sipse/faces/javax.faces.resource/jquery/jquery-plugins.js?ln=primefaces&v=4.0 HTTP/1.1" 304 -
186.29.34.21 - - [05/Dec/2023:04:51:56 -0500] "GET /sipse/faces/javax.faces.resource/primefaces.js?ln=primefaces&v=4.0 HTTP/1.1" 304 -
186.29.34.21 - - [05/Dec/2023:04:51:56 -0500] "GET /sipse/faces/javax.faces.resource/layout/layout.js?ln=primefaces&v=4.0 HTTP/1.1" 304 -
186.29.34.21 - - [05/Dec/2023:04:51:56 -0500] "GET /sipse/faces/javax.faces.resource/images/ui-icons_898989_256x240.png?ln=primefaces-aristo HTTP/1.1" 304 -
186.29.34.21 - - [05/Dec/2023:04:52:03 -0500] "GET /sipse/faces/javax.faces.resource/images/ui-bg_flat_0_2d5972_40x100.png?ln=primefaces-aristo HTTP/1.1" 304 -
186.29.34.21 - - [05/Dec/2023:04:52:03 -0500] "POST /sipse/faces/presentacion/financiero/solicitudProyectoActividad/asociarProyectoSolicitud.xhtml HTTP/1.1" 200 6567
201.245.192.253 - - [05/Dec/2023:04:52:02 -0500] "POST /kwsrmcab/Wsrmcab  HTTP/1.1" 200 41806
186.29.34.21 - - [05/Dec/2023:04:52:05 -0500] "POST /sipse/faces/presentacion/financiero/solicitudProyectoActividad/asociarProyectoSolicitud.xhtml HTTP/1.1" 200 1700
186.29.34.21 - - [05/Dec/2023:04:52:06 -0500] "POST /sipse/faces/presentacion/financiero/solicitudProyectoActividad/asociarProyectoSolicitud.xhtml HTTP/1.1" 200 6926
186.29.34.21 - - [05/Dec/2023:04:52:07 -0500] "GET /sipse/faces/javax.faces.resource/messages/messages.png?ln=primefaces&v=4.0 HTTP/1.1" 304 -
186.29.34.21 - - [05/Dec/2023:04:52:08 -0500] "POST /sipse/faces/presentacion/financiero/solicitudProyectoActividad/asociarProyectoSolicitud.xhtml HTTP/1.1" 200 48307
186.29.34.21 - - [05/Dec/2023:04:52:08 -0500] "GET /sipse/faces/javax.faces.resource/jquery/jquery.js?ln=primefaces&v=4.0 HTTP/1.1" 304 -
186.29.34.21 - - [05/Dec/2023:04:52:08 -0500] "GET /sipse/faces/javax.faces.resource/jquery/jquery-plugins.js?ln=primefaces&v=4.0 HTTP/1.1" 304 -
186.29.34.21 - - [05/Dec/2023:04:52:08 -0500] "GET /sipse/faces/javax.faces.resource/primefaces.js?ln=primefaces&v=4.0 HTTP/1.1" 304 -
186.29.34.21 - - [05/Dec/2023:04:52:08 -0500] "GET /sipse/faces/javax.faces.resource/layout/layout.js?ln=primefaces&v=4.0 HTTP/1.1" 304 -
172.22.2.4 - - [05/Dec/2023:04:52:11 -0500] "GET /BLA/boletinlegal/conceptos.php HTTP/1.1" 200 7496
186.29.34.21 - - [05/Dec/2023:04:52:19 -0500] "POST /sipse/faces/presentacion/financiero/solicitudProyectoActividad/asociarActividadSolicitud.xhtml HTTP/1.1" 200 20062
186.29.34.21 - - [05/Dec/2023:04:52:19 -0500] "GET /sipse/faces/javax.faces.resource/jquery/jquery.js?ln=primefaces&v=4.0 HTTP/1.1" 304 -
186.29.34.21 - - [05/Dec/2023:04:52:19 -0500] "GET /sipse/faces/javax.faces.resource/jquery/jquery-plugins.js?ln=primefaces&v=4.0 HTTP/1.1" 304 -
186.29.34.21 - - [05/Dec/2023:04:52:20 -0500] "GET /sipse/faces/javax.faces.resource/primefaces.js?ln=primefaces&v=4.0 HTTP/1.1" 304 -
186.29.34.21 - - [05/Dec/2023:04:52:20 -0500] "GET /sipse/faces/javax.faces.resource/layout/layout.js?ln=primefaces&v=4.0 HTTP/1.1" 304 -
172.22.2.4 - - [05/Dec/2023:04:50:46 -0500] "GET /BLA/boletinlegal/ HTTP/1.1" 200 52214
186.29.34.21 - - [05/Dec/2023:04:52:30 -0500] "POST /sipse/faces/presentacion/financiero/solicitudProyectoActividad/asociarFuentesSolicitud.xhtml HTTP/1.1" 200 67733
186.29.34.21 - - [05/Dec/2023:04:52:31 -0500] "GET /sipse/faces/javax.faces.resource/theme.css?ln=primefaces-sipse HTTP/1.1" 304 -
186.29.34.21 - - [05/Dec/2023:04:52:31 -0500] "GET /sipse/faces/javax.faces.resource/primefaces.css?ln=primefaces&v=4.0 HTTP/1.1" 304 -
186.29.34.21 - - [05/Dec/2023:04:52:31 -0500] "GET /sipse/faces/javax.faces.resource/layout/layout.css?ln=primefaces&v=4.0 HTTP/1.1" 304 -
186.29.34.21 - - [05/Dec/2023:04:52:31 -0500] "GET /sipse/faces/javax.faces.resource/jquery/jquery.js?ln=primefaces&v=4.0 HTTP/1.1" 304 -
186.29.34.21 - - [05/Dec/2023:04:52:31 -0500] "GET /sipse/faces/javax.faces.resource/jquery/jquery-plugins.js?ln=primefaces&v=4.0 HTTP/1.1" 304 -
186.29.34.21 - - [05/Dec/2023:04:52:31 -0500] "GET /sipse/faces/javax.faces.resource/primefaces.js?ln=primefaces&v=4.0 HTTP/1.1" 304 -
186.29.34.21 - - [05/Dec/2023:04:52:31 -0500] "GET /sipse/faces/javax.faces.resource/layout/layout.js?ln=primefaces&v=4.0 HTTP/1.1" 304 -
186.29.34.21 - - [05/Dec/2023:04:52:31 -0500] "GET /sipse/faces/javax.faces.resource/images/ui-icons_898989_256x240.png?ln=primefaces-aristo HTTP/1.1" 304 -
186.29.34.21 - - [05/Dec/2023:04:52:38 -0500] "POST /sipse/faces/presentacion/financiero/solicitudProceso/crearModificarSolicitudProceso.xhtml HTTP/1.1" 200 44717
186.29.34.21 - - [05/Dec/2023:04:52:40 -0500] "GET /sipse/faces/javax.faces.resource/theme.css?ln=primefaces-sipse HTTP/1.1" 304 -
186.29.34.21 - - [05/Dec/2023:04:52:40 -0500] "GET /sipse/faces/javax.faces.resource/primefaces.css?ln=primefaces&v=4.0 HTTP/1.1" 304 -
186.29.34.21 - - [05/Dec/2023:04:52:40 -0500] "GET /sipse/faces/javax.faces.resource/layout/layout.css?ln=primefaces&v=4.0 HTTP/1.1" 304 -
186.29.34.21 - - [05/Dec/2023:04:52:40 -0500] "GET /sipse/faces/javax.faces.resource/jquery/jquery.js?ln=primefaces&v=4.0 HTTP/1.1" 304 -
186.29.34.21 - - [05/Dec/2023:04:52:40 -0500] "GET /sipse/faces/javax.faces.resource/jquery/jquery-plugins.js?ln=primefaces&v=4.0 HTTP/1.1" 304 -
186.29.34.21 - - [05/Dec/2023:04:52:40 -0500] "GET /sipse/faces/javax.faces.resource/primefaces.js?ln=primefaces&v=4.0 HTTP/1.1" 304 -
186.29.34.21 - - [05/Dec/2023:04:52:40 -0500] "GET /sipse/faces/javax.faces.resource/layout/layout.js?ln=primefaces&v=4.0 HTTP/1.1" 304 -
186.29.34.21 - - [05/Dec/2023:04:52:40 -0500] "GET /sipse/faces/javax.faces.resource/images/ui-icons_898989_256x240.png?ln=primefaces-aristo HTTP/1.1" 304 -
201.245.192.253 - - [05/Dec/2023:04:52:40 -0500] "POST /forms/lservlet;jsessionid=ac16012b30d64ec0b0a9f85d4cd0acdf8f65235348eb.e3iSbxaKaheRe3eRa38MahaQbi1ynknvrkLOlQzNp65In0 HTTP/1.1" 200 2
186.29.34.21 - - [05/Dec/2023:04:52:45 -0500] "GET /sipse/faces/javax.faces.resource/images/ui-bg_flat_0_2d5972_40x100.png?ln=primefaces-aristo HTTP/1.1" 304 -
186.29.34.21 - - [05/Dec/2023:04:52:45 -0500] "POST /sipse/faces/presentacion/financiero/contrato/consultarContratosSolicitudProceso.xhtml HTTP/1.1" 200 62120
186.29.34.21 - - [05/Dec/2023:04:52:50 -0500] "POST /sipse/faces/presentacion/financiero/contrato/consultarContratosSolicitudProceso.xhtml HTTP/1.1" 200 63141
186.29.34.21 - - [05/Dec/2023:04:52:51 -0500] "GET /sipse/faces/javax.faces.resource/jquery/jquery.js?ln=primefaces&v=4.0 HTTP/1.1" 304 -
186.29.34.21 - - [05/Dec/2023:04:52:51 -0500] "GET /sipse/faces/javax.faces.resource/jquery/jquery-plugins.js?ln=primefaces&v=4.0 HTTP/1.1" 304 -
186.29.34.21 - - [05/Dec/2023:04:52:51 -0500] "GET /sipse/faces/javax.faces.resource/primefaces.js?ln=primefaces&v=4.0 HTTP/1.1" 304 -
186.29.34.21 - - [05/Dec/2023:04:52:51 -0500] "GET /sipse/faces/javax.faces.resource/layout/layout.js?ln=primefaces&v=4.0 HTTP/1.1" 304 -
172.22.2.4 - - [05/Dec/2023:04:51:13 -0500] "GET /BLA/boletinlegal/ HTTP/1.1" 200 54693
172.22.2.4 - - [05/Dec/2023:04:52:55 -0500] "GET /BLA/boletinlegal/style.css HTTP/1.1" 200 9406
186.29.34.21 - - [05/Dec/2023:04:52:56 -0500] "POST /sipse/faces/presentacion/financiero/solicitudProceso/crearModificarSolicitudProceso.xhtml HTTP/1.1" 200 63688
186.29.34.21 - - [05/Dec/2023:04:52:59 -0500] "GET /sipse/faces/javax.faces.resource/jquery/jquery.js?ln=primefaces&v=4.0 HTTP/1.1" 304 -
186.29.34.21 - - [05/Dec/2023:04:52:59 -0500] "GET /sipse/faces/javax.faces.resource/jquery/jquery-plugins.js?ln=primefaces&v=4.0 HTTP/1.1" 304 -
186.29.34.21 - - [05/Dec/2023:04:52:59 -0500] "GET /sipse/faces/javax.faces.resource/primefaces.js?ln=primefaces&v=4.0 HTTP/1.1" 304 -
186.29.34.21 - - [05/Dec/2023:04:52:59 -0500] "GET /sipse/faces/javax.faces.resource/layout/layout.js?ln=primefaces&v=4.0 HTTP/1.1" 304 -
186.29.34.21 - - [05/Dec/2023:04:52:59 -0500] "GET /sipse/faces/javax.faces.resource/messages/messages.png?ln=primefaces&v=4.0 HTTP/1.1" 304 -
186.29.34.21 - - [05/Dec/2023:04:52:59 -0500] "POST /sipse/faces/presentacion/financiero/solicitudProceso/listarSolicitudProceso.xhtml HTTP/1.1" 200 1564
201.245.192.253 - - [05/Dec/2023:04:53:00 -0500] "POST /forms/lservlet;jsessionid=ac16012b30d66bd79d5a81354b569b64ca0b03586396.e3iSbxaKaheRe3eRa38MahaQbi1ynknvrkLOlQzNp65In0 HTTP/1.1" 200 2
186.29.34.21 - - [05/Dec/2023:04:53:02 -0500] "POST /sipse/faces/presentacion/financiero/solicitudProceso/listarSolicitudProceso.xhtml HTTP/1.1" 200 20420
216.245.221.92 - - [05/Dec/2023:04:53:08 -0500] "HEAD / HTTP/1.1" 200 -
66.249.66.20 - - [05/Dec/2023:04:53:14 -0500] "GET /BLA/resoluciones/RESOLUCIONES%202009/2749.pdf HTTP/1.1" 200 459723
52.167.144.222 - - [05/Dec/2023:04:53:25 -0500] "GET /BLA/resoluciones/RESOLUCIONES%202007/RES%202007%20701%20AL%20800/RESOLUCION%200783%20DE%202007.pdf HTTP/1.1" 200 466766
40.77.167.68 - - [05/Dec/2023:04:53:25 -0500] "GET /portaldeninos/wp-content/uploads/2021/11/pieza-dia-abejas-20-infografia-ambiente-20-mayo.jpg HTTP/1.1" 200 78012
201.245.192.253 - - [05/Dec/2023:04:53:38 -0500] "POST /forms/lservlet;jsessionid=ac16012b30d62db0ca076e27406a9e01ba06e71398f7.e3iSbxaKaheRe3eRa38MahaQbi1ynknvrkLOlQzNp65In0 HTTP/1.1" 200 2
201.245.192.253 - - [05/Dec/2023:04:54:40 -0500] "POST /forms/lservlet;jsessionid=ac16012b30d64ec0b0a9f85d4cd0acdf8f65235348eb.e3iSbxaKaheRe3eRa38MahaQbi1ynknvrkLOlQzNp65In0 HTTP/1.1" 200 2
201.245.192.253 - - [05/Dec/2023:04:55:00 -0500] "POST /forms/lservlet;jsessionid=ac16012b30d66bd79d5a81354b569b64ca0b03586396.e3iSbxaKaheRe3eRa38MahaQbi1ynknvrkLOlQzNp65In0 HTTP/1.1" 200 2
66.249.66.20 - - [05/Dec/2023:04:55:12 -0500] "GET /BLA/resoluciones/RESOLUCIONES%202014/0877.pdf HTTP/1.1" 200 681367
66.249.66.20 - - [05/Dec/2023:04:55:15 -0500] "GET /BLA/resoluciones/AUTOS%202015/6788.pdf HTTP/1.1" 200 821950
66.249.66.19 - - [05/Dec/2023:04:55:30 -0500] "GET /resoluciones/RESOLUCIONES%202008/1457.pdf HTTP/1.1" 404 1018
201.245.192.253 - - [05/Dec/2023:04:55:38 -0500] "POST /forms/lservlet;jsessionid=ac16012b30d62db0ca076e27406a9e01ba06e71398f7.e3iSbxaKaheRe3eRa38MahaQbi1ynknvrkLOlQzNp65In0 HTTP/1.1" 200 2
52.167.144.179 - - [05/Dec/2023:04:55:41 -0500] "GET /portaldeninos/wp-content/uploads/2020/11/Tibanica-B-133x75.jpg HTTP/1.1" 200 4200
66.249.66.19 - - [05/Dec/2023:04:56:29 -0500] "GET /resoluciones/RESOLUCIONES%202007/RES%202007%202801%20AL%202900/RESOLUCION%202834%20DE%202007.pdf HTTP/1.1" 404 1018
66.249.66.20 - - [05/Dec/2023:04:56:36 -0500] "GET /BLA/resoluciones/AUTOS%202015/1662.pdf HTTP/1.1" 200 754548
201.245.192.253 - - [05/Dec/2023:04:56:40 -0500] "POST /forms/lservlet;jsessionid=ac16012b30d64ec0b0a9f85d4cd0acdf8f65235348eb.e3iSbxaKaheRe3eRa38MahaQbi1ynknvrkLOlQzNp65In0 HTTP/1.1" 200 2
66.249.66.20 - - [05/Dec/2023:04:56:52 -0500] "GET /BLA/resoluciones/Notificaciones/REGISTROS%202017/00146.pdf HTTP/1.1" 200 293512
201.245.192.253 - - [05/Dec/2023:04:57:00 -0500] "POST /forms/lservlet;jsessionid=ac16012b30d66bd79d5a81354b569b64ca0b03586396.e3iSbxaKaheRe3eRa38MahaQbi1ynknvrkLOlQzNp65In0 HTTP/1.1" 200 2
201.245.192.253 - - [05/Dec/2023:04:57:01 -0500] "POST /kwsrmcab/Wsrmcab  HTTP/1.1" 200 41806
172.22.2.4 - - [05/Dec/2023:04:55:45 -0500] "HEAD /BLA/boletinlegal/ HTTP/1.1" 200 -
201.245.192.253 - - [05/Dec/2023:04:57:38 -0500] "POST /forms/lservlet;jsessionid=ac16012b30d62db0ca076e27406a9e01ba06e71398f7.e3iSbxaKaheRe3eRa38MahaQbi1ynknvrkLOlQzNp65In0 HTTP/1.1" 200 2
216.245.221.92 - - [05/Dec/2023:04:58:08 -0500] "HEAD / HTTP/1.1" 200 -
66.249.66.20 - - [05/Dec/2023:04:58:12 -0500] "GET /BLA/resoluciones/AUTOS%202013/3667.pdf HTTP/1.1" 200 794615
172.22.2.4 - - [05/Dec/2023:04:56:36 -0500] "GET /BLA/boletinlegal/ HTTP/1.1" 200 58644
201.245.192.253 - - [05/Dec/2023:04:58:40 -0500] "POST /forms/lservlet;jsessionid=ac16012b30d64ec0b0a9f85d4cd0acdf8f65235348eb.e3iSbxaKaheRe3eRa38MahaQbi1ynknvrkLOlQzNp65In0 HTTP/1.1" 200 2
52.167.144.214 - - [05/Dec/2023:04:59:00 -0500] "GET /BLA/resoluciones/RESOLUCIONES%202021/0158.pdf HTTP/1.1" 304 -
201.245.192.253 - - [05/Dec/2023:04:59:00 -0500] "POST /forms/lservlet;jsessionid=ac16012b30d66bd79d5a81354b569b64ca0b03586396.e3iSbxaKaheRe3eRa38MahaQbi1ynknvrkLOlQzNp65In0 HTTP/1.1" 200 2
52.167.144.184 - - [05/Dec/2023:04:59:29 -0500] "GET /distrito-celebro-el-cumpleanos-del-parque-ecologico-distrital-de-montana-entrenubes.html HTTP/1.1" 200 829
66.249.66.21 - - [05/Dec/2023:04:59:36 -0500] "GET /BLA/resoluciones/RESOLUCIONES%202011/2546.pdf HTTP/1.1" 200 761300
201.245.192.253 - - [05/Dec/2023:04:59:38 -0500] "POST /forms/lservlet;jsessionid=ac16012b30d62db0ca076e27406a9e01ba06e71398f7.e3iSbxaKaheRe3eRa38MahaQbi1ynknvrkLOlQzNp65In0 HTTP/1.1" 200 2
52.167.144.138 - - [05/Dec/2023:04:59:55 -0500] "GET /BLA/resoluciones/RESOLUCIONES%202012/1321.pdf HTTP/1.1" 200 1178901
66.249.66.21 - - [05/Dec/2023:05:00:13 -0500] "GET /BLA/resoluciones/AUTOS%202011/7648.pdf HTTP/1.1" 200 2783804
201.245.192.253 - - [05/Dec/2023:05:00:40 -0500] "POST /forms/lservlet;jsessionid=ac16012b30d64ec0b0a9f85d4cd0acdf8f65235348eb.e3iSbxaKaheRe3eRa38MahaQbi1ynknvrkLOlQzNp65In0 HTTP/1.1" 200 2
201.245.192.253 - - [05/Dec/2023:05:01:00 -0500] "POST /forms/lservlet;jsessionid=ac16012b30d66bd79d5a81354b569b64ca0b03586396.e3iSbxaKaheRe3eRa38MahaQbi1ynknvrkLOlQzNp65In0 HTTP/1.1" 200 2
201.245.192.253 - - [05/Dec/2023:05:01:38 -0500] "POST /forms/lservlet;jsessionid=ac16012b30d62db0ca076e27406a9e01ba06e71398f7.e3iSbxaKaheRe3eRa38MahaQbi1ynknvrkLOlQzNp65In0 HTTP/1.1" 200 2
201.245.192.253 - - [05/Dec/2023:05:01:59 -0500] "POST /kwsrmcab/Wsrmcab  HTTP/1.1" 200 41806
66.249.66.19 - - [05/Dec/2023:05:02:11 -0500] "GET /BLA/resoluciones/RESOLUCIONES%202008/5181.pdf HTTP/1.1" 200 86285
201.245.192.253 - - [05/Dec/2023:05:02:40 -0500] "POST /forms/lservlet;jsessionid=ac16012b30d64ec0b0a9f85d4cd0acdf8f65235348eb.e3iSbxaKaheRe3eRa38MahaQbi1ynknvrkLOlQzNp65In0 HTTP/1.1" 200 2
66.249.66.19 - - [05/Dec/2023:05:02:45 -0500] "GET /BLA/resoluciones/Autos%202008/1599.pdf HTTP/1.1" 200 140804
201.245.192.253 - - [05/Dec/2023:05:03:00 -0500] "POST /forms/lservlet;jsessionid=ac16012b30d66bd79d5a81354b569b64ca0b03586396.e3iSbxaKaheRe3eRa38MahaQbi1ynknvrkLOlQzNp65In0 HTTP/1.1" 200 2
216.245.221.92 - - [05/Dec/2023:05:03:08 -0500] "HEAD / HTTP/1.1" 200 -
172.22.2.4 - - [05/Dec/2023:05:01:35 -0500] "HEAD /BLA/boletinlegal/ HTTP/1.1" 200 -
201.245.192.253 - - [05/Dec/2023:05:03:38 -0500] "POST /forms/lservlet;jsessionid=ac16012b30d62db0ca076e27406a9e01ba06e71398f7.e3iSbxaKaheRe3eRa38MahaQbi1ynknvrkLOlQzNp65In0 HTTP/1.1" 200 2
172.22.2.4 - - [05/Dec/2023:05:02:26 -0500] "GET /BLA/boletinlegal/ HTTP/1.1" 200 58644
66.249.66.20 - - [05/Dec/2023:05:04:23 -0500] "GET /BLA/resoluciones/RESOLUCIONES%202017/1809.pdf HTTP/1.1" 200 336746
201.245.192.253 - - [05/Dec/2023:05:04:40 -0500] "POST /forms/lservlet;jsessionid=ac16012b30d64ec0b0a9f85d4cd0acdf8f65235348eb.e3iSbxaKaheRe3eRa38MahaQbi1ynknvrkLOlQzNp65In0 HTTP/1.1" 200 2
201.245.192.253 - - [05/Dec/2023:05:05:00 -0500] "POST /forms/lservlet;jsessionid=ac16012b30d66bd79d5a81354b569b64ca0b03586396.e3iSbxaKaheRe3eRa38MahaQbi1ynknvrkLOlQzNp65In0 HTTP/1.1" 200 2
66.249.66.19 - - [05/Dec/2023:05:05:25 -0500] "GET /BLA/resoluciones/RESOLUCIONES%201996/RESOLUCION%2090%20DE%201996.pdf HTTP/1.1" 200 62058
201.245.192.253 - - [05/Dec/2023:05:05:38 -0500] "POST /forms/lservlet;jsessionid=ac16012b30d62db0ca076e27406a9e01ba06e71398f7.e3iSbxaKaheRe3eRa38MahaQbi1ynknvrkLOlQzNp65In0 HTTP/1.1" 200 2
66.249.66.19 - - [05/Dec/2023:05:05:41 -0500] "GET /BLA/resoluciones/RESOLUCIONES%202011/3042.pdf HTTP/1.1" 200 708278
201.245.192.253 - - [05/Dec/2023:05:06:40 -0500] "POST /forms/lservlet;jsessionid=ac16012b30d64ec0b0a9f85d4cd0acdf8f65235348eb.e3iSbxaKaheRe3eRa38MahaQbi1ynknvrkLOlQzNp65In0 HTTP/1.1" 200 2
201.245.192.253 - - [05/Dec/2023:05:07:00 -0500] "POST /forms/lservlet;jsessionid=ac16012b30d66bd79d5a81354b569b64ca0b03586396.e3iSbxaKaheRe3eRa38MahaQbi1ynknvrkLOlQzNp65In0 HTTP/1.1" 200 2
201.245.192.253 - - [05/Dec/2023:05:06:58 -0500] "POST /kwsrmcab/Wsrmcab  HTTP/1.1" 200 41806
201.245.192.253 - - [05/Dec/2023:05:07:38 -0500] "POST /forms/lservlet;jsessionid=ac16012b30d62db0ca076e27406a9e01ba06e71398f7.e3iSbxaKaheRe3eRa38MahaQbi1ynknvrkLOlQzNp65In0 HTTP/1.1" 200 2
216.245.221.92 - - [05/Dec/2023:05:08:08 -0500] "HEAD / HTTP/1.1" 200 -
201.245.192.253 - - [05/Dec/2023:05:08:40 -0500] "POST /forms/lservlet;jsessionid=ac16012b30d64ec0b0a9f85d4cd0acdf8f65235348eb.e3iSbxaKaheRe3eRa38MahaQbi1ynknvrkLOlQzNp65In0 HTTP/1.1" 200 2
201.245.192.253 - - [05/Dec/2023:05:09:00 -0500] "POST /forms/lservlet;jsessionid=ac16012b30d66bd79d5a81354b569b64ca0b03586396.e3iSbxaKaheRe3eRa38MahaQbi1ynknvrkLOlQzNp65In0 HTTP/1.1" 200 2
172.22.2.4 - - [05/Dec/2023:05:07:25 -0500] "HEAD /BLA/boletinlegal/ HTTP/1.1" 200 -
201.245.192.253 - - [05/Dec/2023:05:09:38 -0500] "POST /forms/lservlet;jsessionid=ac16012b30d62db0ca076e27406a9e01ba06e71398f7.e3iSbxaKaheRe3eRa38MahaQbi1ynknvrkLOlQzNp65In0 HTTP/1.1" 200 2
40.77.167.78 - - [05/Dec/2023:05:09:46 -0500] "GET /BLA/resoluciones/index.php?dir=AUTOS+2017%2F HTTP/1.1" 200 483481
172.22.2.4 - - [05/Dec/2023:05:08:16 -0500] "GET /BLA/boletinlegal/ HTTP/1.1" 200 60634
40.77.167.254 - - [05/Dec/2023:05:10:03 -0500] "GET /BLA/resoluciones/AUTOS%202023/5761.pdf HTTP/1.1" 200 980305
201.245.192.253 - - [05/Dec/2023:05:10:40 -0500] "POST /forms/lservlet;jsessionid=ac16012b30d64ec0b0a9f85d4cd0acdf8f65235348eb.e3iSbxaKaheRe3eRa38MahaQbi1ynknvrkLOlQzNp65In0 HTTP/1.1" 200 2
201.245.192.253 - - [05/Dec/2023:05:11:00 -0500] "POST /forms/lservlet;jsessionid=ac16012b30d66bd79d5a81354b569b64ca0b03586396.e3iSbxaKaheRe3eRa38MahaQbi1ynknvrkLOlQzNp65In0 HTTP/1.1" 200 2
201.245.192.253 - - [05/Dec/2023:05:11:38 -0500] "POST /forms/lservlet;jsessionid=ac16012b30d62db0ca076e27406a9e01ba06e71398f7.e3iSbxaKaheRe3eRa38MahaQbi1ynknvrkLOlQzNp65In0 HTTP/1.1" 200 2
201.245.192.253 - - [05/Dec/2023:05:11:58 -0500] "POST /kwsrmcab/Wsrmcab  HTTP/1.1" 200 41806
148.153.56.86 - - [05/Dec/2023:05:12:04 -0500] "GET /9ZRw HTTP/1.1" 404 1018
148.153.56.86 - - [05/Dec/2023:05:12:05 -0500] "GET /NHwP HTTP/1.1" 404 1018
148.153.56.86 - - [05/Dec/2023:05:12:05 -0500] "GET /aab8 HTTP/1.1" 404 1018
148.153.56.86 - - [05/Dec/2023:05:12:09 -0500] "GET /jquery-3.3.1.slim.min.js HTTP/1.1" 404 1018
148.153.56.86 - - [05/Dec/2023:05:12:09 -0500] "GET /aab9 HTTP/1.1" 404 1018
148.153.56.86 - - [05/Dec/2023:05:12:12 -0500] "GET /jquery-3.3.2.slim.min.js HTTP/1.1" 404 1018
201.245.192.253 - - [05/Dec/2023:05:12:40 -0500] "POST /forms/lservlet;jsessionid=ac16012b30d64ec0b0a9f85d4cd0acdf8f65235348eb.e3iSbxaKaheRe3eRa38MahaQbi1ynknvrkLOlQzNp65In0 HTTP/1.1" 200 2
201.245.192.253 - - [05/Dec/2023:05:13:00 -0500] "POST /forms/lservlet;jsessionid=ac16012b30d66bd79d5a81354b569b64ca0b03586396.e3iSbxaKaheRe3eRa38MahaQbi1ynknvrkLOlQzNp65In0 HTTP/1.1" 200 2
216.245.221.92 - - [05/Dec/2023:05:13:08 -0500] "HEAD / HTTP/1.1" 200 -
52.167.144.226 - - [05/Dec/2023:05:13:33 -0500] "GET /documents/10184/5569773/caminata-ecologica-octubre.jpeg/ae784403-a519-43f7-9e85-3718dcc876ab?t=1696967710809 HTTP/1.1" 404 1034
201.245.192.253 - - [05/Dec/2023:05:13:38 -0500] "POST /forms/lservlet;jsessionid=ac16012b30d62db0ca076e27406a9e01ba06e71398f7.e3iSbxaKaheRe3eRa38MahaQbi1ynknvrkLOlQzNp65In0 HTTP/1.1" 200 2
40.77.167.78 - - [05/Dec/2023:05:13:55 -0500] "GET /BLA/resoluciones/AUTOS%202023/5106.pdf HTTP/1.1" 200 397580
66.249.66.21 - - [05/Dec/2023:05:14:16 -0500] "GET /resoluciones/RESOLUCIONES%202008/2939.pdf HTTP/1.1" 404 1018
201.245.192.253 - - [05/Dec/2023:05:14:40 -0500] "POST /forms/lservlet;jsessionid=ac16012b30d64ec0b0a9f85d4cd0acdf8f65235348eb.e3iSbxaKaheRe3eRa38MahaQbi1ynknvrkLOlQzNp65In0 HTTP/1.1" 200 2
172.22.2.4 - - [05/Dec/2023:05:13:15 -0500] "HEAD /BLA/boletinlegal/ HTTP/1.1" 200 -
201.245.192.253 - - [05/Dec/2023:05:15:00 -0500] "POST /forms/lservlet;jsessionid=ac16012b30d66bd79d5a81354b569b64ca0b03586396.e3iSbxaKaheRe3eRa38MahaQbi1ynknvrkLOlQzNp65In0 HTTP/1.1" 200 2
201.245.192.253 - - [05/Dec/2023:05:15:38 -0500] "POST /forms/lservlet;jsessionid=ac16012b30d62db0ca076e27406a9e01ba06e71398f7.e3iSbxaKaheRe3eRa38MahaQbi1ynknvrkLOlQzNp65In0 HTTP/1.1" 200 2
172.22.2.4 - - [05/Dec/2023:05:14:06 -0500] "GET /BLA/boletinlegal/ HTTP/1.1" 200 58644
201.245.192.253 - - [05/Dec/2023:05:16:40 -0500] "POST /forms/lservlet;jsessionid=ac16012b30d64ec0b0a9f85d4cd0acdf8f65235348eb.e3iSbxaKaheRe3eRa38MahaQbi1ynknvrkLOlQzNp65In0 HTTP/1.1" 200 2
66.249.66.21 - - [05/Dec/2023:05:16:44 -0500] "GET /BLA/resoluciones/Autos%202008/1043.pdf HTTP/1.1" 200 134485
201.245.192.253 - - [05/Dec/2023:05:16:47 -0500] "POST /kwsrmcab/Wsrmcab HTTP/1.1" 200 39101
201.245.192.253 - - [05/Dec/2023:05:16:52 -0500] "POST /kwsrmcab/Wsrmcab HTTP/1.1" 200 38362
201.245.192.253 - - [05/Dec/2023:05:16:56 -0500] "POST /kwsrmcab/Wsrmcab  HTTP/1.1" 200 41806
201.245.192.253 - - [05/Dec/2023:05:17:00 -0500] "POST /forms/lservlet;jsessionid=ac16012b30d66bd79d5a81354b569b64ca0b03586396.e3iSbxaKaheRe3eRa38MahaQbi1ynknvrkLOlQzNp65In0 HTTP/1.1" 200 2
201.245.192.253 - - [05/Dec/2023:05:17:38 -0500] "POST /forms/lservlet;jsessionid=ac16012b30d62db0ca076e27406a9e01ba06e71398f7.e3iSbxaKaheRe3eRa38MahaQbi1ynknvrkLOlQzNp65In0 HTTP/1.1" 200 2
49.7.20.134 - - [05/Dec/2023:05:17:44 -0500] "GET / HTTP/1.1" 200 319
216.245.221.92 - - [05/Dec/2023:05:18:08 -0500] "HEAD / HTTP/1.1" 200 -
66.249.66.20 - - [05/Dec/2023:05:18:16 -0500] "GET /BLA/resoluciones/RESOLUCIONES%202010/5615.pdf HTTP/1.1" 200 1322590
201.245.192.253 - - [05/Dec/2023:05:18:40 -0500] "POST /forms/lservlet;jsessionid=ac16012b30d64ec0b0a9f85d4cd0acdf8f65235348eb.e3iSbxaKaheRe3eRa38MahaQbi1ynknvrkLOlQzNp65In0 HTTP/1.1" 200 2
201.245.192.253 - - [05/Dec/2023:05:19:00 -0500] "POST /forms/lservlet;jsessionid=ac16012b30d66bd79d5a81354b569b64ca0b03586396.e3iSbxaKaheRe3eRa38MahaQbi1ynknvrkLOlQzNp65In0 HTTP/1.1" 200 2
201.245.192.253 - - [05/Dec/2023:05:19:38 -0500] "POST /forms/lservlet;jsessionid=ac16012b30d62db0ca076e27406a9e01ba06e71398f7.e3iSbxaKaheRe3eRa38MahaQbi1ynknvrkLOlQzNp65In0 HTTP/1.1" 200 2
201.245.192.253 - - [05/Dec/2023:05:20:28 -0500] "POST /kwsrmcab/Wsrmcab HTTP/1.1" 200 39101
201.245.192.253 - - [05/Dec/2023:05:20:40 -0500] "POST /forms/lservlet;jsessionid=ac16012b30d64ec0b0a9f85d4cd0acdf8f65235348eb.e3iSbxaKaheRe3eRa38MahaQbi1ynknvrkLOlQzNp65In0 HTTP/1.1" 200 2
201.245.192.253 - - [05/Dec/2023:05:20:39 -0500] "POST /kwsrmcab/Wsrmcab HTTP/1.1" 200 38362
172.22.2.4 - - [05/Dec/2023:05:19:05 -0500] "HEAD /BLA/boletinlegal/ HTTP/1.1" 200 -
66.249.66.20 - - [05/Dec/2023:05:20:59 -0500] "GET /BLA/resoluciones/AUTOS%202017/2735.pdf HTTP/1.1" 200 277320
201.245.192.253 - - [05/Dec/2023:05:21:00 -0500] "POST /forms/lservlet;jsessionid=ac16012b30d66bd79d5a81354b569b64ca0b03586396.e3iSbxaKaheRe3eRa38MahaQbi1ynknvrkLOlQzNp65In0 HTTP/1.1" 200 2
66.249.66.19 - - [05/Dec/2023:05:21:21 -0500] "GET /BLA/resoluciones/AUTOS%202015/2678.pdf HTTP/1.1" 200 711150
66.249.66.19 - - [05/Dec/2023:05:21:28 -0500] "GET /BLA/resoluciones/AUTOS%202015/1382.pdf HTTP/1.1" 200 495319
172.22.2.4 - - [05/Dec/2023:05:19:56 -0500] "GET /BLA/boletinlegal/ HTTP/1.1" 200 55050
201.245.192.253 - - [05/Dec/2023:05:21:38 -0500] "POST /forms/lservlet;jsessionid=ac16012b30d62db0ca076e27406a9e01ba06e71398f7.e3iSbxaKaheRe3eRa38MahaQbi1ynknvrkLOlQzNp65In0 HTTP/1.1" 200 2
201.245.192.253 - - [05/Dec/2023:05:21:54 -0500] "POST /kwsrmcab/Wsrmcab  HTTP/1.1" 200 41806
201.245.192.253 - - [05/Dec/2023:05:22:40 -0500] "POST /forms/lservlet;jsessionid=ac16012b30d64ec0b0a9f85d4cd0acdf8f65235348eb.e3iSbxaKaheRe3eRa38MahaQbi1ynknvrkLOlQzNp65In0 HTTP/1.1" 200 2
201.245.192.253 - - [05/Dec/2023:05:23:00 -0500] "POST /forms/lservlet;jsessionid=ac16012b30d66bd79d5a81354b569b64ca0b03586396.e3iSbxaKaheRe3eRa38MahaQbi1ynknvrkLOlQzNp65In0 HTTP/1.1" 200 2
216.245.221.92 - - [05/Dec/2023:05:23:08 -0500] "HEAD / HTTP/1.1" 200 -
201.245.192.253 - - [05/Dec/2023:05:23:38 -0500] "POST /forms/lservlet;jsessionid=ac16012b30d62db0ca076e27406a9e01ba06e71398f7.e3iSbxaKaheRe3eRa38MahaQbi1ynknvrkLOlQzNp65In0 HTTP/1.1" 200 2
66.249.66.12 - - [05/Dec/2023:05:23:44 -0500] "GET /BLA/resoluciones/AUTOS%202014/5366.pdf HTTP/1.1" 200 551322
157.55.39.225 - - [05/Dec/2023:05:23:56 -0500] "GET /robots.txt HTTP/1.1" 404 1049
207.46.13.125 - - [05/Dec/2023:05:24:05 -0500] "GET /BLA/boletinlegal/Circulares/2011/Circular%20No.%204%20del%2012%20de%20Agosto%20de%202011.pdf HTTP/1.1" 200 601047
124.221.148.89 - - [05/Dec/2023:05:24:23 -0500] "GET http://190.27.245.106:80/phpMyAdmin/scripts/setup.php HTTP/1.0" 403 1165
124.221.148.89 - - [05/Dec/2023:05:24:24 -0500] "GET http://190.27.245.106:80/phpmyadmin/scripts/setup.php HTTP/1.0" 403 1165
124.221.148.89 - - [05/Dec/2023:05:24:24 -0500] "GET http://190.27.245.106:80/phpMyAdmin-2.11.4/scripts/setup.php HTTP/1.0" 403 1165
124.221.148.89 - - [05/Dec/2023:05:24:25 -0500] "GET http://190.27.245.106:80/phpMyAdmin-2.11.3/scripts/setup.php HTTP/1.0" 403 1165
124.221.148.89 - - [05/Dec/2023:05:24:25 -0500] "GET http://190.27.245.106:80/phpMyAdmin-2.10.0.2/scripts/setup.php HTTP/1.0" 403 1165
124.221.148.89 - - [05/Dec/2023:05:24:26 -0500] "GET http://190.27.245.106:80/phpMyAdmin-2.10.3/scripts/setup.php HTTP/1.0" 403 1165
124.221.148.89 - - [05/Dec/2023:05:24:26 -0500] "GET http://190.27.245.106:80/phpMyAdmin-2.8.0.2/scripts/setup.php HTTP/1.0" 403 1165
124.221.148.89 - - [05/Dec/2023:05:24:27 -0500] "GET http://190.27.245.106:80/phpMyAdmin-2.10.2/scripts/setup.php HTTP/1.0" 403 1165
124.221.148.89 - - [05/Dec/2023:05:24:27 -0500] "GET http://190.27.245.106:80/phpMyAdmin-2.11.9.2/scripts/setup.php HTTP/1.0" 403 1165
124.221.148.89 - - [05/Dec/2023:05:24:28 -0500] "GET http://190.27.245.106:80/phpMyAdmin-2.11.0/scripts/setup.php HTTP/1.0" 403 1165
124.221.148.89 - - [05/Dec/2023:05:24:28 -0500] "GET http://190.27.245.106:80/phpMyAdmin-2.11.7/scripts/setup.php HTTP/1.0" 403 1165
124.221.148.89 - - [05/Dec/2023:05:24:29 -0500] "GET http://190.27.245.106:80/phpMyAdmin-2.11.1.2/scripts/setup.php HTTP/1.0" 403 1165
124.221.148.89 - - [05/Dec/2023:05:24:29 -0500] "GET http://190.27.245.106:80/pma/scripts/setup.php HTTP/1.0" 404 1018
124.221.148.89 - - [05/Dec/2023:05:24:30 -0500] "GET http://190.27.245.106:80/phpMyAdmin3/scripts/setup.php HTTP/1.0" 403 1165
124.221.148.89 - - [05/Dec/2023:05:24:30 -0500] "GET http://190.27.245.106:80/myadmin/scripts/setup.php HTTP/1.0" 404 1018
124.221.148.89 - - [05/Dec/2023:05:24:31 -0500] "GET http://190.27.245.106:80/MyAdmin/scripts/setup.php HTTP/1.0" 404 1018
124.221.148.89 - - [05/Dec/2023:05:24:32 -0500] "GET http://190.27.245.106:80/PHPMYADMIN/scripts/setup.php HTTP/1.0" 403 1165
124.221.148.89 - - [05/Dec/2023:05:24:32 -0500] "GET http://190.27.245.106:80/mysqladmin/scripts/setup.php HTTP/1.0" 404 1018
66.249.66.12 - - [05/Dec/2023:05:24:32 -0500] "GET /BLA/resoluciones/RESOLUCIONES%202014/2834.pdf HTTP/1.1" 200 568013
124.221.148.89 - - [05/Dec/2023:05:24:33 -0500] "GET http://190.27.245.106:80/SQL/scripts/setup.php HTTP/1.0" 404 1018
124.221.148.89 - - [05/Dec/2023:05:24:33 -0500] "GET http://190.27.245.106:80/phpMyAdmin-2.5.5-pl1/scripts/setup.php HTTP/1.0" 403 1165
124.221.148.89 - - [05/Dec/2023:05:24:34 -0500] "GET http://190.27.245.106:80/phpMyAdmin-2.5.5/scripts/setup.php HTTP/1.0" 403 1165
124.221.148.89 - - [05/Dec/2023:05:24:34 -0500] "GET http://190.27.245.106:80/phpMyAdmin-2.5.4/scripts/setup.php HTTP/1.0" 403 1165
124.221.148.89 - - [05/Dec/2023:05:24:35 -0500] "GET http://190.27.245.106:80/phpMyAdmin-2.5.7-pl1/scripts/setup.php HTTP/1.0" 403 1165
124.221.148.89 - - [05/Dec/2023:05:24:35 -0500] "GET http://190.27.245.106:80/admin/pma/scripts/setup.php HTTP/1.0" 404 1018
124.221.148.89 - - [05/Dec/2023:05:24:36 -0500] "GET http://190.27.245.106:80/phpMyAdmin-2/scripts/setup.php HTTP/1.0" 403 1165
124.221.148.89 - - [05/Dec/2023:05:24:36 -0500] "GET http://190.27.245.106:80/web/phpMyAdmin/scripts/setup.php HTTP/1.0" 404 1018
124.221.148.89 - - [05/Dec/2023:05:24:37 -0500] "GET http://190.27.245.106:80/webadmin/scripts/setup.php HTTP/1.0" 404 1018
124.221.148.89 - - [05/Dec/2023:05:24:37 -0500] "GET http://190.27.245.106:80/admin/scripts/setup.php HTTP/1.0" 404 1018
124.221.148.89 - - [05/Dec/2023:05:24:38 -0500] "GET http://190.27.245.106:80/dbadmin/scripts/setup.php HTTP/1.0" 404 1018
124.221.148.89 - - [05/Dec/2023:05:24:38 -0500] "GET http://190.27.245.106:80/mysql/scripts/setup.php HTTP/1.0" 404 1018
124.221.148.89 - - [05/Dec/2023:05:24:39 -0500] "GET http://190.27.245.106:80/phpMyAdmin2/scripts/setup.php HTTP/1.0" 403 1165
124.221.148.89 - - [05/Dec/2023:05:24:39 -0500] "GET http://190.27.245.106:80/phpma/scripts/setup.php HTTP/1.0" 404 1018
124.221.148.89 - - [05/Dec/2023:05:24:40 -0500] "GET http://190.27.245.106:80/sqlweb/scripts/setup.php HTTP/1.0" 404 1018
201.245.192.253 - - [05/Dec/2023:05:24:40 -0500] "POST /forms/lservlet;jsessionid=ac16012b30d64ec0b0a9f85d4cd0acdf8f65235348eb.e3iSbxaKaheRe3eRa38MahaQbi1ynknvrkLOlQzNp65In0 HTTP/1.1" 200 2
