152.61.192.232 - - [06/Dec/2023:02:28:49 -0500] "GET /arcgis/services/Calidad_del_Agua_WQI/MapServer/WMSServer?SERVICE=WMS&REQUEST=GetCapabilities HTTP/1.1" 503 1020
152.61.192.232 - - [06/Dec/2023:02:28:50 -0500] "GET /arcgis/services/Calidad_del_Agua_WQI/MapServer/WMSServer?WMTVER=1.0.0&REQUEST=capabilities HTTP/1.1" 503 1020
201.245.192.253 - - [06/Dec/2023:02:29:13 -0500] "POST /kwsrmcab/Wsrmcab  HTTP/1.1" 200 41806
52.167.144.19 - - [06/Dec/2023:02:30:09 -0500] "GET /bla/resoluciones/autos%202010/5530.pdf HTTP/1.1" 200 230968
201.245.192.253 - - [06/Dec/2023:02:30:25 -0500] "POST /kwsrmcab/Wsrmcab HTTP/1.1" 200 38560
201.245.192.253 - - [06/Dec/2023:02:30:36 -0500] "POST /kwsrmcab/Wsrmcab HTTP/1.1" 200 36184
172.22.2.4 - - [06/Dec/2023:02:30:49 -0500] "HEAD /BLA/boletinlegal/ HTTP/1.1" 200 -
216.245.221.92 - - [06/Dec/2023:02:33:05 -0500] "HEAD / HTTP/1.1" 200 -
172.22.2.4 - - [06/Dec/2023:02:31:41 -0500] "GET /BLA/boletinlegal/ HTTP/1.1" 200 58644
201.245.192.253 - - [06/Dec/2023:02:34:11 -0500] "POST /kwsrmcab/Wsrmcab  HTTP/1.1" 200 41806
87.250.224.3 - - [06/Dec/2023:02:35:12 -0500] "GET /robots.txt HTTP/1.1" 404 1034
87.250.224.245 - - [06/Dec/2023:02:35:12 -0500] "GET /consulta-y-conoce-los-proyectos-de-resolucion-de-para-los-planes-de-manejo-ambiental-de-cinco-humedales-en-bogota.html HTTP/1.1" 200 971
213.180.203.190 - - [06/Dec/2023:02:35:13 -0500] "GET /las-tres-caminatas-para-cerrar-el-ano-entre-la-naturaleza.html HTTP/1.1" 200 776
201.245.192.253 - - [06/Dec/2023:02:36:43 -0500] "POST /kwsrmcab/Wsrmcab HTTP/1.1" 200 38560
201.245.192.253 - - [06/Dec/2023:02:36:47 -0500] "POST /kwsrmcab/Wsrmcab HTTP/1.1" 200 36184
216.245.221.92 - - [06/Dec/2023:02:38:05 -0500] "HEAD / HTTP/1.1" 200 -
172.22.2.4 - - [06/Dec/2023:02:36:40 -0500] "HEAD /BLA/boletinlegal/ HTTP/1.1" 200 -
172.22.2.4 - - [06/Dec/2023:02:37:31 -0500] "GET /BLA/boletinlegal/ HTTP/1.1" 200 57497
201.245.192.253 - - [06/Dec/2023:02:39:09 -0500] "POST /kwsrmcab/Wsrmcab  HTTP/1.1" 200 41806
201.245.192.253 - - [06/Dec/2023:02:40:26 -0500] "POST /kwsrmcab/Wsrmcab HTTP/1.1" 200 38560
201.245.192.253 - - [06/Dec/2023:02:40:36 -0500] "POST /kwsrmcab/Wsrmcab HTTP/1.1" 200 36184
66.249.66.206 - - [06/Dec/2023:02:41:22 -0500] "GET /BLA/boletinlegal/Directivas/2011/Directiva%20No.%207%20del%2015%20de%20Septiembre%20de%202011.pdf HTTP/1.1" 304 -
66.249.66.195 - - [06/Dec/2023:02:41:49 -0500] "GET /las-tres-caminatas-para-cerrar-el-ano-entre-la-naturaleza.html HTTP/1.1" 304 -
52.167.144.199 - - [06/Dec/2023:02:41:54 -0500] "GET /BLA/resoluciones/AUTOS%202017/3177.pdf HTTP/1.1" 200 292613
216.245.221.92 - - [06/Dec/2023:02:43:05 -0500] "HEAD / HTTP/1.1" 200 -
201.245.192.253 - - [06/Dec/2023:02:44:07 -0500] "POST /kwsrmcab/Wsrmcab  HTTP/1.1" 200 41806
172.22.2.4 - - [06/Dec/2023:02:42:30 -0500] "HEAD /BLA/boletinlegal/ HTTP/1.1" 200 -
172.22.2.4 - - [06/Dec/2023:02:43:21 -0500] "GET /BLA/boletinlegal/ HTTP/1.1" 200 58644
66.249.66.194 - - [06/Dec/2023:02:46:17 -0500] "GET /semana-ambiental-2022-del-31-de-mayo-al-5-de-junio-se-celebrara-en-bogota.html HTTP/1.1" 200 799
162.55.170.174 - - [06/Dec/2023:02:46:42 -0500] "GET / HTTP/1.1" 200 319
162.55.170.174 - - [06/Dec/2023:02:46:43 -0500] "GET / HTTP/1.1" 200 4720
40.77.167.33 - - [06/Dec/2023:02:47:09 -0500] "GET /portaldeninos/wp-content/uploads/2020/11/La-Conejera-B-133x75.jpg HTTP/1.1" 200 4673
216.245.221.92 - - [06/Dec/2023:02:48:05 -0500] "HEAD / HTTP/1.1" 200 -
201.245.192.253 - - [06/Dec/2023:02:49:06 -0500] "POST /kwsrmcab/Wsrmcab  HTTP/1.1" 200 41806
123.126.68.38 - - [06/Dec/2023:02:50:00 -0500] "GET / HTTP/1.1" 200 319
172.22.2.4 - - [06/Dec/2023:02:48:20 -0500] "HEAD /BLA/boletinlegal/ HTTP/1.1" 200 -
172.22.2.4 - - [06/Dec/2023:02:49:11 -0500] "GET /BLA/boletinlegal/ HTTP/1.1" 200 58644
216.245.221.92 - - [06/Dec/2023:02:53:05 -0500] "HEAD / HTTP/1.1" 200 -
66.249.66.194 - - [06/Dec/2023:02:53:45 -0500] "GET /distrito-alcanza-ya-15-acuerdos-de-conservacion-por-174-02-hectareas-para-consolidar-varios-ecosistemas-estrategicos-de-bogota.html HTTP/1.1" 304 -
201.245.192.253 - - [06/Dec/2023:02:54:05 -0500] "POST /kwsrmcab/Wsrmcab  HTTP/1.1" 200 41806
172.22.2.4 - - [06/Dec/2023:02:54:10 -0500] "HEAD /BLA/boletinlegal/ HTTP/1.1" 200 -
199.16.157.182 - - [06/Dec/2023:02:56:18 -0500] "GET /images/Acuerdos%2001%20(1)%20(1).jpeg HTTP/1.1" 200 32884
172.22.2.4 - - [06/Dec/2023:02:55:01 -0500] "GET /BLA/boletinlegal/ HTTP/1.1" 200 53356
216.245.221.92 - - [06/Dec/2023:02:58:05 -0500] "HEAD / HTTP/1.1" 200 -
168.119.251.242 - - [06/Dec/2023:02:58:25 -0500] "GET / HTTP/1.1" 200 319
168.119.251.242 - - [06/Dec/2023:02:58:35 -0500] "GET / HTTP/1.1" 200 4720
201.245.192.253 - - [06/Dec/2023:02:59:04 -0500] "POST /kwsrmcab/Wsrmcab  HTTP/1.1" 200 41806
172.22.2.4 - - [06/Dec/2023:03:00:00 -0500] "HEAD /BLA/boletinlegal/ HTTP/1.1" 200 -
66.249.66.193 - - [06/Dec/2023:03:01:45 -0500] "GET /mas-de-1000-personas-participaron-en-la-convencion-de-emergencia-climatica-una-mirada-optimista-y-un-llamado-a-la-accion.html HTTP/1.1" 304 -
172.22.2.4 - - [06/Dec/2023:03:00:51 -0500] "GET /BLA/boletinlegal/ HTTP/1.1" 200 60634
216.245.221.92 - - [06/Dec/2023:03:03:05 -0500] "HEAD / HTTP/1.1" 200 -
201.245.192.253 - - [06/Dec/2023:03:04:03 -0500] "POST /kwsrmcab/Wsrmcab  HTTP/1.1" 200 41806
69.171.231.2 - - [06/Dec/2023:03:05:08 -0500] "GET /images/empresas-con-estrategias-de-gesti\xc3\xb3n-ambiental-1_optimized.jpeg HTTP/1.1" 404 1034
69.171.231.6 - - [06/Dec/2023:03:05:36 -0500] "GET /images/empresas-con-estrategias-de-gesti\xc3\xb3n-ambiental-1_optimized.jpeg HTTP/1.1" 404 1034
172.22.2.4 - - [06/Dec/2023:03:05:50 -0500] "HEAD /BLA/boletinlegal/ HTTP/1.1" 200 -
40.77.167.56 - - [06/Dec/2023:03:07:47 -0500] "GET /BLA/resoluciones/RESOLUCIONES%202023/2409.pdf HTTP/1.1" 200 318592
216.245.221.92 - - [06/Dec/2023:03:08:05 -0500] "HEAD / HTTP/1.1" 200 -
172.22.2.4 - - [06/Dec/2023:03:06:41 -0500] "GET /BLA/boletinlegal/ HTTP/1.1" 200 58644
201.245.192.253 - - [06/Dec/2023:03:09:02 -0500] "POST /kwsrmcab/Wsrmcab  HTTP/1.1" 200 41806
66.249.66.20 - - [06/Dec/2023:03:09:30 -0500] "GET /BLA/resoluciones/AUTOS%202022/1878.pdf HTTP/1.1" 200 570085
40.77.167.152 - - [06/Dec/2023:03:09:43 -0500] "GET /BLA/resoluciones/RESOLUCIONES%202023/1230.pdf HTTP/1.1" 200 690670
52.167.144.221 - - [06/Dec/2023:03:11:47 -0500] "GET /appsia/controlador HTTP/1.1" 200 4799
216.245.221.92 - - [06/Dec/2023:03:13:05 -0500] "HEAD / HTTP/1.1" 200 -
172.22.2.4 - - [06/Dec/2023:03:11:40 -0500] "HEAD /BLA/boletinlegal/ HTTP/1.1" 200 -
172.22.2.4 - - [06/Dec/2023:03:11:49 -0500] "GET /BLA/boletinlegal/ HTTP/1.1" 200 48217
201.245.192.253 - - [06/Dec/2023:03:14:02 -0500] "POST /kwsrmcab/Wsrmcab  HTTP/1.1" 200 41806
172.22.2.4 - - [06/Dec/2023:03:12:31 -0500] "GET /BLA/boletinlegal/ HTTP/1.1" 200 42651
172.22.2.4 - - [06/Dec/2023:03:12:42 -0500] "GET /BLA/boletinlegal/ HTTP/1.1" 200 43959
52.167.144.199 - - [06/Dec/2023:03:16:42 -0500] "GET /BLA/resoluciones/index.php?dir=RESOLUCIONES+2023%2F HTTP/1.1" 200 115325
201.245.192.253 - - [06/Dec/2023:03:16:43 -0500] "POST /kwsrmcab/Wsrmcab HTTP/1.1" 200 37546
201.245.192.253 - - [06/Dec/2023:03:16:46 -0500] "POST /kwsrmcab/Wsrmcab HTTP/1.1" 200 36189
216.245.221.92 - - [06/Dec/2023:03:18:05 -0500] "HEAD / HTTP/1.1" 200 -
52.167.144.199 - - [06/Dec/2023:03:19:01 -0500] "GET /BLA/resoluciones/RESOLUCIONES%202023/1448.pdf HTTP/1.1" 200 448225
201.245.192.253 - - [06/Dec/2023:03:18:59 -0500] "POST /kwsrmcab/Wsrmcab  HTTP/1.1" 200 41806
52.167.144.199 - - [06/Dec/2023:03:19:02 -0500] "GET /BLA/resoluciones/RESOLUCIONES%202023/1793.pdf HTTP/1.1" 200 407729
52.167.144.199 - - [06/Dec/2023:03:19:02 -0500] "GET /BLA/resoluciones/RESOLUCIONES%202023/1446.pdf HTTP/1.1" 200 584797
52.167.144.199 - - [06/Dec/2023:03:19:02 -0500] "GET /BLA/resoluciones/RESOLUCIONES%202023/1547.pdf HTTP/1.1" 200 441681
52.167.144.199 - - [06/Dec/2023:03:19:02 -0500] "GET /BLA/resoluciones/RESOLUCIONES%202023/1805.pdf HTTP/1.1" 200 409536
52.167.144.215 - - [06/Dec/2023:03:19:06 -0500] "GET /BLA/resoluciones/RESOLUCIONES%202023/1572.pdf HTTP/1.1" 200 447866
52.167.144.221 - - [06/Dec/2023:03:19:06 -0500] "GET /BLA/resoluciones/RESOLUCIONES%202023/1462.pdf HTTP/1.1" 200 363496
172.22.2.4 - - [06/Dec/2023:03:17:30 -0500] "HEAD /BLA/boletinlegal/ HTTP/1.1" 200 -
52.167.144.221 - - [06/Dec/2023:03:19:16 -0500] "GET /BLA/resoluciones/RESOLUCIONES%202023/0844.pdf HTTP/1.1" 200 367798
172.22.2.4 - - [06/Dec/2023:03:18:21 -0500] "GET /BLA/boletinlegal/ HTTP/1.1" 200 58644
201.245.192.253 - - [06/Dec/2023:03:20:26 -0500] "POST /kwsrmcab/Wsrmcab HTTP/1.1" 200 37546
201.245.192.253 - - [06/Dec/2023:03:20:37 -0500] "POST /kwsrmcab/Wsrmcab HTTP/1.1" 200 36189
52.167.144.209 - - [06/Dec/2023:03:21:52 -0500] "GET /BLA/resoluciones/RESOLUCIONES%202023/1911.pdf HTTP/1.1" 200 896203
216.245.221.92 - - [06/Dec/2023:03:23:05 -0500] "HEAD / HTTP/1.1" 200 -
201.245.192.253 - - [06/Dec/2023:03:23:59 -0500] "POST /kwsrmcab/Wsrmcab  HTTP/1.1" 200 41806
172.22.2.4 - - [06/Dec/2023:03:23:20 -0500] "HEAD /BLA/boletinlegal/ HTTP/1.1" 200 -
172.22.2.4 - - [06/Dec/2023:03:24:11 -0500] "GET /BLA/boletinlegal/ HTTP/1.1" 200 58644
201.245.192.253 - - [06/Dec/2023:03:26:43 -0500] "POST /kwsrmcab/Wsrmcab HTTP/1.1" 200 37546
201.245.192.253 - - [06/Dec/2023:03:26:46 -0500] "POST /kwsrmcab/Wsrmcab HTTP/1.1" 200 36189
52.167.144.216 - - [06/Dec/2023:03:27:34 -0500] "GET /BLA/resoluciones/RESOLUCIONES%202023/1206.pdf HTTP/1.1" 200 388324
52.167.144.209 - - [06/Dec/2023:03:27:43 -0500] "GET /BLA/resoluciones/AUTOS%202013/0460.pdf HTTP/1.1" 200 398623
216.245.221.92 - - [06/Dec/2023:03:28:05 -0500] "HEAD / HTTP/1.1" 200 -
52.167.144.216 - - [06/Dec/2023:03:28:44 -0500] "GET /BLA/resoluciones/RESOLUCIONES%202023/2637.pdf HTTP/1.1" 200 526048
66.249.66.21 - - [06/Dec/2023:03:28:44 -0500] "GET /BLA/resoluciones/Autos%202008/3286.pdf HTTP/1.1" 200 73871
201.245.192.253 - - [06/Dec/2023:03:28:58 -0500] "POST /kwsrmcab/Wsrmcab  HTTP/1.1" 200 41806
66.249.66.20 - - [06/Dec/2023:03:29:25 -0500] "GET /BLA/resoluciones/RESOLUCIONES%202015/0331.pdf HTTP/1.1" 200 368413
201.245.192.253 - - [06/Dec/2023:03:30:25 -0500] "POST /kwsrmcab/Wsrmcab HTTP/1.1" 200 37546
201.245.192.253 - - [06/Dec/2023:03:30:36 -0500] "POST /kwsrmcab/Wsrmcab HTTP/1.1" 200 36189
172.22.2.4 - - [06/Dec/2023:03:29:10 -0500] "HEAD /BLA/boletinlegal/ HTTP/1.1" 200 -
66.249.66.19 - - [06/Dec/2023:03:31:18 -0500] "GET /BLA/resoluciones/AUTOS%202015/2349.pdf HTTP/1.1" 200 268949
172.22.2.4 - - [06/Dec/2023:03:30:01 -0500] "GET /BLA/boletinlegal/ HTTP/1.1" 200 58294
216.245.221.92 - - [06/Dec/2023:03:33:05 -0500] "HEAD / HTTP/1.1" 200 -
201.245.192.253 - - [06/Dec/2023:03:33:57 -0500] "POST /kwsrmcab/Wsrmcab  HTTP/1.1" 200 41806
195.174.216.36 - - [06/Dec/2023:03:34:00 -0500] "GET /BLA/boletinlegal/admin/index.php HTTP/1.1" 200 2324
66.249.66.20 - - [06/Dec/2023:03:34:00 -0500] "GET /BLA/resoluciones/AUTOS%202017/3491.pdf HTTP/1.1" 200 942904
172.22.2.4 - - [06/Dec/2023:03:35:00 -0500] "HEAD /BLA/boletinlegal/ HTTP/1.1" 200 -
201.245.192.253 - - [06/Dec/2023:03:36:43 -0500] "POST /kwsrmcab/Wsrmcab HTTP/1.1" 200 37546
201.245.192.253 - - [06/Dec/2023:03:36:46 -0500] "POST /kwsrmcab/Wsrmcab HTTP/1.1" 200 36189
172.22.2.4 - - [06/Dec/2023:03:35:51 -0500] "GET /BLA/boletinlegal/ HTTP/1.1" 200 58644
216.245.221.92 - - [06/Dec/2023:03:38:05 -0500] "HEAD / HTTP/1.1" 200 -
52.167.144.235 - - [06/Dec/2023:03:38:34 -0500] "GET /images/reciclaton-agosto-2023.jpg HTTP/1.1" 200 76505
201.245.192.253 - - [06/Dec/2023:03:38:55 -0500] "POST /kwsrmcab/Wsrmcab  HTTP/1.1" 200 41806
66.249.66.20 - - [06/Dec/2023:03:39:17 -0500] "GET /BLA/resoluciones/RESOLUCIONES%202011/6681.pdf HTTP/1.1" 200 592777
201.245.192.253 - - [06/Dec/2023:03:40:25 -0500] "POST /kwsrmcab/Wsrmcab HTTP/1.1" 200 37546
201.245.192.253 - - [06/Dec/2023:03:40:35 -0500] "POST /kwsrmcab/Wsrmcab HTTP/1.1" 200 36189
158.169.40.17 - - [06/Dec/2023:03:40:58 -0500] "HEAD /BLA/resoluciones/RESOLUCIONES%202011/4862.pdf HTTP/1.1" 200 -
66.249.66.20 - - [06/Dec/2023:03:42:09 -0500] "GET /BLA/resoluciones/AUTOS%202015/3179.pdf HTTP/1.1" 200 562745
172.22.2.4 - - [06/Dec/2023:03:40:50 -0500] "HEAD /BLA/boletinlegal/ HTTP/1.1" 200 -
199.16.157.182 - - [06/Dec/2023:03:42:42 -0500] "GET /images/cr%C3%B3nica-29-nov-1_optimized.jpeg HTTP/1.1" 404 1034
216.245.221.92 - - [06/Dec/2023:03:43:05 -0500] "HEAD / HTTP/1.1" 200 -
172.22.2.4 - - [06/Dec/2023:03:41:41 -0500] "GET /BLA/boletinlegal/ HTTP/1.1" 200 60634
201.245.192.253 - - [06/Dec/2023:03:43:54 -0500] "POST /kwsrmcab/Wsrmcab  HTTP/1.1" 200 41806
52.167.144.179 - - [06/Dec/2023:03:47:16 -0500] "GET /BLA/resoluciones/AUTOS%202017/3283.pdf HTTP/1.1" 200 260217
216.245.221.92 - - [06/Dec/2023:03:48:05 -0500] "HEAD / HTTP/1.1" 200 -
172.22.2.4 - - [06/Dec/2023:03:46:40 -0500] "HEAD /BLA/boletinlegal/ HTTP/1.1" 200 -
201.245.192.253 - - [06/Dec/2023:03:48:53 -0500] "POST /kwsrmcab/Wsrmcab  HTTP/1.1" 200 41806
172.22.2.4 - - [06/Dec/2023:03:47:31 -0500] "GET /BLA/boletinlegal/ HTTP/1.1" 200 60634
216.245.221.92 - - [06/Dec/2023:03:53:05 -0500] "HEAD / HTTP/1.1" 200 -
201.245.192.253 - - [06/Dec/2023:03:53:53 -0500] "POST /kwsrmcab/Wsrmcab  HTTP/1.1" 200 41806
172.22.2.4 - - [06/Dec/2023:03:52:30 -0500] "HEAD /BLA/boletinlegal/ HTTP/1.1" 200 -
172.22.2.4 - - [06/Dec/2023:03:53:21 -0500] "GET /BLA/boletinlegal/ HTTP/1.1" 200 61018
40.77.167.78 - - [06/Dec/2023:03:55:41 -0500] "GET /BLA/resoluciones/RESOLUCIONES%202021/0501.pdf HTTP/1.1" 200 935363
66.249.66.21 - - [06/Dec/2023:03:57:27 -0500] "GET /BLA/resoluciones/AUTOS%202014/3924.pdf HTTP/1.1" 200 492470
66.249.66.20 - - [06/Dec/2023:03:57:47 -0500] "GET /BLA/resoluciones/RESOLUCIONES%202007/RES%202007%201301%20AL%201400/RESOLUCION%201306%20DE%202007.pdf HTTP/1.1" 200 211137
216.245.221.92 - - [06/Dec/2023:03:58:05 -0500] "HEAD / HTTP/1.1" 200 -
201.245.192.253 - - [06/Dec/2023:03:58:51 -0500] "POST /kwsrmcab/Wsrmcab  HTTP/1.1" 200 41806
172.22.2.4 - - [06/Dec/2023:03:58:20 -0500] "HEAD /BLA/boletinlegal/ HTTP/1.1" 200 -
94.102.61.10 - - [06/Dec/2023:04:00:09 -0500] "GET / HTTP/1.1" 200 319
172.22.2.4 - - [06/Dec/2023:03:59:11 -0500] "GET /BLA/boletinlegal/ HTTP/1.1" 200 58294
216.245.221.92 - - [06/Dec/2023:04:03:05 -0500] "HEAD / HTTP/1.1" 200 -
201.245.192.253 - - [06/Dec/2023:04:03:49 -0500] "POST /kwsrmcab/Wsrmcab  HTTP/1.1" 200 41806
66.249.66.21 - - [06/Dec/2023:04:03:53 -0500] "GET /BLA/resoluciones/AUTOS%202016/1013.pdf HTTP/1.1" 200 481053
40.77.167.78 - - [06/Dec/2023:04:04:33 -0500] "GET /BLA/resoluciones/AUTOS%202023/2055.pdf HTTP/1.1" 200 402861
52.167.144.192 - - [06/Dec/2023:04:05:36 -0500] "GET /agendate-para-participar-en-las-caminatas-ecologicas-de-febrero.html HTTP/1.1" 200 830
172.22.2.4 - - [06/Dec/2023:04:04:10 -0500] "HEAD /BLA/boletinlegal/ HTTP/1.1" 200 -
52.167.144.180 - - [06/Dec/2023:04:05:58 -0500] "GET /BLA/resoluciones/RESOLUCIONES%202021/1178.pdf HTTP/1.1" 200 631256
172.22.2.4 - - [06/Dec/2023:04:05:01 -0500] "GET /BLA/boletinlegal/ HTTP/1.1" 200 60634
216.245.221.92 - - [06/Dec/2023:04:08:05 -0500] "HEAD / HTTP/1.1" 200 -
201.245.192.253 - - [06/Dec/2023:04:08:47 -0500] "POST /kwsrmcab/Wsrmcab  HTTP/1.1" 200 41806
54.39.177.48 - - [06/Dec/2023:04:09:01 -0500] "GET /conoces-el-indice-bogotano-de-calidad-del-aire-y-riesgo-en-salud-iboca.html HTTP/1.1" 200 805
40.77.167.132 - - [06/Dec/2023:04:10:27 -0500] "GET /dia-nacional-del-arbol-atributos-y-caracteristicas-de-las-especies-representativas-de-bogota.html HTTP/1.1" 200 697
5.255.231.194 - - [06/Dec/2023:04:10:28 -0500] "GET /robots.txt HTTP/1.1" 404 1034
5.255.231.98 - - [06/Dec/2023:04:10:29 -0500] "GET /consulta-y-conoce-los-proyectos-de-resolucion-de-para-los-planes-de-manejo-ambiental-de-cinco-humedales-en-bogota.html HTTP/1.1" 200 971
172.22.2.4 - - [06/Dec/2023:04:10:00 -0500] "HEAD /BLA/boletinlegal/ HTTP/1.1" 200 -
40.77.167.235 - - [06/Dec/2023:04:11:48 -0500] "GET /portaldeninos/?s=2024 HTTP/1.1" 200 85855
172.22.2.4 - - [06/Dec/2023:04:10:51 -0500] "GET /BLA/boletinlegal/ HTTP/1.1" 200 60634
216.245.221.92 - - [06/Dec/2023:04:13:05 -0500] "HEAD / HTTP/1.1" 200 -
201.245.192.253 - - [06/Dec/2023:04:13:46 -0500] "POST /kwsrmcab/Wsrmcab  HTTP/1.1" 200 41806
199.16.157.181 - - [06/Dec/2023:04:15:23 -0500] "GET /images/Acuerdos%2001%20(1)%20(1).jpeg HTTP/1.1" 200 32884
201.245.192.253 - - [06/Dec/2023:04:16:43 -0500] "POST /kwsrmcab/Wsrmcab HTTP/1.1" 200 37699
201.245.192.253 - - [06/Dec/2023:04:16:46 -0500] "POST /kwsrmcab/Wsrmcab HTTP/1.1" 200 36190
172.22.2.4 - - [06/Dec/2023:04:15:50 -0500] "HEAD /BLA/boletinlegal/ HTTP/1.1" 200 -
181.61.157.160 - - [06/Dec/2023:04:17:37 -0500] "POST /sipse/faces/presentacion/financiero/solicitudProceso/consultarSolicitudProceso.xhtml HTTP/1.1" 302 -
181.61.157.160 - - [06/Dec/2023:04:17:37 -0500] "GET /sipse/faces/autenticacion.xhtml HTTP/1.1" 200 12417
181.61.157.160 - - [06/Dec/2023:04:17:37 -0500] "GET /sipse/faces/javax.faces.resource/theme.css?ln=primefaces-sipse HTTP/1.1" 304 -
181.61.157.160 - - [06/Dec/2023:04:17:37 -0500] "GET /sipse/faces/javax.faces.resource/layout/layout.css?ln=primefaces&v=4.0 HTTP/1.1" 304 -
181.61.157.160 - - [06/Dec/2023:04:17:37 -0500] "GET /sipse/faces/javax.faces.resource/primefaces.css?ln=primefaces&v=4.0 HTTP/1.1" 304 -
181.61.157.160 - - [06/Dec/2023:04:17:37 -0500] "GET /sipse/faces/javax.faces.resource/jquery/jquery.js?ln=primefaces&v=4.0 HTTP/1.1" 304 -
181.61.157.160 - - [06/Dec/2023:04:17:37 -0500] "GET /sipse/faces/javax.faces.resource/layout/layout.js?ln=primefaces&v=4.0 HTTP/1.1" 304 -
181.61.157.160 - - [06/Dec/2023:04:17:37 -0500] "GET /sipse/faces/javax.faces.resource/primefaces.js?ln=primefaces&v=4.0 HTTP/1.1" 304 -
181.61.157.160 - - [06/Dec/2023:04:17:37 -0500] "GET /sipse/faces/javax.faces.resource/jquery/jquery-plugins.js?ln=primefaces&v=4.0 HTTP/1.1" 304 -
181.61.157.160 - - [06/Dec/2023:04:17:37 -0500] "GET /sipse/faces/javax.faces.resource/images/ui-icons_898989_256x240.png?ln=primefaces-aristo HTTP/1.1" 304 -
181.61.157.160 - - [06/Dec/2023:04:17:40 -0500] "POST /sipse/faces/autenticacion.xhtml HTTP/1.1" 200 16289
181.61.157.160 - - [06/Dec/2023:04:17:40 -0500] "GET /sipse/faces/javax.faces.resource/theme.css?ln=primefaces-sipse HTTP/1.1" 304 -
181.61.157.160 - - [06/Dec/2023:04:17:40 -0500] "GET /sipse/faces/javax.faces.resource/layout/layout.css?ln=primefaces&v=4.0 HTTP/1.1" 304 -
181.61.157.160 - - [06/Dec/2023:04:17:40 -0500] "GET /sipse/faces/javax.faces.resource/primefaces.css?ln=primefaces&v=4.0 HTTP/1.1" 304 -
181.61.157.160 - - [06/Dec/2023:04:17:40 -0500] "GET /sipse/faces/javax.faces.resource/jquery/jquery.js?ln=primefaces&v=4.0 HTTP/1.1" 304 -
181.61.157.160 - - [06/Dec/2023:04:17:40 -0500] "GET /sipse/faces/javax.faces.resource/jquery/jquery-plugins.js?ln=primefaces&v=4.0 HTTP/1.1" 304 -
181.61.157.160 - - [06/Dec/2023:04:17:40 -0500] "GET /sipse/faces/javax.faces.resource/primefaces.js?ln=primefaces&v=4.0 HTTP/1.1" 304 -
181.61.157.160 - - [06/Dec/2023:04:17:40 -0500] "GET /sipse/faces/javax.faces.resource/layout/layout.js?ln=primefaces&v=4.0 HTTP/1.1" 304 -
181.61.157.160 - - [06/Dec/2023:04:17:40 -0500] "GET /sipse/css/imagen/contrasena.png HTTP/1.1" 404 383
181.61.157.160 - - [06/Dec/2023:04:17:40 -0500] "GET /sipse/faces/javax.faces.resource/messages/messages.png?ln=primefaces&v=4.0 HTTP/1.1" 304 -
181.61.157.160 - - [06/Dec/2023:04:17:42 -0500] "GET /sipse/faces/javax.faces.resource/images/ui-bg_flat_0_2d5972_40x100.png?ln=primefaces-aristo HTTP/1.1" 304 -
181.61.157.160 - - [06/Dec/2023:04:17:42 -0500] "POST /sipse/faces/bienvenido.xhtml HTTP/1.1" 200 1471
40.77.167.132 - - [06/Dec/2023:04:17:43 -0500] "GET /BLA/resoluciones/RESOLUCIONES%202007/RES%202007%20701%20AL%20800/RESOLUCION%200781%20DE%202007.pdf HTTP/1.1" 200 779099
181.61.157.160 - - [06/Dec/2023:04:17:43 -0500] "POST /sipse/faces/bienvenido.xhtml HTTP/1.1" 200 61852
181.61.157.160 - - [06/Dec/2023:04:17:43 -0500] "GET /sipse/faces/javax.faces.resource/theme.css?ln=primefaces-sipse HTTP/1.1" 304 -
181.61.157.160 - - [06/Dec/2023:04:17:43 -0500] "GET /sipse/faces/javax.faces.resource/primefaces.css?ln=primefaces&v=4.0 HTTP/1.1" 304 -
181.61.157.160 - - [06/Dec/2023:04:17:43 -0500] "GET /sipse/faces/javax.faces.resource/layout/layout.css?ln=primefaces&v=4.0 HTTP/1.1" 304 -
181.61.157.160 - - [06/Dec/2023:04:17:43 -0500] "GET /sipse/faces/javax.faces.resource/jquery/jquery.js?ln=primefaces&v=4.0 HTTP/1.1" 304 -
181.61.157.160 - - [06/Dec/2023:04:17:43 -0500] "GET /sipse/faces/javax.faces.resource/jquery/jquery-plugins.js?ln=primefaces&v=4.0 HTTP/1.1" 304 -
181.61.157.160 - - [06/Dec/2023:04:17:43 -0500] "GET /sipse/faces/javax.faces.resource/primefaces.js?ln=primefaces&v=4.0 HTTP/1.1" 304 -
181.61.157.160 - - [06/Dec/2023:04:17:43 -0500] "GET /sipse/faces/javax.faces.resource/layout/layout.js?ln=primefaces&v=4.0 HTTP/1.1" 304 -
181.61.157.160 - - [06/Dec/2023:04:17:44 -0500] "POST /sipse/faces/presentacion/financiero/solicitudProceso/listarSolicitudProceso.xhtml HTTP/1.1" 200 1564
181.61.157.160 - - [06/Dec/2023:04:17:47 -0500] "POST /sipse/faces/presentacion/financiero/solicitudProceso/listarSolicitudProceso.xhtml HTTP/1.1" 200 10742
181.61.157.160 - - [06/Dec/2023:04:17:50 -0500] "POST /sipse/faces/presentacion/financiero/solicitudProceso/listarSolicitudProceso.xhtml HTTP/1.1" 200 31784
216.245.221.92 - - [06/Dec/2023:04:18:05 -0500] "HEAD / HTTP/1.1" 200 -
181.61.157.160 - - [06/Dec/2023:04:18:08 -0500] "POST /sipse/faces/presentacion/financiero/solicitudProceso/listarSolicitudProceso.xhtml HTTP/1.1" 200 121740
181.61.157.160 - - [06/Dec/2023:04:18:09 -0500] "GET /sipse/faces/javax.faces.resource/theme.css?ln=primefaces-sipse HTTP/1.1" 304 -
181.61.157.160 - - [06/Dec/2023:04:18:09 -0500] "GET /sipse/faces/javax.faces.resource/primefaces.css?ln=primefaces&v=4.0 HTTP/1.1" 304 -
181.61.157.160 - - [06/Dec/2023:04:18:09 -0500] "GET /sipse/faces/javax.faces.resource/layout/layout.css?ln=primefaces&v=4.0 HTTP/1.1" 304 -
181.61.157.160 - - [06/Dec/2023:04:18:09 -0500] "GET /sipse/faces/javax.faces.resource/jquery/jquery.js?ln=primefaces&v=4.0 HTTP/1.1" 304 -
181.61.157.160 - - [06/Dec/2023:04:18:09 -0500] "GET /sipse/faces/javax.faces.resource/jquery/jquery-plugins.js?ln=primefaces&v=4.0 HTTP/1.1" 304 -
181.61.157.160 - - [06/Dec/2023:04:18:09 -0500] "GET /sipse/faces/javax.faces.resource/primefaces.js?ln=primefaces&v=4.0 HTTP/1.1" 304 -
181.61.157.160 - - [06/Dec/2023:04:18:09 -0500] "GET /sipse/faces/javax.faces.resource/layout/layout.js?ln=primefaces&v=4.0 HTTP/1.1" 304 -
181.61.157.160 - - [06/Dec/2023:04:18:10 -0500] "GET /sipse/faces/javax.faces.resource/dynamiccontent.properties?ln=primefaces&pfdrid=XjOR5%2F%2FfPAZAuY9TpWQeCiM0BhlXxYRBGKi%2FQcXXfeA%3D&pfdrid_c=false HTTP/1.1" 500 383
181.61.157.160 - - [06/Dec/2023:04:18:15 -0500] "POST /sipse/faces/presentacion/financiero/solicitudProceso/consultarSolicitudProceso.xhtml HTTP/1.1" 200 817743
172.22.2.4 - - [06/Dec/2023:04:16:41 -0500] "GET /BLA/boletinlegal/ HTTP/1.1" 200 58644
201.245.192.253 - - [06/Dec/2023:04:18:45 -0500] "POST /kwsrmcab/Wsrmcab  HTTP/1.1" 200 41806
181.61.157.160 - - [06/Dec/2023:04:19:51 -0500] "POST /sipse/faces/presentacion/financiero/solicitudProceso/consultarSolicitudProceso.xhtml HTTP/1.1" 200 5461
181.61.157.160 - - [06/Dec/2023:04:19:51 -0500] "GET /sipse/faces/javax.faces.resource/dynamiccontent.properties?ln=primefaces&pfdrid=XjOR5%2F%2FfPAZAuY9TpWQeCiM0BhlXxYRBGKi%2FQcXXfeA%3D&pfdrid_c=false HTTP/1.1" 200 117380
66.249.66.20 - - [06/Dec/2023:04:19:52 -0500] "GET /BLA/resoluciones/AUTOS%202015/5463.pdf HTTP/1.1" 200 611187
201.245.192.253 - - [06/Dec/2023:04:20:25 -0500] "POST /kwsrmcab/Wsrmcab HTTP/1.1" 200 37699
201.245.192.253 - - [06/Dec/2023:04:20:36 -0500] "POST /kwsrmcab/Wsrmcab HTTP/1.1" 200 36190
31.7.58.42 - - [06/Dec/2023:04:21:12 -0500] "POST /boaform/admin/formLogin HTTP/1.1" 404 1186
66.249.66.20 - - [06/Dec/2023:04:21:45 -0500] "GET /BLA/resoluciones/RESOLUCIONES%202010/6040.pdf HTTP/1.1" 200 42310
222.79.104.23 - - [06/Dec/2023:04:22:25 -0500] "GET / HTTP/1.1" 200 319
216.245.221.92 - - [06/Dec/2023:04:23:05 -0500] "HEAD / HTTP/1.1" 200 -
172.22.2.4 - - [06/Dec/2023:04:22:12 -0500] "GET /BLA/boletinlegal/ HTTP/1.1" 200 24523
172.22.2.4 - - [06/Dec/2023:04:21:40 -0500] "HEAD /BLA/boletinlegal/ HTTP/1.1" 200 -
66.249.66.77 - - [06/Dec/2023:04:23:44 -0500] "GET /portaldeninos/2021/06/20/mas-de-130-arboles-fueron-plantados-en-el-humedal-la-conejera-con-comunidad-educativa/ HTTP/1.1" 200 107808
201.245.192.253 - - [06/Dec/2023:04:23:44 -0500] "POST /kwsrmcab/Wsrmcab  HTTP/1.1" 200 41806
66.249.66.76 - - [06/Dec/2023:04:23:47 -0500] "GET /portaldeninos/wp-content/plugins/gallery-videos/CSS/Total-Soft-Gallery-Video-Widget.css?ver=4.9.8 HTTP/1.1" 200 51554
66.249.66.75 - - [06/Dec/2023:04:23:48 -0500] "GET /portaldeninos/wp-content/plugins/gallery-videos/JS/Total-Soft-Gallery-Video-Widget.js?ver=4.9.8 HTTP/1.1" 200 80264
66.249.66.76 - - [06/Dec/2023:04:23:49 -0500] "GET /portaldeninos/wp-content/themes/betheme/assets/jplayer/css/jplayer.blue.monday.css?ver=20.9.6 HTTP/1.1" 200 9834
66.249.66.76 - - [06/Dec/2023:04:23:50 -0500] "GET /portaldeninos/wp-content/uploads/useanyfont/uaf.css?ver=1589905315 HTTP/1.1" 200 408
172.22.2.4 - - [06/Dec/2023:04:22:31 -0500] "GET /BLA/boletinlegal/ HTTP/1.1" 200 55050
201.245.192.253 - - [06/Dec/2023:04:26:43 -0500] "POST /kwsrmcab/Wsrmcab HTTP/1.1" 200 37699
201.245.192.253 - - [06/Dec/2023:04:26:46 -0500] "POST /kwsrmcab/Wsrmcab HTTP/1.1" 200 36190
181.61.157.160 - - [06/Dec/2023:04:27:04 -0500] "POST /sipse/faces/presentacion/financiero/solicitudProceso/consultarSolicitudProceso.xhtml HTTP/1.1" 200 61852
181.61.157.160 - - [06/Dec/2023:04:27:04 -0500] "GET /sipse/faces/javax.faces.resource/theme.css?ln=primefaces-sipse HTTP/1.1" 304 -
181.61.157.160 - - [06/Dec/2023:04:27:04 -0500] "GET /sipse/faces/javax.faces.resource/primefaces.css?ln=primefaces&v=4.0 HTTP/1.1" 304 -
181.61.157.160 - - [06/Dec/2023:04:27:04 -0500] "GET /sipse/faces/javax.faces.resource/layout/layout.css?ln=primefaces&v=4.0 HTTP/1.1" 304 -
181.61.157.160 - - [06/Dec/2023:04:27:04 -0500] "GET /sipse/faces/javax.faces.resource/jquery/jquery.js?ln=primefaces&v=4.0 HTTP/1.1" 304 -
181.61.157.160 - - [06/Dec/2023:04:27:05 -0500] "GET /sipse/faces/javax.faces.resource/jquery/jquery-plugins.js?ln=primefaces&v=4.0 HTTP/1.1" 304 -
181.61.157.160 - - [06/Dec/2023:04:27:05 -0500] "GET /sipse/faces/javax.faces.resource/primefaces.js?ln=primefaces&v=4.0 HTTP/1.1" 304 -
181.61.157.160 - - [06/Dec/2023:04:27:05 -0500] "GET /sipse/faces/javax.faces.resource/layout/layout.js?ln=primefaces&v=4.0 HTTP/1.1" 304 -
181.61.157.160 - - [06/Dec/2023:04:27:05 -0500] "POST /sipse/faces/presentacion/financiero/solicitudProceso/listarSolicitudProceso.xhtml HTTP/1.1" 200 55121
181.61.157.160 - - [06/Dec/2023:04:27:05 -0500] "POST /sipse/faces/presentacion/financiero/solicitudProceso/listarSolicitudProceso.xhtml HTTP/1.1" 200 55121
181.61.157.160 - - [06/Dec/2023:04:27:05 -0500] "POST /sipse/faces/presentacion/financiero/solicitudProceso/listarSolicitudProceso.xhtml HTTP/1.1" 200 1564
181.61.157.160 - - [06/Dec/2023:04:27:06 -0500] "POST /sipse/faces/presentacion/financiero/solicitudProceso/listarSolicitudProceso.xhtml HTTP/1.1" 200 1560
181.61.157.160 - - [06/Dec/2023:04:27:06 -0500] "POST /sipse/faces/presentacion/financiero/solicitudProceso/listarSolicitudProceso.xhtml HTTP/1.1" 200 1568
181.61.157.160 - - [06/Dec/2023:04:27:19 -0500] "POST /sipse/faces/presentacion/financiero/solicitudProceso/listarSolicitudProceso.xhtml HTTP/1.1" 200 121807
181.61.157.160 - - [06/Dec/2023:04:27:20 -0500] "GET /sipse/faces/javax.faces.resource/theme.css?ln=primefaces-sipse HTTP/1.1" 304 -
181.61.157.160 - - [06/Dec/2023:04:27:20 -0500] "GET /sipse/faces/javax.faces.resource/primefaces.css?ln=primefaces&v=4.0 HTTP/1.1" 304 -
181.61.157.160 - - [06/Dec/2023:04:27:20 -0500] "GET /sipse/faces/javax.faces.resource/layout/layout.css?ln=primefaces&v=4.0 HTTP/1.1" 304 -
181.61.157.160 - - [06/Dec/2023:04:27:20 -0500] "GET /sipse/faces/javax.faces.resource/jquery/jquery.js?ln=primefaces&v=4.0 HTTP/1.1" 304 -
181.61.157.160 - - [06/Dec/2023:04:27:20 -0500] "GET /sipse/faces/javax.faces.resource/jquery/jquery-plugins.js?ln=primefaces&v=4.0 HTTP/1.1" 304 -
181.61.157.160 - - [06/Dec/2023:04:27:20 -0500] "GET /sipse/faces/javax.faces.resource/primefaces.js?ln=primefaces&v=4.0 HTTP/1.1" 304 -
181.61.157.160 - - [06/Dec/2023:04:27:21 -0500] "GET /sipse/faces/javax.faces.resource/layout/layout.js?ln=primefaces&v=4.0 HTTP/1.1" 304 -
181.61.157.160 - - [06/Dec/2023:04:27:21 -0500] "GET /sipse/faces/javax.faces.resource/dynamiccontent.properties?ln=primefaces&pfdrid=XjOR5%2F%2FfPAZAuY9TpWQeCiM0BhlXxYRBGKi%2FQcXXfeA%3D&pfdrid_c=false HTTP/1.1" 500 383
181.61.157.160 - - [06/Dec/2023:04:27:33 -0500] "POST /sipse/faces/presentacion/financiero/solicitudProceso/consultarSolicitudProceso.xhtml HTTP/1.1" 200 1141319
66.249.66.21 - - [06/Dec/2023:04:27:35 -0500] "GET /BLA/resoluciones/RESOLUCIONES%202017/2500.pdf HTTP/1.1" 200 855041
181.61.157.160 - - [06/Dec/2023:04:27:48 -0500] "POST /sipse/faces/presentacion/financiero/solicitudProceso/consultarSolicitudProceso.xhtml HTTP/1.1" 200 115572
216.245.221.92 - - [06/Dec/2023:04:28:05 -0500] "HEAD / HTTP/1.1" 200 -
201.245.192.253 - - [06/Dec/2023:04:28:43 -0500] "POST /kwsrmcab/Wsrmcab  HTTP/1.1" 200 41806
181.61.157.160 - - [06/Dec/2023:04:29:06 -0500] "POST /sipse/faces/presentacion/financiero/solicitudProceso/consultarSolicitudProceso.xhtml HTTP/1.1" 200 2154803
181.61.157.160 - - [06/Dec/2023:04:29:09 -0500] "POST /sipse/faces/presentacion/financiero/solicitudProceso/consultarSolicitudProceso.xhtml HTTP/1.1" 200 200693
172.22.2.4 - - [06/Dec/2023:04:27:30 -0500] "HEAD /BLA/boletinlegal/ HTTP/1.1" 200 -
40.77.167.136 - - [06/Dec/2023:04:29:40 -0500] "GET /Publicaciones/2023EE230699.pdf HTTP/1.1" 404 228
172.22.2.4 - - [06/Dec/2023:04:28:21 -0500] "GET /BLA/boletinlegal/ HTTP/1.1" 200 58644
201.245.192.253 - - [06/Dec/2023:04:30:25 -0500] "POST /kwsrmcab/Wsrmcab HTTP/1.1" 200 37699
181.61.157.160 - - [06/Dec/2023:04:30:29 -0500] "POST /sipse/faces/presentacion/financiero/solicitudProceso/consultarSolicitudProceso.xhtml HTTP/1.1" 200 5461
181.61.157.160 - - [06/Dec/2023:04:30:29 -0500] "GET /sipse/faces/javax.faces.resource/dynamiccontent.properties?ln=primefaces&pfdrid=XjOR5%2F%2FfPAZAuY9TpWQeCiM0BhlXxYRBGKi%2FQcXXfeA%3D&pfdrid_c=false HTTP/1.1" 200 117410
201.245.192.253 - - [06/Dec/2023:04:30:35 -0500] "POST /kwsrmcab/Wsrmcab HTTP/1.1" 200 36190
216.245.221.92 - - [06/Dec/2023:04:33:05 -0500] "HEAD / HTTP/1.1" 200 -
201.245.192.253 - - [06/Dec/2023:04:33:41 -0500] "POST /kwsrmcab/Wsrmcab  HTTP/1.1" 200 41806
87.250.224.6 - - [06/Dec/2023:04:33:57 -0500] "GET /consulta-y-conoce-los-proyectos-de-resolucion-de-para-los-planes-de-manejo-ambiental-de-cinco-humedales-en-bogota.html HTTP/1.1" 200 971
49.7.21.126 - - [06/Dec/2023:04:34:40 -0500] "GET / HTTP/1.1" 200 319
172.22.2.4 - - [06/Dec/2023:04:33:20 -0500] "HEAD /BLA/boletinlegal/ HTTP/1.1" 200 -
172.22.2.4 - - [06/Dec/2023:04:34:11 -0500] "GET /BLA/boletinlegal/ HTTP/1.1" 200 58294
201.245.192.253 - - [06/Dec/2023:04:36:43 -0500] "POST /kwsrmcab/Wsrmcab HTTP/1.1" 200 37699
201.245.192.253 - - [06/Dec/2023:04:36:46 -0500] "POST /kwsrmcab/Wsrmcab HTTP/1.1" 200 36190
66.249.66.19 - - [06/Dec/2023:04:37:44 -0500] "GET /Publicaciones/2023EE275505.pdf HTTP/1.1" 404 228
216.245.221.92 - - [06/Dec/2023:04:38:05 -0500] "HEAD / HTTP/1.1" 200 -
201.245.192.253 - - [06/Dec/2023:04:38:39 -0500] "POST /kwsrmcab/Wsrmcab  HTTP/1.1" 200 41806
201.245.192.253 - - [06/Dec/2023:04:40:25 -0500] "POST /kwsrmcab/Wsrmcab HTTP/1.1" 200 37699
66.249.66.21 - - [06/Dec/2023:04:40:37 -0500] "GET /BLA/resoluciones/RESOLUCIONES%202009/8035.pdf HTTP/1.1" 200 419672
201.245.192.253 - - [06/Dec/2023:04:40:36 -0500] "POST /kwsrmcab/Wsrmcab HTTP/1.1" 200 36190
172.22.2.4 - - [06/Dec/2023:04:39:10 -0500] "HEAD /BLA/boletinlegal/ HTTP/1.1" 200 -
172.22.2.4 - - [06/Dec/2023:04:40:01 -0500] "GET /BLA/boletinlegal/ HTTP/1.1" 200 58644
172.22.2.4 - - [06/Dec/2023:04:42:21 -0500] "GET /BLA/boletinlegal/robots.txt HTTP/1.1" 404 1038
172.22.2.4 - - [06/Dec/2023:04:42:21 -0500] "GET /BLA/boletinlegal/jurisprudencia/analisis/CUADRO%20ANALISIS%20SENTENCIA%20T-411%20DE%201992.doc HTTP/1.1" 304 -
216.245.221.92 - - [06/Dec/2023:04:43:05 -0500] "HEAD / HTTP/1.1" 200 -
201.245.192.253 - - [06/Dec/2023:04:43:38 -0500] "POST /kwsrmcab/Wsrmcab  HTTP/1.1" 200 41806
172.22.2.4 - - [06/Dec/2023:04:44:18 -0500] "GET /BLA/boletinlegal/robots.txt HTTP/1.1" 404 1037
172.22.2.4 - - [06/Dec/2023:04:44:19 -0500] "GET /BLA/boletinlegal/Directivas/2016/Directiva%20No.%2003%20del%2026%20de%20Julio%20de%202016.pdf HTTP/1.1" 304 -
181.61.157.160 - - [06/Dec/2023:04:45:46 -0500] "POST /sipse/faces/presentacion/financiero/solicitudProceso/consultarSolicitudProceso.xhtml HTTP/1.1" 200 115746
172.22.2.4 - - [06/Dec/2023:04:45:00 -0500] "HEAD /BLA/boletinlegal/ HTTP/1.1" 200 -
66.249.66.20 - - [06/Dec/2023:04:47:25 -0500] "GET /BLA/resoluciones/RESOLUCIONES%202007/RES%202007%202201%20AL%202300/RESOLUCION%202222%20DE%202007.pdf HTTP/1.1" 200 1645105
172.22.2.4 - - [06/Dec/2023:04:45:51 -0500] "GET /BLA/boletinlegal/ HTTP/1.1" 200 58294
216.245.221.92 - - [06/Dec/2023:04:48:05 -0500] "HEAD / HTTP/1.1" 200 -
66.249.66.19 - - [06/Dec/2023:04:48:32 -0500] "GET /BLA/resoluciones/RESOLUCIONES%202009/7859.pdf HTTP/1.1" 200 409544
201.245.192.253 - - [06/Dec/2023:04:48:37 -0500] "POST /kwsrmcab/Wsrmcab  HTTP/1.1" 200 41806
66.249.66.21 - - [06/Dec/2023:04:48:49 -0500] "GET /BLA/resoluciones/AUTOS%202014/5000.pdf HTTP/1.1" 200 588006
66.249.66.19 - - [06/Dec/2023:04:49:02 -0500] "GET /BLA/resoluciones/RESOLUCIONES%202014/1356.pdf HTTP/1.1" 200 365140
168.119.252.253 - - [06/Dec/2023:04:49:36 -0500] "GET / HTTP/1.1" 200 319
168.119.252.253 - - [06/Dec/2023:04:49:39 -0500] "GET / HTTP/1.1" 200 4720
152.61.128.50 - - [06/Dec/2023:04:50:21 -0500] "GET /arcgis/services/Calidad_del_Agua_WQI/MapServer/WMSServer?request=GetCapabilities&service=WMS HTTP/1.1" 503 1020
152.61.128.50 - - [06/Dec/2023:04:50:23 -0500] "GET /arcgis/services/Calidad_del_Agua_WQI/MapServer/WMSServer?SERVICE=WMS&REQUEST=GetCapabilities HTTP/1.1" 503 1020
152.61.128.50 - - [06/Dec/2023:04:50:23 -0500] "GET /arcgis/services/Calidad_del_Agua_WQI/MapServer/WMSServer?WMTVER=1.0.0&REQUEST=capabilities HTTP/1.1" 503 1020
172.22.2.4 - - [06/Dec/2023:04:51:01 -0500] "GET /BLA/boletinlegal/jurisprudencia.php HTTP/1.1" 200 17583
66.249.66.19 - - [06/Dec/2023:04:51:24 -0500] "GET /BLA/resoluciones/AUTOS%202012/0748.pdf HTTP/1.1" 200 151372
172.22.2.4 - - [06/Dec/2023:04:51:31 -0500] "GET /BLA/boletinlegal/js/jquery1.js HTTP/1.1" 200 29846
172.22.2.4 - - [06/Dec/2023:04:51:31 -0500] "GET /BLA/boletinlegal/js/popup.js HTTP/1.1" 200 1270
172.22.2.4 - - [06/Dec/2023:04:51:35 -0500] "GET /BLA/boletinlegal/js/lib.js HTTP/1.1" 200 6474
66.249.66.20 - - [06/Dec/2023:04:51:40 -0500] "GET /BLA/resoluciones/RESOLUCIONES%202007/RES%202007%203801%20AL%203900/RESOLUCION%203886%20DE%202007.pdf HTTP/1.1" 200 668358
40.77.167.68 - - [06/Dec/2023:04:51:46 -0500] "GET /BLA/resoluciones/RESOLUCIONES%202023/2488.pdf HTTP/1.1" 200 319212
172.22.2.4 - - [06/Dec/2023:04:50:50 -0500] "HEAD /BLA/boletinlegal/ HTTP/1.1" 200 -
216.245.221.92 - - [06/Dec/2023:04:53:05 -0500] "HEAD / HTTP/1.1" 200 -
40.77.167.143 - - [06/Dec/2023:04:53:20 -0500] "GET /portaldeninos/wp-content/uploads/2019/09/Introducci%C3%B3n-%C3%A1rboles.jpg HTTP/1.1" 200 264318
172.22.2.4 - - [06/Dec/2023:04:51:41 -0500] "GET /BLA/boletinlegal/ HTTP/1.1" 200 58294
201.245.192.253 - - [06/Dec/2023:04:53:36 -0500] "POST /kwsrmcab/Wsrmcab  HTTP/1.1" 200 41806
172.22.2.4 - - [06/Dec/2023:04:55:35 -0500] "GET /BLA/boletinlegal/conceptos/2020/46.pdf HTTP/1.1" 200 350199
181.61.157.160 - - [06/Dec/2023:04:56:17 -0500] "POST /sipse/faces/presentacion/financiero/solicitudProceso/consultarSolicitudProceso.xhtml HTTP/1.1" 200 61852
181.61.157.160 - - [06/Dec/2023:04:56:17 -0500] "GET /sipse/faces/javax.faces.resource/theme.css?ln=primefaces-sipse HTTP/1.1" 304 -
181.61.157.160 - - [06/Dec/2023:04:56:18 -0500] "GET /sipse/faces/javax.faces.resource/layout/layout.css?ln=primefaces&v=4.0 HTTP/1.1" 304 -
181.61.157.160 - - [06/Dec/2023:04:56:18 -0500] "GET /sipse/faces/javax.faces.resource/primefaces.css?ln=primefaces&v=4.0 HTTP/1.1" 304 -
181.61.157.160 - - [06/Dec/2023:04:56:18 -0500] "GET /sipse/faces/javax.faces.resource/jquery/jquery.js?ln=primefaces&v=4.0 HTTP/1.1" 304 -
181.61.157.160 - - [06/Dec/2023:04:56:18 -0500] "GET /sipse/faces/javax.faces.resource/jquery/jquery-plugins.js?ln=primefaces&v=4.0 HTTP/1.1" 304 -
181.61.157.160 - - [06/Dec/2023:04:56:18 -0500] "GET /sipse/css/imagen/contrasena.png HTTP/1.1" 404 383
181.61.157.160 - - [06/Dec/2023:04:56:18 -0500] "GET /sipse/faces/javax.faces.resource/primefaces.js?ln=primefaces&v=4.0 HTTP/1.1" 304 -
181.61.157.160 - - [06/Dec/2023:04:56:18 -0500] "GET /sipse/faces/javax.faces.resource/layout/layout.js?ln=primefaces&v=4.0 HTTP/1.1" 304 -
181.61.157.160 - - [06/Dec/2023:04:56:18 -0500] "POST /sipse/faces/presentacion/financiero/solicitudProceso/listarSolicitudProceso.xhtml HTTP/1.1" 200 55121
181.61.157.160 - - [06/Dec/2023:04:56:18 -0500] "POST /sipse/faces/presentacion/financiero/solicitudProceso/listarSolicitudProceso.xhtml HTTP/1.1" 200 55121
181.61.157.160 - - [06/Dec/2023:04:56:18 -0500] "POST /sipse/faces/presentacion/financiero/solicitudProceso/listarSolicitudProceso.xhtml HTTP/1.1" 200 55121
181.61.157.160 - - [06/Dec/2023:04:56:19 -0500] "POST /sipse/faces/presentacion/financiero/solicitudProceso/listarSolicitudProceso.xhtml HTTP/1.1" 200 55121
181.61.157.160 - - [06/Dec/2023:04:56:19 -0500] "POST /sipse/faces/presentacion/financiero/solicitudProceso/listarSolicitudProceso.xhtml HTTP/1.1" 200 1564
181.61.157.160 - - [06/Dec/2023:04:56:19 -0500] "POST /sipse/faces/presentacion/financiero/solicitudProceso/listarSolicitudProceso.xhtml HTTP/1.1" 200 1560
181.61.157.160 - - [06/Dec/2023:04:56:20 -0500] "POST /sipse/faces/presentacion/financiero/solicitudProceso/listarSolicitudProceso.xhtml HTTP/1.1" 200 1568
181.61.157.160 - - [06/Dec/2023:04:56:20 -0500] "POST /sipse/faces/presentacion/financiero/solicitudProceso/listarSolicitudProceso.xhtml HTTP/1.1" 200 1560
181.61.157.160 - - [06/Dec/2023:04:56:20 -0500] "POST /sipse/faces/presentacion/financiero/solicitudProceso/listarSolicitudProceso.xhtml HTTP/1.1" 200 1568
181.61.157.160 - - [06/Dec/2023:04:56:26 -0500] "POST /sipse/faces/presentacion/financiero/solicitudProceso/listarSolicitudProceso.xhtml HTTP/1.1" 200 10742
66.249.66.20 - - [06/Dec/2023:04:56:36 -0500] "GET /BLA/resoluciones/RESOLUCIONES%202015/3057.pdf HTTP/1.1" 200 536223
216.245.221.92 - - [06/Dec/2023:04:58:05 -0500] "HEAD / HTTP/1.1" 200 -
181.61.157.160 - - [06/Dec/2023:04:58:08 -0500] "POST /sipse/faces/presentacion/financiero/solicitudProceso/listarSolicitudProceso.xhtml HTTP/1.1" 200 116217
181.61.157.160 - - [06/Dec/2023:04:58:09 -0500] "GET /sipse/faces/javax.faces.resource/theme.css?ln=primefaces-sipse HTTP/1.1" 304 -
181.61.157.160 - - [06/Dec/2023:04:58:09 -0500] "GET /sipse/faces/javax.faces.resource/layout/layout.css?ln=primefaces&v=4.0 HTTP/1.1" 304 -
181.61.157.160 - - [06/Dec/2023:04:58:09 -0500] "GET /sipse/faces/javax.faces.resource/primefaces.css?ln=primefaces&v=4.0 HTTP/1.1" 304 -
181.61.157.160 - - [06/Dec/2023:04:58:09 -0500] "GET /sipse/faces/javax.faces.resource/jquery/jquery.js?ln=primefaces&v=4.0 HTTP/1.1" 304 -
181.61.157.160 - - [06/Dec/2023:04:58:09 -0500] "GET /sipse/faces/javax.faces.resource/jquery/jquery-plugins.js?ln=primefaces&v=4.0 HTTP/1.1" 304 -
181.61.157.160 - - [06/Dec/2023:04:58:09 -0500] "GET /sipse/faces/javax.faces.resource/primefaces.js?ln=primefaces&v=4.0 HTTP/1.1" 304 -
181.61.157.160 - - [06/Dec/2023:04:58:09 -0500] "GET /sipse/faces/javax.faces.resource/layout/layout.js?ln=primefaces&v=4.0 HTTP/1.1" 304 -
181.61.157.160 - - [06/Dec/2023:04:58:09 -0500] "GET /sipse/css/imagen/contrasena.png HTTP/1.1" 404 383
181.61.157.160 - - [06/Dec/2023:04:58:09 -0500] "GET /sipse/faces/javax.faces.resource/dynamiccontent.properties?ln=primefaces&pfdrid=XjOR5%2F%2FfPAZAuY9TpWQeCiM0BhlXxYRBGKi%2FQcXXfeA%3D&pfdrid_c=false HTTP/1.1" 500 383
172.22.2.4 - - [06/Dec/2023:04:56:40 -0500] "HEAD /BLA/boletinlegal/ HTTP/1.1" 200 -
181.61.157.160 - - [06/Dec/2023:04:58:21 -0500] "POST /sipse/faces/presentacion/financiero/solicitudProceso/consultarSolicitudProceso.xhtml HTTP/1.1" 200 166338
201.245.192.253 - - [06/Dec/2023:04:58:35 -0500] "POST /kwsrmcab/Wsrmcab  HTTP/1.1" 200 41806
172.22.2.4 - - [06/Dec/2023:04:57:31 -0500] "GET /BLA/boletinlegal/ HTTP/1.1" 200 60634
172.22.2.4 - - [06/Dec/2023:05:00:42 -0500] "GET /BLA/boletinlegal/Circulares/2022/CIRCULAR%20No.%2000004%20DEL%2019%20DE%20MAYO%20DEL%202022.pdf HTTP/1.1" 304 -
66.249.66.20 - - [06/Dec/2023:05:01:04 -0500] "GET /BLA/resoluciones/RESOLUCIONES%202015/2146.pdf HTTP/1.1" 200 469170
66.220.149.13 - - [06/Dec/2023:05:02:53 -0500] "GET /images/mercados-campesinos-5-mayo.jpg HTTP/1.1" 200 95848
216.245.221.92 - - [06/Dec/2023:05:03:05 -0500] "HEAD / HTTP/1.1" 200 -
66.249.66.20 - - [06/Dec/2023:05:03:25 -0500] "GET /BLA/resoluciones/RESOLUCIONES%202015/3073.pdf HTTP/1.1" 200 633860
201.245.192.253 - - [06/Dec/2023:05:03:33 -0500] "POST /kwsrmcab/Wsrmcab  HTTP/1.1" 200 41806
172.22.2.4 - - [06/Dec/2023:05:02:30 -0500] "HEAD /BLA/boletinlegal/ HTTP/1.1" 200 -
172.22.2.4 - - [06/Dec/2023:05:03:21 -0500] "GET /BLA/boletinlegal/ HTTP/1.1" 200 52827
66.249.66.19 - - [06/Dec/2023:05:05:28 -0500] "GET /BLA/resoluciones/AUTOS%202021/5227.pdf HTTP/1.1" 200 482232
172.22.2.4 - - [06/Dec/2023:05:05:37 -0500] "GET /BLA/boletinlegal/jurisprudencia/analisis/analisis%20C-595-2010.doc HTTP/1.1" 304 -
66.249.66.19 - - [06/Dec/2023:05:05:56 -0500] "GET /BLA/resoluciones/Autos%202008/1957.pdf HTTP/1.1" 200 87238
181.61.157.160 - - [06/Dec/2023:05:06:07 -0500] "POST /sipse/faces/presentacion/financiero/solicitudProceso/consultarSolicitudProceso.xhtml HTTP/1.1" 200 2154802
181.61.157.160 - - [06/Dec/2023:05:06:08 -0500] "POST /sipse/faces/presentacion/financiero/solicitudProceso/consultarSolicitudProceso.xhtml HTTP/1.1" 200 38521
181.61.157.160 - - [06/Dec/2023:05:06:12 -0500] "POST /sipse/faces/presentacion/financiero/solicitudProceso/consultarSolicitudProceso.xhtml HTTP/1.1" 200 1466529
69.63.184.7 - - [06/Dec/2023:05:07:59 -0500] "GET /bogota-cundinamarca-y-antioquia-comparten-experiencias-y-se-unen-para-monitorear-el-aire-en-sus-territorios.html HTTP/1.1" 200 931
69.63.184.6 - - [06/Dec/2023:05:07:59 -0500] "GET /bogota-cundinamarca-y-antioquia-comparten-experiencias-y-se-unen-para-monitorear-el-aire-en-sus-territorios.html HTTP/1.1" 200 931
216.245.221.92 - - [06/Dec/2023:05:08:05 -0500] "HEAD / HTTP/1.1" 200 -
69.171.249.6 - - [06/Dec/2023:05:08:13 -0500] "GET /bogota-cundinamarca-y-antioquia-comparten-experiencias-y-se-unen-para-monitorear-el-aire-en-sus-territorios.html HTTP/1.1" 200 931
69.171.249.1 - - [06/Dec/2023:05:08:13 -0500] "GET /bogota-cundinamarca-y-antioquia-comparten-experiencias-y-se-unen-para-monitorear-el-aire-en-sus-territorios.html HTTP/1.1" 200 931
201.245.192.253 - - [06/Dec/2023:05:08:32 -0500] "POST /kwsrmcab/Wsrmcab  HTTP/1.1" 200 41806
66.249.66.20 - - [06/Dec/2023:05:09:45 -0500] "GET /BLA/resoluciones/AUTOS%202013/3478.pdf HTTP/1.1" 200 678803
172.22.2.4 - - [06/Dec/2023:05:08:20 -0500] "HEAD /BLA/boletinlegal/ HTTP/1.1" 200 -
66.249.66.19 - - [06/Dec/2023:05:10:01 -0500] "GET /BLA/resoluciones/RESOLUCIONES%202008/1691.pdf HTTP/1.1" 200 226215
172.22.2.4 - - [06/Dec/2023:05:09:11 -0500] "GET /BLA/boletinlegal/ HTTP/1.1" 200 58294
216.245.221.92 - - [06/Dec/2023:05:13:05 -0500] "HEAD / HTTP/1.1" 200 -
201.245.192.253 - - [06/Dec/2023:05:13:31 -0500] "POST /kwsrmcab/Wsrmcab  HTTP/1.1" 200 41806
66.249.66.20 - - [06/Dec/2023:05:15:04 -0500] "GET /BLA/resoluciones/Autos%202008/2683.pdf HTTP/1.1" 200 84589
66.249.66.19 - - [06/Dec/2023:05:15:17 -0500] "GET /BLA/resoluciones/AUTOS%202012/2430.pdf HTTP/1.1" 200 737417
66.249.66.19 - - [06/Dec/2023:05:15:29 -0500] "GET /resoluciones/RESOLUCIONES%202009/9360.pdf HTTP/1.1" 404 1018
172.22.2.4 - - [06/Dec/2023:05:14:10 -0500] "HEAD /BLA/boletinlegal/ HTTP/1.1" 200 -
172.22.2.4 - - [06/Dec/2023:05:16:24 -0500] "GET /BLA/boletinlegal/actos.php HTTP/1.1" 200 9682
172.22.2.4 - - [06/Dec/2023:05:15:01 -0500] "GET /BLA/boletinlegal/ HTTP/1.1" 200 58294
201.245.192.253 - - [06/Dec/2023:05:16:43 -0500] "POST /kwsrmcab/Wsrmcab HTTP/1.1" 200 37543
201.245.192.253 - - [06/Dec/2023:05:16:46 -0500] "POST /kwsrmcab/Wsrmcab HTTP/1.1" 200 36033
66.249.66.20 - - [06/Dec/2023:05:16:51 -0500] "GET /BLA/resoluciones/RESOLUCIONES%202010/6908.pdf HTTP/1.1" 200 248065
66.249.66.19 - - [06/Dec/2023:05:16:51 -0500] "GET /BLA/resoluciones/RESOLUCIONES%202003/RESOLUCION%20867%20DE%202003.PDF HTTP/1.1" 200 3653911
66.249.66.20 - - [06/Dec/2023:05:17:06 -0500] "GET /BLA/resoluciones/AUTOS%202011/7732.pdf HTTP/1.1" 200 246019
66.249.66.21 - - [06/Dec/2023:05:17:06 -0500] "GET /portel_dama/libreria/php/2006/ECOSISTEMAS%20FINAL%20web_mz27/restauracion/sitio/22_proye/xtras_in/2a.pdf HTTP/1.1" 404 1018
172.22.2.4 - - [06/Dec/2023:05:17:24 -0500] "GET /BLA/boletinlegal/actos.php HTTP/1.1" 200 9682
172.22.2.4 - - [06/Dec/2023:05:17:24 -0500] "GET /BLA/boletinlegal/favicon.ico HTTP/1.1" 404 1326
172.22.2.4 - - [06/Dec/2023:05:17:39 -0500] "GET /BLA/boletinlegal/consulta_actos.php?tipo=resoluciones&no=1935&usuario=&sector=&fecha=2023&resuelve= HTTP/1.1" 200 626
172.22.2.4 - - [06/Dec/2023:05:17:48 -0500] "GET /BLA/boletinlegal/consulta_actos.php?tipo=resoluciones&no=1935&usuario=&sector=&fecha=2021&resuelve= HTTP/1.1" 200 1118
172.22.2.4 - - [06/Dec/2023:05:17:22 -0500] "GET /BLA/boletinlegal/ HTTP/1.1" 200 24523
191.156.147.255 - - [06/Dec/2023:05:18:01 -0500] "GET /BLA/resoluciones/RESOLUCIONES%202021/1935.pdf HTTP/1.1" 200 760207
216.245.221.92 - - [06/Dec/2023:05:18:05 -0500] "HEAD / HTTP/1.1" 200 -
201.245.192.253 - - [06/Dec/2023:05:18:29 -0500] "POST /kwsrmcab/Wsrmcab  HTTP/1.1" 200 41806
186.155.82.113 - - [06/Dec/2023:05:19:11 -0500] "GET /sipse/faces/index.xhtml HTTP/1.1" 200 677
186.155.82.113 - - [06/Dec/2023:05:19:12 -0500] "GET /sipse/faces/javax.faces.resource/theme.css?ln=primefaces-sipse HTTP/1.1" 304 -
186.155.82.113 - - [06/Dec/2023:05:19:12 -0500] "GET /sipse/faces/faces/autenticacion.xhtml HTTP/1.1" 200 12417
186.155.82.113 - - [06/Dec/2023:05:19:12 -0500] "GET /sipse/js/funciones.js HTTP/1.1" 304 -
186.155.82.113 - - [06/Dec/2023:05:19:12 -0500] "GET /sipse/css/custom_css_sg_prime_login.css HTTP/1.1" 304 -
186.155.82.113 - - [06/Dec/2023:05:19:12 -0500] "GET /sipse/faces/javax.faces.resource/theme.css?ln=primefaces-sipse HTTP/1.1" 304 -
186.155.82.113 - - [06/Dec/2023:05:19:12 -0500] "GET /sipse/js/disable_browser_buttons.js HTTP/1.1" 304 -
186.155.82.113 - - [06/Dec/2023:05:19:12 -0500] "GET /sipse/css/custom_css_sg.css HTTP/1.1" 304 -
186.155.82.113 - - [06/Dec/2023:05:19:12 -0500] "GET /sipse/faces/javax.faces.resource/jquery/jquery.js?ln=primefaces&v=4.0 HTTP/1.1" 304 -
186.155.82.113 - - [06/Dec/2023:05:19:12 -0500] "GET /sipse/faces/javax.faces.resource/layout/layout.css?ln=primefaces&v=4.0 HTTP/1.1" 304 -
186.155.82.113 - - [06/Dec/2023:05:19:12 -0500] "GET /sipse/faces/javax.faces.resource/primefaces.css?ln=primefaces&v=4.0 HTTP/1.1" 304 -
186.155.82.113 - - [06/Dec/2023:05:19:12 -0500] "GET /sipse/faces/javax.faces.resource/jquery/jquery-plugins.js?ln=primefaces&v=4.0 HTTP/1.1" 304 -
186.155.82.113 - - [06/Dec/2023:05:19:12 -0500] "GET /sipse/faces/javax.faces.resource/primefaces.js?ln=primefaces&v=4.0 HTTP/1.1" 304 -
186.155.82.113 - - [06/Dec/2023:05:19:12 -0500] "GET /sipse/faces/javax.faces.resource/layout/layout.js?ln=primefaces&v=4.0 HTTP/1.1" 304 -
186.155.82.113 - - [06/Dec/2023:05:19:12 -0500] "GET /sipse/css/imagen/logoSDG.png HTTP/1.1" 304 -
186.155.82.113 - - [06/Dec/2023:05:19:12 -0500] "GET /sipse/css/imagen/loginimg.png HTTP/1.1" 304 -
186.155.82.113 - - [06/Dec/2023:05:19:13 -0500] "GET /sipse/faces/javax.faces.resource/images/ui-icons_898989_256x240.png?ln=primefaces-aristo HTTP/1.1" 304 -
186.155.82.113 - - [06/Dec/2023:05:19:16 -0500] "POST /sipse/faces/autenticacion.xhtml HTTP/1.1" 200 16899
186.155.82.113 - - [06/Dec/2023:05:19:16 -0500] "GET /sipse/faces/javax.faces.resource/theme.css?ln=primefaces-sipse HTTP/1.1" 304 -
186.155.82.113 - - [06/Dec/2023:05:19:16 -0500] "GET /sipse/faces/javax.faces.resource/primefaces.css?ln=primefaces&v=4.0 HTTP/1.1" 304 -
186.155.82.113 - - [06/Dec/2023:05:19:16 -0500] "GET /sipse/faces/javax.faces.resource/layout/layout.css?ln=primefaces&v=4.0 HTTP/1.1" 304 -
186.155.82.113 - - [06/Dec/2023:05:19:16 -0500] "GET /sipse/css/custom_css_sg_prime.css HTTP/1.1" 304 -
186.155.82.113 - - [06/Dec/2023:05:19:16 -0500] "GET /sipse/js/jquery.min.js HTTP/1.1" 304 -
186.155.82.113 - - [06/Dec/2023:05:19:16 -0500] "GET /sipse/faces/javax.faces.resource/jquery/jquery.js?ln=primefaces&v=4.0 HTTP/1.1" 304 -
186.155.82.113 - - [06/Dec/2023:05:19:16 -0500] "GET /sipse/faces/javax.faces.resource/jquery/jquery-plugins.js?ln=primefaces&v=4.0 HTTP/1.1" 304 -
186.155.82.113 - - [06/Dec/2023:05:19:17 -0500] "GET /sipse/faces/javax.faces.resource/primefaces.js?ln=primefaces&v=4.0 HTTP/1.1" 304 -
186.155.82.113 - - [06/Dec/2023:05:19:17 -0500] "GET /sipse/faces/javax.faces.resource/layout/layout.js?ln=primefaces&v=4.0 HTTP/1.1" 304 -
186.155.82.113 - - [06/Dec/2023:05:19:17 -0500] "GET /sipse/css/v_mergente.css HTTP/1.1" 304 -
186.155.82.113 - - [06/Dec/2023:05:19:17 -0500] "GET /sipse/imagenes/cargando.gif HTTP/1.1" 304 -
186.155.82.113 - - [06/Dec/2023:05:19:17 -0500] "GET /sipse/imagenes/logoAplicacion.jpg HTTP/1.1" 304 -
186.155.82.113 - - [06/Dec/2023:05:19:17 -0500] "GET /sipse/css/imagen/contrasena.png HTTP/1.1" 404 383
186.155.82.113 - - [06/Dec/2023:05:19:17 -0500] "GET /sipse/faces/javax.faces.resource/messages/messages.png?ln=primefaces&v=4.0 HTTP/1.1" 304 -
