186.102.42.135 - - [07/Dec/2023:06:20:38 -0500] "GET /kwssiamovil/sm/acme/s?s=U2FsdGVkX1/tIQtUbd8yluTf23y/eAvpRVMGZmxs53BGJpdmvuHwTZX+z6f5wnm9lsJfoxaExYxtkc+hLFB7PFS45emVSQQizP2cRbPaNFm+O20DRFwuvMi10EXOaMfdeJL9GzTjLhww8SL25LYSXClg/cKsUrP7Y/QQ6hpbhNdPNXCNlIOfnD76xDCfmnTr4RGuxHEkR6lqJty0cI/3eB9bXDwTEE/+UrYXBdORiXJLT/8A0JUIZNkLsfddMeXw7dWEv+P5dBUGyKD9EZ5OVeXoQGoSuuzbGl3aThE/lFAYaiLFSBwo7h6xoS0wdhFoQ3wVyWSajTCbsRG8D96RSzHS7EWizJKUE9LRCnAYQY8I/k6GAEkcT/e5wPdJVszXNRraM8tcYrloGjCx7ziKEIoIeJrQ+QKz3OtgwESJOzBTzJcmmLlpin+f059ZDEDNYrg2h4aYa3wvrKtl4ZQ53H8nt6tiW7F8a3uBY0Zm9IePdBno84YCGw6D7Pbre2A2xZs+mjyugLLUTw4ZmG7Jxb3fkdg6ejNtUYHiiMQOnaFDQA5zCa8JB78ULcWFf2Zcsm0A1U5PjWpxY92ZTkaA2cPn4jbZ1J0+CCEmLyoxeLD430g9ja8ZhOvB6/fzetoFAv3Zojhp7n2Piyok6mwJByR0xC4DGNJSRAIJ9MppKcmqrr+rUBB/ZsxKu2qfR5oDpUNW2IUVoZ/7fMWcQBZQM9gHHDTLPzMVFv6RnNnfmm6+c6tvRHd7n12aNOej5ao6Qi1cRjQZsMLEisIzbnemZfgdCcrUuCPjObMJJ3qypJHf9vWKkc8E+/LZiuVd0kcn8RNKkjgK2dWI2lA9XyK85ZEvFDqclNlzSlLil+2LQJwy3rpIwJdEUMIKamfC/IOx3hxQPRmZMHW/0zf2QHFZ/NW57oS8H8Z1auF4xDncYJ98mVpxu76Uc6nPegUOA4zUm3ajdAGvPYwpsV9H/fWHNMEB6Z0jbkWfCJkK9pWYQvvq5exQRvArGeFPgePaFxQIPIMlSoxSKkRh9oRkHtx6icvPjVfDty54ZI4gMJx6ResupbCJxoeOpiztGmagikC6wXqIfJz7Mhqx8qJWWckb/6VQOTXnogXYm9076Q1WmY6q5F3yZIzDeM5wol6O7KSZY71MYm5V7mT3T46TuMTgpE9Xz9FplNg0+bvc4P2nrSnAfXSPzs5VtEchYUllgNu3lN1Jx0JekWs9tcP3JPH2SSKiKImAzTfE48yRXb6N4nJiCi9ab0bQba50OY8WSbJyL4F5+dxwuN3lsmDlKvZgGDg2oQHH2jBKnclxTQC5xlRESFRBaKSyMc/8usKWrdwQrT9lM3Kn6m3ispoNVX1UAd6TxQwm+U3/MUJDlb6Qw9YKkl1UFaglXroM1ur8KdWzkAFzVITX26ffCs04YX7ymgEF+Gv2j+81RTwv96uRjEE=&u=U2FsdGVkX1+2Ah1cxMo5f9IKBG6gcuUFk1CA7O5gyFU=&y=U2FsdGVkX18CfbWTidj4KSGOtHviePtT2PAWv1UqTTj4QD7t+olty5wdIpS1XziX HTTP/1.1" 200 594
186.102.42.135 - - [07/Dec/2023:06:20:38 -0500] "GET /kwssiamovil/sm/acme/s?s=U2FsdGVkX1+XyvmJoy2bIUFnYBQDkBfl3OOTYnmRc9UYFnOpbmZEMfeF/HU2oIyLe3kPhpT+YMCKag4PavqKhlYzDAC6i5DXX8tHJG13MNlRolhh3Noxwc9IrrMAbzaBHGvd3ER49EY6oT03vsEl0YWXcD0Gu0xQq2uX3sj+kZK+4g8cMPflQhSSe39e3CREATJUMvYEm14mNQS94YeVcYrCaHrEY0775VB5tau5suPavU9HJK5BEMlufojxsQ9/VyqeSMEOAcseOn8Mgn1oAsWpVOIRFZeH6ETfHGK+9g3TsbsALukkZDtNt2XiYM9JI3RjpNEvydwutnwGZAo4JMcYiKrHsy6VV9QnC4RgnFk=&u=U2FsdGVkX1+2Ah1cxMo5f9IKBG6gcuUFk1CA7O5gyFU=&y=U2FsdGVkX18CfbWTidj4KSGOtHviePtT2PAWv1UqTTj4QD7t+olty5wdIpS1XziX HTTP/1.1" 200 196
186.102.42.135 - - [07/Dec/2023:06:20:39 -0500] "GET /kwssiamovil/sm/cjson/pre?f=1&x=U2FsdGVkX18hHDhf+oZ6zEt+/0p4tHScdpPfGmOU3Xu+cBVGw7lGz3pXGb9aOIBs HTTP/1.1" 200 31032
172.22.2.4 - - [07/Dec/2023:06:19:33 -0500] "HEAD /BLA/boletinlegal/ HTTP/1.1" 200 -
172.22.2.4 - - [07/Dec/2023:06:20:24 -0500] "GET /BLA/boletinlegal/ HTTP/1.1" 200 58644
201.245.192.253 - - [07/Dec/2023:06:22:19 -0500] "POST /kwsrmcab/Wsrmcab  HTTP/1.1" 200 41806
66.249.66.19 - - [07/Dec/2023:06:22:45 -0500] "GET /BLA/resoluciones/RESOLUCIONES%202012/0658.pdf HTTP/1.1" 200 283698
216.245.221.92 - - [07/Dec/2023:06:23:01 -0500] "HEAD / HTTP/1.1" 200 -
216.244.66.195 - - [07/Dec/2023:06:23:23 -0500] "GET /BLA/resoluciones/AUTOS%202010/6921.pdf HTTP/1.1" 200 2076333
66.249.66.20 - - [07/Dec/2023:06:23:48 -0500] "GET /BLA/resoluciones/RESOLUCIONES%202009/8707.pdf HTTP/1.1" 200 582806
216.244.66.195 - - [07/Dec/2023:06:23:52 -0500] "GET /BLA/resoluciones/index.php?dir=AUTOS+2018%2F HTTP/1.1" 200 468564
216.244.66.195 - - [07/Dec/2023:06:24:36 -0500] "GET /BLA/resoluciones/AUTOS%202011/4536.pdf HTTP/1.1" 200 2872133
172.22.2.4 - - [07/Dec/2023:06:24:52 -0500] "GET /BLA/boletinlegal/jurisprudencia/analisis/ANALISIST-257-96.docx HTTP/1.1" 304 -
216.244.66.195 - - [07/Dec/2023:06:25:27 -0500] "GET /BLA/resoluciones/AUTOS%202013/0765.pdf HTTP/1.1" 200 1472531
216.244.66.195 - - [07/Dec/2023:06:26:17 -0500] "GET /BLA/resoluciones/AUTOS%202016/0244.pdf HTTP/1.1" 200 525118
201.245.192.253 - - [07/Dec/2023:06:26:37 -0500] "POST /kwsrmcab/Wsrmcab HTTP/1.1" 200 38595
201.245.192.253 - - [07/Dec/2023:06:26:40 -0500] "POST /kwsrmcab/Wsrmcab HTTP/1.1" 200 36206
216.244.66.195 - - [07/Dec/2023:06:26:57 -0500] "GET /BLA/resoluciones/AUTOS%202016/0438.pdf HTTP/1.1" 200 693031
172.22.2.4 - - [07/Dec/2023:06:25:23 -0500] "HEAD /BLA/boletinlegal/ HTTP/1.1" 200 -
201.245.192.253 - - [07/Dec/2023:06:27:19 -0500] "POST /kwsrmcab/Wsrmcab  HTTP/1.1" 200 41806
216.244.66.195 - - [07/Dec/2023:06:27:36 -0500] "GET /BLA/resoluciones/AUTOS%202016/0471.pdf HTTP/1.1" 200 662782
172.22.2.4 - - [07/Dec/2023:06:26:14 -0500] "GET /BLA/boletinlegal/ HTTP/1.1" 200 61018
216.245.221.92 - - [07/Dec/2023:06:28:01 -0500] "HEAD / HTTP/1.1" 200 -
216.244.66.195 - - [07/Dec/2023:06:28:21 -0500] "GET /BLA/resoluciones/AUTOS%202016/0522.pdf HTTP/1.1" 200 690429
216.244.66.195 - - [07/Dec/2023:06:29:05 -0500] "GET /BLA/resoluciones/AUTOS%202016/0672.pdf HTTP/1.1" 200 485465
14.215.163.132 - - [07/Dec/2023:06:29:27 -0500] "GET / HTTP/1.1" 200 319
216.244.66.195 - - [07/Dec/2023:06:29:51 -0500] "GET /BLA/resoluciones/AUTOS%202016/0705.pdf HTTP/1.1" 200 484513
201.245.192.253 - - [07/Dec/2023:06:30:21 -0500] "POST /kwsrmcab/Wsrmcab HTTP/1.1" 200 38595
201.245.192.253 - - [07/Dec/2023:06:30:31 -0500] "POST /kwsrmcab/Wsrmcab HTTP/1.1" 200 36206
216.244.66.195 - - [07/Dec/2023:06:30:33 -0500] "GET /BLA/resoluciones/AUTOS%202016/1057.pdf HTTP/1.1" 200 335976
216.244.66.195 - - [07/Dec/2023:06:31:04 -0500] "GET /BLA/resoluciones/AUTOS%202016/1205.pdf HTTP/1.1" 200 474632
216.244.66.195 - - [07/Dec/2023:06:31:41 -0500] "GET /BLA/resoluciones/AUTOS%202016/1455.pdf HTTP/1.1" 200 379426
201.245.192.253 - - [07/Dec/2023:06:32:17 -0500] "POST /kwsrmcab/Wsrmcab  HTTP/1.1" 200 41806
216.244.66.195 - - [07/Dec/2023:06:32:20 -0500] "GET /BLA/resoluciones/AUTOS%202016/1705.pdf HTTP/1.1" 200 330285
172.22.2.4 - - [07/Dec/2023:06:31:13 -0500] "HEAD /BLA/boletinlegal/ HTTP/1.1" 200 -
216.244.66.195 - - [07/Dec/2023:06:32:57 -0500] "GET /BLA/resoluciones/AUTOS%202016/1767.pdf HTTP/1.1" 200 757092
216.245.221.92 - - [07/Dec/2023:06:33:01 -0500] "HEAD / HTTP/1.1" 200 -
216.244.66.195 - - [07/Dec/2023:06:33:38 -0500] "GET /BLA/resoluciones/AUTOS%202016/1779.pdf HTTP/1.1" 200 260597
172.22.2.4 - - [07/Dec/2023:06:32:04 -0500] "GET /BLA/boletinlegal/ HTTP/1.1" 200 58644
216.244.66.195 - - [07/Dec/2023:06:34:11 -0500] "GET /BLA/resoluciones/AUTOS%202016/1786.pdf HTTP/1.1" 200 497499
216.244.66.195 - - [07/Dec/2023:06:34:42 -0500] "GET /BLA/resoluciones/AUTOS%202016/1954.pdf HTTP/1.1" 200 584497
66.249.66.193 - - [07/Dec/2023:06:34:57 -0500] "GET /distrito-firma-siete-nuevos-pagos-por-servicios-ambientales-en-la-ruralidad-de-bogota-ya-van-mas-de-1100-hectareas.html HTTP/1.1" 200 853
216.244.66.195 - - [07/Dec/2023:06:35:22 -0500] "GET /BLA/resoluciones/AUTOS%202016/2427.pdf HTTP/1.1" 200 291494
216.244.66.195 - - [07/Dec/2023:06:35:52 -0500] "GET /BLA/resoluciones/AUTOS%202016/2452.pdf HTTP/1.1" 200 387474
66.249.66.19 - - [07/Dec/2023:06:36:22 -0500] "GET /BLA/resoluciones/RESOLUCIONES%202008/3741.pdf HTTP/1.1" 200 222718
216.244.66.195 - - [07/Dec/2023:06:36:23 -0500] "GET /BLA/resoluciones/AUTOS%202016/2566.pdf HTTP/1.1" 200 519331
201.245.192.253 - - [07/Dec/2023:06:36:38 -0500] "POST /kwsrmcab/Wsrmcab HTTP/1.1" 200 38595
201.245.192.253 - - [07/Dec/2023:06:36:41 -0500] "POST /kwsrmcab/Wsrmcab HTTP/1.1" 200 36206
216.244.66.195 - - [07/Dec/2023:06:37:04 -0500] "GET /BLA/resoluciones/AUTOS%202016/2638.pdf HTTP/1.1" 200 413968
201.245.192.253 - - [07/Dec/2023:06:37:16 -0500] "POST /kwsrmcab/Wsrmcab  HTTP/1.1" 200 41806
216.244.66.195 - - [07/Dec/2023:06:37:39 -0500] "GET /BLA/resoluciones/AUTOS%202016/2689.pdf HTTP/1.1" 200 500089
216.245.221.92 - - [07/Dec/2023:06:38:01 -0500] "HEAD / HTTP/1.1" 200 -
216.244.66.195 - - [07/Dec/2023:06:38:11 -0500] "GET /BLA/resoluciones/AUTOS%202016/2735.pdf HTTP/1.1" 200 769521
216.244.66.195 - - [07/Dec/2023:06:38:42 -0500] "GET /BLA/resoluciones/AUTOS%202016/2851.pdf HTTP/1.1" 200 383889
172.22.2.4 - - [07/Dec/2023:06:37:03 -0500] "HEAD /BLA/boletinlegal/ HTTP/1.1" 200 -
216.244.66.195 - - [07/Dec/2023:06:39:11 -0500] "GET /BLA/resoluciones/AUTOS%202016/2931.pdf HTTP/1.1" 200 528563
172.22.2.4 - - [07/Dec/2023:06:37:54 -0500] "GET /BLA/boletinlegal/ HTTP/1.1" 200 58644
216.244.66.195 - - [07/Dec/2023:06:39:39 -0500] "GET /BLA/resoluciones/AUTOS%202007/1892.pdf HTTP/1.1" 200 103284
216.244.66.195 - - [07/Dec/2023:06:40:05 -0500] "GET /BLA/resoluciones/AUTOS%202010/0472.pdf HTTP/1.1" 200 192107
201.245.192.253 - - [07/Dec/2023:06:40:21 -0500] "POST /kwsrmcab/Wsrmcab HTTP/1.1" 200 38595
216.244.66.195 - - [07/Dec/2023:06:40:31 -0500] "GET /BLA/resoluciones/AUTOS%202010/0479.pdf HTTP/1.1" 200 192411
201.245.192.253 - - [07/Dec/2023:06:40:30 -0500] "POST /kwsrmcab/Wsrmcab HTTP/1.1" 200 36206
186.102.44.223 - - [07/Dec/2023:06:40:43 -0500] "GET /kwssiamovil/sm/ldap/au?x=U2FsdGVkX19JMGL5LdsLCEv1fZdsE/FC4brHMah/j0Gr8qwS3gyfBp9yyPpVtp/9&y=U2FsdGVkX18FLbzG7cuQKRvA7g8vwYBd4wZQGGBZ6j2y3Ih2RpyIXIhXEIBzDeMQ HTTP/1.1" 200 30
186.102.44.223 - - [07/Dec/2023:06:40:43 -0500] "GET /kwssiamovil/sm/acme/s?s=U2FsdGVkX18+e3uzvB1cC75BuwQZeqb3fnYURziWwcLygyphgXylJpRDhjigzMmD1W4FxkskbJnh2qpjTEIBi6H2YCSr1avPJxKPYPdHF9s=&u=U2FsdGVkX189dGrdWKX3H1IVkgRL2l4y4s0t6nCxsQE=&y=U2FsdGVkX18FLbzG7cuQKRvA7g8vwYBd4wZQGGBZ6j2y3Ih2RpyIXIhXEIBzDeMQ HTTP/1.1" 200 97
186.102.44.223 - - [07/Dec/2023:06:40:43 -0500] "GET /kwssiamovil/sm/acme/s?s=U2FsdGVkX1+W2OBWznS2m7XHJYBoqBxqGh6CVFG+o2MqtDnZ0hGhg1NckyrsGPELHHjFgH/OkHmDR2KofyO4rO5PMyJZr//ICX06ZImC+x55mh4BDDDmLiSkcWhdnO1Fm41FupWaKL27RFLBCE0W0rFV4WtUuDmoX/GSqU8pbSqCrzaESriWtDuJmYKvCAr5VWQRKxExatmbB5ZHgRV1Tnn5sE1SiT3CqHG+1WkpBpfMSLAd8llk0WcV33HKF3h1ESazy7u8/IPaN+z2Zb245GQ2q+CnJpuTTArfkzal5kmiC1iSSiYuYdp2YJHdkSrJ56khLwpjhQBzDUirs4lIlsNRNH8dVDzSJ6kavzaUWUXfQm/4+SGjw8zzF/VHHCp7vhH4Dwt1Zu62jGs/SGepGGHoft+PuClzUz7Q5jFXaUT+1QLhMVyvFUOa3/xI77jOP+U3L4MbBOmSG57xl2wYYkSXjaAC7irpneD2c05hQ5P7LIwGKIeoBCLo4/ui70SpbfcVXHPH4Oi6oOd52EgLMq2MT91Q3aIta01DYJ5tLIoqROgMw23301W5AjReQN2aIlfxnmk8+8ZFn4ZXCoLr9ThN4be/G8G4PsMkwgSiOb7YJULY0HP5QAxm218kbJRpqyeFabADO+AYKQj3qDjTt8F5x+BFm7YJcjg47JQEmigN80TcBXlfo+2xeRwLNoQ5t1XiRNmliff4egUZQJXyevbAN1f8KlZsYlmavIekno9TfmYkwGwDO4Tk/PO/ZOm5zEz5WHYaiZpZx7utxh/P4ELdRMDevJ27jJ4pZWNI6ztlcKEzmr2rTfM2QJIEEZB3RYnvU+Vy4LHGL6NtLqpkcLWeDyHUR9Oj82y+uakknUfHVT7/NrEGnHRDgJbNLcW3jwJbJdVp2/lWRkS2oh8W1E1OeW6jwBzJ66EY7Wp9L8DGshn9hfb+j53m25TGCy7vRBW/W14rPrDsTLSZmLz4sQJB/SEvqjowcw78DVYf4jcdVOMbwqC/8mdb8rvsr9hS705TZ71js2PNX9Ap7g6WP+adaJwup2j5tN5QcMdMZ7ky7+ppni4AzsEHpmVUlrodb8+TOLFFlLEOWRHiW0wssJPiCnNR342IGSk+5KafczNTJxKp7GbSolUP2X60Oo493PzJ3ZZePbDhoB7wRy80fSG1vB8stTSPA2/GvifqUyW3ecsSYfGbEzh32YbAFFidGiBatPzabSRk5Kl5Y0RxLyobgh7k+6M41Yu+LNhB4AFqQVVB0NktBdHFlPgaGwukL6xzCnbx14sSFKGjoRaPNKUvsQDFjwSHGeHkckGGDuZ7i4obhJjr1GjgG+uDI+66xJpBIb8u9WuFkhynVlbPJOplDGFSZ9Wx8n/wuLmF+Dyfhuihdyc54VC1k7o4BCv9Qtrb3KP2pSpqWhQEXri8FkMVTr5lwKChrWdVKsDJOhgGgos0Kmu/OPx1TahsXorMnotP6yj6gp20EXoRNSTL/noG55RyxuBAhuYFC/At8CffYkYgcKroEpJk7QoH8V/Fao5bg5Uo8yCkV+/LMlNijlZ5MqzwFwy3YuWCUM02xUCa4OpsgpzTMIs23ryGXsTVEAo7b/aCEhvCqNMblQTUq1849uFsEPoJxTGZAXKOGgjw+boQV560DHoMnqvZ5iWQbBR3j0827L5H8/l02dRJIiZcVPLLkTbSZy1d3vzUIj5NXn4Wfxx9PR5A5GjMqt6kNys5RPjElEvI+Fd3csjqeuSCNqLFAVkKWXknBAoQlkM=&u=U2FsdGVkX189dGrdWKX3H1IVkgRL2l4y4s0t6nCxsQE=&y=U2FsdGVkX18FLbzG7cuQKRvA7g8vwYBd4wZQGGBZ6j2y3Ih2RpyIXIhXEIBzDeMQ HTTP/1.1" 200 3543
186.102.44.223 - - [07/Dec/2023:06:40:43 -0500] "GET /kwssiamovil/sm/acme/s?s=U2FsdGVkX1+XFiOyHll6txIfPurOo6Wb8isRKxpDGgQWoWn+CLhW1AjmhdXy2CG5JwzrjXDZLc01V2ycCX5CuTmefU/wIyhRarWOxuD3JbAEz3PDRACaPy2qP1Pcgp6wG7LFNzhamG7UN7dkKTh1tLMA1INQq392Tq2wlTmOplyh9PvzATZxcjcI/jSRQxQqlmQRrr597fnlLId5NiSEhavCkEOT/IgDeXJXG48AhEEPOj1G7RFakHzmYDJMczo2cnHZlLuIg1bsmm6wLi88HBT5OYPP8do+ns3znsBniROyNR2eI9Fpu+0cUXA2h2SZUgL3aoViaiboZBQG26i0IrF3afte8ZEvjwuL8FrmueaiCvwjlFb1PU4bMZR8l7woQZOAfSqI3zzKTxoIzuuRcQ5R5CktLjtfRtmvN7U+U0PvmY5WIe2eXCUdGBW3hxVVHN0c2IGBB+QAnc29BGfXf2Q0P7zD+sU0CVK+KXk2SfHjbBA2PAxkia4hjxwWR3X49CdpryTFLfEKKEf6NcAddMSZPmTK/7YQhSV+jsL2nD2aMJ5GBx+aJagHuo4TCV72Oq1CKR7Hgt2QcZA/yelfL6EBjAAcRHKSpVif+GVBarTpmXPj9bh8MEtiQVjvOrx8SoaxkMEnztkDb95cedK6WcHGbs+KoonbRhO7ro3V+kETH/uyOpL0Dc3fDmD9ltbml1CmrnVI+YgepbO775Yz3AQBsQG9pKGHGioFR7cw7Umpk6hjYQeB6W80l1gs6+5d&u=U2FsdGVkX189dGrdWKX3H1IVkgRL2l4y4s0t6nCxsQE=&y=U2FsdGVkX18FLbzG7cuQKRvA7g8vwYBd4wZQGGBZ6j2y3Ih2RpyIXIhXEIBzDeMQ HTTP/1.1" 200 208
186.102.44.223 - - [07/Dec/2023:06:40:43 -0500] "GET /kwssiamovil/sm/cjson/pre?f=1&x=U2FsdGVkX19JMGL5LdsLCEv1fZdsE/FC4brHMah/j0Gr8qwS3gyfBp9yyPpVtp/9 HTTP/1.1" 200 31032
216.244.66.195 - - [07/Dec/2023:06:40:56 -0500] "GET /BLA/resoluciones/AUTOS%202010/1378.pdf HTTP/1.1" 200 248952
216.244.66.195 - - [07/Dec/2023:06:41:19 -0500] "GET /BLA/resoluciones/AUTOS%202010/1439.pdf HTTP/1.1" 200 165340
173.252.127.5 - - [07/Dec/2023:06:41:22 -0500] "GET /agendate-para-participar-en-las-caminatas-ecologicas-de-febrero.html HTTP/1.1" 200 830
186.102.44.223 - - [07/Dec/2023:06:41:24 -0500] "GET /kwssiamovil/sm/ldap/au?x=U2FsdGVkX18sulgvh2CZb9dkCrAqYEXtfAMiKpiZ60B10hCEF22pLSAZLzQWTzTa&y=U2FsdGVkX19st7SseAHVYFlOzGj8PX34kjqN+y2LfaDJzsvUNUXK1UlsnNY5tA33 HTTP/1.1" 200 30
186.102.44.223 - - [07/Dec/2023:06:41:24 -0500] "GET /kwssiamovil/sm/acme/s?s=U2FsdGVkX18QOH3mBF3Ip33r9rt9KhDaMPQLL5Qm+SlZLO73OoIgT5V16i05DtL0R6LzMkm+muDaskNQz7hue/DTLgpcmTPhVYU0pZ1qNzg=&u=U2FsdGVkX19jHa8sFLgwjaobISrKrmrrEwbZNoLKmrg=&y=U2FsdGVkX19st7SseAHVYFlOzGj8PX34kjqN+y2LfaDJzsvUNUXK1UlsnNY5tA33 HTTP/1.1" 200 97
186.102.44.223 - - [07/Dec/2023:06:41:24 -0500] "GET /kwssiamovil/sm/acme/s?s=U2FsdGVkX18LFRizZxrSKrB0lkRpjbxWRDruOoMgwGyicUwpQ/pa/MHBUoCstshYVEoBY/mygtMlyt5yUi7ggMbwVnsz0XUqh3OWpBwmslRi3WFJlZ5o7oBAWXbvHGoK3qjkUmUq4XSwc+uRB/Dy95XhPtGT5YRQKSLJLUMmaz2AXzX55DU2zzGDN7fb3vlTX01WFHEQXShJ2cmp5VJGaWrr6APsDmaZX5flTdhTGQhf8u11+xQjksG3cNKTTpspGFrk4lH6UKdmGtFwhAnMKu9HsprOU+NSY8iYfN+UqF9g0vxsgseV+diOytTqd7hMEOhNoJmblvu4U7p50vjBelCbIWO3ddrubCWlc3vqY0N5gRmyxZDgwYKIcPqwvBg8K92YOjXTg26Wxz0qTW2MPTvZshHw7KoGV0IxV2qQ09vkWM5jTV9xkioWdsD4Q95idjiM3AvOZpbHoETRfHJy58Jc1vqwh3qxWrNzPDrM4wdNXIjUJ/0z31w2xrkQfSrMCoOYy5hMdC+EpBKorz/2JV5DcK9kmbyz3jb7lHz2idzqv2a3Az2iUnMRVDPsrOX/REb8MuiNNw0YQIDpOtqTNAAOdic5aPnIEgTms/6A6ZeJ/uSQGI7G5Hi1br144YgSn8hD8NRwekot5RYtdlt9FC1RjzNFSIPb/N4jzgPTBFoK8Jr0leeArNvqqeycS/SLbaSgmLsPZZUiqarXPw01igT9JL9gbA+E+hh2Z6+DXedrSJe71mGTj1MSVndPof2qdOcYcSAecy+eUNIQScPUsFOhOIns+Eabgl7CcFze6RCe4vlsbYGRoCxSo0NBO4FuCP24lGjEpferYrJ33g3ApiGv3EohstIpfYd/JJ3R18caN9fYi1tplKkZJ8RQ7WrgrHYl2Td6lgONYi7YRTzZFxAGpgkOxDHI8PaTr4vC5iM4OJItBDalNwr2q+p/FK7rYntByOwpIsdigtfpru2cWZvxHfbSCRtlgIbkROcp8vNF6SLypJ6ec8za+C4lxtuj5TpRF3ahoEL5uG070tfvc3YjXRZFpqZnlO/C1SJ9NX2lBKmppHvLqjk8Un2ti98abM8fZCFhupP5YabiSqhN9a6V5qQp9rMaUQok2bUAf4yzc6wBC3I2GAYdNyuLHeN8g8bX2L6n9o0mW8XuGR05TNRVXOqcbuIn9ClIiREi16lE9adXt4fuPkYckPIDpLscftYcJUeoKtZqQMuvAV/cUswPUqLotBXsCGjMC34caefjyfs2jDVpS4u7sGg1IAH/32Kr1FQdU1zimuMHrLowSkfDY5HPhNv3THP1tokC0NsLxOE1vuY1wHJE09fG/wsHvwFIlMppe96+ism2aAxMJlQKj2OXI4p6UizQw8uLhEs+fojePWS9EbZ2TZR9WZnZ12jZShmyLsC5+FMbdqVNA7iNfOJEjYWakTRkN2++o8hRjg2RtnplP6HtflSZ1UuuS1Wr8SMehSHdb+XlJyXI22RGqfYOyWt8P1mlI3BCW3rRIt4KVguuFGQMjnhhRZtz5Ks/oGq0Up5S1yX33ianuIiGCViAc/9K/z6DiZUrhkwBCKB9+TVfGFhnZlinobtZ1oZvW6lXncLgTuZ394DZEW5vstDGaBu8F5qc61NsjBDrHaGDfHMYnHyUphDOLbul10Gx9ivmAQE0wfsp5+uvzYbsihs93DjBETnvFa//nHgC06Lf8w3AFsYiRqgI9mL3/DYFBe56FpB/K/ZPVgpjdGXiJW2fjjDohPK1bXMlgFs=&u=U2FsdGVkX19jHa8sFLgwjaobISrKrmrrEwbZNoLKmrg=&y=U2FsdGVkX19st7SseAHVYFlOzGj8PX34kjqN+y2LfaDJzsvUNUXK1UlsnNY5tA33 HTTP/1.1" 200 3543
186.102.44.223 - - [07/Dec/2023:06:41:24 -0500] "GET /kwssiamovil/sm/acme/s?s=U2FsdGVkX1/VpHyq6lNUVEm1nlNnx2afMdm8WRfWbyCCS7BCaOXundgVodLqyVuQIlkCdwpQFjilHpCfMKV5xni1hmiRWo/15WVF06hrt0QWj4dmnaxdGPVLocnMNNr71zE/nsqV6FzQUdRlGEL7jO9N8JHBGFgt6uABLEOAogBe7xCrAUeYGFxpRneNfQpMlp7r9nOLWFKAL//SE7OP7w+s5somoLb837U7pMc2zP+AjbL02bu4Pbrb1fHEF/+rlUlW8y9lRa7HtK/LxGRov7vwhBgcoVvITxD5mkfkh62SIBkGbDvK6Jc2KLNTIfucFkdMZLqatLzkGMHmUUOXWtVz7ZylMMTYjztBA2JJHxFUY0CBKg6SyVKuleDfG8c5uIQQghP2FoSqUbJh00Ri9bpqwCXHfWyFUnMPdGc818vaC66vnS2afkimMElVz4rs92/sw/VgV+jxHv/YGH9dB5sIOOKniBX8+ZiUXHGMwjelBWaXc0q6H3b+78QhYi8OSg4QES6Mta1u1Xvck6e/rhFsqVxfG4nubg6EmfWThd2OOyX73tNCms+kTKTQvqV7u3T5xBFxWY4+k91mpJQkxfsX0dnppOYw8n9DF0e/9PEF+qI6cbCaMyjNFEvcEMut/+xxQTVyG+Weqbo6cbk03067bDsFMOgUJrnoyKno3pFfNc/TDGoEScZ5eFKovJpoYpkI0VGse/uhGCY2DWxpWVrPjtptBLmi4MsoP+U5BcYDyaLdAs5FMxtlV1CJh4kO&u=U2FsdGVkX19jHa8sFLgwjaobISrKrmrrEwbZNoLKmrg=&y=U2FsdGVkX19st7SseAHVYFlOzGj8PX34kjqN+y2LfaDJzsvUNUXK1UlsnNY5tA33 HTTP/1.1" 200 208
186.102.44.223 - - [07/Dec/2023:06:41:25 -0500] "GET /kwssiamovil/sm/cjson/pre?f=1&x=U2FsdGVkX18sulgvh2CZb9dkCrAqYEXtfAMiKpiZ60B10hCEF22pLSAZLzQWTzTa HTTP/1.1" 200 31032
216.244.66.195 - - [07/Dec/2023:06:41:41 -0500] "GET /BLA/resoluciones/AUTOS%202010/2460.pdf HTTP/1.1" 200 888961
167.0.152.142 - - [07/Dec/2023:06:41:57 -0500] "POST /sipse/faces/presentacion/financiero/solicitudProceso/consultarSolicitudProceso.xhtml HTTP/1.1" 200 38201
167.0.152.142 - - [07/Dec/2023:06:41:57 -0500] "GET /sipse/faces/javax.faces.resource/theme.css?ln=primefaces-sipse HTTP/1.1" 304 -
167.0.152.142 - - [07/Dec/2023:06:41:58 -0500] "GET /sipse/faces/javax.faces.resource/primefaces.css?ln=primefaces&v=4.0 HTTP/1.1" 304 -
167.0.152.142 - - [07/Dec/2023:06:41:58 -0500] "GET /sipse/faces/javax.faces.resource/layout/layout.css?ln=primefaces&v=4.0 HTTP/1.1" 304 -
167.0.152.142 - - [07/Dec/2023:06:41:58 -0500] "GET /sipse/faces/javax.faces.resource/jquery/jquery.js?ln=primefaces&v=4.0 HTTP/1.1" 304 -
167.0.152.142 - - [07/Dec/2023:06:41:58 -0500] "GET /sipse/faces/javax.faces.resource/jquery/jquery-plugins.js?ln=primefaces&v=4.0 HTTP/1.1" 304 -
167.0.152.142 - - [07/Dec/2023:06:41:58 -0500] "GET /sipse/faces/javax.faces.resource/primefaces.js?ln=primefaces&v=4.0 HTTP/1.1" 304 -
167.0.152.142 - - [07/Dec/2023:06:41:58 -0500] "GET /sipse/faces/javax.faces.resource/layout/layout.js?ln=primefaces&v=4.0 HTTP/1.1" 304 -
167.0.152.142 - - [07/Dec/2023:06:41:58 -0500] "GET /sipse/css/imagen/contrasena.png HTTP/1.1" 404 383
167.0.152.142 - - [07/Dec/2023:06:41:58 -0500] "GET /sipse/faces/javax.faces.resource/images/ui-icons_898989_256x240.png?ln=primefaces-aristo HTTP/1.1" 304 -
167.0.152.142 - - [07/Dec/2023:06:41:58 -0500] "GET /sipse/faces/javax.faces.resource/images/ui-bg_flat_0_2d5972_40x100.png?ln=primefaces-aristo HTTP/1.1" 304 -
167.0.152.142 - - [07/Dec/2023:06:41:58 -0500] "POST /sipse/faces/presentacion/financiero/solicitudProceso/listarSolicitudProceso.xhtml HTTP/1.1" 200 1396
167.0.152.142 - - [07/Dec/2023:06:41:58 -0500] "POST /sipse/faces/presentacion/financiero/solicitudProceso/listarSolicitudProceso.xhtml HTTP/1.1" 200 1392
216.244.66.195 - - [07/Dec/2023:06:42:03 -0500] "GET /BLA/resoluciones/AUTOS%202010/3301.pdf HTTP/1.1" 200 356640
201.245.192.253 - - [07/Dec/2023:06:42:14 -0500] "POST /kwsrmcab/Wsrmcab  HTTP/1.1" 200 41806
167.0.152.142 - - [07/Dec/2023:06:42:23 -0500] "POST /sipse/faces/presentacion/financiero/solicitudProceso/listarSolicitudProceso.xhtml HTTP/1.1" 200 26589
216.244.66.195 - - [07/Dec/2023:06:42:24 -0500] "GET /BLA/resoluciones/AUTOS%202010/3313.pdf HTTP/1.1" 200 1508105
167.0.152.142 - - [07/Dec/2023:06:42:24 -0500] "POST /sipse/faces/presentacion/financiero/solicitudProceso/listarSolicitudProceso.xhtml HTTP/1.1" 200 11368
167.0.152.142 - - [07/Dec/2023:06:42:25 -0500] "POST /sipse/faces/presentacion/financiero/solicitudProceso/listarSolicitudProceso.xhtml HTTP/1.1" 200 2341
186.102.44.223 - - [07/Dec/2023:06:42:27 -0500] "GET /kwssiamovil/sm/acme/a?s=U2FsdGVkX1/f+cCT71Zq+hNe3kaT2fEpBnn6j2L0BxKfWH8Etnx7HFFxE4xQiu4hXqwpnJiHFEiGUn4JM70FfdTLo38+h4jvWIFjbdVplZ6X4drdQTOeT8wwM/RSZopGpNva6W5lWofLm9H9F8eBu+o7qeleM3YYZ5SVK27HjX1jLx+4D9s9rqtDFWXJWiU+NoDeP5He8vA2J05Z3akDAc/WAX061bJh2R0IvHr1ot4N0cEB6yHuu2+JEyncW8dN0TCzFd3WmH+QLgqokAjBSg==&u=U2FsdGVkX19jHa8sFLgwjaobISrKrmrrEwbZNoLKmrg=&y=U2FsdGVkX19st7SseAHVYFlOzGj8PX34kjqN+y2LfaDJzsvUNUXK1UlsnNY5tA33 HTTP/1.1" 200 26
186.102.44.223 - - [07/Dec/2023:06:42:28 -0500] "GET /kwssiamovil/sm/acme/a?s=U2FsdGVkX1/p2LQz9o/rWmWD0E2yyUsTKomdmMsqgz9HL2faEX//Chs5gs5jWAcuS915kU3+mPYb7rGSMFs2Kg+f1H+0MVtORm0vmM/PbzGt7ECHHmBlDooPdTRLIyyeAUGuzwk8X+eC6GpaWeNKmhU0x2VFKLm3UefyudRUDug52pa447zHXhI7xwUC3B9kcg+ssqbg9SSVWkOa5qauDG5nPXIacGHLVP9CYvmOBpJXc+SUKRExwvTtSNkSgfmfz2HiDJ4M7gv6R/9C0pQIYPP0sMcnuWLkwnxgnOd5HIwwEmPzBX6mDwQnaFZ1E5X5+5RPNux2GkOc1t034Yyz5YK7KE0jmZaNADBe9cnQASyxFn9TLSlV/tGyyEJrIowLY+Ay4k1iAcHcF7aj3Y9+2GszYGWYf72fRyCiAS58kUwoW5UFoRd7zPUlCiPCnBtfrerFwaZkVvOSzJHg8erTzP3MlwHueeCHe4HQAjgGcFFEdyY7HLzrXd7fk6AgYpEJb+HI1Aa1RTb4TPhWlcR/cQZqJyV/gIOO/vqlDV+20D1gjoSu/QngYJpvGC7RW4ktxOM3tM9/x5g/kof9oCyZ806roqWdm39SBxwvOf6o4CfTq6Dwy2XdUrAP7d9YqtR93yegb4XkOcLgGQwxAPVQNopTm9a5afD+kLE3pnkuHavvs0V4oYSuLaQcJv8/KKeVESn2c4ywOwgE16PAE4IzgPmgjItUfRV8wAay51KK5SSyX2o+3d1o1HLz2NWThzP8WtRM99yS1QBTVybukstkiqZdIt3OqH7SDxDWL7o3PcClnXKGHDZQmfvGwWywN9buKijoor6574Dm3wQHUXXAZZUHF5EISO9nJ6z05eJ1kCUqQMwUTL6SkPUaVk7A3fi6KRmUOowK8tjEL64LseB6ITkycS7AfkkR7rr1Z0vzQVf/pvUKay9mfVuqzkOuFVzlSmdGdbgg0rfEAod6cuWCeRNVDQRPqjWus1cgWI3bIsp3j0+40XMpv1uV26ntMDoA7ySDF/N4Q4RVqZO2cRzTgg5FtexzonoiUlUtPVDXkvzLrVc0B2Z1/Vsi7+lOV2FOV/Vfh2ywBydIKoAknuu8CZNaRevI/dh2VqsBxGpb86qqW1mWtRE9tZRgcTelmIbEzZRklmIRsxbSR5aQX8mrUN94vl2mIhnjdLvLLAGyfR8iiODgOyB04DiOfmD+zftYmxySKxeGeM7XD+J8UwvxE4wX80RtEldqB8L2oPsZvit6HImbs3oCP3ljIJ5n1eZLrltd0MlcAjexvTcOzVvDq2Tk5Il2OtRPQspLeiErMTuGrKaWLqRaKxB+ZltUQNFLWNecV/wX/OjTwhZh2uxd0iVFsiL9awiPTAnpJc0CHGb+HXN32Gt9v2xiBg2OaVFU+DfOAVzun9t4ALcjZCe4onUogegaGqil42NK+mB6yaCZeBdSPQZTLGQHwNZAa3G7TN0fhnx9OpoG2B1PuM66999wK4mVci0YewG8xvaYCFrJd7Sz5b3+n7cL5MYX8zJGE7UpUOG7SVt0inW1ojJBmbBmJKpD50Fj7PRrOURiehGblVdCuzLqGeHg/a2Gr4lJwbSm055EP1XbPwlGrqwIXy+hh2Gx5BydyFeCabVaUrEH4VEOK3DZTpQLQZKQngbJmXzqHBjboHlGsh0uwYRiR4cuWAscSq8JwYg920BaarRs1V1oBjK8ZJ7K8LQAh6+RlCy86GRUvLFYTjXjkn3agJ4B4dcs1Z/33IfJl8kuMjSe8yZjMoHhJMsIGkLBWkJTfWZe0/PqrvPgQciIlSXw9ofTrRm8e50UjsPnfyszPtanjesC/hQ8IhQQ7yjbqcFQsTjqQvPjOJ7aQ94WWhjT7elJl/iYHome3wtB+IxnVv2a8lEMUSgVQZSpnhzuDNLJ22G5xvu6LpE1ZbVIa4dNjexHMaG4Xalh8cxog0aj9pGLCmdNwi/1z4VuxZLzB65L&u=U2FsdGVkX19jHa8sFLgwjaobISrKrmrrEwbZNoLKmrg=&y=U2FsdGVkX19st7SseAHVYFlOzGj8PX34kjqN+y2LfaDJzsvUNUXK1UlsnNY5tA33 HTTP/1.1" 200 26
186.102.44.223 - - [07/Dec/2023:06:42:28 -0500] "GET /kwssiamovil/sm/acme/a?s=U2FsdGVkX18PHnbV1EzKNpmsq/cW0K44NCykbk2Kp0u17oyDmmwmqYkMPPmZ4QEvV71ugJ1MDm1AGtIUbNT/ZKqoc1xgxaA13pkuJXGB4P+xZjfBLhPHfXjapGrFD6s+Hug09E4zF+Fyi1KlhG5uF2FlO1ayJtGbR9cklsiv97E=&u=U2FsdGVkX19jHa8sFLgwjaobISrKrmrrEwbZNoLKmrg=&y=U2FsdGVkX19st7SseAHVYFlOzGj8PX34kjqN+y2LfaDJzsvUNUXK1UlsnNY5tA33 HTTP/1.1" 200 26
167.0.152.142 - - [07/Dec/2023:06:42:28 -0500] "POST /sipse/faces/presentacion/financiero/solicitudProceso/listarSolicitudProceso.xhtml HTTP/1.1" 200 11368
186.102.44.223 - - [07/Dec/2023:06:42:28 -0500] "GET /kwssiamovil/sm/acme/a?s=U2FsdGVkX19x+Eqfo7NzYkD2+Q3PrJtQSiSVtodU/bYk5Ns69LCLswFGblfb+CqjMUAnoAmV+s9qXoiDYjTeuNnk8gNPCPAC6y9/oQoMejTYZVyvgcspEElwYSAjuRc16dClEBy0DNyYmlfUwJD3cRIdWSL6Xr7Vn0ot1MZXhNs=&u=U2FsdGVkX19jHa8sFLgwjaobISrKrmrrEwbZNoLKmrg=&y=U2FsdGVkX19st7SseAHVYFlOzGj8PX34kjqN+y2LfaDJzsvUNUXK1UlsnNY5tA33 HTTP/1.1" 200 26
186.102.44.223 - - [07/Dec/2023:06:42:28 -0500] "GET /kwssiamovil/sm/acme/a?s=U2FsdGVkX1/dHUHC9a+ExdoFIZAAauVxCEvwBMXqqppyNtvavU7SSVuTcVkjYsqc+kc5nWMus2tREhoQ3SX4+nwQfqiqAv05HC1NnBNkzMVj8snZ9mXmgbZ/kvPMK4eqWnT8T3lecrgostEzm7WV+Q6TZFneULjSSukTs8Ykr6c=&u=U2FsdGVkX19jHa8sFLgwjaobISrKrmrrEwbZNoLKmrg=&y=U2FsdGVkX19st7SseAHVYFlOzGj8PX34kjqN+y2LfaDJzsvUNUXK1UlsnNY5tA33 HTTP/1.1" 200 26
186.102.44.223 - - [07/Dec/2023:06:42:29 -0500] "GET /kwssiamovil/sm/acme/a?s=U2FsdGVkX193NqtsULJFZz3Nl2l7RVqm+cyVCp+HQ1rYV2oIl/OKwpplq8IttZVya1D9cAgFvZDJ+nU4u8/ZzRHaVIopqMx7/FpVOhkatCqupRcPfhwmreGBK02Kp5arQ/QXhIiFlFV9wFGCxIsSKZViGk700hYFGmDVD7RcrsIU5JN96pb2SZnG3PAA5+sigk+OXtmrAXWiHgL31om7NA==&u=U2FsdGVkX19jHa8sFLgwjaobISrKrmrrEwbZNoLKmrg=&y=U2FsdGVkX19st7SseAHVYFlOzGj8PX34kjqN+y2LfaDJzsvUNUXK1UlsnNY5tA33 HTTP/1.1" 200 26
167.0.152.142 - - [07/Dec/2023:06:42:29 -0500] "POST /sipse/faces/presentacion/financiero/solicitudProceso/listarSolicitudProceso.xhtml HTTP/1.1" 200 5309
167.0.152.142 - - [07/Dec/2023:06:42:31 -0500] "POST /sipse/faces/presentacion/financiero/solicitudProceso/listarSolicitudProceso.xhtml HTTP/1.1" 200 123554
167.0.152.142 - - [07/Dec/2023:06:42:32 -0500] "GET /sipse/faces/javax.faces.resource/theme.css?ln=primefaces-sipse HTTP/1.1" 304 -
167.0.152.142 - - [07/Dec/2023:06:42:32 -0500] "GET /sipse/faces/javax.faces.resource/primefaces.css?ln=primefaces&v=4.0 HTTP/1.1" 304 -
167.0.152.142 - - [07/Dec/2023:06:42:32 -0500] "GET /sipse/faces/javax.faces.resource/layout/layout.css?ln=primefaces&v=4.0 HTTP/1.1" 304 -
167.0.152.142 - - [07/Dec/2023:06:42:32 -0500] "GET /sipse/faces/javax.faces.resource/jquery/jquery.js?ln=primefaces&v=4.0 HTTP/1.1" 304 -
167.0.152.142 - - [07/Dec/2023:06:42:33 -0500] "GET /sipse/faces/javax.faces.resource/jquery/jquery-plugins.js?ln=primefaces&v=4.0 HTTP/1.1" 304 -
167.0.152.142 - - [07/Dec/2023:06:42:33 -0500] "GET /sipse/faces/javax.faces.resource/primefaces.js?ln=primefaces&v=4.0 HTTP/1.1" 304 -
167.0.152.142 - - [07/Dec/2023:06:42:33 -0500] "GET /sipse/faces/javax.faces.resource/layout/layout.js?ln=primefaces&v=4.0 HTTP/1.1" 304 -
167.0.152.142 - - [07/Dec/2023:06:42:33 -0500] "GET /sipse/css/imagen/contrasena.png HTTP/1.1" 404 383
167.0.152.142 - - [07/Dec/2023:06:42:34 -0500] "GET /sipse/faces/javax.faces.resource/dynamiccontent.properties?ln=primefaces&pfdrid=XjOR5%2F%2FfPAZAuY9TpWQeCiM0BhlXxYRBGKi%2FQcXXfeA%3D&pfdrid_c=false HTTP/1.1" 500 383
216.245.221.92 - - [07/Dec/2023:06:43:01 -0500] "HEAD / HTTP/1.1" 200 -
216.244.66.195 - - [07/Dec/2023:06:43:10 -0500] "GET /BLA/resoluciones/AUTOS%202010/4416.pdf HTTP/1.1" 200 141259
66.249.66.20 - - [07/Dec/2023:06:43:15 -0500] "GET /BLA/resoluciones/RESOLUCIONES%202010/6198.pdf HTTP/1.1" 200 665376
216.244.66.195 - - [07/Dec/2023:06:43:40 -0500] "GET /BLA/resoluciones/AUTOS%202010/4574.pdf HTTP/1.1" 200 237637
167.0.152.142 - - [07/Dec/2023:06:43:42 -0500] "POST /sipse/faces/presentacion/financiero/solicitudProceso/consultarSolicitudProceso.xhtml HTTP/1.1" 200 265057
167.0.152.142 - - [07/Dec/2023:06:44:04 -0500] "POST /sipse/faces/presentacion/financiero/solicitudProceso/consultarSolicitudProceso.xhtml HTTP/1.1" 200 2264576
216.244.66.195 - - [07/Dec/2023:06:44:09 -0500] "GET /BLA/resoluciones/AUTOS%202010/5322.pdf HTTP/1.1" 200 2384390
167.0.152.142 - - [07/Dec/2023:06:44:12 -0500] "POST /sipse/faces/presentacion/financiero/solicitudProceso/consultarSolicitudProceso.xhtml HTTP/1.1" 200 38511
167.0.152.142 - - [07/Dec/2023:06:44:16 -0500] "POST /sipse/faces/presentacion/financiero/solicitudProceso/consultarSolicitudProceso.xhtml HTTP/1.1" 200 2155061
172.22.2.4 - - [07/Dec/2023:06:44:23 -0500] "GET /BLA/boletinlegal/xmlrpc.php HTTP/1.1" 404 1038
167.0.152.142 - - [07/Dec/2023:06:44:25 -0500] "POST /sipse/faces/presentacion/financiero/solicitudProceso/consultarSolicitudProceso.xhtml HTTP/1.1" 200 5461
167.0.152.142 - - [07/Dec/2023:06:44:26 -0500] "GET /sipse/faces/javax.faces.resource/dynamiccontent.properties?ln=primefaces&pfdrid=XjOR5%2F%2FfPAZAuY9TpWQeCiM0BhlXxYRBGKi%2FQcXXfeA%3D&pfdrid_c=false HTTP/1.1" 200 117344
172.22.2.4 - - [07/Dec/2023:06:42:53 -0500] "HEAD /BLA/boletinlegal/ HTTP/1.1" 200 -
216.244.66.195 - - [07/Dec/2023:06:44:42 -0500] "GET /BLA/resoluciones/AUTOS%202010/5363.pdf HTTP/1.1" 200 307336
216.244.66.195 - - [07/Dec/2023:06:45:13 -0500] "GET /BLA/resoluciones/AUTOS%202010/5578.pdf HTTP/1.1" 200 846516
172.22.2.4 - - [07/Dec/2023:06:43:44 -0500] "GET /BLA/boletinlegal/ HTTP/1.1" 200 52827
216.244.66.195 - - [07/Dec/2023:06:45:42 -0500] "GET /BLA/resoluciones/AUTOS%202010/5818.pdf HTTP/1.1" 200 232328
216.244.66.195 - - [07/Dec/2023:06:46:11 -0500] "GET /BLA/resoluciones/AUTOS%202010/6178.pdf HTTP/1.1" 200 167351
216.244.66.195 - - [07/Dec/2023:06:46:38 -0500] "GET /BLA/resoluciones/AUTOS%202010/6318.pdf HTTP/1.1" 200 275759
52.167.144.231 - - [07/Dec/2023:06:46:53 -0500] "GET /dia-nacional-del-arbol-atributos-y-caracteristicas-de-las-especies-representativas-de-bogota.html HTTP/1.1" 200 697
216.244.66.195 - - [07/Dec/2023:06:47:04 -0500] "GET /BLA/resoluciones/AUTOS%202010/6577.pdf HTTP/1.1" 200 152913
201.245.192.253 - - [07/Dec/2023:06:47:13 -0500] "POST /kwsrmcab/Wsrmcab  HTTP/1.1" 200 41806
216.244.66.195 - - [07/Dec/2023:06:47:31 -0500] "GET /BLA/resoluciones/AUTOS%202011/3789.pdf HTTP/1.1" 200 224068
216.244.66.195 - - [07/Dec/2023:06:47:55 -0500] "GET /BLA/resoluciones/AUTOS%202016/3191.pdf HTTP/1.1" 200 358380
216.245.221.92 - - [07/Dec/2023:06:48:01 -0500] "HEAD / HTTP/1.1" 200 -
216.244.66.195 - - [07/Dec/2023:06:48:18 -0500] "GET /BLA/resoluciones/RESOLUCIONES%202016/0359.pdf HTTP/1.1" 200 1462062
216.244.66.195 - - [07/Dec/2023:06:48:43 -0500] "GET /BLA/resoluciones/RESOLUCIONES%202016/0418.pdf HTTP/1.1" 200 841483
216.244.66.195 - - [07/Dec/2023:06:49:05 -0500] "GET /BLA/resoluciones/RESOLUCIONES%202016/0611.pdf HTTP/1.1" 200 524249
216.244.66.195 - - [07/Dec/2023:06:49:25 -0500] "GET /BLA/resoluciones/RESOLUCIONES%202016/0845.pdf HTTP/1.1" 200 513391
66.249.66.21 - - [07/Dec/2023:06:49:41 -0500] "GET /BLA/resoluciones/RESOLUCIONES%202011/2544.pdf HTTP/1.1" 200 720463
216.244.66.195 - - [07/Dec/2023:06:49:45 -0500] "GET /BLA/resoluciones/RESOLUCIONES%202016/0878.pdf HTTP/1.1" 200 346348
216.244.66.195 - - [07/Dec/2023:06:50:03 -0500] "GET /BLA/resoluciones/RESOLUCIONES%202016/1342.pdf HTTP/1.1" 200 593675
172.22.2.4 - - [07/Dec/2023:06:48:43 -0500] "HEAD /BLA/boletinlegal/ HTTP/1.1" 200 -
216.244.66.195 - - [07/Dec/2023:06:50:24 -0500] "GET /BLA/resoluciones/RESOLUCIONES%202016/1386.pdf HTTP/1.1" 200 345474
216.244.66.195 - - [07/Dec/2023:06:50:40 -0500] "GET /BLA/resoluciones/RESOLUCIONES%202016/1397.pdf HTTP/1.1" 200 4471617
216.244.66.195 - - [07/Dec/2023:06:51:13 -0500] "GET /BLA/resoluciones/RESOLUCIONES%202016/1812.pdf HTTP/1.1" 200 311403
172.22.2.4 - - [07/Dec/2023:06:49:34 -0500] "GET /BLA/boletinlegal/ HTTP/1.1" 200 56997
216.244.66.195 - - [07/Dec/2023:06:51:43 -0500] "GET /BLA/resoluciones/RESOLUCIONES%202016/1939.pdf HTTP/1.1" 200 490758
216.244.66.195 - - [07/Dec/2023:06:52:13 -0500] "GET /BLA/resoluciones/RESOLUCIONES%202016/2135.pdf HTTP/1.1" 200 331894
201.245.192.253 - - [07/Dec/2023:06:52:12 -0500] "POST /kwsrmcab/Wsrmcab  HTTP/1.1" 200 41806
216.244.66.195 - - [07/Dec/2023:06:52:41 -0500] "GET /BLA/resoluciones/RESOLUCIONES%202016/2404.pdf HTTP/1.1" 200 633993
216.245.221.92 - - [07/Dec/2023:06:53:01 -0500] "HEAD / HTTP/1.1" 200 -
66.249.66.21 - - [07/Dec/2023:06:51:40 -0500] "GET /BLA/boletinlegal/index.php? HTTP/1.1" 200 63167
52.167.144.145 - - [07/Dec/2023:06:53:24 -0500] "GET /portaldeninos/humedal-cordoba-2/ HTTP/1.1" 200 88041
167.0.152.142 - - [07/Dec/2023:06:53:40 -0500] "POST /sipse/faces/presentacion/financiero/solicitudProceso/consultarSolicitudProceso.xhtml HTTP/1.1" 200 2264576
167.0.152.142 - - [07/Dec/2023:06:53:47 -0500] "POST /sipse/faces/presentacion/financiero/solicitudProceso/consultarSolicitudProceso.xhtml HTTP/1.1" 200 200771
40.77.167.136 - - [07/Dec/2023:06:53:52 -0500] "GET /BLA/resoluciones/AUTOS%202022/0577.pdf HTTP/1.1" 200 371263
66.249.66.21 - - [07/Dec/2023:06:54:04 -0500] "GET /BLA/resoluciones/RESOLUCIONES%202009/0598.pdf HTTP/1.1" 200 302659
40.77.167.27 - - [07/Dec/2023:06:54:12 -0500] "GET /portaldeninos/wp-content/plugins/gallery-videos/CSS/Total-Soft-Gallery-Video-Widget.css?ver=4.9.8 HTTP/1.1" 200 51554
40.77.167.27 - - [07/Dec/2023:06:54:12 -0500] "GET /portaldeninos/wp-content/plugins/gallery-videos/JS/modernizr.custom.js?ver=4.9.8 HTTP/1.1" 200 9019
40.77.167.27 - - [07/Dec/2023:06:54:12 -0500] "GET /portaldeninos/wp-content/plugins/gallery-videos/CSS/totalsoft.css?ver=4.9.8 HTTP/1.1" 200 40622
40.77.167.27 - - [07/Dec/2023:06:54:13 -0500] "GET /portaldeninos/wp-content/themes/betheme/assets/jplayer/css/jplayer.blue.monday.css?ver=20.9.6 HTTP/1.1" 200 9834
40.77.167.27 - - [07/Dec/2023:06:54:13 -0500] "GET /portaldeninos/wp-content/themes/betheme/assets/ui/jquery.ui.all.css?ver=20.9.6 HTTP/1.1" 200 18765
40.77.167.27 - - [07/Dec/2023:06:54:13 -0500] "GET /portaldeninos/wp-content/themes/betheme/css/base.css?ver=20.9.6 HTTP/1.1" 200 57283
40.77.167.27 - - [07/Dec/2023:06:54:14 -0500] "GET /portaldeninos/wp-content/themes/betheme/css/responsive.css?ver=20.9.6 HTTP/1.1" 200 55740
40.77.167.27 - - [07/Dec/2023:06:54:14 -0500] "GET /portaldeninos/wp-content/themes/betheme/js/scripts.js?ver=20.9.6 HTTP/1.1" 200 77162
40.77.167.27 - - [07/Dec/2023:06:54:14 -0500] "GET /portaldeninos/wp-content/uploads/useanyfont/uaf.css?ver=1589905315 HTTP/1.1" 200 408
52.167.144.145 - - [07/Dec/2023:06:54:21 -0500] "GET /portaldeninos/wp-content/themes/betheme/assets/animations/animations.min.css?ver=20.9.6 HTTP/1.1" 200 58508
52.167.144.145 - - [07/Dec/2023:06:54:22 -0500] "GET /portaldeninos/wp-includes/js/jquery/ui/accordion.min.js?ver=1.11.4 HTTP/1.1" 200 8584
52.167.144.145 - - [07/Dec/2023:06:54:22 -0500] "GET /portaldeninos/wp-includes/js/jquery/ui/mouse.min.js?ver=1.11.4 HTTP/1.1" 200 3148
52.167.144.145 - - [07/Dec/2023:06:54:22 -0500] "GET /portaldeninos/wp-includes/js/jquery/ui/widget.min.js?ver=1.11.4 HTTP/1.1" 200 6908
52.167.144.145 - - [07/Dec/2023:06:54:23 -0500] "GET /portaldeninos/wp-includes/js/jquery/ui/tabs.min.js?ver=1.11.4 HTTP/1.1" 200 12110
52.167.144.145 - - [07/Dec/2023:06:54:23 -0500] "GET /portaldeninos/wp-includes/js/wp-embed.min.js?ver=4.9.8 HTTP/1.1" 200 1398
52.167.144.176 - - [07/Dec/2023:06:54:27 -0500] "GET /portaldeninos/wp-content/themes/betheme/assets/animations/animations.min.js?ver=20.9.6 HTTP/1.1" 200 1896
52.167.144.176 - - [07/Dec/2023:06:54:27 -0500] "GET /portaldeninos/wp-content/themes/betheme/assets/jplayer/jplayer.min.js?ver=20.9.6 HTTP/1.1" 200 52702
52.167.144.176 - - [07/Dec/2023:06:54:28 -0500] "GET /portaldeninos/wp-content/themes/betheme/css/shortcodes.css?ver=20.9.6 HTTP/1.1" 200 138889
52.167.144.176 - - [07/Dec/2023:06:54:28 -0500] "GET /portaldeninos/wp-content/themes/betheme/js/plugins.js?ver=20.9.6 HTTP/1.1" 200 197151
52.167.144.176 - - [07/Dec/2023:06:54:28 -0500] "GET /portaldeninos/wp-content/themes/betheme/style.css?ver=20.9.6 HTTP/1.1" 200 287
52.167.144.176 - - [07/Dec/2023:06:54:29 -0500] "GET /portaldeninos/wp-includes/js/jquery/ui/core.min.js?ver=1.11.4 HTTP/1.1" 200 4000
52.167.144.176 - - [07/Dec/2023:06:54:29 -0500] "GET /portaldeninos/wp-includes/js/wp-emoji-release.min.js?ver=4.9.8 HTTP/1.1" 200 12026
172.22.2.4 - - [07/Dec/2023:06:54:33 -0500] "HEAD /BLA/boletinlegal/ HTTP/1.1" 200 -
172.22.2.4 - - [07/Dec/2023:06:55:24 -0500] "GET /BLA/boletinlegal/ HTTP/1.1" 200 60634
201.245.192.253 - - [07/Dec/2023:06:57:11 -0500] "POST /kwsrmcab/Wsrmcab  HTTP/1.1" 200 41806
216.245.221.92 - - [07/Dec/2023:06:58:01 -0500] "HEAD / HTTP/1.1" 200 -
216.244.66.195 - - [07/Dec/2023:06:59:31 -0500] "GET /robots.txt HTTP/1.1" 404 1018
66.249.66.21 - - [07/Dec/2023:07:00:00 -0500] "GET /BLA/resoluciones/RESOLUCIONES%202007/RES%202007%202101%20AL%202200/RESOLUCION%202148%20DE%202007.pdf HTTP/1.1" 200 181076
173.252.87.117 - - [07/Dec/2023:07:00:14 -0500] "GET /images/presentaci\xc3\xb3n%20convenci\xc3\xb3n.jpg HTTP/1.1" 404 1034
172.22.2.4 - - [07/Dec/2023:07:00:28 -0500] "GET /BLA/boletinlegal/jurisprudencia/analisis/ANALISIST-257-96.docx HTTP/1.1" 200 19486
172.22.2.4 - - [07/Dec/2023:07:00:58 -0500] "GET /BLA/boletinlegal/Circulares/2017/Circular%20No.%20011%20del%2005%20de%20julio%20de%202017.pdf HTTP/1.1" 304 -
172.22.2.4 - - [07/Dec/2023:07:00:59 -0500] "GET /BLA/boletinlegal/Circulares/2023/CIRCULAR%20No.%2000009%20DEL%2010%20DE%20OCTUBRE%20DEL%202023.pdf HTTP/1.1" 304 -
172.22.2.4 - - [07/Dec/2023:07:00:23 -0500] "HEAD /BLA/boletinlegal/ HTTP/1.1" 200 -
201.245.192.253 - - [07/Dec/2023:07:02:09 -0500] "POST /kwsrmcab/Wsrmcab  HTTP/1.1" 200 41806
181.56.171.197 - - [07/Dec/2023:07:02:20 -0500] "POST /sipse/faces/presentacion/financiero/solicitudProceso/consultarSolicitudProceso.xhtml HTTP/1.1" 302 -
181.56.171.197 - - [07/Dec/2023:07:02:20 -0500] "GET /sipse/faces/autenticacion.xhtml HTTP/1.1" 200 1099
181.56.171.197 - - [07/Dec/2023:07:02:22 -0500] "POST /sipse/faces/presentacion/financiero/solicitudProceso/consultarSolicitudProceso.xhtml HTTP/1.1" 302 -
181.56.171.197 - - [07/Dec/2023:07:02:22 -0500] "GET /sipse/faces/autenticacion.xhtml HTTP/1.1" 200 1099
52.167.144.17 - - [07/Dec/2023:07:02:24 -0500] "GET /BLA/resoluciones/AUTOS%202013/0887.pdf HTTP/1.1" 200 1794899
181.56.171.197 - - [07/Dec/2023:07:02:29 -0500] "GET /sipse/faces/index.xhtml HTTP/1.1" 200 677
181.56.171.197 - - [07/Dec/2023:07:02:29 -0500] "GET /sipse/faces/javax.faces.resource/theme.css?ln=primefaces-sipse HTTP/1.1" 304 -
181.56.171.197 - - [07/Dec/2023:07:02:29 -0500] "GET /sipse/faces/faces/autenticacion.xhtml HTTP/1.1" 200 12413
181.56.171.197 - - [07/Dec/2023:07:02:29 -0500] "GET /sipse/css/custom_css_sg_prime_login.css HTTP/1.1" 200 443
181.56.171.197 - - [07/Dec/2023:07:02:29 -0500] "GET /sipse/css/custom_css_sg.css HTTP/1.1" 200 9694
181.56.171.197 - - [07/Dec/2023:07:02:29 -0500] "GET /sipse/faces/javax.faces.resource/primefaces.css?ln=primefaces&v=4.0 HTTP/1.1" 304 -
181.56.171.197 - - [07/Dec/2023:07:02:29 -0500] "GET /sipse/faces/javax.faces.resource/theme.css?ln=primefaces-sipse HTTP/1.1" 304 -
181.56.171.197 - - [07/Dec/2023:07:02:29 -0500] "GET /sipse/faces/javax.faces.resource/layout/layout.css?ln=primefaces&v=4.0 HTTP/1.1" 304 -
181.56.171.197 - - [07/Dec/2023:07:02:29 -0500] "GET /sipse/js/funciones.js HTTP/1.1" 304 -
181.56.171.197 - - [07/Dec/2023:07:02:29 -0500] "GET /sipse/js/disable_browser_buttons.js HTTP/1.1" 200 3230
181.56.171.197 - - [07/Dec/2023:07:02:29 -0500] "GET /sipse/faces/javax.faces.resource/jquery/jquery.js?ln=primefaces&v=4.0 HTTP/1.1" 304 -
181.56.171.197 - - [07/Dec/2023:07:02:29 -0500] "GET /sipse/faces/javax.faces.resource/primefaces.js?ln=primefaces&v=4.0 HTTP/1.1" 304 -
181.56.171.197 - - [07/Dec/2023:07:02:29 -0500] "GET /sipse/faces/javax.faces.resource/jquery/jquery-plugins.js?ln=primefaces&v=4.0 HTTP/1.1" 304 -
181.56.171.197 - - [07/Dec/2023:07:02:29 -0500] "GET /sipse/faces/javax.faces.resource/layout/layout.js?ln=primefaces&v=4.0 HTTP/1.1" 304 -
181.56.171.197 - - [07/Dec/2023:07:02:29 -0500] "GET /sipse/faces/javax.faces.resource/images/ui-icons_898989_256x240.png?ln=primefaces-aristo HTTP/1.1" 200 5355
181.56.171.197 - - [07/Dec/2023:07:02:29 -0500] "GET /sipse/css/imagen/loginimg.png HTTP/1.1" 200 71635
181.56.171.197 - - [07/Dec/2023:07:02:29 -0500] "GET /sipse/css/imagen/logoSDG.png HTTP/1.1" 200 53064
181.56.171.197 - - [07/Dec/2023:07:02:30 -0500] "GET /favicon.ico HTTP/1.1" 200 7782
181.56.171.197 - - [07/Dec/2023:07:02:42 -0500] "POST /sipse/faces/autenticacion.xhtml HTTP/1.1" 200 2228
181.56.171.197 - - [07/Dec/2023:07:02:42 -0500] "GET /sipse/faces/javax.faces.resource/messages/messages.png?ln=primefaces&v=4.0 HTTP/1.1" 200 27209
181.56.171.197 - - [07/Dec/2023:07:02:45 -0500] "POST /sipse/faces/autenticacion.xhtml HTTP/1.1" 200 16459
181.56.171.197 - - [07/Dec/2023:07:02:45 -0500] "GET /sipse/css/custom_css_sg_prime.css HTTP/1.1" 200 5201
181.56.171.197 - - [07/Dec/2023:07:02:45 -0500] "GET /sipse/faces/javax.faces.resource/theme.css?ln=primefaces-sipse HTTP/1.1" 304 -
181.56.171.197 - - [07/Dec/2023:07:02:45 -0500] "GET /sipse/faces/javax.faces.resource/primefaces.css?ln=primefaces&v=4.0 HTTP/1.1" 304 -
181.56.171.197 - - [07/Dec/2023:07:02:45 -0500] "GET /sipse/faces/javax.faces.resource/layout/layout.css?ln=primefaces&v=4.0 HTTP/1.1" 304 -
181.56.171.197 - - [07/Dec/2023:07:02:45 -0500] "GET /sipse/js/jquery.min.js HTTP/1.1" 200 85582
181.56.171.197 - - [07/Dec/2023:07:02:45 -0500] "GET /sipse/faces/javax.faces.resource/jquery/jquery.js?ln=primefaces&v=4.0 HTTP/1.1" 304 -
181.56.171.197 - - [07/Dec/2023:07:02:45 -0500] "GET /sipse/faces/javax.faces.resource/jquery/jquery-plugins.js?ln=primefaces&v=4.0 HTTP/1.1" 304 -
181.56.171.197 - - [07/Dec/2023:07:02:45 -0500] "GET /sipse/faces/javax.faces.resource/primefaces.js?ln=primefaces&v=4.0 HTTP/1.1" 304 -
181.56.171.197 - - [07/Dec/2023:07:02:46 -0500] "GET /sipse/faces/javax.faces.resource/layout/layout.js?ln=primefaces&v=4.0 HTTP/1.1" 304 -
181.56.171.197 - - [07/Dec/2023:07:02:46 -0500] "GET /sipse/css/v_mergente.css HTTP/1.1" 200 1505
181.56.171.197 - - [07/Dec/2023:07:02:46 -0500] "GET /sipse/css/imagen/contrasena.png HTTP/1.1" 404 383
181.56.171.197 - - [07/Dec/2023:07:02:46 -0500] "GET /sipse/imagenes/cargando.gif HTTP/1.1" 200 36959
181.56.171.197 - - [07/Dec/2023:07:02:46 -0500] "GET /sipse/imagenes/logoAplicacion.jpg HTTP/1.1" 200 155084
181.56.171.197 - - [07/Dec/2023:07:02:48 -0500] "GET /sipse/faces/javax.faces.resource/images/ui-bg_flat_0_2d5972_40x100.png?ln=primefaces-aristo HTTP/1.1" 200 183
181.56.171.197 - - [07/Dec/2023:07:02:48 -0500] "POST /sipse/faces/bienvenido.xhtml HTTP/1.1" 200 2658
181.56.171.197 - - [07/Dec/2023:07:02:49 -0500] "POST /sipse/faces/bienvenido.xhtml HTTP/1.1" 200 64841
181.56.171.197 - - [07/Dec/2023:07:02:50 -0500] "GET /sipse/faces/javax.faces.resource/theme.css?ln=primefaces-sipse HTTP/1.1" 304 -
181.56.171.197 - - [07/Dec/2023:07:02:50 -0500] "GET /sipse/faces/javax.faces.resource/layout/layout.css?ln=primefaces&v=4.0 HTTP/1.1" 304 -
181.56.171.197 - - [07/Dec/2023:07:02:50 -0500] "GET /sipse/faces/javax.faces.resource/primefaces.css?ln=primefaces&v=4.0 HTTP/1.1" 304 -
181.56.171.197 - - [07/Dec/2023:07:02:50 -0500] "GET /sipse/faces/javax.faces.resource/jquery/jquery.js?ln=primefaces&v=4.0 HTTP/1.1" 304 -
181.56.171.197 - - [07/Dec/2023:07:02:50 -0500] "GET /sipse/faces/javax.faces.resource/jquery/jquery-plugins.js?ln=primefaces&v=4.0 HTTP/1.1" 304 -
181.56.171.197 - - [07/Dec/2023:07:02:50 -0500] "GET /sipse/faces/javax.faces.resource/primefaces.js?ln=primefaces&v=4.0 HTTP/1.1" 304 -
181.56.171.197 - - [07/Dec/2023:07:02:50 -0500] "GET /sipse/faces/javax.faces.resource/layout/layout.js?ln=primefaces&v=4.0 HTTP/1.1" 304 -
181.56.171.197 - - [07/Dec/2023:07:02:50 -0500] "POST /sipse/faces/presentacion/financiero/solicitudProceso/listarSolicitudProceso.xhtml HTTP/1.1" 200 1564
181.56.171.197 - - [07/Dec/2023:07:02:53 -0500] "POST /sipse/faces/presentacion/financiero/solicitudProceso/listarSolicitudProceso.xhtml HTTP/1.1" 200 7703
172.22.2.4 - - [07/Dec/2023:07:01:14 -0500] "GET /BLA/boletinlegal/ HTTP/1.1" 200 60634
216.245.221.92 - - [07/Dec/2023:07:03:01 -0500] "HEAD / HTTP/1.1" 200 -
42.81.132.185 - - [07/Dec/2023:07:03:24 -0500] "GET / HTTP/1.1" 200 319
69.63.189.9 - - [07/Dec/2023:07:03:27 -0500] "GET /bogota-cundinamarca-y-antioquia-comparten-experiencias-y-se-unen-para-monitorear-el-aire-en-sus-territorios.html HTTP/1.1" 206 931
69.63.189.6 - - [07/Dec/2023:07:03:27 -0500] "GET /bogota-cundinamarca-y-antioquia-comparten-experiencias-y-se-unen-para-monitorear-el-aire-en-sus-territorios.html HTTP/1.1" 200 931
69.63.189.2 - - [07/Dec/2023:07:03:27 -0500] "GET /bogota-cundinamarca-y-antioquia-comparten-experiencias-y-se-unen-para-monitorear-el-aire-en-sus-territorios.html HTTP/1.1" 200 931
181.53.12.29 - - [07/Dec/2023:07:03:32 -0500] "GET /sipse/faces/faces/ HTTP/1.1" 302 -
181.53.12.29 - - [07/Dec/2023:07:03:32 -0500] "GET /sipse/faces/autenticacion.xhtml HTTP/1.1" 200 12413
181.53.12.29 - - [07/Dec/2023:07:03:32 -0500] "GET /sipse/faces/javax.faces.resource/theme.css?ln=primefaces-sipse HTTP/1.1" 304 -
181.53.12.29 - - [07/Dec/2023:07:03:32 -0500] "GET /sipse/faces/javax.faces.resource/primefaces.css?ln=primefaces&v=4.0 HTTP/1.1" 304 -
181.53.12.29 - - [07/Dec/2023:07:03:32 -0500] "GET /sipse/faces/javax.faces.resource/jquery/jquery.js?ln=primefaces&v=4.0 HTTP/1.1" 304 -
181.53.12.29 - - [07/Dec/2023:07:03:32 -0500] "GET /sipse/faces/javax.faces.resource/layout/layout.css?ln=primefaces&v=4.0 HTTP/1.1" 304 -
181.53.12.29 - - [07/Dec/2023:07:03:32 -0500] "GET /sipse/faces/javax.faces.resource/jquery/jquery-plugins.js?ln=primefaces&v=4.0 HTTP/1.1" 304 -
181.53.12.29 - - [07/Dec/2023:07:03:32 -0500] "GET /sipse/faces/javax.faces.resource/primefaces.js?ln=primefaces&v=4.0 HTTP/1.1" 304 -
181.53.12.29 - - [07/Dec/2023:07:03:32 -0500] "GET /sipse/faces/javax.faces.resource/layout/layout.js?ln=primefaces&v=4.0 HTTP/1.1" 304 -
69.63.189.7 - - [07/Dec/2023:07:03:32 -0500] "GET /bogota-cundinamarca-y-antioquia-comparten-experiencias-y-se-unen-para-monitorear-el-aire-en-sus-territorios.html HTTP/1.1" 200 931
181.53.12.29 - - [07/Dec/2023:07:03:32 -0500] "GET /sipse/faces/javax.faces.resource/images/ui-icons_898989_256x240.png?ln=primefaces-aristo HTTP/1.1" 304 -
181.53.12.29 - - [07/Dec/2023:07:03:33 -0500] "GET /sipse/faces/index.xhtml HTTP/1.1" 200 677
181.53.12.29 - - [07/Dec/2023:07:03:33 -0500] "GET /sipse/faces/javax.faces.resource/theme.css?ln=primefaces-sipse HTTP/1.1" 304 -
181.53.12.29 - - [07/Dec/2023:07:03:33 -0500] "GET /sipse/faces/faces/autenticacion.xhtml HTTP/1.1" 200 12413
181.53.12.29 - - [07/Dec/2023:07:03:33 -0500] "GET /sipse/faces/javax.faces.resource/theme.css?ln=primefaces-sipse HTTP/1.1" 304 -
181.53.12.29 - - [07/Dec/2023:07:03:33 -0500] "GET /sipse/faces/javax.faces.resource/primefaces.css?ln=primefaces&v=4.0 HTTP/1.1" 304 -
181.53.12.29 - - [07/Dec/2023:07:03:33 -0500] "GET /sipse/faces/javax.faces.resource/layout/layout.css?ln=primefaces&v=4.0 HTTP/1.1" 304 -
181.53.12.29 - - [07/Dec/2023:07:03:33 -0500] "GET /sipse/faces/javax.faces.resource/jquery/jquery.js?ln=primefaces&v=4.0 HTTP/1.1" 304 -
181.53.12.29 - - [07/Dec/2023:07:03:33 -0500] "GET /sipse/faces/javax.faces.resource/jquery/jquery-plugins.js?ln=primefaces&v=4.0 HTTP/1.1" 304 -
181.53.12.29 - - [07/Dec/2023:07:03:33 -0500] "GET /sipse/faces/javax.faces.resource/primefaces.js?ln=primefaces&v=4.0 HTTP/1.1" 304 -
181.53.12.29 - - [07/Dec/2023:07:03:33 -0500] "GET /sipse/faces/javax.faces.resource/layout/layout.js?ln=primefaces&v=4.0 HTTP/1.1" 304 -
181.53.12.29 - - [07/Dec/2023:07:03:44 -0500] "POST /sipse/faces/autenticacion.xhtml HTTP/1.1" 200 2227
181.53.12.29 - - [07/Dec/2023:07:03:44 -0500] "GET /sipse/faces/javax.faces.resource/messages/messages.png?ln=primefaces&v=4.0 HTTP/1.1" 304 -
181.53.12.29 - - [07/Dec/2023:07:03:46 -0500] "GET /sipse/faces/javax.faces.resource/images/ui-icons_898989_256x240.png?ln=primefaces-aristo HTTP/1.1" 304 -
181.53.12.29 - - [07/Dec/2023:07:03:46 -0500] "POST /sipse/faces/autenticacion.xhtml HTTP/1.1" 200 16471
181.53.12.29 - - [07/Dec/2023:07:03:46 -0500] "GET /sipse/faces/javax.faces.resource/theme.css?ln=primefaces-sipse HTTP/1.1" 304 -
181.53.12.29 - - [07/Dec/2023:07:03:46 -0500] "GET /sipse/faces/javax.faces.resource/layout/layout.css?ln=primefaces&v=4.0 HTTP/1.1" 304 -
181.53.12.29 - - [07/Dec/2023:07:03:46 -0500] "GET /sipse/faces/javax.faces.resource/primefaces.css?ln=primefaces&v=4.0 HTTP/1.1" 304 -
181.53.12.29 - - [07/Dec/2023:07:03:46 -0500] "GET /sipse/faces/javax.faces.resource/jquery/jquery.js?ln=primefaces&v=4.0 HTTP/1.1" 304 -
181.53.12.29 - - [07/Dec/2023:07:03:46 -0500] "GET /sipse/faces/javax.faces.resource/jquery/jquery-plugins.js?ln=primefaces&v=4.0 HTTP/1.1" 304 -
181.53.12.29 - - [07/Dec/2023:07:03:46 -0500] "GET /sipse/faces/javax.faces.resource/primefaces.js?ln=primefaces&v=4.0 HTTP/1.1" 304 -
181.53.12.29 - - [07/Dec/2023:07:03:46 -0500] "GET /sipse/faces/javax.faces.resource/layout/layout.js?ln=primefaces&v=4.0 HTTP/1.1" 304 -
181.53.12.29 - - [07/Dec/2023:07:03:46 -0500] "GET /sipse/css/imagen/contrasena.png HTTP/1.1" 404 383
181.53.12.29 - - [07/Dec/2023:07:03:48 -0500] "GET /sipse/faces/javax.faces.resource/images/ui-bg_flat_0_2d5972_40x100.png?ln=primefaces-aristo HTTP/1.1" 304 -
181.53.12.29 - - [07/Dec/2023:07:03:48 -0500] "POST /sipse/faces/bienvenido.xhtml HTTP/1.1" 200 2060
181.53.12.29 - - [07/Dec/2023:07:03:50 -0500] "POST /sipse/faces/bienvenido.xhtml HTTP/1.1" 200 60285
181.53.12.29 - - [07/Dec/2023:07:03:50 -0500] "GET /sipse/faces/javax.faces.resource/primefaces.css?ln=primefaces&v=4.0 HTTP/1.1" 304 -
181.53.12.29 - - [07/Dec/2023:07:03:50 -0500] "GET /sipse/faces/javax.faces.resource/theme.css?ln=primefaces-sipse HTTP/1.1" 304 -
181.53.12.29 - - [07/Dec/2023:07:03:50 -0500] "GET /sipse/faces/javax.faces.resource/layout/layout.css?ln=primefaces&v=4.0 HTTP/1.1" 304 -
181.53.12.29 - - [07/Dec/2023:07:03:50 -0500] "GET /sipse/faces/javax.faces.resource/jquery/jquery.js?ln=primefaces&v=4.0 HTTP/1.1" 304 -
181.53.12.29 - - [07/Dec/2023:07:03:50 -0500] "GET /sipse/faces/javax.faces.resource/jquery/jquery-plugins.js?ln=primefaces&v=4.0 HTTP/1.1" 304 -
181.53.12.29 - - [07/Dec/2023:07:03:50 -0500] "GET /sipse/faces/javax.faces.resource/primefaces.js?ln=primefaces&v=4.0 HTTP/1.1" 304 -
181.53.12.29 - - [07/Dec/2023:07:03:50 -0500] "GET /sipse/faces/javax.faces.resource/layout/layout.js?ln=primefaces&v=4.0 HTTP/1.1" 304 -
181.53.12.29 - - [07/Dec/2023:07:03:50 -0500] "POST /sipse/faces/presentacion/financiero/solicitudProceso/listarSolicitudProceso.xhtml HTTP/1.1" 200 1564
186.102.29.173 - - [07/Dec/2023:07:03:59 -0500] "GET /kwssiamovil/sm/ldap/au?x=U2FsdGVkX18Rd5Dkwy2VRESN25DRN5Mg1sOICtVt1FQpWHw7C6jVWMjt2WSDpoNb&y=U2FsdGVkX1/oum7nNkcroQy+ICvY5daQeLjsGq4VjAOz4sFF7hXIOSeoSGcDCMbB HTTP/1.1" 200 30
186.102.29.173 - - [07/Dec/2023:07:04:00 -0500] "GET /kwssiamovil/sm/acme/s?s=U2FsdGVkX1+FBWIMWw3tJTt9iaKI6lOy3nzBmzYtxCmkq9G6TiPCcxYECcOkrL4T9JAo9/taf179ZepKi9/8cSiHvKs5RqaZbnMXySuZ52k=&u=U2FsdGVkX1+EquA5EvhAywKBn8/M37pPaQacDTWD1GN/vQsub8cn2d8hwg3WIsro&y=U2FsdGVkX1/oum7nNkcroQy+ICvY5daQeLjsGq4VjAOz4sFF7hXIOSeoSGcDCMbB HTTP/1.1" 200 97
