179.33.119.226 - - [07/Dec/2023:09:57:45 -0500] "GET /sipse/faces/faces/faces/autenticacion.xhtml HTTP/1.1" 200 12413
179.33.119.226 - - [07/Dec/2023:09:57:45 -0500] "GET /sipse/faces/javax.faces.resource/theme.css?ln=primefaces-sipse HTTP/1.1" 304 -
179.33.119.226 - - [07/Dec/2023:09:57:45 -0500] "GET /sipse/faces/javax.faces.resource/primefaces.css?ln=primefaces&v=4.0 HTTP/1.1" 304 -
179.33.119.226 - - [07/Dec/2023:09:57:45 -0500] "GET /sipse/faces/javax.faces.resource/layout/layout.css?ln=primefaces&v=4.0 HTTP/1.1" 304 -
179.33.119.226 - - [07/Dec/2023:09:57:45 -0500] "GET /sipse/faces/javax.faces.resource/jquery/jquery.js?ln=primefaces&v=4.0 HTTP/1.1" 304 -
179.33.119.226 - - [07/Dec/2023:09:57:45 -0500] "GET /sipse/faces/javax.faces.resource/jquery/jquery-plugins.js?ln=primefaces&v=4.0 HTTP/1.1" 304 -
179.33.119.226 - - [07/Dec/2023:09:57:45 -0500] "GET /sipse/faces/javax.faces.resource/primefaces.js?ln=primefaces&v=4.0 HTTP/1.1" 304 -
179.33.119.226 - - [07/Dec/2023:09:57:45 -0500] "GET /sipse/faces/javax.faces.resource/layout/layout.js?ln=primefaces&v=4.0 HTTP/1.1" 304 -
179.33.119.226 - - [07/Dec/2023:09:57:45 -0500] "GET /sipse/faces/javax.faces.resource/images/ui-icons_898989_256x240.png?ln=primefaces-aristo HTTP/1.1" 304 -
179.33.119.226 - - [07/Dec/2023:09:57:48 -0500] "POST /sipse/faces/autenticacion.xhtml HTTP/1.1" 200 2227
179.33.119.226 - - [07/Dec/2023:09:57:48 -0500] "GET /sipse/faces/javax.faces.resource/messages/messages.png?ln=primefaces&v=4.0 HTTP/1.1" 200 27209
216.244.66.195 - - [07/Dec/2023:09:57:48 -0500] "GET /BLA/resoluciones/AUTOS%202016/0611.pdf HTTP/1.1" 200 705106
179.33.119.226 - - [07/Dec/2023:09:57:49 -0500] "POST /sipse/faces/autenticacion.xhtml HTTP/1.1" 200 16467
179.33.119.226 - - [07/Dec/2023:09:57:50 -0500] "GET /sipse/js/jquery.min.js HTTP/1.1" 304 -
179.33.119.226 - - [07/Dec/2023:09:57:50 -0500] "GET /sipse/css/custom_css_sg_prime.css HTTP/1.1" 200 5201
179.33.119.226 - - [07/Dec/2023:09:57:50 -0500] "GET /sipse/faces/javax.faces.resource/jquery/jquery.js?ln=primefaces&v=4.0 HTTP/1.1" 304 -
179.33.119.226 - - [07/Dec/2023:09:57:50 -0500] "GET /sipse/faces/javax.faces.resource/jquery/jquery-plugins.js?ln=primefaces&v=4.0 HTTP/1.1" 304 -
179.33.119.226 - - [07/Dec/2023:09:57:50 -0500] "GET /sipse/faces/javax.faces.resource/primefaces.js?ln=primefaces&v=4.0 HTTP/1.1" 304 -
179.33.119.226 - - [07/Dec/2023:09:57:50 -0500] "GET /sipse/faces/javax.faces.resource/layout/layout.js?ln=primefaces&v=4.0 HTTP/1.1" 304 -
179.33.119.226 - - [07/Dec/2023:09:57:50 -0500] "GET /sipse/imagenes/cargando.gif HTTP/1.1" 304 -
179.33.119.226 - - [07/Dec/2023:09:57:50 -0500] "GET /sipse/imagenes/logoAplicacion.jpg HTTP/1.1" 304 -
179.33.119.226 - - [07/Dec/2023:09:57:50 -0500] "GET /sipse/css/v_mergente.css HTTP/1.1" 304 -
179.33.119.226 - - [07/Dec/2023:09:57:50 -0500] "GET /sipse/css/imagen/contrasena.png HTTP/1.1" 404 383
179.33.119.226 - - [07/Dec/2023:09:57:52 -0500] "GET /sipse/faces/javax.faces.resource/images/ui-bg_flat_0_2d5972_40x100.png?ln=primefaces-aristo HTTP/1.1" 304 -
179.33.119.226 - - [07/Dec/2023:09:57:52 -0500] "POST /sipse/faces/bienvenido.xhtml HTTP/1.1" 200 2060
179.33.119.226 - - [07/Dec/2023:09:57:54 -0500] "POST /sipse/faces/bienvenido.xhtml HTTP/1.1" 200 32565
179.33.119.226 - - [07/Dec/2023:09:57:54 -0500] "GET /sipse/faces/javax.faces.resource/jquery/jquery.js?ln=primefaces&v=4.0 HTTP/1.1" 304 -
179.33.119.226 - - [07/Dec/2023:09:57:54 -0500] "GET /sipse/faces/javax.faces.resource/jquery/jquery-plugins.js?ln=primefaces&v=4.0 HTTP/1.1" 304 -
179.33.119.226 - - [07/Dec/2023:09:57:54 -0500] "GET /sipse/faces/javax.faces.resource/primefaces.js?ln=primefaces&v=4.0 HTTP/1.1" 304 -
179.33.119.226 - - [07/Dec/2023:09:57:54 -0500] "GET /sipse/faces/javax.faces.resource/layout/layout.js?ln=primefaces&v=4.0 HTTP/1.1" 304 -
179.33.119.226 - - [07/Dec/2023:09:57:54 -0500] "POST /sipse/faces/presentacion/financiero/solicitudProceso/listarSolicitudProceso.xhtml HTTP/1.1" 200 1376
172.22.2.4 - - [07/Dec/2023:09:56:15 -0500] "GET /BLA/boletinlegal/ HTTP/1.1" 200 58644
216.244.66.195 - - [07/Dec/2023:09:58:00 -0500] "GET /BLA/resoluciones/AUTOS%202016/0618.pdf HTTP/1.1" 200 702084
216.245.221.92 - - [07/Dec/2023:09:58:01 -0500] "HEAD / HTTP/1.1" 200 -
201.245.192.253 - - [07/Dec/2023:09:58:04 -0500] "POST /sipse/faces/presentacion/financiero/solicitudProceso/listarSolicitudProceso.xhtml HTTP/1.1" 200 184
201.245.192.253 - - [07/Dec/2023:09:58:04 -0500] "POST /sipse/faces/presentacion/financiero/solicitudProceso/listarSolicitudProceso.xhtml HTTP/1.1" 200 184
201.245.192.253 - - [07/Dec/2023:09:58:05 -0500] "POST /sipse/faces/presentacion/financiero/solicitudProceso/listarSolicitudProceso.xhtml HTTP/1.1" 200 184
201.245.192.253 - - [07/Dec/2023:09:58:04 -0500] "GET /sipse/faces/presentacion/financiero/solicitudAnulacion/solicitudAnulacion.xhtml HTTP/1.1" 200 15776
201.245.192.253 - - [07/Dec/2023:09:58:05 -0500] "GET /sipse/faces/presentacion/financiero/solicitudAnulacion/solicitudAnulacion.xhtml HTTP/1.1" 200 20277
201.245.192.253 - - [07/Dec/2023:09:58:05 -0500] "GET /sipse/faces/presentacion/financiero/solicitudAnulacion/solicitudAnulacion.xhtml HTTP/1.1" 200 36020
201.245.192.253 - - [07/Dec/2023:09:58:05 -0500] "GET /sipse/faces/javax.faces.resource/theme.css?ln=primefaces-sipse HTTP/1.1" 304 -
201.245.192.253 - - [07/Dec/2023:09:58:05 -0500] "GET /sipse/faces/javax.faces.resource/layout/layout.css?ln=primefaces&v=4.0 HTTP/1.1" 304 -
201.245.192.253 - - [07/Dec/2023:09:58:05 -0500] "GET /sipse/faces/javax.faces.resource/primefaces.css?ln=primefaces&v=4.0 HTTP/1.1" 304 -
201.245.192.253 - - [07/Dec/2023:09:58:05 -0500] "GET /sipse/faces/javax.faces.resource/jquery/jquery.js?ln=primefaces&v=4.0 HTTP/1.1" 304 -
201.245.192.253 - - [07/Dec/2023:09:58:05 -0500] "GET /sipse/faces/javax.faces.resource/jquery/jquery-plugins.js?ln=primefaces&v=4.0 HTTP/1.1" 304 -
201.245.192.253 - - [07/Dec/2023:09:58:05 -0500] "GET /sipse/faces/javax.faces.resource/primefaces.js?ln=primefaces&v=4.0 HTTP/1.1" 304 -
201.245.192.253 - - [07/Dec/2023:09:58:05 -0500] "GET /sipse/faces/javax.faces.resource/layout/layout.js?ln=primefaces&v=4.0 HTTP/1.1" 304 -
201.245.192.253 - - [07/Dec/2023:09:58:05 -0500] "GET /sipse/faces/javax.faces.resource/images/ui-icons_898989_256x240.png?ln=primefaces-aristo HTTP/1.1" 304 -
201.245.192.253 - - [07/Dec/2023:09:58:05 -0500] "GET /sipse/faces/javax.faces.resource/images/ui-bg_flat_0_2d5972_40x100.png?ln=primefaces-aristo HTTP/1.1" 304 -
201.245.192.253 - - [07/Dec/2023:09:58:05 -0500] "POST /sipse/faces/presentacion/financiero/solicitudAnulacion/solicitudAnulacion.xhtml HTTP/1.1" 200 12478
201.245.192.253 - - [07/Dec/2023:09:58:07 -0500] "POST /sipse/faces/presentacion/financiero/solicitudAnulacion/solicitudAnulacion.xhtml HTTP/1.1" 200 54596
201.245.192.253 - - [07/Dec/2023:09:58:08 -0500] "GET /sipse/faces/javax.faces.resource/fileupload/fileupload.css?ln=primefaces&v=4.0 HTTP/1.1" 200 1330
201.245.192.253 - - [07/Dec/2023:09:58:08 -0500] "GET /sipse/faces/javax.faces.resource/jquery/jquery.js?ln=primefaces&v=4.0 HTTP/1.1" 304 -
201.245.192.253 - - [07/Dec/2023:09:58:08 -0500] "GET /sipse/faces/javax.faces.resource/jquery/jquery-plugins.js?ln=primefaces&v=4.0 HTTP/1.1" 304 -
201.245.192.253 - - [07/Dec/2023:09:58:08 -0500] "GET /sipse/faces/javax.faces.resource/primefaces.js?ln=primefaces&v=4.0 HTTP/1.1" 304 -
201.245.192.253 - - [07/Dec/2023:09:58:08 -0500] "GET /sipse/faces/javax.faces.resource/layout/layout.js?ln=primefaces&v=4.0 HTTP/1.1" 304 -
201.245.192.253 - - [07/Dec/2023:09:58:08 -0500] "GET /sipse/faces/javax.faces.resource/fileupload/fileupload.js?ln=primefaces&v=4.0 HTTP/1.1" 304 -
216.244.66.195 - - [07/Dec/2023:09:58:08 -0500] "GET /BLA/resoluciones/AUTOS%202016/0634.pdf HTTP/1.1" 200 493780
216.244.66.195 - - [07/Dec/2023:09:58:16 -0500] "GET /BLA/resoluciones/AUTOS%202016/0691.pdf HTTP/1.1" 200 331995
201.245.192.253 - - [07/Dec/2023:09:58:19 -0500] "POST /sipse/faces/presentacion/financiero/solicitudProceso/consultarSolicitudProceso.xhtml HTTP/1.1" 200 5497
216.244.66.195 - - [07/Dec/2023:09:58:22 -0500] "GET /BLA/resoluciones/AUTOS%202016/1302.pdf HTTP/1.1" 200 339774
201.245.192.253 - - [07/Dec/2023:09:58:22 -0500] "GET /sipse/faces/javax.faces.resource/dynamiccontent.properties?ln=primefaces&pfdrid=XjOR5%2F%2FfPAZAuY9TpWQeCiM0BhlXxYRBGKi%2FQcXXfeA%3D&pfdrid_c=false HTTP/1.1" 200 117362
201.245.192.253 - - [07/Dec/2023:09:58:16 -0500] "POST /sipse/faces/presentacion/financiero/solicitudProceso/consultarSolicitudProceso.xhtml HTTP/1.1" 200 154644
216.244.66.195 - - [07/Dec/2023:09:58:30 -0500] "GET /BLA/resoluciones/AUTOS%202016/1343.pdf HTTP/1.1" 200 529786
201.245.192.253 - - [07/Dec/2023:09:58:31 -0500] "POST /forms/lservlet;jsessionid=ac16012b30d654f4146b1e084d358001dd23f656e3bf.e3iSbxaKaheRe34Qc38TbN0Nb41ynknvrkLOlQzNp65In0 HTTP/1.1" 200 2
216.244.66.195 - - [07/Dec/2023:09:58:35 -0500] "GET /BLA/resoluciones/AUTOS%202016/1393.pdf HTTP/1.1" 200 398103
186.102.37.108 - - [07/Dec/2023:09:58:36 -0500] "GET /appsia/controlador HTTP/1.1" 200 4799
186.102.37.108 - - [07/Dec/2023:09:58:36 -0500] "GET /appsia/images/cabezoteHojaVida.png HTTP/1.1" 200 32493
186.102.37.108 - - [07/Dec/2023:09:58:36 -0500] "GET /appsia/images/logo_bogota_p.png HTTP/1.1" 200 14951
201.245.192.253 - - [07/Dec/2023:09:58:37 -0500] "POST /sipse/faces/presentacion/financiero/solicitudProceso/consultarSolicitudProceso.xhtml HTTP/1.1" 200 24857
201.245.192.253 - - [07/Dec/2023:09:58:37 -0500] "GET /sipse/faces/javax.faces.resource/theme.css?ln=primefaces-sipse HTTP/1.1" 304 -
201.245.192.253 - - [07/Dec/2023:09:58:37 -0500] "GET /sipse/faces/javax.faces.resource/primefaces.css?ln=primefaces&v=4.0 HTTP/1.1" 304 -
201.245.192.253 - - [07/Dec/2023:09:58:37 -0500] "GET /sipse/faces/javax.faces.resource/layout/layout.css?ln=primefaces&v=4.0 HTTP/1.1" 304 -
201.245.192.253 - - [07/Dec/2023:09:58:37 -0500] "GET /sipse/faces/javax.faces.resource/jquery/jquery-plugins.js?ln=primefaces&v=4.0 HTTP/1.1" 304 -
201.245.192.253 - - [07/Dec/2023:09:58:37 -0500] "GET /sipse/faces/javax.faces.resource/primefaces.js?ln=primefaces&v=4.0 HTTP/1.1" 304 -
201.245.192.253 - - [07/Dec/2023:09:58:37 -0500] "GET /sipse/faces/javax.faces.resource/jquery/jquery.js?ln=primefaces&v=4.0 HTTP/1.1" 304 -
201.245.192.253 - - [07/Dec/2023:09:58:37 -0500] "GET /sipse/faces/javax.faces.resource/layout/layout.js?ln=primefaces&v=4.0 HTTP/1.1" 304 -
186.102.37.108 - - [07/Dec/2023:09:58:40 -0500] "POST /appsia/controlador HTTP/1.1" 200 5437
216.244.66.195 - - [07/Dec/2023:09:58:40 -0500] "GET /BLA/resoluciones/AUTOS%202016/1729.pdf HTTP/1.1" 200 468025
216.244.66.195 - - [07/Dec/2023:09:58:44 -0500] "GET /BLA/resoluciones/AUTOS%202016/1789.pdf HTTP/1.1" 200 420861
201.245.192.253 - - [07/Dec/2023:09:58:45 -0500] "POST /sipse/faces/presentacion/financiero/solicitudProceso/registrarAnotacion.xhtml HTTP/1.1" 200 110687
201.245.192.253 - - [07/Dec/2023:09:58:46 -0500] "GET /sipse/faces/javax.faces.resource/theme.css?ln=primefaces-sipse HTTP/1.1" 304 -
201.245.192.253 - - [07/Dec/2023:09:58:46 -0500] "GET /sipse/faces/javax.faces.resource/primefaces.css?ln=primefaces&v=4.0 HTTP/1.1" 304 -
201.245.192.253 - - [07/Dec/2023:09:58:46 -0500] "GET /sipse/faces/javax.faces.resource/layout/layout.css?ln=primefaces&v=4.0 HTTP/1.1" 304 -
201.245.192.253 - - [07/Dec/2023:09:58:46 -0500] "GET /sipse/faces/javax.faces.resource/jquery/jquery.js?ln=primefaces&v=4.0 HTTP/1.1" 304 -
201.245.192.253 - - [07/Dec/2023:09:58:46 -0500] "GET /sipse/faces/javax.faces.resource/jquery/jquery-plugins.js?ln=primefaces&v=4.0 HTTP/1.1" 304 -
201.245.192.253 - - [07/Dec/2023:09:58:46 -0500] "GET /sipse/faces/javax.faces.resource/primefaces.js?ln=primefaces&v=4.0 HTTP/1.1" 304 -
201.245.192.253 - - [07/Dec/2023:09:58:46 -0500] "GET /sipse/faces/javax.faces.resource/layout/layout.js?ln=primefaces&v=4.0 HTTP/1.1" 304 -
201.245.192.253 - - [07/Dec/2023:09:58:46 -0500] "GET /sipse/faces/javax.faces.resource/dynamiccontent.properties?ln=primefaces&pfdrid=XjOR5%2F%2FfPAZAuY9TpWQeCiM0BhlXxYRBGKi%2FQcXXfeA%3D&pfdrid_c=false HTTP/1.1" 500 383
216.244.66.195 - - [07/Dec/2023:09:58:49 -0500] "GET /BLA/resoluciones/AUTOS%202016/2212.pdf HTTP/1.1" 200 479405
201.245.192.253 - - [07/Dec/2023:09:58:48 -0500] "POST /sipse/faces/presentacion/financiero/solicitudProceso/consultarSolicitudProceso.xhtml HTTP/1.1" 200 64623
201.245.192.253 - - [07/Dec/2023:09:58:50 -0500] "GET /sipse/faces/javax.faces.resource/theme.css?ln=primefaces-sipse HTTP/1.1" 304 -
201.245.192.253 - - [07/Dec/2023:09:58:50 -0500] "GET /sipse/faces/javax.faces.resource/primefaces.css?ln=primefaces&v=4.0 HTTP/1.1" 304 -
201.245.192.253 - - [07/Dec/2023:09:58:50 -0500] "GET /sipse/faces/javax.faces.resource/layout/layout.css?ln=primefaces&v=4.0 HTTP/1.1" 304 -
201.245.192.253 - - [07/Dec/2023:09:58:50 -0500] "GET /sipse/faces/javax.faces.resource/jquery/jquery.js?ln=primefaces&v=4.0 HTTP/1.1" 304 -
201.245.192.253 - - [07/Dec/2023:09:58:50 -0500] "GET /sipse/faces/javax.faces.resource/jquery/jquery-plugins.js?ln=primefaces&v=4.0 HTTP/1.1" 304 -
201.245.192.253 - - [07/Dec/2023:09:58:50 -0500] "GET /sipse/faces/javax.faces.resource/primefaces.js?ln=primefaces&v=4.0 HTTP/1.1" 304 -
201.245.192.253 - - [07/Dec/2023:09:58:50 -0500] "GET /sipse/faces/javax.faces.resource/layout/layout.js?ln=primefaces&v=4.0 HTTP/1.1" 304 -
201.245.192.253 - - [07/Dec/2023:09:58:50 -0500] "POST /sipse/faces/presentacion/financiero/solicitudProceso/listarSolicitudProceso.xhtml HTTP/1.1" 200 1564
186.102.37.108 - - [07/Dec/2023:09:58:52 -0500] "POST /appsia/controlador HTTP/1.1" 200 7723
186.102.37.108 - - [07/Dec/2023:09:58:52 -0500] "GET /appsia/images/logo_escudo.png HTTP/1.1" 200 36965
172.22.1.61 - - [07/Dec/2023:09:58:53 -0500] "GET /reportes_sipse/sdg/ServletViabilidad?reporte=memo_viabilidad&solicitud=23183 HTTP/1.1" 200 1538
201.245.192.253 - - [07/Dec/2023:09:58:56 -0500] "GET /sipse/faces/javax.faces.resource/primefaces.css?ln=primefaces&v=4.0 HTTP/1.1" 304 -
201.245.192.253 - - [07/Dec/2023:09:58:56 -0500] "GET /sipse/faces/javax.faces.resource/jquery/jquery-plugins.js?ln=primefaces&v=4.0 HTTP/1.1" 304 -
201.245.192.253 - - [07/Dec/2023:09:58:53 -0500] "POST /sipse/faces/presentacion/financiero/solicitudProceso/consultarSolicitudProceso.xhtml HTTP/1.1" 200 68485
201.245.192.253 - - [07/Dec/2023:09:58:56 -0500] "GET /sipse/faces/javax.faces.resource/layout/layout.css?ln=primefaces&v=4.0 HTTP/1.1" 304 -
201.245.192.253 - - [07/Dec/2023:09:58:56 -0500] "GET /sipse/faces/javax.faces.resource/jquery/jquery.js?ln=primefaces&v=4.0 HTTP/1.1" 304 -
201.245.192.253 - - [07/Dec/2023:09:58:56 -0500] "GET /sipse/faces/javax.faces.resource/theme.css?ln=primefaces-sipse HTTP/1.1" 304 -
201.245.192.253 - - [07/Dec/2023:09:58:56 -0500] "GET /sipse/faces/javax.faces.resource/primefaces.js?ln=primefaces&v=4.0 HTTP/1.1" 304 -
201.245.192.253 - - [07/Dec/2023:09:58:56 -0500] "GET /sipse/faces/javax.faces.resource/layout/layout.js?ln=primefaces&v=4.0 HTTP/1.1" 304 -
201.245.192.253 - - [07/Dec/2023:09:58:56 -0500] "POST /sipse/faces/presentacion/financiero/solicitudProceso/listarSolicitudProceso.xhtml HTTP/1.1" 200 1564
201.245.192.253 - - [07/Dec/2023:09:58:56 -0500] "POST /sipse/faces/presentacion/financiero/solicitudProceso/listarSolicitudProceso.xhtml HTTP/1.1" 200 1560
216.244.66.195 - - [07/Dec/2023:09:58:58 -0500] "GET /BLA/resoluciones/AUTOS%202016/2325.pdf HTTP/1.1" 200 473566
201.245.192.253 - - [07/Dec/2023:09:58:59 -0500] "POST /sipse/faces/presentacion/financiero/solicitudProceso/listarSolicitudProceso.xhtml HTTP/1.1" 200 29001
201.245.192.253 - - [07/Dec/2023:09:59:01 -0500] "POST /sipse/faces/presentacion/financiero/solicitudProceso/listarSolicitudProceso.xhtml HTTP/1.1" 200 110187
201.245.192.253 - - [07/Dec/2023:09:59:02 -0500] "GET /sipse/faces/javax.faces.resource/theme.css?ln=primefaces-sipse HTTP/1.1" 304 -
201.245.192.253 - - [07/Dec/2023:09:59:02 -0500] "GET /sipse/faces/javax.faces.resource/primefaces.css?ln=primefaces&v=4.0 HTTP/1.1" 304 -
201.245.192.253 - - [07/Dec/2023:09:59:02 -0500] "GET /sipse/faces/javax.faces.resource/layout/layout.css?ln=primefaces&v=4.0 HTTP/1.1" 304 -
201.245.192.253 - - [07/Dec/2023:09:59:02 -0500] "GET /sipse/faces/javax.faces.resource/jquery/jquery.js?ln=primefaces&v=4.0 HTTP/1.1" 304 -
201.245.192.253 - - [07/Dec/2023:09:59:02 -0500] "GET /sipse/faces/javax.faces.resource/jquery/jquery-plugins.js?ln=primefaces&v=4.0 HTTP/1.1" 304 -
201.245.192.253 - - [07/Dec/2023:09:59:02 -0500] "GET /sipse/faces/javax.faces.resource/primefaces.js?ln=primefaces&v=4.0 HTTP/1.1" 304 -
201.245.192.253 - - [07/Dec/2023:09:59:02 -0500] "GET /sipse/faces/javax.faces.resource/layout/layout.js?ln=primefaces&v=4.0 HTTP/1.1" 304 -
201.245.192.253 - - [07/Dec/2023:09:59:02 -0500] "GET /sipse/faces/javax.faces.resource/dynamiccontent.properties?ln=primefaces&pfdrid=XjOR5%2F%2FfPAZAuY9TpWQeCiM0BhlXxYRBGKi%2FQcXXfeA%3D&pfdrid_c=false HTTP/1.1" 500 383
201.245.192.253 - - [07/Dec/2023:09:59:03 -0500] "POST /sipse/faces/presentacion/financiero/solicitudProceso/listarSolicitudProceso.xhtml HTTP/1.1" 200 108333
201.245.192.253 - - [07/Dec/2023:09:59:03 -0500] "GET /sipse/faces/javax.faces.resource/primefaces.css?ln=primefaces&v=4.0 HTTP/1.1" 304 -
201.245.192.253 - - [07/Dec/2023:09:59:03 -0500] "GET /sipse/faces/javax.faces.resource/theme.css?ln=primefaces-sipse HTTP/1.1" 304 -
201.245.192.253 - - [07/Dec/2023:09:59:03 -0500] "GET /sipse/faces/javax.faces.resource/layout/layout.css?ln=primefaces&v=4.0 HTTP/1.1" 304 -
201.245.192.253 - - [07/Dec/2023:09:59:03 -0500] "GET /sipse/faces/javax.faces.resource/jquery/jquery.js?ln=primefaces&v=4.0 HTTP/1.1" 304 -
201.245.192.253 - - [07/Dec/2023:09:59:03 -0500] "GET /sipse/faces/javax.faces.resource/jquery/jquery-plugins.js?ln=primefaces&v=4.0 HTTP/1.1" 304 -
201.245.192.253 - - [07/Dec/2023:09:59:03 -0500] "GET /sipse/faces/javax.faces.resource/primefaces.js?ln=primefaces&v=4.0 HTTP/1.1" 304 -
201.245.192.253 - - [07/Dec/2023:09:59:03 -0500] "GET /sipse/faces/javax.faces.resource/layout/layout.js?ln=primefaces&v=4.0 HTTP/1.1" 304 -
201.245.192.253 - - [07/Dec/2023:09:59:04 -0500] "GET /sipse/faces/javax.faces.resource/dynamiccontent.properties?ln=primefaces&pfdrid=XjOR5%2F%2FfPAZAuY9TpWQeCiM0BhlXxYRBGKi%2FQcXXfeA%3D&pfdrid_c=false HTTP/1.1" 500 383
201.245.192.253 - - [07/Dec/2023:09:59:04 -0500] "POST /sipse/faces/presentacion/financiero/solicitudProceso/consultarSolicitudProceso.xhtml HTTP/1.1" 200 29131
201.245.192.253 - - [07/Dec/2023:09:59:05 -0500] "GET /sipse/faces/javax.faces.resource/theme.css?ln=primefaces-sipse HTTP/1.1" 304 -
201.245.192.253 - - [07/Dec/2023:09:59:05 -0500] "GET /sipse/faces/javax.faces.resource/primefaces.css?ln=primefaces&v=4.0 HTTP/1.1" 304 -
201.245.192.253 - - [07/Dec/2023:09:59:05 -0500] "GET /sipse/faces/javax.faces.resource/jquery/jquery.js?ln=primefaces&v=4.0 HTTP/1.1" 304 -
201.245.192.253 - - [07/Dec/2023:09:59:05 -0500] "GET /sipse/faces/javax.faces.resource/layout/layout.css?ln=primefaces&v=4.0 HTTP/1.1" 304 -
201.245.192.253 - - [07/Dec/2023:09:59:05 -0500] "GET /sipse/faces/javax.faces.resource/jquery/jquery-plugins.js?ln=primefaces&v=4.0 HTTP/1.1" 304 -
201.245.192.253 - - [07/Dec/2023:09:59:05 -0500] "GET /sipse/faces/javax.faces.resource/primefaces.js?ln=primefaces&v=4.0 HTTP/1.1" 304 -
201.245.192.253 - - [07/Dec/2023:09:59:05 -0500] "GET /sipse/faces/javax.faces.resource/layout/layout.js?ln=primefaces&v=4.0 HTTP/1.1" 304 -
216.244.66.195 - - [07/Dec/2023:09:59:06 -0500] "GET /BLA/resoluciones/AUTOS%202016/2381.pdf HTTP/1.1" 200 611224
201.245.192.253 - - [07/Dec/2023:09:59:11 -0500] "GET /sipse/faces/javax.faces.resource/jquery/jquery.js?ln=primefaces&v=4.0 HTTP/1.1" 304 -
201.245.192.253 - - [07/Dec/2023:09:59:11 -0500] "GET /sipse/faces/javax.faces.resource/theme.css?ln=primefaces-sipse HTTP/1.1" 304 -
201.245.192.253 - - [07/Dec/2023:09:59:11 -0500] "GET /sipse/faces/javax.faces.resource/primefaces.css?ln=primefaces&v=4.0 HTTP/1.1" 304 -
201.245.192.253 - - [07/Dec/2023:09:59:11 -0500] "GET /sipse/faces/javax.faces.resource/layout/layout.css?ln=primefaces&v=4.0 HTTP/1.1" 304 -
201.245.192.253 - - [07/Dec/2023:09:59:11 -0500] "GET /sipse/faces/javax.faces.resource/jquery/jquery-plugins.js?ln=primefaces&v=4.0 HTTP/1.1" 304 -
201.245.192.253 - - [07/Dec/2023:09:59:11 -0500] "GET /sipse/faces/javax.faces.resource/layout/layout.js?ln=primefaces&v=4.0 HTTP/1.1" 304 -
201.245.192.253 - - [07/Dec/2023:09:59:11 -0500] "GET /sipse/faces/javax.faces.resource/primefaces.js?ln=primefaces&v=4.0 HTTP/1.1" 304 -
201.245.192.253 - - [07/Dec/2023:09:59:10 -0500] "POST /sipse/faces/presentacion/financiero/solicitudProceso/consultarHistorialSolProceso.xhtml HTTP/1.1" 200 155501
201.245.192.253 - - [07/Dec/2023:09:59:11 -0500] "GET /sipse/faces/javax.faces.resource/dynamiccontent.properties?ln=primefaces&pfdrid=XjOR5%2F%2FfPAZAuY9TpWQeCiM0BhlXxYRBGKi%2FQcXXfeA%3D&pfdrid_c=false HTTP/1.1" 500 383
186.113.160.147 - - [07/Dec/2023:09:59:19 -0500] "GET /appsia/controlador HTTP/1.1" 200 4799
186.113.160.147 - - [07/Dec/2023:09:59:20 -0500] "GET /appsia/scripts/validarIngreso.js HTTP/1.1" 200 851
186.113.160.147 - - [07/Dec/2023:09:59:20 -0500] "GET /appsia/css/estilos.css HTTP/1.1" 200 4804
186.113.160.147 - - [07/Dec/2023:09:59:20 -0500] "GET /appsia/images/logo_bogota_p.png HTTP/1.1" 200 14951
186.113.160.147 - - [07/Dec/2023:09:59:20 -0500] "GET /appsia/images/cabezoteHojaVida.png HTTP/1.1" 200 32493
186.113.160.147 - - [07/Dec/2023:09:59:20 -0500] "GET /favicon.ico HTTP/1.1" 200 7782
186.155.168.86 - - [07/Dec/2023:09:59:23 -0500] "POST /sipse/faces/presentacion/financiero/solicitudProceso/listarSolicitudProceso.xhtml HTTP/1.1" 200 108583
186.155.168.86 - - [07/Dec/2023:09:59:24 -0500] "GET /sipse/faces/javax.faces.resource/theme.css?ln=primefaces-sipse HTTP/1.1" 304 -
186.155.168.86 - - [07/Dec/2023:09:59:24 -0500] "GET /sipse/faces/javax.faces.resource/primefaces.css?ln=primefaces&v=4.0 HTTP/1.1" 304 -
186.155.168.86 - - [07/Dec/2023:09:59:24 -0500] "GET /sipse/faces/javax.faces.resource/layout/layout.css?ln=primefaces&v=4.0 HTTP/1.1" 304 -
186.155.168.86 - - [07/Dec/2023:09:59:24 -0500] "GET /sipse/faces/javax.faces.resource/jquery/jquery.js?ln=primefaces&v=4.0 HTTP/1.1" 304 -
186.155.168.86 - - [07/Dec/2023:09:59:24 -0500] "GET /sipse/faces/javax.faces.resource/jquery/jquery-plugins.js?ln=primefaces&v=4.0 HTTP/1.1" 304 -
186.155.168.86 - - [07/Dec/2023:09:59:24 -0500] "GET /sipse/faces/javax.faces.resource/primefaces.js?ln=primefaces&v=4.0 HTTP/1.1" 304 -
186.155.168.86 - - [07/Dec/2023:09:59:24 -0500] "GET /sipse/faces/javax.faces.resource/layout/layout.js?ln=primefaces&v=4.0 HTTP/1.1" 304 -
186.155.168.86 - - [07/Dec/2023:09:59:24 -0500] "GET /sipse/faces/javax.faces.resource/dynamiccontent.properties?ln=primefaces&pfdrid=XjOR5%2F%2FfPAZAuY9TpWQeCiM0BhlXxYRBGKi%2FQcXXfeA%3D&pfdrid_c=false HTTP/1.1" 500 383
201.245.192.253 - - [07/Dec/2023:09:59:27 -0500] "POST /sipse/faces/presentacion/financiero/solicitudProceso/consultarSolicitudProceso.xhtml HTTP/1.1" 200 5462
207.97.167.18 - - [07/Dec/2023:09:59:29 -0500] "GET /sipse/faces/faces/autenticacion.xhtml HTTP/1.1" 200 12423
207.97.167.18 - - [07/Dec/2023:09:59:29 -0500] "GET /sipse/faces/javax.faces.resource/primefaces.css?ln=primefaces&v=4.0 HTTP/1.1" 304 -
207.97.167.18 - - [07/Dec/2023:09:59:29 -0500] "GET /sipse/faces/javax.faces.resource/theme.css?ln=primefaces-sipse HTTP/1.1" 304 -
207.97.167.18 - - [07/Dec/2023:09:59:29 -0500] "GET /sipse/faces/javax.faces.resource/jquery/jquery.js?ln=primefaces&v=4.0 HTTP/1.1" 304 -
207.97.167.18 - - [07/Dec/2023:09:59:29 -0500] "GET /sipse/faces/javax.faces.resource/layout/layout.css?ln=primefaces&v=4.0 HTTP/1.1" 304 -
207.97.167.18 - - [07/Dec/2023:09:59:29 -0500] "GET /sipse/faces/javax.faces.resource/layout/layout.js?ln=primefaces&v=4.0 HTTP/1.1" 304 -
207.97.167.18 - - [07/Dec/2023:09:59:29 -0500] "GET /sipse/faces/javax.faces.resource/primefaces.js?ln=primefaces&v=4.0 HTTP/1.1" 304 -
207.97.167.18 - - [07/Dec/2023:09:59:29 -0500] "GET /sipse/faces/javax.faces.resource/jquery/jquery-plugins.js?ln=primefaces&v=4.0 HTTP/1.1" 304 -
207.97.167.18 - - [07/Dec/2023:09:59:30 -0500] "GET /favicon.ico HTTP/1.1" 200 7782
207.97.167.18 - - [07/Dec/2023:09:59:30 -0500] "GET /sipse/faces/javax.faces.resource/images/ui-icons_898989_256x240.png?ln=primefaces-aristo HTTP/1.1" 200 5355
207.97.167.18 - - [07/Dec/2023:09:59:30 -0500] "GET /sipse/faces/faces/index.xhtml HTTP/1.1" 200 677
207.97.167.18 - - [07/Dec/2023:09:59:30 -0500] "GET /sipse/faces/javax.faces.resource/theme.css?ln=primefaces-sipse HTTP/1.1" 304 -
207.97.167.18 - - [07/Dec/2023:09:59:31 -0500] "GET /sipse/faces/faces/faces/autenticacion.xhtml HTTP/1.1" 200 12423
207.97.167.18 - - [07/Dec/2023:09:59:31 -0500] "GET /sipse/faces/javax.faces.resource/theme.css?ln=primefaces-sipse HTTP/1.1" 304 -
207.97.167.18 - - [07/Dec/2023:09:59:31 -0500] "GET /sipse/faces/javax.faces.resource/jquery/jquery.js?ln=primefaces&v=4.0 HTTP/1.1" 304 -
207.97.167.18 - - [07/Dec/2023:09:59:31 -0500] "GET /sipse/faces/javax.faces.resource/jquery/jquery-plugins.js?ln=primefaces&v=4.0 HTTP/1.1" 304 -
207.97.167.18 - - [07/Dec/2023:09:59:31 -0500] "GET /sipse/faces/javax.faces.resource/primefaces.js?ln=primefaces&v=4.0 HTTP/1.1" 304 -
207.97.167.18 - - [07/Dec/2023:09:59:31 -0500] "GET /sipse/faces/javax.faces.resource/layout/layout.js?ln=primefaces&v=4.0 HTTP/1.1" 304 -
207.97.167.18 - - [07/Dec/2023:09:59:31 -0500] "GET /sipse/faces/javax.faces.resource/layout/layout.css?ln=primefaces&v=4.0 HTTP/1.1" 304 -
207.97.167.18 - - [07/Dec/2023:09:59:31 -0500] "GET /sipse/faces/javax.faces.resource/primefaces.css?ln=primefaces&v=4.0 HTTP/1.1" 304 -
207.97.167.18 - - [07/Dec/2023:09:59:31 -0500] "GET /sipse/faces/javax.faces.resource/images/ui-icons_898989_256x240.png?ln=primefaces-aristo HTTP/1.1" 304 -
207.97.167.18 - - [07/Dec/2023:09:59:34 -0500] "POST /sipse/faces/autenticacion.xhtml HTTP/1.1" 200 2229
207.97.167.18 - - [07/Dec/2023:09:59:34 -0500] "GET /sipse/faces/javax.faces.resource/messages/messages.png?ln=primefaces&v=4.0 HTTP/1.1" 304 -
207.97.167.18 - - [07/Dec/2023:09:59:35 -0500] "POST /sipse/faces/autenticacion.xhtml HTTP/1.1" 200 16495
207.97.167.18 - - [07/Dec/2023:09:59:35 -0500] "GET /sipse/faces/javax.faces.resource/jquery/jquery.js?ln=primefaces&v=4.0 HTTP/1.1" 304 -
207.97.167.18 - - [07/Dec/2023:09:59:36 -0500] "GET /sipse/faces/javax.faces.resource/jquery/jquery-plugins.js?ln=primefaces&v=4.0 HTTP/1.1" 304 -
207.97.167.18 - - [07/Dec/2023:09:59:36 -0500] "GET /sipse/faces/javax.faces.resource/primefaces.js?ln=primefaces&v=4.0 HTTP/1.1" 304 -
207.97.167.18 - - [07/Dec/2023:09:59:36 -0500] "GET /sipse/faces/javax.faces.resource/layout/layout.js?ln=primefaces&v=4.0 HTTP/1.1" 304 -
207.97.167.18 - - [07/Dec/2023:09:59:37 -0500] "GET /sipse/faces/javax.faces.resource/images/ui-bg_flat_0_2d5972_40x100.png?ln=primefaces-aristo HTTP/1.1" 304 -
207.97.167.18 - - [07/Dec/2023:09:59:37 -0500] "POST /sipse/faces/bienvenido.xhtml HTTP/1.1" 200 2658
207.97.167.18 - - [07/Dec/2023:09:59:38 -0500] "POST /sipse/faces/bienvenido.xhtml HTTP/1.1" 200 63562
207.97.167.18 - - [07/Dec/2023:09:59:39 -0500] "GET /sipse/faces/javax.faces.resource/jquery/jquery.js?ln=primefaces&v=4.0 HTTP/1.1" 304 -
207.97.167.18 - - [07/Dec/2023:09:59:39 -0500] "GET /sipse/faces/javax.faces.resource/jquery/jquery-plugins.js?ln=primefaces&v=4.0 HTTP/1.1" 304 -
207.97.167.18 - - [07/Dec/2023:09:59:39 -0500] "GET /sipse/faces/javax.faces.resource/primefaces.js?ln=primefaces&v=4.0 HTTP/1.1" 304 -
207.97.167.18 - - [07/Dec/2023:09:59:39 -0500] "GET /sipse/faces/javax.faces.resource/layout/layout.js?ln=primefaces&v=4.0 HTTP/1.1" 304 -
207.97.167.18 - - [07/Dec/2023:09:59:40 -0500] "POST /sipse/faces/presentacion/financiero/solicitudProceso/listarSolicitudProceso.xhtml HTTP/1.1" 200 1564
207.97.167.18 - - [07/Dec/2023:09:59:41 -0500] "POST /sipse/faces/presentacion/financiero/solicitudProceso/listarSolicitudProceso.xhtml HTTP/1.1" 200 20181
186.155.168.86 - - [07/Dec/2023:09:59:43 -0500] "POST /sipse/faces/presentacion/financiero/solicitudProceso/consultarSolicitudProceso.xhtml HTTP/1.1" 200 39192
186.155.168.86 - - [07/Dec/2023:09:59:45 -0500] "GET /sipse/faces/javax.faces.resource/theme.css?ln=primefaces-sipse HTTP/1.1" 304 -
186.155.168.86 - - [07/Dec/2023:09:59:45 -0500] "GET /sipse/faces/javax.faces.resource/primefaces.css?ln=primefaces&v=4.0 HTTP/1.1" 304 -
186.155.168.86 - - [07/Dec/2023:09:59:45 -0500] "GET /sipse/faces/javax.faces.resource/layout/layout.css?ln=primefaces&v=4.0 HTTP/1.1" 304 -
186.155.168.86 - - [07/Dec/2023:09:59:45 -0500] "GET /sipse/faces/javax.faces.resource/jquery/jquery.js?ln=primefaces&v=4.0 HTTP/1.1" 304 -
186.155.168.86 - - [07/Dec/2023:09:59:45 -0500] "GET /sipse/faces/javax.faces.resource/jquery/jquery-plugins.js?ln=primefaces&v=4.0 HTTP/1.1" 304 -
186.155.168.86 - - [07/Dec/2023:09:59:45 -0500] "GET /sipse/faces/javax.faces.resource/primefaces.js?ln=primefaces&v=4.0 HTTP/1.1" 304 -
186.155.168.86 - - [07/Dec/2023:09:59:45 -0500] "GET /sipse/faces/javax.faces.resource/layout/layout.js?ln=primefaces&v=4.0 HTTP/1.1" 304 -
186.155.168.86 - - [07/Dec/2023:09:59:45 -0500] "POST /sipse/faces/presentacion/financiero/solicitudProceso/listarSolicitudProceso.xhtml HTTP/1.1" 200 1420
186.155.168.86 - - [07/Dec/2023:09:59:47 -0500] "POST /sipse/faces/presentacion/financiero/solicitudProceso/listarSolicitudProceso.xhtml HTTP/1.1" 200 21545
186.155.168.86 - - [07/Dec/2023:09:59:48 -0500] "POST /sipse/faces/presentacion/financiero/solicitudProceso/listarSolicitudProceso.xhtml HTTP/1.1" 200 1424
186.155.168.86 - - [07/Dec/2023:09:59:48 -0500] "POST /sipse/faces/presentacion/financiero/solicitudProceso/listarSolicitudProceso.xhtml HTTP/1.1" 200 21574
186.155.168.86 - - [07/Dec/2023:09:59:48 -0500] "POST /sipse/faces/presentacion/financiero/solicitudProceso/listarSolicitudProceso.xhtml HTTP/1.1" 200 1424
186.155.168.86 - - [07/Dec/2023:09:59:49 -0500] "POST /sipse/faces/presentacion/financiero/solicitudProceso/listarSolicitudProceso.xhtml HTTP/1.1" 200 4547
186.155.168.86 - - [07/Dec/2023:09:59:49 -0500] "POST /sipse/faces/presentacion/financiero/solicitudProceso/listarSolicitudProceso.xhtml HTTP/1.1" 200 16280
216.244.66.195 - - [07/Dec/2023:09:59:50 -0500] "GET /BLA/resoluciones/AUTOS%202016/2809.pdf HTTP/1.1" 200 521079
186.155.168.86 - - [07/Dec/2023:09:59:51 -0500] "POST /sipse/faces/presentacion/financiero/solicitudProceso/listarSolicitudProceso.xhtml HTTP/1.1" 200 107325
186.155.168.86 - - [07/Dec/2023:09:59:52 -0500] "GET /sipse/faces/javax.faces.resource/theme.css?ln=primefaces-sipse HTTP/1.1" 304 -
186.155.168.86 - - [07/Dec/2023:09:59:52 -0500] "GET /sipse/faces/javax.faces.resource/primefaces.css?ln=primefaces&v=4.0 HTTP/1.1" 304 -
186.155.168.86 - - [07/Dec/2023:09:59:52 -0500] "GET /sipse/faces/javax.faces.resource/layout/layout.css?ln=primefaces&v=4.0 HTTP/1.1" 304 -
186.155.168.86 - - [07/Dec/2023:09:59:52 -0500] "GET /sipse/faces/javax.faces.resource/jquery/jquery.js?ln=primefaces&v=4.0 HTTP/1.1" 304 -
186.155.168.86 - - [07/Dec/2023:09:59:52 -0500] "GET /sipse/faces/javax.faces.resource/jquery/jquery-plugins.js?ln=primefaces&v=4.0 HTTP/1.1" 304 -
186.155.168.86 - - [07/Dec/2023:09:59:52 -0500] "GET /sipse/faces/javax.faces.resource/primefaces.js?ln=primefaces&v=4.0 HTTP/1.1" 304 -
186.155.168.86 - - [07/Dec/2023:09:59:52 -0500] "GET /sipse/faces/javax.faces.resource/layout/layout.js?ln=primefaces&v=4.0 HTTP/1.1" 304 -
207.97.167.18 - - [07/Dec/2023:09:59:54 -0500] "POST /sipse/faces/presentacion/financiero/solicitudProceso/listarSolicitudProceso.xhtml HTTP/1.1" 200 31762
186.155.168.86 - - [07/Dec/2023:09:59:56 -0500] "POST /sipse/faces/presentacion/financiero/solicitudProceso/consultarSolicitudProceso.xhtml HTTP/1.1" 200 151560
186.113.160.147 - - [07/Dec/2023:10:00:15 -0500] "POST /appsia/controlador HTTP/1.1" 200 3601
186.113.160.147 - - [07/Dec/2023:10:00:15 -0500] "GET /appsia/jscripts/validarSolicitud.js HTTP/1.1" 404 68
201.245.192.253 - - [07/Dec/2023:10:00:19 -0500] "POST /sipse/faces/presentacion/financiero/solicitudProceso/consultarSolicitudProceso.xhtml HTTP/1.1" 200 26044
201.245.192.253 - - [07/Dec/2023:10:00:19 -0500] "POST /sipse/faces/presentacion/financiero/solicitudProceso/consultarSolicitudProceso.xhtml HTTP/1.1" 200 154422
216.244.66.195 - - [07/Dec/2023:10:00:20 -0500] "GET /BLA/resoluciones/AUTOS%202016/2894.pdf HTTP/1.1" 200 555570
186.113.160.147 - - [07/Dec/2023:10:00:28 -0500] "POST /appsia/controlador HTTP/1.1" 200 4799
201.245.192.253 - - [07/Dec/2023:10:00:31 -0500] "POST /forms/lservlet;jsessionid=ac16012b30d654f4146b1e084d358001dd23f656e3bf.e3iSbxaKaheRe34Qc38TbN0Nb41ynknvrkLOlQzNp65In0 HTTP/1.1" 200 2
201.245.192.253 - - [07/Dec/2023:10:00:36 -0500] "POST /sipse/faces/presentacion/financiero/solicitudProceso/listarSolicitudProceso.xhtml HTTP/1.1" 200 122854
201.245.192.253 - - [07/Dec/2023:10:00:38 -0500] "GET /sipse/faces/javax.faces.resource/theme.css?ln=primefaces-sipse HTTP/1.1" 304 -
201.245.192.253 - - [07/Dec/2023:10:00:38 -0500] "GET /sipse/faces/javax.faces.resource/layout/layout.css?ln=primefaces&v=4.0 HTTP/1.1" 304 -
201.245.192.253 - - [07/Dec/2023:10:00:38 -0500] "GET /sipse/faces/javax.faces.resource/primefaces.css?ln=primefaces&v=4.0 HTTP/1.1" 304 -
201.245.192.253 - - [07/Dec/2023:10:00:38 -0500] "GET /sipse/faces/javax.faces.resource/jquery/jquery.js?ln=primefaces&v=4.0 HTTP/1.1" 304 -
201.245.192.253 - - [07/Dec/2023:10:00:38 -0500] "GET /sipse/faces/javax.faces.resource/jquery/jquery-plugins.js?ln=primefaces&v=4.0 HTTP/1.1" 304 -
201.245.192.253 - - [07/Dec/2023:10:00:38 -0500] "GET /sipse/faces/javax.faces.resource/primefaces.js?ln=primefaces&v=4.0 HTTP/1.1" 304 -
201.245.192.253 - - [07/Dec/2023:10:00:38 -0500] "GET /sipse/faces/javax.faces.resource/layout/layout.js?ln=primefaces&v=4.0 HTTP/1.1" 304 -
172.22.1.61 - - [07/Dec/2023:10:00:38 -0500] "GET /reportes_sipse/sdg/ServletViabilidad?reporte=memo_viabilidad&solicitud=23182 HTTP/1.1" 200 1538
201.245.192.253 - - [07/Dec/2023:10:00:38 -0500] "POST /sipse/faces/presentacion/financiero/solicitudProceso/consultarSolicitudProceso.xhtml HTTP/1.1" 200 68485
201.245.192.253 - - [07/Dec/2023:10:00:41 -0500] "GET /sipse/faces/javax.faces.resource/theme.css?ln=primefaces-sipse HTTP/1.1" 304 -
201.245.192.253 - - [07/Dec/2023:10:00:41 -0500] "GET /sipse/faces/javax.faces.resource/primefaces.css?ln=primefaces&v=4.0 HTTP/1.1" 304 -
201.245.192.253 - - [07/Dec/2023:10:00:41 -0500] "GET /sipse/faces/javax.faces.resource/primefaces.js?ln=primefaces&v=4.0 HTTP/1.1" 304 -
201.245.192.253 - - [07/Dec/2023:10:00:41 -0500] "GET /sipse/faces/javax.faces.resource/layout/layout.css?ln=primefaces&v=4.0 HTTP/1.1" 304 -
201.245.192.253 - - [07/Dec/2023:10:00:41 -0500] "GET /sipse/faces/javax.faces.resource/jquery/jquery.js?ln=primefaces&v=4.0 HTTP/1.1" 304 -
201.245.192.253 - - [07/Dec/2023:10:00:41 -0500] "GET /sipse/faces/javax.faces.resource/jquery/jquery-plugins.js?ln=primefaces&v=4.0 HTTP/1.1" 304 -
201.245.192.253 - - [07/Dec/2023:10:00:41 -0500] "GET /sipse/faces/javax.faces.resource/layout/layout.js?ln=primefaces&v=4.0 HTTP/1.1" 304 -
201.245.192.253 - - [07/Dec/2023:10:00:41 -0500] "POST /sipse/faces/presentacion/financiero/solicitudProceso/listarSolicitudProceso.xhtml HTTP/1.1" 200 1564
191.156.50.118 - - [07/Dec/2023:10:00:41 -0500] "GET /sipse/faces/index.xhtml HTTP/1.1" 200 677
201.245.192.253 - - [07/Dec/2023:10:00:41 -0500] "POST /sipse/faces/presentacion/financiero/solicitudProceso/listarSolicitudProceso.xhtml HTTP/1.1" 200 1560
186.113.160.147 - - [07/Dec/2023:10:00:43 -0500] "POST /appsia/controlador HTTP/1.1" 200 5437
201.245.192.253 - - [07/Dec/2023:10:00:43 -0500] "POST /sipse/faces/presentacion/financiero/solicitudProceso/listarSolicitudProceso.xhtml HTTP/1.1" 200 26027
201.245.192.253 - - [07/Dec/2023:10:00:47 -0500] "POST /sipse/faces/presentacion/financiero/solicitudProceso/listarSolicitudProceso.xhtml HTTP/1.1" 200 108345
191.156.50.118 - - [07/Dec/2023:10:00:48 -0500] "GET /sipse/faces/javax.faces.resource/theme.css?ln=primefaces-sipse HTTP/1.1" 304 -
201.245.192.253 - - [07/Dec/2023:10:00:48 -0500] "GET /sipse/faces/javax.faces.resource/theme.css?ln=primefaces-sipse HTTP/1.1" 304 -
201.245.192.253 - - [07/Dec/2023:10:00:48 -0500] "GET /sipse/faces/javax.faces.resource/primefaces.css?ln=primefaces&v=4.0 HTTP/1.1" 304 -
201.245.192.253 - - [07/Dec/2023:10:00:48 -0500] "GET /sipse/faces/javax.faces.resource/layout/layout.css?ln=primefaces&v=4.0 HTTP/1.1" 304 -
201.245.192.253 - - [07/Dec/2023:10:00:48 -0500] "GET /sipse/faces/javax.faces.resource/jquery/jquery.js?ln=primefaces&v=4.0 HTTP/1.1" 304 -
201.245.192.253 - - [07/Dec/2023:10:00:48 -0500] "GET /sipse/faces/javax.faces.resource/jquery/jquery-plugins.js?ln=primefaces&v=4.0 HTTP/1.1" 304 -
201.245.192.253 - - [07/Dec/2023:10:00:48 -0500] "GET /sipse/faces/javax.faces.resource/primefaces.js?ln=primefaces&v=4.0 HTTP/1.1" 304 -
201.245.192.253 - - [07/Dec/2023:10:00:48 -0500] "GET /sipse/faces/javax.faces.resource/layout/layout.js?ln=primefaces&v=4.0 HTTP/1.1" 304 -
201.245.192.253 - - [07/Dec/2023:10:00:49 -0500] "POST /sipse/faces/presentacion/financiero/solicitudProceso/consultarSolicitudProceso.xhtml HTTP/1.1" 200 113192
186.113.160.147 - - [07/Dec/2023:10:00:49 -0500] "POST /appsia/controlador HTTP/1.1" 200 7728
186.113.160.147 - - [07/Dec/2023:10:00:49 -0500] "GET /appsia/images/logo_escudo.png HTTP/1.1" 200 36965
216.244.66.195 - - [07/Dec/2023:10:00:54 -0500] "GET /BLA/resoluciones/AUTOS%202016/2978.pdf HTTP/1.1" 200 439077
201.245.192.253 - - [07/Dec/2023:10:01:10 -0500] "POST /sipse/faces/presentacion/financiero/solicitudAnulacion/registrarSolicitudAnulacion.xhtml HTTP/1.1" 200 140243
201.245.192.253 - - [07/Dec/2023:10:01:23 -0500] "POST /sipse/faces/presentacion/financiero/solicitudAnulacion/registrarSolicitudAnulacion.xhtml HTTP/1.1" 200 3136
201.245.192.253 - - [07/Dec/2023:10:01:24 -0500] "POST /kwsrmcab/Wsrmcab  HTTP/1.1" 200 41806
216.244.66.195 - - [07/Dec/2023:10:01:34 -0500] "GET /BLA/resoluciones/AUTOS%202014/7387.pdf HTTP/1.1" 200 2226412
201.245.192.253 - - [07/Dec/2023:10:01:40 -0500] "POST /sipse/faces/presentacion/financiero/solicitudAnulacion/registrarSolicitudAnulacion.xhtml HTTP/1.1" 200 3132
201.245.192.253 - - [07/Dec/2023:10:01:59 -0500] "POST /sipse/faces/presentacion/financiero/solicitudAnulacion/registrarSolicitudAnulacion.xhtml HTTP/1.1" 200 3132
167.0.152.142 - - [07/Dec/2023:10:02:14 -0500] "GET /sipse/faces/javax.faces.resource/theme.css?ln=primefaces-sipse HTTP/1.1" 304 -
167.0.152.142 - - [07/Dec/2023:10:02:14 -0500] "GET /sipse/faces/javax.faces.resource/primefaces.css?ln=primefaces&v=4.0 HTTP/1.1" 304 -
167.0.152.142 - - [07/Dec/2023:10:02:14 -0500] "GET /sipse/faces/javax.faces.resource/layout/layout.css?ln=primefaces&v=4.0 HTTP/1.1" 304 -
167.0.152.142 - - [07/Dec/2023:10:02:14 -0500] "GET /sipse/faces/javax.faces.resource/jquery/jquery-plugins.js?ln=primefaces&v=4.0 HTTP/1.1" 304 -
167.0.152.142 - - [07/Dec/2023:10:02:14 -0500] "GET /sipse/faces/javax.faces.resource/jquery/jquery.js?ln=primefaces&v=4.0 HTTP/1.1" 304 -
167.0.152.142 - - [07/Dec/2023:10:02:14 -0500] "GET /sipse/faces/javax.faces.resource/primefaces.js?ln=primefaces&v=4.0 HTTP/1.1" 304 -
167.0.152.142 - - [07/Dec/2023:10:02:14 -0500] "POST /sipse/faces/presentacion/financiero/solicitudProceso/consultarSolicitudProceso.xhtml HTTP/1.1" 200 67135
167.0.152.142 - - [07/Dec/2023:10:02:14 -0500] "GET /sipse/faces/javax.faces.resource/layout/layout.js?ln=primefaces&v=4.0 HTTP/1.1" 304 -
167.0.152.142 - - [07/Dec/2023:10:02:15 -0500] "GET /sipse/css/imagen/contrasena.png HTTP/1.1" 404 383
167.0.152.142 - - [07/Dec/2023:10:02:15 -0500] "GET /sipse/faces/javax.faces.resource/images/ui-icons_898989_256x240.png?ln=primefaces-aristo HTTP/1.1" 304 -
216.244.66.195 - - [07/Dec/2023:10:02:15 -0500] "GET /BLA/resoluciones/AUTOS%202007/0827.pdf HTTP/1.1" 200 90483
167.0.152.142 - - [07/Dec/2023:10:02:16 -0500] "GET /sipse/faces/javax.faces.resource/images/ui-bg_flat_0_2d5972_40x100.png?ln=primefaces-aristo HTTP/1.1" 304 -
167.0.152.142 - - [07/Dec/2023:10:02:16 -0500] "POST /sipse/faces/presentacion/financiero/solicitudProceso/listarSolicitudProceso.xhtml HTTP/1.1" 200 1564
167.0.152.142 - - [07/Dec/2023:10:02:16 -0500] "POST /sipse/faces/presentacion/financiero/solicitudProceso/listarSolicitudProceso.xhtml HTTP/1.1" 200 1560
167.0.152.142 - - [07/Dec/2023:10:02:19 -0500] "POST /sipse/faces/presentacion/financiero/solicitudProceso/listarSolicitudProceso.xhtml HTTP/1.1" 200 32195
201.245.192.253 - - [07/Dec/2023:10:02:21 -0500] "POST /sipse/faces/presentacion/financiero/solicitudAnulacion/registrarSolicitudAnulacion.xhtml HTTP/1.1" 200 3132
167.0.152.142 - - [07/Dec/2023:10:02:21 -0500] "POST /sipse/faces/presentacion/financiero/solicitudProceso/listarSolicitudProceso.xhtml HTTP/1.1" 200 32524
167.0.152.142 - - [07/Dec/2023:10:02:27 -0500] "POST /sipse/faces/presentacion/financiero/solicitudProceso/listarSolicitudProceso.xhtml HTTP/1.1" 200 132746
167.0.152.142 - - [07/Dec/2023:10:02:28 -0500] "GET /sipse/faces/javax.faces.resource/theme.css?ln=primefaces-sipse HTTP/1.1" 304 -
167.0.152.142 - - [07/Dec/2023:10:02:28 -0500] "GET /sipse/faces/javax.faces.resource/layout/layout.css?ln=primefaces&v=4.0 HTTP/1.1" 304 -
167.0.152.142 - - [07/Dec/2023:10:02:28 -0500] "GET /sipse/faces/javax.faces.resource/primefaces.css?ln=primefaces&v=4.0 HTTP/1.1" 304 -
167.0.152.142 - - [07/Dec/2023:10:02:28 -0500] "GET /sipse/faces/javax.faces.resource/jquery/jquery.js?ln=primefaces&v=4.0 HTTP/1.1" 304 -
167.0.152.142 - - [07/Dec/2023:10:02:28 -0500] "GET /sipse/faces/javax.faces.resource/jquery/jquery-plugins.js?ln=primefaces&v=4.0 HTTP/1.1" 304 -
167.0.152.142 - - [07/Dec/2023:10:02:28 -0500] "GET /sipse/faces/javax.faces.resource/primefaces.js?ln=primefaces&v=4.0 HTTP/1.1" 304 -
167.0.152.142 - - [07/Dec/2023:10:02:29 -0500] "GET /sipse/faces/javax.faces.resource/layout/layout.js?ln=primefaces&v=4.0 HTTP/1.1" 304 -
201.245.192.253 - - [07/Dec/2023:10:02:31 -0500] "POST /forms/lservlet;jsessionid=ac16012b30d654f4146b1e084d358001dd23f656e3bf.e3iSbxaKaheRe34Qc38TbN0Nb41ynknvrkLOlQzNp65In0 HTTP/1.1" 200 2
201.245.192.253 - - [07/Dec/2023:10:02:36 -0500] "POST /sipse/faces/presentacion/financiero/solicitudProceso/consultarSolicitudProceso.xhtml HTTP/1.1" 200 5462
207.97.167.18 - - [07/Dec/2023:10:02:43 -0500] "POST /sipse/faces/presentacion/financiero/solicitudProceso/listarSolicitudProceso.xhtml HTTP/1.1" 200 56825
207.97.167.18 - - [07/Dec/2023:10:02:44 -0500] "POST /sipse/faces/presentacion/financiero/solicitudProceso/listarSolicitudProceso.xhtml HTTP/1.1" 200 56825
207.97.167.18 - - [07/Dec/2023:10:02:45 -0500] "POST /sipse/faces/presentacion/financiero/solicitudProceso/listarSolicitudProceso.xhtml HTTP/1.1" 200 1564
167.0.152.142 - - [07/Dec/2023:10:02:45 -0500] "POST /sipse/faces/presentacion/financiero/solicitudProceso/consultarSolicitudProceso.xhtml HTTP/1.1" 200 119591
207.97.167.18 - - [07/Dec/2023:10:02:45 -0500] "POST /sipse/faces/presentacion/financiero/solicitudProceso/listarSolicitudProceso.xhtml HTTP/1.1" 200 1560
216.244.66.195 - - [07/Dec/2023:10:02:45 -0500] "GET /BLA/resoluciones/AUTOS%202007/1976.pdf HTTP/1.1" 200 52486
207.97.167.18 - - [07/Dec/2023:10:02:48 -0500] "POST /sipse/faces/presentacion/financiero/solicitudProceso/listarSolicitudProceso.xhtml HTTP/1.1" 200 20181
201.245.192.253 - - [07/Dec/2023:10:02:53 -0500] "POST /sipse/faces/presentacion/financiero/solicitudAnulacion/registrarSolicitudAnulacion.xhtml HTTP/1.1" 200 3132
172.22.2.4 - - [07/Dec/2023:10:01:14 -0500] "HEAD /BLA/boletinlegal/ HTTP/1.1" 200 -
191.156.62.251 - - [07/Dec/2023:10:02:55 -0500] "GET /sipse/faces/index.xhtml HTTP/1.1" 200 677
191.156.62.251 - - [07/Dec/2023:10:02:56 -0500] "GET /sipse/faces/javax.faces.resource/theme.css?ln=primefaces-sipse HTTP/1.1" 304 -
207.97.167.18 - - [07/Dec/2023:10:02:56 -0500] "POST /sipse/faces/presentacion/financiero/solicitudProceso/listarSolicitudProceso.xhtml HTTP/1.1" 200 56825
201.245.192.253 - - [07/Dec/2023:10:02:56 -0500] "POST /sipse/faces/presentacion/financiero/solicitudAnulacion/registrarSolicitudAnulacion.xhtml HTTP/1.1" 200 3132
207.97.167.18 - - [07/Dec/2023:10:02:56 -0500] "POST /sipse/faces/presentacion/financiero/solicitudProceso/listarSolicitudProceso.xhtml HTTP/1.1" 200 56825
191.156.62.251 - - [07/Dec/2023:10:02:57 -0500] "GET /sipse/faces/faces/autenticacion.xhtml HTTP/1.1" 200 12413
207.97.167.18 - - [07/Dec/2023:10:02:57 -0500] "POST /sipse/faces/presentacion/financiero/solicitudProceso/listarSolicitudProceso.xhtml HTTP/1.1" 200 1564
207.97.167.18 - - [07/Dec/2023:10:02:57 -0500] "POST /sipse/faces/presentacion/financiero/solicitudProceso/listarSolicitudProceso.xhtml HTTP/1.1" 200 1560
191.156.62.251 - - [07/Dec/2023:10:02:58 -0500] "GET /sipse/js/disable_browser_buttons.js HTTP/1.1" 304 -
191.156.54.105 - - [07/Dec/2023:10:02:58 -0500] "GET /sipse/css/custom_css_sg.css HTTP/1.1" 304 -
191.156.61.115 - - [07/Dec/2023:10:02:58 -0500] "GET /sipse/css/custom_css_sg_prime_login.css HTTP/1.1" 304 -
191.156.48.179 - - [07/Dec/2023:10:02:58 -0500] "GET /sipse/faces/javax.faces.resource/theme.css?ln=primefaces-sipse HTTP/1.1" 304 -
191.156.62.251 - - [07/Dec/2023:10:02:58 -0500] "GET /sipse/faces/javax.faces.resource/layout/layout.css?ln=primefaces&v=4.0 HTTP/1.1" 304 -
191.156.52.53 - - [07/Dec/2023:10:02:58 -0500] "GET /sipse/faces/javax.faces.resource/primefaces.css?ln=primefaces&v=4.0 HTTP/1.1" 304 -
201.245.192.253 - - [07/Dec/2023:10:02:58 -0500] "POST /sipse/faces/presentacion/financiero/solicitudAnulacion/registrarSolicitudAnulacion.xhtml HTTP/1.1" 200 3132
191.156.62.251 - - [07/Dec/2023:10:02:59 -0500] "GET /sipse/faces/javax.faces.resource/primefaces.js?ln=primefaces&v=4.0 HTTP/1.1" 304 -
191.156.62.251 - - [07/Dec/2023:10:02:59 -0500] "GET /sipse/js/funciones.js HTTP/1.1" 304 -
201.245.192.253 - - [07/Dec/2023:10:03:00 -0500] "POST /sipse/faces/presentacion/financiero/solicitudProceso/consultarSolicitudProceso.xhtml HTTP/1.1" 200 48576
216.245.221.92 - - [07/Dec/2023:10:03:01 -0500] "HEAD / HTTP/1.1" 200 -
201.245.192.253 - - [07/Dec/2023:10:03:01 -0500] "GET /sipse/faces/javax.faces.resource/theme.css?ln=primefaces-sipse HTTP/1.1" 304 -
201.245.192.253 - - [07/Dec/2023:10:03:01 -0500] "GET /sipse/faces/javax.faces.resource/primefaces.css?ln=primefaces&v=4.0 HTTP/1.1" 304 -
201.245.192.253 - - [07/Dec/2023:10:03:01 -0500] "GET /sipse/faces/javax.faces.resource/layout/layout.css?ln=primefaces&v=4.0 HTTP/1.1" 304 -
201.245.192.253 - - [07/Dec/2023:10:03:01 -0500] "GET /sipse/faces/javax.faces.resource/primefaces.js?ln=primefaces&v=4.0 HTTP/1.1" 304 -
201.245.192.253 - - [07/Dec/2023:10:03:01 -0500] "GET /sipse/faces/javax.faces.resource/jquery/jquery.js?ln=primefaces&v=4.0 HTTP/1.1" 304 -
201.245.192.253 - - [07/Dec/2023:10:03:01 -0500] "GET /sipse/faces/javax.faces.resource/jquery/jquery-plugins.js?ln=primefaces&v=4.0 HTTP/1.1" 304 -
201.245.192.253 - - [07/Dec/2023:10:03:01 -0500] "GET /sipse/faces/javax.faces.resource/layout/layout.js?ln=primefaces&v=4.0 HTTP/1.1" 304 -
201.245.192.253 - - [07/Dec/2023:10:03:01 -0500] "POST /sipse/faces/presentacion/financiero/solicitudProceso/listarSolicitudProceso.xhtml HTTP/1.1" 200 1468
201.245.192.253 - - [07/Dec/2023:10:03:01 -0500] "POST /sipse/faces/presentacion/financiero/solicitudProceso/listarSolicitudProceso.xhtml HTTP/1.1" 200 1460
191.156.61.115 - - [07/Dec/2023:10:03:08 -0500] "GET /sipse/faces/javax.faces.resource/jquery/jquery-plugins.js?ln=primefaces&v=4.0 HTTP/1.1" 304 -
201.245.192.253 - - [07/Dec/2023:10:03:07 -0500] "POST /sipse/faces/presentacion/financiero/solicitudProceso/listarSolicitudProceso.xhtml HTTP/1.1" 200 119268
201.245.192.253 - - [07/Dec/2023:10:03:08 -0500] "GET /sipse/faces/javax.faces.resource/layout/layout.css?ln=primefaces&v=4.0 HTTP/1.1" 304 -
201.245.192.253 - - [07/Dec/2023:10:03:08 -0500] "GET /sipse/faces/javax.faces.resource/theme.css?ln=primefaces-sipse HTTP/1.1" 304 -
201.245.192.253 - - [07/Dec/2023:10:03:08 -0500] "GET /sipse/faces/javax.faces.resource/primefaces.css?ln=primefaces&v=4.0 HTTP/1.1" 304 -
201.245.192.253 - - [07/Dec/2023:10:03:08 -0500] "GET /sipse/faces/javax.faces.resource/jquery/jquery.js?ln=primefaces&v=4.0 HTTP/1.1" 304 -
191.156.48.179 - - [07/Dec/2023:10:03:08 -0500] "GET /sipse/faces/javax.faces.resource/layout/layout.js?ln=primefaces&v=4.0 HTTP/1.1" 304 -
201.245.192.253 - - [07/Dec/2023:10:03:08 -0500] "GET /sipse/faces/javax.faces.resource/jquery/jquery-plugins.js?ln=primefaces&v=4.0 HTTP/1.1" 304 -
201.245.192.253 - - [07/Dec/2023:10:03:08 -0500] "GET /sipse/faces/javax.faces.resource/primefaces.js?ln=primefaces&v=4.0 HTTP/1.1" 304 -
201.245.192.253 - - [07/Dec/2023:10:03:08 -0500] "GET /sipse/faces/javax.faces.resource/layout/layout.js?ln=primefaces&v=4.0 HTTP/1.1" 304 -
201.245.192.253 - - [07/Dec/2023:10:03:12 -0500] "POST /sipse/faces/presentacion/financiero/solicitudProceso/consultarSolicitudProceso.xhtml HTTP/1.1" 200 166338
216.244.66.195 - - [07/Dec/2023:10:03:14 -0500] "GET /BLA/resoluciones/AUTOS%202010/1155.pdf HTTP/1.1" 200 151236
191.156.54.105 - - [07/Dec/2023:10:03:07 -0500] "GET /sipse/faces/javax.faces.resource/jquery/jquery.js?ln=primefaces&v=4.0 HTTP/1.1" 304 -
191.156.48.179 - - [07/Dec/2023:10:03:21 -0500] "GET /sipse/css/imagen/logoSDG.png HTTP/1.1" 304 -
191.156.61.115 - - [07/Dec/2023:10:03:21 -0500] "GET /sipse/faces/javax.faces.resource/images/ui-icons_898989_256x240.png?ln=primefaces-aristo HTTP/1.1" 304 -
191.156.54.105 - - [07/Dec/2023:10:03:21 -0500] "GET /sipse/css/imagen/loginimg.png HTTP/1.1" 304 -
186.86.32.223 - - [07/Dec/2023:10:03:21 -0500] "POST /sipse/faces/presentacion/financiero/solicitudProceso/consultarSolicitudProceso.xhtml HTTP/1.1" 200 33686
186.86.32.223 - - [07/Dec/2023:10:03:21 -0500] "GET /sipse/faces/javax.faces.resource/theme.css?ln=primefaces-sipse HTTP/1.1" 304 -
