66.249.75.161 - - [07/Dec/2023:03:47:53 -0500] "GET /transparencia/financiera/Desagregado%20con%20modificaciones/Vigencia%20actual/11.%20EJECUCION%20VIGENCIA%20NOVIEMBRE%202020.pdf HTTP/1.1" 404 1018
201.245.192.253 - - [07/Dec/2023:03:47:54 -0500] "POST /kwsrmcab/Wsrmcab  HTTP/1.1" 200 41806
216.245.221.92 - - [07/Dec/2023:03:48:02 -0500] "HEAD / HTTP/1.1" 200 -
172.22.2.4 - - [07/Dec/2023:03:47:54 -0500] "HEAD /BLA/boletinlegal/ HTTP/1.1" 200 -
172.22.2.4 - - [07/Dec/2023:03:48:44 -0500] "GET /BLA/boletinlegal/ HTTP/1.1" 200 58294
40.77.167.30 - - [07/Dec/2023:03:50:42 -0500] "GET /BLA/resoluciones/RESOLUCIONES%202022/3317.pdf HTTP/1.1" 304 -
216.244.66.195 - - [07/Dec/2023:03:52:37 -0500] "GET /BLA/resoluciones/Resoluciones%202011/6416.pdf HTTP/1.1" 200 3596143
201.245.192.253 - - [07/Dec/2023:03:52:53 -0500] "POST /kwsrmcab/Wsrmcab  HTTP/1.1" 200 41806
216.245.221.92 - - [07/Dec/2023:03:53:02 -0500] "HEAD / HTTP/1.1" 200 -
172.22.2.4 - - [07/Dec/2023:03:53:44 -0500] "HEAD /BLA/boletinlegal/ HTTP/1.1" 200 -
172.22.2.4 - - [07/Dec/2023:03:54:34 -0500] "GET /BLA/boletinlegal/ HTTP/1.1" 200 58294
201.245.192.253 - - [07/Dec/2023:03:57:52 -0500] "POST /kwsrmcab/Wsrmcab  HTTP/1.1" 200 41806
216.245.221.92 - - [07/Dec/2023:03:58:02 -0500] "HEAD / HTTP/1.1" 200 -
162.55.43.55 - - [07/Dec/2023:04:00:34 -0500] "GET / HTTP/1.1" 200 4720
162.55.43.55 - - [07/Dec/2023:04:00:35 -0500] "GET / HTTP/1.1" 200 319
216.244.66.195 - - [07/Dec/2023:04:00:53 -0500] "GET /transparencia/directorioservidores/septiembre2015.xlsx HTTP/1.1" 200 37000
172.22.2.4 - - [07/Dec/2023:03:59:34 -0500] "HEAD /BLA/boletinlegal/ HTTP/1.1" 200 -
172.22.2.4 - - [07/Dec/2023:04:00:25 -0500] "GET /BLA/boletinlegal/ HTTP/1.1" 200 60634
201.245.192.253 - - [07/Dec/2023:04:02:51 -0500] "POST /kwsrmcab/Wsrmcab  HTTP/1.1" 200 41806
69.63.184.7 - - [07/Dec/2023:04:02:59 -0500] "GET /bogota-cundinamarca-y-antioquia-comparten-experiencias-y-se-unen-para-monitorear-el-aire-en-sus-territorios.html HTTP/1.1" 200 931
69.63.184.116 - - [07/Dec/2023:04:02:59 -0500] "GET /bogota-cundinamarca-y-antioquia-comparten-experiencias-y-se-unen-para-monitorear-el-aire-en-sus-territorios.html HTTP/1.1" 200 931
216.245.221.92 - - [07/Dec/2023:04:03:02 -0500] "HEAD / HTTP/1.1" 200 -
173.252.87.111 - - [07/Dec/2023:04:03:04 -0500] "GET /bogota-cundinamarca-y-antioquia-comparten-experiencias-y-se-unen-para-monitorear-el-aire-en-sus-territorios.html HTTP/1.1" 200 931
173.252.107.117 - - [07/Dec/2023:04:03:11 -0500] "GET /asi-fue-el-reverdecer-de-leandra-marulanda-mujer-resiliente-que-ahora-emprende-con-el-compostaje.html HTTP/1.1" 200 842
186.102.6.132 - - [07/Dec/2023:04:05:29 -0500] "GET /kwssiamovil/sm/acme/a?s=U2FsdGVkX1+oZ18zNWsM6srE+1lQLgCc2Uu5+PrvKfSxyVjuAUhxlygyixurPmZHVpNpnRiURetxwOTgdw96oJ9rld1cvfMy6PM9Sfq2xiJ8zceuVr2TRvQ0v4PU+4Zh5W1APaAbeYA/JH4AVQttFJCuJv7ZguttMJwsP47AYpHThrueXqozwVzTO1pgeQAGq1lFS6sfS+goWVKpH22Ry8FX1i3pF4WqgltBAUCbJwyugiaZ+5oePJOAY3SyQNxlnECD9ALKOrMJ4pYYnmofoA==&u=U2FsdGVkX1/lbF7sgrJPQVBWWtdW8LEZdB0MQXIAqRw=&y=U2FsdGVkX1/tmeUQTXuFH3T6HcLuxZ7+k7KRbEJ9+zReMeqVb8i+D0jpTRGE4xl6 HTTP/1.1" 200 26
186.102.6.132 - - [07/Dec/2023:04:05:30 -0500] "GET /kwssiamovil/sm/acme/a?s=U2FsdGVkX19VhE+MjgIQVcMnLjwEHQIvpPJx3xmRFSO12N+SyuQBJqvXc4DFwkRyMZCxud/l5apdyS9GYKQ/Qhrz2FFTCOQhpHqc5LYLhBUba6tmy2Z4a23AnIw1u0cpjvSjuLZDme6o87PRFZF1BwV5JAVHSg35SXExTVO083J2Sx0/9lmyl8XYuM/mSzV/LRgj4j4unoWpvsMpgvgZuWxSb8xduDnjyU8rh6PtEBSiGse/ieT2EL5eHZICCHWxG8c/6rvuiV+SlUAUA7M/o2sE5TB3gsyD1wOY/+O9PciZEpMnYKHFWadWDwfN2+1D5vcmfrIsDmz4YQWHqZuI8B8xonGBie8ITOxU7q2oBZf5Zg7Vq63pI6KQy/rEod2jnc0YDyrNJDucShbmhDoX4Lc4MppcwZv1XvXKhQK/g+nmhNpsZ4xOBPAvKvdsBnR4gRkQoY35OAIkihb4pYTdu2PxbPsAuoQ/g3jM9No8ao92ooo+/FRH9Tk308D7iuCCN5f9Tg6DISA5vvbvILiXENCe2oPcbuyHo3diHLa8+Ak0EwmnHWhWALOvBBX7A91pFFQ+6BDn4g1GeLlSuA/H1DyxY8AHwpmgCI7YgGJo4R+RKVjkO/COuHJPnk4sj/4B0rkgr4BQeGfsYtnwpxyX0a178riz0viPhlFJgQqxw3RLrTLoraOI0him3rACQXSSyOq/877ngqjODCDc+vCCn+RLUVKDW/N8iEmtex3hAuGdDt2XvEPcJKB7agkgI9b/mE2XaW3+3YEtlPJ9jWlX4s3R0uZ3OM44F9474AE6yjSLUqH8UL24nkmv1Dd002YJ4G9ZOcbOpo06SCxLa4S29/zLFBLwXIudRIVgBfUZogUG3aBdbJksYe9IromysTaCVjXYkikM8fNvFwlkQXyyiius9Wy7+ZoxPFYotg4g4ISpVvRJDspU700eD/Q4ZoW+CrM0EuHnkmgHN2HROQk0ds3J9xe7x4P7JRoIb4+kQaUbRmeU7mim7FIxoCTJLm/ABf/Cq9kIGtx0oPKAAyQd6oZwRcCQoQSy1O/wx/FVPPdloWHT6MjIGAaZHn1+3H53dMosALsVHetDzFql6qfNvUbN0U+WA2wrbO1WS2x8cCMl82KD+OJ+IPqWjMZ7MEqlwzkqyxOBT5wvEXUHIwZxuenzAaTQDrFhUvnlzIcc5/cGqyRqQHcxlHqj4FauXT58TdrcPgOl6AfaEpDF/Q1CPqPEzU/BzfH4+N0xb/AVfcv99ynPWkSuURtc5W7Xicxe+P1U0LgyG63mjFtn5k62HE5YO40Fl8vJCi+F65qXeGoUMUNGk8+wuTdPwnZ8j8C3By9BPzjNgymJhwsveDEVNFnY1V9YzL82Qn3BvfixMNeRGHeJD5nNCV/ywJWNXiT4iOnnn4I1LGqBm8m9ASBPG+4fxddyyM8y3A/DLIzl6QysaOitZXtkVI+vnvQw3mAAGwYQy/ek3htrMVaTrVbKEOVG4TaMP1XbeGohCcwj1I0IfBv+5ZtQoCEnWxHj/4ZrTW4vn+MOFcabWAwDGZGBzMibzTkjEdJhl1kzGSir56gSgbqpKvPUnfVYhWcQ3HqIZBXMLi1cQQq3gzj2u8NPWfoh9wsyQNRh/S+7+5D70zwpo0UgdcN93YYHJgws5OKkuRtbAlU8gCur9X2H3+CIrw2N3FWkwfTJqEcZ0LG4qw31dTPvhBtiecxl2iIbMGtZ9Bi+Quomi66YpHIhVzMstbKp273o2QPg5GQfI0ZAQEHl+Bza0YDevU1ltfRexLkJ18FX29t9isxVgPUoBgaqERBAtzlElxlu7o2zk8xgYAZBkknCARiCjR5ZH3FtFu2KpeT0wZ8LjlnGWtTcyCPziz6OIoZHOi06EABjVmqKP8/hsaB1diYvHbA+FUi3tPH214b0OQ4dtY5hvCCJ4DqUSGEmxXZLR5GugMJr15UUMckTSv7Jae9Jb/iPHVSN5i2WB7yAjyy1yYr3RGNzSkmJrKCtAdNqsKq3Tg6vSVKQrIAnn0ohJEeZda9BAqKr7MjGvrHrANKoeT6cnCLI2LIf34gUPiHjyzO81t+wbgfGpmo2sRDhhhfu2iUQNQjZ3Y2KqOCtPfHLFB3iWJVu/uVkIiLktoXqEmOM96GVsOyR0OVlvPOcXmJIbIc/sgiHcmx43plfb5bfw/J4lTEV1M7g4Se5NMPAkSeoGEcnvSeE1WTyb0hGxVCUSKcsRZfJAa9XA6iWC/CQVvmbBr1OnWjr89M+f5tT+pDTNYL59DMzlGP6xbcdLw8p/eOunnqOyM6jymdgpqabkRgHlVKgKMOsU0QCWTJLKa06nSxG89DR79qmfEy0lopBa8zsA4sj5u0JE5nD8JqnqvOErejtGLEqh10YDHygAW+7YLuG5dHyVC//4gvEnxjbEz0lp802Q9AG+ITUuASUxb8lMC4fXKHcxn3fVdvaPve/tsBbig/ty0ZswBI+pWtZCaW6svs9jPp6PYLSF4y2d44qWALuCHZ/l7ix8kWdR+7jfDoREKUn79YDOxrSs94fd4ohYF7FFGYV3bCkmuuLivsSmjqcfOB1BGMNG4rGxv2QFAclXTyIaxzqMNvDmlwBv7yGSeX1W+NEuX+GnNSCAXGlfrod+ij3YMfDcJTOiBNJ6VjibTvVVD2HoNoAy0PuSGvY8+yl7wLf&u=U2FsdGVkX1/lbF7sgrJPQVBWWtdW8LEZdB0MQXIAqRw=&y=U2FsdGVkX1/tmeUQTXuFH3T6HcLuxZ7+k7KRbEJ9+zReMeqVb8i+D0jpTRGE4xl6 HTTP/1.1" 200 26
186.102.6.132 - - [07/Dec/2023:04:05:30 -0500] "GET /kwssiamovil/sm/acme/a?s=U2FsdGVkX18V21lnaxthywEu+rCcwNqkW+KrJo5NNnwTYemvamJSaWxmeXKkfbjrm74a/c4WVLrZgBHU3sIlmezAVWyupCuZDX1ClnOuidGuCwg3bQa2HHqkhju9/fSg+arkSmeN0/6PQBAbhWG8m/exwsTWcWbOGL4B9At/GxY=&u=U2FsdGVkX1/lbF7sgrJPQVBWWtdW8LEZdB0MQXIAqRw=&y=U2FsdGVkX1/tmeUQTXuFH3T6HcLuxZ7+k7KRbEJ9+zReMeqVb8i+D0jpTRGE4xl6 HTTP/1.1" 200 26
186.102.6.132 - - [07/Dec/2023:04:05:30 -0500] "GET /kwssiamovil/sm/acme/a?s=U2FsdGVkX19qN5lxdX5iff48F+2+rWrft1JV2kg6CdnSvqLNBp1rvoArs1CQ03TF0TCAaARHQGaBYldS46JGIRfbDfJH+w05RSgNCaadIHW02yB3UL2wA9Zc57hNlZXRPUbdVJXKD1zKhJXr4v6OMbhczTG24gppJx5tGNKa4zY=&u=U2FsdGVkX1/lbF7sgrJPQVBWWtdW8LEZdB0MQXIAqRw=&y=U2FsdGVkX1/tmeUQTXuFH3T6HcLuxZ7+k7KRbEJ9+zReMeqVb8i+D0jpTRGE4xl6 HTTP/1.1" 200 26
186.102.6.132 - - [07/Dec/2023:04:05:31 -0500] "GET /kwssiamovil/sm/acme/a?s=U2FsdGVkX1/aBZe7nPYEjwiN28TQ4lH6Qx/W0S78SADlNc18DPpwj43eWmyyUJf/xrThQniaseYzzBlLEegQou44m2DUKVvfyExb+gKJxP5zWPlmO92Ku3YniGL1fYgmgvMfEkWQIneXgQ/Vpc7jlHB4wRqoP/MRMgHbb+y6pfE=&u=U2FsdGVkX1/lbF7sgrJPQVBWWtdW8LEZdB0MQXIAqRw=&y=U2FsdGVkX1/tmeUQTXuFH3T6HcLuxZ7+k7KRbEJ9+zReMeqVb8i+D0jpTRGE4xl6 HTTP/1.1" 200 26
186.102.6.132 - - [07/Dec/2023:04:05:31 -0500] "GET /kwssiamovil/sm/acme/a?s=U2FsdGVkX18Z54Dfgv9tzjfUQE3VmmOzcxrm0y9rZvlZuzCZxBYS3Wp98Ne0NfKvnk7mz9w0FfBoZSs9j53k1sFwacGmzvtXx42fkZDLCLcMCU4B/9/8jDknE9c0Y6fyHPPJ6OX7bHK11+RoiETbxXjAFfANKfqzqyoU/3WrZ2j1MY9VPMNGwzQhlTeia4aFknn7SO5QJyVYAii2g3EVkA==&u=U2FsdGVkX1/lbF7sgrJPQVBWWtdW8LEZdB0MQXIAqRw=&y=U2FsdGVkX1/tmeUQTXuFH3T6HcLuxZ7+k7KRbEJ9+zReMeqVb8i+D0jpTRGE4xl6 HTTP/1.1" 200 26
81.34.6.49 - - [07/Dec/2023:04:05:45 -0500] "GET /distrito-firma-cuatro-pagos-por-servicios-ambientales-en-cundinamarca-para-la-seguridad-hidrica-de-bogota.html HTTP/1.1" 200 856
172.22.2.4 - - [07/Dec/2023:04:05:24 -0500] "HEAD /BLA/boletinlegal/ HTTP/1.1" 200 -
201.245.192.253 - - [07/Dec/2023:04:07:50 -0500] "POST /kwsrmcab/Wsrmcab  HTTP/1.1" 200 41806
172.22.2.4 - - [07/Dec/2023:04:06:14 -0500] "GET /BLA/boletinlegal/ HTTP/1.1" 200 60634
213.180.203.27 - - [07/Dec/2023:04:08:01 -0500] "GET /robots.txt HTTP/1.1" 404 1018
216.245.221.92 - - [07/Dec/2023:04:08:02 -0500] "HEAD / HTTP/1.1" 200 -
95.108.213.205 - - [07/Dec/2023:04:08:02 -0500] "GET / HTTP/1.1" 200 319
104.194.8.237 - - [07/Dec/2023:04:09:44 -0500] "GET /galeria/galeria/fotos/Humedal-Tibanica4P.jpg HTTP/1.1" 200 26708
201.245.192.253 - - [07/Dec/2023:04:12:49 -0500] "POST /kwsrmcab/Wsrmcab  HTTP/1.1" 200 41806
172.22.2.4 - - [07/Dec/2023:04:11:14 -0500] "HEAD /BLA/boletinlegal/ HTTP/1.1" 200 -
40.77.167.26 - - [07/Dec/2023:04:12:55 -0500] "GET /BLA/resoluciones/AUTOS%202021/0756.pdf HTTP/1.1" 304 -
216.245.221.92 - - [07/Dec/2023:04:13:02 -0500] "HEAD / HTTP/1.1" 200 -
172.22.2.4 - - [07/Dec/2023:04:12:04 -0500] "GET /BLA/boletinlegal/ HTTP/1.1" 200 58644
201.245.192.253 - - [07/Dec/2023:04:16:38 -0500] "POST /kwsrmcab/Wsrmcab HTTP/1.1" 200 38742
201.245.192.253 - - [07/Dec/2023:04:16:41 -0500] "POST /kwsrmcab/Wsrmcab HTTP/1.1" 200 36025
201.245.192.253 - - [07/Dec/2023:04:17:48 -0500] "POST /kwsrmcab/Wsrmcab  HTTP/1.1" 200 41806
216.245.221.92 - - [07/Dec/2023:04:18:02 -0500] "HEAD / HTTP/1.1" 200 -
172.22.2.4 - - [07/Dec/2023:04:17:04 -0500] "HEAD /BLA/boletinlegal/ HTTP/1.1" 200 -
172.22.2.4 - - [07/Dec/2023:04:17:54 -0500] "GET /BLA/boletinlegal/ HTTP/1.1" 200 58294
201.245.192.253 - - [07/Dec/2023:04:20:22 -0500] "POST /kwsrmcab/Wsrmcab HTTP/1.1" 200 38742
201.245.192.253 - - [07/Dec/2023:04:20:32 -0500] "POST /kwsrmcab/Wsrmcab HTTP/1.1" 200 36025
66.249.75.161 - - [07/Dec/2023:04:20:51 -0500] "GET /BLA/resoluciones/RESOLUCIONES%202017/2030.pdf HTTP/1.1" 200 4320687
69.63.189.120 - - [07/Dec/2023:04:21:06 -0500] "GET /distrito-celebro-el-cumpleanos-del-parque-ecologico-distrital-de-montana-entrenubes.html HTTP/1.1" 200 829
186.102.6.132 - - [07/Dec/2023:04:21:06 -0500] "GET /kwssiamovil/sm/acme/a?s=U2FsdGVkX1/XJi2JBp+F6rJYCLLB/T1NZv/HvaXSmJZLXNRWJashsLOnYeaD6waV9+xaKUSWcRTmvAEx+2mekB6roq8FtZQclfBc/hMRnF7THVVRsr/4KJAkqqnmCI2BzCJn0AyEjljQGE/tmU8OjLFls9f7grUU1wp87fr+xx50Frc2iiSzLR8c/K7jzhfiZPzimKzyRQCTkKSciDXIQW4o110zgenb2+yaEit2jGlznUuIHzJWr0QHNEWR3lZ0hAfX+FAGpWYT5MBWZaIBEA==&u=U2FsdGVkX1/lbF7sgrJPQVBWWtdW8LEZdB0MQXIAqRw=&y=U2FsdGVkX1/tmeUQTXuFH3T6HcLuxZ7+k7KRbEJ9+zReMeqVb8i+D0jpTRGE4xl6 HTTP/1.1" 200 26
186.102.6.132 - - [07/Dec/2023:04:21:07 -0500] "GET /kwssiamovil/sm/acme/a?s=U2FsdGVkX1+f9CkZMLKLYTMrqhkPj7gZ4MYNSpyddaVUMRifI0KEe4hs7ymNMnHW1l8KCkGEyorHc/YAUhEHyivC+rgP4WNgYmzJ4LAp1SpLbqaADdzEM66TWmKkwZxcLMS53gFqG6CjrXpIZh8907zCjgcO2AAG9bTBWTsVYSpGBOGyweWpw0Mhz+7oIhXh2iWIBOtvos9TbbPu7oDpKvuZv6uja7HBRebfyFw5f7iS+Sc+eIHwcAPQzkndZSHGNb9hRHyBvkkPAjlWF/NTqiPoEYi3P1H1dRmBGCoho9EUm4sx28xmj/Ugam1tHf1TZX7/K+LmOPFJculNuo9nGPoGf4RvqSeUh7wcuVqfTLWoZrFs0iOVLWIzh0bvMUc3JNjpV1rZVwPgsTC5+sjn8bCtWdJJzVOH9DAmiJPo6LsDlB7HilGM4P3Mm37tcGQBIlNmEDmyVVSLyuK00Ft8Ar0C0dI3BmI81fSyvTuBgFkrnGYs9KgbdgN207/R1d9wnOssFVNZkrlwKhESbe9BhlsfRZzLzjexXQkWFRiHO6DrnEWade/QTb4YPs7gX7C4qpKkz4K14/tcSQCC0W4rg/zHaQvzIGQxRfvDl9hvBn/b1RcNj6VhktEBH9RESbA2oJD4dx2g375ryrtHgOz+4VGNrF1oDTYRyUDsCNOkZtANHjHTjZi50EGItj5bqFGsGSOngmr7E9DhF0HdMlxNfmrenRfngyeeMuSejxvN2roxm7x4F06Zyy/92HUp+RzwyFakfZ10EmGTTLMdGrQNHXGRWrO7J/rXvhd9L/OZdKBRxzuIAXcU2zI+3hU8QXNYXiqgmZ0NqPSMZ6/v0vXvetzEm/8VYUs5L3mbwPJPhm6FaebRnoQLkTvo9NHib0l7PrQPxrq+BTTqvECwr9tgtuv0IhA717mfRI9AFST3AdrRx4i5nzj5aHEd8Ba6m5+PIY2SxmXv8Ov+X/fsCBnl85fllXuYxNHMVh80HUTyx9sUTSIMKKSW+W1Yioiv9jC/zZV3ucZkvojgvBy92r0OF03K8nfCOvH1zvVv8zUanvHjgxolsyBRNGr/6czpKv1Zk7mnljZjWn2v8gtuTFnP/uTGeK9Ue2uyB4ZTt90OhRgp+zwdtjGMC72Pg8jXa1immuK3jg11q7sB0EWqFhTs1x/gY0wFsc+g9WddGycgGD98a26Ixtnzeyz6kIpbd2dW92T1+asHm9PwRvNf3syX+wtTPpZVwru8ARtaQWQlhLcsLSQcqG766k6Y8QiBcid+KHPx9xu3XE3U5SWsTzszDwN5Jms4krgQxDF+lsO4rD4VQ3j1uhilc1aBfX1JRtOSWe8Tyo9S6NSeFBFknqszASFiMMO1eFUQR3goygJE8bXNghzJAs+bl/o8fzFvCzQadATu7MJStc43S0WhTWLHiUViE+jhTjbsFwA2moit/27tPJ6IdEMVwqliT0jh6AhmyZZvgXn0AiVgU+MvFB1jvuIn8vcJDzSHNT/vw9WQBZE3af2eavc2CTQkTIAvX7A6t7V1gV0ZXllVOYFUaNhTEOFN8NrpXihCPOJ6q7WSrzNj7gP+G1KwFTWeNZY4SYSG8u9UByvjE1CPk/tkFFhl6k9O7dMGlXZU5aP3/Uu2MD9P3AmYUyp3z6XeRVijp7IoF0jxzP3mlegsGnpVuFK3fGpkOJ21kguVeZ+WnDr3jJmbCXIKMlOcpf8C7kkdcPpwbVzGbFpbmv77+4+yfwO1P5mYJBZWgPnit233BeCGQDni2keosKjTxktwSwYSDMvIMqKsMK8eU3o26hGdvS2rW9NAyawXj3LgD+VuO3LhZc/9mjutZ5K00P+8XIvM15BOKToScOYi4AOfW8YNhZmUfFWfMs6o5klzcxwv09WQ5vTr6B5NpwPSM1ARALBurd2w3NWzLrccDne1bRC5qr/NjOBsJSpw5FW737/2P+U5F+L2HWOKGR0JNZM7G17lrB2TsTJpZ1fHsdRbzqulf7ye2uJGO5nRVRIdNp1fdvtak7rzNv/aXw7ZJAb1XCOXFb21B+tdpE+4QFqsqo4VVORxWcBdK9K62wgdEeftkeNn9U6koWaU2CMAY8cNdb8SvW25zXqiV1XgmgLtxz+OU8b9U+QFDq95kV1zYvgcEgy/1rdY8a2rUnny/aUWMTVQ1dtdv3fXNQNSuvZM2glTkSFJc45bKiYL3vE1xvP3TVEV3cZyiOyoJKJaiF1QSzCOG/ETVAHm8KjrKCW2lI8shBIbZ7TSSvSYSdEnKZyAj4H66uGCszAqBrbB3gRHI+oWLUHVbIk/T222JgHFdyUTkRiKdA4OoL7zaQdv/x8ZPMNZVoxlF/ycozHOun93zqfHVcnCwx7DOTLsqfcaOp7M3hv4z4Gsgu0I5Ddxg9FJ2TbHz9zUCzo8PEuiYO2kDB5yY1rBCiFsgLNeXfoWLAT5unYPqIW5DCGi/JQWOBQJv3QI8nVdnYC4/v2iGbfdoj9z4xWFL2dbhLeCzQlbylAYXL7L4JG/YCo0syEk1DzefMfRfRnovt303us62VEBczM4+y7kAtfIBrCg+Yse/UAoTAGQlPYJiX+BuVC8Cyqy5Xpzu0ZkMX9g28xbTc0zE1poNSrxvb8cQE2RUKXceS4EUWy3UnoI81QRUuDxTXgJLWAmiOPcgFD0tNiwGBLZI7MXfHiR&u=U2FsdGVkX1/lbF7sgrJPQVBWWtdW8LEZdB0MQXIAqRw=&y=U2FsdGVkX1/tmeUQTXuFH3T6HcLuxZ7+k7KRbEJ9+zReMeqVb8i+D0jpTRGE4xl6 HTTP/1.1" 200 26
186.102.6.132 - - [07/Dec/2023:04:21:07 -0500] "GET /kwssiamovil/sm/acme/a?s=U2FsdGVkX19/kUAEBd7c6qW+PyLM8gB9dpI6jRAC5rhfcZZxkqxH2ceQOyCm0Lot+hytJO1sUXWF27vIzANxlZ328fNwroxMRBsyJTQ4M3cUg/8Na/uVh+oYVX1sDVR2ci10uQxFtkkcT74Ntfpb/mrxp9Lh4rdtOdgJhkSdo3M=&u=U2FsdGVkX1/lbF7sgrJPQVBWWtdW8LEZdB0MQXIAqRw=&y=U2FsdGVkX1/tmeUQTXuFH3T6HcLuxZ7+k7KRbEJ9+zReMeqVb8i+D0jpTRGE4xl6 HTTP/1.1" 200 26
186.102.6.132 - - [07/Dec/2023:04:21:07 -0500] "GET /kwssiamovil/sm/acme/a?s=U2FsdGVkX19NGw+g64SAoAdDIGp/zlOtflITQX2xDN4It70ySbOUY5by8/fOa6DZmFCEeITLl03onIUJO1C9NsOnj5ua+vbO8RFptyArBqJPyJlfqjybteFE2HYGlic8RjOG+mqBLhWeeQmgIEY/Rp4em1Iz4j7GdOoQjoV/ce4=&u=U2FsdGVkX1/lbF7sgrJPQVBWWtdW8LEZdB0MQXIAqRw=&y=U2FsdGVkX1/tmeUQTXuFH3T6HcLuxZ7+k7KRbEJ9+zReMeqVb8i+D0jpTRGE4xl6 HTTP/1.1" 200 26
186.102.6.132 - - [07/Dec/2023:04:21:08 -0500] "GET /kwssiamovil/sm/acme/a?s=U2FsdGVkX1+S/8eOkGSaGA8g4McKbZDLuJykyxOFlI5NOMbGwQLWVmV5jvCbuJ+0FcNOkVd9X59v4cKVn30zb9MyprisnEskz5rLVRhvi6A3G5Aa7y6oPIOLIH0o9nSN35Km2pK+D2A2NySuwOaZUOfeoakSlf+IBynHE4FJKv0=&u=U2FsdGVkX1/lbF7sgrJPQVBWWtdW8LEZdB0MQXIAqRw=&y=U2FsdGVkX1/tmeUQTXuFH3T6HcLuxZ7+k7KRbEJ9+zReMeqVb8i+D0jpTRGE4xl6 HTTP/1.1" 200 26
186.102.6.132 - - [07/Dec/2023:04:21:08 -0500] "GET /kwssiamovil/sm/acme/a?s=U2FsdGVkX187gA0ScUnoi7GGbjOC4HZaOPsW9QjJ3kknZVDasYbJ0rXegVMDGeGmAXzY3GjoxIvVfIgyYrHz0T4ILtW/HkVSKubwLV5/MjnTKH50pnlxzLLeWhWCzXYlgoRJo9GOlUxas3NvCyxLiMiMN0sJmreLuHw9dfVcDVCPTzoMR5TlMmJGzHv6mMdqBxkya2jkSB4k/8KxWbMNPg==&u=U2FsdGVkX1/lbF7sgrJPQVBWWtdW8LEZdB0MQXIAqRw=&y=U2FsdGVkX1/tmeUQTXuFH3T6HcLuxZ7+k7KRbEJ9+zReMeqVb8i+D0jpTRGE4xl6 HTTP/1.1" 200 26
186.86.32.51 - - [07/Dec/2023:04:21:57 -0500] "GET /las-tres-caminatas-para-cerrar-el-ano-entre-la-naturaleza.html HTTP/1.1" 200 776
178.68.25.139 - - [07/Dec/2023:04:22:11 -0500] "GET / HTTP/1.1" 200 319
40.77.167.254 - - [07/Dec/2023:04:22:12 -0500] "GET /appsia/controlador HTTP/1.1" 200 4799
201.245.192.253 - - [07/Dec/2023:04:22:46 -0500] "POST /kwsrmcab/Wsrmcab  HTTP/1.1" 200 41806
216.245.221.92 - - [07/Dec/2023:04:23:02 -0500] "HEAD / HTTP/1.1" 200 -
172.22.2.4 - - [07/Dec/2023:04:22:54 -0500] "HEAD /BLA/boletinlegal/ HTTP/1.1" 200 -
172.22.2.4 - - [07/Dec/2023:04:23:44 -0500] "GET /BLA/boletinlegal/ HTTP/1.1" 200 44547
101.47.80.44 - - [07/Dec/2023:04:25:47 -0500] "GET /portaldeninos/wp-content/uploads/2020/01/Tierra-escenario.jpg HTTP/1.1" 200 181491
172.22.2.4 - - [07/Dec/2023:04:24:10 -0500] "GET /BLA/boletinlegal/ HTTP/1.1" 200 47138
172.22.2.4 - - [07/Dec/2023:04:25:58 -0500] "GET /BLA/boletinlegal/js/jquery.scrollTo-min.js HTTP/1.1" 200 1150
201.245.192.253 - - [07/Dec/2023:04:26:38 -0500] "POST /kwsrmcab/Wsrmcab HTTP/1.1" 200 38742
201.245.192.253 - - [07/Dec/2023:04:26:41 -0500] "POST /kwsrmcab/Wsrmcab HTTP/1.1" 200 36025
201.245.192.253 - - [07/Dec/2023:04:27:45 -0500] "POST /kwsrmcab/Wsrmcab  HTTP/1.1" 200 41806
216.245.221.92 - - [07/Dec/2023:04:28:02 -0500] "HEAD / HTTP/1.1" 200 -
52.167.144.194 - - [07/Dec/2023:04:28:28 -0500] "GET /BLA/resoluciones/AUTOS%202013/1298.pdf HTTP/1.1" 200 257921
186.102.6.132 - - [07/Dec/2023:04:29:58 -0500] "GET /kwssiamovil/sm/acme/a?s=U2FsdGVkX1+ZrtHzPyLzIIlkFL8vT4ZsyWBlIjLjcy2NLTOow8kcx4hcja/NaCqXdsZeNxYxQyrm9Cvv5im83RuFQvXVWdpSCwCUXkPGPL4NL0u79b8scy+YYn2/rBvpweLRgGZNn8DZpOIIkzROoDoiNJpP8CU6ARbQ3b4j+s0+VmDhQ7aUxEl06HiAFY17qcueNmKRRGwTJqNhkilmenFDC4g1fZj0adnvr/wmowcLVqAELB3hKhdA1HMX0j3gSnUS73U1UfKzht+5XADTVg==&u=U2FsdGVkX1/lbF7sgrJPQVBWWtdW8LEZdB0MQXIAqRw=&y=U2FsdGVkX1/tmeUQTXuFH3T6HcLuxZ7+k7KRbEJ9+zReMeqVb8i+D0jpTRGE4xl6 HTTP/1.1" 200 26
186.102.6.132 - - [07/Dec/2023:04:29:59 -0500] "GET /kwssiamovil/sm/acme/a?s=U2FsdGVkX1+oLiFO0BU/tWzCPgwaC/p9TknxxRUsEzaUTWTbXvjcZyOLamlC53+d+M4gIF+Pl5ecuWIZ4TiE8Y1tgxPSp5D0S0AqHoClbf5P8ofupgTNtArbbPdQ3jTwyGqRbm80+nf0DhAP6nWbsHSUkIH9hiH9XHXvB360kpVxTkf6SidGe2PidqGkkObsAQczBOCOf97ALnvCP9hmGJL5D5SGYfzVJ+6k1Y/cOSJnVI37K60smTau2yfgM9WhOJahdMQIAlanUJw6SXYHYmgOC06PC21VIlxLl+UeLnlfLN11vHbsU2qfmcmpRK8SjK2ADxsOJsUrVltaWiFA/kMTQwhxchNOfyu6H4vh7jT/wOVjlL2RgSeAJ17oBATE94kJIBcgFmJfTaswJ5S1BxTeRItXa3TFeZtvUjrHhX9coq5QW06mQIVjvFMPyIY9cPrmusOr6hvBwacaGsUCEaN23HBCiSRfOoK8k5ceh2ATgxH0LqwX75uSWkDa94ylTi6/zw56OM4ek9lkuhYGmNbeqtAeIY0sGMMGaxNVIjdVxHPhG4qDGrErEaDsSZKwJeny35l8n7s1V0e4vpmHW1cenK7BfcOAy95ejVn+ORKRhPTE7V8qIbBgq2AB2ACWnHntIconjyis2yqEFtoz7vK4aRRkhdwy+3IzUM4uWDtmWY2FwQKoUA9muMePUGkJJUSckyhDQ9X+Msjbz2zgPTYM4efXeCWqXUXAtYHNaNwEZSkAtde+nbM6ZYl6CAFZ9smJ28IixbnbfS52JaG+B7Wtxkc/h+ykUxtENDkk41XYiYUh1HBUgMEMUMJeS+yw9f1oK9NHzjDHNNfM6F8/z3hNsRMVLlEbx/mGhLtOJVTeeU7/hDvg7IIdSRZ0hM1R6aybqq+4rApA/ey00SOJSPSndmE/bMj7qJ6cWkJabFMo368QzEpNiWHA1ZB0OAnCUcHi+UFY5/iU6os5adqISixQBWU75LHwNkc10Ob+oSL9Nj8u7G+/qhqZYvGftSkPlZIcLxZmGemDJRNQOqNaVU5z6Wo0T58UKqwpO983sW7LbgMmTVUai8j+Kn2PLVZoH2g7T2FzJe98V9VpNzpdPql/MlBD1IMmHBRpAwU21dqiGi/bqvzW5rAz+FTqhhUVOzIhbjk2H1yTh1mVaqm5EmlYdKWgkYwLEwHSpLE58//1Z7tFlFeCFwjfFSYoN5TRRqEts65m5zpqzrFwDd56Y2vatX0JP09FNCO0Bp+fLgNFKMqE+89szqGZ9o8S8KsjXuxzIVSnuEqXUmCqfWxre3iRvO1/qkgfPdvac0TUJUkEhjv9RWgEpj++T7orwxCn21eVO+Bfm62OfouZvAv7u2ilR+8ak9Ae9AQ0VyqkNQNmRzFzBKGByoYoi6VxPVDjfYMnHSoDuQ4UQeeurLC0yKrIj9FEJAN5CywkLkMX6bZt/RnGHWRV8il2G0AG6D/XfPOWaRQGgNGBqqrbb9ZrLHc3S6aMMDfrIh8LgtsdRVLFVIH0RYWSf9UU3XelFWFZLNPdn7meONolB81j+bx4rH37ETLsyYIrOkk+qTEf/XB+x0amkXsTm/53OMORCK7DBaCYrK5fh16l+2Ej9qBSQcws1DJDWJGO+MNLdgSIMyHx3fgOKDuxxxpVWf2sm9b9ZZAb8MLOowoljWbT/d+jJieGchhNzxNbcQ+8W6n0vPFN4TgqqLwFt7UDgmA/QAgiet2iOOWWBJg3tc0uzGYtgcKUuHffKv3SVFt1Lo0/2R5fjnS+PRXqK5jcwN2iFa2oW3GSOv2Fmja2TFoGC+iU7ba6NoFDlOGCTs1kd0cvso/4tFz3J4mLVSqJ0JHQO+ullzfhHrUnh1fTHrnC2s6i52/ovNI0QzgJZ3lsWodr3lEXincFTtq1R9K14KPIUy8dpo4xUuMorXFBF7ldzAu2/HfIBSNirgr+pnzWdXUR6aOjuT+hg9byD3LR/Ci+drMJYIBXu4OxI0oI7a48VkBdWuVvdfb0t1ieed7iwGts0QXL0rKVQYO2YMdBoqlgEi/vwtORXNsaRbyapmwjqLOFNIf7pscSnA5Fdj3Fl40lZaQfIY82nLOn1Ww5ohkkh4aQ1OGC35DEOcL/Rcp5jIM2ExLbVvSfagw7336EOCfFJfxAMBseBWUGcoUqCfTjVEGKERfQOQAz3O8lRvdRyOtxAWeIA8t/yXbuSJYxLtjnWdxvEP1t82wK3ljCOkvOPt0SPAvlv3DEafGeb7hqAX7aZfZioiHJ3TlNSLAS76TtYWDNJ7yts7GHqfmj5CRV0Ovq591hCEb2e2uhpqrfmBBaflPKwXud2Ju2AMryCJkiGUIatnznPwVbO8xW6MUDAizPoTMXeyrxwYSDgrXbTeB3tcuEFEVQT1WI0PVzrNr0R86wXxx6c4lq9Jr+KwqpGd6buriaM9JZ7joeIdnIMqb5MNQc4pasvwgvE1n4ZdXItNkVpEz9TuhQ5qZGHTlo4SL+1aVe4hMNFCwLvTNE+6OaQcJ6fZIXH9EiZ/81AyCg3oSwBS/fZh3b8W5QC5+ZA7WD43Z5jV5g5DvP5Q+bfQC5Hv3zCWBQBqi5gzb3W+igYUEF/gAps93VA8nVDupB+aA017VCjf5z8OlLU9PNxizWChiBjrgdh9eCCW1gxY0WG7iWAJSb1yV7ojwPHZOqszJh/FYQgis+mf6TMAi8eaPSwgaY4GIuEYzzaasiNygcfxkZqeFFflr3zrD7lnWVMLVAhMBCkJ5iAoThHoosu4AtV7Ves5WWaabenZ+YQtK9zLFXOYiZWcWMytg1dFet2y2P2bdB2QW4HwSz9GRWGLoCyjOStMI4y0i8ayMwsMXazgVGdeSRtPHyXN9iFL9bd0ezAo7W/+eAbaiu4Mru/udrGA==&u=U2FsdGVkX1/lbF7sgrJPQVBWWtdW8LEZdB0MQXIAqRw=&y=U2FsdGVkX1/tmeUQTXuFH3T6HcLuxZ7+k7KRbEJ9+zReMeqVb8i+D0jpTRGE4xl6 HTTP/1.1" 200 26
186.102.6.132 - - [07/Dec/2023:04:29:59 -0500] "GET /kwssiamovil/sm/acme/a?s=U2FsdGVkX1+LNjz+JnGZlc680SNVvEq0DA4lKcnmV729vGed+RTL0wj3tT0TzJIenKaAstYhGIn2EoHnV8zQrlYJC97JzXX8vXLUoQTwSnQYt6r1nRsuFQ5FAYaeH0SEVDpVUegmuk89GzPC0czQjzn+CkHXkvNxAmYxMZzLbQg=&u=U2FsdGVkX1/lbF7sgrJPQVBWWtdW8LEZdB0MQXIAqRw=&y=U2FsdGVkX1/tmeUQTXuFH3T6HcLuxZ7+k7KRbEJ9+zReMeqVb8i+D0jpTRGE4xl6 HTTP/1.1" 200 26
186.102.6.132 - - [07/Dec/2023:04:29:59 -0500] "GET /kwssiamovil/sm/acme/a?s=U2FsdGVkX18jTdyUAZEeukxwYdqxq91np9e4bSGPwXV2LzjTW9FRdhm3t/+E3wPVlrFVQenUZO3CUMaXyBznYQA81XNMLal53/I5T6mPjD46FxhE0BZi7/tGK44HXjXSUKK3/fWeQge5ZPaZjHB8jaAYtAgxdpjWKklNlowly1g=&u=U2FsdGVkX1/lbF7sgrJPQVBWWtdW8LEZdB0MQXIAqRw=&y=U2FsdGVkX1/tmeUQTXuFH3T6HcLuxZ7+k7KRbEJ9+zReMeqVb8i+D0jpTRGE4xl6 HTTP/1.1" 200 26
186.102.6.132 - - [07/Dec/2023:04:29:59 -0500] "GET /kwssiamovil/sm/acme/a?s=U2FsdGVkX19HT7OAzCyFCqdvbN4GKjZ8EOIM5P2pbPdDLZwp6ZRN1UNLtvzbxRnRkOYzN8vXU/klEFURvzdlpuf+GvExc5qdGvZGyvYUMx1iRFeyxzvn3eQGEMzufVXxTzGw4r8nIDNJcjUVN63jSbj2zTy6b/8gQ+5uOS2Pl+Y=&u=U2FsdGVkX1/lbF7sgrJPQVBWWtdW8LEZdB0MQXIAqRw=&y=U2FsdGVkX1/tmeUQTXuFH3T6HcLuxZ7+k7KRbEJ9+zReMeqVb8i+D0jpTRGE4xl6 HTTP/1.1" 200 26
186.102.6.132 - - [07/Dec/2023:04:30:00 -0500] "GET /kwssiamovil/sm/acme/a?s=U2FsdGVkX18UNYRQ3YyLMs/fzJ4Amu6lgPeBHi3ie/3cx/Kl7thgsoAlRCkRXMkS5EAqWAC2HwDF9phiDVJ7yh9kn8qRtsH1mub//bJSpag+9jNR2UCqjhw/zbNeN3YlqaFg85ZqMc+c2Tu1GyWEpL5OP0ivFEbhuLn0B+y19TN6H5qL0GO1p6B//owg6hKsZe3rMKDtdD2WyG/wJT+Nzg==&u=U2FsdGVkX1/lbF7sgrJPQVBWWtdW8LEZdB0MQXIAqRw=&y=U2FsdGVkX1/tmeUQTXuFH3T6HcLuxZ7+k7KRbEJ9+zReMeqVb8i+D0jpTRGE4xl6 HTTP/1.1" 200 26
201.245.192.253 - - [07/Dec/2023:04:30:21 -0500] "POST /kwsrmcab/Wsrmcab HTTP/1.1" 200 38742
172.22.2.4 - - [07/Dec/2023:04:28:44 -0500] "HEAD /BLA/boletinlegal/ HTTP/1.1" 200 -
201.245.192.253 - - [07/Dec/2023:04:30:31 -0500] "POST /kwsrmcab/Wsrmcab HTTP/1.1" 200 36025
152.61.128.50 - - [07/Dec/2023:04:30:56 -0500] "GET /arcgis/services/Calidad_del_Agua_WQI/MapServer/WMSServer?request=GetCapabilities&service=WMS HTTP/1.1" 503 1020
152.61.128.50 - - [07/Dec/2023:04:30:57 -0500] "GET /arcgis/services/Calidad_del_Agua_WQI/MapServer/WMSServer?SERVICE=WMS&REQUEST=GetCapabilities HTTP/1.1" 503 1020
152.61.128.50 - - [07/Dec/2023:04:30:57 -0500] "GET /arcgis/services/Calidad_del_Agua_WQI/MapServer/WMSServer?WMTVER=1.0.0&REQUEST=capabilities HTTP/1.1" 503 1020
216.244.66.195 - - [07/Dec/2023:04:31:06 -0500] "GET /robots.txt HTTP/1.1" 404 1018
172.22.2.4 - - [07/Dec/2023:04:29:34 -0500] "GET /BLA/boletinlegal/ HTTP/1.1" 200 58644
201.245.192.253 - - [07/Dec/2023:04:32:43 -0500] "POST /kwsrmcab/Wsrmcab  HTTP/1.1" 200 41806
216.245.221.92 - - [07/Dec/2023:04:33:02 -0500] "HEAD / HTTP/1.1" 200 -
66.249.66.77 - - [07/Dec/2023:04:34:56 -0500] "GET /portaldeninos/2021/06/01/agroecologia-tips-para-germinar-semillas-en-casa/ HTTP/1.1" 200 105801
172.22.2.4 - - [07/Dec/2023:04:34:34 -0500] "HEAD /BLA/boletinlegal/ HTTP/1.1" 200 -
173.252.107.5 - - [07/Dec/2023:04:36:23 -0500] "GET /las-mujeres-reverdecen-bogota-en-el-dia-mundial-de-los-humedales.html HTTP/1.1" 200 900
69.63.184.2 - - [07/Dec/2023:04:36:24 -0500] "GET /images/mujeres-reverdecen-humedales-2-febrero.jpg HTTP/1.1" 200 47327
201.245.192.253 - - [07/Dec/2023:04:36:38 -0500] "POST /kwsrmcab/Wsrmcab HTTP/1.1" 200 38742
201.245.192.253 - - [07/Dec/2023:04:36:41 -0500] "POST /kwsrmcab/Wsrmcab HTTP/1.1" 200 36025
172.22.2.4 - - [07/Dec/2023:04:35:24 -0500] "GET /BLA/boletinlegal/ HTTP/1.1" 200 60634
201.245.192.253 - - [07/Dec/2023:04:37:42 -0500] "POST /kwsrmcab/Wsrmcab  HTTP/1.1" 200 41806
216.245.221.92 - - [07/Dec/2023:04:38:02 -0500] "HEAD / HTTP/1.1" 200 -
111.202.101.174 - - [07/Dec/2023:04:38:06 -0500] "GET / HTTP/1.1" 200 319
201.245.192.253 - - [07/Dec/2023:04:40:22 -0500] "POST /kwsrmcab/Wsrmcab HTTP/1.1" 200 38742
201.245.192.253 - - [07/Dec/2023:04:40:31 -0500] "POST /kwsrmcab/Wsrmcab HTTP/1.1" 200 36025
172.22.2.4 - - [07/Dec/2023:04:40:24 -0500] "HEAD /BLA/boletinlegal/ HTTP/1.1" 200 -
201.245.192.253 - - [07/Dec/2023:04:42:41 -0500] "POST /kwsrmcab/Wsrmcab  HTTP/1.1" 200 41806
172.22.2.4 - - [07/Dec/2023:04:41:14 -0500] "GET /BLA/boletinlegal/ HTTP/1.1" 200 58644
216.245.221.92 - - [07/Dec/2023:04:43:01 -0500] "HEAD / HTTP/1.1" 200 -
52.167.144.214 - - [07/Dec/2023:04:43:34 -0500] "GET /galeria/galeria/jquery.fancybox.css?v=2.1.5 HTTP/1.1" 200 4895
52.167.144.237 - - [07/Dec/2023:04:43:39 -0500] "GET /galeria/galeria/jquery.fancybox.js?v=2.1.5 HTTP/1.1" 200 48706
52.167.144.214 - - [07/Dec/2023:04:45:48 -0500] "GET /BLA/resoluciones/AUTOS%202021/5507.pdf HTTP/1.1" 304 -
201.245.192.253 - - [07/Dec/2023:04:47:40 -0500] "POST /kwsrmcab/Wsrmcab  HTTP/1.1" 200 41806
172.22.2.4 - - [07/Dec/2023:04:47:43 -0500] "GET /BLA/boletinlegal/favicon.ico HTTP/1.1" 404 1037
172.22.2.4 - - [07/Dec/2023:04:47:46 -0500] "GET /BLA/boletinlegal/robots.txt HTTP/1.1" 404 1037
172.22.2.4 - - [07/Dec/2023:04:47:48 -0500] "GET /BLA/boletinlegal/sitemap.xml HTTP/1.1" 404 1037
172.22.2.4 - - [07/Dec/2023:04:46:14 -0500] "HEAD /BLA/boletinlegal/ HTTP/1.1" 200 -
216.245.221.92 - - [07/Dec/2023:04:48:02 -0500] "HEAD / HTTP/1.1" 200 -
172.22.2.4 - - [07/Dec/2023:04:46:59 -0500] "GET /BLA/boletinlegal/ HTTP/1.1" 200 36811
172.22.2.4 - - [07/Dec/2023:04:47:26 -0500] "GET /BLA/boletinlegal/ HTTP/1.1" 200 32715
66.249.75.160 - - [07/Dec/2023:04:48:41 -0500] "GET /BLA/resoluciones/RESOLUCIONES%202009/3792.pdf HTTP/1.1" 200 435294
172.22.2.4 - - [07/Dec/2023:04:47:04 -0500] "GET /BLA/boletinlegal/ HTTP/1.1" 200 48217
172.22.2.4 - - [07/Dec/2023:04:49:48 -0500] "GET /BLA/boletinlegal/robots.txt HTTP/1.1" 404 1038
172.22.2.4 - - [07/Dec/2023:04:49:50 -0500] "GET /BLA/boletinlegal/Directivas/2011/Directiva%20No.%206%20del%208%20de%20Septiembre%20de%202011.pdf HTTP/1.1" 200 996625
66.249.75.161 - - [07/Dec/2023:04:50:24 -0500] "GET /BLA/resoluciones/RESOLUCIONES%202009/4086.pdf HTTP/1.1" 200 895524
66.249.75.174 - - [07/Dec/2023:04:51:42 -0500] "GET /BLA/resoluciones/Autos%202008/1015.pdf HTTP/1.1" 200 366911
201.245.192.253 - - [07/Dec/2023:04:52:39 -0500] "POST /kwsrmcab/Wsrmcab  HTTP/1.1" 200 41806
216.245.221.92 - - [07/Dec/2023:04:53:01 -0500] "HEAD / HTTP/1.1" 200 -
172.22.2.4 - - [07/Dec/2023:04:51:24 -0500] "GET /BLA/boletinlegal/index.php HTTP/1.1" 200 52214
66.249.75.161 - - [07/Dec/2023:04:53:31 -0500] "GET /BLA/resoluciones/RESOLUCIONES%202010/1390.pdf HTTP/1.1" 200 348250
172.22.2.4 - - [07/Dec/2023:04:52:04 -0500] "HEAD /BLA/boletinlegal/ HTTP/1.1" 200 -
216.244.66.195 - - [07/Dec/2023:04:53:58 -0500] "GET /BLA/resoluciones/RESOLUCIONES%202017/0520.pdf HTTP/1.1" 200 407112
172.22.2.4 - - [07/Dec/2023:04:52:54 -0500] "GET /BLA/boletinlegal/ HTTP/1.1" 200 58294
201.245.192.253 - - [07/Dec/2023:04:57:37 -0500] "POST /kwsrmcab/Wsrmcab  HTTP/1.1" 200 41806
216.245.221.92 - - [07/Dec/2023:04:58:02 -0500] "HEAD / HTTP/1.1" 200 -
216.244.66.195 - - [07/Dec/2023:04:59:29 -0500] "GET /Residuos/curtiembres/curtiembres.html HTTP/1.1" 200 1965
172.22.2.4 - - [07/Dec/2023:04:57:54 -0500] "HEAD /BLA/boletinlegal/ HTTP/1.1" 200 -
172.22.2.4 - - [07/Dec/2023:04:58:44 -0500] "GET /BLA/boletinlegal/ HTTP/1.1" 200 60634
201.245.192.253 - - [07/Dec/2023:05:02:36 -0500] "POST /kwsrmcab/Wsrmcab  HTTP/1.1" 200 41806
173.252.107.120 - - [07/Dec/2023:05:02:52 -0500] "GET /images/calidad-aire.jpg HTTP/1.1" 200 42421
173.252.107.7 - - [07/Dec/2023:05:03:01 -0500] "GET /images/Zorro%20cangrejero.jpg HTTP/1.1" 200 40050
216.245.221.92 - - [07/Dec/2023:05:03:02 -0500] "HEAD / HTTP/1.1" 200 -
40.77.167.136 - - [07/Dec/2023:05:04:49 -0500] "GET /BLA/resoluciones/AUTOS%202021/0470.pdf HTTP/1.1" 304 -
172.22.2.4 - - [07/Dec/2023:05:03:44 -0500] "HEAD /BLA/boletinlegal/ HTTP/1.1" 200 -
172.22.2.4 - - [07/Dec/2023:05:04:34 -0500] "GET /BLA/boletinlegal/ HTTP/1.1" 200 60634
201.245.192.253 - - [07/Dec/2023:05:07:35 -0500] "POST /kwsrmcab/Wsrmcab  HTTP/1.1" 200 41806
181.50.97.196 - - [07/Dec/2023:05:07:51 -0500] "GET /distrito-firma-cuatro-pagos-por-servicios-ambientales-en-cundinamarca-para-la-seguridad-hidrica-de-bogota.html HTTP/1.1" 200 856
216.245.221.92 - - [07/Dec/2023:05:08:01 -0500] "HEAD / HTTP/1.1" 200 -
66.249.75.160 - - [07/Dec/2023:05:08:28 -0500] "GET /BLA/resoluciones/RESOLUCIONES%202010/3113.pdf HTTP/1.1" 200 539623
216.244.66.195 - - [07/Dec/2023:05:10:43 -0500] "GET /BLA/resoluciones/RESOLUCIONES%202017/1592.pdf HTTP/1.1" 200 614014
172.22.2.4 - - [07/Dec/2023:05:09:34 -0500] "HEAD /BLA/boletinlegal/ HTTP/1.1" 200 -
216.244.66.195 - - [07/Dec/2023:05:11:14 -0500] "GET /galeria/galeria/fotos/Humedal-la-Isla4G.jpg HTTP/1.1" 200 238346
172.22.2.4 - - [07/Dec/2023:05:11:25 -0500] "GET /BLA/boletinlegal/robots.txt HTTP/1.1" 404 1140
172.22.2.4 - - [07/Dec/2023:05:10:24 -0500] "GET /BLA/boletinlegal/ HTTP/1.1" 200 52827
123.126.50.57 - - [07/Dec/2023:05:12:06 -0500] "GET / HTTP/1.1" 200 319
201.245.192.253 - - [07/Dec/2023:05:12:34 -0500] "POST /kwsrmcab/Wsrmcab  HTTP/1.1" 200 41806
217.113.194.6 - - [07/Dec/2023:05:12:45 -0500] "GET /robots.txt HTTP/1.1" 404 1034
216.245.221.92 - - [07/Dec/2023:05:13:01 -0500] "HEAD / HTTP/1.1" 200 -
66.249.75.160 - - [07/Dec/2023:05:14:46 -0500] "GET /BLA/resoluciones/RESOLUCIONES%202010/7028.pdf HTTP/1.1" 200 1321087
217.113.194.32 - - [07/Dec/2023:05:15:11 -0500] "GET /actividadespara-celebrar-el-dia-del-rio-bogota.html HTTP/1.1" 404 1034
52.167.144.194 - - [07/Dec/2023:05:15:20 -0500] "GET /Publicaciones/2023EE182718.pdf HTTP/1.1" 404 228
172.22.2.4 - - [07/Dec/2023:05:15:39 -0500] "GET /BLA/boletinlegal/jurisprudencia.php HTTP/1.1" 200 17583
172.22.2.4 - - [07/Dec/2023:05:15:55 -0500] "GET /BLA/boletinlegal/js/jquery1.js HTTP/1.1" 200 29846
172.22.2.4 - - [07/Dec/2023:05:15:56 -0500] "GET /BLA/boletinlegal/js/popup.js HTTP/1.1" 200 1270
172.22.2.4 - - [07/Dec/2023:05:16:00 -0500] "GET /BLA/boletinlegal/js/lib.js HTTP/1.1" 200 6474
201.245.192.253 - - [07/Dec/2023:05:16:38 -0500] "POST /kwsrmcab/Wsrmcab HTTP/1.1" 200 38748
201.245.192.253 - - [07/Dec/2023:05:16:41 -0500] "POST /kwsrmcab/Wsrmcab HTTP/1.1" 200 35880
117.253.55.242 - - [07/Dec/2023:05:16:50 -0500] "GET / HTTP/1.1" 200 319
172.22.2.4 - - [07/Dec/2023:05:15:24 -0500] "HEAD /BLA/boletinlegal/ HTTP/1.1" 200 -
66.249.75.160 - - [07/Dec/2023:05:17:31 -0500] "GET /BLA/resoluciones/AUTOS%202011/3183.pdf HTTP/1.1" 200 225765
217.113.194.17 - - [07/Dec/2023:05:17:33 -0500] "GET /semana-bogota-reverdece-politica-publica-de-accion-climatica-es-una-realidad.html HTTP/1.1" 200 891
201.245.192.253 - - [07/Dec/2023:05:17:33 -0500] "POST /kwsrmcab/Wsrmcab  HTTP/1.1" 200 41806
66.249.75.161 - - [07/Dec/2023:05:17:45 -0500] "GET /BLA/resoluciones/RESOLUCIONES%202009/9804.pdf HTTP/1.1" 200 550225
172.22.2.4 - - [07/Dec/2023:05:16:14 -0500] "GET /BLA/boletinlegal/ HTTP/1.1" 200 60634
216.245.221.92 - - [07/Dec/2023:05:18:01 -0500] "HEAD / HTTP/1.1" 200 -
217.113.194.60 - - [07/Dec/2023:05:20:11 -0500] "GET /secretaria-de-ambiente-se-unio-al-operativo-nacional-de-control-al-trafico-ilegal-de-maderas.html HTTP/1.1" 200 855
201.245.192.253 - - [07/Dec/2023:05:20:21 -0500] "POST /kwsrmcab/Wsrmcab HTTP/1.1" 200 38748
201.245.192.253 - - [07/Dec/2023:05:20:31 -0500] "POST /kwsrmcab/Wsrmcab HTTP/1.1" 200 35880
191.156.186.2 - - [07/Dec/2023:05:21:38 -0500] "GET /distrito-firma-cuatro-pagos-por-servicios-ambientales-en-cundinamarca-para-la-seguridad-hidrica-de-bogota.html HTTP/1.1" 200 856
216.244.66.195 - - [07/Dec/2023:05:21:42 -0500] "GET /robots.txt HTTP/1.1" 404 1018
40.77.167.132 - - [07/Dec/2023:05:21:52 -0500] "GET /BLA/resoluciones/RESOLUCIONES%202021/1179.pdf HTTP/1.1" 200 576782
201.245.192.253 - - [07/Dec/2023:05:22:33 -0500] "POST /kwsrmcab/Wsrmcab  HTTP/1.1" 200 41806
172.22.2.4 - - [07/Dec/2023:05:21:13 -0500] "HEAD /BLA/boletinlegal/ HTTP/1.1" 200 -
216.245.221.92 - - [07/Dec/2023:05:23:01 -0500] "HEAD / HTTP/1.1" 200 -
172.22.2.4 - - [07/Dec/2023:05:23:30 -0500] "GET /BLA/boletinlegal/Directivas/2016/Directiva%20No.%2003%20del%2026%20de%20Julio%20de%202016.pdf HTTP/1.1" 200 370200
40.77.167.79 - - [07/Dec/2023:05:23:35 -0500] "GET /BLA/resoluciones/AUTOS%202019/4270.pdf HTTP/1.1" 200 352768
172.22.2.4 - - [07/Dec/2023:05:22:04 -0500] "GET /BLA/boletinlegal/ HTTP/1.1" 200 58294
66.249.75.160 - - [07/Dec/2023:05:24:40 -0500] "GET /BLA/resoluciones/RESOLUCIONES%202009/7300.pdf HTTP/1.1" 200 335910
66.249.75.160 - - [07/Dec/2023:05:25:26 -0500] "GET /BLA/resoluciones/RESOLUCIONES%202009/3460.pdf HTTP/1.1" 200 290517
52.167.144.231 - - [07/Dec/2023:05:26:04 -0500] "GET /BLA/resoluciones/Notificaciones/RESOLUCIONES%202023/00324.pdf HTTP/1.1" 200 816341
201.245.192.253 - - [07/Dec/2023:05:26:38 -0500] "POST /kwsrmcab/Wsrmcab HTTP/1.1" 200 38748
201.245.192.253 - - [07/Dec/2023:05:26:41 -0500] "POST /kwsrmcab/Wsrmcab HTTP/1.1" 200 35880
66.249.75.160 - - [07/Dec/2023:05:27:21 -0500] "GET /BLA/resoluciones/AUTOS%202008/1005.pdf HTTP/1.1" 200 77248
201.245.192.253 - - [07/Dec/2023:05:27:32 -0500] "POST /kwsrmcab/Wsrmcab  HTTP/1.1" 200 41806
52.167.144.231 - - [07/Dec/2023:05:27:34 -0500] "GET /BLA/resoluciones/AUTOS%202013/0785.pdf HTTP/1.1" 200 1562464
216.245.221.92 - - [07/Dec/2023:05:28:01 -0500] "HEAD / HTTP/1.1" 200 -
172.22.2.4 - - [07/Dec/2023:05:27:04 -0500] "HEAD /BLA/boletinlegal/ HTTP/1.1" 200 -
172.22.2.4 - - [07/Dec/2023:05:27:54 -0500] "GET /BLA/boletinlegal/ HTTP/1.1" 200 60634
201.245.192.253 - - [07/Dec/2023:05:30:21 -0500] "POST /kwsrmcab/Wsrmcab HTTP/1.1" 200 38748
201.245.192.253 - - [07/Dec/2023:05:30:30 -0500] "POST /kwsrmcab/Wsrmcab HTTP/1.1" 200 35880
216.244.66.195 - - [07/Dec/2023:05:30:09 -0500] "GET /BLA/boletinlegal/index.php HTTP/1.1" 200 24523
201.245.192.253 - - [07/Dec/2023:05:32:30 -0500] "POST /kwsrmcab/Wsrmcab  HTTP/1.1" 200 41806
216.245.221.92 - - [07/Dec/2023:05:33:01 -0500] "HEAD / HTTP/1.1" 200 -
66.249.75.160 - - [07/Dec/2023:05:33:15 -0500] "GET /BLA/resoluciones/RESOLUCIONES%202011/3325.pdf HTTP/1.1" 200 767058
172.22.2.4 - - [07/Dec/2023:05:32:53 -0500] "HEAD /BLA/boletinlegal/ HTTP/1.1" 200 -
216.244.66.195 - - [07/Dec/2023:05:34:53 -0500] "GET /bla/resoluciones/resoluciones%202011/5482.pdf HTTP/1.1" 200 2404955
52.167.144.18 - - [07/Dec/2023:05:35:04 -0500] "GET /siipev/Diseno%20de%20Elementos%20de%20Mobiliario%20Urbano/Otros%20Elementos/PARTE%20B/Dise%C3%B1o%20de%20Elementos%20M10.pdf HTTP/1.1" 304 -
172.22.2.4 - - [07/Dec/2023:05:33:44 -0500] "GET /BLA/boletinlegal/ HTTP/1.1" 200 58644
201.245.192.253 - - [07/Dec/2023:05:36:37 -0500] "POST /kwsrmcab/Wsrmcab HTTP/1.1" 200 38748
201.245.192.253 - - [07/Dec/2023:05:36:40 -0500] "POST /kwsrmcab/Wsrmcab HTTP/1.1" 200 35880
66.249.75.161 - - [07/Dec/2023:05:36:59 -0500] "GET /BLA/resoluciones/RESOLUCIONES%202008/3098.pdf HTTP/1.1" 200 469849
201.245.192.253 - - [07/Dec/2023:05:37:30 -0500] "POST /kwsrmcab/Wsrmcab  HTTP/1.1" 200 41806
216.245.221.92 - - [07/Dec/2023:05:38:01 -0500] "HEAD / HTTP/1.1" 200 -
216.244.66.195 - - [07/Dec/2023:05:40:00 -0500] "GET /transparencia/directorioservidores/2016/mayo2016.xlsx HTTP/1.1" 200 92904
186.155.165.139 - - [07/Dec/2023:05:40:22 -0500] "GET /bogota-cundinamarca-y-antioquia-comparten-experiencias-y-se-unen-para-monitorear-el-aire-en-sus-territorios.html HTTP/1.1" 200 931
201.245.192.253 - - [07/Dec/2023:05:40:21 -0500] "POST /kwsrmcab/Wsrmcab HTTP/1.1" 200 38748
172.22.2.4 - - [07/Dec/2023:05:38:43 -0500] "HEAD /BLA/boletinlegal/ HTTP/1.1" 200 -
201.245.192.253 - - [07/Dec/2023:05:40:31 -0500] "POST /kwsrmcab/Wsrmcab HTTP/1.1" 200 35880
172.22.2.4 - - [07/Dec/2023:05:39:34 -0500] "GET /BLA/boletinlegal/ HTTP/1.1" 200 61018
201.245.192.253 - - [07/Dec/2023:05:42:29 -0500] "POST /kwsrmcab/Wsrmcab  HTTP/1.1" 200 41806
52.167.144.184 - - [07/Dec/2023:05:42:47 -0500] "GET /BLA/resoluciones/AUTOS%202021/3608.pdf HTTP/1.1" 304 -
216.245.221.92 - - [07/Dec/2023:05:43:01 -0500] "HEAD / HTTP/1.1" 200 -
172.22.2.4 - - [07/Dec/2023:05:43:57 -0500] "GET /BLA/boletinlegal/robots.txt HTTP/1.1" 404 1038
172.22.2.4 - - [07/Dec/2023:05:43:57 -0500] "GET /BLA/boletinlegal/Directivas/2016/Directiva%20No.%2002%20del%2019%20de%20Abril%20de%202016.pdf HTTP/1.1" 304 -
66.249.75.160 - - [07/Dec/2023:05:45:59 -0500] "GET /BLA/resoluciones/RESOLUCIONES%202009/0794.pdf HTTP/1.1" 200 405476
172.22.2.4 - - [07/Dec/2023:05:44:33 -0500] "HEAD /BLA/boletinlegal/ HTTP/1.1" 200 -
66.249.75.174 - - [07/Dec/2023:05:46:59 -0500] "GET /resoluciones/RESOLUCIONES%202008/2736.pdf HTTP/1.1" 404 1018
172.22.2.4 - - [07/Dec/2023:05:45:24 -0500] "GET /BLA/boletinlegal/ HTTP/1.1" 200 60634
201.245.192.253 - - [07/Dec/2023:05:47:28 -0500] "POST /kwsrmcab/Wsrmcab  HTTP/1.1" 200 41806
216.245.221.92 - - [07/Dec/2023:05:48:01 -0500] "HEAD / HTTP/1.1" 200 -
66.249.75.161 - - [07/Dec/2023:05:48:04 -0500] "GET /BLA/resoluciones/RESOLUCIONES%202012/0537.pdf HTTP/1.1" 200 399476
186.155.16.31 - - [07/Dec/2023:05:48:25 -0500] "GET /BLA/resoluciones/ HTTP/1.1" 200 13696
186.155.16.31 - - [07/Dec/2023:05:48:28 -0500] "GET /BLA/resoluciones/index.php?dir=AUTOS+2014%2F HTTP/1.1" 200 891340
186.155.16.31 - - [07/Dec/2023:05:48:48 -0500] "GET /BLA/resoluciones/AUTOS%202014/6087.pdf HTTP/1.1" 200 476203
186.155.16.31 - - [07/Dec/2023:05:48:49 -0500] "GET /BLA/resoluciones/AUTOS%202014/6087.pdf HTTP/1.1" 206 1025
186.155.16.31 - - [07/Dec/2023:05:48:49 -0500] "GET /BLA/resoluciones/AUTOS%202014/6087.pdf HTTP/1.1" 200 476203
186.155.16.31 - - [07/Dec/2023:05:49:26 -0500] "GET /BLA/resoluciones/AUTOS%202014/6086.pdf HTTP/1.1" 200 107871
186.155.16.31 - - [07/Dec/2023:05:49:26 -0500] "GET /BLA/resoluciones/AUTOS%202014/6086.pdf HTTP/1.1" 206 1025
186.155.16.31 - - [07/Dec/2023:05:49:26 -0500] "GET /BLA/resoluciones/AUTOS%202014/6086.pdf HTTP/1.1" 200 107871
78.41.94.197 - - [07/Dec/2023:05:50:04 -0500] "GET / HTTP/1.1" 200 319
66.249.75.160 - - [07/Dec/2023:05:50:29 -0500] "GET /BLA/resoluciones/Notificaciones/REGISTROS%202016/1267.pdf HTTP/1.1" 200 372414
69.63.184.9 - - [07/Dec/2023:05:51:18 -0500] "GET /dale-una-nueva-oportunidad-a-tu-ropa-usada-se-trasladan-dos-puntos-para-llevarla.html HTTP/1.1" 200 913
172.22.2.4 - - [07/Dec/2023:05:50:23 -0500] "HEAD /BLA/boletinlegal/ HTTP/1.1" 200 -
66.249.75.161 - - [07/Dec/2023:05:52:18 -0500] "GET /BLA/resoluciones/RESOLUCIONES%202009/1109.pdf HTTP/1.1" 200 287500
66.249.75.174 - - [07/Dec/2023:05:52:18 -0500] "GET /BLA/resoluciones/RESOLUCIONES%202009/2059.pdf HTTP/1.1" 200 794596
201.245.192.253 - - [07/Dec/2023:05:52:26 -0500] "POST /kwsrmcab/Wsrmcab  HTTP/1.1" 200 41806
172.22.2.4 - - [07/Dec/2023:05:51:14 -0500] "GET /BLA/boletinlegal/ HTTP/1.1" 200 58294
216.245.221.92 - - [07/Dec/2023:05:53:01 -0500] "HEAD / HTTP/1.1" 200 -
172.22.2.4 - - [07/Dec/2023:05:54:09 -0500] "GET /BLA/boletinlegal/robots.txt HTTP/1.1" 404 1037
201.245.192.253 - - [07/Dec/2023:05:57:26 -0500] "POST /kwsrmcab/Wsrmcab  HTTP/1.1" 200 41806
172.22.2.4 - - [07/Dec/2023:05:56:13 -0500] "HEAD /BLA/boletinlegal/ HTTP/1.1" 200 -
216.245.221.92 - - [07/Dec/2023:05:58:01 -0500] "HEAD / HTTP/1.1" 200 -
172.22.2.4 - - [07/Dec/2023:05:57:04 -0500] "GET /BLA/boletinlegal/ HTTP/1.1" 200 60634
216.244.66.195 - - [07/Dec/2023:06:00:23 -0500] "GET /BLA/resoluciones/AUTOS%202016/2177.pdf HTTP/1.1" 200 517225
201.245.192.253 - - [07/Dec/2023:06:02:25 -0500] "POST /kwsrmcab/Wsrmcab  HTTP/1.1" 200 41806
216.245.221.92 - - [07/Dec/2023:06:03:01 -0500] "HEAD / HTTP/1.1" 200 -
172.22.2.4 - - [07/Dec/2023:06:02:03 -0500] "HEAD /BLA/boletinlegal/ HTTP/1.1" 200 -
172.22.2.4 - - [07/Dec/2023:06:02:54 -0500] "GET /BLA/boletinlegal/ HTTP/1.1" 200 44547
172.22.2.4 - - [07/Dec/2023:06:03:05 -0500] "GET /BLA/boletinlegal/ HTTP/1.1" 200 44547
66.249.75.161 - - [07/Dec/2023:06:05:32 -0500] "GET /BLA/resoluciones/Notificaciones/AUTOS%202023/173.pdf HTTP/1.1" 304 -
52.167.144.163 - - [07/Dec/2023:06:06:41 -0500] "GET /bla/resoluciones/notificaciones/AUTOS%202020/4070.pdf HTTP/1.1" 200 390958
66.249.75.160 - - [07/Dec/2023:06:06:53 -0500] "GET /BLA/resoluciones/RESOLUCIONES%202011/0295.pdf HTTP/1.1" 200 539885
201.245.192.253 - - [07/Dec/2023:06:07:24 -0500] "POST /kwsrmcab/Wsrmcab  HTTP/1.1" 200 41806
216.245.221.92 - - [07/Dec/2023:06:08:01 -0500] "HEAD / HTTP/1.1" 200 -
66.249.75.161 - - [07/Dec/2023:06:08:13 -0500] "GET /BLA/resoluciones/RESOLUCIONES%202011/6680.pdf HTTP/1.1" 200 4943628
167.0.152.142 - - [07/Dec/2023:06:09:01 -0500] "GET /sipse/faces/faces/index.xhtml HTTP/1.1" 200 677
66.249.75.161 - - [07/Dec/2023:06:09:04 -0500] "GET /BLA/resoluciones/RESOLUCIONES%202008/2836.pdf HTTP/1.1" 200 255474
172.22.2.4 - - [07/Dec/2023:06:07:53 -0500] "HEAD /BLA/boletinlegal/ HTTP/1.1" 200 -
172.22.2.4 - - [07/Dec/2023:06:08:44 -0500] "GET /BLA/boletinlegal/ HTTP/1.1" 200 60634
186.155.16.31 - - [07/Dec/2023:06:10:28 -0500] "GET /BLA/resoluciones/AUTOS%202014/5776.pdf HTTP/1.1" 200 420477
186.155.16.31 - - [07/Dec/2023:06:10:29 -0500] "GET /BLA/resoluciones/AUTOS%202014/5776.pdf HTTP/1.1" 200 420477
186.155.16.31 - - [07/Dec/2023:06:10:29 -0500] "GET /BLA/resoluciones/AUTOS%202014/5776.pdf HTTP/1.1" 206 1025
216.244.66.195 - - [07/Dec/2023:06:11:13 -0500] "GET /robots.txt HTTP/1.1" 404 1018
167.0.152.142 - - [07/Dec/2023:06:11:23 -0500] "GET /sipse/faces/faces/index.xhtml HTTP/1.1" 200 677
167.0.152.142 - - [07/Dec/2023:06:11:36 -0500] "GET /sipse/faces/javax.faces.resource/theme.css?ln=primefaces-sipse HTTP/1.1" 304 -
167.0.152.142 - - [07/Dec/2023:06:11:36 -0500] "GET /sipse/faces/faces/index.xhtml HTTP/1.1" 200 677
167.0.152.142 - - [07/Dec/2023:06:11:37 -0500] "GET /sipse/faces/javax.faces.resource/theme.css?ln=primefaces-sipse HTTP/1.1" 304 -
167.0.152.142 - - [07/Dec/2023:06:11:37 -0500] "GET /sipse/faces/faces/faces/autenticacion.xhtml HTTP/1.1" 200 12413
167.0.152.142 - - [07/Dec/2023:06:11:38 -0500] "GET /sipse/faces/javax.faces.resource/theme.css?ln=primefaces-sipse HTTP/1.1" 304 -
167.0.152.142 - - [07/Dec/2023:06:11:38 -0500] "GET /sipse/faces/javax.faces.resource/primefaces.css?ln=primefaces&v=4.0 HTTP/1.1" 304 -
167.0.152.142 - - [07/Dec/2023:06:11:38 -0500] "GET /sipse/faces/javax.faces.resource/layout/layout.css?ln=primefaces&v=4.0 HTTP/1.1" 304 -
167.0.152.142 - - [07/Dec/2023:06:11:38 -0500] "GET /sipse/faces/javax.faces.resource/jquery/jquery.js?ln=primefaces&v=4.0 HTTP/1.1" 304 -
167.0.152.142 - - [07/Dec/2023:06:11:38 -0500] "GET /sipse/faces/javax.faces.resource/jquery/jquery-plugins.js?ln=primefaces&v=4.0 HTTP/1.1" 304 -
167.0.152.142 - - [07/Dec/2023:06:11:38 -0500] "GET /sipse/faces/javax.faces.resource/primefaces.js?ln=primefaces&v=4.0 HTTP/1.1" 304 -
167.0.152.142 - - [07/Dec/2023:06:11:38 -0500] "GET /sipse/faces/javax.faces.resource/layout/layout.js?ln=primefaces&v=4.0 HTTP/1.1" 304 -
167.0.152.142 - - [07/Dec/2023:06:11:40 -0500] "GET /sipse/faces/javax.faces.resource/images/ui-icons_898989_256x240.png?ln=primefaces-aristo HTTP/1.1" 304 -
201.245.192.253 - - [07/Dec/2023:06:12:23 -0500] "POST /kwsrmcab/Wsrmcab  HTTP/1.1" 200 41806
216.245.221.92 - - [07/Dec/2023:06:13:01 -0500] "HEAD / HTTP/1.1" 200 -
167.0.152.142 - - [07/Dec/2023:06:13:30 -0500] "POST /sipse/faces/autenticacion.xhtml HTTP/1.1" 200 16284
167.0.152.142 - - [07/Dec/2023:06:13:30 -0500] "GET /sipse/faces/javax.faces.resource/theme.css?ln=primefaces-sipse HTTP/1.1" 304 -
167.0.152.142 - - [07/Dec/2023:06:13:30 -0500] "GET /sipse/faces/javax.faces.resource/primefaces.css?ln=primefaces&v=4.0 HTTP/1.1" 304 -
167.0.152.142 - - [07/Dec/2023:06:13:30 -0500] "GET /sipse/faces/javax.faces.resource/layout/layout.css?ln=primefaces&v=4.0 HTTP/1.1" 304 -
167.0.152.142 - - [07/Dec/2023:06:13:30 -0500] "GET /sipse/faces/javax.faces.resource/jquery/jquery.js?ln=primefaces&v=4.0 HTTP/1.1" 304 -
167.0.152.142 - - [07/Dec/2023:06:13:30 -0500] "GET /sipse/faces/javax.faces.resource/jquery/jquery-plugins.js?ln=primefaces&v=4.0 HTTP/1.1" 304 -
167.0.152.142 - - [07/Dec/2023:06:13:30 -0500] "GET /sipse/faces/javax.faces.resource/primefaces.js?ln=primefaces&v=4.0 HTTP/1.1" 304 -
167.0.152.142 - - [07/Dec/2023:06:13:30 -0500] "GET /sipse/faces/javax.faces.resource/layout/layout.js?ln=primefaces&v=4.0 HTTP/1.1" 304 -
167.0.152.142 - - [07/Dec/2023:06:13:31 -0500] "GET /sipse/css/imagen/contrasena.png HTTP/1.1" 404 383
167.0.152.142 - - [07/Dec/2023:06:13:31 -0500] "GET /sipse/faces/javax.faces.resource/messages/messages.png?ln=primefaces&v=4.0 HTTP/1.1" 304 -
167.0.152.142 - - [07/Dec/2023:06:15:02 -0500] "GET /sipse/faces/javax.faces.resource/images/ui-bg_flat_0_2d5972_40x100.png?ln=primefaces-aristo HTTP/1.1" 304 -
167.0.152.142 - - [07/Dec/2023:06:15:02 -0500] "POST /sipse/faces/bienvenido.xhtml HTTP/1.1" 200 1471
167.0.152.142 - - [07/Dec/2023:06:15:03 -0500] "POST /sipse/faces/bienvenido.xhtml HTTP/1.1" 200 62780
167.0.152.142 - - [07/Dec/2023:06:15:04 -0500] "GET /sipse/faces/javax.faces.resource/primefaces.css?ln=primefaces&v=4.0 HTTP/1.1" 304 -
167.0.152.142 - - [07/Dec/2023:06:15:04 -0500] "GET /sipse/faces/javax.faces.resource/theme.css?ln=primefaces-sipse HTTP/1.1" 304 -
167.0.152.142 - - [07/Dec/2023:06:15:04 -0500] "GET /sipse/faces/javax.faces.resource/layout/layout.css?ln=primefaces&v=4.0 HTTP/1.1" 304 -
167.0.152.142 - - [07/Dec/2023:06:15:04 -0500] "GET /sipse/faces/javax.faces.resource/jquery/jquery.js?ln=primefaces&v=4.0 HTTP/1.1" 304 -
167.0.152.142 - - [07/Dec/2023:06:15:04 -0500] "GET /sipse/faces/javax.faces.resource/jquery/jquery-plugins.js?ln=primefaces&v=4.0 HTTP/1.1" 304 -
167.0.152.142 - - [07/Dec/2023:06:15:04 -0500] "GET /sipse/faces/javax.faces.resource/primefaces.js?ln=primefaces&v=4.0 HTTP/1.1" 304 -
167.0.152.142 - - [07/Dec/2023:06:15:04 -0500] "GET /sipse/faces/javax.faces.resource/layout/layout.js?ln=primefaces&v=4.0 HTTP/1.1" 304 -
167.0.152.142 - - [07/Dec/2023:06:15:05 -0500] "POST /sipse/faces/presentacion/financiero/solicitudProceso/listarSolicitudProceso.xhtml HTTP/1.1" 200 1564
167.0.152.142 - - [07/Dec/2023:06:15:06 -0500] "POST /sipse/faces/presentacion/financiero/solicitudProceso/listarSolicitudProceso.xhtml HTTP/1.1" 200 32883
167.0.152.142 - - [07/Dec/2023:06:15:07 -0500] "POST /sipse/faces/presentacion/financiero/solicitudProceso/listarSolicitudProceso.xhtml HTTP/1.1" 200 44963
172.22.2.4 - - [07/Dec/2023:06:13:43 -0500] "HEAD /BLA/boletinlegal/ HTTP/1.1" 200 -
167.0.152.142 - - [07/Dec/2023:06:16:11 -0500] "POST /sipse/faces/presentacion/financiero/solicitudProceso/listarSolicitudProceso.xhtml HTTP/1.1" 200 32895
167.0.152.142 - - [07/Dec/2023:06:16:13 -0500] "POST /sipse/faces/presentacion/financiero/solicitudProceso/listarSolicitudProceso.xhtml HTTP/1.1" 200 5319
172.22.2.4 - - [07/Dec/2023:06:14:34 -0500] "GET /BLA/boletinlegal/ HTTP/1.1" 200 58644
167.0.152.142 - - [07/Dec/2023:06:16:17 -0500] "POST /sipse/faces/presentacion/financiero/solicitudProceso/listarSolicitudProceso.xhtml HTTP/1.1" 200 118143
167.0.152.142 - - [07/Dec/2023:06:16:18 -0500] "GET /sipse/faces/javax.faces.resource/theme.css?ln=primefaces-sipse HTTP/1.1" 304 -
167.0.152.142 - - [07/Dec/2023:06:16:18 -0500] "GET /sipse/faces/javax.faces.resource/primefaces.css?ln=primefaces&v=4.0 HTTP/1.1" 304 -
167.0.152.142 - - [07/Dec/2023:06:16:18 -0500] "GET /sipse/faces/javax.faces.resource/layout/layout.css?ln=primefaces&v=4.0 HTTP/1.1" 304 -
167.0.152.142 - - [07/Dec/2023:06:16:18 -0500] "GET /sipse/faces/javax.faces.resource/jquery/jquery.js?ln=primefaces&v=4.0 HTTP/1.1" 304 -
167.0.152.142 - - [07/Dec/2023:06:16:19 -0500] "GET /sipse/faces/javax.faces.resource/jquery/jquery-plugins.js?ln=primefaces&v=4.0 HTTP/1.1" 304 -
167.0.152.142 - - [07/Dec/2023:06:16:19 -0500] "GET /sipse/faces/javax.faces.resource/primefaces.js?ln=primefaces&v=4.0 HTTP/1.1" 304 -
167.0.152.142 - - [07/Dec/2023:06:16:19 -0500] "GET /sipse/faces/javax.faces.resource/layout/layout.js?ln=primefaces&v=4.0 HTTP/1.1" 304 -
201.245.192.253 - - [07/Dec/2023:06:16:37 -0500] "POST /kwsrmcab/Wsrmcab HTTP/1.1" 200 38595
201.245.192.253 - - [07/Dec/2023:06:16:40 -0500] "POST /kwsrmcab/Wsrmcab HTTP/1.1" 200 36206
167.0.152.142 - - [07/Dec/2023:06:16:52 -0500] "POST /sipse/faces/presentacion/financiero/solicitudProceso/consultarSolicitudProceso.xhtml HTTP/1.1" 200 264196
201.245.192.253 - - [07/Dec/2023:06:17:22 -0500] "POST /kwsrmcab/Wsrmcab  HTTP/1.1" 200 41806
167.0.152.142 - - [07/Dec/2023:06:17:30 -0500] "POST /sipse/faces/presentacion/financiero/solicitudProceso/consultarSolicitudProceso.xhtml HTTP/1.1" 200 2368988
167.0.152.142 - - [07/Dec/2023:06:17:36 -0500] "POST /sipse/faces/presentacion/financiero/solicitudProceso/consultarSolicitudProceso.xhtml HTTP/1.1" 200 2141934
167.0.152.142 - - [07/Dec/2023:06:17:49 -0500] "POST /sipse/faces/presentacion/financiero/solicitudProceso/consultarSolicitudProceso.xhtml HTTP/1.1" 200 5461
167.0.152.142 - - [07/Dec/2023:06:17:49 -0500] "GET /sipse/faces/javax.faces.resource/dynamiccontent.properties?ln=primefaces&pfdrid=XjOR5%2F%2FfPAZAuY9TpWQeCiM0BhlXxYRBGKi%2FQcXXfeA%3D&pfdrid_c=false HTTP/1.1" 200 117354
216.244.66.195 - - [07/Dec/2023:06:17:57 -0500] "GET /AFLUENTESYEFUENTES/ HTTP/1.1" 200 4762
216.245.221.92 - - [07/Dec/2023:06:18:01 -0500] "HEAD / HTTP/1.1" 200 -
66.249.66.21 - - [07/Dec/2023:06:20:09 -0500] "GET /BLA/resoluciones/RESOLUCIONES%202009/6274.pdf HTTP/1.1" 200 432213
201.245.192.253 - - [07/Dec/2023:06:20:21 -0500] "POST /kwsrmcab/Wsrmcab HTTP/1.1" 200 38595
186.102.42.135 - - [07/Dec/2023:06:20:30 -0500] "GET /kwssiamovil/sm/ldap/au?x=U2FsdGVkX19QeVe+F5ifvqPBcwaGg2zy5qvmsHc9XOrUVXKJQHP5McqRHp64DgKm&y=U2FsdGVkX1++Bu91+pUKRmFUQ3byG4I9obtpiWnLIK6LW4kS5bRrPkyQeItS9Zhm HTTP/1.1" 200 31
201.245.192.253 - - [07/Dec/2023:06:20:31 -0500] "POST /kwsrmcab/Wsrmcab HTTP/1.1" 200 36206
186.102.42.135 - - [07/Dec/2023:06:20:38 -0500] "GET /kwssiamovil/sm/ldap/au?x=U2FsdGVkX18hHDhf+oZ6zEt+/0p4tHScdpPfGmOU3Xu+cBVGw7lGz3pXGb9aOIBs&y=U2FsdGVkX18CfbWTidj4KSGOtHviePtT2PAWv1UqTTj4QD7t+olty5wdIpS1XziX HTTP/1.1" 200 30
186.102.42.135 - - [07/Dec/2023:06:20:38 -0500] "GET /kwssiamovil/sm/acme/s?s=U2FsdGVkX18MP05Gys4yDVFeQIgIsexIuEM0/4wL+60L7HKeKeAcqCT3cuRZrI0KCL1JpzXZN5/NymnibDcJsSEIFFh323zjWg5s5xfqfBY=&u=U2FsdGVkX1+2Ah1cxMo5f9IKBG6gcuUFk1CA7O5gyFU=&y=U2FsdGVkX18CfbWTidj4KSGOtHviePtT2PAWv1UqTTj4QD7t+olty5wdIpS1XziX HTTP/1.1" 200 97
