201.245.192.253 - - [07/Dec/2023:10:12:55 -0500] "POST /sipse/faces/presentacion/financiero/solicitudProceso/consultarSolicitudProceso.xhtml HTTP/1.1" 200 113503
191.156.53.225 - - [07/Dec/2023:10:12:55 -0500] "POST /sipse/faces/presentacion/financiero/solicitudProceso/consultar.xhtml HTTP/1.1" 200 31234
191.156.53.225 - - [07/Dec/2023:10:12:58 -0500] "POST /sipse/faces/presentacion/financiero/solicitudProceso/consultar.xhtml HTTP/1.1" 200 31234
191.156.53.225 - - [07/Dec/2023:10:12:58 -0500] "POST /sipse/faces/presentacion/financiero/solicitudProceso/consultar.xhtml HTTP/1.1" 200 31234
191.156.53.225 - - [07/Dec/2023:10:12:59 -0500] "POST /sipse/faces/presentacion/financiero/solicitudProceso/consultar.xhtml HTTP/1.1" 200 3790
216.244.66.195 - - [07/Dec/2023:10:13:00 -0500] "GET /BLA/resoluciones/RESOLUCIONES%202017/2765.pdf HTTP/1.1" 200 1050470
216.245.221.92 - - [07/Dec/2023:10:13:01 -0500] "HEAD / HTTP/1.1" 200 -
191.156.53.225 - - [07/Dec/2023:10:13:01 -0500] "POST /sipse/faces/presentacion/financiero/solicitudProceso/consultar.xhtml HTTP/1.1" 200 36275
191.156.60.247 - - [07/Dec/2023:10:13:01 -0500] "GET /sipse/faces/javax.faces.resource/primefaces.css?ln=primefaces&v=4.0 HTTP/1.1" 304 -
191.156.53.225 - - [07/Dec/2023:10:13:01 -0500] "GET /sipse/faces/javax.faces.resource/theme.css?ln=primefaces-sipse HTTP/1.1" 304 -
191.156.60.247 - - [07/Dec/2023:10:13:01 -0500] "GET /sipse/faces/javax.faces.resource/jquery/jquery.js?ln=primefaces&v=4.0 HTTP/1.1" 304 -
191.156.60.247 - - [07/Dec/2023:10:13:01 -0500] "GET /sipse/faces/javax.faces.resource/layout/layout.css?ln=primefaces&v=4.0 HTTP/1.1" 304 -
191.156.60.247 - - [07/Dec/2023:10:13:01 -0500] "GET /sipse/faces/javax.faces.resource/jquery/jquery-plugins.js?ln=primefaces&v=4.0 HTTP/1.1" 304 -
191.156.60.247 - - [07/Dec/2023:10:13:01 -0500] "GET /sipse/faces/javax.faces.resource/primefaces.js?ln=primefaces&v=4.0 HTTP/1.1" 304 -
191.156.60.247 - - [07/Dec/2023:10:13:01 -0500] "GET /sipse/faces/javax.faces.resource/layout/layout.js?ln=primefaces&v=4.0 HTTP/1.1" 304 -
191.156.60.247 - - [07/Dec/2023:10:13:02 -0500] "POST /sipse/faces/presentacion/financiero/solicitudProceso/listarSolicitudProceso.xhtml HTTP/1.1" 200 29536
191.156.60.247 - - [07/Dec/2023:10:13:03 -0500] "POST /sipse/faces/presentacion/financiero/solicitudProceso/listarSolicitudProceso.xhtml HTTP/1.1" 200 1396
191.156.60.247 - - [07/Dec/2023:10:13:03 -0500] "POST /sipse/faces/presentacion/financiero/solicitudProceso/listarSolicitudProceso.xhtml HTTP/1.1" 200 1392
191.156.60.247 - - [07/Dec/2023:10:13:10 -0500] "POST /sipse/faces/presentacion/financiero/solicitudProceso/listarSolicitudProceso.xhtml HTTP/1.1" 200 105372
191.156.60.247 - - [07/Dec/2023:10:13:11 -0500] "GET /sipse/faces/javax.faces.resource/theme.css?ln=primefaces-sipse HTTP/1.1" 304 -
191.156.60.247 - - [07/Dec/2023:10:13:11 -0500] "GET /sipse/faces/javax.faces.resource/primefaces.css?ln=primefaces&v=4.0 HTTP/1.1" 304 -
191.156.53.225 - - [07/Dec/2023:10:13:11 -0500] "GET /sipse/faces/javax.faces.resource/layout/layout.css?ln=primefaces&v=4.0 HTTP/1.1" 304 -
191.156.61.115 - - [07/Dec/2023:10:13:11 -0500] "GET /sipse/faces/javax.faces.resource/jquery/jquery.js?ln=primefaces&v=4.0 HTTP/1.1" 304 -
191.156.53.225 - - [07/Dec/2023:10:13:11 -0500] "GET /sipse/faces/javax.faces.resource/jquery/jquery-plugins.js?ln=primefaces&v=4.0 HTTP/1.1" 304 -
191.156.53.225 - - [07/Dec/2023:10:13:11 -0500] "GET /sipse/faces/javax.faces.resource/primefaces.js?ln=primefaces&v=4.0 HTTP/1.1" 304 -
191.156.53.225 - - [07/Dec/2023:10:13:11 -0500] "GET /sipse/faces/javax.faces.resource/layout/layout.js?ln=primefaces&v=4.0 HTTP/1.1" 304 -
201.245.192.253 - - [07/Dec/2023:10:13:18 -0500] "GET /appsia/controlador HTTP/1.1" 200 4799
201.245.192.253 - - [07/Dec/2023:10:13:18 -0500] "GET /appsia/css/estilos.css HTTP/1.1" 200 4804
201.245.192.253 - - [07/Dec/2023:10:13:18 -0500] "GET /appsia/scripts/validarIngreso.js HTTP/1.1" 200 851
201.245.192.253 - - [07/Dec/2023:10:13:18 -0500] "GET /appsia/images/logo_bogota_p.png HTTP/1.1" 200 14951
201.245.192.253 - - [07/Dec/2023:10:13:18 -0500] "GET /appsia/images/cabezoteHojaVida.png HTTP/1.1" 200 32493
201.245.192.253 - - [07/Dec/2023:10:13:18 -0500] "GET /favicon.ico HTTP/1.1" 200 7782
216.244.66.195 - - [07/Dec/2023:10:13:19 -0500] "GET /BLA/resoluciones/RESOLUCIONES%202017/2949.pdf HTTP/1.1" 200 540897
38.52.156.155 - - [07/Dec/2023:10:13:22 -0500] "GET /las-tres-caminatas-para-cerrar-el-ano-entre-la-naturaleza.html?fbclid=IwAR12CzJThJVvDsUkSrDGFvAWlbZwDZcGfgcbBJ5pnuHzd_JeLoiLmC3G8t4 HTTP/1.1" 200 776
172.22.1.61 - - [07/Dec/2023:10:13:25 -0500] "GET /reportes_sipse/sdg/ServletViabilidad?reporte=memo_viabilidad&solicitud=23207 HTTP/1.1" 200 1538
191.156.53.225 - - [07/Dec/2023:10:13:25 -0500] "POST /sipse/faces/presentacion/financiero/solicitudProceso/consultarSolicitudProceso.xhtml HTTP/1.1" 200 33664
191.156.53.225 - - [07/Dec/2023:10:13:27 -0500] "GET /sipse/faces/javax.faces.resource/theme.css?ln=primefaces-sipse HTTP/1.1" 304 -
191.156.60.247 - - [07/Dec/2023:10:13:27 -0500] "GET /sipse/faces/javax.faces.resource/primefaces.css?ln=primefaces&v=4.0 HTTP/1.1" 304 -
191.156.52.163 - - [07/Dec/2023:10:13:27 -0500] "GET /sipse/faces/javax.faces.resource/layout/layout.css?ln=primefaces&v=4.0 HTTP/1.1" 304 -
191.156.50.118 - - [07/Dec/2023:10:13:28 -0500] "GET /sipse/faces/javax.faces.resource/jquery/jquery.js?ln=primefaces&v=4.0 HTTP/1.1" 304 -
191.156.50.118 - - [07/Dec/2023:10:13:28 -0500] "GET /sipse/faces/javax.faces.resource/jquery/jquery-plugins.js?ln=primefaces&v=4.0 HTTP/1.1" 304 -
191.156.50.118 - - [07/Dec/2023:10:13:28 -0500] "GET /sipse/faces/javax.faces.resource/primefaces.js?ln=primefaces&v=4.0 HTTP/1.1" 304 -
191.156.50.118 - - [07/Dec/2023:10:13:28 -0500] "GET /sipse/faces/javax.faces.resource/layout/layout.js?ln=primefaces&v=4.0 HTTP/1.1" 304 -
201.245.192.253 - - [07/Dec/2023:10:13:25 -0500] "POST /sipse/faces/presentacion/financiero/solicitudProceso/consultarSolicitudProceso.xhtml HTTP/1.1" 200 68485
201.245.192.253 - - [07/Dec/2023:10:13:28 -0500] "GET /sipse/faces/javax.faces.resource/theme.css?ln=primefaces-sipse HTTP/1.1" 304 -
201.245.192.253 - - [07/Dec/2023:10:13:28 -0500] "GET /sipse/faces/javax.faces.resource/primefaces.css?ln=primefaces&v=4.0 HTTP/1.1" 304 -
201.245.192.253 - - [07/Dec/2023:10:13:28 -0500] "GET /sipse/faces/javax.faces.resource/layout/layout.css?ln=primefaces&v=4.0 HTTP/1.1" 304 -
201.245.192.253 - - [07/Dec/2023:10:13:28 -0500] "GET /sipse/faces/javax.faces.resource/primefaces.js?ln=primefaces&v=4.0 HTTP/1.1" 304 -
201.245.192.253 - - [07/Dec/2023:10:13:28 -0500] "GET /sipse/faces/javax.faces.resource/jquery/jquery.js?ln=primefaces&v=4.0 HTTP/1.1" 304 -
201.245.192.253 - - [07/Dec/2023:10:13:28 -0500] "GET /sipse/faces/javax.faces.resource/jquery/jquery-plugins.js?ln=primefaces&v=4.0 HTTP/1.1" 304 -
201.245.192.253 - - [07/Dec/2023:10:13:28 -0500] "GET /sipse/faces/javax.faces.resource/layout/layout.js?ln=primefaces&v=4.0 HTTP/1.1" 304 -
191.156.50.118 - - [07/Dec/2023:10:13:28 -0500] "POST /sipse/faces/presentacion/financiero/solicitudProceso/listarSolicitudProceso.xhtml HTTP/1.1" 200 1376
201.245.192.253 - - [07/Dec/2023:10:13:31 -0500] "POST /sipse/faces/presentacion/financiero/solicitudProceso/listarSolicitudProceso.xhtml HTTP/1.1" 200 1564
201.245.192.253 - - [07/Dec/2023:10:13:32 -0500] "POST /sipse/faces/presentacion/financiero/solicitudProceso/listarSolicitudProceso.xhtml HTTP/1.1" 200 1560
201.245.192.253 - - [07/Dec/2023:10:13:33 -0500] "POST /appsia/controlador HTTP/1.1" 200 5437
201.245.192.253 - - [07/Dec/2023:10:13:35 -0500] "POST /appsia/controlador HTTP/1.1" 200 7731
201.245.192.253 - - [07/Dec/2023:10:13:35 -0500] "GET /appsia/images/logo_escudo.png HTTP/1.1" 200 36965
216.244.66.195 - - [07/Dec/2023:10:13:36 -0500] "GET /BLA/resoluciones/RESOLUCIONES%202019/0069.pdf HTTP/1.1" 200 370621
201.245.192.253 - - [07/Dec/2023:10:13:46 -0500] "POST /sipse/faces/presentacion/financiero/solicitudProceso/listarSolicitudProceso.xhtml HTTP/1.1" 200 10748
201.245.192.253 - - [07/Dec/2023:10:13:50 -0500] "POST /sipse/faces/presentacion/financiero/solicitudProceso/listarSolicitudProceso.xhtml HTTP/1.1" 200 107721
201.245.192.253 - - [07/Dec/2023:10:13:51 -0500] "GET /sipse/faces/javax.faces.resource/theme.css?ln=primefaces-sipse HTTP/1.1" 304 -
201.245.192.253 - - [07/Dec/2023:10:13:51 -0500] "GET /sipse/faces/javax.faces.resource/primefaces.css?ln=primefaces&v=4.0 HTTP/1.1" 304 -
201.245.192.253 - - [07/Dec/2023:10:13:51 -0500] "GET /sipse/faces/javax.faces.resource/layout/layout.css?ln=primefaces&v=4.0 HTTP/1.1" 304 -
201.245.192.253 - - [07/Dec/2023:10:13:51 -0500] "GET /sipse/faces/javax.faces.resource/jquery/jquery.js?ln=primefaces&v=4.0 HTTP/1.1" 304 -
201.245.192.253 - - [07/Dec/2023:10:13:51 -0500] "GET /sipse/faces/javax.faces.resource/jquery/jquery-plugins.js?ln=primefaces&v=4.0 HTTP/1.1" 304 -
201.245.192.253 - - [07/Dec/2023:10:13:51 -0500] "GET /sipse/faces/javax.faces.resource/primefaces.js?ln=primefaces&v=4.0 HTTP/1.1" 304 -
201.245.192.253 - - [07/Dec/2023:10:13:51 -0500] "GET /sipse/faces/javax.faces.resource/layout/layout.js?ln=primefaces&v=4.0 HTTP/1.1" 304 -
216.244.66.195 - - [07/Dec/2023:10:13:51 -0500] "GET /BLA/resoluciones/RESOLUCIONES%202019/0073.pdf HTTP/1.1" 200 371910
201.245.192.253 - - [07/Dec/2023:10:13:53 -0500] "POST /appsia/controlador HTTP/1.1" 200 5437
201.245.192.253 - - [07/Dec/2023:10:13:53 -0500] "POST /sipse/faces/presentacion/financiero/solicitudProceso/consultarSolicitudProceso.xhtml HTTP/1.1" 200 5447
201.245.192.253 - - [07/Dec/2023:10:13:54 -0500] "POST /appsia/controlador HTTP/1.1" 200 4799
201.245.192.253 - - [07/Dec/2023:10:13:56 -0500] "GET /sipse/faces/index.xhtml HTTP/1.1" 200 677
201.245.192.253 - - [07/Dec/2023:10:13:57 -0500] "GET /sipse/faces/javax.faces.resource/theme.css?ln=primefaces-sipse HTTP/1.1" 304 -
201.245.192.253 - - [07/Dec/2023:10:13:57 -0500] "GET /favicon.ico HTTP/1.1" 200 7782
201.245.192.253 - - [07/Dec/2023:10:13:57 -0500] "GET /sipse/faces/faces/autenticacion.xhtml HTTP/1.1" 200 12413
201.245.192.253 - - [07/Dec/2023:10:13:57 -0500] "GET /sipse/js/funciones.js HTTP/1.1" 304 -
201.245.192.253 - - [07/Dec/2023:10:13:57 -0500] "GET /sipse/js/disable_browser_buttons.js HTTP/1.1" 304 -
201.245.192.253 - - [07/Dec/2023:10:13:57 -0500] "GET /sipse/css/custom_css_sg.css HTTP/1.1" 304 -
201.245.192.253 - - [07/Dec/2023:10:13:57 -0500] "GET /sipse/css/custom_css_sg_prime_login.css HTTP/1.1" 304 -
201.245.192.253 - - [07/Dec/2023:10:13:57 -0500] "GET /sipse/faces/javax.faces.resource/theme.css?ln=primefaces-sipse HTTP/1.1" 304 -
201.245.192.253 - - [07/Dec/2023:10:13:57 -0500] "GET /sipse/faces/javax.faces.resource/layout/layout.css?ln=primefaces&v=4.0 HTTP/1.1" 304 -
201.245.192.253 - - [07/Dec/2023:10:13:57 -0500] "GET /sipse/faces/javax.faces.resource/primefaces.css?ln=primefaces&v=4.0 HTTP/1.1" 304 -
201.245.192.253 - - [07/Dec/2023:10:13:57 -0500] "GET /sipse/faces/javax.faces.resource/jquery/jquery.js?ln=primefaces&v=4.0 HTTP/1.1" 304 -
201.245.192.253 - - [07/Dec/2023:10:13:57 -0500] "GET /sipse/faces/javax.faces.resource/jquery/jquery-plugins.js?ln=primefaces&v=4.0 HTTP/1.1" 304 -
201.245.192.253 - - [07/Dec/2023:10:13:57 -0500] "GET /sipse/faces/javax.faces.resource/primefaces.js?ln=primefaces&v=4.0 HTTP/1.1" 304 -
201.245.192.253 - - [07/Dec/2023:10:13:57 -0500] "GET /sipse/faces/javax.faces.resource/layout/layout.js?ln=primefaces&v=4.0 HTTP/1.1" 304 -
201.245.192.253 - - [07/Dec/2023:10:13:57 -0500] "GET /sipse/css/imagen/logoSDG.png HTTP/1.1" 304 -
201.245.192.253 - - [07/Dec/2023:10:13:57 -0500] "GET /sipse/css/imagen/loginimg.png HTTP/1.1" 304 -
201.245.192.253 - - [07/Dec/2023:10:13:57 -0500] "GET /sipse/faces/javax.faces.resource/images/ui-icons_898989_256x240.png?ln=primefaces-aristo HTTP/1.1" 304 -
186.155.163.53 - - [07/Dec/2023:10:14:00 -0500] "POST /BLA/boletinlegal/admin/actos/ingresar.php HTTP/1.1" 200 7302
201.245.192.253 - - [07/Dec/2023:10:14:04 -0500] "POST /sipse/faces/autenticacion.xhtml HTTP/1.1" 200 11389
201.245.192.253 - - [07/Dec/2023:10:14:04 -0500] "GET /sipse/css/custom_css_sg_prime.css HTTP/1.1" 304 -
201.245.192.253 - - [07/Dec/2023:10:14:04 -0500] "GET /sipse/faces/javax.faces.resource/jquery/jquery.js?ln=primefaces&v=4.0 HTTP/1.1" 304 -
201.245.192.253 - - [07/Dec/2023:10:14:04 -0500] "GET /sipse/faces/javax.faces.resource/layout/layout.css?ln=primefaces&v=4.0 HTTP/1.1" 304 -
201.245.192.253 - - [07/Dec/2023:10:14:04 -0500] "GET /sipse/faces/javax.faces.resource/theme.css?ln=primefaces-sipse HTTP/1.1" 304 -
201.245.192.253 - - [07/Dec/2023:10:14:04 -0500] "GET /sipse/faces/javax.faces.resource/primefaces.css?ln=primefaces&v=4.0 HTTP/1.1" 304 -
201.245.192.253 - - [07/Dec/2023:10:14:04 -0500] "GET /sipse/faces/javax.faces.resource/jquery/jquery-plugins.js?ln=primefaces&v=4.0 HTTP/1.1" 304 -
201.245.192.253 - - [07/Dec/2023:10:14:04 -0500] "GET /sipse/faces/javax.faces.resource/primefaces.js?ln=primefaces&v=4.0 HTTP/1.1" 304 -
201.245.192.253 - - [07/Dec/2023:10:14:04 -0500] "GET /sipse/faces/javax.faces.resource/layout/layout.js?ln=primefaces&v=4.0 HTTP/1.1" 304 -
201.245.192.253 - - [07/Dec/2023:10:14:04 -0500] "GET /sipse/faces/javax.faces.resource/messages/messages.png?ln=primefaces&v=4.0 HTTP/1.1" 304 -
216.244.66.195 - - [07/Dec/2023:10:14:08 -0500] "GET /BLA/resoluciones/RESOLUCIONES%202019/0432.pdf HTTP/1.1" 200 370236
201.245.192.253 - - [07/Dec/2023:10:14:10 -0500] "POST /sipse/faces/presentacion/sistema/seguridad/seleccionRol.xhtml HTTP/1.1" 200 5757
201.245.192.253 - - [07/Dec/2023:10:14:10 -0500] "POST /sipse/faces/presentacion/sistema/seguridad/seleccionRol.xhtml HTTP/1.1" 200 16461
201.245.192.253 - - [07/Dec/2023:10:14:11 -0500] "GET /sipse/faces/javax.faces.resource/layout/layout.css?ln=primefaces&v=4.0 HTTP/1.1" 304 -
201.245.192.253 - - [07/Dec/2023:10:14:11 -0500] "GET /sipse/faces/javax.faces.resource/primefaces.css?ln=primefaces&v=4.0 HTTP/1.1" 304 -
201.245.192.253 - - [07/Dec/2023:10:14:11 -0500] "GET /sipse/faces/javax.faces.resource/theme.css?ln=primefaces-sipse HTTP/1.1" 304 -
201.245.192.253 - - [07/Dec/2023:10:14:11 -0500] "GET /sipse/js/jquery.min.js HTTP/1.1" 304 -
201.245.192.253 - - [07/Dec/2023:10:14:11 -0500] "GET /sipse/faces/javax.faces.resource/jquery/jquery.js?ln=primefaces&v=4.0 HTTP/1.1" 304 -
201.245.192.253 - - [07/Dec/2023:10:14:11 -0500] "GET /sipse/faces/javax.faces.resource/jquery/jquery-plugins.js?ln=primefaces&v=4.0 HTTP/1.1" 304 -
201.245.192.253 - - [07/Dec/2023:10:14:11 -0500] "GET /sipse/faces/javax.faces.resource/primefaces.js?ln=primefaces&v=4.0 HTTP/1.1" 304 -
201.245.192.253 - - [07/Dec/2023:10:14:11 -0500] "GET /sipse/faces/javax.faces.resource/layout/layout.js?ln=primefaces&v=4.0 HTTP/1.1" 304 -
201.245.192.253 - - [07/Dec/2023:10:14:11 -0500] "GET /sipse/css/v_mergente.css HTTP/1.1" 304 -
201.245.192.253 - - [07/Dec/2023:10:14:11 -0500] "GET /sipse/imagenes/cargando.gif HTTP/1.1" 304 -
201.245.192.253 - - [07/Dec/2023:10:14:11 -0500] "GET /sipse/imagenes/logoAplicacion.jpg HTTP/1.1" 304 -
201.245.192.253 - - [07/Dec/2023:10:14:11 -0500] "GET /sipse/css/imagen/contrasena.png HTTP/1.1" 404 383
201.245.192.253 - - [07/Dec/2023:10:14:13 -0500] "GET /sipse/faces/javax.faces.resource/images/ui-bg_flat_0_2d5972_40x100.png?ln=primefaces-aristo HTTP/1.1" 304 -
201.245.192.253 - - [07/Dec/2023:10:14:13 -0500] "POST /sipse/faces/bienvenido.xhtml HTTP/1.1" 200 2658
201.245.192.253 - - [07/Dec/2023:10:14:14 -0500] "POST /sipse/faces/presentacion/financiero/solicitudProceso/consultarSolicitudProceso.xhtml HTTP/1.1" 200 5462
201.245.192.253 - - [07/Dec/2023:10:14:14 -0500] "POST /sipse/faces/bienvenido.xhtml HTTP/1.1" 200 36304
201.245.192.253 - - [07/Dec/2023:10:14:15 -0500] "GET /sipse/faces/javax.faces.resource/theme.css?ln=primefaces-sipse HTTP/1.1" 304 -
201.245.192.253 - - [07/Dec/2023:10:14:15 -0500] "GET /sipse/faces/javax.faces.resource/primefaces.css?ln=primefaces&v=4.0 HTTP/1.1" 304 -
201.245.192.253 - - [07/Dec/2023:10:14:15 -0500] "GET /sipse/faces/javax.faces.resource/layout/layout.css?ln=primefaces&v=4.0 HTTP/1.1" 304 -
201.245.192.253 - - [07/Dec/2023:10:14:15 -0500] "GET /sipse/faces/javax.faces.resource/jquery/jquery.js?ln=primefaces&v=4.0 HTTP/1.1" 304 -
201.245.192.253 - - [07/Dec/2023:10:14:15 -0500] "GET /sipse/faces/javax.faces.resource/jquery/jquery-plugins.js?ln=primefaces&v=4.0 HTTP/1.1" 304 -
201.245.192.253 - - [07/Dec/2023:10:14:15 -0500] "GET /sipse/faces/javax.faces.resource/primefaces.js?ln=primefaces&v=4.0 HTTP/1.1" 304 -
201.245.192.253 - - [07/Dec/2023:10:14:15 -0500] "GET /sipse/faces/javax.faces.resource/layout/layout.js?ln=primefaces&v=4.0 HTTP/1.1" 304 -
201.245.192.253 - - [07/Dec/2023:10:14:15 -0500] "POST /sipse/faces/presentacion/financiero/solicitudProceso/listarSolicitudProceso.xhtml HTTP/1.1" 200 1396
216.244.66.195 - - [07/Dec/2023:10:14:22 -0500] "GET /BLA/resoluciones/RESOLUCIONES%202001/RESOLUCION%20314%20DE%202001.pdf HTTP/1.1" 200 58550
201.245.192.253 - - [07/Dec/2023:10:14:31 -0500] "POST /forms/lservlet;jsessionid=ac16012b30d654f4146b1e084d358001dd23f656e3bf.e3iSbxaKaheRe34Qc38TbN0Nb41ynknvrkLOlQzNp65In0 HTTP/1.1" 200 2
172.22.2.4 - - [07/Dec/2023:10:12:54 -0500] "HEAD /BLA/boletinlegal/ HTTP/1.1" 200 -
216.244.66.195 - - [07/Dec/2023:10:14:34 -0500] "GET /BLA/resoluciones/index.php?dir=&sort=date&order=asc HTTP/1.1" 200 13696
201.245.192.253 - - [07/Dec/2023:10:14:43 -0500] "GET /appsia/controlador HTTP/1.1" 200 4799
201.245.192.253 - - [07/Dec/2023:10:14:43 -0500] "GET /appsia/css/estilos.css HTTP/1.1" 200 4804
201.245.192.253 - - [07/Dec/2023:10:14:43 -0500] "GET /appsia/scripts/validarIngreso.js HTTP/1.1" 200 851
201.245.192.253 - - [07/Dec/2023:10:14:43 -0500] "GET /appsia/images/logo_bogota_p.png HTTP/1.1" 200 14951
201.245.192.253 - - [07/Dec/2023:10:14:43 -0500] "GET /appsia/images/cabezoteHojaVida.png HTTP/1.1" 200 32493
201.245.192.253 - - [07/Dec/2023:10:14:43 -0500] "GET /favicon.ico HTTP/1.1" 200 7782
216.244.66.195 - - [07/Dec/2023:10:14:45 -0500] "GET /BLA/resoluciones/AUTOS%202007/0017.pdf HTTP/1.1" 200 177622
201.245.192.253 - - [07/Dec/2023:10:14:50 -0500] "POST /sipse/faces/presentacion/financiero/solicitudProceso/consultarSolicitudProceso.xhtml HTTP/1.1" 200 5469
201.245.192.253 - - [07/Dec/2023:10:14:50 -0500] "GET /sipse/faces/javax.faces.resource/dynamiccontent.properties?ln=primefaces&pfdrid=XjOR5%2F%2FfPAZAuY9TpWQeCiM0BhlXxYRBGKi%2FQcXXfeA%3D&pfdrid_c=false HTTP/1.1" 200 117445
216.244.66.195 - - [07/Dec/2023:10:14:57 -0500] "GET /BLA/resoluciones/AUTOS%202007/0052.pdf HTTP/1.1" 200 216544
201.245.192.253 - - [07/Dec/2023:10:14:58 -0500] "POST /appsia/controlador HTTP/1.1" 200 5437
201.245.192.253 - - [07/Dec/2023:10:14:58 -0500] "GET /appsia/css/estilos.css HTTP/1.1" 200 4804
201.245.192.253 - - [07/Dec/2023:10:15:02 -0500] "GET /appsia/images/logo_escudo.png HTTP/1.1" 200 36965
201.245.192.253 - - [07/Dec/2023:10:15:02 -0500] "POST /appsia/controlador HTTP/1.1" 200 32711
201.245.192.253 - - [07/Dec/2023:10:15:02 -0500] "GET /favicon.ico HTTP/1.1" 200 7782
172.22.1.61 - - [07/Dec/2023:10:15:04 -0500] "GET /reportes_sipse/sdg/ServletViabilidad?reporte=memo_viabilidad&solicitud=23206 HTTP/1.1" 200 1538
201.245.192.253 - - [07/Dec/2023:10:15:05 -0500] "POST /sipse/faces/presentacion/financiero/solicitudProceso/consultarSolicitudProceso.xhtml HTTP/1.1" 200 26125
201.245.192.253 - - [07/Dec/2023:10:15:06 -0500] "GET /sipse/faces/javax.faces.resource/theme.css?ln=primefaces-sipse HTTP/1.1" 304 -
201.245.192.253 - - [07/Dec/2023:10:15:06 -0500] "GET /sipse/faces/javax.faces.resource/primefaces.css?ln=primefaces&v=4.0 HTTP/1.1" 304 -
201.245.192.253 - - [07/Dec/2023:10:15:06 -0500] "GET /sipse/faces/javax.faces.resource/jquery/jquery.js?ln=primefaces&v=4.0 HTTP/1.1" 304 -
201.245.192.253 - - [07/Dec/2023:10:15:06 -0500] "GET /sipse/faces/javax.faces.resource/layout/layout.css?ln=primefaces&v=4.0 HTTP/1.1" 304 -
201.245.192.253 - - [07/Dec/2023:10:15:06 -0500] "GET /sipse/faces/javax.faces.resource/primefaces.js?ln=primefaces&v=4.0 HTTP/1.1" 304 -
201.245.192.253 - - [07/Dec/2023:10:15:06 -0500] "GET /sipse/faces/javax.faces.resource/jquery/jquery-plugins.js?ln=primefaces&v=4.0 HTTP/1.1" 304 -
201.245.192.253 - - [07/Dec/2023:10:15:06 -0500] "GET /sipse/faces/javax.faces.resource/layout/layout.js?ln=primefaces&v=4.0 HTTP/1.1" 304 -
201.245.192.253 - - [07/Dec/2023:10:15:06 -0500] "GET /sipse/faces/javax.faces.resource/images/ui-icons_898989_256x240.png?ln=primefaces-aristo HTTP/1.1" 304 -
216.244.66.195 - - [07/Dec/2023:10:15:07 -0500] "GET /BLA/resoluciones/AUTOS%202007/0160.pdf HTTP/1.1" 200 48700
201.245.192.253 - - [07/Dec/2023:10:15:07 -0500] "GET /sipse/faces/javax.faces.resource/theme.css?ln=primefaces-sipse HTTP/1.1" 304 -
201.245.192.253 - - [07/Dec/2023:10:15:07 -0500] "GET /sipse/faces/javax.faces.resource/jquery/jquery-plugins.js?ln=primefaces&v=4.0 HTTP/1.1" 304 -
201.245.192.253 - - [07/Dec/2023:10:15:07 -0500] "GET /sipse/faces/javax.faces.resource/primefaces.css?ln=primefaces&v=4.0 HTTP/1.1" 304 -
201.245.192.253 - - [07/Dec/2023:10:15:07 -0500] "GET /sipse/faces/javax.faces.resource/jquery/jquery.js?ln=primefaces&v=4.0 HTTP/1.1" 304 -
201.245.192.253 - - [07/Dec/2023:10:15:07 -0500] "GET /sipse/faces/javax.faces.resource/layout/layout.css?ln=primefaces&v=4.0 HTTP/1.1" 304 -
201.245.192.253 - - [07/Dec/2023:10:15:07 -0500] "GET /sipse/faces/javax.faces.resource/primefaces.js?ln=primefaces&v=4.0 HTTP/1.1" 304 -
201.245.192.253 - - [07/Dec/2023:10:15:07 -0500] "GET /sipse/faces/javax.faces.resource/layout/layout.js?ln=primefaces&v=4.0 HTTP/1.1" 304 -
181.56.171.197 - - [07/Dec/2023:10:15:08 -0500] "POST /sipse/faces/presentacion/financiero/solicitudProceso/listarSolicitudProceso.xhtml HTTP/1.1" 200 7581
201.245.192.253 - - [07/Dec/2023:10:15:03 -0500] "POST /sipse/faces/presentacion/financiero/solicitudProceso/consultarSolicitudProceso.xhtml HTTP/1.1" 200 68485
186.155.163.53 - - [07/Dec/2023:10:15:10 -0500] "POST /BLA/boletinlegal/admin/actos/ingresar.php HTTP/1.1" 200 7302
201.245.192.253 - - [07/Dec/2023:10:15:11 -0500] "POST /sipse/faces/presentacion/financiero/solicitudProceso/listarSolicitudProceso.xhtml HTTP/1.1" 200 1564
201.245.192.253 - - [07/Dec/2023:10:15:11 -0500] "POST /sipse/faces/presentacion/financiero/solicitudProceso/listarSolicitudProceso.xhtml HTTP/1.1" 200 1560
201.245.192.253 - - [07/Dec/2023:10:15:12 -0500] "POST /sipse/faces/presentacion/financiero/solicitudProceso/listarSolicitudProceso.xhtml HTTP/1.1" 200 7703
216.244.66.195 - - [07/Dec/2023:10:15:15 -0500] "GET /BLA/resoluciones/AUTOS%202007/0546.pdf HTTP/1.1" 200 68593
201.245.192.253 - - [07/Dec/2023:10:15:15 -0500] "POST /sipse/faces/presentacion/financiero/solicitudProceso/listarSolicitudProceso.xhtml HTTP/1.1" 200 107783
201.245.192.253 - - [07/Dec/2023:10:15:17 -0500] "GET /sipse/faces/javax.faces.resource/layout/layout.css?ln=primefaces&v=4.0 HTTP/1.1" 304 -
201.245.192.253 - - [07/Dec/2023:10:15:17 -0500] "GET /sipse/faces/javax.faces.resource/primefaces.css?ln=primefaces&v=4.0 HTTP/1.1" 304 -
201.245.192.253 - - [07/Dec/2023:10:15:17 -0500] "GET /sipse/faces/javax.faces.resource/theme.css?ln=primefaces-sipse HTTP/1.1" 304 -
201.245.192.253 - - [07/Dec/2023:10:15:17 -0500] "GET /sipse/faces/javax.faces.resource/jquery/jquery.js?ln=primefaces&v=4.0 HTTP/1.1" 304 -
201.245.192.253 - - [07/Dec/2023:10:15:17 -0500] "GET /sipse/faces/javax.faces.resource/jquery/jquery-plugins.js?ln=primefaces&v=4.0 HTTP/1.1" 304 -
201.245.192.253 - - [07/Dec/2023:10:15:17 -0500] "GET /sipse/faces/javax.faces.resource/primefaces.js?ln=primefaces&v=4.0 HTTP/1.1" 304 -
201.245.192.253 - - [07/Dec/2023:10:15:17 -0500] "GET /sipse/faces/javax.faces.resource/layout/layout.js?ln=primefaces&v=4.0 HTTP/1.1" 304 -
201.245.192.253 - - [07/Dec/2023:10:15:17 -0500] "GET /sipse/faces/javax.faces.resource/dynamiccontent.properties?ln=primefaces&pfdrid=XjOR5%2F%2FfPAZAuY9TpWQeCiM0BhlXxYRBGKi%2FQcXXfeA%3D&pfdrid_c=false HTTP/1.1" 500 383
216.244.66.195 - - [07/Dec/2023:10:15:22 -0500] "GET /BLA/resoluciones/AUTOS%202007/0571.pdf HTTP/1.1" 200 218338
172.22.2.4 - - [07/Dec/2023:10:13:44 -0500] "GET /BLA/boletinlegal/ HTTP/1.1" 200 58294
201.245.192.253 - - [07/Dec/2023:10:15:28 -0500] "GET /sipse/faces/javax.faces.resource/images/ui-bg_flat_0_2d5972_40x100.png?ln=primefaces-aristo HTTP/1.1" 304 -
216.244.66.195 - - [07/Dec/2023:10:15:29 -0500] "GET /BLA/resoluciones/AUTOS%202007/0714.pdf HTTP/1.1" 200 79843
201.245.192.253 - - [07/Dec/2023:10:15:28 -0500] "POST /sipse/faces/presentacion/financiero/solicitudProceso/registrarAnotacion.xhtml HTTP/1.1" 200 109971
201.245.192.253 - - [07/Dec/2023:10:15:29 -0500] "GET /sipse/faces/javax.faces.resource/jquery/jquery.js?ln=primefaces&v=4.0 HTTP/1.1" 304 -
201.245.192.253 - - [07/Dec/2023:10:15:29 -0500] "GET /sipse/faces/javax.faces.resource/jquery/jquery-plugins.js?ln=primefaces&v=4.0 HTTP/1.1" 304 -
201.245.192.253 - - [07/Dec/2023:10:15:29 -0500] "GET /sipse/faces/javax.faces.resource/primefaces.js?ln=primefaces&v=4.0 HTTP/1.1" 304 -
201.245.192.253 - - [07/Dec/2023:10:15:29 -0500] "GET /sipse/faces/javax.faces.resource/layout/layout.js?ln=primefaces&v=4.0 HTTP/1.1" 304 -
201.245.192.253 - - [07/Dec/2023:10:15:29 -0500] "GET /sipse/faces/javax.faces.resource/dynamiccontent.properties?ln=primefaces&pfdrid=XjOR5%2F%2FfPAZAuY9TpWQeCiM0BhlXxYRBGKi%2FQcXXfeA%3D&pfdrid_c=false HTTP/1.1" 500 383
201.245.192.253 - - [07/Dec/2023:10:15:31 -0500] "POST /sipse/faces/presentacion/financiero/solicitudProceso/consultarSolicitudProceso.xhtml HTTP/1.1" 200 65891
201.245.192.253 - - [07/Dec/2023:10:15:34 -0500] "GET /sipse/faces/javax.faces.resource/jquery/jquery.js?ln=primefaces&v=4.0 HTTP/1.1" 304 -
201.245.192.253 - - [07/Dec/2023:10:15:34 -0500] "GET /sipse/faces/javax.faces.resource/jquery/jquery-plugins.js?ln=primefaces&v=4.0 HTTP/1.1" 304 -
201.245.192.253 - - [07/Dec/2023:10:15:34 -0500] "GET /sipse/faces/javax.faces.resource/primefaces.js?ln=primefaces&v=4.0 HTTP/1.1" 304 -
216.244.66.195 - - [07/Dec/2023:10:15:34 -0500] "GET /BLA/resoluciones/AUTOS%202007/0790.pdf HTTP/1.1" 200 188474
201.245.192.253 - - [07/Dec/2023:10:15:34 -0500] "GET /sipse/faces/javax.faces.resource/layout/layout.js?ln=primefaces&v=4.0 HTTP/1.1" 304 -
201.245.192.253 - - [07/Dec/2023:10:15:34 -0500] "GET /sipse/faces/javax.faces.resource/messages/messages.png?ln=primefaces&v=4.0 HTTP/1.1" 304 -
201.245.192.253 - - [07/Dec/2023:10:15:34 -0500] "POST /sipse/faces/presentacion/financiero/solicitudProceso/listarSolicitudProceso.xhtml HTTP/1.1" 200 1564
52.167.144.18 - - [07/Dec/2023:10:15:37 -0500] "GET /BLA/resoluciones/RESOLUCIONES%202010/2027.pdf HTTP/1.1" 200 337366
216.244.66.195 - - [07/Dec/2023:10:15:39 -0500] "GET /BLA/resoluciones/AUTOS%202007/0794.pdf HTTP/1.1" 200 138767
216.244.66.195 - - [07/Dec/2023:10:15:43 -0500] "GET /BLA/resoluciones/AUTOS%202007/0838.pdf HTTP/1.1" 200 104461
201.245.192.253 - - [07/Dec/2023:10:15:48 -0500] "POST /sipse/faces/presentacion/financiero/solicitudProceso/listarSolicitudProceso.xhtml HTTP/1.1" 200 31943
216.244.66.195 - - [07/Dec/2023:10:15:50 -0500] "GET /BLA/resoluciones/AUTOS%202007/0962.pdf HTTP/1.1" 200 99661
216.244.66.195 - - [07/Dec/2023:10:15:55 -0500] "GET /BLA/resoluciones/AUTOS%202007/0983.pdf HTTP/1.1" 200 82928
201.245.192.253 - - [07/Dec/2023:10:15:56 -0500] "POST /sipse/faces/presentacion/financiero/solicitudProceso/listarSolicitudProceso.xhtml HTTP/1.1" 200 109699
201.245.192.253 - - [07/Dec/2023:10:15:57 -0500] "GET /sipse/faces/javax.faces.resource/jquery/jquery.js?ln=primefaces&v=4.0 HTTP/1.1" 304 -
201.245.192.253 - - [07/Dec/2023:10:15:57 -0500] "GET /sipse/faces/javax.faces.resource/jquery/jquery-plugins.js?ln=primefaces&v=4.0 HTTP/1.1" 304 -
201.245.192.253 - - [07/Dec/2023:10:15:57 -0500] "GET /sipse/faces/javax.faces.resource/primefaces.js?ln=primefaces&v=4.0 HTTP/1.1" 304 -
201.245.192.253 - - [07/Dec/2023:10:15:57 -0500] "GET /sipse/faces/javax.faces.resource/layout/layout.js?ln=primefaces&v=4.0 HTTP/1.1" 304 -
201.245.192.253 - - [07/Dec/2023:10:15:57 -0500] "GET /sipse/faces/javax.faces.resource/dynamiccontent.properties?ln=primefaces&pfdrid=XjOR5%2F%2FfPAZAuY9TpWQeCiM0BhlXxYRBGKi%2FQcXXfeA%3D&pfdrid_c=false HTTP/1.1" 500 383
201.245.192.253 - - [07/Dec/2023:10:15:58 -0500] "POST /sipse/faces/presentacion/financiero/solicitudProceso/consultarSolicitudProceso.xhtml HTTP/1.1" 200 5462
216.244.66.195 - - [07/Dec/2023:10:16:03 -0500] "GET /BLA/resoluciones/AUTOS%202007/1007.pdf HTTP/1.1" 200 41128
216.244.66.195 - - [07/Dec/2023:10:16:12 -0500] "GET /BLA/resoluciones/AUTOS%202007/1118.pdf HTTP/1.1" 200 77561
201.245.192.253 - - [07/Dec/2023:10:16:12 -0500] "POST /sipse/faces/presentacion/financiero/solicitudProceso/consultarSolicitudProceso.xhtml HTTP/1.1" 200 116539
186.155.163.53 - - [07/Dec/2023:10:16:19 -0500] "POST /BLA/boletinlegal/admin/actos/ingresar.php HTTP/1.1" 200 7302
216.244.66.195 - - [07/Dec/2023:10:16:21 -0500] "GET /BLA/resoluciones/AUTOS%202007/1159.pdf HTTP/1.1" 200 47115
201.245.192.253 - - [07/Dec/2023:10:16:20 -0500] "POST /kwsrmcab/Wsrmcab  HTTP/1.1" 200 41806
216.244.66.195 - - [07/Dec/2023:10:16:29 -0500] "GET /BLA/resoluciones/AUTOS%202007/1183.pdf HTTP/1.1" 200 26237
201.245.192.253 - - [07/Dec/2023:10:16:31 -0500] "POST /forms/lservlet;jsessionid=ac16012b30d654f4146b1e084d358001dd23f656e3bf.e3iSbxaKaheRe34Qc38TbN0Nb41ynknvrkLOlQzNp65In0 HTTP/1.1" 200 2
216.244.66.195 - - [07/Dec/2023:10:16:36 -0500] "GET /BLA/resoluciones/AUTOS%202007/1467.pdf HTTP/1.1" 200 24341
201.245.192.253 - - [07/Dec/2023:10:16:36 -0500] "POST /kwsrmcab/Wsrmcab HTTP/1.1" 200 39632
201.245.192.253 - - [07/Dec/2023:10:16:39 -0500] "POST /kwsrmcab/Wsrmcab HTTP/1.1" 200 33766
216.244.66.195 - - [07/Dec/2023:10:16:42 -0500] "GET /BLA/resoluciones/AUTOS%202007/1724.pdf HTTP/1.1" 200 35020
216.244.66.195 - - [07/Dec/2023:10:16:48 -0500] "GET /BLA/resoluciones/AUTOS%202007/1817.pdf HTTP/1.1" 200 28983
216.244.66.195 - - [07/Dec/2023:10:16:52 -0500] "GET /BLA/resoluciones/AUTOS%202009/0907.pdf HTTP/1.1" 200 121899
201.245.192.253 - - [07/Dec/2023:10:16:58 -0500] "POST /sipse/faces/presentacion/financiero/solicitudProceso/consultarSolicitudProceso.xhtml HTTP/1.1" 200 116101
216.244.66.195 - - [07/Dec/2023:10:16:59 -0500] "GET /BLA/resoluciones/AUTOS%202009/1078.pdf HTTP/1.1" 200 100919
216.244.66.195 - - [07/Dec/2023:10:17:05 -0500] "GET /BLA/resoluciones/AUTOS%202009/1120.pdf HTTP/1.1" 200 66811
181.53.12.29 - - [07/Dec/2023:10:17:08 -0500] "GET /sipse/faces/faces/ HTTP/1.1" 302 -
181.53.12.29 - - [07/Dec/2023:10:17:08 -0500] "GET /sipse/faces/autenticacion.xhtml HTTP/1.1" 200 12413
181.53.12.29 - - [07/Dec/2023:10:17:08 -0500] "GET /sipse/faces/javax.faces.resource/theme.css?ln=primefaces-sipse HTTP/1.1" 304 -
181.53.12.29 - - [07/Dec/2023:10:17:08 -0500] "GET /sipse/faces/javax.faces.resource/primefaces.css?ln=primefaces&v=4.0 HTTP/1.1" 304 -
181.53.12.29 - - [07/Dec/2023:10:17:08 -0500] "GET /sipse/faces/javax.faces.resource/layout/layout.css?ln=primefaces&v=4.0 HTTP/1.1" 304 -
181.53.12.29 - - [07/Dec/2023:10:17:08 -0500] "GET /sipse/faces/javax.faces.resource/jquery/jquery.js?ln=primefaces&v=4.0 HTTP/1.1" 304 -
181.53.12.29 - - [07/Dec/2023:10:17:08 -0500] "GET /sipse/faces/javax.faces.resource/layout/layout.js?ln=primefaces&v=4.0 HTTP/1.1" 304 -
181.53.12.29 - - [07/Dec/2023:10:17:08 -0500] "GET /sipse/faces/javax.faces.resource/primefaces.js?ln=primefaces&v=4.0 HTTP/1.1" 304 -
181.53.12.29 - - [07/Dec/2023:10:17:08 -0500] "GET /sipse/faces/javax.faces.resource/jquery/jquery-plugins.js?ln=primefaces&v=4.0 HTTP/1.1" 304 -
181.53.12.29 - - [07/Dec/2023:10:17:09 -0500] "GET /sipse/faces/javax.faces.resource/images/ui-icons_898989_256x240.png?ln=primefaces-aristo HTTP/1.1" 304 -
181.53.12.29 - - [07/Dec/2023:10:17:09 -0500] "GET /sipse/faces/index.xhtml HTTP/1.1" 200 677
181.53.12.29 - - [07/Dec/2023:10:17:09 -0500] "GET /sipse/faces/javax.faces.resource/theme.css?ln=primefaces-sipse HTTP/1.1" 304 -
181.53.12.29 - - [07/Dec/2023:10:17:09 -0500] "GET /sipse/faces/faces/autenticacion.xhtml HTTP/1.1" 200 12413
181.53.12.29 - - [07/Dec/2023:10:17:09 -0500] "GET /sipse/faces/javax.faces.resource/theme.css?ln=primefaces-sipse HTTP/1.1" 304 -
181.53.12.29 - - [07/Dec/2023:10:17:09 -0500] "GET /sipse/faces/javax.faces.resource/primefaces.css?ln=primefaces&v=4.0 HTTP/1.1" 304 -
181.53.12.29 - - [07/Dec/2023:10:17:09 -0500] "GET /sipse/faces/javax.faces.resource/layout/layout.css?ln=primefaces&v=4.0 HTTP/1.1" 304 -
181.53.12.29 - - [07/Dec/2023:10:17:09 -0500] "GET /sipse/faces/javax.faces.resource/primefaces.js?ln=primefaces&v=4.0 HTTP/1.1" 304 -
181.53.12.29 - - [07/Dec/2023:10:17:09 -0500] "GET /sipse/faces/javax.faces.resource/jquery/jquery.js?ln=primefaces&v=4.0 HTTP/1.1" 304 -
181.53.12.29 - - [07/Dec/2023:10:17:09 -0500] "GET /sipse/faces/javax.faces.resource/jquery/jquery-plugins.js?ln=primefaces&v=4.0 HTTP/1.1" 304 -
181.53.12.29 - - [07/Dec/2023:10:17:09 -0500] "GET /sipse/faces/javax.faces.resource/layout/layout.js?ln=primefaces&v=4.0 HTTP/1.1" 304 -
216.244.66.195 - - [07/Dec/2023:10:17:10 -0500] "GET /BLA/resoluciones/AUTOS%202009/1784.pdf HTTP/1.1" 200 99102
216.244.66.195 - - [07/Dec/2023:10:17:21 -0500] "GET /BLA/resoluciones/AUTOS%202009/1830.pdf HTTP/1.1" 200 128482
172.22.1.61 - - [07/Dec/2023:10:17:22 -0500] "GET /reportes_sipse/sdg/ServletViabilidad?reporte=memo_viabilidad&solicitud=23205 HTTP/1.1" 200 1538
186.155.163.53 - - [07/Dec/2023:10:17:24 -0500] "POST /BLA/boletinlegal/admin/actos/ingresar.php HTTP/1.1" 200 7302
201.245.192.253 - - [07/Dec/2023:10:17:22 -0500] "POST /sipse/faces/presentacion/financiero/solicitudProceso/consultarSolicitudProceso.xhtml HTTP/1.1" 200 68485
201.245.192.253 - - [07/Dec/2023:10:17:25 -0500] "GET /sipse/faces/javax.faces.resource/theme.css?ln=primefaces-sipse HTTP/1.1" 304 -
201.245.192.253 - - [07/Dec/2023:10:17:25 -0500] "GET /sipse/faces/javax.faces.resource/jquery/jquery.js?ln=primefaces&v=4.0 HTTP/1.1" 304 -
201.245.192.253 - - [07/Dec/2023:10:17:25 -0500] "GET /sipse/faces/javax.faces.resource/primefaces.css?ln=primefaces&v=4.0 HTTP/1.1" 304 -
201.245.192.253 - - [07/Dec/2023:10:17:25 -0500] "GET /sipse/faces/javax.faces.resource/layout/layout.css?ln=primefaces&v=4.0 HTTP/1.1" 304 -
201.245.192.253 - - [07/Dec/2023:10:17:25 -0500] "GET /sipse/faces/javax.faces.resource/primefaces.js?ln=primefaces&v=4.0 HTTP/1.1" 304 -
201.245.192.253 - - [07/Dec/2023:10:17:25 -0500] "GET /sipse/faces/javax.faces.resource/jquery/jquery-plugins.js?ln=primefaces&v=4.0 HTTP/1.1" 304 -
201.245.192.253 - - [07/Dec/2023:10:17:25 -0500] "GET /sipse/faces/javax.faces.resource/layout/layout.js?ln=primefaces&v=4.0 HTTP/1.1" 304 -
201.245.192.253 - - [07/Dec/2023:10:17:25 -0500] "POST /sipse/faces/presentacion/financiero/solicitudProceso/listarSolicitudProceso.xhtml HTTP/1.1" 200 1564
201.245.192.253 - - [07/Dec/2023:10:17:25 -0500] "POST /sipse/faces/presentacion/financiero/solicitudProceso/listarSolicitudProceso.xhtml HTTP/1.1" 200 1560
216.244.66.195 - - [07/Dec/2023:10:17:28 -0500] "GET /BLA/resoluciones/AUTOS%202009/1839.pdf HTTP/1.1" 200 102331
201.245.192.253 - - [07/Dec/2023:10:17:28 -0500] "POST /sipse/faces/presentacion/financiero/solicitudProceso/listarSolicitudProceso.xhtml HTTP/1.1" 200 4664
181.53.12.29 - - [07/Dec/2023:10:17:29 -0500] "POST /sipse/faces/autenticacion.xhtml HTTP/1.1" 200 2227
181.53.12.29 - - [07/Dec/2023:10:17:29 -0500] "GET /sipse/faces/javax.faces.resource/messages/messages.png?ln=primefaces&v=4.0 HTTP/1.1" 304 -
181.53.12.29 - - [07/Dec/2023:10:17:30 -0500] "GET /sipse/faces/javax.faces.resource/images/ui-icons_898989_256x240.png?ln=primefaces-aristo HTTP/1.1" 304 -
181.53.12.29 - - [07/Dec/2023:10:17:30 -0500] "POST /sipse/faces/autenticacion.xhtml HTTP/1.1" 200 16471
181.53.12.29 - - [07/Dec/2023:10:17:30 -0500] "GET /sipse/faces/javax.faces.resource/theme.css?ln=primefaces-sipse HTTP/1.1" 304 -
181.53.12.29 - - [07/Dec/2023:10:17:30 -0500] "GET /sipse/faces/javax.faces.resource/primefaces.css?ln=primefaces&v=4.0 HTTP/1.1" 304 -
181.53.12.29 - - [07/Dec/2023:10:17:30 -0500] "GET /sipse/faces/javax.faces.resource/layout/layout.css?ln=primefaces&v=4.0 HTTP/1.1" 304 -
181.53.12.29 - - [07/Dec/2023:10:17:30 -0500] "GET /sipse/faces/javax.faces.resource/jquery/jquery.js?ln=primefaces&v=4.0 HTTP/1.1" 304 -
181.53.12.29 - - [07/Dec/2023:10:17:30 -0500] "GET /sipse/faces/javax.faces.resource/jquery/jquery-plugins.js?ln=primefaces&v=4.0 HTTP/1.1" 304 -
181.53.12.29 - - [07/Dec/2023:10:17:30 -0500] "GET /sipse/faces/javax.faces.resource/primefaces.js?ln=primefaces&v=4.0 HTTP/1.1" 304 -
181.53.12.29 - - [07/Dec/2023:10:17:30 -0500] "GET /sipse/faces/javax.faces.resource/layout/layout.js?ln=primefaces&v=4.0 HTTP/1.1" 304 -
181.53.12.29 - - [07/Dec/2023:10:17:31 -0500] "GET /sipse/css/imagen/contrasena.png HTTP/1.1" 404 383
181.53.12.29 - - [07/Dec/2023:10:17:32 -0500] "GET /sipse/faces/javax.faces.resource/images/ui-bg_flat_0_2d5972_40x100.png?ln=primefaces-aristo HTTP/1.1" 304 -
181.53.12.29 - - [07/Dec/2023:10:17:32 -0500] "POST /sipse/faces/bienvenido.xhtml HTTP/1.1" 200 2060
201.245.192.253 - - [07/Dec/2023:10:17:32 -0500] "POST /sipse/faces/presentacion/financiero/solicitudProceso/listarSolicitudProceso.xhtml HTTP/1.1" 200 107573
201.245.192.253 - - [07/Dec/2023:10:17:33 -0500] "GET /sipse/faces/javax.faces.resource/theme.css?ln=primefaces-sipse HTTP/1.1" 304 -
201.245.192.253 - - [07/Dec/2023:10:17:33 -0500] "GET /sipse/faces/javax.faces.resource/layout/layout.css?ln=primefaces&v=4.0 HTTP/1.1" 304 -
201.245.192.253 - - [07/Dec/2023:10:17:33 -0500] "GET /sipse/faces/javax.faces.resource/primefaces.css?ln=primefaces&v=4.0 HTTP/1.1" 304 -
201.245.192.253 - - [07/Dec/2023:10:17:33 -0500] "GET /sipse/faces/javax.faces.resource/jquery/jquery.js?ln=primefaces&v=4.0 HTTP/1.1" 304 -
201.245.192.253 - - [07/Dec/2023:10:17:33 -0500] "GET /sipse/faces/javax.faces.resource/jquery/jquery-plugins.js?ln=primefaces&v=4.0 HTTP/1.1" 304 -
201.245.192.253 - - [07/Dec/2023:10:17:33 -0500] "GET /sipse/faces/javax.faces.resource/primefaces.js?ln=primefaces&v=4.0 HTTP/1.1" 304 -
201.245.192.253 - - [07/Dec/2023:10:17:33 -0500] "GET /sipse/faces/javax.faces.resource/layout/layout.js?ln=primefaces&v=4.0 HTTP/1.1" 304 -
181.53.12.29 - - [07/Dec/2023:10:17:33 -0500] "POST /sipse/faces/bienvenido.xhtml HTTP/1.1" 200 35696
181.53.12.29 - - [07/Dec/2023:10:17:33 -0500] "GET /sipse/faces/javax.faces.resource/theme.css?ln=primefaces-sipse HTTP/1.1" 304 -
181.53.12.29 - - [07/Dec/2023:10:17:33 -0500] "GET /sipse/faces/javax.faces.resource/primefaces.css?ln=primefaces&v=4.0 HTTP/1.1" 304 -
181.53.12.29 - - [07/Dec/2023:10:17:33 -0500] "GET /sipse/faces/javax.faces.resource/layout/layout.css?ln=primefaces&v=4.0 HTTP/1.1" 304 -
181.53.12.29 - - [07/Dec/2023:10:17:33 -0500] "GET /sipse/faces/javax.faces.resource/jquery/jquery.js?ln=primefaces&v=4.0 HTTP/1.1" 304 -
181.53.12.29 - - [07/Dec/2023:10:17:33 -0500] "GET /sipse/faces/javax.faces.resource/jquery/jquery-plugins.js?ln=primefaces&v=4.0 HTTP/1.1" 304 -
181.53.12.29 - - [07/Dec/2023:10:17:33 -0500] "GET /sipse/faces/javax.faces.resource/primefaces.js?ln=primefaces&v=4.0 HTTP/1.1" 304 -
181.53.12.29 - - [07/Dec/2023:10:17:34 -0500] "GET /sipse/faces/javax.faces.resource/layout/layout.js?ln=primefaces&v=4.0 HTTP/1.1" 304 -
181.53.12.29 - - [07/Dec/2023:10:17:34 -0500] "POST /sipse/faces/presentacion/financiero/solicitudProceso/listarSolicitudProceso.xhtml HTTP/1.1" 200 1396
201.245.192.253 - - [07/Dec/2023:10:17:34 -0500] "POST /sipse/faces/presentacion/financiero/solicitudProceso/consultarSolicitudProceso.xhtml HTTP/1.1" 200 5435
172.22.2.4 - - [07/Dec/2023:10:17:38 -0500] "GET /BLA/boletinlegal/styles2.css HTTP/1.1" 200 1838
172.22.2.4 - - [07/Dec/2023:10:17:38 -0500] "GET /BLA/boletinlegal/style.css HTTP/1.1" 200 9406
172.22.2.4 - - [07/Dec/2023:10:17:38 -0500] "GET /BLA/boletinlegal/js/jquery.scrollShow.js HTTP/1.1" 200 4586
172.22.2.4 - - [07/Dec/2023:10:17:38 -0500] "GET /BLA/boletinlegal/js/jquery.js HTTP/1.1" 200 57254
172.22.2.4 - - [07/Dec/2023:10:17:38 -0500] "GET /BLA/boletinlegal/js/jquery.scrollTo-min.js HTTP/1.1" 200 1150
172.22.2.4 - - [07/Dec/2023:10:17:38 -0500] "GET /BLA/boletinlegal/images/cabezote%20BLEGAL.jpg HTTP/1.1" 200 118164
172.22.2.4 - - [07/Dec/2023:10:17:38 -0500] "GET /BLA/boletinlegal/images/subscribe-icon-big.png HTTP/1.1" 200 47702
172.22.2.4 - - [07/Dec/2023:10:17:39 -0500] "GET /BLA/boletinlegal/images/historia.png HTTP/1.1" 200 52775
172.22.2.4 - - [07/Dec/2023:10:17:39 -0500] "GET /BLA/boletinlegal/images/registro-usuarios.png HTTP/1.1" 200 8106
172.22.2.4 - - [07/Dec/2023:10:17:39 -0500] "GET /BLA/boletinlegal/images/arr_l.jpg HTTP/1.1" 200 1979
172.22.2.4 - - [07/Dec/2023:10:17:39 -0500] "GET /BLA/boletinlegal/images/screen_1.png HTTP/1.1" 200 202547
172.22.2.4 - - [07/Dec/2023:10:17:39 -0500] "GET /BLA/boletinlegal/images/launch.jpg HTTP/1.1" 200 14577
181.53.12.29 - - [07/Dec/2023:10:17:39 -0500] "POST /sipse/faces/presentacion/financiero/solicitudProceso/listarSolicitudProceso.xhtml HTTP/1.1" 200 106163
181.53.12.29 - - [07/Dec/2023:10:17:40 -0500] "GET /sipse/faces/javax.faces.resource/theme.css?ln=primefaces-sipse HTTP/1.1" 304 -
181.53.12.29 - - [07/Dec/2023:10:17:40 -0500] "GET /sipse/faces/javax.faces.resource/primefaces.css?ln=primefaces&v=4.0 HTTP/1.1" 304 -
181.53.12.29 - - [07/Dec/2023:10:17:40 -0500] "GET /sipse/faces/javax.faces.resource/layout/layout.css?ln=primefaces&v=4.0 HTTP/1.1" 304 -
181.53.12.29 - - [07/Dec/2023:10:17:40 -0500] "GET /sipse/faces/javax.faces.resource/jquery/jquery.js?ln=primefaces&v=4.0 HTTP/1.1" 304 -
181.53.12.29 - - [07/Dec/2023:10:17:40 -0500] "GET /sipse/faces/javax.faces.resource/jquery/jquery-plugins.js?ln=primefaces&v=4.0 HTTP/1.1" 304 -
181.53.12.29 - - [07/Dec/2023:10:17:40 -0500] "GET /sipse/faces/javax.faces.resource/primefaces.js?ln=primefaces&v=4.0 HTTP/1.1" 304 -
181.53.12.29 - - [07/Dec/2023:10:17:40 -0500] "GET /sipse/faces/javax.faces.resource/layout/layout.js?ln=primefaces&v=4.0 HTTP/1.1" 304 -
172.22.2.4 - - [07/Dec/2023:10:17:40 -0500] "GET /BLA/boletinlegal/actos.php HTTP/1.1" 200 9682
172.22.2.4 - - [07/Dec/2023:10:17:40 -0500] "GET /BLA/boletinlegal/niceforms.js HTTP/1.1" 200 22876
172.22.2.4 - - [07/Dec/2023:10:17:40 -0500] "GET /BLA/boletinlegal/niceforms-default.css HTTP/1.1" 200 6694
172.22.2.4 - - [07/Dec/2023:10:17:40 -0500] "GET /BLA/boletinlegal/js/popup.js HTTP/1.1" 200 1270
172.22.2.4 - - [07/Dec/2023:10:17:40 -0500] "GET /BLA/boletinlegal/js/lib.js HTTP/1.1" 200 6474
172.22.2.4 - - [07/Dec/2023:10:17:40 -0500] "GET /BLA/boletinlegal/js/jquery1.js HTTP/1.1" 200 29846
172.22.2.4 - - [07/Dec/2023:10:17:40 -0500] "GET /BLA/boletinlegal/images/green-yellow-blue-pink-th.png HTTP/1.1" 200 7394
172.22.2.4 - - [07/Dec/2023:10:17:40 -0500] "GET /BLA/boletinlegal/images/tel.png HTTP/1.1" 200 14477
172.22.2.4 - - [07/Dec/2023:10:17:40 -0500] "GET /BLA/boletinlegal/js/ajax_actos.js HTTP/1.1" 200 1322
172.22.2.4 - - [07/Dec/2023:10:17:40 -0500] "GET /BLA/boletinlegal/images/icono-email.png HTTP/1.1" 200 5544
172.22.2.4 - - [07/Dec/2023:10:17:40 -0500] "GET /BLA/boletinlegal/images/body_bg.jpg HTTP/1.1" 200 1601
172.22.2.4 - - [07/Dec/2023:10:17:40 -0500] "GET /BLA/boletinlegal/images/menu_lft.gif HTTP/1.1" 200 1713
172.22.2.4 - - [07/Dec/2023:10:17:40 -0500] "GET /BLA/boletinlegal/images/menu_rght.gif HTTP/1.1" 200 1627
172.22.2.4 - - [07/Dec/2023:10:17:40 -0500] "GET /BLA/boletinlegal/images/menu_bg.jpg HTTP/1.1" 200 620
172.22.2.4 - - [07/Dec/2023:10:17:40 -0500] "GET /BLA/boletinlegal/images/bg_top.jpg HTTP/1.1" 200 522
172.22.2.4 - - [07/Dec/2023:10:17:40 -0500] "GET /BLA/boletinlegal/images/hover.jpg HTTP/1.1" 200 640
172.22.2.4 - - [07/Dec/2023:10:17:40 -0500] "GET /BLA/boletinlegal/images/text.jpg HTTP/1.1" 200 568
172.22.2.4 - - [07/Dec/2023:10:17:40 -0500] "GET /BLA/boletinlegal/images/footer_bg.jpg HTTP/1.1" 200 586
172.22.2.4 - - [07/Dec/2023:10:17:40 -0500] "GET /BLA/boletinlegal/images/footer_bg_l.jpg HTTP/1.1" 200 776
172.22.2.4 - - [07/Dec/2023:10:17:40 -0500] "GET /BLA/boletinlegal/img/0.png HTTP/1.1" 200 110
172.22.2.4 - - [07/Dec/2023:10:17:40 -0500] "GET /BLA/boletinlegal/img/select-left.png HTTP/1.1" 200 263
172.22.2.4 - - [07/Dec/2023:10:17:40 -0500] "GET /BLA/boletinlegal/img/select-right.png HTTP/1.1" 200 44019
172.22.2.4 - - [07/Dec/2023:10:17:40 -0500] "GET /BLA/boletinlegal/img/button-left.png HTTP/1.1" 200 57071
172.22.2.4 - - [07/Dec/2023:10:17:40 -0500] "GET /BLA/boletinlegal/img/button.png HTTP/1.1" 200 43241
172.22.2.4 - - [07/Dec/2023:10:17:40 -0500] "GET /BLA/boletinlegal/img/button-right.png HTTP/1.1" 200 57878
172.22.2.4 - - [07/Dec/2023:10:17:40 -0500] "GET /BLA/boletinlegal/favicon.ico HTTP/1.1" 404 1326
172.22.2.4 - - [07/Dec/2023:10:17:46 -0500] "GET /BLA/boletinlegal/images/screen_2.png HTTP/1.1" 200 362502
172.22.2.4 - - [07/Dec/2023:10:17:46 -0500] "GET /BLA/boletinlegal/images/screen_3.png HTTP/1.1" 200 210620
172.22.2.4 - - [07/Dec/2023:10:17:46 -0500] "GET /BLA/boletinlegal/images/arr_r.jpg HTTP/1.1" 200 1998
172.22.2.4 - - [07/Dec/2023:10:17:46 -0500] "GET /BLA/boletinlegal/images/screen_5.png HTTP/1.1" 200 368876
172.22.2.4 - - [07/Dec/2023:10:17:47 -0500] "GET /BLA/boletinlegal/consulta_actos.php?tipo=resoluciones&no=2635&usuario=&sector=&fecha=2023&resuelve= HTTP/1.1" 200 1185
172.22.2.4 - - [07/Dec/2023:10:17:47 -0500] "GET /BLA/boletinlegal/images/pdf.gif HTTP/1.1" 200 567
216.244.66.195 - - [07/Dec/2023:10:17:50 -0500] "GET /BLA/resoluciones/AUTOS%202009/1859.pdf HTTP/1.1" 200 99180
201.245.192.253 - - [07/Dec/2023:10:17:54 -0500] "GET /BLA/resoluciones/RESOLUCIONES%202023/2635.pdf HTTP/1.1" 200 387056
201.245.192.253 - - [07/Dec/2023:10:17:54 -0500] "GET /favicon.ico HTTP/1.1" 200 7782
201.245.192.253 - - [07/Dec/2023:10:17:59 -0500] "POST /sipse/faces/presentacion/financiero/solicitudProceso/consultarSolicitudProceso.xhtml HTTP/1.1" 200 5470
216.245.221.92 - - [07/Dec/2023:10:18:01 -0500] "HEAD / HTTP/1.1" 200 -
66.249.66.19 - - [07/Dec/2023:10:18:03 -0500] "GET /BLA/resoluciones/RESOLUCIONES%202009/0806.pdf HTTP/1.1" 200 224688
216.244.66.195 - - [07/Dec/2023:10:18:06 -0500] "GET /BLA/resoluciones/AUTOS%202009/2160.pdf HTTP/1.1" 200 82096
201.245.192.253 - - [07/Dec/2023:10:18:19 -0500] "POST /sipse/faces/presentacion/financiero/solicitudProceso/consultarSolicitudProceso.xhtml HTTP/1.1" 200 5461
201.245.192.253 - - [07/Dec/2023:10:18:19 -0500] "GET /sipse/faces/javax.faces.resource/dynamiccontent.properties?ln=primefaces&pfdrid=XjOR5%2F%2FfPAZAuY9TpWQeCiM0BhlXxYRBGKi%2FQcXXfeA%3D&pfdrid_c=false HTTP/1.1" 200 117390
216.244.66.195 - - [07/Dec/2023:10:18:23 -0500] "GET /BLA/resoluciones/AUTOS%202009/2197.pdf HTTP/1.1" 200 113120
201.245.192.253 - - [07/Dec/2023:10:18:31 -0500] "POST /forms/lservlet;jsessionid=ac16012b30d654f4146b1e084d358001dd23f656e3bf.e3iSbxaKaheRe34Qc38TbN0Nb41ynknvrkLOlQzNp65In0 HTTP/1.1" 200 2
186.155.163.53 - - [07/Dec/2023:10:18:31 -0500] "POST /BLA/boletinlegal/admin/actos/ingresar.php HTTP/1.1" 200 7302
201.245.192.253 - - [07/Dec/2023:10:18:34 -0500] "POST /sipse/faces/presentacion/financiero/solicitudProceso/consultarSolicitudProceso.xhtml HTTP/1.1" 200 26125
201.245.192.253 - - [07/Dec/2023:10:18:34 -0500] "GET /sipse/faces/javax.faces.resource/theme.css?ln=primefaces-sipse HTTP/1.1" 304 -
201.245.192.253 - - [07/Dec/2023:10:18:34 -0500] "GET /sipse/faces/javax.faces.resource/primefaces.css?ln=primefaces&v=4.0 HTTP/1.1" 304 -
201.245.192.253 - - [07/Dec/2023:10:18:34 -0500] "GET /sipse/faces/javax.faces.resource/primefaces.js?ln=primefaces&v=4.0 HTTP/1.1" 304 -
201.245.192.253 - - [07/Dec/2023:10:18:34 -0500] "GET /sipse/faces/javax.faces.resource/layout/layout.js?ln=primefaces&v=4.0 HTTP/1.1" 304 -
201.245.192.253 - - [07/Dec/2023:10:18:34 -0500] "GET /sipse/faces/javax.faces.resource/jquery/jquery-plugins.js?ln=primefaces&v=4.0 HTTP/1.1" 304 -
201.245.192.253 - - [07/Dec/2023:10:18:34 -0500] "GET /sipse/faces/javax.faces.resource/jquery/jquery.js?ln=primefaces&v=4.0 HTTP/1.1" 304 -
201.245.192.253 - - [07/Dec/2023:10:18:34 -0500] "GET /sipse/faces/javax.faces.resource/layout/layout.css?ln=primefaces&v=4.0 HTTP/1.1" 304 -
201.245.192.253 - - [07/Dec/2023:10:18:34 -0500] "GET /sipse/faces/javax.faces.resource/images/ui-icons_898989_256x240.png?ln=primefaces-aristo HTTP/1.1" 304 -
216.244.66.195 - - [07/Dec/2023:10:18:37 -0500] "GET /BLA/resoluciones/AUTOS%202009/2584.pdf HTTP/1.1" 200 106044
201.245.192.253 - - [07/Dec/2023:10:18:48 -0500] "GET /sipse/faces/javax.faces.resource/images/ui-bg_flat_0_2d5972_40x100.png?ln=primefaces-aristo HTTP/1.1" 304 -
201.245.192.253 - - [07/Dec/2023:10:18:48 -0500] "POST /sipse/faces/presentacion/financiero/solicitudProceso/registrarAnotacion.xhtml HTTP/1.1" 200 109699
201.245.192.253 - - [07/Dec/2023:10:18:48 -0500] "GET /sipse/faces/javax.faces.resource/jquery/jquery.js?ln=primefaces&v=4.0 HTTP/1.1" 304 -
201.245.192.253 - - [07/Dec/2023:10:18:48 -0500] "GET /sipse/faces/javax.faces.resource/jquery/jquery-plugins.js?ln=primefaces&v=4.0 HTTP/1.1" 304 -
201.245.192.253 - - [07/Dec/2023:10:18:49 -0500] "GET /sipse/faces/javax.faces.resource/primefaces.js?ln=primefaces&v=4.0 HTTP/1.1" 304 -
201.245.192.253 - - [07/Dec/2023:10:18:49 -0500] "GET /sipse/faces/javax.faces.resource/layout/layout.js?ln=primefaces&v=4.0 HTTP/1.1" 304 -
201.245.192.253 - - [07/Dec/2023:10:18:49 -0500] "GET /sipse/faces/javax.faces.resource/dynamiccontent.properties?ln=primefaces&pfdrid=XjOR5%2F%2FfPAZAuY9TpWQeCiM0BhlXxYRBGKi%2FQcXXfeA%3D&pfdrid_c=false HTTP/1.1" 500 383
216.244.66.195 - - [07/Dec/2023:10:18:51 -0500] "GET /BLA/resoluciones/AUTOS%202009/2632.pdf HTTP/1.1" 200 97320
201.245.192.253 - - [07/Dec/2023:10:18:51 -0500] "POST /sipse/faces/presentacion/financiero/solicitudProceso/consultarSolicitudProceso.xhtml HTTP/1.1" 200 65891
201.245.192.253 - - [07/Dec/2023:10:18:53 -0500] "GET /sipse/faces/javax.faces.resource/jquery/jquery.js?ln=primefaces&v=4.0 HTTP/1.1" 304 -
