186.102.6.132 - - [07/Dec/2023:01:06:36 -0500] "OPTIONS /kwssiamovil/sm/setfile/f? HTTP/1.1" 200 13
186.102.6.132 - - [07/Dec/2023:01:06:36 -0500] "POST /kwssiamovil/sm/setfile/f? HTTP/1.1" 200 381
190.27.57.161 - - [07/Dec/2023:01:06:43 -0500] "POST /sipse/faces/presentacion/financiero/solicitudProceso/consultarSolicitudProceso.xhtml HTTP/1.1" 200 293074
186.102.6.132 - - [07/Dec/2023:01:06:46 -0500] "GET /kwssiamovil/sm/acme/a?s=U2FsdGVkX19B5G290wbhVmB0YENRBhiJAOwwwh0Zs5Sw9wXsaiAUhLZg4X5a90oRA1Hyn5NhjQh0qRZJLBWzwelVhP5oe90HxRKQ/ZrkfqAFCme3BtkFWL8SW60V5mPAjkxbD5P5kosKXNaL/axgpO1Ml0vMFzC2pJz0EFy2Gt8u/SYEfXnB+2HVawZch319JwsXtyfN9OvCOV7bsRtXddd6H1nk0I9sjzXGipqkwpkmnR+/nhlEwMdql39QRjQJDE9cyk99KUqUU6wVuIIzTw==&u=U2FsdGVkX1/lbF7sgrJPQVBWWtdW8LEZdB0MQXIAqRw=&y=U2FsdGVkX1/tmeUQTXuFH3T6HcLuxZ7+k7KRbEJ9+zReMeqVb8i+D0jpTRGE4xl6 HTTP/1.1" 200 26
186.102.6.132 - - [07/Dec/2023:01:06:46 -0500] "GET /kwssiamovil/sm/acme/a?s=U2FsdGVkX19nP3B2MRCswC21nYtfZ3twfpIgfig6myraUqXZ3KQ9/wKp9zgxo03oh49N1vPUeBDYuCQQrwTZyh50j2wFF5KsnT/j6TmRgFjAw6C5Pu3fWTpHCzLrWzLpJ44WWZnqEnbrXBVQfAGnmonEoEyjoGT6aTQdrztstR3mZn00GoeK+q42pX9xbjPNXpMBAB0F7uI/PaVc6JNaOmXUhFWrvL/9cdnfoW/26lLJhAqsjzVG+aplWnBWDMBqSa0Lvbre5nF6NKZ6rhk9MgOXvbYv9cFGT6B4cDji+GUEC30zig86NKI7uPnyhUEvcWpr3WEoWBGX4dJJKQwFOC0/xL+1Z2A4p5DE9/Rd6SHwCJsvKm/9PNM77YuNQPoruzhiHMTXCNBS8tGPQfH4sZIoA16YA8WxB3mEONGTkaYyglh8fjNGEJyKXq1mE3hj2lDfybHTgNVdiJN5MLajqjQmXWoeufiRTmuL5/m96sTjx9gKH8ZGrgv6t9IrMgFkXxtKHz81vZpaK+LpOmxxZl2uyQjv/r2dy2FTjGsxaf6SkQgaD/LAV1T4wmX1Q8IhrYN7sP9NbTvDKrjXK9PD37quAnIi1mu527ZOLmfL/i65oir/Ton8OrjeEOYl6g05VQXpC02OYJMXWN3ffLkSQwEgemGxMVW4YO3lSrCQejYVlyqyDuQBkyNRXmtFBRywQEym/lNLRPaEURvPJ68GnslHAXnG5/xJHvLFnSRArsghHXkOVSuP3kprdopPg4VPZ/tNGzU9qemUehlng4rm6I9VmqYdNbS57ZQ2cTunaUGP7X2ZCi+WdfT97xPS9+Uo/hxlrh9VvRNB+WuLw0Af7r1QVRP7qIPCQXosWelml4m/Jeq+Y9xf/FXrDTMcFGNqK7JsPzNvW6hFu/ZgLFGyYxoewq/3nyeNe7GuBNkb7rUgHxGQU2vDOGIjteLrZiq3L8vys1/o1tz2ARZpK3Ky7igzpcsfBC617fivYBPmVLNi9Piv8LB0Cz5hu156mYsM3vEOyFv7LEpDtN8OyrLFPVg2tyf3tfXFMmAkrIBi8rwlOkVp+oSNncfiBLz7PZeJmww23L3FRr+248ii7VL94lmQJVDtfBMGepBfN04PswPmgho2cL5abu4sNN0pIJIgPHM+rZ2jx2WLr5k/LRqyX3zOb5y5lr3WsI6f8vQkmM/Kb78qkpnKTB1nqeDFeOSOqRsOtRuRkJosMUIO7MLTCwMHUEuEIj5MuKzD7RLaGW+6+JQG6wb/5jdPTBeY+r0YajDCBQyShLkoxpcgc3Qg69OtkZJg0exlnuZvRoFhbuioLih72pL/H/7DR8MxAitswbbwb3gP9bw1MRLRZ21mcpGh5Zac06qyrVncSfhy34EO+nTkxA+HfdA2Jp9owg3OeTyRlgvSE6iI143aNrt5Zv61Xa1r+/O3p3KzBeUm4OiOQGrfAte90WijsUnnbdqu2jVHf3XAD5qes5MIBjgIsMRxJVOqLoph1QmiKbPW2v/oxbomtEO+57s7rTFK5W8AQsMkjJgzK9PRT/vtT9fVoQHgKuYYtCSqAJTnLFxErghpxUdy//4bbZBbicXsfh7qbIjLz2J5WfNHJoKKoW7qRlLrOiy+guyoQA3MemCU9+EYesh6kgziuJYf66GalAGtNyY9E4Rq1Y51g15L6im++X0Sz2arsbi2d8/Oykb8X+dRebxsH4G9CsIllIXRV7PWd/Nr6sBY7OLxdeAEr3ICoWxYAM86Aufu5wEKWkBDCc7Na2C6HRmvZNQFEDO2P3DjFPDa6VHkpX8BhG6uodWL8mMurI/VHtEB4EUVkwG+7SmgAxiKvIcM2PUDGPn2upFCqBZqYhhjlCae8OHQBV1jD7/WIDRmKqC2RO5daTD1J6VM6CXzdGmjy2i/RvXYF4aVW1sxlobYx74msk0dt4eOYIM4pWDlJAtkwdQhDd9KPyb04yhZFxOKFyGTi6loQuRrA3m1xMPHuHwqu0fB+BXORuSTGYCsYuvKbEr6tZ9E9sQpR5tatEBQiIDWS4ZziWf/+P4iOzflbeuxnTLj6dW/wWYsnd/Rc3pUoTYHePGn2ch45Ky0HT22BmlxXXfKjxkASDTnYzXwC6eCyQF1CJ7V0ufB6U33brQ6r2MoVAl60rcVB8MJgfky38+v6XJJr3YtilPCFxy6ZM3CMg+zNDvm5YEwt8zEwRyQrOFk0ttgNTYZcc4FBOQz1nx67G6Kw+xxc+736V8RkAP9iEvw/Xm5VOwfJYGstjD061smSpDg/jzF/UJzZnu5g1aX9vyxtT09CV2Xg5GyteSzbvQguMofkYSsWlhV6gSFzTTBp0iu2jT+fUspV0oU7F9WE7DBs+YtFQkFwpR47tb14NKmVgf863kW3nl7M9nJMnV2naxaHnAf7DFoWfKqo8xQtwdY2p1UWk4tgA/u6ob7xE+qzYne9SOh0pj6hxg5hiCfpK//M6pbC9yE/K0E/9fwfd5HV7mhD5MgQNi6C9XXxkxilSpnt0atl1yb+wtr8vU4XzVOYmsgX8pkYFp+yX81tnXceax5OfbEyXp8ueBMuwXaLf3CZt5JZ4sHRANS0/Mi11drd0xIN9bZyne5+FYnlocZBakAwLtxW39a+mkz7ZQGxkLxTMr44x97XbQfFtmwLA+hXZ5ol0GQ8o2GuNdz+p2nLP8XtWkUfzgliD71ReLKD+178Q3ecuPwr3nwKbGtsxm3y3X8p4+quob75Ek8ltyEddhL9JW0L79oN5mj3P0O/QP6wIEjbR/DuVtXzJaDX2CKsavN/qdefUHauGKLMiCdQlyl6fSzbNAYw78WxSLED0ZBNZtrxuHSv1725apKUkFjqyyG659Lmzx9yTS7+YUw9NCfmPXU+RN5nco4vDINSP1v/we8RJDFpA3kMct8BRNYhuba9gxoauxeEdgaXamJtqZz38Vw5P8wH4g40yz/9UVURLo666BYcdv3OhCZQiAPljHvehHPjY9+RcD/o43kxBJjIeFk358DXlsyKt2W/99aCoKUwCaYZ4k1+zPkvHYuPAC8PBcr2oo8qmr7gVGcxzfH1qcF5g5cdLef/WOvJul08lacY01Zb9JnGLnZzTjEWSM1/biRwtJLK2QCS1gUXCJkC8oeHnV0DDkrD6NegI1Od+sTc9bW5RqjHUrOQRkCApShBLyeTeqZgtGKJdw6zuIzZIpD8LirI5v67TNUtwTZUtyuvIs5nAbmBpCRmJPgbgK5xQ7nnyLIE38f/7xBrcyADrzAWmkH656AWy4BqHxvbNFeMBwkA9TqeJ4OYqi/4GMfS9F7VNW4ZGhDMd+6CNTR6g1/0f2rOUoysx/CcxQT1ky5rO+yhLgijT+OVBjEpbtfkSKqT/iXBLeyZGTYB/jfkarTVDY4kqXcl2yv9mIqiVKjkPYx53yKfukpvypSkO42dwupay2RhpVS2qFlV/t51nug/4E3Y0LLPS+fGJISK0fs8gi5iFS1nFjZfCNRvnAwVQunZ8FvVNbL6wxcXPXAmgYCr49b/FyhWQGlrdBdy8ANz+RcTnWnshspy82piYxYR0jXc5auMM+Kuk3IKEFVUzPydhzNyYSAst0n15yleXf3/jP4frFTgzJXX8EeYtHV9Q+1xc3NSj0FjN5RSFZDqyLWcHyWDnFC4Sb0xQkGrYpCajTKw91QQ+9Bi8WO8J5iUFh3LrtKPYKqz+vt8oaWBCt6itA+JkTEy6B0BohxPRiuQMrpVuEbglYK+pSlVOgej1cjMgg5gq/zx/HXX+AwnAaGc4pm0EkBxMJt/urOZaWsyz648hh9+zrzAEtlC+bRHcB7o3KkEIZcIlFNPKG6JjCRJjHqcm3qiqb6ObV3NECQxErNT81f/yJ+IHsnQ8gsw7Ur7hGjgN7D8o9nNzQLHlVnU+hHvFH3AHn5zKCppnrPw2u4FOtIGfLoTx+18+mXFDwZy0LHvUI+naXDBL7eWQvni5ImaZ+A/+pMtAR0T93WlDDf/ZElWT10SZ32UtIlNi3UvQyMwRMs0RxGDMg4pv93YHf6GUR8wYn46Z0DSZJyP9GA4cWBDHBq43WNm/StT/OvxIyYkfJDKn4JnD1UUCwpHk+1kMu24Qqqm2i6YUISYpA7dCZOS8s80Sd4TwTxe+NxsVBSt13rPgJrAla+H6AOfn9FsHLNan5sCMJV6DB1yTBj/yTk8tikxauq2G8hHaZcpuz6/3mWUQpgAHgkrEyfNhSE1lp8wHH/6Q5pXmnwUZseF7Fb6ccUYcVfz+PczKy730hFX1L029I0JDQ3O1ds2J0gtJ2Q1JVCmcfPXWBb23FGI3T0o5Wp0O8sDZwvlIVCyvFoyu5QqfptYuuzdLRuY2qkKWYOZLrTQPEcNQ==&u=U2FsdGVkX1/lbF7sgrJPQVBWWtdW8LEZdB0MQXIAqRw=&y=U2FsdGVkX1/tmeUQTXuFH3T6HcLuxZ7+k7KRbEJ9+zReMeqVb8i+D0jpTRGE4xl6 HTTP/1.1" 200 26
186.102.6.132 - - [07/Dec/2023:01:06:47 -0500] "GET /kwssiamovil/sm/acme/a?s=U2FsdGVkX1+tp8mYXSvz8M7r5nniekhMtHNuzM22jLO7WdgOAitl+V+u/fAxVlEOC6bR14vpBGmvu0LTLenwqciTqt93j3rgLzCnNLhddzkR/F9gOuZ+JOWaSZLl11uHz9ph5sfxYVUC6ioKSeaz2iSCrt775tRfzmG7yR+QruI=&u=U2FsdGVkX1/lbF7sgrJPQVBWWtdW8LEZdB0MQXIAqRw=&y=U2FsdGVkX1/tmeUQTXuFH3T6HcLuxZ7+k7KRbEJ9+zReMeqVb8i+D0jpTRGE4xl6 HTTP/1.1" 200 26
186.102.6.132 - - [07/Dec/2023:01:06:47 -0500] "GET /kwssiamovil/sm/acme/a?s=U2FsdGVkX1/e+fV9gS33l5Nd9YNAQepuC4qz0MJI0n0iG3h/LjRszNTcFlohtXIhz6x3b6C672b//VxrOn+XDJqAM9fcBXkwQc0jfiLwPjBGr48TmJMaSgtPIsFuJqqQLia2mxEv5yKRRHvoEcvJHQkwLyjcnzTSPFex2DqHa+g=&u=U2FsdGVkX1/lbF7sgrJPQVBWWtdW8LEZdB0MQXIAqRw=&y=U2FsdGVkX1/tmeUQTXuFH3T6HcLuxZ7+k7KRbEJ9+zReMeqVb8i+D0jpTRGE4xl6 HTTP/1.1" 200 26
186.102.6.132 - - [07/Dec/2023:01:06:47 -0500] "GET /kwssiamovil/sm/acme/a?s=U2FsdGVkX19AU0ZSjwJRyAT87sb47PX66rzI5+AVVIqyXDSlpuDvvKTJj6zmuBtUXW8IwKpNZPHrMHdmH81moCsvBA9ScV9T08hfHJ03reCynS1YXvHP9wDGRQTBbY0UVgOo5m9A2kiGX+QiKHDRDoHBy/FyAkYqPua48NVrcDw=&u=U2FsdGVkX1/lbF7sgrJPQVBWWtdW8LEZdB0MQXIAqRw=&y=U2FsdGVkX1/tmeUQTXuFH3T6HcLuxZ7+k7KRbEJ9+zReMeqVb8i+D0jpTRGE4xl6 HTTP/1.1" 200 26
190.27.57.161 - - [07/Dec/2023:01:06:47 -0500] "POST /sipse/faces/presentacion/financiero/solicitudProceso/consultarSolicitudProceso.xhtml HTTP/1.1" 200 322100
186.102.6.132 - - [07/Dec/2023:01:06:47 -0500] "GET /kwssiamovil/sm/acme/a?s=U2FsdGVkX1+Ac+3djcsV+DoBl9MrOc6sAofqdsVqxLotabfhNQPGz4QHp2036AIzbY29m7ox+QdfY3X9GNNnA0yH7YjZCHrUUKYt60VzRXpGnITkPM8U9+eajGY7m3Wbf0zU+DCIUoJLX6h442D8jYE/BOzdmIrh4DIx8orMFaiPSRiOU+jK7ahBbqOSTz/sEc54UieCcxLATyOksCjewA==&u=U2FsdGVkX1/lbF7sgrJPQVBWWtdW8LEZdB0MQXIAqRw=&y=U2FsdGVkX1/tmeUQTXuFH3T6HcLuxZ7+k7KRbEJ9+zReMeqVb8i+D0jpTRGE4xl6 HTTP/1.1" 200 26
186.102.6.132 - - [07/Dec/2023:01:06:48 -0500] "GET /kwssiamovil/sm/acme/a?s=U2FsdGVkX1/1Nz1OT5YOY7GFnIcNoOZ+WyeET2sBk5QulB7Msu/rsMqIhIoXjYlpjoQNgDzqwvKLOXU4gd81uFRAuuGgaBASYwnC+QynBH2oKt8G6//94ApVbxVGFOGN5yf2P5XFWHZFKfup1adJbFwUAy9L/HT1T1Wh4oilBkUc1dQhpwivjyyJDs35ihtCYuA0mfJNM7oo1F7y3L1wWI9dT1xCx64ufNvhXV4VGfM1PijRACmOUv4itTWgR5nghsCYclbRmwFvSi6X+mhOhmJpJNQVelNWT3LQCETuBgX0ms785XCXGY/O+WFEIP3/kezZUb/IUCG5kp/yqJ9x5dQ3fBQePemDE1YmG4cHlSTbikkBDXW3Kx+J4eXAzwnF9HRx2VVnW7qHVGT1GSEIOml7bKS3yl3uQ8WKgmJ163w4dPqks1CU0gPNUmZ/s6EshEQl5lmdrcRURGd80y8FVUfNBBN7v1UDck59CaUo6HeCExgTbOoHLfWwnNpClTC4&u=U2FsdGVkX1/lbF7sgrJPQVBWWtdW8LEZdB0MQXIAqRw=&y=U2FsdGVkX1/tmeUQTXuFH3T6HcLuxZ7+k7KRbEJ9+zReMeqVb8i+D0jpTRGE4xl6 HTTP/1.1" 200 25
186.102.6.132 - - [07/Dec/2023:01:06:48 -0500] "GET /kwssiamovil/sm/acme/a?s=U2FsdGVkX1/Hq7r33nSlyrZkYm5pT4sZulg/WdtJqWlKFoNRNlpuHRyQL2Ku1ALl8Fr4v7TbL4jTF8zBSIvokqermZuqx8ZTsRrkkiFd4kaJ5FbZHaiZiBJaGL0vUNn6ejHJVpATLNN3n+JiUGUsIMDAQ5BLQJkgv2MLole+z9a/iD9NFyxELpYwgx3ubTI14MsPXLL12SfOAx95kyh0426fuZomQl6LyHxjsh+gfGg8ErvgMBYZTz+J7zyDO3vGpp0UMWyCntZv68ah5W+OJR5Nuxsr30+86znBUSRYyGVHmnNJlSEkKtVEreTu3sYuHdSAl7SjdVRyQXXZu9mZmqIaljjeUx9MwJIJbZFjRfq5DKkBKhB973Drl737aw2HmUVz0m93dwwQC88Gvm+l7RPi5EscchALCMnXW8BBmtp28OULwUm2B31pz2OQxe0xWwbd0I62tAlWyQULkrTg1WTM91J18ws9zpDJEu3DfzE=&u=U2FsdGVkX1/lbF7sgrJPQVBWWtdW8LEZdB0MQXIAqRw=&y=U2FsdGVkX1/tmeUQTXuFH3T6HcLuxZ7+k7KRbEJ9+zReMeqVb8i+D0jpTRGE4xl6 HTTP/1.1" 200 26
190.27.57.161 - - [07/Dec/2023:01:06:51 -0500] "POST /sipse/faces/presentacion/financiero/solicitudProceso/consultarSolicitudProceso.xhtml HTTP/1.1" 200 2141683
190.27.57.161 - - [07/Dec/2023:01:06:56 -0500] "POST /sipse/faces/presentacion/financiero/solicitudProceso/consultarSolicitudProceso.xhtml HTTP/1.1" 200 3966832
172.22.2.4 - - [07/Dec/2023:01:05:25 -0500] "GET /BLA/boletinlegal/ HTTP/1.1" 200 58294
190.27.57.161 - - [07/Dec/2023:01:07:06 -0500] "POST /sipse/faces/presentacion/financiero/solicitudProceso/consultarSolicitudProceso.xhtml HTTP/1.1" 200 5533
190.27.57.161 - - [07/Dec/2023:01:07:07 -0500] "GET /sipse/faces/javax.faces.resource/dynamiccontent.properties?ln=primefaces&pfdrid=XjOR5%2F%2FfPAZAuY9TpWQeCiM0BhlXxYRBGKi%2FQcXXfeA%3D&pfdrid_c=false HTTP/1.1" 200 117230
190.27.57.161 - - [07/Dec/2023:01:07:31 -0500] "POST /sipse/faces/presentacion/financiero/solicitudProceso/consultarSolicitudProceso.xhtml HTTP/1.1" 200 5522
190.90.132.140 - - [07/Dec/2023:01:08:00 -0500] "GET /sipse/faces/faces/autenticacion.xhtml HTTP/1.1" 200 12422
190.90.132.140 - - [07/Dec/2023:01:08:01 -0500] "GET /sipse/faces/javax.faces.resource/theme.css?ln=primefaces-sipse HTTP/1.1" 304 -
190.90.132.140 - - [07/Dec/2023:01:08:01 -0500] "GET /sipse/faces/javax.faces.resource/primefaces.css?ln=primefaces&v=4.0 HTTP/1.1" 304 -
190.90.132.140 - - [07/Dec/2023:01:08:01 -0500] "GET /sipse/faces/javax.faces.resource/jquery/jquery.js?ln=primefaces&v=4.0 HTTP/1.1" 304 -
190.90.132.140 - - [07/Dec/2023:01:08:01 -0500] "GET /sipse/faces/javax.faces.resource/jquery/jquery-plugins.js?ln=primefaces&v=4.0 HTTP/1.1" 304 -
190.90.132.140 - - [07/Dec/2023:01:08:01 -0500] "GET /sipse/faces/javax.faces.resource/layout/layout.css?ln=primefaces&v=4.0 HTTP/1.1" 200 542
190.90.132.140 - - [07/Dec/2023:01:08:01 -0500] "GET /sipse/faces/javax.faces.resource/primefaces.js?ln=primefaces&v=4.0 HTTP/1.1" 304 -
190.90.132.140 - - [07/Dec/2023:01:08:01 -0500] "GET /sipse/faces/javax.faces.resource/layout/layout.js?ln=primefaces&v=4.0 HTTP/1.1" 304 -
190.90.132.140 - - [07/Dec/2023:01:08:01 -0500] "GET /sipse/css/imagen/logoSDG.png HTTP/1.1" 200 24714
190.90.132.140 - - [07/Dec/2023:01:08:02 -0500] "GET /sipse/css/imagen/loginimg.png HTTP/1.1" 200 16070
190.90.132.140 - - [07/Dec/2023:01:08:02 -0500] "GET /sipse/faces/javax.faces.resource/images/ui-icons_898989_256x240.png?ln=primefaces-aristo HTTP/1.1" 304 -
216.245.221.92 - - [07/Dec/2023:01:08:02 -0500] "HEAD / HTTP/1.1" 200 -
190.90.132.140 - - [07/Dec/2023:01:08:03 -0500] "GET /sipse/faces/faces/index.xhtml HTTP/1.1" 200 677
190.90.132.140 - - [07/Dec/2023:01:08:03 -0500] "GET /sipse/faces/javax.faces.resource/theme.css?ln=primefaces-sipse HTTP/1.1" 304 -
190.90.132.140 - - [07/Dec/2023:01:08:04 -0500] "GET /sipse/faces/faces/faces/autenticacion.xhtml HTTP/1.1" 200 12422
190.90.132.140 - - [07/Dec/2023:01:08:04 -0500] "GET /sipse/faces/javax.faces.resource/theme.css?ln=primefaces-sipse HTTP/1.1" 304 -
190.90.132.140 - - [07/Dec/2023:01:08:04 -0500] "GET /sipse/faces/javax.faces.resource/primefaces.css?ln=primefaces&v=4.0 HTTP/1.1" 304 -
190.90.132.140 - - [07/Dec/2023:01:08:04 -0500] "GET /sipse/faces/javax.faces.resource/layout/layout.css?ln=primefaces&v=4.0 HTTP/1.1" 304 -
190.90.132.140 - - [07/Dec/2023:01:08:04 -0500] "GET /sipse/faces/javax.faces.resource/jquery/jquery.js?ln=primefaces&v=4.0 HTTP/1.1" 304 -
190.90.132.140 - - [07/Dec/2023:01:08:04 -0500] "GET /sipse/faces/javax.faces.resource/jquery/jquery-plugins.js?ln=primefaces&v=4.0 HTTP/1.1" 304 -
190.90.132.140 - - [07/Dec/2023:01:08:04 -0500] "GET /sipse/faces/javax.faces.resource/primefaces.js?ln=primefaces&v=4.0 HTTP/1.1" 304 -
190.90.132.140 - - [07/Dec/2023:01:08:04 -0500] "GET /sipse/faces/javax.faces.resource/layout/layout.js?ln=primefaces&v=4.0 HTTP/1.1" 304 -
190.90.132.140 - - [07/Dec/2023:01:08:05 -0500] "GET /sipse/faces/javax.faces.resource/images/ui-icons_898989_256x240.png?ln=primefaces-aristo HTTP/1.1" 304 -
190.90.132.140 - - [07/Dec/2023:01:08:07 -0500] "POST /sipse/faces/autenticacion.xhtml HTTP/1.1" 200 2228
190.90.132.140 - - [07/Dec/2023:01:08:07 -0500] "GET /sipse/faces/javax.faces.resource/messages/messages.png?ln=primefaces&v=4.0 HTTP/1.1" 304 -
190.90.132.140 - - [07/Dec/2023:01:08:08 -0500] "POST /sipse/faces/autenticacion.xhtml HTTP/1.1" 200 16491
190.90.132.140 - - [07/Dec/2023:01:08:09 -0500] "GET /sipse/faces/javax.faces.resource/jquery/jquery.js?ln=primefaces&v=4.0 HTTP/1.1" 304 -
190.90.132.140 - - [07/Dec/2023:01:08:09 -0500] "GET /sipse/faces/javax.faces.resource/jquery/jquery-plugins.js?ln=primefaces&v=4.0 HTTP/1.1" 304 -
190.90.132.140 - - [07/Dec/2023:01:08:09 -0500] "GET /sipse/faces/javax.faces.resource/primefaces.js?ln=primefaces&v=4.0 HTTP/1.1" 304 -
190.90.132.140 - - [07/Dec/2023:01:08:09 -0500] "GET /sipse/faces/javax.faces.resource/layout/layout.js?ln=primefaces&v=4.0 HTTP/1.1" 304 -
190.90.132.140 - - [07/Dec/2023:01:08:09 -0500] "GET /sipse/css/imagen/contrasena.png HTTP/1.1" 404 383
190.90.132.140 - - [07/Dec/2023:01:08:11 -0500] "GET /sipse/faces/javax.faces.resource/images/ui-bg_flat_0_2d5972_40x100.png?ln=primefaces-aristo HTTP/1.1" 304 -
190.90.132.140 - - [07/Dec/2023:01:08:11 -0500] "POST /sipse/faces/bienvenido.xhtml HTTP/1.1" 200 2658
190.90.132.140 - - [07/Dec/2023:01:08:13 -0500] "POST /sipse/faces/bienvenido.xhtml HTTP/1.1" 200 64841
190.90.132.140 - - [07/Dec/2023:01:08:13 -0500] "GET /sipse/faces/javax.faces.resource/jquery/jquery.js?ln=primefaces&v=4.0 HTTP/1.1" 304 -
190.90.132.140 - - [07/Dec/2023:01:08:13 -0500] "GET /sipse/faces/javax.faces.resource/jquery/jquery-plugins.js?ln=primefaces&v=4.0 HTTP/1.1" 304 -
190.90.132.140 - - [07/Dec/2023:01:08:14 -0500] "GET /sipse/faces/javax.faces.resource/primefaces.js?ln=primefaces&v=4.0 HTTP/1.1" 304 -
190.90.132.140 - - [07/Dec/2023:01:08:14 -0500] "GET /sipse/faces/javax.faces.resource/layout/layout.js?ln=primefaces&v=4.0 HTTP/1.1" 304 -
190.90.132.140 - - [07/Dec/2023:01:08:14 -0500] "POST /sipse/faces/presentacion/financiero/solicitudProceso/listarSolicitudProceso.xhtml HTTP/1.1" 200 1564
190.90.132.140 - - [07/Dec/2023:01:08:34 -0500] "POST /sipse/faces/presentacion/financiero/solicitudProceso/listarSolicitudProceso.xhtml HTTP/1.1" 200 5803
201.245.192.253 - - [07/Dec/2023:01:08:36 -0500] "POST /kwsrmcab/Wsrmcab  HTTP/1.1" 200 41806
190.90.132.140 - - [07/Dec/2023:01:08:44 -0500] "POST /sipse/faces/presentacion/financiero/solicitudProceso/listarSolicitudProceso.xhtml HTTP/1.1" 200 5799
66.249.75.174 - - [07/Dec/2023:01:10:32 -0500] "GET /BLA/resoluciones/RESOLUCIONES%202010/1535.pdf HTTP/1.1" 200 502943
66.249.75.174 - - [07/Dec/2023:01:10:40 -0500] "GET /resoluciones/RESOLUCIONES%202007/RES%202007%20701%20AL%20800/RESOLUCION%200717%20DE%202007.pdf HTTP/1.1" 404 1018
172.22.2.4 - - [07/Dec/2023:01:10:24 -0500] "HEAD /BLA/boletinlegal/ HTTP/1.1" 200 -
173.252.127.4 - - [07/Dec/2023:01:12:14 -0500] "GET /olga-romero-una-mujer-que-reverdece-con-corazon-inquieto-que-encontro-en-el-reciclaje-su-pasion.html HTTP/1.1" 200 798
172.22.2.4 - - [07/Dec/2023:01:11:15 -0500] "GET /BLA/boletinlegal/ HTTP/1.1" 200 58644
216.245.221.92 - - [07/Dec/2023:01:13:02 -0500] "HEAD / HTTP/1.1" 200 -
201.245.192.253 - - [07/Dec/2023:01:13:36 -0500] "POST /kwsrmcab/Wsrmcab  HTTP/1.1" 200 41806
52.167.144.145 - - [07/Dec/2023:01:13:45 -0500] "GET /BLA/resoluciones/AUTOS%202021/5807.pdf HTTP/1.1" 304 -
216.244.66.195 - - [07/Dec/2023:01:13:46 -0500] "GET /robots.txt HTTP/1.1" 404 1018
66.249.75.174 - - [07/Dec/2023:01:14:12 -0500] "GET /BLA/resoluciones/RESOLUCIONES%202009/6227.pdf HTTP/1.1" 200 1128167
66.249.75.160 - - [07/Dec/2023:01:14:52 -0500] "GET /BLA/resoluciones/RESOLUCIONES%202001/RESOLUCION%20311%20DE%202001.pdf HTTP/1.1" 200 398777
66.249.75.160 - - [07/Dec/2023:01:15:39 -0500] "GET /BLA/resoluciones/AUTOS%202013/1765.pdf HTTP/1.1" 200 362800
138.68.184.155 - - [07/Dec/2023:01:16:22 -0500] "" 400 226
66.249.75.174 - - [07/Dec/2023:01:16:26 -0500] "GET /BLA/resoluciones/RESOLUCIONES%202012/0416.pdf HTTP/1.1" 200 412829
13.40.73.230 - - [07/Dec/2023:01:16:28 -0500] "" 400 226
201.245.192.253 - - [07/Dec/2023:01:16:38 -0500] "POST /kwsrmcab/Wsrmcab HTTP/1.1" 200 37709
201.245.192.253 - - [07/Dec/2023:01:16:42 -0500] "POST /kwsrmcab/Wsrmcab HTTP/1.1" 200 36024
54.36.148.227 - - [07/Dec/2023:01:17:43 -0500] "GET /robots.txt HTTP/1.1" 404 1018
172.22.2.4 - - [07/Dec/2023:01:16:14 -0500] "HEAD /BLA/boletinlegal/ HTTP/1.1" 200 -
216.245.221.92 - - [07/Dec/2023:01:18:02 -0500] "HEAD / HTTP/1.1" 200 -
152.61.192.232 - - [07/Dec/2023:01:18:26 -0500] "GET / HTTP/1.1" 200 319
66.249.75.161 - - [07/Dec/2023:01:18:33 -0500] "GET /BLA/resoluciones/RESOLUCIONES%202014/1462.pdf HTTP/1.1" 200 812972
201.245.192.253 - - [07/Dec/2023:01:18:35 -0500] "POST /kwsrmcab/Wsrmcab  HTTP/1.1" 200 41806
172.22.2.4 - - [07/Dec/2023:01:17:05 -0500] "GET /BLA/boletinlegal/ HTTP/1.1" 200 60634
190.27.57.161 - - [07/Dec/2023:01:18:47 -0500] "POST /sipse/faces/presentacion/financiero/solicitudProceso/consultarSolicitudProceso.xhtml HTTP/1.1" 200 184759
190.27.57.161 - - [07/Dec/2023:01:18:48 -0500] "GET /sipse/faces/javax.faces.resource/theme.css?ln=primefaces-sipse HTTP/1.1" 304 -
190.27.57.161 - - [07/Dec/2023:01:18:48 -0500] "GET /sipse/faces/javax.faces.resource/primefaces.css?ln=primefaces&v=4.0 HTTP/1.1" 304 -
190.27.57.161 - - [07/Dec/2023:01:18:48 -0500] "GET /sipse/faces/javax.faces.resource/layout/layout.css?ln=primefaces&v=4.0 HTTP/1.1" 304 -
190.27.57.161 - - [07/Dec/2023:01:18:48 -0500] "GET /sipse/faces/javax.faces.resource/primefaces.js?ln=primefaces&v=4.0 HTTP/1.1" 304 -
190.27.57.161 - - [07/Dec/2023:01:18:48 -0500] "GET /sipse/faces/javax.faces.resource/jquery/jquery-plugins.js?ln=primefaces&v=4.0 HTTP/1.1" 304 -
190.27.57.161 - - [07/Dec/2023:01:18:48 -0500] "GET /sipse/faces/javax.faces.resource/layout/layout.js?ln=primefaces&v=4.0 HTTP/1.1" 304 -
190.27.57.161 - - [07/Dec/2023:01:18:48 -0500] "GET /sipse/faces/javax.faces.resource/jquery/jquery.js?ln=primefaces&v=4.0 HTTP/1.1" 304 -
190.27.57.161 - - [07/Dec/2023:01:18:48 -0500] "GET /sipse/css/imagen/contrasena.png HTTP/1.1" 404 383
190.27.57.161 - - [07/Dec/2023:01:18:48 -0500] "GET /sipse/faces/javax.faces.resource/images/ui-icons_898989_256x240.png?ln=primefaces-aristo HTTP/1.1" 304 -
190.27.57.161 - - [07/Dec/2023:01:18:53 -0500] "GET /sipse/faces/javax.faces.resource/images/ui-bg_flat_0_2d5972_40x100.png?ln=primefaces-aristo HTTP/1.1" 304 -
190.27.57.161 - - [07/Dec/2023:01:18:53 -0500] "POST /sipse/faces/presentacion/financiero/solicitudProceso/consultarSolicitudProceso.xhtml HTTP/1.1" 200 34951
190.27.57.161 - - [07/Dec/2023:01:18:56 -0500] "GET /sipse/faces/javax.faces.resource/theme.css?ln=primefaces-sipse HTTP/1.1" 304 -
190.27.57.161 - - [07/Dec/2023:01:18:56 -0500] "GET /sipse/faces/javax.faces.resource/primefaces.css?ln=primefaces&v=4.0 HTTP/1.1" 304 -
190.27.57.161 - - [07/Dec/2023:01:18:56 -0500] "GET /sipse/faces/javax.faces.resource/layout/layout.css?ln=primefaces&v=4.0 HTTP/1.1" 304 -
190.27.57.161 - - [07/Dec/2023:01:18:56 -0500] "GET /sipse/faces/javax.faces.resource/jquery/jquery.js?ln=primefaces&v=4.0 HTTP/1.1" 304 -
190.27.57.161 - - [07/Dec/2023:01:18:56 -0500] "GET /sipse/faces/javax.faces.resource/jquery/jquery-plugins.js?ln=primefaces&v=4.0 HTTP/1.1" 304 -
190.27.57.161 - - [07/Dec/2023:01:18:56 -0500] "GET /sipse/faces/javax.faces.resource/primefaces.js?ln=primefaces&v=4.0 HTTP/1.1" 304 -
190.27.57.161 - - [07/Dec/2023:01:18:56 -0500] "GET /sipse/faces/javax.faces.resource/layout/layout.js?ln=primefaces&v=4.0 HTTP/1.1" 304 -
190.27.57.161 - - [07/Dec/2023:01:18:56 -0500] "GET /sipse/faces/javax.faces.resource/messages/messages.png?ln=primefaces&v=4.0 HTTP/1.1" 304 -
190.27.57.161 - - [07/Dec/2023:01:18:56 -0500] "POST /sipse/faces/presentacion/financiero/solicitudProceso/listarSolicitudProceso.xhtml HTTP/1.1" 200 1396
152.201.205.231 - - [07/Dec/2023:01:18:59 -0500] "GET /kwssiamovil/sm/acme/a?s=U2FsdGVkX19YsLSNI6dU7U9FDWZz/ulbbFKA5UlZ6/AymjzqJCiZSagdsrt3PIzbaQl3tC5sQ0OxJSYCyMWNTwA8VDA1uJ7x1feNGCAxXyDaATMqTwKdf7IU0fMHfunz5V6PiP6u2nRuTZkEOv2rvAiv+CZFErSMERNtHCd5YbTWxPKQTd0n2do9uCO89IDwjqlkvSx36X4cqoFnudA4Vfzv/ZcqxjDEPuKsxcE1VO5RSJFStLgC4KtpDIQEm/xSkNzDqGStqCs0p927RK2HGg==&u=U2FsdGVkX1+UUivHFL4h6lMl49bV0aKx2Zl9CYXAlTMsZ1FCpSHYKkyzUdqEeGQU&y=U2FsdGVkX18+FRQP0imfMpy2EA3LKx8+0WvF0/GtFyU6XRayRAP47yRdzPZO4X6d HTTP/1.1" 200 26
152.201.205.231 - - [07/Dec/2023:01:18:59 -0500] "GET /kwssiamovil/sm/acme/a?s=U2FsdGVkX1+IfPlZ1kLvbsq2+5KiD2RXGUROi6tNPZLWoYSHmynW/FOpPlGcXJSinOv7Jyn4HRKSDJg5zbS17qGzBzza3XShwQZCzm8VpOg7W0ezkltv+4hG6hHhcfqILGIN3Nk9JXqFT065TRYOqeceVtlXtyKs4oO2Mmu+6wyD6Jxjyx29Dg8XNlNHpELHc48cX+fzrL2kf4HUY64QyEpP1kzRWvrm+bYDOx4a8Q+yqTLYZoayO7UTaeRnXCBezRadPtOtO6Juu7pchmixpBddxRaPK9fzjkAlj1yTM70VaPHuVhdHFOLxhNySK+0o5S98R4/ijFoppzQWUhchrIXqMvMVQ631tXM4JS/jqcMAYBNu6dzgo5QO3ycPcJNEeVvoaJco2raYuAd8S+YUoe2nVPKRlmmzqUJ1LcYOI34gU0HUzBUbtbQTxFdFnlYWtZtwJdmaswUE2aB3WSZrLO+W46N4fmCXQG0ZYg6RJItlyvRvY/h9EEtaEeDqFHaMXapKK9Q34NCcwe3rOFNl3A5/pRa/tjIMJwyQeHFDTVFNE3y+pXsdDnOQOsE2qg5kB35vnwYOOy2oCfC26nx7AqQb1EsXrb2/GWlSXALChoxI4WmTWDDmbwDokNzBCWtW6IJaGfqPcneOtmbCVVopzGaClcEnz0Tgek+l6CyK1ex3lCyleOaOGQ0mSfORYuhl/k86rWXlyB2blW4hld42VStb9XvydncNjw+qboQKArlm6IhL92nxAcG5Mx3dmCBqjpjsyl4fmak+xmvA3bEctJ7dR3dWIFJyq1t4TgS+DlaNMtFOCfSFY1eWq8KGRkevqR7aFgZ8Tm9dU3vowLDXna4qBrGXHtwecB0XWmRwlzqzt/mVp4XTUsbFdjiLYfxLs4GSNOUF7afpEgOHu0hJiEFTbs177REjMCG1abFNWsdGfpXaSOhmDXmDEhtN3r9vJzqt3oWUqsf8HmusGl9W5lXtRNvKtcRoKV//XFKWs5tOjZEmz2c+sAHo4gPfXGjnwGLFoMrNwxa/mXKEDlZpxZHBmWpEUTURvUPil+iZrQP3eUiUZIRpus4dSSvRqiSAnztwp5AaHx/lIBsr8cjVp4yTGKpR2w8hmRi6+ldWRp3MQHRP9z1g1X+W7mgbZxssra7KZ9VDGLaroFYtLAyrgFxEEV5IMtilFJsUFUHusYUkfQf3hJttvcFmt62xD0bIqcp2h7okMpPdERXE1XvUUJJUZkuzAHWQNqryBvhj2WYYTBLyRkE7UlzL1bGK4k6v&u=U2FsdGVkX1+UUivHFL4h6lMl49bV0aKx2Zl9CYXAlTMsZ1FCpSHYKkyzUdqEeGQU&y=U2FsdGVkX18+FRQP0imfMpy2EA3LKx8+0WvF0/GtFyU6XRayRAP47yRdzPZO4X6d HTTP/1.1" 200 26
152.201.205.231 - - [07/Dec/2023:01:19:00 -0500] "GET /kwssiamovil/sm/acme/a?s=U2FsdGVkX19JRQoueVlEnPSyPcm377SNzXyC/5UxUV4U3kPvmGGQnZ/ZDC4YQFrIM4Y0+q2j0VW3jRF0AJHN4d0qFJXfZskVjr7VCu7UHMfEyxfL2cZpr2+IVhve5DPolv8K/SmZWMFrQYcradPH1m/5m/XsEsTCTZDjv4Psuhg=&u=U2FsdGVkX1+UUivHFL4h6lMl49bV0aKx2Zl9CYXAlTMsZ1FCpSHYKkyzUdqEeGQU&y=U2FsdGVkX18+FRQP0imfMpy2EA3LKx8+0WvF0/GtFyU6XRayRAP47yRdzPZO4X6d HTTP/1.1" 200 26
152.201.205.231 - - [07/Dec/2023:01:19:00 -0500] "GET /kwssiamovil/sm/acme/a?s=U2FsdGVkX18Rc9D1+Z4/dlbCH0uTXL7kuK6rqUeCUkCBNzphgeNYvygDlmKn7yOgQw8NzB2LxU68g5JvmvEDkFZf0c2hFiLcmttSYuCN9YZT+a/PwmTCPXprQLd46PW/ohbOQUy9ljAZaXDjwRYBc7Stryuo0xWG9lhirKvOFL8=&u=U2FsdGVkX1+UUivHFL4h6lMl49bV0aKx2Zl9CYXAlTMsZ1FCpSHYKkyzUdqEeGQU&y=U2FsdGVkX18+FRQP0imfMpy2EA3LKx8+0WvF0/GtFyU6XRayRAP47yRdzPZO4X6d HTTP/1.1" 200 26
152.201.205.231 - - [07/Dec/2023:01:19:00 -0500] "GET /kwssiamovil/sm/acme/a?s=U2FsdGVkX184A4N9jnwa86aPsegUZ2nOvI/dVhetgtpwnz1zheT2P+4SN4ZXHHxY9S+yHo87sHEGPQCFRTox+OWKxo/QZ4E9m58ooCM4fRGmbLBJ5E42+2iWj+BQjDiNEqUQdFNaoHK21zhLZzN7T3LbUCv2+KVDm7rCGMN6PjQ=&u=U2FsdGVkX1+UUivHFL4h6lMl49bV0aKx2Zl9CYXAlTMsZ1FCpSHYKkyzUdqEeGQU&y=U2FsdGVkX18+FRQP0imfMpy2EA3LKx8+0WvF0/GtFyU6XRayRAP47yRdzPZO4X6d HTTP/1.1" 200 26
152.201.205.231 - - [07/Dec/2023:01:19:00 -0500] "GET /kwssiamovil/sm/acme/a?s=U2FsdGVkX1/iPANcLtUTauSvNJibmJIde4hVokSqIas8hD8TioAXqySMSYjq9IMamx65KLq7CoIJe1hTyyKnb+PEGEgxm65mhpvAT2HhFqaE4qY8i8QgFbr20Lybfjddnq0HY0EQ7bMbpxrPWlP8fbw5usjrV484kirQILnJcxwrENwha4+xjRfW0NXCo/TYMNWRqY5PJYA2Pw7jQyBmgQ==&u=U2FsdGVkX1+UUivHFL4h6lMl49bV0aKx2Zl9CYXAlTMsZ1FCpSHYKkyzUdqEeGQU&y=U2FsdGVkX18+FRQP0imfMpy2EA3LKx8+0WvF0/GtFyU6XRayRAP47yRdzPZO4X6d HTTP/1.1" 200 26
13.40.73.230 - - [07/Dec/2023:01:19:25 -0500] "\x16\x03\x01" 400 226
201.245.192.253 - - [07/Dec/2023:01:20:22 -0500] "POST /kwsrmcab/Wsrmcab HTTP/1.1" 200 37709
201.245.192.253 - - [07/Dec/2023:01:20:32 -0500] "POST /kwsrmcab/Wsrmcab HTTP/1.1" 200 36024
13.40.73.230 - - [07/Dec/2023:01:20:58 -0500] "\x16\x03\x01" 400 226
13.40.73.230 - - [07/Dec/2023:01:21:30 -0500] "GET /favicon.ico HTTP/1.1" 200 7782
13.40.73.230 - - [07/Dec/2023:01:22:49 -0500] "\x16\x03\x01" 400 226
216.245.221.92 - - [07/Dec/2023:01:23:02 -0500] "HEAD / HTTP/1.1" 200 -
13.40.73.230 - - [07/Dec/2023:01:23:23 -0500] "GET /manage/account/login HTTP/1.1" 404 1018
201.245.192.253 - - [07/Dec/2023:01:23:33 -0500] "POST /kwsrmcab/Wsrmcab  HTTP/1.1" 200 41806
172.22.2.4 - - [07/Dec/2023:01:22:04 -0500] "HEAD /BLA/boletinlegal/ HTTP/1.1" 200 -
172.22.2.4 - - [07/Dec/2023:01:22:55 -0500] "GET /BLA/boletinlegal/ HTTP/1.1" 200 60634
66.249.75.174 - - [07/Dec/2023:01:24:36 -0500] "GET /BLA/resoluciones/AUTOS%202014/4223.pdf HTTP/1.1" 200 312740
13.40.73.230 - - [07/Dec/2023:01:25:24 -0500] "\x16\x03\x01" 400 226
34.250.24.75 - - [07/Dec/2023:01:25:47 -0500] "GET /BLA/resoluciones/AUTOS%202021/3735.pdf HTTP/1.1" 200 350230
13.40.73.230 - - [07/Dec/2023:01:25:57 -0500] "GET /admin/index.html HTTP/1.1" 404 1018
201.245.192.253 - - [07/Dec/2023:01:26:38 -0500] "POST /kwsrmcab/Wsrmcab HTTP/1.1" 200 37709
201.245.192.253 - - [07/Dec/2023:01:26:43 -0500] "POST /kwsrmcab/Wsrmcab HTTP/1.1" 200 36024
13.40.73.230 - - [07/Dec/2023:01:27:59 -0500] "\x16\x03\x01" 400 226
216.245.221.92 - - [07/Dec/2023:01:28:02 -0500] "HEAD / HTTP/1.1" 200 -
201.245.192.253 - - [07/Dec/2023:01:28:32 -0500] "POST /kwsrmcab/Wsrmcab  HTTP/1.1" 200 41806
13.40.73.230 - - [07/Dec/2023:01:28:42 -0500] "GET /index.html HTTP/1.1" 200 319
66.249.66.194 - - [07/Dec/2023:01:29:04 -0500] "GET /robots.txt HTTP/1.1" 404 1034
66.249.66.195 - - [07/Dec/2023:01:29:05 -0500] "GET /secretaria-de-ambiente-inicia-campana-de-proteccion-y-conservacion-de-musgo-para-epoca-de- HTTP/1.1" 404 1034
172.22.2.4 - - [07/Dec/2023:01:27:54 -0500] "HEAD /BLA/boletinlegal/ HTTP/1.1" 200 -
66.249.75.161 - - [07/Dec/2023:01:29:46 -0500] "GET /BLA/resoluciones/Autos%202008/1748.pdf HTTP/1.1" 200 186219
201.245.192.253 - - [07/Dec/2023:01:30:22 -0500] "POST /kwsrmcab/Wsrmcab HTTP/1.1" 200 37709
172.22.2.4 - - [07/Dec/2023:01:28:45 -0500] "GET /BLA/boletinlegal/ HTTP/1.1" 200 58644
201.245.192.253 - - [07/Dec/2023:01:30:32 -0500] "POST /kwsrmcab/Wsrmcab HTTP/1.1" 200 36024
13.40.73.230 - - [07/Dec/2023:01:31:09 -0500] "\x16\x03\x01" 400 226
13.40.73.230 - - [07/Dec/2023:01:31:45 -0500] "GET /+CSCOE+/logon.html HTTP/1.1" 404 1018
159.69.179.16 - - [07/Dec/2023:01:32:03 -0500] "GET / HTTP/1.1" 200 319
159.69.179.16 - - [07/Dec/2023:01:32:04 -0500] "GET / HTTP/1.1" 200 4720
66.249.75.160 - - [07/Dec/2023:01:32:53 -0500] "GET /BLA/resoluciones/Notificaciones/REGISTROS%202016/01783.pdf HTTP/1.1" 200 478015
216.245.221.92 - - [07/Dec/2023:01:33:02 -0500] "HEAD / HTTP/1.1" 200 -
201.245.192.253 - - [07/Dec/2023:01:33:30 -0500] "POST /kwsrmcab/Wsrmcab  HTTP/1.1" 200 41806
13.40.73.230 - - [07/Dec/2023:01:33:47 -0500] "\x16\x03\x01" 400 226
13.40.73.230 - - [07/Dec/2023:01:34:21 -0500] "GET /cgi-bin/login.cgi HTTP/1.1" 404 1018
172.22.2.4 - - [07/Dec/2023:01:33:44 -0500] "HEAD /BLA/boletinlegal/ HTTP/1.1" 200 -
172.22.2.4 - - [07/Dec/2023:01:34:35 -0500] "GET /BLA/boletinlegal/ HTTP/1.1" 200 61018
13.40.73.230 - - [07/Dec/2023:01:36:23 -0500] "\x16\x03\x01" 400 226
201.245.192.253 - - [07/Dec/2023:01:36:38 -0500] "POST /kwsrmcab/Wsrmcab HTTP/1.1" 503 1020
201.245.192.253 - - [07/Dec/2023:01:36:39 -0500] "POST /kwsrmcab/Wsrmcab HTTP/1.1" 503 1020
216.244.66.195 - - [07/Dec/2023:01:36:45 -0500] "GET /Residuos/impresion/impresion.html HTTP/1.1" 200 1961
13.40.73.230 - - [07/Dec/2023:01:37:10 -0500] "GET /logon.htm HTTP/1.1" 404 1018
142.93.233.136 - - [07/Dec/2023:01:37:12 -0500] "GET / HTTP/1.1" 200 319
216.245.221.92 - - [07/Dec/2023:01:38:02 -0500] "HEAD / HTTP/1.1" 200 -
201.245.192.253 - - [07/Dec/2023:01:38:29 -0500] "POST /kwsrmcab/Wsrmcab  HTTP/1.1" 200 41806
13.40.73.230 - - [07/Dec/2023:01:39:13 -0500] "\x16\x03\x01" 400 226
13.40.73.230 - - [07/Dec/2023:01:39:55 -0500] "GET /login.jsp HTTP/1.1" 404 1018
201.245.192.253 - - [07/Dec/2023:01:40:22 -0500] "POST /kwsrmcab/Wsrmcab HTTP/1.1" 200 37709
201.245.192.253 - - [07/Dec/2023:01:40:32 -0500] "POST /kwsrmcab/Wsrmcab HTTP/1.1" 200 36024
172.22.2.4 - - [07/Dec/2023:01:39:34 -0500] "HEAD /BLA/boletinlegal/ HTTP/1.1" 200 -
69.171.249.9 - - [07/Dec/2023:01:41:38 -0500] "GET /secretaria-de-ambiente-rechaza-actos-que-habrian-podido-afectar-la-fauna-y-flora-en-el-humedal-jaboque.html HTTP/1.1" 200 1121
172.22.2.4 - - [07/Dec/2023:01:40:25 -0500] "GET /BLA/boletinlegal/ HTTP/1.1" 200 60634
13.40.73.230 - - [07/Dec/2023:01:42:14 -0500] "\x16\x03\x01" 400 226
216.245.221.92 - - [07/Dec/2023:01:43:02 -0500] "HEAD / HTTP/1.1" 200 -
13.40.73.230 - - [07/Dec/2023:01:43:09 -0500] "GET / HTTP/1.1" 200 319
201.245.192.253 - - [07/Dec/2023:01:43:27 -0500] "POST /kwsrmcab/Wsrmcab  HTTP/1.1" 200 41806
216.244.66.195 - - [07/Dec/2023:01:44:54 -0500] "GET /BLA/resoluciones/index.php?dir=2018%2F HTTP/1.1" 200 1608
172.22.2.4 - - [07/Dec/2023:01:45:24 -0500] "HEAD /BLA/boletinlegal/ HTTP/1.1" 200 -
216.244.66.195 - - [07/Dec/2023:01:47:18 -0500] "GET /galeria/galeria/fotos/Jaboque2G.jpg HTTP/1.1" 200 322400
172.22.2.4 - - [07/Dec/2023:01:46:15 -0500] "GET /BLA/boletinlegal/ HTTP/1.1" 200 58294
216.245.221.92 - - [07/Dec/2023:01:48:02 -0500] "HEAD / HTTP/1.1" 200 -
201.245.192.253 - - [07/Dec/2023:01:48:26 -0500] "POST /kwsrmcab/Wsrmcab  HTTP/1.1" 200 41806
46.4.100.253 - - [07/Dec/2023:01:48:58 -0500] "GET /BLA/boletinlegal/admin/index.php HTTP/1.1" 200 2324
46.4.100.253 - - [07/Dec/2023:01:48:58 -0500] "GET /BLA/boletinlegal/admin/index.php HTTP/1.1" 200 2324
46.4.100.253 - - [07/Dec/2023:01:48:59 -0500] "GET /BLA/boletinlegal/admin/index.php HTTP/1.1" 200 2324
216.244.66.195 - - [07/Dec/2023:01:49:58 -0500] "GET /BLA/resoluciones/RESOLUCIONES%202016/0843.pdf HTTP/1.1" 200 666894
40.77.167.143 - - [07/Dec/2023:01:51:59 -0500] "GET /BLA/resoluciones/RESOLUCIONES%202021/5630.pdf HTTP/1.1" 200 608900
172.22.2.4 - - [07/Dec/2023:01:51:14 -0500] "HEAD /BLA/boletinlegal/ HTTP/1.1" 200 -
216.245.221.92 - - [07/Dec/2023:01:53:02 -0500] "HEAD / HTTP/1.1" 200 -
152.61.128.50 - - [07/Dec/2023:01:53:15 -0500] "GET / HTTP/1.1" 200 319
201.245.192.253 - - [07/Dec/2023:01:53:24 -0500] "POST /kwsrmcab/Wsrmcab  HTTP/1.1" 200 41806
172.22.2.4 - - [07/Dec/2023:01:52:05 -0500] "GET /BLA/boletinlegal/ HTTP/1.1" 200 58644
162.142.125.14 - - [07/Dec/2023:01:56:23 -0500] "GET / HTTP/1.1" 200 319
162.142.125.14 - - [07/Dec/2023:01:56:26 -0500] "GET / HTTP/1.1" 200 319
162.142.125.14 - - [07/Dec/2023:01:56:27 -0500] "PRI * HTTP/2.0" 400 946
162.142.125.14 - - [07/Dec/2023:01:56:27 -0500] "GET /favicon.ico HTTP/1.1" 200 7782
216.245.221.92 - - [07/Dec/2023:01:58:02 -0500] "HEAD / HTTP/1.1" 200 -
201.245.192.253 - - [07/Dec/2023:01:58:23 -0500] "POST /kwsrmcab/Wsrmcab  HTTP/1.1" 200 41806
172.22.2.4 - - [07/Dec/2023:01:57:04 -0500] "HEAD /BLA/boletinlegal/ HTTP/1.1" 200 -
66.249.66.193 - - [07/Dec/2023:01:59:05 -0500] "GET /proximo-4-de-octubre-simulacro-distrital-de-evacuacion-dia-y-noche.html HTTP/1.1" 304 -
66.249.66.194 - - [07/Dec/2023:01:59:06 -0500] "GET /mujeres-que-reverdecen-secretaria-de-ambiente-anuncia-300-cupos-para-la-tercera-fase-del-programa.html HTTP/1.1" 304 -
172.22.2.4 - - [07/Dec/2023:01:57:55 -0500] "GET /BLA/boletinlegal/ HTTP/1.1" 200 60634
157.55.39.52 - - [07/Dec/2023:02:01:43 -0500] "GET /portaldeninos/?s=2024 HTTP/1.1" 200 85855
216.245.221.92 - - [07/Dec/2023:02:03:02 -0500] "HEAD / HTTP/1.1" 200 -
201.245.192.253 - - [07/Dec/2023:02:03:22 -0500] "POST /kwsrmcab/Wsrmcab  HTTP/1.1" 200 41806
216.244.66.195 - - [07/Dec/2023:02:03:39 -0500] "GET /robots.txt HTTP/1.1" 404 1018
172.22.2.4 - - [07/Dec/2023:02:02:54 -0500] "HEAD /BLA/boletinlegal/ HTTP/1.1" 200 -
52.167.144.230 - - [07/Dec/2023:02:04:40 -0500] "GET /BLA/resoluciones/AUTOS%202021/6036.pdf HTTP/1.1" 304 -
172.22.2.4 - - [07/Dec/2023:02:03:45 -0500] "GET /BLA/boletinlegal/ HTTP/1.1" 200 58644
216.245.221.92 - - [07/Dec/2023:02:08:02 -0500] "HEAD / HTTP/1.1" 200 -
201.245.192.253 - - [07/Dec/2023:02:08:19 -0500] "POST /kwsrmcab/Wsrmcab  HTTP/1.1" 200 41806
64.227.36.25 - - [07/Dec/2023:02:10:13 -0500] "\x16\x03\x01\x01\xfd\x01" 400 226
172.22.2.4 - - [07/Dec/2023:02:08:44 -0500] "HEAD /BLA/boletinlegal/ HTTP/1.1" 200 -
172.22.2.4 - - [07/Dec/2023:02:09:35 -0500] "GET /BLA/boletinlegal/ HTTP/1.1" 200 58294
216.245.221.92 - - [07/Dec/2023:02:13:02 -0500] "HEAD / HTTP/1.1" 200 -
201.245.192.253 - - [07/Dec/2023:02:13:18 -0500] "POST /kwsrmcab/Wsrmcab  HTTP/1.1" 200 41806
172.22.2.4 - - [07/Dec/2023:02:14:29 -0500] "GET /BLA/boletinlegal/robots.txt HTTP/1.1" 404 1038
172.22.2.4 - - [07/Dec/2023:02:14:29 -0500] "GET /BLA/boletinlegal/jurisprudencia/analisis/CUADRO%20ANALISIS%20SENTENCIA%20C-554%20DE%202007.doc HTTP/1.1" 304 -
172.22.2.4 - - [07/Dec/2023:02:14:46 -0500] "GET /BLA/boletinlegal/images/arr_r.jpg HTTP/1.1" 304 -
172.22.2.4 - - [07/Dec/2023:02:14:34 -0500] "HEAD /BLA/boletinlegal/ HTTP/1.1" 200 -
66.249.66.193 - - [07/Dec/2023:02:16:31 -0500] "GET /como-ayudar-a-mantener-una-buena-calidad-del-aire-en-bogota.html HTTP/1.1" 304 -
201.245.192.253 - - [07/Dec/2023:02:16:38 -0500] "POST /kwsrmcab/Wsrmcab HTTP/1.1" 200 37562
201.245.192.253 - - [07/Dec/2023:02:16:41 -0500] "POST /kwsrmcab/Wsrmcab HTTP/1.1" 200 36182
172.22.2.4 - - [07/Dec/2023:02:15:25 -0500] "GET /BLA/boletinlegal/ HTTP/1.1" 200 60634
216.245.221.92 - - [07/Dec/2023:02:18:02 -0500] "HEAD / HTTP/1.1" 200 -
201.245.192.253 - - [07/Dec/2023:02:18:16 -0500] "POST /kwsrmcab/Wsrmcab  HTTP/1.1" 200 41806
201.245.192.253 - - [07/Dec/2023:02:20:22 -0500] "POST /kwsrmcab/Wsrmcab HTTP/1.1" 200 37562
201.245.192.253 - - [07/Dec/2023:02:20:32 -0500] "POST /kwsrmcab/Wsrmcab HTTP/1.1" 200 36182
172.22.2.4 - - [07/Dec/2023:02:21:25 -0500] "GET /BLA/boletinlegal/.env HTTP/1.1" 404 1018
172.22.2.4 - - [07/Dec/2023:02:20:24 -0500] "HEAD /BLA/boletinlegal/ HTTP/1.1" 200 -
172.22.2.4 - - [07/Dec/2023:02:21:26 -0500] "POST /BLA/boletinlegal/ HTTP/1.1" 200 24523
172.22.2.4 - - [07/Dec/2023:02:21:15 -0500] "GET /BLA/boletinlegal/ HTTP/1.1" 200 52827
216.245.221.92 - - [07/Dec/2023:02:23:02 -0500] "HEAD / HTTP/1.1" 200 -
201.245.192.253 - - [07/Dec/2023:02:23:15 -0500] "POST /kwsrmcab/Wsrmcab  HTTP/1.1" 200 41806
216.244.66.195 - - [07/Dec/2023:02:23:42 -0500] "GET /transparencia/directorioservidores/2016/abril2016.xlsx HTTP/1.1" 200 90365
66.249.75.161 - - [07/Dec/2023:02:23:45 -0500] "GET /robots.txt HTTP/1.1" 404 1018
66.249.75.160 - - [07/Dec/2023:02:23:45 -0500] "GET /BLA/resoluciones/Notificaciones/RESOLUCIONES%202022/5332.pdf HTTP/1.1" 200 442646
52.167.144.226 - - [07/Dec/2023:02:24:31 -0500] "GET /BLA/resoluciones/Notificaciones/RESOLUCIONES%202023/738.pdf HTTP/1.1" 200 430365
52.167.144.226 - - [07/Dec/2023:02:24:32 -0500] "GET /BLA/resoluciones/RESOLUCIONES%202018/2385.pdf HTTP/1.1" 200 287332
201.245.192.253 - - [07/Dec/2023:02:26:38 -0500] "POST /kwsrmcab/Wsrmcab HTTP/1.1" 200 37562
201.245.192.253 - - [07/Dec/2023:02:26:41 -0500] "POST /kwsrmcab/Wsrmcab HTTP/1.1" 200 36182
172.22.2.4 - - [07/Dec/2023:02:26:14 -0500] "HEAD /BLA/boletinlegal/ HTTP/1.1" 200 -
216.245.221.92 - - [07/Dec/2023:02:28:02 -0500] "HEAD / HTTP/1.1" 200 -
201.245.192.253 - - [07/Dec/2023:02:28:14 -0500] "POST /kwsrmcab/Wsrmcab  HTTP/1.1" 200 41806
172.22.2.4 - - [07/Dec/2023:02:27:05 -0500] "GET /BLA/boletinlegal/ HTTP/1.1" 200 60634
201.245.192.253 - - [07/Dec/2023:02:30:21 -0500] "POST /kwsrmcab/Wsrmcab HTTP/1.1" 200 37562
201.245.192.253 - - [07/Dec/2023:02:30:31 -0500] "POST /kwsrmcab/Wsrmcab HTTP/1.1" 200 36182
152.61.192.232 - - [07/Dec/2023:02:30:40 -0500] "GET /arcgis/services/Calidad_del_Agua_WQI/MapServer/WMSServer?request=GetCapabilities&service=WMS HTTP/1.1" 503 1020
152.61.192.232 - - [07/Dec/2023:02:30:41 -0500] "GET /arcgis/services/Calidad_del_Agua_WQI/MapServer/WMSServer?SERVICE=WMS&REQUEST=GetCapabilities HTTP/1.1" 503 1020
152.61.192.232 - - [07/Dec/2023:02:30:41 -0500] "GET /arcgis/services/Calidad_del_Agua_WQI/MapServer/WMSServer?WMTVER=1.0.0&REQUEST=capabilities HTTP/1.1" 503 1020
52.167.144.186 - - [07/Dec/2023:02:32:41 -0500] "GET /appsia/scripts/validarIngreso.js HTTP/1.1" 200 851
52.167.144.16 - - [07/Dec/2023:02:32:45 -0500] "GET /appsia/css/estilos.css HTTP/1.1" 200 4804
216.245.221.92 - - [07/Dec/2023:02:33:02 -0500] "HEAD / HTTP/1.1" 200 -
201.245.192.253 - - [07/Dec/2023:02:33:12 -0500] "POST /kwsrmcab/Wsrmcab  HTTP/1.1" 200 41806
172.22.2.4 - - [07/Dec/2023:02:32:04 -0500] "HEAD /BLA/boletinlegal/ HTTP/1.1" 200 -
172.22.2.4 - - [07/Dec/2023:02:32:55 -0500] "GET /BLA/boletinlegal/ HTTP/1.1" 200 53356
185.189.182.234 - - [07/Dec/2023:02:34:51 -0500] "GET / HTTP/1.1" 400 946
201.245.192.253 - - [07/Dec/2023:02:36:39 -0500] "POST /kwsrmcab/Wsrmcab HTTP/1.1" 200 37562
201.245.192.253 - - [07/Dec/2023:02:36:42 -0500] "POST /kwsrmcab/Wsrmcab HTTP/1.1" 200 36182
216.245.221.92 - - [07/Dec/2023:02:38:02 -0500] "HEAD / HTTP/1.1" 200 -
201.245.192.253 - - [07/Dec/2023:02:38:12 -0500] "POST /kwsrmcab/Wsrmcab  HTTP/1.1" 200 41806
172.22.2.4 - - [07/Dec/2023:02:38:35 -0500] "GET /BLA/boletinlegal/robots.txt HTTP/1.1" 404 1038
172.22.2.4 - - [07/Dec/2023:02:38:36 -0500] "GET /BLA/boletinlegal/Directivas/2018/Directiva%20No.%2025%20del%2027%20de%20diciembre%20de%202018.pdf HTTP/1.1" 200 1351319
172.22.2.4 - - [07/Dec/2023:02:37:54 -0500] "HEAD /BLA/boletinlegal/ HTTP/1.1" 200 -
201.245.192.253 - - [07/Dec/2023:02:40:22 -0500] "POST /kwsrmcab/Wsrmcab HTTP/1.1" 200 37562
172.22.2.4 - - [07/Dec/2023:02:38:45 -0500] "GET /BLA/boletinlegal/ HTTP/1.1" 200 58644
201.245.192.253 - - [07/Dec/2023:02:40:32 -0500] "POST /kwsrmcab/Wsrmcab HTTP/1.1" 200 36182
162.55.37.148 - - [07/Dec/2023:02:41:21 -0500] "GET / HTTP/1.1" 200 4720
162.55.37.148 - - [07/Dec/2023:02:41:24 -0500] "GET / HTTP/1.1" 200 319
216.244.66.195 - - [07/Dec/2023:02:42:38 -0500] "GET /StormSDA/user.jnlp HTTP/1.1" 200 1420
216.245.221.92 - - [07/Dec/2023:02:43:02 -0500] "HEAD / HTTP/1.1" 200 -
35.203.211.207 - - [07/Dec/2023:02:43:05 -0500] "GET / HTTP/1.1" 200 319
216.244.66.195 - - [07/Dec/2023:02:42:58 -0500] "GET /mesa/video.mp4 HTTP/1.1" 200 99530968
201.245.192.253 - - [07/Dec/2023:02:43:12 -0500] "POST /kwsrmcab/Wsrmcab  HTTP/1.1" 200 41806
52.167.144.145 - - [07/Dec/2023:02:44:00 -0500] "GET /BLA/resoluciones/RESOLUCIONES%202021/1935.pdf HTTP/1.1" 200 760207
172.22.2.4 - - [07/Dec/2023:02:43:44 -0500] "HEAD /BLA/boletinlegal/ HTTP/1.1" 200 -
172.22.2.4 - - [07/Dec/2023:02:44:35 -0500] "GET /BLA/boletinlegal/ HTTP/1.1" 200 58644
216.245.221.92 - - [07/Dec/2023:02:48:02 -0500] "HEAD / HTTP/1.1" 200 -
201.245.192.253 - - [07/Dec/2023:02:48:11 -0500] "POST /kwsrmcab/Wsrmcab  HTTP/1.1" 200 41806
172.22.2.4 - - [07/Dec/2023:02:49:34 -0500] "HEAD /BLA/boletinlegal/ HTTP/1.1" 200 -
172.22.2.4 - - [07/Dec/2023:02:50:25 -0500] "GET /BLA/boletinlegal/ HTTP/1.1" 200 54105
216.244.66.195 - - [07/Dec/2023:02:52:42 -0500] "GET /robots.txt HTTP/1.1" 404 1018
216.245.221.92 - - [07/Dec/2023:02:53:02 -0500] "HEAD / HTTP/1.1" 200 -
201.245.192.253 - - [07/Dec/2023:02:53:09 -0500] "POST /kwsrmcab/Wsrmcab  HTTP/1.1" 200 41806
172.22.2.4 - - [07/Dec/2023:02:54:09 -0500] "GET /BLA/boletinlegal/Directivas/2009/Directiva%20No.%20del%2023%20de%20Diciembre%20de%202009.pdf HTTP/1.1" 304 -
40.77.167.132 - - [07/Dec/2023:02:56:17 -0500] "GET /BLA/resoluciones/AUTOS%202021/6747.pdf HTTP/1.1" 304 -
172.22.2.4 - - [07/Dec/2023:02:55:24 -0500] "HEAD /BLA/boletinlegal/ HTTP/1.1" 200 -
172.22.2.4 - - [07/Dec/2023:02:56:15 -0500] "GET /BLA/boletinlegal/ HTTP/1.1" 200 58644
216.245.221.92 - - [07/Dec/2023:02:58:02 -0500] "HEAD / HTTP/1.1" 200 -
201.245.192.253 - - [07/Dec/2023:02:58:07 -0500] "POST /kwsrmcab/Wsrmcab  HTTP/1.1" 200 41806
172.22.2.4 - - [07/Dec/2023:03:01:14 -0500] "HEAD /BLA/boletinlegal/ HTTP/1.1" 200 -
216.245.221.92 - - [07/Dec/2023:03:03:02 -0500] "HEAD / HTTP/1.1" 200 -
201.245.192.253 - - [07/Dec/2023:03:03:06 -0500] "POST /kwsrmcab/Wsrmcab  HTTP/1.1" 200 41806
172.22.2.4 - - [07/Dec/2023:03:02:05 -0500] "GET /BLA/boletinlegal/ HTTP/1.1" 200 60634
66.249.66.77 - - [07/Dec/2023:03:04:56 -0500] "GET /robots.txt HTTP/1.1" 404 1035
66.249.66.77 - - [07/Dec/2023:03:04:56 -0500] "GET /portaldeninos/aulas-ambientales/ HTTP/1.1" 200 88416
87.250.224.55 - - [07/Dec/2023:03:05:22 -0500] "GET /robots.txt HTTP/1.1" 404 1018
87.250.224.224 - - [07/Dec/2023:03:05:23 -0500] "GET / HTTP/1.1" 200 319
216.245.221.92 - - [07/Dec/2023:03:08:02 -0500] "HEAD / HTTP/1.1" 200 -
201.245.192.253 - - [07/Dec/2023:03:08:04 -0500] "POST /kwsrmcab/Wsrmcab  HTTP/1.1" 200 41806
172.22.2.4 - - [07/Dec/2023:03:07:04 -0500] "HEAD /BLA/boletinlegal/ HTTP/1.1" 200 -
172.22.2.4 - - [07/Dec/2023:03:07:55 -0500] "GET /BLA/boletinlegal/ HTTP/1.1" 200 51333
172.22.2.4 - - [07/Dec/2023:03:10:24 -0500] "GET /BLA/boletinlegal/conceptos.php HTTP/1.1" 200 7496
172.22.2.4 - - [07/Dec/2023:03:10:38 -0500] "GET /BLA/boletinlegal/js/ajax_conceptos.js HTTP/1.1" 200 1326
172.22.2.4 - - [07/Dec/2023:03:10:39 -0500] "GET /BLA/boletinlegal/style.css HTTP/1.1" 200 9406
172.22.2.4 - - [07/Dec/2023:03:10:39 -0500] "GET /BLA/boletinlegal/styles2.css HTTP/1.1" 200 1838
172.22.2.4 - - [07/Dec/2023:03:10:43 -0500] "GET /BLA/boletinlegal/niceforms-default.css HTTP/1.1" 200 6694
52.167.144.174 - - [07/Dec/2023:03:12:37 -0500] "GET /BLA/resoluciones/index.php?dir=AUTOS+2023%2F HTTP/1.1" 200 433880
216.245.221.92 - - [07/Dec/2023:03:13:02 -0500] "HEAD / HTTP/1.1" 200 -
201.245.192.253 - - [07/Dec/2023:03:13:03 -0500] "POST /kwsrmcab/Wsrmcab  HTTP/1.1" 200 41806
216.244.66.195 - - [07/Dec/2023:03:13:16 -0500] "GET /silvicultura/1.pdf HTTP/1.1" 200 334952
172.22.2.4 - - [07/Dec/2023:03:12:54 -0500] "HEAD /BLA/boletinlegal/ HTTP/1.1" 200 -
172.22.2.4 - - [07/Dec/2023:03:13:45 -0500] "GET /BLA/boletinlegal/ HTTP/1.1" 200 60634
201.245.192.253 - - [07/Dec/2023:03:16:38 -0500] "POST /kwsrmcab/Wsrmcab HTTP/1.1" 200 37552
201.245.192.253 - - [07/Dec/2023:03:16:41 -0500] "POST /kwsrmcab/Wsrmcab HTTP/1.1" 200 36198
111.202.101.26 - - [07/Dec/2023:03:17:43 -0500] "GET / HTTP/1.1" 200 319
216.245.221.92 - - [07/Dec/2023:03:18:02 -0500] "HEAD / HTTP/1.1" 200 -
201.245.192.253 - - [07/Dec/2023:03:18:02 -0500] "POST /kwsrmcab/Wsrmcab  HTTP/1.1" 200 41806
172.22.2.4 - - [07/Dec/2023:03:19:50 -0500] "GET /BLA/boletinlegal/Circulares/2019/Circular%20No.%200003%20del%2031%20de%20Enero%20de%202019.pdf HTTP/1.1" 200 164676
172.22.2.4 - - [07/Dec/2023:03:18:44 -0500] "HEAD /BLA/boletinlegal/ HTTP/1.1" 200 -
201.245.192.253 - - [07/Dec/2023:03:20:22 -0500] "POST /kwsrmcab/Wsrmcab HTTP/1.1" 200 37552
201.245.192.253 - - [07/Dec/2023:03:20:35 -0500] "POST /kwsrmcab/Wsrmcab HTTP/1.1" 200 36198
172.22.2.4 - - [07/Dec/2023:03:19:35 -0500] "GET /BLA/boletinlegal/ HTTP/1.1" 200 58294
216.245.221.92 - - [07/Dec/2023:03:23:02 -0500] "HEAD / HTTP/1.1" 200 -
201.245.192.253 - - [07/Dec/2023:03:23:01 -0500] "POST /kwsrmcab/Wsrmcab  HTTP/1.1" 200 41806
40.77.167.132 - - [07/Dec/2023:03:25:36 -0500] "GET /portaldeninos/wp-content/uploads/2019/09/Sangregado-%C3%A1rboles.jpg HTTP/1.1" 200 302240
172.22.2.4 - - [07/Dec/2023:03:24:34 -0500] "HEAD /BLA/boletinlegal/ HTTP/1.1" 200 -
201.245.192.253 - - [07/Dec/2023:03:26:38 -0500] "POST /kwsrmcab/Wsrmcab HTTP/1.1" 200 37552
201.245.192.253 - - [07/Dec/2023:03:26:42 -0500] "POST /kwsrmcab/Wsrmcab HTTP/1.1" 200 36198
40.77.167.76 - - [07/Dec/2023:03:26:48 -0500] "GET /BLA/resoluciones/RESOLUCIONES%202021/2130.pdf HTTP/1.1" 200 370498
172.22.2.4 - - [07/Dec/2023:03:25:25 -0500] "GET /BLA/boletinlegal/ HTTP/1.1" 200 54693
201.245.192.253 - - [07/Dec/2023:03:27:59 -0500] "POST /kwsrmcab/Wsrmcab  HTTP/1.1" 200 41806
216.245.221.92 - - [07/Dec/2023:03:28:02 -0500] "HEAD / HTTP/1.1" 200 -
66.249.66.77 - - [07/Dec/2023:03:29:05 -0500] "GET /portaldeninos/2021/06/20/mas-de-130-arboles-fueron-plantados-en-el-humedal-la-conejera-con-comunidad-educativa/ HTTP/1.1" 200 107808
66.249.66.77 - - [07/Dec/2023:03:29:08 -0500] "GET /portaldeninos/wp-content/plugins/google-analytics-for-wordpress/assets/js/frontend-gtag.min.js?ver=8.5.0 HTTP/1.1" 200 11801
66.249.66.75 - - [07/Dec/2023:03:29:09 -0500] "GET /portaldeninos/wp-includes/js/jquery/jquery-migrate.min.js?ver=1.4.1 HTTP/1.1" 200 10056
201.245.192.253 - - [07/Dec/2023:03:30:22 -0500] "POST /kwsrmcab/Wsrmcab HTTP/1.1" 200 37552
201.245.192.253 - - [07/Dec/2023:03:30:32 -0500] "POST /kwsrmcab/Wsrmcab HTTP/1.1" 200 36198
216.244.66.195 - - [07/Dec/2023:03:30:41 -0500] "GET /transparencia/directorioservidores/2018/octubre.xlsx HTTP/1.1" 404 1018
172.22.2.4 - - [07/Dec/2023:03:30:24 -0500] "HEAD /BLA/boletinlegal/ HTTP/1.1" 200 -
172.22.2.4 - - [07/Dec/2023:03:31:15 -0500] "GET /BLA/boletinlegal/ HTTP/1.1" 200 58644
201.245.192.253 - - [07/Dec/2023:03:32:57 -0500] "POST /kwsrmcab/Wsrmcab  HTTP/1.1" 200 41806
216.245.221.92 - - [07/Dec/2023:03:33:02 -0500] "HEAD / HTTP/1.1" 200 -
51.222.253.13 - - [07/Dec/2023:03:33:30 -0500] "GET /portaldeninos/aire/ HTTP/1.1" 200 88215
51.222.253.19 - - [07/Dec/2023:03:33:31 -0500] "GET /portaldeninos/aula-ambiental-artistica-itinerante-auambari/ HTTP/1.1" 200 89306
51.222.253.20 - - [07/Dec/2023:03:33:33 -0500] "GET /portaldeninos/aulas-ambientales-2/parque-ecologico-distrital-de-montana-entrenubes/ HTTP/1.1" 200 90406
51.222.253.1 - - [07/Dec/2023:03:33:33 -0500] "GET /portaldeninos/aulas-ambientales/ HTTP/1.1" 200 88416
51.222.253.11 - - [07/Dec/2023:03:33:35 -0500] "GET /portaldeninos/aulas-ambientales/aula-ambiental-sorotama/ HTTP/1.1" 200 89596
51.222.253.9 - - [07/Dec/2023:03:33:36 -0500] "GET /portaldeninos/corresponsal-ambiental/ HTTP/1.1" 200 93768
51.222.253.1 - - [07/Dec/2023:03:33:37 -0500] "GET /portaldeninos/fauna/ HTTP/1.1" 200 88429
51.222.253.18 - - [07/Dec/2023:03:33:38 -0500] "GET /portaldeninos/humedal-capellania-2/ HTTP/1.1" 200 87949
51.222.253.2 - - [07/Dec/2023:03:33:40 -0500] "GET /portaldeninos/humedal-cordoba-2/ HTTP/1.1" 200 88041
51.222.253.17 - - [07/Dec/2023:03:33:41 -0500] "GET /portaldeninos/humedal-el-burro-2/ HTTP/1.1" 200 87926
51.222.253.19 - - [07/Dec/2023:03:33:42 -0500] "GET /portaldeninos/humedal-el-tunjo/ HTTP/1.1" 200 87661
51.222.253.18 - - [07/Dec/2023:03:33:43 -0500] "GET /portaldeninos/humedal-jaboque-2/ HTTP/1.1" 200 87846
51.222.253.3 - - [07/Dec/2023:03:33:45 -0500] "GET /portaldeninos/humedal-juan-amarillo-2/ HTTP/1.1" 200 88155
51.222.253.12 - - [07/Dec/2023:03:33:46 -0500] "GET /portaldeninos/humedal-la-conejera-2/ HTTP/1.1" 200 88020
51.222.253.3 - - [07/Dec/2023:03:33:47 -0500] "GET /portaldeninos/humedal-la-vaca-2/ HTTP/1.1" 200 87837
51.222.253.4 - - [07/Dec/2023:03:33:49 -0500] "GET /portaldeninos/humedal-santa-maria-del-lago/ HTTP/1.1" 200 88988
51.222.253.18 - - [07/Dec/2023:03:33:51 -0500] "GET /portaldeninos/humedal-tibanica-2/ HTTP/1.1" 200 87771
51.222.253.12 - - [07/Dec/2023:03:33:52 -0500] "GET /portaldeninos/humedal-torca-y-guaymaral-2/ HTTP/1.1" 200 88086
51.222.253.16 - - [07/Dec/2023:03:33:52 -0500] "GET /portaldeninos/los-arboles/ HTTP/1.1" 200 87546
51.222.253.4 - - [07/Dec/2023:03:33:55 -0500] "GET /portaldeninos/humedales-ramsar/ HTTP/1.1" 200 89255
51.222.253.20 - - [07/Dec/2023:03:33:56 -0500] "GET /portaldeninos/los-arboles/tips/ HTTP/1.1" 200 87677
51.222.253.18 - - [07/Dec/2023:03:33:58 -0500] "GET /portaldeninos/parque-ecologico-distrital-humedal-santa-maria-del-lago/ HTTP/1.1" 200 90199
51.222.253.12 - - [07/Dec/2023:03:33:58 -0500] "GET /portaldeninos/parque-mirador-de-los-nevados/ HTTP/1.1" 200 89855
51.222.253.16 - - [07/Dec/2023:03:34:00 -0500] "GET /portaldeninos/publicidad/ HTTP/1.1" 200 87569
51.222.253.15 - - [07/Dec/2023:03:34:01 -0500] "GET /portaldeninos/ruido/ HTTP/1.1" 200 88494
51.222.253.1 - - [07/Dec/2023:03:34:01 -0500] "GET /portaldeninos/tipos-de-arboles-en-bogota/ HTTP/1.1" 200 109802
40.77.167.33 - - [07/Dec/2023:03:34:38 -0500] "GET /BLA/resoluciones/Notificaciones/RESOLUCIONES%202023/1423.pdf HTTP/1.1" 200 398367
201.245.192.253 - - [07/Dec/2023:03:36:38 -0500] "POST /kwsrmcab/Wsrmcab HTTP/1.1" 200 37552
201.245.192.253 - - [07/Dec/2023:03:36:41 -0500] "POST /kwsrmcab/Wsrmcab HTTP/1.1" 200 36198
172.22.2.4 - - [07/Dec/2023:03:36:14 -0500] "HEAD /BLA/boletinlegal/ HTTP/1.1" 200 -
201.245.192.253 - - [07/Dec/2023:03:37:56 -0500] "POST /kwsrmcab/Wsrmcab  HTTP/1.1" 200 41806
216.245.221.92 - - [07/Dec/2023:03:38:02 -0500] "HEAD / HTTP/1.1" 200 -
172.22.2.4 - - [07/Dec/2023:03:37:05 -0500] "GET /BLA/boletinlegal/ HTTP/1.1" 200 58294
172.22.2.4 - - [07/Dec/2023:03:39:10 -0500] "GET /BLA/boletinlegal/Directivas/2016/Directiva%20No.%2003%20del%2026%20de%20Julio%20de%202016.pdf HTTP/1.1" 304 -
172.22.2.4 - - [07/Dec/2023:03:39:10 -0500] "GET /BLA/boletinlegal/Circulares/2018/CIRCULAR%20COJUNTA%20042%20DE%202018.pdf HTTP/1.1" 200 515008
201.245.192.253 - - [07/Dec/2023:03:40:21 -0500] "POST /kwsrmcab/Wsrmcab HTTP/1.1" 200 37552
201.245.192.253 - - [07/Dec/2023:03:40:31 -0500] "POST /kwsrmcab/Wsrmcab HTTP/1.1" 200 36198
216.244.66.195 - - [07/Dec/2023:03:42:48 -0500] "GET /robots.txt HTTP/1.1" 404 1018
201.245.192.253 - - [07/Dec/2023:03:42:55 -0500] "POST /kwsrmcab/Wsrmcab  HTTP/1.1" 200 41806
216.245.221.92 - - [07/Dec/2023:03:43:02 -0500] "HEAD / HTTP/1.1" 200 -
162.55.171.138 - - [07/Dec/2023:03:43:29 -0500] "GET / HTTP/1.1" 200 319
162.55.171.138 - - [07/Dec/2023:03:43:30 -0500] "GET / HTTP/1.1" 200 4720
172.22.2.4 - - [07/Dec/2023:03:42:04 -0500] "HEAD /BLA/boletinlegal/ HTTP/1.1" 200 -
172.22.2.4 - - [07/Dec/2023:03:42:54 -0500] "GET /BLA/boletinlegal/ HTTP/1.1" 200 58644
