190.96.187.64 - - [08/Dec/2023:16:08:17 -0500] "POST /sipse/faces/bienvenido.xhtml HTTP/1.1" 200 1471
190.96.187.64 - - [08/Dec/2023:16:08:18 -0500] "POST /sipse/faces/bienvenido.xhtml HTTP/1.1" 200 61639
190.96.187.64 - - [08/Dec/2023:16:08:18 -0500] "GET /sipse/faces/javax.faces.resource/theme.css?ln=primefaces-sipse HTTP/1.1" 304 -
190.96.187.64 - - [08/Dec/2023:16:08:18 -0500] "GET /sipse/faces/javax.faces.resource/primefaces.css?ln=primefaces&v=4.0 HTTP/1.1" 304 -
190.96.187.64 - - [08/Dec/2023:16:08:18 -0500] "GET /sipse/faces/javax.faces.resource/layout/layout.css?ln=primefaces&v=4.0 HTTP/1.1" 304 -
190.96.187.64 - - [08/Dec/2023:16:08:18 -0500] "GET /sipse/faces/javax.faces.resource/jquery/jquery.js?ln=primefaces&v=4.0 HTTP/1.1" 304 -
190.96.187.64 - - [08/Dec/2023:16:08:18 -0500] "GET /sipse/faces/javax.faces.resource/jquery/jquery-plugins.js?ln=primefaces&v=4.0 HTTP/1.1" 304 -
190.96.187.64 - - [08/Dec/2023:16:08:18 -0500] "GET /sipse/faces/javax.faces.resource/primefaces.js?ln=primefaces&v=4.0 HTTP/1.1" 304 -
190.96.187.64 - - [08/Dec/2023:16:08:19 -0500] "GET /sipse/faces/javax.faces.resource/layout/layout.js?ln=primefaces&v=4.0 HTTP/1.1" 304 -
190.96.187.64 - - [08/Dec/2023:16:08:19 -0500] "POST /sipse/faces/presentacion/financiero/solicitudProceso/listarSolicitudProceso.xhtml HTTP/1.1" 200 1564
190.96.187.64 - - [08/Dec/2023:16:08:23 -0500] "POST /sipse/faces/presentacion/financiero/solicitudProceso/listarSolicitudProceso.xhtml HTTP/1.1" 200 31961
190.96.187.64 - - [08/Dec/2023:16:08:34 -0500] "POST /sipse/faces/presentacion/financiero/solicitudProceso/listarSolicitudProceso.xhtml HTTP/1.1" 200 31954
190.96.187.64 - - [08/Dec/2023:16:08:35 -0500] "GET /sipse/faces/javax.faces.resource/images/ui-icons_898989_256x240.png?ln=primefaces-aristo HTTP/1.1" 304 -
191.95.48.184 - - [08/Dec/2023:16:08:35 -0500] "GET /sipse/faces/javax.faces.resource/images/ui-bg_flat_0_2d5972_40x100.png?ln=primefaces-aristo HTTP/1.1" 304 -
191.95.48.184 - - [08/Dec/2023:16:08:35 -0500] "POST /sipse/faces/presentacion/financiero/solicitudProceso/consultarSolicitudProceso.xhtml HTTP/1.1" 200 6769
191.95.48.184 - - [08/Dec/2023:16:08:36 -0500] "GET /sipse/faces/javax.faces.resource/messages/messages.png?ln=primefaces&v=4.0 HTTP/1.1" 304 -
191.95.48.184 - - [08/Dec/2023:16:08:39 -0500] "POST /sipse/faces/presentacion/financiero/solicitudProceso/consultarSolicitudProceso.xhtml HTTP/1.1" 200 53087
190.96.187.64 - - [08/Dec/2023:16:08:42 -0500] "POST /sipse/faces/presentacion/financiero/solicitudProceso/listarSolicitudProceso.xhtml HTTP/1.1" 200 113371
190.96.187.64 - - [08/Dec/2023:16:08:44 -0500] "GET /sipse/faces/javax.faces.resource/theme.css?ln=primefaces-sipse HTTP/1.1" 304 -
190.96.187.64 - - [08/Dec/2023:16:08:44 -0500] "GET /sipse/faces/javax.faces.resource/primefaces.css?ln=primefaces&v=4.0 HTTP/1.1" 304 -
190.96.187.64 - - [08/Dec/2023:16:08:44 -0500] "GET /sipse/faces/javax.faces.resource/layout/layout.css?ln=primefaces&v=4.0 HTTP/1.1" 304 -
191.95.48.184 - - [08/Dec/2023:16:08:44 -0500] "GET /sipse/faces/javax.faces.resource/jquery/jquery.js?ln=primefaces&v=4.0 HTTP/1.1" 304 -
190.96.187.64 - - [08/Dec/2023:16:08:44 -0500] "GET /sipse/faces/javax.faces.resource/jquery/jquery.js?ln=primefaces&v=4.0 HTTP/1.1" 304 -
190.96.187.64 - - [08/Dec/2023:16:08:44 -0500] "GET /sipse/faces/javax.faces.resource/jquery/jquery-plugins.js?ln=primefaces&v=4.0 HTTP/1.1" 304 -
191.95.48.184 - - [08/Dec/2023:16:08:44 -0500] "GET /sipse/faces/javax.faces.resource/jquery/jquery-plugins.js?ln=primefaces&v=4.0 HTTP/1.1" 304 -
190.96.187.64 - - [08/Dec/2023:16:08:44 -0500] "GET /sipse/faces/javax.faces.resource/primefaces.js?ln=primefaces&v=4.0 HTTP/1.1" 304 -
190.96.187.64 - - [08/Dec/2023:16:08:44 -0500] "GET /sipse/faces/javax.faces.resource/layout/layout.js?ln=primefaces&v=4.0 HTTP/1.1" 304 -
191.95.48.184 - - [08/Dec/2023:16:08:44 -0500] "GET /sipse/faces/javax.faces.resource/primefaces.js?ln=primefaces&v=4.0 HTTP/1.1" 304 -
191.95.48.184 - - [08/Dec/2023:16:08:44 -0500] "GET /sipse/faces/javax.faces.resource/layout/layout.js?ln=primefaces&v=4.0 HTTP/1.1" 304 -
190.96.187.64 - - [08/Dec/2023:16:08:44 -0500] "GET /sipse/faces/javax.faces.resource/dynamiccontent.properties?ln=primefaces&pfdrid=XjOR5%2F%2FfPAZAuY9TpWQeCiM0BhlXxYRBGKi%2FQcXXfeA%3D&pfdrid_c=false HTTP/1.1" 500 383
191.95.48.184 - - [08/Dec/2023:16:08:45 -0500] "POST /sipse/faces/presentacion/financiero/solicitudProceso/listarSolicitudProceso.xhtml HTTP/1.1" 200 1496
190.96.187.64 - - [08/Dec/2023:16:09:57 -0500] "POST /sipse/faces/presentacion/financiero/solicitudProceso/consultarSolicitudProceso.xhtml HTTP/1.1" 200 1046931
190.96.187.64 - - [08/Dec/2023:16:09:59 -0500] "POST /sipse/faces/presentacion/financiero/solicitudProceso/consultarSolicitudProceso.xhtml HTTP/1.1" 200 310279
190.96.187.64 - - [08/Dec/2023:16:10:02 -0500] "POST /sipse/faces/presentacion/financiero/solicitudProceso/consultarSolicitudProceso.xhtml HTTP/1.1" 200 2143282
190.96.187.64 - - [08/Dec/2023:16:10:09 -0500] "POST /sipse/faces/presentacion/financiero/solicitudProceso/consultarSolicitudProceso.xhtml HTTP/1.1" 200 5469
190.96.187.64 - - [08/Dec/2023:16:10:09 -0500] "GET /sipse/faces/javax.faces.resource/dynamiccontent.properties?ln=primefaces&pfdrid=XjOR5%2F%2FfPAZAuY9TpWQeCiM0BhlXxYRBGKi%2FQcXXfeA%3D&pfdrid_c=false HTTP/1.1" 200 117326
186.102.18.192 - - [08/Dec/2023:16:10:14 -0500] "GET /kwssiamovil/sm/acme/a?s=U2FsdGVkX1/Hh4oQsKYbeBA1sr4Z4Qs9uM7g6fpLkGO/O3SfmY8pu/IgGAJYA9hPwnB1pCaO00lCFoUbEhG8iEbKqZr/g9VToFZ37J7A1xESgLymk+gYgO5dpivQTmWHdPVfRq8Pb2jcwKO2gpLm2MnK7pevj5cJRJbv8tFG6heVWtBcvNbvKQdE4FVABXoRMI/In41r3JaczfJevso//9/gz+BHyImNA0TZmgqsYoBAqgunSwLB8SzaUCGrr2y8Bno3/0JcQQ6ocwvPQ2c+pw==&u=U2FsdGVkX1/OSL0Fsmyhw9Yz0RjN8Gg//XbWZRM0GGU=&y=U2FsdGVkX1/70CE3imLX7Z+Jnzt0tfv6WMG9T6HugxjSqI8hKc00q/GEbLcDlteB HTTP/1.1" 200 26
186.102.18.192 - - [08/Dec/2023:16:10:14 -0500] "GET /kwssiamovil/sm/acme/a?s=U2FsdGVkX18kehiSzt2qzoog+u8jlvgYcVEmr8zo++oFm+b8JwYDFytF9haa0dMmwZWtcFmjzOdV1RrOfgb/fre30tbMaAnF507WEybsLOvLRvFkDnn3MjTs/QCmm/a1rzwCby3Fkgi9N9CoMSEJUnCUhhB8i2Nh1KsfvxihuXi5XXdg5V3Uk7zW4e6CiEfkMPBuYOjCVn+j497kvw6eESYP+lchT4IvkLkpBohqYyrJkNuE0lIkxSrcER8OLE9x0b1tEDiK6/u98S+Spo72VtDtvmpu5pAGqxxzvE8/EHQg5fKJYnmATJAd7TBhgpU9fZBxYflLPC9mGYR8Ws9FTknPO122uGuT2s3w0LaXfUVACyduu34mx3aE3KrCniQsUEoBYB6HCql4VXJEdzuICspdwW+W9XPpKSPVUjA+nQVQq57jcRrozxY6ED6mtHKSEhCigqvhwF1HAmJ0vD9wtgSRtM5VHgcepjMD9pMWme8V9RdzSidjI8vonzZA2B6OpusMPEOxjNUFoTrwQIgSW97V1tiKJNg1WllIHRYOUDvnYPg2Ooqu3fWYn191iGxxfu1jd8LV2NOLnPRlZBghAwznwKq/icszvIaFEVaIUejPbRo5FMk1vwHPRrlKmBs2sqAaazf48ZwcIRnmDRh8HpTDSK9VE9Supwrjuay2+8vH6M+WwqmujroTqrRg8SookoOtxIYhEmbBMUU6ZqDEqzacvxQcksXwZpb5iD2o/Sb0ucp/fiAeFyFyfaG+kSP5HeXHqyT/7wubuDfKBvg5FlA76LBjZnDZGvIQv5SOXCDxWCilzZepOi4KsyYUizZvceagc2smac5geHdne7hAQoMHHn6GpJtKo0PIFxHuDe90KJh9mZZFNv2YgyV+DWALfbL5NFQJfA7NyJH335/n3WxAdX7VvRkTlXMYoLwl63xpX4Sjk832p6n06RQZ3BXA4HoO9cJz7Q7pnAPaCJ6mDR9ePRFvQ5+03+di8qCLQy/iUn64RUHMkutpT6VvjvEAyGRxhGFGhYZ0Fw5te7FrsXQWMCz0Qd+mzva1owSf9/XEzNgotiEWRkA2/SAfFqePGf9TFZ0FN6VYacM0lsn/KmMLnnAWRSwvZHhdK+gsA+WP4SxPY1GzhzLVNvaAY16qvRpbTcX35iJBIw/Kv9AqaCvqeKBY0E5gasuXZlCc9iZUbIgmOtevSzzliwaGWpQoIlDFNci1ja42A6HpYC9ZUf1eILD+hr6pehKFTuiEzbtlACEwKINn3KbdILZnJH/uf7FYnTqtLoVv4hUXtmWWbK+8HZwLMaySoIu1VBstyJ2LmotjUpLRTtsooOkVrrSM/0gnN9yPszBrOBVQZlyMGhsOIZljwuzGwmCUQgZfy95flWueV1SuJkMMuA2IzUAk6gUENhlNn/oGZjURB8bjMGFiODixuj2KjD9H9zF/9RRuqd+guq6ofgnG+AY2RkTIELcJidXWfS7t4//BFtqcOb6/gbFX8lOfEp/cwuHiP90qrEorBI5dYrJUDLz+L3HLrRdxqOAs0ttpy9Hgcwi6YecuqoVwxGICVw0AKVmglA/F9QS8CZZ5G/WKTZ9TMGX70499vafMhY2TkU+dkBBzsNsyUKHerkmW9cJnFmJUbPhgq1E6ge2d1g0u3zW8MmZ4agia2xlzG+59P1pBTVi8d4exro/P89DViSuN76d1OBw1EyKKa1uXbaEYO7zK0iDg2yKHvKAmnjLV1P8ynJKLfX5Gac1rujh9XXBlUu9sL1g5rrfbcBWs0R+xkNikAw2HejBQiCq3PMafulO0ujW2p2TcOkiV4Sz5XKsImToAG7A9EWqo4m+p+LDxHstn5If9utY5zZodwHbS9FC6KxfYe9Swox2UrS41L2wyAOMHWTqk0PpYfLWLrN3seYMAQj+PNQ/79jGq9h7WpZmlELk9LEdgA5Cy56t+IjWfYxT4D/g=&u=U2FsdGVkX1/OSL0Fsmyhw9Yz0RjN8Gg//XbWZRM0GGU=&y=U2FsdGVkX1/70CE3imLX7Z+Jnzt0tfv6WMG9T6HugxjSqI8hKc00q/GEbLcDlteB HTTP/1.1" 200 26
186.102.18.192 - - [08/Dec/2023:16:10:15 -0500] "GET /kwssiamovil/sm/acme/a?s=U2FsdGVkX19RQBgA2nsgmWfBGj05gKQh7oCqD9JLTpY2oZbOkHMuqU7Iv7eI3HBOoxgVCad9QTeD3GYfRhN8hWiJSXBwXU0vEIB+lVA36L4iur34kCofaXEWDDjpDdgHtseRcL1DayA6QFOj4s727Rc2jlSrnATAY0lLhNDj78A=&u=U2FsdGVkX1/OSL0Fsmyhw9Yz0RjN8Gg//XbWZRM0GGU=&y=U2FsdGVkX1/70CE3imLX7Z+Jnzt0tfv6WMG9T6HugxjSqI8hKc00q/GEbLcDlteB HTTP/1.1" 200 26
186.102.18.192 - - [08/Dec/2023:16:10:15 -0500] "GET /kwssiamovil/sm/acme/a?s=U2FsdGVkX18uGCFJfNzA/M7a3mMlj3Fvmu9Y574cWh/eDGEZGbRxhNWH1aN6XgyjpQALhDH3ohWtzEReS9HUmXk8ib4/eSnd/ME7Jkn2Vhbb5apS/a5MqM/YptHsz5gQ8rdeXIWW4l32nZnIiP9iSnTQ7YkbdKLLrNnaBaPfluc=&u=U2FsdGVkX1/OSL0Fsmyhw9Yz0RjN8Gg//XbWZRM0GGU=&y=U2FsdGVkX1/70CE3imLX7Z+Jnzt0tfv6WMG9T6HugxjSqI8hKc00q/GEbLcDlteB HTTP/1.1" 200 26
186.102.18.192 - - [08/Dec/2023:16:10:15 -0500] "GET /kwssiamovil/sm/acme/a?s=U2FsdGVkX1//fjPx8rqFwcq4JE5g01TaQg7iZ1HmQ9WArSAgqNF24mkmc4YCROSVYRU/mdlQ34xO3D9TUWJLaRYecfzwLhL80t1J5QGTGQeWUthntRjkM8fkej0ql08jZPE8S9JrK+owOiUS5NY5L6dqnHAuSfEUiGARt0aTuOQ=&u=U2FsdGVkX1/OSL0Fsmyhw9Yz0RjN8Gg//XbWZRM0GGU=&y=U2FsdGVkX1/70CE3imLX7Z+Jnzt0tfv6WMG9T6HugxjSqI8hKc00q/GEbLcDlteB HTTP/1.1" 200 26
186.102.18.192 - - [08/Dec/2023:16:10:15 -0500] "GET /kwssiamovil/sm/acme/a?s=U2FsdGVkX1+j7FZ/evo+Zi4kglIlYS+v6c/kib7XSPamUtd13yzsYm7bwwT8YBlzbzjSOC3CoamF0Wshx69OPTKgZUnYKHKdRUjH9hm5gQkUbjf7/y7dVkGZV5AYZbYMkkv7v3zzBRRUH/pf3CTMC3xcGsU35Xwunh4CLZf8Ik8Jya/Dn6tKHvOUT/YCjMSObQYP+UxX4R/SiHMulSqhmw==&u=U2FsdGVkX1/OSL0Fsmyhw9Yz0RjN8Gg//XbWZRM0GGU=&y=U2FsdGVkX1/70CE3imLX7Z+Jnzt0tfv6WMG9T6HugxjSqI8hKc00q/GEbLcDlteB HTTP/1.1" 200 26
47.100.221.7 - - [08/Dec/2023:16:10:19 -0500] "GET http://190.27.245.106:80/php-myadmin/scripts/setup.php HTTP/1.0" 404 1018
47.100.221.7 - - [08/Dec/2023:16:10:21 -0500] "GET http://190.27.245.106:80/phpmy-admin/scripts/setup.php HTTP/1.0" 404 1018
47.100.221.7 - - [08/Dec/2023:16:10:21 -0500] "GET http://190.27.245.106:80/mysql-admin/scripts/setup.php HTTP/1.0" 404 1018
52.167.144.204 - - [08/Dec/2023:16:10:27 -0500] "GET /BLA/resoluciones/RESOLUCIONES%202021/3110.pdf HTTP/1.1" 200 344551
201.245.192.253 - - [08/Dec/2023:16:10:52 -0500] "POST /kwsrmcab/Wsrmcab  HTTP/1.1" 200 41806
51.222.253.18 - - [08/Dec/2023:16:10:56 -0500] "GET /robots.txt HTTP/1.1" 404 1018
173.252.87.4 - - [08/Dec/2023:16:11:06 -0500] "GET /images/mercados-campesinos-5-mayo.jpg HTTP/1.1" 200 95848
172.22.2.4 - - [08/Dec/2023:16:09:43 -0500] "HEAD /BLA/boletinlegal/ HTTP/1.1" 200 -
191.95.48.184 - - [08/Dec/2023:16:11:29 -0500] "POST /sipse/faces/presentacion/financiero/solicitudProceso/listarSolicitudProceso.xhtml HTTP/1.1" 200 911
191.95.48.184 - - [08/Dec/2023:16:11:30 -0500] "GET /sipse/faces/presentacion/sistema/anexos/faces/autenticacion HTTP/1.1" 302 -
191.95.48.184 - - [08/Dec/2023:16:11:30 -0500] "GET /sipse/faces/autenticacion.xhtml HTTP/1.1" 200 12414
191.95.48.184 - - [08/Dec/2023:16:11:30 -0500] "GET /sipse/faces/javax.faces.resource/theme.css?ln=primefaces-sipse HTTP/1.1" 304 -
191.95.48.184 - - [08/Dec/2023:16:11:30 -0500] "GET /sipse/faces/javax.faces.resource/jquery/jquery.js?ln=primefaces&v=4.0 HTTP/1.1" 304 -
191.95.48.184 - - [08/Dec/2023:16:11:30 -0500] "GET /sipse/faces/javax.faces.resource/layout/layout.css?ln=primefaces&v=4.0 HTTP/1.1" 304 -
191.95.48.184 - - [08/Dec/2023:16:11:30 -0500] "GET /sipse/faces/javax.faces.resource/primefaces.css?ln=primefaces&v=4.0 HTTP/1.1" 304 -
191.95.48.184 - - [08/Dec/2023:16:11:30 -0500] "GET /sipse/faces/javax.faces.resource/primefaces.js?ln=primefaces&v=4.0 HTTP/1.1" 304 -
191.95.48.184 - - [08/Dec/2023:16:11:30 -0500] "GET /sipse/faces/javax.faces.resource/jquery/jquery-plugins.js?ln=primefaces&v=4.0 HTTP/1.1" 304 -
191.95.48.184 - - [08/Dec/2023:16:11:30 -0500] "GET /sipse/faces/javax.faces.resource/layout/layout.js?ln=primefaces&v=4.0 HTTP/1.1" 304 -
191.95.48.184 - - [08/Dec/2023:16:11:31 -0500] "GET /sipse/faces/javax.faces.resource/images/ui-icons_898989_256x240.png?ln=primefaces-aristo HTTP/1.1" 304 -
191.95.48.184 - - [08/Dec/2023:16:11:33 -0500] "POST /sipse/faces/autenticacion.xhtml HTTP/1.1" 200 2224
191.95.48.184 - - [08/Dec/2023:16:11:33 -0500] "GET /sipse/faces/javax.faces.resource/messages/messages.png?ln=primefaces&v=4.0 HTTP/1.1" 304 -
191.95.48.184 - - [08/Dec/2023:16:11:34 -0500] "POST /sipse/faces/autenticacion.xhtml HTTP/1.1" 200 16481
191.95.48.184 - - [08/Dec/2023:16:11:34 -0500] "GET /sipse/faces/javax.faces.resource/jquery/jquery.js?ln=primefaces&v=4.0 HTTP/1.1" 304 -
191.95.48.184 - - [08/Dec/2023:16:11:34 -0500] "GET /sipse/faces/javax.faces.resource/jquery/jquery-plugins.js?ln=primefaces&v=4.0 HTTP/1.1" 304 -
191.95.48.184 - - [08/Dec/2023:16:11:34 -0500] "GET /sipse/faces/javax.faces.resource/primefaces.js?ln=primefaces&v=4.0 HTTP/1.1" 304 -
191.95.48.184 - - [08/Dec/2023:16:11:35 -0500] "GET /sipse/faces/javax.faces.resource/layout/layout.js?ln=primefaces&v=4.0 HTTP/1.1" 304 -
191.95.48.184 - - [08/Dec/2023:16:11:36 -0500] "GET /sipse/faces/javax.faces.resource/images/ui-bg_flat_0_2d5972_40x100.png?ln=primefaces-aristo HTTP/1.1" 304 -
191.95.48.184 - - [08/Dec/2023:16:11:36 -0500] "POST /sipse/faces/bienvenido.xhtml HTTP/1.1" 200 2658
191.95.48.184 - - [08/Dec/2023:16:11:38 -0500] "POST /sipse/faces/bienvenido.xhtml HTTP/1.1" 200 64736
191.95.48.184 - - [08/Dec/2023:16:11:40 -0500] "GET /sipse/faces/javax.faces.resource/jquery/jquery.js?ln=primefaces&v=4.0 HTTP/1.1" 304 -
191.95.48.184 - - [08/Dec/2023:16:11:40 -0500] "GET /sipse/faces/javax.faces.resource/jquery/jquery-plugins.js?ln=primefaces&v=4.0 HTTP/1.1" 304 -
191.95.48.184 - - [08/Dec/2023:16:11:41 -0500] "GET /sipse/faces/javax.faces.resource/primefaces.js?ln=primefaces&v=4.0 HTTP/1.1" 304 -
191.95.48.184 - - [08/Dec/2023:16:11:41 -0500] "GET /sipse/faces/javax.faces.resource/layout/layout.js?ln=primefaces&v=4.0 HTTP/1.1" 304 -
191.95.48.184 - - [08/Dec/2023:16:11:41 -0500] "POST /sipse/faces/presentacion/financiero/solicitudProceso/listarSolicitudProceso.xhtml HTTP/1.1" 200 1564
191.95.48.184 - - [08/Dec/2023:16:11:43 -0500] "POST /sipse/faces/presentacion/financiero/solicitudProceso/listarSolicitudProceso.xhtml HTTP/1.1" 200 13895
191.95.48.184 - - [08/Dec/2023:16:11:48 -0500] "POST /sipse/faces/presentacion/financiero/solicitudProceso/listarSolicitudProceso.xhtml HTTP/1.1" 200 32641
40.77.167.55 - - [08/Dec/2023:16:11:59 -0500] "GET /en-bosa-distrito-inicio-la-consolidacion-de-las-zonas-urbanas-por-un-mejor-aire.html HTTP/1.1" 200 942
191.95.48.184 - - [08/Dec/2023:16:11:59 -0500] "POST /sipse/faces/presentacion/financiero/solicitudProceso/listarSolicitudProceso.xhtml HTTP/1.1" 200 105369
191.95.48.184 - - [08/Dec/2023:16:12:00 -0500] "GET /sipse/faces/javax.faces.resource/jquery/jquery.js?ln=primefaces&v=4.0 HTTP/1.1" 304 -
191.95.48.184 - - [08/Dec/2023:16:12:00 -0500] "GET /sipse/faces/javax.faces.resource/jquery/jquery-plugins.js?ln=primefaces&v=4.0 HTTP/1.1" 304 -
191.95.48.184 - - [08/Dec/2023:16:12:00 -0500] "GET /sipse/faces/javax.faces.resource/primefaces.js?ln=primefaces&v=4.0 HTTP/1.1" 304 -
191.95.48.184 - - [08/Dec/2023:16:12:00 -0500] "GET /sipse/faces/javax.faces.resource/layout/layout.js?ln=primefaces&v=4.0 HTTP/1.1" 304 -
191.95.48.184 - - [08/Dec/2023:16:12:01 -0500] "GET /sipse/faces/javax.faces.resource/dynamiccontent.properties?ln=primefaces&pfdrid=XjOR5%2F%2FfPAZAuY9TpWQeCiM0BhlXxYRBGKi%2FQcXXfeA%3D&pfdrid_c=false HTTP/1.1" 500 383
172.22.2.4 - - [08/Dec/2023:16:10:34 -0500] "GET /BLA/boletinlegal/ HTTP/1.1" 200 57881
40.77.167.254 - - [08/Dec/2023:16:12:54 -0500] "GET /BLA/resoluciones/AUTOS%202017/3239.pdf HTTP/1.1" 200 270672
216.245.221.92 - - [08/Dec/2023:16:12:56 -0500] "HEAD / HTTP/1.1" 200 -
186.102.32.208 - - [08/Dec/2023:16:13:38 -0500] "OPTIONS /kwssiamovil/sm/setfile/f? HTTP/1.1" 200 13
172.22.2.4 - - [08/Dec/2023:16:12:03 -0500] "GET /BLA/boletinlegal/ HTTP/1.1" 200 62379
186.102.32.208 - - [08/Dec/2023:16:13:38 -0500] "POST /kwssiamovil/sm/setfile/f? HTTP/1.1" 200 381
186.102.32.208 - - [08/Dec/2023:16:13:54 -0500] "GET /kwssiamovil/sm/acme/a?s=U2FsdGVkX19a/BPIAaK2emnRJvd5uK4sHElPvnZX8jffa863VPER+1Z6NZPb297i5zs//pt0qWUVTiDL+G/+RxXV8vYZU+PECgj/OJlQBbPMZ+Uuz2K56NTq08zAbOqyFL2nut8kQZY5mpMhHDvfTtlOtzAkDDdcrDm8PNywAjd9UAYmB2sb4BF5wapfxd9NN+W2iUlMX3mHI6ZakGpwe5sgASwC8nXfVMbAQ4JI/UnipWhRQV7wIUV74/4suRtaCwr8JkTotRSzr4XRlfIx4w==&u=U2FsdGVkX19w7Pks4jdk+Eog+7iHk3E7NS8ODbmw9ms=&y=U2FsdGVkX18pkKAum408xsGoE5mIf6VkEIl2kwVEMFLODebjkeRDhHGR16ABq/+6 HTTP/1.1" 200 26
186.102.32.208 - - [08/Dec/2023:16:13:54 -0500] "GET /kwssiamovil/sm/acme/a?s=U2FsdGVkX1+tOAwWcDRYPlrGgA5LJyDzJqPRhLAfmgTI11n5k0WBi267RmR2bHW3LidNChyV9EwEzNRM0hxZZ/7rP9/KACk8MRIEXb1jbGK8UAt5iLwnhHgloHs1YAWZXZUZzjldX/sCzrz9rfbpIihfQAQn3w+iYykeH5jPp1mxaKVs/qY9O4ycv99AeTV/0fM/msZAwzwjQFmuOVBGLH8YqV5Nf48w3aGOfz54dQaPai7l0BCiJ02CmgIYY+JjaSrypbz6VQjkDSJqbABiDvkz04rbxJ2YxP6LkPgeqwzuB+Ev2CMapvnahrUEpobLigbcGkiBXOKNsdgShatJBjdLQO0HH/dF7msvuTSRIzW+2kEN9fxIJAR0OmNY+l1AkCj52UCkAeTfqMLoUi9gLXCf1kG9dWId2OQSQaGWWm8hRXc6dkCl3wbEiYSHhwgi9YIRNI1t/zmm89Ttr06yKYHIkwPovmYvZcrReVvXvtjiG+tQYGLGkK4i+5m10ZzX+wxFVsQ0UR30cUYXjq3WKWKlC2wlwUYjZ1XiAejPcHlGa4rsW7uxCxmd/IdYyNxMJVWp0/RNjp/jyOyIosfbV4qcL3LV7XtuP3+Zj7Lv2YjMOEmDvYMtNSkHL5qW/T+nU+5Yh9YzKmhwvkr7FpRp1pdsCbGHeQbSYjl94WMUyb3/w7/ZAAevDKxwcSyO5v+M3jSapEKuWK8QCMxrazUji7vlUUZR5yg9McVPwqfuTsQ2+4grcuKnS28OOnqZNxQk09C7ATcf6dfrI7jXH1yLXH7PVnxKZUhbr5rwr4wwUR/LzeDnF73dAv8PavHWV/N0WTPyaBGRbgDxhPHa97UOpuGrTnGJbCb97F5Hk9K2LUBV/9aZN2Su6k6zrAvzJs7eI4LM+SHWeEnPHsSUUOGy1trb2lPeswW0gjeCnOygF47ryLLHVQhKkC02X1EqPfDyt7k0KaSMIS+qEU6Et9csEoGG/xFDaq881Q/xz/MJMINlvgOoHjKWo+C4uM8cOHHu0nEELkPBrT+/S3jqcvpTdM7U59l1tMbSYvj2lYPuKnFRkY4dUFjfSz6M90pv7LYRnaQ95BWSlptOnWjNsPfF98sLMh5H81WgmxvwlYUeyOlJDt93UBJ7g/OFoxhTSkCv0nEaCy9xdu209m0FodcKpQPrGs7G4bdCgBRXHherTeUdqBcXWCMvmjJ3RdDIE3wXLv56ol5p87/f/0dn4wnq+nSBftdsuSyH+w5EZjEXjpeOs4DOjj7VWCNEQJ/rR5j7IgZscazmkCTymgECAcVylNquDIVAkltbSD8wFjP7M062WmQlXzXRx/ebwejH06FzPZzNfvgEMFTMowY7cW65Ikvl5gdIPVM51928nSl+NjEOBpa47x+OCyFMdsatZ0XoF8G3dlr0XSunjzqQEsxfUhIGuz1MsDhEWwsgnqiqoL3hYd1CtzVVZo/mN7/0XE4CsGqIuErthc0OHiS/rpyE/D+Gu6y15eeqG+DjH1U54JloLzUvySabI+MCewLXw22+mp4jFhR5h6gqTONwAN3Eg7e+CHuDnMnTApwQYbuVlXOqHYhcCIZrUfEOUmDkaciR4LRkP6019tMdp5lB2mCQGSjygrot/8JAj+Js3vM0JNomzuN1CMsI1Er8J4r70l4TOYrJ0Yb7wT0KqMzesjuiye4aFHXG1jzeHKizft1Oz6an8EFxDd6YoMQGyavvwpt1tqgmaoOcbBt72ZRlQkKqEAW5dioq7ycnY3TntBorCqcdnrvx/Dzl7wnuBK5dMTkQQklNGI60FdZHsZtMM+QGPGNUdF9KszYWFe7clow+yuzWgHGlsuffa/yVmVhVVL74ifqLyPRMJ8VnNanmrDoObNNYxNAGBnTQPmN3g8iWyrjX45kJUlEKp/J6DyIIt0s4uJwX0ImAPvBJJBFzRdoAcWJV+DVtLy+J9rY7XuT8iGBbHvmZYM8Bb0NTH2L4MZz4+BZy42VYYHECxTWUQYRCdgd53H55PdJMp/8f7IzF0sYnna4YKjm1zaF+3xJW8Br9EPnzwg6bRj+kHCQ5cCxdIK+lPzNcN8wtv95ZXGPWNkZCRGDvkS6zHezo6DAAxbCEYOSVSFC3UWjqn72p8OdJx9hJeN8ao6eh+oTv+A8v/FBpAiBkXhY8f+qEYGTQFSCQH/ZjnNZZgc1pN1Db3hTNPZxfHSJjETUOkT4OUEvm/UY=&u=U2FsdGVkX19w7Pks4jdk+Eog+7iHk3E7NS8ODbmw9ms=&y=U2FsdGVkX18pkKAum408xsGoE5mIf6VkEIl2kwVEMFLODebjkeRDhHGR16ABq/+6 HTTP/1.1" 200 26
186.102.32.208 - - [08/Dec/2023:16:13:55 -0500] "GET /kwssiamovil/sm/acme/a?s=U2FsdGVkX1+JzIVQBEOYl1woSnvdzChjjwMIEHlrRv7IbnP/Lwd+p3dlHv0KMSiDst833uqwMCZye6vBS4OHrKcjcwQwsWJR1dELu9rw2FSqUMS2MQYQmTvxRzLiucfaIqBMP9hD+c2htRMtIzU8RAA7WQHhL/pgeifRjfb7vDs=&u=U2FsdGVkX19w7Pks4jdk+Eog+7iHk3E7NS8ODbmw9ms=&y=U2FsdGVkX18pkKAum408xsGoE5mIf6VkEIl2kwVEMFLODebjkeRDhHGR16ABq/+6 HTTP/1.1" 200 26
186.102.32.208 - - [08/Dec/2023:16:13:55 -0500] "GET /kwssiamovil/sm/acme/a?s=U2FsdGVkX195eVP24DyhcKTT+8QMqts7w6SN2tb7PZdd6jf6e0+OPbUAVjKPCLigalsPpo5tEhibA7neel2mKodBgyylVwnSv/UFpLOngQXfDSyKwuf5pi0S4HkNdCbCi1QNSuenu6zQq+y1qr9QrIh2jy+4Y4IAEnKoMWqtnd4=&u=U2FsdGVkX19w7Pks4jdk+Eog+7iHk3E7NS8ODbmw9ms=&y=U2FsdGVkX18pkKAum408xsGoE5mIf6VkEIl2kwVEMFLODebjkeRDhHGR16ABq/+6 HTTP/1.1" 200 26
186.102.32.208 - - [08/Dec/2023:16:13:55 -0500] "GET /kwssiamovil/sm/acme/a?s=U2FsdGVkX1/cB2feu/slM46Chc9oMi3+cf5uPb6s3iuyKz3kriO0uDzhwgX1GaK2UfgLHMi53S4QB21TwLd/GVyeCElb4u71YRGvCGrB//Oc6pc68Pboq1tR4s/uuWkS5pkTRqFOQZ7QGciWDjawYj5FXOs5q/Lw9RtBk06789Q=&u=U2FsdGVkX19w7Pks4jdk+Eog+7iHk3E7NS8ODbmw9ms=&y=U2FsdGVkX18pkKAum408xsGoE5mIf6VkEIl2kwVEMFLODebjkeRDhHGR16ABq/+6 HTTP/1.1" 200 26
186.102.32.208 - - [08/Dec/2023:16:13:55 -0500] "GET /kwssiamovil/sm/acme/a?s=U2FsdGVkX1+1/H3CuDEK8F3SSZjV9i2hxg8kLTotcPT6bdXbKE5xsZyULy5nQ+n5x1JX13mqPI8r3Lfi7hPI3Wkql9FHYtKrIS5hHGN2ecFEafmKF+j6O2FYu9IUt1hWyxxK80B91COx8oTDCjKRcKDivBhmwZyjoAD+0Lt0hhkSljDfdUMANS3Kq58dwqkdyWO8OcE5C/DWSP77YA8X0w==&u=U2FsdGVkX19w7Pks4jdk+Eog+7iHk3E7NS8ODbmw9ms=&y=U2FsdGVkX18pkKAum408xsGoE5mIf6VkEIl2kwVEMFLODebjkeRDhHGR16ABq/+6 HTTP/1.1" 200 26
186.102.32.208 - - [08/Dec/2023:16:13:56 -0500] "GET /kwssiamovil/sm/acme/a?s=U2FsdGVkX18nAmUyCKk359FJ924MK2I4QiIPh3/BFYewCZ9Bkxtu3JCjMTeax/2ukuUhbe+I2Gu6H8Qjs3b/w8AZoOthyiTqO3dBU7t21PkNRb01M+b/S8FxBNhYJ4y6i4xOakrG5yquML6ThYsxLYBDLaLlF0Zx/pGUjGUE0qzXKN/1jz2C5L4UvBYvL+xQckMxs+ADMa/YgWcIEtUXSA==&u=U2FsdGVkX19w7Pks4jdk+Eog+7iHk3E7NS8ODbmw9ms=&y=U2FsdGVkX18pkKAum408xsGoE5mIf6VkEIl2kwVEMFLODebjkeRDhHGR16ABq/+6 HTTP/1.1" 200 26
186.102.32.208 - - [08/Dec/2023:16:13:56 -0500] "GET /kwssiamovil/sm/acme/a?s=U2FsdGVkX1+2bUBE2ZQx7/sCZR8FskN3+HPnqXjU4tyfdxw4CFgsx3drbqbetu980qytSikt7CDvwCDz6VjyQuCGaQCfdH1fexYeAalt4zkMkOxawOgjg5M/ME7Oo1v9lCrpj+Rp0sE5Ave6JntY+H0DDzo+Mt966IkNBJMlB3HFI+YC4uDtPfadGlcCjEfUtz2rlSFXqO3DFWWpMHBjcA==&u=U2FsdGVkX19w7Pks4jdk+Eog+7iHk3E7NS8ODbmw9ms=&y=U2FsdGVkX18pkKAum408xsGoE5mIf6VkEIl2kwVEMFLODebjkeRDhHGR16ABq/+6 HTTP/1.1" 200 26
201.245.192.253 - - [08/Dec/2023:16:15:51 -0500] "POST /kwsrmcab/Wsrmcab  HTTP/1.1" 200 41806
201.245.192.253 - - [08/Dec/2023:16:16:31 -0500] "POST /kwsrmcab/Wsrmcab HTTP/1.1" 200 38134
201.245.192.253 - - [08/Dec/2023:16:16:34 -0500] "POST /kwsrmcab/Wsrmcab HTTP/1.1" 200 38635
40.77.167.254 - - [08/Dec/2023:16:16:43 -0500] "GET /BLA/resoluciones/AUTOS%202023/7908.pdf HTTP/1.1" 200 330255
172.22.2.4 - - [08/Dec/2023:16:15:33 -0500] "HEAD /BLA/boletinlegal/ HTTP/1.1" 200 -
216.245.221.92 - - [08/Dec/2023:16:17:56 -0500] "HEAD / HTTP/1.1" 200 -
172.22.2.4 - - [08/Dec/2023:16:16:24 -0500] "GET /BLA/boletinlegal/ HTTP/1.1" 200 60634
52.167.144.18 - - [08/Dec/2023:16:18:52 -0500] "GET /sipse/faces/index.xhtml HTTP/1.1" 200 677
152.203.164.217 - - [08/Dec/2023:16:18:56 -0500] "GET /kwssiamovil/sm/ldap/au?x=U2FsdGVkX1/O0ViwoboNqws7mGOq6HP5tQrLxmQtqAC4yYBYs+FxTmS5kjoP0KjQ&y=U2FsdGVkX1/K4SUjY7xSLgXWsXsfWTPcmltYYUoC/21Rc7KQ3DlP51DQb1eshfjT HTTP/1.1" 200 30
152.203.164.217 - - [08/Dec/2023:16:18:56 -0500] "GET /kwssiamovil/sm/acme/s?s=U2FsdGVkX1/2foyHEnZy7fiWVKe8+KQjKZ91vnea8noYNRyDNX/hUmrHj2CzURLNBzubAqxNgtvTp4ZQfaGB7fBdAhkoxJEjYeCxOFZhlac=&u=U2FsdGVkX1/CC3UmZTvq3GLlLyWkOklSQ/4lmZ4PHkXLO018IIzyi2IPJXEsklHQ&y=U2FsdGVkX1/K4SUjY7xSLgXWsXsfWTPcmltYYUoC/21Rc7KQ3DlP51DQb1eshfjT HTTP/1.1" 200 97
152.203.164.217 - - [08/Dec/2023:16:18:56 -0500] "GET /kwssiamovil/sm/acme/s?s=U2FsdGVkX193i1vWUVcmtVTG9zoqr0n9aa8dI2F6lGFSnQwYT4pn02RQe4lDwiaR3lXdkizR65LRCzjjAC9LhZA1MRL1b3o4UBYuX902xMMypwcLovxXsN61pihdqhs+dT1pOffz69BEqXKlnRIJ03TWCDonsCPqm0KS02d/r9VEsQC8GnrFLGl3v00meNnyGOumHaB59X8d+1QJmBIPsvD0W+C+rTVxtY7cKcBE15ah8DNMl/q8zTEyJgQYKhvPQLOws2a8oJi8e2OB617uD7BgaLgf5EfuqBCB5nYvLRSs843uut0dM1/bpzYLRBqh+aHZfKjiJSWlaCDF9qacKItlwSqo9qGg3Jg7U32LGaVH5Pky3UhRyGFF6Qz4B0pV6uGlGQi1JSrf7V6PVjmLvY2cPQ220EkWDi8gpXtYeb3tt6lXGdtz6WTEdw7U6H8UcNgQYNYiJVDICZxQwDqlFx5nbXZg2aZb/+/puLUzPjvR1XVF0XJQoh7VDj5zrVMIR6QdclM9ltOBw2bLHiofMWBIAa7A6YKG5nvPPCQ8BA0fe3CIGz0b5StwaKwuxoxMTxF52FlfLtGDdOlNZe9+ebTtSZs/XXQ2YZ82j4YIW72kSxbZC8HmpjWCBf4LcD9c90msAay3ltM1BvGQ8dG8IZf/7iQ+vBxtxy2qXRp+OFp8MKme4EvcRiar5OGxCv51Oo92Z4UFuihoQ51VJsh/da69c2nzz6t3y4XanFPmZY8ZbeCfWCrMK/RtPDMjdJg599dgQAN0h69DZOIjPV4eVVJz4r46RI630ru0SVuJP9U1jDB+YEUDQtJG1PSwZemgN3kYo/IxMNbZGd3+GJ28DeCn1WLOmxRl33crt64RPffU1VXo37+duOg8X0xu4dxRLlYzvPwVJa6umvOns3KmgwgPRNPWkBcw2NP3GAi4Cdhw0RfhVgQS9Mx9i3hU/b65qXRWoTfyhg+l9v/q+dErdc+Yg17srgvjdkj1mCpDktnDkcoNr69/8LAyVO+Kcjcn7ZuvKD1/+lCnRoPfGUeKVihr1CyJPs+/YKc1HNXKWCe3MPZ3fBrNrbTASaG2KV4al8kRQMqAMyk7z1K7jaTFcBNeeWPE38sSs2VuUjaGSSrQFg17ZZRn+gljsQvnIqxCTZnE1OTneIZ3x7JwjvcJEb34rOAyBjUmSKoZu+aA0b6zkVdncd/acLE/xX2ZOq284mA2uaaH/z2+++GNvbEhCmWtTe2mP8UKQMBkZc6St2Kle1w8DPsq/Z4/n57p3O97BYM2dG+EAGX8AI+E7yUna9Fw9+pFo0zLlE1RagSxGclOZADrTvqP5m6XVN5gvlDrsoxxA8FdkaKlTdUJLItNxD4GfeDTOk2umlqTB9sIf/umXz5OgvgLLvY40tkuvn5foqLeVfOIvvEXLBa7D/8M9GBG6Z6WZVDLQO6asgyMOBg=&u=U2FsdGVkX1/CC3UmZTvq3GLlLyWkOklSQ/4lmZ4PHkXLO018IIzyi2IPJXEsklHQ&y=U2FsdGVkX1/K4SUjY7xSLgXWsXsfWTPcmltYYUoC/21Rc7KQ3DlP51DQb1eshfjT HTTP/1.1" 200 1707
152.203.164.217 - - [08/Dec/2023:16:18:56 -0500] "GET /kwssiamovil/sm/acme/s?s=U2FsdGVkX1+WDatBcTIKU7bDN8V7EQjlYki+Umf+LXqATSbbhbQDzL7bv1XDrA5XdPKUysMjfFUyyeehjOV+xdHp4UxWWYGYyvimyY5k7vllwqbAVFi3T7lvDl9gSHg/TAG9t8DcoRBBUf2NkyP9SOCtPWjfw4rb7opQWEkir/hTr0SSjvaDLkIl+8tVH0xQiR+pXkRgWsMo53JGeCAEj1CaRrfiArXGZzbZLPVSsWB6Pogb9f7x2NvA74nu+LT8q6RH2Ev6aUbqWfEISNd/9NtFktnFf260J36sGk/Rr6LlRkCRr5kl2gzl/1og5wTwar3+fFH8urswev4yJcC6vkTK5nNBQBR7V7ZSEmIC8xQ=&u=U2FsdGVkX1/CC3UmZTvq3GLlLyWkOklSQ/4lmZ4PHkXLO018IIzyi2IPJXEsklHQ&y=U2FsdGVkX1/K4SUjY7xSLgXWsXsfWTPcmltYYUoC/21Rc7KQ3DlP51DQb1eshfjT HTTP/1.1" 200 196
152.203.164.217 - - [08/Dec/2023:16:18:56 -0500] "GET /kwssiamovil/sm/cjson/pre?f=1&x=U2FsdGVkX1/O0ViwoboNqws7mGOq6HP5tQrLxmQtqAC4yYBYs+FxTmS5kjoP0KjQ HTTP/1.1" 200 31032
50.158.152.202 - - [08/Dec/2023:16:19:10 -0500] "GET http://190.27.245.106:80/phpMyAdmin/scripts/setup.php HTTP/1.0" 403 1165
50.158.152.202 - - [08/Dec/2023:16:19:11 -0500] "GET http://190.27.245.106:80/phpmyadmin/scripts/setup.php HTTP/1.0" 403 1165
50.158.152.202 - - [08/Dec/2023:16:19:11 -0500] "GET http://190.27.245.106:80/phpMyAdmin-2.11.4/scripts/setup.php HTTP/1.0" 403 1165
50.158.152.202 - - [08/Dec/2023:16:19:11 -0500] "GET http://190.27.245.106:80/phpMyAdmin-2.11.3/scripts/setup.php HTTP/1.0" 403 1165
50.158.152.202 - - [08/Dec/2023:16:19:12 -0500] "GET http://190.27.245.106:80/phpMyAdmin-2.10.0.2/scripts/setup.php HTTP/1.0" 403 1165
50.158.152.202 - - [08/Dec/2023:16:19:12 -0500] "GET http://190.27.245.106:80/phpMyAdmin-2.10.3/scripts/setup.php HTTP/1.0" 403 1165
50.158.152.202 - - [08/Dec/2023:16:19:13 -0500] "GET http://190.27.245.106:80/phpMyAdmin-2.10.2/scripts/setup.php HTTP/1.0" 403 1165
50.158.152.202 - - [08/Dec/2023:16:19:13 -0500] "GET http://190.27.245.106:80/phpMyAdmin-2.11.9.2/scripts/setup.php HTTP/1.0" 403 1165
50.158.152.202 - - [08/Dec/2023:16:19:14 -0500] "GET http://190.27.245.106:80/phpMyAdmin-2.11.0/scripts/setup.php HTTP/1.0" 403 1165
50.158.152.202 - - [08/Dec/2023:16:19:15 -0500] "GET http://190.27.245.106:80/_phpMyAdmin/scripts/setup.php HTTP/1.0" 404 1018
50.158.152.202 - - [08/Dec/2023:16:19:16 -0500] "GET http://190.27.245.106:80/php/scripts/setup.php HTTP/1.0" 404 1018
50.158.152.202 - - [08/Dec/2023:16:19:17 -0500] "GET http://190.27.245.106:80/admin/phpmyadmin/scripts/setup.txt HTTP/1.0" 404 1018
50.158.152.202 - - [08/Dec/2023:16:19:17 -0500] "GET http://190.27.245.106:80/db/scripts/setup.php HTTP/1.0" 404 1018
50.158.152.202 - - [08/Dec/2023:16:19:17 -0500] "GET http://190.27.245.106:80/sqlmanager/scripts/setup.php HTTP/1.0" 404 1018
50.158.152.202 - - [08/Dec/2023:16:19:18 -0500] "GET http://190.27.245.106:80/mysqlmanager/scripts/setup.php HTTP/1.0" 404 1018
50.158.152.202 - - [08/Dec/2023:16:19:18 -0500] "GET http://190.27.245.106:80/phpmanager/scripts/setup.php HTTP/1.0" 404 1018
50.158.152.202 - - [08/Dec/2023:16:19:18 -0500] "GET http://190.27.245.106:80/php-myadmin/scripts/setup.php HTTP/1.0" 404 1018
50.158.152.202 - - [08/Dec/2023:16:19:19 -0500] "GET http://190.27.245.106:80/phpmy-admin/scripts/setup.php HTTP/1.0" 404 1018
50.158.152.202 - - [08/Dec/2023:16:19:19 -0500] "GET http://190.27.245.106:80/mysql-admin/scripts/setup.php HTTP/1.0" 404 1018
201.245.192.253 - - [08/Dec/2023:16:20:15 -0500] "POST /kwsrmcab/Wsrmcab HTTP/1.1" 200 38134
201.245.192.253 - - [08/Dec/2023:16:20:24 -0500] "POST /kwsrmcab/Wsrmcab HTTP/1.1" 200 38635
201.245.192.253 - - [08/Dec/2023:16:20:50 -0500] "POST /kwsrmcab/Wsrmcab  HTTP/1.1" 200 41806
191.95.48.184 - - [08/Dec/2023:16:21:10 -0500] "GET /sipse/faces/javax.faces.resource/theme.css?ln=primefaces-sipse HTTP/1.1" 304 -
191.95.48.184 - - [08/Dec/2023:16:21:08 -0500] "POST /sipse/faces/presentacion/financiero/solicitudProceso/consultarSolicitudProceso.xhtml HTTP/1.1" 200 68719
191.95.48.184 - - [08/Dec/2023:16:21:11 -0500] "GET /sipse/faces/javax.faces.resource/layout/layout.css?ln=primefaces&v=4.0 HTTP/1.1" 304 -
191.95.48.184 - - [08/Dec/2023:16:21:11 -0500] "GET /sipse/faces/javax.faces.resource/jquery/jquery-plugins.js?ln=primefaces&v=4.0 HTTP/1.1" 304 -
191.95.48.184 - - [08/Dec/2023:16:21:11 -0500] "GET /sipse/faces/javax.faces.resource/primefaces.css?ln=primefaces&v=4.0 HTTP/1.1" 304 -
191.95.48.184 - - [08/Dec/2023:16:21:11 -0500] "GET /sipse/faces/javax.faces.resource/jquery/jquery.js?ln=primefaces&v=4.0 HTTP/1.1" 304 -
191.95.48.184 - - [08/Dec/2023:16:21:11 -0500] "GET /sipse/faces/javax.faces.resource/primefaces.js?ln=primefaces&v=4.0 HTTP/1.1" 304 -
191.95.48.184 - - [08/Dec/2023:16:21:11 -0500] "GET /sipse/faces/javax.faces.resource/layout/layout.js?ln=primefaces&v=4.0 HTTP/1.1" 304 -
191.95.48.184 - - [08/Dec/2023:16:21:11 -0500] "GET /sipse/faces/javax.faces.resource/images/ui-icons_898989_256x240.png?ln=primefaces-aristo HTTP/1.1" 304 -
191.95.48.184 - - [08/Dec/2023:16:21:11 -0500] "GET /sipse/faces/javax.faces.resource/images/ui-bg_flat_0_2d5972_40x100.png?ln=primefaces-aristo HTTP/1.1" 304 -
191.95.48.184 - - [08/Dec/2023:16:21:11 -0500] "POST /sipse/faces/presentacion/financiero/solicitudProceso/listarSolicitudProceso.xhtml HTTP/1.1" 200 1564
191.95.48.184 - - [08/Dec/2023:16:21:12 -0500] "POST /sipse/faces/presentacion/financiero/solicitudProceso/listarSolicitudProceso.xhtml HTTP/1.1" 200 1560
216.245.221.92 - - [08/Dec/2023:16:22:56 -0500] "HEAD / HTTP/1.1" 200 -
172.22.2.4 - - [08/Dec/2023:16:21:23 -0500] "HEAD /BLA/boletinlegal/ HTTP/1.1" 200 -
186.102.32.208 - - [08/Dec/2023:16:23:10 -0500] "OPTIONS /kwssiamovil/sm/setfile/f? HTTP/1.1" 200 13
186.102.32.208 - - [08/Dec/2023:16:23:11 -0500] "POST /kwssiamovil/sm/setfile/f? HTTP/1.1" 200 381
186.102.32.208 - - [08/Dec/2023:16:23:32 -0500] "GET /kwssiamovil/sm/acme/a?s=U2FsdGVkX1/8YJCHiUkVtWaxT/xl13Tjf2sxZLnOPE0voxTycauYS3KPD06+ufxeJoLg8X8tB0L3s+FWknml5SGXBzLRjRdwzywOgpdAK0t1wy1wMmpKRPTAZ9a00VwPcYf43MlCI0fwCG0GBv/xPC1ntb4u20hkwNgVaYNIPwM813YNwx3TV0IQ8lTyesHBNwwnBBVDEHiEOIcL5JgjE19F+0Kw33McGa+a5JbQt4EgSGlQN3IVVFWNhg7BdSNyHp3h6+ysNyX2HW7s0a2D5A==&u=U2FsdGVkX19w7Pks4jdk+Eog+7iHk3E7NS8ODbmw9ms=&y=U2FsdGVkX18pkKAum408xsGoE5mIf6VkEIl2kwVEMFLODebjkeRDhHGR16ABq/+6 HTTP/1.1" 200 26
186.102.32.208 - - [08/Dec/2023:16:23:33 -0500] "GET /kwssiamovil/sm/acme/a?s=U2FsdGVkX19XDdPJ5FmOayfMzMK1pMMRVUEJdm9rF+2K+7JxvHXfndADwFk6UXEb23eMFJp6sZq4I4Gmw/TmMbqbRNzXj4xqVkCP9WT+sAuCmKkhu34O1QMeQY8PURV1OsjBS6duM9uTNOmNfS3h1A6cijLBlrU6dEvmrTTQ+I4LywPIVZOtF+1qcXYlZnDqBTZbYHLqG1jjSNC4gMNnff3mf4BT4UtPmB+g5PCNlNoE6Jg/r58Ed1j3l8JrBQMQMJ983tjGbajBy6PfnbaQS3AFhrnwfpGIwXy6CfvbnYQ6f98MdDSIlwSYI2YCUmCjkxlN6baQuc4RNeFxZjEOSuS7EP1yLtW0ejeSh+hzuacxzQYDqcjw9AEmnkLDAhlKwhdCtZb6hIXEy833XE3BsnketvpBVIwd1IOtix119Ww1AsvSakMt6b0YMOU84vgBEKfFmwlE0ayXLp7Z+w+fNUZmevF3Xkhll9MeMCLjMZQNg3Q6v4cngVZLBIKP30w8oZJy/0fdNNJYS3lo8mDzCXteCYXokzl4RJm11at/O1IhClSvIqKMaRp0WI1/UDv8Kdy3PBSKXbO/irmggYYKxbrD+fTFIsKdlWaiMBQhuhV0uW2KvSP59jLTKl61Tktp3fyJ9aJTNw0ieNbQ7anpr2SThOv/p29KIYcfAfEMWMzwKdmEvf9VkPu0gUqqkzR9qD8kvvRRpCWAIilcPT8h4jDnNW22NkNdCkXy6bXyfgJpB0BsnSVzp0oHxtdVKnkIzeJuw1wo/FBoPA0Mqv6K4cCMBTH13H3x31uTzaJyT72WlXr2GZLuNTvc9l0W18uiqMIwpzBvZ6KIcUFEetMOJjitvC7gQ37wgPJiWe0Mq043o8ilX6GH9E9zep8hksEuNo1RfqNhwH1uC8oFrZ7qnvyni/FGkto0Zv848HEtmvoBCETSdLwKAhvNSEpFKPVcomKdeG6DkRPkZYNtyl4E4Z0tykGXDsp2xijlIgDwMdob7TBjJusj2qSnrVYM640zl//K9O+Eo9WkFNbKpPdr+kNQyKZy2fkx3Pll7Ead9b7CQ1IwPZPubUgT9crJ0L6Yd0y0Fy4z0zkHZ2cDBhHorAXGntqLmu0C8dq9U6/LhNGbHUaSA9hXMsceIRh7nGjVZWD1GM0oq8t/uC9MLUaxc5bsp6tH7XBSAc+fGVEm3hg8GoqqLjkahleiG/TFi+4IoPhYTuZ7d247Q5fUeXMYc9i16Bt69ZKgHUrY5REw7TJKSpYpjyisggEeCKAXead/k0kmiKCzzkKZFBZAx1wYtwft+pdFoh0bWTT75CqmnL4WVhrPZv/ltevIcPTkYm7I/M2GTmnL6lQAn1CWnLyGeHJKUlHoOCDdeAw7XoKzDatb0pObh3v1qjXfWRGWDoQEiwOGQHyO/n0U2WK7CkugUge/0HDX9nATHSgZeNB2w6ZUXdSfTfITBFrUglYb4LMQH8y6Zxv7nwnCncDiGw5qHJoBqzvOXNHqd2n5Z8k+VGA2+oVvE0LNt1ntqTCfsscFLusMGUgMOTCepbIEsPglL4QxHgFi9fzE9DtF8C6zfe0bnRTy8jzvGWajNNbWYAm+Lfs9baF2s6I3o9+14kt3hHnmKTithyjM213TLC+7rVDCufad+heh4/ElTY8OWuWpDYjZHfr4GqrvE15wE40T1ykQQv/af8ujqEc0Hd5IAgZTbfzAmu5k/1xScIxSmtd4kqfnHRzBa0Z0ps0Q34DosOPGFiRrOuEIzJvn7VcWwePzmLqCTIAiDEumtkeT80MK3gjtX/mWCrze0USmmk0Qcc3mfXpzzqddknJpWTqRe3fH4XUCUQu+j1WU2pKQAP1aP3g+V8SVySo4S9SfYVwN+UzcBUZzUyAIQ7smbNIG7j/NuLzmhpDkOgAT88KTtKjIR+sY8i4g3Iny11r3CfsvnulAaqbB77bAasATynCkv6S4WyS4OL2Gxhk4mi4HrYNJ7ywRsBDgcOCt0efEXLmcuNYxPNrq4qc3nIFwa0Q/utTigzOxN9DdgsF1sFrn/C1lkhtqlG6O7W75qr+XkKLBtD8VVNqz27bCgTRu3na6LhBUqNurj7YuWclC3M12O74KJL9iENZb6tp1JPmHkOZufpJOTKMNIgxNX1oEoxgG0hOMMZ6tEODwjNGdETkIGIjzhwQtbdlJhfNcaoeMibIXn484MRlCS5btfgaOqjDIVILILQ+nMFUlAr0XjXpKwKw+l83xYzXnHZwRacOUH2KKqnITvfbTVH2O8ZNer0PiLTLarKwZEB7bv68q0OxYoiYYjzgExBC706TS8V8bCbrHBx+4nwoOLh5v48uIHwNXLCXNv8Q52YCCRue8ioSM6CxNEbeC1JcDLYIxB6RlrFdvuTvDS1QbIRyr9+2l5Elah6I+gf/VEiP4VeRdC4w53DROBOp3LBDruYRAiPUn6MYWZPx0IidRoworYj3Kko6OAfvrjsAVr3n0LUqBbSZsXPY6&u=U2FsdGVkX19w7Pks4jdk+Eog+7iHk3E7NS8ODbmw9ms=&y=U2FsdGVkX18pkKAum408xsGoE5mIf6VkEIl2kwVEMFLODebjkeRDhHGR16ABq/+6 HTTP/1.1" 200 26
186.102.32.208 - - [08/Dec/2023:16:23:33 -0500] "GET /kwssiamovil/sm/acme/a?s=U2FsdGVkX1+wC256llfuguZ3pBU7270uq3ZqcqGpFFwr3IY0L4teqgZKmMarmVu1HrpDnYcySZ7V+dhpckswNEaB5zy6MS1wpJhZiQ65N7SkgYR2gUVkJD6T/CkH9gDbkUkxGaGRxu0xkqLo7TBMAuet6QLdcAWmberSFTKanMA=&u=U2FsdGVkX19w7Pks4jdk+Eog+7iHk3E7NS8ODbmw9ms=&y=U2FsdGVkX18pkKAum408xsGoE5mIf6VkEIl2kwVEMFLODebjkeRDhHGR16ABq/+6 HTTP/1.1" 200 26
186.102.32.208 - - [08/Dec/2023:16:23:33 -0500] "GET /kwssiamovil/sm/acme/a?s=U2FsdGVkX18rUh75ArnO3HhUahquQEVRe7WcHoAZdJ457sjYaWCwlf1cwmUbkLV+IqyKbCfpPtbZZG/zdK+RY6ZWlQtnG45wa50vd4U2wj+O1lkT2pxsMsCiDYoAt3muqPQ9yfXt9HwE3qFpMMGwFBv7zE9oVEMWXSZYlpTwGk4=&u=U2FsdGVkX19w7Pks4jdk+Eog+7iHk3E7NS8ODbmw9ms=&y=U2FsdGVkX18pkKAum408xsGoE5mIf6VkEIl2kwVEMFLODebjkeRDhHGR16ABq/+6 HTTP/1.1" 200 26
186.102.32.208 - - [08/Dec/2023:16:23:34 -0500] "GET /kwssiamovil/sm/acme/a?s=U2FsdGVkX187HjQVplQXLwxZ4B8WxYc42vyHpf92rfzeM55y9FKGga6RqvFvl6+4qOboVwIgcqz1ScF6sC+aeAme8utilPTr3cgxJlpmTe2izOq+QQjAgUk02r6eYFzEeat42grMPtlFCtpRPgHE31kFUVDGaoNE4gyUQMsQCoo=&u=U2FsdGVkX19w7Pks4jdk+Eog+7iHk3E7NS8ODbmw9ms=&y=U2FsdGVkX18pkKAum408xsGoE5mIf6VkEIl2kwVEMFLODebjkeRDhHGR16ABq/+6 HTTP/1.1" 200 26
186.102.32.208 - - [08/Dec/2023:16:23:34 -0500] "GET /kwssiamovil/sm/acme/a?s=U2FsdGVkX1+UFkc7fuvM9F4uJyCDWzOAaVeFO0BDME5aT2Ww3tLQlsLmASWi9nO8qVLhcKrOxNEb8dedyFClQw/x/5zd9XC/jazT9DcafoPKoGtkcMHrWS2iBgrWzX0nZPBUHcONYcgAtDxQOtCvNH2TnWaXMbR0XEDr7bzCtVZSe7kSWScDM4F/RRSyNSZ1W80m+qjvhN5RVAghVOUCUw==&u=U2FsdGVkX19w7Pks4jdk+Eog+7iHk3E7NS8ODbmw9ms=&y=U2FsdGVkX18pkKAum408xsGoE5mIf6VkEIl2kwVEMFLODebjkeRDhHGR16ABq/+6 HTTP/1.1" 200 26
186.102.32.208 - - [08/Dec/2023:16:23:34 -0500] "GET /kwssiamovil/sm/acme/a?s=U2FsdGVkX1/T0HnXk2LxflDIT71PxfMy6dAHYvfw2HV8FnkoaA/f6YjyQ2Fqk9pckk4wnDnxsaSOLhnKS8BnDFI8Fufn++7tUDVxcZdHh1lmBUV0VByi9fGecEC+PXipH9JZkzGUShYL0TdoKeKPENWljn/2iUmjIUwwk0GBGjYDX8R+dqvEbu0DXPCgZqqhrChR2x2Q77QD9iakWozJHA==&u=U2FsdGVkX19w7Pks4jdk+Eog+7iHk3E7NS8ODbmw9ms=&y=U2FsdGVkX18pkKAum408xsGoE5mIf6VkEIl2kwVEMFLODebjkeRDhHGR16ABq/+6 HTTP/1.1" 200 26
186.102.32.208 - - [08/Dec/2023:16:23:34 -0500] "GET /kwssiamovil/sm/acme/a?s=U2FsdGVkX18+Tc4243D+2rGAeCC9ug9igrnNTWJ+nXy+6RyM62+WQqP5Cm5d0v6MdZzbvR+qrVR2WH2R4icid8MGI0SiGyTrz5PMVXzs2dDtbb8+bNEwducCt35YD3Ap4rO1nKryqjlg/dwZCndniddO/+975zNiHzcJEW4VWYZsofR9dLYcK+RwMWA3Nzbqx3JZsxDBZuNrNbajDTl7QQ==&u=U2FsdGVkX19w7Pks4jdk+Eog+7iHk3E7NS8ODbmw9ms=&y=U2FsdGVkX18pkKAum408xsGoE5mIf6VkEIl2kwVEMFLODebjkeRDhHGR16ABq/+6 HTTP/1.1" 200 26
172.22.2.4 - - [08/Dec/2023:16:22:14 -0500] "GET /BLA/boletinlegal/ HTTP/1.1" 200 58294
172.22.2.4 - - [08/Dec/2023:16:23:54 -0500] "GET /BLA/boletinlegal/actos.php HTTP/1.1" 200 9682
172.22.2.4 - - [08/Dec/2023:16:24:10 -0500] "GET /BLA/boletinlegal/consulta_actos.php?tipo=autos&no=3865&usuario=&sector=&fecha=2023&resuelve= HTTP/1.1" 200 1099
172.22.2.4 - - [08/Dec/2023:16:24:10 -0500] "GET /BLA/boletinlegal/images/pdf.gif HTTP/1.1" 200 567
186.80.199.188 - - [08/Dec/2023:16:24:23 -0500] "GET /BLA/resoluciones/ HTTP/1.1" 200 13696
186.80.199.188 - - [08/Dec/2023:16:24:26 -0500] "GET /favicon.ico HTTP/1.1" 200 7782
186.102.11.23 - - [08/Dec/2023:16:24:27 -0500] "-" 408 -
186.80.199.188 - - [08/Dec/2023:16:24:28 -0500] "GET /BLA/resoluciones/index.php?dir=AUTOS+2023%2F HTTP/1.1" 200 445796
66.249.66.195 - - [08/Dec/2023:16:24:57 -0500] "GET /programacion-caminos-de-los-cerros-para-diciembre-y-ano-nuevo.html HTTP/1.1" 200 851
191.95.48.184 - - [08/Dec/2023:16:25:35 -0500] "POST /sipse/faces/presentacion/financiero/solicitudProceso/listarSolicitudProceso.xhtml HTTP/1.1" 200 13899
191.95.48.184 - - [08/Dec/2023:16:25:38 -0500] "POST /sipse/faces/presentacion/financiero/solicitudProceso/listarSolicitudProceso.xhtml HTTP/1.1" 200 32641
191.95.48.184 - - [08/Dec/2023:16:25:44 -0500] "POST /sipse/faces/presentacion/financiero/solicitudProceso/listarSolicitudProceso.xhtml HTTP/1.1" 200 105097
191.95.48.184 - - [08/Dec/2023:16:25:45 -0500] "GET /sipse/faces/javax.faces.resource/jquery/jquery.js?ln=primefaces&v=4.0 HTTP/1.1" 304 -
191.95.48.184 - - [08/Dec/2023:16:25:45 -0500] "GET /sipse/faces/javax.faces.resource/jquery/jquery-plugins.js?ln=primefaces&v=4.0 HTTP/1.1" 304 -
191.95.48.184 - - [08/Dec/2023:16:25:45 -0500] "GET /sipse/faces/javax.faces.resource/primefaces.js?ln=primefaces&v=4.0 HTTP/1.1" 304 -
191.95.48.184 - - [08/Dec/2023:16:25:45 -0500] "GET /sipse/faces/javax.faces.resource/layout/layout.js?ln=primefaces&v=4.0 HTTP/1.1" 304 -
191.95.48.184 - - [08/Dec/2023:16:25:45 -0500] "GET /sipse/faces/javax.faces.resource/dynamiccontent.properties?ln=primefaces&pfdrid=XjOR5%2F%2FfPAZAuY9TpWQeCiM0BhlXxYRBGKi%2FQcXXfeA%3D&pfdrid_c=false HTTP/1.1" 500 383
201.245.192.253 - - [08/Dec/2023:16:25:49 -0500] "POST /kwsrmcab/Wsrmcab  HTTP/1.1" 200 41806
201.245.192.253 - - [08/Dec/2023:16:26:31 -0500] "POST /kwsrmcab/Wsrmcab HTTP/1.1" 200 38134
201.245.192.253 - - [08/Dec/2023:16:26:34 -0500] "POST /kwsrmcab/Wsrmcab HTTP/1.1" 200 38635
216.245.221.92 - - [08/Dec/2023:16:27:56 -0500] "HEAD / HTTP/1.1" 200 -
172.22.2.4 - - [08/Dec/2023:16:27:13 -0500] "HEAD /BLA/boletinlegal/ HTTP/1.1" 200 -
172.22.2.4 - - [08/Dec/2023:16:28:04 -0500] "GET /BLA/boletinlegal/ HTTP/1.1" 200 60634
201.245.192.253 - - [08/Dec/2023:16:30:16 -0500] "POST /kwsrmcab/Wsrmcab HTTP/1.1" 200 38134
201.245.192.253 - - [08/Dec/2023:16:30:25 -0500] "POST /kwsrmcab/Wsrmcab HTTP/1.1" 200 38635
186.102.10.221 - - [08/Dec/2023:16:30:49 -0500] "GET /distrito-celebro-el-cumpleanos-del-parque-ecologico-distrital-de-montana-entrenubes.html HTTP/1.1" 200 829
201.245.192.253 - - [08/Dec/2023:16:30:47 -0500] "POST /kwsrmcab/Wsrmcab  HTTP/1.1" 200 41806
52.167.144.19 - - [08/Dec/2023:16:31:52 -0500] "GET /sipse/faces/faces/autenticacion.xhtml HTTP/1.1" 200 12736
216.245.221.92 - - [08/Dec/2023:16:32:56 -0500] "HEAD / HTTP/1.1" 200 -
191.95.48.184 - - [08/Dec/2023:16:33:15 -0500] "POST /sipse/faces/presentacion/financiero/solicitudProceso/consultarSolicitudProceso.xhtml HTTP/1.1" 200 116539
172.22.2.4 - - [08/Dec/2023:16:32:58 -0500] "GET /BLA/boletinlegal/ HTTP/1.1" 200 49900
172.22.2.4 - - [08/Dec/2023:16:33:03 -0500] "HEAD /BLA/boletinlegal/ HTTP/1.1" 200 -
172.22.2.4 - - [08/Dec/2023:16:33:54 -0500] "GET /BLA/boletinlegal/ HTTP/1.1" 200 54105
201.245.192.253 - - [08/Dec/2023:16:35:45 -0500] "POST /kwsrmcab/Wsrmcab  HTTP/1.1" 200 41806
201.245.192.253 - - [08/Dec/2023:16:36:31 -0500] "POST /kwsrmcab/Wsrmcab HTTP/1.1" 200 38134
201.245.192.253 - - [08/Dec/2023:16:36:34 -0500] "POST /kwsrmcab/Wsrmcab HTTP/1.1" 200 38635
172.22.2.4 - - [08/Dec/2023:16:36:55 -0500] "GET /BLA/boletinlegal/Circulares/2019/.pdf HTTP/1.1" 404 1218
85.209.176.231 - - [08/Dec/2023:16:37:14 -0500] "GET /.env HTTP/1.1" 404 1018
85.209.176.231 - - [08/Dec/2023:16:37:15 -0500] "POST / HTTP/1.1" 200 319
124.220.171.34 - - [08/Dec/2023:16:37:30 -0500] "GET / HTTP/1.1" 200 319
216.245.221.92 - - [08/Dec/2023:16:37:57 -0500] "HEAD / HTTP/1.1" 200 -
191.193.212.223 - - [08/Dec/2023:16:38:24 -0500] "GET / HTTP/1.0" 200 319
40.77.167.28 - - [08/Dec/2023:16:38:32 -0500] "GET /galeria/galeria/jquery.fancybox.js?v=2.1.5 HTTP/1.1" 200 48706
66.249.66.21 - - [08/Dec/2023:16:38:56 -0500] "GET /robots.txt HTTP/1.1" 404 1018
66.249.66.19 - - [08/Dec/2023:16:38:57 -0500] "GET /BLA/resoluciones/RESOLUCIONES%202008/3234.pdf HTTP/1.1" 200 305954
34.91.37.160 - - [08/Dec/2023:16:39:05 -0500] "GET /las-tres-caminatas-para-cerrar-el-ano-entre-la-naturaleza.html HTTP/1.1" 200 776
34.147.30.38 - - [08/Dec/2023:16:39:15 -0500] "GET /consulta-y-conoce-los-proyectos-de-resolucion-de-para-los-planes-de-manejo-ambiental-de-cinco-humedales-en-bogota.html HTTP/1.1" 200 971
186.102.52.120 - - [08/Dec/2023:16:39:40 -0500] "GET /appsia/controlador HTTP/1.1" 200 4799
186.102.52.120 - - [08/Dec/2023:16:39:41 -0500] "GET /appsia/css/estilos.css HTTP/1.1" 200 4804
186.102.52.120 - - [08/Dec/2023:16:39:41 -0500] "GET /appsia/scripts/validarIngreso.js HTTP/1.1" 200 851
186.102.52.120 - - [08/Dec/2023:16:39:41 -0500] "GET /appsia/images/logo_bogota_p.png HTTP/1.1" 200 14951
186.102.52.120 - - [08/Dec/2023:16:39:41 -0500] "GET /appsia/images/cabezoteHojaVida.png HTTP/1.1" 200 32493
186.102.52.120 - - [08/Dec/2023:16:39:41 -0500] "GET /favicon.ico HTTP/1.1" 200 7782
186.102.52.120 - - [08/Dec/2023:16:39:44 -0500] "POST /appsia/controlador HTTP/1.1" 200 5437
186.102.52.120 - - [08/Dec/2023:16:39:49 -0500] "POST /appsia/controlador HTTP/1.1" 200 7723
186.102.52.120 - - [08/Dec/2023:16:39:49 -0500] "GET /appsia/images/logo_escudo.png HTTP/1.1" 200 36965
186.102.52.120 - - [08/Dec/2023:16:39:58 -0500] "POST /appsia/controlador HTTP/1.1" 200 5437
201.245.192.253 - - [08/Dec/2023:16:40:15 -0500] "POST /kwsrmcab/Wsrmcab HTTP/1.1" 200 38134
201.245.192.253 - - [08/Dec/2023:16:40:24 -0500] "POST /kwsrmcab/Wsrmcab HTTP/1.1" 200 38635
172.22.2.4 - - [08/Dec/2023:16:38:53 -0500] "HEAD /BLA/boletinlegal/ HTTP/1.1" 200 -
201.245.192.253 - - [08/Dec/2023:16:40:44 -0500] "POST /kwsrmcab/Wsrmcab  HTTP/1.1" 200 41806
172.22.2.4 - - [08/Dec/2023:16:39:44 -0500] "GET /BLA/boletinlegal/ HTTP/1.1" 200 57881
216.245.221.92 - - [08/Dec/2023:16:42:56 -0500] "HEAD / HTTP/1.1" 200 -
173.252.83.120 - - [08/Dec/2023:16:43:29 -0500] "GET /BLA/resoluciones/AUTOS%202015/1052.pdf HTTP/1.1" 200 2210866
173.252.83.4 - - [08/Dec/2023:16:43:30 -0500] "GET /BLA/resoluciones/AUTOS%202015/1052.pdf HTTP/1.1" 200 2210866
201.245.192.253 - - [08/Dec/2023:16:45:42 -0500] "POST /kwsrmcab/Wsrmcab  HTTP/1.1" 200 41806
191.95.48.184 - - [08/Dec/2023:16:45:56 -0500] "POST /sipse/faces/presentacion/financiero/solicitudProceso/consultarSolicitudProceso.xhtml HTTP/1.1" 200 64736
191.95.48.184 - - [08/Dec/2023:16:45:56 -0500] "GET /sipse/faces/javax.faces.resource/jquery/jquery.js?ln=primefaces&v=4.0 HTTP/1.1" 304 -
191.95.48.184 - - [08/Dec/2023:16:45:57 -0500] "GET /sipse/faces/javax.faces.resource/jquery/jquery-plugins.js?ln=primefaces&v=4.0 HTTP/1.1" 304 -
191.95.48.184 - - [08/Dec/2023:16:45:57 -0500] "GET /sipse/faces/javax.faces.resource/primefaces.js?ln=primefaces&v=4.0 HTTP/1.1" 304 -
191.95.48.184 - - [08/Dec/2023:16:45:57 -0500] "GET /sipse/faces/javax.faces.resource/layout/layout.js?ln=primefaces&v=4.0 HTTP/1.1" 304 -
191.95.48.184 - - [08/Dec/2023:16:45:57 -0500] "POST /sipse/faces/presentacion/financiero/solicitudProceso/listarSolicitudProceso.xhtml HTTP/1.1" 200 57981
191.95.48.184 - - [08/Dec/2023:16:45:58 -0500] "POST /sipse/faces/presentacion/financiero/solicitudProceso/listarSolicitudProceso.xhtml HTTP/1.1" 200 1564
191.95.48.184 - - [08/Dec/2023:16:45:59 -0500] "POST /sipse/faces/presentacion/financiero/solicitudProceso/listarSolicitudProceso.xhtml HTTP/1.1" 200 1560
191.95.48.184 - - [08/Dec/2023:16:46:01 -0500] "POST /sipse/faces/presentacion/financiero/solicitudProceso/listarSolicitudProceso.xhtml HTTP/1.1" 200 13978
191.95.48.184 - - [08/Dec/2023:16:46:07 -0500] "POST /sipse/faces/presentacion/financiero/solicitudProceso/listarSolicitudProceso.xhtml HTTP/1.1" 200 32492
191.95.48.184 - - [08/Dec/2023:16:46:15 -0500] "POST /sipse/faces/presentacion/financiero/solicitudProceso/listarSolicitudProceso.xhtml HTTP/1.1" 200 113708
191.95.48.184 - - [08/Dec/2023:16:46:16 -0500] "GET /sipse/faces/javax.faces.resource/jquery/jquery.js?ln=primefaces&v=4.0 HTTP/1.1" 304 -
191.95.48.184 - - [08/Dec/2023:16:46:16 -0500] "GET /sipse/faces/javax.faces.resource/jquery/jquery-plugins.js?ln=primefaces&v=4.0 HTTP/1.1" 304 -
191.95.48.184 - - [08/Dec/2023:16:46:17 -0500] "GET /sipse/faces/javax.faces.resource/primefaces.js?ln=primefaces&v=4.0 HTTP/1.1" 304 -
191.95.48.184 - - [08/Dec/2023:16:46:17 -0500] "GET /sipse/faces/javax.faces.resource/layout/layout.js?ln=primefaces&v=4.0 HTTP/1.1" 304 -
191.95.48.184 - - [08/Dec/2023:16:46:17 -0500] "GET /sipse/faces/javax.faces.resource/dynamiccontent.properties?ln=primefaces&pfdrid=XjOR5%2F%2FfPAZAuY9TpWQeCiM0BhlXxYRBGKi%2FQcXXfeA%3D&pfdrid_c=false HTTP/1.1" 500 383
66.249.66.21 - - [08/Dec/2023:16:46:22 -0500] "GET /PDC/actos/1789.pdf HTTP/1.1" 200 1121404
172.22.2.4 - - [08/Dec/2023:16:44:43 -0500] "HEAD /BLA/boletinlegal/ HTTP/1.1" 200 -
190.96.187.64 - - [08/Dec/2023:16:47:09 -0500] "POST /sipse/faces/presentacion/financiero/solicitudProceso/consultarSolicitudProceso.xhtml HTTP/1.1" 200 61639
190.96.187.64 - - [08/Dec/2023:16:47:10 -0500] "GET /sipse/faces/javax.faces.resource/primefaces.css?ln=primefaces&v=4.0 HTTP/1.1" 304 -
190.96.187.64 - - [08/Dec/2023:16:47:10 -0500] "GET /sipse/faces/javax.faces.resource/layout/layout.css?ln=primefaces&v=4.0 HTTP/1.1" 304 -
190.96.187.64 - - [08/Dec/2023:16:47:10 -0500] "GET /sipse/faces/javax.faces.resource/theme.css?ln=primefaces-sipse HTTP/1.1" 304 -
190.96.187.64 - - [08/Dec/2023:16:47:10 -0500] "GET /sipse/css/imagen/contrasena.png HTTP/1.1" 404 383
190.96.187.64 - - [08/Dec/2023:16:47:10 -0500] "GET /sipse/faces/javax.faces.resource/jquery/jquery.js?ln=primefaces&v=4.0 HTTP/1.1" 304 -
190.96.187.64 - - [08/Dec/2023:16:47:10 -0500] "GET /sipse/faces/javax.faces.resource/jquery/jquery-plugins.js?ln=primefaces&v=4.0 HTTP/1.1" 304 -
190.96.187.64 - - [08/Dec/2023:16:47:10 -0500] "GET /sipse/faces/javax.faces.resource/primefaces.js?ln=primefaces&v=4.0 HTTP/1.1" 304 -
190.96.187.64 - - [08/Dec/2023:16:47:10 -0500] "GET /sipse/faces/javax.faces.resource/layout/layout.js?ln=primefaces&v=4.0 HTTP/1.1" 304 -
190.96.187.64 - - [08/Dec/2023:16:47:10 -0500] "POST /sipse/faces/presentacion/financiero/solicitudProceso/listarSolicitudProceso.xhtml HTTP/1.1" 200 54912
190.96.187.64 - - [08/Dec/2023:16:47:11 -0500] "POST /sipse/faces/presentacion/financiero/solicitudProceso/listarSolicitudProceso.xhtml HTTP/1.1" 200 54912
190.96.187.64 - - [08/Dec/2023:16:47:11 -0500] "POST /sipse/faces/presentacion/financiero/solicitudProceso/listarSolicitudProceso.xhtml HTTP/1.1" 200 1564
190.96.187.64 - - [08/Dec/2023:16:47:11 -0500] "POST /sipse/faces/presentacion/financiero/solicitudProceso/listarSolicitudProceso.xhtml HTTP/1.1" 200 1560
190.96.187.64 - - [08/Dec/2023:16:47:11 -0500] "POST /sipse/faces/presentacion/financiero/solicitudProceso/listarSolicitudProceso.xhtml HTTP/1.1" 200 1568
172.22.2.4 - - [08/Dec/2023:16:45:34 -0500] "GET /BLA/boletinlegal/ HTTP/1.1" 200 60634
190.96.187.64 - - [08/Dec/2023:16:47:18 -0500] "POST /sipse/faces/presentacion/financiero/solicitudProceso/listarSolicitudProceso.xhtml HTTP/1.1" 200 31774
40.77.167.28 - - [08/Dec/2023:16:47:33 -0500] "GET /BLA/resoluciones/AUTOS%202021/5231.pdf HTTP/1.1" 304 -
190.96.187.64 - - [08/Dec/2023:16:47:44 -0500] "POST /sipse/faces/presentacion/financiero/solicitudProceso/listarSolicitudProceso.xhtml HTTP/1.1" 200 32145
190.96.187.64 - - [08/Dec/2023:16:47:52 -0500] "POST /sipse/faces/presentacion/financiero/solicitudProceso/listarSolicitudProceso.xhtml HTTP/1.1" 200 2289
190.96.187.64 - - [08/Dec/2023:16:47:53 -0500] "POST /sipse/faces/presentacion/financiero/solicitudProceso/listarSolicitudProceso.xhtml HTTP/1.1" 200 2289
190.96.187.64 - - [08/Dec/2023:16:47:56 -0500] "POST /sipse/faces/presentacion/financiero/solicitudProceso/listarSolicitudProceso.xhtml HTTP/1.1" 200 2301
190.96.187.64 - - [08/Dec/2023:16:47:56 -0500] "POST /sipse/faces/presentacion/financiero/solicitudProceso/listarSolicitudProceso.xhtml HTTP/1.1" 200 2305
216.245.221.92 - - [08/Dec/2023:16:47:56 -0500] "HEAD / HTTP/1.1" 200 -
190.96.187.64 - - [08/Dec/2023:16:47:57 -0500] "POST /sipse/faces/presentacion/financiero/solicitudProceso/listarSolicitudProceso.xhtml HTTP/1.1" 200 2305
190.96.187.64 - - [08/Dec/2023:16:47:58 -0500] "POST /sipse/faces/presentacion/financiero/solicitudProceso/listarSolicitudProceso.xhtml HTTP/1.1" 200 2305
190.96.187.64 - - [08/Dec/2023:16:48:00 -0500] "POST /sipse/faces/presentacion/financiero/solicitudProceso/listarSolicitudProceso.xhtml HTTP/1.1" 200 5144
190.96.187.64 - - [08/Dec/2023:16:48:05 -0500] "POST /sipse/faces/presentacion/financiero/solicitudProceso/listarSolicitudProceso.xhtml HTTP/1.1" 200 112101
190.96.187.64 - - [08/Dec/2023:16:48:06 -0500] "GET /sipse/faces/javax.faces.resource/theme.css?ln=primefaces-sipse HTTP/1.1" 304 -
190.96.187.64 - - [08/Dec/2023:16:48:06 -0500] "GET /sipse/faces/javax.faces.resource/primefaces.css?ln=primefaces&v=4.0 HTTP/1.1" 304 -
190.96.187.64 - - [08/Dec/2023:16:48:06 -0500] "GET /sipse/faces/javax.faces.resource/layout/layout.css?ln=primefaces&v=4.0 HTTP/1.1" 304 -
190.96.187.64 - - [08/Dec/2023:16:48:06 -0500] "GET /sipse/faces/javax.faces.resource/jquery/jquery.js?ln=primefaces&v=4.0 HTTP/1.1" 304 -
190.96.187.64 - - [08/Dec/2023:16:48:06 -0500] "GET /sipse/faces/javax.faces.resource/jquery/jquery-plugins.js?ln=primefaces&v=4.0 HTTP/1.1" 304 -
190.96.187.64 - - [08/Dec/2023:16:48:06 -0500] "GET /sipse/faces/javax.faces.resource/primefaces.js?ln=primefaces&v=4.0 HTTP/1.1" 304 -
190.96.187.64 - - [08/Dec/2023:16:48:06 -0500] "GET /sipse/faces/javax.faces.resource/layout/layout.js?ln=primefaces&v=4.0 HTTP/1.1" 304 -
190.96.187.64 - - [08/Dec/2023:16:48:07 -0500] "GET /sipse/css/imagen/contrasena.png HTTP/1.1" 404 383
