138.84.41.158 - - [08/Dec/2023:20:17:02 -0500] "GET /BLA/resoluciones/index.php?dir=RESOLUCIONES+2009%2F HTTP/1.1" 200 1694101
172.22.2.4 - - [08/Dec/2023:20:15:36 -0500] "GET /BLA/boletinlegal/ HTTP/1.1" 200 60634
138.84.41.158 - - [08/Dec/2023:20:17:25 -0500] "GET /BLA/resoluciones/RESOLUCIONES%202009/7619.pdf HTTP/1.1" 200 396302
138.84.41.158 - - [08/Dec/2023:20:17:25 -0500] "GET /BLA/resoluciones/RESOLUCIONES%202009/7619.pdf HTTP/1.1" 200 396302
138.84.41.158 - - [08/Dec/2023:20:17:25 -0500] "GET /BLA/resoluciones/RESOLUCIONES%202009/7619.pdf HTTP/1.1" 206 1025
216.245.221.92 - - [08/Dec/2023:20:17:56 -0500] "HEAD / HTTP/1.1" 200 -
40.77.167.10 - - [08/Dec/2023:20:18:40 -0500] "GET /BLA/resoluciones/AUTOS%202023/5920.pdf HTTP/1.1" 200 993750
201.245.192.253 - - [08/Dec/2023:20:19:51 -0500] "POST /kwsrmcab/Wsrmcab  HTTP/1.1" 200 41806
201.245.192.253 - - [08/Dec/2023:20:20:15 -0500] "POST /kwsrmcab/Wsrmcab HTTP/1.1" 200 38405
201.245.192.253 - - [08/Dec/2023:20:20:24 -0500] "POST /kwsrmcab/Wsrmcab HTTP/1.1" 200 38595
172.22.2.4 - - [08/Dec/2023:20:20:35 -0500] "HEAD /BLA/boletinlegal/ HTTP/1.1" 200 -
216.245.221.92 - - [08/Dec/2023:20:22:56 -0500] "HEAD / HTTP/1.1" 200 -
172.22.2.4 - - [08/Dec/2023:20:21:26 -0500] "GET /BLA/boletinlegal/ HTTP/1.1" 200 58644
185.191.171.11 - - [08/Dec/2023:20:23:19 -0500] "GET /robots.txt HTTP/1.1" 404 1034
85.208.96.197 - - [08/Dec/2023:20:23:20 -0500] "GET /las-tres-caminatas-para-cerrar-el-ano-entre-la-naturaleza.html HTTP/1.1" 200 776
181.53.13.222 - - [08/Dec/2023:20:23:33 -0500] "GET /sipse/faces/index.xhtml HTTP/1.1" 200 677
181.53.13.222 - - [08/Dec/2023:20:23:33 -0500] "GET /sipse/faces/javax.faces.resource/theme.css?ln=primefaces-sipse HTTP/1.1" 304 -
181.53.13.222 - - [08/Dec/2023:20:23:33 -0500] "GET /sipse/faces/faces/autenticacion.xhtml HTTP/1.1" 200 12414
181.53.13.222 - - [08/Dec/2023:20:23:33 -0500] "GET /sipse/faces/javax.faces.resource/theme.css?ln=primefaces-sipse HTTP/1.1" 304 -
181.53.13.222 - - [08/Dec/2023:20:23:33 -0500] "GET /sipse/js/disable_browser_buttons.js HTTP/1.1" 304 -
181.53.13.222 - - [08/Dec/2023:20:23:33 -0500] "GET /sipse/css/custom_css_sg.css HTTP/1.1" 304 -
181.53.13.222 - - [08/Dec/2023:20:23:33 -0500] "GET /sipse/faces/javax.faces.resource/jquery/jquery.js?ln=primefaces&v=4.0 HTTP/1.1" 304 -
181.53.13.222 - - [08/Dec/2023:20:23:33 -0500] "GET /sipse/css/custom_css_sg_prime_login.css HTTP/1.1" 304 -
181.53.13.222 - - [08/Dec/2023:20:23:33 -0500] "GET /sipse/faces/javax.faces.resource/primefaces.css?ln=primefaces&v=4.0 HTTP/1.1" 304 -
181.53.13.222 - - [08/Dec/2023:20:23:33 -0500] "GET /sipse/faces/javax.faces.resource/layout/layout.css?ln=primefaces&v=4.0 HTTP/1.1" 304 -
181.53.13.222 - - [08/Dec/2023:20:23:33 -0500] "GET /sipse/js/funciones.js HTTP/1.1" 304 -
181.53.13.222 - - [08/Dec/2023:20:23:33 -0500] "GET /sipse/faces/javax.faces.resource/jquery/jquery-plugins.js?ln=primefaces&v=4.0 HTTP/1.1" 304 -
181.53.13.222 - - [08/Dec/2023:20:23:33 -0500] "GET /sipse/faces/javax.faces.resource/primefaces.js?ln=primefaces&v=4.0 HTTP/1.1" 304 -
181.53.13.222 - - [08/Dec/2023:20:23:33 -0500] "GET /sipse/faces/javax.faces.resource/layout/layout.js?ln=primefaces&v=4.0 HTTP/1.1" 304 -
181.53.13.222 - - [08/Dec/2023:20:23:34 -0500] "GET /sipse/faces/javax.faces.resource/images/ui-icons_898989_256x240.png?ln=primefaces-aristo HTTP/1.1" 304 -
181.53.13.222 - - [08/Dec/2023:20:23:34 -0500] "GET /sipse/css/imagen/logoSDG.png HTTP/1.1" 304 -
181.53.13.222 - - [08/Dec/2023:20:23:34 -0500] "GET /sipse/css/imagen/loginimg.png HTTP/1.1" 304 -
181.53.13.222 - - [08/Dec/2023:20:23:36 -0500] "POST /sipse/faces/autenticacion.xhtml HTTP/1.1" 200 2228
181.53.13.222 - - [08/Dec/2023:20:23:36 -0500] "GET /sipse/faces/javax.faces.resource/messages/messages.png?ln=primefaces&v=4.0 HTTP/1.1" 304 -
181.53.13.222 - - [08/Dec/2023:20:23:37 -0500] "POST /sipse/faces/autenticacion.xhtml HTTP/1.1" 200 16474
181.53.13.222 - - [08/Dec/2023:20:23:37 -0500] "GET /sipse/faces/javax.faces.resource/theme.css?ln=primefaces-sipse HTTP/1.1" 304 -
181.53.13.222 - - [08/Dec/2023:20:23:37 -0500] "GET /sipse/css/custom_css_sg_prime.css HTTP/1.1" 304 -
181.53.13.222 - - [08/Dec/2023:20:23:37 -0500] "GET /sipse/faces/javax.faces.resource/layout/layout.css?ln=primefaces&v=4.0 HTTP/1.1" 304 -
181.53.13.222 - - [08/Dec/2023:20:23:37 -0500] "GET /sipse/faces/javax.faces.resource/primefaces.css?ln=primefaces&v=4.0 HTTP/1.1" 304 -
181.53.13.222 - - [08/Dec/2023:20:23:37 -0500] "GET /sipse/js/jquery.min.js HTTP/1.1" 304 -
181.53.13.222 - - [08/Dec/2023:20:23:37 -0500] "GET /sipse/faces/javax.faces.resource/jquery/jquery.js?ln=primefaces&v=4.0 HTTP/1.1" 304 -
181.53.13.222 - - [08/Dec/2023:20:23:38 -0500] "GET /sipse/faces/javax.faces.resource/jquery/jquery-plugins.js?ln=primefaces&v=4.0 HTTP/1.1" 304 -
181.53.13.222 - - [08/Dec/2023:20:23:38 -0500] "GET /sipse/faces/javax.faces.resource/primefaces.js?ln=primefaces&v=4.0 HTTP/1.1" 304 -
181.53.13.222 - - [08/Dec/2023:20:23:38 -0500] "GET /sipse/faces/javax.faces.resource/layout/layout.js?ln=primefaces&v=4.0 HTTP/1.1" 304 -
181.53.13.222 - - [08/Dec/2023:20:23:38 -0500] "GET /sipse/css/v_mergente.css HTTP/1.1" 304 -
181.53.13.222 - - [08/Dec/2023:20:23:38 -0500] "GET /sipse/css/imagen/contrasena.png HTTP/1.1" 404 383
181.53.13.222 - - [08/Dec/2023:20:23:38 -0500] "GET /sipse/imagenes/cargando.gif HTTP/1.1" 304 -
181.53.13.222 - - [08/Dec/2023:20:23:38 -0500] "GET /sipse/imagenes/logoAplicacion.jpg HTTP/1.1" 304 -
181.53.13.222 - - [08/Dec/2023:20:23:39 -0500] "GET /sipse/faces/javax.faces.resource/images/ui-bg_flat_0_2d5972_40x100.png?ln=primefaces-aristo HTTP/1.1" 304 -
181.53.13.222 - - [08/Dec/2023:20:23:39 -0500] "POST /sipse/faces/bienvenido.xhtml HTTP/1.1" 200 2658
181.53.13.222 - - [08/Dec/2023:20:23:40 -0500] "POST /sipse/faces/bienvenido.xhtml HTTP/1.1" 200 65466
181.53.13.222 - - [08/Dec/2023:20:23:44 -0500] "GET /sipse/faces/javax.faces.resource/theme.css?ln=primefaces-sipse HTTP/1.1" 304 -
181.53.13.222 - - [08/Dec/2023:20:23:44 -0500] "GET /sipse/faces/javax.faces.resource/primefaces.css?ln=primefaces&v=4.0 HTTP/1.1" 304 -
181.53.13.222 - - [08/Dec/2023:20:23:44 -0500] "GET /sipse/faces/javax.faces.resource/layout/layout.css?ln=primefaces&v=4.0 HTTP/1.1" 304 -
181.53.13.222 - - [08/Dec/2023:20:23:44 -0500] "GET /sipse/faces/javax.faces.resource/jquery/jquery.js?ln=primefaces&v=4.0 HTTP/1.1" 304 -
181.53.13.222 - - [08/Dec/2023:20:23:44 -0500] "GET /sipse/faces/javax.faces.resource/jquery/jquery-plugins.js?ln=primefaces&v=4.0 HTTP/1.1" 304 -
181.53.13.222 - - [08/Dec/2023:20:23:45 -0500] "GET /sipse/faces/javax.faces.resource/primefaces.js?ln=primefaces&v=4.0 HTTP/1.1" 304 -
181.53.13.222 - - [08/Dec/2023:20:23:45 -0500] "GET /sipse/faces/javax.faces.resource/layout/layout.js?ln=primefaces&v=4.0 HTTP/1.1" 304 -
181.53.13.222 - - [08/Dec/2023:20:23:45 -0500] "POST /sipse/faces/presentacion/financiero/solicitudProceso/listarSolicitudProceso.xhtml HTTP/1.1" 200 1564
181.53.13.222 - - [08/Dec/2023:20:23:49 -0500] "POST /sipse/faces/presentacion/financiero/solicitudProceso/listarSolicitudProceso.xhtml HTTP/1.1" 200 45558
181.53.13.222 - - [08/Dec/2023:20:23:51 -0500] "POST /sipse/faces/presentacion/financiero/solicitudProceso/listarSolicitudProceso.xhtml HTTP/1.1" 200 45764
181.53.13.222 - - [08/Dec/2023:20:23:53 -0500] "POST /sipse/faces/presentacion/financiero/solicitudProceso/listarSolicitudProceso.xhtml HTTP/1.1" 200 36564
181.53.13.222 - - [08/Dec/2023:20:23:54 -0500] "POST /sipse/faces/presentacion/financiero/solicitudProceso/listarSolicitudProceso.xhtml HTTP/1.1" 200 18616
181.53.13.222 - - [08/Dec/2023:20:23:59 -0500] "POST /sipse/faces/presentacion/financiero/solicitudProceso/listarSolicitudProceso.xhtml HTTP/1.1" 200 150165
181.53.13.222 - - [08/Dec/2023:20:24:00 -0500] "GET /sipse/faces/javax.faces.resource/theme.css?ln=primefaces-sipse HTTP/1.1" 304 -
181.53.13.222 - - [08/Dec/2023:20:24:00 -0500] "GET /sipse/faces/javax.faces.resource/primefaces.css?ln=primefaces&v=4.0 HTTP/1.1" 304 -
181.53.13.222 - - [08/Dec/2023:20:24:00 -0500] "GET /sipse/faces/javax.faces.resource/layout/layout.css?ln=primefaces&v=4.0 HTTP/1.1" 304 -
181.53.13.222 - - [08/Dec/2023:20:24:00 -0500] "GET /sipse/faces/javax.faces.resource/jquery/jquery.js?ln=primefaces&v=4.0 HTTP/1.1" 304 -
181.53.13.222 - - [08/Dec/2023:20:24:00 -0500] "GET /sipse/faces/javax.faces.resource/jquery/jquery-plugins.js?ln=primefaces&v=4.0 HTTP/1.1" 304 -
181.53.13.222 - - [08/Dec/2023:20:24:00 -0500] "GET /sipse/faces/javax.faces.resource/primefaces.js?ln=primefaces&v=4.0 HTTP/1.1" 304 -
181.53.13.222 - - [08/Dec/2023:20:24:00 -0500] "GET /sipse/faces/javax.faces.resource/layout/layout.js?ln=primefaces&v=4.0 HTTP/1.1" 304 -
181.53.13.222 - - [08/Dec/2023:20:24:01 -0500] "GET /sipse/faces/javax.faces.resource/dynamiccontent.properties?ln=primefaces&pfdrid=XjOR5%2F%2FfPAZAuY9TpWQeCiM0BhlXxYRBGKi%2FQcXXfeA%3D&pfdrid_c=false HTTP/1.1" 500 383
181.53.13.222 - - [08/Dec/2023:20:24:06 -0500] "POST /sipse/faces/presentacion/financiero/solicitudProceso/consultarSolicitudProceso.xhtml HTTP/1.1" 200 150936
172.22.2.4 - - [08/Dec/2023:20:24:27 -0500] "GET /BLA/boletinlegal/actos.php HTTP/1.1" 200 9682
172.22.2.4 - - [08/Dec/2023:20:24:27 -0500] "GET /BLA/boletinlegal/styles2.css HTTP/1.1" 200 1838
172.22.2.4 - - [08/Dec/2023:20:24:27 -0500] "GET /BLA/boletinlegal/js/ajax_actos.js HTTP/1.1" 200 1322
172.22.2.4 - - [08/Dec/2023:20:24:27 -0500] "GET /BLA/boletinlegal/niceforms-default.css HTTP/1.1" 200 6694
172.22.2.4 - - [08/Dec/2023:20:24:27 -0500] "GET /BLA/boletinlegal/niceforms.js HTTP/1.1" 200 22876
172.22.2.4 - - [08/Dec/2023:20:24:27 -0500] "GET /BLA/boletinlegal/style.css HTTP/1.1" 200 9406
172.22.2.4 - - [08/Dec/2023:20:24:27 -0500] "GET /BLA/boletinlegal/js/lib.js HTTP/1.1" 200 6474
172.22.2.4 - - [08/Dec/2023:20:24:27 -0500] "GET /BLA/boletinlegal/js/popup.js HTTP/1.1" 200 1270
172.22.2.4 - - [08/Dec/2023:20:24:27 -0500] "GET /BLA/boletinlegal/images/cabezote%20BLEGAL.jpg HTTP/1.1" 200 118164
172.22.2.4 - - [08/Dec/2023:20:24:27 -0500] "GET /BLA/boletinlegal/js/jquery1.js HTTP/1.1" 200 29846
172.22.2.4 - - [08/Dec/2023:20:24:27 -0500] "GET /BLA/boletinlegal/images/subscribe-icon-big.png HTTP/1.1" 200 47702
172.22.2.4 - - [08/Dec/2023:20:24:27 -0500] "GET /BLA/boletinlegal/images/historia.png HTTP/1.1" 200 52775
172.22.2.4 - - [08/Dec/2023:20:24:27 -0500] "GET /BLA/boletinlegal/images/body_bg.jpg HTTP/1.1" 200 1601
172.22.2.4 - - [08/Dec/2023:20:24:27 -0500] "GET /BLA/boletinlegal/images/footer_bg.jpg HTTP/1.1" 200 586
172.22.2.4 - - [08/Dec/2023:20:24:27 -0500] "GET /BLA/boletinlegal/images/menu_lft.gif HTTP/1.1" 200 1713
172.22.2.4 - - [08/Dec/2023:20:24:27 -0500] "GET /BLA/boletinlegal/images/menu_rght.gif HTTP/1.1" 200 1627
172.22.2.4 - - [08/Dec/2023:20:24:27 -0500] "GET /BLA/boletinlegal/images/bg_top.jpg HTTP/1.1" 200 522
172.22.2.4 - - [08/Dec/2023:20:24:27 -0500] "GET /BLA/boletinlegal/images/menu_bg.jpg HTTP/1.1" 200 620
172.22.2.4 - - [08/Dec/2023:20:24:27 -0500] "GET /BLA/boletinlegal/images/hover.jpg HTTP/1.1" 200 640
172.22.2.4 - - [08/Dec/2023:20:24:27 -0500] "GET /BLA/boletinlegal/images/text.jpg HTTP/1.1" 200 568
172.22.2.4 - - [08/Dec/2023:20:24:27 -0500] "GET /BLA/boletinlegal/images/registro-usuarios.png HTTP/1.1" 200 8106
172.22.2.4 - - [08/Dec/2023:20:24:27 -0500] "GET /BLA/boletinlegal/images/green-yellow-blue-pink-th.png HTTP/1.1" 200 7394
172.22.2.4 - - [08/Dec/2023:20:24:27 -0500] "GET /BLA/boletinlegal/images/tel.png HTTP/1.1" 200 14477
172.22.2.4 - - [08/Dec/2023:20:24:27 -0500] "GET /BLA/boletinlegal/images/icono-email.png HTTP/1.1" 200 5544
172.22.2.4 - - [08/Dec/2023:20:24:27 -0500] "GET /BLA/boletinlegal/images/footer_bg_l.jpg HTTP/1.1" 200 776
172.22.2.4 - - [08/Dec/2023:20:24:28 -0500] "GET /BLA/boletinlegal/img/0.png HTTP/1.1" 200 110
172.22.2.4 - - [08/Dec/2023:20:24:28 -0500] "GET /BLA/boletinlegal/img/select-left.png HTTP/1.1" 200 263
172.22.2.4 - - [08/Dec/2023:20:24:28 -0500] "GET /BLA/boletinlegal/img/select-right.png HTTP/1.1" 200 44019
172.22.2.4 - - [08/Dec/2023:20:24:28 -0500] "GET /BLA/boletinlegal/img/button.png HTTP/1.1" 200 43241
172.22.2.4 - - [08/Dec/2023:20:24:28 -0500] "GET /BLA/boletinlegal/img/button-left.png HTTP/1.1" 200 57071
172.22.2.4 - - [08/Dec/2023:20:24:28 -0500] "GET /BLA/boletinlegal/img/button-right.png HTTP/1.1" 200 57878
172.22.2.4 - - [08/Dec/2023:20:24:29 -0500] "GET /BLA/boletinlegal/favicon.ico HTTP/1.1" 404 1326
191.108.140.82 - - [08/Dec/2023:20:24:36 -0500] "GET /BLA/resoluciones/ HTTP/1.1" 200 13696
191.108.140.82 - - [08/Dec/2023:20:24:36 -0500] "GET /BLA/resoluciones/dlf/styles.css HTTP/1.1" 200 3049
191.108.140.82 - - [08/Dec/2023:20:24:36 -0500] "GET /BLA/resoluciones/dlf/folder.png HTTP/1.1" 200 410
191.108.140.82 - - [08/Dec/2023:20:24:36 -0500] "GET /BLA/resoluciones/dlf/bg.gif HTTP/1.1" 200 54
172.22.2.4 - - [08/Dec/2023:20:24:40 -0500] "GET /BLA/boletinlegal/consulta_actos.php?tipo=autos&no=&usuario=&sector=&fecha=2023&resuelve= HTTP/1.1" 200 1301057
172.22.2.4 - - [08/Dec/2023:20:24:41 -0500] "GET /BLA/boletinlegal/images/pdf.gif HTTP/1.1" 200 567
172.22.2.4 - - [08/Dec/2023:20:24:41 -0500] "GET /BLA/boletinlegal/images/background.gif HTTP/1.1" 200 -
191.108.140.82 - - [08/Dec/2023:20:24:51 -0500] "GET /BLA/resoluciones/AUTOS%202023/2497.pdf HTTP/1.1" 200 413357
201.245.192.253 - - [08/Dec/2023:20:24:50 -0500] "POST /kwsrmcab/Wsrmcab  HTTP/1.1" 200 41806
172.22.2.4 - - [08/Dec/2023:20:25:14 -0500] "GET /BLA/boletinlegal/consulta_actos.php?tipo=autos&no=&usuario=&sector=&fecha=2022&resuelve= HTTP/1.1" 200 1824528
191.108.140.82 - - [08/Dec/2023:20:25:23 -0500] "GET /BLA/resoluciones/AUTOS%202022/4428.pdf HTTP/1.1" 200 652012
52.167.144.138 - - [08/Dec/2023:20:25:27 -0500] "GET /BLA/resoluciones/AUTOS%202023/8656.pdf HTTP/1.1" 200 513281
191.108.140.82 - - [08/Dec/2023:20:25:27 -0500] "GET /BLA/resoluciones/AUTOS%202022/2785.pdf HTTP/1.1" 200 404568
201.245.192.253 - - [08/Dec/2023:20:26:30 -0500] "POST /kwsrmcab/Wsrmcab HTTP/1.1" 200 38405
201.245.192.253 - - [08/Dec/2023:20:26:34 -0500] "POST /kwsrmcab/Wsrmcab HTTP/1.1" 200 38595
216.245.221.92 - - [08/Dec/2023:20:27:56 -0500] "HEAD / HTTP/1.1" 200 -
172.22.2.4 - - [08/Dec/2023:20:26:25 -0500] "HEAD /BLA/boletinlegal/ HTTP/1.1" 200 -
173.252.107.118 - - [08/Dec/2023:20:28:55 -0500] "GET /30-tinguas-azules-volvieron-a-alzar-vuelo-en-el-humedal-jaboque-en-engativa.html HTTP/1.1" 200 1102
172.22.2.4 - - [08/Dec/2023:20:27:16 -0500] "GET /BLA/boletinlegal/ HTTP/1.1" 200 54693
181.53.13.222 - - [08/Dec/2023:20:28:58 -0500] "POST /sipse/faces/presentacion/financiero/solicitudProceso/consultarSolicitudProceso.xhtml HTTP/1.1" 200 21240
181.53.13.222 - - [08/Dec/2023:20:28:58 -0500] "GET /sipse/faces/javax.faces.resource/primefaces.css?ln=primefaces&v=4.0 HTTP/1.1" 304 -
181.53.13.222 - - [08/Dec/2023:20:28:58 -0500] "GET /sipse/faces/javax.faces.resource/theme.css?ln=primefaces-sipse HTTP/1.1" 304 -
181.53.13.222 - - [08/Dec/2023:20:28:58 -0500] "GET /sipse/faces/javax.faces.resource/layout/layout.css?ln=primefaces&v=4.0 HTTP/1.1" 304 -
181.53.13.222 - - [08/Dec/2023:20:28:58 -0500] "GET /sipse/faces/javax.faces.resource/fileupload/fileupload.css?ln=primefaces&v=4.0 HTTP/1.1" 304 -
181.53.13.222 - - [08/Dec/2023:20:28:58 -0500] "GET /sipse/faces/javax.faces.resource/jquery/jquery-plugins.js?ln=primefaces&v=4.0 HTTP/1.1" 304 -
181.53.13.222 - - [08/Dec/2023:20:28:58 -0500] "GET /sipse/faces/javax.faces.resource/primefaces.js?ln=primefaces&v=4.0 HTTP/1.1" 304 -
181.53.13.222 - - [08/Dec/2023:20:28:58 -0500] "GET /sipse/faces/javax.faces.resource/jquery/jquery.js?ln=primefaces&v=4.0 HTTP/1.1" 304 -
181.53.13.222 - - [08/Dec/2023:20:28:58 -0500] "GET /sipse/faces/javax.faces.resource/layout/layout.js?ln=primefaces&v=4.0 HTTP/1.1" 304 -
181.53.13.222 - - [08/Dec/2023:20:28:58 -0500] "GET /sipse/faces/javax.faces.resource/fileupload/fileupload.js?ln=primefaces&v=4.0 HTTP/1.1" 304 -
181.53.13.222 - - [08/Dec/2023:20:29:18 -0500] "GET /sipse/faces/javax.faces.resource/theme.css?ln=primefaces-sipse HTTP/1.1" 304 -
181.53.13.222 - - [08/Dec/2023:20:29:18 -0500] "GET /sipse/faces/javax.faces.resource/primefaces.css?ln=primefaces&v=4.0 HTTP/1.1" 304 -
181.53.13.222 - - [08/Dec/2023:20:29:18 -0500] "GET /sipse/faces/javax.faces.resource/layout/layout.css?ln=primefaces&v=4.0 HTTP/1.1" 304 -
181.53.13.222 - - [08/Dec/2023:20:29:18 -0500] "GET /sipse/faces/javax.faces.resource/jquery/jquery.js?ln=primefaces&v=4.0 HTTP/1.1" 304 -
181.53.13.222 - - [08/Dec/2023:20:29:18 -0500] "GET /sipse/faces/javax.faces.resource/jquery/jquery-plugins.js?ln=primefaces&v=4.0 HTTP/1.1" 304 -
181.53.13.222 - - [08/Dec/2023:20:29:18 -0500] "GET /sipse/faces/javax.faces.resource/primefaces.js?ln=primefaces&v=4.0 HTTP/1.1" 304 -
181.53.13.222 - - [08/Dec/2023:20:29:18 -0500] "GET /sipse/faces/javax.faces.resource/layout/layout.js?ln=primefaces&v=4.0 HTTP/1.1" 304 -
181.53.13.222 - - [08/Dec/2023:20:29:17 -0500] "POST /sipse/faces/presentacion/sistema/anexos/cargarAnexoSolicitudProceso.xhtml HTTP/1.1" 200 197300
181.53.13.222 - - [08/Dec/2023:20:29:18 -0500] "GET /sipse/faces/javax.faces.resource/dynamiccontent.properties?ln=primefaces&pfdrid=XjOR5%2F%2FfPAZAuY9TpWQeCiM0BhlXxYRBGKi%2FQcXXfeA%3D&pfdrid_c=false HTTP/1.1" 500 383
181.53.13.222 - - [08/Dec/2023:20:29:24 -0500] "POST /sipse/faces/presentacion/financiero/solicitudProceso/consultarSolicitudProceso.xhtml HTTP/1.1" 200 21240
181.53.13.222 - - [08/Dec/2023:20:29:24 -0500] "GET /sipse/faces/javax.faces.resource/primefaces.css?ln=primefaces&v=4.0 HTTP/1.1" 304 -
181.53.13.222 - - [08/Dec/2023:20:29:24 -0500] "GET /sipse/faces/javax.faces.resource/theme.css?ln=primefaces-sipse HTTP/1.1" 304 -
181.53.13.222 - - [08/Dec/2023:20:29:24 -0500] "GET /sipse/faces/javax.faces.resource/layout/layout.css?ln=primefaces&v=4.0 HTTP/1.1" 304 -
181.53.13.222 - - [08/Dec/2023:20:29:24 -0500] "GET /sipse/faces/javax.faces.resource/fileupload/fileupload.css?ln=primefaces&v=4.0 HTTP/1.1" 304 -
181.53.13.222 - - [08/Dec/2023:20:29:24 -0500] "GET /sipse/faces/javax.faces.resource/jquery/jquery-plugins.js?ln=primefaces&v=4.0 HTTP/1.1" 304 -
181.53.13.222 - - [08/Dec/2023:20:29:24 -0500] "GET /sipse/faces/javax.faces.resource/jquery/jquery.js?ln=primefaces&v=4.0 HTTP/1.1" 304 -
181.53.13.222 - - [08/Dec/2023:20:29:24 -0500] "GET /sipse/faces/javax.faces.resource/primefaces.js?ln=primefaces&v=4.0 HTTP/1.1" 304 -
181.53.13.222 - - [08/Dec/2023:20:29:24 -0500] "GET /sipse/faces/javax.faces.resource/layout/layout.js?ln=primefaces&v=4.0 HTTP/1.1" 304 -
181.53.13.222 - - [08/Dec/2023:20:29:24 -0500] "GET /sipse/faces/javax.faces.resource/fileupload/fileupload.js?ln=primefaces&v=4.0 HTTP/1.1" 304 -
201.245.192.253 - - [08/Dec/2023:20:29:49 -0500] "POST /kwsrmcab/Wsrmcab  HTTP/1.1" 200 41806
181.53.13.222 - - [08/Dec/2023:20:30:00 -0500] "GET /sipse/faces/javax.faces.resource/theme.css?ln=primefaces-sipse HTTP/1.1" 304 -
181.53.13.222 - - [08/Dec/2023:20:30:00 -0500] "GET /sipse/faces/javax.faces.resource/primefaces.css?ln=primefaces&v=4.0 HTTP/1.1" 304 -
181.53.13.222 - - [08/Dec/2023:20:30:00 -0500] "GET /sipse/faces/javax.faces.resource/layout/layout.css?ln=primefaces&v=4.0 HTTP/1.1" 304 -
181.53.13.222 - - [08/Dec/2023:20:30:00 -0500] "GET /sipse/faces/javax.faces.resource/jquery/jquery.js?ln=primefaces&v=4.0 HTTP/1.1" 304 -
181.53.13.222 - - [08/Dec/2023:20:30:00 -0500] "GET /sipse/faces/javax.faces.resource/jquery/jquery-plugins.js?ln=primefaces&v=4.0 HTTP/1.1" 304 -
181.53.13.222 - - [08/Dec/2023:20:30:00 -0500] "GET /sipse/faces/javax.faces.resource/primefaces.js?ln=primefaces&v=4.0 HTTP/1.1" 304 -
181.53.13.222 - - [08/Dec/2023:20:30:00 -0500] "GET /sipse/faces/javax.faces.resource/layout/layout.js?ln=primefaces&v=4.0 HTTP/1.1" 304 -
181.53.13.222 - - [08/Dec/2023:20:29:59 -0500] "POST /sipse/faces/presentacion/sistema/anexos/cargarAnexoSolicitudProceso.xhtml HTTP/1.1" 200 199115
181.53.13.222 - - [08/Dec/2023:20:30:01 -0500] "GET /sipse/faces/javax.faces.resource/dynamiccontent.properties?ln=primefaces&pfdrid=XjOR5%2F%2FfPAZAuY9TpWQeCiM0BhlXxYRBGKi%2FQcXXfeA%3D&pfdrid_c=false HTTP/1.1" 500 383
201.245.192.253 - - [08/Dec/2023:20:30:15 -0500] "POST /kwsrmcab/Wsrmcab HTTP/1.1" 200 38405
201.245.192.253 - - [08/Dec/2023:20:30:24 -0500] "POST /kwsrmcab/Wsrmcab HTTP/1.1" 200 38595
181.53.13.222 - - [08/Dec/2023:20:30:29 -0500] "POST /sipse/faces/presentacion/financiero/solicitudProceso/consultarSolicitudProceso.xhtml HTTP/1.1" 200 37525
181.53.13.222 - - [08/Dec/2023:20:30:35 -0500] "GET /sipse/faces/javax.faces.resource/theme.css?ln=primefaces-sipse HTTP/1.1" 304 -
181.53.13.222 - - [08/Dec/2023:20:30:35 -0500] "GET /sipse/faces/javax.faces.resource/jquery/jquery.js?ln=primefaces&v=4.0 HTTP/1.1" 304 -
181.53.13.222 - - [08/Dec/2023:20:30:35 -0500] "GET /sipse/faces/javax.faces.resource/primefaces.css?ln=primefaces&v=4.0 HTTP/1.1" 304 -
181.53.13.222 - - [08/Dec/2023:20:30:35 -0500] "GET /sipse/faces/javax.faces.resource/layout/layout.css?ln=primefaces&v=4.0 HTTP/1.1" 304 -
181.53.13.222 - - [08/Dec/2023:20:30:35 -0500] "GET /sipse/faces/javax.faces.resource/jquery/jquery-plugins.js?ln=primefaces&v=4.0 HTTP/1.1" 304 -
181.53.13.222 - - [08/Dec/2023:20:30:35 -0500] "GET /sipse/faces/javax.faces.resource/primefaces.js?ln=primefaces&v=4.0 HTTP/1.1" 304 -
181.53.13.222 - - [08/Dec/2023:20:30:35 -0500] "GET /sipse/faces/javax.faces.resource/layout/layout.js?ln=primefaces&v=4.0 HTTP/1.1" 304 -
181.53.13.222 - - [08/Dec/2023:20:30:35 -0500] "POST /sipse/faces/presentacion/financiero/solicitudProceso/listarSolicitudProceso.xhtml HTTP/1.1" 200 1396
199.16.157.181 - - [08/Dec/2023:20:30:42 -0500] "GET /images/cr%C3%B3nica-29-nov-1_optimized.jpeg HTTP/1.1" 404 1034
181.53.13.222 - - [08/Dec/2023:20:30:42 -0500] "POST /sipse/faces/presentacion/financiero/solicitudProceso/listarSolicitudProceso.xhtml HTTP/1.1" 200 45558
181.53.13.222 - - [08/Dec/2023:20:30:43 -0500] "POST /sipse/faces/presentacion/financiero/solicitudProceso/listarSolicitudProceso.xhtml HTTP/1.1" 200 45764
181.53.13.222 - - [08/Dec/2023:20:30:44 -0500] "POST /sipse/faces/presentacion/financiero/solicitudProceso/listarSolicitudProceso.xhtml HTTP/1.1" 200 36542
181.53.13.222 - - [08/Dec/2023:20:30:46 -0500] "POST /sipse/faces/presentacion/financiero/solicitudProceso/listarSolicitudProceso.xhtml HTTP/1.1" 200 18639
181.53.13.222 - - [08/Dec/2023:20:30:50 -0500] "POST /sipse/faces/presentacion/financiero/solicitudProceso/listarSolicitudProceso.xhtml HTTP/1.1" 200 148397
181.53.13.222 - - [08/Dec/2023:20:30:51 -0500] "GET /sipse/faces/javax.faces.resource/theme.css?ln=primefaces-sipse HTTP/1.1" 304 -
181.53.13.222 - - [08/Dec/2023:20:30:51 -0500] "GET /sipse/faces/javax.faces.resource/primefaces.css?ln=primefaces&v=4.0 HTTP/1.1" 304 -
181.53.13.222 - - [08/Dec/2023:20:30:51 -0500] "GET /sipse/faces/javax.faces.resource/layout/layout.css?ln=primefaces&v=4.0 HTTP/1.1" 304 -
181.53.13.222 - - [08/Dec/2023:20:30:51 -0500] "GET /sipse/faces/javax.faces.resource/jquery/jquery.js?ln=primefaces&v=4.0 HTTP/1.1" 304 -
181.53.13.222 - - [08/Dec/2023:20:30:51 -0500] "GET /sipse/faces/javax.faces.resource/jquery/jquery-plugins.js?ln=primefaces&v=4.0 HTTP/1.1" 304 -
181.53.13.222 - - [08/Dec/2023:20:30:51 -0500] "GET /sipse/faces/javax.faces.resource/primefaces.js?ln=primefaces&v=4.0 HTTP/1.1" 304 -
181.53.13.222 - - [08/Dec/2023:20:30:51 -0500] "GET /sipse/faces/javax.faces.resource/layout/layout.js?ln=primefaces&v=4.0 HTTP/1.1" 304 -
181.53.13.222 - - [08/Dec/2023:20:30:51 -0500] "GET /sipse/faces/javax.faces.resource/dynamiccontent.properties?ln=primefaces&pfdrid=XjOR5%2F%2FfPAZAuY9TpWQeCiM0BhlXxYRBGKi%2FQcXXfeA%3D&pfdrid_c=false HTTP/1.1" 500 383
181.53.13.222 - - [08/Dec/2023:20:30:57 -0500] "POST /sipse/faces/presentacion/financiero/solicitudProceso/consultarSolicitudProceso.xhtml HTTP/1.1" 200 145458
109.205.213.94 - - [08/Dec/2023:20:31:07 -0500] "GET / HTTP/1.1" 200 319
40.77.167.30 - - [08/Dec/2023:20:32:47 -0500] "GET /BLA/resoluciones/AUTOS%202023/8656.pdf HTTP/1.1" 200 513281
216.245.221.92 - - [08/Dec/2023:20:32:56 -0500] "HEAD / HTTP/1.1" 200 -
172.22.2.4 - - [08/Dec/2023:20:32:15 -0500] "HEAD /BLA/boletinlegal/ HTTP/1.1" 200 -
213.255.194.128 - - [08/Dec/2023:20:34:35 -0500] "GET /programacion-caminos-de-los-cerros-para-diciembre-y-ano-nuevo.html HTTP/1.1" 200 851
152.39.243.243 - - [08/Dec/2023:20:34:36 -0500] "GET /programacion-caminos-de-los-cerros-para-diciembre-y-ano-nuevo.html HTTP/1.1" 200 851
172.22.2.4 - - [08/Dec/2023:20:33:06 -0500] "GET /BLA/boletinlegal/ HTTP/1.1" 200 52214
201.245.192.253 - - [08/Dec/2023:20:34:46 -0500] "POST /kwsrmcab/Wsrmcab  HTTP/1.1" 200 41806
172.22.2.4 - - [08/Dec/2023:20:33:10 -0500] "GET /BLA/boletinlegal/ HTTP/1.1" 200 52827
172.22.2.4 - - [08/Dec/2023:20:36:13 -0500] "GET /BLA/boletinlegal/consulta_actos.php?tipo=autos&no=&usuario=&sector=&fecha=2021&resuelve= HTTP/1.1" 200 1195773
201.245.192.253 - - [08/Dec/2023:20:36:30 -0500] "POST /kwsrmcab/Wsrmcab HTTP/1.1" 200 38405
191.108.140.82 - - [08/Dec/2023:20:36:36 -0500] "GET /BLA/resoluciones/AUTOS%202021/1714.pdf HTTP/1.1" 200 463892
201.245.192.253 - - [08/Dec/2023:20:36:34 -0500] "POST /kwsrmcab/Wsrmcab HTTP/1.1" 200 38595
172.22.2.4 - - [08/Dec/2023:20:37:04 -0500] "GET /BLA/boletinlegal/Circulares/2019/.pdf HTTP/1.1" 404 1218
191.108.140.82 - - [08/Dec/2023:20:37:08 -0500] "GET /BLA/resoluciones/AUTOS%202021/1345.pdf HTTP/1.1" 200 325359
172.22.2.4 - - [08/Dec/2023:20:37:26 -0500] "GET /BLA/boletinlegal/consulta_actos.php?tipo=autos&no=&usuario=&sector=&fecha=2020&resuelve= HTTP/1.1" 200 1151070
191.108.140.82 - - [08/Dec/2023:20:37:37 -0500] "GET /BLA/resoluciones/AUTOS%202020/3032.pdf HTTP/1.1" 200 1236364
216.245.221.92 - - [08/Dec/2023:20:37:56 -0500] "HEAD / HTTP/1.1" 200 -
191.108.140.82 - - [08/Dec/2023:20:37:56 -0500] "GET /BLA/resoluciones/AUTOS%202020/2956.pdf HTTP/1.1" 200 314696
191.95.63.90 - - [08/Dec/2023:20:38:29 -0500] "GET /sipse/faces/faces/autenticacion.xhtml HTTP/1.1" 200 12423
191.95.63.90 - - [08/Dec/2023:20:38:30 -0500] "GET /sipse/faces/faces/index.xhtml HTTP/1.1" 200 677
191.95.63.90 - - [08/Dec/2023:20:38:30 -0500] "GET /sipse/faces/javax.faces.resource/primefaces.css?ln=primefaces&v=4.0 HTTP/1.1" 304 -
191.95.63.90 - - [08/Dec/2023:20:38:30 -0500] "GET /sipse/faces/javax.faces.resource/theme.css?ln=primefaces-sipse HTTP/1.1" 304 -
191.95.63.90 - - [08/Dec/2023:20:38:30 -0500] "GET /sipse/faces/javax.faces.resource/jquery/jquery-plugins.js?ln=primefaces&v=4.0 HTTP/1.1" 304 -
191.95.63.90 - - [08/Dec/2023:20:38:30 -0500] "GET /sipse/faces/javax.faces.resource/primefaces.js?ln=primefaces&v=4.0 HTTP/1.1" 304 -
191.95.63.90 - - [08/Dec/2023:20:38:30 -0500] "GET /sipse/faces/javax.faces.resource/jquery/jquery.js?ln=primefaces&v=4.0 HTTP/1.1" 304 -
191.95.63.90 - - [08/Dec/2023:20:38:30 -0500] "GET /sipse/faces/javax.faces.resource/layout/layout.css?ln=primefaces&v=4.0 HTTP/1.1" 304 -
191.95.63.90 - - [08/Dec/2023:20:38:30 -0500] "GET /sipse/faces/javax.faces.resource/layout/layout.js?ln=primefaces&v=4.0 HTTP/1.1" 304 -
191.95.63.90 - - [08/Dec/2023:20:38:30 -0500] "GET /sipse/faces/javax.faces.resource/images/ui-icons_898989_256x240.png?ln=primefaces-aristo HTTP/1.1" 304 -
191.95.63.90 - - [08/Dec/2023:20:38:30 -0500] "GET /sipse/faces/javax.faces.resource/jquery/jquery-plugins.js?ln=primefaces&v=4.0 HTTP/1.1" 304 -
191.95.63.90 - - [08/Dec/2023:20:38:30 -0500] "GET /sipse/faces/javax.faces.resource/theme.css?ln=primefaces-sipse HTTP/1.1" 304 -
191.95.63.90 - - [08/Dec/2023:20:38:30 -0500] "GET /sipse/faces/javax.faces.resource/layout/layout.css?ln=primefaces&v=4.0 HTTP/1.1" 304 -
191.95.63.90 - - [08/Dec/2023:20:38:30 -0500] "GET /sipse/faces/javax.faces.resource/primefaces.css?ln=primefaces&v=4.0 HTTP/1.1" 304 -
191.95.63.90 - - [08/Dec/2023:20:38:30 -0500] "GET /sipse/faces/javax.faces.resource/jquery/jquery.js?ln=primefaces&v=4.0 HTTP/1.1" 304 -
191.95.63.90 - - [08/Dec/2023:20:38:30 -0500] "GET /sipse/faces/faces/faces/autenticacion.xhtml HTTP/1.1" 200 12423
191.95.63.90 - - [08/Dec/2023:20:38:30 -0500] "GET /sipse/faces/javax.faces.resource/primefaces.js?ln=primefaces&v=4.0 HTTP/1.1" 304 -
191.95.63.90 - - [08/Dec/2023:20:38:30 -0500] "GET /sipse/faces/javax.faces.resource/layout/layout.js?ln=primefaces&v=4.0 HTTP/1.1" 304 -
191.95.63.90 - - [08/Dec/2023:20:38:30 -0500] "GET /sipse/faces/javax.faces.resource/images/ui-icons_898989_256x240.png?ln=primefaces-aristo HTTP/1.1" 304 -
172.22.2.4 - - [08/Dec/2023:20:38:32 -0500] "GET /BLA/boletinlegal/actos.php HTTP/1.1" 200 9682
172.22.2.4 - - [08/Dec/2023:20:38:33 -0500] "GET /BLA/boletinlegal/favicon.ico HTTP/1.1" 404 1326
172.22.2.4 - - [08/Dec/2023:20:38:41 -0500] "GET /BLA/boletinlegal/consulta_actos.php?tipo=autos&no=&usuario=&sector=&fecha=2023&resuelve=sanemiento HTTP/1.1" 200 626
172.22.2.4 - - [08/Dec/2023:20:38:42 -0500] "GET /BLA/boletinlegal/consulta_actos.php?tipo=resoluciones&no=&usuario=&sector=&fecha=2022&resuelve= HTTP/1.1" 200 4993584
172.22.2.4 - - [08/Dec/2023:20:38:44 -0500] "GET /BLA/boletinlegal/consulta_actos.php?tipo=autos&no=&usuario=&sector=&fecha=2023&resuelve=sanemiento HTTP/1.1" 200 626
172.22.2.4 - - [08/Dec/2023:20:38:48 -0500] "GET /BLA/boletinlegal/consulta_actos.php?tipo=autos&no=&usuario=&sector=&fecha=2023&resuelve=saneamiento HTTP/1.1" 200 626
172.22.2.4 - - [08/Dec/2023:20:39:04 -0500] "GET /BLA/boletinlegal/consulta_actos.php?tipo=autos&no=&usuario=&sector=&fecha=2023&resuelve=excluor HTTP/1.1" 200 626
172.22.2.4 - - [08/Dec/2023:20:39:08 -0500] "GET /BLA/boletinlegal/consulta_actos.php?tipo=autos&no=&usuario=&sector=&fecha=2023&resuelve=excluir HTTP/1.1" 200 626
172.22.2.4 - - [08/Dec/2023:20:39:10 -0500] "GET /BLA/boletinlegal/consulta_actos.php?tipo=autos&no=&usuario=&sector=&fecha=2023&resuelve=excluir HTTP/1.1" 200 626
172.22.2.4 - - [08/Dec/2023:20:39:22 -0500] "GET /BLA/boletinlegal/consulta_actos.php?tipo=autos&no=&usuario=&sector=&fecha=2023&resuelve=sustraer HTTP/1.1" 200 626
172.22.2.4 - - [08/Dec/2023:20:39:25 -0500] "GET /BLA/boletinlegal/consulta_actos.php?tipo=autos&no=&usuario=&sector=&fecha=2022&resuelve=sustraer HTTP/1.1" 200 626
172.22.2.4 - - [08/Dec/2023:20:38:05 -0500] "HEAD /BLA/boletinlegal/ HTTP/1.1" 200 -
201.245.192.253 - - [08/Dec/2023:20:39:45 -0500] "POST /kwsrmcab/Wsrmcab  HTTP/1.1" 200 41806
201.245.192.253 - - [08/Dec/2023:20:40:15 -0500] "POST /kwsrmcab/Wsrmcab HTTP/1.1" 200 38405
201.245.192.253 - - [08/Dec/2023:20:40:25 -0500] "POST /kwsrmcab/Wsrmcab HTTP/1.1" 200 38595
172.22.2.4 - - [08/Dec/2023:20:38:56 -0500] "GET /BLA/boletinlegal/ HTTP/1.1" 200 58644
20.15.133.186 - - [08/Dec/2023:20:41:04 -0500] "GET /BLA/resoluciones/RESOLUCIONES%202021/0053.pdf HTTP/1.1" 200 378118
216.245.221.92 - - [08/Dec/2023:20:42:56 -0500] "HEAD / HTTP/1.1" 200 -
40.77.167.64 - - [08/Dec/2023:20:43:03 -0500] "GET /BLA/resoluciones/AUTOS%202023/7629.pdf HTTP/1.1" 200 419314
201.245.192.253 - - [08/Dec/2023:20:44:44 -0500] "POST /kwsrmcab/Wsrmcab  HTTP/1.1" 200 41806
172.22.2.4 - - [08/Dec/2023:20:43:55 -0500] "HEAD /BLA/boletinlegal/ HTTP/1.1" 200 -
172.22.2.4 - - [08/Dec/2023:20:45:49 -0500] "GET /BLA/boletinlegal/consulta_actos.php?tipo=autos&no=&usuario=&sector=&fecha=2022&resuelve=ELLIMINAR HTTP/1.1" 200 626
172.22.2.4 - - [08/Dec/2023:20:45:55 -0500] "GET /BLA/boletinlegal/consulta_actos.php?tipo=autos&no=&usuario=&sector=&fecha=2021&resuelve=ELLIMINAR HTTP/1.1" 200 626
172.22.2.4 - - [08/Dec/2023:20:45:56 -0500] "GET /BLA/boletinlegal/consulta_actos.php?tipo=autos&no=&usuario=&sector=&fecha=2021&resuelve=ELLIMINAR HTTP/1.1" 200 626
172.22.2.4 - - [08/Dec/2023:20:46:00 -0500] "GET /BLA/boletinlegal/consulta_actos.php?tipo=autos&no=&usuario=&sector=&fecha=2021&resuelve=ACLARACION HTTP/1.1" 200 626
172.22.2.4 - - [08/Dec/2023:20:46:02 -0500] "GET /BLA/boletinlegal/consulta_actos.php?tipo=autos&no=&usuario=&sector=&fecha=2021&resuelve=ACLARACION HTTP/1.1" 200 626
172.22.2.4 - - [08/Dec/2023:20:46:03 -0500] "GET /BLA/boletinlegal/consulta_actos.php?tipo=autos&no=&usuario=&sector=&fecha=2021&resuelve=ACLARACION HTTP/1.1" 200 626
172.22.2.4 - - [08/Dec/2023:20:46:03 -0500] "GET /BLA/boletinlegal/consulta_actos.php?tipo=autos&no=&usuario=&sector=&fecha=2021&resuelve=ACLARACION HTTP/1.1" 200 626
172.22.2.4 - - [08/Dec/2023:20:46:04 -0500] "GET /BLA/boletinlegal/consulta_actos.php?tipo=autos&no=&usuario=&sector=&fecha=2021&resuelve=ACLARACION HTTP/1.1" 200 626
172.22.2.4 - - [08/Dec/2023:20:46:04 -0500] "GET /BLA/boletinlegal/consulta_actos.php?tipo=autos&no=&usuario=&sector=&fecha=2021&resuelve=ACLARACION HTTP/1.1" 200 626
172.22.2.4 - - [08/Dec/2023:20:46:11 -0500] "GET /BLA/boletinlegal/consulta_actos.php?tipo=autos&no=&usuario=&sector=&fecha=2020&resuelve=ACLARACION HTTP/1.1" 200 626
172.22.2.4 - - [08/Dec/2023:20:46:12 -0500] "GET /BLA/boletinlegal/consulta_actos.php?tipo=autos&no=&usuario=&sector=&fecha=2020&resuelve=ACLARACION HTTP/1.1" 200 626
172.22.2.4 - - [08/Dec/2023:20:44:46 -0500] "GET /BLA/boletinlegal/ HTTP/1.1" 200 60634
172.22.2.4 - - [08/Dec/2023:20:46:45 -0500] "GET /BLA/boletinlegal/consulta_actos.php?tipo=autos&no=&usuario=&sector=&fecha=2020&resuelve=aclaraci%F3n%20 HTTP/1.1" 200 626
172.22.2.4 - - [08/Dec/2023:20:46:48 -0500] "GET /BLA/boletinlegal/consulta_actos.php?tipo=autos&no=&usuario=&sector=&fecha=2020&resuelve=aclaraci%F3n HTTP/1.1" 200 626
172.22.2.4 - - [08/Dec/2023:20:46:55 -0500] "GET /BLA/boletinlegal/consulta_actos.php?tipo=autos&no=&usuario=&sector=&fecha=2021&resuelve=aclaraci%F3n HTTP/1.1" 200 626
172.22.2.4 - - [08/Dec/2023:20:46:59 -0500] "GET /BLA/boletinlegal/consulta_actos.php?tipo=autos&no=&usuario=&sector=&fecha=2023&resuelve=aclaraci%F3n HTTP/1.1" 200 626
172.22.2.4 - - [08/Dec/2023:20:47:07 -0500] "GET /BLA/boletinlegal/consulta_actos.php?tipo=autos&no=&usuario=&sector=&fecha=2023&resuelve=de%20aclaracion HTTP/1.1" 200 626
216.245.221.92 - - [08/Dec/2023:20:47:56 -0500] "HEAD / HTTP/1.1" 200 -
52.167.144.220 - - [08/Dec/2023:20:48:29 -0500] "GET /BLA/resoluciones/RESOLUCIONES%202023/1572.pdf HTTP/1.1" 200 447866
40.77.167.235 - - [08/Dec/2023:20:48:42 -0500] "GET /portaldeninos/wp-content/uploads/2019/09/Categorias-%C3%A1rboles.jpg HTTP/1.1" 200 275407
179.33.73.22 - - [08/Dec/2023:20:49:23 -0500] "GET /kwssiamovil/sm/ldap/au?x=U2FsdGVkX1+WdvAZCUujGony/KAzYZj5zVxPyFR+8TH+dNUA2hHYCls8r3rE489V&y=U2FsdGVkX19MKoTe6k4dmt2K6DFoh/8lgK/hoF74oyrA3f+eoSXjdZvznCN0patH HTTP/1.1" 200 30
179.33.73.22 - - [08/Dec/2023:20:49:24 -0500] "GET /kwssiamovil/sm/acme/s?s=U2FsdGVkX1+/e6Zhf9yPDwIe91MhqzEP55gQ1UOVExkzDtOgnrGWovNxYowyEdqQHXQpH4D0NSTlTQySDDtSubO11qGPFiU9kc3XJQGv2I8=&u=U2FsdGVkX1+0AcNpwliDYliO741YVzawlCfMb0Ji63Y=&y=U2FsdGVkX19MKoTe6k4dmt2K6DFoh/8lgK/hoF74oyrA3f+eoSXjdZvznCN0patH HTTP/1.1" 200 97
179.33.73.22 - - [08/Dec/2023:20:49:24 -0500] "GET /kwssiamovil/sm/acme/s?s=U2FsdGVkX18cfg6L9E0b1BDM74EHvKH4UIDW1nt91v0zSKh7n5CIpIqhBOd8sDVa+9s73N2lgai+z9sp5zf92WEXQLYtEoppz6gAgOjlGxq6uDGhk0C4Wli2X+RX+FHP6nHaIcB7ogn15BAovJpN32BVFJMrHoO9y6FpkYeM/kqR72BORVSip92PY849F+3W+smArKM6JDLZi94RGdMIZxkqWM1CsSZiNW28Ud5azi6E5YEnRKd/peiv8ihOe+oZ1r5eqwyZXI+TK/XmNW7E302pQ+ekjJul5Jw5mgXgrMCCk361RgibL/jErdZ5kyl/83/usAp4+xWXDWL7rkKfLS9mhU6YymT+/UPY2B3PwJ5/JuPyExW1HczmClyXiZzW9+/wGgdniLlukh1BKis39aZEJ9mNW1PZW4Cv/6Ej2wLFzqRWx28AbMWqmA/zgibIxPq2n9CS2w4OWZ1aI8xJKreoIghGr4OZcu0uSOdAqCh2+a5kGpCh/NLy8dVd5NhqlR63Vmxg80i8FlqF2IxHpZ2ATaa7XgAevt+G5NaBne6YqiObxtLW46lNr73/iyRBH9vozJNKQ6FZqN3QdWVeglGiwQE38SRe18TPNWp6M0Xv5bO1tpNlaLKwISw4UV5yzJv2ZoyRKAEUVC20w6tUEi4wD6QJ6iOLqF6m+QF8IoDYjIlCfzrgu9q5DgTPartXVl7XuQj4XOADdeYVBAH/iCv7qL436lyhs8y2D9iHFG3Mc6/JMHsL+8phCg7scbZ8nqqQUDgnmBujELl+wjQt7nIWtWv3cLRyLm8ShuiNYMi9PMwgycIn0gL8M8N9N3azR6W6wDfO/tozz7gH92iAQzMqlObTvk9jelXklrmPO6HgAJqvPWObldUNuRj/0F+5jlkhuYYa5ZjskcXaM94wSDffzJKdhaccnDwaykXb0IJ9UGvXRioD8JKK1lRW5f9nrHPb6xlZdcs6v9P9EyoBmluW/W01CEYFrfVxOa8+8LCAW+vOEYOEIbj9+BfE3sJsNzhcKJpQ8ypHNhb4pWgBlmoRzeP+SDoAT/8tn7fY7S3G3+FNXU9J+Dlf7m1gHjAYh+GWlxcLkhyFXyIK1QJW1JwhO61LeNbMp0w4jBv+gYiHg+bQV2FFnwTNNYT5t3pTwYEOZoZNKw938/9BDiNrYQ5SZoAJ4uVeiOIVbmAmUSMU8eUlRxX4mZlD3FO8L3piKL8IUlPcYfOlfyjTqpLONvI6xOonitTamcRcwHOY+ncqfY3Z/yhb5tylbxA4QCmSHcEKezqIP9s+hb0/YUNHtXhbXAlPvwdQVVCYEv0n+PYnaHQUqc5RsLceogVbWCazS1c1fYfyosfD+/VEPmhRVuN8PtqbDomKIAUCITpOkar4EbxWlRpYDyrFU3OhZ46oBEZTzv28YTAliabzdK0as00UO1PggZ3LpWuEAS5MzH9wpxjNJPgSV9JsLl7umEyaILgGoajo6kaUQl8Chc+PNfSyhiiedSa2EV7cyE+2fi/Wr1TvZP7p3hW73W/lbSEs59gIlRp+w7dW92KMenQVRmekTLhvumhSb351gSJcsi8LrzTdgHPROQSlHjd7GnXRUBjbeGrLjagzij35ifeP2Ca4MKpvD7wtXlU/ipg58erHHEzg1DV5G6VMQNcDmZPJkKCHRdaTZW/91+Jt8Ru5i9mTZjWXmXjloXSl4fNAUpkEdDU5wdDJ6lDC3PS0B/z2eiWrhZPL+I5oRWcRgGRH0w0bWH9rdR2IqYU2WC/mZKo=&u=U2FsdGVkX1+0AcNpwliDYliO741YVzawlCfMb0Ji63Y=&y=U2FsdGVkX19MKoTe6k4dmt2K6DFoh/8lgK/hoF74oyrA3f+eoSXjdZvznCN0patH HTTP/1.1" 200 4449
179.33.73.22 - - [08/Dec/2023:20:49:24 -0500] "GET /kwssiamovil/sm/acme/s?s=U2FsdGVkX1/rUDmr7sElVo1GXBFGfrG72QmLebs0d2Ccz9Uu7nq150Vea2XbRnTuXfYYjQTibWIHGPJtFN/mLnzQMP7buEceaaJxLFgrwB+1mH34kNh2p8SGEli/I5xx5ltvFgWt2hLbU2GS3HEFUG2CAFpMUJBoToCRwBj6sJW84KIpkc82P+dIw9O1sAD1ZCN+eoFKYGXMrEl44cIFrxbZttOY6BmtItzbq+aCH49yV8AmuEIs93AiQKI4dZEaObRAlwiTiOFe9dhQJvTyCp3HVngFGJ+Mx+Cithhfh7NdhtNcb79V0MFx7+mrs7I+03JTyYsI5dDGmlAPiBJfcpawAngV5/ZA6AcfAFTUvMzkK85ZhEo0bNkHs2vix1CX6Z0fUodGlBaCJXR14ay636ngxaWHAoJXCn3xlux4m/5kh3oL9VUaZP05NQQfgRjeROf2vxhXhC2tX2RV0gd3Dl9OZ0jHIccDZHHsI31pyWKa/lWdSX4fJuc3AFJwEOvQrfpwzidcjeyYf5zKt8V/s+037MZsGznPHdbeJbfzijzM5R7WdVtjA+hDZYEv8LWsVNmAcAVR+SF37BiaX4u7lh6wfSQCBRpJ0U0vdKV4E89OV4oSMMMAJIdTYo/C5ZjkV9FfFLWHQXpOh8ScHkd2rnkiXXclj5LLjAmwHNUAIcq73kaBJE0J0jj+tVbkS5AvV8V3s+mZIrjw4PSNeeqDwL1gITn8smUU2u5uExPgR8Q6GFRwDYd48h/20ZsfiJnm&u=U2FsdGVkX1+0AcNpwliDYliO741YVzawlCfMb0Ji63Y=&y=U2FsdGVkX19MKoTe6k4dmt2K6DFoh/8lgK/hoF74oyrA3f+eoSXjdZvznCN0patH HTTP/1.1" 200 208
179.33.73.22 - - [08/Dec/2023:20:49:24 -0500] "GET /kwssiamovil/sm/cjson/pre?f=1&x=U2FsdGVkX1+WdvAZCUujGony/KAzYZj5zVxPyFR+8TH+dNUA2hHYCls8r3rE489V HTTP/1.1" 200 31032
201.245.192.253 - - [08/Dec/2023:20:49:43 -0500] "POST /kwsrmcab/Wsrmcab  HTTP/1.1" 200 41806
31.13.127.15 - - [08/Dec/2023:20:50:40 -0500] "GET /historica-cifra-de-participacion-en-el-simulacro-de-evacuacion-en-bogota-casi-4-millones-de-capitalinos-se-inscribieron-y-participaron-a-este-ejercicio-que-salva-vidas.html HTTP/1.1" 200 942
172.22.2.4 - - [08/Dec/2023:20:49:45 -0500] "HEAD /BLA/boletinlegal/ HTTP/1.1" 200 -
172.22.2.4 - - [08/Dec/2023:20:50:36 -0500] "GET /BLA/boletinlegal/ HTTP/1.1" 200 60224
216.245.221.92 - - [08/Dec/2023:20:52:56 -0500] "HEAD / HTTP/1.1" 200 -
172.22.2.4 - - [08/Dec/2023:20:54:04 -0500] "GET /BLA/boletinlegal/Circulares/2019/.pdf HTTP/1.1" 404 1037
201.245.192.253 - - [08/Dec/2023:20:54:42 -0500] "POST /kwsrmcab/Wsrmcab  HTTP/1.1" 200 41806
179.33.73.22 - - [08/Dec/2023:20:54:52 -0500] "GET /kwssiamovil/sm/acme/a?s=U2FsdGVkX1//EYzyqIuEZ6m1mMteiKuipt46h4abXNuAOM18VixurRifrGKS2Gxvz2AWNhYd6TlRnCutxAQwX/uyimAT2yzR9w6blr88EsoaO8WBec0bMfjQYtSL08sxS72eE5kYDQZiVA7bDZsxMQlTu75oRA+taqqHNhkQOvxcFQF4oYVEllM8mnMZNvfi3yNjc+fBmUze81AgDQgaXcw0fz+qZNnwuG1Rra+hcXRNEuRPJlLj4GfLhg+flZFwM3UVxVbOp6nvvC5DyUhERA==&u=U2FsdGVkX1+0AcNpwliDYliO741YVzawlCfMb0Ji63Y=&y=U2FsdGVkX19MKoTe6k4dmt2K6DFoh/8lgK/hoF74oyrA3f+eoSXjdZvznCN0patH HTTP/1.1" 200 26
179.33.73.22 - - [08/Dec/2023:20:54:52 -0500] "GET /kwssiamovil/sm/acme/a?s=U2FsdGVkX1+JBSUX2AUUesmyu742W0GJibKvaKzWE70OaCvKUIG8rnQw7Q5vqLmkmEyF9YorzE7Fh3x+nHLF+OLHEd2bzRP6jY/ltljgDBfVxIj1zLwb4e3IXi32iOuR38S0G5TCm3IlpsEgFK3j2bDsbMQngKmUctSEbeve24+BNTM/x2PzfTEZTQRZeFb4mIUSMiAiCKBx/KqXdR8ONrDiEedY2MLoY1WbAGzPVCPrwC24GiFw8xcdLl/b5fsYEVJlblW+z6sZftNtBg97I9PUi9QblImjuuvdL41ULpSu4V1+M7lWmjGxNktGtlLCLQLXvSZro9oZzRSmp33dKQyD7SdaLY9kWDC8wGrPj96emuHkhOJh9hWs2+hFIo+q6PSNCpkD+H+6IjbVhBYh/elNpIiyO6oXJ3N8AV2jQEqpTR0Z5q695imUNitlR5u4lLEyRb3lXaB83FTTI6kbYQTWvsQbthBAQQSHTOOnrYwCXFN13opj8ENthg8F5R6E7VaRzCCdKy6nO/esjgsJr9EVGCq88VSvysRIlI/x+1b2r2OxZ7TVttmplYfVgv+wx16h98sFqbNiVeo2BrWDaGnulRraoFUjsexdC5CeAaVAZsjZWnJoMUdd8ld6RBUO0GwigoZntlpNryRmkIzC/kxe7FrEiTzpMdNODh2SahlS43gF4NmmHIA20pqxgIGDhxfjiLr4IWsCD5w7esJinidtp2DEDw+MVEB40L5d8c79RTCr8bdEwdh9ITLwoMa9x7xWik0/BcGKY3FxGFDWhdzDblQqr7gi/ReHfUhL0uBw4bQUpXeHXS5wHBYL3VHmu4w0VnMzNPr7A3smUoLVj1xp0Vo7mTXf5scoaqWwwoZCS7MsPD53qx3DEHVRoxhJNrg+cuxb9ER0sUCnLwJDIzA4JQLaB2u+Ziz7hj4kEnPZlC13pUvLcLu47JkUAf7uxKOqiZSg+vm9l7jlWTrn0T5sSwgcGTipLb3gTDJkIP9b1zznn4P0CNRjpNm1czqMxfeNj95cOeUX+kw8EzeTIYDa5uvb66XegobpGXDpU2j38F5uPp21KG9Jeur8JFeurRDUXw5yph3YzeBVYfSUAlOINrySH/4LJ1SJl+R9ESxlTkp3ZXNTnXMVLOYpl4CTdv1c85Ex6kzrX9PIMNeQsIGk+fpiOud3FRmRkgX+6Q+Px51jPucUO/s7lqP+Agqiuh5z7GNE4Gpj+N4bdg1cqrBG7qOTj+GE/nVIszZjOn7V22xdH3YXNBjE6pb1gvSJlN/foxN9nH+be3XFFvbrPgV/9HM7cTOhTP0h4fUggeecu53nT6hAyyXQ+wGHgxxWA5QW86y4p6h8VPktDfVn8wZ+PT4WCTy+0bbmPJqaCNKmT3KwnmS2a6B1QzmcgG4dV/GSP9YSvAMsex9Mhh4VlhBw5vdPYEZjN5onF9sQ++xTY8HAUQgoZ1EkZEJx0kSk90vgrUUKrtPpV7KuLgbexucZG0NrbohK2T1AgPMjCSk=&u=U2FsdGVkX1+0AcNpwliDYliO741YVzawlCfMb0Ji63Y=&y=U2FsdGVkX19MKoTe6k4dmt2K6DFoh/8lgK/hoF74oyrA3f+eoSXjdZvznCN0patH HTTP/1.1" 200 26
179.33.73.22 - - [08/Dec/2023:20:54:53 -0500] "GET /kwssiamovil/sm/acme/a?s=U2FsdGVkX18swPM8zsQnHvzsdhW5FjL0DlMsr4vf1unepbtrmLTVYL9wxKHR6aujT0kTMxcTTnmI3vBMfwWUk2O8ZMdOQnYwZrn2vEcEAwvcyH0mhtyiYMxsqFA9wCwWN/prAa3+S2tjlwZisqq00Q0GFno+TkGXD4uxqntgRJc=&u=U2FsdGVkX1+0AcNpwliDYliO741YVzawlCfMb0Ji63Y=&y=U2FsdGVkX19MKoTe6k4dmt2K6DFoh/8lgK/hoF74oyrA3f+eoSXjdZvznCN0patH HTTP/1.1" 200 26
179.33.73.22 - - [08/Dec/2023:20:54:53 -0500] "GET /kwssiamovil/sm/acme/a?s=U2FsdGVkX1+C3SAWMNEBAJMHZGOKKqlqxMQcK1QHufe0s8PCv1tKeLyWL4CRz+HdJZDswY2Jnaiju1Z/81FlMFc331SGOAYOOf1JcTFe4WH47KKTCHZQCMl4x+4/Uf9YjFceXNgryUurhExiwnTC3cPVOFpmaa+4+clHzuDLh64=&u=U2FsdGVkX1+0AcNpwliDYliO741YVzawlCfMb0Ji63Y=&y=U2FsdGVkX19MKoTe6k4dmt2K6DFoh/8lgK/hoF74oyrA3f+eoSXjdZvznCN0patH HTTP/1.1" 200 26
179.33.73.22 - - [08/Dec/2023:20:54:53 -0500] "GET /kwssiamovil/sm/acme/a?s=U2FsdGVkX1/oug+bViEDh1FFFxZCSKJJwOvE0jhqUiFEmqgaT225dh2ct03ufPNgkoYVoghKfF65DKiUFIuTYL6wOvLlFF/0jTsga8+KLUtt9ZzBbSB8kwmWpRkcP2vrhgXoj+YteC2z6mOv3+2kqtwANL076GDBnYSNxwA6VWw=&u=U2FsdGVkX1+0AcNpwliDYliO741YVzawlCfMb0Ji63Y=&y=U2FsdGVkX19MKoTe6k4dmt2K6DFoh/8lgK/hoF74oyrA3f+eoSXjdZvznCN0patH HTTP/1.1" 200 26
179.33.73.22 - - [08/Dec/2023:20:54:53 -0500] "GET /kwssiamovil/sm/acme/a?s=U2FsdGVkX1/R8PmWi5o3FcgxjiV3hzPMWwasp1vHSYovB0X5+SsI+fobL7e+HsdSO6OKK2VKA0ThVbxVCIQTuEGEyNKZL0di60qaayj4dbCnDNgxNW6em8Mwx9nWihJrkTalQsTDtZzR9p/sJQ4/RqL/7S3nsGMga5B6HhAvOsNCogqczoAttKPBoSqcNmEJh7E53uPTR01olfNylVJPew==&u=U2FsdGVkX1+0AcNpwliDYliO741YVzawlCfMb0Ji63Y=&y=U2FsdGVkX19MKoTe6k4dmt2K6DFoh/8lgK/hoF74oyrA3f+eoSXjdZvznCN0patH HTTP/1.1" 200 26
107.172.16.251 - - [08/Dec/2023:20:55:53 -0500] "GET https://discordservers.su/ HTTP/1.1" 200 319
107.172.16.251 - - [08/Dec/2023:20:55:53 -0500] "GET https://discordservers.su/ HTTP/1.1" 200 319
107.172.16.251 - - [08/Dec/2023:20:55:53 -0500] "GET https://discordservers.su/ HTTP/1.1" 200 319
107.172.16.251 - - [08/Dec/2023:20:55:53 -0500] "GET https://discordservers.su/ HTTP/1.1" 200 319
107.172.16.251 - - [08/Dec/2023:20:55:53 -0500] "GET https://discordservers.su/ HTTP/1.1" 200 319
107.172.16.251 - - [08/Dec/2023:20:55:53 -0500] "GET https://discordservers.su/ HTTP/1.1" 200 319
173.252.87.4 - - [08/Dec/2023:20:56:14 -0500] "GET /images/negocios-verdes-mayo-2022.jpg HTTP/1.1" 200 48000
179.33.73.22 - - [08/Dec/2023:20:56:18 -0500] "GET /kwssiamovil/sm/acme/a?s=U2FsdGVkX198HplkPgF3LLr2ZSun7KbSFQiu7lzFdA58af4WXoC6geNynlijUbxuPlPUhdpESPgihMh8qYbMdgJLA/y8d3r6CGP/IHHHDjep1LKxO3iGEffuNgnVaEjbv99TzxRfSteXB6l7cfxw40lMAsS8jA6NwMGOamhaiTdQr24m3xr9kUg+mrw3ydFOzO6fw8zlxIyvxvn98nv3WZ2wVTcTM6PxMspkHrafDJexQwjb6xnhafVvz6vTZmXz5eVu4m9rP8dmAWmRu0HiEw==&u=U2FsdGVkX1+0AcNpwliDYliO741YVzawlCfMb0Ji63Y=&y=U2FsdGVkX19MKoTe6k4dmt2K6DFoh/8lgK/hoF74oyrA3f+eoSXjdZvznCN0patH HTTP/1.1" 200 26
179.33.73.22 - - [08/Dec/2023:20:56:19 -0500] "GET /kwssiamovil/sm/acme/a?s=U2FsdGVkX1+Y1oNBhnMq6R8U+2EkWVMn0D3ayHejB60B23r/uFUoqoUAZl6mN6HAwGJYu6iaB0XwlFaRTZ10rSYuZ20qdTS/2w/ROZ5mtkmqy9DfBz2fy6sh1FoBlgRUDA/s05hHgMQCWz1/YGnm/pQgfKn7QSHb+56cmg9pzBcA1QqGfLrcZYEyzyNCdNiO8sWCXb2cI+LT59hC5f/dg7I5cNXQ9k9aaaRxPxLb+ijnPv8+iWtVlJVE1gZA4t5ygetyZVH68jRFyE1Xhq9MLpbIjOpJQ6bFdmrV3gsL1Tb2fqDnrULy4/5G4VnVhUYjpYeWO2/nGZgb3mCuFfoT8lHnwgnzms5O2HFEVO1g9TXA1TdTqexSox/F44lfP/tIijfGpq81qTxbdz+ljDv3P2L5Emen6KllON7Y2tBOm8JAoRWNFtlgK4lC7x9Iahm8p5gXa20ZFPNIEqX7EGSVIYgvDVdRmO0mGhviyMi/yQ7WHwudQFUU4w6Gs74pnjPNFidO7WBJHwwki0oUUhQXiDKCQRi1/HG2MWlEA/OYrvI1vKYjNHORj5NXOals5cvw0se38MA2yvVVWpbcxD+VKrztGxRjaMCx9mGpQi5kUYmu8ymikmE6OMjV9AX6en8D7NGjy16QAcMkX345OQ1TsjRoOVWKWhUf4JN0Vh1BZ6j0S2Lj58s32jV9b2H+8rOJCs1a4B3bbwt+nikTLgY0qaQcTFc3H9EDleZRQP2NyLbMSXbJqiDGsJwYEdIKA2d4pLUEkNWHNMd9+I2++V9hAaXdziLQUN/xS16RNxZlmGrPN+q/x66dLhvG5Dpl2/O3UbZI14cYZMGoFZdtYAv8b1voo8PEdMpGgUKgkUKPRWYDsjtPUKOdoajIYuIEfRiQKsU6+amEGZP99+aHfzHm2fdeNHKO6+7ju9w4ZB6PnkFPSmNuRdTW+VNOVA46OOtzEvoZ9M42gE6jzw78Aw/D8IoNqotx3trr3Tnlk7h4nKozsESxNJw1VUNLs7DaJ2E0RPmyma/vYGxOQ2clIyTi+3NKM2r1CadgDAaEcHMqmduu6X9qz4vtgL97EsBAbYzeuFqDy/rQtNbWNnOsUPXfl83QkZ/Cov70XpObbksc8eoK9x3YxoYm5ZElIUZ+qnwcIIKDM/XI4nNY2H3HMpCBCXT6y+RnPEkc+LzP48k5iAs70W4dV9K/ZiAvcN9qD0gFJyT4AXl1CSC1hdrS27ie6ONm+xrB4gvqB4TGP35bHKhTfB66eFUyriSQfbFfH7TKTW2YAsAESbpS/O6gvYt+tRXM7VXDyB3obAUksBWmkqDF85AOb5qg7LWnMoteF7f185PRCrSXvbZCqPv2PYcoWuwRszaC2klMuLoxOn5N2LPxqZVYWN90CiNyM0Y5BE01pezU5kOR/uVygBH1Nf8NYwq9Z6znQLEz9eVD4qsLEpFH/bwnxNI6rk8PSJslzATi30HPvnLbhGhy+3pRMxXgv7Y77kAf4GJr296c66LX28I=&u=U2FsdGVkX1+0AcNpwliDYliO741YVzawlCfMb0Ji63Y=&y=U2FsdGVkX19MKoTe6k4dmt2K6DFoh/8lgK/hoF74oyrA3f+eoSXjdZvznCN0patH HTTP/1.1" 200 26
179.33.73.22 - - [08/Dec/2023:20:56:19 -0500] "GET /kwssiamovil/sm/acme/a?s=U2FsdGVkX1//fBkVVGlBUMc1yDeHXU0EI9Pa7X+IR4CLKCeZrYpmBukwUaCrFGIsYmSm283l2vK0Jl3H9nBT3amRis9SOhTIxaV1KXmmU1FUpkWQl62j7H2VG5Ns/2tReGDZpRuQeLsYYlkpq0CvU1iEBHiGtuzM1NsbhPR7lVs=&u=U2FsdGVkX1+0AcNpwliDYliO741YVzawlCfMb0Ji63Y=&y=U2FsdGVkX19MKoTe6k4dmt2K6DFoh/8lgK/hoF74oyrA3f+eoSXjdZvznCN0patH HTTP/1.1" 200 26
179.33.73.22 - - [08/Dec/2023:20:56:20 -0500] "GET /kwssiamovil/sm/acme/a?s=U2FsdGVkX18AlsvjlB62KsEJWu7IMUOIw6reSf8ay2hz52z8Ohdsln2KKlLDgUFGPU/RMLyrX8RXATnlP/HiEuD6AFKqa+rlSf5GQxEtUOwcjtV/8hohw94egOGBPgkSE1cXvQnJxQzNEnkWJ2LzzcTBLK5E/kasSPydnEk6u80=&u=U2FsdGVkX1+0AcNpwliDYliO741YVzawlCfMb0Ji63Y=&y=U2FsdGVkX19MKoTe6k4dmt2K6DFoh/8lgK/hoF74oyrA3f+eoSXjdZvznCN0patH HTTP/1.1" 200 26
179.33.73.22 - - [08/Dec/2023:20:56:20 -0500] "GET /kwssiamovil/sm/acme/a?s=U2FsdGVkX19jX5tYw33Aa8x68rYX4yETsz2wQ3/vhL+wQkDzQup8e33I7q4OBMO9zVCyiUB2Ldd31ag6GX2SGmROzs1e3eaCtI8aoKUysB1O98J7rRe6Dn3Aw6ftG/8qgd5v53vYBVH1lZtBLwGHQkqx/JNH3WBJbdPA5e9qywc=&u=U2FsdGVkX1+0AcNpwliDYliO741YVzawlCfMb0Ji63Y=&y=U2FsdGVkX19MKoTe6k4dmt2K6DFoh/8lgK/hoF74oyrA3f+eoSXjdZvznCN0patH HTTP/1.1" 200 26
179.33.73.22 - - [08/Dec/2023:20:56:20 -0500] "GET /kwssiamovil/sm/acme/a?s=U2FsdGVkX1+dNKC1r7I8mWtXnelzsBM1uZN1/XXgSlUykKJ5p6egonWGY57hIDwgMMqhkXjm4dNYUMRAKi6JmilcHE2j6kpoM5yZZZfGtws2mom/r89UvAuebani7tfbjAJxLvqRx2q07qLle6apKLc8gEfHDYJEWhxhnSXLIgT8Zj/sGOxkzgrur/hWZHeBArUoU2ZPEhQMNgDl5g+2oA==&u=U2FsdGVkX1+0AcNpwliDYliO741YVzawlCfMb0Ji63Y=&y=U2FsdGVkX19MKoTe6k4dmt2K6DFoh/8lgK/hoF74oyrA3f+eoSXjdZvznCN0patH HTTP/1.1" 200 26
66.249.66.19 - - [08/Dec/2023:20:56:24 -0500] "GET /BLA/boletinlegal/Directivas/2011/Directiva%20No.%203%20del%2027%20de%20Mayo%20de%202011.pdf HTTP/1.1" 304 -
181.53.13.222 - - [08/Dec/2023:20:56:27 -0500] "POST /sipse/faces/presentacion/financiero/solicitudProceso/consultarSolicitudProceso.xhtml HTTP/1.1" 200 2216715
172.22.2.4 - - [08/Dec/2023:20:55:35 -0500] "HEAD /BLA/boletinlegal/ HTTP/1.1" 200 -
216.245.221.92 - - [08/Dec/2023:20:57:56 -0500] "HEAD / HTTP/1.1" 200 -
172.22.2.4 - - [08/Dec/2023:20:56:26 -0500] "GET /BLA/boletinlegal/ HTTP/1.1" 200 58644
172.22.2.4 - - [08/Dec/2023:20:59:19 -0500] "GET /BLA/boletinlegal/robots.txt HTTP/1.1" 404 1038
172.22.2.4 - - [08/Dec/2023:20:59:21 -0500] "GET /BLA/boletinlegal/normativa.php HTTP/1.1" 200 8343
172.22.2.4 - - [08/Dec/2023:20:59:24 -0500] "GET /BLA/boletinlegal/js/ajax_normativa.js HTTP/1.1" 200 1154
201.245.192.253 - - [08/Dec/2023:20:59:41 -0500] "POST /kwsrmcab/Wsrmcab  HTTP/1.1" 200 41806
216.245.221.92 - - [08/Dec/2023:21:02:56 -0500] "HEAD / HTTP/1.1" 200 -
191.108.140.82 - - [08/Dec/2023:21:02:58 -0500] "GET /BLA/resoluciones/ HTTP/1.1" 200 13696
191.108.140.82 - - [08/Dec/2023:21:03:00 -0500] "GET /BLA/resoluciones/dlf/dirup.png HTTP/1.1" 200 644
191.108.140.82 - - [08/Dec/2023:21:03:00 -0500] "GET /BLA/resoluciones/dlf/archive.png HTTP/1.1" 200 632
191.108.140.82 - - [08/Dec/2023:21:03:00 -0500] "GET /BLA/resoluciones/dlf/pdf.gif HTTP/1.1" 200 272
191.108.140.82 - - [08/Dec/2023:21:03:00 -0500] "GET /BLA/resoluciones/index.php?dir=AUTOS+2023%2F HTTP/1.1" 200 445796
172.22.2.4 - - [08/Dec/2023:21:01:25 -0500] "HEAD /BLA/boletinlegal/ HTTP/1.1" 200 -
191.108.140.82 - - [08/Dec/2023:21:03:05 -0500] "GET /BLA/resoluciones/index.php?dir=RESOLUCIONES+2023%2F HTTP/1.1" 200 116346
191.108.140.82 - - [08/Dec/2023:21:03:43 -0500] "GET /BLA/resoluciones/RESOLUCIONES%202023/0689.pdf HTTP/1.1" 200 380061
200.29.113.39 - - [08/Dec/2023:21:03:44 -0500] "GET /BLA/resoluciones/RESOLUCIONES%202023/0689.pdf HTTP/1.1" 200 380061
172.22.2.4 - - [08/Dec/2023:21:02:15 -0500] "GET /BLA/boletinlegal/ HTTP/1.1" 200 58294
205.210.31.83 - - [08/Dec/2023:21:03:56 -0500] "\x16\x03\x01" 400 226
205.210.31.83 - - [08/Dec/2023:21:03:56 -0500] "\x16\x03\x01" 400 226
201.245.192.253 - - [08/Dec/2023:21:04:40 -0500] "POST /kwsrmcab/Wsrmcab  HTTP/1.1" 200 41806
66.249.66.19 - - [08/Dec/2023:21:05:48 -0500] "GET /BLA/resoluciones/AUTOS%202022/1614.pdf HTTP/1.1" 304 -
216.245.221.92 - - [08/Dec/2023:21:07:56 -0500] "HEAD / HTTP/1.1" 200 -
172.22.2.4 - - [08/Dec/2023:21:07:15 -0500] "HEAD /BLA/boletinlegal/ HTTP/1.1" 200 -
201.245.192.253 - - [08/Dec/2023:21:09:39 -0500] "POST /kwsrmcab/Wsrmcab  HTTP/1.1" 200 41806
172.22.2.4 - - [08/Dec/2023:21:08:05 -0500] "GET /BLA/boletinlegal/ HTTP/1.1" 200 56997
181.53.13.222 - - [08/Dec/2023:21:09:48 -0500] "POST /sipse/faces/presentacion/financiero/solicitudProceso/consultarSolicitudProceso.xhtml HTTP/1.1" 200 145458
216.245.221.92 - - [08/Dec/2023:21:12:56 -0500] "HEAD / HTTP/1.1" 200 -
201.245.192.253 - - [08/Dec/2023:21:14:38 -0500] "POST /kwsrmcab/Wsrmcab  HTTP/1.1" 200 41806
