216.244.66.195 - - [08/Dec/2023:11:09:20 -0500] "GET /BLA/resoluciones/AUTOS%202016/0746.pdf HTTP/1.1" 200 699983
216.244.66.195 - - [08/Dec/2023:11:09:53 -0500] "GET /BLA/resoluciones/AUTOS%202016/0828.pdf HTTP/1.1" 200 478624
216.244.66.195 - - [08/Dec/2023:11:10:34 -0500] "GET /BLA/resoluciones/AUTOS%202016/0915.pdf HTTP/1.1" 200 531241
216.244.66.195 - - [08/Dec/2023:11:11:06 -0500] "GET /BLA/resoluciones/AUTOS%202016/0945.pdf HTTP/1.1" 200 575855
216.244.66.195 - - [08/Dec/2023:11:11:44 -0500] "GET /BLA/resoluciones/AUTOS%202016/1153.pdf HTTP/1.1" 200 513678
201.245.192.253 - - [08/Dec/2023:11:12:07 -0500] "POST /kwsrmcab/Wsrmcab  HTTP/1.1" 200 41806
216.244.66.195 - - [08/Dec/2023:11:12:18 -0500] "GET /BLA/resoluciones/AUTOS%202016/1376.pdf HTTP/1.1" 200 503056
66.249.66.20 - - [08/Dec/2023:11:12:38 -0500] "GET /BLA/resoluciones/RESOLUCIONES%202009/8105.pdf HTTP/1.1" 200 487103
66.249.66.19 - - [08/Dec/2023:11:12:52 -0500] "GET /BLA/resoluciones/AUTOS%202017/3673.pdf HTTP/1.1" 200 258287
216.244.66.195 - - [08/Dec/2023:11:12:56 -0500] "GET /BLA/resoluciones/AUTOS%202016/2057.pdf HTTP/1.1" 200 376221
216.245.221.92 - - [08/Dec/2023:11:12:57 -0500] "HEAD / HTTP/1.1" 200 -
66.249.66.19 - - [08/Dec/2023:11:13:20 -0500] "GET /resoluciones/RESOLUCIONES%202008/1916.pdf HTTP/1.1" 404 1018
216.244.66.195 - - [08/Dec/2023:11:13:27 -0500] "GET /BLA/resoluciones/AUTOS%202016/2151.pdf HTTP/1.1" 200 537763
172.22.2.4 - - [08/Dec/2023:11:12:12 -0500] "HEAD /BLA/boletinlegal/ HTTP/1.1" 200 -
216.244.66.195 - - [08/Dec/2023:11:13:57 -0500] "GET /BLA/resoluciones/AUTOS%202016/2359.pdf HTTP/1.1" 200 587385
172.22.2.4 - - [08/Dec/2023:11:14:08 -0500] "GET /BLA/boletinlegal/actos.php HTTP/1.1" 200 9682
172.22.2.4 - - [08/Dec/2023:11:14:08 -0500] "GET /BLA/boletinlegal/styles2.css HTTP/1.1" 200 1838
172.22.2.4 - - [08/Dec/2023:11:14:08 -0500] "GET /BLA/boletinlegal/js/popup.js HTTP/1.1" 200 1270
172.22.2.4 - - [08/Dec/2023:11:14:08 -0500] "GET /BLA/boletinlegal/js/jquery1.js HTTP/1.1" 200 29846
172.22.2.4 - - [08/Dec/2023:11:14:08 -0500] "GET /BLA/boletinlegal/js/ajax_actos.js HTTP/1.1" 200 1322
172.22.2.4 - - [08/Dec/2023:11:14:08 -0500] "GET /BLA/boletinlegal/niceforms.js HTTP/1.1" 200 22876
172.22.2.4 - - [08/Dec/2023:11:14:08 -0500] "GET /BLA/boletinlegal/style.css HTTP/1.1" 200 9406
172.22.2.4 - - [08/Dec/2023:11:14:08 -0500] "GET /BLA/boletinlegal/js/lib.js HTTP/1.1" 200 6474
172.22.2.4 - - [08/Dec/2023:11:14:08 -0500] "GET /BLA/boletinlegal/niceforms-default.css HTTP/1.1" 200 6694
172.22.2.4 - - [08/Dec/2023:11:14:08 -0500] "GET /BLA/boletinlegal/images/cabezote%20BLEGAL.jpg HTTP/1.1" 200 118164
172.22.2.4 - - [08/Dec/2023:11:14:08 -0500] "GET /BLA/boletinlegal/images/subscribe-icon-big.png HTTP/1.1" 200 47702
172.22.2.4 - - [08/Dec/2023:11:14:08 -0500] "GET /BLA/boletinlegal/images/menu_rght.gif HTTP/1.1" 200 1627
172.22.2.4 - - [08/Dec/2023:11:14:08 -0500] "GET /BLA/boletinlegal/images/body_bg.jpg HTTP/1.1" 200 1601
172.22.2.4 - - [08/Dec/2023:11:14:08 -0500] "GET /BLA/boletinlegal/images/menu_bg.jpg HTTP/1.1" 200 620
172.22.2.4 - - [08/Dec/2023:11:14:08 -0500] "GET /BLA/boletinlegal/images/historia.png HTTP/1.1" 200 52775
172.22.2.4 - - [08/Dec/2023:11:14:08 -0500] "GET /BLA/boletinlegal/images/registro-usuarios.png HTTP/1.1" 200 8106
172.22.2.4 - - [08/Dec/2023:11:14:08 -0500] "GET /BLA/boletinlegal/images/hover.jpg HTTP/1.1" 200 640
172.22.2.4 - - [08/Dec/2023:11:14:08 -0500] "GET /BLA/boletinlegal/images/footer_bg.jpg HTTP/1.1" 200 586
172.22.2.4 - - [08/Dec/2023:11:14:08 -0500] "GET /BLA/boletinlegal/images/bg_top.jpg HTTP/1.1" 200 522
172.22.2.4 - - [08/Dec/2023:11:14:08 -0500] "GET /BLA/boletinlegal/images/menu_lft.gif HTTP/1.1" 200 1713
172.22.2.4 - - [08/Dec/2023:11:14:08 -0500] "GET /BLA/boletinlegal/images/text.jpg HTTP/1.1" 200 568
172.22.2.4 - - [08/Dec/2023:11:14:08 -0500] "GET /BLA/boletinlegal/images/tel.png HTTP/1.1" 200 14477
172.22.2.4 - - [08/Dec/2023:11:14:08 -0500] "GET /BLA/boletinlegal/images/icono-email.png HTTP/1.1" 200 5544
172.22.2.4 - - [08/Dec/2023:11:14:08 -0500] "GET /BLA/boletinlegal/images/green-yellow-blue-pink-th.png HTTP/1.1" 200 7394
172.22.2.4 - - [08/Dec/2023:11:14:08 -0500] "GET /BLA/boletinlegal/images/footer_bg_l.jpg HTTP/1.1" 200 776
172.22.2.4 - - [08/Dec/2023:11:14:09 -0500] "GET /BLA/boletinlegal/img/0.png HTTP/1.1" 200 110
172.22.2.4 - - [08/Dec/2023:11:14:09 -0500] "GET /BLA/boletinlegal/img/select-left.png HTTP/1.1" 200 263
172.22.2.4 - - [08/Dec/2023:11:14:09 -0500] "GET /BLA/boletinlegal/favicon.ico HTTP/1.1" 404 1230
172.22.2.4 - - [08/Dec/2023:11:14:09 -0500] "GET /BLA/boletinlegal/img/select-right.png HTTP/1.1" 200 44019
172.22.2.4 - - [08/Dec/2023:11:14:09 -0500] "GET /BLA/boletinlegal/img/button-left.png HTTP/1.1" 200 57071
172.22.2.4 - - [08/Dec/2023:11:14:09 -0500] "GET /BLA/boletinlegal/img/button.png HTTP/1.1" 200 43241
172.22.2.4 - - [08/Dec/2023:11:14:09 -0500] "GET /BLA/boletinlegal/img/button-right.png HTTP/1.1" 200 57878
66.249.66.19 - - [08/Dec/2023:11:14:19 -0500] "GET /BLA/resoluciones/AUTOS%202015/6913.pdf HTTP/1.1" 200 493772
52.167.144.203 - - [08/Dec/2023:11:14:23 -0500] "GET /secretaria-de-ambiente-impone-medidas-preventivas-a-un-privado-que-utilizaba-un-area-protegida-para-promocionar-proyectos.html HTTP/1.1" 200 866
216.244.66.195 - - [08/Dec/2023:11:14:26 -0500] "GET /BLA/resoluciones/AUTOS%202016/2423.pdf HTTP/1.1" 200 667537
172.22.2.4 - - [08/Dec/2023:11:13:03 -0500] "GET /BLA/boletinlegal/ HTTP/1.1" 200 60634
216.244.66.195 - - [08/Dec/2023:11:14:58 -0500] "GET /BLA/resoluciones/AUTOS%202016/2523.pdf HTTP/1.1" 200 303277
66.249.66.21 - - [08/Dec/2023:11:15:18 -0500] "GET /BLA/resoluciones/RESOLUCIONES%202009/7251.pdf HTTP/1.1" 200 117132
216.244.66.195 - - [08/Dec/2023:11:15:24 -0500] "GET /BLA/resoluciones/AUTOS%202016/2573.pdf HTTP/1.1" 200 519660
152.203.150.138 - - [08/Dec/2023:11:15:50 -0500] "GET /las-tres-caminatas-para-cerrar-el-ano-entre-la-naturaleza.html?fbclid=IwAR022qovCItrfS3PhmGJSZiF_hi3FpZJWiLKJjI3zPItGFrCI78u96kIltg HTTP/1.1" 200 776
216.244.66.195 - - [08/Dec/2023:11:15:51 -0500] "GET /BLA/resoluciones/AUTOS%202016/2591.pdf HTTP/1.1" 200 377743
173.252.111.7 - - [08/Dec/2023:11:16:01 -0500] "GET /las-tres-caminatas-para-cerrar-el-ano-entre-la-naturaleza.html HTTP/1.1" 206 776
173.252.111.9 - - [08/Dec/2023:11:16:02 -0500] "GET /las-tres-caminatas-para-cerrar-el-ano-entre-la-naturaleza.html HTTP/1.1" 200 776
173.252.111.118 - - [08/Dec/2023:11:16:02 -0500] "GET /las-tres-caminatas-para-cerrar-el-ano-entre-la-naturaleza.html HTTP/1.1" 200 776
66.249.66.21 - - [08/Dec/2023:11:16:14 -0500] "GET /BLA/resoluciones/AUTOS%202015/3347.pdf HTTP/1.1" 200 461702
216.244.66.195 - - [08/Dec/2023:11:16:15 -0500] "GET /BLA/resoluciones/AUTOS%202016/2817.pdf HTTP/1.1" 200 383149
201.245.192.253 - - [08/Dec/2023:11:16:32 -0500] "POST /kwsrmcab/Wsrmcab HTTP/1.1" 200 35155
52.167.144.212 - - [08/Dec/2023:11:16:37 -0500] "GET /BLA/resoluciones/RESOLUCIONES%202023/1805.pdf HTTP/1.1" 200 409536
201.245.192.253 - - [08/Dec/2023:11:16:35 -0500] "POST /kwsrmcab/Wsrmcab HTTP/1.1" 200 38634
216.244.66.195 - - [08/Dec/2023:11:16:40 -0500] "GET /BLA/resoluciones/AUTOS%202016/2957.pdf HTTP/1.1" 200 1297974
216.244.66.195 - - [08/Dec/2023:11:17:03 -0500] "GET /BLA/resoluciones/RESOLUCIONES%202011/0512.pdf HTTP/1.1" 200 427834
201.245.192.253 - - [08/Dec/2023:11:17:06 -0500] "POST /kwsrmcab/Wsrmcab  HTTP/1.1" 200 41806
216.244.66.195 - - [08/Dec/2023:11:17:25 -0500] "GET /BLA/resoluciones/AUTOS%202016/0626.pdf HTTP/1.1" 200 6209236
66.249.66.20 - - [08/Dec/2023:11:17:37 -0500] "GET /BLA/resoluciones/AUTOS%202007/3659.pdf HTTP/1.1" 200 142523
181.55.144.23 - - [08/Dec/2023:11:17:55 -0500] "GET /dias-soleados-en-bogota-que-pasa-con-la-calidad-del-aire.html HTTP/1.1" 206 847
216.245.221.92 - - [08/Dec/2023:11:17:57 -0500] "HEAD / HTTP/1.1" 200 -
216.244.66.195 - - [08/Dec/2023:11:18:06 -0500] "GET /BLA/resoluciones/AUTOS%202007/1250.pdf HTTP/1.1" 200 92726
172.22.2.4 - - [08/Dec/2023:11:18:17 -0500] "GET /BLA/boletinlegal/actos.php HTTP/1.1" 200 9682
172.22.2.4 - - [08/Dec/2023:11:18:17 -0500] "GET /BLA/boletinlegal/js/ajax_actos.js HTTP/1.1" 200 1322
172.22.2.4 - - [08/Dec/2023:11:18:17 -0500] "GET /BLA/boletinlegal/niceforms-default.css HTTP/1.1" 200 6694
172.22.2.4 - - [08/Dec/2023:11:18:17 -0500] "GET /BLA/boletinlegal/styles2.css HTTP/1.1" 200 1838
172.22.2.4 - - [08/Dec/2023:11:18:17 -0500] "GET /BLA/boletinlegal/style.css HTTP/1.1" 200 9406
172.22.2.4 - - [08/Dec/2023:11:18:17 -0500] "GET /BLA/boletinlegal/niceforms.js HTTP/1.1" 200 22876
172.22.2.4 - - [08/Dec/2023:11:18:17 -0500] "GET /BLA/boletinlegal/js/lib.js HTTP/1.1" 200 6474
172.22.2.4 - - [08/Dec/2023:11:18:17 -0500] "GET /BLA/boletinlegal/js/popup.js HTTP/1.1" 200 1270
172.22.2.4 - - [08/Dec/2023:11:18:17 -0500] "GET /BLA/boletinlegal/images/cabezote%20BLEGAL.jpg HTTP/1.1" 200 118164
172.22.2.4 - - [08/Dec/2023:11:18:17 -0500] "GET /BLA/boletinlegal/js/jquery1.js HTTP/1.1" 200 29846
172.22.2.4 - - [08/Dec/2023:11:18:17 -0500] "GET /BLA/boletinlegal/images/subscribe-icon-big.png HTTP/1.1" 200 47702
172.22.2.4 - - [08/Dec/2023:11:18:17 -0500] "GET /BLA/boletinlegal/images/historia.png HTTP/1.1" 200 52775
172.22.2.4 - - [08/Dec/2023:11:18:17 -0500] "GET /BLA/boletinlegal/images/registro-usuarios.png HTTP/1.1" 200 8106
172.22.2.4 - - [08/Dec/2023:11:18:17 -0500] "GET /BLA/boletinlegal/images/green-yellow-blue-pink-th.png HTTP/1.1" 200 7394
172.22.2.4 - - [08/Dec/2023:11:18:17 -0500] "GET /BLA/boletinlegal/images/icono-email.png HTTP/1.1" 200 5544
172.22.2.4 - - [08/Dec/2023:11:18:17 -0500] "GET /BLA/boletinlegal/images/tel.png HTTP/1.1" 200 14477
172.22.2.4 - - [08/Dec/2023:11:18:17 -0500] "GET /BLA/boletinlegal/images/body_bg.jpg HTTP/1.1" 200 1601
172.22.2.4 - - [08/Dec/2023:11:18:17 -0500] "GET /BLA/boletinlegal/images/menu_lft.gif HTTP/1.1" 200 1713
172.22.2.4 - - [08/Dec/2023:11:18:17 -0500] "GET /BLA/boletinlegal/images/menu_rght.gif HTTP/1.1" 200 1627
172.22.2.4 - - [08/Dec/2023:11:18:17 -0500] "GET /BLA/boletinlegal/images/bg_top.jpg HTTP/1.1" 200 522
172.22.2.4 - - [08/Dec/2023:11:18:17 -0500] "GET /BLA/boletinlegal/images/menu_bg.jpg HTTP/1.1" 200 620
172.22.2.4 - - [08/Dec/2023:11:18:17 -0500] "GET /BLA/boletinlegal/images/hover.jpg HTTP/1.1" 200 640
172.22.2.4 - - [08/Dec/2023:11:18:17 -0500] "GET /BLA/boletinlegal/images/footer_bg.jpg HTTP/1.1" 200 586
172.22.2.4 - - [08/Dec/2023:11:18:17 -0500] "GET /BLA/boletinlegal/images/text.jpg HTTP/1.1" 200 568
172.22.2.4 - - [08/Dec/2023:11:18:17 -0500] "GET /BLA/boletinlegal/images/footer_bg_l.jpg HTTP/1.1" 200 776
172.22.2.4 - - [08/Dec/2023:11:18:17 -0500] "GET /BLA/boletinlegal/img/0.png HTTP/1.1" 200 110
172.22.2.4 - - [08/Dec/2023:11:18:17 -0500] "GET /BLA/boletinlegal/img/select-left.png HTTP/1.1" 200 263
172.22.2.4 - - [08/Dec/2023:11:18:17 -0500] "GET /BLA/boletinlegal/img/select-right.png HTTP/1.1" 200 44019
172.22.2.4 - - [08/Dec/2023:11:18:17 -0500] "GET /BLA/boletinlegal/img/button-left.png HTTP/1.1" 200 57071
172.22.2.4 - - [08/Dec/2023:11:18:17 -0500] "GET /BLA/boletinlegal/img/button.png HTTP/1.1" 200 43241
172.22.2.4 - - [08/Dec/2023:11:18:17 -0500] "GET /BLA/boletinlegal/img/button-right.png HTTP/1.1" 200 57878
172.22.2.4 - - [08/Dec/2023:11:18:17 -0500] "GET /BLA/boletinlegal/favicon.ico HTTP/1.1" 404 1326
172.22.2.4 - - [08/Dec/2023:11:18:32 -0500] "GET /BLA/boletinlegal/robots.txt HTTP/1.1" 404 1038
172.22.2.4 - - [08/Dec/2023:11:18:32 -0500] "GET /BLA/boletinlegal/consulta_actos.php?tipo=resoluciones&no=5784&usuario=&sector=PEV&fecha=2009&resuelve= HTTP/1.1" 200 1196
172.22.2.4 - - [08/Dec/2023:11:18:32 -0500] "GET /BLA/boletinlegal/images/pdf.gif HTTP/1.1" 200 567
216.244.66.195 - - [08/Dec/2023:11:18:36 -0500] "GET /BLA/resoluciones/AUTOS%202007/1871.pdf HTTP/1.1" 200 75505
186.98.86.71 - - [08/Dec/2023:11:18:38 -0500] "GET /BLA/resoluciones/RESOLUCIONES%202009/5784.pdf HTTP/1.1" 200 1026645
186.98.86.71 - - [08/Dec/2023:11:18:39 -0500] "GET /favicon.ico HTTP/1.1" 200 7782
172.22.2.4 - - [08/Dec/2023:11:18:43 -0500] "GET /BLA/boletinlegal/conceptos/2020/46.pdf HTTP/1.1" 200 350199
216.244.66.195 - - [08/Dec/2023:11:19:05 -0500] "GET /BLA/resoluciones/AUTOS%202007/1972.pdf HTTP/1.1" 200 44758
186.102.32.208 - - [08/Dec/2023:11:19:13 -0500] "OPTIONS /kwssiamovil/sm/setfile/f? HTTP/1.1" 200 13
186.102.32.208 - - [08/Dec/2023:11:19:13 -0500] "POST /kwssiamovil/sm/setfile/f? HTTP/1.1" 200 381
191.156.51.138 - - [08/Dec/2023:11:19:31 -0500] "GET /dias-soleados-en-bogota-que-pasa-con-la-calidad-del-aire.html HTTP/1.1" 200 847
216.244.66.195 - - [08/Dec/2023:11:19:34 -0500] "GET /BLA/resoluciones/AUTOS%202010/0081.pdf HTTP/1.1" 200 261551
172.22.2.4 - - [08/Dec/2023:11:18:02 -0500] "HEAD /BLA/boletinlegal/ HTTP/1.1" 200 -
216.244.66.195 - - [08/Dec/2023:11:20:06 -0500] "GET /BLA/resoluciones/AUTOS%202010/0139.pdf HTTP/1.1" 200 191165
201.245.192.253 - - [08/Dec/2023:11:20:17 -0500] "POST /kwsrmcab/Wsrmcab HTTP/1.1" 200 35155
186.102.32.208 - - [08/Dec/2023:11:20:25 -0500] "GET /kwssiamovil/sm/acme/a?s=U2FsdGVkX1/zK81hPNPsE40eJp+TVpkweheDXBwsHiDhUe/n47KcN3RuLgDACCc3aLZKpRkugKM7EXYRvkNvYdNH+9dcV3YvorCrCfUHm4zQ2HwhFLSJGCnaP8Vq3RWD7CQPXZJbw/GsWFzE0TmpU05kvK6iiy/pLaOEo4qPA+LLiRUYC9H3csKgu71fl2QMF1BdNZmcWDkQ0zSCOGr6G+ur0dRkX1Gxoh7XqCwpsa+JBWg6kr1LeLpftqJdYxKBdRq4156IEHF5EXd00/wvKQ==&u=U2FsdGVkX197fn1mlAyK+YkJfJB18ZDxWlLmlDbC7rs=&y=U2FsdGVkX1/nwJ2ZoPvtsaV+NK2nY5ygzzzx7ahES42iHea30xLpebrkYRIS2ulP HTTP/1.1" 200 26
186.102.32.208 - - [08/Dec/2023:11:20:26 -0500] "GET /kwssiamovil/sm/acme/a?s=U2FsdGVkX1+L2oRScHj0r9TDtwt+3Kq5Xt7jPJrflz3sNIwjoQjUYQKanuWNE7qiWOeH3Tb3cEAblNXeiWlRHDGxvyNTGemime+veip3owmOnm4GT1anbkG0J+iOpw4BIwBc98KanN1K+swv5I/GHMvCM1DXHEbC9RixBv3aYxEXi/L+ijQuoUyyae6MeOueyvsp8ika51W1LEw/AH8lAv1WQ3y7FhP1Mbi8RCagYtoZG+Qqij2gsHlaGmUJB7WuS7gAQrK+MiMI19ZdpZG67STwRLavKg18aWSOEplfybcM30uRRJvE8EWdbz4K9L+RpeHJYY27SztI6QtT3rOFKP2EtSeYMHp+oTZ+Ll9ifn4J/nH8RdT6OPW32ZdhRp80C6dIwnZqOAecJHnQeDEkWUgkw5yrGegbI+pQpVItiCNI+X4sDBslQ7A/N4w61GFyDdB8Bueo1cAFKijMlOArp0e/IQmUoP5QzEzVbYAueozAdJWTLH+Alz8TFLlbvyZ7DI3b5akYwatpBHZmzIecCN4427CvtX/ZPOWW9Nc5ocN5EozD3Ut2qaMXmmmSZPVheSwLZkbfCTsnyjLb+nMCXUCwCykBuGkfyLZUmk+F09k/Ra86swbYSptsbHUw71268qF0UXUleA1IM94BORnXiz7h8SjtpDrRqWkeqeozbGxvwkz4Tm5THWBWJ4tIuTEoF6SurtWzL4XRDQyjNm55kQ8vDM30kV4MeSV7fplWtpQTK/2fdqjWN02SKxSS0wPaHwBPfqIAvZL+gV3N9yOm+4ntCip7E39Q5LgrND1aVXxFFCuflvVHUtmYDZL8FtpdI2ZwZyjLUlEPrqsS3yNn88yp694JMo7ZbpjDnep+/mDrlQMoOEP0k6kv3owIUpOaGxCEt9RMnuYsk1loF/pq8A8L/GnH+bsWX5hDqe50UufEac59cUqS0w5lJoPQvELvsQyt5YznyY19C3p+3r2+tFdKWpj7XVPCuXE1Zu3EuNaH4nSig5Yt3Q/LNWcfd0T4w9mD/z4x6+YyoH5KrovApHsydZfUuqFk/j9JVCSUXEFVp1NIjp6Ybm0bZKCybRTF9T29TI9h8YjiWqAV2zYF7OLh7VAF4BPZSQrdTUfU6rLQ8tK+949WaD71BSZGVuLaE+2/1e2pOIJGshzea0Dbt7OpIz9nMH4T7M8bTsyIeNdMdQSXgcUhdqHrFMsMWTimvjiK85i5IY0RbiXF0aVdX0KCPGls2YQ9eTHYHfy37wcu6T0UKJQoZq4HdyfC3+lku3TDQCX6XzvKY2ge+Lp05BicBBRpi+AKxISeAyq8VdReMGVa2W0B8D/kwQnTx3Fgg5NFdFv4/lEhjarbt4Hg6bNmRpqrhsgRuujn8EenOTTpwaid1GUAKBl5bklKk2LANUE3v9Wqmp4OHrfg6wrGBXegafnajyJ5K/GdDSHQVV6YduBCHhSTAhNeQOubrBRhOlo/Qgkud2Kql7OG//oDFx0Vpk//PIypobUFgFiic++SStPU83nY5O41iqs89uB/kvYVS5CQ0eYHTIIG0Ofj7hbcXpASzEByxOva93rnzBHXnwUPEzQ00bO3RpsD5k6fyZDp9xSnqa0IKkEoy8mKyuGtJxAV1qxBAN2G6b7PZiDeNkbHFvPDCTXNyBO2b1+/uXvK16tKNhmqYR+K1iLh39x9jqhElklAoelo5izAIWPG/+oks4hU7kaD+FAAh6dHDDPWrUUj8G4gYg8F7NyDH7CFYzH+yR/5iedgC/+KhcW1YqRYu4MBUhFvwKuwMGpO3iMjUZeBVf/ukgL+0CPFdFMIuE4CfGwixti301+tjYWaAyBaEaM5zB7hOuuOw14kHPbEeta8cEPHu7vHKA5xYjzdb/ayGf1rWkzWyL+1372Wqa4OwZP2knSk3vyzJ2Kx516iKK4rL1mM9YfRQY0EsXk+6kbii4aq6C02FcMHbvN5i/E4JnlbRhrHSJVvWX7qCNyPTZwmVz9nxrfDZ7HvXaP5GpJpJY2Q1m7wpiKPGev1rszUI0DGI41wU0XZHFjfySJ9RIpciH2PllCWitsOAmi0Opm3F3JNpTjA4K64cBxKj1GsyQ4NO9x6ufmaoI0lCDob+uX7VDJt0Kt+KCzvk9NUYxHBEUC+RtiA3s9RdR/GXBuIEf041infHXnT0j4dA5/c5ioLZETy1lJYL1WOGpK9mn3CzJQyP3tKcojprK+gfN8bgXYxd5Y+E1dm7cZBBpQsTHB0exnOoS8+Dv9vfQB6FULiRheMmaR65Lso1ZL5I2jmtfY3hzo250Og/E3k5dZZ3dMpPsoi8lHN/0obzMqRYtusTt2dVInpo8qmlzxdap39tzni/9i4+Zw6irj0dpR4WdGUsbDRsPdJjH9e+w==&u=U2FsdGVkX197fn1mlAyK+YkJfJB18ZDxWlLmlDbC7rs=&y=U2FsdGVkX1/nwJ2ZoPvtsaV+NK2nY5ygzzzx7ahES42iHea30xLpebrkYRIS2ulP HTTP/1.1" 200 26
186.102.32.208 - - [08/Dec/2023:11:20:27 -0500] "GET /kwssiamovil/sm/acme/a?s=U2FsdGVkX18ix0QUFIC/XWMA0bELL2tkVn5kdrvejILz6RXsozNI1I+jgW4KT+XSqCklQ5HxsSwX7d6WJ8wRou/i4tSCzrSb1SjUPnpnTo8ACD4ijLrIQER+xNOnnEt3Rn6r9FjNjBJOcGoQarlKRxm1nD4rOEKkLVIm/04Bnqc=&u=U2FsdGVkX197fn1mlAyK+YkJfJB18ZDxWlLmlDbC7rs=&y=U2FsdGVkX1/nwJ2ZoPvtsaV+NK2nY5ygzzzx7ahES42iHea30xLpebrkYRIS2ulP HTTP/1.1" 200 26
186.102.32.208 - - [08/Dec/2023:11:20:27 -0500] "GET /kwssiamovil/sm/acme/a?s=U2FsdGVkX1/+j/3mUkJFQZ4eZGj01QvNV7bbuHZ4EL+CSi/fD2tyuLSV0pcy7AO/MyLm3fQXbtgvJ8MrJYyqKJ4bLkDtgsTooleWxAO+x/3Tu7elm0mleHmDOgQzOHclx18TS6tq6ozCTifw7pffY2dDYCbf6beD+snP9Cuhgj8=&u=U2FsdGVkX197fn1mlAyK+YkJfJB18ZDxWlLmlDbC7rs=&y=U2FsdGVkX1/nwJ2ZoPvtsaV+NK2nY5ygzzzx7ahES42iHea30xLpebrkYRIS2ulP HTTP/1.1" 200 26
186.102.32.208 - - [08/Dec/2023:11:20:27 -0500] "GET /kwssiamovil/sm/acme/a?s=U2FsdGVkX1/scAoQ1MkZfAB+0dJe8mbTRF801V2rz40YUb0jjj7ZiNJovRJlgTB8+l8TsucyHxZnkvBUF8Q8Iw7wf8mnX0K/YCPhRO4FJ0Zu2l3ApbNWANMQECfPAtA31I1Haj76r5cKO6Hn1pPs1D5LyoVyjPSKXRnVAWu6Rxo=&u=U2FsdGVkX197fn1mlAyK+YkJfJB18ZDxWlLmlDbC7rs=&y=U2FsdGVkX1/nwJ2ZoPvtsaV+NK2nY5ygzzzx7ahES42iHea30xLpebrkYRIS2ulP HTTP/1.1" 200 26
186.102.32.208 - - [08/Dec/2023:11:20:27 -0500] "GET /kwssiamovil/sm/acme/a?s=U2FsdGVkX18+73MKU7DXb5ZiWPnJEStPz/xhaqfWm3MDJ8GzDxF4Zq8G3mNd/LmH2ZhfNiU02tSSXhvuOoALF3WYml4mEcHppmXJpfZQEkIq9OLZoBq2gK77AjHc/MxbZHgMSTKgOQcxkDuUapsmwujw1ve2BkKEErjPFB9BBEWX5ZlKRUZMf6okxOfXVE838Fxx6enKWMpwjMhgE+W8/Q==&u=U2FsdGVkX197fn1mlAyK+YkJfJB18ZDxWlLmlDbC7rs=&y=U2FsdGVkX1/nwJ2ZoPvtsaV+NK2nY5ygzzzx7ahES42iHea30xLpebrkYRIS2ulP HTTP/1.1" 200 26
186.102.32.208 - - [08/Dec/2023:11:20:27 -0500] "GET /kwssiamovil/sm/acme/a?s=U2FsdGVkX19HiG9fpv+HAELEy6vczCtG5VAHdCbrK0ZTgvxweGfJA6rwEhRSDRLKAZVbodEdL9q4akqxl37RvG00+nRfqv5X4w/XlGOREHlBczoq1fx7qC6DG3Lrwr1y9TRsPGOlBJWTLAxHz0q2OSnBcB+pKQVqw25QVVEeDVlay6GKKBg+FlIxwd9J2De0QkCW/+B2CguS44ed+NAsQA==&u=U2FsdGVkX197fn1mlAyK+YkJfJB18ZDxWlLmlDbC7rs=&y=U2FsdGVkX1/nwJ2ZoPvtsaV+NK2nY5ygzzzx7ahES42iHea30xLpebrkYRIS2ulP HTTP/1.1" 200 26
186.102.32.208 - - [08/Dec/2023:11:20:28 -0500] "GET /kwssiamovil/sm/acme/a?s=U2FsdGVkX1/WIWt+MH8YAfxmtO7bAMIb5XNuYFsRfY9kh4yqS6SYkZs6MDSCyNO1Ms9tInk+MYgTLUzGQ5LRok4nhDxsyiNNoGxvMV69YKJc5cEzGhsvEsZv7k2Bku81Yg0yihc9zb2BQtuESUDCPOiKaHypv3dc7oAxhCz+20ZQR49I/EptrjBhKRkXs7eXHPeyuKvnlTjcNsaH2h1fzA==&u=U2FsdGVkX197fn1mlAyK+YkJfJB18ZDxWlLmlDbC7rs=&y=U2FsdGVkX1/nwJ2ZoPvtsaV+NK2nY5ygzzzx7ahES42iHea30xLpebrkYRIS2ulP HTTP/1.1" 200 26
201.245.192.253 - - [08/Dec/2023:11:20:25 -0500] "POST /kwsrmcab/Wsrmcab HTTP/1.1" 200 38634
172.22.2.4 - - [08/Dec/2023:11:20:28 -0500] "GET /BLA/boletinlegal/consulta_actos.php?tipo=resoluciones&no=1270&usuario=&sector=PEV&fecha=2009&resuelve= HTTP/1.1" 200 1092
66.249.66.20 - - [08/Dec/2023:11:20:29 -0500] "GET /BLA/resoluciones/Notificaciones/AUTOS%202021/4478.pdf HTTP/1.1" 200 328643
186.98.86.71 - - [08/Dec/2023:11:20:30 -0500] "GET /BLA/resoluciones/RESOLUCIONES%202009/1270.pdf HTTP/1.1" 200 531828
172.22.2.4 - - [08/Dec/2023:11:18:53 -0500] "GET /BLA/boletinlegal/ HTTP/1.1" 200 58294
216.244.66.195 - - [08/Dec/2023:11:20:34 -0500] "GET /BLA/resoluciones/AUTOS%202010/0167.pdf HTTP/1.1" 200 355868
66.249.66.19 - - [08/Dec/2023:11:20:42 -0500] "GET /BLA/resoluciones/RESOLUCIONES%202010/1690.pdf HTTP/1.1" 200 365308
216.244.66.195 - - [08/Dec/2023:11:21:00 -0500] "GET /BLA/resoluciones/AUTOS%202010/0379.pdf HTTP/1.1" 200 179737
216.244.66.195 - - [08/Dec/2023:11:21:24 -0500] "GET /BLA/resoluciones/AUTOS%202010/0409.pdf HTTP/1.1" 200 242867
216.244.66.195 - - [08/Dec/2023:11:21:49 -0500] "GET /BLA/resoluciones/AUTOS%202010/0968.pdf HTTP/1.1" 200 295786
66.249.66.20 - - [08/Dec/2023:11:21:50 -0500] "GET /BLA/resoluciones/Autos%202008/2021.pdf HTTP/1.1" 200 74692
201.245.192.253 - - [08/Dec/2023:11:22:03 -0500] "POST /kwsrmcab/Wsrmcab  HTTP/1.1" 200 41806
216.244.66.195 - - [08/Dec/2023:11:22:11 -0500] "GET /BLA/resoluciones/AUTOS%202010/1283.pdf HTTP/1.1" 200 73863
172.22.2.4 - - [08/Dec/2023:11:22:14 -0500] "GET /BLA/boletinlegal/actos.php HTTP/1.1" 200 9682
216.244.66.195 - - [08/Dec/2023:11:22:32 -0500] "GET /BLA/resoluciones/AUTOS%202010/1879.pdf HTTP/1.1" 200 89060
216.244.66.195 - - [08/Dec/2023:11:22:52 -0500] "GET /BLA/resoluciones/AUTOS%202010/2306.pdf HTTP/1.1" 200 207977
172.22.2.4 - - [08/Dec/2023:11:22:57 -0500] "GET /BLA/boletinlegal/consulta_actos.php?tipo=resoluciones&no=0270&usuario=&sector=RESIDUOS&fecha=2023&resuelve= HTTP/1.1" 200 626
216.245.221.92 - - [08/Dec/2023:11:22:57 -0500] "HEAD / HTTP/1.1" 200 -
172.22.2.4 - - [08/Dec/2023:11:23:05 -0500] "GET /BLA/boletinlegal/actos.php HTTP/1.1" 200 9682
216.244.66.195 - - [08/Dec/2023:11:23:15 -0500] "GET /BLA/resoluciones/AUTOS%202010/2321.PDF HTTP/1.1" 200 800733
172.22.2.4 - - [08/Dec/2023:11:23:29 -0500] "GET /BLA/boletinlegal/actos.php HTTP/1.1" 200 9682
172.22.2.4 - - [08/Dec/2023:11:23:29 -0500] "GET /BLA/boletinlegal/styles2.css HTTP/1.1" 200 1838
172.22.2.4 - - [08/Dec/2023:11:23:29 -0500] "GET /BLA/boletinlegal/js/ajax_actos.js HTTP/1.1" 200 1322
172.22.2.4 - - [08/Dec/2023:11:23:29 -0500] "GET /BLA/boletinlegal/style.css HTTP/1.1" 200 9406
172.22.2.4 - - [08/Dec/2023:11:23:29 -0500] "GET /BLA/boletinlegal/niceforms-default.css HTTP/1.1" 200 6694
172.22.2.4 - - [08/Dec/2023:11:23:29 -0500] "GET /BLA/boletinlegal/niceforms.js HTTP/1.1" 200 22876
172.22.2.4 - - [08/Dec/2023:11:23:29 -0500] "GET /BLA/boletinlegal/js/lib.js HTTP/1.1" 200 6474
172.22.2.4 - - [08/Dec/2023:11:23:29 -0500] "GET /BLA/boletinlegal/js/popup.js HTTP/1.1" 200 1270
172.22.2.4 - - [08/Dec/2023:11:23:29 -0500] "GET /BLA/boletinlegal/js/jquery1.js HTTP/1.1" 200 29846
172.22.2.4 - - [08/Dec/2023:11:23:29 -0500] "GET /BLA/boletinlegal/images/cabezote%20BLEGAL.jpg HTTP/1.1" 200 118164
172.22.2.4 - - [08/Dec/2023:11:23:29 -0500] "GET /BLA/boletinlegal/images/subscribe-icon-big.png HTTP/1.1" 200 47702
172.22.2.4 - - [08/Dec/2023:11:23:29 -0500] "GET /BLA/boletinlegal/images/historia.png HTTP/1.1" 200 52775
172.22.2.4 - - [08/Dec/2023:11:23:29 -0500] "GET /BLA/boletinlegal/images/registro-usuarios.png HTTP/1.1" 200 8106
172.22.2.4 - - [08/Dec/2023:11:23:29 -0500] "GET /BLA/boletinlegal/images/green-yellow-blue-pink-th.png HTTP/1.1" 200 7394
172.22.2.4 - - [08/Dec/2023:11:23:29 -0500] "GET /BLA/boletinlegal/images/tel.png HTTP/1.1" 200 14477
172.22.2.4 - - [08/Dec/2023:11:23:29 -0500] "GET /BLA/boletinlegal/images/icono-email.png HTTP/1.1" 200 5544
172.22.2.4 - - [08/Dec/2023:11:23:29 -0500] "GET /BLA/boletinlegal/images/menu_lft.gif HTTP/1.1" 200 1713
172.22.2.4 - - [08/Dec/2023:11:23:29 -0500] "GET /BLA/boletinlegal/images/body_bg.jpg HTTP/1.1" 200 1601
172.22.2.4 - - [08/Dec/2023:11:23:29 -0500] "GET /BLA/boletinlegal/images/menu_rght.gif HTTP/1.1" 200 1627
172.22.2.4 - - [08/Dec/2023:11:23:29 -0500] "GET /BLA/boletinlegal/images/bg_top.jpg HTTP/1.1" 200 522
172.22.2.4 - - [08/Dec/2023:11:23:30 -0500] "GET /BLA/boletinlegal/images/footer_bg.jpg HTTP/1.1" 200 586
172.22.2.4 - - [08/Dec/2023:11:23:30 -0500] "GET /BLA/boletinlegal/images/text.jpg HTTP/1.1" 200 568
172.22.2.4 - - [08/Dec/2023:11:23:30 -0500] "GET /BLA/boletinlegal/images/menu_bg.jpg HTTP/1.1" 200 620
172.22.2.4 - - [08/Dec/2023:11:23:30 -0500] "GET /BLA/boletinlegal/images/hover.jpg HTTP/1.1" 200 640
172.22.2.4 - - [08/Dec/2023:11:23:30 -0500] "GET /BLA/boletinlegal/images/footer_bg_l.jpg HTTP/1.1" 200 776
172.22.2.4 - - [08/Dec/2023:11:23:30 -0500] "GET /BLA/boletinlegal/img/0.png HTTP/1.1" 200 110
172.22.2.4 - - [08/Dec/2023:11:23:30 -0500] "GET /BLA/boletinlegal/img/button.png HTTP/1.1" 200 43241
172.22.2.4 - - [08/Dec/2023:11:23:30 -0500] "GET /BLA/boletinlegal/img/select-right.png HTTP/1.1" 200 44019
172.22.2.4 - - [08/Dec/2023:11:23:30 -0500] "GET /BLA/boletinlegal/img/select-left.png HTTP/1.1" 200 263
172.22.2.4 - - [08/Dec/2023:11:23:30 -0500] "GET /BLA/boletinlegal/img/button-left.png HTTP/1.1" 200 57071
172.22.2.4 - - [08/Dec/2023:11:23:30 -0500] "GET /BLA/boletinlegal/img/button-right.png HTTP/1.1" 200 57878
172.22.2.4 - - [08/Dec/2023:11:23:30 -0500] "GET /BLA/boletinlegal/favicon.ico HTTP/1.1" 404 1230
216.244.66.195 - - [08/Dec/2023:11:23:36 -0500] "GET /BLA/resoluciones/AUTOS%202010/3312.pdf HTTP/1.1" 200 1516864
172.22.2.4 - - [08/Dec/2023:11:23:57 -0500] "GET /BLA/boletinlegal/consulta_actos.php?tipo=resoluciones&no=&usuario=&sector=&fecha=2023&resuelve=sitios%20contaminados HTTP/1.1" 200 1330
172.22.2.4 - - [08/Dec/2023:11:23:57 -0500] "GET /BLA/boletinlegal/images/pdf.gif HTTP/1.1" 200 567
186.99.127.26 - - [08/Dec/2023:11:24:05 -0500] "GET /BLA/resoluciones/RESOLUCIONES%202023/2700.pdf HTTP/1.1" 200 367848
186.99.127.26 - - [08/Dec/2023:11:24:05 -0500] "GET /favicon.ico HTTP/1.1" 200 7782
216.244.66.195 - - [08/Dec/2023:11:24:15 -0500] "GET /BLA/resoluciones/AUTOS%202010/4636.pdf HTTP/1.1" 200 358279
216.244.66.195 - - [08/Dec/2023:11:24:46 -0500] "GET /BLA/resoluciones/AUTOS%202010/4816.pdf HTTP/1.1" 200 366158
66.249.66.21 - - [08/Dec/2023:11:24:48 -0500] "GET /BLA/resoluciones/RESOLUCIONES%202010/6335.pdf HTTP/1.1" 200 721565
172.22.2.4 - - [08/Dec/2023:11:23:21 -0500] "GET /BLA/boletinlegal/ HTTP/1.1" 200 59007
172.22.2.4 - - [08/Dec/2023:11:25:03 -0500] "GET /BLA/boletinlegal/HNAP1/ HTTP/1.1" 404 1152
216.244.66.195 - - [08/Dec/2023:11:25:16 -0500] "GET /BLA/resoluciones/AUTOS%202010/5118.pdf HTTP/1.1" 200 2632618
172.22.2.4 - - [08/Dec/2023:11:23:52 -0500] "HEAD /BLA/boletinlegal/ HTTP/1.1" 200 -
216.244.66.195 - - [08/Dec/2023:11:25:50 -0500] "GET /BLA/resoluciones/AUTOS%202010/5265.pdf HTTP/1.1" 200 179989
40.77.167.60 - - [08/Dec/2023:11:25:56 -0500] "GET /BLA/resoluciones/Notificaciones/RESOLUCIONES%202023/160.pdf HTTP/1.1" 200 406253
216.244.66.195 - - [08/Dec/2023:11:26:21 -0500] "GET /BLA/resoluciones/AUTOS%202010/5456.pdf HTTP/1.1" 200 402465
172.22.2.4 - - [08/Dec/2023:11:24:43 -0500] "GET /BLA/boletinlegal/ HTTP/1.1" 200 56634
201.245.192.253 - - [08/Dec/2023:11:26:32 -0500] "POST /kwsrmcab/Wsrmcab HTTP/1.1" 200 35155
201.245.192.253 - - [08/Dec/2023:11:26:35 -0500] "POST /kwsrmcab/Wsrmcab HTTP/1.1" 200 38634
216.244.66.195 - - [08/Dec/2023:11:26:50 -0500] "GET /BLA/resoluciones/AUTOS%202010/5809.pdf HTTP/1.1" 200 339097
172.22.2.4 - - [08/Dec/2023:11:27:04 -0500] "GET /BLA/boletinlegal/normativa.php HTTP/1.1" 200 8343
201.245.192.253 - - [08/Dec/2023:11:27:02 -0500] "POST /kwsrmcab/Wsrmcab  HTTP/1.1" 200 41806
172.22.2.4 - - [08/Dec/2023:11:25:29 -0500] "GET /BLA/boletinlegal/ HTTP/1.1" 200 60224
216.244.66.195 - - [08/Dec/2023:11:27:24 -0500] "GET /BLA/resoluciones/AUTOS%202010/6385.pdf HTTP/1.1" 200 387561
66.249.66.21 - - [08/Dec/2023:11:27:49 -0500] "GET /BLA/resoluciones/AUTOS%202017/2629.pdf HTTP/1.1" 200 291324
216.244.66.195 - - [08/Dec/2023:11:27:52 -0500] "GET /BLA/resoluciones/AUTOS%202010/6596.pdf HTTP/1.1" 200 147693
216.245.221.92 - - [08/Dec/2023:11:27:57 -0500] "HEAD / HTTP/1.1" 200 -
216.244.66.195 - - [08/Dec/2023:11:28:18 -0500] "GET /BLA/resoluciones/AUTOS%202010/6666.pdf HTTP/1.1" 200 215385
216.244.66.195 - - [08/Dec/2023:11:28:43 -0500] "GET /BLA/resoluciones/AUTOS%202010/6947.pdf HTTP/1.1" 200 205865
216.244.66.195 - - [08/Dec/2023:11:29:07 -0500] "GET /BLA/resoluciones/AUTOS%202011/3357.pdf HTTP/1.1" 200 222997
216.244.66.195 - - [08/Dec/2023:11:29:31 -0500] "GET /BLA/resoluciones/AUTOS%202011/3898.pdf HTTP/1.1" 200 3713237
52.167.144.174 - - [08/Dec/2023:11:29:38 -0500] "GET /BLA/resoluciones/RESOLUCIONES%202010/2027.pdf HTTP/1.1" 200 337366
186.102.78.215 - - [08/Dec/2023:11:30:01 -0500] "GET /kwssiamovil/sm/acme/a?s=U2FsdGVkX19WLiE1zxADkgV1Uu/In90YjmndHmu1gohAEtkwftvZlwiDk6JTZzOBcY0lW10PlOnT79L+Najzg6b14WSgu/iSZNAKzrc4sLpG7+D//+dH4lq9cuG2H+PFaf6C1MO2WkrP77B4yqlIcmDhLluTsMX/GGUTX5JzbnrxW0jciXCiBGYPjiKS3c8s/cwnAkaPOdWu27KQoA+wvT/k2ON7a+qmmpqLgRpepWFhzyauRrrySsHU0JxgBvh/qk8OWpWeC0S41NtvpGMiOg==&u=U2FsdGVkX1+C06ipZDdnyCPVbw88nLDYQcqYKVCWXgQ=&y=U2FsdGVkX1+mGmHWeOKjuUFEES8OJ7juKVU6cn5vdLY= HTTP/1.1" 200 26
186.102.78.215 - - [08/Dec/2023:11:30:01 -0500] "GET /kwssiamovil/sm/acme/a?s=U2FsdGVkX1+6ymt0ipf7G2t0rze/OxbOY60EVuWjDT2MNNTKirsMtfi+oEavTaAL1eQ6RLt5/Ba9cZc7ihUh5EIKCpwIAYc21sj9+jxr7ToQrfr3xYy8KgeF5nXYC4RYia483ozuv8yHXjFf7cnnYPiAVc7sNDbPFQYb5CL3C+50EA8YqHx64764jBJWZ5cspRnXi42XYCp4t9MFICKIriz5seFFOdACfBUHlNLIwqcSeHs6gKxAyiMNb1ZDH2T5L44uIhmtAQne1knXr7W0LKi7ORYZdqFc8NTVndVTZMfQxQ/W0tktbVYmr49raJPdtkep5wSWmPFNCpOLz1kOTPzlohLP1VYyXKpt8wcPOdiVZuAXitPJw7lV5w/aVa24ReLhZNabmVfXUaSxKV8aFT8rOcjnocfm71mFh/g4VONCfAvdmqA5BtrJjdtCs1j03OvegBX8B0DbA/XD13ocIh0L5owlzIJ0L+8fmMLf93ih2O8UDNXOxLqtq5YmvbrQl7m0Sxo7p25NbRI2MzFBKjSxVdRDD973+vyts9RFRzJOFdFFzasggmQxhP9QEccI/y/V4mJ6O9f0XjoBWLBf6VHSY0Ky+2UmpolqCnnkXiieerWkfhhCrFblSfeGkTDHyUGTWuo14BCFUh6mG5uYGBGkJ1LWygKLsDsUJtNCiEsDd7x6T65qGruYA6a5yeESu5TAUTMUED/9gUyO4f3uxKWTW/Q2nH2qOJjlHZe90K0+liYV9yWsLiZaH/DkmxKjh6TXdN5391VJeE1AKtIkRsObpEUFqKNgRx8mTFC4kRl5leScH/bjH1iwQH+ePkUs7jBsZr5BpYPbx1td17+8s+Q3F10S5ePgIJufi1PTaPx0Z/1MELOxhFAVvNde2qaoY3Oim+n2r8hYj21qB5b7eepo3QrwQxAruE0MkGqAwDpM26fU+wrLkqvv8jZHcA41BdaOKxXup5N69C6/Xxa9bhOmirtG6Fms3TdB4I8rJPH10rYjom50LXYdTZHl3i9fOJI1AIhZmNe/4qSmcrjbA0/D6HrV4zpaAizl6o/VxZINNSYhLNrd+BJYo3MRKTLyfHJwH78L39ignfRj6BLkZP+4XfpM0Y2AGtDP1v+x0tYg0BZDxdf3a/+uR7N/11jqF4r0I+MPpbFzL0mNhCk5Igabps9g9agURyKXk3d7/QONwOeqguf2+hPI8rktd8lfwRXnos/yFgqDHCg6IpXPhw==&u=U2FsdGVkX1+C06ipZDdnyCPVbw88nLDYQcqYKVCWXgQ=&y=U2FsdGVkX1+mGmHWeOKjuUFEES8OJ7juKVU6cn5vdLY= HTTP/1.1" 200 26
186.102.78.215 - - [08/Dec/2023:11:30:02 -0500] "GET /kwssiamovil/sm/acme/a?s=U2FsdGVkX1/pZ/WtK8FyR3fbiqaVI/WFQlEBb/mBWmUQqdvDNCnLHrhivIciriH6aXqgb7QKeXaQjHXTr6TAKtdQo9LatJOnrejwY6APAtSAjY5VbA9pui2jy9IasXsYWEeNfYVCXnqXzM0lvB7j61CdTKyDxQzqWWhoEHevEOU=&u=U2FsdGVkX1+C06ipZDdnyCPVbw88nLDYQcqYKVCWXgQ=&y=U2FsdGVkX1+mGmHWeOKjuUFEES8OJ7juKVU6cn5vdLY= HTTP/1.1" 200 26
186.102.78.215 - - [08/Dec/2023:11:30:02 -0500] "GET /kwssiamovil/sm/acme/a?s=U2FsdGVkX19rK/NDSS5Pkz2VP2L7e17Fq2+uunkCNQCV+LEsP8uZ/sugNTcjo2ixy43eNf7jMTfATsF2qYGBeEPAuhJGbXQAfVf4X/GuemAQr1i4JycO8HwKYhHGR6Q4uCZIRuY2fM9N8YZIVRqW3/zOc/+DyyTwWgQKgM5RkeY=&u=U2FsdGVkX1+C06ipZDdnyCPVbw88nLDYQcqYKVCWXgQ=&y=U2FsdGVkX1+mGmHWeOKjuUFEES8OJ7juKVU6cn5vdLY= HTTP/1.1" 200 26
186.102.78.215 - - [08/Dec/2023:11:30:02 -0500] "GET /kwssiamovil/sm/acme/a?s=U2FsdGVkX1/2F28YJHBR/zipqhlmg3HFduT/FfLdFu9zHX4CM08eb0pl9IbdwDCqFcmP/54iKsBD27yZCmm3/c8MwKtLQv5FQW9UZWjFltKemXadEKvQ1T8Jx4KuiVD7zohK9MByCYVNeitnQ0OIO3TadKPpU9SQ/w5qTjW+d0I=&u=U2FsdGVkX1+C06ipZDdnyCPVbw88nLDYQcqYKVCWXgQ=&y=U2FsdGVkX1+mGmHWeOKjuUFEES8OJ7juKVU6cn5vdLY= HTTP/1.1" 200 26
186.102.78.215 - - [08/Dec/2023:11:30:02 -0500] "GET /kwssiamovil/sm/acme/a?s=U2FsdGVkX19ZPLKm86FyJifJeFp9m/fH1vNVNhCfP4rPUP6/UZzSOF8D+329jm/QcN2HtPkWYm6CreS2nt+YxCIUjuRQlXPXMn+/4fEjMb+ip8UHwWmyta2Ka0DCgmJyGC1zOyjJ1Fq9jF7zXYaErUogYOcnNOmRWAFuQknCxa5HO4+sFn6IHHi+EkiiO3Gp&u=U2FsdGVkX1+C06ipZDdnyCPVbw88nLDYQcqYKVCWXgQ=&y=U2FsdGVkX1+mGmHWeOKjuUFEES8OJ7juKVU6cn5vdLY= HTTP/1.1" 200 26
216.244.66.195 - - [08/Dec/2023:11:30:07 -0500] "GET /BLA/resoluciones/AUTOS%202011/4030.pdf HTTP/1.1" 200 255483
201.245.192.253 - - [08/Dec/2023:11:30:16 -0500] "POST /kwsrmcab/Wsrmcab HTTP/1.1" 200 35155
201.245.192.253 - - [08/Dec/2023:11:30:25 -0500] "POST /kwsrmcab/Wsrmcab HTTP/1.1" 200 38634
216.244.66.195 - - [08/Dec/2023:11:30:38 -0500] "GET /BLA/resoluciones/RESOLUCIONES%202016/0534.pdf HTTP/1.1" 200 535579
216.244.66.195 - - [08/Dec/2023:11:31:07 -0500] "GET /BLA/resoluciones/RESOLUCIONES%202016/0622.pdf HTTP/1.1" 200 520493
66.249.66.21 - - [08/Dec/2023:11:31:21 -0500] "GET /BLA/resoluciones/AUTOS%202014/5212.pdf HTTP/1.1" 200 518748
172.22.2.4 - - [08/Dec/2023:11:29:42 -0500] "HEAD /BLA/boletinlegal/ HTTP/1.1" 200 -
186.80.52.180 - - [08/Dec/2023:11:31:28 -0500] "GET /sipse/faces/index.xhtml HTTP/1.1" 200 677
186.80.52.180 - - [08/Dec/2023:11:31:28 -0500] "GET /sipse/faces/javax.faces.resource/theme.css?ln=primefaces-sipse HTTP/1.1" 304 -
186.80.52.180 - - [08/Dec/2023:11:31:28 -0500] "GET /sipse/faces/faces/autenticacion.xhtml HTTP/1.1" 200 12414
186.80.52.180 - - [08/Dec/2023:11:31:28 -0500] "GET /sipse/css/custom_css_sg.css HTTP/1.1" 304 -
186.80.52.180 - - [08/Dec/2023:11:31:28 -0500] "GET /sipse/faces/javax.faces.resource/theme.css?ln=primefaces-sipse HTTP/1.1" 304 -
186.80.52.180 - - [08/Dec/2023:11:31:28 -0500] "GET /sipse/css/custom_css_sg_prime_login.css HTTP/1.1" 304 -
186.80.52.180 - - [08/Dec/2023:11:31:28 -0500] "GET /sipse/faces/javax.faces.resource/layout/layout.css?ln=primefaces&v=4.0 HTTP/1.1" 304 -
186.80.52.180 - - [08/Dec/2023:11:31:28 -0500] "GET /sipse/js/funciones.js HTTP/1.1" 304 -
186.80.52.180 - - [08/Dec/2023:11:31:28 -0500] "GET /sipse/js/disable_browser_buttons.js HTTP/1.1" 304 -
186.80.52.180 - - [08/Dec/2023:11:31:28 -0500] "GET /sipse/faces/javax.faces.resource/primefaces.css?ln=primefaces&v=4.0 HTTP/1.1" 304 -
186.80.52.180 - - [08/Dec/2023:11:31:28 -0500] "GET /sipse/faces/javax.faces.resource/jquery/jquery.js?ln=primefaces&v=4.0 HTTP/1.1" 304 -
186.80.52.180 - - [08/Dec/2023:11:31:28 -0500] "GET /sipse/faces/javax.faces.resource/primefaces.js?ln=primefaces&v=4.0 HTTP/1.1" 304 -
186.80.52.180 - - [08/Dec/2023:11:31:28 -0500] "GET /sipse/faces/javax.faces.resource/jquery/jquery-plugins.js?ln=primefaces&v=4.0 HTTP/1.1" 304 -
186.80.52.180 - - [08/Dec/2023:11:31:28 -0500] "GET /sipse/faces/javax.faces.resource/layout/layout.js?ln=primefaces&v=4.0 HTTP/1.1" 304 -
186.80.52.180 - - [08/Dec/2023:11:31:29 -0500] "GET /sipse/css/imagen/logoSDG.png HTTP/1.1" 304 -
186.80.52.180 - - [08/Dec/2023:11:31:29 -0500] "GET /sipse/css/imagen/loginimg.png HTTP/1.1" 304 -
186.80.52.180 - - [08/Dec/2023:11:31:29 -0500] "GET /sipse/faces/javax.faces.resource/images/ui-icons_898989_256x240.png?ln=primefaces-aristo HTTP/1.1" 304 -
186.80.52.180 - - [08/Dec/2023:11:31:33 -0500] "POST /sipse/faces/autenticacion.xhtml HTTP/1.1" 200 2225
186.80.52.180 - - [08/Dec/2023:11:31:33 -0500] "GET /sipse/faces/javax.faces.resource/messages/messages.png?ln=primefaces&v=4.0 HTTP/1.1" 304 -
66.249.66.19 - - [08/Dec/2023:11:31:34 -0500] "GET /BLA/resoluciones/RESOLUCIONES%202008/1740.pdf HTTP/1.1" 200 374771
186.80.52.180 - - [08/Dec/2023:11:31:34 -0500] "POST /sipse/faces/autenticacion.xhtml HTTP/1.1" 200 16450
186.80.52.180 - - [08/Dec/2023:11:31:34 -0500] "GET /sipse/css/custom_css_sg_prime.css HTTP/1.1" 304 -
186.80.52.180 - - [08/Dec/2023:11:31:34 -0500] "GET /sipse/faces/javax.faces.resource/theme.css?ln=primefaces-sipse HTTP/1.1" 304 -
186.80.52.180 - - [08/Dec/2023:11:31:34 -0500] "GET /sipse/faces/javax.faces.resource/primefaces.css?ln=primefaces&v=4.0 HTTP/1.1" 304 -
186.80.52.180 - - [08/Dec/2023:11:31:34 -0500] "GET /sipse/faces/javax.faces.resource/layout/layout.css?ln=primefaces&v=4.0 HTTP/1.1" 304 -
186.80.52.180 - - [08/Dec/2023:11:31:34 -0500] "GET /sipse/js/jquery.min.js HTTP/1.1" 304 -
186.80.52.180 - - [08/Dec/2023:11:31:35 -0500] "GET /sipse/faces/javax.faces.resource/jquery/jquery.js?ln=primefaces&v=4.0 HTTP/1.1" 304 -
186.80.52.180 - - [08/Dec/2023:11:31:35 -0500] "GET /sipse/faces/javax.faces.resource/jquery/jquery-plugins.js?ln=primefaces&v=4.0 HTTP/1.1" 304 -
186.80.52.180 - - [08/Dec/2023:11:31:35 -0500] "GET /sipse/faces/javax.faces.resource/primefaces.js?ln=primefaces&v=4.0 HTTP/1.1" 304 -
186.80.52.180 - - [08/Dec/2023:11:31:35 -0500] "GET /sipse/faces/javax.faces.resource/layout/layout.js?ln=primefaces&v=4.0 HTTP/1.1" 304 -
186.80.52.180 - - [08/Dec/2023:11:31:35 -0500] "GET /sipse/css/v_mergente.css HTTP/1.1" 304 -
186.80.52.180 - - [08/Dec/2023:11:31:35 -0500] "GET /sipse/imagenes/cargando.gif HTTP/1.1" 304 -
186.80.52.180 - - [08/Dec/2023:11:31:35 -0500] "GET /sipse/imagenes/logoAplicacion.jpg HTTP/1.1" 304 -
186.80.52.180 - - [08/Dec/2023:11:31:35 -0500] "GET /sipse/css/imagen/contrasena.png HTTP/1.1" 404 383
186.80.52.180 - - [08/Dec/2023:11:31:36 -0500] "GET /sipse/faces/javax.faces.resource/images/ui-bg_flat_0_2d5972_40x100.png?ln=primefaces-aristo HTTP/1.1" 304 -
186.80.52.180 - - [08/Dec/2023:11:31:36 -0500] "POST /sipse/faces/bienvenido.xhtml HTTP/1.1" 200 2658
186.80.52.180 - - [08/Dec/2023:11:31:37 -0500] "POST /sipse/faces/bienvenido.xhtml HTTP/1.1" 200 64337
186.80.52.180 - - [08/Dec/2023:11:31:40 -0500] "GET /sipse/faces/javax.faces.resource/theme.css?ln=primefaces-sipse HTTP/1.1" 304 -
186.80.52.180 - - [08/Dec/2023:11:31:40 -0500] "GET /sipse/faces/javax.faces.resource/primefaces.css?ln=primefaces&v=4.0 HTTP/1.1" 304 -
186.80.52.180 - - [08/Dec/2023:11:31:40 -0500] "GET /sipse/faces/javax.faces.resource/layout/layout.css?ln=primefaces&v=4.0 HTTP/1.1" 304 -
186.80.52.180 - - [08/Dec/2023:11:31:40 -0500] "GET /sipse/faces/javax.faces.resource/jquery/jquery.js?ln=primefaces&v=4.0 HTTP/1.1" 304 -
186.80.52.180 - - [08/Dec/2023:11:31:40 -0500] "GET /sipse/faces/javax.faces.resource/jquery/jquery-plugins.js?ln=primefaces&v=4.0 HTTP/1.1" 304 -
186.80.52.180 - - [08/Dec/2023:11:31:40 -0500] "GET /sipse/faces/javax.faces.resource/primefaces.js?ln=primefaces&v=4.0 HTTP/1.1" 304 -
186.80.52.180 - - [08/Dec/2023:11:31:40 -0500] "GET /sipse/faces/javax.faces.resource/layout/layout.js?ln=primefaces&v=4.0 HTTP/1.1" 304 -
186.80.52.180 - - [08/Dec/2023:11:31:40 -0500] "POST /sipse/faces/presentacion/financiero/solicitudProceso/listarSolicitudProceso.xhtml HTTP/1.1" 200 1564
186.80.52.180 - - [08/Dec/2023:11:31:43 -0500] "POST /sipse/faces/presentacion/financiero/solicitudProceso/listarSolicitudProceso.xhtml HTTP/1.1" 200 46619
186.80.52.180 - - [08/Dec/2023:11:31:44 -0500] "POST /sipse/faces/presentacion/financiero/solicitudProceso/listarSolicitudProceso.xhtml HTTP/1.1" 200 1564
186.80.52.180 - - [08/Dec/2023:11:31:44 -0500] "POST /sipse/faces/presentacion/financiero/solicitudProceso/listarSolicitudProceso.xhtml HTTP/1.1" 200 32259
186.80.52.180 - - [08/Dec/2023:11:31:45 -0500] "POST /sipse/faces/presentacion/financiero/solicitudProceso/listarSolicitudProceso.xhtml HTTP/1.1" 200 44504
216.244.66.195 - - [08/Dec/2023:11:31:46 -0500] "GET /BLA/resoluciones/RESOLUCIONES%202016/0635.pdf HTTP/1.1" 200 522555
201.245.192.253 - - [08/Dec/2023:11:32:01 -0500] "POST /kwsrmcab/Wsrmcab  HTTP/1.1" 200 41806
172.22.2.4 - - [08/Dec/2023:11:30:33 -0500] "GET /BLA/boletinlegal/ HTTP/1.1" 200 60634
216.244.66.195 - - [08/Dec/2023:11:32:18 -0500] "GET /BLA/resoluciones/RESOLUCIONES%202016/0786.pdf HTTP/1.1" 200 836216
186.80.52.180 - - [08/Dec/2023:11:32:31 -0500] "POST /sipse/faces/presentacion/financiero/solicitudProceso/listarSolicitudProceso.xhtml HTTP/1.1" 200 29432
40.77.167.76 - - [08/Dec/2023:11:32:47 -0500] "GET /BLA/resoluciones/AUTOS%202017/3057.pdf HTTP/1.1" 200 290120
216.245.221.92 - - [08/Dec/2023:11:32:57 -0500] "HEAD / HTTP/1.1" 200 -
66.249.66.19 - - [08/Dec/2023:11:36:05 -0500] "GET /resoluciones/RESOLUCIONES%202007/RES%202007%202801%20AL%202900/RESOLUCION%202836%20DE%202007.pdf HTTP/1.1" 404 1018
66.249.66.20 - - [08/Dec/2023:11:36:06 -0500] "GET /BLA/resoluciones/Autos%202008/2237.pdf HTTP/1.1" 200 181610
66.249.66.193 - - [08/Dec/2023:11:36:18 -0500] "GET /caminatas-ecologicas-un-plan-imperdible-para-octubre.html HTTP/1.1" 304 -
201.245.192.253 - - [08/Dec/2023:11:36:32 -0500] "POST /kwsrmcab/Wsrmcab HTTP/1.1" 200 35155
40.77.167.76 - - [08/Dec/2023:11:36:36 -0500] "GET /BLA/resoluciones/RESOLUCIONES%202023/0844.pdf HTTP/1.1" 200 367798
201.245.192.253 - - [08/Dec/2023:11:36:35 -0500] "POST /kwsrmcab/Wsrmcab HTTP/1.1" 200 38634
201.245.192.253 - - [08/Dec/2023:11:36:58 -0500] "POST /kwsrmcab/Wsrmcab  HTTP/1.1" 200 41806
172.22.2.4 - - [08/Dec/2023:11:35:32 -0500] "HEAD /BLA/boletinlegal/ HTTP/1.1" 200 -
216.245.221.92 - - [08/Dec/2023:11:37:57 -0500] "HEAD / HTTP/1.1" 200 -
172.22.2.4 - - [08/Dec/2023:11:36:23 -0500] "GET /BLA/boletinlegal/ HTTP/1.1" 200 58644
172.22.2.4 - - [08/Dec/2023:11:40:11 -0500] "GET /BLA/boletinlegal/actos.php HTTP/1.1" 200 9682
172.22.2.4 - - [08/Dec/2023:11:40:11 -0500] "GET /BLA/boletinlegal/images/hover.jpg HTTP/1.1" 200 640
172.22.2.4 - - [08/Dec/2023:11:40:11 -0500] "GET /BLA/boletinlegal/images/menu_bg.jpg HTTP/1.1" 200 620
186.31.62.213 - - [08/Dec/2023:11:40:14 -0500] "GET /BLA/resoluciones/ HTTP/1.1" 200 13696
201.245.192.253 - - [08/Dec/2023:11:40:16 -0500] "POST /kwsrmcab/Wsrmcab HTTP/1.1" 200 35155
186.31.62.213 - - [08/Dec/2023:11:40:21 -0500] "GET /BLA/resoluciones/index.php?dir=AUTOS+2021%2F HTTP/1.1" 200 398874
201.245.192.253 - - [08/Dec/2023:11:40:24 -0500] "POST /kwsrmcab/Wsrmcab HTTP/1.1" 200 38634
31.13.127.19 - - [08/Dec/2023:11:41:43 -0500] "GET /images/calidad-aire.jpg HTTP/1.1" 200 42421
173.252.127.4 - - [08/Dec/2023:11:41:59 -0500] "GET /bogota-cundinamarca-y-antioquia-comparten-experiencias-y-se-unen-para-monitorear-el-aire-en-sus-territorios.html HTTP/1.1" 200 931
201.245.192.253 - - [08/Dec/2023:11:41:58 -0500] "POST /kwsrmcab/Wsrmcab  HTTP/1.1" 200 41806
31.13.127.117 - - [08/Dec/2023:11:42:01 -0500] "GET /bogota-cundinamarca-y-antioquia-comparten-experiencias-y-se-unen-para-monitorear-el-aire-en-sus-territorios.html HTTP/1.1" 200 931
216.245.221.92 - - [08/Dec/2023:11:42:57 -0500] "HEAD / HTTP/1.1" 200 -
172.22.2.4 - - [08/Dec/2023:11:41:22 -0500] "HEAD /BLA/boletinlegal/ HTTP/1.1" 200 -
66.220.149.118 - - [08/Dec/2023:11:43:10 -0500] "GET /images/foto%202.jpg HTTP/1.1" 200 63300
172.22.2.4 - - [08/Dec/2023:11:42:13 -0500] "GET /BLA/boletinlegal/ HTTP/1.1" 200 58644
66.249.66.19 - - [08/Dec/2023:11:44:32 -0500] "GET /BLA/resoluciones/AUTOS%202013/2440.pdf HTTP/1.1" 200 490610
216.244.66.195 - - [08/Dec/2023:11:44:32 -0500] "GET /robots.txt HTTP/1.1" 404 1018
186.102.103.220 - - [08/Dec/2023:11:45:18 -0500] "GET /kwssiamovil/sm/ldap/au?x=U2FsdGVkX1/mZoaAuJEtKv9AI7n2+cnpe/v5HW02wkDctoAwLp2925fPgGYN+40O&y=U2FsdGVkX1+o/xdB0D3jp0Txenu4JGahfjJgJib7XhgmtHhhdVFFLeL6B16yHwyE HTTP/1.1" 200 30
186.102.103.220 - - [08/Dec/2023:11:45:18 -0500] "GET /kwssiamovil/sm/acme/s?s=U2FsdGVkX19rTeltig7d6mHrmYXf0Sui6mL+RAtJNYjOVmx9gkxs3QrziqT0wimVRKBVS/qbNB5isObfRBPlOtrl0noKWuEM3xOk+3q4Rn8=&u=U2FsdGVkX19/7u5GE00man3/9ZYLwq1HxlGQhjETJFo=&y=U2FsdGVkX1+o/xdB0D3jp0Txenu4JGahfjJgJib7XhgmtHhhdVFFLeL6B16yHwyE HTTP/1.1" 200 97
186.102.103.220 - - [08/Dec/2023:11:45:18 -0500] "GET /kwssiamovil/sm/acme/s?s=U2FsdGVkX18MytURIEBOg2FqnY3xwdZvzcpwfr/LB5mf2Xvwca9+64RFRD3Mghdq9XCxVGI/HQBJy9MorJlk1KDVVmAlAz6KKxgNEVub56bZ5PdDSQ6MxpbITJncTx8VHbWRlFr3eGLxtZ2/Kl3jB/zN6KUHWfd1Kue6/g9fqQPllF2Iouih/sTF0zmqMbgAfDmIuXGmS/37QsTBWiBSXO28N1+FjeFWBZR0a2qiQibxOUKuYkQ4ItUirVF1Q6qsTb9a34Va0gnpbfOng8d78fI+oTA9oHldFMw9Cj/f3SrP5joo+W9JIF8PxsRFCPDTSHVnurESLzPEYQ7kF3oE5a/o1kde3NZWns0D5XLtzYkGP7PWYLuIzu2NQzxeeVz9D6NAoxUwzkaoK3Gw56CTgwuML+n5iQxSqtOsDGCON0ho8BA1SkhMh9ZIgI9gcmi5Vk/l4XgjYhyvNL1ZLuRZK1lseaa9FCRIYEzZVAexgd3GScRMe6bVC4PpYdtn1l0n0kr3AEQeIMHw8guVG1UC+ZdlNJmJp2Op6NT/ffL0/NSnmhH+Tfej5DnKbJjON3TY7oUHqOIZenpqi9OdeNsZPCKpqV0HtwQfJCymfay4U7jSQs7LQslI6N2Gj0aIClZ5oz+LJaq7gbL0YOUcr/tbkK6YiaV/RFSRCReiwOLdJbDQuVMMnEVs33Xk3T4N5K9rGTIOrwz50BmlFMlYMqC5a54hvDY0kUckkWCOMyPk5H1nhuzerz4bJErvTmr1UPPjfG0SOy9mAvbXw2Uj5RDljTJoH6vJ2+Ft4hMtVjo/E8PGhzIy4DKc8egn7U0LwHGCqRv8Rskgvxl+Yqx5eIMdkc9MivqLXEXsVSuDdvIUr2t8qJ5MvZRSjyxmMdBFlE2UfFzQfRxkCBDyjhRP9vyTDwcSlHJYtA1loLt7HHBVaj968QLijJ118A9bchirIBHjOWE7tZhmI5kD9u/R5hyUcV3BZ82G1kyLGzV90dMv2k1uhQ3fLR2sxdljZ2PaTMo74X/+ZxsC3TMOrszYP2D9wkLrhQ7DmRQ0Vx7fEPhFJTOHfVg1Jo89DKVv+Poi+/fkWVE7U2aWZZmmxjy2ZQT4CB4a4mKozhp9ICcrJtU18aypYn/OPNvJeg7MGY9Y5TngllPKO6tnD7vyAH+Y/QJwdELc6RWlxoQSSuulZcQCjdYbFINvyQvfcyPKZyUhPBKmPgTY+UxEPm7JTfWjrAUbwLLFrnC0Qye5KuTHsYRv+i5bow21iyJkAFn6AaafoWNzMvZI23MLF59fyVAhXWQk+gHX7uBo4jwWylKnV16IOFk+FvHAZCHzqIBQq0zJwIn9yaVCPNkjqUr3xZf+w4t1AH5lRPMmIHzplydkKBKIsQesB721ho/T/Yy3D1DfvWfuvGQ6XQ0BjcQ95CfK9pEwFzL1kxYIsiZ3JIkoiWiPz4k=&u=U2FsdGVkX19/7u5GE00man3/9ZYLwq1HxlGQhjETJFo=&y=U2FsdGVkX1+o/xdB0D3jp0Txenu4JGahfjJgJib7XhgmtHhhdVFFLeL6B16yHwyE HTTP/1.1" 200 692
186.102.103.220 - - [08/Dec/2023:11:45:18 -0500] "GET /kwssiamovil/sm/acme/s?s=U2FsdGVkX18lEFxA5mjmPwB1OL4lvuOmGcSQCDQ9TAU6fos6n/Km946NsRfhsN/CmGTiLt+WXNUOLc8m5NBKFMYYh17/H9C6pTDBgxaen9VKxfyc0XnZFlxINBxwSJAQhyVvCdPzyRMEDMXqmHK9NlmTHD7UhjZkl3VveMpyxZteHNDbGHLMJg5/XtZ0s8I9SB1upbPERLeCQPFo8HdwF9fUlA7yVOu+uM0ZrxoggmG3eY5gNROKTq1hKd+W9jZPkp0DyZiKdukE4mtFcymu0lKkBu9NyVQvRJybmQIMQyiwTuNetgxRV0eRV38MRwPUyH4K4eFeUmUXb3+FfLZgYg==&u=U2FsdGVkX19/7u5GE00man3/9ZYLwq1HxlGQhjETJFo=&y=U2FsdGVkX1+o/xdB0D3jp0Txenu4JGahfjJgJib7XhgmtHhhdVFFLeL6B16yHwyE HTTP/1.1" 200 196
186.102.103.220 - - [08/Dec/2023:11:45:18 -0500] "GET /kwssiamovil/sm/cjson/pre?f=1&x=U2FsdGVkX1/mZoaAuJEtKv9AI7n2+cnpe/v5HW02wkDctoAwLp2925fPgGYN+40O HTTP/1.1" 200 31032
66.249.66.77 - - [08/Dec/2023:11:45:18 -0500] "GET /portaldeninos/ HTTP/1.1" 200 110175
66.249.66.75 - - [08/Dec/2023:11:45:21 -0500] "GET /portaldeninos/wp-content/uploads/useanyfont/uaf.css?ver=1589905315 HTTP/1.1" 200 408
66.249.66.75 - - [08/Dec/2023:11:45:22 -0500] "GET /portaldeninos/wp-content/plugins/popup-maker/assets/css/site.min.css?ver=1.8.14 HTTP/1.1" 200 8260
66.249.66.194 - - [08/Dec/2023:11:46:48 -0500] "GET /secretaria-de-ambiente-intercambia-conocimientos-sobre-arbolado-urbano-con-delegadas-de-la-alcaldia-de-sao-paulo.html HTTP/1.1" 304 -
201.245.192.253 - - [08/Dec/2023:11:46:57 -0500] "POST /kwsrmcab/Wsrmcab  HTTP/1.1" 200 41806
52.167.144.186 - - [08/Dec/2023:11:47:39 -0500] "GET /BLA/resoluciones/index.php?dir=RESOLUCIONES+2023%2F HTTP/1.1" 200 116346
216.245.221.92 - - [08/Dec/2023:11:47:57 -0500] "HEAD / HTTP/1.1" 200 -
66.249.66.19 - - [08/Dec/2023:11:48:07 -0500] "GET /BLA/resoluciones/AUTOS%202017/2508.pdf HTTP/1.1" 200 274324
66.249.66.20 - - [08/Dec/2023:11:48:23 -0500] "GET /BLA/resoluciones/RESOLUCIONES%202013/1626.pdf HTTP/1.1" 200 595328
172.22.2.4 - - [08/Dec/2023:11:47:12 -0500] "HEAD /BLA/boletinlegal/ HTTP/1.1" 200 -
172.22.2.4 - - [08/Dec/2023:11:48:03 -0500] "GET /BLA/boletinlegal/ HTTP/1.1" 200 60634
186.102.32.208 - - [08/Dec/2023:11:50:27 -0500] "OPTIONS /kwssiamovil/sm/setfile/f? HTTP/1.1" 200 13
52.167.144.186 - - [08/Dec/2023:11:50:28 -0500] "GET /BLA/resoluciones/AUTOS%202021/6361.pdf HTTP/1.1" 304 -
186.102.32.208 - - [08/Dec/2023:11:50:27 -0500] "POST /kwssiamovil/sm/setfile/f? HTTP/1.1" 200 381
186.102.32.208 - - [08/Dec/2023:11:50:49 -0500] "GET /kwssiamovil/sm/acme/a?s=U2FsdGVkX1+iKXUxcjepZctL4OXRC/XuLMExHDNYesRdwdTLLabxuy0tOqvaRkZBjCVuUtX/wqpkDSPHo7P79dlcSM9FI8pMhiaVCVcnQDFykd9/4P57L3gJNudxiVlwxo/oF7p4RwZwdJ2PJZJQslGJRNygSfczUhpW1TrDpex+kbwkQFlK8GBxOdJ1/R3wBFVDNggY+biUDJCFrPSdCwUHBonPLdI2YBSoQdmv482ERpFCjcUlB/1T4b/WXOCwCL1LFurUT7H14lc294jDtQ==&u=U2FsdGVkX197fn1mlAyK+YkJfJB18ZDxWlLmlDbC7rs=&y=U2FsdGVkX1/nwJ2ZoPvtsaV+NK2nY5ygzzzx7ahES42iHea30xLpebrkYRIS2ulP HTTP/1.1" 200 26
186.102.32.208 - - [08/Dec/2023:11:50:50 -0500] "GET /kwssiamovil/sm/acme/a?s=U2FsdGVkX18IJqbMAhm274QZSbAzp+h4DA5vJROwZQR5gV4omf7uNaV561vCrHWdM0JVd0n2+YzX8e+fOXtP8IMK+tQfVPG/qkIbm/PUiAkVUQSvcC5HrruZigoXn3ag4etCToj7NVfUfIa1NSO2gVcwl34FS8PKBLkSgy4Y+ZuvYJJyW+7VaAsCm1glohGf+Lq9vwq+P96KXOg3AdhsS7OHgmCCaZtTopzkakP538pyCxBXVEWzJqroXP0U1Aa6tSPIZWchWMK6uESRfBiSYKr/+NVdq3WhaCFfEaL7qrvQT0EL9g71fcmC8aiBL8NhgEmDVkG6S7vkpUCcWDoM1vRmkfXqH+PjljU8egahkro2es2Y5H/QIW0xBE4hHRbgcNFYselF1VfZZEBqxzBPGdj40kEyamDdm7APe9i6jw+2/xcXPeaJe8O5uE8tdB0EdnJNjff5kVLjU5NhwciXKsUrbuwt18U5vIZJdnLkKt1WId7O9GAT9eFfkDygZorGCqOqnmu40Bxu0LHJNMStKfvoYDF8Uq2jdLrIm5CBZJyFeSeUBx3TF01bub9UbkKoJDSpX0jWmtmHrVbYs4rpV9rrLmAXXKV5cm/RZUZMk9bRYlAC1Mq2bK3pCS2UXgu3ZQeHIIm6aq7Eqa1uiO/91NZAdbgw8jfZNa8bb6l+k4ZABG3pEPhxm2zA+j8rqy3eSbGJtErMIUCz1d0GmwzFsgr9EtsPc50ii1MkpR8/ajGTsIOn1B+t+BmrQwAaKa/1XOp0wnRIznuTXCiaDNLTwaJCaR2x/ZO8XARULAe7dOr0XI0Usa6/PHPrKqRv543jkC0DlSN2/af1XuvYnnKLGjO587BFI1DyDKfEsB76A/xmgSGLkLtdyTUBwwUNXUGMzE032PYOSyW4R4Fg61s14wIYiDnyZ8rDZSsXbRhdFwrycuqWsrydgShWG6MMjA4j3AODK0eiO2c4f4j0NoFQ5ftcsEYwOiBTSlvg4Owrh3ZPNaedeHXTbIAGuZh4dJ8S4rD+cVp1PF3DLB+xpN08ugqh0ndT/gmmHCzwXmc6C+0KnKOKs9+H4dPfe0mxI6aPEoYX8UfMf96JMDIvSDn1AgQ0Qb0mqH7ihWXx0hN1EpW2bTNHtd2y7nUHa49/IAMOAr4vKC3NE4tJdxhkVGWajF7YwfVeqqdRlRFIjMzPAbFPSDLO3nLAjmSrLOTYZEnpVt92WDbDfsPKPf/BudyMzGb+1KDP6NSc37L+jFNtKP9XqN+DdqpSsmO/5gdTP61a65+e1THV/BuPtNOQcXub3JsKLlBN2sa2daN8xNosQsRBZesGYIGdJ4dBcqoMqPc1h+gbGp4Or9GZAE8lI2Q0XicKeSc1prKTOpIK2l2MnRQLTWvuEI9/B31cfzerwAfswXZaeCj+xXoBomgbsBBZJp6ppQ4owug4L+n0/Zbk7IRXXTT6RMcR8Pymor5gUZfazwRhvdXWRf3xNVbLcP/9pADqkCwESzuXZclSSNQPK1LVyykJzvHmWSaf8XGWCFGfh/XK//xBZfJXqHV6ZlpdRzeZaJr9QftTqgSBt289yPyEc1d/U+ZHtw1koiiCg3okBX9Iz6yOZGCUy6adanzeX0PcV8NG0Q7HSGngmxdHov0yKcfDY719U+/uRPBEt9zSJVa+2zxifSNTThj8ZoKZse8IMwrlJFR63L55e74r5ms6CR5l1JIP1eeZfq6UKTuvcgENezon+Ohe122+addSdt5+RN9btcmR22ARxCHWRnz71JBztzhSJkzxDW0KGCn1BKFHkdM7reGy/bKF0jF6cWMTiSQgUuMEPFYCyp4SmI6vCw/ToyGnxqIQEW+yC1VmLYE3mYO6LOC1S+dgomcOGTNX0I5owLfQga65amk0zVOXHa5YLYilKfLyg0aCWZFJhJ8EaUpGMRO+SlcKCJ0A1HwZi1rjS5mSJBm6Ub7FDYjxdpAt0P9DpRgxklQNoOrw3Y5O8cpQbed2XrUgHAlYPw492YEcdL4VU1qcoM5pPYvaRSz9ieICLMs33CZWqv8GgcPFwHa2ojm6jckYpq+UaDlmhZBQkGxqvJ29SHnOvfMg3Np2D1rQ4e8yU3E/PqsMDY22EmztD8y2mBNCtcbn2YPewFWqYlL/Qw1gwsWtIwRW9WJMTakhGbNg8rpdUk1r+04EisLDEQnkrmCpCx6hEMIiDwlj7lPFmCOJBv0F/HdjwgOOJWJfs/QETvaNxRDz&u=U2FsdGVkX197fn1mlAyK+YkJfJB18ZDxWlLmlDbC7rs=&y=U2FsdGVkX1/nwJ2ZoPvtsaV+NK2nY5ygzzzx7ahES42iHea30xLpebrkYRIS2ulP HTTP/1.1" 200 26
186.102.32.208 - - [08/Dec/2023:11:50:50 -0500] "GET /kwssiamovil/sm/acme/a?s=U2FsdGVkX184HlrQt/K6Ba2S++EXlTW+rThEZKrkPs0SH5QtQApOyDXa4Tv0/PYghDSvRhFjjP0V6g+hDFRqSB+tJj2JxNCaX63HMjW3DM7ieQWnJtdQUUIEbf/fy8lVlTxFqokNJ8Rw4HU6JE+5N7CWt9hvcV9Yi9g9Z1k/J9U=&u=U2FsdGVkX197fn1mlAyK+YkJfJB18ZDxWlLmlDbC7rs=&y=U2FsdGVkX1/nwJ2ZoPvtsaV+NK2nY5ygzzzx7ahES42iHea30xLpebrkYRIS2ulP HTTP/1.1" 200 26
186.102.32.208 - - [08/Dec/2023:11:50:50 -0500] "GET /kwssiamovil/sm/acme/a?s=U2FsdGVkX1/j3nd0BAHtNg7x6ksIDlgx80USBiRuxjfgD0F/oXF4RPustAV9RKi9mnxNAohJDy7c88OApjP7y3FtCpmUkJgcNmISmY7NejlWreq+/GThOCSlUyXBVwzt1K9n2/aTv9PurwGPxG8uidJiEH4Jnh3nHnt1+Ltu6wQ=&u=U2FsdGVkX197fn1mlAyK+YkJfJB18ZDxWlLmlDbC7rs=&y=U2FsdGVkX1/nwJ2ZoPvtsaV+NK2nY5ygzzzx7ahES42iHea30xLpebrkYRIS2ulP HTTP/1.1" 200 26
186.102.32.208 - - [08/Dec/2023:11:50:51 -0500] "GET /kwssiamovil/sm/acme/a?s=U2FsdGVkX1+70VpNY+R1QJeTw8u6Mxltex/WurLar1WRi1+l/c0flQZC4wLpEG39yqT9f8oyDYk7bGXuA1om01jIyi1So+rFURgy4cG4aGKknvuId31O1pRZ0Oi2ACYgjbDtM0kGGwnnKDi1CDD1H8TsHuzryo8DgBvK3pKy8eY=&u=U2FsdGVkX197fn1mlAyK+YkJfJB18ZDxWlLmlDbC7rs=&y=U2FsdGVkX1/nwJ2ZoPvtsaV+NK2nY5ygzzzx7ahES42iHea30xLpebrkYRIS2ulP HTTP/1.1" 200 26
