!C99Shell v. 1.0 pre-release build #13!

Software: Apache. PHP/5.5.15 

uname -a: Windows NT SVR-DMZ 6.1 build 7600 (Windows Server 2008 R2 Enterprise Edition) i586 

SYSTEM 

Safe-mode: OFF (not secure)

E:\nuevo\apache\logs\   drwxrwxrwx
Free 9.41 GB of 239.26 GB (3.93%)
Detected drives: [ a ] [ c ] [ d ] [ e ] [ f ]
Home    Back    Forward    UPDIR    Refresh    Search    Buffer    Encoder    Tools    Proc.    FTP brute    Sec.    SQL    PHP-code    Update    Feedback    Self remove    Logout    


Viewing file:     access.2023.12.08.log (1.2 MB)      -rw-rw-rw-
Select action/file-type:
(+) | (+) | (+) | Code (+) | Session (+) | (+) | SDB (+) | (+) | (+) | (+) | (+) | (+) |
173.252.87.14 - - [08/Dec/2023:00:00:18 -0500] "GET /consulta-y-conoce-los-proyectos-de-resolucion-de-para-los-planes-de-manejo-ambiental-de-cinco-humedales-en-bogota.html HTTP/1.1" 200 971
66.249.66.19 - - [08/Dec/2023:00:00:40 -0500] "GET /BLA/resoluciones/AUTOS%202015/6514.pdf HTTP/1.1" 200 505165
134.209.20.11 - - [08/Dec/2023:00:00:50 -0500] "\x16\x03\x01\x01\xfd\x01" 400 226
179.33.119.226 - - [08/Dec/2023:00:01:44 -0500] "POST /sipse/faces/presentacion/financiero/solicitudProceso/consultarSolicitudProceso.xhtml HTTP/1.1" 200 156686
66.249.66.21 - - [08/Dec/2023:00:01:47 -0500] "GET /BLA/resoluciones/Autos%202008/1235.pdf HTTP/1.1" 200 79539
179.33.119.226 - - [08/Dec/2023:00:02:26 -0500] "POST /sipse/faces/presentacion/financiero/solicitudProceso/consultarSolicitudProceso.xhtml HTTP/1.1" 200 152821
179.33.119.226 - - [08/Dec/2023:00:02:27 -0500] "GET /sipse/faces/javax.faces.resource/theme.css?ln=primefaces-sipse HTTP/1.1" 304 -
179.33.119.226 - - [08/Dec/2023:00:02:27 -0500] "GET /sipse/faces/javax.faces.resource/jquery/jquery-plugins.js?ln=primefaces&v=4.0 HTTP/1.1" 304 -
179.33.119.226 - - [08/Dec/2023:00:02:27 -0500] "GET /sipse/faces/javax.faces.resource/primefaces.js?ln=primefaces&v=4.0 HTTP/1.1" 304 -
179.33.119.226 - - [08/Dec/2023:00:02:27 -0500] "GET /sipse/faces/javax.faces.resource/layout/layout.css?ln=primefaces&v=4.0 HTTP/1.1" 304 -
179.33.119.226 - - [08/Dec/2023:00:02:27 -0500] "GET /sipse/faces/javax.faces.resource/layout/layout.js?ln=primefaces&v=4.0 HTTP/1.1" 304 -
179.33.119.226 - - [08/Dec/2023:00:02:27 -0500] "GET /sipse/faces/javax.faces.resource/jquery/jquery.js?ln=primefaces&v=4.0 HTTP/1.1" 304 -
179.33.119.226 - - [08/Dec/2023:00:02:27 -0500] "GET /sipse/faces/javax.faces.resource/primefaces.css?ln=primefaces&v=4.0 HTTP/1.1" 304 -
179.33.119.226 - - [08/Dec/2023:00:02:27 -0500] "GET /sipse/faces/javax.faces.resource/images/ui-icons_898989_256x240.png?ln=primefaces-aristo HTTP/1.1" 304 -
179.33.119.226 - - [08/Dec/2023:00:02:27 -0500] "GET /sipse/faces/javax.faces.resource/dynamiccontent.properties?ln=primefaces&pfdrid=XjOR5%2F%2FfPAZAuY9TpWQeCiM0BhlXxYRBGKi%2FQcXXfeA%3D&pfdrid_c=false HTTP/1.1" 500 383
179.33.119.226 - - [08/Dec/2023:00:02:33 -0500] "GET /sipse/faces/javax.faces.resource/images/ui-bg_flat_0_2d5972_40x100.png?ln=primefaces-aristo HTTP/1.1" 304 -
179.33.119.226 - - [08/Dec/2023:00:02:33 -0500] "POST /sipse/faces/presentacion/financiero/solicitudProceso/consultarSolicitudProceso.xhtml HTTP/1.1" 200 24050
179.33.119.226 - - [08/Dec/2023:00:02:33 -0500] "GET /sipse/faces/javax.faces.resource/jquery/jquery.js?ln=primefaces&v=4.0 HTTP/1.1" 304 -
179.33.119.226 - - [08/Dec/2023:00:02:33 -0500] "GET /sipse/faces/javax.faces.resource/jquery/jquery-plugins.js?ln=primefaces&v=4.0 HTTP/1.1" 304 -
179.33.119.226 - - [08/Dec/2023:00:02:34 -0500] "GET /sipse/faces/javax.faces.resource/primefaces.js?ln=primefaces&v=4.0 HTTP/1.1" 304 -
179.33.119.226 - - [08/Dec/2023:00:02:34 -0500] "GET /sipse/faces/javax.faces.resource/layout/layout.js?ln=primefaces&v=4.0 HTTP/1.1" 304 -
179.33.119.226 - - [08/Dec/2023:00:02:40 -0500] "POST /sipse/faces/presentacion/financiero/viabilidad/expedirViabilidad.xhtml HTTP/1.1" 200 108862
179.33.119.226 - - [08/Dec/2023:00:02:41 -0500] "GET /sipse/faces/javax.faces.resource/jquery/jquery.js?ln=primefaces&v=4.0 HTTP/1.1" 304 -
179.33.119.226 - - [08/Dec/2023:00:02:41 -0500] "GET /sipse/faces/javax.faces.resource/jquery/jquery-plugins.js?ln=primefaces&v=4.0 HTTP/1.1" 304 -
179.33.119.226 - - [08/Dec/2023:00:02:41 -0500] "GET /sipse/faces/javax.faces.resource/primefaces.js?ln=primefaces&v=4.0 HTTP/1.1" 304 -
179.33.119.226 - - [08/Dec/2023:00:02:41 -0500] "GET /sipse/faces/javax.faces.resource/layout/layout.js?ln=primefaces&v=4.0 HTTP/1.1" 304 -
179.33.119.226 - - [08/Dec/2023:00:02:41 -0500] "GET /sipse/faces/javax.faces.resource/dynamiccontent.properties?ln=primefaces&pfdrid=XjOR5%2F%2FfPAZAuY9TpWQeCiM0BhlXxYRBGKi%2FQcXXfeA%3D&pfdrid_c=false HTTP/1.1" 500 383
179.33.119.226 - - [08/Dec/2023:00:02:55 -0500] "POST /sipse/faces/presentacion/financiero/solicitudProceso/consultarSolicitudProceso.xhtml HTTP/1.1" 200 39250
179.33.119.226 - - [08/Dec/2023:00:02:58 -0500] "GET /sipse/faces/javax.faces.resource/jquery/jquery.js?ln=primefaces&v=4.0 HTTP/1.1" 304 -
179.33.119.226 - - [08/Dec/2023:00:02:58 -0500] "GET /sipse/faces/javax.faces.resource/jquery/jquery-plugins.js?ln=primefaces&v=4.0 HTTP/1.1" 304 -
179.33.119.226 - - [08/Dec/2023:00:02:58 -0500] "GET /sipse/faces/javax.faces.resource/primefaces.js?ln=primefaces&v=4.0 HTTP/1.1" 304 -
179.33.119.226 - - [08/Dec/2023:00:02:58 -0500] "GET /sipse/faces/javax.faces.resource/layout/layout.js?ln=primefaces&v=4.0 HTTP/1.1" 304 -
179.33.119.226 - - [08/Dec/2023:00:02:58 -0500] "GET /sipse/faces/javax.faces.resource/messages/messages.png?ln=primefaces&v=4.0 HTTP/1.1" 304 -
179.33.119.226 - - [08/Dec/2023:00:02:58 -0500] "POST /sipse/faces/presentacion/financiero/solicitudProceso/listarSolicitudProceso.xhtml HTTP/1.1" 200 1420
216.245.221.92 - - [08/Dec/2023:00:02:59 -0500] "HEAD / HTTP/1.1" 200 -
201.245.192.253 - - [08/Dec/2023:00:02:59 -0500] "POST /kwsrmcab/Wsrmcab  HTTP/1.1" 200 41806
172.22.2.4 - - [08/Dec/2023:00:01:22 -0500] "HEAD /BLA/boletinlegal/ HTTP/1.1" 200 -
66.249.66.19 - - [08/Dec/2023:00:03:11 -0500] "GET /BLA/resoluciones/Notificaciones/RESOLUCIONES%202021/3782.pdf HTTP/1.1" 200 1172205
179.33.119.226 - - [08/Dec/2023:00:03:28 -0500] "POST /sipse/faces/presentacion/financiero/solicitudProceso/listarSolicitudProceso.xhtml HTTP/1.1" 200 107389
179.33.119.226 - - [08/Dec/2023:00:03:29 -0500] "GET /sipse/faces/javax.faces.resource/jquery/jquery.js?ln=primefaces&v=4.0 HTTP/1.1" 304 -
179.33.119.226 - - [08/Dec/2023:00:03:29 -0500] "GET /sipse/faces/javax.faces.resource/jquery/jquery-plugins.js?ln=primefaces&v=4.0 HTTP/1.1" 304 -
179.33.119.226 - - [08/Dec/2023:00:03:29 -0500] "GET /sipse/faces/javax.faces.resource/primefaces.js?ln=primefaces&v=4.0 HTTP/1.1" 304 -
179.33.119.226 - - [08/Dec/2023:00:03:30 -0500] "GET /sipse/faces/javax.faces.resource/layout/layout.js?ln=primefaces&v=4.0 HTTP/1.1" 304 -
179.33.119.226 - - [08/Dec/2023:00:03:30 -0500] "GET /sipse/faces/javax.faces.resource/dynamiccontent.properties?ln=primefaces&pfdrid=XjOR5%2F%2FfPAZAuY9TpWQeCiM0BhlXxYRBGKi%2FQcXXfeA%3D&pfdrid_c=false HTTP/1.1" 500 383
216.244.66.195 - - [08/Dec/2023:00:03:32 -0500] "GET /BLA/resoluciones/index.php?dir=RESOLUCIONES+1996%2F HTTP/1.1" 200 9137
172.22.2.4 - - [08/Dec/2023:00:02:13 -0500] "GET /BLA/boletinlegal/ HTTP/1.1" 200 60634
216.244.66.195 - - [08/Dec/2023:00:04:06 -0500] "GET /BLA/resoluciones/index.php?dir=AUTOS+2017%2F HTTP/1.1" 200 483481
66.249.66.20 - - [08/Dec/2023:00:04:34 -0500] "GET /Publicaciones/2023EE254938.pdf HTTP/1.1" 404 228
216.244.66.195 - - [08/Dec/2023:00:04:57 -0500] "GET /BLA/resoluciones/AUTOS%202016/0288.pdf HTTP/1.1" 200 615961
66.249.66.20 - - [08/Dec/2023:00:04:57 -0500] "GET /BLA/resoluciones/Notificaciones/AUTOS%202021/2667.pdf HTTP/1.1" 200 327468
216.244.66.195 - - [08/Dec/2023:00:05:03 -0500] "GET /BLA/resoluciones/AUTOS%202016/0319.pdf HTTP/1.1" 200 519033
216.244.66.195 - - [08/Dec/2023:00:05:07 -0500] "GET /BLA/resoluciones/AUTOS%202016/0527.pdf HTTP/1.1" 200 753104
216.244.66.195 - - [08/Dec/2023:00:05:11 -0500] "GET /BLA/resoluciones/AUTOS%202016/0606.pdf HTTP/1.1" 200 440786
66.249.66.19 - - [08/Dec/2023:00:05:13 -0500] "GET /BLA/resoluciones/AUTOS%202016/1625.pdf HTTP/1.1" 200 528524
216.244.66.195 - - [08/Dec/2023:00:05:24 -0500] "GET /BLA/resoluciones/AUTOS%202016/0972.pdf HTTP/1.1" 200 579374
66.249.66.19 - - [08/Dec/2023:00:05:35 -0500] "GET /BLA/resoluciones/RESOLUCIONES%202017/3641.pdf HTTP/1.1" 200 530391
66.249.66.19 - - [08/Dec/2023:00:05:35 -0500] "GET /BLA/resoluciones/AUTOS%202015/1522.pdf HTTP/1.1" 200 595186
66.249.66.19 - - [08/Dec/2023:00:05:36 -0500] "GET /BLA/resoluciones/RESOLUCIONES%202010/6204.pdf HTTP/1.1" 200 860269
179.33.119.226 - - [08/Dec/2023:00:05:46 -0500] "POST /sipse/faces/presentacion/financiero/solicitudProceso/consultarSolicitudProceso.xhtml HTTP/1.1" 200 153256
216.244.66.195 - - [08/Dec/2023:00:05:48 -0500] "GET /BLA/resoluciones/AUTOS%202016/1064.pdf HTTP/1.1" 200 235229
216.244.66.195 - - [08/Dec/2023:00:06:06 -0500] "GET /BLA/resoluciones/AUTOS%202016/1080.pdf HTTP/1.1" 200 234316
216.244.66.195 - - [08/Dec/2023:00:06:27 -0500] "GET /BLA/resoluciones/AUTOS%202016/1445.pdf HTTP/1.1" 200 272795
179.33.119.226 - - [08/Dec/2023:00:06:31 -0500] "POST /sipse/faces/presentacion/financiero/solicitudProceso/consultarSolicitudProceso.xhtml HTTP/1.1" 200 153008
179.33.119.226 - - [08/Dec/2023:00:06:32 -0500] "GET /sipse/faces/javax.faces.resource/theme.css?ln=primefaces-sipse HTTP/1.1" 304 -
179.33.119.226 - - [08/Dec/2023:00:06:32 -0500] "GET /sipse/faces/javax.faces.resource/layout/layout.css?ln=primefaces&v=4.0 HTTP/1.1" 304 -
179.33.119.226 - - [08/Dec/2023:00:06:32 -0500] "GET /sipse/faces/javax.faces.resource/jquery/jquery.js?ln=primefaces&v=4.0 HTTP/1.1" 304 -
179.33.119.226 - - [08/Dec/2023:00:06:32 -0500] "GET /sipse/faces/javax.faces.resource/primefaces.css?ln=primefaces&v=4.0 HTTP/1.1" 304 -
179.33.119.226 - - [08/Dec/2023:00:06:32 -0500] "GET /sipse/faces/javax.faces.resource/layout/layout.js?ln=primefaces&v=4.0 HTTP/1.1" 304 -
179.33.119.226 - - [08/Dec/2023:00:06:32 -0500] "GET /sipse/faces/javax.faces.resource/jquery/jquery-plugins.js?ln=primefaces&v=4.0 HTTP/1.1" 304 -
179.33.119.226 - - [08/Dec/2023:00:06:32 -0500] "GET /sipse/faces/javax.faces.resource/primefaces.js?ln=primefaces&v=4.0 HTTP/1.1" 304 -
179.33.119.226 - - [08/Dec/2023:00:06:32 -0500] "GET /sipse/faces/javax.faces.resource/images/ui-icons_898989_256x240.png?ln=primefaces-aristo HTTP/1.1" 304 -
179.33.119.226 - - [08/Dec/2023:00:06:32 -0500] "GET /sipse/faces/javax.faces.resource/dynamiccontent.properties?ln=primefaces&pfdrid=XjOR5%2F%2FfPAZAuY9TpWQeCiM0BhlXxYRBGKi%2FQcXXfeA%3D&pfdrid_c=false HTTP/1.1" 500 383
179.33.119.226 - - [08/Dec/2023:00:06:40 -0500] "GET /sipse/faces/javax.faces.resource/images/ui-bg_flat_0_2d5972_40x100.png?ln=primefaces-aristo HTTP/1.1" 304 -
179.33.119.226 - - [08/Dec/2023:00:06:40 -0500] "POST /sipse/faces/presentacion/financiero/solicitudProceso/consultarSolicitudProceso.xhtml HTTP/1.1" 200 24050
179.33.119.226 - - [08/Dec/2023:00:06:40 -0500] "GET /sipse/faces/javax.faces.resource/jquery/jquery.js?ln=primefaces&v=4.0 HTTP/1.1" 304 -
179.33.119.226 - - [08/Dec/2023:00:06:40 -0500] "GET /sipse/faces/javax.faces.resource/jquery/jquery-plugins.js?ln=primefaces&v=4.0 HTTP/1.1" 304 -
179.33.119.226 - - [08/Dec/2023:00:06:40 -0500] "GET /sipse/faces/javax.faces.resource/primefaces.js?ln=primefaces&v=4.0 HTTP/1.1" 304 -
179.33.119.226 - - [08/Dec/2023:00:06:40 -0500] "GET /sipse/faces/javax.faces.resource/layout/layout.js?ln=primefaces&v=4.0 HTTP/1.1" 304 -
216.244.66.195 - - [08/Dec/2023:00:06:46 -0500] "GET /BLA/resoluciones/AUTOS%202016/1595.pdf HTTP/1.1" 200 491822
179.33.119.226 - - [08/Dec/2023:00:06:50 -0500] "POST /sipse/faces/presentacion/financiero/viabilidad/expedirViabilidad.xhtml HTTP/1.1" 200 109049
179.33.119.226 - - [08/Dec/2023:00:06:51 -0500] "GET /sipse/faces/javax.faces.resource/jquery/jquery.js?ln=primefaces&v=4.0 HTTP/1.1" 304 -
179.33.119.226 - - [08/Dec/2023:00:06:51 -0500] "GET /sipse/faces/javax.faces.resource/jquery/jquery-plugins.js?ln=primefaces&v=4.0 HTTP/1.1" 304 -
179.33.119.226 - - [08/Dec/2023:00:06:51 -0500] "GET /sipse/faces/javax.faces.resource/primefaces.js?ln=primefaces&v=4.0 HTTP/1.1" 304 -
179.33.119.226 - - [08/Dec/2023:00:06:51 -0500] "GET /sipse/faces/javax.faces.resource/layout/layout.js?ln=primefaces&v=4.0 HTTP/1.1" 304 -
179.33.119.226 - - [08/Dec/2023:00:06:51 -0500] "GET /sipse/faces/javax.faces.resource/dynamiccontent.properties?ln=primefaces&pfdrid=XjOR5%2F%2FfPAZAuY9TpWQeCiM0BhlXxYRBGKi%2FQcXXfeA%3D&pfdrid_c=false HTTP/1.1" 500 383
216.244.66.195 - - [08/Dec/2023:00:07:05 -0500] "GET /BLA/resoluciones/AUTOS%202016/1805.pdf HTTP/1.1" 200 621514
179.33.119.226 - - [08/Dec/2023:00:07:03 -0500] "POST /sipse/faces/presentacion/financiero/solicitudProceso/consultarSolicitudProceso.xhtml HTTP/1.1" 200 36236
179.33.119.226 - - [08/Dec/2023:00:07:06 -0500] "GET /sipse/faces/javax.faces.resource/jquery/jquery.js?ln=primefaces&v=4.0 HTTP/1.1" 304 -
179.33.119.226 - - [08/Dec/2023:00:07:06 -0500] "GET /sipse/faces/javax.faces.resource/jquery/jquery-plugins.js?ln=primefaces&v=4.0 HTTP/1.1" 304 -
179.33.119.226 - - [08/Dec/2023:00:07:06 -0500] "GET /sipse/faces/javax.faces.resource/primefaces.js?ln=primefaces&v=4.0 HTTP/1.1" 304 -
179.33.119.226 - - [08/Dec/2023:00:07:06 -0500] "GET /sipse/faces/javax.faces.resource/layout/layout.js?ln=primefaces&v=4.0 HTTP/1.1" 304 -
179.33.119.226 - - [08/Dec/2023:00:07:07 -0500] "GET /sipse/faces/javax.faces.resource/messages/messages.png?ln=primefaces&v=4.0 HTTP/1.1" 304 -
179.33.119.226 - - [08/Dec/2023:00:07:07 -0500] "POST /sipse/faces/presentacion/financiero/solicitudProceso/listarSolicitudProceso.xhtml HTTP/1.1" 200 1396
216.244.66.195 - - [08/Dec/2023:00:07:19 -0500] "GET /BLA/resoluciones/AUTOS%202016/1891.pdf HTTP/1.1" 200 372854
179.33.119.226 - - [08/Dec/2023:00:07:20 -0500] "POST /sipse/faces/presentacion/financiero/solicitudProceso/listarSolicitudProceso.xhtml HTTP/1.1" 200 107159
179.33.119.226 - - [08/Dec/2023:00:07:21 -0500] "GET /sipse/faces/javax.faces.resource/jquery/jquery.js?ln=primefaces&v=4.0 HTTP/1.1" 304 -
179.33.119.226 - - [08/Dec/2023:00:07:21 -0500] "GET /sipse/faces/javax.faces.resource/jquery/jquery-plugins.js?ln=primefaces&v=4.0 HTTP/1.1" 304 -
179.33.119.226 - - [08/Dec/2023:00:07:21 -0500] "GET /sipse/faces/javax.faces.resource/primefaces.js?ln=primefaces&v=4.0 HTTP/1.1" 304 -
179.33.119.226 - - [08/Dec/2023:00:07:21 -0500] "GET /sipse/faces/javax.faces.resource/layout/layout.js?ln=primefaces&v=4.0 HTTP/1.1" 304 -
179.33.119.226 - - [08/Dec/2023:00:07:21 -0500] "GET /sipse/faces/javax.faces.resource/dynamiccontent.properties?ln=primefaces&pfdrid=XjOR5%2F%2FfPAZAuY9TpWQeCiM0BhlXxYRBGKi%2FQcXXfeA%3D&pfdrid_c=false HTTP/1.1" 500 383
216.244.66.195 - - [08/Dec/2023:00:07:34 -0500] "GET /BLA/resoluciones/AUTOS%202016/2010.pdf HTTP/1.1" 200 523907
66.249.66.194 - - [08/Dec/2023:00:07:49 -0500] "GET /camino-guadalupe-aguanoso-abierto-de-nuevo-al-publico.html HTTP/1.1" 200 879
216.244.66.195 - - [08/Dec/2023:00:07:54 -0500] "GET /BLA/resoluciones/AUTOS%202016/2104.pdf HTTP/1.1" 200 338765
216.245.221.92 - - [08/Dec/2023:00:07:59 -0500] "HEAD / HTTP/1.1" 200 -
201.245.192.253 - - [08/Dec/2023:00:07:57 -0500] "POST /kwsrmcab/Wsrmcab  HTTP/1.1" 200 41806
216.244.66.195 - - [08/Dec/2023:00:08:12 -0500] "GET /BLA/resoluciones/AUTOS%202016/2327.pdf HTTP/1.1" 200 380919
216.244.66.195 - - [08/Dec/2023:00:08:37 -0500] "GET /BLA/resoluciones/AUTOS%202016/2384.pdf HTTP/1.1" 200 402775
172.22.2.4 - - [08/Dec/2023:00:07:12 -0500] "HEAD /BLA/boletinlegal/ HTTP/1.1" 200 -
216.244.66.195 - - [08/Dec/2023:00:08:57 -0500] "GET /BLA/resoluciones/AUTOS%202016/2567.pdf HTTP/1.1" 200 336172
179.33.119.226 - - [08/Dec/2023:00:09:13 -0500] "POST /sipse/faces/presentacion/financiero/solicitudProceso/consultarSolicitudProceso.xhtml HTTP/1.1" 200 154588
34.90.9.105 - - [08/Dec/2023:00:09:14 -0500] "GET /las-tres-caminatas-para-cerrar-el-ano-entre-la-naturaleza.html HTTP/1.1" 200 776
216.244.66.195 - - [08/Dec/2023:00:09:18 -0500] "GET /BLA/resoluciones/AUTOS%202016/2705.pdf HTTP/1.1" 200 517802
216.244.66.195 - - [08/Dec/2023:00:09:36 -0500] "GET /BLA/resoluciones/AUTOS%202016/2983.pdf HTTP/1.1" 200 359112
172.22.2.4 - - [08/Dec/2023:00:08:03 -0500] "GET /BLA/boletinlegal/ HTTP/1.1" 200 58294
216.244.66.195 - - [08/Dec/2023:00:09:53 -0500] "GET /BLA/resoluciones/AUTOS%202016/0010.pdf HTTP/1.1" 200 407397
179.33.119.226 - - [08/Dec/2023:00:10:08 -0500] "POST /sipse/faces/presentacion/financiero/solicitudProceso/consultarSolicitudProceso.xhtml HTTP/1.1" 200 152778
179.33.119.226 - - [08/Dec/2023:00:10:09 -0500] "GET /sipse/faces/javax.faces.resource/theme.css?ln=primefaces-sipse HTTP/1.1" 304 -
179.33.119.226 - - [08/Dec/2023:00:10:09 -0500] "GET /sipse/faces/javax.faces.resource/jquery/jquery.js?ln=primefaces&v=4.0 HTTP/1.1" 304 -
179.33.119.226 - - [08/Dec/2023:00:10:09 -0500] "GET /sipse/faces/javax.faces.resource/primefaces.js?ln=primefaces&v=4.0 HTTP/1.1" 304 -
179.33.119.226 - - [08/Dec/2023:00:10:09 -0500] "GET /sipse/faces/javax.faces.resource/primefaces.css?ln=primefaces&v=4.0 HTTP/1.1" 304 -
179.33.119.226 - - [08/Dec/2023:00:10:09 -0500] "GET /sipse/faces/javax.faces.resource/layout/layout.css?ln=primefaces&v=4.0 HTTP/1.1" 304 -
179.33.119.226 - - [08/Dec/2023:00:10:09 -0500] "GET /sipse/faces/javax.faces.resource/jquery/jquery-plugins.js?ln=primefaces&v=4.0 HTTP/1.1" 304 -
179.33.119.226 - - [08/Dec/2023:00:10:09 -0500] "GET /sipse/faces/javax.faces.resource/layout/layout.js?ln=primefaces&v=4.0 HTTP/1.1" 304 -
179.33.119.226 - - [08/Dec/2023:00:10:09 -0500] "GET /sipse/faces/javax.faces.resource/images/ui-icons_898989_256x240.png?ln=primefaces-aristo HTTP/1.1" 304 -
179.33.119.226 - - [08/Dec/2023:00:10:09 -0500] "GET /sipse/faces/javax.faces.resource/dynamiccontent.properties?ln=primefaces&pfdrid=XjOR5%2F%2FfPAZAuY9TpWQeCiM0BhlXxYRBGKi%2FQcXXfeA%3D&pfdrid_c=false HTTP/1.1" 500 383
216.244.66.195 - - [08/Dec/2023:00:10:11 -0500] "GET /BLA/resoluciones/AUTOS%202007/1876.pdf HTTP/1.1" 200 158021
179.33.119.226 - - [08/Dec/2023:00:10:15 -0500] "GET /sipse/faces/javax.faces.resource/images/ui-bg_flat_0_2d5972_40x100.png?ln=primefaces-aristo HTTP/1.1" 304 -
179.33.119.226 - - [08/Dec/2023:00:10:15 -0500] "POST /sipse/faces/presentacion/financiero/solicitudProceso/consultarSolicitudProceso.xhtml HTTP/1.1" 200 24050
179.33.119.226 - - [08/Dec/2023:00:10:16 -0500] "GET /sipse/faces/javax.faces.resource/jquery/jquery.js?ln=primefaces&v=4.0 HTTP/1.1" 304 -
179.33.119.226 - - [08/Dec/2023:00:10:16 -0500] "GET /sipse/faces/javax.faces.resource/jquery/jquery-plugins.js?ln=primefaces&v=4.0 HTTP/1.1" 304 -
179.33.119.226 - - [08/Dec/2023:00:10:16 -0500] "GET /sipse/faces/javax.faces.resource/primefaces.js?ln=primefaces&v=4.0 HTTP/1.1" 304 -
179.33.119.226 - - [08/Dec/2023:00:10:16 -0500] "GET /sipse/faces/javax.faces.resource/layout/layout.js?ln=primefaces&v=4.0 HTTP/1.1" 304 -
179.33.119.226 - - [08/Dec/2023:00:10:22 -0500] "POST /sipse/faces/presentacion/financiero/viabilidad/expedirViabilidad.xhtml HTTP/1.1" 200 108819
179.33.119.226 - - [08/Dec/2023:00:10:23 -0500] "GET /sipse/faces/javax.faces.resource/jquery/jquery.js?ln=primefaces&v=4.0 HTTP/1.1" 304 -
179.33.119.226 - - [08/Dec/2023:00:10:23 -0500] "GET /sipse/faces/javax.faces.resource/jquery/jquery-plugins.js?ln=primefaces&v=4.0 HTTP/1.1" 304 -
179.33.119.226 - - [08/Dec/2023:00:10:23 -0500] "GET /sipse/faces/javax.faces.resource/primefaces.js?ln=primefaces&v=4.0 HTTP/1.1" 304 -
179.33.119.226 - - [08/Dec/2023:00:10:23 -0500] "GET /sipse/faces/javax.faces.resource/layout/layout.js?ln=primefaces&v=4.0 HTTP/1.1" 304 -
179.33.119.226 - - [08/Dec/2023:00:10:23 -0500] "GET /sipse/faces/javax.faces.resource/dynamiccontent.properties?ln=primefaces&pfdrid=XjOR5%2F%2FfPAZAuY9TpWQeCiM0BhlXxYRBGKi%2FQcXXfeA%3D&pfdrid_c=false HTTP/1.1" 500 383
216.244.66.195 - - [08/Dec/2023:00:10:25 -0500] "GET /BLA/resoluciones/AUTOS%202007/1921.pdf HTTP/1.1" 200 66639
179.33.119.226 - - [08/Dec/2023:00:10:32 -0500] "POST /sipse/faces/presentacion/financiero/solicitudProceso/consultarSolicitudProceso.xhtml HTTP/1.1" 200 33058
179.33.119.226 - - [08/Dec/2023:00:10:35 -0500] "GET /sipse/faces/javax.faces.resource/jquery/jquery.js?ln=primefaces&v=4.0 HTTP/1.1" 304 -
179.33.119.226 - - [08/Dec/2023:00:10:35 -0500] "GET /sipse/faces/javax.faces.resource/jquery/jquery-plugins.js?ln=primefaces&v=4.0 HTTP/1.1" 304 -
179.33.119.226 - - [08/Dec/2023:00:10:35 -0500] "GET /sipse/faces/javax.faces.resource/primefaces.js?ln=primefaces&v=4.0 HTTP/1.1" 304 -
179.33.119.226 - - [08/Dec/2023:00:10:35 -0500] "GET /sipse/faces/javax.faces.resource/layout/layout.js?ln=primefaces&v=4.0 HTTP/1.1" 304 -
179.33.119.226 - - [08/Dec/2023:00:10:35 -0500] "GET /sipse/faces/javax.faces.resource/messages/messages.png?ln=primefaces&v=4.0 HTTP/1.1" 304 -
179.33.119.226 - - [08/Dec/2023:00:10:35 -0500] "POST /sipse/faces/presentacion/financiero/solicitudProceso/listarSolicitudProceso.xhtml HTTP/1.1" 200 1376
216.244.66.195 - - [08/Dec/2023:00:10:39 -0500] "GET /BLA/resoluciones/AUTOS%202010/0130.pdf HTTP/1.1" 200 195023
52.167.144.20 - - [08/Dec/2023:00:10:41 -0500] "GET /BLA/resoluciones/RESOLUCIONES%202023/2637.pdf HTTP/1.1" 200 526048
216.244.66.195 - - [08/Dec/2023:00:10:51 -0500] "GET /BLA/resoluciones/AUTOS%202010/0348.pdf HTTP/1.1" 200 338199
216.244.66.195 - - [08/Dec/2023:00:11:03 -0500] "GET /BLA/resoluciones/AUTOS%202010/0486.pdf HTTP/1.1" 200 181727
179.33.119.226 - - [08/Dec/2023:00:11:12 -0500] "GET /sipse/faces/faces/autenticacion.xhtml HTTP/1.1" 200 12736
179.33.119.226 - - [08/Dec/2023:00:11:12 -0500] "GET /sipse/css/custom_css_sg.css HTTP/1.1" 200 9694
179.33.119.226 - - [08/Dec/2023:00:11:12 -0500] "GET /sipse/css/custom_css_sg_prime_login.css HTTP/1.1" 200 443
179.33.119.226 - - [08/Dec/2023:00:11:12 -0500] "GET /sipse/faces/javax.faces.resource/layout/layout.css;jsessionid=iD2XFVJpGx6Gl1MMqqLfRGUh.undefined?ln=primefaces&v=4.0 HTTP/1.1" 200 542
179.33.119.226 - - [08/Dec/2023:00:11:12 -0500] "GET /sipse/faces/javax.faces.resource/primefaces.js;jsessionid=iD2XFVJpGx6Gl1MMqqLfRGUh.undefined?ln=primefaces&v=4.0 HTTP/1.1" 200 276924
179.33.119.226 - - [08/Dec/2023:00:11:12 -0500] "GET /sipse/faces/javax.faces.resource/layout/layout.js;jsessionid=iD2XFVJpGx6Gl1MMqqLfRGUh.undefined?ln=primefaces&v=4.0 HTTP/1.1" 200 87560
179.33.119.226 - - [08/Dec/2023:00:11:12 -0500] "GET /sipse/faces/javax.faces.resource/primefaces.css;jsessionid=iD2XFVJpGx6Gl1MMqqLfRGUh.undefined?ln=primefaces&v=4.0 HTTP/1.1" 200 53295
179.33.119.226 - - [08/Dec/2023:00:11:12 -0500] "GET /sipse/faces/javax.faces.resource/theme.css?ln=primefaces-sipse HTTP/1.1" 200 50058
179.33.119.226 - - [08/Dec/2023:00:11:12 -0500] "GET /sipse/faces/javax.faces.resource/jquery/jquery.js;jsessionid=iD2XFVJpGx6Gl1MMqqLfRGUh.undefined?ln=primefaces&v=4.0 HTTP/1.1" 200 105384
179.33.119.226 - - [08/Dec/2023:00:11:12 -0500] "GET /sipse/faces/javax.faces.resource/jquery/jquery-plugins.js;jsessionid=iD2XFVJpGx6Gl1MMqqLfRGUh.undefined?ln=primefaces&v=4.0 HTTP/1.1" 200 220526
179.33.119.226 - - [08/Dec/2023:00:11:13 -0500] "GET /sipse/faces/javax.faces.resource/images/ui-icons_898989_256x240.png?ln=primefaces-aristo HTTP/1.1" 200 5355
179.33.119.226 - - [08/Dec/2023:00:11:13 -0500] "GET /sipse/css/imagen/logoSDG.png HTTP/1.1" 200 36182
179.33.119.226 - - [08/Dec/2023:00:11:13 -0500] "GET /sipse/css/imagen/loginimg.png HTTP/1.1" 200 71635
179.33.119.226 - - [08/Dec/2023:00:11:13 -0500] "GET /favicon.ico HTTP/1.1" 200 7782
179.33.119.226 - - [08/Dec/2023:00:11:13 -0500] "GET /sipse/faces/faces/index.xhtml HTTP/1.1" 200 677
179.33.119.226 - - [08/Dec/2023:00:11:13 -0500] "GET /sipse/faces/javax.faces.resource/theme.css?ln=primefaces-sipse HTTP/1.1" 304 -
179.33.119.226 - - [08/Dec/2023:00:11:13 -0500] "GET /sipse/faces/faces/faces/autenticacion.xhtml HTTP/1.1" 200 12414
179.33.119.226 - - [08/Dec/2023:00:11:13 -0500] "GET /sipse/faces/javax.faces.resource/theme.css?ln=primefaces-sipse HTTP/1.1" 304 -
179.33.119.226 - - [08/Dec/2023:00:11:13 -0500] "GET /sipse/faces/javax.faces.resource/layout/layout.css?ln=primefaces&v=4.0 HTTP/1.1" 200 542
179.33.119.226 - - [08/Dec/2023:00:11:13 -0500] "GET /sipse/faces/javax.faces.resource/jquery/jquery.js?ln=primefaces&v=4.0 HTTP/1.1" 304 -
179.33.119.226 - - [08/Dec/2023:00:11:13 -0500] "GET /sipse/faces/javax.faces.resource/jquery/jquery-plugins.js?ln=primefaces&v=4.0 HTTP/1.1" 304 -
179.33.119.226 - - [08/Dec/2023:00:11:13 -0500] "GET /sipse/faces/javax.faces.resource/primefaces.js?ln=primefaces&v=4.0 HTTP/1.1" 304 -
179.33.119.226 - - [08/Dec/2023:00:11:13 -0500] "GET /sipse/faces/javax.faces.resource/layout/layout.js?ln=primefaces&v=4.0 HTTP/1.1" 304 -
179.33.119.226 - - [08/Dec/2023:00:11:13 -0500] "GET /sipse/faces/javax.faces.resource/primefaces.css?ln=primefaces&v=4.0 HTTP/1.1" 200 53295
179.33.119.226 - - [08/Dec/2023:00:11:13 -0500] "GET /sipse/faces/javax.faces.resource/images/ui-icons_898989_256x240.png?ln=primefaces-aristo HTTP/1.1" 304 -
216.244.66.195 - - [08/Dec/2023:00:11:14 -0500] "GET /BLA/resoluciones/AUTOS%202010/0705.pdf HTTP/1.1" 200 190507
216.244.66.195 - - [08/Dec/2023:00:11:24 -0500] "GET /BLA/resoluciones/AUTOS%202010/0842.pdf HTTP/1.1" 200 187017
66.249.66.19 - - [08/Dec/2023:00:11:25 -0500] "GET /BLA/resoluciones/RESOLUCIONES%202010/6890.pdf HTTP/1.1" 200 369054
179.33.119.226 - - [08/Dec/2023:00:11:28 -0500] "POST /sipse/faces/autenticacion.xhtml HTTP/1.1" 200 2227
179.33.119.226 - - [08/Dec/2023:00:11:28 -0500] "GET /sipse/faces/javax.faces.resource/messages/messages.png?ln=primefaces&v=4.0 HTTP/1.1" 200 27209
179.33.119.226 - - [08/Dec/2023:00:11:30 -0500] "POST /sipse/faces/autenticacion.xhtml HTTP/1.1" 200 16468
179.33.119.226 - - [08/Dec/2023:00:11:30 -0500] "GET /sipse/faces/javax.faces.resource/jquery/jquery.js?ln=primefaces&v=4.0 HTTP/1.1" 304 -
179.33.119.226 - - [08/Dec/2023:00:11:30 -0500] "GET /sipse/faces/javax.faces.resource/jquery/jquery-plugins.js?ln=primefaces&v=4.0 HTTP/1.1" 304 -
179.33.119.226 - - [08/Dec/2023:00:11:30 -0500] "GET /sipse/faces/javax.faces.resource/primefaces.js?ln=primefaces&v=4.0 HTTP/1.1" 304 -
179.33.119.226 - - [08/Dec/2023:00:11:30 -0500] "GET /sipse/faces/javax.faces.resource/layout/layout.js?ln=primefaces&v=4.0 HTTP/1.1" 304 -
179.33.119.226 - - [08/Dec/2023:00:11:30 -0500] "GET /sipse/imagenes/cargando.gif HTTP/1.1" 200 36959
179.33.119.226 - - [08/Dec/2023:00:11:30 -0500] "GET /sipse/css/v_mergente.css HTTP/1.1" 200 1505
179.33.119.226 - - [08/Dec/2023:00:11:30 -0500] "GET /sipse/css/imagen/contrasena.png HTTP/1.1" 404 383
179.33.119.226 - - [08/Dec/2023:00:11:30 -0500] "GET /sipse/imagenes/logoAplicacion.jpg HTTP/1.1" 200 155084
179.33.119.226 - - [08/Dec/2023:00:11:32 -0500] "GET /sipse/faces/javax.faces.resource/images/ui-bg_flat_0_2d5972_40x100.png?ln=primefaces-aristo HTTP/1.1" 200 183
179.33.119.226 - - [08/Dec/2023:00:11:32 -0500] "POST /sipse/faces/bienvenido.xhtml HTTP/1.1" 200 2060
216.244.66.195 - - [08/Dec/2023:00:11:33 -0500] "GET /BLA/resoluciones/AUTOS%202010/1058.pdf HTTP/1.1" 200 1966936
179.33.119.226 - - [08/Dec/2023:00:11:33 -0500] "POST /sipse/faces/bienvenido.xhtml HTTP/1.1" 200 32566
179.33.119.226 - - [08/Dec/2023:00:11:33 -0500] "GET /sipse/faces/javax.faces.resource/jquery/jquery.js?ln=primefaces&v=4.0 HTTP/1.1" 304 -
179.33.119.226 - - [08/Dec/2023:00:11:33 -0500] "GET /sipse/faces/javax.faces.resource/jquery/jquery-plugins.js?ln=primefaces&v=4.0 HTTP/1.1" 304 -
179.33.119.226 - - [08/Dec/2023:00:11:33 -0500] "GET /sipse/faces/javax.faces.resource/primefaces.js?ln=primefaces&v=4.0 HTTP/1.1" 304 -
179.33.119.226 - - [08/Dec/2023:00:11:34 -0500] "GET /sipse/faces/javax.faces.resource/layout/layout.js?ln=primefaces&v=4.0 HTTP/1.1" 304 -
179.33.119.226 - - [08/Dec/2023:00:11:34 -0500] "POST /sipse/faces/presentacion/financiero/solicitudProceso/listarSolicitudProceso.xhtml HTTP/1.1" 200 1376
173.252.83.8 - - [08/Dec/2023:00:11:42 -0500] "GET /images/Red%20de%20Monitoreo%20de%20Calidad%20del%20Aire.jpg HTTP/1.1" 200 51986
52.167.144.237 - - [08/Dec/2023:00:11:51 -0500] "GET /las-tres-caminatas-para-cerrar-el-ano-entre-la-naturaleza.html HTTP/1.1" 200 776
216.244.66.195 - - [08/Dec/2023:00:12:08 -0500] "GET /BLA/resoluciones/AUTOS%202010/1110.pdf HTTP/1.1" 200 195015
216.244.66.195 - - [08/Dec/2023:00:12:37 -0500] "GET /BLA/resoluciones/AUTOS%202010/1278.pdf HTTP/1.1" 200 406174
216.245.221.92 - - [08/Dec/2023:00:12:59 -0500] "HEAD / HTTP/1.1" 200 -
201.245.192.253 - - [08/Dec/2023:00:12:56 -0500] "POST /kwsrmcab/Wsrmcab  HTTP/1.1" 200 41806
216.244.66.195 - - [08/Dec/2023:00:13:05 -0500] "GET /BLA/resoluciones/AUTOS%202010/1363.pdf HTTP/1.1" 200 248131
66.249.66.21 - - [08/Dec/2023:00:13:11 -0500] "GET /BLA/resoluciones/RESOLUCIONES%202010/5689.pdf HTTP/1.1" 200 248802
66.249.66.20 - - [08/Dec/2023:00:13:19 -0500] "GET /BLA/resoluciones/Autos%202008/1955.pdf HTTP/1.1" 200 94747
216.244.66.195 - - [08/Dec/2023:00:13:32 -0500] "GET /BLA/resoluciones/AUTOS%202010/1400.pdf HTTP/1.1" 200 253409
66.249.66.19 - - [08/Dec/2023:00:13:34 -0500] "GET /BLA/resoluciones/Notificaciones/REGISTROS%202018/0123.pdf HTTP/1.1" 200 266973
216.244.66.195 - - [08/Dec/2023:00:14:02 -0500] "GET /BLA/resoluciones/AUTOS%202010/1671.pdf HTTP/1.1" 200 1350785
172.22.2.4 - - [08/Dec/2023:00:13:02 -0500] "HEAD /BLA/boletinlegal/ HTTP/1.1" 200 -
216.244.66.195 - - [08/Dec/2023:00:14:52 -0500] "GET /BLA/resoluciones/AUTOS%202010/2889.pdf HTTP/1.1" 200 146313
216.244.66.195 - - [08/Dec/2023:00:15:22 -0500] "GET /BLA/resoluciones/AUTOS%202010/3721.pdf HTTP/1.1" 200 167171
172.22.2.4 - - [08/Dec/2023:00:13:53 -0500] "GET /BLA/boletinlegal/ HTTP/1.1" 200 58294
216.244.66.195 - - [08/Dec/2023:00:15:52 -0500] "GET /BLA/resoluciones/AUTOS%202010/5418.pdf HTTP/1.1" 200 1488169
216.244.66.195 - - [08/Dec/2023:00:16:24 -0500] "GET /BLA/resoluciones/AUTOS%202010/5534.pdf HTTP/1.1" 200 636902
66.249.66.19 - - [08/Dec/2023:00:16:25 -0500] "GET /BLA/resoluciones/AUTOS%202016/2184.pdf HTTP/1.1" 200 336180
52.167.144.215 - - [08/Dec/2023:00:16:33 -0500] "GET /BLA/resoluciones/RESOLUCIONES%202021/2205.pdf HTTP/1.1" 200 401230
201.245.192.253 - - [08/Dec/2023:00:16:34 -0500] "POST /kwsrmcab/Wsrmcab HTTP/1.1" 200 39791
201.245.192.253 - - [08/Dec/2023:00:16:36 -0500] "POST /kwsrmcab/Wsrmcab HTTP/1.1" 200 38350
216.244.66.195 - - [08/Dec/2023:00:16:55 -0500] "GET /BLA/resoluciones/AUTOS%202010/5626.pdf HTTP/1.1" 200 456554
216.244.66.195 - - [08/Dec/2023:00:17:25 -0500] "GET /BLA/resoluciones/AUTOS%202010/5627.pdf HTTP/1.1" 200 208465
216.244.66.195 - - [08/Dec/2023:00:17:53 -0500] "GET /BLA/resoluciones/AUTOS%202010/6631.pdf HTTP/1.1" 200 170809
201.245.192.253 - - [08/Dec/2023:00:17:54 -0500] "POST /kwsrmcab/Wsrmcab  HTTP/1.1" 200 41806
216.245.221.92 - - [08/Dec/2023:00:17:59 -0500] "HEAD / HTTP/1.1" 200 -
216.244.66.195 - - [08/Dec/2023:00:18:17 -0500] "GET /BLA/resoluciones/AUTOS%202010/6665.pdf HTTP/1.1" 200 130642
216.244.66.195 - - [08/Dec/2023:00:18:41 -0500] "GET /BLA/resoluciones/AUTOS%202011/3210.pdf HTTP/1.1" 200 226563
66.249.66.21 - - [08/Dec/2023:00:18:54 -0500] "GET /Publicaciones/2022EE307057.pdf HTTP/1.1" 404 228
216.244.66.195 - - [08/Dec/2023:00:19:14 -0500] "GET /BLA/resoluciones/AUTOS%202011/3949.pdf HTTP/1.1" 200 230477
216.244.66.195 - - [08/Dec/2023:00:19:40 -0500] "GET /BLA/resoluciones/AUTOS%202011/3973.pdf HTTP/1.1" 200 251775
216.244.66.195 - - [08/Dec/2023:00:20:08 -0500] "GET /BLA/resoluciones/Decretos/DECRETO%20238%20DEL%2020%20DE%20ABRIL%20DEL%202018.pdf HTTP/1.1" 200 621487
201.245.192.253 - - [08/Dec/2023:00:20:18 -0500] "POST /kwsrmcab/Wsrmcab HTTP/1.1" 200 39791
201.245.192.253 - - [08/Dec/2023:00:20:28 -0500] "POST /kwsrmcab/Wsrmcab HTTP/1.1" 200 38350
172.22.2.4 - - [08/Dec/2023:00:18:52 -0500] "HEAD /BLA/boletinlegal/ HTTP/1.1" 200 -
216.244.66.195 - - [08/Dec/2023:00:20:33 -0500] "GET /BLA/resoluciones/RESOLUCIONES%202016/0357.pdf HTTP/1.1" 200 1067689
66.249.66.19 - - [08/Dec/2023:00:20:45 -0500] "GET /BLA/resoluciones/RESOLUCIONES%202015/0606.pdf HTTP/1.1" 200 1115383
66.249.66.20 - - [08/Dec/2023:00:20:51 -0500] "GET /BLA/resoluciones/RESOLUCIONES%202012/1552.pdf HTTP/1.1" 200 450745
216.244.66.195 - - [08/Dec/2023:00:20:57 -0500] "GET /BLA/resoluciones/RESOLUCIONES%202016/0668.pdf HTTP/1.1" 200 860960
216.244.66.195 - - [08/Dec/2023:00:21:20 -0500] "GET /BLA/resoluciones/RESOLUCIONES%202016/0745.pdf HTTP/1.1" 200 635078
172.22.2.4 - - [08/Dec/2023:00:19:43 -0500] "GET /BLA/boletinlegal/ HTTP/1.1" 200 60634
216.244.66.195 - - [08/Dec/2023:00:21:42 -0500] "GET /BLA/resoluciones/RESOLUCIONES%202016/0789.PDF HTTP/1.1" 200 1036335
66.249.66.21 - - [08/Dec/2023:00:21:43 -0500] "GET /BLA/resoluciones/RESOLUCIONES%202009/5288.pdf HTTP/1.1" 200 510511
66.249.66.19 - - [08/Dec/2023:00:22:02 -0500] "GET /BLA/resoluciones/RESOLUCIONES%202016/1825.pdf HTTP/1.1" 200 648871
216.244.66.195 - - [08/Dec/2023:00:22:19 -0500] "GET /BLA/resoluciones/RESOLUCIONES%202016/1096.pdf HTTP/1.1" 200 504303
66.249.66.21 - - [08/Dec/2023:00:22:42 -0500] "GET /BLA/resoluciones/AUTOS%202014/0401.pdf HTTP/1.1" 200 662437
216.244.66.195 - - [08/Dec/2023:00:22:50 -0500] "GET /BLA/resoluciones/RESOLUCIONES%202016/1259.pdf HTTP/1.1" 200 780912
201.245.192.253 - - [08/Dec/2023:00:22:53 -0500] "POST /kwsrmcab/Wsrmcab  HTTP/1.1" 200 41806
216.245.221.92 - - [08/Dec/2023:00:22:59 -0500] "HEAD / HTTP/1.1" 200 -
216.244.66.195 - - [08/Dec/2023:00:23:20 -0500] "GET /BLA/resoluciones/RESOLUCIONES%202016/1517.pdf HTTP/1.1" 200 3140577
40.77.167.136 - - [08/Dec/2023:00:23:44 -0500] "GET /BLA/resoluciones/Notificaciones/RESOLUCIONES%202023/00324.pdf HTTP/1.1" 200 816341
216.244.66.195 - - [08/Dec/2023:00:23:53 -0500] "GET /BLA/resoluciones/RESOLUCIONES%202016/2336.pdf HTTP/1.1" 200 363592
66.249.66.20 - - [08/Dec/2023:00:24:09 -0500] "GET /BLA/resoluciones/Notificaciones/RESOLUCIONES%202021/3661.pdf HTTP/1.1" 200 516009
216.244.66.195 - - [08/Dec/2023:00:24:24 -0500] "GET /BLA/resoluciones/RESOLUCIONES%202016/2493.pdf HTTP/1.1" 200 425669
66.249.66.20 - - [08/Dec/2023:00:24:42 -0500] "GET /BLA/resoluciones/RESOLUCIONES%202012/1081.pdf HTTP/1.1" 200 435221
216.244.66.195 - - [08/Dec/2023:00:24:53 -0500] "GET /BLA/resoluciones/RESOLUCIONES%202016/2545.pdf HTTP/1.1" 200 835472
66.249.66.19 - - [08/Dec/2023:00:25:00 -0500] "GET /BLA/resoluciones/Notificaciones/AUTOS%202021/4796.pdf HTTP/1.1" 200 337627
216.244.66.195 - - [08/Dec/2023:00:25:22 -0500] "GET /BLA/resoluciones/RESOLUCIONES%202017/0311.pdf HTTP/1.1" 200 399471
216.244.66.195 - - [08/Dec/2023:00:25:50 -0500] "GET /BLA/resoluciones/RESOLUCIONES%202017/0440.pdf HTTP/1.1" 200 345136
216.244.66.195 - - [08/Dec/2023:00:26:16 -0500] "GET /BLA/resoluciones/RESOLUCIONES%202017/1149.pdf HTTP/1.1" 200 521430
172.22.2.4 - - [08/Dec/2023:00:24:42 -0500] "HEAD /BLA/boletinlegal/ HTTP/1.1" 200 -
201.245.192.253 - - [08/Dec/2023:00:26:34 -0500] "POST /kwsrmcab/Wsrmcab HTTP/1.1" 200 39791
201.245.192.253 - - [08/Dec/2023:00:26:37 -0500] "POST /kwsrmcab/Wsrmcab HTTP/1.1" 200 38350
66.249.66.20 - - [08/Dec/2023:00:26:43 -0500] "GET /BLA/resoluciones/RESOLUCIONES%202009/9560.pdf HTTP/1.1" 200 501405
216.244.66.195 - - [08/Dec/2023:00:26:46 -0500] "GET /BLA/resoluciones/RESOLUCIONES%202017/1299.pdf HTTP/1.1" 200 375004
66.249.66.20 - - [08/Dec/2023:00:27:01 -0500] "GET /BLA/resoluciones/RESOLUCIONES%202010/7753.pdf HTTP/1.1" 200 543457
216.244.66.195 - - [08/Dec/2023:00:27:10 -0500] "GET /BLA/resoluciones/RESOLUCIONES%202017/1513.pdf HTTP/1.1" 200 762054
172.22.2.4 - - [08/Dec/2023:00:25:32 -0500] "GET /BLA/boletinlegal/ HTTP/1.1" 200 60634
172.22.2.4 - - [08/Dec/2023:00:27:28 -0500] "GET /BLA/boletinlegal/styles2.css HTTP/1.1" 200 1838
172.22.2.4 - - [08/Dec/2023:00:27:28 -0500] "GET /BLA/boletinlegal/actos.php HTTP/1.1" 200 9682
172.22.2.4 - - [08/Dec/2023:00:27:28 -0500] "GET /BLA/boletinlegal/niceforms-default.css HTTP/1.1" 200 6694
172.22.2.4 - - [08/Dec/2023:00:27:28 -0500] "GET /BLA/boletinlegal/style.css HTTP/1.1" 200 9406
172.22.2.4 - - [08/Dec/2023:00:27:28 -0500] "GET /BLA/boletinlegal/js/ajax_actos.js HTTP/1.1" 200 1322
172.22.2.4 - - [08/Dec/2023:00:27:28 -0500] "GET /BLA/boletinlegal/niceforms.js HTTP/1.1" 200 22876
172.22.2.4 - - [08/Dec/2023:00:27:28 -0500] "GET /BLA/boletinlegal/js/lib.js HTTP/1.1" 200 6474
172.22.2.4 - - [08/Dec/2023:00:27:28 -0500] "GET /BLA/boletinlegal/js/popup.js HTTP/1.1" 200 1270
172.22.2.4 - - [08/Dec/2023:00:27:28 -0500] "GET /BLA/boletinlegal/js/jquery1.js HTTP/1.1" 200 29846
172.22.2.4 - - [08/Dec/2023:00:27:28 -0500] "GET /BLA/boletinlegal/images/cabezote%20BLEGAL.jpg HTTP/1.1" 200 118164
172.22.2.4 - - [08/Dec/2023:00:27:28 -0500] "GET /BLA/boletinlegal/images/subscribe-icon-big.png HTTP/1.1" 200 47702
172.22.2.4 - - [08/Dec/2023:00:27:29 -0500] "GET /BLA/boletinlegal/images/historia.png HTTP/1.1" 200 52775
172.22.2.4 - - [08/Dec/2023:00:27:29 -0500] "GET /BLA/boletinlegal/images/green-yellow-blue-pink-th.png HTTP/1.1" 200 7394
172.22.2.4 - - [08/Dec/2023:00:27:29 -0500] "GET /BLA/boletinlegal/images/registro-usuarios.png HTTP/1.1" 200 8106
172.22.2.4 - - [08/Dec/2023:00:27:29 -0500] "GET /BLA/boletinlegal/images/tel.png HTTP/1.1" 200 14477
172.22.2.4 - - [08/Dec/2023:00:27:29 -0500] "GET /BLA/boletinlegal/images/footer_bg.jpg HTTP/1.1" 200 586
172.22.2.4 - - [08/Dec/2023:00:27:29 -0500] "GET /BLA/boletinlegal/images/menu_bg.jpg HTTP/1.1" 200 620
172.22.2.4 - - [08/Dec/2023:00:27:29 -0500] "GET /BLA/boletinlegal/images/bg_top.jpg HTTP/1.1" 200 522
172.22.2.4 - - [08/Dec/2023:00:27:29 -0500] "GET /BLA/boletinlegal/images/text.jpg HTTP/1.1" 200 568
172.22.2.4 - - [08/Dec/2023:00:27:29 -0500] "GET /BLA/boletinlegal/images/body_bg.jpg HTTP/1.1" 200 1601
172.22.2.4 - - [08/Dec/2023:00:27:29 -0500] "GET /BLA/boletinlegal/images/menu_rght.gif HTTP/1.1" 200 1627
172.22.2.4 - - [08/Dec/2023:00:27:29 -0500] "GET /BLA/boletinlegal/images/menu_lft.gif HTTP/1.1" 200 1713
172.22.2.4 - - [08/Dec/2023:00:27:29 -0500] "GET /BLA/boletinlegal/images/hover.jpg HTTP/1.1" 200 640
172.22.2.4 - - [08/Dec/2023:00:27:29 -0500] "GET /BLA/boletinlegal/images/footer_bg_l.jpg HTTP/1.1" 200 776
172.22.2.4 - - [08/Dec/2023:00:27:29 -0500] "GET /BLA/boletinlegal/images/icono-email.png HTTP/1.1" 200 5544
172.22.2.4 - - [08/Dec/2023:00:27:29 -0500] "GET /BLA/boletinlegal/img/0.png HTTP/1.1" 200 110
172.22.2.4 - - [08/Dec/2023:00:27:29 -0500] "GET /BLA/boletinlegal/img/select-right.png HTTP/1.1" 200 44019
172.22.2.4 - - [08/Dec/2023:00:27:29 -0500] "GET /BLA/boletinlegal/img/select-left.png HTTP/1.1" 200 263
172.22.2.4 - - [08/Dec/2023:00:27:29 -0500] "GET /BLA/boletinlegal/img/button-left.png HTTP/1.1" 200 57071
172.22.2.4 - - [08/Dec/2023:00:27:29 -0500] "GET /BLA/boletinlegal/img/button-right.png HTTP/1.1" 200 57878
172.22.2.4 - - [08/Dec/2023:00:27:29 -0500] "GET /BLA/boletinlegal/img/button.png HTTP/1.1" 200 43241
172.22.2.4 - - [08/Dec/2023:00:27:29 -0500] "GET /BLA/boletinlegal/favicon.ico HTTP/1.1" 404 1326
66.249.66.19 - - [08/Dec/2023:00:27:30 -0500] "GET /BLA/resoluciones/RESOLUCIONES%202008/2741.pdf HTTP/1.1" 200 308100
216.244.66.195 - - [08/Dec/2023:00:27:34 -0500] "GET /BLA/resoluciones/RESOLUCIONES%202017/1825.pdf HTTP/1.1" 200 353750
52.167.144.195 - - [08/Dec/2023:00:27:51 -0500] "GET /BLA/resoluciones/AUTOS%202023/5701.pdf HTTP/1.1" 200 451978
66.249.66.20 - - [08/Dec/2023:00:27:52 -0500] "GET /BLA/resoluciones/RESOLUCIONES%202018/0195.pdf HTTP/1.1" 200 3173703
201.245.192.253 - - [08/Dec/2023:00:27:52 -0500] "POST /kwsrmcab/Wsrmcab  HTTP/1.1" 200 41806
216.245.221.92 - - [08/Dec/2023:00:27:59 -0500] "HEAD / HTTP/1.1" 200 -
172.22.2.4 - - [08/Dec/2023:00:28:00 -0500] "GET /BLA/boletinlegal/actos.php HTTP/1.1" 200 9682
172.22.2.4 - - [08/Dec/2023:00:28:18 -0500] "GET /BLA/boletinlegal/consulta_actos.php?tipo=resoluciones&no=2700&usuario=&sector=&fecha=2023&resuelve= HTTP/1.1" 200 1330
172.22.2.4 - - [08/Dec/2023:00:28:19 -0500] "GET /BLA/boletinlegal/images/pdf.gif HTTP/1.1" 200 567
201.175.223.119 - - [08/Dec/2023:00:28:24 -0500] "GET /BLA/resoluciones/RESOLUCIONES%202023/2700.pdf HTTP/1.1" 200 367848
187.189.129.71 - - [08/Dec/2023:00:28:25 -0500] "GET /BLA/resoluciones/RESOLUCIONES%202023/2700.pdf HTTP/1.1" 200 367848
201.175.223.119 - - [08/Dec/2023:00:28:34 -0500] "GET /BLA/resoluciones/RESOLUCIONES%202023/2700.pdf HTTP/1.1" 206 1
201.175.223.119 - - [08/Dec/2023:00:28:35 -0500] "GET /BLA/resoluciones/RESOLUCIONES%202023/2700.pdf HTTP/1.1" 206 365384
201.175.223.119 - - [08/Dec/2023:00:29:10 -0500] "GET /BLA/resoluciones/RESOLUCIONES%202023/2700.pdf HTTP/1.1" 206 1
201.175.223.119 - - [08/Dec/2023:00:29:11 -0500] "GET /BLA/resoluciones/RESOLUCIONES%202023/2700.pdf HTTP/1.1" 206 365384
66.249.66.19 - - [08/Dec/2023:00:29:13 -0500] "GET /BLA/resoluciones/RESOLUCIONES%202009/7345.pdf HTTP/1.1" 200 371078
201.175.223.119 - - [08/Dec/2023:00:29:19 -0500] "GET /BLA/resoluciones/RESOLUCIONES%202023/2700.pdf HTTP/1.1" 206 1
201.175.223.119 - - [08/Dec/2023:00:29:20 -0500] "GET /BLA/resoluciones/RESOLUCIONES%202023/2700.pdf HTTP/1.1" 206 365384
201.175.223.119 - - [08/Dec/2023:00:29:44 -0500] "GET /BLA/resoluciones/RESOLUCIONES%202023/2700.pdf HTTP/1.1" 206 1
201.175.223.119 - - [08/Dec/2023:00:29:44 -0500] "GET /BLA/resoluciones/RESOLUCIONES%202023/2700.pdf HTTP/1.1" 206 365384
201.175.223.119 - - [08/Dec/2023:00:29:48 -0500] "GET /BLA/resoluciones/RESOLUCIONES%202023/2700.pdf HTTP/1.1" 206 1
201.175.223.119 - - [08/Dec/2023:00:29:48 -0500] "GET /BLA/resoluciones/RESOLUCIONES%202023/2700.pdf HTTP/1.1" 206 365384
201.245.192.253 - - [08/Dec/2023:00:30:18 -0500] "POST /kwsrmcab/Wsrmcab HTTP/1.1" 200 39791
201.245.192.253 - - [08/Dec/2023:00:30:26 -0500] "POST /kwsrmcab/Wsrmcab HTTP/1.1" 200 38350
66.249.66.21 - - [08/Dec/2023:00:32:01 -0500] "GET /BLA/resoluciones/AUTOS%202020/2247.pdf HTTP/1.1" 304 -
172.22.2.4 - - [08/Dec/2023:00:30:32 -0500] "HEAD /BLA/boletinlegal/ HTTP/1.1" 200 -
66.249.66.19 - - [08/Dec/2023:00:32:52 -0500] "GET /BLA/resoluciones/Autos%202008/2153.pdf HTTP/1.1" 200 299198
201.245.192.253 - - [08/Dec/2023:00:32:51 -0500] "POST /kwsrmcab/Wsrmcab  HTTP/1.1" 200 41806
216.245.221.92 - - [08/Dec/2023:00:32:59 -0500] "HEAD / HTTP/1.1" 200 -
172.22.2.4 - - [08/Dec/2023:00:31:22 -0500] "GET /BLA/boletinlegal/ HTTP/1.1" 200 61018
66.249.66.20 - - [08/Dec/2023:00:35:14 -0500] "GET /BLA/resoluciones/RESOLUCIONES%202008/3152.pdf HTTP/1.1" 200 1132215
66.249.66.19 - - [08/Dec/2023:00:35:33 -0500] "GET /Publicaciones/2023EE221737.pdf HTTP/1.1" 404 228
66.249.66.19 - - [08/Dec/2023:00:35:34 -0500] "GET /transparencia/financiera/Ejecucion%20Presupuestal/Vigencia%20actual/8.%20EJECUCION%20RESERVAS%20AGOSTO%202020.pdf HTTP/1.1" 404 1018
66.249.66.21 - - [08/Dec/2023:00:36:02 -0500] "GET /BLA/resoluciones/RESOLUCIONES%202017/2527.pdf HTTP/1.1" 200 301788
66.249.66.20 - - [08/Dec/2023:00:36:13 -0500] "GET /BLA/resoluciones/AUTOS%202014/0232.pdf HTTP/1.1" 200 669316
66.249.66.19 - - [08/Dec/2023:00:36:31 -0500] "GET /BLA/resoluciones/RESOLUCIONES%202008/1031.pdf HTTP/1.1" 200 299816
201.245.192.253 - - [08/Dec/2023:00:36:34 -0500] "POST /kwsrmcab/Wsrmcab HTTP/1.1" 200 39791
201.245.192.253 - - [08/Dec/2023:00:36:37 -0500] "POST /kwsrmcab/Wsrmcab HTTP/1.1" 200 38350
40.77.167.32 - - [08/Dec/2023:00:36:43 -0500] "GET /BLA/resoluciones/AUTOS%202023/4859.pdf HTTP/1.1" 200 622085
201.245.192.253 - - [08/Dec/2023:00:37:49 -0500] "POST /kwsrmcab/Wsrmcab  HTTP/1.1" 200 41806
216.245.221.92 - - [08/Dec/2023:00:37:59 -0500] "HEAD / HTTP/1.1" 200 -
172.22.2.4 - - [08/Dec/2023:00:36:22 -0500] "HEAD /BLA/boletinlegal/ HTTP/1.1" 200 -
66.249.66.21 - - [08/Dec/2023:00:38:21 -0500] "GET /BLA/resoluciones/AUTOS%202007/1686.pdf HTTP/1.1" 200 144797
172.22.2.4 - - [08/Dec/2023:00:37:13 -0500] "GET /BLA/boletinlegal/ HTTP/1.1" 200 58644
66.249.66.20 - - [08/Dec/2023:00:39:51 -0500] "GET /BLA/resoluciones/RESOLUCIONES%202011/1371.pdf HTTP/1.1" 200 519061
201.245.192.253 - - [08/Dec/2023:00:40:18 -0500] "POST /kwsrmcab/Wsrmcab HTTP/1.1" 200 39791
201.245.192.253 - - [08/Dec/2023:00:40:28 -0500] "POST /kwsrmcab/Wsrmcab HTTP/1.1" 200 38350
201.245.192.253 - - [08/Dec/2023:00:42:48 -0500] "POST /kwsrmcab/Wsrmcab  HTTP/1.1" 200 41806
216.245.221.92 - - [08/Dec/2023:00:42:59 -0500] "HEAD / HTTP/1.1" 200 -
66.249.66.77 - - [08/Dec/2023:00:43:31 -0500] "GET /robots.txt HTTP/1.1" 404 1035
66.249.66.75 - - [08/Dec/2023:00:43:31 -0500] "GET /portaldeninos/2021/06/01/agroecologia-tips-para-germinar-semillas-en-casa/ HTTP/1.1" 200 105801
66.249.66.76 - - [08/Dec/2023:00:43:34 -0500] "GET /portaldeninos/wp-includes/js/jquery/ui/sortable.min.js?ver=1.11.4 HTTP/1.1" 200 24899
66.249.66.75 - - [08/Dec/2023:00:43:36 -0500] "GET /portaldeninos/wp-includes/js/comment-reply.min.js?ver=4.9.8 HTTP/1.1" 200 1078
172.22.2.4 - - [08/Dec/2023:00:42:13 -0500] "HEAD /BLA/boletinlegal/ HTTP/1.1" 200 -
172.22.2.4 - - [08/Dec/2023:00:43:03 -0500] "GET /BLA/boletinlegal/ HTTP/1.1" 200 58644
216.244.66.195 - - [08/Dec/2023:00:45:17 -0500] "GET /robots.txt HTTP/1.1" 404 1018
66.249.66.21 - - [08/Dec/2023:00:45:31 -0500] "GET /BLA/resoluciones/AUTOS%202016/0215.pdf HTTP/1.1" 200 509767
66.249.66.19 - - [08/Dec/2023:00:45:44 -0500] "GET /BLA/resoluciones/Notificaciones/AUTOS%202020/4276.pdf HTTP/1.1" 200 492013
201.245.192.253 - - [08/Dec/2023:00:47:47 -0500] "POST /kwsrmcab/Wsrmcab  HTTP/1.1" 200 41806
216.245.221.92 - - [08/Dec/2023:00:47:59 -0500] "HEAD / HTTP/1.1" 200 -
172.22.2.4 - - [08/Dec/2023:00:48:03 -0500] "HEAD /BLA/boletinlegal/ HTTP/1.1" 200 -
52.167.144.238 - - [08/Dec/2023:00:50:24 -0500] "GET /BLA/resoluciones/Notificaciones/RESOLUCIONES%202023/1423.pdf HTTP/1.1" 200 398367
172.22.2.4 - - [08/Dec/2023:00:48:54 -0500] "GET /BLA/boletinlegal/ HTTP/1.1" 200 60634
173.252.127.7 - - [08/Dec/2023:00:50:37 -0500] "GET /engativa-tendra-jornada-de-recoleccion-de-llantas-este-miercoles.html HTTP/1.1" 200 933
66.249.66.20 - - [08/Dec/2023:00:51:07 -0500] "GET /BLA/resoluciones/RESOLUCIONES%202018/1713.pdf HTTP/1.1" 200 791290
66.249.66.19 - - [08/Dec/2023:00:51:16 -0500] "GET /BLA/resoluciones/AUTOS%202013/3506.pdf HTTP/1.1" 200 413585
40.77.167.22 - - [08/Dec/2023:00:51:43 -0500] "GET /dale-una-nueva-oportunidad-a-tu-ropa-usada-se-trasladan-dos-puntos-para-llevarla.html HTTP/1.1" 200 913
201.245.192.253 - - [08/Dec/2023:00:52:46 -0500] "POST /kwsrmcab/Wsrmcab  HTTP/1.1" 200 41806
216.245.221.92 - - [08/Dec/2023:00:52:59 -0500] "HEAD / HTTP/1.1" 200 -
172.22.2.4 - - [08/Dec/2023:00:53:53 -0500] "HEAD /BLA/boletinlegal/ HTTP/1.1" 200 -
216.244.66.195 - - [08/Dec/2023:00:55:42 -0500] "GET /galeria/galeria/fotos/diaSC7.jpg HTTP/1.1" 200 138801
66.249.66.20 - - [08/Dec/2023:00:55:47 -0500] "GET /Publicaciones/2022EE308822.pdf HTTP/1.1" 404 228
216.244.66.195 - - [08/Dec/2023:00:55:47 -0500] "GET /transparencia/directorioservidores/2018/agosto.xlsx HTTP/1.1" 404 1018
172.22.2.4 - - [08/Dec/2023:00:54:09 -0500] "GET /BLA/boletinlegal/ HTTP/1.1" 200 47138
172.22.2.4 - - [08/Dec/2023:00:54:44 -0500] "GET /BLA/boletinlegal/ HTTP/1.1" 200 50697
201.245.192.253 - - [08/Dec/2023:00:57:45 -0500] "POST /kwsrmcab/Wsrmcab  HTTP/1.1" 200 41806
216.244.66.195 - - [08/Dec/2023:00:57:54 -0500] "GET /BLA/resoluciones/RESOLUCIONES%202016/1364.pdf HTTP/1.1" 200 821320
216.245.221.92 - - [08/Dec/2023:00:57:59 -0500] "HEAD / HTTP/1.1" 200 -
216.244.66.195 - - [08/Dec/2023:00:58:06 -0500] "GET /BLA/resoluciones/RESOLUCIONES%202017/2229.pdf HTTP/1.1" 200 1241537
216.244.66.195 - - [08/Dec/2023:00:58:47 -0500] "GET /BLA/resoluciones/index.php?dir=Acuerdos%2F HTTP/1.1" 200 3396
31.7.58.42 - - [08/Dec/2023:00:58:54 -0500] "GET / HTTP/1.1" 200 319
216.244.66.195 - - [08/Dec/2023:00:59:17 -0500] "GET /BLA/resoluciones/AUTOS%202016/0088.pdf HTTP/1.1" 200 800110
216.244.66.195 - - [08/Dec/2023:00:59:47 -0500] "GET /BLA/resoluciones/AUTOS%202016/0170.pdf HTTP/1.1" 200 439172
216.244.66.195 - - [08/Dec/2023:01:00:16 -0500] "GET /BLA/resoluciones/AUTOS%202016/0229.pdf HTTP/1.1" 200 588813
52.167.144.204 - - [08/Dec/2023:01:00:37 -0500] "GET /portaldeninos/aulas-ambientales-2/parque-ecologico-distrital-de-montana-entrenubes/ HTTP/1.1" 200 90406
216.244.66.195 - - [08/Dec/2023:01:00:47 -0500] "GET /BLA/resoluciones/AUTOS%202016/0281.pdf HTTP/1.1" 200 750889
60.217.75.70 - - [08/Dec/2023:01:01:02 -0500] "GET / HTTP/1.1" 200 319
173.252.107.119 - - [08/Dec/2023:01:01:02 -0500] "GET /del-22-al-26-de-noviembre-se-realizara-la-semana-ecoempresarial-en-bogota.html HTTP/1.1" 200 860
216.244.66.195 - - [08/Dec/2023:01:01:16 -0500] "GET /BLA/resoluciones/AUTOS%202016/0636.pdf HTTP/1.1" 200 540756
172.22.2.4 - - [08/Dec/2023:00:59:43 -0500] "HEAD /BLA/boletinlegal/ HTTP/1.1" 200 -
52.167.144.168 - - [08/Dec/2023:01:01:33 -0500] "GET /portaldeninos/wp-content/themes/betheme/assets/animations/animations.min.css?ver=20.9.6 HTTP/1.1" 200 58508
52.167.144.168 - - [08/Dec/2023:01:01:34 -0500] "GET /portaldeninos/wp-includes/js/jquery/ui/accordion.min.js?ver=1.11.4 HTTP/1.1" 200 8584
52.167.144.168 - - [08/Dec/2023:01:01:34 -0500] "GET /portaldeninos/wp-includes/js/jquery/ui/mouse.min.js?ver=1.11.4 HTTP/1.1" 200 3148
52.167.144.168 - - [08/Dec/2023:01:01:34 -0500] "GET /portaldeninos/wp-includes/js/jquery/ui/tabs.min.js?ver=1.11.4 HTTP/1.1" 200 12110
52.167.144.168 - - [08/Dec/2023:01:01:34 -0500] "GET /portaldeninos/wp-includes/js/wp-embed.min.js?ver=4.9.8 HTTP/1.1" 200 1398
52.167.144.168 - - [08/Dec/2023:01:01:34 -0500] "GET /portaldeninos/wp-includes/js/jquery/ui/widget.min.js?ver=1.11.4 HTTP/1.1" 200 6908
157.55.39.10 - - [08/Dec/2023:01:01:39 -0500] "GET /portaldeninos/wp-content/themes/betheme/assets/animations/animations.min.js?ver=20.9.6 HTTP/1.1" 200 1896
157.55.39.10 - - [08/Dec/2023:01:01:39 -0500] "GET /portaldeninos/wp-content/themes/betheme/assets/jplayer/jplayer.min.js?ver=20.9.6 HTTP/1.1" 200 52702
157.55.39.10 - - [08/Dec/2023:01:01:40 -0500] "GET /portaldeninos/wp-content/themes/betheme/css/shortcodes.css?ver=20.9.6 HTTP/1.1" 200 138889
