172.22.2.4 - - [08/Dec/2023:21:13:05 -0500] "HEAD /BLA/boletinlegal/ HTTP/1.1" 200 -
52.167.144.205 - - [08/Dec/2023:21:15:30 -0500] "GET /BLA/resoluciones/AUTOS%202023/5917.pdf HTTP/1.1" 200 996597
172.22.2.4 - - [08/Dec/2023:21:13:55 -0500] "GET /BLA/boletinlegal/ HTTP/1.1" 200 58294
205.210.31.184 - - [08/Dec/2023:21:16:26 -0500] "GET / HTTP/1.1" 200 319
201.245.192.253 - - [08/Dec/2023:21:16:30 -0500] "POST /kwsrmcab/Wsrmcab HTTP/1.1" 200 38595
201.245.192.253 - - [08/Dec/2023:21:16:33 -0500] "POST /kwsrmcab/Wsrmcab HTTP/1.1" 200 38603
216.245.221.92 - - [08/Dec/2023:21:17:56 -0500] "HEAD / HTTP/1.1" 200 -
66.249.66.20 - - [08/Dec/2023:21:18:54 -0500] "GET /Publicaciones/2023EE165073.pdf HTTP/1.1" 404 228
173.252.83.9 - - [08/Dec/2023:21:19:34 -0500] "GET /images/presentaci\xc3\xb3n%20convenci\xc3\xb3n.jpg HTTP/1.1" 404 1034
201.245.192.253 - - [08/Dec/2023:21:19:37 -0500] "POST /kwsrmcab/Wsrmcab  HTTP/1.1" 200 41806
201.245.192.253 - - [08/Dec/2023:21:20:14 -0500] "POST /kwsrmcab/Wsrmcab HTTP/1.1" 200 38595
201.245.192.253 - - [08/Dec/2023:21:20:23 -0500] "POST /kwsrmcab/Wsrmcab HTTP/1.1" 200 38603
172.22.2.4 - - [08/Dec/2023:21:18:55 -0500] "HEAD /BLA/boletinlegal/ HTTP/1.1" 200 -
172.22.2.4 - - [08/Dec/2023:21:19:45 -0500] "GET /BLA/boletinlegal/ HTTP/1.1" 200 58644
162.55.175.143 - - [08/Dec/2023:21:22:33 -0500] "GET / HTTP/1.1" 200 319
162.55.175.143 - - [08/Dec/2023:21:22:37 -0500] "GET / HTTP/1.1" 200 4720
216.245.221.92 - - [08/Dec/2023:21:22:56 -0500] "HEAD / HTTP/1.1" 200 -
173.252.127.119 - - [08/Dec/2023:21:24:17 -0500] "GET /secretaria-de-ambiente-inicia-campana-de-proteccion-y-conservacion-de-musgo-para-epoca-de-navidad.html HTTP/1.1" 200 876
201.245.192.253 - - [08/Dec/2023:21:24:36 -0500] "POST /kwsrmcab/Wsrmcab  HTTP/1.1" 200 41806
172.22.2.4 - - [08/Dec/2023:21:24:45 -0500] "HEAD /BLA/boletinlegal/ HTTP/1.1" 200 -
201.245.192.253 - - [08/Dec/2023:21:26:29 -0500] "POST /kwsrmcab/Wsrmcab HTTP/1.1" 200 38595
201.245.192.253 - - [08/Dec/2023:21:26:32 -0500] "POST /kwsrmcab/Wsrmcab HTTP/1.1" 200 38603
172.22.2.4 - - [08/Dec/2023:21:26:55 -0500] "GET /BLA/boletinlegal/actos.php HTTP/1.1" 200 9682
172.22.2.4 - - [08/Dec/2023:21:26:55 -0500] "GET /BLA/boletinlegal/styles2.css HTTP/1.1" 200 1838
172.22.2.4 - - [08/Dec/2023:21:26:55 -0500] "GET /BLA/boletinlegal/js/popup.js HTTP/1.1" 200 1270
172.22.2.4 - - [08/Dec/2023:21:26:55 -0500] "GET /BLA/boletinlegal/js/ajax_actos.js HTTP/1.1" 200 1322
172.22.2.4 - - [08/Dec/2023:21:26:55 -0500] "GET /BLA/boletinlegal/js/jquery1.js HTTP/1.1" 200 29846
172.22.2.4 - - [08/Dec/2023:21:26:55 -0500] "GET /BLA/boletinlegal/js/lib.js HTTP/1.1" 200 6474
172.22.2.4 - - [08/Dec/2023:21:26:55 -0500] "GET /BLA/boletinlegal/niceforms-default.css HTTP/1.1" 200 6694
172.22.2.4 - - [08/Dec/2023:21:26:55 -0500] "GET /BLA/boletinlegal/style.css HTTP/1.1" 200 9406
172.22.2.4 - - [08/Dec/2023:21:26:55 -0500] "GET /BLA/boletinlegal/niceforms.js HTTP/1.1" 200 22876
172.22.2.4 - - [08/Dec/2023:21:26:55 -0500] "GET /BLA/boletinlegal/images/cabezote%20BLEGAL.jpg HTTP/1.1" 200 118164
172.22.2.4 - - [08/Dec/2023:21:26:55 -0500] "GET /BLA/boletinlegal/images/subscribe-icon-big.png HTTP/1.1" 200 47702
172.22.2.4 - - [08/Dec/2023:21:26:55 -0500] "GET /BLA/boletinlegal/images/historia.png HTTP/1.1" 200 52775
172.22.2.4 - - [08/Dec/2023:21:26:55 -0500] "GET /BLA/boletinlegal/images/registro-usuarios.png HTTP/1.1" 200 8106
172.22.2.4 - - [08/Dec/2023:21:26:55 -0500] "GET /BLA/boletinlegal/images/body_bg.jpg HTTP/1.1" 200 1601
172.22.2.4 - - [08/Dec/2023:21:26:55 -0500] "GET /BLA/boletinlegal/images/tel.png HTTP/1.1" 200 14477
172.22.2.4 - - [08/Dec/2023:21:26:55 -0500] "GET /BLA/boletinlegal/images/menu_rght.gif HTTP/1.1" 200 1627
172.22.2.4 - - [08/Dec/2023:21:26:55 -0500] "GET /BLA/boletinlegal/images/menu_bg.jpg HTTP/1.1" 200 620
172.22.2.4 - - [08/Dec/2023:21:26:55 -0500] "GET /BLA/boletinlegal/images/icono-email.png HTTP/1.1" 200 5544
172.22.2.4 - - [08/Dec/2023:21:26:55 -0500] "GET /BLA/boletinlegal/images/green-yellow-blue-pink-th.png HTTP/1.1" 200 7394
172.22.2.4 - - [08/Dec/2023:21:26:55 -0500] "GET /BLA/boletinlegal/images/hover.jpg HTTP/1.1" 200 640
172.22.2.4 - - [08/Dec/2023:21:26:55 -0500] "GET /BLA/boletinlegal/images/footer_bg.jpg HTTP/1.1" 200 586
172.22.2.4 - - [08/Dec/2023:21:26:55 -0500] "GET /BLA/boletinlegal/images/footer_bg_l.jpg HTTP/1.1" 200 776
172.22.2.4 - - [08/Dec/2023:21:26:55 -0500] "GET /BLA/boletinlegal/images/bg_top.jpg HTTP/1.1" 200 522
172.22.2.4 - - [08/Dec/2023:21:26:55 -0500] "GET /BLA/boletinlegal/images/menu_lft.gif HTTP/1.1" 200 1713
172.22.2.4 - - [08/Dec/2023:21:26:56 -0500] "GET /BLA/boletinlegal/images/text.jpg HTTP/1.1" 200 568
172.22.2.4 - - [08/Dec/2023:21:26:56 -0500] "GET /BLA/boletinlegal/img/0.png HTTP/1.1" 200 110
172.22.2.4 - - [08/Dec/2023:21:26:56 -0500] "GET /BLA/boletinlegal/img/select-right.png HTTP/1.1" 200 44019
172.22.2.4 - - [08/Dec/2023:21:26:56 -0500] "GET /BLA/boletinlegal/img/button-right.png HTTP/1.1" 200 57878
172.22.2.4 - - [08/Dec/2023:21:26:56 -0500] "GET /BLA/boletinlegal/img/button.png HTTP/1.1" 200 43241
172.22.2.4 - - [08/Dec/2023:21:26:56 -0500] "GET /BLA/boletinlegal/img/select-left.png HTTP/1.1" 200 263
172.22.2.4 - - [08/Dec/2023:21:26:56 -0500] "GET /BLA/boletinlegal/img/button-left.png HTTP/1.1" 200 57071
172.22.2.4 - - [08/Dec/2023:21:25:36 -0500] "GET /BLA/boletinlegal/ HTTP/1.1" 200 60634
216.245.221.92 - - [08/Dec/2023:21:27:56 -0500] "HEAD / HTTP/1.1" 200 -
201.245.192.253 - - [08/Dec/2023:21:29:35 -0500] "POST /kwsrmcab/Wsrmcab  HTTP/1.1" 200 41806
201.245.192.253 - - [08/Dec/2023:21:30:15 -0500] "POST /kwsrmcab/Wsrmcab HTTP/1.1" 200 38595
201.245.192.253 - - [08/Dec/2023:21:30:24 -0500] "POST /kwsrmcab/Wsrmcab HTTP/1.1" 200 38603
47.128.17.46 - - [08/Dec/2023:21:30:36 -0500] "GET /galeria/nivo-slider/demo/images/Rendicion.png HTTP/1.1" 200 262274
199.16.157.183 - - [08/Dec/2023:21:31:07 -0500] "GET /images/prendas-1_optimized.jpeg HTTP/1.1" 200 65869
199.16.157.182 - - [08/Dec/2023:21:31:09 -0500] "GET /si-tienes-ropa-y-calzado-que-ya-no-usas-aca-te-presentamos-seis-puntos-a-donde-los-puedes-llevar.html HTTP/1.1" 200 872
192.133.77.14 - - [08/Dec/2023:21:31:10 -0500] "GET /images/prendas-1_optimized.jpeg HTTP/1.1" 200 65869
111.202.101.68 - - [08/Dec/2023:21:31:33 -0500] "GET / HTTP/1.1" 200 319
37.238.132.158 - - [08/Dec/2023:21:32:03 -0500] "GET / HTTP/1.1" 200 319
172.22.2.4 - - [08/Dec/2023:21:30:35 -0500] "HEAD /BLA/boletinlegal/ HTTP/1.1" 200 -
216.245.221.92 - - [08/Dec/2023:21:32:56 -0500] "HEAD / HTTP/1.1" 200 -
172.22.2.4 - - [08/Dec/2023:21:31:25 -0500] "GET /BLA/boletinlegal/ HTTP/1.1" 200 58294
201.245.192.253 - - [08/Dec/2023:21:34:34 -0500] "POST /kwsrmcab/Wsrmcab  HTTP/1.1" 200 41806
172.22.2.4 - - [08/Dec/2023:21:33:22 -0500] "GET /BLA/boletinlegal/ HTTP/1.1" 200 62729
201.245.192.253 - - [08/Dec/2023:21:36:29 -0500] "POST /kwsrmcab/Wsrmcab HTTP/1.1" 200 38595
201.245.192.253 - - [08/Dec/2023:21:36:32 -0500] "POST /kwsrmcab/Wsrmcab HTTP/1.1" 200 38603
172.22.2.4 - - [08/Dec/2023:21:37:20 -0500] "GET /BLA/boletinlegal/Circulares/2019/.pdf HTTP/1.1" 404 1218
172.22.2.4 - - [08/Dec/2023:21:37:28 -0500] "GET /BLA/boletinlegal/Circulares/2012/Circular%20No.%2010%20del%2026%20de%20Enero%20de%202012.pdf HTTP/1.1" 404 1218
216.245.221.92 - - [08/Dec/2023:21:37:56 -0500] "HEAD / HTTP/1.1" 200 -
172.22.2.4 - - [08/Dec/2023:21:36:25 -0500] "HEAD /BLA/boletinlegal/ HTTP/1.1" 200 -
172.22.2.4 - - [08/Dec/2023:21:37:16 -0500] "GET /BLA/boletinlegal/ HTTP/1.1" 200 58294
172.22.2.4 - - [08/Dec/2023:21:39:14 -0500] "GET /BLA/boletinlegal/actos.php HTTP/1.1" 200 9682
172.22.2.4 - - [08/Dec/2023:21:39:16 -0500] "GET /BLA/boletinlegal/favicon.ico HTTP/1.1" 404 1326
172.22.2.4 - - [08/Dec/2023:21:39:28 -0500] "GET /BLA/boletinlegal/consulta_actos.php?tipo=resoluciones&no=8701&usuario=&sector=&fecha=2009&resuelve= HTTP/1.1" 200 1063
181.53.12.253 - - [08/Dec/2023:21:39:29 -0500] "GET /BLA/resoluciones/RESOLUCIONES%202009/8701.pdf HTTP/1.1" 200 623922
201.245.192.253 - - [08/Dec/2023:21:39:33 -0500] "POST /kwsrmcab/Wsrmcab  HTTP/1.1" 200 41806
201.245.192.253 - - [08/Dec/2023:21:40:15 -0500] "POST /kwsrmcab/Wsrmcab HTTP/1.1" 200 38595
201.245.192.253 - - [08/Dec/2023:21:40:23 -0500] "POST /kwsrmcab/Wsrmcab HTTP/1.1" 200 38603
172.22.2.4 - - [08/Dec/2023:21:40:36 -0500] "GET /BLA/boletinlegal/consulta_actos.php?tipo=resoluciones&no=2747&usuario=&sector=&fecha=2014&resuelve= HTTP/1.1" 200 1098
181.53.12.253 - - [08/Dec/2023:21:40:38 -0500] "GET /BLA/resoluciones/RESOLUCIONES%202014/2747.pdf HTTP/1.1" 200 728327
216.245.221.92 - - [08/Dec/2023:21:42:56 -0500] "HEAD / HTTP/1.1" 200 -
172.22.2.4 - - [08/Dec/2023:21:42:15 -0500] "HEAD /BLA/boletinlegal/ HTTP/1.1" 200 -
201.245.192.253 - - [08/Dec/2023:21:44:32 -0500] "POST /kwsrmcab/Wsrmcab  HTTP/1.1" 200 41806
172.22.2.4 - - [08/Dec/2023:21:43:05 -0500] "GET /BLA/boletinlegal/ HTTP/1.1" 200 60634
40.77.167.26 - - [08/Dec/2023:21:44:55 -0500] "GET /BLA/resoluciones/Notificaciones/RESOLUCIONES%202023/479.pdf HTTP/1.1" 200 442989
216.245.221.92 - - [08/Dec/2023:21:47:56 -0500] "HEAD / HTTP/1.1" 200 -
201.245.192.253 - - [08/Dec/2023:21:49:31 -0500] "POST /kwsrmcab/Wsrmcab  HTTP/1.1" 200 41806
172.22.2.4 - - [08/Dec/2023:21:48:05 -0500] "HEAD /BLA/boletinlegal/ HTTP/1.1" 200 -
186.28.216.190 - - [08/Dec/2023:21:50:06 -0500] "GET /BLA/resoluciones/index.php?dir=AUTOS+2022%2F HTTP/1.1" 200 509115
186.28.216.190 - - [08/Dec/2023:21:50:30 -0500] "GET /BLA/resoluciones/AUTOS%202022/3304.pdf HTTP/1.1" 200 330307
186.28.216.190 - - [08/Dec/2023:21:50:30 -0500] "GET /BLA/resoluciones/AUTOS%202022/3304.pdf HTTP/1.1" 206 1025
186.28.216.190 - - [08/Dec/2023:21:50:30 -0500] "GET /BLA/resoluciones/AUTOS%202022/3304.pdf HTTP/1.1" 200 330307
172.22.2.4 - - [08/Dec/2023:21:48:55 -0500] "GET /BLA/boletinlegal/ HTTP/1.1" 200 58644
216.245.221.92 - - [08/Dec/2023:21:52:56 -0500] "HEAD / HTTP/1.1" 200 -
201.245.192.253 - - [08/Dec/2023:21:54:29 -0500] "POST /kwsrmcab/Wsrmcab  HTTP/1.1" 200 41806
172.22.2.4 - - [08/Dec/2023:21:53:55 -0500] "HEAD /BLA/boletinlegal/ HTTP/1.1" 200 -
172.22.2.4 - - [08/Dec/2023:21:54:45 -0500] "GET /BLA/boletinlegal/ HTTP/1.1" 200 60634
216.245.221.92 - - [08/Dec/2023:21:57:56 -0500] "HEAD / HTTP/1.1" 200 -
172.22.2.4 - - [08/Dec/2023:21:59:18 -0500] "GET /BLA/boletinlegal/favicon.ico HTTP/1.1" 404 1326
201.245.192.253 - - [08/Dec/2023:21:59:28 -0500] "POST /kwsrmcab/Wsrmcab  HTTP/1.1" 200 41806
66.249.66.21 - - [08/Dec/2023:22:00:27 -0500] "GET /BLA/resoluciones/RESOLUCIONES%202010/6043.pdf HTTP/1.1" 200 677303
172.22.2.4 - - [08/Dec/2023:21:59:45 -0500] "HEAD /BLA/boletinlegal/ HTTP/1.1" 200 -
172.22.2.4 - - [08/Dec/2023:22:00:36 -0500] "GET /BLA/boletinlegal/ HTTP/1.1" 200 56634
216.245.221.92 - - [08/Dec/2023:22:02:56 -0500] "HEAD / HTTP/1.1" 200 -
201.245.192.253 - - [08/Dec/2023:22:04:27 -0500] "POST /kwsrmcab/Wsrmcab  HTTP/1.1" 200 41806
172.22.2.4 - - [08/Dec/2023:22:05:35 -0500] "HEAD /BLA/boletinlegal/ HTTP/1.1" 200 -
216.245.221.92 - - [08/Dec/2023:22:07:56 -0500] "HEAD / HTTP/1.1" 200 -
172.22.2.4 - - [08/Dec/2023:22:06:25 -0500] "GET /BLA/boletinlegal/ HTTP/1.1" 200 60634
69.171.249.119 - - [08/Dec/2023:22:08:11 -0500] "GET /images/calidad-aire.jpg HTTP/1.1" 200 42421
69.171.249.119 - - [08/Dec/2023:22:08:32 -0500] "GET /images/Zorro%20cangrejero.jpg HTTP/1.1" 200 40050
52.167.144.20 - - [08/Dec/2023:22:09:03 -0500] "GET /BLA/resoluciones/index.php?dir=AUTOS+2023%2F HTTP/1.1" 200 445796
201.245.192.253 - - [08/Dec/2023:22:09:26 -0500] "POST /kwsrmcab/Wsrmcab  HTTP/1.1" 200 41806
216.245.221.92 - - [08/Dec/2023:22:12:56 -0500] "HEAD / HTTP/1.1" 200 -
172.22.2.4 - - [08/Dec/2023:22:11:25 -0500] "HEAD /BLA/boletinlegal/ HTTP/1.1" 200 -
172.22.2.4 - - [08/Dec/2023:22:12:15 -0500] "GET /BLA/boletinlegal/ HTTP/1.1" 200 58294
181.53.13.222 - - [08/Dec/2023:22:14:27 -0500] "POST /sipse/faces/presentacion/financiero/solicitudProceso/consultarSolicitudProceso.xhtml HTTP/1.1" 200 21240
181.53.13.222 - - [08/Dec/2023:22:14:28 -0500] "GET /sipse/faces/javax.faces.resource/theme.css?ln=primefaces-sipse HTTP/1.1" 304 -
201.245.192.253 - - [08/Dec/2023:22:14:25 -0500] "POST /kwsrmcab/Wsrmcab  HTTP/1.1" 200 41806
181.53.13.222 - - [08/Dec/2023:22:14:28 -0500] "GET /sipse/faces/javax.faces.resource/primefaces.css?ln=primefaces&v=4.0 HTTP/1.1" 304 -
181.53.13.222 - - [08/Dec/2023:22:14:28 -0500] "GET /sipse/faces/javax.faces.resource/layout/layout.css?ln=primefaces&v=4.0 HTTP/1.1" 304 -
181.53.13.222 - - [08/Dec/2023:22:14:28 -0500] "GET /sipse/faces/javax.faces.resource/fileupload/fileupload.css?ln=primefaces&v=4.0 HTTP/1.1" 304 -
181.53.13.222 - - [08/Dec/2023:22:14:28 -0500] "GET /sipse/faces/javax.faces.resource/jquery/jquery-plugins.js?ln=primefaces&v=4.0 HTTP/1.1" 304 -
181.53.13.222 - - [08/Dec/2023:22:14:28 -0500] "GET /sipse/faces/javax.faces.resource/jquery/jquery.js?ln=primefaces&v=4.0 HTTP/1.1" 304 -
181.53.13.222 - - [08/Dec/2023:22:14:28 -0500] "GET /sipse/faces/javax.faces.resource/primefaces.js?ln=primefaces&v=4.0 HTTP/1.1" 304 -
181.53.13.222 - - [08/Dec/2023:22:14:28 -0500] "GET /sipse/faces/javax.faces.resource/fileupload/fileupload.js?ln=primefaces&v=4.0 HTTP/1.1" 304 -
181.53.13.222 - - [08/Dec/2023:22:14:28 -0500] "GET /sipse/faces/javax.faces.resource/layout/layout.js?ln=primefaces&v=4.0 HTTP/1.1" 304 -
181.53.13.222 - - [08/Dec/2023:22:14:28 -0500] "GET /sipse/faces/javax.faces.resource/images/ui-icons_898989_256x240.png?ln=primefaces-aristo HTTP/1.1" 304 -
181.53.13.222 - - [08/Dec/2023:22:14:28 -0500] "GET /sipse/css/imagen/contrasena.png HTTP/1.1" 404 383
181.53.13.222 - - [08/Dec/2023:22:14:39 -0500] "GET /sipse/faces/javax.faces.resource/theme.css?ln=primefaces-sipse HTTP/1.1" 304 -
181.53.13.222 - - [08/Dec/2023:22:14:39 -0500] "GET /sipse/faces/javax.faces.resource/primefaces.css?ln=primefaces&v=4.0 HTTP/1.1" 304 -
181.53.13.222 - - [08/Dec/2023:22:14:39 -0500] "GET /sipse/faces/javax.faces.resource/jquery/jquery-plugins.js?ln=primefaces&v=4.0 HTTP/1.1" 304 -
181.53.13.222 - - [08/Dec/2023:22:14:39 -0500] "GET /sipse/faces/javax.faces.resource/layout/layout.css?ln=primefaces&v=4.0 HTTP/1.1" 304 -
181.53.13.222 - - [08/Dec/2023:22:14:39 -0500] "GET /sipse/faces/javax.faces.resource/jquery/jquery.js?ln=primefaces&v=4.0 HTTP/1.1" 304 -
181.53.13.222 - - [08/Dec/2023:22:14:39 -0500] "GET /sipse/faces/javax.faces.resource/primefaces.js?ln=primefaces&v=4.0 HTTP/1.1" 304 -
181.53.13.222 - - [08/Dec/2023:22:14:39 -0500] "GET /sipse/faces/javax.faces.resource/layout/layout.js?ln=primefaces&v=4.0 HTTP/1.1" 304 -
181.53.13.222 - - [08/Dec/2023:22:14:38 -0500] "POST /sipse/faces/presentacion/sistema/anexos/cargarAnexoSolicitudProceso.xhtml HTTP/1.1" 200 195550
181.53.13.222 - - [08/Dec/2023:22:14:39 -0500] "GET /sipse/faces/javax.faces.resource/images/ui-icons_898989_256x240.png?ln=primefaces-aristo HTTP/1.1" 304 -
181.53.13.222 - - [08/Dec/2023:22:14:39 -0500] "GET /sipse/faces/javax.faces.resource/dynamiccontent.properties?ln=primefaces&pfdrid=XjOR5%2F%2FfPAZAuY9TpWQeCiM0BhlXxYRBGKi%2FQcXXfeA%3D&pfdrid_c=false HTTP/1.1" 500 383
181.53.13.222 - - [08/Dec/2023:22:14:42 -0500] "POST /sipse/faces/presentacion/financiero/solicitudProceso/consultarSolicitudProceso.xhtml HTTP/1.1" 200 21240
181.53.13.222 - - [08/Dec/2023:22:14:42 -0500] "GET /sipse/faces/javax.faces.resource/primefaces.css?ln=primefaces&v=4.0 HTTP/1.1" 304 -
181.53.13.222 - - [08/Dec/2023:22:14:42 -0500] "GET /sipse/faces/javax.faces.resource/theme.css?ln=primefaces-sipse HTTP/1.1" 304 -
181.53.13.222 - - [08/Dec/2023:22:14:42 -0500] "GET /sipse/faces/javax.faces.resource/jquery/jquery.js?ln=primefaces&v=4.0 HTTP/1.1" 304 -
181.53.13.222 - - [08/Dec/2023:22:14:42 -0500] "GET /sipse/faces/javax.faces.resource/layout/layout.css?ln=primefaces&v=4.0 HTTP/1.1" 304 -
181.53.13.222 - - [08/Dec/2023:22:14:42 -0500] "GET /sipse/faces/javax.faces.resource/fileupload/fileupload.css?ln=primefaces&v=4.0 HTTP/1.1" 304 -
181.53.13.222 - - [08/Dec/2023:22:14:42 -0500] "GET /sipse/faces/javax.faces.resource/primefaces.js?ln=primefaces&v=4.0 HTTP/1.1" 304 -
181.53.13.222 - - [08/Dec/2023:22:14:42 -0500] "GET /sipse/faces/javax.faces.resource/jquery/jquery-plugins.js?ln=primefaces&v=4.0 HTTP/1.1" 304 -
181.53.13.222 - - [08/Dec/2023:22:14:42 -0500] "GET /sipse/faces/javax.faces.resource/layout/layout.js?ln=primefaces&v=4.0 HTTP/1.1" 304 -
181.53.13.222 - - [08/Dec/2023:22:14:42 -0500] "GET /sipse/faces/javax.faces.resource/fileupload/fileupload.js?ln=primefaces&v=4.0 HTTP/1.1" 304 -
181.53.13.222 - - [08/Dec/2023:22:14:50 -0500] "GET /sipse/faces/javax.faces.resource/theme.css?ln=primefaces-sipse HTTP/1.1" 304 -
181.53.13.222 - - [08/Dec/2023:22:14:50 -0500] "GET /sipse/faces/javax.faces.resource/primefaces.js?ln=primefaces&v=4.0 HTTP/1.1" 304 -
181.53.13.222 - - [08/Dec/2023:22:14:50 -0500] "GET /sipse/faces/javax.faces.resource/layout/layout.css?ln=primefaces&v=4.0 HTTP/1.1" 304 -
181.53.13.222 - - [08/Dec/2023:22:14:50 -0500] "GET /sipse/faces/javax.faces.resource/primefaces.css?ln=primefaces&v=4.0 HTTP/1.1" 304 -
181.53.13.222 - - [08/Dec/2023:22:14:50 -0500] "GET /sipse/faces/javax.faces.resource/jquery/jquery.js?ln=primefaces&v=4.0 HTTP/1.1" 304 -
181.53.13.222 - - [08/Dec/2023:22:14:50 -0500] "GET /sipse/faces/javax.faces.resource/jquery/jquery-plugins.js?ln=primefaces&v=4.0 HTTP/1.1" 304 -
181.53.13.222 - - [08/Dec/2023:22:14:50 -0500] "GET /sipse/faces/javax.faces.resource/layout/layout.js?ln=primefaces&v=4.0 HTTP/1.1" 304 -
181.53.13.222 - - [08/Dec/2023:22:14:49 -0500] "POST /sipse/faces/presentacion/sistema/anexos/cargarAnexoSolicitudProceso.xhtml HTTP/1.1" 200 197359
181.53.13.222 - - [08/Dec/2023:22:14:50 -0500] "GET /sipse/faces/javax.faces.resource/dynamiccontent.properties?ln=primefaces&pfdrid=XjOR5%2F%2FfPAZAuY9TpWQeCiM0BhlXxYRBGKi%2FQcXXfeA%3D&pfdrid_c=false HTTP/1.1" 500 383
181.53.13.222 - - [08/Dec/2023:22:14:54 -0500] "GET /sipse/faces/javax.faces.resource/images/ui-icons_898989_256x240.png?ln=primefaces-aristo HTTP/1.1" 304 -
181.53.13.222 - - [08/Dec/2023:22:15:11 -0500] "GET /sipse/faces/javax.faces.resource/images/ui-bg_flat_0_2d5972_40x100.png?ln=primefaces-aristo HTTP/1.1" 304 -
181.53.13.222 - - [08/Dec/2023:22:15:13 -0500] "POST /sipse/faces/presentacion/financiero/solicitudProceso/consultarSolicitudProceso.xhtml HTTP/1.1" 200 37548
181.53.13.222 - - [08/Dec/2023:22:15:18 -0500] "GET /sipse/faces/javax.faces.resource/theme.css?ln=primefaces-sipse HTTP/1.1" 304 -
181.53.13.222 - - [08/Dec/2023:22:15:18 -0500] "GET /sipse/faces/javax.faces.resource/primefaces.css?ln=primefaces&v=4.0 HTTP/1.1" 304 -
181.53.13.222 - - [08/Dec/2023:22:15:18 -0500] "GET /sipse/faces/javax.faces.resource/layout/layout.css?ln=primefaces&v=4.0 HTTP/1.1" 304 -
181.53.13.222 - - [08/Dec/2023:22:15:18 -0500] "GET /sipse/faces/javax.faces.resource/jquery/jquery.js?ln=primefaces&v=4.0 HTTP/1.1" 304 -
181.53.13.222 - - [08/Dec/2023:22:15:19 -0500] "GET /sipse/faces/javax.faces.resource/jquery/jquery-plugins.js?ln=primefaces&v=4.0 HTTP/1.1" 304 -
181.53.13.222 - - [08/Dec/2023:22:15:19 -0500] "GET /sipse/faces/javax.faces.resource/primefaces.js?ln=primefaces&v=4.0 HTTP/1.1" 304 -
181.53.13.222 - - [08/Dec/2023:22:15:19 -0500] "GET /sipse/faces/javax.faces.resource/layout/layout.js?ln=primefaces&v=4.0 HTTP/1.1" 304 -
181.53.13.222 - - [08/Dec/2023:22:15:19 -0500] "GET /sipse/faces/javax.faces.resource/messages/messages.png?ln=primefaces&v=4.0 HTTP/1.1" 304 -
181.53.13.222 - - [08/Dec/2023:22:15:19 -0500] "POST /sipse/faces/presentacion/financiero/solicitudProceso/listarSolicitudProceso.xhtml HTTP/1.1" 200 1396
181.53.13.222 - - [08/Dec/2023:22:15:25 -0500] "POST /sipse/faces/presentacion/financiero/solicitudProceso/listarSolicitudProceso.xhtml HTTP/1.1" 200 148598
181.53.13.222 - - [08/Dec/2023:22:15:26 -0500] "GET /sipse/faces/javax.faces.resource/theme.css?ln=primefaces-sipse HTTP/1.1" 304 -
181.53.13.222 - - [08/Dec/2023:22:15:26 -0500] "GET /sipse/faces/javax.faces.resource/primefaces.css?ln=primefaces&v=4.0 HTTP/1.1" 304 -
181.53.13.222 - - [08/Dec/2023:22:15:26 -0500] "GET /sipse/faces/javax.faces.resource/layout/layout.css?ln=primefaces&v=4.0 HTTP/1.1" 304 -
181.53.13.222 - - [08/Dec/2023:22:15:26 -0500] "GET /sipse/faces/javax.faces.resource/jquery/jquery.js?ln=primefaces&v=4.0 HTTP/1.1" 304 -
181.53.13.222 - - [08/Dec/2023:22:15:26 -0500] "GET /sipse/faces/javax.faces.resource/jquery/jquery-plugins.js?ln=primefaces&v=4.0 HTTP/1.1" 304 -
181.53.13.222 - - [08/Dec/2023:22:15:26 -0500] "GET /sipse/faces/javax.faces.resource/primefaces.js?ln=primefaces&v=4.0 HTTP/1.1" 304 -
181.53.13.222 - - [08/Dec/2023:22:15:26 -0500] "GET /sipse/faces/javax.faces.resource/layout/layout.js?ln=primefaces&v=4.0 HTTP/1.1" 304 -
181.53.13.222 - - [08/Dec/2023:22:15:27 -0500] "GET /sipse/faces/javax.faces.resource/dynamiccontent.properties?ln=primefaces&pfdrid=XjOR5%2F%2FfPAZAuY9TpWQeCiM0BhlXxYRBGKi%2FQcXXfeA%3D&pfdrid_c=false HTTP/1.1" 500 383
181.53.13.222 - - [08/Dec/2023:22:15:31 -0500] "POST /sipse/faces/presentacion/financiero/solicitudProceso/consultarSolicitudProceso.xhtml HTTP/1.1" 200 137520
201.245.192.253 - - [08/Dec/2023:22:16:30 -0500] "POST /kwsrmcab/Wsrmcab HTTP/1.1" 200 38583
201.245.192.253 - - [08/Dec/2023:22:16:33 -0500] "POST /kwsrmcab/Wsrmcab HTTP/1.1" 200 38624
216.245.221.92 - - [08/Dec/2023:22:17:56 -0500] "HEAD / HTTP/1.1" 200 -
172.22.2.4 - - [08/Dec/2023:22:18:01 -0500] "GET /BLA/boletinlegal/normativa.php HTTP/1.1" 200 8343
172.22.2.4 - - [08/Dec/2023:22:18:09 -0500] "GET /BLA/boletinlegal/consulta_actos.php?tipo=resoluciones&no=8209&usuario=&sector=&fecha=2009&resuelve= HTTP/1.1" 200 1228
181.53.12.253 - - [08/Dec/2023:22:18:10 -0500] "GET /BLA/resoluciones/RESOLUCIONES%202009/8209.pdf HTTP/1.1" 200 1037430
172.22.2.4 - - [08/Dec/2023:22:18:39 -0500] "GET /BLA/boletinlegal/consulta_actos.php?tipo=resoluciones&no=1773&usuario=&sector=&fecha=2017&resuelve= HTTP/1.1" 200 1157
181.53.12.253 - - [08/Dec/2023:22:18:40 -0500] "GET /BLA/resoluciones/RESOLUCIONES%202017/1773.pdf HTTP/1.1" 200 914582
172.22.2.4 - - [08/Dec/2023:22:17:15 -0500] "HEAD /BLA/boletinlegal/ HTTP/1.1" 200 -
201.245.192.253 - - [08/Dec/2023:22:19:24 -0500] "POST /kwsrmcab/Wsrmcab  HTTP/1.1" 200 41806
172.22.2.4 - - [08/Dec/2023:22:18:05 -0500] "GET /BLA/boletinlegal/ HTTP/1.1" 200 58294
201.245.192.253 - - [08/Dec/2023:22:20:14 -0500] "POST /kwsrmcab/Wsrmcab HTTP/1.1" 200 38583
201.245.192.253 - - [08/Dec/2023:22:20:23 -0500] "POST /kwsrmcab/Wsrmcab HTTP/1.1" 200 38624
66.249.66.19 - - [08/Dec/2023:22:22:36 -0500] "GET /BLA/resoluciones/RESOLUCIONES%202007/RES%202007%20501%20AL%20600/RESOLUCION%200574%20DE%202007.pdf HTTP/1.1" 200 510389
172.22.2.4 - - [08/Dec/2023:22:22:40 -0500] "GET /BLA/boletinlegal/actos.php HTTP/1.1" 200 9682
172.22.2.4 - - [08/Dec/2023:22:22:48 -0500] "GET /BLA/boletinlegal/consulta_actos.php?tipo=autos&no=&usuario=&sector=&fecha=2023&resuelve=medida HTTP/1.1" 200 626
186.102.56.192 - - [08/Dec/2023:22:22:52 -0500] "GET /kwssiamovil/sm/acme/a?s=U2FsdGVkX18L4Zpcb3DJynZTTaEB1kUeW85xNeZdW30X2b/5dNMZEtxqNL8E6Uvl5siKtcFAqVtKwH/6XxnfHftlUOy/um3ApB1H/P4KFv+Wz1vuX1FSQmdvIhCFafTQaR51i73EZBdtybr0HDHIhD1zlG9zCYDbe2aHyI6a19FURI9scgGhWai69wmCPvr45XHJYXPZvf+CQRjTV1p7oPgVWAxNMTyf2fS4oREkg5u2abWpUuRwIMtJFy6Fr6ICGhI9yOQ0lqvR97d0UKLbkw==&u=U2FsdGVkX1/OSL0Fsmyhw9Yz0RjN8Gg//XbWZRM0GGU=&y=U2FsdGVkX1/70CE3imLX7Z+Jnzt0tfv6WMG9T6HugxjSqI8hKc00q/GEbLcDlteB HTTP/1.1" 200 26
186.102.56.192 - - [08/Dec/2023:22:22:53 -0500] "GET /kwssiamovil/sm/acme/a?s=U2FsdGVkX1+l9B1rpcfz/SCnms/D3WkiVAmo88nuWCXY8JoNOFWnhbuhiqpWDFVvuQGacyeZhUhKJ9lIC2AT2kdNzZbHOxnD8XsbHpNROhEByvaYe6kCZ/ev6oSRaEgs89vgTZ4j1m9QWHo9YVEnjg/jBqm9WN+XnFNOU8Bnp/iOeJY7wiFKmde9AbjGGSe+XLtnO+kO8mq5jbl3F+Ns/4+eZZlAyfEZSYZ4zbmkkDa9aL7YfP66Uyg5JWybKKM4hsNcSVFsVqW8aPff15RnaNWa5ZIB3iqBNfsgvgBb0BfCwIijDhKkXIj9H+PSRFKem35iqnoMre8uGWN6fDcYXSUAuu45P9qDg1gKvB3TKwvwKKt1UWooDqBlZ8IxL/vcxzOy3jna1Ms49+sSDd/rng5XglHKQPCKgtsrsmOK0hhzv80qSGpoOF8z1unYOj3Wq0a7fTffLu2Vw8SFfzdi1xwbgUv6y5fjfhY8bL6YdMWbG5+dKYGctzgMpEPWokhc+OoXBeJ08EskHtBM4yBjpLugDc6A0CUSvEGB1I/BJ8v5cvSowk4qeJ0U1gVjqu7m0PnC29l+RSbWqGQq+BI7lxkJi+B+qVwcX3DXXSG1whlsCRtZ0Hf2Yp0+4TEbYVSAMVekwpPPXzEen6t6eQWaS6jJhlyYJ1jj0r4Xe+SJYA0PzsDq5IKD42BUBDrHdpwvS1S5ln46M5SqKaTsF8uEcX78EeRiu5LUvmJs2vshPKPmpLQ2e91DRk6KYP1X+/OWQ5xC0wzuJrqy/958bkGJmk0R2j18EaElfGWbLwYVdL2UjiD/NY3SPHZJQRVKEUgACr3bPCxVvTBFzh05+0KPk0aGUKDQbU3UgMQ0VD+L8NlpnYu45UzvhA21ANMexLqgHa5qJJ5pMq0ixKTQrkEBlmlPfbe7M8Wu6LImM7HaKZVVaJZ8X0YwX9p83GlIkTvFKz8gvUEGSqkQKJsaMINqto/cTlqDULGeoNwVsvkBpJW8pxbwBTt7gOEyAEKz/Uk0EhDnJ/IVaLYKkZJ1Pxc0Bucjdtt0egWx60lQ+95xEU+EQbXdbtueNpSeHuxsPJczhhJ8VDEYItQGjuapRUI9t535LvVqp0qyrabi0aFKWRO4UNe8opRzd9uc//Hr3ccLYQyxzIeDhMXTY4lUTHnTdd6dytxvVDBuRjHfyoNw7qe7stj1FrjND6nWVBi7Fn7+ToNbw8qPDwAFeyhRtWSmTO4U3vBe85EcBfFZEARBeuyvXM8JBH+GXeKrGaoe24EnWm1N75aXmyZsgx4zy/aNbMbGXpYREgwMfe2SR0b2ZdYt9vnVbu0dLyNI9LtaIFkFAy/Gz1YZt6oDkjJkSWCT3VwKwZn3uJ9QwVEMrdEcTlvD8dhDUApPAVWPbb7PHtmuLH9i1yhgViRySYEUDlD0S9fOEZjXmSJeFHOTooX8RH+bTeBqLDUJ1BwkSugIZEDy1ppnsixebgwbZ2GddSzCzD+ZsUSTR/KyyPnuWAScVZI0//Qp04S54CPQKldtP/rJb18PQ4eoeipTsYyR8/NUwB7tJcr06MYil+nrhxKb25INkjaV8uzZpxjYFJuxcGfy3UcKv5W3IbTq0XASL3Jsx39KtTArUQuF0SSMG0RRCQQsRRXSL10RkL8Ftq8dc9b2SI28YgLd3ZkKzC79pHisvyPZzXyAf0N5A468nib9VESJLyNzoOkw57BKNYtYVrSV5+nt4kYOjdvqPHext5Qwfw==&u=U2FsdGVkX1/OSL0Fsmyhw9Yz0RjN8Gg//XbWZRM0GGU=&y=U2FsdGVkX1/70CE3imLX7Z+Jnzt0tfv6WMG9T6HugxjSqI8hKc00q/GEbLcDlteB HTTP/1.1" 200 26
186.102.56.192 - - [08/Dec/2023:22:22:53 -0500] "GET /kwssiamovil/sm/acme/a?s=U2FsdGVkX1/3dn0ze+YgIo17wdCnObPatGe+WTNnWdUEVXLEwOSjDxUX2uczkoZSSQR2ucw+ATckH7U2W9M+adfQRoEU6a9vKdOHQm2BGf5Bof0kHU98n4R1R/7DsIN9g4w5YjAHuAHwwd+h1Yh/9LitmnLV1OxBTv8biK7g/48=&u=U2FsdGVkX1/OSL0Fsmyhw9Yz0RjN8Gg//XbWZRM0GGU=&y=U2FsdGVkX1/70CE3imLX7Z+Jnzt0tfv6WMG9T6HugxjSqI8hKc00q/GEbLcDlteB HTTP/1.1" 200 26
186.102.56.192 - - [08/Dec/2023:22:22:53 -0500] "GET /kwssiamovil/sm/acme/a?s=U2FsdGVkX18lM0HzDRJ4PeTxDx94leZ4L4NBpFwyxu+ESKDPgrhRbwLJjhQQE8Zgj3un+EMhhD8BUIw72csn0lsVrDBA3fOSE5+E/QyI7kBAdUFwXl7dZJVCUYIJhs5UABSbN8qEqhBYTqAyec3+3HmiMkmXgXig/ho3X+zN50w=&u=U2FsdGVkX1/OSL0Fsmyhw9Yz0RjN8Gg//XbWZRM0GGU=&y=U2FsdGVkX1/70CE3imLX7Z+Jnzt0tfv6WMG9T6HugxjSqI8hKc00q/GEbLcDlteB HTTP/1.1" 200 26
186.102.56.192 - - [08/Dec/2023:22:22:53 -0500] "GET /kwssiamovil/sm/acme/a?s=U2FsdGVkX19RXY+msk++6W+T5WWypke9HHkv2ZjYA+v5MZKj8Dsc10ICThKL2FV8IxXw4m8CpX5C3MWYC+NwGD+3/G7SBIrJSt5ZoZDO+wCnUoP84HmCeor2eiJeja2avKGJkcmGzZ05z7xZZ1J2B7d4R85Kfr2Z8VFHOqkcJWc=&u=U2FsdGVkX1/OSL0Fsmyhw9Yz0RjN8Gg//XbWZRM0GGU=&y=U2FsdGVkX1/70CE3imLX7Z+Jnzt0tfv6WMG9T6HugxjSqI8hKc00q/GEbLcDlteB HTTP/1.1" 200 26
186.102.56.192 - - [08/Dec/2023:22:22:53 -0500] "GET /kwssiamovil/sm/acme/a?s=U2FsdGVkX1812WCR5TZVz6NLVcrItSjV+hDqdlLmWDlP2WGjy02g1larnb1+3SRVkE3p+0YNZkeN6fwbdFmmVIsTLR8JhB4W7D5x039tceRl/hli4hawpDBXNjRKcryvb45P/fKIQ+n8WpuU1NUAFkRDmbO+8oFPWi+avm+ewql/FO3jQC1wGtTdEOT8/KcpBB7yNJlIZnMr5sKcz/757g==&u=U2FsdGVkX1/OSL0Fsmyhw9Yz0RjN8Gg//XbWZRM0GGU=&y=U2FsdGVkX1/70CE3imLX7Z+Jnzt0tfv6WMG9T6HugxjSqI8hKc00q/GEbLcDlteB HTTP/1.1" 200 26
216.245.221.92 - - [08/Dec/2023:22:22:55 -0500] "HEAD / HTTP/1.1" 200 -
172.22.2.4 - - [08/Dec/2023:22:22:58 -0500] "GET /BLA/boletinlegal/consulta_actos.php?tipo=resoluciones&no=&usuario=&sector=&fecha=2023&resuelve=preventiva HTTP/1.1" 200 1730
52.167.144.226 - - [08/Dec/2023:22:23:07 -0500] "GET /BLA/resoluciones/RESOLUCIONES%202023/2637.pdf HTTP/1.1" 200 526048
172.22.2.4 - - [08/Dec/2023:22:23:07 -0500] "GET /BLA/boletinlegal/consulta_actos.php?tipo=resoluciones&no=&usuario=&sector=&fecha=2022&resuelve=preventiva HTTP/1.1" 200 1674
172.22.2.4 - - [08/Dec/2023:22:23:10 -0500] "GET /BLA/boletinlegal/consulta_actos.php?tipo=resoluciones&no=&usuario=&sector=&fecha=2022&resuelve=preventiva HTTP/1.1" 200 1674
172.22.2.4 - - [08/Dec/2023:22:22:13 -0500] "GET /BLA/boletinlegal/ HTTP/1.1" 200 40907
172.22.2.4 - - [08/Dec/2023:22:23:11 -0500] "GET /BLA/boletinlegal/consulta_actos.php?tipo=resoluciones&no=&usuario=&sector=&fecha=2022&resuelve=preventiva HTTP/1.1" 200 1674
172.22.2.4 - - [08/Dec/2023:22:23:12 -0500] "GET /BLA/boletinlegal/consulta_actos.php?tipo=resoluciones&no=&usuario=&sector=&fecha=2022&resuelve=preventiva HTTP/1.1" 200 1674
186.84.90.231 - - [08/Dec/2023:22:23:39 -0500] "GET /BLA/resoluciones/RESOLUCIONES%202022/4943.pdf HTTP/1.1" 200 399453
172.22.2.4 - - [08/Dec/2023:22:23:55 -0500] "GET /BLA/boletinlegal/consulta_actos.php?tipo=resoluciones&no=&usuario=&sector=&fecha=2021&resuelve=preventiva HTTP/1.1" 200 9331
186.84.90.231 - - [08/Dec/2023:22:24:02 -0500] "GET /BLA/resoluciones/RESOLUCIONES%202021/0448.pdf HTTP/1.1" 200 558342
201.245.192.253 - - [08/Dec/2023:22:24:23 -0500] "POST /kwsrmcab/Wsrmcab  HTTP/1.1" 200 41806
172.22.2.4 - - [08/Dec/2023:22:23:05 -0500] "HEAD /BLA/boletinlegal/ HTTP/1.1" 200 -
172.22.2.4 - - [08/Dec/2023:22:23:55 -0500] "GET /BLA/boletinlegal/ HTTP/1.1" 200 60224
201.245.192.253 - - [08/Dec/2023:22:26:30 -0500] "POST /kwsrmcab/Wsrmcab HTTP/1.1" 200 38583
201.245.192.253 - - [08/Dec/2023:22:26:33 -0500] "POST /kwsrmcab/Wsrmcab HTTP/1.1" 200 38624
190.27.57.161 - - [08/Dec/2023:22:26:39 -0500] "GET /sipse/faces/index.xhtml HTTP/1.1" 200 677
190.27.57.161 - - [08/Dec/2023:22:27:04 -0500] "GET /sipse/faces/javax.faces.resource/theme.css?ln=primefaces-sipse HTTP/1.1" 200 50058
190.27.57.161 - - [08/Dec/2023:22:27:10 -0500] "GET /sipse/faces/faces/autenticacion.xhtml HTTP/1.1" 200 12414
190.27.57.161 - - [08/Dec/2023:22:27:10 -0500] "GET /sipse/js/disable_browser_buttons.js HTTP/1.1" 200 3230
190.27.57.161 - - [08/Dec/2023:22:27:11 -0500] "GET /sipse/css/custom_css_sg.css HTTP/1.1" 200 9694
190.27.57.161 - - [08/Dec/2023:22:27:11 -0500] "GET /sipse/css/custom_css_sg_prime_login.css HTTP/1.1" 200 443
190.27.57.161 - - [08/Dec/2023:22:27:11 -0500] "GET /sipse/faces/javax.faces.resource/layout/layout.css?ln=primefaces&v=4.0 HTTP/1.1" 200 542
190.27.57.161 - - [08/Dec/2023:22:27:11 -0500] "GET /sipse/faces/javax.faces.resource/theme.css?ln=primefaces-sipse HTTP/1.1" 304 -
190.27.57.161 - - [08/Dec/2023:22:27:12 -0500] "GET /sipse/js/funciones.js HTTP/1.1" 200 12592
190.27.57.161 - - [08/Dec/2023:22:27:11 -0500] "GET /sipse/faces/javax.faces.resource/primefaces.css?ln=primefaces&v=4.0 HTTP/1.1" 200 53295
190.27.57.161 - - [08/Dec/2023:22:27:13 -0500] "GET /sipse/faces/javax.faces.resource/layout/layout.js?ln=primefaces&v=4.0 HTTP/1.1" 200 87560
190.27.57.161 - - [08/Dec/2023:22:27:12 -0500] "GET /sipse/faces/javax.faces.resource/jquery/jquery.js?ln=primefaces&v=4.0 HTTP/1.1" 200 105384
190.27.57.161 - - [08/Dec/2023:22:27:12 -0500] "GET /sipse/faces/javax.faces.resource/jquery/jquery-plugins.js?ln=primefaces&v=4.0 HTTP/1.1" 200 220526
190.27.57.161 - - [08/Dec/2023:22:27:13 -0500] "GET /sipse/faces/javax.faces.resource/primefaces.js?ln=primefaces&v=4.0 HTTP/1.1" 200 276924
40.77.167.32 - - [08/Dec/2023:22:27:30 -0500] "GET /portaldeninos/2021/06/29/jasbleady-castaneda-una-mujer-que-le-pone-el-alma-a-la-proteccion-de-las-tinguas-azules/ HTTP/1.1" 200 108388
216.245.221.92 - - [08/Dec/2023:22:27:56 -0500] "HEAD / HTTP/1.1" 200 -
40.77.167.32 - - [08/Dec/2023:22:28:20 -0500] "GET /portaldeninos/wp-content/plugins/gallery-videos/CSS/Total-Soft-Gallery-Video-Widget.css?ver=4.9.8 HTTP/1.1" 200 51554
40.77.167.32 - - [08/Dec/2023:22:28:20 -0500] "GET /portaldeninos/wp-content/plugins/gallery-videos/CSS/totalsoft.css?ver=4.9.8 HTTP/1.1" 200 40622
40.77.167.32 - - [08/Dec/2023:22:28:20 -0500] "GET /portaldeninos/wp-content/plugins/gallery-videos/JS/modernizr.custom.js?ver=4.9.8 HTTP/1.1" 200 9019
40.77.167.32 - - [08/Dec/2023:22:28:21 -0500] "GET /portaldeninos/wp-content/themes/betheme/assets/jplayer/css/jplayer.blue.monday.css?ver=20.9.6 HTTP/1.1" 200 9834
40.77.167.32 - - [08/Dec/2023:22:28:21 -0500] "GET /portaldeninos/wp-content/themes/betheme/css/base.css?ver=20.9.6 HTTP/1.1" 200 57283
40.77.167.32 - - [08/Dec/2023:22:28:22 -0500] "GET /portaldeninos/wp-content/themes/betheme/assets/ui/jquery.ui.all.css?ver=20.9.6 HTTP/1.1" 200 18765
40.77.167.32 - - [08/Dec/2023:22:28:22 -0500] "GET /portaldeninos/wp-content/themes/betheme/css/layout.css?ver=20.9.6 HTTP/1.1" 200 116639
40.77.167.32 - - [08/Dec/2023:22:28:23 -0500] "GET /portaldeninos/wp-content/themes/betheme/css/responsive.css?ver=20.9.6 HTTP/1.1" 200 55740
40.77.167.32 - - [08/Dec/2023:22:28:25 -0500] "GET /portaldeninos/wp-content/themes/betheme/js/scripts.js?ver=20.9.6 HTTP/1.1" 200 77162
40.77.167.32 - - [08/Dec/2023:22:28:26 -0500] "GET /portaldeninos/wp-content/uploads/useanyfont/uaf.css?ver=1589905315 HTTP/1.1" 200 408
40.77.167.32 - - [08/Dec/2023:22:28:26 -0500] "GET /portaldeninos/wp-includes/js/comment-reply.min.js?ver=4.9.8 HTTP/1.1" 200 1078
40.77.167.32 - - [08/Dec/2023:22:28:26 -0500] "GET /portaldeninos/wp-includes/js/jquery/jquery-migrate.min.js?ver=1.4.1 HTTP/1.1" 200 10056
40.77.167.32 - - [08/Dec/2023:22:28:27 -0500] "GET /portaldeninos/wp-includes/js/jquery/jquery.js?ver=1.12.4 HTTP/1.1" 200 97184
157.55.39.55 - - [08/Dec/2023:22:28:32 -0500] "GET /portaldeninos/wp-content/themes/betheme/assets/animations/animations.min.js?ver=20.9.6 HTTP/1.1" 200 1896
157.55.39.55 - - [08/Dec/2023:22:28:33 -0500] "GET /portaldeninos/wp-content/themes/betheme/assets/jplayer/jplayer.min.js?ver=20.9.6 HTTP/1.1" 200 52702
157.55.39.55 - - [08/Dec/2023:22:28:34 -0500] "GET /portaldeninos/wp-content/themes/betheme/css/shortcodes.css?ver=20.9.6 HTTP/1.1" 200 138889
157.55.39.55 - - [08/Dec/2023:22:28:34 -0500] "GET /portaldeninos/wp-content/themes/betheme/js/plugins.js?ver=20.9.6 HTTP/1.1" 200 197151
157.55.39.55 - - [08/Dec/2023:22:28:35 -0500] "GET /portaldeninos/wp-content/themes/betheme/style.css?ver=20.9.6 HTTP/1.1" 200 287
157.55.39.55 - - [08/Dec/2023:22:28:36 -0500] "GET /portaldeninos/wp-includes/js/jquery/ui/core.min.js?ver=1.11.4 HTTP/1.1" 200 4000
157.55.39.55 - - [08/Dec/2023:22:28:36 -0500] "GET /portaldeninos/wp-includes/js/jquery/ui/sortable.min.js?ver=1.11.4 HTTP/1.1" 200 24899
157.55.39.55 - - [08/Dec/2023:22:28:37 -0500] "GET /portaldeninos/wp-includes/js/wp-emoji-release.min.js?ver=4.9.8 HTTP/1.1" 200 12026
40.77.167.243 - - [08/Dec/2023:22:28:41 -0500] "GET /portaldeninos/wp-content/themes/betheme/assets/animations/animations.min.css?ver=20.9.6 HTTP/1.1" 200 58508
40.77.167.243 - - [08/Dec/2023:22:28:42 -0500] "GET /portaldeninos/wp-content/themes/betheme/js/menu.js?ver=20.9.6 HTTP/1.1" 200 2449
40.77.167.243 - - [08/Dec/2023:22:28:42 -0500] "GET /portaldeninos/wp-includes/js/jquery/ui/accordion.min.js?ver=1.11.4 HTTP/1.1" 200 8584
40.77.167.243 - - [08/Dec/2023:22:28:42 -0500] "GET /portaldeninos/wp-includes/js/jquery/ui/mouse.min.js?ver=1.11.4 HTTP/1.1" 200 3148
40.77.167.243 - - [08/Dec/2023:22:28:43 -0500] "GET /portaldeninos/wp-includes/js/jquery/ui/tabs.min.js?ver=1.11.4 HTTP/1.1" 200 12110
40.77.167.243 - - [08/Dec/2023:22:28:43 -0500] "GET /portaldeninos/wp-includes/js/jquery/ui/widget.min.js?ver=1.11.4 HTTP/1.1" 200 6908
40.77.167.243 - - [08/Dec/2023:22:28:44 -0500] "GET /portaldeninos/wp-includes/js/wp-embed.min.js?ver=4.9.8 HTTP/1.1" 200 1398
186.28.216.190 - - [08/Dec/2023:22:28:53 -0500] "GET /BLA/resoluciones/index.php?dir=AUTOS+2010%2F HTTP/1.1" 200 281189
186.28.216.190 - - [08/Dec/2023:22:29:15 -0500] "GET /BLA/resoluciones/AUTOS%202010/6265.pdf HTTP/1.1" 200 233931
186.28.216.190 - - [08/Dec/2023:22:29:15 -0500] "GET /BLA/resoluciones/AUTOS%202010/6265.pdf HTTP/1.1" 200 233931
186.28.216.190 - - [08/Dec/2023:22:29:15 -0500] "GET /BLA/resoluciones/AUTOS%202010/6265.pdf HTTP/1.1" 206 1025
201.245.192.253 - - [08/Dec/2023:22:29:22 -0500] "POST /kwsrmcab/Wsrmcab  HTTP/1.1" 200 41806
201.245.192.253 - - [08/Dec/2023:22:30:15 -0500] "POST /kwsrmcab/Wsrmcab HTTP/1.1" 200 38583
201.245.192.253 - - [08/Dec/2023:22:30:23 -0500] "POST /kwsrmcab/Wsrmcab HTTP/1.1" 200 38624
172.22.2.4 - - [08/Dec/2023:22:28:55 -0500] "HEAD /BLA/boletinlegal/ HTTP/1.1" 200 -
172.22.2.4 - - [08/Dec/2023:22:29:45 -0500] "GET /BLA/boletinlegal/ HTTP/1.1" 200 58644
52.167.144.20 - - [08/Dec/2023:22:31:30 -0500] "GET /portaldeninos/wp-content/uploads/2019/08/Incendios-forestales-ajustada.gif HTTP/1.1" 200 764832
216.245.221.92 - - [08/Dec/2023:22:32:55 -0500] "HEAD / HTTP/1.1" 200 -
201.245.192.253 - - [08/Dec/2023:22:34:21 -0500] "POST /kwsrmcab/Wsrmcab  HTTP/1.1" 200 41806
172.22.2.4 - - [08/Dec/2023:22:33:42 -0500] "GET /BLA/boletinlegal/ HTTP/1.1" 200 59007
116.203.250.97 - - [08/Dec/2023:22:35:52 -0500] "GET / HTTP/1.1" 200 4720
116.203.250.97 - - [08/Dec/2023:22:35:53 -0500] "GET / HTTP/1.1" 200 319
172.22.2.4 - - [08/Dec/2023:22:34:45 -0500] "HEAD /BLA/boletinlegal/ HTTP/1.1" 200 -
201.245.192.253 - - [08/Dec/2023:22:36:30 -0500] "POST /kwsrmcab/Wsrmcab HTTP/1.1" 200 38583
201.245.192.253 - - [08/Dec/2023:22:36:33 -0500] "POST /kwsrmcab/Wsrmcab HTTP/1.1" 200 38624
66.249.66.21 - - [08/Dec/2023:22:37:14 -0500] "GET /BLA/resoluciones/RESOLUCIONES%202009/6537.pdf HTTP/1.1" 200 436417
172.22.2.4 - - [08/Dec/2023:22:35:35 -0500] "GET /BLA/boletinlegal/ HTTP/1.1" 200 58644
172.22.2.4 - - [08/Dec/2023:22:37:39 -0500] "GET /BLA/boletinlegal/Circulares/2019/.pdf HTTP/1.1" 404 1218
216.245.221.92 - - [08/Dec/2023:22:37:55 -0500] "HEAD / HTTP/1.1" 200 -
66.249.66.20 - - [08/Dec/2023:22:38:07 -0500] "GET /BLA/resoluciones/AUTOS%202008/0388.pdf HTTP/1.1" 200 244947
201.245.192.253 - - [08/Dec/2023:22:39:19 -0500] "POST /kwsrmcab/Wsrmcab  HTTP/1.1" 200 41806
47.128.50.163 - - [08/Dec/2023:22:39:45 -0500] "GET /galeria/nivo-slider/demo/images/Rendicion.png HTTP/1.1" 200 262274
40.77.167.235 - - [08/Dec/2023:22:39:49 -0500] "GET /BLA/resoluciones/AUTOS%202021/1903.pdf HTTP/1.1" 304 -
172.22.2.4 - - [08/Dec/2023:22:40:15 -0500] "GET /BLA/boletinlegal/consulta_actos.php?tipo=resoluciones&no=&usuario=&sector=&fecha=2020&resuelve=preventiva HTTP/1.1" 200 1713
201.245.192.253 - - [08/Dec/2023:22:40:14 -0500] "POST /kwsrmcab/Wsrmcab HTTP/1.1" 200 38583
66.249.66.20 - - [08/Dec/2023:22:40:18 -0500] "GET /BLA/resoluciones/RESOLUCIONES%202009/7189.pdf HTTP/1.1" 200 1011402
172.22.2.4 - - [08/Dec/2023:22:40:21 -0500] "GET /BLA/boletinlegal/consulta_actos.php?tipo=resoluciones&no=&usuario=&sector=&fecha=2019&resuelve=preventiva HTTP/1.1" 200 1256
201.245.192.253 - - [08/Dec/2023:22:40:23 -0500] "POST /kwsrmcab/Wsrmcab HTTP/1.1" 200 38624
172.22.2.4 - - [08/Dec/2023:22:40:26 -0500] "GET /BLA/boletinlegal/consulta_actos.php?tipo=resoluciones&no=&usuario=&sector=&fecha=2018&resuelve=preventiva HTTP/1.1" 200 1817
172.22.2.4 - - [08/Dec/2023:22:40:32 -0500] "GET /BLA/boletinlegal/consulta_actos.php?tipo=resoluciones&no=&usuario=&sector=&fecha=2017&resuelve=preventiva HTTP/1.1" 200 1731
172.22.2.4 - - [08/Dec/2023:22:40:38 -0500] "GET /BLA/boletinlegal/consulta_actos.php?tipo=resoluciones&no=&usuario=&sector=&fecha=2016&resuelve=preventiva HTTP/1.1" 200 15674
66.249.66.20 - - [08/Dec/2023:22:40:52 -0500] "GET /resoluciones/RESOLUCIONES%202008/3902.pdf HTTP/1.1" 404 1018
172.22.2.4 - - [08/Dec/2023:22:41:03 -0500] "GET /BLA/boletinlegal/consulta_actos.php?tipo=resoluciones&no=&usuario=&sector=VERTIMIENTOS&fecha=2023&resuelve=MEDIDA HTTP/1.1" 200 626
172.22.2.4 - - [08/Dec/2023:22:41:14 -0500] "GET /BLA/boletinlegal/consulta_actos.php?tipo=resoluciones&no=&usuario=&sector=VERTIMIENTOS&fecha=2022&resuelve=MEDIDA HTTP/1.1" 200 626
172.22.2.4 - - [08/Dec/2023:22:41:17 -0500] "GET /BLA/boletinlegal/consulta_actos.php?tipo=resoluciones&no=&usuario=&sector=VERTIMIENTOS&fecha=2021&resuelve=MEDIDA HTTP/1.1" 200 1119
172.22.2.4 - - [08/Dec/2023:22:41:25 -0500] "GET /BLA/boletinlegal/consulta_actos.php?tipo=resoluciones&no=&usuario=&sector=VERTIMIENTOS&fecha=2020&resuelve=MEDIDA HTTP/1.1" 200 1064
186.84.90.231 - - [08/Dec/2023:22:41:28 -0500] "GET /BLA/resoluciones/RESOLUCIONES%202020/1479.pdf HTTP/1.1" 200 328276
172.22.2.4 - - [08/Dec/2023:22:42:10 -0500] "GET /BLA/boletinlegal/consulta_actos.php?tipo=resoluciones&no=&usuario=&sector=VERTIMIENTOS&fecha=2019&resuelve=MEDIDA HTTP/1.1" 200 626
172.22.2.4 - - [08/Dec/2023:22:42:14 -0500] "GET /BLA/boletinlegal/consulta_actos.php?tipo=resoluciones&no=&usuario=&sector=VERTIMIENTOS&fecha=2018&resuelve=MEDIDA HTTP/1.1" 200 626
172.22.2.4 - - [08/Dec/2023:22:40:35 -0500] "HEAD /BLA/boletinlegal/ HTTP/1.1" 200 -
172.22.2.4 - - [08/Dec/2023:22:42:17 -0500] "GET /BLA/boletinlegal/consulta_actos.php?tipo=resoluciones&no=&usuario=&sector=VERTIMIENTOS&fecha=2017&resuelve=MEDIDA HTTP/1.1" 200 626
216.245.221.92 - - [08/Dec/2023:22:42:55 -0500] "HEAD / HTTP/1.1" 200 -
172.22.2.4 - - [08/Dec/2023:22:41:25 -0500] "GET /BLA/boletinlegal/ HTTP/1.1" 200 58294
201.245.192.253 - - [08/Dec/2023:22:44:17 -0500] "POST /kwsrmcab/Wsrmcab  HTTP/1.1" 200 41806
40.77.190.219 - - [08/Dec/2023:22:44:24 -0500] "GET /portaldeninos/wp-content/themes/betheme/fonts/mfn-icons.woff?93978679 HTTP/1.1" 200 80932
66.249.66.21 - - [08/Dec/2023:22:47:21 -0500] "GET /BLA/resoluciones/RESOLUCIONES%202009/1201.pdf HTTP/1.1" 200 459366
216.245.221.92 - - [08/Dec/2023:22:47:55 -0500] "HEAD / HTTP/1.1" 200 -
172.22.2.4 - - [08/Dec/2023:22:46:25 -0500] "HEAD /BLA/boletinlegal/ HTTP/1.1" 200 -
66.249.66.20 - - [08/Dec/2023:22:48:28 -0500] "GET /BLA/resoluciones/AUTOS%202011/7745.pdf HTTP/1.1" 200 235673
172.22.2.4 - - [08/Dec/2023:22:47:15 -0500] "GET /BLA/boletinlegal/ HTTP/1.1" 200 60224
201.245.192.253 - - [08/Dec/2023:22:49:17 -0500] "POST /kwsrmcab/Wsrmcab  HTTP/1.1" 200 41806
66.249.66.21 - - [08/Dec/2023:22:50:52 -0500] "GET /BLA/resoluciones/RESOLUCIONES%202008/0569.pdf HTTP/1.1" 200 115575
172.22.2.4 - - [08/Dec/2023:22:52:13 -0500] "GET /BLA/boletinlegal/robots.txt HTTP/1.1" 404 1037
172.22.2.4 - - [08/Dec/2023:22:52:14 -0500] "GET /BLA/boletinlegal/robots.txt HTTP/1.1" 404 1037
172.22.2.4 - - [08/Dec/2023:22:52:20 -0500] "GET /BLA/boletinlegal/Circulares/2023/CIRCULAR%20No.%2000009%20DEL%2010%20DE%20OCTUBRE%20DEL%202023.pdf HTTP/1.1" 304 -
159.69.179.16 - - [08/Dec/2023:22:52:53 -0500] "GET / HTTP/1.1" 200 319
159.69.179.16 - - [08/Dec/2023:22:52:54 -0500] "GET / HTTP/1.1" 200 4720
216.245.221.92 - - [08/Dec/2023:22:52:55 -0500] "HEAD / HTTP/1.1" 200 -
205.210.31.111 - - [08/Dec/2023:22:53:04 -0500] "GET / HTTP/1.1" 200 319
172.22.2.4 - - [08/Dec/2023:22:52:36 -0500] "GET /BLA/boletinlegal/ HTTP/1.1" 200 24523
172.22.2.4 - - [08/Dec/2023:22:52:15 -0500] "HEAD /BLA/boletinlegal/ HTTP/1.1" 200 -
201.245.192.253 - - [08/Dec/2023:22:54:16 -0500] "POST /kwsrmcab/Wsrmcab  HTTP/1.1" 200 41806
163.5.64.45 - - [08/Dec/2023:22:54:26 -0500] "GET /.env HTTP/1.1" 404 1018
163.5.64.45 - - [08/Dec/2023:22:54:26 -0500] "POST / HTTP/1.1" 200 319
172.22.2.4 - - [08/Dec/2023:22:53:05 -0500] "GET /BLA/boletinlegal/ HTTP/1.1" 200 51732
20.15.133.186 - - [08/Dec/2023:22:55:16 -0500] "GET /BLA/resoluciones/RESOLUCIONES%202023/0079.pdf HTTP/1.1" 304 -
66.249.66.19 - - [08/Dec/2023:22:55:59 -0500] "GET /BLA/resoluciones/RESOLUCIONES%202007/RES%202007%20101%20AL%20200/RESOLUCION%200110%20%20DE%202007.pdf HTTP/1.1" 200 1605474
66.249.66.19 - - [08/Dec/2023:22:56:37 -0500] "GET /portel_dama/libreria/php/2006/ECOSISTEMAS%20FINAL%20web_mz27/x%20restauracion/sitio/55_artic/xtras/10.pdf HTTP/1.1" 404 1018
172.22.2.4 - - [08/Dec/2023:22:57:08 -0500] "GET /BLA/boletinlegal/robots.txt HTTP/1.1" 404 1037
172.22.2.4 - - [08/Dec/2023:22:57:09 -0500] "GET /BLA/boletinlegal/jurisprudencia/analisis/AnalisisT-146-16.docx HTTP/1.1" 200 23021
186.102.65.192 - - [08/Dec/2023:22:57:41 -0500] "GET /kwssiamovil/sm/acme/u?s=U2FsdGVkX19hta41hxX5AOsOuumUflIqcEA5/xYJouSIduQrNBPrTUOhM4zsW9OpW2OLDtCyxEEggKZBlifpAtu9ELKtr36FAvbGffwqY7rhEoDNBWX/8rgcw7tpJJvX46jIcHQm3zPejwbuMmK2cIf69aQ6Ftp2F6EMjzrDKqU=&u=U2FsdGVkX1/OSL0Fsmyhw9Yz0RjN8Gg//XbWZRM0GGU=&y=U2FsdGVkX1/70CE3imLX7Z+Jnzt0tfv6WMG9T6HugxjSqI8hKc00q/GEbLcDlteB HTTP/1.1" 200 60
216.245.221.92 - - [08/Dec/2023:22:57:55 -0500] "HEAD / HTTP/1.1" 200 -
66.249.66.194 - - [08/Dec/2023:22:58:25 -0500] "GET /mujeres-que-reverdecen-secretaria-de-ambiente-anuncia-el-inicio-de-la-tercera-fase.html HTTP/1.1" 304 -
66.249.66.194 - - [08/Dec/2023:22:58:27 -0500] "GET /en-el-dia-mundial-del-medio-ambiente-distrito-libero-a-43-animales-silvestres-y-alcanzo-mas-de-1-300-liberaciones-en-el-ano.html HTTP/1.1" 304 -
186.102.13.192 - - [08/Dec/2023:22:58:51 -0500] "GET /sendero-las-moyas-iniciativa-privada-enfocada-en-procesos-de-restauracion-conservacion-y-educacion-ambiental.html HTTP/1.1" 200 1013
201.245.192.253 - - [08/Dec/2023:22:59:15 -0500] "POST /kwsrmcab/Wsrmcab  HTTP/1.1" 200 41806
172.22.2.4 - - [08/Dec/2023:22:58:05 -0500] "HEAD /BLA/boletinlegal/ HTTP/1.1" 200 -
172.22.2.4 - - [08/Dec/2023:22:58:55 -0500] "GET /BLA/boletinlegal/ HTTP/1.1" 200 58644
66.249.66.21 - - [08/Dec/2023:23:00:53 -0500] "GET /BLA/resoluciones/RESOLUCIONES%202022/1545.pdf HTTP/1.1" 304 -
52.167.144.174 - - [08/Dec/2023:23:01:12 -0500] "GET /BLA/resoluciones/AUTOS%202023/5796.pdf HTTP/1.1" 200 417103
201.245.212.218 - - [08/Dec/2023:23:02:02 -0500] "GET /las-tres-caminatas-para-cerrar-el-ano-entre-la-naturaleza.html HTTP/1.1" 200 776
216.245.221.92 - - [08/Dec/2023:23:02:55 -0500] "HEAD / HTTP/1.1" 200 -
201.245.192.253 - - [08/Dec/2023:23:04:13 -0500] "POST /kwsrmcab/Wsrmcab  HTTP/1.1" 200 41806
66.249.66.20 - - [08/Dec/2023:23:05:14 -0500] "GET /BLA/resoluciones/RESOLUCIONES%202011/5977.pdf HTTP/1.1" 200 289299
172.22.2.4 - - [08/Dec/2023:23:03:55 -0500] "HEAD /BLA/boletinlegal/ HTTP/1.1" 200 -
52.167.144.209 - - [08/Dec/2023:23:05:46 -0500] "GET /BLA/resoluciones/AUTOS%202023/0801.pdf HTTP/1.1" 304 -
40.77.167.30 - - [08/Dec/2023:23:06:03 -0500] "GET /Publicaciones/2023EE259148.pdf HTTP/1.1" 404 228
172.22.2.4 - - [08/Dec/2023:23:04:45 -0500] "GET /BLA/boletinlegal/ HTTP/1.1" 200 60634
69.63.189.9 - - [08/Dec/2023:23:07:54 -0500] "GET /images/Acuerdos%2001%20(1)%20(1).jpeg HTTP/1.1" 200 32884
216.245.221.92 - - [08/Dec/2023:23:07:55 -0500] "HEAD / HTTP/1.1" 200 -
199.16.157.183 - - [08/Dec/2023:23:08:10 -0500] "GET /images/pl%C3%A1sticos%20foto%201..jpg HTTP/1.1" 404 1034
173.252.107.116 - - [08/Dec/2023:23:08:23 -0500] "GET /secretaria-de-ambiente-y-sena-abren-curso-de-jardines-verticales.html HTTP/1.1" 200 734
201.245.192.253 - - [08/Dec/2023:23:09:11 -0500] "POST /kwsrmcab/Wsrmcab  HTTP/1.1" 200 41806
186.102.56.192 - - [08/Dec/2023:23:10:36 -0500] "GET /kwssiamovil/sm/acme/a?s=U2FsdGVkX1/qzXG2zB+UH8WmUXu65Auy9em8yFAPMo+7ONjzdwA+SrS2Jm42CG0MEkHVQv3n310hdHYqkqCK2AbGm89TiOZwYy68nBR7e0yYkAEQzgKvtNaoPe6B6EESCfWwddLfcubfHxYTlS2IzF0ymq4N34sXB53driNU5ZvbKNh+hKFlazXAjOvfJC8AEHihToNOtuRA2cqUieIlUgwpgK8v3JH8v1JodX4eRzolYAQO85ETgiMJ651bEAD+RbrcrOJ9X0GdbZUcN1MI5w==&u=U2FsdGVkX1/OSL0Fsmyhw9Yz0RjN8Gg//XbWZRM0GGU=&y=U2FsdGVkX1/70CE3imLX7Z+Jnzt0tfv6WMG9T6HugxjSqI8hKc00q/GEbLcDlteB HTTP/1.1" 200 26
186.102.56.192 - - [08/Dec/2023:23:10:37 -0500] "GET /kwssiamovil/sm/acme/a?s=U2FsdGVkX1/Qs/b/0Hoo5xviyu51coLxlz91Ahk1yGGjMI2jtl9wKfqbLjKdbJnBgxxKKz7G903uVdHDP0N9scVwsmoobGSO9lphrQqejl14naVzGgTckWiIkaVnpWH2JkpF69jxltNKwRwZW+gN1T0pdOYEmjF2qzL+6+JVDntQPxjhJ9cTZcdO9M/HjmqiMbP8/e0snsCmdiJy3AITkVGhA/4R+WXEeqxQxUEPAZdMU7B5O8FuHub297i2jQrUaRa/nnMZ0jsiYwHE6I0rTCYwjK+yz4mM0nR7n+8KCYw6yT7rIloCE2QSlt6MfOnHURe3wN46Nw1T7qdxJuAqyad5u3JJvAzfO7XdxqfJ3BNoluilYwXDTH4vuvjg72eKwTobXAvO/beRk3CpCBoefR+Eb3a3hZ06olbtoU9SUuBl7YHAPZoArsa4Hr9lRk0sHUI5UwfImrzevUqM+dXxwaNwMDFfEKwg2oK2IOsuB4xLlN+RdfIlkQQXLauT+qJHDt3lk+tgHdYnRMB1cM5s0HA6uLjqJ6DR6RqiXhQ9kSs47ie7neE7PQkstZ7aNdLOIpYB6E4ikD1GptpJF0JRslt2NC2M0k5OBnquhKaMEUzW3gDI+AQH6CNH1iJ/2V3hcqDy0BjM89N9aF8YzJkk0rqGL1BBHzR4qU1DoxDk1qFACfvPniPguVHKse9w0Ywp9Bwt+Hq7XzKD63Wi6uX9GHdMqJFSt9iHYbxTmDZQF2m7nmSGt2Bpqpr6Lb/9tQzUNZAyxp7FJhOhUP2wVZtOumQxtb34ZaQfFaABo1p/pljRfxnKgklddeGTMAzj6XCIWfyscMq+iKzJdGfII7IITLZ/mAkeKRKkuJFOnfKAeR0zwfmqv1RAHONRmaq3F+H4eRVK1LZCzeezR597ao9npbtX6ZL8247xog/BAMwukzI5YRPEKoc2bszzy4cDDvC3fZBVI7GtrgSa2UWitDo34u4QStaJEfTfsRzvAAGYJWlmZCnspYFld54Qf/n1HXRgThxhSu1fIZAorOhJOOLQGOpS/Gf47pEt6j1S2FspfYhF5LTz8lkVndQHz/qgjNG7ZxqNGX/VhSn9YJdIu8TxszR9IBnj6kfywdu1FsXFMxpW2W64YAPzZkP0uGxZHxKL3JM3v9omcy2ZBFKCLZPoCgFigpz/NNW8Dn/VEJIBwBgtKdfZ/ljHblqZKxJoR4AqM1H42F5OOBaKCQsJPqTEhJPkfg1kdEhflpohDV6YjJWEJJxAOjZccu5Vqv54kEZutAu3ESy11TMjFaiXQKYjWjJxkim2/ifKhWdeBanKAPle+LuzpFW/Ke2pcNylOw6fkuV2pnz5whQm4fO44JGFW63tsddzI8D7J1v1oyssR8KPU7Zaipa4aBK/pTcBvn0eqh48Cxta+MLFo5629bjE2yYdXXQCvLF3oRz8gtR+iScnJKXiEShrJA6BOT0Lw2ot5ZnC+yMvfiE/a+YcO9WD8RQ+uQfIzBMh4lIsiJfWsrZ01brDf9HlOP6GdY/WpSi9WQTyAE/tuHh220B6pqdUD5FwWLKyOKwjuqUNNiH7tSl0a9+0Udg9shQ/jfiScU3iisi3E8GfBosnRo/CqpmVt9wFo5gvlCYrJzmhJxBD3tj/FbOrs/YxdfeUJYQc4oGwyBY+V7kZgTeN2foS1EFZ84N8q7Vsj22v6XTONTBc8Izic/6ltudlg1qRyLk/3BcA&u=U2FsdGVkX1/OSL0Fsmyhw9Yz0RjN8Gg//XbWZRM0GGU=&y=U2FsdGVkX1/70CE3imLX7Z+Jnzt0tfv6WMG9T6HugxjSqI8hKc00q/GEbLcDlteB HTTP/1.1" 200 26
186.102.56.192 - - [08/Dec/2023:23:10:37 -0500] "GET /kwssiamovil/sm/acme/a?s=U2FsdGVkX199gucFc3OJNwUY73TjFBZoQ4CTyJUhJwRZQpall/hVBARXi5FiGsVzli9ApQ5jxXuM3u+dnpzpYiUTp2V64qhZJVNuR4pBv4ODVL3kXyG2SjG69Eg0ad1KWTVBJTkthIupbXjoNK3eIfNRkZAZE7yfAgsmOEUgpXg=&u=U2FsdGVkX1/OSL0Fsmyhw9Yz0RjN8Gg//XbWZRM0GGU=&y=U2FsdGVkX1/70CE3imLX7Z+Jnzt0tfv6WMG9T6HugxjSqI8hKc00q/GEbLcDlteB HTTP/1.1" 200 26
186.102.56.192 - - [08/Dec/2023:23:10:37 -0500] "GET /kwssiamovil/sm/acme/a?s=U2FsdGVkX183DHGii4zQsn9NRxB/Z+WV6fzH7jRV176qhmW1zk8tC7lehc2iKNa7jmaQl/WPsYDiJYzWDpuRDjfzbmvK3/jGzECF8Rdi9PaiAKfK7OvFn+RM+PHj1MEARZWJ8g/r/wCtEB1luu9qaBsWPtDCNFnLNkeOKKIWxZM=&u=U2FsdGVkX1/OSL0Fsmyhw9Yz0RjN8Gg//XbWZRM0GGU=&y=U2FsdGVkX1/70CE3imLX7Z+Jnzt0tfv6WMG9T6HugxjSqI8hKc00q/GEbLcDlteB HTTP/1.1" 200 26
186.102.56.192 - - [08/Dec/2023:23:10:38 -0500] "GET /kwssiamovil/sm/acme/a?s=U2FsdGVkX1/tCKaGSx0P//vjmIHWlTCmsTl4Cvgeu8xPwaD8M99DsNvdk9xSgLeEAWfzS3uFxMiTitmFNipexHO3EwDNyN1GRHcTDVA0VUYuVzR0xU6tWnYTVTqwKXxfuj+D64Rili1tgCwfOiw2CZk1GLjQUgEDk3QKDQtiC/8=&u=U2FsdGVkX1/OSL0Fsmyhw9Yz0RjN8Gg//XbWZRM0GGU=&y=U2FsdGVkX1/70CE3imLX7Z+Jnzt0tfv6WMG9T6HugxjSqI8hKc00q/GEbLcDlteB HTTP/1.1" 200 26
