172.22.2.4 - - [08/Dec/2023:12:55:20 -0500] "GET /BLA/boletinlegal/js/jquery1.js HTTP/1.1" 200 29846
172.22.2.4 - - [08/Dec/2023:12:55:20 -0500] "GET /BLA/boletinlegal/images/cabezote%20BLEGAL.jpg HTTP/1.1" 200 118164
172.22.2.4 - - [08/Dec/2023:12:55:20 -0500] "GET /BLA/boletinlegal/images/subscribe-icon-big.png HTTP/1.1" 200 47702
172.22.2.4 - - [08/Dec/2023:12:55:20 -0500] "GET /BLA/boletinlegal/images/historia.png HTTP/1.1" 200 52775
172.22.2.4 - - [08/Dec/2023:12:55:20 -0500] "GET /BLA/boletinlegal/images/tel.png HTTP/1.1" 200 14477
172.22.2.4 - - [08/Dec/2023:12:55:20 -0500] "GET /BLA/boletinlegal/images/green-yellow-blue-pink-th.png HTTP/1.1" 200 7394
172.22.2.4 - - [08/Dec/2023:12:55:20 -0500] "GET /BLA/boletinlegal/images/registro-usuarios.png HTTP/1.1" 200 8106
172.22.2.4 - - [08/Dec/2023:12:55:20 -0500] "GET /BLA/boletinlegal/images/icono-email.png HTTP/1.1" 200 5544
172.22.2.4 - - [08/Dec/2023:12:55:20 -0500] "GET /BLA/boletinlegal/images/body_bg.jpg HTTP/1.1" 200 1601
172.22.2.4 - - [08/Dec/2023:12:55:20 -0500] "GET /BLA/boletinlegal/images/menu_lft.gif HTTP/1.1" 200 1713
172.22.2.4 - - [08/Dec/2023:12:55:20 -0500] "GET /BLA/boletinlegal/images/menu_rght.gif HTTP/1.1" 200 1627
172.22.2.4 - - [08/Dec/2023:12:55:20 -0500] "GET /BLA/boletinlegal/images/menu_bg.jpg HTTP/1.1" 200 620
172.22.2.4 - - [08/Dec/2023:12:55:20 -0500] "GET /BLA/boletinlegal/images/footer_bg.jpg HTTP/1.1" 200 586
172.22.2.4 - - [08/Dec/2023:12:55:20 -0500] "GET /BLA/boletinlegal/images/bg_top.jpg HTTP/1.1" 200 522
172.22.2.4 - - [08/Dec/2023:12:55:20 -0500] "GET /BLA/boletinlegal/images/hover.jpg HTTP/1.1" 200 640
172.22.2.4 - - [08/Dec/2023:12:55:20 -0500] "GET /BLA/boletinlegal/images/text.jpg HTTP/1.1" 200 568
172.22.2.4 - - [08/Dec/2023:12:55:20 -0500] "GET /BLA/boletinlegal/images/footer_bg_l.jpg HTTP/1.1" 200 776
172.22.2.4 - - [08/Dec/2023:12:55:20 -0500] "GET /BLA/boletinlegal/img/0.png HTTP/1.1" 200 110
172.22.2.4 - - [08/Dec/2023:12:55:20 -0500] "GET /BLA/boletinlegal/img/select-left.png HTTP/1.1" 200 263
172.22.2.4 - - [08/Dec/2023:12:55:20 -0500] "GET /BLA/boletinlegal/img/select-right.png HTTP/1.1" 200 44019
172.22.2.4 - - [08/Dec/2023:12:55:20 -0500] "GET /BLA/boletinlegal/img/button-left.png HTTP/1.1" 200 57071
172.22.2.4 - - [08/Dec/2023:12:55:20 -0500] "GET /BLA/boletinlegal/img/button.png HTTP/1.1" 200 43241
172.22.2.4 - - [08/Dec/2023:12:55:20 -0500] "GET /BLA/boletinlegal/img/button-right.png HTTP/1.1" 200 57878
172.22.2.4 - - [08/Dec/2023:12:55:20 -0500] "GET /BLA/boletinlegal/favicon.ico HTTP/1.1" 404 1326
172.22.2.4 - - [08/Dec/2023:12:55:22 -0500] "GET /BLA/boletinlegal/consulta_actos.php?tipo=autos&no=&usuario=&sector=&fecha=2023&resuelve= HTTP/1.1" 200 1301057
172.22.2.4 - - [08/Dec/2023:12:55:23 -0500] "GET /BLA/boletinlegal/images/pdf.gif HTTP/1.1" 200 567
172.22.2.4 - - [08/Dec/2023:12:55:23 -0500] "GET /BLA/boletinlegal/images/background.gif HTTP/1.1" 200 -
172.22.2.4 - - [08/Dec/2023:12:55:30 -0500] "GET /BLA/boletinlegal/consulta_actos.php?tipo=resoluciones&no=&usuario=&sector=&fecha=2023&resuelve= HTTP/1.1" 200 372792
186.30.36.214 - - [08/Dec/2023:12:55:33 -0500] "GET /sipse/faces/index.xhtml HTTP/1.1" 200 677
186.30.36.214 - - [08/Dec/2023:12:55:33 -0500] "GET /sipse/faces/javax.faces.resource/theme.css?ln=primefaces-sipse HTTP/1.1" 304 -
186.30.36.214 - - [08/Dec/2023:12:55:33 -0500] "GET /sipse/faces/faces/autenticacion.xhtml HTTP/1.1" 200 12429
186.30.36.214 - - [08/Dec/2023:12:55:33 -0500] "GET /sipse/faces/javax.faces.resource/theme.css?ln=primefaces-sipse HTTP/1.1" 304 -
186.30.36.214 - - [08/Dec/2023:12:55:33 -0500] "GET /sipse/faces/javax.faces.resource/primefaces.css?ln=primefaces&v=4.0 HTTP/1.1" 304 -
186.30.36.214 - - [08/Dec/2023:12:55:33 -0500] "GET /sipse/faces/javax.faces.resource/jquery/jquery-plugins.js?ln=primefaces&v=4.0 HTTP/1.1" 304 -
186.30.36.214 - - [08/Dec/2023:12:55:33 -0500] "GET /sipse/faces/javax.faces.resource/layout/layout.css?ln=primefaces&v=4.0 HTTP/1.1" 304 -
186.30.36.214 - - [08/Dec/2023:12:55:33 -0500] "GET /sipse/faces/javax.faces.resource/jquery/jquery.js?ln=primefaces&v=4.0 HTTP/1.1" 304 -
186.30.36.214 - - [08/Dec/2023:12:55:33 -0500] "GET /sipse/faces/javax.faces.resource/layout/layout.js?ln=primefaces&v=4.0 HTTP/1.1" 304 -
186.30.36.214 - - [08/Dec/2023:12:55:33 -0500] "GET /sipse/faces/javax.faces.resource/primefaces.js?ln=primefaces&v=4.0 HTTP/1.1" 304 -
186.30.36.214 - - [08/Dec/2023:12:55:33 -0500] "GET /sipse/faces/javax.faces.resource/images/ui-icons_898989_256x240.png?ln=primefaces-aristo HTTP/1.1" 304 -
172.22.2.4 - - [08/Dec/2023:12:55:34 -0500] "GET /BLA/boletinlegal/consulta_actos.php?tipo=resoluciones&no=&usuario=&sector=&fecha=2023&resuelve= HTTP/1.1" 200 372792
186.30.36.214 - - [08/Dec/2023:12:55:42 -0500] "POST /sipse/faces/autenticacion.xhtml HTTP/1.1" 200 2187
186.30.36.214 - - [08/Dec/2023:12:55:42 -0500] "GET /sipse/faces/javax.faces.resource/messages/messages.png?ln=primefaces&v=4.0 HTTP/1.1" 304 -
186.30.36.214 - - [08/Dec/2023:12:55:53 -0500] "GET /sipse/faces/faces/recuperarclave.xhtml HTTP/1.1" 200 9087
186.30.36.214 - - [08/Dec/2023:12:55:53 -0500] "GET /sipse/faces/javax.faces.resource/theme.css?ln=primefaces-sipse HTTP/1.1" 304 -
186.30.36.214 - - [08/Dec/2023:12:55:53 -0500] "GET /sipse/css/v_recuperar_clave.css HTTP/1.1" 200 1199
186.30.36.214 - - [08/Dec/2023:12:55:53 -0500] "GET /sipse/faces/javax.faces.resource/jquery/jquery-plugins.js?ln=primefaces&v=4.0 HTTP/1.1" 304 -
186.30.36.214 - - [08/Dec/2023:12:55:53 -0500] "GET /sipse/faces/javax.faces.resource/layout/layout.css?ln=primefaces&v=4.0 HTTP/1.1" 304 -
186.30.36.214 - - [08/Dec/2023:12:55:53 -0500] "GET /sipse/faces/javax.faces.resource/primefaces.css?ln=primefaces&v=4.0 HTTP/1.1" 304 -
186.30.36.214 - - [08/Dec/2023:12:55:53 -0500] "GET /sipse/faces/javax.faces.resource/jquery/jquery.js?ln=primefaces&v=4.0 HTTP/1.1" 304 -
186.30.36.214 - - [08/Dec/2023:12:55:53 -0500] "GET /sipse/faces/javax.faces.resource/primefaces.js?ln=primefaces&v=4.0 HTTP/1.1" 304 -
186.30.36.214 - - [08/Dec/2023:12:55:53 -0500] "GET /sipse/faces/javax.faces.resource/layout/layout.js?ln=primefaces&v=4.0 HTTP/1.1" 304 -
186.30.36.214 - - [08/Dec/2023:12:55:53 -0500] "GET /sipse/css/imagen/clave.png HTTP/1.1" 200 12376
186.30.36.214 - - [08/Dec/2023:12:55:53 -0500] "GET /sipse/css/imagen/cargandoC.gif HTTP/1.1" 200 36959
186.30.36.214 - - [08/Dec/2023:12:55:57 -0500] "GET /sipse/faces/javax.faces.resource/images/ui-bg_flat_0_2d5972_40x100.png?ln=primefaces-aristo HTTP/1.1" 200 183
186.30.36.214 - - [08/Dec/2023:12:55:57 -0500] "POST /sipse/faces/recuperarclave.xhtml HTTP/1.1" 200 123
186.30.36.214 - - [08/Dec/2023:12:55:57 -0500] "GET /sipse/faces/faces/autenticacion.xhtml HTTP/1.1" 200 12420
186.30.36.214 - - [08/Dec/2023:12:55:57 -0500] "GET /sipse/faces/javax.faces.resource/theme.css?ln=primefaces-sipse HTTP/1.1" 304 -
186.30.36.214 - - [08/Dec/2023:12:55:57 -0500] "GET /sipse/faces/javax.faces.resource/primefaces.css?ln=primefaces&v=4.0 HTTP/1.1" 304 -
186.30.36.214 - - [08/Dec/2023:12:55:57 -0500] "GET /sipse/faces/javax.faces.resource/jquery/jquery.js?ln=primefaces&v=4.0 HTTP/1.1" 304 -
186.30.36.214 - - [08/Dec/2023:12:55:57 -0500] "GET /sipse/faces/javax.faces.resource/layout/layout.css?ln=primefaces&v=4.0 HTTP/1.1" 304 -
186.30.36.214 - - [08/Dec/2023:12:55:57 -0500] "GET /sipse/faces/javax.faces.resource/jquery/jquery-plugins.js?ln=primefaces&v=4.0 HTTP/1.1" 304 -
186.30.36.214 - - [08/Dec/2023:12:55:57 -0500] "GET /sipse/faces/javax.faces.resource/primefaces.js?ln=primefaces&v=4.0 HTTP/1.1" 304 -
186.30.36.214 - - [08/Dec/2023:12:55:57 -0500] "GET /sipse/faces/javax.faces.resource/layout/layout.js?ln=primefaces&v=4.0 HTTP/1.1" 304 -
181.54.95.2 - - [08/Dec/2023:12:56:04 -0500] "GET /BLA/resoluciones/RESOLUCIONES%202023/2700.pdf HTTP/1.1" 200 367848
186.30.36.214 - - [08/Dec/2023:12:56:06 -0500] "GET /appsia/controlador HTTP/1.1" 200 4799
186.30.36.214 - - [08/Dec/2023:12:56:06 -0500] "GET /appsia/scripts/validarIngreso.js HTTP/1.1" 200 851
186.30.36.214 - - [08/Dec/2023:12:56:06 -0500] "GET /appsia/css/estilos.css HTTP/1.1" 200 4804
186.30.36.214 - - [08/Dec/2023:12:56:06 -0500] "GET /appsia/images/logo_bogota_p.png HTTP/1.1" 200 14951
186.30.36.214 - - [08/Dec/2023:12:56:06 -0500] "GET /appsia/images/cabezoteHojaVida.png HTTP/1.1" 200 32493
186.30.36.214 - - [08/Dec/2023:12:56:15 -0500] "POST /appsia/controlador HTTP/1.1" 200 4621
186.30.36.214 - - [08/Dec/2023:12:56:24 -0500] "POST /appsia/controlador HTTP/1.1" 200 7732
186.30.36.214 - - [08/Dec/2023:12:56:25 -0500] "GET /appsia/images/logo_escudo.png HTTP/1.1" 200 36965
201.245.192.253 - - [08/Dec/2023:12:56:41 -0500] "POST /kwsrmcab/Wsrmcab  HTTP/1.1" 200 41806
181.54.95.2 - - [08/Dec/2023:12:56:45 -0500] "GET /BLA/resoluciones/RESOLUCIONES%202023/2703.pdf HTTP/1.1" 200 1174842
181.54.95.2 - - [08/Dec/2023:12:57:00 -0500] "GET /BLA/resoluciones/RESOLUCIONES%202023/2704.pdf HTTP/1.1" 200 376708
213.180.203.13 - - [08/Dec/2023:12:57:54 -0500] "GET /robots.txt HTTP/1.1" 404 1018
213.180.203.138 - - [08/Dec/2023:12:57:55 -0500] "GET / HTTP/1.1" 200 319
216.245.221.92 - - [08/Dec/2023:12:57:57 -0500] "HEAD / HTTP/1.1" 200 -
172.22.2.4 - - [08/Dec/2023:12:57:59 -0500] "GET /BLA/boletinlegal/conceptos.php HTTP/1.1" 200 7496
172.22.2.4 - - [08/Dec/2023:12:57:59 -0500] "GET /BLA/boletinlegal/js/ajax_conceptos.js HTTP/1.1" 200 1326
172.22.2.4 - - [08/Dec/2023:12:58:01 -0500] "GET /BLA/boletinlegal/consulta_conceptos.php?no=&solicitante=&radicado_entrada=&fecha_concepto=2023&objeto= HTTP/1.1" 200 28728
172.22.2.4 - - [08/Dec/2023:12:57:14 -0500] "HEAD /BLA/boletinlegal/ HTTP/1.1" 200 -
172.22.2.4 - - [08/Dec/2023:12:58:05 -0500] "GET /BLA/boletinlegal/ HTTP/1.1" 200 54693
199.16.157.183 - - [08/Dec/2023:13:00:06 -0500] "GET /images/pl%C3%A1sticos%20foto%201..jpg HTTP/1.1" 404 1034
52.167.144.209 - - [08/Dec/2023:13:01:14 -0500] "GET /BLA/resoluciones/RESOLUCIONES%202023/1586.pdf HTTP/1.1" 304 -
201.245.192.253 - - [08/Dec/2023:13:01:39 -0500] "POST /kwsrmcab/Wsrmcab  HTTP/1.1" 200 41806
66.249.66.19 - - [08/Dec/2023:13:01:51 -0500] "GET /BLA/resoluciones/RESOLUCIONES%202014/2258.pdf HTTP/1.1" 200 464929
216.244.66.195 - - [08/Dec/2023:13:02:37 -0500] "GET /transparencia/directorioservidores/2016/diciembre2016.xlsx HTTP/1.1" 200 89422
216.244.66.195 - - [08/Dec/2023:13:02:41 -0500] "GET /transparencia/directorioservidores/2016/marzo2016.xlsx HTTP/1.1" 200 88453
216.245.221.92 - - [08/Dec/2023:13:02:57 -0500] "HEAD / HTTP/1.1" 200 -
199.16.157.182 - - [08/Dec/2023:13:03:21 -0500] "GET /robots.txt HTTP/1.1" 404 1034
199.16.157.182 - - [08/Dec/2023:13:03:21 -0500] "GET /images/presentaci%C3%B3n%20convenci%C3%B3n.jpg HTTP/1.1" 404 1034
172.22.2.4 - - [08/Dec/2023:13:03:04 -0500] "HEAD /BLA/boletinlegal/ HTTP/1.1" 200 -
66.249.66.20 - - [08/Dec/2023:13:04:52 -0500] "GET /BLA/resoluciones/AUTOS%202014/2771.pdf HTTP/1.1" 200 465836
172.22.2.4 - - [08/Dec/2023:13:03:55 -0500] "GET /BLA/boletinlegal/ HTTP/1.1" 200 58644
66.249.66.20 - - [08/Dec/2023:13:06:17 -0500] "GET /BLA/resoluciones/RESOLUCIONES%202009/5117.pdf HTTP/1.1" 200 1180504
201.245.192.253 - - [08/Dec/2023:13:06:38 -0500] "POST /kwsrmcab/Wsrmcab  HTTP/1.1" 200 41806
173.252.95.12 - - [08/Dec/2023:13:07:52 -0500] "GET /secretaria-de-ambiente-y-universidad-de-la-salle-firman-acuerdo-de-conservacion-en-17-hectareas.html HTTP/1.1" 200 990
173.252.79.117 - - [08/Dec/2023:13:07:53 -0500] "GET /images/Acuerdos%2001%20(1)%20(1).jpeg HTTP/1.1" 200 32884
216.245.221.92 - - [08/Dec/2023:13:07:57 -0500] "HEAD / HTTP/1.1" 200 -
66.249.66.20 - - [08/Dec/2023:13:08:42 -0500] "GET /BLA/resoluciones/AUTOS%202015/0128.pdf HTTP/1.1" 200 566227
172.22.2.4 - - [08/Dec/2023:13:08:54 -0500] "HEAD /BLA/boletinlegal/ HTTP/1.1" 200 -
66.249.66.19 - - [08/Dec/2023:13:10:46 -0500] "GET /BLA/resoluciones/AUTOS%202016/1835.pdf HTTP/1.1" 200 472506
66.249.66.19 - - [08/Dec/2023:13:11:24 -0500] "GET /BLA/resoluciones/Autos%202008/1005.pdf HTTP/1.1" 200 77248
172.22.2.4 - - [08/Dec/2023:13:09:45 -0500] "GET /BLA/boletinlegal/ HTTP/1.1" 200 58644
201.245.192.253 - - [08/Dec/2023:13:11:36 -0500] "POST /kwsrmcab/Wsrmcab  HTTP/1.1" 200 41806
66.249.66.21 - - [08/Dec/2023:13:12:37 -0500] "GET /BLA/resoluciones/AUTOS%202008/1957.pdf HTTP/1.1" 200 87238
216.245.221.92 - - [08/Dec/2023:13:12:57 -0500] "HEAD / HTTP/1.1" 200 -
52.167.144.216 - - [08/Dec/2023:13:14:23 -0500] "GET /BLA/resoluciones/RESOLUCIONES%202021/5307.pdf HTTP/1.1" 304 -
66.249.66.20 - - [08/Dec/2023:13:15:48 -0500] "GET /BLA/resoluciones/AUTOS%202018/2173.pdf HTTP/1.1" 200 311960
172.22.2.4 - - [08/Dec/2023:13:14:44 -0500] "HEAD /BLA/boletinlegal/ HTTP/1.1" 200 -
66.249.66.19 - - [08/Dec/2023:13:16:25 -0500] "GET /BLA/resoluciones/Autos%202008/3072.pdf HTTP/1.1" 200 57262
201.245.192.253 - - [08/Dec/2023:13:16:31 -0500] "POST /kwsrmcab/Wsrmcab HTTP/1.1" 200 34893
66.249.66.19 - - [08/Dec/2023:13:16:34 -0500] "GET /BLA/resoluciones/AUTOS%202014/0984.pdf HTTP/1.1" 200 286283
201.245.192.253 - - [08/Dec/2023:13:16:34 -0500] "POST /kwsrmcab/Wsrmcab HTTP/1.1" 200 38638
201.245.192.253 - - [08/Dec/2023:13:16:35 -0500] "POST /kwsrmcab/Wsrmcab  HTTP/1.1" 200 41806
66.249.66.75 - - [08/Dec/2023:13:16:48 -0500] "GET /robots.txt HTTP/1.1" 404 1035
66.249.66.76 - - [08/Dec/2023:13:16:48 -0500] "GET /portaldeninos/2021/06/20/mas-de-130-arboles-fueron-plantados-en-el-humedal-la-conejera-con-comunidad-educativa/ HTTP/1.1" 200 107808
66.249.66.19 - - [08/Dec/2023:13:17:05 -0500] "GET /portel_dama/libreria/php/2006/ECOSISTEMAS%20FINAL%20web_mz27/restauracion/sitio/55_artic/xtras/10.pdf HTTP/1.1" 404 1018
172.22.2.4 - - [08/Dec/2023:13:15:35 -0500] "GET /BLA/boletinlegal/ HTTP/1.1" 200 58644
66.249.66.21 - - [08/Dec/2023:13:17:55 -0500] "GET /BLA/resoluciones/RESOLUCIONES%202009/3867.pdf HTTP/1.1" 200 1233173
216.245.221.92 - - [08/Dec/2023:13:17:57 -0500] "HEAD / HTTP/1.1" 200 -
216.244.66.195 - - [08/Dec/2023:13:18:18 -0500] "GET /BLA/resoluciones/RESOLUCIONES%202017/0265.pdf HTTP/1.1" 200 581686
66.249.66.19 - - [08/Dec/2023:13:18:21 -0500] "GET /BLA/resoluciones/RESOLUCIONES%202007/RES%202007%20801%20AL%20900/RESOLUCION%200811%20DE%202007.pdf HTTP/1.1" 200 280492
216.244.66.195 - - [08/Dec/2023:13:18:58 -0500] "GET /BLA/resoluciones/RESOLUCIONES%202017/1488.pdf HTTP/1.1" 200 682487
216.244.66.195 - - [08/Dec/2023:13:19:31 -0500] "GET /galeria/galeria/fotos/Huemdal-Cordoba3G.jpg HTTP/1.1" 200 445563
216.244.66.195 - - [08/Dec/2023:13:20:02 -0500] "GET /BLA/resoluciones/AUTOS%202007/0114.pdf HTTP/1.1" 200 225872
201.245.192.253 - - [08/Dec/2023:13:20:16 -0500] "POST /kwsrmcab/Wsrmcab HTTP/1.1" 200 34893
201.245.192.253 - - [08/Dec/2023:13:20:25 -0500] "POST /kwsrmcab/Wsrmcab HTTP/1.1" 200 38638
216.244.66.195 - - [08/Dec/2023:13:20:30 -0500] "GET /BLA/resoluciones/AUTOS%202016/0070.pdf HTTP/1.1" 200 522573
216.244.66.195 - - [08/Dec/2023:13:20:58 -0500] "GET /BLA/resoluciones/AUTOS%202016/0731.pdf HTTP/1.1" 200 440838
216.244.66.195 - - [08/Dec/2023:13:21:24 -0500] "GET /BLA/resoluciones/AUTOS%202016/1908.pdf HTTP/1.1" 200 526912
201.245.192.253 - - [08/Dec/2023:13:21:34 -0500] "POST /kwsrmcab/Wsrmcab  HTTP/1.1" 200 41806
216.244.66.195 - - [08/Dec/2023:13:21:53 -0500] "GET /BLA/resoluciones/AUTOS%202016/1955.pdf HTTP/1.1" 200 947366
66.249.66.20 - - [08/Dec/2023:13:22:05 -0500] "GET /BLA/resoluciones/RESOLUCIONES%202007/RES%202007%202801%20AL%202900/RESOLUCION%202834%20DE%202007.pdf HTTP/1.1" 200 114978
172.22.2.4 - - [08/Dec/2023:13:20:34 -0500] "HEAD /BLA/boletinlegal/ HTTP/1.1" 200 -
216.244.66.195 - - [08/Dec/2023:13:22:28 -0500] "GET /BLA/resoluciones/AUTOS%202016/1992.pdf HTTP/1.1" 200 343566
216.245.221.92 - - [08/Dec/2023:13:22:57 -0500] "HEAD / HTTP/1.1" 200 -
172.22.2.4 - - [08/Dec/2023:13:22:57 -0500] "GET /BLA/boletinlegal/actos.php HTTP/1.1" 200 9682
40.77.167.56 - - [08/Dec/2023:13:22:59 -0500] "GET /BLA/resoluciones/AUTOS%202023/8655.pdf HTTP/1.1" 200 515580
172.22.2.4 - - [08/Dec/2023:13:21:25 -0500] "GET /BLA/boletinlegal/ HTTP/1.1" 200 60634
40.77.167.56 - - [08/Dec/2023:13:26:28 -0500] "GET /BLA/resoluciones/index.php HTTP/1.1" 200 13696
66.249.66.19 - - [08/Dec/2023:13:26:31 -0500] "GET /BLA/resoluciones/AUTOS%202008/1657.pdf HTTP/1.1" 200 320589
201.245.192.253 - - [08/Dec/2023:13:26:31 -0500] "POST /kwsrmcab/Wsrmcab HTTP/1.1" 200 34893
201.245.192.253 - - [08/Dec/2023:13:26:33 -0500] "POST /kwsrmcab/Wsrmcab  HTTP/1.1" 200 41806
201.245.192.253 - - [08/Dec/2023:13:26:34 -0500] "POST /kwsrmcab/Wsrmcab HTTP/1.1" 200 38638
172.22.2.4 - - [08/Dec/2023:13:26:46 -0500] "GET /BLA/boletinlegal/actos.php HTTP/1.1" 200 9682
172.22.2.4 - - [08/Dec/2023:13:26:46 -0500] "GET /BLA/boletinlegal/styles2.css HTTP/1.1" 200 1838
172.22.2.4 - - [08/Dec/2023:13:26:46 -0500] "GET /BLA/boletinlegal/style.css HTTP/1.1" 200 9406
172.22.2.4 - - [08/Dec/2023:13:26:46 -0500] "GET /BLA/boletinlegal/niceforms-default.css HTTP/1.1" 200 6694
172.22.2.4 - - [08/Dec/2023:13:26:46 -0500] "GET /BLA/boletinlegal/niceforms.js HTTP/1.1" 200 22876
172.22.2.4 - - [08/Dec/2023:13:26:46 -0500] "GET /BLA/boletinlegal/js/ajax_actos.js HTTP/1.1" 200 1322
172.22.2.4 - - [08/Dec/2023:13:26:46 -0500] "GET /BLA/boletinlegal/js/lib.js HTTP/1.1" 200 6474
172.22.2.4 - - [08/Dec/2023:13:26:46 -0500] "GET /BLA/boletinlegal/js/popup.js HTTP/1.1" 200 1270
172.22.2.4 - - [08/Dec/2023:13:26:46 -0500] "GET /BLA/boletinlegal/js/jquery1.js HTTP/1.1" 200 29846
172.22.2.4 - - [08/Dec/2023:13:26:46 -0500] "GET /BLA/boletinlegal/images/cabezote%20BLEGAL.jpg HTTP/1.1" 200 118164
172.22.2.4 - - [08/Dec/2023:13:26:46 -0500] "GET /BLA/boletinlegal/images/subscribe-icon-big.png HTTP/1.1" 200 47702
172.22.2.4 - - [08/Dec/2023:13:26:47 -0500] "GET /BLA/boletinlegal/images/historia.png HTTP/1.1" 200 52775
172.22.2.4 - - [08/Dec/2023:13:26:47 -0500] "GET /BLA/boletinlegal/images/tel.png HTTP/1.1" 200 14477
172.22.2.4 - - [08/Dec/2023:13:26:47 -0500] "GET /BLA/boletinlegal/images/green-yellow-blue-pink-th.png HTTP/1.1" 200 7394
172.22.2.4 - - [08/Dec/2023:13:26:47 -0500] "GET /BLA/boletinlegal/images/registro-usuarios.png HTTP/1.1" 200 8106
172.22.2.4 - - [08/Dec/2023:13:26:47 -0500] "GET /BLA/boletinlegal/images/icono-email.png HTTP/1.1" 200 5544
172.22.2.4 - - [08/Dec/2023:13:26:47 -0500] "GET /BLA/boletinlegal/images/body_bg.jpg HTTP/1.1" 200 1601
172.22.2.4 - - [08/Dec/2023:13:26:47 -0500] "GET /BLA/boletinlegal/images/menu_lft.gif HTTP/1.1" 200 1713
172.22.2.4 - - [08/Dec/2023:13:26:47 -0500] "GET /BLA/boletinlegal/images/menu_rght.gif HTTP/1.1" 200 1627
172.22.2.4 - - [08/Dec/2023:13:26:47 -0500] "GET /BLA/boletinlegal/images/bg_top.jpg HTTP/1.1" 200 522
172.22.2.4 - - [08/Dec/2023:13:26:47 -0500] "GET /BLA/boletinlegal/images/footer_bg.jpg HTTP/1.1" 200 586
172.22.2.4 - - [08/Dec/2023:13:26:47 -0500] "GET /BLA/boletinlegal/images/menu_bg.jpg HTTP/1.1" 200 620
172.22.2.4 - - [08/Dec/2023:13:26:47 -0500] "GET /BLA/boletinlegal/images/hover.jpg HTTP/1.1" 200 640
172.22.2.4 - - [08/Dec/2023:13:26:47 -0500] "GET /BLA/boletinlegal/images/text.jpg HTTP/1.1" 200 568
172.22.2.4 - - [08/Dec/2023:13:26:47 -0500] "GET /BLA/boletinlegal/images/footer_bg_l.jpg HTTP/1.1" 200 776
172.22.2.4 - - [08/Dec/2023:13:26:48 -0500] "GET /BLA/boletinlegal/img/button-right.png HTTP/1.1" 200 57878
172.22.2.4 - - [08/Dec/2023:13:26:48 -0500] "GET /BLA/boletinlegal/img/button.png HTTP/1.1" 200 43241
172.22.2.4 - - [08/Dec/2023:13:26:48 -0500] "GET /BLA/boletinlegal/img/0.png HTTP/1.1" 200 110
172.22.2.4 - - [08/Dec/2023:13:26:48 -0500] "GET /BLA/boletinlegal/img/select-left.png HTTP/1.1" 200 263
172.22.2.4 - - [08/Dec/2023:13:26:48 -0500] "GET /BLA/boletinlegal/img/button-left.png HTTP/1.1" 200 57071
172.22.2.4 - - [08/Dec/2023:13:26:48 -0500] "GET /BLA/boletinlegal/img/select-right.png HTTP/1.1" 200 44019
66.249.66.21 - - [08/Dec/2023:13:27:02 -0500] "GET /BLA/resoluciones/AUTOS%202014/6520.pdf HTTP/1.1" 200 522405
172.22.2.4 - - [08/Dec/2023:13:27:22 -0500] "GET /BLA/boletinlegal/consulta_actos.php?tipo=resoluciones&no=&usuario=&sector=&fecha=2023&resuelve=sitios HTTP/1.1" 200 1330
172.22.2.4 - - [08/Dec/2023:13:27:22 -0500] "GET /BLA/boletinlegal/images/pdf.gif HTTP/1.1" 200 567
173.252.95.13 - - [08/Dec/2023:13:27:24 -0500] "GET /semana-ambiental-2022-del-31-de-mayo-al-5-de-junio-se-celebrara-en-bogota.html HTTP/1.1" 200 799
216.245.221.92 - - [08/Dec/2023:13:27:57 -0500] "HEAD / HTTP/1.1" 200 -
172.22.2.4 - - [08/Dec/2023:13:26:24 -0500] "HEAD /BLA/boletinlegal/ HTTP/1.1" 200 -
172.22.2.4 - - [08/Dec/2023:13:28:29 -0500] "GET /BLA/boletinlegal/consulta_actos.php?tipo=autos&no=2700&usuario=&sector=&fecha=2023&resuelve=sitios HTTP/1.1" 200 626
172.22.2.4 - - [08/Dec/2023:13:28:31 -0500] "GET /BLA/boletinlegal/consulta_actos.php?tipo=autos&no=2700&usuario=&sector=&fecha=2023&resuelve=sitios HTTP/1.1" 200 626
172.22.2.4 - - [08/Dec/2023:13:28:38 -0500] "GET /BLA/boletinlegal/consulta_actos.php?tipo=resoluciones&no=2700&usuario=&sector=&fecha=2023&resuelve=sitios HTTP/1.1" 200 1330
172.22.2.4 - - [08/Dec/2023:13:27:15 -0500] "GET /BLA/boletinlegal/ HTTP/1.1" 200 58644
190.145.240.154 - - [08/Dec/2023:13:30:03 -0500] "GET /las-tres-caminatas-para-cerrar-el-ano-entre-la-naturaleza.html HTTP/1.1" 200 776
201.245.192.253 - - [08/Dec/2023:13:30:15 -0500] "POST /kwsrmcab/Wsrmcab HTTP/1.1" 200 34893
201.245.192.253 - - [08/Dec/2023:13:30:24 -0500] "POST /kwsrmcab/Wsrmcab HTTP/1.1" 200 38638
201.245.192.253 - - [08/Dec/2023:13:31:32 -0500] "POST /kwsrmcab/Wsrmcab  HTTP/1.1" 200 41806
216.245.221.92 - - [08/Dec/2023:13:32:57 -0500] "HEAD / HTTP/1.1" 200 -
216.244.66.195 - - [08/Dec/2023:13:33:26 -0500] "GET /robots.txt HTTP/1.1" 404 1018
172.22.2.4 - - [08/Dec/2023:13:32:14 -0500] "HEAD /BLA/boletinlegal/ HTTP/1.1" 200 -
172.22.2.4 - - [08/Dec/2023:13:33:05 -0500] "GET /BLA/boletinlegal/ HTTP/1.1" 200 58294
66.249.66.193 - - [08/Dec/2023:13:36:19 -0500] "GET /dia-mundial-de-las-aves-migratorias-cuidado-y-proteccion-para-la-biodiversidad.html HTTP/1.1" 200 1027
201.245.192.253 - - [08/Dec/2023:13:36:31 -0500] "POST /kwsrmcab/Wsrmcab  HTTP/1.1" 200 41806
201.245.192.253 - - [08/Dec/2023:13:36:31 -0500] "POST /kwsrmcab/Wsrmcab HTTP/1.1" 200 34893
201.245.192.253 - - [08/Dec/2023:13:36:34 -0500] "POST /kwsrmcab/Wsrmcab HTTP/1.1" 200 38638
66.249.66.19 - - [08/Dec/2023:13:36:51 -0500] "GET /BLA/resoluciones/RESOLUCIONES%202009/3168.pdf HTTP/1.1" 200 475029
216.245.221.92 - - [08/Dec/2023:13:37:57 -0500] "HEAD / HTTP/1.1" 200 -
172.22.2.4 - - [08/Dec/2023:13:38:04 -0500] "HEAD /BLA/boletinlegal/ HTTP/1.1" 200 -
201.245.192.253 - - [08/Dec/2023:13:40:16 -0500] "POST /kwsrmcab/Wsrmcab HTTP/1.1" 200 34893
201.245.192.253 - - [08/Dec/2023:13:40:24 -0500] "POST /kwsrmcab/Wsrmcab HTTP/1.1" 200 38638
172.22.2.4 - - [08/Dec/2023:13:38:55 -0500] "GET /BLA/boletinlegal/ HTTP/1.1" 200 60634
40.77.167.143 - - [08/Dec/2023:13:40:48 -0500] "GET /BLA/resoluciones/Notificaciones/RESOLUCIONES%202023/468.pdf HTTP/1.1" 200 444799
201.245.192.253 - - [08/Dec/2023:13:41:30 -0500] "POST /kwsrmcab/Wsrmcab  HTTP/1.1" 200 41806
172.22.2.4 - - [08/Dec/2023:13:41:58 -0500] "GET /BLA/boletinlegal/ HTTP/1.1" 200 20427
216.245.221.92 - - [08/Dec/2023:13:42:57 -0500] "HEAD / HTTP/1.1" 200 -
216.244.66.195 - - [08/Dec/2023:13:43:09 -0500] "GET /Residuos/textiles/textiles.html HTTP/1.1" 200 1959
162.55.175.144 - - [08/Dec/2023:13:43:26 -0500] "GET / HTTP/1.1" 200 4720
162.55.175.144 - - [08/Dec/2023:13:43:29 -0500] "GET / HTTP/1.1" 200 319
66.249.66.19 - - [08/Dec/2023:13:44:11 -0500] "GET /BLA/resoluciones/AUTOS%202014/6464.pdf HTTP/1.1" 200 564440
172.22.2.4 - - [08/Dec/2023:13:43:54 -0500] "HEAD /BLA/boletinlegal/ HTTP/1.1" 200 -
66.249.66.21 - - [08/Dec/2023:13:45:48 -0500] "GET /BLA/resoluciones/RESOLUCIONES%202007/RES%202007%203101%20AL%203200/RESOLUCION%203183%20%20DE%202007.pdf HTTP/1.1" 200 883329
172.22.2.4 - - [08/Dec/2023:13:44:45 -0500] "GET /BLA/boletinlegal/ HTTP/1.1" 200 58294
201.245.192.253 - - [08/Dec/2023:13:46:28 -0500] "POST /kwsrmcab/Wsrmcab  HTTP/1.1" 200 41806
216.245.221.92 - - [08/Dec/2023:13:47:57 -0500] "HEAD / HTTP/1.1" 200 -
172.22.2.4 - - [08/Dec/2023:13:49:23 -0500] "GET /BLA/boletinlegal/actos.php HTTP/1.1" 200 9682
172.22.2.4 - - [08/Dec/2023:13:49:33 -0500] "GET /BLA/boletinlegal/consulta_actos.php?tipo=autos&no=2700&usuario=&sector=&fecha=2023&resuelve= HTTP/1.1" 200 1078
172.22.2.4 - - [08/Dec/2023:13:49:37 -0500] "GET /BLA/boletinlegal/consulta_actos.php?tipo=autos&no=2700&usuario=&sector=&fecha=2023&resuelve= HTTP/1.1" 200 1078
172.22.2.4 - - [08/Dec/2023:13:49:57 -0500] "GET /BLA/boletinlegal/consulta_actos.php?tipo=resoluciones&no=2700&usuario=&sector=&fecha=2023&resuelve= HTTP/1.1" 200 1330
200.118.164.17 - - [08/Dec/2023:13:50:09 -0500] "GET /BLA/resoluciones/RESOLUCIONES%202023/2700.pdf HTTP/1.1" 304 -
191.102.224.198 - - [08/Dec/2023:13:50:12 -0500] "GET /BLA/resoluciones/RESOLUCIONES%202023/2700.pdf HTTP/1.1" 200 367848
213.180.203.233 - - [08/Dec/2023:13:50:57 -0500] "GET /robots.txt HTTP/1.1" 404 1018
213.180.203.212 - - [08/Dec/2023:13:50:57 -0500] "GET / HTTP/1.1" 200 319
172.22.2.4 - - [08/Dec/2023:13:49:44 -0500] "HEAD /BLA/boletinlegal/ HTTP/1.1" 200 -
201.245.192.253 - - [08/Dec/2023:13:51:27 -0500] "POST /kwsrmcab/Wsrmcab  HTTP/1.1" 200 41806
172.22.2.4 - - [08/Dec/2023:13:50:35 -0500] "GET /BLA/boletinlegal/ HTTP/1.1" 200 51732
216.245.221.92 - - [08/Dec/2023:13:52:57 -0500] "HEAD / HTTP/1.1" 200 -
201.245.192.253 - - [08/Dec/2023:13:56:25 -0500] "POST /kwsrmcab/Wsrmcab  HTTP/1.1" 200 41806
201.245.192.253 - - [08/Dec/2023:13:56:32 -0500] "GET /sipse/faces/faces/faces/autenticacion.xhtml HTTP/1.1" 200 12736
201.245.192.253 - - [08/Dec/2023:13:56:33 -0500] "GET /sipse/css/custom_css_sg_prime_login.css HTTP/1.1" 200 443
201.245.192.253 - - [08/Dec/2023:13:56:33 -0500] "GET /sipse/faces/javax.faces.resource/layout/layout.css;jsessionid=Kr+BdapZTv7Jd8KlJtq3HlFD.undefined?ln=primefaces&v=4.0 HTTP/1.1" 200 542
201.245.192.253 - - [08/Dec/2023:13:56:33 -0500] "GET /sipse/faces/javax.faces.resource/layout/layout.js;jsessionid=Kr+BdapZTv7Jd8KlJtq3HlFD.undefined?ln=primefaces&v=4.0 HTTP/1.1" 200 87560
201.245.192.253 - - [08/Dec/2023:13:56:33 -0500] "GET /sipse/faces/javax.faces.resource/jquery/jquery.js;jsessionid=Kr+BdapZTv7Jd8KlJtq3HlFD.undefined?ln=primefaces&v=4.0 HTTP/1.1" 200 105384
201.245.192.253 - - [08/Dec/2023:13:56:33 -0500] "GET /sipse/faces/javax.faces.resource/jquery/jquery-plugins.js;jsessionid=Kr+BdapZTv7Jd8KlJtq3HlFD.undefined?ln=primefaces&v=4.0 HTTP/1.1" 200 220526
201.245.192.253 - - [08/Dec/2023:13:56:33 -0500] "GET /sipse/faces/javax.faces.resource/primefaces.css;jsessionid=Kr+BdapZTv7Jd8KlJtq3HlFD.undefined?ln=primefaces&v=4.0 HTTP/1.1" 200 53295
201.245.192.253 - - [08/Dec/2023:13:56:33 -0500] "GET /sipse/faces/javax.faces.resource/theme.css?ln=primefaces-sipse HTTP/1.1" 200 50058
201.245.192.253 - - [08/Dec/2023:13:56:33 -0500] "GET /sipse/faces/javax.faces.resource/primefaces.js;jsessionid=Kr+BdapZTv7Jd8KlJtq3HlFD.undefined?ln=primefaces&v=4.0 HTTP/1.1" 200 276924
201.245.192.253 - - [08/Dec/2023:13:56:33 -0500] "GET /sipse/css/imagen/logoSDG.png HTTP/1.1" 200 26770
201.245.192.253 - - [08/Dec/2023:13:56:33 -0500] "GET /sipse/css/imagen/loginimg.png HTTP/1.1" 200 29434
201.245.192.253 - - [08/Dec/2023:13:56:33 -0500] "GET /sipse/faces/javax.faces.resource/images/ui-icons_898989_256x240.png?ln=primefaces-aristo HTTP/1.1" 200 5355
201.245.192.253 - - [08/Dec/2023:13:56:33 -0500] "GET /favicon.ico HTTP/1.1" 200 7782
201.245.192.253 - - [08/Dec/2023:13:56:33 -0500] "GET /sipse/faces/faces/faces/index.xhtml HTTP/1.1" 200 677
201.245.192.253 - - [08/Dec/2023:13:56:33 -0500] "GET /sipse/faces/javax.faces.resource/theme.css?ln=primefaces-sipse HTTP/1.1" 304 -
201.245.192.253 - - [08/Dec/2023:13:56:33 -0500] "GET /sipse/faces/faces/faces/faces/autenticacion.xhtml HTTP/1.1" 200 12414
201.245.192.253 - - [08/Dec/2023:13:56:33 -0500] "GET /sipse/faces/javax.faces.resource/theme.css?ln=primefaces-sipse HTTP/1.1" 304 -
201.245.192.253 - - [08/Dec/2023:13:56:33 -0500] "GET /sipse/faces/javax.faces.resource/layout/layout.css?ln=primefaces&v=4.0 HTTP/1.1" 200 542
201.245.192.253 - - [08/Dec/2023:13:56:33 -0500] "GET /sipse/faces/javax.faces.resource/jquery/jquery.js?ln=primefaces&v=4.0 HTTP/1.1" 304 -
201.245.192.253 - - [08/Dec/2023:13:56:33 -0500] "GET /sipse/faces/javax.faces.resource/jquery/jquery-plugins.js?ln=primefaces&v=4.0 HTTP/1.1" 304 -
201.245.192.253 - - [08/Dec/2023:13:56:33 -0500] "GET /sipse/faces/javax.faces.resource/primefaces.js?ln=primefaces&v=4.0 HTTP/1.1" 304 -
201.245.192.253 - - [08/Dec/2023:13:56:33 -0500] "GET /sipse/faces/javax.faces.resource/primefaces.css?ln=primefaces&v=4.0 HTTP/1.1" 200 53295
201.245.192.253 - - [08/Dec/2023:13:56:33 -0500] "GET /sipse/faces/javax.faces.resource/layout/layout.js?ln=primefaces&v=4.0 HTTP/1.1" 304 -
201.245.192.253 - - [08/Dec/2023:13:56:33 -0500] "GET /sipse/faces/javax.faces.resource/images/ui-icons_898989_256x240.png?ln=primefaces-aristo HTTP/1.1" 304 -
201.245.192.253 - - [08/Dec/2023:13:56:35 -0500] "POST /sipse/faces/autenticacion.xhtml HTTP/1.1" 200 11235
201.245.192.253 - - [08/Dec/2023:13:56:36 -0500] "GET /sipse/css/custom_css_sg_prime.css HTTP/1.1" 200 5201
201.245.192.253 - - [08/Dec/2023:13:56:36 -0500] "GET /sipse/faces/javax.faces.resource/jquery/jquery.js?ln=primefaces&v=4.0 HTTP/1.1" 304 -
201.245.192.253 - - [08/Dec/2023:13:56:36 -0500] "GET /sipse/faces/javax.faces.resource/jquery/jquery-plugins.js?ln=primefaces&v=4.0 HTTP/1.1" 304 -
201.245.192.253 - - [08/Dec/2023:13:56:36 -0500] "GET /sipse/faces/javax.faces.resource/primefaces.js?ln=primefaces&v=4.0 HTTP/1.1" 304 -
201.245.192.253 - - [08/Dec/2023:13:56:36 -0500] "GET /sipse/faces/javax.faces.resource/layout/layout.js?ln=primefaces&v=4.0 HTTP/1.1" 304 -
201.245.192.253 - - [08/Dec/2023:13:56:36 -0500] "GET /sipse/faces/javax.faces.resource/messages/messages.png?ln=primefaces&v=4.0 HTTP/1.1" 200 27209
201.245.192.253 - - [08/Dec/2023:13:56:39 -0500] "POST /sipse/faces/presentacion/sistema/seguridad/seleccionRol.xhtml HTTP/1.1" 200 5600
201.245.192.253 - - [08/Dec/2023:13:56:41 -0500] "POST /sipse/faces/presentacion/sistema/seguridad/seleccionRol.xhtml HTTP/1.1" 200 17678
201.245.192.253 - - [08/Dec/2023:13:56:41 -0500] "GET /sipse/faces/javax.faces.resource/jquery/jquery.js?ln=primefaces&v=4.0 HTTP/1.1" 304 -
201.245.192.253 - - [08/Dec/2023:13:56:41 -0500] "GET /sipse/faces/javax.faces.resource/jquery/jquery-plugins.js?ln=primefaces&v=4.0 HTTP/1.1" 304 -
201.245.192.253 - - [08/Dec/2023:13:56:41 -0500] "GET /sipse/faces/javax.faces.resource/primefaces.js?ln=primefaces&v=4.0 HTTP/1.1" 304 -
201.245.192.253 - - [08/Dec/2023:13:56:41 -0500] "GET /sipse/faces/javax.faces.resource/layout/layout.js?ln=primefaces&v=4.0 HTTP/1.1" 304 -
201.245.192.253 - - [08/Dec/2023:13:56:41 -0500] "GET /sipse/css/v_mergente.css HTTP/1.1" 200 1505
201.245.192.253 - - [08/Dec/2023:13:56:41 -0500] "GET /sipse/imagenes/cargando.gif HTTP/1.1" 200 19186
201.245.192.253 - - [08/Dec/2023:13:56:41 -0500] "GET /sipse/imagenes/logoAplicacion.jpg HTTP/1.1" 200 15711
201.245.192.253 - - [08/Dec/2023:13:56:41 -0500] "GET /sipse/css/imagen/contrasena.png HTTP/1.1" 404 383
201.245.192.253 - - [08/Dec/2023:13:56:43 -0500] "GET /sipse/faces/javax.faces.resource/images/ui-bg_flat_0_2d5972_40x100.png?ln=primefaces-aristo HTTP/1.1" 200 183
201.245.192.253 - - [08/Dec/2023:13:56:43 -0500] "POST /sipse/faces/bienvenido.xhtml HTTP/1.1" 200 3246
201.245.192.253 - - [08/Dec/2023:13:56:44 -0500] "POST /sipse/faces/bienvenido.xhtml HTTP/1.1" 200 34962
201.245.192.253 - - [08/Dec/2023:13:56:45 -0500] "GET /sipse/faces/javax.faces.resource/jquery/jquery.js?ln=primefaces&v=4.0 HTTP/1.1" 304 -
201.245.192.253 - - [08/Dec/2023:13:56:45 -0500] "GET /sipse/faces/javax.faces.resource/jquery/jquery-plugins.js?ln=primefaces&v=4.0 HTTP/1.1" 304 -
201.245.192.253 - - [08/Dec/2023:13:56:45 -0500] "GET /sipse/faces/javax.faces.resource/primefaces.js?ln=primefaces&v=4.0 HTTP/1.1" 304 -
201.245.192.253 - - [08/Dec/2023:13:56:45 -0500] "GET /sipse/faces/javax.faces.resource/layout/layout.js?ln=primefaces&v=4.0 HTTP/1.1" 304 -
201.245.192.253 - - [08/Dec/2023:13:56:45 -0500] "POST /sipse/faces/presentacion/financiero/solicitudProceso/listarSolicitudProceso.xhtml HTTP/1.1" 200 1376
201.245.192.253 - - [08/Dec/2023:13:56:47 -0500] "POST /sipse/faces/presentacion/financiero/solicitudProceso/listarSolicitudProceso.xhtml HTTP/1.1" 200 184
201.245.192.253 - - [08/Dec/2023:13:56:47 -0500] "POST /sipse/faces/presentacion/financiero/solicitudProceso/listarSolicitudProceso.xhtml HTTP/1.1" 200 184
201.245.192.253 - - [08/Dec/2023:13:56:47 -0500] "GET /sipse/faces/presentacion/financiero/solicitudAnulacion/solicitudAnulacion.xhtml HTTP/1.1" 200 16113
201.245.192.253 - - [08/Dec/2023:13:56:47 -0500] "GET /sipse/faces/presentacion/financiero/solicitudAnulacion/solicitudAnulacion.xhtml HTTP/1.1" 200 33587
201.245.192.253 - - [08/Dec/2023:13:56:47 -0500] "GET /sipse/faces/javax.faces.resource/theme.css?ln=primefaces-sipse HTTP/1.1" 304 -
201.245.192.253 - - [08/Dec/2023:13:56:47 -0500] "GET /sipse/faces/javax.faces.resource/primefaces.css?ln=primefaces&v=4.0 HTTP/1.1" 304 -
201.245.192.253 - - [08/Dec/2023:13:56:47 -0500] "GET /sipse/faces/javax.faces.resource/layout/layout.css?ln=primefaces&v=4.0 HTTP/1.1" 304 -
201.245.192.253 - - [08/Dec/2023:13:56:47 -0500] "GET /sipse/faces/javax.faces.resource/jquery/jquery-plugins.js?ln=primefaces&v=4.0 HTTP/1.1" 304 -
201.245.192.253 - - [08/Dec/2023:13:56:47 -0500] "GET /sipse/faces/javax.faces.resource/jquery/jquery.js?ln=primefaces&v=4.0 HTTP/1.1" 304 -
201.245.192.253 - - [08/Dec/2023:13:56:47 -0500] "GET /sipse/faces/javax.faces.resource/primefaces.js?ln=primefaces&v=4.0 HTTP/1.1" 304 -
201.245.192.253 - - [08/Dec/2023:13:56:47 -0500] "GET /sipse/faces/javax.faces.resource/layout/layout.js?ln=primefaces&v=4.0 HTTP/1.1" 304 -
201.245.192.253 - - [08/Dec/2023:13:56:48 -0500] "GET /sipse/faces/javax.faces.resource/images/ui-icons_898989_256x240.png?ln=primefaces-aristo HTTP/1.1" 304 -
201.245.192.253 - - [08/Dec/2023:13:56:48 -0500] "GET /sipse/faces/javax.faces.resource/images/ui-bg_flat_0_2d5972_40x100.png?ln=primefaces-aristo HTTP/1.1" 304 -
201.245.192.253 - - [08/Dec/2023:13:56:48 -0500] "POST /sipse/faces/presentacion/financiero/solicitudAnulacion/solicitudAnulacion.xhtml HTTP/1.1" 200 10468
201.245.192.253 - - [08/Dec/2023:13:56:48 -0500] "GET /sipse/faces/javax.faces.resource/messages/messages.png?ln=primefaces&v=4.0 HTTP/1.1" 304 -
201.245.192.253 - - [08/Dec/2023:13:56:49 -0500] "POST /sipse/faces/presentacion/financiero/solicitudAnulacion/solicitudAnulacion.xhtml HTTP/1.1" 200 29761
201.245.192.253 - - [08/Dec/2023:13:56:49 -0500] "GET /sipse/faces/javax.faces.resource/jquery/jquery.js?ln=primefaces&v=4.0 HTTP/1.1" 304 -
201.245.192.253 - - [08/Dec/2023:13:56:49 -0500] "GET /sipse/faces/javax.faces.resource/jquery/jquery-plugins.js?ln=primefaces&v=4.0 HTTP/1.1" 304 -
201.245.192.253 - - [08/Dec/2023:13:56:50 -0500] "GET /sipse/faces/javax.faces.resource/primefaces.js?ln=primefaces&v=4.0 HTTP/1.1" 304 -
201.245.192.253 - - [08/Dec/2023:13:56:50 -0500] "GET /sipse/faces/javax.faces.resource/layout/layout.js?ln=primefaces&v=4.0 HTTP/1.1" 304 -
172.22.2.4 - - [08/Dec/2023:13:55:34 -0500] "HEAD /BLA/boletinlegal/ HTTP/1.1" 200 -
216.245.221.92 - - [08/Dec/2023:13:57:57 -0500] "HEAD / HTTP/1.1" 200 -
172.22.2.4 - - [08/Dec/2023:13:56:25 -0500] "GET /BLA/boletinlegal/ HTTP/1.1" 200 58294
201.245.192.253 - - [08/Dec/2023:14:01:24 -0500] "POST /kwsrmcab/Wsrmcab  HTTP/1.1" 200 41806
31.7.58.42 - - [08/Dec/2023:14:02:04 -0500] "GET / HTTP/1.1" 200 319
172.22.2.4 - - [08/Dec/2023:14:02:47 -0500] "GET /BLA/boletinlegal/consulta_actos.php?tipo=resoluciones&no=2700&usuario=&sector=&fecha=2023&resuelve=anexos HTTP/1.1" 200 626
216.245.221.92 - - [08/Dec/2023:14:02:57 -0500] "HEAD / HTTP/1.1" 200 -
172.22.2.4 - - [08/Dec/2023:14:01:24 -0500] "HEAD /BLA/boletinlegal/ HTTP/1.1" 200 -
172.22.2.4 - - [08/Dec/2023:14:03:09 -0500] "GET /BLA/boletinlegal/consulta_actos.php?tipo=resoluciones&no=2700&usuario=&sector=&fecha=2023&resuelve=anexo HTTP/1.1" 200 626
172.22.2.4 - - [08/Dec/2023:14:03:14 -0500] "GET /BLA/boletinlegal/consulta_actos.php?tipo=resoluciones&no=2700&usuario=&sector=&fecha=2023&resuelve=anexo HTTP/1.1" 200 626
172.22.2.4 - - [08/Dec/2023:14:03:19 -0500] "GET /BLA/boletinlegal/consulta_actos.php?tipo=resoluciones&no=2700&usuario=&sector=&fecha=2023&resuelve= HTTP/1.1" 200 1330
172.22.2.4 - - [08/Dec/2023:14:02:15 -0500] "GET /BLA/boletinlegal/ HTTP/1.1" 200 58644
216.244.66.195 - - [08/Dec/2023:14:06:13 -0500] "GET /bla/resoluciones/RESOLUCIONES%202011/2394.pdf HTTP/1.1" 200 640816
201.245.192.253 - - [08/Dec/2023:14:06:23 -0500] "POST /kwsrmcab/Wsrmcab  HTTP/1.1" 200 41806
216.244.66.195 - - [08/Dec/2023:14:07:12 -0500] "GET /BLA/resoluciones/index.php?dir=RESOLUCIONES+2007%2F HTTP/1.1" 200 37998
216.245.221.92 - - [08/Dec/2023:14:07:57 -0500] "HEAD / HTTP/1.1" 200 -
172.22.2.4 - - [08/Dec/2023:14:07:14 -0500] "HEAD /BLA/boletinlegal/ HTTP/1.1" 200 -
216.244.66.195 - - [08/Dec/2023:14:08:54 -0500] "GET /videos/Disciplinarios.flv HTTP/1.1" 200 3644983
216.244.66.195 - - [08/Dec/2023:14:09:14 -0500] "GET /BLA/resoluciones/index.php?dir=AUTOS+2012%2F HTTP/1.1" 200 276804
172.22.2.4 - - [08/Dec/2023:14:08:05 -0500] "GET /BLA/boletinlegal/ HTTP/1.1" 200 60224
186.102.21.40 - - [08/Dec/2023:14:09:58 -0500] "OPTIONS /kwssiamovil/sm/setfile/f? HTTP/1.1" 200 13
186.102.21.40 - - [08/Dec/2023:14:09:58 -0500] "POST /kwssiamovil/sm/setfile/f? HTTP/1.1" 200 381
186.102.21.40 - - [08/Dec/2023:14:10:06 -0500] "GET /kwssiamovil/sm/acme/a?s=U2FsdGVkX1//I6FMvwpDoxDN97iD3xJzNNeOnTapDesNJzLZ5S/34ziIKJXKW1+huElEaL+d9+uAZUMnwRHEiQy3Rfo5HV556QPuIQ9JXYk+4CiIhfVSFKz2hjL8EgTUcFCxck9LHc/1+FmagMUzv6UMDejKqT2ZzEPyiz3+laJ7HpTSnLPZbh8/+2jvi8ILQ20/yZPSycNxkEXJzZWcV/bUgZZvUiZ2iD0Vg+Viw8ygY4bv2WawnEmwzjPPlGdZ6h1Hag4uWeimNTfUrMsQZg==&u=U2FsdGVkX1/9+2u7pDdhaIXrB8VPZpmPMUx/BYcfRorssvyXIanitjcLdqa7sll6&y=U2FsdGVkX1/6bOYAOKYNBkK30tjY5woWmaaGXnrs5s8RsKY/QOiAyLW8VsyueUIN HTTP/1.1" 200 26
186.102.21.40 - - [08/Dec/2023:14:10:07 -0500] "GET /kwssiamovil/sm/acme/a?s=U2FsdGVkX19ryXMhULnzNDHmlxX7c7Wc0NRsd9IUh2hf07Cdm3l54OEDPR6eklj6Bhkxz9Q7sTlOuoV3cR6F+qXOIZ1XhV4IsJvxQxx00abylQxze8TdOZ/rUEZIFSULbe8BImtaOwoBBc3isQWJXpykUdkSSIqAys/b1K/mHh6p3y5J3L5N1QTE3krTCXfsOJBrlXocjGqAkit5gIr1QNH8iruN7rh7GAyb2p/i6nIjLQBossriqxnN+mwDvfjWvgsf2WNZfthB6BMpbBRWyfGDnc0SKOm81DjlAERymusfYOXn5Og0MxNqS5jL4h2HyRq3MBg2w9fO7NMltTMNQixdWKMjofhr4/83GPZy3trHPHIEkauvUV+CEsS/UJ22qfdCPNLJToFNjgMGh5ygpVDO4Be0R7jeY3kYCtnH3V2caFUwAE32kNlb5pReIPmnnsysNSyKgfJthYLJaDE2BKdgUAmMJCz+z1oeAq45gt7iJziA8jfDBzyR2ink60Z0pQ4sg2kdcP0S4ge1IpQkD3xswtQtgPjrFgVPokAhGY05aSsnNKaRR0VrLWiD34NDQEIquz34UtyfKXycmOLBUvMzFRa/RUDJPnPmx6FDFbhaB86w7l1J2JeOvvEH+bOwl4Jvfk7arHGcv3Thg2Hh8laDc3K7df3qyyfSVZlsmIrVNAYT9QYOfegfxZpcUMQQz4m9KSKrsV0tOZ5xtJVDqCjPquAnwaNBLh+A3mb+RaUenvxauP75meEQnY8PEhAoLBjC89kYjTEkRvVhLshypcx5dAsJL6pRlzwOK1st/bwKcRWQ/esUcNpUcxtCl71TLjH0zIZxTbc5szebO6Habw16qGuOMMtl5mXGYjHAxl8MoQ6MbeJqjnB3KkGAQ0KRO/Sv4P+hZ/7oPsTP4OCeILqh+SGM2zxhjlaRyZdiBc2y+s4atxB0SRpXse3YGYUcac8Yl9qc9ncCc4Lcwh737iLNrYT+slmETh+i8t6HJsBzKoN3SJ6kmT3gRcMEHOTyWku7di83dink02FVyx21pWxhXuihpm7X4Glnd7lc2+i7iOxTAHf+Xs5BJCbfQjDeO/I3ZtcFxyictI0UPFHGo8bOzRPPKlFhfWnJcgMSfHtfG+4YInd8KKxE3n5tlS+AIq5ivcKBrjzVYLJrrICVCQ4sSXXX5Zvk1yWJzQvxACqFy9UNGESZee++xL9Z3nxVK7HAfMoTU4nKzQ7/COpnefH4mtalRj6SIXW0JtquJPRpRZYbaWPtKE+NEL61bR6EzEPsoatQVpMY3/LQLBR+qQAXgs2HB1yRnnCGQSXzFozdDlEAVHXD6C/BkZRJtfYb8Tt4peN/6xhTtrZ6eTAZ/KZhAX81rUv+I1TApOXw/afZxyL8LmxTJNiGkOUKNDbQV0TCL6gqQc1r/0C2Ovh8vKLfPrinFoCqJDkqHdv5dIwSKblImv9OuvF8g0ZbyPUtfD5maaDakbTkPbE1Uvp15qfdwvuU8POZeORB7Wzh2Dx2pncAAjJwAiBiSDJ2sSmKfbsDqiP1EgB/HMbzFNWB8exIEF7pvCOVWICsctDNVarP3eZrtgmOPpN9NYrOCTvQw9QXuYNAUhMahDVvVu8DI8L6oS9jANiOa0+5fPrnoEoVoQLYnpIGsDzKGRVH8IDr8pr63HA9NwoG4rjIIQalm1voYbOa+oBgeARVEvn2ex6vjSFKRDufsTHcWSoPKMcwCXjdEZIJUUDKIC/cwHpiRpF7IFkkaFAc6tyEs7h+TEfsgyu5JmiTQYVUxqwk0yqtcMemL81Dft9wtoIUIsDxMTysW3zYBYwICMXqWGkSh8BVdmMVOSRHwe9yl75Pmfq8dKuyozvb0WVg70O9yDIsdn1rRkXrMGyxSpJc3O3Mp0gtbWsj4fbNHBnCa8jgo8p+olQdSxDxsh7E8rgUsXsvEYIEJv0cUWbn7bZMA9CjoB85Fk2WoxbcCZF/7Q+7gt2MuGgSa1LPf3rmZemaR1a1+ryyMvNoduGVrt7K1VGBNqdhBWcPttrcHTJvFBarIMNoz3lWDcX6+rOBEAbFUiTp+lQWrE39jQCUW0d9vGnvyxQffdDfH6AzKTDVMLOnv4I15Qwhwngd+Ezj1kWs+2mxA7XNTarDkD34MitIOm/mXTLt/fYaqkslUQ6pqNYiUWJj&u=U2FsdGVkX1/9+2u7pDdhaIXrB8VPZpmPMUx/BYcfRorssvyXIanitjcLdqa7sll6&y=U2FsdGVkX1/6bOYAOKYNBkK30tjY5woWmaaGXnrs5s8RsKY/QOiAyLW8VsyueUIN HTTP/1.1" 200 26
186.102.21.40 - - [08/Dec/2023:14:10:07 -0500] "GET /kwssiamovil/sm/acme/a?s=U2FsdGVkX190EFanVIIb6sv9RSLRRTOg83aQ8BLpuTdY0JT5NCeoZxlrJdsawIX3PZSoNkTnngsXSo5IOG2WXsFZ7R5tOu9HmBMaZNf1fous5Rxg2Pk3ojbqiSTXLJTEG+/Deb9t18vOfS/rZbsqG/28/Go6M8b12h6lWAsw6vI=&u=U2FsdGVkX1/9+2u7pDdhaIXrB8VPZpmPMUx/BYcfRorssvyXIanitjcLdqa7sll6&y=U2FsdGVkX1/6bOYAOKYNBkK30tjY5woWmaaGXnrs5s8RsKY/QOiAyLW8VsyueUIN HTTP/1.1" 200 26
186.102.21.40 - - [08/Dec/2023:14:10:07 -0500] "GET /kwssiamovil/sm/acme/a?s=U2FsdGVkX1/oVctClrU8atGX3uphNz9ruUqe7QOx9W2F/ann755njNCOLUpAqMGqJ2We9o5SD2LEiRBw3oHpptx0H4VuNusVpho9OmulnZBGfMpuER6xn3T0CFLKX8Bzz0WMe6dLvx0j/T5SX6mg/gfmFkEBwht5MKCb6w3sPpM=&u=U2FsdGVkX1/9+2u7pDdhaIXrB8VPZpmPMUx/BYcfRorssvyXIanitjcLdqa7sll6&y=U2FsdGVkX1/6bOYAOKYNBkK30tjY5woWmaaGXnrs5s8RsKY/QOiAyLW8VsyueUIN HTTP/1.1" 200 26
186.102.21.40 - - [08/Dec/2023:14:10:07 -0500] "GET /kwssiamovil/sm/acme/a?s=U2FsdGVkX1+lmb8OwQcfPraEiiz2M1u3Tf+aGqUtc4XGxV3aaROr2S4ZpLx1hvnc7bzmtzlppCGjqKVew4y9Rj8f4HV5MxZblJlTjCI2gzxjoAIOf1YUw2I3oobJlt8VV5X1Y6dvRufOyL3wMatdhDuBGzOSYyCYj/c/HifdQ9I=&u=U2FsdGVkX1/9+2u7pDdhaIXrB8VPZpmPMUx/BYcfRorssvyXIanitjcLdqa7sll6&y=U2FsdGVkX1/6bOYAOKYNBkK30tjY5woWmaaGXnrs5s8RsKY/QOiAyLW8VsyueUIN HTTP/1.1" 200 26
186.102.21.40 - - [08/Dec/2023:14:10:08 -0500] "GET /kwssiamovil/sm/acme/a?s=U2FsdGVkX185Om3xvXv4lPZQvavrEeOrSJRXf6ujnw0WJN2NAnQ+kGRGCvYpQqvMQWXbNiFHwGI/UUZaABkOHBV6kAeSKfZkOza6dMIob176pqYQoM8gvsWRyMRF0pG+fJ8RjvK0vRHXgClL5RyLVn+0dpYVdNusG312KI3uwKqMgKnXbYGMiMMHa7QCsbwywf6vrX1XFPpriqkHkUYGoA==&u=U2FsdGVkX1/9+2u7pDdhaIXrB8VPZpmPMUx/BYcfRorssvyXIanitjcLdqa7sll6&y=U2FsdGVkX1/6bOYAOKYNBkK30tjY5woWmaaGXnrs5s8RsKY/QOiAyLW8VsyueUIN HTTP/1.1" 200 26
186.102.21.40 - - [08/Dec/2023:14:10:08 -0500] "GET /kwssiamovil/sm/acme/a?s=U2FsdGVkX1+/XWafBaUwkhMfwiE06j9WW6HwV7YTieosyzkEKuJ9TR85adC+w6cEHubIAv7OTROSw56U7p7eM6kaIO1BKRg/zjeTVpsXc0fMyxk1UItnaDNpRr7/ZRt2ORu6sHgr5uLypMzAqlGXjJk3zpcohBX7KfGPwS+qWAtVCtuM+G8x/84FvMt7PeJYblvfWAudURnyFLQIdd/KgjuJ6OoH+vWBVgI3MLh4KSLaYsnHBW5sonIORz6aj9NseUY6sj+IuUlwuQ0fvQV3GGBXd9rLdhmWKHw/XTbxYuO1yMD4wmpecL9I+njaoHNBSBgDQVjVdUKbFHiCicOoPvq1plV+j+QhBrSU5Tyf5GaAab1MxwPz2pztYVNj7df72SECYFQeM8cCgmH//RfGaXmeS7bDhFMoMJJcj1XnrCnRlsZhtOd//jNjt6UKoMbN&u=U2FsdGVkX1/9+2u7pDdhaIXrB8VPZpmPMUx/BYcfRorssvyXIanitjcLdqa7sll6&y=U2FsdGVkX1/6bOYAOKYNBkK30tjY5woWmaaGXnrs5s8RsKY/QOiAyLW8VsyueUIN HTTP/1.1" 200 25
186.102.21.40 - - [08/Dec/2023:14:10:08 -0500] "GET /kwssiamovil/sm/acme/a?s=U2FsdGVkX1+aCqoA8isE5BSJLPoj/1qCfA/QHKzfKHPEbcLpQpJamq3bhlwsRedti3KfPbw/+DE0UfDLO0Y1gdiP5eRW3zf1RZ674g/YnDmVuuRQPolDpDX3NOBpv4Ht73k1rh+32WTUoaJNDSn+Cjl83hALz/aEqOE063lL8LC15C2e8VWNCl2VsOWDatE0z3Ne7dORcQRrEZxuA7BQnvdP9lCEv53H9LflJiyvRVHiD3QMFye7m6Vo7aGpAQWsPWNN5d2/6g6gtzUDN5l019Rak74L3OweABo/j2Y7m61iljGqYXWtyv/Muz6oQMqH+FY0t98ImAh6KsQY5xR0bKK1zDt5IloIist6GrZJCro6/ADHw7I2GW5W/Tjs5kII8Z0cfp8x3RsVjeFbV4Hf5w==&u=U2FsdGVkX1/9+2u7pDdhaIXrB8VPZpmPMUx/BYcfRorssvyXIanitjcLdqa7sll6&y=U2FsdGVkX1/6bOYAOKYNBkK30tjY5woWmaaGXnrs5s8RsKY/QOiAyLW8VsyueUIN HTTP/1.1" 200 26
216.244.66.195 - - [08/Dec/2023:14:11:05 -0500] "GET /BLA/resoluciones/index.php?dir=RESOLUCIONES+1992%2F HTTP/1.1" 200 2871
78.153.140.222 - - [08/Dec/2023:14:11:15 -0500] "GET / HTTP/1.1" 200 319
78.153.140.222 - - [08/Dec/2023:14:11:15 -0500] "\x16\x03\x01\x01H\x01" 400 226
78.153.140.222 - - [08/Dec/2023:14:11:15 -0500] "GET /admin/config.php HTTP/1.1" 404 1018
78.153.140.222 - - [08/Dec/2023:14:11:16 -0500] "\x16\x03\x01\x01H\x01" 400 226
201.245.192.253 - - [08/Dec/2023:14:11:21 -0500] "POST /kwsrmcab/Wsrmcab  HTTP/1.1" 200 41806
181.49.249.223 - - [08/Dec/2023:14:11:26 -0500] "GET /dias-soleados-en-bogota-que-pasa-con-la-calidad-del-aire.html HTTP/1.1" 200 847
181.49.249.223 - - [08/Dec/2023:14:11:26 -0500] "GET /dias-soleados-en-bogota-que-pasa-con-la-calidad-del-aire.html HTTP/1.1" 200 847
181.49.249.223 - - [08/Dec/2023:14:11:26 -0500] "GET /apple-touch-icon-120x120-precomposed.png HTTP/1.1" 404 1034
181.49.249.223 - - [08/Dec/2023:14:11:26 -0500] "GET /apple-touch-icon-120x120.png HTTP/1.1" 404 1034
181.49.249.223 - - [08/Dec/2023:14:11:26 -0500] "GET /apple-touch-icon-precomposed.png HTTP/1.1" 404 1034
181.49.249.223 - - [08/Dec/2023:14:11:26 -0500] "GET /apple-touch-icon.png HTTP/1.1" 404 1034
181.49.249.223 - - [08/Dec/2023:14:11:26 -0500] "GET /favicon.ico HTTP/1.1" 404 1034
181.49.249.223 - - [08/Dec/2023:14:11:26 -0500] "GET /apple-touch-icon-120x120-precomposed.png HTTP/1.1" 404 1034
181.49.249.223 - - [08/Dec/2023:14:11:26 -0500] "GET /apple-touch-icon-120x120.png HTTP/1.1" 404 1034
181.49.249.223 - - [08/Dec/2023:14:11:26 -0500] "GET /apple-touch-icon-precomposed.png HTTP/1.1" 404 1034
181.49.249.223 - - [08/Dec/2023:14:11:26 -0500] "GET /apple-touch-icon.png HTTP/1.1" 404 1034
181.49.249.223 - - [08/Dec/2023:14:11:26 -0500] "GET /favicon.ico HTTP/1.1" 404 1034
216.244.66.195 - - [08/Dec/2023:14:11:34 -0500] "GET /BLA/resoluciones/AUTOS%202016/0003.pdf HTTP/1.1" 200 448278
157.90.254.89 - - [08/Dec/2023:14:12:01 -0500] "GET / HTTP/1.1" 200 4720
157.90.254.89 - - [08/Dec/2023:14:12:05 -0500] "GET / HTTP/1.1" 200 319
216.244.66.195 - - [08/Dec/2023:14:12:07 -0500] "GET /BLA/resoluciones/AUTOS%202016/0027.pdf HTTP/1.1" 200 466325
52.167.144.230 - - [08/Dec/2023:14:12:10 -0500] "GET /BLA/resoluciones/AUTOS%202023/5693.pdf HTTP/1.1" 200 403328
52.167.144.230 - - [08/Dec/2023:14:12:12 -0500] "GET /BLA/resoluciones/AUTOS%202023/5517.pdf HTTP/1.1" 200 1340142
216.244.66.195 - - [08/Dec/2023:14:12:34 -0500] "GET /BLA/resoluciones/RESOLUCIONES%202017/3752.pdf HTTP/1.1" 200 307040
216.245.221.92 - - [08/Dec/2023:14:12:57 -0500] "HEAD / HTTP/1.1" 200 -
216.244.66.195 - - [08/Dec/2023:14:13:02 -0500] "GET /BLA/resoluciones/RESOLUCIONES%202019/0171.pdf HTTP/1.1" 200 288489
216.244.66.195 - - [08/Dec/2023:14:13:27 -0500] "GET /BLA/resoluciones/RESOLUCIONES%202019/1319.pdf HTTP/1.1" 200 1089769
216.244.66.195 - - [08/Dec/2023:14:13:53 -0500] "GET /BLA/resoluciones/RESOLUCIONES%202019/1746.pdf HTTP/1.1" 200 304835
216.244.66.195 - - [08/Dec/2023:14:14:17 -0500] "GET /BLA/resoluciones/RESOLUCIONES%202019/2034.pdf HTTP/1.1" 200 336069
216.244.66.195 - - [08/Dec/2023:14:14:39 -0500] "GET /BLA/resoluciones/RESOLUCIONES%202019/2119.pdf HTTP/1.1" 200 299409
172.22.2.4 - - [08/Dec/2023:14:13:04 -0500] "HEAD /BLA/boletinlegal/ HTTP/1.1" 200 -
216.244.66.195 - - [08/Dec/2023:14:15:01 -0500] "GET /BLA/resoluciones/RESOLUCIONES%202019/2217.pdf HTTP/1.1" 200 367037
216.244.66.195 - - [08/Dec/2023:14:15:21 -0500] "GET /BLA/resoluciones/RESOLUCIONES%202019/2477.pdf HTTP/1.1" 200 325825
40.77.167.28 - - [08/Dec/2023:14:15:23 -0500] "GET /sipse/faces/faces/autenticacion.xhtml HTTP/1.1" 200 12736
185.180.143.49 - - [08/Dec/2023:14:15:24 -0500] "GET / HTTP/1.1" 200 319
172.22.2.4 - - [08/Dec/2023:14:13:55 -0500] "GET /BLA/boletinlegal/ HTTP/1.1" 200 60634
216.244.66.195 - - [08/Dec/2023:14:15:41 -0500] "GET /BLA/resoluciones/RESOLUCIONES%202019/2584.pdf HTTP/1.1" 200 461178
52.167.144.191 - - [08/Dec/2023:14:15:49 -0500] "GET /BLA/resoluciones/RESOLUCIONES%202021/4876.pdf HTTP/1.1" 200 347470
216.244.66.195 - - [08/Dec/2023:14:15:59 -0500] "GET /BLA/resoluciones/RESOLUCIONES%202019/2853.pdf HTTP/1.1" 200 276630
216.244.66.195 - - [08/Dec/2023:14:16:17 -0500] "GET /BLA/resoluciones/RESOLUCIONES%202019/2972.pdf HTTP/1.1" 200 1881664
201.245.192.253 - - [08/Dec/2023:14:16:20 -0500] "POST /kwsrmcab/Wsrmcab  HTTP/1.1" 200 41806
201.245.192.253 - - [08/Dec/2023:14:16:31 -0500] "POST /kwsrmcab/Wsrmcab HTTP/1.1" 200 36525
201.245.192.253 - - [08/Dec/2023:14:16:34 -0500] "POST /kwsrmcab/Wsrmcab HTTP/1.1" 200 38643
168.119.51.200 - - [08/Dec/2023:14:17:53 -0500] "GET / HTTP/1.1" 200 319
168.119.51.200 - - [08/Dec/2023:14:17:54 -0500] "GET / HTTP/1.1" 200 4720
216.245.221.92 - - [08/Dec/2023:14:17:57 -0500] "HEAD / HTTP/1.1" 200 -
201.245.192.253 - - [08/Dec/2023:14:20:16 -0500] "POST /kwsrmcab/Wsrmcab HTTP/1.1" 200 36525
201.245.192.253 - - [08/Dec/2023:14:20:24 -0500] "POST /kwsrmcab/Wsrmcab HTTP/1.1" 200 38643
172.22.2.4 - - [08/Dec/2023:14:18:54 -0500] "HEAD /BLA/boletinlegal/ HTTP/1.1" 200 -
201.245.192.253 - - [08/Dec/2023:14:21:19 -0500] "POST /kwsrmcab/Wsrmcab  HTTP/1.1" 200 41806
172.22.2.4 - - [08/Dec/2023:14:19:45 -0500] "GET /BLA/boletinlegal/ HTTP/1.1" 200 58294
172.22.2.4 - - [08/Dec/2023:14:21:51 -0500] "GET /BLA/boletinlegal/ HTTP/1.1" 200 32715
216.245.221.92 - - [08/Dec/2023:14:22:57 -0500] "HEAD / HTTP/1.1" 200 -
186.102.11.23 - - [08/Dec/2023:14:23:03 -0500] "GET /kwssiamovil/sm/ldap/au?x=U2FsdGVkX19b+7MOsTIJ746sP1W9TtrXfWJPefevA6Hw9QXtTnwc6E2Urrm1qA5D&y=U2FsdGVkX1+KPXgA4hxMK9wcOUTUndJfVVuzvfCdLO0clsMRuX4EQBnG28fJOYWP HTTP/1.1" 200 30
186.102.11.23 - - [08/Dec/2023:14:23:04 -0500] "GET /kwssiamovil/sm/acme/s?s=U2FsdGVkX19C4gFp+60q+4L39FrJ15kdcmR0PVd2f/n6OCcZj0jG0QGe1n0gpZIfyTRCPXoWHFAn3SgzNCOejMQq1cp6zaMlurQMGcEnITY=&u=U2FsdGVkX18phWMMHQb+9IflFa33jPq5OxEcxqOG5iA=&y=U2FsdGVkX1+KPXgA4hxMK9wcOUTUndJfVVuzvfCdLO0clsMRuX4EQBnG28fJOYWP HTTP/1.1" 200 97
