201.245.192.253 - - [09/Dec/2023:16:26:26 -0500] "POST /kwsrmcab/Wsrmcab HTTP/1.1" 200 38633
201.245.192.253 - - [09/Dec/2023:16:26:29 -0500] "POST /kwsrmcab/Wsrmcab HTTP/1.1" 200 38635
157.55.39.6 - - [09/Dec/2023:16:27:01 -0500] "GET /BLA/resoluciones/AUTOS%202020/0288.pdf HTTP/1.1" 304 -
216.245.221.92 - - [09/Dec/2023:16:27:53 -0500] "HEAD / HTTP/1.1" 200 -
172.22.2.4 - - [09/Dec/2023:16:28:06 -0500] "HEAD /BLA/boletinlegal/ HTTP/1.1" 200 -
201.245.192.253 - - [09/Dec/2023:16:30:03 -0500] "POST /kwsrmcab/Wsrmcab  HTTP/1.1" 200 41806
66.249.66.20 - - [09/Dec/2023:16:30:06 -0500] "GET /BLA/resoluciones/RESOLUCIONES%202009/3455.pdf HTTP/1.1" 200 908367
186.102.86.169 - - [09/Dec/2023:16:30:07 -0500] "GET /las-tres-caminatas-para-cerrar-el-ano-entre-la-naturaleza.html HTTP/1.1" 200 776
201.245.192.253 - - [09/Dec/2023:16:30:12 -0500] "POST /kwsrmcab/Wsrmcab HTTP/1.1" 200 38633
201.245.192.253 - - [09/Dec/2023:16:30:20 -0500] "POST /kwsrmcab/Wsrmcab HTTP/1.1" 200 38635
172.22.2.4 - - [09/Dec/2023:16:28:57 -0500] "GET /BLA/boletinlegal/ HTTP/1.1" 200 58294
66.249.66.21 - - [09/Dec/2023:16:30:39 -0500] "GET /BLA/resoluciones/AUTOS%202008/2154.pdf HTTP/1.1" 200 288606
216.245.221.92 - - [09/Dec/2023:16:32:53 -0500] "HEAD / HTTP/1.1" 200 -
66.249.66.19 - - [09/Dec/2023:16:33:52 -0500] "GET /resoluciones/RESOLUCIONES%202009/0192.pdf HTTP/1.1" 404 1018
66.249.66.19 - - [09/Dec/2023:16:33:58 -0500] "GET /BLA/resoluciones/Autos%202008/1332.pdf HTTP/1.1" 200 83208
201.245.192.253 - - [09/Dec/2023:16:35:01 -0500] "POST /kwsrmcab/Wsrmcab  HTTP/1.1" 200 41806
172.22.2.4 - - [09/Dec/2023:16:33:56 -0500] "HEAD /BLA/boletinlegal/ HTTP/1.1" 200 -
172.22.2.4 - - [09/Dec/2023:16:34:11 -0500] "GET /BLA/boletinlegal/ HTTP/1.1" 200 43959
172.22.2.4 - - [09/Dec/2023:16:34:47 -0500] "GET /BLA/boletinlegal/ HTTP/1.1" 200 49047
201.245.192.253 - - [09/Dec/2023:16:36:26 -0500] "POST /kwsrmcab/Wsrmcab HTTP/1.1" 200 38633
201.245.192.253 - - [09/Dec/2023:16:36:30 -0500] "POST /kwsrmcab/Wsrmcab HTTP/1.1" 200 38635
216.245.221.92 - - [09/Dec/2023:16:37:53 -0500] "HEAD / HTTP/1.1" 200 -
216.244.66.195 - - [09/Dec/2023:16:38:24 -0500] "GET /BLA/resoluciones/AUTOS%202011/4207.pdf HTTP/1.1" 200 439140
66.249.66.20 - - [09/Dec/2023:16:38:46 -0500] "GET /BLA/resoluciones/RESOLUCIONES%202009/5354.pdf HTTP/1.1" 200 428652
216.244.66.195 - - [09/Dec/2023:16:39:32 -0500] "GET /BLA/resoluciones/AUTOS%202016/0068.pdf HTTP/1.1" 200 550380
201.245.192.253 - - [09/Dec/2023:16:40:00 -0500] "POST /kwsrmcab/Wsrmcab  HTTP/1.1" 200 41806
216.244.66.195 - - [09/Dec/2023:16:40:05 -0500] "GET /BLA/resoluciones/AUTOS%202016/0174.pdf HTTP/1.1" 200 439426
201.245.192.253 - - [09/Dec/2023:16:40:11 -0500] "POST /kwsrmcab/Wsrmcab HTTP/1.1" 200 38633
66.249.66.19 - - [09/Dec/2023:16:40:17 -0500] "GET /BLA/resoluciones/RESOLUCIONES%202009/7670.pdf HTTP/1.1" 200 496469
201.245.192.253 - - [09/Dec/2023:16:40:20 -0500] "POST /kwsrmcab/Wsrmcab HTTP/1.1" 200 38635
216.244.66.195 - - [09/Dec/2023:16:40:36 -0500] "GET /BLA/resoluciones/AUTOS%202016/0555.pdf HTTP/1.1" 200 441463
173.252.107.10 - - [09/Dec/2023:16:40:54 -0500] "GET /images/mujeres-que-reverdecen.jpg HTTP/1.1" 200 31358
216.244.66.195 - - [09/Dec/2023:16:41:14 -0500] "GET /BLA/resoluciones/AUTOS%202016/0888.pdf HTTP/1.1" 200 718792
172.22.2.4 - - [09/Dec/2023:16:39:46 -0500] "HEAD /BLA/boletinlegal/ HTTP/1.1" 200 -
216.244.66.195 - - [09/Dec/2023:16:41:47 -0500] "GET /BLA/resoluciones/AUTOS%202016/1340.pdf HTTP/1.1" 200 532093
66.249.66.193 - - [09/Dec/2023:16:41:58 -0500] "GET /palmas-silvestres-secretaria-de-ambiente-inicia-campana-de-proteccion.html HTTP/1.1" 200 851
173.252.95.1 - - [09/Dec/2023:16:42:07 -0500] "GET /mujeres-que-reverdecen-secretaria-de-ambiente-anuncia-300-cupos-para-la-tercera-fase-del-programa.html HTTP/1.1" 200 823
172.22.2.4 - - [09/Dec/2023:16:40:38 -0500] "GET /BLA/boletinlegal/ HTTP/1.1" 200 60224
216.244.66.195 - - [09/Dec/2023:16:42:25 -0500] "GET /BLA/resoluciones/AUTOS%202016/1699.pdf HTTP/1.1" 200 284275
216.245.221.92 - - [09/Dec/2023:16:42:53 -0500] "HEAD / HTTP/1.1" 200 -
216.244.66.195 - - [09/Dec/2023:16:42:57 -0500] "GET /BLA/resoluciones/AUTOS%202016/1902.pdf HTTP/1.1" 200 322049
157.55.39.54 - - [09/Dec/2023:16:43:27 -0500] "GET /BLA/resoluciones/index.php?dir=RESOLUCIONES+2007%2FRES+2007+3601+AL+3700%2F HTTP/1.1" 200 26855
66.249.66.21 - - [09/Dec/2023:16:44:13 -0500] "GET /BLA/resoluciones/Autos%202008/2794.pdf HTTP/1.1" 200 109420
201.245.192.253 - - [09/Dec/2023:16:44:58 -0500] "POST /kwsrmcab/Wsrmcab  HTTP/1.1" 200 41806
66.249.66.20 - - [09/Dec/2023:16:46:42 -0500] "GET /Publicaciones/2022EE308391.pdf HTTP/1.1" 404 228
172.22.2.4 - - [09/Dec/2023:16:45:36 -0500] "HEAD /BLA/boletinlegal/ HTTP/1.1" 200 -
216.245.221.92 - - [09/Dec/2023:16:47:53 -0500] "HEAD / HTTP/1.1" 200 -
172.22.2.4 - - [09/Dec/2023:16:46:27 -0500] "GET /BLA/boletinlegal/ HTTP/1.1" 200 60634
201.245.192.253 - - [09/Dec/2023:16:49:57 -0500] "POST /kwsrmcab/Wsrmcab  HTTP/1.1" 200 41806
66.249.66.20 - - [09/Dec/2023:16:50:03 -0500] "GET /BLA/resoluciones/RESOLUCIONES%202013/2091.pdf HTTP/1.1" 200 529441
40.77.167.28 - - [09/Dec/2023:16:50:41 -0500] "GET /distrito-declara-alerta-preventiva-en-el-suroccidente-de-la-ciudad-por-mala-calidad-del-aire.html HTTP/1.1" 200 1065
172.22.2.4 - - [09/Dec/2023:16:52:29 -0500] "GET /BLA/boletinlegal/actos.php HTTP/1.1" 200 9682
172.22.2.4 - - [09/Dec/2023:16:52:29 -0500] "GET /BLA/boletinlegal/styles2.css HTTP/1.1" 200 1838
172.22.2.4 - - [09/Dec/2023:16:52:29 -0500] "GET /BLA/boletinlegal/js/ajax_actos.js HTTP/1.1" 200 1322
172.22.2.4 - - [09/Dec/2023:16:52:29 -0500] "GET /BLA/boletinlegal/niceforms-default.css HTTP/1.1" 200 6694
172.22.2.4 - - [09/Dec/2023:16:52:29 -0500] "GET /BLA/boletinlegal/style.css HTTP/1.1" 200 9406
172.22.2.4 - - [09/Dec/2023:16:52:29 -0500] "GET /BLA/boletinlegal/js/popup.js HTTP/1.1" 200 1270
172.22.2.4 - - [09/Dec/2023:16:52:29 -0500] "GET /BLA/boletinlegal/js/lib.js HTTP/1.1" 200 6474
172.22.2.4 - - [09/Dec/2023:16:52:29 -0500] "GET /BLA/boletinlegal/niceforms.js HTTP/1.1" 200 22876
172.22.2.4 - - [09/Dec/2023:16:52:29 -0500] "GET /BLA/boletinlegal/js/jquery1.js HTTP/1.1" 200 29846
172.22.2.4 - - [09/Dec/2023:16:52:29 -0500] "GET /BLA/boletinlegal/images/cabezote%20BLEGAL.jpg HTTP/1.1" 200 118164
172.22.2.4 - - [09/Dec/2023:16:52:30 -0500] "GET /BLA/boletinlegal/images/historia.png HTTP/1.1" 200 52775
172.22.2.4 - - [09/Dec/2023:16:52:30 -0500] "GET /BLA/boletinlegal/images/subscribe-icon-big.png HTTP/1.1" 200 47702
172.22.2.4 - - [09/Dec/2023:16:52:30 -0500] "GET /BLA/boletinlegal/images/registro-usuarios.png HTTP/1.1" 200 8106
172.22.2.4 - - [09/Dec/2023:16:52:30 -0500] "GET /BLA/boletinlegal/images/tel.png HTTP/1.1" 200 14477
172.22.2.4 - - [09/Dec/2023:16:52:30 -0500] "GET /BLA/boletinlegal/images/green-yellow-blue-pink-th.png HTTP/1.1" 200 7394
172.22.2.4 - - [09/Dec/2023:16:52:30 -0500] "GET /BLA/boletinlegal/images/menu_lft.gif HTTP/1.1" 200 1713
172.22.2.4 - - [09/Dec/2023:16:52:30 -0500] "GET /BLA/boletinlegal/images/menu_rght.gif HTTP/1.1" 200 1627
172.22.2.4 - - [09/Dec/2023:16:52:30 -0500] "GET /BLA/boletinlegal/images/hover.jpg HTTP/1.1" 200 640
172.22.2.4 - - [09/Dec/2023:16:52:30 -0500] "GET /BLA/boletinlegal/images/body_bg.jpg HTTP/1.1" 200 1601
172.22.2.4 - - [09/Dec/2023:16:52:30 -0500] "GET /BLA/boletinlegal/images/text.jpg HTTP/1.1" 200 568
172.22.2.4 - - [09/Dec/2023:16:52:30 -0500] "GET /BLA/boletinlegal/images/bg_top.jpg HTTP/1.1" 200 522
172.22.2.4 - - [09/Dec/2023:16:52:30 -0500] "GET /BLA/boletinlegal/images/footer_bg.jpg HTTP/1.1" 200 586
172.22.2.4 - - [09/Dec/2023:16:52:30 -0500] "GET /BLA/boletinlegal/images/menu_bg.jpg HTTP/1.1" 200 620
172.22.2.4 - - [09/Dec/2023:16:52:30 -0500] "GET /BLA/boletinlegal/images/icono-email.png HTTP/1.1" 200 5544
172.22.2.4 - - [09/Dec/2023:16:52:30 -0500] "GET /BLA/boletinlegal/images/footer_bg_l.jpg HTTP/1.1" 200 776
172.22.2.4 - - [09/Dec/2023:16:52:30 -0500] "GET /BLA/boletinlegal/img/button-right.png HTTP/1.1" 200 57878
172.22.2.4 - - [09/Dec/2023:16:52:30 -0500] "GET /BLA/boletinlegal/img/select-left.png HTTP/1.1" 200 263
172.22.2.4 - - [09/Dec/2023:16:52:30 -0500] "GET /BLA/boletinlegal/img/select-right.png HTTP/1.1" 200 44019
172.22.2.4 - - [09/Dec/2023:16:52:30 -0500] "GET /BLA/boletinlegal/img/0.png HTTP/1.1" 200 110
172.22.2.4 - - [09/Dec/2023:16:52:30 -0500] "GET /BLA/boletinlegal/img/button.png HTTP/1.1" 200 43241
172.22.2.4 - - [09/Dec/2023:16:52:30 -0500] "GET /BLA/boletinlegal/img/button-left.png HTTP/1.1" 200 57071
172.22.2.4 - - [09/Dec/2023:16:52:33 -0500] "GET /BLA/boletinlegal/consulta_actos.php?tipo=autos&no=&usuario=&sector=&fecha=2023&resuelve= HTTP/1.1" 200 1301930
172.22.2.4 - - [09/Dec/2023:16:52:36 -0500] "GET /BLA/boletinlegal/images/pdf.gif HTTP/1.1" 200 567
172.22.2.4 - - [09/Dec/2023:16:52:36 -0500] "GET /BLA/boletinlegal/images/background.gif HTTP/1.1" 200 -
199.16.157.183 - - [09/Dec/2023:16:52:44 -0500] "GET /representantes-de-colombia-y-europa-se-reunieron-para-desarrollar-estrategias-innovadoras-en-la-gestion-del-plastico.html HTTP/1.1" 200 851
199.16.157.182 - - [09/Dec/2023:16:52:44 -0500] "GET /images/pl%C3%A1sticos%20foto%201..jpg HTTP/1.1" 404 1034
216.245.221.92 - - [09/Dec/2023:16:52:53 -0500] "HEAD / HTTP/1.1" 200 -
172.22.2.4 - - [09/Dec/2023:16:51:26 -0500] "HEAD /BLA/boletinlegal/ HTTP/1.1" 200 -
66.249.66.19 - - [09/Dec/2023:16:53:24 -0500] "GET /BLA/resoluciones/RESOLUCIONES%202011/5311.pdf HTTP/1.1" 200 408600
168.119.101.10 - - [09/Dec/2023:16:53:38 -0500] "GET / HTTP/1.1" 200 4720
168.119.101.10 - - [09/Dec/2023:16:53:40 -0500] "GET / HTTP/1.1" 200 319
172.22.2.4 - - [09/Dec/2023:16:53:40 -0500] "GET /BLA/boletinlegal/consulta_actos.php?tipo=resoluciones&no=&usuario=&sector=&fecha=2023&resuelve= HTTP/1.1" 200 372792
191.108.140.82 - - [09/Dec/2023:16:53:49 -0500] "GET /BLA/resoluciones/RESOLUCIONES%202023/1793.pdf HTTP/1.1" 200 407729
172.22.2.4 - - [09/Dec/2023:16:52:17 -0500] "GET /BLA/boletinlegal/ HTTP/1.1" 200 60634
216.244.66.195 - - [09/Dec/2023:16:54:29 -0500] "GET /robots.txt HTTP/1.1" 404 1018
43.133.77.230 - - [09/Dec/2023:16:54:33 -0500] "GET / HTTP/1.1" 200 319
201.245.192.253 - - [09/Dec/2023:16:54:57 -0500] "POST /kwsrmcab/Wsrmcab  HTTP/1.1" 200 41806
66.249.66.20 - - [09/Dec/2023:16:55:27 -0500] "GET /robots.txt HTTP/1.1" 404 1018
66.249.66.19 - - [09/Dec/2023:16:55:27 -0500] "GET /BLA/resoluciones/Autos%202008/2188.pdf HTTP/1.1" 200 83127
172.22.2.4 - - [09/Dec/2023:16:56:13 -0500] "GET /BLA/boletinlegal/robots.txt HTTP/1.1" 404 1038
216.245.221.92 - - [09/Dec/2023:16:57:53 -0500] "HEAD / HTTP/1.1" 200 -
172.22.2.4 - - [09/Dec/2023:16:57:59 -0500] "GET /BLA/boletinlegal/robots.txt HTTP/1.1" 404 1134
172.22.2.4 - - [09/Dec/2023:16:57:59 -0500] "GET /BLA/boletinlegal/normativa.php HTTP/1.1" 200 8343
186.102.12.128 - - [09/Dec/2023:16:58:19 -0500] "GET /kwssiamovil/sm/acme/a?s=U2FsdGVkX1/Nf8QNMjPPOiAJ1y32o1b26EVtFxeV0BvmE/uWat4NUJQt+WBxRKdRbmJBoYajXdhsCBzNsYeDqoT9D3x6vIo5G2IIHDZ5wC8VxmvcCteqQXv6QLBJY+MQD5XKAllBrAhU+huV4Gi0rgzZ8CMUSH9txsLUydApFxvitcSusYeTvZqV++M4/EWcwrxaJotF17iL3v2eDOki0J3PRHCZ+WSLNwkFfiloN40JwBazzVyYFMrUBymEvea/cBNeBvRz9sUknc3IQhEyjA==&u=U2FsdGVkX1+T/1iNxDkt0vVKGCrbCmgQWNWxdtSZymerdSzWvchk/BNIPHV3Qdd1&y=U2FsdGVkX1/8rgF709K4lRgQr7l1ysLhJ8sOoJc9VK3DXuaey4zFmR62a9CUDXZ/ HTTP/1.1" 200 26
186.102.12.128 - - [09/Dec/2023:16:58:19 -0500] "GET /kwssiamovil/sm/acme/a?s=U2FsdGVkX18wQFRllroIZgYtEnTi5ixzNAYavevkERdu7is/JKu2S8rSy7HyYIcq8+FpjDkPpNpCkSwGzgrRFcBdxdgWLygasGpL7Tzqt7fyBZ9JIYZaXf+U97NAH8vGfjJuYxxYbIOJ7k1xrwC6L+6XeatUqIH/RhDGkd+ZVKFf0jgWgmzh1cCxYD5vAK31WLaQZVUAjW04l//mT0oHW+SkRkhNsU6mRE/lpCqVz3MqxLqXB8TraWq6LTrhJBWcYQfkgmed+aVeFvR/FKiphnoVnUoNKEmv5KE+PLNZobm7N4DWelpZjmK+H6yqNSBBtB2ZrpltFPu2p2wqoWSafxYzjFbDCxYg1XVe6w1uw9ob+xF+15sb6kPUyFPXkz68WNVho1mg7XBTJYgxaopSoFCq+vEhFXP+J5YaXvNni4vUIvvLyc8yrxuBL7JM/HW3il/wEU+jQYrQOJObaUeNMi1Up0ZJfqijs9fsRXY6selT9Dk4gNT8zG6L/vYWix6xgOC82j7MS9+C16gXVRI+kCt8g3cWz7K++oP7pryVcVpQmrKPRXGdMuVQI07oWveC85JMSIJbClJ1XhkGq0mQI3S8txHr42z4AI3eldzbp3xP0Hq0eT4INC8vtFFwim9RNRskodbtZESoEpeuSvkuWOmNcsrImp/dIFW3xyHvPCxqeniHxqboGNK6bZHOtj/wioqrj5nQ0qUSQnb7wBp1Cdxu8ThdDSH3egQRFI3iOnbf7PaJIVZo/EcmkG1a7rlL6BGfXj/k94V4kZwvqDOw0KkeVJdBhzhjUok+XimLW/StUUBjgUoYeP9vgsCxXP0we12+tuKB2tarx85gr5pF+41kxeESaBIogM/c9/NEjcaShAGaVTeHztoFZHU/+g8lPjX8LWvw3PHpoZz/8PLxMYDSQMwtCOkqpAoys1vKwBlyvmn2NnHCPQYQ0qEgUaox0qvaxYm986afSIPTQesNWG7++oza070pWbRtLOAV66skV5RKVkzcCIg5h8AX8rm6pX58hSRnBHsngyMW5pbikKTDCZZzhILMNszHOoZL3xJvh3fjnaIjOGkPYLix/QUAufNOfAzNDoY6LyKunu1kpIxAlN/X3CxUbxVW83CdwbLpfGS8sDrL1obGEDL4LA0/TcOU20UvDxh1QeERThLdOrAW/tnPQGRxzmtpEXTkCSRhVM0plUOWKYsm/SzubCIXRG/4RaqzHN0Q1zNOd8cMJXx5vwETs557PRimcrlZS9rhzAgl2H/krxCAkwH24sSaTDj8MZkcvWPygDtps6HlYobsumu/phrxAI9lZmAgH1iEZwp5lMRKatnQ+VLkwZbcWxNMcJRmFfQeep1kK6ADXJpMF9S8RXIicykGKseMlYUpDla0UWj8HxVQj6OgTpmKojYWTf/6gMJRMEL0U0aDHLQtw87tJof6N4oU/HdQh3Ul9dqUyxVJHAV3wn6swqX3D2+hSwzPIR3Qyxcj/uJSlmeJfhU2LzSLzo6eukaU754=&u=U2FsdGVkX1+T/1iNxDkt0vVKGCrbCmgQWNWxdtSZymerdSzWvchk/BNIPHV3Qdd1&y=U2FsdGVkX1/8rgF709K4lRgQr7l1ysLhJ8sOoJc9VK3DXuaey4zFmR62a9CUDXZ/ HTTP/1.1" 200 26
186.102.12.128 - - [09/Dec/2023:16:58:20 -0500] "GET /kwssiamovil/sm/acme/a?s=U2FsdGVkX1/NRIJCO9kTuNn+ulPXB5fq1cuvPOaSpL1yc2MVnkBKs0MXdPmRj5z4cZagTFE/uD+N4MxfcssGuzeKx5g9RfNeuRft58WoZMgVxHQ5YpAOe2gmWdJ9F9QeYTt8MqFPLUundjd11+xGOrzw84cZWWiigxuAbm/uGLY=&u=U2FsdGVkX1+T/1iNxDkt0vVKGCrbCmgQWNWxdtSZymerdSzWvchk/BNIPHV3Qdd1&y=U2FsdGVkX1/8rgF709K4lRgQr7l1ysLhJ8sOoJc9VK3DXuaey4zFmR62a9CUDXZ/ HTTP/1.1" 200 26
186.102.12.128 - - [09/Dec/2023:16:58:20 -0500] "GET /kwssiamovil/sm/acme/a?s=U2FsdGVkX18rZfWeHhsJKXNlH01F0/rhHJXq+Ydo/UoiH80dB6PCQHAKxvH3BNBihOdCi6fr7KMmO8jDpSM6/zmJj+iKTWBWkC9ifMAMz8ncOxR+OT3d6VSRV/459wNFUp2TT/aPRoM0c9QnwrZC3M/Vp7186+hA2vBy0eGEkvA=&u=U2FsdGVkX1+T/1iNxDkt0vVKGCrbCmgQWNWxdtSZymerdSzWvchk/BNIPHV3Qdd1&y=U2FsdGVkX1/8rgF709K4lRgQr7l1ysLhJ8sOoJc9VK3DXuaey4zFmR62a9CUDXZ/ HTTP/1.1" 200 26
186.102.12.128 - - [09/Dec/2023:16:58:20 -0500] "GET /kwssiamovil/sm/acme/a?s=U2FsdGVkX1/YMBpt7K8Xz1Zn5KHzo3pXQoQuv0WR+RIL99LhSQElolcZT890hyKEIlxv9QnwvZjst7Nxu+U/tzsI+6kufVze3Xs0naYbfzviU4aB0Cxl6DesrMLfgGA7OqllM4f/hkPPiRBribReX2x0fsYJcC4cLcoSTA3AFWE=&u=U2FsdGVkX1+T/1iNxDkt0vVKGCrbCmgQWNWxdtSZymerdSzWvchk/BNIPHV3Qdd1&y=U2FsdGVkX1/8rgF709K4lRgQr7l1ysLhJ8sOoJc9VK3DXuaey4zFmR62a9CUDXZ/ HTTP/1.1" 200 26
186.102.12.128 - - [09/Dec/2023:16:58:20 -0500] "GET /kwssiamovil/sm/acme/a?s=U2FsdGVkX18ZlHDhF6aXe1hLbUAT1Tx1v7weA6uqdEZTJPu6AX9OtmDNk9OpBe38wdwpmyQ92X5CC8DfHJ4EsFVoyKIRIAUNZumQ/DWtdJQwtHt3ZKd1JThsv8YMOx5zo36dxiBNSHCmAyc35HDzWHyvRFHz7nSTqSY/1+l8DN627jBC5UYp3Kj0Jkgg54nua7iQRIPAL2MliXpD0bdFZg==&u=U2FsdGVkX1+T/1iNxDkt0vVKGCrbCmgQWNWxdtSZymerdSzWvchk/BNIPHV3Qdd1&y=U2FsdGVkX1/8rgF709K4lRgQr7l1ysLhJ8sOoJc9VK3DXuaey4zFmR62a9CUDXZ/ HTTP/1.1" 200 26
172.22.2.4 - - [09/Dec/2023:16:57:16 -0500] "HEAD /BLA/boletinlegal/ HTTP/1.1" 200 -
74.125.210.197 - - [09/Dec/2023:16:59:01 -0500] "GET /galeria/galeria/fotos/Soratama1G.jpg HTTP/1.1" 200 127762
66.249.66.21 - - [09/Dec/2023:16:59:05 -0500] "GET /BLA/resoluciones/RESOLUCIONES%202009/1396.pdf HTTP/1.1" 200 3068261
172.22.2.4 - - [09/Dec/2023:16:58:07 -0500] "GET /BLA/boletinlegal/ HTTP/1.1" 200 57497
201.245.192.253 - - [09/Dec/2023:16:59:54 -0500] "POST /kwsrmcab/Wsrmcab  HTTP/1.1" 200 41806
207.46.13.107 - - [09/Dec/2023:16:59:59 -0500] "GET /BLA/resoluciones/RESOLUCIONES%202022/0667.pdf HTTP/1.1" 200 399296
152.203.164.217 - - [09/Dec/2023:17:00:24 -0500] "OPTIONS /kwssiamovil/sm/setfile/f? HTTP/1.1" 200 13
152.203.164.217 - - [09/Dec/2023:17:00:24 -0500] "POST /kwssiamovil/sm/setfile/f? HTTP/1.1" 200 381
152.203.164.217 - - [09/Dec/2023:17:00:27 -0500] "OPTIONS /kwssiamovil/sm/setfile/f? HTTP/1.1" 200 13
152.203.164.217 - - [09/Dec/2023:17:00:27 -0500] "POST /kwssiamovil/sm/setfile/f? HTTP/1.1" 200 381
152.203.164.217 - - [09/Dec/2023:17:00:29 -0500] "OPTIONS /kwssiamovil/sm/setfile/f? HTTP/1.1" 200 13
152.203.164.217 - - [09/Dec/2023:17:00:29 -0500] "POST /kwssiamovil/sm/setfile/f? HTTP/1.1" 200 381
152.203.164.217 - - [09/Dec/2023:17:00:32 -0500] "OPTIONS /kwssiamovil/sm/setfile/f? HTTP/1.1" 200 13
152.203.164.217 - - [09/Dec/2023:17:00:32 -0500] "POST /kwssiamovil/sm/setfile/f? HTTP/1.1" 200 381
152.203.164.217 - - [09/Dec/2023:17:00:34 -0500] "OPTIONS /kwssiamovil/sm/setfile/f? HTTP/1.1" 200 13
152.203.164.217 - - [09/Dec/2023:17:00:35 -0500] "POST /kwssiamovil/sm/setfile/f? HTTP/1.1" 200 381
152.203.164.217 - - [09/Dec/2023:17:00:37 -0500] "OPTIONS /kwssiamovil/sm/setfile/f? HTTP/1.1" 200 13
152.203.164.217 - - [09/Dec/2023:17:00:37 -0500] "POST /kwssiamovil/sm/setfile/f? HTTP/1.1" 200 381
152.203.164.217 - - [09/Dec/2023:17:00:47 -0500] "GET /kwssiamovil/sm/acme/a?s=U2FsdGVkX1+8ih4nsfp59bOdjliabSKBd0xVuWgpzWrigMJhrjOAHftgIAz7s105DAkGQPdCk6Jq/WiqTz5jSMVhKQkXtuqnMhqxSbHDH5XNJSC6sV4nkg08bXc7MslqGEwHCLy/u8GOFgnN+FVitVhDAPvs5l0t6Bb2mEerxkvr493zTYq3r8CtKYQmCaJq+GiuUiPFUI9Q+0Pd+vR1NnrKVKEPpv5UkHbaprt+Kud67YeHpqMp11JekTnLCfm2L0en0vykLbqcRv3ZYcdhSw==&u=U2FsdGVkX1/o1tdQ62k4cl3V8ikOnqlgUfWQkoJnpTS+CUMdEocpZgqv5TBCn+P1&y=U2FsdGVkX19QoMCc9mqMx4tqVZsoamqdGAinN6nAqDAMfvsY1zCg094joNlH+B1b HTTP/1.1" 200 26
152.203.164.217 - - [09/Dec/2023:17:00:47 -0500] "GET /kwssiamovil/sm/acme/a?s=U2FsdGVkX1+A/BRUMZFiXU0Qzvw+lxOV+uNMsE93VtkIsutWSucbGncRkBVjm6duWPc2YqOxWDokggLN4OZ7Qxr8q32YGx9lGJ3my7nCPzRHsA9rXwTPfOeau1cTTbVddCaxzRSE1DzXM7Qy4LawpBVJ35CoMOS30MkCnWzxhejzJPtED4Hrcxf7CqVcCaWIOgWLkZ4BTtNKtpUk1LNw60unlRDc0ueML7CB6k3QrRwICn/F1RKC4zBxFuF1rTYrCV/PSiEtJIKihJGOLUYaA29CYSm9bEybtbkljXWVBl7sSaFgYHWlRtdTUJPDAE12eR5vyImXjzA5bDrlKkhYFTpBmaV/Q82/0WVPKTmumA9VoMOB6PVijDT/tjCj5rHGbx412PsvyYeS9nhAO2FiNpz9ceIC9au7ZxcKaNr+dOw0iT+n4YFTS/drNwKzU4U2Ce7wAREeR1QCqgv/8nTHXFsb2NhDZ1D/1lsRI0K9Z/+/J+Mc5DJyWzhjZSiIaZiMW4ylas95k/y3pNQb/bKW1Gtz1chmLT35VZ2b79G29nil/87DqC344z1SYJ+2JJOfo8LmqqEDjarWt90uIxaHLnY7cnZO7EP0uWmooIDvy/GWNr08u9iHvjiIKatJhVpy76DJa7VGZww1vnTab2bVA1X7RCkKIP+aV9gpCmbthlS+kJsuxeS4S6DlePnJU1imY3TOMFIqUlMXCU7bo0w2pitN3paHKBbmmmQYDj+GZ91pEvdv1zCK0WiKKC4fU/ZsR2Rb6GlfvaQ6e8CEIGvq1GE3N+umMS6v3Edd9sr8/cYMcQD++XxN98VGgRMwOV3oNUBliroXDxesmgucN4JFEnkp+Ce4rtT3LPty79p+g4ZiHQ22tN8JetsvDQC+XsaKJNqYuTGL5fkdAhNYoar8Zji8C0gxXH6YpyJf84KBAWClHpAfzGCPr7/qRrsf9odZMhTQzgoQxS/CFQR3q9JwEba0tCsoc+7j7mPGL16KfvQfFDpfC4iHH7PvC5Kbq8z/lTRB0UOFxb1jlL2riD08FYNUp6jNVMCJ4gUWL2FIGd2BmxD3sMlg2Skufkapf5UM6gdYjmxHUhOzz3LDJrnhFJi/3tPrj84Z4Ep1swgVInr4AGMMI6HvHmGGpMWI9DUDpYxBbJAEo+xI+xt7knlrxld1DyBtgQdBcrkBZBzIbIIWVxlNSE/gEzXAilqIDvAEcd5rpnSdY/sjZ2TRmyxVz7pT/TPuOITjdVuGMy2u3Dz5jmL/Ak++JLn1POvxlT2zn4OBJEq+rYZb11k0+GOhxpPvUrdGbeRmUAjj738QT1Dh4PgCJok9N0WwGymss2OI1qCevmo2ukvrcWIr16LDT+ZEPsJGHAlKQxgs++67O0Jx2cYu7ZVmlsb+ePGSg9TCMr7cHnELgPLaejWi0M+ZGI5QrXBFPA514ZVfPSDhSpBTNw0dDEnP1DFMp9/T+3sxtG2z5V437BXM8vj+9lohSj9Ux6rtsl44/QJl6SZjvIAzbMl8+tD35qpQ1M3sxwxJ75/rrhTcH0j0n0vsMPU2RQW7dy2/y2GcU878oajVTGA0wS/sBIwb2HPAodz+97U6/pAKDBUW/JfoAMsHwjSQeu/u+jTBnRxp2928kwvQdMgiRVuMp4aewPTa/JlA6uzLNbiFBCajqGoH6tSSS+cL+40FmjoUyE8l7Q31BvjI47Tj5OWRC0VDsxY8n+mVg6zG&u=U2FsdGVkX1/o1tdQ62k4cl3V8ikOnqlgUfWQkoJnpTS+CUMdEocpZgqv5TBCn+P1&y=U2FsdGVkX19QoMCc9mqMx4tqVZsoamqdGAinN6nAqDAMfvsY1zCg094joNlH+B1b HTTP/1.1" 200 26
152.203.164.217 - - [09/Dec/2023:17:00:47 -0500] "GET /kwssiamovil/sm/acme/a?s=U2FsdGVkX1/gQkvnoQCibSBqzACSoaMTYdnWxoNloJHF9BQoDctkhloRfWwrYZqw52ZkUxvwyMXON0GskGRID8Clp5UlTMsD46zTJXqZL19NB7STVRhfF8xmsjHt+h8NIZjoL1++M7VYSUqg9mzP085r1u65FcTIdhcBlEF12W8=&u=U2FsdGVkX1/o1tdQ62k4cl3V8ikOnqlgUfWQkoJnpTS+CUMdEocpZgqv5TBCn+P1&y=U2FsdGVkX19QoMCc9mqMx4tqVZsoamqdGAinN6nAqDAMfvsY1zCg094joNlH+B1b HTTP/1.1" 200 26
152.203.164.217 - - [09/Dec/2023:17:00:47 -0500] "GET /kwssiamovil/sm/acme/a?s=U2FsdGVkX182vjQ6c4jxvdTQkCKEkyXiIYCuGjD2wqrWSb0XTt/Clbbw1qgkB89Vu1M3kU/5EzZ9YZp9ik11bcJWzykmEEivfDkBDgEVuBa8Ke0tSBOSSpCojc2BSbYOWZRW+Fi1iIV4tENlrLRTle9CP+LaxWB0avrFxp/Ai8E=&u=U2FsdGVkX1/o1tdQ62k4cl3V8ikOnqlgUfWQkoJnpTS+CUMdEocpZgqv5TBCn+P1&y=U2FsdGVkX19QoMCc9mqMx4tqVZsoamqdGAinN6nAqDAMfvsY1zCg094joNlH+B1b HTTP/1.1" 200 26
152.203.164.217 - - [09/Dec/2023:17:00:48 -0500] "GET /kwssiamovil/sm/acme/a?s=U2FsdGVkX1/COWLRTjj+Z0Fr/yCJoFwyuTTacpybZKVxppOokWVAIKPnAySonLZxgAize63e2sT5P+vCJJO1mFbgNqRKsqYJmwubbd/GzPf3zFjNEB/L+gcRLb+0D7F72dyyQDbPV8xPxaRWpIYVNSYaOAuSFR1M7Ya5r1cK2dY=&u=U2FsdGVkX1/o1tdQ62k4cl3V8ikOnqlgUfWQkoJnpTS+CUMdEocpZgqv5TBCn+P1&y=U2FsdGVkX19QoMCc9mqMx4tqVZsoamqdGAinN6nAqDAMfvsY1zCg094joNlH+B1b HTTP/1.1" 200 26
152.203.164.217 - - [09/Dec/2023:17:00:48 -0500] "GET /kwssiamovil/sm/acme/a?s=U2FsdGVkX19cHhb+7uQma+tZK1Rb4nqjYI7sPFgaHlK8o5Rthmug4TpBULWRiVfPsbQc19LU3IJYxNKdi6VbRy7/pYuKMBRbZXBX9n4lanAD+pjf/CDZtTz4Wr7ZJgPxIh+QUw1OVGj5uYbH38jQl6Z5U/Tht7p87IfA7Sa/SolEivZqhVJYlXqshbLfozVbGioLpCG3vXJQwoS89omNIA==&u=U2FsdGVkX1/o1tdQ62k4cl3V8ikOnqlgUfWQkoJnpTS+CUMdEocpZgqv5TBCn+P1&y=U2FsdGVkX19QoMCc9mqMx4tqVZsoamqdGAinN6nAqDAMfvsY1zCg094joNlH+B1b HTTP/1.1" 200 26
152.203.164.217 - - [09/Dec/2023:17:00:48 -0500] "GET /kwssiamovil/sm/acme/a?s=U2FsdGVkX1+29YyFhjIVzleML6HnFjm6r5VgS+mUVsC4rPssOfgFy8E4ZGVVP7NREjnZyJ7pXv9VbeNvsfGKYTTwiS23Zg8IgCRcyO03xCZbld7vJQsMQmxMg/yG4kwKoemKzMYyLET/03mpnqF6+ddUQdc+hSl3PoFKQbPaDphzUP7EgsgsDsWMvyj4TpQbKRs5Zfs6xTXupg3Zl+DxBg==&u=U2FsdGVkX1/o1tdQ62k4cl3V8ikOnqlgUfWQkoJnpTS+CUMdEocpZgqv5TBCn+P1&y=U2FsdGVkX19QoMCc9mqMx4tqVZsoamqdGAinN6nAqDAMfvsY1zCg094joNlH+B1b HTTP/1.1" 200 26
152.203.164.217 - - [09/Dec/2023:17:00:48 -0500] "GET /kwssiamovil/sm/acme/a?s=U2FsdGVkX19idfGho38UveRcNcid8oixVhnrNNhUeb7xWI+CysXOwgBVRRsQrmPpNePoGezFxjZ9fGwYR/+sJv5WvKAVTk9S2vUv7RxNPo04O6ZzjI/1OVxkDRQbTkv1zWRxjrdW7gZkDnuhZXWhYE9V+PBKJkyU4dHvNm8Hs4qGKeGwskKwH4M6DVcr0ZAe&u=U2FsdGVkX1/o1tdQ62k4cl3V8ikOnqlgUfWQkoJnpTS+CUMdEocpZgqv5TBCn+P1&y=U2FsdGVkX19QoMCc9mqMx4tqVZsoamqdGAinN6nAqDAMfvsY1zCg094joNlH+B1b HTTP/1.1" 200 26
152.203.164.217 - - [09/Dec/2023:17:00:48 -0500] "GET /kwssiamovil/sm/acme/a?s=U2FsdGVkX198TWP1BqMNe7RE+3jn+bmvIgXF1MOJTEKa4e8BpSeRc1DGzQiznbUJqDko6vv4ZoDWyjgjQ3p6HCYVtmJi9r7maKfjEgN3eAVW1inLn8l768zwwmRbsLJXyaawpiOzuDLXjVv9M8Hl4ZRCaC1pu0DXXPlbpv54h3xichVTGZQq/i3pfAZvyM83gIA6Vnf9rXAVXP+TH/X20w==&u=U2FsdGVkX1/o1tdQ62k4cl3V8ikOnqlgUfWQkoJnpTS+CUMdEocpZgqv5TBCn+P1&y=U2FsdGVkX19QoMCc9mqMx4tqVZsoamqdGAinN6nAqDAMfvsY1zCg094joNlH+B1b HTTP/1.1" 200 26
152.203.164.217 - - [09/Dec/2023:17:00:48 -0500] "GET /kwssiamovil/sm/acme/a?s=U2FsdGVkX18Rz/2fJIeld/yU6JhJDUIyxm8tbkgIpMspMXXlD3sPYPsW+T++W5AOzs3UpbWkP7YqBrfSN9m5lj2RtUnGXojFiX6DPnwhR5SKuGWMG2VIxKP+PqRRnestiWYsppEcmjAaPq7Re66VXaUlNQ+N3xjvThQreD6lchLxC3vx7f6dQdTtliTjkUHn&u=U2FsdGVkX1/o1tdQ62k4cl3V8ikOnqlgUfWQkoJnpTS+CUMdEocpZgqv5TBCn+P1&y=U2FsdGVkX19QoMCc9mqMx4tqVZsoamqdGAinN6nAqDAMfvsY1zCg094joNlH+B1b HTTP/1.1" 200 26
152.203.164.217 - - [09/Dec/2023:17:00:49 -0500] "GET /kwssiamovil/sm/acme/a?s=U2FsdGVkX18AzROVvbpiwwLKYV/yNlCbm8VDY1yFnKl9KTjdbjiC4Zc4sHJZ8+DYeGVSZuZ5jyqZUuqFxTwuhBEel4kRN7JWeEtRg0y5wD/fKEx60xRQgcnVNIy8HTbL2HO7ABEWZY5tyPkgz+5KJq/EUf7Za5R8/8TjrA/t8sEtIY5o0iLs2TfgFOnL7IL0Jug48mhGKv9s9M00kUoepQ==&u=U2FsdGVkX1/o1tdQ62k4cl3V8ikOnqlgUfWQkoJnpTS+CUMdEocpZgqv5TBCn+P1&y=U2FsdGVkX19QoMCc9mqMx4tqVZsoamqdGAinN6nAqDAMfvsY1zCg094joNlH+B1b HTTP/1.1" 200 26
152.203.164.217 - - [09/Dec/2023:17:00:49 -0500] "GET /kwssiamovil/sm/acme/a?s=U2FsdGVkX18bKCXTk0ECwx/yMebDO6tQN8Oj4SYLcYLa4awH0t3N/fd96fjFzqs3YXlKWv8HRAWH99AboAaNkCQdW0lF4rtIR18p2smWZCIAvmxAC6WUtUv3fv4xvULpuNMHEhOzaqEl+Hk9phLvNOAiior9y/7U6DzrxeYofjFXlHkHR12G4hrau0aTYVPR&u=U2FsdGVkX1/o1tdQ62k4cl3V8ikOnqlgUfWQkoJnpTS+CUMdEocpZgqv5TBCn+P1&y=U2FsdGVkX19QoMCc9mqMx4tqVZsoamqdGAinN6nAqDAMfvsY1zCg094joNlH+B1b HTTP/1.1" 200 26
152.203.164.217 - - [09/Dec/2023:17:00:49 -0500] "GET /kwssiamovil/sm/acme/a?s=U2FsdGVkX1/xkRBzm0sBC0h55AXpIk0iYMtojK4oFWuKErdGGV7rgp4ThYxgG/kRa78nXacHiJSSdubjU4x7dUjjhAPQkI3CiGJZ8rMsLBzlriPJzofqFCZ2MsfdRPBNmEiOH/Gmjy1/bzcuEcfyT7some2JKcAr2p15z55REfuDqxsPNsu0tpPPKf4eCUT3r1Lid9W22jIrpi1qcBd1hw==&u=U2FsdGVkX1/o1tdQ62k4cl3V8ikOnqlgUfWQkoJnpTS+CUMdEocpZgqv5TBCn+P1&y=U2FsdGVkX19QoMCc9mqMx4tqVZsoamqdGAinN6nAqDAMfvsY1zCg094joNlH+B1b HTTP/1.1" 200 26
152.203.164.217 - - [09/Dec/2023:17:00:49 -0500] "GET /kwssiamovil/sm/acme/a?s=U2FsdGVkX199xXq18m7zui3afDOMPqlTU63iDqKZWw4ftM+uuG/5Uwm0A6S6wDOLQelqtfDgauLWIHFlPS9JuRXzjSJxhG+f+YEqpOj8fp73gUQI04Ef0Rbd2CApc0SDnuGG+jgd+ImfZSzugW8DjlYDdnMwF/M0Ame/hJcuosLfi6mmz2LEdILYqLM/sjkkOPxfPJWJsNb3JY25KmuvoA==&u=U2FsdGVkX1/o1tdQ62k4cl3V8ikOnqlgUfWQkoJnpTS+CUMdEocpZgqv5TBCn+P1&y=U2FsdGVkX19QoMCc9mqMx4tqVZsoamqdGAinN6nAqDAMfvsY1zCg094joNlH+B1b HTTP/1.1" 200 26
152.203.164.217 - - [09/Dec/2023:17:00:49 -0500] "GET /kwssiamovil/sm/acme/a?s=U2FsdGVkX1/WoDgTPhbRZFEmbswp0AjpjiLRN0li637F2kZlpDArdPexsOHUiSv2YQW/y4jmWHQPvGNJJD7OsZA+Gh1E9p6zaNf/oozRhTXpPlEZotlcXovAliDQ1QM4bNpconjNUFXDSku6e8BTL5310zvPWJ1Rp3hR7+R1MfSYVbtmWdK8vnOz3q20MCnWBOiRAeESGpifZiXdUbYpnw==&u=U2FsdGVkX1/o1tdQ62k4cl3V8ikOnqlgUfWQkoJnpTS+CUMdEocpZgqv5TBCn+P1&y=U2FsdGVkX19QoMCc9mqMx4tqVZsoamqdGAinN6nAqDAMfvsY1zCg094joNlH+B1b HTTP/1.1" 200 26
152.203.164.217 - - [09/Dec/2023:17:00:49 -0500] "GET /kwssiamovil/sm/acme/a?s=U2FsdGVkX1+VpLzKFBWbcqjWnFy2c6Sg8UERiW8vSrn9LWuRdchzEAVtJ2FN/pUDoakH3itgNycGs306GbBdVxJzXXMkR5As+YMkELtgiRCyPEnSnqHDQ2fakosxmeSr3EQ2TAVjIBFnX36qi6G4Xjx1WviQfWsu17cGcv2iiyzdEYscBRMNo2ACnXnEDtHC&u=U2FsdGVkX1/o1tdQ62k4cl3V8ikOnqlgUfWQkoJnpTS+CUMdEocpZgqv5TBCn+P1&y=U2FsdGVkX19QoMCc9mqMx4tqVZsoamqdGAinN6nAqDAMfvsY1zCg094joNlH+B1b HTTP/1.1" 200 26
152.203.164.217 - - [09/Dec/2023:17:00:49 -0500] "GET /kwssiamovil/sm/acme/a?s=U2FsdGVkX1+i+43kRnAhOoYYDSVmFjW+Pv9Obs9VKrIcXhExHm1wlF64t2VQgtvSIN5Z2ojwSvz3sU5QGG2IZJVdj9HNjRvGrw6HJ9f2JYi67wMGBk44+eiTqws6h3A8zIQ+jQf0R2EBWou+u1TmgcMdFZZ8o+MXZH5MM8RVyD9CLeKzvGk92SFEpPxBylLoY5cbRoSlhhOTXB6qgLEy2Q==&u=U2FsdGVkX1/o1tdQ62k4cl3V8ikOnqlgUfWQkoJnpTS+CUMdEocpZgqv5TBCn+P1&y=U2FsdGVkX19QoMCc9mqMx4tqVZsoamqdGAinN6nAqDAMfvsY1zCg094joNlH+B1b HTTP/1.1" 200 26
152.203.164.217 - - [09/Dec/2023:17:00:49 -0500] "GET /kwssiamovil/sm/acme/a?s=U2FsdGVkX18ZKg3xzDnJyxRw+eIRDCV/1+KvcDBbunKxnxXrTZyQKkXAv9WYguQy2ZMbl/foesPlE6D+H35YNUKlHIasI/Elf8QuBduNByUqagU0XLLd4IcupElty4skt99eyrKDbmMdiFi8KSrEhesFNWCWVOf+5HwbB83RqpCtmchsaAuGneH7WEDODfTp&u=U2FsdGVkX1/o1tdQ62k4cl3V8ikOnqlgUfWQkoJnpTS+CUMdEocpZgqv5TBCn+P1&y=U2FsdGVkX19QoMCc9mqMx4tqVZsoamqdGAinN6nAqDAMfvsY1zCg094joNlH+B1b HTTP/1.1" 200 26
152.203.226.174 - - [09/Dec/2023:17:02:08 -0500] "GET /BLA/resoluciones/index.php?dir= HTTP/1.1" 200 13696
152.203.226.174 - - [09/Dec/2023:17:02:12 -0500] "GET /BLA/resoluciones/index.php?dir=RESOLUCIONES+2017%2F HTTP/1.1" 200 287001
66.249.66.20 - - [09/Dec/2023:17:02:37 -0500] "GET /BLA/resoluciones/RESOLUCIONES%202008/3818.pdf HTTP/1.1" 200 483750
216.245.221.92 - - [09/Dec/2023:17:02:53 -0500] "HEAD / HTTP/1.1" 200 -
172.22.2.4 - - [09/Dec/2023:17:03:06 -0500] "HEAD /BLA/boletinlegal/ HTTP/1.1" 200 -
201.245.192.253 - - [09/Dec/2023:17:04:53 -0500] "POST /kwsrmcab/Wsrmcab  HTTP/1.1" 200 41806
172.22.2.4 - - [09/Dec/2023:17:05:19 -0500] "GET /BLA/boletinlegal/robots.txt HTTP/1.1" 404 1038
172.22.2.4 - - [09/Dec/2023:17:05:19 -0500] "GET /BLA/boletinlegal/Directivas/2017/Directiva%20No.%2004%20del%2028%20de%20Abril%20de%202017.pdf HTTP/1.1" 304 -
172.22.2.4 - - [09/Dec/2023:17:03:57 -0500] "GET /BLA/boletinlegal/ HTTP/1.1" 200 58644
207.46.13.116 - - [09/Dec/2023:17:05:50 -0500] "GET /BLA/resoluciones/AUTOS%202023/5781.pdf HTTP/1.1" 200 435135
207.46.13.116 - - [09/Dec/2023:17:06:07 -0500] "GET /BLA/resoluciones/ HTTP/1.1" 200 13696
172.22.2.4 - - [09/Dec/2023:17:06:33 -0500] "GET /BLA/boletinlegal/actos.php HTTP/1.1" 200 9682
66.249.66.19 - - [09/Dec/2023:17:06:55 -0500] "GET /resoluciones/RESOLUCIONES%202008/5405.pdf HTTP/1.1" 404 1018
207.46.13.116 - - [09/Dec/2023:17:07:08 -0500] "GET /BLA/resoluciones/dlf/styles.css HTTP/1.1" 200 3049
52.167.144.171 - - [09/Dec/2023:17:07:12 -0500] "GET /BLA/resoluciones/AUTOS%202023/3608.pdf HTTP/1.1" 200 351607
172.22.2.4 - - [09/Dec/2023:17:07:26 -0500] "GET /BLA/boletinlegal/js/lib.js HTTP/1.1" 200 6474
172.22.2.4 - - [09/Dec/2023:17:07:26 -0500] "GET /BLA/boletinlegal/niceforms-default.css HTTP/1.1" 200 6694
172.22.2.4 - - [09/Dec/2023:17:07:27 -0500] "GET /BLA/boletinlegal/niceforms.js HTTP/1.1" 200 22876
172.22.2.4 - - [09/Dec/2023:17:07:32 -0500] "GET /BLA/boletinlegal/js/ajax_actos.js HTTP/1.1" 200 1322
172.22.2.4 - - [09/Dec/2023:17:07:32 -0500] "GET /BLA/boletinlegal/js/jquery1.js HTTP/1.1" 200 29846
172.22.2.4 - - [09/Dec/2023:17:07:32 -0500] "GET /BLA/boletinlegal/js/popup.js HTTP/1.1" 200 1270
216.245.221.92 - - [09/Dec/2023:17:07:53 -0500] "HEAD / HTTP/1.1" 200 -
172.22.2.4 - - [09/Dec/2023:17:06:34 -0500] "GET /BLA/boletinlegal/ HTTP/1.1" 200 62729
172.22.2.4 - - [09/Dec/2023:17:08:21 -0500] "GET /BLA/boletinlegal/style.css HTTP/1.1" 200 9406
66.249.66.19 - - [09/Dec/2023:17:08:21 -0500] "GET /BLA/resoluciones/RESOLUCIONES%202010/5342.pdf HTTP/1.1" 200 503351
172.22.2.4 - - [09/Dec/2023:17:08:21 -0500] "GET /BLA/boletinlegal/actos.php HTTP/1.1" 200 9682
172.22.2.4 - - [09/Dec/2023:17:08:22 -0500] "GET /BLA/boletinlegal/styles2.css HTTP/1.1" 200 1838
66.249.66.20 - - [09/Dec/2023:17:09:10 -0500] "GET /Publicaciones/2022EE310901.pdf HTTP/1.1" 404 228
66.249.66.19 - - [09/Dec/2023:17:09:28 -0500] "GET /BLA/resoluciones/RESOLUCIONES%202008/4540.pdf HTTP/1.1" 200 496649
216.244.66.195 - - [09/Dec/2023:17:09:55 -0500] "GET /transparencia/directorioservidores/2017/agosto.xlsx HTTP/1.1" 200 88875
201.245.192.253 - - [09/Dec/2023:17:09:53 -0500] "POST /kwsrmcab/Wsrmcab  HTTP/1.1" 200 41806
216.244.66.195 - - [09/Dec/2023:17:10:01 -0500] "GET /transparencia/directorioservidores/2017/mayo.xlsx HTTP/1.1" 200 88321
172.22.2.4 - - [09/Dec/2023:17:08:56 -0500] "HEAD /BLA/boletinlegal/ HTTP/1.1" 200 -
172.22.2.4 - - [09/Dec/2023:17:09:47 -0500] "GET /BLA/boletinlegal/ HTTP/1.1" 200 58294
51.158.120.244 - - [09/Dec/2023:17:11:30 -0500] "HEAD / HTTP/1.1" 200 -
216.245.221.92 - - [09/Dec/2023:17:12:53 -0500] "HEAD / HTTP/1.1" 200 -
190.159.168.169 - - [09/Dec/2023:17:14:21 -0500] "GET /BLA/resoluciones/index.php HTTP/1.1" 200 13696
190.159.168.169 - - [09/Dec/2023:17:14:23 -0500] "GET /BLA/resoluciones/index.php?dir=AUTOS+2019%2F HTTP/1.1" 200 391409
201.245.192.253 - - [09/Dec/2023:17:14:52 -0500] "POST /kwsrmcab/Wsrmcab  HTTP/1.1" 200 41806
172.22.2.4 - - [09/Dec/2023:17:14:46 -0500] "HEAD /BLA/boletinlegal/ HTTP/1.1" 200 -
201.245.192.253 - - [09/Dec/2023:17:16:26 -0500] "POST /kwsrmcab/Wsrmcab HTTP/1.1" 200 38643
201.245.192.253 - - [09/Dec/2023:17:16:29 -0500] "POST /kwsrmcab/Wsrmcab HTTP/1.1" 200 38624
172.22.2.4 - - [09/Dec/2023:17:15:37 -0500] "GET /BLA/boletinlegal/ HTTP/1.1" 200 58644
216.245.221.92 - - [09/Dec/2023:17:17:53 -0500] "HEAD / HTTP/1.1" 200 -
216.244.66.195 - - [09/Dec/2023:17:19:09 -0500] "GET /galeria/galeria/fotos/diaSC12.jpg HTTP/1.1" 200 152053
201.245.192.253 - - [09/Dec/2023:17:19:51 -0500] "POST /kwsrmcab/Wsrmcab  HTTP/1.1" 200 41806
201.245.192.253 - - [09/Dec/2023:17:20:12 -0500] "POST /kwsrmcab/Wsrmcab HTTP/1.1" 200 38643
201.245.192.253 - - [09/Dec/2023:17:20:20 -0500] "POST /kwsrmcab/Wsrmcab HTTP/1.1" 200 38624
172.22.2.4 - - [09/Dec/2023:17:22:15 -0500] "GET /BLA/boletinlegal/Directivas/2022/DIRECTIVA%20No.%2000002%20DEL%2022%20DE%20JUNIO%20DEL%202022.pdf HTTP/1.1" 200 384175
172.22.2.4 - - [09/Dec/2023:17:20:36 -0500] "HEAD /BLA/boletinlegal/ HTTP/1.1" 200 -
216.245.221.92 - - [09/Dec/2023:17:22:53 -0500] "HEAD / HTTP/1.1" 200 -
172.22.2.4 - - [09/Dec/2023:17:21:27 -0500] "GET /BLA/boletinlegal/ HTTP/1.1" 200 60634
216.244.66.195 - - [09/Dec/2023:17:23:33 -0500] "GET /sipse/ HTTP/1.1" 302 -
201.245.192.253 - - [09/Dec/2023:17:24:50 -0500] "POST /kwsrmcab/Wsrmcab  HTTP/1.1" 200 41806
66.249.66.19 - - [09/Dec/2023:17:26:07 -0500] "GET /BLA/resoluciones/RESOLUCIONES%202009/3348.pdf HTTP/1.1" 200 552729
201.245.192.253 - - [09/Dec/2023:17:26:26 -0500] "POST /kwsrmcab/Wsrmcab HTTP/1.1" 200 38643
201.245.192.253 - - [09/Dec/2023:17:26:29 -0500] "POST /kwsrmcab/Wsrmcab HTTP/1.1" 200 38624
66.249.66.193 - - [09/Dec/2023:17:26:58 -0500] "GET /dia-mundial-del-agua-2023-programate-para-participar-en-estas-actividades-de-educacion-ambiental.html HTTP/1.1" 304 -
216.245.221.92 - - [09/Dec/2023:17:27:53 -0500] "HEAD / HTTP/1.1" 200 -
172.22.2.4 - - [09/Dec/2023:17:26:26 -0500] "HEAD /BLA/boletinlegal/ HTTP/1.1" 200 -
66.249.66.20 - - [09/Dec/2023:17:28:26 -0500] "GET /BLA/resoluciones/RESOLUCIONES%202014/1095.pdf HTTP/1.1" 200 586287
172.22.2.4 - - [09/Dec/2023:17:27:17 -0500] "GET /BLA/boletinlegal/ HTTP/1.1" 200 60634
201.245.192.253 - - [09/Dec/2023:17:29:49 -0500] "POST /kwsrmcab/Wsrmcab  HTTP/1.1" 200 41806
201.245.192.253 - - [09/Dec/2023:17:30:11 -0500] "POST /kwsrmcab/Wsrmcab HTTP/1.1" 200 38643
201.245.192.253 - - [09/Dec/2023:17:30:20 -0500] "POST /kwsrmcab/Wsrmcab HTTP/1.1" 200 38624
216.244.66.195 - - [09/Dec/2023:17:31:23 -0500] "GET /BLA/resoluciones/AUTOS%202016/0278.pdf HTTP/1.1" 200 686964
216.244.66.195 - - [09/Dec/2023:17:32:03 -0500] "GET /BLA/resoluciones/AUTOS%202016/0684.pdf HTTP/1.1" 200 480321
40.77.167.38 - - [09/Dec/2023:17:32:33 -0500] "GET /BLA/resoluciones/AUTOS%202013/0548.pdf HTTP/1.1" 200 1561211
216.244.66.195 - - [09/Dec/2023:17:32:37 -0500] "GET /BLA/resoluciones/AUTOS%202016/0714.pdf HTTP/1.1" 200 741322
216.245.221.92 - - [09/Dec/2023:17:32:53 -0500] "HEAD / HTTP/1.1" 200 -
216.244.66.195 - - [09/Dec/2023:17:33:15 -0500] "GET /BLA/resoluciones/AUTOS%202016/0850.pdf HTTP/1.1" 200 568769
216.244.66.195 - - [09/Dec/2023:17:33:50 -0500] "GET /BLA/resoluciones/AUTOS%202016/1147.pdf HTTP/1.1" 200 483812
172.22.2.4 - - [09/Dec/2023:17:32:16 -0500] "HEAD /BLA/boletinlegal/ HTTP/1.1" 200 -
216.244.66.195 - - [09/Dec/2023:17:34:33 -0500] "GET /BLA/resoluciones/AUTOS%202016/1193.pdf HTTP/1.1" 200 473335
172.22.2.4 - - [09/Dec/2023:17:33:07 -0500] "GET /BLA/boletinlegal/ HTTP/1.1" 200 56634
201.245.192.253 - - [09/Dec/2023:17:34:48 -0500] "POST /kwsrmcab/Wsrmcab  HTTP/1.1" 200 41806
216.244.66.195 - - [09/Dec/2023:17:35:07 -0500] "GET /BLA/resoluciones/AUTOS%202016/1196.pdf HTTP/1.1" 200 356572
172.22.2.4 - - [09/Dec/2023:17:34:05 -0500] "GET /BLA/boletinlegal/ HTTP/1.1" 200 60634
216.244.66.195 - - [09/Dec/2023:17:35:47 -0500] "GET /BLA/resoluciones/AUTOS%202016/1281.pdf HTTP/1.1" 200 316374
47.128.59.0 - - [09/Dec/2023:17:35:55 -0500] "GET /robots.txt HTTP/1.1" 404 1035
47.128.30.30 - - [09/Dec/2023:17:36:17 -0500] "GET /portaldeninos/wp-content/themes/betheme/assets/ui/jquery.ui.all.css?ver=20.9.6 HTTP/1.1" 200 18765
47.128.30.30 - - [09/Dec/2023:17:36:17 -0500] "GET /portaldeninos/wp-content/plugins/gallery-videos/CSS/totalsoft.css?ver=4.9.8 HTTP/1.1" 200 40622
47.128.30.30 - - [09/Dec/2023:17:36:17 -0500] "GET /portaldeninos/wp-content/plugins/gallery-videos/CSS/Total-Soft-Gallery-Video-Widget.css?ver=4.9.8 HTTP/1.1" 200 51554
47.128.30.30 - - [09/Dec/2023:17:36:17 -0500] "GET /portaldeninos/wp-content/themes/betheme/assets/animations/animations.min.css?ver=20.9.6 HTTP/1.1" 200 58508
216.244.66.195 - - [09/Dec/2023:17:36:22 -0500] "GET /BLA/resoluciones/AUTOS%202016/1336.pdf HTTP/1.1" 200 388843
47.128.30.30 - - [09/Dec/2023:17:36:22 -0500] "GET /portaldeninos/wp-content/themes/betheme/style.css?ver=20.9.6 HTTP/1.1" 200 287
47.128.30.30 - - [09/Dec/2023:17:36:23 -0500] "GET /portaldeninos/wp-content/uploads/useanyfont/uaf.css?ver=1589905315 HTTP/1.1" 200 408
47.128.30.30 - - [09/Dec/2023:17:36:23 -0500] "GET /portaldeninos/wp-content/themes/betheme/assets/jplayer/css/jplayer.blue.monday.css?ver=20.9.6 HTTP/1.1" 200 9834
47.128.30.30 - - [09/Dec/2023:17:36:23 -0500] "GET /portaldeninos/wp-content/themes/betheme/css/base.css?ver=20.9.6 HTTP/1.1" 200 57283
47.128.30.30 - - [09/Dec/2023:17:36:26 -0500] "GET /portaldeninos/wp-includes/js/jquery/ui/core.min.js?ver=1.11.4 HTTP/1.1" 200 4000
47.128.30.30 - - [09/Dec/2023:17:36:23 -0500] "GET /portaldeninos/wp-content/themes/betheme/css/responsive.css?ver=20.9.6 HTTP/1.1" 200 55740
47.128.30.30 - - [09/Dec/2023:17:36:27 -0500] "GET /portaldeninos/wp-includes/js/jquery/jquery-migrate.min.js?ver=1.4.1 HTTP/1.1" 200 10056
47.128.30.30 - - [09/Dec/2023:17:36:17 -0500] "GET /portaldeninos/wp-content/themes/betheme/css/shortcodes.css?ver=20.9.6 HTTP/1.1" 200 138889
47.128.30.30 - - [09/Dec/2023:17:36:28 -0500] "GET /portaldeninos/wp-content/plugins/gallery-videos/JS/modernizr.custom.js?ver=4.9.8 HTTP/1.1" 200 9019
201.245.192.253 - - [09/Dec/2023:17:36:26 -0500] "POST /kwsrmcab/Wsrmcab HTTP/1.1" 200 38643
47.128.30.30 - - [09/Dec/2023:17:36:28 -0500] "GET /portaldeninos/wp-content/plugins/google-analytics-for-wordpress/assets/js/frontend-gtag.min.js?ver=8.5.0 HTTP/1.1" 200 11801
47.128.30.30 - - [09/Dec/2023:17:36:13 -0500] "GET /portaldeninos/2021/02/05/la-virtualidad-una-oportunidad-para-que-mas-personas-conozcan-e-interactuen-con-los-ecosistemas-y-la-biodiversidad-de-bogota/ HTTP/1.1" 200 109801
47.128.30.30 - - [09/Dec/2023:17:36:29 -0500] "GET /portaldeninos/wp-content/plugins/gallery-videos/JS/Total-Soft-Gallery-Video-Widget.js?ver=4.9.8 HTTP/1.1" 200 80264
201.245.192.253 - - [09/Dec/2023:17:36:29 -0500] "POST /kwsrmcab/Wsrmcab HTTP/1.1" 200 38624
47.128.30.30 - - [09/Dec/2023:17:36:20 -0500] "GET /portaldeninos/wp-content/themes/betheme/css/layout.css?ver=20.9.6 HTTP/1.1" 200 116639
47.128.30.30 - - [09/Dec/2023:17:36:31 -0500] "GET /portaldeninos/wp-includes/js/comment-reply.min.js?ver=4.9.8 HTTP/1.1" 200 1078
47.128.30.30 - - [09/Dec/2023:17:36:31 -0500] "GET /portaldeninos/wp-includes/js/jquery/ui/accordion.min.js?ver=1.11.4 HTTP/1.1" 200 8584
47.128.30.30 - - [09/Dec/2023:17:36:32 -0500] "GET /portaldeninos/wp-content/themes/betheme/js/menu.js?ver=20.9.6 HTTP/1.1" 200 2449
47.128.30.30 - - [09/Dec/2023:17:36:32 -0500] "GET /portaldeninos/wp-content/themes/betheme/assets/animations/animations.min.js?ver=20.9.6 HTTP/1.1" 200 1896
47.128.30.30 - - [09/Dec/2023:17:36:33 -0500] "GET /portaldeninos/wp-includes/js/jquery/ui/mouse.min.js?ver=1.11.4 HTTP/1.1" 200 3148
47.128.30.30 - - [09/Dec/2023:17:36:34 -0500] "GET /portaldeninos/wp-includes/js/jquery/ui/widget.min.js?ver=1.11.4 HTTP/1.1" 200 6908
47.128.30.30 - - [09/Dec/2023:17:36:35 -0500] "GET /portaldeninos/wp-includes/js/wp-embed.min.js?ver=4.9.8 HTTP/1.1" 200 1398
47.128.30.30 - - [09/Dec/2023:17:36:36 -0500] "GET /portaldeninos/wp-includes/js/jquery/ui/tabs.min.js?ver=1.11.4 HTTP/1.1" 200 12110
47.128.30.30 - - [09/Dec/2023:17:36:33 -0500] "GET /portaldeninos/wp-content/themes/betheme/assets/jplayer/jplayer.min.js?ver=20.9.6 HTTP/1.1" 200 52702
47.128.30.30 - - [09/Dec/2023:17:36:36 -0500] "GET /portaldeninos/wp-includes/js/jquery/ui/sortable.min.js?ver=1.11.4 HTTP/1.1" 200 24899
47.128.30.30 - - [09/Dec/2023:17:36:38 -0500] "GET /portaldeninos/wp-content/themes/betheme/js/scripts.js?ver=20.9.6 HTTP/1.1" 200 77162
47.128.30.30 - - [09/Dec/2023:17:36:47 -0500] "GET /portaldeninos/wp-includes/js/wp-emoji-release.min.js?ver=4.9.8 HTTP/1.1" 200 12026
47.128.30.30 - - [09/Dec/2023:17:36:27 -0500] "GET /portaldeninos/wp-includes/js/jquery/jquery.js?ver=1.12.4 HTTP/1.1" 200 97184
47.128.30.30 - - [09/Dec/2023:17:36:48 -0500] "GET /portaldeninos/wp-content/uploads/2021/06/Educacion-ambiental-juego.jpg HTTP/1.1" 200 33165
47.128.30.30 - - [09/Dec/2023:17:36:47 -0500] "GET /portaldeninos/wp-content/uploads/2019/08/Logo-Ambientic.png HTTP/1.1" 200 22941
47.128.30.30 - - [09/Dec/2023:17:36:48 -0500] "GET /portaldeninos/wp-content/uploads/2021/07/grafico-humedales-bogota-1-julio.jpg HTTP/1.1" 200 53684
216.244.66.195 - - [09/Dec/2023:17:36:51 -0500] "GET /BLA/resoluciones/AUTOS%202016/1458.pdf HTTP/1.1" 200 599926
47.128.30.30 - - [09/Dec/2023:17:36:49 -0500] "GET /portaldeninos/wp-content/uploads/2021/11/cronica-mujer-junio-29-junio-ambiente.png HTTP/1.1" 200 102849
47.128.30.30 - - [09/Dec/2023:17:36:32 -0500] "GET /portaldeninos/wp-content/themes/betheme/js/plugins.js?ver=20.9.6 HTTP/1.1" 200 197151
216.245.221.92 - - [09/Dec/2023:17:37:53 -0500] "HEAD / HTTP/1.1" 200 -
172.22.2.4 - - [09/Dec/2023:17:38:07 -0500] "GET /BLA/boletinlegal/Circulares/2019/.pdf HTTP/1.1" 404 1218
172.22.2.4 - - [09/Dec/2023:17:38:06 -0500] "HEAD /BLA/boletinlegal/ HTTP/1.1" 200 -
201.245.192.253 - - [09/Dec/2023:17:39:46 -0500] "POST /kwsrmcab/Wsrmcab  HTTP/1.1" 200 41806
181.50.36.74 - - [09/Dec/2023:17:40:02 -0500] "GET /BLA/resoluciones/ HTTP/1.1" 200 13696
181.50.36.74 - - [09/Dec/2023:17:40:07 -0500] "GET /BLA/resoluciones/index.php?dir=RESOLUCIONES+2007%2F HTTP/1.1" 200 37998
201.245.192.253 - - [09/Dec/2023:17:40:11 -0500] "POST /kwsrmcab/Wsrmcab HTTP/1.1" 200 38643
201.245.192.253 - - [09/Dec/2023:17:40:19 -0500] "POST /kwsrmcab/Wsrmcab HTTP/1.1" 200 38624
172.22.2.4 - - [09/Dec/2023:17:38:57 -0500] "GET /BLA/boletinlegal/ HTTP/1.1" 200 58644
181.50.36.74 - - [09/Dec/2023:17:41:15 -0500] "GET /BLA/resoluciones/index.php?dir=RESOLUCIONES+2007%2FRES+2007+2801+AL+2900%2F HTTP/1.1" 200 26859
181.50.36.74 - - [09/Dec/2023:17:41:25 -0500] "GET /BLA/resoluciones/RESOLUCIONES%202007/RES%202007%202801%20AL%202900/RESOLUCION%202862%20DE%202007.pdf HTTP/1.1" 200 586931
216.245.221.92 - - [09/Dec/2023:17:42:53 -0500] "HEAD / HTTP/1.1" 200 -
201.245.192.253 - - [09/Dec/2023:17:44:45 -0500] "POST /kwsrmcab/Wsrmcab  HTTP/1.1" 200 14501
152.203.226.174 - - [09/Dec/2023:17:45:06 -0500] "GET /BLA/resoluciones/index.php?dir= HTTP/1.1" 200 13696
152.203.226.174 - - [09/Dec/2023:17:45:11 -0500] "GET /BLA/resoluciones/index.php?dir=RESOLUCIONES+2021%2F HTTP/1.1" 200 443902
172.22.2.4 - - [09/Dec/2023:17:43:56 -0500] "HEAD /BLA/boletinlegal/ HTTP/1.1" 200 -
201.245.192.253 - - [09/Dec/2023:17:45:53 -0500] "POST /kwsrmcab/Wsrmcab  HTTP/1.1" 200 41806
172.22.2.4 - - [09/Dec/2023:17:44:47 -0500] "GET /BLA/boletinlegal/ HTTP/1.1" 200 60634
201.245.192.253 - - [09/Dec/2023:17:46:54 -0500] "POST /kwsrmcab/Wsrmcab  HTTP/1.1" 200 41806
216.245.221.92 - - [09/Dec/2023:17:47:53 -0500] "HEAD / HTTP/1.1" 200 -
181.56.235.113 - - [09/Dec/2023:17:51:22 -0500] "GET /BLA/resoluciones/ HTTP/1.1" 200 13696
172.22.2.4 - - [09/Dec/2023:17:49:46 -0500] "HEAD /BLA/boletinlegal/ HTTP/1.1" 200 -
181.56.235.113 - - [09/Dec/2023:17:51:25 -0500] "GET /BLA/resoluciones/index.php?dir=AUTOS+2014%2F HTTP/1.1" 200 891340
216.244.66.195 - - [09/Dec/2023:17:51:45 -0500] "GET /robots.txt HTTP/1.1" 404 1018
201.245.192.253 - - [09/Dec/2023:17:51:52 -0500] "POST /kwsrmcab/Wsrmcab  HTTP/1.1" 200 41806
172.22.2.4 - - [09/Dec/2023:17:50:37 -0500] "GET /BLA/boletinlegal/ HTTP/1.1" 200 60634
66.249.66.20 - - [09/Dec/2023:17:52:23 -0500] "GET /BLA/resoluciones/RESOLUCIONES%202009/2013.pdf HTTP/1.1" 200 684062
216.245.221.92 - - [09/Dec/2023:17:52:53 -0500] "HEAD / HTTP/1.1" 200 -
20.68.233.219 - - [09/Dec/2023:17:55:00 -0500] "GET / HTTP/1.1" 200 319
66.249.66.20 - - [09/Dec/2023:17:56:51 -0500] "GET /Publicaciones/2022EE306937.pdf HTTP/1.1" 404 228
201.245.192.253 - - [09/Dec/2023:17:56:51 -0500] "POST /kwsrmcab/Wsrmcab  HTTP/1.1" 200 41806
172.22.2.4 - - [09/Dec/2023:17:55:36 -0500] "HEAD /BLA/boletinlegal/ HTTP/1.1" 200 -
66.249.66.194 - - [09/Dec/2023:17:57:32 -0500] "GET /tinguas-azules-secretaria-de-ambiente-atiende-alto-numero-de-reportes-de-aves-migratorias.html HTTP/1.1" 200 923
216.245.221.92 - - [09/Dec/2023:17:57:53 -0500] "HEAD / HTTP/1.1" 200 -
172.22.2.4 - - [09/Dec/2023:17:56:27 -0500] "GET /BLA/boletinlegal/ HTTP/1.1" 200 60634
173.252.127.118 - - [09/Dec/2023:17:59:08 -0500] "GET /distrito-mantiene-acompanamiento-a-la-comunidad-afectada-en-la-via-la-calera.html HTTP/1.1" 200 985
201.245.192.253 - - [09/Dec/2023:18:01:50 -0500] "POST /kwsrmcab/Wsrmcab  HTTP/1.1" 200 41806
173.252.87.1 - - [09/Dec/2023:18:02:30 -0500] "GET /garza-azul-nueva-ave-registrada-en-el-humedal-el-burro.html HTTP/1.1" 200 890
216.245.221.92 - - [09/Dec/2023:18:02:53 -0500] "HEAD / HTTP/1.1" 200 -
172.22.2.4 - - [09/Dec/2023:18:01:26 -0500] "HEAD /BLA/boletinlegal/ HTTP/1.1" 200 -
173.252.107.9 - - [09/Dec/2023:18:03:17 -0500] "GET /garza-azul-nueva-ave-registrada-en-el-humedal-el-burro.html HTTP/1.1" 200 890
152.203.192.115 - - [09/Dec/2023:18:03:42 -0500] "GET /catalogoisis/ HTTP/1.1" 200 8575
152.203.192.115 - - [09/Dec/2023:18:03:43 -0500] "GET /catalogoisis/Css/Busqueda.css HTTP/1.1" 200 1995
152.203.192.115 - - [09/Dec/2023:18:03:43 -0500] "GET /catalogoisis/Js/Go.js HTTP/1.1" 200 364
152.203.192.115 - - [09/Dec/2023:18:03:43 -0500] "GET /catalogoisis/Js/AceptarLimpiar.js HTTP/1.1" 200 331
152.203.192.115 - - [09/Dec/2023:18:03:43 -0500] "GET /catalogoisis/Js/Numero.js HTTP/1.1" 200 398
152.203.192.115 - - [09/Dec/2023:18:03:43 -0500] "GET /catalogoisis/Js/Cookies.js HTTP/1.1" 200 1369
152.203.192.115 - - [09/Dec/2023:18:03:43 -0500] "GET /catalogoisis/Js/CriterioCombinada.js HTTP/1.1" 200 1843
152.203.192.115 - - [09/Dec/2023:18:03:43 -0500] "GET /catalogoisis/Js/Enter.js HTTP/1.1" 200 1208
152.203.192.115 - - [09/Dec/2023:18:03:43 -0500] "GET /catalogoisis/Js/LimpiarCombinada.js HTTP/1.1" 200 207
152.203.192.115 - - [09/Dec/2023:18:03:43 -0500] "GET /catalogoisis/Js/Remote.js HTTP/1.1" 200 436
152.203.192.115 - - [09/Dec/2023:18:03:43 -0500] "GET /catalogoisis/imagenes/br1c1.gif HTTP/1.1" 200 172
152.203.192.115 - - [09/Dec/2023:18:03:43 -0500] "GET /catalogoisis/imagenes/br1c3.gif HTTP/1.1" 200 302
152.203.192.115 - - [09/Dec/2023:18:03:43 -0500] "GET /catalogoisis/imagenes/aceptar1.gif HTTP/1.1" 200 604
152.203.192.115 - - [09/Dec/2023:18:03:43 -0500] "GET /catalogoisis/imagenes/br3c1.gif HTTP/1.1" 200 177
152.203.192.115 - - [09/Dec/2023:18:03:43 -0500] "GET /catalogoisis/imagenes/Turnbo1.gif HTTP/1.1" 200 227
152.203.192.115 - - [09/Dec/2023:18:03:43 -0500] "GET /catalogoisis/imagenes/limpiar1.gif HTTP/1.1" 200 606
152.203.192.115 - - [09/Dec/2023:18:03:43 -0500] "GET /catalogoisis/imagenes/br3c2.gif HTTP/1.1" 200 285
152.203.192.115 - - [09/Dec/2023:18:03:43 -0500] "GET /catalogoisis/imagenes/br2c1.gif HTTP/1.1" 200 297
152.203.192.115 - - [09/Dec/2023:18:03:43 -0500] "GET /catalogoisis/imagenes/br2c2.gif HTTP/1.1" 200 302
152.203.192.115 - - [09/Dec/2023:18:03:43 -0500] "GET /catalogoisis/imagenes/br3c3.gif HTTP/1.1" 200 186
152.203.192.115 - - [09/Dec/2023:18:03:43 -0500] "GET /catalogoisis/imagenes/br2c3.gif HTTP/1.1" 200 416
152.203.192.115 - - [09/Dec/2023:18:03:43 -0500] "GET /catalogoisis/imagenes/br1c2.gif HTTP/1.1" 200 297
152.203.192.115 - - [09/Dec/2023:18:03:43 -0500] "GET /catalogoisis/imagenes/Header.gif HTTP/1.1" 200 27040
152.203.192.115 - - [09/Dec/2023:18:03:43 -0500] "GET /favicon.ico HTTP/1.1" 200 7782
172.22.2.4 - - [09/Dec/2023:18:02:17 -0500] "GET /BLA/boletinlegal/ HTTP/1.1" 200 60634
172.22.2.4 - - [09/Dec/2023:18:04:47 -0500] "GET /BLA/boletinlegal/ab2g HTTP/1.1" 404 1018
172.22.2.4 - - [09/Dec/2023:18:04:48 -0500] "GET /BLA/boletinlegal/ab2h HTTP/1.1" 404 1018
172.22.2.4 - - [09/Dec/2023:18:04:58 -0500] "GET /BLA/boletinlegal/robots.txt HTTP/1.1" 404 1038
172.22.2.4 - - [09/Dec/2023:18:04:59 -0500] "GET /BLA/boletinlegal/jurisprudencia/analisis/CUADRO%20SENTENCIA%20T-299%20DE%202008.doc HTTP/1.1" 200 40960
172.22.2.4 - - [09/Dec/2023:18:05:06 -0500] "GET /BLA/boletinlegal/t4 HTTP/1.1" 404 1018
172.22.2.4 - - [09/Dec/2023:18:05:09 -0500] "GET /BLA/boletinlegal/favicon.ico HTTP/1.1" 404 1018
66.249.66.20 - - [09/Dec/2023:18:05:15 -0500] "GET /BLA/resoluciones/RESOLUCIONES%202010/4357.pdf HTTP/1.1" 200 501475
172.22.2.4 - - [09/Dec/2023:18:04:56 -0500] "GET /BLA/boletinlegal/ HTTP/1.1" 200 32715
172.22.2.4 - - [09/Dec/2023:18:05:10 -0500] "GET /BLA/boletinlegal/ HTTP/1.1" 200 32715
34.141.173.233 - - [09/Dec/2023:18:06:49 -0500] "GET /las-tres-caminatas-para-cerrar-el-ano-entre-la-naturaleza.html HTTP/1.1" 200 776
201.245.192.253 - - [09/Dec/2023:18:06:49 -0500] "POST /kwsrmcab/Wsrmcab  HTTP/1.1" 200 41806
34.91.53.10 - - [09/Dec/2023:18:06:53 -0500] "GET /consulta-y-conoce-los-proyectos-de-resolucion-de-para-los-planes-de-manejo-ambiental-de-cinco-humedales-en-bogota.html HTTP/1.1" 200 971
216.245.221.92 - - [09/Dec/2023:18:07:53 -0500] "HEAD / HTTP/1.1" 200 -
66.249.66.19 - - [09/Dec/2023:18:08:46 -0500] "GET /BLA/resoluciones/RESOLUCIONES%202009/3459.pdf HTTP/1.1" 200 798397
172.22.2.4 - - [09/Dec/2023:18:07:16 -0500] "HEAD /BLA/boletinlegal/ HTTP/1.1" 200 -
78.187.50.47 - - [09/Dec/2023:18:09:03 -0500] "GET / HTTP/1.0" 200 319
172.22.2.4 - - [09/Dec/2023:18:08:06 -0500] "GET /BLA/boletinlegal/ HTTP/1.1" 200 56634
172.22.2.4 - - [09/Dec/2023:18:09:54 -0500] "GET /BLA/boletinlegal/jurisprudencia/analisis/AnalisisT-606-15.docx HTTP/1.1" 200 26698
172.22.2.4 - - [09/Dec/2023:18:09:54 -0500] "GET /BLA/boletinlegal/apple-touch-icon-120x120-precomposed.png HTTP/1.1" 404 1140
172.22.2.4 - - [09/Dec/2023:18:09:54 -0500] "GET /BLA/boletinlegal/apple-touch-icon-120x120.png HTTP/1.1" 404 1140
172.22.2.4 - - [09/Dec/2023:18:09:54 -0500] "GET /BLA/boletinlegal/apple-touch-icon-precomposed.png HTTP/1.1" 404 1140
172.22.2.4 - - [09/Dec/2023:18:09:54 -0500] "GET /BLA/boletinlegal/apple-touch-icon.png HTTP/1.1" 404 1140
172.22.2.4 - - [09/Dec/2023:18:09:54 -0500] "GET /BLA/boletinlegal/favicon.ico HTTP/1.1" 404 1140
172.22.2.4 - - [09/Dec/2023:18:09:54 -0500] "GET /BLA/boletinlegal/apple-touch-icon-120x120-precomposed.png HTTP/1.1" 404 1140
172.22.2.4 - - [09/Dec/2023:18:09:54 -0500] "GET /BLA/boletinlegal/apple-touch-icon-120x120.png HTTP/1.1" 404 1140
172.22.2.4 - - [09/Dec/2023:18:09:54 -0500] "GET /BLA/boletinlegal/apple-touch-icon-precomposed.png HTTP/1.1" 404 1140
172.22.2.4 - - [09/Dec/2023:18:09:54 -0500] "GET /BLA/boletinlegal/apple-touch-icon.png HTTP/1.1" 404 1140
172.22.2.4 - - [09/Dec/2023:18:09:54 -0500] "GET /BLA/boletinlegal/favicon.ico HTTP/1.1" 404 1140
201.245.192.253 - - [09/Dec/2023:18:11:48 -0500] "POST /kwsrmcab/Wsrmcab  HTTP/1.1" 200 41806
216.245.221.92 - - [09/Dec/2023:18:12:53 -0500] "HEAD / HTTP/1.1" 200 -
52.167.144.21 - - [09/Dec/2023:18:12:55 -0500] "GET /BLA/boletinlegal/js/jquery.scrollShow.js HTTP/1.1" 200 4586
216.244.66.195 - - [09/Dec/2023:18:14:14 -0500] "GET /transparencia/directorioservidores/2017/febrero.xlsx HTTP/1.1" 200 88385
68.69.186.30 - - [09/Dec/2023:18:14:30 -0500] "GET / HTTP/1.1" 200 319
68.69.186.30 - - [09/Dec/2023:18:14:37 -0500] "GET ../../proc/ HTTP" 400 946
172.22.2.4 - - [09/Dec/2023:18:13:06 -0500] "HEAD /BLA/boletinlegal/ HTTP/1.1" 200 -
172.22.2.4 - - [09/Dec/2023:18:13:56 -0500] "GET /BLA/boletinlegal/ HTTP/1.1" 200 58644
201.245.192.253 - - [09/Dec/2023:18:16:26 -0500] "POST /kwsrmcab/Wsrmcab HTTP/1.1" 200 38628
