201.245.192.253 - - [09/Dec/2023:13:54:04 -0500] "GET /sipse/faces/javax.faces.resource/primefaces.js?ln=primefaces&v=4.0 HTTP/1.1" 304 -
201.245.192.253 - - [09/Dec/2023:13:54:04 -0500] "GET /sipse/faces/javax.faces.resource/layout/layout.js?ln=primefaces&v=4.0 HTTP/1.1" 304 -
201.245.192.253 - - [09/Dec/2023:13:54:13 -0500] "POST /sipse/faces/presentacion/financiero/solicitudProyectoActividad/asociarFuentesSolicitud.xhtml HTTP/1.1" 200 67155
201.245.192.253 - - [09/Dec/2023:13:54:13 -0500] "GET /sipse/faces/javax.faces.resource/theme.css?ln=primefaces-sipse HTTP/1.1" 304 -
201.245.192.253 - - [09/Dec/2023:13:54:13 -0500] "GET /sipse/faces/javax.faces.resource/primefaces.css?ln=primefaces&v=4.0 HTTP/1.1" 304 -
201.245.192.253 - - [09/Dec/2023:13:54:13 -0500] "GET /sipse/faces/javax.faces.resource/primefaces.js?ln=primefaces&v=4.0 HTTP/1.1" 304 -
201.245.192.253 - - [09/Dec/2023:13:54:13 -0500] "GET /sipse/faces/javax.faces.resource/jquery/jquery-plugins.js?ln=primefaces&v=4.0 HTTP/1.1" 304 -
201.245.192.253 - - [09/Dec/2023:13:54:13 -0500] "GET /sipse/faces/javax.faces.resource/jquery/jquery.js?ln=primefaces&v=4.0 HTTP/1.1" 304 -
201.245.192.253 - - [09/Dec/2023:13:54:13 -0500] "GET /sipse/faces/javax.faces.resource/layout/layout.css?ln=primefaces&v=4.0 HTTP/1.1" 304 -
201.245.192.253 - - [09/Dec/2023:13:54:13 -0500] "GET /sipse/faces/javax.faces.resource/layout/layout.js?ln=primefaces&v=4.0 HTTP/1.1" 304 -
172.22.2.4 - - [09/Dec/2023:13:54:14 -0500] "GET /BLA/boletinlegal/js/jquery.scrollShow.js HTTP/1.1" 200 4586
172.22.2.4 - - [09/Dec/2023:13:54:14 -0500] "GET /BLA/boletinlegal/js/jquery.scrollTo-min.js HTTP/1.1" 200 1150
172.22.2.4 - - [09/Dec/2023:13:54:14 -0500] "GET /BLA/boletinlegal/style.css HTTP/1.1" 200 9406
172.22.2.4 - - [09/Dec/2023:13:54:14 -0500] "GET /BLA/boletinlegal/js/jquery.js HTTP/1.1" 200 57254
172.22.2.4 - - [09/Dec/2023:13:54:14 -0500] "GET /BLA/boletinlegal/styles2.css HTTP/1.1" 200 1838
172.22.2.4 - - [09/Dec/2023:13:54:14 -0500] "GET /BLA/boletinlegal/images/cabezote%20BLEGAL.jpg HTTP/1.1" 200 118164
172.22.2.4 - - [09/Dec/2023:13:54:14 -0500] "GET /BLA/boletinlegal/images/subscribe-icon-big.png HTTP/1.1" 200 47702
172.22.2.4 - - [09/Dec/2023:13:54:14 -0500] "GET /BLA/boletinlegal/images/historia.png HTTP/1.1" 200 52775
201.245.192.253 - - [09/Dec/2023:13:54:15 -0500] "POST /sipse/faces/presentacion/financiero/solicitudProceso/crearModificarSolicitudProceso.xhtml HTTP/1.1" 200 45885
201.245.192.253 - - [09/Dec/2023:13:54:26 -0500] "GET /sipse/faces/javax.faces.resource/jquery/jquery.js?ln=primefaces&v=4.0 HTTP/1.1" 304 -
201.245.192.253 - - [09/Dec/2023:13:54:26 -0500] "GET /sipse/faces/javax.faces.resource/primefaces.js?ln=primefaces&v=4.0 HTTP/1.1" 304 -
201.245.192.253 - - [09/Dec/2023:13:54:26 -0500] "GET /sipse/faces/javax.faces.resource/jquery/jquery-plugins.js?ln=primefaces&v=4.0 HTTP/1.1" 304 -
201.245.192.253 - - [09/Dec/2023:13:54:26 -0500] "GET /sipse/faces/javax.faces.resource/theme.css?ln=primefaces-sipse HTTP/1.1" 304 -
201.245.192.253 - - [09/Dec/2023:13:54:26 -0500] "GET /sipse/faces/javax.faces.resource/primefaces.css?ln=primefaces&v=4.0 HTTP/1.1" 304 -
201.245.192.253 - - [09/Dec/2023:13:54:26 -0500] "GET /sipse/faces/javax.faces.resource/layout/layout.css?ln=primefaces&v=4.0 HTTP/1.1" 304 -
201.245.192.253 - - [09/Dec/2023:13:54:26 -0500] "GET /sipse/faces/javax.faces.resource/layout/layout.js?ln=primefaces&v=4.0 HTTP/1.1" 304 -
201.245.192.253 - - [09/Dec/2023:13:54:29 -0500] "POST /sipse/faces/presentacion/financiero/contrato/consultarContratosSolicitudProceso.xhtml HTTP/1.1" 200 62140
201.245.192.253 - - [09/Dec/2023:13:54:36 -0500] "POST /sipse/faces/presentacion/financiero/contrato/consultarContratosSolicitudProceso.xhtml HTTP/1.1" 200 62623
201.245.192.253 - - [09/Dec/2023:13:54:36 -0500] "GET /sipse/faces/javax.faces.resource/theme.css?ln=primefaces-sipse HTTP/1.1" 304 -
201.245.192.253 - - [09/Dec/2023:13:54:36 -0500] "GET /sipse/faces/javax.faces.resource/primefaces.css?ln=primefaces&v=4.0 HTTP/1.1" 304 -
201.245.192.253 - - [09/Dec/2023:13:54:36 -0500] "GET /sipse/faces/javax.faces.resource/layout/layout.css?ln=primefaces&v=4.0 HTTP/1.1" 304 -
201.245.192.253 - - [09/Dec/2023:13:54:36 -0500] "GET /sipse/faces/javax.faces.resource/jquery/jquery.js?ln=primefaces&v=4.0 HTTP/1.1" 304 -
201.245.192.253 - - [09/Dec/2023:13:54:36 -0500] "GET /sipse/faces/javax.faces.resource/jquery/jquery-plugins.js?ln=primefaces&v=4.0 HTTP/1.1" 304 -
201.245.192.253 - - [09/Dec/2023:13:54:36 -0500] "GET /sipse/faces/javax.faces.resource/primefaces.js?ln=primefaces&v=4.0 HTTP/1.1" 304 -
201.245.192.253 - - [09/Dec/2023:13:54:36 -0500] "GET /sipse/faces/javax.faces.resource/layout/layout.js?ln=primefaces&v=4.0 HTTP/1.1" 304 -
216.244.66.195 - - [09/Dec/2023:13:54:38 -0500] "GET /BLA/resoluciones/AUTOS%202016/1091.pdf HTTP/1.1" 200 513652
201.245.192.253 - - [09/Dec/2023:13:54:38 -0500] "POST /sipse/faces/presentacion/financiero/solicitudProceso/crearModificarSolicitudProceso.xhtml HTTP/1.1" 200 66157
201.245.192.253 - - [09/Dec/2023:13:54:41 -0500] "GET /sipse/faces/javax.faces.resource/layout/layout.css?ln=primefaces&v=4.0 HTTP/1.1" 304 -
201.245.192.253 - - [09/Dec/2023:13:54:41 -0500] "GET /sipse/faces/javax.faces.resource/theme.css?ln=primefaces-sipse HTTP/1.1" 304 -
201.245.192.253 - - [09/Dec/2023:13:54:41 -0500] "GET /sipse/faces/javax.faces.resource/primefaces.css?ln=primefaces&v=4.0 HTTP/1.1" 304 -
201.245.192.253 - - [09/Dec/2023:13:54:41 -0500] "GET /sipse/faces/javax.faces.resource/jquery/jquery.js?ln=primefaces&v=4.0 HTTP/1.1" 304 -
201.245.192.253 - - [09/Dec/2023:13:54:41 -0500] "GET /sipse/faces/javax.faces.resource/jquery/jquery-plugins.js?ln=primefaces&v=4.0 HTTP/1.1" 304 -
201.245.192.253 - - [09/Dec/2023:13:54:41 -0500] "GET /sipse/faces/javax.faces.resource/primefaces.js?ln=primefaces&v=4.0 HTTP/1.1" 304 -
201.245.192.253 - - [09/Dec/2023:13:54:41 -0500] "GET /sipse/faces/javax.faces.resource/layout/layout.js?ln=primefaces&v=4.0 HTTP/1.1" 304 -
201.245.192.253 - - [09/Dec/2023:13:54:41 -0500] "POST /sipse/faces/presentacion/financiero/solicitudProceso/listarSolicitudProceso.xhtml HTTP/1.1" 200 1564
201.245.192.253 - - [09/Dec/2023:13:54:45 -0500] "POST /sipse/faces/presentacion/financiero/solicitudProceso/listarSolicitudProceso.xhtml HTTP/1.1" 200 32363
172.22.2.4 - - [09/Dec/2023:13:54:14 -0500] "GET /BLA/boletinlegal/ HTTP/1.1" 200 24523
201.245.192.253 - - [09/Dec/2023:13:54:50 -0500] "POST /sipse/faces/presentacion/financiero/solicitudProceso/listarSolicitudProceso.xhtml HTTP/1.1" 200 17105
31.7.58.42 - - [09/Dec/2023:13:55:10 -0500] "POST /boaform/admin/formLogin HTTP/1.1" 404 1186
216.244.66.195 - - [09/Dec/2023:13:55:25 -0500] "GET /BLA/resoluciones/AUTOS%202016/1121.pdf HTTP/1.1" 200 343210
201.245.192.253 - - [09/Dec/2023:13:55:38 -0500] "POST /kwsrmcab/Wsrmcab  HTTP/1.1" 200 41806
216.244.66.195 - - [09/Dec/2023:13:56:01 -0500] "GET /BLA/resoluciones/AUTOS%202016/1259.pdf HTTP/1.1" 200 483946
157.55.39.54 - - [09/Dec/2023:13:56:27 -0500] "GET /BLA/resoluciones/AUTOS%202023/5917.pdf HTTP/1.1" 200 996597
216.244.66.195 - - [09/Dec/2023:13:56:32 -0500] "GET /BLA/resoluciones/AUTOS%202016/1397.pdf HTTP/1.1" 200 543754
201.245.192.253 - - [09/Dec/2023:13:57:01 -0500] "POST /sipse/faces/presentacion/financiero/solicitudProceso/listarSolicitudProceso.xhtml HTTP/1.1" 200 60310
201.245.192.253 - - [09/Dec/2023:13:57:01 -0500] "GET /sipse/faces/javax.faces.resource/theme.css?ln=primefaces-sipse HTTP/1.1" 304 -
201.245.192.253 - - [09/Dec/2023:13:57:01 -0500] "GET /sipse/faces/javax.faces.resource/primefaces.css?ln=primefaces&v=4.0 HTTP/1.1" 304 -
201.245.192.253 - - [09/Dec/2023:13:57:01 -0500] "GET /sipse/faces/javax.faces.resource/layout/layout.css?ln=primefaces&v=4.0 HTTP/1.1" 304 -
201.245.192.253 - - [09/Dec/2023:13:57:01 -0500] "GET /sipse/faces/javax.faces.resource/jquery/jquery.js?ln=primefaces&v=4.0 HTTP/1.1" 304 -
201.245.192.253 - - [09/Dec/2023:13:57:01 -0500] "GET /sipse/faces/javax.faces.resource/jquery/jquery-plugins.js?ln=primefaces&v=4.0 HTTP/1.1" 304 -
201.245.192.253 - - [09/Dec/2023:13:57:01 -0500] "GET /sipse/faces/javax.faces.resource/primefaces.js?ln=primefaces&v=4.0 HTTP/1.1" 304 -
201.245.192.253 - - [09/Dec/2023:13:57:01 -0500] "GET /sipse/faces/javax.faces.resource/layout/layout.js?ln=primefaces&v=4.0 HTTP/1.1" 304 -
201.245.192.253 - - [09/Dec/2023:13:57:05 -0500] "POST /sipse/faces/presentacion/financiero/solicitudProceso/crearModificarSolicitudProceso.xhtml HTTP/1.1" 200 27314
216.244.66.195 - - [09/Dec/2023:13:57:11 -0500] "GET /BLA/resoluciones/AUTOS%202016/1472.pdf HTTP/1.1" 200 369873
201.245.192.253 - - [09/Dec/2023:13:57:20 -0500] "POST /sipse/faces/presentacion/financiero/solicitudProceso/crearModificarSolicitudProceso.xhtml HTTP/1.1" 200 9394
216.244.66.195 - - [09/Dec/2023:13:57:43 -0500] "GET /BLA/resoluciones/AUTOS%202016/1750.pdf HTTP/1.1" 200 589265
216.245.221.92 - - [09/Dec/2023:13:57:53 -0500] "HEAD / HTTP/1.1" 200 -
172.22.2.4 - - [09/Dec/2023:13:56:25 -0500] "HEAD /BLA/boletinlegal/ HTTP/1.1" 200 -
201.245.192.253 - - [09/Dec/2023:13:58:07 -0500] "POST /sipse/faces/presentacion/financiero/solicitudProceso/crearModificarSolicitudProceso.xhtml HTTP/1.1" 200 24662
201.245.192.253 - - [09/Dec/2023:13:58:07 -0500] "GET /sipse/faces/javax.faces.resource/theme.css?ln=primefaces-sipse HTTP/1.1" 304 -
201.245.192.253 - - [09/Dec/2023:13:58:07 -0500] "GET /sipse/faces/javax.faces.resource/primefaces.js?ln=primefaces&v=4.0 HTTP/1.1" 304 -
201.245.192.253 - - [09/Dec/2023:13:58:07 -0500] "GET /sipse/faces/javax.faces.resource/layout/layout.css?ln=primefaces&v=4.0 HTTP/1.1" 304 -
201.245.192.253 - - [09/Dec/2023:13:58:07 -0500] "GET /sipse/faces/javax.faces.resource/primefaces.css?ln=primefaces&v=4.0 HTTP/1.1" 304 -
201.245.192.253 - - [09/Dec/2023:13:58:07 -0500] "GET /sipse/faces/javax.faces.resource/jquery/jquery-plugins.js?ln=primefaces&v=4.0 HTTP/1.1" 304 -
201.245.192.253 - - [09/Dec/2023:13:58:07 -0500] "GET /sipse/faces/javax.faces.resource/jquery/jquery.js?ln=primefaces&v=4.0 HTTP/1.1" 304 -
201.245.192.253 - - [09/Dec/2023:13:58:07 -0500] "GET /sipse/faces/javax.faces.resource/layout/layout.js?ln=primefaces&v=4.0 HTTP/1.1" 304 -
201.245.192.253 - - [09/Dec/2023:13:58:09 -0500] "POST /sipse/faces/presentacion/financiero/solicitudProyectoActividad/asociarProyectoSolicitud.xhtml HTTP/1.1" 200 6705
201.245.192.253 - - [09/Dec/2023:13:58:10 -0500] "POST /sipse/faces/presentacion/financiero/solicitudProyectoActividad/asociarProyectoSolicitud.xhtml HTTP/1.1" 200 1704
201.245.192.253 - - [09/Dec/2023:13:58:11 -0500] "POST /sipse/faces/presentacion/financiero/solicitudProyectoActividad/asociarProyectoSolicitud.xhtml HTTP/1.1" 200 28730
201.245.192.253 - - [09/Dec/2023:13:58:11 -0500] "GET /sipse/faces/javax.faces.resource/primefaces.css?ln=primefaces&v=4.0 HTTP/1.1" 304 -
201.245.192.253 - - [09/Dec/2023:13:58:11 -0500] "GET /sipse/faces/javax.faces.resource/layout/layout.css?ln=primefaces&v=4.0 HTTP/1.1" 304 -
201.245.192.253 - - [09/Dec/2023:13:58:11 -0500] "GET /sipse/faces/javax.faces.resource/theme.css?ln=primefaces-sipse HTTP/1.1" 304 -
201.245.192.253 - - [09/Dec/2023:13:58:11 -0500] "GET /sipse/faces/javax.faces.resource/jquery/jquery.js?ln=primefaces&v=4.0 HTTP/1.1" 304 -
201.245.192.253 - - [09/Dec/2023:13:58:11 -0500] "GET /sipse/faces/javax.faces.resource/jquery/jquery-plugins.js?ln=primefaces&v=4.0 HTTP/1.1" 304 -
201.245.192.253 - - [09/Dec/2023:13:58:11 -0500] "GET /sipse/faces/javax.faces.resource/primefaces.js?ln=primefaces&v=4.0 HTTP/1.1" 304 -
201.245.192.253 - - [09/Dec/2023:13:58:11 -0500] "GET /sipse/faces/javax.faces.resource/layout/layout.js?ln=primefaces&v=4.0 HTTP/1.1" 304 -
216.244.66.195 - - [09/Dec/2023:13:58:13 -0500] "GET /BLA/resoluciones/AUTOS%202016/1788.pdf HTTP/1.1" 200 425749
201.245.192.253 - - [09/Dec/2023:13:58:20 -0500] "POST /sipse/faces/presentacion/financiero/solicitudProyectoActividad/asociarActividadSolicitud.xhtml HTTP/1.1" 200 20038
201.245.192.253 - - [09/Dec/2023:13:58:20 -0500] "GET /sipse/faces/javax.faces.resource/theme.css?ln=primefaces-sipse HTTP/1.1" 304 -
201.245.192.253 - - [09/Dec/2023:13:58:20 -0500] "GET /sipse/faces/javax.faces.resource/layout/layout.css?ln=primefaces&v=4.0 HTTP/1.1" 304 -
201.245.192.253 - - [09/Dec/2023:13:58:20 -0500] "GET /sipse/faces/javax.faces.resource/primefaces.css?ln=primefaces&v=4.0 HTTP/1.1" 304 -
201.245.192.253 - - [09/Dec/2023:13:58:20 -0500] "GET /sipse/faces/javax.faces.resource/jquery/jquery.js?ln=primefaces&v=4.0 HTTP/1.1" 304 -
201.245.192.253 - - [09/Dec/2023:13:58:20 -0500] "GET /sipse/faces/javax.faces.resource/jquery/jquery-plugins.js?ln=primefaces&v=4.0 HTTP/1.1" 304 -
201.245.192.253 - - [09/Dec/2023:13:58:20 -0500] "GET /sipse/faces/javax.faces.resource/primefaces.js?ln=primefaces&v=4.0 HTTP/1.1" 304 -
201.245.192.253 - - [09/Dec/2023:13:58:20 -0500] "GET /sipse/faces/javax.faces.resource/layout/layout.js?ln=primefaces&v=4.0 HTTP/1.1" 304 -
216.244.66.195 - - [09/Dec/2023:13:58:41 -0500] "GET /BLA/resoluciones/AUTOS%202016/1896.pdf HTTP/1.1" 200 454104
201.245.192.253 - - [09/Dec/2023:13:58:43 -0500] "POST /sipse/faces/presentacion/financiero/solicitudProyectoActividad/asociarFuentesSolicitud.xhtml HTTP/1.1" 200 67235
201.245.192.253 - - [09/Dec/2023:13:58:43 -0500] "GET /sipse/faces/javax.faces.resource/layout/layout.css?ln=primefaces&v=4.0 HTTP/1.1" 304 -
201.245.192.253 - - [09/Dec/2023:13:58:43 -0500] "GET /sipse/faces/javax.faces.resource/theme.css?ln=primefaces-sipse HTTP/1.1" 304 -
201.245.192.253 - - [09/Dec/2023:13:58:43 -0500] "GET /sipse/faces/javax.faces.resource/primefaces.js?ln=primefaces&v=4.0 HTTP/1.1" 304 -
201.245.192.253 - - [09/Dec/2023:13:58:43 -0500] "GET /sipse/faces/javax.faces.resource/jquery/jquery.js?ln=primefaces&v=4.0 HTTP/1.1" 304 -
201.245.192.253 - - [09/Dec/2023:13:58:43 -0500] "GET /sipse/faces/javax.faces.resource/primefaces.css?ln=primefaces&v=4.0 HTTP/1.1" 304 -
201.245.192.253 - - [09/Dec/2023:13:58:43 -0500] "GET /sipse/faces/javax.faces.resource/jquery/jquery-plugins.js?ln=primefaces&v=4.0 HTTP/1.1" 304 -
201.245.192.253 - - [09/Dec/2023:13:58:43 -0500] "GET /sipse/faces/javax.faces.resource/layout/layout.js?ln=primefaces&v=4.0 HTTP/1.1" 304 -
201.245.192.253 - - [09/Dec/2023:13:58:45 -0500] "POST /sipse/faces/presentacion/financiero/solicitudProceso/crearModificarSolicitudProceso.xhtml HTTP/1.1" 200 45885
201.245.192.253 - - [09/Dec/2023:13:58:56 -0500] "GET /sipse/faces/javax.faces.resource/theme.css?ln=primefaces-sipse HTTP/1.1" 304 -
201.245.192.253 - - [09/Dec/2023:13:58:56 -0500] "GET /sipse/faces/javax.faces.resource/layout/layout.css?ln=primefaces&v=4.0 HTTP/1.1" 304 -
201.245.192.253 - - [09/Dec/2023:13:58:56 -0500] "GET /sipse/faces/javax.faces.resource/jquery/jquery-plugins.js?ln=primefaces&v=4.0 HTTP/1.1" 304 -
201.245.192.253 - - [09/Dec/2023:13:58:56 -0500] "GET /sipse/faces/javax.faces.resource/primefaces.js?ln=primefaces&v=4.0 HTTP/1.1" 304 -
201.245.192.253 - - [09/Dec/2023:13:58:56 -0500] "GET /sipse/faces/javax.faces.resource/primefaces.css?ln=primefaces&v=4.0 HTTP/1.1" 304 -
201.245.192.253 - - [09/Dec/2023:13:58:56 -0500] "GET /sipse/faces/javax.faces.resource/jquery/jquery.js?ln=primefaces&v=4.0 HTTP/1.1" 304 -
201.245.192.253 - - [09/Dec/2023:13:58:56 -0500] "GET /sipse/faces/javax.faces.resource/layout/layout.js?ln=primefaces&v=4.0 HTTP/1.1" 304 -
172.22.2.4 - - [09/Dec/2023:13:57:16 -0500] "GET /BLA/boletinlegal/ HTTP/1.1" 200 58294
201.245.192.253 - - [09/Dec/2023:13:58:59 -0500] "POST /sipse/faces/presentacion/financiero/contrato/consultarContratosSolicitudProceso.xhtml HTTP/1.1" 200 62142
201.245.192.253 - - [09/Dec/2023:13:59:03 -0500] "POST /sipse/faces/presentacion/financiero/contrato/consultarContratosSolicitudProceso.xhtml HTTP/1.1" 200 62705
201.245.192.253 - - [09/Dec/2023:13:59:04 -0500] "GET /sipse/faces/javax.faces.resource/primefaces.css?ln=primefaces&v=4.0 HTTP/1.1" 304 -
201.245.192.253 - - [09/Dec/2023:13:59:04 -0500] "GET /sipse/faces/javax.faces.resource/theme.css?ln=primefaces-sipse HTTP/1.1" 304 -
201.245.192.253 - - [09/Dec/2023:13:59:04 -0500] "GET /sipse/faces/javax.faces.resource/layout/layout.css?ln=primefaces&v=4.0 HTTP/1.1" 304 -
201.245.192.253 - - [09/Dec/2023:13:59:04 -0500] "GET /sipse/faces/javax.faces.resource/jquery/jquery.js?ln=primefaces&v=4.0 HTTP/1.1" 304 -
201.245.192.253 - - [09/Dec/2023:13:59:04 -0500] "GET /sipse/faces/javax.faces.resource/jquery/jquery-plugins.js?ln=primefaces&v=4.0 HTTP/1.1" 304 -
201.245.192.253 - - [09/Dec/2023:13:59:04 -0500] "GET /sipse/faces/javax.faces.resource/primefaces.js?ln=primefaces&v=4.0 HTTP/1.1" 304 -
201.245.192.253 - - [09/Dec/2023:13:59:04 -0500] "GET /sipse/faces/javax.faces.resource/layout/layout.js?ln=primefaces&v=4.0 HTTP/1.1" 304 -
216.244.66.195 - - [09/Dec/2023:13:59:19 -0500] "GET /BLA/resoluciones/AUTOS%202016/1907.pdf HTTP/1.1" 200 387455
201.245.192.253 - - [09/Dec/2023:13:59:24 -0500] "POST /sipse/faces/presentacion/financiero/solicitudProceso/crearModificarSolicitudProceso.xhtml HTTP/1.1" 200 66157
201.245.192.253 - - [09/Dec/2023:13:59:26 -0500] "GET /sipse/faces/javax.faces.resource/theme.css?ln=primefaces-sipse HTTP/1.1" 304 -
201.245.192.253 - - [09/Dec/2023:13:59:26 -0500] "GET /sipse/faces/javax.faces.resource/primefaces.css?ln=primefaces&v=4.0 HTTP/1.1" 304 -
201.245.192.253 - - [09/Dec/2023:13:59:26 -0500] "GET /sipse/faces/javax.faces.resource/layout/layout.css?ln=primefaces&v=4.0 HTTP/1.1" 304 -
201.245.192.253 - - [09/Dec/2023:13:59:26 -0500] "GET /sipse/faces/javax.faces.resource/jquery/jquery.js?ln=primefaces&v=4.0 HTTP/1.1" 304 -
201.245.192.253 - - [09/Dec/2023:13:59:26 -0500] "GET /sipse/faces/javax.faces.resource/jquery/jquery-plugins.js?ln=primefaces&v=4.0 HTTP/1.1" 304 -
201.245.192.253 - - [09/Dec/2023:13:59:26 -0500] "GET /sipse/faces/javax.faces.resource/primefaces.js?ln=primefaces&v=4.0 HTTP/1.1" 304 -
201.245.192.253 - - [09/Dec/2023:13:59:26 -0500] "GET /sipse/faces/javax.faces.resource/layout/layout.js?ln=primefaces&v=4.0 HTTP/1.1" 304 -
201.245.192.253 - - [09/Dec/2023:13:59:26 -0500] "POST /sipse/faces/presentacion/financiero/solicitudProceso/listarSolicitudProceso.xhtml HTTP/1.1" 200 1564
201.245.192.253 - - [09/Dec/2023:13:59:29 -0500] "POST /sipse/faces/presentacion/financiero/solicitudProceso/listarSolicitudProceso.xhtml HTTP/1.1" 200 32387
201.245.192.253 - - [09/Dec/2023:13:59:31 -0500] "POST /sipse/faces/presentacion/financiero/solicitudProceso/listarSolicitudProceso.xhtml HTTP/1.1" 200 20161
201.245.192.253 - - [09/Dec/2023:14:00:36 -0500] "POST /kwsrmcab/Wsrmcab  HTTP/1.1" 200 41806
216.245.221.92 - - [09/Dec/2023:14:02:53 -0500] "HEAD / HTTP/1.1" 200 -
172.22.2.4 - - [09/Dec/2023:14:02:15 -0500] "HEAD /BLA/boletinlegal/ HTTP/1.1" 200 -
157.90.254.89 - - [09/Dec/2023:14:04:33 -0500] "GET / HTTP/1.1" 200 4720
157.90.254.89 - - [09/Dec/2023:14:04:37 -0500] "GET / HTTP/1.1" 200 319
172.22.2.4 - - [09/Dec/2023:14:03:06 -0500] "GET /BLA/boletinlegal/ HTTP/1.1" 200 58294
201.245.192.253 - - [09/Dec/2023:14:05:35 -0500] "POST /kwsrmcab/Wsrmcab  HTTP/1.1" 200 41806
216.245.221.92 - - [09/Dec/2023:14:07:53 -0500] "HEAD / HTTP/1.1" 200 -
216.244.66.195 - - [09/Dec/2023:14:09:20 -0500] "GET /robots.txt HTTP/1.1" 404 1018
157.55.39.205 - - [09/Dec/2023:14:09:32 -0500] "GET /BLA/resoluciones/AUTOS%202023/5796.pdf HTTP/1.1" 200 417103
172.22.2.4 - - [09/Dec/2023:14:08:05 -0500] "HEAD /BLA/boletinlegal/ HTTP/1.1" 200 -
172.22.2.4 - - [09/Dec/2023:14:08:56 -0500] "GET /BLA/boletinlegal/ HTTP/1.1" 200 60634
201.245.192.253 - - [09/Dec/2023:14:10:35 -0500] "POST /kwsrmcab/Wsrmcab  HTTP/1.1" 200 41806
52.167.144.238 - - [09/Dec/2023:14:12:51 -0500] "GET /abierta-convocatoria-para-postular-a-organizaciones-que-desarrollan-actividades-de-voluntariado-ambiental-en-bogota.html HTTP/1.1" 200 880
216.245.221.92 - - [09/Dec/2023:14:12:53 -0500] "HEAD / HTTP/1.1" 200 -
172.22.2.4 - - [09/Dec/2023:14:13:55 -0500] "HEAD /BLA/boletinlegal/ HTTP/1.1" 200 -
201.245.192.253 - - [09/Dec/2023:14:15:33 -0500] "POST /kwsrmcab/Wsrmcab  HTTP/1.1" 200 41806
172.22.2.4 - - [09/Dec/2023:14:14:46 -0500] "GET /BLA/boletinlegal/ HTTP/1.1" 200 58294
201.245.192.253 - - [09/Dec/2023:14:16:27 -0500] "POST /kwsrmcab/Wsrmcab HTTP/1.1" 200 38632
201.245.192.253 - - [09/Dec/2023:14:16:30 -0500] "POST /kwsrmcab/Wsrmcab HTTP/1.1" 200 38635
172.22.2.4 - - [09/Dec/2023:14:17:35 -0500] "GET /BLA/boletinlegal/robots.txt HTTP/1.1" 404 1038
172.22.2.4 - - [09/Dec/2023:14:17:36 -0500] "GET /BLA/boletinlegal/Circulares/2011/Circular%20No.%202%20del%2026%20de%20Mayo%20de%202011.pdf HTTP/1.1" 200 644194
216.245.221.92 - - [09/Dec/2023:14:17:53 -0500] "HEAD / HTTP/1.1" 200 -
201.245.192.253 - - [09/Dec/2023:14:20:12 -0500] "POST /kwsrmcab/Wsrmcab HTTP/1.1" 200 38632
201.245.192.253 - - [09/Dec/2023:14:20:20 -0500] "POST /kwsrmcab/Wsrmcab HTTP/1.1" 200 38635
201.245.192.253 - - [09/Dec/2023:14:20:32 -0500] "POST /kwsrmcab/Wsrmcab  HTTP/1.1" 200 41806
173.252.127.24 - - [09/Dec/2023:14:21:09 -0500] "GET /no-se-deje-enganar-mujeres-que-reverdecen-no-solicita-informacion-por-cadenas-de-whatsapp.html HTTP/1.1" 200 1026
172.22.2.4 - - [09/Dec/2023:14:19:45 -0500] "HEAD /BLA/boletinlegal/ HTTP/1.1" 200 -
172.22.2.4 - - [09/Dec/2023:14:20:36 -0500] "GET /BLA/boletinlegal/ HTTP/1.1" 200 60634
216.245.221.92 - - [09/Dec/2023:14:22:53 -0500] "HEAD / HTTP/1.1" 200 -
216.244.66.195 - - [09/Dec/2023:14:23:02 -0500] "GET /BLA/resoluciones/RESOLUCIONES%202017/2767.pdf HTTP/1.1" 200 2357434
201.245.192.253 - - [09/Dec/2023:14:25:30 -0500] "POST /kwsrmcab/Wsrmcab  HTTP/1.1" 200 41806
201.245.192.253 - - [09/Dec/2023:14:26:27 -0500] "POST /kwsrmcab/Wsrmcab HTTP/1.1" 200 38632
201.245.192.253 - - [09/Dec/2023:14:26:30 -0500] "POST /kwsrmcab/Wsrmcab HTTP/1.1" 200 38635
172.22.2.4 - - [09/Dec/2023:14:25:35 -0500] "HEAD /BLA/boletinlegal/ HTTP/1.1" 200 -
216.245.221.92 - - [09/Dec/2023:14:27:53 -0500] "HEAD / HTTP/1.1" 200 -
172.22.2.4 - - [09/Dec/2023:14:26:26 -0500] "GET /BLA/boletinlegal/ HTTP/1.1" 200 58644
201.245.192.253 - - [09/Dec/2023:14:30:12 -0500] "POST /kwsrmcab/Wsrmcab HTTP/1.1" 200 38632
201.245.192.253 - - [09/Dec/2023:14:30:20 -0500] "POST /kwsrmcab/Wsrmcab HTTP/1.1" 200 38635
201.245.192.253 - - [09/Dec/2023:14:30:30 -0500] "POST /kwsrmcab/Wsrmcab  HTTP/1.1" 200 41806
199.16.157.183 - - [09/Dec/2023:14:30:44 -0500] "GET /las-tres-caminatas-para-cerrar-el-ano-entre-la-naturaleza.html HTTP/1.1" 200 776
168.119.76.151 - - [09/Dec/2023:14:30:57 -0500] "GET /robots.txt HTTP/1.1" 404 1034
168.119.76.151 - - [09/Dec/2023:14:30:57 -0500] "GET /las-tres-caminatas-para-cerrar-el-ano-entre-la-naturaleza.html HTTP/1.1" 200 776
172.22.2.4 - - [09/Dec/2023:14:31:35 -0500] "GET /BLA/boletinlegal/ HTTP/1.1" 200 16331
181.59.2.212 - - [09/Dec/2023:14:32:04 -0500] "-" 408 -
181.59.2.212 - - [09/Dec/2023:14:32:06 -0500] "-" 408 -
20.254.153.204 - - [09/Dec/2023:14:32:23 -0500] "GET /.env.save HTTP/1.1" 404 1035
20.254.153.204 - - [09/Dec/2023:14:32:23 -0500] "POST /.env.save HTTP/1.1" 404 1035
20.254.153.204 - - [09/Dec/2023:14:32:23 -0500] "GET /.env.production.local HTTP/1.1" 404 1035
20.254.153.204 - - [09/Dec/2023:14:32:24 -0500] "POST /.env.production.local HTTP/1.1" 404 1035
20.254.153.204 - - [09/Dec/2023:14:32:25 -0500] "GET /.env.development.local HTTP/1.1" 404 1035
20.254.153.204 - - [09/Dec/2023:14:32:25 -0500] "POST /.env.development.local HTTP/1.1" 404 1035
20.254.153.204 - - [09/Dec/2023:14:32:25 -0500] "GET /.env.old HTTP/1.1" 404 1035
20.254.153.204 - - [09/Dec/2023:14:32:26 -0500] "POST /.env.old HTTP/1.1" 404 1035
20.254.153.204 - - [09/Dec/2023:14:32:27 -0500] "GET /.env.prod HTTP/1.1" 404 1035
20.254.153.204 - - [09/Dec/2023:14:32:27 -0500] "POST /.env.prod HTTP/1.1" 404 1035
20.254.153.204 - - [09/Dec/2023:14:32:28 -0500] "GET /.env HTTP/1.1" 404 1035
20.254.153.204 - - [09/Dec/2023:14:32:28 -0500] "POST /.env HTTP/1.1" 404 1035
20.254.153.204 - - [09/Dec/2023:14:32:28 -0500] "GET /.env.production HTTP/1.1" 404 1035
20.254.153.204 - - [09/Dec/2023:14:32:29 -0500] "POST /.env.production HTTP/1.1" 404 1035
20.254.153.204 - - [09/Dec/2023:14:32:29 -0500] "GET /.env.development HTTP/1.1" 404 1035
20.254.153.204 - - [09/Dec/2023:14:32:30 -0500] "POST /.env.development HTTP/1.1" 404 1035
20.254.153.204 - - [09/Dec/2023:14:32:31 -0500] "GET /.env HTTP/1.1" 404 1035
20.254.153.204 - - [09/Dec/2023:14:32:31 -0500] "GET /frontend_dev.php/$ HTTP/1.1" 404 1035
20.254.153.204 - - [09/Dec/2023:14:32:32 -0500] "GET /debug/default/view?panel=config HTTP/1.1" 404 1035
20.254.153.204 - - [09/Dec/2023:14:32:32 -0500] "GET /config.json HTTP/1.1" 404 1035
20.254.153.204 - - [09/Dec/2023:14:32:33 -0500] "GET /?phpinfo=1 HTTP/1.1" 200 319
20.254.153.204 - - [09/Dec/2023:14:32:33 -0500] "GET /info.php HTTP/1.1" 404 1035
20.254.153.204 - - [09/Dec/2023:14:32:34 -0500] "GET /phpinfo.php HTTP/1.1" 404 1035
20.254.153.204 - - [09/Dec/2023:14:32:34 -0500] "GET /_profiler/phpinfo HTTP/1.1" 404 1035
216.245.221.92 - - [09/Dec/2023:14:32:53 -0500] "HEAD / HTTP/1.1" 200 -
172.22.2.4 - - [09/Dec/2023:14:31:25 -0500] "HEAD /BLA/boletinlegal/ HTTP/1.1" 200 -
172.22.2.4 - - [09/Dec/2023:14:32:16 -0500] "GET /BLA/boletinlegal/ HTTP/1.1" 200 58294
201.245.192.253 - - [09/Dec/2023:14:35:28 -0500] "POST /kwsrmcab/Wsrmcab  HTTP/1.1" 200 41806
17.241.75.158 - - [09/Dec/2023:14:36:07 -0500] "GET /robots.txt HTTP/1.1" 404 1034
17.241.75.158 - - [09/Dec/2023:14:36:07 -0500] "GET /las-tres-caminatas-para-cerrar-el-ano-entre-la-naturaleza.html HTTP/1.1" 200 776
201.245.192.253 - - [09/Dec/2023:14:36:27 -0500] "POST /kwsrmcab/Wsrmcab HTTP/1.1" 200 38632
201.245.192.253 - - [09/Dec/2023:14:36:30 -0500] "POST /kwsrmcab/Wsrmcab HTTP/1.1" 200 38635
216.245.221.92 - - [09/Dec/2023:14:37:53 -0500] "HEAD / HTTP/1.1" 200 -
216.244.66.195 - - [09/Dec/2023:14:38:25 -0500] "GET /BLA/boletinlegal/jurisprudencia.php HTTP/1.1" 200 17583
172.22.2.4 - - [09/Dec/2023:14:37:15 -0500] "HEAD /BLA/boletinlegal/ HTTP/1.1" 200 -
172.22.2.4 - - [09/Dec/2023:14:38:06 -0500] "GET /BLA/boletinlegal/ HTTP/1.1" 200 58294
207.46.13.54 - - [09/Dec/2023:14:40:13 -0500] "GET /BLA/resoluciones/RESOLUCIONES%202008/1058.pdf HTTP/1.1" 200 374076
201.245.192.253 - - [09/Dec/2023:14:40:12 -0500] "POST /kwsrmcab/Wsrmcab HTTP/1.1" 200 38632
201.245.192.253 - - [09/Dec/2023:14:40:20 -0500] "POST /kwsrmcab/Wsrmcab HTTP/1.1" 200 38635
201.245.192.253 - - [09/Dec/2023:14:40:27 -0500] "POST /kwsrmcab/Wsrmcab  HTTP/1.1" 200 41806
173.252.127.18 - - [09/Dec/2023:14:41:44 -0500] "GET /entrenubes-raton-de-montana-se-alimenta-de-hongos-presentes-en-este-ecosistema-del-suroriente-de-bogota.html HTTP/1.1" 200 843
20.15.133.185 - - [09/Dec/2023:14:42:44 -0500] "GET /BLA/resoluciones/RESOLUCIONES%202023/0676.pdf HTTP/1.1" 200 382261
52.167.144.216 - - [09/Dec/2023:14:42:47 -0500] "GET /BLA/resoluciones/AUTOS%202023/8163.pdf HTTP/1.1" 200 493032
216.245.221.92 - - [09/Dec/2023:14:42:53 -0500] "HEAD / HTTP/1.1" 200 -
162.55.38.160 - - [09/Dec/2023:14:43:15 -0500] "GET / HTTP/1.1" 200 319
162.55.38.160 - - [09/Dec/2023:14:43:17 -0500] "GET / HTTP/1.1" 200 4720
216.244.66.195 - - [09/Dec/2023:14:44:02 -0500] "GET /silvicultura/5.pdf HTTP/1.1" 200 165708
172.22.2.4 - - [09/Dec/2023:14:43:05 -0500] "HEAD /BLA/boletinlegal/ HTTP/1.1" 200 -
201.245.192.253 - - [09/Dec/2023:14:45:26 -0500] "POST /kwsrmcab/Wsrmcab  HTTP/1.1" 200 41806
172.22.2.4 - - [09/Dec/2023:14:43:56 -0500] "GET /BLA/boletinlegal/ HTTP/1.1" 200 58644
216.244.66.195 - - [09/Dec/2023:14:47:02 -0500] "GET /BLA/resoluciones/AUTOS%202016/0327.pdf HTTP/1.1" 200 463152
216.244.66.195 - - [09/Dec/2023:14:47:50 -0500] "GET /BLA/resoluciones/AUTOS%202016/0446.pdf HTTP/1.1" 200 621678
216.245.221.92 - - [09/Dec/2023:14:47:53 -0500] "HEAD / HTTP/1.1" 200 -
216.244.66.195 - - [09/Dec/2023:14:48:36 -0500] "GET /BLA/resoluciones/AUTOS%202016/0604.pdf HTTP/1.1" 200 441348
216.244.66.195 - - [09/Dec/2023:14:49:15 -0500] "GET /BLA/resoluciones/AUTOS%202016/0703.pdf HTTP/1.1" 200 475046
216.244.66.195 - - [09/Dec/2023:14:49:50 -0500] "GET /BLA/resoluciones/AUTOS%202016/0739.pdf HTTP/1.1" 200 447475
216.244.66.195 - - [09/Dec/2023:14:50:22 -0500] "GET /BLA/resoluciones/AUTOS%202016/0783.pdf HTTP/1.1" 200 333847
201.245.192.253 - - [09/Dec/2023:14:50:25 -0500] "POST /kwsrmcab/Wsrmcab  HTTP/1.1" 200 41806
172.22.2.4 - - [09/Dec/2023:14:48:55 -0500] "HEAD /BLA/boletinlegal/ HTTP/1.1" 200 -
207.46.13.107 - - [09/Dec/2023:14:50:46 -0500] "GET /sipse/faces/presentacion/sistema/anexos/cargarAnexoSolicitudProceso.xhtml HTTP/1.1" 302 -
207.46.13.107 - - [09/Dec/2023:14:50:48 -0500] "GET /sipse/faces/autenticacion.xhtml HTTP/1.1" 200 12414
52.167.144.189 - - [09/Dec/2023:14:50:50 -0500] "GET /sipse/faces/faces/autenticacion.xhtml HTTP/1.1" 200 12736
216.244.66.195 - - [09/Dec/2023:14:51:04 -0500] "GET /BLA/resoluciones/AUTOS%202016/0994.pdf HTTP/1.1" 200 926074
172.22.2.4 - - [09/Dec/2023:14:49:46 -0500] "GET /BLA/boletinlegal/ HTTP/1.1" 200 60224
216.244.66.195 - - [09/Dec/2023:14:51:53 -0500] "GET /BLA/resoluciones/AUTOS%202016/1178.pdf HTTP/1.1" 200 520655
216.244.66.195 - - [09/Dec/2023:14:52:32 -0500] "GET /BLA/resoluciones/AUTOS%202016/1190.pdf HTTP/1.1" 200 441515
216.245.221.92 - - [09/Dec/2023:14:52:53 -0500] "HEAD / HTTP/1.1" 200 -
216.244.66.195 - - [09/Dec/2023:14:53:05 -0500] "GET /BLA/resoluciones/AUTOS%202016/1307.pdf HTTP/1.1" 200 438031
40.77.167.56 - - [09/Dec/2023:14:53:48 -0500] "GET /BLA/resoluciones/AUTOS%202023/5936.pdf HTTP/1.1" 200 427032
201.245.192.253 - - [09/Dec/2023:14:55:24 -0500] "POST /kwsrmcab/Wsrmcab  HTTP/1.1" 200 41806
172.22.2.4 - - [09/Dec/2023:14:54:45 -0500] "HEAD /BLA/boletinlegal/ HTTP/1.1" 200 -
172.22.2.4 - - [09/Dec/2023:14:55:36 -0500] "GET /BLA/boletinlegal/ HTTP/1.1" 200 60634
216.245.221.92 - - [09/Dec/2023:14:57:53 -0500] "HEAD / HTTP/1.1" 200 -
201.245.192.253 - - [09/Dec/2023:15:00:23 -0500] "POST /kwsrmcab/Wsrmcab  HTTP/1.1" 200 41806
173.252.87.12 - - [09/Dec/2023:15:01:22 -0500] "GET /dos-animales-silvestres-carne-y-huevos-de-tortuga-fueron-recuperados-en-semana-santa.html HTTP/1.1" 200 1092
172.22.2.4 - - [09/Dec/2023:15:00:35 -0500] "HEAD /BLA/boletinlegal/ HTTP/1.1" 200 -
216.245.221.92 - - [09/Dec/2023:15:02:53 -0500] "HEAD / HTTP/1.1" 200 -
172.22.2.4 - - [09/Dec/2023:15:01:15 -0500] "GET /BLA/boletinlegal/ HTTP/1.1" 200 43449
172.22.2.4 - - [09/Dec/2023:15:01:26 -0500] "GET /BLA/boletinlegal/ HTTP/1.1" 200 43959
216.244.66.195 - - [09/Dec/2023:15:03:40 -0500] "GET /robots.txt HTTP/1.1" 404 1018
201.245.192.253 - - [09/Dec/2023:15:05:22 -0500] "POST /kwsrmcab/Wsrmcab  HTTP/1.1" 200 41806
34.77.127.183 - - [09/Dec/2023:15:07:03 -0500] "GET / HTTP/1.1" 200 319
157.55.39.13 - - [09/Dec/2023:15:07:18 -0500] "GET /Publicaciones/2023EE228014.pdf HTTP/1.1" 404 228
216.245.221.92 - - [09/Dec/2023:15:07:53 -0500] "HEAD / HTTP/1.1" 200 -
172.22.2.4 - - [09/Dec/2023:15:06:25 -0500] "HEAD /BLA/boletinlegal/ HTTP/1.1" 200 -
104.28.76.117 - - [09/Dec/2023:15:08:33 -0500] "GET /php/reqpot.php HTTP/1.1" 404 1018
172.22.2.4 - - [09/Dec/2023:15:07:16 -0500] "GET /BLA/boletinlegal/ HTTP/1.1" 200 60224
157.55.39.13 - - [09/Dec/2023:15:09:58 -0500] "GET /sipse/faces/autenticacion.xhtml HTTP/1.1" 200 12736
201.245.192.253 - - [09/Dec/2023:15:10:21 -0500] "POST /kwsrmcab/Wsrmcab  HTTP/1.1" 200 41806
173.252.127.10 - - [09/Dec/2023:15:12:16 -0500] "GET /florecio-la-herrania-en-el-tropicario-distrital-una-planta-nativa-de-la-amazonia-colombiana.html HTTP/1.1" 200 935
186.86.32.51 - - [09/Dec/2023:15:12:39 -0500] "GET /las-tres-caminatas-para-cerrar-el-ano-entre-la-naturaleza.html HTTP/1.1" 200 776
216.245.221.92 - - [09/Dec/2023:15:12:53 -0500] "HEAD / HTTP/1.1" 200 -
172.22.2.4 - - [09/Dec/2023:15:12:15 -0500] "HEAD /BLA/boletinlegal/ HTTP/1.1" 200 -
172.22.2.4 - - [09/Dec/2023:15:13:06 -0500] "GET /BLA/boletinlegal/ HTTP/1.1" 200 60634
201.245.192.253 - - [09/Dec/2023:15:15:21 -0500] "POST /kwsrmcab/Wsrmcab  HTTP/1.1" 200 41806
17.241.219.62 - - [09/Dec/2023:15:15:28 -0500] "GET /compania-nacional-de-chocolates-cerescos-y-cablemovil-entre-las-empresas-que-han-implementado-proyectos-ambientales-exitosos.html HTTP/1.1" 200 915
152.203.164.217 - - [09/Dec/2023:15:15:46 -0500] "OPTIONS /kwssiamovil/sm/setfile/f? HTTP/1.1" 200 13
152.203.164.217 - - [09/Dec/2023:15:15:46 -0500] "POST /kwssiamovil/sm/setfile/f? HTTP/1.1" 200 381
152.203.164.217 - - [09/Dec/2023:15:15:48 -0500] "OPTIONS /kwssiamovil/sm/setfile/f? HTTP/1.1" 200 13
152.203.164.217 - - [09/Dec/2023:15:15:48 -0500] "POST /kwssiamovil/sm/setfile/f? HTTP/1.1" 200 381
152.203.164.217 - - [09/Dec/2023:15:15:50 -0500] "OPTIONS /kwssiamovil/sm/setfile/f? HTTP/1.1" 200 13
152.203.164.217 - - [09/Dec/2023:15:15:50 -0500] "POST /kwssiamovil/sm/setfile/f? HTTP/1.1" 200 381
152.203.164.217 - - [09/Dec/2023:15:15:52 -0500] "OPTIONS /kwssiamovil/sm/setfile/f? HTTP/1.1" 200 13
152.203.164.217 - - [09/Dec/2023:15:15:52 -0500] "POST /kwssiamovil/sm/setfile/f? HTTP/1.1" 200 381
152.203.164.217 - - [09/Dec/2023:15:15:54 -0500] "OPTIONS /kwssiamovil/sm/setfile/f? HTTP/1.1" 200 13
172.22.2.4 - - [09/Dec/2023:15:15:54 -0500] "GET /BLA/boletinlegal/Circulares/2017/Circular%20No.%20011%20del%2005%20de%20julio%20de%202017.pdf HTTP/1.1" 304 -
152.203.164.217 - - [09/Dec/2023:15:15:54 -0500] "POST /kwssiamovil/sm/setfile/f? HTTP/1.1" 200 381
152.203.164.217 - - [09/Dec/2023:15:15:56 -0500] "OPTIONS /kwssiamovil/sm/setfile/f? HTTP/1.1" 200 13
152.203.164.217 - - [09/Dec/2023:15:15:56 -0500] "POST /kwssiamovil/sm/setfile/f? HTTP/1.1" 200 381
201.245.192.253 - - [09/Dec/2023:15:16:27 -0500] "POST /kwsrmcab/Wsrmcab HTTP/1.1" 200 38644
201.245.192.253 - - [09/Dec/2023:15:16:30 -0500] "POST /kwsrmcab/Wsrmcab HTTP/1.1" 200 38638
152.203.164.217 - - [09/Dec/2023:15:16:48 -0500] "GET /kwssiamovil/sm/acme/a?s=U2FsdGVkX1/DVtUeWA+VSMSj2MH2+AgLPUAH8cEGXF1F4lL+5zQnmN2LuUjXXt9eXu7fZ2cTEAQT7nIbyvzGUMgP3lJVQgN4pv4QCEVgbN/QFiHu4KJpJZFY2UbiBsoGXatpdzu2gmWaFmhEEVOVNyXFaLUlQfCjYydnw3ezKY7Anc5tdWLgS/LQzyGOF1oXCs/eeGQIR6dJ38oldnhX4TjxeogEVVmWp2pNRQt2tFUMGK+kjhP+PCKVhBdFQxHCAtz80uvLc4be9D4berrJBg==&u=U2FsdGVkX1/o1tdQ62k4cl3V8ikOnqlgUfWQkoJnpTS+CUMdEocpZgqv5TBCn+P1&y=U2FsdGVkX19QoMCc9mqMx4tqVZsoamqdGAinN6nAqDAMfvsY1zCg094joNlH+B1b HTTP/1.1" 200 26
152.203.164.217 - - [09/Dec/2023:15:16:49 -0500] "GET /kwssiamovil/sm/acme/a?s=U2FsdGVkX18axG558YNVJlmlxtkyHQuDOvX/NogkkE+xNTdDKDwLGcbAvIdgSI0UCnN1u0InWx9lkmvfQ3iPD8zfzOJISsIgUO1972HFK+8ajHR6H4ffkOz7XTQuTCrrzaFSCO/gROp19a3e5747xj1TI5J23AMiH+jDCjdcQqlLZQ/OFUTYEu/Knguicc5ZzQ1Hco/vRyi9BV/DaWFbWCqXcPQBAMrsjOWARggiYR+WTCU8ysTWMu7l7qzRjXlGaVwErdGRCqK4AIxZPOhjTKQzLpj+/swUX27JGVrnLyIookRqSKzbOASIiM7ZQk159/aQOWtMt63PX82UbBRiPxLRIsGpJSjtitsnSsnp9FRWMzrr2H2nEbKNSj4PuV9MfBLDzY0OsNmkIn3SdW5EgsnOvZe+4DbTqoFBNC1/zQrB9t1bDCZzlqvSQkQGH1e1ZhBDlbmubgyunCLZZK6i25dqamqtVjl8Ql/kW6RtzjwEGOHOTIFAd9u8n/z4bBoDDKLI41nAmyjiSBIbKdu/xkwwUkRStWqEAYwFw678p6UL9KkPCU6C59DICXIuxRMAKbWmozJXTFulsFhIPMny+jXrnfa4CuuZ1Kru22OG5/T3xXYRyUn593D3jpYfGl2VPXt4/LXOdPbTZ9apqgrnow/ZSxmFEJlgqOLER3oTfekcnEnDloySLieT8XZkUjsuI+ONckHPM+SFhTVEUlr1n9QliK1hLSMu6EiQ2St/PzI2+MtLZkPtvElr8w91d86p7ABpn0ZarTbuDtAcbEhAT5oB3ZYF40zTDSfKHRqfB5TU0A6otD6+xb7iag+5/qvPl/QWFTSbJT5BygVYpie3pg5ChrGAtAT2QrOlF7wUJLYgiT7uAXZmZ/xEpaPqSU0GAN5ggZ8sXjk4cfpldVH0QI9ngCi/Dwe6n3tunCv1lj1u9J6hzGRq0ZUnJbXbnwVL/JeyCnekN6aiSX3W33BjY4RcLwEGlZqY2DALWw12kblZ3wFzU5+id95pyo6Vr5HcC4F9yiO6BjrLrO4vcpJ0TIpRHjpLy0WIzTVbFDxYlb39M0cty0OeQMJJC/nO0oHFEr+y8He8egS0rAWYtcRWCnZl67KqdGJBSWlohL5HvFzLOu6H45rrK2ySISCjBneQXGoWZvwNzuflwQ8LcVoSoRNX3VcJtyZShcBaDRp0coDyG7vhm18jlYYsdtUL7ws/xk25XVsrFkhynfpTet41DD62vWGzh0Y0O/02SaHkd1fH1P0MC8UF6V17/jjKJrX7&u=U2FsdGVkX1/o1tdQ62k4cl3V8ikOnqlgUfWQkoJnpTS+CUMdEocpZgqv5TBCn+P1&y=U2FsdGVkX19QoMCc9mqMx4tqVZsoamqdGAinN6nAqDAMfvsY1zCg094joNlH+B1b HTTP/1.1" 200 26
152.203.164.217 - - [09/Dec/2023:15:16:50 -0500] "GET /kwssiamovil/sm/acme/a?s=U2FsdGVkX18p+zkHmqlhr5RmZ7i/0fjHyqmfZZ/dk0CnLZh9tnJTCjTtRNgeQdz6r22C3pMTXewWz8pJdEGIJB+xAHB+Mle3BGsmSkE/H2zMNBhp+CEO1ZY+b8dxw8tTGxfEoIEBCO1j7LHh+QfX/8optO7WNUiuD7UBNSda1IM=&u=U2FsdGVkX1/o1tdQ62k4cl3V8ikOnqlgUfWQkoJnpTS+CUMdEocpZgqv5TBCn+P1&y=U2FsdGVkX19QoMCc9mqMx4tqVZsoamqdGAinN6nAqDAMfvsY1zCg094joNlH+B1b HTTP/1.1" 200 26
152.203.164.217 - - [09/Dec/2023:15:16:50 -0500] "GET /kwssiamovil/sm/acme/a?s=U2FsdGVkX19O4zhXftUWJ/wavSn8d5GKHjJetFYBgMnY5m2hkeZ2g+alGbxnpWexVN3LvTVOyoB3u4EUo7WqwZpD+b+Kciq08DYiH6VIcu4Y0ebwzEJRrBwZ+3CnL7bPvuUJEScTi72zEWuZTQmsHEFb8Mgn57FpaBJ+FnlfNHY=&u=U2FsdGVkX1/o1tdQ62k4cl3V8ikOnqlgUfWQkoJnpTS+CUMdEocpZgqv5TBCn+P1&y=U2FsdGVkX19QoMCc9mqMx4tqVZsoamqdGAinN6nAqDAMfvsY1zCg094joNlH+B1b HTTP/1.1" 200 26
152.203.164.217 - - [09/Dec/2023:15:16:50 -0500] "GET /kwssiamovil/sm/acme/a?s=U2FsdGVkX194MyjfuCw+PlnY/GxrVALI+edYpXU8k+/qDsQEsxYT0zpTMaktJvIpuTrnEzmIgKHXAEXM/igklGowhBsvJ3WtQNLvuarsaNqObeZGlLg7m9iIjdzWoOk0XB7WW2xYOOFBnlCamaMFwrTGaZExPIBhWlOg3j8Cff0=&u=U2FsdGVkX1/o1tdQ62k4cl3V8ikOnqlgUfWQkoJnpTS+CUMdEocpZgqv5TBCn+P1&y=U2FsdGVkX19QoMCc9mqMx4tqVZsoamqdGAinN6nAqDAMfvsY1zCg094joNlH+B1b HTTP/1.1" 200 26
152.203.164.217 - - [09/Dec/2023:15:16:50 -0500] "GET /kwssiamovil/sm/acme/a?s=U2FsdGVkX1+x0X08xzB8ZlN/XfWy5NZOkkC4qRN0kcVv2x3pRg8UGX5eGbop1Iio858y6X1Et+nhmM0FWqVEvEhhoIYyXJzg8Lr6mld9ZCJ/5QHgcYz7k1O7tQ1dIqvkd4Uf+MkMz3xFsjXrrJ5bxTvZTyk7GSi14lKU7hhee1jwwSZL4h4Rdj/Gl/9kuvmnKC4dQsm97XVGfq/+QHFxDA==&u=U2FsdGVkX1/o1tdQ62k4cl3V8ikOnqlgUfWQkoJnpTS+CUMdEocpZgqv5TBCn+P1&y=U2FsdGVkX19QoMCc9mqMx4tqVZsoamqdGAinN6nAqDAMfvsY1zCg094joNlH+B1b HTTP/1.1" 200 26
152.203.164.217 - - [09/Dec/2023:15:16:50 -0500] "GET /kwssiamovil/sm/acme/a?s=U2FsdGVkX19bdC/r6U+MDmMJpjEu3lbd4wvCTnVAdTXXTNq4zwC+Bjs2nzU1zXfQNveo0UTkmbblrXyXhQuK50GTJXn8X56Qm2nXSK5YcJR+u+wzWwKp+JSDcVBT7PTz4fTGyF9T345RtRA2D0rANTtoDG4EibenW4sRgiRtttW3Z3O828kcnUdc9jE/Zh0kpCDpcd4klhQ6TUgxgOq4lg==&u=U2FsdGVkX1/o1tdQ62k4cl3V8ikOnqlgUfWQkoJnpTS+CUMdEocpZgqv5TBCn+P1&y=U2FsdGVkX19QoMCc9mqMx4tqVZsoamqdGAinN6nAqDAMfvsY1zCg094joNlH+B1b HTTP/1.1" 200 26
152.203.164.217 - - [09/Dec/2023:15:16:51 -0500] "GET /kwssiamovil/sm/acme/a?s=U2FsdGVkX1+l5FmkHTlCtYnOt7h366RUPmweIBiexfe6mqpxQPBqyBjjuGroMaRzc6NvW4FSOiSOhA7DdVTLQgDs97zXp46VWD32+0+/eDNkMCVpN2Zfw9uuULJIcpOalR264OvRnF1cz5BpJqbrRsGHi7Cd+9fS0zqX241w/66g1U9dunJnKzO/73e3u3Bn&u=U2FsdGVkX1/o1tdQ62k4cl3V8ikOnqlgUfWQkoJnpTS+CUMdEocpZgqv5TBCn+P1&y=U2FsdGVkX19QoMCc9mqMx4tqVZsoamqdGAinN6nAqDAMfvsY1zCg094joNlH+B1b HTTP/1.1" 200 26
152.203.164.217 - - [09/Dec/2023:15:16:51 -0500] "GET /kwssiamovil/sm/acme/a?s=U2FsdGVkX19fWKzhegNvHL7vWiYHgsIiFLx7fuEaYSUueDH5hZEC1qFe4Ok1//zlRXrYEvPEGDRTHWeIhnE5OfxjnrTcB3/rCa0i0By6ez1m95s0mwuMg2dqgqifXznSjcw92Py8DYLQeOfIqav0sIEYWiImhspfhfca9Qis2kkCSabwVVbUnDAi7muyi78Om+q9rm6eEu2cIqF2xUs2fQ==&u=U2FsdGVkX1/o1tdQ62k4cl3V8ikOnqlgUfWQkoJnpTS+CUMdEocpZgqv5TBCn+P1&y=U2FsdGVkX19QoMCc9mqMx4tqVZsoamqdGAinN6nAqDAMfvsY1zCg094joNlH+B1b HTTP/1.1" 200 26
152.203.164.217 - - [09/Dec/2023:15:16:51 -0500] "GET /kwssiamovil/sm/acme/a?s=U2FsdGVkX1+pcwr0IP4uJTwE14H3kly1nnGOfrU7WPEvYPOW79kVWf0smRNZ/Er6L94Jgsa+u3OjEYq8gdLzRcXtD3/Khwl/ME9ccYd4jaM2ychT7CRVvmUrdYNmNIfsNRukLyi7ZuaglpbkLRJa8dbXwkP/Lf4zA6LIJtdJBgmzOUgIHpDWwskvdkbUFkue&u=U2FsdGVkX1/o1tdQ62k4cl3V8ikOnqlgUfWQkoJnpTS+CUMdEocpZgqv5TBCn+P1&y=U2FsdGVkX19QoMCc9mqMx4tqVZsoamqdGAinN6nAqDAMfvsY1zCg094joNlH+B1b HTTP/1.1" 200 26
152.203.164.217 - - [09/Dec/2023:15:16:51 -0500] "GET /kwssiamovil/sm/acme/a?s=U2FsdGVkX1/HyXPk6v8wdJa1RUP0nsQgvJ1FTYLjjyI3oSydJJ6hu/K7SWYivzBTKH3VBREqaEVJnuxmqszRJOcXfYeZFVofiTpqpqKCMhPQPttQ1QG3mAJgAsobaR4uROu57FGzecc9O6IF43RxXksn8VtWwnrw44D/ZnB92HYYtOftztU8Zmhfe9+2hfJcnZGQiSChMgVMY/I8hABGJg==&u=U2FsdGVkX1/o1tdQ62k4cl3V8ikOnqlgUfWQkoJnpTS+CUMdEocpZgqv5TBCn+P1&y=U2FsdGVkX19QoMCc9mqMx4tqVZsoamqdGAinN6nAqDAMfvsY1zCg094joNlH+B1b HTTP/1.1" 200 26
152.203.164.217 - - [09/Dec/2023:15:16:51 -0500] "GET /kwssiamovil/sm/acme/a?s=U2FsdGVkX1/i3GaSRwgpYBHUFoLq4ch2t17Mp1LNt7YpAJWUqN/T5e93ccr6BhXk+DjbC5p3OmljautA7F+OxOBO5ttG7duyagUZCvjlELJXeOgaGeeHlV4DEqxBYEgzK3FjLMl6xUCvUemn9LBOit/dB2NTQtP03i2PcSnbWds6y+7A/Gm0Lnb4d7hJO/dO&u=U2FsdGVkX1/o1tdQ62k4cl3V8ikOnqlgUfWQkoJnpTS+CUMdEocpZgqv5TBCn+P1&y=U2FsdGVkX19QoMCc9mqMx4tqVZsoamqdGAinN6nAqDAMfvsY1zCg094joNlH+B1b HTTP/1.1" 200 26
152.203.164.217 - - [09/Dec/2023:15:16:51 -0500] "GET /kwssiamovil/sm/acme/a?s=U2FsdGVkX19V+8t7D7r3uurLzZSoeA5H1Xc2l8b8wZJKRokAGqsVYRsVo3nrBU/H4YlRiGlVr43B8AK6favqjLRdfKsQiu8ChAU4/eOaoB/WZ6287907l53soTxgh4HknosyWPH2kKyQOYLRgI6WJnt6wgF1gw8FHKvRN7QI8nQ+tpApZXg0jLZp9KubVM+dDAF8mlfAgz+3uF3qQnN4vQ==&u=U2FsdGVkX1/o1tdQ62k4cl3V8ikOnqlgUfWQkoJnpTS+CUMdEocpZgqv5TBCn+P1&y=U2FsdGVkX19QoMCc9mqMx4tqVZsoamqdGAinN6nAqDAMfvsY1zCg094joNlH+B1b HTTP/1.1" 200 26
152.203.164.217 - - [09/Dec/2023:15:16:52 -0500] "GET /kwssiamovil/sm/acme/a?s=U2FsdGVkX19K4vucKGdcjuQRDuRt1vtUZkM4ss+G3iSsmSN+YuYmXtPE6Ca8A9anSyx/4zq8UJA9xdOUkyYq3Ciaw4jwsbd4BgwjYXiZvlsXRqsdMNcz16eBuaoUjBPQeM/I5o5ygcK0TW1rS6902enUf/3m1hTLdPCVD+/gmHV4yvE7zlsR62uCEdMfwR7c6ae2gaAW9MmtKPHjOC7Bgw==&u=U2FsdGVkX1/o1tdQ62k4cl3V8ikOnqlgUfWQkoJnpTS+CUMdEocpZgqv5TBCn+P1&y=U2FsdGVkX19QoMCc9mqMx4tqVZsoamqdGAinN6nAqDAMfvsY1zCg094joNlH+B1b HTTP/1.1" 200 26
152.203.164.217 - - [09/Dec/2023:15:16:52 -0500] "GET /kwssiamovil/sm/acme/a?s=U2FsdGVkX1+6yVyuVo+/QFhP3JTn7n2zF+O60Hgdesvk83vS3G80wfnPpqWDnVSw9LTX26sOKOKPSO8y3fhas0eq56SF7pAkE3GaChlS2LKPI/pETIncNkFMUWgZIURaLKVMy0AAM4FXFLD5kLspiaDoPV2lK5m0pTFfMasyN0unhX688mV/ObuwwM+6+zqpL58HGxfWWSazvpOY3yRo+Q==&u=U2FsdGVkX1/o1tdQ62k4cl3V8ikOnqlgUfWQkoJnpTS+CUMdEocpZgqv5TBCn+P1&y=U2FsdGVkX19QoMCc9mqMx4tqVZsoamqdGAinN6nAqDAMfvsY1zCg094joNlH+B1b HTTP/1.1" 200 26
152.203.164.217 - - [09/Dec/2023:15:16:52 -0500] "GET /kwssiamovil/sm/acme/a?s=U2FsdGVkX19wvCJqsuFJ0G+13+Ez1WBxNIwY4yD75gFtYIxhNm4ZtNBQomdNJDABe2Z9K0uGlVi0frGlCwjp7+LZxBX2iYY0vv29pPwF6LbwSO34WLFnzRc7iLVMzF5/BLVNSpaAXOT8ocvVRqOrEnFX/KO//vWj8Y1ygJVD9J9gC9wiWn+qaIgGJrrB7aw1c9w9rzbdEvFQABI5BAWjDA==&u=U2FsdGVkX1/o1tdQ62k4cl3V8ikOnqlgUfWQkoJnpTS+CUMdEocpZgqv5TBCn+P1&y=U2FsdGVkX19QoMCc9mqMx4tqVZsoamqdGAinN6nAqDAMfvsY1zCg094joNlH+B1b HTTP/1.1" 200 26
152.203.164.217 - - [09/Dec/2023:15:16:52 -0500] "GET /kwssiamovil/sm/acme/a?s=U2FsdGVkX1/MoxymeODiZK4DdnkddG27yQbDEDTho52kqDeQCHCT7ggStadoqVVBnmjVNK/iArXfG91Jq6OBj+yIt0nzEEB/CyOJEsCJ3lAjgfQ5NAI5BeFbCt/7sltkI6wgewlB5IFM2ZeVyH/njfgLzs+xmcc98Xb6S5sJ47ytEudO0uBRwVGT4Ji3GKIC+s95RCnfLQRzQxgukfJt7A==&u=U2FsdGVkX1/o1tdQ62k4cl3V8ikOnqlgUfWQkoJnpTS+CUMdEocpZgqv5TBCn+P1&y=U2FsdGVkX19QoMCc9mqMx4tqVZsoamqdGAinN6nAqDAMfvsY1zCg094joNlH+B1b HTTP/1.1" 200 26
152.203.164.217 - - [09/Dec/2023:15:16:52 -0500] "GET /kwssiamovil/sm/acme/a?s=U2FsdGVkX1+0hc0q4f9XKWt4aAi1wR16rYEl1PsnnBnC8X425lSbqJoDA8VwRXj2G9PiYeBK0EOvzVqJQDX5eTk8sTyp+4++YUo7l09cH8x+FK4AywdzoaYYu7Vftp9Et9kKWbTTN/8tQ8U34XXdzZ3DLeCiQ+RUs2ktrTS+QtSf6wCpLOa2IlKPIEcwT6xx&u=U2FsdGVkX1/o1tdQ62k4cl3V8ikOnqlgUfWQkoJnpTS+CUMdEocpZgqv5TBCn+P1&y=U2FsdGVkX19QoMCc9mqMx4tqVZsoamqdGAinN6nAqDAMfvsY1zCg094joNlH+B1b HTTP/1.1" 200 26
152.203.164.217 - - [09/Dec/2023:15:17:23 -0500] "GET /kwssiamovil/sm/acme/u?s=U2FsdGVkX18fSJkkU9GIil/vbybUlGg+JRIrDyvZKifjTEwCMcRkoM1Reu8MpoQcwoZsNpFfCKqlnR+wqT3qNFBndwTRncDyx+ddYIIPoPYE0UUKFEkM69giTYvlBNZljEwoE0UO4V0NDj9byZ/70OD2fZQuZ0VEijoOHjVTZxs=&u=U2FsdGVkX1/o1tdQ62k4cl3V8ikOnqlgUfWQkoJnpTS+CUMdEocpZgqv5TBCn+P1&y=U2FsdGVkX19QoMCc9mqMx4tqVZsoamqdGAinN6nAqDAMfvsY1zCg094joNlH+B1b HTTP/1.1" 200 60
216.245.221.92 - - [09/Dec/2023:15:17:53 -0500] "HEAD / HTTP/1.1" 200 -
172.22.2.4 - - [09/Dec/2023:15:18:05 -0500] "HEAD /BLA/boletinlegal/ HTTP/1.1" 200 -
201.245.192.253 - - [09/Dec/2023:15:20:12 -0500] "POST /kwsrmcab/Wsrmcab HTTP/1.1" 200 38644
201.245.192.253 - - [09/Dec/2023:15:20:19 -0500] "POST /kwsrmcab/Wsrmcab  HTTP/1.1" 200 41806
201.245.192.253 - - [09/Dec/2023:15:20:20 -0500] "POST /kwsrmcab/Wsrmcab HTTP/1.1" 200 38638
172.22.2.4 - - [09/Dec/2023:15:18:56 -0500] "GET /BLA/boletinlegal/ HTTP/1.1" 200 60634
186.154.38.207 - - [09/Dec/2023:15:21:39 -0500] "GET /sipse/faces/index.xhtml HTTP/1.1" 200 677
186.154.38.207 - - [09/Dec/2023:15:21:39 -0500] "GET /sipse/faces/javax.faces.resource/theme.css?ln=primefaces-sipse HTTP/1.1" 304 -
186.154.38.207 - - [09/Dec/2023:15:21:39 -0500] "GET /favicon.ico HTTP/1.1" 200 7782
186.154.38.207 - - [09/Dec/2023:15:21:39 -0500] "GET /sipse/faces/faces/autenticacion.xhtml HTTP/1.1" 200 12414
186.154.38.207 - - [09/Dec/2023:15:21:40 -0500] "GET /sipse/faces/javax.faces.resource/theme.css?ln=primefaces-sipse HTTP/1.1" 304 -
186.154.38.207 - - [09/Dec/2023:15:21:40 -0500] "GET /sipse/faces/javax.faces.resource/layout/layout.css?ln=primefaces&v=4.0 HTTP/1.1" 304 -
186.154.38.207 - - [09/Dec/2023:15:21:40 -0500] "GET /sipse/js/funciones.js HTTP/1.1" 304 -
186.154.38.207 - - [09/Dec/2023:15:21:40 -0500] "GET /sipse/css/custom_css_sg_prime_login.css HTTP/1.1" 304 -
186.154.38.207 - - [09/Dec/2023:15:21:40 -0500] "GET /sipse/css/custom_css_sg.css HTTP/1.1" 304 -
186.154.38.207 - - [09/Dec/2023:15:21:40 -0500] "GET /sipse/faces/javax.faces.resource/primefaces.css?ln=primefaces&v=4.0 HTTP/1.1" 304 -
186.154.38.207 - - [09/Dec/2023:15:21:40 -0500] "GET /sipse/js/disable_browser_buttons.js HTTP/1.1" 304 -
186.154.38.207 - - [09/Dec/2023:15:21:40 -0500] "GET /sipse/faces/javax.faces.resource/jquery/jquery-plugins.js?ln=primefaces&v=4.0 HTTP/1.1" 304 -
186.154.38.207 - - [09/Dec/2023:15:21:40 -0500] "GET /sipse/faces/javax.faces.resource/jquery/jquery.js?ln=primefaces&v=4.0 HTTP/1.1" 304 -
186.154.38.207 - - [09/Dec/2023:15:21:40 -0500] "GET /sipse/faces/javax.faces.resource/layout/layout.js?ln=primefaces&v=4.0 HTTP/1.1" 304 -
186.154.38.207 - - [09/Dec/2023:15:21:40 -0500] "GET /sipse/faces/javax.faces.resource/primefaces.js?ln=primefaces&v=4.0 HTTP/1.1" 304 -
186.154.38.207 - - [09/Dec/2023:15:21:40 -0500] "GET /sipse/css/imagen/loginimg.png HTTP/1.1" 304 -
186.154.38.207 - - [09/Dec/2023:15:21:40 -0500] "GET /sipse/css/imagen/logoSDG.png HTTP/1.1" 304 -
186.154.38.207 - - [09/Dec/2023:15:21:40 -0500] "GET /sipse/faces/javax.faces.resource/images/ui-icons_898989_256x240.png?ln=primefaces-aristo HTTP/1.1" 304 -
186.154.38.207 - - [09/Dec/2023:15:21:56 -0500] "POST /sipse/faces/autenticacion.xhtml HTTP/1.1" 200 2187
186.154.38.207 - - [09/Dec/2023:15:21:57 -0500] "GET /sipse/faces/javax.faces.resource/messages/messages.png?ln=primefaces&v=4.0 HTTP/1.1" 304 -
186.154.38.207 - - [09/Dec/2023:15:21:58 -0500] "POST /sipse/faces/autenticacion.xhtml HTTP/1.1" 200 2231
186.154.38.207 - - [09/Dec/2023:15:22:01 -0500] "POST /sipse/faces/autenticacion.xhtml HTTP/1.1" 200 16463
186.154.38.207 - - [09/Dec/2023:15:22:01 -0500] "GET /sipse/faces/javax.faces.resource/theme.css?ln=primefaces-sipse HTTP/1.1" 304 -
186.154.38.207 - - [09/Dec/2023:15:22:01 -0500] "GET /sipse/faces/javax.faces.resource/primefaces.css?ln=primefaces&v=4.0 HTTP/1.1" 304 -
186.154.38.207 - - [09/Dec/2023:15:22:01 -0500] "GET /sipse/faces/javax.faces.resource/layout/layout.css?ln=primefaces&v=4.0 HTTP/1.1" 304 -
186.154.38.207 - - [09/Dec/2023:15:22:01 -0500] "GET /sipse/css/custom_css_sg_prime.css HTTP/1.1" 304 -
186.154.38.207 - - [09/Dec/2023:15:22:01 -0500] "GET /sipse/js/jquery.min.js HTTP/1.1" 304 -
186.154.38.207 - - [09/Dec/2023:15:22:01 -0500] "GET /sipse/faces/javax.faces.resource/jquery/jquery.js?ln=primefaces&v=4.0 HTTP/1.1" 304 -
186.154.38.207 - - [09/Dec/2023:15:22:01 -0500] "GET /sipse/faces/javax.faces.resource/jquery/jquery-plugins.js?ln=primefaces&v=4.0 HTTP/1.1" 304 -
186.154.38.207 - - [09/Dec/2023:15:22:01 -0500] "GET /sipse/faces/javax.faces.resource/primefaces.js?ln=primefaces&v=4.0 HTTP/1.1" 304 -
186.154.38.207 - - [09/Dec/2023:15:22:02 -0500] "GET /sipse/faces/javax.faces.resource/layout/layout.js?ln=primefaces&v=4.0 HTTP/1.1" 304 -
186.154.38.207 - - [09/Dec/2023:15:22:02 -0500] "GET /sipse/css/v_mergente.css HTTP/1.1" 304 -
186.154.38.207 - - [09/Dec/2023:15:22:02 -0500] "GET /sipse/imagenes/cargando.gif HTTP/1.1" 304 -
186.154.38.207 - - [09/Dec/2023:15:22:02 -0500] "GET /sipse/imagenes/logoAplicacion.jpg HTTP/1.1" 304 -
186.154.38.207 - - [09/Dec/2023:15:22:02 -0500] "GET /sipse/css/imagen/contrasena.png HTTP/1.1" 404 383
186.154.38.207 - - [09/Dec/2023:15:22:08 -0500] "GET /sipse/faces/javax.faces.resource/images/ui-bg_flat_0_2d5972_40x100.png?ln=primefaces-aristo HTTP/1.1" 304 -
186.154.38.207 - - [09/Dec/2023:15:22:08 -0500] "POST /sipse/faces/bienvenido.xhtml HTTP/1.1" 200 2658
186.154.38.207 - - [09/Dec/2023:15:22:09 -0500] "POST /sipse/faces/bienvenido.xhtml HTTP/1.1" 200 64349
186.154.38.207 - - [09/Dec/2023:15:22:10 -0500] "GET /sipse/faces/javax.faces.resource/theme.css?ln=primefaces-sipse HTTP/1.1" 304 -
186.154.38.207 - - [09/Dec/2023:15:22:10 -0500] "GET /sipse/faces/javax.faces.resource/primefaces.css?ln=primefaces&v=4.0 HTTP/1.1" 304 -
186.154.38.207 - - [09/Dec/2023:15:22:10 -0500] "GET /sipse/faces/javax.faces.resource/layout/layout.css?ln=primefaces&v=4.0 HTTP/1.1" 304 -
186.154.38.207 - - [09/Dec/2023:15:22:10 -0500] "GET /sipse/faces/javax.faces.resource/jquery/jquery.js?ln=primefaces&v=4.0 HTTP/1.1" 304 -
186.154.38.207 - - [09/Dec/2023:15:22:10 -0500] "GET /sipse/faces/javax.faces.resource/jquery/jquery-plugins.js?ln=primefaces&v=4.0 HTTP/1.1" 304 -
186.154.38.207 - - [09/Dec/2023:15:22:10 -0500] "GET /sipse/faces/javax.faces.resource/primefaces.js?ln=primefaces&v=4.0 HTTP/1.1" 304 -
186.154.38.207 - - [09/Dec/2023:15:22:10 -0500] "GET /sipse/faces/javax.faces.resource/layout/layout.js?ln=primefaces&v=4.0 HTTP/1.1" 304 -
186.154.38.207 - - [09/Dec/2023:15:22:10 -0500] "POST /sipse/faces/presentacion/financiero/solicitudProceso/listarSolicitudProceso.xhtml HTTP/1.1" 200 1564
186.154.38.207 - - [09/Dec/2023:15:22:13 -0500] "POST /sipse/faces/presentacion/financiero/solicitudProceso/listarSolicitudProceso.xhtml HTTP/1.1" 200 8243
186.154.38.207 - - [09/Dec/2023:15:22:36 -0500] "POST /sipse/faces/presentacion/financiero/solicitudProceso/listarSolicitudProceso.xhtml HTTP/1.1" 200 8256
186.154.38.207 - - [09/Dec/2023:15:22:38 -0500] "POST /sipse/faces/presentacion/financiero/solicitudProceso/listarSolicitudProceso.xhtml HTTP/1.1" 200 143688
186.154.38.207 - - [09/Dec/2023:15:22:39 -0500] "GET /sipse/faces/javax.faces.resource/theme.css?ln=primefaces-sipse HTTP/1.1" 304 -
