172.226.172.3 - - [09/Dec/2023:19:48:48 -0500] "GET /sipse/faces/javax.faces.resource/layout/layout.css?ln=primefaces&v=4.0 HTTP/1.1" 304 -
172.226.172.3 - - [09/Dec/2023:19:48:48 -0500] "GET /sipse/faces/javax.faces.resource/jquery/jquery.js?ln=primefaces&v=4.0 HTTP/1.1" 304 -
172.226.172.3 - - [09/Dec/2023:19:48:48 -0500] "GET /sipse/faces/javax.faces.resource/jquery/jquery-plugins.js?ln=primefaces&v=4.0 HTTP/1.1" 304 -
172.226.172.3 - - [09/Dec/2023:19:48:48 -0500] "GET /sipse/faces/javax.faces.resource/primefaces.js?ln=primefaces&v=4.0 HTTP/1.1" 304 -
172.226.172.3 - - [09/Dec/2023:19:48:48 -0500] "GET /sipse/faces/javax.faces.resource/layout/layout.js?ln=primefaces&v=4.0 HTTP/1.1" 304 -
172.226.172.3 - - [09/Dec/2023:19:48:49 -0500] "GET /sipse/faces/javax.faces.resource/dynamiccontent.properties?ln=primefaces&pfdrid=XjOR5%2F%2FfPAZAuY9TpWQeCiM0BhlXxYRBGKi%2FQcXXfeA%3D&pfdrid_c=false HTTP/1.1" 500 383
172.22.2.4 - - [09/Dec/2023:19:47:16 -0500] "GET /BLA/boletinlegal/ HTTP/1.1" 200 60634
172.226.172.3 - - [09/Dec/2023:19:49:08 -0500] "POST /sipse/faces/presentacion/financiero/solicitudProceso/consultarSolicitudProceso.xhtml HTTP/1.1" 200 153661
172.226.172.3 - - [09/Dec/2023:19:49:10 -0500] "POST /sipse/faces/presentacion/financiero/solicitudProceso/consultarSolicitudProceso.xhtml HTTP/1.1" 200 3218225
172.226.172.3 - - [09/Dec/2023:19:49:12 -0500] "POST /sipse/faces/presentacion/financiero/solicitudProceso/consultarSolicitudProceso.xhtml HTTP/1.1" 200 2154806
172.226.172.3 - - [09/Dec/2023:19:49:19 -0500] "POST /sipse/faces/presentacion/financiero/solicitudProceso/consultarSolicitudProceso.xhtml HTTP/1.1" 200 5461
172.226.172.3 - - [09/Dec/2023:19:49:20 -0500] "GET /sipse/faces/javax.faces.resource/dynamiccontent.properties?ln=primefaces&pfdrid=XjOR5%2F%2FfPAZAuY9TpWQeCiM0BhlXxYRBGKi%2FQcXXfeA%3D&pfdrid_c=false HTTP/1.1" 200 117406
201.245.192.253 - - [09/Dec/2023:19:51:25 -0500] "POST /kwsrmcab/Wsrmcab  HTTP/1.1" 200 41806
172.22.2.4 - - [09/Dec/2023:19:51:32 -0500] "GET /BLA/boletinlegal/images/screen_3.png HTTP/1.1" 304 -
181.56.235.113 - - [09/Dec/2023:19:52:11 -0500] "GET /BLA/resoluciones/index.php?dir=AUTOS+2022%2F HTTP/1.1" 200 509115
181.56.235.113 - - [09/Dec/2023:19:52:14 -0500] "GET /BLA/resoluciones/index.php HTTP/1.1" 200 13696
181.56.235.113 - - [09/Dec/2023:19:52:19 -0500] "GET /BLA/resoluciones/index.php?dir=AUTOS+2014%2F HTTP/1.1" 200 891340
172.226.172.3 - - [09/Dec/2023:19:52:33 -0500] "POST /sipse/faces/presentacion/financiero/solicitudProceso/consultarSolicitudProceso.xhtml HTTP/1.1" 200 38124
172.226.172.3 - - [09/Dec/2023:19:52:34 -0500] "GET /sipse/faces/javax.faces.resource/primefaces.css?ln=primefaces&v=4.0 HTTP/1.1" 304 -
172.226.172.3 - - [09/Dec/2023:19:52:34 -0500] "GET /sipse/faces/javax.faces.resource/theme.css?ln=primefaces-sipse HTTP/1.1" 304 -
172.226.172.3 - - [09/Dec/2023:19:52:34 -0500] "GET /sipse/faces/javax.faces.resource/layout/layout.css?ln=primefaces&v=4.0 HTTP/1.1" 304 -
172.226.172.3 - - [09/Dec/2023:19:52:34 -0500] "GET /sipse/faces/javax.faces.resource/jquery/jquery.js?ln=primefaces&v=4.0 HTTP/1.1" 304 -
172.226.172.3 - - [09/Dec/2023:19:52:34 -0500] "GET /sipse/faces/javax.faces.resource/primefaces.js?ln=primefaces&v=4.0 HTTP/1.1" 304 -
172.226.172.3 - - [09/Dec/2023:19:52:34 -0500] "GET /sipse/faces/javax.faces.resource/jquery/jquery-plugins.js?ln=primefaces&v=4.0 HTTP/1.1" 304 -
172.226.172.3 - - [09/Dec/2023:19:52:34 -0500] "GET /sipse/faces/javax.faces.resource/layout/layout.js?ln=primefaces&v=4.0 HTTP/1.1" 304 -
172.226.172.3 - - [09/Dec/2023:19:52:34 -0500] "POST /sipse/faces/presentacion/financiero/solicitudProceso/listarSolicitudProceso.xhtml HTTP/1.1" 200 1396
172.226.172.3 - - [09/Dec/2023:19:52:34 -0500] "POST /sipse/faces/presentacion/financiero/solicitudProceso/listarSolicitudProceso.xhtml HTTP/1.1" 200 1392
172.22.2.4 - - [09/Dec/2023:19:51:31 -0500] "GET /BLA/boletinlegal/ HTTP/1.1" 200 49099
216.245.221.92 - - [09/Dec/2023:19:52:52 -0500] "HEAD / HTTP/1.1" 200 -
172.226.172.3 - - [09/Dec/2023:19:53:15 -0500] "POST /sipse/faces/presentacion/financiero/solicitudProceso/listarSolicitudProceso.xhtml HTTP/1.1" 200 4930
172.226.172.3 - - [09/Dec/2023:19:53:22 -0500] "POST /sipse/faces/presentacion/financiero/solicitudProceso/listarSolicitudProceso.xhtml HTTP/1.1" 200 112795
172.226.172.3 - - [09/Dec/2023:19:53:23 -0500] "GET /sipse/faces/javax.faces.resource/theme.css?ln=primefaces-sipse HTTP/1.1" 304 -
172.226.172.3 - - [09/Dec/2023:19:53:23 -0500] "GET /sipse/faces/javax.faces.resource/primefaces.css?ln=primefaces&v=4.0 HTTP/1.1" 304 -
172.226.172.3 - - [09/Dec/2023:19:53:23 -0500] "GET /sipse/faces/javax.faces.resource/jquery/jquery.js?ln=primefaces&v=4.0 HTTP/1.1" 304 -
172.226.172.3 - - [09/Dec/2023:19:53:23 -0500] "GET /sipse/faces/javax.faces.resource/layout/layout.css?ln=primefaces&v=4.0 HTTP/1.1" 304 -
172.226.172.3 - - [09/Dec/2023:19:53:23 -0500] "GET /sipse/faces/javax.faces.resource/jquery/jquery-plugins.js?ln=primefaces&v=4.0 HTTP/1.1" 304 -
172.226.172.3 - - [09/Dec/2023:19:53:23 -0500] "GET /sipse/faces/javax.faces.resource/primefaces.js?ln=primefaces&v=4.0 HTTP/1.1" 304 -
172.226.172.3 - - [09/Dec/2023:19:53:23 -0500] "GET /sipse/faces/javax.faces.resource/layout/layout.js?ln=primefaces&v=4.0 HTTP/1.1" 304 -
172.226.172.3 - - [09/Dec/2023:19:53:23 -0500] "GET /sipse/faces/javax.faces.resource/dynamiccontent.properties?ln=primefaces&pfdrid=XjOR5%2F%2FfPAZAuY9TpWQeCiM0BhlXxYRBGKi%2FQcXXfeA%3D&pfdrid_c=false HTTP/1.1" 500 383
66.249.66.195 - - [09/Dec/2023:19:53:37 -0500] "GET /participa-en-la-convocatoria-para-el-aseguramiento-metrologico-de-la-red-de-monitoreo-de-calidad-del-aire-de-bogota.html HTTP/1.1" 200 848
66.249.66.195 - - [09/Dec/2023:19:53:38 -0500] "GET /secretaria-de-ambiente-entrego-balance-de-su-gestion-en-2022-y-presento-los-retos-para-el-2023.html HTTP/1.1" 304 -
172.22.2.4 - - [09/Dec/2023:19:52:16 -0500] "HEAD /BLA/boletinlegal/ HTTP/1.1" 200 -
172.22.2.4 - - [09/Dec/2023:19:53:06 -0500] "GET /BLA/boletinlegal/ HTTP/1.1" 200 45170
181.50.36.74 - - [09/Dec/2023:19:55:11 -0500] "GET /favicon.ico HTTP/1.1" 200 7782
181.50.36.74 - - [09/Dec/2023:19:55:22 -0500] "GET /BLA/resoluciones/index.php HTTP/1.1" 200 13696
172.22.2.4 - - [09/Dec/2023:19:53:46 -0500] "GET /BLA/boletinlegal/ HTTP/1.1" 200 50697
181.50.36.74 - - [09/Dec/2023:19:55:40 -0500] "GET /BLA/resoluciones/index.php?dir=RESOLUCIONES+2009%2F HTTP/1.1" 200 1694101
181.50.36.74 - - [09/Dec/2023:19:56:08 -0500] "GET /BLA/resoluciones/RESOLUCIONES%202009/2626.pdf HTTP/1.1" 200 529222
201.245.192.253 - - [09/Dec/2023:19:56:23 -0500] "POST /kwsrmcab/Wsrmcab  HTTP/1.1" 200 41806
172.226.172.3 - - [09/Dec/2023:19:56:57 -0500] "POST /sipse/faces/presentacion/financiero/solicitudProceso/consultarSolicitudProceso.xhtml HTTP/1.1" 200 139099
172.226.172.3 - - [09/Dec/2023:19:57:16 -0500] "POST /sipse/faces/presentacion/financiero/solicitudProceso/consultarSolicitudProceso.xhtml HTTP/1.1" 200 2955768
172.226.172.3 - - [09/Dec/2023:19:57:21 -0500] "POST /sipse/faces/presentacion/financiero/solicitudProceso/consultarSolicitudProceso.xhtml HTTP/1.1" 200 2154804
128.14.136.18 - - [09/Dec/2023:19:57:25 -0500] "GET / HTTP/1.1" 200 319
172.226.172.3 - - [09/Dec/2023:19:57:38 -0500] "POST /sipse/faces/presentacion/financiero/solicitudProceso/consultarSolicitudProceso.xhtml HTTP/1.1" 200 5461
172.226.172.3 - - [09/Dec/2023:19:57:39 -0500] "GET /sipse/faces/javax.faces.resource/dynamiccontent.properties?ln=primefaces&pfdrid=XjOR5%2F%2FfPAZAuY9TpWQeCiM0BhlXxYRBGKi%2FQcXXfeA%3D&pfdrid_c=false HTTP/1.1" 200 117418
216.245.221.92 - - [09/Dec/2023:19:57:52 -0500] "HEAD / HTTP/1.1" 200 -
199.16.157.182 - - [09/Dec/2023:19:58:00 -0500] "GET /robots.txt HTTP/1.1" 404 1034
199.16.157.182 - - [09/Dec/2023:19:58:00 -0500] "GET /images/cronica-mujer-biodiveridad-30-noviembre.jpg HTTP/1.1" 200 63270
172.22.2.4 - - [09/Dec/2023:19:58:06 -0500] "HEAD /BLA/boletinlegal/ HTTP/1.1" 200 -
190.159.168.169 - - [09/Dec/2023:20:00:29 -0500] "GET /BLA/resoluciones/index.php?dir=AUTOS+2019%2F HTTP/1.1" 200 391409
172.22.2.4 - - [09/Dec/2023:19:58:56 -0500] "GET /BLA/boletinlegal/ HTTP/1.1" 200 58644
69.63.184.6 - - [09/Dec/2023:20:01:02 -0500] "GET /bogota-cundinamarca-y-antioquia-comparten-experiencias-y-se-unen-para-monitorear-el-aire-en-sus-territorios.html HTTP/1.1" 200 931
69.63.189.6 - - [09/Dec/2023:20:01:03 -0500] "GET /bogota-cundinamarca-y-antioquia-comparten-experiencias-y-se-unen-para-monitorear-el-aire-en-sus-territorios.html HTTP/1.1" 200 931
69.63.189.2 - - [09/Dec/2023:20:01:03 -0500] "GET /bogota-cundinamarca-y-antioquia-comparten-experiencias-y-se-unen-para-monitorear-el-aire-en-sus-territorios.html HTTP/1.1" 200 931
69.63.189.116 - - [09/Dec/2023:20:01:03 -0500] "GET /bogota-cundinamarca-y-antioquia-comparten-experiencias-y-se-unen-para-monitorear-el-aire-en-sus-territorios.html HTTP/1.1" 200 931
69.171.249.112 - - [09/Dec/2023:20:01:13 -0500] "GET /images/calidad-aire.jpg HTTP/1.1" 200 42421
201.245.192.253 - - [09/Dec/2023:20:01:21 -0500] "POST /kwsrmcab/Wsrmcab  HTTP/1.1" 200 41806
172.226.172.3 - - [09/Dec/2023:20:02:51 -0500] "POST /sipse/faces/presentacion/financiero/solicitudProceso/consultarSolicitudProceso.xhtml HTTP/1.1" 200 38144
172.226.172.3 - - [09/Dec/2023:20:02:51 -0500] "GET /sipse/faces/javax.faces.resource/primefaces.css?ln=primefaces&v=4.0 HTTP/1.1" 304 -
172.226.172.3 - - [09/Dec/2023:20:02:51 -0500] "GET /sipse/faces/javax.faces.resource/theme.css?ln=primefaces-sipse HTTP/1.1" 304 -
172.226.172.3 - - [09/Dec/2023:20:02:51 -0500] "GET /sipse/faces/javax.faces.resource/layout/layout.css?ln=primefaces&v=4.0 HTTP/1.1" 304 -
172.226.172.3 - - [09/Dec/2023:20:02:51 -0500] "GET /sipse/faces/javax.faces.resource/jquery/jquery.js?ln=primefaces&v=4.0 HTTP/1.1" 304 -
172.226.172.3 - - [09/Dec/2023:20:02:51 -0500] "GET /sipse/faces/javax.faces.resource/jquery/jquery-plugins.js?ln=primefaces&v=4.0 HTTP/1.1" 304 -
172.226.172.3 - - [09/Dec/2023:20:02:51 -0500] "GET /sipse/faces/javax.faces.resource/primefaces.js?ln=primefaces&v=4.0 HTTP/1.1" 304 -
172.226.172.3 - - [09/Dec/2023:20:02:51 -0500] "GET /sipse/faces/javax.faces.resource/layout/layout.js?ln=primefaces&v=4.0 HTTP/1.1" 304 -
172.226.172.3 - - [09/Dec/2023:20:02:51 -0500] "POST /sipse/faces/presentacion/financiero/solicitudProceso/listarSolicitudProceso.xhtml HTTP/1.1" 200 1396
172.226.172.3 - - [09/Dec/2023:20:02:51 -0500] "POST /sipse/faces/presentacion/financiero/solicitudProceso/listarSolicitudProceso.xhtml HTTP/1.1" 200 1392
216.245.221.92 - - [09/Dec/2023:20:02:52 -0500] "HEAD / HTTP/1.1" 200 -
172.226.172.3 - - [09/Dec/2023:20:02:54 -0500] "POST /sipse/faces/presentacion/financiero/solicitudProceso/listarSolicitudProceso.xhtml HTTP/1.1" 200 4962
172.226.172.3 - - [09/Dec/2023:20:02:58 -0500] "POST /sipse/faces/presentacion/financiero/solicitudProceso/listarSolicitudProceso.xhtml HTTP/1.1" 200 113267
172.226.172.3 - - [09/Dec/2023:20:02:59 -0500] "GET /sipse/faces/javax.faces.resource/theme.css?ln=primefaces-sipse HTTP/1.1" 304 -
172.226.172.3 - - [09/Dec/2023:20:02:59 -0500] "GET /sipse/faces/javax.faces.resource/primefaces.css?ln=primefaces&v=4.0 HTTP/1.1" 304 -
172.226.172.3 - - [09/Dec/2023:20:02:59 -0500] "GET /sipse/faces/javax.faces.resource/layout/layout.css?ln=primefaces&v=4.0 HTTP/1.1" 304 -
172.226.172.3 - - [09/Dec/2023:20:02:59 -0500] "GET /sipse/faces/javax.faces.resource/jquery/jquery.js?ln=primefaces&v=4.0 HTTP/1.1" 304 -
172.226.172.3 - - [09/Dec/2023:20:02:59 -0500] "GET /sipse/faces/javax.faces.resource/jquery/jquery-plugins.js?ln=primefaces&v=4.0 HTTP/1.1" 304 -
172.226.172.3 - - [09/Dec/2023:20:02:59 -0500] "GET /sipse/faces/javax.faces.resource/primefaces.js?ln=primefaces&v=4.0 HTTP/1.1" 304 -
172.226.172.3 - - [09/Dec/2023:20:02:59 -0500] "GET /sipse/faces/javax.faces.resource/layout/layout.js?ln=primefaces&v=4.0 HTTP/1.1" 304 -
172.226.172.3 - - [09/Dec/2023:20:02:59 -0500] "GET /sipse/faces/javax.faces.resource/dynamiccontent.properties?ln=primefaces&pfdrid=XjOR5%2F%2FfPAZAuY9TpWQeCiM0BhlXxYRBGKi%2FQcXXfeA%3D&pfdrid_c=false HTTP/1.1" 500 383
157.55.39.62 - - [09/Dec/2023:20:04:16 -0500] "GET /BLA/resoluciones/RESOLUCIONES%202021/3708.pdf HTTP/1.1" 200 346844
172.226.172.3 - - [09/Dec/2023:20:04:46 -0500] "POST /sipse/faces/presentacion/financiero/solicitudProceso/consultarSolicitudProceso.xhtml HTTP/1.1" 200 140445
172.226.172.3 - - [09/Dec/2023:20:04:47 -0500] "POST /sipse/faces/presentacion/financiero/solicitudProceso/consultarSolicitudProceso.xhtml HTTP/1.1" 200 2849328
172.226.172.3 - - [09/Dec/2023:20:04:48 -0500] "POST /sipse/faces/presentacion/financiero/solicitudProceso/consultarSolicitudProceso.xhtml HTTP/1.1" 200 2155053
172.226.172.3 - - [09/Dec/2023:20:04:54 -0500] "POST /sipse/faces/presentacion/financiero/solicitudProceso/listarSolicitudProceso.xhtml HTTP/1.1" 200 1396
172.226.172.3 - - [09/Dec/2023:20:04:54 -0500] "POST /sipse/faces/presentacion/financiero/solicitudProceso/listarSolicitudProceso.xhtml HTTP/1.1" 200 1392
172.226.172.3 - - [09/Dec/2023:20:05:19 -0500] "POST /sipse/faces/presentacion/financiero/solicitudProceso/listarSolicitudProceso.xhtml HTTP/1.1" 200 4962
172.226.172.3 - - [09/Dec/2023:20:05:21 -0500] "POST /sipse/faces/presentacion/financiero/solicitudProceso/listarSolicitudProceso.xhtml HTTP/1.1" 200 1396
172.226.172.3 - - [09/Dec/2023:20:05:21 -0500] "POST /sipse/faces/presentacion/financiero/solicitudProceso/listarSolicitudProceso.xhtml HTTP/1.1" 200 1392
172.226.172.3 - - [09/Dec/2023:20:05:24 -0500] "POST /sipse/faces/presentacion/financiero/solicitudProceso/listarSolicitudProceso.xhtml HTTP/1.1" 200 113267
172.226.172.3 - - [09/Dec/2023:20:05:25 -0500] "GET /sipse/faces/javax.faces.resource/layout/layout.css?ln=primefaces&v=4.0 HTTP/1.1" 304 -
172.226.172.3 - - [09/Dec/2023:20:05:25 -0500] "GET /sipse/faces/javax.faces.resource/theme.css?ln=primefaces-sipse HTTP/1.1" 304 -
172.226.172.3 - - [09/Dec/2023:20:05:25 -0500] "GET /sipse/faces/javax.faces.resource/primefaces.css?ln=primefaces&v=4.0 HTTP/1.1" 304 -
172.226.172.3 - - [09/Dec/2023:20:05:25 -0500] "GET /sipse/faces/javax.faces.resource/jquery/jquery.js?ln=primefaces&v=4.0 HTTP/1.1" 304 -
172.226.172.3 - - [09/Dec/2023:20:05:25 -0500] "GET /sipse/faces/javax.faces.resource/jquery/jquery-plugins.js?ln=primefaces&v=4.0 HTTP/1.1" 304 -
172.226.172.3 - - [09/Dec/2023:20:05:25 -0500] "GET /sipse/faces/javax.faces.resource/primefaces.js?ln=primefaces&v=4.0 HTTP/1.1" 304 -
172.226.172.3 - - [09/Dec/2023:20:05:25 -0500] "GET /sipse/faces/javax.faces.resource/layout/layout.js?ln=primefaces&v=4.0 HTTP/1.1" 304 -
172.226.172.3 - - [09/Dec/2023:20:05:25 -0500] "GET /sipse/faces/javax.faces.resource/dynamiccontent.properties?ln=primefaces&pfdrid=XjOR5%2F%2FfPAZAuY9TpWQeCiM0BhlXxYRBGKi%2FQcXXfeA%3D&pfdrid_c=false HTTP/1.1" 500 383
172.22.2.4 - - [09/Dec/2023:20:03:55 -0500] "HEAD /BLA/boletinlegal/ HTTP/1.1" 200 -
201.245.192.253 - - [09/Dec/2023:20:06:19 -0500] "POST /kwsrmcab/Wsrmcab  HTTP/1.1" 200 41806
172.22.2.4 - - [09/Dec/2023:20:04:46 -0500] "GET /BLA/boletinlegal/ HTTP/1.1" 200 60634
179.33.73.22 - - [09/Dec/2023:20:07:02 -0500] "GET /kwssiamovil/sm/ldap/au?x=U2FsdGVkX1+KnxF3Zt5IO6hl1W1zFTb5Lg1CwVy/I37balC/Kdq2a7uG2WaK03fT&y=U2FsdGVkX19vfAVM+cGEJWQKVjjsS2Nrq37RIWsoIw3vXmlAW39699DoS2/jddya HTTP/1.1" 200 30
179.33.73.22 - - [09/Dec/2023:20:07:02 -0500] "GET /kwssiamovil/sm/acme/s?s=U2FsdGVkX1+f3ybhTcYF+MJa3B8acNkCRqNo2pplw7+bBSkrWjZgPaVslv7lMrYE3apiRkNtbce7qRe/T5H39kOdcYkYgSen06b/9qRlnEg=&u=U2FsdGVkX18biOX0x6h3Kay3k4gxRKckkCYtNQ9qOMk=&y=U2FsdGVkX19vfAVM+cGEJWQKVjjsS2Nrq37RIWsoIw3vXmlAW39699DoS2/jddya HTTP/1.1" 200 97
179.33.73.22 - - [09/Dec/2023:20:07:02 -0500] "GET /kwssiamovil/sm/acme/s?s=U2FsdGVkX18Y94MCqbrP5kC6bjuULBx182FOjkCccX6GwTqiMOvnJAC7bjODDCFvWdHfMVdahDjk+A+RRV+05K+REzWhXi5MschYKja0injDLccNKUltzi6AuZt93qHHbIuUcGMme0YSXlUxtDV4/Wqqzk4/1bhnlXz4kpWpIW+XCExG5tfvsH3SdmXFi3rruYFvNVqdsEr/Q2m2xNGIi7s2Czj1QLaV1FihsbI4IyWNmp5YbD0BA7nLVofE+nVo4XwjeVYwjNDOzZZWm4cXY1mb17cScAFJphZIuM4N8zOWTPOne7SSQ6HwCDGpzO9jClSySwTAVyBjKeSD3a5XlAtx4U2pjBhO0FrtqRxdX07lTsGja/ooUl57KYpW1eZ8yPwVM5/M0z69lgYmJ8oTk5U7Fm5m06jA07LXCeIoGLRKXZxk/SxKq6lmGRHBGMw8ovDKGCmCU11Td8u0E5241niTPmOfMNsfV/BTnfNDVO82f9Lp0kXH0VPet0ciIDnAF3ZAgyaZ0KlbjK/+OAHpGaicTUgpoOU226R7IDakengYAYB4vl4G+GargsLXGLL6yjqf/CQcjSWqMBfERMHc+Iq8FpnzIviCO112E6Agyx9FOz0nrlsNgPYKZfMCpkh1yhRpc7KZvkSsorXm0SwG8YLozXSXQENxmEFaeUT5jIt7WMymbXGzZVxP1xlCy05FtxZbb+z5UNJBIO85mq8gognaZspJpq8hMauRQ+huzGj9aEVaaS981FUSKKVkh9A/3YFhF9NuG7vVgFgBZrBOzn7hZyvnBVjtNKltAu4SBXDg+IjM1gZlupSQNLOAqpJrx82DjgYjzJ+Gwl/daoKK+lWuh9XXo4Hznvt0/E5/87dLAWBx5qQm0cJUXqYZronikAYHaOMYJh2cpbIcvfgABDBhBdKHV9MQrIKPYl0HubtGjqJ1r2uQ6jA081/ed1NBPJY5LPGtz2/yS2GZbbAhT4vO8cCFgBukIApf4vh7GD5zE1OWMuUuDCoxShlFB19TQUFTtZMZDTWugrrUPt3d89TdllAIumBgxALAV2x/LLu1YAn5usUFO+8/rIKSpJ4XJR9qqLF6EmyOFXTbS76VWRuPr+GW7/02kkkEDLI+IdiGDUQjut3NwlnWTaU2HkDyUnt7UZ+0J6J9qA3slbevZhQgpEv6S/i0Fa09NVakeFvB6g6TW+L72/U6u/lQz+k/UKV/J3TZ1MAWLDVbhRxsH2wfsF2HiDyyaMF29LrzVf84VB7eRSqteUsHI5U8RJYg7eoH+jLCn19qJBSyPW2xfH8C7luyStB5VsMmvctldqif1XJQege/9bplveLMQb4fpELuPSsKbwqmUERWqDN5LSm80SVlSM05jwGxb6M7NnxHE5RzuJFCrDRKQfzenz2kPQy7i7wll+aEEcZT9Bzli1fGInR5Sqc4PlDiEDF+DEDoPbhRbOGMpSqgD1WQkHvoJiQpERHenZOA46lhJGm/lXoPlQ3AeDWm3/UuMqe4pzBNFAAsBDA7efYeZjtOZRDwYYTn8WcUPS1ZbPK6FpYF8ItJj4foUXnkZRTGl0kKj4c77V+0MhFzaQupdGDmgV7C52J19sQaLp0BAbANFD15bzbi6lgynxcDL928sP/yr0Xgm38VAReT24Cc630CFGWzJ52YpNfUSrRctUg4RFWgMs6ubOicj8fPYnvQkcHXi1cY4EYJzZATkG3e/GdD5CDXagZciThHKTPs8/nBfxovQ983vDA0fpQ8yn/XMB0FP1w=&u=U2FsdGVkX18biOX0x6h3Kay3k4gxRKckkCYtNQ9qOMk=&y=U2FsdGVkX19vfAVM+cGEJWQKVjjsS2Nrq37RIWsoIw3vXmlAW39699DoS2/jddya HTTP/1.1" 200 4449
179.33.73.22 - - [09/Dec/2023:20:07:02 -0500] "GET /kwssiamovil/sm/acme/s?s=U2FsdGVkX18CZNQtY/LfXazFpt1LbIQu5YTER5EH2Og5/7YlaQCi66w0c1TsGYxwXMNIukzwqkKB0pVF+2G2GYv9QuFW4DE26U8wUopk9zhg0b7scoKsv76sczjJ9wDdDhsbs64qAJxfx6rfyjk8Ww/WrCU89+xjk/bvuUe7hkERvkhze1jG5zTracgG4Ua+6JssYYAEIx6LGp6b3uRycWgaWvNH33RuLBoxo1eJbOmZZoVgnU+QjAsVYkMII5iuLv67lAKPCVXCFJJiz1WHzy3fb8xp6AMznv+vQpN+0O3kv7Co+skhnDXu2pyPgv+J7Tl0hJ7AMDrsvGoqJuo+Ue/EgqT40ajg93efIkrLYm2qhA60YU53j3I36kH7wJycFhPRDkRetnIF/u0AlQMfDNz1MBqeWbIP+GDIBW1Th1/SldL7lxSgQvLzPwUni3d3Pii8dTIG2r0JdmfVJXQzOZVlV9B4DWs8fjwyeXAA984nCxV/oYBe5WxEv1WMjDk+9HbkIm1H8bewU1LQgUiZ7vCVZsvj5CLF7B6C3yXziLYOdohoPQITJwVaRsqIjQvoUwbQWLkax5r9u75keRlETlE01nKOxbk8HMmAx6FlR6s5se8IXZHLbo0qWWGnKL32N3Cd1iYiWLUMKrvhK4H+WpXHYKHF3vccMZBVz9sePSt66vd/Ir7rFSRYCie95ZAR8Eufsd4lhSadJmx08jsMANUD1JAbctk3R9Z1XhiZqITU925ChqPEXJio/Sn/VlKr&u=U2FsdGVkX18biOX0x6h3Kay3k4gxRKckkCYtNQ9qOMk=&y=U2FsdGVkX19vfAVM+cGEJWQKVjjsS2Nrq37RIWsoIw3vXmlAW39699DoS2/jddya HTTP/1.1" 200 208
179.33.73.22 - - [09/Dec/2023:20:07:03 -0500] "GET /kwssiamovil/sm/cjson/pre?f=1&x=U2FsdGVkX1+KnxF3Zt5IO6hl1W1zFTb5Lg1CwVy/I37balC/Kdq2a7uG2WaK03fT HTTP/1.1" 200 31032
216.245.221.92 - - [09/Dec/2023:20:07:52 -0500] "HEAD / HTTP/1.1" 200 -
172.226.172.3 - - [09/Dec/2023:20:07:56 -0500] "POST /sipse/faces/presentacion/financiero/solicitudProceso/consultarSolicitudProceso.xhtml HTTP/1.1" 200 5461
172.226.172.3 - - [09/Dec/2023:20:07:56 -0500] "GET /sipse/faces/javax.faces.resource/dynamiccontent.properties?ln=primefaces&pfdrid=XjOR5%2F%2FfPAZAuY9TpWQeCiM0BhlXxYRBGKi%2FQcXXfeA%3D&pfdrid_c=false HTTP/1.1" 200 117451
207.46.13.63 - - [09/Dec/2023:20:09:25 -0500] "GET /BLA/resoluciones/AUTOS%202021/3381.pdf HTTP/1.1" 304 -
201.245.192.253 - - [09/Dec/2023:20:11:18 -0500] "POST /kwsrmcab/Wsrmcab  HTTP/1.1" 200 41806
172.22.2.4 - - [09/Dec/2023:20:09:45 -0500] "HEAD /BLA/boletinlegal/ HTTP/1.1" 200 -
172.22.2.4 - - [09/Dec/2023:20:10:36 -0500] "GET /BLA/boletinlegal/ HTTP/1.1" 200 60634
216.245.221.92 - - [09/Dec/2023:20:12:52 -0500] "HEAD / HTTP/1.1" 200 -
179.33.73.22 - - [09/Dec/2023:20:15:00 -0500] "OPTIONS /kwssiamovil/sm/setfile/f? HTTP/1.1" 200 13
179.33.73.22 - - [09/Dec/2023:20:15:00 -0500] "POST /kwssiamovil/sm/setfile/f? HTTP/1.1" 200 381
179.33.73.22 - - [09/Dec/2023:20:15:08 -0500] "GET /kwssiamovil/sm/acme/a?s=U2FsdGVkX18ebbeSnfRcvq2m9c4+l2QYOeJLcU9XQmu7VoYp3hfPgn6Legh/HYv/4ka0Ub0AZQJ7JsW5SrK38G74ywiF5Z0X65RqK6Zj0BblvbF6N/nwiORMRNRKK9Lf8MhGZQuVWCvfx/W0tM6mFeRxtetSTUCg+NfgMCzQPuUa27kuyXWmkgiUhAanPt2e4ysxwflAj5NB3biGYtE9CSYf2Xtbo4z0aCxIuPuHRjpUWlZ/zPSACJ2nATHLl4Sj5BpkV/5kKg8QIKCRFcrAeg==&u=U2FsdGVkX18biOX0x6h3Kay3k4gxRKckkCYtNQ9qOMk=&y=U2FsdGVkX19vfAVM+cGEJWQKVjjsS2Nrq37RIWsoIw3vXmlAW39699DoS2/jddya HTTP/1.1" 200 26
179.33.73.22 - - [09/Dec/2023:20:15:08 -0500] "GET /kwssiamovil/sm/acme/a?s=U2FsdGVkX194EZ2ch7+perSrVwUDwpRqwm+JKGIG0l3cacjZMhfy9hvLBCpNwMyUvOqCydogFZ0yPW6d15oDXd0ZeDzfkIBS7fsoYoFv/oEAJyKF5d5xNhlzZ4TB6d2xXyDm42ynqYKnKiKxXmJdIxAAMTUCnGZKjXo4zKHtY7xuaVZfgcVwimNjdZwE6Rfh7GHUBohk8BRBnsqweUjS4YTK9FsAgpM9fWf19hhIbUkLsleay8BFLicb583iLHlJABeFJF1iJ9HCzR5wHV3NhDt4r+n5CxEN+BkCOBo/h2QOhQoVhWK0uFz2ZPxXb73TKwT8yQD34NRofx/Vb4t64HhxTywPwAgbfACEI2YiNBsb1MLN8sJTbdrW+4sbmylQkHRhXMraKOd4fLl5MSa580hpMKZJmQGrhetUjX0WTOTb/k3GXUur8zOkGHSy9SSuYyzNC6Y6eIyTfkZZY6pCeQ49VbZdzXhNHjtN6tbEVr7VzkI5IWxWyKVbKJL1cyJrlNQDTsxH9QzMPQa0o5HHracWF7Xh8aIT+nq11EHNco0cw/jkEaIWY6TRR9x2oSdbGqy43shO8b0pHp3tufDHhyZZh3N25HGGMP3zAJIOwOO4UvfUA1B2Q9wYrvTBKQm9E4T4myEFKVXqlqqxSkFXNPayKy77I8sh2jrCs4ph/lA8YWjdqxoOzN8AqKfHcHQkyE/Z+xhN6XOrf+WdjJuY9ZCjKvN8jc8oCk/tbxbG+XYwzT0J4EaKoDbufpwJU0E21nZW1GE2x2VDiRNYzE8okm2Cres98DICPSp5rDQvmjMsCWdVHjYFU/IDlP2moMOQt41pXbM3L/i2QRPGir8MdzDcWxmMLPs5zXVSkFboo2oye++nvJ0R9lKBWXyRx2jghHvOJg+wlh83VaaYR8EG3OmPO+Qvcfn2FFW7umJMhAvo+M0DDrV2xfr47dKnzSPfrrN7V/KFf31SsM4mg3Y4Z4VpIa/zoPMqt5xbhTuZo9ON+rJovtN8qupLNmFwLTJTSlUL20yTdQVnHpoE8w5yqRFmcljU2cHQvcK827vPbJFDk9bnYz6Crbv2uRMieFFqgyoeDhp9NUHpBIW5inURpokSLg7k9xCfPQSLulmOUIvBVzXlLgfgTxHvZhlFVuMq0+Ms2N6LJYsQ1lylGyX4qwA+Km5cBaDm+T2enxd6me+r45pZhIaRefIeNECxH0RRiU8ez/LXur/fyUKvRNR9GrcHh00/vn449vD4Pm5gth6tVQ2ldJYd2bfzLjOajQ3hB4YwZDnm+q24O340G4cwOGa4nUakEmxyCNk9owzYt3caJ8txjNrN/wWgdl7xLP8SDmbnn/Bvh56pH8yJnUSYZ4VLKVddlyF8XPQjQgfxSpemm08m6VZ1vzAMsBodCZlm4qetHLDz05HSzrfdw+cHkR7NTm+9bLBQrekMCmiEKPKGA7prZhXsWu6LDKFf/uHTaMr2hSEkoqtAIy7EQa2lTZbFTGJZVWriaNGN53zeaiNL/yClvjd/2fSiN6wMXAT3eocS69FUaVmvXM5/vY64+nNNzx8hn7TSaflcy1FW+hoRVMS0O8jT6rGI3VjkP+9Nmz0c4r4qJHkKKYgHJKPDnnDG7oV8onKvklIJrlu/XIDLIMSEIqJI9zFVEA7MU7ed5bAIxJvdQQ6AXm61sQN/sXP01fQQlv7BeCazEHUnY1nj0V7Ply5MBUDA2+P1lGqIQvvTcXt1eCy73eKw0IXUy/1r6XlsAHQAmaY2s0/Cv+Mg6b2je/+StsMuh9IP16uYliWfOjtTUxmh4KxkvTPvKpF+ntOD5yqkvbizbR2G2v+anVw+Lfcro5a2jAckAmAD&u=U2FsdGVkX18biOX0x6h3Kay3k4gxRKckkCYtNQ9qOMk=&y=U2FsdGVkX19vfAVM+cGEJWQKVjjsS2Nrq37RIWsoIw3vXmlAW39699DoS2/jddya HTTP/1.1" 200 26
179.33.73.22 - - [09/Dec/2023:20:15:09 -0500] "GET /kwssiamovil/sm/acme/a?s=U2FsdGVkX1/hYoRhUgqgPIwZH+rTI/b0zBaZC440u9GfL4TMk5RJ/wmNGP26FKvKP5y9/XIicaPz8q2KhC28Evsure2XMKmBDG9jCmqlZkmJwzkIMVAyq29ZIxP+a3ze80j0ygchJxlEWFnhGMnNjuuWbya5KriD1pBSplqtZUU=&u=U2FsdGVkX18biOX0x6h3Kay3k4gxRKckkCYtNQ9qOMk=&y=U2FsdGVkX19vfAVM+cGEJWQKVjjsS2Nrq37RIWsoIw3vXmlAW39699DoS2/jddya HTTP/1.1" 200 26
179.33.73.22 - - [09/Dec/2023:20:15:09 -0500] "GET /kwssiamovil/sm/acme/a?s=U2FsdGVkX19QTlEfNpEk4bCpL9XG9sGRtRTi5Zy8al2GSb6oWx8ZTFFqx6OuWM1n4b6rDqC2dWW6iO9q0mowHL8BUmofgyQ6EVeO20nfDYoDiJUQmj3tuKZf1TyUuyzcnohtbd7TLuJ9xd5/X/ogR6xTIcv+RLWC0MGRGyqEAc4=&u=U2FsdGVkX18biOX0x6h3Kay3k4gxRKckkCYtNQ9qOMk=&y=U2FsdGVkX19vfAVM+cGEJWQKVjjsS2Nrq37RIWsoIw3vXmlAW39699DoS2/jddya HTTP/1.1" 200 26
179.33.73.22 - - [09/Dec/2023:20:15:09 -0500] "GET /kwssiamovil/sm/acme/a?s=U2FsdGVkX18YsGFA9dWRvfXlibv4jPoi42jsB+mzpNJOMRHflfAWe5ClEDNHqvBqJ66g/WccycIpxoQbufsJ/jR3O9WAL4xO/R2SWICpy7b7btKXspJMHQvHOKHYAuat/YuSIqAMOEOqOWSKTAmrHRpV9swsvR+luxtv+VDJBnY=&u=U2FsdGVkX18biOX0x6h3Kay3k4gxRKckkCYtNQ9qOMk=&y=U2FsdGVkX19vfAVM+cGEJWQKVjjsS2Nrq37RIWsoIw3vXmlAW39699DoS2/jddya HTTP/1.1" 200 26
179.33.73.22 - - [09/Dec/2023:20:15:09 -0500] "GET /kwssiamovil/sm/acme/a?s=U2FsdGVkX19+n1hA/mD9yW4ohsWw3KGm4yUn9OZdBmzpKU8/uQgMCwuWTeaQlKHi2N2r86fzYNex1Givc1GMRIgj4yGsfFy6vRj6B/citAG5zWji1SRoc0lVs8OV+c4jaaJrOUojzZjELUOtgz2/s6Zd1s9aSgbDEHdCpLCr1Amt1dQbc0PqC71uQJ5pBh+oQdHEd+kUMHhJ+9eC8CExmA==&u=U2FsdGVkX18biOX0x6h3Kay3k4gxRKckkCYtNQ9qOMk=&y=U2FsdGVkX19vfAVM+cGEJWQKVjjsS2Nrq37RIWsoIw3vXmlAW39699DoS2/jddya HTTP/1.1" 200 26
179.33.73.22 - - [09/Dec/2023:20:15:09 -0500] "GET /kwssiamovil/sm/acme/a?s=U2FsdGVkX18x7iiZNrKdNu27+3l9kOTWHIrcnwltZH40NZpnSGKD7fkXBQIbAcJfOpLXHccjZO85+h/medVK98Mn6g8rwQFWCITr0t7QIqGk7UVVlGg4SIHCnJ8lcBDoqqeysGILDA1AGkxaf0eM59TOWWKLncRDum3Go6wYUQL0bJ2+ZWj80X+3J6DRlbkEnAguTHTgGEE7lcgYJlI1jwdIvznqjQznIyXiNFaFAlQvx3J2U9nXGzyW8FTWvFMoNPQbJxLNN32iJU7e7GtRHNdbFDX4PBFCQ2SJq6wpftFg7pHdAGcOFApbsujFmy8Pbbh1XY8TX0pRk5Bv+evu5EbSBzz8god76FFDsCQ0yr6nmNpyCzcZ5BvGJpLcVwZ1YRyRVZsKNYny8JoQOPIiwhcw/tNmGuFb3apL4MvRKH0r37QDM07w17uTHoDfPZ6JonZmp/yOM3YchbXBQbGU7qg/mDOJBMrYGfwN7BE2wN0uPQPdL/JjREtsj1DrbIGWnuMbZZukqFPw2854iN1aIoaQB5rCDy3LMgyOY+jOCpKv1Y4hOCx1fB5hSxGV6YRpGfcDCKKlZPgejev8+0q2YVnojefWUavMPCsjQOES6TE=&u=U2FsdGVkX18biOX0x6h3Kay3k4gxRKckkCYtNQ9qOMk=&y=U2FsdGVkX19vfAVM+cGEJWQKVjjsS2Nrq37RIWsoIw3vXmlAW39699DoS2/jddya HTTP/1.1" 200 25
179.33.73.22 - - [09/Dec/2023:20:15:10 -0500] "GET /kwssiamovil/sm/acme/a?s=U2FsdGVkX19YsWBMvcH1qcNruiKp7nIF8QpAa6zWc0+ButC7purPZIgHG8r06uyV5Sez6FTaG+YU95qwN35utRn3bYxAVVczQE02TEcLiIqYOH0LXiHEJER67RwBJOCzmZe8/S+dVMht5W/IOnQq1drG4I5KpQhYrvGhDWkHwupWI8QEXqGhNHCbS3AWR8KdjtHv3pfpm/YIZCwqXqjQoUs4avhGCAZyZSkLiZz+P+2eaz6v0AhSODMG28wL6b8fGhvR+NBlK0WY4erFIxynyHWqQTdZu9BcM8UcCu5d/rmYqIULbe8tAwkbBfSkaRaz2e/m5ZP6UfBBVLCBVt6mdP8tgjubWRwB0VX8OOpQ5eGR/QTa7CdpEClbogzOZnbGRnszyLo/f+bLs2TwhYui330Si4N6RG2Y1nZ/9G0xYKGrsuhnWXFtszIjkjPJpv3FnFCPKq9mPZUYjENxrEo+a4G5mu5o8Ee6fl1Qc5AD5mt8U/fHs72Tp5KuwXt1SeAMIvsBr6AJJBkwsWYPD3PfjOMsxl0OyVfUsTq+hZHefivuDwuDqG0IgGIasjv1jDy+&u=U2FsdGVkX18biOX0x6h3Kay3k4gxRKckkCYtNQ9qOMk=&y=U2FsdGVkX19vfAVM+cGEJWQKVjjsS2Nrq37RIWsoIw3vXmlAW39699DoS2/jddya HTTP/1.1" 200 26
201.245.192.253 - - [09/Dec/2023:20:16:17 -0500] "POST /kwsrmcab/Wsrmcab  HTTP/1.1" 200 41806
201.245.192.253 - - [09/Dec/2023:20:16:25 -0500] "GET /kwsrmcab/Wsrmcab?wsdl HTTP/1.1" 200 6948
201.245.192.253 - - [09/Dec/2023:20:16:25 -0500] "POST /kwsrmcab/Wsrmcab HTTP/1.1" 200 38426
201.245.192.253 - - [09/Dec/2023:20:16:28 -0500] "POST /kwsrmcab/Wsrmcab HTTP/1.1" 200 38616
172.22.2.4 - - [09/Dec/2023:20:16:33 -0500] "GET /BLA/boletinlegal/autodiscover/autodiscover.json?@zdi/Powershell HTTP/1.1" 404 1018
172.22.2.4 - - [09/Dec/2023:20:15:35 -0500] "HEAD /BLA/boletinlegal/ HTTP/1.1" 200 -
216.245.221.92 - - [09/Dec/2023:20:17:52 -0500] "HEAD / HTTP/1.1" 200 -
207.46.13.155 - - [09/Dec/2023:20:18:06 -0500] "GET /BLA/resoluciones/RESOLUCIONES%202023/1911.pdf HTTP/1.1" 200 896203
172.22.2.4 - - [09/Dec/2023:20:16:26 -0500] "GET /BLA/boletinlegal/ HTTP/1.1" 200 58644
69.171.251.11 - - [09/Dec/2023:20:18:38 -0500] "GET /que-orgullo-bogota-obtiene-reconocimiento-por-sus-planes-y-acciones-para-enfrentar-el-cambio-climatico.html HTTP/1.1" 200 773
69.171.251.6 - - [09/Dec/2023:20:18:44 -0500] "GET /secretaria-de-ambiente-abre-espacio-de-formacion-para-comunicadores-sociales-y-periodistas.html HTTP/1.1" 200 860
201.245.192.253 - - [09/Dec/2023:20:20:10 -0500] "POST /kwsrmcab/Wsrmcab HTTP/1.1" 200 38426
201.245.192.253 - - [09/Dec/2023:20:20:19 -0500] "POST /kwsrmcab/Wsrmcab HTTP/1.1" 200 38616
201.245.192.253 - - [09/Dec/2023:20:21:15 -0500] "POST /kwsrmcab/Wsrmcab  HTTP/1.1" 200 41806
216.244.66.195 - - [09/Dec/2023:20:22:26 -0500] "GET /transparencia/directorioservidores/2018/junio.xlsx HTTP/1.1" 404 1018
216.245.221.92 - - [09/Dec/2023:20:22:52 -0500] "HEAD / HTTP/1.1" 200 -
172.22.2.4 - - [09/Dec/2023:20:21:25 -0500] "HEAD /BLA/boletinlegal/ HTTP/1.1" 200 -
172.22.2.4 - - [09/Dec/2023:20:22:16 -0500] "GET /BLA/boletinlegal/ HTTP/1.1" 200 60634
201.245.192.253 - - [09/Dec/2023:20:26:14 -0500] "POST /kwsrmcab/Wsrmcab  HTTP/1.1" 200 41806
201.245.192.253 - - [09/Dec/2023:20:26:25 -0500] "POST /kwsrmcab/Wsrmcab HTTP/1.1" 200 38426
201.245.192.253 - - [09/Dec/2023:20:26:28 -0500] "POST /kwsrmcab/Wsrmcab HTTP/1.1" 200 38616
66.249.66.19 - - [09/Dec/2023:20:27:07 -0500] "GET /Publicaciones/2022EE310483.pdf HTTP/1.1" 404 228
216.245.221.92 - - [09/Dec/2023:20:27:52 -0500] "HEAD / HTTP/1.1" 200 -
216.244.66.195 - - [09/Dec/2023:20:28:35 -0500] "GET /BLA/resoluciones/index.php?dir=AUTOS+2004%2F HTTP/1.1" 200 2786
172.22.2.4 - - [09/Dec/2023:20:27:15 -0500] "HEAD /BLA/boletinlegal/ HTTP/1.1" 200 -
172.22.2.4 - - [09/Dec/2023:20:28:06 -0500] "GET /BLA/boletinlegal/ HTTP/1.1" 200 60634
186.84.21.166 - - [09/Dec/2023:20:30:03 -0500] "GET /sipse/faces/index.xhtml HTTP/1.1" 200 677
186.84.21.166 - - [09/Dec/2023:20:30:03 -0500] "GET /sipse/faces/javax.faces.resource/theme.css?ln=primefaces-sipse HTTP/1.1" 304 -
186.84.21.166 - - [09/Dec/2023:20:30:04 -0500] "GET /sipse/faces/faces/autenticacion.xhtml HTTP/1.1" 200 12414
186.84.21.166 - - [09/Dec/2023:20:30:04 -0500] "GET /sipse/js/disable_browser_buttons.js HTTP/1.1" 304 -
186.84.21.166 - - [09/Dec/2023:20:30:04 -0500] "GET /sipse/css/custom_css_sg.css HTTP/1.1" 304 -
186.84.21.166 - - [09/Dec/2023:20:30:04 -0500] "GET /sipse/css/custom_css_sg_prime_login.css HTTP/1.1" 304 -
186.84.21.166 - - [09/Dec/2023:20:30:04 -0500] "GET /sipse/js/funciones.js HTTP/1.1" 304 -
186.84.21.166 - - [09/Dec/2023:20:30:04 -0500] "GET /sipse/faces/javax.faces.resource/layout/layout.css?ln=primefaces&v=4.0 HTTP/1.1" 304 -
186.84.21.166 - - [09/Dec/2023:20:30:04 -0500] "GET /sipse/faces/javax.faces.resource/primefaces.css?ln=primefaces&v=4.0 HTTP/1.1" 304 -
186.84.21.166 - - [09/Dec/2023:20:30:04 -0500] "GET /sipse/faces/javax.faces.resource/theme.css?ln=primefaces-sipse HTTP/1.1" 304 -
186.84.21.166 - - [09/Dec/2023:20:30:04 -0500] "GET /sipse/faces/javax.faces.resource/jquery/jquery.js?ln=primefaces&v=4.0 HTTP/1.1" 304 -
186.84.21.166 - - [09/Dec/2023:20:30:04 -0500] "GET /sipse/faces/javax.faces.resource/jquery/jquery-plugins.js?ln=primefaces&v=4.0 HTTP/1.1" 304 -
186.84.21.166 - - [09/Dec/2023:20:30:04 -0500] "GET /sipse/faces/javax.faces.resource/layout/layout.js?ln=primefaces&v=4.0 HTTP/1.1" 304 -
186.84.21.166 - - [09/Dec/2023:20:30:04 -0500] "GET /sipse/faces/javax.faces.resource/primefaces.js?ln=primefaces&v=4.0 HTTP/1.1" 304 -
186.84.21.166 - - [09/Dec/2023:20:30:04 -0500] "GET /sipse/css/imagen/loginimg.png HTTP/1.1" 304 -
186.84.21.166 - - [09/Dec/2023:20:30:04 -0500] "GET /sipse/css/imagen/logoSDG.png HTTP/1.1" 304 -
186.84.21.166 - - [09/Dec/2023:20:30:04 -0500] "GET /sipse/faces/javax.faces.resource/images/ui-icons_898989_256x240.png?ln=primefaces-aristo HTTP/1.1" 304 -
186.84.21.166 - - [09/Dec/2023:20:30:07 -0500] "POST /sipse/faces/autenticacion.xhtml HTTP/1.1" 200 2229
186.84.21.166 - - [09/Dec/2023:20:30:07 -0500] "GET /sipse/faces/javax.faces.resource/messages/messages.png?ln=primefaces&v=4.0 HTTP/1.1" 304 -
186.84.21.166 - - [09/Dec/2023:20:30:09 -0500] "POST /sipse/faces/autenticacion.xhtml HTTP/1.1" 200 16461
186.84.21.166 - - [09/Dec/2023:20:30:09 -0500] "GET /sipse/css/custom_css_sg_prime.css HTTP/1.1" 304 -
186.84.21.166 - - [09/Dec/2023:20:30:09 -0500] "GET /sipse/faces/javax.faces.resource/primefaces.css?ln=primefaces&v=4.0 HTTP/1.1" 304 -
186.84.21.166 - - [09/Dec/2023:20:30:09 -0500] "GET /sipse/faces/javax.faces.resource/theme.css?ln=primefaces-sipse HTTP/1.1" 304 -
186.84.21.166 - - [09/Dec/2023:20:30:09 -0500] "GET /sipse/faces/javax.faces.resource/layout/layout.css?ln=primefaces&v=4.0 HTTP/1.1" 304 -
186.84.21.166 - - [09/Dec/2023:20:30:09 -0500] "GET /sipse/js/jquery.min.js HTTP/1.1" 304 -
186.84.21.166 - - [09/Dec/2023:20:30:09 -0500] "GET /sipse/faces/javax.faces.resource/jquery/jquery.js?ln=primefaces&v=4.0 HTTP/1.1" 304 -
186.84.21.166 - - [09/Dec/2023:20:30:09 -0500] "GET /sipse/faces/javax.faces.resource/jquery/jquery-plugins.js?ln=primefaces&v=4.0 HTTP/1.1" 304 -
186.84.21.166 - - [09/Dec/2023:20:30:09 -0500] "GET /sipse/faces/javax.faces.resource/primefaces.js?ln=primefaces&v=4.0 HTTP/1.1" 304 -
186.84.21.166 - - [09/Dec/2023:20:30:09 -0500] "GET /sipse/faces/javax.faces.resource/layout/layout.js?ln=primefaces&v=4.0 HTTP/1.1" 304 -
186.84.21.166 - - [09/Dec/2023:20:30:09 -0500] "GET /sipse/css/v_mergente.css HTTP/1.1" 304 -
186.84.21.166 - - [09/Dec/2023:20:30:09 -0500] "GET /sipse/css/imagen/contrasena.png HTTP/1.1" 404 383
186.84.21.166 - - [09/Dec/2023:20:30:09 -0500] "GET /sipse/imagenes/cargando.gif HTTP/1.1" 304 -
186.84.21.166 - - [09/Dec/2023:20:30:09 -0500] "GET /sipse/imagenes/logoAplicacion.jpg HTTP/1.1" 304 -
186.84.21.166 - - [09/Dec/2023:20:30:12 -0500] "GET /sipse/faces/javax.faces.resource/images/ui-bg_flat_0_2d5972_40x100.png?ln=primefaces-aristo HTTP/1.1" 304 -
186.84.21.166 - - [09/Dec/2023:20:30:12 -0500] "POST /sipse/faces/bienvenido.xhtml HTTP/1.1" 200 2658
201.245.192.253 - - [09/Dec/2023:20:30:11 -0500] "POST /kwsrmcab/Wsrmcab HTTP/1.1" 200 38426
186.84.21.166 - - [09/Dec/2023:20:30:14 -0500] "POST /sipse/faces/bienvenido.xhtml HTTP/1.1" 200 64126
186.84.21.166 - - [09/Dec/2023:20:30:14 -0500] "GET /sipse/faces/javax.faces.resource/primefaces.css?ln=primefaces&v=4.0 HTTP/1.1" 304 -
186.84.21.166 - - [09/Dec/2023:20:30:14 -0500] "GET /sipse/faces/javax.faces.resource/layout/layout.css?ln=primefaces&v=4.0 HTTP/1.1" 304 -
186.84.21.166 - - [09/Dec/2023:20:30:14 -0500] "GET /sipse/faces/javax.faces.resource/theme.css?ln=primefaces-sipse HTTP/1.1" 304 -
186.84.21.166 - - [09/Dec/2023:20:30:14 -0500] "GET /sipse/faces/javax.faces.resource/jquery/jquery.js?ln=primefaces&v=4.0 HTTP/1.1" 304 -
186.84.21.166 - - [09/Dec/2023:20:30:15 -0500] "GET /sipse/faces/javax.faces.resource/jquery/jquery-plugins.js?ln=primefaces&v=4.0 HTTP/1.1" 304 -
186.84.21.166 - - [09/Dec/2023:20:30:15 -0500] "GET /sipse/faces/javax.faces.resource/primefaces.js?ln=primefaces&v=4.0 HTTP/1.1" 304 -
186.84.21.166 - - [09/Dec/2023:20:30:15 -0500] "GET /sipse/faces/javax.faces.resource/layout/layout.js?ln=primefaces&v=4.0 HTTP/1.1" 304 -
186.84.21.166 - - [09/Dec/2023:20:30:15 -0500] "POST /sipse/faces/presentacion/financiero/solicitudProceso/listarSolicitudProceso.xhtml HTTP/1.1" 200 1564
216.244.66.195 - - [09/Dec/2023:20:30:15 -0500] "GET /BLA/resoluciones/AUTOS%202016/0398.pdf HTTP/1.1" 200 809751
201.245.192.253 - - [09/Dec/2023:20:30:19 -0500] "POST /kwsrmcab/Wsrmcab HTTP/1.1" 200 38616
186.84.21.166 - - [09/Dec/2023:20:30:31 -0500] "POST /sipse/faces/presentacion/financiero/solicitudProceso/listarSolicitudProceso.xhtml HTTP/1.1" 200 5377
186.84.21.166 - - [09/Dec/2023:20:30:33 -0500] "POST /sipse/faces/presentacion/financiero/solicitudProceso/listarSolicitudProceso.xhtml HTTP/1.1" 200 122941
186.84.21.166 - - [09/Dec/2023:20:30:34 -0500] "GET /sipse/faces/javax.faces.resource/theme.css?ln=primefaces-sipse HTTP/1.1" 304 -
186.84.21.166 - - [09/Dec/2023:20:30:34 -0500] "GET /sipse/faces/javax.faces.resource/layout/layout.css?ln=primefaces&v=4.0 HTTP/1.1" 304 -
186.84.21.166 - - [09/Dec/2023:20:30:34 -0500] "GET /sipse/faces/javax.faces.resource/primefaces.css?ln=primefaces&v=4.0 HTTP/1.1" 304 -
186.84.21.166 - - [09/Dec/2023:20:30:34 -0500] "GET /sipse/faces/javax.faces.resource/jquery/jquery.js?ln=primefaces&v=4.0 HTTP/1.1" 304 -
186.84.21.166 - - [09/Dec/2023:20:30:34 -0500] "GET /sipse/faces/javax.faces.resource/jquery/jquery-plugins.js?ln=primefaces&v=4.0 HTTP/1.1" 304 -
186.84.21.166 - - [09/Dec/2023:20:30:34 -0500] "GET /sipse/faces/javax.faces.resource/primefaces.js?ln=primefaces&v=4.0 HTTP/1.1" 304 -
186.84.21.166 - - [09/Dec/2023:20:30:34 -0500] "GET /sipse/faces/javax.faces.resource/layout/layout.js?ln=primefaces&v=4.0 HTTP/1.1" 304 -
186.84.21.166 - - [09/Dec/2023:20:30:35 -0500] "GET /sipse/faces/javax.faces.resource/dynamiccontent.properties?ln=primefaces&pfdrid=XjOR5%2F%2FfPAZAuY9TpWQeCiM0BhlXxYRBGKi%2FQcXXfeA%3D&pfdrid_c=false HTTP/1.1" 500 383
186.84.21.166 - - [09/Dec/2023:20:30:47 -0500] "POST /sipse/faces/presentacion/financiero/solicitudProceso/consultarSolicitudProceso.xhtml HTTP/1.1" 200 353200
216.244.66.195 - - [09/Dec/2023:20:30:55 -0500] "GET /BLA/resoluciones/AUTOS%202016/0421.pdf HTTP/1.1" 200 790332
186.84.21.166 - - [09/Dec/2023:20:31:13 -0500] "POST /sipse/faces/presentacion/financiero/solicitudProceso/consultarSolicitudProceso.xhtml HTTP/1.1" 200 36807
186.84.21.166 - - [09/Dec/2023:20:31:13 -0500] "GET /sipse/faces/javax.faces.resource/theme.css?ln=primefaces-sipse HTTP/1.1" 304 -
186.84.21.166 - - [09/Dec/2023:20:31:13 -0500] "GET /sipse/faces/javax.faces.resource/layout/layout.css?ln=primefaces&v=4.0 HTTP/1.1" 304 -
186.84.21.166 - - [09/Dec/2023:20:31:13 -0500] "GET /sipse/faces/javax.faces.resource/primefaces.css?ln=primefaces&v=4.0 HTTP/1.1" 304 -
186.84.21.166 - - [09/Dec/2023:20:31:13 -0500] "GET /sipse/faces/javax.faces.resource/jquery/jquery.js?ln=primefaces&v=4.0 HTTP/1.1" 304 -
186.84.21.166 - - [09/Dec/2023:20:31:13 -0500] "GET /sipse/faces/javax.faces.resource/jquery/jquery-plugins.js?ln=primefaces&v=4.0 HTTP/1.1" 304 -
186.84.21.166 - - [09/Dec/2023:20:31:13 -0500] "GET /sipse/faces/javax.faces.resource/primefaces.js?ln=primefaces&v=4.0 HTTP/1.1" 304 -
186.84.21.166 - - [09/Dec/2023:20:31:13 -0500] "GET /sipse/faces/javax.faces.resource/layout/layout.js?ln=primefaces&v=4.0 HTTP/1.1" 304 -
186.84.21.166 - - [09/Dec/2023:20:31:13 -0500] "POST /sipse/faces/presentacion/financiero/solicitudProceso/listarSolicitudProceso.xhtml HTTP/1.1" 200 30072
186.84.21.166 - - [09/Dec/2023:20:31:13 -0500] "POST /sipse/faces/presentacion/financiero/solicitudProceso/listarSolicitudProceso.xhtml HTTP/1.1" 200 30072
186.84.21.166 - - [09/Dec/2023:20:31:14 -0500] "POST /sipse/faces/presentacion/financiero/solicitudProceso/listarSolicitudProceso.xhtml HTTP/1.1" 200 1396
186.84.21.166 - - [09/Dec/2023:20:31:14 -0500] "POST /sipse/faces/presentacion/financiero/solicitudProceso/listarSolicitudProceso.xhtml HTTP/1.1" 200 1392
186.84.21.166 - - [09/Dec/2023:20:31:14 -0500] "POST /sipse/faces/presentacion/financiero/solicitudProceso/listarSolicitudProceso.xhtml HTTP/1.1" 200 1404
201.245.192.253 - - [09/Dec/2023:20:31:13 -0500] "POST /kwsrmcab/Wsrmcab  HTTP/1.1" 200 41806
186.84.21.166 - - [09/Dec/2023:20:31:22 -0500] "POST /sipse/faces/presentacion/financiero/solicitudProceso/listarSolicitudProceso.xhtml HTTP/1.1" 200 32154
186.84.21.166 - - [09/Dec/2023:20:31:25 -0500] "POST /sipse/faces/presentacion/financiero/solicitudProceso/listarSolicitudProceso.xhtml HTTP/1.1" 200 33414
186.84.21.166 - - [09/Dec/2023:20:31:26 -0500] "POST /sipse/faces/presentacion/financiero/solicitudProceso/listarSolicitudProceso.xhtml HTTP/1.1" 200 2469
186.84.21.166 - - [09/Dec/2023:20:31:28 -0500] "POST /sipse/faces/presentacion/financiero/solicitudProceso/listarSolicitudProceso.xhtml HTTP/1.1" 200 11838
186.84.21.166 - - [09/Dec/2023:20:31:28 -0500] "POST /sipse/faces/presentacion/financiero/solicitudProceso/listarSolicitudProceso.xhtml HTTP/1.1" 200 5467
186.84.21.166 - - [09/Dec/2023:20:31:32 -0500] "POST /sipse/faces/presentacion/financiero/solicitudProceso/listarSolicitudProceso.xhtml HTTP/1.1" 200 126970
186.84.21.166 - - [09/Dec/2023:20:31:33 -0500] "GET /sipse/faces/javax.faces.resource/theme.css?ln=primefaces-sipse HTTP/1.1" 304 -
186.84.21.166 - - [09/Dec/2023:20:31:33 -0500] "GET /sipse/faces/javax.faces.resource/primefaces.css?ln=primefaces&v=4.0 HTTP/1.1" 304 -
186.84.21.166 - - [09/Dec/2023:20:31:33 -0500] "GET /sipse/faces/javax.faces.resource/layout/layout.css?ln=primefaces&v=4.0 HTTP/1.1" 304 -
186.84.21.166 - - [09/Dec/2023:20:31:33 -0500] "GET /sipse/faces/javax.faces.resource/jquery/jquery.js?ln=primefaces&v=4.0 HTTP/1.1" 304 -
186.84.21.166 - - [09/Dec/2023:20:31:33 -0500] "GET /sipse/faces/javax.faces.resource/jquery/jquery-plugins.js?ln=primefaces&v=4.0 HTTP/1.1" 304 -
186.84.21.166 - - [09/Dec/2023:20:31:33 -0500] "GET /sipse/faces/javax.faces.resource/primefaces.js?ln=primefaces&v=4.0 HTTP/1.1" 304 -
186.84.21.166 - - [09/Dec/2023:20:31:33 -0500] "GET /sipse/faces/javax.faces.resource/layout/layout.js?ln=primefaces&v=4.0 HTTP/1.1" 304 -
186.84.21.166 - - [09/Dec/2023:20:31:33 -0500] "GET /sipse/faces/javax.faces.resource/dynamiccontent.properties?ln=primefaces&pfdrid=XjOR5%2F%2FfPAZAuY9TpWQeCiM0BhlXxYRBGKi%2FQcXXfeA%3D&pfdrid_c=false HTTP/1.1" 500 383
186.84.21.166 - - [09/Dec/2023:20:31:45 -0500] "POST /sipse/faces/presentacion/financiero/solicitudProceso/consultarSolicitudProceso.xhtml HTTP/1.1" 200 567529
186.84.21.166 - - [09/Dec/2023:20:32:16 -0500] "POST /sipse/faces/presentacion/financiero/solicitudProceso/consultarSolicitudProceso.xhtml HTTP/1.1" 200 353198
172.22.2.4 - - [09/Dec/2023:20:32:43 -0500] "GET /BLA/boletinlegal/normativa.php HTTP/1.1" 200 8343
216.245.221.92 - - [09/Dec/2023:20:32:52 -0500] "HEAD / HTTP/1.1" 200 -
186.84.21.166 - - [09/Dec/2023:20:33:21 -0500] "POST /sipse/faces/presentacion/financiero/solicitudProceso/consultarSolicitudProceso.xhtml HTTP/1.1" 200 240347
186.84.21.166 - - [09/Dec/2023:20:33:31 -0500] "POST /sipse/faces/presentacion/financiero/solicitudProceso/consultarSolicitudProceso.xhtml HTTP/1.1" 200 2293719
186.84.21.166 - - [09/Dec/2023:20:34:18 -0500] "POST /sipse/faces/presentacion/financiero/solicitudProceso/consultarSolicitudProceso.xhtml HTTP/1.1" 200 36897
186.84.21.166 - - [09/Dec/2023:20:34:19 -0500] "GET /sipse/faces/javax.faces.resource/theme.css?ln=primefaces-sipse HTTP/1.1" 304 -
186.84.21.166 - - [09/Dec/2023:20:34:19 -0500] "GET /sipse/faces/javax.faces.resource/layout/layout.css?ln=primefaces&v=4.0 HTTP/1.1" 304 -
186.84.21.166 - - [09/Dec/2023:20:34:19 -0500] "GET /sipse/faces/javax.faces.resource/primefaces.css?ln=primefaces&v=4.0 HTTP/1.1" 304 -
186.84.21.166 - - [09/Dec/2023:20:34:19 -0500] "GET /sipse/faces/javax.faces.resource/jquery/jquery.js?ln=primefaces&v=4.0 HTTP/1.1" 304 -
186.84.21.166 - - [09/Dec/2023:20:34:19 -0500] "GET /sipse/faces/javax.faces.resource/jquery/jquery-plugins.js?ln=primefaces&v=4.0 HTTP/1.1" 304 -
186.84.21.166 - - [09/Dec/2023:20:34:19 -0500] "GET /sipse/faces/javax.faces.resource/primefaces.js?ln=primefaces&v=4.0 HTTP/1.1" 304 -
186.84.21.166 - - [09/Dec/2023:20:34:19 -0500] "GET /sipse/faces/javax.faces.resource/layout/layout.js?ln=primefaces&v=4.0 HTTP/1.1" 304 -
186.84.21.166 - - [09/Dec/2023:20:34:19 -0500] "POST /sipse/faces/presentacion/financiero/solicitudProceso/listarSolicitudProceso.xhtml HTTP/1.1" 200 30162
186.84.21.166 - - [09/Dec/2023:20:34:19 -0500] "POST /sipse/faces/presentacion/financiero/solicitudProceso/listarSolicitudProceso.xhtml HTTP/1.1" 200 30162
186.84.21.166 - - [09/Dec/2023:20:34:19 -0500] "POST /sipse/faces/presentacion/financiero/solicitudProceso/listarSolicitudProceso.xhtml HTTP/1.1" 200 30162
186.84.21.166 - - [09/Dec/2023:20:34:19 -0500] "POST /sipse/faces/presentacion/financiero/solicitudProceso/listarSolicitudProceso.xhtml HTTP/1.1" 200 30162
186.84.21.166 - - [09/Dec/2023:20:34:20 -0500] "POST /sipse/faces/presentacion/financiero/solicitudProceso/listarSolicitudProceso.xhtml HTTP/1.1" 200 1396
186.84.21.166 - - [09/Dec/2023:20:34:20 -0500] "POST /sipse/faces/presentacion/financiero/solicitudProceso/listarSolicitudProceso.xhtml HTTP/1.1" 200 1392
186.84.21.166 - - [09/Dec/2023:20:34:20 -0500] "POST /sipse/faces/presentacion/financiero/solicitudProceso/listarSolicitudProceso.xhtml HTTP/1.1" 200 1404
186.84.21.166 - - [09/Dec/2023:20:34:20 -0500] "POST /sipse/faces/presentacion/financiero/solicitudProceso/listarSolicitudProceso.xhtml HTTP/1.1" 200 1392
186.84.21.166 - - [09/Dec/2023:20:34:20 -0500] "POST /sipse/faces/presentacion/financiero/solicitudProceso/listarSolicitudProceso.xhtml HTTP/1.1" 200 1404
66.249.66.20 - - [09/Dec/2023:20:34:34 -0500] "GET /BLA/boletinlegal/Directivas/2014/Directiva%20No.%205%20del%2026%20de%20Diciembre%20de%202014.pdf HTTP/1.1" 200 3424865
186.84.21.166 - - [09/Dec/2023:20:34:35 -0500] "POST /sipse/faces/presentacion/financiero/solicitudProceso/listarSolicitudProceso.xhtml HTTP/1.1" 200 33466
186.84.21.166 - - [09/Dec/2023:20:34:37 -0500] "POST /sipse/faces/presentacion/financiero/solicitudProceso/listarSolicitudProceso.xhtml HTTP/1.1" 200 33414
186.84.21.166 - - [09/Dec/2023:20:34:43 -0500] "POST /sipse/faces/presentacion/financiero/solicitudProceso/listarSolicitudProceso.xhtml HTTP/1.1" 200 33422
172.22.2.4 - - [09/Dec/2023:20:33:05 -0500] "HEAD /BLA/boletinlegal/ HTTP/1.1" 200 -
186.84.21.166 - - [09/Dec/2023:20:34:45 -0500] "POST /sipse/faces/presentacion/financiero/solicitudProceso/listarSolicitudProceso.xhtml HTTP/1.1" 200 33414
186.84.21.166 - - [09/Dec/2023:20:34:48 -0500] "POST /sipse/faces/presentacion/financiero/solicitudProceso/listarSolicitudProceso.xhtml HTTP/1.1" 200 5377
186.84.21.166 - - [09/Dec/2023:20:34:51 -0500] "POST /sipse/faces/presentacion/financiero/solicitudProceso/listarSolicitudProceso.xhtml HTTP/1.1" 200 122941
186.84.21.166 - - [09/Dec/2023:20:34:52 -0500] "GET /sipse/faces/javax.faces.resource/theme.css?ln=primefaces-sipse HTTP/1.1" 304 -
186.84.21.166 - - [09/Dec/2023:20:34:52 -0500] "GET /sipse/faces/javax.faces.resource/layout/layout.css?ln=primefaces&v=4.0 HTTP/1.1" 304 -
186.84.21.166 - - [09/Dec/2023:20:34:52 -0500] "GET /sipse/faces/javax.faces.resource/primefaces.css?ln=primefaces&v=4.0 HTTP/1.1" 304 -
186.84.21.166 - - [09/Dec/2023:20:34:52 -0500] "GET /sipse/faces/javax.faces.resource/jquery/jquery.js?ln=primefaces&v=4.0 HTTP/1.1" 304 -
186.84.21.166 - - [09/Dec/2023:20:34:52 -0500] "GET /sipse/faces/javax.faces.resource/jquery/jquery-plugins.js?ln=primefaces&v=4.0 HTTP/1.1" 304 -
186.84.21.166 - - [09/Dec/2023:20:34:52 -0500] "GET /sipse/faces/javax.faces.resource/primefaces.js?ln=primefaces&v=4.0 HTTP/1.1" 304 -
186.84.21.166 - - [09/Dec/2023:20:34:52 -0500] "GET /sipse/faces/javax.faces.resource/layout/layout.js?ln=primefaces&v=4.0 HTTP/1.1" 304 -
186.84.21.166 - - [09/Dec/2023:20:34:52 -0500] "GET /sipse/faces/javax.faces.resource/dynamiccontent.properties?ln=primefaces&pfdrid=XjOR5%2F%2FfPAZAuY9TpWQeCiM0BhlXxYRBGKi%2FQcXXfeA%3D&pfdrid_c=false HTTP/1.1" 500 383
186.84.21.166 - - [09/Dec/2023:20:34:55 -0500] "POST /sipse/faces/presentacion/financiero/solicitudProceso/consultarSolicitudProceso.xhtml HTTP/1.1" 200 1527985
157.90.244.54 - - [09/Dec/2023:20:35:00 -0500] "GET / HTTP/1.1" 200 319
157.90.244.54 - - [09/Dec/2023:20:35:01 -0500] "GET / HTTP/1.1" 200 4720
35.167.79.183 - - [09/Dec/2023:20:35:16 -0500] "GET /galeria/galeria/fotos/diaSC7Peq.jpg HTTP/1.1" 200 18357
172.22.2.4 - - [09/Dec/2023:20:35:35 -0500] "GET /BLA/boletinlegal/Circulares/2019/Circular%20No.%2012%20del%2014%20de%20Marzo%20de%202019.pdf HTTP/1.1" 304 -
172.22.2.4 - - [09/Dec/2023:20:33:56 -0500] "GET /BLA/boletinlegal/ HTTP/1.1" 200 43959
52.167.144.238 - - [09/Dec/2023:20:35:38 -0500] "GET /BLA/resoluciones/AUTOS%202023/7629.pdf HTTP/1.1" 200 419314
172.22.2.4 - - [09/Dec/2023:20:34:09 -0500] "GET /BLA/boletinlegal/ HTTP/1.1" 200 44334
186.84.21.166 - - [09/Dec/2023:20:35:55 -0500] "POST /sipse/faces/presentacion/financiero/solicitudProceso/consultarSolicitudProceso.xhtml HTTP/1.1" 200 36807
186.84.21.166 - - [09/Dec/2023:20:35:55 -0500] "GET /sipse/faces/javax.faces.resource/theme.css?ln=primefaces-sipse HTTP/1.1" 304 -
186.84.21.166 - - [09/Dec/2023:20:35:55 -0500] "GET /sipse/faces/javax.faces.resource/layout/layout.css?ln=primefaces&v=4.0 HTTP/1.1" 304 -
186.84.21.166 - - [09/Dec/2023:20:35:55 -0500] "GET /sipse/faces/javax.faces.resource/primefaces.css?ln=primefaces&v=4.0 HTTP/1.1" 304 -
186.84.21.166 - - [09/Dec/2023:20:35:55 -0500] "GET /sipse/faces/javax.faces.resource/jquery/jquery.js?ln=primefaces&v=4.0 HTTP/1.1" 304 -
186.84.21.166 - - [09/Dec/2023:20:35:55 -0500] "GET /sipse/faces/javax.faces.resource/jquery/jquery-plugins.js?ln=primefaces&v=4.0 HTTP/1.1" 304 -
186.84.21.166 - - [09/Dec/2023:20:35:55 -0500] "GET /sipse/faces/javax.faces.resource/primefaces.js?ln=primefaces&v=4.0 HTTP/1.1" 304 -
186.84.21.166 - - [09/Dec/2023:20:35:55 -0500] "GET /sipse/faces/javax.faces.resource/layout/layout.js?ln=primefaces&v=4.0 HTTP/1.1" 304 -
186.84.21.166 - - [09/Dec/2023:20:35:55 -0500] "POST /sipse/faces/presentacion/financiero/solicitudProceso/listarSolicitudProceso.xhtml HTTP/1.1" 200 30072
186.84.21.166 - - [09/Dec/2023:20:35:55 -0500] "POST /sipse/faces/presentacion/financiero/solicitudProceso/listarSolicitudProceso.xhtml HTTP/1.1" 200 30072
186.84.21.166 - - [09/Dec/2023:20:35:56 -0500] "POST /sipse/faces/presentacion/financiero/solicitudProceso/listarSolicitudProceso.xhtml HTTP/1.1" 200 30072
186.84.21.166 - - [09/Dec/2023:20:35:56 -0500] "POST /sipse/faces/presentacion/financiero/solicitudProceso/listarSolicitudProceso.xhtml HTTP/1.1" 200 30072
186.84.21.166 - - [09/Dec/2023:20:35:56 -0500] "POST /sipse/faces/presentacion/financiero/solicitudProceso/listarSolicitudProceso.xhtml HTTP/1.1" 200 30072
186.84.21.166 - - [09/Dec/2023:20:35:57 -0500] "POST /sipse/faces/presentacion/financiero/solicitudProceso/listarSolicitudProceso.xhtml HTTP/1.1" 200 30072
186.84.21.166 - - [09/Dec/2023:20:35:57 -0500] "POST /sipse/faces/presentacion/financiero/solicitudProceso/listarSolicitudProceso.xhtml HTTP/1.1" 200 1396
186.84.21.166 - - [09/Dec/2023:20:35:57 -0500] "POST /sipse/faces/presentacion/financiero/solicitudProceso/listarSolicitudProceso.xhtml HTTP/1.1" 200 1392
186.84.21.166 - - [09/Dec/2023:20:35:57 -0500] "POST /sipse/faces/presentacion/financiero/solicitudProceso/listarSolicitudProceso.xhtml HTTP/1.1" 200 1404
186.84.21.166 - - [09/Dec/2023:20:35:57 -0500] "POST /sipse/faces/presentacion/financiero/solicitudProceso/listarSolicitudProceso.xhtml HTTP/1.1" 200 1392
186.84.21.166 - - [09/Dec/2023:20:35:58 -0500] "POST /sipse/faces/presentacion/financiero/solicitudProceso/listarSolicitudProceso.xhtml HTTP/1.1" 200 1404
186.84.21.166 - - [09/Dec/2023:20:35:58 -0500] "POST /sipse/faces/presentacion/financiero/solicitudProceso/listarSolicitudProceso.xhtml HTTP/1.1" 200 1392
186.84.21.166 - - [09/Dec/2023:20:35:58 -0500] "POST /sipse/faces/presentacion/financiero/solicitudProceso/listarSolicitudProceso.xhtml HTTP/1.1" 200 1400
186.84.21.166 - - [09/Dec/2023:20:36:00 -0500] "POST /sipse/faces/presentacion/financiero/solicitudProceso/listarSolicitudProceso.xhtml HTTP/1.1" 200 2701
186.84.21.166 - - [09/Dec/2023:20:36:01 -0500] "POST /sipse/faces/presentacion/financiero/solicitudProceso/listarSolicitudProceso.xhtml HTTP/1.1" 200 40858
