201.245.192.253 - - [09/Dec/2023:12:42:49 -0500] "GET /sipse/faces/javax.faces.resource/layout/layout.js?ln=primefaces&v=4.0 HTTP/1.1" 304 -
216.245.221.92 - - [09/Dec/2023:12:42:53 -0500] "HEAD / HTTP/1.1" 200 -
172.22.2.4 - - [09/Dec/2023:12:41:26 -0500] "GET /BLA/boletinlegal/ HTTP/1.1" 200 58644
152.203.164.217 - - [09/Dec/2023:12:44:32 -0500] "OPTIONS /kwssiamovil/sm/setfile/f? HTTP/1.1" 200 13
152.203.164.217 - - [09/Dec/2023:12:44:32 -0500] "POST /kwssiamovil/sm/setfile/f? HTTP/1.1" 200 381
152.203.164.217 - - [09/Dec/2023:12:44:34 -0500] "OPTIONS /kwssiamovil/sm/setfile/f? HTTP/1.1" 200 13
152.203.164.217 - - [09/Dec/2023:12:44:34 -0500] "POST /kwssiamovil/sm/setfile/f? HTTP/1.1" 200 381
152.203.164.217 - - [09/Dec/2023:12:44:37 -0500] "OPTIONS /kwssiamovil/sm/setfile/f? HTTP/1.1" 200 13
152.203.164.217 - - [09/Dec/2023:12:44:37 -0500] "POST /kwssiamovil/sm/setfile/f? HTTP/1.1" 200 381
152.203.164.217 - - [09/Dec/2023:12:44:39 -0500] "OPTIONS /kwssiamovil/sm/setfile/f? HTTP/1.1" 200 13
152.203.164.217 - - [09/Dec/2023:12:44:39 -0500] "POST /kwssiamovil/sm/setfile/f? HTTP/1.1" 200 381
152.203.164.217 - - [09/Dec/2023:12:44:41 -0500] "OPTIONS /kwssiamovil/sm/setfile/f? HTTP/1.1" 200 13
201.245.192.253 - - [09/Dec/2023:12:44:40 -0500] "POST /sipse/faces/presentacion/financiero/contrato/consultarContratosSolicitudProceso.xhtml HTTP/1.1" 200 62145
152.203.164.217 - - [09/Dec/2023:12:44:42 -0500] "POST /kwssiamovil/sm/setfile/f? HTTP/1.1" 200 381
152.203.164.217 - - [09/Dec/2023:12:44:44 -0500] "OPTIONS /kwssiamovil/sm/setfile/f? HTTP/1.1" 200 13
152.203.164.217 - - [09/Dec/2023:12:44:44 -0500] "POST /kwssiamovil/sm/setfile/f? HTTP/1.1" 200 381
201.245.192.253 - - [09/Dec/2023:12:44:46 -0500] "POST /sipse/faces/presentacion/financiero/contrato/consultarContratosSolicitudProceso.xhtml HTTP/1.1" 200 62691
201.245.192.253 - - [09/Dec/2023:12:44:46 -0500] "GET /sipse/faces/javax.faces.resource/theme.css?ln=primefaces-sipse HTTP/1.1" 304 -
201.245.192.253 - - [09/Dec/2023:12:44:46 -0500] "GET /sipse/faces/javax.faces.resource/primefaces.css?ln=primefaces&v=4.0 HTTP/1.1" 304 -
201.245.192.253 - - [09/Dec/2023:12:44:46 -0500] "GET /sipse/faces/javax.faces.resource/layout/layout.css?ln=primefaces&v=4.0 HTTP/1.1" 304 -
201.245.192.253 - - [09/Dec/2023:12:44:46 -0500] "GET /sipse/faces/javax.faces.resource/jquery/jquery.js?ln=primefaces&v=4.0 HTTP/1.1" 304 -
201.245.192.253 - - [09/Dec/2023:12:44:46 -0500] "GET /sipse/faces/javax.faces.resource/jquery/jquery-plugins.js?ln=primefaces&v=4.0 HTTP/1.1" 304 -
201.245.192.253 - - [09/Dec/2023:12:44:46 -0500] "GET /sipse/faces/javax.faces.resource/primefaces.js?ln=primefaces&v=4.0 HTTP/1.1" 304 -
201.245.192.253 - - [09/Dec/2023:12:44:46 -0500] "GET /sipse/faces/javax.faces.resource/layout/layout.js?ln=primefaces&v=4.0 HTTP/1.1" 304 -
201.245.192.253 - - [09/Dec/2023:12:44:50 -0500] "POST /sipse/faces/presentacion/financiero/solicitudProceso/crearModificarSolicitudProceso.xhtml HTTP/1.1" 200 66157
201.245.192.253 - - [09/Dec/2023:12:44:53 -0500] "GET /sipse/faces/javax.faces.resource/primefaces.css?ln=primefaces&v=4.0 HTTP/1.1" 304 -
201.245.192.253 - - [09/Dec/2023:12:44:53 -0500] "GET /sipse/faces/javax.faces.resource/theme.css?ln=primefaces-sipse HTTP/1.1" 304 -
201.245.192.253 - - [09/Dec/2023:12:44:53 -0500] "GET /sipse/faces/javax.faces.resource/layout/layout.css?ln=primefaces&v=4.0 HTTP/1.1" 304 -
201.245.192.253 - - [09/Dec/2023:12:44:53 -0500] "GET /sipse/faces/javax.faces.resource/jquery/jquery.js?ln=primefaces&v=4.0 HTTP/1.1" 304 -
201.245.192.253 - - [09/Dec/2023:12:44:53 -0500] "GET /sipse/faces/javax.faces.resource/jquery/jquery-plugins.js?ln=primefaces&v=4.0 HTTP/1.1" 304 -
201.245.192.253 - - [09/Dec/2023:12:44:53 -0500] "GET /sipse/faces/javax.faces.resource/primefaces.js?ln=primefaces&v=4.0 HTTP/1.1" 304 -
201.245.192.253 - - [09/Dec/2023:12:44:53 -0500] "GET /sipse/faces/javax.faces.resource/layout/layout.js?ln=primefaces&v=4.0 HTTP/1.1" 304 -
201.245.192.253 - - [09/Dec/2023:12:44:53 -0500] "GET /sipse/faces/javax.faces.resource/messages/messages.png?ln=primefaces&v=4.0 HTTP/1.1" 304 -
201.245.192.253 - - [09/Dec/2023:12:44:53 -0500] "POST /sipse/faces/presentacion/financiero/solicitudProceso/listarSolicitudProceso.xhtml HTTP/1.1" 200 1564
152.203.164.217 - - [09/Dec/2023:12:44:54 -0500] "GET /kwssiamovil/sm/acme/a?s=U2FsdGVkX1/Dd+9QH/QNDK+bKhg/WuNnHXh85q3cRIDEjV6FGTsOIMyhAjRXfwuaa7flOgCyj1vzkn4BRolCowWBsyVym0tcWyDYVZPifx23PqRGqyvHtB80AJ2sR61XCMu5h/AUMHjHdgafmWhYT/mDgklY112ZqS5BuL7QgQKwIyLD86w54fR0/OPFKBItyEsPx1knJdQzIm/T76d5qP0uUMuppN3i1AMxxa5xhAFExq6tI4CJW/42KXf6YcHYynH9nPGPdXu/9N0pnwSEUg==&u=U2FsdGVkX1/o1tdQ62k4cl3V8ikOnqlgUfWQkoJnpTS+CUMdEocpZgqv5TBCn+P1&y=U2FsdGVkX19QoMCc9mqMx4tqVZsoamqdGAinN6nAqDAMfvsY1zCg094joNlH+B1b HTTP/1.1" 200 26
152.203.164.217 - - [09/Dec/2023:12:44:54 -0500] "GET /kwssiamovil/sm/acme/a?s=U2FsdGVkX18BLVsvQ/RdDK8e6toUV9w3xg7GqCat7Yli+ZfhJEjUBRCcK/TDxfNmbzY+eU7/yY9SV0m/ArPc1POHpHi3g3xAes4ObYemUSas435JsvLzafds9fSX9sF+tyNabUW/rh/Xiz58RqrXeYjwL/rNPKulJ8sjd500TElJet3ZTTMPpAAFfe69EJt1WIcvodKvsmMwT690OqSJkkFqsPEuF+COx9atwYXamFpPGHMUIW+RHmLDhNH5Y198fcKRCv5MX4QWejl4Z8k4Gc73SLru51ekhd3/pilh6GqwipjoltvUqyOm3FOk/12KQBgDgOQH/+L9bSELP5Vw4rd70cG/asIElDIeYI4mGYULYvDrAMJfT6YD2ZxJNUDEI82uxoKXh3VdL1btVu5A+BWi+Y/wvz/Di4UtNlo554zQrYr4Cb+7w7L87fG0o+89hHb+k3JC5HeO+bJnihwYNuTD9YDmbv81ezqcwxCFTDI3lXOcrwH7Ds69eYka0s5FQfO3M3Fwkz5OWx2svqM/QMAUPgKedtE2AcSlugvf36+BqAq0l39U6r+BJ0EK0mQ6pwJoaIPjwEYP2YwWsX3ppWxqPD+wOjxYuSA31f1dw3x7S4VerPF53nvJ5YWQ+tTzwSe6Swqh6W0so7yEXhNciNw8cQubqckyb260cyTn8JeXT/DcQJ5AnHa1VczTY0XHMyU1N5QSQA2+hCqi/9m8jbh8moVlMA4e2crbefG3RYZLcP3/omEjIw7QDt9/xxc0vKQADvUjIzgl1uo92D9fw/6mz9OBgTaZz9mIgzy7taxVOnPlvb5LF6Qd2aSEaEvKRh6Aq83cgoO/0+CD+1guR/V8UKUhG7fpYJm6YaGv6LWMCj4y1zeEdpVYkKRPQ4G9soML/vk/vVsWvW6BMpJG9SjKKKKUaZfs3XBuJWkr/oUd7f4C8CkVeiTXrESNZOHukQObs/eC/L/JAqOxeUAFxTz8e8ksk+P9lT/3vaFWCWLWgjAYo0x6ic+FN6u+teGOLVvjFp4E+F5tVGLH7Hxnc4e6RmFraApVGhiaa+HHs0337hFzCrOvkC1P3tfyPY0vmqKxlmi331GROOtIEGrz81jNYHqmQfzgTFhIp53wfqVH6FuojSun25NbFmV5t3aG3ND4W3fc14tbTiLZGaEheN9eZM5AodnPjngULencoOzbPVGUs6piafKjPsNhFGKwgNdwZPBWlRQoAhuSCcvmpZO0lSIo7fY1S65i+jMVt+U=&u=U2FsdGVkX1/o1tdQ62k4cl3V8ikOnqlgUfWQkoJnpTS+CUMdEocpZgqv5TBCn+P1&y=U2FsdGVkX19QoMCc9mqMx4tqVZsoamqdGAinN6nAqDAMfvsY1zCg094joNlH+B1b HTTP/1.1" 200 26
152.203.164.217 - - [09/Dec/2023:12:44:54 -0500] "GET /kwssiamovil/sm/acme/a?s=U2FsdGVkX1/Ud+Fz/Te0qj8jw5RBk2Fz2ew2sW/1h3mw+bW7QHrxgvnQc9z22dNsEl5AITsrloWSx76+azerYIMtHsHgpX+Ix233xwuNzcHVoj3JtiPLJGEhlZyJFs7kSbn8m+42eRSxO1bxsTmN2gM72ksLhZrpRxap1jpTolQ=&u=U2FsdGVkX1/o1tdQ62k4cl3V8ikOnqlgUfWQkoJnpTS+CUMdEocpZgqv5TBCn+P1&y=U2FsdGVkX19QoMCc9mqMx4tqVZsoamqdGAinN6nAqDAMfvsY1zCg094joNlH+B1b HTTP/1.1" 200 26
152.203.164.217 - - [09/Dec/2023:12:44:54 -0500] "GET /kwssiamovil/sm/acme/a?s=U2FsdGVkX1/x8i8H245vBL6QFuPzQRh3VZBMZYih/LMOUwHh8+uldPi+DkaPvvGU5Nr1PBkNW5OXoRboG4Sp7yhagz+sakHfkdZPkJdM74eYRUjLYM6/rdjKKa+G1sPufgpM4KJCJxIEqkuu4kQIeO2OXE/V870C5z3tQEM7AYw=&u=U2FsdGVkX1/o1tdQ62k4cl3V8ikOnqlgUfWQkoJnpTS+CUMdEocpZgqv5TBCn+P1&y=U2FsdGVkX19QoMCc9mqMx4tqVZsoamqdGAinN6nAqDAMfvsY1zCg094joNlH+B1b HTTP/1.1" 200 26
152.203.164.217 - - [09/Dec/2023:12:44:55 -0500] "GET /kwssiamovil/sm/acme/a?s=U2FsdGVkX1/zpvrMz5lBqGZNK4bsvrIbTDlV3Jr6Ob8O30RshQTBU0N2Oxcgu/ObVhqsCARjyMJa1WlllwPxgw9OiLftVgwjDbjEY3EGw7BnjLNPluLqL1Yhbg75mws5fyp0HQ8NwdPLN3AHaY0Qf1nYyY5Ld6CmgqxkDEyPHvU=&u=U2FsdGVkX1/o1tdQ62k4cl3V8ikOnqlgUfWQkoJnpTS+CUMdEocpZgqv5TBCn+P1&y=U2FsdGVkX19QoMCc9mqMx4tqVZsoamqdGAinN6nAqDAMfvsY1zCg094joNlH+B1b HTTP/1.1" 200 26
152.203.164.217 - - [09/Dec/2023:12:44:55 -0500] "GET /kwssiamovil/sm/acme/a?s=U2FsdGVkX19wFq2PxoEIf44QAzwoNv2U8DGzdn/rLQ+vmzOECOhkClgiRE6b64aglxm0mlOI3/cFWYrVkQeb+uS3HunJ2Ac2N2N14H3jKfC1JggayQESJfmKnnJT8r5GGX9k6w41wKMSrK0Dt8tcxXZHSkJN5SQ11rlt7Wn5Ubarzm3YLj9bT2gOPOjG4k1KlBfeAYMGnD5aWfVrcAgqnA==&u=U2FsdGVkX1/o1tdQ62k4cl3V8ikOnqlgUfWQkoJnpTS+CUMdEocpZgqv5TBCn+P1&y=U2FsdGVkX19QoMCc9mqMx4tqVZsoamqdGAinN6nAqDAMfvsY1zCg094joNlH+B1b HTTP/1.1" 200 26
152.203.164.217 - - [09/Dec/2023:12:44:55 -0500] "GET /kwssiamovil/sm/acme/a?s=U2FsdGVkX1/kySHXAAAqF5DWSHVl+U2O0h74/XYdIki/42M+1vdBaCNJEaX445espeDmFh3xjY7ierCkxsemKZzpxyI0tDQY3irW8GEOWMR0yb0Mr6rwGKYleFeQXkc3VSBDQjAaswobX7SIH7tUF2p4msepOa1alQplISByg3d/JDAcTHGbEq6sAXymjfF1b/eJj9oIO2WXqTJi4IS01g==&u=U2FsdGVkX1/o1tdQ62k4cl3V8ikOnqlgUfWQkoJnpTS+CUMdEocpZgqv5TBCn+P1&y=U2FsdGVkX19QoMCc9mqMx4tqVZsoamqdGAinN6nAqDAMfvsY1zCg094joNlH+B1b HTTP/1.1" 200 26
152.203.164.217 - - [09/Dec/2023:12:44:55 -0500] "GET /kwssiamovil/sm/acme/a?s=U2FsdGVkX1/GGI4RrwUasyeoYcQOsvsUG1ZFChEi0J5Vzm2cbjBosLatuoXDOi6uCIloebSD9IWYxT3XcLG3C+vvdYHig9WZB04v+AjOrUNELYEOo3fO4gGMB0oZuPdxqnN8OOAA9xNEFTkLvRFFGpj2YTb62G2oqUfGeivLsLEmY/eRH8JM4xIm3yHp84Hx&u=U2FsdGVkX1/o1tdQ62k4cl3V8ikOnqlgUfWQkoJnpTS+CUMdEocpZgqv5TBCn+P1&y=U2FsdGVkX19QoMCc9mqMx4tqVZsoamqdGAinN6nAqDAMfvsY1zCg094joNlH+B1b HTTP/1.1" 200 26
152.203.164.217 - - [09/Dec/2023:12:44:55 -0500] "GET /kwssiamovil/sm/acme/a?s=U2FsdGVkX1+S2X+TJk9rglqzXIdvwBSfGjdf7BLu/sk4vz8Ze9oIlzbO7BjGdrLNaXGU/sjbjWd8ZuJo9zruKijjwVtimQ3AlNOYDD1/wBQpZ//+hU9Iusu7uRKxi2PiUhV1kiZNfs7pJDCmtx47sPsuNK98p2QUlHVomU+TAjZ3j0vUEEISfxJAY73pVxmOncxICvr3P+G2Bh/Kn+AAmA==&u=U2FsdGVkX1/o1tdQ62k4cl3V8ikOnqlgUfWQkoJnpTS+CUMdEocpZgqv5TBCn+P1&y=U2FsdGVkX19QoMCc9mqMx4tqVZsoamqdGAinN6nAqDAMfvsY1zCg094joNlH+B1b HTTP/1.1" 200 26
152.203.164.217 - - [09/Dec/2023:12:44:55 -0500] "GET /kwssiamovil/sm/acme/a?s=U2FsdGVkX19jsHfwC9OJV9DmQHnzYjxOx8AIvjQiJi2rYh2/CuBndHcauL/PRFnHvJKdlSy78SY/7Xgu0q1ywETjKd0OCzPFJ651LyrDapujpSy6cigB88zCCf+/6dS0QlIaDBv+Uy4vZktJ4dxqm5H1GJ5x9jkKQb9RqRKsNm1fF+ydR9EBgds+cKzXq26Q&u=U2FsdGVkX1/o1tdQ62k4cl3V8ikOnqlgUfWQkoJnpTS+CUMdEocpZgqv5TBCn+P1&y=U2FsdGVkX19QoMCc9mqMx4tqVZsoamqdGAinN6nAqDAMfvsY1zCg094joNlH+B1b HTTP/1.1" 200 26
152.203.164.217 - - [09/Dec/2023:12:44:56 -0500] "GET /kwssiamovil/sm/acme/a?s=U2FsdGVkX1/D3sHCbPhbxLqbqVf5uP45WfpIzbsDRVFijOhNzZVzGAzGAj1/39qoQJu3Km/Ld3u2h6flXlWHbiv0yAlMzEp0iv2NiUH+2SFb1ZHtQsmO8CiNVq1GyUrH5eFUmddgXyu5eEhUWjwSTuCNDdKpmpI5QYw+kSh3wBN0qCl8hpnOtpkyLX1IiPar44aPdHn8waQsF4LKysamaw==&u=U2FsdGVkX1/o1tdQ62k4cl3V8ikOnqlgUfWQkoJnpTS+CUMdEocpZgqv5TBCn+P1&y=U2FsdGVkX19QoMCc9mqMx4tqVZsoamqdGAinN6nAqDAMfvsY1zCg094joNlH+B1b HTTP/1.1" 200 26
152.203.164.217 - - [09/Dec/2023:12:44:56 -0500] "GET /kwssiamovil/sm/acme/a?s=U2FsdGVkX1+VIAGbSg3YbpaKdwTq4A8ZmZ8+CN8dmFEocp6ND5FwU4qYgOOCQyIMApEi4n9E2srZjemgCcBc+8mo9hOTL+hfWe7PKR2p531bgn01a70VcM7oPIEPs1GPzr0wbPujlxppPcDTF0FDb0VapIivw2eBCdnh72urFbb3FtRkad0QA/6zlzYIHqK9L92skHFCV8rj/GXJQ9v2JA==&u=U2FsdGVkX1/o1tdQ62k4cl3V8ikOnqlgUfWQkoJnpTS+CUMdEocpZgqv5TBCn+P1&y=U2FsdGVkX19QoMCc9mqMx4tqVZsoamqdGAinN6nAqDAMfvsY1zCg094joNlH+B1b HTTP/1.1" 200 26
152.203.164.217 - - [09/Dec/2023:12:44:56 -0500] "GET /kwssiamovil/sm/acme/a?s=U2FsdGVkX1+CXxSSCDAdQ94kABrl+dWH4nYSyqrQwwxUtjw1rP3K7/1NFRo7QGCGKWNj1k3Yqgud95aZqHkmXjwZJv4duMc1+7e3WdDCVNT8PNAX8rn3vB1nqsHXVfIhpyu11i9J+SK+AO+Ik+Z8xorlRd9cQea92prwXrqiGaj7xAFaMbRmzWAprG60btDiKFW8ArJSggD0Et8Qb7zusg==&u=U2FsdGVkX1/o1tdQ62k4cl3V8ikOnqlgUfWQkoJnpTS+CUMdEocpZgqv5TBCn+P1&y=U2FsdGVkX19QoMCc9mqMx4tqVZsoamqdGAinN6nAqDAMfvsY1zCg094joNlH+B1b HTTP/1.1" 200 26
152.203.164.217 - - [09/Dec/2023:12:44:56 -0500] "GET /kwssiamovil/sm/acme/a?s=U2FsdGVkX19ihz9kP6i2d4AB75T51DREzUN7kigZBN7xLkw4y3jIZzSYw62gs96ck97z3PyiwYqyla8AI7Ap7KW19DG7XtSwkxlbbRkA+G87hbpk8u+agmFMb/zWAxF4Y/lRUDhscoiJmjKFWccdKgakzw4MbK9KaHHlWJG5kqt/Au79DidcZJETS/xmBaE7&u=U2FsdGVkX1/o1tdQ62k4cl3V8ikOnqlgUfWQkoJnpTS+CUMdEocpZgqv5TBCn+P1&y=U2FsdGVkX19QoMCc9mqMx4tqVZsoamqdGAinN6nAqDAMfvsY1zCg094joNlH+B1b HTTP/1.1" 200 26
152.203.164.217 - - [09/Dec/2023:12:44:56 -0500] "GET /kwssiamovil/sm/acme/a?s=U2FsdGVkX1/yYixY4DTaGWHPkiZRMGxaO8BTMu4RgiFbO9JhEN7AQIl0XgEgc1zJsTx53CdAuv5Hf8wezpzvmw/P80v6XBVdy/701VMRfJVya99ArOIBmZcaqxqaXogqeLjkqt2bh6EkJRJU6vGgAqOfEC5fUlUzYbpgYi1y2ltonrxBiUTCeeB0S1tqFrXgnKZ9rWMYkLRbmYHVwkmwrQ==&u=U2FsdGVkX1/o1tdQ62k4cl3V8ikOnqlgUfWQkoJnpTS+CUMdEocpZgqv5TBCn+P1&y=U2FsdGVkX19QoMCc9mqMx4tqVZsoamqdGAinN6nAqDAMfvsY1zCg094joNlH+B1b HTTP/1.1" 200 26
152.203.164.217 - - [09/Dec/2023:12:44:56 -0500] "GET /kwssiamovil/sm/acme/a?s=U2FsdGVkX1+gtI9VLHCJ7w4Vmfex0iIl5jCltMo0mf+vUvJZB2QLjpywY1spdx2zv8T19Xx25gETuRMNUxdpG+8+ZjoKp1zTQcOlUqiRLb6IGYTR83/8Z9iOHWt7sxNXD9oneNz9SDxFhDv17jKr4KKBYwAnC5Enonw5PFWoznZpEvr2eNGylD38OO5Hd/fL&u=U2FsdGVkX1/o1tdQ62k4cl3V8ikOnqlgUfWQkoJnpTS+CUMdEocpZgqv5TBCn+P1&y=U2FsdGVkX19QoMCc9mqMx4tqVZsoamqdGAinN6nAqDAMfvsY1zCg094joNlH+B1b HTTP/1.1" 200 26
152.203.164.217 - - [09/Dec/2023:12:44:56 -0500] "GET /kwssiamovil/sm/acme/a?s=U2FsdGVkX183XaiUj1vzVCsGngkglVw+SLhl5H2XpUco+qJ/a0/XE+QIwpueAspmCWsJYXNz6EJIZu7Pv015kIENVFJ8tuiH7lXWLyKtMpS1+wvFb0Z35dMCGh5K7T3uYmojmkD+62Xvt4lLlidHninFUBQ0HPsJjxJzKDdzkxyOMaoYqkwM2BGb8nKZCdzYtMsbmzdKw03kmrssUjuutg==&u=U2FsdGVkX1/o1tdQ62k4cl3V8ikOnqlgUfWQkoJnpTS+CUMdEocpZgqv5TBCn+P1&y=U2FsdGVkX19QoMCc9mqMx4tqVZsoamqdGAinN6nAqDAMfvsY1zCg094joNlH+B1b HTTP/1.1" 200 26
152.203.164.217 - - [09/Dec/2023:12:44:57 -0500] "GET /kwssiamovil/sm/acme/a?s=U2FsdGVkX1/xK/egNH4EZZM9WU/QSl09Du0YPSwoct8TdK1SM9i9HDSER8c0UkWhLk/baEF1MiFrx7uFhuyImLLaky0n33gxfjs5YBmqV97h1j/5+5uwqyqTREdDbVQ8qwVZ863an15P+qZTECAt6wz2tqc3l8OgB0WqRGGyw33IOe7507znrGShU0raGeNd&u=U2FsdGVkX1/o1tdQ62k4cl3V8ikOnqlgUfWQkoJnpTS+CUMdEocpZgqv5TBCn+P1&y=U2FsdGVkX19QoMCc9mqMx4tqVZsoamqdGAinN6nAqDAMfvsY1zCg094joNlH+B1b HTTP/1.1" 200 26
201.245.192.253 - - [09/Dec/2023:12:44:59 -0500] "POST /sipse/faces/presentacion/financiero/solicitudProceso/listarSolicitudProceso.xhtml HTTP/1.1" 200 32319
201.245.192.253 - - [09/Dec/2023:12:45:01 -0500] "POST /sipse/faces/presentacion/financiero/solicitudProceso/listarSolicitudProceso.xhtml HTTP/1.1" 200 7990
152.203.164.217 - - [09/Dec/2023:12:45:08 -0500] "GET /kwssiamovil/sm/acme/u?s=U2FsdGVkX1+oeFeFZ9IKIArpJ8Gq2RZfwiRw9HhraJongOq0iHm7Lz6wE33ES9+Z7hbfE0l4lGx8PuPMQ89flqwUrMrx2208RHu/ltoMIguwEwtsceSJwjLzu2undw/yqgH7AGUCEzuXEEdmy5OHkYTc2bJcuCN4FNDhj7A1UkM=&u=U2FsdGVkX1/o1tdQ62k4cl3V8ikOnqlgUfWQkoJnpTS+CUMdEocpZgqv5TBCn+P1&y=U2FsdGVkX19QoMCc9mqMx4tqVZsoamqdGAinN6nAqDAMfvsY1zCg094joNlH+B1b HTTP/1.1" 200 60
201.245.192.253 - - [09/Dec/2023:12:45:55 -0500] "POST /kwsrmcab/Wsrmcab  HTTP/1.1" 200 41806
216.245.221.92 - - [09/Dec/2023:12:47:53 -0500] "HEAD / HTTP/1.1" 200 -
172.22.2.4 - - [09/Dec/2023:12:46:26 -0500] "HEAD /BLA/boletinlegal/ HTTP/1.1" 200 -
172.22.2.4 - - [09/Dec/2023:12:47:16 -0500] "GET /BLA/boletinlegal/ HTTP/1.1" 200 58294
201.245.192.253 - - [09/Dec/2023:12:50:53 -0500] "POST /kwsrmcab/Wsrmcab  HTTP/1.1" 200 41806
216.245.221.92 - - [09/Dec/2023:12:52:53 -0500] "HEAD / HTTP/1.1" 200 -
216.244.66.195 - - [09/Dec/2023:12:53:30 -0500] "GET /BLA/resoluciones/RESOLUCIONES%202017/0226.pdf HTTP/1.1" 200 533302
216.244.66.195 - - [09/Dec/2023:12:53:40 -0500] "GET /galeria/galeria/fotos/Humedal-la-Isla2G.jpg HTTP/1.1" 200 207490
172.22.2.4 - - [09/Dec/2023:12:52:16 -0500] "HEAD /BLA/boletinlegal/ HTTP/1.1" 200 -
172.22.2.4 - - [09/Dec/2023:12:53:06 -0500] "GET /BLA/boletinlegal/ HTTP/1.1" 200 60634
207.46.13.126 - - [09/Dec/2023:12:55:47 -0500] "GET /BLA/resoluciones/AUTOS%202023/3257.pdf HTTP/1.1" 304 -
201.245.192.253 - - [09/Dec/2023:12:55:51 -0500] "POST /kwsrmcab/Wsrmcab  HTTP/1.1" 200 41806
216.244.66.195 - - [09/Dec/2023:12:56:24 -0500] "GET /BLA/resoluciones/AUTOS%202016/0507.pdf HTTP/1.1" 200 750303
66.249.66.20 - - [09/Dec/2023:12:56:26 -0500] "GET /BLA/resoluciones/AUTOS%202014/5789.pdf HTTP/1.1" 200 208276
216.244.66.195 - - [09/Dec/2023:12:56:57 -0500] "GET /BLA/resoluciones/AUTOS%202016/1122.pdf HTTP/1.1" 200 549508
172.22.2.4 - - [09/Dec/2023:12:57:23 -0500] "GET /BLA/boletinlegal/actos.php HTTP/1.1" 200 9682
172.22.2.4 - - [09/Dec/2023:12:57:24 -0500] "GET /BLA/boletinlegal/favicon.ico HTTP/1.1" 404 1326
177.93.46.98 - - [09/Dec/2023:12:57:25 -0500] "GET /BLA/resoluciones/ HTTP/1.1" 200 13696
177.93.46.98 - - [09/Dec/2023:12:57:35 -0500] "GET /BLA/resoluciones/index.php?dir=AUTOS+2018%2F HTTP/1.1" 200 468564
216.244.66.195 - - [09/Dec/2023:12:57:44 -0500] "GET /BLA/resoluciones/AUTOS%202016/1357.pdf HTTP/1.1" 200 523352
177.93.46.98 - - [09/Dec/2023:12:57:52 -0500] "GET /BLA/resoluciones/AUTOS%202018/6640.pdf HTTP/1.1" 200 218407
216.245.221.92 - - [09/Dec/2023:12:57:53 -0500] "HEAD / HTTP/1.1" 200 -
216.244.66.195 - - [09/Dec/2023:12:58:25 -0500] "GET /BLA/resoluciones/AUTOS%202016/1408.pdf HTTP/1.1" 200 545189
66.249.66.21 - - [09/Dec/2023:12:58:31 -0500] "GET /BLA/resoluciones/AUTOS%202008/1027.pdf HTTP/1.1" 200 165474
216.244.66.195 - - [09/Dec/2023:12:59:08 -0500] "GET /BLA/resoluciones/AUTOS%202016/1625.pdf HTTP/1.1" 200 528524
176.146.107.236 - - [09/Dec/2023:12:59:27 -0500] "GET / HTTP/1.0" 200 319
216.244.66.195 - - [09/Dec/2023:12:59:40 -0500] "GET /BLA/resoluciones/AUTOS%202016/1691.pdf HTTP/1.1" 200 373602
172.22.2.4 - - [09/Dec/2023:12:58:06 -0500] "HEAD /BLA/boletinlegal/ HTTP/1.1" 200 -
216.244.66.195 - - [09/Dec/2023:13:00:19 -0500] "GET /BLA/resoluciones/AUTOS%202016/1829.pdf HTTP/1.1" 200 469418
172.22.2.4 - - [09/Dec/2023:12:58:56 -0500] "GET /BLA/boletinlegal/ HTTP/1.1" 200 60224
201.245.192.253 - - [09/Dec/2023:13:00:38 -0500] "POST /sipse/faces/presentacion/financiero/solicitudProceso/listarSolicitudProceso.xhtml HTTP/1.1" 200 911
201.245.192.253 - - [09/Dec/2023:13:00:40 -0500] "GET /sipse/faces/presentacion/financiero/solicitudProceso/faces/autenticacion HTTP/1.1" 302 -
201.245.192.253 - - [09/Dec/2023:13:00:40 -0500] "GET /sipse/faces/autenticacion.xhtml HTTP/1.1" 200 12414
201.245.192.253 - - [09/Dec/2023:13:00:40 -0500] "GET /sipse/faces/javax.faces.resource/theme.css?ln=primefaces-sipse HTTP/1.1" 304 -
201.245.192.253 - - [09/Dec/2023:13:00:40 -0500] "GET /sipse/faces/javax.faces.resource/primefaces.css?ln=primefaces&v=4.0 HTTP/1.1" 304 -
201.245.192.253 - - [09/Dec/2023:13:00:40 -0500] "GET /sipse/faces/javax.faces.resource/jquery/jquery.js?ln=primefaces&v=4.0 HTTP/1.1" 304 -
201.245.192.253 - - [09/Dec/2023:13:00:40 -0500] "GET /sipse/faces/javax.faces.resource/jquery/jquery-plugins.js?ln=primefaces&v=4.0 HTTP/1.1" 304 -
201.245.192.253 - - [09/Dec/2023:13:00:40 -0500] "GET /sipse/faces/javax.faces.resource/primefaces.js?ln=primefaces&v=4.0 HTTP/1.1" 304 -
201.245.192.253 - - [09/Dec/2023:13:00:40 -0500] "GET /sipse/faces/javax.faces.resource/layout/layout.css?ln=primefaces&v=4.0 HTTP/1.1" 304 -
201.245.192.253 - - [09/Dec/2023:13:00:40 -0500] "GET /sipse/faces/javax.faces.resource/layout/layout.js?ln=primefaces&v=4.0 HTTP/1.1" 304 -
201.245.192.253 - - [09/Dec/2023:13:00:40 -0500] "GET /sipse/faces/javax.faces.resource/images/ui-icons_898989_256x240.png?ln=primefaces-aristo HTTP/1.1" 304 -
201.245.192.253 - - [09/Dec/2023:13:00:43 -0500] "POST /sipse/faces/autenticacion.xhtml HTTP/1.1" 200 2225
201.245.192.253 - - [09/Dec/2023:13:00:43 -0500] "GET /sipse/faces/javax.faces.resource/messages/messages.png?ln=primefaces&v=4.0 HTTP/1.1" 304 -
201.245.192.253 - - [09/Dec/2023:13:00:44 -0500] "POST /sipse/faces/autenticacion.xhtml HTTP/1.1" 200 16450
201.245.192.253 - - [09/Dec/2023:13:00:44 -0500] "GET /sipse/faces/javax.faces.resource/theme.css?ln=primefaces-sipse HTTP/1.1" 304 -
201.245.192.253 - - [09/Dec/2023:13:00:44 -0500] "GET /sipse/faces/javax.faces.resource/layout/layout.css?ln=primefaces&v=4.0 HTTP/1.1" 304 -
201.245.192.253 - - [09/Dec/2023:13:00:44 -0500] "GET /sipse/faces/javax.faces.resource/primefaces.css?ln=primefaces&v=4.0 HTTP/1.1" 304 -
201.245.192.253 - - [09/Dec/2023:13:00:44 -0500] "GET /sipse/faces/javax.faces.resource/jquery/jquery.js?ln=primefaces&v=4.0 HTTP/1.1" 304 -
201.245.192.253 - - [09/Dec/2023:13:00:44 -0500] "GET /sipse/faces/javax.faces.resource/jquery/jquery-plugins.js?ln=primefaces&v=4.0 HTTP/1.1" 304 -
201.245.192.253 - - [09/Dec/2023:13:00:44 -0500] "GET /sipse/faces/javax.faces.resource/primefaces.js?ln=primefaces&v=4.0 HTTP/1.1" 304 -
201.245.192.253 - - [09/Dec/2023:13:00:44 -0500] "GET /sipse/faces/javax.faces.resource/layout/layout.js?ln=primefaces&v=4.0 HTTP/1.1" 304 -
201.245.192.253 - - [09/Dec/2023:13:00:44 -0500] "GET /sipse/css/imagen/contrasena.png HTTP/1.1" 404 383
201.245.192.253 - - [09/Dec/2023:13:00:45 -0500] "GET /sipse/faces/javax.faces.resource/images/ui-bg_flat_0_2d5972_40x100.png?ln=primefaces-aristo HTTP/1.1" 304 -
201.245.192.253 - - [09/Dec/2023:13:00:45 -0500] "POST /sipse/faces/bienvenido.xhtml HTTP/1.1" 200 2658
201.245.192.253 - - [09/Dec/2023:13:00:46 -0500] "POST /sipse/faces/bienvenido.xhtml HTTP/1.1" 200 64337
201.245.192.253 - - [09/Dec/2023:13:00:49 -0500] "GET /sipse/faces/javax.faces.resource/primefaces.css?ln=primefaces&v=4.0 HTTP/1.1" 304 -
201.245.192.253 - - [09/Dec/2023:13:00:49 -0500] "GET /sipse/faces/javax.faces.resource/theme.css?ln=primefaces-sipse HTTP/1.1" 304 -
201.245.192.253 - - [09/Dec/2023:13:00:49 -0500] "GET /sipse/faces/javax.faces.resource/layout/layout.css?ln=primefaces&v=4.0 HTTP/1.1" 304 -
201.245.192.253 - - [09/Dec/2023:13:00:49 -0500] "GET /sipse/faces/javax.faces.resource/jquery/jquery.js?ln=primefaces&v=4.0 HTTP/1.1" 304 -
201.245.192.253 - - [09/Dec/2023:13:00:49 -0500] "GET /sipse/faces/javax.faces.resource/jquery/jquery-plugins.js?ln=primefaces&v=4.0 HTTP/1.1" 304 -
201.245.192.253 - - [09/Dec/2023:13:00:49 -0500] "GET /sipse/faces/javax.faces.resource/primefaces.js?ln=primefaces&v=4.0 HTTP/1.1" 304 -
201.245.192.253 - - [09/Dec/2023:13:00:49 -0500] "GET /sipse/faces/javax.faces.resource/layout/layout.js?ln=primefaces&v=4.0 HTTP/1.1" 304 -
201.245.192.253 - - [09/Dec/2023:13:00:49 -0500] "POST /sipse/faces/presentacion/financiero/solicitudProceso/listarSolicitudProceso.xhtml HTTP/1.1" 200 1564
201.245.192.253 - - [09/Dec/2023:13:00:50 -0500] "POST /kwsrmcab/Wsrmcab  HTTP/1.1" 200 41806
201.245.192.253 - - [09/Dec/2023:13:00:54 -0500] "POST /sipse/faces/presentacion/financiero/solicitudProceso/listarSolicitudProceso.xhtml HTTP/1.1" 200 46619
201.245.192.253 - - [09/Dec/2023:13:00:54 -0500] "POST /sipse/faces/presentacion/financiero/solicitudProceso/listarSolicitudProceso.xhtml HTTP/1.1" 200 1564
216.244.66.195 - - [09/Dec/2023:13:00:55 -0500] "GET /BLA/resoluciones/AUTOS%202016/1869.pdf HTTP/1.1" 200 639367
201.245.192.253 - - [09/Dec/2023:13:00:55 -0500] "POST /sipse/faces/presentacion/financiero/solicitudProceso/listarSolicitudProceso.xhtml HTTP/1.1" 200 32319
201.245.192.253 - - [09/Dec/2023:13:00:55 -0500] "POST /sipse/faces/presentacion/financiero/solicitudProceso/listarSolicitudProceso.xhtml HTTP/1.1" 200 44702
201.245.192.253 - - [09/Dec/2023:13:00:57 -0500] "POST /sipse/faces/presentacion/financiero/solicitudProceso/listarSolicitudProceso.xhtml HTTP/1.1" 200 7990
201.245.192.253 - - [09/Dec/2023:13:00:58 -0500] "POST /sipse/faces/presentacion/financiero/solicitudProceso/listarSolicitudProceso.xhtml HTTP/1.1" 200 32533
66.249.66.19 - - [09/Dec/2023:13:01:19 -0500] "GET /BLA/resoluciones/RESOLUCIONES%202010/1346.pdf HTTP/1.1" 200 360288
201.245.192.253 - - [09/Dec/2023:13:01:20 -0500] "POST /sipse/faces/presentacion/financiero/solicitudProceso/listarSolicitudProceso.xhtml HTTP/1.1" 200 7990
201.245.192.253 - - [09/Dec/2023:13:01:22 -0500] "POST /sipse/faces/presentacion/financiero/solicitudProceso/listarSolicitudProceso.xhtml HTTP/1.1" 200 32277
201.245.192.253 - - [09/Dec/2023:13:01:25 -0500] "POST /sipse/faces/presentacion/financiero/solicitudProceso/listarSolicitudProceso.xhtml HTTP/1.1" 200 32533
201.245.192.253 - - [09/Dec/2023:13:01:25 -0500] "POST /sipse/faces/presentacion/financiero/solicitudProceso/listarSolicitudProceso.xhtml HTTP/1.1" 200 7990
216.244.66.195 - - [09/Dec/2023:13:01:27 -0500] "GET /BLA/resoluciones/AUTOS%202016/1996.pdf HTTP/1.1" 200 368133
186.30.5.94 - - [09/Dec/2023:13:01:32 -0500] "GET /las-tres-caminatas-para-cerrar-el-ano-entre-la-naturaleza.html HTTP/1.1" 200 776
66.249.66.19 - - [09/Dec/2023:13:01:47 -0500] "GET /BLA/resoluciones/RESOLUCIONES%202009/7957.pdf HTTP/1.1" 200 122192
216.244.66.195 - - [09/Dec/2023:13:02:00 -0500] "GET /BLA/resoluciones/AUTOS%202016/3119.pdf HTTP/1.1" 200 441400
216.244.66.195 - - [09/Dec/2023:13:02:39 -0500] "GET /BLA/resoluciones/AUTOS%202008/1651.pdf HTTP/1.1" 200 103855
216.245.221.92 - - [09/Dec/2023:13:02:53 -0500] "HEAD / HTTP/1.1" 200 -
216.244.66.195 - - [09/Dec/2023:13:03:13 -0500] "GET /BLA/resoluciones/AUTOS%202015/2096.pdf HTTP/1.1" 200 863653
66.249.66.20 - - [09/Dec/2023:13:04:00 -0500] "GET /BLA/resoluciones/RESOLUCIONES%202008/2736.pdf HTTP/1.1" 200 173021
216.244.66.195 - - [09/Dec/2023:13:04:03 -0500] "GET /BLA/resoluciones/AUTOS%202016/0033.pdf HTTP/1.1" 200 434385
216.244.66.195 - - [09/Dec/2023:13:04:35 -0500] "GET /BLA/resoluciones/AUTOS%202016/2920.PDF HTTP/1.1" 200 10107219
201.245.192.253 - - [09/Dec/2023:13:04:41 -0500] "POST /sipse/faces/presentacion/financiero/solicitudProceso/listarSolicitudProceso.xhtml HTTP/1.1" 200 59137
201.245.192.253 - - [09/Dec/2023:13:04:41 -0500] "GET /sipse/faces/javax.faces.resource/theme.css?ln=primefaces-sipse HTTP/1.1" 304 -
201.245.192.253 - - [09/Dec/2023:13:04:41 -0500] "GET /sipse/faces/javax.faces.resource/primefaces.css?ln=primefaces&v=4.0 HTTP/1.1" 304 -
201.245.192.253 - - [09/Dec/2023:13:04:41 -0500] "GET /sipse/faces/javax.faces.resource/layout/layout.css?ln=primefaces&v=4.0 HTTP/1.1" 304 -
201.245.192.253 - - [09/Dec/2023:13:04:41 -0500] "GET /sipse/faces/javax.faces.resource/jquery/jquery.js?ln=primefaces&v=4.0 HTTP/1.1" 304 -
201.245.192.253 - - [09/Dec/2023:13:04:41 -0500] "GET /sipse/faces/javax.faces.resource/jquery/jquery-plugins.js?ln=primefaces&v=4.0 HTTP/1.1" 304 -
201.245.192.253 - - [09/Dec/2023:13:04:41 -0500] "GET /sipse/faces/javax.faces.resource/primefaces.js?ln=primefaces&v=4.0 HTTP/1.1" 304 -
201.245.192.253 - - [09/Dec/2023:13:04:41 -0500] "GET /sipse/faces/javax.faces.resource/layout/layout.js?ln=primefaces&v=4.0 HTTP/1.1" 304 -
201.245.192.253 - - [09/Dec/2023:13:05:09 -0500] "POST /sipse/faces/presentacion/financiero/solicitudProceso/crearModificarSolicitudProceso.xhtml HTTP/1.1" 200 27314
172.22.2.4 - - [09/Dec/2023:13:03:55 -0500] "HEAD /BLA/boletinlegal/ HTTP/1.1" 200 -
201.245.192.253 - - [09/Dec/2023:13:05:42 -0500] "POST /sipse/faces/presentacion/financiero/solicitudProceso/crearModificarSolicitudProceso.xhtml HTTP/1.1" 200 9370
201.245.192.253 - - [09/Dec/2023:13:05:44 -0500] "POST /sipse/faces/presentacion/financiero/solicitudProceso/crearModificarSolicitudProceso.xhtml HTTP/1.1" 200 9426
201.245.192.253 - - [09/Dec/2023:13:05:48 -0500] "POST /kwsrmcab/Wsrmcab  HTTP/1.1" 200 41806
201.245.192.253 - - [09/Dec/2023:13:06:07 -0500] "POST /sipse/faces/presentacion/financiero/solicitudProceso/crearModificarSolicitudProceso.xhtml HTTP/1.1" 200 24662
201.245.192.253 - - [09/Dec/2023:13:06:08 -0500] "GET /sipse/faces/javax.faces.resource/theme.css?ln=primefaces-sipse HTTP/1.1" 304 -
201.245.192.253 - - [09/Dec/2023:13:06:08 -0500] "GET /sipse/faces/javax.faces.resource/layout/layout.css?ln=primefaces&v=4.0 HTTP/1.1" 304 -
201.245.192.253 - - [09/Dec/2023:13:06:08 -0500] "GET /sipse/faces/javax.faces.resource/jquery/jquery.js?ln=primefaces&v=4.0 HTTP/1.1" 304 -
201.245.192.253 - - [09/Dec/2023:13:06:08 -0500] "GET /sipse/faces/javax.faces.resource/primefaces.css?ln=primefaces&v=4.0 HTTP/1.1" 304 -
201.245.192.253 - - [09/Dec/2023:13:06:08 -0500] "GET /sipse/faces/javax.faces.resource/jquery/jquery-plugins.js?ln=primefaces&v=4.0 HTTP/1.1" 304 -
201.245.192.253 - - [09/Dec/2023:13:06:08 -0500] "GET /sipse/faces/javax.faces.resource/primefaces.js?ln=primefaces&v=4.0 HTTP/1.1" 304 -
201.245.192.253 - - [09/Dec/2023:13:06:08 -0500] "GET /sipse/faces/javax.faces.resource/layout/layout.js?ln=primefaces&v=4.0 HTTP/1.1" 304 -
201.245.192.253 - - [09/Dec/2023:13:06:12 -0500] "POST /sipse/faces/presentacion/financiero/solicitudProyectoActividad/asociarProyectoSolicitud.xhtml HTTP/1.1" 200 6705
201.245.192.253 - - [09/Dec/2023:13:06:13 -0500] "POST /sipse/faces/presentacion/financiero/solicitudProyectoActividad/asociarProyectoSolicitud.xhtml HTTP/1.1" 200 1704
201.245.192.253 - - [09/Dec/2023:13:06:15 -0500] "POST /sipse/faces/presentacion/financiero/solicitudProyectoActividad/asociarProyectoSolicitud.xhtml HTTP/1.1" 200 28730
201.245.192.253 - - [09/Dec/2023:13:06:15 -0500] "GET /sipse/faces/javax.faces.resource/theme.css?ln=primefaces-sipse HTTP/1.1" 304 -
201.245.192.253 - - [09/Dec/2023:13:06:15 -0500] "GET /sipse/faces/javax.faces.resource/primefaces.css?ln=primefaces&v=4.0 HTTP/1.1" 304 -
201.245.192.253 - - [09/Dec/2023:13:06:15 -0500] "GET /sipse/faces/javax.faces.resource/layout/layout.css?ln=primefaces&v=4.0 HTTP/1.1" 304 -
201.245.192.253 - - [09/Dec/2023:13:06:15 -0500] "GET /sipse/faces/javax.faces.resource/jquery/jquery.js?ln=primefaces&v=4.0 HTTP/1.1" 304 -
201.245.192.253 - - [09/Dec/2023:13:06:15 -0500] "GET /sipse/faces/javax.faces.resource/jquery/jquery-plugins.js?ln=primefaces&v=4.0 HTTP/1.1" 304 -
201.245.192.253 - - [09/Dec/2023:13:06:15 -0500] "GET /sipse/faces/javax.faces.resource/primefaces.js?ln=primefaces&v=4.0 HTTP/1.1" 304 -
201.245.192.253 - - [09/Dec/2023:13:06:15 -0500] "GET /sipse/faces/javax.faces.resource/layout/layout.js?ln=primefaces&v=4.0 HTTP/1.1" 304 -
172.22.2.4 - - [09/Dec/2023:13:04:46 -0500] "GET /BLA/boletinlegal/ HTTP/1.1" 200 58644
201.245.192.253 - - [09/Dec/2023:13:06:29 -0500] "GET /sipse/faces/javax.faces.resource/images/ui-icons_898989_256x240.png?ln=primefaces-aristo HTTP/1.1" 304 -
201.245.192.253 - - [09/Dec/2023:13:06:30 -0500] "POST /sipse/faces/presentacion/financiero/solicitudProyectoActividad/asociarActividadSolicitud.xhtml HTTP/1.1" 200 20072
201.245.192.253 - - [09/Dec/2023:13:06:30 -0500] "GET /sipse/faces/javax.faces.resource/primefaces.css?ln=primefaces&v=4.0 HTTP/1.1" 304 -
201.245.192.253 - - [09/Dec/2023:13:06:30 -0500] "GET /sipse/faces/javax.faces.resource/theme.css?ln=primefaces-sipse HTTP/1.1" 304 -
201.245.192.253 - - [09/Dec/2023:13:06:30 -0500] "GET /sipse/faces/javax.faces.resource/layout/layout.css?ln=primefaces&v=4.0 HTTP/1.1" 304 -
201.245.192.253 - - [09/Dec/2023:13:06:30 -0500] "GET /sipse/faces/javax.faces.resource/jquery/jquery.js?ln=primefaces&v=4.0 HTTP/1.1" 304 -
201.245.192.253 - - [09/Dec/2023:13:06:30 -0500] "GET /sipse/faces/javax.faces.resource/jquery/jquery-plugins.js?ln=primefaces&v=4.0 HTTP/1.1" 304 -
201.245.192.253 - - [09/Dec/2023:13:06:30 -0500] "GET /sipse/faces/javax.faces.resource/primefaces.js?ln=primefaces&v=4.0 HTTP/1.1" 304 -
201.245.192.253 - - [09/Dec/2023:13:06:30 -0500] "GET /sipse/faces/javax.faces.resource/layout/layout.js?ln=primefaces&v=4.0 HTTP/1.1" 304 -
66.249.66.19 - - [09/Dec/2023:13:06:30 -0500] "GET /portel_dama/libreria/pdf/ecosistemas/restauracion/sitio/22_proye/xtras_in/4.pdf HTTP/1.1" 404 1018
201.245.192.253 - - [09/Dec/2023:13:06:33 -0500] "POST /sipse/faces/presentacion/financiero/solicitudProyectoActividad/asociarFuentesSolicitud.xhtml HTTP/1.1" 200 66129
201.245.192.253 - - [09/Dec/2023:13:06:34 -0500] "GET /sipse/faces/javax.faces.resource/layout/layout.css?ln=primefaces&v=4.0 HTTP/1.1" 304 -
201.245.192.253 - - [09/Dec/2023:13:06:34 -0500] "GET /sipse/faces/javax.faces.resource/theme.css?ln=primefaces-sipse HTTP/1.1" 304 -
201.245.192.253 - - [09/Dec/2023:13:06:34 -0500] "GET /sipse/faces/javax.faces.resource/jquery/jquery.js?ln=primefaces&v=4.0 HTTP/1.1" 304 -
201.245.192.253 - - [09/Dec/2023:13:06:34 -0500] "GET /sipse/faces/javax.faces.resource/primefaces.css?ln=primefaces&v=4.0 HTTP/1.1" 304 -
201.245.192.253 - - [09/Dec/2023:13:06:34 -0500] "GET /sipse/faces/javax.faces.resource/primefaces.js?ln=primefaces&v=4.0 HTTP/1.1" 304 -
201.245.192.253 - - [09/Dec/2023:13:06:34 -0500] "GET /sipse/faces/javax.faces.resource/jquery/jquery-plugins.js?ln=primefaces&v=4.0 HTTP/1.1" 304 -
201.245.192.253 - - [09/Dec/2023:13:06:34 -0500] "GET /sipse/faces/javax.faces.resource/layout/layout.js?ln=primefaces&v=4.0 HTTP/1.1" 304 -
201.245.192.253 - - [09/Dec/2023:13:06:36 -0500] "POST /sipse/faces/presentacion/financiero/solicitudProceso/crearModificarSolicitudProceso.xhtml HTTP/1.1" 200 44712
201.245.192.253 - - [09/Dec/2023:13:06:55 -0500] "GET /sipse/faces/javax.faces.resource/theme.css?ln=primefaces-sipse HTTP/1.1" 304 -
201.245.192.253 - - [09/Dec/2023:13:06:55 -0500] "GET /sipse/faces/javax.faces.resource/primefaces.css?ln=primefaces&v=4.0 HTTP/1.1" 304 -
201.245.192.253 - - [09/Dec/2023:13:06:55 -0500] "GET /sipse/faces/javax.faces.resource/jquery/jquery-plugins.js?ln=primefaces&v=4.0 HTTP/1.1" 304 -
201.245.192.253 - - [09/Dec/2023:13:06:55 -0500] "GET /sipse/faces/javax.faces.resource/layout/layout.css?ln=primefaces&v=4.0 HTTP/1.1" 304 -
201.245.192.253 - - [09/Dec/2023:13:06:55 -0500] "GET /sipse/faces/javax.faces.resource/jquery/jquery.js?ln=primefaces&v=4.0 HTTP/1.1" 304 -
201.245.192.253 - - [09/Dec/2023:13:06:55 -0500] "GET /sipse/faces/javax.faces.resource/primefaces.js?ln=primefaces&v=4.0 HTTP/1.1" 304 -
201.245.192.253 - - [09/Dec/2023:13:06:55 -0500] "GET /sipse/faces/javax.faces.resource/layout/layout.js?ln=primefaces&v=4.0 HTTP/1.1" 304 -
201.245.192.253 - - [09/Dec/2023:13:06:59 -0500] "POST /sipse/faces/presentacion/financiero/contrato/consultarContratosSolicitudProceso.xhtml HTTP/1.1" 200 62133
201.245.192.253 - - [09/Dec/2023:13:07:04 -0500] "POST /sipse/faces/presentacion/financiero/contrato/consultarContratosSolicitudProceso.xhtml HTTP/1.1" 200 61594
201.245.192.253 - - [09/Dec/2023:13:07:05 -0500] "GET /sipse/faces/javax.faces.resource/theme.css?ln=primefaces-sipse HTTP/1.1" 304 -
201.245.192.253 - - [09/Dec/2023:13:07:05 -0500] "GET /sipse/faces/javax.faces.resource/layout/layout.css?ln=primefaces&v=4.0 HTTP/1.1" 304 -
201.245.192.253 - - [09/Dec/2023:13:07:05 -0500] "GET /sipse/faces/javax.faces.resource/primefaces.css?ln=primefaces&v=4.0 HTTP/1.1" 304 -
201.245.192.253 - - [09/Dec/2023:13:07:05 -0500] "GET /sipse/faces/javax.faces.resource/jquery/jquery.js?ln=primefaces&v=4.0 HTTP/1.1" 304 -
201.245.192.253 - - [09/Dec/2023:13:07:05 -0500] "GET /sipse/faces/javax.faces.resource/jquery/jquery-plugins.js?ln=primefaces&v=4.0 HTTP/1.1" 304 -
201.245.192.253 - - [09/Dec/2023:13:07:05 -0500] "GET /sipse/faces/javax.faces.resource/primefaces.js?ln=primefaces&v=4.0 HTTP/1.1" 304 -
201.245.192.253 - - [09/Dec/2023:13:07:05 -0500] "GET /sipse/faces/javax.faces.resource/layout/layout.js?ln=primefaces&v=4.0 HTTP/1.1" 304 -
201.245.192.253 - - [09/Dec/2023:13:07:08 -0500] "POST /sipse/faces/presentacion/financiero/solicitudProceso/crearModificarSolicitudProceso.xhtml HTTP/1.1" 200 64984
201.245.192.253 - - [09/Dec/2023:13:07:10 -0500] "GET /sipse/faces/javax.faces.resource/theme.css?ln=primefaces-sipse HTTP/1.1" 304 -
201.245.192.253 - - [09/Dec/2023:13:07:10 -0500] "GET /sipse/faces/javax.faces.resource/primefaces.css?ln=primefaces&v=4.0 HTTP/1.1" 304 -
201.245.192.253 - - [09/Dec/2023:13:07:10 -0500] "GET /sipse/faces/javax.faces.resource/layout/layout.css?ln=primefaces&v=4.0 HTTP/1.1" 304 -
201.245.192.253 - - [09/Dec/2023:13:07:10 -0500] "GET /sipse/faces/javax.faces.resource/jquery/jquery.js?ln=primefaces&v=4.0 HTTP/1.1" 304 -
201.245.192.253 - - [09/Dec/2023:13:07:10 -0500] "GET /sipse/faces/javax.faces.resource/jquery/jquery-plugins.js?ln=primefaces&v=4.0 HTTP/1.1" 304 -
201.245.192.253 - - [09/Dec/2023:13:07:10 -0500] "GET /sipse/faces/javax.faces.resource/primefaces.js?ln=primefaces&v=4.0 HTTP/1.1" 304 -
201.245.192.253 - - [09/Dec/2023:13:07:10 -0500] "GET /sipse/faces/javax.faces.resource/layout/layout.js?ln=primefaces&v=4.0 HTTP/1.1" 304 -
201.245.192.253 - - [09/Dec/2023:13:07:11 -0500] "POST /sipse/faces/presentacion/financiero/solicitudProceso/listarSolicitudProceso.xhtml HTTP/1.1" 200 1564
66.249.66.19 - - [09/Dec/2023:13:07:14 -0500] "GET /BLA/resoluciones/AUTOS%202012/0533.pdf HTTP/1.1" 200 697006
201.245.192.253 - - [09/Dec/2023:13:07:15 -0500] "POST /sipse/faces/presentacion/financiero/solicitudProceso/listarSolicitudProceso.xhtml HTTP/1.1" 200 32335
201.245.192.253 - - [09/Dec/2023:13:07:16 -0500] "POST /sipse/faces/presentacion/financiero/solicitudProceso/listarSolicitudProceso.xhtml HTTP/1.1" 200 11050
216.245.221.92 - - [09/Dec/2023:13:07:53 -0500] "HEAD / HTTP/1.1" 200 -
69.171.249.10 - - [09/Dec/2023:13:08:54 -0500] "GET /images/mujeres-reverdecen-humedales-2-febrero.jpg HTTP/1.1" 200 47327
172.22.2.4 - - [09/Dec/2023:13:08:54 -0500] "GET /BLA/boletinlegal/ HTTP/1.1" 200 20427
186.102.106.242 - - [09/Dec/2023:13:09:20 -0500] "GET /kwssiamovil/sm/ldap/au?x=U2FsdGVkX1/nKuP+XsdPL1AL8sMCkKVrUdOQMUX2liofK3wAekAFKcTXNow1pg46ugah5duyqguh5jJqsxCsGg==&y=U2FsdGVkX19f6w3wTJKw1N02979LjUBEo6gXL9A3Ie+yPeOI0kccFAOL8A8LLBNr HTTP/1.1" 200 30
186.102.106.242 - - [09/Dec/2023:13:09:20 -0500] "GET /kwssiamovil/sm/acme/s?s=U2FsdGVkX1/0pZqbZAoh+0nPCe5fBy1GdjvijEOBEqiuX8MiI0HvawdtM7BC5D12lOmuUlG8Nrmq0ibA9J3i5oenpeg9DPGfaWTMkYTBg5g=&u=U2FsdGVkX1+gMcLgncRZ6WadyvF3XTkMUF/lEq3Bjb67NoqhZi7ndbrhI80c+kif&y=U2FsdGVkX19f6w3wTJKw1N02979LjUBEo6gXL9A3Ie+yPeOI0kccFAOL8A8LLBNr HTTP/1.1" 200 97
186.102.106.242 - - [09/Dec/2023:13:09:20 -0500] "GET /kwssiamovil/sm/acme/s?s=U2FsdGVkX18Crd2Sz7qak4/gCNkhxA6a0v7mOrROcb1JFZ+PnQmTzjcxOW80o37bw1Zm6A14fGlkLVKr9OfOh0lvsZBYBm7B7FoRiUvRXu1wdYPdKXHAnAulaYItsIidTQNXCFKvdZHtF0AhV064pS8PH85ZEA5304zZXXTrx8i1tGONWRMJ8ZaqWv7jm8DH8wO4ybUjuDVKcPW5wEIBdJ9ArQGAH9O68YLkM+YDlTSLGSwge3wOdPhyvOeduiutVjPNnPK6Jw3hWc++emFJ0Nxz0yQLHi/+fAYMtvh6UDLzn3tMkjBBftygpui6RUCAP5xIkys7XF6tQ8oAH8pl/nwJF/NjlyUSxHNjlJ9S+YDEGed0wU77sh7vNGJ1s+LrkkQyTiiaAv5eFW6h5mmhEvJWXFwONPQjyy9C1uXm7MA5eWdVaHbduuNOxjqZn4FDceqS9VDbRPfy4omPjia+V4imqP5SObxVDnXJJEkAPcVUwHpSJyUeFxH0qe6SbJzDEYZ4/rAph+B6GcetWq0W7vzHKKkU0yl0kkaVzlAIgHB/0zSlO1uMQ22d8pw0uwtqFpQKGkYEHXXpbt1wQPbYAJvGaf7MYh5u/m3Tbmfhe9leGS+jUsJejt6UD8GrEpUDkQFp2l/ai6SzrIUMLKBFvgG450bcmMXvFYqKJzksQ48aZx1csLSpQpaakGPsSQ46U7ybE/1YolVtxNk/2O3bmUr+X4SXKNLq4pCPEixVjBbT76QefDFaiYWEdw8WzkoXxAUh4IyOpovS0BqpZ+aE5xCY7ZREajfEG2a3q0Xrs/gNu4gP+IjITdhHWeYuc6D+qEb0OgGPGqmdPt8d5Tq6BFItBBmX0ip0SMThOxOVJA65DKj8she5K4TIR1Ak4Amc9kPkJFK4y0cYx4wCduuWDXG0ohvMslsf9SxK7HH2q5it/i91rgQ6//6TCbES2suOMhiVs1ULPQNhTScqFcDDUBxkSemj+lAdEALXcIFwdN+Gg5kydh8D6X/xu90GaWReHc5PwJc/UgdaKl5s1gfCud08+fHX63Hyv7Y+1rlNkX4qKuWDQPnO96tN24b6NnaW69rfhaB+RtuQn7qmSFhPHPRs3T8LWM+2P9YvBYSIRxeNeyU4VNV0fsZTgjrvrA58gzMTXKn8VoBnvY2mdnFq9HK/A5lse/kDcPY0BtirLafsKp/CavW6fgk9B1ZOWAWKLXqgNT1pn4dy/9cEe0Qx9GTPLhlWYAqI6CT8P9OxVJZ/aHsd3NokQjXgxKdRiQ0syrbpq+4UvwCESk2nRs05fPCS89RtREShumG8qAKAhnQfeZyfBbVaeCxHBev9JKNMcDVGuqL3zHWPvJisZA0sweGiWnSLmU6vKL0+IyyE69KwtqP8AMsSzczWJHLGCva8gCC6Fe4x1qwOSz4orm+ITXvZY0Kyrd9tpbyb0WiSTKwGQsJV4m0R3IG2UjJpUNDA+dqoPvDwRWIUn8vox6P9a9T1jgozSF+2bxNeY6ioen+LDKVtqnuZjH4+SZxkfl5TSSDOVGmL9FQgRECnPaGSdfWPnSnlMAJ+X1u9v07NI7EOGAkEtCo8TK95vzkXxS6IXir9ZwQ6z9b77zjWeNetkAW0iEXZqoD1KMB+w8ysPAj+OBrna90JZVZL9BnqIFMRF+kbT99a3XIj/klYI944saf7v8r9A98husnH4UtlGLmxQjkmDe97w1WzqG62xWpkUyV0qzREsY63NNuSaJXhh8jpp9lux8jseAq3T9w4QfQ3Pap7ESJfDyNwTNNE7mNs&u=U2FsdGVkX1+gMcLgncRZ6WadyvF3XTkMUF/lEq3Bjb67NoqhZi7ndbrhI80c+kif&y=U2FsdGVkX19f6w3wTJKw1N02979LjUBEo6gXL9A3Ie+yPeOI0kccFAOL8A8LLBNr HTTP/1.1" 200 2027
186.102.106.242 - - [09/Dec/2023:13:09:20 -0500] "GET /kwssiamovil/sm/acme/s?s=U2FsdGVkX18jq9uC0FD+Mv+TU05V4beedB1krfT4XTXQl9bY6btit13fYzmukgF4d1RGNNLjhclvih1W0z+mpo6Vq5XI7kHCqk1D6JZDBm+DHrdD5iUQsD2pFHfIxL/Ch+s8FNfvp7EycEz8OsLKS1Hnkf5kosXifmXR/T7jU9jw+/0EphEXanuBykiPp4nio94UsQ1qjbRmwdJm/de1YFPFyHp4hfW1uVLjJ/5yfQvGi9X6ab/DkAL3+CTtPD1aVG9GLuhZCNt+wan0x6/PzIlTLSPBJLBuxRNg93RPPDLdJ4/eSTuZo8bNnb2dz8Au8TGaVoStBpzLIEyY+6LeJc4xwPZ/w+pgzE2HvakM8zJTpD9U+D5N9O+J1Bdo40cBEeb3MqG4gbBS4gdplSasrb3bP8BZ1hjW6geToecBKZmwNSQqPgsZW6xmYWPKai5Z4BI6vLPhsxNvrCqbFE7Vlq20/XicxjzfXuF5xsO+CSU7rur1G8fbnb1UPRHInc2kSQVSFecmuPpa2ZnDQ7r+/yiLhhig1KcpXcToqT8bMomuDFNGIxHHi36iQCSJLHYKL3Go63aNlNCoLgPRIpR4jir4yf825cH85fLx8QD05E9WCOiQNJ1s9ZmYZQI2cpzfBdQjYAOTEYGbYCeOoJghhu8VNwS1Sb4acHAU8TiWl8cAZVyZAKsjiaW//4CqEwDlUSzNZhof0WXuyxiqnSTLFXYJgwBuE8crTRyy+01lBPBHaROLheW2HJDjEb4ZBCeM&u=U2FsdGVkX1+gMcLgncRZ6WadyvF3XTkMUF/lEq3Bjb67NoqhZi7ndbrhI80c+kif&y=U2FsdGVkX19f6w3wTJKw1N02979LjUBEo6gXL9A3Ie+yPeOI0kccFAOL8A8LLBNr HTTP/1.1" 200 208
186.102.106.242 - - [09/Dec/2023:13:09:21 -0500] "GET /kwssiamovil/sm/cjson/pre?f=1&x=U2FsdGVkX1/nKuP+XsdPL1AL8sMCkKVrUdOQMUX2liofK3wAekAFKcTXNow1pg46ugah5duyqguh5jJqsxCsGg== HTTP/1.1" 200 31032
172.22.2.4 - - [09/Dec/2023:13:09:27 -0500] "GET /BLA/boletinlegal/Circulares/2012/Circular%20No.%2015%20del%2022%20de%20octubre%20de%202012.pdf HTTP/1.1" 304 -
157.55.39.53 - - [09/Dec/2023:13:09:53 -0500] "GET /sipse/faces/autenticacion.xhtml HTTP/1.1" 200 12736
199.16.157.182 - - [09/Dec/2023:13:10:32 -0500] "GET /robots.txt HTTP/1.1" 404 1034
199.16.157.182 - - [09/Dec/2023:13:10:32 -0500] "GET /images/pl%C3%A1sticos%20foto%201..jpg HTTP/1.1" 404 1034
201.245.192.253 - - [09/Dec/2023:13:10:47 -0500] "POST /kwsrmcab/Wsrmcab  HTTP/1.1" 200 41806
172.22.2.4 - - [09/Dec/2023:13:09:45 -0500] "HEAD /BLA/boletinlegal/ HTTP/1.1" 200 -
172.22.2.4 - - [09/Dec/2023:13:10:36 -0500] "GET /BLA/boletinlegal/ HTTP/1.1" 200 58294
216.245.221.92 - - [09/Dec/2023:13:12:53 -0500] "HEAD / HTTP/1.1" 200 -
216.244.66.195 - - [09/Dec/2023:13:15:45 -0500] "GET /robots.txt HTTP/1.1" 404 1018
201.245.192.253 - - [09/Dec/2023:13:15:46 -0500] "POST /kwsrmcab/Wsrmcab  HTTP/1.1" 200 41806
172.22.2.4 - - [09/Dec/2023:13:16:04 -0500] "GET /BLA/boletinlegal/jurisprudencia/analisis/AnalisisT-606-15.docx HTTP/1.1" 200 26698
172.22.2.4 - - [09/Dec/2023:13:16:05 -0500] "GET /BLA/boletinlegal/apple-touch-icon-120x120-precomposed.png HTTP/1.1" 404 1140
172.22.2.4 - - [09/Dec/2023:13:16:05 -0500] "GET /BLA/boletinlegal/apple-touch-icon-120x120.png HTTP/1.1" 404 1140
172.22.2.4 - - [09/Dec/2023:13:16:05 -0500] "GET /BLA/boletinlegal/apple-touch-icon-precomposed.png HTTP/1.1" 404 1140
172.22.2.4 - - [09/Dec/2023:13:16:05 -0500] "GET /BLA/boletinlegal/apple-touch-icon.png HTTP/1.1" 404 1140
172.22.2.4 - - [09/Dec/2023:13:16:05 -0500] "GET /BLA/boletinlegal/favicon.ico HTTP/1.1" 404 1140
172.22.2.4 - - [09/Dec/2023:13:16:05 -0500] "GET /BLA/boletinlegal/apple-touch-icon-120x120-precomposed.png HTTP/1.1" 404 1140
172.22.2.4 - - [09/Dec/2023:13:16:05 -0500] "GET /BLA/boletinlegal/apple-touch-icon-120x120.png HTTP/1.1" 404 1140
172.22.2.4 - - [09/Dec/2023:13:16:05 -0500] "GET /BLA/boletinlegal/apple-touch-icon-precomposed.png HTTP/1.1" 404 1140
172.22.2.4 - - [09/Dec/2023:13:16:05 -0500] "GET /BLA/boletinlegal/apple-touch-icon.png HTTP/1.1" 404 1140
172.22.2.4 - - [09/Dec/2023:13:16:05 -0500] "GET /BLA/boletinlegal/favicon.ico HTTP/1.1" 404 1140
201.245.192.253 - - [09/Dec/2023:13:16:27 -0500] "POST /kwsrmcab/Wsrmcab HTTP/1.1" 200 38650
201.245.192.253 - - [09/Dec/2023:13:16:30 -0500] "POST /kwsrmcab/Wsrmcab HTTP/1.1" 200 38332
20.220.17.253 - - [09/Dec/2023:13:16:39 -0500] "GET /.env HTTP/1.1" 404 1035
20.220.17.253 - - [09/Dec/2023:13:16:39 -0500] "POST / HTTP/1.1" 200 319
172.22.2.4 - - [09/Dec/2023:13:15:35 -0500] "HEAD /BLA/boletinlegal/ HTTP/1.1" 200 -
216.245.221.92 - - [09/Dec/2023:13:17:53 -0500] "HEAD / HTTP/1.1" 200 -
172.22.2.4 - - [09/Dec/2023:13:16:26 -0500] "GET /BLA/boletinlegal/ HTTP/1.1" 200 59360
66.249.66.20 - - [09/Dec/2023:13:19:09 -0500] "GET /BLA/resoluciones/AUTOS%202007/3358.pdf HTTP/1.1" 200 116981
199.16.157.180 - - [09/Dec/2023:13:19:12 -0500] "GET /bogota-lista-para-ser-la-sede-de-la-ii-convencion-internacional-de-emergencia-climatica.html HTTP/1.1" 200 934
199.16.157.182 - - [09/Dec/2023:13:19:12 -0500] "GET /images/presentaci%C3%B3n%20convenci%C3%B3n.jpg HTTP/1.1" 404 1034
201.245.192.253 - - [09/Dec/2023:13:20:12 -0500] "POST /kwsrmcab/Wsrmcab HTTP/1.1" 200 38650
201.245.192.253 - - [09/Dec/2023:13:20:20 -0500] "POST /kwsrmcab/Wsrmcab HTTP/1.1" 200 38332
201.245.192.253 - - [09/Dec/2023:13:20:45 -0500] "POST /kwsrmcab/Wsrmcab  HTTP/1.1" 200 41806
190.67.195.84 - - [09/Dec/2023:13:21:14 -0500] "GET /BLA/resoluciones/ HTTP/1.1" 200 13696
190.67.195.84 - - [09/Dec/2023:13:21:15 -0500] "GET /favicon.ico HTTP/1.1" 200 7782
190.67.195.84 - - [09/Dec/2023:13:21:17 -0500] "GET /BLA/resoluciones/index.php?dir=AUTOS+2011%2F HTTP/1.1" 200 637403
190.67.195.84 - - [09/Dec/2023:13:21:23 -0500] "GET /BLA/resoluciones/AUTOS%202011/0189.pdf HTTP/1.1" 200 175355
40.77.167.54 - - [09/Dec/2023:13:22:51 -0500] "GET /BLA/resoluciones/AUTOS%202013/1622.pdf HTTP/1.1" 200 163147
216.245.221.92 - - [09/Dec/2023:13:22:54 -0500] "HEAD / HTTP/1.1" 200 -
172.22.2.4 - - [09/Dec/2023:13:21:25 -0500] "HEAD /BLA/boletinlegal/ HTTP/1.1" 200 -
152.203.164.217 - - [09/Dec/2023:13:23:41 -0500] "OPTIONS /kwssiamovil/sm/setfile/f? HTTP/1.1" 200 13
152.203.164.217 - - [09/Dec/2023:13:23:41 -0500] "POST /kwssiamovil/sm/setfile/f? HTTP/1.1" 200 381
52.167.144.16 - - [09/Dec/2023:13:23:43 -0500] "GET /dia-mundial-de-los-humedales-mas-de-60-aves-alzaron-vuelo-en-el-humedal-el-tunjo.html HTTP/1.1" 200 885
152.203.164.217 - - [09/Dec/2023:13:23:43 -0500] "OPTIONS /kwssiamovil/sm/setfile/f? HTTP/1.1" 200 13
152.203.164.217 - - [09/Dec/2023:13:23:43 -0500] "POST /kwssiamovil/sm/setfile/f? HTTP/1.1" 200 381
152.203.164.217 - - [09/Dec/2023:13:23:46 -0500] "OPTIONS /kwssiamovil/sm/setfile/f? HTTP/1.1" 200 13
152.203.164.217 - - [09/Dec/2023:13:23:46 -0500] "POST /kwssiamovil/sm/setfile/f? HTTP/1.1" 200 381
152.203.164.217 - - [09/Dec/2023:13:23:48 -0500] "OPTIONS /kwssiamovil/sm/setfile/f? HTTP/1.1" 200 13
152.203.164.217 - - [09/Dec/2023:13:23:48 -0500] "POST /kwssiamovil/sm/setfile/f? HTTP/1.1" 200 381
152.203.164.217 - - [09/Dec/2023:13:23:50 -0500] "OPTIONS /kwssiamovil/sm/setfile/f? HTTP/1.1" 200 13
152.203.164.217 - - [09/Dec/2023:13:23:51 -0500] "POST /kwssiamovil/sm/setfile/f? HTTP/1.1" 200 381
172.22.2.4 - - [09/Dec/2023:13:22:16 -0500] "GET /BLA/boletinlegal/ HTTP/1.1" 200 58294
152.203.164.217 - - [09/Dec/2023:13:24:07 -0500] "GET /kwssiamovil/sm/acme/a?s=U2FsdGVkX19r0p4CmyxTdsZvRMMKhViyDjOFbJG0plfjNeYfKkzNrNrr7ECsvccaVJIarONGqmCUOsojZp6ZP26mNjGJ9uGUwMDvHjS6f/h8vxiQQGdXLHBOS5wL+542IJkSpCXM3n363ATJzZ+hXm/DPm8EE16z3/msspGYQYappk4HjWRKfzvFHk7FUOgYfWYiUzybXMFbPLXKVHsU/ecC0yHSAaZWMXF9GFrDmHFecu/A7JSqhbHVz3zo5dVaCpsBuSkHHGzQegCVH1QGuA==&u=U2FsdGVkX1/o1tdQ62k4cl3V8ikOnqlgUfWQkoJnpTS+CUMdEocpZgqv5TBCn+P1&y=U2FsdGVkX19QoMCc9mqMx4tqVZsoamqdGAinN6nAqDAMfvsY1zCg094joNlH+B1b HTTP/1.1" 200 26
152.203.164.217 - - [09/Dec/2023:13:24:07 -0500] "GET /kwssiamovil/sm/acme/a?s=U2FsdGVkX1/EciDH1mrwuif5QO5hBLmuo6eD9Y/YcZPi5Ra2okDmED3GCOU4h6ROUS4fy0yRtGdyVxgvHwJC6kwnWTJltZCl84Ua1mcETk2uCMQEqfAm+ldF5sKYck9cbZcT2sD7Q4uv3+stGZtwGEm6lf6cBhGOVA2Bc6h8EBTOQnf0YKo9dyC7KXNJNG7VMDdktDuyo7Q+XADzCGO/Lj1/brom04YFdvJNFP5VFO37V4riNYpUVdTxy9i44l+AcMIb2BUep9Zd5iU+j8fGtACKyELFzEZGwv/aMQysjE1/Y6GQvibP3uE0t+ErJtmVJci1TPvqc/UyzDBa8tCv21dFYy6cO4CnEeJjQ4Zl07bUViF0+h2eem+IXMNQ4b5zh5gc05ZL8XwSl2AgQ8nN/Q6eq+UuEX0apH/YpLke35xE8JirNpg0FQe8GQ8saw7r4O/ner+Yk4N3rq6i5YyYvre6E+3fe+Ikm3RjiJQDBael9+7IDW8q6KBXGzUtV3pkxmXyq9mCGaVfe6R7hwJCfydXxxuELRbl8fwcXMROzs3F6SPRxi1ijrr1WGgkJlCi5n2xYjD298eDFTCrvmxkQsI+kRWOWzbO0OtBh2iCPxShbZaHPM+5SLCzU19Dnv/KQaktOvJsfFKYgO9zbTOctUHSp01xNscI/yUoz3B1ZvC56HXnGrTEJdj0RuF+Tv1v+ByylKVTC/PdYsiUv0cVPqr5Rv65h7a04zd5Rd5J1BI55Wx4HLe9LbDpOIt/sycCjHoJ/nGTNXW+cQ1/axdV5hl0Egr+fQkKU0UzByAXgLeQ/MyPCyxJyas7oq7zOj5WilpHvKktcsETNl7Viqu4vyGFEiJHmUpBx11jdhbi0+vM0IHRjORsR/XbcMo0N3sFztCTnUKoEQ7CWPDWME6/XrTNDkbDt36+R+eFXIrWJwqdhjp3otqhGv9HqYwL7NdcyDoBJVWDJtvxO27SMVKXlbeZJTXPfkk8vF4hkNuTT08mD6h5WEwQNKzRk7W4oOKNgH4SuLcJNooF1zFEzCQ/K4TMTFKVLoawp+88daDHuId82y0V0wnUfDULcRb0HPk9QSFZjRObuIGOdkQEKOrR/OFybrv0dMlWxJCgiyRNTCuAPhPHyxcI6tZp25zK6iOLpZHPvsL7g8rYe8pNC9MS5WJov+7OwinUHdk+9UhdAWBTxztU4PjpivDvB0AOKaY6&u=U2FsdGVkX1/o1tdQ62k4cl3V8ikOnqlgUfWQkoJnpTS+CUMdEocpZgqv5TBCn+P1&y=U2FsdGVkX19QoMCc9mqMx4tqVZsoamqdGAinN6nAqDAMfvsY1zCg094joNlH+B1b HTTP/1.1" 200 26
152.203.164.217 - - [09/Dec/2023:13:24:07 -0500] "GET /kwssiamovil/sm/acme/a?s=U2FsdGVkX1/6mVFGQISVfYayIxlEygKX/XhAKyTWQXzbDZ8lU2x/xiCLbtZhmG3BnJiscIb/H4n2n/pxu1XGPvwPF/j2Xc0kINU7EHtXd4IfH7a4XuHdtcuMwgB/Sw4lFFcjjeteYEtDAwSapuQMKQMG5YrzIO6+vBFlZoFICZ8=&u=U2FsdGVkX1/o1tdQ62k4cl3V8ikOnqlgUfWQkoJnpTS+CUMdEocpZgqv5TBCn+P1&y=U2FsdGVkX19QoMCc9mqMx4tqVZsoamqdGAinN6nAqDAMfvsY1zCg094joNlH+B1b HTTP/1.1" 200 26
152.203.164.217 - - [09/Dec/2023:13:24:08 -0500] "GET /kwssiamovil/sm/acme/a?s=U2FsdGVkX18z43awwbDpi5UA7TLk4XYCG7lk/RinckJnhMYSmGBfZLMpGcv51o7JRWf0DY4MZTxgH+YRbXZI4IetU04jkowu1JhueKxgPwwoYle4rSKCx+QBNqRIQJakbhrcRUEGmKpgxVFAWR8KTgLEXRcfNmaALR2CB+LJlL8=&u=U2FsdGVkX1/o1tdQ62k4cl3V8ikOnqlgUfWQkoJnpTS+CUMdEocpZgqv5TBCn+P1&y=U2FsdGVkX19QoMCc9mqMx4tqVZsoamqdGAinN6nAqDAMfvsY1zCg094joNlH+B1b HTTP/1.1" 200 26
152.203.164.217 - - [09/Dec/2023:13:24:08 -0500] "GET /kwssiamovil/sm/acme/a?s=U2FsdGVkX1++CiT/YjO+lcKOfPGDtqjPaJwwbiKh+DpVzMRNCRrmPOUPgRSp9iTHpImOpD87AztXJbdX/zx/NEwctMB8MIwsYpYfGuP97j1b8KPKGSC8GcoAQjD9GQQbepZpbmDPXY5xxHo//ydo4kT7TEuLbDIm7ZFns0tqe1E=&u=U2FsdGVkX1/o1tdQ62k4cl3V8ikOnqlgUfWQkoJnpTS+CUMdEocpZgqv5TBCn+P1&y=U2FsdGVkX19QoMCc9mqMx4tqVZsoamqdGAinN6nAqDAMfvsY1zCg094joNlH+B1b HTTP/1.1" 200 26
152.203.164.217 - - [09/Dec/2023:13:24:08 -0500] "GET /kwssiamovil/sm/acme/a?s=U2FsdGVkX197NrY3WQYzOWj/vtavTk9SLMNu++M0EzESShQM6ucy8MA/dXzBgjJ4fCIkTWSKbfIc875Tzv4/Q6RTAEPY9QJ9NMIIx0H+CDKbALyZd6GYX7dsSMgzLw1yEf4b7NmcJJQ0fE2/s3l0Kv8OkQ/UHOouzZG5BULDMQbRm3rl9elnz7j3DXfa2y6uM3iC5H+hAoVxNoyYI8BVPg==&u=U2FsdGVkX1/o1tdQ62k4cl3V8ikOnqlgUfWQkoJnpTS+CUMdEocpZgqv5TBCn+P1&y=U2FsdGVkX19QoMCc9mqMx4tqVZsoamqdGAinN6nAqDAMfvsY1zCg094joNlH+B1b HTTP/1.1" 200 26
152.203.164.217 - - [09/Dec/2023:13:24:08 -0500] "GET /kwssiamovil/sm/acme/a?s=U2FsdGVkX197EcQjn/Xv9x+UChj3U3kQ27Pkn5CwQuzjlv/D/Ce6ycj0d4QFj508PW0luUMfjrS0VK/6eA2xNck28lB0XOYJzEjzTB4jHh40Crf8X2zo2A6kXLNAABJMwRaTxaV/jQ+8hVOcMvGy/TE5ySHHAEHuw5NZ4KhSjbMPPUEY96nnpZB2HGcuaBX7veHr1rdYSM52wsGnkCtNoA==&u=U2FsdGVkX1/o1tdQ62k4cl3V8ikOnqlgUfWQkoJnpTS+CUMdEocpZgqv5TBCn+P1&y=U2FsdGVkX19QoMCc9mqMx4tqVZsoamqdGAinN6nAqDAMfvsY1zCg094joNlH+B1b HTTP/1.1" 200 26
152.203.164.217 - - [09/Dec/2023:13:24:08 -0500] "GET /kwssiamovil/sm/acme/a?s=U2FsdGVkX184XLMQ6VPnzDzBrJZ825e7SpiWk2V+KKaHPHqyf4wy9kqEGg0h8W0UGey3WaA7paMk69DSfur6G1/3goah4/neUPRJd0CspWEOw2E8dpLq/aJ7WQqqgKNnNGShwICsSIUr+F/MoiisOiHJ9QV3kfom6W+Hola+OBCdmfKU3U7gt8xj5D5aU+oU&u=U2FsdGVkX1/o1tdQ62k4cl3V8ikOnqlgUfWQkoJnpTS+CUMdEocpZgqv5TBCn+P1&y=U2FsdGVkX19QoMCc9mqMx4tqVZsoamqdGAinN6nAqDAMfvsY1zCg094joNlH+B1b HTTP/1.1" 200 26
