201.245.192.253 - - [10/Dec/2023:11:20:09 -0500] "POST /kwsrmcab/Wsrmcab HTTP/1.1" 200 37501
172.22.2.4 - - [10/Dec/2023:11:20:18 -0500] "GET /BLA/boletinlegal/actos.php HTTP/1.1" 200 9682
201.245.192.253 - - [10/Dec/2023:11:20:16 -0500] "POST /kwsrmcab/Wsrmcab HTTP/1.1" 200 38635
66.249.66.193 - - [10/Dec/2023:11:20:20 -0500] "GET /secretaria-de-ambiente-abre-convocatoria-para-el-proceso-de-formacion-mujeres-cuidadoras-de-humedales.html HTTP/1.1" 200 943
191.104.114.132 - - [10/Dec/2023:11:20:58 -0500] "GET /sipse/faces/javax.faces.resource/theme.css?ln=primefaces-sipse HTTP/1.1" 304 -
191.104.114.132 - - [10/Dec/2023:11:20:59 -0500] "GET /sipse/faces/faces/autenticacion.xhtml HTTP/1.1" 200 12415
191.104.114.132 - - [10/Dec/2023:11:21:00 -0500] "GET /sipse/css/custom_css_sg_prime_login.css HTTP/1.1" 304 -
191.104.114.132 - - [10/Dec/2023:11:21:00 -0500] "GET /sipse/css/custom_css_sg.css HTTP/1.1" 304 -
191.104.114.132 - - [10/Dec/2023:11:21:00 -0500] "GET /sipse/faces/javax.faces.resource/theme.css?ln=primefaces-sipse HTTP/1.1" 304 -
191.104.114.132 - - [10/Dec/2023:11:21:00 -0500] "GET /sipse/faces/javax.faces.resource/primefaces.css?ln=primefaces&v=4.0 HTTP/1.1" 304 -
191.104.114.132 - - [10/Dec/2023:11:21:00 -0500] "GET /sipse/faces/javax.faces.resource/primefaces.js?ln=primefaces&v=4.0 HTTP/1.1" 200 276924
191.104.114.132 - - [10/Dec/2023:11:21:03 -0500] "GET /sipse/js/disable_browser_buttons.js HTTP/1.1" 304 -
191.104.114.132 - - [10/Dec/2023:11:21:03 -0500] "GET /sipse/js/funciones.js HTTP/1.1" 304 -
191.104.114.132 - - [10/Dec/2023:11:21:03 -0500] "GET /sipse/faces/javax.faces.resource/layout/layout.css?ln=primefaces&v=4.0 HTTP/1.1" 304 -
191.104.114.132 - - [10/Dec/2023:11:21:03 -0500] "GET /sipse/faces/javax.faces.resource/jquery/jquery.js?ln=primefaces&v=4.0 HTTP/1.1" 304 -
191.104.114.132 - - [10/Dec/2023:11:21:03 -0500] "GET /sipse/faces/javax.faces.resource/jquery/jquery-plugins.js?ln=primefaces&v=4.0 HTTP/1.1" 304 -
191.104.114.132 - - [10/Dec/2023:11:21:03 -0500] "GET /sipse/faces/javax.faces.resource/layout/layout.js?ln=primefaces&v=4.0 HTTP/1.1" 304 -
191.104.114.132 - - [10/Dec/2023:11:21:03 -0500] "GET /sipse/css/imagen/loginimg.png HTTP/1.1" 304 -
191.104.114.132 - - [10/Dec/2023:11:21:03 -0500] "GET /sipse/css/imagen/logoSDG.png HTTP/1.1" 304 -
191.104.114.132 - - [10/Dec/2023:11:21:03 -0500] "GET /sipse/faces/javax.faces.resource/images/ui-icons_898989_256x240.png?ln=primefaces-aristo HTTP/1.1" 304 -
52.149.22.90 - - [10/Dec/2023:11:21:03 -0500] "GET /Publicaciones/2023EE271740.pdf HTTP/1.1" 404 228
172.22.2.4 - - [10/Dec/2023:11:19:48 -0500] "HEAD /BLA/boletinlegal/ HTTP/1.1" 200 -
216.244.66.195 - - [10/Dec/2023:11:21:33 -0500] "GET /robots.txt HTTP/1.1" 404 1018
157.55.39.6 - - [10/Dec/2023:11:22:02 -0500] "GET /BLA/resoluciones/AUTOS%202023/4759.pdf HTTP/1.1" 200 589790
172.22.2.4 - - [10/Dec/2023:11:20:39 -0500] "GET /BLA/boletinlegal/ HTTP/1.1" 200 58644
201.245.192.253 - - [10/Dec/2023:11:22:38 -0500] "POST /kwsrmcab/Wsrmcab  HTTP/1.1" 200 41806
216.245.221.92 - - [10/Dec/2023:11:22:50 -0500] "HEAD / HTTP/1.1" 200 -
176.113.115.254 - - [10/Dec/2023:11:23:01 -0500] "GET /BLA/boletinlegal/admin/index.php HTTP/1.1" 200 2324
18.130.84.78 - - [10/Dec/2023:11:23:20 -0500] "GET / HTTP/1.1" 200 319
181.61.157.160 - - [10/Dec/2023:11:25:45 -0500] "GET /sipse/faces/faces/ HTTP/1.1" 302 -
181.61.157.160 - - [10/Dec/2023:11:25:45 -0500] "GET /sipse/faces/autenticacion.xhtml HTTP/1.1" 200 12415
181.61.157.160 - - [10/Dec/2023:11:25:45 -0500] "GET /sipse/js/disable_browser_buttons.js HTTP/1.1" 304 -
181.61.157.160 - - [10/Dec/2023:11:25:45 -0500] "GET /sipse/css/custom_css_sg.css HTTP/1.1" 304 -
181.61.157.160 - - [10/Dec/2023:11:25:45 -0500] "GET /sipse/faces/javax.faces.resource/primefaces.css?ln=primefaces&v=4.0 HTTP/1.1" 304 -
181.61.157.160 - - [10/Dec/2023:11:25:45 -0500] "GET /sipse/faces/javax.faces.resource/theme.css?ln=primefaces-sipse HTTP/1.1" 304 -
181.61.157.160 - - [10/Dec/2023:11:25:45 -0500] "GET /sipse/css/custom_css_sg_prime_login.css HTTP/1.1" 304 -
181.61.157.160 - - [10/Dec/2023:11:25:45 -0500] "GET /sipse/js/funciones.js HTTP/1.1" 304 -
181.61.157.160 - - [10/Dec/2023:11:25:45 -0500] "GET /sipse/faces/javax.faces.resource/layout/layout.css?ln=primefaces&v=4.0 HTTP/1.1" 304 -
181.61.157.160 - - [10/Dec/2023:11:25:45 -0500] "GET /sipse/faces/javax.faces.resource/jquery/jquery-plugins.js?ln=primefaces&v=4.0 HTTP/1.1" 304 -
181.61.157.160 - - [10/Dec/2023:11:25:45 -0500] "GET /sipse/faces/javax.faces.resource/jquery/jquery.js?ln=primefaces&v=4.0 HTTP/1.1" 304 -
181.61.157.160 - - [10/Dec/2023:11:25:45 -0500] "GET /sipse/faces/javax.faces.resource/primefaces.js?ln=primefaces&v=4.0 HTTP/1.1" 304 -
181.61.157.160 - - [10/Dec/2023:11:25:45 -0500] "GET /sipse/faces/javax.faces.resource/layout/layout.js?ln=primefaces&v=4.0 HTTP/1.1" 304 -
181.61.157.160 - - [10/Dec/2023:11:25:46 -0500] "GET /sipse/css/imagen/logoSDG.png HTTP/1.1" 304 -
181.61.157.160 - - [10/Dec/2023:11:25:46 -0500] "GET /sipse/css/imagen/loginimg.png HTTP/1.1" 304 -
181.61.157.160 - - [10/Dec/2023:11:25:46 -0500] "GET /sipse/faces/javax.faces.resource/images/ui-icons_898989_256x240.png?ln=primefaces-aristo HTTP/1.1" 304 -
181.61.157.160 - - [10/Dec/2023:11:25:46 -0500] "GET /sipse/faces/index.xhtml HTTP/1.1" 200 677
181.61.157.160 - - [10/Dec/2023:11:25:46 -0500] "GET /sipse/faces/javax.faces.resource/theme.css?ln=primefaces-sipse HTTP/1.1" 304 -
181.61.157.160 - - [10/Dec/2023:11:25:46 -0500] "GET /sipse/faces/faces/autenticacion.xhtml HTTP/1.1" 200 12415
181.61.157.160 - - [10/Dec/2023:11:25:46 -0500] "GET /sipse/faces/javax.faces.resource/primefaces.css?ln=primefaces&v=4.0 HTTP/1.1" 304 -
181.61.157.160 - - [10/Dec/2023:11:25:46 -0500] "GET /sipse/faces/javax.faces.resource/theme.css?ln=primefaces-sipse HTTP/1.1" 304 -
181.61.157.160 - - [10/Dec/2023:11:25:46 -0500] "GET /sipse/faces/javax.faces.resource/layout/layout.css?ln=primefaces&v=4.0 HTTP/1.1" 304 -
181.61.157.160 - - [10/Dec/2023:11:25:46 -0500] "GET /sipse/faces/javax.faces.resource/jquery/jquery.js?ln=primefaces&v=4.0 HTTP/1.1" 304 -
181.61.157.160 - - [10/Dec/2023:11:25:46 -0500] "GET /sipse/faces/javax.faces.resource/primefaces.js?ln=primefaces&v=4.0 HTTP/1.1" 304 -
181.61.157.160 - - [10/Dec/2023:11:25:46 -0500] "GET /sipse/faces/javax.faces.resource/jquery/jquery-plugins.js?ln=primefaces&v=4.0 HTTP/1.1" 304 -
181.61.157.160 - - [10/Dec/2023:11:25:46 -0500] "GET /sipse/faces/javax.faces.resource/layout/layout.js?ln=primefaces&v=4.0 HTTP/1.1" 304 -
201.245.192.253 - - [10/Dec/2023:11:26:22 -0500] "POST /kwsrmcab/Wsrmcab HTTP/1.1" 200 37501
201.245.192.253 - - [10/Dec/2023:11:26:25 -0500] "POST /kwsrmcab/Wsrmcab HTTP/1.1" 200 38635
172.22.2.4 - - [10/Dec/2023:11:25:38 -0500] "HEAD /BLA/boletinlegal/ HTTP/1.1" 200 -
201.245.192.253 - - [10/Dec/2023:11:27:36 -0500] "POST /kwsrmcab/Wsrmcab  HTTP/1.1" 200 41806
216.245.221.92 - - [10/Dec/2023:11:27:50 -0500] "HEAD / HTTP/1.1" 200 -
176.113.115.254 - - [10/Dec/2023:11:27:59 -0500] "GET /BLA/boletinlegal/admin/index.php HTTP/1.1" 200 2324
172.22.2.4 - - [10/Dec/2023:11:26:29 -0500] "GET /BLA/boletinlegal/ HTTP/1.1" 200 60634
172.22.2.4 - - [10/Dec/2023:11:29:37 -0500] "GET /BLA/boletinlegal/favicon.ico HTTP/1.1" 404 1018
172.22.2.4 - - [10/Dec/2023:11:29:19 -0500] "GET /BLA/boletinlegal/ HTTP/1.1" 200 20427
207.46.13.7 - - [10/Dec/2023:11:29:59 -0500] "GET /BLA/resoluciones/AUTOS%202013/2262.pdf HTTP/1.1" 200 462496
172.22.2.4 - - [10/Dec/2023:11:29:22 -0500] "GET /BLA/boletinlegal/ HTTP/1.1" 200 32715
201.245.192.253 - - [10/Dec/2023:11:30:09 -0500] "POST /kwsrmcab/Wsrmcab HTTP/1.1" 200 37501
20.240.18.32 - - [10/Dec/2023:11:30:18 -0500] "GET /Publicaciones/2023EE276397.pdf HTTP/1.1" 404 228
201.245.192.253 - - [10/Dec/2023:11:30:16 -0500] "POST /kwsrmcab/Wsrmcab HTTP/1.1" 200 38635
18.219.7.82 - - [10/Dec/2023:11:32:13 -0500] "GET / HTTP/1.1" 200 319
201.245.192.253 - - [10/Dec/2023:11:32:35 -0500] "POST /kwsrmcab/Wsrmcab  HTTP/1.1" 200 41806
216.245.221.92 - - [10/Dec/2023:11:32:50 -0500] "HEAD / HTTP/1.1" 200 -
172.22.2.4 - - [10/Dec/2023:11:31:28 -0500] "HEAD /BLA/boletinlegal/ HTTP/1.1" 200 -
172.22.2.4 - - [10/Dec/2023:11:32:19 -0500] "GET /BLA/boletinlegal/ HTTP/1.1" 200 58644
186.102.32.208 - - [10/Dec/2023:11:35:37 -0500] "GET /kwssiamovil/sm/ldap/au?x=U2FsdGVkX18MszBAuLIiFvuoCKjTRpX2YMgvM6vbXT4HgGcfIGxBsiuSita595V/&y=U2FsdGVkX19ekBP1fED/AG8pCbhYc8/iESJxS/T+J8cTJq+NZwn28x6L5w+HC4I+ HTTP/1.1" 200 30
186.102.32.208 - - [10/Dec/2023:11:35:37 -0500] "GET /kwssiamovil/sm/acme/s?s=U2FsdGVkX18fob8AXoxDXOiwQ/zX8Dg7zIlwCfAXZAr94l73mt16gvcl5Ex8ye81uufU1CQ4QO7/MV8SXVrvYTomBBFo0o40gwNcWW3qV2M=&u=U2FsdGVkX18fzvFjbMSQkXUziiST8E/cJI7F4IkovWk=&y=U2FsdGVkX19ekBP1fED/AG8pCbhYc8/iESJxS/T+J8cTJq+NZwn28x6L5w+HC4I+ HTTP/1.1" 200 97
186.102.32.208 - - [10/Dec/2023:11:35:37 -0500] "GET /kwssiamovil/sm/acme/s?s=U2FsdGVkX1/IBmE/xVZo3Q1o7Spo4D1TK6Fvpj2i9+uf7xEaJsVNTJGZfHVh/03RwY5WyRT0TvqwH7AzpXYCpPBPB4S5cYGWXT+8MXnZ1S/R3CndTDLC6fVbh6dmjwqtbGsTpqriZoB13FiKxuJbOsnQzLZL4xpJ6ClxX+w6CmnHt4gHohbKyKmXn6MsRfnCb+olF/ySYzwABZnTttXD08g9/1RoXo3Y5PfNWO0po9yOM+5CueO1bFVPKzbeOLamM8X7DYO+SAcMpfzwxTxK5Wzo/49eWwbReZI2lz1quVPYxCN7ZevhJvuIDEBuRkOo2hOUUxB/TG5/pbs+L83PZ4L5YoKwiajjNyJZg1wb1tXkTnD16ScCi1NTo9tyzHuGhrSyYmNL6N3c+y0KAADOGIWFDny/hl06u3kOlnE9jTwn+R59FvLe890D7Yk+F8PRbxM/fQSckne+L4nL9Kslua7eD1LdH1/bugI6UZ9yowdMu2jzQq5OZrHBN/0EDr2RRfK8hDgCYXXY3kXMGsJv5aJMBGsDd9Zevn6IkxLRbCqfBnE/4cnRZGMxk+vyw/Rq1bVuWEREMPraVeL+p5pg7W6KURmYCd6UUQqeODz60w8OH6VBkoxHMTrwCBpvN8X4s4avcyvkrTeTuWsMt+rPLQMVrY9dxYcX9zbSEu5cBh1+gc3o/Y1Z2bElEKqIyd+SQpfAuotYph9HUoWjS17W1ax4db5SzorPhlOmre8oXP1GHUln/IH1w2GjaYH8kInLjFs/2DQC3kNqo1aqOML59SNnxZaw+PqGVeXa8+w4RRyvxa47nYQdQOBKO7EVfUfg7fXwLMhGqUU7uiJ2uFq8/4B9EOX/+th/YY+3lvICxAFxB/Q/5MCw+jSpV4PzSF0qufq2cnXDsofQIQKQqRYEfJSS5LTIm7qJ1orMEYhUDR2roYSk0ZfxLnpTTHQCWOJSxriZgUdVp/Gqvx7ZKSEXrHNMRbiN4MC5qUNzUBe4Khpu6dlJh7ec4UB6+pCyKgwwyhC/8tH/XFbHsUziq1aueszWKKNSuNHs+SSvhkBUDrjnaX+3qLQ5ZT2ehUGNWpoUtYHxGU5fFUC9TpnAt7Sw8TJGwXRsYxkp15HAHn+Y1i1ekHp3LZ648Fmp0UQBKi39LcZ7f+KV8/L4HFOMSqUpUFfvTZ/RE3cQfC/RamVvRjZ4w6rVdid7iz0zxpG1fdtXyxKjANRLB7ZQeYlfsqX5a52FMErtZNfFKvYUOoMDQr3uW5dCcw4L1mhe16ZztRsuBZfVat0jAmj+9jIvfqsIPwcbH+k1gMsXp72U9gLJf42GVPo2j3HbxjiANUQIVRRn8L5uxVENkUuW/lU+OzeVUWzstl3GSTJQmcmDojYfVhjsHl2AxYO1eRW7u0CN2Uw1beZbrRDYhHtInuEKabsaBa5gWOtMn1Y8b7da0huhRwwBxPxTfriUJOZ2hrKdqBIpPjhTyfApzmIKmokjoW7QSsYQYVuQMt/Q9M11w3NhuHl4pMAMGGelS9PUijA0/N9em/4zUJYiKCmCrSjnP8xA0EesDej7uK6mibrjDuqmUfbnmnbCiqV9h7JAdt1gb9gCUD6X0iJDaCc/XHSqV8VIKgvJkG/OOQyz7JCuCEtork8xx3vj0xgmF1m+rFfi1S3Zy/6NKqm+bv+coZORqPJUPHyoLDG9ynhuX2dkDkrjXtuCsBYNgwZNJWOCSzGQM89SQJOI9rjb+KXEfl+YeSvFYmVNcdV9fIDYjGS9tJNSfXU=&u=U2FsdGVkX18fzvFjbMSQkXUziiST8E/cJI7F4IkovWk=&y=U2FsdGVkX19ekBP1fED/AG8pCbhYc8/iESJxS/T+J8cTJq+NZwn28x6L5w+HC4I+ HTTP/1.1" 200 31986
186.102.32.208 - - [10/Dec/2023:11:35:37 -0500] "GET /kwssiamovil/sm/acme/s?s=U2FsdGVkX1+5xZ5qs5e/BY/rJyiSOWS/lcfUqLjOEh5duzOTLBw9lPcPHInx/+ok9NmwycT2uO30+RdurhijRakdECuno4aTQzcp7gMBYdvnIadLRReE62UTaq3VxqXsUaCPXmizXK4P3pOPchd4BlOCh8yV8cNRi42hNxpf1395uuVcV2trnWT6N1F2OBpHP7NenJMLEAff9PcQJ+rVVuxB2Bhf0sXQwGE/cB7ZqJdqoonWl8gTRLVUhACgjl7m7GCbxDaSNGLWlS5Sz5yIVr+GKQsUZihdNNAf2HL3oUGwRXfIQwIHNDfry3Q13+gZ/CtaeK1V4msbx7J7mxoW+kqb98RrsI/1WxvVPmBNoIpFn907aoOKrAJHvtN5d4fHJH8LtjDB/+PjlMX1MV6Tbdetk3QsF2Itk0DhivtSzJbN5voRdGLqHNrg/ZcluFBfBIsbLVYmocuX1V10KgtSVfA2quM3jncJ6oWk0Q7RcTxk6YH6boED+yFBr24qJv/r2d/3Bn0kArXYm1x6Dj45PmSshy+hRWCFjqq4uniBlw7e5y2yShD5XQ+lquEhj4zbhn41MITcDFtsbGZRQqNjC0VnMB7Ip2gn/EJOhpFfAbST8/Ilakqe4GlWU0xwp66urGwxC75VDdNpTOK+XiCDG7bBp1kaXm0YPjggSL4bePToz0h/qtsCmEP/Ig8WvbNjBydKTz8t5/Zia3HxF6lPxhUBynLdG1IxRsC35YHidBeTOcMwRITIYwkR4cW7OY6l&u=U2FsdGVkX18fzvFjbMSQkXUziiST8E/cJI7F4IkovWk=&y=U2FsdGVkX19ekBP1fED/AG8pCbhYc8/iESJxS/T+J8cTJq+NZwn28x6L5w+HC4I+ HTTP/1.1" 200 208
186.102.32.208 - - [10/Dec/2023:11:35:38 -0500] "GET /kwssiamovil/sm/cjson/pre?f=1&x=U2FsdGVkX18MszBAuLIiFvuoCKjTRpX2YMgvM6vbXT4HgGcfIGxBsiuSita595V/ HTTP/1.1" 200 31032
201.245.192.253 - - [10/Dec/2023:11:36:22 -0500] "POST /kwsrmcab/Wsrmcab HTTP/1.1" 200 37501
201.245.192.253 - - [10/Dec/2023:11:36:25 -0500] "POST /kwsrmcab/Wsrmcab HTTP/1.1" 200 38635
181.61.157.160 - - [10/Dec/2023:11:37:01 -0500] "POST /sipse/faces/autenticacion.xhtml HTTP/1.1" 200 16287
181.61.157.160 - - [10/Dec/2023:11:37:02 -0500] "GET /sipse/faces/javax.faces.resource/theme.css?ln=primefaces-sipse HTTP/1.1" 304 -
181.61.157.160 - - [10/Dec/2023:11:37:02 -0500] "GET /sipse/faces/javax.faces.resource/primefaces.css?ln=primefaces&v=4.0 HTTP/1.1" 304 -
181.61.157.160 - - [10/Dec/2023:11:37:02 -0500] "GET /sipse/faces/javax.faces.resource/layout/layout.css?ln=primefaces&v=4.0 HTTP/1.1" 304 -
181.61.157.160 - - [10/Dec/2023:11:37:02 -0500] "GET /sipse/css/custom_css_sg_prime.css HTTP/1.1" 304 -
181.61.157.160 - - [10/Dec/2023:11:37:02 -0500] "GET /sipse/js/jquery.min.js HTTP/1.1" 304 -
181.61.157.160 - - [10/Dec/2023:11:37:02 -0500] "GET /sipse/faces/javax.faces.resource/jquery/jquery.js?ln=primefaces&v=4.0 HTTP/1.1" 304 -
181.61.157.160 - - [10/Dec/2023:11:37:02 -0500] "GET /sipse/faces/javax.faces.resource/jquery/jquery-plugins.js?ln=primefaces&v=4.0 HTTP/1.1" 304 -
181.61.157.160 - - [10/Dec/2023:11:37:02 -0500] "GET /sipse/faces/javax.faces.resource/primefaces.js?ln=primefaces&v=4.0 HTTP/1.1" 304 -
181.61.157.160 - - [10/Dec/2023:11:37:02 -0500] "GET /sipse/faces/javax.faces.resource/layout/layout.js?ln=primefaces&v=4.0 HTTP/1.1" 304 -
181.61.157.160 - - [10/Dec/2023:11:37:02 -0500] "GET /sipse/css/v_mergente.css HTTP/1.1" 304 -
181.61.157.160 - - [10/Dec/2023:11:37:02 -0500] "GET /sipse/imagenes/logoAplicacion.jpg HTTP/1.1" 304 -
181.61.157.160 - - [10/Dec/2023:11:37:02 -0500] "GET /sipse/imagenes/cargando.gif HTTP/1.1" 304 -
181.61.157.160 - - [10/Dec/2023:11:37:02 -0500] "GET /sipse/css/imagen/contrasena.png HTTP/1.1" 404 383
181.61.157.160 - - [10/Dec/2023:11:37:02 -0500] "GET /sipse/faces/javax.faces.resource/messages/messages.png?ln=primefaces&v=4.0 HTTP/1.1" 304 -
181.61.157.160 - - [10/Dec/2023:11:37:04 -0500] "GET /sipse/faces/javax.faces.resource/images/ui-bg_flat_0_2d5972_40x100.png?ln=primefaces-aristo HTTP/1.1" 304 -
181.61.157.160 - - [10/Dec/2023:11:37:04 -0500] "POST /sipse/faces/bienvenido.xhtml HTTP/1.1" 200 1471
181.61.157.160 - - [10/Dec/2023:11:37:05 -0500] "POST /sipse/faces/bienvenido.xhtml HTTP/1.1" 200 49706
181.61.157.160 - - [10/Dec/2023:11:37:05 -0500] "GET /sipse/faces/javax.faces.resource/primefaces.css?ln=primefaces&v=4.0 HTTP/1.1" 304 -
181.61.157.160 - - [10/Dec/2023:11:37:05 -0500] "GET /sipse/faces/javax.faces.resource/theme.css?ln=primefaces-sipse HTTP/1.1" 304 -
181.61.157.160 - - [10/Dec/2023:11:37:05 -0500] "GET /sipse/faces/javax.faces.resource/layout/layout.css?ln=primefaces&v=4.0 HTTP/1.1" 304 -
181.61.157.160 - - [10/Dec/2023:11:37:05 -0500] "GET /sipse/faces/javax.faces.resource/jquery/jquery.js?ln=primefaces&v=4.0 HTTP/1.1" 304 -
181.61.157.160 - - [10/Dec/2023:11:37:05 -0500] "GET /sipse/faces/javax.faces.resource/jquery/jquery-plugins.js?ln=primefaces&v=4.0 HTTP/1.1" 304 -
181.61.157.160 - - [10/Dec/2023:11:37:05 -0500] "GET /sipse/faces/javax.faces.resource/primefaces.js?ln=primefaces&v=4.0 HTTP/1.1" 304 -
181.61.157.160 - - [10/Dec/2023:11:37:05 -0500] "GET /sipse/faces/javax.faces.resource/layout/layout.js?ln=primefaces&v=4.0 HTTP/1.1" 304 -
181.61.157.160 - - [10/Dec/2023:11:37:06 -0500] "POST /sipse/faces/presentacion/financiero/solicitudProceso/listarSolicitudProceso.xhtml HTTP/1.1" 200 1496
216.244.66.195 - - [10/Dec/2023:11:37:09 -0500] "GET /BLA/resoluciones/index.php?dir=RESOLUCIONES+2003%2F HTTP/1.1" 200 34282
201.245.192.253 - - [10/Dec/2023:11:37:34 -0500] "POST /kwsrmcab/Wsrmcab  HTTP/1.1" 200 41806
216.245.221.92 - - [10/Dec/2023:11:37:50 -0500] "HEAD / HTTP/1.1" 200 -
103.162.10.234 - - [10/Dec/2023:11:37:58 -0500] "GET /galeria/galeria/fotos/2humedal-Burro2P.jpg HTTP/1.1" 200 8996
157.55.39.61 - - [10/Dec/2023:11:38:05 -0500] "GET /Publicaciones/2023EE273480.pdf HTTP/1.1" 404 228
181.61.157.160 - - [10/Dec/2023:11:38:20 -0500] "GET /sipse/faces/javax.faces.resource/images/ui-icons_898989_256x240.png?ln=primefaces-aristo HTTP/1.1" 304 -
181.61.157.160 - - [10/Dec/2023:11:38:21 -0500] "POST /sipse/faces/presentacion/financiero/solicitudProceso/listarSolicitudProceso.xhtml HTTP/1.1" 200 121647
181.61.157.160 - - [10/Dec/2023:11:38:22 -0500] "GET /sipse/faces/javax.faces.resource/theme.css?ln=primefaces-sipse HTTP/1.1" 304 -
181.61.157.160 - - [10/Dec/2023:11:38:22 -0500] "GET /sipse/faces/javax.faces.resource/primefaces.css?ln=primefaces&v=4.0 HTTP/1.1" 304 -
181.61.157.160 - - [10/Dec/2023:11:38:22 -0500] "GET /sipse/faces/javax.faces.resource/layout/layout.css?ln=primefaces&v=4.0 HTTP/1.1" 304 -
181.61.157.160 - - [10/Dec/2023:11:38:22 -0500] "GET /sipse/faces/javax.faces.resource/jquery/jquery.js?ln=primefaces&v=4.0 HTTP/1.1" 304 -
181.61.157.160 - - [10/Dec/2023:11:38:22 -0500] "GET /sipse/faces/javax.faces.resource/jquery/jquery-plugins.js?ln=primefaces&v=4.0 HTTP/1.1" 304 -
181.61.157.160 - - [10/Dec/2023:11:38:22 -0500] "GET /sipse/faces/javax.faces.resource/primefaces.js?ln=primefaces&v=4.0 HTTP/1.1" 304 -
181.61.157.160 - - [10/Dec/2023:11:38:22 -0500] "GET /sipse/faces/javax.faces.resource/layout/layout.js?ln=primefaces&v=4.0 HTTP/1.1" 304 -
181.61.157.160 - - [10/Dec/2023:11:38:22 -0500] "GET /sipse/faces/javax.faces.resource/dynamiccontent.properties?ln=primefaces&pfdrid=XjOR5%2F%2FfPAZAuY9TpWQeCiM0BhlXxYRBGKi%2FQcXXfeA%3D&pfdrid_c=false HTTP/1.1" 500 383
172.22.2.4 - - [10/Dec/2023:11:37:18 -0500] "HEAD /BLA/boletinlegal/ HTTP/1.1" 200 -
172.22.2.4 - - [10/Dec/2023:11:38:09 -0500] "GET /BLA/boletinlegal/ HTTP/1.1" 200 60634
181.61.157.160 - - [10/Dec/2023:11:39:56 -0500] "POST /sipse/faces/presentacion/financiero/solicitudProceso/consultarSolicitudProceso.xhtml HTTP/1.1" 200 493641
201.245.192.253 - - [10/Dec/2023:11:40:08 -0500] "POST /kwsrmcab/Wsrmcab HTTP/1.1" 200 37501
201.245.192.253 - - [10/Dec/2023:11:40:16 -0500] "POST /kwsrmcab/Wsrmcab HTTP/1.1" 200 38635
181.61.157.160 - - [10/Dec/2023:11:40:59 -0500] "POST /sipse/faces/presentacion/financiero/solicitudProceso/consultarSolicitudProceso.xhtml HTTP/1.1" 200 2141943
181.61.157.160 - - [10/Dec/2023:11:41:00 -0500] "POST /sipse/faces/presentacion/financiero/solicitudProceso/consultarSolicitudProceso.xhtml HTTP/1.1" 200 3189394
181.61.157.160 - - [10/Dec/2023:11:41:02 -0500] "POST /sipse/faces/presentacion/financiero/solicitudProceso/consultarSolicitudProceso.xhtml HTTP/1.1" 200 375849
181.61.157.160 - - [10/Dec/2023:11:41:07 -0500] "POST /sipse/faces/presentacion/financiero/solicitudProceso/consultarSolicitudProceso.xhtml HTTP/1.1" 200 515502
216.244.66.195 - - [10/Dec/2023:11:41:51 -0500] "GET /galeria/galeria/fotos/Pacto_Madera2G.jpg HTTP/1.1" 200 72853
201.245.192.253 - - [10/Dec/2023:11:42:32 -0500] "POST /kwsrmcab/Wsrmcab  HTTP/1.1" 200 41806
216.244.66.195 - - [10/Dec/2023:11:42:40 -0500] "GET /BLA/resoluciones/index.php?dir=RESOLUCIONES+1997%2F HTTP/1.1" 200 17831
216.245.221.92 - - [10/Dec/2023:11:42:50 -0500] "HEAD / HTTP/1.1" 200 -
173.252.127.5 - - [10/Dec/2023:11:43:50 -0500] "GET /images/Acuerdos%2001%20(1)%20(1).jpeg HTTP/1.1" 200 32884
172.22.2.4 - - [10/Dec/2023:11:43:08 -0500] "HEAD /BLA/boletinlegal/ HTTP/1.1" 200 -
216.244.66.195 - - [10/Dec/2023:11:44:55 -0500] "GET /BLA/resoluciones/index.php?dir=AUTOS+2003%2F HTTP/1.1" 200 1813
18.219.7.82 - - [10/Dec/2023:11:45:28 -0500] "GET / HTTP/1.1" 200 319
172.22.2.4 - - [10/Dec/2023:11:43:59 -0500] "GET /BLA/boletinlegal/ HTTP/1.1" 200 54693
216.244.66.195 - - [10/Dec/2023:11:45:52 -0500] "GET /BLA/resoluciones/AUTOS%202014/0833.pdf HTTP/1.1" 200 386066
216.244.66.195 - - [10/Dec/2023:11:46:31 -0500] "GET /BLA/resoluciones/AUTOS%202014/5692.pdf HTTP/1.1" 200 138430
216.244.66.195 - - [10/Dec/2023:11:47:01 -0500] "GET /BLA/resoluciones/AUTOS%202016/0430.pdf HTTP/1.1" 200 745003
201.245.192.253 - - [10/Dec/2023:11:47:30 -0500] "POST /kwsrmcab/Wsrmcab  HTTP/1.1" 200 41806
216.244.66.195 - - [10/Dec/2023:11:47:36 -0500] "GET /BLA/resoluciones/AUTOS%202016/0489.pdf HTTP/1.1" 200 524196
216.245.221.92 - - [10/Dec/2023:11:47:50 -0500] "HEAD / HTTP/1.1" 200 -
216.244.66.195 - - [10/Dec/2023:11:48:08 -0500] "GET /BLA/resoluciones/AUTOS%202016/0534.pdf HTTP/1.1" 200 481569
216.244.66.195 - - [10/Dec/2023:11:48:36 -0500] "GET /BLA/resoluciones/AUTOS%202016/0711.pdf HTTP/1.1" 200 472905
216.244.66.195 - - [10/Dec/2023:11:49:07 -0500] "GET /BLA/resoluciones/AUTOS%202016/0940.pdf HTTP/1.1" 200 502973
216.244.66.195 - - [10/Dec/2023:11:49:33 -0500] "GET /BLA/resoluciones/AUTOS%202016/1030.pdf HTTP/1.1" 200 437326
216.244.66.195 - - [10/Dec/2023:11:49:59 -0500] "GET /BLA/resoluciones/AUTOS%202016/1569.pdf HTTP/1.1" 200 380181
216.244.66.195 - - [10/Dec/2023:11:50:25 -0500] "GET /BLA/resoluciones/AUTOS%202016/1591.pdf HTTP/1.1" 200 479482
172.22.2.4 - - [10/Dec/2023:11:48:58 -0500] "HEAD /BLA/boletinlegal/ HTTP/1.1" 200 -
216.244.66.195 - - [10/Dec/2023:11:50:49 -0500] "GET /BLA/resoluciones/AUTOS%202016/1647.pdf HTTP/1.1" 200 375298
216.244.66.195 - - [10/Dec/2023:11:51:11 -0500] "GET /BLA/resoluciones/AUTOS%202016/1728.pdf HTTP/1.1" 200 467876
172.22.2.4 - - [10/Dec/2023:11:49:49 -0500] "GET /BLA/boletinlegal/ HTTP/1.1" 200 60224
216.244.66.195 - - [10/Dec/2023:11:51:31 -0500] "GET /BLA/resoluciones/AUTOS%202016/1827.pdf HTTP/1.1" 200 474024
216.244.66.195 - - [10/Dec/2023:11:51:51 -0500] "GET /BLA/resoluciones/AUTOS%202016/1897.pdf HTTP/1.1" 200 382191
216.244.66.195 - - [10/Dec/2023:11:52:13 -0500] "GET /BLA/resoluciones/AUTOS%202016/1934.pdf HTTP/1.1" 200 303719
207.46.13.126 - - [10/Dec/2023:11:52:27 -0500] "GET /Publicaciones/2023EE281824.pdf HTTP/1.1" 200 231431
201.245.192.253 - - [10/Dec/2023:11:52:27 -0500] "POST /kwsrmcab/Wsrmcab  HTTP/1.1" 200 41806
216.244.66.195 - - [10/Dec/2023:11:52:30 -0500] "GET /BLA/resoluciones/AUTOS%202016/2045.pdf HTTP/1.1" 200 568848
87.196.73.254 - - [10/Dec/2023:11:52:37 -0500] "GET /consulta-y-conoce-los-proyectos-de-resolucion-de-para-los-planes-de-manejo-ambiental-de-cinco-humedales-en-bogota.html HTTP/1.1" 200 971
216.244.66.195 - - [10/Dec/2023:11:52:48 -0500] "GET /BLA/resoluciones/AUTOS%202016/2183.pdf HTTP/1.1" 200 519895
216.245.221.92 - - [10/Dec/2023:11:52:50 -0500] "HEAD / HTTP/1.1" 200 -
199.16.157.180 - - [10/Dec/2023:11:53:00 -0500] "GET /images/cronica-mujer-biodiveridad-30-noviembre.jpg HTTP/1.1" 200 63270
216.244.66.195 - - [10/Dec/2023:11:53:03 -0500] "GET /BLA/resoluciones/AUTOS%202016/2371.pdf HTTP/1.1" 200 385957
216.244.66.195 - - [10/Dec/2023:11:53:18 -0500] "GET /BLA/resoluciones/AUTOS%202016/2795.pdf HTTP/1.1" 200 435084
216.244.66.195 - - [10/Dec/2023:11:53:31 -0500] "GET /BLA/resoluciones/AUTOS%202016/3124.pdf HTTP/1.1" 200 518992
216.244.66.195 - - [10/Dec/2023:11:53:44 -0500] "GET /BLA/resoluciones/AUTOS%202016/1073.pdf HTTP/1.1" 200 232258
216.244.66.195 - - [10/Dec/2023:11:53:55 -0500] "GET /BLA/resoluciones/AUTOS%202016/1077.pdf HTTP/1.1" 200 233278
216.244.66.195 - - [10/Dec/2023:11:54:06 -0500] "GET /BLA/resoluciones/AUTOS%202016/3077.pdf HTTP/1.1" 200 2025458
216.244.66.195 - - [10/Dec/2023:11:54:16 -0500] "GET /BLA/resoluciones/AUTOS%202017/3183.pdf HTTP/1.1" 200 274204
216.244.66.195 - - [10/Dec/2023:11:54:24 -0500] "GET /BLA/resoluciones/RESOLUCIONES%202007/3641.pdf HTTP/1.1" 200 152084
216.244.66.195 - - [10/Dec/2023:11:54:32 -0500] "GET /BLA/resoluciones/RESOLUCIONES%202018/1388.pdf HTTP/1.1" 200 567521
216.244.66.195 - - [10/Dec/2023:11:55:08 -0500] "GET /BLA/resoluciones/AUTOS%202007/1950.pdf HTTP/1.1" 200 109374
216.244.66.195 - - [10/Dec/2023:11:55:38 -0500] "GET /BLA/resoluciones/AUTOS%202010/0195.pdf HTTP/1.1" 200 260543
216.244.66.195 - - [10/Dec/2023:11:56:07 -0500] "GET /BLA/resoluciones/AUTOS%202010/0811.pdf HTTP/1.1" 200 179093
172.22.2.4 - - [10/Dec/2023:11:54:48 -0500] "HEAD /BLA/boletinlegal/ HTTP/1.1" 200 -
216.244.66.195 - - [10/Dec/2023:11:56:35 -0500] "GET /BLA/resoluciones/AUTOS%202010/0812.pdf HTTP/1.1" 200 177307
216.244.66.195 - - [10/Dec/2023:11:57:02 -0500] "GET /BLA/resoluciones/AUTOS%202010/1113.pdf HTTP/1.1" 200 174493
172.22.2.4 - - [10/Dec/2023:11:55:39 -0500] "GET /BLA/boletinlegal/ HTTP/1.1" 200 58294
201.245.192.253 - - [10/Dec/2023:11:57:27 -0500] "POST /kwsrmcab/Wsrmcab  HTTP/1.1" 200 41806
216.244.66.195 - - [10/Dec/2023:11:57:30 -0500] "GET /BLA/resoluciones/AUTOS%202010/1622.pdf HTTP/1.1" 200 191632
66.249.66.193 - - [10/Dec/2023:11:57:39 -0500] "GET /moda-circular-manos-reparadoras-la-estrategia-del-distrito-para-restaurar-prendas-usadas.html HTTP/1.1" 304 -
216.245.221.92 - - [10/Dec/2023:11:57:50 -0500] "HEAD / HTTP/1.1" 200 -
216.244.66.195 - - [10/Dec/2023:11:57:57 -0500] "GET /BLA/resoluciones/AUTOS%202010/3195.pdf HTTP/1.1" 200 813790
216.244.66.195 - - [10/Dec/2023:11:58:22 -0500] "GET /BLA/resoluciones/AUTOS%202010/3527.pdf HTTP/1.1" 200 148264
216.244.66.195 - - [10/Dec/2023:11:58:44 -0500] "GET /BLA/resoluciones/AUTOS%202010/5431.pdf HTTP/1.1" 200 1741066
216.244.66.195 - - [10/Dec/2023:11:59:08 -0500] "GET /BLA/resoluciones/AUTOS%202010/5529.pdf HTTP/1.1" 200 334190
172.22.2.4 - - [10/Dec/2023:11:57:28 -0500] "GET /BLA/boletinlegal/ HTTP/1.1" 200 62729
216.244.66.195 - - [10/Dec/2023:11:59:31 -0500] "GET /BLA/resoluciones/AUTOS%202010/5864.pdf HTTP/1.1" 200 2063228
216.244.66.195 - - [10/Dec/2023:11:59:52 -0500] "GET /BLA/resoluciones/RESOLUCIONES%202016/0362.pdf HTTP/1.1" 200 769188
216.244.66.195 - - [10/Dec/2023:12:00:11 -0500] "GET /BLA/resoluciones/RESOLUCIONES%202016/1028-0.pdf HTTP/1.1" 200 344998
216.244.66.195 - - [10/Dec/2023:12:00:29 -0500] "GET /BLA/resoluciones/RESOLUCIONES%202016/2044.pdf HTTP/1.1" 200 545549
173.252.127.19 - - [10/Dec/2023:12:00:38 -0500] "GET /chulo-o-gallinazo-un-carronero-que-cumple-un-papel-fundamental-en-los-ecosistemas.html HTTP/1.1" 200 784
216.244.66.195 - - [10/Dec/2023:12:00:47 -0500] "GET /BLA/resoluciones/RESOLUCIONES%202017/0285.pdf HTTP/1.1" 200 377755
207.46.13.107 - - [10/Dec/2023:12:00:50 -0500] "GET /Publicaciones/2023EE281847.pdf HTTP/1.1" 200 231859
216.244.66.195 - - [10/Dec/2023:12:01:03 -0500] "GET /BLA/resoluciones/RESOLUCIONES%202017/0574.pdf HTTP/1.1" 200 347919
216.244.66.195 - - [10/Dec/2023:12:01:18 -0500] "GET /BLA/resoluciones/RESOLUCIONES%202017/1288.pdf HTTP/1.1" 200 535275
168.119.253.61 - - [10/Dec/2023:12:01:32 -0500] "GET / HTTP/1.1" 200 319
168.119.253.61 - - [10/Dec/2023:12:01:35 -0500] "GET / HTTP/1.1" 200 4720
216.244.66.195 - - [10/Dec/2023:12:01:38 -0500] "GET /BLA/resoluciones/RESOLUCIONES%202017/1750.pdf HTTP/1.1" 200 268470
216.244.66.195 - - [10/Dec/2023:12:01:54 -0500] "GET /BLA/resoluciones/RESOLUCIONES%202019/0541.pdf HTTP/1.1" 200 299707
172.22.2.4 - - [10/Dec/2023:12:00:38 -0500] "HEAD /BLA/boletinlegal/ HTTP/1.1" 200 -
201.245.192.253 - - [10/Dec/2023:12:02:25 -0500] "POST /kwsrmcab/Wsrmcab  HTTP/1.1" 200 41806
216.244.66.195 - - [10/Dec/2023:12:02:31 -0500] "GET /BLA/resoluciones/RESOLUCIONES%202019/0890.pdf HTTP/1.1" 200 270296
216.245.221.92 - - [10/Dec/2023:12:02:50 -0500] "HEAD / HTTP/1.1" 200 -
216.244.66.195 - - [10/Dec/2023:12:03:04 -0500] "GET /BLA/resoluciones/RESOLUCIONES%202019/1663.pdf HTTP/1.1" 200 283665
172.22.2.4 - - [10/Dec/2023:12:01:29 -0500] "GET /BLA/boletinlegal/ HTTP/1.1" 200 60634
186.29.32.101 - - [10/Dec/2023:12:05:35 -0500] "GET /BLA/resoluciones/ HTTP/1.1" 200 13696
186.29.32.101 - - [10/Dec/2023:12:05:36 -0500] "GET /BLA/resoluciones/index.php?dir=AUTOS+2013%2F HTTP/1.1" 200 407754
186.29.32.101 - - [10/Dec/2023:12:05:45 -0500] "GET /BLA/resoluciones/AUTOS%202013/0344.pdf HTTP/1.1" 200 1502591
201.245.192.253 - - [10/Dec/2023:12:07:24 -0500] "POST /kwsrmcab/Wsrmcab  HTTP/1.1" 200 41806
216.245.221.92 - - [10/Dec/2023:12:07:50 -0500] "HEAD / HTTP/1.1" 200 -
172.22.2.4 - - [10/Dec/2023:12:06:28 -0500] "HEAD /BLA/boletinlegal/ HTTP/1.1" 200 -
172.22.2.4 - - [10/Dec/2023:12:07:19 -0500] "GET /BLA/boletinlegal/ HTTP/1.1" 200 58294
186.29.32.101 - - [10/Dec/2023:12:09:31 -0500] "GET /BLA/resoluciones/ HTTP/1.1" 200 13696
186.29.32.101 - - [10/Dec/2023:12:09:43 -0500] "GET /BLA/resoluciones/index.php?dir=RESOLUCIONES+2014%2F HTTP/1.1" 200 334529
186.29.32.101 - - [10/Dec/2023:12:09:48 -0500] "GET /BLA/resoluciones/RESOLUCIONES%202014/0925.pdf HTTP/1.1" 200 923976
172.22.2.4 - - [10/Dec/2023:12:11:33 -0500] "GET /BLA/boletinlegal/jurisprudencia/analisis/AnalisisT-095-16.docx HTTP/1.1" 304 -
201.245.192.253 - - [10/Dec/2023:12:12:22 -0500] "POST /kwsrmcab/Wsrmcab  HTTP/1.1" 200 41806
216.245.221.92 - - [10/Dec/2023:12:12:50 -0500] "HEAD / HTTP/1.1" 200 -
172.22.2.4 - - [10/Dec/2023:12:12:19 -0500] "HEAD /BLA/boletinlegal/ HTTP/1.1" 200 -
172.22.2.4 - - [10/Dec/2023:12:13:10 -0500] "GET /BLA/boletinlegal/ HTTP/1.1" 200 53737
66.249.66.194 - - [10/Dec/2023:12:14:52 -0500] "GET /por-un-corazon-mas-verde-del-1-al-9-de-junio-se-celebrara-la-semana-ambiental-2023-en-bogota.html HTTP/1.1" 200 819
201.245.192.253 - - [10/Dec/2023:12:16:22 -0500] "POST /kwsrmcab/Wsrmcab HTTP/1.1" 200 35845
201.245.192.253 - - [10/Dec/2023:12:16:25 -0500] "POST /kwsrmcab/Wsrmcab HTTP/1.1" 200 38638
201.245.192.253 - - [10/Dec/2023:12:17:21 -0500] "POST /kwsrmcab/Wsrmcab  HTTP/1.1" 200 41806
216.245.221.92 - - [10/Dec/2023:12:17:50 -0500] "HEAD / HTTP/1.1" 200 -
216.244.66.195 - - [10/Dec/2023:12:17:57 -0500] "GET /robots.txt HTTP/1.1" 404 1018
172.22.2.4 - - [10/Dec/2023:12:18:09 -0500] "HEAD /BLA/boletinlegal/ HTTP/1.1" 200 -
201.245.192.253 - - [10/Dec/2023:12:20:08 -0500] "POST /kwsrmcab/Wsrmcab HTTP/1.1" 200 35845
201.245.192.253 - - [10/Dec/2023:12:20:16 -0500] "POST /kwsrmcab/Wsrmcab HTTP/1.1" 200 38638
54.36.148.37 - - [10/Dec/2023:12:20:36 -0500] "GET /robots.txt HTTP/1.1" 404 1018
172.22.2.4 - - [10/Dec/2023:12:19:00 -0500] "GET /BLA/boletinlegal/ HTTP/1.1" 200 60634
40.77.167.78 - - [10/Dec/2023:12:20:48 -0500] "GET /Publicaciones/2023EE275623.pdf HTTP/1.1" 404 228
201.245.192.253 - - [10/Dec/2023:12:22:20 -0500] "POST /kwsrmcab/Wsrmcab  HTTP/1.1" 200 41806
157.55.39.205 - - [10/Dec/2023:12:22:34 -0500] "GET /BLA/resoluciones/index.php?dir=RESOLUCIONES+2021%2F HTTP/1.1" 200 443902
216.245.221.92 - - [10/Dec/2023:12:22:50 -0500] "HEAD / HTTP/1.1" 200 -
52.167.144.234 - - [10/Dec/2023:12:25:28 -0500] "GET /Publicaciones/2023EE272972.pdf HTTP/1.1" 404 228
172.22.2.4 - - [10/Dec/2023:12:23:59 -0500] "HEAD /BLA/boletinlegal/ HTTP/1.1" 200 -
157.55.39.54 - - [10/Dec/2023:12:25:55 -0500] "GET /BLA/resoluciones/RESOLUCIONES%202023/0517.pdf HTTP/1.1" 304 -
201.245.192.253 - - [10/Dec/2023:12:26:22 -0500] "POST /kwsrmcab/Wsrmcab HTTP/1.1" 200 35845
201.245.192.253 - - [10/Dec/2023:12:26:25 -0500] "POST /kwsrmcab/Wsrmcab HTTP/1.1" 200 38638
172.22.2.4 - - [10/Dec/2023:12:24:50 -0500] "GET /BLA/boletinlegal/ HTTP/1.1" 200 58294
52.167.144.234 - - [10/Dec/2023:12:27:09 -0500] "GET /BLA/resoluciones/AUTOS%202021/5599.pdf HTTP/1.1" 304 -
69.171.249.116 - - [10/Dec/2023:12:27:18 -0500] "GET /las-tres-caminatas-para-cerrar-el-ano-entre-la-naturaleza.html HTTP/1.1" 200 776
201.245.192.253 - - [10/Dec/2023:12:27:19 -0500] "POST /kwsrmcab/Wsrmcab  HTTP/1.1" 200 41806
216.245.221.92 - - [10/Dec/2023:12:27:50 -0500] "HEAD / HTTP/1.1" 200 -
157.55.39.62 - - [10/Dec/2023:12:29:03 -0500] "GET /Publicaciones/2023EE275503.pdf HTTP/1.1" 404 228
201.245.192.253 - - [10/Dec/2023:12:30:09 -0500] "POST /kwsrmcab/Wsrmcab HTTP/1.1" 200 35845
201.245.192.253 - - [10/Dec/2023:12:30:16 -0500] "POST /kwsrmcab/Wsrmcab HTTP/1.1" 200 38638
172.22.2.4 - - [10/Dec/2023:12:29:49 -0500] "HEAD /BLA/boletinlegal/ HTTP/1.1" 200 -
172.22.2.4 - - [10/Dec/2023:12:30:40 -0500] "GET /BLA/boletinlegal/ HTTP/1.1" 200 58644
201.245.192.253 - - [10/Dec/2023:12:32:18 -0500] "POST /kwsrmcab/Wsrmcab  HTTP/1.1" 200 41806
40.77.167.78 - - [10/Dec/2023:12:32:40 -0500] "GET / HTTP/1.1" 200 4720
20.110.58.60 - - [10/Dec/2023:12:32:41 -0500] "GET / HTTP/1.1" 200 4720
52.167.144.182 - - [10/Dec/2023:12:32:42 -0500] "GET /favicon.ico HTTP/1.1" 404 1034
20.110.58.60 - - [10/Dec/2023:12:32:42 -0500] "GET /favicon.ico HTTP/1.1" 404 1034
40.77.167.78 - - [10/Dec/2023:12:32:43 -0500] "GET / HTTP/1.1" 200 4720
20.110.58.60 - - [10/Dec/2023:12:32:43 -0500] "GET / HTTP/1.1" 200 4720
52.167.144.182 - - [10/Dec/2023:12:32:44 -0500] "GET /favicon.ico HTTP/1.1" 404 1034
216.245.221.92 - - [10/Dec/2023:12:32:50 -0500] "HEAD / HTTP/1.1" 200 -
66.249.66.195 - - [10/Dec/2023:12:36:01 -0500] "GET /distrito-alcanza-ya-15-acuerdos-de-conservacion-por-174-02-hectareas-para-consolidar-varios-ecosistemas-estrategicos-de-bogota.html HTTP/1.1" 304 -
201.245.192.253 - - [10/Dec/2023:12:36:22 -0500] "POST /kwsrmcab/Wsrmcab HTTP/1.1" 200 35845
201.245.192.253 - - [10/Dec/2023:12:36:25 -0500] "POST /kwsrmcab/Wsrmcab HTTP/1.1" 200 38638
162.55.165.184 - - [10/Dec/2023:12:37:05 -0500] "GET / HTTP/1.1" 200 319
162.55.165.184 - - [10/Dec/2023:12:37:08 -0500] "GET / HTTP/1.1" 200 4720
201.245.192.253 - - [10/Dec/2023:12:37:15 -0500] "POST /kwsrmcab/Wsrmcab  HTTP/1.1" 200 41806
172.22.2.4 - - [10/Dec/2023:12:35:39 -0500] "HEAD /BLA/boletinlegal/ HTTP/1.1" 200 -
216.245.221.92 - - [10/Dec/2023:12:37:50 -0500] "HEAD / HTTP/1.1" 200 -
172.22.2.4 - - [10/Dec/2023:12:36:30 -0500] "GET /BLA/boletinlegal/ HTTP/1.1" 200 58294
181.53.13.98 - - [10/Dec/2023:12:38:55 -0500] "GET /appsia/controlador HTTP/1.1" 200 4799
181.53.13.98 - - [10/Dec/2023:12:38:56 -0500] "GET /appsia/controlador HTTP/1.1" 200 4799
181.53.13.98 - - [10/Dec/2023:12:38:56 -0500] "GET /appsia/css/estilos.css HTTP/1.1" 200 4804
181.53.13.98 - - [10/Dec/2023:12:38:56 -0500] "GET /appsia/scripts/validarIngreso.js HTTP/1.1" 200 851
181.53.13.98 - - [10/Dec/2023:12:38:56 -0500] "GET /appsia/images/logo_bogota_p.png HTTP/1.1" 200 14951
181.53.13.98 - - [10/Dec/2023:12:38:56 -0500] "GET /appsia/images/cabezoteHojaVida.png HTTP/1.1" 200 32493
181.53.13.98 - - [10/Dec/2023:12:38:56 -0500] "GET /favicon.ico HTTP/1.1" 200 7782
181.53.13.98 - - [10/Dec/2023:12:40:01 -0500] "POST /appsia/controlador HTTP/1.1" 200 4621
181.53.13.98 - - [10/Dec/2023:12:40:10 -0500] "POST /appsia/controlador HTTP/1.1" 200 7725
201.245.192.253 - - [10/Dec/2023:12:40:08 -0500] "POST /kwsrmcab/Wsrmcab HTTP/1.1" 200 35845
181.53.13.98 - - [10/Dec/2023:12:40:10 -0500] "GET /appsia/images/logo_escudo.png HTTP/1.1" 200 36965
201.245.192.253 - - [10/Dec/2023:12:40:15 -0500] "POST /kwsrmcab/Wsrmcab HTTP/1.1" 200 38638
69.63.184.118 - - [10/Dec/2023:12:40:44 -0500] "GET /en-semana-santa-no-uses-palmas-ni-traigas-o-consumas-animales-silvestres.html HTTP/1.1" 200 959
201.245.192.253 - - [10/Dec/2023:12:42:14 -0500] "POST /kwsrmcab/Wsrmcab  HTTP/1.1" 200 41806
216.245.221.92 - - [10/Dec/2023:12:42:50 -0500] "HEAD / HTTP/1.1" 200 -
172.22.2.4 - - [10/Dec/2023:12:41:29 -0500] "HEAD /BLA/boletinlegal/ HTTP/1.1" 200 -
52.167.144.204 - - [10/Dec/2023:12:43:11 -0500] "GET /BLA/resoluciones/AUTOS%202021/1530.pdf HTTP/1.1" 304 -
172.22.2.4 - - [10/Dec/2023:12:42:20 -0500] "GET /BLA/boletinlegal/ HTTP/1.1" 200 58294
207.46.13.116 - - [10/Dec/2023:12:46:13 -0500] "GET /Publicaciones/2023EE275511.pdf HTTP/1.1" 404 228
216.244.66.195 - - [10/Dec/2023:12:46:38 -0500] "GET /galeria/galeria/fotos/Humedal-la-conejera3G.jpg HTTP/1.1" 200 373974
201.245.192.253 - - [10/Dec/2023:12:47:13 -0500] "POST /kwsrmcab/Wsrmcab  HTTP/1.1" 200 41806
157.55.39.54 - - [10/Dec/2023:12:47:30 -0500] "GET /Publicaciones/2023EE283620.pdf HTTP/1.1" 200 231937
216.245.221.92 - - [10/Dec/2023:12:47:50 -0500] "HEAD / HTTP/1.1" 200 -
172.22.2.4 - - [10/Dec/2023:12:47:19 -0500] "HEAD /BLA/boletinlegal/ HTTP/1.1" 200 -
172.22.2.4 - - [10/Dec/2023:12:48:10 -0500] "GET /BLA/boletinlegal/ HTTP/1.1" 200 58644
172.22.2.4 - - [10/Dec/2023:12:50:30 -0500] "GET /BLA/boletinlegal/Circulares/023/CIRCULAR%20No.%2000012%20DEL%2030%20DE%20OCTUBRE%20DEL%202023.pdf HTTP/1.1" 404 1037
216.244.66.195 - - [10/Dec/2023:12:50:47 -0500] "GET /BLA/resoluciones/AUTOS%202016/0062.pdf HTTP/1.1" 200 705558
216.244.66.195 - - [10/Dec/2023:12:50:52 -0500] "GET /BLA/resoluciones/AUTOS%202016/0066.pdf HTTP/1.1" 200 541214
216.244.66.195 - - [10/Dec/2023:12:50:57 -0500] "GET /BLA/resoluciones/AUTOS%202016/0098.pdf HTTP/1.1" 200 565443
216.244.66.195 - - [10/Dec/2023:12:51:13 -0500] "GET /BLA/resoluciones/AUTOS%202016/0166.pdf HTTP/1.1" 200 438215
216.244.66.195 - - [10/Dec/2023:12:51:25 -0500] "GET /BLA/resoluciones/AUTOS%202016/0403.pdf HTTP/1.1" 200 518470
216.244.66.195 - - [10/Dec/2023:12:51:47 -0500] "GET /BLA/resoluciones/AUTOS%202016/0447.pdf HTTP/1.1" 200 695287
216.244.66.195 - - [10/Dec/2023:12:52:05 -0500] "GET /BLA/resoluciones/AUTOS%202016/0722.pdf HTTP/1.1" 200 627741
201.245.192.253 - - [10/Dec/2023:12:52:12 -0500] "POST /kwsrmcab/Wsrmcab  HTTP/1.1" 200 41806
216.244.66.195 - - [10/Dec/2023:12:52:21 -0500] "GET /BLA/resoluciones/AUTOS%202016/0786.pdf HTTP/1.1" 200 437782
216.244.66.195 - - [10/Dec/2023:12:52:36 -0500] "GET /BLA/resoluciones/AUTOS%202016/0916.pdf HTTP/1.1" 200 512122
186.102.14.171 - - [10/Dec/2023:12:52:40 -0500] "GET /kwssiamovil/sm/acme/u?s=U2FsdGVkX19nqqD5IQbh511aST5YEWQKPO8uwqcIPDgLuMulIlLa2L02RM82gO5CgYUHX8IB3OeGWXFCOmQspHiPyS+J8gwlI0tWRMUTjIro+4kGtv77Oe5hwOl5AmBFe7Ei8gY4aaSRIIiu2egU02KwgDCT5lKHZ4fTVQalblY=&u=U2FsdGVkX1+y9wQWnnTsEMsI2worq+v5PSg7tbak76E=&y=U2FsdGVkX19tlxdXpJBNyknTFYKltIf6rWP7dS1ntOQG520RREJRHSPGu7W3W+Z7 HTTP/1.1" 200 60
216.245.221.92 - - [10/Dec/2023:12:52:50 -0500] "HEAD / HTTP/1.1" 200 -
216.244.66.195 - - [10/Dec/2023:12:52:56 -0500] "GET /BLA/resoluciones/AUTOS%202016/0970.pdf HTTP/1.1" 200 548999
216.244.66.195 - - [10/Dec/2023:12:53:11 -0500] "GET /BLA/resoluciones/AUTOS%202016/1104.pdf HTTP/1.1" 200 243463
216.244.66.195 - - [10/Dec/2023:12:53:26 -0500] "GET /BLA/resoluciones/AUTOS%202016/1280.pdf HTTP/1.1" 200 330084
216.244.66.195 - - [10/Dec/2023:12:53:39 -0500] "GET /BLA/resoluciones/AUTOS%202016/1524.pdf HTTP/1.1" 200 606370
216.244.66.195 - - [10/Dec/2023:12:53:52 -0500] "GET /BLA/resoluciones/AUTOS%202016/1685.pdf HTTP/1.1" 200 361073
216.244.66.195 - - [10/Dec/2023:12:54:03 -0500] "GET /BLA/resoluciones/AUTOS%202016/1783.pdf HTTP/1.1" 200 261590
216.244.66.195 - - [10/Dec/2023:12:54:20 -0500] "GET /BLA/resoluciones/AUTOS%202016/1912.pdf HTTP/1.1" 200 510167
52.167.144.18 - - [10/Dec/2023:12:54:33 -0500] "GET /BLA/resoluciones/AUTOS%202013/0074.pdf HTTP/1.1" 200 1385000
216.244.66.195 - - [10/Dec/2023:12:54:34 -0500] "GET /BLA/resoluciones/AUTOS%202016/1947.pdf HTTP/1.1" 200 503820
216.244.66.195 - - [10/Dec/2023:12:54:46 -0500] "GET /BLA/resoluciones/AUTOS%202016/1950.pdf HTTP/1.1" 200 501128
172.22.2.4 - - [10/Dec/2023:12:53:09 -0500] "HEAD /BLA/boletinlegal/ HTTP/1.1" 200 -
216.244.66.195 - - [10/Dec/2023:12:54:57 -0500] "GET /BLA/resoluciones/AUTOS%202016/1986.pdf HTTP/1.1" 200 287910
216.244.66.195 - - [10/Dec/2023:12:55:07 -0500] "GET /BLA/resoluciones/AUTOS%202016/2703.pdf HTTP/1.1" 200 708273
199.16.157.182 - - [10/Dec/2023:12:55:27 -0500] "GET /images/pl%C3%A1sticos%20foto%201..jpg HTTP/1.1" 404 1034
66.249.66.19 - - [10/Dec/2023:12:55:31 -0500] "GET /BLA/resoluciones/Notificaciones/AUTOS%202023/313.pdf HTTP/1.1" 304 -
216.244.66.195 - - [10/Dec/2023:12:55:38 -0500] "GET /BLA/resoluciones/AUTOS%202011/3888.pdf HTTP/1.1" 200 219773
172.22.2.4 - - [10/Dec/2023:12:54:00 -0500] "GET /BLA/boletinlegal/ HTTP/1.1" 200 58294
216.244.66.195 - - [10/Dec/2023:12:56:03 -0500] "GET /BLA/resoluciones/AUTOS%202016/0024.pdf HTTP/1.1" 200 545478
181.56.162.102 - - [10/Dec/2023:12:56:58 -0500] "GET /BLA/resoluciones/ HTTP/1.1" 200 13696
181.56.162.102 - - [10/Dec/2023:12:56:58 -0500] "GET /favicon.ico HTTP/1.1" 200 7782
181.56.162.102 - - [10/Dec/2023:12:57:01 -0500] "GET /BLA/resoluciones/index.php?dir=AUTOS+2010%2F HTTP/1.1" 200 281189
201.245.192.253 - - [10/Dec/2023:12:57:10 -0500] "POST /kwsrmcab/Wsrmcab  HTTP/1.1" 200 41806
216.245.221.92 - - [10/Dec/2023:12:57:50 -0500] "HEAD / HTTP/1.1" 200 -
172.22.2.4 - - [10/Dec/2023:12:58:59 -0500] "HEAD /BLA/boletinlegal/ HTTP/1.1" 200 -
172.22.2.4 - - [10/Dec/2023:12:59:50 -0500] "GET /BLA/boletinlegal/ HTTP/1.1" 200 58294
207.46.13.153 - - [10/Dec/2023:13:01:35 -0500] "GET /BLA/resoluciones/RESOLUCIONES%202022/0667.pdf HTTP/1.1" 200 399296
199.16.157.180 - - [10/Dec/2023:13:01:59 -0500] "GET /images/presentaci%C3%B3n%20convenci%C3%B3n.jpg HTTP/1.1" 404 1034
201.245.192.253 - - [10/Dec/2023:13:02:09 -0500] "POST /kwsrmcab/Wsrmcab  HTTP/1.1" 200 41806
216.245.221.92 - - [10/Dec/2023:13:02:50 -0500] "HEAD / HTTP/1.1" 200 -
66.249.66.194 - - [10/Dec/2023:13:03:04 -0500] "GET /caminatas-ecologicas-un-plan-imperdible-para-octubre.html HTTP/1.1" 304 -
186.102.32.208 - - [10/Dec/2023:13:03:36 -0500] "OPTIONS /kwssiamovil/sm/setfile/f? HTTP/1.1" 200 13
186.102.32.208 - - [10/Dec/2023:13:03:36 -0500] "POST /kwssiamovil/sm/setfile/f? HTTP/1.1" 200 381
186.102.32.208 - - [10/Dec/2023:13:03:52 -0500] "GET /kwssiamovil/sm/acme/a?s=U2FsdGVkX1+8PpzXLWMaguEbCjtajvr01n+AUekh7yB3bZZRAxqsMpatXETlO1Qxk9HoiSlFoNQXA/RAJGK8V1NTOMURDEwWYCGwvSSDZwtc1a7kCTBripvOw6xqemkpRTLVV5PuVTdXiDNAg7yLuoFAt57+/nH8o48m6HJT82JYOSf/7K2otnOHk+6xn/kStbh/Oy+Fjdl8BQje7PLvNk10MWspeAsGvaxAxVKFttCLkrelgKxsQ8Sst5DwNe+9ixK2c6mt4ehBBpADf749bw==&u=U2FsdGVkX18fzvFjbMSQkXUziiST8E/cJI7F4IkovWk=&y=U2FsdGVkX19ekBP1fED/AG8pCbhYc8/iESJxS/T+J8cTJq+NZwn28x6L5w+HC4I+ HTTP/1.1" 200 26
186.102.32.208 - - [10/Dec/2023:13:03:53 -0500] "GET /kwssiamovil/sm/acme/a?s=U2FsdGVkX18pZTGw7JKWYT8upYqo8rui3RT8bW0sAqG2bNVYc/aIdjQtS37LroEWaIEiB2vIORnLhUDpIMUpFJDl7UXqNK+R9z79N4WZOPoormkgMzPeDoOCW7Sq9vQpwqdFWo1DB9L286cSMQygGjCL+Zk01SqiV9Rj6lVXLA7HNBJfIAfa/ZABWrgg9XrbZ7FxICxpToAI99+cAJfkRSmsT2IGr2/3n4mOsyWP4PMi92PSXkzO7od1ob2pYWOHwKe9m76d9HTctwwFDnFD6K+m6BJNQBp65J9ZgcNJMTeRGNUCR8saOMq/rEiA30lZjelHw0BoWyMvXy1NDncr+FHoqvIdIj6tEmQH9gJdL0+3rsQ97ZbmlHY98RwoEzPXWLd5ILa/b4840MneVJZaCJd6Uft66CDNsk/im6lVCr7k6IxOr+jm1qOR1l5fZyoVTcS8+q+Lm6bjEtMvqmxWXm5oDACa7jgRzIAzlcMmKcYyqLekAeGqsv2h+hVBbZ/ucwsfeO5wgvaRV3bSDBAP7CDdRA6eKHzmOVeTkhxeKgU/2VCqLhOdHPLQFCCRexoYRbjWrfZf0Z3E1wfho2HaQI8pDp4oVHfq1vYclAcjX8SEmp/3fCXf3dGFhTHGfdFKZgUmChTNNIazeAVgLIMRyBrmFE0bbQDKzBuyKuITylhI54/qoa032KhdToszidghwM0wG6r2/gLUthJyRLSCe4/VpyIN1Tbya4jcV6OLhjFhAcc2/hzkB5B/6xqm0BgRtkzIcXMEIIC5K3R2kt0BEGJtr3VsR7t7pgGwDIgurqO88fzgII0mGPM2V44a7a3PDCna12VU0n6l12achSE9vQnAOrrs7587Vmu/vXJNaxhbV5wHrtbLl1P3AGbz3swDoHw5oW+Bt/3FpqlAjvwZegzS2D++XgqjIlx9m/cfD3wdJ85PxUe9hYBlCczj/fg7xcxLnnk23V17ZmjN/fmwuzjXsDBr4Ulbm+uj/80Fa1XY7TJVSWBIHl7fBAXba+O6IXi7w+YwmrJdFp/LaLbvC3UdORlgTkmuBDmJsuXPvTjeoiQ3Z80ZLA2AgOC0JV9Df4iqZshGCGysLCsChPfKgiqfxbxPDpPRcfyrqeFdgzr48qoccnX/tjOV+bPEmSe+mFvLlKeXgaTr9Z6CN+jaXiT4qlM9w4+GvJCG8+N7KNSQLz6M2Rf9kxkYZgFLPGQ/EpfCcBM3X+THk9kHS54MlOXa76j6XqRQB+veQjHueIeN50A0pYQ0PHEIjU4lWrXRWmDrrS6nBEYYJWWIZzC7ssToarYHjUcISK61vsk3Uw9D9AK/rP5GfHojAWsFrpVA6AitJEQ4LQbynIeiqfDMqHN88XwgHGp1XUxiHbbjXLXGTsV2uHorBwXEyes2xJeRxgAhJwe1N7ItjvbQlIzcLNMyYvcHrZvSmHdK+AqRcwkeR+UuejsSlMDrISSXKUiq8RnOBvCYUnuxc0LFb4gq8rzjeV19h7q4SwgxX2Hg/3r41wDmYp87hxYHF9LyBdXP/+i8mdHZZtDgFT+G0ZRT8VHKmsRaICNxNEUowDgE6uWMsR7FvJR27ZNo152LZSYBe5YqqEJAq8vqpBPNBtLjsXIfJaEpaybZmELmZRJZ/NJgBnLeotDsYc68HTG55jqRGe1etRisFjLvOvH6GcsxwGAmrxk2eQOcUPguyKePr+GLv1inCec4/vJNWCzaRzeb2jCl/UXSMuv8Ky8T8BFs+r7cfnRcBwWW4BOZUli/oABabx1iGLTUc5tk0gxjCljH+2aTo6SprXT2+dcxAjqj4fKWrVfIkKxPMgODYYs8jnVp7lS62CJa/3eIPyZSKFmzVLtgikqme8SZy5rUsk+johe2tjDTAe+7v7qpmED7up01aXpkWp72Kkrgjw+AIu83MEWN+LpMLSlV56WrYtk2OwkcbWubhh9yaMT56Yu4chO/2+1S0j0JS1ZoLavX712GnCI/0sarJ3skpzrb1CS0OlJ1pvjWPCKfNOswRle8mF8sRu3z/jVJMNEocmxI7ezUGWHA19Ha20wBZM003ndwnqI9qXDkPD8dR2Qy6F9/AkFJ9ebKWiHj1jzt/LR/NQbhdZBTej+ykmgoWvQ9M/jj0i5siu/eKcntqAUV16jPZ8FsamQc9sda7ZYW3b1U7T4uIK6WCYei1a9GdClqkt+R/k2hpl0GzNM0/DNXezVMEoT/R3zdOO7TOeyYWiUq1RmA+5L3fGPpqwOrng9d/6P4+d1WiWnL1w1ppqXnQbZ2g5FbRG5dFWP/XHP6AsvsxgbiVF5xbWAJ8CjI4QWtUCh5XF/h3GuyuSSwpa5K3K5UxX0hFlwhRxXQgGuc+Al8cPEHps4/2ENy9L0pbh/Qz3ZcBA6mywccMNX8ZPVAgROAOhmjHOlSPdJyAUe3rYBuHILCcMpoV7BjeEsnqyx0bptuYop8uj+lisPB8IdTUxVZbqfwSVvxDgkPhTGNf6XDvZYY&u=U2FsdGVkX18fzvFjbMSQkXUziiST8E/cJI7F4IkovWk=&y=U2FsdGVkX19ekBP1fED/AG8pCbhYc8/iESJxS/T+J8cTJq+NZwn28x6L5w+HC4I+ HTTP/1.1" 200 26
186.102.32.208 - - [10/Dec/2023:13:03:53 -0500] "GET /kwssiamovil/sm/acme/a?s=U2FsdGVkX19I4MDNB/8eEHZEE02fnZ5wlPD9XKmv5Y8KqM9FzPcyg+Y8FMvuK52Ay9QhR8iqllFGb9l5oE6fakyoctrXI/jM02QnnqFKXOxJ6QRhWiOr/3/KTBL5a9aRnrmLa7YttT2UlgLPGEnHdfvz2mLJTS6JreZqkx7FsEw=&u=U2FsdGVkX18fzvFjbMSQkXUziiST8E/cJI7F4IkovWk=&y=U2FsdGVkX19ekBP1fED/AG8pCbhYc8/iESJxS/T+J8cTJq+NZwn28x6L5w+HC4I+ HTTP/1.1" 200 26
186.102.32.208 - - [10/Dec/2023:13:03:53 -0500] "GET /kwssiamovil/sm/acme/a?s=U2FsdGVkX1+/mMgHtZoq1il1mnjtXLgytFxkXOnEL1e+rHxbD05NPGddu5o5n9K1iL5KcZOVvH2ZhP6YXPa4bLGCcZx6CPZhS3jrm5cvKrBK1hWggXx9XyUcKK174Q9dyTx82qg5MoSPusRq8LjwKzFpm6v0uSQoMoOtdVtuvJM=&u=U2FsdGVkX18fzvFjbMSQkXUziiST8E/cJI7F4IkovWk=&y=U2FsdGVkX19ekBP1fED/AG8pCbhYc8/iESJxS/T+J8cTJq+NZwn28x6L5w+HC4I+ HTTP/1.1" 200 26
186.102.32.208 - - [10/Dec/2023:13:03:54 -0500] "GET /kwssiamovil/sm/acme/a?s=U2FsdGVkX186Bao3Jmh1z8RBUmtdLeYyyPpev7GUv+dXeZTmnh0SRfyAwbEEg1cvNpuMOiB1i+x4EtGQP9ph2r7UXXNb7c+lPBmAl40BNjAAAbjHZk3s/UiO2j30mPfhrVchYynrGQwcsk6uAuWrEMC1Ajgim7qXCkq2Si4qgYQ=&u=U2FsdGVkX18fzvFjbMSQkXUziiST8E/cJI7F4IkovWk=&y=U2FsdGVkX19ekBP1fED/AG8pCbhYc8/iESJxS/T+J8cTJq+NZwn28x6L5w+HC4I+ HTTP/1.1" 200 26
186.102.32.208 - - [10/Dec/2023:13:03:54 -0500] "GET /kwssiamovil/sm/acme/a?s=U2FsdGVkX1+9rJetoAu57spWlvjQprsWR4aLAIU7Wnn6+KTf8GNNLWmCS+ptXczbdXlNx6/cGKjgXi6eQOm1Ftp8OYEg8rTVMku6i33lq1dn9JIEqnB2YUsxN0zNwcgrSdIf3EbnYS+9EmZB+p02omIUodAU7oypYhfmD3psYyNy+Kep0ZMI1RnFppDwyuiD04w6RyAGT79o/4W2xLC2uA==&u=U2FsdGVkX18fzvFjbMSQkXUziiST8E/cJI7F4IkovWk=&y=U2FsdGVkX19ekBP1fED/AG8pCbhYc8/iESJxS/T+J8cTJq+NZwn28x6L5w+HC4I+ HTTP/1.1" 200 26
186.102.32.208 - - [10/Dec/2023:13:03:54 -0500] "GET /kwssiamovil/sm/acme/a?s=U2FsdGVkX18Z4/B9q5vhcGjiQwn+3QQCBj0zwMHZ3CJ3JWbA4ZC7MmhXTH9FJ9UTrqzvqFIZZlNwxLHUdjzLdty3uZ13pMRYrb986bdPSfqioK1rMZRjgAInpFKAdUTDZQ21Wt4bYFNe6BPRca8aj1BQm+AOUSwhxi9I9+EDteib1xz6Hoy3GSrmYP7N0C2UY6HeYicdN6cAYMa18ctsfA==&u=U2FsdGVkX18fzvFjbMSQkXUziiST8E/cJI7F4IkovWk=&y=U2FsdGVkX19ekBP1fED/AG8pCbhYc8/iESJxS/T+J8cTJq+NZwn28x6L5w+HC4I+ HTTP/1.1" 200 26
186.102.32.208 - - [10/Dec/2023:13:03:54 -0500] "GET /kwssiamovil/sm/acme/a?s=U2FsdGVkX1+JRpHz8TZ+eefW5uLGBgMUe7Qix3H/RQmfi+28EZSRTP/blkOE9VvjyZXhVb0zPpN84qfgdTELeEPs0ozeRiQKjfOtRjzul5OW0l3DLpTeqfrb0BZHaOLfXwouSPjjrZ3mGvsPzdRvv3bYEhJn0qHt97lwef0Rjt1v6OwzRq0o7Im4XsQ6WWrg5KzSeQcQYJcwM/yck/N58g==&u=U2FsdGVkX18fzvFjbMSQkXUziiST8E/cJI7F4IkovWk=&y=U2FsdGVkX19ekBP1fED/AG8pCbhYc8/iESJxS/T+J8cTJq+NZwn28x6L5w+HC4I+ HTTP/1.1" 200 26
172.22.2.4 - - [10/Dec/2023:13:06:16 -0500] "GET /BLA/boletinlegal/actos.php HTTP/1.1" 200 9682
172.22.2.4 - - [10/Dec/2023:13:04:49 -0500] "HEAD /BLA/boletinlegal/ HTTP/1.1" 200 -
201.245.192.253 - - [10/Dec/2023:13:07:08 -0500] "POST /kwsrmcab/Wsrmcab  HTTP/1.1" 200 41806
172.22.2.4 - - [10/Dec/2023:13:05:40 -0500] "GET /BLA/boletinlegal/ HTTP/1.1" 200 60634
216.245.221.92 - - [10/Dec/2023:13:07:50 -0500] "HEAD / HTTP/1.1" 200 -
172.22.2.4 - - [10/Dec/2023:13:07:55 -0500] "GET /BLA/boletinlegal/robots.txt HTTP/1.1" 404 1139
181.53.13.98 - - [10/Dec/2023:13:08:32 -0500] "POST /appsia/controlador HTTP/1.1" 200 4621
181.53.13.98 - - [10/Dec/2023:13:08:36 -0500] "POST /appsia/controlador HTTP/1.1" 200 4799
40.77.167.85 - - [10/Dec/2023:13:08:47 -0500] "GET /robots.txt HTTP/1.1" 404 1018
172.22.2.4 - - [10/Dec/2023:13:09:10 -0500] "GET /BLA/boletinlegal/actos.php HTTP/1.1" 200 9682
172.22.2.4 - - [10/Dec/2023:13:09:10 -0500] "GET /BLA/boletinlegal/styles2.css HTTP/1.1" 200 1838
172.22.2.4 - - [10/Dec/2023:13:09:10 -0500] "GET /BLA/boletinlegal/js/ajax_actos.js HTTP/1.1" 200 1322
172.22.2.4 - - [10/Dec/2023:13:09:10 -0500] "GET /BLA/boletinlegal/niceforms-default.css HTTP/1.1" 200 6694
172.22.2.4 - - [10/Dec/2023:13:09:11 -0500] "GET /BLA/boletinlegal/style.css HTTP/1.1" 200 9406
172.22.2.4 - - [10/Dec/2023:13:09:11 -0500] "GET /BLA/boletinlegal/js/lib.js HTTP/1.1" 200 6474
172.22.2.4 - - [10/Dec/2023:13:09:11 -0500] "GET /BLA/boletinlegal/niceforms.js HTTP/1.1" 200 22876
172.22.2.4 - - [10/Dec/2023:13:09:11 -0500] "GET /BLA/boletinlegal/js/jquery1.js HTTP/1.1" 200 29846
172.22.2.4 - - [10/Dec/2023:13:09:11 -0500] "GET /BLA/boletinlegal/js/popup.js HTTP/1.1" 200 1270
172.22.2.4 - - [10/Dec/2023:13:09:11 -0500] "GET /BLA/boletinlegal/images/cabezote%20BLEGAL.jpg HTTP/1.1" 200 118164
172.22.2.4 - - [10/Dec/2023:13:09:11 -0500] "GET /BLA/boletinlegal/images/subscribe-icon-big.png HTTP/1.1" 200 47702
172.22.2.4 - - [10/Dec/2023:13:09:11 -0500] "GET /BLA/boletinlegal/images/historia.png HTTP/1.1" 200 52775
172.22.2.4 - - [10/Dec/2023:13:09:11 -0500] "GET /BLA/boletinlegal/images/registro-usuarios.png HTTP/1.1" 200 8106
172.22.2.4 - - [10/Dec/2023:13:09:11 -0500] "GET /BLA/boletinlegal/images/green-yellow-blue-pink-th.png HTTP/1.1" 200 7394
172.22.2.4 - - [10/Dec/2023:13:09:11 -0500] "GET /BLA/boletinlegal/images/tel.png HTTP/1.1" 200 14477
172.22.2.4 - - [10/Dec/2023:13:09:11 -0500] "GET /BLA/boletinlegal/images/icono-email.png HTTP/1.1" 200 5544
172.22.2.4 - - [10/Dec/2023:13:09:11 -0500] "GET /BLA/boletinlegal/images/body_bg.jpg HTTP/1.1" 200 1601
172.22.2.4 - - [10/Dec/2023:13:09:11 -0500] "GET /BLA/boletinlegal/images/menu_lft.gif HTTP/1.1" 200 1713
172.22.2.4 - - [10/Dec/2023:13:09:11 -0500] "GET /BLA/boletinlegal/images/menu_rght.gif HTTP/1.1" 200 1627
172.22.2.4 - - [10/Dec/2023:13:09:11 -0500] "GET /BLA/boletinlegal/images/text.jpg HTTP/1.1" 200 568
172.22.2.4 - - [10/Dec/2023:13:09:11 -0500] "GET /BLA/boletinlegal/images/footer_bg.jpg HTTP/1.1" 200 586
172.22.2.4 - - [10/Dec/2023:13:09:11 -0500] "GET /BLA/boletinlegal/images/menu_bg.jpg HTTP/1.1" 200 620
172.22.2.4 - - [10/Dec/2023:13:09:11 -0500] "GET /BLA/boletinlegal/images/bg_top.jpg HTTP/1.1" 200 522
172.22.2.4 - - [10/Dec/2023:13:09:11 -0500] "GET /BLA/boletinlegal/images/hover.jpg HTTP/1.1" 200 640
172.22.2.4 - - [10/Dec/2023:13:09:11 -0500] "GET /BLA/boletinlegal/images/footer_bg_l.jpg HTTP/1.1" 200 776
172.22.2.4 - - [10/Dec/2023:13:09:11 -0500] "GET /BLA/boletinlegal/img/0.png HTTP/1.1" 200 110
172.22.2.4 - - [10/Dec/2023:13:09:11 -0500] "GET /BLA/boletinlegal/img/select-left.png HTTP/1.1" 200 263
