186.102.98.181 - - [10/Dec/2023:23:13:30 -0500] "GET /kwssiamovil/sm/acme/s?s=U2FsdGVkX1+AxYnPuFX4fvWsV55JzuhTVw7tMO7YT03Wuz83aMAEKYQpCza6q9StJYEYI5IdMizio5/oh1AiGTPawXQP8uTZYK7qBwhtIw/CjwvOT7RZsG77QugRpId56yOhnEtZ58EN/GRHfq336QuEYBDsmSQQBrRn3w1aXoWR/kGyZBCmrQQXvY9wSnH/0LwEP0DSXNhrC1OVK5OMoWjka4uwqT5W6ktkZ7stvFJx9w5CTonW4+qaLh9OozeH1msFBSmr7U5c6pLSKfqT36WWg7oF/sqeuz8tM5ACBg8uRgpSgU0sUr6nAjoIP8P5NEV9ye/8fX+Fz3rkLtkeItudf7UZNtyuZBpgG3SEal7NL+6nHj30XvNph3TOoU4t0Il49ZLn+rRn7iT6MSCMDvGzXDve2FXXx2sXr4dro0yHdQYn9Hz57HE4SuZqkj1CyNOqP6DbvcdX9maA3FuJU4+7uou3GXb7JeXQCvEFCyvVoB9MHMzLiNwgUraEpQ2iTyuzcEOiA+/r5BgnCig5le3eRKiIqHO9PMq1dxLVeep6MKZw3ITW60DdALigIYSlsYtRFdXrqBaFbIAY9okDZmWWOcdkZJYxthUXvZjg9//ar1EAC87ASTjc2f14dES4MLIG/X6vmgk93CffA4CztXt4AGksdhgUua2YzGyTG2CFqp97yCMoT39eaQV3hvsye2Tm1C9wEem9Pgu26wnUPpZzPgOvDtkxudV71hiibryxXbSqM3uWkqdihZrI+7Xe&u=U2FsdGVkX1+pUPOjr+Kfkgz2fhOacduMGReEONhl040=&y=U2FsdGVkX19CDjUyNk9w5x+a2ps8qeBNBvnG7SAILAePLuPram1IN8wCUGyJjCt6 HTTP/1.1" 200 208
186.102.98.181 - - [10/Dec/2023:23:13:30 -0500] "GET /kwssiamovil/sm/cjson/pre?f=1&x=U2FsdGVkX19/wYiGvF1A7lUd1/Q8mtwSwTC8mSMYYtUASTk0BwQwGEKfNAmQMnoq HTTP/1.1" 200 31032
181.50.119.240 - - [10/Dec/2023:23:13:59 -0500] "POST /sipse/faces/presentacion/financiero/solicitudProceso/consultarSolicitudProceso.xhtml HTTP/1.1" 200 459292
172.22.2.4 - - [10/Dec/2023:23:12:21 -0500] "GET /BLA/boletinlegal/ HTTP/1.1" 200 58644
172.22.1.61 - - [10/Dec/2023:23:14:22 -0500] "GET /reportes_sipse/sdg/ServletViabilidad?reporte=memo_viabilidad&solicitud=23254 HTTP/1.1" 200 1538
181.50.119.240 - - [10/Dec/2023:23:14:25 -0500] "GET /sipse/faces/javax.faces.resource/theme.css?ln=primefaces-sipse HTTP/1.1" 304 -
181.50.119.240 - - [10/Dec/2023:23:14:22 -0500] "POST /sipse/faces/presentacion/financiero/solicitudProceso/consultarSolicitudProceso.xhtml HTTP/1.1" 200 68441
181.50.119.240 - - [10/Dec/2023:23:14:25 -0500] "GET /sipse/faces/javax.faces.resource/primefaces.css?ln=primefaces&v=4.0 HTTP/1.1" 304 -
181.50.119.240 - - [10/Dec/2023:23:14:25 -0500] "GET /sipse/faces/javax.faces.resource/layout/layout.css?ln=primefaces&v=4.0 HTTP/1.1" 304 -
181.50.119.240 - - [10/Dec/2023:23:14:25 -0500] "GET /sipse/faces/javax.faces.resource/jquery/jquery.js?ln=primefaces&v=4.0 HTTP/1.1" 304 -
181.50.119.240 - - [10/Dec/2023:23:14:25 -0500] "GET /sipse/faces/javax.faces.resource/jquery/jquery-plugins.js?ln=primefaces&v=4.0 HTTP/1.1" 304 -
181.50.119.240 - - [10/Dec/2023:23:14:25 -0500] "GET /sipse/faces/javax.faces.resource/primefaces.js?ln=primefaces&v=4.0 HTTP/1.1" 304 -
181.50.119.240 - - [10/Dec/2023:23:14:25 -0500] "GET /sipse/faces/javax.faces.resource/layout/layout.js?ln=primefaces&v=4.0 HTTP/1.1" 304 -
181.50.119.240 - - [10/Dec/2023:23:14:25 -0500] "POST /sipse/faces/presentacion/financiero/solicitudProceso/listarSolicitudProceso.xhtml HTTP/1.1" 200 1564
181.50.119.240 - - [10/Dec/2023:23:14:25 -0500] "POST /sipse/faces/presentacion/financiero/solicitudProceso/listarSolicitudProceso.xhtml HTTP/1.1" 200 1560
181.50.119.240 - - [10/Dec/2023:23:14:32 -0500] "POST /sipse/faces/presentacion/financiero/solicitudProceso/listarSolicitudProceso.xhtml HTTP/1.1" 200 14314
201.245.192.253 - - [10/Dec/2023:23:14:31 -0500] "POST /kwsrmcab/Wsrmcab  HTTP/1.1" 200 41806
181.50.119.240 - - [10/Dec/2023:23:14:38 -0500] "POST /sipse/faces/presentacion/financiero/solicitudProceso/listarSolicitudProceso.xhtml HTTP/1.1" 200 108735
181.50.119.240 - - [10/Dec/2023:23:14:39 -0500] "GET /sipse/faces/javax.faces.resource/theme.css?ln=primefaces-sipse HTTP/1.1" 304 -
181.50.119.240 - - [10/Dec/2023:23:14:39 -0500] "GET /sipse/faces/javax.faces.resource/primefaces.css?ln=primefaces&v=4.0 HTTP/1.1" 304 -
181.50.119.240 - - [10/Dec/2023:23:14:39 -0500] "GET /sipse/faces/javax.faces.resource/layout/layout.css?ln=primefaces&v=4.0 HTTP/1.1" 304 -
181.50.119.240 - - [10/Dec/2023:23:14:39 -0500] "GET /sipse/faces/javax.faces.resource/jquery/jquery.js?ln=primefaces&v=4.0 HTTP/1.1" 304 -
181.50.119.240 - - [10/Dec/2023:23:14:39 -0500] "GET /sipse/faces/javax.faces.resource/jquery/jquery-plugins.js?ln=primefaces&v=4.0 HTTP/1.1" 304 -
181.50.119.240 - - [10/Dec/2023:23:14:39 -0500] "GET /sipse/faces/javax.faces.resource/primefaces.js?ln=primefaces&v=4.0 HTTP/1.1" 304 -
181.50.119.240 - - [10/Dec/2023:23:14:39 -0500] "GET /sipse/faces/javax.faces.resource/layout/layout.js?ln=primefaces&v=4.0 HTTP/1.1" 304 -
181.50.119.240 - - [10/Dec/2023:23:15:10 -0500] "POST /sipse/faces/presentacion/financiero/solicitudProceso/consultarSolicitudProceso.xhtml HTTP/1.1" 200 5462
181.50.119.240 - - [10/Dec/2023:23:16:15 -0500] "POST /sipse/faces/presentacion/financiero/solicitudProceso/consultarSolicitudProceso.xhtml HTTP/1.1" 200 461231
201.245.192.253 - - [10/Dec/2023:23:16:20 -0500] "POST /kwsrmcab/Wsrmcab HTTP/1.1" 200 38426
201.245.192.253 - - [10/Dec/2023:23:16:23 -0500] "POST /kwsrmcab/Wsrmcab HTTP/1.1" 200 38608
104.28.92.31 - - [10/Dec/2023:23:16:38 -0500] "POST /sipse/faces/presentacion/financiero/solicitudProceso/consultar.xhtml HTTP/1.1" 200 10014
104.28.92.31 - - [10/Dec/2023:23:16:39 -0500] "POST /sipse/faces/presentacion/financiero/solicitudProceso/consultar.xhtml HTTP/1.1" 200 23081
172.22.1.61 - - [10/Dec/2023:23:16:42 -0500] "GET /reportes_sipse/sdg/ServletViabilidad?reporte=memo_viabilidad&solicitud=23255 HTTP/1.1" 200 1538
181.50.119.240 - - [10/Dec/2023:23:16:44 -0500] "GET /sipse/faces/javax.faces.resource/theme.css?ln=primefaces-sipse HTTP/1.1" 304 -
181.50.119.240 - - [10/Dec/2023:23:16:41 -0500] "POST /sipse/faces/presentacion/financiero/solicitudProceso/consultarSolicitudProceso.xhtml HTTP/1.1" 200 68441
181.50.119.240 - - [10/Dec/2023:23:16:44 -0500] "GET /sipse/faces/javax.faces.resource/primefaces.css?ln=primefaces&v=4.0 HTTP/1.1" 304 -
181.50.119.240 - - [10/Dec/2023:23:16:44 -0500] "GET /sipse/faces/javax.faces.resource/layout/layout.css?ln=primefaces&v=4.0 HTTP/1.1" 304 -
181.50.119.240 - - [10/Dec/2023:23:16:44 -0500] "GET /sipse/faces/javax.faces.resource/jquery/jquery.js?ln=primefaces&v=4.0 HTTP/1.1" 304 -
181.50.119.240 - - [10/Dec/2023:23:16:44 -0500] "GET /sipse/faces/javax.faces.resource/primefaces.js?ln=primefaces&v=4.0 HTTP/1.1" 304 -
181.50.119.240 - - [10/Dec/2023:23:16:44 -0500] "GET /sipse/faces/javax.faces.resource/jquery/jquery-plugins.js?ln=primefaces&v=4.0 HTTP/1.1" 304 -
181.50.119.240 - - [10/Dec/2023:23:16:44 -0500] "GET /sipse/faces/javax.faces.resource/layout/layout.js?ln=primefaces&v=4.0 HTTP/1.1" 304 -
181.50.119.240 - - [10/Dec/2023:23:16:44 -0500] "POST /sipse/faces/presentacion/financiero/solicitudProceso/listarSolicitudProceso.xhtml HTTP/1.1" 200 1564
181.50.119.240 - - [10/Dec/2023:23:16:45 -0500] "POST /sipse/faces/presentacion/financiero/solicitudProceso/listarSolicitudProceso.xhtml HTTP/1.1" 200 1560
181.50.119.240 - - [10/Dec/2023:23:16:47 -0500] "POST /sipse/faces/presentacion/financiero/solicitudProceso/listarSolicitudProceso.xhtml HTTP/1.1" 200 11080
181.50.119.240 - - [10/Dec/2023:23:16:53 -0500] "POST /sipse/faces/presentacion/financiero/solicitudProceso/listarSolicitudProceso.xhtml HTTP/1.1" 200 108575
181.50.119.240 - - [10/Dec/2023:23:16:54 -0500] "GET /sipse/faces/javax.faces.resource/theme.css?ln=primefaces-sipse HTTP/1.1" 304 -
181.50.119.240 - - [10/Dec/2023:23:16:54 -0500] "GET /sipse/faces/javax.faces.resource/primefaces.css?ln=primefaces&v=4.0 HTTP/1.1" 304 -
181.50.119.240 - - [10/Dec/2023:23:16:54 -0500] "GET /sipse/faces/javax.faces.resource/layout/layout.css?ln=primefaces&v=4.0 HTTP/1.1" 304 -
181.50.119.240 - - [10/Dec/2023:23:16:54 -0500] "GET /sipse/faces/javax.faces.resource/jquery/jquery.js?ln=primefaces&v=4.0 HTTP/1.1" 304 -
181.50.119.240 - - [10/Dec/2023:23:16:54 -0500] "GET /sipse/faces/javax.faces.resource/jquery/jquery-plugins.js?ln=primefaces&v=4.0 HTTP/1.1" 304 -
181.50.119.240 - - [10/Dec/2023:23:16:54 -0500] "GET /sipse/faces/javax.faces.resource/primefaces.js?ln=primefaces&v=4.0 HTTP/1.1" 304 -
181.50.119.240 - - [10/Dec/2023:23:16:54 -0500] "GET /sipse/faces/javax.faces.resource/layout/layout.js?ln=primefaces&v=4.0 HTTP/1.1" 304 -
181.50.119.240 - - [10/Dec/2023:23:17:20 -0500] "POST /sipse/faces/presentacion/financiero/solicitudProceso/consultarSolicitudProceso.xhtml HTTP/1.1" 200 5462
216.245.221.92 - - [10/Dec/2023:23:17:48 -0500] "HEAD / HTTP/1.1" 200 -
186.102.59.92 - - [10/Dec/2023:23:18:20 -0500] "GET /kwssiamovil/sm/ldap/au?x=U2FsdGVkX1/IHu3+xQCwpUQC/xTi4GZwSizsiQI4g2fa4erjsUscw33g2oeVyevc&y=U2FsdGVkX18Rkf2MBtBvlvX0Aw0kIkuulK9EIPJhBW1nxol3iYhGy8gFyUFTIq7Y HTTP/1.1" 200 30
186.102.59.92 - - [10/Dec/2023:23:18:20 -0500] "GET /kwssiamovil/sm/acme/s?s=U2FsdGVkX1/ERfENHJ2c27z/yHYIERo7AkxBjVNcV4UiYT762JITPnuWxknqPPlwUcikocjhmz6kqhq6Xc6fur5djtTLM3hKyfkXmXxla6g=&u=U2FsdGVkX18MhppBDWRz+npLdltskicszqwWU7oplgI=&y=U2FsdGVkX18Rkf2MBtBvlvX0Aw0kIkuulK9EIPJhBW1nxol3iYhGy8gFyUFTIq7Y HTTP/1.1" 200 97
186.102.59.92 - - [10/Dec/2023:23:18:21 -0500] "GET /kwssiamovil/sm/acme/s?s=U2FsdGVkX19uryniVOCYw8l4ECDUhzx9XEtxyYlyZxX2yZ+yphcP6SNPFV4DuF83g0ORdvddvExFJFBdOXu8oG6svRlj8cjpeEo4NE3CEeTbAei3YRalrqLnS+LJUdUnHNvvnZrfySyr3AdcxI1kn+h6sb3EAPlZkwXogSCMrArRfrh52/INlBu0S10WQv6y2rmDiR//fGbldMaKlFW9Q+TRxPwJRtpUhgZJsummv/pW5RQK+6XNZeuTVu7CADrSknezfgGU5VK5sDdc0phomGLC0KYfgwz1WQ0predqv1LEcL81FXO9Gxlaqb6AhXwvyhHWXuJjGmo2RYEkPP0l3Rt0pmhrzr1kIWMJuGc654FeSyf9KQQTy2XwqeTUR7n0aauhcvbO8aLjvr4xW6bny+u+rFylOU7sVmBU8euG4qLiamCHBG+YiCNPP+Kxx+BG9sEc0rffrMPLZiSVd80uBoHOlWfB18oxLeSffuvyF/dn6cxM/3lbZw+XtDu4VBu1MUHD8QwXXnyojCLZgPRGQrJqEQlNSntxl8rDJy3aCQMBurIJKa63g/y/m4+iqQuWTjEDMA5HLQ8KO5QdtviMWQDJuf/JI0Jcj4UlQ/VZnAsUWl7uV4YQfxUMAFIK4QyZ4uyitbgPlaB6yaMQSAfuoT2XhM5SqaMiHfGVEu7Td0yalKiaoQNupBFvioXsGgGOc4X7O0ng1eq+B4LqNy1qxJ7WSfMwb7oIpZXoXhZKhjbZZ/X2obQklVcebyXTHmwDGaOfk9hX5G3+boXSgy4by9LfiGAUF7vs0mLiQ4tNdLF7QfjPHkLrVPHFLRRWpfp1x6/+wjyy3HrZ7M6G8lYUekxP5tZHkeO02Z/lTuYy911LT1v+CBvWyOVD2CJ5zrFeqAhMShHHfNkwGZLcPTk8tcDknCq+yAStSjcEurrxgDpVBf5+v5UCwY+UyZzW0/fLfq+IiVgqwmWoK0r12PieAIYP3ebR4Lq86Ai3MaDxTZNQfB9temtYZms8qjeCbi6XvDoS5UktMEZ5JnrspKGsNtA6t3e4dUc68WiBKwdvGkUlkJHwWr9OTYc7nmIq44I5bX8VbvoqO7HYYTdOzsnD5HX4zSL/D6Zzzs1qUMfuqtRO0Qe5EhGclOtMzBQGixaUXzsNi8e1E47dblW22Pmn2hKC26oYtWz4uNMHXdTWYoz97s4gZ3FNWM908UkHSSB2mghWP4zsLH+ww0N2dJw+c+UTaNEDbitHLm11y2tb6FItuy6lx1QAndo+1/E9BBKnsz8NgKyRxp31t9u8DksZMl7HTpN9C6c2AeLj2sD89FJwxxA0ZUWZ2SRSf4quqxX67vL0V+RBUMflAE8Dip4lgYE6nEmdkmFltnSlJXZ6ZKzu+okXWB08aboYaxrGfcO3OBcnfLRwhRcs4LuXL7tp9uKSEw2KTygoJF2XtZfevNsIVbBzhoR+TBIR0qQlhsDzRfmX/2Pvq9QGMphq1+Wkfkobbahg67iaaFitSXreNSoDRjzXlJ2fZVkOEO5niW/6kpBgQIjuDliZjvrnhoSX9TY14bKmDFBjtj3EaX88XrFGXdJvC8ETDEz5S7iNAs+Z7H7gvW50xYomOG0mj2rxJ9xAe65dmORrvdO7iZUE8lz0Nff5g7swaxnXdWXMzXqzRNHLtwyTYUpuJXCE/eWzcnzQBg3NsYv4wt9wfMTRGR8hkDssECEnWCG913sGdKJQ310457zfm4RLBVXzXr4b85s+8ZzbLqy629Amc98wgQ8=&u=U2FsdGVkX18MhppBDWRz+npLdltskicszqwWU7oplgI=&y=U2FsdGVkX18Rkf2MBtBvlvX0Aw0kIkuulK9EIPJhBW1nxol3iYhGy8gFyUFTIq7Y HTTP/1.1" 200 31986
186.102.59.92 - - [10/Dec/2023:23:18:22 -0500] "GET /kwssiamovil/sm/acme/s?s=U2FsdGVkX1/fVrTUkhR4qHHCwP8u3cvP8DtwQ2aXV38vO0i5OneyeumY2R/XwhlBhv3nbN4/FaI3GRHL6xPzH5/iRTyLt8/stpke0x9e+S1mATrAKcF/yRnDZBiV5SljnRRIXFIoKpG7zbqwBRb9u3pdKr7/wyP+azbYIKm7GPtKNtHM/WMJDY5ErExo1JWzcSe80/qMA9frjPUgn0chTY5h2xkQAOXVN1Z+zezetkrJXq94ArxMvsDvpaYiiobqHt2FBM6mgzLlvdglBpTeTcDzv1N8qAynd7h/b63sf4fppRgjR4+bjq9CsR3FLDVVlCLe6EAlPzE7PpW7TfiniVrWN6NoUymz6EsW9MoIvXtPMgDruGH6M+/tORQ9pXQ7Oam3AM0AJWxMkRCBMcM0BKuC50Pf25gx47GA+iCxQm4AdVUXOjPM6eZ5DW1SppfC0oASqXqSVSzbnajonZj+gBj4QehzErKGRkvI8t4KlP8BvpR8op2CTFxlBA7LlVNGIO98Z87MOP45Xz4A7chpgSQT04lHaJi15n6my0tv/iQLhfZPgyQojW9I5J82SNEZ3NDeJ/I1QjwLouubWqIHpV/rlDUd+KNNHYMB8/ml9pjSSmgFZAOZYJh17cMIu6XLseQB3/0X15Edh1O4386yhAYo8sNvSmnII8sB6U26v2rT+o1MxQxR37+fs+9EtZpWxNT4OrgeH9ZOB6VpQricGkhD/gX8KFrlfGJuZ9D1NVmrcCTbcIWe2VIXpzw74vE2&u=U2FsdGVkX18MhppBDWRz+npLdltskicszqwWU7oplgI=&y=U2FsdGVkX18Rkf2MBtBvlvX0Aw0kIkuulK9EIPJhBW1nxol3iYhGy8gFyUFTIq7Y HTTP/1.1" 200 208
186.102.59.92 - - [10/Dec/2023:23:18:23 -0500] "GET /kwssiamovil/sm/cjson/pre?f=1&x=U2FsdGVkX1/IHu3+xQCwpUQC/xTi4GZwSizsiQI4g2fa4erjsUscw33g2oeVyevc HTTP/1.1" 200 31032
181.50.119.240 - - [10/Dec/2023:23:18:32 -0500] "POST /sipse/faces/presentacion/financiero/solicitudProceso/consultarSolicitudProceso.xhtml HTTP/1.1" 200 458969
172.22.2.4 - - [10/Dec/2023:23:17:21 -0500] "HEAD /BLA/boletinlegal/ HTTP/1.1" 200 -
172.22.1.61 - - [10/Dec/2023:23:19:03 -0500] "GET /reportes_sipse/sdg/ServletViabilidad?reporte=memo_viabilidad&solicitud=23256 HTTP/1.1" 200 1538
181.50.119.240 - - [10/Dec/2023:23:19:05 -0500] "GET /sipse/faces/javax.faces.resource/theme.css?ln=primefaces-sipse HTTP/1.1" 304 -
181.50.119.240 - - [10/Dec/2023:23:19:05 -0500] "GET /sipse/faces/javax.faces.resource/layout/layout.css?ln=primefaces&v=4.0 HTTP/1.1" 304 -
181.50.119.240 - - [10/Dec/2023:23:19:05 -0500] "GET /sipse/faces/javax.faces.resource/primefaces.css?ln=primefaces&v=4.0 HTTP/1.1" 304 -
181.50.119.240 - - [10/Dec/2023:23:19:05 -0500] "GET /sipse/faces/javax.faces.resource/jquery/jquery.js?ln=primefaces&v=4.0 HTTP/1.1" 304 -
181.50.119.240 - - [10/Dec/2023:23:19:05 -0500] "GET /sipse/faces/javax.faces.resource/jquery/jquery-plugins.js?ln=primefaces&v=4.0 HTTP/1.1" 304 -
181.50.119.240 - - [10/Dec/2023:23:19:03 -0500] "POST /sipse/faces/presentacion/financiero/solicitudProceso/consultarSolicitudProceso.xhtml HTTP/1.1" 200 68441
181.50.119.240 - - [10/Dec/2023:23:19:05 -0500] "GET /sipse/faces/javax.faces.resource/primefaces.js?ln=primefaces&v=4.0 HTTP/1.1" 304 -
181.50.119.240 - - [10/Dec/2023:23:19:05 -0500] "GET /sipse/faces/javax.faces.resource/layout/layout.js?ln=primefaces&v=4.0 HTTP/1.1" 304 -
181.50.119.240 - - [10/Dec/2023:23:19:05 -0500] "POST /sipse/faces/presentacion/financiero/solicitudProceso/listarSolicitudProceso.xhtml HTTP/1.1" 200 1564
181.50.119.240 - - [10/Dec/2023:23:19:05 -0500] "POST /sipse/faces/presentacion/financiero/solicitudProceso/listarSolicitudProceso.xhtml HTTP/1.1" 200 1560
181.50.119.240 - - [10/Dec/2023:23:19:09 -0500] "POST /sipse/faces/presentacion/financiero/solicitudProceso/listarSolicitudProceso.xhtml HTTP/1.1" 200 7911
181.50.119.240 - - [10/Dec/2023:23:19:13 -0500] "POST /sipse/faces/presentacion/financiero/solicitudProceso/listarSolicitudProceso.xhtml HTTP/1.1" 200 108503
181.50.119.240 - - [10/Dec/2023:23:19:14 -0500] "GET /sipse/faces/javax.faces.resource/primefaces.css?ln=primefaces&v=4.0 HTTP/1.1" 304 -
181.50.119.240 - - [10/Dec/2023:23:19:14 -0500] "GET /sipse/faces/javax.faces.resource/layout/layout.css?ln=primefaces&v=4.0 HTTP/1.1" 304 -
181.50.119.240 - - [10/Dec/2023:23:19:14 -0500] "GET /sipse/faces/javax.faces.resource/theme.css?ln=primefaces-sipse HTTP/1.1" 304 -
181.50.119.240 - - [10/Dec/2023:23:19:14 -0500] "GET /sipse/faces/javax.faces.resource/jquery/jquery.js?ln=primefaces&v=4.0 HTTP/1.1" 304 -
181.50.119.240 - - [10/Dec/2023:23:19:14 -0500] "GET /sipse/faces/javax.faces.resource/jquery/jquery-plugins.js?ln=primefaces&v=4.0 HTTP/1.1" 304 -
181.50.119.240 - - [10/Dec/2023:23:19:14 -0500] "GET /sipse/faces/javax.faces.resource/primefaces.js?ln=primefaces&v=4.0 HTTP/1.1" 304 -
181.50.119.240 - - [10/Dec/2023:23:19:14 -0500] "GET /sipse/faces/javax.faces.resource/layout/layout.js?ln=primefaces&v=4.0 HTTP/1.1" 304 -
201.245.192.253 - - [10/Dec/2023:23:19:30 -0500] "POST /kwsrmcab/Wsrmcab  HTTP/1.1" 200 41806
181.50.119.240 - - [10/Dec/2023:23:19:44 -0500] "POST /sipse/faces/presentacion/financiero/solicitudProceso/consultarSolicitudProceso.xhtml HTTP/1.1" 200 5462
172.22.2.4 - - [10/Dec/2023:23:18:11 -0500] "GET /BLA/boletinlegal/ HTTP/1.1" 200 58294
181.50.119.240 - - [10/Dec/2023:23:19:56 -0500] "POST /sipse/faces/presentacion/financiero/solicitudProceso/listarSolicitudProceso.xhtml HTTP/1.1" 200 1564
181.50.119.240 - - [10/Dec/2023:23:19:56 -0500] "POST /sipse/faces/presentacion/financiero/solicitudProceso/listarSolicitudProceso.xhtml HTTP/1.1" 200 1560
181.50.119.240 - - [10/Dec/2023:23:19:58 -0500] "POST /sipse/faces/presentacion/financiero/solicitudProceso/listarSolicitudProceso.xhtml HTTP/1.1" 200 7911
181.50.119.240 - - [10/Dec/2023:23:20:05 -0500] "POST /sipse/faces/presentacion/financiero/solicitudProceso/listarSolicitudProceso.xhtml HTTP/1.1" 200 108503
181.50.119.240 - - [10/Dec/2023:23:20:06 -0500] "GET /sipse/faces/javax.faces.resource/theme.css?ln=primefaces-sipse HTTP/1.1" 304 -
181.50.119.240 - - [10/Dec/2023:23:20:06 -0500] "GET /sipse/faces/javax.faces.resource/primefaces.css?ln=primefaces&v=4.0 HTTP/1.1" 304 -
181.50.119.240 - - [10/Dec/2023:23:20:06 -0500] "GET /sipse/faces/javax.faces.resource/layout/layout.css?ln=primefaces&v=4.0 HTTP/1.1" 304 -
181.50.119.240 - - [10/Dec/2023:23:20:06 -0500] "GET /sipse/faces/javax.faces.resource/jquery/jquery.js?ln=primefaces&v=4.0 HTTP/1.1" 304 -
181.50.119.240 - - [10/Dec/2023:23:20:06 -0500] "GET /sipse/faces/javax.faces.resource/jquery/jquery-plugins.js?ln=primefaces&v=4.0 HTTP/1.1" 304 -
181.50.119.240 - - [10/Dec/2023:23:20:06 -0500] "GET /sipse/faces/javax.faces.resource/primefaces.js?ln=primefaces&v=4.0 HTTP/1.1" 304 -
181.50.119.240 - - [10/Dec/2023:23:20:06 -0500] "GET /sipse/faces/javax.faces.resource/layout/layout.js?ln=primefaces&v=4.0 HTTP/1.1" 304 -
201.245.192.253 - - [10/Dec/2023:23:20:06 -0500] "POST /kwsrmcab/Wsrmcab HTTP/1.1" 200 38426
181.50.119.240 - - [10/Dec/2023:23:20:15 -0500] "POST /sipse/faces/presentacion/financiero/solicitudProceso/consultarSolicitudProceso.xhtml HTTP/1.1" 200 5462
201.245.192.253 - - [10/Dec/2023:23:20:15 -0500] "POST /kwsrmcab/Wsrmcab HTTP/1.1" 200 38608
181.50.119.240 - - [10/Dec/2023:23:21:21 -0500] "POST /sipse/faces/presentacion/financiero/solicitudProceso/consultarSolicitudProceso.xhtml HTTP/1.1" 200 542315
172.22.1.61 - - [10/Dec/2023:23:21:49 -0500] "GET /reportes_sipse/sdg/ServletViabilidad?reporte=memo_viabilidad&solicitud=23259 HTTP/1.1" 200 1538
181.50.119.240 - - [10/Dec/2023:23:21:51 -0500] "GET /sipse/faces/javax.faces.resource/theme.css?ln=primefaces-sipse HTTP/1.1" 304 -
181.50.119.240 - - [10/Dec/2023:23:21:49 -0500] "POST /sipse/faces/presentacion/financiero/solicitudProceso/consultarSolicitudProceso.xhtml HTTP/1.1" 200 68441
181.50.119.240 - - [10/Dec/2023:23:21:51 -0500] "GET /sipse/faces/javax.faces.resource/primefaces.css?ln=primefaces&v=4.0 HTTP/1.1" 304 -
181.50.119.240 - - [10/Dec/2023:23:21:51 -0500] "GET /sipse/faces/javax.faces.resource/jquery/jquery.js?ln=primefaces&v=4.0 HTTP/1.1" 304 -
181.50.119.240 - - [10/Dec/2023:23:21:51 -0500] "GET /sipse/faces/javax.faces.resource/layout/layout.css?ln=primefaces&v=4.0 HTTP/1.1" 304 -
181.50.119.240 - - [10/Dec/2023:23:21:51 -0500] "GET /sipse/faces/javax.faces.resource/jquery/jquery-plugins.js?ln=primefaces&v=4.0 HTTP/1.1" 304 -
181.50.119.240 - - [10/Dec/2023:23:21:51 -0500] "GET /sipse/faces/javax.faces.resource/primefaces.js?ln=primefaces&v=4.0 HTTP/1.1" 304 -
181.50.119.240 - - [10/Dec/2023:23:21:52 -0500] "GET /sipse/faces/javax.faces.resource/layout/layout.js?ln=primefaces&v=4.0 HTTP/1.1" 304 -
181.50.119.240 - - [10/Dec/2023:23:21:52 -0500] "POST /sipse/faces/presentacion/financiero/solicitudProceso/listarSolicitudProceso.xhtml HTTP/1.1" 200 1564
181.50.119.240 - - [10/Dec/2023:23:21:52 -0500] "POST /sipse/faces/presentacion/financiero/solicitudProceso/listarSolicitudProceso.xhtml HTTP/1.1" 200 1560
181.50.119.240 - - [10/Dec/2023:23:21:54 -0500] "POST /sipse/faces/presentacion/financiero/solicitudProceso/listarSolicitudProceso.xhtml HTTP/1.1" 200 4789
181.50.119.240 - - [10/Dec/2023:23:21:58 -0500] "POST /sipse/faces/presentacion/financiero/solicitudProceso/listarSolicitudProceso.xhtml HTTP/1.1" 200 108343
181.50.119.240 - - [10/Dec/2023:23:21:59 -0500] "GET /sipse/faces/javax.faces.resource/primefaces.css?ln=primefaces&v=4.0 HTTP/1.1" 304 -
181.50.119.240 - - [10/Dec/2023:23:21:59 -0500] "GET /sipse/faces/javax.faces.resource/theme.css?ln=primefaces-sipse HTTP/1.1" 304 -
181.50.119.240 - - [10/Dec/2023:23:21:59 -0500] "GET /sipse/faces/javax.faces.resource/jquery/jquery.js?ln=primefaces&v=4.0 HTTP/1.1" 304 -
181.50.119.240 - - [10/Dec/2023:23:21:59 -0500] "GET /sipse/faces/javax.faces.resource/layout/layout.css?ln=primefaces&v=4.0 HTTP/1.1" 304 -
181.50.119.240 - - [10/Dec/2023:23:21:59 -0500] "GET /sipse/faces/javax.faces.resource/jquery/jquery-plugins.js?ln=primefaces&v=4.0 HTTP/1.1" 304 -
181.50.119.240 - - [10/Dec/2023:23:21:59 -0500] "GET /sipse/faces/javax.faces.resource/primefaces.js?ln=primefaces&v=4.0 HTTP/1.1" 304 -
181.50.119.240 - - [10/Dec/2023:23:21:59 -0500] "GET /sipse/faces/javax.faces.resource/layout/layout.js?ln=primefaces&v=4.0 HTTP/1.1" 304 -
181.50.119.240 - - [10/Dec/2023:23:22:37 -0500] "POST /sipse/faces/presentacion/financiero/solicitudProceso/consultarSolicitudProceso.xhtml HTTP/1.1" 200 5462
216.244.66.195 - - [10/Dec/2023:23:22:38 -0500] "GET /galeria/galeria/fotos/Huemdal-Cordoba1G.jpg HTTP/1.1" 200 379768
216.245.221.92 - - [10/Dec/2023:23:22:48 -0500] "HEAD / HTTP/1.1" 200 -
181.50.119.240 - - [10/Dec/2023:23:23:23 -0500] "POST /sipse/faces/presentacion/financiero/solicitudProceso/consultarSolicitudProceso.xhtml HTTP/1.1" 200 283388
199.16.157.180 - - [10/Dec/2023:23:23:46 -0500] "GET /images/pl%C3%A1sticos%20foto%201..jpg HTTP/1.1" 404 1034
172.22.1.61 - - [10/Dec/2023:23:23:52 -0500] "GET /reportes_sipse/sdg/ServletViabilidad?reporte=memo_viabilidad&solicitud=23257 HTTP/1.1" 200 1538
181.50.119.240 - - [10/Dec/2023:23:23:52 -0500] "POST /sipse/faces/presentacion/financiero/solicitudProceso/consultarSolicitudProceso.xhtml HTTP/1.1" 200 68371
181.50.119.240 - - [10/Dec/2023:23:23:55 -0500] "GET /sipse/faces/javax.faces.resource/theme.css?ln=primefaces-sipse HTTP/1.1" 304 -
181.50.119.240 - - [10/Dec/2023:23:23:55 -0500] "GET /sipse/faces/javax.faces.resource/primefaces.css?ln=primefaces&v=4.0 HTTP/1.1" 304 -
181.50.119.240 - - [10/Dec/2023:23:23:55 -0500] "GET /sipse/faces/javax.faces.resource/layout/layout.css?ln=primefaces&v=4.0 HTTP/1.1" 304 -
181.50.119.240 - - [10/Dec/2023:23:23:55 -0500] "GET /sipse/faces/javax.faces.resource/jquery/jquery.js?ln=primefaces&v=4.0 HTTP/1.1" 304 -
181.50.119.240 - - [10/Dec/2023:23:23:55 -0500] "GET /sipse/faces/javax.faces.resource/jquery/jquery-plugins.js?ln=primefaces&v=4.0 HTTP/1.1" 304 -
181.50.119.240 - - [10/Dec/2023:23:23:55 -0500] "GET /sipse/faces/javax.faces.resource/primefaces.js?ln=primefaces&v=4.0 HTTP/1.1" 304 -
181.50.119.240 - - [10/Dec/2023:23:23:55 -0500] "GET /sipse/faces/javax.faces.resource/layout/layout.js?ln=primefaces&v=4.0 HTTP/1.1" 304 -
181.50.119.240 - - [10/Dec/2023:23:23:55 -0500] "POST /sipse/faces/presentacion/financiero/solicitudProceso/listarSolicitudProceso.xhtml HTTP/1.1" 200 1564
181.50.119.240 - - [10/Dec/2023:23:23:55 -0500] "POST /sipse/faces/presentacion/financiero/solicitudProceso/listarSolicitudProceso.xhtml HTTP/1.1" 200 1560
181.50.119.240 - - [10/Dec/2023:23:24:13 -0500] "POST /sipse/faces/presentacion/financiero/solicitudProceso/listarSolicitudProceso.xhtml HTTP/1.1" 200 108169
181.50.119.240 - - [10/Dec/2023:23:24:14 -0500] "GET /sipse/faces/javax.faces.resource/theme.css?ln=primefaces-sipse HTTP/1.1" 304 -
181.50.119.240 - - [10/Dec/2023:23:24:14 -0500] "GET /sipse/faces/javax.faces.resource/jquery/jquery.js?ln=primefaces&v=4.0 HTTP/1.1" 304 -
181.50.119.240 - - [10/Dec/2023:23:24:14 -0500] "GET /sipse/faces/javax.faces.resource/primefaces.css?ln=primefaces&v=4.0 HTTP/1.1" 304 -
181.50.119.240 - - [10/Dec/2023:23:24:14 -0500] "GET /sipse/faces/javax.faces.resource/layout/layout.css?ln=primefaces&v=4.0 HTTP/1.1" 304 -
181.50.119.240 - - [10/Dec/2023:23:24:14 -0500] "GET /sipse/faces/javax.faces.resource/jquery/jquery-plugins.js?ln=primefaces&v=4.0 HTTP/1.1" 304 -
181.50.119.240 - - [10/Dec/2023:23:24:14 -0500] "GET /sipse/faces/javax.faces.resource/primefaces.js?ln=primefaces&v=4.0 HTTP/1.1" 304 -
181.50.119.240 - - [10/Dec/2023:23:24:14 -0500] "GET /sipse/faces/javax.faces.resource/layout/layout.js?ln=primefaces&v=4.0 HTTP/1.1" 304 -
207.46.13.230 - - [10/Dec/2023:23:24:30 -0500] "GET /robots.txt HTTP/1.1" 404 1049
201.245.192.253 - - [10/Dec/2023:23:24:29 -0500] "POST /kwsrmcab/Wsrmcab  HTTP/1.1" 200 41806
40.77.167.22 - - [10/Dec/2023:23:24:35 -0500] "GET /BLA/boletinlegal/Circulares/2019/Circular%20No.%20006%20del%2008%20de%20Febrero%20de%202019.pdf HTTP/1.1" 304 -
181.50.119.240 - - [10/Dec/2023:23:24:44 -0500] "POST /sipse/faces/presentacion/financiero/solicitudProceso/consultarSolicitudProceso.xhtml HTTP/1.1" 200 5462
172.22.2.4 - - [10/Dec/2023:23:23:11 -0500] "HEAD /BLA/boletinlegal/ HTTP/1.1" 200 -
66.249.66.194 - - [10/Dec/2023:23:25:02 -0500] "GET /mujeres-que-reverdecen-secretaria-de-ambiente-anuncia-el-inicio-de-la-tercera-fase.html HTTP/1.1" 304 -
181.50.119.240 - - [10/Dec/2023:23:25:26 -0500] "POST /sipse/faces/presentacion/financiero/solicitudProceso/consultarSolicitudProceso.xhtml HTTP/1.1" 200 283541
172.22.1.61 - - [10/Dec/2023:23:25:38 -0500] "GET /reportes_sipse/sdg/ServletViabilidad?reporte=memo_viabilidad&solicitud=23210 HTTP/1.1" 200 1538
181.50.119.240 - - [10/Dec/2023:23:25:38 -0500] "POST /sipse/faces/presentacion/financiero/solicitudProceso/consultarSolicitudProceso.xhtml HTTP/1.1" 200 65422
181.50.119.240 - - [10/Dec/2023:23:25:40 -0500] "GET /sipse/faces/javax.faces.resource/theme.css?ln=primefaces-sipse HTTP/1.1" 304 -
181.50.119.240 - - [10/Dec/2023:23:25:40 -0500] "GET /sipse/faces/javax.faces.resource/primefaces.css?ln=primefaces&v=4.0 HTTP/1.1" 304 -
181.50.119.240 - - [10/Dec/2023:23:25:40 -0500] "GET /sipse/faces/javax.faces.resource/layout/layout.css?ln=primefaces&v=4.0 HTTP/1.1" 304 -
181.50.119.240 - - [10/Dec/2023:23:25:40 -0500] "GET /sipse/faces/javax.faces.resource/jquery/jquery-plugins.js?ln=primefaces&v=4.0 HTTP/1.1" 304 -
181.50.119.240 - - [10/Dec/2023:23:25:40 -0500] "GET /sipse/faces/javax.faces.resource/primefaces.js?ln=primefaces&v=4.0 HTTP/1.1" 304 -
181.50.119.240 - - [10/Dec/2023:23:25:40 -0500] "GET /sipse/faces/javax.faces.resource/jquery/jquery.js?ln=primefaces&v=4.0 HTTP/1.1" 304 -
181.50.119.240 - - [10/Dec/2023:23:25:40 -0500] "GET /sipse/faces/javax.faces.resource/layout/layout.js?ln=primefaces&v=4.0 HTTP/1.1" 304 -
181.50.119.240 - - [10/Dec/2023:23:25:41 -0500] "POST /sipse/faces/presentacion/financiero/solicitudProceso/listarSolicitudProceso.xhtml HTTP/1.1" 200 1564
181.50.119.240 - - [10/Dec/2023:23:25:41 -0500] "POST /sipse/faces/presentacion/financiero/solicitudProceso/listarSolicitudProceso.xhtml HTTP/1.1" 200 1560
172.22.2.4 - - [10/Dec/2023:23:24:01 -0500] "GET /BLA/boletinlegal/ HTTP/1.1" 200 58294
181.50.119.240 - - [10/Dec/2023:23:25:54 -0500] "POST /sipse/faces/presentacion/financiero/solicitudProceso/listarSolicitudProceso.xhtml HTTP/1.1" 200 109402
181.50.119.240 - - [10/Dec/2023:23:25:55 -0500] "GET /sipse/faces/javax.faces.resource/theme.css?ln=primefaces-sipse HTTP/1.1" 304 -
181.50.119.240 - - [10/Dec/2023:23:25:55 -0500] "GET /sipse/faces/javax.faces.resource/primefaces.css?ln=primefaces&v=4.0 HTTP/1.1" 304 -
181.50.119.240 - - [10/Dec/2023:23:25:55 -0500] "GET /sipse/faces/javax.faces.resource/layout/layout.css?ln=primefaces&v=4.0 HTTP/1.1" 304 -
181.50.119.240 - - [10/Dec/2023:23:25:55 -0500] "GET /sipse/faces/javax.faces.resource/jquery/jquery.js?ln=primefaces&v=4.0 HTTP/1.1" 304 -
181.50.119.240 - - [10/Dec/2023:23:25:55 -0500] "GET /sipse/faces/javax.faces.resource/jquery/jquery-plugins.js?ln=primefaces&v=4.0 HTTP/1.1" 304 -
181.50.119.240 - - [10/Dec/2023:23:25:55 -0500] "GET /sipse/faces/javax.faces.resource/primefaces.js?ln=primefaces&v=4.0 HTTP/1.1" 304 -
181.50.119.240 - - [10/Dec/2023:23:25:55 -0500] "GET /sipse/faces/javax.faces.resource/layout/layout.js?ln=primefaces&v=4.0 HTTP/1.1" 304 -
181.50.119.240 - - [10/Dec/2023:23:26:21 -0500] "POST /sipse/faces/presentacion/financiero/solicitudProceso/consultarSolicitudProceso.xhtml HTTP/1.1" 200 5462
201.245.192.253 - - [10/Dec/2023:23:26:19 -0500] "POST /kwsrmcab/Wsrmcab HTTP/1.1" 200 38426
172.22.2.4 - - [10/Dec/2023:23:26:22 -0500] "GET /BLA/boletinlegal/robots.txt HTTP/1.1" 404 1038
201.245.192.253 - - [10/Dec/2023:23:26:23 -0500] "POST /kwsrmcab/Wsrmcab HTTP/1.1" 200 38608
186.102.59.92 - - [10/Dec/2023:23:26:44 -0500] "GET /kwssiamovil/sm/ldap/au?x=U2FsdGVkX18QE0lOG9DufsAHwBra5Zn7g2uWHY6PwVVQcTP+jKB6/Zg/WWFhHpXv&y=U2FsdGVkX1/+Kx5PJWrwaPlkLw1iDsauqQEsMS9WEfWzjHc7eHqelKOOHl5NmVNU HTTP/1.1" 200 30
186.102.59.92 - - [10/Dec/2023:23:26:44 -0500] "GET /kwssiamovil/sm/acme/s?s=U2FsdGVkX18MJUdbg3Rb2p/L4y9kNNBWzWEyVz6aUccokBgpuc60HGOPVOsuf2YkScoeYXDLvJkSWFPDgz/XI3h2soFTDzBQRYfbOA3zzGg=&u=U2FsdGVkX1//ui3uqoDIIIFYbb/f8pAFd2sPFZzFk/I=&y=U2FsdGVkX1/+Kx5PJWrwaPlkLw1iDsauqQEsMS9WEfWzjHc7eHqelKOOHl5NmVNU HTTP/1.1" 200 97
186.102.59.92 - - [10/Dec/2023:23:26:44 -0500] "GET /kwssiamovil/sm/acme/s?s=U2FsdGVkX195naKW3nVtVe5h32d9xhw8U0/ZGIp3WmvCkEd916I+c75fdKK7Y3S2vS/PXbufkKOqoIBigDZIm01l+50fK5uktGB5/UYp1uccAokrGq7oor9pjDXKvTw/smreux4/wgYoP+fsHHOlKt5kf4Qgh/TzaSCei9Ev1V8eXNT2Obe5RvtmkD7L+60Nmc6fnd09d86FGQjR8B3FkXyfHbSs4hPFaoFlDrgLEOna5ZN0eiAkP/rWFpBiOTHcGywKxsBsMWsxrT+qx15FHUN6KaSDhY0cRA+MGyye7cUX6cA8fuyiuC4ncUcR3Uox/99Oo2S7N0mdWMwesL6LhlAETq1oO/v79SfsAOnsEQgGixMJyejR7+pKniclGWcfQuou79/rGzQaiuwpZIHUfSGBZaaTuXYaW208osF44K7/40rSFa7L61U8T90+NHN0Dutw6c7MDlcuB5Pi/RmffPG2fh/Imv2MFrHAAChxSnIZVCe9yw+uCx07o9bqmm1qspz/w+QGMNy33x14uJkR8RcOp+sU9OClSAPqPUHxDH5nIjgN5mFy6Ugx/iSCs97hiF9HVUg5AE4tKebOIT6UWSQqbkQb+fFbMtVkidGS8DNHiPis5C2PXUcsQSiZGngYfooK91F1lHYOomG9/gxIsi7U4w+nyrZpJ0ZS/TtipcT/j6teClK9a4hn/lry4i2fLbDdEipulrs425JwRkOtmzH9qLGMMs2k29S/nTDeSvd5NUHzrklsAPkr3jbsecSA+/TaUNss3koBGa4VHY5dtBbJQ9u2XMDl6nGKUBZd7qN/y5WGFROXwFUb5B4m87BW1OYdruqVSdLFpZHy92k5i8J9K6UaSJ7dK3C7k8JciBCYD7T8v7v1WVaiiTUAeaWRTZzIfLy7ZRLwYRkY4Hq9AKEqD4AgPsI/cPp5piuhHDo0AtamL4rMvlkQ/OgBhCWVOa9hQ4yCS0+ewOL9CXxCB90OUHj+rlH5zpoWl1xda6jwrV+MuDFiIAWSpQj5ZkTaZ73cPotr4PdB2HGfgSKeABnGzHJz0ZERdDZbilsz0w/hSGNqKl44vm476lDRydyY8Z/l/wgVJBaKdxXpOkQjfb6jsGAZMRIhQ7gsxzhn4ZoaGrlgeLWcyV5FUEuPNFdSyzI24BGN6UYx+P7RlbRByZZEtFJXyfWOCPKXn/nR/Azbznq/s949+VcHzvzTu36jGl/TbTwlb6f7rbYSejgHSpInNvsDkSYhhU337mhFavXcdpZi6wck9x9om+Jor2+Xe/8TD0j/lPswcQFV1ASv9RKY3Kk8WTsXI//rbIQy80lk0qksSBub+xdjVoHoloSwR0d0KR4OJmyjEFNMNwEnaUHj3jCpwgHmZwKprfllU+x5uo0Ppv73StR06kXJRQR2/g69vjGEklXhMuXhjWPEs5CwJM0iZaJnHWO1A+t5HhoY85uTxrTuFMzCU7SJvantnPCWl5IZPS/W7GARXiPOcOGzIVVAdol9rAFRxSBKLghKXYpApYdRNAIaADp5q7YqygCNc8UT2KedjheUdzUxy9KR1OuDxh3YXL+dm+ntoxtWX52Rn+Z6lWB1lDp1jafAd44xne8/+krcqABybUR4dISPVKNCazYtyrY3iSeM8IwNwe83WLacN4sHjcjqu20mPHHFafInGTc/egMEeEkuk67Plh6x9VZE73SaJbScnLIqwnGH4TOMDeidiyHV8dkTN6sFtvCwgW9cwerJzfwNdme3D54FPuo3jahWD+5yLI8=&u=U2FsdGVkX1//ui3uqoDIIIFYbb/f8pAFd2sPFZzFk/I=&y=U2FsdGVkX1/+Kx5PJWrwaPlkLw1iDsauqQEsMS9WEfWzjHc7eHqelKOOHl5NmVNU HTTP/1.1" 200 31986
186.102.59.92 - - [10/Dec/2023:23:26:45 -0500] "GET /kwssiamovil/sm/acme/s?s=U2FsdGVkX1+XkB/jaGNH6MacUUelVe0fK7fwI183NQJoHG4/PYu2+Yr8GmUH9XVtdBhuQmoQHbYgc39pWSgR1Tbtxl7N+zapY2MCHRaa5oT7+TpfZuZe57kAzNkhhDH8DvCDVvyw5seFmnPjJbl4+GTqqD4RRL1S+yjFPlTf90gQmTupXqnBEgPy29sBWAKLc1KhYmO99fKJFnPQN7n3ar0VAqgSm+o3hPlyPsqMcnFWt7k/MRgF4fHhH3AQUo5iJwUqUc0Y5jdfevgPiOj7kMjo+9PpmpBuxtWZR9QpwoGNjfJuSvyjJJ2fy0stvgt/3l6kQB9X62YiEA2GpMVUV3NAP1wwJYKuUGiMJGsf0KLtMBL/J13RSfhv1j4wApEpQ0/8FOfyM1drpTI3ylWiTOfOH933ltQn8thMnZpQc21+gvgZ77YxbDZF9dCM310bIeI0/tqST2FV8Ga3WZz8pp4pb2PL+gpIGmUpBnm7To0K0FJ5U729MbXzHhNrtTQBe89w/vB2Il92AAXERAJsBEXv4NNn+zOSWxEgKBmmk7qV6p6xuUS5UzA8fp3pVg5xEIOvS4gSuduHPQjS5Vh9hqkGz2xevzORL9Ht1WH+oy2rgFARWdKHASHyNDlwWne54aOeEABV6HGd1Fl8H3VeL/zxmp4RfoCFChHU1ifyBnZtnp58FXySg2MdXxFLxBd6zUjA9onHsCq4pgxTvuKO+rXx8rIXTg1C2Oo5skZCf3seDL/45+/9SIdrLmAXaEDO&u=U2FsdGVkX1//ui3uqoDIIIFYbb/f8pAFd2sPFZzFk/I=&y=U2FsdGVkX1/+Kx5PJWrwaPlkLw1iDsauqQEsMS9WEfWzjHc7eHqelKOOHl5NmVNU HTTP/1.1" 200 208
186.102.59.92 - - [10/Dec/2023:23:26:45 -0500] "GET /kwssiamovil/sm/cjson/pre?f=1&x=U2FsdGVkX18QE0lOG9DufsAHwBra5Zn7g2uWHY6PwVVQcTP+jKB6/Zg/WWFhHpXv HTTP/1.1" 200 31032
181.50.119.240 - - [10/Dec/2023:23:27:07 -0500] "POST /sipse/faces/presentacion/financiero/solicitudProceso/consultarSolicitudProceso.xhtml HTTP/1.1" 200 465893
172.22.1.61 - - [10/Dec/2023:23:27:30 -0500] "GET /reportes_sipse/sdg/ServletViabilidad?reporte=memo_viabilidad&solicitud=23222 HTTP/1.1" 200 1538
181.50.119.240 - - [10/Dec/2023:23:27:32 -0500] "GET /sipse/faces/javax.faces.resource/theme.css?ln=primefaces-sipse HTTP/1.1" 304 -
181.50.119.240 - - [10/Dec/2023:23:27:30 -0500] "POST /sipse/faces/presentacion/financiero/solicitudProceso/consultarSolicitudProceso.xhtml HTTP/1.1" 200 62161
181.50.119.240 - - [10/Dec/2023:23:27:32 -0500] "GET /sipse/faces/javax.faces.resource/primefaces.css?ln=primefaces&v=4.0 HTTP/1.1" 304 -
181.50.119.240 - - [10/Dec/2023:23:27:32 -0500] "GET /sipse/faces/javax.faces.resource/layout/layout.css?ln=primefaces&v=4.0 HTTP/1.1" 304 -
181.50.119.240 - - [10/Dec/2023:23:27:32 -0500] "GET /sipse/faces/javax.faces.resource/jquery/jquery.js?ln=primefaces&v=4.0 HTTP/1.1" 304 -
181.50.119.240 - - [10/Dec/2023:23:27:32 -0500] "GET /sipse/faces/javax.faces.resource/jquery/jquery-plugins.js?ln=primefaces&v=4.0 HTTP/1.1" 304 -
181.50.119.240 - - [10/Dec/2023:23:27:32 -0500] "GET /sipse/faces/javax.faces.resource/primefaces.js?ln=primefaces&v=4.0 HTTP/1.1" 304 -
181.50.119.240 - - [10/Dec/2023:23:27:32 -0500] "GET /sipse/faces/javax.faces.resource/layout/layout.js?ln=primefaces&v=4.0 HTTP/1.1" 304 -
181.50.119.240 - - [10/Dec/2023:23:27:32 -0500] "POST /sipse/faces/presentacion/financiero/solicitudProceso/listarSolicitudProceso.xhtml HTTP/1.1" 200 1544
181.50.119.240 - - [10/Dec/2023:23:27:33 -0500] "POST /sipse/faces/presentacion/financiero/solicitudProceso/listarSolicitudProceso.xhtml HTTP/1.1" 200 1548
216.245.221.92 - - [10/Dec/2023:23:27:48 -0500] "HEAD / HTTP/1.1" 200 -
181.50.119.240 - - [10/Dec/2023:23:27:50 -0500] "POST /sipse/faces/presentacion/financiero/solicitudProceso/listarSolicitudProceso.xhtml HTTP/1.1" 200 108677
181.50.119.240 - - [10/Dec/2023:23:27:51 -0500] "GET /sipse/faces/javax.faces.resource/theme.css?ln=primefaces-sipse HTTP/1.1" 304 -
181.50.119.240 - - [10/Dec/2023:23:27:51 -0500] "GET /sipse/faces/javax.faces.resource/layout/layout.css?ln=primefaces&v=4.0 HTTP/1.1" 304 -
181.50.119.240 - - [10/Dec/2023:23:27:51 -0500] "GET /sipse/faces/javax.faces.resource/jquery/jquery.js?ln=primefaces&v=4.0 HTTP/1.1" 304 -
181.50.119.240 - - [10/Dec/2023:23:27:51 -0500] "GET /sipse/faces/javax.faces.resource/primefaces.css?ln=primefaces&v=4.0 HTTP/1.1" 304 -
181.50.119.240 - - [10/Dec/2023:23:27:51 -0500] "GET /sipse/faces/javax.faces.resource/jquery/jquery-plugins.js?ln=primefaces&v=4.0 HTTP/1.1" 304 -
181.50.119.240 - - [10/Dec/2023:23:27:51 -0500] "GET /sipse/faces/javax.faces.resource/primefaces.js?ln=primefaces&v=4.0 HTTP/1.1" 304 -
181.50.119.240 - - [10/Dec/2023:23:27:51 -0500] "GET /sipse/faces/javax.faces.resource/layout/layout.js?ln=primefaces&v=4.0 HTTP/1.1" 304 -
104.28.92.31 - - [10/Dec/2023:23:27:59 -0500] "GET /sipse/faces/index.xhtml HTTP/1.1" 200 677
104.28.92.31 - - [10/Dec/2023:23:27:59 -0500] "GET /sipse/faces/javax.faces.resource/theme.css?ln=primefaces-sipse HTTP/1.1" 304 -
104.28.92.31 - - [10/Dec/2023:23:28:00 -0500] "GET /sipse/faces/faces/autenticacion.xhtml HTTP/1.1" 200 12423
104.28.92.31 - - [10/Dec/2023:23:28:00 -0500] "GET /sipse/faces/javax.faces.resource/theme.css?ln=primefaces-sipse HTTP/1.1" 304 -
104.28.92.31 - - [10/Dec/2023:23:28:00 -0500] "GET /sipse/faces/javax.faces.resource/primefaces.css?ln=primefaces&v=4.0 HTTP/1.1" 304 -
104.28.92.31 - - [10/Dec/2023:23:28:00 -0500] "GET /sipse/faces/javax.faces.resource/layout/layout.css?ln=primefaces&v=4.0 HTTP/1.1" 304 -
104.28.92.31 - - [10/Dec/2023:23:28:00 -0500] "GET /sipse/faces/javax.faces.resource/jquery/jquery-plugins.js?ln=primefaces&v=4.0 HTTP/1.1" 304 -
104.28.92.31 - - [10/Dec/2023:23:28:00 -0500] "GET /sipse/faces/javax.faces.resource/jquery/jquery.js?ln=primefaces&v=4.0 HTTP/1.1" 304 -
104.28.92.31 - - [10/Dec/2023:23:28:00 -0500] "GET /sipse/faces/javax.faces.resource/primefaces.js?ln=primefaces&v=4.0 HTTP/1.1" 304 -
104.28.92.31 - - [10/Dec/2023:23:28:00 -0500] "GET /sipse/faces/javax.faces.resource/layout/layout.js?ln=primefaces&v=4.0 HTTP/1.1" 304 -
104.28.92.31 - - [10/Dec/2023:23:28:00 -0500] "GET /sipse/faces/javax.faces.resource/images/ui-icons_898989_256x240.png?ln=primefaces-aristo HTTP/1.1" 304 -
172.22.2.4 - - [10/Dec/2023:23:26:23 -0500] "GET /BLA/boletinlegal/ HTTP/1.1" 200 62729
104.28.92.31 - - [10/Dec/2023:23:28:05 -0500] "POST /sipse/faces/autenticacion.xhtml HTTP/1.1" 200 16324
104.28.92.31 - - [10/Dec/2023:23:28:06 -0500] "GET /sipse/faces/javax.faces.resource/theme.css?ln=primefaces-sipse HTTP/1.1" 304 -
104.28.92.31 - - [10/Dec/2023:23:28:06 -0500] "GET /sipse/faces/javax.faces.resource/layout/layout.css?ln=primefaces&v=4.0 HTTP/1.1" 304 -
104.28.92.31 - - [10/Dec/2023:23:28:06 -0500] "GET /sipse/faces/javax.faces.resource/primefaces.css?ln=primefaces&v=4.0 HTTP/1.1" 304 -
104.28.92.31 - - [10/Dec/2023:23:28:06 -0500] "GET /sipse/faces/javax.faces.resource/jquery/jquery.js?ln=primefaces&v=4.0 HTTP/1.1" 304 -
104.28.92.31 - - [10/Dec/2023:23:28:06 -0500] "GET /sipse/faces/javax.faces.resource/jquery/jquery-plugins.js?ln=primefaces&v=4.0 HTTP/1.1" 304 -
104.28.92.31 - - [10/Dec/2023:23:28:06 -0500] "GET /sipse/faces/javax.faces.resource/primefaces.js?ln=primefaces&v=4.0 HTTP/1.1" 304 -
104.28.92.31 - - [10/Dec/2023:23:28:06 -0500] "GET /sipse/faces/javax.faces.resource/layout/layout.js?ln=primefaces&v=4.0 HTTP/1.1" 304 -
104.28.92.31 - - [10/Dec/2023:23:28:06 -0500] "GET /sipse/css/imagen/contrasena.png HTTP/1.1" 404 383
104.28.92.31 - - [10/Dec/2023:23:28:06 -0500] "GET /sipse/faces/javax.faces.resource/messages/messages.png?ln=primefaces&v=4.0 HTTP/1.1" 304 -
104.28.92.31 - - [10/Dec/2023:23:28:08 -0500] "GET /sipse/faces/javax.faces.resource/images/ui-bg_flat_0_2d5972_40x100.png?ln=primefaces-aristo HTTP/1.1" 304 -
104.28.92.31 - - [10/Dec/2023:23:28:08 -0500] "POST /sipse/faces/bienvenido.xhtml HTTP/1.1" 200 1471
104.28.92.31 - - [10/Dec/2023:23:28:09 -0500] "POST /sipse/faces/bienvenido.xhtml HTTP/1.1" 200 61525
104.28.92.31 - - [10/Dec/2023:23:28:10 -0500] "GET /sipse/faces/javax.faces.resource/layout/layout.css?ln=primefaces&v=4.0 HTTP/1.1" 304 -
104.28.92.31 - - [10/Dec/2023:23:28:10 -0500] "GET /sipse/faces/javax.faces.resource/theme.css?ln=primefaces-sipse HTTP/1.1" 304 -
104.28.92.31 - - [10/Dec/2023:23:28:10 -0500] "GET /sipse/faces/javax.faces.resource/primefaces.css?ln=primefaces&v=4.0 HTTP/1.1" 304 -
104.28.92.31 - - [10/Dec/2023:23:28:10 -0500] "GET /sipse/faces/javax.faces.resource/jquery/jquery.js?ln=primefaces&v=4.0 HTTP/1.1" 304 -
104.28.92.31 - - [10/Dec/2023:23:28:10 -0500] "GET /sipse/faces/javax.faces.resource/jquery/jquery-plugins.js?ln=primefaces&v=4.0 HTTP/1.1" 304 -
104.28.92.31 - - [10/Dec/2023:23:28:10 -0500] "GET /sipse/faces/javax.faces.resource/primefaces.js?ln=primefaces&v=4.0 HTTP/1.1" 304 -
104.28.92.31 - - [10/Dec/2023:23:28:10 -0500] "GET /sipse/faces/javax.faces.resource/layout/layout.js?ln=primefaces&v=4.0 HTTP/1.1" 304 -
104.28.92.31 - - [10/Dec/2023:23:28:10 -0500] "POST /sipse/faces/presentacion/financiero/solicitudProceso/listarSolicitudProceso.xhtml HTTP/1.1" 200 1564
104.28.92.31 - - [10/Dec/2023:23:28:12 -0500] "POST /sipse/faces/presentacion/financiero/solicitudProceso/listarSolicitudProceso.xhtml HTTP/1.1" 200 4839
104.28.92.31 - - [10/Dec/2023:23:28:14 -0500] "POST /sipse/faces/presentacion/financiero/solicitudProceso/listarSolicitudProceso.xhtml HTTP/1.1" 200 112795
104.28.92.31 - - [10/Dec/2023:23:28:16 -0500] "GET /sipse/faces/javax.faces.resource/theme.css?ln=primefaces-sipse HTTP/1.1" 304 -
104.28.92.31 - - [10/Dec/2023:23:28:16 -0500] "GET /sipse/faces/javax.faces.resource/primefaces.css?ln=primefaces&v=4.0 HTTP/1.1" 304 -
104.28.92.31 - - [10/Dec/2023:23:28:16 -0500] "GET /sipse/faces/javax.faces.resource/layout/layout.css?ln=primefaces&v=4.0 HTTP/1.1" 304 -
104.28.92.31 - - [10/Dec/2023:23:28:16 -0500] "GET /sipse/faces/javax.faces.resource/jquery/jquery.js?ln=primefaces&v=4.0 HTTP/1.1" 304 -
104.28.92.31 - - [10/Dec/2023:23:28:16 -0500] "GET /sipse/faces/javax.faces.resource/jquery/jquery-plugins.js?ln=primefaces&v=4.0 HTTP/1.1" 304 -
104.28.92.31 - - [10/Dec/2023:23:28:16 -0500] "GET /sipse/faces/javax.faces.resource/primefaces.js?ln=primefaces&v=4.0 HTTP/1.1" 304 -
104.28.92.31 - - [10/Dec/2023:23:28:16 -0500] "GET /sipse/faces/javax.faces.resource/layout/layout.js?ln=primefaces&v=4.0 HTTP/1.1" 304 -
181.50.119.240 - - [10/Dec/2023:23:28:16 -0500] "POST /sipse/faces/presentacion/financiero/solicitudProceso/consultarSolicitudProceso.xhtml HTTP/1.1" 200 5462
104.28.92.31 - - [10/Dec/2023:23:28:22 -0500] "POST /sipse/faces/presentacion/financiero/solicitudProceso/consultarSolicitudProceso.xhtml HTTP/1.1" 200 5461
104.28.92.31 - - [10/Dec/2023:23:28:23 -0500] "GET /sipse/faces/javax.faces.resource/dynamiccontent.properties?ln=primefaces&pfdrid=XjOR5%2F%2FfPAZAuY9TpWQeCiM0BhlXxYRBGKi%2FQcXXfeA%3D&pfdrid_c=false HTTP/1.1" 200 117297
181.50.119.240 - - [10/Dec/2023:23:28:43 -0500] "POST /sipse/faces/presentacion/financiero/solicitudProceso/consultarSolicitudProceso.xhtml HTTP/1.1" 200 460321
172.22.1.61 - - [10/Dec/2023:23:29:05 -0500] "GET /reportes_sipse/sdg/ServletViabilidad?reporte=memo_viabilidad&solicitud=23218 HTTP/1.1" 200 1538
181.50.119.240 - - [10/Dec/2023:23:29:08 -0500] "GET /sipse/faces/javax.faces.resource/theme.css?ln=primefaces-sipse HTTP/1.1" 304 -
181.50.119.240 - - [10/Dec/2023:23:29:05 -0500] "POST /sipse/faces/presentacion/financiero/solicitudProceso/consultarSolicitudProceso.xhtml HTTP/1.1" 200 58978
181.50.119.240 - - [10/Dec/2023:23:29:08 -0500] "GET /sipse/faces/javax.faces.resource/primefaces.css?ln=primefaces&v=4.0 HTTP/1.1" 304 -
181.50.119.240 - - [10/Dec/2023:23:29:08 -0500] "GET /sipse/faces/javax.faces.resource/layout/layout.css?ln=primefaces&v=4.0 HTTP/1.1" 304 -
181.50.119.240 - - [10/Dec/2023:23:29:08 -0500] "GET /sipse/faces/javax.faces.resource/jquery/jquery-plugins.js?ln=primefaces&v=4.0 HTTP/1.1" 304 -
181.50.119.240 - - [10/Dec/2023:23:29:08 -0500] "GET /sipse/faces/javax.faces.resource/jquery/jquery.js?ln=primefaces&v=4.0 HTTP/1.1" 304 -
181.50.119.240 - - [10/Dec/2023:23:29:08 -0500] "GET /sipse/faces/javax.faces.resource/layout/layout.js?ln=primefaces&v=4.0 HTTP/1.1" 304 -
181.50.119.240 - - [10/Dec/2023:23:29:08 -0500] "GET /sipse/faces/javax.faces.resource/primefaces.js?ln=primefaces&v=4.0 HTTP/1.1" 304 -
181.50.119.240 - - [10/Dec/2023:23:29:08 -0500] "POST /sipse/faces/presentacion/financiero/solicitudProceso/listarSolicitudProceso.xhtml HTTP/1.1" 200 1528
181.50.119.240 - - [10/Dec/2023:23:29:09 -0500] "POST /sipse/faces/presentacion/financiero/solicitudProceso/listarSolicitudProceso.xhtml HTTP/1.1" 200 1532
181.50.119.240 - - [10/Dec/2023:23:29:12 -0500] "POST /sipse/faces/presentacion/financiero/solicitudProceso/listarSolicitudProceso.xhtml HTTP/1.1" 200 108650
181.50.119.240 - - [10/Dec/2023:23:29:13 -0500] "GET /sipse/faces/javax.faces.resource/primefaces.css?ln=primefaces&v=4.0 HTTP/1.1" 304 -
181.50.119.240 - - [10/Dec/2023:23:29:13 -0500] "GET /sipse/faces/javax.faces.resource/theme.css?ln=primefaces-sipse HTTP/1.1" 304 -
181.50.119.240 - - [10/Dec/2023:23:29:13 -0500] "GET /sipse/faces/javax.faces.resource/jquery/jquery.js?ln=primefaces&v=4.0 HTTP/1.1" 304 -
181.50.119.240 - - [10/Dec/2023:23:29:13 -0500] "GET /sipse/faces/javax.faces.resource/layout/layout.css?ln=primefaces&v=4.0 HTTP/1.1" 304 -
181.50.119.240 - - [10/Dec/2023:23:29:13 -0500] "GET /sipse/faces/javax.faces.resource/jquery/jquery-plugins.js?ln=primefaces&v=4.0 HTTP/1.1" 304 -
181.50.119.240 - - [10/Dec/2023:23:29:14 -0500] "GET /sipse/faces/javax.faces.resource/primefaces.js?ln=primefaces&v=4.0 HTTP/1.1" 304 -
181.50.119.240 - - [10/Dec/2023:23:29:14 -0500] "GET /sipse/faces/javax.faces.resource/layout/layout.js?ln=primefaces&v=4.0 HTTP/1.1" 304 -
181.50.119.240 - - [10/Dec/2023:23:29:14 -0500] "GET /sipse/faces/javax.faces.resource/dynamiccontent.properties?ln=primefaces&pfdrid=XjOR5%2F%2FfPAZAuY9TpWQeCiM0BhlXxYRBGKi%2FQcXXfeA%3D&pfdrid_c=false HTTP/1.1" 500 383
201.245.192.253 - - [10/Dec/2023:23:29:27 -0500] "POST /kwsrmcab/Wsrmcab  HTTP/1.1" 200 41806
181.50.119.240 - - [10/Dec/2023:23:29:48 -0500] "POST /sipse/faces/presentacion/financiero/solicitudProceso/consultarSolicitudProceso.xhtml HTTP/1.1" 200 5462
201.245.192.253 - - [10/Dec/2023:23:30:07 -0500] "POST /kwsrmcab/Wsrmcab HTTP/1.1" 200 38426
201.245.192.253 - - [10/Dec/2023:23:30:15 -0500] "POST /kwsrmcab/Wsrmcab HTTP/1.1" 200 38608
172.22.1.61 - - [10/Dec/2023:23:30:30 -0500] "GET /reportes_sipse/sdg/ServletViabilidad?reporte=memo_viabilidad&solicitud=23234 HTTP/1.1" 200 1538
181.50.119.240 - - [10/Dec/2023:23:30:32 -0500] "GET /sipse/faces/javax.faces.resource/theme.css?ln=primefaces-sipse HTTP/1.1" 304 -
181.50.119.240 - - [10/Dec/2023:23:30:29 -0500] "POST /sipse/faces/presentacion/financiero/solicitudProceso/consultarSolicitudProceso.xhtml HTTP/1.1" 200 55812
181.50.119.240 - - [10/Dec/2023:23:30:32 -0500] "GET /sipse/faces/javax.faces.resource/primefaces.css?ln=primefaces&v=4.0 HTTP/1.1" 304 -
181.50.119.240 - - [10/Dec/2023:23:30:32 -0500] "GET /sipse/faces/javax.faces.resource/layout/layout.css?ln=primefaces&v=4.0 HTTP/1.1" 304 -
181.50.119.240 - - [10/Dec/2023:23:30:32 -0500] "GET /sipse/faces/javax.faces.resource/jquery/jquery.js?ln=primefaces&v=4.0 HTTP/1.1" 304 -
181.50.119.240 - - [10/Dec/2023:23:30:32 -0500] "GET /sipse/faces/javax.faces.resource/jquery/jquery-plugins.js?ln=primefaces&v=4.0 HTTP/1.1" 304 -
181.50.119.240 - - [10/Dec/2023:23:30:32 -0500] "GET /sipse/faces/javax.faces.resource/primefaces.js?ln=primefaces&v=4.0 HTTP/1.1" 304 -
181.50.119.240 - - [10/Dec/2023:23:30:32 -0500] "GET /sipse/faces/javax.faces.resource/layout/layout.js?ln=primefaces&v=4.0 HTTP/1.1" 304 -
181.50.119.240 - - [10/Dec/2023:23:30:32 -0500] "POST /sipse/faces/presentacion/financiero/solicitudProceso/listarSolicitudProceso.xhtml HTTP/1.1" 200 1496
181.50.119.240 - - [10/Dec/2023:23:30:32 -0500] "POST /sipse/faces/presentacion/financiero/solicitudProceso/listarSolicitudProceso.xhtml HTTP/1.1" 200 1504
181.50.119.240 - - [10/Dec/2023:23:30:37 -0500] "POST /sipse/faces/presentacion/financiero/solicitudProceso/listarSolicitudProceso.xhtml HTTP/1.1" 200 108848
181.50.119.240 - - [10/Dec/2023:23:30:38 -0500] "GET /sipse/faces/javax.faces.resource/primefaces.css?ln=primefaces&v=4.0 HTTP/1.1" 304 -
181.50.119.240 - - [10/Dec/2023:23:30:38 -0500] "GET /sipse/faces/javax.faces.resource/theme.css?ln=primefaces-sipse HTTP/1.1" 304 -
181.50.119.240 - - [10/Dec/2023:23:30:38 -0500] "GET /sipse/faces/javax.faces.resource/jquery/jquery.js?ln=primefaces&v=4.0 HTTP/1.1" 304 -
181.50.119.240 - - [10/Dec/2023:23:30:38 -0500] "GET /sipse/faces/javax.faces.resource/layout/layout.css?ln=primefaces&v=4.0 HTTP/1.1" 304 -
181.50.119.240 - - [10/Dec/2023:23:30:38 -0500] "GET /sipse/faces/javax.faces.resource/jquery/jquery-plugins.js?ln=primefaces&v=4.0 HTTP/1.1" 304 -
181.50.119.240 - - [10/Dec/2023:23:30:38 -0500] "GET /sipse/faces/javax.faces.resource/primefaces.js?ln=primefaces&v=4.0 HTTP/1.1" 304 -
181.50.119.240 - - [10/Dec/2023:23:30:38 -0500] "GET /sipse/faces/javax.faces.resource/layout/layout.js?ln=primefaces&v=4.0 HTTP/1.1" 304 -
172.22.2.4 - - [10/Dec/2023:23:29:01 -0500] "HEAD /BLA/boletinlegal/ HTTP/1.1" 200 -
181.50.119.240 - - [10/Dec/2023:23:31:07 -0500] "POST /sipse/faces/presentacion/financiero/solicitudProceso/consultarSolicitudProceso.xhtml HTTP/1.1" 200 5462
181.50.119.240 - - [10/Dec/2023:23:31:16 -0500] "POST /sipse/faces/presentacion/financiero/solicitudProceso/listarSolicitudProceso.xhtml HTTP/1.1" 200 1496
181.50.119.240 - - [10/Dec/2023:23:31:16 -0500] "POST /sipse/faces/presentacion/financiero/solicitudProceso/listarSolicitudProceso.xhtml HTTP/1.1" 200 1504
181.50.119.240 - - [10/Dec/2023:23:31:23 -0500] "POST /sipse/faces/presentacion/financiero/solicitudProceso/listarSolicitudProceso.xhtml HTTP/1.1" 200 108848
181.50.119.240 - - [10/Dec/2023:23:31:24 -0500] "GET /sipse/faces/javax.faces.resource/theme.css?ln=primefaces-sipse HTTP/1.1" 304 -
181.50.119.240 - - [10/Dec/2023:23:31:24 -0500] "GET /sipse/faces/javax.faces.resource/primefaces.css?ln=primefaces&v=4.0 HTTP/1.1" 304 -
181.50.119.240 - - [10/Dec/2023:23:31:24 -0500] "GET /sipse/faces/javax.faces.resource/jquery/jquery.js?ln=primefaces&v=4.0 HTTP/1.1" 304 -
181.50.119.240 - - [10/Dec/2023:23:31:24 -0500] "GET /sipse/faces/javax.faces.resource/layout/layout.css?ln=primefaces&v=4.0 HTTP/1.1" 304 -
181.50.119.240 - - [10/Dec/2023:23:31:24 -0500] "GET /sipse/faces/javax.faces.resource/jquery/jquery-plugins.js?ln=primefaces&v=4.0 HTTP/1.1" 304 -
181.50.119.240 - - [10/Dec/2023:23:31:24 -0500] "GET /sipse/faces/javax.faces.resource/primefaces.js?ln=primefaces&v=4.0 HTTP/1.1" 304 -
181.50.119.240 - - [10/Dec/2023:23:31:24 -0500] "GET /sipse/faces/javax.faces.resource/layout/layout.js?ln=primefaces&v=4.0 HTTP/1.1" 304 -
172.22.1.61 - - [10/Dec/2023:23:31:31 -0500] "GET /reportes_sipse/sdg/ServletViabilidad?reporte=memo_viabilidad&solicitud=23238 HTTP/1.1" 200 1538
172.22.2.4 - - [10/Dec/2023:23:29:51 -0500] "GET /BLA/boletinlegal/ HTTP/1.1" 200 58644
181.50.119.240 - - [10/Dec/2023:23:31:33 -0500] "GET /sipse/faces/javax.faces.resource/primefaces.css?ln=primefaces&v=4.0 HTTP/1.1" 304 -
181.50.119.240 - - [10/Dec/2023:23:31:33 -0500] "GET /sipse/faces/javax.faces.resource/theme.css?ln=primefaces-sipse HTTP/1.1" 304 -
181.50.119.240 - - [10/Dec/2023:23:31:33 -0500] "GET /sipse/faces/javax.faces.resource/layout/layout.css?ln=primefaces&v=4.0 HTTP/1.1" 304 -
181.50.119.240 - - [10/Dec/2023:23:31:30 -0500] "POST /sipse/faces/presentacion/financiero/solicitudProceso/consultarSolicitudProceso.xhtml HTTP/1.1" 200 52706
181.50.119.240 - - [10/Dec/2023:23:31:33 -0500] "GET /sipse/faces/javax.faces.resource/jquery/jquery.js?ln=primefaces&v=4.0 HTTP/1.1" 304 -
181.50.119.240 - - [10/Dec/2023:23:31:33 -0500] "GET /sipse/faces/javax.faces.resource/jquery/jquery-plugins.js?ln=primefaces&v=4.0 HTTP/1.1" 304 -
181.50.119.240 - - [10/Dec/2023:23:31:33 -0500] "GET /sipse/faces/javax.faces.resource/layout/layout.js?ln=primefaces&v=4.0 HTTP/1.1" 304 -
