40.77.189.167 - - [10/Dec/2023:04:15:33 -0500] "GET /sipse/faces/javax.faces.resource/layout/layout.js;jsessionid=SrUwFtG6UU7++2YKL85u01Lc.undefined?ln=primefaces&v=4.0 HTTP/1.1" 200 87560
40.77.190.160 - - [10/Dec/2023:04:15:34 -0500] "GET /sipse/faces/index.xhtml HTTP/1.1" 200 677
172.22.2.4 - - [10/Dec/2023:04:13:56 -0500] "HEAD /BLA/boletinlegal/ HTTP/1.1" 200 -
201.245.192.253 - - [10/Dec/2023:04:16:24 -0500] "POST /kwsrmcab/Wsrmcab HTTP/1.1" 200 38359
172.22.2.4 - - [10/Dec/2023:04:14:47 -0500] "GET /BLA/boletinlegal/ HTTP/1.1" 200 60634
201.245.192.253 - - [10/Dec/2023:04:16:26 -0500] "POST /kwsrmcab/Wsrmcab HTTP/1.1" 200 38372
157.55.39.13 - - [10/Dec/2023:04:16:54 -0500] "GET /Publicaciones/2023EE278508.pdf HTTP/1.1" 200 234241
216.244.66.195 - - [10/Dec/2023:04:16:56 -0500] "GET /galeria/galeria/fotos/Jaboque4G.jpg HTTP/1.1" 200 295106
216.245.221.92 - - [10/Dec/2023:04:17:51 -0500] "HEAD / HTTP/1.1" 200 -
201.245.192.253 - - [10/Dec/2023:04:19:24 -0500] "POST /kwsrmcab/Wsrmcab  HTTP/1.1" 200 41806
157.55.39.13 - - [10/Dec/2023:04:20:07 -0500] "GET /Publicaciones/2023EE278305.pdf HTTP/1.1" 200 361567
201.245.192.253 - - [10/Dec/2023:04:20:10 -0500] "POST /kwsrmcab/Wsrmcab HTTP/1.1" 200 38359
201.245.192.253 - - [10/Dec/2023:04:20:18 -0500] "POST /kwsrmcab/Wsrmcab HTTP/1.1" 200 38372
66.249.66.19 - - [10/Dec/2023:04:20:33 -0500] "GET /BLA/resoluciones/RESOLUCIONES%202009/2646.pdf HTTP/1.1" 200 218553
172.22.2.4 - - [10/Dec/2023:04:19:46 -0500] "HEAD /BLA/boletinlegal/ HTTP/1.1" 200 -
172.22.2.4 - - [10/Dec/2023:04:20:37 -0500] "GET /BLA/boletinlegal/ HTTP/1.1" 200 58644
216.245.221.92 - - [10/Dec/2023:04:22:51 -0500] "HEAD / HTTP/1.1" 200 -
216.244.66.195 - - [10/Dec/2023:04:23:39 -0500] "GET /BLA/resoluciones/AUTOS%202011/6375.pdf HTTP/1.1" 200 197028
216.244.66.195 - - [10/Dec/2023:04:23:54 -0500] "GET /BLA/resoluciones/RESOLUCIONES%202016/1034.pdf HTTP/1.1" 200 265358
201.245.192.253 - - [10/Dec/2023:04:24:22 -0500] "POST /kwsrmcab/Wsrmcab  HTTP/1.1" 200 41806
40.77.167.10 - - [10/Dec/2023:04:25:09 -0500] "GET /portaldeninos/wp-includes/js/comment-reply.min.js?ver=4.9.8 HTTP/1.1" 200 1078
40.77.167.46 - - [10/Dec/2023:04:25:15 -0500] "GET /portaldeninos/wp-content/themes/betheme/fonts/mfn-icons.ttf?93978679 HTTP/1.1" 200 124684
201.245.192.253 - - [10/Dec/2023:04:26:24 -0500] "POST /kwsrmcab/Wsrmcab HTTP/1.1" 200 38359
201.245.192.253 - - [10/Dec/2023:04:26:27 -0500] "POST /kwsrmcab/Wsrmcab HTTP/1.1" 200 38372
172.22.2.4 - - [10/Dec/2023:04:25:36 -0500] "HEAD /BLA/boletinlegal/ HTTP/1.1" 200 -
52.167.144.138 - - [10/Dec/2023:04:27:46 -0500] "GET /Publicaciones/2023EE278835.pdf HTTP/1.1" 200 350056
216.245.221.92 - - [10/Dec/2023:04:27:51 -0500] "HEAD / HTTP/1.1" 200 -
207.46.13.54 - - [10/Dec/2023:04:27:51 -0500] "GET /Publicaciones/2023EE283586.pdf HTTP/1.1" 200 231951
172.22.2.4 - - [10/Dec/2023:04:26:27 -0500] "GET /BLA/boletinlegal/ HTTP/1.1" 200 58294
207.46.13.54 - - [10/Dec/2023:04:29:20 -0500] "GET /Publicaciones/2023EE278681.pdf HTTP/1.1" 200 231851
201.245.192.253 - - [10/Dec/2023:04:29:21 -0500] "POST /kwsrmcab/Wsrmcab  HTTP/1.1" 200 41806
201.245.192.253 - - [10/Dec/2023:04:30:10 -0500] "POST /kwsrmcab/Wsrmcab HTTP/1.1" 200 38359
201.245.192.253 - - [10/Dec/2023:04:30:17 -0500] "POST /kwsrmcab/Wsrmcab HTTP/1.1" 200 38372
52.167.144.216 - - [10/Dec/2023:04:30:48 -0500] "GET /BLA/resoluciones/AUTOS%202023/5920.pdf HTTP/1.1" 200 993750
157.55.39.205 - - [10/Dec/2023:04:31:36 -0500] "GET /BLA/resoluciones/AUTOS%202023/5703.pdf HTTP/1.1" 200 480210
216.245.221.92 - - [10/Dec/2023:04:32:51 -0500] "HEAD / HTTP/1.1" 200 -
172.22.2.4 - - [10/Dec/2023:04:31:26 -0500] "HEAD /BLA/boletinlegal/ HTTP/1.1" 200 -
52.149.22.93 - - [10/Dec/2023:04:33:49 -0500] "GET /Publicaciones/2023EE275647.pdf HTTP/1.1" 404 228
40.77.167.101 - - [10/Dec/2023:04:33:49 -0500] "GET /robots.txt HTTP/1.1" 404 1034
52.167.144.205 - - [10/Dec/2023:04:33:55 -0500] "GET /30-tinguas-azules-volvieron-a-alzar-vuelo-en-el-humedal-jaboque-en-engativa.html HTTP/1.1" 200 1102
172.22.2.4 - - [10/Dec/2023:04:32:17 -0500] "GET /BLA/boletinlegal/ HTTP/1.1" 200 58294
66.249.66.21 - - [10/Dec/2023:04:34:03 -0500] "GET /BLA/resoluciones/RESOLUCIONES%202010/4074.pdf HTTP/1.1" 200 570378
201.245.192.253 - - [10/Dec/2023:04:34:19 -0500] "POST /kwsrmcab/Wsrmcab  HTTP/1.1" 200 41806
172.22.2.4 - - [10/Dec/2023:04:36:24 -0500] "GET /BLA/boletinlegal/jurisprudencia/analisis/G__Jurisp.%20Junio%202014_Sent%20Tutela%20Drumond.docx HTTP/1.1" 304 -
201.245.192.253 - - [10/Dec/2023:04:36:24 -0500] "POST /kwsrmcab/Wsrmcab HTTP/1.1" 200 38359
52.167.144.175 - - [10/Dec/2023:04:36:27 -0500] "GET /Publicaciones/2023EE274813.pdf HTTP/1.1" 404 228
201.245.192.253 - - [10/Dec/2023:04:36:27 -0500] "POST /kwsrmcab/Wsrmcab HTTP/1.1" 200 38372
66.249.66.20 - - [10/Dec/2023:04:36:32 -0500] "GET /BLA/resoluciones/RESOLUCIONES%202008/2937.pdf HTTP/1.1" 200 201702
66.249.66.193 - - [10/Dec/2023:04:36:38 -0500] "GET /bogota-comprometida-con-impulsar-acciones-para-alcanzar-la-neutralidad-en-carbono.html HTTP/1.1" 200 938
216.244.66.195 - - [10/Dec/2023:04:36:49 -0500] "GET /robots.txt HTTP/1.1" 404 1018
216.245.221.92 - - [10/Dec/2023:04:37:51 -0500] "HEAD / HTTP/1.1" 200 -
172.22.2.4 - - [10/Dec/2023:04:37:16 -0500] "HEAD /BLA/boletinlegal/ HTTP/1.1" 200 -
201.245.192.253 - - [10/Dec/2023:04:39:17 -0500] "POST /kwsrmcab/Wsrmcab  HTTP/1.1" 200 41806
172.22.2.4 - - [10/Dec/2023:04:38:07 -0500] "GET /BLA/boletinlegal/ HTTP/1.1" 200 58294
201.245.192.253 - - [10/Dec/2023:04:40:09 -0500] "POST /kwsrmcab/Wsrmcab HTTP/1.1" 200 38359
201.245.192.253 - - [10/Dec/2023:04:40:17 -0500] "POST /kwsrmcab/Wsrmcab HTTP/1.1" 200 38372
157.55.39.13 - - [10/Dec/2023:04:40:33 -0500] "GET /Publicaciones/2023EE281838.pdf HTTP/1.1" 200 231940
66.249.66.19 - - [10/Dec/2023:04:40:35 -0500] "GET /BLA/resoluciones/RESOLUCIONES%202009/4845.pdf HTTP/1.1" 200 1175800
40.77.188.212 - - [10/Dec/2023:04:41:04 -0500] "GET /portaldeninos/wp-content/plugins/gallery-videos/CSS/totalsoft.css?ver=4.9.8 HTTP/1.1" 200 40622
40.77.190.215 - - [10/Dec/2023:04:41:05 -0500] "GET /portaldeninos/wp-content/plugins/gallery-videos/JS/modernizr.custom.js?ver=4.9.8 HTTP/1.1" 200 9019
40.77.190.205 - - [10/Dec/2023:04:41:06 -0500] "GET /portaldeninos/wp-content/themes/betheme/fonts/mfn-icons.woff?93978679 HTTP/1.1" 200 80932
52.167.144.204 - - [10/Dec/2023:04:41:29 -0500] "GET /Publicaciones/2023EE276397.pdf HTTP/1.1" 404 228
114.119.149.142 - - [10/Dec/2023:04:42:05 -0500] "GET /BLA/resoluciones/index.php?dir=Notificaciones/RESOLUCIONES%2B2020/&sort=date&order=asc HTTP/1.1" 200 13965
216.245.221.92 - - [10/Dec/2023:04:42:51 -0500] "HEAD / HTTP/1.1" 200 -
52.167.144.209 - - [10/Dec/2023:04:43:10 -0500] "GET /portaldeninos/wp-content/uploads/2020/11/El-Tunjo-B-768x432.jpg HTTP/1.1" 200 81322
66.249.66.20 - - [10/Dec/2023:04:43:39 -0500] "GET /BLA/resoluciones/RESOLUCIONES%202008/2523.pdf HTTP/1.1" 200 424388
157.55.39.13 - - [10/Dec/2023:04:44:04 -0500] "GET /Publicaciones/2023EE273267.pdf HTTP/1.1" 404 228
201.245.192.253 - - [10/Dec/2023:04:44:16 -0500] "POST /kwsrmcab/Wsrmcab  HTTP/1.1" 200 41806
172.22.2.4 - - [10/Dec/2023:04:43:06 -0500] "HEAD /BLA/boletinlegal/ HTTP/1.1" 200 -
172.22.2.4 - - [10/Dec/2023:04:43:57 -0500] "GET /BLA/boletinlegal/ HTTP/1.1" 200 58644
172.22.2.4 - - [10/Dec/2023:04:47:25 -0500] "GET /BLA/boletinlegal/robots.txt HTTP/1.1" 404 1037
172.22.2.4 - - [10/Dec/2023:04:47:27 -0500] "GET /BLA/boletinlegal/Directivas/2014/Directiva%20No.%205%20del%2026%20de%20Diciembre%20de%202014.pdf HTTP/1.1" 304 -
216.245.221.92 - - [10/Dec/2023:04:47:51 -0500] "HEAD / HTTP/1.1" 200 -
66.249.66.21 - - [10/Dec/2023:04:48:39 -0500] "GET /BLA/resoluciones/RESOLUCIONES%202009/0002.pdf HTTP/1.1" 200 234079
66.249.66.19 - - [10/Dec/2023:04:49:15 -0500] "GET /BLA/resoluciones/RESOLUCIONES%202010/3576.pdf HTTP/1.1" 200 552929
201.245.192.253 - - [10/Dec/2023:04:49:15 -0500] "POST /kwsrmcab/Wsrmcab  HTTP/1.1" 200 41806
156.146.37.113 - - [10/Dec/2023:04:49:27 -0500] "GET / HTTP/1.1" 200 319
216.244.66.195 - - [10/Dec/2023:04:49:29 -0500] "GET /transparencia/directorioservidores/junio2015.xlsx HTTP/1.1" 200 32554
216.244.66.195 - - [10/Dec/2023:04:49:34 -0500] "GET /transparencia/directorioservidores/octubre2015.xlsx HTTP/1.1" 200 36997
216.244.66.195 - - [10/Dec/2023:04:49:50 -0500] "GET /transparencia/directorioservidores/2016/octubre2016.xlsx HTTP/1.1" 200 89491
66.249.66.21 - - [10/Dec/2023:04:50:24 -0500] "GET /BLA/resoluciones/RESOLUCIONES%202009/1341.pdf HTTP/1.1" 200 511422
172.22.2.4 - - [10/Dec/2023:04:48:56 -0500] "HEAD /BLA/boletinlegal/ HTTP/1.1" 200 -
157.55.39.48 - - [10/Dec/2023:04:51:07 -0500] "GET /Publicaciones/2023EE280778.pdf HTTP/1.1" 200 1067919
157.55.39.49 - - [10/Dec/2023:04:51:11 -0500] "GET /Publicaciones/2023EE281812.pdf HTTP/1.1" 200 231907
172.22.2.4 - - [10/Dec/2023:04:49:47 -0500] "GET /BLA/boletinlegal/ HTTP/1.1" 200 52827
66.249.66.21 - - [10/Dec/2023:04:51:36 -0500] "GET /BLA/resoluciones/RESOLUCIONES%202008/4546.pdf HTTP/1.1" 200 728143
216.245.221.92 - - [10/Dec/2023:04:52:51 -0500] "HEAD / HTTP/1.1" 200 -
40.77.167.40 - - [10/Dec/2023:04:53:24 -0500] "GET /Publicaciones/2023EE271096.pdf HTTP/1.1" 404 228
216.244.66.195 - - [10/Dec/2023:04:53:51 -0500] "GET /BLA/resoluciones/index.php?dir=Notificaciones%2F HTTP/1.1" 200 12093
66.249.66.20 - - [10/Dec/2023:04:53:52 -0500] "GET /BLA/resoluciones/AUTOS%202013/2813.pdf HTTP/1.1" 200 259542
207.46.13.126 - - [10/Dec/2023:04:54:08 -0500] "GET /BLA/resoluciones/RESOLUCIONES%202023/2635.pdf HTTP/1.1" 200 387056
201.245.192.253 - - [10/Dec/2023:04:54:14 -0500] "POST /kwsrmcab/Wsrmcab  HTTP/1.1" 200 41806
66.249.66.19 - - [10/Dec/2023:04:54:22 -0500] "GET /BLA/resoluciones/RESOLUCIONES%202008/2153.pdf HTTP/1.1" 200 293384
66.249.66.20 - - [10/Dec/2023:04:55:43 -0500] "GET /robots.txt HTTP/1.1" 404 1018
66.249.66.21 - - [10/Dec/2023:04:55:43 -0500] "GET /BLA/resoluciones/AUTOS%202013/0029.pdf HTTP/1.1" 200 2249653
207.46.13.126 - - [10/Dec/2023:04:55:58 -0500] "GET /Publicaciones/2023EE283015.pdf HTTP/1.1" 200 375197
40.77.167.40 - - [10/Dec/2023:04:56:02 -0500] "GET /Publicaciones/2023EE275972.pdf HTTP/1.1" 404 228
172.22.2.4 - - [10/Dec/2023:04:54:46 -0500] "HEAD /BLA/boletinlegal/ HTTP/1.1" 200 -
172.22.2.4 - - [10/Dec/2023:04:55:37 -0500] "GET /BLA/boletinlegal/ HTTP/1.1" 200 60634
216.245.221.92 - - [10/Dec/2023:04:57:51 -0500] "HEAD / HTTP/1.1" 200 -
66.249.66.20 - - [10/Dec/2023:04:58:12 -0500] "GET /BLA/resoluciones/AUTOS%202014/5668.pdf HTTP/1.1" 200 228818
201.245.192.253 - - [10/Dec/2023:04:59:14 -0500] "POST /kwsrmcab/Wsrmcab  HTTP/1.1" 200 41806
66.249.66.19 - - [10/Dec/2023:04:59:25 -0500] "GET /Publicaciones/2022EE306221.pdf HTTP/1.1" 404 228
40.77.167.40 - - [10/Dec/2023:05:00:02 -0500] "GET /Publicaciones/2023EE283595.pdf HTTP/1.1" 200 231936
66.249.66.21 - - [10/Dec/2023:05:00:11 -0500] "GET /resoluciones/RESOLUCIONES%202009/0082.pdf HTTP/1.1" 404 1018
66.249.66.20 - - [10/Dec/2023:05:00:26 -0500] "GET /BLA/resoluciones/RESOLUCIONES%202007/RES%202007%201801%20AL%201900/RESOLUCION%201848%20DE%202007.pdf HTTP/1.1" 200 182223
216.244.66.195 - - [10/Dec/2023:05:02:02 -0500] "GET /BLA/resoluciones/AUTOS%202016/1113.pdf HTTP/1.1" 200 349894
172.22.2.4 - - [10/Dec/2023:05:00:36 -0500] "HEAD /BLA/boletinlegal/ HTTP/1.1" 200 -
52.167.144.176 - - [10/Dec/2023:05:02:22 -0500] "GET /Publicaciones/2023EE271314.pdf HTTP/1.1" 404 228
172.22.2.4 - - [10/Dec/2023:05:02:25 -0500] "GET /BLA/boletinlegal/Circulares/2011/Circular%20No.%202%20del%2026%20de%20Mayo%20de%202011.pdf HTTP/1.1" 200 644194
66.249.66.20 - - [10/Dec/2023:05:02:32 -0500] "GET /BLA/resoluciones/RESOLUCIONES%202010/1989.pdf HTTP/1.1" 200 339200
216.245.221.92 - - [10/Dec/2023:05:02:51 -0500] "HEAD / HTTP/1.1" 200 -
172.22.2.4 - - [10/Dec/2023:05:01:27 -0500] "GET /BLA/boletinlegal/ HTTP/1.1" 200 58644
66.249.66.19 - - [10/Dec/2023:05:03:15 -0500] "GET /Publicaciones/2022EE309456.pdf HTTP/1.1" 404 228
201.245.192.253 - - [10/Dec/2023:05:04:12 -0500] "POST /kwsrmcab/Wsrmcab  HTTP/1.1" 200 41806
216.244.66.195 - - [10/Dec/2023:05:04:22 -0500] "GET /galeria/galeria/fotos/Huemdal-el-Tunjo2G.jpg HTTP/1.1" 200 388331
20.210.58.99 - - [10/Dec/2023:05:05:55 -0500] "GET /Publicaciones/2023EE275972.pdf HTTP/1.1" 404 228
66.249.66.21 - - [10/Dec/2023:05:06:09 -0500] "GET /phpold/AjaxPhpCode/PDFs/Ajax_Chat_and_JSON.pdf HTTP/1.1" 404 1018
20.240.18.35 - - [10/Dec/2023:05:06:54 -0500] "GET /Publicaciones/2023EE271314.pdf HTTP/1.1" 404 228
216.245.221.92 - - [10/Dec/2023:05:07:51 -0500] "HEAD / HTTP/1.1" 200 -
172.22.2.4 - - [10/Dec/2023:05:06:26 -0500] "HEAD /BLA/boletinlegal/ HTTP/1.1" 200 -
172.22.2.4 - - [10/Dec/2023:05:07:17 -0500] "GET /BLA/boletinlegal/ HTTP/1.1" 200 55399
201.245.192.253 - - [10/Dec/2023:05:09:11 -0500] "POST /kwsrmcab/Wsrmcab  HTTP/1.1" 200 41806
216.244.66.195 - - [10/Dec/2023:05:10:33 -0500] "GET /BLA/resoluciones/AUTOS%202016/0041.pdf HTTP/1.1" 200 732951
216.244.66.195 - - [10/Dec/2023:05:10:38 -0500] "GET /BLA/resoluciones/AUTOS%202016/0094.pdf HTTP/1.1" 200 527635
216.244.66.195 - - [10/Dec/2023:05:10:41 -0500] "GET /BLA/resoluciones/AUTOS%202016/0750.pdf HTTP/1.1" 200 668147
216.244.66.195 - - [10/Dec/2023:05:10:45 -0500] "GET /BLA/resoluciones/AUTOS%202016/0975.pdf HTTP/1.1" 200 535281
216.244.66.195 - - [10/Dec/2023:05:10:49 -0500] "GET /BLA/resoluciones/AUTOS%202016/1036.pdf HTTP/1.1" 200 234763
216.244.66.195 - - [10/Dec/2023:05:10:56 -0500] "GET /BLA/resoluciones/AUTOS%202016/1117.pdf HTTP/1.1" 200 485313
216.244.66.195 - - [10/Dec/2023:05:11:02 -0500] "GET /BLA/resoluciones/AUTOS%202016/1185.pdf HTTP/1.1" 200 439724
216.244.66.195 - - [10/Dec/2023:05:11:07 -0500] "GET /BLA/resoluciones/AUTOS%202016/1531.pdf HTTP/1.1" 200 504760
216.244.66.195 - - [10/Dec/2023:05:11:12 -0500] "GET /BLA/resoluciones/AUTOS%202016/1935.pdf HTTP/1.1" 200 309108
216.244.66.195 - - [10/Dec/2023:05:11:16 -0500] "GET /BLA/resoluciones/AUTOS%202016/2234.pdf HTTP/1.1" 200 545226
216.244.66.195 - - [10/Dec/2023:05:11:19 -0500] "GET /BLA/resoluciones/AUTOS%202016/2620.pdf HTTP/1.1" 200 400053
216.244.66.195 - - [10/Dec/2023:05:11:22 -0500] "GET /BLA/resoluciones/AUTOS%202016/2652.pdf HTTP/1.1" 200 640379
216.244.66.195 - - [10/Dec/2023:05:12:29 -0500] "GET /BLA/resoluciones/Decretos/Decreto%20482%20de%202018.pdf HTTP/1.1" 200 465335
216.245.221.92 - - [10/Dec/2023:05:12:51 -0500] "HEAD / HTTP/1.1" 200 -
66.249.66.20 - - [10/Dec/2023:05:13:25 -0500] "GET /BLA/resoluciones/Notificaciones/REGISTROS%202016/1856.pdf HTTP/1.1" 200 476499
172.22.2.4 - - [10/Dec/2023:05:12:16 -0500] "HEAD /BLA/boletinlegal/ HTTP/1.1" 200 -
201.245.192.253 - - [10/Dec/2023:05:14:10 -0500] "POST /kwsrmcab/Wsrmcab  HTTP/1.1" 200 41806
173.252.107.3 - - [10/Dec/2023:05:14:14 -0500] "GET /images/calidad-aire.jpg HTTP/1.1" 200 42421
40.77.167.14 - - [10/Dec/2023:05:14:26 -0500] "GET /BLA/resoluciones/RESOLUCIONES%202020/0809.pdf HTTP/1.1" 304 -
173.252.107.116 - - [10/Dec/2023:05:14:31 -0500] "GET /images/Zorro%20cangrejero.jpg HTTP/1.1" 200 40050
172.22.2.4 - - [10/Dec/2023:05:13:07 -0500] "GET /BLA/boletinlegal/ HTTP/1.1" 200 49475
172.22.2.4 - - [10/Dec/2023:05:13:17 -0500] "GET /BLA/boletinlegal/ HTTP/1.1" 200 50272
199.16.157.183 - - [10/Dec/2023:05:15:55 -0500] "GET /images/presentaci%C3%B3n%20convenci%C3%B3n.jpg HTTP/1.1" 404 1034
201.245.192.253 - - [10/Dec/2023:05:16:24 -0500] "POST /kwsrmcab/Wsrmcab HTTP/1.1" 200 38210
201.245.192.253 - - [10/Dec/2023:05:16:27 -0500] "POST /kwsrmcab/Wsrmcab HTTP/1.1" 200 38373
66.249.66.19 - - [10/Dec/2023:05:17:33 -0500] "GET /BLA/resoluciones/RESOLUCIONES%202011/0358.pdf HTTP/1.1" 200 91127
216.245.221.92 - - [10/Dec/2023:05:17:51 -0500] "HEAD / HTTP/1.1" 200 -
201.245.192.253 - - [10/Dec/2023:05:19:07 -0500] "POST /kwsrmcab/Wsrmcab  HTTP/1.1" 200 41806
172.22.2.4 - - [10/Dec/2023:05:18:06 -0500] "HEAD /BLA/boletinlegal/ HTTP/1.1" 200 -
201.245.192.253 - - [10/Dec/2023:05:20:10 -0500] "POST /kwsrmcab/Wsrmcab HTTP/1.1" 200 38210
201.245.192.253 - - [10/Dec/2023:05:20:17 -0500] "POST /kwsrmcab/Wsrmcab HTTP/1.1" 200 38373
172.22.2.4 - - [10/Dec/2023:05:18:57 -0500] "GET /BLA/boletinlegal/ HTTP/1.1" 200 58644
216.245.221.92 - - [10/Dec/2023:05:22:51 -0500] "HEAD / HTTP/1.1" 200 -
201.245.192.253 - - [10/Dec/2023:05:24:07 -0500] "POST /kwsrmcab/Wsrmcab  HTTP/1.1" 200 41806
172.22.2.4 - - [10/Dec/2023:05:23:56 -0500] "HEAD /BLA/boletinlegal/ HTTP/1.1" 200 -
52.167.144.194 - - [10/Dec/2023:05:25:38 -0500] "GET /BLA/resoluciones/AUTOS%202023/5795.pdf HTTP/1.1" 200 393518
181.56.162.102 - - [10/Dec/2023:05:25:51 -0500] "GET /BLA/resoluciones/ HTTP/1.1" 200 13696
181.56.162.102 - - [10/Dec/2023:05:25:57 -0500] "GET /BLA/resoluciones/index.php?dir=AUTOS+2014%2F HTTP/1.1" 200 12235
181.56.162.102 - - [10/Dec/2023:05:25:57 -0500] "GET /BLA/resoluciones/index.php?dir=AUTOS+2014%2F HTTP/1.1" 200 891340
181.56.162.102 - - [10/Dec/2023:05:25:59 -0500] "GET /BLA/resoluciones/dlf/unknown.png HTTP/1.1" 200 266
201.245.192.253 - - [10/Dec/2023:05:26:23 -0500] "POST /kwsrmcab/Wsrmcab HTTP/1.1" 200 38210
172.22.2.4 - - [10/Dec/2023:05:24:47 -0500] "GET /BLA/boletinlegal/ HTTP/1.1" 200 58644
201.245.192.253 - - [10/Dec/2023:05:26:26 -0500] "POST /kwsrmcab/Wsrmcab HTTP/1.1" 200 38373
216.245.221.92 - - [10/Dec/2023:05:27:51 -0500] "HEAD / HTTP/1.1" 200 -
201.245.192.253 - - [10/Dec/2023:05:29:06 -0500] "POST /kwsrmcab/Wsrmcab  HTTP/1.1" 200 41806
40.77.167.136 - - [10/Dec/2023:05:29:47 -0500] "GET /Publicaciones/2023EE282310.pdf HTTP/1.1" 200 642579
201.245.192.253 - - [10/Dec/2023:05:30:09 -0500] "POST /kwsrmcab/Wsrmcab HTTP/1.1" 200 38210
201.245.192.253 - - [10/Dec/2023:05:30:17 -0500] "POST /kwsrmcab/Wsrmcab HTTP/1.1" 200 38373
66.249.66.19 - - [10/Dec/2023:05:30:26 -0500] "GET /BLA/resoluciones/Autos%202008/3176.pdf HTTP/1.1" 200 197883
66.249.66.19 - - [10/Dec/2023:05:30:30 -0500] "GET /BLA/resoluciones/RESOLUCIONES%202009/5748.pdf HTTP/1.1" 200 509847
40.77.167.136 - - [10/Dec/2023:05:30:58 -0500] "GET /BLA/resoluciones/AUTOS%202023/5198.pdf HTTP/1.1" 200 775388
172.22.2.4 - - [10/Dec/2023:05:29:46 -0500] "HEAD /BLA/boletinlegal/ HTTP/1.1" 200 -
172.22.2.4 - - [10/Dec/2023:05:30:37 -0500] "GET /BLA/boletinlegal/ HTTP/1.1" 200 60634
216.245.221.92 - - [10/Dec/2023:05:32:51 -0500] "HEAD / HTTP/1.1" 200 -
207.46.13.7 - - [10/Dec/2023:05:33:37 -0500] "GET /Publicaciones/2023EE283619.pdf HTTP/1.1" 200 232219
207.46.13.156 - - [10/Dec/2023:05:33:41 -0500] "GET /Publicaciones/2023EE275660.pdf HTTP/1.1" 404 228
201.245.192.253 - - [10/Dec/2023:05:34:04 -0500] "POST /kwsrmcab/Wsrmcab  HTTP/1.1" 200 41806
157.55.39.49 - - [10/Dec/2023:05:34:51 -0500] "GET /Publicaciones/2023EE275506.pdf HTTP/1.1" 404 228
216.244.66.195 - - [10/Dec/2023:05:36:15 -0500] "GET /robots.txt HTTP/1.1" 404 1018
201.245.192.253 - - [10/Dec/2023:05:36:23 -0500] "POST /kwsrmcab/Wsrmcab HTTP/1.1" 200 38210
201.245.192.253 - - [10/Dec/2023:05:36:26 -0500] "POST /kwsrmcab/Wsrmcab HTTP/1.1" 200 38373
172.22.2.4 - - [10/Dec/2023:05:35:36 -0500] "HEAD /BLA/boletinlegal/ HTTP/1.1" 200 -
216.245.221.92 - - [10/Dec/2023:05:37:51 -0500] "HEAD / HTTP/1.1" 200 -
172.22.2.4 - - [10/Dec/2023:05:36:27 -0500] "GET /BLA/boletinlegal/ HTTP/1.1" 200 58644
201.245.192.253 - - [10/Dec/2023:05:39:03 -0500] "POST /kwsrmcab/Wsrmcab  HTTP/1.1" 200 41806
201.245.192.253 - - [10/Dec/2023:05:40:09 -0500] "POST /kwsrmcab/Wsrmcab HTTP/1.1" 200 38210
201.245.192.253 - - [10/Dec/2023:05:40:17 -0500] "POST /kwsrmcab/Wsrmcab HTTP/1.1" 200 38373
157.55.39.54 - - [10/Dec/2023:05:42:50 -0500] "GET /BLA/resoluciones/AUTOS%202023/5695.pdf HTTP/1.1" 200 472238
216.245.221.92 - - [10/Dec/2023:05:42:51 -0500] "HEAD / HTTP/1.1" 200 -
172.22.2.4 - - [10/Dec/2023:05:41:26 -0500] "HEAD /BLA/boletinlegal/ HTTP/1.1" 200 -
207.46.13.7 - - [10/Dec/2023:05:43:21 -0500] "GET /BLA/resoluciones/RESOLUCIONES%202007/RES%202007%20701%20AL%20800/RESOLUCION%200784%20DE%202007.pdf HTTP/1.1" 200 374000
172.22.2.4 - - [10/Dec/2023:05:42:17 -0500] "GET /BLA/boletinlegal/ HTTP/1.1" 200 58294
201.245.192.253 - - [10/Dec/2023:05:44:02 -0500] "POST /kwsrmcab/Wsrmcab  HTTP/1.1" 200 41806
66.249.66.193 - - [10/Dec/2023:05:46:01 -0500] "GET /el-agua-recurso-vital-para-la-conservacion-de-los-ecosistemas.html HTTP/1.1" 304 -
207.46.13.7 - - [10/Dec/2023:05:47:01 -0500] "GET /BLA/resoluciones/AUTOS%202023/8275.pdf HTTP/1.1" 200 317604
216.245.221.92 - - [10/Dec/2023:05:47:51 -0500] "HEAD / HTTP/1.1" 200 -
207.46.13.7 - - [10/Dec/2023:05:48:31 -0500] "GET /BLA/resoluciones/RESOLUCIONES%202022/2799.pdf HTTP/1.1" 304 -
172.22.2.4 - - [10/Dec/2023:05:47:16 -0500] "HEAD /BLA/boletinlegal/ HTTP/1.1" 200 -
201.245.192.253 - - [10/Dec/2023:05:49:00 -0500] "POST /kwsrmcab/Wsrmcab  HTTP/1.1" 200 41806
66.249.66.20 - - [10/Dec/2023:05:49:33 -0500] "GET /BLA/resoluciones/RESOLUCIONES%202012/0741.pdf HTTP/1.1" 200 165813
172.22.2.4 - - [10/Dec/2023:05:48:07 -0500] "GET /BLA/boletinlegal/ HTTP/1.1" 200 60634
40.77.189.132 - - [10/Dec/2023:05:50:32 -0500] "GET /portaldeninos/wp-content/themes/betheme/js/menu.js?ver=20.9.6 HTTP/1.1" 200 2449
52.167.144.238 - - [10/Dec/2023:05:50:41 -0500] "GET /Publicaciones/2023EE278698.pdf HTTP/1.1" 200 231509
103.162.10.234 - - [10/Dec/2023:05:52:28 -0500] "GET /galeria/galeria/fotos/Humedal-Vaca3P.jpg HTTP/1.1" 200 38460
216.245.221.92 - - [10/Dec/2023:05:52:51 -0500] "HEAD / HTTP/1.1" 200 -
216.244.66.195 - - [10/Dec/2023:05:53:14 -0500] "GET /transparencia/directorioservidores/2016/septiembre2016.xlsx HTTP/1.1" 200 88994
201.245.192.253 - - [10/Dec/2023:05:53:59 -0500] "POST /kwsrmcab/Wsrmcab  HTTP/1.1" 200 41806
157.55.39.200 - - [10/Dec/2023:05:54:40 -0500] "GET /Publicaciones/2023EE276407.pdf HTTP/1.1" 404 228
172.22.2.4 - - [10/Dec/2023:05:53:06 -0500] "HEAD /BLA/boletinlegal/ HTTP/1.1" 200 -
172.22.2.4 - - [10/Dec/2023:05:53:57 -0500] "GET /BLA/boletinlegal/ HTTP/1.1" 200 60634
157.55.39.62 - - [10/Dec/2023:05:56:24 -0500] "GET /Publicaciones/2023EE273264.pdf HTTP/1.1" 404 228
216.245.221.92 - - [10/Dec/2023:05:57:51 -0500] "HEAD / HTTP/1.1" 200 -
66.220.149.15 - - [10/Dec/2023:05:58:20 -0500] "GET /images/Acuerdos1.jpeg HTTP/1.1" 200 59889
201.245.192.253 - - [10/Dec/2023:05:58:57 -0500] "POST /kwsrmcab/Wsrmcab  HTTP/1.1" 200 41806
172.22.2.4 - - [10/Dec/2023:05:58:56 -0500] "HEAD /BLA/boletinlegal/ HTTP/1.1" 200 -
172.22.2.4 - - [10/Dec/2023:05:59:47 -0500] "GET /BLA/boletinlegal/ HTTP/1.1" 200 60634
173.252.79.6 - - [10/Dec/2023:06:01:42 -0500] "GET /images/Zorro%20cangrejero.jpg HTTP/1.1" 200 40050
66.249.66.19 - - [10/Dec/2023:06:02:29 -0500] "GET /BLA/resoluciones/AUTOS%202012/2848.pdf HTTP/1.1" 200 174442
66.249.66.20 - - [10/Dec/2023:06:02:50 -0500] "GET /ial/presentaciones/pte1/1.pdf HTTP/1.1" 404 1018
216.245.221.92 - - [10/Dec/2023:06:02:51 -0500] "HEAD / HTTP/1.1" 200 -
181.56.162.102 - - [10/Dec/2023:06:03:51 -0500] "GET /BLA/resoluciones/ HTTP/1.1" 200 13696
181.56.162.102 - - [10/Dec/2023:06:03:56 -0500] "GET /BLA/resoluciones/index.php?dir=AUTOS+2011%2F HTTP/1.1" 200 637403
201.245.192.253 - - [10/Dec/2023:06:03:57 -0500] "POST /kwsrmcab/Wsrmcab  HTTP/1.1" 200 41806
207.46.13.168 - - [10/Dec/2023:06:06:03 -0500] "GET /Publicaciones/2023EE279993.pdf HTTP/1.1" 200 232026
52.167.144.9 - - [10/Dec/2023:06:06:09 -0500] "GET /Publicaciones/2023EE274500.pdf HTTP/1.1" 404 228
20.240.13.243 - - [10/Dec/2023:06:06:16 -0500] "GET /Publicaciones/2023EE274500.pdf HTTP/1.1" 404 228
172.22.2.4 - - [10/Dec/2023:06:06:24 -0500] "GET /BLA/boletinlegal/robots.txt HTTP/1.1" 404 1038
172.22.2.4 - - [10/Dec/2023:06:06:24 -0500] "GET /BLA/boletinlegal/Directivas/2014/Directiva%20No.%201%20del%2010%20de%20Abril%20de%202014.pdf HTTP/1.1" 304 -
172.22.2.4 - - [10/Dec/2023:06:04:46 -0500] "HEAD /BLA/boletinlegal/ HTTP/1.1" 200 -
172.22.2.4 - - [10/Dec/2023:06:05:37 -0500] "GET /BLA/boletinlegal/ HTTP/1.1" 200 58294
216.245.221.92 - - [10/Dec/2023:06:07:51 -0500] "HEAD / HTTP/1.1" 200 -
216.244.66.195 - - [10/Dec/2023:06:07:58 -0500] "GET /Residuos/maderas/maderas.html HTTP/1.1" 200 1957
66.249.66.21 - - [10/Dec/2023:06:08:04 -0500] "GET /BLA/resoluciones/RESOLUCIONES%202008/0621.pdf HTTP/1.1" 200 219315
66.249.66.19 - - [10/Dec/2023:06:08:11 -0500] "GET /BLA/resoluciones/AUTOS%202014/1133.pdf HTTP/1.1" 200 411250
201.245.192.253 - - [10/Dec/2023:06:08:56 -0500] "POST /kwsrmcab/Wsrmcab  HTTP/1.1" 200 41806
172.22.2.4 - - [10/Dec/2023:06:09:48 -0500] "GET /BLA/boletinlegal/ HTTP/1.1" 200 57881
66.249.66.20 - - [10/Dec/2023:06:12:11 -0500] "GET /BLA/resoluciones/RESOLUCIONES%202009/3509.pdf HTTP/1.1" 200 716238
172.22.2.4 - - [10/Dec/2023:06:10:36 -0500] "HEAD /BLA/boletinlegal/ HTTP/1.1" 200 -
172.22.2.4 - - [10/Dec/2023:06:12:18 -0500] "GET /BLA/boletinlegal/js/jquery.js HTTP/1.1" 200 57254
172.22.2.4 - - [10/Dec/2023:06:12:19 -0500] "GET /BLA/boletinlegal/style.css HTTP/1.1" 200 9406
172.22.2.4 - - [10/Dec/2023:06:12:19 -0500] "GET /BLA/boletinlegal/styles2.css HTTP/1.1" 200 1838
172.22.2.4 - - [10/Dec/2023:06:12:24 -0500] "GET /BLA/boletinlegal/js/jquery.scrollShow.js HTTP/1.1" 200 4586
172.22.2.4 - - [10/Dec/2023:06:12:24 -0500] "GET /BLA/boletinlegal/js/jquery.scrollTo-min.js HTTP/1.1" 200 1150
216.245.221.92 - - [10/Dec/2023:06:12:51 -0500] "HEAD / HTTP/1.1" 200 -
172.22.2.4 - - [10/Dec/2023:06:11:27 -0500] "GET /BLA/boletinlegal/ HTTP/1.1" 200 60634
66.249.66.19 - - [10/Dec/2023:06:13:26 -0500] "GET /BLA/resoluciones/Autos%202008/2154.pdf HTTP/1.1" 200 288606
201.245.192.253 - - [10/Dec/2023:06:13:54 -0500] "POST /kwsrmcab/Wsrmcab  HTTP/1.1" 200 41806
216.244.66.195 - - [10/Dec/2023:06:16:01 -0500] "GET /galeria/galeria/fotos/Capellania3G.jpg HTTP/1.1" 200 515718
201.245.192.253 - - [10/Dec/2023:06:16:23 -0500] "POST /kwsrmcab/Wsrmcab HTTP/1.1" 200 38397
201.245.192.253 - - [10/Dec/2023:06:16:26 -0500] "POST /kwsrmcab/Wsrmcab HTTP/1.1" 200 38385
216.244.66.195 - - [10/Dec/2023:06:17:44 -0500] "GET /BLA/resoluciones/AUTOS%202010/4266.pdf HTTP/1.1" 200 218221
216.244.66.195 - - [10/Dec/2023:06:17:47 -0500] "GET /silvicultura/12.pdf HTTP/1.1" 200 135979
66.249.66.19 - - [10/Dec/2023:06:17:50 -0500] "GET /BLA/resoluciones/RESOLUCIONES%202009/4759.pdf HTTP/1.1" 200 604855
216.245.221.92 - - [10/Dec/2023:06:17:51 -0500] "HEAD / HTTP/1.1" 200 -
172.22.2.4 - - [10/Dec/2023:06:16:26 -0500] "HEAD /BLA/boletinlegal/ HTTP/1.1" 200 -
52.167.144.138 - - [10/Dec/2023:06:18:24 -0500] "GET /portaldeninos/agua-y-estructura-ecologica-principal/ HTTP/1.1" 200 87488
201.245.192.253 - - [10/Dec/2023:06:18:51 -0500] "POST /kwsrmcab/Wsrmcab  HTTP/1.1" 200 41806
172.22.2.4 - - [10/Dec/2023:06:17:17 -0500] "GET /BLA/boletinlegal/ HTTP/1.1" 200 60634
66.249.66.21 - - [10/Dec/2023:06:19:40 -0500] "GET /resoluciones/RESOLUCIONES%202008/3740.pdf HTTP/1.1" 404 1018
66.249.66.19 - - [10/Dec/2023:06:19:59 -0500] "GET /BLA/resoluciones/RESOLUCIONES%202009/7425.pdf HTTP/1.1" 200 495513
201.245.192.253 - - [10/Dec/2023:06:20:09 -0500] "POST /kwsrmcab/Wsrmcab HTTP/1.1" 200 38397
201.245.192.253 - - [10/Dec/2023:06:20:17 -0500] "POST /kwsrmcab/Wsrmcab HTTP/1.1" 200 38385
216.244.66.195 - - [10/Dec/2023:06:20:21 -0500] "GET /BLA/resoluciones/AUTOS%202009/1816.pdf HTTP/1.1" 200 295950
216.245.221.92 - - [10/Dec/2023:06:22:51 -0500] "HEAD / HTTP/1.1" 200 -
201.245.192.253 - - [10/Dec/2023:06:23:50 -0500] "POST /kwsrmcab/Wsrmcab  HTTP/1.1" 200 41806
172.22.2.4 - - [10/Dec/2023:06:22:16 -0500] "HEAD /BLA/boletinlegal/ HTTP/1.1" 200 -
172.22.2.4 - - [10/Dec/2023:06:23:07 -0500] "GET /BLA/boletinlegal/ HTTP/1.1" 200 58644
201.245.192.253 - - [10/Dec/2023:06:26:23 -0500] "POST /kwsrmcab/Wsrmcab HTTP/1.1" 200 38397
201.245.192.253 - - [10/Dec/2023:06:26:26 -0500] "POST /kwsrmcab/Wsrmcab HTTP/1.1" 200 38385
216.245.221.92 - - [10/Dec/2023:06:27:51 -0500] "HEAD / HTTP/1.1" 200 -
201.245.192.253 - - [10/Dec/2023:06:28:49 -0500] "POST /kwsrmcab/Wsrmcab  HTTP/1.1" 200 41806
172.22.2.4 - - [10/Dec/2023:06:28:06 -0500] "HEAD /BLA/boletinlegal/ HTTP/1.1" 200 -
201.245.192.253 - - [10/Dec/2023:06:30:09 -0500] "POST /kwsrmcab/Wsrmcab HTTP/1.1" 200 38397
201.245.192.253 - - [10/Dec/2023:06:30:17 -0500] "POST /kwsrmcab/Wsrmcab HTTP/1.1" 200 38385
172.22.2.4 - - [10/Dec/2023:06:28:57 -0500] "GET /BLA/boletinlegal/ HTTP/1.1" 200 58644
66.249.66.20 - - [10/Dec/2023:06:31:27 -0500] "GET /BLA/resoluciones/Notificaciones/AUTOS%202023/2502.pdf HTTP/1.1" 304 -
216.245.221.92 - - [10/Dec/2023:06:32:51 -0500] "HEAD / HTTP/1.1" 200 -
201.245.192.253 - - [10/Dec/2023:06:33:48 -0500] "POST /kwsrmcab/Wsrmcab  HTTP/1.1" 200 41806
66.249.66.19 - - [10/Dec/2023:06:34:46 -0500] "GET /BLA/resoluciones/AUTOS%202009/0891.pdf HTTP/1.1" 200 121499
66.249.66.20 - - [10/Dec/2023:06:35:23 -0500] "GET /resoluciones/RESOLUCIONES%202010/0128.pdf HTTP/1.1" 404 1018
172.22.2.4 - - [10/Dec/2023:06:33:56 -0500] "HEAD /BLA/boletinlegal/ HTTP/1.1" 200 -
201.245.192.253 - - [10/Dec/2023:06:36:23 -0500] "POST /kwsrmcab/Wsrmcab HTTP/1.1" 200 38397
172.22.2.4 - - [10/Dec/2023:06:34:47 -0500] "GET /BLA/boletinlegal/ HTTP/1.1" 200 60634
201.245.192.253 - - [10/Dec/2023:06:36:26 -0500] "POST /kwsrmcab/Wsrmcab HTTP/1.1" 200 38385
157.55.39.11 - - [10/Dec/2023:06:36:29 -0500] "GET /Publicaciones/2023EE282664.pdf HTTP/1.1" 200 2139724
216.244.66.195 - - [10/Dec/2023:06:37:47 -0500] "GET /robots.txt HTTP/1.1" 404 1018
216.245.221.92 - - [10/Dec/2023:06:37:51 -0500] "HEAD / HTTP/1.1" 200 -
201.245.192.253 - - [10/Dec/2023:06:38:47 -0500] "POST /kwsrmcab/Wsrmcab  HTTP/1.1" 200 41806
201.245.192.253 - - [10/Dec/2023:06:40:09 -0500] "POST /kwsrmcab/Wsrmcab HTTP/1.1" 200 38397
201.245.192.253 - - [10/Dec/2023:06:40:16 -0500] "POST /kwsrmcab/Wsrmcab HTTP/1.1" 200 38385
172.22.2.4 - - [10/Dec/2023:06:39:46 -0500] "HEAD /BLA/boletinlegal/ HTTP/1.1" 200 -
172.22.2.4 - - [10/Dec/2023:06:40:37 -0500] "GET /BLA/boletinlegal/ HTTP/1.1" 200 60224
216.245.221.92 - - [10/Dec/2023:06:42:51 -0500] "HEAD / HTTP/1.1" 200 -
66.249.66.19 - - [10/Dec/2023:06:43:23 -0500] "GET /BLA/resoluciones/RESOLUCIONES%202008/0392.pdf HTTP/1.1" 200 273552
201.245.192.253 - - [10/Dec/2023:06:43:47 -0500] "POST /kwsrmcab/Wsrmcab  HTTP/1.1" 200 41806
173.252.107.10 - - [10/Dec/2023:06:43:59 -0500] "GET /bogota-cuenta-con-nuevo-modelo-de-residuos-de-construccion-y-demolicion.html HTTP/1.1" 200 783
207.46.13.130 - - [10/Dec/2023:06:44:41 -0500] "GET /Publicaciones/2023EE271740.pdf HTTP/1.1" 404 228
172.22.2.4 - - [10/Dec/2023:06:45:36 -0500] "HEAD /BLA/boletinlegal/ HTTP/1.1" 200 -
123.125.109.45 - - [10/Dec/2023:06:47:20 -0500] "GET / HTTP/1.1" 200 319
216.245.221.92 - - [10/Dec/2023:06:47:51 -0500] "HEAD / HTTP/1.1" 200 -
172.22.2.4 - - [10/Dec/2023:06:46:27 -0500] "GET /BLA/boletinlegal/ HTTP/1.1" 200 58644
201.245.192.253 - - [10/Dec/2023:06:48:47 -0500] "POST /kwsrmcab/Wsrmcab  HTTP/1.1" 200 41806
66.249.66.19 - - [10/Dec/2023:06:49:37 -0500] "GET /Publicaciones/2023EE166062.pdf HTTP/1.1" 404 228
66.249.66.21 - - [10/Dec/2023:06:49:38 -0500] "GET /BLA/resoluciones/Notificaciones/RESOLUCIONES%202023/429.pdf HTTP/1.1" 304 -
66.249.66.20 - - [10/Dec/2023:06:50:40 -0500] "GET /resoluciones/RESOLUCIONES%202009/1726.pdf HTTP/1.1" 404 1018
216.245.221.92 - - [10/Dec/2023:06:52:51 -0500] "HEAD / HTTP/1.1" 200 -
168.119.252.253 - - [10/Dec/2023:06:52:52 -0500] "GET / HTTP/1.1" 200 319
168.119.252.253 - - [10/Dec/2023:06:52:54 -0500] "GET / HTTP/1.1" 200 4720
172.22.2.4 - - [10/Dec/2023:06:51:26 -0500] "HEAD /BLA/boletinlegal/ HTTP/1.1" 200 -
201.245.192.253 - - [10/Dec/2023:06:53:45 -0500] "POST /kwsrmcab/Wsrmcab  HTTP/1.1" 200 41806
172.22.2.4 - - [10/Dec/2023:06:52:17 -0500] "GET /BLA/boletinlegal/ HTTP/1.1" 200 60634
216.245.221.92 - - [10/Dec/2023:06:57:51 -0500] "HEAD / HTTP/1.1" 200 -
201.245.192.253 - - [10/Dec/2023:06:58:43 -0500] "POST /kwsrmcab/Wsrmcab  HTTP/1.1" 200 41806
172.22.2.4 - - [10/Dec/2023:06:57:16 -0500] "HEAD /BLA/boletinlegal/ HTTP/1.1" 200 -
172.22.2.4 - - [10/Dec/2023:06:58:07 -0500] "GET /BLA/boletinlegal/ HTTP/1.1" 200 58294
199.16.157.182 - - [10/Dec/2023:07:00:59 -0500] "GET /images/cr%C3%B3nica-29-nov-1_optimized.jpeg HTTP/1.1" 404 1034
52.167.144.145 - - [10/Dec/2023:07:01:55 -0500] "GET /Publicaciones/2023EE278098.pdf HTTP/1.1" 200 1014626
216.245.221.92 - - [10/Dec/2023:07:02:51 -0500] "HEAD / HTTP/1.1" 200 -
201.245.192.253 - - [10/Dec/2023:07:03:42 -0500] "POST /kwsrmcab/Wsrmcab  HTTP/1.1" 200 41806
66.249.66.20 - - [10/Dec/2023:07:04:37 -0500] "GET /Publicaciones/2023EE215073.pdf HTTP/1.1" 404 228
172.22.2.4 - - [10/Dec/2023:07:03:06 -0500] "HEAD /BLA/boletinlegal/ HTTP/1.1" 200 -
172.22.2.4 - - [10/Dec/2023:07:03:57 -0500] "GET /BLA/boletinlegal/ HTTP/1.1" 200 58644
216.245.221.92 - - [10/Dec/2023:07:07:51 -0500] "HEAD / HTTP/1.1" 200 -
216.244.66.195 - - [10/Dec/2023:07:08:35 -0500] "GET /transparencia/directorioservidores/2018/septiembre.xlsx HTTP/1.1" 404 1018
201.245.192.253 - - [10/Dec/2023:07:08:40 -0500] "POST /kwsrmcab/Wsrmcab  HTTP/1.1" 200 41806
172.22.2.4 - - [10/Dec/2023:07:08:56 -0500] "HEAD /BLA/boletinlegal/ HTTP/1.1" 200 -
116.202.20.140 - - [10/Dec/2023:07:10:51 -0500] "GET / HTTP/1.1" 200 4720
116.202.20.140 - - [10/Dec/2023:07:10:52 -0500] "GET / HTTP/1.1" 200 319
172.22.2.4 - - [10/Dec/2023:07:09:47 -0500] "GET /BLA/boletinlegal/ HTTP/1.1" 200 58644
66.249.66.21 - - [10/Dec/2023:07:12:05 -0500] "GET /Publicaciones/2022EE307057.pdf HTTP/1.1" 404 228
216.245.221.92 - - [10/Dec/2023:07:12:51 -0500] "HEAD / HTTP/1.1" 200 -
104.152.52.146 - - [10/Dec/2023:07:13:34 -0500] "GET / HTTP/1.0" 200 319
201.245.192.253 - - [10/Dec/2023:07:13:38 -0500] "POST /kwsrmcab/Wsrmcab  HTTP/1.1" 200 41806
216.244.66.195 - - [10/Dec/2023:07:15:33 -0500] "GET /videos/ArchivoSDA.flv HTTP/1.1" 200 31205279
201.245.192.253 - - [10/Dec/2023:07:16:23 -0500] "POST /kwsrmcab/Wsrmcab HTTP/1.1" 200 38220
172.22.2.4 - - [10/Dec/2023:07:14:46 -0500] "HEAD /BLA/boletinlegal/ HTTP/1.1" 200 -
201.245.192.253 - - [10/Dec/2023:07:16:26 -0500] "POST /kwsrmcab/Wsrmcab HTTP/1.1" 200 38388
216.244.66.195 - - [10/Dec/2023:07:16:35 -0500] "GET /BLA/resoluciones/index.php?dir=RESOLUCIONES+2019%2F HTTP/1.1" 200 262093
172.22.2.4 - - [10/Dec/2023:07:15:37 -0500] "GET /BLA/boletinlegal/ HTTP/1.1" 200 60634
216.244.66.195 - - [10/Dec/2023:07:17:40 -0500] "GET /galeria/galeria/fotos/Huemdal-el-Tunjo4G.jpg HTTP/1.1" 200 327819
216.245.221.92 - - [10/Dec/2023:07:17:51 -0500] "HEAD / HTTP/1.1" 200 -
201.245.192.253 - - [10/Dec/2023:07:18:37 -0500] "POST /kwsrmcab/Wsrmcab  HTTP/1.1" 200 41806
201.245.192.253 - - [10/Dec/2023:07:20:09 -0500] "POST /kwsrmcab/Wsrmcab HTTP/1.1" 200 38220
201.245.192.253 - - [10/Dec/2023:07:20:17 -0500] "POST /kwsrmcab/Wsrmcab HTTP/1.1" 200 38388
172.22.2.4 - - [10/Dec/2023:07:20:36 -0500] "HEAD /BLA/boletinlegal/ HTTP/1.1" 200 -
216.245.221.92 - - [10/Dec/2023:07:22:51 -0500] "HEAD / HTTP/1.1" 200 -
172.22.2.4 - - [10/Dec/2023:07:21:27 -0500] "GET /BLA/boletinlegal/ HTTP/1.1" 200 58294
201.245.192.253 - - [10/Dec/2023:07:23:36 -0500] "POST /kwsrmcab/Wsrmcab  HTTP/1.1" 200 41806
201.245.192.253 - - [10/Dec/2023:07:26:23 -0500] "POST /kwsrmcab/Wsrmcab HTTP/1.1" 200 38220
201.245.192.253 - - [10/Dec/2023:07:26:26 -0500] "POST /kwsrmcab/Wsrmcab HTTP/1.1" 200 38388
216.245.221.92 - - [10/Dec/2023:07:27:51 -0500] "HEAD / HTTP/1.1" 200 -
172.22.2.4 - - [10/Dec/2023:07:26:26 -0500] "HEAD /BLA/boletinlegal/ HTTP/1.1" 200 -
201.245.192.253 - - [10/Dec/2023:07:28:35 -0500] "POST /kwsrmcab/Wsrmcab  HTTP/1.1" 200 41806
172.22.2.4 - - [10/Dec/2023:07:27:17 -0500] "GET /BLA/boletinlegal/ HTTP/1.1" 200 58294
201.245.192.253 - - [10/Dec/2023:07:30:09 -0500] "POST /kwsrmcab/Wsrmcab HTTP/1.1" 200 38220
162.142.125.223 - - [10/Dec/2023:07:30:16 -0500] "GET / HTTP/1.1" 200 319
201.245.192.253 - - [10/Dec/2023:07:30:16 -0500] "POST /kwsrmcab/Wsrmcab HTTP/1.1" 200 38388
162.142.125.223 - - [10/Dec/2023:07:30:20 -0500] "GET / HTTP/1.1" 200 319
162.142.125.223 - - [10/Dec/2023:07:30:20 -0500] "PRI * HTTP/2.0" 400 946
162.142.125.223 - - [10/Dec/2023:07:30:20 -0500] "GET /favicon.ico HTTP/1.1" 200 7782
216.245.221.92 - - [10/Dec/2023:07:32:51 -0500] "HEAD / HTTP/1.1" 200 -
201.245.192.253 - - [10/Dec/2023:07:33:33 -0500] "POST /kwsrmcab/Wsrmcab  HTTP/1.1" 200 41806
172.22.2.4 - - [10/Dec/2023:07:32:16 -0500] "HEAD /BLA/boletinlegal/ HTTP/1.1" 200 -
172.22.2.4 - - [10/Dec/2023:07:33:07 -0500] "GET /BLA/boletinlegal/ HTTP/1.1" 200 58644
216.244.66.195 - - [10/Dec/2023:07:36:03 -0500] "GET /robots.txt HTTP/1.1" 404 1018
201.245.192.253 - - [10/Dec/2023:07:36:23 -0500] "POST /kwsrmcab/Wsrmcab HTTP/1.1" 200 38220
201.245.192.253 - - [10/Dec/2023:07:36:26 -0500] "POST /kwsrmcab/Wsrmcab HTTP/1.1" 200 38388
216.245.221.92 - - [10/Dec/2023:07:37:51 -0500] "HEAD / HTTP/1.1" 200 -
172.22.2.4 - - [10/Dec/2023:07:38:05 -0500] "GET /BLA/boletinlegal/Directivas/2011/Directiva%20No.%206%20del%208%20de%20Septiembre%20de%202011.pdf HTTP/1.1" 304 -
201.245.192.253 - - [10/Dec/2023:07:38:32 -0500] "POST /kwsrmcab/Wsrmcab  HTTP/1.1" 200 41806
172.22.2.4 - - [10/Dec/2023:07:38:06 -0500] "HEAD /BLA/boletinlegal/ HTTP/1.1" 200 -
201.245.192.253 - - [10/Dec/2023:07:40:09 -0500] "POST /kwsrmcab/Wsrmcab HTTP/1.1" 200 38220
201.245.192.253 - - [10/Dec/2023:07:40:17 -0500] "POST /kwsrmcab/Wsrmcab HTTP/1.1" 200 38388
172.22.2.4 - - [10/Dec/2023:07:38:57 -0500] "GET /BLA/boletinlegal/ HTTP/1.1" 200 60224
44.212.94.18 - - [10/Dec/2023:07:41:30 -0500] "GET /robots.txt HTTP/1.1" 404 1018
181.32.209.251 - - [10/Dec/2023:07:42:18 -0500] "GET /guadalupe-aguanoso-un-nuevo-tramo-de-camino-para-disfrutar-en-los-cerros-orientales.html HTTP/1.1" 200 795
52.167.144.222 - - [10/Dec/2023:07:42:32 -0500] "GET /Publicaciones/2023EE280011.pdf HTTP/1.1" 200 231887
216.245.221.92 - - [10/Dec/2023:07:42:51 -0500] "HEAD / HTTP/1.1" 200 -
44.212.94.18 - - [10/Dec/2023:07:41:30 -0500] "GET /BLA/boletinlegal/ HTTP/1.1" 200 62729
201.245.192.253 - - [10/Dec/2023:07:43:31 -0500] "POST /kwsrmcab/Wsrmcab  HTTP/1.1" 200 41806
44.212.94.18 - - [10/Dec/2023:07:43:57 -0500] "GET /BLA/boletinlegal/Circulares/2023/CIRCULAR%20No.%2000011%20DEL%2023%20DE%20OCTUBRE%20DEL%202023.pdf HTTP/1.1" 200 334676
172.22.2.4 - - [10/Dec/2023:07:44:14 -0500] "GET /BLA/boletinlegal/normativa.php HTTP/1.1" 200 8343
123.125.109.117 - - [10/Dec/2023:07:44:49 -0500] "GET / HTTP/1.1" 200 319
216.244.66.195 - - [10/Dec/2023:07:45:05 -0500] "GET /POT-2013/Cartografia/Anexo01_Sistema_Hidrico.pdf HTTP/1.1" 200 5860035
172.22.2.4 - - [10/Dec/2023:07:43:56 -0500] "HEAD /BLA/boletinlegal/ HTTP/1.1" 200 -
172.22.2.4 - - [10/Dec/2023:07:44:47 -0500] "GET /BLA/boletinlegal/ HTTP/1.1" 200 58644
216.245.221.92 - - [10/Dec/2023:07:47:51 -0500] "HEAD / HTTP/1.1" 200 -
201.245.192.253 - - [10/Dec/2023:07:48:31 -0500] "POST /kwsrmcab/Wsrmcab  HTTP/1.1" 200 41806
52.167.144.218 - - [10/Dec/2023:07:48:39 -0500] "GET /se-abre-convocatoria-para-procesos-de-formacion-ambiental-para-habitantes-de-la-upz-89-de-san-isidro-patios.html HTTP/1.1" 200 811
172.22.2.4 - - [10/Dec/2023:07:51:07 -0500] "GET /BLA/boletinlegal/style.css HTTP/1.1" 200 9406
172.22.2.4 - - [10/Dec/2023:07:51:07 -0500] "GET /BLA/boletinlegal/styles2.css HTTP/1.1" 200 1838
172.22.2.4 - - [10/Dec/2023:07:51:07 -0500] "GET /BLA/boletinlegal/js/jquery.scrollTo-min.js HTTP/1.1" 200 1150
172.22.2.4 - - [10/Dec/2023:07:51:07 -0500] "GET /BLA/boletinlegal/js/jquery.js HTTP/1.1" 200 57254
172.22.2.4 - - [10/Dec/2023:07:51:07 -0500] "GET /BLA/boletinlegal/js/jquery.scrollShow.js HTTP/1.1" 200 4586
172.22.2.4 - - [10/Dec/2023:07:51:07 -0500] "GET /BLA/boletinlegal/images/cabezote%20BLEGAL.jpg HTTP/1.1" 200 118164
172.22.2.4 - - [10/Dec/2023:07:51:07 -0500] "GET /BLA/boletinlegal/images/screen_1.png HTTP/1.1" 200 202547
172.22.2.4 - - [10/Dec/2023:07:51:07 -0500] "GET /BLA/boletinlegal/images/subscribe-icon-big.png HTTP/1.1" 200 47702
172.22.2.4 - - [10/Dec/2023:07:51:07 -0500] "GET /BLA/boletinlegal/images/historia.png HTTP/1.1" 200 52775
172.22.2.4 - - [10/Dec/2023:07:51:07 -0500] "GET /BLA/boletinlegal/images/registro-usuarios.png HTTP/1.1" 200 8106
172.22.2.4 - - [10/Dec/2023:07:51:07 -0500] "GET /BLA/boletinlegal/images/arr_l.jpg HTTP/1.1" 200 1979
172.22.2.4 - - [10/Dec/2023:07:51:07 -0500] "GET /BLA/boletinlegal/images/launch.jpg HTTP/1.1" 200 14577
172.22.2.4 - - [10/Dec/2023:07:51:07 -0500] "GET /BLA/boletinlegal/images/body_bg.jpg HTTP/1.1" 200 1601
172.22.2.4 - - [10/Dec/2023:07:51:07 -0500] "GET /BLA/boletinlegal/images/menu_bg.jpg HTTP/1.1" 200 620
172.22.2.4 - - [10/Dec/2023:07:51:07 -0500] "GET /BLA/boletinlegal/images/menu_lft.gif HTTP/1.1" 200 1713
172.22.2.4 - - [10/Dec/2023:07:51:07 -0500] "GET /BLA/boletinlegal/images/bg_top.jpg HTTP/1.1" 200 522
172.22.2.4 - - [10/Dec/2023:07:51:07 -0500] "GET /BLA/boletinlegal/images/menu_rght.gif HTTP/1.1" 200 1627
172.22.2.4 - - [10/Dec/2023:07:51:07 -0500] "GET /BLA/boletinlegal/images/text.jpg HTTP/1.1" 200 568
172.22.2.4 - - [10/Dec/2023:07:51:07 -0500] "GET /BLA/boletinlegal/images/hover.jpg HTTP/1.1" 200 640
172.22.2.4 - - [10/Dec/2023:07:51:17 -0500] "GET /BLA/boletinlegal/images/screen_2.png HTTP/1.1" 200 362502
172.22.2.4 - - [10/Dec/2023:07:51:17 -0500] "GET /BLA/boletinlegal/images/screen_3.png HTTP/1.1" 200 210620
172.22.2.4 - - [10/Dec/2023:07:51:17 -0500] "GET /BLA/boletinlegal/images/screen_5.png HTTP/1.1" 200 368876
172.22.2.4 - - [10/Dec/2023:07:51:17 -0500] "GET /BLA/boletinlegal/images/arr_r.jpg HTTP/1.1" 200 1998
172.22.2.4 - - [10/Dec/2023:07:49:46 -0500] "HEAD /BLA/boletinlegal/ HTTP/1.1" 200 -
172.22.2.4 - - [10/Dec/2023:07:51:30 -0500] "GET /BLA/boletinlegal/images/pdf.gif HTTP/1.1" 200 567
172.22.2.4 - - [10/Dec/2023:07:50:36 -0500] "GET /BLA/boletinlegal/ HTTP/1.1" 200 52827
172.22.2.4 - - [10/Dec/2023:07:51:07 -0500] "GET /BLA/boletinlegal/ HTTP/1.1" 200 55399
172.22.2.4 - - [10/Dec/2023:07:52:47 -0500] "GET /BLA/boletinlegal/images/footer_bg.jpg HTTP/1.1" 200 586
172.22.2.4 - - [10/Dec/2023:07:52:47 -0500] "GET /BLA/boletinlegal/favicon.ico HTTP/1.1" 404 1308
216.245.221.92 - - [10/Dec/2023:07:52:51 -0500] "HEAD / HTTP/1.1" 200 -
201.245.192.253 - - [10/Dec/2023:07:53:29 -0500] "POST /kwsrmcab/Wsrmcab  HTTP/1.1" 200 41806
44.212.94.18 - - [10/Dec/2023:07:53:33 -0500] "GET /BLA/boletinlegal/Circulares/2012/Circular%20No.%201%20del%2017%20de%20Enero%20de%202012.pdf HTTP/1.1" 200 1118749
172.22.2.4 - - [10/Dec/2023:07:53:52 -0500] "GET /BLA/boletinlegal/Circulares/2020/CIRCULAR%20No.%2000019%20DEL%2018%20DE%20DICIEMBRE%20DEL%202020.pdf HTTP/1.1" 304 -
157.55.39.8 - - [10/Dec/2023:07:56:06 -0500] "GET /Publicaciones/2023EE276406.pdf HTTP/1.1" 404 228
157.55.39.8 - - [10/Dec/2023:07:56:07 -0500] "GET /Publicaciones/2023EE282769.pdf HTTP/1.1" 200 1181857
163.5.160.206 - - [10/Dec/2023:07:56:15 -0500] "GET /.git/config HTTP/1.1" 404 1018
66.249.66.20 - - [10/Dec/2023:07:57:05 -0500] "GET /Publicaciones/2023EE164643.pdf HTTP/1.1" 404 228
172.22.2.4 - - [10/Dec/2023:07:55:36 -0500] "HEAD /BLA/boletinlegal/ HTTP/1.1" 200 -
216.245.221.92 - - [10/Dec/2023:07:57:51 -0500] "HEAD / HTTP/1.1" 200 -
172.22.2.4 - - [10/Dec/2023:07:56:27 -0500] "GET /BLA/boletinlegal/ HTTP/1.1" 200 60634
44.212.94.18 - - [10/Dec/2023:07:58:11 -0500] "GET /BLA/boletinlegal/Circulares/2012/Circular%20No.%205%20del%2027%20de%20Abril%20de%202012.pdf HTTP/1.1" 200 216613
201.245.192.253 - - [10/Dec/2023:07:58:28 -0500] "POST /kwsrmcab/Wsrmcab  HTTP/1.1" 200 41806
44.212.94.18 - - [10/Dec/2023:07:59:23 -0500] "GET / HTTP/1.1" 200 319
207.46.13.31 - - [10/Dec/2023:07:59:50 -0500] "GET /BLA/resoluciones/AUTOS%202021/4249.pdf HTTP/1.1" 304 -
216.245.221.92 - - [10/Dec/2023:08:02:51 -0500] "HEAD / HTTP/1.1" 200 -
172.22.2.4 - - [10/Dec/2023:08:01:26 -0500] "HEAD /BLA/boletinlegal/ HTTP/1.1" 200 -
44.212.94.18 - - [10/Dec/2023:08:03:25 -0500] "GET /BLA/boletinlegal/Circulares/2011/Circular%20No.%209%20del%2003%20de%20Noviembre%20de%202011.pdf HTTP/1.1" 200 54568
201.245.192.253 - - [10/Dec/2023:08:03:26 -0500] "POST /kwsrmcab/Wsrmcab  HTTP/1.1" 200 41806
172.22.2.4 - - [10/Dec/2023:08:02:17 -0500] "GET /BLA/boletinlegal/ HTTP/1.1" 200 60634
172.22.2.4 - - [10/Dec/2023:08:04:07 -0500] "GET /BLA/boletinlegal/sugerencias.php HTTP/1.1" 200 8615
181.234.179.34 - - [10/Dec/2023:08:04:31 -0500] "GET /BLA/resoluciones/ HTTP/1.1" 200 13696
181.234.179.34 - - [10/Dec/2023:08:04:31 -0500] "GET /BLA/resoluciones/dlf/styles.css HTTP/1.1" 200 3049
181.234.179.34 - - [10/Dec/2023:08:04:31 -0500] "GET /BLA/resoluciones/dlf/folder.png HTTP/1.1" 200 410
181.234.179.34 - - [10/Dec/2023:08:04:31 -0500] "GET /BLA/resoluciones/dlf/bg.gif HTTP/1.1" 200 54
181.234.179.34 - - [10/Dec/2023:08:04:32 -0500] "GET /favicon.ico HTTP/1.1" 200 7782
181.234.179.34 - - [10/Dec/2023:08:04:47 -0500] "GET /BLA/resoluciones/dlf/dirup.png HTTP/1.1" 200 644
181.234.179.34 - - [10/Dec/2023:08:04:47 -0500] "GET /BLA/resoluciones/dlf/pdf.gif HTTP/1.1" 200 272
181.234.179.34 - - [10/Dec/2023:08:04:46 -0500] "GET /BLA/resoluciones/index.php?dir=RESOLUCIONES+2018%2F HTTP/1.1" 200 281129
52.149.22.83 - - [10/Dec/2023:08:05:21 -0500] "GET /Publicaciones/2023EE276406.pdf HTTP/1.1" 404 228
216.245.221.92 - - [10/Dec/2023:08:07:51 -0500] "HEAD / HTTP/1.1" 200 -
201.245.192.253 - - [10/Dec/2023:08:08:25 -0500] "POST /kwsrmcab/Wsrmcab  HTTP/1.1" 200 41806
172.22.2.4 - - [10/Dec/2023:08:07:16 -0500] "HEAD /BLA/boletinlegal/ HTTP/1.1" 200 -
172.22.2.4 - - [10/Dec/2023:08:08:07 -0500] "GET /BLA/boletinlegal/ HTTP/1.1" 200 61018
207.46.13.31 - - [10/Dec/2023:08:09:47 -0500] "GET /Publicaciones/2023EE277653.pdf HTTP/1.1" 200 371526
44.212.94.18 - - [10/Dec/2023:08:10:24 -0500] "GET /BLA/boletinlegal/Circulares/2012/Circular%20No.%2010%20del%2026%20de%20Enero%20de%202012.pdf HTTP/1.1" 404 1018
52.167.144.228 - - [10/Dec/2023:08:10:40 -0500] "GET /Publicaciones/2023EE283627.pdf HTTP/1.1" 200 231595
207.46.13.31 - - [10/Dec/2023:08:10:49 -0500] "GET /BLA/resoluciones/RESOLUCIONES%202023/1572.pdf HTTP/1.1" 200 447866
162.55.166.12 - - [10/Dec/2023:08:11:26 -0500] "GET / HTTP/1.1" 200 4720
162.55.166.12 - - [10/Dec/2023:08:11:30 -0500] "GET / HTTP/1.1" 200 319
181.56.162.102 - - [10/Dec/2023:08:11:38 -0500] "GET /BLA/resoluciones/ HTTP/1.1" 200 13696
181.56.162.102 - - [10/Dec/2023:08:11:42 -0500] "GET /BLA/resoluciones/index.php?dir=AUTOS+2022%2F HTTP/1.1" 200 509115
216.245.221.92 - - [10/Dec/2023:08:12:51 -0500] "HEAD / HTTP/1.1" 200 -
201.245.192.253 - - [10/Dec/2023:08:13:24 -0500] "POST /kwsrmcab/Wsrmcab  HTTP/1.1" 200 41806
44.212.94.18 - - [10/Dec/2023:08:13:44 -0500] "GET /BLA/boletinlegal/Circulares/2023/CIRCULAR%20No.%2000009%20DEL%2010%20DE%20OCTUBRE%20DEL%202023.pdf HTTP/1.1" 200 529599
172.22.2.4 - - [10/Dec/2023:08:13:06 -0500] "HEAD /BLA/boletinlegal/ HTTP/1.1" 200 -
172.22.2.4 - - [10/Dec/2023:08:13:56 -0500] "GET /BLA/boletinlegal/ HTTP/1.1" 200 60224
201.245.192.253 - - [10/Dec/2023:08:16:23 -0500] "POST /kwsrmcab/Wsrmcab HTTP/1.1" 200 38409
201.245.192.253 - - [10/Dec/2023:08:16:26 -0500] "POST /kwsrmcab/Wsrmcab HTTP/1.1" 200 38397
207.46.13.31 - - [10/Dec/2023:08:17:09 -0500] "GET /BLA/resoluciones/index.php?dir=RESOLUCIONES+2002%2FRES+2002+1451-1500%2F HTTP/1.1" 200 12146
216.244.66.195 - - [10/Dec/2023:08:17:32 -0500] "GET /php/reqintranet.php HTTP/1.1" 404 1018
114.119.138.178 - - [10/Dec/2023:08:17:47 -0500] "GET /BLA/resoluciones/index.php?dir=Notificaciones/AUTOS%2B2014/&sort=name&order=desc HTTP/1.1" 200 13943
216.245.221.92 - - [10/Dec/2023:08:17:51 -0500] "HEAD / HTTP/1.1" 200 -
201.245.192.253 - - [10/Dec/2023:08:18:23 -0500] "POST /kwsrmcab/Wsrmcab  HTTP/1.1" 200 41806
201.245.192.253 - - [10/Dec/2023:08:20:09 -0500] "POST /kwsrmcab/Wsrmcab HTTP/1.1" 200 38409
201.245.192.253 - - [10/Dec/2023:08:20:17 -0500] "POST /kwsrmcab/Wsrmcab HTTP/1.1" 200 38397
172.22.2.4 - - [10/Dec/2023:08:18:56 -0500] "HEAD /BLA/boletinlegal/ HTTP/1.1" 200 -
173.252.107.117 - - [10/Dec/2023:08:21:07 -0500] "GET /semana-santa-dias-y-horarios-para-visitar-el-camino-guadalupe-aguanoso.html HTTP/1.1" 200 943
173.252.83.3 - - [10/Dec/2023:08:21:08 -0500] "GET /images/caminos-de-los-cerros-1_optimized.jpeg HTTP/1.1" 200 49537
172.22.2.4 - - [10/Dec/2023:08:19:47 -0500] "GET /BLA/boletinlegal/ HTTP/1.1" 200 56997
173.252.127.22 - - [10/Dec/2023:08:22:41 -0500] "GET /semana-santa-dias-y-horarios-para-visitar-el-camino-guadalupe-aguanoso.html HTTP/1.1" 200 943
216.245.221.92 - - [10/Dec/2023:08:22:51 -0500] "HEAD / HTTP/1.1" 200 -
201.245.192.253 - - [10/Dec/2023:08:23:21 -0500] "POST /kwsrmcab/Wsrmcab  HTTP/1.1" 200 41806
207.46.13.54 - - [10/Dec/2023:08:24:21 -0500] "GET /BLA/resoluciones/RESOLUCIONES%202023/1214.pdf HTTP/1.1" 200 371329
201.245.192.253 - - [10/Dec/2023:08:26:23 -0500] "POST /kwsrmcab/Wsrmcab HTTP/1.1" 200 38409
172.22.2.4 - - [10/Dec/2023:08:24:46 -0500] "HEAD /BLA/boletinlegal/ HTTP/1.1" 200 -
201.245.192.253 - - [10/Dec/2023:08:26:26 -0500] "POST /kwsrmcab/Wsrmcab HTTP/1.1" 200 38397
44.212.94.18 - - [10/Dec/2023:08:26:38 -0500] "GET /BLA/boletinlegal/Circulares/2012/Circular%20No.%206%20del%2025%20de%20Mayo%20de%202012.pdf HTTP/1.1" 200 387391
44.212.94.18 - - [10/Dec/2023:08:27:13 -0500] "GET /BLA/boletinlegal/Circulares/2023/CIRCULAR%20No.%2000012%20DEL%2030%20DE%20OCTUBRE%20DEL%202023.pdf HTTP/1.1" 200 402860
172.22.2.4 - - [10/Dec/2023:08:25:36 -0500] "GET /BLA/boletinlegal/ HTTP/1.1" 200 58644
216.245.221.92 - - [10/Dec/2023:08:27:51 -0500] "HEAD / HTTP/1.1" 200 -
157.55.39.61 - - [10/Dec/2023:08:28:09 -0500] "GET /Publicaciones/2023EE280003.pdf HTTP/1.1" 200 232291
201.245.192.253 - - [10/Dec/2023:08:28:19 -0500] "POST /kwsrmcab/Wsrmcab  HTTP/1.1" 200 41806
201.245.192.253 - - [10/Dec/2023:08:30:09 -0500] "POST /kwsrmcab/Wsrmcab HTTP/1.1" 200 38409
201.245.192.253 - - [10/Dec/2023:08:30:16 -0500] "POST /kwsrmcab/Wsrmcab HTTP/1.1" 200 38397
173.252.127.20 - - [10/Dec/2023:08:30:23 -0500] "GET /en-el-dia-mundial-de-la-educacion-ambiental-bogota-condecora-a-docentes-lideres-artistas-organizaciones-y-empresas.html HTTP/1.1" 200 1075
172.22.2.4 - - [10/Dec/2023:08:30:36 -0500] "HEAD /BLA/boletinlegal/ HTTP/1.1" 200 -
216.244.66.195 - - [10/Dec/2023:08:32:31 -0500] "GET /robots.txt HTTP/1.1" 404 1018
216.245.221.92 - - [10/Dec/2023:08:32:51 -0500] "HEAD / HTTP/1.1" 200 -
