172.22.2.4 - - [10/Dec/2023:13:09:11 -0500] "GET /BLA/boletinlegal/img/select-right.png HTTP/1.1" 200 44019
172.22.2.4 - - [10/Dec/2023:13:09:11 -0500] "GET /BLA/boletinlegal/img/button-right.png HTTP/1.1" 200 57878
172.22.2.4 - - [10/Dec/2023:13:09:11 -0500] "GET /BLA/boletinlegal/img/button-left.png HTTP/1.1" 200 57071
172.22.2.4 - - [10/Dec/2023:13:09:11 -0500] "GET /BLA/boletinlegal/img/button.png HTTP/1.1" 200 43241
172.22.2.4 - - [10/Dec/2023:13:09:11 -0500] "GET /BLA/boletinlegal/favicon.ico HTTP/1.1" 404 1326
172.22.2.4 - - [10/Dec/2023:13:09:49 -0500] "GET /BLA/boletinlegal/consulta_actos.php?tipo=resoluciones&no=0137&usuario=&sector=&fecha=2023&resuelve= HTTP/1.1" 200 1070
172.22.2.4 - - [10/Dec/2023:13:09:49 -0500] "GET /BLA/boletinlegal/images/pdf.gif HTTP/1.1" 200 567
201.245.192.253 - - [10/Dec/2023:13:12:07 -0500] "POST /kwsrmcab/Wsrmcab  HTTP/1.1" 200 41806
172.22.2.4 - - [10/Dec/2023:13:10:39 -0500] "HEAD /BLA/boletinlegal/ HTTP/1.1" 200 -
216.245.221.92 - - [10/Dec/2023:13:12:50 -0500] "HEAD / HTTP/1.1" 200 -
172.22.2.4 - - [10/Dec/2023:13:11:30 -0500] "GET /BLA/boletinlegal/ HTTP/1.1" 200 58294
179.33.73.22 - - [10/Dec/2023:13:14:37 -0500] "GET /kwssiamovil/sm/acme/a?s=U2FsdGVkX18Vh3dgzWwQGNVipbyfvMaIh2ja5iuRWJ3puDRlhntK2N21DFAlKYaMVmYhwcBIGCnSkapqXxuCs1lY8WeZ572yow3MvUYNc9Dl/aVmdrpIBq09NuMu0oe5jJVBUQJdjCmAp8SW4m6l+DqMKFjIDAnAlEdWk6QIAUbKr4mAqFX7kV97Yq5iSEdLDKomuj8lGxIo1fjml1yUXaddonk5WVcBIrxEewkzoBz0XHAPZrYt2ItoNSfQtbm0PFMpfB4PdYLKd6gXwtO5KA==&u=U2FsdGVkX18biOX0x6h3Kay3k4gxRKckkCYtNQ9qOMk=&y=U2FsdGVkX19vfAVM+cGEJWQKVjjsS2Nrq37RIWsoIw3vXmlAW39699DoS2/jddya HTTP/1.1" 200 26
179.33.73.22 - - [10/Dec/2023:13:14:37 -0500] "GET /kwssiamovil/sm/acme/a?s=U2FsdGVkX1/SvKi5EfKiZdQhiJmgrgPV1u3S4BooLGOsEt16SWp7Ws9pCBFXMDGYAPrlesdTSI0deIVE3FSO37mFNRZ2LIa8MIdhaqJBnbqa58f92axvtiiZ8EIfad/XFyZJWdoXZvBhUGdPc3wZ8CKbqpN75pULr9YSwQE9xw8L6yDV9Y+tqO/p0K9VhUDRW8OKn49H5atBRFeFKFJwkS/A3apDJ4DlIcop5SuioDzw/f3biYbUbcPBzZ2i0o0a5FfPoffhZcyn60hnisZZaYTdfgHbNbxIaB8m9Z9zPJchHncJWp7pPRJDkOdWXu6wFsa/SNnJMoHZSaWj7HPzX6k314G2//72V50Bsh87C5/WeXozse4WvwF0knr1/pf72fB70b+zzrRDD4mRvmKZE5BAZR6fpJNF0L4CivT6nIJHv7CrTr7Lvbxs+vonHPelSRNl9mh+vKKQCs0S5fmb2zr/FcADaZGfW7Hs/kvMJfD4rNjOB9LvNY5RHeDrSP9AFblUmLeLEKn1Bd5O280cWC1/tt22iF7vvrUhiv9Fos4JDNYNGmQIqj8n7TWt8QHtODnTLLjgXTdLELMKHYIAuv8F85GWfk2kFN7M27c6JXYW6iqlamqgnRPtkhgPEY7/VnIgNdq5lswrKg+KIJh8esKut/yXwTRmDK1f+YLy41leK0hgHQhgGT8hx3LTUpDY2Bs6Lbjgno2F8yB+LczITV63g4QPn8qsyDQQVB9mTO0LpZ3dFVb3lxJcPqhBnkYx36DDX3UPEsLhIDB8VzxkYB2zEuDrT77wkvUnQz1txGW8jAjZBAPYtQfAD0b90pH3JwdrK43WCK7f0HFPr+dCn8dZnCUNAfgONkQpRCZHNKI3Qjv/wzzZWtZUhhIwuB7+MM0oQ9wfz7EFWGpkW1slAp+OtNv8nzMqkxn7AIL9d4nccFTSkESXnczjFvbNXDaAKWvUMcK40oqO2XMyJiMrgR9TMnJ85pF4EHcCO2l1f3NWU/ftcEjKmS8BKg46++T5pXlC7vKIqyROr4Bomqo+xNili7pwPJOLnSryu30e0Y31nrlXpHj0glo3uR7jFEKDU2yLtlg6n7qGiU9Xv1PGyUQBL10+6GYlPBWaOpJz14/KJa0+nSu07gZWFSB+bcVspWClkcxgFzvMK+oARdKzk8JKZr7oZ3HX3w2xkiy4jiC3N7NK40Pvf4yRhxHjU1sN+lwKgCS6M3xbx5bPIY0pUvGQVMmgKI3BrqNpl85H/iPz2ahKa1TkDLmGbone8a8AuBRsjKLDsxGrkpumHVjwnBPHvW7wvzZDbwWiTIZT02btOLid29+XABMtx6sRFeLto928dhKsPfa8UVACy6wsPSTTVS7USFzYmolD/bnrNMXo7jBrooq/7B5rS2XLn3dQvc+NCePD6hrVaYbETpHey56BgcdJNEh9iTH+ehklvmIq/FrC1/DAnrHY6PR9wB7DcT/2u4I0xKoJFIqc76ekQGAdRrjCmR501Qh0iu9H+fujiwhaOTWueJlBaR+cRJXLHZbtgtWHbq4b4zgtI4KSOfQq9u1UDcOJN0phtKhwPaMi/r5uEmFyIdrIPBgcYpnwe95bvmaiR5wJ7w/eMg2HSZT5F9lLrGLthoCfx8DDttm+QmBOMwxzU86MnQbuiU8c0nVT2X6cKTiEaaYFZ+YkRMj7duLY2R71T0SX//U+58Nd74vu7c1jkY8Kd0l9c1FU+GFR7+58ldcmGXmKOBpRmO8TOafuyRR310R5740A/2w7q+kW+hCAj2JTrDyr5U3BD6oEaWu+bUCz82RLbvlGSw==&u=U2FsdGVkX18biOX0x6h3Kay3k4gxRKckkCYtNQ9qOMk=&y=U2FsdGVkX19vfAVM+cGEJWQKVjjsS2Nrq37RIWsoIw3vXmlAW39699DoS2/jddya HTTP/1.1" 200 26
179.33.73.22 - - [10/Dec/2023:13:14:37 -0500] "GET /kwssiamovil/sm/acme/a?s=U2FsdGVkX1+ftKwYeTdiz8nFqB7AI29ooIC45DjJhnA8b61ds3ojtMgZwRfJkaZY406fJG33PFHgNfzDEjmPU3QutKQAPaDaP/ODDFXlDqIQWo7Qhg/jaDnUT7xzN71kytw3r8tX6U2uShdFpaQzx/sgn4l+zdLUFx7oi7bUgNc=&u=U2FsdGVkX18biOX0x6h3Kay3k4gxRKckkCYtNQ9qOMk=&y=U2FsdGVkX19vfAVM+cGEJWQKVjjsS2Nrq37RIWsoIw3vXmlAW39699DoS2/jddya HTTP/1.1" 200 26
179.33.73.22 - - [10/Dec/2023:13:14:38 -0500] "GET /kwssiamovil/sm/acme/a?s=U2FsdGVkX18kE8QKLLamiuZDrcV48OEw04bP6p5+KO9TLZEws5ivXqiC9OkTwgJ6lkKOfR08YTz1CGrlGB+7QmTIImPtezU1AammCE2vUVCc5ZtyyfNuyCwFFHJQ6KMC37oa+D2ldaQOUqlI94/tAiURv/6lQLieofwUJFKX1UA=&u=U2FsdGVkX18biOX0x6h3Kay3k4gxRKckkCYtNQ9qOMk=&y=U2FsdGVkX19vfAVM+cGEJWQKVjjsS2Nrq37RIWsoIw3vXmlAW39699DoS2/jddya HTTP/1.1" 200 26
179.33.73.22 - - [10/Dec/2023:13:14:38 -0500] "GET /kwssiamovil/sm/acme/a?s=U2FsdGVkX1/MEW2Hq3Y1yWIvPLmTZUvJvUhCdl20lq9f2x6yeGrps0DplYO3BqrUxKh9aqr5dnIOYnYg1n1fjsMxBL+1OqkWJJvp9KLueenKdRQx6DV1NHrr4gwAaNP451Hq+PBfA2hOp0kEyBtVNJj5R85Xin05EIOJnHjKkgg=&u=U2FsdGVkX18biOX0x6h3Kay3k4gxRKckkCYtNQ9qOMk=&y=U2FsdGVkX19vfAVM+cGEJWQKVjjsS2Nrq37RIWsoIw3vXmlAW39699DoS2/jddya HTTP/1.1" 200 26
179.33.73.22 - - [10/Dec/2023:13:14:38 -0500] "GET /kwssiamovil/sm/acme/a?s=U2FsdGVkX19D2IFgK8LqMwqRfFevEDGRA2QQz1arLI8r/nbdMKv47z+bxg9drCLGxx+LD0GJH0rhfK97MPU+v2+L17nrrirjGAiGFlZf8p9FHvCqltXhD9XX5kdo7BB/XfKE+zorb35vv2gx6kPiSQu4gvDJsxPVBS76eccvcUGpqTgzRxXW85Fett11WTFujwVfvGiCayYpMrd9daJvJw==&u=U2FsdGVkX18biOX0x6h3Kay3k4gxRKckkCYtNQ9qOMk=&y=U2FsdGVkX19vfAVM+cGEJWQKVjjsS2Nrq37RIWsoIw3vXmlAW39699DoS2/jddya HTTP/1.1" 200 26
216.244.66.195 - - [10/Dec/2023:13:15:05 -0500] "GET /robots.txt HTTP/1.1" 404 1018
201.245.192.253 - - [10/Dec/2023:13:16:22 -0500] "POST /kwsrmcab/Wsrmcab HTTP/1.1" 200 36200
201.245.192.253 - - [10/Dec/2023:13:16:25 -0500] "POST /kwsrmcab/Wsrmcab HTTP/1.1" 200 38458
201.245.192.253 - - [10/Dec/2023:13:17:06 -0500] "POST /kwsrmcab/Wsrmcab  HTTP/1.1" 200 41806
216.245.221.92 - - [10/Dec/2023:13:17:50 -0500] "HEAD / HTTP/1.1" 200 -
172.22.2.4 - - [10/Dec/2023:13:16:29 -0500] "HEAD /BLA/boletinlegal/ HTTP/1.1" 200 -
172.22.2.4 - - [10/Dec/2023:13:17:20 -0500] "GET /BLA/boletinlegal/ HTTP/1.1" 200 58644
52.167.144.237 - - [10/Dec/2023:13:20:04 -0500] "GET /Publicaciones/2023EE276399.pdf HTTP/1.1" 404 228
201.245.192.253 - - [10/Dec/2023:13:20:08 -0500] "POST /kwsrmcab/Wsrmcab HTTP/1.1" 200 36200
201.245.192.253 - - [10/Dec/2023:13:20:15 -0500] "POST /kwsrmcab/Wsrmcab HTTP/1.1" 200 38458
172.22.2.4 - - [10/Dec/2023:13:20:43 -0500] "GET /BLA/boletinlegal/autodiscove/ HTTP/1.1" 404 1018
201.245.192.253 - - [10/Dec/2023:13:22:06 -0500] "POST /kwsrmcab/Wsrmcab  HTTP/1.1" 200 41806
216.245.221.92 - - [10/Dec/2023:13:22:50 -0500] "HEAD / HTTP/1.1" 200 -
172.22.2.4 - - [10/Dec/2023:13:22:19 -0500] "HEAD /BLA/boletinlegal/ HTTP/1.1" 200 -
172.22.2.4 - - [10/Dec/2023:13:23:10 -0500] "GET /BLA/boletinlegal/ HTTP/1.1" 200 58294
201.245.192.253 - - [10/Dec/2023:13:26:21 -0500] "POST /kwsrmcab/Wsrmcab HTTP/1.1" 200 36200
201.245.192.253 - - [10/Dec/2023:13:26:25 -0500] "POST /kwsrmcab/Wsrmcab HTTP/1.1" 200 38458
172.22.2.4 - - [10/Dec/2023:13:25:40 -0500] "GET /BLA/boletinlegal/ HTTP/1.1" 200 40907
201.245.192.253 - - [10/Dec/2023:13:27:05 -0500] "POST /kwsrmcab/Wsrmcab  HTTP/1.1" 200 41806
216.245.221.92 - - [10/Dec/2023:13:27:50 -0500] "HEAD / HTTP/1.1" 200 -
172.22.2.4 - - [10/Dec/2023:13:28:09 -0500] "HEAD /BLA/boletinlegal/ HTTP/1.1" 200 -
201.245.192.253 - - [10/Dec/2023:13:30:08 -0500] "POST /kwsrmcab/Wsrmcab HTTP/1.1" 200 36200
201.245.192.253 - - [10/Dec/2023:13:30:16 -0500] "POST /kwsrmcab/Wsrmcab HTTP/1.1" 200 38458
172.22.2.4 - - [10/Dec/2023:13:29:00 -0500] "GET /BLA/boletinlegal/ HTTP/1.1" 200 58294
201.245.192.253 - - [10/Dec/2023:13:32:04 -0500] "POST /kwsrmcab/Wsrmcab  HTTP/1.1" 200 41806
216.245.221.92 - - [10/Dec/2023:13:32:50 -0500] "HEAD / HTTP/1.1" 200 -
172.22.2.4 - - [10/Dec/2023:13:33:59 -0500] "HEAD /BLA/boletinlegal/ HTTP/1.1" 200 -
172.22.2.4 - - [10/Dec/2023:13:35:41 -0500] "GET /BLA/boletinlegal/js/jquery.js HTTP/1.1" 200 57254
172.22.2.4 - - [10/Dec/2023:13:35:41 -0500] "GET /BLA/boletinlegal/js/jquery.scrollTo-min.js HTTP/1.1" 200 1150
172.22.2.4 - - [10/Dec/2023:13:35:41 -0500] "GET /BLA/boletinlegal/js/jquery.scrollShow.js HTTP/1.1" 200 4586
172.22.2.4 - - [10/Dec/2023:13:35:42 -0500] "GET /BLA/boletinlegal/images/arr_l.jpg HTTP/1.1" 200 1979
172.22.2.4 - - [10/Dec/2023:13:35:42 -0500] "GET /BLA/boletinlegal/images/screen_1.png HTTP/1.1" 200 202547
172.22.2.4 - - [10/Dec/2023:13:35:42 -0500] "GET /BLA/boletinlegal/images/launch.jpg HTTP/1.1" 200 14577
216.244.66.195 - - [10/Dec/2023:13:35:43 -0500] "GET /BLA/resoluciones/AUTOS%202017/3110.pdf HTTP/1.1" 200 276819
172.22.2.4 - - [10/Dec/2023:13:35:47 -0500] "GET /BLA/boletinlegal/actos.php HTTP/1.1" 200 9682
216.244.66.195 - - [10/Dec/2023:13:35:48 -0500] "GET /BLA/resoluciones/AUTOS%202018/2923.pdf HTTP/1.1" 200 302699
186.80.199.188 - - [10/Dec/2023:13:35:59 -0500] "GET /BLA/resoluciones/ HTTP/1.1" 200 13696
186.80.199.188 - - [10/Dec/2023:13:36:08 -0500] "GET /BLA/resoluciones/index.php?dir=AUTOS+2023%2F HTTP/1.1" 200 446122
201.245.192.253 - - [10/Dec/2023:13:36:22 -0500] "POST /kwsrmcab/Wsrmcab HTTP/1.1" 200 36200
216.244.66.195 - - [10/Dec/2023:13:36:24 -0500] "GET /BLA/resoluciones/AUTOS%202010/5892.pdf HTTP/1.1" 200 198039
201.245.192.253 - - [10/Dec/2023:13:36:25 -0500] "POST /kwsrmcab/Wsrmcab HTTP/1.1" 200 38458
172.22.2.4 - - [10/Dec/2023:13:34:50 -0500] "GET /BLA/boletinlegal/ HTTP/1.1" 200 49475
172.22.2.4 - - [10/Dec/2023:13:35:37 -0500] "GET /BLA/boletinlegal/ HTTP/1.1" 200 24523
216.244.66.195 - - [10/Dec/2023:13:36:57 -0500] "GET /BLA/resoluciones/AUTOS%202010/6062.pdf HTTP/1.1" 200 144476
201.245.192.253 - - [10/Dec/2023:13:37:03 -0500] "POST /kwsrmcab/Wsrmcab  HTTP/1.1" 200 41806
157.55.39.6 - - [10/Dec/2023:13:37:19 -0500] "GET /BLA/resoluciones/RESOLUCIONES%202021/4723.pdf HTTP/1.1" 304 -
216.244.66.195 - - [10/Dec/2023:13:37:28 -0500] "GET /BLA/resoluciones/AUTOS%202010/6404.pdf HTTP/1.1" 200 103650
40.77.167.32 - - [10/Dec/2023:13:37:45 -0500] "GET /BLA/resoluciones/RESOLUCIONES%202022/3313.pdf HTTP/1.1" 304 -
216.245.221.92 - - [10/Dec/2023:13:37:50 -0500] "HEAD / HTTP/1.1" 200 -
216.244.66.195 - - [10/Dec/2023:13:37:57 -0500] "GET /BLA/resoluciones/AUTOS%202010/6658.pdf HTTP/1.1" 200 154463
172.22.2.4 - - [10/Dec/2023:13:38:01 -0500] "GET /BLA/boletinlegal/actos.php HTTP/1.1" 200 9682
216.244.66.195 - - [10/Dec/2023:13:38:24 -0500] "GET /BLA/resoluciones/AUTOS%202011/4024.pdf HTTP/1.1" 200 227929
216.244.66.195 - - [10/Dec/2023:13:38:52 -0500] "GET /BLA/resoluciones/RESOLUCIONES%201997/0329.pdf HTTP/1.1" 200 532098
216.244.66.195 - - [10/Dec/2023:13:39:19 -0500] "GET /BLA/resoluciones/RESOLUCIONES%202001/0350.pdf HTTP/1.1" 200 89024
216.244.66.195 - - [10/Dec/2023:13:39:43 -0500] "GET /BLA/resoluciones/RESOLUCIONES%202016/0263.pdf HTTP/1.1" 200 826363
201.245.192.253 - - [10/Dec/2023:13:40:09 -0500] "POST /kwsrmcab/Wsrmcab HTTP/1.1" 200 36200
216.244.66.195 - - [10/Dec/2023:13:40:11 -0500] "GET /BLA/resoluciones/RESOLUCIONES%202016/0330.pdf HTTP/1.1" 200 710687
201.245.192.253 - - [10/Dec/2023:13:40:16 -0500] "POST /kwsrmcab/Wsrmcab HTTP/1.1" 200 38458
66.249.66.19 - - [10/Dec/2023:13:40:30 -0500] "GET /BLA/resoluciones/Notificaciones/AUTOS%202023/1273.pdf HTTP/1.1" 304 -
216.244.66.195 - - [10/Dec/2023:13:40:35 -0500] "GET /BLA/resoluciones/RESOLUCIONES%202016/0634.pdf HTTP/1.1" 200 522583
216.244.66.195 - - [10/Dec/2023:13:41:16 -0500] "GET /BLA/resoluciones/RESOLUCIONES%202016/0672.pdf HTTP/1.1" 200 619065
172.22.2.4 - - [10/Dec/2023:13:39:49 -0500] "HEAD /BLA/boletinlegal/ HTTP/1.1" 200 -
216.244.66.195 - - [10/Dec/2023:13:41:47 -0500] "GET /BLA/resoluciones/RESOLUCIONES%202016/1076.pdf HTTP/1.1" 200 551855
186.102.14.171 - - [10/Dec/2023:13:41:51 -0500] "OPTIONS /kwssiamovil/sm/setfile/f? HTTP/1.1" 200 13
186.102.14.171 - - [10/Dec/2023:13:41:51 -0500] "POST /kwssiamovil/sm/setfile/f? HTTP/1.1" 200 381
186.102.14.171 - - [10/Dec/2023:13:42:00 -0500] "GET /kwssiamovil/sm/acme/a?s=U2FsdGVkX19qzWUtGlCbP2koUPkbrdVrb8Dt81X3eiYqcplZY0g1BwOnFfDWXpNGr8dvZofuVQRycKooKOvxL3nDzIQDySztwJ75Hap1XXLfLuzbpuAyvRCYREVoBm/Tjlw66i3B4Hrn1oUDigAQ/cZRhbek6wJyta9nOlm3E/4IiGj8Wxj/mjvmIYM6qglkcubeCkzpc/87jpUNeO9x5URLQhjVOZzCUPezgwd/6s4vR2dKcGfIGBU+KVqzi0F65jMQT7HdeEmx6/0kmRUfzg==&u=U2FsdGVkX1+y9wQWnnTsEMsI2worq+v5PSg7tbak76E=&y=U2FsdGVkX19tlxdXpJBNyknTFYKltIf6rWP7dS1ntOQG520RREJRHSPGu7W3W+Z7 HTTP/1.1" 200 26
186.102.14.171 - - [10/Dec/2023:13:42:00 -0500] "GET /kwssiamovil/sm/acme/a?s=U2FsdGVkX19xYt1XNxSttHw9UpXnRcQc/0+gXaO6t17zSKd9DFuz9gP5ChHXWtAr1a2wd6MEbBsn4lYwarL2o49JMLUsYw7AQ6QGk1jKjqvluL2mGIE/lTTX+h0e3SoOmrcqpfzyM2qq5JkQ2gcgsxxR8W+LIY2cGaRoBx3/VAm0xE7/0ca/pkFaEmeT1J2w1UYD+ZAjRU6J6wZBsHODPDQPyRcRpZ5qwdkRACOehFWpQvEEhH2ktjPwPJFyPe4AbUujhNDt20DJi6CG23GomhldKoOMHFqyfKqKuaMQ4Lx5z1vovKyoEhjiBwiivHcu9fNBY6ULg90j9Qb/AFjXr3j1r1j9wVYIIQqMJFz7zCCpyGn4JH5+NHzzbP6JE1DLEoGw853iRGJyNVvccvMwGcYj806Z6g4d6Np9jBjP9HxOOHI0jA8WSrhmFK3rIxsJQS3YORPgpDbrFUoqt8tgtHTPzouPyFkxnFt0hYHWpIhj4b7ctf/U+dMfdw+hA23IHuJpXsnbVhOENcDEEzOfAE4Li+CuZGDOahXekk99lXuf00MpO0VZbd/jYt1hOXEJAMQRYLhCIZySthGu0WZ819T0PgQb7d/QtC69cLzB2klMeZLiQUJhSCIMq9qzoWnlX4FaCR8JmBmZsBj1d80ASWb2R7bifUtYgbd6GJ1yGqV77e76E8oyHDLa2HVHhqUW33jZfDQFdIK+eFccVr28k/wUEcxFVlzMFBnCqX3vPb/01OBahPcNAVms1bpfokZ4+aOOQQ2vfbkJMUh7pp5OHSOloW2PgubJJe5FPeW+gKKrCQVck8Ogh52u0whpjNRvMjMb4NT6QWT9n0okGotG0DN/YF78qhM9ZlmP0f/RlIJOTL86FEy2jtsatm+94CTpErw5FlzSEi/tYBdmIORJdTV5sUJ/lp0n9JMJJkY5Aq5UE7IoUWUGd8q+tL+c3Hd3TuSrytOOrVUFCRNTQhmSYyylXVCKmZKlq9+ewLLYveS3M911DCal3Fim8pRLANLrxhaTrjXMqe+8ZjT3j2TL3lrh0kXf6deFiKYm3aU5wJvvkLiLyF6+VL7fVDMZyAXl5SzBHaKJkBsW+ISvzvaHN7AxxIPcaC3C0U525/TB3yF6JcreQ99c7Qm2Irdbt8aCThmTPolTZ2A54OnnCteFVdxa6/GJwCRgiNyJh74m5nsIDU3KlBqJ4YP28b6OS3giBP2kjr4Hp5Hj7s9r45PL4fjQzuMvBo9GjGUFXCIGdtEHml5ZRG+Pqhva5nYFPKFuhwBwQ3i6fy9yOQkFVyM8XhwS1e7yKb8O4UsdgAjYK/I+rmGReAFUGjNIwxx/nuNCzoH7qzXXaZLzGQrOTrcTOGfplbL3MkJ5W8wdQe9bu5WC4iLaUud9M/uc68fJ6JLSy0ep+PkvR//W0+RjKFVCvLHB3OSORPuhJ5+lZ3/W056R03iEGua4uJE/bX5bgOvpV5NmB+WcN/8gHVkA5Ih9ARGjff63MawqRYpkol9VUpAyQyWlNax5vBnY5cmps7HfDVQL4nbcSPeRvp7WHuxNFEmENDcVsJA0VHOBoGNS5x8N7RZOv6KGr6H51Eyx0St+RBksabJ2/yTbs54ydKjl/LtmgvncPvOcKFrumHMD5ZT6P12M1fsZ/qaTh0ohJmD1YdrMoAlvOYpsFX6RJSTa4U46VX4BlFollFiV8olOB42aGngLapno36GUqY1pVCDXDhv9aIZpt84Kh4h4g6Y/3/jFG08vgj78YvW/sN7KagMWIsIB6oDjxDQy89tFQxG5ZaRxsY1fFsE67Ar+IqKk+e+W5sMQP1qgSADdsJAONSLDSdhAYNpFkUPpDirJg5MB6hX+P4NRmm+KKW+bLIcmw2JtZ0OGTg0RPK+RqcMYdJcZ6O7YlbkBYQxSwLILm5BuxG7Se4KBVFHaukv3a74tqelVZ8EqfjVJz9FAMkEDHDfBg4IS5QUeCeLCWcROMcQZfrxFMF4EdJLN5DdLJaRC46cgwnSBSr4Z9dgtFFkhERx+dl5+LSoZqfcXmZKEXSlZfQdH+67tSuAzDP43UGcTrnFNa+z/xLSHHFUt2va5zBs=&u=U2FsdGVkX1+y9wQWnnTsEMsI2worq+v5PSg7tbak76E=&y=U2FsdGVkX19tlxdXpJBNyknTFYKltIf6rWP7dS1ntOQG520RREJRHSPGu7W3W+Z7 HTTP/1.1" 200 26
186.102.14.171 - - [10/Dec/2023:13:42:01 -0500] "GET /kwssiamovil/sm/acme/a?s=U2FsdGVkX1+rZiNQjvL9AlGyn5kMGk9QLp0YUVBfNp6Q86wRxjBp0SmoAY6sHDgfz+ZHq9e97hytYoEGi1tgcdFqVjGACJ/E/kGApr0wmMYq0F+MRbjWSxO9kH1NAgfLOjiURRcXfFsTCTKR6QtdCJ9kcmIQ1pLxqAWbLBSgPLE=&u=U2FsdGVkX1+y9wQWnnTsEMsI2worq+v5PSg7tbak76E=&y=U2FsdGVkX19tlxdXpJBNyknTFYKltIf6rWP7dS1ntOQG520RREJRHSPGu7W3W+Z7 HTTP/1.1" 200 26
186.102.14.171 - - [10/Dec/2023:13:42:01 -0500] "GET /kwssiamovil/sm/acme/a?s=U2FsdGVkX1/cuOpiPVQaiCFyXMxEWLZWYlhM1CPLHYfExunipuoPDyFht8lCU8PfYLuw+LZubsy4x1ijTichG/GyBv49VW7+NKdvwAGY39b367NO9kJh32NrTh1mYeol1YyLQ3qcSAhzj45zCaif9ICxpVX/AqVPftHyGw1STkw=&u=U2FsdGVkX1+y9wQWnnTsEMsI2worq+v5PSg7tbak76E=&y=U2FsdGVkX19tlxdXpJBNyknTFYKltIf6rWP7dS1ntOQG520RREJRHSPGu7W3W+Z7 HTTP/1.1" 200 26
186.102.14.171 - - [10/Dec/2023:13:42:01 -0500] "GET /kwssiamovil/sm/acme/a?s=U2FsdGVkX19XL5QmaZZNhFYsJxYCOAO/ZNBal94Z1r9i6kiNWIJweDzZ1j4dhbZ+wbEM1ifZuGO3ZuiU13nM1dFGVfW5YfkWF+iRGrcimHkWxHVmXXxxJM5/UPqdr8cJ1dJKsX4aRfMZDv5R/HV5qcvXVGFAxPdIsKb3tSmINEM=&u=U2FsdGVkX1+y9wQWnnTsEMsI2worq+v5PSg7tbak76E=&y=U2FsdGVkX19tlxdXpJBNyknTFYKltIf6rWP7dS1ntOQG520RREJRHSPGu7W3W+Z7 HTTP/1.1" 200 26
186.102.14.171 - - [10/Dec/2023:13:42:01 -0500] "GET /kwssiamovil/sm/acme/a?s=U2FsdGVkX1988gUm9xevsfNBStXQ1GWmIx2qSK4jCiFyGjvucCJh8tgKzcLTggph1ctV+1RDEumafjLKQddmHwoK5LruRs7gQnnFasZHjuRsUVaGYq+YmrDn71OC7t7oJL9PW3LBVwYD1r8B939dR/NIo96o2IpNoxGUrGsXdMomEjPK115400Wn1jbeaDtc/Lu8O5TrD5eKTaKdWTiv6w==&u=U2FsdGVkX1+y9wQWnnTsEMsI2worq+v5PSg7tbak76E=&y=U2FsdGVkX19tlxdXpJBNyknTFYKltIf6rWP7dS1ntOQG520RREJRHSPGu7W3W+Z7 HTTP/1.1" 200 26
186.102.14.171 - - [10/Dec/2023:13:42:02 -0500] "GET /kwssiamovil/sm/acme/a?s=U2FsdGVkX1/3lsQlnHT39MIvsOKveVCTQm2wuRed+lTGFDzvWrCrrjuixIL8+w6k7H4th+KvM54U7Q3dZvVqhYOswms0JU11OLPtsKBC6YTl+/8dpKTEzGqZea6MKjeUpTD+MY9j+GMrcJaDVnlCNRY/1AK63kuElmGPpG1KljJ071Dj1N8vBjzCAuspIxaMMyKqQyPptkTbVafK5YUMVEskvobmWGQ7XzpSGhsNMmmskEdnFqVpiR7n2zqYTfe/qJt8q1tNpywzmQMeyj5U464fEyUNFqvhPP6LTdqR8JzO410xXkcMHBCx0CsOS9n4&u=U2FsdGVkX1+y9wQWnnTsEMsI2worq+v5PSg7tbak76E=&y=U2FsdGVkX19tlxdXpJBNyknTFYKltIf6rWP7dS1ntOQG520RREJRHSPGu7W3W+Z7 HTTP/1.1" 200 25
186.102.14.171 - - [10/Dec/2023:13:42:02 -0500] "GET /kwssiamovil/sm/acme/a?s=U2FsdGVkX1/RtwSyOSPJwARq6Taiw80nhZVpnsMrkJiqHJ82uxwZ9Q381pPnCKarfekMvECRRmkPk8E0NDUefxE97jfnsqJbVGqRKUW8kWs1fQpe59c+9moehoNlA+cJcq53b/SKo6V8uRTNx8Vy2VE/nQM+GHJfMFBIA1nLmjDVKhm2PMQ9oXkiXcGNs29siQDHxu8DZUdR6m+/mJTyAAxaIyB0Ek49p1WF6i2rgbQD0I6nf/JVNUuH/GM0jrjfdBsb6OG3igfWXGjNclmNNg==&u=U2FsdGVkX1+y9wQWnnTsEMsI2worq+v5PSg7tbak76E=&y=U2FsdGVkX19tlxdXpJBNyknTFYKltIf6rWP7dS1ntOQG520RREJRHSPGu7W3W+Z7 HTTP/1.1" 200 26
201.245.192.253 - - [10/Dec/2023:13:42:01 -0500] "POST /kwsrmcab/Wsrmcab  HTTP/1.1" 200 41806
216.244.66.195 - - [10/Dec/2023:13:42:17 -0500] "GET /BLA/resoluciones/RESOLUCIONES%202016/1145.pdf HTTP/1.1" 200 385282
172.22.2.4 - - [10/Dec/2023:13:40:40 -0500] "GET /BLA/boletinlegal/ HTTP/1.1" 200 56187
172.22.2.4 - - [10/Dec/2023:13:41:56 -0500] "GET /BLA/boletinlegal/ HTTP/1.1" 200 20427
216.245.221.92 - - [10/Dec/2023:13:42:50 -0500] "HEAD / HTTP/1.1" 200 -
216.244.66.195 - - [10/Dec/2023:13:42:50 -0500] "GET /BLA/resoluciones/RESOLUCIONES%202016/2251.pdf HTTP/1.1" 200 660520
207.46.13.107 - - [10/Dec/2023:13:43:12 -0500] "GET /BLA/resoluciones/AUTOS%202014/4241.pdf HTTP/1.1" 200 522708
31.13.127.4 - - [10/Dec/2023:13:43:12 -0500] "GET /mujeres-que-reverdecen-secretaria-de-ambiente-anuncia-el-inicio-de-la-tercera-fase.html HTTP/1.1" 200 954
216.244.66.195 - - [10/Dec/2023:13:43:19 -0500] "GET /BLA/resoluciones/RESOLUCIONES%202016/2565.pdf HTTP/1.1" 200 707996
216.244.66.195 - - [10/Dec/2023:13:43:56 -0500] "GET /BLA/resoluciones/RESOLUCIONES%202017/0101.pdf HTTP/1.1" 200 583857
40.77.167.32 - - [10/Dec/2023:13:43:57 -0500] "GET /Publicaciones/2023EE283630.pdf HTTP/1.1" 200 231516
216.244.66.195 - - [10/Dec/2023:13:44:27 -0500] "GET /BLA/resoluciones/RESOLUCIONES%202017/0281.pdf HTTP/1.1" 200 505371
216.244.66.195 - - [10/Dec/2023:13:44:56 -0500] "GET /BLA/resoluciones/RESOLUCIONES%202017/0496.pdf HTTP/1.1" 200 361277
216.244.66.195 - - [10/Dec/2023:13:45:25 -0500] "GET /BLA/resoluciones/RESOLUCIONES%202017/0723.pdf HTTP/1.1" 200 1310125
216.244.66.195 - - [10/Dec/2023:13:45:54 -0500] "GET /BLA/resoluciones/RESOLUCIONES%202017/0768.pdf HTTP/1.1" 200 506273
216.244.66.195 - - [10/Dec/2023:13:46:21 -0500] "GET /BLA/resoluciones/RESOLUCIONES%202017/0780.pdf HTTP/1.1" 200 858061
216.244.66.195 - - [10/Dec/2023:13:46:47 -0500] "GET /BLA/resoluciones/RESOLUCIONES%202017/0781.pdf HTTP/1.1" 200 1062943
201.245.192.253 - - [10/Dec/2023:13:47:00 -0500] "POST /kwsrmcab/Wsrmcab  HTTP/1.1" 200 41806
172.22.2.4 - - [10/Dec/2023:13:45:39 -0500] "HEAD /BLA/boletinlegal/ HTTP/1.1" 200 -
216.244.66.195 - - [10/Dec/2023:13:47:24 -0500] "GET /BLA/resoluciones/RESOLUCIONES%202017/0844.pdf HTTP/1.1" 200 397424
216.245.221.92 - - [10/Dec/2023:13:47:50 -0500] "HEAD / HTTP/1.1" 200 -
216.244.66.195 - - [10/Dec/2023:13:47:54 -0500] "GET /BLA/resoluciones/RESOLUCIONES%202017/1491.pdf HTTP/1.1" 200 344000
172.22.2.4 - - [10/Dec/2023:13:46:30 -0500] "GET /BLA/boletinlegal/ HTTP/1.1" 200 58294
216.244.66.195 - - [10/Dec/2023:13:48:24 -0500] "GET /BLA/resoluciones/RESOLUCIONES%202017/1706.pdf HTTP/1.1" 200 446646
216.244.66.195 - - [10/Dec/2023:13:48:55 -0500] "GET /BLA/resoluciones/RESOLUCIONES%202017/1799.pdf HTTP/1.1" 200 496444
216.244.66.195 - - [10/Dec/2023:13:49:23 -0500] "GET /BLA/resoluciones/RESOLUCIONES%202017/1904.pdf HTTP/1.1" 200 1147685
216.244.66.195 - - [10/Dec/2023:13:49:51 -0500] "GET /BLA/resoluciones/RESOLUCIONES%202017/1943.pdf HTTP/1.1" 200 400808
40.77.167.32 - - [10/Dec/2023:13:49:56 -0500] "GET /Publicaciones/2023EE281835.pdf HTTP/1.1" 200 231965
216.244.66.195 - - [10/Dec/2023:13:50:21 -0500] "GET /BLA/resoluciones/RESOLUCIONES%202017/2278.pdf HTTP/1.1" 200 779795
216.244.66.195 - - [10/Dec/2023:13:50:45 -0500] "GET /BLA/resoluciones/RESOLUCIONES%202017/2317.pdf HTTP/1.1" 200 664346
216.244.66.195 - - [10/Dec/2023:13:51:10 -0500] "GET /BLA/resoluciones/RESOLUCIONES%202017/2485.pdf HTTP/1.1" 200 280124
207.46.13.31 - - [10/Dec/2023:13:51:23 -0500] "GET /BLA/resoluciones/RESOLUCIONES%202019/0457.pdf HTTP/1.1" 304 -
216.244.66.195 - - [10/Dec/2023:13:51:32 -0500] "GET /BLA/resoluciones/RESOLUCIONES%202017/2698.pdf HTTP/1.1" 200 293281
216.244.66.195 - - [10/Dec/2023:13:51:54 -0500] "GET /BLA/resoluciones/RESOLUCIONES%202017/2716.pdf HTTP/1.1" 200 357558
201.245.192.253 - - [10/Dec/2023:13:51:59 -0500] "POST /kwsrmcab/Wsrmcab  HTTP/1.1" 200 41806
216.244.66.195 - - [10/Dec/2023:13:52:17 -0500] "GET /BLA/resoluciones/RESOLUCIONES%202017/2773.pdf HTTP/1.1" 200 280030
216.244.66.195 - - [10/Dec/2023:13:52:37 -0500] "GET /BLA/resoluciones/RESOLUCIONES%202017/2906.pdf HTTP/1.1" 200 2449567
216.245.221.92 - - [10/Dec/2023:13:52:50 -0500] "HEAD / HTTP/1.1" 200 -
172.22.2.4 - - [10/Dec/2023:13:51:29 -0500] "HEAD /BLA/boletinlegal/ HTTP/1.1" 200 -
216.244.66.195 - - [10/Dec/2023:13:53:18 -0500] "GET /BLA/resoluciones/RESOLUCIONES%202019/0026.pdf HTTP/1.1" 200 601111
216.244.66.195 - - [10/Dec/2023:13:53:48 -0500] "GET /BLA/resoluciones/RESOLUCIONES%202019/0428.pdf HTTP/1.1" 200 290723
172.22.2.4 - - [10/Dec/2023:13:52:20 -0500] "GET /BLA/boletinlegal/ HTTP/1.1" 200 58294
216.244.66.195 - - [10/Dec/2023:13:54:20 -0500] "GET /BLA/resoluciones/RESOLUCIONES%202019/0642.pdf HTTP/1.1" 200 285518
216.244.66.195 - - [10/Dec/2023:13:54:53 -0500] "GET /BLA/resoluciones/RESOLUCIONES%202019/0843.pdf HTTP/1.1" 200 3205556
216.244.66.195 - - [10/Dec/2023:13:55:35 -0500] "GET /BLA/resoluciones/RESOLUCIONES%202019/1027.pdf HTTP/1.1" 200 1204658
34.223.225.15 - - [10/Dec/2023:13:55:47 -0500] "GET /galeria/galeria/fotos/Huemdal-el-Tunjo4P.jpg HTTP/1.1" 200 18710
199.16.157.180 - - [10/Dec/2023:13:56:19 -0500] "GET /images/cronica-mujer-biodiveridad-30-noviembre.jpg HTTP/1.1" 200 63270
216.244.66.195 - - [10/Dec/2023:13:56:20 -0500] "GET /BLA/resoluciones/RESOLUCIONES%202019/1403.pdf HTTP/1.1" 200 346940
201.245.192.253 - - [10/Dec/2023:13:56:58 -0500] "POST /kwsrmcab/Wsrmcab  HTTP/1.1" 200 41806
216.245.221.92 - - [10/Dec/2023:13:57:50 -0500] "HEAD / HTTP/1.1" 200 -
162.55.175.158 - - [10/Dec/2023:13:58:11 -0500] "GET / HTTP/1.1" 200 319
162.55.175.158 - - [10/Dec/2023:13:58:12 -0500] "GET / HTTP/1.1" 200 4720
172.22.2.4 - - [10/Dec/2023:13:57:19 -0500] "HEAD /BLA/boletinlegal/ HTTP/1.1" 200 -
91.224.92.42 - - [10/Dec/2023:13:59:26 -0500] "GET / HTTP/1.1" 200 319
172.22.2.4 - - [10/Dec/2023:13:58:10 -0500] "GET /BLA/boletinlegal/ HTTP/1.1" 200 58294
40.77.167.143 - - [10/Dec/2023:14:01:47 -0500] "GET /Publicaciones/2023EE284150.pdf HTTP/1.1" 200 1391488
201.245.192.253 - - [10/Dec/2023:14:01:56 -0500] "POST /kwsrmcab/Wsrmcab  HTTP/1.1" 200 41806
216.245.221.92 - - [10/Dec/2023:14:02:50 -0500] "HEAD / HTTP/1.1" 200 -
172.22.2.4 - - [10/Dec/2023:14:03:09 -0500] "HEAD /BLA/boletinlegal/ HTTP/1.1" 200 -
172.22.2.4 - - [10/Dec/2023:14:04:00 -0500] "GET /BLA/boletinlegal/ HTTP/1.1" 200 58294
69.63.184.4 - - [10/Dec/2023:14:05:52 -0500] "GET /con-la-propuesta-de-pot-garantizamos-la-proteccion-de-los-humedales.html HTTP/1.1" 200 960
186.86.33.23 - - [10/Dec/2023:14:06:37 -0500] "GET /distrito-firma-cuatro-pagos-por-servicios-ambientales-en-cundinamarca-para-la-seguridad-hidrica-de-bogota.html HTTP/1.1" 200 856
201.245.192.253 - - [10/Dec/2023:14:06:54 -0500] "POST /kwsrmcab/Wsrmcab  HTTP/1.1" 200 41806
181.56.162.102 - - [10/Dec/2023:14:07:25 -0500] "GET /BLA/resoluciones/ HTTP/1.1" 200 13696
181.56.162.102 - - [10/Dec/2023:14:07:28 -0500] "GET /BLA/resoluciones/index.php?dir=AUTOS+2022%2F HTTP/1.1" 200 509115
216.245.221.92 - - [10/Dec/2023:14:07:50 -0500] "HEAD / HTTP/1.1" 200 -
103.162.10.234 - - [10/Dec/2023:14:08:17 -0500] "GET /galeria/galeria/fotos/1humedal-Burro1P.jpg HTTP/1.1" 200 7921
172.22.2.4 - - [10/Dec/2023:14:08:29 -0500] "GET /BLA/boletinlegal/actos.php HTTP/1.1" 200 9682
201.221.172.35 - - [10/Dec/2023:14:08:33 -0500] "GET /BLA/resoluciones/ HTTP/1.1" 200 13696
201.221.172.35 - - [10/Dec/2023:14:08:34 -0500] "GET /favicon.ico HTTP/1.1" 200 7782
201.221.172.35 - - [10/Dec/2023:14:08:49 -0500] "GET /BLA/resoluciones/index.php?dir=Decretos%2F HTTP/1.1" 200 6804
201.221.172.35 - - [10/Dec/2023:14:08:56 -0500] "GET /BLA/resoluciones/index.php?dir= HTTP/1.1" 200 13696
201.221.172.35 - - [10/Dec/2023:14:08:59 -0500] "GET /BLA/resoluciones/index.php HTTP/1.1" 200 13696
172.22.2.4 - - [10/Dec/2023:14:09:03 -0500] "GET /BLA/boletinlegal/actos.php HTTP/1.1" 200 9682
172.22.2.4 - - [10/Dec/2023:14:09:18 -0500] "GET /BLA/boletinlegal/conceptos.php HTTP/1.1" 200 7496
172.22.2.4 - - [10/Dec/2023:14:09:18 -0500] "GET /BLA/boletinlegal/js/ajax_conceptos.js HTTP/1.1" 200 1326
172.22.2.4 - - [10/Dec/2023:14:09:29 -0500] "GET /BLA/boletinlegal/consulta_conceptos.php?no=&solicitante=&radicado_entrada=&fecha_concepto=2017&objeto= HTTP/1.1" 200 80332
172.22.2.4 - - [10/Dec/2023:14:09:29 -0500] "GET /BLA/boletinlegal/images/pdf.gif HTTP/1.1" 200 567
172.22.2.4 - - [10/Dec/2023:14:09:29 -0500] "GET /BLA/boletinlegal/images/background.gif HTTP/1.1" 200 -
172.22.2.4 - - [10/Dec/2023:14:09:41 -0500] "GET /BLA/boletinlegal/conceptos/2017/151.pdf HTTP/1.1" 200 443950
172.22.2.4 - - [10/Dec/2023:14:10:08 -0500] "GET /BLA/boletinlegal/consulta_conceptos.php?no=&solicitante=&radicado_entrada=&fecha_concepto=2016&objeto= HTTP/1.1" 200 91328
172.22.2.4 - - [10/Dec/2023:14:08:59 -0500] "HEAD /BLA/boletinlegal/ HTTP/1.1" 200 -
207.46.13.155 - - [10/Dec/2023:14:10:42 -0500] "GET /Publicaciones/2023EE271491.pdf HTTP/1.1" 404 228
172.22.2.4 - - [10/Dec/2023:14:10:44 -0500] "GET /BLA/boletinlegal/doctrina.php HTTP/1.1" 200 5614
172.22.2.4 - - [10/Dec/2023:14:10:44 -0500] "GET /BLA/boletinlegal/js/ajax_doctrina.js HTTP/1.1" 200 772
172.22.2.4 - - [10/Dec/2023:14:10:44 -0500] "GET /BLA/boletinlegal/images/sub_ul_li.gif HTTP/1.1" 200 343
172.22.2.4 - - [10/Dec/2023:14:10:49 -0500] "GET /BLA/boletinlegal/jurisprudencia.php HTTP/1.1" 200 17583
172.22.2.4 - - [10/Dec/2023:14:10:49 -0500] "GET /BLA/boletinlegal/images/jurisprudencia.png HTTP/1.1" 200 66721
172.22.2.4 - - [10/Dec/2023:14:10:51 -0500] "GET /BLA/boletinlegal/images/hover.png HTTP/1.1" 200 59469
172.22.2.4 - - [10/Dec/2023:14:10:59 -0500] "GET /BLA/boletinlegal/conceptos.php HTTP/1.1" 200 7496
172.22.2.4 - - [10/Dec/2023:14:11:09 -0500] "GET /BLA/boletinlegal/consulta_conceptos.php?no=&solicitante=&radicado_entrada=&fecha_concepto=2023&objeto=mora%20 HTTP/1.1" 200 570
172.22.2.4 - - [10/Dec/2023:14:11:13 -0500] "GET /BLA/boletinlegal/consulta_conceptos.php?no=&solicitante=&radicado_entrada=&fecha_concepto=2017&objeto=mora%20 HTTP/1.1" 200 570
172.22.2.4 - - [10/Dec/2023:14:11:19 -0500] "GET /BLA/boletinlegal/consulta_conceptos.php?no=&solicitante=&radicado_entrada=&fecha_concepto=2020&objeto=mora%20 HTTP/1.1" 200 570
52.167.144.138 - - [10/Dec/2023:14:11:20 -0500] "GET /BLA/resoluciones/RESOLUCIONES%202021/4276.pdf HTTP/1.1" 304 -
172.22.2.4 - - [10/Dec/2023:14:11:24 -0500] "GET /BLA/boletinlegal/consulta_conceptos.php?no=&solicitante=&radicado_entrada=&fecha_concepto=2017&objeto=mora%20 HTTP/1.1" 200 570
172.22.2.4 - - [10/Dec/2023:14:09:50 -0500] "GET /BLA/boletinlegal/ HTTP/1.1" 200 59360
172.22.2.4 - - [10/Dec/2023:14:11:31 -0500] "GET /BLA/boletinlegal/consulta_conceptos.php?no=&solicitante=&radicado_entrada=&fecha_concepto=2017&objeto=perjuicio HTTP/1.1" 200 1112
172.22.2.4 - - [10/Dec/2023:14:11:36 -0500] "GET /BLA/boletinlegal/consulta_conceptos.php?no=&solicitante=&radicado_entrada=&fecha_concepto=2016&objeto=perjuicio HTTP/1.1" 200 570
172.22.2.4 - - [10/Dec/2023:14:11:39 -0500] "GET /BLA/boletinlegal/consulta_conceptos.php?no=&solicitante=&radicado_entrada=&fecha_concepto=2018&objeto=perjuicio HTTP/1.1" 200 570
172.22.2.4 - - [10/Dec/2023:14:11:42 -0500] "GET /BLA/boletinlegal/consulta_conceptos.php?no=&solicitante=&radicado_entrada=&fecha_concepto=2019&objeto=perjuicio HTTP/1.1" 200 570
172.22.2.4 - - [10/Dec/2023:14:11:44 -0500] "GET /BLA/boletinlegal/consulta_conceptos.php?no=&solicitante=&radicado_entrada=&fecha_concepto=2020&objeto=perjuicio HTTP/1.1" 200 570
172.22.2.4 - - [10/Dec/2023:14:11:48 -0500] "GET /BLA/boletinlegal/consulta_conceptos.php?no=&solicitante=&radicado_entrada=&fecha_concepto=2021&objeto=perjuicio HTTP/1.1" 200 570
172.22.2.4 - - [10/Dec/2023:14:11:51 -0500] "GET /BLA/boletinlegal/consulta_conceptos.php?no=&solicitante=&radicado_entrada=&fecha_concepto=2022&objeto=perjuicio HTTP/1.1" 200 570
172.22.2.4 - - [10/Dec/2023:14:11:53 -0500] "GET /BLA/boletinlegal/consulta_conceptos.php?no=&solicitante=&radicado_entrada=&fecha_concepto=2023&objeto=perjuicio HTTP/1.1" 200 570
201.245.192.253 - - [10/Dec/2023:14:11:53 -0500] "POST /kwsrmcab/Wsrmcab  HTTP/1.1" 200 41806
172.22.2.4 - - [10/Dec/2023:14:11:56 -0500] "GET /BLA/boletinlegal/consulta_conceptos.php?no=&solicitante=&radicado_entrada=&fecha_concepto=2015&objeto=perjuicio HTTP/1.1" 200 570
172.22.2.4 - - [10/Dec/2023:14:11:59 -0500] "GET /BLA/boletinlegal/consulta_conceptos.php?no=&solicitante=&radicado_entrada=&fecha_concepto=2014&objeto=perjuicio HTTP/1.1" 200 570
172.22.2.4 - - [10/Dec/2023:14:12:02 -0500] "GET /BLA/boletinlegal/consulta_conceptos.php?no=&solicitante=&radicado_entrada=&fecha_concepto=2014&objeto=perjuicio HTTP/1.1" 200 570
181.50.36.74 - - [10/Dec/2023:14:12:23 -0500] "GET /BLA/resoluciones/index.php HTTP/1.1" 200 13696
181.50.36.74 - - [10/Dec/2023:14:12:35 -0500] "GET /BLA/resoluciones/index.php?dir=RESOLUCIONES+2019%2F HTTP/1.1" 200 262093
216.245.221.92 - - [10/Dec/2023:14:12:50 -0500] "HEAD / HTTP/1.1" 200 -
181.50.36.74 - - [10/Dec/2023:14:13:07 -0500] "GET /BLA/resoluciones/RESOLUCIONES%202019/2007.pdf HTTP/1.1" 200 277701
216.244.66.195 - - [10/Dec/2023:14:13:07 -0500] "GET /robots.txt HTTP/1.1" 404 1018
31.7.58.42 - - [10/Dec/2023:14:14:59 -0500] "GET / HTTP/1.1" 200 319
201.245.192.253 - - [10/Dec/2023:14:16:21 -0500] "POST /kwsrmcab/Wsrmcab HTTP/1.1" 200 37454
201.245.192.253 - - [10/Dec/2023:14:16:24 -0500] "POST /kwsrmcab/Wsrmcab HTTP/1.1" 200 38644
172.22.2.4 - - [10/Dec/2023:14:14:49 -0500] "HEAD /BLA/boletinlegal/ HTTP/1.1" 200 -
201.245.192.253 - - [10/Dec/2023:14:16:51 -0500] "POST /kwsrmcab/Wsrmcab  HTTP/1.1" 200 41806
172.22.2.4 - - [10/Dec/2023:14:15:40 -0500] "GET /BLA/boletinlegal/ HTTP/1.1" 200 57881
216.245.221.92 - - [10/Dec/2023:14:17:50 -0500] "HEAD / HTTP/1.1" 200 -
40.77.167.60 - - [10/Dec/2023:14:19:10 -0500] "GET /BLA/resoluciones/index.php?dir=RESOLUCIONES+2009%2F HTTP/1.1" 200 1694101
201.245.192.253 - - [10/Dec/2023:14:20:08 -0500] "POST /kwsrmcab/Wsrmcab HTTP/1.1" 200 37454
201.245.192.253 - - [10/Dec/2023:14:20:16 -0500] "POST /kwsrmcab/Wsrmcab HTTP/1.1" 200 38644
201.245.192.253 - - [10/Dec/2023:14:21:50 -0500] "POST /kwsrmcab/Wsrmcab  HTTP/1.1" 200 41806
157.55.39.59 - - [10/Dec/2023:14:22:02 -0500] "GET /Publicaciones/2023EE271417.pdf HTTP/1.1" 404 228
66.220.149.119 - - [10/Dec/2023:14:22:09 -0500] "GET /images/calidad-aire.jpg HTTP/1.1" 200 42421
172.22.2.4 - - [10/Dec/2023:14:20:39 -0500] "HEAD /BLA/boletinlegal/ HTTP/1.1" 200 -
162.55.175.144 - - [10/Dec/2023:14:22:29 -0500] "GET / HTTP/1.1" 200 4720
162.55.175.144 - - [10/Dec/2023:14:22:32 -0500] "GET / HTTP/1.1" 200 319
216.245.221.92 - - [10/Dec/2023:14:22:50 -0500] "HEAD / HTTP/1.1" 200 -
172.22.2.4 - - [10/Dec/2023:14:21:30 -0500] "GET /BLA/boletinlegal/ HTTP/1.1" 200 60634
157.55.39.59 - - [10/Dec/2023:14:23:25 -0500] "GET /BLA/resoluciones/Notificaciones/REGISTROS%202020/0411.pdf HTTP/1.1" 200 255997
186.84.90.172 - - [10/Dec/2023:14:24:07 -0500] "GET /favicon.ico HTTP/1.1" 200 7782
201.245.192.253 - - [10/Dec/2023:14:26:21 -0500] "POST /kwsrmcab/Wsrmcab HTTP/1.1" 200 37454
201.245.192.253 - - [10/Dec/2023:14:26:24 -0500] "POST /kwsrmcab/Wsrmcab HTTP/1.1" 200 38644
201.245.192.253 - - [10/Dec/2023:14:26:48 -0500] "POST /kwsrmcab/Wsrmcab  HTTP/1.1" 200 41806
186.102.67.101 - - [10/Dec/2023:14:26:57 -0500] "GET /kwssiamovil/sm/ldap/au?x=U2FsdGVkX1+aqoIUecho2t1DfW4DUZVWw2jpYg5W2+uq7MyNRKysfQvY+5qKM0Co&y=U2FsdGVkX1+5KMypWab0/n4eBj0ZbDGaymnDXJUSOWY= HTTP/1.1" 200 30
186.102.67.101 - - [10/Dec/2023:14:26:58 -0500] "GET /kwssiamovil/sm/acme/s?s=U2FsdGVkX1+SdT/Gq8y6FYy85Q9gZ8NV/vh5HmbNcNlSJrI7I5S04caZjVaTPLBRzcnksMce7lJMMJMpkqbWYyA3k8HqyiVcCjmbeXWhx2s=&u=U2FsdGVkX18umqU/bB4KlwFhROJKkp1hxPNV9iSbkl0=&y=U2FsdGVkX1+5KMypWab0/n4eBj0ZbDGaymnDXJUSOWY= HTTP/1.1" 200 97
186.102.67.101 - - [10/Dec/2023:14:26:58 -0500] "GET /kwssiamovil/sm/acme/s?s=U2FsdGVkX1/X8c1I3skFy5879rHVd6lrGxzAYpx4XVvPEFuPyzJSilfgJ207PRi/zez08JEV+k3fgpFxILosmBCwKs3/gX2IjFx6MmZa+A16kFrhftA+MyWMhVdW3Lr0ovMDrUbAUcJu1/4smq6afvDB3b3+Nxcqw5Hav58eZFYBrm5mHILIcW706nNAAuA8icJfKZzQJ0SMVcXuH+MuCOoIZZ/MCODKl+Xvf4DXoXWJpg1VAZpxHKPtPcerlTiv2EyPK4xB0PaviLlrH0Fc3bONYK+mo2lh7udfNDuJasF6en7UuARaQYnRWxI295jJk45syrMKngnXkq0QfQ3aiALMZI+yOeWHn7/X8YZl8W4yvF3afg/pd6F/4TirOc2cUE3isgmokxlqCv9UA1zoFEU4tH0TtN9kFyivfUU+N31sSogbSzw818172/sG+jU4Ycz5SO1vo1ZPm4bH65H4dP037jpF+Y+JI+MQYyCDMCunBItgWXjrO9pVYfBBwlL0I9ZH2YnkzkIx1oDeCrvwMe8CC4J/OG/2CDQSqolLBw4FFlkZ3gE74eyDOckEHgMPBU/wZlCnnXlKaHpqLNQ1AW0oyEmaLJpxjbj/EkBvlGmfnm49AwzdryHtf56JiVP/ZdCXoHdBVytpl//uVE5eBGo4K175cxFZLUTHTLDRDXMSwfmRYB9ZINtQiPnv4vqvA+PcBH1JC4p4Y5g+Sk6UaP6cxLL8rtuKIQl6hBAKTwKfPOJC2B6CoaKJ9aJhmfafoK8NKn1WsgGeM6insarchPe1gfFV+JZ9Hr0VxJBDG8cBULnmyixkv0pQjY2kqFu0E/NYRjcC6OogvHyJuXRyyQk3fq/RiuupcBg/QGEyFJJT0ZTDrEY7OdBaAoUQKOWbeinKjlrkffjqm/sQSlgg+Y2lRxwG6fuAro+rwgz3Xyls6/QUgKft10OUr6OZtfzMVxdaSkwlesKbv6WYQGijTdMesaw03l/5Z0uMQjz2fkPj7DAXkYuRajvRhKuaAQwweH8iPGxHeW9RzBosmjX5BcBgFFEaGsJqck/1hhIzh5BdeWlnbi5yZkW8ct1lgl27KNzNjUSYvnpkxo+lVLoSl5q4m9GZPa2XseoZdjT7WPXVNWMbh75WAbsKFTDfXxVzCegVHFpdp2Ly/0ObGirkBIyZE+fLGNtNRBSxuCDRsRTvN7Pgs2JwCfNVWKTefbStZPHOUZZWbihvCepJ+FEoT1L3Vqm0OuI8vdEU06Y2vd3QTfK2xafwTh9K40L5/+HiOiiy+Ay1YrKhvIPEFBI+fWDMu6MXl6waqd7K+iEhiEyVTUxG+4G2v4KabdGRXROcPHaWAeHaVXkVmsaIx61gNb8a7PDwoBoFpe0vo26nW2F4JUv9Ru9RWOfYjN83Yt+UoT3e5Qs+EN0NWPXycnLuoR/vqYt620nJQ+cn0uI2JjILiA0K8a6E89sy+PHXdvWiSF+rthZSbNif59lAIgjzZjh4QiyrvoqJ7XLaSzAhFLbJs1leD8Whnv0bzQmnGbakMoyJc6fUgheP5lXmKUW/dbaDqPf8W33H7kqqcXTjK37TM3cyptcB6qxyIqbZDstOwxyccET/kAsmokTnGLeHVbKHbWaExp2mxln57IfjBugzd4h89EbUDEV2vR7Z7baS9HcbtgLy5mhcJ2soSc6pVchsvN66qXpRIhaEo4ceSyjBpaGGirh4dGKzlrN4eS8HGEutXdJb4BL4N/VttSQUuia1kOVLYZISMvaT1ZWA96w=&u=U2FsdGVkX18umqU/bB4KlwFhROJKkp1hxPNV9iSbkl0=&y=U2FsdGVkX1+5KMypWab0/n4eBj0ZbDGaymnDXJUSOWY= HTTP/1.1" 200 364
186.102.67.101 - - [10/Dec/2023:14:26:58 -0500] "GET /kwssiamovil/sm/acme/s?s=U2FsdGVkX1+3SUrrk9ogGiXb2SGmdSnY/kA//j1Py46BlALwS67NsVYqmH8qyGDhEg1PptVh91rJMJIS/RadPXjnsoxkHgTxy+zOdVe5T037PWx5uIrG6khftc7Pgu9DxkA9nDRExgq/iCjrtjErdhvmVTAh4oYnTD5KYFQgFxs+7lkk4nf20qBr01YFpkbowWAb3QNDOXZE+KQQo1gyH5av7FpqQdiuDlV0uHDrk/eKF99o7LyXpR/DWmkSJ2GXxicqjPtyOJk1sJgG33b+uWMCEi2Dzi+DovXSMWIBzoAnCxEhT0reIqDNsoFMmxDdVVlEiqmLMNXW7J3rMmi3yWyhWvUBE97gUOCXofQW+Iu+DkpMqWRFg5aOGdhVVLBR9JQZY6NWZsF/yHtXOFlxlWh+/O2HgF3qrpCL47H51giKzgehb4+47HIYWZ1CW0U+/bIITIwNlmgrqW3EsvJHSiTn630SagbCFsnuJBQijbTcaWXootU8ncx1nZuv77P2rDUxqT9syiOBRhvBipQGUnPgi23afBP62xu7AfkwUylv19wKYkulr64ssHBymPt8wTLs5q01cDbrzF3Gkuu7OkBnmi/5+lTfb+JI8/LK8/FQwqTWWoeEhtHPpp4gLXsHQtkWOUxyPYhu2Z1vLLmF4HDZigNuTuFrxntY8+weaOGcCMETauP0sPlBpEKPibpyUH0w65WDQMgiZTalm7dg7hYR+SXSS2WITQBn7TADt8aoLAULbufXHVQ/mfITv68P&u=U2FsdGVkX18umqU/bB4KlwFhROJKkp1hxPNV9iSbkl0=&y=U2FsdGVkX1+5KMypWab0/n4eBj0ZbDGaymnDXJUSOWY= HTTP/1.1" 200 208
186.102.67.101 - - [10/Dec/2023:14:26:58 -0500] "GET /kwssiamovil/sm/cjson/pre?f=1&x=U2FsdGVkX1+aqoIUecho2t1DfW4DUZVWw2jpYg5W2+uq7MyNRKysfQvY+5qKM0Co HTTP/1.1" 200 31032
216.245.221.92 - - [10/Dec/2023:14:27:50 -0500] "HEAD / HTTP/1.1" 200 -
172.22.2.4 - - [10/Dec/2023:14:26:29 -0500] "HEAD /BLA/boletinlegal/ HTTP/1.1" 200 -
172.22.2.4 - - [10/Dec/2023:14:27:20 -0500] "GET /BLA/boletinlegal/ HTTP/1.1" 200 60634
186.102.14.171 - - [10/Dec/2023:14:29:54 -0500] "GET /kwssiamovil/sm/acme/u?s=U2FsdGVkX192hUSE6P4k+M6TxejtclhFjryUNENemDugbxJC/Gh+vZsuE3Fi4RhsJZsaiCZ1//3H9emhPPZ10viXbGAJzgPk28AScJRG0ckvyq2y9f4xoebaSCG0JpMBDAxAGq8gsp6j4YBJCDkJ8/KvVggk8Q9FQyIicuwauiM=&u=U2FsdGVkX1+y9wQWnnTsEMsI2worq+v5PSg7tbak76E=&y=U2FsdGVkX19tlxdXpJBNyknTFYKltIf6rWP7dS1ntOQG520RREJRHSPGu7W3W+Z7 HTTP/1.1" 200 60
201.245.192.253 - - [10/Dec/2023:14:30:08 -0500] "POST /kwsrmcab/Wsrmcab HTTP/1.1" 200 37454
201.245.192.253 - - [10/Dec/2023:14:30:15 -0500] "POST /kwsrmcab/Wsrmcab HTTP/1.1" 200 38644
216.244.66.195 - - [10/Dec/2023:14:31:00 -0500] "GET /BLA/resoluciones/index.php?dir=RESOLUCIONES+2023%2F HTTP/1.1" 200 116346
40.77.167.54 - - [10/Dec/2023:14:31:02 -0500] "GET /BLA/resoluciones/AUTOS%202013/2701.pdf HTTP/1.1" 200 394736
216.244.66.195 - - [10/Dec/2023:14:31:36 -0500] "GET /BLA/resoluciones/index.php?dir=RESOLUCIONES+2021%2F HTTP/1.1" 200 443902
201.245.192.253 - - [10/Dec/2023:14:31:48 -0500] "POST /kwsrmcab/Wsrmcab  HTTP/1.1" 200 41806
103.162.10.234 - - [10/Dec/2023:14:32:29 -0500] "GET /galeria/galeria/fotos/juan-amarillo2P.jpg HTTP/1.1" 200 32696
216.245.221.92 - - [10/Dec/2023:14:32:50 -0500] "HEAD / HTTP/1.1" 200 -
216.244.66.195 - - [10/Dec/2023:14:32:50 -0500] "GET /BLA/resoluciones/RESOLUCIONES%202000/2453.pdf HTTP/1.1" 200 78708
186.102.14.171 - - [10/Dec/2023:14:33:18 -0500] "GET /kwssiamovil/sm/acme/a?s=U2FsdGVkX1+kGSddhPB3MjiA9jK0/+z2v3dUFwUsK9GfQ7UXiW0O+TajtfUZlTyXEYJIUkWAf173b3t3daxKpNczZdVOccLDfBfn+zSlfc3jHEHIeKEKTRdcaIW3Pfxh5RaykVgHSK8+N4gRMZRp+sTpU2Mwqa4388m5N9rcpqpc5zhOovLEZbRBgMD7HxkbzjPgaYpphqrM7lm0jkG4fFE2crtMtFLOepD5EDqjjdJzcrge3zVLDTvNvQ8+R+fYnFdET4LHzB4ixFKzpwk15g==&u=U2FsdGVkX1+y9wQWnnTsEMsI2worq+v5PSg7tbak76E=&y=U2FsdGVkX19tlxdXpJBNyknTFYKltIf6rWP7dS1ntOQG520RREJRHSPGu7W3W+Z7 HTTP/1.1" 200 26
186.102.14.171 - - [10/Dec/2023:14:33:19 -0500] "GET /kwssiamovil/sm/acme/a?s=U2FsdGVkX1/Z90SC1N7n3avUL/zFZa+LdCPxXvUUlaSS76xs6RVnRagXKZHXoohjl00QdYG6LOtyo6NrT6pn7dUX1HDukk4+3elC+y0t584PqrXvWydvE0bHwYEUy7lnUu7RjC524syylXCdiU+Vqh00BT3liqDizuBSd9iasVYXjDqkt+/iOfAx/xaiuxVjwgrJ4V0P6slQ4feeJ+CwIrYmx24zxtfGL5GEqWMChtfPTiqE9g33+xeludP8HlM1iS4JgV/3UQhiXKOR3eJ7Iji25NqxIc9dGev+6i6ysPfxehfzOrCoFx7AwIv7s1Uc7cON3z2TEGm0zSDYUQkmFDUO6hkKEjxQ3otwU8G3J3bOaZ9Gs5LGHEejM/4FMGwpluPChOGbRxl07cuPsZfRXL2G/W6HH2E0zkReFDWIi8iQ0Ctja1y0zsvlfpcYp4jg8q9IvQETek8ZJMlNmZ+/opEVy5aOTTrpjuWWzo7RRpkjLyf8vhZD+aft6Ut1qVjDT2/OXPuqPhN5YzUPVnk18Xx1FhtlFbreR+481PyiXmsWWxi5Souklc7NVO2ZL9JqJNiTogGeAA0CKnzO8kNqTBfXvX/IvLe22X4v3P93hixVrVBhYRYrDtOtn35BkeEb57M1ltEy7mQKpgNOyyuWCQNi6qbk63/b8S9MqaNWslrsILV6XSBK6hroxWvQT+Qska5w/EZvdEzOUTE4GqKJuFRIfCcffwjdOlRi1fgdoOuqYPeLRSPeJT419Y3tJaUozVMegaqVzIt01YjVPlq9oPT7RRv26Qes8+LwfiHzN7MC8c78e7lbk+IdYU3l7y3FDZUwCo/U3HbDX3KdYk66ufcwbQxCSWtk8aYcuPVj1bx618FXN+ZO2rJkQclv2Ha1JlWDL6d277NI1Gwl39puP1+vbBqV6h/qAheijSVjnYPjyaP6EKXqxwCZiVM/unXfcVffDsBmyAws16ZYw+kiKcoEBR561RnyPC/v2vIRazBsumYI0+CLwPrUQH92/xvMCkWWtOnVs13M6FSSLO3sOlrI9LLXFhuZWZQDxmI3LHgJuldQrehlAoOON1kkHZxbbTtW7o/ItAzcqj4oiN97mFzg+8r/P3hQPxsmIhdcYT5/NrmrDv83TiLmRb0BKWZug8ucopsW/+chKSsXMHC1iqBWgF/lIjaEc/kWAfWzqJunZm8eZoEvmSER0Uicy2kpUxpHtEGHDuW2UqqgP9YF2IJuI3uNkh29GrrUAqK+NuiOWJIBv8UvtnOBYVFptGBYqkhGIvLCSnAWe3AyPjD45xIrVhIVKseuQc8Vclhno8ovjjxyOL/71B47aUZaYgECM/D7TWOqlHB45S/m5b9JYzIeH39XM/FDxOqtiTYw7U/XjgH9Fmco05bPcqeRA75J1plRpU9i/9xIxyIPoxcGg7tE6ZQKJ7HtQpD9lD6ZloY5VgJsO6W/agJN/AnOENqDcDfl+rYyuncPlumBacH1p+C12mX0ioZ6qlnbyfD5sWKHwxHRLvc/e9Ta8dL4mDrIupCNszBoy0ZD0ixVo8BDL9gGU2HmkFGes6Jqg5d9Q1rY0C2Y9D3ugwyklG5OT14bEijFFaHv+QvGKFTD1+wuoTICKK0GgoyEQGV8+ThcLwB0Hbr79ho5EXkmm08DlbQcEYOCaiBPop3D/Aub0Xj7g2EmP1OyZ708FwLdc0ZM2LYvWHsAuZcKg081MZzY7tAP9ujLTmEIlnjKxAYuew2QhtRBbIC0OT/tI8EnFaxAe6AC8PV7QA195hAQ6CZpmJ9k36NMUyqMhy2y6aLQ0alsAIVIQfUPixDNSzxqcRqFYhGopK5UIjHqbNAz57Vfn5ZiWwQlG2Ptz8dpkMWr+y1VNMkIlLILj9bn9A+Guu9fnJIzsLxXoNhaQu3qlOi0WE0btnID2W2MCAiWHKD9hJ/Duw==&u=U2FsdGVkX1+y9wQWnnTsEMsI2worq+v5PSg7tbak76E=&y=U2FsdGVkX19tlxdXpJBNyknTFYKltIf6rWP7dS1ntOQG520RREJRHSPGu7W3W+Z7 HTTP/1.1" 200 26
186.102.14.171 - - [10/Dec/2023:14:33:19 -0500] "GET /kwssiamovil/sm/acme/a?s=U2FsdGVkX19+ahhjjLpZiVlAFya7Ly+cvwvDrRVn2bkZrXDK/zpCLbQS/4lwltkXU13FsqQEg/vEXN/yG8sZyN1/RFTrXHdG9Zw04rmR1gyrnuaj3yqLkyNhZNdz3kuxDZu3wr7iCvFioWM2C9W0pIo/9GjQUElM7vNgh2kFT4A=&u=U2FsdGVkX1+y9wQWnnTsEMsI2worq+v5PSg7tbak76E=&y=U2FsdGVkX19tlxdXpJBNyknTFYKltIf6rWP7dS1ntOQG520RREJRHSPGu7W3W+Z7 HTTP/1.1" 200 26
186.102.14.171 - - [10/Dec/2023:14:33:20 -0500] "GET /kwssiamovil/sm/acme/a?s=U2FsdGVkX18vksm8nuzVH69IPFgO5q5hfMpUHgrGmp4pX+xuq9bbe51HAx1UvhW3ADmk9t8z3kud35Jz/d1N9t5bM8BHLFWWoFTc4HMs8CT5htOo2nY7KW4jnMobdF+2IHvMUicTU/UfhT3c+4A4Vba3wKm10ESbt0c/OUrIPTk=&u=U2FsdGVkX1+y9wQWnnTsEMsI2worq+v5PSg7tbak76E=&y=U2FsdGVkX19tlxdXpJBNyknTFYKltIf6rWP7dS1ntOQG520RREJRHSPGu7W3W+Z7 HTTP/1.1" 200 26
186.102.14.171 - - [10/Dec/2023:14:33:20 -0500] "GET /kwssiamovil/sm/acme/a?s=U2FsdGVkX19YSobq5i3ZG4HS6QwcBO4E0H0Rrw3vPi4VJwGzBSObj31k2AeKJ9DOKftK5z0uLwDRk/S4WomNDEExGJrWIIA3gUhw0A7f8EwKM6AZkAyPQw0H4IF7p3qkQJVjt83+5qeiA+mnEBRVJvPDvz13SLKpmuXMpbIgbN0=&u=U2FsdGVkX1+y9wQWnnTsEMsI2worq+v5PSg7tbak76E=&y=U2FsdGVkX19tlxdXpJBNyknTFYKltIf6rWP7dS1ntOQG520RREJRHSPGu7W3W+Z7 HTTP/1.1" 200 26
186.102.14.171 - - [10/Dec/2023:14:33:20 -0500] "GET /kwssiamovil/sm/acme/a?s=U2FsdGVkX18b7j/t9dZOdQj7g7avhPR2mNsY49k5y/GjlR7X7KncE2nTGXu9N0bya/+RZk3XtQQHUaiYcuU6dfkClOYegmHD6EVuqJ/K5SUWbRKELK5ryR6AvLW+yRFxPF/veIFL3FFJbujunTzwcJv/bPOnVKiS4dALniGfP3svsiYDB2ZmHDGFS8MUayHBkWWiUzPeR4nJMpQ91/DzYQ==&u=U2FsdGVkX1+y9wQWnnTsEMsI2worq+v5PSg7tbak76E=&y=U2FsdGVkX19tlxdXpJBNyknTFYKltIf6rWP7dS1ntOQG520RREJRHSPGu7W3W+Z7 HTTP/1.1" 200 26
216.244.66.195 - - [10/Dec/2023:14:33:38 -0500] "GET /BLA/resoluciones/RESOLUCIONES%202017/0209.pdf HTTP/1.1" 200 288460
216.244.66.195 - - [10/Dec/2023:14:33:45 -0500] "GET /BLA/resoluciones/RESOLUCIONES%202017/2592.pdf HTTP/1.1" 200 319657
216.244.66.195 - - [10/Dec/2023:14:33:51 -0500] "GET /BLA/resoluciones/RESOLUCIONES%202017/2728.pdf HTTP/1.1" 200 307258
216.244.66.195 - - [10/Dec/2023:14:33:57 -0500] "GET /BLA/resoluciones/RESOLUCIONES%202017/2824.pdf HTTP/1.1" 200 325752
172.22.2.4 - - [10/Dec/2023:14:32:19 -0500] "HEAD /BLA/boletinlegal/ HTTP/1.1" 200 -
216.244.66.195 - - [10/Dec/2023:14:34:02 -0500] "GET /BLA/resoluciones/RESOLUCIONES%202017/2912.pdf HTTP/1.1" 200 272149
216.244.66.195 - - [10/Dec/2023:14:34:07 -0500] "GET /BLA/resoluciones/RESOLUCIONES%202017/2976.pdf HTTP/1.1" 200 305258
216.244.66.195 - - [10/Dec/2023:14:34:10 -0500] "GET /BLA/resoluciones/RESOLUCIONES%202019/0493.pdf HTTP/1.1" 200 379682
216.244.66.195 - - [10/Dec/2023:14:34:16 -0500] "GET /BLA/resoluciones/RESOLUCIONES%202019/0535.pdf HTTP/1.1" 200 404221
216.244.66.195 - - [10/Dec/2023:14:34:39 -0500] "GET /BLA/resoluciones/RESOLUCIONES%202019/0564.pdf HTTP/1.1" 200 370091
172.22.2.4 - - [10/Dec/2023:14:33:10 -0500] "GET /BLA/boletinlegal/ HTTP/1.1" 200 58644
216.244.66.195 - - [10/Dec/2023:14:34:57 -0500] "GET /BLA/resoluciones/RESOLUCIONES%202019/1267.pdf HTTP/1.1" 200 308963
216.244.66.195 - - [10/Dec/2023:14:35:15 -0500] "GET /BLA/resoluciones/RESOLUCIONES%202019/1757.pdf HTTP/1.1" 200 527550
216.244.66.195 - - [10/Dec/2023:14:35:32 -0500] "GET /BLA/resoluciones/RESOLUCIONES%202019/1820.pdf HTTP/1.1" 200 497119
104.152.52.2 - - [10/Dec/2023:14:35:42 -0500] "GET / HTTP/1.0" 200 319
216.244.66.195 - - [10/Dec/2023:14:35:48 -0500] "GET /BLA/resoluciones/RESOLUCIONES%202019/1870.pdf HTTP/1.1" 200 430609
216.244.66.195 - - [10/Dec/2023:14:36:04 -0500] "GET /BLA/resoluciones/RESOLUCIONES%202019/2079.pdf HTTP/1.1" 200 222327
216.244.66.195 - - [10/Dec/2023:14:36:17 -0500] "GET /BLA/resoluciones/RESOLUCIONES%202019/2254.pdf HTTP/1.1" 200 323992
201.245.192.253 - - [10/Dec/2023:14:36:21 -0500] "POST /kwsrmcab/Wsrmcab HTTP/1.1" 200 37454
201.245.192.253 - - [10/Dec/2023:14:36:24 -0500] "POST /kwsrmcab/Wsrmcab HTTP/1.1" 200 38644
216.244.66.195 - - [10/Dec/2023:14:36:30 -0500] "GET /BLA/resoluciones/RESOLUCIONES%202019/2322.pdf HTTP/1.1" 200 264591
216.244.66.195 - - [10/Dec/2023:14:36:41 -0500] "GET /BLA/resoluciones/RESOLUCIONES%202019/2405.pdf HTTP/1.1" 200 287989
201.245.192.253 - - [10/Dec/2023:14:36:47 -0500] "POST /kwsrmcab/Wsrmcab  HTTP/1.1" 200 41806
216.244.66.195 - - [10/Dec/2023:14:36:53 -0500] "GET /BLA/resoluciones/RESOLUCIONES%202019/2768.pdf HTTP/1.1" 200 350217
216.244.66.195 - - [10/Dec/2023:14:37:02 -0500] "GET /BLA/resoluciones/RESOLUCIONES%202019/2838.pdf HTTP/1.1" 200 556426
216.244.66.195 - - [10/Dec/2023:14:37:10 -0500] "GET /BLA/resoluciones/RESOLUCIONES%202019/3372.pdf HTTP/1.1" 200 707306
216.244.66.195 - - [10/Dec/2023:14:37:17 -0500] "GET /BLA/resoluciones/RESOLUCIONES%202019/3498.pdf HTTP/1.1" 200 346587
216.244.66.195 - - [10/Dec/2023:14:37:24 -0500] "GET /BLA/resoluciones/RESOLUCIONES%202019/3566.pdf HTTP/1.1" 200 470290
216.244.66.195 - - [10/Dec/2023:14:37:30 -0500] "GET /BLA/resoluciones/RESOLUCIONES%202019/3632.pdf HTTP/1.1" 200 794871
216.244.66.195 - - [10/Dec/2023:14:37:39 -0500] "GET /BLA/resoluciones/RESOLUCIONES%202019/3808.pdf HTTP/1.1" 200 954142
216.244.66.195 - - [10/Dec/2023:14:37:47 -0500] "GET /BLA/resoluciones/RESOLUCIONES%202001/RESOLUCION%20940%20DE%202001.pdf HTTP/1.1" 200 79907
216.245.221.92 - - [10/Dec/2023:14:37:50 -0500] "HEAD / HTTP/1.1" 200 -
216.244.66.195 - - [10/Dec/2023:14:37:53 -0500] "GET /BLA/resoluciones/AUTOS%202007/0002.pdf HTTP/1.1" 200 164979
216.244.66.195 - - [10/Dec/2023:14:37:57 -0500] "GET /BLA/resoluciones/AUTOS%202007/0075.pdf HTTP/1.1" 200 113553
216.244.66.195 - - [10/Dec/2023:14:38:01 -0500] "GET /BLA/resoluciones/AUTOS%202007/0092.pdf HTTP/1.1" 200 47469
216.244.66.195 - - [10/Dec/2023:14:38:05 -0500] "GET /BLA/resoluciones/AUTOS%202007/0405.pdf HTTP/1.1" 200 69221
216.244.66.195 - - [10/Dec/2023:14:38:08 -0500] "GET /BLA/resoluciones/AUTOS%202007/0527.pdf HTTP/1.1" 200 98013
216.244.66.195 - - [10/Dec/2023:14:38:11 -0500] "GET /BLA/resoluciones/AUTOS%202007/0581.pdf HTTP/1.1" 200 234646
216.244.66.195 - - [10/Dec/2023:14:38:16 -0500] "GET /BLA/resoluciones/AUTOS%202007/0611.pdf HTTP/1.1" 200 321809
216.244.66.195 - - [10/Dec/2023:14:38:20 -0500] "GET /BLA/resoluciones/AUTOS%202007/0791.pdf HTTP/1.1" 200 73547
216.244.66.195 - - [10/Dec/2023:14:38:23 -0500] "GET /BLA/resoluciones/AUTOS%202007/0911.pdf HTTP/1.1" 200 70079
216.244.66.195 - - [10/Dec/2023:14:38:26 -0500] "GET /BLA/resoluciones/AUTOS%202007/1063.pdf HTTP/1.1" 200 305501
216.244.66.195 - - [10/Dec/2023:14:38:28 -0500] "GET /BLA/resoluciones/AUTOS%202007/1100.pdf HTTP/1.1" 200 25127
216.244.66.195 - - [10/Dec/2023:14:38:30 -0500] "GET /BLA/resoluciones/AUTOS%202007/1153.pdf HTTP/1.1" 200 30240
216.244.66.195 - - [10/Dec/2023:14:38:32 -0500] "GET /BLA/resoluciones/AUTOS%202007/1190.pdf HTTP/1.1" 200 24847
216.244.66.195 - - [10/Dec/2023:14:38:34 -0500] "GET /BLA/resoluciones/AUTOS%202007/1504.pdf HTTP/1.1" 200 76484
216.244.66.195 - - [10/Dec/2023:14:38:39 -0500] "GET /BLA/resoluciones/AUTOS%202007/1667.pdf HTTP/1.1" 200 174348
216.244.66.195 - - [10/Dec/2023:14:38:43 -0500] "GET /BLA/resoluciones/AUTOS%202007/1811.pdf HTTP/1.1" 200 30461
216.244.66.195 - - [10/Dec/2023:14:38:47 -0500] "GET /BLA/resoluciones/AUTOS%202009/0846.pdf HTTP/1.1" 200 88377
216.244.66.195 - - [10/Dec/2023:14:38:50 -0500] "GET /BLA/resoluciones/AUTOS%202009/1191.pdf HTTP/1.1" 200 124226
216.244.66.195 - - [10/Dec/2023:14:38:53 -0500] "GET /BLA/resoluciones/AUTOS%202009/1315.pdf HTTP/1.1" 200 79600
216.244.66.195 - - [10/Dec/2023:14:38:56 -0500] "GET /BLA/resoluciones/AUTOS%202009/1328.pdf HTTP/1.1" 200 67615
216.244.66.195 - - [10/Dec/2023:14:38:58 -0500] "GET /BLA/resoluciones/AUTOS%202009/1409.pdf HTTP/1.1" 200 193484
216.244.66.195 - - [10/Dec/2023:14:39:01 -0500] "GET /BLA/resoluciones/AUTOS%202009/1623.pdf HTTP/1.1" 200 138603
216.244.66.195 - - [10/Dec/2023:14:39:03 -0500] "GET /BLA/resoluciones/AUTOS%202009/2081.pdf HTTP/1.1" 200 96714
216.244.66.195 - - [10/Dec/2023:14:39:08 -0500] "GET /BLA/resoluciones/AUTOS%202009/2140.pdf HTTP/1.1" 200 107733
216.244.66.195 - - [10/Dec/2023:14:39:12 -0500] "GET /BLA/resoluciones/AUTOS%202009/2206.pdf HTTP/1.1" 200 112984
216.244.66.195 - - [10/Dec/2023:14:39:17 -0500] "GET /BLA/resoluciones/AUTOS%202009/2211.pdf HTTP/1.1" 200 114429
216.244.66.195 - - [10/Dec/2023:14:39:25 -0500] "GET /BLA/resoluciones/AUTOS%202009/2233.pdf HTTP/1.1" 200 123059
216.244.66.195 - - [10/Dec/2023:14:39:30 -0500] "GET /BLA/resoluciones/AUTOS%202009/2316.pdf HTTP/1.1" 200 416156
216.244.66.195 - - [10/Dec/2023:14:39:35 -0500] "GET /BLA/resoluciones/AUTOS%202009/2401.pdf HTTP/1.1" 200 100094
216.244.66.195 - - [10/Dec/2023:14:39:39 -0500] "GET /BLA/resoluciones/AUTOS%202009/2427.pdf HTTP/1.1" 200 101860
216.244.66.195 - - [10/Dec/2023:14:39:42 -0500] "GET /BLA/resoluciones/AUTOS%202009/2438.pdf HTTP/1.1" 200 101360
216.244.66.195 - - [10/Dec/2023:14:39:45 -0500] "GET /BLA/resoluciones/AUTOS%202009/2449.pdf HTTP/1.1" 200 103671
216.244.66.195 - - [10/Dec/2023:14:39:48 -0500] "GET /BLA/resoluciones/AUTOS%202009/2568.pdf HTTP/1.1" 200 117541
172.22.2.4 - - [10/Dec/2023:14:38:09 -0500] "HEAD /BLA/boletinlegal/ HTTP/1.1" 200 -
216.244.66.195 - - [10/Dec/2023:14:39:51 -0500] "GET /BLA/resoluciones/AUTOS%202009/2817.pdf HTTP/1.1" 200 131406
216.244.66.195 - - [10/Dec/2023:14:39:53 -0500] "GET /BLA/resoluciones/AUTOS%202009/2829.pdf HTTP/1.1" 200 93051
216.244.66.195 - - [10/Dec/2023:14:39:55 -0500] "GET /BLA/resoluciones/AUTOS%202009/2864.pdf HTTP/1.1" 200 108366
216.244.66.195 - - [10/Dec/2023:14:39:57 -0500] "GET /BLA/resoluciones/AUTOS%202009/2879.pdf HTTP/1.1" 200 92755
216.244.66.195 - - [10/Dec/2023:14:40:03 -0500] "GET /BLA/resoluciones/AUTOS%202011/0672.pdf HTTP/1.1" 200 94901
216.244.66.195 - - [10/Dec/2023:14:40:07 -0500] "GET /BLA/resoluciones/AUTOS%202011/0980.pdf HTTP/1.1" 200 476077
201.245.192.253 - - [10/Dec/2023:14:40:08 -0500] "POST /kwsrmcab/Wsrmcab HTTP/1.1" 200 37454
201.245.192.253 - - [10/Dec/2023:14:40:16 -0500] "POST /kwsrmcab/Wsrmcab HTTP/1.1" 200 38644
