186.154.32.51 - - [13/Dec/2023:03:46:29 -0500] "POST /sipse/faces/presentacion/financiero/solicitudProceso/crearModificarSolicitudProceso.xhtml HTTP/1.1" 200 27322
186.154.32.51 - - [13/Dec/2023:03:46:57 -0500] "POST /sipse/faces/presentacion/financiero/solicitudProceso/crearModificarSolicitudProceso.xhtml HTTP/1.1" 200 10103
186.154.32.51 - - [13/Dec/2023:03:47:57 -0500] "POST /sipse/faces/presentacion/financiero/solicitudProceso/crearModificarSolicitudProceso.xhtml HTTP/1.1" 200 24664
186.154.32.51 - - [13/Dec/2023:03:47:58 -0500] "GET /sipse/faces/javax.faces.resource/jquery/jquery-plugins.js?ln=primefaces&v=4.0 HTTP/1.1" 304 -
186.154.32.51 - - [13/Dec/2023:03:47:58 -0500] "GET /sipse/faces/javax.faces.resource/jquery/jquery.js?ln=primefaces&v=4.0 HTTP/1.1" 304 -
186.154.32.51 - - [13/Dec/2023:03:47:58 -0500] "GET /sipse/faces/javax.faces.resource/primefaces.js?ln=primefaces&v=4.0 HTTP/1.1" 304 -
186.154.32.51 - - [13/Dec/2023:03:47:58 -0500] "GET /sipse/faces/javax.faces.resource/primefaces.css?ln=primefaces&v=4.0 HTTP/1.1" 304 -
186.154.32.51 - - [13/Dec/2023:03:47:58 -0500] "GET /sipse/faces/javax.faces.resource/theme.css?ln=primefaces-sipse HTTP/1.1" 304 -
186.154.32.51 - - [13/Dec/2023:03:47:58 -0500] "GET /sipse/faces/javax.faces.resource/layout/layout.css?ln=primefaces&v=4.0 HTTP/1.1" 200 542
186.154.32.51 - - [13/Dec/2023:03:47:58 -0500] "GET /sipse/faces/javax.faces.resource/layout/layout.js?ln=primefaces&v=4.0 HTTP/1.1" 304 -
186.154.32.51 - - [13/Dec/2023:03:47:58 -0500] "GET /sipse/faces/javax.faces.resource/images/ui-icons_898989_256x240.png?ln=primefaces-aristo HTTP/1.1" 200 5355
186.154.32.51 - - [13/Dec/2023:03:47:58 -0500] "GET /favicon.ico HTTP/1.1" 200 7782
216.245.221.92 - - [13/Dec/2023:03:48:01 -0500] "HEAD / HTTP/1.1" 200 -
186.154.32.51 - - [13/Dec/2023:03:48:04 -0500] "GET /sipse/faces/javax.faces.resource/images/ui-bg_flat_0_2d5972_40x100.png?ln=primefaces-aristo HTTP/1.1" 200 183
186.154.32.51 - - [13/Dec/2023:03:48:04 -0500] "POST /sipse/faces/presentacion/financiero/solicitudProyectoActividad/asociarProyectoSolicitud.xhtml HTTP/1.1" 200 6559
186.154.32.51 - - [13/Dec/2023:03:48:09 -0500] "POST /sipse/faces/presentacion/financiero/solicitudProyectoActividad/asociarProyectoSolicitud.xhtml HTTP/1.1" 200 1696
186.154.32.51 - - [13/Dec/2023:03:48:10 -0500] "POST /sipse/faces/presentacion/financiero/solicitudProyectoActividad/asociarProyectoSolicitud.xhtml HTTP/1.1" 200 6922
186.154.32.51 - - [13/Dec/2023:03:48:10 -0500] "GET /sipse/faces/javax.faces.resource/messages/messages.png?ln=primefaces&v=4.0 HTTP/1.1" 304 -
186.154.32.51 - - [13/Dec/2023:03:48:14 -0500] "POST /sipse/faces/presentacion/financiero/solicitudProyectoActividad/asociarProyectoSolicitud.xhtml HTTP/1.1" 200 34221
186.154.32.51 - - [13/Dec/2023:03:48:15 -0500] "GET /sipse/faces/javax.faces.resource/jquery/jquery.js?ln=primefaces&v=4.0 HTTP/1.1" 304 -
186.154.32.51 - - [13/Dec/2023:03:48:15 -0500] "GET /sipse/faces/javax.faces.resource/jquery/jquery-plugins.js?ln=primefaces&v=4.0 HTTP/1.1" 304 -
186.154.32.51 - - [13/Dec/2023:03:48:15 -0500] "GET /sipse/faces/javax.faces.resource/primefaces.js?ln=primefaces&v=4.0 HTTP/1.1" 304 -
186.154.32.51 - - [13/Dec/2023:03:48:15 -0500] "GET /sipse/faces/javax.faces.resource/layout/layout.js?ln=primefaces&v=4.0 HTTP/1.1" 304 -
186.154.32.51 - - [13/Dec/2023:03:48:26 -0500] "POST /sipse/faces/presentacion/financiero/solicitudProyectoActividad/asociarActividadSolicitud.xhtml HTTP/1.1" 200 20117
186.154.32.51 - - [13/Dec/2023:03:48:26 -0500] "GET /sipse/faces/javax.faces.resource/jquery/jquery.js?ln=primefaces&v=4.0 HTTP/1.1" 304 -
186.154.32.51 - - [13/Dec/2023:03:48:26 -0500] "GET /sipse/faces/javax.faces.resource/jquery/jquery-plugins.js?ln=primefaces&v=4.0 HTTP/1.1" 304 -
186.154.32.51 - - [13/Dec/2023:03:48:26 -0500] "GET /sipse/faces/javax.faces.resource/primefaces.js?ln=primefaces&v=4.0 HTTP/1.1" 304 -
186.154.32.51 - - [13/Dec/2023:03:48:26 -0500] "GET /sipse/faces/javax.faces.resource/layout/layout.js?ln=primefaces&v=4.0 HTTP/1.1" 304 -
186.154.32.51 - - [13/Dec/2023:03:48:41 -0500] "POST /sipse/faces/presentacion/financiero/solicitudProyectoActividad/asociarFuentesSolicitud.xhtml HTTP/1.1" 200 67610
186.154.32.51 - - [13/Dec/2023:03:48:42 -0500] "GET /sipse/faces/javax.faces.resource/theme.css?ln=primefaces-sipse HTTP/1.1" 304 -
186.154.32.51 - - [13/Dec/2023:03:48:42 -0500] "GET /sipse/faces/javax.faces.resource/primefaces.css?ln=primefaces&v=4.0 HTTP/1.1" 304 -
186.154.32.51 - - [13/Dec/2023:03:48:42 -0500] "GET /sipse/faces/javax.faces.resource/jquery/jquery.js?ln=primefaces&v=4.0 HTTP/1.1" 304 -
186.154.32.51 - - [13/Dec/2023:03:48:42 -0500] "GET /sipse/faces/javax.faces.resource/jquery/jquery-plugins.js?ln=primefaces&v=4.0 HTTP/1.1" 304 -
186.154.32.51 - - [13/Dec/2023:03:48:42 -0500] "GET /sipse/faces/javax.faces.resource/primefaces.js?ln=primefaces&v=4.0 HTTP/1.1" 304 -
186.154.32.51 - - [13/Dec/2023:03:48:42 -0500] "GET /sipse/faces/javax.faces.resource/layout/layout.js?ln=primefaces&v=4.0 HTTP/1.1" 304 -
186.154.32.51 - - [13/Dec/2023:03:48:42 -0500] "GET /sipse/faces/javax.faces.resource/layout/layout.css?ln=primefaces&v=4.0 HTTP/1.1" 200 542
186.154.32.51 - - [13/Dec/2023:03:48:42 -0500] "GET /sipse/faces/javax.faces.resource/images/ui-icons_898989_256x240.png?ln=primefaces-aristo HTTP/1.1" 200 5355
186.154.32.51 - - [13/Dec/2023:03:48:47 -0500] "POST /sipse/faces/presentacion/financiero/solicitudProceso/crearModificarSolicitudProceso.xhtml HTTP/1.1" 200 44730
186.154.32.51 - - [13/Dec/2023:03:48:48 -0500] "GET /sipse/faces/javax.faces.resource/theme.css?ln=primefaces-sipse HTTP/1.1" 304 -
186.154.32.51 - - [13/Dec/2023:03:48:48 -0500] "GET /sipse/faces/javax.faces.resource/primefaces.css?ln=primefaces&v=4.0 HTTP/1.1" 304 -
186.154.32.51 - - [13/Dec/2023:03:48:48 -0500] "GET /sipse/faces/javax.faces.resource/jquery/jquery.js?ln=primefaces&v=4.0 HTTP/1.1" 304 -
186.154.32.51 - - [13/Dec/2023:03:48:48 -0500] "GET /sipse/faces/javax.faces.resource/layout/layout.css?ln=primefaces&v=4.0 HTTP/1.1" 200 542
186.154.32.51 - - [13/Dec/2023:03:48:48 -0500] "GET /sipse/faces/javax.faces.resource/jquery/jquery-plugins.js?ln=primefaces&v=4.0 HTTP/1.1" 304 -
186.154.32.51 - - [13/Dec/2023:03:48:48 -0500] "GET /sipse/faces/javax.faces.resource/primefaces.js?ln=primefaces&v=4.0 HTTP/1.1" 304 -
186.154.32.51 - - [13/Dec/2023:03:48:48 -0500] "GET /sipse/faces/javax.faces.resource/layout/layout.js?ln=primefaces&v=4.0 HTTP/1.1" 304 -
186.154.32.51 - - [13/Dec/2023:03:48:48 -0500] "GET /sipse/faces/javax.faces.resource/images/ui-icons_898989_256x240.png?ln=primefaces-aristo HTTP/1.1" 200 5355
186.154.32.51 - - [13/Dec/2023:03:48:54 -0500] "GET /sipse/faces/javax.faces.resource/images/ui-bg_flat_0_2d5972_40x100.png?ln=primefaces-aristo HTTP/1.1" 200 183
201.245.192.253 - - [13/Dec/2023:03:48:52 -0500] "POST /kwsrmcab/Wsrmcab  HTTP/1.1" 200 37894
186.154.32.51 - - [13/Dec/2023:03:48:54 -0500] "POST /sipse/faces/presentacion/financiero/contrato/consultarContratosSolicitudProceso.xhtml HTTP/1.1" 200 62034
172.22.2.4 - - [13/Dec/2023:03:47:16 -0500] "HEAD /BLA/boletinlegal/ HTTP/1.1" 200 -
186.154.32.51 - - [13/Dec/2023:03:48:59 -0500] "POST /sipse/faces/presentacion/financiero/contrato/consultarContratosSolicitudProceso.xhtml HTTP/1.1" 200 63010
186.154.32.51 - - [13/Dec/2023:03:48:59 -0500] "GET /sipse/faces/javax.faces.resource/jquery/jquery.js?ln=primefaces&v=4.0 HTTP/1.1" 304 -
186.154.32.51 - - [13/Dec/2023:03:49:00 -0500] "GET /sipse/faces/javax.faces.resource/jquery/jquery-plugins.js?ln=primefaces&v=4.0 HTTP/1.1" 304 -
186.154.32.51 - - [13/Dec/2023:03:49:00 -0500] "GET /sipse/faces/javax.faces.resource/primefaces.js?ln=primefaces&v=4.0 HTTP/1.1" 304 -
186.154.32.51 - - [13/Dec/2023:03:49:00 -0500] "GET /sipse/faces/javax.faces.resource/layout/layout.js?ln=primefaces&v=4.0 HTTP/1.1" 304 -
186.154.32.51 - - [13/Dec/2023:03:49:03 -0500] "POST /sipse/faces/presentacion/financiero/solicitudProceso/crearModificarSolicitudProceso.xhtml HTTP/1.1" 200 21234
186.154.32.51 - - [13/Dec/2023:03:49:04 -0500] "GET /sipse/faces/javax.faces.resource/theme.css?ln=primefaces-sipse HTTP/1.1" 304 -
186.154.32.51 - - [13/Dec/2023:03:49:04 -0500] "GET /sipse/faces/javax.faces.resource/primefaces.css?ln=primefaces&v=4.0 HTTP/1.1" 304 -
186.154.32.51 - - [13/Dec/2023:03:49:04 -0500] "GET /sipse/faces/javax.faces.resource/layout/layout.css?ln=primefaces&v=4.0 HTTP/1.1" 304 -
186.154.32.51 - - [13/Dec/2023:03:49:04 -0500] "GET /sipse/faces/javax.faces.resource/jquery/jquery.js?ln=primefaces&v=4.0 HTTP/1.1" 304 -
186.154.32.51 - - [13/Dec/2023:03:49:04 -0500] "GET /sipse/faces/javax.faces.resource/jquery/jquery-plugins.js?ln=primefaces&v=4.0 HTTP/1.1" 304 -
186.154.32.51 - - [13/Dec/2023:03:49:04 -0500] "GET /sipse/faces/javax.faces.resource/layout/layout.js?ln=primefaces&v=4.0 HTTP/1.1" 304 -
186.154.32.51 - - [13/Dec/2023:03:49:04 -0500] "GET /sipse/faces/javax.faces.resource/fileupload/fileupload.js?ln=primefaces&v=4.0 HTTP/1.1" 304 -
186.154.32.51 - - [13/Dec/2023:03:49:04 -0500] "GET /sipse/faces/javax.faces.resource/primefaces.js?ln=primefaces&v=4.0 HTTP/1.1" 304 -
186.154.32.51 - - [13/Dec/2023:03:49:04 -0500] "GET /sipse/faces/javax.faces.resource/fileupload/fileupload.css?ln=primefaces&v=4.0 HTTP/1.1" 304 -
186.154.32.51 - - [13/Dec/2023:03:49:04 -0500] "GET /sipse/faces/javax.faces.resource/images/ui-icons_898989_256x240.png?ln=primefaces-aristo HTTP/1.1" 304 -
186.154.32.51 - - [13/Dec/2023:03:49:18 -0500] "POST /sipse/faces/presentacion/sistema/anexos/cargarAnexoSolicitudProceso.xhtml HTTP/1.1" 200 68940
186.154.32.51 - - [13/Dec/2023:03:49:19 -0500] "GET /sipse/faces/javax.faces.resource/theme.css?ln=primefaces-sipse HTTP/1.1" 304 -
186.154.32.51 - - [13/Dec/2023:03:49:19 -0500] "GET /sipse/faces/javax.faces.resource/primefaces.css?ln=primefaces&v=4.0 HTTP/1.1" 304 -
186.154.32.51 - - [13/Dec/2023:03:49:19 -0500] "GET /sipse/faces/javax.faces.resource/layout/layout.css?ln=primefaces&v=4.0 HTTP/1.1" 304 -
186.154.32.51 - - [13/Dec/2023:03:49:19 -0500] "GET /sipse/faces/javax.faces.resource/jquery/jquery.js?ln=primefaces&v=4.0 HTTP/1.1" 304 -
186.154.32.51 - - [13/Dec/2023:03:49:19 -0500] "GET /sipse/faces/javax.faces.resource/layout/layout.js?ln=primefaces&v=4.0 HTTP/1.1" 304 -
186.154.32.51 - - [13/Dec/2023:03:49:19 -0500] "GET /sipse/faces/javax.faces.resource/jquery/jquery-plugins.js?ln=primefaces&v=4.0 HTTP/1.1" 304 -
186.154.32.51 - - [13/Dec/2023:03:49:19 -0500] "GET /sipse/faces/javax.faces.resource/primefaces.js?ln=primefaces&v=4.0 HTTP/1.1" 304 -
186.154.32.51 - - [13/Dec/2023:03:49:19 -0500] "GET /sipse/faces/javax.faces.resource/images/ui-icons_898989_256x240.png?ln=primefaces-aristo HTTP/1.1" 304 -
186.154.32.51 - - [13/Dec/2023:03:49:23 -0500] "GET /sipse/faces/javax.faces.resource/images/ui-bg_flat_0_2d5972_40x100.png?ln=primefaces-aristo HTTP/1.1" 304 -
186.154.32.51 - - [13/Dec/2023:03:49:23 -0500] "POST /sipse/faces/presentacion/financiero/solicitudProceso/crearModificarSolicitudProceso.xhtml HTTP/1.1" 200 64123
186.154.32.51 - - [13/Dec/2023:03:49:25 -0500] "GET /sipse/faces/javax.faces.resource/jquery/jquery.js?ln=primefaces&v=4.0 HTTP/1.1" 304 -
186.154.32.51 - - [13/Dec/2023:03:49:25 -0500] "GET /sipse/faces/javax.faces.resource/jquery/jquery-plugins.js?ln=primefaces&v=4.0 HTTP/1.1" 304 -
186.154.32.51 - - [13/Dec/2023:03:49:26 -0500] "GET /sipse/faces/javax.faces.resource/primefaces.js?ln=primefaces&v=4.0 HTTP/1.1" 304 -
186.154.32.51 - - [13/Dec/2023:03:49:26 -0500] "GET /sipse/faces/javax.faces.resource/layout/layout.js?ln=primefaces&v=4.0 HTTP/1.1" 304 -
186.154.32.51 - - [13/Dec/2023:03:49:26 -0500] "GET /sipse/faces/javax.faces.resource/messages/messages.png?ln=primefaces&v=4.0 HTTP/1.1" 304 -
186.154.32.51 - - [13/Dec/2023:03:49:26 -0500] "POST /sipse/faces/presentacion/financiero/solicitudProceso/listarSolicitudProceso.xhtml HTTP/1.1" 200 1556
186.154.32.51 - - [13/Dec/2023:03:49:28 -0500] "POST /sipse/faces/presentacion/financiero/solicitudProceso/listarSolicitudProceso.xhtml HTTP/1.1" 200 26041
172.22.2.4 - - [13/Dec/2023:03:48:23 -0500] "GET /BLA/boletinlegal/ HTTP/1.1" 200 32715
172.22.2.4 - - [13/Dec/2023:03:48:07 -0500] "GET /BLA/boletinlegal/ HTTP/1.1" 200 47138
216.245.221.92 - - [13/Dec/2023:03:53:01 -0500] "HEAD / HTTP/1.1" 200 -
201.245.192.253 - - [13/Dec/2023:03:53:50 -0500] "POST /kwsrmcab/Wsrmcab  HTTP/1.1" 200 37894
172.22.2.4 - - [13/Dec/2023:03:53:06 -0500] "HEAD /BLA/boletinlegal/ HTTP/1.1" 200 -
172.22.2.4 - - [13/Dec/2023:03:53:57 -0500] "GET /BLA/boletinlegal/ HTTP/1.1" 200 58294
216.245.221.92 - - [13/Dec/2023:03:58:01 -0500] "HEAD / HTTP/1.1" 200 -
201.245.192.253 - - [13/Dec/2023:03:58:48 -0500] "POST /kwsrmcab/Wsrmcab  HTTP/1.1" 200 37894
66.249.66.195 - - [13/Dec/2023:04:00:22 -0500] "GET /en-el-dia-mundial-del-medio-ambiente-distrito-libero-a-43-animales-silvestres-y-alcanzo-mas-de-1-300-liberaciones-en-el-ano.html HTTP/1.1" 304 -
172.22.2.4 - - [13/Dec/2023:03:58:56 -0500] "HEAD /BLA/boletinlegal/ HTTP/1.1" 200 -
172.22.2.4 - - [13/Dec/2023:03:59:47 -0500] "GET /BLA/boletinlegal/ HTTP/1.1" 200 58294
216.245.221.92 - - [13/Dec/2023:04:03:01 -0500] "HEAD / HTTP/1.1" 200 -
172.22.2.4 - - [13/Dec/2023:04:03:34 -0500] "GET /BLA/boletinlegal/robots.txt HTTP/1.1" 404 1038
172.22.2.4 - - [13/Dec/2023:04:03:35 -0500] "GET /BLA/boletinlegal/Directivas/2011/Directiva%20No.%201%20del%205%20de%20Abril%20de%202011.pdf HTTP/1.1" 200 971292
201.245.192.253 - - [13/Dec/2023:04:03:48 -0500] "POST /kwsrmcab/Wsrmcab  HTTP/1.1" 200 37894
186.154.32.51 - - [13/Dec/2023:04:05:53 -0500] "POST /sipse/faces/presentacion/financiero/solicitudProceso/listarSolicitudProceso.xhtml HTTP/1.1" 200 59164
186.154.32.51 - - [13/Dec/2023:04:05:53 -0500] "GET /sipse/faces/javax.faces.resource/jquery/jquery.js?ln=primefaces&v=4.0 HTTP/1.1" 304 -
186.154.32.51 - - [13/Dec/2023:04:05:53 -0500] "GET /sipse/faces/javax.faces.resource/jquery/jquery-plugins.js?ln=primefaces&v=4.0 HTTP/1.1" 304 -
186.154.32.51 - - [13/Dec/2023:04:05:53 -0500] "GET /sipse/faces/javax.faces.resource/primefaces.js?ln=primefaces&v=4.0 HTTP/1.1" 304 -
186.154.32.51 - - [13/Dec/2023:04:05:53 -0500] "GET /sipse/faces/javax.faces.resource/layout/layout.js?ln=primefaces&v=4.0 HTTP/1.1" 304 -
186.154.32.51 - - [13/Dec/2023:04:05:57 -0500] "POST /sipse/faces/presentacion/financiero/solicitudProceso/crearModificarSolicitudProceso.xhtml HTTP/1.1" 200 27322
172.22.2.4 - - [13/Dec/2023:04:06:25 -0500] "GET /BLA/boletinlegal/Circulares/2023/CIRCULAR%20No.%2000005%20DEL%2013%20DE%20JUNIO%20DEL%202023.pdf HTTP/1.1" 304 -
172.22.2.4 - - [13/Dec/2023:04:04:46 -0500] "HEAD /BLA/boletinlegal/ HTTP/1.1" 200 -
186.154.32.51 - - [13/Dec/2023:04:06:26 -0500] "POST /sipse/faces/presentacion/financiero/solicitudProceso/crearModificarSolicitudProceso.xhtml HTTP/1.1" 200 10103
172.22.2.4 - - [13/Dec/2023:04:06:14 -0500] "GET /BLA/boletinlegal/ HTTP/1.1" 200 24523
172.22.2.4 - - [13/Dec/2023:04:05:37 -0500] "GET /BLA/boletinlegal/ HTTP/1.1" 200 54693
186.154.32.51 - - [13/Dec/2023:04:07:27 -0500] "POST /sipse/faces/presentacion/financiero/solicitudProceso/crearModificarSolicitudProceso.xhtml HTTP/1.1" 200 24664
186.154.32.51 - - [13/Dec/2023:04:07:28 -0500] "GET /sipse/faces/javax.faces.resource/theme.css?ln=primefaces-sipse HTTP/1.1" 304 -
186.154.32.51 - - [13/Dec/2023:04:07:28 -0500] "GET /sipse/faces/javax.faces.resource/primefaces.css?ln=primefaces&v=4.0 HTTP/1.1" 304 -
186.154.32.51 - - [13/Dec/2023:04:07:28 -0500] "GET /sipse/faces/javax.faces.resource/layout/layout.css?ln=primefaces&v=4.0 HTTP/1.1" 304 -
186.154.32.51 - - [13/Dec/2023:04:07:28 -0500] "GET /sipse/faces/javax.faces.resource/jquery/jquery.js?ln=primefaces&v=4.0 HTTP/1.1" 304 -
186.154.32.51 - - [13/Dec/2023:04:07:28 -0500] "GET /sipse/faces/javax.faces.resource/jquery/jquery-plugins.js?ln=primefaces&v=4.0 HTTP/1.1" 304 -
186.154.32.51 - - [13/Dec/2023:04:07:28 -0500] "GET /sipse/faces/javax.faces.resource/layout/layout.js?ln=primefaces&v=4.0 HTTP/1.1" 304 -
186.154.32.51 - - [13/Dec/2023:04:07:28 -0500] "GET /sipse/faces/javax.faces.resource/primefaces.js?ln=primefaces&v=4.0 HTTP/1.1" 304 -
186.154.32.51 - - [13/Dec/2023:04:07:28 -0500] "GET /sipse/faces/javax.faces.resource/images/ui-icons_898989_256x240.png?ln=primefaces-aristo HTTP/1.1" 304 -
186.154.32.51 - - [13/Dec/2023:04:07:34 -0500] "GET /sipse/faces/javax.faces.resource/images/ui-bg_flat_0_2d5972_40x100.png?ln=primefaces-aristo HTTP/1.1" 304 -
186.154.32.51 - - [13/Dec/2023:04:07:34 -0500] "POST /sipse/faces/presentacion/financiero/solicitudProyectoActividad/asociarProyectoSolicitud.xhtml HTTP/1.1" 200 6559
186.154.32.51 - - [13/Dec/2023:04:07:37 -0500] "POST /sipse/faces/presentacion/financiero/solicitudProyectoActividad/asociarProyectoSolicitud.xhtml HTTP/1.1" 200 1696
186.154.32.51 - - [13/Dec/2023:04:07:38 -0500] "POST /sipse/faces/presentacion/financiero/solicitudProyectoActividad/asociarProyectoSolicitud.xhtml HTTP/1.1" 200 34221
186.154.32.51 - - [13/Dec/2023:04:07:39 -0500] "GET /sipse/faces/javax.faces.resource/jquery/jquery.js?ln=primefaces&v=4.0 HTTP/1.1" 304 -
186.154.32.51 - - [13/Dec/2023:04:07:39 -0500] "GET /sipse/faces/javax.faces.resource/jquery/jquery-plugins.js?ln=primefaces&v=4.0 HTTP/1.1" 304 -
186.154.32.51 - - [13/Dec/2023:04:07:39 -0500] "GET /sipse/faces/javax.faces.resource/primefaces.js?ln=primefaces&v=4.0 HTTP/1.1" 304 -
186.154.32.51 - - [13/Dec/2023:04:07:39 -0500] "GET /sipse/faces/javax.faces.resource/layout/layout.js?ln=primefaces&v=4.0 HTTP/1.1" 304 -
186.154.32.51 - - [13/Dec/2023:04:07:59 -0500] "POST /sipse/faces/presentacion/financiero/solicitudProyectoActividad/asociarActividadSolicitud.xhtml HTTP/1.1" 200 20117
186.154.32.51 - - [13/Dec/2023:04:08:00 -0500] "GET /sipse/faces/javax.faces.resource/jquery/jquery.js?ln=primefaces&v=4.0 HTTP/1.1" 304 -
186.154.32.51 - - [13/Dec/2023:04:08:00 -0500] "GET /sipse/faces/javax.faces.resource/jquery/jquery-plugins.js?ln=primefaces&v=4.0 HTTP/1.1" 304 -
186.154.32.51 - - [13/Dec/2023:04:08:00 -0500] "GET /sipse/faces/javax.faces.resource/primefaces.js?ln=primefaces&v=4.0 HTTP/1.1" 304 -
186.154.32.51 - - [13/Dec/2023:04:08:00 -0500] "GET /sipse/faces/javax.faces.resource/layout/layout.js?ln=primefaces&v=4.0 HTTP/1.1" 304 -
216.245.221.92 - - [13/Dec/2023:04:08:01 -0500] "HEAD / HTTP/1.1" 200 -
186.154.32.51 - - [13/Dec/2023:04:08:16 -0500] "POST /sipse/faces/presentacion/financiero/solicitudProyectoActividad/asociarFuentesSolicitud.xhtml HTTP/1.1" 200 67737
186.154.32.51 - - [13/Dec/2023:04:08:16 -0500] "GET /sipse/faces/javax.faces.resource/theme.css?ln=primefaces-sipse HTTP/1.1" 304 -
186.154.32.51 - - [13/Dec/2023:04:08:16 -0500] "GET /sipse/faces/javax.faces.resource/primefaces.css?ln=primefaces&v=4.0 HTTP/1.1" 304 -
186.154.32.51 - - [13/Dec/2023:04:08:16 -0500] "GET /sipse/faces/javax.faces.resource/layout/layout.css?ln=primefaces&v=4.0 HTTP/1.1" 304 -
186.154.32.51 - - [13/Dec/2023:04:08:16 -0500] "GET /sipse/faces/javax.faces.resource/layout/layout.js?ln=primefaces&v=4.0 HTTP/1.1" 304 -
186.154.32.51 - - [13/Dec/2023:04:08:16 -0500] "GET /sipse/faces/javax.faces.resource/jquery/jquery.js?ln=primefaces&v=4.0 HTTP/1.1" 304 -
186.154.32.51 - - [13/Dec/2023:04:08:16 -0500] "GET /sipse/faces/javax.faces.resource/jquery/jquery-plugins.js?ln=primefaces&v=4.0 HTTP/1.1" 304 -
186.154.32.51 - - [13/Dec/2023:04:08:16 -0500] "GET /sipse/faces/javax.faces.resource/primefaces.js?ln=primefaces&v=4.0 HTTP/1.1" 304 -
186.154.32.51 - - [13/Dec/2023:04:08:16 -0500] "GET /sipse/faces/javax.faces.resource/images/ui-icons_898989_256x240.png?ln=primefaces-aristo HTTP/1.1" 304 -
186.154.32.51 - - [13/Dec/2023:04:08:20 -0500] "POST /sipse/faces/presentacion/financiero/solicitudProceso/crearModificarSolicitudProceso.xhtml HTTP/1.1" 200 44730
186.154.32.51 - - [13/Dec/2023:04:08:22 -0500] "GET /sipse/faces/javax.faces.resource/theme.css?ln=primefaces-sipse HTTP/1.1" 304 -
186.154.32.51 - - [13/Dec/2023:04:08:22 -0500] "GET /sipse/faces/javax.faces.resource/primefaces.css?ln=primefaces&v=4.0 HTTP/1.1" 304 -
186.154.32.51 - - [13/Dec/2023:04:08:22 -0500] "GET /sipse/faces/javax.faces.resource/layout/layout.css?ln=primefaces&v=4.0 HTTP/1.1" 304 -
186.154.32.51 - - [13/Dec/2023:04:08:22 -0500] "GET /sipse/faces/javax.faces.resource/jquery/jquery.js?ln=primefaces&v=4.0 HTTP/1.1" 304 -
186.154.32.51 - - [13/Dec/2023:04:08:22 -0500] "GET /sipse/faces/javax.faces.resource/jquery/jquery-plugins.js?ln=primefaces&v=4.0 HTTP/1.1" 304 -
186.154.32.51 - - [13/Dec/2023:04:08:22 -0500] "GET /sipse/faces/javax.faces.resource/primefaces.js?ln=primefaces&v=4.0 HTTP/1.1" 304 -
186.154.32.51 - - [13/Dec/2023:04:08:22 -0500] "GET /sipse/faces/javax.faces.resource/layout/layout.js?ln=primefaces&v=4.0 HTTP/1.1" 304 -
186.154.32.51 - - [13/Dec/2023:04:08:22 -0500] "GET /sipse/faces/javax.faces.resource/images/ui-icons_898989_256x240.png?ln=primefaces-aristo HTTP/1.1" 304 -
40.77.167.28 - - [13/Dec/2023:04:08:23 -0500] "GET /portaldeninos/wp-content/uploads/2021/05/corresponsal-ambiental-10-mayo.jpg HTTP/1.1" 200 87975
172.22.2.4 - - [13/Dec/2023:04:06:43 -0500] "GET /BLA/boletinlegal/ HTTP/1.1" 200 59007
186.154.32.51 - - [13/Dec/2023:04:08:28 -0500] "GET /sipse/faces/javax.faces.resource/images/ui-bg_flat_0_2d5972_40x100.png?ln=primefaces-aristo HTTP/1.1" 304 -
186.154.32.51 - - [13/Dec/2023:04:08:28 -0500] "POST /sipse/faces/presentacion/financiero/contrato/consultarContratosSolicitudProceso.xhtml HTTP/1.1" 200 62036
186.154.32.51 - - [13/Dec/2023:04:08:33 -0500] "POST /sipse/faces/presentacion/financiero/contrato/consultarContratosSolicitudProceso.xhtml HTTP/1.1" 200 63141
186.154.32.51 - - [13/Dec/2023:04:08:34 -0500] "GET /sipse/faces/javax.faces.resource/jquery/jquery.js?ln=primefaces&v=4.0 HTTP/1.1" 304 -
186.154.32.51 - - [13/Dec/2023:04:08:34 -0500] "GET /sipse/faces/javax.faces.resource/jquery/jquery-plugins.js?ln=primefaces&v=4.0 HTTP/1.1" 304 -
186.154.32.51 - - [13/Dec/2023:04:08:34 -0500] "GET /sipse/faces/javax.faces.resource/primefaces.js?ln=primefaces&v=4.0 HTTP/1.1" 304 -
186.154.32.51 - - [13/Dec/2023:04:08:34 -0500] "GET /sipse/faces/javax.faces.resource/layout/layout.js?ln=primefaces&v=4.0 HTTP/1.1" 304 -
186.154.32.51 - - [13/Dec/2023:04:08:38 -0500] "POST /sipse/faces/presentacion/financiero/solicitudProceso/crearModificarSolicitudProceso.xhtml HTTP/1.1" 200 21234
186.154.32.51 - - [13/Dec/2023:04:08:39 -0500] "GET /sipse/faces/javax.faces.resource/theme.css?ln=primefaces-sipse HTTP/1.1" 304 -
186.154.32.51 - - [13/Dec/2023:04:08:39 -0500] "GET /sipse/faces/javax.faces.resource/primefaces.css?ln=primefaces&v=4.0 HTTP/1.1" 304 -
186.154.32.51 - - [13/Dec/2023:04:08:39 -0500] "GET /sipse/faces/javax.faces.resource/layout/layout.css?ln=primefaces&v=4.0 HTTP/1.1" 304 -
186.154.32.51 - - [13/Dec/2023:04:08:39 -0500] "GET /sipse/faces/javax.faces.resource/jquery/jquery.js?ln=primefaces&v=4.0 HTTP/1.1" 304 -
186.154.32.51 - - [13/Dec/2023:04:08:39 -0500] "GET /sipse/faces/javax.faces.resource/jquery/jquery-plugins.js?ln=primefaces&v=4.0 HTTP/1.1" 304 -
186.154.32.51 - - [13/Dec/2023:04:08:39 -0500] "GET /sipse/faces/javax.faces.resource/primefaces.js?ln=primefaces&v=4.0 HTTP/1.1" 304 -
186.154.32.51 - - [13/Dec/2023:04:08:39 -0500] "GET /sipse/faces/javax.faces.resource/layout/layout.js?ln=primefaces&v=4.0 HTTP/1.1" 304 -
186.154.32.51 - - [13/Dec/2023:04:08:39 -0500] "GET /sipse/faces/javax.faces.resource/fileupload/fileupload.css?ln=primefaces&v=4.0 HTTP/1.1" 304 -
186.154.32.51 - - [13/Dec/2023:04:08:39 -0500] "GET /sipse/faces/javax.faces.resource/fileupload/fileupload.js?ln=primefaces&v=4.0 HTTP/1.1" 304 -
186.154.32.51 - - [13/Dec/2023:04:08:39 -0500] "GET /sipse/faces/javax.faces.resource/images/ui-icons_898989_256x240.png?ln=primefaces-aristo HTTP/1.1" 304 -
201.245.192.253 - - [13/Dec/2023:04:08:46 -0500] "POST /kwsrmcab/Wsrmcab  HTTP/1.1" 200 37894
186.154.32.51 - - [13/Dec/2023:04:09:00 -0500] "GET /sipse/faces/javax.faces.resource/images/ui-bg_flat_0_2d5972_40x100.png?ln=primefaces-aristo HTTP/1.1" 304 -
186.154.32.51 - - [13/Dec/2023:04:09:00 -0500] "POST /sipse/faces/presentacion/sistema/anexos/cargarAnexoSolicitudProceso.xhtml HTTP/1.1" 200 63141
186.154.32.51 - - [13/Dec/2023:04:09:00 -0500] "GET /sipse/faces/javax.faces.resource/jquery/jquery.js?ln=primefaces&v=4.0 HTTP/1.1" 304 -
186.154.32.51 - - [13/Dec/2023:04:09:00 -0500] "GET /sipse/faces/javax.faces.resource/jquery/jquery-plugins.js?ln=primefaces&v=4.0 HTTP/1.1" 304 -
186.154.32.51 - - [13/Dec/2023:04:09:01 -0500] "GET /sipse/faces/javax.faces.resource/primefaces.js?ln=primefaces&v=4.0 HTTP/1.1" 304 -
186.154.32.51 - - [13/Dec/2023:04:09:01 -0500] "GET /sipse/faces/javax.faces.resource/layout/layout.js?ln=primefaces&v=4.0 HTTP/1.1" 304 -
186.154.32.51 - - [13/Dec/2023:04:09:03 -0500] "POST /sipse/faces/presentacion/financiero/solicitudProceso/crearModificarSolicitudProceso.xhtml HTTP/1.1" 200 21234
186.154.32.51 - - [13/Dec/2023:04:09:03 -0500] "GET /sipse/faces/javax.faces.resource/theme.css?ln=primefaces-sipse HTTP/1.1" 304 -
186.154.32.51 - - [13/Dec/2023:04:09:03 -0500] "GET /sipse/faces/javax.faces.resource/primefaces.css?ln=primefaces&v=4.0 HTTP/1.1" 304 -
186.154.32.51 - - [13/Dec/2023:04:09:03 -0500] "GET /sipse/faces/javax.faces.resource/layout/layout.css?ln=primefaces&v=4.0 HTTP/1.1" 304 -
186.154.32.51 - - [13/Dec/2023:04:09:03 -0500] "GET /sipse/faces/javax.faces.resource/fileupload/fileupload.css?ln=primefaces&v=4.0 HTTP/1.1" 304 -
186.154.32.51 - - [13/Dec/2023:04:09:03 -0500] "GET /sipse/faces/javax.faces.resource/jquery/jquery.js?ln=primefaces&v=4.0 HTTP/1.1" 304 -
186.154.32.51 - - [13/Dec/2023:04:09:03 -0500] "GET /sipse/faces/javax.faces.resource/jquery/jquery-plugins.js?ln=primefaces&v=4.0 HTTP/1.1" 304 -
186.154.32.51 - - [13/Dec/2023:04:09:03 -0500] "GET /sipse/faces/javax.faces.resource/primefaces.js?ln=primefaces&v=4.0 HTTP/1.1" 304 -
186.154.32.51 - - [13/Dec/2023:04:09:03 -0500] "GET /sipse/faces/javax.faces.resource/layout/layout.js?ln=primefaces&v=4.0 HTTP/1.1" 304 -
186.154.32.51 - - [13/Dec/2023:04:09:03 -0500] "GET /sipse/faces/javax.faces.resource/fileupload/fileupload.js?ln=primefaces&v=4.0 HTTP/1.1" 304 -
186.154.32.51 - - [13/Dec/2023:04:09:04 -0500] "GET /sipse/faces/javax.faces.resource/images/ui-icons_898989_256x240.png?ln=primefaces-aristo HTTP/1.1" 304 -
186.154.32.51 - - [13/Dec/2023:04:11:24 -0500] "POST /sipse/faces/presentacion/sistema/anexos/cargarAnexoSolicitudProceso.xhtml HTTP/1.1" 200 69072
186.154.32.51 - - [13/Dec/2023:04:11:25 -0500] "GET /sipse/faces/javax.faces.resource/primefaces.css?ln=primefaces&v=4.0 HTTP/1.1" 304 -
186.154.32.51 - - [13/Dec/2023:04:11:25 -0500] "GET /sipse/faces/javax.faces.resource/theme.css?ln=primefaces-sipse HTTP/1.1" 304 -
186.154.32.51 - - [13/Dec/2023:04:11:25 -0500] "GET /sipse/faces/javax.faces.resource/layout/layout.css?ln=primefaces&v=4.0 HTTP/1.1" 304 -
186.154.32.51 - - [13/Dec/2023:04:11:25 -0500] "GET /sipse/faces/javax.faces.resource/jquery/jquery.js?ln=primefaces&v=4.0 HTTP/1.1" 304 -
186.154.32.51 - - [13/Dec/2023:04:11:25 -0500] "GET /sipse/faces/javax.faces.resource/jquery/jquery-plugins.js?ln=primefaces&v=4.0 HTTP/1.1" 304 -
186.154.32.51 - - [13/Dec/2023:04:11:25 -0500] "GET /sipse/faces/javax.faces.resource/primefaces.js?ln=primefaces&v=4.0 HTTP/1.1" 304 -
186.154.32.51 - - [13/Dec/2023:04:11:25 -0500] "GET /sipse/faces/javax.faces.resource/layout/layout.js?ln=primefaces&v=4.0 HTTP/1.1" 304 -
186.154.32.51 - - [13/Dec/2023:04:11:25 -0500] "GET /sipse/faces/javax.faces.resource/images/ui-icons_898989_256x240.png?ln=primefaces-aristo HTTP/1.1" 304 -
186.154.32.51 - - [13/Dec/2023:04:11:35 -0500] "GET /sipse/faces/javax.faces.resource/images/ui-bg_flat_0_2d5972_40x100.png?ln=primefaces-aristo HTTP/1.1" 304 -
216.244.66.195 - - [13/Dec/2023:04:11:36 -0500] "GET /robots.txt HTTP/1.1" 404 1018
186.154.32.51 - - [13/Dec/2023:04:11:35 -0500] "POST /sipse/faces/presentacion/financiero/solicitudProceso/crearModificarSolicitudProceso.xhtml HTTP/1.1" 200 63756
186.154.32.51 - - [13/Dec/2023:04:11:38 -0500] "GET /sipse/faces/javax.faces.resource/jquery/jquery.js?ln=primefaces&v=4.0 HTTP/1.1" 304 -
186.154.32.51 - - [13/Dec/2023:04:11:38 -0500] "GET /sipse/faces/javax.faces.resource/jquery/jquery-plugins.js?ln=primefaces&v=4.0 HTTP/1.1" 304 -
186.154.32.51 - - [13/Dec/2023:04:11:38 -0500] "GET /sipse/faces/javax.faces.resource/primefaces.js?ln=primefaces&v=4.0 HTTP/1.1" 304 -
186.154.32.51 - - [13/Dec/2023:04:11:38 -0500] "GET /sipse/faces/javax.faces.resource/layout/layout.js?ln=primefaces&v=4.0 HTTP/1.1" 304 -
186.154.32.51 - - [13/Dec/2023:04:11:38 -0500] "GET /sipse/faces/javax.faces.resource/messages/messages.png?ln=primefaces&v=4.0 HTTP/1.1" 304 -
186.154.32.51 - - [13/Dec/2023:04:11:38 -0500] "POST /sipse/faces/presentacion/financiero/solicitudProceso/listarSolicitudProceso.xhtml HTTP/1.1" 200 1556
186.154.32.51 - - [13/Dec/2023:04:11:42 -0500] "POST /sipse/faces/presentacion/financiero/solicitudProceso/listarSolicitudProceso.xhtml HTTP/1.1" 200 29049
172.22.2.4 - - [13/Dec/2023:04:10:36 -0500] "HEAD /BLA/boletinlegal/ HTTP/1.1" 200 -
216.245.221.92 - - [13/Dec/2023:04:13:01 -0500] "HEAD / HTTP/1.1" 200 -
172.22.2.4 - - [13/Dec/2023:04:11:27 -0500] "GET /BLA/boletinlegal/ HTTP/1.1" 200 58644
201.245.192.253 - - [13/Dec/2023:04:13:45 -0500] "POST /kwsrmcab/Wsrmcab  HTTP/1.1" 200 37894
201.245.192.253 - - [13/Dec/2023:04:16:09 -0500] "POST /kwsrmcab/Wsrmcab HTTP/1.1" 200 38204
201.245.192.253 - - [13/Dec/2023:04:16:12 -0500] "POST /kwsrmcab/Wsrmcab HTTP/1.1" 200 38198
216.245.221.92 - - [13/Dec/2023:04:18:01 -0500] "HEAD / HTTP/1.1" 200 -
172.22.2.4 - - [13/Dec/2023:04:16:26 -0500] "HEAD /BLA/boletinlegal/ HTTP/1.1" 200 -
201.245.192.253 - - [13/Dec/2023:04:18:43 -0500] "POST /kwsrmcab/Wsrmcab  HTTP/1.1" 200 37894
172.22.2.4 - - [13/Dec/2023:04:17:17 -0500] "GET /BLA/boletinlegal/ HTTP/1.1" 200 58644
201.245.192.253 - - [13/Dec/2023:04:19:58 -0500] "POST /kwsrmcab/Wsrmcab HTTP/1.1" 200 38204
201.245.192.253 - - [13/Dec/2023:04:20:02 -0500] "POST /kwsrmcab/Wsrmcab HTTP/1.1" 200 38198
172.22.2.4 - - [13/Dec/2023:04:22:01 -0500] "GET /BLA/boletinlegal/actuator/gateway/routes HTTP/1.1" 404 1018
216.245.221.92 - - [13/Dec/2023:04:23:01 -0500] "HEAD / HTTP/1.1" 200 -
40.77.167.44 - - [13/Dec/2023:04:23:26 -0500] "GET /BLA/resoluciones/RESOLUCIONES%202017/2600.pdf HTTP/1.1" 304 -
201.245.192.253 - - [13/Dec/2023:04:23:41 -0500] "POST /kwsrmcab/Wsrmcab  HTTP/1.1" 200 37894
172.22.2.4 - - [13/Dec/2023:04:22:16 -0500] "HEAD /BLA/boletinlegal/ HTTP/1.1" 200 -
172.22.2.4 - - [13/Dec/2023:04:23:07 -0500] "GET /BLA/boletinlegal/ HTTP/1.1" 200 60634
207.46.13.230 - - [13/Dec/2023:04:25:53 -0500] "GET /robots.txt HTTP/1.1" 404 1049
207.46.13.168 - - [13/Dec/2023:04:26:04 -0500] "GET /inicio/humedal-juan-amarillo/ HTTP/1.1" 404 1049
201.245.192.253 - - [13/Dec/2023:04:26:09 -0500] "POST /kwsrmcab/Wsrmcab HTTP/1.1" 200 38204
201.245.192.253 - - [13/Dec/2023:04:26:12 -0500] "POST /kwsrmcab/Wsrmcab HTTP/1.1" 200 38198
66.249.66.21 - - [13/Dec/2023:04:27:15 -0500] "GET /BLA/resoluciones/RESOLUCIONES%202009/6718.pdf HTTP/1.1" 200 356860
216.245.221.92 - - [13/Dec/2023:04:28:01 -0500] "HEAD / HTTP/1.1" 200 -
201.245.192.253 - - [13/Dec/2023:04:28:39 -0500] "POST /kwsrmcab/Wsrmcab  HTTP/1.1" 200 37894
66.249.66.20 - - [13/Dec/2023:04:29:11 -0500] "GET /pdc/actos/1469.pdf HTTP/1.1" 200 1053029
172.22.2.4 - - [13/Dec/2023:04:28:06 -0500] "HEAD /BLA/boletinlegal/ HTTP/1.1" 200 -
201.245.192.253 - - [13/Dec/2023:04:29:58 -0500] "POST /kwsrmcab/Wsrmcab HTTP/1.1" 200 38204
201.245.192.253 - - [13/Dec/2023:04:30:01 -0500] "POST /kwsrmcab/Wsrmcab HTTP/1.1" 200 38198
172.22.2.4 - - [13/Dec/2023:04:28:57 -0500] "GET /BLA/boletinlegal/ HTTP/1.1" 200 58644
216.245.221.92 - - [13/Dec/2023:04:33:01 -0500] "HEAD / HTTP/1.1" 200 -
35.204.210.245 - - [13/Dec/2023:04:33:31 -0500] "GET /las-tres-caminatas-para-cerrar-el-ano-entre-la-naturaleza.html HTTP/1.1" 200 776
34.90.173.243 - - [13/Dec/2023:04:33:37 -0500] "GET /consulta-y-conoce-los-proyectos-de-resolucion-de-para-los-planes-de-manejo-ambiental-de-cinco-humedales-en-bogota.html HTTP/1.1" 200 971
201.245.192.253 - - [13/Dec/2023:04:33:37 -0500] "POST /kwsrmcab/Wsrmcab  HTTP/1.1" 200 37894
114.119.139.183 - - [13/Dec/2023:04:34:41 -0500] "GET /BLA/resoluciones/index.php?dir=RESOLUCIONES%2B2007/RES%2B2007%2B101%2BAL%2B200/&sort=size&order=desc HTTP/1.1" 200 13984
172.22.2.4 - - [13/Dec/2023:04:33:56 -0500] "HEAD /BLA/boletinlegal/ HTTP/1.1" 200 -
106.119.167.146 - - [13/Dec/2023:04:35:51 -0500] "GET / HTTP/1.1" 200 319
172.22.2.4 - - [13/Dec/2023:04:34:47 -0500] "GET /BLA/boletinlegal/ HTTP/1.1" 200 58294
52.167.144.182 - - [13/Dec/2023:04:36:30 -0500] "GET /BLA/resoluciones/AUTOS%202020/1438.pdf HTTP/1.1" 304 -
66.249.66.20 - - [13/Dec/2023:04:38:00 -0500] "GET /BLA/resoluciones/RESOLUCIONES%202012/1132.pdf HTTP/1.1" 200 363833
216.245.221.92 - - [13/Dec/2023:04:38:01 -0500] "HEAD / HTTP/1.1" 200 -
201.245.192.253 - - [13/Dec/2023:04:38:36 -0500] "POST /kwsrmcab/Wsrmcab  HTTP/1.1" 200 37894
66.249.66.19 - - [13/Dec/2023:04:38:53 -0500] "GET /BLA/resoluciones/AUTOS%202013/1163.pdf HTTP/1.1" 200 758428
201.245.192.253 - - [13/Dec/2023:04:39:58 -0500] "POST /kwsrmcab/Wsrmcab HTTP/1.1" 200 38204
201.245.192.253 - - [13/Dec/2023:04:40:02 -0500] "POST /kwsrmcab/Wsrmcab HTTP/1.1" 200 38198
66.249.66.19 - - [13/Dec/2023:04:41:02 -0500] "GET /BLA/resoluciones/RESOLUCIONES%202010/6227.pdf HTTP/1.1" 200 571603
172.22.2.4 - - [13/Dec/2023:04:39:46 -0500] "HEAD /BLA/boletinlegal/ HTTP/1.1" 200 -
172.22.2.4 - - [13/Dec/2023:04:40:37 -0500] "GET /BLA/boletinlegal/ HTTP/1.1" 200 60634
216.245.221.92 - - [13/Dec/2023:04:43:01 -0500] "HEAD / HTTP/1.1" 200 -
201.245.192.253 - - [13/Dec/2023:04:43:35 -0500] "POST /kwsrmcab/Wsrmcab  HTTP/1.1" 200 37894
186.154.32.51 - - [13/Dec/2023:04:44:07 -0500] "POST /sipse/faces/presentacion/financiero/solicitudProceso/listarSolicitudProceso.xhtml HTTP/1.1" 200 56559
186.154.32.51 - - [13/Dec/2023:04:44:07 -0500] "POST /sipse/faces/presentacion/financiero/solicitudProceso/listarSolicitudProceso.xhtml HTTP/1.1" 200 56559
186.154.32.51 - - [13/Dec/2023:04:44:07 -0500] "POST /sipse/faces/presentacion/financiero/solicitudProceso/listarSolicitudProceso.xhtml HTTP/1.1" 200 1556
186.154.32.51 - - [13/Dec/2023:04:44:08 -0500] "POST /sipse/faces/presentacion/financiero/solicitudProceso/listarSolicitudProceso.xhtml HTTP/1.1" 200 1552
186.154.32.51 - - [13/Dec/2023:04:44:11 -0500] "POST /sipse/faces/presentacion/financiero/solicitudProceso/listarSolicitudProceso.xhtml HTTP/1.1" 200 29049
66.249.66.20 - - [13/Dec/2023:04:44:29 -0500] "GET /BLA/resoluciones/RESOLUCIONES%202010/2099.pdf HTTP/1.1" 200 576857
186.154.32.51 - - [13/Dec/2023:04:45:30 -0500] "POST /sipse/faces/presentacion/financiero/solicitudProceso/listarSolicitudProceso.xhtml HTTP/1.1" 200 56559
186.154.32.51 - - [13/Dec/2023:04:45:30 -0500] "POST /sipse/faces/presentacion/financiero/solicitudProceso/listarSolicitudProceso.xhtml HTTP/1.1" 200 56559
186.154.32.51 - - [13/Dec/2023:04:45:30 -0500] "POST /sipse/faces/presentacion/financiero/solicitudProceso/listarSolicitudProceso.xhtml HTTP/1.1" 200 1556
186.154.32.51 - - [13/Dec/2023:04:45:30 -0500] "POST /sipse/faces/presentacion/financiero/solicitudProceso/listarSolicitudProceso.xhtml HTTP/1.1" 200 1552
186.154.32.51 - - [13/Dec/2023:04:45:34 -0500] "POST /sipse/faces/presentacion/financiero/solicitudProceso/listarSolicitudProceso.xhtml HTTP/1.1" 200 29049
186.154.32.51 - - [13/Dec/2023:04:45:38 -0500] "POST /sipse/faces/presentacion/financiero/solicitudProceso/listarSolicitudProceso.xhtml HTTP/1.1" 200 59164
186.154.32.51 - - [13/Dec/2023:04:45:39 -0500] "GET /sipse/faces/javax.faces.resource/jquery/jquery.js?ln=primefaces&v=4.0 HTTP/1.1" 304 -
186.154.32.51 - - [13/Dec/2023:04:45:39 -0500] "GET /sipse/faces/javax.faces.resource/jquery/jquery-plugins.js?ln=primefaces&v=4.0 HTTP/1.1" 304 -
186.154.32.51 - - [13/Dec/2023:04:45:39 -0500] "GET /sipse/faces/javax.faces.resource/primefaces.js?ln=primefaces&v=4.0 HTTP/1.1" 304 -
186.154.32.51 - - [13/Dec/2023:04:45:39 -0500] "GET /sipse/faces/javax.faces.resource/layout/layout.js?ln=primefaces&v=4.0 HTTP/1.1" 304 -
186.154.32.51 - - [13/Dec/2023:04:45:42 -0500] "POST /sipse/faces/presentacion/financiero/solicitudProceso/crearModificarSolicitudProceso.xhtml HTTP/1.1" 200 27322
186.154.32.51 - - [13/Dec/2023:04:46:09 -0500] "POST /sipse/faces/presentacion/financiero/solicitudProceso/crearModificarSolicitudProceso.xhtml HTTP/1.1" 200 10103
186.154.32.51 - - [13/Dec/2023:04:47:11 -0500] "POST /sipse/faces/presentacion/financiero/solicitudProceso/crearModificarSolicitudProceso.xhtml HTTP/1.1" 200 24664
186.154.32.51 - - [13/Dec/2023:04:47:11 -0500] "GET /sipse/faces/javax.faces.resource/jquery/jquery.js?ln=primefaces&v=4.0 HTTP/1.1" 304 -
186.154.32.51 - - [13/Dec/2023:04:47:11 -0500] "GET /sipse/faces/javax.faces.resource/jquery/jquery-plugins.js?ln=primefaces&v=4.0 HTTP/1.1" 304 -
186.154.32.51 - - [13/Dec/2023:04:47:11 -0500] "GET /sipse/faces/javax.faces.resource/primefaces.js?ln=primefaces&v=4.0 HTTP/1.1" 304 -
186.154.32.51 - - [13/Dec/2023:04:47:11 -0500] "GET /sipse/faces/javax.faces.resource/layout/layout.js?ln=primefaces&v=4.0 HTTP/1.1" 304 -
186.154.32.51 - - [13/Dec/2023:04:47:11 -0500] "GET /sipse/faces/javax.faces.resource/theme.css?ln=primefaces-sipse HTTP/1.1" 304 -
186.154.32.51 - - [13/Dec/2023:04:47:11 -0500] "GET /sipse/faces/javax.faces.resource/layout/layout.css?ln=primefaces&v=4.0 HTTP/1.1" 304 -
186.154.32.51 - - [13/Dec/2023:04:47:11 -0500] "GET /sipse/faces/javax.faces.resource/primefaces.css?ln=primefaces&v=4.0 HTTP/1.1" 304 -
186.154.32.51 - - [13/Dec/2023:04:47:11 -0500] "GET /sipse/faces/javax.faces.resource/images/ui-icons_898989_256x240.png?ln=primefaces-aristo HTTP/1.1" 200 5355
186.154.32.51 - - [13/Dec/2023:04:47:11 -0500] "GET /favicon.ico HTTP/1.1" 200 7782
172.22.2.4 - - [13/Dec/2023:04:45:36 -0500] "HEAD /BLA/boletinlegal/ HTTP/1.1" 200 -
186.154.32.51 - - [13/Dec/2023:04:47:17 -0500] "GET /sipse/faces/javax.faces.resource/images/ui-bg_flat_0_2d5972_40x100.png?ln=primefaces-aristo HTTP/1.1" 304 -
186.154.32.51 - - [13/Dec/2023:04:47:17 -0500] "POST /sipse/faces/presentacion/financiero/solicitudProyectoActividad/asociarProyectoSolicitud.xhtml HTTP/1.1" 200 6559
186.154.32.51 - - [13/Dec/2023:04:47:19 -0500] "POST /sipse/faces/presentacion/financiero/solicitudProyectoActividad/asociarProyectoSolicitud.xhtml HTTP/1.1" 200 1696
186.154.32.51 - - [13/Dec/2023:04:47:21 -0500] "POST /sipse/faces/presentacion/financiero/solicitudProyectoActividad/asociarProyectoSolicitud.xhtml HTTP/1.1" 200 34221
186.154.32.51 - - [13/Dec/2023:04:47:22 -0500] "GET /sipse/faces/javax.faces.resource/jquery/jquery.js?ln=primefaces&v=4.0 HTTP/1.1" 304 -
186.154.32.51 - - [13/Dec/2023:04:47:22 -0500] "GET /sipse/faces/javax.faces.resource/jquery/jquery-plugins.js?ln=primefaces&v=4.0 HTTP/1.1" 304 -
186.154.32.51 - - [13/Dec/2023:04:47:22 -0500] "GET /sipse/faces/javax.faces.resource/primefaces.js?ln=primefaces&v=4.0 HTTP/1.1" 304 -
186.154.32.51 - - [13/Dec/2023:04:47:22 -0500] "GET /sipse/faces/javax.faces.resource/layout/layout.js?ln=primefaces&v=4.0 HTTP/1.1" 304 -
66.249.66.19 - - [13/Dec/2023:04:47:23 -0500] "GET /BLA/resoluciones/RESOLUCIONES%202010/6152.pdf HTTP/1.1" 200 655796
186.154.32.51 - - [13/Dec/2023:04:47:30 -0500] "POST /sipse/faces/presentacion/financiero/solicitudProyectoActividad/asociarActividadSolicitud.xhtml HTTP/1.1" 200 20117
186.154.32.51 - - [13/Dec/2023:04:47:30 -0500] "GET /sipse/faces/javax.faces.resource/jquery/jquery.js?ln=primefaces&v=4.0 HTTP/1.1" 304 -
186.154.32.51 - - [13/Dec/2023:04:47:30 -0500] "GET /sipse/faces/javax.faces.resource/jquery/jquery-plugins.js?ln=primefaces&v=4.0 HTTP/1.1" 304 -
186.154.32.51 - - [13/Dec/2023:04:47:30 -0500] "GET /sipse/faces/javax.faces.resource/primefaces.js?ln=primefaces&v=4.0 HTTP/1.1" 304 -
186.154.32.51 - - [13/Dec/2023:04:47:30 -0500] "GET /sipse/faces/javax.faces.resource/layout/layout.js?ln=primefaces&v=4.0 HTTP/1.1" 304 -
186.154.32.51 - - [13/Dec/2023:04:47:45 -0500] "POST /sipse/faces/presentacion/financiero/solicitudProyectoActividad/asociarFuentesSolicitud.xhtml HTTP/1.1" 200 67800
186.154.32.51 - - [13/Dec/2023:04:47:46 -0500] "GET /sipse/faces/javax.faces.resource/theme.css?ln=primefaces-sipse HTTP/1.1" 304 -
186.154.32.51 - - [13/Dec/2023:04:47:46 -0500] "GET /sipse/faces/javax.faces.resource/primefaces.css?ln=primefaces&v=4.0 HTTP/1.1" 304 -
186.154.32.51 - - [13/Dec/2023:04:47:46 -0500] "GET /sipse/faces/javax.faces.resource/layout/layout.css?ln=primefaces&v=4.0 HTTP/1.1" 304 -
186.154.32.51 - - [13/Dec/2023:04:47:46 -0500] "GET /sipse/faces/javax.faces.resource/jquery/jquery.js?ln=primefaces&v=4.0 HTTP/1.1" 304 -
186.154.32.51 - - [13/Dec/2023:04:47:46 -0500] "GET /sipse/faces/javax.faces.resource/layout/layout.js?ln=primefaces&v=4.0 HTTP/1.1" 304 -
186.154.32.51 - - [13/Dec/2023:04:47:46 -0500] "GET /sipse/faces/javax.faces.resource/primefaces.js?ln=primefaces&v=4.0 HTTP/1.1" 304 -
186.154.32.51 - - [13/Dec/2023:04:47:46 -0500] "GET /sipse/faces/javax.faces.resource/jquery/jquery-plugins.js?ln=primefaces&v=4.0 HTTP/1.1" 304 -
186.154.32.51 - - [13/Dec/2023:04:47:46 -0500] "GET /sipse/faces/javax.faces.resource/images/ui-icons_898989_256x240.png?ln=primefaces-aristo HTTP/1.1" 200 5355
186.154.32.51 - - [13/Dec/2023:04:47:48 -0500] "POST /sipse/faces/presentacion/financiero/solicitudProceso/crearModificarSolicitudProceso.xhtml HTTP/1.1" 200 44730
186.154.32.51 - - [13/Dec/2023:04:47:50 -0500] "GET /sipse/faces/javax.faces.resource/jquery/jquery.js?ln=primefaces&v=4.0 HTTP/1.1" 304 -
186.154.32.51 - - [13/Dec/2023:04:47:50 -0500] "GET /sipse/faces/javax.faces.resource/theme.css?ln=primefaces-sipse HTTP/1.1" 304 -
186.154.32.51 - - [13/Dec/2023:04:47:50 -0500] "GET /sipse/faces/javax.faces.resource/primefaces.js?ln=primefaces&v=4.0 HTTP/1.1" 304 -
186.154.32.51 - - [13/Dec/2023:04:47:50 -0500] "GET /sipse/faces/javax.faces.resource/primefaces.css?ln=primefaces&v=4.0 HTTP/1.1" 304 -
186.154.32.51 - - [13/Dec/2023:04:47:50 -0500] "GET /sipse/faces/javax.faces.resource/layout/layout.css?ln=primefaces&v=4.0 HTTP/1.1" 304 -
186.154.32.51 - - [13/Dec/2023:04:47:50 -0500] "GET /sipse/faces/javax.faces.resource/jquery/jquery-plugins.js?ln=primefaces&v=4.0 HTTP/1.1" 304 -
186.154.32.51 - - [13/Dec/2023:04:47:50 -0500] "GET /sipse/faces/javax.faces.resource/layout/layout.js?ln=primefaces&v=4.0 HTTP/1.1" 304 -
186.154.32.51 - - [13/Dec/2023:04:47:50 -0500] "GET /sipse/faces/javax.faces.resource/images/ui-icons_898989_256x240.png?ln=primefaces-aristo HTTP/1.1" 200 5355
186.154.32.51 - - [13/Dec/2023:04:47:57 -0500] "GET /sipse/faces/javax.faces.resource/images/ui-bg_flat_0_2d5972_40x100.png?ln=primefaces-aristo HTTP/1.1" 304 -
186.154.32.51 - - [13/Dec/2023:04:47:57 -0500] "POST /sipse/faces/presentacion/financiero/contrato/consultarContratosSolicitudProceso.xhtml HTTP/1.1" 200 62026
216.245.221.92 - - [13/Dec/2023:04:48:01 -0500] "HEAD / HTTP/1.1" 200 -
186.154.32.51 - - [13/Dec/2023:04:48:02 -0500] "POST /sipse/faces/presentacion/financiero/contrato/consultarContratosSolicitudProceso.xhtml HTTP/1.1" 200 63194
186.154.32.51 - - [13/Dec/2023:04:48:03 -0500] "GET /sipse/faces/javax.faces.resource/jquery/jquery.js?ln=primefaces&v=4.0 HTTP/1.1" 304 -
186.154.32.51 - - [13/Dec/2023:04:48:03 -0500] "GET /sipse/faces/javax.faces.resource/jquery/jquery-plugins.js?ln=primefaces&v=4.0 HTTP/1.1" 304 -
66.249.66.19 - - [13/Dec/2023:04:48:03 -0500] "GET /BLA/boletinlegal/Directivas/2016/Directiva%20No.%2003%20del%2026%20de%20Julio%20de%202016.pdf HTTP/1.1" 200 370200
186.154.32.51 - - [13/Dec/2023:04:48:03 -0500] "GET /sipse/faces/javax.faces.resource/primefaces.js?ln=primefaces&v=4.0 HTTP/1.1" 304 -
186.154.32.51 - - [13/Dec/2023:04:48:03 -0500] "GET /sipse/faces/javax.faces.resource/layout/layout.js?ln=primefaces&v=4.0 HTTP/1.1" 304 -
172.22.2.4 - - [13/Dec/2023:04:46:27 -0500] "GET /BLA/boletinlegal/ HTTP/1.1" 200 60634
186.154.32.51 - - [13/Dec/2023:04:48:06 -0500] "POST /sipse/faces/presentacion/financiero/solicitudProceso/crearModificarSolicitudProceso.xhtml HTTP/1.1" 200 63756
186.154.32.51 - - [13/Dec/2023:04:48:08 -0500] "GET /sipse/faces/javax.faces.resource/jquery/jquery.js?ln=primefaces&v=4.0 HTTP/1.1" 304 -
186.154.32.51 - - [13/Dec/2023:04:48:08 -0500] "GET /sipse/faces/javax.faces.resource/jquery/jquery-plugins.js?ln=primefaces&v=4.0 HTTP/1.1" 304 -
186.154.32.51 - - [13/Dec/2023:04:48:08 -0500] "GET /sipse/faces/javax.faces.resource/primefaces.js?ln=primefaces&v=4.0 HTTP/1.1" 304 -
186.154.32.51 - - [13/Dec/2023:04:48:08 -0500] "GET /sipse/faces/javax.faces.resource/layout/layout.js?ln=primefaces&v=4.0 HTTP/1.1" 304 -
186.154.32.51 - - [13/Dec/2023:04:48:08 -0500] "GET /sipse/faces/javax.faces.resource/messages/messages.png?ln=primefaces&v=4.0 HTTP/1.1" 304 -
186.154.32.51 - - [13/Dec/2023:04:48:08 -0500] "POST /sipse/faces/presentacion/financiero/solicitudProceso/listarSolicitudProceso.xhtml HTTP/1.1" 200 1556
186.154.32.51 - - [13/Dec/2023:04:48:12 -0500] "POST /sipse/faces/presentacion/financiero/solicitudProceso/listarSolicitudProceso.xhtml HTTP/1.1" 200 32041
201.245.192.253 - - [13/Dec/2023:04:48:33 -0500] "POST /kwsrmcab/Wsrmcab  HTTP/1.1" 200 37894
123.126.68.56 - - [13/Dec/2023:04:49:25 -0500] "GET / HTTP/1.1" 200 319
172.22.2.4 - - [13/Dec/2023:04:51:26 -0500] "GET /BLA/boletinlegal/Circulares/2011/Circular%20No.%201%20del%2012%20de%20Abril%20de%202011.pdf HTTP/1.1" 304 -
172.22.2.4 - - [13/Dec/2023:04:51:59 -0500] "GET /BLA/boletinlegal/ HTTP/1.1" 200 32715
216.245.221.92 - - [13/Dec/2023:04:53:01 -0500] "HEAD / HTTP/1.1" 200 -
172.22.2.4 - - [13/Dec/2023:04:51:26 -0500] "HEAD /BLA/boletinlegal/ HTTP/1.1" 200 -
201.245.192.253 - - [13/Dec/2023:04:53:32 -0500] "POST /kwsrmcab/Wsrmcab  HTTP/1.1" 200 37894
172.22.2.4 - - [13/Dec/2023:04:52:17 -0500] "GET /BLA/boletinlegal/ HTTP/1.1" 200 53737
66.249.66.21 - - [13/Dec/2023:04:53:58 -0500] "GET /BLA/resoluciones/RESOLUCIONES%202009/7138.pdf HTTP/1.1" 200 1052417
66.249.66.20 - - [13/Dec/2023:04:55:29 -0500] "GET /resoluciones/RESOLUCIONES%202009/8727.pdf HTTP/1.1" 404 1018
216.244.66.195 - - [13/Dec/2023:04:55:58 -0500] "GET /isolucionsda/ControlDeInicio.asp HTTP/1.1" 200 2478
66.249.66.20 - - [13/Dec/2023:04:56:21 -0500] "GET /BLA/resoluciones/Autos%202008/0491.pdf HTTP/1.1" 200 117941
66.249.66.20 - - [13/Dec/2023:04:57:44 -0500] "GET /BLA/resoluciones/RESOLUCIONES%202011/5576.pdf HTTP/1.1" 200 456847
216.245.221.92 - - [13/Dec/2023:04:58:01 -0500] "HEAD / HTTP/1.1" 200 -
201.245.192.253 - - [13/Dec/2023:04:58:31 -0500] "POST /kwsrmcab/Wsrmcab  HTTP/1.1" 200 37894
66.249.66.21 - - [13/Dec/2023:04:58:47 -0500] "GET /BLA/resoluciones/RESOLUCIONES%202009/6736.pdf HTTP/1.1" 200 451394
172.22.2.4 - - [13/Dec/2023:04:57:16 -0500] "HEAD /BLA/boletinlegal/ HTTP/1.1" 200 -
172.22.2.4 - - [13/Dec/2023:04:58:07 -0500] "GET /BLA/boletinlegal/ HTTP/1.1" 200 58294
186.154.32.51 - - [13/Dec/2023:05:00:47 -0500] "POST /sipse/faces/presentacion/financiero/solicitudProceso/listarSolicitudProceso.xhtml HTTP/1.1" 200 59164
186.154.32.51 - - [13/Dec/2023:05:00:47 -0500] "GET /sipse/faces/javax.faces.resource/jquery/jquery.js?ln=primefaces&v=4.0 HTTP/1.1" 304 -
186.154.32.51 - - [13/Dec/2023:05:00:47 -0500] "GET /sipse/faces/javax.faces.resource/jquery/jquery-plugins.js?ln=primefaces&v=4.0 HTTP/1.1" 304 -
186.154.32.51 - - [13/Dec/2023:05:00:47 -0500] "GET /sipse/faces/javax.faces.resource/primefaces.js?ln=primefaces&v=4.0 HTTP/1.1" 304 -
186.154.32.51 - - [13/Dec/2023:05:00:47 -0500] "GET /sipse/faces/javax.faces.resource/layout/layout.js?ln=primefaces&v=4.0 HTTP/1.1" 304 -
186.154.32.51 - - [13/Dec/2023:05:00:54 -0500] "POST /sipse/faces/presentacion/financiero/solicitudProceso/crearModificarSolicitudProceso.xhtml HTTP/1.1" 200 27322
186.154.32.51 - - [13/Dec/2023:05:01:16 -0500] "POST /sipse/faces/presentacion/financiero/solicitudProceso/crearModificarSolicitudProceso.xhtml HTTP/1.1" 200 10103
66.249.66.19 - - [13/Dec/2023:05:01:44 -0500] "GET /BLA/resoluciones/RESOLUCIONES%202010/6975.pdf HTTP/1.1" 200 378188
216.244.66.195 - - [13/Dec/2023:05:02:01 -0500] "GET /robots.txt HTTP/1.1" 404 1018
186.154.32.51 - - [13/Dec/2023:05:02:23 -0500] "POST /sipse/faces/presentacion/financiero/solicitudProceso/crearModificarSolicitudProceso.xhtml HTTP/1.1" 200 24664
186.154.32.51 - - [13/Dec/2023:05:02:23 -0500] "GET /sipse/faces/javax.faces.resource/theme.css?ln=primefaces-sipse HTTP/1.1" 304 -
186.154.32.51 - - [13/Dec/2023:05:02:23 -0500] "GET /sipse/faces/javax.faces.resource/primefaces.css?ln=primefaces&v=4.0 HTTP/1.1" 304 -
186.154.32.51 - - [13/Dec/2023:05:02:23 -0500] "GET /sipse/faces/javax.faces.resource/layout/layout.css?ln=primefaces&v=4.0 HTTP/1.1" 304 -
186.154.32.51 - - [13/Dec/2023:05:02:23 -0500] "GET /sipse/faces/javax.faces.resource/jquery/jquery.js?ln=primefaces&v=4.0 HTTP/1.1" 304 -
186.154.32.51 - - [13/Dec/2023:05:02:23 -0500] "GET /sipse/faces/javax.faces.resource/jquery/jquery-plugins.js?ln=primefaces&v=4.0 HTTP/1.1" 304 -
186.154.32.51 - - [13/Dec/2023:05:02:23 -0500] "GET /sipse/faces/javax.faces.resource/layout/layout.js?ln=primefaces&v=4.0 HTTP/1.1" 304 -
186.154.32.51 - - [13/Dec/2023:05:02:23 -0500] "GET /sipse/faces/javax.faces.resource/primefaces.js?ln=primefaces&v=4.0 HTTP/1.1" 304 -
186.154.32.51 - - [13/Dec/2023:05:02:23 -0500] "GET /sipse/faces/javax.faces.resource/images/ui-icons_898989_256x240.png?ln=primefaces-aristo HTTP/1.1" 200 5355
186.154.32.51 - - [13/Dec/2023:05:02:30 -0500] "GET /sipse/faces/javax.faces.resource/images/ui-bg_flat_0_2d5972_40x100.png?ln=primefaces-aristo HTTP/1.1" 304 -
186.154.32.51 - - [13/Dec/2023:05:02:30 -0500] "POST /sipse/faces/presentacion/financiero/solicitudProyectoActividad/asociarProyectoSolicitud.xhtml HTTP/1.1" 200 6563
