186.102.97.200 - - [14/Dec/2023:08:22:07 -0500] "GET /kwssiamovil/sm/acme/s?s=U2FsdGVkX191FUEwjBI7BG4lNCq70lEb10YMpNh56+WS2kSS4Lf/qtOgpeeKI/29jrJwdavc01WFlZ7LzTb1KBAXvaNx5uemn/CRIZlMorM=&u=U2FsdGVkX18oKFO3KVq+3y9q+xV/xau6CPfy0gzfokk=&y=U2FsdGVkX1/71J+xRFd9Pbb9Sd8Zss5V8BKfCPLllxBiP9/AJar0Bt6mZk6NSU/U HTTP/1.1" 200 97
186.102.97.200 - - [14/Dec/2023:08:22:07 -0500] "GET /kwssiamovil/sm/acme/s?s=U2FsdGVkX18fMH3FlRVbhji0sNejvxpkacRnleh1P9Lnsw1siu1IdCBTpKrwyGY/jXAdITnBE3P55ikDVFhResKyYoa9JdsIDH+hevKUTq38KSa3N59Bf8P4HWVMPfzTZHUS8D19WvNQXuClyGvfCD9geEevmazLfo8hRGCvLF2H9GBYFYKbSZC0hEwF3Lu/0O8BtpFkbEmWdD94HjQioIvC89be0HX6zq4XLPBicd8LDkGML1WQwNg36L7Jzw6wweiCyASHZh7f9L8OZddasBVEuLZdaV2ujozSwEGSHWhbngVHx4lOLdXKjOvrMA/9rCQ4uMG6VSpavhWuwC9YXT/Z4mLfLBGt7MQm/EHSS3+wnyGdqQ5sr16PfvL7xByKJf9xhBLUl2Gs0l2sNTkreG3U37mJpeWZ/Qd2ak7K/uieG8FjM18cTm10pA0sMc87vPmk2dRWDpyTeTLuGUjI0CPCc/cqq1uvIezs0J9t6ysLWIAii9UV3HquswHn/CN8pDzsc86qgUHjgPg7t9E2PeaWmS+Jabia2jowpLCRlvMQ7us8zilT/vC6zpDOplCQSvh9doRxfMtdDvd8YRSmIQsBPpojX9QozUton+9+SMXmfIWmqYTejbOAOGKaVPnQbNR1PZQHwLohdIaYvqv74Gq/T91JJk0WAnXR0LLoX2oTyBiAyXVs9uI/YV2n8Qx4xUMPZ8BbicMskEV4kq+Fq9404YBUDXFHn+njRv+28tgiW9nDIEwUcyfj0A0DmdRpMlpsPv0k/YUl5VCFt1pr/51EXIQvCVKx7pVfC2+bzR+Jz6+XqJwk5wQZy3DhuR4vBUjpIuwvErPF8DXD2oD+6AO5zwcIZuKw43msskpruiP24goqKN9yB9+K5p4Cclru4HOCvtWfvafPHC4+bK415qkpU9PKQcBUYlmylIldPr1BakmhrS0B7LUpnIbHSRjbQA4SBYqiSs7CBBtc8drN7CI6WdzFRHH+MEFtwKQYbIitel7Fy0BGEkdcEUHg/6GZrnzahZz5wacxSwwC/YeHGj44k03LZNpYd/CGAaX+sEe0MBN+dWFz1FZdODxJt4hC6xQKX9ktEafCDJhzbr4rn54y6XEtFHGUKjPntTToFbWC4U8nJsgrfB/gSVyo9Mpg2sWYsP6lpip9HmMZ67cKs1VZFHfHFShf8/k5ogzgq9VOtPi3z78IT0YFV7hOFLIhNrUqdd9aSKTgnHOqnObni3vQfD2lk3dNFMaPbXC1OHgHHg/+DFfhodm45UECxy8e454DDDLo9XKfDDcAWx2cvfkqcLfGnNM8odZE/DPf5POrN/g2RjfUw4rGfm3nPOkaVTR4A02Fhia7Wh04bu/pfJlzmuC4wa81e9AaEtRqsvmmpxR4WU0CJk1WpeCmqBjJ5M9BeusJlsZ1qW2lClMfmZUzAurjiSGKmQpyRl1/c1WfSxevgb6KtebZDpP3W/zLKJKDCE/GrM6/LcxAMlJIhCiSVUYwbGpNEetwXEMleMlYorsg31yyZzzwo3H9Pf0vtbsPYYwX2XbKULV4ftNISMNKfc4uN32JYNZf1PEHYTMRo7h135q4pztbN3fwDc4oA1cFlkDmksvFMIUmmMiyq4hlIPPhOXsPk+626QfkdKbdRAt/zPQIxXq8bjuPQYQV0FRZf8LO1uB+QvyVtTpCLHCZ2rxzKswt9G/VfBKpPhg0RilyWaH+4PTV9DJpaTKIAgrRopBF6W/cgOuWbcNhvEThcbv8nUyrUwbGDXldXss=&u=U2FsdGVkX18oKFO3KVq+3y9q+xV/xau6CPfy0gzfokk=&y=U2FsdGVkX1/71J+xRFd9Pbb9Sd8Zss5V8BKfCPLllxBiP9/AJar0Bt6mZk6NSU/U HTTP/1.1" 200 3564
186.102.97.200 - - [14/Dec/2023:08:22:07 -0500] "GET /kwssiamovil/sm/acme/s?s=U2FsdGVkX18YdRhM4w9KHkrW9uvKZcl4Dmwm4fBFF2e4at5F8pU7cfMha23LZQYg790aRHG3ewO/IJjo8a+0+4QuwqRzLpB07eug/+/4sr9p51suqlmDwL8A45aK9TZuRC3IXXTVyymS0P/X8TD3FWNX3QU3ItyGz2uII5h8OqMODDfVUKyB+571gnY33823R3VTwIRWFz5FnXvagby3s/1EeiEkHNjpURyJm1GL7sMqjE31wMbN+lStEeTEStWEQEU9JZ+DUAgz7SsHmsyfxy1qKj4PD1ACbhfHo/rUNTq2Vb49l/SgpwtwWUcIKnIokYjtBiZRNKTOYErtxQFbqPn7icLjS1/SONYOigXmX/PyAU16auftGsw3SHLTUa9WU2BvFhohcoH/nOqjgtUWJQHo8LOH/+u5xGRHHTkesVxGuovn2r96YBiA6ycQ2SjWrDUd7cIeEiG/RJTVy/vpSOISE6faGMOomQZe2bGFhU6eA1OnbyWV0Y3BOEH2udeN+7ZHZO/ZQycy4ONY9sxBoefBLfpRce0tPSd1CDFFms7JmpPN4ojuV6hfQHDyMJAd08VUVMV3+HuCjyl7AWeimQfsJUAAn1EbWwo9Sw3udK0Mi5ZTGn7kqD+0mEwONqGkOQ9w2yyjbxBsSHEVlgJoYQVZTfO3FiIQNOI570wulysyNmYHLiPjFPQia9gmpGPBFHfnhHPJwlOO9XZEQxOXCSXXJkJwwTpWALL0iQYcAVG7iWmxmH1OjELu3hYti4Zz&u=U2FsdGVkX18oKFO3KVq+3y9q+xV/xau6CPfy0gzfokk=&y=U2FsdGVkX1/71J+xRFd9Pbb9Sd8Zss5V8BKfCPLllxBiP9/AJar0Bt6mZk6NSU/U HTTP/1.1" 200 208
186.102.97.200 - - [14/Dec/2023:08:22:07 -0500] "GET /kwssiamovil/sm/cjson/pre?f=1&x=U2FsdGVkX18NDaavbJPYv+azlav/u9iteVAB3EzrWzuIKpQukqinYY2i3z2R5SP/ HTTP/1.1" 200 31032
191.95.162.216 - - [14/Dec/2023:08:22:10 -0500] "POST /sipse/faces/presentacion/financiero/solicitudProceso/consultarSolicitudProceso.xhtml HTTP/1.1" 200 21239
191.95.162.216 - - [14/Dec/2023:08:22:10 -0500] "GET /sipse/faces/javax.faces.resource/theme.css?ln=primefaces-sipse HTTP/1.1" 304 -
191.95.162.216 - - [14/Dec/2023:08:22:10 -0500] "GET /sipse/faces/javax.faces.resource/primefaces.css?ln=primefaces&v=4.0 HTTP/1.1" 304 -
191.95.162.216 - - [14/Dec/2023:08:22:10 -0500] "GET /sipse/faces/javax.faces.resource/layout/layout.css?ln=primefaces&v=4.0 HTTP/1.1" 304 -
191.95.162.216 - - [14/Dec/2023:08:22:10 -0500] "GET /sipse/faces/javax.faces.resource/jquery/jquery-plugins.js?ln=primefaces&v=4.0 HTTP/1.1" 304 -
191.95.162.216 - - [14/Dec/2023:08:22:10 -0500] "GET /sipse/faces/javax.faces.resource/primefaces.js?ln=primefaces&v=4.0 HTTP/1.1" 304 -
191.95.162.216 - - [14/Dec/2023:08:22:10 -0500] "GET /sipse/faces/javax.faces.resource/jquery/jquery.js?ln=primefaces&v=4.0 HTTP/1.1" 304 -
191.95.162.216 - - [14/Dec/2023:08:22:10 -0500] "GET /sipse/faces/javax.faces.resource/fileupload/fileupload.css?ln=primefaces&v=4.0 HTTP/1.1" 304 -
191.95.162.216 - - [14/Dec/2023:08:22:10 -0500] "GET /sipse/faces/javax.faces.resource/layout/layout.js?ln=primefaces&v=4.0 HTTP/1.1" 304 -
191.95.162.216 - - [14/Dec/2023:08:22:10 -0500] "GET /sipse/faces/javax.faces.resource/fileupload/fileupload.js?ln=primefaces&v=4.0 HTTP/1.1" 304 -
201.245.192.253 - - [14/Dec/2023:08:22:12 -0500] "POST /appsia/controlador HTTP/1.1" 200 5437
192.168.170.48 - - [14/Dec/2023:08:22:13 -0500] "GET /las-tres-caminatas-para-cerrar-el-ano-entre-la-naturaleza.html HTTP/1.1" 304 -
201.245.192.253 - - [14/Dec/2023:08:22:16 -0500] "POST /appsia/controlador HTTP/1.1" 200 7787
201.245.192.253 - - [14/Dec/2023:08:22:18 -0500] "POST /appsia/controlador HTTP/1.1" 200 5246
191.95.162.216 - - [14/Dec/2023:08:22:16 -0500] "POST /sipse/faces/presentacion/sistema/anexos/cargarAnexoSolicitudProceso.xhtml HTTP/1.1" 200 168801
191.95.162.216 - - [14/Dec/2023:08:22:19 -0500] "GET /sipse/faces/javax.faces.resource/theme.css?ln=primefaces-sipse HTTP/1.1" 304 -
191.95.162.216 - - [14/Dec/2023:08:22:19 -0500] "GET /sipse/faces/javax.faces.resource/primefaces.js?ln=primefaces&v=4.0 HTTP/1.1" 304 -
191.95.162.216 - - [14/Dec/2023:08:22:19 -0500] "GET /sipse/faces/javax.faces.resource/jquery/jquery-plugins.js?ln=primefaces&v=4.0 HTTP/1.1" 304 -
191.95.162.216 - - [14/Dec/2023:08:22:19 -0500] "GET /sipse/faces/javax.faces.resource/layout/layout.css?ln=primefaces&v=4.0 HTTP/1.1" 304 -
191.95.162.216 - - [14/Dec/2023:08:22:19 -0500] "GET /sipse/faces/javax.faces.resource/jquery/jquery.js?ln=primefaces&v=4.0 HTTP/1.1" 304 -
191.95.162.216 - - [14/Dec/2023:08:22:19 -0500] "GET /sipse/faces/javax.faces.resource/primefaces.css?ln=primefaces&v=4.0 HTTP/1.1" 304 -
191.95.162.216 - - [14/Dec/2023:08:22:20 -0500] "GET /sipse/faces/javax.faces.resource/layout/layout.js?ln=primefaces&v=4.0 HTTP/1.1" 304 -
201.245.192.253 - - [14/Dec/2023:08:22:21 -0500] "GET /appsia/controlador?comando=ingresarMenuPrincipal&id=79303237&funcionario=NORBERTO+LEGUIZAMON+HERNANDEZ&desde=79303237&hasta=79303237&version=79303237&accion=Regresar HTTP/1.1" 200 5437
201.245.192.253 - - [14/Dec/2023:08:22:22 -0500] "POST /appsia/controlador HTTP/1.1" 200 4799
186.84.21.166 - - [14/Dec/2023:08:22:32 -0500] "GET /sipse/faces/index.xhtml HTTP/1.1" 200 677
186.84.21.166 - - [14/Dec/2023:08:22:32 -0500] "GET /sipse/faces/javax.faces.resource/theme.css?ln=primefaces-sipse HTTP/1.1" 304 -
186.84.21.166 - - [14/Dec/2023:08:22:32 -0500] "GET /sipse/faces/faces/autenticacion.xhtml HTTP/1.1" 200 12406
186.84.21.166 - - [14/Dec/2023:08:22:32 -0500] "GET /sipse/css/custom_css_sg.css HTTP/1.1" 304 -
186.84.21.166 - - [14/Dec/2023:08:22:32 -0500] "GET /sipse/faces/javax.faces.resource/layout/layout.css?ln=primefaces&v=4.0 HTTP/1.1" 304 -
186.84.21.166 - - [14/Dec/2023:08:22:32 -0500] "GET /sipse/css/custom_css_sg_prime_login.css HTTP/1.1" 304 -
186.84.21.166 - - [14/Dec/2023:08:22:32 -0500] "GET /sipse/faces/javax.faces.resource/primefaces.css?ln=primefaces&v=4.0 HTTP/1.1" 304 -
186.84.21.166 - - [14/Dec/2023:08:22:32 -0500] "GET /sipse/faces/javax.faces.resource/theme.css?ln=primefaces-sipse HTTP/1.1" 304 -
186.84.21.166 - - [14/Dec/2023:08:22:32 -0500] "GET /sipse/faces/javax.faces.resource/primefaces.js?ln=primefaces&v=4.0 HTTP/1.1" 304 -
186.84.21.166 - - [14/Dec/2023:08:22:32 -0500] "GET /sipse/js/disable_browser_buttons.js HTTP/1.1" 304 -
186.84.21.166 - - [14/Dec/2023:08:22:32 -0500] "GET /sipse/faces/javax.faces.resource/layout/layout.js?ln=primefaces&v=4.0 HTTP/1.1" 304 -
186.84.21.166 - - [14/Dec/2023:08:22:32 -0500] "GET /sipse/faces/javax.faces.resource/jquery/jquery.js?ln=primefaces&v=4.0 HTTP/1.1" 200 105384
186.84.21.166 - - [14/Dec/2023:08:22:32 -0500] "GET /sipse/js/funciones.js HTTP/1.1" 304 -
186.84.21.166 - - [14/Dec/2023:08:22:32 -0500] "GET /sipse/faces/javax.faces.resource/jquery/jquery-plugins.js?ln=primefaces&v=4.0 HTTP/1.1" 304 -
186.84.21.166 - - [14/Dec/2023:08:22:32 -0500] "GET /sipse/css/imagen/logoSDG.png HTTP/1.1" 304 -
186.84.21.166 - - [14/Dec/2023:08:22:32 -0500] "GET /sipse/css/imagen/loginimg.png HTTP/1.1" 304 -
186.84.21.166 - - [14/Dec/2023:08:22:32 -0500] "GET /sipse/faces/javax.faces.resource/images/ui-icons_898989_256x240.png?ln=primefaces-aristo HTTP/1.1" 304 -
186.84.21.166 - - [14/Dec/2023:08:22:35 -0500] "POST /sipse/faces/autenticacion.xhtml HTTP/1.1" 200 2221
186.84.21.166 - - [14/Dec/2023:08:22:36 -0500] "GET /sipse/faces/javax.faces.resource/messages/messages.png?ln=primefaces&v=4.0 HTTP/1.1" 304 -
167.0.152.142 - - [14/Dec/2023:08:22:34 -0500] "POST /sipse/faces/presentacion/financiero/solicitudProceso/consultarSolicitudProceso.xhtml HTTP/1.1" 200 49962
167.0.152.142 - - [14/Dec/2023:08:22:37 -0500] "GET /sipse/faces/javax.faces.resource/theme.css?ln=primefaces-sipse HTTP/1.1" 304 -
167.0.152.142 - - [14/Dec/2023:08:22:37 -0500] "GET /sipse/faces/javax.faces.resource/primefaces.css?ln=primefaces&v=4.0 HTTP/1.1" 304 -
167.0.152.142 - - [14/Dec/2023:08:22:37 -0500] "GET /sipse/faces/javax.faces.resource/layout/layout.css?ln=primefaces&v=4.0 HTTP/1.1" 304 -
167.0.152.142 - - [14/Dec/2023:08:22:37 -0500] "GET /sipse/faces/javax.faces.resource/jquery/jquery.js?ln=primefaces&v=4.0 HTTP/1.1" 304 -
167.0.152.142 - - [14/Dec/2023:08:22:37 -0500] "GET /sipse/faces/javax.faces.resource/jquery/jquery-plugins.js?ln=primefaces&v=4.0 HTTP/1.1" 304 -
167.0.152.142 - - [14/Dec/2023:08:22:37 -0500] "GET /sipse/faces/javax.faces.resource/primefaces.js?ln=primefaces&v=4.0 HTTP/1.1" 304 -
167.0.152.142 - - [14/Dec/2023:08:22:37 -0500] "GET /sipse/faces/javax.faces.resource/layout/layout.js?ln=primefaces&v=4.0 HTTP/1.1" 304 -
167.0.152.142 - - [14/Dec/2023:08:22:37 -0500] "POST /sipse/faces/presentacion/financiero/solicitudProceso/listarSolicitudProceso.xhtml HTTP/1.1" 200 1496
186.84.21.166 - - [14/Dec/2023:08:22:37 -0500] "POST /sipse/faces/autenticacion.xhtml HTTP/1.1" 200 16461
186.84.21.166 - - [14/Dec/2023:08:22:38 -0500] "GET /sipse/css/custom_css_sg_prime.css HTTP/1.1" 304 -
186.84.21.166 - - [14/Dec/2023:08:22:38 -0500] "GET /sipse/js/jquery.min.js HTTP/1.1" 304 -
186.84.21.166 - - [14/Dec/2023:08:22:38 -0500] "GET /sipse/faces/javax.faces.resource/primefaces.css?ln=primefaces&v=4.0 HTTP/1.1" 304 -
186.84.21.166 - - [14/Dec/2023:08:22:38 -0500] "GET /sipse/faces/javax.faces.resource/theme.css?ln=primefaces-sipse HTTP/1.1" 304 -
186.84.21.166 - - [14/Dec/2023:08:22:38 -0500] "GET /sipse/faces/javax.faces.resource/layout/layout.css?ln=primefaces&v=4.0 HTTP/1.1" 304 -
186.84.21.166 - - [14/Dec/2023:08:22:38 -0500] "GET /sipse/faces/javax.faces.resource/jquery/jquery.js?ln=primefaces&v=4.0 HTTP/1.1" 304 -
186.84.21.166 - - [14/Dec/2023:08:22:38 -0500] "GET /sipse/faces/javax.faces.resource/jquery/jquery-plugins.js?ln=primefaces&v=4.0 HTTP/1.1" 304 -
186.84.21.166 - - [14/Dec/2023:08:22:38 -0500] "GET /sipse/faces/javax.faces.resource/primefaces.js?ln=primefaces&v=4.0 HTTP/1.1" 304 -
186.84.21.166 - - [14/Dec/2023:08:22:38 -0500] "GET /sipse/faces/javax.faces.resource/layout/layout.js?ln=primefaces&v=4.0 HTTP/1.1" 304 -
186.84.21.166 - - [14/Dec/2023:08:22:38 -0500] "GET /sipse/css/v_mergente.css HTTP/1.1" 304 -
186.84.21.166 - - [14/Dec/2023:08:22:38 -0500] "GET /sipse/css/imagen/contrasena.png HTTP/1.1" 404 383
186.84.21.166 - - [14/Dec/2023:08:22:38 -0500] "GET /sipse/imagenes/logoAplicacion.jpg HTTP/1.1" 304 -
186.84.21.166 - - [14/Dec/2023:08:22:38 -0500] "GET /sipse/imagenes/cargando.gif HTTP/1.1" 304 -
186.84.21.166 - - [14/Dec/2023:08:22:41 -0500] "GET /sipse/faces/javax.faces.resource/images/ui-bg_flat_0_2d5972_40x100.png?ln=primefaces-aristo HTTP/1.1" 304 -
186.84.21.166 - - [14/Dec/2023:08:22:41 -0500] "POST /sipse/faces/bienvenido.xhtml HTTP/1.1" 200 6185
167.0.152.142 - - [14/Dec/2023:08:22:41 -0500] "POST /sipse/faces/presentacion/financiero/solicitudProceso/listarSolicitudProceso.xhtml HTTP/1.1" 200 33002
167.0.152.142 - - [14/Dec/2023:08:22:41 -0500] "POST /sipse/faces/presentacion/financiero/solicitudProceso/listarSolicitudProceso.xhtml HTTP/1.1" 200 45640
167.0.152.142 - - [14/Dec/2023:08:22:44 -0500] "POST /sipse/faces/presentacion/financiero/solicitudProceso/listarSolicitudProceso.xhtml HTTP/1.1" 200 17452
167.0.152.142 - - [14/Dec/2023:08:22:47 -0500] "POST /sipse/faces/presentacion/financiero/solicitudProceso/listarSolicitudProceso.xhtml HTTP/1.1" 200 146460
167.0.152.142 - - [14/Dec/2023:08:22:48 -0500] "GET /sipse/faces/javax.faces.resource/theme.css?ln=primefaces-sipse HTTP/1.1" 304 -
167.0.152.142 - - [14/Dec/2023:08:22:48 -0500] "GET /sipse/faces/javax.faces.resource/layout/layout.css?ln=primefaces&v=4.0 HTTP/1.1" 304 -
167.0.152.142 - - [14/Dec/2023:08:22:48 -0500] "GET /sipse/faces/javax.faces.resource/primefaces.css?ln=primefaces&v=4.0 HTTP/1.1" 304 -
167.0.152.142 - - [14/Dec/2023:08:22:48 -0500] "GET /sipse/faces/javax.faces.resource/jquery/jquery.js?ln=primefaces&v=4.0 HTTP/1.1" 304 -
167.0.152.142 - - [14/Dec/2023:08:22:48 -0500] "GET /sipse/faces/javax.faces.resource/jquery/jquery-plugins.js?ln=primefaces&v=4.0 HTTP/1.1" 304 -
167.0.152.142 - - [14/Dec/2023:08:22:48 -0500] "GET /sipse/faces/javax.faces.resource/primefaces.js?ln=primefaces&v=4.0 HTTP/1.1" 304 -
167.0.152.142 - - [14/Dec/2023:08:22:49 -0500] "GET /sipse/faces/javax.faces.resource/layout/layout.js?ln=primefaces&v=4.0 HTTP/1.1" 304 -
186.84.21.166 - - [14/Dec/2023:08:22:52 -0500] "POST /sipse/faces/bienvenido.xhtml HTTP/1.1" 200 27139
186.84.21.166 - - [14/Dec/2023:08:22:52 -0500] "GET /sipse/faces/javax.faces.resource/theme.css?ln=primefaces-sipse HTTP/1.1" 304 -
186.84.21.166 - - [14/Dec/2023:08:22:52 -0500] "GET /sipse/faces/javax.faces.resource/primefaces.css?ln=primefaces&v=4.0 HTTP/1.1" 304 -
186.84.21.166 - - [14/Dec/2023:08:22:52 -0500] "GET /sipse/faces/javax.faces.resource/layout/layout.css?ln=primefaces&v=4.0 HTTP/1.1" 304 -
186.84.21.166 - - [14/Dec/2023:08:22:52 -0500] "GET /sipse/faces/javax.faces.resource/jquery/jquery.js?ln=primefaces&v=4.0 HTTP/1.1" 304 -
186.84.21.166 - - [14/Dec/2023:08:22:52 -0500] "GET /sipse/faces/javax.faces.resource/jquery/jquery-plugins.js?ln=primefaces&v=4.0 HTTP/1.1" 304 -
186.84.21.166 - - [14/Dec/2023:08:22:52 -0500] "GET /sipse/faces/javax.faces.resource/primefaces.js?ln=primefaces&v=4.0 HTTP/1.1" 304 -
186.84.21.166 - - [14/Dec/2023:08:22:52 -0500] "GET /sipse/faces/javax.faces.resource/layout/layout.js?ln=primefaces&v=4.0 HTTP/1.1" 304 -
191.95.51.216 - - [14/Dec/2023:08:22:53 -0500] "GET /agendate-con-la-feria-ambiental-de-servicios-a-la-ciudadania-2023.html?fbclid=IwAR0_Iog8wo6ftmYkRxJDuCmAIYfrxdvSrmF6pBgEhrwzivBzj2UkpRg6Pqc HTTP/1.1" 200 743
216.245.221.92 - - [14/Dec/2023:08:22:57 -0500] "HEAD / HTTP/1.1" 200 -
186.84.21.166 - - [14/Dec/2023:08:23:00 -0500] "POST /sipse/faces/presentacion/sistema/reporte/listarReportes.xhtml HTTP/1.1" 200 21449
186.84.21.166 - - [14/Dec/2023:08:23:00 -0500] "POST /sipse/faces/presentacion/sistema/reporte/listarReportes.xhtml HTTP/1.1" 200 21449
186.84.21.166 - - [14/Dec/2023:08:23:05 -0500] "POST /sipse/faces/presentacion/sistema/reporte/listarReportes.xhtml HTTP/1.1" 200 22428
186.84.21.166 - - [14/Dec/2023:08:23:06 -0500] "GET /sipse/faces/javax.faces.resource/theme.css?ln=primefaces-sipse HTTP/1.1" 304 -
186.84.21.166 - - [14/Dec/2023:08:23:06 -0500] "GET /sipse/faces/javax.faces.resource/primefaces.css?ln=primefaces&v=4.0 HTTP/1.1" 304 -
186.84.21.166 - - [14/Dec/2023:08:23:06 -0500] "GET /sipse/faces/javax.faces.resource/jquery/jquery.js?ln=primefaces&v=4.0 HTTP/1.1" 304 -
186.84.21.166 - - [14/Dec/2023:08:23:06 -0500] "GET /sipse/faces/javax.faces.resource/primefaces.js?ln=primefaces&v=4.0 HTTP/1.1" 304 -
186.84.21.166 - - [14/Dec/2023:08:23:06 -0500] "GET /sipse/faces/javax.faces.resource/jquery/jquery-plugins.js?ln=primefaces&v=4.0 HTTP/1.1" 304 -
186.84.21.166 - - [14/Dec/2023:08:23:06 -0500] "GET /sipse/faces/javax.faces.resource/layout/layout.css?ln=primefaces&v=4.0 HTTP/1.1" 304 -
186.84.21.166 - - [14/Dec/2023:08:23:06 -0500] "GET /sipse/faces/javax.faces.resource/layout/layout.js?ln=primefaces&v=4.0 HTTP/1.1" 304 -
201.245.192.253 - - [14/Dec/2023:08:23:08 -0500] "POST /sipse/faces/presentacion/financiero/solicitudProceso/consultarSolicitudProceso.xhtml HTTP/1.1" 200 44041
201.245.192.253 - - [14/Dec/2023:08:23:08 -0500] "GET /sipse/faces/javax.faces.resource/theme.css?ln=primefaces-sipse HTTP/1.1" 304 -
201.245.192.253 - - [14/Dec/2023:08:23:08 -0500] "GET /sipse/faces/javax.faces.resource/primefaces.css?ln=primefaces&v=4.0 HTTP/1.1" 304 -
201.245.192.253 - - [14/Dec/2023:08:23:08 -0500] "GET /sipse/faces/javax.faces.resource/layout/layout.css?ln=primefaces&v=4.0 HTTP/1.1" 304 -
201.245.192.253 - - [14/Dec/2023:08:23:08 -0500] "GET /sipse/faces/javax.faces.resource/jquery/jquery.js?ln=primefaces&v=4.0 HTTP/1.1" 304 -
201.245.192.253 - - [14/Dec/2023:08:23:08 -0500] "GET /sipse/faces/javax.faces.resource/jquery/jquery-plugins.js?ln=primefaces&v=4.0 HTTP/1.1" 304 -
201.245.192.253 - - [14/Dec/2023:08:23:08 -0500] "GET /sipse/faces/javax.faces.resource/primefaces.js?ln=primefaces&v=4.0 HTTP/1.1" 304 -
201.245.192.253 - - [14/Dec/2023:08:23:08 -0500] "GET /sipse/faces/javax.faces.resource/layout/layout.js?ln=primefaces&v=4.0 HTTP/1.1" 304 -
201.245.192.253 - - [14/Dec/2023:08:23:08 -0500] "POST /sipse/faces/presentacion/financiero/solicitudProceso/consultar.xhtml HTTP/1.1" 200 37331
201.245.192.253 - - [14/Dec/2023:08:23:08 -0500] "POST /sipse/faces/presentacion/financiero/solicitudProceso/consultar.xhtml HTTP/1.1" 200 37331
201.245.192.253 - - [14/Dec/2023:08:23:09 -0500] "POST /sipse/faces/presentacion/financiero/solicitudProceso/consultar.xhtml HTTP/1.1" 200 37331
167.0.152.142 - - [14/Dec/2023:08:23:08 -0500] "POST /sipse/faces/presentacion/financiero/solicitudProceso/consultarSolicitudProceso.xhtml HTTP/1.1" 200 36195
167.0.152.142 - - [14/Dec/2023:08:23:09 -0500] "GET /sipse/faces/javax.faces.resource/primefaces.css?ln=primefaces&v=4.0 HTTP/1.1" 304 -
167.0.152.142 - - [14/Dec/2023:08:23:09 -0500] "GET /sipse/faces/javax.faces.resource/theme.css?ln=primefaces-sipse HTTP/1.1" 304 -
167.0.152.142 - - [14/Dec/2023:08:23:09 -0500] "GET /sipse/faces/javax.faces.resource/jquery/jquery.js?ln=primefaces&v=4.0 HTTP/1.1" 304 -
167.0.152.142 - - [14/Dec/2023:08:23:09 -0500] "GET /sipse/faces/javax.faces.resource/layout/layout.css?ln=primefaces&v=4.0 HTTP/1.1" 304 -
167.0.152.142 - - [14/Dec/2023:08:23:09 -0500] "GET /sipse/faces/javax.faces.resource/primefaces.js?ln=primefaces&v=4.0 HTTP/1.1" 304 -
167.0.152.142 - - [14/Dec/2023:08:23:09 -0500] "GET /sipse/faces/javax.faces.resource/jquery/jquery-plugins.js?ln=primefaces&v=4.0 HTTP/1.1" 304 -
167.0.152.142 - - [14/Dec/2023:08:23:09 -0500] "GET /sipse/faces/javax.faces.resource/layout/layout.js?ln=primefaces&v=4.0 HTTP/1.1" 304 -
186.84.21.166 - - [14/Dec/2023:08:23:12 -0500] "POST /sipse/faces/presentacion/sistema/reporte/ventanaVerReporteParametros.xhtml HTTP/1.1" 200 2055
201.245.192.253 - - [14/Dec/2023:08:23:19 -0500] "POST /forms/lservlet;jsessionid=ac16012b30d68f87e6b31bdd4159a82faa45787d3329.e3iSbxaKaheRe34Qc38TbN0Nb41ynknvrkLOlQzNp65In0 HTTP/1.1" 200 2
190.27.57.161 - - [14/Dec/2023:08:23:20 -0500] "POST /sipse/faces/presentacion/financiero/solicitudProceso/consultarSolicitudProceso.xhtml HTTP/1.1" 200 34564
190.27.57.161 - - [14/Dec/2023:08:23:20 -0500] "GET /sipse/faces/javax.faces.resource/theme.css?ln=primefaces-sipse HTTP/1.1" 304 -
190.27.57.161 - - [14/Dec/2023:08:23:20 -0500] "GET /sipse/faces/javax.faces.resource/primefaces.css?ln=primefaces&v=4.0 HTTP/1.1" 304 -
190.27.57.161 - - [14/Dec/2023:08:23:20 -0500] "GET /sipse/faces/javax.faces.resource/layout/layout.css?ln=primefaces&v=4.0 HTTP/1.1" 304 -
190.27.57.161 - - [14/Dec/2023:08:23:20 -0500] "GET /sipse/faces/javax.faces.resource/jquery/jquery.js?ln=primefaces&v=4.0 HTTP/1.1" 304 -
190.27.57.161 - - [14/Dec/2023:08:23:20 -0500] "GET /sipse/faces/javax.faces.resource/jquery/jquery-plugins.js?ln=primefaces&v=4.0 HTTP/1.1" 304 -
190.27.57.161 - - [14/Dec/2023:08:23:20 -0500] "GET /sipse/faces/javax.faces.resource/primefaces.js?ln=primefaces&v=4.0 HTTP/1.1" 304 -
190.27.57.161 - - [14/Dec/2023:08:23:21 -0500] "GET /sipse/faces/javax.faces.resource/layout/layout.js?ln=primefaces&v=4.0 HTTP/1.1" 304 -
190.27.57.161 - - [14/Dec/2023:08:23:21 -0500] "GET /sipse/css/imagen/contrasena.png HTTP/1.1" 404 383
190.27.57.161 - - [14/Dec/2023:08:23:21 -0500] "POST /sipse/faces/presentacion/financiero/solicitudProceso/listarSolicitudProceso.xhtml HTTP/1.1" 200 27835
190.27.57.161 - - [14/Dec/2023:08:23:21 -0500] "POST /sipse/faces/presentacion/financiero/solicitudProceso/listarSolicitudProceso.xhtml HTTP/1.1" 200 27835
190.27.57.161 - - [14/Dec/2023:08:23:21 -0500] "POST /sipse/faces/presentacion/financiero/solicitudProceso/listarSolicitudProceso.xhtml HTTP/1.1" 200 27835
190.27.57.161 - - [14/Dec/2023:08:23:21 -0500] "POST /sipse/faces/presentacion/financiero/solicitudProceso/listarSolicitudProceso.xhtml HTTP/1.1" 200 27835
190.27.57.161 - - [14/Dec/2023:08:23:22 -0500] "POST /sipse/faces/presentacion/financiero/solicitudProceso/listarSolicitudProceso.xhtml HTTP/1.1" 200 27835
190.27.57.161 - - [14/Dec/2023:08:23:22 -0500] "POST /sipse/faces/presentacion/financiero/solicitudProceso/listarSolicitudProceso.xhtml HTTP/1.1" 200 27835
190.27.57.161 - - [14/Dec/2023:08:23:22 -0500] "POST /sipse/faces/presentacion/financiero/solicitudProceso/listarSolicitudProceso.xhtml HTTP/1.1" 200 27835
190.27.57.161 - - [14/Dec/2023:08:23:22 -0500] "POST /sipse/faces/presentacion/financiero/solicitudProceso/listarSolicitudProceso.xhtml HTTP/1.1" 200 27835
190.27.57.161 - - [14/Dec/2023:08:23:23 -0500] "POST /sipse/faces/presentacion/financiero/solicitudProceso/listarSolicitudProceso.xhtml HTTP/1.1" 200 1396
190.27.57.161 - - [14/Dec/2023:08:23:23 -0500] "POST /sipse/faces/presentacion/financiero/solicitudProceso/listarSolicitudProceso.xhtml HTTP/1.1" 200 1392
190.27.57.161 - - [14/Dec/2023:08:23:23 -0500] "POST /sipse/faces/presentacion/financiero/solicitudProceso/listarSolicitudProceso.xhtml HTTP/1.1" 200 1400
190.27.57.161 - - [14/Dec/2023:08:23:23 -0500] "POST /sipse/faces/presentacion/financiero/solicitudProceso/listarSolicitudProceso.xhtml HTTP/1.1" 200 1392
190.27.57.161 - - [14/Dec/2023:08:23:23 -0500] "POST /sipse/faces/presentacion/financiero/solicitudProceso/listarSolicitudProceso.xhtml HTTP/1.1" 200 1400
190.27.57.161 - - [14/Dec/2023:08:23:23 -0500] "POST /sipse/faces/presentacion/financiero/solicitudProceso/listarSolicitudProceso.xhtml HTTP/1.1" 200 1392
190.27.57.161 - - [14/Dec/2023:08:23:23 -0500] "POST /sipse/faces/presentacion/financiero/solicitudProceso/listarSolicitudProceso.xhtml HTTP/1.1" 200 1400
190.27.57.161 - - [14/Dec/2023:08:23:24 -0500] "POST /sipse/faces/presentacion/financiero/solicitudProceso/listarSolicitudProceso.xhtml HTTP/1.1" 200 1392
190.27.57.161 - - [14/Dec/2023:08:23:24 -0500] "POST /sipse/faces/presentacion/financiero/solicitudProceso/listarSolicitudProceso.xhtml HTTP/1.1" 200 1400
167.0.152.142 - - [14/Dec/2023:08:23:23 -0500] "POST /sipse/faces/presentacion/financiero/solicitudProceso/consultarHistorialSolProceso.xhtml HTTP/1.1" 200 192158
167.0.152.142 - - [14/Dec/2023:08:23:24 -0500] "GET /sipse/faces/javax.faces.resource/primefaces.css?ln=primefaces&v=4.0 HTTP/1.1" 304 -
167.0.152.142 - - [14/Dec/2023:08:23:24 -0500] "GET /sipse/faces/javax.faces.resource/theme.css?ln=primefaces-sipse HTTP/1.1" 304 -
167.0.152.142 - - [14/Dec/2023:08:23:24 -0500] "GET /sipse/faces/javax.faces.resource/layout/layout.css?ln=primefaces&v=4.0 HTTP/1.1" 304 -
167.0.152.142 - - [14/Dec/2023:08:23:24 -0500] "GET /sipse/faces/javax.faces.resource/jquery/jquery-plugins.js?ln=primefaces&v=4.0 HTTP/1.1" 304 -
167.0.152.142 - - [14/Dec/2023:08:23:24 -0500] "GET /sipse/faces/javax.faces.resource/jquery/jquery.js?ln=primefaces&v=4.0 HTTP/1.1" 304 -
167.0.152.142 - - [14/Dec/2023:08:23:24 -0500] "GET /sipse/faces/javax.faces.resource/primefaces.js?ln=primefaces&v=4.0 HTTP/1.1" 304 -
167.0.152.142 - - [14/Dec/2023:08:23:24 -0500] "GET /sipse/faces/javax.faces.resource/layout/layout.js?ln=primefaces&v=4.0 HTTP/1.1" 304 -
190.27.57.161 - - [14/Dec/2023:08:23:25 -0500] "POST /sipse/faces/presentacion/financiero/solicitudProceso/listarSolicitudProceso.xhtml HTTP/1.1" 200 30607
190.27.57.161 - - [14/Dec/2023:08:23:25 -0500] "POST /sipse/faces/presentacion/financiero/solicitudProceso/listarSolicitudProceso.xhtml HTTP/1.1" 200 42644
191.95.162.216 - - [14/Dec/2023:08:23:24 -0500] "POST /sipse/faces/presentacion/financiero/solicitudProceso/consultarSolicitudProceso.xhtml HTTP/1.1" 200 64469
190.27.57.161 - - [14/Dec/2023:08:23:26 -0500] "POST /sipse/faces/presentacion/financiero/solicitudProceso/listarSolicitudProceso.xhtml HTTP/1.1" 200 30607
191.95.162.216 - - [14/Dec/2023:08:23:26 -0500] "GET /sipse/faces/javax.faces.resource/theme.css?ln=primefaces-sipse HTTP/1.1" 304 -
191.95.162.216 - - [14/Dec/2023:08:23:26 -0500] "GET /sipse/faces/javax.faces.resource/primefaces.css?ln=primefaces&v=4.0 HTTP/1.1" 304 -
191.95.162.216 - - [14/Dec/2023:08:23:26 -0500] "GET /sipse/faces/javax.faces.resource/layout/layout.css?ln=primefaces&v=4.0 HTTP/1.1" 304 -
191.95.162.216 - - [14/Dec/2023:08:23:26 -0500] "GET /sipse/faces/javax.faces.resource/jquery/jquery.js?ln=primefaces&v=4.0 HTTP/1.1" 304 -
190.27.57.161 - - [14/Dec/2023:08:23:26 -0500] "POST /sipse/faces/presentacion/financiero/solicitudProceso/listarSolicitudProceso.xhtml HTTP/1.1" 200 42644
191.95.162.216 - - [14/Dec/2023:08:23:26 -0500] "GET /sipse/faces/javax.faces.resource/jquery/jquery-plugins.js?ln=primefaces&v=4.0 HTTP/1.1" 304 -
191.95.162.216 - - [14/Dec/2023:08:23:26 -0500] "GET /sipse/faces/javax.faces.resource/primefaces.js?ln=primefaces&v=4.0 HTTP/1.1" 304 -
191.95.162.216 - - [14/Dec/2023:08:23:26 -0500] "GET /sipse/faces/javax.faces.resource/layout/layout.js?ln=primefaces&v=4.0 HTTP/1.1" 304 -
191.95.162.216 - - [14/Dec/2023:08:23:27 -0500] "POST /sipse/faces/presentacion/financiero/solicitudProceso/listarSolicitudProceso.xhtml HTTP/1.1" 200 1556
186.84.21.166 - - [14/Dec/2023:08:23:15 -0500] "POST /sipse/faces/presentacion/sistema/reporte/ventanaVerReporteParametros.xhtml HTTP/1.1" 200 28961
186.84.21.166 - - [14/Dec/2023:08:23:27 -0500] "GET /sipse/faces/javax.faces.resource/theme.css?ln=primefaces-sipse HTTP/1.1" 304 -
186.84.21.166 - - [14/Dec/2023:08:23:27 -0500] "GET /sipse/faces/javax.faces.resource/primefaces.css?ln=primefaces&v=4.0 HTTP/1.1" 304 -
186.84.21.166 - - [14/Dec/2023:08:23:27 -0500] "GET /sipse/faces/javax.faces.resource/layout/layout.css?ln=primefaces&v=4.0 HTTP/1.1" 304 -
186.84.21.166 - - [14/Dec/2023:08:23:27 -0500] "GET /sipse/faces/javax.faces.resource/jquery/jquery.js?ln=primefaces&v=4.0 HTTP/1.1" 304 -
186.84.21.166 - - [14/Dec/2023:08:23:27 -0500] "GET /sipse/faces/javax.faces.resource/jquery/jquery-plugins.js?ln=primefaces&v=4.0 HTTP/1.1" 304 -
186.84.21.166 - - [14/Dec/2023:08:23:27 -0500] "GET /sipse/faces/javax.faces.resource/primefaces.js?ln=primefaces&v=4.0 HTTP/1.1" 304 -
186.84.21.166 - - [14/Dec/2023:08:23:27 -0500] "GET /sipse/faces/javax.faces.resource/layout/layout.js?ln=primefaces&v=4.0 HTTP/1.1" 304 -
186.84.21.166 - - [14/Dec/2023:08:23:30 -0500] "POST /sipse/faces/presentacion/proyectos/proyecto/listarProyecto.xhtml HTTP/1.1" 200 71818
186.84.21.166 - - [14/Dec/2023:08:23:30 -0500] "GET /sipse/faces/javax.faces.resource/theme.css?ln=primefaces-sipse HTTP/1.1" 304 -
186.84.21.166 - - [14/Dec/2023:08:23:30 -0500] "GET /sipse/faces/javax.faces.resource/layout/layout.css?ln=primefaces&v=4.0 HTTP/1.1" 304 -
186.84.21.166 - - [14/Dec/2023:08:23:30 -0500] "GET /sipse/faces/javax.faces.resource/primefaces.css?ln=primefaces&v=4.0 HTTP/1.1" 304 -
186.84.21.166 - - [14/Dec/2023:08:23:30 -0500] "GET /sipse/faces/javax.faces.resource/jquery/jquery.js?ln=primefaces&v=4.0 HTTP/1.1" 304 -
186.84.21.166 - - [14/Dec/2023:08:23:30 -0500] "GET /sipse/faces/javax.faces.resource/jquery/jquery-plugins.js?ln=primefaces&v=4.0 HTTP/1.1" 304 -
186.84.21.166 - - [14/Dec/2023:08:23:30 -0500] "GET /sipse/faces/javax.faces.resource/primefaces.js?ln=primefaces&v=4.0 HTTP/1.1" 304 -
186.84.21.166 - - [14/Dec/2023:08:23:30 -0500] "GET /sipse/faces/javax.faces.resource/layout/layout.js?ln=primefaces&v=4.0 HTTP/1.1" 304 -
186.84.21.166 - - [14/Dec/2023:08:23:30 -0500] "POST /sipse/faces/presentacion/proyectos/proyecto/listarConsultarProyectos.xhtml HTTP/1.1" 200 65097
191.95.162.216 - - [14/Dec/2023:08:23:32 -0500] "POST /sipse/faces/presentacion/financiero/solicitudProceso/listarSolicitudProceso.xhtml HTTP/1.1" 200 13809
190.27.57.161 - - [14/Dec/2023:08:23:33 -0500] "POST /sipse/faces/presentacion/financiero/solicitudProceso/listarSolicitudProceso.xhtml HTTP/1.1" 200 8285
186.84.21.166 - - [14/Dec/2023:08:23:37 -0500] "POST /sipse/faces/presentacion/proyectos/proyecto/listarConsultarProyectos.xhtml HTTP/1.1" 200 23426
186.84.21.166 - - [14/Dec/2023:08:23:38 -0500] "POST /sipse/faces/presentacion/proyectos/proyecto/listarConsultarProyectos.xhtml HTTP/1.1" 200 4228
186.84.21.166 - - [14/Dec/2023:08:23:39 -0500] "POST /sipse/faces/presentacion/proyectos/proyecto/listarConsultarProyectos.xhtml HTTP/1.1" 200 23426
167.0.152.142 - - [14/Dec/2023:08:23:39 -0500] "POST /sipse/faces/presentacion/financiero/solicitudProceso/consultarSolicitudProceso.xhtml HTTP/1.1" 200 5510
186.84.21.166 - - [14/Dec/2023:08:23:40 -0500] "POST /sipse/faces/presentacion/proyectos/proyecto/listarConsultarProyectos.xhtml HTTP/1.1" 200 4281
167.0.131.38 - - [14/Dec/2023:08:23:43 -0500] "GET /kwssiamovil/sm/acme/a?s=U2FsdGVkX18SycRS09KgymRduuCF3KKOB6xMwd0DNFlZU4fx2MAS0rsbhOBjhpxrB7thI9Dtrl5eiKLK9I4Q1ibrBagvIPcjMpUXMlZiyB46ANvIwwahmKiyScHPuKypgKRPKdwz+dytG+PIYcTqnZxa4tOyUXlmkamrRhSIkpw+FyTkfLZcpc5iZCXFPVFWvCHar2t+DMqhdv9ot57fEm+n82FF2PL04lzWSzENV78KUHUhC/fXBVCeSLAHQvV8amkJ8coh2acWpZpoF3vi+A==&u=U2FsdGVkX19vcR/w9dG6rV8qjG6ogCxgXi9OnHYJFH4=&y=U2FsdGVkX1+mRajVBOtSZVxLcpYRa9WYkwIU/wi5nfo+xD2r9LC23RxQuXomrK7m HTTP/1.1" 200 26
191.95.162.216 - - [14/Dec/2023:08:23:43 -0500] "POST /sipse/faces/presentacion/financiero/solicitudProceso/listarSolicitudProceso.xhtml HTTP/1.1" 200 31994
167.0.131.38 - - [14/Dec/2023:08:23:43 -0500] "GET /kwssiamovil/sm/acme/a?s=U2FsdGVkX1/mDmfLI0FjEI3BQCIHXNvoeyWxlBcfDqJwW2iNQ3EDccrrKaMensuTUnC2CabYjMKFkobYqsumM0nvIovnCIYxl0IoMNMMdPV16hXlxGGAADNuDCr4LcCg+AZxdElzM9GdRvCKZMFY95HWZGL6n8a7Ns75eer5VHwQvBwDellgViCsWylZavUMKVwasl9v5l4S7tLZU812FCrEx/ziB0l4ljPsb4tdNXEiMRG3CukSBHa40tD1sAXu9+nrwWvsq5BR7oLL3BLH0PWFyn54Bk3E0Y1KrKjGJXnH0r6VwCG0Pxj2u/lhCq/5jl75+sIdl20wJ7FISwWfKnORlpiBee0NDCaD8EmCGqBscYw7ZkA/dmOdy0WKvsmfKyC62eo9/mLh0FfR0XA40ppTbebAFpfOkhQZRbsBVt94Uuku+65rCIEe3vtIe+eYolQdQfR5/FRFy7LucuRvmPhj5QhDxftcewEmvRy3baaSp0Y5y6FXlqC3SFDPzyjrh/mZkti7aeF1sZuJizJYQyYik/yhPuKCBExdrdElbTZWcu7iQyjdTMRfClirbzGvYPr+hGKAb3knt5u6tN/X88qrR8kGzUCpRVQPy3Iwrg7egBK0mSdAZdexpMdPe7IZiivJVBpgT4p56Loky8fQT2dkkXmrOJm7skEuTC/AeGxamF0Hbhi8X3/mk+cXbl5LDi3GNX2W+xol5JrAZDzvmiAFVA+GVU+wQQrGUaYVa9rlCPzEnbUkg7Pe2mAgwsCcHgDDE2Kp6RIqNgipZ7GL3IPGVSrM1sLMB3v3GzINl7/gfMTPRZkuTopOddl2Mn4WnKufZU8J8pgMvxZel73A/wKUyAc2zo7KbLcIsePFnptQnOq3OaCYMEz5GPJjBqCD+7e7zFRwAbEEeOFwAa5C/kFzF1EYBjsvKe+jAkRBVNXvpuwafvDFyQgGYKfUJkgKWTaGXae/BVaYVqASyfwwhPX3CGzcPzgy52BhLOqDqD0hBHbZ1yglLOMrgvwwz1K8fQHXuTAE6rQ/EtSi0UJgxwEVyXaw6ejZm09fL5JjkGTqCACzcp1GAAygxjLPtKwNzADsnDco9/WJ2bA7NI+LnAinHI2HogQG5XciXlrhg8ZENa4648Q+/6GnKkd5E2JrTCeK2dA7/bkkIqayKhbAP8PNzbzlbLoZXSuK8nyn/LZGltMBdACCz2K3Btd4MUksEPHe4Mxl3NeQO09ZWMuGWlBJnqaLoOsny5R6BpjW/I8m+jzXlm0fy6ztG8fwiejRidsTGzqAsArL9bjxY0Q7I2V+W0jbrvPqCdUE6oLx4PVwz9HCzmfBAaERCwwy8lCdCB9s+nxEUc4mujTZ05D0Fg==&u=U2FsdGVkX19vcR/w9dG6rV8qjG6ogCxgXi9OnHYJFH4=&y=U2FsdGVkX1+mRajVBOtSZVxLcpYRa9WYkwIU/wi5nfo+xD2r9LC23RxQuXomrK7m HTTP/1.1" 200 26
167.0.131.38 - - [14/Dec/2023:08:23:43 -0500] "GET /kwssiamovil/sm/acme/a?s=U2FsdGVkX1/ACySA7szI6vpWhl3kbtL9TmBis2fSQz7xV2Hg/FvK01CYHl2pklFuLN/ClYw0MEK5RkRcaif4iEiDmH2yYOqhz+buhfGkgo0VX4sdU9JdMi8791XvC9kLyoiqkgZKd8085a7qZY+NnDBti47Pqpb4rw0B8GKNmb4=&u=U2FsdGVkX19vcR/w9dG6rV8qjG6ogCxgXi9OnHYJFH4=&y=U2FsdGVkX1+mRajVBOtSZVxLcpYRa9WYkwIU/wi5nfo+xD2r9LC23RxQuXomrK7m HTTP/1.1" 200 26
167.0.131.38 - - [14/Dec/2023:08:23:44 -0500] "GET /kwssiamovil/sm/acme/a?s=U2FsdGVkX19cBRCaSz51Vt8yFh1up6rt6P22mS0SPPja+YlkcNkFdDUPNI1JUHts52hDHvfNsxpJzZD1t/kbVIPAfWkLVFyA0n9ZUP8F21/RkE4awP16kvIQrXl8+miX4LcwecxQpJBt2CYvClrSL9ieXf+BNcLOUGosaeA+pno=&u=U2FsdGVkX19vcR/w9dG6rV8qjG6ogCxgXi9OnHYJFH4=&y=U2FsdGVkX1+mRajVBOtSZVxLcpYRa9WYkwIU/wi5nfo+xD2r9LC23RxQuXomrK7m HTTP/1.1" 200 26
191.95.162.216 - - [14/Dec/2023:08:23:43 -0500] "POST /sipse/faces/presentacion/financiero/solicitudProceso/listarSolicitudProceso.xhtml HTTP/1.1" 200 31994
167.0.131.38 - - [14/Dec/2023:08:23:44 -0500] "GET /kwssiamovil/sm/acme/a?s=U2FsdGVkX1/ME5n/2ijQFawbh3C7tpH1w9zFc570bA2Ju9rAT+noBDEzpIaV1ki5MPigptn0jEZMCrwVjYXQ8ihTykD7LjFp28q8IH7hCT8uQv0vXSFBA71hUtM6RRrGYrMBUyxQP6gkAvZ9N/CV3cQ50EWFkR5Hdo7/OLYo70Y=&u=U2FsdGVkX19vcR/w9dG6rV8qjG6ogCxgXi9OnHYJFH4=&y=U2FsdGVkX1+mRajVBOtSZVxLcpYRa9WYkwIU/wi5nfo+xD2r9LC23RxQuXomrK7m HTTP/1.1" 200 26
167.0.131.38 - - [14/Dec/2023:08:23:44 -0500] "GET /kwssiamovil/sm/acme/a?s=U2FsdGVkX1/iJJ3EErc8wAVkIVUazi0ZHg2nAXjYzUQ5eaqOTQiNooVik2riv9aUB9Icy2065VM8v00yXVuFQLS4pKG2l+iIMVHbA3fIVcHDACpymKUbi7FBJDefoCCWURAgcP6BW6egMrQX/WPwGd7AruwhgK96IO2YukGEPxm1kYCzjjEBaYhuVmkzxe0D&u=U2FsdGVkX19vcR/w9dG6rV8qjG6ogCxgXi9OnHYJFH4=&y=U2FsdGVkX1+mRajVBOtSZVxLcpYRa9WYkwIU/wi5nfo+xD2r9LC23RxQuXomrK7m HTTP/1.1" 200 26
186.84.21.166 - - [14/Dec/2023:08:23:42 -0500] "POST /sipse/faces/presentacion/proyectos/proyecto/listarConsultarProyectos.xhtml HTTP/1.1" 200 80396
186.84.21.166 - - [14/Dec/2023:08:23:45 -0500] "GET /sipse/faces/javax.faces.resource/theme.css?ln=primefaces-sipse HTTP/1.1" 304 -
186.84.21.166 - - [14/Dec/2023:08:23:45 -0500] "GET /sipse/faces/javax.faces.resource/layout/layout.css?ln=primefaces&v=4.0 HTTP/1.1" 304 -
186.84.21.166 - - [14/Dec/2023:08:23:45 -0500] "GET /sipse/faces/javax.faces.resource/primefaces.css?ln=primefaces&v=4.0 HTTP/1.1" 304 -
186.84.21.166 - - [14/Dec/2023:08:23:45 -0500] "GET /sipse/faces/javax.faces.resource/jquery/jquery.js?ln=primefaces&v=4.0 HTTP/1.1" 304 -
186.84.21.166 - - [14/Dec/2023:08:23:45 -0500] "GET /sipse/faces/javax.faces.resource/jquery/jquery-plugins.js?ln=primefaces&v=4.0 HTTP/1.1" 304 -
186.84.21.166 - - [14/Dec/2023:08:23:45 -0500] "GET /sipse/faces/javax.faces.resource/primefaces.js?ln=primefaces&v=4.0 HTTP/1.1" 304 -
186.84.21.166 - - [14/Dec/2023:08:23:45 -0500] "GET /sipse/faces/javax.faces.resource/layout/layout.js?ln=primefaces&v=4.0 HTTP/1.1" 304 -
191.95.162.216 - - [14/Dec/2023:08:23:45 -0500] "POST /sipse/faces/presentacion/financiero/solicitudProceso/listarSolicitudProceso.xhtml HTTP/1.1" 200 14025
186.84.21.166 - - [14/Dec/2023:08:23:45 -0500] "POST /sipse/faces/presentacion/proyectos/proyecto/proyecto.xhtml HTTP/1.1" 200 3229
201.245.192.253 - - [14/Dec/2023:08:23:46 -0500] "POST /sipse/faces/presentacion/financiero/solicitudProceso/consultarSolicitudProceso.xhtml HTTP/1.1" 200 66556
201.245.192.253 - - [14/Dec/2023:08:23:46 -0500] "GET /sipse/faces/javax.faces.resource/jquery/jquery.js?ln=primefaces&v=4.0 HTTP/1.1" 304 -
201.245.192.253 - - [14/Dec/2023:08:23:46 -0500] "GET /sipse/faces/javax.faces.resource/jquery/jquery-plugins.js?ln=primefaces&v=4.0 HTTP/1.1" 304 -
201.245.192.253 - - [14/Dec/2023:08:23:46 -0500] "GET /sipse/faces/javax.faces.resource/primefaces.js?ln=primefaces&v=4.0 HTTP/1.1" 304 -
201.245.192.253 - - [14/Dec/2023:08:23:46 -0500] "GET /sipse/faces/javax.faces.resource/layout/layout.js?ln=primefaces&v=4.0 HTTP/1.1" 304 -
201.245.192.253 - - [14/Dec/2023:08:23:46 -0500] "POST /sipse/faces/presentacion/financiero/solicitudProceso/listarSolicitudProceso.xhtml HTTP/1.1" 200 59835
201.245.192.253 - - [14/Dec/2023:08:23:47 -0500] "POST /sipse/faces/presentacion/financiero/solicitudProceso/listarSolicitudProceso.xhtml HTTP/1.1" 200 59835
201.245.192.253 - - [14/Dec/2023:08:23:47 -0500] "POST /sipse/faces/presentacion/financiero/solicitudProceso/listarSolicitudProceso.xhtml HTTP/1.1" 200 1556
191.95.162.216 - - [14/Dec/2023:08:23:47 -0500] "POST /sipse/faces/presentacion/financiero/solicitudProceso/listarSolicitudProceso.xhtml HTTP/1.1" 200 32291
201.245.192.253 - - [14/Dec/2023:08:23:47 -0500] "POST /sipse/faces/presentacion/financiero/solicitudProceso/listarSolicitudProceso.xhtml HTTP/1.1" 200 1552
201.245.192.253 - - [14/Dec/2023:08:23:48 -0500] "POST /sipse/faces/presentacion/financiero/solicitudProceso/listarSolicitudProceso.xhtml HTTP/1.1" 200 1564
190.27.57.161 - - [14/Dec/2023:08:23:50 -0500] "POST /sipse/faces/presentacion/financiero/solicitudProceso/listarSolicitudProceso.xhtml HTTP/1.1" 200 114311
190.27.57.161 - - [14/Dec/2023:08:23:51 -0500] "GET /sipse/faces/javax.faces.resource/theme.css?ln=primefaces-sipse HTTP/1.1" 304 -
190.27.57.161 - - [14/Dec/2023:08:23:51 -0500] "GET /sipse/faces/javax.faces.resource/primefaces.css?ln=primefaces&v=4.0 HTTP/1.1" 304 -
190.27.57.161 - - [14/Dec/2023:08:23:51 -0500] "GET /sipse/faces/javax.faces.resource/layout/layout.css?ln=primefaces&v=4.0 HTTP/1.1" 304 -
190.27.57.161 - - [14/Dec/2023:08:23:51 -0500] "GET /sipse/faces/javax.faces.resource/jquery/jquery.js?ln=primefaces&v=4.0 HTTP/1.1" 304 -
190.27.57.161 - - [14/Dec/2023:08:23:51 -0500] "GET /sipse/faces/javax.faces.resource/jquery/jquery-plugins.js?ln=primefaces&v=4.0 HTTP/1.1" 304 -
190.27.57.161 - - [14/Dec/2023:08:23:51 -0500] "GET /sipse/faces/javax.faces.resource/primefaces.js?ln=primefaces&v=4.0 HTTP/1.1" 304 -
190.27.57.161 - - [14/Dec/2023:08:23:51 -0500] "GET /sipse/faces/javax.faces.resource/layout/layout.js?ln=primefaces&v=4.0 HTTP/1.1" 304 -
191.95.162.216 - - [14/Dec/2023:08:23:50 -0500] "POST /sipse/faces/presentacion/financiero/solicitudProceso/listarSolicitudProceso.xhtml HTTP/1.1" 200 122825
191.95.162.216 - - [14/Dec/2023:08:23:51 -0500] "GET /sipse/faces/javax.faces.resource/primefaces.css?ln=primefaces&v=4.0 HTTP/1.1" 304 -
191.95.162.216 - - [14/Dec/2023:08:23:51 -0500] "GET /sipse/faces/javax.faces.resource/theme.css?ln=primefaces-sipse HTTP/1.1" 304 -
191.95.162.216 - - [14/Dec/2023:08:23:51 -0500] "GET /sipse/faces/javax.faces.resource/layout/layout.css?ln=primefaces&v=4.0 HTTP/1.1" 304 -
191.95.162.216 - - [14/Dec/2023:08:23:51 -0500] "GET /sipse/faces/javax.faces.resource/jquery/jquery.js?ln=primefaces&v=4.0 HTTP/1.1" 304 -
191.95.162.216 - - [14/Dec/2023:08:23:51 -0500] "GET /sipse/faces/javax.faces.resource/jquery/jquery-plugins.js?ln=primefaces&v=4.0 HTTP/1.1" 304 -
191.95.162.216 - - [14/Dec/2023:08:23:51 -0500] "GET /sipse/faces/javax.faces.resource/primefaces.js?ln=primefaces&v=4.0 HTTP/1.1" 304 -
201.245.192.253 - - [14/Dec/2023:08:23:51 -0500] "POST /sipse/faces/presentacion/financiero/solicitudProceso/consultar.xhtml HTTP/1.1" 200 12965
191.95.162.216 - - [14/Dec/2023:08:23:51 -0500] "GET /sipse/faces/javax.faces.resource/layout/layout.js?ln=primefaces&v=4.0 HTTP/1.1" 304 -
190.27.57.161 - - [14/Dec/2023:08:23:52 -0500] "GET /sipse/css/imagen/contrasena.png HTTP/1.1" 404 383
186.84.21.166 - - [14/Dec/2023:08:23:57 -0500] "POST /sipse/faces/presentacion/proyectos/proyecto/proyecto.xhtml HTTP/1.1" 200 20829
201.245.192.253 - - [14/Dec/2023:08:24:00 -0500] "POST /forms/lservlet;jsessionid=ac16012b30d665b9d6b5cea24731bd918aefbc6c9e46.e3iSbxaKaheRe34Qc38TbN0Nb41ynknvrkLOlQzNp65In0 HTTP/1.1" 200 2
186.84.21.166 - - [14/Dec/2023:08:24:00 -0500] "POST /sipse/faces/presentacion/proyectos/proyecto/proyecto.xhtml HTTP/1.1" 200 25228
191.95.162.216 - - [14/Dec/2023:08:24:04 -0500] "POST /sipse/faces/presentacion/financiero/solicitudProceso/consultarSolicitudProceso.xhtml HTTP/1.1" 200 6784
201.245.192.253 - - [14/Dec/2023:08:24:04 -0500] "POST /sipse/faces/presentacion/financiero/solicitudProceso/listarSolicitudProceso.xhtml HTTP/1.1" 200 111096
201.245.192.253 - - [14/Dec/2023:08:24:05 -0500] "GET /sipse/faces/javax.faces.resource/jquery/jquery.js?ln=primefaces&v=4.0 HTTP/1.1" 304 -
201.245.192.253 - - [14/Dec/2023:08:24:05 -0500] "GET /sipse/faces/javax.faces.resource/jquery/jquery-plugins.js?ln=primefaces&v=4.0 HTTP/1.1" 304 -
201.245.192.253 - - [14/Dec/2023:08:24:05 -0500] "GET /sipse/faces/javax.faces.resource/primefaces.js?ln=primefaces&v=4.0 HTTP/1.1" 304 -
201.245.192.253 - - [14/Dec/2023:08:24:05 -0500] "GET /sipse/faces/javax.faces.resource/layout/layout.js?ln=primefaces&v=4.0 HTTP/1.1" 304 -
172.22.2.4 - - [14/Dec/2023:08:22:26 -0500] "HEAD /BLA/boletinlegal/ HTTP/1.1" 200 -
186.84.21.166 - - [14/Dec/2023:08:24:12 -0500] "POST /sipse/faces/presentacion/proyectos/proyecto/proyecto.xhtml HTTP/1.1" 200 28291
186.84.21.166 - - [14/Dec/2023:08:24:12 -0500] "GET /sipse/faces/javax.faces.resource/theme.css?ln=primefaces-sipse HTTP/1.1" 304 -
186.84.21.166 - - [14/Dec/2023:08:24:12 -0500] "GET /sipse/faces/javax.faces.resource/layout/layout.css?ln=primefaces&v=4.0 HTTP/1.1" 304 -
186.84.21.166 - - [14/Dec/2023:08:24:12 -0500] "GET /sipse/faces/javax.faces.resource/primefaces.css?ln=primefaces&v=4.0 HTTP/1.1" 304 -
186.84.21.166 - - [14/Dec/2023:08:24:12 -0500] "GET /sipse/faces/javax.faces.resource/jquery/jquery.js?ln=primefaces&v=4.0 HTTP/1.1" 304 -
186.84.21.166 - - [14/Dec/2023:08:24:12 -0500] "GET /sipse/faces/javax.faces.resource/jquery/jquery-plugins.js?ln=primefaces&v=4.0 HTTP/1.1" 304 -
186.84.21.166 - - [14/Dec/2023:08:24:12 -0500] "GET /sipse/faces/javax.faces.resource/primefaces.js?ln=primefaces&v=4.0 HTTP/1.1" 304 -
186.84.21.166 - - [14/Dec/2023:08:24:12 -0500] "GET /sipse/faces/javax.faces.resource/layout/layout.js?ln=primefaces&v=4.0 HTTP/1.1" 304 -
191.95.162.216 - - [14/Dec/2023:08:24:17 -0500] "POST /sipse/faces/presentacion/financiero/solicitudProceso/consultarSolicitudProceso.xhtml HTTP/1.1" 200 64485
186.84.21.166 - - [14/Dec/2023:08:24:19 -0500] "GET /sipse/faces/javax.faces.resource/theme.css?ln=primefaces-sipse HTTP/1.1" 304 -
186.84.21.166 - - [14/Dec/2023:08:24:17 -0500] "POST /sipse/faces/presentacion/proyectos/proyecto/proyectoAdministrador/editarAdministrador.xhtml HTTP/1.1" 200 89221
186.84.21.166 - - [14/Dec/2023:08:24:19 -0500] "GET /sipse/faces/javax.faces.resource/layout/layout.css?ln=primefaces&v=4.0 HTTP/1.1" 304 -
186.84.21.166 - - [14/Dec/2023:08:24:19 -0500] "GET /sipse/faces/javax.faces.resource/primefaces.css?ln=primefaces&v=4.0 HTTP/1.1" 304 -
186.84.21.166 - - [14/Dec/2023:08:24:19 -0500] "GET /sipse/faces/javax.faces.resource/jquery/jquery-plugins.js?ln=primefaces&v=4.0 HTTP/1.1" 304 -
186.84.21.166 - - [14/Dec/2023:08:24:19 -0500] "GET /sipse/faces/javax.faces.resource/primefaces.js?ln=primefaces&v=4.0 HTTP/1.1" 304 -
186.84.21.166 - - [14/Dec/2023:08:24:19 -0500] "GET /sipse/faces/javax.faces.resource/jquery/jquery.js?ln=primefaces&v=4.0 HTTP/1.1" 304 -
186.84.21.166 - - [14/Dec/2023:08:24:19 -0500] "GET /sipse/faces/javax.faces.resource/layout/layout.js?ln=primefaces&v=4.0 HTTP/1.1" 304 -
191.95.162.216 - - [14/Dec/2023:08:24:19 -0500] "GET /sipse/faces/javax.faces.resource/theme.css?ln=primefaces-sipse HTTP/1.1" 304 -
191.95.162.216 - - [14/Dec/2023:08:24:19 -0500] "GET /sipse/faces/javax.faces.resource/layout/layout.css?ln=primefaces&v=4.0 HTTP/1.1" 304 -
191.95.162.216 - - [14/Dec/2023:08:24:19 -0500] "GET /sipse/faces/javax.faces.resource/primefaces.css?ln=primefaces&v=4.0 HTTP/1.1" 304 -
191.95.162.216 - - [14/Dec/2023:08:24:19 -0500] "GET /sipse/faces/javax.faces.resource/jquery/jquery.js?ln=primefaces&v=4.0 HTTP/1.1" 304 -
191.95.162.216 - - [14/Dec/2023:08:24:19 -0500] "GET /sipse/faces/javax.faces.resource/jquery/jquery-plugins.js?ln=primefaces&v=4.0 HTTP/1.1" 304 -
191.95.162.216 - - [14/Dec/2023:08:24:19 -0500] "GET /sipse/faces/javax.faces.resource/primefaces.js?ln=primefaces&v=4.0 HTTP/1.1" 304 -
191.95.162.216 - - [14/Dec/2023:08:24:19 -0500] "GET /sipse/faces/javax.faces.resource/layout/layout.js?ln=primefaces&v=4.0 HTTP/1.1" 304 -
186.84.21.166 - - [14/Dec/2023:08:24:19 -0500] "POST /sipse/faces/presentacion/proyectos/proyecto/proyecto.xhtml HTTP/1.1" 200 3229
191.95.162.216 - - [14/Dec/2023:08:24:19 -0500] "POST /sipse/faces/presentacion/financiero/solicitudProceso/listarSolicitudProceso.xhtml HTTP/1.1" 200 1556
173.252.127.27 - - [14/Dec/2023:08:24:20 -0500] "GET /reporte-calidad-del-aire-martes.html HTTP/1.1" 200 885
167.0.152.142 - - [14/Dec/2023:08:24:20 -0500] "POST /sipse/faces/presentacion/financiero/solicitudProceso/consultarSolicitudProceso.xhtml HTTP/1.1" 200 1318138
191.95.162.216 - - [14/Dec/2023:08:24:21 -0500] "POST /sipse/faces/presentacion/financiero/solicitudProceso/listarSolicitudProceso.xhtml HTTP/1.1" 200 13809
186.84.21.166 - - [14/Dec/2023:08:24:23 -0500] "POST /sipse/faces/presentacion/proyectos/proyecto/proyecto.xhtml HTTP/1.1" 200 17605
201.245.192.253 - - [14/Dec/2023:08:24:24 -0500] "POST /sipse/faces/presentacion/financiero/solicitudProceso/consultarSolicitudProceso.xhtml HTTP/1.1" 200 256413
191.95.162.216 - - [14/Dec/2023:08:24:27 -0500] "POST /sipse/faces/presentacion/financiero/solicitudProceso/listarSolicitudProceso.xhtml HTTP/1.1" 200 31994
191.95.162.216 - - [14/Dec/2023:08:24:29 -0500] "POST /sipse/faces/presentacion/financiero/solicitudProceso/listarSolicitudProceso.xhtml HTTP/1.1" 200 13988
186.84.21.166 - - [14/Dec/2023:08:24:34 -0500] "POST /sipse/faces/presentacion/proyectos/proyecto/proyecto.xhtml HTTP/1.1" 200 10153
172.22.2.4 - - [14/Dec/2023:08:23:17 -0500] "GET /BLA/boletinlegal/ HTTP/1.1" 200 58644
167.0.152.142 - - [14/Dec/2023:08:24:55 -0500] "POST /sipse/faces/presentacion/financiero/solicitudProceso/consultarSolicitudProceso.xhtml HTTP/1.1" 200 46989
167.0.152.142 - - [14/Dec/2023:08:24:57 -0500] "GET /sipse/faces/javax.faces.resource/theme.css?ln=primefaces-sipse HTTP/1.1" 304 -
167.0.152.142 - - [14/Dec/2023:08:24:57 -0500] "GET /sipse/faces/javax.faces.resource/primefaces.css?ln=primefaces&v=4.0 HTTP/1.1" 304 -
167.0.152.142 - - [14/Dec/2023:08:24:57 -0500] "GET /sipse/faces/javax.faces.resource/layout/layout.css?ln=primefaces&v=4.0 HTTP/1.1" 304 -
167.0.152.142 - - [14/Dec/2023:08:24:57 -0500] "GET /sipse/faces/javax.faces.resource/jquery/jquery.js?ln=primefaces&v=4.0 HTTP/1.1" 304 -
167.0.152.142 - - [14/Dec/2023:08:24:57 -0500] "GET /sipse/faces/javax.faces.resource/jquery/jquery-plugins.js?ln=primefaces&v=4.0 HTTP/1.1" 304 -
167.0.152.142 - - [14/Dec/2023:08:24:58 -0500] "GET /sipse/faces/javax.faces.resource/primefaces.js?ln=primefaces&v=4.0 HTTP/1.1" 304 -
167.0.152.142 - - [14/Dec/2023:08:24:58 -0500] "GET /sipse/faces/javax.faces.resource/layout/layout.js?ln=primefaces&v=4.0 HTTP/1.1" 304 -
167.0.152.142 - - [14/Dec/2023:08:24:58 -0500] "POST /sipse/faces/presentacion/financiero/solicitudProceso/listarSolicitudProceso.xhtml HTTP/1.1" 200 1468
186.84.21.166 - - [14/Dec/2023:08:24:59 -0500] "POST /sipse/faces/presentacion/proyectos/proyecto/proyecto.xhtml HTTP/1.1" 200 15907
167.0.152.142 - - [14/Dec/2023:08:24:59 -0500] "POST /sipse/faces/presentacion/financiero/solicitudProceso/listarSolicitudProceso.xhtml HTTP/1.1" 200 32982
167.0.152.142 - - [14/Dec/2023:08:25:00 -0500] "POST /sipse/faces/presentacion/financiero/solicitudProceso/listarSolicitudProceso.xhtml HTTP/1.1" 200 45620
186.84.21.166 - - [14/Dec/2023:08:25:01 -0500] "POST /sipse/faces/presentacion/proyectos/proyecto/proyecto.xhtml HTTP/1.1" 200 7502
167.0.152.142 - - [14/Dec/2023:08:25:02 -0500] "POST /sipse/faces/presentacion/financiero/solicitudProceso/listarSolicitudProceso.xhtml HTTP/1.1" 200 14505
186.84.21.166 - - [14/Dec/2023:08:25:02 -0500] "POST /sipse/faces/presentacion/proyectos/proyecto/proyecto.xhtml HTTP/1.1" 200 7822
186.84.21.166 - - [14/Dec/2023:08:25:04 -0500] "POST /sipse/faces/presentacion/proyectos/proyecto/proyecto.xhtml HTTP/1.1" 200 17624
186.84.21.166 - - [14/Dec/2023:08:25:04 -0500] "GET /sipse/faces/javax.faces.resource/spacer/dot_clear.gif?ln=primefaces&v=4.0 HTTP/1.1" 200 42
167.0.152.142 - - [14/Dec/2023:08:25:05 -0500] "POST /sipse/faces/presentacion/financiero/solicitudProceso/listarSolicitudProceso.xhtml HTTP/1.1" 200 148909
167.0.152.142 - - [14/Dec/2023:08:25:06 -0500] "GET /sipse/faces/javax.faces.resource/theme.css?ln=primefaces-sipse HTTP/1.1" 304 -
167.0.152.142 - - [14/Dec/2023:08:25:06 -0500] "GET /sipse/faces/javax.faces.resource/primefaces.css?ln=primefaces&v=4.0 HTTP/1.1" 304 -
167.0.152.142 - - [14/Dec/2023:08:25:06 -0500] "GET /sipse/faces/javax.faces.resource/layout/layout.css?ln=primefaces&v=4.0 HTTP/1.1" 304 -
167.0.152.142 - - [14/Dec/2023:08:25:07 -0500] "GET /sipse/faces/javax.faces.resource/jquery/jquery.js?ln=primefaces&v=4.0 HTTP/1.1" 304 -
167.0.152.142 - - [14/Dec/2023:08:25:07 -0500] "GET /sipse/faces/javax.faces.resource/jquery/jquery-plugins.js?ln=primefaces&v=4.0 HTTP/1.1" 304 -
167.0.152.142 - - [14/Dec/2023:08:25:07 -0500] "GET /sipse/faces/javax.faces.resource/primefaces.js?ln=primefaces&v=4.0 HTTP/1.1" 304 -
167.0.152.142 - - [14/Dec/2023:08:25:07 -0500] "GET /sipse/faces/javax.faces.resource/layout/layout.js?ln=primefaces&v=4.0 HTTP/1.1" 304 -
190.27.57.161 - - [14/Dec/2023:08:25:08 -0500] "POST /sipse/faces/presentacion/financiero/solicitudProceso/consultarSolicitudProceso.xhtml HTTP/1.1" 200 37866
190.27.57.161 - - [14/Dec/2023:08:25:09 -0500] "GET /sipse/faces/javax.faces.resource/theme.css?ln=primefaces-sipse HTTP/1.1" 304 -
190.27.57.161 - - [14/Dec/2023:08:25:09 -0500] "GET /sipse/faces/javax.faces.resource/layout/layout.css?ln=primefaces&v=4.0 HTTP/1.1" 304 -
