201.245.192.253 - - [14/Dec/2023:01:25:15 -0500] "POST /forms/lservlet;jsessionid=ac16012b30d68f87e6b31bdd4159a82faa45787d3329.e3iSbxaKaheRe34Qc38TbN0Nb41ynknvrkLOlQzNp65In0 HTTP/1.1" 200 2
167.0.152.142 - - [14/Dec/2023:01:25:22 -0500] "GET /sipse/faces/faces/index.xhtml HTTP/1.1" 200 677
167.0.152.142 - - [14/Dec/2023:01:25:22 -0500] "GET /sipse/faces/javax.faces.resource/theme.css?ln=primefaces-sipse HTTP/1.1" 304 -
167.0.152.142 - - [14/Dec/2023:01:25:23 -0500] "GET /sipse/faces/faces/faces/autenticacion.xhtml HTTP/1.1" 200 12406
167.0.152.142 - - [14/Dec/2023:01:25:23 -0500] "GET /sipse/js/funciones.js HTTP/1.1" 304 -
167.0.152.142 - - [14/Dec/2023:01:25:23 -0500] "GET /sipse/css/custom_css_sg_prime_login.css HTTP/1.1" 304 -
167.0.152.142 - - [14/Dec/2023:01:25:23 -0500] "GET /sipse/faces/javax.faces.resource/theme.css?ln=primefaces-sipse HTTP/1.1" 304 -
167.0.152.142 - - [14/Dec/2023:01:25:23 -0500] "GET /sipse/faces/javax.faces.resource/primefaces.css?ln=primefaces&v=4.0 HTTP/1.1" 304 -
167.0.152.142 - - [14/Dec/2023:01:25:23 -0500] "GET /sipse/faces/javax.faces.resource/layout/layout.css?ln=primefaces&v=4.0 HTTP/1.1" 304 -
167.0.152.142 - - [14/Dec/2023:01:25:23 -0500] "GET /sipse/css/custom_css_sg.css HTTP/1.1" 304 -
167.0.152.142 - - [14/Dec/2023:01:25:23 -0500] "GET /sipse/js/disable_browser_buttons.js HTTP/1.1" 304 -
167.0.152.142 - - [14/Dec/2023:01:25:23 -0500] "GET /sipse/faces/javax.faces.resource/jquery/jquery.js?ln=primefaces&v=4.0 HTTP/1.1" 304 -
167.0.152.142 - - [14/Dec/2023:01:25:23 -0500] "GET /sipse/faces/javax.faces.resource/primefaces.js?ln=primefaces&v=4.0 HTTP/1.1" 304 -
167.0.152.142 - - [14/Dec/2023:01:25:23 -0500] "GET /sipse/faces/javax.faces.resource/jquery/jquery-plugins.js?ln=primefaces&v=4.0 HTTP/1.1" 304 -
167.0.152.142 - - [14/Dec/2023:01:25:23 -0500] "GET /sipse/faces/javax.faces.resource/layout/layout.js?ln=primefaces&v=4.0 HTTP/1.1" 304 -
167.0.152.142 - - [14/Dec/2023:01:25:23 -0500] "GET /sipse/css/imagen/logoSDG.png HTTP/1.1" 304 -
167.0.152.142 - - [14/Dec/2023:01:25:23 -0500] "GET /sipse/css/imagen/loginimg.png HTTP/1.1" 304 -
167.0.152.142 - - [14/Dec/2023:01:25:23 -0500] "GET /sipse/faces/javax.faces.resource/images/ui-icons_898989_256x240.png?ln=primefaces-aristo HTTP/1.1" 304 -
167.0.152.142 - - [14/Dec/2023:01:25:28 -0500] "POST /sipse/faces/autenticacion.xhtml HTTP/1.1" 200 16282
167.0.152.142 - - [14/Dec/2023:01:25:28 -0500] "GET /sipse/css/custom_css_sg_prime.css HTTP/1.1" 304 -
167.0.152.142 - - [14/Dec/2023:01:25:28 -0500] "GET /sipse/faces/javax.faces.resource/theme.css?ln=primefaces-sipse HTTP/1.1" 304 -
167.0.152.142 - - [14/Dec/2023:01:25:28 -0500] "GET /sipse/faces/javax.faces.resource/layout/layout.css?ln=primefaces&v=4.0 HTTP/1.1" 304 -
167.0.152.142 - - [14/Dec/2023:01:25:28 -0500] "GET /sipse/faces/javax.faces.resource/primefaces.css?ln=primefaces&v=4.0 HTTP/1.1" 304 -
167.0.152.142 - - [14/Dec/2023:01:25:28 -0500] "GET /sipse/js/jquery.min.js HTTP/1.1" 304 -
167.0.152.142 - - [14/Dec/2023:01:25:28 -0500] "GET /sipse/faces/javax.faces.resource/jquery/jquery.js?ln=primefaces&v=4.0 HTTP/1.1" 304 -
167.0.152.142 - - [14/Dec/2023:01:25:28 -0500] "GET /sipse/faces/javax.faces.resource/jquery/jquery-plugins.js?ln=primefaces&v=4.0 HTTP/1.1" 304 -
167.0.152.142 - - [14/Dec/2023:01:25:28 -0500] "GET /sipse/faces/javax.faces.resource/primefaces.js?ln=primefaces&v=4.0 HTTP/1.1" 304 -
167.0.152.142 - - [14/Dec/2023:01:25:29 -0500] "GET /sipse/faces/javax.faces.resource/layout/layout.js?ln=primefaces&v=4.0 HTTP/1.1" 304 -
167.0.152.142 - - [14/Dec/2023:01:25:29 -0500] "GET /sipse/css/v_mergente.css HTTP/1.1" 304 -
167.0.152.142 - - [14/Dec/2023:01:25:29 -0500] "GET /sipse/imagenes/logoAplicacion.jpg HTTP/1.1" 304 -
167.0.152.142 - - [14/Dec/2023:01:25:29 -0500] "GET /sipse/imagenes/cargando.gif HTTP/1.1" 304 -
167.0.152.142 - - [14/Dec/2023:01:25:29 -0500] "GET /sipse/css/imagen/contrasena.png HTTP/1.1" 404 383
167.0.152.142 - - [14/Dec/2023:01:25:29 -0500] "GET /sipse/faces/javax.faces.resource/messages/messages.png?ln=primefaces&v=4.0 HTTP/1.1" 304 -
190.27.185.40 - - [14/Dec/2023:01:25:29 -0500] "POST /sipse/faces/presentacion/financiero/solicitudProceso/consultarSolicitudProceso.xhtml HTTP/1.1" 200 67168
190.27.185.40 - - [14/Dec/2023:01:25:30 -0500] "GET /sipse/faces/javax.faces.resource/theme.css?ln=primefaces-sipse HTTP/1.1" 304 -
190.27.185.40 - - [14/Dec/2023:01:25:30 -0500] "GET /sipse/faces/javax.faces.resource/jquery/jquery.js?ln=primefaces&v=4.0 HTTP/1.1" 304 -
190.27.185.40 - - [14/Dec/2023:01:25:30 -0500] "GET /sipse/faces/javax.faces.resource/primefaces.css?ln=primefaces&v=4.0 HTTP/1.1" 304 -
190.27.185.40 - - [14/Dec/2023:01:25:30 -0500] "GET /sipse/faces/javax.faces.resource/layout/layout.css?ln=primefaces&v=4.0 HTTP/1.1" 304 -
190.27.185.40 - - [14/Dec/2023:01:25:30 -0500] "GET /sipse/faces/javax.faces.resource/jquery/jquery-plugins.js?ln=primefaces&v=4.0 HTTP/1.1" 304 -
190.27.185.40 - - [14/Dec/2023:01:25:30 -0500] "GET /sipse/faces/javax.faces.resource/primefaces.js?ln=primefaces&v=4.0 HTTP/1.1" 304 -
190.27.185.40 - - [14/Dec/2023:01:25:30 -0500] "GET /sipse/faces/javax.faces.resource/layout/layout.js?ln=primefaces&v=4.0 HTTP/1.1" 304 -
190.27.185.40 - - [14/Dec/2023:01:25:30 -0500] "GET /sipse/faces/javax.faces.resource/images/ui-icons_898989_256x240.png?ln=primefaces-aristo HTTP/1.1" 304 -
190.27.185.40 - - [14/Dec/2023:01:25:30 -0500] "GET /sipse/faces/javax.faces.resource/images/ui-bg_flat_0_2d5972_40x100.png?ln=primefaces-aristo HTTP/1.1" 304 -
190.27.185.40 - - [14/Dec/2023:01:25:30 -0500] "POST /sipse/faces/presentacion/financiero/solicitudProceso/listarSolicitudProceso.xhtml HTTP/1.1" 200 1556
190.27.185.40 - - [14/Dec/2023:01:25:30 -0500] "POST /sipse/faces/presentacion/financiero/solicitudProceso/listarSolicitudProceso.xhtml HTTP/1.1" 200 1552
167.0.152.142 - - [14/Dec/2023:01:25:31 -0500] "GET /sipse/faces/javax.faces.resource/images/ui-bg_flat_0_2d5972_40x100.png?ln=primefaces-aristo HTTP/1.1" 304 -
167.0.152.142 - - [14/Dec/2023:01:25:31 -0500] "POST /sipse/faces/bienvenido.xhtml HTTP/1.1" 200 1471
167.0.152.142 - - [14/Dec/2023:01:25:32 -0500] "POST /sipse/faces/bienvenido.xhtml HTTP/1.1" 200 62997
167.0.152.142 - - [14/Dec/2023:01:25:33 -0500] "GET /sipse/faces/javax.faces.resource/primefaces.css?ln=primefaces&v=4.0 HTTP/1.1" 304 -
167.0.152.142 - - [14/Dec/2023:01:25:33 -0500] "GET /sipse/faces/javax.faces.resource/layout/layout.css?ln=primefaces&v=4.0 HTTP/1.1" 304 -
167.0.152.142 - - [14/Dec/2023:01:25:33 -0500] "GET /sipse/faces/javax.faces.resource/theme.css?ln=primefaces-sipse HTTP/1.1" 304 -
167.0.152.142 - - [14/Dec/2023:01:25:33 -0500] "GET /sipse/faces/javax.faces.resource/jquery/jquery.js?ln=primefaces&v=4.0 HTTP/1.1" 304 -
167.0.152.142 - - [14/Dec/2023:01:25:33 -0500] "GET /sipse/faces/javax.faces.resource/jquery/jquery-plugins.js?ln=primefaces&v=4.0 HTTP/1.1" 304 -
167.0.152.142 - - [14/Dec/2023:01:25:33 -0500] "GET /sipse/faces/javax.faces.resource/primefaces.js?ln=primefaces&v=4.0 HTTP/1.1" 304 -
167.0.152.142 - - [14/Dec/2023:01:25:33 -0500] "GET /sipse/faces/javax.faces.resource/layout/layout.js?ln=primefaces&v=4.0 HTTP/1.1" 304 -
167.0.152.142 - - [14/Dec/2023:01:25:34 -0500] "POST /sipse/faces/presentacion/financiero/solicitudProceso/listarSolicitudProceso.xhtml HTTP/1.1" 200 1556
190.27.185.40 - - [14/Dec/2023:01:25:34 -0500] "POST /sipse/faces/presentacion/financiero/solicitudProceso/listarSolicitudProceso.xhtml HTTP/1.1" 200 112725
190.27.185.40 - - [14/Dec/2023:01:25:35 -0500] "GET /sipse/faces/javax.faces.resource/jquery/jquery.js?ln=primefaces&v=4.0 HTTP/1.1" 304 -
190.27.185.40 - - [14/Dec/2023:01:25:35 -0500] "GET /sipse/faces/javax.faces.resource/jquery/jquery-plugins.js?ln=primefaces&v=4.0 HTTP/1.1" 304 -
190.27.185.40 - - [14/Dec/2023:01:25:35 -0500] "GET /sipse/faces/javax.faces.resource/primefaces.js?ln=primefaces&v=4.0 HTTP/1.1" 304 -
190.27.185.40 - - [14/Dec/2023:01:25:35 -0500] "GET /sipse/faces/javax.faces.resource/layout/layout.js?ln=primefaces&v=4.0 HTTP/1.1" 304 -
190.27.185.40 - - [14/Dec/2023:01:25:41 -0500] "POST /sipse/faces/presentacion/financiero/solicitudProceso/consultarSolicitudProceso.xhtml HTTP/1.1" 200 290990
167.0.152.142 - - [14/Dec/2023:01:25:42 -0500] "POST /sipse/faces/presentacion/financiero/solicitudProceso/listarSolicitudProceso.xhtml HTTP/1.1" 200 20018
167.0.152.142 - - [14/Dec/2023:01:25:48 -0500] "POST /sipse/faces/presentacion/financiero/solicitudProceso/listarSolicitudProceso.xhtml HTTP/1.1" 200 32125
201.245.192.253 - - [14/Dec/2023:01:25:55 -0500] "POST /forms/lservlet;jsessionid=ac16012b30d665b9d6b5cea24731bd918aefbc6c9e46.e3iSbxaKaheRe34Qc38TbN0Nb41ynknvrkLOlQzNp65In0 HTTP/1.1" 200 2
167.0.152.142 - - [14/Dec/2023:01:25:56 -0500] "POST /sipse/faces/presentacion/financiero/solicitudProceso/listarSolicitudProceso.xhtml HTTP/1.1" 200 33089
167.0.152.142 - - [14/Dec/2023:01:25:59 -0500] "POST /sipse/faces/presentacion/financiero/solicitudProceso/listarSolicitudProceso.xhtml HTTP/1.1" 200 33053
167.0.152.142 - - [14/Dec/2023:01:26:01 -0500] "POST /sipse/faces/presentacion/financiero/solicitudProceso/listarSolicitudProceso.xhtml HTTP/1.1" 200 32879
167.0.152.142 - - [14/Dec/2023:01:26:07 -0500] "POST /sipse/faces/presentacion/financiero/solicitudProceso/listarSolicitudProceso.xhtml HTTP/1.1" 200 32816
201.245.192.253 - - [14/Dec/2023:01:26:05 -0500] "POST /kwsrmcab/Wsrmcab HTTP/1.1" 200 37864
201.245.192.253 - - [14/Dec/2023:01:26:08 -0500] "POST /kwsrmcab/Wsrmcab HTTP/1.1" 200 38510
190.27.185.40 - - [14/Dec/2023:01:26:49 -0500] "GET /sipse/faces/index.xhtml HTTP/1.1" 200 677
190.27.185.40 - - [14/Dec/2023:01:26:50 -0500] "GET /sipse/faces/javax.faces.resource/theme.css?ln=primefaces-sipse HTTP/1.1" 304 -
190.27.185.40 - - [14/Dec/2023:01:26:50 -0500] "GET /sipse/faces/faces/autenticacion.xhtml HTTP/1.1" 200 12415
190.27.185.40 - - [14/Dec/2023:01:26:50 -0500] "GET /sipse/faces/javax.faces.resource/theme.css?ln=primefaces-sipse HTTP/1.1" 304 -
190.27.185.40 - - [14/Dec/2023:01:26:50 -0500] "GET /sipse/faces/javax.faces.resource/primefaces.css?ln=primefaces&v=4.0 HTTP/1.1" 304 -
190.27.185.40 - - [14/Dec/2023:01:26:50 -0500] "GET /sipse/faces/javax.faces.resource/jquery/jquery.js?ln=primefaces&v=4.0 HTTP/1.1" 304 -
190.27.185.40 - - [14/Dec/2023:01:26:50 -0500] "GET /sipse/faces/javax.faces.resource/layout/layout.js?ln=primefaces&v=4.0 HTTP/1.1" 304 -
190.27.185.40 - - [14/Dec/2023:01:26:50 -0500] "GET /sipse/faces/javax.faces.resource/layout/layout.css?ln=primefaces&v=4.0 HTTP/1.1" 304 -
190.27.185.40 - - [14/Dec/2023:01:26:50 -0500] "GET /sipse/faces/javax.faces.resource/jquery/jquery-plugins.js?ln=primefaces&v=4.0 HTTP/1.1" 304 -
190.27.185.40 - - [14/Dec/2023:01:26:50 -0500] "GET /sipse/faces/javax.faces.resource/primefaces.js?ln=primefaces&v=4.0 HTTP/1.1" 304 -
190.27.185.40 - - [14/Dec/2023:01:26:50 -0500] "GET /sipse/faces/javax.faces.resource/images/ui-icons_898989_256x240.png?ln=primefaces-aristo HTTP/1.1" 304 -
190.27.185.40 - - [14/Dec/2023:01:26:54 -0500] "POST /sipse/faces/autenticacion.xhtml HTTP/1.1" 200 16324
190.27.185.40 - - [14/Dec/2023:01:26:54 -0500] "GET /sipse/faces/javax.faces.resource/theme.css?ln=primefaces-sipse HTTP/1.1" 304 -
190.27.185.40 - - [14/Dec/2023:01:26:54 -0500] "GET /sipse/faces/javax.faces.resource/primefaces.css?ln=primefaces&v=4.0 HTTP/1.1" 304 -
190.27.185.40 - - [14/Dec/2023:01:26:54 -0500] "GET /sipse/faces/javax.faces.resource/layout/layout.css?ln=primefaces&v=4.0 HTTP/1.1" 304 -
190.27.185.40 - - [14/Dec/2023:01:26:54 -0500] "GET /sipse/faces/javax.faces.resource/jquery/jquery.js?ln=primefaces&v=4.0 HTTP/1.1" 304 -
190.27.185.40 - - [14/Dec/2023:01:26:54 -0500] "GET /sipse/faces/javax.faces.resource/jquery/jquery-plugins.js?ln=primefaces&v=4.0 HTTP/1.1" 304 -
190.27.185.40 - - [14/Dec/2023:01:26:54 -0500] "GET /sipse/faces/javax.faces.resource/primefaces.js?ln=primefaces&v=4.0 HTTP/1.1" 304 -
190.27.185.40 - - [14/Dec/2023:01:26:54 -0500] "GET /sipse/faces/javax.faces.resource/layout/layout.js?ln=primefaces&v=4.0 HTTP/1.1" 304 -
190.27.185.40 - - [14/Dec/2023:01:26:54 -0500] "GET /sipse/css/imagen/contrasena.png HTTP/1.1" 404 383
190.27.185.40 - - [14/Dec/2023:01:26:54 -0500] "GET /sipse/faces/javax.faces.resource/messages/messages.png?ln=primefaces&v=4.0 HTTP/1.1" 304 -
190.27.185.40 - - [14/Dec/2023:01:26:57 -0500] "GET /sipse/faces/javax.faces.resource/images/ui-bg_flat_0_2d5972_40x100.png?ln=primefaces-aristo HTTP/1.1" 304 -
190.27.185.40 - - [14/Dec/2023:01:26:57 -0500] "POST /sipse/faces/bienvenido.xhtml HTTP/1.1" 200 1473
190.27.185.40 - - [14/Dec/2023:01:26:58 -0500] "POST /sipse/faces/bienvenido.xhtml HTTP/1.1" 200 37869
190.27.185.40 - - [14/Dec/2023:01:26:58 -0500] "GET /sipse/faces/javax.faces.resource/theme.css?ln=primefaces-sipse HTTP/1.1" 304 -
190.27.185.40 - - [14/Dec/2023:01:26:58 -0500] "GET /sipse/faces/javax.faces.resource/primefaces.css?ln=primefaces&v=4.0 HTTP/1.1" 304 -
190.27.185.40 - - [14/Dec/2023:01:26:58 -0500] "GET /sipse/faces/javax.faces.resource/layout/layout.css?ln=primefaces&v=4.0 HTTP/1.1" 304 -
190.27.185.40 - - [14/Dec/2023:01:26:58 -0500] "GET /sipse/faces/javax.faces.resource/jquery/jquery.js?ln=primefaces&v=4.0 HTTP/1.1" 304 -
190.27.185.40 - - [14/Dec/2023:01:26:58 -0500] "GET /sipse/faces/javax.faces.resource/jquery/jquery-plugins.js?ln=primefaces&v=4.0 HTTP/1.1" 304 -
190.27.185.40 - - [14/Dec/2023:01:26:58 -0500] "GET /sipse/faces/javax.faces.resource/primefaces.js?ln=primefaces&v=4.0 HTTP/1.1" 304 -
190.27.185.40 - - [14/Dec/2023:01:26:58 -0500] "GET /sipse/faces/javax.faces.resource/layout/layout.js?ln=primefaces&v=4.0 HTTP/1.1" 304 -
190.27.185.40 - - [14/Dec/2023:01:27:01 -0500] "POST /sipse/faces/presentacion/financiero/solicitudProceso/consultar.xhtml HTTP/1.1" 200 12849
201.245.192.253 - - [14/Dec/2023:01:27:15 -0500] "POST /forms/lservlet;jsessionid=ac16012b30d68f87e6b31bdd4159a82faa45787d3329.e3iSbxaKaheRe34Qc38TbN0Nb41ynknvrkLOlQzNp65In0 HTTP/1.1" 200 2
190.27.185.40 - - [14/Dec/2023:01:27:34 -0500] "POST /sipse/faces/presentacion/financiero/solicitudProceso/consultar.xhtml HTTP/1.1" 200 12859
52.167.144.194 - - [14/Dec/2023:01:27:43 -0500] "GET /BLA/resoluciones/RESOLUCIONES%202010/5687.pdf HTTP/1.1" 200 254503
190.27.185.40 - - [14/Dec/2023:01:27:49 -0500] "POST /sipse/faces/presentacion/financiero/solicitudProceso/consultar.xhtml HTTP/1.1" 200 12840
201.245.192.253 - - [14/Dec/2023:01:27:50 -0500] "POST /kwsrmcab/Wsrmcab  HTTP/1.1" 200 37894
201.245.192.253 - - [14/Dec/2023:01:27:55 -0500] "POST /forms/lservlet;jsessionid=ac16012b30d665b9d6b5cea24731bd918aefbc6c9e46.e3iSbxaKaheRe34Qc38TbN0Nb41ynknvrkLOlQzNp65In0 HTTP/1.1" 200 2
216.245.221.92 - - [14/Dec/2023:01:27:58 -0500] "HEAD / HTTP/1.1" 200 -
190.27.185.40 - - [14/Dec/2023:01:28:04 -0500] "POST /sipse/faces/presentacion/financiero/solicitudProceso/consultar.xhtml HTTP/1.1" 200 12880
190.27.185.40 - - [14/Dec/2023:01:28:12 -0500] "POST /sipse/faces/presentacion/financiero/solicitudProceso/consultar.xhtml HTTP/1.1" 200 12963
172.22.2.4 - - [14/Dec/2023:01:29:00 -0500] "GET /BLA/boletinlegal/jurisprudencia/analisis/CUADRO%20ANALISIS%20SENTENCIA%20T-411%20DE%201992.doc HTTP/1.1" 304 -
201.245.192.253 - - [14/Dec/2023:01:29:15 -0500] "POST /forms/lservlet;jsessionid=ac16012b30d68f87e6b31bdd4159a82faa45787d3329.e3iSbxaKaheRe34Qc38TbN0Nb41ynknvrkLOlQzNp65In0 HTTP/1.1" 200 2
190.27.185.40 - - [14/Dec/2023:01:29:32 -0500] "POST /sipse/faces/presentacion/financiero/solicitudProceso/consultarSolicitudProceso.xhtml HTTP/1.1" 200 290990
165.232.96.112 - - [14/Dec/2023:01:29:40 -0500] "\x16\x03\x01\x01\xfd\x01" 400 226
172.22.2.4 - - [14/Dec/2023:01:28:14 -0500] "HEAD /BLA/boletinlegal/ HTTP/1.1" 200 -
201.245.192.253 - - [14/Dec/2023:01:29:55 -0500] "POST /forms/lservlet;jsessionid=ac16012b30d665b9d6b5cea24731bd918aefbc6c9e46.e3iSbxaKaheRe34Qc38TbN0Nb41ynknvrkLOlQzNp65In0 HTTP/1.1" 200 2
201.245.192.253 - - [14/Dec/2023:01:29:54 -0500] "POST /kwsrmcab/Wsrmcab HTTP/1.1" 200 37864
167.0.152.142 - - [14/Dec/2023:01:29:57 -0500] "POST /sipse/faces/presentacion/financiero/solicitudProceso/listarSolicitudProceso.xhtml HTTP/1.1" 200 113767
167.0.152.142 - - [14/Dec/2023:01:29:57 -0500] "GET /sipse/faces/javax.faces.resource/theme.css?ln=primefaces-sipse HTTP/1.1" 304 -
167.0.152.142 - - [14/Dec/2023:01:29:57 -0500] "GET /sipse/faces/javax.faces.resource/primefaces.css?ln=primefaces&v=4.0 HTTP/1.1" 304 -
167.0.152.142 - - [14/Dec/2023:01:29:57 -0500] "GET /sipse/faces/javax.faces.resource/layout/layout.css?ln=primefaces&v=4.0 HTTP/1.1" 304 -
167.0.152.142 - - [14/Dec/2023:01:29:58 -0500] "GET /sipse/faces/javax.faces.resource/jquery/jquery.js?ln=primefaces&v=4.0 HTTP/1.1" 304 -
167.0.152.142 - - [14/Dec/2023:01:29:58 -0500] "GET /sipse/faces/javax.faces.resource/jquery/jquery-plugins.js?ln=primefaces&v=4.0 HTTP/1.1" 304 -
167.0.152.142 - - [14/Dec/2023:01:29:58 -0500] "GET /sipse/faces/javax.faces.resource/primefaces.js?ln=primefaces&v=4.0 HTTP/1.1" 304 -
167.0.152.142 - - [14/Dec/2023:01:29:58 -0500] "GET /sipse/faces/javax.faces.resource/layout/layout.js?ln=primefaces&v=4.0 HTTP/1.1" 304 -
201.245.192.253 - - [14/Dec/2023:01:29:58 -0500] "POST /kwsrmcab/Wsrmcab HTTP/1.1" 200 38510
66.249.66.19 - - [14/Dec/2023:01:30:19 -0500] "GET /resoluciones/RESOLUCIONES%202010/1690.pdf HTTP/1.1" 404 1018
167.0.152.142 - - [14/Dec/2023:01:30:22 -0500] "POST /sipse/faces/presentacion/financiero/solicitudProceso/consultarSolicitudProceso.xhtml HTTP/1.1" 200 193091
190.27.185.40 - - [14/Dec/2023:01:30:41 -0500] "POST /sipse/faces/presentacion/financiero/solicitudProceso/consultarSolicitudProceso.xhtml HTTP/1.1" 200 30326
190.27.185.40 - - [14/Dec/2023:01:30:41 -0500] "GET /sipse/faces/javax.faces.resource/jquery/jquery.js?ln=primefaces&v=4.0 HTTP/1.1" 304 -
190.27.185.40 - - [14/Dec/2023:01:30:41 -0500] "GET /sipse/faces/javax.faces.resource/jquery/jquery-plugins.js?ln=primefaces&v=4.0 HTTP/1.1" 304 -
190.27.185.40 - - [14/Dec/2023:01:30:41 -0500] "GET /sipse/faces/javax.faces.resource/primefaces.js?ln=primefaces&v=4.0 HTTP/1.1" 304 -
190.27.185.40 - - [14/Dec/2023:01:30:41 -0500] "GET /sipse/faces/javax.faces.resource/layout/layout.js?ln=primefaces&v=4.0 HTTP/1.1" 304 -
172.22.2.4 - - [14/Dec/2023:01:29:05 -0500] "GET /BLA/boletinlegal/ HTTP/1.1" 200 58644
190.27.185.40 - - [14/Dec/2023:01:30:46 -0500] "POST /sipse/faces/presentacion/financiero/solicitudProceso/asignarContratacion.xhtml HTTP/1.1" 200 60757
190.27.185.40 - - [14/Dec/2023:01:30:49 -0500] "GET /sipse/faces/javax.faces.resource/jquery/jquery.js?ln=primefaces&v=4.0 HTTP/1.1" 304 -
190.27.185.40 - - [14/Dec/2023:01:30:49 -0500] "GET /sipse/faces/javax.faces.resource/jquery/jquery-plugins.js?ln=primefaces&v=4.0 HTTP/1.1" 304 -
190.27.185.40 - - [14/Dec/2023:01:30:49 -0500] "GET /sipse/faces/javax.faces.resource/primefaces.js?ln=primefaces&v=4.0 HTTP/1.1" 304 -
190.27.185.40 - - [14/Dec/2023:01:30:49 -0500] "GET /sipse/faces/javax.faces.resource/layout/layout.js?ln=primefaces&v=4.0 HTTP/1.1" 304 -
190.27.185.40 - - [14/Dec/2023:01:30:49 -0500] "GET /sipse/faces/javax.faces.resource/messages/messages.png?ln=primefaces&v=4.0 HTTP/1.1" 304 -
190.27.185.40 - - [14/Dec/2023:01:30:49 -0500] "POST /sipse/faces/presentacion/financiero/solicitudProceso/listarSolicitudProceso.xhtml HTTP/1.1" 200 1556
190.27.185.40 - - [14/Dec/2023:01:30:51 -0500] "POST /sipse/faces/presentacion/financiero/solicitudProceso/listarSolicitudProceso.xhtml HTTP/1.1" 200 29689
167.0.152.142 - - [14/Dec/2023:01:30:57 -0500] "POST /sipse/faces/presentacion/financiero/solicitudProceso/consultarSolicitudProceso.xhtml HTTP/1.1" 200 38053
190.27.185.40 - - [14/Dec/2023:01:30:59 -0500] "POST /sipse/faces/presentacion/financiero/solicitudProceso/listarSolicitudProceso.xhtml HTTP/1.1" 200 112676
190.27.185.40 - - [14/Dec/2023:01:31:00 -0500] "GET /sipse/faces/javax.faces.resource/jquery/jquery.js?ln=primefaces&v=4.0 HTTP/1.1" 304 -
190.27.185.40 - - [14/Dec/2023:01:31:00 -0500] "GET /sipse/faces/javax.faces.resource/jquery/jquery-plugins.js?ln=primefaces&v=4.0 HTTP/1.1" 304 -
190.27.185.40 - - [14/Dec/2023:01:31:00 -0500] "GET /sipse/faces/javax.faces.resource/primefaces.js?ln=primefaces&v=4.0 HTTP/1.1" 304 -
190.27.185.40 - - [14/Dec/2023:01:31:00 -0500] "GET /sipse/faces/javax.faces.resource/layout/layout.js?ln=primefaces&v=4.0 HTTP/1.1" 304 -
190.27.185.40 - - [14/Dec/2023:01:31:06 -0500] "POST /sipse/faces/presentacion/financiero/solicitudProceso/consultarSolicitudProceso.xhtml HTTP/1.1" 200 278455
167.0.152.142 - - [14/Dec/2023:01:31:08 -0500] "POST /sipse/faces/presentacion/financiero/solicitudProceso/consultarSolicitudProceso.xhtml HTTP/1.1" 200 133793
201.245.192.253 - - [14/Dec/2023:01:31:15 -0500] "POST /forms/lservlet;jsessionid=ac16012b30d68f87e6b31bdd4159a82faa45787d3329.e3iSbxaKaheRe34Qc38TbN0Nb41ynknvrkLOlQzNp65In0 HTTP/1.1" 200 2
167.0.152.142 - - [14/Dec/2023:01:31:21 -0500] "POST /sipse/faces/presentacion/financiero/solicitudProceso/consultarSolicitudProceso.xhtml HTTP/1.1" 200 5465
167.0.152.142 - - [14/Dec/2023:01:31:21 -0500] "GET /sipse/faces/javax.faces.resource/dynamiccontent.properties?ln=primefaces&pfdrid=XjOR5%2F%2FfPAZAuY9TpWQeCiM0BhlXxYRBGKi%2FQcXXfeA%3D&pfdrid_c=false HTTP/1.1" 200 117426
190.27.185.40 - - [14/Dec/2023:01:31:52 -0500] "POST /sipse/faces/presentacion/financiero/solicitudProceso/consultarSolicitudProceso.xhtml HTTP/1.1" 200 30391
190.27.185.40 - - [14/Dec/2023:01:31:52 -0500] "GET /sipse/faces/javax.faces.resource/jquery/jquery.js?ln=primefaces&v=4.0 HTTP/1.1" 304 -
190.27.185.40 - - [14/Dec/2023:01:31:52 -0500] "GET /sipse/faces/javax.faces.resource/jquery/jquery-plugins.js?ln=primefaces&v=4.0 HTTP/1.1" 304 -
190.27.185.40 - - [14/Dec/2023:01:31:52 -0500] "GET /sipse/faces/javax.faces.resource/primefaces.js?ln=primefaces&v=4.0 HTTP/1.1" 304 -
190.27.185.40 - - [14/Dec/2023:01:31:52 -0500] "GET /sipse/faces/javax.faces.resource/layout/layout.js?ln=primefaces&v=4.0 HTTP/1.1" 304 -
201.245.192.253 - - [14/Dec/2023:01:31:55 -0500] "POST /forms/lservlet;jsessionid=ac16012b30d665b9d6b5cea24731bd918aefbc6c9e46.e3iSbxaKaheRe34Qc38TbN0Nb41ynknvrkLOlQzNp65In0 HTTP/1.1" 200 2
190.27.185.40 - - [14/Dec/2023:01:32:00 -0500] "POST /sipse/faces/presentacion/financiero/solicitudProceso/asignarContratacion.xhtml HTTP/1.1" 200 60757
190.27.185.40 - - [14/Dec/2023:01:32:02 -0500] "GET /sipse/faces/javax.faces.resource/jquery/jquery.js?ln=primefaces&v=4.0 HTTP/1.1" 304 -
190.27.185.40 - - [14/Dec/2023:01:32:02 -0500] "GET /sipse/faces/javax.faces.resource/jquery/jquery-plugins.js?ln=primefaces&v=4.0 HTTP/1.1" 304 -
190.27.185.40 - - [14/Dec/2023:01:32:02 -0500] "GET /sipse/faces/javax.faces.resource/primefaces.js?ln=primefaces&v=4.0 HTTP/1.1" 304 -
190.27.185.40 - - [14/Dec/2023:01:32:02 -0500] "GET /sipse/faces/javax.faces.resource/layout/layout.js?ln=primefaces&v=4.0 HTTP/1.1" 304 -
190.27.185.40 - - [14/Dec/2023:01:32:03 -0500] "POST /sipse/faces/presentacion/financiero/solicitudProceso/listarSolicitudProceso.xhtml HTTP/1.1" 200 1556
190.27.185.40 - - [14/Dec/2023:01:32:07 -0500] "POST /sipse/faces/presentacion/financiero/solicitudProceso/listarSolicitudProceso.xhtml HTTP/1.1" 200 26574
190.27.185.40 - - [14/Dec/2023:01:32:09 -0500] "POST /sipse/faces/presentacion/financiero/solicitudProceso/listarSolicitudProceso.xhtml HTTP/1.1" 200 117618
190.27.185.40 - - [14/Dec/2023:01:32:10 -0500] "GET /sipse/faces/javax.faces.resource/jquery/jquery.js?ln=primefaces&v=4.0 HTTP/1.1" 304 -
190.27.185.40 - - [14/Dec/2023:01:32:10 -0500] "GET /sipse/faces/javax.faces.resource/jquery/jquery-plugins.js?ln=primefaces&v=4.0 HTTP/1.1" 304 -
190.27.185.40 - - [14/Dec/2023:01:32:10 -0500] "GET /sipse/faces/javax.faces.resource/primefaces.js?ln=primefaces&v=4.0 HTTP/1.1" 304 -
190.27.185.40 - - [14/Dec/2023:01:32:10 -0500] "GET /sipse/faces/javax.faces.resource/layout/layout.js?ln=primefaces&v=4.0 HTTP/1.1" 304 -
190.27.185.40 - - [14/Dec/2023:01:32:10 -0500] "GET /sipse/faces/javax.faces.resource/dynamiccontent.properties?ln=primefaces&pfdrid=XjOR5%2F%2FfPAZAuY9TpWQeCiM0BhlXxYRBGKi%2FQcXXfeA%3D&pfdrid_c=false HTTP/1.1" 500 383
190.27.185.40 - - [14/Dec/2023:01:32:15 -0500] "POST /sipse/faces/presentacion/financiero/solicitudProceso/consultarSolicitudProceso.xhtml HTTP/1.1" 200 544792
201.245.192.253 - - [14/Dec/2023:01:32:49 -0500] "POST /kwsrmcab/Wsrmcab  HTTP/1.1" 200 37894
216.245.221.92 - - [14/Dec/2023:01:32:58 -0500] "HEAD / HTTP/1.1" 200 -
190.27.185.40 - - [14/Dec/2023:01:33:04 -0500] "POST /sipse/faces/presentacion/financiero/solicitudProceso/consultarSolicitudProceso.xhtml HTTP/1.1" 200 30393
190.27.185.40 - - [14/Dec/2023:01:33:04 -0500] "GET /sipse/faces/javax.faces.resource/jquery/jquery.js?ln=primefaces&v=4.0 HTTP/1.1" 304 -
190.27.185.40 - - [14/Dec/2023:01:33:04 -0500] "GET /sipse/faces/javax.faces.resource/jquery/jquery-plugins.js?ln=primefaces&v=4.0 HTTP/1.1" 304 -
190.27.185.40 - - [14/Dec/2023:01:33:04 -0500] "GET /sipse/faces/javax.faces.resource/primefaces.js?ln=primefaces&v=4.0 HTTP/1.1" 304 -
190.27.185.40 - - [14/Dec/2023:01:33:04 -0500] "GET /sipse/faces/javax.faces.resource/layout/layout.js?ln=primefaces&v=4.0 HTTP/1.1" 304 -
190.27.185.40 - - [14/Dec/2023:01:33:09 -0500] "POST /sipse/faces/presentacion/financiero/solicitudProceso/asignarContratacion.xhtml HTTP/1.1" 200 57622
190.27.185.40 - - [14/Dec/2023:01:33:11 -0500] "GET /sipse/faces/javax.faces.resource/jquery/jquery.js?ln=primefaces&v=4.0 HTTP/1.1" 304 -
190.27.185.40 - - [14/Dec/2023:01:33:11 -0500] "GET /sipse/faces/javax.faces.resource/jquery/jquery-plugins.js?ln=primefaces&v=4.0 HTTP/1.1" 304 -
190.27.185.40 - - [14/Dec/2023:01:33:11 -0500] "GET /sipse/faces/javax.faces.resource/primefaces.js?ln=primefaces&v=4.0 HTTP/1.1" 304 -
190.27.185.40 - - [14/Dec/2023:01:33:11 -0500] "GET /sipse/faces/javax.faces.resource/layout/layout.js?ln=primefaces&v=4.0 HTTP/1.1" 304 -
190.27.185.40 - - [14/Dec/2023:01:33:12 -0500] "POST /sipse/faces/presentacion/financiero/solicitudProceso/listarSolicitudProceso.xhtml HTTP/1.1" 200 1544
190.27.185.40 - - [14/Dec/2023:01:33:15 -0500] "POST /sipse/faces/presentacion/financiero/solicitudProceso/listarSolicitudProceso.xhtml HTTP/1.1" 200 23424
201.245.192.253 - - [14/Dec/2023:01:33:15 -0500] "POST /forms/lservlet;jsessionid=ac16012b30d68f87e6b31bdd4159a82faa45787d3329.e3iSbxaKaheRe34Qc38TbN0Nb41ynknvrkLOlQzNp65In0 HTTP/1.1" 200 2
190.27.185.40 - - [14/Dec/2023:01:33:19 -0500] "POST /sipse/faces/presentacion/financiero/solicitudProceso/listarSolicitudProceso.xhtml HTTP/1.1" 200 117125
190.27.185.40 - - [14/Dec/2023:01:33:20 -0500] "GET /sipse/faces/javax.faces.resource/jquery/jquery.js?ln=primefaces&v=4.0 HTTP/1.1" 304 -
190.27.185.40 - - [14/Dec/2023:01:33:20 -0500] "GET /sipse/faces/javax.faces.resource/jquery/jquery-plugins.js?ln=primefaces&v=4.0 HTTP/1.1" 304 -
190.27.185.40 - - [14/Dec/2023:01:33:20 -0500] "GET /sipse/faces/javax.faces.resource/primefaces.js?ln=primefaces&v=4.0 HTTP/1.1" 304 -
190.27.185.40 - - [14/Dec/2023:01:33:20 -0500] "GET /sipse/faces/javax.faces.resource/layout/layout.js?ln=primefaces&v=4.0 HTTP/1.1" 304 -
190.27.185.40 - - [14/Dec/2023:01:33:20 -0500] "GET /sipse/faces/javax.faces.resource/dynamiccontent.properties?ln=primefaces&pfdrid=XjOR5%2F%2FfPAZAuY9TpWQeCiM0BhlXxYRBGKi%2FQcXXfeA%3D&pfdrid_c=false HTTP/1.1" 500 383
190.27.185.40 - - [14/Dec/2023:01:33:25 -0500] "POST /sipse/faces/presentacion/financiero/solicitudProceso/consultarSolicitudProceso.xhtml HTTP/1.1" 200 545210
201.245.192.253 - - [14/Dec/2023:01:33:55 -0500] "POST /forms/lservlet;jsessionid=ac16012b30d665b9d6b5cea24731bd918aefbc6c9e46.e3iSbxaKaheRe34Qc38TbN0Nb41ynknvrkLOlQzNp65In0 HTTP/1.1" 200 2
190.27.185.40 - - [14/Dec/2023:01:33:55 -0500] "POST /sipse/faces/presentacion/financiero/solicitudProceso/consultarSolicitudProceso.xhtml HTTP/1.1" 200 57836
190.27.185.40 - - [14/Dec/2023:01:33:56 -0500] "GET /sipse/faces/javax.faces.resource/theme.css?ln=primefaces-sipse HTTP/1.1" 304 -
190.27.185.40 - - [14/Dec/2023:01:33:56 -0500] "GET /sipse/faces/javax.faces.resource/primefaces.css?ln=primefaces&v=4.0 HTTP/1.1" 304 -
190.27.185.40 - - [14/Dec/2023:01:33:56 -0500] "GET /sipse/faces/javax.faces.resource/jquery/jquery-plugins.js?ln=primefaces&v=4.0 HTTP/1.1" 304 -
190.27.185.40 - - [14/Dec/2023:01:33:56 -0500] "GET /sipse/faces/javax.faces.resource/layout/layout.css?ln=primefaces&v=4.0 HTTP/1.1" 304 -
190.27.185.40 - - [14/Dec/2023:01:33:56 -0500] "GET /sipse/faces/javax.faces.resource/jquery/jquery.js?ln=primefaces&v=4.0 HTTP/1.1" 304 -
190.27.185.40 - - [14/Dec/2023:01:33:56 -0500] "GET /sipse/faces/javax.faces.resource/primefaces.js?ln=primefaces&v=4.0 HTTP/1.1" 304 -
190.27.185.40 - - [14/Dec/2023:01:33:56 -0500] "GET /sipse/faces/javax.faces.resource/layout/layout.js?ln=primefaces&v=4.0 HTTP/1.1" 304 -
190.27.185.40 - - [14/Dec/2023:01:33:56 -0500] "GET /sipse/faces/javax.faces.resource/images/ui-icons_898989_256x240.png?ln=primefaces-aristo HTTP/1.1" 304 -
190.27.185.40 - - [14/Dec/2023:01:33:56 -0500] "GET /sipse/faces/javax.faces.resource/images/ui-bg_flat_0_2d5972_40x100.png?ln=primefaces-aristo HTTP/1.1" 304 -
190.27.185.40 - - [14/Dec/2023:01:33:56 -0500] "POST /sipse/faces/presentacion/financiero/solicitudProceso/listarSolicitudProceso.xhtml HTTP/1.1" 200 1524
190.27.185.40 - - [14/Dec/2023:01:33:56 -0500] "POST /sipse/faces/presentacion/financiero/solicitudProceso/listarSolicitudProceso.xhtml HTTP/1.1" 200 1528
190.27.185.40 - - [14/Dec/2023:01:34:02 -0500] "POST /sipse/faces/presentacion/financiero/solicitudProceso/listarSolicitudProceso.xhtml HTTP/1.1" 200 117015
190.27.185.40 - - [14/Dec/2023:01:34:03 -0500] "GET /sipse/faces/javax.faces.resource/jquery/jquery.js?ln=primefaces&v=4.0 HTTP/1.1" 304 -
190.27.185.40 - - [14/Dec/2023:01:34:03 -0500] "GET /sipse/faces/javax.faces.resource/jquery/jquery-plugins.js?ln=primefaces&v=4.0 HTTP/1.1" 304 -
190.27.185.40 - - [14/Dec/2023:01:34:03 -0500] "GET /sipse/faces/javax.faces.resource/primefaces.js?ln=primefaces&v=4.0 HTTP/1.1" 304 -
190.27.185.40 - - [14/Dec/2023:01:34:03 -0500] "GET /sipse/faces/javax.faces.resource/layout/layout.js?ln=primefaces&v=4.0 HTTP/1.1" 304 -
190.27.185.40 - - [14/Dec/2023:01:34:03 -0500] "GET /sipse/faces/javax.faces.resource/dynamiccontent.properties?ln=primefaces&pfdrid=XjOR5%2F%2FfPAZAuY9TpWQeCiM0BhlXxYRBGKi%2FQcXXfeA%3D&pfdrid_c=false HTTP/1.1" 500 383
190.27.185.40 - - [14/Dec/2023:01:34:06 -0500] "POST /sipse/faces/presentacion/financiero/solicitudProceso/consultarSolicitudProceso.xhtml HTTP/1.1" 200 542315
201.245.192.253 - - [14/Dec/2023:01:35:15 -0500] "POST /forms/lservlet;jsessionid=ac16012b30d68f87e6b31bdd4159a82faa45787d3329.e3iSbxaKaheRe34Qc38TbN0Nb41ynknvrkLOlQzNp65In0 HTTP/1.1" 200 2
172.22.2.4 - - [14/Dec/2023:01:34:04 -0500] "HEAD /BLA/boletinlegal/ HTTP/1.1" 200 -
201.245.192.253 - - [14/Dec/2023:01:35:55 -0500] "POST /forms/lservlet;jsessionid=ac16012b30d665b9d6b5cea24731bd918aefbc6c9e46.e3iSbxaKaheRe34Qc38TbN0Nb41ynknvrkLOlQzNp65In0 HTTP/1.1" 200 2
201.245.192.253 - - [14/Dec/2023:01:36:05 -0500] "POST /kwsrmcab/Wsrmcab HTTP/1.1" 503 1020
201.245.192.253 - - [14/Dec/2023:01:36:06 -0500] "POST /kwsrmcab/Wsrmcab HTTP/1.1" 503 1020
162.55.162.137 - - [14/Dec/2023:01:36:17 -0500] "GET / HTTP/1.1" 200 319
162.55.162.137 - - [14/Dec/2023:01:36:20 -0500] "GET / HTTP/1.1" 200 4720
172.22.2.4 - - [14/Dec/2023:01:34:55 -0500] "GET /BLA/boletinlegal/ HTTP/1.1" 200 58294
201.245.192.253 - - [14/Dec/2023:01:37:15 -0500] "POST /forms/lservlet;jsessionid=ac16012b30d68f87e6b31bdd4159a82faa45787d3329.e3iSbxaKaheRe34Qc38TbN0Nb41ynknvrkLOlQzNp65In0 HTTP/1.1" 200 2
201.245.192.253 - - [14/Dec/2023:01:37:49 -0500] "POST /kwsrmcab/Wsrmcab  HTTP/1.1" 200 37894
216.245.221.92 - - [14/Dec/2023:01:37:58 -0500] "HEAD / HTTP/1.1" 200 -
201.245.192.253 - - [14/Dec/2023:01:37:58 -0500] "POST /forms/lservlet;jsessionid=ac16012b30d665b9d6b5cea24731bd918aefbc6c9e46.e3iSbxaKaheRe34Qc38TbN0Nb41ynknvrkLOlQzNp65In0 HTTP/1.1" 200 2
201.245.192.253 - - [14/Dec/2023:01:39:15 -0500] "POST /forms/lservlet;jsessionid=ac16012b30d68f87e6b31bdd4159a82faa45787d3329.e3iSbxaKaheRe34Qc38TbN0Nb41ynknvrkLOlQzNp65In0 HTTP/1.1" 200 2
216.244.66.195 - - [14/Dec/2023:01:39:40 -0500] "GET /BLA/resoluciones/AUTOS%202016/0203.pdf HTTP/1.1" 200 482234
201.245.192.253 - - [14/Dec/2023:01:39:55 -0500] "POST /kwsrmcab/Wsrmcab HTTP/1.1" 200 37864
201.245.192.253 - - [14/Dec/2023:01:39:58 -0500] "POST /forms/lservlet;jsessionid=ac16012b30d665b9d6b5cea24731bd918aefbc6c9e46.e3iSbxaKaheRe34Qc38TbN0Nb41ynknvrkLOlQzNp65In0 HTTP/1.1" 200 2
201.245.192.253 - - [14/Dec/2023:01:39:59 -0500] "POST /kwsrmcab/Wsrmcab HTTP/1.1" 200 38510
216.244.66.195 - - [14/Dec/2023:01:40:17 -0500] "GET /BLA/resoluciones/AUTOS%202016/0467.pdf HTTP/1.1" 200 695531
216.244.66.195 - - [14/Dec/2023:01:41:00 -0500] "GET /BLA/resoluciones/AUTOS%202016/0511.pdf HTTP/1.1" 200 772050
201.245.192.253 - - [14/Dec/2023:01:41:15 -0500] "POST /forms/lservlet;jsessionid=ac16012b30d68f87e6b31bdd4159a82faa45787d3329.e3iSbxaKaheRe34Qc38TbN0Nb41ynknvrkLOlQzNp65In0 HTTP/1.1" 200 2
172.22.2.4 - - [14/Dec/2023:01:39:54 -0500] "HEAD /BLA/boletinlegal/ HTTP/1.1" 200 -
216.244.66.195 - - [14/Dec/2023:01:41:50 -0500] "GET /BLA/resoluciones/AUTOS%202016/0514.pdf HTTP/1.1" 200 657530
201.245.192.253 - - [14/Dec/2023:01:41:58 -0500] "POST /forms/lservlet;jsessionid=ac16012b30d665b9d6b5cea24731bd918aefbc6c9e46.e3iSbxaKaheRe34Qc38TbN0Nb41ynknvrkLOlQzNp65In0 HTTP/1.1" 200 2
172.22.2.4 - - [14/Dec/2023:01:40:45 -0500] "GET /BLA/boletinlegal/ HTTP/1.1" 200 58644
117.245.94.196 - - [14/Dec/2023:01:42:28 -0500] "GET / HTTP/1.1" 200 319
117.245.94.196 - - [14/Dec/2023:01:42:28 -0500] "GET / HTTP/1.1" 200 319
216.244.66.195 - - [14/Dec/2023:01:42:35 -0500] "GET /BLA/resoluciones/AUTOS%202016/0674.pdf HTTP/1.1" 200 542339
201.245.192.253 - - [14/Dec/2023:01:42:47 -0500] "POST /kwsrmcab/Wsrmcab  HTTP/1.1" 200 37894
216.245.221.92 - - [14/Dec/2023:01:42:58 -0500] "HEAD / HTTP/1.1" 200 -
201.245.192.253 - - [14/Dec/2023:01:43:15 -0500] "POST /forms/lservlet;jsessionid=ac16012b30d68f87e6b31bdd4159a82faa45787d3329.e3iSbxaKaheRe34Qc38TbN0Nb41ynknvrkLOlQzNp65In0 HTTP/1.1" 200 2
216.244.66.195 - - [14/Dec/2023:01:43:19 -0500] "GET /BLA/resoluciones/AUTOS%202016/0734.pdf HTTP/1.1" 200 617068
201.245.192.253 - - [14/Dec/2023:01:43:58 -0500] "POST /forms/lservlet;jsessionid=ac16012b30d665b9d6b5cea24731bd918aefbc6c9e46.e3iSbxaKaheRe34Qc38TbN0Nb41ynknvrkLOlQzNp65In0 HTTP/1.1" 200 2
216.244.66.195 - - [14/Dec/2023:01:44:05 -0500] "GET /BLA/resoluciones/AUTOS%202016/1120.pdf HTTP/1.1" 200 515753
216.244.66.195 - - [14/Dec/2023:01:44:56 -0500] "GET /BLA/resoluciones/AUTOS%202016/1204.pdf HTTP/1.1" 200 312608
201.245.192.253 - - [14/Dec/2023:01:45:15 -0500] "POST /forms/lservlet;jsessionid=ac16012b30d68f87e6b31bdd4159a82faa45787d3329.e3iSbxaKaheRe34Qc38TbN0Nb41ynknvrkLOlQzNp65In0 HTTP/1.1" 200 2
216.244.66.195 - - [14/Dec/2023:01:45:37 -0500] "GET /BLA/resoluciones/AUTOS%202016/1220.pdf HTTP/1.1" 200 378162
201.245.192.253 - - [14/Dec/2023:01:45:58 -0500] "POST /forms/lservlet;jsessionid=ac16012b30d665b9d6b5cea24731bd918aefbc6c9e46.e3iSbxaKaheRe34Qc38TbN0Nb41ynknvrkLOlQzNp65In0 HTTP/1.1" 200 2
216.244.66.195 - - [14/Dec/2023:01:46:25 -0500] "GET /BLA/resoluciones/AUTOS%202016/1235.pdf HTTP/1.1" 200 334926
216.244.66.195 - - [14/Dec/2023:01:47:08 -0500] "GET /BLA/resoluciones/AUTOS%202016/1570.pdf HTTP/1.1" 200 335971
201.245.192.253 - - [14/Dec/2023:01:47:15 -0500] "POST /forms/lservlet;jsessionid=ac16012b30d68f87e6b31bdd4159a82faa45787d3329.e3iSbxaKaheRe34Qc38TbN0Nb41ynknvrkLOlQzNp65In0 HTTP/1.1" 200 2
172.22.2.4 - - [14/Dec/2023:01:45:44 -0500] "HEAD /BLA/boletinlegal/ HTTP/1.1" 200 -
201.245.192.253 - - [14/Dec/2023:01:47:45 -0500] "POST /kwsrmcab/Wsrmcab  HTTP/1.1" 200 37894
216.244.66.195 - - [14/Dec/2023:01:47:53 -0500] "GET /BLA/resoluciones/AUTOS%202016/1834.pdf HTTP/1.1" 200 473523
216.245.221.92 - - [14/Dec/2023:01:47:58 -0500] "HEAD / HTTP/1.1" 200 -
201.245.192.253 - - [14/Dec/2023:01:47:58 -0500] "POST /forms/lservlet;jsessionid=ac16012b30d665b9d6b5cea24731bd918aefbc6c9e46.e3iSbxaKaheRe34Qc38TbN0Nb41ynknvrkLOlQzNp65In0 HTTP/1.1" 200 2
172.22.2.4 - - [14/Dec/2023:01:46:35 -0500] "GET /BLA/boletinlegal/ HTTP/1.1" 200 60634
152.61.128.50 - - [14/Dec/2023:01:48:16 -0500] "GET / HTTP/1.1" 200 319
216.244.66.195 - - [14/Dec/2023:01:48:52 -0500] "GET /BLA/resoluciones/AUTOS%202016/2298.pdf HTTP/1.1" 200 573434
201.245.192.253 - - [14/Dec/2023:01:49:15 -0500] "POST /forms/lservlet;jsessionid=ac16012b30d68f87e6b31bdd4159a82faa45787d3329.e3iSbxaKaheRe34Qc38TbN0Nb41ynknvrkLOlQzNp65In0 HTTP/1.1" 200 2
216.244.66.195 - - [14/Dec/2023:01:49:42 -0500] "GET /BLA/resoluciones/AUTOS%202016/2601.pdf HTTP/1.1" 200 446682
201.245.192.253 - - [14/Dec/2023:01:49:58 -0500] "POST /forms/lservlet;jsessionid=ac16012b30d665b9d6b5cea24731bd918aefbc6c9e46.e3iSbxaKaheRe34Qc38TbN0Nb41ynknvrkLOlQzNp65In0 HTTP/1.1" 200 2
216.244.66.195 - - [14/Dec/2023:01:50:41 -0500] "GET /BLA/resoluciones/AUTOS%202016/2953.pdf HTTP/1.1" 200 942654
201.245.192.253 - - [14/Dec/2023:01:51:15 -0500] "POST /forms/lservlet;jsessionid=ac16012b30d68f87e6b31bdd4159a82faa45787d3329.e3iSbxaKaheRe34Qc38TbN0Nb41ynknvrkLOlQzNp65In0 HTTP/1.1" 200 2
216.244.66.195 - - [14/Dec/2023:01:51:31 -0500] "GET /BLA/resoluciones/AUTOS%202016/2960.pdf HTTP/1.1" 200 528727
201.245.192.253 - - [14/Dec/2023:01:51:58 -0500] "POST /forms/lservlet;jsessionid=ac16012b30d665b9d6b5cea24731bd918aefbc6c9e46.e3iSbxaKaheRe34Qc38TbN0Nb41ynknvrkLOlQzNp65In0 HTTP/1.1" 200 2
216.244.66.195 - - [14/Dec/2023:01:52:21 -0500] "GET /BLA/resoluciones/AUTOS%202016/0025.pdf HTTP/1.1" 200 525407
201.245.192.253 - - [14/Dec/2023:01:52:44 -0500] "POST /kwsrmcab/Wsrmcab  HTTP/1.1" 200 37894
216.245.221.92 - - [14/Dec/2023:01:52:58 -0500] "HEAD / HTTP/1.1" 200 -
216.244.66.195 - - [14/Dec/2023:01:53:11 -0500] "GET /BLA/resoluciones/AUTOS%202018/2295.pdf HTTP/1.1" 200 284543
172.22.2.4 - - [14/Dec/2023:01:51:34 -0500] "HEAD /BLA/boletinlegal/ HTTP/1.1" 200 -
201.245.192.253 - - [14/Dec/2023:01:53:15 -0500] "POST /forms/lservlet;jsessionid=ac16012b30d68f87e6b31bdd4159a82faa45787d3329.e3iSbxaKaheRe34Qc38TbN0Nb41ynknvrkLOlQzNp65In0 HTTP/1.1" 200 2
216.244.66.195 - - [14/Dec/2023:01:53:55 -0500] "GET /BLA/resoluciones/AUTOS%202019/3337.pdf HTTP/1.1" 200 341174
201.245.192.253 - - [14/Dec/2023:01:53:58 -0500] "POST /forms/lservlet;jsessionid=ac16012b30d665b9d6b5cea24731bd918aefbc6c9e46.e3iSbxaKaheRe34Qc38TbN0Nb41ynknvrkLOlQzNp65In0 HTTP/1.1" 200 2
162.55.165.184 - - [14/Dec/2023:01:54:03 -0500] "GET / HTTP/1.1" 200 319
172.22.2.4 - - [14/Dec/2023:01:52:25 -0500] "GET /BLA/boletinlegal/ HTTP/1.1" 200 60634
162.55.165.184 - - [14/Dec/2023:01:54:06 -0500] "GET / HTTP/1.1" 200 4720
216.244.66.195 - - [14/Dec/2023:01:54:39 -0500] "GET /BLA/resoluciones/AUTOS%202007/1054.pdf HTTP/1.1" 200 93744
201.245.192.253 - - [14/Dec/2023:01:55:15 -0500] "POST /forms/lservlet;jsessionid=ac16012b30d68f87e6b31bdd4159a82faa45787d3329.e3iSbxaKaheRe34Qc38TbN0Nb41ynknvrkLOlQzNp65In0 HTTP/1.1" 200 2
216.244.66.195 - - [14/Dec/2023:01:55:19 -0500] "GET /BLA/resoluciones/AUTOS%202010/0605.pdf HTTP/1.1" 200 196977
167.0.152.142 - - [14/Dec/2023:01:55:49 -0500] "POST /sipse/faces/presentacion/financiero/solicitudProceso/consultarSolicitudProceso.xhtml HTTP/1.1" 200 62997
167.0.152.142 - - [14/Dec/2023:01:55:50 -0500] "GET /sipse/faces/javax.faces.resource/theme.css?ln=primefaces-sipse HTTP/1.1" 304 -
167.0.152.142 - - [14/Dec/2023:01:55:50 -0500] "GET /sipse/faces/javax.faces.resource/primefaces.css?ln=primefaces&v=4.0 HTTP/1.1" 304 -
167.0.152.142 - - [14/Dec/2023:01:55:50 -0500] "GET /sipse/faces/javax.faces.resource/layout/layout.css?ln=primefaces&v=4.0 HTTP/1.1" 304 -
167.0.152.142 - - [14/Dec/2023:01:55:50 -0500] "GET /sipse/css/imagen/contrasena.png HTTP/1.1" 404 383
167.0.152.142 - - [14/Dec/2023:01:55:50 -0500] "GET /sipse/faces/javax.faces.resource/jquery/jquery.js?ln=primefaces&v=4.0 HTTP/1.1" 304 -
167.0.152.142 - - [14/Dec/2023:01:55:50 -0500] "GET /sipse/faces/javax.faces.resource/jquery/jquery-plugins.js?ln=primefaces&v=4.0 HTTP/1.1" 304 -
167.0.152.142 - - [14/Dec/2023:01:55:50 -0500] "GET /sipse/faces/javax.faces.resource/primefaces.js?ln=primefaces&v=4.0 HTTP/1.1" 304 -
167.0.152.142 - - [14/Dec/2023:01:55:50 -0500] "GET /sipse/faces/javax.faces.resource/layout/layout.js?ln=primefaces&v=4.0 HTTP/1.1" 304 -
167.0.152.142 - - [14/Dec/2023:01:55:50 -0500] "POST /sipse/faces/presentacion/financiero/solicitudProceso/listarSolicitudProceso.xhtml HTTP/1.1" 200 56271
167.0.152.142 - - [14/Dec/2023:01:55:51 -0500] "POST /sipse/faces/presentacion/financiero/solicitudProceso/listarSolicitudProceso.xhtml HTTP/1.1" 200 56271
167.0.152.142 - - [14/Dec/2023:01:55:51 -0500] "POST /sipse/faces/presentacion/financiero/solicitudProceso/listarSolicitudProceso.xhtml HTTP/1.1" 200 1556
167.0.152.142 - - [14/Dec/2023:01:55:52 -0500] "POST /sipse/faces/presentacion/financiero/solicitudProceso/listarSolicitudProceso.xhtml HTTP/1.1" 200 1552
167.0.152.142 - - [14/Dec/2023:01:55:52 -0500] "POST /sipse/faces/presentacion/financiero/solicitudProceso/listarSolicitudProceso.xhtml HTTP/1.1" 200 1564
201.245.192.253 - - [14/Dec/2023:01:55:58 -0500] "POST /forms/lservlet;jsessionid=ac16012b30d665b9d6b5cea24731bd918aefbc6c9e46.e3iSbxaKaheRe34Qc38TbN0Nb41ynknvrkLOlQzNp65In0 HTTP/1.1" 200 2
216.244.66.195 - - [14/Dec/2023:01:56:02 -0500] "GET /BLA/resoluciones/AUTOS%202010/1017.pdf HTTP/1.1" 200 127122
167.94.145.58 - - [14/Dec/2023:01:56:23 -0500] "GET / HTTP/1.1" 200 319
167.94.145.58 - - [14/Dec/2023:01:56:27 -0500] "GET / HTTP/1.1" 200 319
167.94.145.58 - - [14/Dec/2023:01:56:27 -0500] "PRI * HTTP/2.0" 400 946
167.0.152.142 - - [14/Dec/2023:01:56:26 -0500] "POST /sipse/faces/presentacion/financiero/solicitudProceso/listarSolicitudProceso.xhtml HTTP/1.1" 200 114330
167.0.152.142 - - [14/Dec/2023:01:56:27 -0500] "GET /sipse/faces/javax.faces.resource/theme.css?ln=primefaces-sipse HTTP/1.1" 304 -
167.0.152.142 - - [14/Dec/2023:01:56:27 -0500] "GET /sipse/faces/javax.faces.resource/layout/layout.css?ln=primefaces&v=4.0 HTTP/1.1" 304 -
167.0.152.142 - - [14/Dec/2023:01:56:27 -0500] "GET /sipse/faces/javax.faces.resource/primefaces.css?ln=primefaces&v=4.0 HTTP/1.1" 304 -
167.0.152.142 - - [14/Dec/2023:01:56:27 -0500] "GET /sipse/faces/javax.faces.resource/jquery/jquery.js?ln=primefaces&v=4.0 HTTP/1.1" 304 -
167.0.152.142 - - [14/Dec/2023:01:56:27 -0500] "GET /sipse/faces/javax.faces.resource/jquery/jquery-plugins.js?ln=primefaces&v=4.0 HTTP/1.1" 304 -
167.0.152.142 - - [14/Dec/2023:01:56:27 -0500] "GET /sipse/faces/javax.faces.resource/primefaces.js?ln=primefaces&v=4.0 HTTP/1.1" 304 -
167.94.145.58 - - [14/Dec/2023:01:56:27 -0500] "GET /favicon.ico HTTP/1.1" 200 7782
167.0.152.142 - - [14/Dec/2023:01:56:27 -0500] "GET /sipse/faces/javax.faces.resource/layout/layout.js?ln=primefaces&v=4.0 HTTP/1.1" 304 -
167.0.152.142 - - [14/Dec/2023:01:56:28 -0500] "GET /sipse/css/imagen/contrasena.png HTTP/1.1" 404 383
167.0.152.142 - - [14/Dec/2023:01:56:28 -0500] "GET /sipse/faces/javax.faces.resource/dynamiccontent.properties?ln=primefaces&pfdrid=XjOR5%2F%2FfPAZAuY9TpWQeCiM0BhlXxYRBGKi%2FQcXXfeA%3D&pfdrid_c=false HTTP/1.1" 500 383
216.244.66.195 - - [14/Dec/2023:01:56:35 -0500] "GET /BLA/resoluciones/AUTOS%202010/1367.pdf HTTP/1.1" 200 241279
167.0.152.142 - - [14/Dec/2023:01:56:43 -0500] "POST /sipse/faces/presentacion/financiero/solicitudProceso/consultarSolicitudProceso.xhtml HTTP/1.1" 200 191073
216.244.66.195 - - [14/Dec/2023:01:57:13 -0500] "GET /BLA/resoluciones/AUTOS%202010/1512.pdf HTTP/1.1" 200 5840
167.0.152.142 - - [14/Dec/2023:01:57:13 -0500] "POST /sipse/faces/presentacion/financiero/solicitudProceso/consultarSolicitudProceso.xhtml HTTP/1.1" 200 191073
201.245.192.253 - - [14/Dec/2023:01:57:15 -0500] "POST /forms/lservlet;jsessionid=ac16012b30d68f87e6b31bdd4159a82faa45787d3329.e3iSbxaKaheRe34Qc38TbN0Nb41ynknvrkLOlQzNp65In0 HTTP/1.1" 200 2
167.0.152.142 - - [14/Dec/2023:01:57:25 -0500] "POST /sipse/faces/presentacion/financiero/solicitudProceso/consultarSolicitudProceso.xhtml HTTP/1.1" 200 2200606
167.0.152.142 - - [14/Dec/2023:01:57:33 -0500] "POST /sipse/faces/presentacion/financiero/solicitudProceso/consultarSolicitudProceso.xhtml HTTP/1.1" 200 2143283
40.77.167.85 - - [14/Dec/2023:01:57:38 -0500] "GET /robots.txt HTTP/1.1" 404 1018
216.244.66.195 - - [14/Dec/2023:01:57:42 -0500] "GET /BLA/resoluciones/AUTOS%202010/1952.pdf HTTP/1.1" 200 384004
201.245.192.253 - - [14/Dec/2023:01:57:42 -0500] "POST /kwsrmcab/Wsrmcab  HTTP/1.1" 200 37894
167.0.152.142 - - [14/Dec/2023:01:57:51 -0500] "POST /sipse/faces/presentacion/financiero/solicitudProceso/consultarSolicitudProceso.xhtml HTTP/1.1" 200 5465
167.0.152.142 - - [14/Dec/2023:01:57:52 -0500] "GET /sipse/faces/javax.faces.resource/dynamiccontent.properties?ln=primefaces&pfdrid=XjOR5%2F%2FfPAZAuY9TpWQeCiM0BhlXxYRBGKi%2FQcXXfeA%3D&pfdrid_c=false HTTP/1.1" 200 117414
216.245.221.92 - - [14/Dec/2023:01:57:58 -0500] "HEAD / HTTP/1.1" 200 -
201.245.192.253 - - [14/Dec/2023:01:57:58 -0500] "POST /forms/lservlet;jsessionid=ac16012b30d665b9d6b5cea24731bd918aefbc6c9e46.e3iSbxaKaheRe34Qc38TbN0Nb41ynknvrkLOlQzNp65In0 HTTP/1.1" 200 2
216.244.66.195 - - [14/Dec/2023:01:58:17 -0500] "GET /BLA/resoluciones/AUTOS%202010/2180.pdf HTTP/1.1" 200 605842
216.244.66.195 - - [14/Dec/2023:01:59:02 -0500] "GET /BLA/resoluciones/AUTOS%202010/2292.PDF HTTP/1.1" 200 822679
172.22.2.4 - - [14/Dec/2023:01:57:24 -0500] "HEAD /BLA/boletinlegal/ HTTP/1.1" 200 -
201.245.192.253 - - [14/Dec/2023:01:59:15 -0500] "POST /forms/lservlet;jsessionid=ac16012b30d68f87e6b31bdd4159a82faa45787d3329.e3iSbxaKaheRe34Qc38TbN0Nb41ynknvrkLOlQzNp65In0 HTTP/1.1" 200 2
216.244.66.195 - - [14/Dec/2023:01:59:52 -0500] "GET /BLA/resoluciones/AUTOS%202010/3928.pdf HTTP/1.1" 200 446421
172.22.2.4 - - [14/Dec/2023:01:58:15 -0500] "GET /BLA/boletinlegal/ HTTP/1.1" 200 58644
201.245.192.253 - - [14/Dec/2023:01:59:58 -0500] "POST /forms/lservlet;jsessionid=ac16012b30d665b9d6b5cea24731bd918aefbc6c9e46.e3iSbxaKaheRe34Qc38TbN0Nb41ynknvrkLOlQzNp65In0 HTTP/1.1" 200 2
216.244.66.195 - - [14/Dec/2023:02:00:35 -0500] "GET /BLA/resoluciones/AUTOS%202010/4436.pdf HTTP/1.1" 200 1344889
201.245.192.253 - - [14/Dec/2023:02:01:15 -0500] "POST /forms/lservlet;jsessionid=ac16012b30d68f87e6b31bdd4159a82faa45787d3329.e3iSbxaKaheRe34Qc38TbN0Nb41ynknvrkLOlQzNp65In0 HTTP/1.1" 200 2
216.244.66.195 - - [14/Dec/2023:02:01:25 -0500] "GET /BLA/resoluciones/AUTOS%202010/4737.pdf HTTP/1.1" 200 151657
201.245.192.253 - - [14/Dec/2023:02:01:58 -0500] "POST /forms/lservlet;jsessionid=ac16012b30d665b9d6b5cea24731bd918aefbc6c9e46.e3iSbxaKaheRe34Qc38TbN0Nb41ynknvrkLOlQzNp65In0 HTTP/1.1" 200 2
216.244.66.195 - - [14/Dec/2023:02:01:59 -0500] "GET /BLA/resoluciones/AUTOS%202010/5598.pdf HTTP/1.1" 200 176061
216.244.66.195 - - [14/Dec/2023:02:02:37 -0500] "GET /BLA/resoluciones/AUTOS%202010/5645.pdf HTTP/1.1" 200 259435
201.245.192.253 - - [14/Dec/2023:02:02:40 -0500] "POST /kwsrmcab/Wsrmcab  HTTP/1.1" 200 37894
216.245.221.92 - - [14/Dec/2023:02:02:58 -0500] "HEAD / HTTP/1.1" 200 -
216.244.66.195 - - [14/Dec/2023:02:03:10 -0500] "GET /BLA/resoluciones/AUTOS%202010/5780.pdf HTTP/1.1" 200 9470428
201.245.192.253 - - [14/Dec/2023:02:03:15 -0500] "POST /forms/lservlet;jsessionid=ac16012b30d68f87e6b31bdd4159a82faa45787d3329.e3iSbxaKaheRe34Qc38TbN0Nb41ynknvrkLOlQzNp65In0 HTTP/1.1" 200 2
201.245.192.253 - - [14/Dec/2023:02:03:58 -0500] "POST /forms/lservlet;jsessionid=ac16012b30d665b9d6b5cea24731bd918aefbc6c9e46.e3iSbxaKaheRe34Qc38TbN0Nb41ynknvrkLOlQzNp65In0 HTTP/1.1" 200 2
172.22.2.4 - - [14/Dec/2023:02:03:14 -0500] "HEAD /BLA/boletinlegal/ HTTP/1.1" 200 -
201.245.192.253 - - [14/Dec/2023:02:05:15 -0500] "POST /forms/lservlet;jsessionid=ac16012b30d68f87e6b31bdd4159a82faa45787d3329.e3iSbxaKaheRe34Qc38TbN0Nb41ynknvrkLOlQzNp65In0 HTTP/1.1" 200 2
172.22.2.4 - - [14/Dec/2023:02:04:05 -0500] "GET /BLA/boletinlegal/ HTTP/1.1" 200 58644
201.245.192.253 - - [14/Dec/2023:02:05:58 -0500] "POST /forms/lservlet;jsessionid=ac16012b30d665b9d6b5cea24731bd918aefbc6c9e46.e3iSbxaKaheRe34Qc38TbN0Nb41ynknvrkLOlQzNp65In0 HTTP/1.1" 200 2
201.245.192.253 - - [14/Dec/2023:02:07:15 -0500] "POST /forms/lservlet;jsessionid=ac16012b30d68f87e6b31bdd4159a82faa45787d3329.e3iSbxaKaheRe34Qc38TbN0Nb41ynknvrkLOlQzNp65In0 HTTP/1.1" 200 2
201.245.192.253 - - [14/Dec/2023:02:07:39 -0500] "POST /kwsrmcab/Wsrmcab  HTTP/1.1" 200 37894
216.245.221.92 - - [14/Dec/2023:02:07:58 -0500] "HEAD / HTTP/1.1" 200 -
201.245.192.253 - - [14/Dec/2023:02:07:58 -0500] "POST /forms/lservlet;jsessionid=ac16012b30d665b9d6b5cea24731bd918aefbc6c9e46.e3iSbxaKaheRe34Qc38TbN0Nb41ynknvrkLOlQzNp65In0 HTTP/1.1" 200 2
52.167.144.14 - - [14/Dec/2023:02:08:12 -0500] "GET /BLA/resoluciones/RESOLUCIONES%202021/1204.pdf HTTP/1.1" 200 438325
201.245.192.253 - - [14/Dec/2023:02:09:15 -0500] "POST /forms/lservlet;jsessionid=ac16012b30d68f87e6b31bdd4159a82faa45787d3329.e3iSbxaKaheRe34Qc38TbN0Nb41ynknvrkLOlQzNp65In0 HTTP/1.1" 200 2
201.245.192.253 - - [14/Dec/2023:02:09:58 -0500] "POST /forms/lservlet;jsessionid=ac16012b30d665b9d6b5cea24731bd918aefbc6c9e46.e3iSbxaKaheRe34Qc38TbN0Nb41ynknvrkLOlQzNp65In0 HTTP/1.1" 200 2
172.22.2.4 - - [14/Dec/2023:02:09:04 -0500] "HEAD /BLA/boletinlegal/ HTTP/1.1" 200 -
201.245.192.253 - - [14/Dec/2023:02:11:15 -0500] "POST /forms/lservlet;jsessionid=ac16012b30d68f87e6b31bdd4159a82faa45787d3329.e3iSbxaKaheRe34Qc38TbN0Nb41ynknvrkLOlQzNp65In0 HTTP/1.1" 200 2
172.22.2.4 - - [14/Dec/2023:02:09:55 -0500] "GET /BLA/boletinlegal/ HTTP/1.1" 200 58644
201.245.192.253 - - [14/Dec/2023:02:11:58 -0500] "POST /forms/lservlet;jsessionid=ac16012b30d665b9d6b5cea24731bd918aefbc6c9e46.e3iSbxaKaheRe34Qc38TbN0Nb41ynknvrkLOlQzNp65In0 HTTP/1.1" 200 2
216.244.66.195 - - [14/Dec/2023:02:12:26 -0500] "GET /robots.txt HTTP/1.1" 404 1018
201.245.192.253 - - [14/Dec/2023:02:12:38 -0500] "POST /kwsrmcab/Wsrmcab  HTTP/1.1" 200 37894
216.245.221.92 - - [14/Dec/2023:02:12:58 -0500] "HEAD / HTTP/1.1" 200 -
