201.245.192.253 - - [14/Dec/2023:02:13:15 -0500] "POST /forms/lservlet;jsessionid=ac16012b30d68f87e6b31bdd4159a82faa45787d3329.e3iSbxaKaheRe34Qc38TbN0Nb41ynknvrkLOlQzNp65In0 HTTP/1.1" 200 2
201.245.192.253 - - [14/Dec/2023:02:13:58 -0500] "POST /forms/lservlet;jsessionid=ac16012b30d665b9d6b5cea24731bd918aefbc6c9e46.e3iSbxaKaheRe34Qc38TbN0Nb41ynknvrkLOlQzNp65In0 HTTP/1.1" 200 2
201.245.192.253 - - [14/Dec/2023:02:15:16 -0500] "POST /forms/lservlet;jsessionid=ac16012b30d68f87e6b31bdd4159a82faa45787d3329.e3iSbxaKaheRe34Qc38TbN0Nb41ynknvrkLOlQzNp65In0 HTTP/1.1" 200 2
201.245.192.253 - - [14/Dec/2023:02:15:58 -0500] "POST /forms/lservlet;jsessionid=ac16012b30d665b9d6b5cea24731bd918aefbc6c9e46.e3iSbxaKaheRe34Qc38TbN0Nb41ynknvrkLOlQzNp65In0 HTTP/1.1" 200 2
201.245.192.253 - - [14/Dec/2023:02:16:04 -0500] "POST /kwsrmcab/Wsrmcab HTTP/1.1" 200 37877
201.245.192.253 - - [14/Dec/2023:02:16:07 -0500] "POST /kwsrmcab/Wsrmcab HTTP/1.1" 200 38519
172.22.2.4 - - [14/Dec/2023:02:14:54 -0500] "HEAD /BLA/boletinlegal/ HTTP/1.1" 200 -
201.245.192.253 - - [14/Dec/2023:02:17:16 -0500] "POST /forms/lservlet;jsessionid=ac16012b30d68f87e6b31bdd4159a82faa45787d3329.e3iSbxaKaheRe34Qc38TbN0Nb41ynknvrkLOlQzNp65In0 HTTP/1.1" 200 2
172.22.2.4 - - [14/Dec/2023:02:15:45 -0500] "GET /BLA/boletinlegal/ HTTP/1.1" 200 60634
201.245.192.253 - - [14/Dec/2023:02:17:37 -0500] "POST /kwsrmcab/Wsrmcab  HTTP/1.1" 200 37894
216.245.221.92 - - [14/Dec/2023:02:17:58 -0500] "HEAD / HTTP/1.1" 200 -
201.245.192.253 - - [14/Dec/2023:02:17:58 -0500] "POST /forms/lservlet;jsessionid=ac16012b30d665b9d6b5cea24731bd918aefbc6c9e46.e3iSbxaKaheRe34Qc38TbN0Nb41ynknvrkLOlQzNp65In0 HTTP/1.1" 200 2
167.0.152.142 - - [14/Dec/2023:02:18:37 -0500] "POST /sipse/faces/presentacion/financiero/solicitudProceso/consultarSolicitudProceso.xhtml HTTP/1.1" 200 66980
167.0.152.142 - - [14/Dec/2023:02:18:37 -0500] "GET /sipse/faces/javax.faces.resource/theme.css?ln=primefaces-sipse HTTP/1.1" 304 -
167.0.152.142 - - [14/Dec/2023:02:18:37 -0500] "GET /sipse/faces/javax.faces.resource/primefaces.css?ln=primefaces&v=4.0 HTTP/1.1" 304 -
167.0.152.142 - - [14/Dec/2023:02:18:37 -0500] "GET /sipse/faces/javax.faces.resource/layout/layout.css?ln=primefaces&v=4.0 HTTP/1.1" 304 -
167.0.152.142 - - [14/Dec/2023:02:18:37 -0500] "GET /sipse/faces/javax.faces.resource/jquery/jquery.js?ln=primefaces&v=4.0 HTTP/1.1" 304 -
167.0.152.142 - - [14/Dec/2023:02:18:37 -0500] "GET /sipse/faces/javax.faces.resource/jquery/jquery-plugins.js?ln=primefaces&v=4.0 HTTP/1.1" 304 -
167.0.152.142 - - [14/Dec/2023:02:18:37 -0500] "GET /sipse/faces/javax.faces.resource/primefaces.js?ln=primefaces&v=4.0 HTTP/1.1" 304 -
167.0.152.142 - - [14/Dec/2023:02:18:37 -0500] "GET /sipse/faces/javax.faces.resource/layout/layout.js?ln=primefaces&v=4.0 HTTP/1.1" 304 -
167.0.152.142 - - [14/Dec/2023:02:18:38 -0500] "GET /sipse/css/imagen/contrasena.png HTTP/1.1" 404 383
167.0.152.142 - - [14/Dec/2023:02:18:38 -0500] "GET /sipse/faces/javax.faces.resource/images/ui-icons_898989_256x240.png?ln=primefaces-aristo HTTP/1.1" 304 -
167.0.152.142 - - [14/Dec/2023:02:18:38 -0500] "GET /sipse/faces/javax.faces.resource/images/ui-bg_flat_0_2d5972_40x100.png?ln=primefaces-aristo HTTP/1.1" 304 -
167.0.152.142 - - [14/Dec/2023:02:18:38 -0500] "POST /sipse/faces/presentacion/financiero/solicitudProceso/listarSolicitudProceso.xhtml HTTP/1.1" 200 1556
167.0.152.142 - - [14/Dec/2023:02:18:38 -0500] "POST /sipse/faces/presentacion/financiero/solicitudProceso/listarSolicitudProceso.xhtml HTTP/1.1" 200 1552
167.0.152.142 - - [14/Dec/2023:02:18:48 -0500] "POST /sipse/faces/presentacion/financiero/solicitudProceso/listarSolicitudProceso.xhtml HTTP/1.1" 200 114320
167.0.152.142 - - [14/Dec/2023:02:18:48 -0500] "GET /sipse/faces/javax.faces.resource/theme.css?ln=primefaces-sipse HTTP/1.1" 304 -
167.0.152.142 - - [14/Dec/2023:02:18:48 -0500] "GET /sipse/faces/javax.faces.resource/primefaces.css?ln=primefaces&v=4.0 HTTP/1.1" 304 -
167.0.152.142 - - [14/Dec/2023:02:18:48 -0500] "GET /sipse/faces/javax.faces.resource/layout/layout.css?ln=primefaces&v=4.0 HTTP/1.1" 304 -
167.0.152.142 - - [14/Dec/2023:02:18:49 -0500] "GET /sipse/faces/javax.faces.resource/jquery/jquery.js?ln=primefaces&v=4.0 HTTP/1.1" 304 -
167.0.152.142 - - [14/Dec/2023:02:18:49 -0500] "GET /sipse/faces/javax.faces.resource/jquery/jquery-plugins.js?ln=primefaces&v=4.0 HTTP/1.1" 304 -
167.0.152.142 - - [14/Dec/2023:02:18:49 -0500] "GET /sipse/faces/javax.faces.resource/primefaces.js?ln=primefaces&v=4.0 HTTP/1.1" 304 -
167.0.152.142 - - [14/Dec/2023:02:18:49 -0500] "GET /sipse/faces/javax.faces.resource/layout/layout.js?ln=primefaces&v=4.0 HTTP/1.1" 304 -
167.0.152.142 - - [14/Dec/2023:02:18:50 -0500] "GET /sipse/faces/javax.faces.resource/dynamiccontent.properties?ln=primefaces&pfdrid=XjOR5%2F%2FfPAZAuY9TpWQeCiM0BhlXxYRBGKi%2FQcXXfeA%3D&pfdrid_c=false HTTP/1.1" 500 383
167.0.152.142 - - [14/Dec/2023:02:19:00 -0500] "POST /sipse/faces/presentacion/financiero/solicitudProceso/consultarSolicitudProceso.xhtml HTTP/1.1" 200 192302
201.245.192.253 - - [14/Dec/2023:02:19:16 -0500] "POST /forms/lservlet;jsessionid=ac16012b30d68f87e6b31bdd4159a82faa45787d3329.e3iSbxaKaheRe34Qc38TbN0Nb41ynknvrkLOlQzNp65In0 HTTP/1.1" 200 2
167.0.152.142 - - [14/Dec/2023:02:19:25 -0500] "POST /sipse/faces/presentacion/financiero/solicitudProceso/consultarSolicitudProceso.xhtml HTTP/1.1" 200 192302
167.0.152.142 - - [14/Dec/2023:02:19:42 -0500] "POST /sipse/faces/presentacion/financiero/solicitudProceso/consultarSolicitudProceso.xhtml HTTP/1.1" 200 2201510
167.0.152.142 - - [14/Dec/2023:02:19:53 -0500] "POST /sipse/faces/presentacion/financiero/solicitudProceso/consultarSolicitudProceso.xhtml HTTP/1.1" 200 300303
201.245.192.253 - - [14/Dec/2023:02:19:55 -0500] "POST /kwsrmcab/Wsrmcab HTTP/1.1" 200 37877
201.245.192.253 - - [14/Dec/2023:02:19:58 -0500] "POST /forms/lservlet;jsessionid=ac16012b30d665b9d6b5cea24731bd918aefbc6c9e46.e3iSbxaKaheRe34Qc38TbN0Nb41ynknvrkLOlQzNp65In0 HTTP/1.1" 200 2
201.245.192.253 - - [14/Dec/2023:02:19:58 -0500] "POST /kwsrmcab/Wsrmcab HTTP/1.1" 200 38519
167.0.152.142 - - [14/Dec/2023:02:20:04 -0500] "POST /sipse/faces/presentacion/financiero/solicitudProceso/consultarSolicitudProceso.xhtml HTTP/1.1" 200 5465
167.0.152.142 - - [14/Dec/2023:02:20:05 -0500] "GET /sipse/faces/javax.faces.resource/dynamiccontent.properties?ln=primefaces&pfdrid=XjOR5%2F%2FfPAZAuY9TpWQeCiM0BhlXxYRBGKi%2FQcXXfeA%3D&pfdrid_c=false HTTP/1.1" 200 117395
201.245.192.253 - - [14/Dec/2023:02:21:16 -0500] "POST /forms/lservlet;jsessionid=ac16012b30d68f87e6b31bdd4159a82faa45787d3329.e3iSbxaKaheRe34Qc38TbN0Nb41ynknvrkLOlQzNp65In0 HTTP/1.1" 200 2
52.167.144.18 - - [14/Dec/2023:02:21:18 -0500] "GET /catalogoisis/imagenes/br3c2.gif HTTP/1.1" 200 285
201.245.192.253 - - [14/Dec/2023:02:21:58 -0500] "POST /forms/lservlet;jsessionid=ac16012b30d665b9d6b5cea24731bd918aefbc6c9e46.e3iSbxaKaheRe34Qc38TbN0Nb41ynknvrkLOlQzNp65In0 HTTP/1.1" 200 2
172.22.2.4 - - [14/Dec/2023:02:20:44 -0500] "HEAD /BLA/boletinlegal/ HTTP/1.1" 200 -
201.245.192.253 - - [14/Dec/2023:02:22:36 -0500] "POST /kwsrmcab/Wsrmcab  HTTP/1.1" 200 37894
216.245.221.92 - - [14/Dec/2023:02:22:58 -0500] "HEAD / HTTP/1.1" 200 -
172.22.2.4 - - [14/Dec/2023:02:21:35 -0500] "GET /BLA/boletinlegal/ HTTP/1.1" 200 56634
201.245.192.253 - - [14/Dec/2023:02:23:16 -0500] "POST /forms/lservlet;jsessionid=ac16012b30d68f87e6b31bdd4159a82faa45787d3329.e3iSbxaKaheRe34Qc38TbN0Nb41ynknvrkLOlQzNp65In0 HTTP/1.1" 200 2
152.61.192.232 - - [14/Dec/2023:02:23:40 -0500] "GET /arcgis/services/Calidad_del_Agua_WQI/MapServer/WMSServer?request=GetCapabilities&service=WMS HTTP/1.1" 503 1020
152.61.192.232 - - [14/Dec/2023:02:23:42 -0500] "GET /arcgis/services/Calidad_del_Agua_WQI/MapServer/WMSServer?SERVICE=WMS&REQUEST=GetCapabilities HTTP/1.1" 503 1020
152.61.192.232 - - [14/Dec/2023:02:23:42 -0500] "GET /arcgis/services/Calidad_del_Agua_WQI/MapServer/WMSServer?WMTVER=1.0.0&REQUEST=capabilities HTTP/1.1" 503 1020
201.245.192.253 - - [14/Dec/2023:02:23:58 -0500] "POST /forms/lservlet;jsessionid=ac16012b30d665b9d6b5cea24731bd918aefbc6c9e46.e3iSbxaKaheRe34Qc38TbN0Nb41ynknvrkLOlQzNp65In0 HTTP/1.1" 200 2
40.77.167.2 - - [14/Dec/2023:02:24:59 -0500] "GET /BLA/resoluciones/RESOLUCIONES%202018/2397.pdf HTTP/1.1" 200 311877
201.245.192.253 - - [14/Dec/2023:02:25:16 -0500] "POST /forms/lservlet;jsessionid=ac16012b30d68f87e6b31bdd4159a82faa45787d3329.e3iSbxaKaheRe34Qc38TbN0Nb41ynknvrkLOlQzNp65In0 HTTP/1.1" 200 2
201.245.192.253 - - [14/Dec/2023:02:25:58 -0500] "POST /forms/lservlet;jsessionid=ac16012b30d665b9d6b5cea24731bd918aefbc6c9e46.e3iSbxaKaheRe34Qc38TbN0Nb41ynknvrkLOlQzNp65In0 HTTP/1.1" 200 2
201.245.192.253 - - [14/Dec/2023:02:26:04 -0500] "POST /kwsrmcab/Wsrmcab HTTP/1.1" 200 37877
201.245.192.253 - - [14/Dec/2023:02:26:07 -0500] "POST /kwsrmcab/Wsrmcab HTTP/1.1" 200 38519
149.18.84.67 - - [14/Dec/2023:02:26:56 -0500] "GET /.env HTTP/1.1" 404 1018
201.245.192.253 - - [14/Dec/2023:02:27:16 -0500] "POST /forms/lservlet;jsessionid=ac16012b30d68f87e6b31bdd4159a82faa45787d3329.e3iSbxaKaheRe34Qc38TbN0Nb41ynknvrkLOlQzNp65In0 HTTP/1.1" 200 2
201.245.192.253 - - [14/Dec/2023:02:27:35 -0500] "POST /kwsrmcab/Wsrmcab  HTTP/1.1" 200 37894
216.245.221.92 - - [14/Dec/2023:02:27:58 -0500] "HEAD / HTTP/1.1" 200 -
201.245.192.253 - - [14/Dec/2023:02:27:58 -0500] "POST /forms/lservlet;jsessionid=ac16012b30d665b9d6b5cea24731bd918aefbc6c9e46.e3iSbxaKaheRe34Qc38TbN0Nb41ynknvrkLOlQzNp65In0 HTTP/1.1" 200 2
172.22.2.4 - - [14/Dec/2023:02:26:34 -0500] "HEAD /BLA/boletinlegal/ HTTP/1.1" 200 -
172.22.2.4 - - [14/Dec/2023:02:27:24 -0500] "GET /BLA/boletinlegal/ HTTP/1.1" 200 58644
201.245.192.253 - - [14/Dec/2023:02:29:16 -0500] "POST /forms/lservlet;jsessionid=ac16012b30d68f87e6b31bdd4159a82faa45787d3329.e3iSbxaKaheRe34Qc38TbN0Nb41ynknvrkLOlQzNp65In0 HTTP/1.1" 200 2
216.244.66.195 - - [14/Dec/2023:02:29:23 -0500] "GET /BLA/resoluciones/AUTOS%202016/0087.pdf HTTP/1.1" 200 654118
216.244.66.195 - - [14/Dec/2023:02:29:53 -0500] "GET /BLA/resoluciones/AUTOS%202016/0619.pdf HTTP/1.1" 200 777093
201.245.192.253 - - [14/Dec/2023:02:29:54 -0500] "POST /kwsrmcab/Wsrmcab HTTP/1.1" 200 37877
201.245.192.253 - - [14/Dec/2023:02:29:58 -0500] "POST /forms/lservlet;jsessionid=ac16012b30d665b9d6b5cea24731bd918aefbc6c9e46.e3iSbxaKaheRe34Qc38TbN0Nb41ynknvrkLOlQzNp65In0 HTTP/1.1" 200 2
201.245.192.253 - - [14/Dec/2023:02:29:58 -0500] "POST /kwsrmcab/Wsrmcab HTTP/1.1" 200 38519
216.244.66.195 - - [14/Dec/2023:02:30:33 -0500] "GET /BLA/resoluciones/AUTOS%202016/0954.pdf HTTP/1.1" 200 478446
167.0.152.142 - - [14/Dec/2023:02:31:05 -0500] "POST /sipse/faces/presentacion/financiero/solicitudProceso/consultarSolicitudProceso.xhtml HTTP/1.1" 200 66980
167.0.152.142 - - [14/Dec/2023:02:31:05 -0500] "GET /sipse/faces/javax.faces.resource/theme.css?ln=primefaces-sipse HTTP/1.1" 304 -
167.0.152.142 - - [14/Dec/2023:02:31:05 -0500] "GET /sipse/faces/javax.faces.resource/primefaces.css?ln=primefaces&v=4.0 HTTP/1.1" 304 -
167.0.152.142 - - [14/Dec/2023:02:31:05 -0500] "GET /sipse/faces/javax.faces.resource/layout/layout.css?ln=primefaces&v=4.0 HTTP/1.1" 304 -
167.0.152.142 - - [14/Dec/2023:02:31:05 -0500] "GET /sipse/faces/javax.faces.resource/jquery/jquery-plugins.js?ln=primefaces&v=4.0 HTTP/1.1" 304 -
167.0.152.142 - - [14/Dec/2023:02:31:05 -0500] "GET /sipse/faces/javax.faces.resource/jquery/jquery.js?ln=primefaces&v=4.0 HTTP/1.1" 304 -
167.0.152.142 - - [14/Dec/2023:02:31:05 -0500] "GET /sipse/faces/javax.faces.resource/layout/layout.js?ln=primefaces&v=4.0 HTTP/1.1" 304 -
167.0.152.142 - - [14/Dec/2023:02:31:05 -0500] "GET /sipse/faces/javax.faces.resource/primefaces.js?ln=primefaces&v=4.0 HTTP/1.1" 304 -
167.0.152.142 - - [14/Dec/2023:02:31:05 -0500] "GET /sipse/css/imagen/contrasena.png HTTP/1.1" 404 383
167.0.152.142 - - [14/Dec/2023:02:31:05 -0500] "GET /sipse/faces/javax.faces.resource/images/ui-icons_898989_256x240.png?ln=primefaces-aristo HTTP/1.1" 304 -
167.0.152.142 - - [14/Dec/2023:02:31:06 -0500] "GET /sipse/faces/javax.faces.resource/images/ui-bg_flat_0_2d5972_40x100.png?ln=primefaces-aristo HTTP/1.1" 304 -
167.0.152.142 - - [14/Dec/2023:02:31:06 -0500] "POST /sipse/faces/presentacion/financiero/solicitudProceso/listarSolicitudProceso.xhtml HTTP/1.1" 200 1556
167.0.152.142 - - [14/Dec/2023:02:31:06 -0500] "POST /sipse/faces/presentacion/financiero/solicitudProceso/listarSolicitudProceso.xhtml HTTP/1.1" 200 1552
167.0.152.142 - - [14/Dec/2023:02:31:14 -0500] "POST /sipse/faces/presentacion/financiero/solicitudProceso/listarSolicitudProceso.xhtml HTTP/1.1" 200 114320
167.0.152.142 - - [14/Dec/2023:02:31:15 -0500] "GET /sipse/faces/javax.faces.resource/theme.css?ln=primefaces-sipse HTTP/1.1" 304 -
167.0.152.142 - - [14/Dec/2023:02:31:15 -0500] "GET /sipse/faces/javax.faces.resource/primefaces.css?ln=primefaces&v=4.0 HTTP/1.1" 304 -
167.0.152.142 - - [14/Dec/2023:02:31:15 -0500] "GET /sipse/faces/javax.faces.resource/layout/layout.css?ln=primefaces&v=4.0 HTTP/1.1" 304 -
167.0.152.142 - - [14/Dec/2023:02:31:15 -0500] "GET /sipse/faces/javax.faces.resource/jquery/jquery.js?ln=primefaces&v=4.0 HTTP/1.1" 304 -
167.0.152.142 - - [14/Dec/2023:02:31:15 -0500] "GET /sipse/faces/javax.faces.resource/jquery/jquery-plugins.js?ln=primefaces&v=4.0 HTTP/1.1" 304 -
167.0.152.142 - - [14/Dec/2023:02:31:15 -0500] "GET /sipse/faces/javax.faces.resource/primefaces.js?ln=primefaces&v=4.0 HTTP/1.1" 304 -
167.0.152.142 - - [14/Dec/2023:02:31:15 -0500] "GET /sipse/faces/javax.faces.resource/layout/layout.js?ln=primefaces&v=4.0 HTTP/1.1" 304 -
167.0.152.142 - - [14/Dec/2023:02:31:16 -0500] "GET /sipse/faces/javax.faces.resource/dynamiccontent.properties?ln=primefaces&pfdrid=XjOR5%2F%2FfPAZAuY9TpWQeCiM0BhlXxYRBGKi%2FQcXXfeA%3D&pfdrid_c=false HTTP/1.1" 500 383
201.245.192.253 - - [14/Dec/2023:02:31:16 -0500] "POST /forms/lservlet;jsessionid=ac16012b30d68f87e6b31bdd4159a82faa45787d3329.e3iSbxaKaheRe34Qc38TbN0Nb41ynknvrkLOlQzNp65In0 HTTP/1.1" 200 2
216.244.66.195 - - [14/Dec/2023:02:31:18 -0500] "GET /BLA/resoluciones/AUTOS%202016/1031.pdf HTTP/1.1" 200 265432
167.0.152.142 - - [14/Dec/2023:02:31:32 -0500] "POST /sipse/faces/presentacion/financiero/solicitudProceso/consultarSolicitudProceso.xhtml HTTP/1.1" 200 192302
216.244.66.195 - - [14/Dec/2023:02:31:54 -0500] "GET /BLA/resoluciones/AUTOS%202016/1045.pdf HTTP/1.1" 200 474923
201.245.192.253 - - [14/Dec/2023:02:31:58 -0500] "POST /forms/lservlet;jsessionid=ac16012b30d665b9d6b5cea24731bd918aefbc6c9e46.e3iSbxaKaheRe34Qc38TbN0Nb41ynknvrkLOlQzNp65In0 HTTP/1.1" 200 2
201.245.192.253 - - [14/Dec/2023:02:32:34 -0500] "POST /kwsrmcab/Wsrmcab  HTTP/1.1" 200 37894
216.244.66.195 - - [14/Dec/2023:02:32:38 -0500] "GET /BLA/resoluciones/AUTOS%202016/1115.pdf HTTP/1.1" 200 379285
216.245.221.92 - - [14/Dec/2023:02:32:58 -0500] "HEAD / HTTP/1.1" 200 -
201.245.192.253 - - [14/Dec/2023:02:33:16 -0500] "POST /forms/lservlet;jsessionid=ac16012b30d68f87e6b31bdd4159a82faa45787d3329.e3iSbxaKaheRe34Qc38TbN0Nb41ynknvrkLOlQzNp65In0 HTTP/1.1" 200 2
216.244.66.195 - - [14/Dec/2023:02:33:25 -0500] "GET /BLA/resoluciones/AUTOS%202016/1382.pdf HTTP/1.1" 200 672525
201.245.192.253 - - [14/Dec/2023:02:33:58 -0500] "POST /forms/lservlet;jsessionid=ac16012b30d665b9d6b5cea24731bd918aefbc6c9e46.e3iSbxaKaheRe34Qc38TbN0Nb41ynknvrkLOlQzNp65In0 HTTP/1.1" 200 2
172.22.2.4 - - [14/Dec/2023:02:32:24 -0500] "HEAD /BLA/boletinlegal/ HTTP/1.1" 200 -
216.244.66.195 - - [14/Dec/2023:02:34:15 -0500] "GET /BLA/resoluciones/AUTOS%202016/1482.pdf HTTP/1.1" 200 357591
216.244.66.195 - - [14/Dec/2023:02:34:54 -0500] "GET /BLA/resoluciones/AUTOS%202016/1751.pdf HTTP/1.1" 200 453112
172.22.2.4 - - [14/Dec/2023:02:33:14 -0500] "GET /BLA/boletinlegal/ HTTP/1.1" 200 58644
201.245.192.253 - - [14/Dec/2023:02:35:16 -0500] "POST /forms/lservlet;jsessionid=ac16012b30d68f87e6b31bdd4159a82faa45787d3329.e3iSbxaKaheRe34Qc38TbN0Nb41ynknvrkLOlQzNp65In0 HTTP/1.1" 200 2
216.244.66.195 - - [14/Dec/2023:02:35:40 -0500] "GET /BLA/resoluciones/AUTOS%202016/1965.pdf HTTP/1.1" 200 354425
201.245.192.253 - - [14/Dec/2023:02:35:58 -0500] "POST /forms/lservlet;jsessionid=ac16012b30d665b9d6b5cea24731bd918aefbc6c9e46.e3iSbxaKaheRe34Qc38TbN0Nb41ynknvrkLOlQzNp65In0 HTTP/1.1" 200 2
201.245.192.253 - - [14/Dec/2023:02:36:05 -0500] "POST /kwsrmcab/Wsrmcab HTTP/1.1" 200 37877
201.245.192.253 - - [14/Dec/2023:02:36:08 -0500] "POST /kwsrmcab/Wsrmcab HTTP/1.1" 200 38519
216.244.66.195 - - [14/Dec/2023:02:36:27 -0500] "GET /BLA/resoluciones/AUTOS%202016/2376.pdf HTTP/1.1" 200 343044
216.244.66.195 - - [14/Dec/2023:02:37:13 -0500] "GET /BLA/resoluciones/AUTOS%202016/2454.pdf HTTP/1.1" 200 701257
201.245.192.253 - - [14/Dec/2023:02:37:16 -0500] "POST /forms/lservlet;jsessionid=ac16012b30d68f87e6b31bdd4159a82faa45787d3329.e3iSbxaKaheRe34Qc38TbN0Nb41ynknvrkLOlQzNp65In0 HTTP/1.1" 200 2
201.245.192.253 - - [14/Dec/2023:02:37:33 -0500] "POST /kwsrmcab/Wsrmcab  HTTP/1.1" 200 37894
66.249.66.21 - - [14/Dec/2023:02:37:54 -0500] "GET /BLA/resoluciones/Notificaciones/AUTOS%202023/3814.pdf HTTP/1.1" 200 413263
66.249.66.20 - - [14/Dec/2023:02:37:55 -0500] "GET /BLA/resoluciones/Notificaciones/AUTOS%202023/1700.pdf HTTP/1.1" 200 391606
66.249.66.20 - - [14/Dec/2023:02:37:56 -0500] "GET /BLA/resoluciones/Notificaciones/AUTOS%202023/1754.pdf HTTP/1.1" 200 379664
66.249.66.19 - - [14/Dec/2023:02:37:56 -0500] "GET /BLA/resoluciones/Notificaciones/AUTOS%202023/1699.pdf HTTP/1.1" 200 385682
66.249.66.21 - - [14/Dec/2023:02:37:57 -0500] "GET /BLA/resoluciones/Notificaciones/AUTOS%202023/3234.pdf HTTP/1.1" 200 352060
66.249.66.21 - - [14/Dec/2023:02:37:57 -0500] "GET /BLA/resoluciones/Notificaciones/AUTOS%202023/5822.pdf HTTP/1.1" 200 379305
216.245.221.92 - - [14/Dec/2023:02:37:58 -0500] "HEAD / HTTP/1.1" 200 -
66.249.66.19 - - [14/Dec/2023:02:37:58 -0500] "GET /BLA/resoluciones/Notificaciones/AUTOS%202022/7596.pdf HTTP/1.1" 200 455841
201.245.192.253 - - [14/Dec/2023:02:37:58 -0500] "POST /forms/lservlet;jsessionid=ac16012b30d665b9d6b5cea24731bd918aefbc6c9e46.e3iSbxaKaheRe34Qc38TbN0Nb41ynknvrkLOlQzNp65In0 HTTP/1.1" 200 2
66.249.66.19 - - [14/Dec/2023:02:37:58 -0500] "GET /BLA/resoluciones/Notificaciones/AUTOS%202023/5725.pdf HTTP/1.1" 200 383512
66.249.66.20 - - [14/Dec/2023:02:37:59 -0500] "GET /BLA/resoluciones/Notificaciones/AUTOS%202023/3240.pdf HTTP/1.1" 200 345893
66.249.66.20 - - [14/Dec/2023:02:38:00 -0500] "GET /BLA/resoluciones/Notificaciones/AUTOS%202023/5848.pdf HTTP/1.1" 200 396522
66.249.66.20 - - [14/Dec/2023:02:38:00 -0500] "GET /BLA/resoluciones/Notificaciones/AUTOS%202023/5855.pdf HTTP/1.1" 200 399847
66.249.66.20 - - [14/Dec/2023:02:38:01 -0500] "GET /BLA/resoluciones/Notificaciones/AUTOS%202023/1223.pdf HTTP/1.1" 200 380214
66.249.66.19 - - [14/Dec/2023:02:38:01 -0500] "GET /BLA/resoluciones/Notificaciones/AUTOS%202022/8504%7C.pdf HTTP/1.1" 403 1006
66.249.66.20 - - [14/Dec/2023:02:38:02 -0500] "GET /BLA/resoluciones/Notificaciones/AUTOS%202023/3914.pdf HTTP/1.1" 200 412545
66.249.66.19 - - [14/Dec/2023:02:38:03 -0500] "GET /BLA/resoluciones/Notificaciones/AUTOS%202023/3178.pdf HTTP/1.1" 200 1718900
216.244.66.195 - - [14/Dec/2023:02:38:03 -0500] "GET /BLA/resoluciones/AUTOS%202016/3027.pdf HTTP/1.1" 200 378012
66.249.66.22 - - [14/Dec/2023:02:38:04 -0500] "GET /BLA/resoluciones/Notificaciones/AUTOS%202023/3366.pdf HTTP/1.1" 200 2529468
66.249.66.21 - - [14/Dec/2023:02:38:05 -0500] "GET /BLA/resoluciones/Notificaciones/AUTOS%202023/0844.pdf HTTP/1.1" 200 447117
66.249.66.22 - - [14/Dec/2023:02:38:06 -0500] "GET /BLA/resoluciones/Notificaciones/AUTOS%202023/1451.pdf HTTP/1.1" 200 417886
66.249.66.22 - - [14/Dec/2023:02:38:06 -0500] "GET /BLA/resoluciones/Notificaciones/AUTOS%202023/5843.pdf HTTP/1.1" 200 397376
66.249.66.22 - - [14/Dec/2023:02:38:07 -0500] "GET /BLA/resoluciones/Notificaciones/AUTOS%202023/3227.pdf HTTP/1.1" 200 414259
66.249.66.19 - - [14/Dec/2023:02:38:07 -0500] "GET /BLA/resoluciones/Notificaciones/AUTOS%202023/2830.pdf HTTP/1.1" 200 743266
66.249.66.23 - - [14/Dec/2023:02:38:08 -0500] "GET /BLA/resoluciones/Notificaciones/AUTOS%202023/3887.pdf HTTP/1.1" 200 447677
66.249.66.22 - - [14/Dec/2023:02:38:08 -0500] "GET /BLA/resoluciones/Notificaciones/RESOLUCIONES%202023/1837.pdf HTTP/1.1" 200 494369
66.249.66.1 - - [14/Dec/2023:02:38:09 -0500] "GET /BLA/resoluciones/Notificaciones/RESOLUCIONES%202023/02075.pdf HTTP/1.1" 200 841920
66.249.66.1 - - [14/Dec/2023:02:38:10 -0500] "GET /BLA/resoluciones/Notificaciones/AUTOS%202023/5886.pdf HTTP/1.1" 200 424634
66.249.66.3 - - [14/Dec/2023:02:38:10 -0500] "GET /BLA/resoluciones/Notificaciones/RESOLUCIONES%202023/1136.pdf HTTP/1.1" 200 704945
66.249.66.3 - - [14/Dec/2023:02:38:11 -0500] "GET /BLA/resoluciones/Notificaciones/AUTOS%202022/7572.pdf HTTP/1.1" 200 446746
66.249.66.19 - - [14/Dec/2023:02:38:11 -0500] "GET /BLA/resoluciones/Notificaciones/AUTOS%202023/6087.pdf HTTP/1.1" 200 397447
66.249.66.2 - - [14/Dec/2023:02:38:12 -0500] "GET /BLA/resoluciones/Notificaciones/AUTOS%202023/1701.pdf HTTP/1.1" 200 382903
66.249.66.19 - - [14/Dec/2023:02:38:12 -0500] "GET /BLA/resoluciones/Notificaciones/AUTOS%202022/8361.pdf HTTP/1.1" 200 415968
66.249.66.23 - - [14/Dec/2023:02:38:13 -0500] "GET /BLA/resoluciones/Notificaciones/AUTOS%201969/1558.pdf HTTP/1.1" 404 1018
66.249.66.22 - - [14/Dec/2023:02:38:13 -0500] "GET /BLA/resoluciones/Notificaciones/AUTOS%202023/3204.pdf HTTP/1.1" 200 1034502
66.249.66.19 - - [14/Dec/2023:02:38:14 -0500] "GET /BLA/resoluciones/Notificaciones/AUTOS%202023/3880.pdf HTTP/1.1" 200 435427
66.249.66.21 - - [14/Dec/2023:02:38:15 -0500] "GET /BLA/resoluciones/Notificaciones/AUTOS%202023/1753.pdf HTTP/1.1" 200 395509
66.249.66.6 - - [14/Dec/2023:02:38:15 -0500] "GET /BLA/resoluciones/Notificaciones/RESOLUCIONES%202023/1820.pdf HTTP/1.1" 200 440784
66.249.66.1 - - [14/Dec/2023:02:38:16 -0500] "GET /BLA/resoluciones/Notificaciones/AUTOS%202023/0810.pdf HTTP/1.1" 200 387642
66.249.66.7 - - [14/Dec/2023:02:38:16 -0500] "GET /BLA/resoluciones/Notificaciones/AUTOS%202023/3878.pdf HTTP/1.1" 200 749932
66.249.66.6 - - [14/Dec/2023:02:38:17 -0500] "GET /BLA/resoluciones/Notificaciones/AUTOS%202023/3078.pdf HTTP/1.1" 200 413642
66.249.66.20 - - [14/Dec/2023:02:38:18 -0500] "GET /BLA/resoluciones/Notificaciones/AUTOS%202023/3860.pdf HTTP/1.1" 200 410839
66.249.66.7 - - [14/Dec/2023:02:38:19 -0500] "GET /BLA/resoluciones/Notificaciones/RESOLUCIONES%202023/3204.pdf HTTP/1.1" 200 1034502
66.249.66.1 - - [14/Dec/2023:02:38:19 -0500] "GET /BLA/resoluciones/Notificaciones/AUTOS%202023/1712.pdf HTTP/1.1" 200 383796
66.249.66.23 - - [14/Dec/2023:02:38:19 -0500] "GET /BLA/resoluciones/Notificaciones/AUTOS%202023/3973.pdf HTTP/1.1" 200 1665137
66.249.66.20 - - [14/Dec/2023:02:38:20 -0500] "GET /BLA/resoluciones/Notificaciones/AUTOS%202023/3201.pdf HTTP/1.1" 200 889311
181.53.13.222 - - [14/Dec/2023:02:38:40 -0500] "GET /sipse/faces/index.xhtml HTTP/1.1" 200 677
181.53.13.222 - - [14/Dec/2023:02:38:42 -0500] "GET /sipse/faces/javax.faces.resource/theme.css?ln=primefaces-sipse HTTP/1.1" 304 -
181.53.13.222 - - [14/Dec/2023:02:38:42 -0500] "GET /sipse/faces/faces/autenticacion.xhtml HTTP/1.1" 200 12406
181.53.13.222 - - [14/Dec/2023:02:38:43 -0500] "GET /sipse/faces/javax.faces.resource/theme.css?ln=primefaces-sipse HTTP/1.1" 304 -
181.53.13.222 - - [14/Dec/2023:02:38:43 -0500] "GET /sipse/faces/javax.faces.resource/layout/layout.css?ln=primefaces&v=4.0 HTTP/1.1" 304 -
181.53.13.222 - - [14/Dec/2023:02:38:43 -0500] "GET /sipse/css/custom_css_sg.css HTTP/1.1" 304 -
181.53.13.222 - - [14/Dec/2023:02:38:43 -0500] "GET /sipse/css/custom_css_sg_prime_login.css HTTP/1.1" 304 -
181.53.13.222 - - [14/Dec/2023:02:38:43 -0500] "GET /sipse/faces/javax.faces.resource/primefaces.css?ln=primefaces&v=4.0 HTTP/1.1" 304 -
181.53.13.222 - - [14/Dec/2023:02:38:43 -0500] "GET /sipse/faces/javax.faces.resource/layout/layout.js?ln=primefaces&v=4.0 HTTP/1.1" 304 -
181.53.13.222 - - [14/Dec/2023:02:38:43 -0500] "GET /sipse/js/disable_browser_buttons.js HTTP/1.1" 304 -
181.53.13.222 - - [14/Dec/2023:02:38:43 -0500] "GET /sipse/js/funciones.js HTTP/1.1" 304 -
181.53.13.222 - - [14/Dec/2023:02:38:43 -0500] "GET /sipse/faces/javax.faces.resource/jquery/jquery.js?ln=primefaces&v=4.0 HTTP/1.1" 304 -
181.53.13.222 - - [14/Dec/2023:02:38:43 -0500] "GET /sipse/faces/javax.faces.resource/jquery/jquery-plugins.js?ln=primefaces&v=4.0 HTTP/1.1" 304 -
181.53.13.222 - - [14/Dec/2023:02:38:43 -0500] "GET /sipse/faces/javax.faces.resource/primefaces.js?ln=primefaces&v=4.0 HTTP/1.1" 304 -
181.53.13.222 - - [14/Dec/2023:02:38:44 -0500] "GET /sipse/css/imagen/loginimg.png HTTP/1.1" 304 -
181.53.13.222 - - [14/Dec/2023:02:38:44 -0500] "GET /sipse/css/imagen/logoSDG.png HTTP/1.1" 304 -
181.53.13.222 - - [14/Dec/2023:02:38:44 -0500] "GET /sipse/faces/javax.faces.resource/images/ui-icons_898989_256x240.png?ln=primefaces-aristo HTTP/1.1" 304 -
181.53.13.222 - - [14/Dec/2023:02:38:47 -0500] "POST /sipse/faces/autenticacion.xhtml HTTP/1.1" 200 2220
181.53.13.222 - - [14/Dec/2023:02:38:47 -0500] "GET /sipse/faces/javax.faces.resource/messages/messages.png?ln=primefaces&v=4.0 HTTP/1.1" 304 -
181.53.13.222 - - [14/Dec/2023:02:38:48 -0500] "POST /sipse/faces/autenticacion.xhtml HTTP/1.1" 200 16474
181.53.13.222 - - [14/Dec/2023:02:38:48 -0500] "GET /sipse/css/custom_css_sg_prime.css HTTP/1.1" 304 -
181.53.13.222 - - [14/Dec/2023:02:38:48 -0500] "GET /sipse/faces/javax.faces.resource/theme.css?ln=primefaces-sipse HTTP/1.1" 304 -
181.53.13.222 - - [14/Dec/2023:02:38:48 -0500] "GET /sipse/faces/javax.faces.resource/primefaces.css?ln=primefaces&v=4.0 HTTP/1.1" 304 -
181.53.13.222 - - [14/Dec/2023:02:38:48 -0500] "GET /sipse/faces/javax.faces.resource/layout/layout.css?ln=primefaces&v=4.0 HTTP/1.1" 304 -
181.53.13.222 - - [14/Dec/2023:02:38:48 -0500] "GET /sipse/js/jquery.min.js HTTP/1.1" 304 -
181.53.13.222 - - [14/Dec/2023:02:38:49 -0500] "GET /sipse/faces/javax.faces.resource/jquery/jquery.js?ln=primefaces&v=4.0 HTTP/1.1" 304 -
181.53.13.222 - - [14/Dec/2023:02:38:49 -0500] "GET /sipse/faces/javax.faces.resource/jquery/jquery-plugins.js?ln=primefaces&v=4.0 HTTP/1.1" 304 -
181.53.13.222 - - [14/Dec/2023:02:38:49 -0500] "GET /sipse/faces/javax.faces.resource/primefaces.js?ln=primefaces&v=4.0 HTTP/1.1" 304 -
181.53.13.222 - - [14/Dec/2023:02:38:49 -0500] "GET /sipse/faces/javax.faces.resource/layout/layout.js?ln=primefaces&v=4.0 HTTP/1.1" 304 -
181.53.13.222 - - [14/Dec/2023:02:38:49 -0500] "GET /sipse/imagenes/logoAplicacion.jpg HTTP/1.1" 304 -
181.53.13.222 - - [14/Dec/2023:02:38:49 -0500] "GET /sipse/css/v_mergente.css HTTP/1.1" 304 -
181.53.13.222 - - [14/Dec/2023:02:38:49 -0500] "GET /sipse/css/imagen/contrasena.png HTTP/1.1" 404 383
181.53.13.222 - - [14/Dec/2023:02:38:49 -0500] "GET /sipse/imagenes/cargando.gif HTTP/1.1" 304 -
181.53.13.222 - - [14/Dec/2023:02:38:51 -0500] "GET /sipse/faces/javax.faces.resource/images/ui-bg_flat_0_2d5972_40x100.png?ln=primefaces-aristo HTTP/1.1" 304 -
181.53.13.222 - - [14/Dec/2023:02:38:51 -0500] "POST /sipse/faces/bienvenido.xhtml HTTP/1.1" 200 2658
216.244.66.195 - - [14/Dec/2023:02:38:53 -0500] "GET /BLA/resoluciones/AUTOS%202016/0037.pdf HTTP/1.1" 200 456337
181.53.13.222 - - [14/Dec/2023:02:38:53 -0500] "POST /sipse/faces/bienvenido.xhtml HTTP/1.1" 200 65740
181.53.13.222 - - [14/Dec/2023:02:38:55 -0500] "GET /sipse/faces/javax.faces.resource/theme.css?ln=primefaces-sipse HTTP/1.1" 304 -
181.53.13.222 - - [14/Dec/2023:02:38:55 -0500] "GET /sipse/faces/javax.faces.resource/primefaces.css?ln=primefaces&v=4.0 HTTP/1.1" 304 -
181.53.13.222 - - [14/Dec/2023:02:38:55 -0500] "GET /sipse/faces/javax.faces.resource/jquery/jquery.js?ln=primefaces&v=4.0 HTTP/1.1" 304 -
181.53.13.222 - - [14/Dec/2023:02:38:55 -0500] "GET /sipse/faces/javax.faces.resource/layout/layout.css?ln=primefaces&v=4.0 HTTP/1.1" 304 -
181.53.13.222 - - [14/Dec/2023:02:38:55 -0500] "GET /sipse/faces/javax.faces.resource/jquery/jquery-plugins.js?ln=primefaces&v=4.0 HTTP/1.1" 304 -
181.53.13.222 - - [14/Dec/2023:02:38:55 -0500] "GET /sipse/faces/javax.faces.resource/primefaces.js?ln=primefaces&v=4.0 HTTP/1.1" 304 -
181.53.13.222 - - [14/Dec/2023:02:38:55 -0500] "GET /sipse/faces/javax.faces.resource/layout/layout.js?ln=primefaces&v=4.0 HTTP/1.1" 304 -
181.53.13.222 - - [14/Dec/2023:02:38:55 -0500] "POST /sipse/faces/presentacion/financiero/solicitudProceso/listarSolicitudProceso.xhtml HTTP/1.1" 200 1556
181.53.13.222 - - [14/Dec/2023:02:38:59 -0500] "POST /sipse/faces/presentacion/financiero/solicitudProceso/listarSolicitudProceso.xhtml HTTP/1.1" 200 45469
181.53.13.222 - - [14/Dec/2023:02:39:00 -0500] "POST /sipse/faces/presentacion/financiero/solicitudProceso/listarSolicitudProceso.xhtml HTTP/1.1" 200 46017
181.53.13.222 - - [14/Dec/2023:02:39:02 -0500] "POST /sipse/faces/presentacion/financiero/solicitudProceso/listarSolicitudProceso.xhtml HTTP/1.1" 200 18719
181.53.13.222 - - [14/Dec/2023:02:39:04 -0500] "POST /sipse/faces/presentacion/financiero/solicitudProceso/listarSolicitudProceso.xhtml HTTP/1.1" 200 15785
181.53.13.222 - - [14/Dec/2023:02:39:07 -0500] "POST /sipse/faces/presentacion/financiero/solicitudProceso/listarSolicitudProceso.xhtml HTTP/1.1" 200 16881
181.53.13.222 - - [14/Dec/2023:02:39:08 -0500] "POST /sipse/faces/presentacion/financiero/solicitudProceso/listarSolicitudProceso.xhtml HTTP/1.1" 200 40855
181.53.13.222 - - [14/Dec/2023:02:39:08 -0500] "GET /sipse/faces/javax.faces.resource/theme.css?ln=primefaces-sipse HTTP/1.1" 304 -
181.53.13.222 - - [14/Dec/2023:02:39:08 -0500] "GET /sipse/faces/javax.faces.resource/primefaces.css?ln=primefaces&v=4.0 HTTP/1.1" 304 -
181.53.13.222 - - [14/Dec/2023:02:39:08 -0500] "GET /sipse/faces/javax.faces.resource/layout/layout.css?ln=primefaces&v=4.0 HTTP/1.1" 304 -
181.53.13.222 - - [14/Dec/2023:02:39:08 -0500] "GET /sipse/faces/javax.faces.resource/jquery/jquery.js?ln=primefaces&v=4.0 HTTP/1.1" 304 -
181.53.13.222 - - [14/Dec/2023:02:39:08 -0500] "GET /sipse/faces/javax.faces.resource/jquery/jquery-plugins.js?ln=primefaces&v=4.0 HTTP/1.1" 304 -
181.53.13.222 - - [14/Dec/2023:02:39:08 -0500] "GET /sipse/faces/javax.faces.resource/primefaces.js?ln=primefaces&v=4.0 HTTP/1.1" 304 -
181.53.13.222 - - [14/Dec/2023:02:39:08 -0500] "GET /sipse/faces/javax.faces.resource/layout/layout.js?ln=primefaces&v=4.0 HTTP/1.1" 304 -
181.53.13.222 - - [14/Dec/2023:02:39:09 -0500] "POST /sipse/faces/presentacion/financiero/solicitudProceso/consultar.xhtml HTTP/1.1" 200 34133
181.53.13.222 - - [14/Dec/2023:02:39:16 -0500] "POST /sipse/faces/presentacion/financiero/solicitudProceso/consultar.xhtml HTTP/1.1" 200 13030
201.245.192.253 - - [14/Dec/2023:02:39:16 -0500] "POST /forms/lservlet;jsessionid=ac16012b30d68f87e6b31bdd4159a82faa45787d3329.e3iSbxaKaheRe34Qc38TbN0Nb41ynknvrkLOlQzNp65In0 HTTP/1.1" 200 2
181.53.13.222 - - [14/Dec/2023:02:39:21 -0500] "POST /sipse/faces/presentacion/financiero/solicitudProceso/consultar.xhtml HTTP/1.1" 200 127430
181.53.13.222 - - [14/Dec/2023:02:39:22 -0500] "GET /sipse/faces/javax.faces.resource/theme.css?ln=primefaces-sipse HTTP/1.1" 304 -
181.53.13.222 - - [14/Dec/2023:02:39:22 -0500] "GET /sipse/faces/javax.faces.resource/primefaces.css?ln=primefaces&v=4.0 HTTP/1.1" 304 -
181.53.13.222 - - [14/Dec/2023:02:39:22 -0500] "GET /sipse/faces/javax.faces.resource/layout/layout.css?ln=primefaces&v=4.0 HTTP/1.1" 304 -
181.53.13.222 - - [14/Dec/2023:02:39:22 -0500] "GET /sipse/faces/javax.faces.resource/jquery/jquery.js?ln=primefaces&v=4.0 HTTP/1.1" 304 -
181.53.13.222 - - [14/Dec/2023:02:39:22 -0500] "GET /sipse/faces/javax.faces.resource/jquery/jquery-plugins.js?ln=primefaces&v=4.0 HTTP/1.1" 304 -
181.53.13.222 - - [14/Dec/2023:02:39:22 -0500] "GET /sipse/faces/javax.faces.resource/primefaces.js?ln=primefaces&v=4.0 HTTP/1.1" 304 -
181.53.13.222 - - [14/Dec/2023:02:39:22 -0500] "GET /sipse/faces/javax.faces.resource/layout/layout.js?ln=primefaces&v=4.0 HTTP/1.1" 304 -
181.53.13.222 - - [14/Dec/2023:02:39:23 -0500] "GET /sipse/faces/javax.faces.resource/dynamiccontent.properties?ln=primefaces&pfdrid=XjOR5%2F%2FfPAZAuY9TpWQeCiM0BhlXxYRBGKi%2FQcXXfeA%3D&pfdrid_c=false HTTP/1.1" 500 383
181.53.13.222 - - [14/Dec/2023:02:39:30 -0500] "POST /sipse/faces/presentacion/financiero/solicitudProceso/consultarSolicitudProceso.xhtml HTTP/1.1" 200 252012
216.244.66.195 - - [14/Dec/2023:02:39:34 -0500] "GET /BLA/resoluciones/AUTOS%202007/0893.pdf HTTP/1.1" 200 95918
181.53.13.222 - - [14/Dec/2023:02:39:38 -0500] "POST /sipse/faces/presentacion/financiero/solicitudProceso/consultarSolicitudProceso.xhtml HTTP/1.1" 200 44118
181.53.13.222 - - [14/Dec/2023:02:39:39 -0500] "GET /sipse/faces/javax.faces.resource/primefaces.css?ln=primefaces&v=4.0 HTTP/1.1" 304 -
181.53.13.222 - - [14/Dec/2023:02:39:39 -0500] "GET /sipse/faces/javax.faces.resource/layout/layout.css?ln=primefaces&v=4.0 HTTP/1.1" 304 -
181.53.13.222 - - [14/Dec/2023:02:39:39 -0500] "GET /sipse/faces/javax.faces.resource/theme.css?ln=primefaces-sipse HTTP/1.1" 304 -
181.53.13.222 - - [14/Dec/2023:02:39:39 -0500] "GET /sipse/faces/javax.faces.resource/jquery/jquery.js?ln=primefaces&v=4.0 HTTP/1.1" 304 -
181.53.13.222 - - [14/Dec/2023:02:39:39 -0500] "GET /sipse/faces/javax.faces.resource/jquery/jquery-plugins.js?ln=primefaces&v=4.0 HTTP/1.1" 304 -
181.53.13.222 - - [14/Dec/2023:02:39:39 -0500] "GET /sipse/faces/javax.faces.resource/primefaces.js?ln=primefaces&v=4.0 HTTP/1.1" 304 -
181.53.13.222 - - [14/Dec/2023:02:39:39 -0500] "GET /sipse/faces/javax.faces.resource/layout/layout.js?ln=primefaces&v=4.0 HTTP/1.1" 304 -
181.53.13.222 - - [14/Dec/2023:02:39:39 -0500] "POST /sipse/faces/presentacion/financiero/solicitudProceso/consultar.xhtml HTTP/1.1" 200 37396
181.53.13.222 - - [14/Dec/2023:02:39:40 -0500] "POST /sipse/faces/presentacion/financiero/solicitudProceso/consultar.xhtml HTTP/1.1" 200 37396
181.53.13.222 - - [14/Dec/2023:02:39:40 -0500] "POST /sipse/faces/presentacion/financiero/solicitudProceso/consultar.xhtml HTTP/1.1" 200 37396
172.22.2.4 - - [14/Dec/2023:02:38:14 -0500] "HEAD /BLA/boletinlegal/ HTTP/1.1" 200 -
181.53.13.222 - - [14/Dec/2023:02:39:54 -0500] "POST /sipse/faces/presentacion/financiero/solicitudProceso/listarSolicitudProceso.xhtml HTTP/1.1" 302 -
181.53.13.222 - - [14/Dec/2023:02:39:54 -0500] "GET /sipse/faces/autenticacion.xhtml HTTP/1.1" 200 1099
181.53.13.222 - - [14/Dec/2023:02:39:57 -0500] "POST /sipse/faces/presentacion/financiero/solicitudProceso/listarSolicitudProceso.xhtml HTTP/1.1" 302 -
201.245.192.253 - - [14/Dec/2023:02:39:55 -0500] "POST /kwsrmcab/Wsrmcab HTTP/1.1" 200 37877
181.53.13.222 - - [14/Dec/2023:02:39:57 -0500] "GET /sipse/faces/autenticacion.xhtml HTTP/1.1" 200 1099
181.53.13.222 - - [14/Dec/2023:02:39:58 -0500] "POST /sipse/faces/presentacion/financiero/solicitudProceso/listarSolicitudProceso.xhtml HTTP/1.1" 302 -
181.53.13.222 - - [14/Dec/2023:02:39:58 -0500] "GET /sipse/faces/autenticacion.xhtml HTTP/1.1" 200 1099
201.245.192.253 - - [14/Dec/2023:02:39:58 -0500] "POST /forms/lservlet;jsessionid=ac16012b30d665b9d6b5cea24731bd918aefbc6c9e46.e3iSbxaKaheRe34Qc38TbN0Nb41ynknvrkLOlQzNp65In0 HTTP/1.1" 200 2
181.53.13.222 - - [14/Dec/2023:02:39:59 -0500] "POST /sipse/faces/presentacion/financiero/solicitudProceso/listarSolicitudProceso.xhtml HTTP/1.1" 302 -
181.53.13.222 - - [14/Dec/2023:02:39:59 -0500] "GET /sipse/faces/autenticacion.xhtml HTTP/1.1" 200 1099
181.53.13.222 - - [14/Dec/2023:02:40:00 -0500] "POST /sipse/faces/presentacion/financiero/solicitudProceso/listarSolicitudProceso.xhtml HTTP/1.1" 302 -
181.53.13.222 - - [14/Dec/2023:02:40:00 -0500] "GET /sipse/faces/autenticacion.xhtml HTTP/1.1" 200 1099
181.53.13.222 - - [14/Dec/2023:02:40:00 -0500] "POST /sipse/faces/presentacion/financiero/solicitudProceso/listarSolicitudProceso.xhtml HTTP/1.1" 302 -
181.53.13.222 - - [14/Dec/2023:02:40:00 -0500] "GET /sipse/faces/autenticacion.xhtml HTTP/1.1" 200 1099
181.53.13.222 - - [14/Dec/2023:02:40:00 -0500] "POST /sipse/faces/presentacion/financiero/solicitudProceso/listarSolicitudProceso.xhtml HTTP/1.1" 302 -
181.53.13.222 - - [14/Dec/2023:02:40:00 -0500] "GET /sipse/faces/autenticacion.xhtml HTTP/1.1" 200 1099
181.53.13.222 - - [14/Dec/2023:02:40:00 -0500] "POST /sipse/faces/presentacion/financiero/solicitudProceso/listarSolicitudProceso.xhtml HTTP/1.1" 302 -
181.53.13.222 - - [14/Dec/2023:02:40:00 -0500] "GET /sipse/faces/autenticacion.xhtml HTTP/1.1" 200 1099
181.53.13.222 - - [14/Dec/2023:02:40:00 -0500] "POST /sipse/faces/presentacion/financiero/solicitudProceso/listarSolicitudProceso.xhtml HTTP/1.1" 302 -
181.53.13.222 - - [14/Dec/2023:02:40:00 -0500] "GET /sipse/faces/autenticacion.xhtml HTTP/1.1" 200 1099
201.245.192.253 - - [14/Dec/2023:02:39:58 -0500] "POST /kwsrmcab/Wsrmcab HTTP/1.1" 200 38519
181.53.13.222 - - [14/Dec/2023:02:40:00 -0500] "POST /sipse/faces/presentacion/financiero/solicitudProceso/listarSolicitudProceso.xhtml HTTP/1.1" 302 -
181.53.13.222 - - [14/Dec/2023:02:40:00 -0500] "GET /sipse/faces/autenticacion.xhtml HTTP/1.1" 200 1099
181.53.13.222 - - [14/Dec/2023:02:40:01 -0500] "POST /sipse/faces/presentacion/financiero/solicitudProceso/listarSolicitudProceso.xhtml HTTP/1.1" 302 -
181.53.13.222 - - [14/Dec/2023:02:40:01 -0500] "GET /sipse/faces/autenticacion.xhtml HTTP/1.1" 200 1099
181.53.13.222 - - [14/Dec/2023:02:40:01 -0500] "POST /sipse/faces/presentacion/financiero/solicitudProceso/listarSolicitudProceso.xhtml HTTP/1.1" 302 -
181.53.13.222 - - [14/Dec/2023:02:40:01 -0500] "GET /sipse/faces/autenticacion.xhtml HTTP/1.1" 200 1099
181.53.13.222 - - [14/Dec/2023:02:40:01 -0500] "POST /sipse/faces/presentacion/financiero/solicitudProceso/listarSolicitudProceso.xhtml HTTP/1.1" 302 -
181.53.13.222 - - [14/Dec/2023:02:40:01 -0500] "GET /sipse/faces/autenticacion.xhtml HTTP/1.1" 200 1099
181.53.13.222 - - [14/Dec/2023:02:40:01 -0500] "POST /sipse/faces/presentacion/financiero/solicitudProceso/listarSolicitudProceso.xhtml HTTP/1.1" 302 -
181.53.13.222 - - [14/Dec/2023:02:40:01 -0500] "GET /sipse/faces/autenticacion.xhtml HTTP/1.1" 200 1099
181.53.13.222 - - [14/Dec/2023:02:40:01 -0500] "POST /sipse/faces/presentacion/financiero/solicitudProceso/listarSolicitudProceso.xhtml HTTP/1.1" 302 -
181.53.13.222 - - [14/Dec/2023:02:40:01 -0500] "GET /sipse/faces/autenticacion.xhtml HTTP/1.1" 200 1099
181.53.13.222 - - [14/Dec/2023:02:40:01 -0500] "POST /sipse/faces/presentacion/financiero/solicitudProceso/listarSolicitudProceso.xhtml HTTP/1.1" 302 -
181.53.13.222 - - [14/Dec/2023:02:40:01 -0500] "GET /sipse/faces/autenticacion.xhtml HTTP/1.1" 200 1099
181.53.13.222 - - [14/Dec/2023:02:40:01 -0500] "POST /sipse/faces/presentacion/financiero/solicitudProceso/listarSolicitudProceso.xhtml HTTP/1.1" 302 -
181.53.13.222 - - [14/Dec/2023:02:40:01 -0500] "GET /sipse/faces/autenticacion.xhtml HTTP/1.1" 200 1099
181.53.13.222 - - [14/Dec/2023:02:40:01 -0500] "POST /sipse/faces/presentacion/financiero/solicitudProceso/listarSolicitudProceso.xhtml HTTP/1.1" 302 -
181.53.13.222 - - [14/Dec/2023:02:40:01 -0500] "GET /sipse/faces/autenticacion.xhtml HTTP/1.1" 200 1099
181.53.13.222 - - [14/Dec/2023:02:40:01 -0500] "POST /sipse/faces/presentacion/financiero/solicitudProceso/listarSolicitudProceso.xhtml HTTP/1.1" 302 -
181.53.13.222 - - [14/Dec/2023:02:40:01 -0500] "GET /sipse/faces/autenticacion.xhtml HTTP/1.1" 200 1099
181.53.13.222 - - [14/Dec/2023:02:40:01 -0500] "POST /sipse/faces/presentacion/financiero/solicitudProceso/listarSolicitudProceso.xhtml HTTP/1.1" 302 -
181.53.13.222 - - [14/Dec/2023:02:40:01 -0500] "GET /sipse/faces/autenticacion.xhtml HTTP/1.1" 200 1099
181.53.13.222 - - [14/Dec/2023:02:40:04 -0500] "POST /sipse/faces/presentacion/financiero/solicitudProceso/listarSolicitudProceso.xhtml HTTP/1.1" 302 -
181.53.13.222 - - [14/Dec/2023:02:40:04 -0500] "GET /sipse/faces/autenticacion.xhtml HTTP/1.1" 200 1099
181.53.13.222 - - [14/Dec/2023:02:40:07 -0500] "GET /sipse/faces/faces/autenticacion.xhtml HTTP/1.1" 200 12406
181.53.13.222 - - [14/Dec/2023:02:40:07 -0500] "GET /sipse/css/custom_css_sg_prime_login.css HTTP/1.1" 304 -
181.53.13.222 - - [14/Dec/2023:02:40:07 -0500] "GET /sipse/faces/javax.faces.resource/primefaces.css?ln=primefaces&v=4.0 HTTP/1.1" 304 -
181.53.13.222 - - [14/Dec/2023:02:40:07 -0500] "GET /sipse/faces/javax.faces.resource/layout/layout.css?ln=primefaces&v=4.0 HTTP/1.1" 304 -
181.53.13.222 - - [14/Dec/2023:02:40:07 -0500] "GET /sipse/faces/javax.faces.resource/theme.css?ln=primefaces-sipse HTTP/1.1" 304 -
181.53.13.222 - - [14/Dec/2023:02:40:07 -0500] "GET /sipse/faces/javax.faces.resource/jquery/jquery.js?ln=primefaces&v=4.0 HTTP/1.1" 304 -
181.53.13.222 - - [14/Dec/2023:02:40:07 -0500] "GET /sipse/faces/javax.faces.resource/jquery/jquery-plugins.js?ln=primefaces&v=4.0 HTTP/1.1" 304 -
181.53.13.222 - - [14/Dec/2023:02:40:07 -0500] "GET /sipse/faces/javax.faces.resource/layout/layout.js?ln=primefaces&v=4.0 HTTP/1.1" 304 -
181.53.13.222 - - [14/Dec/2023:02:40:07 -0500] "GET /sipse/faces/javax.faces.resource/primefaces.js?ln=primefaces&v=4.0 HTTP/1.1" 304 -
181.53.13.222 - - [14/Dec/2023:02:40:07 -0500] "GET /sipse/css/imagen/logoSDG.png HTTP/1.1" 304 -
181.53.13.222 - - [14/Dec/2023:02:40:07 -0500] "GET /sipse/css/imagen/loginimg.png HTTP/1.1" 304 -
181.53.13.222 - - [14/Dec/2023:02:40:07 -0500] "GET /sipse/faces/javax.faces.resource/images/ui-icons_898989_256x240.png?ln=primefaces-aristo HTTP/1.1" 304 -
181.53.13.222 - - [14/Dec/2023:02:40:10 -0500] "POST /sipse/faces/autenticacion.xhtml HTTP/1.1" 200 2220
181.53.13.222 - - [14/Dec/2023:02:40:10 -0500] "GET /sipse/faces/javax.faces.resource/messages/messages.png?ln=primefaces&v=4.0 HTTP/1.1" 304 -
181.53.13.222 - - [14/Dec/2023:02:40:11 -0500] "POST /sipse/faces/autenticacion.xhtml HTTP/1.1" 200 16474
181.53.13.222 - - [14/Dec/2023:02:40:11 -0500] "GET /sipse/faces/javax.faces.resource/theme.css?ln=primefaces-sipse HTTP/1.1" 304 -
181.53.13.222 - - [14/Dec/2023:02:40:11 -0500] "GET /sipse/faces/javax.faces.resource/primefaces.css?ln=primefaces&v=4.0 HTTP/1.1" 304 -
181.53.13.222 - - [14/Dec/2023:02:40:11 -0500] "GET /sipse/faces/javax.faces.resource/layout/layout.css?ln=primefaces&v=4.0 HTTP/1.1" 304 -
181.53.13.222 - - [14/Dec/2023:02:40:11 -0500] "GET /sipse/faces/javax.faces.resource/jquery/jquery.js?ln=primefaces&v=4.0 HTTP/1.1" 304 -
181.53.13.222 - - [14/Dec/2023:02:40:11 -0500] "GET /sipse/faces/javax.faces.resource/jquery/jquery-plugins.js?ln=primefaces&v=4.0 HTTP/1.1" 304 -
181.53.13.222 - - [14/Dec/2023:02:40:11 -0500] "GET /sipse/faces/javax.faces.resource/primefaces.js?ln=primefaces&v=4.0 HTTP/1.1" 304 -
181.53.13.222 - - [14/Dec/2023:02:40:11 -0500] "GET /sipse/faces/javax.faces.resource/layout/layout.js?ln=primefaces&v=4.0 HTTP/1.1" 304 -
181.53.13.222 - - [14/Dec/2023:02:40:11 -0500] "GET /sipse/css/v_mergente.css HTTP/1.1" 304 -
181.53.13.222 - - [14/Dec/2023:02:40:11 -0500] "GET /sipse/css/imagen/contrasena.png HTTP/1.1" 404 383
181.53.13.222 - - [14/Dec/2023:02:40:11 -0500] "GET /sipse/imagenes/cargando.gif HTTP/1.1" 304 -
181.53.13.222 - - [14/Dec/2023:02:40:11 -0500] "GET /sipse/imagenes/logoAplicacion.jpg HTTP/1.1" 304 -
216.244.66.195 - - [14/Dec/2023:02:40:12 -0500] "GET /BLA/resoluciones/AUTOS%202007/1893.pdf HTTP/1.1" 200 113535
181.53.13.222 - - [14/Dec/2023:02:40:13 -0500] "GET /sipse/faces/javax.faces.resource/images/ui-bg_flat_0_2d5972_40x100.png?ln=primefaces-aristo HTTP/1.1" 304 -
181.53.13.222 - - [14/Dec/2023:02:40:13 -0500] "POST /sipse/faces/bienvenido.xhtml HTTP/1.1" 200 2658
181.53.13.222 - - [14/Dec/2023:02:40:14 -0500] "POST /sipse/faces/bienvenido.xhtml HTTP/1.1" 200 65740
181.53.13.222 - - [14/Dec/2023:02:40:16 -0500] "GET /sipse/faces/javax.faces.resource/theme.css?ln=primefaces-sipse HTTP/1.1" 304 -
181.53.13.222 - - [14/Dec/2023:02:40:16 -0500] "GET /sipse/faces/javax.faces.resource/primefaces.css?ln=primefaces&v=4.0 HTTP/1.1" 304 -
181.53.13.222 - - [14/Dec/2023:02:40:16 -0500] "GET /sipse/faces/javax.faces.resource/jquery/jquery.js?ln=primefaces&v=4.0 HTTP/1.1" 304 -
181.53.13.222 - - [14/Dec/2023:02:40:16 -0500] "GET /sipse/faces/javax.faces.resource/layout/layout.css?ln=primefaces&v=4.0 HTTP/1.1" 304 -
181.53.13.222 - - [14/Dec/2023:02:40:16 -0500] "GET /sipse/faces/javax.faces.resource/jquery/jquery-plugins.js?ln=primefaces&v=4.0 HTTP/1.1" 304 -
181.53.13.222 - - [14/Dec/2023:02:40:16 -0500] "GET /sipse/faces/javax.faces.resource/primefaces.js?ln=primefaces&v=4.0 HTTP/1.1" 304 -
181.53.13.222 - - [14/Dec/2023:02:40:16 -0500] "GET /sipse/faces/javax.faces.resource/layout/layout.js?ln=primefaces&v=4.0 HTTP/1.1" 304 -
181.53.13.222 - - [14/Dec/2023:02:40:16 -0500] "POST /sipse/faces/presentacion/financiero/solicitudProceso/listarSolicitudProceso.xhtml HTTP/1.1" 200 1556
181.53.13.222 - - [14/Dec/2023:02:40:17 -0500] "POST /sipse/faces/presentacion/financiero/solicitudProceso/listarSolicitudProceso.xhtml HTTP/1.1" 200 2849
181.53.13.222 - - [14/Dec/2023:02:40:18 -0500] "POST /sipse/faces/presentacion/financiero/solicitudProceso/listarSolicitudProceso.xhtml HTTP/1.1" 200 40855
181.53.13.222 - - [14/Dec/2023:02:40:18 -0500] "GET /sipse/faces/javax.faces.resource/theme.css?ln=primefaces-sipse HTTP/1.1" 304 -
181.53.13.222 - - [14/Dec/2023:02:40:18 -0500] "GET /sipse/faces/javax.faces.resource/primefaces.css?ln=primefaces&v=4.0 HTTP/1.1" 304 -
181.53.13.222 - - [14/Dec/2023:02:40:18 -0500] "GET /sipse/faces/javax.faces.resource/layout/layout.css?ln=primefaces&v=4.0 HTTP/1.1" 304 -
181.53.13.222 - - [14/Dec/2023:02:40:18 -0500] "GET /sipse/faces/javax.faces.resource/jquery/jquery.js?ln=primefaces&v=4.0 HTTP/1.1" 304 -
181.53.13.222 - - [14/Dec/2023:02:40:18 -0500] "GET /sipse/faces/javax.faces.resource/jquery/jquery-plugins.js?ln=primefaces&v=4.0 HTTP/1.1" 304 -
181.53.13.222 - - [14/Dec/2023:02:40:18 -0500] "GET /sipse/faces/javax.faces.resource/primefaces.js?ln=primefaces&v=4.0 HTTP/1.1" 304 -
181.53.13.222 - - [14/Dec/2023:02:40:18 -0500] "GET /sipse/faces/javax.faces.resource/layout/layout.js?ln=primefaces&v=4.0 HTTP/1.1" 304 -
181.53.13.222 - - [14/Dec/2023:02:40:18 -0500] "POST /sipse/faces/presentacion/financiero/solicitudProceso/consultar.xhtml HTTP/1.1" 200 34133
181.53.13.222 - - [14/Dec/2023:02:40:24 -0500] "POST /sipse/faces/presentacion/financiero/solicitudProceso/consultar.xhtml HTTP/1.1" 200 12841
181.53.13.222 - - [14/Dec/2023:02:40:27 -0500] "POST /sipse/faces/presentacion/financiero/solicitudProceso/consultar.xhtml HTTP/1.1" 200 124109
181.53.13.222 - - [14/Dec/2023:02:40:28 -0500] "GET /sipse/faces/javax.faces.resource/theme.css?ln=primefaces-sipse HTTP/1.1" 304 -
181.53.13.222 - - [14/Dec/2023:02:40:28 -0500] "GET /sipse/faces/javax.faces.resource/primefaces.css?ln=primefaces&v=4.0 HTTP/1.1" 304 -
181.53.13.222 - - [14/Dec/2023:02:40:28 -0500] "GET /sipse/faces/javax.faces.resource/layout/layout.css?ln=primefaces&v=4.0 HTTP/1.1" 304 -
181.53.13.222 - - [14/Dec/2023:02:40:28 -0500] "GET /sipse/faces/javax.faces.resource/jquery/jquery.js?ln=primefaces&v=4.0 HTTP/1.1" 304 -
181.53.13.222 - - [14/Dec/2023:02:40:28 -0500] "GET /sipse/faces/javax.faces.resource/jquery/jquery-plugins.js?ln=primefaces&v=4.0 HTTP/1.1" 304 -
181.53.13.222 - - [14/Dec/2023:02:40:28 -0500] "GET /sipse/faces/javax.faces.resource/primefaces.js?ln=primefaces&v=4.0 HTTP/1.1" 304 -
181.53.13.222 - - [14/Dec/2023:02:40:28 -0500] "GET /sipse/faces/javax.faces.resource/layout/layout.js?ln=primefaces&v=4.0 HTTP/1.1" 304 -
181.53.13.222 - - [14/Dec/2023:02:40:28 -0500] "GET /sipse/faces/javax.faces.resource/dynamiccontent.properties?ln=primefaces&pfdrid=XjOR5%2F%2FfPAZAuY9TpWQeCiM0BhlXxYRBGKi%2FQcXXfeA%3D&pfdrid_c=false HTTP/1.1" 500 383
181.53.13.222 - - [14/Dec/2023:02:40:33 -0500] "POST /sipse/faces/presentacion/financiero/solicitudProceso/consultarSolicitudProceso.xhtml HTTP/1.1" 200 218663
172.22.2.4 - - [14/Dec/2023:02:39:05 -0500] "GET /BLA/boletinlegal/ HTTP/1.1" 200 58294
216.244.66.195 - - [14/Dec/2023:02:40:50 -0500] "GET /BLA/resoluciones/AUTOS%202007/1935.pdf HTTP/1.1" 200 189954
201.245.192.253 - - [14/Dec/2023:02:41:16 -0500] "POST /forms/lservlet;jsessionid=ac16012b30d68f87e6b31bdd4159a82faa45787d3329.e3iSbxaKaheRe34Qc38TbN0Nb41ynknvrkLOlQzNp65In0 HTTP/1.1" 200 2
216.244.66.195 - - [14/Dec/2023:02:41:28 -0500] "GET /BLA/resoluciones/AUTOS%202007/1948.pdf HTTP/1.1" 200 98953
201.245.192.253 - - [14/Dec/2023:02:41:58 -0500] "POST /forms/lservlet;jsessionid=ac16012b30d665b9d6b5cea24731bd918aefbc6c9e46.e3iSbxaKaheRe34Qc38TbN0Nb41ynknvrkLOlQzNp65In0 HTTP/1.1" 200 2
216.244.66.195 - - [14/Dec/2023:02:42:02 -0500] "GET /BLA/resoluciones/AUTOS%202010/0861.pdf HTTP/1.1" 200 251077
201.245.192.253 - - [14/Dec/2023:02:42:32 -0500] "POST /kwsrmcab/Wsrmcab  HTTP/1.1" 200 37894
216.244.66.195 - - [14/Dec/2023:02:42:46 -0500] "GET /BLA/resoluciones/AUTOS%202010/1121.pdf HTTP/1.1" 200 184039
5.255.40.67 - - [14/Dec/2023:02:42:55 -0500] "GET / HTTP/1.0" 200 319
216.245.221.92 - - [14/Dec/2023:02:42:58 -0500] "HEAD / HTTP/1.1" 200 -
201.245.192.253 - - [14/Dec/2023:02:43:16 -0500] "POST /forms/lservlet;jsessionid=ac16012b30d68f87e6b31bdd4159a82faa45787d3329.e3iSbxaKaheRe34Qc38TbN0Nb41ynknvrkLOlQzNp65In0 HTTP/1.1" 200 2
216.244.66.195 - - [14/Dec/2023:02:43:24 -0500] "GET /BLA/resoluciones/AUTOS%202010/1273.pdf HTTP/1.1" 200 395079
201.245.192.253 - - [14/Dec/2023:02:43:58 -0500] "POST /forms/lservlet;jsessionid=ac16012b30d665b9d6b5cea24731bd918aefbc6c9e46.e3iSbxaKaheRe34Qc38TbN0Nb41ynknvrkLOlQzNp65In0 HTTP/1.1" 200 2
216.244.66.195 - - [14/Dec/2023:02:44:03 -0500] "GET /BLA/resoluciones/AUTOS%202010/1444.pdf HTTP/1.1" 200 190875
216.244.66.195 - - [14/Dec/2023:02:44:33 -0500] "GET /BLA/resoluciones/AUTOS%202010/1476.pdf HTTP/1.1" 200 260655
216.244.66.195 - - [14/Dec/2023:02:45:07 -0500] "GET /BLA/resoluciones/AUTOS%202010/1490.pdf HTTP/1.1" 200 151366
201.245.192.253 - - [14/Dec/2023:02:45:16 -0500] "POST /forms/lservlet;jsessionid=ac16012b30d68f87e6b31bdd4159a82faa45787d3329.e3iSbxaKaheRe34Qc38TbN0Nb41ynknvrkLOlQzNp65In0 HTTP/1.1" 200 2
216.244.66.195 - - [14/Dec/2023:02:45:36 -0500] "GET /BLA/resoluciones/AUTOS%202010/1732.pdf HTTP/1.1" 200 145905
