172.22.2.4 - - [14/Dec/2023:04:17:24 -0500] "HEAD /BLA/boletinlegal/ HTTP/1.1" 200 -
201.245.192.253 - - [14/Dec/2023:04:19:17 -0500] "POST /forms/lservlet;jsessionid=ac16012b30d68f87e6b31bdd4159a82faa45787d3329.e3iSbxaKaheRe34Qc38TbN0Nb41ynknvrkLOlQzNp65In0 HTTP/1.1" 200 2
52.167.144.192 - - [14/Dec/2023:04:19:20 -0500] "GET /BLA/resoluciones/RESOLUCIONES%202021/0047.pdf HTTP/1.1" 200 411358
172.22.2.4 - - [14/Dec/2023:04:18:15 -0500] "GET /BLA/boletinlegal/ HTTP/1.1" 200 58294
201.245.192.253 - - [14/Dec/2023:04:19:54 -0500] "POST /kwsrmcab/Wsrmcab HTTP/1.1" 200 38040
201.245.192.253 - - [14/Dec/2023:04:19:59 -0500] "POST /forms/lservlet;jsessionid=ac16012b30d665b9d6b5cea24731bd918aefbc6c9e46.e3iSbxaKaheRe34Qc38TbN0Nb41ynknvrkLOlQzNp65In0 HTTP/1.1" 200 2
201.245.192.253 - - [14/Dec/2023:04:19:58 -0500] "POST /kwsrmcab/Wsrmcab HTTP/1.1" 200 38520
216.244.66.195 - - [14/Dec/2023:04:20:10 -0500] "GET /BLA/resoluciones/AUTOS%202015/1634.pdf HTTP/1.1" 200 387058
216.244.66.195 - - [14/Dec/2023:04:20:58 -0500] "GET /BLA/resoluciones/AUTOS%202016/2926.pdf HTTP/1.1" 200 397274
201.245.192.253 - - [14/Dec/2023:04:21:17 -0500] "POST /forms/lservlet;jsessionid=ac16012b30d68f87e6b31bdd4159a82faa45787d3329.e3iSbxaKaheRe34Qc38TbN0Nb41ynknvrkLOlQzNp65In0 HTTP/1.1" 200 2
216.244.66.195 - - [14/Dec/2023:04:21:28 -0500] "GET /BLA/resoluciones/AUTOS%202016/3139.pdf HTTP/1.1" 200 355961
201.245.192.253 - - [14/Dec/2023:04:21:59 -0500] "POST /forms/lservlet;jsessionid=ac16012b30d665b9d6b5cea24731bd918aefbc6c9e46.e3iSbxaKaheRe34Qc38TbN0Nb41ynknvrkLOlQzNp65In0 HTTP/1.1" 200 2
201.245.192.253 - - [14/Dec/2023:04:22:04 -0500] "POST /kwsrmcab/Wsrmcab  HTTP/1.1" 200 37894
216.244.66.195 - - [14/Dec/2023:04:22:16 -0500] "GET /BLA/resoluciones/AUTOS%202017/3055.pdf HTTP/1.1" 200 289876
216.245.221.92 - - [14/Dec/2023:04:22:57 -0500] "HEAD / HTTP/1.1" 200 -
201.245.192.253 - - [14/Dec/2023:04:23:17 -0500] "POST /forms/lservlet;jsessionid=ac16012b30d68f87e6b31bdd4159a82faa45787d3329.e3iSbxaKaheRe34Qc38TbN0Nb41ynknvrkLOlQzNp65In0 HTTP/1.1" 200 2
201.245.192.253 - - [14/Dec/2023:04:23:59 -0500] "POST /forms/lservlet;jsessionid=ac16012b30d665b9d6b5cea24731bd918aefbc6c9e46.e3iSbxaKaheRe34Qc38TbN0Nb41ynknvrkLOlQzNp65In0 HTTP/1.1" 200 2
216.244.66.195 - - [14/Dec/2023:04:24:00 -0500] "GET /BLA/resoluciones/AUTOS%202007/1951.pdf HTTP/1.1" 200 109924
216.244.66.195 - - [14/Dec/2023:04:24:29 -0500] "GET /BLA/resoluciones/AUTOS%202007/1991.pdf HTTP/1.1" 200 153603
172.22.2.4 - - [14/Dec/2023:04:23:15 -0500] "HEAD /BLA/boletinlegal/ HTTP/1.1" 200 -
216.244.66.195 - - [14/Dec/2023:04:24:59 -0500] "GET /BLA/resoluciones/AUTOS%202010/0061.pdf HTTP/1.1" 200 190767
201.245.192.253 - - [14/Dec/2023:04:25:17 -0500] "POST /forms/lservlet;jsessionid=ac16012b30d68f87e6b31bdd4159a82faa45787d3329.e3iSbxaKaheRe34Qc38TbN0Nb41ynknvrkLOlQzNp65In0 HTTP/1.1" 200 2
216.244.66.195 - - [14/Dec/2023:04:25:28 -0500] "GET /BLA/resoluciones/AUTOS%202010/0875.pdf HTTP/1.1" 200 304111
172.22.2.4 - - [14/Dec/2023:04:24:05 -0500] "GET /BLA/boletinlegal/ HTTP/1.1" 200 60634
216.244.66.195 - - [14/Dec/2023:04:25:55 -0500] "GET /BLA/resoluciones/AUTOS%202010/1044.pdf HTTP/1.1" 200 477938
201.245.192.253 - - [14/Dec/2023:04:25:59 -0500] "POST /forms/lservlet;jsessionid=ac16012b30d665b9d6b5cea24731bd918aefbc6c9e46.e3iSbxaKaheRe34Qc38TbN0Nb41ynknvrkLOlQzNp65In0 HTTP/1.1" 200 2
201.245.192.253 - - [14/Dec/2023:04:26:04 -0500] "POST /kwsrmcab/Wsrmcab HTTP/1.1" 200 38040
201.245.192.253 - - [14/Dec/2023:04:26:07 -0500] "POST /kwsrmcab/Wsrmcab HTTP/1.1" 200 38520
216.244.66.195 - - [14/Dec/2023:04:26:20 -0500] "GET /BLA/resoluciones/AUTOS%202010/1393.pdf HTTP/1.1" 200 245755
216.244.66.195 - - [14/Dec/2023:04:26:44 -0500] "GET /BLA/resoluciones/AUTOS%202010/1721.pdf HTTP/1.1" 200 190658
201.245.192.253 - - [14/Dec/2023:04:27:02 -0500] "POST /kwsrmcab/Wsrmcab  HTTP/1.1" 200 37894
216.244.66.195 - - [14/Dec/2023:04:27:08 -0500] "GET /BLA/resoluciones/AUTOS%202010/3183.pdf HTTP/1.1" 200 1189150
201.245.192.253 - - [14/Dec/2023:04:27:17 -0500] "POST /forms/lservlet;jsessionid=ac16012b30d68f87e6b31bdd4159a82faa45787d3329.e3iSbxaKaheRe34Qc38TbN0Nb41ynknvrkLOlQzNp65In0 HTTP/1.1" 200 2
216.244.66.195 - - [14/Dec/2023:04:27:31 -0500] "GET /BLA/resoluciones/AUTOS%202010/3453.pdf HTTP/1.1" 200 451697
216.244.66.195 - - [14/Dec/2023:04:27:53 -0500] "GET /BLA/resoluciones/AUTOS%202010/4009.pdf HTTP/1.1" 200 370719
216.245.221.92 - - [14/Dec/2023:04:27:57 -0500] "HEAD / HTTP/1.1" 200 -
201.245.192.253 - - [14/Dec/2023:04:27:59 -0500] "POST /forms/lservlet;jsessionid=ac16012b30d665b9d6b5cea24731bd918aefbc6c9e46.e3iSbxaKaheRe34Qc38TbN0Nb41ynknvrkLOlQzNp65In0 HTTP/1.1" 200 2
216.244.66.195 - - [14/Dec/2023:04:28:13 -0500] "GET /BLA/resoluciones/AUTOS%202010/5212.pdf HTTP/1.1" 200 162479
216.244.66.195 - - [14/Dec/2023:04:28:33 -0500] "GET /BLA/resoluciones/AUTOS%202010/5237.pdf HTTP/1.1" 200 254987
216.244.66.195 - - [14/Dec/2023:04:28:51 -0500] "GET /BLA/resoluciones/AUTOS%202010/5491.pdf HTTP/1.1" 200 315894
216.244.66.195 - - [14/Dec/2023:04:29:08 -0500] "GET /BLA/resoluciones/AUTOS%202010/5502.pdf HTTP/1.1" 200 209389
201.245.192.253 - - [14/Dec/2023:04:29:17 -0500] "POST /forms/lservlet;jsessionid=ac16012b30d68f87e6b31bdd4159a82faa45787d3329.e3iSbxaKaheRe34Qc38TbN0Nb41ynknvrkLOlQzNp65In0 HTTP/1.1" 200 2
216.244.66.195 - - [14/Dec/2023:04:29:25 -0500] "GET /BLA/resoluciones/AUTOS%202010/6632.pdf HTTP/1.1" 200 153511
216.244.66.195 - - [14/Dec/2023:04:29:41 -0500] "GET /BLA/resoluciones/AUTOS%202010/6648.pdf HTTP/1.1" 200 109500
216.244.66.195 - - [14/Dec/2023:04:29:56 -0500] "GET /BLA/resoluciones/AUTOS%202010/6674.pdf HTTP/1.1" 200 307525
201.245.192.253 - - [14/Dec/2023:04:29:54 -0500] "POST /kwsrmcab/Wsrmcab HTTP/1.1" 200 38040
201.245.192.253 - - [14/Dec/2023:04:29:59 -0500] "POST /forms/lservlet;jsessionid=ac16012b30d665b9d6b5cea24731bd918aefbc6c9e46.e3iSbxaKaheRe34Qc38TbN0Nb41ynknvrkLOlQzNp65In0 HTTP/1.1" 200 2
201.245.192.253 - - [14/Dec/2023:04:29:58 -0500] "POST /kwsrmcab/Wsrmcab HTTP/1.1" 200 38520
216.244.66.195 - - [14/Dec/2023:04:30:10 -0500] "GET /BLA/resoluciones/AUTOS%202010/6847.pdf HTTP/1.1" 200 407373
172.22.2.4 - - [14/Dec/2023:04:29:05 -0500] "HEAD /BLA/boletinlegal/ HTTP/1.1" 200 -
201.245.192.253 - - [14/Dec/2023:04:31:17 -0500] "POST /forms/lservlet;jsessionid=ac16012b30d68f87e6b31bdd4159a82faa45787d3329.e3iSbxaKaheRe34Qc38TbN0Nb41ynknvrkLOlQzNp65In0 HTTP/1.1" 200 2
172.22.2.4 - - [14/Dec/2023:04:29:56 -0500] "GET /BLA/boletinlegal/ HTTP/1.1" 200 58294
201.245.192.253 - - [14/Dec/2023:04:31:59 -0500] "POST /forms/lservlet;jsessionid=ac16012b30d665b9d6b5cea24731bd918aefbc6c9e46.e3iSbxaKaheRe34Qc38TbN0Nb41ynknvrkLOlQzNp65In0 HTTP/1.1" 200 2
201.245.192.253 - - [14/Dec/2023:04:32:02 -0500] "POST /kwsrmcab/Wsrmcab  HTTP/1.1" 200 37894
199.16.157.182 - - [14/Dec/2023:04:32:04 -0500] "GET /images/imagen-palomas_optimized.jpg HTTP/1.1" 200 184069
216.245.221.92 - - [14/Dec/2023:04:32:57 -0500] "HEAD / HTTP/1.1" 200 -
201.245.192.253 - - [14/Dec/2023:04:33:17 -0500] "POST /forms/lservlet;jsessionid=ac16012b30d68f87e6b31bdd4159a82faa45787d3329.e3iSbxaKaheRe34Qc38TbN0Nb41ynknvrkLOlQzNp65In0 HTTP/1.1" 200 2
201.245.192.253 - - [14/Dec/2023:04:33:59 -0500] "POST /forms/lservlet;jsessionid=ac16012b30d665b9d6b5cea24731bd918aefbc6c9e46.e3iSbxaKaheRe34Qc38TbN0Nb41ynknvrkLOlQzNp65In0 HTTP/1.1" 200 2
216.244.66.195 - - [14/Dec/2023:04:35:13 -0500] "GET /robots.txt HTTP/1.1" 404 1018
201.245.192.253 - - [14/Dec/2023:04:35:17 -0500] "POST /forms/lservlet;jsessionid=ac16012b30d68f87e6b31bdd4159a82faa45787d3329.e3iSbxaKaheRe34Qc38TbN0Nb41ynknvrkLOlQzNp65In0 HTTP/1.1" 200 2
201.245.192.253 - - [14/Dec/2023:04:35:59 -0500] "POST /forms/lservlet;jsessionid=ac16012b30d665b9d6b5cea24731bd918aefbc6c9e46.e3iSbxaKaheRe34Qc38TbN0Nb41ynknvrkLOlQzNp65In0 HTTP/1.1" 200 2
201.245.192.253 - - [14/Dec/2023:04:36:04 -0500] "POST /kwsrmcab/Wsrmcab HTTP/1.1" 200 38040
201.245.192.253 - - [14/Dec/2023:04:36:07 -0500] "POST /kwsrmcab/Wsrmcab HTTP/1.1" 200 38520
93.132.103.61 - - [14/Dec/2023:04:36:20 -0500] "HEAD / HTTP/1.1" 200 -
172.22.2.4 - - [14/Dec/2023:04:34:56 -0500] "HEAD /BLA/boletinlegal/ HTTP/1.1" 200 -
201.245.192.253 - - [14/Dec/2023:04:37:01 -0500] "POST /kwsrmcab/Wsrmcab  HTTP/1.1" 200 37894
201.245.192.253 - - [14/Dec/2023:04:37:17 -0500] "POST /forms/lservlet;jsessionid=ac16012b30d68f87e6b31bdd4159a82faa45787d3329.e3iSbxaKaheRe34Qc38TbN0Nb41ynknvrkLOlQzNp65In0 HTTP/1.1" 200 2
199.16.157.180 - - [14/Dec/2023:04:37:26 -0500] "GET /images/imagen-palomas_optimized.jpg HTTP/1.1" 200 184069
199.16.157.182 - - [14/Dec/2023:04:37:27 -0500] "GET /distrito-realiza-las-primeras-vasectomias-a-palomas-de-plaza.html HTTP/1.1" 200 958
172.22.2.4 - - [14/Dec/2023:04:35:47 -0500] "GET /BLA/boletinlegal/ HTTP/1.1" 200 60634
216.245.221.92 - - [14/Dec/2023:04:37:57 -0500] "HEAD / HTTP/1.1" 200 -
201.245.192.253 - - [14/Dec/2023:04:37:59 -0500] "POST /forms/lservlet;jsessionid=ac16012b30d665b9d6b5cea24731bd918aefbc6c9e46.e3iSbxaKaheRe34Qc38TbN0Nb41ynknvrkLOlQzNp65In0 HTTP/1.1" 200 2
181.53.13.222 - - [14/Dec/2023:04:38:11 -0500] "POST /sipse/faces/presentacion/financiero/solicitudProceso/consultarSolicitudProceso.xhtml HTTP/1.1" 200 43923
181.53.13.222 - - [14/Dec/2023:04:38:11 -0500] "GET /sipse/faces/javax.faces.resource/theme.css?ln=primefaces-sipse HTTP/1.1" 304 -
181.53.13.222 - - [14/Dec/2023:04:38:11 -0500] "GET /sipse/faces/javax.faces.resource/primefaces.css?ln=primefaces&v=4.0 HTTP/1.1" 304 -
181.53.13.222 - - [14/Dec/2023:04:38:11 -0500] "GET /sipse/faces/javax.faces.resource/layout/layout.css?ln=primefaces&v=4.0 HTTP/1.1" 304 -
181.53.13.222 - - [14/Dec/2023:04:38:11 -0500] "GET /sipse/faces/javax.faces.resource/jquery/jquery.js?ln=primefaces&v=4.0 HTTP/1.1" 304 -
181.53.13.222 - - [14/Dec/2023:04:38:11 -0500] "GET /sipse/faces/javax.faces.resource/jquery/jquery-plugins.js?ln=primefaces&v=4.0 HTTP/1.1" 304 -
181.53.13.222 - - [14/Dec/2023:04:38:11 -0500] "GET /sipse/css/imagen/contrasena.png HTTP/1.1" 404 383
181.53.13.222 - - [14/Dec/2023:04:38:11 -0500] "GET /sipse/faces/javax.faces.resource/primefaces.js?ln=primefaces&v=4.0 HTTP/1.1" 304 -
181.53.13.222 - - [14/Dec/2023:04:38:11 -0500] "GET /sipse/faces/javax.faces.resource/layout/layout.js?ln=primefaces&v=4.0 HTTP/1.1" 304 -
181.53.13.222 - - [14/Dec/2023:04:38:11 -0500] "POST /sipse/faces/presentacion/financiero/solicitudProceso/consultar.xhtml HTTP/1.1" 200 37201
181.53.13.222 - - [14/Dec/2023:04:38:12 -0500] "POST /sipse/faces/presentacion/financiero/solicitudProceso/consultar.xhtml HTTP/1.1" 200 37201
181.53.13.222 - - [14/Dec/2023:04:38:12 -0500] "POST /sipse/faces/presentacion/financiero/solicitudProceso/consultar.xhtml HTTP/1.1" 200 37201
181.53.13.222 - - [14/Dec/2023:04:38:16 -0500] "POST /sipse/faces/presentacion/financiero/solicitudProceso/consultar.xhtml HTTP/1.1" 200 12829
181.53.13.222 - - [14/Dec/2023:04:38:19 -0500] "POST /sipse/faces/presentacion/financiero/solicitudProceso/consultar.xhtml HTTP/1.1" 200 122493
181.53.13.222 - - [14/Dec/2023:04:38:20 -0500] "GET /sipse/faces/javax.faces.resource/theme.css?ln=primefaces-sipse HTTP/1.1" 304 -
181.53.13.222 - - [14/Dec/2023:04:38:20 -0500] "GET /sipse/faces/javax.faces.resource/primefaces.css?ln=primefaces&v=4.0 HTTP/1.1" 304 -
181.53.13.222 - - [14/Dec/2023:04:38:20 -0500] "GET /sipse/faces/javax.faces.resource/layout/layout.css?ln=primefaces&v=4.0 HTTP/1.1" 304 -
181.53.13.222 - - [14/Dec/2023:04:38:20 -0500] "GET /sipse/faces/javax.faces.resource/jquery/jquery.js?ln=primefaces&v=4.0 HTTP/1.1" 304 -
181.53.13.222 - - [14/Dec/2023:04:38:20 -0500] "GET /sipse/faces/javax.faces.resource/jquery/jquery-plugins.js?ln=primefaces&v=4.0 HTTP/1.1" 304 -
181.53.13.222 - - [14/Dec/2023:04:38:20 -0500] "GET /sipse/faces/javax.faces.resource/primefaces.js?ln=primefaces&v=4.0 HTTP/1.1" 304 -
181.53.13.222 - - [14/Dec/2023:04:38:20 -0500] "GET /sipse/faces/javax.faces.resource/layout/layout.js?ln=primefaces&v=4.0 HTTP/1.1" 304 -
181.53.13.222 - - [14/Dec/2023:04:38:20 -0500] "GET /sipse/css/imagen/contrasena.png HTTP/1.1" 404 383
181.53.13.222 - - [14/Dec/2023:04:38:20 -0500] "GET /sipse/faces/javax.faces.resource/dynamiccontent.properties?ln=primefaces&pfdrid=XjOR5%2F%2FfPAZAuY9TpWQeCiM0BhlXxYRBGKi%2FQcXXfeA%3D&pfdrid_c=false HTTP/1.1" 500 383
181.53.13.222 - - [14/Dec/2023:04:38:25 -0500] "POST /sipse/faces/presentacion/financiero/solicitudProceso/consultarSolicitudProceso.xhtml HTTP/1.1" 200 494008
201.245.192.253 - - [14/Dec/2023:04:39:17 -0500] "POST /forms/lservlet;jsessionid=ac16012b30d68f87e6b31bdd4159a82faa45787d3329.e3iSbxaKaheRe34Qc38TbN0Nb41ynknvrkLOlQzNp65In0 HTTP/1.1" 200 2
201.245.192.253 - - [14/Dec/2023:04:39:54 -0500] "POST /kwsrmcab/Wsrmcab HTTP/1.1" 200 38040
201.245.192.253 - - [14/Dec/2023:04:39:59 -0500] "POST /forms/lservlet;jsessionid=ac16012b30d665b9d6b5cea24731bd918aefbc6c9e46.e3iSbxaKaheRe34Qc38TbN0Nb41ynknvrkLOlQzNp65In0 HTTP/1.1" 200 2
201.245.192.253 - - [14/Dec/2023:04:39:57 -0500] "POST /kwsrmcab/Wsrmcab HTTP/1.1" 200 38520
34.225.86.35 - - [14/Dec/2023:04:40:06 -0500] "HEAD /BLA/resoluciones/RESOLUCIONES%202012/0288.pdf HTTP/1.1" 200 -
34.225.86.35 - - [14/Dec/2023:04:40:07 -0500] "HEAD /BLA/resoluciones/RESOLUCIONES%202012/0288.pdf HTTP/1.1" 200 -
34.225.86.35 - - [14/Dec/2023:04:40:07 -0500] "HEAD /BLA/resoluciones/RESOLUCIONES%202012/0288.pdf HTTP/1.1" 200 -
34.225.86.35 - - [14/Dec/2023:04:41:07 -0500] "HEAD /BLA/resoluciones/RESOLUCIONES%20CONJUNTAS/Resolucion%20conjunta%20No.%20001-2017.pdf HTTP/1.1" 200 -
34.225.86.35 - - [14/Dec/2023:04:41:08 -0500] "HEAD /BLA/resoluciones/RESOLUCIONES%20CONJUNTAS/Resolucion%20conjunta%20No.%20001-2017.pdf HTTP/1.1" 200 -
34.225.86.35 - - [14/Dec/2023:04:41:08 -0500] "HEAD /BLA/resoluciones/RESOLUCIONES%20CONJUNTAS/Resolucion%20conjunta%20No.%20001-2017.pdf HTTP/1.1" 200 -
201.245.192.253 - - [14/Dec/2023:04:41:17 -0500] "POST /forms/lservlet;jsessionid=ac16012b30d68f87e6b31bdd4159a82faa45787d3329.e3iSbxaKaheRe34Qc38TbN0Nb41ynknvrkLOlQzNp65In0 HTTP/1.1" 200 2
201.245.192.253 - - [14/Dec/2023:04:41:59 -0500] "POST /forms/lservlet;jsessionid=ac16012b30d665b9d6b5cea24731bd918aefbc6c9e46.e3iSbxaKaheRe34Qc38TbN0Nb41ynknvrkLOlQzNp65In0 HTTP/1.1" 200 2
201.245.192.253 - - [14/Dec/2023:04:41:59 -0500] "POST /kwsrmcab/Wsrmcab  HTTP/1.1" 200 37894
66.249.66.20 - - [14/Dec/2023:04:42:08 -0500] "GET /Publicaciones/2022EE300100.pdf HTTP/1.1" 404 228
172.22.2.4 - - [14/Dec/2023:04:40:46 -0500] "HEAD /BLA/boletinlegal/ HTTP/1.1" 200 -
216.245.221.92 - - [14/Dec/2023:04:42:57 -0500] "HEAD / HTTP/1.1" 200 -
201.245.192.253 - - [14/Dec/2023:04:43:17 -0500] "POST /forms/lservlet;jsessionid=ac16012b30d68f87e6b31bdd4159a82faa45787d3329.e3iSbxaKaheRe34Qc38TbN0Nb41ynknvrkLOlQzNp65In0 HTTP/1.1" 200 2
172.22.2.4 - - [14/Dec/2023:04:41:37 -0500] "GET /BLA/boletinlegal/ HTTP/1.1" 200 58644
66.249.66.20 - - [14/Dec/2023:04:43:54 -0500] "GET /BLA/resoluciones/Notificaciones/AUTOS%202023/3234.pdf HTTP/1.1" 200 352060
201.245.192.253 - - [14/Dec/2023:04:43:59 -0500] "POST /forms/lservlet;jsessionid=ac16012b30d665b9d6b5cea24731bd918aefbc6c9e46.e3iSbxaKaheRe34Qc38TbN0Nb41ynknvrkLOlQzNp65In0 HTTP/1.1" 200 2
172.22.2.4 - - [14/Dec/2023:04:44:13 -0500] "GET /BLA/boletinlegal/jurisprudencia/analisis/Analisis%20jurisprudencial%20Sentencia%20C-366-11.doc HTTP/1.1" 304 -
201.245.192.253 - - [14/Dec/2023:04:45:17 -0500] "POST /forms/lservlet;jsessionid=ac16012b30d68f87e6b31bdd4159a82faa45787d3329.e3iSbxaKaheRe34Qc38TbN0Nb41ynknvrkLOlQzNp65In0 HTTP/1.1" 200 2
201.245.192.253 - - [14/Dec/2023:04:45:59 -0500] "POST /forms/lservlet;jsessionid=ac16012b30d665b9d6b5cea24731bd918aefbc6c9e46.e3iSbxaKaheRe34Qc38TbN0Nb41ynknvrkLOlQzNp65In0 HTTP/1.1" 200 2
172.22.2.4 - - [14/Dec/2023:04:44:59 -0500] "GET /BLA/boletinlegal/ HTTP/1.1" 200 62379
201.245.192.253 - - [14/Dec/2023:04:46:57 -0500] "POST /kwsrmcab/Wsrmcab  HTTP/1.1" 200 37894
201.245.192.253 - - [14/Dec/2023:04:47:17 -0500] "POST /forms/lservlet;jsessionid=ac16012b30d68f87e6b31bdd4159a82faa45787d3329.e3iSbxaKaheRe34Qc38TbN0Nb41ynknvrkLOlQzNp65In0 HTTP/1.1" 200 2
216.245.221.92 - - [14/Dec/2023:04:47:57 -0500] "HEAD / HTTP/1.1" 200 -
201.245.192.253 - - [14/Dec/2023:04:47:59 -0500] "POST /forms/lservlet;jsessionid=ac16012b30d665b9d6b5cea24731bd918aefbc6c9e46.e3iSbxaKaheRe34Qc38TbN0Nb41ynknvrkLOlQzNp65In0 HTTP/1.1" 200 2
172.22.2.4 - - [14/Dec/2023:04:46:36 -0500] "HEAD /BLA/boletinlegal/ HTTP/1.1" 200 -
172.22.2.4 - - [14/Dec/2023:04:47:27 -0500] "GET /BLA/boletinlegal/ HTTP/1.1" 200 60634
201.245.192.253 - - [14/Dec/2023:04:49:17 -0500] "POST /forms/lservlet;jsessionid=ac16012b30d68f87e6b31bdd4159a82faa45787d3329.e3iSbxaKaheRe34Qc38TbN0Nb41ynknvrkLOlQzNp65In0 HTTP/1.1" 200 2
201.245.192.253 - - [14/Dec/2023:04:49:59 -0500] "POST /forms/lservlet;jsessionid=ac16012b30d665b9d6b5cea24731bd918aefbc6c9e46.e3iSbxaKaheRe34Qc38TbN0Nb41ynknvrkLOlQzNp65In0 HTTP/1.1" 200 2
201.245.192.253 - - [14/Dec/2023:04:51:17 -0500] "POST /forms/lservlet;jsessionid=ac16012b30d68f87e6b31bdd4159a82faa45787d3329.e3iSbxaKaheRe34Qc38TbN0Nb41ynknvrkLOlQzNp65In0 HTTP/1.1" 200 2
201.245.192.253 - - [14/Dec/2023:04:51:57 -0500] "POST /kwsrmcab/Wsrmcab  HTTP/1.1" 200 37894
201.245.192.253 - - [14/Dec/2023:04:51:59 -0500] "POST /forms/lservlet;jsessionid=ac16012b30d665b9d6b5cea24731bd918aefbc6c9e46.e3iSbxaKaheRe34Qc38TbN0Nb41ynknvrkLOlQzNp65In0 HTTP/1.1" 200 2
216.245.221.92 - - [14/Dec/2023:04:52:57 -0500] "HEAD / HTTP/1.1" 200 -
201.245.192.253 - - [14/Dec/2023:04:53:17 -0500] "POST /forms/lservlet;jsessionid=ac16012b30d68f87e6b31bdd4159a82faa45787d3329.e3iSbxaKaheRe34Qc38TbN0Nb41ynknvrkLOlQzNp65In0 HTTP/1.1" 200 2
201.245.192.253 - - [14/Dec/2023:04:53:59 -0500] "POST /forms/lservlet;jsessionid=ac16012b30d665b9d6b5cea24731bd918aefbc6c9e46.e3iSbxaKaheRe34Qc38TbN0Nb41ynknvrkLOlQzNp65In0 HTTP/1.1" 200 2
181.53.13.222 - - [14/Dec/2023:04:54:02 -0500] "GET /sipse/faces/javax.faces.resource/images/ui-bg_flat_0_2d5972_40x100.png?ln=primefaces-aristo HTTP/1.1" 304 -
181.53.13.222 - - [14/Dec/2023:04:54:02 -0500] "POST /sipse/faces/presentacion/financiero/solicitudProceso/consultarSolicitudProceso.xhtml HTTP/1.1" 200 43917
181.53.13.222 - - [14/Dec/2023:04:54:02 -0500] "GET /sipse/faces/javax.faces.resource/primefaces.css?ln=primefaces&v=4.0 HTTP/1.1" 304 -
181.53.13.222 - - [14/Dec/2023:04:54:02 -0500] "GET /sipse/faces/javax.faces.resource/layout/layout.css?ln=primefaces&v=4.0 HTTP/1.1" 304 -
181.53.13.222 - - [14/Dec/2023:04:54:02 -0500] "GET /sipse/faces/javax.faces.resource/theme.css?ln=primefaces-sipse HTTP/1.1" 304 -
181.53.13.222 - - [14/Dec/2023:04:54:02 -0500] "GET /sipse/faces/javax.faces.resource/jquery/jquery.js?ln=primefaces&v=4.0 HTTP/1.1" 304 -
181.53.13.222 - - [14/Dec/2023:04:54:02 -0500] "GET /sipse/faces/javax.faces.resource/jquery/jquery-plugins.js?ln=primefaces&v=4.0 HTTP/1.1" 304 -
181.53.13.222 - - [14/Dec/2023:04:54:02 -0500] "GET /sipse/faces/javax.faces.resource/primefaces.js?ln=primefaces&v=4.0 HTTP/1.1" 304 -
181.53.13.222 - - [14/Dec/2023:04:54:02 -0500] "GET /sipse/faces/javax.faces.resource/layout/layout.js?ln=primefaces&v=4.0 HTTP/1.1" 304 -
181.53.13.222 - - [14/Dec/2023:04:54:03 -0500] "GET /sipse/css/imagen/contrasena.png HTTP/1.1" 404 383
181.53.13.222 - - [14/Dec/2023:04:54:02 -0500] "POST /sipse/faces/presentacion/financiero/solicitudProceso/consultar.xhtml HTTP/1.1" 200 37195
181.53.13.222 - - [14/Dec/2023:04:54:03 -0500] "POST /sipse/faces/presentacion/financiero/solicitudProceso/consultar.xhtml HTTP/1.1" 200 37195
181.53.13.222 - - [14/Dec/2023:04:54:03 -0500] "POST /sipse/faces/presentacion/financiero/solicitudProceso/consultar.xhtml HTTP/1.1" 200 37195
181.53.13.222 - - [14/Dec/2023:04:54:03 -0500] "POST /sipse/faces/presentacion/financiero/solicitudProceso/consultar.xhtml HTTP/1.1" 200 37195
181.53.13.222 - - [14/Dec/2023:04:54:03 -0500] "POST /sipse/faces/presentacion/financiero/solicitudProceso/consultar.xhtml HTTP/1.1" 200 37195
172.22.2.4 - - [14/Dec/2023:04:52:26 -0500] "HEAD /BLA/boletinlegal/ HTTP/1.1" 200 -
181.53.13.222 - - [14/Dec/2023:04:54:10 -0500] "POST /sipse/faces/presentacion/financiero/solicitudProceso/consultar.xhtml HTTP/1.1" 200 12924
181.53.13.222 - - [14/Dec/2023:04:54:13 -0500] "POST /sipse/faces/presentacion/financiero/solicitudProceso/consultar.xhtml HTTP/1.1" 200 120306
181.53.13.222 - - [14/Dec/2023:04:54:14 -0500] "GET /sipse/faces/javax.faces.resource/theme.css?ln=primefaces-sipse HTTP/1.1" 304 -
181.53.13.222 - - [14/Dec/2023:04:54:14 -0500] "GET /sipse/faces/javax.faces.resource/primefaces.css?ln=primefaces&v=4.0 HTTP/1.1" 304 -
181.53.13.222 - - [14/Dec/2023:04:54:14 -0500] "GET /sipse/faces/javax.faces.resource/layout/layout.css?ln=primefaces&v=4.0 HTTP/1.1" 304 -
181.53.13.222 - - [14/Dec/2023:04:54:14 -0500] "GET /sipse/faces/javax.faces.resource/jquery/jquery.js?ln=primefaces&v=4.0 HTTP/1.1" 304 -
181.53.13.222 - - [14/Dec/2023:04:54:14 -0500] "GET /sipse/faces/javax.faces.resource/jquery/jquery-plugins.js?ln=primefaces&v=4.0 HTTP/1.1" 304 -
181.53.13.222 - - [14/Dec/2023:04:54:14 -0500] "GET /sipse/faces/javax.faces.resource/primefaces.js?ln=primefaces&v=4.0 HTTP/1.1" 304 -
181.53.13.222 - - [14/Dec/2023:04:54:14 -0500] "GET /sipse/faces/javax.faces.resource/layout/layout.js?ln=primefaces&v=4.0 HTTP/1.1" 304 -
181.53.13.222 - - [14/Dec/2023:04:54:14 -0500] "GET /sipse/css/imagen/contrasena.png HTTP/1.1" 404 383
181.53.13.222 - - [14/Dec/2023:04:54:14 -0500] "GET /sipse/faces/javax.faces.resource/dynamiccontent.properties?ln=primefaces&pfdrid=XjOR5%2F%2FfPAZAuY9TpWQeCiM0BhlXxYRBGKi%2FQcXXfeA%3D&pfdrid_c=false HTTP/1.1" 500 383
181.53.13.222 - - [14/Dec/2023:04:54:19 -0500] "POST /sipse/faces/presentacion/financiero/solicitudProceso/consultarSolicitudProceso.xhtml HTTP/1.1" 200 644504
172.22.2.4 - - [14/Dec/2023:04:53:17 -0500] "GET /BLA/boletinlegal/ HTTP/1.1" 200 60634
201.245.192.253 - - [14/Dec/2023:04:55:17 -0500] "POST /forms/lservlet;jsessionid=ac16012b30d68f87e6b31bdd4159a82faa45787d3329.e3iSbxaKaheRe34Qc38TbN0Nb41ynknvrkLOlQzNp65In0 HTTP/1.1" 200 2
40.77.167.33 - - [14/Dec/2023:04:55:49 -0500] "GET /BLA/resoluciones/RESOLUCIONES%202021/0519.pdf HTTP/1.1" 200 474006
201.245.192.253 - - [14/Dec/2023:04:55:59 -0500] "POST /forms/lservlet;jsessionid=ac16012b30d665b9d6b5cea24731bd918aefbc6c9e46.e3iSbxaKaheRe34Qc38TbN0Nb41ynknvrkLOlQzNp65In0 HTTP/1.1" 200 2
201.245.192.253 - - [14/Dec/2023:04:56:55 -0500] "POST /kwsrmcab/Wsrmcab  HTTP/1.1" 200 37894
201.245.192.253 - - [14/Dec/2023:04:57:17 -0500] "POST /forms/lservlet;jsessionid=ac16012b30d68f87e6b31bdd4159a82faa45787d3329.e3iSbxaKaheRe34Qc38TbN0Nb41ynknvrkLOlQzNp65In0 HTTP/1.1" 200 2
216.245.221.92 - - [14/Dec/2023:04:57:57 -0500] "HEAD / HTTP/1.1" 200 -
201.245.192.253 - - [14/Dec/2023:04:57:59 -0500] "POST /forms/lservlet;jsessionid=ac16012b30d665b9d6b5cea24731bd918aefbc6c9e46.e3iSbxaKaheRe34Qc38TbN0Nb41ynknvrkLOlQzNp65In0 HTTP/1.1" 200 2
201.245.192.253 - - [14/Dec/2023:04:59:17 -0500] "POST /forms/lservlet;jsessionid=ac16012b30d68f87e6b31bdd4159a82faa45787d3329.e3iSbxaKaheRe34Qc38TbN0Nb41ynknvrkLOlQzNp65In0 HTTP/1.1" 200 2
172.22.2.4 - - [14/Dec/2023:04:58:16 -0500] "HEAD /BLA/boletinlegal/ HTTP/1.1" 200 -
201.245.192.253 - - [14/Dec/2023:04:59:59 -0500] "POST /forms/lservlet;jsessionid=ac16012b30d665b9d6b5cea24731bd918aefbc6c9e46.e3iSbxaKaheRe34Qc38TbN0Nb41ynknvrkLOlQzNp65In0 HTTP/1.1" 200 2
172.22.2.4 - - [14/Dec/2023:04:59:07 -0500] "GET /BLA/boletinlegal/ HTTP/1.1" 200 58294
66.249.66.20 - - [14/Dec/2023:05:01:13 -0500] "GET /BLA/resoluciones/AUTOS%202008/2080.pdf HTTP/1.1" 200 98515
201.245.192.253 - - [14/Dec/2023:05:01:17 -0500] "POST /forms/lservlet;jsessionid=ac16012b30d68f87e6b31bdd4159a82faa45787d3329.e3iSbxaKaheRe34Qc38TbN0Nb41ynknvrkLOlQzNp65In0 HTTP/1.1" 200 2
201.245.192.253 - - [14/Dec/2023:05:01:54 -0500] "POST /kwsrmcab/Wsrmcab  HTTP/1.1" 200 37894
201.245.192.253 - - [14/Dec/2023:05:01:59 -0500] "POST /forms/lservlet;jsessionid=ac16012b30d665b9d6b5cea24731bd918aefbc6c9e46.e3iSbxaKaheRe34Qc38TbN0Nb41ynknvrkLOlQzNp65In0 HTTP/1.1" 200 2
216.245.221.92 - - [14/Dec/2023:05:02:57 -0500] "HEAD / HTTP/1.1" 200 -
201.245.192.253 - - [14/Dec/2023:05:03:17 -0500] "POST /forms/lservlet;jsessionid=ac16012b30d68f87e6b31bdd4159a82faa45787d3329.e3iSbxaKaheRe34Qc38TbN0Nb41ynknvrkLOlQzNp65In0 HTTP/1.1" 200 2
201.245.192.253 - - [14/Dec/2023:05:03:59 -0500] "POST /forms/lservlet;jsessionid=ac16012b30d665b9d6b5cea24731bd918aefbc6c9e46.e3iSbxaKaheRe34Qc38TbN0Nb41ynknvrkLOlQzNp65In0 HTTP/1.1" 200 2
201.245.192.253 - - [14/Dec/2023:05:05:17 -0500] "POST /forms/lservlet;jsessionid=ac16012b30d68f87e6b31bdd4159a82faa45787d3329.e3iSbxaKaheRe34Qc38TbN0Nb41ynknvrkLOlQzNp65In0 HTTP/1.1" 200 2
172.22.2.4 - - [14/Dec/2023:05:04:06 -0500] "HEAD /BLA/boletinlegal/ HTTP/1.1" 200 -
201.245.192.253 - - [14/Dec/2023:05:05:59 -0500] "POST /forms/lservlet;jsessionid=ac16012b30d665b9d6b5cea24731bd918aefbc6c9e46.e3iSbxaKaheRe34Qc38TbN0Nb41ynknvrkLOlQzNp65In0 HTTP/1.1" 200 2
172.22.2.4 - - [14/Dec/2023:05:04:57 -0500] "GET /BLA/boletinlegal/ HTTP/1.1" 200 60634
201.245.192.253 - - [14/Dec/2023:05:06:52 -0500] "POST /kwsrmcab/Wsrmcab  HTTP/1.1" 200 37894
201.245.192.253 - - [14/Dec/2023:05:07:17 -0500] "POST /forms/lservlet;jsessionid=ac16012b30d68f87e6b31bdd4159a82faa45787d3329.e3iSbxaKaheRe34Qc38TbN0Nb41ynknvrkLOlQzNp65In0 HTTP/1.1" 200 2
216.245.221.92 - - [14/Dec/2023:05:07:57 -0500] "HEAD / HTTP/1.1" 200 -
216.244.66.195 - - [14/Dec/2023:05:07:58 -0500] "GET /BLA/resoluciones/RESOLUCIONES%202023/0378.pdf HTTP/1.1" 200 425940
201.245.192.253 - - [14/Dec/2023:05:07:59 -0500] "POST /forms/lservlet;jsessionid=ac16012b30d665b9d6b5cea24731bd918aefbc6c9e46.e3iSbxaKaheRe34Qc38TbN0Nb41ynknvrkLOlQzNp65In0 HTTP/1.1" 200 2
216.244.66.195 - - [14/Dec/2023:05:08:07 -0500] "GET /BLA/resoluciones/RESOLUCIONES%202023/0881.pdf HTTP/1.1" 200 504894
66.249.66.19 - - [14/Dec/2023:05:08:16 -0500] "GET /BLA/resoluciones/RESOLUCIONES%202009/9841.pdf HTTP/1.1" 200 789547
34.174.152.29 - - [14/Dec/2023:05:08:34 -0500] "HEAD /BLA/resoluciones/RESOLUCIONES%202017/0520.pdf HTTP/1.1" 200 -
172.22.2.4 - - [14/Dec/2023:05:08:43 -0500] "GET /BLA/boletinlegal/robots.txt HTTP/1.1" 404 1038
172.22.2.4 - - [14/Dec/2023:05:08:44 -0500] "GET /BLA/boletinlegal/Circulares/2011/Circular%20No.%207%20del%2015%20de%20Septiembre%20de%202011.pdf HTTP/1.1" 200 314873
216.244.66.195 - - [14/Dec/2023:05:08:49 -0500] "GET /BLA/resoluciones/RESOLUCIONES%202023/1480.pdf HTTP/1.1" 200 447719
66.249.66.195 - - [14/Dec/2023:05:08:57 -0500] "GET /avances-en-la-gestion-de-sitios-contaminados-en-bogota.html HTTP/1.1" 304 -
181.53.13.222 - - [14/Dec/2023:05:08:59 -0500] "GET /sipse/faces/javax.faces.resource/images/ui-bg_flat_0_2d5972_40x100.png?ln=primefaces-aristo HTTP/1.1" 304 -
181.53.13.222 - - [14/Dec/2023:05:08:59 -0500] "POST /sipse/faces/presentacion/financiero/solicitudProceso/consultarSolicitudProceso.xhtml HTTP/1.1" 200 44012
181.53.13.222 - - [14/Dec/2023:05:08:59 -0500] "GET /sipse/faces/javax.faces.resource/layout/layout.css?ln=primefaces&v=4.0 HTTP/1.1" 304 -
181.53.13.222 - - [14/Dec/2023:05:08:59 -0500] "GET /sipse/faces/javax.faces.resource/primefaces.css?ln=primefaces&v=4.0 HTTP/1.1" 304 -
181.53.13.222 - - [14/Dec/2023:05:08:59 -0500] "GET /sipse/faces/javax.faces.resource/theme.css?ln=primefaces-sipse HTTP/1.1" 304 -
181.53.13.222 - - [14/Dec/2023:05:08:59 -0500] "GET /sipse/faces/javax.faces.resource/jquery/jquery.js?ln=primefaces&v=4.0 HTTP/1.1" 304 -
181.53.13.222 - - [14/Dec/2023:05:08:59 -0500] "GET /sipse/faces/javax.faces.resource/jquery/jquery-plugins.js?ln=primefaces&v=4.0 HTTP/1.1" 304 -
181.53.13.222 - - [14/Dec/2023:05:09:00 -0500] "GET /sipse/faces/javax.faces.resource/primefaces.js?ln=primefaces&v=4.0 HTTP/1.1" 304 -
181.53.13.222 - - [14/Dec/2023:05:09:00 -0500] "GET /sipse/faces/javax.faces.resource/layout/layout.js?ln=primefaces&v=4.0 HTTP/1.1" 304 -
181.53.13.222 - - [14/Dec/2023:05:09:00 -0500] "GET /sipse/css/imagen/contrasena.png HTTP/1.1" 404 383
181.53.13.222 - - [14/Dec/2023:05:09:00 -0500] "POST /sipse/faces/presentacion/financiero/solicitudProceso/consultar.xhtml HTTP/1.1" 200 37290
181.53.13.222 - - [14/Dec/2023:05:09:00 -0500] "POST /sipse/faces/presentacion/financiero/solicitudProceso/consultar.xhtml HTTP/1.1" 200 37290
181.53.13.222 - - [14/Dec/2023:05:09:00 -0500] "POST /sipse/faces/presentacion/financiero/solicitudProceso/consultar.xhtml HTTP/1.1" 200 37290
181.53.13.222 - - [14/Dec/2023:05:09:00 -0500] "POST /sipse/faces/presentacion/financiero/solicitudProceso/consultar.xhtml HTTP/1.1" 200 37290
181.53.13.222 - - [14/Dec/2023:05:09:01 -0500] "POST /sipse/faces/presentacion/financiero/solicitudProceso/consultar.xhtml HTTP/1.1" 200 37290
181.53.13.222 - - [14/Dec/2023:05:09:01 -0500] "POST /sipse/faces/presentacion/financiero/solicitudProceso/consultar.xhtml HTTP/1.1" 200 37290
181.53.13.222 - - [14/Dec/2023:05:09:01 -0500] "POST /sipse/faces/presentacion/financiero/solicitudProceso/consultar.xhtml HTTP/1.1" 200 37290
201.245.192.253 - - [14/Dec/2023:05:09:17 -0500] "POST /forms/lservlet;jsessionid=ac16012b30d68f87e6b31bdd4159a82faa45787d3329.e3iSbxaKaheRe34Qc38TbN0Nb41ynknvrkLOlQzNp65In0 HTTP/1.1" 200 2
216.244.66.195 - - [14/Dec/2023:05:09:28 -0500] "GET /BLA/resoluciones/RESOLUCIONES%202023/1653.pdf HTTP/1.1" 200 526699
181.53.13.222 - - [14/Dec/2023:05:09:37 -0500] "POST /sipse/faces/presentacion/financiero/solicitudProceso/consultar.xhtml HTTP/1.1" 200 12866
181.53.13.222 - - [14/Dec/2023:05:09:40 -0500] "POST /sipse/faces/presentacion/financiero/solicitudProceso/consultar.xhtml HTTP/1.1" 200 125090
181.53.13.222 - - [14/Dec/2023:05:09:41 -0500] "GET /sipse/faces/javax.faces.resource/theme.css?ln=primefaces-sipse HTTP/1.1" 304 -
181.53.13.222 - - [14/Dec/2023:05:09:41 -0500] "GET /sipse/faces/javax.faces.resource/jquery/jquery.js?ln=primefaces&v=4.0 HTTP/1.1" 304 -
181.53.13.222 - - [14/Dec/2023:05:09:41 -0500] "GET /sipse/faces/javax.faces.resource/layout/layout.css?ln=primefaces&v=4.0 HTTP/1.1" 304 -
181.53.13.222 - - [14/Dec/2023:05:09:41 -0500] "GET /sipse/faces/javax.faces.resource/primefaces.css?ln=primefaces&v=4.0 HTTP/1.1" 304 -
181.53.13.222 - - [14/Dec/2023:05:09:41 -0500] "GET /sipse/faces/javax.faces.resource/jquery/jquery-plugins.js?ln=primefaces&v=4.0 HTTP/1.1" 304 -
181.53.13.222 - - [14/Dec/2023:05:09:41 -0500] "GET /sipse/faces/javax.faces.resource/primefaces.js?ln=primefaces&v=4.0 HTTP/1.1" 304 -
181.53.13.222 - - [14/Dec/2023:05:09:41 -0500] "GET /sipse/faces/javax.faces.resource/layout/layout.js?ln=primefaces&v=4.0 HTTP/1.1" 304 -
181.53.13.222 - - [14/Dec/2023:05:09:41 -0500] "GET /sipse/css/imagen/contrasena.png HTTP/1.1" 404 383
181.53.13.222 - - [14/Dec/2023:05:09:41 -0500] "GET /sipse/faces/javax.faces.resource/dynamiccontent.properties?ln=primefaces&pfdrid=XjOR5%2F%2FfPAZAuY9TpWQeCiM0BhlXxYRBGKi%2FQcXXfeA%3D&pfdrid_c=false HTTP/1.1" 500 383
181.53.13.222 - - [14/Dec/2023:05:09:45 -0500] "POST /sipse/faces/presentacion/financiero/solicitudProceso/consultarSolicitudProceso.xhtml HTTP/1.1" 200 322406
201.245.192.253 - - [14/Dec/2023:05:09:59 -0500] "POST /forms/lservlet;jsessionid=ac16012b30d665b9d6b5cea24731bd918aefbc6c9e46.e3iSbxaKaheRe34Qc38TbN0Nb41ynknvrkLOlQzNp65In0 HTTP/1.1" 200 2
216.244.66.195 - - [14/Dec/2023:05:10:07 -0500] "GET /BLA/resoluciones/RESOLUCIONES%202023/1831.pdf HTTP/1.1" 200 482175
66.249.66.20 - - [14/Dec/2023:05:10:28 -0500] "GET /BLA/resoluciones/RESOLUCIONES%202008/3227.pdf HTTP/1.1" 200 83849
216.244.66.195 - - [14/Dec/2023:05:10:41 -0500] "GET /BLA/resoluciones/RESOLUCIONES%202016/2267.pdf HTTP/1.1" 200 446931
216.244.66.195 - - [14/Dec/2023:05:11:15 -0500] "GET /BLA/resoluciones/RESOLUCIONES%202016/2432.pdf HTTP/1.1" 200 361321
201.245.192.253 - - [14/Dec/2023:05:11:17 -0500] "POST /forms/lservlet;jsessionid=ac16012b30d68f87e6b31bdd4159a82faa45787d3329.e3iSbxaKaheRe34Qc38TbN0Nb41ynknvrkLOlQzNp65In0 HTTP/1.1" 200 2
172.22.2.4 - - [14/Dec/2023:05:09:56 -0500] "HEAD /BLA/boletinlegal/ HTTP/1.1" 200 -
216.244.66.195 - - [14/Dec/2023:05:11:44 -0500] "GET /BLA/resoluciones/RESOLUCIONES%202019/1616.pdf HTTP/1.1" 200 293535
201.245.192.253 - - [14/Dec/2023:05:11:51 -0500] "POST /kwsrmcab/Wsrmcab  HTTP/1.1" 200 37894
201.245.192.253 - - [14/Dec/2023:05:11:59 -0500] "POST /forms/lservlet;jsessionid=ac16012b30d665b9d6b5cea24731bd918aefbc6c9e46.e3iSbxaKaheRe34Qc38TbN0Nb41ynknvrkLOlQzNp65In0 HTTP/1.1" 200 2
216.244.66.195 - - [14/Dec/2023:05:12:11 -0500] "GET /BLA/resoluciones/RESOLUCIONES%202019/1689.pdf HTTP/1.1" 200 283270
172.22.2.4 - - [14/Dec/2023:05:10:47 -0500] "GET /BLA/boletinlegal/ HTTP/1.1" 200 60634
179.61.197.155 - - [14/Dec/2023:05:12:36 -0500] "GET /wp-login.php HTTP/1.1" 404 1018
216.244.66.195 - - [14/Dec/2023:05:12:38 -0500] "GET /BLA/resoluciones/RESOLUCIONES%202019/1839.pdf HTTP/1.1" 200 1133648
66.249.66.21 - - [14/Dec/2023:05:12:56 -0500] "GET /BLA/resoluciones/RESOLUCIONES%202010/5867.pdf HTTP/1.1" 200 136492
216.245.221.92 - - [14/Dec/2023:05:12:57 -0500] "HEAD / HTTP/1.1" 200 -
216.244.66.195 - - [14/Dec/2023:05:13:04 -0500] "GET /BLA/resoluciones/RESOLUCIONES%202019/1954.pdf HTTP/1.1" 200 433211
201.245.192.253 - - [14/Dec/2023:05:13:17 -0500] "POST /forms/lservlet;jsessionid=ac16012b30d68f87e6b31bdd4159a82faa45787d3329.e3iSbxaKaheRe34Qc38TbN0Nb41ynknvrkLOlQzNp65In0 HTTP/1.1" 200 2
216.244.66.195 - - [14/Dec/2023:05:13:29 -0500] "GET /BLA/resoluciones/RESOLUCIONES%202019/2026.pdf HTTP/1.1" 200 391004
216.244.66.195 - - [14/Dec/2023:05:13:55 -0500] "GET /BLA/resoluciones/RESOLUCIONES%202019/2152.pdf HTTP/1.1" 200 317767
201.245.192.253 - - [14/Dec/2023:05:13:59 -0500] "POST /forms/lservlet;jsessionid=ac16012b30d665b9d6b5cea24731bd918aefbc6c9e46.e3iSbxaKaheRe34Qc38TbN0Nb41ynknvrkLOlQzNp65In0 HTTP/1.1" 200 2
216.244.66.195 - - [14/Dec/2023:05:14:21 -0500] "GET /BLA/resoluciones/RESOLUCIONES%202019/2191.pdf HTTP/1.1" 200 282847
216.244.66.195 - - [14/Dec/2023:05:14:42 -0500] "GET /BLA/resoluciones/RESOLUCIONES%202019/2374.pdf HTTP/1.1" 200 287919
216.244.66.195 - - [14/Dec/2023:05:15:02 -0500] "GET /BLA/resoluciones/RESOLUCIONES%202019/2412.pdf HTTP/1.1" 200 283634
66.249.66.20 - - [14/Dec/2023:05:15:12 -0500] "GET /BLA/resoluciones/RESOLUCIONES%202008/4510.pdf HTTP/1.1" 200 667846
201.245.192.253 - - [14/Dec/2023:05:15:17 -0500] "POST /forms/lservlet;jsessionid=ac16012b30d68f87e6b31bdd4159a82faa45787d3329.e3iSbxaKaheRe34Qc38TbN0Nb41ynknvrkLOlQzNp65In0 HTTP/1.1" 200 2
216.244.66.195 - - [14/Dec/2023:05:15:22 -0500] "GET /BLA/resoluciones/RESOLUCIONES%202019/2674.pdf HTTP/1.1" 200 283653
119.28.115.110 - - [14/Dec/2023:05:15:25 -0500] "GET /galeria/galeria/fotos/Humedal-vaca6P.jpg HTTP/1.1" 200 11678
216.244.66.195 - - [14/Dec/2023:05:15:40 -0500] "GET /BLA/resoluciones/RESOLUCIONES%202019/2868.pdf HTTP/1.1" 200 269421
216.244.66.195 - - [14/Dec/2023:05:15:57 -0500] "GET /BLA/resoluciones/RESOLUCIONES%202019/3066.pdf HTTP/1.1" 200 835214
201.245.192.253 - - [14/Dec/2023:05:15:59 -0500] "POST /forms/lservlet;jsessionid=ac16012b30d665b9d6b5cea24731bd918aefbc6c9e46.e3iSbxaKaheRe34Qc38TbN0Nb41ynknvrkLOlQzNp65In0 HTTP/1.1" 200 2
201.245.192.253 - - [14/Dec/2023:05:16:04 -0500] "POST /kwsrmcab/Wsrmcab HTTP/1.1" 200 38046
43.134.58.102 - - [14/Dec/2023:05:16:07 -0500] "GET /galeria/galeria/fotos/Humedal-vaca7P.jpg HTTP/1.1" 200 11116
201.245.192.253 - - [14/Dec/2023:05:16:07 -0500] "POST /kwsrmcab/Wsrmcab HTTP/1.1" 200 38533
216.244.66.195 - - [14/Dec/2023:05:16:14 -0500] "GET /BLA/resoluciones/RESOLUCIONES%202019/3262.pdf HTTP/1.1" 200 337625
216.244.66.195 - - [14/Dec/2023:05:16:31 -0500] "GET /BLA/resoluciones/RESOLUCIONES%202019/3651.pdf HTTP/1.1" 200 297209
124.156.197.188 - - [14/Dec/2023:05:16:44 -0500] "GET /galeria/galeria/fotos/Humedal-Vaca2P.jpg HTTP/1.1" 200 26921
216.244.66.195 - - [14/Dec/2023:05:16:48 -0500] "GET /BLA/resoluciones/AUTOS%202012/2359.pdf HTTP/1.1" 200 267384
201.245.192.253 - - [14/Dec/2023:05:16:49 -0500] "POST /kwsrmcab/Wsrmcab  HTTP/1.1" 200 37894
216.244.66.195 - - [14/Dec/2023:05:17:01 -0500] "GET /BLA/resoluciones/AUTOS%202019/0059.pdf HTTP/1.1" 200 257580
216.244.66.195 - - [14/Dec/2023:05:17:13 -0500] "GET /BLA/resoluciones/AUTOS%202019/0346.pdf HTTP/1.1" 200 273945
201.245.192.253 - - [14/Dec/2023:05:17:17 -0500] "POST /forms/lservlet;jsessionid=ac16012b30d68f87e6b31bdd4159a82faa45787d3329.e3iSbxaKaheRe34Qc38TbN0Nb41ynknvrkLOlQzNp65In0 HTTP/1.1" 200 2
216.244.66.195 - - [14/Dec/2023:05:17:25 -0500] "GET /BLA/resoluciones/AUTOS%202019/1539.pdf HTTP/1.1" 200 333379
172.22.2.4 - - [14/Dec/2023:05:15:46 -0500] "HEAD /BLA/boletinlegal/ HTTP/1.1" 200 -
216.244.66.195 - - [14/Dec/2023:05:17:35 -0500] "GET /BLA/resoluciones/AUTOS%202019/2758.pdf HTTP/1.1" 200 266679
66.249.66.19 - - [14/Dec/2023:05:17:43 -0500] "GET /BLA/resoluciones/RESOLUCIONES%202009/9360.pdf HTTP/1.1" 200 500121
216.244.66.195 - - [14/Dec/2023:05:17:44 -0500] "GET /BLA/resoluciones/AUTOS%202019/2867.pdf HTTP/1.1" 200 272832
216.244.66.195 - - [14/Dec/2023:05:17:53 -0500] "GET /BLA/resoluciones/AUTOS%202019/3216.pdf HTTP/1.1" 200 450352
216.245.221.92 - - [14/Dec/2023:05:17:57 -0500] "HEAD / HTTP/1.1" 200 -
201.245.192.253 - - [14/Dec/2023:05:17:59 -0500] "POST /forms/lservlet;jsessionid=ac16012b30d665b9d6b5cea24731bd918aefbc6c9e46.e3iSbxaKaheRe34Qc38TbN0Nb41ynknvrkLOlQzNp65In0 HTTP/1.1" 200 2
216.244.66.195 - - [14/Dec/2023:05:18:00 -0500] "GET /BLA/resoluciones/AUTOS%202019/3417.pdf HTTP/1.1" 200 333418
216.244.66.195 - - [14/Dec/2023:05:18:06 -0500] "GET /BLA/resoluciones/AUTOS%202019/3691.pdf HTTP/1.1" 200 262179
216.244.66.195 - - [14/Dec/2023:05:18:12 -0500] "GET /BLA/resoluciones/AUTOS%202019/3704.pdf HTTP/1.1" 200 337128
216.244.66.195 - - [14/Dec/2023:05:18:17 -0500] "GET /BLA/resoluciones/AUTOS%202019/4438.pdf HTTP/1.1" 200 273210
172.22.2.4 - - [14/Dec/2023:05:16:37 -0500] "GET /BLA/boletinlegal/ HTTP/1.1" 200 58644
201.245.192.253 - - [14/Dec/2023:05:19:17 -0500] "POST /forms/lservlet;jsessionid=ac16012b30d68f87e6b31bdd4159a82faa45787d3329.e3iSbxaKaheRe34Qc38TbN0Nb41ynknvrkLOlQzNp65In0 HTTP/1.1" 200 2
201.245.192.253 - - [14/Dec/2023:05:19:54 -0500] "POST /kwsrmcab/Wsrmcab HTTP/1.1" 200 38046
201.245.192.253 - - [14/Dec/2023:05:19:59 -0500] "POST /forms/lservlet;jsessionid=ac16012b30d665b9d6b5cea24731bd918aefbc6c9e46.e3iSbxaKaheRe34Qc38TbN0Nb41ynknvrkLOlQzNp65In0 HTTP/1.1" 200 2
201.245.192.253 - - [14/Dec/2023:05:19:59 -0500] "POST /kwsrmcab/Wsrmcab HTTP/1.1" 200 38533
201.245.192.253 - - [14/Dec/2023:05:21:17 -0500] "POST /forms/lservlet;jsessionid=ac16012b30d68f87e6b31bdd4159a82faa45787d3329.e3iSbxaKaheRe34Qc38TbN0Nb41ynknvrkLOlQzNp65In0 HTTP/1.1" 200 2
181.53.13.222 - - [14/Dec/2023:05:21:44 -0500] "GET /sipse/faces/javax.faces.resource/images/ui-bg_flat_0_2d5972_40x100.png?ln=primefaces-aristo HTTP/1.1" 304 -
181.53.13.222 - - [14/Dec/2023:05:21:44 -0500] "POST /sipse/faces/presentacion/financiero/solicitudProceso/consultarSolicitudProceso.xhtml HTTP/1.1" 200 43954
181.53.13.222 - - [14/Dec/2023:05:21:45 -0500] "GET /sipse/faces/javax.faces.resource/primefaces.css?ln=primefaces&v=4.0 HTTP/1.1" 304 -
181.53.13.222 - - [14/Dec/2023:05:21:45 -0500] "GET /sipse/faces/javax.faces.resource/theme.css?ln=primefaces-sipse HTTP/1.1" 304 -
181.53.13.222 - - [14/Dec/2023:05:21:45 -0500] "GET /sipse/faces/javax.faces.resource/layout/layout.css?ln=primefaces&v=4.0 HTTP/1.1" 304 -
181.53.13.222 - - [14/Dec/2023:05:21:45 -0500] "GET /sipse/faces/javax.faces.resource/jquery/jquery.js?ln=primefaces&v=4.0 HTTP/1.1" 304 -
181.53.13.222 - - [14/Dec/2023:05:21:45 -0500] "GET /sipse/faces/javax.faces.resource/jquery/jquery-plugins.js?ln=primefaces&v=4.0 HTTP/1.1" 304 -
181.53.13.222 - - [14/Dec/2023:05:21:45 -0500] "GET /sipse/faces/javax.faces.resource/primefaces.js?ln=primefaces&v=4.0 HTTP/1.1" 304 -
181.53.13.222 - - [14/Dec/2023:05:21:45 -0500] "GET /sipse/faces/javax.faces.resource/layout/layout.js?ln=primefaces&v=4.0 HTTP/1.1" 304 -
181.53.13.222 - - [14/Dec/2023:05:21:45 -0500] "GET /sipse/css/imagen/contrasena.png HTTP/1.1" 404 383
181.53.13.222 - - [14/Dec/2023:05:21:45 -0500] "POST /sipse/faces/presentacion/financiero/solicitudProceso/consultar.xhtml HTTP/1.1" 200 37232
181.53.13.222 - - [14/Dec/2023:05:21:45 -0500] "POST /sipse/faces/presentacion/financiero/solicitudProceso/consultar.xhtml HTTP/1.1" 200 37232
181.53.13.222 - - [14/Dec/2023:05:21:45 -0500] "POST /sipse/faces/presentacion/financiero/solicitudProceso/consultar.xhtml HTTP/1.1" 200 37232
181.53.13.222 - - [14/Dec/2023:05:21:46 -0500] "POST /sipse/faces/presentacion/financiero/solicitudProceso/consultar.xhtml HTTP/1.1" 200 37232
181.53.13.222 - - [14/Dec/2023:05:21:46 -0500] "POST /sipse/faces/presentacion/financiero/solicitudProceso/consultar.xhtml HTTP/1.1" 200 37232
181.53.13.222 - - [14/Dec/2023:05:21:46 -0500] "POST /sipse/faces/presentacion/financiero/solicitudProceso/consultar.xhtml HTTP/1.1" 200 37232
181.53.13.222 - - [14/Dec/2023:05:21:46 -0500] "POST /sipse/faces/presentacion/financiero/solicitudProceso/consultar.xhtml HTTP/1.1" 200 37232
181.53.13.222 - - [14/Dec/2023:05:21:47 -0500] "POST /sipse/faces/presentacion/financiero/solicitudProceso/consultar.xhtml HTTP/1.1" 200 37232
181.53.13.222 - - [14/Dec/2023:05:21:47 -0500] "POST /sipse/faces/presentacion/financiero/solicitudProceso/consultar.xhtml HTTP/1.1" 200 37232
124.156.197.188 - - [14/Dec/2023:05:21:48 -0500] "GET /galeria/galeria/fotos/Humedal-Vaca3P.jpg HTTP/1.1" 200 38460
201.245.192.253 - - [14/Dec/2023:05:21:48 -0500] "POST /kwsrmcab/Wsrmcab  HTTP/1.1" 200 37894
201.245.192.253 - - [14/Dec/2023:05:21:59 -0500] "POST /forms/lservlet;jsessionid=ac16012b30d665b9d6b5cea24731bd918aefbc6c9e46.e3iSbxaKaheRe34Qc38TbN0Nb41ynknvrkLOlQzNp65In0 HTTP/1.1" 200 2
181.53.13.222 - - [14/Dec/2023:05:22:26 -0500] "POST /sipse/faces/presentacion/financiero/solicitudProceso/consultar.xhtml HTTP/1.1" 200 13063
181.53.13.222 - - [14/Dec/2023:05:22:29 -0500] "POST /sipse/faces/presentacion/financiero/solicitudProceso/consultar.xhtml HTTP/1.1" 200 126942
181.53.13.222 - - [14/Dec/2023:05:22:30 -0500] "GET /sipse/faces/javax.faces.resource/theme.css?ln=primefaces-sipse HTTP/1.1" 304 -
181.53.13.222 - - [14/Dec/2023:05:22:30 -0500] "GET /sipse/faces/javax.faces.resource/layout/layout.css?ln=primefaces&v=4.0 HTTP/1.1" 304 -
181.53.13.222 - - [14/Dec/2023:05:22:30 -0500] "GET /sipse/faces/javax.faces.resource/primefaces.css?ln=primefaces&v=4.0 HTTP/1.1" 304 -
181.53.13.222 - - [14/Dec/2023:05:22:30 -0500] "GET /sipse/faces/javax.faces.resource/jquery/jquery.js?ln=primefaces&v=4.0 HTTP/1.1" 304 -
181.53.13.222 - - [14/Dec/2023:05:22:30 -0500] "GET /sipse/faces/javax.faces.resource/jquery/jquery-plugins.js?ln=primefaces&v=4.0 HTTP/1.1" 304 -
181.53.13.222 - - [14/Dec/2023:05:22:30 -0500] "GET /sipse/faces/javax.faces.resource/primefaces.js?ln=primefaces&v=4.0 HTTP/1.1" 304 -
181.53.13.222 - - [14/Dec/2023:05:22:30 -0500] "GET /sipse/faces/javax.faces.resource/layout/layout.js?ln=primefaces&v=4.0 HTTP/1.1" 304 -
181.53.13.222 - - [14/Dec/2023:05:22:30 -0500] "GET /sipse/css/imagen/contrasena.png HTTP/1.1" 404 383
181.53.13.222 - - [14/Dec/2023:05:22:30 -0500] "GET /sipse/faces/javax.faces.resource/dynamiccontent.properties?ln=primefaces&pfdrid=XjOR5%2F%2FfPAZAuY9TpWQeCiM0BhlXxYRBGKi%2FQcXXfeA%3D&pfdrid_c=false HTTP/1.1" 500 383
181.53.13.222 - - [14/Dec/2023:05:22:34 -0500] "POST /sipse/faces/presentacion/financiero/solicitudProceso/consultarSolicitudProceso.xhtml HTTP/1.1" 200 549598
216.245.221.92 - - [14/Dec/2023:05:22:57 -0500] "HEAD / HTTP/1.1" 200 -
172.22.2.4 - - [14/Dec/2023:05:23:13 -0500] "GET /BLA/boletinlegal/jurisprudencia/analisis/analisis%20C-595-2010.doc HTTP/1.1" 200 39424
172.22.2.4 - - [14/Dec/2023:05:21:36 -0500] "HEAD /BLA/boletinlegal/ HTTP/1.1" 200 -
201.245.192.253 - - [14/Dec/2023:05:23:17 -0500] "POST /forms/lservlet;jsessionid=ac16012b30d68f87e6b31bdd4159a82faa45787d3329.e3iSbxaKaheRe34Qc38TbN0Nb41ynknvrkLOlQzNp65In0 HTTP/1.1" 200 2
201.245.192.253 - - [14/Dec/2023:05:23:59 -0500] "POST /forms/lservlet;jsessionid=ac16012b30d665b9d6b5cea24731bd918aefbc6c9e46.e3iSbxaKaheRe34Qc38TbN0Nb41ynknvrkLOlQzNp65In0 HTTP/1.1" 200 2
216.244.66.195 - - [14/Dec/2023:05:24:02 -0500] "GET /robots.txt HTTP/1.1" 404 1018
172.22.2.4 - - [14/Dec/2023:05:22:27 -0500] "GET /BLA/boletinlegal/ HTTP/1.1" 200 58644
201.245.192.253 - - [14/Dec/2023:05:25:17 -0500] "POST /forms/lservlet;jsessionid=ac16012b30d68f87e6b31bdd4159a82faa45787d3329.e3iSbxaKaheRe34Qc38TbN0Nb41ynknvrkLOlQzNp65In0 HTTP/1.1" 200 2
201.245.192.253 - - [14/Dec/2023:05:25:59 -0500] "POST /forms/lservlet;jsessionid=ac16012b30d665b9d6b5cea24731bd918aefbc6c9e46.e3iSbxaKaheRe34Qc38TbN0Nb41ynknvrkLOlQzNp65In0 HTTP/1.1" 200 2
201.245.192.253 - - [14/Dec/2023:05:26:04 -0500] "POST /kwsrmcab/Wsrmcab HTTP/1.1" 200 38046
201.245.192.253 - - [14/Dec/2023:05:26:07 -0500] "POST /kwsrmcab/Wsrmcab HTTP/1.1" 200 38533
201.245.192.253 - - [14/Dec/2023:05:26:46 -0500] "POST /kwsrmcab/Wsrmcab  HTTP/1.1" 200 37894
201.245.192.253 - - [14/Dec/2023:05:27:17 -0500] "POST /forms/lservlet;jsessionid=ac16012b30d68f87e6b31bdd4159a82faa45787d3329.e3iSbxaKaheRe34Qc38TbN0Nb41ynknvrkLOlQzNp65In0 HTTP/1.1" 200 2
216.245.221.92 - - [14/Dec/2023:05:27:57 -0500] "HEAD / HTTP/1.1" 200 -
201.245.192.253 - - [14/Dec/2023:05:27:59 -0500] "POST /forms/lservlet;jsessionid=ac16012b30d665b9d6b5cea24731bd918aefbc6c9e46.e3iSbxaKaheRe34Qc38TbN0Nb41ynknvrkLOlQzNp65In0 HTTP/1.1" 200 2
172.22.2.4 - - [14/Dec/2023:05:27:26 -0500] "HEAD /BLA/boletinlegal/ HTTP/1.1" 200 -
201.245.192.253 - - [14/Dec/2023:05:29:17 -0500] "POST /forms/lservlet;jsessionid=ac16012b30d68f87e6b31bdd4159a82faa45787d3329.e3iSbxaKaheRe34Qc38TbN0Nb41ynknvrkLOlQzNp65In0 HTTP/1.1" 200 2
201.245.192.253 - - [14/Dec/2023:05:29:54 -0500] "POST /kwsrmcab/Wsrmcab HTTP/1.1" 200 38046
172.22.2.4 - - [14/Dec/2023:05:28:17 -0500] "GET /BLA/boletinlegal/ HTTP/1.1" 200 58644
201.245.192.253 - - [14/Dec/2023:05:29:59 -0500] "POST /forms/lservlet;jsessionid=ac16012b30d665b9d6b5cea24731bd918aefbc6c9e46.e3iSbxaKaheRe34Qc38TbN0Nb41ynknvrkLOlQzNp65In0 HTTP/1.1" 200 2
201.245.192.253 - - [14/Dec/2023:05:29:57 -0500] "POST /kwsrmcab/Wsrmcab HTTP/1.1" 200 38533
201.245.192.253 - - [14/Dec/2023:05:31:17 -0500] "POST /forms/lservlet;jsessionid=ac16012b30d68f87e6b31bdd4159a82faa45787d3329.e3iSbxaKaheRe34Qc38TbN0Nb41ynknvrkLOlQzNp65In0 HTTP/1.1" 200 2
201.245.192.253 - - [14/Dec/2023:05:31:44 -0500] "POST /kwsrmcab/Wsrmcab  HTTP/1.1" 200 37894
201.245.192.253 - - [14/Dec/2023:05:31:59 -0500] "POST /forms/lservlet;jsessionid=ac16012b30d665b9d6b5cea24731bd918aefbc6c9e46.e3iSbxaKaheRe34Qc38TbN0Nb41ynknvrkLOlQzNp65In0 HTTP/1.1" 200 2
66.249.66.19 - - [14/Dec/2023:05:32:16 -0500] "GET /portel_dama/libreria/php/2006/ECOSISTEMAS%20FINAL%20web_mz27/restauracion/sitio/55_artic/xtras/13.pdf HTTP/1.1" 404 1018
216.245.221.92 - - [14/Dec/2023:05:32:57 -0500] "HEAD / HTTP/1.1" 200 -
201.245.192.253 - - [14/Dec/2023:05:33:17 -0500] "POST /forms/lservlet;jsessionid=ac16012b30d68f87e6b31bdd4159a82faa45787d3329.e3iSbxaKaheRe34Qc38TbN0Nb41ynknvrkLOlQzNp65In0 HTTP/1.1" 200 2
66.249.66.19 - - [14/Dec/2023:05:33:49 -0500] "GET /portel_dama/libreria/php/2006/ECOSISTEMAS%20FINAL%20web_mz27/x%20restauracion/sitio/55_artic/xtras/2.pdf HTTP/1.1" 404 1018
66.249.66.21 - - [14/Dec/2023:05:33:52 -0500] "GET /BLA/resoluciones/RESOLUCIONES%202007/RES%202007%20301%20AL%20400/RESOLUCION%200328%20DE%202007.pdf HTTP/1.1" 200 485487
201.245.192.253 - - [14/Dec/2023:05:33:59 -0500] "POST /forms/lservlet;jsessionid=ac16012b30d665b9d6b5cea24731bd918aefbc6c9e46.e3iSbxaKaheRe34Qc38TbN0Nb41ynknvrkLOlQzNp65In0 HTTP/1.1" 200 2
66.249.66.20 - - [14/Dec/2023:05:33:59 -0500] "GET /BLA/resoluciones/RESOLUCIONES%202009/5909.pdf HTTP/1.1" 200 387030
172.22.2.4 - - [14/Dec/2023:05:33:16 -0500] "HEAD /BLA/boletinlegal/ HTTP/1.1" 200 -
201.245.192.253 - - [14/Dec/2023:05:35:17 -0500] "POST /forms/lservlet;jsessionid=ac16012b30d68f87e6b31bdd4159a82faa45787d3329.e3iSbxaKaheRe34Qc38TbN0Nb41ynknvrkLOlQzNp65In0 HTTP/1.1" 200 2
172.22.2.4 - - [14/Dec/2023:05:34:07 -0500] "GET /BLA/boletinlegal/ HTTP/1.1" 200 58644
190.0.247.211 - - [14/Dec/2023:05:35:58 -0500] "GET /BLA/resoluciones/RESOLUCIONES%202023/2700.pdf HTTP/1.1" 200 367848
201.245.192.253 - - [14/Dec/2023:05:35:59 -0500] "POST /forms/lservlet;jsessionid=ac16012b30d665b9d6b5cea24731bd918aefbc6c9e46.e3iSbxaKaheRe34Qc38TbN0Nb41ynknvrkLOlQzNp65In0 HTTP/1.1" 200 2
201.245.192.253 - - [14/Dec/2023:05:36:04 -0500] "POST /kwsrmcab/Wsrmcab HTTP/1.1" 200 38046
181.53.13.222 - - [14/Dec/2023:05:36:09 -0500] "GET /sipse/faces/javax.faces.resource/images/ui-bg_flat_0_2d5972_40x100.png?ln=primefaces-aristo HTTP/1.1" 304 -
181.53.13.222 - - [14/Dec/2023:05:36:09 -0500] "POST /sipse/faces/presentacion/financiero/solicitudProceso/consultarSolicitudProceso.xhtml HTTP/1.1" 200 44151
181.53.13.222 - - [14/Dec/2023:05:36:09 -0500] "GET /sipse/faces/javax.faces.resource/layout/layout.css?ln=primefaces&v=4.0 HTTP/1.1" 304 -
181.53.13.222 - - [14/Dec/2023:05:36:09 -0500] "GET /sipse/faces/javax.faces.resource/theme.css?ln=primefaces-sipse HTTP/1.1" 304 -
181.53.13.222 - - [14/Dec/2023:05:36:09 -0500] "GET /sipse/faces/javax.faces.resource/primefaces.css?ln=primefaces&v=4.0 HTTP/1.1" 304 -
181.53.13.222 - - [14/Dec/2023:05:36:09 -0500] "GET /sipse/faces/javax.faces.resource/jquery/jquery.js?ln=primefaces&v=4.0 HTTP/1.1" 304 -
181.53.13.222 - - [14/Dec/2023:05:36:09 -0500] "GET /sipse/faces/javax.faces.resource/jquery/jquery-plugins.js?ln=primefaces&v=4.0 HTTP/1.1" 304 -
181.53.13.222 - - [14/Dec/2023:05:36:09 -0500] "GET /sipse/faces/javax.faces.resource/primefaces.js?ln=primefaces&v=4.0 HTTP/1.1" 304 -
181.53.13.222 - - [14/Dec/2023:05:36:09 -0500] "GET /sipse/faces/javax.faces.resource/layout/layout.js?ln=primefaces&v=4.0 HTTP/1.1" 304 -
181.53.13.222 - - [14/Dec/2023:05:36:09 -0500] "GET /sipse/css/imagen/contrasena.png HTTP/1.1" 404 383
181.53.13.222 - - [14/Dec/2023:05:36:09 -0500] "POST /sipse/faces/presentacion/financiero/solicitudProceso/consultar.xhtml HTTP/1.1" 200 37429
