172.22.2.4 - - [14/Dec/2023:02:44:04 -0500] "HEAD /BLA/boletinlegal/ HTTP/1.1" 200 -
201.245.192.253 - - [14/Dec/2023:02:45:58 -0500] "POST /forms/lservlet;jsessionid=ac16012b30d665b9d6b5cea24731bd918aefbc6c9e46.e3iSbxaKaheRe34Qc38TbN0Nb41ynknvrkLOlQzNp65In0 HTTP/1.1" 200 2
216.244.66.195 - - [14/Dec/2023:02:46:06 -0500] "GET /BLA/resoluciones/AUTOS%202010/2178.pdf HTTP/1.1" 200 209720
172.22.2.4 - - [14/Dec/2023:02:44:55 -0500] "GET /BLA/boletinlegal/ HTTP/1.1" 200 60634
216.244.66.195 - - [14/Dec/2023:02:46:38 -0500] "GET /BLA/resoluciones/AUTOS%202010/3773.pdf HTTP/1.1" 200 1835269
201.245.192.253 - - [14/Dec/2023:02:47:16 -0500] "POST /forms/lservlet;jsessionid=ac16012b30d68f87e6b31bdd4159a82faa45787d3329.e3iSbxaKaheRe34Qc38TbN0Nb41ynknvrkLOlQzNp65In0 HTTP/1.1" 200 2
216.244.66.195 - - [14/Dec/2023:02:47:28 -0500] "GET /BLA/resoluciones/AUTOS%202010/3909.pdf HTTP/1.1" 200 54020
201.245.192.253 - - [14/Dec/2023:02:47:31 -0500] "POST /kwsrmcab/Wsrmcab  HTTP/1.1" 200 37894
216.245.221.92 - - [14/Dec/2023:02:47:58 -0500] "HEAD / HTTP/1.1" 200 -
201.245.192.253 - - [14/Dec/2023:02:47:58 -0500] "POST /forms/lservlet;jsessionid=ac16012b30d665b9d6b5cea24731bd918aefbc6c9e46.e3iSbxaKaheRe34Qc38TbN0Nb41ynknvrkLOlQzNp65In0 HTTP/1.1" 200 2
216.244.66.195 - - [14/Dec/2023:02:47:58 -0500] "GET /BLA/resoluciones/AUTOS%202010/4403.pdf HTTP/1.1" 200 140097
216.244.66.195 - - [14/Dec/2023:02:48:28 -0500] "GET /BLA/resoluciones/AUTOS%202010/4828.pdf HTTP/1.1" 200 376671
216.244.66.195 - - [14/Dec/2023:02:49:01 -0500] "GET /BLA/resoluciones/AUTOS%202010/5254.pdf HTTP/1.1" 200 21900
201.245.192.253 - - [14/Dec/2023:02:49:16 -0500] "POST /forms/lservlet;jsessionid=ac16012b30d68f87e6b31bdd4159a82faa45787d3329.e3iSbxaKaheRe34Qc38TbN0Nb41ynknvrkLOlQzNp65In0 HTTP/1.1" 200 2
216.244.66.195 - - [14/Dec/2023:02:49:28 -0500] "GET /BLA/resoluciones/AUTOS%202010/5437.pdf HTTP/1.1" 200 206640
216.244.66.195 - - [14/Dec/2023:02:49:54 -0500] "GET /BLA/resoluciones/AUTOS%202010/5525.pdf HTTP/1.1" 200 247692
201.245.192.253 - - [14/Dec/2023:02:49:58 -0500] "POST /forms/lservlet;jsessionid=ac16012b30d665b9d6b5cea24731bd918aefbc6c9e46.e3iSbxaKaheRe34Qc38TbN0Nb41ynknvrkLOlQzNp65In0 HTTP/1.1" 200 2
216.244.66.195 - - [14/Dec/2023:02:50:19 -0500] "GET /BLA/resoluciones/AUTOS%202010/5610.pdf HTTP/1.1" 200 425862
216.244.66.195 - - [14/Dec/2023:02:50:45 -0500] "GET /BLA/resoluciones/AUTOS%202010/5866.pdf HTTP/1.1" 200 2166947
167.0.152.142 - - [14/Dec/2023:02:50:57 -0500] "POST /sipse/faces/presentacion/financiero/solicitudProceso/consultarSolicitudProceso.xhtml HTTP/1.1" 200 66980
167.0.152.142 - - [14/Dec/2023:02:50:57 -0500] "GET /sipse/faces/javax.faces.resource/theme.css?ln=primefaces-sipse HTTP/1.1" 304 -
167.0.152.142 - - [14/Dec/2023:02:50:57 -0500] "GET /sipse/faces/javax.faces.resource/primefaces.css?ln=primefaces&v=4.0 HTTP/1.1" 304 -
167.0.152.142 - - [14/Dec/2023:02:50:57 -0500] "GET /sipse/faces/javax.faces.resource/layout/layout.css?ln=primefaces&v=4.0 HTTP/1.1" 304 -
167.0.152.142 - - [14/Dec/2023:02:50:57 -0500] "GET /sipse/faces/javax.faces.resource/jquery/jquery.js?ln=primefaces&v=4.0 HTTP/1.1" 304 -
167.0.152.142 - - [14/Dec/2023:02:50:57 -0500] "GET /sipse/faces/javax.faces.resource/jquery/jquery-plugins.js?ln=primefaces&v=4.0 HTTP/1.1" 304 -
167.0.152.142 - - [14/Dec/2023:02:50:57 -0500] "GET /sipse/faces/javax.faces.resource/layout/layout.js?ln=primefaces&v=4.0 HTTP/1.1" 304 -
167.0.152.142 - - [14/Dec/2023:02:50:57 -0500] "GET /sipse/faces/javax.faces.resource/primefaces.js?ln=primefaces&v=4.0 HTTP/1.1" 304 -
167.0.152.142 - - [14/Dec/2023:02:50:57 -0500] "GET /sipse/faces/javax.faces.resource/images/ui-icons_898989_256x240.png?ln=primefaces-aristo HTTP/1.1" 304 -
167.0.152.142 - - [14/Dec/2023:02:50:57 -0500] "GET /sipse/css/imagen/contrasena.png HTTP/1.1" 404 383
167.0.152.142 - - [14/Dec/2023:02:50:58 -0500] "GET /sipse/faces/javax.faces.resource/images/ui-bg_flat_0_2d5972_40x100.png?ln=primefaces-aristo HTTP/1.1" 304 -
167.0.152.142 - - [14/Dec/2023:02:50:58 -0500] "POST /sipse/faces/presentacion/financiero/solicitudProceso/listarSolicitudProceso.xhtml HTTP/1.1" 200 1556
167.0.152.142 - - [14/Dec/2023:02:50:58 -0500] "POST /sipse/faces/presentacion/financiero/solicitudProceso/listarSolicitudProceso.xhtml HTTP/1.1" 200 1552
167.0.152.142 - - [14/Dec/2023:02:51:04 -0500] "POST /sipse/faces/presentacion/financiero/solicitudProceso/listarSolicitudProceso.xhtml HTTP/1.1" 200 114057
167.0.152.142 - - [14/Dec/2023:02:51:04 -0500] "GET /sipse/faces/javax.faces.resource/theme.css?ln=primefaces-sipse HTTP/1.1" 304 -
167.0.152.142 - - [14/Dec/2023:02:51:04 -0500] "GET /sipse/faces/javax.faces.resource/primefaces.css?ln=primefaces&v=4.0 HTTP/1.1" 304 -
167.0.152.142 - - [14/Dec/2023:02:51:04 -0500] "GET /sipse/faces/javax.faces.resource/layout/layout.css?ln=primefaces&v=4.0 HTTP/1.1" 304 -
167.0.152.142 - - [14/Dec/2023:02:51:05 -0500] "GET /sipse/faces/javax.faces.resource/jquery/jquery.js?ln=primefaces&v=4.0 HTTP/1.1" 304 -
167.0.152.142 - - [14/Dec/2023:02:51:05 -0500] "GET /sipse/faces/javax.faces.resource/jquery/jquery-plugins.js?ln=primefaces&v=4.0 HTTP/1.1" 304 -
167.0.152.142 - - [14/Dec/2023:02:51:05 -0500] "GET /sipse/faces/javax.faces.resource/primefaces.js?ln=primefaces&v=4.0 HTTP/1.1" 304 -
167.0.152.142 - - [14/Dec/2023:02:51:05 -0500] "GET /sipse/faces/javax.faces.resource/layout/layout.js?ln=primefaces&v=4.0 HTTP/1.1" 304 -
167.0.152.142 - - [14/Dec/2023:02:51:06 -0500] "GET /sipse/faces/javax.faces.resource/dynamiccontent.properties?ln=primefaces&pfdrid=XjOR5%2F%2FfPAZAuY9TpWQeCiM0BhlXxYRBGKi%2FQcXXfeA%3D&pfdrid_c=false HTTP/1.1" 500 383
201.245.192.253 - - [14/Dec/2023:02:51:16 -0500] "POST /forms/lservlet;jsessionid=ac16012b30d68f87e6b31bdd4159a82faa45787d3329.e3iSbxaKaheRe34Qc38TbN0Nb41ynknvrkLOlQzNp65In0 HTTP/1.1" 200 2
172.22.2.4 - - [14/Dec/2023:02:49:54 -0500] "HEAD /BLA/boletinlegal/ HTTP/1.1" 200 -
216.244.66.195 - - [14/Dec/2023:02:51:44 -0500] "GET /BLA/resoluciones/AUTOS%202010/6069.pdf HTTP/1.1" 200 4146282
172.22.2.4 - - [14/Dec/2023:02:50:56 -0500] "GET /BLA/boletinlegal/ HTTP/1.1" 200 24523
201.245.192.253 - - [14/Dec/2023:02:51:58 -0500] "POST /forms/lservlet;jsessionid=ac16012b30d665b9d6b5cea24731bd918aefbc6c9e46.e3iSbxaKaheRe34Qc38TbN0Nb41ynknvrkLOlQzNp65In0 HTTP/1.1" 200 2
167.0.152.142 - - [14/Dec/2023:02:52:00 -0500] "POST /sipse/faces/presentacion/financiero/solicitudProceso/consultarSolicitudProceso.xhtml HTTP/1.1" 200 187248
172.22.2.4 - - [14/Dec/2023:02:50:44 -0500] "GET /BLA/boletinlegal/ HTTP/1.1" 200 50272
167.0.152.142 - - [14/Dec/2023:02:52:27 -0500] "POST /sipse/faces/presentacion/financiero/solicitudProceso/consultarSolicitudProceso.xhtml HTTP/1.1" 200 2143276
201.245.192.253 - - [14/Dec/2023:02:52:30 -0500] "POST /kwsrmcab/Wsrmcab  HTTP/1.1" 200 37894
216.244.66.195 - - [14/Dec/2023:02:52:32 -0500] "GET /BLA/resoluciones/AUTOS%202010/6733.pdf HTTP/1.1" 200 427322
167.0.152.142 - - [14/Dec/2023:02:52:36 -0500] "POST /sipse/faces/presentacion/financiero/solicitudProceso/consultarSolicitudProceso.xhtml HTTP/1.1" 200 230245
167.0.152.142 - - [14/Dec/2023:02:52:47 -0500] "POST /sipse/faces/presentacion/financiero/solicitudProceso/consultarSolicitudProceso.xhtml HTTP/1.1" 200 5465
167.0.152.142 - - [14/Dec/2023:02:52:48 -0500] "GET /sipse/faces/javax.faces.resource/dynamiccontent.properties?ln=primefaces&pfdrid=XjOR5%2F%2FfPAZAuY9TpWQeCiM0BhlXxYRBGKi%2FQcXXfeA%3D&pfdrid_c=false HTTP/1.1" 200 117606
216.245.221.92 - - [14/Dec/2023:02:52:58 -0500] "HEAD / HTTP/1.1" 200 -
216.244.66.195 - - [14/Dec/2023:02:53:03 -0500] "GET /BLA/resoluciones/AUTOS%202010/6928.pdf HTTP/1.1" 200 111688
201.245.192.253 - - [14/Dec/2023:02:53:16 -0500] "POST /forms/lservlet;jsessionid=ac16012b30d68f87e6b31bdd4159a82faa45787d3329.e3iSbxaKaheRe34Qc38TbN0Nb41ynknvrkLOlQzNp65In0 HTTP/1.1" 200 2
216.244.66.195 - - [14/Dec/2023:02:53:32 -0500] "GET /BLA/resoluciones/AUTOS%202011/3799.pdf HTTP/1.1" 200 222633
201.245.192.253 - - [14/Dec/2023:02:53:58 -0500] "POST /forms/lservlet;jsessionid=ac16012b30d665b9d6b5cea24731bd918aefbc6c9e46.e3iSbxaKaheRe34Qc38TbN0Nb41ynknvrkLOlQzNp65In0 HTTP/1.1" 200 2
216.244.66.195 - - [14/Dec/2023:02:54:02 -0500] "GET /BLA/resoluciones/AUTOS%202011/3891.pdf HTTP/1.1" 200 251412
201.245.192.253 - - [14/Dec/2023:02:55:16 -0500] "POST /forms/lservlet;jsessionid=ac16012b30d68f87e6b31bdd4159a82faa45787d3329.e3iSbxaKaheRe34Qc38TbN0Nb41ynknvrkLOlQzNp65In0 HTTP/1.1" 200 2
201.245.192.253 - - [14/Dec/2023:02:55:58 -0500] "POST /forms/lservlet;jsessionid=ac16012b30d665b9d6b5cea24731bd918aefbc6c9e46.e3iSbxaKaheRe34Qc38TbN0Nb41ynknvrkLOlQzNp65In0 HTTP/1.1" 200 2
201.245.192.253 - - [14/Dec/2023:02:57:16 -0500] "POST /forms/lservlet;jsessionid=ac16012b30d68f87e6b31bdd4159a82faa45787d3329.e3iSbxaKaheRe34Qc38TbN0Nb41ynknvrkLOlQzNp65In0 HTTP/1.1" 200 2
172.22.2.4 - - [14/Dec/2023:02:55:44 -0500] "HEAD /BLA/boletinlegal/ HTTP/1.1" 200 -
201.245.192.253 - - [14/Dec/2023:02:57:28 -0500] "POST /kwsrmcab/Wsrmcab  HTTP/1.1" 200 37894
216.245.221.92 - - [14/Dec/2023:02:57:58 -0500] "HEAD / HTTP/1.1" 200 -
201.245.192.253 - - [14/Dec/2023:02:57:58 -0500] "POST /forms/lservlet;jsessionid=ac16012b30d665b9d6b5cea24731bd918aefbc6c9e46.e3iSbxaKaheRe34Qc38TbN0Nb41ynknvrkLOlQzNp65In0 HTTP/1.1" 200 2
172.22.2.4 - - [14/Dec/2023:02:56:34 -0500] "GET /BLA/boletinlegal/ HTTP/1.1" 200 58644
201.245.192.253 - - [14/Dec/2023:02:59:16 -0500] "POST /forms/lservlet;jsessionid=ac16012b30d68f87e6b31bdd4159a82faa45787d3329.e3iSbxaKaheRe34Qc38TbN0Nb41ynknvrkLOlQzNp65In0 HTTP/1.1" 200 2
201.245.192.253 - - [14/Dec/2023:02:59:58 -0500] "POST /forms/lservlet;jsessionid=ac16012b30d665b9d6b5cea24731bd918aefbc6c9e46.e3iSbxaKaheRe34Qc38TbN0Nb41ynknvrkLOlQzNp65In0 HTTP/1.1" 200 2
216.244.66.195 - - [14/Dec/2023:03:00:27 -0500] "GET /robots.txt HTTP/1.1" 404 1018
201.245.192.253 - - [14/Dec/2023:03:01:16 -0500] "POST /forms/lservlet;jsessionid=ac16012b30d68f87e6b31bdd4159a82faa45787d3329.e3iSbxaKaheRe34Qc38TbN0Nb41ynknvrkLOlQzNp65In0 HTTP/1.1" 200 2
201.245.192.253 - - [14/Dec/2023:03:01:58 -0500] "POST /forms/lservlet;jsessionid=ac16012b30d665b9d6b5cea24731bd918aefbc6c9e46.e3iSbxaKaheRe34Qc38TbN0Nb41ynknvrkLOlQzNp65In0 HTTP/1.1" 200 2
201.245.192.253 - - [14/Dec/2023:03:02:27 -0500] "POST /kwsrmcab/Wsrmcab  HTTP/1.1" 200 37894
216.245.221.92 - - [14/Dec/2023:03:02:58 -0500] "HEAD / HTTP/1.1" 200 -
172.22.2.4 - - [14/Dec/2023:03:01:34 -0500] "HEAD /BLA/boletinlegal/ HTTP/1.1" 200 -
201.245.192.253 - - [14/Dec/2023:03:03:16 -0500] "POST /forms/lservlet;jsessionid=ac16012b30d68f87e6b31bdd4159a82faa45787d3329.e3iSbxaKaheRe34Qc38TbN0Nb41ynknvrkLOlQzNp65In0 HTTP/1.1" 200 2
201.245.192.253 - - [14/Dec/2023:03:03:58 -0500] "POST /forms/lservlet;jsessionid=ac16012b30d665b9d6b5cea24731bd918aefbc6c9e46.e3iSbxaKaheRe34Qc38TbN0Nb41ynknvrkLOlQzNp65In0 HTTP/1.1" 200 2
172.22.2.4 - - [14/Dec/2023:03:02:24 -0500] "GET /BLA/boletinlegal/ HTTP/1.1" 200 58294
201.245.192.253 - - [14/Dec/2023:03:05:16 -0500] "POST /forms/lservlet;jsessionid=ac16012b30d68f87e6b31bdd4159a82faa45787d3329.e3iSbxaKaheRe34Qc38TbN0Nb41ynknvrkLOlQzNp65In0 HTTP/1.1" 200 2
201.245.192.253 - - [14/Dec/2023:03:05:58 -0500] "POST /forms/lservlet;jsessionid=ac16012b30d665b9d6b5cea24731bd918aefbc6c9e46.e3iSbxaKaheRe34Qc38TbN0Nb41ynknvrkLOlQzNp65In0 HTTP/1.1" 200 2
201.245.192.253 - - [14/Dec/2023:03:07:16 -0500] "POST /forms/lservlet;jsessionid=ac16012b30d68f87e6b31bdd4159a82faa45787d3329.e3iSbxaKaheRe34Qc38TbN0Nb41ynknvrkLOlQzNp65In0 HTTP/1.1" 200 2
201.245.192.253 - - [14/Dec/2023:03:07:26 -0500] "POST /kwsrmcab/Wsrmcab  HTTP/1.1" 200 37894
159.65.120.34 - - [14/Dec/2023:03:07:35 -0500] "GET / HTTP/1.1" 200 319
216.245.221.92 - - [14/Dec/2023:03:07:58 -0500] "HEAD / HTTP/1.1" 200 -
201.245.192.253 - - [14/Dec/2023:03:07:58 -0500] "POST /forms/lservlet;jsessionid=ac16012b30d665b9d6b5cea24731bd918aefbc6c9e46.e3iSbxaKaheRe34Qc38TbN0Nb41ynknvrkLOlQzNp65In0 HTTP/1.1" 200 2
172.22.2.4 - - [14/Dec/2023:03:07:24 -0500] "HEAD /BLA/boletinlegal/ HTTP/1.1" 200 -
201.245.192.253 - - [14/Dec/2023:03:09:16 -0500] "POST /forms/lservlet;jsessionid=ac16012b30d68f87e6b31bdd4159a82faa45787d3329.e3iSbxaKaheRe34Qc38TbN0Nb41ynknvrkLOlQzNp65In0 HTTP/1.1" 200 2
172.22.2.4 - - [14/Dec/2023:03:08:15 -0500] "GET /BLA/boletinlegal/ HTTP/1.1" 200 58644
66.249.66.194 - - [14/Dec/2023:03:09:55 -0500] "GET /participa-en-la-convocatoria-para-el-aseguramiento-metrologico-de-la-red-de-monitoreo-de-calidad-del-aire-de-bogota.html HTTP/1.1" 200 848
66.249.66.193 - - [14/Dec/2023:03:09:56 -0500] "GET /semana-ambiental-con-invitados-internacionales-secretaria-de-ambiente-realiza-medicion-de-particulas-en-vehiculos-euro-vi.html HTTP/1.1" 304 -
201.245.192.253 - - [14/Dec/2023:03:09:58 -0500] "POST /forms/lservlet;jsessionid=ac16012b30d665b9d6b5cea24731bd918aefbc6c9e46.e3iSbxaKaheRe34Qc38TbN0Nb41ynknvrkLOlQzNp65In0 HTTP/1.1" 200 2
157.55.39.9 - - [14/Dec/2023:03:10:56 -0500] "GET /BLA/resoluciones/index.php?dir=RESOLUCIONES+2008%2F HTTP/1.1" 200 976272
201.245.192.253 - - [14/Dec/2023:03:11:16 -0500] "POST /forms/lservlet;jsessionid=ac16012b30d68f87e6b31bdd4159a82faa45787d3329.e3iSbxaKaheRe34Qc38TbN0Nb41ynknvrkLOlQzNp65In0 HTTP/1.1" 200 2
201.245.192.253 - - [14/Dec/2023:03:11:58 -0500] "POST /forms/lservlet;jsessionid=ac16012b30d665b9d6b5cea24731bd918aefbc6c9e46.e3iSbxaKaheRe34Qc38TbN0Nb41ynknvrkLOlQzNp65In0 HTTP/1.1" 200 2
201.245.192.253 - - [14/Dec/2023:03:12:24 -0500] "POST /kwsrmcab/Wsrmcab  HTTP/1.1" 200 37894
216.245.221.92 - - [14/Dec/2023:03:12:58 -0500] "HEAD / HTTP/1.1" 200 -
201.245.192.253 - - [14/Dec/2023:03:13:16 -0500] "POST /forms/lservlet;jsessionid=ac16012b30d68f87e6b31bdd4159a82faa45787d3329.e3iSbxaKaheRe34Qc38TbN0Nb41ynknvrkLOlQzNp65In0 HTTP/1.1" 200 2
66.249.66.21 - - [14/Dec/2023:03:13:54 -0500] "GET /BLA/resoluciones/RESOLUCIONES%202017/1659.pdf HTTP/1.1" 200 315905
66.249.66.19 - - [14/Dec/2023:03:13:55 -0500] "GET /BLA/resoluciones/Notificaciones/AUTOS%202023/3814.pdf HTTP/1.1" 200 413263
201.245.192.253 - - [14/Dec/2023:03:13:58 -0500] "POST /forms/lservlet;jsessionid=ac16012b30d665b9d6b5cea24731bd918aefbc6c9e46.e3iSbxaKaheRe34Qc38TbN0Nb41ynknvrkLOlQzNp65In0 HTTP/1.1" 200 2
172.22.2.4 - - [14/Dec/2023:03:13:14 -0500] "HEAD /BLA/boletinlegal/ HTTP/1.1" 200 -
201.245.192.253 - - [14/Dec/2023:03:15:16 -0500] "POST /forms/lservlet;jsessionid=ac16012b30d68f87e6b31bdd4159a82faa45787d3329.e3iSbxaKaheRe34Qc38TbN0Nb41ynknvrkLOlQzNp65In0 HTTP/1.1" 200 2
216.244.66.195 - - [14/Dec/2023:03:15:18 -0500] "GET /BLA/resoluciones/AUTOS%202004/1119.pdf HTTP/1.1" 200 561783
172.22.2.4 - - [14/Dec/2023:03:14:04 -0500] "GET /BLA/boletinlegal/ HTTP/1.1" 200 61018
201.245.192.253 - - [14/Dec/2023:03:15:58 -0500] "POST /forms/lservlet;jsessionid=ac16012b30d665b9d6b5cea24731bd918aefbc6c9e46.e3iSbxaKaheRe34Qc38TbN0Nb41ynknvrkLOlQzNp65In0 HTTP/1.1" 200 2
201.245.192.253 - - [14/Dec/2023:03:16:04 -0500] "POST /kwsrmcab/Wsrmcab HTTP/1.1" 200 38024
216.244.66.195 - - [14/Dec/2023:03:16:07 -0500] "GET /BLA/resoluciones/AUTOS%202007/1926.pdf HTTP/1.1" 200 72300
201.245.192.253 - - [14/Dec/2023:03:16:07 -0500] "POST /kwsrmcab/Wsrmcab HTTP/1.1" 200 38502
216.244.66.195 - - [14/Dec/2023:03:16:41 -0500] "GET /BLA/resoluciones/AUTOS%202010/0867.pdf HTTP/1.1" 200 293578
201.245.192.253 - - [14/Dec/2023:03:17:16 -0500] "POST /forms/lservlet;jsessionid=ac16012b30d68f87e6b31bdd4159a82faa45787d3329.e3iSbxaKaheRe34Qc38TbN0Nb41ynknvrkLOlQzNp65In0 HTTP/1.1" 200 2
216.244.66.195 - - [14/Dec/2023:03:17:24 -0500] "GET /BLA/resoluciones/AUTOS%202010/1134.pdf HTTP/1.1" 200 153192
201.245.192.253 - - [14/Dec/2023:03:17:23 -0500] "POST /kwsrmcab/Wsrmcab  HTTP/1.1" 200 37894
216.245.221.92 - - [14/Dec/2023:03:17:58 -0500] "HEAD / HTTP/1.1" 200 -
201.245.192.253 - - [14/Dec/2023:03:17:59 -0500] "POST /forms/lservlet;jsessionid=ac16012b30d665b9d6b5cea24731bd918aefbc6c9e46.e3iSbxaKaheRe34Qc38TbN0Nb41ynknvrkLOlQzNp65In0 HTTP/1.1" 200 2
216.244.66.195 - - [14/Dec/2023:03:18:12 -0500] "GET /BLA/resoluciones/AUTOS%202010/1369.pdf HTTP/1.1" 200 244112
216.244.66.195 - - [14/Dec/2023:03:18:50 -0500] "GET /BLA/resoluciones/AUTOS%202010/1440.pdf HTTP/1.1" 200 165456
201.245.192.253 - - [14/Dec/2023:03:19:16 -0500] "POST /forms/lservlet;jsessionid=ac16012b30d68f87e6b31bdd4159a82faa45787d3329.e3iSbxaKaheRe34Qc38TbN0Nb41ynknvrkLOlQzNp65In0 HTTP/1.1" 200 2
216.244.66.195 - - [14/Dec/2023:03:19:28 -0500] "GET /BLA/resoluciones/AUTOS%202010/1693.pdf HTTP/1.1" 200 119963
201.245.192.253 - - [14/Dec/2023:03:19:55 -0500] "POST /kwsrmcab/Wsrmcab HTTP/1.1" 200 38024
167.0.152.142 - - [14/Dec/2023:03:19:57 -0500] "POST /sipse/faces/presentacion/financiero/solicitudProceso/consultarSolicitudProceso.xhtml HTTP/1.1" 200 66980
167.0.152.142 - - [14/Dec/2023:03:19:58 -0500] "GET /sipse/faces/javax.faces.resource/theme.css?ln=primefaces-sipse HTTP/1.1" 304 -
167.0.152.142 - - [14/Dec/2023:03:19:58 -0500] "GET /sipse/faces/javax.faces.resource/primefaces.css?ln=primefaces&v=4.0 HTTP/1.1" 304 -
167.0.152.142 - - [14/Dec/2023:03:19:58 -0500] "GET /sipse/faces/javax.faces.resource/layout/layout.css?ln=primefaces&v=4.0 HTTP/1.1" 304 -
167.0.152.142 - - [14/Dec/2023:03:19:58 -0500] "GET /sipse/faces/javax.faces.resource/jquery/jquery.js?ln=primefaces&v=4.0 HTTP/1.1" 304 -
167.0.152.142 - - [14/Dec/2023:03:19:58 -0500] "GET /sipse/faces/javax.faces.resource/jquery/jquery-plugins.js?ln=primefaces&v=4.0 HTTP/1.1" 304 -
167.0.152.142 - - [14/Dec/2023:03:19:58 -0500] "GET /sipse/faces/javax.faces.resource/primefaces.js?ln=primefaces&v=4.0 HTTP/1.1" 304 -
167.0.152.142 - - [14/Dec/2023:03:19:58 -0500] "GET /sipse/faces/javax.faces.resource/layout/layout.js?ln=primefaces&v=4.0 HTTP/1.1" 304 -
167.0.152.142 - - [14/Dec/2023:03:19:58 -0500] "GET /sipse/css/imagen/contrasena.png HTTP/1.1" 404 383
167.0.152.142 - - [14/Dec/2023:03:19:58 -0500] "GET /sipse/faces/javax.faces.resource/images/ui-icons_898989_256x240.png?ln=primefaces-aristo HTTP/1.1" 304 -
201.245.192.253 - - [14/Dec/2023:03:19:59 -0500] "POST /forms/lservlet;jsessionid=ac16012b30d665b9d6b5cea24731bd918aefbc6c9e46.e3iSbxaKaheRe34Qc38TbN0Nb41ynknvrkLOlQzNp65In0 HTTP/1.1" 200 2
167.0.152.142 - - [14/Dec/2023:03:19:59 -0500] "GET /sipse/faces/javax.faces.resource/images/ui-bg_flat_0_2d5972_40x100.png?ln=primefaces-aristo HTTP/1.1" 304 -
167.0.152.142 - - [14/Dec/2023:03:19:59 -0500] "POST /sipse/faces/presentacion/financiero/solicitudProceso/listarSolicitudProceso.xhtml HTTP/1.1" 200 1556
167.0.152.142 - - [14/Dec/2023:03:19:59 -0500] "POST /sipse/faces/presentacion/financiero/solicitudProceso/listarSolicitudProceso.xhtml HTTP/1.1" 200 1552
201.245.192.253 - - [14/Dec/2023:03:19:59 -0500] "POST /kwsrmcab/Wsrmcab HTTP/1.1" 200 38502
216.244.66.195 - - [14/Dec/2023:03:20:08 -0500] "GET /BLA/resoluciones/AUTOS%202010/2641.pdf HTTP/1.1" 200 23360
167.0.152.142 - - [14/Dec/2023:03:20:10 -0500] "POST /sipse/faces/presentacion/financiero/solicitudProceso/listarSolicitudProceso.xhtml HTTP/1.1" 200 26349
216.244.66.195 - - [14/Dec/2023:03:20:38 -0500] "GET /BLA/resoluciones/AUTOS%202010/5035.pdf HTTP/1.1" 200 686012
172.22.2.4 - - [14/Dec/2023:03:19:04 -0500] "HEAD /BLA/boletinlegal/ HTTP/1.1" 200 -
69.171.249.119 - - [14/Dec/2023:03:20:44 -0500] "GET /agendate-con-la-feria-ambiental-de-servicios-a-la-ciudadania-2023.html HTTP/1.1" 200 743
34.90.178.153 - - [14/Dec/2023:03:20:45 -0500] "GET /las-tres-caminatas-para-cerrar-el-ano-entre-la-naturaleza.html HTTP/1.1" 200 776
201.245.192.253 - - [14/Dec/2023:03:21:16 -0500] "POST /forms/lservlet;jsessionid=ac16012b30d68f87e6b31bdd4159a82faa45787d3329.e3iSbxaKaheRe34Qc38TbN0Nb41ynknvrkLOlQzNp65In0 HTTP/1.1" 200 2
216.244.66.195 - - [14/Dec/2023:03:21:28 -0500] "GET /BLA/resoluciones/AUTOS%202010/5107.pdf HTTP/1.1" 200 265192
172.22.2.4 - - [14/Dec/2023:03:19:54 -0500] "GET /BLA/boletinlegal/ HTTP/1.1" 200 58644
207.46.13.154 - - [14/Dec/2023:03:21:43 -0500] "GET /images/plantacion-secretaria-ambiente.jpg HTTP/1.1" 200 77832
201.245.192.253 - - [14/Dec/2023:03:21:59 -0500] "POST /forms/lservlet;jsessionid=ac16012b30d665b9d6b5cea24731bd918aefbc6c9e46.e3iSbxaKaheRe34Qc38TbN0Nb41ynknvrkLOlQzNp65In0 HTTP/1.1" 200 2
216.244.66.195 - - [14/Dec/2023:03:22:15 -0500] "GET /BLA/resoluciones/AUTOS%202010/5133.pdf HTTP/1.1" 200 423182
201.245.192.253 - - [14/Dec/2023:03:22:21 -0500] "POST /kwsrmcab/Wsrmcab  HTTP/1.1" 200 37894
216.245.221.92 - - [14/Dec/2023:03:22:58 -0500] "HEAD / HTTP/1.1" 200 -
216.244.66.195 - - [14/Dec/2023:03:23:00 -0500] "GET /BLA/resoluciones/AUTOS%202010/5284.pdf HTTP/1.1" 200 186357
201.245.192.253 - - [14/Dec/2023:03:23:16 -0500] "POST /forms/lservlet;jsessionid=ac16012b30d68f87e6b31bdd4159a82faa45787d3329.e3iSbxaKaheRe34Qc38TbN0Nb41ynknvrkLOlQzNp65In0 HTTP/1.1" 200 2
216.244.66.195 - - [14/Dec/2023:03:23:40 -0500] "GET /BLA/resoluciones/AUTOS%202010/5341.pdf HTTP/1.1" 200 1967369
52.167.144.195 - - [14/Dec/2023:03:23:54 -0500] "GET /BLA/resoluciones/RESOLUCIONES%202021/0512.pdf HTTP/1.1" 200 432477
201.245.192.253 - - [14/Dec/2023:03:23:59 -0500] "POST /forms/lservlet;jsessionid=ac16012b30d665b9d6b5cea24731bd918aefbc6c9e46.e3iSbxaKaheRe34Qc38TbN0Nb41ynknvrkLOlQzNp65In0 HTTP/1.1" 200 2
216.244.66.195 - - [14/Dec/2023:03:24:30 -0500] "GET /BLA/resoluciones/AUTOS%202010/5449.pdf HTTP/1.1" 200 1310086
201.245.192.253 - - [14/Dec/2023:03:25:16 -0500] "POST /forms/lservlet;jsessionid=ac16012b30d68f87e6b31bdd4159a82faa45787d3329.e3iSbxaKaheRe34Qc38TbN0Nb41ynknvrkLOlQzNp65In0 HTTP/1.1" 200 2
216.244.66.195 - - [14/Dec/2023:03:25:20 -0500] "GET /BLA/resoluciones/AUTOS%202010/5462.pdf HTTP/1.1" 200 782401
201.245.192.253 - - [14/Dec/2023:03:25:59 -0500] "POST /forms/lservlet;jsessionid=ac16012b30d665b9d6b5cea24731bd918aefbc6c9e46.e3iSbxaKaheRe34Qc38TbN0Nb41ynknvrkLOlQzNp65In0 HTTP/1.1" 200 2
201.245.192.253 - - [14/Dec/2023:03:26:04 -0500] "POST /kwsrmcab/Wsrmcab HTTP/1.1" 200 38024
201.245.192.253 - - [14/Dec/2023:03:26:07 -0500] "POST /kwsrmcab/Wsrmcab HTTP/1.1" 200 38502
216.244.66.195 - - [14/Dec/2023:03:26:11 -0500] "GET /BLA/resoluciones/AUTOS%202010/5722.pdf HTTP/1.1" 200 231313
172.22.2.4 - - [14/Dec/2023:03:24:54 -0500] "HEAD /BLA/boletinlegal/ HTTP/1.1" 200 -
216.244.66.195 - - [14/Dec/2023:03:26:50 -0500] "GET /BLA/resoluciones/AUTOS%202010/6810.pdf HTTP/1.1" 200 142620
157.55.39.53 - - [14/Dec/2023:03:27:00 -0500] "GET /BLA/resoluciones/RESOLUCIONES%202021/4725.pdf HTTP/1.1" 200 348540
201.245.192.253 - - [14/Dec/2023:03:27:16 -0500] "POST /forms/lservlet;jsessionid=ac16012b30d68f87e6b31bdd4159a82faa45787d3329.e3iSbxaKaheRe34Qc38TbN0Nb41ynknvrkLOlQzNp65In0 HTTP/1.1" 200 2
201.245.192.253 - - [14/Dec/2023:03:27:19 -0500] "POST /kwsrmcab/Wsrmcab  HTTP/1.1" 200 37894
172.22.2.4 - - [14/Dec/2023:03:25:44 -0500] "GET /BLA/boletinlegal/ HTTP/1.1" 200 58644
216.244.66.195 - - [14/Dec/2023:03:27:26 -0500] "GET /BLA/resoluciones/AUTOS%202011/2506.pdf HTTP/1.1" 200 220100
216.245.221.92 - - [14/Dec/2023:03:27:58 -0500] "HEAD / HTTP/1.1" 200 -
201.245.192.253 - - [14/Dec/2023:03:27:59 -0500] "POST /forms/lservlet;jsessionid=ac16012b30d665b9d6b5cea24731bd918aefbc6c9e46.e3iSbxaKaheRe34Qc38TbN0Nb41ynknvrkLOlQzNp65In0 HTTP/1.1" 200 2
216.244.66.195 - - [14/Dec/2023:03:28:03 -0500] "GET /BLA/resoluciones/AUTOS%202011/3816.pdf HTTP/1.1" 200 217925
216.244.66.195 - - [14/Dec/2023:03:28:44 -0500] "GET /BLA/resoluciones/RESOLUCIONES%202016/0654.pdf HTTP/1.1" 200 983219
201.245.192.253 - - [14/Dec/2023:03:29:16 -0500] "POST /forms/lservlet;jsessionid=ac16012b30d68f87e6b31bdd4159a82faa45787d3329.e3iSbxaKaheRe34Qc38TbN0Nb41ynknvrkLOlQzNp65In0 HTTP/1.1" 200 2
216.244.66.195 - - [14/Dec/2023:03:29:35 -0500] "GET /BLA/resoluciones/RESOLUCIONES%202016/0804.pdf HTTP/1.1" 200 632790
201.245.192.253 - - [14/Dec/2023:03:29:54 -0500] "POST /kwsrmcab/Wsrmcab HTTP/1.1" 200 38024
201.245.192.253 - - [14/Dec/2023:03:29:59 -0500] "POST /forms/lservlet;jsessionid=ac16012b30d665b9d6b5cea24731bd918aefbc6c9e46.e3iSbxaKaheRe34Qc38TbN0Nb41ynknvrkLOlQzNp65In0 HTTP/1.1" 200 2
201.245.192.253 - - [14/Dec/2023:03:29:58 -0500] "POST /kwsrmcab/Wsrmcab HTTP/1.1" 200 38502
216.244.66.195 - - [14/Dec/2023:03:30:24 -0500] "GET /BLA/resoluciones/RESOLUCIONES%202016/1240.pdf HTTP/1.1" 200 357818
216.244.66.195 - - [14/Dec/2023:03:31:05 -0500] "GET /BLA/resoluciones/RESOLUCIONES%202016/2005.pdf HTTP/1.1" 200 446624
201.245.192.253 - - [14/Dec/2023:03:31:16 -0500] "POST /forms/lservlet;jsessionid=ac16012b30d68f87e6b31bdd4159a82faa45787d3329.e3iSbxaKaheRe34Qc38TbN0Nb41ynknvrkLOlQzNp65In0 HTTP/1.1" 200 2
216.244.66.195 - - [14/Dec/2023:03:31:50 -0500] "GET /BLA/resoluciones/RESOLUCIONES%202016/2023.pdf HTTP/1.1" 200 769599
201.245.192.253 - - [14/Dec/2023:03:31:59 -0500] "POST /forms/lservlet;jsessionid=ac16012b30d665b9d6b5cea24731bd918aefbc6c9e46.e3iSbxaKaheRe34Qc38TbN0Nb41ynknvrkLOlQzNp65In0 HTTP/1.1" 200 2
201.245.192.253 - - [14/Dec/2023:03:32:18 -0500] "POST /kwsrmcab/Wsrmcab  HTTP/1.1" 200 37894
172.22.2.4 - - [14/Dec/2023:03:30:44 -0500] "HEAD /BLA/boletinlegal/ HTTP/1.1" 200 -
216.244.66.195 - - [14/Dec/2023:03:32:39 -0500] "GET /BLA/resoluciones/RESOLUCIONES%202016/2098.pdf HTTP/1.1" 200 461371
216.245.221.92 - - [14/Dec/2023:03:32:58 -0500] "HEAD / HTTP/1.1" 200 -
216.244.66.195 - - [14/Dec/2023:03:33:13 -0500] "GET /BLA/resoluciones/RESOLUCIONES%202017/0028.pdf HTTP/1.1" 200 669687
172.22.2.4 - - [14/Dec/2023:03:31:34 -0500] "GET /BLA/boletinlegal/ HTTP/1.1" 200 58644
201.245.192.253 - - [14/Dec/2023:03:33:16 -0500] "POST /forms/lservlet;jsessionid=ac16012b30d68f87e6b31bdd4159a82faa45787d3329.e3iSbxaKaheRe34Qc38TbN0Nb41ynknvrkLOlQzNp65In0 HTTP/1.1" 200 2
201.245.192.253 - - [14/Dec/2023:03:33:59 -0500] "POST /forms/lservlet;jsessionid=ac16012b30d665b9d6b5cea24731bd918aefbc6c9e46.e3iSbxaKaheRe34Qc38TbN0Nb41ynknvrkLOlQzNp65In0 HTTP/1.1" 200 2
216.244.66.195 - - [14/Dec/2023:03:34:03 -0500] "GET /BLA/resoluciones/RESOLUCIONES%202017/0568.pdf HTTP/1.1" 200 692967
216.244.66.195 - - [14/Dec/2023:03:34:50 -0500] "GET /BLA/resoluciones/RESOLUCIONES%202017/1582.pdf HTTP/1.1" 200 267431
201.245.192.253 - - [14/Dec/2023:03:35:16 -0500] "POST /forms/lservlet;jsessionid=ac16012b30d68f87e6b31bdd4159a82faa45787d3329.e3iSbxaKaheRe34Qc38TbN0Nb41ynknvrkLOlQzNp65In0 HTTP/1.1" 200 2
216.244.66.195 - - [14/Dec/2023:03:35:22 -0500] "GET /BLA/resoluciones/RESOLUCIONES%202017/1819.pdf HTTP/1.1" 200 581328
201.245.192.253 - - [14/Dec/2023:03:35:59 -0500] "POST /forms/lservlet;jsessionid=ac16012b30d665b9d6b5cea24731bd918aefbc6c9e46.e3iSbxaKaheRe34Qc38TbN0Nb41ynknvrkLOlQzNp65In0 HTTP/1.1" 200 2
216.244.66.195 - - [14/Dec/2023:03:36:01 -0500] "GET /BLA/resoluciones/RESOLUCIONES%202017/1908.pdf HTTP/1.1" 200 423081
201.245.192.253 - - [14/Dec/2023:03:36:05 -0500] "POST /kwsrmcab/Wsrmcab HTTP/1.1" 200 38024
201.245.192.253 - - [14/Dec/2023:03:36:07 -0500] "POST /kwsrmcab/Wsrmcab HTTP/1.1" 200 38502
216.244.66.195 - - [14/Dec/2023:03:36:35 -0500] "GET /BLA/resoluciones/RESOLUCIONES%202017/1942.pdf HTTP/1.1" 200 403092
216.244.66.195 - - [14/Dec/2023:03:37:04 -0500] "GET /BLA/resoluciones/RESOLUCIONES%202017/2044.pdf HTTP/1.1" 200 117306
201.245.192.253 - - [14/Dec/2023:03:37:16 -0500] "POST /forms/lservlet;jsessionid=ac16012b30d68f87e6b31bdd4159a82faa45787d3329.e3iSbxaKaheRe34Qc38TbN0Nb41ynknvrkLOlQzNp65In0 HTTP/1.1" 200 2
201.245.192.253 - - [14/Dec/2023:03:37:17 -0500] "POST /kwsrmcab/Wsrmcab  HTTP/1.1" 200 37894
216.244.66.195 - - [14/Dec/2023:03:37:34 -0500] "GET /BLA/resoluciones/RESOLUCIONES%202017/2052.pdf HTTP/1.1" 200 342881
216.245.221.92 - - [14/Dec/2023:03:37:58 -0500] "HEAD / HTTP/1.1" 200 -
201.245.192.253 - - [14/Dec/2023:03:37:59 -0500] "POST /forms/lservlet;jsessionid=ac16012b30d665b9d6b5cea24731bd918aefbc6c9e46.e3iSbxaKaheRe34Qc38TbN0Nb41ynknvrkLOlQzNp65In0 HTTP/1.1" 200 2
216.244.66.195 - - [14/Dec/2023:03:38:01 -0500] "GET /BLA/resoluciones/RESOLUCIONES%202017/2841.pdf HTTP/1.1" 200 279043
172.22.2.4 - - [14/Dec/2023:03:36:34 -0500] "HEAD /BLA/boletinlegal/ HTTP/1.1" 200 -
216.244.66.195 - - [14/Dec/2023:03:38:28 -0500] "GET /BLA/resoluciones/RESOLUCIONES%202017/3372.pdf HTTP/1.1" 200 344291
162.55.162.137 - - [14/Dec/2023:03:38:52 -0500] "GET / HTTP/1.1" 200 319
216.244.66.195 - - [14/Dec/2023:03:38:54 -0500] "GET /BLA/resoluciones/RESOLUCIONES%202017/3518.pdf HTTP/1.1" 200 559147
162.55.162.137 - - [14/Dec/2023:03:38:56 -0500] "GET / HTTP/1.1" 200 4720
172.22.2.4 - - [14/Dec/2023:03:37:25 -0500] "GET /BLA/boletinlegal/ HTTP/1.1" 200 58644
201.245.192.253 - - [14/Dec/2023:03:39:16 -0500] "POST /forms/lservlet;jsessionid=ac16012b30d68f87e6b31bdd4159a82faa45787d3329.e3iSbxaKaheRe34Qc38TbN0Nb41ynknvrkLOlQzNp65In0 HTTP/1.1" 200 2
216.244.66.195 - - [14/Dec/2023:03:39:19 -0500] "GET /BLA/resoluciones/RESOLUCIONES%202017/3661.pdf HTTP/1.1" 200 306459
216.244.66.195 - - [14/Dec/2023:03:39:44 -0500] "GET /BLA/resoluciones/RESOLUCIONES%202017/3709.pdf HTTP/1.1" 200 824220
201.245.192.253 - - [14/Dec/2023:03:39:54 -0500] "POST /kwsrmcab/Wsrmcab HTTP/1.1" 200 38024
201.245.192.253 - - [14/Dec/2023:03:39:59 -0500] "POST /forms/lservlet;jsessionid=ac16012b30d665b9d6b5cea24731bd918aefbc6c9e46.e3iSbxaKaheRe34Qc38TbN0Nb41ynknvrkLOlQzNp65In0 HTTP/1.1" 200 2
201.245.192.253 - - [14/Dec/2023:03:39:57 -0500] "POST /kwsrmcab/Wsrmcab HTTP/1.1" 200 38502
216.244.66.195 - - [14/Dec/2023:03:40:07 -0500] "GET /BLA/resoluciones/RESOLUCIONES%202019/0189.pdf HTTP/1.1" 200 391920
216.244.66.195 - - [14/Dec/2023:03:40:28 -0500] "GET /BLA/resoluciones/RESOLUCIONES%202019/0936.pdf HTTP/1.1" 200 339001
216.244.66.195 - - [14/Dec/2023:03:40:49 -0500] "GET /BLA/resoluciones/RESOLUCIONES%202019/1315.pdf HTTP/1.1" 200 313106
216.244.66.195 - - [14/Dec/2023:03:41:09 -0500] "GET /BLA/resoluciones/RESOLUCIONES%202019/2257.pdf HTTP/1.1" 200 326254
201.245.192.253 - - [14/Dec/2023:03:41:16 -0500] "POST /forms/lservlet;jsessionid=ac16012b30d68f87e6b31bdd4159a82faa45787d3329.e3iSbxaKaheRe34Qc38TbN0Nb41ynknvrkLOlQzNp65In0 HTTP/1.1" 200 2
216.244.66.195 - - [14/Dec/2023:03:41:27 -0500] "GET /BLA/resoluciones/RESOLUCIONES%202019/2622.pdf HTTP/1.1" 200 256326
216.244.66.195 - - [14/Dec/2023:03:41:47 -0500] "GET /BLA/resoluciones/RESOLUCIONES%202019/2731.pdf HTTP/1.1" 200 305873
201.245.192.253 - - [14/Dec/2023:03:41:59 -0500] "POST /forms/lservlet;jsessionid=ac16012b30d665b9d6b5cea24731bd918aefbc6c9e46.e3iSbxaKaheRe34Qc38TbN0Nb41ynknvrkLOlQzNp65In0 HTTP/1.1" 200 2
216.244.66.195 - - [14/Dec/2023:03:42:04 -0500] "GET /BLA/resoluciones/RESOLUCIONES%202019/3004.pdf HTTP/1.1" 200 490203
201.245.192.253 - - [14/Dec/2023:03:42:15 -0500] "POST /kwsrmcab/Wsrmcab  HTTP/1.1" 200 37894
216.245.221.92 - - [14/Dec/2023:03:42:57 -0500] "HEAD / HTTP/1.1" 200 -
201.245.192.253 - - [14/Dec/2023:03:43:16 -0500] "POST /forms/lservlet;jsessionid=ac16012b30d68f87e6b31bdd4159a82faa45787d3329.e3iSbxaKaheRe34Qc38TbN0Nb41ynknvrkLOlQzNp65In0 HTTP/1.1" 200 2
66.249.66.19 - - [14/Dec/2023:03:43:18 -0500] "HEAD /BLA/boletinlegal/normativa.php HTTP/1.1" 200 -
201.245.192.253 - - [14/Dec/2023:03:43:59 -0500] "POST /forms/lservlet;jsessionid=ac16012b30d665b9d6b5cea24731bd918aefbc6c9e46.e3iSbxaKaheRe34Qc38TbN0Nb41ynknvrkLOlQzNp65In0 HTTP/1.1" 200 2
172.22.2.4 - - [14/Dec/2023:03:42:25 -0500] "HEAD /BLA/boletinlegal/ HTTP/1.1" 200 -
173.252.79.10 - - [14/Dec/2023:03:44:20 -0500] "GET /images/reunion-planta-termovalorizacion-11-mayo.jpg HTTP/1.1" 200 34782
172.22.2.4 - - [14/Dec/2023:03:43:15 -0500] "GET /BLA/boletinlegal/ HTTP/1.1" 200 60634
40.77.167.18 - - [14/Dec/2023:03:45:10 -0500] "GET /BLA/resoluciones/RESOLUCIONES%202021/2848.pdf HTTP/1.1" 200 370702
201.245.192.253 - - [14/Dec/2023:03:45:16 -0500] "POST /forms/lservlet;jsessionid=ac16012b30d68f87e6b31bdd4159a82faa45787d3329.e3iSbxaKaheRe34Qc38TbN0Nb41ynknvrkLOlQzNp65In0 HTTP/1.1" 200 2
201.245.192.253 - - [14/Dec/2023:03:45:59 -0500] "POST /forms/lservlet;jsessionid=ac16012b30d665b9d6b5cea24731bd918aefbc6c9e46.e3iSbxaKaheRe34Qc38TbN0Nb41ynknvrkLOlQzNp65In0 HTTP/1.1" 200 2
40.77.167.143 - - [14/Dec/2023:03:46:15 -0500] "GET /BLA/resoluciones/RESOLUCIONES%202021/2655.pdf HTTP/1.1" 200 362613
201.245.192.253 - - [14/Dec/2023:03:47:14 -0500] "POST /kwsrmcab/Wsrmcab  HTTP/1.1" 200 37894
201.245.192.253 - - [14/Dec/2023:03:47:16 -0500] "POST /forms/lservlet;jsessionid=ac16012b30d68f87e6b31bdd4159a82faa45787d3329.e3iSbxaKaheRe34Qc38TbN0Nb41ynknvrkLOlQzNp65In0 HTTP/1.1" 200 2
216.244.66.195 - - [14/Dec/2023:03:47:44 -0500] "GET /robots.txt HTTP/1.1" 404 1018
216.245.221.92 - - [14/Dec/2023:03:47:57 -0500] "HEAD / HTTP/1.1" 200 -
201.245.192.253 - - [14/Dec/2023:03:47:59 -0500] "POST /forms/lservlet;jsessionid=ac16012b30d665b9d6b5cea24731bd918aefbc6c9e46.e3iSbxaKaheRe34Qc38TbN0Nb41ynknvrkLOlQzNp65In0 HTTP/1.1" 200 2
217.182.175.162 - - [14/Dec/2023:03:48:34 -0500] "HEAD /agendate-con-la-feria-ambiental-de-servicios-a-la-ciudadania-2023.html HTTP/1.1" 200 -
201.245.192.253 - - [14/Dec/2023:03:49:16 -0500] "POST /forms/lservlet;jsessionid=ac16012b30d68f87e6b31bdd4159a82faa45787d3329.e3iSbxaKaheRe34Qc38TbN0Nb41ynknvrkLOlQzNp65In0 HTTP/1.1" 200 2
172.22.2.4 - - [14/Dec/2023:03:48:15 -0500] "HEAD /BLA/boletinlegal/ HTTP/1.1" 200 -
201.245.192.253 - - [14/Dec/2023:03:49:59 -0500] "POST /forms/lservlet;jsessionid=ac16012b30d665b9d6b5cea24731bd918aefbc6c9e46.e3iSbxaKaheRe34Qc38TbN0Nb41ynknvrkLOlQzNp65In0 HTTP/1.1" 200 2
172.22.2.4 - - [14/Dec/2023:03:49:05 -0500] "GET /BLA/boletinlegal/ HTTP/1.1" 200 58294
168.119.253.85 - - [14/Dec/2023:03:50:59 -0500] "GET / HTTP/1.1" 200 4720
168.119.253.85 - - [14/Dec/2023:03:51:02 -0500] "GET / HTTP/1.1" 200 319
201.245.192.253 - - [14/Dec/2023:03:51:16 -0500] "POST /forms/lservlet;jsessionid=ac16012b30d68f87e6b31bdd4159a82faa45787d3329.e3iSbxaKaheRe34Qc38TbN0Nb41ynknvrkLOlQzNp65In0 HTTP/1.1" 200 2
162.55.175.158 - - [14/Dec/2023:03:51:32 -0500] "GET / HTTP/1.1" 200 319
162.55.175.158 - - [14/Dec/2023:03:51:32 -0500] "GET / HTTP/1.1" 200 4720
201.245.192.253 - - [14/Dec/2023:03:51:59 -0500] "POST /forms/lservlet;jsessionid=ac16012b30d665b9d6b5cea24731bd918aefbc6c9e46.e3iSbxaKaheRe34Qc38TbN0Nb41ynknvrkLOlQzNp65In0 HTTP/1.1" 200 2
201.245.192.253 - - [14/Dec/2023:03:52:12 -0500] "POST /kwsrmcab/Wsrmcab  HTTP/1.1" 200 37894
216.245.221.92 - - [14/Dec/2023:03:52:57 -0500] "HEAD / HTTP/1.1" 200 -
201.245.192.253 - - [14/Dec/2023:03:53:16 -0500] "POST /forms/lservlet;jsessionid=ac16012b30d68f87e6b31bdd4159a82faa45787d3329.e3iSbxaKaheRe34Qc38TbN0Nb41ynknvrkLOlQzNp65In0 HTTP/1.1" 200 2
201.245.192.253 - - [14/Dec/2023:03:53:59 -0500] "POST /forms/lservlet;jsessionid=ac16012b30d665b9d6b5cea24731bd918aefbc6c9e46.e3iSbxaKaheRe34Qc38TbN0Nb41ynknvrkLOlQzNp65In0 HTTP/1.1" 200 2
52.167.144.3 - - [14/Dec/2023:03:54:39 -0500] "GET /dia-nacional-del-arbol-atributos-y-caracteristicas-de-las-especies-representativas-de-bogota.html HTTP/1.1" 200 697
157.55.39.9 - - [14/Dec/2023:03:55:10 -0500] "GET /BLA/resoluciones/AUTOS%202021/4620.pdf HTTP/1.1" 200 351751
51.158.65.154 - - [14/Dec/2023:03:55:12 -0500] "GET /agendate-con-la-feria-ambiental-de-servicios-a-la-ciudadania-2023.html HTTP/1.1" 200 743
201.245.192.253 - - [14/Dec/2023:03:55:16 -0500] "POST /forms/lservlet;jsessionid=ac16012b30d68f87e6b31bdd4159a82faa45787d3329.e3iSbxaKaheRe34Qc38TbN0Nb41ynknvrkLOlQzNp65In0 HTTP/1.1" 200 2
123.126.50.42 - - [14/Dec/2023:03:55:21 -0500] "GET / HTTP/1.1" 200 319
172.22.2.4 - - [14/Dec/2023:03:54:05 -0500] "HEAD /BLA/boletinlegal/ HTTP/1.1" 200 -
201.245.192.253 - - [14/Dec/2023:03:55:59 -0500] "POST /forms/lservlet;jsessionid=ac16012b30d665b9d6b5cea24731bd918aefbc6c9e46.e3iSbxaKaheRe34Qc38TbN0Nb41ynknvrkLOlQzNp65In0 HTTP/1.1" 200 2
172.22.2.4 - - [14/Dec/2023:03:54:55 -0500] "GET /BLA/boletinlegal/ HTTP/1.1" 200 60634
201.245.192.253 - - [14/Dec/2023:03:57:10 -0500] "POST /kwsrmcab/Wsrmcab  HTTP/1.1" 200 37894
52.167.144.235 - - [14/Dec/2023:03:57:16 -0500] "GET /images/BLA.jpg HTTP/1.1" 200 34672
201.245.192.253 - - [14/Dec/2023:03:57:16 -0500] "POST /forms/lservlet;jsessionid=ac16012b30d68f87e6b31bdd4159a82faa45787d3329.e3iSbxaKaheRe34Qc38TbN0Nb41ynknvrkLOlQzNp65In0 HTTP/1.1" 200 2
216.245.221.92 - - [14/Dec/2023:03:57:57 -0500] "HEAD / HTTP/1.1" 200 -
201.245.192.253 - - [14/Dec/2023:03:57:59 -0500] "POST /forms/lservlet;jsessionid=ac16012b30d665b9d6b5cea24731bd918aefbc6c9e46.e3iSbxaKaheRe34Qc38TbN0Nb41ynknvrkLOlQzNp65In0 HTTP/1.1" 200 2
66.249.66.19 - - [14/Dec/2023:03:58:54 -0500] "GET /BLA/resoluciones/RESOLUCIONES%202011/6971.pdf HTTP/1.1" 304 -
201.245.192.253 - - [14/Dec/2023:03:59:16 -0500] "POST /forms/lservlet;jsessionid=ac16012b30d68f87e6b31bdd4159a82faa45787d3329.e3iSbxaKaheRe34Qc38TbN0Nb41ynknvrkLOlQzNp65In0 HTTP/1.1" 200 2
201.245.192.253 - - [14/Dec/2023:03:59:59 -0500] "POST /forms/lservlet;jsessionid=ac16012b30d665b9d6b5cea24731bd918aefbc6c9e46.e3iSbxaKaheRe34Qc38TbN0Nb41ynknvrkLOlQzNp65In0 HTTP/1.1" 200 2
201.245.192.253 - - [14/Dec/2023:04:01:16 -0500] "POST /forms/lservlet;jsessionid=ac16012b30d68f87e6b31bdd4159a82faa45787d3329.e3iSbxaKaheRe34Qc38TbN0Nb41ynknvrkLOlQzNp65In0 HTTP/1.1" 200 2
172.22.2.4 - - [14/Dec/2023:03:59:55 -0500] "HEAD /BLA/boletinlegal/ HTTP/1.1" 200 -
201.245.192.253 - - [14/Dec/2023:04:01:59 -0500] "POST /forms/lservlet;jsessionid=ac16012b30d665b9d6b5cea24731bd918aefbc6c9e46.e3iSbxaKaheRe34Qc38TbN0Nb41ynknvrkLOlQzNp65In0 HTTP/1.1" 200 2
201.245.192.253 - - [14/Dec/2023:04:02:09 -0500] "POST /kwsrmcab/Wsrmcab  HTTP/1.1" 200 37894
172.22.2.4 - - [14/Dec/2023:04:00:45 -0500] "GET /BLA/boletinlegal/ HTTP/1.1" 200 61018
216.245.221.92 - - [14/Dec/2023:04:02:57 -0500] "HEAD / HTTP/1.1" 200 -
201.245.192.253 - - [14/Dec/2023:04:03:16 -0500] "POST /forms/lservlet;jsessionid=ac16012b30d68f87e6b31bdd4159a82faa45787d3329.e3iSbxaKaheRe34Qc38TbN0Nb41ynknvrkLOlQzNp65In0 HTTP/1.1" 200 2
201.245.192.253 - - [14/Dec/2023:04:03:59 -0500] "POST /forms/lservlet;jsessionid=ac16012b30d665b9d6b5cea24731bd918aefbc6c9e46.e3iSbxaKaheRe34Qc38TbN0Nb41ynknvrkLOlQzNp65In0 HTTP/1.1" 200 2
172.22.2.4 - - [14/Dec/2023:04:04:45 -0500] "GET /BLA/boletinlegal/sitemap.xml.gz HTTP/1.1" 404 1037
201.245.192.253 - - [14/Dec/2023:04:05:16 -0500] "POST /forms/lservlet;jsessionid=ac16012b30d68f87e6b31bdd4159a82faa45787d3329.e3iSbxaKaheRe34Qc38TbN0Nb41ynknvrkLOlQzNp65In0 HTTP/1.1" 200 2
201.245.192.253 - - [14/Dec/2023:04:05:59 -0500] "POST /forms/lservlet;jsessionid=ac16012b30d665b9d6b5cea24731bd918aefbc6c9e46.e3iSbxaKaheRe34Qc38TbN0Nb41ynknvrkLOlQzNp65In0 HTTP/1.1" 200 2
201.245.192.253 - - [14/Dec/2023:04:07:07 -0500] "POST /kwsrmcab/Wsrmcab  HTTP/1.1" 200 37894
201.245.192.253 - - [14/Dec/2023:04:07:16 -0500] "POST /forms/lservlet;jsessionid=ac16012b30d68f87e6b31bdd4159a82faa45787d3329.e3iSbxaKaheRe34Qc38TbN0Nb41ynknvrkLOlQzNp65In0 HTTP/1.1" 200 2
172.22.2.4 - - [14/Dec/2023:04:05:45 -0500] "HEAD /BLA/boletinlegal/ HTTP/1.1" 200 -
216.245.221.92 - - [14/Dec/2023:04:07:57 -0500] "HEAD / HTTP/1.1" 200 -
201.245.192.253 - - [14/Dec/2023:04:07:59 -0500] "POST /forms/lservlet;jsessionid=ac16012b30d665b9d6b5cea24731bd918aefbc6c9e46.e3iSbxaKaheRe34Qc38TbN0Nb41ynknvrkLOlQzNp65In0 HTTP/1.1" 200 2
172.22.2.4 - - [14/Dec/2023:04:06:35 -0500] "GET /BLA/boletinlegal/ HTTP/1.1" 200 58294
181.53.13.222 - - [14/Dec/2023:04:08:46 -0500] "GET /sipse/faces/index.xhtml HTTP/1.1" 200 677
181.53.13.222 - - [14/Dec/2023:04:08:47 -0500] "GET /sipse/faces/javax.faces.resource/theme.css?ln=primefaces-sipse HTTP/1.1" 304 -
181.53.13.222 - - [14/Dec/2023:04:08:47 -0500] "GET /sipse/faces/faces/autenticacion.xhtml HTTP/1.1" 200 12406
181.53.13.222 - - [14/Dec/2023:04:08:47 -0500] "GET /sipse/faces/javax.faces.resource/primefaces.css?ln=primefaces&v=4.0 HTTP/1.1" 304 -
181.53.13.222 - - [14/Dec/2023:04:08:47 -0500] "GET /sipse/faces/javax.faces.resource/theme.css?ln=primefaces-sipse HTTP/1.1" 304 -
181.53.13.222 - - [14/Dec/2023:04:08:47 -0500] "GET /sipse/css/custom_css_sg.css HTTP/1.1" 304 -
181.53.13.222 - - [14/Dec/2023:04:08:47 -0500] "GET /sipse/js/funciones.js HTTP/1.1" 304 -
181.53.13.222 - - [14/Dec/2023:04:08:47 -0500] "GET /sipse/faces/javax.faces.resource/layout/layout.css?ln=primefaces&v=4.0 HTTP/1.1" 304 -
181.53.13.222 - - [14/Dec/2023:04:08:47 -0500] "GET /sipse/js/disable_browser_buttons.js HTTP/1.1" 304 -
181.53.13.222 - - [14/Dec/2023:04:08:47 -0500] "GET /sipse/faces/javax.faces.resource/jquery/jquery.js?ln=primefaces&v=4.0 HTTP/1.1" 304 -
181.53.13.222 - - [14/Dec/2023:04:08:47 -0500] "GET /sipse/faces/javax.faces.resource/jquery/jquery-plugins.js?ln=primefaces&v=4.0 HTTP/1.1" 304 -
181.53.13.222 - - [14/Dec/2023:04:08:47 -0500] "GET /sipse/faces/javax.faces.resource/primefaces.js?ln=primefaces&v=4.0 HTTP/1.1" 304 -
181.53.13.222 - - [14/Dec/2023:04:08:47 -0500] "GET /sipse/faces/javax.faces.resource/layout/layout.js?ln=primefaces&v=4.0 HTTP/1.1" 304 -
181.53.13.222 - - [14/Dec/2023:04:08:47 -0500] "GET /sipse/faces/javax.faces.resource/images/ui-icons_898989_256x240.png?ln=primefaces-aristo HTTP/1.1" 304 -
181.53.13.222 - - [14/Dec/2023:04:08:50 -0500] "POST /sipse/faces/autenticacion.xhtml HTTP/1.1" 200 2220
181.53.13.222 - - [14/Dec/2023:04:08:50 -0500] "GET /sipse/faces/javax.faces.resource/messages/messages.png?ln=primefaces&v=4.0 HTTP/1.1" 304 -
181.53.13.222 - - [14/Dec/2023:04:08:52 -0500] "POST /sipse/faces/autenticacion.xhtml HTTP/1.1" 200 16474
181.53.13.222 - - [14/Dec/2023:04:08:52 -0500] "GET /sipse/css/custom_css_sg_prime.css HTTP/1.1" 304 -
181.53.13.222 - - [14/Dec/2023:04:08:52 -0500] "GET /sipse/faces/javax.faces.resource/layout/layout.css?ln=primefaces&v=4.0 HTTP/1.1" 304 -
181.53.13.222 - - [14/Dec/2023:04:08:52 -0500] "GET /sipse/faces/javax.faces.resource/theme.css?ln=primefaces-sipse HTTP/1.1" 304 -
181.53.13.222 - - [14/Dec/2023:04:08:52 -0500] "GET /sipse/faces/javax.faces.resource/primefaces.css?ln=primefaces&v=4.0 HTTP/1.1" 304 -
181.53.13.222 - - [14/Dec/2023:04:08:52 -0500] "GET /sipse/js/jquery.min.js HTTP/1.1" 304 -
181.53.13.222 - - [14/Dec/2023:04:08:52 -0500] "GET /sipse/faces/javax.faces.resource/jquery/jquery.js?ln=primefaces&v=4.0 HTTP/1.1" 304 -
181.53.13.222 - - [14/Dec/2023:04:08:52 -0500] "GET /sipse/faces/javax.faces.resource/jquery/jquery-plugins.js?ln=primefaces&v=4.0 HTTP/1.1" 304 -
181.53.13.222 - - [14/Dec/2023:04:08:52 -0500] "GET /sipse/faces/javax.faces.resource/primefaces.js?ln=primefaces&v=4.0 HTTP/1.1" 304 -
181.53.13.222 - - [14/Dec/2023:04:08:52 -0500] "GET /sipse/faces/javax.faces.resource/layout/layout.js?ln=primefaces&v=4.0 HTTP/1.1" 304 -
181.53.13.222 - - [14/Dec/2023:04:08:52 -0500] "GET /sipse/css/imagen/contrasena.png HTTP/1.1" 404 383
181.53.13.222 - - [14/Dec/2023:04:08:54 -0500] "GET /sipse/faces/javax.faces.resource/images/ui-bg_flat_0_2d5972_40x100.png?ln=primefaces-aristo HTTP/1.1" 304 -
181.53.13.222 - - [14/Dec/2023:04:08:54 -0500] "POST /sipse/faces/bienvenido.xhtml HTTP/1.1" 200 2658
181.53.13.222 - - [14/Dec/2023:04:08:55 -0500] "POST /sipse/faces/bienvenido.xhtml HTTP/1.1" 200 65740
181.53.13.222 - - [14/Dec/2023:04:08:57 -0500] "GET /sipse/faces/javax.faces.resource/theme.css?ln=primefaces-sipse HTTP/1.1" 304 -
181.53.13.222 - - [14/Dec/2023:04:08:57 -0500] "GET /sipse/faces/javax.faces.resource/primefaces.css?ln=primefaces&v=4.0 HTTP/1.1" 304 -
181.53.13.222 - - [14/Dec/2023:04:08:57 -0500] "GET /sipse/faces/javax.faces.resource/layout/layout.css?ln=primefaces&v=4.0 HTTP/1.1" 304 -
181.53.13.222 - - [14/Dec/2023:04:08:57 -0500] "GET /sipse/faces/javax.faces.resource/jquery/jquery.js?ln=primefaces&v=4.0 HTTP/1.1" 304 -
181.53.13.222 - - [14/Dec/2023:04:08:57 -0500] "GET /sipse/faces/javax.faces.resource/jquery/jquery-plugins.js?ln=primefaces&v=4.0 HTTP/1.1" 304 -
181.53.13.222 - - [14/Dec/2023:04:08:57 -0500] "GET /sipse/faces/javax.faces.resource/primefaces.js?ln=primefaces&v=4.0 HTTP/1.1" 304 -
181.53.13.222 - - [14/Dec/2023:04:08:57 -0500] "GET /sipse/faces/javax.faces.resource/layout/layout.js?ln=primefaces&v=4.0 HTTP/1.1" 304 -
181.53.13.222 - - [14/Dec/2023:04:08:57 -0500] "POST /sipse/faces/presentacion/financiero/solicitudProceso/listarSolicitudProceso.xhtml HTTP/1.1" 200 1556
181.53.13.222 - - [14/Dec/2023:04:09:00 -0500] "POST /sipse/faces/presentacion/financiero/solicitudProceso/listarSolicitudProceso.xhtml HTTP/1.1" 200 15797
181.53.13.222 - - [14/Dec/2023:04:09:02 -0500] "POST /sipse/faces/presentacion/financiero/solicitudProceso/listarSolicitudProceso.xhtml HTTP/1.1" 200 16873
181.53.13.222 - - [14/Dec/2023:04:09:05 -0500] "POST /sipse/faces/presentacion/financiero/solicitudProceso/listarSolicitudProceso.xhtml HTTP/1.1" 200 15905
181.53.13.222 - - [14/Dec/2023:04:09:10 -0500] "POST /sipse/faces/presentacion/financiero/solicitudProceso/listarSolicitudProceso.xhtml HTTP/1.1" 200 40855
181.53.13.222 - - [14/Dec/2023:04:09:10 -0500] "GET /sipse/faces/javax.faces.resource/theme.css?ln=primefaces-sipse HTTP/1.1" 304 -
181.53.13.222 - - [14/Dec/2023:04:09:10 -0500] "GET /sipse/faces/javax.faces.resource/primefaces.css?ln=primefaces&v=4.0 HTTP/1.1" 304 -
181.53.13.222 - - [14/Dec/2023:04:09:10 -0500] "GET /sipse/faces/javax.faces.resource/layout/layout.css?ln=primefaces&v=4.0 HTTP/1.1" 304 -
181.53.13.222 - - [14/Dec/2023:04:09:10 -0500] "GET /sipse/faces/javax.faces.resource/jquery/jquery.js?ln=primefaces&v=4.0 HTTP/1.1" 304 -
181.53.13.222 - - [14/Dec/2023:04:09:10 -0500] "GET /sipse/faces/javax.faces.resource/jquery/jquery-plugins.js?ln=primefaces&v=4.0 HTTP/1.1" 304 -
181.53.13.222 - - [14/Dec/2023:04:09:10 -0500] "GET /sipse/faces/javax.faces.resource/primefaces.js?ln=primefaces&v=4.0 HTTP/1.1" 304 -
181.53.13.222 - - [14/Dec/2023:04:09:10 -0500] "GET /sipse/faces/javax.faces.resource/layout/layout.js?ln=primefaces&v=4.0 HTTP/1.1" 304 -
181.53.13.222 - - [14/Dec/2023:04:09:10 -0500] "POST /sipse/faces/presentacion/financiero/solicitudProceso/consultar.xhtml HTTP/1.1" 200 34133
181.53.13.222 - - [14/Dec/2023:04:09:14 -0500] "POST /sipse/faces/presentacion/financiero/solicitudProceso/consultar.xhtml HTTP/1.1" 200 12835
201.245.192.253 - - [14/Dec/2023:04:09:16 -0500] "POST /forms/lservlet;jsessionid=ac16012b30d68f87e6b31bdd4159a82faa45787d3329.e3iSbxaKaheRe34Qc38TbN0Nb41ynknvrkLOlQzNp65In0 HTTP/1.1" 200 2
181.53.13.222 - - [14/Dec/2023:04:09:17 -0500] "POST /sipse/faces/presentacion/financiero/solicitudProceso/consultar.xhtml HTTP/1.1" 200 144715
181.53.13.222 - - [14/Dec/2023:04:09:18 -0500] "GET /sipse/faces/javax.faces.resource/theme.css?ln=primefaces-sipse HTTP/1.1" 304 -
181.53.13.222 - - [14/Dec/2023:04:09:18 -0500] "GET /sipse/faces/javax.faces.resource/layout/layout.css?ln=primefaces&v=4.0 HTTP/1.1" 304 -
181.53.13.222 - - [14/Dec/2023:04:09:18 -0500] "GET /sipse/faces/javax.faces.resource/primefaces.css?ln=primefaces&v=4.0 HTTP/1.1" 304 -
181.53.13.222 - - [14/Dec/2023:04:09:18 -0500] "GET /sipse/faces/javax.faces.resource/jquery/jquery.js?ln=primefaces&v=4.0 HTTP/1.1" 304 -
181.53.13.222 - - [14/Dec/2023:04:09:18 -0500] "GET /sipse/faces/javax.faces.resource/jquery/jquery-plugins.js?ln=primefaces&v=4.0 HTTP/1.1" 304 -
181.53.13.222 - - [14/Dec/2023:04:09:18 -0500] "GET /sipse/faces/javax.faces.resource/primefaces.js?ln=primefaces&v=4.0 HTTP/1.1" 304 -
181.53.13.222 - - [14/Dec/2023:04:09:18 -0500] "GET /sipse/faces/javax.faces.resource/layout/layout.js?ln=primefaces&v=4.0 HTTP/1.1" 304 -
181.53.13.222 - - [14/Dec/2023:04:09:18 -0500] "GET /sipse/faces/javax.faces.resource/dynamiccontent.properties?ln=primefaces&pfdrid=XjOR5%2F%2FfPAZAuY9TpWQeCiM0BhlXxYRBGKi%2FQcXXfeA%3D&pfdrid_c=false HTTP/1.1" 500 383
181.53.13.222 - - [14/Dec/2023:04:09:29 -0500] "POST /sipse/faces/presentacion/financiero/solicitudProceso/consultarSolicitudProceso.xhtml HTTP/1.1" 200 204879
201.245.192.253 - - [14/Dec/2023:04:09:59 -0500] "POST /forms/lservlet;jsessionid=ac16012b30d665b9d6b5cea24731bd918aefbc6c9e46.e3iSbxaKaheRe34Qc38TbN0Nb41ynknvrkLOlQzNp65In0 HTTP/1.1" 200 2
201.245.192.253 - - [14/Dec/2023:04:11:16 -0500] "POST /forms/lservlet;jsessionid=ac16012b30d68f87e6b31bdd4159a82faa45787d3329.e3iSbxaKaheRe34Qc38TbN0Nb41ynknvrkLOlQzNp65In0 HTTP/1.1" 200 2
201.245.192.253 - - [14/Dec/2023:04:11:59 -0500] "POST /forms/lservlet;jsessionid=ac16012b30d665b9d6b5cea24731bd918aefbc6c9e46.e3iSbxaKaheRe34Qc38TbN0Nb41ynknvrkLOlQzNp65In0 HTTP/1.1" 200 2
201.245.192.253 - - [14/Dec/2023:04:12:07 -0500] "POST /kwsrmcab/Wsrmcab  HTTP/1.1" 200 37894
216.245.221.92 - - [14/Dec/2023:04:12:57 -0500] "HEAD / HTTP/1.1" 200 -
172.22.2.4 - - [14/Dec/2023:04:11:35 -0500] "HEAD /BLA/boletinlegal/ HTTP/1.1" 200 -
201.245.192.253 - - [14/Dec/2023:04:13:17 -0500] "POST /forms/lservlet;jsessionid=ac16012b30d68f87e6b31bdd4159a82faa45787d3329.e3iSbxaKaheRe34Qc38TbN0Nb41ynknvrkLOlQzNp65In0 HTTP/1.1" 200 2
201.245.192.253 - - [14/Dec/2023:04:13:59 -0500] "POST /forms/lservlet;jsessionid=ac16012b30d665b9d6b5cea24731bd918aefbc6c9e46.e3iSbxaKaheRe34Qc38TbN0Nb41ynknvrkLOlQzNp65In0 HTTP/1.1" 200 2
172.22.2.4 - - [14/Dec/2023:04:12:25 -0500] "GET /BLA/boletinlegal/ HTTP/1.1" 200 58644
201.245.192.253 - - [14/Dec/2023:04:15:17 -0500] "POST /forms/lservlet;jsessionid=ac16012b30d68f87e6b31bdd4159a82faa45787d3329.e3iSbxaKaheRe34Qc38TbN0Nb41ynknvrkLOlQzNp65In0 HTTP/1.1" 200 2
201.245.192.253 - - [14/Dec/2023:04:15:59 -0500] "POST /forms/lservlet;jsessionid=ac16012b30d665b9d6b5cea24731bd918aefbc6c9e46.e3iSbxaKaheRe34Qc38TbN0Nb41ynknvrkLOlQzNp65In0 HTTP/1.1" 200 2
201.245.192.253 - - [14/Dec/2023:04:16:05 -0500] "POST /kwsrmcab/Wsrmcab HTTP/1.1" 200 38040
201.245.192.253 - - [14/Dec/2023:04:16:08 -0500] "POST /kwsrmcab/Wsrmcab HTTP/1.1" 200 38520
201.245.192.253 - - [14/Dec/2023:04:17:06 -0500] "POST /kwsrmcab/Wsrmcab  HTTP/1.1" 200 37894
201.245.192.253 - - [14/Dec/2023:04:17:17 -0500] "POST /forms/lservlet;jsessionid=ac16012b30d68f87e6b31bdd4159a82faa45787d3329.e3iSbxaKaheRe34Qc38TbN0Nb41ynknvrkLOlQzNp65In0 HTTP/1.1" 200 2
216.245.221.92 - - [14/Dec/2023:04:17:57 -0500] "HEAD / HTTP/1.1" 200 -
201.245.192.253 - - [14/Dec/2023:04:17:59 -0500] "POST /forms/lservlet;jsessionid=ac16012b30d665b9d6b5cea24731bd918aefbc6c9e46.e3iSbxaKaheRe34Qc38TbN0Nb41ynknvrkLOlQzNp65In0 HTTP/1.1" 200 2
207.46.13.141 - - [14/Dec/2023:04:18:49 -0500] "GET /portaldeninos/wp-content/uploads/2019/09/Cipr%C3%A9s-%C3%A1rboles.jpg HTTP/1.1" 200 485766
