186.80.108.8 - - [14/Dec/2023:07:37:44 -0500] "GET /sipse/css/custom_css_sg_prime.css HTTP/1.1" 304 -
186.80.108.8 - - [14/Dec/2023:07:37:44 -0500] "GET /sipse/faces/javax.faces.resource/jquery/jquery.js?ln=primefaces&v=4.0 HTTP/1.1" 304 -
186.80.108.8 - - [14/Dec/2023:07:37:44 -0500] "GET /sipse/faces/javax.faces.resource/layout/layout.css?ln=primefaces&v=4.0 HTTP/1.1" 304 -
186.80.108.8 - - [14/Dec/2023:07:37:44 -0500] "GET /sipse/faces/javax.faces.resource/jquery/jquery-plugins.js?ln=primefaces&v=4.0 HTTP/1.1" 304 -
186.80.108.8 - - [14/Dec/2023:07:37:44 -0500] "GET /sipse/faces/javax.faces.resource/primefaces.js?ln=primefaces&v=4.0 HTTP/1.1" 304 -
186.80.108.8 - - [14/Dec/2023:07:37:44 -0500] "GET /sipse/faces/javax.faces.resource/layout/layout.js?ln=primefaces&v=4.0 HTTP/1.1" 304 -
186.80.108.8 - - [14/Dec/2023:07:37:44 -0500] "GET /sipse/faces/javax.faces.resource/messages/messages.png?ln=primefaces&v=4.0 HTTP/1.1" 304 -
216.244.66.195 - - [14/Dec/2023:07:37:56 -0500] "GET /BLA/resoluciones/AUTOS%202007/0875.pdf HTTP/1.1" 200 67742
186.80.108.8 - - [14/Dec/2023:07:37:57 -0500] "GET /sipse/faces/javax.faces.resource/images/ui-icons_898989_256x240.png?ln=primefaces-aristo HTTP/1.1" 304 -
216.245.221.92 - - [14/Dec/2023:07:37:57 -0500] "HEAD / HTTP/1.1" 200 -
186.80.108.8 - - [14/Dec/2023:07:37:58 -0500] "POST /sipse/faces/presentacion/sistema/seguridad/seleccionRol.xhtml HTTP/1.1" 200 5624
186.80.108.8 - - [14/Dec/2023:07:37:59 -0500] "POST /sipse/faces/presentacion/sistema/seguridad/seleccionRol.xhtml HTTP/1.1" 200 15255
186.80.108.8 - - [14/Dec/2023:07:37:59 -0500] "GET /sipse/js/jquery.min.js HTTP/1.1" 304 -
186.80.108.8 - - [14/Dec/2023:07:37:59 -0500] "GET /sipse/faces/javax.faces.resource/primefaces.css?ln=primefaces&v=4.0 HTTP/1.1" 304 -
186.80.108.8 - - [14/Dec/2023:07:37:59 -0500] "GET /sipse/faces/javax.faces.resource/theme.css?ln=primefaces-sipse HTTP/1.1" 304 -
186.80.108.8 - - [14/Dec/2023:07:37:59 -0500] "GET /sipse/faces/javax.faces.resource/layout/layout.css?ln=primefaces&v=4.0 HTTP/1.1" 304 -
186.80.108.8 - - [14/Dec/2023:07:38:00 -0500] "GET /sipse/faces/javax.faces.resource/jquery/jquery.js?ln=primefaces&v=4.0 HTTP/1.1" 304 -
186.80.108.8 - - [14/Dec/2023:07:38:00 -0500] "GET /sipse/faces/javax.faces.resource/jquery/jquery-plugins.js?ln=primefaces&v=4.0 HTTP/1.1" 304 -
186.80.108.8 - - [14/Dec/2023:07:38:00 -0500] "GET /sipse/faces/javax.faces.resource/primefaces.js?ln=primefaces&v=4.0 HTTP/1.1" 304 -
186.80.108.8 - - [14/Dec/2023:07:38:00 -0500] "GET /sipse/faces/javax.faces.resource/layout/layout.js?ln=primefaces&v=4.0 HTTP/1.1" 304 -
201.245.192.253 - - [14/Dec/2023:07:38:00 -0500] "POST /forms/lservlet;jsessionid=ac16012b30d665b9d6b5cea24731bd918aefbc6c9e46.e3iSbxaKaheRe34Qc38TbN0Nb41ynknvrkLOlQzNp65In0 HTTP/1.1" 200 2
186.80.108.8 - - [14/Dec/2023:07:38:00 -0500] "GET /sipse/css/v_mergente.css HTTP/1.1" 304 -
186.80.108.8 - - [14/Dec/2023:07:38:00 -0500] "GET /sipse/imagenes/cargando.gif HTTP/1.1" 304 -
186.80.108.8 - - [14/Dec/2023:07:38:00 -0500] "GET /sipse/imagenes/logoAplicacion.jpg HTTP/1.1" 304 -
186.80.108.8 - - [14/Dec/2023:07:38:00 -0500] "GET /sipse/css/imagen/contrasena.png HTTP/1.1" 404 383
186.80.108.8 - - [14/Dec/2023:07:38:05 -0500] "GET /sipse/faces/javax.faces.resource/images/ui-bg_flat_0_2d5972_40x100.png?ln=primefaces-aristo HTTP/1.1" 304 -
186.80.108.8 - - [14/Dec/2023:07:38:05 -0500] "POST /sipse/faces/bienvenido.xhtml HTTP/1.1" 200 3246
186.80.108.8 - - [14/Dec/2023:07:38:06 -0500] "POST /sipse/faces/bienvenido.xhtml HTTP/1.1" 200 63515
186.80.108.8 - - [14/Dec/2023:07:38:09 -0500] "GET /sipse/faces/javax.faces.resource/theme.css?ln=primefaces-sipse HTTP/1.1" 304 -
186.80.108.8 - - [14/Dec/2023:07:38:09 -0500] "GET /sipse/faces/javax.faces.resource/primefaces.css?ln=primefaces&v=4.0 HTTP/1.1" 304 -
186.80.108.8 - - [14/Dec/2023:07:38:09 -0500] "GET /sipse/faces/javax.faces.resource/layout/layout.css?ln=primefaces&v=4.0 HTTP/1.1" 304 -
186.80.108.8 - - [14/Dec/2023:07:38:09 -0500] "GET /sipse/faces/javax.faces.resource/jquery/jquery.js?ln=primefaces&v=4.0 HTTP/1.1" 304 -
186.80.108.8 - - [14/Dec/2023:07:38:09 -0500] "GET /sipse/faces/javax.faces.resource/jquery/jquery-plugins.js?ln=primefaces&v=4.0 HTTP/1.1" 304 -
186.80.108.8 - - [14/Dec/2023:07:38:09 -0500] "GET /sipse/faces/javax.faces.resource/primefaces.js?ln=primefaces&v=4.0 HTTP/1.1" 304 -
186.80.108.8 - - [14/Dec/2023:07:38:09 -0500] "GET /sipse/faces/javax.faces.resource/layout/layout.js?ln=primefaces&v=4.0 HTTP/1.1" 304 -
186.80.108.8 - - [14/Dec/2023:07:38:10 -0500] "POST /sipse/faces/presentacion/financiero/solicitudProceso/listarSolicitudProceso.xhtml HTTP/1.1" 200 1556
201.245.192.253 - - [14/Dec/2023:07:38:12 -0500] "GET /appsia/controlador HTTP/1.1" 200 4799
201.245.192.253 - - [14/Dec/2023:07:38:12 -0500] "GET /appsia/css/estilos.css HTTP/1.1" 200 4804
201.245.192.253 - - [14/Dec/2023:07:38:12 -0500] "GET /appsia/scripts/validarIngreso.js HTTP/1.1" 200 851
201.245.192.253 - - [14/Dec/2023:07:38:12 -0500] "GET /appsia/images/logo_bogota_p.png HTTP/1.1" 200 14951
201.245.192.253 - - [14/Dec/2023:07:38:12 -0500] "GET /appsia/images/cabezoteHojaVida.png HTTP/1.1" 200 32493
201.245.192.253 - - [14/Dec/2023:07:38:12 -0500] "GET /favicon.ico HTTP/1.1" 200 7782
201.245.192.253 - - [14/Dec/2023:07:38:15 -0500] "POST /appsia/controlador HTTP/1.1" 200 5437
201.245.192.253 - - [14/Dec/2023:07:38:17 -0500] "POST /appsia/controlador HTTP/1.1" 200 7781
172.22.2.4 - - [14/Dec/2023:07:36:37 -0500] "GET /BLA/boletinlegal/ HTTP/1.1" 200 58644
201.245.192.253 - - [14/Dec/2023:07:38:19 -0500] "POST /appsia/controlador HTTP/1.1" 200 5240
186.80.108.8 - - [14/Dec/2023:07:38:20 -0500] "POST /sipse/faces/presentacion/financiero/solicitudProceso/listarSolicitudProceso.xhtml HTTP/1.1" 200 5836
216.244.66.195 - - [14/Dec/2023:07:38:21 -0500] "GET /BLA/resoluciones/AUTOS%202007/0964.pdf HTTP/1.1" 200 289245
173.252.127.16 - - [14/Dec/2023:07:38:31 -0500] "GET /representantes-de-colombia-y-europa-se-reunieron-para-desarrollar-estrategias-innovadoras-en-la-gestion-del-plastico.html HTTP/1.1" 200 851
186.102.46.143 - - [14/Dec/2023:07:38:37 -0500] "GET /kwssiamovil/sm/ldap/au?x=U2FsdGVkX199ZsueFM/y3pUdFsJfpPr5JMyj683Jdtqg3ypbbVy5inRd1qWpFiGeeov4F6hwlFOCUMJ1lK7Slw==&y=U2FsdGVkX1+KBC0zOrIlb2Nicph4KKxaIMXYSypiW8k3mJZwxg+h3jCtjSqOMn9P HTTP/1.1" 200 30
186.102.46.143 - - [14/Dec/2023:07:38:37 -0500] "GET /kwssiamovil/sm/acme/s?s=U2FsdGVkX19NPm9wQhH1NAS8qtpQpn043b1a5PRhZ4PbQzXnL/s1RZSXfsY5iIYbjM7qTHT6/0wLW3vgwyo+G5sz8taarhhJc/IcaBbN0fQ=&u=U2FsdGVkX1/GWKlfp6aH6TGDKmlyB/tiMfS7gRf++pleYgkZzawzSzZOUd+jYZu2&y=U2FsdGVkX1+KBC0zOrIlb2Nicph4KKxaIMXYSypiW8k3mJZwxg+h3jCtjSqOMn9P HTTP/1.1" 200 97
186.102.46.143 - - [14/Dec/2023:07:38:38 -0500] "GET /kwssiamovil/sm/acme/s?s=U2FsdGVkX189TAT80Z3ww4Qb3sWT992RC3qO79RdeYYBSL4RhrS0057gw3w3HQxZf2xPvAPi7wVXSseNaTPBfESbpFwV8UZi4rENBgw4hwxlHFHoONfvVCchn7j6m4XQb2yj0/pdstDBc+uSkIQ+jY/N+VYh2MacXskFR1D/z/nA7je0IPYY7TFiS0aZuNFEMzKoyIe9FXoYMzTLuOyBvpIiTC+D1Qwbly48Yk6kMyUXEAmIWHUkmaH0evW+W3b+TSxVlAS5I8UdkDLET+/Ws5hV1T+58IdAwmLnG4XnRO06fvYcSNl0HG2vjBpOa6iATU1CMleVEn0vu4XOMGTDnozMmEqOUdwqQfSJH+dFk7tqMule5OZzd9UEGC7gZ76606Y2vaaVyNbP/Sq6M0kGYGxR4qTepUC9BzVA4Af/W1nMEP6vV2YYkFDW/acdFmwzoaI3VS6BptnBwrxw2fUnUslh7lP20sTbJoB6ZXmgcGGSXZq4zVipMXvzPDgXsY9W4CBjpJCxM+XSNH4C1+q4+7iBwz4Gtlnf/Lpo2PoPpLoDmIxT7d/VxyL3oSVhDk/v+PxgyuAIePq6zHac3+v3NW9vStDjZ2OZp+LAwshJPXyqE53KG+DqRdKDQaUGv1duLYdw8Quw5n7euG1+UE3btWtM9+1UvnvChB6YQsRFakt3lDkqTHQFUASchB+QEOnLWq5plU4b0AvSCX49NxQiKuKYIxBxfun2esBORU93thrTM/8R3pv2K1RM7cDg08feLMV1/h+HeDYedrCjntUfFPhu033dBVGMq7XSvo+xYNkAa0m1eR9n6abh1VKyklH9lkHbLu/HuyyYQcambtop8GtKoUq4cZcay82gjtqtX1P8XKXx8tGL7HXJC0kXRQzT9sE2ocu1ZApbM2fd8MsjGZPg2vLbdNcsogYhu4SDFjyU3SVYcpVq9L+ZNh/IR+qViO8s7Pge8Fef81jORKQ1xRKDxWL3PCDeq0f1HAUpPSHGD2F+ZXZob0vl+Zxj4qLyFVpDh37l3q5xI0+Urs42IzTpCEPhovfxLzz2fqiKWYZHXPrqGKdgcGJbgZwqY6HrrRmHHoiiSctNG3gGIQzy9Srb+IuLK6VTj0Uvpm0JmQYTr4qGkIVuFwTmvl0FReUXZ4f0/r0BJrL5k9LYpztTEG1QvnTFUGVWJCVl+o107lyl+bmEzpzEq8NtBCt3kOcLAxOVmanniAfdC4NpIN9BRKN77LMicrjSS7DkeiLYdVM+g1jM1ejZardtDvy6GovIxTMOq3RKlFv1dEcmSr65CN2jaNqa6acSqHiPG86lC2AkBRhKcoDwXxFxyS0eJrYDzNVaVydGNt5MZzrU9sNejL5z8zt5liivtg9FedV7+8eLgiBbRzyE62aR7ogONTy00wSZMhnBJuNf+F2ftu454o3fZzr8fW5y9SqQj6NaRHfZF1NaawymGak2atvsbJKdMvNdsubiUSbesBcJfsrEHQ6U12ETcpnkrOFg8x+JpgfbhekViFcxUfsFoRs8yiS1n4A86GEPORjXp4NH6KItgPTthrJDZxks8V8/Jile3ABihO0UgBpbRtjh0IOWsdH1sklqbSGAtKjhMhE/sCfoedbGXe60oSMqwY/rbNT8MuxPV6XMvkcf+ohu65Yqnq8gwN1PbY+cXG70j/7A0yM05JgEv9f3PUDH/eeovNd0+jMEf38XgO8di5uEqh3tVt9sTaV+fOXAbZXJpjWGcsfmf5db8IueKJC/l8JiDFvvkHY8CB9sg6yNpSydiwJZGDiM&u=U2FsdGVkX1/GWKlfp6aH6TGDKmlyB/tiMfS7gRf++pleYgkZzawzSzZOUd+jYZu2&y=U2FsdGVkX1+KBC0zOrIlb2Nicph4KKxaIMXYSypiW8k3mJZwxg+h3jCtjSqOMn9P HTTP/1.1" 200 1001
186.102.46.143 - - [14/Dec/2023:07:38:38 -0500] "GET /kwssiamovil/sm/acme/s?s=U2FsdGVkX18OsnrzJ3uJhkovj5tQvZAf+g92BZK0tAQzrEPlqyr1cYBVpR/kNVKNWtjDce23oCZ7FAP+cniR/jmtxW8mIKUOjZrHZc6HAy0mrDgh78gupAwGdQOGtJYQLnkTdG/ZDg9NQgK/ISpEOZhlSoGmydxvTdzfPza8+wo0td00WRUXOoKvOD4+9TJW6XbjagQD12heSGnl77mBW2BnsBV7zn8U2G3Yu8gtaGycqOSuNUUIu0MkE1L2i2qr0US9qwJHFyJrb1SEPG6JGyh3UzFvoWoZt4CF00bVNcbbC91sOLGP7MhhtO1FcTIFU0h1jQNeGkPytvIEgclI51E8V7fGS4US8s5lStF8O1GsbEebrhf4k2FVp77mvmoZ8LuDxwyPKmHL5wBNnpshzjap/imnjd1hXOwCOoSKD7SMyQN11vzoPLvPZi0IODHOJeNBjmg/Jx1yVRg6NVb0AlhdXcUX6ulpBUMcSnaSkgPD0EjOCptoUrTKyyJNCFa2ra8qeKlNnMBJKzm2Xwm7jtNPYMHY4SQTn00wScX90L06/zyAAcIcEFgkPiJ2sf8Spy7xkZoTPJcLnMjhxv9e0XFyw9WZatbCkFiFlqUwIVE7+nM8uXu6aC13sq/muRToXw6AxIlQ0FqF99PMcE4uoVAmYzrOAAIwT+qdVhYxifWX9jrpO9QO1SzX+HWl1z2gqBubZXlYqhqpGymrtXGCko+v9vwh/EVZKSdDEFNFBW1PqniCfq3MTEJJFlvkUn5CVJoW/DCE6tgMAtdpeAngHQ==&u=U2FsdGVkX1/GWKlfp6aH6TGDKmlyB/tiMfS7gRf++pleYgkZzawzSzZOUd+jYZu2&y=U2FsdGVkX1+KBC0zOrIlb2Nicph4KKxaIMXYSypiW8k3mJZwxg+h3jCtjSqOMn9P HTTP/1.1" 200 352
186.102.46.143 - - [14/Dec/2023:07:38:38 -0500] "GET /kwssiamovil/sm/cjson/pre?f=9&x=U2FsdGVkX199ZsueFM/y3pUdFsJfpPr5JMyj683Jdtqg3ypbbVy5inRd1qWpFiGeeov4F6hwlFOCUMJ1lK7Slw== HTTP/1.1" 200 25142
186.102.46.143 - - [14/Dec/2023:07:38:38 -0500] "GET /kwssiamovil/sm/cjson/pre?f=18&x=U2FsdGVkX199ZsueFM/y3pUdFsJfpPr5JMyj683Jdtqg3ypbbVy5inRd1qWpFiGeeov4F6hwlFOCUMJ1lK7Slw== HTTP/1.1" 200 32849
216.244.66.195 - - [14/Dec/2023:07:38:45 -0500] "GET /BLA/resoluciones/AUTOS%202007/1024.pdf HTTP/1.1" 200 256826
186.80.108.8 - - [14/Dec/2023:07:39:08 -0500] "POST /sipse/faces/presentacion/financiero/solicitudProceso/listarSolicitudProceso.xhtml HTTP/1.1" 200 32989
216.244.66.195 - - [14/Dec/2023:07:39:09 -0500] "GET /BLA/resoluciones/AUTOS%202007/1237.pdf HTTP/1.1" 200 547304
186.102.46.143 - - [14/Dec/2023:07:39:10 -0500] "GET /kwssiamovil/sm/acme/u?s=U2FsdGVkX19jt9AkJmXhJl4Q7zblpfPr6D59ZFLk7S7SzBdzDxWw3m7kh29Cc2k9ONk4KU0Dgj6vjj93ieWVm4IYhV6Bg5TJTbBRzULZHE3xdq9ppYtVAH9f/ohWWOpE5WEM61iEZtjRznxd0ecvmJTlhKDxtR14iXqjBQW/9G0=&u=U2FsdGVkX1/GWKlfp6aH6TGDKmlyB/tiMfS7gRf++pleYgkZzawzSzZOUd+jYZu2&y=U2FsdGVkX1+KBC0zOrIlb2Nicph4KKxaIMXYSypiW8k3mJZwxg+h3jCtjSqOMn9P HTTP/1.1" 200 60
201.245.192.253 - - [14/Dec/2023:07:39:18 -0500] "POST /forms/lservlet;jsessionid=ac16012b30d68f87e6b31bdd4159a82faa45787d3329.e3iSbxaKaheRe34Qc38TbN0Nb41ynknvrkLOlQzNp65In0 HTTP/1.1" 200 2
216.244.66.195 - - [14/Dec/2023:07:39:31 -0500] "GET /BLA/resoluciones/AUTOS%202007/1253.pdf HTTP/1.1" 200 63685
216.244.66.195 - - [14/Dec/2023:07:39:54 -0500] "GET /BLA/resoluciones/AUTOS%202007/1649.pdf HTTP/1.1" 200 308411
201.245.192.253 - - [14/Dec/2023:07:39:54 -0500] "POST /kwsrmcab/Wsrmcab HTTP/1.1" 200 37913
201.245.192.253 - - [14/Dec/2023:07:39:58 -0500] "POST /kwsrmcab/Wsrmcab HTTP/1.1" 200 38547
201.245.192.253 - - [14/Dec/2023:07:40:00 -0500] "POST /forms/lservlet;jsessionid=ac16012b30d665b9d6b5cea24731bd918aefbc6c9e46.e3iSbxaKaheRe34Qc38TbN0Nb41ynknvrkLOlQzNp65In0 HTTP/1.1" 200 2
216.244.66.195 - - [14/Dec/2023:07:40:14 -0500] "GET /BLA/resoluciones/AUTOS%202007/1744.pdf HTTP/1.1" 200 35488
190.27.57.161 - - [14/Dec/2023:07:40:23 -0500] "POST /sipse/faces/presentacion/financiero/solicitudProceso/consultarSolicitudProceso.xhtml HTTP/1.1" 200 34554
190.27.57.161 - - [14/Dec/2023:07:40:23 -0500] "GET /sipse/faces/javax.faces.resource/theme.css?ln=primefaces-sipse HTTP/1.1" 304 -
190.27.57.161 - - [14/Dec/2023:07:40:23 -0500] "GET /sipse/faces/javax.faces.resource/layout/layout.css?ln=primefaces&v=4.0 HTTP/1.1" 304 -
190.27.57.161 - - [14/Dec/2023:07:40:23 -0500] "GET /sipse/faces/javax.faces.resource/primefaces.css?ln=primefaces&v=4.0 HTTP/1.1" 304 -
190.27.57.161 - - [14/Dec/2023:07:40:23 -0500] "GET /sipse/faces/javax.faces.resource/jquery/jquery.js?ln=primefaces&v=4.0 HTTP/1.1" 304 -
190.27.57.161 - - [14/Dec/2023:07:40:23 -0500] "GET /sipse/faces/javax.faces.resource/jquery/jquery-plugins.js?ln=primefaces&v=4.0 HTTP/1.1" 304 -
190.27.57.161 - - [14/Dec/2023:07:40:23 -0500] "GET /sipse/faces/javax.faces.resource/primefaces.js?ln=primefaces&v=4.0 HTTP/1.1" 304 -
190.27.57.161 - - [14/Dec/2023:07:40:23 -0500] "GET /sipse/faces/javax.faces.resource/layout/layout.js?ln=primefaces&v=4.0 HTTP/1.1" 304 -
190.27.57.161 - - [14/Dec/2023:07:40:23 -0500] "GET /sipse/css/imagen/contrasena.png HTTP/1.1" 404 383
190.27.57.161 - - [14/Dec/2023:07:40:23 -0500] "POST /sipse/faces/presentacion/financiero/solicitudProceso/listarSolicitudProceso.xhtml HTTP/1.1" 200 27825
190.27.57.161 - - [14/Dec/2023:07:40:23 -0500] "POST /sipse/faces/presentacion/financiero/solicitudProceso/listarSolicitudProceso.xhtml HTTP/1.1" 200 27825
190.27.57.161 - - [14/Dec/2023:07:40:24 -0500] "POST /sipse/faces/presentacion/financiero/solicitudProceso/listarSolicitudProceso.xhtml HTTP/1.1" 200 27825
190.27.57.161 - - [14/Dec/2023:07:40:24 -0500] "POST /sipse/faces/presentacion/financiero/solicitudProceso/listarSolicitudProceso.xhtml HTTP/1.1" 200 27825
190.27.57.161 - - [14/Dec/2023:07:40:24 -0500] "POST /sipse/faces/presentacion/financiero/solicitudProceso/listarSolicitudProceso.xhtml HTTP/1.1" 200 1396
190.27.57.161 - - [14/Dec/2023:07:40:24 -0500] "POST /sipse/faces/presentacion/financiero/solicitudProceso/listarSolicitudProceso.xhtml HTTP/1.1" 200 1392
190.27.57.161 - - [14/Dec/2023:07:40:24 -0500] "POST /sipse/faces/presentacion/financiero/solicitudProceso/listarSolicitudProceso.xhtml HTTP/1.1" 200 1400
190.27.57.161 - - [14/Dec/2023:07:40:24 -0500] "POST /sipse/faces/presentacion/financiero/solicitudProceso/listarSolicitudProceso.xhtml HTTP/1.1" 200 1392
190.27.57.161 - - [14/Dec/2023:07:40:25 -0500] "POST /sipse/faces/presentacion/financiero/solicitudProceso/listarSolicitudProceso.xhtml HTTP/1.1" 200 1400
190.27.57.161 - - [14/Dec/2023:07:40:26 -0500] "POST /sipse/faces/presentacion/financiero/solicitudProceso/listarSolicitudProceso.xhtml HTTP/1.1" 200 4981
190.27.57.161 - - [14/Dec/2023:07:40:28 -0500] "POST /sipse/faces/presentacion/financiero/solicitudProceso/listarSolicitudProceso.xhtml HTTP/1.1" 200 139568
190.27.57.161 - - [14/Dec/2023:07:40:29 -0500] "GET /sipse/faces/javax.faces.resource/theme.css?ln=primefaces-sipse HTTP/1.1" 304 -
190.27.57.161 - - [14/Dec/2023:07:40:29 -0500] "GET /sipse/faces/javax.faces.resource/layout/layout.css?ln=primefaces&v=4.0 HTTP/1.1" 304 -
190.27.57.161 - - [14/Dec/2023:07:40:29 -0500] "GET /sipse/faces/javax.faces.resource/jquery/jquery.js?ln=primefaces&v=4.0 HTTP/1.1" 304 -
190.27.57.161 - - [14/Dec/2023:07:40:29 -0500] "GET /sipse/faces/javax.faces.resource/jquery/jquery-plugins.js?ln=primefaces&v=4.0 HTTP/1.1" 304 -
190.27.57.161 - - [14/Dec/2023:07:40:29 -0500] "GET /sipse/faces/javax.faces.resource/primefaces.js?ln=primefaces&v=4.0 HTTP/1.1" 304 -
190.27.57.161 - - [14/Dec/2023:07:40:29 -0500] "GET /sipse/faces/javax.faces.resource/layout/layout.js?ln=primefaces&v=4.0 HTTP/1.1" 304 -
190.27.57.161 - - [14/Dec/2023:07:40:30 -0500] "GET /sipse/faces/javax.faces.resource/primefaces.css?ln=primefaces&v=4.0 HTTP/1.1" 304 -
190.27.57.161 - - [14/Dec/2023:07:40:30 -0500] "GET /sipse/css/imagen/contrasena.png HTTP/1.1" 404 383
216.244.66.195 - - [14/Dec/2023:07:40:33 -0500] "GET /BLA/resoluciones/AUTOS%202007/1806.pdf HTTP/1.1" 200 32863
190.27.57.161 - - [14/Dec/2023:07:40:39 -0500] "POST /sipse/faces/presentacion/financiero/solicitudProceso/consultarSolicitudProceso.xhtml HTTP/1.1" 200 118152
216.244.66.195 - - [14/Dec/2023:07:40:51 -0500] "GET /BLA/resoluciones/AUTOS%202009/0830.pdf HTTP/1.1" 200 82815
216.244.66.195 - - [14/Dec/2023:07:41:08 -0500] "GET /BLA/resoluciones/AUTOS%202009/0888.pdf HTTP/1.1" 200 120993
201.245.192.253 - - [14/Dec/2023:07:41:06 -0500] "POST /kwsrmcab/Wsrmcab  HTTP/1.1" 200 37894
190.27.57.161 - - [14/Dec/2023:07:41:09 -0500] "POST /sipse/faces/presentacion/financiero/solicitudProceso/consultarSolicitudProceso.xhtml HTTP/1.1" 200 5562
201.245.192.253 - - [14/Dec/2023:07:41:18 -0500] "POST /forms/lservlet;jsessionid=ac16012b30d68f87e6b31bdd4159a82faa45787d3329.e3iSbxaKaheRe34Qc38TbN0Nb41ynknvrkLOlQzNp65In0 HTTP/1.1" 200 2
216.244.66.195 - - [14/Dec/2023:07:41:25 -0500] "GET /BLA/resoluciones/AUTOS%202009/1203.pdf HTTP/1.1" 200 128608
216.244.66.195 - - [14/Dec/2023:07:41:40 -0500] "GET /BLA/resoluciones/AUTOS%202009/1248.pdf HTTP/1.1" 200 425278
201.245.192.253 - - [14/Dec/2023:07:41:44 -0500] "GET /sipse/faces/javax.faces.resource/images/ui-bg_flat_0_2d5972_40x100.png?ln=primefaces-aristo HTTP/1.1" 304 -
201.245.192.253 - - [14/Dec/2023:07:41:44 -0500] "POST /sipse/faces/presentacion/financiero/solicitudProceso/consultarSolicitudProceso.xhtml HTTP/1.1" 200 41492
201.245.192.253 - - [14/Dec/2023:07:41:44 -0500] "GET /sipse/faces/javax.faces.resource/primefaces.css?ln=primefaces&v=4.0 HTTP/1.1" 304 -
201.245.192.253 - - [14/Dec/2023:07:41:44 -0500] "GET /sipse/faces/javax.faces.resource/theme.css?ln=primefaces-sipse HTTP/1.1" 304 -
201.245.192.253 - - [14/Dec/2023:07:41:44 -0500] "GET /sipse/faces/javax.faces.resource/layout/layout.css?ln=primefaces&v=4.0 HTTP/1.1" 304 -
201.245.192.253 - - [14/Dec/2023:07:41:44 -0500] "GET /sipse/faces/javax.faces.resource/jquery/jquery.js?ln=primefaces&v=4.0 HTTP/1.1" 304 -
201.245.192.253 - - [14/Dec/2023:07:41:44 -0500] "GET /sipse/faces/javax.faces.resource/jquery/jquery-plugins.js?ln=primefaces&v=4.0 HTTP/1.1" 304 -
201.245.192.253 - - [14/Dec/2023:07:41:44 -0500] "GET /sipse/faces/javax.faces.resource/primefaces.js?ln=primefaces&v=4.0 HTTP/1.1" 304 -
201.245.192.253 - - [14/Dec/2023:07:41:44 -0500] "GET /sipse/faces/javax.faces.resource/layout/layout.js?ln=primefaces&v=4.0 HTTP/1.1" 304 -
201.245.192.253 - - [14/Dec/2023:07:41:44 -0500] "GET /sipse/css/imagen/contrasena.png HTTP/1.1" 404 383
201.245.192.253 - - [14/Dec/2023:07:41:44 -0500] "POST /sipse/faces/presentacion/financiero/solicitudProceso/consultar.xhtml HTTP/1.1" 200 34791
201.245.192.253 - - [14/Dec/2023:07:41:44 -0500] "POST /sipse/faces/presentacion/financiero/solicitudProceso/consultar.xhtml HTTP/1.1" 200 34791
201.245.192.253 - - [14/Dec/2023:07:41:44 -0500] "POST /sipse/faces/presentacion/financiero/solicitudProceso/consultar.xhtml HTTP/1.1" 200 34791
201.245.192.253 - - [14/Dec/2023:07:41:47 -0500] "POST /sipse/faces/presentacion/financiero/solicitudProceso/consultar.xhtml HTTP/1.1" 200 12776
201.245.192.253 - - [14/Dec/2023:07:41:48 -0500] "POST /sipse/faces/presentacion/financiero/solicitudProceso/consultar.xhtml HTTP/1.1" 200 114419
201.245.192.253 - - [14/Dec/2023:07:41:49 -0500] "GET /sipse/faces/javax.faces.resource/theme.css?ln=primefaces-sipse HTTP/1.1" 304 -
201.245.192.253 - - [14/Dec/2023:07:41:49 -0500] "GET /sipse/faces/javax.faces.resource/layout/layout.css?ln=primefaces&v=4.0 HTTP/1.1" 304 -
201.245.192.253 - - [14/Dec/2023:07:41:49 -0500] "GET /sipse/faces/javax.faces.resource/primefaces.css?ln=primefaces&v=4.0 HTTP/1.1" 304 -
201.245.192.253 - - [14/Dec/2023:07:41:49 -0500] "GET /sipse/faces/javax.faces.resource/jquery/jquery.js?ln=primefaces&v=4.0 HTTP/1.1" 304 -
201.245.192.253 - - [14/Dec/2023:07:41:49 -0500] "GET /sipse/faces/javax.faces.resource/jquery/jquery-plugins.js?ln=primefaces&v=4.0 HTTP/1.1" 304 -
201.245.192.253 - - [14/Dec/2023:07:41:49 -0500] "GET /sipse/faces/javax.faces.resource/primefaces.js?ln=primefaces&v=4.0 HTTP/1.1" 304 -
201.245.192.253 - - [14/Dec/2023:07:41:49 -0500] "GET /sipse/faces/javax.faces.resource/layout/layout.js?ln=primefaces&v=4.0 HTTP/1.1" 304 -
201.245.192.253 - - [14/Dec/2023:07:41:49 -0500] "GET /sipse/css/imagen/contrasena.png HTTP/1.1" 404 383
216.244.66.195 - - [14/Dec/2023:07:41:54 -0500] "GET /BLA/resoluciones/AUTOS%202009/1253.pdf HTTP/1.1" 200 171446
201.245.192.253 - - [14/Dec/2023:07:41:54 -0500] "POST /sipse/faces/presentacion/financiero/solicitudProceso/consultarSolicitudProceso.xhtml HTTP/1.1" 200 2224620
201.245.192.253 - - [14/Dec/2023:07:42:00 -0500] "POST /forms/lservlet;jsessionid=ac16012b30d665b9d6b5cea24731bd918aefbc6c9e46.e3iSbxaKaheRe34Qc38TbN0Nb41ynknvrkLOlQzNp65In0 HTTP/1.1" 200 2
186.80.108.8 - - [14/Dec/2023:07:41:59 -0500] "POST /sipse/faces/presentacion/financiero/solicitudProceso/listarSolicitudProceso.xhtml HTTP/1.1" 200 120948
186.80.108.8 - - [14/Dec/2023:07:42:01 -0500] "GET /sipse/faces/javax.faces.resource/theme.css?ln=primefaces-sipse HTTP/1.1" 304 -
186.80.108.8 - - [14/Dec/2023:07:42:01 -0500] "GET /sipse/faces/javax.faces.resource/primefaces.css?ln=primefaces&v=4.0 HTTP/1.1" 304 -
186.80.108.8 - - [14/Dec/2023:07:42:01 -0500] "GET /sipse/faces/javax.faces.resource/layout/layout.css?ln=primefaces&v=4.0 HTTP/1.1" 304 -
186.80.108.8 - - [14/Dec/2023:07:42:01 -0500] "GET /sipse/faces/javax.faces.resource/jquery/jquery.js?ln=primefaces&v=4.0 HTTP/1.1" 304 -
186.80.108.8 - - [14/Dec/2023:07:42:01 -0500] "GET /sipse/faces/javax.faces.resource/jquery/jquery-plugins.js?ln=primefaces&v=4.0 HTTP/1.1" 304 -
186.80.108.8 - - [14/Dec/2023:07:42:01 -0500] "GET /sipse/faces/javax.faces.resource/primefaces.js?ln=primefaces&v=4.0 HTTP/1.1" 304 -
186.80.108.8 - - [14/Dec/2023:07:42:01 -0500] "GET /sipse/faces/javax.faces.resource/layout/layout.js?ln=primefaces&v=4.0 HTTP/1.1" 304 -
216.244.66.195 - - [14/Dec/2023:07:42:07 -0500] "GET /BLA/resoluciones/AUTOS%202009/1415.pdf HTTP/1.1" 200 190065
216.244.66.195 - - [14/Dec/2023:07:42:20 -0500] "GET /BLA/resoluciones/AUTOS%202009/1572.pdf HTTP/1.1" 200 123871
186.80.108.8 - - [14/Dec/2023:07:42:19 -0500] "POST /sipse/faces/presentacion/financiero/solicitudProceso/consultarSolicitudProceso.xhtml HTTP/1.1" 200 36833
186.80.108.8 - - [14/Dec/2023:07:42:20 -0500] "GET /sipse/faces/javax.faces.resource/theme.css?ln=primefaces-sipse HTTP/1.1" 304 -
186.80.108.8 - - [14/Dec/2023:07:42:20 -0500] "GET /sipse/faces/javax.faces.resource/primefaces.css?ln=primefaces&v=4.0 HTTP/1.1" 304 -
186.80.108.8 - - [14/Dec/2023:07:42:20 -0500] "GET /sipse/faces/javax.faces.resource/layout/layout.css?ln=primefaces&v=4.0 HTTP/1.1" 304 -
186.80.108.8 - - [14/Dec/2023:07:42:20 -0500] "GET /sipse/faces/javax.faces.resource/jquery/jquery.js?ln=primefaces&v=4.0 HTTP/1.1" 304 -
186.80.108.8 - - [14/Dec/2023:07:42:20 -0500] "GET /sipse/faces/javax.faces.resource/jquery/jquery-plugins.js?ln=primefaces&v=4.0 HTTP/1.1" 304 -
186.80.108.8 - - [14/Dec/2023:07:42:20 -0500] "GET /sipse/faces/javax.faces.resource/primefaces.js?ln=primefaces&v=4.0 HTTP/1.1" 304 -
186.80.108.8 - - [14/Dec/2023:07:42:20 -0500] "GET /sipse/faces/javax.faces.resource/layout/layout.js?ln=primefaces&v=4.0 HTTP/1.1" 304 -
186.80.108.8 - - [14/Dec/2023:07:42:28 -0500] "POST /sipse/faces/presentacion/contratacion/contrato/registroPresupuestal/expedirRP.xhtml HTTP/1.1" 200 2244
216.244.66.195 - - [14/Dec/2023:07:42:31 -0500] "GET /BLA/resoluciones/AUTOS%202009/1645.pdf HTTP/1.1" 200 98701
186.80.108.8 - - [14/Dec/2023:07:42:33 -0500] "POST /sipse/faces/presentacion/contratacion/contrato/registroPresupuestal/expedirRP.xhtml HTTP/1.1" 200 20540
186.80.108.8 - - [14/Dec/2023:07:42:34 -0500] "GET /sipse/faces/javax.faces.resource/primefaces.css?ln=primefaces&v=4.0 HTTP/1.1" 304 -
186.80.108.8 - - [14/Dec/2023:07:42:34 -0500] "GET /sipse/faces/javax.faces.resource/theme.css?ln=primefaces-sipse HTTP/1.1" 304 -
186.80.108.8 - - [14/Dec/2023:07:42:34 -0500] "GET /sipse/faces/javax.faces.resource/layout/layout.css?ln=primefaces&v=4.0 HTTP/1.1" 304 -
186.80.108.8 - - [14/Dec/2023:07:42:34 -0500] "GET /sipse/faces/javax.faces.resource/jquery/jquery.js?ln=primefaces&v=4.0 HTTP/1.1" 304 -
186.80.108.8 - - [14/Dec/2023:07:42:34 -0500] "GET /sipse/faces/javax.faces.resource/primefaces.js?ln=primefaces&v=4.0 HTTP/1.1" 304 -
186.80.108.8 - - [14/Dec/2023:07:42:34 -0500] "GET /sipse/faces/javax.faces.resource/jquery/jquery-plugins.js?ln=primefaces&v=4.0 HTTP/1.1" 304 -
186.80.108.8 - - [14/Dec/2023:07:42:34 -0500] "GET /sipse/faces/javax.faces.resource/layout/layout.js?ln=primefaces&v=4.0 HTTP/1.1" 304 -
186.80.108.8 - - [14/Dec/2023:07:42:36 -0500] "GET /sipse/faces/javax.faces.resource/images/ui-icons_898989_256x240.png?ln=primefaces-aristo HTTP/1.1" 304 -
186.80.108.8 - - [14/Dec/2023:07:42:37 -0500] "GET /sipse/faces/javax.faces.resource/theme.css?ln=primefaces-sipse HTTP/1.1" 304 -
186.80.108.8 - - [14/Dec/2023:07:42:37 -0500] "GET /sipse/faces/javax.faces.resource/primefaces.css?ln=primefaces&v=4.0 HTTP/1.1" 304 -
186.80.108.8 - - [14/Dec/2023:07:42:37 -0500] "GET /sipse/faces/javax.faces.resource/jquery/jquery-plugins.js?ln=primefaces&v=4.0 HTTP/1.1" 304 -
186.80.108.8 - - [14/Dec/2023:07:42:37 -0500] "GET /sipse/faces/javax.faces.resource/layout/layout.css?ln=primefaces&v=4.0 HTTP/1.1" 304 -
186.80.108.8 - - [14/Dec/2023:07:42:37 -0500] "GET /sipse/faces/javax.faces.resource/jquery/jquery.js?ln=primefaces&v=4.0 HTTP/1.1" 304 -
186.80.108.8 - - [14/Dec/2023:07:42:37 -0500] "POST /sipse/faces/presentacion/contratacion/contrato/registroPresupuestal/consultarActividadesRP.xhtml HTTP/1.1" 200 22825
186.80.108.8 - - [14/Dec/2023:07:42:37 -0500] "GET /sipse/faces/javax.faces.resource/primefaces.js?ln=primefaces&v=4.0 HTTP/1.1" 304 -
186.80.108.8 - - [14/Dec/2023:07:42:37 -0500] "GET /sipse/faces/javax.faces.resource/layout/layout.js?ln=primefaces&v=4.0 HTTP/1.1" 304 -
216.244.66.195 - - [14/Dec/2023:07:42:41 -0500] "GET /BLA/resoluciones/AUTOS%202009/1927.pdf HTTP/1.1" 200 122956
186.80.108.8 - - [14/Dec/2023:07:42:46 -0500] "POST /sipse/faces/presentacion/contratacion/contrato/registroPresupuestal/asociarPresupuestoActividadesRP.xhtml HTTP/1.1" 200 36910
186.80.108.8 - - [14/Dec/2023:07:42:47 -0500] "GET /sipse/faces/javax.faces.resource/theme.css?ln=primefaces-sipse HTTP/1.1" 304 -
186.80.108.8 - - [14/Dec/2023:07:42:47 -0500] "GET /sipse/faces/javax.faces.resource/layout/layout.css?ln=primefaces&v=4.0 HTTP/1.1" 304 -
186.80.108.8 - - [14/Dec/2023:07:42:47 -0500] "GET /sipse/faces/javax.faces.resource/primefaces.css?ln=primefaces&v=4.0 HTTP/1.1" 304 -
186.80.108.8 - - [14/Dec/2023:07:42:47 -0500] "GET /sipse/faces/javax.faces.resource/jquery/jquery.js?ln=primefaces&v=4.0 HTTP/1.1" 304 -
186.80.108.8 - - [14/Dec/2023:07:42:47 -0500] "GET /sipse/faces/javax.faces.resource/jquery/jquery-plugins.js?ln=primefaces&v=4.0 HTTP/1.1" 304 -
186.80.108.8 - - [14/Dec/2023:07:42:47 -0500] "GET /sipse/faces/javax.faces.resource/primefaces.js?ln=primefaces&v=4.0 HTTP/1.1" 304 -
186.80.108.8 - - [14/Dec/2023:07:42:47 -0500] "GET /sipse/faces/javax.faces.resource/layout/layout.js?ln=primefaces&v=4.0 HTTP/1.1" 304 -
216.244.66.195 - - [14/Dec/2023:07:42:50 -0500] "GET /BLA/resoluciones/AUTOS%202009/2021.pdf HTTP/1.1" 200 99507
186.80.108.8 - - [14/Dec/2023:07:42:50 -0500] "POST /sipse/faces/presentacion/contratacion/contrato/registroPresupuestal/expedirRP.xhtml HTTP/1.1" 200 122674
186.80.108.8 - - [14/Dec/2023:07:42:52 -0500] "GET /sipse/faces/javax.faces.resource/theme.css?ln=primefaces-sipse HTTP/1.1" 304 -
186.80.108.8 - - [14/Dec/2023:07:42:52 -0500] "GET /sipse/faces/javax.faces.resource/primefaces.css?ln=primefaces&v=4.0 HTTP/1.1" 304 -
186.80.108.8 - - [14/Dec/2023:07:42:52 -0500] "GET /sipse/faces/javax.faces.resource/layout/layout.css?ln=primefaces&v=4.0 HTTP/1.1" 304 -
186.80.108.8 - - [14/Dec/2023:07:42:52 -0500] "GET /sipse/faces/javax.faces.resource/jquery/jquery.js?ln=primefaces&v=4.0 HTTP/1.1" 304 -
186.80.108.8 - - [14/Dec/2023:07:42:52 -0500] "GET /sipse/faces/javax.faces.resource/jquery/jquery-plugins.js?ln=primefaces&v=4.0 HTTP/1.1" 304 -
186.80.108.8 - - [14/Dec/2023:07:42:52 -0500] "GET /sipse/faces/javax.faces.resource/primefaces.js?ln=primefaces&v=4.0 HTTP/1.1" 304 -
186.80.108.8 - - [14/Dec/2023:07:42:53 -0500] "GET /sipse/faces/javax.faces.resource/layout/layout.js?ln=primefaces&v=4.0 HTTP/1.1" 304 -
216.245.221.92 - - [14/Dec/2023:07:42:57 -0500] "HEAD / HTTP/1.1" 200 -
186.80.108.8 - - [14/Dec/2023:07:42:57 -0500] "POST /sipse/faces/presentacion/financiero/solicitudProceso/consultarSolicitudProceso.xhtml HTTP/1.1" 200 20609
186.80.108.8 - - [14/Dec/2023:07:42:57 -0500] "GET /sipse/faces/javax.faces.resource/theme.css?ln=primefaces-sipse HTTP/1.1" 304 -
186.80.108.8 - - [14/Dec/2023:07:42:57 -0500] "GET /sipse/faces/javax.faces.resource/primefaces.css?ln=primefaces&v=4.0 HTTP/1.1" 304 -
186.80.108.8 - - [14/Dec/2023:07:42:57 -0500] "GET /sipse/faces/javax.faces.resource/layout/layout.css?ln=primefaces&v=4.0 HTTP/1.1" 304 -
186.80.108.8 - - [14/Dec/2023:07:42:57 -0500] "GET /sipse/faces/javax.faces.resource/jquery/jquery.js?ln=primefaces&v=4.0 HTTP/1.1" 304 -
186.80.108.8 - - [14/Dec/2023:07:42:57 -0500] "GET /sipse/faces/javax.faces.resource/fileupload/fileupload.css?ln=primefaces&v=4.0 HTTP/1.1" 304 -
186.80.108.8 - - [14/Dec/2023:07:42:57 -0500] "GET /sipse/faces/javax.faces.resource/jquery/jquery-plugins.js?ln=primefaces&v=4.0 HTTP/1.1" 304 -
186.80.108.8 - - [14/Dec/2023:07:42:57 -0500] "GET /sipse/faces/javax.faces.resource/layout/layout.js?ln=primefaces&v=4.0 HTTP/1.1" 304 -
186.80.108.8 - - [14/Dec/2023:07:42:57 -0500] "GET /sipse/faces/javax.faces.resource/fileupload/fileupload.js?ln=primefaces&v=4.0 HTTP/1.1" 304 -
186.80.108.8 - - [14/Dec/2023:07:42:57 -0500] "GET /sipse/faces/javax.faces.resource/primefaces.js?ln=primefaces&v=4.0 HTTP/1.1" 304 -
216.244.66.195 - - [14/Dec/2023:07:42:58 -0500] "GET /BLA/resoluciones/AUTOS%202009/2417.pdf HTTP/1.1" 200 102210
216.244.66.195 - - [14/Dec/2023:07:43:05 -0500] "GET /BLA/resoluciones/AUTOS%202009/2669.pdf HTTP/1.1" 200 76815
186.80.108.8 - - [14/Dec/2023:07:43:09 -0500] "GET /sipse/faces/javax.faces.resource/layout/layout.css?ln=primefaces&v=4.0 HTTP/1.1" 304 -
186.80.108.8 - - [14/Dec/2023:07:43:09 -0500] "GET /sipse/faces/javax.faces.resource/primefaces.css?ln=primefaces&v=4.0 HTTP/1.1" 304 -
186.80.108.8 - - [14/Dec/2023:07:43:09 -0500] "GET /sipse/faces/javax.faces.resource/jquery/jquery.js?ln=primefaces&v=4.0 HTTP/1.1" 304 -
186.80.108.8 - - [14/Dec/2023:07:43:09 -0500] "GET /sipse/faces/javax.faces.resource/theme.css?ln=primefaces-sipse HTTP/1.1" 304 -
186.80.108.8 - - [14/Dec/2023:07:43:09 -0500] "GET /sipse/faces/javax.faces.resource/jquery/jquery-plugins.js?ln=primefaces&v=4.0 HTTP/1.1" 304 -
186.80.108.8 - - [14/Dec/2023:07:43:09 -0500] "GET /sipse/faces/javax.faces.resource/primefaces.js?ln=primefaces&v=4.0 HTTP/1.1" 304 -
186.80.108.8 - - [14/Dec/2023:07:43:09 -0500] "GET /sipse/faces/javax.faces.resource/layout/layout.js?ln=primefaces&v=4.0 HTTP/1.1" 304 -
186.80.108.8 - - [14/Dec/2023:07:43:05 -0500] "POST /sipse/faces/presentacion/sistema/anexos/cargarAnexoSolicitudProceso.xhtml HTTP/1.1" 200 168938
216.244.66.195 - - [14/Dec/2023:07:43:11 -0500] "GET /BLA/resoluciones/AUTOS%202009/2875.pdf HTTP/1.1" 200 68077
216.244.66.195 - - [14/Dec/2023:07:43:16 -0500] "GET /BLA/resoluciones/AUTOS%202009/2903.pdf HTTP/1.1" 200 88972
172.22.2.4 - - [14/Dec/2023:07:41:36 -0500] "HEAD /BLA/boletinlegal/ HTTP/1.1" 200 -
186.80.108.8 - - [14/Dec/2023:07:43:15 -0500] "POST /sipse/faces/presentacion/financiero/solicitudProceso/consultarSolicitudProceso.xhtml HTTP/1.1" 200 63779
186.80.108.8 - - [14/Dec/2023:07:43:17 -0500] "GET /sipse/faces/javax.faces.resource/layout/layout.css?ln=primefaces&v=4.0 HTTP/1.1" 304 -
186.80.108.8 - - [14/Dec/2023:07:43:17 -0500] "GET /sipse/faces/javax.faces.resource/primefaces.css?ln=primefaces&v=4.0 HTTP/1.1" 304 -
186.80.108.8 - - [14/Dec/2023:07:43:17 -0500] "GET /sipse/faces/javax.faces.resource/theme.css?ln=primefaces-sipse HTTP/1.1" 304 -
186.80.108.8 - - [14/Dec/2023:07:43:17 -0500] "GET /sipse/faces/javax.faces.resource/jquery/jquery.js?ln=primefaces&v=4.0 HTTP/1.1" 304 -
186.80.108.8 - - [14/Dec/2023:07:43:17 -0500] "GET /sipse/faces/javax.faces.resource/jquery/jquery-plugins.js?ln=primefaces&v=4.0 HTTP/1.1" 304 -
186.80.108.8 - - [14/Dec/2023:07:43:17 -0500] "GET /sipse/faces/javax.faces.resource/primefaces.js?ln=primefaces&v=4.0 HTTP/1.1" 304 -
186.80.108.8 - - [14/Dec/2023:07:43:17 -0500] "GET /sipse/faces/javax.faces.resource/layout/layout.js?ln=primefaces&v=4.0 HTTP/1.1" 304 -
186.80.108.8 - - [14/Dec/2023:07:43:17 -0500] "POST /sipse/faces/presentacion/financiero/solicitudProceso/listarSolicitudProceso.xhtml HTTP/1.1" 200 1556
201.245.192.253 - - [14/Dec/2023:07:43:18 -0500] "POST /forms/lservlet;jsessionid=ac16012b30d68f87e6b31bdd4159a82faa45787d3329.e3iSbxaKaheRe34Qc38TbN0Nb41ynknvrkLOlQzNp65In0 HTTP/1.1" 200 2
216.244.66.195 - - [14/Dec/2023:07:43:20 -0500] "GET /BLA/resoluciones/AUTOS%202011/0151.pdf HTTP/1.1" 200 129259
216.244.66.195 - - [14/Dec/2023:07:43:24 -0500] "GET /BLA/resoluciones/AUTOS%202011/0184.pdf HTTP/1.1" 200 151836
186.80.52.172 - - [14/Dec/2023:07:43:25 -0500] "GET /appsia/controlador HTTP/1.1" 200 4799
186.80.52.172 - - [14/Dec/2023:07:43:25 -0500] "GET /appsia/css/estilos.css HTTP/1.1" 200 4804
186.80.52.172 - - [14/Dec/2023:07:43:25 -0500] "GET /appsia/scripts/validarIngreso.js HTTP/1.1" 200 851
186.80.52.172 - - [14/Dec/2023:07:43:25 -0500] "GET /appsia/images/logo_bogota_p.png HTTP/1.1" 200 14951
186.80.52.172 - - [14/Dec/2023:07:43:25 -0500] "GET /appsia/images/cabezoteHojaVida.png HTTP/1.1" 200 32493
186.80.108.8 - - [14/Dec/2023:07:43:27 -0500] "POST /sipse/faces/presentacion/financiero/solicitudProceso/listarSolicitudProceso.xhtml HTTP/1.1" 200 116776
186.80.108.8 - - [14/Dec/2023:07:43:28 -0500] "GET /sipse/faces/javax.faces.resource/primefaces.css?ln=primefaces&v=4.0 HTTP/1.1" 304 -
186.80.108.8 - - [14/Dec/2023:07:43:28 -0500] "GET /sipse/faces/javax.faces.resource/theme.css?ln=primefaces-sipse HTTP/1.1" 304 -
186.80.108.8 - - [14/Dec/2023:07:43:28 -0500] "GET /sipse/faces/javax.faces.resource/layout/layout.css?ln=primefaces&v=4.0 HTTP/1.1" 304 -
186.80.108.8 - - [14/Dec/2023:07:43:28 -0500] "GET /sipse/faces/javax.faces.resource/jquery/jquery.js?ln=primefaces&v=4.0 HTTP/1.1" 304 -
186.80.108.8 - - [14/Dec/2023:07:43:28 -0500] "GET /sipse/faces/javax.faces.resource/jquery/jquery-plugins.js?ln=primefaces&v=4.0 HTTP/1.1" 304 -
186.80.108.8 - - [14/Dec/2023:07:43:28 -0500] "GET /sipse/faces/javax.faces.resource/primefaces.js?ln=primefaces&v=4.0 HTTP/1.1" 304 -
216.244.66.195 - - [14/Dec/2023:07:43:28 -0500] "GET /BLA/resoluciones/AUTOS%202011/0223.pdf HTTP/1.1" 200 140201
186.80.108.8 - - [14/Dec/2023:07:43:28 -0500] "GET /sipse/faces/javax.faces.resource/layout/layout.js?ln=primefaces&v=4.0 HTTP/1.1" 304 -
216.244.66.195 - - [14/Dec/2023:07:43:31 -0500] "GET /BLA/resoluciones/AUTOS%202011/0874.pdf HTTP/1.1" 200 103788
186.80.52.172 - - [14/Dec/2023:07:43:36 -0500] "POST /appsia/controlador HTTP/1.1" 200 5437
186.80.108.8 - - [14/Dec/2023:07:43:36 -0500] "POST /sipse/faces/presentacion/financiero/solicitudProceso/consultarSolicitudProceso.xhtml HTTP/1.1" 200 36833
186.80.108.8 - - [14/Dec/2023:07:43:37 -0500] "GET /sipse/faces/javax.faces.resource/theme.css?ln=primefaces-sipse HTTP/1.1" 304 -
186.80.108.8 - - [14/Dec/2023:07:43:37 -0500] "GET /sipse/faces/javax.faces.resource/layout/layout.css?ln=primefaces&v=4.0 HTTP/1.1" 304 -
186.80.108.8 - - [14/Dec/2023:07:43:37 -0500] "GET /sipse/faces/javax.faces.resource/primefaces.css?ln=primefaces&v=4.0 HTTP/1.1" 304 -
186.80.108.8 - - [14/Dec/2023:07:43:37 -0500] "GET /sipse/faces/javax.faces.resource/jquery/jquery.js?ln=primefaces&v=4.0 HTTP/1.1" 304 -
186.80.108.8 - - [14/Dec/2023:07:43:37 -0500] "GET /sipse/faces/javax.faces.resource/jquery/jquery-plugins.js?ln=primefaces&v=4.0 HTTP/1.1" 304 -
186.80.108.8 - - [14/Dec/2023:07:43:37 -0500] "GET /sipse/faces/javax.faces.resource/primefaces.js?ln=primefaces&v=4.0 HTTP/1.1" 304 -
186.80.108.8 - - [14/Dec/2023:07:43:37 -0500] "GET /sipse/faces/javax.faces.resource/layout/layout.js?ln=primefaces&v=4.0 HTTP/1.1" 304 -
216.244.66.195 - - [14/Dec/2023:07:43:38 -0500] "GET /BLA/resoluciones/AUTOS%202011/1287.pdf HTTP/1.1" 200 78840
186.80.52.172 - - [14/Dec/2023:07:43:38 -0500] "POST /appsia/controlador HTTP/1.1" 200 7769
216.244.66.195 - - [14/Dec/2023:07:43:42 -0500] "GET /BLA/resoluciones/AUTOS%202011/1505.pdf HTTP/1.1" 200 274572
186.80.108.8 - - [14/Dec/2023:07:43:42 -0500] "POST /sipse/faces/presentacion/contratacion/contrato/registroPresupuestal/expedirRP.xhtml HTTP/1.1" 200 2244
186.80.52.172 - - [14/Dec/2023:07:43:43 -0500] "POST /appsia/controlador HTTP/1.1" 200 5228
186.80.52.172 - - [14/Dec/2023:07:43:45 -0500] "GET /appsia/controlador?comando=regresar&id=39534959&funcionario=MARIA+ODILIA+CLAVIJO&desde=39534959&hasta=39534959&version=39534959 HTTP/1.1" 200 7769
186.80.108.8 - - [14/Dec/2023:07:43:46 -0500] "POST /sipse/faces/presentacion/contratacion/contrato/registroPresupuestal/expedirRP.xhtml HTTP/1.1" 200 20585
186.80.108.8 - - [14/Dec/2023:07:43:46 -0500] "GET /sipse/faces/javax.faces.resource/primefaces.css?ln=primefaces&v=4.0 HTTP/1.1" 304 -
186.80.108.8 - - [14/Dec/2023:07:43:46 -0500] "GET /sipse/faces/javax.faces.resource/theme.css?ln=primefaces-sipse HTTP/1.1" 304 -
186.80.108.8 - - [14/Dec/2023:07:43:46 -0500] "GET /sipse/faces/javax.faces.resource/layout/layout.css?ln=primefaces&v=4.0 HTTP/1.1" 304 -
186.80.108.8 - - [14/Dec/2023:07:43:46 -0500] "GET /sipse/faces/javax.faces.resource/jquery/jquery.js?ln=primefaces&v=4.0 HTTP/1.1" 304 -
186.80.108.8 - - [14/Dec/2023:07:43:46 -0500] "GET /sipse/faces/javax.faces.resource/jquery/jquery-plugins.js?ln=primefaces&v=4.0 HTTP/1.1" 304 -
186.80.108.8 - - [14/Dec/2023:07:43:46 -0500] "GET /sipse/faces/javax.faces.resource/primefaces.js?ln=primefaces&v=4.0 HTTP/1.1" 304 -
186.80.108.8 - - [14/Dec/2023:07:43:46 -0500] "GET /sipse/faces/javax.faces.resource/layout/layout.js?ln=primefaces&v=4.0 HTTP/1.1" 304 -
216.244.66.195 - - [14/Dec/2023:07:43:46 -0500] "GET /BLA/resoluciones/AUTOS%202011/1769.pdf HTTP/1.1" 200 263862
186.80.108.8 - - [14/Dec/2023:07:43:48 -0500] "GET /sipse/faces/javax.faces.resource/theme.css?ln=primefaces-sipse HTTP/1.1" 304 -
186.80.108.8 - - [14/Dec/2023:07:43:48 -0500] "GET /sipse/faces/javax.faces.resource/primefaces.css?ln=primefaces&v=4.0 HTTP/1.1" 304 -
186.80.108.8 - - [14/Dec/2023:07:43:48 -0500] "GET /sipse/faces/javax.faces.resource/layout/layout.css?ln=primefaces&v=4.0 HTTP/1.1" 304 -
186.80.108.8 - - [14/Dec/2023:07:43:48 -0500] "GET /sipse/faces/javax.faces.resource/jquery/jquery.js?ln=primefaces&v=4.0 HTTP/1.1" 304 -
186.80.108.8 - - [14/Dec/2023:07:43:48 -0500] "GET /sipse/faces/javax.faces.resource/jquery/jquery-plugins.js?ln=primefaces&v=4.0 HTTP/1.1" 304 -
186.80.108.8 - - [14/Dec/2023:07:43:47 -0500] "POST /sipse/faces/presentacion/contratacion/contrato/registroPresupuestal/consultarActividadesRP.xhtml HTTP/1.1" 200 22858
186.80.108.8 - - [14/Dec/2023:07:43:48 -0500] "GET /sipse/faces/javax.faces.resource/layout/layout.js?ln=primefaces&v=4.0 HTTP/1.1" 304 -
186.80.108.8 - - [14/Dec/2023:07:43:48 -0500] "GET /sipse/faces/javax.faces.resource/primefaces.js?ln=primefaces&v=4.0 HTTP/1.1" 304 -
199.16.157.180 - - [14/Dec/2023:07:43:48 -0500] "GET /images/Musgo%20SDA%20(1)%20(1).png HTTP/1.1" 200 302122
186.80.52.172 - - [14/Dec/2023:07:43:50 -0500] "POST /appsia/controlador HTTP/1.1" 200 6634
216.244.66.195 - - [14/Dec/2023:07:43:50 -0500] "GET /BLA/resoluciones/AUTOS%202011/2433.pdf HTTP/1.1" 200 271677
186.80.52.172 - - [14/Dec/2023:07:43:51 -0500] "POST /appsia/controlador HTTP/1.1" 200 11314
186.102.46.143 - - [14/Dec/2023:07:43:53 -0500] "GET /kwssiamovil/sm/ldap/au?x=U2FsdGVkX1+NgU9l6GuXsf/u0MsKOIkCPtL94ftZmTikFLGbeXc6FUAqDzpH31sB&y=U2FsdGVkX18gMgeTvbB6hibu98eLAR+zhUhd7OCD+zA= HTTP/1.1" 200 30
216.244.66.195 - - [14/Dec/2023:07:43:53 -0500] "GET /BLA/resoluciones/AUTOS%202011/2638.pdf HTTP/1.1" 200 160659
186.80.108.8 - - [14/Dec/2023:07:43:55 -0500] "POST /sipse/faces/presentacion/contratacion/contrato/registroPresupuestal/asociarPresupuestoActividadesRP.xhtml HTTP/1.1" 200 36910
186.80.108.8 - - [14/Dec/2023:07:43:55 -0500] "GET /sipse/faces/javax.faces.resource/primefaces.css?ln=primefaces&v=4.0 HTTP/1.1" 304 -
186.80.108.8 - - [14/Dec/2023:07:43:55 -0500] "GET /sipse/faces/javax.faces.resource/theme.css?ln=primefaces-sipse HTTP/1.1" 304 -
186.80.108.8 - - [14/Dec/2023:07:43:55 -0500] "GET /sipse/faces/javax.faces.resource/layout/layout.css?ln=primefaces&v=4.0 HTTP/1.1" 304 -
186.80.108.8 - - [14/Dec/2023:07:43:55 -0500] "GET /sipse/faces/javax.faces.resource/jquery/jquery.js?ln=primefaces&v=4.0 HTTP/1.1" 304 -
186.80.108.8 - - [14/Dec/2023:07:43:55 -0500] "GET /sipse/faces/javax.faces.resource/jquery/jquery-plugins.js?ln=primefaces&v=4.0 HTTP/1.1" 304 -
186.80.108.8 - - [14/Dec/2023:07:43:55 -0500] "GET /sipse/faces/javax.faces.resource/primefaces.js?ln=primefaces&v=4.0 HTTP/1.1" 304 -
186.80.108.8 - - [14/Dec/2023:07:43:55 -0500] "GET /sipse/faces/javax.faces.resource/layout/layout.js?ln=primefaces&v=4.0 HTTP/1.1" 304 -
216.244.66.195 - - [14/Dec/2023:07:43:56 -0500] "GET /BLA/resoluciones/AUTOS%202011/2693.pdf HTTP/1.1" 200 116500
216.244.66.195 - - [14/Dec/2023:07:43:58 -0500] "GET /BLA/resoluciones/AUTOS%202011/2797.pdf HTTP/1.1" 200 241309
201.245.192.253 - - [14/Dec/2023:07:44:00 -0500] "POST /forms/lservlet;jsessionid=ac16012b30d665b9d6b5cea24731bd918aefbc6c9e46.e3iSbxaKaheRe34Qc38TbN0Nb41ynknvrkLOlQzNp65In0 HTTP/1.1" 200 2
216.244.66.195 - - [14/Dec/2023:07:44:01 -0500] "GET /BLA/resoluciones/AUTOS%202011/2868.pdf HTTP/1.1" 200 366573
216.244.66.195 - - [14/Dec/2023:07:44:04 -0500] "GET /BLA/resoluciones/AUTOS%202011/2949.pdf HTTP/1.1" 200 501125
186.80.108.8 - - [14/Dec/2023:07:44:02 -0500] "POST /sipse/faces/presentacion/contratacion/contrato/registroPresupuestal/expedirRP.xhtml HTTP/1.1" 200 118502
186.80.108.8 - - [14/Dec/2023:07:44:04 -0500] "GET /sipse/faces/javax.faces.resource/theme.css?ln=primefaces-sipse HTTP/1.1" 304 -
186.80.108.8 - - [14/Dec/2023:07:44:04 -0500] "GET /sipse/faces/javax.faces.resource/primefaces.css?ln=primefaces&v=4.0 HTTP/1.1" 304 -
186.80.108.8 - - [14/Dec/2023:07:44:04 -0500] "GET /sipse/faces/javax.faces.resource/layout/layout.css?ln=primefaces&v=4.0 HTTP/1.1" 304 -
186.80.108.8 - - [14/Dec/2023:07:44:04 -0500] "GET /sipse/faces/javax.faces.resource/jquery/jquery.js?ln=primefaces&v=4.0 HTTP/1.1" 304 -
186.80.108.8 - - [14/Dec/2023:07:44:04 -0500] "GET /sipse/faces/javax.faces.resource/jquery/jquery-plugins.js?ln=primefaces&v=4.0 HTTP/1.1" 304 -
186.80.108.8 - - [14/Dec/2023:07:44:04 -0500] "GET /sipse/faces/javax.faces.resource/primefaces.js?ln=primefaces&v=4.0 HTTP/1.1" 304 -
186.80.108.8 - - [14/Dec/2023:07:44:04 -0500] "GET /sipse/faces/javax.faces.resource/layout/layout.js?ln=primefaces&v=4.0 HTTP/1.1" 304 -
172.22.2.4 - - [14/Dec/2023:07:42:27 -0500] "GET /BLA/boletinlegal/ HTTP/1.1" 200 60634
186.80.108.8 - - [14/Dec/2023:07:44:10 -0500] "GET /sipse/faces/javax.faces.resource/theme.css?ln=primefaces-sipse HTTP/1.1" 304 -
186.80.108.8 - - [14/Dec/2023:07:44:10 -0500] "POST /sipse/faces/presentacion/financiero/solicitudProceso/consultarSolicitudProceso.xhtml HTTP/1.1" 200 20609
186.80.108.8 - - [14/Dec/2023:07:44:10 -0500] "GET /sipse/faces/javax.faces.resource/layout/layout.css?ln=primefaces&v=4.0 HTTP/1.1" 304 -
186.80.108.8 - - [14/Dec/2023:07:44:10 -0500] "GET /sipse/faces/javax.faces.resource/primefaces.css?ln=primefaces&v=4.0 HTTP/1.1" 304 -
186.80.108.8 - - [14/Dec/2023:07:44:10 -0500] "GET /sipse/faces/javax.faces.resource/fileupload/fileupload.css?ln=primefaces&v=4.0 HTTP/1.1" 304 -
186.80.108.8 - - [14/Dec/2023:07:44:10 -0500] "GET /sipse/faces/javax.faces.resource/jquery/jquery.js?ln=primefaces&v=4.0 HTTP/1.1" 304 -
186.80.108.8 - - [14/Dec/2023:07:44:10 -0500] "GET /sipse/faces/javax.faces.resource/jquery/jquery-plugins.js?ln=primefaces&v=4.0 HTTP/1.1" 304 -
186.80.108.8 - - [14/Dec/2023:07:44:10 -0500] "GET /sipse/faces/javax.faces.resource/primefaces.js?ln=primefaces&v=4.0 HTTP/1.1" 304 -
186.80.108.8 - - [14/Dec/2023:07:44:10 -0500] "GET /sipse/faces/javax.faces.resource/layout/layout.js?ln=primefaces&v=4.0 HTTP/1.1" 304 -
186.80.108.8 - - [14/Dec/2023:07:44:10 -0500] "GET /sipse/faces/javax.faces.resource/fileupload/fileupload.js?ln=primefaces&v=4.0 HTTP/1.1" 304 -
186.80.108.8 - - [14/Dec/2023:07:44:23 -0500] "GET /sipse/faces/javax.faces.resource/theme.css?ln=primefaces-sipse HTTP/1.1" 304 -
186.80.108.8 - - [14/Dec/2023:07:44:23 -0500] "GET /sipse/faces/javax.faces.resource/primefaces.css?ln=primefaces&v=4.0 HTTP/1.1" 304 -
186.80.108.8 - - [14/Dec/2023:07:44:23 -0500] "GET /sipse/faces/javax.faces.resource/layout/layout.css?ln=primefaces&v=4.0 HTTP/1.1" 304 -
186.80.108.8 - - [14/Dec/2023:07:44:23 -0500] "GET /sipse/faces/javax.faces.resource/jquery/jquery.js?ln=primefaces&v=4.0 HTTP/1.1" 304 -
186.80.108.8 - - [14/Dec/2023:07:44:23 -0500] "GET /sipse/faces/javax.faces.resource/jquery/jquery-plugins.js?ln=primefaces&v=4.0 HTTP/1.1" 304 -
186.80.108.8 - - [14/Dec/2023:07:44:23 -0500] "GET /sipse/faces/javax.faces.resource/primefaces.js?ln=primefaces&v=4.0 HTTP/1.1" 304 -
186.80.108.8 - - [14/Dec/2023:07:44:23 -0500] "GET /sipse/faces/javax.faces.resource/layout/layout.js?ln=primefaces&v=4.0 HTTP/1.1" 304 -
186.80.108.8 - - [14/Dec/2023:07:44:22 -0500] "POST /sipse/faces/presentacion/sistema/anexos/cargarAnexoSolicitudProceso.xhtml HTTP/1.1" 200 165151
181.53.14.167 - - [14/Dec/2023:07:44:28 -0500] "GET /sipse/faces/index.xhtml HTTP/1.1" 200 677
181.53.14.167 - - [14/Dec/2023:07:44:28 -0500] "GET /sipse/faces/javax.faces.resource/theme.css?ln=primefaces-sipse HTTP/1.1" 304 -
181.53.14.167 - - [14/Dec/2023:07:44:28 -0500] "GET /sipse/faces/faces/autenticacion.xhtml HTTP/1.1" 200 12406
181.53.14.167 - - [14/Dec/2023:07:44:29 -0500] "GET /sipse/js/disable_browser_buttons.js HTTP/1.1" 304 -
181.53.14.167 - - [14/Dec/2023:07:44:29 -0500] "GET /sipse/css/custom_css_sg.css HTTP/1.1" 304 -
181.53.14.167 - - [14/Dec/2023:07:44:29 -0500] "GET /sipse/faces/javax.faces.resource/theme.css?ln=primefaces-sipse HTTP/1.1" 304 -
181.53.14.167 - - [14/Dec/2023:07:44:29 -0500] "GET /sipse/faces/javax.faces.resource/jquery/jquery-plugins.js?ln=primefaces&v=4.0 HTTP/1.1" 304 -
181.53.14.167 - - [14/Dec/2023:07:44:29 -0500] "GET /sipse/faces/javax.faces.resource/layout/layout.css?ln=primefaces&v=4.0 HTTP/1.1" 304 -
181.53.14.167 - - [14/Dec/2023:07:44:29 -0500] "GET /sipse/faces/javax.faces.resource/primefaces.css?ln=primefaces&v=4.0 HTTP/1.1" 304 -
181.53.14.167 - - [14/Dec/2023:07:44:29 -0500] "GET /sipse/css/custom_css_sg_prime_login.css HTTP/1.1" 304 -
181.53.14.167 - - [14/Dec/2023:07:44:29 -0500] "GET /sipse/faces/javax.faces.resource/primefaces.js?ln=primefaces&v=4.0 HTTP/1.1" 304 -
181.53.14.167 - - [14/Dec/2023:07:44:29 -0500] "GET /sipse/faces/javax.faces.resource/layout/layout.js?ln=primefaces&v=4.0 HTTP/1.1" 304 -
181.53.14.167 - - [14/Dec/2023:07:44:29 -0500] "GET /sipse/js/funciones.js HTTP/1.1" 304 -
181.53.14.167 - - [14/Dec/2023:07:44:29 -0500] "GET /sipse/faces/javax.faces.resource/jquery/jquery.js?ln=primefaces&v=4.0 HTTP/1.1" 304 -
186.80.108.8 - - [14/Dec/2023:07:44:26 -0500] "POST /sipse/faces/presentacion/financiero/solicitudProceso/consultarSolicitudProceso.xhtml HTTP/1.1" 200 63779
181.53.14.167 - - [14/Dec/2023:07:44:29 -0500] "GET /sipse/css/imagen/logoSDG.png HTTP/1.1" 304 -
181.53.14.167 - - [14/Dec/2023:07:44:29 -0500] "GET /sipse/css/imagen/loginimg.png HTTP/1.1" 304 -
181.53.14.167 - - [14/Dec/2023:07:44:29 -0500] "GET /sipse/faces/javax.faces.resource/images/ui-icons_898989_256x240.png?ln=primefaces-aristo HTTP/1.1" 304 -
186.80.108.8 - - [14/Dec/2023:07:44:29 -0500] "GET /sipse/faces/javax.faces.resource/theme.css?ln=primefaces-sipse HTTP/1.1" 304 -
186.80.108.8 - - [14/Dec/2023:07:44:29 -0500] "GET /sipse/faces/javax.faces.resource/primefaces.css?ln=primefaces&v=4.0 HTTP/1.1" 304 -
186.80.108.8 - - [14/Dec/2023:07:44:29 -0500] "GET /sipse/faces/javax.faces.resource/layout/layout.css?ln=primefaces&v=4.0 HTTP/1.1" 304 -
186.80.108.8 - - [14/Dec/2023:07:44:29 -0500] "GET /sipse/faces/javax.faces.resource/jquery/jquery.js?ln=primefaces&v=4.0 HTTP/1.1" 304 -
186.80.108.8 - - [14/Dec/2023:07:44:29 -0500] "GET /sipse/faces/javax.faces.resource/jquery/jquery-plugins.js?ln=primefaces&v=4.0 HTTP/1.1" 304 -
186.80.108.8 - - [14/Dec/2023:07:44:29 -0500] "GET /sipse/faces/javax.faces.resource/primefaces.js?ln=primefaces&v=4.0 HTTP/1.1" 304 -
186.80.108.8 - - [14/Dec/2023:07:44:29 -0500] "GET /sipse/faces/javax.faces.resource/layout/layout.js?ln=primefaces&v=4.0 HTTP/1.1" 304 -
186.80.108.8 - - [14/Dec/2023:07:44:30 -0500] "POST /sipse/faces/presentacion/financiero/solicitudProceso/listarSolicitudProceso.xhtml HTTP/1.1" 200 1556
181.53.14.167 - - [14/Dec/2023:07:44:33 -0500] "POST /sipse/faces/autenticacion.xhtml HTTP/1.1" 200 2221
181.53.14.167 - - [14/Dec/2023:07:44:33 -0500] "GET /sipse/faces/javax.faces.resource/messages/messages.png?ln=primefaces&v=4.0 HTTP/1.1" 304 -
181.53.14.167 - - [14/Dec/2023:07:44:35 -0500] "POST /sipse/faces/autenticacion.xhtml HTTP/1.1" 200 16461
181.53.14.167 - - [14/Dec/2023:07:44:35 -0500] "GET /sipse/faces/javax.faces.resource/theme.css?ln=primefaces-sipse HTTP/1.1" 304 -
181.53.14.167 - - [14/Dec/2023:07:44:35 -0500] "GET /sipse/js/jquery.min.js HTTP/1.1" 304 -
181.53.14.167 - - [14/Dec/2023:07:44:35 -0500] "GET /sipse/faces/javax.faces.resource/primefaces.css?ln=primefaces&v=4.0 HTTP/1.1" 304 -
181.53.14.167 - - [14/Dec/2023:07:44:35 -0500] "GET /sipse/faces/javax.faces.resource/layout/layout.css?ln=primefaces&v=4.0 HTTP/1.1" 304 -
181.53.14.167 - - [14/Dec/2023:07:44:35 -0500] "GET /sipse/css/custom_css_sg_prime.css HTTP/1.1" 304 -
