186.30.51.53 - - [14/Dec/2023:00:29:31 -0500] "POST /sipse/faces/presentacion/financiero/solicitudProceso/consultarSolicitudProceso.xhtml HTTP/1.1" 200 268981
186.102.30.175 - - [14/Dec/2023:00:29:34 -0500] "GET /kwssiamovil/sm/acme/a?s=U2FsdGVkX1+btK0DR9GX9KPqlBwVbCpBY2e7JupmODe9r+eMIUKyPdc2zhOqewQce1Ykfs40wIqolTvZKCBrSTD1P6Go8MROfuT7tHfT739FqQetu4mpKTl3rHv8cGDWTSBhDFcBwW1F6YihjACXLkSjIib8oRO5iUuFcbOEoe7AmXewoYOZvce93GSvZuPuNt4pCEsnLFH5Zrc/eNmXiEy7rW2xjoEUVqV73Tt0kW567pqwmPAtLqu8AB9lEWYiK4gPHVOBgXrNxIgxYxneRw==&u=U2FsdGVkX1+NrBGTcpGw5aaRvgD6LlcAx/8W6QwdRGCeiWoyJGs8EuZ3eNiygRk7&y=U2FsdGVkX1+Di1onJS83ka5d6EXpom3Ujkm2FCyD/mAbajRSg+L3dvOVgeKZTUQ2 HTTP/1.1" 200 26
186.102.30.175 - - [14/Dec/2023:00:29:35 -0500] "GET /kwssiamovil/sm/acme/a?s=U2FsdGVkX1/zrxkkXlZGUpqAmor5vaHbPQ6l9sIb9YWsDQ35yy+r984RGH2nczQVNaP3mRwcBSzFG0+XuQp49GW7zF/y0gbYnlHfzd0OsFwZcOCwct+rDK/p2cwnUJzRlgeGXEwdsPhbuVwdpPwnCpH2/4EqvlF0t3zd7SnOix6pJCgTkNlPd/+hkDRecufSwK/EQxuA6LO4Q47M3cHgI2/xZIkpEWE/meidfIDELTyFLfcwUwa3eTBLDsnUPoqvX8wo0/Ogee8u/uDChQteieexT8lTwGSshx4hBmWzvRd3ToMaoo9OJdHluvMKS00MvM38VB26Q8V8Zv/EtJrk8yX3LL0UVpfgAQC7TUIP+VHvc0r1VuLYDkYguViCJFLgvG1HH5An1pls9TSy7P4tZSe7H1T5+ubPPX7nw53QttakfhVYgETZWhVEUQvEp5gnnHwY5inwpc+T+c4iiBkTWrM6VG1YF239TynA3xQk/mYElJk8miG7bwBR9iMDxVyTas1bE6lIgZqTJhDEqnQWIC2MIxyEBEcGx0cwHNKD8iJdHVJVRXVXrd3J8vVc6gyxL21z4dmAOZOcb1r0M+8in2hdBnRhJ8fxAngjxae/57YMhLZgENZ5FdLXQrxXDqKq37JbckaHJ2TwQ86wT/FA1OPnmIl5rW28RCvgx94B8mc0a+FlUNc7lfzzlg/j60awpEqyg+7gTXbn/NS8pU1uhaIAlWDbJFmuQap2Ej9+fW8EnGhXAREZII5mYDcsvd7JJ63DH4qdoeYzJl/+XAzO5A0VuC5FfZXtD2GVEUmNakZ8NGCwgEMQbq8LcfpjdPSbqH0IQpi0cJZiByaYHjfGmmT4aIGxvob8J8O7nPSn1FlFs1uDC6dCMbQvxYrrmRvpuUkfB0P/WKVGPDLPGnI7GSXFv4GP5PJVDAAvk2wCyDdZP6vKcSyBcZj7H1p0ZEJl4V7xxxJxvUY5cxrX6OOZq1EhvpR8iejbi1BuBtG7uvokgZzCuR+yU9tIv6fJdIGBBXMPfmlZJT+n6fXTJx1o9BXLwAilkqryi1N3Gip+j/Bb2JAk5fssQqCarTQhWAWSEkyjqCbzGXQA4kdL4v7yko50HNu8S0MHYED8lSeSr63sfVKvxTFmJHXLRxHD3GWF7EgJPO6CnlETda+uNh3pYjGzMzWCh0NP6SJ0VHYdt+Qe8wO8pyBrbA4+vIO4h1ssMAAS0n35EskVUTdJ1+H6G8meEXOlP5PUpIpV1j8T8+ens1bwv1Tbz0JVtYEIK20CIeUbJoQTIbhNLxVNIsOiEMr7+aShQhN/F6YExViwp30u12ewQ7xJuPdZPLW+mnhiK6OxDhgYFSZ/+4XZaZ7gtHlwfuVAC/4LYfakzjrUIfI6RP9bTpE4cgUVRVcpNPzuodGN5oJxNefUDrfoCjTVs19r9WmaEFu1bqdfX/muCtzQOLDHNfmJ4mCRjNPb5t/Q&u=U2FsdGVkX1+NrBGTcpGw5aaRvgD6LlcAx/8W6QwdRGCeiWoyJGs8EuZ3eNiygRk7&y=U2FsdGVkX1+Di1onJS83ka5d6EXpom3Ujkm2FCyD/mAbajRSg+L3dvOVgeKZTUQ2 HTTP/1.1" 200 26
186.102.30.175 - - [14/Dec/2023:00:29:36 -0500] "GET /kwssiamovil/sm/acme/a?s=U2FsdGVkX188ZjawKZidCx1VfqgZ3NcrV037sm1GjH1R5vHwDKdAIB2bBCek5aUlYaTnUOW1nGvi+KBugtup2L2NP9lfhnm+WvWYQMam2/9vx6ACHyfYkQRH+eqSocSNU2ZNJRyNdnuKyW4L5LREo+m2/E0OaY9R88yNqfIoG0g=&u=U2FsdGVkX1+NrBGTcpGw5aaRvgD6LlcAx/8W6QwdRGCeiWoyJGs8EuZ3eNiygRk7&y=U2FsdGVkX1+Di1onJS83ka5d6EXpom3Ujkm2FCyD/mAbajRSg+L3dvOVgeKZTUQ2 HTTP/1.1" 200 26
186.102.30.175 - - [14/Dec/2023:00:29:36 -0500] "GET /kwssiamovil/sm/acme/a?s=U2FsdGVkX1/c6ml+MPzJa0Dh4y+C59js40oOI9dhge9AifkoKvwcx0MwYk3TNsoOYupDRXNeE0JF1TMt7WwnOfs8L7Caj8dOfYba+TxjsxuGUnLUij4eKdJkOFnHmObcry7X1qryhU4wPwfjRMPztk6wQyjY40yfpGXB57dByFY=&u=U2FsdGVkX1+NrBGTcpGw5aaRvgD6LlcAx/8W6QwdRGCeiWoyJGs8EuZ3eNiygRk7&y=U2FsdGVkX1+Di1onJS83ka5d6EXpom3Ujkm2FCyD/mAbajRSg+L3dvOVgeKZTUQ2 HTTP/1.1" 200 26
186.102.30.175 - - [14/Dec/2023:00:29:36 -0500] "GET /kwssiamovil/sm/acme/a?s=U2FsdGVkX1+DEURBZT7RW+zBVVUEt1Q14SOXUlxYIQ1FCmC9dXMRLbbgCQlTEjmrkrHyAu0HIe2HqwpSP5W1uD0kOQKdUc+Hdqk1X5gERWMitq3rWvmpFUf5ndbNOcZtTNXnjSkeepmNgmujcp+DlzB4MB94+crwVx/s8RxCf8Q=&u=U2FsdGVkX1+NrBGTcpGw5aaRvgD6LlcAx/8W6QwdRGCeiWoyJGs8EuZ3eNiygRk7&y=U2FsdGVkX1+Di1onJS83ka5d6EXpom3Ujkm2FCyD/mAbajRSg+L3dvOVgeKZTUQ2 HTTP/1.1" 200 26
186.102.30.175 - - [14/Dec/2023:00:29:36 -0500] "GET /kwssiamovil/sm/acme/a?s=U2FsdGVkX1+5t3nET9ctoESzlAx3SEdYxFTiVbfJzj7uUXuCxoZc48pu7ARkeyFDHmdvKOdgDJCOoCDnMlF+5YKDTXnmodYO4CrwdEF29RQc31weXPwHsBpSyLSWGLAGT6HS1uaXsRyjv7S4ud58/gG5UzqqwU5TVEhB+3u+L/9OS3FBxoT7kx1JL3gy9+SDwu8k+RAI7vzapYNnJ2DmQg==&u=U2FsdGVkX1+NrBGTcpGw5aaRvgD6LlcAx/8W6QwdRGCeiWoyJGs8EuZ3eNiygRk7&y=U2FsdGVkX1+Di1onJS83ka5d6EXpom3Ujkm2FCyD/mAbajRSg+L3dvOVgeKZTUQ2 HTTP/1.1" 200 26
201.245.192.253 - - [14/Dec/2023:00:29:55 -0500] "POST /forms/lservlet;jsessionid=ac16012b30d665b9d6b5cea24731bd918aefbc6c9e46.e3iSbxaKaheRe34Qc38TbN0Nb41ynknvrkLOlQzNp65In0 HTTP/1.1" 200 2
201.245.192.253 - - [14/Dec/2023:00:29:54 -0500] "POST /kwsrmcab/Wsrmcab HTTP/1.1" 200 37873
201.245.192.253 - - [14/Dec/2023:00:29:58 -0500] "POST /kwsrmcab/Wsrmcab HTTP/1.1" 200 38508
186.102.30.175 - - [14/Dec/2023:00:30:01 -0500] "GET /kwssiamovil/sm/acme/u?s=U2FsdGVkX1/g9f+2hr5CRPu+OV9nEYHjZ/Gzj2yjPEbblI9G2QwccMiWqaXtft9fvNo3EKkFDAGQB9vY6tKYU5vnp5oquDP9X+w2uSNd2c5HSlxV+avZQPmyj4cujInJa8AmGA1PhIyYpBRC/g3hNZQWKy6rdaixQ8QPYEGPbLM=&u=U2FsdGVkX1+NrBGTcpGw5aaRvgD6LlcAx/8W6QwdRGCeiWoyJGs8EuZ3eNiygRk7&y=U2FsdGVkX1+Di1onJS83ka5d6EXpom3Ujkm2FCyD/mAbajRSg+L3dvOVgeKZTUQ2 HTTP/1.1" 200 60
40.77.167.68 - - [14/Dec/2023:00:30:09 -0500] "GET /BLA/resoluciones/RESOLUCIONES%202021/5401.pdf HTTP/1.1" 200 354863
216.244.66.195 - - [14/Dec/2023:00:30:19 -0500] "GET /BLA/resoluciones/AUTOS%202016/0280.pdf HTTP/1.1" 200 567059
186.30.51.53 - - [14/Dec/2023:00:30:39 -0500] "GET /sipse/faces/javax.faces.resource/theme.css?ln=primefaces-sipse HTTP/1.1" 304 -
186.30.51.53 - - [14/Dec/2023:00:30:39 -0500] "GET /sipse/faces/javax.faces.resource/primefaces.css?ln=primefaces&v=4.0 HTTP/1.1" 304 -
186.30.51.53 - - [14/Dec/2023:00:30:39 -0500] "GET /sipse/faces/javax.faces.resource/layout/layout.css?ln=primefaces&v=4.0 HTTP/1.1" 304 -
186.30.51.53 - - [14/Dec/2023:00:30:39 -0500] "GET /sipse/faces/javax.faces.resource/jquery/jquery-plugins.js?ln=primefaces&v=4.0 HTTP/1.1" 304 -
186.30.51.53 - - [14/Dec/2023:00:30:39 -0500] "GET /sipse/faces/javax.faces.resource/jquery/jquery.js?ln=primefaces&v=4.0 HTTP/1.1" 304 -
186.30.51.53 - - [14/Dec/2023:00:30:38 -0500] "POST /sipse/faces/presentacion/financiero/solicitudProceso/consultarSolicitudProceso.xhtml HTTP/1.1" 200 163007
186.30.51.53 - - [14/Dec/2023:00:30:39 -0500] "GET /sipse/faces/javax.faces.resource/primefaces.js?ln=primefaces&v=4.0 HTTP/1.1" 304 -
186.30.51.53 - - [14/Dec/2023:00:30:39 -0500] "GET /sipse/faces/javax.faces.resource/layout/layout.js?ln=primefaces&v=4.0 HTTP/1.1" 304 -
186.30.51.53 - - [14/Dec/2023:00:30:43 -0500] "POST /sipse/faces/presentacion/financiero/solicitudProceso/consultarSolicitudProceso.xhtml HTTP/1.1" 200 5487
216.244.66.195 - - [14/Dec/2023:00:30:50 -0500] "GET /BLA/resoluciones/AUTOS%202016/0574.pdf HTTP/1.1" 200 520890
201.245.192.253 - - [14/Dec/2023:00:31:15 -0500] "POST /forms/lservlet;jsessionid=ac16012b30d68f87e6b31bdd4159a82faa45787d3329.e3iSbxaKaheRe34Qc38TbN0Nb41ynknvrkLOlQzNp65In0 HTTP/1.1" 200 2
186.30.51.53 - - [14/Dec/2023:00:31:15 -0500] "POST /sipse/faces/presentacion/financiero/solicitudProceso/consultarSolicitudProceso.xhtml HTTP/1.1" 200 25203
186.30.51.53 - - [14/Dec/2023:00:31:15 -0500] "GET /sipse/faces/javax.faces.resource/theme.css?ln=primefaces-sipse HTTP/1.1" 304 -
186.30.51.53 - - [14/Dec/2023:00:31:15 -0500] "GET /sipse/faces/javax.faces.resource/primefaces.css?ln=primefaces&v=4.0 HTTP/1.1" 304 -
186.30.51.53 - - [14/Dec/2023:00:31:15 -0500] "GET /sipse/faces/javax.faces.resource/layout/layout.css?ln=primefaces&v=4.0 HTTP/1.1" 304 -
186.30.51.53 - - [14/Dec/2023:00:31:15 -0500] "GET /sipse/faces/javax.faces.resource/jquery/jquery.js?ln=primefaces&v=4.0 HTTP/1.1" 304 -
186.30.51.53 - - [14/Dec/2023:00:31:15 -0500] "GET /sipse/faces/javax.faces.resource/jquery/jquery-plugins.js?ln=primefaces&v=4.0 HTTP/1.1" 304 -
186.30.51.53 - - [14/Dec/2023:00:31:15 -0500] "GET /sipse/faces/javax.faces.resource/primefaces.js?ln=primefaces&v=4.0 HTTP/1.1" 304 -
186.30.51.53 - - [14/Dec/2023:00:31:15 -0500] "GET /sipse/faces/javax.faces.resource/layout/layout.js?ln=primefaces&v=4.0 HTTP/1.1" 304 -
216.244.66.195 - - [14/Dec/2023:00:31:24 -0500] "GET /BLA/resoluciones/AUTOS%202016/0857.pdf HTTP/1.1" 200 528066
172.22.2.4 - - [14/Dec/2023:00:29:54 -0500] "HEAD /BLA/boletinlegal/ HTTP/1.1" 200 -
216.244.66.195 - - [14/Dec/2023:00:31:51 -0500] "GET /BLA/resoluciones/AUTOS%202016/0921.pdf HTTP/1.1" 200 515301
201.245.192.253 - - [14/Dec/2023:00:31:55 -0500] "POST /forms/lservlet;jsessionid=ac16012b30d665b9d6b5cea24731bd918aefbc6c9e46.e3iSbxaKaheRe34Qc38TbN0Nb41ynknvrkLOlQzNp65In0 HTTP/1.1" 200 2
186.30.51.53 - - [14/Dec/2023:00:32:09 -0500] "POST /sipse/faces/presentacion/financiero/viabilidad/expedirViabilidad.xhtml HTTP/1.1" 200 119048
186.30.51.53 - - [14/Dec/2023:00:32:09 -0500] "GET /sipse/faces/javax.faces.resource/theme.css?ln=primefaces-sipse HTTP/1.1" 304 -
186.30.51.53 - - [14/Dec/2023:00:32:09 -0500] "GET /sipse/faces/javax.faces.resource/primefaces.css?ln=primefaces&v=4.0 HTTP/1.1" 304 -
186.30.51.53 - - [14/Dec/2023:00:32:09 -0500] "GET /sipse/faces/javax.faces.resource/layout/layout.css?ln=primefaces&v=4.0 HTTP/1.1" 304 -
186.30.51.53 - - [14/Dec/2023:00:32:09 -0500] "GET /sipse/faces/javax.faces.resource/jquery/jquery.js?ln=primefaces&v=4.0 HTTP/1.1" 304 -
186.30.51.53 - - [14/Dec/2023:00:32:09 -0500] "GET /sipse/faces/javax.faces.resource/jquery/jquery-plugins.js?ln=primefaces&v=4.0 HTTP/1.1" 304 -
186.30.51.53 - - [14/Dec/2023:00:32:09 -0500] "GET /sipse/faces/javax.faces.resource/primefaces.js?ln=primefaces&v=4.0 HTTP/1.1" 304 -
186.30.51.53 - - [14/Dec/2023:00:32:09 -0500] "GET /sipse/faces/javax.faces.resource/layout/layout.js?ln=primefaces&v=4.0 HTTP/1.1" 304 -
186.30.51.53 - - [14/Dec/2023:00:32:14 -0500] "POST /sipse/faces/presentacion/financiero/solicitudProceso/consultarSolicitudProceso.xhtml HTTP/1.1" 200 50435
186.30.51.53 - - [14/Dec/2023:00:32:16 -0500] "GET /sipse/faces/javax.faces.resource/theme.css?ln=primefaces-sipse HTTP/1.1" 304 -
186.30.51.53 - - [14/Dec/2023:00:32:16 -0500] "GET /sipse/faces/javax.faces.resource/primefaces.css?ln=primefaces&v=4.0 HTTP/1.1" 304 -
186.30.51.53 - - [14/Dec/2023:00:32:16 -0500] "GET /sipse/faces/javax.faces.resource/layout/layout.css?ln=primefaces&v=4.0 HTTP/1.1" 304 -
186.30.51.53 - - [14/Dec/2023:00:32:16 -0500] "GET /sipse/faces/javax.faces.resource/jquery/jquery.js?ln=primefaces&v=4.0 HTTP/1.1" 304 -
186.30.51.53 - - [14/Dec/2023:00:32:16 -0500] "GET /sipse/faces/javax.faces.resource/jquery/jquery-plugins.js?ln=primefaces&v=4.0 HTTP/1.1" 304 -
186.30.51.53 - - [14/Dec/2023:00:32:16 -0500] "GET /sipse/faces/javax.faces.resource/primefaces.js?ln=primefaces&v=4.0 HTTP/1.1" 304 -
186.30.51.53 - - [14/Dec/2023:00:32:16 -0500] "GET /sipse/faces/javax.faces.resource/layout/layout.js?ln=primefaces&v=4.0 HTTP/1.1" 304 -
186.30.51.53 - - [14/Dec/2023:00:32:16 -0500] "POST /sipse/faces/presentacion/financiero/solicitudProceso/listarSolicitudProceso.xhtml HTTP/1.1" 200 1468
216.244.66.195 - - [14/Dec/2023:00:32:23 -0500] "GET /BLA/resoluciones/AUTOS%202016/0922.pdf HTTP/1.1" 200 531609
172.22.2.4 - - [14/Dec/2023:00:30:45 -0500] "GET /BLA/boletinlegal/ HTTP/1.1" 200 60634
216.244.66.195 - - [14/Dec/2023:00:32:58 -0500] "GET /BLA/resoluciones/AUTOS%202016/0924.pdf HTTP/1.1" 200 533556
216.245.221.92 - - [14/Dec/2023:00:32:58 -0500] "HEAD / HTTP/1.1" 200 -
201.245.192.253 - - [14/Dec/2023:00:33:06 -0500] "POST /kwsrmcab/Wsrmcab  HTTP/1.1" 200 37894
201.245.192.253 - - [14/Dec/2023:00:33:15 -0500] "POST /forms/lservlet;jsessionid=ac16012b30d68f87e6b31bdd4159a82faa45787d3329.e3iSbxaKaheRe34Qc38TbN0Nb41ynknvrkLOlQzNp65In0 HTTP/1.1" 200 2
216.244.66.195 - - [14/Dec/2023:00:33:30 -0500] "GET /BLA/resoluciones/AUTOS%202016/0927.pdf HTTP/1.1" 200 571912
201.245.192.253 - - [14/Dec/2023:00:33:55 -0500] "POST /forms/lservlet;jsessionid=ac16012b30d665b9d6b5cea24731bd918aefbc6c9e46.e3iSbxaKaheRe34Qc38TbN0Nb41ynknvrkLOlQzNp65In0 HTTP/1.1" 200 2
216.244.66.195 - - [14/Dec/2023:00:33:58 -0500] "GET /BLA/resoluciones/AUTOS%202016/0931.pdf HTTP/1.1" 200 498048
157.55.39.53 - - [14/Dec/2023:00:34:20 -0500] "GET /BLA/resoluciones/index.php HTTP/1.1" 200 13696
216.244.66.195 - - [14/Dec/2023:00:34:28 -0500] "GET /BLA/resoluciones/AUTOS%202016/1323.pdf HTTP/1.1" 200 317038
52.167.144.197 - - [14/Dec/2023:00:34:39 -0500] "GET /BLA/resoluciones/dlf/styles.css HTTP/1.1" 200 3049
216.244.66.195 - - [14/Dec/2023:00:34:53 -0500] "GET /BLA/resoluciones/AUTOS%202016/1366.pdf HTTP/1.1" 200 435575
201.245.192.253 - - [14/Dec/2023:00:35:15 -0500] "POST /forms/lservlet;jsessionid=ac16012b30d68f87e6b31bdd4159a82faa45787d3329.e3iSbxaKaheRe34Qc38TbN0Nb41ynknvrkLOlQzNp65In0 HTTP/1.1" 200 2
216.244.66.195 - - [14/Dec/2023:00:35:18 -0500] "GET /BLA/resoluciones/AUTOS%202016/1970.pdf HTTP/1.1" 200 685800
216.244.66.195 - - [14/Dec/2023:00:35:42 -0500] "GET /BLA/resoluciones/AUTOS%202016/2006.pdf HTTP/1.1" 200 308276
201.245.192.253 - - [14/Dec/2023:00:35:55 -0500] "POST /forms/lservlet;jsessionid=ac16012b30d665b9d6b5cea24731bd918aefbc6c9e46.e3iSbxaKaheRe34Qc38TbN0Nb41ynknvrkLOlQzNp65In0 HTTP/1.1" 200 2
190.27.185.40 - - [14/Dec/2023:00:36:03 -0500] "POST /sipse/faces/presentacion/financiero/solicitudProceso/consultarSolicitudProceso.xhtml HTTP/1.1" 200 38145
190.27.185.40 - - [14/Dec/2023:00:36:04 -0500] "GET /sipse/faces/javax.faces.resource/layout/layout.css?ln=primefaces&v=4.0 HTTP/1.1" 200 542
190.27.185.40 - - [14/Dec/2023:00:36:04 -0500] "GET /sipse/faces/javax.faces.resource/jquery/jquery.js?ln=primefaces&v=4.0 HTTP/1.1" 304 -
190.27.185.40 - - [14/Dec/2023:00:36:04 -0500] "GET /sipse/faces/javax.faces.resource/jquery/jquery-plugins.js?ln=primefaces&v=4.0 HTTP/1.1" 304 -
190.27.185.40 - - [14/Dec/2023:00:36:04 -0500] "GET /sipse/faces/javax.faces.resource/primefaces.js?ln=primefaces&v=4.0 HTTP/1.1" 304 -
190.27.185.40 - - [14/Dec/2023:00:36:04 -0500] "GET /sipse/faces/javax.faces.resource/layout/layout.js?ln=primefaces&v=4.0 HTTP/1.1" 304 -
190.27.185.40 - - [14/Dec/2023:00:36:04 -0500] "GET /sipse/faces/javax.faces.resource/theme.css?ln=primefaces-sipse HTTP/1.1" 200 50058
190.27.185.40 - - [14/Dec/2023:00:36:04 -0500] "GET /sipse/faces/javax.faces.resource/primefaces.css?ln=primefaces&v=4.0 HTTP/1.1" 200 53295
190.27.185.40 - - [14/Dec/2023:00:36:04 -0500] "GET /sipse/faces/javax.faces.resource/images/ui-icons_898989_256x240.png?ln=primefaces-aristo HTTP/1.1" 200 5355
190.27.185.40 - - [14/Dec/2023:00:36:04 -0500] "GET /sipse/faces/javax.faces.resource/images/ui-bg_flat_0_2d5972_40x100.png?ln=primefaces-aristo HTTP/1.1" 200 183
190.27.185.40 - - [14/Dec/2023:00:36:04 -0500] "POST /sipse/faces/presentacion/financiero/solicitudProceso/listarSolicitudProceso.xhtml HTTP/1.1" 200 1396
190.27.185.40 - - [14/Dec/2023:00:36:04 -0500] "POST /sipse/faces/presentacion/financiero/solicitudProceso/listarSolicitudProceso.xhtml HTTP/1.1" 200 1392
216.244.66.195 - - [14/Dec/2023:00:36:07 -0500] "GET /BLA/resoluciones/AUTOS%202016/2167.pdf HTTP/1.1" 200 461970
190.27.185.40 - - [14/Dec/2023:00:36:07 -0500] "POST /sipse/faces/presentacion/financiero/solicitudProceso/listarSolicitudProceso.xhtml HTTP/1.1" 200 32240
201.245.192.253 - - [14/Dec/2023:00:36:05 -0500] "POST /kwsrmcab/Wsrmcab HTTP/1.1" 200 37873
190.27.185.40 - - [14/Dec/2023:00:36:08 -0500] "POST /sipse/faces/presentacion/financiero/solicitudProceso/listarSolicitudProceso.xhtml HTTP/1.1" 200 2305
190.27.185.40 - - [14/Dec/2023:00:36:09 -0500] "POST /sipse/faces/presentacion/financiero/solicitudProceso/listarSolicitudProceso.xhtml HTTP/1.1" 200 5107
201.245.192.253 - - [14/Dec/2023:00:36:08 -0500] "POST /kwsrmcab/Wsrmcab HTTP/1.1" 200 38508
190.27.185.40 - - [14/Dec/2023:00:36:10 -0500] "POST /sipse/faces/presentacion/financiero/solicitudProceso/listarSolicitudProceso.xhtml HTTP/1.1" 200 32252
190.27.185.40 - - [14/Dec/2023:00:36:11 -0500] "POST /sipse/faces/presentacion/financiero/solicitudProceso/listarSolicitudProceso.xhtml HTTP/1.1" 200 32552
190.27.185.40 - - [14/Dec/2023:00:36:12 -0500] "POST /sipse/faces/presentacion/financiero/solicitudProceso/listarSolicitudProceso.xhtml HTTP/1.1" 200 5261
190.27.185.40 - - [14/Dec/2023:00:36:15 -0500] "POST /sipse/faces/presentacion/financiero/solicitudProceso/listarSolicitudProceso.xhtml HTTP/1.1" 200 113992
190.27.185.40 - - [14/Dec/2023:00:36:16 -0500] "GET /sipse/faces/javax.faces.resource/jquery/jquery.js?ln=primefaces&v=4.0 HTTP/1.1" 304 -
190.27.185.40 - - [14/Dec/2023:00:36:16 -0500] "GET /sipse/faces/javax.faces.resource/jquery/jquery-plugins.js?ln=primefaces&v=4.0 HTTP/1.1" 304 -
190.27.185.40 - - [14/Dec/2023:00:36:16 -0500] "GET /sipse/faces/javax.faces.resource/primefaces.js?ln=primefaces&v=4.0 HTTP/1.1" 304 -
190.27.185.40 - - [14/Dec/2023:00:36:16 -0500] "GET /sipse/faces/javax.faces.resource/layout/layout.js?ln=primefaces&v=4.0 HTTP/1.1" 304 -
216.244.66.195 - - [14/Dec/2023:00:36:28 -0500] "GET /BLA/resoluciones/AUTOS%202016/2447.pdf HTTP/1.1" 200 302102
190.27.185.40 - - [14/Dec/2023:00:36:28 -0500] "POST /sipse/faces/presentacion/financiero/solicitudProceso/consultarSolicitudProceso.xhtml HTTP/1.1" 200 19425
190.27.185.40 - - [14/Dec/2023:00:36:28 -0500] "GET /sipse/faces/javax.faces.resource/theme.css?ln=primefaces-sipse HTTP/1.1" 304 -
190.27.185.40 - - [14/Dec/2023:00:36:28 -0500] "GET /sipse/faces/javax.faces.resource/primefaces.css?ln=primefaces&v=4.0 HTTP/1.1" 304 -
190.27.185.40 - - [14/Dec/2023:00:36:28 -0500] "GET /sipse/faces/javax.faces.resource/layout/layout.css?ln=primefaces&v=4.0 HTTP/1.1" 304 -
190.27.185.40 - - [14/Dec/2023:00:36:28 -0500] "GET /sipse/faces/javax.faces.resource/jquery/jquery.js?ln=primefaces&v=4.0 HTTP/1.1" 304 -
190.27.185.40 - - [14/Dec/2023:00:36:28 -0500] "GET /sipse/faces/javax.faces.resource/jquery/jquery-plugins.js?ln=primefaces&v=4.0 HTTP/1.1" 304 -
190.27.185.40 - - [14/Dec/2023:00:36:28 -0500] "GET /sipse/faces/javax.faces.resource/primefaces.js?ln=primefaces&v=4.0 HTTP/1.1" 304 -
190.27.185.40 - - [14/Dec/2023:00:36:28 -0500] "GET /sipse/faces/javax.faces.resource/layout/layout.js?ln=primefaces&v=4.0 HTTP/1.1" 304 -
190.27.185.40 - - [14/Dec/2023:00:36:28 -0500] "GET /sipse/faces/javax.faces.resource/fileupload/fileupload.css?ln=primefaces&v=4.0 HTTP/1.1" 200 1330
190.27.185.40 - - [14/Dec/2023:00:36:28 -0500] "GET /sipse/faces/javax.faces.resource/fileupload/fileupload.js?ln=primefaces&v=4.0 HTTP/1.1" 304 -
190.27.185.40 - - [14/Dec/2023:00:36:28 -0500] "GET /sipse/faces/javax.faces.resource/images/ui-icons_898989_256x240.png?ln=primefaces-aristo HTTP/1.1" 304 -
190.27.185.40 - - [14/Dec/2023:00:36:38 -0500] "POST /sipse/faces/presentacion/sistema/anexos/cargarAnexoSolicitudProceso.xhtml HTTP/1.1" 200 161386
190.27.185.40 - - [14/Dec/2023:00:36:38 -0500] "GET /sipse/faces/javax.faces.resource/theme.css?ln=primefaces-sipse HTTP/1.1" 304 -
190.27.185.40 - - [14/Dec/2023:00:36:38 -0500] "GET /sipse/faces/javax.faces.resource/primefaces.css?ln=primefaces&v=4.0 HTTP/1.1" 304 -
190.27.185.40 - - [14/Dec/2023:00:36:38 -0500] "GET /sipse/faces/javax.faces.resource/layout/layout.css?ln=primefaces&v=4.0 HTTP/1.1" 304 -
190.27.185.40 - - [14/Dec/2023:00:36:38 -0500] "GET /sipse/faces/javax.faces.resource/jquery/jquery.js?ln=primefaces&v=4.0 HTTP/1.1" 304 -
190.27.185.40 - - [14/Dec/2023:00:36:38 -0500] "GET /sipse/faces/javax.faces.resource/jquery/jquery-plugins.js?ln=primefaces&v=4.0 HTTP/1.1" 304 -
190.27.185.40 - - [14/Dec/2023:00:36:38 -0500] "GET /sipse/faces/javax.faces.resource/primefaces.js?ln=primefaces&v=4.0 HTTP/1.1" 304 -
190.27.185.40 - - [14/Dec/2023:00:36:38 -0500] "GET /sipse/faces/javax.faces.resource/layout/layout.js?ln=primefaces&v=4.0 HTTP/1.1" 304 -
190.27.185.40 - - [14/Dec/2023:00:36:38 -0500] "GET /sipse/faces/javax.faces.resource/images/ui-icons_898989_256x240.png?ln=primefaces-aristo HTTP/1.1" 304 -
190.27.185.40 - - [14/Dec/2023:00:36:43 -0500] "POST /sipse/faces/presentacion/financiero/solicitudProceso/consultarSolicitudProceso.xhtml HTTP/1.1" 200 162044
190.27.185.40 - - [14/Dec/2023:00:36:44 -0500] "GET /sipse/faces/javax.faces.resource/theme.css?ln=primefaces-sipse HTTP/1.1" 304 -
190.27.185.40 - - [14/Dec/2023:00:36:44 -0500] "GET /sipse/faces/javax.faces.resource/primefaces.css?ln=primefaces&v=4.0 HTTP/1.1" 304 -
190.27.185.40 - - [14/Dec/2023:00:36:44 -0500] "GET /sipse/faces/javax.faces.resource/layout/layout.css?ln=primefaces&v=4.0 HTTP/1.1" 304 -
190.27.185.40 - - [14/Dec/2023:00:36:44 -0500] "GET /sipse/faces/javax.faces.resource/jquery/jquery.js?ln=primefaces&v=4.0 HTTP/1.1" 304 -
190.27.185.40 - - [14/Dec/2023:00:36:44 -0500] "GET /sipse/faces/javax.faces.resource/jquery/jquery-plugins.js?ln=primefaces&v=4.0 HTTP/1.1" 304 -
190.27.185.40 - - [14/Dec/2023:00:36:44 -0500] "GET /sipse/faces/javax.faces.resource/primefaces.js?ln=primefaces&v=4.0 HTTP/1.1" 304 -
190.27.185.40 - - [14/Dec/2023:00:36:44 -0500] "GET /sipse/faces/javax.faces.resource/layout/layout.js?ln=primefaces&v=4.0 HTTP/1.1" 304 -
190.27.185.40 - - [14/Dec/2023:00:36:44 -0500] "GET /sipse/faces/javax.faces.resource/images/ui-icons_898989_256x240.png?ln=primefaces-aristo HTTP/1.1" 304 -
216.244.66.195 - - [14/Dec/2023:00:36:48 -0500] "GET /BLA/resoluciones/AUTOS%202016/2544.pdf HTTP/1.1" 200 514297
190.27.185.40 - - [14/Dec/2023:00:36:55 -0500] "GET /sipse/faces/javax.faces.resource/images/ui-bg_flat_0_2d5972_40x100.png?ln=primefaces-aristo HTTP/1.1" 304 -
190.27.185.40 - - [14/Dec/2023:00:36:55 -0500] "POST /sipse/faces/presentacion/financiero/solicitudProceso/consultarSolicitudProceso.xhtml HTTP/1.1" 200 35158
190.27.185.40 - - [14/Dec/2023:00:36:57 -0500] "GET /sipse/faces/javax.faces.resource/jquery/jquery.js?ln=primefaces&v=4.0 HTTP/1.1" 304 -
190.27.185.40 - - [14/Dec/2023:00:36:57 -0500] "GET /sipse/faces/javax.faces.resource/jquery/jquery-plugins.js?ln=primefaces&v=4.0 HTTP/1.1" 304 -
190.27.185.40 - - [14/Dec/2023:00:36:57 -0500] "GET /sipse/faces/javax.faces.resource/primefaces.js?ln=primefaces&v=4.0 HTTP/1.1" 304 -
190.27.185.40 - - [14/Dec/2023:00:36:57 -0500] "GET /sipse/faces/javax.faces.resource/layout/layout.js?ln=primefaces&v=4.0 HTTP/1.1" 304 -
190.27.185.40 - - [14/Dec/2023:00:36:57 -0500] "GET /sipse/faces/javax.faces.resource/messages/messages.png?ln=primefaces&v=4.0 HTTP/1.1" 200 27209
190.27.185.40 - - [14/Dec/2023:00:36:57 -0500] "POST /sipse/faces/presentacion/financiero/solicitudProceso/listarSolicitudProceso.xhtml HTTP/1.1" 200 1396
190.27.185.40 - - [14/Dec/2023:00:36:57 -0500] "POST /sipse/faces/presentacion/financiero/solicitudProceso/listarSolicitudProceso.xhtml HTTP/1.1" 200 1392
190.27.185.40 - - [14/Dec/2023:00:36:58 -0500] "POST /sipse/faces/presentacion/financiero/solicitudProceso/listarSolicitudProceso.xhtml HTTP/1.1" 200 2101
190.27.185.40 - - [14/Dec/2023:00:36:59 -0500] "POST /sipse/faces/presentacion/financiero/solicitudProceso/listarSolicitudProceso.xhtml HTTP/1.1" 200 38440
190.27.185.40 - - [14/Dec/2023:00:36:59 -0500] "GET /sipse/faces/javax.faces.resource/jquery/jquery.js?ln=primefaces&v=4.0 HTTP/1.1" 304 -
190.27.185.40 - - [14/Dec/2023:00:36:59 -0500] "GET /sipse/faces/javax.faces.resource/jquery/jquery-plugins.js?ln=primefaces&v=4.0 HTTP/1.1" 304 -
190.27.185.40 - - [14/Dec/2023:00:36:59 -0500] "GET /sipse/faces/javax.faces.resource/primefaces.js?ln=primefaces&v=4.0 HTTP/1.1" 304 -
190.27.185.40 - - [14/Dec/2023:00:36:59 -0500] "GET /sipse/faces/javax.faces.resource/layout/layout.js?ln=primefaces&v=4.0 HTTP/1.1" 304 -
190.27.185.40 - - [14/Dec/2023:00:36:59 -0500] "POST /sipse/faces/presentacion/financiero/solicitudProceso/consultar.xhtml HTTP/1.1" 200 31737
190.27.185.40 - - [14/Dec/2023:00:37:05 -0500] "POST /sipse/faces/presentacion/financiero/solicitudProceso/consultar.xhtml HTTP/1.1" 200 12879
216.244.66.195 - - [14/Dec/2023:00:37:09 -0500] "GET /BLA/resoluciones/AUTOS%202016/2545.pdf HTTP/1.1" 200 519434
201.245.192.253 - - [14/Dec/2023:00:37:15 -0500] "POST /forms/lservlet;jsessionid=ac16012b30d68f87e6b31bdd4159a82faa45787d3329.e3iSbxaKaheRe34Qc38TbN0Nb41ynknvrkLOlQzNp65In0 HTTP/1.1" 200 2
172.22.2.4 - - [14/Dec/2023:00:35:44 -0500] "HEAD /BLA/boletinlegal/ HTTP/1.1" 200 -
216.244.66.195 - - [14/Dec/2023:00:37:29 -0500] "GET /BLA/resoluciones/AUTOS%202016/2671.pdf HTTP/1.1" 200 529551
216.244.66.195 - - [14/Dec/2023:00:37:47 -0500] "GET /BLA/resoluciones/AUTOS%202016/2683.pdf HTTP/1.1" 200 446085
201.245.192.253 - - [14/Dec/2023:00:37:55 -0500] "POST /forms/lservlet;jsessionid=ac16012b30d665b9d6b5cea24731bd918aefbc6c9e46.e3iSbxaKaheRe34Qc38TbN0Nb41ynknvrkLOlQzNp65In0 HTTP/1.1" 200 2
216.245.221.92 - - [14/Dec/2023:00:37:58 -0500] "HEAD / HTTP/1.1" 200 -
216.244.66.195 - - [14/Dec/2023:00:38:03 -0500] "GET /BLA/resoluciones/AUTOS%202016/2699.pdf HTTP/1.1" 200 514525
201.245.192.253 - - [14/Dec/2023:00:38:04 -0500] "POST /kwsrmcab/Wsrmcab  HTTP/1.1" 200 37894
172.22.2.4 - - [14/Dec/2023:00:36:35 -0500] "GET /BLA/boletinlegal/ HTTP/1.1" 200 58644
216.244.66.195 - - [14/Dec/2023:00:38:36 -0500] "GET /BLA/resoluciones/AUTOS%202016/3019.pdf HTTP/1.1" 200 444579
186.30.51.53 - - [14/Dec/2023:00:38:36 -0500] "POST /sipse/faces/presentacion/financiero/solicitudProceso/listarSolicitudProceso.xhtml HTTP/1.1" 200 116397
186.30.51.53 - - [14/Dec/2023:00:38:37 -0500] "GET /sipse/faces/javax.faces.resource/layout/layout.css?ln=primefaces&v=4.0 HTTP/1.1" 304 -
186.30.51.53 - - [14/Dec/2023:00:38:37 -0500] "GET /sipse/faces/javax.faces.resource/theme.css?ln=primefaces-sipse HTTP/1.1" 304 -
186.30.51.53 - - [14/Dec/2023:00:38:37 -0500] "GET /sipse/faces/javax.faces.resource/primefaces.css?ln=primefaces&v=4.0 HTTP/1.1" 304 -
186.30.51.53 - - [14/Dec/2023:00:38:37 -0500] "GET /sipse/faces/javax.faces.resource/jquery/jquery.js?ln=primefaces&v=4.0 HTTP/1.1" 304 -
186.30.51.53 - - [14/Dec/2023:00:38:37 -0500] "GET /sipse/faces/javax.faces.resource/jquery/jquery-plugins.js?ln=primefaces&v=4.0 HTTP/1.1" 304 -
186.30.51.53 - - [14/Dec/2023:00:38:37 -0500] "GET /sipse/faces/javax.faces.resource/primefaces.js?ln=primefaces&v=4.0 HTTP/1.1" 304 -
186.30.51.53 - - [14/Dec/2023:00:38:37 -0500] "GET /sipse/faces/javax.faces.resource/layout/layout.js?ln=primefaces&v=4.0 HTTP/1.1" 304 -
216.244.66.195 - - [14/Dec/2023:00:39:02 -0500] "GET /BLA/resoluciones/AUTOS%202005/2884.pdf HTTP/1.1" 200 326503
190.27.185.40 - - [14/Dec/2023:00:39:14 -0500] "POST /sipse/faces/presentacion/financiero/solicitudProceso/consultar.xhtml HTTP/1.1" 200 5058
190.27.185.40 - - [14/Dec/2023:00:39:14 -0500] "POST /sipse/faces/presentacion/financiero/solicitudProceso/consultar.xhtml HTTP/1.1" 200 2286
190.27.185.40 - - [14/Dec/2023:00:39:14 -0500] "POST /sipse/faces/presentacion/financiero/solicitudProceso/consultar.xhtml HTTP/1.1" 200 2290
201.245.192.253 - - [14/Dec/2023:00:39:15 -0500] "POST /forms/lservlet;jsessionid=ac16012b30d68f87e6b31bdd4159a82faa45787d3329.e3iSbxaKaheRe34Qc38TbN0Nb41ynknvrkLOlQzNp65In0 HTTP/1.1" 200 2
190.27.185.40 - - [14/Dec/2023:00:39:17 -0500] "POST /sipse/faces/presentacion/financiero/solicitudProceso/consultar.xhtml HTTP/1.1" 200 5054
190.27.185.40 - - [14/Dec/2023:00:39:25 -0500] "POST /sipse/faces/presentacion/financiero/solicitudProceso/consultar.xhtml HTTP/1.1" 200 2286
190.27.185.40 - - [14/Dec/2023:00:39:26 -0500] "POST /sipse/faces/presentacion/financiero/solicitudProceso/consultar.xhtml HTTP/1.1" 200 2290
216.244.66.195 - - [14/Dec/2023:00:39:27 -0500] "GET /BLA/resoluciones/AUTOS%202016/0488.pdf HTTP/1.1" 200 201680
190.27.185.40 - - [14/Dec/2023:00:39:28 -0500] "POST /sipse/faces/presentacion/financiero/solicitudProceso/consultar.xhtml HTTP/1.1" 200 35235
190.27.185.40 - - [14/Dec/2023:00:39:28 -0500] "GET /sipse/faces/javax.faces.resource/jquery/jquery.js?ln=primefaces&v=4.0 HTTP/1.1" 304 -
190.27.185.40 - - [14/Dec/2023:00:39:28 -0500] "GET /sipse/faces/javax.faces.resource/jquery/jquery-plugins.js?ln=primefaces&v=4.0 HTTP/1.1" 304 -
190.27.185.40 - - [14/Dec/2023:00:39:28 -0500] "GET /sipse/faces/javax.faces.resource/primefaces.js?ln=primefaces&v=4.0 HTTP/1.1" 304 -
190.27.185.40 - - [14/Dec/2023:00:39:28 -0500] "GET /sipse/faces/javax.faces.resource/layout/layout.js?ln=primefaces&v=4.0 HTTP/1.1" 304 -
190.27.185.40 - - [14/Dec/2023:00:39:28 -0500] "POST /sipse/faces/presentacion/financiero/solicitudProceso/listarSolicitudProceso.xhtml HTTP/1.1" 200 28506
190.27.185.40 - - [14/Dec/2023:00:39:28 -0500] "POST /sipse/faces/presentacion/financiero/solicitudProceso/listarSolicitudProceso.xhtml HTTP/1.1" 200 28506
190.27.185.40 - - [14/Dec/2023:00:39:29 -0500] "POST /sipse/faces/presentacion/financiero/solicitudProceso/listarSolicitudProceso.xhtml HTTP/1.1" 200 1396
190.27.185.40 - - [14/Dec/2023:00:39:29 -0500] "POST /sipse/faces/presentacion/financiero/solicitudProceso/listarSolicitudProceso.xhtml HTTP/1.1" 200 1392
190.27.185.40 - - [14/Dec/2023:00:39:29 -0500] "POST /sipse/faces/presentacion/financiero/solicitudProceso/listarSolicitudProceso.xhtml HTTP/1.1" 200 1400
186.30.51.53 - - [14/Dec/2023:00:39:29 -0500] "POST /sipse/faces/presentacion/financiero/solicitudProceso/consultarSolicitudProceso.xhtml HTTP/1.1" 200 268700
190.27.185.40 - - [14/Dec/2023:00:39:31 -0500] "POST /sipse/faces/presentacion/financiero/solicitudProceso/listarSolicitudProceso.xhtml HTTP/1.1" 200 32265
190.27.185.40 - - [14/Dec/2023:00:39:31 -0500] "POST /sipse/faces/presentacion/financiero/solicitudProceso/listarSolicitudProceso.xhtml HTTP/1.1" 200 32269
190.27.185.40 - - [14/Dec/2023:00:39:32 -0500] "POST /sipse/faces/presentacion/financiero/solicitudProceso/listarSolicitudProceso.xhtml HTTP/1.1" 200 11305
190.27.185.40 - - [14/Dec/2023:00:39:33 -0500] "POST /sipse/faces/presentacion/financiero/solicitudProceso/listarSolicitudProceso.xhtml HTTP/1.1" 200 5228
190.27.185.40 - - [14/Dec/2023:00:39:35 -0500] "POST /sipse/faces/presentacion/financiero/solicitudProceso/listarSolicitudProceso.xhtml HTTP/1.1" 200 115379
190.27.185.40 - - [14/Dec/2023:00:39:36 -0500] "GET /sipse/faces/javax.faces.resource/jquery/jquery.js?ln=primefaces&v=4.0 HTTP/1.1" 304 -
190.27.185.40 - - [14/Dec/2023:00:39:36 -0500] "GET /sipse/faces/javax.faces.resource/jquery/jquery-plugins.js?ln=primefaces&v=4.0 HTTP/1.1" 304 -
190.27.185.40 - - [14/Dec/2023:00:39:36 -0500] "GET /sipse/faces/javax.faces.resource/primefaces.js?ln=primefaces&v=4.0 HTTP/1.1" 304 -
190.27.185.40 - - [14/Dec/2023:00:39:36 -0500] "GET /sipse/faces/javax.faces.resource/layout/layout.js?ln=primefaces&v=4.0 HTTP/1.1" 304 -
190.27.185.40 - - [14/Dec/2023:00:39:43 -0500] "POST /sipse/faces/presentacion/financiero/solicitudProceso/consultarSolicitudProceso.xhtml HTTP/1.1" 200 19998
190.27.185.40 - - [14/Dec/2023:00:39:43 -0500] "GET /sipse/faces/javax.faces.resource/theme.css?ln=primefaces-sipse HTTP/1.1" 304 -
190.27.185.40 - - [14/Dec/2023:00:39:43 -0500] "GET /sipse/faces/javax.faces.resource/primefaces.css?ln=primefaces&v=4.0 HTTP/1.1" 304 -
190.27.185.40 - - [14/Dec/2023:00:39:43 -0500] "GET /sipse/faces/javax.faces.resource/layout/layout.css?ln=primefaces&v=4.0 HTTP/1.1" 304 -
190.27.185.40 - - [14/Dec/2023:00:39:43 -0500] "GET /sipse/faces/javax.faces.resource/jquery/jquery.js?ln=primefaces&v=4.0 HTTP/1.1" 304 -
190.27.185.40 - - [14/Dec/2023:00:39:43 -0500] "GET /sipse/faces/javax.faces.resource/jquery/jquery-plugins.js?ln=primefaces&v=4.0 HTTP/1.1" 304 -
190.27.185.40 - - [14/Dec/2023:00:39:43 -0500] "GET /sipse/faces/javax.faces.resource/primefaces.js?ln=primefaces&v=4.0 HTTP/1.1" 304 -
190.27.185.40 - - [14/Dec/2023:00:39:43 -0500] "GET /sipse/faces/javax.faces.resource/layout/layout.js?ln=primefaces&v=4.0 HTTP/1.1" 304 -
190.27.185.40 - - [14/Dec/2023:00:39:43 -0500] "GET /sipse/faces/javax.faces.resource/fileupload/fileupload.css?ln=primefaces&v=4.0 HTTP/1.1" 304 -
190.27.185.40 - - [14/Dec/2023:00:39:43 -0500] "GET /sipse/faces/javax.faces.resource/fileupload/fileupload.js?ln=primefaces&v=4.0 HTTP/1.1" 304 -
190.27.185.40 - - [14/Dec/2023:00:39:43 -0500] "GET /sipse/faces/javax.faces.resource/images/ui-icons_898989_256x240.png?ln=primefaces-aristo HTTP/1.1" 304 -
216.244.66.195 - - [14/Dec/2023:00:39:51 -0500] "GET /BLA/resoluciones/AUTOS%202016/1060.pdf HTTP/1.1" 200 227979
201.245.192.253 - - [14/Dec/2023:00:39:55 -0500] "POST /forms/lservlet;jsessionid=ac16012b30d665b9d6b5cea24731bd918aefbc6c9e46.e3iSbxaKaheRe34Qc38TbN0Nb41ynknvrkLOlQzNp65In0 HTTP/1.1" 200 2
190.27.185.40 - - [14/Dec/2023:00:39:55 -0500] "POST /sipse/faces/presentacion/sistema/anexos/cargarAnexoSolicitudProceso.xhtml HTTP/1.1" 200 162773
190.27.185.40 - - [14/Dec/2023:00:39:55 -0500] "GET /sipse/faces/javax.faces.resource/theme.css?ln=primefaces-sipse HTTP/1.1" 304 -
190.27.185.40 - - [14/Dec/2023:00:39:55 -0500] "GET /sipse/faces/javax.faces.resource/primefaces.css?ln=primefaces&v=4.0 HTTP/1.1" 304 -
190.27.185.40 - - [14/Dec/2023:00:39:55 -0500] "GET /sipse/faces/javax.faces.resource/layout/layout.css?ln=primefaces&v=4.0 HTTP/1.1" 304 -
190.27.185.40 - - [14/Dec/2023:00:39:55 -0500] "GET /sipse/faces/javax.faces.resource/jquery/jquery.js?ln=primefaces&v=4.0 HTTP/1.1" 304 -
190.27.185.40 - - [14/Dec/2023:00:39:55 -0500] "GET /sipse/faces/javax.faces.resource/jquery/jquery-plugins.js?ln=primefaces&v=4.0 HTTP/1.1" 304 -
190.27.185.40 - - [14/Dec/2023:00:39:55 -0500] "GET /sipse/faces/javax.faces.resource/primefaces.js?ln=primefaces&v=4.0 HTTP/1.1" 304 -
190.27.185.40 - - [14/Dec/2023:00:39:55 -0500] "GET /sipse/faces/javax.faces.resource/layout/layout.js?ln=primefaces&v=4.0 HTTP/1.1" 304 -
190.27.185.40 - - [14/Dec/2023:00:39:56 -0500] "GET /sipse/faces/javax.faces.resource/images/ui-icons_898989_256x240.png?ln=primefaces-aristo HTTP/1.1" 304 -
201.245.192.253 - - [14/Dec/2023:00:39:55 -0500] "POST /kwsrmcab/Wsrmcab HTTP/1.1" 200 37873
201.245.192.253 - - [14/Dec/2023:00:39:58 -0500] "POST /kwsrmcab/Wsrmcab HTTP/1.1" 200 38508
190.27.185.40 - - [14/Dec/2023:00:40:02 -0500] "POST /sipse/faces/presentacion/financiero/solicitudProceso/consultarSolicitudProceso.xhtml HTTP/1.1" 200 163431
190.27.185.40 - - [14/Dec/2023:00:40:03 -0500] "GET /sipse/faces/javax.faces.resource/primefaces.css?ln=primefaces&v=4.0 HTTP/1.1" 304 -
190.27.185.40 - - [14/Dec/2023:00:40:03 -0500] "GET /sipse/faces/javax.faces.resource/theme.css?ln=primefaces-sipse HTTP/1.1" 304 -
190.27.185.40 - - [14/Dec/2023:00:40:03 -0500] "GET /sipse/faces/javax.faces.resource/jquery/jquery.js?ln=primefaces&v=4.0 HTTP/1.1" 304 -
190.27.185.40 - - [14/Dec/2023:00:40:03 -0500] "GET /sipse/faces/javax.faces.resource/layout/layout.css?ln=primefaces&v=4.0 HTTP/1.1" 304 -
190.27.185.40 - - [14/Dec/2023:00:40:03 -0500] "GET /sipse/faces/javax.faces.resource/jquery/jquery-plugins.js?ln=primefaces&v=4.0 HTTP/1.1" 304 -
190.27.185.40 - - [14/Dec/2023:00:40:03 -0500] "GET /sipse/faces/javax.faces.resource/primefaces.js?ln=primefaces&v=4.0 HTTP/1.1" 304 -
190.27.185.40 - - [14/Dec/2023:00:40:03 -0500] "GET /sipse/faces/javax.faces.resource/layout/layout.js?ln=primefaces&v=4.0 HTTP/1.1" 304 -
190.27.185.40 - - [14/Dec/2023:00:40:03 -0500] "GET /sipse/faces/javax.faces.resource/images/ui-icons_898989_256x240.png?ln=primefaces-aristo HTTP/1.1" 304 -
216.244.66.195 - - [14/Dec/2023:00:40:14 -0500] "GET /BLA/resoluciones/AUTOS%202007/1882.pdf HTTP/1.1" 200 78562
190.27.185.40 - - [14/Dec/2023:00:40:16 -0500] "GET /sipse/faces/javax.faces.resource/images/ui-bg_flat_0_2d5972_40x100.png?ln=primefaces-aristo HTTP/1.1" 304 -
190.27.185.40 - - [14/Dec/2023:00:40:16 -0500] "POST /sipse/faces/presentacion/financiero/solicitudProceso/consultarSolicitudProceso.xhtml HTTP/1.1" 200 35730
190.27.185.40 - - [14/Dec/2023:00:40:18 -0500] "GET /sipse/faces/javax.faces.resource/jquery/jquery.js?ln=primefaces&v=4.0 HTTP/1.1" 304 -
190.27.185.40 - - [14/Dec/2023:00:40:18 -0500] "GET /sipse/faces/javax.faces.resource/jquery/jquery-plugins.js?ln=primefaces&v=4.0 HTTP/1.1" 304 -
190.27.185.40 - - [14/Dec/2023:00:40:18 -0500] "GET /sipse/faces/javax.faces.resource/primefaces.js?ln=primefaces&v=4.0 HTTP/1.1" 304 -
190.27.185.40 - - [14/Dec/2023:00:40:18 -0500] "GET /sipse/faces/javax.faces.resource/layout/layout.js?ln=primefaces&v=4.0 HTTP/1.1" 304 -
190.27.185.40 - - [14/Dec/2023:00:40:18 -0500] "GET /sipse/faces/javax.faces.resource/messages/messages.png?ln=primefaces&v=4.0 HTTP/1.1" 304 -
190.27.185.40 - - [14/Dec/2023:00:40:18 -0500] "POST /sipse/faces/presentacion/financiero/solicitudProceso/listarSolicitudProceso.xhtml HTTP/1.1" 200 1396
190.27.185.40 - - [14/Dec/2023:00:40:18 -0500] "POST /sipse/faces/presentacion/financiero/solicitudProceso/listarSolicitudProceso.xhtml HTTP/1.1" 200 1392
186.30.51.53 - - [14/Dec/2023:00:40:19 -0500] "GET /sipse/faces/javax.faces.resource/theme.css?ln=primefaces-sipse HTTP/1.1" 304 -
186.30.51.53 - - [14/Dec/2023:00:40:19 -0500] "GET /sipse/faces/javax.faces.resource/primefaces.css?ln=primefaces&v=4.0 HTTP/1.1" 304 -
186.30.51.53 - - [14/Dec/2023:00:40:19 -0500] "GET /sipse/faces/javax.faces.resource/jquery/jquery-plugins.js?ln=primefaces&v=4.0 HTTP/1.1" 304 -
186.30.51.53 - - [14/Dec/2023:00:40:19 -0500] "GET /sipse/faces/javax.faces.resource/layout/layout.css?ln=primefaces&v=4.0 HTTP/1.1" 304 -
186.30.51.53 - - [14/Dec/2023:00:40:19 -0500] "GET /sipse/faces/javax.faces.resource/jquery/jquery.js?ln=primefaces&v=4.0 HTTP/1.1" 304 -
186.30.51.53 - - [14/Dec/2023:00:40:19 -0500] "GET /sipse/faces/javax.faces.resource/primefaces.js?ln=primefaces&v=4.0 HTTP/1.1" 304 -
186.30.51.53 - - [14/Dec/2023:00:40:19 -0500] "GET /sipse/faces/javax.faces.resource/layout/layout.js?ln=primefaces&v=4.0 HTTP/1.1" 304 -
186.30.51.53 - - [14/Dec/2023:00:40:19 -0500] "POST /sipse/faces/presentacion/financiero/solicitudProceso/consultarSolicitudProceso.xhtml HTTP/1.1" 200 162016
190.27.185.40 - - [14/Dec/2023:00:40:21 -0500] "POST /sipse/faces/presentacion/financiero/solicitudProceso/listarSolicitudProceso.xhtml HTTP/1.1" 200 41552
190.27.185.40 - - [14/Dec/2023:00:40:21 -0500] "GET /sipse/faces/javax.faces.resource/jquery/jquery.js?ln=primefaces&v=4.0 HTTP/1.1" 304 -
190.27.185.40 - - [14/Dec/2023:00:40:21 -0500] "GET /sipse/faces/javax.faces.resource/jquery/jquery-plugins.js?ln=primefaces&v=4.0 HTTP/1.1" 304 -
190.27.185.40 - - [14/Dec/2023:00:40:21 -0500] "GET /sipse/faces/javax.faces.resource/primefaces.js?ln=primefaces&v=4.0 HTTP/1.1" 304 -
190.27.185.40 - - [14/Dec/2023:00:40:21 -0500] "GET /sipse/faces/javax.faces.resource/layout/layout.js?ln=primefaces&v=4.0 HTTP/1.1" 304 -
190.27.185.40 - - [14/Dec/2023:00:40:22 -0500] "POST /sipse/faces/presentacion/financiero/solicitudProceso/consultar.xhtml HTTP/1.1" 200 34849
190.27.185.40 - - [14/Dec/2023:00:40:26 -0500] "POST /sipse/faces/presentacion/financiero/solicitudProceso/consultar.xhtml HTTP/1.1" 200 12888
190.27.185.40 - - [14/Dec/2023:00:40:30 -0500] "POST /sipse/faces/presentacion/financiero/solicitudProceso/consultar.xhtml HTTP/1.1" 200 35234
190.27.185.40 - - [14/Dec/2023:00:40:30 -0500] "GET /sipse/faces/javax.faces.resource/jquery/jquery.js?ln=primefaces&v=4.0 HTTP/1.1" 304 -
190.27.185.40 - - [14/Dec/2023:00:40:30 -0500] "GET /sipse/faces/javax.faces.resource/jquery/jquery-plugins.js?ln=primefaces&v=4.0 HTTP/1.1" 304 -
190.27.185.40 - - [14/Dec/2023:00:40:30 -0500] "GET /sipse/faces/javax.faces.resource/primefaces.js?ln=primefaces&v=4.0 HTTP/1.1" 304 -
190.27.185.40 - - [14/Dec/2023:00:40:30 -0500] "GET /sipse/faces/javax.faces.resource/layout/layout.js?ln=primefaces&v=4.0 HTTP/1.1" 304 -
190.27.185.40 - - [14/Dec/2023:00:40:30 -0500] "POST /sipse/faces/presentacion/financiero/solicitudProceso/listarSolicitudProceso.xhtml HTTP/1.1" 200 28505
190.27.185.40 - - [14/Dec/2023:00:40:30 -0500] "POST /sipse/faces/presentacion/financiero/solicitudProceso/listarSolicitudProceso.xhtml HTTP/1.1" 200 28505
190.27.185.40 - - [14/Dec/2023:00:40:30 -0500] "POST /sipse/faces/presentacion/financiero/solicitudProceso/listarSolicitudProceso.xhtml HTTP/1.1" 200 1396
190.27.185.40 - - [14/Dec/2023:00:40:30 -0500] "POST /sipse/faces/presentacion/financiero/solicitudProceso/listarSolicitudProceso.xhtml HTTP/1.1" 200 1392
190.27.185.40 - - [14/Dec/2023:00:40:31 -0500] "POST /sipse/faces/presentacion/financiero/solicitudProceso/listarSolicitudProceso.xhtml HTTP/1.1" 200 1400
186.30.51.53 - - [14/Dec/2023:00:40:31 -0500] "POST /sipse/faces/presentacion/financiero/solicitudProceso/consultarSolicitudProceso.xhtml HTTP/1.1" 200 5487
216.244.66.195 - - [14/Dec/2023:00:40:36 -0500] "GET /BLA/resoluciones/AUTOS%202007/1992.pdf HTTP/1.1" 200 195246
186.30.51.53 - - [14/Dec/2023:00:40:50 -0500] "POST /sipse/faces/presentacion/financiero/solicitudProceso/consultarSolicitudProceso.xhtml HTTP/1.1" 200 25203
186.30.51.53 - - [14/Dec/2023:00:40:50 -0500] "GET /sipse/faces/javax.faces.resource/theme.css?ln=primefaces-sipse HTTP/1.1" 304 -
186.30.51.53 - - [14/Dec/2023:00:40:50 -0500] "GET /sipse/faces/javax.faces.resource/primefaces.css?ln=primefaces&v=4.0 HTTP/1.1" 304 -
186.30.51.53 - - [14/Dec/2023:00:40:50 -0500] "GET /sipse/faces/javax.faces.resource/layout/layout.css?ln=primefaces&v=4.0 HTTP/1.1" 304 -
186.30.51.53 - - [14/Dec/2023:00:40:50 -0500] "GET /sipse/faces/javax.faces.resource/jquery/jquery.js?ln=primefaces&v=4.0 HTTP/1.1" 304 -
186.30.51.53 - - [14/Dec/2023:00:40:50 -0500] "GET /sipse/faces/javax.faces.resource/jquery/jquery-plugins.js?ln=primefaces&v=4.0 HTTP/1.1" 304 -
186.30.51.53 - - [14/Dec/2023:00:40:50 -0500] "GET /sipse/faces/javax.faces.resource/primefaces.js?ln=primefaces&v=4.0 HTTP/1.1" 304 -
186.30.51.53 - - [14/Dec/2023:00:40:50 -0500] "GET /sipse/faces/javax.faces.resource/layout/layout.js?ln=primefaces&v=4.0 HTTP/1.1" 304 -
216.244.66.195 - - [14/Dec/2023:00:40:57 -0500] "GET /BLA/resoluciones/AUTOS%202010/0107.pdf HTTP/1.1" 200 309201
190.27.185.40 - - [14/Dec/2023:00:41:12 -0500] "POST /sipse/faces/presentacion/financiero/solicitudProceso/listarSolicitudProceso.xhtml HTTP/1.1" 200 41561
190.27.185.40 - - [14/Dec/2023:00:41:12 -0500] "GET /sipse/faces/javax.faces.resource/jquery/jquery.js?ln=primefaces&v=4.0 HTTP/1.1" 304 -
190.27.185.40 - - [14/Dec/2023:00:41:12 -0500] "GET /sipse/faces/javax.faces.resource/jquery/jquery-plugins.js?ln=primefaces&v=4.0 HTTP/1.1" 304 -
190.27.185.40 - - [14/Dec/2023:00:41:12 -0500] "GET /sipse/faces/javax.faces.resource/primefaces.js?ln=primefaces&v=4.0 HTTP/1.1" 304 -
190.27.185.40 - - [14/Dec/2023:00:41:12 -0500] "GET /sipse/faces/javax.faces.resource/layout/layout.js?ln=primefaces&v=4.0 HTTP/1.1" 304 -
190.27.185.40 - - [14/Dec/2023:00:41:12 -0500] "POST /sipse/faces/presentacion/financiero/solicitudProceso/consultar.xhtml HTTP/1.1" 200 34858
190.27.185.40 - - [14/Dec/2023:00:41:12 -0500] "POST /sipse/faces/presentacion/financiero/solicitudProceso/consultar.xhtml HTTP/1.1" 200 34858
190.27.185.40 - - [14/Dec/2023:00:41:12 -0500] "POST /sipse/faces/presentacion/financiero/solicitudProceso/consultar.xhtml HTTP/1.1" 200 34858
201.245.192.253 - - [14/Dec/2023:00:41:15 -0500] "POST /forms/lservlet;jsessionid=ac16012b30d68f87e6b31bdd4159a82faa45787d3329.e3iSbxaKaheRe34Qc38TbN0Nb41ynknvrkLOlQzNp65In0 HTTP/1.1" 200 2
216.244.66.195 - - [14/Dec/2023:00:41:20 -0500] "GET /BLA/resoluciones/AUTOS%202010/0179.pdf HTTP/1.1" 200 223571
216.244.66.195 - - [14/Dec/2023:00:41:38 -0500] "GET /BLA/resoluciones/AUTOS%202010/0180.pdf HTTP/1.1" 200 352266
186.30.51.53 - - [14/Dec/2023:00:41:46 -0500] "POST /sipse/faces/presentacion/financiero/viabilidad/expedirViabilidad.xhtml HTTP/1.1" 200 118057
186.30.51.53 - - [14/Dec/2023:00:41:47 -0500] "GET /sipse/faces/javax.faces.resource/theme.css?ln=primefaces-sipse HTTP/1.1" 304 -
186.30.51.53 - - [14/Dec/2023:00:41:47 -0500] "GET /sipse/faces/javax.faces.resource/primefaces.css?ln=primefaces&v=4.0 HTTP/1.1" 304 -
186.30.51.53 - - [14/Dec/2023:00:41:47 -0500] "GET /sipse/faces/javax.faces.resource/layout/layout.css?ln=primefaces&v=4.0 HTTP/1.1" 304 -
186.30.51.53 - - [14/Dec/2023:00:41:47 -0500] "GET /sipse/faces/javax.faces.resource/jquery/jquery.js?ln=primefaces&v=4.0 HTTP/1.1" 304 -
186.30.51.53 - - [14/Dec/2023:00:41:47 -0500] "GET /sipse/faces/javax.faces.resource/jquery/jquery-plugins.js?ln=primefaces&v=4.0 HTTP/1.1" 304 -
186.30.51.53 - - [14/Dec/2023:00:41:47 -0500] "GET /sipse/faces/javax.faces.resource/primefaces.js?ln=primefaces&v=4.0 HTTP/1.1" 304 -
186.30.51.53 - - [14/Dec/2023:00:41:47 -0500] "GET /sipse/faces/javax.faces.resource/layout/layout.js?ln=primefaces&v=4.0 HTTP/1.1" 304 -
201.245.192.253 - - [14/Dec/2023:00:41:55 -0500] "POST /forms/lservlet;jsessionid=ac16012b30d665b9d6b5cea24731bd918aefbc6c9e46.e3iSbxaKaheRe34Qc38TbN0Nb41ynknvrkLOlQzNp65In0 HTTP/1.1" 200 2
186.30.51.53 - - [14/Dec/2023:00:41:54 -0500] "POST /sipse/faces/presentacion/financiero/solicitudProceso/consultarSolicitudProceso.xhtml HTTP/1.1" 200 47131
186.30.51.53 - - [14/Dec/2023:00:41:56 -0500] "GET /sipse/faces/javax.faces.resource/theme.css?ln=primefaces-sipse HTTP/1.1" 304 -
186.30.51.53 - - [14/Dec/2023:00:41:56 -0500] "GET /sipse/faces/javax.faces.resource/layout/layout.css?ln=primefaces&v=4.0 HTTP/1.1" 304 -
186.30.51.53 - - [14/Dec/2023:00:41:56 -0500] "GET /sipse/faces/javax.faces.resource/primefaces.css?ln=primefaces&v=4.0 HTTP/1.1" 304 -
186.30.51.53 - - [14/Dec/2023:00:41:56 -0500] "GET /sipse/faces/javax.faces.resource/jquery/jquery.js?ln=primefaces&v=4.0 HTTP/1.1" 304 -
186.30.51.53 - - [14/Dec/2023:00:41:56 -0500] "GET /sipse/faces/javax.faces.resource/jquery/jquery-plugins.js?ln=primefaces&v=4.0 HTTP/1.1" 304 -
186.30.51.53 - - [14/Dec/2023:00:41:56 -0500] "GET /sipse/faces/javax.faces.resource/primefaces.js?ln=primefaces&v=4.0 HTTP/1.1" 304 -
186.30.51.53 - - [14/Dec/2023:00:41:56 -0500] "GET /sipse/faces/javax.faces.resource/layout/layout.js?ln=primefaces&v=4.0 HTTP/1.1" 304 -
216.244.66.195 - - [14/Dec/2023:00:41:56 -0500] "GET /BLA/resoluciones/AUTOS%202010/0533.pdf HTTP/1.1" 200 187035
186.30.51.53 - - [14/Dec/2023:00:41:56 -0500] "POST /sipse/faces/presentacion/financiero/solicitudProceso/listarSolicitudProceso.xhtml HTTP/1.1" 200 1460
190.27.185.40 - - [14/Dec/2023:00:41:57 -0500] "POST /sipse/faces/presentacion/financiero/solicitudProceso/consultar.xhtml HTTP/1.1" 200 12865
216.244.66.195 - - [14/Dec/2023:00:42:16 -0500] "GET /BLA/resoluciones/AUTOS%202010/0872.pdf HTTP/1.1" 200 269596
216.244.66.195 - - [14/Dec/2023:00:42:32 -0500] "GET /BLA/resoluciones/AUTOS%202010/1463.pdf HTTP/1.1" 200 249083
216.244.66.195 - - [14/Dec/2023:00:42:47 -0500] "GET /BLA/resoluciones/AUTOS%202010/2918.pdf HTTP/1.1" 200 45260
216.245.221.92 - - [14/Dec/2023:00:42:58 -0500] "HEAD / HTTP/1.1" 200 -
216.244.66.195 - - [14/Dec/2023:00:43:00 -0500] "GET /BLA/resoluciones/AUTOS%202010/3142.pdf HTTP/1.1" 200 140541
201.245.192.253 - - [14/Dec/2023:00:43:03 -0500] "POST /kwsrmcab/Wsrmcab  HTTP/1.1" 200 37894
216.244.66.195 - - [14/Dec/2023:00:43:13 -0500] "GET /BLA/resoluciones/AUTOS%202010/3149.pdf HTTP/1.1" 200 357706
172.22.2.4 - - [14/Dec/2023:00:41:34 -0500] "HEAD /BLA/boletinlegal/ HTTP/1.1" 200 -
201.245.192.253 - - [14/Dec/2023:00:43:15 -0500] "POST /forms/lservlet;jsessionid=ac16012b30d68f87e6b31bdd4159a82faa45787d3329.e3iSbxaKaheRe34Qc38TbN0Nb41ynknvrkLOlQzNp65In0 HTTP/1.1" 200 2
190.27.185.40 - - [14/Dec/2023:00:43:20 -0500] "POST /sipse/faces/presentacion/financiero/solicitudProceso/consultar.xhtml HTTP/1.1" 200 35234
190.27.185.40 - - [14/Dec/2023:00:43:20 -0500] "GET /sipse/faces/javax.faces.resource/jquery/jquery.js?ln=primefaces&v=4.0 HTTP/1.1" 304 -
190.27.185.40 - - [14/Dec/2023:00:43:20 -0500] "GET /sipse/faces/javax.faces.resource/jquery/jquery-plugins.js?ln=primefaces&v=4.0 HTTP/1.1" 304 -
190.27.185.40 - - [14/Dec/2023:00:43:20 -0500] "GET /sipse/faces/javax.faces.resource/primefaces.js?ln=primefaces&v=4.0 HTTP/1.1" 304 -
190.27.185.40 - - [14/Dec/2023:00:43:20 -0500] "GET /sipse/faces/javax.faces.resource/layout/layout.js?ln=primefaces&v=4.0 HTTP/1.1" 304 -
190.27.185.40 - - [14/Dec/2023:00:43:20 -0500] "POST /sipse/faces/presentacion/financiero/solicitudProceso/listarSolicitudProceso.xhtml HTTP/1.1" 200 28505
190.27.185.40 - - [14/Dec/2023:00:43:21 -0500] "POST /sipse/faces/presentacion/financiero/solicitudProceso/listarSolicitudProceso.xhtml HTTP/1.1" 200 28505
190.27.185.40 - - [14/Dec/2023:00:43:21 -0500] "POST /sipse/faces/presentacion/financiero/solicitudProceso/listarSolicitudProceso.xhtml HTTP/1.1" 200 28505
190.27.185.40 - - [14/Dec/2023:00:43:21 -0500] "POST /sipse/faces/presentacion/financiero/solicitudProceso/listarSolicitudProceso.xhtml HTTP/1.1" 200 28505
190.27.185.40 - - [14/Dec/2023:00:43:21 -0500] "POST /sipse/faces/presentacion/financiero/solicitudProceso/listarSolicitudProceso.xhtml HTTP/1.1" 200 1396
190.27.185.40 - - [14/Dec/2023:00:43:21 -0500] "POST /sipse/faces/presentacion/financiero/solicitudProceso/listarSolicitudProceso.xhtml HTTP/1.1" 200 1392
190.27.185.40 - - [14/Dec/2023:00:43:21 -0500] "POST /sipse/faces/presentacion/financiero/solicitudProceso/listarSolicitudProceso.xhtml HTTP/1.1" 200 1400
190.27.185.40 - - [14/Dec/2023:00:43:22 -0500] "POST /sipse/faces/presentacion/financiero/solicitudProceso/listarSolicitudProceso.xhtml HTTP/1.1" 200 1392
190.27.185.40 - - [14/Dec/2023:00:43:22 -0500] "POST /sipse/faces/presentacion/financiero/solicitudProceso/listarSolicitudProceso.xhtml HTTP/1.1" 200 1400
190.27.185.40 - - [14/Dec/2023:00:43:24 -0500] "POST /sipse/faces/presentacion/financiero/solicitudProceso/listarSolicitudProceso.xhtml HTTP/1.1" 200 32244
190.27.185.40 - - [14/Dec/2023:00:43:25 -0500] "POST /sipse/faces/presentacion/financiero/solicitudProceso/listarSolicitudProceso.xhtml HTTP/1.1" 200 32441
216.244.66.195 - - [14/Dec/2023:00:43:25 -0500] "GET /BLA/resoluciones/AUTOS%202010/3493.pdf HTTP/1.1" 200 1306286
190.27.185.40 - - [14/Dec/2023:00:43:25 -0500] "POST /sipse/faces/presentacion/financiero/solicitudProceso/listarSolicitudProceso.xhtml HTTP/1.1" 200 8221
190.27.185.40 - - [14/Dec/2023:00:43:26 -0500] "POST /sipse/faces/presentacion/financiero/solicitudProceso/listarSolicitudProceso.xhtml HTTP/1.1" 200 32445
190.27.185.40 - - [14/Dec/2023:00:43:27 -0500] "POST /sipse/faces/presentacion/financiero/solicitudProceso/listarSolicitudProceso.xhtml HTTP/1.1" 200 5181
190.27.185.40 - - [14/Dec/2023:00:43:30 -0500] "POST /sipse/faces/presentacion/financiero/solicitudProceso/listarSolicitudProceso.xhtml HTTP/1.1" 200 114550
190.27.185.40 - - [14/Dec/2023:00:43:31 -0500] "GET /sipse/faces/javax.faces.resource/jquery/jquery.js?ln=primefaces&v=4.0 HTTP/1.1" 304 -
