201.245.192.253 - - [15/Dec/2023:03:03:34 -0500] "POST /forms/lservlet;jsessionid=ac16012b30d68f87e6b31bdd4159a82faa45787d3329.e3iSbxaKaheRe34Qc38TbN0Nb41ynknvrkLOlQzNp65In0 HTTP/1.1" 200 2
172.22.2.4 - - [15/Dec/2023:03:02:23 -0500] "HEAD /BLA/boletinlegal/ HTTP/1.1" 200 -
201.245.192.253 - - [15/Dec/2023:03:04:17 -0500] "POST /forms/lservlet;jsessionid=ac16012b30d665b9d6b5cea24731bd918aefbc6c9e46.e3iSbxaKaheRe34Qc38TbN0Nb41ynknvrkLOlQzNp65In0 HTTP/1.1" 200 2
172.22.2.4 - - [15/Dec/2023:03:03:14 -0500] "GET /BLA/boletinlegal/ HTTP/1.1" 200 60634
201.245.192.253 - - [15/Dec/2023:03:05:35 -0500] "POST /forms/lservlet;jsessionid=ac16012b30d68f87e6b31bdd4159a82faa45787d3329.e3iSbxaKaheRe34Qc38TbN0Nb41ynknvrkLOlQzNp65In0 HTTP/1.1" 200 2
201.245.192.253 - - [15/Dec/2023:03:06:18 -0500] "POST /forms/lservlet;jsessionid=ac16012b30d665b9d6b5cea24731bd918aefbc6c9e46.e3iSbxaKaheRe34Qc38TbN0Nb41ynknvrkLOlQzNp65In0 HTTP/1.1" 200 2
201.245.192.253 - - [15/Dec/2023:03:07:35 -0500] "POST /forms/lservlet;jsessionid=ac16012b30d68f87e6b31bdd4159a82faa45787d3329.e3iSbxaKaheRe34Qc38TbN0Nb41ynknvrkLOlQzNp65In0 HTTP/1.1" 200 2
216.245.221.92 - - [15/Dec/2023:03:07:54 -0500] "HEAD / HTTP/1.1" 200 -
201.245.192.253 - - [15/Dec/2023:03:08:00 -0500] "POST /kwsrmcab/Wsrmcab  HTTP/1.1" 200 37894
157.55.39.205 - - [15/Dec/2023:03:08:07 -0500] "GET /BLA/resoluciones/RESOLUCIONES%202021/5634.pdf HTTP/1.1" 200 504465
201.245.192.253 - - [15/Dec/2023:03:08:18 -0500] "POST /forms/lservlet;jsessionid=ac16012b30d665b9d6b5cea24731bd918aefbc6c9e46.e3iSbxaKaheRe34Qc38TbN0Nb41ynknvrkLOlQzNp65In0 HTTP/1.1" 200 2
168.119.100.88 - - [15/Dec/2023:03:09:21 -0500] "GET / HTTP/1.1" 200 319
168.119.100.88 - - [15/Dec/2023:03:09:21 -0500] "GET / HTTP/1.1" 200 4720
201.245.192.253 - - [15/Dec/2023:03:09:35 -0500] "POST /forms/lservlet;jsessionid=ac16012b30d68f87e6b31bdd4159a82faa45787d3329.e3iSbxaKaheRe34Qc38TbN0Nb41ynknvrkLOlQzNp65In0 HTTP/1.1" 200 2
172.22.2.4 - - [15/Dec/2023:03:08:13 -0500] "HEAD /BLA/boletinlegal/ HTTP/1.1" 200 -
201.245.192.253 - - [15/Dec/2023:03:10:18 -0500] "POST /forms/lservlet;jsessionid=ac16012b30d665b9d6b5cea24731bd918aefbc6c9e46.e3iSbxaKaheRe34Qc38TbN0Nb41ynknvrkLOlQzNp65In0 HTTP/1.1" 200 2
172.22.2.4 - - [15/Dec/2023:03:09:04 -0500] "GET /BLA/boletinlegal/ HTTP/1.1" 200 60634
201.245.192.253 - - [15/Dec/2023:03:11:35 -0500] "POST /forms/lservlet;jsessionid=ac16012b30d68f87e6b31bdd4159a82faa45787d3329.e3iSbxaKaheRe34Qc38TbN0Nb41ynknvrkLOlQzNp65In0 HTTP/1.1" 200 2
201.245.192.253 - - [15/Dec/2023:03:12:18 -0500] "POST /forms/lservlet;jsessionid=ac16012b30d665b9d6b5cea24731bd918aefbc6c9e46.e3iSbxaKaheRe34Qc38TbN0Nb41ynknvrkLOlQzNp65In0 HTTP/1.1" 200 2
216.245.221.92 - - [15/Dec/2023:03:12:54 -0500] "HEAD / HTTP/1.1" 200 -
201.245.192.253 - - [15/Dec/2023:03:12:58 -0500] "POST /kwsrmcab/Wsrmcab  HTTP/1.1" 200 37894
201.245.192.253 - - [15/Dec/2023:03:13:35 -0500] "POST /forms/lservlet;jsessionid=ac16012b30d68f87e6b31bdd4159a82faa45787d3329.e3iSbxaKaheRe34Qc38TbN0Nb41ynknvrkLOlQzNp65In0 HTTP/1.1" 200 2
201.245.192.253 - - [15/Dec/2023:03:14:18 -0500] "POST /forms/lservlet;jsessionid=ac16012b30d665b9d6b5cea24731bd918aefbc6c9e46.e3iSbxaKaheRe34Qc38TbN0Nb41ynknvrkLOlQzNp65In0 HTTP/1.1" 200 2
66.249.66.75 - - [15/Dec/2023:03:14:35 -0500] "GET /portaldeninos/gestion-del-riesgo-incendios-forestales/ HTTP/1.1" 200 86825
66.249.66.76 - - [15/Dec/2023:03:14:38 -0500] "GET /portaldeninos/wp-includes/js/jquery/jquery.js?ver=1.12.4 HTTP/1.1" 200 97184
66.249.66.75 - - [15/Dec/2023:03:14:38 -0500] "GET /portaldeninos/wp-content/themes/betheme/assets/jplayer/css/jplayer.blue.monday.css?ver=20.9.6 HTTP/1.1" 200 9834
66.249.66.75 - - [15/Dec/2023:03:14:39 -0500] "GET /portaldeninos/wp-includes/js/jquery/ui/accordion.min.js?ver=1.11.4 HTTP/1.1" 200 8584
66.249.66.75 - - [15/Dec/2023:03:14:40 -0500] "GET /portaldeninos/wp-includes/js/jquery/ui/tabs.min.js?ver=1.11.4 HTTP/1.1" 200 12110
66.249.66.75 - - [15/Dec/2023:03:14:41 -0500] "GET /portaldeninos/wp-content/themes/betheme/js/plugins.js?ver=20.9.6 HTTP/1.1" 200 197151
66.249.66.75 - - [15/Dec/2023:03:14:42 -0500] "GET /portaldeninos/wp-content/themes/betheme/assets/animations/animations.min.js?ver=20.9.6 HTTP/1.1" 200 1896
201.245.192.253 - - [15/Dec/2023:03:15:35 -0500] "POST /forms/lservlet;jsessionid=ac16012b30d68f87e6b31bdd4159a82faa45787d3329.e3iSbxaKaheRe34Qc38TbN0Nb41ynknvrkLOlQzNp65In0 HTTP/1.1" 200 2
172.22.2.4 - - [15/Dec/2023:03:14:03 -0500] "HEAD /BLA/boletinlegal/ HTTP/1.1" 200 -
201.245.192.253 - - [15/Dec/2023:03:16:00 -0500] "POST /kwsrmcab/Wsrmcab HTTP/1.1" 200 38189
201.245.192.253 - - [15/Dec/2023:03:16:03 -0500] "POST /kwsrmcab/Wsrmcab HTTP/1.1" 200 39150
201.245.192.253 - - [15/Dec/2023:03:16:18 -0500] "POST /forms/lservlet;jsessionid=ac16012b30d665b9d6b5cea24731bd918aefbc6c9e46.e3iSbxaKaheRe34Qc38TbN0Nb41ynknvrkLOlQzNp65In0 HTTP/1.1" 200 2
172.22.2.4 - - [15/Dec/2023:03:14:54 -0500] "GET /BLA/boletinlegal/ HTTP/1.1" 200 57881
201.245.192.253 - - [15/Dec/2023:03:17:35 -0500] "POST /forms/lservlet;jsessionid=ac16012b30d68f87e6b31bdd4159a82faa45787d3329.e3iSbxaKaheRe34Qc38TbN0Nb41ynknvrkLOlQzNp65In0 HTTP/1.1" 200 2
216.245.221.92 - - [15/Dec/2023:03:17:54 -0500] "HEAD / HTTP/1.1" 200 -
201.245.192.253 - - [15/Dec/2023:03:17:57 -0500] "POST /kwsrmcab/Wsrmcab  HTTP/1.1" 200 37894
201.245.192.253 - - [15/Dec/2023:03:18:18 -0500] "POST /forms/lservlet;jsessionid=ac16012b30d665b9d6b5cea24731bd918aefbc6c9e46.e3iSbxaKaheRe34Qc38TbN0Nb41ynknvrkLOlQzNp65In0 HTTP/1.1" 200 2
201.245.192.253 - - [15/Dec/2023:03:19:35 -0500] "POST /forms/lservlet;jsessionid=ac16012b30d68f87e6b31bdd4159a82faa45787d3329.e3iSbxaKaheRe34Qc38TbN0Nb41ynknvrkLOlQzNp65In0 HTTP/1.1" 200 2
201.245.192.253 - - [15/Dec/2023:03:19:51 -0500] "POST /kwsrmcab/Wsrmcab HTTP/1.1" 200 38189
201.245.192.253 - - [15/Dec/2023:03:20:18 -0500] "POST /forms/lservlet;jsessionid=ac16012b30d665b9d6b5cea24731bd918aefbc6c9e46.e3iSbxaKaheRe34Qc38TbN0Nb41ynknvrkLOlQzNp65In0 HTTP/1.1" 200 2
69.171.249.4 - - [15/Dec/2023:03:20:28 -0500] "GET /images/calidad-aire.jpg HTTP/1.1" 200 42421
69.171.249.6 - - [15/Dec/2023:03:20:34 -0500] "GET /images/Zorro%20cangrejero.jpg HTTP/1.1" 200 40050
201.245.192.253 - - [15/Dec/2023:03:20:36 -0500] "POST /kwsrmcab/Wsrmcab HTTP/1.1" 200 39150
172.22.2.4 - - [15/Dec/2023:03:19:53 -0500] "HEAD /BLA/boletinlegal/ HTTP/1.1" 200 -
201.245.192.253 - - [15/Dec/2023:03:21:35 -0500] "POST /forms/lservlet;jsessionid=ac16012b30d68f87e6b31bdd4159a82faa45787d3329.e3iSbxaKaheRe34Qc38TbN0Nb41ynknvrkLOlQzNp65In0 HTTP/1.1" 200 2
54.68.53.213 - - [15/Dec/2023:03:21:54 -0500] "GET /invoker/readonly HTTP/1.1" 404 1018
54.68.53.213 - - [15/Dec/2023:03:21:54 -0500] "POST /_ignition/execute-solution HTTP/1.1" 404 1018
54.68.53.213 - - [15/Dec/2023:03:21:54 -0500] "POST /vendor/phpunit/phpunit/src/Util/PHP/eval-stdin.php HTTP/1.1" 404 1018
54.68.53.213 - - [15/Dec/2023:03:21:54 -0500] "GET / HTTP/1.1" 200 319
54.68.53.213 - - [15/Dec/2023:03:21:55 -0500] "GET /script HTTP/1.1" 404 1018
54.68.53.213 - - [15/Dec/2023:03:21:55 -0500] "GET /login HTTP/1.1" 404 1018
54.68.53.213 - - [15/Dec/2023:03:21:55 -0500] "GET /jenkins/login HTTP/1.1" 404 1018
54.68.53.213 - - [15/Dec/2023:03:21:56 -0500] "GET /manager/html HTTP/1.1" 404 1018
54.68.53.213 - - [15/Dec/2023:03:21:56 -0500] "GET /?s=/Index/\\think\\app/invokefunction&function=call_user_func_array&vars[0]=md5&vars[1][]=g5obrygm HTTP/1.1" 200 319
54.68.53.213 - - [15/Dec/2023:03:21:56 -0500] "GET /users/sign_in HTTP/1.1" 404 1018
54.68.53.213 - - [15/Dec/2023:03:21:57 -0500] "GET /wp-login.php HTTP/1.1" 404 1018
201.245.192.253 - - [15/Dec/2023:03:22:18 -0500] "POST /forms/lservlet;jsessionid=ac16012b30d665b9d6b5cea24731bd918aefbc6c9e46.e3iSbxaKaheRe34Qc38TbN0Nb41ynknvrkLOlQzNp65In0 HTTP/1.1" 200 2
172.22.2.4 - - [15/Dec/2023:03:20:44 -0500] "GET /BLA/boletinlegal/ HTTP/1.1" 200 58644
216.245.221.92 - - [15/Dec/2023:03:22:54 -0500] "HEAD / HTTP/1.1" 200 -
201.245.192.253 - - [15/Dec/2023:03:22:56 -0500] "POST /kwsrmcab/Wsrmcab  HTTP/1.1" 200 37894
201.245.192.253 - - [15/Dec/2023:03:23:35 -0500] "POST /forms/lservlet;jsessionid=ac16012b30d68f87e6b31bdd4159a82faa45787d3329.e3iSbxaKaheRe34Qc38TbN0Nb41ynknvrkLOlQzNp65In0 HTTP/1.1" 200 2
216.244.66.195 - - [15/Dec/2023:03:24:09 -0500] "GET /robots.txt HTTP/1.1" 404 1018
201.245.192.253 - - [15/Dec/2023:03:24:18 -0500] "POST /forms/lservlet;jsessionid=ac16012b30d665b9d6b5cea24731bd918aefbc6c9e46.e3iSbxaKaheRe34Qc38TbN0Nb41ynknvrkLOlQzNp65In0 HTTP/1.1" 200 2
191.156.233.251 - - [15/Dec/2023:03:25:29 -0500] "GET /alcaldia-de-bogota-y-fundacion-exito-entregaron-en-ciudad-bolivar-la-primera-terraza-verde-de-la-capital.html?fbclid=IwAR1q1tKq2dqAiWg9zrSBQHxMametJP5mQpAw3cMjZhVNL79ywsUauZJDpt4 HTTP/1.1" 200 852
201.245.192.253 - - [15/Dec/2023:03:25:35 -0500] "POST /forms/lservlet;jsessionid=ac16012b30d68f87e6b31bdd4159a82faa45787d3329.e3iSbxaKaheRe34Qc38TbN0Nb41ynknvrkLOlQzNp65In0 HTTP/1.1" 200 2
201.245.192.253 - - [15/Dec/2023:03:26:00 -0500] "POST /kwsrmcab/Wsrmcab HTTP/1.1" 200 38189
201.245.192.253 - - [15/Dec/2023:03:26:03 -0500] "POST /kwsrmcab/Wsrmcab HTTP/1.1" 200 39150
201.245.192.253 - - [15/Dec/2023:03:26:18 -0500] "POST /forms/lservlet;jsessionid=ac16012b30d665b9d6b5cea24731bd918aefbc6c9e46.e3iSbxaKaheRe34Qc38TbN0Nb41ynknvrkLOlQzNp65In0 HTTP/1.1" 200 2
172.22.2.4 - - [15/Dec/2023:03:26:55 -0500] "GET /BLA/boletinlegal/autodiscover/autodiscover.json?@zdi/Powershell HTTP/1.1" 404 1018
172.22.2.4 - - [15/Dec/2023:03:25:43 -0500] "HEAD /BLA/boletinlegal/ HTTP/1.1" 200 -
201.245.192.253 - - [15/Dec/2023:03:27:35 -0500] "POST /forms/lservlet;jsessionid=ac16012b30d68f87e6b31bdd4159a82faa45787d3329.e3iSbxaKaheRe34Qc38TbN0Nb41ynknvrkLOlQzNp65In0 HTTP/1.1" 200 2
216.245.221.92 - - [15/Dec/2023:03:27:54 -0500] "HEAD / HTTP/1.1" 200 -
201.245.192.253 - - [15/Dec/2023:03:27:55 -0500] "POST /kwsrmcab/Wsrmcab  HTTP/1.1" 200 37894
172.22.2.4 - - [15/Dec/2023:03:26:34 -0500] "GET /BLA/boletinlegal/ HTTP/1.1" 200 58644
201.245.192.253 - - [15/Dec/2023:03:28:18 -0500] "POST /forms/lservlet;jsessionid=ac16012b30d665b9d6b5cea24731bd918aefbc6c9e46.e3iSbxaKaheRe34Qc38TbN0Nb41ynknvrkLOlQzNp65In0 HTTP/1.1" 200 2
201.245.192.253 - - [15/Dec/2023:03:29:35 -0500] "POST /forms/lservlet;jsessionid=ac16012b30d68f87e6b31bdd4159a82faa45787d3329.e3iSbxaKaheRe34Qc38TbN0Nb41ynknvrkLOlQzNp65In0 HTTP/1.1" 200 2
201.245.192.253 - - [15/Dec/2023:03:29:50 -0500] "POST /kwsrmcab/Wsrmcab HTTP/1.1" 200 38189
201.245.192.253 - - [15/Dec/2023:03:29:56 -0500] "POST /kwsrmcab/Wsrmcab HTTP/1.1" 200 39150
201.245.192.253 - - [15/Dec/2023:03:30:18 -0500] "POST /forms/lservlet;jsessionid=ac16012b30d665b9d6b5cea24731bd918aefbc6c9e46.e3iSbxaKaheRe34Qc38TbN0Nb41ynknvrkLOlQzNp65In0 HTTP/1.1" 200 2
201.245.192.253 - - [15/Dec/2023:03:31:35 -0500] "POST /forms/lservlet;jsessionid=ac16012b30d68f87e6b31bdd4159a82faa45787d3329.e3iSbxaKaheRe34Qc38TbN0Nb41ynknvrkLOlQzNp65In0 HTTP/1.1" 200 2
201.245.192.253 - - [15/Dec/2023:03:32:18 -0500] "POST /forms/lservlet;jsessionid=ac16012b30d665b9d6b5cea24731bd918aefbc6c9e46.e3iSbxaKaheRe34Qc38TbN0Nb41ynknvrkLOlQzNp65In0 HTTP/1.1" 200 2
216.245.221.92 - - [15/Dec/2023:03:32:54 -0500] "HEAD / HTTP/1.1" 200 -
201.245.192.253 - - [15/Dec/2023:03:32:54 -0500] "POST /kwsrmcab/Wsrmcab  HTTP/1.1" 200 37894
172.22.2.4 - - [15/Dec/2023:03:31:33 -0500] "HEAD /BLA/boletinlegal/ HTTP/1.1" 200 -
201.245.192.253 - - [15/Dec/2023:03:33:35 -0500] "POST /forms/lservlet;jsessionid=ac16012b30d68f87e6b31bdd4159a82faa45787d3329.e3iSbxaKaheRe34Qc38TbN0Nb41ynknvrkLOlQzNp65In0 HTTP/1.1" 200 2
172.22.2.4 - - [15/Dec/2023:03:32:24 -0500] "GET /BLA/boletinlegal/ HTTP/1.1" 200 60634
201.245.192.253 - - [15/Dec/2023:03:34:18 -0500] "POST /forms/lservlet;jsessionid=ac16012b30d665b9d6b5cea24731bd918aefbc6c9e46.e3iSbxaKaheRe34Qc38TbN0Nb41ynknvrkLOlQzNp65In0 HTTP/1.1" 200 2
201.245.192.253 - - [15/Dec/2023:03:35:35 -0500] "POST /forms/lservlet;jsessionid=ac16012b30d68f87e6b31bdd4159a82faa45787d3329.e3iSbxaKaheRe34Qc38TbN0Nb41ynknvrkLOlQzNp65In0 HTTP/1.1" 200 2
201.245.192.253 - - [15/Dec/2023:03:36:00 -0500] "POST /kwsrmcab/Wsrmcab HTTP/1.1" 200 38189
201.245.192.253 - - [15/Dec/2023:03:36:03 -0500] "POST /kwsrmcab/Wsrmcab HTTP/1.1" 200 39150
201.245.192.253 - - [15/Dec/2023:03:36:18 -0500] "POST /forms/lservlet;jsessionid=ac16012b30d665b9d6b5cea24731bd918aefbc6c9e46.e3iSbxaKaheRe34Qc38TbN0Nb41ynknvrkLOlQzNp65In0 HTTP/1.1" 200 2
216.244.66.195 - - [15/Dec/2023:03:36:18 -0500] "GET /BLA/resoluciones/AUTOS%202022/2800.pdf HTTP/1.1" 200 370898
216.244.66.195 - - [15/Dec/2023:03:36:32 -0500] "GET /BLA/resoluciones/RESOLUCIONES%202023/0651.pdf HTTP/1.1" 200 752934
216.244.66.195 - - [15/Dec/2023:03:37:20 -0500] "GET /BLA/resoluciones/RESOLUCIONES%202023/0894.pdf HTTP/1.1" 200 416347
201.245.192.253 - - [15/Dec/2023:03:37:35 -0500] "POST /forms/lservlet;jsessionid=ac16012b30d68f87e6b31bdd4159a82faa45787d3329.e3iSbxaKaheRe34Qc38TbN0Nb41ynknvrkLOlQzNp65In0 HTTP/1.1" 200 2
216.244.66.195 - - [15/Dec/2023:03:37:52 -0500] "GET /BLA/resoluciones/RESOLUCIONES%202017/0417.pdf HTTP/1.1" 200 378816
201.245.192.253 - - [15/Dec/2023:03:37:52 -0500] "POST /kwsrmcab/Wsrmcab  HTTP/1.1" 200 37894
216.245.221.92 - - [15/Dec/2023:03:37:54 -0500] "HEAD / HTTP/1.1" 200 -
201.245.192.253 - - [15/Dec/2023:03:38:18 -0500] "POST /forms/lservlet;jsessionid=ac16012b30d665b9d6b5cea24731bd918aefbc6c9e46.e3iSbxaKaheRe34Qc38TbN0Nb41ynknvrkLOlQzNp65In0 HTTP/1.1" 200 2
216.244.66.195 - - [15/Dec/2023:03:38:34 -0500] "GET /BLA/resoluciones/RESOLUCIONES%202017/1791.pdf HTTP/1.1" 200 531354
173.252.127.26 - - [15/Dec/2023:03:38:46 -0500] "GET /images/calidad-aire.jpg HTTP/1.1" 200 42421
173.252.127.12 - - [15/Dec/2023:03:39:02 -0500] "GET /las-tres-caminatas-para-cerrar-el-ano-entre-la-naturaleza.html HTTP/1.1" 200 776
172.22.2.4 - - [15/Dec/2023:03:37:23 -0500] "HEAD /BLA/boletinlegal/ HTTP/1.1" 200 -
216.244.66.195 - - [15/Dec/2023:03:39:20 -0500] "GET /BLA/resoluciones/RESOLUCIONES%202017/1926.pdf HTTP/1.1" 200 289562
201.245.192.253 - - [15/Dec/2023:03:39:35 -0500] "POST /forms/lservlet;jsessionid=ac16012b30d68f87e6b31bdd4159a82faa45787d3329.e3iSbxaKaheRe34Qc38TbN0Nb41ynknvrkLOlQzNp65In0 HTTP/1.1" 200 2
201.245.192.253 - - [15/Dec/2023:03:39:51 -0500] "POST /kwsrmcab/Wsrmcab HTTP/1.1" 200 38189
172.22.2.4 - - [15/Dec/2023:03:38:14 -0500] "GET /BLA/boletinlegal/ HTTP/1.1" 200 58644
201.245.192.253 - - [15/Dec/2023:03:39:57 -0500] "POST /kwsrmcab/Wsrmcab HTTP/1.1" 200 39150
216.244.66.195 - - [15/Dec/2023:03:40:01 -0500] "GET /BLA/resoluciones/RESOLUCIONES%202019/1828.pdf HTTP/1.1" 200 288857
201.245.192.253 - - [15/Dec/2023:03:40:18 -0500] "POST /forms/lservlet;jsessionid=ac16012b30d665b9d6b5cea24731bd918aefbc6c9e46.e3iSbxaKaheRe34Qc38TbN0Nb41ynknvrkLOlQzNp65In0 HTTP/1.1" 200 2
216.244.66.195 - - [15/Dec/2023:03:40:42 -0500] "GET /BLA/resoluciones/RESOLUCIONES%202019/2309.pdf HTTP/1.1" 200 289012
216.244.66.195 - - [15/Dec/2023:03:41:22 -0500] "GET /BLA/resoluciones/RESOLUCIONES%202019/2830.pdf HTTP/1.1" 200 752284
201.245.192.253 - - [15/Dec/2023:03:41:35 -0500] "POST /forms/lservlet;jsessionid=ac16012b30d68f87e6b31bdd4159a82faa45787d3329.e3iSbxaKaheRe34Qc38TbN0Nb41ynknvrkLOlQzNp65In0 HTTP/1.1" 200 2
216.244.66.195 - - [15/Dec/2023:03:42:12 -0500] "GET /BLA/resoluciones/RESOLUCIONES%202019/3054.pdf HTTP/1.1" 200 292942
201.245.192.253 - - [15/Dec/2023:03:42:18 -0500] "POST /forms/lservlet;jsessionid=ac16012b30d665b9d6b5cea24731bd918aefbc6c9e46.e3iSbxaKaheRe34Qc38TbN0Nb41ynknvrkLOlQzNp65In0 HTTP/1.1" 200 2
201.245.192.253 - - [15/Dec/2023:03:42:50 -0500] "POST /kwsrmcab/Wsrmcab  HTTP/1.1" 200 37894
216.245.221.92 - - [15/Dec/2023:03:42:54 -0500] "HEAD / HTTP/1.1" 200 -
216.244.66.195 - - [15/Dec/2023:03:42:55 -0500] "GET /BLA/resoluciones/RESOLUCIONES%202019/3270.pdf HTTP/1.1" 200 380467
201.245.192.253 - - [15/Dec/2023:03:43:35 -0500] "POST /forms/lservlet;jsessionid=ac16012b30d68f87e6b31bdd4159a82faa45787d3329.e3iSbxaKaheRe34Qc38TbN0Nb41ynknvrkLOlQzNp65In0 HTTP/1.1" 200 2
216.244.66.195 - - [15/Dec/2023:03:43:40 -0500] "GET /BLA/resoluciones/RESOLUCIONES%202019/3771.pdf HTTP/1.1" 200 357051
201.245.192.253 - - [15/Dec/2023:03:44:18 -0500] "POST /forms/lservlet;jsessionid=ac16012b30d665b9d6b5cea24731bd918aefbc6c9e46.e3iSbxaKaheRe34Qc38TbN0Nb41ynknvrkLOlQzNp65In0 HTTP/1.1" 200 2
172.22.2.4 - - [15/Dec/2023:03:43:13 -0500] "HEAD /BLA/boletinlegal/ HTTP/1.1" 200 -
201.245.192.253 - - [15/Dec/2023:03:45:35 -0500] "POST /forms/lservlet;jsessionid=ac16012b30d68f87e6b31bdd4159a82faa45787d3329.e3iSbxaKaheRe34Qc38TbN0Nb41ynknvrkLOlQzNp65In0 HTTP/1.1" 200 2
172.22.2.4 - - [15/Dec/2023:03:44:04 -0500] "GET /BLA/boletinlegal/ HTTP/1.1" 200 58294
201.245.192.253 - - [15/Dec/2023:03:46:18 -0500] "POST /forms/lservlet;jsessionid=ac16012b30d665b9d6b5cea24731bd918aefbc6c9e46.e3iSbxaKaheRe34Qc38TbN0Nb41ynknvrkLOlQzNp65In0 HTTP/1.1" 200 2
201.245.192.253 - - [15/Dec/2023:03:47:35 -0500] "POST /forms/lservlet;jsessionid=ac16012b30d68f87e6b31bdd4159a82faa45787d3329.e3iSbxaKaheRe34Qc38TbN0Nb41ynknvrkLOlQzNp65In0 HTTP/1.1" 200 2
201.245.192.253 - - [15/Dec/2023:03:47:49 -0500] "POST /kwsrmcab/Wsrmcab  HTTP/1.1" 200 37894
216.245.221.92 - - [15/Dec/2023:03:47:54 -0500] "HEAD / HTTP/1.1" 200 -
172.22.2.4 - - [15/Dec/2023:03:48:15 -0500] "GET /BLA/boletinlegal/style.css HTTP/1.1" 200 9406
172.22.2.4 - - [15/Dec/2023:03:48:15 -0500] "GET /BLA/boletinlegal/styles2.css HTTP/1.1" 200 1838
172.22.2.4 - - [15/Dec/2023:03:48:15 -0500] "GET /BLA/boletinlegal/js/jquery.js HTTP/1.1" 200 57254
172.22.2.4 - - [15/Dec/2023:03:48:15 -0500] "GET /BLA/boletinlegal/js/jquery.scrollTo-min.js HTTP/1.1" 200 1150
172.22.2.4 - - [15/Dec/2023:03:48:15 -0500] "GET /BLA/boletinlegal/js/jquery.scrollShow.js HTTP/1.1" 200 4586
172.22.2.4 - - [15/Dec/2023:03:48:15 -0500] "GET /BLA/boletinlegal/images/cabezote%20BLEGAL.jpg HTTP/1.1" 200 118164
172.22.2.4 - - [15/Dec/2023:03:48:15 -0500] "GET /BLA/boletinlegal/images/screen_1.png HTTP/1.1" 200 202547
172.22.2.4 - - [15/Dec/2023:03:48:15 -0500] "GET /BLA/boletinlegal/images/subscribe-icon-big.png HTTP/1.1" 200 47702
172.22.2.4 - - [15/Dec/2023:03:48:15 -0500] "GET /BLA/boletinlegal/images/historia.png HTTP/1.1" 200 52775
172.22.2.4 - - [15/Dec/2023:03:48:15 -0500] "GET /BLA/boletinlegal/images/registro-usuarios.png HTTP/1.1" 200 8106
172.22.2.4 - - [15/Dec/2023:03:48:15 -0500] "GET /BLA/boletinlegal/images/body_bg.jpg HTTP/1.1" 200 1601
172.22.2.4 - - [15/Dec/2023:03:48:16 -0500] "GET /BLA/boletinlegal/images/menu_rght.gif HTTP/1.1" 200 1627
172.22.2.4 - - [15/Dec/2023:03:48:16 -0500] "GET /BLA/boletinlegal/images/menu_lft.gif HTTP/1.1" 200 1713
172.22.2.4 - - [15/Dec/2023:03:48:16 -0500] "GET /BLA/boletinlegal/images/bg_top.jpg HTTP/1.1" 200 522
172.22.2.4 - - [15/Dec/2023:03:48:16 -0500] "GET /BLA/boletinlegal/images/menu_bg.jpg HTTP/1.1" 200 620
172.22.2.4 - - [15/Dec/2023:03:48:16 -0500] "GET /BLA/boletinlegal/images/text.jpg HTTP/1.1" 200 568
172.22.2.4 - - [15/Dec/2023:03:48:16 -0500] "GET /BLA/boletinlegal/images/launch.jpg HTTP/1.1" 200 14577
172.22.2.4 - - [15/Dec/2023:03:48:16 -0500] "GET /BLA/boletinlegal/images/hover.jpg HTTP/1.1" 200 640
172.22.2.4 - - [15/Dec/2023:03:48:16 -0500] "GET /BLA/boletinlegal/images/arr_l.jpg HTTP/1.1" 200 1979
201.245.192.253 - - [15/Dec/2023:03:48:18 -0500] "POST /forms/lservlet;jsessionid=ac16012b30d665b9d6b5cea24731bd918aefbc6c9e46.e3iSbxaKaheRe34Qc38TbN0Nb41ynknvrkLOlQzNp65In0 HTTP/1.1" 200 2
172.22.2.4 - - [15/Dec/2023:03:48:22 -0500] "GET /BLA/boletinlegal/images/screen_2.png HTTP/1.1" 200 362502
172.22.2.4 - - [15/Dec/2023:03:48:22 -0500] "GET /BLA/boletinlegal/images/screen_3.png HTTP/1.1" 200 210620
172.22.2.4 - - [15/Dec/2023:03:48:22 -0500] "GET /BLA/boletinlegal/images/screen_5.png HTTP/1.1" 200 368876
172.22.2.4 - - [15/Dec/2023:03:48:22 -0500] "GET /BLA/boletinlegal/images/arr_r.jpg HTTP/1.1" 200 1998
172.22.2.4 - - [15/Dec/2023:03:48:22 -0500] "GET /BLA/boletinlegal/images/footer_bg.jpg HTTP/1.1" 200 586
172.22.2.4 - - [15/Dec/2023:03:48:30 -0500] "GET /BLA/boletinlegal/images/pdf.gif HTTP/1.1" 200 567
201.245.192.253 - - [15/Dec/2023:03:49:35 -0500] "POST /forms/lservlet;jsessionid=ac16012b30d68f87e6b31bdd4159a82faa45787d3329.e3iSbxaKaheRe34Qc38TbN0Nb41ynknvrkLOlQzNp65In0 HTTP/1.1" 200 2
172.22.2.4 - - [15/Dec/2023:03:48:14 -0500] "GET /BLA/boletinlegal/ HTTP/1.1" 200 57881
172.22.2.4 - - [15/Dec/2023:03:49:55 -0500] "GET /BLA/boletinlegal/favicon.ico HTTP/1.1" 404 1212
172.22.2.4 - - [15/Dec/2023:03:50:03 -0500] "GET /BLA/boletinlegal/ads.txt HTTP/1.1" 404 1212
172.22.2.4 - - [15/Dec/2023:03:50:03 -0500] "GET /BLA/boletinlegal/app-ads.txt HTTP/1.1" 404 1212
172.22.2.4 - - [15/Dec/2023:03:50:03 -0500] "GET /BLA/boletinlegal/sellers.json HTTP/1.1" 404 1212
172.22.2.4 - - [15/Dec/2023:03:50:03 -0500] "GET /BLA/boletinlegal/.well-known/apple-app-site-association HTTP/1.1" 404 1212
172.22.2.4 - - [15/Dec/2023:03:50:03 -0500] "GET /BLA/boletinlegal/.well-known/assetlinks.json HTTP/1.1" 404 1212
172.22.2.4 - - [15/Dec/2023:03:50:04 -0500] "GET /BLA/boletinlegal/robots.txt HTTP/1.1" 404 1212
172.22.2.4 - - [15/Dec/2023:03:50:04 -0500] "GET /BLA/boletinlegal/.well-known/assetlinks.json HTTP/1.1" 404 1212
172.22.2.4 - - [15/Dec/2023:03:50:04 -0500] "GET /BLA/boletinlegal/.well-known/apple-app-site-association HTTP/1.1" 404 1212
172.22.2.4 - - [15/Dec/2023:03:50:04 -0500] "GET /BLA/boletinlegal/.well-known/gpc.json HTTP/1.1" 404 1212
172.22.2.4 - - [15/Dec/2023:03:50:04 -0500] "GET /BLA/boletinlegal/robots.txt HTTP/1.1" 404 1212
172.22.2.4 - - [15/Dec/2023:03:50:04 -0500] "GET /BLA/boletinlegal/.well-known/change-password HTTP/1.1" 404 1212
172.22.2.4 - - [15/Dec/2023:03:50:04 -0500] "GET /BLA/boletinlegal/.well-known/security.txt HTTP/1.1" 404 1212
172.22.2.4 - - [15/Dec/2023:03:50:04 -0500] "GET /BLA/boletinlegal/.well-known/resource-that-should-not-exist-whose-status-code-should-not-be-200/ HTTP/1.1" 404 1212
201.245.192.253 - - [15/Dec/2023:03:50:18 -0500] "POST /forms/lservlet;jsessionid=ac16012b30d665b9d6b5cea24731bd918aefbc6c9e46.e3iSbxaKaheRe34Qc38TbN0Nb41ynknvrkLOlQzNp65In0 HTTP/1.1" 200 2
172.22.2.4 - - [15/Dec/2023:03:50:33 -0500] "GET /BLA/boletinlegal/style.css HTTP/1.1" 200 9406
172.22.2.4 - - [15/Dec/2023:03:50:33 -0500] "GET /BLA/boletinlegal/styles2.css HTTP/1.1" 200 1838
172.22.2.4 - - [15/Dec/2023:03:50:33 -0500] "GET /BLA/boletinlegal/js/jquery.scrollTo-min.js HTTP/1.1" 200 1150
172.22.2.4 - - [15/Dec/2023:03:50:33 -0500] "GET /BLA/boletinlegal/js/jquery.js HTTP/1.1" 200 57254
172.22.2.4 - - [15/Dec/2023:03:50:33 -0500] "GET /BLA/boletinlegal/js/jquery.scrollShow.js HTTP/1.1" 200 4586
172.22.2.4 - - [15/Dec/2023:03:50:33 -0500] "GET /BLA/boletinlegal/images/cabezote%20BLEGAL.jpg HTTP/1.1" 200 118164
172.22.2.4 - - [15/Dec/2023:03:50:33 -0500] "GET /BLA/boletinlegal/images/screen_1.png HTTP/1.1" 200 202547
172.22.2.4 - - [15/Dec/2023:03:50:33 -0500] "GET /BLA/boletinlegal/images/historia.png HTTP/1.1" 200 52775
172.22.2.4 - - [15/Dec/2023:03:50:33 -0500] "GET /BLA/boletinlegal/images/subscribe-icon-big.png HTTP/1.1" 200 47702
172.22.2.4 - - [15/Dec/2023:03:50:33 -0500] "GET /BLA/boletinlegal/images/registro-usuarios.png HTTP/1.1" 200 8106
172.22.2.4 - - [15/Dec/2023:03:50:33 -0500] "GET /BLA/boletinlegal/images/body_bg.jpg HTTP/1.1" 200 1601
172.22.2.4 - - [15/Dec/2023:03:50:33 -0500] "GET /BLA/boletinlegal/images/menu_rght.gif HTTP/1.1" 200 1627
172.22.2.4 - - [15/Dec/2023:03:50:33 -0500] "GET /BLA/boletinlegal/images/menu_lft.gif HTTP/1.1" 200 1713
172.22.2.4 - - [15/Dec/2023:03:50:33 -0500] "GET /BLA/boletinlegal/images/bg_top.jpg HTTP/1.1" 200 522
172.22.2.4 - - [15/Dec/2023:03:50:34 -0500] "GET /BLA/boletinlegal/images/launch.jpg HTTP/1.1" 200 14577
172.22.2.4 - - [15/Dec/2023:03:50:34 -0500] "GET /BLA/boletinlegal/images/hover.jpg HTTP/1.1" 200 640
172.22.2.4 - - [15/Dec/2023:03:50:34 -0500] "GET /BLA/boletinlegal/images/menu_bg.jpg HTTP/1.1" 200 620
172.22.2.4 - - [15/Dec/2023:03:50:34 -0500] "GET /BLA/boletinlegal/images/text.jpg HTTP/1.1" 200 568
172.22.2.4 - - [15/Dec/2023:03:50:34 -0500] "GET /BLA/boletinlegal/images/arr_l.jpg HTTP/1.1" 200 1979
172.22.2.4 - - [15/Dec/2023:03:50:43 -0500] "GET /BLA/boletinlegal/images/screen_2.png HTTP/1.1" 200 362502
172.22.2.4 - - [15/Dec/2023:03:50:43 -0500] "GET /BLA/boletinlegal/images/screen_3.png HTTP/1.1" 200 210620
172.22.2.4 - - [15/Dec/2023:03:50:43 -0500] "GET /BLA/boletinlegal/images/screen_5.png HTTP/1.1" 200 368876
172.22.2.4 - - [15/Dec/2023:03:50:43 -0500] "GET /BLA/boletinlegal/images/arr_r.jpg HTTP/1.1" 200 1998
172.22.2.4 - - [15/Dec/2023:03:50:43 -0500] "GET /BLA/boletinlegal/images/footer_bg.jpg HTTP/1.1" 200 586
172.22.2.4 - - [15/Dec/2023:03:49:03 -0500] "HEAD /BLA/boletinlegal/ HTTP/1.1" 200 -
185.180.140.4 - - [15/Dec/2023:03:50:45 -0500] "GET / HTTP/1.1" 200 319
35.204.116.86 - - [15/Dec/2023:03:50:46 -0500] "GET /consulta-y-conoce-los-proyectos-de-resolucion-de-para-los-planes-de-manejo-ambiental-de-cinco-humedales-en-bogota.html HTTP/1.1" 200 971
172.22.2.4 - - [15/Dec/2023:03:50:57 -0500] "GET /BLA/boletinlegal/images/pdf.gif HTTP/1.1" 200 567
34.147.30.38 - - [15/Dec/2023:03:51:04 -0500] "GET /las-tres-caminatas-para-cerrar-el-ano-entre-la-naturaleza.html HTTP/1.1" 200 776
172.22.2.4 - - [15/Dec/2023:03:49:54 -0500] "GET /BLA/boletinlegal/ HTTP/1.1" 200 49047
201.245.192.253 - - [15/Dec/2023:03:51:35 -0500] "POST /forms/lservlet;jsessionid=ac16012b30d68f87e6b31bdd4159a82faa45787d3329.e3iSbxaKaheRe34Qc38TbN0Nb41ynknvrkLOlQzNp65In0 HTTP/1.1" 200 2
172.22.2.4 - - [15/Dec/2023:03:50:32 -0500] "GET /BLA/boletinlegal/ HTTP/1.1" 200 50697
172.22.2.4 - - [15/Dec/2023:03:52:13 -0500] "GET /BLA/boletinlegal/favicon.ico HTTP/1.1" 404 1212
172.22.2.4 - - [15/Dec/2023:03:52:13 -0500] "GET /BLA/boletinlegal/images/background.gif HTTP/1.1" 200 -
172.22.2.4 - - [15/Dec/2023:03:52:15 -0500] "GET /BLA/boletinlegal/robots.txt HTTP/1.1" 404 1038
201.245.192.253 - - [15/Dec/2023:03:52:18 -0500] "POST /forms/lservlet;jsessionid=ac16012b30d665b9d6b5cea24731bd918aefbc6c9e46.e3iSbxaKaheRe34Qc38TbN0Nb41ynknvrkLOlQzNp65In0 HTTP/1.1" 200 2
201.245.192.253 - - [15/Dec/2023:03:52:48 -0500] "POST /kwsrmcab/Wsrmcab  HTTP/1.1" 200 37894
216.245.221.92 - - [15/Dec/2023:03:52:54 -0500] "HEAD / HTTP/1.1" 200 -
142.93.153.3 - - [15/Dec/2023:03:53:11 -0500] "\x16\x03\x01" 400 226
142.93.153.3 - - [15/Dec/2023:03:53:12 -0500] "GET / HTTP/1.1" 200 319
142.93.153.3 - - [15/Dec/2023:03:53:12 -0500] "GET / HTTP/1.1" 200 319
142.93.153.3 - - [15/Dec/2023:03:53:12 -0500] "GET /.vscode/sftp.json HTTP/1.1" 404 1018
142.93.153.3 - - [15/Dec/2023:03:53:12 -0500] "GET /about HTTP/1.1" 404 1018
142.93.153.3 - - [15/Dec/2023:03:53:13 -0500] "GET /debug/default/view?panel=config HTTP/1.1" 404 1018
142.93.153.3 - - [15/Dec/2023:03:53:13 -0500] "GET /v2/_catalog HTTP/1.1" 406 -
142.93.153.3 - - [15/Dec/2023:03:53:13 -0500] "GET /ecp/Current/exporttool/microsoft.exchange.ediscovery.exporttool.application HTTP/1.1" 404 1018
142.93.153.3 - - [15/Dec/2023:03:53:13 -0500] "GET /server-status HTTP/1.1" 403 1165
142.93.153.3 - - [15/Dec/2023:03:53:14 -0500] "GET /login.action HTTP/1.1" 404 1018
142.93.153.3 - - [15/Dec/2023:03:53:14 -0500] "GET /_all_dbs HTTP/1.1" 404 1018
142.93.153.3 - - [15/Dec/2023:03:53:14 -0500] "GET /.DS_Store HTTP/1.1" 404 1018
142.93.153.3 - - [15/Dec/2023:03:53:14 -0500] "GET /.env HTTP/1.1" 404 1018
142.93.153.3 - - [15/Dec/2023:03:53:15 -0500] "GET /.git/config HTTP/1.1" 404 1018
142.93.153.3 - - [15/Dec/2023:03:53:15 -0500] "GET /s/630313e2534323e27323e2039313/_/;/META-INF/maven/com.atlassian.jira/jira-webapp-dist/pom.properties HTTP/1.1" 404 1018
142.93.153.3 - - [15/Dec/2023:03:53:15 -0500] "GET /config.json HTTP/1.1" 404 1018
142.93.153.3 - - [15/Dec/2023:03:53:15 -0500] "GET /telescope/requests HTTP/1.1" 404 1018
142.93.153.3 - - [15/Dec/2023:03:53:16 -0500] "GET /?rest_route=/wp/v2/users/ HTTP/1.1" 200 319
201.245.192.253 - - [15/Dec/2023:03:53:35 -0500] "POST /forms/lservlet;jsessionid=ac16012b30d68f87e6b31bdd4159a82faa45787d3329.e3iSbxaKaheRe34Qc38TbN0Nb41ynknvrkLOlQzNp65In0 HTTP/1.1" 200 2
201.245.192.253 - - [15/Dec/2023:03:54:18 -0500] "POST /forms/lservlet;jsessionid=ac16012b30d665b9d6b5cea24731bd918aefbc6c9e46.e3iSbxaKaheRe34Qc38TbN0Nb41ynknvrkLOlQzNp65In0 HTTP/1.1" 200 2
201.245.192.253 - - [15/Dec/2023:03:55:35 -0500] "POST /forms/lservlet;jsessionid=ac16012b30d68f87e6b31bdd4159a82faa45787d3329.e3iSbxaKaheRe34Qc38TbN0Nb41ynknvrkLOlQzNp65In0 HTTP/1.1" 200 2
168.119.253.21 - - [15/Dec/2023:03:55:39 -0500] "GET / HTTP/1.1" 200 319
168.119.253.21 - - [15/Dec/2023:03:55:40 -0500] "GET / HTTP/1.1" 200 4720
201.245.192.253 - - [15/Dec/2023:03:56:18 -0500] "POST /forms/lservlet;jsessionid=ac16012b30d665b9d6b5cea24731bd918aefbc6c9e46.e3iSbxaKaheRe34Qc38TbN0Nb41ynknvrkLOlQzNp65In0 HTTP/1.1" 200 2
172.22.2.4 - - [15/Dec/2023:03:54:53 -0500] "HEAD /BLA/boletinlegal/ HTTP/1.1" 200 -
172.22.2.4 - - [15/Dec/2023:03:55:44 -0500] "GET /BLA/boletinlegal/ HTTP/1.1" 200 58644
201.245.192.253 - - [15/Dec/2023:03:57:35 -0500] "POST /forms/lservlet;jsessionid=ac16012b30d68f87e6b31bdd4159a82faa45787d3329.e3iSbxaKaheRe34Qc38TbN0Nb41ynknvrkLOlQzNp65In0 HTTP/1.1" 200 2
201.245.192.253 - - [15/Dec/2023:03:57:46 -0500] "POST /kwsrmcab/Wsrmcab  HTTP/1.1" 200 37894
216.245.221.92 - - [15/Dec/2023:03:57:54 -0500] "HEAD / HTTP/1.1" 200 -
201.245.192.253 - - [15/Dec/2023:03:58:18 -0500] "POST /forms/lservlet;jsessionid=ac16012b30d665b9d6b5cea24731bd918aefbc6c9e46.e3iSbxaKaheRe34Qc38TbN0Nb41ynknvrkLOlQzNp65In0 HTTP/1.1" 200 2
66.249.66.193 - - [15/Dec/2023:03:58:35 -0500] "GET /agendate-con-la-feria-ambiental-de-servicios-a-la-ciudadania-2023.html HTTP/1.1" 200 743
201.245.192.253 - - [15/Dec/2023:03:59:35 -0500] "POST /forms/lservlet;jsessionid=ac16012b30d68f87e6b31bdd4159a82faa45787d3329.e3iSbxaKaheRe34Qc38TbN0Nb41ynknvrkLOlQzNp65In0 HTTP/1.1" 200 2
201.245.192.253 - - [15/Dec/2023:04:00:18 -0500] "POST /forms/lservlet;jsessionid=ac16012b30d665b9d6b5cea24731bd918aefbc6c9e46.e3iSbxaKaheRe34Qc38TbN0Nb41ynknvrkLOlQzNp65In0 HTTP/1.1" 200 2
201.245.192.253 - - [15/Dec/2023:04:01:35 -0500] "POST /forms/lservlet;jsessionid=ac16012b30d68f87e6b31bdd4159a82faa45787d3329.e3iSbxaKaheRe34Qc38TbN0Nb41ynknvrkLOlQzNp65In0 HTTP/1.1" 200 2
201.245.192.253 - - [15/Dec/2023:04:02:18 -0500] "POST /forms/lservlet;jsessionid=ac16012b30d665b9d6b5cea24731bd918aefbc6c9e46.e3iSbxaKaheRe34Qc38TbN0Nb41ynknvrkLOlQzNp65In0 HTTP/1.1" 200 2
172.22.2.4 - - [15/Dec/2023:04:00:43 -0500] "HEAD /BLA/boletinlegal/ HTTP/1.1" 200 -
201.245.192.253 - - [15/Dec/2023:04:02:44 -0500] "POST /kwsrmcab/Wsrmcab  HTTP/1.1" 200 37894
216.245.221.92 - - [15/Dec/2023:04:02:54 -0500] "HEAD / HTTP/1.1" 200 -
172.22.2.4 - - [15/Dec/2023:04:01:34 -0500] "GET /BLA/boletinlegal/ HTTP/1.1" 200 60634
40.77.167.30 - - [15/Dec/2023:04:03:30 -0500] "GET /BLA/resoluciones/RESOLUCIONES%202021/2547.pdf HTTP/1.1" 200 333844
201.245.192.253 - - [15/Dec/2023:04:03:35 -0500] "POST /forms/lservlet;jsessionid=ac16012b30d68f87e6b31bdd4159a82faa45787d3329.e3iSbxaKaheRe34Qc38TbN0Nb41ynknvrkLOlQzNp65In0 HTTP/1.1" 200 2
201.245.192.253 - - [15/Dec/2023:04:04:18 -0500] "POST /forms/lservlet;jsessionid=ac16012b30d665b9d6b5cea24731bd918aefbc6c9e46.e3iSbxaKaheRe34Qc38TbN0Nb41ynknvrkLOlQzNp65In0 HTTP/1.1" 200 2
201.245.192.253 - - [15/Dec/2023:04:05:35 -0500] "POST /forms/lservlet;jsessionid=ac16012b30d68f87e6b31bdd4159a82faa45787d3329.e3iSbxaKaheRe34Qc38TbN0Nb41ynknvrkLOlQzNp65In0 HTTP/1.1" 200 2
201.245.192.253 - - [15/Dec/2023:04:06:18 -0500] "POST /forms/lservlet;jsessionid=ac16012b30d665b9d6b5cea24731bd918aefbc6c9e46.e3iSbxaKaheRe34Qc38TbN0Nb41ynknvrkLOlQzNp65In0 HTTP/1.1" 200 2
201.245.192.253 - - [15/Dec/2023:04:07:35 -0500] "POST /forms/lservlet;jsessionid=ac16012b30d68f87e6b31bdd4159a82faa45787d3329.e3iSbxaKaheRe34Qc38TbN0Nb41ynknvrkLOlQzNp65In0 HTTP/1.1" 200 2
201.245.192.253 - - [15/Dec/2023:04:07:43 -0500] "POST /kwsrmcab/Wsrmcab  HTTP/1.1" 200 37894
216.245.221.92 - - [15/Dec/2023:04:07:54 -0500] "HEAD / HTTP/1.1" 200 -
172.22.2.4 - - [15/Dec/2023:04:06:33 -0500] "HEAD /BLA/boletinlegal/ HTTP/1.1" 200 -
201.245.192.253 - - [15/Dec/2023:04:08:18 -0500] "POST /forms/lservlet;jsessionid=ac16012b30d665b9d6b5cea24731bd918aefbc6c9e46.e3iSbxaKaheRe34Qc38TbN0Nb41ynknvrkLOlQzNp65In0 HTTP/1.1" 200 2
172.22.2.4 - - [15/Dec/2023:04:07:24 -0500] "GET /BLA/boletinlegal/ HTTP/1.1" 200 44334
201.245.192.253 - - [15/Dec/2023:04:09:35 -0500] "POST /forms/lservlet;jsessionid=ac16012b30d68f87e6b31bdd4159a82faa45787d3329.e3iSbxaKaheRe34Qc38TbN0Nb41ynknvrkLOlQzNp65In0 HTTP/1.1" 200 2
201.245.192.253 - - [15/Dec/2023:04:10:18 -0500] "POST /forms/lservlet;jsessionid=ac16012b30d665b9d6b5cea24731bd918aefbc6c9e46.e3iSbxaKaheRe34Qc38TbN0Nb41ynknvrkLOlQzNp65In0 HTTP/1.1" 200 2
66.249.66.198 - - [15/Dec/2023:04:10:43 -0500] "GET /distrito-exalto-a-246-empresas-de-bogota-por-su-alto-desempeno-y-responsabilidad-ambiental-durante-2023.html HTTP/1.1" 200 1039
201.245.192.253 - - [15/Dec/2023:04:11:35 -0500] "POST /forms/lservlet;jsessionid=ac16012b30d68f87e6b31bdd4159a82faa45787d3329.e3iSbxaKaheRe34Qc38TbN0Nb41ynknvrkLOlQzNp65In0 HTTP/1.1" 200 2
201.245.192.253 - - [15/Dec/2023:04:12:18 -0500] "POST /forms/lservlet;jsessionid=ac16012b30d665b9d6b5cea24731bd918aefbc6c9e46.e3iSbxaKaheRe34Qc38TbN0Nb41ynknvrkLOlQzNp65In0 HTTP/1.1" 200 2
52.167.144.175 - - [15/Dec/2023:04:12:36 -0500] "GET /BLA/resoluciones/RESOLUCIONES%202021/4314.pdf HTTP/1.1" 200 670902
201.245.192.253 - - [15/Dec/2023:04:12:40 -0500] "POST /kwsrmcab/Wsrmcab  HTTP/1.1" 200 37894
172.22.2.4 - - [15/Dec/2023:04:12:45 -0500] "GET /BLA/boletinlegal/sitemap_index.xml HTTP/1.1" 404 1037
216.244.66.195 - - [15/Dec/2023:04:12:45 -0500] "GET /robots.txt HTTP/1.1" 404 1018
216.245.221.92 - - [15/Dec/2023:04:12:54 -0500] "HEAD / HTTP/1.1" 200 -
201.245.192.253 - - [15/Dec/2023:04:13:35 -0500] "POST /forms/lservlet;jsessionid=ac16012b30d68f87e6b31bdd4159a82faa45787d3329.e3iSbxaKaheRe34Qc38TbN0Nb41ynknvrkLOlQzNp65In0 HTTP/1.1" 200 2
172.22.2.4 - - [15/Dec/2023:04:12:23 -0500] "HEAD /BLA/boletinlegal/ HTTP/1.1" 200 -
201.245.192.253 - - [15/Dec/2023:04:14:18 -0500] "POST /forms/lservlet;jsessionid=ac16012b30d665b9d6b5cea24731bd918aefbc6c9e46.e3iSbxaKaheRe34Qc38TbN0Nb41ynknvrkLOlQzNp65In0 HTTP/1.1" 200 2
172.22.2.4 - - [15/Dec/2023:04:13:14 -0500] "GET /BLA/boletinlegal/ HTTP/1.1" 200 58294
201.245.192.253 - - [15/Dec/2023:04:15:35 -0500] "POST /forms/lservlet;jsessionid=ac16012b30d68f87e6b31bdd4159a82faa45787d3329.e3iSbxaKaheRe34Qc38TbN0Nb41ynknvrkLOlQzNp65In0 HTTP/1.1" 200 2
201.245.192.253 - - [15/Dec/2023:04:16:00 -0500] "POST /kwsrmcab/Wsrmcab HTTP/1.1" 200 38212
201.245.192.253 - - [15/Dec/2023:04:16:02 -0500] "POST /kwsrmcab/Wsrmcab HTTP/1.1" 200 39146
201.245.192.253 - - [15/Dec/2023:04:16:18 -0500] "POST /forms/lservlet;jsessionid=ac16012b30d665b9d6b5cea24731bd918aefbc6c9e46.e3iSbxaKaheRe34Qc38TbN0Nb41ynknvrkLOlQzNp65In0 HTTP/1.1" 200 2
66.249.66.193 - - [15/Dec/2023:04:16:52 -0500] "GET /secretaria-de-ambiente-invita-al-conversatorio-sobre-publicidad-exterior-electoral.html HTTP/1.1" 200 822
201.245.192.253 - - [15/Dec/2023:04:17:35 -0500] "POST /forms/lservlet;jsessionid=ac16012b30d68f87e6b31bdd4159a82faa45787d3329.e3iSbxaKaheRe34Qc38TbN0Nb41ynknvrkLOlQzNp65In0 HTTP/1.1" 200 2
201.245.192.253 - - [15/Dec/2023:04:17:38 -0500] "POST /kwsrmcab/Wsrmcab  HTTP/1.1" 200 37894
216.245.221.92 - - [15/Dec/2023:04:17:54 -0500] "HEAD / HTTP/1.1" 200 -
201.245.192.253 - - [15/Dec/2023:04:18:18 -0500] "POST /forms/lservlet;jsessionid=ac16012b30d665b9d6b5cea24731bd918aefbc6c9e46.e3iSbxaKaheRe34Qc38TbN0Nb41ynknvrkLOlQzNp65In0 HTTP/1.1" 200 2
201.245.192.253 - - [15/Dec/2023:04:19:35 -0500] "POST /forms/lservlet;jsessionid=ac16012b30d68f87e6b31bdd4159a82faa45787d3329.e3iSbxaKaheRe34Qc38TbN0Nb41ynknvrkLOlQzNp65In0 HTTP/1.1" 200 2
201.245.192.253 - - [15/Dec/2023:04:19:51 -0500] "POST /kwsrmcab/Wsrmcab HTTP/1.1" 200 38212
172.22.2.4 - - [15/Dec/2023:04:18:13 -0500] "HEAD /BLA/boletinlegal/ HTTP/1.1" 200 -
201.245.192.253 - - [15/Dec/2023:04:19:57 -0500] "POST /kwsrmcab/Wsrmcab HTTP/1.1" 200 39146
201.245.192.253 - - [15/Dec/2023:04:20:18 -0500] "POST /forms/lservlet;jsessionid=ac16012b30d665b9d6b5cea24731bd918aefbc6c9e46.e3iSbxaKaheRe34Qc38TbN0Nb41ynknvrkLOlQzNp65In0 HTTP/1.1" 200 2
172.22.2.4 - - [15/Dec/2023:04:19:04 -0500] "GET /BLA/boletinlegal/ HTTP/1.1" 200 59360
40.77.167.78 - - [15/Dec/2023:04:21:23 -0500] "GET /BLA/resoluciones/RESOLUCIONES%202021/2347.pdf HTTP/1.1" 200 361690
201.245.192.253 - - [15/Dec/2023:04:21:35 -0500] "POST /forms/lservlet;jsessionid=ac16012b30d68f87e6b31bdd4159a82faa45787d3329.e3iSbxaKaheRe34Qc38TbN0Nb41ynknvrkLOlQzNp65In0 HTTP/1.1" 200 2
40.77.167.7 - - [15/Dec/2023:04:22:16 -0500] "GET /BLA/resoluciones/RESOLUCIONES%202007/RES%202007%20701%20AL%20800/RESOLUCION%200705%20DE%202007.pdf HTTP/1.1" 304 -
201.245.192.253 - - [15/Dec/2023:04:22:18 -0500] "POST /forms/lservlet;jsessionid=ac16012b30d665b9d6b5cea24731bd918aefbc6c9e46.e3iSbxaKaheRe34Qc38TbN0Nb41ynknvrkLOlQzNp65In0 HTTP/1.1" 200 2
201.245.192.253 - - [15/Dec/2023:04:22:38 -0500] "POST /kwsrmcab/Wsrmcab  HTTP/1.1" 200 37894
216.245.221.92 - - [15/Dec/2023:04:22:54 -0500] "HEAD / HTTP/1.1" 200 -
216.244.66.195 - - [15/Dec/2023:04:22:57 -0500] "GET /BLA/resoluciones/AUTOS%202020/1920.pdf HTTP/1.1" 200 249225
216.244.66.195 - - [15/Dec/2023:04:23:13 -0500] "GET /BLA/resoluciones/RESOLUCIONES%202021/2606.pdf HTTP/1.1" 200 581171
216.244.66.195 - - [15/Dec/2023:04:23:20 -0500] "GET /BLA/resoluciones/RESOLUCIONES%202023/1383.pdf HTTP/1.1" 200 390622
201.245.192.253 - - [15/Dec/2023:04:23:35 -0500] "POST /forms/lservlet;jsessionid=ac16012b30d68f87e6b31bdd4159a82faa45787d3329.e3iSbxaKaheRe34Qc38TbN0Nb41ynknvrkLOlQzNp65In0 HTTP/1.1" 200 2
216.244.66.195 - - [15/Dec/2023:04:23:59 -0500] "GET /BLA/resoluciones/RESOLUCIONES%202023/1417.pdf HTTP/1.1" 200 384312
201.245.192.253 - - [15/Dec/2023:04:24:18 -0500] "POST /forms/lservlet;jsessionid=ac16012b30d665b9d6b5cea24731bd918aefbc6c9e46.e3iSbxaKaheRe34Qc38TbN0Nb41ynknvrkLOlQzNp65In0 HTTP/1.1" 200 2
216.244.66.195 - - [15/Dec/2023:04:24:30 -0500] "GET /BLA/resoluciones/RESOLUCIONES%202017/0187.pdf HTTP/1.1" 200 532220
216.244.66.195 - - [15/Dec/2023:04:25:12 -0500] "GET /BLA/resoluciones/RESOLUCIONES%202017/0345.pdf HTTP/1.1" 200 452570
201.245.192.253 - - [15/Dec/2023:04:25:35 -0500] "POST /forms/lservlet;jsessionid=ac16012b30d68f87e6b31bdd4159a82faa45787d3329.e3iSbxaKaheRe34Qc38TbN0Nb41ynknvrkLOlQzNp65In0 HTTP/1.1" 200 2
172.22.2.4 - - [15/Dec/2023:04:24:03 -0500] "HEAD /BLA/boletinlegal/ HTTP/1.1" 200 -
201.245.192.253 - - [15/Dec/2023:04:25:54 -0500] "POST /kwsrmcab/Wsrmcab HTTP/1.1" 200 99168
216.244.66.195 - - [15/Dec/2023:04:25:58 -0500] "GET /BLA/resoluciones/RESOLUCIONES%202017/0370.pdf HTTP/1.1" 200 528609
201.245.192.253 - - [15/Dec/2023:04:26:00 -0500] "POST /kwsrmcab/Wsrmcab HTTP/1.1" 200 38212
201.245.192.253 - - [15/Dec/2023:04:26:03 -0500] "POST /kwsrmcab/Wsrmcab HTTP/1.1" 200 39146
201.245.192.253 - - [15/Dec/2023:04:26:18 -0500] "POST /forms/lservlet;jsessionid=ac16012b30d665b9d6b5cea24731bd918aefbc6c9e46.e3iSbxaKaheRe34Qc38TbN0Nb41ynknvrkLOlQzNp65In0 HTTP/1.1" 200 2
172.22.2.4 - - [15/Dec/2023:04:24:54 -0500] "GET /BLA/boletinlegal/ HTTP/1.1" 200 55803
216.244.66.195 - - [15/Dec/2023:04:26:46 -0500] "GET /BLA/resoluciones/RESOLUCIONES%202017/0810.pdf HTTP/1.1" 200 312007
216.244.66.195 - - [15/Dec/2023:04:27:26 -0500] "GET /BLA/resoluciones/RESOLUCIONES%202017/1268.pdf HTTP/1.1" 200 1396935
201.245.192.253 - - [15/Dec/2023:04:27:35 -0500] "POST /forms/lservlet;jsessionid=ac16012b30d68f87e6b31bdd4159a82faa45787d3329.e3iSbxaKaheRe34Qc38TbN0Nb41ynknvrkLOlQzNp65In0 HTTP/1.1" 200 2
201.245.192.253 - - [15/Dec/2023:04:27:37 -0500] "POST /kwsrmcab/Wsrmcab  HTTP/1.1" 200 37894
216.245.221.92 - - [15/Dec/2023:04:27:54 -0500] "HEAD / HTTP/1.1" 200 -
216.244.66.195 - - [15/Dec/2023:04:28:17 -0500] "GET /BLA/resoluciones/RESOLUCIONES%202017/1655.pdf HTTP/1.1" 200 2226962
201.245.192.253 - - [15/Dec/2023:04:28:18 -0500] "POST /forms/lservlet;jsessionid=ac16012b30d665b9d6b5cea24731bd918aefbc6c9e46.e3iSbxaKaheRe34Qc38TbN0Nb41ynknvrkLOlQzNp65In0 HTTP/1.1" 200 2
216.244.66.195 - - [15/Dec/2023:04:29:08 -0500] "GET /BLA/resoluciones/RESOLUCIONES%202017/1859.pdf HTTP/1.1" 200 1381056
201.245.192.253 - - [15/Dec/2023:04:29:35 -0500] "POST /forms/lservlet;jsessionid=ac16012b30d68f87e6b31bdd4159a82faa45787d3329.e3iSbxaKaheRe34Qc38TbN0Nb41ynknvrkLOlQzNp65In0 HTTP/1.1" 200 2
201.245.192.253 - - [15/Dec/2023:04:29:50 -0500] "POST /kwsrmcab/Wsrmcab HTTP/1.1" 200 38212
201.245.192.253 - - [15/Dec/2023:04:29:56 -0500] "POST /kwsrmcab/Wsrmcab HTTP/1.1" 200 39146
216.244.66.195 - - [15/Dec/2023:04:30:01 -0500] "GET /BLA/resoluciones/RESOLUCIONES%202017/2297.pdf HTTP/1.1" 200 931484
201.245.192.253 - - [15/Dec/2023:04:30:18 -0500] "POST /forms/lservlet;jsessionid=ac16012b30d665b9d6b5cea24731bd918aefbc6c9e46.e3iSbxaKaheRe34Qc38TbN0Nb41ynknvrkLOlQzNp65In0 HTTP/1.1" 200 2
216.244.66.195 - - [15/Dec/2023:04:30:51 -0500] "GET /BLA/resoluciones/RESOLUCIONES%202017/2566.pdf HTTP/1.1" 200 1924271
172.22.2.4 - - [15/Dec/2023:04:29:53 -0500] "HEAD /BLA/boletinlegal/ HTTP/1.1" 200 -
201.245.192.253 - - [15/Dec/2023:04:31:35 -0500] "POST /forms/lservlet;jsessionid=ac16012b30d68f87e6b31bdd4159a82faa45787d3329.e3iSbxaKaheRe34Qc38TbN0Nb41ynknvrkLOlQzNp65In0 HTTP/1.1" 200 2
216.244.66.195 - - [15/Dec/2023:04:31:41 -0500] "GET /BLA/resoluciones/RESOLUCIONES%202017/2679.pdf HTTP/1.1" 200 1521635
201.245.192.253 - - [15/Dec/2023:04:32:18 -0500] "POST /forms/lservlet;jsessionid=ac16012b30d665b9d6b5cea24731bd918aefbc6c9e46.e3iSbxaKaheRe34Qc38TbN0Nb41ynknvrkLOlQzNp65In0 HTTP/1.1" 200 2
172.22.2.4 - - [15/Dec/2023:04:30:44 -0500] "GET /BLA/boletinlegal/ HTTP/1.1" 200 60634
216.244.66.195 - - [15/Dec/2023:04:32:33 -0500] "GET /BLA/resoluciones/RESOLUCIONES%202017/2786.pdf HTTP/1.1" 200 305538
185.224.128.191 - - [15/Dec/2023:04:32:35 -0500] "GET / HTTP/1.1" 200 319
201.245.192.253 - - [15/Dec/2023:04:32:37 -0500] "POST /kwsrmcab/Wsrmcab  HTTP/1.1" 200 37894
216.245.221.92 - - [15/Dec/2023:04:32:54 -0500] "HEAD / HTTP/1.1" 200 -
52.167.144.19 - - [15/Dec/2023:04:32:54 -0500] "GET /BLA/resoluciones/RESOLUCIONES%202021/0582.pdf HTTP/1.1" 200 377616
216.244.66.195 - - [15/Dec/2023:04:33:19 -0500] "GET /BLA/resoluciones/RESOLUCIONES%202017/2842.pdf HTTP/1.1" 200 369384
201.245.192.253 - - [15/Dec/2023:04:33:35 -0500] "POST /forms/lservlet;jsessionid=ac16012b30d68f87e6b31bdd4159a82faa45787d3329.e3iSbxaKaheRe34Qc38TbN0Nb41ynknvrkLOlQzNp65In0 HTTP/1.1" 200 2
216.244.66.195 - - [15/Dec/2023:04:34:10 -0500] "GET /BLA/resoluciones/RESOLUCIONES%202017/3212.pdf HTTP/1.1" 200 357961
201.245.192.253 - - [15/Dec/2023:04:34:18 -0500] "POST /forms/lservlet;jsessionid=ac16012b30d665b9d6b5cea24731bd918aefbc6c9e46.e3iSbxaKaheRe34Qc38TbN0Nb41ynknvrkLOlQzNp65In0 HTTP/1.1" 200 2
216.244.66.195 - - [15/Dec/2023:04:34:55 -0500] "GET /BLA/resoluciones/RESOLUCIONES%202017/3349.pdf HTTP/1.1" 200 344175
201.245.192.253 - - [15/Dec/2023:04:35:35 -0500] "POST /forms/lservlet;jsessionid=ac16012b30d68f87e6b31bdd4159a82faa45787d3329.e3iSbxaKaheRe34Qc38TbN0Nb41ynknvrkLOlQzNp65In0 HTTP/1.1" 200 2
216.244.66.195 - - [15/Dec/2023:04:35:38 -0500] "GET /BLA/resoluciones/RESOLUCIONES%202019/0510.pdf HTTP/1.1" 200 311894
201.245.192.253 - - [15/Dec/2023:04:36:00 -0500] "POST /kwsrmcab/Wsrmcab HTTP/1.1" 200 38212
201.245.192.253 - - [15/Dec/2023:04:36:04 -0500] "POST /kwsrmcab/Wsrmcab HTTP/1.1" 200 39146
201.245.192.253 - - [15/Dec/2023:04:36:18 -0500] "POST /forms/lservlet;jsessionid=ac16012b30d665b9d6b5cea24731bd918aefbc6c9e46.e3iSbxaKaheRe34Qc38TbN0Nb41ynknvrkLOlQzNp65In0 HTTP/1.1" 200 2
216.244.66.195 - - [15/Dec/2023:04:36:25 -0500] "GET /BLA/resoluciones/RESOLUCIONES%202019/0666.pdf HTTP/1.1" 200 259465
216.244.66.195 - - [15/Dec/2023:04:37:05 -0500] "GET /BLA/resoluciones/RESOLUCIONES%202019/0845.pdf HTTP/1.1" 200 705726
172.22.2.4 - - [15/Dec/2023:04:35:43 -0500] "HEAD /BLA/boletinlegal/ HTTP/1.1" 200 -
201.245.192.253 - - [15/Dec/2023:04:37:35 -0500] "POST /forms/lservlet;jsessionid=ac16012b30d68f87e6b31bdd4159a82faa45787d3329.e3iSbxaKaheRe34Qc38TbN0Nb41ynknvrkLOlQzNp65In0 HTTP/1.1" 200 2
201.245.192.253 - - [15/Dec/2023:04:37:34 -0500] "POST /kwsrmcab/Wsrmcab  HTTP/1.1" 200 37894
216.245.221.92 - - [15/Dec/2023:04:37:54 -0500] "HEAD / HTTP/1.1" 200 -
216.244.66.195 - - [15/Dec/2023:04:37:55 -0500] "GET /BLA/resoluciones/RESOLUCIONES%202019/1044.pdf HTTP/1.1" 200 329094
54.39.177.173 - - [15/Dec/2023:04:37:57 -0500] "GET /distrito-exalto-a-246-empresas-de-bogota-por-su-alto-desempeno-y-responsabilidad-ambiental-durante-2023.html HTTP/1.1" 200 1039
172.22.2.4 - - [15/Dec/2023:04:36:34 -0500] "GET /BLA/boletinlegal/ HTTP/1.1" 200 58644
201.245.192.253 - - [15/Dec/2023:04:38:18 -0500] "POST /forms/lservlet;jsessionid=ac16012b30d665b9d6b5cea24731bd918aefbc6c9e46.e3iSbxaKaheRe34Qc38TbN0Nb41ynknvrkLOlQzNp65In0 HTTP/1.1" 200 2
216.244.66.195 - - [15/Dec/2023:04:38:40 -0500] "GET /BLA/resoluciones/RESOLUCIONES%202019/1239.pdf HTTP/1.1" 200 231851
216.244.66.195 - - [15/Dec/2023:04:39:19 -0500] "GET /BLA/resoluciones/RESOLUCIONES%202019/1307.pdf HTTP/1.1" 200 6741929
201.245.192.253 - - [15/Dec/2023:04:39:35 -0500] "POST /forms/lservlet;jsessionid=ac16012b30d68f87e6b31bdd4159a82faa45787d3329.e3iSbxaKaheRe34Qc38TbN0Nb41ynknvrkLOlQzNp65In0 HTTP/1.1" 200 2
157.55.39.51 - - [15/Dec/2023:04:39:51 -0500] "GET /distrito-presenta-proyecto-de-energia-solar-y-eficiencia-energetica-para-entidades-publicas-de-bogota.html HTTP/1.1" 200 908
201.245.192.253 - - [15/Dec/2023:04:39:50 -0500] "POST /kwsrmcab/Wsrmcab HTTP/1.1" 200 38212
201.245.192.253 - - [15/Dec/2023:04:39:56 -0500] "POST /kwsrmcab/Wsrmcab HTTP/1.1" 200 39146
216.244.66.195 - - [15/Dec/2023:04:40:09 -0500] "GET /BLA/resoluciones/RESOLUCIONES%202019/1547.pdf HTTP/1.1" 200 275594
201.245.192.253 - - [15/Dec/2023:04:40:18 -0500] "POST /forms/lservlet;jsessionid=ac16012b30d665b9d6b5cea24731bd918aefbc6c9e46.e3iSbxaKaheRe34Qc38TbN0Nb41ynknvrkLOlQzNp65In0 HTTP/1.1" 200 2
216.244.66.195 - - [15/Dec/2023:04:40:50 -0500] "GET /BLA/resoluciones/RESOLUCIONES%202019/1571.pdf HTTP/1.1" 200 435228
216.244.66.195 - - [15/Dec/2023:04:41:32 -0500] "GET /BLA/resoluciones/RESOLUCIONES%202019/1935.pdf HTTP/1.1" 200 397297
201.245.192.253 - - [15/Dec/2023:04:41:35 -0500] "POST /forms/lservlet;jsessionid=ac16012b30d68f87e6b31bdd4159a82faa45787d3329.e3iSbxaKaheRe34Qc38TbN0Nb41ynknvrkLOlQzNp65In0 HTTP/1.1" 200 2
216.244.66.195 - - [15/Dec/2023:04:42:16 -0500] "GET /BLA/resoluciones/RESOLUCIONES%202019/2093.pdf HTTP/1.1" 200 349080
201.245.192.253 - - [15/Dec/2023:04:42:18 -0500] "POST /forms/lservlet;jsessionid=ac16012b30d665b9d6b5cea24731bd918aefbc6c9e46.e3iSbxaKaheRe34Qc38TbN0Nb41ynknvrkLOlQzNp65In0 HTTP/1.1" 200 2
201.245.192.253 - - [15/Dec/2023:04:42:33 -0500] "POST /kwsrmcab/Wsrmcab  HTTP/1.1" 200 37894
216.244.66.195 - - [15/Dec/2023:04:42:51 -0500] "GET /BLA/resoluciones/RESOLUCIONES%202019/2613.pdf HTTP/1.1" 200 351074
216.245.221.92 - - [15/Dec/2023:04:42:54 -0500] "HEAD / HTTP/1.1" 200 -
172.22.2.4 - - [15/Dec/2023:04:41:33 -0500] "HEAD /BLA/boletinlegal/ HTTP/1.1" 200 -
216.244.66.195 - - [15/Dec/2023:04:43:20 -0500] "GET /BLA/resoluciones/RESOLUCIONES%202001/RESOLUCION%20991%20DE%202001.pdf HTTP/1.1" 200 678295
201.245.192.253 - - [15/Dec/2023:04:43:35 -0500] "POST /forms/lservlet;jsessionid=ac16012b30d68f87e6b31bdd4159a82faa45787d3329.e3iSbxaKaheRe34Qc38TbN0Nb41ynknvrkLOlQzNp65In0 HTTP/1.1" 200 2
172.22.2.4 - - [15/Dec/2023:04:42:14 -0500] "GET /BLA/boletinlegal/ HTTP/1.1" 200 43449
172.22.2.4 - - [15/Dec/2023:04:42:24 -0500] "GET /BLA/boletinlegal/ HTTP/1.1" 200 43449
216.244.66.195 - - [15/Dec/2023:04:44:05 -0500] "GET /BLA/resoluciones/AUTOS%202007/0010.pdf HTTP/1.1" 200 164457
201.245.192.253 - - [15/Dec/2023:04:44:18 -0500] "POST /forms/lservlet;jsessionid=ac16012b30d665b9d6b5cea24731bd918aefbc6c9e46.e3iSbxaKaheRe34Qc38TbN0Nb41ynknvrkLOlQzNp65In0 HTTP/1.1" 200 2
216.244.66.195 - - [15/Dec/2023:04:44:37 -0500] "GET /BLA/resoluciones/AUTOS%202007/0104.pdf HTTP/1.1" 200 47781
172.22.2.4 - - [15/Dec/2023:04:44:45 -0500] "GET /BLA/boletinlegal/js/jquery.scrollTo-min.js HTTP/1.1" 200 1150
201.245.192.253 - - [15/Dec/2023:04:45:35 -0500] "POST /forms/lservlet;jsessionid=ac16012b30d68f87e6b31bdd4159a82faa45787d3329.e3iSbxaKaheRe34Qc38TbN0Nb41ynknvrkLOlQzNp65In0 HTTP/1.1" 200 2
152.61.128.50 - - [15/Dec/2023:04:46:07 -0500] "GET /arcgis/services/Calidad_del_Agua_WQI/MapServer/WMSServer?request=GetCapabilities&service=WMS HTTP/1.1" 503 1020
152.61.128.50 - - [15/Dec/2023:04:46:09 -0500] "GET /arcgis/services/Calidad_del_Agua_WQI/MapServer/WMSServer?SERVICE=WMS&REQUEST=GetCapabilities HTTP/1.1" 503 1020
152.61.128.50 - - [15/Dec/2023:04:46:09 -0500] "GET /arcgis/services/Calidad_del_Agua_WQI/MapServer/WMSServer?WMTVER=1.0.0&REQUEST=capabilities HTTP/1.1" 503 1020
201.245.192.253 - - [15/Dec/2023:04:46:18 -0500] "POST /forms/lservlet;jsessionid=ac16012b30d665b9d6b5cea24731bd918aefbc6c9e46.e3iSbxaKaheRe34Qc38TbN0Nb41ynknvrkLOlQzNp65In0 HTTP/1.1" 200 2
66.249.66.20 - - [15/Dec/2023:04:47:08 -0500] "GET /BLA/resoluciones/RESOLUCIONES%202009/0632.pdf HTTP/1.1" 200 759165
172.22.2.4 - - [15/Dec/2023:04:45:39 -0500] "GET /BLA/boletinlegal/ HTTP/1.1" 200 62729
201.245.192.253 - - [15/Dec/2023:04:47:32 -0500] "POST /kwsrmcab/Wsrmcab  HTTP/1.1" 200 37894
201.245.192.253 - - [15/Dec/2023:04:47:35 -0500] "POST /forms/lservlet;jsessionid=ac16012b30d68f87e6b31bdd4159a82faa45787d3329.e3iSbxaKaheRe34Qc38TbN0Nb41ynknvrkLOlQzNp65In0 HTTP/1.1" 200 2
216.245.221.92 - - [15/Dec/2023:04:47:54 -0500] "HEAD / HTTP/1.1" 200 -
201.245.192.253 - - [15/Dec/2023:04:48:18 -0500] "POST /forms/lservlet;jsessionid=ac16012b30d665b9d6b5cea24731bd918aefbc6c9e46.e3iSbxaKaheRe34Qc38TbN0Nb41ynknvrkLOlQzNp65In0 HTTP/1.1" 200 2
172.22.2.4 - - [15/Dec/2023:04:47:23 -0500] "HEAD /BLA/boletinlegal/ HTTP/1.1" 200 -
