181.53.13.74 - - [15/Dec/2023:05:52:04 -0500] "GET /sipse/faces/javax.faces.resource/primefaces.css?ln=primefaces&v=4.0 HTTP/1.1" 304 -
181.53.13.74 - - [15/Dec/2023:05:52:04 -0500] "GET /sipse/faces/javax.faces.resource/layout/layout.css?ln=primefaces&v=4.0 HTTP/1.1" 304 -
181.53.13.74 - - [15/Dec/2023:05:52:04 -0500] "GET /sipse/faces/javax.faces.resource/jquery/jquery-plugins.js?ln=primefaces&v=4.0 HTTP/1.1" 304 -
181.53.13.74 - - [15/Dec/2023:05:52:04 -0500] "GET /sipse/faces/javax.faces.resource/primefaces.js?ln=primefaces&v=4.0 HTTP/1.1" 304 -
181.53.13.74 - - [15/Dec/2023:05:52:04 -0500] "GET /sipse/faces/javax.faces.resource/layout/layout.js?ln=primefaces&v=4.0 HTTP/1.1" 304 -
181.53.13.74 - - [15/Dec/2023:05:52:04 -0500] "GET /sipse/faces/javax.faces.resource/dynamiccontent.properties?ln=primefaces&pfdrid=XjOR5%2F%2FfPAZAuY9TpWQeCiM0BhlXxYRBGKi%2FQcXXfeA%3D&pfdrid_c=false HTTP/1.1" 500 383
201.245.192.253 - - [15/Dec/2023:05:52:19 -0500] "POST /forms/lservlet;jsessionid=ac16012b30d665b9d6b5cea24731bd918aefbc6c9e46.e3iSbxaKaheRe34Qc38TbN0Nb41ynknvrkLOlQzNp65In0 HTTP/1.1" 200 2
201.245.192.253 - - [15/Dec/2023:05:52:19 -0500] "POST /kwsrmcab/Wsrmcab  HTTP/1.1" 200 37894
216.245.221.92 - - [15/Dec/2023:05:52:54 -0500] "HEAD / HTTP/1.1" 200 -
172.22.2.4 - - [15/Dec/2023:05:51:33 -0500] "HEAD /BLA/boletinlegal/ HTTP/1.1" 200 -
201.245.192.253 - - [15/Dec/2023:05:53:36 -0500] "POST /forms/lservlet;jsessionid=ac16012b30d68f87e6b31bdd4159a82faa45787d3329.e3iSbxaKaheRe34Qc38TbN0Nb41ynknvrkLOlQzNp65In0 HTTP/1.1" 200 2
172.22.2.4 - - [15/Dec/2023:05:52:24 -0500] "GET /BLA/boletinlegal/ HTTP/1.1" 200 61018
201.245.192.253 - - [15/Dec/2023:05:54:19 -0500] "POST /forms/lservlet;jsessionid=ac16012b30d665b9d6b5cea24731bd918aefbc6c9e46.e3iSbxaKaheRe34Qc38TbN0Nb41ynknvrkLOlQzNp65In0 HTTP/1.1" 200 2
201.245.192.253 - - [15/Dec/2023:05:55:36 -0500] "POST /forms/lservlet;jsessionid=ac16012b30d68f87e6b31bdd4159a82faa45787d3329.e3iSbxaKaheRe34Qc38TbN0Nb41ynknvrkLOlQzNp65In0 HTTP/1.1" 200 2
201.245.192.253 - - [15/Dec/2023:05:56:19 -0500] "POST /forms/lservlet;jsessionid=ac16012b30d665b9d6b5cea24731bd918aefbc6c9e46.e3iSbxaKaheRe34Qc38TbN0Nb41ynknvrkLOlQzNp65In0 HTTP/1.1" 200 2
216.244.66.195 - - [15/Dec/2023:05:56:28 -0500] "GET /BLA/resoluciones/RESOLUCIONES%202023/0901.pdf HTTP/1.1" 200 428033
216.244.66.195 - - [15/Dec/2023:05:57:14 -0500] "GET /BLA/resoluciones/RESOLUCIONES%202023/1317.pdf HTTP/1.1" 200 398795
201.245.192.253 - - [15/Dec/2023:05:57:18 -0500] "POST /kwsrmcab/Wsrmcab  HTTP/1.1" 200 37894
201.245.192.253 - - [15/Dec/2023:05:57:36 -0500] "POST /forms/lservlet;jsessionid=ac16012b30d68f87e6b31bdd4159a82faa45787d3329.e3iSbxaKaheRe34Qc38TbN0Nb41ynknvrkLOlQzNp65In0 HTTP/1.1" 200 2
216.245.221.92 - - [15/Dec/2023:05:57:54 -0500] "HEAD / HTTP/1.1" 200 -
216.244.66.195 - - [15/Dec/2023:05:57:59 -0500] "GET /BLA/resoluciones/RESOLUCIONES%202023/1572.pdf HTTP/1.1" 200 447866
201.245.192.253 - - [15/Dec/2023:05:58:19 -0500] "POST /forms/lservlet;jsessionid=ac16012b30d665b9d6b5cea24731bd918aefbc6c9e46.e3iSbxaKaheRe34Qc38TbN0Nb41ynknvrkLOlQzNp65In0 HTTP/1.1" 200 2
216.244.66.195 - - [15/Dec/2023:05:58:45 -0500] "GET /BLA/resoluciones/RESOLUCIONES%202023/1912.pdf HTTP/1.1" 200 473387
172.22.2.4 - - [15/Dec/2023:05:57:23 -0500] "HEAD /BLA/boletinlegal/ HTTP/1.1" 200 -
157.55.39.59 - - [15/Dec/2023:05:59:03 -0500] "GET /BLA/resoluciones/RESOLUCIONES%202021/0049.pdf HTTP/1.1" 200 386702
201.245.192.253 - - [15/Dec/2023:05:59:36 -0500] "POST /forms/lservlet;jsessionid=ac16012b30d68f87e6b31bdd4159a82faa45787d3329.e3iSbxaKaheRe34Qc38TbN0Nb41ynknvrkLOlQzNp65In0 HTTP/1.1" 200 2
172.22.2.4 - - [15/Dec/2023:05:58:14 -0500] "GET /BLA/boletinlegal/ HTTP/1.1" 200 61018
181.61.39.98 - - [15/Dec/2023:06:00:09 -0500] "GET /appsia/controlador?comando=regresar&id=35463043&funcionario=MARTHA+MARGARITA+VILLEGAS+HERNANDEZ&desde=35463043&hasta=35463043&version=35463043 HTTP/1.1" 200 3226
181.61.39.98 - - [15/Dec/2023:06:00:09 -0500] "GET /appsia/jscripts/validarSolicitud.js HTTP/1.1" 404 68
181.61.39.98 - - [15/Dec/2023:06:00:14 -0500] "POST /appsia/controlador HTTP/1.1" 200 4799
66.249.66.20 - - [15/Dec/2023:06:00:18 -0500] "GET /BLA/resoluciones/RESOLUCIONES%202011/5019.pdf HTTP/1.1" 200 781030
181.61.39.98 - - [15/Dec/2023:06:00:18 -0500] "POST /appsia/controlador HTTP/1.1" 200 5437
201.245.192.253 - - [15/Dec/2023:06:00:19 -0500] "POST /forms/lservlet;jsessionid=ac16012b30d665b9d6b5cea24731bd918aefbc6c9e46.e3iSbxaKaheRe34Qc38TbN0Nb41ynknvrkLOlQzNp65In0 HTTP/1.1" 200 2
181.61.39.98 - - [15/Dec/2023:06:00:21 -0500] "POST /appsia/controlador HTTP/1.1" 200 7799
181.61.39.98 - - [15/Dec/2023:06:00:25 -0500] "POST /appsia/controlador HTTP/1.1" 200 6664
181.61.39.98 - - [15/Dec/2023:06:00:28 -0500] "POST /appsia/controlador HTTP/1.1" 200 9871
181.61.39.98 - - [15/Dec/2023:06:01:34 -0500] "GET /appsia/controlador?comando=ingresarMenuPrincipal&id=35463043&funcionario=MARTHA+MARGARITA+VILLEGAS+HERNANDEZ&desde=35463043&hasta=35463043&version=35463043&accion=Regresar HTTP/1.1" 200 5437
201.245.192.253 - - [15/Dec/2023:06:01:36 -0500] "POST /forms/lservlet;jsessionid=ac16012b30d68f87e6b31bdd4159a82faa45787d3329.e3iSbxaKaheRe34Qc38TbN0Nb41ynknvrkLOlQzNp65In0 HTTP/1.1" 200 2
181.61.39.98 - - [15/Dec/2023:06:01:38 -0500] "POST /appsia/controlador HTTP/1.1" 200 4799
201.245.192.253 - - [15/Dec/2023:06:02:19 -0500] "POST /forms/lservlet;jsessionid=ac16012b30d665b9d6b5cea24731bd918aefbc6c9e46.e3iSbxaKaheRe34Qc38TbN0Nb41ynknvrkLOlQzNp65In0 HTTP/1.1" 200 2
201.245.192.253 - - [15/Dec/2023:06:02:17 -0500] "POST /kwsrmcab/Wsrmcab  HTTP/1.1" 200 37894
216.245.221.92 - - [15/Dec/2023:06:02:54 -0500] "HEAD / HTTP/1.1" 200 -
201.245.192.253 - - [15/Dec/2023:06:03:36 -0500] "POST /forms/lservlet;jsessionid=ac16012b30d68f87e6b31bdd4159a82faa45787d3329.e3iSbxaKaheRe34Qc38TbN0Nb41ynknvrkLOlQzNp65In0 HTTP/1.1" 200 2
87.227.193.234 - - [15/Dec/2023:06:03:47 -0500] "GET / HTTP/1.0" 200 319
201.245.192.253 - - [15/Dec/2023:06:04:19 -0500] "POST /forms/lservlet;jsessionid=ac16012b30d665b9d6b5cea24731bd918aefbc6c9e46.e3iSbxaKaheRe34Qc38TbN0Nb41ynknvrkLOlQzNp65In0 HTTP/1.1" 200 2
94.130.10.218 - - [15/Dec/2023:06:04:32 -0500] "GET /bla/boletinlegal/sugerencias.php HTTP/1.1" 200 8615
94.130.10.218 - - [15/Dec/2023:06:04:41 -0500] "GET /bla/boletinlegal/jurisprudencia/analisis/null HTTP/1.1" 404 1049
172.22.2.4 - - [15/Dec/2023:06:03:13 -0500] "HEAD /BLA/boletinlegal/ HTTP/1.1" 200 -
94.130.10.218 - - [15/Dec/2023:06:05:08 -0500] "GET /bla/boletinlegal/doctrina.php HTTP/1.1" 200 5614
94.130.10.218 - - [15/Dec/2023:06:05:11 -0500] "GET /bla/boletinlegal/conceptos.php HTTP/1.1" 200 7496
94.130.10.218 - - [15/Dec/2023:06:05:13 -0500] "GET /BLA/boletinlegal/sugerencias.php HTTP/1.1" 200 8615
186.102.81.155 - - [15/Dec/2023:06:05:16 -0500] "GET /appsia/controlador HTTP/1.1" 200 4799
186.102.81.155 - - [15/Dec/2023:06:05:16 -0500] "GET /appsia/css/estilos.css HTTP/1.1" 200 4804
186.102.81.155 - - [15/Dec/2023:06:05:16 -0500] "GET /appsia/scripts/validarIngreso.js HTTP/1.1" 200 851
186.102.81.155 - - [15/Dec/2023:06:05:16 -0500] "GET /appsia/images/logo_bogota_p.png HTTP/1.1" 200 14951
94.130.10.218 - - [15/Dec/2023:06:05:16 -0500] "GET /BLA/boletinlegal/normativa.php HTTP/1.1" 200 8343
186.102.81.155 - - [15/Dec/2023:06:05:16 -0500] "GET /appsia/images/cabezoteHojaVida.png HTTP/1.1" 200 32493
186.102.81.155 - - [15/Dec/2023:06:05:16 -0500] "GET /favicon.ico HTTP/1.1" 200 7782
94.130.10.218 - - [15/Dec/2023:06:04:46 -0500] "GET /bla/boletinlegal/index.php HTTP/1.1" 200 20427
94.130.10.218 - - [15/Dec/2023:06:05:19 -0500] "GET /BLA/boletinlegal/jurisprudencia/analisis/null HTTP/1.1" 404 1049
186.102.81.155 - - [15/Dec/2023:06:05:25 -0500] "POST /appsia/controlador HTTP/1.1" 200 3599
186.102.81.155 - - [15/Dec/2023:06:05:25 -0500] "GET /appsia/jscripts/validarSolicitud.js HTTP/1.1" 404 68
216.244.66.195 - - [15/Dec/2023:06:05:28 -0500] "GET /BLA/resoluciones/AUTOS%202015/3308.pdf HTTP/1.1" 200 445490
186.102.81.155 - - [15/Dec/2023:06:05:29 -0500] "POST /appsia/controlador HTTP/1.1" 200 4799
186.102.81.155 - - [15/Dec/2023:06:05:34 -0500] "POST /appsia/controlador HTTP/1.1" 200 3599
186.102.81.155 - - [15/Dec/2023:06:05:34 -0500] "GET /appsia/jscripts/validarSolicitud.js HTTP/1.1" 404 68
201.245.192.253 - - [15/Dec/2023:06:05:36 -0500] "POST /forms/lservlet;jsessionid=ac16012b30d68f87e6b31bdd4159a82faa45787d3329.e3iSbxaKaheRe34Qc38TbN0Nb41ynknvrkLOlQzNp65In0 HTTP/1.1" 200 2
186.102.81.155 - - [15/Dec/2023:06:05:37 -0500] "POST /appsia/controlador HTTP/1.1" 200 4799
172.22.2.4 - - [15/Dec/2023:06:04:04 -0500] "GET /BLA/boletinlegal/ HTTP/1.1" 200 56997
216.244.66.195 - - [15/Dec/2023:06:06:18 -0500] "GET /BLA/resoluciones/RESOLUCIONES%202011/1710.pdf HTTP/1.1" 200 594928
201.245.192.253 - - [15/Dec/2023:06:06:19 -0500] "POST /forms/lservlet;jsessionid=ac16012b30d665b9d6b5cea24731bd918aefbc6c9e46.e3iSbxaKaheRe34Qc38TbN0Nb41ynknvrkLOlQzNp65In0 HTTP/1.1" 200 2
186.102.81.155 - - [15/Dec/2023:06:06:56 -0500] "POST /appsia/controlador HTTP/1.1" 200 5437
186.102.81.155 - - [15/Dec/2023:06:06:59 -0500] "POST /appsia/controlador HTTP/1.1" 200 7775
186.102.81.155 - - [15/Dec/2023:06:07:03 -0500] "POST /appsia/controlador HTTP/1.1" 200 6640
94.130.10.218 - - [15/Dec/2023:06:05:26 -0500] "GET /BLA/boletinlegal/index.php HTTP/1.1" 200 62379
186.102.81.155 - - [15/Dec/2023:06:07:07 -0500] "POST /appsia/controlador HTTP/1.1" 200 12856
94.130.10.218 - - [15/Dec/2023:06:07:08 -0500] "GET /BLA/boletinlegal/doctrina.php HTTP/1.1" 200 5614
216.244.66.195 - - [15/Dec/2023:06:07:09 -0500] "GET /BLA/resoluciones/RESOLUCIONES%202011/2036.pdf HTTP/1.1" 200 522239
94.130.10.218 - - [15/Dec/2023:06:07:11 -0500] "GET /BLA/boletinlegal/conceptos.php HTTP/1.1" 200 7496
94.130.10.218 - - [15/Dec/2023:06:07:13 -0500] "GET /bla/boletinlegal/normativa.php HTTP/1.1" 200 8343
201.245.192.253 - - [15/Dec/2023:06:07:16 -0500] "POST /kwsrmcab/Wsrmcab  HTTP/1.1" 200 37894
201.245.192.253 - - [15/Dec/2023:06:07:36 -0500] "POST /forms/lservlet;jsessionid=ac16012b30d68f87e6b31bdd4159a82faa45787d3329.e3iSbxaKaheRe34Qc38TbN0Nb41ynknvrkLOlQzNp65In0 HTTP/1.1" 200 2
216.245.221.92 - - [15/Dec/2023:06:07:54 -0500] "HEAD / HTTP/1.1" 200 -
216.244.66.195 - - [15/Dec/2023:06:08:02 -0500] "GET /BLA/resoluciones/RESOLUCIONES%202018/2203.pdf HTTP/1.1" 200 342009
201.245.192.253 - - [15/Dec/2023:06:08:19 -0500] "POST /forms/lservlet;jsessionid=ac16012b30d665b9d6b5cea24731bd918aefbc6c9e46.e3iSbxaKaheRe34Qc38TbN0Nb41ynknvrkLOlQzNp65In0 HTTP/1.1" 200 2
216.244.66.195 - - [15/Dec/2023:06:08:47 -0500] "GET /BLA/resoluciones/RESOLUCIONES%202018/2551.pdf HTTP/1.1" 200 4985354
201.245.192.253 - - [15/Dec/2023:06:09:36 -0500] "POST /forms/lservlet;jsessionid=ac16012b30d68f87e6b31bdd4159a82faa45787d3329.e3iSbxaKaheRe34Qc38TbN0Nb41ynknvrkLOlQzNp65In0 HTTP/1.1" 200 2
216.244.66.195 - - [15/Dec/2023:06:09:37 -0500] "GET /BLA/resoluciones/RESOLUCIONES%202018/2665.pdf HTTP/1.1" 200 360302
168.119.253.32 - - [15/Dec/2023:06:10:12 -0500] "GET / HTTP/1.1" 200 319
168.119.253.32 - - [15/Dec/2023:06:10:13 -0500] "GET / HTTP/1.1" 200 4720
201.245.192.253 - - [15/Dec/2023:06:10:19 -0500] "POST /forms/lservlet;jsessionid=ac16012b30d665b9d6b5cea24731bd918aefbc6c9e46.e3iSbxaKaheRe34Qc38TbN0Nb41ynknvrkLOlQzNp65In0 HTTP/1.1" 200 2
216.244.66.195 - - [15/Dec/2023:06:10:22 -0500] "GET /BLA/resoluciones/RESOLUCIONES%202018/3075.pdf HTTP/1.1" 200 2941003
172.22.2.4 - - [15/Dec/2023:06:09:03 -0500] "HEAD /BLA/boletinlegal/ HTTP/1.1" 200 -
172.22.2.4 - - [15/Dec/2023:06:09:54 -0500] "GET /BLA/boletinlegal/ HTTP/1.1" 200 60634
201.245.192.253 - - [15/Dec/2023:06:11:36 -0500] "POST /forms/lservlet;jsessionid=ac16012b30d68f87e6b31bdd4159a82faa45787d3329.e3iSbxaKaheRe34Qc38TbN0Nb41ynknvrkLOlQzNp65In0 HTTP/1.1" 200 2
201.245.192.253 - - [15/Dec/2023:06:12:14 -0500] "POST /kwsrmcab/Wsrmcab  HTTP/1.1" 200 37894
201.245.192.253 - - [15/Dec/2023:06:12:19 -0500] "POST /forms/lservlet;jsessionid=ac16012b30d665b9d6b5cea24731bd918aefbc6c9e46.e3iSbxaKaheRe34Qc38TbN0Nb41ynknvrkLOlQzNp65In0 HTTP/1.1" 200 2
162.55.166.12 - - [15/Dec/2023:06:12:25 -0500] "GET / HTTP/1.1" 200 4720
162.55.166.12 - - [15/Dec/2023:06:12:27 -0500] "GET / HTTP/1.1" 200 319
216.245.221.92 - - [15/Dec/2023:06:12:54 -0500] "HEAD / HTTP/1.1" 200 -
66.249.66.20 - - [15/Dec/2023:06:13:01 -0500] "GET /BLA/resoluciones/AUTOS%202008/1842.pdf HTTP/1.1" 200 276383
172.22.2.4 - - [15/Dec/2023:06:13:07 -0500] "GET /BLA/boletinlegal/Circulares/2012/Circular%20No.%208%20del%2021%20de%20Agosto%20de%202012.pdf HTTP/1.1" 304 -
201.245.192.253 - - [15/Dec/2023:06:13:36 -0500] "POST /forms/lservlet;jsessionid=ac16012b30d68f87e6b31bdd4159a82faa45787d3329.e3iSbxaKaheRe34Qc38TbN0Nb41ynknvrkLOlQzNp65In0 HTTP/1.1" 200 2
201.245.192.253 - - [15/Dec/2023:06:14:19 -0500] "POST /forms/lservlet;jsessionid=ac16012b30d665b9d6b5cea24731bd918aefbc6c9e46.e3iSbxaKaheRe34Qc38TbN0Nb41ynknvrkLOlQzNp65In0 HTTP/1.1" 200 2
201.245.192.253 - - [15/Dec/2023:06:15:36 -0500] "POST /forms/lservlet;jsessionid=ac16012b30d68f87e6b31bdd4159a82faa45787d3329.e3iSbxaKaheRe34Qc38TbN0Nb41ynknvrkLOlQzNp65In0 HTTP/1.1" 200 2
201.245.192.253 - - [15/Dec/2023:06:15:59 -0500] "POST /kwsrmcab/Wsrmcab HTTP/1.1" 200 38221
201.245.192.253 - - [15/Dec/2023:06:16:02 -0500] "POST /kwsrmcab/Wsrmcab HTTP/1.1" 200 39147
201.245.192.253 - - [15/Dec/2023:06:16:19 -0500] "POST /forms/lservlet;jsessionid=ac16012b30d665b9d6b5cea24731bd918aefbc6c9e46.e3iSbxaKaheRe34Qc38TbN0Nb41ynknvrkLOlQzNp65In0 HTTP/1.1" 200 2
172.22.2.4 - - [15/Dec/2023:06:14:53 -0500] "HEAD /BLA/boletinlegal/ HTTP/1.1" 200 -
207.244.249.85 - - [15/Dec/2023:06:16:48 -0500] "GET /wp-login.php HTTP/1.1" 404 1035
201.245.192.253 - - [15/Dec/2023:06:17:12 -0500] "POST /kwsrmcab/Wsrmcab  HTTP/1.1" 200 37894
172.22.2.4 - - [15/Dec/2023:06:15:43 -0500] "GET /BLA/boletinlegal/ HTTP/1.1" 200 58644
94.65.175.157 - - [15/Dec/2023:06:17:27 -0500] "GET / HTTP/1.0" 200 319
201.245.192.253 - - [15/Dec/2023:06:17:36 -0500] "POST /forms/lservlet;jsessionid=ac16012b30d68f87e6b31bdd4159a82faa45787d3329.e3iSbxaKaheRe34Qc38TbN0Nb41ynknvrkLOlQzNp65In0 HTTP/1.1" 200 2
216.245.221.92 - - [15/Dec/2023:06:17:54 -0500] "HEAD / HTTP/1.1" 200 -
201.245.192.253 - - [15/Dec/2023:06:18:19 -0500] "POST /forms/lservlet;jsessionid=ac16012b30d665b9d6b5cea24731bd918aefbc6c9e46.e3iSbxaKaheRe34Qc38TbN0Nb41ynknvrkLOlQzNp65In0 HTTP/1.1" 200 2
201.245.192.253 - - [15/Dec/2023:06:19:36 -0500] "POST /forms/lservlet;jsessionid=ac16012b30d68f87e6b31bdd4159a82faa45787d3329.e3iSbxaKaheRe34Qc38TbN0Nb41ynknvrkLOlQzNp65In0 HTTP/1.1" 200 2
201.245.192.253 - - [15/Dec/2023:06:19:50 -0500] "POST /kwsrmcab/Wsrmcab HTTP/1.1" 200 38221
201.245.192.253 - - [15/Dec/2023:06:19:56 -0500] "POST /kwsrmcab/Wsrmcab HTTP/1.1" 200 39147
201.245.192.253 - - [15/Dec/2023:06:20:19 -0500] "POST /forms/lservlet;jsessionid=ac16012b30d665b9d6b5cea24731bd918aefbc6c9e46.e3iSbxaKaheRe34Qc38TbN0Nb41ynknvrkLOlQzNp65In0 HTTP/1.1" 200 2
201.245.192.253 - - [15/Dec/2023:06:21:36 -0500] "POST /forms/lservlet;jsessionid=ac16012b30d68f87e6b31bdd4159a82faa45787d3329.e3iSbxaKaheRe34Qc38TbN0Nb41ynknvrkLOlQzNp65In0 HTTP/1.1" 200 2
201.245.192.253 - - [15/Dec/2023:06:22:10 -0500] "POST /kwsrmcab/Wsrmcab  HTTP/1.1" 200 37894
201.245.192.253 - - [15/Dec/2023:06:22:19 -0500] "POST /forms/lservlet;jsessionid=ac16012b30d665b9d6b5cea24731bd918aefbc6c9e46.e3iSbxaKaheRe34Qc38TbN0Nb41ynknvrkLOlQzNp65In0 HTTP/1.1" 200 2
172.22.2.4 - - [15/Dec/2023:06:20:43 -0500] "HEAD /BLA/boletinlegal/ HTTP/1.1" 200 -
216.245.221.92 - - [15/Dec/2023:06:22:54 -0500] "HEAD / HTTP/1.1" 200 -
172.22.2.4 - - [15/Dec/2023:06:21:33 -0500] "GET /BLA/boletinlegal/ HTTP/1.1" 200 58294
201.245.192.253 - - [15/Dec/2023:06:23:36 -0500] "POST /forms/lservlet;jsessionid=ac16012b30d68f87e6b31bdd4159a82faa45787d3329.e3iSbxaKaheRe34Qc38TbN0Nb41ynknvrkLOlQzNp65In0 HTTP/1.1" 200 2
34.34.40.136 - - [15/Dec/2023:06:23:45 -0500] "GET /las-tres-caminatas-para-cerrar-el-ano-entre-la-naturaleza.html HTTP/1.1" 200 776
201.245.192.253 - - [15/Dec/2023:06:24:19 -0500] "POST /forms/lservlet;jsessionid=ac16012b30d665b9d6b5cea24731bd918aefbc6c9e46.e3iSbxaKaheRe34Qc38TbN0Nb41ynknvrkLOlQzNp65In0 HTTP/1.1" 200 2
34.147.30.38 - - [15/Dec/2023:06:24:21 -0500] "GET /consulta-y-conoce-los-proyectos-de-resolucion-de-para-los-planes-de-manejo-ambiental-de-cinco-humedales-en-bogota.html HTTP/1.1" 200 971
181.154.225.10 - - [15/Dec/2023:06:25:09 -0500] "GET /distrito-exalto-a-246-empresas-de-bogota-por-su-alto-desempeno-y-responsabilidad-ambiental-durante-2023.html?fbclid=IwAR13WcJB0-I2m8xQ-QeRvstQM0OP0Xb2tMsY9UI0fQYUfw3_96pjWbB1VQI_aem_AeHdEXUGIi2x8yfghz5AyncsjoL_jSavR-c77_tTFW2j2eRfojRSjqwmn0zXlH0qm2I HTTP/1.1" 200 1039
201.245.192.253 - - [15/Dec/2023:06:25:36 -0500] "POST /forms/lservlet;jsessionid=ac16012b30d68f87e6b31bdd4159a82faa45787d3329.e3iSbxaKaheRe34Qc38TbN0Nb41ynknvrkLOlQzNp65In0 HTTP/1.1" 200 2
201.245.192.253 - - [15/Dec/2023:06:25:59 -0500] "POST /kwsrmcab/Wsrmcab HTTP/1.1" 200 38221
201.245.192.253 - - [15/Dec/2023:06:26:02 -0500] "POST /kwsrmcab/Wsrmcab HTTP/1.1" 200 39147
201.245.192.253 - - [15/Dec/2023:06:26:19 -0500] "POST /forms/lservlet;jsessionid=ac16012b30d665b9d6b5cea24731bd918aefbc6c9e46.e3iSbxaKaheRe34Qc38TbN0Nb41ynknvrkLOlQzNp65In0 HTTP/1.1" 200 2
201.245.192.253 - - [15/Dec/2023:06:27:08 -0500] "POST /kwsrmcab/Wsrmcab  HTTP/1.1" 200 37894
66.249.66.195 - - [15/Dec/2023:06:27:18 -0500] "GET /participa-en-la-convocatoria-para-el-aseguramiento-metrologico-de-la-red-de-monitoreo-de-calidad-del-aire-de-bogota.html HTTP/1.1" 200 848
201.245.192.253 - - [15/Dec/2023:06:27:36 -0500] "POST /forms/lservlet;jsessionid=ac16012b30d68f87e6b31bdd4159a82faa45787d3329.e3iSbxaKaheRe34Qc38TbN0Nb41ynknvrkLOlQzNp65In0 HTTP/1.1" 200 2
216.245.221.92 - - [15/Dec/2023:06:27:54 -0500] "HEAD / HTTP/1.1" 200 -
172.22.2.4 - - [15/Dec/2023:06:26:33 -0500] "HEAD /BLA/boletinlegal/ HTTP/1.1" 200 -
201.245.192.253 - - [15/Dec/2023:06:28:19 -0500] "POST /forms/lservlet;jsessionid=ac16012b30d665b9d6b5cea24731bd918aefbc6c9e46.e3iSbxaKaheRe34Qc38TbN0Nb41ynknvrkLOlQzNp65In0 HTTP/1.1" 200 2
172.22.2.4 - - [15/Dec/2023:06:27:23 -0500] "GET /BLA/boletinlegal/ HTTP/1.1" 200 58644
201.245.192.253 - - [15/Dec/2023:06:29:36 -0500] "POST /forms/lservlet;jsessionid=ac16012b30d68f87e6b31bdd4159a82faa45787d3329.e3iSbxaKaheRe34Qc38TbN0Nb41ynknvrkLOlQzNp65In0 HTTP/1.1" 200 2
201.245.192.253 - - [15/Dec/2023:06:29:50 -0500] "POST /kwsrmcab/Wsrmcab HTTP/1.1" 200 38221
201.245.192.253 - - [15/Dec/2023:06:29:56 -0500] "POST /kwsrmcab/Wsrmcab HTTP/1.1" 200 39147
201.245.192.253 - - [15/Dec/2023:06:30:19 -0500] "POST /forms/lservlet;jsessionid=ac16012b30d665b9d6b5cea24731bd918aefbc6c9e46.e3iSbxaKaheRe34Qc38TbN0Nb41ynknvrkLOlQzNp65In0 HTTP/1.1" 200 2
207.46.13.64 - - [15/Dec/2023:06:30:27 -0500] "GET /BLA/resoluciones/RESOLUCIONES%202021/5105.pdf HTTP/1.1" 200 355993
52.167.144.229 - - [15/Dec/2023:06:31:11 -0500] "GET /BLA/resoluciones/RESOLUCIONES%202021/4623.pdf HTTP/1.1" 200 335989
201.245.192.253 - - [15/Dec/2023:06:31:36 -0500] "POST /forms/lservlet;jsessionid=ac16012b30d68f87e6b31bdd4159a82faa45787d3329.e3iSbxaKaheRe34Qc38TbN0Nb41ynknvrkLOlQzNp65In0 HTTP/1.1" 200 2
66.249.66.75 - - [15/Dec/2023:06:31:55 -0500] "GET /portaldeninos/2021/06/01/agroecologia-tips-para-germinar-semillas-en-casa/ HTTP/1.1" 200 105801
216.244.66.195 - - [15/Dec/2023:06:31:58 -0500] "GET /robots.txt HTTP/1.1" 404 1018
201.245.192.253 - - [15/Dec/2023:06:32:07 -0500] "POST /kwsrmcab/Wsrmcab  HTTP/1.1" 200 37894
201.245.192.253 - - [15/Dec/2023:06:32:19 -0500] "POST /forms/lservlet;jsessionid=ac16012b30d665b9d6b5cea24731bd918aefbc6c9e46.e3iSbxaKaheRe34Qc38TbN0Nb41ynknvrkLOlQzNp65In0 HTTP/1.1" 200 2
40.77.167.68 - - [15/Dec/2023:06:32:27 -0500] "GET /BLA/resoluciones/RESOLUCIONES%202021/3724.pdf HTTP/1.1" 200 416488
157.55.39.55 - - [15/Dec/2023:06:32:45 -0500] "GET /camaras-trampa-de-la-secretaria-de-ambiente-registran-fauna-en-cerros-orientales-en-areas-donde-tenemos-acuerdos-de-conservacion.html HTTP/1.1" 200 982
216.245.221.92 - - [15/Dec/2023:06:32:54 -0500] "HEAD / HTTP/1.1" 200 -
66.249.66.19 - - [15/Dec/2023:06:33:10 -0500] "GET /videos/ambiente-ciudad/playlist.htm HTTP/1.1" 304 -
157.55.39.54 - - [15/Dec/2023:06:33:26 -0500] "GET /portaldeninos/agua-y-estructura-ecologica-principal/ HTTP/1.1" 200 87488
201.245.192.253 - - [15/Dec/2023:06:33:36 -0500] "POST /forms/lservlet;jsessionid=ac16012b30d68f87e6b31bdd4159a82faa45787d3329.e3iSbxaKaheRe34Qc38TbN0Nb41ynknvrkLOlQzNp65In0 HTTP/1.1" 200 2
172.22.2.4 - - [15/Dec/2023:06:32:23 -0500] "HEAD /BLA/boletinlegal/ HTTP/1.1" 200 -
201.245.192.253 - - [15/Dec/2023:06:34:19 -0500] "POST /forms/lservlet;jsessionid=ac16012b30d665b9d6b5cea24731bd918aefbc6c9e46.e3iSbxaKaheRe34Qc38TbN0Nb41ynknvrkLOlQzNp65In0 HTTP/1.1" 200 2
190.70.192.175 - - [15/Dec/2023:06:34:32 -0500] "POST /sipse/faces/presentacion/financiero/solicitudProceso/listarSolicitudProceso.xhtml HTTP/1.1" 302 -
190.70.192.175 - - [15/Dec/2023:06:34:33 -0500] "GET /sipse/faces/autenticacion.xhtml HTTP/1.1" 200 1099
190.70.192.175 - - [15/Dec/2023:06:34:34 -0500] "POST /sipse/faces/presentacion/financiero/solicitudProceso/listarSolicitudProceso.xhtml HTTP/1.1" 302 -
190.70.192.175 - - [15/Dec/2023:06:34:34 -0500] "GET /sipse/faces/autenticacion.xhtml HTTP/1.1" 200 1099
190.70.192.175 - - [15/Dec/2023:06:34:41 -0500] "POST /sipse/faces/presentacion/financiero/solicitudProceso/listarSolicitudProceso.xhtml HTTP/1.1" 302 -
190.70.192.175 - - [15/Dec/2023:06:34:42 -0500] "GET /sipse/faces/autenticacion.xhtml HTTP/1.1" 200 1099
190.70.192.175 - - [15/Dec/2023:06:34:44 -0500] "POST /sipse/faces/presentacion/financiero/solicitudProceso/listarSolicitudProceso.xhtml HTTP/1.1" 302 -
190.70.192.175 - - [15/Dec/2023:06:34:44 -0500] "GET /sipse/faces/autenticacion.xhtml HTTP/1.1" 200 1099
190.70.192.175 - - [15/Dec/2023:06:34:48 -0500] "POST /sipse/faces/presentacion/financiero/solicitudProceso/listarSolicitudProceso.xhtml HTTP/1.1" 302 -
190.70.192.175 - - [15/Dec/2023:06:34:48 -0500] "GET /sipse/faces/autenticacion.xhtml HTTP/1.1" 200 1099
190.70.192.175 - - [15/Dec/2023:06:34:49 -0500] "POST /sipse/faces/presentacion/financiero/solicitudProceso/listarSolicitudProceso.xhtml HTTP/1.1" 302 -
190.70.192.175 - - [15/Dec/2023:06:34:49 -0500] "GET /sipse/faces/autenticacion.xhtml HTTP/1.1" 200 1099
190.70.192.175 - - [15/Dec/2023:06:34:49 -0500] "POST /sipse/faces/presentacion/financiero/solicitudProceso/listarSolicitudProceso.xhtml HTTP/1.1" 302 -
190.70.192.175 - - [15/Dec/2023:06:34:49 -0500] "GET /sipse/faces/autenticacion.xhtml HTTP/1.1" 200 1099
190.70.192.175 - - [15/Dec/2023:06:34:52 -0500] "POST /sipse/faces/presentacion/financiero/solicitudProceso/listarSolicitudProceso.xhtml HTTP/1.1" 302 -
190.70.192.175 - - [15/Dec/2023:06:34:52 -0500] "GET /sipse/faces/autenticacion.xhtml HTTP/1.1" 200 1099
190.70.192.175 - - [15/Dec/2023:06:34:52 -0500] "POST /sipse/faces/presentacion/financiero/solicitudProceso/listarSolicitudProceso.xhtml HTTP/1.1" 302 -
190.70.192.175 - - [15/Dec/2023:06:34:52 -0500] "GET /sipse/faces/autenticacion.xhtml HTTP/1.1" 200 1099
172.22.2.4 - - [15/Dec/2023:06:33:13 -0500] "GET /BLA/boletinlegal/ HTTP/1.1" 200 58294
190.70.192.175 - - [15/Dec/2023:06:35:16 -0500] "GET /sipse/faces/autenticacion.xhtml HTTP/1.1" 200 12729
190.70.192.175 - - [15/Dec/2023:06:35:16 -0500] "GET /sipse/faces/javax.faces.resource/primefaces.css;jsessionid=yKp1WZ6AmWKRWbSyFgfFQPBu.undefined?ln=primefaces&v=4.0 HTTP/1.1" 200 53295
190.70.192.175 - - [15/Dec/2023:06:35:17 -0500] "GET /sipse/css/custom_css_sg.css HTTP/1.1" 304 -
190.70.192.175 - - [15/Dec/2023:06:35:17 -0500] "GET /sipse/faces/javax.faces.resource/layout/layout.css;jsessionid=yKp1WZ6AmWKRWbSyFgfFQPBu.undefined?ln=primefaces&v=4.0 HTTP/1.1" 200 542
190.70.192.175 - - [15/Dec/2023:06:35:17 -0500] "GET /sipse/faces/javax.faces.resource/theme.css?ln=primefaces-sipse HTTP/1.1" 304 -
190.70.192.175 - - [15/Dec/2023:06:35:17 -0500] "GET /sipse/faces/javax.faces.resource/jquery/jquery.js;jsessionid=yKp1WZ6AmWKRWbSyFgfFQPBu.undefined?ln=primefaces&v=4.0 HTTP/1.1" 200 105384
190.70.192.175 - - [15/Dec/2023:06:35:17 -0500] "GET /sipse/faces/javax.faces.resource/jquery/jquery-plugins.js;jsessionid=yKp1WZ6AmWKRWbSyFgfFQPBu.undefined?ln=primefaces&v=4.0 HTTP/1.1" 200 220526
190.70.192.175 - - [15/Dec/2023:06:35:17 -0500] "GET /sipse/css/custom_css_sg_prime_login.css HTTP/1.1" 304 -
190.70.192.175 - - [15/Dec/2023:06:35:17 -0500] "GET /sipse/js/disable_browser_buttons.js HTTP/1.1" 304 -
190.70.192.175 - - [15/Dec/2023:06:35:17 -0500] "GET /sipse/faces/javax.faces.resource/primefaces.js;jsessionid=yKp1WZ6AmWKRWbSyFgfFQPBu.undefined?ln=primefaces&v=4.0 HTTP/1.1" 200 276924
190.70.192.175 - - [15/Dec/2023:06:35:17 -0500] "GET /sipse/faces/javax.faces.resource/layout/layout.js;jsessionid=yKp1WZ6AmWKRWbSyFgfFQPBu.undefined?ln=primefaces&v=4.0 HTTP/1.1" 200 87560
190.70.192.175 - - [15/Dec/2023:06:35:17 -0500] "GET /sipse/js/funciones.js HTTP/1.1" 304 -
190.70.192.175 - - [15/Dec/2023:06:35:17 -0500] "GET /sipse/css/imagen/logoSDG.png HTTP/1.1" 304 -
190.70.192.175 - - [15/Dec/2023:06:35:17 -0500] "GET /sipse/css/imagen/loginimg.png HTTP/1.1" 304 -
190.70.192.175 - - [15/Dec/2023:06:35:18 -0500] "GET /sipse/faces/javax.faces.resource/images/ui-icons_898989_256x240.png?ln=primefaces-aristo HTTP/1.1" 304 -
190.70.192.175 - - [15/Dec/2023:06:35:18 -0500] "GET /sipse/faces/index.xhtml HTTP/1.1" 200 677
190.70.192.175 - - [15/Dec/2023:06:35:18 -0500] "GET /sipse/faces/javax.faces.resource/theme.css?ln=primefaces-sipse HTTP/1.1" 304 -
190.70.192.175 - - [15/Dec/2023:06:35:18 -0500] "GET /sipse/faces/faces/autenticacion.xhtml HTTP/1.1" 200 12407
190.70.192.175 - - [15/Dec/2023:06:35:18 -0500] "GET /sipse/faces/javax.faces.resource/theme.css?ln=primefaces-sipse HTTP/1.1" 304 -
190.70.192.175 - - [15/Dec/2023:06:35:18 -0500] "GET /sipse/faces/javax.faces.resource/jquery/jquery.js?ln=primefaces&v=4.0 HTTP/1.1" 304 -
190.70.192.175 - - [15/Dec/2023:06:35:18 -0500] "GET /sipse/faces/javax.faces.resource/layout/layout.css?ln=primefaces&v=4.0 HTTP/1.1" 304 -
190.70.192.175 - - [15/Dec/2023:06:35:18 -0500] "GET /sipse/faces/javax.faces.resource/primefaces.css?ln=primefaces&v=4.0 HTTP/1.1" 304 -
190.70.192.175 - - [15/Dec/2023:06:35:18 -0500] "GET /sipse/faces/javax.faces.resource/jquery/jquery-plugins.js?ln=primefaces&v=4.0 HTTP/1.1" 304 -
190.70.192.175 - - [15/Dec/2023:06:35:18 -0500] "GET /sipse/faces/javax.faces.resource/primefaces.js?ln=primefaces&v=4.0 HTTP/1.1" 304 -
190.70.192.175 - - [15/Dec/2023:06:35:18 -0500] "GET /sipse/faces/javax.faces.resource/layout/layout.js?ln=primefaces&v=4.0 HTTP/1.1" 304 -
190.70.192.175 - - [15/Dec/2023:06:35:22 -0500] "POST /sipse/faces/autenticacion.xhtml HTTP/1.1" 200 2220
190.70.192.175 - - [15/Dec/2023:06:35:22 -0500] "GET /sipse/faces/javax.faces.resource/messages/messages.png?ln=primefaces&v=4.0 HTTP/1.1" 304 -
190.70.192.175 - - [15/Dec/2023:06:35:23 -0500] "GET /sipse/faces/javax.faces.resource/images/ui-icons_898989_256x240.png?ln=primefaces-aristo HTTP/1.1" 304 -
190.70.192.175 - - [15/Dec/2023:06:35:24 -0500] "POST /sipse/faces/autenticacion.xhtml HTTP/1.1" 200 16475
190.70.192.175 - - [15/Dec/2023:06:35:24 -0500] "GET /sipse/css/custom_css_sg_prime.css HTTP/1.1" 304 -
190.70.192.175 - - [15/Dec/2023:06:35:24 -0500] "GET /sipse/faces/javax.faces.resource/theme.css?ln=primefaces-sipse HTTP/1.1" 304 -
190.70.192.175 - - [15/Dec/2023:06:35:24 -0500] "GET /sipse/faces/javax.faces.resource/layout/layout.css?ln=primefaces&v=4.0 HTTP/1.1" 304 -
190.70.192.175 - - [15/Dec/2023:06:35:24 -0500] "GET /sipse/faces/javax.faces.resource/primefaces.css?ln=primefaces&v=4.0 HTTP/1.1" 304 -
190.70.192.175 - - [15/Dec/2023:06:35:24 -0500] "GET /sipse/js/jquery.min.js HTTP/1.1" 304 -
190.70.192.175 - - [15/Dec/2023:06:35:24 -0500] "GET /sipse/faces/javax.faces.resource/jquery/jquery.js?ln=primefaces&v=4.0 HTTP/1.1" 304 -
190.70.192.175 - - [15/Dec/2023:06:35:24 -0500] "GET /sipse/faces/javax.faces.resource/jquery/jquery-plugins.js?ln=primefaces&v=4.0 HTTP/1.1" 304 -
190.70.192.175 - - [15/Dec/2023:06:35:24 -0500] "GET /sipse/faces/javax.faces.resource/primefaces.js?ln=primefaces&v=4.0 HTTP/1.1" 304 -
190.70.192.175 - - [15/Dec/2023:06:35:24 -0500] "GET /sipse/faces/javax.faces.resource/layout/layout.js?ln=primefaces&v=4.0 HTTP/1.1" 304 -
190.70.192.175 - - [15/Dec/2023:06:35:24 -0500] "GET /sipse/css/v_mergente.css HTTP/1.1" 304 -
190.70.192.175 - - [15/Dec/2023:06:35:24 -0500] "GET /sipse/css/imagen/contrasena.png HTTP/1.1" 404 383
190.70.192.175 - - [15/Dec/2023:06:35:24 -0500] "GET /sipse/imagenes/cargando.gif HTTP/1.1" 304 -
190.70.192.175 - - [15/Dec/2023:06:35:24 -0500] "GET /sipse/imagenes/logoAplicacion.jpg HTTP/1.1" 304 -
190.70.192.175 - - [15/Dec/2023:06:35:30 -0500] "GET /sipse/faces/javax.faces.resource/images/ui-bg_flat_0_2d5972_40x100.png?ln=primefaces-aristo HTTP/1.1" 304 -
190.70.192.175 - - [15/Dec/2023:06:35:30 -0500] "POST /sipse/faces/bienvenido.xhtml HTTP/1.1" 200 2658
190.70.192.175 - - [15/Dec/2023:06:35:32 -0500] "POST /sipse/faces/bienvenido.xhtml HTTP/1.1" 200 65685
190.70.192.175 - - [15/Dec/2023:06:35:34 -0500] "GET /sipse/faces/javax.faces.resource/theme.css?ln=primefaces-sipse HTTP/1.1" 304 -
190.70.192.175 - - [15/Dec/2023:06:35:34 -0500] "GET /sipse/faces/javax.faces.resource/primefaces.css?ln=primefaces&v=4.0 HTTP/1.1" 304 -
190.70.192.175 - - [15/Dec/2023:06:35:34 -0500] "GET /sipse/faces/javax.faces.resource/layout/layout.css?ln=primefaces&v=4.0 HTTP/1.1" 304 -
190.70.192.175 - - [15/Dec/2023:06:35:34 -0500] "GET /sipse/faces/javax.faces.resource/jquery/jquery.js?ln=primefaces&v=4.0 HTTP/1.1" 304 -
190.70.192.175 - - [15/Dec/2023:06:35:34 -0500] "GET /sipse/faces/javax.faces.resource/jquery/jquery-plugins.js?ln=primefaces&v=4.0 HTTP/1.1" 304 -
190.70.192.175 - - [15/Dec/2023:06:35:34 -0500] "GET /sipse/faces/javax.faces.resource/primefaces.js?ln=primefaces&v=4.0 HTTP/1.1" 304 -
190.70.192.175 - - [15/Dec/2023:06:35:34 -0500] "GET /sipse/faces/javax.faces.resource/layout/layout.js?ln=primefaces&v=4.0 HTTP/1.1" 304 -
190.70.192.175 - - [15/Dec/2023:06:35:35 -0500] "POST /sipse/faces/presentacion/financiero/solicitudProceso/listarSolicitudProceso.xhtml HTTP/1.1" 200 1556
201.245.192.253 - - [15/Dec/2023:06:35:37 -0500] "POST /forms/lservlet;jsessionid=ac16012b30d68f87e6b31bdd4159a82faa45787d3329.e3iSbxaKaheRe34Qc38TbN0Nb41ynknvrkLOlQzNp65In0 HTTP/1.1" 200 2
186.80.52.180 - - [15/Dec/2023:06:35:39 -0500] "POST /sipse/faces/presentacion/financiero/solicitudProceso/consultarHistorialSolProceso.xhtml HTTP/1.1" 302 -
186.80.52.180 - - [15/Dec/2023:06:35:39 -0500] "GET /sipse/faces/autenticacion.xhtml HTTP/1.1" 200 12407
186.80.52.180 - - [15/Dec/2023:06:35:39 -0500] "GET /sipse/faces/index.xhtml HTTP/1.1" 200 677
186.80.52.180 - - [15/Dec/2023:06:35:39 -0500] "GET /sipse/faces/javax.faces.resource/theme.css?ln=primefaces-sipse HTTP/1.1" 304 -
186.80.52.180 - - [15/Dec/2023:06:35:39 -0500] "GET /sipse/faces/faces/autenticacion.xhtml HTTP/1.1" 200 12407
186.80.52.180 - - [15/Dec/2023:06:35:39 -0500] "GET /sipse/faces/javax.faces.resource/primefaces.css?ln=primefaces&v=4.0 HTTP/1.1" 304 -
186.80.52.180 - - [15/Dec/2023:06:35:39 -0500] "GET /sipse/js/funciones.js HTTP/1.1" 304 -
186.80.52.180 - - [15/Dec/2023:06:35:39 -0500] "GET /sipse/js/disable_browser_buttons.js HTTP/1.1" 304 -
186.80.52.180 - - [15/Dec/2023:06:35:39 -0500] "GET /sipse/faces/javax.faces.resource/theme.css?ln=primefaces-sipse HTTP/1.1" 304 -
186.80.52.180 - - [15/Dec/2023:06:35:39 -0500] "GET /sipse/css/custom_css_sg.css HTTP/1.1" 304 -
186.80.52.180 - - [15/Dec/2023:06:35:39 -0500] "GET /sipse/css/custom_css_sg_prime_login.css HTTP/1.1" 304 -
186.80.52.180 - - [15/Dec/2023:06:35:39 -0500] "GET /sipse/faces/javax.faces.resource/jquery/jquery.js?ln=primefaces&v=4.0 HTTP/1.1" 304 -
186.80.52.180 - - [15/Dec/2023:06:35:39 -0500] "GET /sipse/faces/javax.faces.resource/layout/layout.css?ln=primefaces&v=4.0 HTTP/1.1" 304 -
186.80.52.180 - - [15/Dec/2023:06:35:39 -0500] "GET /sipse/faces/javax.faces.resource/jquery/jquery-plugins.js?ln=primefaces&v=4.0 HTTP/1.1" 304 -
186.80.52.180 - - [15/Dec/2023:06:35:39 -0500] "GET /sipse/faces/javax.faces.resource/layout/layout.js?ln=primefaces&v=4.0 HTTP/1.1" 304 -
186.80.52.180 - - [15/Dec/2023:06:35:39 -0500] "GET /sipse/faces/javax.faces.resource/primefaces.js?ln=primefaces&v=4.0 HTTP/1.1" 304 -
186.80.52.180 - - [15/Dec/2023:06:35:39 -0500] "GET /sipse/css/imagen/loginimg.png HTTP/1.1" 304 -
186.80.52.180 - - [15/Dec/2023:06:35:39 -0500] "GET /sipse/css/imagen/logoSDG.png HTTP/1.1" 304 -
186.80.52.180 - - [15/Dec/2023:06:35:39 -0500] "GET /sipse/faces/javax.faces.resource/images/ui-icons_898989_256x240.png?ln=primefaces-aristo HTTP/1.1" 304 -
190.70.192.175 - - [15/Dec/2023:06:35:39 -0500] "POST /sipse/faces/presentacion/financiero/solicitudProceso/listarSolicitudProceso.xhtml HTTP/1.1" 200 18691
190.70.192.175 - - [15/Dec/2023:06:35:47 -0500] "POST /sipse/faces/presentacion/financiero/solicitudProceso/listarSolicitudProceso.xhtml HTTP/1.1" 200 45887
190.70.192.175 - - [15/Dec/2023:06:35:49 -0500] "POST /sipse/faces/presentacion/financiero/solicitudProceso/listarSolicitudProceso.xhtml HTTP/1.1" 200 21668
190.70.192.175 - - [15/Dec/2023:06:35:50 -0500] "POST /sipse/faces/presentacion/financiero/solicitudProceso/listarSolicitudProceso.xhtml HTTP/1.1" 200 21660
190.70.192.175 - - [15/Dec/2023:06:35:51 -0500] "POST /sipse/faces/presentacion/financiero/solicitudProceso/listarSolicitudProceso.xhtml HTTP/1.1" 200 18627
190.70.192.175 - - [15/Dec/2023:06:35:54 -0500] "POST /sipse/faces/presentacion/financiero/solicitudProceso/listarSolicitudProceso.xhtml HTTP/1.1" 200 140952
190.70.192.175 - - [15/Dec/2023:06:35:55 -0500] "GET /sipse/faces/javax.faces.resource/theme.css?ln=primefaces-sipse HTTP/1.1" 304 -
190.70.192.175 - - [15/Dec/2023:06:35:55 -0500] "GET /sipse/faces/javax.faces.resource/primefaces.css?ln=primefaces&v=4.0 HTTP/1.1" 304 -
190.70.192.175 - - [15/Dec/2023:06:35:55 -0500] "GET /sipse/faces/javax.faces.resource/layout/layout.css?ln=primefaces&v=4.0 HTTP/1.1" 304 -
190.70.192.175 - - [15/Dec/2023:06:35:55 -0500] "GET /sipse/faces/javax.faces.resource/jquery/jquery.js?ln=primefaces&v=4.0 HTTP/1.1" 304 -
190.70.192.175 - - [15/Dec/2023:06:35:55 -0500] "GET /sipse/faces/javax.faces.resource/jquery/jquery-plugins.js?ln=primefaces&v=4.0 HTTP/1.1" 304 -
190.70.192.175 - - [15/Dec/2023:06:35:55 -0500] "GET /sipse/faces/javax.faces.resource/primefaces.js?ln=primefaces&v=4.0 HTTP/1.1" 304 -
190.70.192.175 - - [15/Dec/2023:06:35:55 -0500] "GET /sipse/faces/javax.faces.resource/layout/layout.js?ln=primefaces&v=4.0 HTTP/1.1" 304 -
190.70.192.175 - - [15/Dec/2023:06:35:55 -0500] "GET /sipse/faces/javax.faces.resource/dynamiccontent.properties?ln=primefaces&pfdrid=XjOR5%2F%2FfPAZAuY9TpWQeCiM0BhlXxYRBGKi%2FQcXXfeA%3D&pfdrid_c=false HTTP/1.1" 500 383
201.245.192.253 - - [15/Dec/2023:06:35:59 -0500] "POST /kwsrmcab/Wsrmcab HTTP/1.1" 200 38221
201.245.192.253 - - [15/Dec/2023:06:36:02 -0500] "POST /kwsrmcab/Wsrmcab HTTP/1.1" 200 39147
216.244.66.246 - - [15/Dec/2023:06:36:09 -0500] "GET /robots.txt HTTP/1.1" 404 1034
201.245.192.253 - - [15/Dec/2023:06:36:19 -0500] "POST /forms/lservlet;jsessionid=ac16012b30d665b9d6b5cea24731bd918aefbc6c9e46.e3iSbxaKaheRe34Qc38TbN0Nb41ynknvrkLOlQzNp65In0 HTTP/1.1" 200 2
40.77.167.143 - - [15/Dec/2023:06:36:28 -0500] "GET /BLA/resoluciones/AUTOS%202022/8317.pdf HTTP/1.1" 200 404263
94.130.10.218 - - [15/Dec/2023:06:36:54 -0500] "GET /bla/boletinlegal/jurisprudencia/analisis/null HTTP/1.1" 404 1049
201.245.192.253 - - [15/Dec/2023:06:37:06 -0500] "POST /kwsrmcab/Wsrmcab  HTTP/1.1" 200 37894
94.130.10.218 - - [15/Dec/2023:06:37:22 -0500] "GET /BLA/boletinlegal/jurisprudencia/analisis/null HTTP/1.1" 404 1049
181.57.18.194 - - [15/Dec/2023:06:37:28 -0500] "GET /appsia/controlador HTTP/1.1" 200 4799
181.57.18.194 - - [15/Dec/2023:06:37:28 -0500] "GET /appsia/css/estilos.css HTTP/1.1" 200 4804
181.57.18.194 - - [15/Dec/2023:06:37:28 -0500] "GET /appsia/scripts/validarIngreso.js HTTP/1.1" 200 851
181.57.18.194 - - [15/Dec/2023:06:37:28 -0500] "GET /appsia/images/cabezoteHojaVida.png HTTP/1.1" 200 32493
181.57.18.194 - - [15/Dec/2023:06:37:28 -0500] "GET /appsia/images/logo_bogota_p.png HTTP/1.1" 200 14951
181.57.18.194 - - [15/Dec/2023:06:37:29 -0500] "GET /favicon.ico HTTP/1.1" 200 7782
181.57.18.194 - - [15/Dec/2023:06:37:31 -0500] "POST /appsia/controlador HTTP/1.1" 200 5437
201.245.192.253 - - [15/Dec/2023:06:37:37 -0500] "POST /forms/lservlet;jsessionid=ac16012b30d68f87e6b31bdd4159a82faa45787d3329.e3iSbxaKaheRe34Qc38TbN0Nb41ynknvrkLOlQzNp65In0 HTTP/1.1" 200 2
190.70.192.175 - - [15/Dec/2023:06:37:44 -0500] "POST /sipse/faces/presentacion/financiero/solicitudProceso/consultarSolicitudProceso.xhtml HTTP/1.1" 200 21241
190.70.192.175 - - [15/Dec/2023:06:37:44 -0500] "GET /sipse/faces/javax.faces.resource/theme.css?ln=primefaces-sipse HTTP/1.1" 304 -
190.70.192.175 - - [15/Dec/2023:06:37:44 -0500] "GET /sipse/faces/javax.faces.resource/primefaces.css?ln=primefaces&v=4.0 HTTP/1.1" 304 -
190.70.192.175 - - [15/Dec/2023:06:37:44 -0500] "GET /sipse/faces/javax.faces.resource/layout/layout.css?ln=primefaces&v=4.0 HTTP/1.1" 304 -
190.70.192.175 - - [15/Dec/2023:06:37:44 -0500] "GET /sipse/faces/javax.faces.resource/jquery/jquery-plugins.js?ln=primefaces&v=4.0 HTTP/1.1" 304 -
190.70.192.175 - - [15/Dec/2023:06:37:44 -0500] "GET /sipse/faces/javax.faces.resource/fileupload/fileupload.css?ln=primefaces&v=4.0 HTTP/1.1" 304 -
190.70.192.175 - - [15/Dec/2023:06:37:44 -0500] "GET /sipse/faces/javax.faces.resource/jquery/jquery.js?ln=primefaces&v=4.0 HTTP/1.1" 304 -
190.70.192.175 - - [15/Dec/2023:06:37:44 -0500] "GET /sipse/faces/javax.faces.resource/layout/layout.js?ln=primefaces&v=4.0 HTTP/1.1" 304 -
190.70.192.175 - - [15/Dec/2023:06:37:44 -0500] "GET /sipse/faces/javax.faces.resource/primefaces.js?ln=primefaces&v=4.0 HTTP/1.1" 304 -
190.70.192.175 - - [15/Dec/2023:06:37:44 -0500] "GET /sipse/faces/javax.faces.resource/fileupload/fileupload.js?ln=primefaces&v=4.0 HTTP/1.1" 304 -
186.31.215.231 - - [15/Dec/2023:06:37:51 -0500] "GET /appsia/controlador HTTP/1.1" 200 4799
216.245.221.92 - - [15/Dec/2023:06:37:54 -0500] "HEAD / HTTP/1.1" 200 -
190.70.192.175 - - [15/Dec/2023:06:37:54 -0500] "GET /sipse/faces/javax.faces.resource/theme.css?ln=primefaces-sipse HTTP/1.1" 304 -
190.70.192.175 - - [15/Dec/2023:06:37:54 -0500] "GET /sipse/faces/javax.faces.resource/primefaces.css?ln=primefaces&v=4.0 HTTP/1.1" 304 -
190.70.192.175 - - [15/Dec/2023:06:37:54 -0500] "GET /sipse/faces/javax.faces.resource/jquery/jquery.js?ln=primefaces&v=4.0 HTTP/1.1" 304 -
190.70.192.175 - - [15/Dec/2023:06:37:54 -0500] "GET /sipse/faces/javax.faces.resource/layout/layout.css?ln=primefaces&v=4.0 HTTP/1.1" 304 -
190.70.192.175 - - [15/Dec/2023:06:37:54 -0500] "GET /sipse/faces/javax.faces.resource/jquery/jquery-plugins.js?ln=primefaces&v=4.0 HTTP/1.1" 304 -
190.70.192.175 - - [15/Dec/2023:06:37:54 -0500] "GET /sipse/faces/javax.faces.resource/layout/layout.js?ln=primefaces&v=4.0 HTTP/1.1" 304 -
190.70.192.175 - - [15/Dec/2023:06:37:54 -0500] "GET /sipse/faces/javax.faces.resource/primefaces.js?ln=primefaces&v=4.0 HTTP/1.1" 304 -
190.70.192.175 - - [15/Dec/2023:06:37:52 -0500] "POST /sipse/faces/presentacion/sistema/anexos/cargarAnexoSolicitudProceso.xhtml HTTP/1.1" 200 189052
190.70.192.175 - - [15/Dec/2023:06:37:54 -0500] "GET /sipse/faces/javax.faces.resource/dynamiccontent.properties?ln=primefaces&pfdrid=XjOR5%2F%2FfPAZAuY9TpWQeCiM0BhlXxYRBGKi%2FQcXXfeA%3D&pfdrid_c=false HTTP/1.1" 500 383
181.57.18.194 - - [15/Dec/2023:06:38:00 -0500] "POST /appsia/controlador HTTP/1.1" 200 7789
181.57.18.194 - - [15/Dec/2023:06:38:04 -0500] "POST /appsia/controlador HTTP/1.1" 200 6662
190.70.192.175 - - [15/Dec/2023:06:38:06 -0500] "POST /sipse/faces/presentacion/financiero/solicitudProceso/consultarSolicitudProceso.xhtml HTTP/1.1" 200 6819
186.31.215.231 - - [15/Dec/2023:06:38:09 -0500] "POST /appsia/controlador HTTP/1.1" 200 3598
186.31.215.231 - - [15/Dec/2023:06:38:09 -0500] "GET /appsia/jscripts/validarSolicitud.js HTTP/1.1" 404 68
190.70.192.175 - - [15/Dec/2023:06:38:09 -0500] "POST /sipse/faces/presentacion/financiero/solicitudProceso/consultarSolicitudProceso.xhtml HTTP/1.1" 200 137252
186.31.215.231 - - [15/Dec/2023:06:38:11 -0500] "POST /appsia/controlador HTTP/1.1" 200 4799
181.57.18.194 - - [15/Dec/2023:06:38:15 -0500] "POST /appsia/controlador HTTP/1.1" 200 10604
201.245.192.253 - - [15/Dec/2023:06:38:19 -0500] "POST /forms/lservlet;jsessionid=ac16012b30d665b9d6b5cea24731bd918aefbc6c9e46.e3iSbxaKaheRe34Qc38TbN0Nb41ynknvrkLOlQzNp65In0 HTTP/1.1" 200 2
190.70.192.175 - - [15/Dec/2023:06:38:20 -0500] "POST /sipse/faces/presentacion/financiero/solicitudProceso/consultarSolicitudProceso.xhtml HTTP/1.1" 200 37858
190.70.192.175 - - [15/Dec/2023:06:38:23 -0500] "GET /sipse/faces/javax.faces.resource/theme.css?ln=primefaces-sipse HTTP/1.1" 304 -
190.70.192.175 - - [15/Dec/2023:06:38:23 -0500] "GET /sipse/faces/javax.faces.resource/primefaces.css?ln=primefaces&v=4.0 HTTP/1.1" 304 -
190.70.192.175 - - [15/Dec/2023:06:38:23 -0500] "GET /sipse/faces/javax.faces.resource/layout/layout.css?ln=primefaces&v=4.0 HTTP/1.1" 304 -
190.70.192.175 - - [15/Dec/2023:06:38:23 -0500] "GET /sipse/faces/javax.faces.resource/jquery/jquery.js?ln=primefaces&v=4.0 HTTP/1.1" 304 -
190.70.192.175 - - [15/Dec/2023:06:38:23 -0500] "GET /sipse/faces/javax.faces.resource/jquery/jquery-plugins.js?ln=primefaces&v=4.0 HTTP/1.1" 304 -
190.70.192.175 - - [15/Dec/2023:06:38:23 -0500] "GET /sipse/faces/javax.faces.resource/primefaces.js?ln=primefaces&v=4.0 HTTP/1.1" 304 -
190.70.192.175 - - [15/Dec/2023:06:38:23 -0500] "GET /sipse/faces/javax.faces.resource/layout/layout.js?ln=primefaces&v=4.0 HTTP/1.1" 304 -
190.70.192.175 - - [15/Dec/2023:06:38:24 -0500] "POST /sipse/faces/presentacion/financiero/solicitudProceso/listarSolicitudProceso.xhtml HTTP/1.1" 200 1396
186.31.215.231 - - [15/Dec/2023:06:38:28 -0500] "POST /appsia/controlador HTTP/1.1" 200 5437
186.31.215.231 - - [15/Dec/2023:06:38:34 -0500] "POST /appsia/controlador HTTP/1.1" 200 7777
186.31.215.231 - - [15/Dec/2023:06:38:37 -0500] "POST /appsia/controlador HTTP/1.1" 200 6642
186.31.215.231 - - [15/Dec/2023:06:38:41 -0500] "POST /appsia/controlador HTTP/1.1" 200 12088
94.130.10.218 - - [15/Dec/2023:06:38:42 -0500] "GET /BLA/boletinlegal/documentos-importantes.php HTTP/1.1" 200 4829
94.130.10.218 - - [15/Dec/2023:06:37:32 -0500] "GET /bla/boletinlegal/index.php HTTP/1.1" 200 49099
186.102.101.253 - - [15/Dec/2023:06:38:59 -0500] "GET /appsia/controlador HTTP/1.1" 200 4799
186.102.101.253 - - [15/Dec/2023:06:38:59 -0500] "GET /appsia/css/estilos.css HTTP/1.1" 200 4804
186.102.101.253 - - [15/Dec/2023:06:38:59 -0500] "GET /appsia/scripts/validarIngreso.js HTTP/1.1" 200 851
186.102.101.253 - - [15/Dec/2023:06:38:59 -0500] "GET /appsia/images/logo_bogota_p.png HTTP/1.1" 200 14951
186.102.101.253 - - [15/Dec/2023:06:38:59 -0500] "GET /appsia/images/cabezoteHojaVida.png HTTP/1.1" 200 32493
186.102.101.253 - - [15/Dec/2023:06:39:03 -0500] "POST /appsia/controlador HTTP/1.1" 200 5437
186.102.101.253 - - [15/Dec/2023:06:39:06 -0500] "POST /appsia/controlador HTTP/1.1" 200 7781
186.102.101.253 - - [15/Dec/2023:06:39:09 -0500] "POST /appsia/controlador HTTP/1.1" 200 6646
186.102.101.253 - - [15/Dec/2023:06:39:13 -0500] "POST /appsia/controlador HTTP/1.1" 200 12077
162.55.175.138 - - [15/Dec/2023:06:39:32 -0500] "GET / HTTP/1.1" 200 319
162.55.175.138 - - [15/Dec/2023:06:39:32 -0500] "GET / HTTP/1.1" 200 4720
201.245.192.253 - - [15/Dec/2023:06:39:37 -0500] "POST /forms/lservlet;jsessionid=ac16012b30d68f87e6b31bdd4159a82faa45787d3329.e3iSbxaKaheRe34Qc38TbN0Nb41ynknvrkLOlQzNp65In0 HTTP/1.1" 200 2
201.245.192.253 - - [15/Dec/2023:06:39:50 -0500] "POST /kwsrmcab/Wsrmcab HTTP/1.1" 200 38221
172.22.2.4 - - [15/Dec/2023:06:38:13 -0500] "HEAD /BLA/boletinlegal/ HTTP/1.1" 200 -
201.245.192.253 - - [15/Dec/2023:06:39:56 -0500] "POST /kwsrmcab/Wsrmcab HTTP/1.1" 200 39147
186.102.101.253 - - [15/Dec/2023:06:40:14 -0500] "GET /appsia/controlador HTTP/1.1" 200 5437
201.245.192.253 - - [15/Dec/2023:06:40:19 -0500] "POST /forms/lservlet;jsessionid=ac16012b30d665b9d6b5cea24731bd918aefbc6c9e46.e3iSbxaKaheRe34Qc38TbN0Nb41ynknvrkLOlQzNp65In0 HTTP/1.1" 200 2
172.22.2.4 - - [15/Dec/2023:06:39:03 -0500] "GET /BLA/boletinlegal/ HTTP/1.1" 200 58294
201.245.192.253 - - [15/Dec/2023:06:41:37 -0500] "POST /forms/lservlet;jsessionid=ac16012b30d68f87e6b31bdd4159a82faa45787d3329.e3iSbxaKaheRe34Qc38TbN0Nb41ynknvrkLOlQzNp65In0 HTTP/1.1" 200 2
201.245.192.253 - - [15/Dec/2023:06:42:05 -0500] "POST /kwsrmcab/Wsrmcab  HTTP/1.1" 200 37894
181.55.16.90 - - [15/Dec/2023:06:42:15 -0500] "GET /sipse/faces/index.xhtml HTTP/1.1" 200 677
181.55.16.90 - - [15/Dec/2023:06:42:16 -0500] "GET /sipse/faces/javax.faces.resource/theme.css?ln=primefaces-sipse HTTP/1.1" 304 -
181.55.16.90 - - [15/Dec/2023:06:42:16 -0500] "GET /favicon.ico HTTP/1.1" 200 7782
181.55.16.90 - - [15/Dec/2023:06:42:16 -0500] "GET /sipse/faces/faces/autenticacion.xhtml HTTP/1.1" 200 12407
181.55.16.90 - - [15/Dec/2023:06:42:16 -0500] "GET /sipse/js/disable_browser_buttons.js HTTP/1.1" 304 -
181.55.16.90 - - [15/Dec/2023:06:42:16 -0500] "GET /sipse/css/custom_css_sg_prime_login.css HTTP/1.1" 200 443
181.55.16.90 - - [15/Dec/2023:06:42:16 -0500] "GET /sipse/css/custom_css_sg.css HTTP/1.1" 304 -
181.55.16.90 - - [15/Dec/2023:06:42:16 -0500] "GET /sipse/faces/javax.faces.resource/theme.css?ln=primefaces-sipse HTTP/1.1" 304 -
181.55.16.90 - - [15/Dec/2023:06:42:16 -0500] "GET /sipse/faces/javax.faces.resource/layout/layout.css?ln=primefaces&v=4.0 HTTP/1.1" 304 -
181.55.16.90 - - [15/Dec/2023:06:42:16 -0500] "GET /sipse/faces/javax.faces.resource/primefaces.css?ln=primefaces&v=4.0 HTTP/1.1" 304 -
181.55.16.90 - - [15/Dec/2023:06:42:16 -0500] "GET /sipse/js/funciones.js HTTP/1.1" 304 -
181.55.16.90 - - [15/Dec/2023:06:42:16 -0500] "GET /sipse/faces/javax.faces.resource/jquery/jquery.js?ln=primefaces&v=4.0 HTTP/1.1" 304 -
181.55.16.90 - - [15/Dec/2023:06:42:16 -0500] "GET /sipse/faces/javax.faces.resource/jquery/jquery-plugins.js?ln=primefaces&v=4.0 HTTP/1.1" 304 -
181.55.16.90 - - [15/Dec/2023:06:42:16 -0500] "GET /sipse/faces/javax.faces.resource/primefaces.js?ln=primefaces&v=4.0 HTTP/1.1" 304 -
181.55.16.90 - - [15/Dec/2023:06:42:16 -0500] "GET /sipse/faces/javax.faces.resource/layout/layout.js?ln=primefaces&v=4.0 HTTP/1.1" 304 -
181.55.16.90 - - [15/Dec/2023:06:42:16 -0500] "GET /sipse/css/imagen/logoSDG.png HTTP/1.1" 200 53064
181.55.16.90 - - [15/Dec/2023:06:42:16 -0500] "GET /sipse/faces/javax.faces.resource/images/ui-icons_898989_256x240.png?ln=primefaces-aristo HTTP/1.1" 304 -
181.55.16.90 - - [15/Dec/2023:06:42:16 -0500] "GET /sipse/css/imagen/loginimg.png HTTP/1.1" 200 71635
201.245.192.253 - - [15/Dec/2023:06:42:19 -0500] "POST /forms/lservlet;jsessionid=ac16012b30d665b9d6b5cea24731bd918aefbc6c9e46.e3iSbxaKaheRe34Qc38TbN0Nb41ynknvrkLOlQzNp65In0 HTTP/1.1" 200 2
181.55.16.90 - - [15/Dec/2023:06:42:20 -0500] "POST /sipse/faces/autenticacion.xhtml HTTP/1.1" 200 2220
181.55.16.90 - - [15/Dec/2023:06:42:20 -0500] "GET /sipse/faces/javax.faces.resource/messages/messages.png?ln=primefaces&v=4.0 HTTP/1.1" 200 27209
181.55.16.90 - - [15/Dec/2023:06:42:21 -0500] "POST /sipse/faces/autenticacion.xhtml HTTP/1.1" 200 16475
181.55.16.90 - - [15/Dec/2023:06:42:21 -0500] "GET /sipse/faces/javax.faces.resource/theme.css?ln=primefaces-sipse HTTP/1.1" 304 -
181.55.16.90 - - [15/Dec/2023:06:42:21 -0500] "GET /sipse/faces/javax.faces.resource/primefaces.css?ln=primefaces&v=4.0 HTTP/1.1" 304 -
181.55.16.90 - - [15/Dec/2023:06:42:21 -0500] "GET /sipse/css/custom_css_sg_prime.css HTTP/1.1" 304 -
181.55.16.90 - - [15/Dec/2023:06:42:21 -0500] "GET /sipse/faces/javax.faces.resource/layout/layout.css?ln=primefaces&v=4.0 HTTP/1.1" 304 -
181.55.16.90 - - [15/Dec/2023:06:42:21 -0500] "GET /sipse/js/jquery.min.js HTTP/1.1" 304 -
181.55.16.90 - - [15/Dec/2023:06:42:21 -0500] "GET /sipse/faces/javax.faces.resource/jquery/jquery.js?ln=primefaces&v=4.0 HTTP/1.1" 304 -
181.55.16.90 - - [15/Dec/2023:06:42:21 -0500] "GET /sipse/faces/javax.faces.resource/jquery/jquery-plugins.js?ln=primefaces&v=4.0 HTTP/1.1" 304 -
181.55.16.90 - - [15/Dec/2023:06:42:22 -0500] "GET /sipse/faces/javax.faces.resource/primefaces.js?ln=primefaces&v=4.0 HTTP/1.1" 304 -
181.55.16.90 - - [15/Dec/2023:06:42:22 -0500] "GET /sipse/faces/javax.faces.resource/layout/layout.js?ln=primefaces&v=4.0 HTTP/1.1" 304 -
181.55.16.90 - - [15/Dec/2023:06:42:22 -0500] "GET /sipse/css/v_mergente.css HTTP/1.1" 200 1505
181.55.16.90 - - [15/Dec/2023:06:42:22 -0500] "GET /sipse/css/imagen/contrasena.png HTTP/1.1" 404 383
181.55.16.90 - - [15/Dec/2023:06:42:22 -0500] "GET /sipse/imagenes/cargando.gif HTTP/1.1" 200 36959
181.55.16.90 - - [15/Dec/2023:06:42:22 -0500] "GET /sipse/imagenes/logoAplicacion.jpg HTTP/1.1" 200 155084
181.55.16.90 - - [15/Dec/2023:06:42:24 -0500] "GET /sipse/faces/javax.faces.resource/images/ui-bg_flat_0_2d5972_40x100.png?ln=primefaces-aristo HTTP/1.1" 304 -
181.55.16.90 - - [15/Dec/2023:06:42:24 -0500] "POST /sipse/faces/bienvenido.xhtml HTTP/1.1" 200 2658
181.55.16.90 - - [15/Dec/2023:06:42:25 -0500] "POST /sipse/faces/bienvenido.xhtml HTTP/1.1" 200 65740
181.55.16.90 - - [15/Dec/2023:06:42:27 -0500] "GET /sipse/faces/javax.faces.resource/theme.css?ln=primefaces-sipse HTTP/1.1" 304 -
181.55.16.90 - - [15/Dec/2023:06:42:27 -0500] "GET /sipse/faces/javax.faces.resource/primefaces.css?ln=primefaces&v=4.0 HTTP/1.1" 304 -
181.55.16.90 - - [15/Dec/2023:06:42:27 -0500] "GET /sipse/faces/javax.faces.resource/layout/layout.css?ln=primefaces&v=4.0 HTTP/1.1" 304 -
181.55.16.90 - - [15/Dec/2023:06:42:27 -0500] "GET /sipse/faces/javax.faces.resource/jquery/jquery.js?ln=primefaces&v=4.0 HTTP/1.1" 304 -
