40.77.167.15 - - [16/Dec/2023:23:42:36 -0500] "GET /BLA/resoluciones/AUTOS%202021/1790.pdf HTTP/1.1" 304 -
168.119.252.253 - - [16/Dec/2023:23:42:37 -0500] "GET / HTTP/1.1" 200 4720
201.245.192.253 - - [16/Dec/2023:23:42:44 -0500] "POST /forms/lservlet;jsessionid=ac16012b30d665b9d6b5cea24731bd918aefbc6c9e46.e3iSbxaKaheRe34Qc38TbN0Nb41ynknvrkLOlQzNp65In0 HTTP/1.1" 200 2
216.244.66.195 - - [16/Dec/2023:23:42:45 -0500] "GET /BLA/resoluciones/AUTOS%202010/6708.pdf HTTP/1.1" 200 189284
216.245.221.92 - - [16/Dec/2023:23:42:48 -0500] "HEAD / HTTP/1.1" 200 -
216.244.66.195 - - [16/Dec/2023:23:43:12 -0500] "GET /BLA/resoluciones/AUTOS%202010/6774.pdf HTTP/1.1" 200 174988
216.244.66.195 - - [16/Dec/2023:23:43:39 -0500] "GET /BLA/resoluciones/AUTOS%202011/3600.pdf HTTP/1.1" 200 218811
66.249.66.19 - - [16/Dec/2023:23:43:47 -0500] "GET /BLA/resoluciones/AUTOS%202012/2933.pdf HTTP/1.1" 200 858856
191.156.49.46 - - [16/Dec/2023:23:43:57 -0500] "POST /sipse/faces/presentacion/financiero/solicitudProceso/listarSolicitudProceso.xhtml HTTP/1.1" 200 31767
191.156.49.46 - - [16/Dec/2023:23:43:58 -0500] "POST /sipse/faces/presentacion/financiero/solicitudProceso/listarSolicitudProceso.xhtml HTTP/1.1" 200 31767
191.156.49.46 - - [16/Dec/2023:23:44:01 -0500] "POST /sipse/faces/presentacion/financiero/solicitudProceso/listarSolicitudProceso.xhtml HTTP/1.1" 200 31767
191.156.49.46 - - [16/Dec/2023:23:44:04 -0500] "POST /sipse/faces/presentacion/financiero/solicitudProceso/listarSolicitudProceso.xhtml HTTP/1.1" 200 5135
216.244.66.195 - - [16/Dec/2023:23:44:04 -0500] "GET /BLA/resoluciones/AUTOS%202011/3835.pdf HTTP/1.1" 200 334894
191.156.49.46 - - [16/Dec/2023:23:44:04 -0500] "POST /sipse/faces/presentacion/financiero/solicitudProceso/listarSolicitudProceso.xhtml HTTP/1.1" 200 5135
201.245.192.253 - - [16/Dec/2023:23:44:08 -0500] "POST /forms/lservlet;jsessionid=ac16012b30d68f87e6b31bdd4159a82faa45787d3329.e3iSbxaKaheRe34Qc38TbN0Nb41ynknvrkLOlQzNp65In0 HTTP/1.1" 200 2
191.156.53.225 - - [16/Dec/2023:23:44:07 -0500] "POST /sipse/faces/presentacion/financiero/solicitudProceso/listarSolicitudProceso.xhtml HTTP/1.1" 200 120292
191.156.53.225 - - [16/Dec/2023:23:44:09 -0500] "GET /sipse/faces/javax.faces.resource/theme.css?ln=primefaces-sipse HTTP/1.1" 304 -
191.156.58.25 - - [16/Dec/2023:23:44:09 -0500] "GET /sipse/faces/javax.faces.resource/primefaces.css?ln=primefaces&v=4.0 HTTP/1.1" 304 -
191.156.58.25 - - [16/Dec/2023:23:44:10 -0500] "GET /sipse/faces/javax.faces.resource/layout/layout.css?ln=primefaces&v=4.0 HTTP/1.1" 304 -
191.156.53.225 - - [16/Dec/2023:23:44:10 -0500] "GET /sipse/faces/javax.faces.resource/jquery/jquery.js?ln=primefaces&v=4.0 HTTP/1.1" 304 -
191.156.53.225 - - [16/Dec/2023:23:44:10 -0500] "GET /sipse/faces/javax.faces.resource/jquery/jquery-plugins.js?ln=primefaces&v=4.0 HTTP/1.1" 304 -
191.156.53.225 - - [16/Dec/2023:23:44:11 -0500] "GET /sipse/faces/javax.faces.resource/primefaces.js?ln=primefaces&v=4.0 HTTP/1.1" 304 -
191.156.53.225 - - [16/Dec/2023:23:44:11 -0500] "GET /sipse/faces/javax.faces.resource/layout/layout.js?ln=primefaces&v=4.0 HTTP/1.1" 304 -
191.156.53.225 - - [16/Dec/2023:23:44:12 -0500] "GET /sipse/css/imagen/contrasena.png HTTP/1.1" 404 383
216.244.66.195 - - [16/Dec/2023:23:44:28 -0500] "GET /BLA/resoluciones/AUTOS%202011/3980.pdf HTTP/1.1" 200 867152
201.245.192.253 - - [16/Dec/2023:23:44:44 -0500] "POST /forms/lservlet;jsessionid=ac16012b30d665b9d6b5cea24731bd918aefbc6c9e46.e3iSbxaKaheRe34Qc38TbN0Nb41ynknvrkLOlQzNp65In0 HTTP/1.1" 200 2
216.244.66.195 - - [16/Dec/2023:23:45:11 -0500] "GET /BLA/resoluciones/AUTOS%202011/4002.pdf HTTP/1.1" 200 263049
216.244.66.195 - - [16/Dec/2023:23:45:44 -0500] "GET /BLA/resoluciones/AUTOS%202016/3214.pdf HTTP/1.1" 200 356233
201.245.192.253 - - [16/Dec/2023:23:46:08 -0500] "POST /forms/lservlet;jsessionid=ac16012b30d68f87e6b31bdd4159a82faa45787d3329.e3iSbxaKaheRe34Qc38TbN0Nb41ynknvrkLOlQzNp65In0 HTTP/1.1" 200 2
216.244.66.195 - - [16/Dec/2023:23:46:15 -0500] "GET /BLA/resoluciones/AUTOS%202019/4384.pdf HTTP/1.1" 200 297854
191.156.50.118 - - [16/Dec/2023:23:46:16 -0500] "POST /sipse/faces/presentacion/financiero/solicitudProceso/consultarSolicitudProceso.xhtml HTTP/1.1" 200 213909
191.156.50.118 - - [16/Dec/2023:23:46:19 -0500] "POST /sipse/faces/presentacion/financiero/solicitudProceso/consultarSolicitudProceso.xhtml HTTP/1.1" 200 83596
191.156.50.118 - - [16/Dec/2023:23:46:24 -0500] "POST /sipse/faces/presentacion/financiero/solicitudProceso/consultarSolicitudProceso.xhtml HTTP/1.1" 200 20375
191.156.50.118 - - [16/Dec/2023:23:46:25 -0500] "POST /sipse/faces/presentacion/financiero/solicitudProceso/consultarSolicitudProceso.xhtml HTTP/1.1" 200 38518
191.156.63.177 - - [16/Dec/2023:23:46:28 -0500] "POST /sipse/faces/presentacion/financiero/solicitudProceso/consultarSolicitudProceso.xhtml HTTP/1.1" 200 2216491
201.245.192.253 - - [16/Dec/2023:23:46:35 -0500] "POST /kwsrmcab/Wsrmcab  HTTP/1.1" 200 37894
216.244.66.195 - - [16/Dec/2023:23:46:44 -0500] "GET /BLA/resoluciones/Decretos/Decreto%20723%20del%2021%20de%20Diciembre%20de%202017.pdf HTTP/1.1" 200 1076061
201.245.192.253 - - [16/Dec/2023:23:46:44 -0500] "POST /forms/lservlet;jsessionid=ac16012b30d665b9d6b5cea24731bd918aefbc6c9e46.e3iSbxaKaheRe34Qc38TbN0Nb41ynknvrkLOlQzNp65In0 HTTP/1.1" 200 2
191.156.62.50 - - [16/Dec/2023:23:46:51 -0500] "GET /sipse/faces/javax.faces.resource/images/ui-bg_flat_0_2d5972_40x100.png?ln=primefaces-aristo HTTP/1.1" 304 -
191.156.55.129 - - [16/Dec/2023:23:46:51 -0500] "POST /sipse/faces/presentacion/financiero/solicitudProceso/consultarSolicitudProceso.xhtml HTTP/1.1" 200 5465
191.156.55.129 - - [16/Dec/2023:23:46:52 -0500] "GET /sipse/faces/javax.faces.resource/dynamiccontent.properties?ln=primefaces&pfdrid=XjOR5%2F%2FfPAZAuY9TpWQeCiM0BhlXxYRBGKi%2FQcXXfeA%3D&pfdrid_c=false HTTP/1.1" 200 117471
172.22.2.4 - - [16/Dec/2023:23:45:39 -0500] "HEAD /BLA/boletinlegal/ HTTP/1.1" 200 -
216.245.221.92 - - [16/Dec/2023:23:47:48 -0500] "HEAD / HTTP/1.1" 200 -
66.249.66.19 - - [16/Dec/2023:23:47:55 -0500] "GET /BLA/resoluciones/RESOLUCIONES%202008/4462.pdf HTTP/1.1" 200 696783
201.245.192.253 - - [16/Dec/2023:23:48:08 -0500] "POST /forms/lservlet;jsessionid=ac16012b30d68f87e6b31bdd4159a82faa45787d3329.e3iSbxaKaheRe34Qc38TbN0Nb41ynknvrkLOlQzNp65In0 HTTP/1.1" 200 2
172.22.2.4 - - [16/Dec/2023:23:46:30 -0500] "GET /BLA/boletinlegal/ HTTP/1.1" 200 60634
201.245.192.253 - - [16/Dec/2023:23:48:44 -0500] "POST /forms/lservlet;jsessionid=ac16012b30d665b9d6b5cea24731bd918aefbc6c9e46.e3iSbxaKaheRe34Qc38TbN0Nb41ynknvrkLOlQzNp65In0 HTTP/1.1" 200 2
66.249.66.19 - - [16/Dec/2023:23:49:34 -0500] "GET /resoluciones/RESOLUCIONES%202010/1868.pdf HTTP/1.1" 404 1018
191.156.63.177 - - [16/Dec/2023:23:49:54 -0500] "POST /sipse/faces/presentacion/financiero/solicitudProceso/consultarSolicitudProceso.xhtml HTTP/1.1" 200 2216491
201.245.192.253 - - [16/Dec/2023:23:50:08 -0500] "POST /forms/lservlet;jsessionid=ac16012b30d68f87e6b31bdd4159a82faa45787d3329.e3iSbxaKaheRe34Qc38TbN0Nb41ynknvrkLOlQzNp65In0 HTTP/1.1" 200 2
201.245.192.253 - - [16/Dec/2023:23:50:44 -0500] "POST /forms/lservlet;jsessionid=ac16012b30d665b9d6b5cea24731bd918aefbc6c9e46.e3iSbxaKaheRe34Qc38TbN0Nb41ynknvrkLOlQzNp65In0 HTTP/1.1" 200 2
201.245.192.253 - - [16/Dec/2023:23:51:34 -0500] "POST /kwsrmcab/Wsrmcab  HTTP/1.1" 200 37894
201.245.192.253 - - [16/Dec/2023:23:52:08 -0500] "POST /forms/lservlet;jsessionid=ac16012b30d68f87e6b31bdd4159a82faa45787d3329.e3iSbxaKaheRe34Qc38TbN0Nb41ynknvrkLOlQzNp65In0 HTTP/1.1" 200 2
216.244.66.195 - - [16/Dec/2023:23:52:12 -0500] "GET /robots.txt HTTP/1.1" 404 1018
201.245.192.253 - - [16/Dec/2023:23:52:44 -0500] "POST /forms/lservlet;jsessionid=ac16012b30d665b9d6b5cea24731bd918aefbc6c9e46.e3iSbxaKaheRe34Qc38TbN0Nb41ynknvrkLOlQzNp65In0 HTTP/1.1" 200 2
216.245.221.92 - - [16/Dec/2023:23:52:48 -0500] "HEAD / HTTP/1.1" 200 -
172.22.2.4 - - [16/Dec/2023:23:51:29 -0500] "HEAD /BLA/boletinlegal/ HTTP/1.1" 200 -
172.22.2.4 - - [16/Dec/2023:23:52:16 -0500] "HEAD /BLA/boletinlegal/ HTTP/1.1" 200 -
172.22.2.4 - - [16/Dec/2023:23:52:20 -0500] "GET /BLA/boletinlegal/ HTTP/1.1" 200 49475
201.245.192.253 - - [16/Dec/2023:23:54:09 -0500] "POST /forms/lservlet;jsessionid=ac16012b30d68f87e6b31bdd4159a82faa45787d3329.e3iSbxaKaheRe34Qc38TbN0Nb41ynknvrkLOlQzNp65In0 HTTP/1.1" 200 2
201.245.192.253 - - [16/Dec/2023:23:54:44 -0500] "POST /forms/lservlet;jsessionid=ac16012b30d665b9d6b5cea24731bd918aefbc6c9e46.e3iSbxaKaheRe34Qc38TbN0Nb41ynknvrkLOlQzNp65In0 HTTP/1.1" 200 2
191.156.49.171 - - [16/Dec/2023:23:55:29 -0500] "POST /sipse/faces/presentacion/financiero/solicitudProceso/consultarSolicitudProceso.xhtml HTTP/1.1" 200 38518
201.245.192.253 - - [16/Dec/2023:23:56:09 -0500] "POST /forms/lservlet;jsessionid=ac16012b30d68f87e6b31bdd4159a82faa45787d3329.e3iSbxaKaheRe34Qc38TbN0Nb41ynknvrkLOlQzNp65In0 HTTP/1.1" 200 2
191.156.50.3 - - [16/Dec/2023:23:56:19 -0500] "POST /sipse/faces/presentacion/financiero/solicitudProceso/consultarSolicitudProceso.xhtml HTTP/1.1" 200 20375
201.245.192.253 - - [16/Dec/2023:23:56:34 -0500] "POST /kwsrmcab/Wsrmcab  HTTP/1.1" 200 37894
201.245.192.253 - - [16/Dec/2023:23:56:44 -0500] "POST /forms/lservlet;jsessionid=ac16012b30d665b9d6b5cea24731bd918aefbc6c9e46.e3iSbxaKaheRe34Qc38TbN0Nb41ynknvrkLOlQzNp65In0 HTTP/1.1" 200 2
216.245.221.92 - - [16/Dec/2023:23:57:48 -0500] "HEAD / HTTP/1.1" 200 -
201.245.192.253 - - [16/Dec/2023:23:58:09 -0500] "POST /forms/lservlet;jsessionid=ac16012b30d68f87e6b31bdd4159a82faa45787d3329.e3iSbxaKaheRe34Qc38TbN0Nb41ynknvrkLOlQzNp65In0 HTTP/1.1" 200 2
66.249.66.20 - - [16/Dec/2023:23:58:10 -0500] "GET /robots.txt HTTP/1.1" 404 1018
66.249.66.19 - - [16/Dec/2023:23:58:10 -0500] "GET /BLA/resoluciones/RESOLUCIONES%202010/7034.pdf HTTP/1.1" 200 1311550
201.245.192.253 - - [16/Dec/2023:23:58:44 -0500] "POST /forms/lservlet;jsessionid=ac16012b30d665b9d6b5cea24731bd918aefbc6c9e46.e3iSbxaKaheRe34Qc38TbN0Nb41ynknvrkLOlQzNp65In0 HTTP/1.1" 200 2
172.22.2.4 - - [16/Dec/2023:23:57:19 -0500] "HEAD /BLA/boletinlegal/ HTTP/1.1" 200 -
172.22.2.4 - - [16/Dec/2023:23:58:09 -0500] "GET /BLA/boletinlegal/ HTTP/1.1" 200 60634

:: Command execute ::

Enter:
 
Select:
 

:: Search ::
regexp 

:: Upload ::
 
[ ok ]

:: Make Dir ::
 
[ ok ]
:: Make File ::
 
[ ok ]

:: Go Dir ::
 
:: Go File ::
 

--[ c99shell v. 1.0 pre-release build #13 powered by Captain Crunch Security Team | http://ccteam.ru | Generation time: 0.2496 ]--