47.128.23.130 - - [16/Dec/2023:03:58:09 -0500] "GET /isolucionsda/FrameSetArticulo.asp?Pagina=%2FIsolucionSDA%2FBancoConocimiento%2FR%2FResolucion3513de2010%2FResolucion3513de2010.asp%3FIdArticulo=2663 HTTP/1.1" 200 527
172.22.2.4 - - [16/Dec/2023:03:56:31 -0500] "GET /BLA/boletinlegal/ HTTP/1.1" 200 58644
47.128.61.198 - - [16/Dec/2023:03:58:34 -0500] "GET /galeria/galeria/fotos/?C=M%3BO=A HTTP/1.1" 200 523
47.128.61.198 - - [16/Dec/2023:03:58:35 -0500] "GET /icons/blank.gif HTTP/1.1" 200 148
201.245.192.253 - - [16/Dec/2023:03:58:36 -0500] "POST /forms/lservlet;jsessionid=ac16012b30d665b9d6b5cea24731bd918aefbc6c9e46.e3iSbxaKaheRe34Qc38TbN0Nb41ynknvrkLOlQzNp65In0 HTTP/1.1" 200 2
172.22.2.4 - - [16/Dec/2023:03:59:36 -0500] "GET /BLA/boletinlegal/robots.txt HTTP/1.1" 404 1038
172.22.2.4 - - [16/Dec/2023:03:59:37 -0500] "GET /BLA/boletinlegal/Directivas/2018/Directiva%20No.%2026%20del%2028%20de%20diciembre%20de%202018.pdf HTTP/1.1" 200 332220
201.245.192.253 - - [16/Dec/2023:03:59:57 -0500] "POST /forms/lservlet;jsessionid=ac16012b30d68f87e6b31bdd4159a82faa45787d3329.e3iSbxaKaheRe34Qc38TbN0Nb41ynknvrkLOlQzNp65In0 HTTP/1.1" 200 2
66.249.66.19 - - [16/Dec/2023:04:00:02 -0500] "GET /Publicaciones/2023EE286328.pdf HTTP/1.1" 200 613090
201.245.192.253 - - [16/Dec/2023:04:00:36 -0500] "POST /forms/lservlet;jsessionid=ac16012b30d665b9d6b5cea24731bd918aefbc6c9e46.e3iSbxaKaheRe34Qc38TbN0Nb41ynknvrkLOlQzNp65In0 HTTP/1.1" 200 2
201.245.192.253 - - [16/Dec/2023:04:01:26 -0500] "POST /kwsrmcab/Wsrmcab  HTTP/1.1" 200 37894
47.128.17.92 - - [16/Dec/2023:04:01:47 -0500] "GET /IsolucionSDA/FramesetArticulo.asp?IdArticulo=3684&Pagina=BancoConocimiento%2FE%2FEncuestadepercepciondelaorientacionalnuevoservidorpublico_v4%2FEncuestadepercepciondelaorientacionalnuevoservidorpublico_v4.asp HTTP/1.1" 200 527
201.245.192.253 - - [16/Dec/2023:04:01:57 -0500] "POST /forms/lservlet;jsessionid=ac16012b30d68f87e6b31bdd4159a82faa45787d3329.e3iSbxaKaheRe34Qc38TbN0Nb41ynknvrkLOlQzNp65In0 HTTP/1.1" 200 2
172.22.2.4 - - [16/Dec/2023:04:01:00 -0500] "GET /BLA/boletinlegal/ HTTP/1.1" 200 53195
201.245.192.253 - - [16/Dec/2023:04:02:36 -0500] "POST /forms/lservlet;jsessionid=ac16012b30d665b9d6b5cea24731bd918aefbc6c9e46.e3iSbxaKaheRe34Qc38TbN0Nb41ynknvrkLOlQzNp65In0 HTTP/1.1" 200 2
216.245.221.92 - - [16/Dec/2023:04:02:51 -0500] "HEAD / HTTP/1.1" 200 -
172.22.2.4 - - [16/Dec/2023:04:01:31 -0500] "HEAD /BLA/boletinlegal/ HTTP/1.1" 200 -
199.16.157.182 - - [16/Dec/2023:04:03:11 -0500] "GET /images/Red%20de%20Monitoreo%20febrero%2025.png HTTP/1.1" 200 93489
199.16.157.183 - - [16/Dec/2023:04:03:11 -0500] "GET /conoce-las-medidas-de-prevencion-y-mitigacion-contempladas-en-la-alerta-fase-1-por-calidad-del-aire.html HTTP/1.1" 200 917
201.245.192.253 - - [16/Dec/2023:04:03:57 -0500] "POST /forms/lservlet;jsessionid=ac16012b30d68f87e6b31bdd4159a82faa45787d3329.e3iSbxaKaheRe34Qc38TbN0Nb41ynknvrkLOlQzNp65In0 HTTP/1.1" 200 2
172.22.2.4 - - [16/Dec/2023:04:02:22 -0500] "GET /BLA/boletinlegal/ HTTP/1.1" 200 58294
201.245.192.253 - - [16/Dec/2023:04:04:36 -0500] "POST /forms/lservlet;jsessionid=ac16012b30d665b9d6b5cea24731bd918aefbc6c9e46.e3iSbxaKaheRe34Qc38TbN0Nb41ynknvrkLOlQzNp65In0 HTTP/1.1" 200 2
172.22.2.4 - - [16/Dec/2023:04:04:44 -0500] "GET /BLA/boletinlegal/robots.txt HTTP/1.1" 404 1037
172.22.2.4 - - [16/Dec/2023:04:04:44 -0500] "GET /BLA/boletinlegal/robots.txt HTTP/1.1" 404 1037
172.22.2.4 - - [16/Dec/2023:04:04:56 -0500] "GET /BLA/boletinlegal/sitemaps.xml HTTP/1.1" 404 1037
201.245.192.253 - - [16/Dec/2023:04:05:57 -0500] "POST /forms/lservlet;jsessionid=ac16012b30d68f87e6b31bdd4159a82faa45787d3329.e3iSbxaKaheRe34Qc38TbN0Nb41ynknvrkLOlQzNp65In0 HTTP/1.1" 200 2
201.245.192.253 - - [16/Dec/2023:04:06:25 -0500] "POST /kwsrmcab/Wsrmcab  HTTP/1.1" 200 37894
201.245.192.253 - - [16/Dec/2023:04:06:36 -0500] "POST /forms/lservlet;jsessionid=ac16012b30d665b9d6b5cea24731bd918aefbc6c9e46.e3iSbxaKaheRe34Qc38TbN0Nb41ynknvrkLOlQzNp65In0 HTTP/1.1" 200 2
52.167.144.166 - - [16/Dec/2023:04:07:06 -0500] "GET /BLA/resoluciones/RESOLUCIONES%202023/0691.pdf HTTP/1.1" 304 -
216.244.66.195 - - [16/Dec/2023:04:07:18 -0500] "GET /BLA/resoluciones/AUTOS%202016/2210.pdf HTTP/1.1" 200 482278
216.245.221.92 - - [16/Dec/2023:04:07:51 -0500] "HEAD / HTTP/1.1" 200 -
201.245.192.253 - - [16/Dec/2023:04:07:58 -0500] "POST /forms/lservlet;jsessionid=ac16012b30d68f87e6b31bdd4159a82faa45787d3329.e3iSbxaKaheRe34Qc38TbN0Nb41ynknvrkLOlQzNp65In0 HTTP/1.1" 200 2
216.244.66.195 - - [16/Dec/2023:04:08:05 -0500] "GET /BLA/resoluciones/AUTOS%202016/2369.pdf HTTP/1.1" 200 374195
201.245.192.253 - - [16/Dec/2023:04:08:36 -0500] "POST /forms/lservlet;jsessionid=ac16012b30d665b9d6b5cea24731bd918aefbc6c9e46.e3iSbxaKaheRe34Qc38TbN0Nb41ynknvrkLOlQzNp65In0 HTTP/1.1" 200 2
216.244.66.195 - - [16/Dec/2023:04:08:54 -0500] "GET /BLA/resoluciones/AUTOS%202016/2445.pdf HTTP/1.1" 200 316470
172.22.2.4 - - [16/Dec/2023:04:07:21 -0500] "HEAD /BLA/boletinlegal/ HTTP/1.1" 200 -
216.244.66.195 - - [16/Dec/2023:04:09:42 -0500] "GET /BLA/resoluciones/AUTOS%202016/2542.pdf HTTP/1.1" 200 561485
172.22.2.4 - - [16/Dec/2023:04:08:11 -0500] "GET /BLA/boletinlegal/ HTTP/1.1" 200 58644
201.245.192.253 - - [16/Dec/2023:04:09:58 -0500] "POST /forms/lservlet;jsessionid=ac16012b30d68f87e6b31bdd4159a82faa45787d3329.e3iSbxaKaheRe34Qc38TbN0Nb41ynknvrkLOlQzNp65In0 HTTP/1.1" 200 2
216.244.66.195 - - [16/Dec/2023:04:10:33 -0500] "GET /BLA/resoluciones/AUTOS%202016/2674.pdf HTTP/1.1" 200 627454
201.245.192.253 - - [16/Dec/2023:04:10:36 -0500] "POST /forms/lservlet;jsessionid=ac16012b30d665b9d6b5cea24731bd918aefbc6c9e46.e3iSbxaKaheRe34Qc38TbN0Nb41ynknvrkLOlQzNp65In0 HTTP/1.1" 200 2
168.205.53.18 - - [16/Dec/2023:04:10:52 -0500] "GET / HTTP/1.1" 200 319
69.28.94.160 - - [16/Dec/2023:04:11:04 -0500] "GET / HTTP/1.1" 200 319
216.244.66.195 - - [16/Dec/2023:04:11:24 -0500] "GET /BLA/resoluciones/AUTOS%202016/2737.pdf HTTP/1.1" 200 381664
201.245.192.253 - - [16/Dec/2023:04:11:24 -0500] "POST /kwsrmcab/Wsrmcab  HTTP/1.1" 200 37894
201.245.192.253 - - [16/Dec/2023:04:11:58 -0500] "POST /forms/lservlet;jsessionid=ac16012b30d68f87e6b31bdd4159a82faa45787d3329.e3iSbxaKaheRe34Qc38TbN0Nb41ynknvrkLOlQzNp65In0 HTTP/1.1" 200 2
216.244.66.195 - - [16/Dec/2023:04:12:09 -0500] "GET /BLA/resoluciones/AUTOS%202016/2808.pdf HTTP/1.1" 200 394568
201.245.192.253 - - [16/Dec/2023:04:12:36 -0500] "POST /forms/lservlet;jsessionid=ac16012b30d665b9d6b5cea24731bd918aefbc6c9e46.e3iSbxaKaheRe34Qc38TbN0Nb41ynknvrkLOlQzNp65In0 HTTP/1.1" 200 2
216.245.221.92 - - [16/Dec/2023:04:12:51 -0500] "HEAD / HTTP/1.1" 200 -
216.244.66.195 - - [16/Dec/2023:04:12:53 -0500] "GET /BLA/resoluciones/AUTOS%202016/3074.pdf HTTP/1.1" 200 332851
216.244.66.195 - - [16/Dec/2023:04:13:28 -0500] "GET /BLA/resoluciones/AUTOS%202016/3083.pdf HTTP/1.1" 200 357904
201.245.192.253 - - [16/Dec/2023:04:13:58 -0500] "POST /forms/lservlet;jsessionid=ac16012b30d68f87e6b31bdd4159a82faa45787d3329.e3iSbxaKaheRe34Qc38TbN0Nb41ynknvrkLOlQzNp65In0 HTTP/1.1" 200 2
216.244.66.195 - - [16/Dec/2023:04:14:01 -0500] "GET /BLA/resoluciones/AUTOS%202019/3813.pdf HTTP/1.1" 200 257388
216.244.66.195 - - [16/Dec/2023:04:14:32 -0500] "GET /BLA/resoluciones/RESOLUCIONES%202023/0882.pdf HTTP/1.1" 200 516845
201.245.192.253 - - [16/Dec/2023:04:14:36 -0500] "POST /forms/lservlet;jsessionid=ac16012b30d665b9d6b5cea24731bd918aefbc6c9e46.e3iSbxaKaheRe34Qc38TbN0Nb41ynknvrkLOlQzNp65In0 HTTP/1.1" 200 2
172.22.2.4 - - [16/Dec/2023:04:13:11 -0500] "HEAD /BLA/boletinlegal/ HTTP/1.1" 200 -
216.244.66.195 - - [16/Dec/2023:04:15:00 -0500] "GET /BLA/resoluciones/RESOLUCIONES%202023/1340.pdf HTTP/1.1" 200 370061
172.22.2.4 - - [16/Dec/2023:04:14:01 -0500] "GET /BLA/boletinlegal/ HTTP/1.1" 200 61018
201.245.192.253 - - [16/Dec/2023:04:15:55 -0500] "POST /kwsrmcab/Wsrmcab HTTP/1.1" 200 37845
201.245.192.253 - - [16/Dec/2023:04:15:58 -0500] "POST /forms/lservlet;jsessionid=ac16012b30d68f87e6b31bdd4159a82faa45787d3329.e3iSbxaKaheRe34Qc38TbN0Nb41ynknvrkLOlQzNp65In0 HTTP/1.1" 200 2
201.245.192.253 - - [16/Dec/2023:04:15:57 -0500] "POST /kwsrmcab/Wsrmcab HTTP/1.1" 200 38964
201.245.192.253 - - [16/Dec/2023:04:16:23 -0500] "POST /kwsrmcab/Wsrmcab  HTTP/1.1" 200 37894
201.245.192.253 - - [16/Dec/2023:04:16:36 -0500] "POST /forms/lservlet;jsessionid=ac16012b30d665b9d6b5cea24731bd918aefbc6c9e46.e3iSbxaKaheRe34Qc38TbN0Nb41ynknvrkLOlQzNp65In0 HTTP/1.1" 200 2
66.249.66.14 - - [16/Dec/2023:04:17:15 -0500] "GET /Publicaciones/2023EE286493.pdf HTTP/1.1" 200 232072
216.245.221.92 - - [16/Dec/2023:04:17:51 -0500] "HEAD / HTTP/1.1" 200 -
201.245.192.253 - - [16/Dec/2023:04:17:58 -0500] "POST /forms/lservlet;jsessionid=ac16012b30d68f87e6b31bdd4159a82faa45787d3329.e3iSbxaKaheRe34Qc38TbN0Nb41ynknvrkLOlQzNp65In0 HTTP/1.1" 200 2
201.245.192.253 - - [16/Dec/2023:04:18:36 -0500] "POST /forms/lservlet;jsessionid=ac16012b30d665b9d6b5cea24731bd918aefbc6c9e46.e3iSbxaKaheRe34Qc38TbN0Nb41ynknvrkLOlQzNp65In0 HTTP/1.1" 200 2
201.245.192.253 - - [16/Dec/2023:04:19:47 -0500] "POST /kwsrmcab/Wsrmcab HTTP/1.1" 200 37845
201.245.192.253 - - [16/Dec/2023:04:19:53 -0500] "POST /kwsrmcab/Wsrmcab HTTP/1.1" 200 38964
201.245.192.253 - - [16/Dec/2023:04:19:58 -0500] "POST /forms/lservlet;jsessionid=ac16012b30d68f87e6b31bdd4159a82faa45787d3329.e3iSbxaKaheRe34Qc38TbN0Nb41ynknvrkLOlQzNp65In0 HTTP/1.1" 200 2
201.245.192.253 - - [16/Dec/2023:04:20:36 -0500] "POST /forms/lservlet;jsessionid=ac16012b30d665b9d6b5cea24731bd918aefbc6c9e46.e3iSbxaKaheRe34Qc38TbN0Nb41ynknvrkLOlQzNp65In0 HTTP/1.1" 200 2
172.22.2.4 - - [16/Dec/2023:04:19:01 -0500] "HEAD /BLA/boletinlegal/ HTTP/1.1" 200 -
136.243.228.194 - - [16/Dec/2023:04:21:22 -0500] "GET /robots.txt HTTP/1.1" 404 1034
136.243.228.194 - - [16/Dec/2023:04:21:23 -0500] "GET /cuales-son-los-tramites-ambientales-mas-solicitados-de-bogota.html HTTP/1.1" 200 840
136.243.228.194 - - [16/Dec/2023:04:21:23 -0500] "GET /robots.txt HTTP/1.1" 404 1034
201.245.192.253 - - [16/Dec/2023:04:21:21 -0500] "POST /kwsrmcab/Wsrmcab  HTTP/1.1" 200 37894
136.243.228.194 - - [16/Dec/2023:04:21:24 -0500] "GET /sitemap.xml HTTP/1.1" 404 1034
172.22.2.4 - - [16/Dec/2023:04:19:51 -0500] "GET /BLA/boletinlegal/ HTTP/1.1" 200 60634
52.167.144.201 - - [16/Dec/2023:04:21:50 -0500] "GET /BLA/resoluciones/Notificaciones/RESOLUCIONES%202023/649.pdf HTTP/1.1" 200 455462
201.245.192.253 - - [16/Dec/2023:04:21:58 -0500] "POST /forms/lservlet;jsessionid=ac16012b30d68f87e6b31bdd4159a82faa45787d3329.e3iSbxaKaheRe34Qc38TbN0Nb41ynknvrkLOlQzNp65In0 HTTP/1.1" 200 2
201.245.192.253 - - [16/Dec/2023:04:22:36 -0500] "POST /forms/lservlet;jsessionid=ac16012b30d665b9d6b5cea24731bd918aefbc6c9e46.e3iSbxaKaheRe34Qc38TbN0Nb41ynknvrkLOlQzNp65In0 HTTP/1.1" 200 2
216.245.221.92 - - [16/Dec/2023:04:22:51 -0500] "HEAD / HTTP/1.1" 200 -
201.245.192.253 - - [16/Dec/2023:04:23:58 -0500] "POST /forms/lservlet;jsessionid=ac16012b30d68f87e6b31bdd4159a82faa45787d3329.e3iSbxaKaheRe34Qc38TbN0Nb41ynknvrkLOlQzNp65In0 HTTP/1.1" 200 2
201.245.192.253 - - [16/Dec/2023:04:24:36 -0500] "POST /forms/lservlet;jsessionid=ac16012b30d665b9d6b5cea24731bd918aefbc6c9e46.e3iSbxaKaheRe34Qc38TbN0Nb41ynknvrkLOlQzNp65In0 HTTP/1.1" 200 2
216.244.66.195 - - [16/Dec/2023:04:25:32 -0500] "GET /robots.txt HTTP/1.1" 404 1018
201.245.192.253 - - [16/Dec/2023:04:25:55 -0500] "POST /kwsrmcab/Wsrmcab HTTP/1.1" 200 37845
201.245.192.253 - - [16/Dec/2023:04:25:58 -0500] "POST /forms/lservlet;jsessionid=ac16012b30d68f87e6b31bdd4159a82faa45787d3329.e3iSbxaKaheRe34Qc38TbN0Nb41ynknvrkLOlQzNp65In0 HTTP/1.1" 200 2
201.245.192.253 - - [16/Dec/2023:04:25:58 -0500] "POST /kwsrmcab/Wsrmcab HTTP/1.1" 200 38964
201.245.192.253 - - [16/Dec/2023:04:26:21 -0500] "POST /kwsrmcab/Wsrmcab  HTTP/1.1" 200 37894
172.22.2.4 - - [16/Dec/2023:04:24:51 -0500] "HEAD /BLA/boletinlegal/ HTTP/1.1" 200 -
201.245.192.253 - - [16/Dec/2023:04:26:36 -0500] "POST /forms/lservlet;jsessionid=ac16012b30d665b9d6b5cea24731bd918aefbc6c9e46.e3iSbxaKaheRe34Qc38TbN0Nb41ynknvrkLOlQzNp65In0 HTTP/1.1" 200 2
172.22.2.4 - - [16/Dec/2023:04:25:41 -0500] "GET /BLA/boletinlegal/ HTTP/1.1" 200 60634
216.245.221.92 - - [16/Dec/2023:04:27:51 -0500] "HEAD / HTTP/1.1" 200 -
201.245.192.253 - - [16/Dec/2023:04:27:58 -0500] "POST /forms/lservlet;jsessionid=ac16012b30d68f87e6b31bdd4159a82faa45787d3329.e3iSbxaKaheRe34Qc38TbN0Nb41ynknvrkLOlQzNp65In0 HTTP/1.1" 200 2
201.245.192.253 - - [16/Dec/2023:04:28:36 -0500] "POST /forms/lservlet;jsessionid=ac16012b30d665b9d6b5cea24731bd918aefbc6c9e46.e3iSbxaKaheRe34Qc38TbN0Nb41ynknvrkLOlQzNp65In0 HTTP/1.1" 200 2
201.245.192.253 - - [16/Dec/2023:04:29:46 -0500] "POST /kwsrmcab/Wsrmcab HTTP/1.1" 200 37845
201.245.192.253 - - [16/Dec/2023:04:29:51 -0500] "POST /kwsrmcab/Wsrmcab HTTP/1.1" 200 38964
66.249.66.20 - - [16/Dec/2023:04:29:57 -0500] "GET /Publicaciones/2023EE286491.pdf HTTP/1.1" 200 231961
201.245.192.253 - - [16/Dec/2023:04:29:58 -0500] "POST /forms/lservlet;jsessionid=ac16012b30d68f87e6b31bdd4159a82faa45787d3329.e3iSbxaKaheRe34Qc38TbN0Nb41ynknvrkLOlQzNp65In0 HTTP/1.1" 200 2
201.245.192.253 - - [16/Dec/2023:04:30:36 -0500] "POST /forms/lservlet;jsessionid=ac16012b30d665b9d6b5cea24731bd918aefbc6c9e46.e3iSbxaKaheRe34Qc38TbN0Nb41ynknvrkLOlQzNp65In0 HTTP/1.1" 200 2
201.245.192.253 - - [16/Dec/2023:04:31:19 -0500] "POST /kwsrmcab/Wsrmcab  HTTP/1.1" 200 37894
201.245.192.253 - - [16/Dec/2023:04:31:58 -0500] "POST /forms/lservlet;jsessionid=ac16012b30d68f87e6b31bdd4159a82faa45787d3329.e3iSbxaKaheRe34Qc38TbN0Nb41ynknvrkLOlQzNp65In0 HTTP/1.1" 200 2
172.22.2.4 - - [16/Dec/2023:04:30:41 -0500] "HEAD /BLA/boletinlegal/ HTTP/1.1" 200 -
201.245.192.253 - - [16/Dec/2023:04:32:36 -0500] "POST /forms/lservlet;jsessionid=ac16012b30d665b9d6b5cea24731bd918aefbc6c9e46.e3iSbxaKaheRe34Qc38TbN0Nb41ynknvrkLOlQzNp65In0 HTTP/1.1" 200 2
216.245.221.92 - - [16/Dec/2023:04:32:51 -0500] "HEAD / HTTP/1.1" 200 -
172.22.2.4 - - [16/Dec/2023:04:31:31 -0500] "GET /BLA/boletinlegal/ HTTP/1.1" 200 58644
201.245.192.253 - - [16/Dec/2023:04:33:58 -0500] "POST /forms/lservlet;jsessionid=ac16012b30d68f87e6b31bdd4159a82faa45787d3329.e3iSbxaKaheRe34Qc38TbN0Nb41ynknvrkLOlQzNp65In0 HTTP/1.1" 200 2
201.245.192.253 - - [16/Dec/2023:04:34:36 -0500] "POST /forms/lservlet;jsessionid=ac16012b30d665b9d6b5cea24731bd918aefbc6c9e46.e3iSbxaKaheRe34Qc38TbN0Nb41ynknvrkLOlQzNp65In0 HTTP/1.1" 200 2
201.245.192.253 - - [16/Dec/2023:04:35:55 -0500] "POST /kwsrmcab/Wsrmcab HTTP/1.1" 200 37845
201.245.192.253 - - [16/Dec/2023:04:35:58 -0500] "POST /forms/lservlet;jsessionid=ac16012b30d68f87e6b31bdd4159a82faa45787d3329.e3iSbxaKaheRe34Qc38TbN0Nb41ynknvrkLOlQzNp65In0 HTTP/1.1" 200 2
201.245.192.253 - - [16/Dec/2023:04:35:58 -0500] "POST /kwsrmcab/Wsrmcab HTTP/1.1" 200 38964
201.245.192.253 - - [16/Dec/2023:04:36:18 -0500] "POST /kwsrmcab/Wsrmcab  HTTP/1.1" 200 37894
201.245.192.253 - - [16/Dec/2023:04:36:36 -0500] "POST /forms/lservlet;jsessionid=ac16012b30d665b9d6b5cea24731bd918aefbc6c9e46.e3iSbxaKaheRe34Qc38TbN0Nb41ynknvrkLOlQzNp65In0 HTTP/1.1" 200 2
139.47.75.154 - - [16/Dec/2023:04:37:29 -0500] "GET /appsia/controlador HTTP/1.1" 200 4799
139.47.75.154 - - [16/Dec/2023:04:37:30 -0500] "GET /appsia/css/estilos.css HTTP/1.1" 200 4804
139.47.75.154 - - [16/Dec/2023:04:37:30 -0500] "GET /appsia/scripts/validarIngreso.js HTTP/1.1" 200 851
139.47.75.154 - - [16/Dec/2023:04:37:30 -0500] "GET /appsia/images/logo_bogota_p.png HTTP/1.1" 200 14951
139.47.75.154 - - [16/Dec/2023:04:37:30 -0500] "GET /appsia/images/cabezoteHojaVida.png HTTP/1.1" 200 32493
139.47.75.154 - - [16/Dec/2023:04:37:31 -0500] "GET /favicon.ico HTTP/1.1" 200 7782
139.47.75.154 - - [16/Dec/2023:04:37:36 -0500] "POST /appsia/controlador HTTP/1.1" 200 5437
139.47.75.154 - - [16/Dec/2023:04:37:40 -0500] "POST /appsia/controlador HTTP/1.1" 200 7769
139.47.75.154 - - [16/Dec/2023:04:37:45 -0500] "POST /appsia/controlador HTTP/1.1" 200 6634
139.47.75.154 - - [16/Dec/2023:04:37:47 -0500] "POST /appsia/controlador HTTP/1.1" 200 13619
216.245.221.92 - - [16/Dec/2023:04:37:51 -0500] "HEAD / HTTP/1.1" 200 -
201.245.192.253 - - [16/Dec/2023:04:37:58 -0500] "POST /forms/lservlet;jsessionid=ac16012b30d68f87e6b31bdd4159a82faa45787d3329.e3iSbxaKaheRe34Qc38TbN0Nb41ynknvrkLOlQzNp65In0 HTTP/1.1" 200 2
172.22.2.4 - - [16/Dec/2023:04:36:31 -0500] "HEAD /BLA/boletinlegal/ HTTP/1.1" 200 -
201.245.192.253 - - [16/Dec/2023:04:38:36 -0500] "POST /forms/lservlet;jsessionid=ac16012b30d665b9d6b5cea24731bd918aefbc6c9e46.e3iSbxaKaheRe34Qc38TbN0Nb41ynknvrkLOlQzNp65In0 HTTP/1.1" 200 2
66.249.66.20 - - [16/Dec/2023:04:38:55 -0500] "GET /BLA/resoluciones/RESOLUCIONES%202007/RES%202007%20301%20AL%20400/RESOLUCION%200374%20DE%202007.pdf HTTP/1.1" 200 391014
172.22.2.4 - - [16/Dec/2023:04:37:21 -0500] "GET /BLA/boletinlegal/ HTTP/1.1" 200 58294
162.55.175.143 - - [16/Dec/2023:04:39:26 -0500] "GET / HTTP/1.1" 200 319
162.55.175.143 - - [16/Dec/2023:04:39:28 -0500] "GET / HTTP/1.1" 200 4720
201.245.192.253 - - [16/Dec/2023:04:39:47 -0500] "POST /kwsrmcab/Wsrmcab HTTP/1.1" 200 37845
201.245.192.253 - - [16/Dec/2023:04:39:51 -0500] "POST /kwsrmcab/Wsrmcab HTTP/1.1" 200 38964
201.245.192.253 - - [16/Dec/2023:04:39:58 -0500] "POST /forms/lservlet;jsessionid=ac16012b30d68f87e6b31bdd4159a82faa45787d3329.e3iSbxaKaheRe34Qc38TbN0Nb41ynknvrkLOlQzNp65In0 HTTP/1.1" 200 2
201.245.192.253 - - [16/Dec/2023:04:40:36 -0500] "POST /forms/lservlet;jsessionid=ac16012b30d665b9d6b5cea24731bd918aefbc6c9e46.e3iSbxaKaheRe34Qc38TbN0Nb41ynknvrkLOlQzNp65In0 HTTP/1.1" 200 2
201.245.192.253 - - [16/Dec/2023:04:41:17 -0500] "POST /kwsrmcab/Wsrmcab  HTTP/1.1" 200 37894
172.22.2.4 - - [16/Dec/2023:04:41:29 -0500] "GET /BLA/boletinlegal/robots.txt HTTP/1.1" 404 1038
172.22.2.4 - - [16/Dec/2023:04:41:30 -0500] "GET /BLA/boletinlegal/Directivas/2011/Directiva%20No.%202%20del%2017%20de%20Mayo%20de%202011.pdf HTTP/1.1" 200 495382
207.46.13.155 - - [16/Dec/2023:04:41:45 -0500] "GET /BLA/resoluciones/AUTOS%202021/3930.pdf HTTP/1.1" 304 -
201.245.192.253 - - [16/Dec/2023:04:41:58 -0500] "POST /forms/lservlet;jsessionid=ac16012b30d68f87e6b31bdd4159a82faa45787d3329.e3iSbxaKaheRe34Qc38TbN0Nb41ynknvrkLOlQzNp65In0 HTTP/1.1" 200 2
201.245.192.253 - - [16/Dec/2023:04:42:36 -0500] "POST /forms/lservlet;jsessionid=ac16012b30d665b9d6b5cea24731bd918aefbc6c9e46.e3iSbxaKaheRe34Qc38TbN0Nb41ynknvrkLOlQzNp65In0 HTTP/1.1" 200 2
216.245.221.92 - - [16/Dec/2023:04:42:50 -0500] "HEAD / HTTP/1.1" 200 -
201.245.192.253 - - [16/Dec/2023:04:43:58 -0500] "POST /forms/lservlet;jsessionid=ac16012b30d68f87e6b31bdd4159a82faa45787d3329.e3iSbxaKaheRe34Qc38TbN0Nb41ynknvrkLOlQzNp65In0 HTTP/1.1" 200 2
172.22.2.4 - - [16/Dec/2023:04:42:21 -0500] "HEAD /BLA/boletinlegal/ HTTP/1.1" 200 -
201.245.192.253 - - [16/Dec/2023:04:44:36 -0500] "POST /forms/lservlet;jsessionid=ac16012b30d665b9d6b5cea24731bd918aefbc6c9e46.e3iSbxaKaheRe34Qc38TbN0Nb41ynknvrkLOlQzNp65In0 HTTP/1.1" 200 2
172.22.2.4 - - [16/Dec/2023:04:43:11 -0500] "GET /BLA/boletinlegal/ HTTP/1.1" 200 60634
201.245.192.253 - - [16/Dec/2023:04:45:58 -0500] "POST /forms/lservlet;jsessionid=ac16012b30d68f87e6b31bdd4159a82faa45787d3329.e3iSbxaKaheRe34Qc38TbN0Nb41ynknvrkLOlQzNp65In0 HTTP/1.1" 200 2
201.245.192.253 - - [16/Dec/2023:04:46:15 -0500] "POST /kwsrmcab/Wsrmcab  HTTP/1.1" 200 37894
201.245.192.253 - - [16/Dec/2023:04:46:36 -0500] "POST /forms/lservlet;jsessionid=ac16012b30d665b9d6b5cea24731bd918aefbc6c9e46.e3iSbxaKaheRe34Qc38TbN0Nb41ynknvrkLOlQzNp65In0 HTTP/1.1" 200 2
216.245.221.92 - - [16/Dec/2023:04:47:51 -0500] "HEAD / HTTP/1.1" 200 -
201.245.192.253 - - [16/Dec/2023:04:47:58 -0500] "POST /forms/lservlet;jsessionid=ac16012b30d68f87e6b31bdd4159a82faa45787d3329.e3iSbxaKaheRe34Qc38TbN0Nb41ynknvrkLOlQzNp65In0 HTTP/1.1" 200 2
201.245.192.253 - - [16/Dec/2023:04:48:36 -0500] "POST /forms/lservlet;jsessionid=ac16012b30d665b9d6b5cea24731bd918aefbc6c9e46.e3iSbxaKaheRe34Qc38TbN0Nb41ynknvrkLOlQzNp65In0 HTTP/1.1" 200 2
52.167.144.223 - - [16/Dec/2023:04:49:40 -0500] "GET /BLA/resoluciones/RESOLUCIONES%202021/1636.pdf HTTP/1.1" 200 711588
172.22.2.4 - - [16/Dec/2023:04:48:11 -0500] "HEAD /BLA/boletinlegal/ HTTP/1.1" 200 -
201.245.192.253 - - [16/Dec/2023:04:49:58 -0500] "POST /forms/lservlet;jsessionid=ac16012b30d68f87e6b31bdd4159a82faa45787d3329.e3iSbxaKaheRe34Qc38TbN0Nb41ynknvrkLOlQzNp65In0 HTTP/1.1" 200 2
201.245.192.253 - - [16/Dec/2023:04:50:36 -0500] "POST /forms/lservlet;jsessionid=ac16012b30d665b9d6b5cea24731bd918aefbc6c9e46.e3iSbxaKaheRe34Qc38TbN0Nb41ynknvrkLOlQzNp65In0 HTTP/1.1" 200 2
172.22.2.4 - - [16/Dec/2023:04:49:01 -0500] "GET /BLA/boletinlegal/ HTTP/1.1" 200 58294
201.245.192.253 - - [16/Dec/2023:04:51:13 -0500] "POST /kwsrmcab/Wsrmcab  HTTP/1.1" 200 37894
201.245.192.253 - - [16/Dec/2023:04:51:58 -0500] "POST /forms/lservlet;jsessionid=ac16012b30d68f87e6b31bdd4159a82faa45787d3329.e3iSbxaKaheRe34Qc38TbN0Nb41ynknvrkLOlQzNp65In0 HTTP/1.1" 200 2
201.245.192.253 - - [16/Dec/2023:04:52:36 -0500] "POST /forms/lservlet;jsessionid=ac16012b30d665b9d6b5cea24731bd918aefbc6c9e46.e3iSbxaKaheRe34Qc38TbN0Nb41ynknvrkLOlQzNp65In0 HTTP/1.1" 200 2
162.55.170.174 - - [16/Dec/2023:04:52:45 -0500] "GET / HTTP/1.1" 200 319
66.249.66.21 - - [16/Dec/2023:04:52:45 -0500] "GET /BLA/resoluciones/RESOLUCIONES%202009/7251.pdf HTTP/1.1" 200 117132
162.55.170.174 - - [16/Dec/2023:04:52:45 -0500] "GET / HTTP/1.1" 200 4720
216.245.221.92 - - [16/Dec/2023:04:52:50 -0500] "HEAD / HTTP/1.1" 200 -
201.245.192.253 - - [16/Dec/2023:04:53:58 -0500] "POST /forms/lservlet;jsessionid=ac16012b30d68f87e6b31bdd4159a82faa45787d3329.e3iSbxaKaheRe34Qc38TbN0Nb41ynknvrkLOlQzNp65In0 HTTP/1.1" 200 2
66.249.66.11 - - [16/Dec/2023:04:54:21 -0500] "GET /BLA/resoluciones/RESOLUCIONES%202009/5257.pdf HTTP/1.1" 200 327204
66.249.66.12 - - [16/Dec/2023:04:54:26 -0500] "GET /Publicaciones/2023EE285180.pdf HTTP/1.1" 200 231980
201.245.192.253 - - [16/Dec/2023:04:54:36 -0500] "POST /forms/lservlet;jsessionid=ac16012b30d665b9d6b5cea24731bd918aefbc6c9e46.e3iSbxaKaheRe34Qc38TbN0Nb41ynknvrkLOlQzNp65In0 HTTP/1.1" 200 2
66.249.66.11 - - [16/Dec/2023:04:54:42 -0500] "GET /Publicaciones/2023EE285351.pdf HTTP/1.1" 200 231929
66.249.66.11 - - [16/Dec/2023:04:55:35 -0500] "GET /BLA/resoluciones/RESOLUCIONES%202008/5531.pdf HTTP/1.1" 200 237080
172.22.2.4 - - [16/Dec/2023:04:54:01 -0500] "HEAD /BLA/boletinlegal/ HTTP/1.1" 200 -
201.245.192.253 - - [16/Dec/2023:04:55:58 -0500] "POST /forms/lservlet;jsessionid=ac16012b30d68f87e6b31bdd4159a82faa45787d3329.e3iSbxaKaheRe34Qc38TbN0Nb41ynknvrkLOlQzNp65In0 HTTP/1.1" 200 2
201.245.192.253 - - [16/Dec/2023:04:56:10 -0500] "POST /kwsrmcab/Wsrmcab  HTTP/1.1" 200 37894
172.22.2.4 - - [16/Dec/2023:04:56:30 -0500] "GET /BLA/boletinlegal/sitemaps.xml HTTP/1.1" 404 1037
172.22.2.4 - - [16/Dec/2023:04:54:51 -0500] "GET /BLA/boletinlegal/ HTTP/1.1" 200 60634
173.252.107.8 - - [16/Dec/2023:04:56:32 -0500] "GET /images/calidad-aire.jpg HTTP/1.1" 200 42421
201.245.192.253 - - [16/Dec/2023:04:56:36 -0500] "POST /forms/lservlet;jsessionid=ac16012b30d665b9d6b5cea24731bd918aefbc6c9e46.e3iSbxaKaheRe34Qc38TbN0Nb41ynknvrkLOlQzNp65In0 HTTP/1.1" 200 2
207.46.13.31 - - [16/Dec/2023:04:57:10 -0500] "GET /BLA/resoluciones/RESOLUCIONES%202021/2978.pdf HTTP/1.1" 200 374810
216.245.221.92 - - [16/Dec/2023:04:57:51 -0500] "HEAD / HTTP/1.1" 200 -
201.245.192.253 - - [16/Dec/2023:04:57:58 -0500] "POST /forms/lservlet;jsessionid=ac16012b30d68f87e6b31bdd4159a82faa45787d3329.e3iSbxaKaheRe34Qc38TbN0Nb41ynknvrkLOlQzNp65In0 HTTP/1.1" 200 2
201.245.192.253 - - [16/Dec/2023:04:58:36 -0500] "POST /forms/lservlet;jsessionid=ac16012b30d665b9d6b5cea24731bd918aefbc6c9e46.e3iSbxaKaheRe34Qc38TbN0Nb41ynknvrkLOlQzNp65In0 HTTP/1.1" 200 2
216.244.66.195 - - [16/Dec/2023:04:59:51 -0500] "GET /BLA/resoluciones/AUTOS%202015/2098.pdf HTTP/1.1" 200 230750
201.245.192.253 - - [16/Dec/2023:04:59:58 -0500] "POST /forms/lservlet;jsessionid=ac16012b30d68f87e6b31bdd4159a82faa45787d3329.e3iSbxaKaheRe34Qc38TbN0Nb41ynknvrkLOlQzNp65In0 HTTP/1.1" 200 2
201.245.192.253 - - [16/Dec/2023:05:00:36 -0500] "POST /forms/lservlet;jsessionid=ac16012b30d665b9d6b5cea24731bd918aefbc6c9e46.e3iSbxaKaheRe34Qc38TbN0Nb41ynknvrkLOlQzNp65In0 HTTP/1.1" 200 2
52.167.144.184 - - [16/Dec/2023:05:00:52 -0500] "GET /BLA/resoluciones/RESOLUCIONES%202021/0582.pdf HTTP/1.1" 200 377616
201.245.192.253 - - [16/Dec/2023:05:01:09 -0500] "POST /kwsrmcab/Wsrmcab  HTTP/1.1" 200 37894
216.244.66.195 - - [16/Dec/2023:05:01:21 -0500] "GET /BLA/resoluciones/AUTOS%202016/0547.pdf HTTP/1.1" 200 473899
172.22.2.4 - - [16/Dec/2023:04:59:51 -0500] "HEAD /BLA/boletinlegal/ HTTP/1.1" 200 -
201.245.192.253 - - [16/Dec/2023:05:01:58 -0500] "POST /forms/lservlet;jsessionid=ac16012b30d68f87e6b31bdd4159a82faa45787d3329.e3iSbxaKaheRe34Qc38TbN0Nb41ynknvrkLOlQzNp65In0 HTTP/1.1" 200 2
216.244.66.195 - - [16/Dec/2023:05:02:05 -0500] "GET /BLA/resoluciones/AUTOS%202016/0860.pdf HTTP/1.1" 200 740201
172.22.2.4 - - [16/Dec/2023:05:00:41 -0500] "GET /BLA/boletinlegal/ HTTP/1.1" 200 49047
201.245.192.253 - - [16/Dec/2023:05:02:36 -0500] "POST /forms/lservlet;jsessionid=ac16012b30d665b9d6b5cea24731bd918aefbc6c9e46.e3iSbxaKaheRe34Qc38TbN0Nb41ynknvrkLOlQzNp65In0 HTTP/1.1" 200 2
52.167.144.184 - - [16/Dec/2023:05:02:42 -0500] "GET /BLA/resoluciones/RESOLUCIONES%202021/4452.pdf HTTP/1.1" 200 335503
216.245.221.92 - - [16/Dec/2023:05:02:50 -0500] "HEAD / HTTP/1.1" 200 -
216.244.66.195 - - [16/Dec/2023:05:02:56 -0500] "GET /BLA/resoluciones/AUTOS%202016/1669.pdf HTTP/1.1" 200 532727
216.244.66.195 - - [16/Dec/2023:05:03:35 -0500] "GET /BLA/resoluciones/AUTOS%202016/1962.pdf HTTP/1.1" 200 478231
154.6.13.46 - - [16/Dec/2023:05:03:35 -0500] "HEAD /galeria/galeria/fotos/Humedal-Vaca2G.jpg HTTP/1.1" 200 -
201.245.192.253 - - [16/Dec/2023:05:03:58 -0500] "POST /forms/lservlet;jsessionid=ac16012b30d68f87e6b31bdd4159a82faa45787d3329.e3iSbxaKaheRe34Qc38TbN0Nb41ynknvrkLOlQzNp65In0 HTTP/1.1" 200 2
47.128.28.45 - - [16/Dec/2023:05:04:15 -0500] "GET /isolucionsda/FrameSetArticulo.asp?Pagina=%2FIsolucionSDA%2FBancoConocimiento%2FR%2FResolucion5589del30deSeptiembrede2011%2FResolucion5589del30deSeptiembrede2011.asp%3FIdArticulo=6573 HTTP/1.1" 200 527
216.244.66.195 - - [16/Dec/2023:05:04:15 -0500] "GET /BLA/resoluciones/AUTOS%202016/2185.pdf HTTP/1.1" 200 520119
201.245.192.253 - - [16/Dec/2023:05:04:36 -0500] "POST /forms/lservlet;jsessionid=ac16012b30d665b9d6b5cea24731bd918aefbc6c9e46.e3iSbxaKaheRe34Qc38TbN0Nb41ynknvrkLOlQzNp65In0 HTTP/1.1" 200 2
216.244.66.195 - - [16/Dec/2023:05:04:56 -0500] "GET /BLA/resoluciones/AUTOS%202016/2248.pdf HTTP/1.1" 200 850895
216.244.66.195 - - [16/Dec/2023:05:05:31 -0500] "GET /BLA/resoluciones/AUTOS%202016/2458.pdf HTTP/1.1" 200 561167
142.93.146.204 - - [16/Dec/2023:05:05:32 -0500] "\x16\x03\x01" 400 226
142.93.146.204 - - [16/Dec/2023:05:05:32 -0500] "\x16\x03\x01" 400 226
142.93.146.204 - - [16/Dec/2023:05:05:32 -0500] "GET / HTTP/1.1" 200 319
142.93.146.204 - - [16/Dec/2023:05:05:32 -0500] "GET /form.html HTTP/1.1" 404 1018
142.93.146.204 - - [16/Dec/2023:05:05:33 -0500] "GET /upl.php HTTP/1.1" 404 1018
142.93.146.204 - - [16/Dec/2023:05:05:33 -0500] "\x16\x03\x01" 400 226
142.93.146.204 - - [16/Dec/2023:05:05:33 -0500] "GET /geoip/ HTTP/1.1" 404 1018
142.93.146.204 - - [16/Dec/2023:05:05:33 -0500] "GET /favicon.ico HTTP/1.1" 200 7782
142.93.146.204 - - [16/Dec/2023:05:05:34 -0500] "GET /1.php HTTP/1.1" 404 1018
142.93.146.204 - - [16/Dec/2023:05:05:34 -0500] "GET /bundle.js HTTP/1.1" 404 1018
142.93.146.204 - - [16/Dec/2023:05:05:34 -0500] "GET /files/ HTTP/1.1" 404 1018
142.93.146.204 - - [16/Dec/2023:05:05:34 -0500] "GET /systembc/password.php HTTP/1.1" 404 1018
142.93.146.204 - - [16/Dec/2023:05:05:35 -0500] "GET /password.php HTTP/1.1" 404 1018
142.93.146.204 - - [16/Dec/2023:05:05:35 -0500] "GET /info.php HTTP/1.1" 404 1018
201.245.192.253 - - [16/Dec/2023:05:05:58 -0500] "POST /forms/lservlet;jsessionid=ac16012b30d68f87e6b31bdd4159a82faa45787d3329.e3iSbxaKaheRe34Qc38TbN0Nb41ynknvrkLOlQzNp65In0 HTTP/1.1" 200 2
216.244.66.195 - - [16/Dec/2023:05:06:09 -0500] "GET /BLA/resoluciones/AUTOS%202016/2518.pdf HTTP/1.1" 200 782914
201.245.192.253 - - [16/Dec/2023:05:06:07 -0500] "POST /kwsrmcab/Wsrmcab  HTTP/1.1" 200 37894
201.245.192.253 - - [16/Dec/2023:05:06:36 -0500] "POST /forms/lservlet;jsessionid=ac16012b30d665b9d6b5cea24731bd918aefbc6c9e46.e3iSbxaKaheRe34Qc38TbN0Nb41ynknvrkLOlQzNp65In0 HTTP/1.1" 200 2
216.244.66.195 - - [16/Dec/2023:05:06:42 -0500] "GET /BLA/resoluciones/AUTOS%202016/2709.pdf HTTP/1.1" 200 537905
216.244.66.195 - - [16/Dec/2023:05:07:16 -0500] "GET /BLA/resoluciones/AUTOS%202016/2797.pdf HTTP/1.1" 200 422896
172.22.2.4 - - [16/Dec/2023:05:05:40 -0500] "HEAD /BLA/boletinlegal/ HTTP/1.1" 200 -
216.245.221.92 - - [16/Dec/2023:05:07:50 -0500] "HEAD / HTTP/1.1" 200 -
201.245.192.253 - - [16/Dec/2023:05:07:58 -0500] "POST /forms/lservlet;jsessionid=ac16012b30d68f87e6b31bdd4159a82faa45787d3329.e3iSbxaKaheRe34Qc38TbN0Nb41ynknvrkLOlQzNp65In0 HTTP/1.1" 200 2
172.22.2.4 - - [16/Dec/2023:05:06:31 -0500] "GET /BLA/boletinlegal/ HTTP/1.1" 200 60634
201.245.192.253 - - [16/Dec/2023:05:08:36 -0500] "POST /forms/lservlet;jsessionid=ac16012b30d665b9d6b5cea24731bd918aefbc6c9e46.e3iSbxaKaheRe34Qc38TbN0Nb41ynknvrkLOlQzNp65In0 HTTP/1.1" 200 2
201.245.192.253 - - [16/Dec/2023:05:09:58 -0500] "POST /forms/lservlet;jsessionid=ac16012b30d68f87e6b31bdd4159a82faa45787d3329.e3iSbxaKaheRe34Qc38TbN0Nb41ynknvrkLOlQzNp65In0 HTTP/1.1" 200 2
201.245.192.253 - - [16/Dec/2023:05:10:36 -0500] "POST /forms/lservlet;jsessionid=ac16012b30d665b9d6b5cea24731bd918aefbc6c9e46.e3iSbxaKaheRe34Qc38TbN0Nb41ynknvrkLOlQzNp65In0 HTTP/1.1" 200 2
201.245.192.253 - - [16/Dec/2023:05:11:06 -0500] "POST /kwsrmcab/Wsrmcab  HTTP/1.1" 200 37894
201.245.192.253 - - [16/Dec/2023:05:11:58 -0500] "POST /forms/lservlet;jsessionid=ac16012b30d68f87e6b31bdd4159a82faa45787d3329.e3iSbxaKaheRe34Qc38TbN0Nb41ynknvrkLOlQzNp65In0 HTTP/1.1" 200 2
201.245.192.253 - - [16/Dec/2023:05:12:36 -0500] "POST /forms/lservlet;jsessionid=ac16012b30d665b9d6b5cea24731bd918aefbc6c9e46.e3iSbxaKaheRe34Qc38TbN0Nb41ynknvrkLOlQzNp65In0 HTTP/1.1" 200 2
216.245.221.92 - - [16/Dec/2023:05:12:50 -0500] "HEAD / HTTP/1.1" 200 -
172.22.2.4 - - [16/Dec/2023:05:11:31 -0500] "HEAD /BLA/boletinlegal/ HTTP/1.1" 200 -
66.249.66.20 - - [16/Dec/2023:05:13:19 -0500] "GET /Publicaciones/2023EE284732.pdf HTTP/1.1" 200 374747
201.245.192.253 - - [16/Dec/2023:05:13:58 -0500] "POST /forms/lservlet;jsessionid=ac16012b30d68f87e6b31bdd4159a82faa45787d3329.e3iSbxaKaheRe34Qc38TbN0Nb41ynknvrkLOlQzNp65In0 HTTP/1.1" 200 2
172.22.2.4 - - [16/Dec/2023:05:12:21 -0500] "GET /BLA/boletinlegal/ HTTP/1.1" 200 60634
66.249.66.20 - - [16/Dec/2023:05:14:14 -0500] "GET /Publicaciones/2023EE285176.pdf HTTP/1.1" 200 232749
66.249.66.19 - - [16/Dec/2023:05:14:27 -0500] "GET /BLA/resoluciones/AUTOS%202008/1957.pdf HTTP/1.1" 200 87238
201.245.192.253 - - [16/Dec/2023:05:14:36 -0500] "POST /forms/lservlet;jsessionid=ac16012b30d665b9d6b5cea24731bd918aefbc6c9e46.e3iSbxaKaheRe34Qc38TbN0Nb41ynknvrkLOlQzNp65In0 HTTP/1.1" 200 2
66.249.66.192 - - [16/Dec/2023:05:15:14 -0500] "GET /cuales-son-los-tramites-ambientales-mas-solicitados-de-bogota.html HTTP/1.1" 200 840
201.245.192.253 - - [16/Dec/2023:05:15:55 -0500] "POST /kwsrmcab/Wsrmcab HTTP/1.1" 200 38188
201.245.192.253 - - [16/Dec/2023:05:15:58 -0500] "POST /forms/lservlet;jsessionid=ac16012b30d68f87e6b31bdd4159a82faa45787d3329.e3iSbxaKaheRe34Qc38TbN0Nb41ynknvrkLOlQzNp65In0 HTTP/1.1" 200 2
201.245.192.253 - - [16/Dec/2023:05:15:58 -0500] "POST /kwsrmcab/Wsrmcab HTTP/1.1" 200 38946
201.245.192.253 - - [16/Dec/2023:05:16:05 -0500] "POST /kwsrmcab/Wsrmcab  HTTP/1.1" 200 37894
201.245.192.253 - - [16/Dec/2023:05:16:37 -0500] "POST /forms/lservlet;jsessionid=ac16012b30d665b9d6b5cea24731bd918aefbc6c9e46.e3iSbxaKaheRe34Qc38TbN0Nb41ynknvrkLOlQzNp65In0 HTTP/1.1" 200 2
216.245.221.92 - - [16/Dec/2023:05:17:50 -0500] "HEAD / HTTP/1.1" 200 -
201.245.192.253 - - [16/Dec/2023:05:17:58 -0500] "POST /forms/lservlet;jsessionid=ac16012b30d68f87e6b31bdd4159a82faa45787d3329.e3iSbxaKaheRe34Qc38TbN0Nb41ynknvrkLOlQzNp65In0 HTTP/1.1" 200 2
103.203.57.7 - - [16/Dec/2023:05:18:14 -0500] "GET / HTTP/1.1" 200 319
66.249.66.11 - - [16/Dec/2023:05:18:19 -0500] "GET /Publicaciones/2023EE286495.pdf HTTP/1.1" 200 232240
201.245.192.253 - - [16/Dec/2023:05:18:37 -0500] "POST /forms/lservlet;jsessionid=ac16012b30d665b9d6b5cea24731bd918aefbc6c9e46.e3iSbxaKaheRe34Qc38TbN0Nb41ynknvrkLOlQzNp65In0 HTTP/1.1" 200 2
172.22.2.4 - - [16/Dec/2023:05:17:54 -0500] "GET /BLA/boletinlegal/ HTTP/1.1" 200 24523
66.249.66.12 - - [16/Dec/2023:05:18:40 -0500] "GET /BLA/resoluciones/AUTOS%202009/0021.pdf HTTP/1.1" 200 186346
66.249.66.11 - - [16/Dec/2023:05:18:43 -0500] "GET /BLA/resoluciones/RESOLUCIONES%202009/3867.pdf HTTP/1.1" 200 1233173
172.22.2.4 - - [16/Dec/2023:05:17:20 -0500] "HEAD /BLA/boletinlegal/ HTTP/1.1" 200 -
66.249.66.12 - - [16/Dec/2023:05:19:13 -0500] "GET /BLA/resoluciones/AUTOS%202017/4917.pdf HTTP/1.1" 200 296597
66.249.66.12 - - [16/Dec/2023:05:19:29 -0500] "GET /BLA/resoluciones/RESOLUCIONES%202010/4778.pdf HTTP/1.1" 200 444951
52.167.144.18 - - [16/Dec/2023:05:19:43 -0500] "GET /participa-del-panel-progreso-hacia-un-aire-limpio.html HTTP/1.1" 200 906
201.245.192.253 - - [16/Dec/2023:05:19:46 -0500] "POST /kwsrmcab/Wsrmcab HTTP/1.1" 200 38188
172.22.2.4 - - [16/Dec/2023:05:18:11 -0500] "GET /BLA/boletinlegal/ HTTP/1.1" 200 53737
40.77.167.50 - - [16/Dec/2023:05:19:54 -0500] "GET /BLA/resoluciones/RESOLUCIONES%202021/1204.pdf HTTP/1.1" 200 438325
201.245.192.253 - - [16/Dec/2023:05:19:52 -0500] "POST /kwsrmcab/Wsrmcab HTTP/1.1" 200 38946
201.245.192.253 - - [16/Dec/2023:05:19:58 -0500] "POST /forms/lservlet;jsessionid=ac16012b30d68f87e6b31bdd4159a82faa45787d3329.e3iSbxaKaheRe34Qc38TbN0Nb41ynknvrkLOlQzNp65In0 HTTP/1.1" 200 2
201.245.192.253 - - [16/Dec/2023:05:20:37 -0500] "POST /forms/lservlet;jsessionid=ac16012b30d665b9d6b5cea24731bd918aefbc6c9e46.e3iSbxaKaheRe34Qc38TbN0Nb41ynknvrkLOlQzNp65In0 HTTP/1.1" 200 2
157.55.39.204 - - [16/Dec/2023:05:20:59 -0500] "GET /BLA/resoluciones/RESOLUCIONES%202021/4415.pdf HTTP/1.1" 200 330773
201.245.192.253 - - [16/Dec/2023:05:21:05 -0500] "POST /kwsrmcab/Wsrmcab  HTTP/1.1" 200 37894
66.249.66.12 - - [16/Dec/2023:05:21:52 -0500] "GET /BLA/resoluciones/Autos%202008/1005.pdf HTTP/1.1" 200 77248
201.245.192.253 - - [16/Dec/2023:05:21:58 -0500] "POST /forms/lservlet;jsessionid=ac16012b30d68f87e6b31bdd4159a82faa45787d3329.e3iSbxaKaheRe34Qc38TbN0Nb41ynknvrkLOlQzNp65In0 HTTP/1.1" 200 2
201.245.192.253 - - [16/Dec/2023:05:22:37 -0500] "POST /forms/lservlet;jsessionid=ac16012b30d665b9d6b5cea24731bd918aefbc6c9e46.e3iSbxaKaheRe34Qc38TbN0Nb41ynknvrkLOlQzNp65In0 HTTP/1.1" 200 2
216.245.221.92 - - [16/Dec/2023:05:22:50 -0500] "HEAD / HTTP/1.1" 200 -
66.249.66.12 - - [16/Dec/2023:05:23:46 -0500] "GET /BLA/resoluciones/RESOLUCIONES%202009/3168.pdf HTTP/1.1" 200 475029
172.22.2.4 - - [16/Dec/2023:05:23:54 -0500] "GET /BLA/boletinlegal/favicon.ico HTTP/1.1" 404 1018
201.245.192.253 - - [16/Dec/2023:05:23:58 -0500] "POST /forms/lservlet;jsessionid=ac16012b30d68f87e6b31bdd4159a82faa45787d3329.e3iSbxaKaheRe34Qc38TbN0Nb41ynknvrkLOlQzNp65In0 HTTP/1.1" 200 2
66.249.66.11 - - [16/Dec/2023:05:24:33 -0500] "GET /Publicaciones/2023EE285483.pdf HTTP/1.1" 200 439046
201.245.192.253 - - [16/Dec/2023:05:24:37 -0500] "POST /forms/lservlet;jsessionid=ac16012b30d665b9d6b5cea24731bd918aefbc6c9e46.e3iSbxaKaheRe34Qc38TbN0Nb41ynknvrkLOlQzNp65In0 HTTP/1.1" 200 2
172.22.2.4 - - [16/Dec/2023:05:23:10 -0500] "HEAD /BLA/boletinlegal/ HTTP/1.1" 200 -
157.55.39.205 - - [16/Dec/2023:05:24:59 -0500] "GET /BLA/resoluciones/RESOLUCIONES%202021/1256.pdf HTTP/1.1" 200 449818
172.22.2.4 - - [16/Dec/2023:05:24:01 -0500] "GET /BLA/boletinlegal/ HTTP/1.1" 200 57497
172.22.2.4 - - [16/Dec/2023:05:25:10 -0500] "GET /BLA/boletinlegal/ HTTP/1.1" 200 24523
201.245.192.253 - - [16/Dec/2023:05:25:55 -0500] "POST /kwsrmcab/Wsrmcab HTTP/1.1" 200 38188
201.245.192.253 - - [16/Dec/2023:05:25:58 -0500] "POST /forms/lservlet;jsessionid=ac16012b30d68f87e6b31bdd4159a82faa45787d3329.e3iSbxaKaheRe34Qc38TbN0Nb41ynknvrkLOlQzNp65In0 HTTP/1.1" 200 2
201.245.192.253 - - [16/Dec/2023:05:25:58 -0500] "POST /kwsrmcab/Wsrmcab HTTP/1.1" 200 38946
201.245.192.253 - - [16/Dec/2023:05:26:04 -0500] "POST /kwsrmcab/Wsrmcab  HTTP/1.1" 200 37894
52.167.144.16 - - [16/Dec/2023:05:26:29 -0500] "GET /BLA/resoluciones/RESOLUCIONES%202021/1452.pdf HTTP/1.1" 200 839395
201.245.192.253 - - [16/Dec/2023:05:26:37 -0500] "POST /forms/lservlet;jsessionid=ac16012b30d665b9d6b5cea24731bd918aefbc6c9e46.e3iSbxaKaheRe34Qc38TbN0Nb41ynknvrkLOlQzNp65In0 HTTP/1.1" 200 2
205.185.121.67 - - [16/Dec/2023:05:27:19 -0500] "CONNECT baidu.com:443 HTTP/1.1" 405 937
172.22.2.4 - - [16/Dec/2023:05:27:41 -0500] "GET /BLA/boletinlegal/geoserver/web/ HTTP/1.1" 404 1018
216.245.221.92 - - [16/Dec/2023:05:27:50 -0500] "HEAD / HTTP/1.1" 200 -
201.245.192.253 - - [16/Dec/2023:05:27:58 -0500] "POST /forms/lservlet;jsessionid=ac16012b30d68f87e6b31bdd4159a82faa45787d3329.e3iSbxaKaheRe34Qc38TbN0Nb41ynknvrkLOlQzNp65In0 HTTP/1.1" 200 2
172.22.2.4 - - [16/Dec/2023:05:28:08 -0500] "GET /BLA/boletinlegal/.git/config HTTP/1.1" 404 1018
45.33.87.154 - - [16/Dec/2023:05:28:35 -0500] "GET / HTTP/1.1" 200 319
201.245.192.253 - - [16/Dec/2023:05:28:37 -0500] "POST /forms/lservlet;jsessionid=ac16012b30d665b9d6b5cea24731bd918aefbc6c9e46.e3iSbxaKaheRe34Qc38TbN0Nb41ynknvrkLOlQzNp65In0 HTTP/1.1" 200 2
192.155.90.118 - - [16/Dec/2023:05:28:39 -0500] "GET / HTTP/1.1" 200 319
201.245.192.253 - - [16/Dec/2023:05:29:46 -0500] "POST /kwsrmcab/Wsrmcab HTTP/1.1" 200 38188
201.245.192.253 - - [16/Dec/2023:05:29:51 -0500] "POST /kwsrmcab/Wsrmcab HTTP/1.1" 200 38946
201.245.192.253 - - [16/Dec/2023:05:29:58 -0500] "POST /forms/lservlet;jsessionid=ac16012b30d68f87e6b31bdd4159a82faa45787d3329.e3iSbxaKaheRe34Qc38TbN0Nb41ynknvrkLOlQzNp65In0 HTTP/1.1" 200 2
199.16.157.180 - - [16/Dec/2023:05:30:15 -0500] "GET /images/cr%C3%B3nica-29-nov-1_optimized.jpeg HTTP/1.1" 404 1034
201.245.192.253 - - [16/Dec/2023:05:30:37 -0500] "POST /forms/lservlet;jsessionid=ac16012b30d665b9d6b5cea24731bd918aefbc6c9e46.e3iSbxaKaheRe34Qc38TbN0Nb41ynknvrkLOlQzNp65In0 HTTP/1.1" 200 2
172.22.2.4 - - [16/Dec/2023:05:29:00 -0500] "HEAD /BLA/boletinlegal/ HTTP/1.1" 200 -
201.245.192.253 - - [16/Dec/2023:05:31:02 -0500] "POST /kwsrmcab/Wsrmcab  HTTP/1.1" 200 37894
172.22.2.4 - - [16/Dec/2023:05:29:51 -0500] "GET /BLA/boletinlegal/ HTTP/1.1" 200 60634
201.245.192.253 - - [16/Dec/2023:05:31:58 -0500] "POST /forms/lservlet;jsessionid=ac16012b30d68f87e6b31bdd4159a82faa45787d3329.e3iSbxaKaheRe34Qc38TbN0Nb41ynknvrkLOlQzNp65In0 HTTP/1.1" 200 2
201.245.192.253 - - [16/Dec/2023:05:32:37 -0500] "POST /forms/lservlet;jsessionid=ac16012b30d665b9d6b5cea24731bd918aefbc6c9e46.e3iSbxaKaheRe34Qc38TbN0Nb41ynknvrkLOlQzNp65In0 HTTP/1.1" 200 2
216.245.221.92 - - [16/Dec/2023:05:32:50 -0500] "HEAD / HTTP/1.1" 200 -
201.245.192.253 - - [16/Dec/2023:05:33:58 -0500] "POST /forms/lservlet;jsessionid=ac16012b30d68f87e6b31bdd4159a82faa45787d3329.e3iSbxaKaheRe34Qc38TbN0Nb41ynknvrkLOlQzNp65In0 HTTP/1.1" 200 2
201.245.192.253 - - [16/Dec/2023:05:34:37 -0500] "POST /forms/lservlet;jsessionid=ac16012b30d665b9d6b5cea24731bd918aefbc6c9e46.e3iSbxaKaheRe34Qc38TbN0Nb41ynknvrkLOlQzNp65In0 HTTP/1.1" 200 2
201.245.192.253 - - [16/Dec/2023:05:35:55 -0500] "POST /kwsrmcab/Wsrmcab HTTP/1.1" 200 38188
201.245.192.253 - - [16/Dec/2023:05:35:58 -0500] "POST /forms/lservlet;jsessionid=ac16012b30d68f87e6b31bdd4159a82faa45787d3329.e3iSbxaKaheRe34Qc38TbN0Nb41ynknvrkLOlQzNp65In0 HTTP/1.1" 200 2
201.245.192.253 - - [16/Dec/2023:05:35:58 -0500] "POST /kwsrmcab/Wsrmcab HTTP/1.1" 200 38946
201.245.192.253 - - [16/Dec/2023:05:36:01 -0500] "POST /kwsrmcab/Wsrmcab  HTTP/1.1" 200 37894
172.22.2.4 - - [16/Dec/2023:05:34:50 -0500] "HEAD /BLA/boletinlegal/ HTTP/1.1" 200 -
201.245.192.253 - - [16/Dec/2023:05:36:37 -0500] "POST /forms/lservlet;jsessionid=ac16012b30d665b9d6b5cea24731bd918aefbc6c9e46.e3iSbxaKaheRe34Qc38TbN0Nb41ynknvrkLOlQzNp65In0 HTTP/1.1" 200 2
66.249.66.21 - - [16/Dec/2023:05:36:37 -0500] "GET /BLA/resoluciones/RESOLUCIONES%202010/1690.pdf HTTP/1.1" 200 365308
172.22.2.4 - - [16/Dec/2023:05:35:41 -0500] "GET /BLA/boletinlegal/ HTTP/1.1" 200 58644
66.249.66.19 - - [16/Dec/2023:05:37:29 -0500] "GET /BLA/resoluciones/RESOLUCIONES%202007/RES%202007%20801%20AL%20900/RESOLUCION%200811%20DE%202007.pdf HTTP/1.1" 200 280492
66.249.66.19 - - [16/Dec/2023:05:37:32 -0500] "GET /Publicaciones/2023EE292836.pdf HTTP/1.1" 200 231607
216.245.221.92 - - [16/Dec/2023:05:37:50 -0500] "HEAD / HTTP/1.1" 200 -
66.249.66.20 - - [16/Dec/2023:05:37:57 -0500] "GET /BLA/resoluciones/RESOLUCIONES%202009/8105.pdf HTTP/1.1" 200 487103
201.245.192.253 - - [16/Dec/2023:05:37:58 -0500] "POST /forms/lservlet;jsessionid=ac16012b30d68f87e6b31bdd4159a82faa45787d3329.e3iSbxaKaheRe34Qc38TbN0Nb41ynknvrkLOlQzNp65In0 HTTP/1.1" 200 2
66.249.66.19 - - [16/Dec/2023:05:38:17 -0500] "GET /BLA/resoluciones/RESOLUCIONES%202015/1042.pdf HTTP/1.1" 200 486040
201.245.192.253 - - [16/Dec/2023:05:38:37 -0500] "POST /forms/lservlet;jsessionid=ac16012b30d665b9d6b5cea24731bd918aefbc6c9e46.e3iSbxaKaheRe34Qc38TbN0Nb41ynknvrkLOlQzNp65In0 HTTP/1.1" 200 2
201.245.192.253 - - [16/Dec/2023:05:39:46 -0500] "POST /kwsrmcab/Wsrmcab HTTP/1.1" 200 38188
201.245.192.253 - - [16/Dec/2023:05:39:51 -0500] "POST /kwsrmcab/Wsrmcab HTTP/1.1" 200 38946
178.47.103.146 - - [16/Dec/2023:05:39:53 -0500] "\x16\x03\x01\x02" 400 226
178.47.103.146 - - [16/Dec/2023:05:39:54 -0500] "GET /evox/about HTTP/1.1" 404 1018
201.245.192.253 - - [16/Dec/2023:05:39:58 -0500] "POST /forms/lservlet;jsessionid=ac16012b30d68f87e6b31bdd4159a82faa45787d3329.e3iSbxaKaheRe34Qc38TbN0Nb41ynknvrkLOlQzNp65In0 HTTP/1.1" 200 2
178.47.103.146 - - [16/Dec/2023:05:40:15 -0500] "POST /sdk HTTP/1.1" 404 1018
201.245.192.253 - - [16/Dec/2023:05:40:37 -0500] "POST /forms/lservlet;jsessionid=ac16012b30d665b9d6b5cea24731bd918aefbc6c9e46.e3iSbxaKaheRe34Qc38TbN0Nb41ynknvrkLOlQzNp65In0 HTTP/1.1" 200 2
201.245.192.253 - - [16/Dec/2023:05:41:00 -0500] "POST /kwsrmcab/Wsrmcab  HTTP/1.1" 200 37894
201.245.192.253 - - [16/Dec/2023:05:41:58 -0500] "POST /forms/lservlet;jsessionid=ac16012b30d68f87e6b31bdd4159a82faa45787d3329.e3iSbxaKaheRe34Qc38TbN0Nb41ynknvrkLOlQzNp65In0 HTTP/1.1" 200 2
172.22.2.4 - - [16/Dec/2023:05:40:40 -0500] "HEAD /BLA/boletinlegal/ HTTP/1.1" 200 -
201.245.192.253 - - [16/Dec/2023:05:42:37 -0500] "POST /forms/lservlet;jsessionid=ac16012b30d665b9d6b5cea24731bd918aefbc6c9e46.e3iSbxaKaheRe34Qc38TbN0Nb41ynknvrkLOlQzNp65In0 HTTP/1.1" 200 2
172.22.2.4 - - [16/Dec/2023:05:42:41 -0500] "GET /BLA/boletinlegal/jurisprudencia/analisis/AnalisisT-095-16.docx HTTP/1.1" 304 -
216.245.221.92 - - [16/Dec/2023:05:42:50 -0500] "HEAD / HTTP/1.1" 200 -
172.22.2.4 - - [16/Dec/2023:05:41:31 -0500] "GET /BLA/boletinlegal/ HTTP/1.1" 200 61018
201.245.192.253 - - [16/Dec/2023:05:43:58 -0500] "POST /forms/lservlet;jsessionid=ac16012b30d68f87e6b31bdd4159a82faa45787d3329.e3iSbxaKaheRe34Qc38TbN0Nb41ynknvrkLOlQzNp65In0 HTTP/1.1" 200 2
201.245.192.253 - - [16/Dec/2023:05:44:37 -0500] "POST /forms/lservlet;jsessionid=ac16012b30d665b9d6b5cea24731bd918aefbc6c9e46.e3iSbxaKaheRe34Qc38TbN0Nb41ynknvrkLOlQzNp65In0 HTTP/1.1" 200 2
66.249.66.21 - - [16/Dec/2023:05:45:30 -0500] "GET /BLA/resoluciones/RESOLUCIONES%202014/2258.pdf HTTP/1.1" 200 464929
201.245.192.253 - - [16/Dec/2023:05:45:58 -0500] "POST /forms/lservlet;jsessionid=ac16012b30d68f87e6b31bdd4159a82faa45787d3329.e3iSbxaKaheRe34Qc38TbN0Nb41ynknvrkLOlQzNp65In0 HTTP/1.1" 200 2
201.245.192.253 - - [16/Dec/2023:05:45:58 -0500] "POST /kwsrmcab/Wsrmcab  HTTP/1.1" 200 37894
201.245.192.253 - - [16/Dec/2023:05:46:37 -0500] "POST /forms/lservlet;jsessionid=ac16012b30d665b9d6b5cea24731bd918aefbc6c9e46.e3iSbxaKaheRe34Qc38TbN0Nb41ynknvrkLOlQzNp65In0 HTTP/1.1" 200 2
216.245.221.92 - - [16/Dec/2023:05:47:50 -0500] "HEAD / HTTP/1.1" 200 -
201.245.192.253 - - [16/Dec/2023:05:47:58 -0500] "POST /forms/lservlet;jsessionid=ac16012b30d68f87e6b31bdd4159a82faa45787d3329.e3iSbxaKaheRe34Qc38TbN0Nb41ynknvrkLOlQzNp65In0 HTTP/1.1" 200 2
172.22.2.4 - - [16/Dec/2023:05:46:30 -0500] "HEAD /BLA/boletinlegal/ HTTP/1.1" 200 -
178.47.103.146 - - [16/Dec/2023:05:48:16 -0500] "GET / HTTP/1.0" 200 319
201.245.192.253 - - [16/Dec/2023:05:48:37 -0500] "POST /forms/lservlet;jsessionid=ac16012b30d665b9d6b5cea24731bd918aefbc6c9e46.e3iSbxaKaheRe34Qc38TbN0Nb41ynknvrkLOlQzNp65In0 HTTP/1.1" 200 2
172.22.2.4 - - [16/Dec/2023:05:47:21 -0500] "GET /BLA/boletinlegal/ HTTP/1.1" 200 58294
201.245.192.253 - - [16/Dec/2023:05:49:58 -0500] "POST /forms/lservlet;jsessionid=ac16012b30d68f87e6b31bdd4159a82faa45787d3329.e3iSbxaKaheRe34Qc38TbN0Nb41ynknvrkLOlQzNp65In0 HTTP/1.1" 200 2
172.22.2.4 - - [16/Dec/2023:05:50:07 -0500] "GET /BLA/boletinlegal/Circulares/2019/Circular%20No.%200005%20del%2020%20de%20Marzo%20de%202019.pdf HTTP/1.1" 304 -
201.245.192.253 - - [16/Dec/2023:05:50:37 -0500] "POST /forms/lservlet;jsessionid=ac16012b30d665b9d6b5cea24731bd918aefbc6c9e46.e3iSbxaKaheRe34Qc38TbN0Nb41ynknvrkLOlQzNp65In0 HTTP/1.1" 200 2
201.245.192.253 - - [16/Dec/2023:05:50:56 -0500] "POST /kwsrmcab/Wsrmcab  HTTP/1.1" 200 37894
178.47.103.146 - - [16/Dec/2023:05:51:43 -0500] "\x16\x03\x01\x02" 400 226
178.47.103.146 - - [16/Dec/2023:05:51:43 -0500] "GET /HNAP1 HTTP/1.1" 404 1018
201.245.192.253 - - [16/Dec/2023:05:51:58 -0500] "POST /forms/lservlet;jsessionid=ac16012b30d68f87e6b31bdd4159a82faa45787d3329.e3iSbxaKaheRe34Qc38TbN0Nb41ynknvrkLOlQzNp65In0 HTTP/1.1" 200 2
201.245.192.253 - - [16/Dec/2023:05:52:37 -0500] "POST /forms/lservlet;jsessionid=ac16012b30d665b9d6b5cea24731bd918aefbc6c9e46.e3iSbxaKaheRe34Qc38TbN0Nb41ynknvrkLOlQzNp65In0 HTTP/1.1" 200 2
216.245.221.92 - - [16/Dec/2023:05:52:50 -0500] "HEAD / HTTP/1.1" 200 -
178.47.103.146 - - [16/Dec/2023:05:53:26 -0500] "GET / HTTP/1.0" 200 319
178.47.103.146 - - [16/Dec/2023:05:53:27 -0500] "GET / HTTP/1.1" 200 319
201.245.192.253 - - [16/Dec/2023:05:53:58 -0500] "POST /forms/lservlet;jsessionid=ac16012b30d68f87e6b31bdd4159a82faa45787d3329.e3iSbxaKaheRe34Qc38TbN0Nb41ynknvrkLOlQzNp65In0 HTTP/1.1" 200 2
172.22.2.4 - - [16/Dec/2023:05:52:20 -0500] "HEAD /BLA/boletinlegal/ HTTP/1.1" 200 -
201.245.192.253 - - [16/Dec/2023:05:54:37 -0500] "POST /forms/lservlet;jsessionid=ac16012b30d665b9d6b5cea24731bd918aefbc6c9e46.e3iSbxaKaheRe34Qc38TbN0Nb41ynknvrkLOlQzNp65In0 HTTP/1.1" 200 2
172.22.2.4 - - [16/Dec/2023:05:53:11 -0500] "GET /BLA/boletinlegal/ HTTP/1.1" 200 58294
201.245.192.253 - - [16/Dec/2023:05:55:55 -0500] "POST /kwsrmcab/Wsrmcab  HTTP/1.1" 200 37894
201.245.192.253 - - [16/Dec/2023:05:55:58 -0500] "POST /forms/lservlet;jsessionid=ac16012b30d68f87e6b31bdd4159a82faa45787d3329.e3iSbxaKaheRe34Qc38TbN0Nb41ynknvrkLOlQzNp65In0 HTTP/1.1" 200 2
201.245.192.253 - - [16/Dec/2023:05:56:37 -0500] "POST /forms/lservlet;jsessionid=ac16012b30d665b9d6b5cea24731bd918aefbc6c9e46.e3iSbxaKaheRe34Qc38TbN0Nb41ynknvrkLOlQzNp65In0 HTTP/1.1" 200 2
20.197.112.229 - - [16/Dec/2023:05:56:57 -0500] "GET /Publicaciones/2023EE275621.pdf HTTP/1.1" 404 228
157.55.39.48 - - [16/Dec/2023:05:57:28 -0500] "GET /portaldeninos/aula-ambiental-artistica-itinerante-auambari/ HTTP/1.1" 200 89306
216.245.221.92 - - [16/Dec/2023:05:57:50 -0500] "HEAD / HTTP/1.1" 200 -
201.245.192.253 - - [16/Dec/2023:05:57:58 -0500] "POST /forms/lservlet;jsessionid=ac16012b30d68f87e6b31bdd4159a82faa45787d3329.e3iSbxaKaheRe34Qc38TbN0Nb41ynknvrkLOlQzNp65In0 HTTP/1.1" 200 2
201.245.192.253 - - [16/Dec/2023:05:58:37 -0500] "POST /forms/lservlet;jsessionid=ac16012b30d665b9d6b5cea24731bd918aefbc6c9e46.e3iSbxaKaheRe34Qc38TbN0Nb41ynknvrkLOlQzNp65In0 HTTP/1.1" 200 2
172.22.2.4 - - [16/Dec/2023:05:58:10 -0500] "HEAD /BLA/boletinlegal/ HTTP/1.1" 200 -
201.245.192.253 - - [16/Dec/2023:05:59:58 -0500] "POST /forms/lservlet;jsessionid=ac16012b30d68f87e6b31bdd4159a82faa45787d3329.e3iSbxaKaheRe34Qc38TbN0Nb41ynknvrkLOlQzNp65In0 HTTP/1.1" 200 2
201.245.192.253 - - [16/Dec/2023:06:00:37 -0500] "POST /forms/lservlet;jsessionid=ac16012b30d665b9d6b5cea24731bd918aefbc6c9e46.e3iSbxaKaheRe34Qc38TbN0Nb41ynknvrkLOlQzNp65In0 HTTP/1.1" 200 2
172.22.2.4 - - [16/Dec/2023:05:59:01 -0500] "GET /BLA/boletinlegal/ HTTP/1.1" 200 60224
201.245.192.253 - - [16/Dec/2023:06:00:54 -0500] "POST /kwsrmcab/Wsrmcab  HTTP/1.1" 200 37894
66.249.66.14 - - [16/Dec/2023:06:01:29 -0500] "GET /BLA/resoluciones/AUTOS%202014/2771.pdf HTTP/1.1" 200 465836
216.244.66.195 - - [16/Dec/2023:06:01:51 -0500] "GET /robots.txt HTTP/1.1" 404 1018
201.245.192.253 - - [16/Dec/2023:06:01:58 -0500] "POST /forms/lservlet;jsessionid=ac16012b30d68f87e6b31bdd4159a82faa45787d3329.e3iSbxaKaheRe34Qc38TbN0Nb41ynknvrkLOlQzNp65In0 HTTP/1.1" 200 2
66.249.66.13 - - [16/Dec/2023:06:02:34 -0500] "GET /BLA/resoluciones/RESOLUCIONES%202008/3488.pdf HTTP/1.1" 200 382402
201.245.192.253 - - [16/Dec/2023:06:02:37 -0500] "POST /forms/lservlet;jsessionid=ac16012b30d665b9d6b5cea24731bd918aefbc6c9e46.e3iSbxaKaheRe34Qc38TbN0Nb41ynknvrkLOlQzNp65In0 HTTP/1.1" 200 2
216.245.221.92 - - [16/Dec/2023:06:02:50 -0500] "HEAD / HTTP/1.1" 200 -
66.249.66.13 - - [16/Dec/2023:06:03:29 -0500] "GET /BLA/resoluciones/AUTOS%202007/3659.pdf HTTP/1.1" 200 142523
201.245.192.253 - - [16/Dec/2023:06:03:58 -0500] "POST /forms/lservlet;jsessionid=ac16012b30d68f87e6b31bdd4159a82faa45787d3329.e3iSbxaKaheRe34Qc38TbN0Nb41ynknvrkLOlQzNp65In0 HTTP/1.1" 200 2
201.245.192.253 - - [16/Dec/2023:06:04:37 -0500] "POST /forms/lservlet;jsessionid=ac16012b30d665b9d6b5cea24731bd918aefbc6c9e46.e3iSbxaKaheRe34Qc38TbN0Nb41ynknvrkLOlQzNp65In0 HTTP/1.1" 200 2
172.22.2.4 - - [16/Dec/2023:06:04:00 -0500] "HEAD /BLA/boletinlegal/ HTTP/1.1" 200 -
201.245.192.253 - - [16/Dec/2023:06:05:52 -0500] "POST /kwsrmcab/Wsrmcab  HTTP/1.1" 200 37894
201.245.192.253 - - [16/Dec/2023:06:05:59 -0500] "POST /forms/lservlet;jsessionid=ac16012b30d68f87e6b31bdd4159a82faa45787d3329.e3iSbxaKaheRe34Qc38TbN0Nb41ynknvrkLOlQzNp65In0 HTTP/1.1" 200 2
172.22.2.4 - - [16/Dec/2023:06:04:51 -0500] "GET /BLA/boletinlegal/ HTTP/1.1" 200 58644
74.82.47.5 - - [16/Dec/2023:06:06:37 -0500] "\x16\x03\x01" 400 226
