201.245.192.253 - - [16/Dec/2023:19:16:43 -0500] "POST /forms/lservlet;jsessionid=ac16012b30d665b9d6b5cea24731bd918aefbc6c9e46.e3iSbxaKaheRe34Qc38TbN0Nb41ynknvrkLOlQzNp65In0 HTTP/1.1" 200 2
172.22.2.4 - - [16/Dec/2023:19:16:47 -0500] "GET /BLA/boletinlegal/Directivas/2011/Directiva%20No.%206%20del%208%20de%20Septiembre%20de%202011.pdf HTTP/1.1" 304 -
201.245.192.253 - - [16/Dec/2023:19:17:14 -0500] "POST /kwsrmcab/Wsrmcab  HTTP/1.1" 200 37894
190.25.25.88 - - [16/Dec/2023:19:17:26 -0500] "GET /las-tres-caminatas-para-cerrar-el-ano-entre-la-naturaleza.html HTTP/1.1" 200 776
216.245.221.92 - - [16/Dec/2023:19:17:48 -0500] "HEAD / HTTP/1.1" 200 -
201.245.192.253 - - [16/Dec/2023:19:18:06 -0500] "POST /forms/lservlet;jsessionid=ac16012b30d68f87e6b31bdd4159a82faa45787d3329.e3iSbxaKaheRe34Qc38TbN0Nb41ynknvrkLOlQzNp65In0 HTTP/1.1" 200 2
47.128.54.63 - - [16/Dec/2023:19:18:42 -0500] "GET /BLA/resoluciones/index.php?dir=AUTOS+2002%2F HTTP/1.1" 200 1813
47.128.54.63 - - [16/Dec/2023:19:18:42 -0500] "GET /BLA/resoluciones/dlf/dirup.png HTTP/1.1" 200 644
201.245.192.253 - - [16/Dec/2023:19:18:43 -0500] "POST /forms/lservlet;jsessionid=ac16012b30d665b9d6b5cea24731bd918aefbc6c9e46.e3iSbxaKaheRe34Qc38TbN0Nb41ynknvrkLOlQzNp65In0 HTTP/1.1" 200 2
47.128.54.63 - - [16/Dec/2023:19:18:43 -0500] "GET /BLA/resoluciones/dlf/pdf.gif HTTP/1.1" 200 272
172.22.2.4 - - [16/Dec/2023:19:18:51 -0500] "GET /BLA/boletinlegal/Directivas/2009/Directiva%20No.%20del%2023%20de%20Diciembre%20de%202009.pdf HTTP/1.1" 200 1636862
66.249.66.19 - - [16/Dec/2023:19:18:54 -0500] "GET /BLA/resoluciones/RESOLUCIONES%202009/0192.pdf HTTP/1.1" 200 257319
66.249.66.20 - - [16/Dec/2023:19:18:59 -0500] "GET /BLA/resoluciones/RESOLUCIONES%202009/7189.pdf HTTP/1.1" 200 1011402
172.22.2.4 - - [16/Dec/2023:19:17:19 -0500] "HEAD /BLA/boletinlegal/ HTTP/1.1" 200 -
47.128.36.9 - - [16/Dec/2023:19:19:04 -0500] "GET /BLA/resoluciones/index.php HTTP/1.1" 200 13696
47.128.36.9 - - [16/Dec/2023:19:19:05 -0500] "GET /BLA/resoluciones/dlf/folder.png HTTP/1.1" 200 410
201.245.192.253 - - [16/Dec/2023:19:19:44 -0500] "POST /kwsrmcab/Wsrmcab HTTP/1.1" 200 38431
66.249.66.19 - - [16/Dec/2023:19:19:47 -0500] "GET /BLA/resoluciones/RESOLUCIONES%202011/5977.pdf HTTP/1.1" 200 289299
172.22.2.4 - - [16/Dec/2023:19:18:10 -0500] "GET /BLA/boletinlegal/ HTTP/1.1" 200 60634
201.245.192.253 - - [16/Dec/2023:19:19:49 -0500] "POST /kwsrmcab/Wsrmcab HTTP/1.1" 200 39221
66.249.66.19 - - [16/Dec/2023:19:19:52 -0500] "GET /BLA/resoluciones/RESOLUCIONES%202010/6043.pdf HTTP/1.1" 200 677303
66.249.66.19 - - [16/Dec/2023:19:19:57 -0500] "GET /BLA/resoluciones/RESOLUCIONES%202013/1188.pdf HTTP/1.1" 200 427655
201.245.192.253 - - [16/Dec/2023:19:20:06 -0500] "POST /forms/lservlet;jsessionid=ac16012b30d68f87e6b31bdd4159a82faa45787d3329.e3iSbxaKaheRe34Qc38TbN0Nb41ynknvrkLOlQzNp65In0 HTTP/1.1" 200 2
201.245.192.253 - - [16/Dec/2023:19:20:43 -0500] "POST /forms/lservlet;jsessionid=ac16012b30d665b9d6b5cea24731bd918aefbc6c9e46.e3iSbxaKaheRe34Qc38TbN0Nb41ynknvrkLOlQzNp65In0 HTTP/1.1" 200 2
201.245.192.253 - - [16/Dec/2023:19:22:06 -0500] "POST /forms/lservlet;jsessionid=ac16012b30d68f87e6b31bdd4159a82faa45787d3329.e3iSbxaKaheRe34Qc38TbN0Nb41ynknvrkLOlQzNp65In0 HTTP/1.1" 200 2
201.245.192.253 - - [16/Dec/2023:19:22:13 -0500] "POST /kwsrmcab/Wsrmcab  HTTP/1.1" 200 37894
201.245.192.253 - - [16/Dec/2023:19:22:43 -0500] "POST /forms/lservlet;jsessionid=ac16012b30d665b9d6b5cea24731bd918aefbc6c9e46.e3iSbxaKaheRe34Qc38TbN0Nb41ynknvrkLOlQzNp65In0 HTTP/1.1" 200 2
216.245.221.92 - - [16/Dec/2023:19:22:48 -0500] "HEAD / HTTP/1.1" 200 -
66.249.66.19 - - [16/Dec/2023:19:23:21 -0500] "GET /resoluciones/RESOLUCIONES%202008/3500.pdf HTTP/1.1" 404 1018
201.245.192.253 - - [16/Dec/2023:19:24:06 -0500] "POST /forms/lservlet;jsessionid=ac16012b30d68f87e6b31bdd4159a82faa45787d3329.e3iSbxaKaheRe34Qc38TbN0Nb41ynknvrkLOlQzNp65In0 HTTP/1.1" 200 2
201.245.192.253 - - [16/Dec/2023:19:24:43 -0500] "POST /forms/lservlet;jsessionid=ac16012b30d665b9d6b5cea24731bd918aefbc6c9e46.e3iSbxaKaheRe34Qc38TbN0Nb41ynknvrkLOlQzNp65In0 HTTP/1.1" 200 2
172.22.2.4 - - [16/Dec/2023:19:23:09 -0500] "HEAD /BLA/boletinlegal/ HTTP/1.1" 200 -
172.22.2.4 - - [16/Dec/2023:19:25:00 -0500] "GET /BLA/boletinlegal/Circulares/2011/Circular%20No.%203%20del%2023%20de%20Junio%20de%202011.pdf HTTP/1.1" 200 1452758
172.22.2.4 - - [16/Dec/2023:19:24:00 -0500] "GET /BLA/boletinlegal/ HTTP/1.1" 200 60634
201.245.192.253 - - [16/Dec/2023:19:25:52 -0500] "POST /kwsrmcab/Wsrmcab HTTP/1.1" 200 38431
201.245.192.253 - - [16/Dec/2023:19:25:55 -0500] "POST /kwsrmcab/Wsrmcab HTTP/1.1" 200 39221
69.63.184.119 - - [16/Dec/2023:19:26:02 -0500] "GET /images/paneles-solares-22septiembre.jpeg HTTP/1.1" 200 66691
201.245.192.253 - - [16/Dec/2023:19:26:06 -0500] "POST /forms/lservlet;jsessionid=ac16012b30d68f87e6b31bdd4159a82faa45787d3329.e3iSbxaKaheRe34Qc38TbN0Nb41ynknvrkLOlQzNp65In0 HTTP/1.1" 200 2
201.245.192.253 - - [16/Dec/2023:19:26:43 -0500] "POST /forms/lservlet;jsessionid=ac16012b30d665b9d6b5cea24731bd918aefbc6c9e46.e3iSbxaKaheRe34Qc38TbN0Nb41ynknvrkLOlQzNp65In0 HTTP/1.1" 200 2
201.245.192.253 - - [16/Dec/2023:19:27:12 -0500] "POST /kwsrmcab/Wsrmcab  HTTP/1.1" 200 37894
216.245.221.92 - - [16/Dec/2023:19:27:48 -0500] "HEAD / HTTP/1.1" 200 -
201.245.192.253 - - [16/Dec/2023:19:28:06 -0500] "POST /forms/lservlet;jsessionid=ac16012b30d68f87e6b31bdd4159a82faa45787d3329.e3iSbxaKaheRe34Qc38TbN0Nb41ynknvrkLOlQzNp65In0 HTTP/1.1" 200 2
201.245.192.253 - - [16/Dec/2023:19:28:43 -0500] "POST /forms/lservlet;jsessionid=ac16012b30d665b9d6b5cea24731bd918aefbc6c9e46.e3iSbxaKaheRe34Qc38TbN0Nb41ynknvrkLOlQzNp65In0 HTTP/1.1" 200 2
51.222.253.9 - - [16/Dec/2023:19:28:47 -0500] "GET /robots.txt HTTP/1.1" 404 1035
51.222.253.13 - - [16/Dec/2023:19:29:15 -0500] "GET /portaldeninos/relatos-urbanos-de-los-ecosistemas-bogotanos-2/ HTTP/1.1" 200 88374
66.249.66.19 - - [16/Dec/2023:19:29:31 -0500] "GET /BLA/resoluciones/RESOLUCIONES%202009/6537.pdf HTTP/1.1" 200 436417
201.245.192.253 - - [16/Dec/2023:19:29:44 -0500] "POST /kwsrmcab/Wsrmcab HTTP/1.1" 200 38431
201.245.192.253 - - [16/Dec/2023:19:29:49 -0500] "POST /kwsrmcab/Wsrmcab HTTP/1.1" 200 39221
201.245.192.253 - - [16/Dec/2023:19:30:06 -0500] "POST /forms/lservlet;jsessionid=ac16012b30d68f87e6b31bdd4159a82faa45787d3329.e3iSbxaKaheRe34Qc38TbN0Nb41ynknvrkLOlQzNp65In0 HTTP/1.1" 200 2
172.22.2.4 - - [16/Dec/2023:19:28:59 -0500] "HEAD /BLA/boletinlegal/ HTTP/1.1" 200 -
201.245.192.253 - - [16/Dec/2023:19:30:43 -0500] "POST /forms/lservlet;jsessionid=ac16012b30d665b9d6b5cea24731bd918aefbc6c9e46.e3iSbxaKaheRe34Qc38TbN0Nb41ynknvrkLOlQzNp65In0 HTTP/1.1" 200 2
172.22.2.4 - - [16/Dec/2023:19:29:51 -0500] "GET /BLA/boletinlegal/ HTTP/1.1" 200 55803
201.245.192.253 - - [16/Dec/2023:19:32:06 -0500] "POST /forms/lservlet;jsessionid=ac16012b30d68f87e6b31bdd4159a82faa45787d3329.e3iSbxaKaheRe34Qc38TbN0Nb41ynknvrkLOlQzNp65In0 HTTP/1.1" 200 2
201.245.192.253 - - [16/Dec/2023:19:32:11 -0500] "POST /kwsrmcab/Wsrmcab  HTTP/1.1" 200 37894
216.244.66.195 - - [16/Dec/2023:19:32:39 -0500] "GET /BLA/resoluciones/index.php?dir=RESOLUCIONES+2012%2F HTTP/1.1" 200 140066
201.245.192.253 - - [16/Dec/2023:19:32:43 -0500] "POST /forms/lservlet;jsessionid=ac16012b30d665b9d6b5cea24731bd918aefbc6c9e46.e3iSbxaKaheRe34Qc38TbN0Nb41ynknvrkLOlQzNp65In0 HTTP/1.1" 200 2
216.245.221.92 - - [16/Dec/2023:19:32:48 -0500] "HEAD / HTTP/1.1" 200 -
201.245.192.253 - - [16/Dec/2023:19:34:06 -0500] "POST /forms/lservlet;jsessionid=ac16012b30d68f87e6b31bdd4159a82faa45787d3329.e3iSbxaKaheRe34Qc38TbN0Nb41ynknvrkLOlQzNp65In0 HTTP/1.1" 200 2
201.245.192.253 - - [16/Dec/2023:19:34:43 -0500] "POST /forms/lservlet;jsessionid=ac16012b30d665b9d6b5cea24731bd918aefbc6c9e46.e3iSbxaKaheRe34Qc38TbN0Nb41ynknvrkLOlQzNp65In0 HTTP/1.1" 200 2
216.244.66.195 - - [16/Dec/2023:19:34:58 -0500] "GET /BLA/resoluciones/AUTOS%202016/0334.pdf HTTP/1.1" 200 348416
216.244.66.195 - - [16/Dec/2023:19:35:39 -0500] "GET /BLA/resoluciones/AUTOS%202016/0854.pdf HTTP/1.1" 200 457766
201.245.192.253 - - [16/Dec/2023:19:35:52 -0500] "POST /kwsrmcab/Wsrmcab HTTP/1.1" 200 38431
201.245.192.253 - - [16/Dec/2023:19:35:55 -0500] "POST /kwsrmcab/Wsrmcab HTTP/1.1" 200 39221
201.245.192.253 - - [16/Dec/2023:19:36:06 -0500] "POST /forms/lservlet;jsessionid=ac16012b30d68f87e6b31bdd4159a82faa45787d3329.e3iSbxaKaheRe34Qc38TbN0Nb41ynknvrkLOlQzNp65In0 HTTP/1.1" 200 2
216.244.66.195 - - [16/Dec/2023:19:36:26 -0500] "GET /BLA/resoluciones/AUTOS%202016/1924.pdf HTTP/1.1" 200 617150
172.22.2.4 - - [16/Dec/2023:19:34:49 -0500] "HEAD /BLA/boletinlegal/ HTTP/1.1" 200 -
201.245.192.253 - - [16/Dec/2023:19:36:43 -0500] "POST /forms/lservlet;jsessionid=ac16012b30d665b9d6b5cea24731bd918aefbc6c9e46.e3iSbxaKaheRe34Qc38TbN0Nb41ynknvrkLOlQzNp65In0 HTTP/1.1" 200 2
201.245.192.253 - - [16/Dec/2023:19:37:09 -0500] "POST /kwsrmcab/Wsrmcab  HTTP/1.1" 200 37894
216.244.66.195 - - [16/Dec/2023:19:37:16 -0500] "GET /BLA/resoluciones/AUTOS%202016/1969.pdf HTTP/1.1" 200 1031273
172.22.2.4 - - [16/Dec/2023:19:35:40 -0500] "GET /BLA/boletinlegal/ HTTP/1.1" 200 60634
216.245.221.92 - - [16/Dec/2023:19:37:48 -0500] "HEAD / HTTP/1.1" 200 -
216.244.66.195 - - [16/Dec/2023:19:38:06 -0500] "GET /BLA/resoluciones/AUTOS%202016/2235.pdf HTTP/1.1" 200 428314
201.245.192.253 - - [16/Dec/2023:19:38:06 -0500] "POST /forms/lservlet;jsessionid=ac16012b30d68f87e6b31bdd4159a82faa45787d3329.e3iSbxaKaheRe34Qc38TbN0Nb41ynknvrkLOlQzNp65In0 HTTP/1.1" 200 2
201.245.192.253 - - [16/Dec/2023:19:38:43 -0500] "POST /forms/lservlet;jsessionid=ac16012b30d665b9d6b5cea24731bd918aefbc6c9e46.e3iSbxaKaheRe34Qc38TbN0Nb41ynknvrkLOlQzNp65In0 HTTP/1.1" 200 2
216.244.66.195 - - [16/Dec/2023:19:38:56 -0500] "GET /BLA/resoluciones/AUTOS%202016/2420.pdf HTTP/1.1" 200 471315
216.244.66.195 - - [16/Dec/2023:19:39:43 -0500] "GET /BLA/resoluciones/AUTOS%202016/2462.pdf HTTP/1.1" 200 375178
201.245.192.253 - - [16/Dec/2023:19:39:44 -0500] "POST /kwsrmcab/Wsrmcab HTTP/1.1" 200 38431
201.245.192.253 - - [16/Dec/2023:19:39:49 -0500] "POST /kwsrmcab/Wsrmcab HTTP/1.1" 200 39221
201.245.192.253 - - [16/Dec/2023:19:40:06 -0500] "POST /forms/lservlet;jsessionid=ac16012b30d68f87e6b31bdd4159a82faa45787d3329.e3iSbxaKaheRe34Qc38TbN0Nb41ynknvrkLOlQzNp65In0 HTTP/1.1" 200 2
216.244.66.195 - - [16/Dec/2023:19:40:30 -0500] "GET /BLA/resoluciones/AUTOS%202016/2572.pdf HTTP/1.1" 200 514663
201.245.192.253 - - [16/Dec/2023:19:40:43 -0500] "POST /forms/lservlet;jsessionid=ac16012b30d665b9d6b5cea24731bd918aefbc6c9e46.e3iSbxaKaheRe34Qc38TbN0Nb41ynknvrkLOlQzNp65In0 HTTP/1.1" 200 2
173.252.107.6 - - [16/Dec/2023:19:41:03 -0500] "GET /conoces-el-indice-bogotano-de-calidad-del-aire-y-riesgo-en-salud-iboca.html HTTP/1.1" 200 805
216.244.66.195 - - [16/Dec/2023:19:41:20 -0500] "GET /BLA/resoluciones/AUTOS%202016/2791.pdf HTTP/1.1" 200 371137
201.245.192.253 - - [16/Dec/2023:19:42:06 -0500] "POST /forms/lservlet;jsessionid=ac16012b30d68f87e6b31bdd4159a82faa45787d3329.e3iSbxaKaheRe34Qc38TbN0Nb41ynknvrkLOlQzNp65In0 HTTP/1.1" 200 2
216.244.66.195 - - [16/Dec/2023:19:42:08 -0500] "GET /BLA/resoluciones/AUTOS%202016/2969.pdf HTTP/1.1" 200 524036
201.245.192.253 - - [16/Dec/2023:19:42:08 -0500] "POST /kwsrmcab/Wsrmcab  HTTP/1.1" 200 37894
172.22.2.4 - - [16/Dec/2023:19:40:39 -0500] "HEAD /BLA/boletinlegal/ HTTP/1.1" 200 -
201.245.192.253 - - [16/Dec/2023:19:42:43 -0500] "POST /forms/lservlet;jsessionid=ac16012b30d665b9d6b5cea24731bd918aefbc6c9e46.e3iSbxaKaheRe34Qc38TbN0Nb41ynknvrkLOlQzNp65In0 HTTP/1.1" 200 2
216.245.221.92 - - [16/Dec/2023:19:42:48 -0500] "HEAD / HTTP/1.1" 200 -
216.244.66.195 - - [16/Dec/2023:19:42:58 -0500] "GET /BLA/resoluciones/AUTOS%202016/3138.pdf HTTP/1.1" 200 359373
172.22.2.4 - - [16/Dec/2023:19:41:30 -0500] "GET /BLA/boletinlegal/ HTTP/1.1" 200 58294
31.13.103.118 - - [16/Dec/2023:19:43:19 -0500] "GET /animales-recuperados-en-san-cristobal-y-ciudad-bolivar-son-atendidos-en-el-centro-de-flora-de-la-secretaria-de-ambiente.html HTTP/1.1" 200 1056
199.16.157.180 - - [16/Dec/2023:19:43:45 -0500] "GET /images/prendas-1_optimized.jpeg HTTP/1.1" 200 65869
216.244.66.195 - - [16/Dec/2023:19:43:48 -0500] "GET /BLA/resoluciones/AUTOS%202016/2988.pdf HTTP/1.1" 200 1823266
201.245.192.253 - - [16/Dec/2023:19:44:06 -0500] "POST /forms/lservlet;jsessionid=ac16012b30d68f87e6b31bdd4159a82faa45787d3329.e3iSbxaKaheRe34Qc38TbN0Nb41ynknvrkLOlQzNp65In0 HTTP/1.1" 200 2
191.95.55.139 - - [16/Dec/2023:19:44:34 -0500] "GET /sipse/faces/faces/autenticacion.xhtml HTTP/1.1" 200 12407
191.95.55.139 - - [16/Dec/2023:19:44:38 -0500] "GET /sipse/js/disable_browser_buttons.js HTTP/1.1" 304 -
191.95.55.139 - - [16/Dec/2023:19:44:38 -0500] "GET /sipse/css/custom_css_sg.css HTTP/1.1" 200 9694
216.244.66.195 - - [16/Dec/2023:19:44:39 -0500] "GET /BLA/resoluciones/AUTOS%202007/1228.pdf HTTP/1.1" 200 90497
51.222.253.8 - - [16/Dec/2023:19:44:39 -0500] "GET /portaldeninos/contactanos/ HTTP/1.1" 200 88135
191.95.55.139 - - [16/Dec/2023:19:44:41 -0500] "GET /sipse/js/funciones.js HTTP/1.1" 304 -
191.95.55.139 - - [16/Dec/2023:19:44:42 -0500] "GET /sipse/faces/javax.faces.resource/layout/layout.css?ln=primefaces&v=4.0 HTTP/1.1" 200 542
201.245.192.253 - - [16/Dec/2023:19:44:43 -0500] "POST /forms/lservlet;jsessionid=ac16012b30d665b9d6b5cea24731bd918aefbc6c9e46.e3iSbxaKaheRe34Qc38TbN0Nb41ynknvrkLOlQzNp65In0 HTTP/1.1" 200 2
191.95.55.139 - - [16/Dec/2023:19:44:47 -0500] "GET /sipse/faces/javax.faces.resource/jquery/jquery.js?ln=primefaces&v=4.0 HTTP/1.1" 304 -
191.95.55.139 - - [16/Dec/2023:19:44:47 -0500] "GET /sipse/faces/javax.faces.resource/jquery/jquery-plugins.js?ln=primefaces&v=4.0 HTTP/1.1" 304 -
191.95.55.139 - - [16/Dec/2023:19:44:51 -0500] "GET /sipse/faces/javax.faces.resource/primefaces.js?ln=primefaces&v=4.0 HTTP/1.1" 304 -
191.95.55.139 - - [16/Dec/2023:19:44:52 -0500] "GET /sipse/faces/javax.faces.resource/layout/layout.js?ln=primefaces&v=4.0 HTTP/1.1" 304 -
216.244.66.195 - - [16/Dec/2023:19:45:13 -0500] "GET /BLA/resoluciones/AUTOS%202007/1890.pdf HTTP/1.1" 200 102965
191.95.55.139 - - [16/Dec/2023:19:44:41 -0500] "GET /sipse/faces/javax.faces.resource/theme.css?ln=primefaces-sipse HTTP/1.1" 200 50058
191.95.55.139 - - [16/Dec/2023:19:44:41 -0500] "GET /sipse/faces/javax.faces.resource/primefaces.css?ln=primefaces&v=4.0 HTTP/1.1" 200 53295
51.222.253.2 - - [16/Dec/2023:19:45:43 -0500] "GET /portaldeninos/glosario/ HTTP/1.1" 200 97198
216.244.66.195 - - [16/Dec/2023:19:45:51 -0500] "GET /BLA/resoluciones/AUTOS%202007/1908.pdf HTTP/1.1" 200 49519
201.245.192.253 - - [16/Dec/2023:19:46:06 -0500] "POST /forms/lservlet;jsessionid=ac16012b30d68f87e6b31bdd4159a82faa45787d3329.e3iSbxaKaheRe34Qc38TbN0Nb41ynknvrkLOlQzNp65In0 HTTP/1.1" 200 2
216.244.66.195 - - [16/Dec/2023:19:46:26 -0500] "GET /BLA/resoluciones/AUTOS%202007/1914.pdf HTTP/1.1" 200 162660
201.245.192.253 - - [16/Dec/2023:19:46:43 -0500] "POST /forms/lservlet;jsessionid=ac16012b30d665b9d6b5cea24731bd918aefbc6c9e46.e3iSbxaKaheRe34Qc38TbN0Nb41ynknvrkLOlQzNp65In0 HTTP/1.1" 200 2
31.13.127.6 - - [16/Dec/2023:19:46:49 -0500] "GET /distrito-planto-mas-de-300-arboles-en-corredor-vial-de-la-aurora-en-usme-para-celebrar-el-dia-mundial-del-arbol.html HTTP/1.1" 200 1023
216.244.66.195 - - [16/Dec/2023:19:47:06 -0500] "GET /BLA/resoluciones/AUTOS%202010/0082.pdf HTTP/1.1" 200 263907
201.245.192.253 - - [16/Dec/2023:19:47:05 -0500] "POST /kwsrmcab/Wsrmcab  HTTP/1.1" 200 37894
216.244.66.195 - - [16/Dec/2023:19:47:44 -0500] "GET /BLA/resoluciones/AUTOS%202010/0612.pdf HTTP/1.1" 200 182344
186.84.91.29 - - [16/Dec/2023:19:47:45 -0500] "GET /el-plan-de-accion-climatica-de-bogota-inspirador-para-otras-ciudades-del-mundo.html HTTP/1.1" 200 876
186.84.91.29 - - [16/Dec/2023:19:47:46 -0500] "GET /favicon.ico HTTP/1.1" 404 1460
216.245.221.92 - - [16/Dec/2023:19:47:48 -0500] "HEAD / HTTP/1.1" 200 -
201.245.192.253 - - [16/Dec/2023:19:48:06 -0500] "POST /forms/lservlet;jsessionid=ac16012b30d68f87e6b31bdd4159a82faa45787d3329.e3iSbxaKaheRe34Qc38TbN0Nb41ynknvrkLOlQzNp65In0 HTTP/1.1" 200 2
172.22.2.4 - - [16/Dec/2023:19:46:29 -0500] "HEAD /BLA/boletinlegal/ HTTP/1.1" 200 -
216.244.66.195 - - [16/Dec/2023:19:48:18 -0500] "GET /BLA/resoluciones/AUTOS%202010/5720.pdf HTTP/1.1" 200 468125
191.95.55.139 - - [16/Dec/2023:19:48:41 -0500] "GET /sipse/faces/faces/autenticacion.xhtml HTTP/1.1" 200 12407
201.245.192.253 - - [16/Dec/2023:19:48:43 -0500] "POST /forms/lservlet;jsessionid=ac16012b30d665b9d6b5cea24731bd918aefbc6c9e46.e3iSbxaKaheRe34Qc38TbN0Nb41ynknvrkLOlQzNp65In0 HTTP/1.1" 200 2
216.244.66.195 - - [16/Dec/2023:19:48:57 -0500] "GET /BLA/resoluciones/AUTOS%202010/5902.pdf HTTP/1.1" 200 373344
172.22.2.4 - - [16/Dec/2023:19:47:20 -0500] "GET /BLA/boletinlegal/ HTTP/1.1" 200 60634
216.244.66.195 - - [16/Dec/2023:19:49:32 -0500] "GET /BLA/resoluciones/AUTOS%202013/0608.pdf HTTP/1.1" 200 333390
191.95.55.139 - - [16/Dec/2023:19:49:44 -0500] "GET /sipse/faces/index.xhtml HTTP/1.1" 200 677
191.95.55.139 - - [16/Dec/2023:19:49:49 -0500] "GET /sipse/faces/javax.faces.resource/theme.css?ln=primefaces-sipse HTTP/1.1" 304 -
191.95.55.139 - - [16/Dec/2023:19:49:54 -0500] "GET /sipse/faces/faces/autenticacion.xhtml HTTP/1.1" 200 12407
191.95.55.139 - - [16/Dec/2023:19:49:55 -0500] "GET /sipse/css/custom_css_sg_prime_login.css HTTP/1.1" 304 -
191.95.55.139 - - [16/Dec/2023:19:49:55 -0500] "GET /sipse/faces/javax.faces.resource/theme.css?ln=primefaces-sipse HTTP/1.1" 304 -
191.95.55.139 - - [16/Dec/2023:19:49:55 -0500] "GET /sipse/faces/javax.faces.resource/primefaces.css?ln=primefaces&v=4.0 HTTP/1.1" 304 -
191.95.55.139 - - [16/Dec/2023:19:49:56 -0500] "GET /sipse/faces/javax.faces.resource/layout/layout.js?ln=primefaces&v=4.0 HTTP/1.1" 304 -
191.95.55.139 - - [16/Dec/2023:19:49:59 -0500] "GET /sipse/faces/javax.faces.resource/jquery/jquery.js?ln=primefaces&v=4.0 HTTP/1.1" 304 -
191.95.55.139 - - [16/Dec/2023:19:49:59 -0500] "GET /sipse/faces/javax.faces.resource/layout/layout.css?ln=primefaces&v=4.0 HTTP/1.1" 304 -
191.95.55.139 - - [16/Dec/2023:19:49:59 -0500] "GET /sipse/faces/javax.faces.resource/jquery/jquery-plugins.js?ln=primefaces&v=4.0 HTTP/1.1" 304 -
191.95.55.139 - - [16/Dec/2023:19:50:00 -0500] "GET /sipse/faces/javax.faces.resource/primefaces.js?ln=primefaces&v=4.0 HTTP/1.1" 304 -
191.95.55.139 - - [16/Dec/2023:19:50:03 -0500] "GET /sipse/faces/javax.faces.resource/images/ui-icons_898989_256x240.png?ln=primefaces-aristo HTTP/1.1" 200 5355
201.245.192.253 - - [16/Dec/2023:19:50:06 -0500] "POST /forms/lservlet;jsessionid=ac16012b30d68f87e6b31bdd4159a82faa45787d3329.e3iSbxaKaheRe34Qc38TbN0Nb41ynknvrkLOlQzNp65In0 HTTP/1.1" 200 2
191.95.55.139 - - [16/Dec/2023:19:50:06 -0500] "POST /sipse/faces/autenticacion.xhtml HTTP/1.1" 200 2221
191.95.55.139 - - [16/Dec/2023:19:50:09 -0500] "GET /sipse/faces/javax.faces.resource/messages/messages.png?ln=primefaces&v=4.0 HTTP/1.1" 304 -
216.244.66.195 - - [16/Dec/2023:19:50:10 -0500] "GET /BLA/resoluciones/RESOLUCIONES%202007/2508.pdf HTTP/1.1" 200 20631
191.95.55.139 - - [16/Dec/2023:19:50:10 -0500] "POST /sipse/faces/autenticacion.xhtml HTTP/1.1" 200 16465
191.95.55.139 - - [16/Dec/2023:19:50:15 -0500] "GET /sipse/js/jquery.min.js HTTP/1.1" 304 -
191.95.55.139 - - [16/Dec/2023:19:50:15 -0500] "GET /sipse/faces/javax.faces.resource/jquery/jquery.js?ln=primefaces&v=4.0 HTTP/1.1" 304 -
191.95.55.139 - - [16/Dec/2023:19:50:16 -0500] "GET /sipse/faces/javax.faces.resource/jquery/jquery-plugins.js?ln=primefaces&v=4.0 HTTP/1.1" 304 -
191.95.55.139 - - [16/Dec/2023:19:50:16 -0500] "GET /sipse/faces/javax.faces.resource/primefaces.js?ln=primefaces&v=4.0 HTTP/1.1" 304 -
191.95.55.139 - - [16/Dec/2023:19:50:16 -0500] "GET /sipse/faces/javax.faces.resource/layout/layout.js?ln=primefaces&v=4.0 HTTP/1.1" 304 -
191.95.55.139 - - [16/Dec/2023:19:50:17 -0500] "GET /sipse/css/custom_css_sg_prime.css HTTP/1.1" 304 -
191.95.55.139 - - [16/Dec/2023:19:50:18 -0500] "GET /sipse/css/v_mergente.css HTTP/1.1" 304 -
191.95.55.139 - - [16/Dec/2023:19:50:18 -0500] "POST /sipse/faces/bienvenido.xhtml HTTP/1.1" 200 732
191.95.55.139 - - [16/Dec/2023:19:50:19 -0500] "GET /sipse/css/imagen/contrasena.png HTTP/1.1" 404 383
191.95.55.139 - - [16/Dec/2023:19:50:19 -0500] "GET /sipse/imagenes/cargando.gif HTTP/1.1" 304 -
191.95.55.139 - - [16/Dec/2023:19:50:19 -0500] "GET /sipse/imagenes/logoAplicacion.jpg HTTP/1.1" 304 -
191.95.55.139 - - [16/Dec/2023:19:50:23 -0500] "GET /sipse/faces/javax.faces.resource/images/ui-bg_flat_0_2d5972_40x100.png?ln=primefaces-aristo HTTP/1.1" 304 -
191.95.55.139 - - [16/Dec/2023:19:50:23 -0500] "POST /sipse/faces/bienvenido.xhtml HTTP/1.1" 200 2658
191.95.55.139 - - [16/Dec/2023:19:50:24 -0500] "POST /sipse/faces/bienvenido.xhtml HTTP/1.1" 200 63972
191.95.55.139 - - [16/Dec/2023:19:50:26 -0500] "GET /sipse/faces/javax.faces.resource/jquery/jquery.js?ln=primefaces&v=4.0 HTTP/1.1" 304 -
191.95.55.139 - - [16/Dec/2023:19:50:28 -0500] "GET /sipse/faces/javax.faces.resource/jquery/jquery-plugins.js?ln=primefaces&v=4.0 HTTP/1.1" 304 -
191.95.55.139 - - [16/Dec/2023:19:50:30 -0500] "GET /sipse/faces/javax.faces.resource/primefaces.js?ln=primefaces&v=4.0 HTTP/1.1" 304 -
191.95.55.139 - - [16/Dec/2023:19:50:30 -0500] "GET /sipse/faces/javax.faces.resource/layout/layout.js?ln=primefaces&v=4.0 HTTP/1.1" 304 -
191.95.55.139 - - [16/Dec/2023:19:50:31 -0500] "POST /sipse/faces/presentacion/financiero/solicitudProceso/listarSolicitudProceso.xhtml HTTP/1.1" 200 1556
191.95.55.139 - - [16/Dec/2023:19:50:37 -0500] "POST /sipse/faces/presentacion/financiero/solicitudProceso/listarSolicitudProceso.xhtml HTTP/1.1" 200 7798
216.244.66.195 - - [16/Dec/2023:19:50:40 -0500] "GET /BLA/resoluciones/RESOLUCIONES%202023/0566.pdf HTTP/1.1" 200 464784
201.245.192.253 - - [16/Dec/2023:19:50:43 -0500] "POST /forms/lservlet;jsessionid=ac16012b30d665b9d6b5cea24731bd918aefbc6c9e46.e3iSbxaKaheRe34Qc38TbN0Nb41ynknvrkLOlQzNp65In0 HTTP/1.1" 200 2
191.95.55.139 - - [16/Dec/2023:19:50:43 -0500] "POST /sipse/faces/presentacion/financiero/solicitudProceso/listarSolicitudProceso.xhtml HTTP/1.1" 200 32286
216.244.66.195 - - [16/Dec/2023:19:51:13 -0500] "GET /BLA/resoluciones/RESOLUCIONES%202023/0633.pdf HTTP/1.1" 200 4700692
201.245.192.253 - - [16/Dec/2023:19:52:06 -0500] "POST /forms/lservlet;jsessionid=ac16012b30d68f87e6b31bdd4159a82faa45787d3329.e3iSbxaKaheRe34Qc38TbN0Nb41ynknvrkLOlQzNp65In0 HTTP/1.1" 200 2
201.245.192.253 - - [16/Dec/2023:19:52:05 -0500] "POST /kwsrmcab/Wsrmcab  HTTP/1.1" 200 37894
216.244.66.195 - - [16/Dec/2023:19:52:12 -0500] "GET /BLA/resoluciones/RESOLUCIONES%202023/0701.pdf HTTP/1.1" 200 403801
201.245.192.253 - - [16/Dec/2023:19:52:43 -0500] "POST /forms/lservlet;jsessionid=ac16012b30d665b9d6b5cea24731bd918aefbc6c9e46.e3iSbxaKaheRe34Qc38TbN0Nb41ynknvrkLOlQzNp65In0 HTTP/1.1" 200 2
216.244.66.195 - - [16/Dec/2023:19:52:43 -0500] "GET /BLA/resoluciones/index.php?dir=&sort=size&order=asc HTTP/1.1" 200 13696
216.245.221.92 - - [16/Dec/2023:19:52:48 -0500] "HEAD / HTTP/1.1" 200 -
216.244.66.195 - - [16/Dec/2023:19:53:11 -0500] "GET /BLA/resoluciones/RESOLUCIONES%202016/0664.pdf HTTP/1.1" 200 716183
66.249.66.19 - - [16/Dec/2023:19:53:27 -0500] "GET /Publicaciones/2023EE73007.pdf HTTP/1.1" 404 227
216.244.66.195 - - [16/Dec/2023:19:53:43 -0500] "GET /BLA/resoluciones/RESOLUCIONES%202016/2455.pdf HTTP/1.1" 200 366574
172.22.2.4 - - [16/Dec/2023:19:53:45 -0500] "GET /BLA/boletinlegal/jurisprudencia/analisis/CUADRO%20ANALISIS%20SENTENCIA%20C-554%20DE%202007.doc HTTP/1.1" 304 -
172.22.2.4 - - [16/Dec/2023:19:52:19 -0500] "HEAD /BLA/boletinlegal/ HTTP/1.1" 200 -
201.245.192.253 - - [16/Dec/2023:19:54:06 -0500] "POST /forms/lservlet;jsessionid=ac16012b30d68f87e6b31bdd4159a82faa45787d3329.e3iSbxaKaheRe34Qc38TbN0Nb41ynknvrkLOlQzNp65In0 HTTP/1.1" 200 2
216.244.66.195 - - [16/Dec/2023:19:54:12 -0500] "GET /BLA/resoluciones/RESOLUCIONES%202016/2467.pdf HTTP/1.1" 200 364528
66.249.66.19 - - [16/Dec/2023:19:54:16 -0500] "GET /BLA/resoluciones/RESOLUCIONES%202015/3165.pdf HTTP/1.1" 200 464994
181.59.2.116 - - [16/Dec/2023:19:54:18 -0500] "GET /wp-login.php HTTP/1.1" 404 1018
181.59.2.116 - - [16/Dec/2023:19:54:18 -0500] "GET /xmlrpc.php HTTP/1.1" 404 1018
200.69.84.134 - - [16/Dec/2023:19:54:38 -0500] "GET /sipse/faces/index.xhtml HTTP/1.1" 200 677
200.69.84.134 - - [16/Dec/2023:19:54:38 -0500] "GET /sipse/faces/javax.faces.resource/theme.css?ln=primefaces-sipse HTTP/1.1" 304 -
200.69.84.134 - - [16/Dec/2023:19:54:38 -0500] "GET /sipse/faces/faces/autenticacion.xhtml HTTP/1.1" 200 12407
216.244.66.195 - - [16/Dec/2023:19:54:38 -0500] "GET /BLA/resoluciones/RESOLUCIONES%202017/3060.pdf HTTP/1.1" 200 274932
200.69.84.134 - - [16/Dec/2023:19:54:38 -0500] "GET /sipse/js/disable_browser_buttons.js HTTP/1.1" 304 -
200.69.84.134 - - [16/Dec/2023:19:54:38 -0500] "GET /sipse/js/funciones.js HTTP/1.1" 304 -
200.69.84.134 - - [16/Dec/2023:19:54:38 -0500] "GET /sipse/css/custom_css_sg.css HTTP/1.1" 304 -
200.69.84.134 - - [16/Dec/2023:19:54:38 -0500] "GET /sipse/css/custom_css_sg_prime_login.css HTTP/1.1" 304 -
200.69.84.134 - - [16/Dec/2023:19:54:38 -0500] "GET /sipse/faces/javax.faces.resource/theme.css?ln=primefaces-sipse HTTP/1.1" 304 -
200.69.84.134 - - [16/Dec/2023:19:54:38 -0500] "GET /sipse/faces/javax.faces.resource/primefaces.css?ln=primefaces&v=4.0 HTTP/1.1" 304 -
200.69.84.134 - - [16/Dec/2023:19:54:38 -0500] "GET /sipse/faces/javax.faces.resource/jquery/jquery.js?ln=primefaces&v=4.0 HTTP/1.1" 304 -
200.69.84.134 - - [16/Dec/2023:19:54:38 -0500] "GET /sipse/faces/javax.faces.resource/layout/layout.css?ln=primefaces&v=4.0 HTTP/1.1" 304 -
200.69.84.134 - - [16/Dec/2023:19:54:38 -0500] "GET /sipse/faces/javax.faces.resource/jquery/jquery-plugins.js?ln=primefaces&v=4.0 HTTP/1.1" 304 -
200.69.84.134 - - [16/Dec/2023:19:54:38 -0500] "GET /sipse/faces/javax.faces.resource/primefaces.js?ln=primefaces&v=4.0 HTTP/1.1" 304 -
200.69.84.134 - - [16/Dec/2023:19:54:38 -0500] "GET /sipse/faces/javax.faces.resource/layout/layout.js?ln=primefaces&v=4.0 HTTP/1.1" 304 -
200.69.84.134 - - [16/Dec/2023:19:54:39 -0500] "GET /sipse/css/imagen/logoSDG.png HTTP/1.1" 304 -
200.69.84.134 - - [16/Dec/2023:19:54:39 -0500] "GET /sipse/css/imagen/loginimg.png HTTP/1.1" 304 -
200.69.84.134 - - [16/Dec/2023:19:54:39 -0500] "GET /sipse/faces/javax.faces.resource/images/ui-icons_898989_256x240.png?ln=primefaces-aristo HTTP/1.1" 304 -
200.69.84.134 - - [16/Dec/2023:19:54:41 -0500] "POST /sipse/faces/autenticacion.xhtml HTTP/1.1" 200 12860
200.69.84.134 - - [16/Dec/2023:19:54:41 -0500] "GET /sipse/css/custom_css_sg_prime.css HTTP/1.1" 304 -
200.69.84.134 - - [16/Dec/2023:19:54:41 -0500] "GET /sipse/faces/javax.faces.resource/primefaces.css?ln=primefaces&v=4.0 HTTP/1.1" 304 -
200.69.84.134 - - [16/Dec/2023:19:54:41 -0500] "GET /sipse/faces/javax.faces.resource/theme.css?ln=primefaces-sipse HTTP/1.1" 304 -
200.69.84.134 - - [16/Dec/2023:19:54:41 -0500] "GET /sipse/faces/javax.faces.resource/layout/layout.css?ln=primefaces&v=4.0 HTTP/1.1" 304 -
200.69.84.134 - - [16/Dec/2023:19:54:41 -0500] "GET /sipse/faces/javax.faces.resource/jquery/jquery.js?ln=primefaces&v=4.0 HTTP/1.1" 304 -
200.69.84.134 - - [16/Dec/2023:19:54:41 -0500] "GET /sipse/faces/javax.faces.resource/jquery/jquery-plugins.js?ln=primefaces&v=4.0 HTTP/1.1" 304 -
200.69.84.134 - - [16/Dec/2023:19:54:41 -0500] "GET /sipse/faces/javax.faces.resource/primefaces.js?ln=primefaces&v=4.0 HTTP/1.1" 304 -
200.69.84.134 - - [16/Dec/2023:19:54:41 -0500] "GET /sipse/faces/javax.faces.resource/layout/layout.js?ln=primefaces&v=4.0 HTTP/1.1" 304 -
200.69.84.134 - - [16/Dec/2023:19:54:41 -0500] "GET /sipse/faces/javax.faces.resource/messages/messages.png?ln=primefaces&v=4.0 HTTP/1.1" 304 -
201.245.192.253 - - [16/Dec/2023:19:54:43 -0500] "POST /forms/lservlet;jsessionid=ac16012b30d665b9d6b5cea24731bd918aefbc6c9e46.e3iSbxaKaheRe34Qc38TbN0Nb41ynknvrkLOlQzNp65In0 HTTP/1.1" 200 2
200.69.84.134 - - [16/Dec/2023:19:54:46 -0500] "POST /sipse/faces/presentacion/sistema/seguridad/seleccionRol.xhtml HTTP/1.1" 200 7225
200.69.84.134 - - [16/Dec/2023:19:54:47 -0500] "POST /sipse/faces/presentacion/sistema/seguridad/seleccionRol.xhtml HTTP/1.1" 200 17696
200.69.84.134 - - [16/Dec/2023:19:54:47 -0500] "GET /sipse/faces/javax.faces.resource/theme.css?ln=primefaces-sipse HTTP/1.1" 304 -
200.69.84.134 - - [16/Dec/2023:19:54:47 -0500] "GET /sipse/faces/javax.faces.resource/layout/layout.css?ln=primefaces&v=4.0 HTTP/1.1" 304 -
200.69.84.134 - - [16/Dec/2023:19:54:47 -0500] "GET /sipse/faces/javax.faces.resource/primefaces.css?ln=primefaces&v=4.0 HTTP/1.1" 304 -
200.69.84.134 - - [16/Dec/2023:19:54:47 -0500] "GET /sipse/js/jquery.min.js HTTP/1.1" 304 -
200.69.84.134 - - [16/Dec/2023:19:54:47 -0500] "GET /sipse/faces/javax.faces.resource/jquery/jquery.js?ln=primefaces&v=4.0 HTTP/1.1" 304 -
200.69.84.134 - - [16/Dec/2023:19:54:47 -0500] "GET /sipse/faces/javax.faces.resource/jquery/jquery-plugins.js?ln=primefaces&v=4.0 HTTP/1.1" 304 -
200.69.84.134 - - [16/Dec/2023:19:54:47 -0500] "GET /sipse/faces/javax.faces.resource/primefaces.js?ln=primefaces&v=4.0 HTTP/1.1" 304 -
200.69.84.134 - - [16/Dec/2023:19:54:47 -0500] "GET /sipse/faces/javax.faces.resource/layout/layout.js?ln=primefaces&v=4.0 HTTP/1.1" 304 -
200.69.84.134 - - [16/Dec/2023:19:54:47 -0500] "GET /sipse/css/v_mergente.css HTTP/1.1" 304 -
200.69.84.134 - - [16/Dec/2023:19:54:47 -0500] "GET /sipse/imagenes/logoAplicacion.jpg HTTP/1.1" 304 -
200.69.84.134 - - [16/Dec/2023:19:54:47 -0500] "GET /sipse/imagenes/cargando.gif HTTP/1.1" 304 -
200.69.84.134 - - [16/Dec/2023:19:54:47 -0500] "GET /sipse/css/imagen/contrasena.png HTTP/1.1" 404 383
200.69.84.134 - - [16/Dec/2023:19:54:49 -0500] "GET /sipse/faces/javax.faces.resource/images/ui-bg_flat_0_2d5972_40x100.png?ln=primefaces-aristo HTTP/1.1" 304 -
200.69.84.134 - - [16/Dec/2023:19:54:49 -0500] "POST /sipse/faces/bienvenido.xhtml HTTP/1.1" 200 5029
200.69.84.134 - - [16/Dec/2023:19:54:50 -0500] "POST /sipse/faces/bienvenido.xhtml HTTP/1.1" 200 43275
200.69.84.134 - - [16/Dec/2023:19:54:50 -0500] "GET /sipse/faces/javax.faces.resource/theme.css?ln=primefaces-sipse HTTP/1.1" 304 -
200.69.84.134 - - [16/Dec/2023:19:54:50 -0500] "GET /sipse/faces/javax.faces.resource/primefaces.css?ln=primefaces&v=4.0 HTTP/1.1" 304 -
200.69.84.134 - - [16/Dec/2023:19:54:50 -0500] "GET /sipse/faces/javax.faces.resource/layout/layout.css?ln=primefaces&v=4.0 HTTP/1.1" 304 -
200.69.84.134 - - [16/Dec/2023:19:54:50 -0500] "GET /sipse/faces/javax.faces.resource/jquery/jquery.js?ln=primefaces&v=4.0 HTTP/1.1" 304 -
200.69.84.134 - - [16/Dec/2023:19:54:50 -0500] "GET /sipse/faces/javax.faces.resource/jquery/jquery-plugins.js?ln=primefaces&v=4.0 HTTP/1.1" 304 -
200.69.84.134 - - [16/Dec/2023:19:54:50 -0500] "GET /sipse/faces/javax.faces.resource/primefaces.js?ln=primefaces&v=4.0 HTTP/1.1" 304 -
200.69.84.134 - - [16/Dec/2023:19:54:50 -0500] "GET /sipse/faces/javax.faces.resource/layout/layout.js?ln=primefaces&v=4.0 HTTP/1.1" 304 -
172.22.2.4 - - [16/Dec/2023:19:53:10 -0500] "GET /BLA/boletinlegal/ HTTP/1.1" 200 58644
200.69.84.134 - - [16/Dec/2023:19:54:51 -0500] "POST /sipse/faces/presentacion/financiero/solicitudProceso/consultar.xhtml HTTP/1.1" 200 12975
200.69.84.134 - - [16/Dec/2023:19:54:53 -0500] "POST /sipse/faces/presentacion/financiero/solicitudProceso/consultar.xhtml HTTP/1.1" 200 172838
200.69.84.134 - - [16/Dec/2023:19:54:54 -0500] "GET /sipse/faces/javax.faces.resource/theme.css?ln=primefaces-sipse HTTP/1.1" 304 -
200.69.84.134 - - [16/Dec/2023:19:54:54 -0500] "GET /sipse/faces/javax.faces.resource/layout/layout.css?ln=primefaces&v=4.0 HTTP/1.1" 304 -
200.69.84.134 - - [16/Dec/2023:19:54:54 -0500] "GET /sipse/faces/javax.faces.resource/primefaces.css?ln=primefaces&v=4.0 HTTP/1.1" 304 -
200.69.84.134 - - [16/Dec/2023:19:54:54 -0500] "GET /sipse/faces/javax.faces.resource/jquery/jquery.js?ln=primefaces&v=4.0 HTTP/1.1" 304 -
200.69.84.134 - - [16/Dec/2023:19:54:54 -0500] "GET /sipse/faces/javax.faces.resource/jquery/jquery-plugins.js?ln=primefaces&v=4.0 HTTP/1.1" 304 -
200.69.84.134 - - [16/Dec/2023:19:54:54 -0500] "GET /sipse/faces/javax.faces.resource/primefaces.js?ln=primefaces&v=4.0 HTTP/1.1" 304 -
200.69.84.134 - - [16/Dec/2023:19:54:54 -0500] "GET /sipse/faces/javax.faces.resource/layout/layout.js?ln=primefaces&v=4.0 HTTP/1.1" 304 -
200.69.84.134 - - [16/Dec/2023:19:54:54 -0500] "GET /sipse/faces/javax.faces.resource/dynamiccontent.properties?ln=primefaces&pfdrid=XjOR5%2F%2FfPAZAuY9TpWQeCiM0BhlXxYRBGKi%2FQcXXfeA%3D&pfdrid_c=false HTTP/1.1" 500 383
201.245.192.253 - - [16/Dec/2023:19:56:06 -0500] "POST /forms/lservlet;jsessionid=ac16012b30d68f87e6b31bdd4159a82faa45787d3329.e3iSbxaKaheRe34Qc38TbN0Nb41ynknvrkLOlQzNp65In0 HTTP/1.1" 200 2
201.245.192.253 - - [16/Dec/2023:19:56:43 -0500] "POST /forms/lservlet;jsessionid=ac16012b30d665b9d6b5cea24731bd918aefbc6c9e46.e3iSbxaKaheRe34Qc38TbN0Nb41ynknvrkLOlQzNp65In0 HTTP/1.1" 200 2
201.245.192.253 - - [16/Dec/2023:19:57:03 -0500] "POST /kwsrmcab/Wsrmcab  HTTP/1.1" 200 37894
66.249.66.20 - - [16/Dec/2023:19:57:28 -0500] "GET /BLA/resoluciones/Notificaciones/AUTOS%202023/1123.pdf HTTP/1.1" 304 -
216.245.221.92 - - [16/Dec/2023:19:57:48 -0500] "HEAD / HTTP/1.1" 200 -
201.245.192.253 - - [16/Dec/2023:19:58:06 -0500] "POST /forms/lservlet;jsessionid=ac16012b30d68f87e6b31bdd4159a82faa45787d3329.e3iSbxaKaheRe34Qc38TbN0Nb41ynknvrkLOlQzNp65In0 HTTP/1.1" 200 2
66.249.66.20 - - [16/Dec/2023:19:58:22 -0500] "GET /isolucionsda/FrameSetArticulo.asp?Pagina=/isolucionsda/bancoconocimiento/L/Ley797del29deEnerode2003/Ley797del29deEnerode2003.asp?IdArticulo=6509 HTTP/1.1" 200 527
201.245.192.253 - - [16/Dec/2023:19:58:43 -0500] "POST /forms/lservlet;jsessionid=ac16012b30d665b9d6b5cea24731bd918aefbc6c9e46.e3iSbxaKaheRe34Qc38TbN0Nb41ynknvrkLOlQzNp65In0 HTTP/1.1" 200 2
216.244.66.195 - - [16/Dec/2023:19:59:42 -0500] "GET /robots.txt HTTP/1.1" 404 1018
172.22.2.4 - - [16/Dec/2023:19:58:09 -0500] "HEAD /BLA/boletinlegal/ HTTP/1.1" 200 -
201.245.192.253 - - [16/Dec/2023:20:00:06 -0500] "POST /forms/lservlet;jsessionid=ac16012b30d68f87e6b31bdd4159a82faa45787d3329.e3iSbxaKaheRe34Qc38TbN0Nb41ynknvrkLOlQzNp65In0 HTTP/1.1" 200 2
172.22.2.4 - - [16/Dec/2023:19:59:00 -0500] "GET /BLA/boletinlegal/ HTTP/1.1" 200 60634
201.245.192.253 - - [16/Dec/2023:20:00:43 -0500] "POST /forms/lservlet;jsessionid=ac16012b30d665b9d6b5cea24731bd918aefbc6c9e46.e3iSbxaKaheRe34Qc38TbN0Nb41ynknvrkLOlQzNp65In0 HTTP/1.1" 200 2
201.245.192.253 - - [16/Dec/2023:20:02:02 -0500] "POST /kwsrmcab/Wsrmcab  HTTP/1.1" 200 37894
201.245.192.253 - - [16/Dec/2023:20:02:06 -0500] "POST /forms/lservlet;jsessionid=ac16012b30d68f87e6b31bdd4159a82faa45787d3329.e3iSbxaKaheRe34Qc38TbN0Nb41ynknvrkLOlQzNp65In0 HTTP/1.1" 200 2
201.245.192.253 - - [16/Dec/2023:20:02:43 -0500] "POST /forms/lservlet;jsessionid=ac16012b30d665b9d6b5cea24731bd918aefbc6c9e46.e3iSbxaKaheRe34Qc38TbN0Nb41ynknvrkLOlQzNp65In0 HTTP/1.1" 200 2
216.245.221.92 - - [16/Dec/2023:20:02:48 -0500] "HEAD / HTTP/1.1" 200 -
172.22.2.4 - - [16/Dec/2023:20:03:50 -0500] "GET /BLA/boletinlegal/Circulares/2022/CIRCULAR%20No.%2000009%20DEL%2010%20DE%20OCTUBRE%20DEL%202022.pdf HTTP/1.1" 200 292772
201.245.192.253 - - [16/Dec/2023:20:04:06 -0500] "POST /forms/lservlet;jsessionid=ac16012b30d68f87e6b31bdd4159a82faa45787d3329.e3iSbxaKaheRe34Qc38TbN0Nb41ynknvrkLOlQzNp65In0 HTTP/1.1" 200 2
201.245.192.253 - - [16/Dec/2023:20:04:43 -0500] "POST /forms/lservlet;jsessionid=ac16012b30d665b9d6b5cea24731bd918aefbc6c9e46.e3iSbxaKaheRe34Qc38TbN0Nb41ynknvrkLOlQzNp65In0 HTTP/1.1" 200 2
172.22.2.4 - - [16/Dec/2023:20:03:59 -0500] "HEAD /BLA/boletinlegal/ HTTP/1.1" 200 -
191.95.54.183 - - [16/Dec/2023:20:05:43 -0500] "GET /appsia/controlador HTTP/1.1" 200 4799
191.95.54.183 - - [16/Dec/2023:20:05:43 -0500] "GET /appsia/css/estilos.css HTTP/1.1" 200 4804
191.95.54.183 - - [16/Dec/2023:20:05:43 -0500] "GET /appsia/scripts/validarIngreso.js HTTP/1.1" 200 851
191.95.54.183 - - [16/Dec/2023:20:05:43 -0500] "GET /appsia/images/cabezoteHojaVida.png HTTP/1.1" 200 32493
191.95.54.183 - - [16/Dec/2023:20:05:43 -0500] "GET /appsia/images/logo_bogota_p.png HTTP/1.1" 200 14951
191.95.54.183 - - [16/Dec/2023:20:05:43 -0500] "GET /favicon.ico HTTP/1.1" 200 7782
201.245.192.253 - - [16/Dec/2023:20:06:06 -0500] "POST /forms/lservlet;jsessionid=ac16012b30d68f87e6b31bdd4159a82faa45787d3329.e3iSbxaKaheRe34Qc38TbN0Nb41ynknvrkLOlQzNp65In0 HTTP/1.1" 200 2
172.22.2.4 - - [16/Dec/2023:20:04:50 -0500] "GET /BLA/boletinlegal/ HTTP/1.1" 200 60634
201.245.192.253 - - [16/Dec/2023:20:06:43 -0500] "POST /forms/lservlet;jsessionid=ac16012b30d665b9d6b5cea24731bd918aefbc6c9e46.e3iSbxaKaheRe34Qc38TbN0Nb41ynknvrkLOlQzNp65In0 HTTP/1.1" 200 2
191.95.54.183 - - [16/Dec/2023:20:06:43 -0500] "POST /appsia/controlador HTTP/1.1" 200 5437
191.95.54.183 - - [16/Dec/2023:20:06:52 -0500] "POST /appsia/controlador HTTP/1.1" 200 7767
191.95.54.183 - - [16/Dec/2023:20:07:01 -0500] "POST /appsia/controlador HTTP/1.1" 200 6632
201.245.192.253 - - [16/Dec/2023:20:07:00 -0500] "POST /kwsrmcab/Wsrmcab  HTTP/1.1" 200 37894
172.22.2.4 - - [16/Dec/2023:20:07:06 -0500] "GET /BLA/boletinlegal/.env HTTP/1.1" 404 1018
191.95.54.183 - - [16/Dec/2023:20:07:08 -0500] "POST /appsia/controlador HTTP/1.1" 200 11336
216.245.221.92 - - [16/Dec/2023:20:07:48 -0500] "HEAD / HTTP/1.1" 200 -
201.245.192.253 - - [16/Dec/2023:20:08:06 -0500] "POST /forms/lservlet;jsessionid=ac16012b30d68f87e6b31bdd4159a82faa45787d3329.e3iSbxaKaheRe34Qc38TbN0Nb41ynknvrkLOlQzNp65In0 HTTP/1.1" 200 2
191.95.54.183 - - [16/Dec/2023:20:08:21 -0500] "POST /appsia/controlador HTTP/1.1" 200 7767
66.249.66.21 - - [16/Dec/2023:20:08:22 -0500] "GET /BLA/resoluciones/AUTOS%202021/5587.pdf HTTP/1.1" 200 370465
191.95.54.183 - - [16/Dec/2023:20:08:30 -0500] "POST /appsia/controlador HTTP/1.1" 200 5437
191.95.54.183 - - [16/Dec/2023:20:08:33 -0500] "POST /appsia/controlador HTTP/1.1" 200 4799
201.245.192.253 - - [16/Dec/2023:20:08:43 -0500] "POST /forms/lservlet;jsessionid=ac16012b30d665b9d6b5cea24731bd918aefbc6c9e46.e3iSbxaKaheRe34Qc38TbN0Nb41ynknvrkLOlQzNp65In0 HTTP/1.1" 200 2
201.245.192.253 - - [16/Dec/2023:20:10:06 -0500] "POST /forms/lservlet;jsessionid=ac16012b30d68f87e6b31bdd4159a82faa45787d3329.e3iSbxaKaheRe34Qc38TbN0Nb41ynknvrkLOlQzNp65In0 HTTP/1.1" 200 2
201.245.192.253 - - [16/Dec/2023:20:10:43 -0500] "POST /forms/lservlet;jsessionid=ac16012b30d665b9d6b5cea24731bd918aefbc6c9e46.e3iSbxaKaheRe34Qc38TbN0Nb41ynknvrkLOlQzNp65In0 HTTP/1.1" 200 2
172.22.2.4 - - [16/Dec/2023:20:09:49 -0500] "HEAD /BLA/boletinlegal/ HTTP/1.1" 200 -
201.245.192.253 - - [16/Dec/2023:20:12:00 -0500] "POST /kwsrmcab/Wsrmcab  HTTP/1.1" 200 37894
201.245.192.253 - - [16/Dec/2023:20:12:06 -0500] "POST /forms/lservlet;jsessionid=ac16012b30d68f87e6b31bdd4159a82faa45787d3329.e3iSbxaKaheRe34Qc38TbN0Nb41ynknvrkLOlQzNp65In0 HTTP/1.1" 200 2
172.22.2.4 - - [16/Dec/2023:20:10:40 -0500] "GET /BLA/boletinlegal/ HTTP/1.1" 200 61018
201.245.192.253 - - [16/Dec/2023:20:12:43 -0500] "POST /forms/lservlet;jsessionid=ac16012b30d665b9d6b5cea24731bd918aefbc6c9e46.e3iSbxaKaheRe34Qc38TbN0Nb41ynknvrkLOlQzNp65In0 HTTP/1.1" 200 2
216.245.221.92 - - [16/Dec/2023:20:12:48 -0500] "HEAD / HTTP/1.1" 200 -
201.245.192.253 - - [16/Dec/2023:20:14:06 -0500] "POST /forms/lservlet;jsessionid=ac16012b30d68f87e6b31bdd4159a82faa45787d3329.e3iSbxaKaheRe34Qc38TbN0Nb41ynknvrkLOlQzNp65In0 HTTP/1.1" 200 2
201.245.192.253 - - [16/Dec/2023:20:14:43 -0500] "POST /forms/lservlet;jsessionid=ac16012b30d665b9d6b5cea24731bd918aefbc6c9e46.e3iSbxaKaheRe34Qc38TbN0Nb41ynknvrkLOlQzNp65In0 HTTP/1.1" 200 2
69.171.249.119 - - [16/Dec/2023:20:14:44 -0500] "GET /para-prevenir-riesgo-sobre-la-ciudadania-distrito-intervendra-eucalipto-de-gran-porte-en-usaquen.html HTTP/1.1" 200 841
201.245.192.253 - - [16/Dec/2023:20:15:52 -0500] "POST /kwsrmcab/Wsrmcab HTTP/1.1" 200 38442
201.245.192.253 - - [16/Dec/2023:20:15:55 -0500] "POST /kwsrmcab/Wsrmcab HTTP/1.1" 200 39399
201.245.192.253 - - [16/Dec/2023:20:16:06 -0500] "POST /forms/lservlet;jsessionid=ac16012b30d68f87e6b31bdd4159a82faa45787d3329.e3iSbxaKaheRe34Qc38TbN0Nb41ynknvrkLOlQzNp65In0 HTTP/1.1" 200 2
201.245.192.253 - - [16/Dec/2023:20:16:43 -0500] "POST /forms/lservlet;jsessionid=ac16012b30d665b9d6b5cea24731bd918aefbc6c9e46.e3iSbxaKaheRe34Qc38TbN0Nb41ynknvrkLOlQzNp65In0 HTTP/1.1" 200 2
201.245.192.253 - - [16/Dec/2023:20:16:58 -0500] "POST /kwsrmcab/Wsrmcab  HTTP/1.1" 200 37894
172.22.2.4 - - [16/Dec/2023:20:15:39 -0500] "HEAD /BLA/boletinlegal/ HTTP/1.1" 200 -
216.245.221.92 - - [16/Dec/2023:20:17:48 -0500] "HEAD / HTTP/1.1" 200 -
201.245.192.253 - - [16/Dec/2023:20:18:06 -0500] "POST /forms/lservlet;jsessionid=ac16012b30d68f87e6b31bdd4159a82faa45787d3329.e3iSbxaKaheRe34Qc38TbN0Nb41ynknvrkLOlQzNp65In0 HTTP/1.1" 200 2
172.22.2.4 - - [16/Dec/2023:20:16:30 -0500] "GET /BLA/boletinlegal/ HTTP/1.1" 200 60634
201.245.192.253 - - [16/Dec/2023:20:18:43 -0500] "POST /forms/lservlet;jsessionid=ac16012b30d665b9d6b5cea24731bd918aefbc6c9e46.e3iSbxaKaheRe34Qc38TbN0Nb41ynknvrkLOlQzNp65In0 HTTP/1.1" 200 2
201.245.192.253 - - [16/Dec/2023:20:19:44 -0500] "POST /kwsrmcab/Wsrmcab HTTP/1.1" 200 38442
201.245.192.253 - - [16/Dec/2023:20:19:49 -0500] "GET /kwsrmcab/Wsrmcab?wsdl HTTP/1.1" 200 6948
201.245.192.253 - - [16/Dec/2023:20:19:49 -0500] "POST /kwsrmcab/Wsrmcab HTTP/1.1" 200 39399
201.245.192.253 - - [16/Dec/2023:20:20:07 -0500] "POST /forms/lservlet;jsessionid=ac16012b30d68f87e6b31bdd4159a82faa45787d3329.e3iSbxaKaheRe34Qc38TbN0Nb41ynknvrkLOlQzNp65In0 HTTP/1.1" 200 2
216.244.66.195 - - [16/Dec/2023:20:20:27 -0500] "GET /BLA/resoluciones/index.php?dir=RESOLUCIONES+1995%2F HTTP/1.1" 200 12497
201.245.192.253 - - [16/Dec/2023:20:20:43 -0500] "POST /forms/lservlet;jsessionid=ac16012b30d665b9d6b5cea24731bd918aefbc6c9e46.e3iSbxaKaheRe34Qc38TbN0Nb41ynknvrkLOlQzNp65In0 HTTP/1.1" 200 2
201.245.192.253 - - [16/Dec/2023:20:21:57 -0500] "POST /kwsrmcab/Wsrmcab  HTTP/1.1" 200 37894
201.245.192.253 - - [16/Dec/2023:20:22:07 -0500] "POST /forms/lservlet;jsessionid=ac16012b30d68f87e6b31bdd4159a82faa45787d3329.e3iSbxaKaheRe34Qc38TbN0Nb41ynknvrkLOlQzNp65In0 HTTP/1.1" 200 2
201.245.192.253 - - [16/Dec/2023:20:22:43 -0500] "POST /forms/lservlet;jsessionid=ac16012b30d665b9d6b5cea24731bd918aefbc6c9e46.e3iSbxaKaheRe34Qc38TbN0Nb41ynknvrkLOlQzNp65In0 HTTP/1.1" 200 2
216.245.221.92 - - [16/Dec/2023:20:22:48 -0500] "HEAD / HTTP/1.1" 200 -
172.226.172.12 - - [16/Dec/2023:20:23:06 -0500] "GET /sipse/faces/index.xhtml HTTP/1.1" 200 677
172.226.172.12 - - [16/Dec/2023:20:23:06 -0500] "GET /sipse/faces/javax.faces.resource/theme.css?ln=primefaces-sipse HTTP/1.1" 200 50058
172.226.172.12 - - [16/Dec/2023:20:23:06 -0500] "GET /favicon.ico HTTP/1.1" 200 7782
216.244.66.195 - - [16/Dec/2023:20:23:08 -0500] "GET /BLA/resoluciones/AUTOS%202016/1401.pdf HTTP/1.1" 200 280929
172.226.172.12 - - [16/Dec/2023:20:23:09 -0500] "GET /sipse/faces/index.xhtml HTTP/1.1" 200 677
172.226.172.12 - - [16/Dec/2023:20:23:09 -0500] "GET /sipse/faces/javax.faces.resource/theme.css?ln=primefaces-sipse HTTP/1.1" 304 -
172.22.2.4 - - [16/Dec/2023:20:21:29 -0500] "HEAD /BLA/boletinlegal/ HTTP/1.1" 200 -
172.226.172.12 - - [16/Dec/2023:20:23:10 -0500] "GET /sipse/faces/index.xhtml HTTP/1.1" 200 677
172.226.172.12 - - [16/Dec/2023:20:23:10 -0500] "GET /sipse/faces/javax.faces.resource/theme.css?ln=primefaces-sipse HTTP/1.1" 304 -
172.226.172.12 - - [16/Dec/2023:20:23:11 -0500] "GET /sipse/faces/index.xhtml HTTP/1.1" 200 677
172.226.172.12 - - [16/Dec/2023:20:23:11 -0500] "GET /sipse/faces/javax.faces.resource/theme.css?ln=primefaces-sipse HTTP/1.1" 304 -
172.226.172.12 - - [16/Dec/2023:20:23:12 -0500] "GET /sipse/faces/index.xhtml HTTP/1.1" 200 677
172.226.172.12 - - [16/Dec/2023:20:23:12 -0500] "GET /sipse/faces/javax.faces.resource/theme.css?ln=primefaces-sipse HTTP/1.1" 304 -
172.226.172.12 - - [16/Dec/2023:20:23:13 -0500] "GET /sipse/faces/index.xhtml HTTP/1.1" 200 677
172.226.172.12 - - [16/Dec/2023:20:23:13 -0500] "GET /sipse/faces/javax.faces.resource/theme.css?ln=primefaces-sipse HTTP/1.1" 304 -
172.226.172.12 - - [16/Dec/2023:20:23:15 -0500] "GET /sipse/faces/index.xhtml HTTP/1.1" 200 677
172.226.172.12 - - [16/Dec/2023:20:23:15 -0500] "GET /sipse/faces/javax.faces.resource/theme.css?ln=primefaces-sipse HTTP/1.1" 304 -
45.156.129.37 - - [16/Dec/2023:20:23:15 -0500] "GET / HTTP/1.1" 200 319
172.226.172.12 - - [16/Dec/2023:20:23:16 -0500] "GET /sipse/faces/index.xhtml HTTP/1.1" 200 677
172.226.172.12 - - [16/Dec/2023:20:23:16 -0500] "GET /sipse/faces/javax.faces.resource/theme.css?ln=primefaces-sipse HTTP/1.1" 304 -
172.226.172.12 - - [16/Dec/2023:20:23:19 -0500] "GET /sipse/faces/index.xhtml HTTP/1.1" 200 677
172.226.172.12 - - [16/Dec/2023:20:23:19 -0500] "GET /sipse/faces/javax.faces.resource/theme.css?ln=primefaces-sipse HTTP/1.1" 200 50058
216.244.66.195 - - [16/Dec/2023:20:23:53 -0500] "GET /BLA/resoluciones/AUTOS%202016/2043.pdf HTTP/1.1" 200 574952
172.22.2.4 - - [16/Dec/2023:20:22:20 -0500] "GET /BLA/boletinlegal/ HTTP/1.1" 200 58644
201.245.192.253 - - [16/Dec/2023:20:24:07 -0500] "POST /forms/lservlet;jsessionid=ac16012b30d68f87e6b31bdd4159a82faa45787d3329.e3iSbxaKaheRe34Qc38TbN0Nb41ynknvrkLOlQzNp65In0 HTTP/1.1" 200 2
201.245.192.253 - - [16/Dec/2023:20:24:43 -0500] "POST /forms/lservlet;jsessionid=ac16012b30d665b9d6b5cea24731bd918aefbc6c9e46.e3iSbxaKaheRe34Qc38TbN0Nb41ynknvrkLOlQzNp65In0 HTTP/1.1" 200 2
216.244.66.195 - - [16/Dec/2023:20:24:43 -0500] "GET /BLA/resoluciones/AUTOS%202016/2082.pdf HTTP/1.1" 200 1046955
216.244.66.195 - - [16/Dec/2023:20:25:36 -0500] "GET /BLA/resoluciones/AUTOS%202016/2494.pdf HTTP/1.1" 200 314015
201.245.192.253 - - [16/Dec/2023:20:25:52 -0500] "POST /kwsrmcab/Wsrmcab HTTP/1.1" 200 38442
201.245.192.253 - - [16/Dec/2023:20:25:56 -0500] "POST /kwsrmcab/Wsrmcab HTTP/1.1" 200 39399
201.245.192.253 - - [16/Dec/2023:20:26:07 -0500] "POST /forms/lservlet;jsessionid=ac16012b30d68f87e6b31bdd4159a82faa45787d3329.e3iSbxaKaheRe34Qc38TbN0Nb41ynknvrkLOlQzNp65In0 HTTP/1.1" 200 2
216.244.66.195 - - [16/Dec/2023:20:26:23 -0500] "GET /BLA/resoluciones/AUTOS%202016/2583.pdf HTTP/1.1" 200 402232
201.245.192.253 - - [16/Dec/2023:20:26:43 -0500] "POST /forms/lservlet;jsessionid=ac16012b30d665b9d6b5cea24731bd918aefbc6c9e46.e3iSbxaKaheRe34Qc38TbN0Nb41ynknvrkLOlQzNp65In0 HTTP/1.1" 200 2
201.245.192.253 - - [16/Dec/2023:20:26:57 -0500] "POST /kwsrmcab/Wsrmcab  HTTP/1.1" 200 37894
216.244.66.195 - - [16/Dec/2023:20:27:13 -0500] "GET /BLA/resoluciones/AUTOS%202016/2643.pdf HTTP/1.1" 200 526774
216.245.221.92 - - [16/Dec/2023:20:27:48 -0500] "HEAD / HTTP/1.1" 200 -
216.244.66.195 - - [16/Dec/2023:20:28:03 -0500] "GET /BLA/resoluciones/AUTOS%202016/2718.pdf HTTP/1.1" 200 373209
201.245.192.253 - - [16/Dec/2023:20:28:07 -0500] "POST /forms/lservlet;jsessionid=ac16012b30d68f87e6b31bdd4159a82faa45787d3329.e3iSbxaKaheRe34Qc38TbN0Nb41ynknvrkLOlQzNp65In0 HTTP/1.1" 200 2
201.245.192.253 - - [16/Dec/2023:20:28:43 -0500] "POST /forms/lservlet;jsessionid=ac16012b30d665b9d6b5cea24731bd918aefbc6c9e46.e3iSbxaKaheRe34Qc38TbN0Nb41ynknvrkLOlQzNp65In0 HTTP/1.1" 200 2
216.244.66.195 - - [16/Dec/2023:20:28:48 -0500] "GET /BLA/resoluciones/AUTOS%202016/2821.pdf HTTP/1.1" 200 378634
172.22.2.4 - - [16/Dec/2023:20:27:19 -0500] "HEAD /BLA/boletinlegal/ HTTP/1.1" 200 -
216.244.66.195 - - [16/Dec/2023:20:29:34 -0500] "GET /BLA/resoluciones/AUTOS%202016/2956.pdf HTTP/1.1" 200 1460634
201.245.192.253 - - [16/Dec/2023:20:29:44 -0500] "POST /kwsrmcab/Wsrmcab HTTP/1.1" 200 38442
172.22.2.4 - - [16/Dec/2023:20:28:10 -0500] "GET /BLA/boletinlegal/ HTTP/1.1" 200 58294
201.245.192.253 - - [16/Dec/2023:20:29:49 -0500] "POST /kwsrmcab/Wsrmcab HTTP/1.1" 200 39399
201.245.192.253 - - [16/Dec/2023:20:30:07 -0500] "POST /forms/lservlet;jsessionid=ac16012b30d68f87e6b31bdd4159a82faa45787d3329.e3iSbxaKaheRe34Qc38TbN0Nb41ynknvrkLOlQzNp65In0 HTTP/1.1" 200 2
216.244.66.195 - - [16/Dec/2023:20:30:24 -0500] "GET /BLA/resoluciones/AUTOS%202016/2962.pdf HTTP/1.1" 200 647098
201.245.192.253 - - [16/Dec/2023:20:30:43 -0500] "POST /forms/lservlet;jsessionid=ac16012b30d665b9d6b5cea24731bd918aefbc6c9e46.e3iSbxaKaheRe34Qc38TbN0Nb41ynknvrkLOlQzNp65In0 HTTP/1.1" 200 2
47.128.62.174 - - [16/Dec/2023:20:30:49 -0500] "GET /BLA/resoluciones/dlf/dirup.png HTTP/1.1" 200 644
47.128.62.174 - - [16/Dec/2023:20:30:49 -0500] "GET /BLA/resoluciones/dlf/pdf.gif HTTP/1.1" 200 272
216.244.66.195 - - [16/Dec/2023:20:31:14 -0500] "GET /BLA/resoluciones/AUTOS%202016/3177.pdf HTTP/1.1" 200 359632
47.128.62.174 - - [16/Dec/2023:20:30:47 -0500] "GET /BLA/resoluciones/index.php?dir=AUTOS+2014%2F HTTP/1.1" 200 319435
216.244.66.195 - - [16/Dec/2023:20:31:54 -0500] "GET /BLA/resoluciones/AUTOS%202014/5661.pdf HTTP/1.1" 200 2733272
201.245.192.253 - - [16/Dec/2023:20:31:55 -0500] "POST /kwsrmcab/Wsrmcab  HTTP/1.1" 200 37894
201.245.192.253 - - [16/Dec/2023:20:32:07 -0500] "POST /forms/lservlet;jsessionid=ac16012b30d68f87e6b31bdd4159a82faa45787d3329.e3iSbxaKaheRe34Qc38TbN0Nb41ynknvrkLOlQzNp65In0 HTTP/1.1" 200 2
173.252.107.116 - - [16/Dec/2023:20:32:18 -0500] "GET /primer-festival-de-la-papa-nativa-en-el-jardin-botanico-conozca-pruebe-y-disfrute-estos-manjares-criollos-y-saludables.html HTTP/1.1" 200 1116
201.245.192.253 - - [16/Dec/2023:20:32:43 -0500] "POST /forms/lservlet;jsessionid=ac16012b30d665b9d6b5cea24731bd918aefbc6c9e46.e3iSbxaKaheRe34Qc38TbN0Nb41ynknvrkLOlQzNp65In0 HTTP/1.1" 200 2
216.244.66.195 - - [16/Dec/2023:20:32:44 -0500] "GET /BLA/resoluciones/AUTOS%202015/3984.pdf HTTP/1.1" 200 540177
216.245.221.92 - - [16/Dec/2023:20:32:48 -0500] "HEAD / HTTP/1.1" 200 -
216.244.66.195 - - [16/Dec/2023:20:33:20 -0500] "GET /BLA/resoluciones/AUTOS%202010/0350.pdf HTTP/1.1" 200 365306
190.29.153.233 - - [16/Dec/2023:20:33:22 -0500] "GET /sipse/faces/index.xhtml HTTP/1.1" 200 677
190.29.153.233 - - [16/Dec/2023:20:33:22 -0500] "GET /sipse/faces/javax.faces.resource/theme.css?ln=primefaces-sipse HTTP/1.1" 200 50058
190.29.153.233 - - [16/Dec/2023:20:33:24 -0500] "GET /favicon.ico HTTP/1.1" 200 7782
190.29.153.233 - - [16/Dec/2023:20:33:56 -0500] "GET /sipse/faces/index.xhtml HTTP/1.1" 200 677
