201.245.192.253 - - [16/Dec/2023:14:30:41 -0500] "POST /forms/lservlet;jsessionid=ac16012b30d665b9d6b5cea24731bd918aefbc6c9e46.e3iSbxaKaheRe34Qc38TbN0Nb41ynknvrkLOlQzNp65In0 HTTP/1.1" 200 2
216.244.66.195 - - [16/Dec/2023:14:30:58 -0500] "GET /BLA/resoluciones/RESOLUCIONES%202023/2409.pdf HTTP/1.1" 200 318592
216.244.66.195 - - [16/Dec/2023:14:31:19 -0500] "GET /BLA/resoluciones/RESOLUCIONES%201997/0773.pdf HTTP/1.1" 200 81516
216.244.66.195 - - [16/Dec/2023:14:31:38 -0500] "GET /BLA/resoluciones/RESOLUCIONES%202001/1062.pdf HTTP/1.1" 200 5951155
201.245.192.253 - - [16/Dec/2023:14:32:03 -0500] "POST /forms/lservlet;jsessionid=ac16012b30d68f87e6b31bdd4159a82faa45787d3329.e3iSbxaKaheRe34Qc38TbN0Nb41ynknvrkLOlQzNp65In0 HTTP/1.1" 200 2
216.244.66.195 - - [16/Dec/2023:14:32:28 -0500] "GET /BLA/resoluciones/RESOLUCIONES%202001/1119.pdf HTTP/1.1" 200 134983
201.245.192.253 - - [16/Dec/2023:14:32:41 -0500] "POST /forms/lservlet;jsessionid=ac16012b30d665b9d6b5cea24731bd918aefbc6c9e46.e3iSbxaKaheRe34Qc38TbN0Nb41ynknvrkLOlQzNp65In0 HTTP/1.1" 200 2
216.245.221.92 - - [16/Dec/2023:14:32:49 -0500] "HEAD / HTTP/1.1" 200 -
216.244.66.195 - - [16/Dec/2023:14:32:58 -0500] "GET /BLA/resoluciones/RESOLUCIONES%202016/0094.pdf HTTP/1.1" 200 1365472
172.22.2.4 - - [16/Dec/2023:14:31:30 -0500] "HEAD /BLA/boletinlegal/ HTTP/1.1" 200 -
216.244.66.195 - - [16/Dec/2023:14:33:33 -0500] "GET /BLA/resoluciones/RESOLUCIONES%202016/0640.pdf HTTP/1.1" 200 872810
201.245.192.253 - - [16/Dec/2023:14:33:32 -0500] "POST /kwsrmcab/Wsrmcab  HTTP/1.1" 200 37894
172.22.2.4 - - [16/Dec/2023:14:32:21 -0500] "GET /BLA/boletinlegal/ HTTP/1.1" 200 58644
216.244.66.195 - - [16/Dec/2023:14:34:02 -0500] "GET /BLA/resoluciones/RESOLUCIONES%202017/0526.pdf HTTP/1.1" 200 289510
201.245.192.253 - - [16/Dec/2023:14:34:03 -0500] "POST /forms/lservlet;jsessionid=ac16012b30d68f87e6b31bdd4159a82faa45787d3329.e3iSbxaKaheRe34Qc38TbN0Nb41ynknvrkLOlQzNp65In0 HTTP/1.1" 200 2
201.245.192.253 - - [16/Dec/2023:14:34:41 -0500] "POST /forms/lservlet;jsessionid=ac16012b30d665b9d6b5cea24731bd918aefbc6c9e46.e3iSbxaKaheRe34Qc38TbN0Nb41ynknvrkLOlQzNp65In0 HTTP/1.1" 200 2
40.77.188.56 - - [16/Dec/2023:14:34:44 -0500] "GET /portaldeninos/wp-content/themes/betheme/fonts/mfn-icons.woff?93978679 HTTP/1.1" 200 80932
186.102.91.63 - - [16/Dec/2023:14:35:50 -0500] "GET /sipse/faces/faces/ HTTP/1.1" 302 -
186.102.91.63 - - [16/Dec/2023:14:35:50 -0500] "GET /sipse/faces/autenticacion.xhtml HTTP/1.1" 200 12407
186.102.91.63 - - [16/Dec/2023:14:35:51 -0500] "GET /sipse/faces/javax.faces.resource/theme.css?ln=primefaces-sipse HTTP/1.1" 304 -
186.102.91.63 - - [16/Dec/2023:14:35:51 -0500] "GET /sipse/faces/javax.faces.resource/primefaces.css?ln=primefaces&v=4.0 HTTP/1.1" 304 -
186.102.91.63 - - [16/Dec/2023:14:35:51 -0500] "GET /sipse/faces/javax.faces.resource/jquery/jquery-plugins.js?ln=primefaces&v=4.0 HTTP/1.1" 304 -
186.102.91.63 - - [16/Dec/2023:14:35:51 -0500] "GET /sipse/faces/javax.faces.resource/primefaces.js?ln=primefaces&v=4.0 HTTP/1.1" 304 -
186.102.91.63 - - [16/Dec/2023:14:35:51 -0500] "GET /sipse/faces/javax.faces.resource/layout/layout.css?ln=primefaces&v=4.0 HTTP/1.1" 304 -
186.102.91.63 - - [16/Dec/2023:14:35:51 -0500] "GET /sipse/faces/javax.faces.resource/jquery/jquery.js?ln=primefaces&v=4.0 HTTP/1.1" 304 -
186.102.91.63 - - [16/Dec/2023:14:35:51 -0500] "GET /sipse/faces/javax.faces.resource/layout/layout.js?ln=primefaces&v=4.0 HTTP/1.1" 304 -
186.102.91.63 - - [16/Dec/2023:14:35:51 -0500] "GET /sipse/faces/javax.faces.resource/images/ui-icons_898989_256x240.png?ln=primefaces-aristo HTTP/1.1" 304 -
186.102.91.63 - - [16/Dec/2023:14:35:51 -0500] "GET /sipse/faces/index.xhtml HTTP/1.1" 200 677
186.102.91.63 - - [16/Dec/2023:14:35:51 -0500] "GET /sipse/faces/javax.faces.resource/theme.css?ln=primefaces-sipse HTTP/1.1" 304 -
186.102.91.63 - - [16/Dec/2023:14:35:51 -0500] "GET /sipse/faces/faces/autenticacion.xhtml HTTP/1.1" 200 12407
186.102.91.63 - - [16/Dec/2023:14:35:52 -0500] "GET /sipse/faces/javax.faces.resource/theme.css?ln=primefaces-sipse HTTP/1.1" 304 -
186.102.91.63 - - [16/Dec/2023:14:35:52 -0500] "GET /sipse/faces/javax.faces.resource/layout/layout.css?ln=primefaces&v=4.0 HTTP/1.1" 304 -
186.102.91.63 - - [16/Dec/2023:14:35:52 -0500] "GET /sipse/faces/javax.faces.resource/jquery/jquery.js?ln=primefaces&v=4.0 HTTP/1.1" 304 -
186.102.91.63 - - [16/Dec/2023:14:35:52 -0500] "GET /sipse/faces/javax.faces.resource/primefaces.css?ln=primefaces&v=4.0 HTTP/1.1" 304 -
186.102.91.63 - - [16/Dec/2023:14:35:52 -0500] "GET /sipse/faces/javax.faces.resource/jquery/jquery-plugins.js?ln=primefaces&v=4.0 HTTP/1.1" 304 -
186.102.91.63 - - [16/Dec/2023:14:35:52 -0500] "GET /sipse/faces/javax.faces.resource/primefaces.js?ln=primefaces&v=4.0 HTTP/1.1" 304 -
186.102.91.63 - - [16/Dec/2023:14:35:52 -0500] "GET /sipse/faces/javax.faces.resource/layout/layout.js?ln=primefaces&v=4.0 HTTP/1.1" 304 -
201.245.192.253 - - [16/Dec/2023:14:35:53 -0500] "POST /kwsrmcab/Wsrmcab HTTP/1.1" 200 37351
201.245.192.253 - - [16/Dec/2023:14:35:55 -0500] "POST /kwsrmcab/Wsrmcab HTTP/1.1" 200 39426
201.245.192.253 - - [16/Dec/2023:14:36:03 -0500] "POST /forms/lservlet;jsessionid=ac16012b30d68f87e6b31bdd4159a82faa45787d3329.e3iSbxaKaheRe34Qc38TbN0Nb41ynknvrkLOlQzNp65In0 HTTP/1.1" 200 2
201.245.192.253 - - [16/Dec/2023:14:36:41 -0500] "POST /forms/lservlet;jsessionid=ac16012b30d665b9d6b5cea24731bd918aefbc6c9e46.e3iSbxaKaheRe34Qc38TbN0Nb41ynknvrkLOlQzNp65In0 HTTP/1.1" 200 2
216.245.221.92 - - [16/Dec/2023:14:37:49 -0500] "HEAD / HTTP/1.1" 200 -
201.245.192.253 - - [16/Dec/2023:14:38:03 -0500] "POST /forms/lservlet;jsessionid=ac16012b30d68f87e6b31bdd4159a82faa45787d3329.e3iSbxaKaheRe34Qc38TbN0Nb41ynknvrkLOlQzNp65In0 HTTP/1.1" 200 2
216.244.66.195 - - [16/Dec/2023:14:38:08 -0500] "GET /robots.txt HTTP/1.1" 404 1018
66.249.66.21 - - [16/Dec/2023:14:38:24 -0500] "GET /BLA/resoluciones/Notificaciones/AUTOS%202023/1459.pdf HTTP/1.1" 200 337496
201.245.192.253 - - [16/Dec/2023:14:38:31 -0500] "POST /kwsrmcab/Wsrmcab  HTTP/1.1" 200 37894
201.245.192.253 - - [16/Dec/2023:14:38:41 -0500] "POST /forms/lservlet;jsessionid=ac16012b30d665b9d6b5cea24731bd918aefbc6c9e46.e3iSbxaKaheRe34Qc38TbN0Nb41ynknvrkLOlQzNp65In0 HTTP/1.1" 200 2
172.22.2.4 - - [16/Dec/2023:14:37:20 -0500] "HEAD /BLA/boletinlegal/ HTTP/1.1" 200 -
201.245.192.253 - - [16/Dec/2023:14:39:44 -0500] "POST /kwsrmcab/Wsrmcab HTTP/1.1" 200 37351
172.22.2.4 - - [16/Dec/2023:14:38:11 -0500] "GET /BLA/boletinlegal/ HTTP/1.1" 200 60634
201.245.192.253 - - [16/Dec/2023:14:39:49 -0500] "POST /kwsrmcab/Wsrmcab HTTP/1.1" 200 39426
201.245.192.253 - - [16/Dec/2023:14:40:03 -0500] "POST /forms/lservlet;jsessionid=ac16012b30d68f87e6b31bdd4159a82faa45787d3329.e3iSbxaKaheRe34Qc38TbN0Nb41ynknvrkLOlQzNp65In0 HTTP/1.1" 200 2
201.245.192.253 - - [16/Dec/2023:14:40:41 -0500] "POST /forms/lservlet;jsessionid=ac16012b30d665b9d6b5cea24731bd918aefbc6c9e46.e3iSbxaKaheRe34Qc38TbN0Nb41ynknvrkLOlQzNp65In0 HTTP/1.1" 200 2
201.245.192.253 - - [16/Dec/2023:14:42:03 -0500] "POST /forms/lservlet;jsessionid=ac16012b30d68f87e6b31bdd4159a82faa45787d3329.e3iSbxaKaheRe34Qc38TbN0Nb41ynknvrkLOlQzNp65In0 HTTP/1.1" 200 2
201.245.192.253 - - [16/Dec/2023:14:42:41 -0500] "POST /forms/lservlet;jsessionid=ac16012b30d665b9d6b5cea24731bd918aefbc6c9e46.e3iSbxaKaheRe34Qc38TbN0Nb41ynknvrkLOlQzNp65In0 HTTP/1.1" 200 2
207.46.13.107 - - [16/Dec/2023:14:42:46 -0500] "GET /BLA/resoluciones/index.php?dir=AUTOS+2012%2F HTTP/1.1" 200 276804
216.245.221.92 - - [16/Dec/2023:14:42:49 -0500] "HEAD / HTTP/1.1" 200 -
201.245.192.253 - - [16/Dec/2023:14:43:30 -0500] "POST /kwsrmcab/Wsrmcab  HTTP/1.1" 200 37894
207.46.13.107 - - [16/Dec/2023:14:43:55 -0500] "GET /BLA/resoluciones/RESOLUCIONES%202023/0188.pdf HTTP/1.1" 304 -
201.245.192.253 - - [16/Dec/2023:14:44:03 -0500] "POST /forms/lservlet;jsessionid=ac16012b30d68f87e6b31bdd4159a82faa45787d3329.e3iSbxaKaheRe34Qc38TbN0Nb41ynknvrkLOlQzNp65In0 HTTP/1.1" 200 2
190.60.254.197 - - [16/Dec/2023:14:44:34 -0500] "GET /sipse/faces/index.xhtml HTTP/1.1" 200 677
190.60.254.197 - - [16/Dec/2023:14:44:34 -0500] "GET /sipse/faces/javax.faces.resource/theme.css?ln=primefaces-sipse HTTP/1.1" 304 -
190.60.254.197 - - [16/Dec/2023:14:44:34 -0500] "GET /sipse/faces/faces/autenticacion.xhtml HTTP/1.1" 200 12407
190.60.254.197 - - [16/Dec/2023:14:44:34 -0500] "GET /sipse/js/disable_browser_buttons.js HTTP/1.1" 304 -
190.60.254.197 - - [16/Dec/2023:14:44:34 -0500] "GET /sipse/css/custom_css_sg.css HTTP/1.1" 304 -
190.60.254.197 - - [16/Dec/2023:14:44:35 -0500] "GET /sipse/css/custom_css_sg_prime_login.css HTTP/1.1" 304 -
190.60.254.197 - - [16/Dec/2023:14:44:35 -0500] "GET /sipse/faces/javax.faces.resource/theme.css?ln=primefaces-sipse HTTP/1.1" 304 -
190.60.254.197 - - [16/Dec/2023:14:44:35 -0500] "GET /sipse/faces/javax.faces.resource/primefaces.css?ln=primefaces&v=4.0 HTTP/1.1" 304 -
190.60.254.197 - - [16/Dec/2023:14:44:35 -0500] "GET /sipse/faces/javax.faces.resource/layout/layout.css?ln=primefaces&v=4.0 HTTP/1.1" 304 -
190.60.254.197 - - [16/Dec/2023:14:44:35 -0500] "GET /sipse/js/funciones.js HTTP/1.1" 304 -
190.60.254.197 - - [16/Dec/2023:14:44:35 -0500] "GET /sipse/faces/javax.faces.resource/primefaces.js?ln=primefaces&v=4.0 HTTP/1.1" 304 -
190.60.254.197 - - [16/Dec/2023:14:44:35 -0500] "GET /sipse/faces/javax.faces.resource/jquery/jquery.js?ln=primefaces&v=4.0 HTTP/1.1" 304 -
190.60.254.197 - - [16/Dec/2023:14:44:35 -0500] "GET /sipse/faces/javax.faces.resource/jquery/jquery-plugins.js?ln=primefaces&v=4.0 HTTP/1.1" 304 -
190.60.254.197 - - [16/Dec/2023:14:44:35 -0500] "GET /sipse/faces/javax.faces.resource/layout/layout.js?ln=primefaces&v=4.0 HTTP/1.1" 304 -
190.60.254.197 - - [16/Dec/2023:14:44:35 -0500] "GET /sipse/css/imagen/logoSDG.png HTTP/1.1" 304 -
190.60.254.197 - - [16/Dec/2023:14:44:35 -0500] "GET /sipse/css/imagen/loginimg.png HTTP/1.1" 304 -
190.60.254.197 - - [16/Dec/2023:14:44:35 -0500] "GET /sipse/faces/javax.faces.resource/images/ui-icons_898989_256x240.png?ln=primefaces-aristo HTTP/1.1" 304 -
201.245.192.253 - - [16/Dec/2023:14:44:41 -0500] "POST /forms/lservlet;jsessionid=ac16012b30d665b9d6b5cea24731bd918aefbc6c9e46.e3iSbxaKaheRe34Qc38TbN0Nb41ynknvrkLOlQzNp65In0 HTTP/1.1" 200 2
190.60.254.197 - - [16/Dec/2023:14:44:44 -0500] "POST /sipse/faces/autenticacion.xhtml HTTP/1.1" 200 2220
190.60.254.197 - - [16/Dec/2023:14:44:45 -0500] "GET /sipse/faces/javax.faces.resource/messages/messages.png?ln=primefaces&v=4.0 HTTP/1.1" 304 -
190.60.254.197 - - [16/Dec/2023:14:44:47 -0500] "POST /sipse/faces/autenticacion.xhtml HTTP/1.1" 200 16451
190.60.254.197 - - [16/Dec/2023:14:44:47 -0500] "GET /sipse/css/custom_css_sg_prime.css HTTP/1.1" 304 -
190.60.254.197 - - [16/Dec/2023:14:44:47 -0500] "GET /sipse/faces/javax.faces.resource/theme.css?ln=primefaces-sipse HTTP/1.1" 304 -
190.60.254.197 - - [16/Dec/2023:14:44:47 -0500] "GET /sipse/faces/javax.faces.resource/primefaces.css?ln=primefaces&v=4.0 HTTP/1.1" 304 -
190.60.254.197 - - [16/Dec/2023:14:44:47 -0500] "GET /sipse/faces/javax.faces.resource/layout/layout.css?ln=primefaces&v=4.0 HTTP/1.1" 304 -
190.60.254.197 - - [16/Dec/2023:14:44:47 -0500] "GET /sipse/js/jquery.min.js HTTP/1.1" 304 -
190.60.254.197 - - [16/Dec/2023:14:44:47 -0500] "GET /sipse/faces/javax.faces.resource/jquery/jquery.js?ln=primefaces&v=4.0 HTTP/1.1" 304 -
190.60.254.197 - - [16/Dec/2023:14:44:48 -0500] "GET /sipse/faces/javax.faces.resource/jquery/jquery-plugins.js?ln=primefaces&v=4.0 HTTP/1.1" 304 -
190.60.254.197 - - [16/Dec/2023:14:44:48 -0500] "GET /sipse/faces/javax.faces.resource/primefaces.js?ln=primefaces&v=4.0 HTTP/1.1" 304 -
190.60.254.197 - - [16/Dec/2023:14:44:48 -0500] "GET /sipse/faces/javax.faces.resource/layout/layout.js?ln=primefaces&v=4.0 HTTP/1.1" 304 -
190.60.254.197 - - [16/Dec/2023:14:44:48 -0500] "GET /sipse/imagenes/logoAplicacion.jpg HTTP/1.1" 304 -
190.60.254.197 - - [16/Dec/2023:14:44:48 -0500] "GET /sipse/css/imagen/contrasena.png HTTP/1.1" 404 383
190.60.254.197 - - [16/Dec/2023:14:44:48 -0500] "GET /sipse/css/v_mergente.css HTTP/1.1" 304 -
190.60.254.197 - - [16/Dec/2023:14:44:48 -0500] "GET /sipse/imagenes/cargando.gif HTTP/1.1" 304 -
172.22.2.4 - - [16/Dec/2023:14:43:10 -0500] "HEAD /BLA/boletinlegal/ HTTP/1.1" 200 -
190.60.254.197 - - [16/Dec/2023:14:44:51 -0500] "GET /sipse/faces/javax.faces.resource/images/ui-bg_flat_0_2d5972_40x100.png?ln=primefaces-aristo HTTP/1.1" 304 -
190.60.254.197 - - [16/Dec/2023:14:44:52 -0500] "POST /sipse/faces/bienvenido.xhtml HTTP/1.1" 200 2658
190.60.254.197 - - [16/Dec/2023:14:44:53 -0500] "POST /sipse/faces/bienvenido.xhtml HTTP/1.1" 200 64638
190.60.254.197 - - [16/Dec/2023:14:44:54 -0500] "GET /sipse/faces/javax.faces.resource/theme.css?ln=primefaces-sipse HTTP/1.1" 304 -
190.60.254.197 - - [16/Dec/2023:14:44:54 -0500] "GET /sipse/faces/javax.faces.resource/primefaces.css?ln=primefaces&v=4.0 HTTP/1.1" 304 -
190.60.254.197 - - [16/Dec/2023:14:44:54 -0500] "GET /sipse/faces/javax.faces.resource/layout/layout.css?ln=primefaces&v=4.0 HTTP/1.1" 304 -
190.60.254.197 - - [16/Dec/2023:14:44:54 -0500] "GET /sipse/faces/javax.faces.resource/jquery/jquery.js?ln=primefaces&v=4.0 HTTP/1.1" 304 -
190.60.254.197 - - [16/Dec/2023:14:44:54 -0500] "GET /sipse/faces/javax.faces.resource/jquery/jquery-plugins.js?ln=primefaces&v=4.0 HTTP/1.1" 304 -
190.60.254.197 - - [16/Dec/2023:14:44:54 -0500] "GET /sipse/faces/javax.faces.resource/primefaces.js?ln=primefaces&v=4.0 HTTP/1.1" 304 -
190.60.254.197 - - [16/Dec/2023:14:44:54 -0500] "GET /sipse/faces/javax.faces.resource/layout/layout.js?ln=primefaces&v=4.0 HTTP/1.1" 304 -
190.60.254.197 - - [16/Dec/2023:14:44:55 -0500] "POST /sipse/faces/presentacion/financiero/solicitudProceso/listarSolicitudProceso.xhtml HTTP/1.1" 200 1556
172.22.2.4 - - [16/Dec/2023:14:44:01 -0500] "GET /BLA/boletinlegal/ HTTP/1.1" 200 58294
201.245.192.253 - - [16/Dec/2023:14:46:03 -0500] "POST /forms/lservlet;jsessionid=ac16012b30d68f87e6b31bdd4159a82faa45787d3329.e3iSbxaKaheRe34Qc38TbN0Nb41ynknvrkLOlQzNp65In0 HTTP/1.1" 200 2
201.245.192.253 - - [16/Dec/2023:14:46:41 -0500] "POST /forms/lservlet;jsessionid=ac16012b30d665b9d6b5cea24731bd918aefbc6c9e46.e3iSbxaKaheRe34Qc38TbN0Nb41ynknvrkLOlQzNp65In0 HTTP/1.1" 200 2
216.245.221.92 - - [16/Dec/2023:14:47:49 -0500] "HEAD / HTTP/1.1" 200 -
201.245.192.253 - - [16/Dec/2023:14:48:03 -0500] "POST /forms/lservlet;jsessionid=ac16012b30d68f87e6b31bdd4159a82faa45787d3329.e3iSbxaKaheRe34Qc38TbN0Nb41ynknvrkLOlQzNp65In0 HTTP/1.1" 200 2
201.245.192.253 - - [16/Dec/2023:14:48:29 -0500] "POST /kwsrmcab/Wsrmcab  HTTP/1.1" 200 37894
201.245.192.253 - - [16/Dec/2023:14:48:41 -0500] "POST /forms/lservlet;jsessionid=ac16012b30d665b9d6b5cea24731bd918aefbc6c9e46.e3iSbxaKaheRe34Qc38TbN0Nb41ynknvrkLOlQzNp65In0 HTTP/1.1" 200 2
201.245.192.253 - - [16/Dec/2023:14:50:03 -0500] "POST /forms/lservlet;jsessionid=ac16012b30d68f87e6b31bdd4159a82faa45787d3329.e3iSbxaKaheRe34Qc38TbN0Nb41ynknvrkLOlQzNp65In0 HTTP/1.1" 200 2
210.118.78.210 - - [16/Dec/2023:14:49:52 -0500] "GET /portaldeninos/wp-content/uploads/2020/06/mapa-humedales-de-bogot%C3%A1-1.jpg HTTP/1.1" 200 1170768
40.77.167.16 - - [16/Dec/2023:14:50:15 -0500] "GET /BLA/resoluciones/AUTOS%202021/4626.pdf HTTP/1.1" 304 -
172.22.2.4 - - [16/Dec/2023:14:49:00 -0500] "HEAD /BLA/boletinlegal/ HTTP/1.1" 200 -
201.245.192.253 - - [16/Dec/2023:14:50:41 -0500] "POST /forms/lservlet;jsessionid=ac16012b30d665b9d6b5cea24731bd918aefbc6c9e46.e3iSbxaKaheRe34Qc38TbN0Nb41ynknvrkLOlQzNp65In0 HTTP/1.1" 200 2
172.22.2.4 - - [16/Dec/2023:14:49:51 -0500] "GET /BLA/boletinlegal/ HTTP/1.1" 200 58644
201.245.192.253 - - [16/Dec/2023:14:52:03 -0500] "POST /forms/lservlet;jsessionid=ac16012b30d68f87e6b31bdd4159a82faa45787d3329.e3iSbxaKaheRe34Qc38TbN0Nb41ynknvrkLOlQzNp65In0 HTTP/1.1" 200 2
200.118.59.55 - - [16/Dec/2023:14:52:15 -0500] "POST /sipse/faces/presentacion/financiero/solicitudProceso/consultarSolicitudProceso.xhtml HTTP/1.1" 200 43726
200.118.59.55 - - [16/Dec/2023:14:52:16 -0500] "GET /sipse/faces/javax.faces.resource/theme.css?ln=primefaces-sipse HTTP/1.1" 304 -
200.118.59.55 - - [16/Dec/2023:14:52:16 -0500] "GET /sipse/faces/javax.faces.resource/jquery/jquery.js?ln=primefaces&v=4.0 HTTP/1.1" 304 -
200.118.59.55 - - [16/Dec/2023:14:52:16 -0500] "GET /sipse/faces/javax.faces.resource/layout/layout.css?ln=primefaces&v=4.0 HTTP/1.1" 304 -
200.118.59.55 - - [16/Dec/2023:14:52:16 -0500] "GET /sipse/faces/javax.faces.resource/primefaces.css?ln=primefaces&v=4.0 HTTP/1.1" 304 -
200.118.59.55 - - [16/Dec/2023:14:52:16 -0500] "GET /sipse/faces/javax.faces.resource/jquery/jquery-plugins.js?ln=primefaces&v=4.0 HTTP/1.1" 304 -
200.118.59.55 - - [16/Dec/2023:14:52:16 -0500] "GET /sipse/css/imagen/contrasena.png HTTP/1.1" 404 383
200.118.59.55 - - [16/Dec/2023:14:52:16 -0500] "GET /sipse/faces/javax.faces.resource/primefaces.js?ln=primefaces&v=4.0 HTTP/1.1" 304 -
200.118.59.55 - - [16/Dec/2023:14:52:16 -0500] "GET /sipse/faces/javax.faces.resource/layout/layout.js?ln=primefaces&v=4.0 HTTP/1.1" 304 -
200.118.59.55 - - [16/Dec/2023:14:52:16 -0500] "GET /sipse/faces/javax.faces.resource/images/ui-icons_898989_256x240.png?ln=primefaces-aristo HTTP/1.1" 304 -
200.118.59.55 - - [16/Dec/2023:14:52:16 -0500] "POST /sipse/faces/presentacion/financiero/solicitudProceso/consultar.xhtml HTTP/1.1" 200 37004
200.118.59.55 - - [16/Dec/2023:14:52:16 -0500] "POST /sipse/faces/presentacion/financiero/solicitudProceso/consultar.xhtml HTTP/1.1" 200 37004
200.118.59.55 - - [16/Dec/2023:14:52:16 -0500] "POST /sipse/faces/presentacion/financiero/solicitudProceso/consultar.xhtml HTTP/1.1" 200 37004
200.118.59.55 - - [16/Dec/2023:14:52:35 -0500] "POST /sipse/faces/presentacion/financiero/solicitudProceso/consultar.xhtml HTTP/1.1" 200 12782
200.118.59.55 - - [16/Dec/2023:14:52:38 -0500] "POST /sipse/faces/presentacion/financiero/solicitudProceso/consultar.xhtml HTTP/1.1" 200 161632
200.118.59.55 - - [16/Dec/2023:14:52:40 -0500] "GET /sipse/faces/javax.faces.resource/theme.css?ln=primefaces-sipse HTTP/1.1" 304 -
200.118.59.55 - - [16/Dec/2023:14:52:40 -0500] "GET /sipse/faces/javax.faces.resource/primefaces.css?ln=primefaces&v=4.0 HTTP/1.1" 304 -
200.118.59.55 - - [16/Dec/2023:14:52:40 -0500] "GET /sipse/faces/javax.faces.resource/layout/layout.css?ln=primefaces&v=4.0 HTTP/1.1" 304 -
200.118.59.55 - - [16/Dec/2023:14:52:40 -0500] "GET /sipse/faces/javax.faces.resource/jquery/jquery.js?ln=primefaces&v=4.0 HTTP/1.1" 304 -
200.118.59.55 - - [16/Dec/2023:14:52:40 -0500] "GET /sipse/faces/javax.faces.resource/jquery/jquery-plugins.js?ln=primefaces&v=4.0 HTTP/1.1" 304 -
200.118.59.55 - - [16/Dec/2023:14:52:40 -0500] "GET /sipse/faces/javax.faces.resource/primefaces.js?ln=primefaces&v=4.0 HTTP/1.1" 304 -
200.118.59.55 - - [16/Dec/2023:14:52:40 -0500] "GET /sipse/faces/javax.faces.resource/layout/layout.js?ln=primefaces&v=4.0 HTTP/1.1" 304 -
200.118.59.55 - - [16/Dec/2023:14:52:40 -0500] "GET /sipse/faces/javax.faces.resource/dynamiccontent.properties?ln=primefaces&pfdrid=XjOR5%2F%2FfPAZAuY9TpWQeCiM0BhlXxYRBGKi%2FQcXXfeA%3D&pfdrid_c=false HTTP/1.1" 500 383
201.245.192.253 - - [16/Dec/2023:14:52:41 -0500] "POST /forms/lservlet;jsessionid=ac16012b30d665b9d6b5cea24731bd918aefbc6c9e46.e3iSbxaKaheRe34Qc38TbN0Nb41ynknvrkLOlQzNp65In0 HTTP/1.1" 200 2
216.245.221.92 - - [16/Dec/2023:14:52:49 -0500] "HEAD / HTTP/1.1" 200 -
200.118.59.55 - - [16/Dec/2023:14:53:13 -0500] "POST /sipse/faces/presentacion/financiero/solicitudProceso/consultarSolicitudProceso.xhtml HTTP/1.1" 200 83090
201.245.192.253 - - [16/Dec/2023:14:53:28 -0500] "POST /kwsrmcab/Wsrmcab  HTTP/1.1" 200 37894
201.245.192.253 - - [16/Dec/2023:14:54:03 -0500] "POST /forms/lservlet;jsessionid=ac16012b30d68f87e6b31bdd4159a82faa45787d3329.e3iSbxaKaheRe34Qc38TbN0Nb41ynknvrkLOlQzNp65In0 HTTP/1.1" 200 2
201.245.192.253 - - [16/Dec/2023:14:54:41 -0500] "POST /forms/lservlet;jsessionid=ac16012b30d665b9d6b5cea24731bd918aefbc6c9e46.e3iSbxaKaheRe34Qc38TbN0Nb41ynknvrkLOlQzNp65In0 HTTP/1.1" 200 2
200.118.59.55 - - [16/Dec/2023:14:55:05 -0500] "POST /sipse/faces/presentacion/financiero/solicitudProceso/consultarSolicitudProceso.xhtml HTTP/1.1" 200 34873
200.118.59.55 - - [16/Dec/2023:14:55:05 -0500] "GET /sipse/faces/javax.faces.resource/theme.css?ln=primefaces-sipse HTTP/1.1" 304 -
200.118.59.55 - - [16/Dec/2023:14:55:05 -0500] "GET /sipse/faces/javax.faces.resource/jquery/jquery.js?ln=primefaces&v=4.0 HTTP/1.1" 304 -
200.118.59.55 - - [16/Dec/2023:14:55:05 -0500] "GET /sipse/faces/javax.faces.resource/layout/layout.css?ln=primefaces&v=4.0 HTTP/1.1" 304 -
200.118.59.55 - - [16/Dec/2023:14:55:05 -0500] "GET /sipse/faces/javax.faces.resource/primefaces.css?ln=primefaces&v=4.0 HTTP/1.1" 304 -
200.118.59.55 - - [16/Dec/2023:14:55:05 -0500] "GET /sipse/faces/javax.faces.resource/jquery/jquery-plugins.js?ln=primefaces&v=4.0 HTTP/1.1" 304 -
200.118.59.55 - - [16/Dec/2023:14:55:06 -0500] "GET /sipse/faces/javax.faces.resource/primefaces.js?ln=primefaces&v=4.0 HTTP/1.1" 304 -
200.118.59.55 - - [16/Dec/2023:14:55:06 -0500] "GET /sipse/faces/javax.faces.resource/layout/layout.js?ln=primefaces&v=4.0 HTTP/1.1" 304 -
200.118.59.55 - - [16/Dec/2023:14:55:06 -0500] "POST /sipse/faces/presentacion/financiero/solicitudProceso/listarSolicitudProceso.xhtml HTTP/1.1" 200 28125
200.118.59.55 - - [16/Dec/2023:14:55:06 -0500] "POST /sipse/faces/presentacion/financiero/solicitudProceso/listarSolicitudProceso.xhtml HTTP/1.1" 200 28125
200.118.59.55 - - [16/Dec/2023:14:55:06 -0500] "POST /sipse/faces/presentacion/financiero/solicitudProceso/listarSolicitudProceso.xhtml HTTP/1.1" 200 28125
200.118.59.55 - - [16/Dec/2023:14:55:07 -0500] "POST /sipse/faces/presentacion/financiero/solicitudProceso/listarSolicitudProceso.xhtml HTTP/1.1" 200 28125
200.118.59.55 - - [16/Dec/2023:14:55:07 -0500] "POST /sipse/faces/presentacion/financiero/solicitudProceso/listarSolicitudProceso.xhtml HTTP/1.1" 200 28125
200.118.59.55 - - [16/Dec/2023:14:55:07 -0500] "POST /sipse/faces/presentacion/financiero/solicitudProceso/listarSolicitudProceso.xhtml HTTP/1.1" 200 1376
200.118.59.55 - - [16/Dec/2023:14:55:08 -0500] "POST /sipse/faces/presentacion/financiero/solicitudProceso/listarSolicitudProceso.xhtml HTTP/1.1" 200 1380
200.118.59.55 - - [16/Dec/2023:14:55:08 -0500] "POST /sipse/faces/presentacion/financiero/solicitudProceso/listarSolicitudProceso.xhtml HTTP/1.1" 200 1380
200.118.59.55 - - [16/Dec/2023:14:55:08 -0500] "POST /sipse/faces/presentacion/financiero/solicitudProceso/listarSolicitudProceso.xhtml HTTP/1.1" 200 1380
200.118.59.55 - - [16/Dec/2023:14:55:08 -0500] "POST /sipse/faces/presentacion/financiero/solicitudProceso/listarSolicitudProceso.xhtml HTTP/1.1" 200 1380
200.118.59.55 - - [16/Dec/2023:14:55:08 -0500] "POST /sipse/faces/presentacion/financiero/solicitudProceso/listarSolicitudProceso.xhtml HTTP/1.1" 200 1380
201.245.192.253 - - [16/Dec/2023:14:56:03 -0500] "POST /forms/lservlet;jsessionid=ac16012b30d68f87e6b31bdd4159a82faa45787d3329.e3iSbxaKaheRe34Qc38TbN0Nb41ynknvrkLOlQzNp65In0 HTTP/1.1" 200 2
172.22.2.4 - - [16/Dec/2023:14:54:50 -0500] "HEAD /BLA/boletinlegal/ HTTP/1.1" 200 -
200.118.59.55 - - [16/Dec/2023:14:56:32 -0500] "POST /sipse/faces/presentacion/financiero/solicitudProceso/listarSolicitudProceso.xhtml HTTP/1.1" 200 28125
200.118.59.55 - - [16/Dec/2023:14:56:32 -0500] "POST /sipse/faces/presentacion/financiero/solicitudProceso/listarSolicitudProceso.xhtml HTTP/1.1" 200 28125
200.118.59.55 - - [16/Dec/2023:14:56:32 -0500] "POST /sipse/faces/presentacion/financiero/solicitudProceso/listarSolicitudProceso.xhtml HTTP/1.1" 200 28125
200.118.59.55 - - [16/Dec/2023:14:56:33 -0500] "POST /sipse/faces/presentacion/financiero/solicitudProceso/listarSolicitudProceso.xhtml HTTP/1.1" 200 28125
200.118.59.55 - - [16/Dec/2023:14:56:33 -0500] "POST /sipse/faces/presentacion/financiero/solicitudProceso/listarSolicitudProceso.xhtml HTTP/1.1" 200 28125
200.118.59.55 - - [16/Dec/2023:14:56:33 -0500] "POST /sipse/faces/presentacion/financiero/solicitudProceso/listarSolicitudProceso.xhtml HTTP/1.1" 200 28125
200.118.59.55 - - [16/Dec/2023:14:56:34 -0500] "POST /sipse/faces/presentacion/financiero/solicitudProceso/listarSolicitudProceso.xhtml HTTP/1.1" 200 28125
200.118.59.55 - - [16/Dec/2023:14:56:34 -0500] "POST /sipse/faces/presentacion/financiero/solicitudProceso/listarSolicitudProceso.xhtml HTTP/1.1" 200 1376
200.118.59.55 - - [16/Dec/2023:14:56:34 -0500] "POST /sipse/faces/presentacion/financiero/solicitudProceso/listarSolicitudProceso.xhtml HTTP/1.1" 200 1380
200.118.59.55 - - [16/Dec/2023:14:56:34 -0500] "POST /sipse/faces/presentacion/financiero/solicitudProceso/listarSolicitudProceso.xhtml HTTP/1.1" 200 1380
200.118.59.55 - - [16/Dec/2023:14:56:34 -0500] "POST /sipse/faces/presentacion/financiero/solicitudProceso/listarSolicitudProceso.xhtml HTTP/1.1" 200 1380
200.118.59.55 - - [16/Dec/2023:14:56:34 -0500] "POST /sipse/faces/presentacion/financiero/solicitudProceso/listarSolicitudProceso.xhtml HTTP/1.1" 200 1380
200.118.59.55 - - [16/Dec/2023:14:56:35 -0500] "POST /sipse/faces/presentacion/financiero/solicitudProceso/listarSolicitudProceso.xhtml HTTP/1.1" 200 1380
200.118.59.55 - - [16/Dec/2023:14:56:35 -0500] "POST /sipse/faces/presentacion/financiero/solicitudProceso/listarSolicitudProceso.xhtml HTTP/1.1" 200 1380
201.245.192.253 - - [16/Dec/2023:14:56:41 -0500] "POST /forms/lservlet;jsessionid=ac16012b30d665b9d6b5cea24731bd918aefbc6c9e46.e3iSbxaKaheRe34Qc38TbN0Nb41ynknvrkLOlQzNp65In0 HTTP/1.1" 200 2
172.22.2.4 - - [16/Dec/2023:14:56:42 -0500] "GET /BLA/boletinlegal/style.css HTTP/1.1" 200 9406
172.22.2.4 - - [16/Dec/2023:14:56:42 -0500] "GET /BLA/boletinlegal/styles2.css HTTP/1.1" 200 1838
172.22.2.4 - - [16/Dec/2023:14:56:42 -0500] "GET /BLA/boletinlegal/js/jquery.scrollTo-min.js HTTP/1.1" 200 1150
172.22.2.4 - - [16/Dec/2023:14:56:42 -0500] "GET /BLA/boletinlegal/js/jquery.js HTTP/1.1" 200 57254
172.22.2.4 - - [16/Dec/2023:14:56:42 -0500] "GET /BLA/boletinlegal/js/jquery.scrollShow.js HTTP/1.1" 200 4586
172.22.2.4 - - [16/Dec/2023:14:56:42 -0500] "GET /BLA/boletinlegal/images/screen_1.png HTTP/1.1" 200 202547
172.22.2.4 - - [16/Dec/2023:14:56:42 -0500] "GET /BLA/boletinlegal/images/cabezote%20BLEGAL.jpg HTTP/1.1" 200 118164
172.22.2.4 - - [16/Dec/2023:14:56:42 -0500] "GET /BLA/boletinlegal/images/subscribe-icon-big.png HTTP/1.1" 200 47702
172.22.2.4 - - [16/Dec/2023:14:56:42 -0500] "GET /BLA/boletinlegal/images/historia.png HTTP/1.1" 200 52775
172.22.2.4 - - [16/Dec/2023:14:56:42 -0500] "GET /BLA/boletinlegal/images/arr_l.jpg HTTP/1.1" 200 1979
172.22.2.4 - - [16/Dec/2023:14:56:42 -0500] "GET /BLA/boletinlegal/images/registro-usuarios.png HTTP/1.1" 200 8106
172.22.2.4 - - [16/Dec/2023:14:56:42 -0500] "GET /BLA/boletinlegal/images/body_bg.jpg HTTP/1.1" 200 1601
172.22.2.4 - - [16/Dec/2023:14:56:42 -0500] "GET /BLA/boletinlegal/images/menu_lft.gif HTTP/1.1" 200 1713
172.22.2.4 - - [16/Dec/2023:14:56:42 -0500] "GET /BLA/boletinlegal/images/menu_rght.gif HTTP/1.1" 200 1627
172.22.2.4 - - [16/Dec/2023:14:56:42 -0500] "GET /BLA/boletinlegal/images/bg_top.jpg HTTP/1.1" 200 522
172.22.2.4 - - [16/Dec/2023:14:56:42 -0500] "GET /BLA/boletinlegal/images/hover.jpg HTTP/1.1" 200 640
172.22.2.4 - - [16/Dec/2023:14:56:42 -0500] "GET /BLA/boletinlegal/images/menu_bg.jpg HTTP/1.1" 200 620
172.22.2.4 - - [16/Dec/2023:14:56:42 -0500] "GET /BLA/boletinlegal/images/text.jpg HTTP/1.1" 200 568
172.22.2.4 - - [16/Dec/2023:14:56:42 -0500] "GET /BLA/boletinlegal/images/launch.jpg HTTP/1.1" 200 14577
172.22.2.4 - - [16/Dec/2023:14:56:44 -0500] "GET /BLA/boletinlegal/actos.php HTTP/1.1" 200 9682
172.22.2.4 - - [16/Dec/2023:14:56:44 -0500] "GET /BLA/boletinlegal/js/ajax_actos.js HTTP/1.1" 200 1322
172.22.2.4 - - [16/Dec/2023:14:56:44 -0500] "GET /BLA/boletinlegal/niceforms.js HTTP/1.1" 200 22876
172.22.2.4 - - [16/Dec/2023:14:56:44 -0500] "GET /BLA/boletinlegal/js/lib.js HTTP/1.1" 200 6474
172.22.2.4 - - [16/Dec/2023:14:56:44 -0500] "GET /BLA/boletinlegal/js/popup.js HTTP/1.1" 200 1270
172.22.2.4 - - [16/Dec/2023:14:56:44 -0500] "GET /BLA/boletinlegal/niceforms-default.css HTTP/1.1" 200 6694
172.22.2.4 - - [16/Dec/2023:14:56:44 -0500] "GET /BLA/boletinlegal/js/jquery1.js HTTP/1.1" 200 29846
172.22.2.4 - - [16/Dec/2023:14:56:44 -0500] "GET /BLA/boletinlegal/images/green-yellow-blue-pink-th.png HTTP/1.1" 200 7394
172.22.2.4 - - [16/Dec/2023:14:56:44 -0500] "GET /BLA/boletinlegal/images/icono-email.png HTTP/1.1" 200 5544
172.22.2.4 - - [16/Dec/2023:14:56:44 -0500] "GET /BLA/boletinlegal/images/tel.png HTTP/1.1" 200 14477
172.22.2.4 - - [16/Dec/2023:14:56:44 -0500] "GET /BLA/boletinlegal/images/footer_bg_l.jpg HTTP/1.1" 200 776
172.22.2.4 - - [16/Dec/2023:14:56:44 -0500] "GET /BLA/boletinlegal/images/footer_bg.jpg HTTP/1.1" 200 586
172.22.2.4 - - [16/Dec/2023:14:56:44 -0500] "GET /BLA/boletinlegal/img/select-right.png HTTP/1.1" 200 44019
172.22.2.4 - - [16/Dec/2023:14:56:44 -0500] "GET /BLA/boletinlegal/img/0.png HTTP/1.1" 200 110
172.22.2.4 - - [16/Dec/2023:14:56:44 -0500] "GET /BLA/boletinlegal/img/button-right.png HTTP/1.1" 200 57878
172.22.2.4 - - [16/Dec/2023:14:56:44 -0500] "GET /BLA/boletinlegal/img/select-left.png HTTP/1.1" 200 263
172.22.2.4 - - [16/Dec/2023:14:56:44 -0500] "GET /BLA/boletinlegal/img/button.png HTTP/1.1" 200 43241
172.22.2.4 - - [16/Dec/2023:14:56:44 -0500] "GET /BLA/boletinlegal/img/button-left.png HTTP/1.1" 200 57071
172.22.2.4 - - [16/Dec/2023:14:56:44 -0500] "GET /BLA/boletinlegal/favicon.ico HTTP/1.1" 404 1326
200.118.59.55 - - [16/Dec/2023:14:56:46 -0500] "POST /sipse/faces/presentacion/financiero/solicitudProceso/listarSolicitudProceso.xhtml HTTP/1.1" 200 32082
200.118.59.55 - - [16/Dec/2023:14:56:47 -0500] "POST /sipse/faces/presentacion/financiero/solicitudProceso/listarSolicitudProceso.xhtml HTTP/1.1" 200 5067
172.22.2.4 - - [16/Dec/2023:14:56:55 -0500] "GET /BLA/boletinlegal/consulta_actos.php?tipo=resoluciones&no=0056&usuario=&sector=&fecha=2023&resuelve= HTTP/1.1" 200 1099
172.22.2.4 - - [16/Dec/2023:14:56:55 -0500] "GET /BLA/boletinlegal/images/pdf.gif HTTP/1.1" 200 567
191.156.55.46 - - [16/Dec/2023:14:57:00 -0500] "GET /BLA/resoluciones/RESOLUCIONES%202023/0056.pdf HTTP/1.1" 200 442251
191.156.55.66 - - [16/Dec/2023:14:57:00 -0500] "GET /favicon.ico HTTP/1.1" 200 7782
200.118.59.55 - - [16/Dec/2023:14:57:04 -0500] "POST /sipse/faces/presentacion/financiero/solicitudProceso/listarSolicitudProceso.xhtml HTTP/1.1" 200 32704
200.118.59.55 - - [16/Dec/2023:14:57:09 -0500] "POST /sipse/faces/presentacion/financiero/solicitudProceso/listarSolicitudProceso.xhtml HTTP/1.1" 200 109798
200.118.59.55 - - [16/Dec/2023:14:57:10 -0500] "GET /sipse/faces/javax.faces.resource/theme.css?ln=primefaces-sipse HTTP/1.1" 304 -
200.118.59.55 - - [16/Dec/2023:14:57:10 -0500] "GET /sipse/faces/javax.faces.resource/layout/layout.css?ln=primefaces&v=4.0 HTTP/1.1" 304 -
200.118.59.55 - - [16/Dec/2023:14:57:10 -0500] "GET /sipse/faces/javax.faces.resource/primefaces.css?ln=primefaces&v=4.0 HTTP/1.1" 304 -
200.118.59.55 - - [16/Dec/2023:14:57:10 -0500] "GET /sipse/faces/javax.faces.resource/jquery/jquery.js?ln=primefaces&v=4.0 HTTP/1.1" 304 -
200.118.59.55 - - [16/Dec/2023:14:57:10 -0500] "GET /sipse/faces/javax.faces.resource/jquery/jquery-plugins.js?ln=primefaces&v=4.0 HTTP/1.1" 304 -
200.118.59.55 - - [16/Dec/2023:14:57:10 -0500] "GET /sipse/faces/javax.faces.resource/primefaces.js?ln=primefaces&v=4.0 HTTP/1.1" 304 -
200.118.59.55 - - [16/Dec/2023:14:57:10 -0500] "GET /sipse/faces/javax.faces.resource/layout/layout.js?ln=primefaces&v=4.0 HTTP/1.1" 304 -
200.118.59.55 - - [16/Dec/2023:14:57:10 -0500] "GET /sipse/faces/javax.faces.resource/dynamiccontent.properties?ln=primefaces&pfdrid=XjOR5%2F%2FfPAZAuY9TpWQeCiM0BhlXxYRBGKi%2FQcXXfeA%3D&pfdrid_c=false HTTP/1.1" 500 383
172.22.2.4 - - [16/Dec/2023:14:56:42 -0500] "GET /BLA/boletinlegal/ HTTP/1.1" 200 24523
172.22.2.4 - - [16/Dec/2023:14:55:41 -0500] "GET /BLA/boletinlegal/ HTTP/1.1" 200 56997
200.118.59.55 - - [16/Dec/2023:14:57:44 -0500] "POST /sipse/faces/presentacion/financiero/solicitudProceso/consultarSolicitudProceso.xhtml HTTP/1.1" 200 22413
200.118.59.55 - - [16/Dec/2023:14:57:45 -0500] "GET /sipse/faces/javax.faces.resource/theme.css?ln=primefaces-sipse HTTP/1.1" 304 -
200.118.59.55 - - [16/Dec/2023:14:57:45 -0500] "GET /sipse/faces/javax.faces.resource/primefaces.css?ln=primefaces&v=4.0 HTTP/1.1" 304 -
200.118.59.55 - - [16/Dec/2023:14:57:45 -0500] "GET /sipse/faces/javax.faces.resource/layout/layout.css?ln=primefaces&v=4.0 HTTP/1.1" 304 -
200.118.59.55 - - [16/Dec/2023:14:57:45 -0500] "GET /sipse/faces/javax.faces.resource/fileupload/fileupload.css?ln=primefaces&v=4.0 HTTP/1.1" 304 -
200.118.59.55 - - [16/Dec/2023:14:57:45 -0500] "GET /sipse/faces/javax.faces.resource/jquery/jquery.js?ln=primefaces&v=4.0 HTTP/1.1" 304 -
200.118.59.55 - - [16/Dec/2023:14:57:45 -0500] "GET /sipse/faces/javax.faces.resource/primefaces.js?ln=primefaces&v=4.0 HTTP/1.1" 304 -
200.118.59.55 - - [16/Dec/2023:14:57:45 -0500] "GET /sipse/faces/javax.faces.resource/jquery/jquery-plugins.js?ln=primefaces&v=4.0 HTTP/1.1" 304 -
200.118.59.55 - - [16/Dec/2023:14:57:45 -0500] "GET /sipse/faces/javax.faces.resource/layout/layout.js?ln=primefaces&v=4.0 HTTP/1.1" 304 -
200.118.59.55 - - [16/Dec/2023:14:57:45 -0500] "GET /sipse/faces/javax.faces.resource/fileupload/fileupload.js?ln=primefaces&v=4.0 HTTP/1.1" 304 -
216.245.221.92 - - [16/Dec/2023:14:57:49 -0500] "HEAD / HTTP/1.1" 200 -
200.118.59.55 - - [16/Dec/2023:14:57:53 -0500] "POST /sipse/faces/presentacion/sistema/anexos/cargarAnexoSolicitudProceso.xhtml HTTP/1.1" 200 156577
200.118.59.55 - - [16/Dec/2023:14:57:55 -0500] "GET /sipse/faces/javax.faces.resource/primefaces.css?ln=primefaces&v=4.0 HTTP/1.1" 304 -
200.118.59.55 - - [16/Dec/2023:14:57:55 -0500] "GET /sipse/faces/javax.faces.resource/layout/layout.css?ln=primefaces&v=4.0 HTTP/1.1" 304 -
200.118.59.55 - - [16/Dec/2023:14:57:55 -0500] "GET /sipse/faces/javax.faces.resource/theme.css?ln=primefaces-sipse HTTP/1.1" 304 -
200.118.59.55 - - [16/Dec/2023:14:57:55 -0500] "GET /sipse/faces/javax.faces.resource/jquery/jquery-plugins.js?ln=primefaces&v=4.0 HTTP/1.1" 304 -
200.118.59.55 - - [16/Dec/2023:14:57:55 -0500] "GET /sipse/faces/javax.faces.resource/jquery/jquery.js?ln=primefaces&v=4.0 HTTP/1.1" 304 -
200.118.59.55 - - [16/Dec/2023:14:57:55 -0500] "GET /sipse/faces/javax.faces.resource/primefaces.js?ln=primefaces&v=4.0 HTTP/1.1" 304 -
200.118.59.55 - - [16/Dec/2023:14:57:55 -0500] "GET /sipse/faces/javax.faces.resource/layout/layout.js?ln=primefaces&v=4.0 HTTP/1.1" 304 -
200.118.59.55 - - [16/Dec/2023:14:57:55 -0500] "GET /sipse/faces/javax.faces.resource/dynamiccontent.properties?ln=primefaces&pfdrid=XjOR5%2F%2FfPAZAuY9TpWQeCiM0BhlXxYRBGKi%2FQcXXfeA%3D&pfdrid_c=false HTTP/1.1" 500 383
200.118.59.55 - - [16/Dec/2023:14:57:57 -0500] "POST /sipse/faces/presentacion/financiero/solicitudProceso/consultarSolicitudProceso.xhtml HTTP/1.1" 200 22413
200.118.59.55 - - [16/Dec/2023:14:57:58 -0500] "GET /sipse/faces/javax.faces.resource/primefaces.css?ln=primefaces&v=4.0 HTTP/1.1" 304 -
200.118.59.55 - - [16/Dec/2023:14:57:58 -0500] "GET /sipse/faces/javax.faces.resource/jquery/jquery.js?ln=primefaces&v=4.0 HTTP/1.1" 304 -
200.118.59.55 - - [16/Dec/2023:14:57:58 -0500] "GET /sipse/faces/javax.faces.resource/theme.css?ln=primefaces-sipse HTTP/1.1" 304 -
200.118.59.55 - - [16/Dec/2023:14:57:58 -0500] "GET /sipse/faces/javax.faces.resource/jquery/jquery-plugins.js?ln=primefaces&v=4.0 HTTP/1.1" 304 -
200.118.59.55 - - [16/Dec/2023:14:57:58 -0500] "GET /sipse/faces/javax.faces.resource/layout/layout.css?ln=primefaces&v=4.0 HTTP/1.1" 304 -
200.118.59.55 - - [16/Dec/2023:14:57:58 -0500] "GET /sipse/faces/javax.faces.resource/fileupload/fileupload.css?ln=primefaces&v=4.0 HTTP/1.1" 304 -
200.118.59.55 - - [16/Dec/2023:14:57:58 -0500] "GET /sipse/faces/javax.faces.resource/primefaces.js?ln=primefaces&v=4.0 HTTP/1.1" 304 -
200.118.59.55 - - [16/Dec/2023:14:57:58 -0500] "GET /sipse/faces/javax.faces.resource/layout/layout.js?ln=primefaces&v=4.0 HTTP/1.1" 304 -
200.118.59.55 - - [16/Dec/2023:14:57:58 -0500] "GET /sipse/faces/javax.faces.resource/fileupload/fileupload.js?ln=primefaces&v=4.0 HTTP/1.1" 304 -
201.245.192.253 - - [16/Dec/2023:14:58:03 -0500] "POST /forms/lservlet;jsessionid=ac16012b30d68f87e6b31bdd4159a82faa45787d3329.e3iSbxaKaheRe34Qc38TbN0Nb41ynknvrkLOlQzNp65In0 HTTP/1.1" 200 2
200.118.59.55 - - [16/Dec/2023:14:58:04 -0500] "POST /sipse/faces/presentacion/sistema/anexos/cargarAnexoSolicitudProceso.xhtml HTTP/1.1" 200 158390
200.118.59.55 - - [16/Dec/2023:14:58:05 -0500] "GET /sipse/faces/javax.faces.resource/theme.css?ln=primefaces-sipse HTTP/1.1" 304 -
200.118.59.55 - - [16/Dec/2023:14:58:05 -0500] "GET /sipse/faces/javax.faces.resource/layout/layout.css?ln=primefaces&v=4.0 HTTP/1.1" 304 -
200.118.59.55 - - [16/Dec/2023:14:58:05 -0500] "GET /sipse/faces/javax.faces.resource/primefaces.css?ln=primefaces&v=4.0 HTTP/1.1" 304 -
200.118.59.55 - - [16/Dec/2023:14:58:05 -0500] "GET /sipse/faces/javax.faces.resource/jquery/jquery-plugins.js?ln=primefaces&v=4.0 HTTP/1.1" 304 -
200.118.59.55 - - [16/Dec/2023:14:58:05 -0500] "GET /sipse/faces/javax.faces.resource/primefaces.js?ln=primefaces&v=4.0 HTTP/1.1" 304 -
200.118.59.55 - - [16/Dec/2023:14:58:05 -0500] "GET /sipse/faces/javax.faces.resource/jquery/jquery.js?ln=primefaces&v=4.0 HTTP/1.1" 304 -
200.118.59.55 - - [16/Dec/2023:14:58:05 -0500] "GET /sipse/faces/javax.faces.resource/layout/layout.js?ln=primefaces&v=4.0 HTTP/1.1" 304 -
200.118.59.55 - - [16/Dec/2023:14:58:05 -0500] "GET /sipse/faces/javax.faces.resource/dynamiccontent.properties?ln=primefaces&pfdrid=XjOR5%2F%2FfPAZAuY9TpWQeCiM0BhlXxYRBGKi%2FQcXXfeA%3D&pfdrid_c=false HTTP/1.1" 500 383
201.245.192.253 - - [16/Dec/2023:14:58:26 -0500] "POST /kwsrmcab/Wsrmcab  HTTP/1.1" 200 37894
200.118.59.55 - - [16/Dec/2023:14:58:38 -0500] "POST /sipse/faces/presentacion/financiero/solicitudProceso/consultarSolicitudProceso.xhtml HTTP/1.1" 200 65879
201.245.192.253 - - [16/Dec/2023:14:58:41 -0500] "POST /forms/lservlet;jsessionid=ac16012b30d665b9d6b5cea24731bd918aefbc6c9e46.e3iSbxaKaheRe34Qc38TbN0Nb41ynknvrkLOlQzNp65In0 HTTP/1.1" 200 2
200.118.59.55 - - [16/Dec/2023:14:58:41 -0500] "GET /sipse/faces/javax.faces.resource/theme.css?ln=primefaces-sipse HTTP/1.1" 304 -
200.118.59.55 - - [16/Dec/2023:14:58:41 -0500] "GET /sipse/faces/javax.faces.resource/primefaces.css?ln=primefaces&v=4.0 HTTP/1.1" 304 -
200.118.59.55 - - [16/Dec/2023:14:58:41 -0500] "GET /sipse/faces/javax.faces.resource/layout/layout.css?ln=primefaces&v=4.0 HTTP/1.1" 304 -
200.118.59.55 - - [16/Dec/2023:14:58:41 -0500] "GET /sipse/faces/javax.faces.resource/jquery/jquery.js?ln=primefaces&v=4.0 HTTP/1.1" 304 -
200.118.59.55 - - [16/Dec/2023:14:58:41 -0500] "GET /sipse/faces/javax.faces.resource/jquery/jquery-plugins.js?ln=primefaces&v=4.0 HTTP/1.1" 304 -
200.118.59.55 - - [16/Dec/2023:14:58:41 -0500] "GET /sipse/faces/javax.faces.resource/primefaces.js?ln=primefaces&v=4.0 HTTP/1.1" 304 -
200.118.59.55 - - [16/Dec/2023:14:58:41 -0500] "GET /sipse/faces/javax.faces.resource/layout/layout.js?ln=primefaces&v=4.0 HTTP/1.1" 304 -
200.118.59.55 - - [16/Dec/2023:14:58:41 -0500] "GET /sipse/faces/javax.faces.resource/messages/messages.png?ln=primefaces&v=4.0 HTTP/1.1" 304 -
200.118.59.55 - - [16/Dec/2023:14:58:41 -0500] "POST /sipse/faces/presentacion/financiero/solicitudProceso/listarSolicitudProceso.xhtml HTTP/1.1" 200 1556
200.118.59.55 - - [16/Dec/2023:14:58:44 -0500] "POST /sipse/faces/presentacion/financiero/solicitudProceso/listarSolicitudProceso.xhtml HTTP/1.1" 200 32082
200.118.59.55 - - [16/Dec/2023:14:58:45 -0500] "POST /sipse/faces/presentacion/financiero/solicitudProceso/listarSolicitudProceso.xhtml HTTP/1.1" 200 5245
200.118.59.55 - - [16/Dec/2023:14:59:44 -0500] "POST /sipse/faces/presentacion/financiero/solicitudProceso/listarSolicitudProceso.xhtml HTTP/1.1" 200 32130
186.84.20.162 - - [16/Dec/2023:14:59:49 -0500] "GET /BLA/resoluciones/index.php?dir=AUTOS+2021%2F HTTP/1.1" 200 398874
201.245.192.253 - - [16/Dec/2023:15:00:03 -0500] "POST /forms/lservlet;jsessionid=ac16012b30d68f87e6b31bdd4159a82faa45787d3329.e3iSbxaKaheRe34Qc38TbN0Nb41ynknvrkLOlQzNp65In0 HTTP/1.1" 200 2
201.245.192.253 - - [16/Dec/2023:15:00:41 -0500] "POST /forms/lservlet;jsessionid=ac16012b30d665b9d6b5cea24731bd918aefbc6c9e46.e3iSbxaKaheRe34Qc38TbN0Nb41ynknvrkLOlQzNp65In0 HTTP/1.1" 200 2
201.245.192.253 - - [16/Dec/2023:15:02:03 -0500] "POST /forms/lservlet;jsessionid=ac16012b30d68f87e6b31bdd4159a82faa45787d3329.e3iSbxaKaheRe34Qc38TbN0Nb41ynknvrkLOlQzNp65In0 HTTP/1.1" 200 2
87.250.224.23 - - [16/Dec/2023:15:02:05 -0500] "GET /robots.txt HTTP/1.1" 404 1018
87.250.224.9 - - [16/Dec/2023:15:02:06 -0500] "GET / HTTP/1.1" 200 319
172.22.2.4 - - [16/Dec/2023:15:00:40 -0500] "HEAD /BLA/boletinlegal/ HTTP/1.1" 200 -
201.245.192.253 - - [16/Dec/2023:15:02:41 -0500] "POST /forms/lservlet;jsessionid=ac16012b30d665b9d6b5cea24731bd918aefbc6c9e46.e3iSbxaKaheRe34Qc38TbN0Nb41ynknvrkLOlQzNp65In0 HTTP/1.1" 200 2
216.245.221.92 - - [16/Dec/2023:15:02:49 -0500] "HEAD / HTTP/1.1" 200 -
199.16.157.181 - - [16/Dec/2023:15:03:10 -0500] "GET /images/cr%C3%B3nica-29-nov-1_optimized.jpeg HTTP/1.1" 404 1034
172.22.2.4 - - [16/Dec/2023:15:01:31 -0500] "GET /BLA/boletinlegal/ HTTP/1.1" 200 42651
201.245.192.253 - - [16/Dec/2023:15:03:25 -0500] "POST /kwsrmcab/Wsrmcab  HTTP/1.1" 200 37894
216.244.66.195 - - [16/Dec/2023:15:03:37 -0500] "GET /BLA/resoluciones/AUTOS%202016/0584.pdf HTTP/1.1" 200 473910
201.245.192.253 - - [16/Dec/2023:15:04:04 -0500] "POST /forms/lservlet;jsessionid=ac16012b30d68f87e6b31bdd4159a82faa45787d3329.e3iSbxaKaheRe34Qc38TbN0Nb41ynknvrkLOlQzNp65In0 HTTP/1.1" 200 2
173.252.127.22 - - [16/Dec/2023:15:04:19 -0500] "GET /chulo-o-gallinazo-un-carronero-que-cumple-un-papel-fundamental-en-los-ecosistemas.html HTTP/1.1" 200 784
201.245.192.253 - - [16/Dec/2023:15:04:41 -0500] "POST /forms/lservlet;jsessionid=ac16012b30d665b9d6b5cea24731bd918aefbc6c9e46.e3iSbxaKaheRe34Qc38TbN0Nb41ynknvrkLOlQzNp65In0 HTTP/1.1" 200 2
200.118.59.55 - - [16/Dec/2023:15:04:45 -0500] "POST /sipse/faces/presentacion/financiero/solicitudProceso/listarSolicitudProceso.xhtml HTTP/1.1" 200 32130
200.118.59.55 - - [16/Dec/2023:15:04:47 -0500] "POST /sipse/faces/presentacion/financiero/solicitudProceso/listarSolicitudProceso.xhtml HTTP/1.1" 200 5257
200.118.59.55 - - [16/Dec/2023:15:04:49 -0500] "POST /sipse/faces/presentacion/financiero/solicitudProceso/listarSolicitudProceso.xhtml HTTP/1.1" 200 32556
172.22.2.4 - - [16/Dec/2023:15:04:53 -0500] "GET /BLA/boletinlegal/Directivas/2009/Directiva%20No.%20del%2023%20de%20Diciembre%20de%202009.pdf HTTP/1.1" 200 1636862
200.118.59.55 - - [16/Dec/2023:15:05:05 -0500] "POST /sipse/faces/presentacion/financiero/solicitudProceso/listarSolicitudProceso.xhtml HTTP/1.1" 200 120878
200.118.59.55 - - [16/Dec/2023:15:05:06 -0500] "GET /sipse/faces/javax.faces.resource/theme.css?ln=primefaces-sipse HTTP/1.1" 304 -
200.118.59.55 - - [16/Dec/2023:15:05:06 -0500] "GET /sipse/faces/javax.faces.resource/layout/layout.css?ln=primefaces&v=4.0 HTTP/1.1" 304 -
200.118.59.55 - - [16/Dec/2023:15:05:06 -0500] "GET /sipse/faces/javax.faces.resource/primefaces.css?ln=primefaces&v=4.0 HTTP/1.1" 304 -
200.118.59.55 - - [16/Dec/2023:15:05:06 -0500] "GET /sipse/css/imagen/contrasena.png HTTP/1.1" 404 383
200.118.59.55 - - [16/Dec/2023:15:05:06 -0500] "GET /sipse/faces/javax.faces.resource/jquery/jquery.js?ln=primefaces&v=4.0 HTTP/1.1" 304 -
200.118.59.55 - - [16/Dec/2023:15:05:06 -0500] "GET /sipse/faces/javax.faces.resource/jquery/jquery-plugins.js?ln=primefaces&v=4.0 HTTP/1.1" 304 -
200.118.59.55 - - [16/Dec/2023:15:05:07 -0500] "GET /sipse/faces/javax.faces.resource/primefaces.js?ln=primefaces&v=4.0 HTTP/1.1" 304 -
200.118.59.55 - - [16/Dec/2023:15:05:07 -0500] "GET /sipse/faces/javax.faces.resource/layout/layout.js?ln=primefaces&v=4.0 HTTP/1.1" 304 -
200.118.59.55 - - [16/Dec/2023:15:05:07 -0500] "GET /sipse/faces/javax.faces.resource/images/ui-icons_898989_256x240.png?ln=primefaces-aristo HTTP/1.1" 304 -
200.118.59.55 - - [16/Dec/2023:15:05:07 -0500] "GET /sipse/faces/javax.faces.resource/dynamiccontent.properties?ln=primefaces&pfdrid=XjOR5%2F%2FfPAZAuY9TpWQeCiM0BhlXxYRBGKi%2FQcXXfeA%3D&pfdrid_c=false HTTP/1.1" 500 383
200.118.59.55 - - [16/Dec/2023:15:05:10 -0500] "GET /sipse/faces/javax.faces.resource/images/ui-bg_flat_0_2d5972_40x100.png?ln=primefaces-aristo HTTP/1.1" 304 -
200.118.59.55 - - [16/Dec/2023:15:05:10 -0500] "POST /sipse/faces/presentacion/financiero/solicitudProceso/consultarSolicitudProceso.xhtml HTTP/1.1" 200 65378
200.118.59.55 - - [16/Dec/2023:15:05:11 -0500] "GET /sipse/faces/javax.faces.resource/layout/layout.css?ln=primefaces&v=4.0 HTTP/1.1" 304 -
200.118.59.55 - - [16/Dec/2023:15:05:11 -0500] "GET /sipse/faces/javax.faces.resource/primefaces.css?ln=primefaces&v=4.0 HTTP/1.1" 304 -
200.118.59.55 - - [16/Dec/2023:15:05:11 -0500] "GET /sipse/faces/javax.faces.resource/theme.css?ln=primefaces-sipse HTTP/1.1" 304 -
200.118.59.55 - - [16/Dec/2023:15:05:11 -0500] "GET /sipse/faces/javax.faces.resource/jquery/jquery.js?ln=primefaces&v=4.0 HTTP/1.1" 304 -
200.118.59.55 - - [16/Dec/2023:15:05:11 -0500] "GET /sipse/faces/javax.faces.resource/jquery/jquery-plugins.js?ln=primefaces&v=4.0 HTTP/1.1" 304 -
200.118.59.55 - - [16/Dec/2023:15:05:11 -0500] "GET /sipse/faces/javax.faces.resource/primefaces.js?ln=primefaces&v=4.0 HTTP/1.1" 304 -
200.118.59.55 - - [16/Dec/2023:15:05:11 -0500] "GET /sipse/faces/javax.faces.resource/layout/layout.js?ln=primefaces&v=4.0 HTTP/1.1" 304 -
200.118.59.55 - - [16/Dec/2023:15:05:11 -0500] "POST /sipse/faces/presentacion/financiero/solicitudProceso/listarSolicitudProceso.xhtml HTTP/1.1" 200 58630
200.118.59.55 - - [16/Dec/2023:15:05:11 -0500] "POST /sipse/faces/presentacion/financiero/solicitudProceso/listarSolicitudProceso.xhtml HTTP/1.1" 200 58630
200.118.59.55 - - [16/Dec/2023:15:05:12 -0500] "POST /sipse/faces/presentacion/financiero/solicitudProceso/listarSolicitudProceso.xhtml HTTP/1.1" 200 1556
200.118.59.55 - - [16/Dec/2023:15:05:12 -0500] "POST /sipse/faces/presentacion/financiero/solicitudProceso/listarSolicitudProceso.xhtml HTTP/1.1" 200 1552
200.118.59.55 - - [16/Dec/2023:15:05:12 -0500] "POST /sipse/faces/presentacion/financiero/solicitudProceso/listarSolicitudProceso.xhtml HTTP/1.1" 200 1564
200.118.59.55 - - [16/Dec/2023:15:05:13 -0500] "POST /sipse/faces/presentacion/financiero/solicitudProceso/listarSolicitudProceso.xhtml HTTP/1.1" 200 32288
201.245.192.253 - - [16/Dec/2023:15:06:04 -0500] "POST /forms/lservlet;jsessionid=ac16012b30d68f87e6b31bdd4159a82faa45787d3329.e3iSbxaKaheRe34Qc38TbN0Nb41ynknvrkLOlQzNp65In0 HTTP/1.1" 200 2
216.244.66.195 - - [16/Dec/2023:15:06:38 -0500] "GET /BLA/resoluciones/AUTOS%202016/2780.pdf HTTP/1.1" 200 325736
201.245.192.253 - - [16/Dec/2023:15:06:41 -0500] "POST /forms/lservlet;jsessionid=ac16012b30d665b9d6b5cea24731bd918aefbc6c9e46.e3iSbxaKaheRe34Qc38TbN0Nb41ynknvrkLOlQzNp65In0 HTTP/1.1" 200 2
207.46.13.155 - - [16/Dec/2023:15:06:57 -0500] "GET /galeria/galeria/jquery.fancybox.css?v=2.1.5 HTTP/1.1" 200 4895
40.77.167.25 - - [16/Dec/2023:15:07:02 -0500] "GET /galeria/galeria/jquery.fancybox.js?v=2.1.5 HTTP/1.1" 200 48706
186.84.90.255 - - [16/Dec/2023:15:07:18 -0500] "GET /galeria/galeria/jquery.fancybox.css?v=2.1.5 HTTP/1.1" 200 4895
216.245.221.92 - - [16/Dec/2023:15:07:49 -0500] "HEAD / HTTP/1.1" 200 -
201.245.192.253 - - [16/Dec/2023:15:08:04 -0500] "POST /forms/lservlet;jsessionid=ac16012b30d68f87e6b31bdd4159a82faa45787d3329.e3iSbxaKaheRe34Qc38TbN0Nb41ynknvrkLOlQzNp65In0 HTTP/1.1" 200 2
216.244.66.195 - - [16/Dec/2023:15:08:06 -0500] "GET /BLA/resoluciones/AUTOS%202019/2293.pdf HTTP/1.1" 200 332830
172.22.2.4 - - [16/Dec/2023:15:06:30 -0500] "HEAD /BLA/boletinlegal/ HTTP/1.1" 200 -
201.245.192.253 - - [16/Dec/2023:15:08:23 -0500] "POST /kwsrmcab/Wsrmcab  HTTP/1.1" 200 37894
201.245.192.253 - - [16/Dec/2023:15:08:41 -0500] "POST /forms/lservlet;jsessionid=ac16012b30d665b9d6b5cea24731bd918aefbc6c9e46.e3iSbxaKaheRe34Qc38TbN0Nb41ynknvrkLOlQzNp65In0 HTTP/1.1" 200 2
216.244.66.195 - - [16/Dec/2023:15:08:50 -0500] "GET /BLA/resoluciones/RESOLUCIONES%202023/0261.pdf HTTP/1.1" 200 386743
172.22.2.4 - - [16/Dec/2023:15:07:21 -0500] "GET /BLA/boletinlegal/ HTTP/1.1" 200 58294
216.244.66.195 - - [16/Dec/2023:15:09:29 -0500] "GET /BLA/resoluciones/RESOLUCIONES%202023/0757.pdf HTTP/1.1" 200 493144
201.245.192.253 - - [16/Dec/2023:15:10:04 -0500] "POST /forms/lservlet;jsessionid=ac16012b30d68f87e6b31bdd4159a82faa45787d3329.e3iSbxaKaheRe34Qc38TbN0Nb41ynknvrkLOlQzNp65In0 HTTP/1.1" 200 2
216.244.66.195 - - [16/Dec/2023:15:10:10 -0500] "GET /BLA/resoluciones/RESOLUCIONES%202023/1458.pdf HTTP/1.1" 200 388747
201.245.192.253 - - [16/Dec/2023:15:10:41 -0500] "POST /forms/lservlet;jsessionid=ac16012b30d665b9d6b5cea24731bd918aefbc6c9e46.e3iSbxaKaheRe34Qc38TbN0Nb41ynknvrkLOlQzNp65In0 HTTP/1.1" 200 2
216.244.66.195 - - [16/Dec/2023:15:10:48 -0500] "GET /BLA/resoluciones/RESOLUCIONES%202023/1597.pdf HTTP/1.1" 200 397812
216.244.66.195 - - [16/Dec/2023:15:11:21 -0500] "GET /BLA/resoluciones/RESOLUCIONES%202023/1674.pdf HTTP/1.1" 200 328040
216.244.66.195 - - [16/Dec/2023:15:11:51 -0500] "GET /BLA/resoluciones/RESOLUCIONES%201997/0189.pdf HTTP/1.1" 200 41988
201.245.192.253 - - [16/Dec/2023:15:12:04 -0500] "POST /forms/lservlet;jsessionid=ac16012b30d68f87e6b31bdd4159a82faa45787d3329.e3iSbxaKaheRe34Qc38TbN0Nb41ynknvrkLOlQzNp65In0 HTTP/1.1" 200 2
216.244.66.195 - - [16/Dec/2023:15:12:19 -0500] "GET /BLA/resoluciones/RESOLUCIONES%201997/0801.pdf HTTP/1.1" 200 43209
201.245.192.253 - - [16/Dec/2023:15:12:41 -0500] "POST /forms/lservlet;jsessionid=ac16012b30d665b9d6b5cea24731bd918aefbc6c9e46.e3iSbxaKaheRe34Qc38TbN0Nb41ynknvrkLOlQzNp65In0 HTTP/1.1" 200 2
216.244.66.195 - - [16/Dec/2023:15:12:46 -0500] "GET /BLA/resoluciones/RESOLUCIONES%202017/0217.pdf HTTP/1.1" 200 401636
216.245.221.92 - - [16/Dec/2023:15:12:49 -0500] "HEAD / HTTP/1.1" 200 -
