190.70.192.175 - - [16/Dec/2023:09:25:44 -0500] "GET /sipse/faces/javax.faces.resource/jquery/jquery-plugins.js;jsessionid=lsdrxHtVYjPGC72hgp9+c0Bm.undefined?ln=primefaces&v=4.0 HTTP/1.1" 200 220526
190.70.192.175 - - [16/Dec/2023:09:25:44 -0500] "GET /sipse/faces/javax.faces.resource/primefaces.js;jsessionid=lsdrxHtVYjPGC72hgp9+c0Bm.undefined?ln=primefaces&v=4.0 HTTP/1.1" 200 276924
190.70.192.175 - - [16/Dec/2023:09:25:44 -0500] "GET /sipse/faces/javax.faces.resource/layout/layout.js;jsessionid=lsdrxHtVYjPGC72hgp9+c0Bm.undefined?ln=primefaces&v=4.0 HTTP/1.1" 200 87560
190.70.192.175 - - [16/Dec/2023:09:25:45 -0500] "GET /sipse/faces/javax.faces.resource/images/ui-icons_898989_256x240.png?ln=primefaces-aristo HTTP/1.1" 304 -
190.70.192.175 - - [16/Dec/2023:09:25:45 -0500] "GET /sipse/faces/index.xhtml HTTP/1.1" 200 677
190.70.192.175 - - [16/Dec/2023:09:25:45 -0500] "GET /sipse/faces/javax.faces.resource/theme.css?ln=primefaces-sipse HTTP/1.1" 304 -
190.70.192.175 - - [16/Dec/2023:09:25:45 -0500] "GET /sipse/faces/faces/autenticacion.xhtml HTTP/1.1" 200 12407
190.70.192.175 - - [16/Dec/2023:09:25:46 -0500] "GET /sipse/faces/javax.faces.resource/layout/layout.css?ln=primefaces&v=4.0 HTTP/1.1" 304 -
190.70.192.175 - - [16/Dec/2023:09:25:46 -0500] "GET /sipse/faces/javax.faces.resource/theme.css?ln=primefaces-sipse HTTP/1.1" 304 -
190.70.192.175 - - [16/Dec/2023:09:25:46 -0500] "GET /sipse/faces/javax.faces.resource/primefaces.css?ln=primefaces&v=4.0 HTTP/1.1" 304 -
190.70.192.175 - - [16/Dec/2023:09:25:46 -0500] "GET /sipse/faces/javax.faces.resource/jquery/jquery.js?ln=primefaces&v=4.0 HTTP/1.1" 304 -
190.70.192.175 - - [16/Dec/2023:09:25:46 -0500] "GET /sipse/faces/javax.faces.resource/jquery/jquery-plugins.js?ln=primefaces&v=4.0 HTTP/1.1" 304 -
190.70.192.175 - - [16/Dec/2023:09:25:46 -0500] "GET /sipse/faces/javax.faces.resource/primefaces.js?ln=primefaces&v=4.0 HTTP/1.1" 304 -
190.70.192.175 - - [16/Dec/2023:09:25:46 -0500] "GET /sipse/faces/javax.faces.resource/layout/layout.js?ln=primefaces&v=4.0 HTTP/1.1" 304 -
190.70.192.175 - - [16/Dec/2023:09:25:51 -0500] "POST /sipse/faces/autenticacion.xhtml HTTP/1.1" 200 2220
190.70.192.175 - - [16/Dec/2023:09:25:51 -0500] "GET /sipse/faces/javax.faces.resource/messages/messages.png?ln=primefaces&v=4.0 HTTP/1.1" 200 27209
190.70.192.175 - - [16/Dec/2023:09:25:52 -0500] "GET /sipse/faces/javax.faces.resource/images/ui-icons_898989_256x240.png?ln=primefaces-aristo HTTP/1.1" 304 -
190.70.192.175 - - [16/Dec/2023:09:25:53 -0500] "POST /sipse/faces/autenticacion.xhtml HTTP/1.1" 200 16475
190.70.192.175 - - [16/Dec/2023:09:25:53 -0500] "GET /sipse/css/custom_css_sg_prime.css HTTP/1.1" 200 5201
190.70.192.175 - - [16/Dec/2023:09:25:53 -0500] "GET /sipse/faces/javax.faces.resource/primefaces.css?ln=primefaces&v=4.0 HTTP/1.1" 304 -
190.70.192.175 - - [16/Dec/2023:09:25:53 -0500] "GET /sipse/faces/javax.faces.resource/theme.css?ln=primefaces-sipse HTTP/1.1" 304 -
190.70.192.175 - - [16/Dec/2023:09:25:53 -0500] "GET /sipse/faces/javax.faces.resource/layout/layout.css?ln=primefaces&v=4.0 HTTP/1.1" 304 -
190.70.192.175 - - [16/Dec/2023:09:25:53 -0500] "GET /sipse/js/jquery.min.js HTTP/1.1" 200 85582
190.70.192.175 - - [16/Dec/2023:09:25:53 -0500] "GET /sipse/faces/javax.faces.resource/jquery/jquery.js?ln=primefaces&v=4.0 HTTP/1.1" 304 -
190.70.192.175 - - [16/Dec/2023:09:25:53 -0500] "GET /sipse/faces/javax.faces.resource/jquery/jquery-plugins.js?ln=primefaces&v=4.0 HTTP/1.1" 304 -
190.70.192.175 - - [16/Dec/2023:09:25:53 -0500] "GET /sipse/faces/javax.faces.resource/primefaces.js?ln=primefaces&v=4.0 HTTP/1.1" 304 -
190.70.192.175 - - [16/Dec/2023:09:25:53 -0500] "GET /sipse/faces/javax.faces.resource/layout/layout.js?ln=primefaces&v=4.0 HTTP/1.1" 304 -
190.70.192.175 - - [16/Dec/2023:09:25:53 -0500] "GET /sipse/css/v_mergente.css HTTP/1.1" 200 1505
190.70.192.175 - - [16/Dec/2023:09:25:53 -0500] "GET /sipse/css/imagen/contrasena.png HTTP/1.1" 404 383
190.70.192.175 - - [16/Dec/2023:09:25:53 -0500] "GET /sipse/imagenes/cargando.gif HTTP/1.1" 200 36959
190.70.192.175 - - [16/Dec/2023:09:25:53 -0500] "GET /sipse/imagenes/logoAplicacion.jpg HTTP/1.1" 200 155084
201.245.192.253 - - [16/Dec/2023:09:25:53 -0500] "POST /kwsrmcab/Wsrmcab HTTP/1.1" 200 36430
190.70.192.175 - - [16/Dec/2023:09:25:57 -0500] "POST /sipse/faces/bienvenido.xhtml HTTP/1.1" 200 2658
190.70.192.175 - - [16/Dec/2023:09:25:57 -0500] "GET /sipse/faces/javax.faces.resource/images/ui-bg_flat_0_2d5972_40x100.png?ln=primefaces-aristo HTTP/1.1" 200 183
201.245.192.253 - - [16/Dec/2023:09:25:56 -0500] "POST /kwsrmcab/Wsrmcab HTTP/1.1" 200 39169
201.245.192.253 - - [16/Dec/2023:09:26:00 -0500] "POST /forms/lservlet;jsessionid=ac16012b30d68f87e6b31bdd4159a82faa45787d3329.e3iSbxaKaheRe34Qc38TbN0Nb41ynknvrkLOlQzNp65In0 HTTP/1.1" 200 2
190.70.192.175 - - [16/Dec/2023:09:25:58 -0500] "POST /sipse/faces/bienvenido.xhtml HTTP/1.1" 200 65743
190.70.192.175 - - [16/Dec/2023:09:26:01 -0500] "GET /sipse/faces/javax.faces.resource/theme.css?ln=primefaces-sipse HTTP/1.1" 304 -
190.70.192.175 - - [16/Dec/2023:09:26:01 -0500] "GET /sipse/faces/javax.faces.resource/layout/layout.css?ln=primefaces&v=4.0 HTTP/1.1" 304 -
190.70.192.175 - - [16/Dec/2023:09:26:01 -0500] "GET /sipse/faces/javax.faces.resource/primefaces.css?ln=primefaces&v=4.0 HTTP/1.1" 304 -
190.70.192.175 - - [16/Dec/2023:09:26:01 -0500] "GET /sipse/faces/javax.faces.resource/jquery/jquery.js?ln=primefaces&v=4.0 HTTP/1.1" 304 -
190.70.192.175 - - [16/Dec/2023:09:26:01 -0500] "GET /sipse/faces/javax.faces.resource/jquery/jquery-plugins.js?ln=primefaces&v=4.0 HTTP/1.1" 304 -
190.70.192.175 - - [16/Dec/2023:09:26:01 -0500] "GET /sipse/faces/javax.faces.resource/primefaces.js?ln=primefaces&v=4.0 HTTP/1.1" 304 -
190.70.192.175 - - [16/Dec/2023:09:26:01 -0500] "GET /sipse/faces/javax.faces.resource/layout/layout.js?ln=primefaces&v=4.0 HTTP/1.1" 304 -
190.70.192.175 - - [16/Dec/2023:09:26:01 -0500] "POST /sipse/faces/presentacion/financiero/solicitudProceso/listarSolicitudProceso.xhtml HTTP/1.1" 200 1556
190.70.192.175 - - [16/Dec/2023:09:26:05 -0500] "POST /sipse/faces/presentacion/financiero/solicitudProceso/listarSolicitudProceso.xhtml HTTP/1.1" 200 45999
190.70.192.175 - - [16/Dec/2023:09:26:07 -0500] "POST /sipse/faces/presentacion/financiero/solicitudProceso/listarSolicitudProceso.xhtml HTTP/1.1" 200 46362
190.70.192.175 - - [16/Dec/2023:09:26:09 -0500] "POST /sipse/faces/presentacion/financiero/solicitudProceso/listarSolicitudProceso.xhtml HTTP/1.1" 200 18805
207.46.13.126 - - [16/Dec/2023:09:26:35 -0500] "GET /el-reverdecer-de-bogota-no-para-207-nuevos-arboles-plantados-en-el-sur-de-la-ciudad.html HTTP/1.1" 200 912
201.245.192.253 - - [16/Dec/2023:09:26:38 -0500] "POST /forms/lservlet;jsessionid=ac16012b30d665b9d6b5cea24731bd918aefbc6c9e46.e3iSbxaKaheRe34Qc38TbN0Nb41ynknvrkLOlQzNp65In0 HTTP/1.1" 200 2
216.245.221.92 - - [16/Dec/2023:09:27:50 -0500] "HEAD / HTTP/1.1" 200 -
201.245.192.253 - - [16/Dec/2023:09:28:00 -0500] "POST /forms/lservlet;jsessionid=ac16012b30d68f87e6b31bdd4159a82faa45787d3329.e3iSbxaKaheRe34Qc38TbN0Nb41ynknvrkLOlQzNp65In0 HTTP/1.1" 200 2
201.245.192.253 - - [16/Dec/2023:09:28:38 -0500] "POST /forms/lservlet;jsessionid=ac16012b30d665b9d6b5cea24731bd918aefbc6c9e46.e3iSbxaKaheRe34Qc38TbN0Nb41ynknvrkLOlQzNp65In0 HTTP/1.1" 200 2
201.245.192.253 - - [16/Dec/2023:09:29:46 -0500] "POST /kwsrmcab/Wsrmcab HTTP/1.1" 200 36430
172.22.2.4 - - [16/Dec/2023:09:28:11 -0500] "HEAD /BLA/boletinlegal/ HTTP/1.1" 200 -
201.245.192.253 - - [16/Dec/2023:09:29:51 -0500] "POST /kwsrmcab/Wsrmcab HTTP/1.1" 200 39169
201.245.192.253 - - [16/Dec/2023:09:29:58 -0500] "POST /kwsrmcab/Wsrmcab  HTTP/1.1" 200 37894
201.245.192.253 - - [16/Dec/2023:09:30:00 -0500] "POST /forms/lservlet;jsessionid=ac16012b30d68f87e6b31bdd4159a82faa45787d3329.e3iSbxaKaheRe34Qc38TbN0Nb41ynknvrkLOlQzNp65In0 HTTP/1.1" 200 2
201.245.192.253 - - [16/Dec/2023:09:30:38 -0500] "POST /forms/lservlet;jsessionid=ac16012b30d665b9d6b5cea24731bd918aefbc6c9e46.e3iSbxaKaheRe34Qc38TbN0Nb41ynknvrkLOlQzNp65In0 HTTP/1.1" 200 2
172.22.2.4 - - [16/Dec/2023:09:29:02 -0500] "GET /BLA/boletinlegal/ HTTP/1.1" 200 60634
40.77.167.152 - - [16/Dec/2023:09:31:15 -0500] "GET /sipse/faces/autenticacion.xhtml HTTP/1.1" 200 12729
201.245.192.253 - - [16/Dec/2023:09:32:01 -0500] "POST /forms/lservlet;jsessionid=ac16012b30d68f87e6b31bdd4159a82faa45787d3329.e3iSbxaKaheRe34Qc38TbN0Nb41ynknvrkLOlQzNp65In0 HTTP/1.1" 200 2
201.245.192.253 - - [16/Dec/2023:09:32:38 -0500] "POST /forms/lservlet;jsessionid=ac16012b30d665b9d6b5cea24731bd918aefbc6c9e46.e3iSbxaKaheRe34Qc38TbN0Nb41ynknvrkLOlQzNp65In0 HTTP/1.1" 200 2
216.245.221.92 - - [16/Dec/2023:09:32:50 -0500] "HEAD / HTTP/1.1" 200 -
66.220.149.19 - - [16/Dec/2023:09:33:41 -0500] "GET /images/negocios-verdes-mayo-2022.jpg HTTP/1.1" 200 48000
201.245.192.253 - - [16/Dec/2023:09:34:01 -0500] "POST /forms/lservlet;jsessionid=ac16012b30d68f87e6b31bdd4159a82faa45787d3329.e3iSbxaKaheRe34Qc38TbN0Nb41ynknvrkLOlQzNp65In0 HTTP/1.1" 200 2
207.46.13.78 - - [16/Dec/2023:09:34:25 -0500] "GET /sipse/faces/faces/autenticacion.xhtml HTTP/1.1" 200 12729
201.245.192.253 - - [16/Dec/2023:09:34:38 -0500] "POST /forms/lservlet;jsessionid=ac16012b30d665b9d6b5cea24731bd918aefbc6c9e46.e3iSbxaKaheRe34Qc38TbN0Nb41ynknvrkLOlQzNp65In0 HTTP/1.1" 200 2
52.167.144.220 - - [16/Dec/2023:09:34:40 -0500] "GET /sipse/js/funciones.js HTTP/1.1" 200 12592
40.77.167.152 - - [16/Dec/2023:09:34:45 -0500] "GET /sipse/css/custom_css_sg.css HTTP/1.1" 200 9694
40.77.167.152 - - [16/Dec/2023:09:34:45 -0500] "GET /sipse/faces/javax.faces.resource/jquery/jquery.js;jsessionid=uGpaZ3T5AB3w6FqUJnoGi0PH.undefined?ln=primefaces&v=4.0 HTTP/1.1" 200 105384
40.77.167.152 - - [16/Dec/2023:09:34:45 -0500] "GET /sipse/faces/javax.faces.resource/theme.css?ln=primefaces-sipse HTTP/1.1" 200 50058
40.77.167.152 - - [16/Dec/2023:09:34:46 -0500] "GET /sipse/js/disable_browser_buttons.js HTTP/1.1" 200 3230
201.245.192.253 - - [16/Dec/2023:09:34:56 -0500] "POST /kwsrmcab/Wsrmcab  HTTP/1.1" 200 37894
172.22.2.4 - - [16/Dec/2023:09:34:01 -0500] "HEAD /BLA/boletinlegal/ HTTP/1.1" 200 -
201.245.192.253 - - [16/Dec/2023:09:35:54 -0500] "POST /kwsrmcab/Wsrmcab HTTP/1.1" 200 36430
201.245.192.253 - - [16/Dec/2023:09:35:57 -0500] "POST /kwsrmcab/Wsrmcab HTTP/1.1" 200 39169
201.245.192.253 - - [16/Dec/2023:09:36:01 -0500] "POST /forms/lservlet;jsessionid=ac16012b30d68f87e6b31bdd4159a82faa45787d3329.e3iSbxaKaheRe34Qc38TbN0Nb41ynknvrkLOlQzNp65In0 HTTP/1.1" 200 2
172.22.2.4 - - [16/Dec/2023:09:34:52 -0500] "GET /BLA/boletinlegal/ HTTP/1.1" 200 60634
201.245.192.253 - - [16/Dec/2023:09:36:38 -0500] "POST /forms/lservlet;jsessionid=ac16012b30d665b9d6b5cea24731bd918aefbc6c9e46.e3iSbxaKaheRe34Qc38TbN0Nb41ynknvrkLOlQzNp65In0 HTTP/1.1" 200 2
179.19.60.15 - - [16/Dec/2023:09:37:13 -0500] "GET /catalogoisis/ HTTP/1.1" 200 8575
179.19.60.15 - - [16/Dec/2023:09:37:15 -0500] "GET /catalogoisis/ HTTP/1.1" 200 8575
179.19.60.15 - - [16/Dec/2023:09:37:15 -0500] "GET /catalogoisis/Css/Busqueda.css HTTP/1.1" 200 1995
179.19.60.15 - - [16/Dec/2023:09:37:15 -0500] "GET /catalogoisis/Js/Go.js HTTP/1.1" 200 364
179.19.60.15 - - [16/Dec/2023:09:37:15 -0500] "GET /catalogoisis/Js/LimpiarCombinada.js HTTP/1.1" 200 207
179.19.60.15 - - [16/Dec/2023:09:37:15 -0500] "GET /catalogoisis/Js/Numero.js HTTP/1.1" 200 398
179.19.60.15 - - [16/Dec/2023:09:37:15 -0500] "GET /catalogoisis/Js/Remote.js HTTP/1.1" 200 436
179.19.60.15 - - [16/Dec/2023:09:37:15 -0500] "GET /catalogoisis/Js/Cookies.js HTTP/1.1" 200 1369
179.19.60.15 - - [16/Dec/2023:09:37:15 -0500] "GET /catalogoisis/Js/AceptarLimpiar.js HTTP/1.1" 200 331
179.19.60.15 - - [16/Dec/2023:09:37:15 -0500] "GET /catalogoisis/Js/CriterioCombinada.js HTTP/1.1" 200 1843
179.19.60.15 - - [16/Dec/2023:09:37:15 -0500] "GET /catalogoisis/Js/Enter.js HTTP/1.1" 200 1208
179.19.60.15 - - [16/Dec/2023:09:37:15 -0500] "GET /catalogoisis/imagenes/br1c1.gif HTTP/1.1" 200 172
179.19.60.15 - - [16/Dec/2023:09:37:15 -0500] "GET /catalogoisis/imagenes/limpiar1.gif HTTP/1.1" 200 606
179.19.60.15 - - [16/Dec/2023:09:37:15 -0500] "GET /catalogoisis/imagenes/br1c3.gif HTTP/1.1" 200 302
179.19.60.15 - - [16/Dec/2023:09:37:15 -0500] "GET /catalogoisis/imagenes/Turnbo1.gif HTTP/1.1" 200 227
179.19.60.15 - - [16/Dec/2023:09:37:15 -0500] "GET /catalogoisis/imagenes/aceptar1.gif HTTP/1.1" 200 604
179.19.60.15 - - [16/Dec/2023:09:37:15 -0500] "GET /catalogoisis/imagenes/br3c1.gif HTTP/1.1" 200 177
179.19.60.15 - - [16/Dec/2023:09:37:15 -0500] "GET /catalogoisis/imagenes/Header.gif HTTP/1.1" 200 27040
179.19.60.15 - - [16/Dec/2023:09:37:15 -0500] "GET /catalogoisis/imagenes/br1c2.gif HTTP/1.1" 200 297
179.19.60.15 - - [16/Dec/2023:09:37:15 -0500] "GET /catalogoisis/imagenes/br3c2.gif HTTP/1.1" 200 285
179.19.60.15 - - [16/Dec/2023:09:37:15 -0500] "GET /catalogoisis/imagenes/br2c3.gif HTTP/1.1" 200 416
179.19.60.15 - - [16/Dec/2023:09:37:15 -0500] "GET /catalogoisis/imagenes/br2c2.gif HTTP/1.1" 200 302
179.19.60.15 - - [16/Dec/2023:09:37:15 -0500] "GET /catalogoisis/imagenes/br3c3.gif HTTP/1.1" 200 186
179.19.60.15 - - [16/Dec/2023:09:37:15 -0500] "GET /catalogoisis/imagenes/br2c1.gif HTTP/1.1" 200 297
179.19.60.15 - - [16/Dec/2023:09:37:16 -0500] "GET /favicon.ico HTTP/1.1" 200 7782
190.27.115.220 - - [16/Dec/2023:09:37:42 -0500] "GET /las-tres-caminatas-para-cerrar-el-ano-entre-la-naturaleza.html HTTP/1.1" 200 776
216.245.221.92 - - [16/Dec/2023:09:37:50 -0500] "HEAD / HTTP/1.1" 200 -
201.245.192.253 - - [16/Dec/2023:09:38:01 -0500] "POST /forms/lservlet;jsessionid=ac16012b30d68f87e6b31bdd4159a82faa45787d3329.e3iSbxaKaheRe34Qc38TbN0Nb41ynknvrkLOlQzNp65In0 HTTP/1.1" 200 2
201.245.192.253 - - [16/Dec/2023:09:38:38 -0500] "POST /forms/lservlet;jsessionid=ac16012b30d665b9d6b5cea24731bd918aefbc6c9e46.e3iSbxaKaheRe34Qc38TbN0Nb41ynknvrkLOlQzNp65In0 HTTP/1.1" 200 2
201.245.192.253 - - [16/Dec/2023:09:39:45 -0500] "POST /kwsrmcab/Wsrmcab HTTP/1.1" 200 36430
201.245.192.253 - - [16/Dec/2023:09:39:50 -0500] "POST /kwsrmcab/Wsrmcab HTTP/1.1" 200 39169
201.245.192.253 - - [16/Dec/2023:09:39:54 -0500] "POST /kwsrmcab/Wsrmcab  HTTP/1.1" 200 37894
47.128.58.145 - - [16/Dec/2023:09:39:59 -0500] "GET /AFLUENTESYEFUENTES/ HTTP/1.1" 200 4762
201.245.192.253 - - [16/Dec/2023:09:40:01 -0500] "POST /forms/lservlet;jsessionid=ac16012b30d68f87e6b31bdd4159a82faa45787d3329.e3iSbxaKaheRe34Qc38TbN0Nb41ynknvrkLOlQzNp65In0 HTTP/1.1" 200 2
47.128.58.145 - - [16/Dec/2023:09:40:02 -0500] "GET /AFLUENTESYEFUENTES/files/js/swfaddress.js HTTP/1.1" 200 15916
216.244.66.195 - - [16/Dec/2023:09:40:03 -0500] "GET /BLA/resoluciones/AUTOS%202016/0247.pdf HTTP/1.1" 200 692704
47.128.58.145 - - [16/Dec/2023:09:40:05 -0500] "GET /AFLUENTESYEFUENTES/files/js/swfobject.js HTTP/1.1" 200 10220
47.128.58.145 - - [16/Dec/2023:09:40:07 -0500] "GET /AFLUENTESYEFUENTES/files/mobile/index.html HTTP/1.1" 200 1056
47.128.58.145 - - [16/Dec/2023:09:40:07 -0500] "GET /AFLUENTESYEFUENTES/files/mobile/javascript/book.js HTTP/1.1" 200 184798
47.128.58.145 - - [16/Dec/2023:09:40:07 -0500] "GET /AFLUENTESYEFUENTES/files/mobile/styles/style.css HTTP/1.1" 200 14020
47.128.33.126 - - [16/Dec/2023:09:40:28 -0500] "GET /Residuos/lavanderias/lavanderias.html HTTP/1.1" 200 1965
216.244.66.195 - - [16/Dec/2023:09:40:33 -0500] "GET /BLA/resoluciones/AUTOS%202016/0255.pdf HTTP/1.1" 200 571528
201.245.192.253 - - [16/Dec/2023:09:40:39 -0500] "POST /forms/lservlet;jsessionid=ac16012b30d665b9d6b5cea24731bd918aefbc6c9e46.e3iSbxaKaheRe34Qc38TbN0Nb41ynknvrkLOlQzNp65In0 HTTP/1.1" 200 2
216.244.66.195 - - [16/Dec/2023:09:41:15 -0500] "GET /BLA/resoluciones/AUTOS%202016/0693.pdf HTTP/1.1" 200 481987
172.22.2.4 - - [16/Dec/2023:09:39:51 -0500] "HEAD /BLA/boletinlegal/ HTTP/1.1" 200 -
216.244.66.195 - - [16/Dec/2023:09:42:00 -0500] "GET /BLA/resoluciones/AUTOS%202016/0712.pdf HTTP/1.1" 200 742176
201.245.192.253 - - [16/Dec/2023:09:42:01 -0500] "POST /forms/lservlet;jsessionid=ac16012b30d68f87e6b31bdd4159a82faa45787d3329.e3iSbxaKaheRe34Qc38TbN0Nb41ynknvrkLOlQzNp65In0 HTTP/1.1" 200 2
172.22.2.4 - - [16/Dec/2023:09:40:42 -0500] "GET /BLA/boletinlegal/ HTTP/1.1" 200 58644
201.245.192.253 - - [16/Dec/2023:09:42:39 -0500] "POST /forms/lservlet;jsessionid=ac16012b30d665b9d6b5cea24731bd918aefbc6c9e46.e3iSbxaKaheRe34Qc38TbN0Nb41ynknvrkLOlQzNp65In0 HTTP/1.1" 200 2
216.244.66.195 - - [16/Dec/2023:09:42:42 -0500] "GET /BLA/resoluciones/AUTOS%202016/0950.pdf HTTP/1.1" 200 443961
216.245.221.92 - - [16/Dec/2023:09:42:50 -0500] "HEAD / HTTP/1.1" 200 -
207.46.13.78 - - [16/Dec/2023:09:43:17 -0500] "GET /BLA/resoluciones/RESOLUCIONES%202021/1303.pdf HTTP/1.1" 200 734613
207.46.13.78 - - [16/Dec/2023:09:43:18 -0500] "GET /sipse/css/custom_css_sg_prime_login.css HTTP/1.1" 200 443
207.46.13.78 - - [16/Dec/2023:09:43:19 -0500] "GET /sipse/faces/javax.faces.resource/jquery/jquery-plugins.js;jsessionid=uGpaZ3T5AB3w6FqUJnoGi0PH.undefined?ln=primefaces&v=4.0 HTTP/1.1" 200 220526
216.244.66.195 - - [16/Dec/2023:09:43:24 -0500] "GET /BLA/resoluciones/AUTOS%202016/1299.pdf HTTP/1.1" 200 485379
201.245.192.253 - - [16/Dec/2023:09:44:01 -0500] "POST /forms/lservlet;jsessionid=ac16012b30d68f87e6b31bdd4159a82faa45787d3329.e3iSbxaKaheRe34Qc38TbN0Nb41ynknvrkLOlQzNp65In0 HTTP/1.1" 200 2
216.244.66.195 - - [16/Dec/2023:09:44:03 -0500] "GET /BLA/resoluciones/AUTOS%202016/1306.pdf HTTP/1.1" 200 437425
201.245.192.253 - - [16/Dec/2023:09:44:39 -0500] "POST /forms/lservlet;jsessionid=ac16012b30d665b9d6b5cea24731bd918aefbc6c9e46.e3iSbxaKaheRe34Qc38TbN0Nb41ynknvrkLOlQzNp65In0 HTTP/1.1" 200 2
216.244.66.195 - - [16/Dec/2023:09:44:46 -0500] "GET /BLA/resoluciones/AUTOS%202016/1384.pdf HTTP/1.1" 200 542400
201.245.192.253 - - [16/Dec/2023:09:44:52 -0500] "POST /kwsrmcab/Wsrmcab  HTTP/1.1" 200 37894
216.244.66.195 - - [16/Dec/2023:09:45:26 -0500] "GET /BLA/resoluciones/AUTOS%202016/1571.pdf HTTP/1.1" 200 355904
216.244.66.195 - - [16/Dec/2023:09:45:56 -0500] "GET /BLA/resoluciones/AUTOS%202016/1702.pdf HTTP/1.1" 200 547728
201.245.192.253 - - [16/Dec/2023:09:46:01 -0500] "POST /forms/lservlet;jsessionid=ac16012b30d68f87e6b31bdd4159a82faa45787d3329.e3iSbxaKaheRe34Qc38TbN0Nb41ynknvrkLOlQzNp65In0 HTTP/1.1" 200 2
216.244.66.195 - - [16/Dec/2023:09:46:31 -0500] "GET /BLA/resoluciones/AUTOS%202016/1884.pdf HTTP/1.1" 200 903246
201.245.192.253 - - [16/Dec/2023:09:46:39 -0500] "POST /forms/lservlet;jsessionid=ac16012b30d665b9d6b5cea24731bd918aefbc6c9e46.e3iSbxaKaheRe34Qc38TbN0Nb41ynknvrkLOlQzNp65In0 HTTP/1.1" 200 2
216.244.66.195 - - [16/Dec/2023:09:47:16 -0500] "GET /BLA/resoluciones/AUTOS%202016/1895.pdf HTTP/1.1" 200 378602
172.22.2.4 - - [16/Dec/2023:09:45:41 -0500] "HEAD /BLA/boletinlegal/ HTTP/1.1" 200 -
216.244.66.195 - - [16/Dec/2023:09:47:48 -0500] "GET /BLA/resoluciones/AUTOS%202016/2527.pdf HTTP/1.1" 200 530347
216.245.221.92 - - [16/Dec/2023:09:47:50 -0500] "HEAD / HTTP/1.1" 200 -
201.245.192.253 - - [16/Dec/2023:09:48:01 -0500] "POST /forms/lservlet;jsessionid=ac16012b30d68f87e6b31bdd4159a82faa45787d3329.e3iSbxaKaheRe34Qc38TbN0Nb41ynknvrkLOlQzNp65In0 HTTP/1.1" 200 2
172.22.2.4 - - [16/Dec/2023:09:46:32 -0500] "GET /BLA/boletinlegal/ HTTP/1.1" 200 61018
216.244.66.195 - - [16/Dec/2023:09:48:17 -0500] "GET /BLA/resoluciones/AUTOS%202016/2547.pdf HTTP/1.1" 200 617573
201.245.192.253 - - [16/Dec/2023:09:48:39 -0500] "POST /forms/lservlet;jsessionid=ac16012b30d665b9d6b5cea24731bd918aefbc6c9e46.e3iSbxaKaheRe34Qc38TbN0Nb41ynknvrkLOlQzNp65In0 HTTP/1.1" 200 2
216.244.66.195 - - [16/Dec/2023:09:48:52 -0500] "GET /BLA/resoluciones/AUTOS%202016/2617.pdf HTTP/1.1" 200 386275
66.249.66.77 - - [16/Dec/2023:09:49:08 -0500] "GET /portaldeninos/que-es-cambio-climatico HTTP/1.1" 301 -
66.249.66.75 - - [16/Dec/2023:09:49:09 -0500] "GET /portaldeninos/que-es-cambio-climatico/ HTTP/1.1" 200 86727
216.244.66.195 - - [16/Dec/2023:09:49:22 -0500] "GET /BLA/resoluciones/AUTOS%202016/2664.pdf HTTP/1.1" 200 564050
216.244.66.195 - - [16/Dec/2023:09:49:51 -0500] "GET /BLA/resoluciones/AUTOS%202016/2701.pdf HTTP/1.1" 200 696175
201.245.192.253 - - [16/Dec/2023:09:49:51 -0500] "POST /kwsrmcab/Wsrmcab  HTTP/1.1" 200 37894
201.245.192.253 - - [16/Dec/2023:09:50:01 -0500] "POST /forms/lservlet;jsessionid=ac16012b30d68f87e6b31bdd4159a82faa45787d3329.e3iSbxaKaheRe34Qc38TbN0Nb41ynknvrkLOlQzNp65In0 HTTP/1.1" 200 2
216.244.66.195 - - [16/Dec/2023:09:50:18 -0500] "GET /BLA/resoluciones/AUTOS%202016/2746.pdf HTTP/1.1" 200 579346
40.77.202.101 - - [16/Dec/2023:09:50:35 -0500] "GET /sipse/faces/javax.faces.resource/layout/layout.css;jsessionid=uGpaZ3T5AB3w6FqUJnoGi0PH.undefined?ln=primefaces&v=4.0 HTTP/1.1" 200 542
40.77.202.101 - - [16/Dec/2023:09:50:35 -0500] "GET /sipse/faces/javax.faces.resource/layout/layout.js;jsessionid=uGpaZ3T5AB3w6FqUJnoGi0PH.undefined?ln=primefaces&v=4.0 HTTP/1.1" 200 87560
40.77.202.101 - - [16/Dec/2023:09:50:35 -0500] "GET /sipse/faces/javax.faces.resource/primefaces.css;jsessionid=uGpaZ3T5AB3w6FqUJnoGi0PH.undefined?ln=primefaces&v=4.0 HTTP/1.1" 200 53295
40.77.202.101 - - [16/Dec/2023:09:50:35 -0500] "GET /sipse/faces/javax.faces.resource/primefaces.js;jsessionid=uGpaZ3T5AB3w6FqUJnoGi0PH.undefined?ln=primefaces&v=4.0 HTTP/1.1" 200 276924
40.77.202.101 - - [16/Dec/2023:09:50:37 -0500] "GET /sipse/faces/faces/index.xhtml HTTP/1.1" 200 677
40.77.202.101 - - [16/Dec/2023:09:50:37 -0500] "GET /sipse/faces/faces/faces/autenticacion.xhtml HTTP/1.1" 200 12407
40.77.202.101 - - [16/Dec/2023:09:50:37 -0500] "GET /sipse/faces/javax.faces.resource/theme.css?ln=primefaces-sipse HTTP/1.1" 304 -
40.77.202.101 - - [16/Dec/2023:09:50:37 -0500] "GET /sipse/faces/javax.faces.resource/layout/layout.css?ln=primefaces&v=4.0 HTTP/1.1" 200 542
40.77.202.101 - - [16/Dec/2023:09:50:37 -0500] "GET /sipse/faces/javax.faces.resource/primefaces.css?ln=primefaces&v=4.0 HTTP/1.1" 200 53295
40.77.202.101 - - [16/Dec/2023:09:50:37 -0500] "GET /sipse/faces/javax.faces.resource/layout/layout.js?ln=primefaces&v=4.0 HTTP/1.1" 200 87560
40.77.202.101 - - [16/Dec/2023:09:50:37 -0500] "GET /sipse/faces/javax.faces.resource/jquery/jquery.js?ln=primefaces&v=4.0 HTTP/1.1" 200 105384
40.77.202.101 - - [16/Dec/2023:09:50:37 -0500] "GET /sipse/faces/javax.faces.resource/jquery/jquery-plugins.js?ln=primefaces&v=4.0 HTTP/1.1" 200 220526
40.77.202.101 - - [16/Dec/2023:09:50:37 -0500] "GET /sipse/faces/javax.faces.resource/primefaces.js?ln=primefaces&v=4.0 HTTP/1.1" 200 276924
201.245.192.253 - - [16/Dec/2023:09:50:39 -0500] "POST /forms/lservlet;jsessionid=ac16012b30d665b9d6b5cea24731bd918aefbc6c9e46.e3iSbxaKaheRe34Qc38TbN0Nb41ynknvrkLOlQzNp65In0 HTTP/1.1" 200 2
40.77.202.101 - - [16/Dec/2023:09:50:39 -0500] "GET /sipse/faces/javax.faces.resource/images/ui-icons_898989_256x240.png?ln=primefaces-aristo HTTP/1.1" 200 5355
216.244.66.195 - - [16/Dec/2023:09:50:44 -0500] "GET /BLA/resoluciones/AUTOS%202016/2911.pdf HTTP/1.1" 200 308511
216.244.66.195 - - [16/Dec/2023:09:51:09 -0500] "GET /BLA/resoluciones/AUTOS%202016/3103.pdf HTTP/1.1" 200 315500
216.244.66.195 - - [16/Dec/2023:09:51:32 -0500] "GET /BLA/resoluciones/AUTOS%202016/3162.pdf HTTP/1.1" 200 390317
216.244.66.195 - - [16/Dec/2023:09:51:55 -0500] "GET /BLA/resoluciones/AUTOS%202011/3860.pdf HTTP/1.1" 200 220543
201.245.192.253 - - [16/Dec/2023:09:52:01 -0500] "POST /forms/lservlet;jsessionid=ac16012b30d68f87e6b31bdd4159a82faa45787d3329.e3iSbxaKaheRe34Qc38TbN0Nb41ynknvrkLOlQzNp65In0 HTTP/1.1" 200 2
201.245.192.253 - - [16/Dec/2023:09:52:39 -0500] "POST /forms/lservlet;jsessionid=ac16012b30d665b9d6b5cea24731bd918aefbc6c9e46.e3iSbxaKaheRe34Qc38TbN0Nb41ynknvrkLOlQzNp65In0 HTTP/1.1" 200 2
216.245.221.92 - - [16/Dec/2023:09:52:50 -0500] "HEAD / HTTP/1.1" 200 -
173.252.95.8 - - [16/Dec/2023:09:52:51 -0500] "GET /images/pieza-mujeres-reverdecen-4-abril.jpg HTTP/1.1" 200 48916
173.252.107.5 - - [16/Dec/2023:09:53:04 -0500] "GET /calidad-del-aire-de-bogota-en-condiciones-moderadas-y-regulares.html HTTP/1.1" 200 898
173.252.83.120 - - [16/Dec/2023:09:53:05 -0500] "GET /images/pieza-calidad-aire-noche-4-febrero.jpg HTTP/1.1" 200 37476
172.22.2.4 - - [16/Dec/2023:09:51:31 -0500] "HEAD /BLA/boletinlegal/ HTTP/1.1" 200 -
172.22.2.4 - - [16/Dec/2023:09:53:30 -0500] "GET /BLA/boletinlegal/actos.php HTTP/1.1" 200 9682
172.22.2.4 - - [16/Dec/2023:09:53:30 -0500] "GET /BLA/boletinlegal/js/ajax_actos.js HTTP/1.1" 200 1322
172.22.2.4 - - [16/Dec/2023:09:53:30 -0500] "GET /BLA/boletinlegal/js/lib.js HTTP/1.1" 200 6474
172.22.2.4 - - [16/Dec/2023:09:53:30 -0500] "GET /BLA/boletinlegal/js/popup.js HTTP/1.1" 200 1270
172.22.2.4 - - [16/Dec/2023:09:53:30 -0500] "GET /BLA/boletinlegal/js/jquery1.js HTTP/1.1" 200 29846
172.22.2.4 - - [16/Dec/2023:09:53:30 -0500] "GET /BLA/boletinlegal/images/green-yellow-blue-pink-th.png HTTP/1.1" 200 7394
172.22.2.4 - - [16/Dec/2023:09:53:30 -0500] "GET /BLA/boletinlegal/favicon.ico HTTP/1.1" 404 1326
172.22.2.4 - - [16/Dec/2023:09:53:36 -0500] "GET /BLA/boletinlegal/consulta_actos.php?tipo=resoluciones&no=&usuario=&sector=&fecha=2023&resuelve= HTTP/1.1" 200 379622
201.245.192.253 - - [16/Dec/2023:09:54:01 -0500] "POST /forms/lservlet;jsessionid=ac16012b30d68f87e6b31bdd4159a82faa45787d3329.e3iSbxaKaheRe34Qc38TbN0Nb41ynknvrkLOlQzNp65In0 HTTP/1.1" 200 2
172.22.2.4 - - [16/Dec/2023:09:52:22 -0500] "GET /BLA/boletinlegal/ HTTP/1.1" 200 50272
173.252.107.3 - - [16/Dec/2023:09:54:06 -0500] "GET /si-eres-mujer-y-te-gusta-el-cuidado-de-los-humedales-este-proceso-de-formacion-es-para-ti.html HTTP/1.1" 200 1025
173.252.107.119 - - [16/Dec/2023:09:54:06 -0500] "GET /bogota-esta-mejorando-y-en-el-dia-de-los-humedales-bogota-reafirma-su-compromiso-con-estos-ecosistemas.html HTTP/1.1" 200 1153
173.252.107.116 - - [16/Dec/2023:09:54:07 -0500] "GET /secretaria-de-ambiente-incrementa-evaluacion-y-seguimiento-al-arbolado-urbano.html HTTP/1.1" 200 933
172.22.2.4 - - [16/Dec/2023:09:53:26 -0500] "GET /BLA/boletinlegal/ HTTP/1.1" 200 24523
201.245.192.253 - - [16/Dec/2023:09:54:39 -0500] "POST /forms/lservlet;jsessionid=ac16012b30d665b9d6b5cea24731bd918aefbc6c9e46.e3iSbxaKaheRe34Qc38TbN0Nb41ynknvrkLOlQzNp65In0 HTTP/1.1" 200 2
173.252.107.116 - - [16/Dec/2023:09:54:40 -0500] "GET /secretaria-de-ambiente-se-suma-a-la-tendencia-tik-tok.html HTTP/1.1" 200 1022
173.252.107.116 - - [16/Dec/2023:09:54:40 -0500] "GET /secretaria-de-ambiente-realizara-mantenimiento-a-su-infraestructura-tecnologica.html HTTP/1.1" 200 988
173.252.107.7 - - [16/Dec/2023:09:54:40 -0500] "GET /lo-que-estamos-proponiendo-es-un-pot-de-equilibrios-secretaria-de-ambiente-carolina-urrutia.html HTTP/1.1" 200 922
173.252.107.5 - - [16/Dec/2023:09:54:40 -0500] "GET /secretaria-de-ambiente-estrena-podcast-ambientalmente.html HTTP/1.1" 200 865
173.252.107.118 - - [16/Dec/2023:09:54:40 -0500] "GET /images/tik-tok-red-social%20secretaria-ambiente-30-octubre.jpg HTTP/1.1" 200 23521
173.252.107.119 - - [16/Dec/2023:09:54:40 -0500] "GET /images/POT%20ciudad%20bol\xc3\xadvar-6%20octubre.jpg HTTP/1.1" 404 1034
173.252.107.119 - - [16/Dec/2023:09:54:40 -0500] "GET /images/imagen-comunicado-podcast.jpg HTTP/1.1" 200 39765
173.252.95.7 - - [16/Dec/2023:09:54:41 -0500] "GET /images/SECRETARIA-AMBIENTE-FACHADA-5-NOV.jpg HTTP/1.1" 200 250889
173.252.87.5 - - [16/Dec/2023:09:54:41 -0500] "GET /images/tik-tok-red-social%20secretaria-ambiente-30-octubre.jpg HTTP/1.1" 200 23521
66.220.149.20 - - [16/Dec/2023:09:54:41 -0500] "GET /images/imagen-comunicado-podcast.jpg HTTP/1.1" 200 39765
173.252.107.117 - - [16/Dec/2023:09:54:42 -0500] "GET /images/POT%20ciudad%20bol\xc3\xadvar-6%20octubre.jpg HTTP/1.1" 404 1034
201.245.192.253 - - [16/Dec/2023:09:54:50 -0500] "POST /kwsrmcab/Wsrmcab  HTTP/1.1" 200 37894
201.245.192.253 - - [16/Dec/2023:09:56:01 -0500] "POST /forms/lservlet;jsessionid=ac16012b30d68f87e6b31bdd4159a82faa45787d3329.e3iSbxaKaheRe34Qc38TbN0Nb41ynknvrkLOlQzNp65In0 HTTP/1.1" 200 2
201.245.192.253 - - [16/Dec/2023:09:56:39 -0500] "POST /forms/lservlet;jsessionid=ac16012b30d665b9d6b5cea24731bd918aefbc6c9e46.e3iSbxaKaheRe34Qc38TbN0Nb41ynknvrkLOlQzNp65In0 HTTP/1.1" 200 2
216.245.221.92 - - [16/Dec/2023:09:57:50 -0500] "HEAD / HTTP/1.1" 200 -
201.245.192.253 - - [16/Dec/2023:09:58:01 -0500] "POST /forms/lservlet;jsessionid=ac16012b30d68f87e6b31bdd4159a82faa45787d3329.e3iSbxaKaheRe34Qc38TbN0Nb41ynknvrkLOlQzNp65In0 HTTP/1.1" 200 2
186.102.118.137 - - [16/Dec/2023:09:58:07 -0500] "GET /kwssiamovil/sm/ldap/au?x=U2FsdGVkX1/+CpFK7yPhvgzbNuehxaAshBKhLuqAEIVqJ05AbZshh6OoHQRsLRAg&y=U2FsdGVkX1+67M3WXHIKaRdWmnviEp/s8QaQyZL6NpQ= HTTP/1.1" 200 30
186.102.118.137 - - [16/Dec/2023:09:58:07 -0500] "GET /kwssiamovil/sm/acme/s?s=U2FsdGVkX1/xZzV0v5mOn7zpQkjjgcjnunIQ1XEeVyekMD6ZduvCcgG97pKaCjTDQGyZASNnQbZTKGPni+Eq2Im3ESUzU8oZ+hUuCI2tudE=&u=U2FsdGVkX19tuyHGXWbaQ+QYE33CZpmnvvQ/T9sfP/E=&y=U2FsdGVkX1+67M3WXHIKaRdWmnviEp/s8QaQyZL6NpQ= HTTP/1.1" 200 97
186.102.118.137 - - [16/Dec/2023:09:58:07 -0500] "GET /kwssiamovil/sm/acme/s?s=U2FsdGVkX19NRZczD+krKUSxmoGYhSnyXDJYTWrxqpuZwVkkabopWupia+BMjVTbNvfBUHDBNqFkAfqF2Xj7Vdj+4GmzRArvRTdot2yatCZNUeqmzPmoQGtRwl8t1gh7iyJCAcbQUCi8qSNENahkxVTiNwyo2Os2b+Lzap2T4t8QQ7RDZgjxugkrGRYZSRM+e4dXo6UdIgJsb0CidARiUL4PrPEDd7KVRYCoBpXhktR5AXfeYnWiaCmnBlAC2i+qAe9oK5wbv0olkp7O9qky5FfNWsKB/diqptB8Osz5QZ9ar9H2PbMxFpOUuMplw1ijE/UTLRIH66TkC0n7Ac3EtintUyUrwP0t1Xi2vGV5HKdq9xm0iAGDQj8/3JzRxnOwGKB/0U1iXkhodlbVPsyqswXI02tiFoxwroa7RHl7fkFUTRkdqL+bn/bIJO2m37tBZ9CawXGbxpQ4+CuIfkAEERYWssrpGWcnICIHaZSur4mREoNjTvgUlp+POBejzx+79n3DvlANZ6WCHs1vzKl4dUSeFgFGkhTsL1LGm0ZHxz4GCI5UWtzn6STTf0TJhxE4qqlEjkSHa7Sh7gQP9Pabj4yb7eB0Qby/37pLUkHVwNWYUpTK+4e4l0uuP0JLWAk2w+OFmf7T8XSAWI9ul1/2mPIS0n2UrkgVFmNh7vO8GA2tBK95ywmP7i8V+aF/vBBID298mzB5CRTkpoVLLTk+Y4yFmCWNtVhwFWFYyqo9oXb97+qw4shz6OB4O7NKY5l+i1dl62N34LAjShiguT/lKzkPqn4NGc6b3Z3QNGzGF4croJ4tE56EAhRz2M2lPHIOvvxN/4y+3NxICih2kmuu8PGkdU4qpHJsp+kUpJbg4qohewKTA9X3SeNuiSiV84FnOXT3xg1vSFTvtEWwfhq0985bwi2zjCbxhnM7HW30gd3xMhUFsUaT4nM2UP8bA6WnSrQe6OWcw/pJOqYtghikeF9BA9EQpQwQJOUNx144LnbiVpcT4ThWuIoRS7p7Mk1CYqKXX75J91DmGpKYIq3o9n9v05IVF1eVKsEhzOu1WthhwrmmHzGuOBwKphu5NhvP9ekP0/E9dvphVUE8pKJonHZ2bY8Ff1S+QcyeY4N8SIMW5rNYI8kdDh6DvKcnLpHX8QfiFXgWokidw0ae8ul0me6derBtE6tOUBPSsN1PVz4Lp9XtSaWt+/HwOpkVy2Kc8TWtXoJLXXGE2L0v8BBUW02JPNtgRmPymrr8t6QqMV50e2JVXc7sIMdXPDyQvVhScTShLJ3XVAh9Ow2AGUNB9ZeLmjLRDiT0gOSkzQsX3n/h9FHRGrm1kLGZE4Y6s/YnECVFQ9TDyTPbHN2HZdFMXzollIHZs+4K5EcGgNKUEvkwDlNDAocH/N5gRk6/hE1yiHMJOUiu9Xk2Kllx81b2r+4HFbXln+Q5+hyngEJR3reurlCntLooUvNjRqCwk6ibodFosYHzbOLCb2J23zB0UivU5k7BpZU+HawRFGTw6HR1ajaFXRZPN/wMhgVNfCAa4Sf84rMZk/jOqZpZpq7I4hufTgLUWtye61LgHhX5AUcSQqkG98SRbqid0QDGYkW35f1gUcVUaVzEA0TUVZlfNc7iv2Sx3xs5mMWGnllQUWVt14EZR7MR5D5gHzVGPQEICjAyXHU7I14wPdEzettrGHIpkQudh741yLYSdYBHvReQtG5m0c7tSt+HBj68b7KBQdb0AT8xSkOVi6KKXiLFF4EN0TbJkEM8gRpkoMk2L+M=&u=U2FsdGVkX19tuyHGXWbaQ+QYE33CZpmnvvQ/T9sfP/E=&y=U2FsdGVkX1+67M3WXHIKaRdWmnviEp/s8QaQyZL6NpQ= HTTP/1.1" 200 364
186.102.118.137 - - [16/Dec/2023:09:58:07 -0500] "GET /kwssiamovil/sm/acme/s?s=U2FsdGVkX1/YvRkRDGcwXvgIN8QDO6eCkvV0kobYURGgoU35TE0WIuKNwZnUogds6lHDdokrsbPWGcHNgE1xvrZWWmaouiZY72b80XcSzBqT2VJMxrYaoDDs6V2gBIfnoMRtpRDcO4KuPCfM6Ko50fz3+/Tznf/TUfPqyU0XIirQe3AALcLhzr2IFdW3ayQzytnB8MdN057z8o0ipzvkmJIQbzbtKy/hzxISLmpNNnzcFJvx3eQu4LbdKgmUBfMdjvlAhFaV2HDSgJrfQcSGK4NKsJUcCi6PCuC9V88wUjKTU1u8HRHitgjUPG/1V0PhF27j8sYKW4XuUo4rL97cMdVgNdQu4DPGxZBFdwUZY0mfWtFBlsa35OSJGGtUrk5gLtE0UMjbSsbQD++h0nZkhF9I7ebbjdghLF+ajEFOEvUySZ6eVJUsuIxtOkjA2tZaVquHvi9b5C1LTwgiMbKaCWk1h8diZrpdt3jh7YsFOZxCVi4vQqBNJmHyOM2n/jU9bY68epS0yL0RfTo20FTZ/zX12ZhxSeRUJyfZ7mmUgHKA7PVgp2BD40hdJP4TPGTUWJ2ODxGdR3bMww39fJHYh551vxbgeLMVQARomESZycWWkb7BXYnsIDwviGCQLPosWl3crCA2Mm9cD1RLakV/JO37zUArVPCkVXUv5vgoeQAt30v8XO449/Hr6ancw9UlQKBnPeKzSLgElniiyv9NNnl/A3Qd3LggM4C/ajITie0jACbu1GFnU9l0+/QN03YZ&u=U2FsdGVkX19tuyHGXWbaQ+QYE33CZpmnvvQ/T9sfP/E=&y=U2FsdGVkX1+67M3WXHIKaRdWmnviEp/s8QaQyZL6NpQ= HTTP/1.1" 200 208
186.102.118.137 - - [16/Dec/2023:09:58:07 -0500] "GET /kwssiamovil/sm/cjson/pre?f=1&x=U2FsdGVkX1/+CpFK7yPhvgzbNuehxaAshBKhLuqAEIVqJ05AbZshh6OoHQRsLRAg HTTP/1.1" 200 31032
201.245.192.253 - - [16/Dec/2023:09:58:39 -0500] "POST /forms/lservlet;jsessionid=ac16012b30d665b9d6b5cea24731bd918aefbc6c9e46.e3iSbxaKaheRe34Qc38TbN0Nb41ynknvrkLOlQzNp65In0 HTTP/1.1" 200 2
216.244.66.195 - - [16/Dec/2023:09:58:54 -0500] "GET /robots.txt HTTP/1.1" 404 1018
172.22.2.4 - - [16/Dec/2023:09:57:21 -0500] "HEAD /BLA/boletinlegal/ HTTP/1.1" 200 -
108.174.2.219 - - [16/Dec/2023:09:59:50 -0500] "GET /images/secretaria-ambiente-carolina-urrutia-en-brazo-salitre.jpg HTTP/1.1" 200 79448
172.22.2.4 - - [16/Dec/2023:09:58:12 -0500] "GET /BLA/boletinlegal/ HTTP/1.1" 200 58644
201.245.192.253 - - [16/Dec/2023:09:59:49 -0500] "POST /kwsrmcab/Wsrmcab  HTTP/1.1" 200 37894
201.245.192.253 - - [16/Dec/2023:10:00:01 -0500] "POST /forms/lservlet;jsessionid=ac16012b30d68f87e6b31bdd4159a82faa45787d3329.e3iSbxaKaheRe34Qc38TbN0Nb41ynknvrkLOlQzNp65In0 HTTP/1.1" 200 2
201.245.192.253 - - [16/Dec/2023:10:00:39 -0500] "POST /forms/lservlet;jsessionid=ac16012b30d665b9d6b5cea24731bd918aefbc6c9e46.e3iSbxaKaheRe34Qc38TbN0Nb41ynknvrkLOlQzNp65In0 HTTP/1.1" 200 2
199.16.157.180 - - [16/Dec/2023:10:01:11 -0500] "GET /images/1%20de%20febrer%20Operativo%20hornos.jpg HTTP/1.1" 200 69569
201.245.192.253 - - [16/Dec/2023:10:02:01 -0500] "POST /forms/lservlet;jsessionid=ac16012b30d68f87e6b31bdd4159a82faa45787d3329.e3iSbxaKaheRe34Qc38TbN0Nb41ynknvrkLOlQzNp65In0 HTTP/1.1" 200 2
201.245.192.253 - - [16/Dec/2023:10:02:39 -0500] "POST /forms/lservlet;jsessionid=ac16012b30d665b9d6b5cea24731bd918aefbc6c9e46.e3iSbxaKaheRe34Qc38TbN0Nb41ynknvrkLOlQzNp65In0 HTTP/1.1" 200 2
216.245.221.92 - - [16/Dec/2023:10:02:50 -0500] "HEAD / HTTP/1.1" 200 -
201.245.192.253 - - [16/Dec/2023:10:04:01 -0500] "POST /forms/lservlet;jsessionid=ac16012b30d68f87e6b31bdd4159a82faa45787d3329.e3iSbxaKaheRe34Qc38TbN0Nb41ynknvrkLOlQzNp65In0 HTTP/1.1" 200 2
40.77.167.70 - - [16/Dec/2023:10:04:38 -0500] "GET /BLA/resoluciones/RESOLUCIONES%202021/5604.pdf HTTP/1.1" 200 431269
201.245.192.253 - - [16/Dec/2023:10:04:39 -0500] "POST /forms/lservlet;jsessionid=ac16012b30d665b9d6b5cea24731bd918aefbc6c9e46.e3iSbxaKaheRe34Qc38TbN0Nb41ynknvrkLOlQzNp65In0 HTTP/1.1" 200 2
201.245.192.253 - - [16/Dec/2023:10:04:48 -0500] "POST /kwsrmcab/Wsrmcab  HTTP/1.1" 200 37894
172.22.2.4 - - [16/Dec/2023:10:03:11 -0500] "HEAD /BLA/boletinlegal/ HTTP/1.1" 200 -
172.22.2.4 - - [16/Dec/2023:10:04:02 -0500] "GET /BLA/boletinlegal/ HTTP/1.1" 200 58644
201.245.192.253 - - [16/Dec/2023:10:06:01 -0500] "POST /forms/lservlet;jsessionid=ac16012b30d68f87e6b31bdd4159a82faa45787d3329.e3iSbxaKaheRe34Qc38TbN0Nb41ynknvrkLOlQzNp65In0 HTTP/1.1" 200 2
201.245.192.253 - - [16/Dec/2023:10:06:39 -0500] "POST /forms/lservlet;jsessionid=ac16012b30d665b9d6b5cea24731bd918aefbc6c9e46.e3iSbxaKaheRe34Qc38TbN0Nb41ynknvrkLOlQzNp65In0 HTTP/1.1" 200 2
216.245.221.92 - - [16/Dec/2023:10:07:50 -0500] "HEAD / HTTP/1.1" 200 -
201.245.192.253 - - [16/Dec/2023:10:08:01 -0500] "POST /forms/lservlet;jsessionid=ac16012b30d68f87e6b31bdd4159a82faa45787d3329.e3iSbxaKaheRe34Qc38TbN0Nb41ynknvrkLOlQzNp65In0 HTTP/1.1" 200 2
201.245.192.253 - - [16/Dec/2023:10:08:39 -0500] "POST /forms/lservlet;jsessionid=ac16012b30d665b9d6b5cea24731bd918aefbc6c9e46.e3iSbxaKaheRe34Qc38TbN0Nb41ynknvrkLOlQzNp65In0 HTTP/1.1" 200 2
172.22.2.4 - - [16/Dec/2023:10:08:40 -0500] "GET /BLA/boletinlegal/actos.php HTTP/1.1" 200 9682
172.22.2.4 - - [16/Dec/2023:10:08:40 -0500] "GET /BLA/boletinlegal/styles2.css HTTP/1.1" 200 1838
172.22.2.4 - - [16/Dec/2023:10:08:40 -0500] "GET /BLA/boletinlegal/js/ajax_actos.js HTTP/1.1" 200 1322
172.22.2.4 - - [16/Dec/2023:10:08:40 -0500] "GET /BLA/boletinlegal/niceforms-default.css HTTP/1.1" 200 6694
172.22.2.4 - - [16/Dec/2023:10:08:40 -0500] "GET /BLA/boletinlegal/style.css HTTP/1.1" 200 9406
172.22.2.4 - - [16/Dec/2023:10:08:40 -0500] "GET /BLA/boletinlegal/niceforms.js HTTP/1.1" 200 22876
172.22.2.4 - - [16/Dec/2023:10:08:40 -0500] "GET /BLA/boletinlegal/js/lib.js HTTP/1.1" 200 6474
172.22.2.4 - - [16/Dec/2023:10:08:40 -0500] "GET /BLA/boletinlegal/js/popup.js HTTP/1.1" 200 1270
172.22.2.4 - - [16/Dec/2023:10:08:40 -0500] "GET /BLA/boletinlegal/js/jquery1.js HTTP/1.1" 200 29846
172.22.2.4 - - [16/Dec/2023:10:08:40 -0500] "GET /BLA/boletinlegal/images/cabezote%20BLEGAL.jpg HTTP/1.1" 200 118164
172.22.2.4 - - [16/Dec/2023:10:08:40 -0500] "GET /BLA/boletinlegal/images/subscribe-icon-big.png HTTP/1.1" 200 47702
172.22.2.4 - - [16/Dec/2023:10:08:40 -0500] "GET /BLA/boletinlegal/images/tel.png HTTP/1.1" 200 14477
172.22.2.4 - - [16/Dec/2023:10:08:40 -0500] "GET /BLA/boletinlegal/images/registro-usuarios.png HTTP/1.1" 200 8106
172.22.2.4 - - [16/Dec/2023:10:08:40 -0500] "GET /BLA/boletinlegal/images/historia.png HTTP/1.1" 200 52775
172.22.2.4 - - [16/Dec/2023:10:08:40 -0500] "GET /BLA/boletinlegal/images/green-yellow-blue-pink-th.png HTTP/1.1" 200 7394
172.22.2.4 - - [16/Dec/2023:10:08:40 -0500] "GET /BLA/boletinlegal/images/icono-email.png HTTP/1.1" 200 5544
172.22.2.4 - - [16/Dec/2023:10:08:40 -0500] "GET /BLA/boletinlegal/images/body_bg.jpg HTTP/1.1" 200 1601
172.22.2.4 - - [16/Dec/2023:10:08:40 -0500] "GET /BLA/boletinlegal/images/menu_lft.gif HTTP/1.1" 200 1713
172.22.2.4 - - [16/Dec/2023:10:08:40 -0500] "GET /BLA/boletinlegal/images/menu_rght.gif HTTP/1.1" 200 1627
172.22.2.4 - - [16/Dec/2023:10:08:40 -0500] "GET /BLA/boletinlegal/images/bg_top.jpg HTTP/1.1" 200 522
172.22.2.4 - - [16/Dec/2023:10:08:40 -0500] "GET /BLA/boletinlegal/images/menu_bg.jpg HTTP/1.1" 200 620
172.22.2.4 - - [16/Dec/2023:10:08:40 -0500] "GET /BLA/boletinlegal/images/hover.jpg HTTP/1.1" 200 640
172.22.2.4 - - [16/Dec/2023:10:08:40 -0500] "GET /BLA/boletinlegal/images/text.jpg HTTP/1.1" 200 568
172.22.2.4 - - [16/Dec/2023:10:08:40 -0500] "GET /BLA/boletinlegal/images/footer_bg.jpg HTTP/1.1" 200 586
172.22.2.4 - - [16/Dec/2023:10:08:40 -0500] "GET /BLA/boletinlegal/images/footer_bg_l.jpg HTTP/1.1" 200 776
172.22.2.4 - - [16/Dec/2023:10:08:40 -0500] "GET /BLA/boletinlegal/img/0.png HTTP/1.1" 200 110
172.22.2.4 - - [16/Dec/2023:10:08:40 -0500] "GET /BLA/boletinlegal/img/button-left.png HTTP/1.1" 200 57071
172.22.2.4 - - [16/Dec/2023:10:08:40 -0500] "GET /BLA/boletinlegal/img/select-left.png HTTP/1.1" 200 263
172.22.2.4 - - [16/Dec/2023:10:08:40 -0500] "GET /BLA/boletinlegal/img/select-right.png HTTP/1.1" 200 44019
172.22.2.4 - - [16/Dec/2023:10:08:40 -0500] "GET /BLA/boletinlegal/img/button-right.png HTTP/1.1" 200 57878
172.22.2.4 - - [16/Dec/2023:10:08:40 -0500] "GET /BLA/boletinlegal/img/button.png HTTP/1.1" 200 43241
172.22.2.4 - - [16/Dec/2023:10:08:40 -0500] "GET /BLA/boletinlegal/favicon.ico HTTP/1.1" 404 1326
186.84.20.35 - - [16/Dec/2023:10:08:53 -0500] "GET /appsia/controlador HTTP/1.1" 200 4799
186.84.20.35 - - [16/Dec/2023:10:08:53 -0500] "GET /appsia/css/estilos.css HTTP/1.1" 200 4804
186.84.20.35 - - [16/Dec/2023:10:08:53 -0500] "GET /appsia/scripts/validarIngreso.js HTTP/1.1" 200 851
186.84.20.35 - - [16/Dec/2023:10:08:53 -0500] "GET /appsia/images/logo_bogota_p.png HTTP/1.1" 200 14951
186.84.20.35 - - [16/Dec/2023:10:08:53 -0500] "GET /appsia/images/cabezoteHojaVida.png HTTP/1.1" 200 32493
186.84.20.35 - - [16/Dec/2023:10:08:53 -0500] "GET /favicon.ico HTTP/1.1" 200 7782
186.84.20.35 - - [16/Dec/2023:10:09:07 -0500] "POST /appsia/controlador HTTP/1.1" 200 5437
186.84.20.35 - - [16/Dec/2023:10:09:11 -0500] "POST /appsia/controlador HTTP/1.1" 200 11517
186.84.20.35 - - [16/Dec/2023:10:09:11 -0500] "GET /appsia/images/logo_escudo.png HTTP/1.1" 200 36965
201.245.192.253 - - [16/Dec/2023:10:09:47 -0500] "POST /kwsrmcab/Wsrmcab  HTTP/1.1" 200 37894
186.84.20.35 - - [16/Dec/2023:10:10:00 -0500] "POST /appsia/controlador HTTP/1.1" 200 5437
201.245.192.253 - - [16/Dec/2023:10:10:01 -0500] "POST /forms/lservlet;jsessionid=ac16012b30d68f87e6b31bdd4159a82faa45787d3329.e3iSbxaKaheRe34Qc38TbN0Nb41ynknvrkLOlQzNp65In0 HTTP/1.1" 200 2
186.84.20.35 - - [16/Dec/2023:10:10:07 -0500] "POST /appsia/controlador HTTP/1.1" 200 4799
201.245.192.253 - - [16/Dec/2023:10:10:39 -0500] "POST /forms/lservlet;jsessionid=ac16012b30d665b9d6b5cea24731bd918aefbc6c9e46.e3iSbxaKaheRe34Qc38TbN0Nb41ynknvrkLOlQzNp65In0 HTTP/1.1" 200 2
172.22.2.4 - - [16/Dec/2023:10:09:01 -0500] "HEAD /BLA/boletinlegal/ HTTP/1.1" 200 -
172.22.2.4 - - [16/Dec/2023:10:09:52 -0500] "GET /BLA/boletinlegal/ HTTP/1.1" 200 61018
201.245.192.253 - - [16/Dec/2023:10:12:01 -0500] "POST /forms/lservlet;jsessionid=ac16012b30d68f87e6b31bdd4159a82faa45787d3329.e3iSbxaKaheRe34Qc38TbN0Nb41ynknvrkLOlQzNp65In0 HTTP/1.1" 200 2
172.225.238.104 - - [16/Dec/2023:10:12:25 -0500] "GET /sipse/faces/index.xhtml HTTP/1.1" 200 677
172.225.238.104 - - [16/Dec/2023:10:12:25 -0500] "GET /sipse/faces/javax.faces.resource/theme.css?ln=primefaces-sipse HTTP/1.1" 200 50058
172.225.238.104 - - [16/Dec/2023:10:12:25 -0500] "GET /favicon.ico HTTP/1.1" 200 7782
172.225.238.104 - - [16/Dec/2023:10:12:35 -0500] "GET /sipse/faces/index.xhtml HTTP/1.1" 200 677
172.225.238.104 - - [16/Dec/2023:10:12:35 -0500] "GET /sipse/faces/javax.faces.resource/theme.css?ln=primefaces-sipse HTTP/1.1" 304 -
201.245.192.253 - - [16/Dec/2023:10:12:39 -0500] "POST /forms/lservlet;jsessionid=ac16012b30d665b9d6b5cea24731bd918aefbc6c9e46.e3iSbxaKaheRe34Qc38TbN0Nb41ynknvrkLOlQzNp65In0 HTTP/1.1" 200 2
216.245.221.92 - - [16/Dec/2023:10:12:50 -0500] "HEAD / HTTP/1.1" 200 -
172.225.238.104 - - [16/Dec/2023:10:13:06 -0500] "GET /sipse/faces/index.xhtml HTTP/1.1" 200 677
172.225.238.104 - - [16/Dec/2023:10:13:06 -0500] "GET /sipse/faces/javax.faces.resource/theme.css?ln=primefaces-sipse HTTP/1.1" 304 -
181.53.96.65 - - [16/Dec/2023:10:13:48 -0500] "GET /sipse/faces/javax.faces.resource/images/ui-bg_flat_0_2d5972_40x100.png?ln=primefaces-aristo HTTP/1.1" 304 -
181.53.96.65 - - [16/Dec/2023:10:13:48 -0500] "POST /sipse/faces/presentacion/sistema/reporte/ventanaVerReporteParametros.xhtml HTTP/1.1" 200 68918
181.53.96.65 - - [16/Dec/2023:10:13:48 -0500] "GET /sipse/faces/javax.faces.resource/jquery/jquery.js?ln=primefaces&v=4.0 HTTP/1.1" 304 -
181.53.96.65 - - [16/Dec/2023:10:13:48 -0500] "GET /sipse/faces/javax.faces.resource/jquery/jquery-plugins.js?ln=primefaces&v=4.0 HTTP/1.1" 304 -
181.53.96.65 - - [16/Dec/2023:10:13:48 -0500] "GET /sipse/faces/javax.faces.resource/primefaces.js?ln=primefaces&v=4.0 HTTP/1.1" 304 -
181.53.96.65 - - [16/Dec/2023:10:13:48 -0500] "GET /sipse/faces/javax.faces.resource/layout/layout.js?ln=primefaces&v=4.0 HTTP/1.1" 304 -
181.53.96.65 - - [16/Dec/2023:10:13:48 -0500] "POST /sipse/faces/presentacion/financiero/solicitudProceso/listarSolicitudProceso.xhtml HTTP/1.1" 200 1556
181.53.96.65 - - [16/Dec/2023:10:13:53 -0500] "POST /sipse/faces/presentacion/financiero/solicitudProceso/listarSolicitudProceso.xhtml HTTP/1.1" 200 45835
181.53.96.65 - - [16/Dec/2023:10:13:54 -0500] "POST /sipse/faces/presentacion/financiero/solicitudProceso/listarSolicitudProceso.xhtml HTTP/1.1" 200 1560
201.245.192.253 - - [16/Dec/2023:10:14:01 -0500] "POST /forms/lservlet;jsessionid=ac16012b30d68f87e6b31bdd4159a82faa45787d3329.e3iSbxaKaheRe34Qc38TbN0Nb41ynknvrkLOlQzNp65In0 HTTP/1.1" 200 2
47.128.61.45 - - [16/Dec/2023:10:14:09 -0500] "GET /Residuos/pinturas/pinturas.html HTTP/1.1" 200 1959
201.245.192.253 - - [16/Dec/2023:10:14:39 -0500] "POST /forms/lservlet;jsessionid=ac16012b30d665b9d6b5cea24731bd918aefbc6c9e46.e3iSbxaKaheRe34Qc38TbN0Nb41ynknvrkLOlQzNp65In0 HTTP/1.1" 200 2
47.128.50.81 - - [16/Dec/2023:10:14:45 -0500] "GET /svr-ciudadano/css/dataTables.bootstrap.css HTTP/1.1" 200 7678
47.128.50.81 - - [16/Dec/2023:10:14:45 -0500] "GET /svr-ciudadano/css/bootstrap.min.css HTTP/1.1" 200 113498
181.53.96.65 - - [16/Dec/2023:10:14:47 -0500] "POST /sipse/faces/presentacion/financiero/solicitudProceso/listarSolicitudProceso.xhtml HTTP/1.1" 200 6477
181.53.96.65 - - [16/Dec/2023:10:14:49 -0500] "POST /sipse/faces/presentacion/financiero/solicitudProceso/listarSolicitudProceso.xhtml HTTP/1.1" 200 168268
181.53.96.65 - - [16/Dec/2023:10:14:50 -0500] "GET /sipse/faces/javax.faces.resource/jquery/jquery.js?ln=primefaces&v=4.0 HTTP/1.1" 304 -
181.53.96.65 - - [16/Dec/2023:10:14:50 -0500] "GET /sipse/faces/javax.faces.resource/jquery/jquery-plugins.js?ln=primefaces&v=4.0 HTTP/1.1" 304 -
181.53.96.65 - - [16/Dec/2023:10:14:50 -0500] "GET /sipse/faces/javax.faces.resource/primefaces.js?ln=primefaces&v=4.0 HTTP/1.1" 304 -
181.53.96.65 - - [16/Dec/2023:10:14:50 -0500] "GET /sipse/faces/javax.faces.resource/layout/layout.js?ln=primefaces&v=4.0 HTTP/1.1" 304 -
181.53.96.65 - - [16/Dec/2023:10:14:50 -0500] "GET /sipse/faces/javax.faces.resource/dynamiccontent.properties?ln=primefaces&pfdrid=XjOR5%2F%2FfPAZAuY9TpWQeCiM0BhlXxYRBGKi%2FQcXXfeA%3D&pfdrid_c=false HTTP/1.1" 500 383
201.245.192.253 - - [16/Dec/2023:10:14:45 -0500] "POST /kwsrmcab/Wsrmcab  HTTP/1.1" 200 37894
47.128.50.81 - - [16/Dec/2023:10:14:44 -0500] "GET /svr-ciudadano/ HTTP/1.1" 200 86452
47.128.50.81 - - [16/Dec/2023:10:14:55 -0500] "GET /svr-ciudadano/js/jquery.min.js HTTP/1.1" 200 95786
181.53.96.65 - - [16/Dec/2023:10:14:58 -0500] "POST /sipse/faces/presentacion/financiero/solicitudProceso/consultarSolicitudProceso.xhtml HTTP/1.1" 200 71070
47.128.50.81 - - [16/Dec/2023:10:15:03 -0500] "GET /svr-ciudadano/js/dataTables.bootstrap.js HTTP/1.1" 200 4287
47.128.50.81 - - [16/Dec/2023:10:15:03 -0500] "GET /svr-ciudadano/js/bootstrap.min.js HTTP/1.1" 200 35601
47.128.50.81 - - [16/Dec/2023:10:15:03 -0500] "GET /svr-ciudadano/js/jquery.dataTables.min.js HTTP/1.1" 200 153451
201.245.192.253 - - [16/Dec/2023:10:15:54 -0500] "POST /kwsrmcab/Wsrmcab HTTP/1.1" 200 34939
201.245.192.253 - - [16/Dec/2023:10:16:01 -0500] "POST /forms/lservlet;jsessionid=ac16012b30d68f87e6b31bdd4159a82faa45787d3329.e3iSbxaKaheRe34Qc38TbN0Nb41ynknvrkLOlQzNp65In0 HTTP/1.1" 200 2
201.245.192.253 - - [16/Dec/2023:10:16:01 -0500] "POST /kwsrmcab/Wsrmcab HTTP/1.1" 200 39261
172.22.2.4 - - [16/Dec/2023:10:14:51 -0500] "HEAD /BLA/boletinlegal/ HTTP/1.1" 200 -
201.245.192.253 - - [16/Dec/2023:10:16:39 -0500] "POST /forms/lservlet;jsessionid=ac16012b30d665b9d6b5cea24731bd918aefbc6c9e46.e3iSbxaKaheRe34Qc38TbN0Nb41ynknvrkLOlQzNp65In0 HTTP/1.1" 200 2
172.22.2.4 - - [16/Dec/2023:10:15:42 -0500] "GET /BLA/boletinlegal/ HTTP/1.1" 200 58294
216.245.221.92 - - [16/Dec/2023:10:17:50 -0500] "HEAD / HTTP/1.1" 200 -
201.245.192.253 - - [16/Dec/2023:10:18:01 -0500] "POST /forms/lservlet;jsessionid=ac16012b30d68f87e6b31bdd4159a82faa45787d3329.e3iSbxaKaheRe34Qc38TbN0Nb41ynknvrkLOlQzNp65In0 HTTP/1.1" 200 2
201.245.192.253 - - [16/Dec/2023:10:18:39 -0500] "POST /forms/lservlet;jsessionid=ac16012b30d665b9d6b5cea24731bd918aefbc6c9e46.e3iSbxaKaheRe34Qc38TbN0Nb41ynknvrkLOlQzNp65In0 HTTP/1.1" 200 2
201.245.192.253 - - [16/Dec/2023:10:19:44 -0500] "POST /kwsrmcab/Wsrmcab  HTTP/1.1" 200 37894
201.245.192.253 - - [16/Dec/2023:10:19:46 -0500] "POST /kwsrmcab/Wsrmcab HTTP/1.1" 200 34939
201.245.192.253 - - [16/Dec/2023:10:19:53 -0500] "POST /kwsrmcab/Wsrmcab HTTP/1.1" 200 39261
201.245.192.253 - - [16/Dec/2023:10:20:01 -0500] "POST /forms/lservlet;jsessionid=ac16012b30d68f87e6b31bdd4159a82faa45787d3329.e3iSbxaKaheRe34Qc38TbN0Nb41ynknvrkLOlQzNp65In0 HTTP/1.1" 200 2
201.245.192.253 - - [16/Dec/2023:10:20:39 -0500] "POST /forms/lservlet;jsessionid=ac16012b30d665b9d6b5cea24731bd918aefbc6c9e46.e3iSbxaKaheRe34Qc38TbN0Nb41ynknvrkLOlQzNp65In0 HTTP/1.1" 200 2
201.245.192.253 - - [16/Dec/2023:10:22:01 -0500] "POST /forms/lservlet;jsessionid=ac16012b30d68f87e6b31bdd4159a82faa45787d3329.e3iSbxaKaheRe34Qc38TbN0Nb41ynknvrkLOlQzNp65In0 HTTP/1.1" 200 2
172.22.2.4 - - [16/Dec/2023:10:20:41 -0500] "HEAD /BLA/boletinlegal/ HTTP/1.1" 200 -
66.249.66.19 - - [16/Dec/2023:10:22:25 -0500] "GET /Publicaciones/2023EE220710.pdf HTTP/1.1" 404 228
201.245.192.253 - - [16/Dec/2023:10:22:39 -0500] "POST /forms/lservlet;jsessionid=ac16012b30d665b9d6b5cea24731bd918aefbc6c9e46.e3iSbxaKaheRe34Qc38TbN0Nb41ynknvrkLOlQzNp65In0 HTTP/1.1" 200 2
216.245.221.92 - - [16/Dec/2023:10:22:50 -0500] "HEAD / HTTP/1.1" 200 -
172.22.2.4 - - [16/Dec/2023:10:21:32 -0500] "GET /BLA/boletinlegal/ HTTP/1.1" 200 59360
201.245.192.253 - - [16/Dec/2023:10:24:01 -0500] "POST /forms/lservlet;jsessionid=ac16012b30d68f87e6b31bdd4159a82faa45787d3329.e3iSbxaKaheRe34Qc38TbN0Nb41ynknvrkLOlQzNp65In0 HTTP/1.1" 200 2
201.245.192.253 - - [16/Dec/2023:10:24:39 -0500] "POST /forms/lservlet;jsessionid=ac16012b30d665b9d6b5cea24731bd918aefbc6c9e46.e3iSbxaKaheRe34Qc38TbN0Nb41ynknvrkLOlQzNp65In0 HTTP/1.1" 200 2
201.245.192.253 - - [16/Dec/2023:10:24:42 -0500] "POST /kwsrmcab/Wsrmcab  HTTP/1.1" 200 37894
207.46.13.78 - - [16/Dec/2023:10:25:26 -0500] "GET /images/musgo-planta-flora-bogota-27-noviembre.jpg HTTP/1.1" 200 65902
201.245.192.253 - - [16/Dec/2023:10:25:54 -0500] "POST /kwsrmcab/Wsrmcab HTTP/1.1" 200 34939
201.245.192.253 - - [16/Dec/2023:10:25:57 -0500] "POST /kwsrmcab/Wsrmcab HTTP/1.1" 200 39261
201.245.192.253 - - [16/Dec/2023:10:26:01 -0500] "POST /forms/lservlet;jsessionid=ac16012b30d68f87e6b31bdd4159a82faa45787d3329.e3iSbxaKaheRe34Qc38TbN0Nb41ynknvrkLOlQzNp65In0 HTTP/1.1" 200 2
201.245.192.253 - - [16/Dec/2023:10:26:39 -0500] "POST /forms/lservlet;jsessionid=ac16012b30d665b9d6b5cea24731bd918aefbc6c9e46.e3iSbxaKaheRe34Qc38TbN0Nb41ynknvrkLOlQzNp65In0 HTTP/1.1" 200 2
172.22.2.4 - - [16/Dec/2023:10:27:41 -0500] "GET /BLA/boletinlegal/conceptos.php HTTP/1.1" 200 7496
216.245.221.92 - - [16/Dec/2023:10:27:50 -0500] "HEAD / HTTP/1.1" 200 -
201.245.192.253 - - [16/Dec/2023:10:28:01 -0500] "POST /forms/lservlet;jsessionid=ac16012b30d68f87e6b31bdd4159a82faa45787d3329.e3iSbxaKaheRe34Qc38TbN0Nb41ynknvrkLOlQzNp65In0 HTTP/1.1" 200 2
172.22.2.4 - - [16/Dec/2023:10:26:31 -0500] "HEAD /BLA/boletinlegal/ HTTP/1.1" 200 -
186.86.32.63 - - [16/Dec/2023:10:28:30 -0500] "GET /sipse/faces/index.xhtml HTTP/1.1" 200 677
186.86.32.63 - - [16/Dec/2023:10:28:30 -0500] "GET /sipse/faces/javax.faces.resource/theme.css?ln=primefaces-sipse HTTP/1.1" 200 50058
186.86.32.63 - - [16/Dec/2023:10:28:30 -0500] "GET /favicon.ico HTTP/1.1" 200 7782
186.86.32.63 - - [16/Dec/2023:10:28:30 -0500] "GET /sipse/faces/faces/autenticacion.xhtml HTTP/1.1" 200 12407
186.86.32.63 - - [16/Dec/2023:10:28:30 -0500] "GET /sipse/css/custom_css_sg.css HTTP/1.1" 200 9694
