201.245.192.253 - - [16/Dec/2023:18:20:42 -0500] "POST /forms/lservlet;jsessionid=ac16012b30d665b9d6b5cea24731bd918aefbc6c9e46.e3iSbxaKaheRe34Qc38TbN0Nb41ynknvrkLOlQzNp65In0 HTTP/1.1" 200 2
172.22.2.4 - - [16/Dec/2023:18:19:50 -0500] "GET /BLA/boletinlegal/ HTTP/1.1" 200 58644
201.245.192.253 - - [16/Dec/2023:18:22:05 -0500] "POST /forms/lservlet;jsessionid=ac16012b30d68f87e6b31bdd4159a82faa45787d3329.e3iSbxaKaheRe34Qc38TbN0Nb41ynknvrkLOlQzNp65In0 HTTP/1.1" 200 2
201.245.192.253 - - [16/Dec/2023:18:22:31 -0500] "POST /kwsrmcab/Wsrmcab  HTTP/1.1" 200 37894
201.245.192.253 - - [16/Dec/2023:18:22:42 -0500] "POST /forms/lservlet;jsessionid=ac16012b30d665b9d6b5cea24731bd918aefbc6c9e46.e3iSbxaKaheRe34Qc38TbN0Nb41ynknvrkLOlQzNp65In0 HTTP/1.1" 200 2
198.235.24.224 - - [16/Dec/2023:18:22:46 -0500] "GET / HTTP/1.0" 200 319
216.245.221.92 - - [16/Dec/2023:18:22:49 -0500] "HEAD / HTTP/1.1" 200 -
66.249.66.20 - - [16/Dec/2023:18:23:43 -0500] "GET /BLA/resoluciones/RESOLUCIONES%202009/1335.pdf HTTP/1.1" 200 418603
201.245.192.253 - - [16/Dec/2023:18:24:05 -0500] "POST /forms/lservlet;jsessionid=ac16012b30d68f87e6b31bdd4159a82faa45787d3329.e3iSbxaKaheRe34Qc38TbN0Nb41ynknvrkLOlQzNp65In0 HTTP/1.1" 200 2
201.245.192.253 - - [16/Dec/2023:18:24:42 -0500] "POST /forms/lservlet;jsessionid=ac16012b30d665b9d6b5cea24731bd918aefbc6c9e46.e3iSbxaKaheRe34Qc38TbN0Nb41ynknvrkLOlQzNp65In0 HTTP/1.1" 200 2
216.244.66.195 - - [16/Dec/2023:18:25:03 -0500] "GET /robots.txt HTTP/1.1" 404 1018
40.77.167.255 - - [16/Dec/2023:18:25:34 -0500] "GET /BLA/resoluciones/AUTOS%202013/1967.pdf HTTP/1.1" 200 1656110
201.245.192.253 - - [16/Dec/2023:18:25:52 -0500] "POST /kwsrmcab/Wsrmcab HTTP/1.1" 200 38465
201.245.192.253 - - [16/Dec/2023:18:25:55 -0500] "POST /kwsrmcab/Wsrmcab HTTP/1.1" 200 39408
201.245.192.253 - - [16/Dec/2023:18:26:05 -0500] "POST /forms/lservlet;jsessionid=ac16012b30d68f87e6b31bdd4159a82faa45787d3329.e3iSbxaKaheRe34Qc38TbN0Nb41ynknvrkLOlQzNp65In0 HTTP/1.1" 200 2
172.22.2.4 - - [16/Dec/2023:18:24:50 -0500] "HEAD /BLA/boletinlegal/ HTTP/1.1" 200 -
201.245.192.253 - - [16/Dec/2023:18:26:42 -0500] "POST /forms/lservlet;jsessionid=ac16012b30d665b9d6b5cea24731bd918aefbc6c9e46.e3iSbxaKaheRe34Qc38TbN0Nb41ynknvrkLOlQzNp65In0 HTTP/1.1" 200 2
172.22.2.4 - - [16/Dec/2023:18:25:40 -0500] "GET /BLA/boletinlegal/ HTTP/1.1" 200 58644
201.245.192.253 - - [16/Dec/2023:18:27:30 -0500] "POST /kwsrmcab/Wsrmcab  HTTP/1.1" 200 37894
216.245.221.92 - - [16/Dec/2023:18:27:49 -0500] "HEAD / HTTP/1.1" 200 -
201.245.192.253 - - [16/Dec/2023:18:28:05 -0500] "POST /forms/lservlet;jsessionid=ac16012b30d68f87e6b31bdd4159a82faa45787d3329.e3iSbxaKaheRe34Qc38TbN0Nb41ynknvrkLOlQzNp65In0 HTTP/1.1" 200 2
201.245.192.253 - - [16/Dec/2023:18:28:42 -0500] "POST /forms/lservlet;jsessionid=ac16012b30d665b9d6b5cea24731bd918aefbc6c9e46.e3iSbxaKaheRe34Qc38TbN0Nb41ynknvrkLOlQzNp65In0 HTTP/1.1" 200 2
201.245.192.253 - - [16/Dec/2023:18:29:45 -0500] "POST /kwsrmcab/Wsrmcab HTTP/1.1" 200 38465
201.245.192.253 - - [16/Dec/2023:18:29:49 -0500] "POST /kwsrmcab/Wsrmcab HTTP/1.1" 200 39408
201.245.192.253 - - [16/Dec/2023:18:30:05 -0500] "POST /forms/lservlet;jsessionid=ac16012b30d68f87e6b31bdd4159a82faa45787d3329.e3iSbxaKaheRe34Qc38TbN0Nb41ynknvrkLOlQzNp65In0 HTTP/1.1" 200 2
201.245.192.253 - - [16/Dec/2023:18:30:42 -0500] "POST /forms/lservlet;jsessionid=ac16012b30d665b9d6b5cea24731bd918aefbc6c9e46.e3iSbxaKaheRe34Qc38TbN0Nb41ynknvrkLOlQzNp65In0 HTTP/1.1" 200 2
201.245.192.253 - - [16/Dec/2023:18:32:05 -0500] "POST /forms/lservlet;jsessionid=ac16012b30d68f87e6b31bdd4159a82faa45787d3329.e3iSbxaKaheRe34Qc38TbN0Nb41ynknvrkLOlQzNp65In0 HTTP/1.1" 200 2
172.22.2.4 - - [16/Dec/2023:18:30:40 -0500] "HEAD /BLA/boletinlegal/ HTTP/1.1" 200 -
201.245.192.253 - - [16/Dec/2023:18:32:29 -0500] "POST /kwsrmcab/Wsrmcab  HTTP/1.1" 200 37894
201.245.192.253 - - [16/Dec/2023:18:32:42 -0500] "POST /forms/lservlet;jsessionid=ac16012b30d665b9d6b5cea24731bd918aefbc6c9e46.e3iSbxaKaheRe34Qc38TbN0Nb41ynknvrkLOlQzNp65In0 HTTP/1.1" 200 2
216.245.221.92 - - [16/Dec/2023:18:32:48 -0500] "HEAD / HTTP/1.1" 200 -
172.22.2.4 - - [16/Dec/2023:18:31:30 -0500] "GET /BLA/boletinlegal/ HTTP/1.1" 200 58294
66.249.66.75 - - [16/Dec/2023:18:33:36 -0500] "GET /portaldeninos/que-es-cambio-climatico/ HTTP/1.1" 200 86727
66.249.66.75 - - [16/Dec/2023:18:33:39 -0500] "GET /portaldeninos/wp-content/themes/betheme/style.css?ver=20.9.6 HTTP/1.1" 200 287
66.249.66.75 - - [16/Dec/2023:18:33:40 -0500] "GET /portaldeninos/wp-includes/js/jquery/ui/core.min.js?ver=1.11.4 HTTP/1.1" 200 4000
66.249.66.75 - - [16/Dec/2023:18:33:41 -0500] "GET /portaldeninos/wp-includes/js/jquery/jquery.js?ver=1.12.4 HTTP/1.1" 200 97184
66.249.66.75 - - [16/Dec/2023:18:33:42 -0500] "GET /portaldeninos/wp-content/plugins/gallery-videos/JS/modernizr.custom.js?ver=4.9.8 HTTP/1.1" 200 9019
66.249.66.75 - - [16/Dec/2023:18:33:43 -0500] "GET /portaldeninos/wp-includes/js/jquery/ui/tabs.min.js?ver=1.11.4 HTTP/1.1" 200 12110
200.69.84.134 - - [16/Dec/2023:18:33:44 -0500] "GET /reportes_sipse/jsp/inicio.jsp HTTP/1.1" 200 2935
200.69.84.134 - - [16/Dec/2023:18:33:44 -0500] "GET /reportes_sipse/css/estilos.css HTTP/1.1" 200 9135
200.69.84.134 - - [16/Dec/2023:18:33:44 -0500] "GET /reportes_sipse/imagenes/logoAplicacion.jpg HTTP/1.1" 200 26872
200.69.84.134 - - [16/Dec/2023:18:33:44 -0500] "GET /reportes_sipse/imagenes/fondo.jpg HTTP/1.1" 200 20235
200.69.84.134 - - [16/Dec/2023:18:33:44 -0500] "GET /favicon.ico HTTP/1.1" 200 7782
66.249.66.75 - - [16/Dec/2023:18:33:44 -0500] "GET /portaldeninos/wp-includes/js/wp-embed.min.js?ver=4.9.8 HTTP/1.1" 200 1398
200.69.84.134 - - [16/Dec/2023:18:33:50 -0500] "POST /reportes_sipse/sdg/ServletReporte?adquisiciones_sipse_detallado& HTTP/1.1" 200 6273
200.69.84.134 - - [16/Dec/2023:18:33:50 -0500] "GET /reportes_sipse/js/funciones.js HTTP/1.1" 200 4709
200.69.84.134 - - [16/Dec/2023:18:33:51 -0500] "GET /reportes_sipse/js/date-picker.js HTTP/1.1" 200 16768
200.69.84.134 - - [16/Dec/2023:18:33:51 -0500] "GET /reportes_sipse/imagenes/calendario.gif HTTP/1.1" 200 1387
200.69.84.134 - - [16/Dec/2023:18:33:51 -0500] "GET /reportes_sipse/imagenes/pdf.gif HTTP/1.1" 200 598
200.69.84.134 - - [16/Dec/2023:18:33:51 -0500] "GET /reportes_sipse/imagenes/excel.gif HTTP/1.1" 200 613
200.69.84.134 - - [16/Dec/2023:18:33:55 -0500] "GET /reportes_sipse/imagenes/retrocedeAgno.gif HTTP/1.1" 200 781
200.69.84.134 - - [16/Dec/2023:18:33:55 -0500] "GET /reportes_sipse/imagenes/retrocedeMes.gif HTTP/1.1" 200 459
200.69.84.134 - - [16/Dec/2023:18:33:55 -0500] "GET /reportes_sipse/imagenes/avanzaAgno.gif HTTP/1.1" 200 779
200.69.84.134 - - [16/Dec/2023:18:33:55 -0500] "GET /reportes_sipse/imagenes/avanzaMes.gif HTTP/1.1" 200 660
66.249.66.21 - - [16/Dec/2023:18:33:56 -0500] "GET /BLA/resoluciones/RESOLUCIONES%202009/1201.pdf HTTP/1.1" 200 459366
201.245.192.253 - - [16/Dec/2023:18:34:05 -0500] "POST /forms/lservlet;jsessionid=ac16012b30d68f87e6b31bdd4159a82faa45787d3329.e3iSbxaKaheRe34Qc38TbN0Nb41ynknvrkLOlQzNp65In0 HTTP/1.1" 200 2
200.69.84.134 - - [16/Dec/2023:18:34:13 -0500] "GET /reportes_sipse/jsp/inicio.jsp HTTP/1.1" 200 2935
200.69.84.134 - - [16/Dec/2023:18:34:16 -0500] "POST /reportes_sipse/sdg/ServletReporte?adquisiciones_sipse_detallado& HTTP/1.1" 200 6273
200.69.84.134 - - [16/Dec/2023:18:34:28 -0500] "POST /reportes_sipse/sdg/ServletReporte?saldo_actividades_contratacion_columnas2& HTTP/1.1" 200 5987
172.22.2.4 - - [16/Dec/2023:18:32:48 -0500] "GET /BLA/boletinlegal/ HTTP/1.1" 200 60634
201.245.192.253 - - [16/Dec/2023:18:34:42 -0500] "POST /forms/lservlet;jsessionid=ac16012b30d665b9d6b5cea24731bd918aefbc6c9e46.e3iSbxaKaheRe34Qc38TbN0Nb41ynknvrkLOlQzNp65In0 HTTP/1.1" 200 2
200.69.84.134 - - [16/Dec/2023:18:34:35 -0500] "POST /reportes_sipse/sdg/ServletControlador HTTP/1.1" 200 60547
201.245.192.253 - - [16/Dec/2023:18:35:52 -0500] "POST /kwsrmcab/Wsrmcab HTTP/1.1" 200 38465
201.245.192.253 - - [16/Dec/2023:18:35:55 -0500] "POST /kwsrmcab/Wsrmcab HTTP/1.1" 200 39408
201.245.192.253 - - [16/Dec/2023:18:36:05 -0500] "POST /forms/lservlet;jsessionid=ac16012b30d68f87e6b31bdd4159a82faa45787d3329.e3iSbxaKaheRe34Qc38TbN0Nb41ynknvrkLOlQzNp65In0 HTTP/1.1" 200 2
200.69.84.134 - - [16/Dec/2023:18:34:10 -0500] "POST /reportes_sipse/sdg/ServletControlador HTTP/1.1" 200 966814
201.245.192.253 - - [16/Dec/2023:18:36:42 -0500] "POST /forms/lservlet;jsessionid=ac16012b30d665b9d6b5cea24731bd918aefbc6c9e46.e3iSbxaKaheRe34Qc38TbN0Nb41ynknvrkLOlQzNp65In0 HTTP/1.1" 200 2
172.22.2.4 - - [16/Dec/2023:18:36:45 -0500] "GET /BLA/boletinlegal/Circulares/2019/.pdf HTTP/1.1" 404 1218
201.245.192.253 - - [16/Dec/2023:18:37:27 -0500] "POST /kwsrmcab/Wsrmcab  HTTP/1.1" 200 37894
216.245.221.92 - - [16/Dec/2023:18:37:48 -0500] "HEAD / HTTP/1.1" 200 -
201.245.192.253 - - [16/Dec/2023:18:38:06 -0500] "POST /forms/lservlet;jsessionid=ac16012b30d68f87e6b31bdd4159a82faa45787d3329.e3iSbxaKaheRe34Qc38TbN0Nb41ynknvrkLOlQzNp65In0 HTTP/1.1" 200 2
172.22.2.4 - - [16/Dec/2023:18:36:30 -0500] "HEAD /BLA/boletinlegal/ HTTP/1.1" 200 -
201.245.192.253 - - [16/Dec/2023:18:38:42 -0500] "POST /forms/lservlet;jsessionid=ac16012b30d665b9d6b5cea24731bd918aefbc6c9e46.e3iSbxaKaheRe34Qc38TbN0Nb41ynknvrkLOlQzNp65In0 HTTP/1.1" 200 2
172.22.2.4 - - [16/Dec/2023:18:37:20 -0500] "GET /BLA/boletinlegal/ HTTP/1.1" 200 60634
216.244.66.195 - - [16/Dec/2023:18:39:13 -0500] "GET /BLA/resoluciones/AUTOS%202016/1282.pdf HTTP/1.1" 200 464763
201.245.192.253 - - [16/Dec/2023:18:39:44 -0500] "POST /kwsrmcab/Wsrmcab HTTP/1.1" 200 38465
201.245.192.253 - - [16/Dec/2023:18:39:49 -0500] "POST /kwsrmcab/Wsrmcab HTTP/1.1" 200 39408
201.245.192.253 - - [16/Dec/2023:18:40:06 -0500] "POST /forms/lservlet;jsessionid=ac16012b30d68f87e6b31bdd4159a82faa45787d3329.e3iSbxaKaheRe34Qc38TbN0Nb41ynknvrkLOlQzNp65In0 HTTP/1.1" 200 2
199.16.157.181 - - [16/Dec/2023:18:40:23 -0500] "GET /robots.txt HTTP/1.1" 404 1034
199.16.157.181 - - [16/Dec/2023:18:40:23 -0500] "GET /images/imagen-palomas_optimized.jpg HTTP/1.1" 200 184069
201.245.192.253 - - [16/Dec/2023:18:40:42 -0500] "POST /forms/lservlet;jsessionid=ac16012b30d665b9d6b5cea24731bd918aefbc6c9e46.e3iSbxaKaheRe34Qc38TbN0Nb41ynknvrkLOlQzNp65In0 HTTP/1.1" 200 2
216.244.66.195 - - [16/Dec/2023:18:40:55 -0500] "GET /BLA/resoluciones/AUTOS%202016/2920.PDF HTTP/1.1" 200 10107219
201.245.192.253 - - [16/Dec/2023:18:42:06 -0500] "POST /forms/lservlet;jsessionid=ac16012b30d68f87e6b31bdd4159a82faa45787d3329.e3iSbxaKaheRe34Qc38TbN0Nb41ynknvrkLOlQzNp65In0 HTTP/1.1" 200 2
216.244.66.195 - - [16/Dec/2023:18:42:10 -0500] "GET /BLA/resoluciones/AUTOS%202007/0281.pdf HTTP/1.1" 200 91938
201.245.192.253 - - [16/Dec/2023:18:42:25 -0500] "POST /kwsrmcab/Wsrmcab  HTTP/1.1" 200 37894
201.245.192.253 - - [16/Dec/2023:18:42:42 -0500] "POST /forms/lservlet;jsessionid=ac16012b30d665b9d6b5cea24731bd918aefbc6c9e46.e3iSbxaKaheRe34Qc38TbN0Nb41ynknvrkLOlQzNp65In0 HTTP/1.1" 200 2
216.244.66.195 - - [16/Dec/2023:18:42:48 -0500] "GET /BLA/resoluciones/AUTOS%202007/1937.pdf HTTP/1.1" 200 186550
216.245.221.92 - - [16/Dec/2023:18:42:48 -0500] "HEAD / HTTP/1.1" 200 -
216.244.66.195 - - [16/Dec/2023:18:43:28 -0500] "GET /BLA/resoluciones/AUTOS%202010/0104.pdf HTTP/1.1" 200 255747
172.22.2.4 - - [16/Dec/2023:18:42:20 -0500] "HEAD /BLA/boletinlegal/ HTTP/1.1" 200 -
201.245.192.253 - - [16/Dec/2023:18:44:06 -0500] "POST /forms/lservlet;jsessionid=ac16012b30d68f87e6b31bdd4159a82faa45787d3329.e3iSbxaKaheRe34Qc38TbN0Nb41ynknvrkLOlQzNp65In0 HTTP/1.1" 200 2
216.244.66.195 - - [16/Dec/2023:18:44:13 -0500] "GET /BLA/resoluciones/AUTOS%202010/0121.pdf HTTP/1.1" 200 310523
201.245.192.253 - - [16/Dec/2023:18:44:42 -0500] "POST /forms/lservlet;jsessionid=ac16012b30d665b9d6b5cea24731bd918aefbc6c9e46.e3iSbxaKaheRe34Qc38TbN0Nb41ynknvrkLOlQzNp65In0 HTTP/1.1" 200 2
172.22.2.4 - - [16/Dec/2023:18:43:10 -0500] "GET /BLA/boletinlegal/ HTTP/1.1" 200 58644
216.244.66.195 - - [16/Dec/2023:18:45:02 -0500] "GET /BLA/resoluciones/AUTOS%202010/0135.pdf HTTP/1.1" 200 182475
66.249.66.20 - - [16/Dec/2023:18:45:16 -0500] "GET /BLA/resoluciones/AUTOS%202014/5790.pdf HTTP/1.1" 200 209080
162.55.171.138 - - [16/Dec/2023:18:45:18 -0500] "GET / HTTP/1.1" 200 319
162.55.171.138 - - [16/Dec/2023:18:45:19 -0500] "GET / HTTP/1.1" 200 4720
216.244.66.195 - - [16/Dec/2023:18:45:38 -0500] "GET /BLA/resoluciones/AUTOS%202010/0567.pdf HTTP/1.1" 200 227439
201.245.192.253 - - [16/Dec/2023:18:46:06 -0500] "POST /forms/lservlet;jsessionid=ac16012b30d68f87e6b31bdd4159a82faa45787d3329.e3iSbxaKaheRe34Qc38TbN0Nb41ynknvrkLOlQzNp65In0 HTTP/1.1" 200 2
216.244.66.195 - - [16/Dec/2023:18:46:20 -0500] "GET /BLA/resoluciones/AUTOS%202010/1349.pdf HTTP/1.1" 200 173520
201.245.192.253 - - [16/Dec/2023:18:46:42 -0500] "POST /forms/lservlet;jsessionid=ac16012b30d665b9d6b5cea24731bd918aefbc6c9e46.e3iSbxaKaheRe34Qc38TbN0Nb41ynknvrkLOlQzNp65In0 HTTP/1.1" 200 2
216.244.66.195 - - [16/Dec/2023:18:47:02 -0500] "GET /BLA/resoluciones/AUTOS%202010/1377.pdf HTTP/1.1" 200 251829
201.245.192.253 - - [16/Dec/2023:18:47:24 -0500] "POST /kwsrmcab/Wsrmcab  HTTP/1.1" 200 37894
216.244.66.195 - - [16/Dec/2023:18:47:46 -0500] "GET /BLA/resoluciones/AUTOS%202010/1998.pdf HTTP/1.1" 200 147022
216.245.221.92 - - [16/Dec/2023:18:47:48 -0500] "HEAD / HTTP/1.1" 200 -
201.245.192.253 - - [16/Dec/2023:18:48:06 -0500] "POST /forms/lservlet;jsessionid=ac16012b30d68f87e6b31bdd4159a82faa45787d3329.e3iSbxaKaheRe34Qc38TbN0Nb41ynknvrkLOlQzNp65In0 HTTP/1.1" 200 2
216.244.66.195 - - [16/Dec/2023:18:48:26 -0500] "GET /BLA/resoluciones/AUTOS%202010/2259.pdf HTTP/1.1" 200 205758
201.245.192.253 - - [16/Dec/2023:18:48:42 -0500] "POST /forms/lservlet;jsessionid=ac16012b30d665b9d6b5cea24731bd918aefbc6c9e46.e3iSbxaKaheRe34Qc38TbN0Nb41ynknvrkLOlQzNp65In0 HTTP/1.1" 200 2
216.244.66.195 - - [16/Dec/2023:18:49:07 -0500] "GET /BLA/resoluciones/AUTOS%202010/2797.pdf HTTP/1.1" 200 6773580
172.22.2.4 - - [16/Dec/2023:18:48:10 -0500] "HEAD /BLA/boletinlegal/ HTTP/1.1" 200 -
216.244.66.195 - - [16/Dec/2023:18:49:57 -0500] "GET /BLA/resoluciones/AUTOS%202010/3086.pdf HTTP/1.1" 200 1901018
201.245.192.253 - - [16/Dec/2023:18:50:06 -0500] "POST /forms/lservlet;jsessionid=ac16012b30d68f87e6b31bdd4159a82faa45787d3329.e3iSbxaKaheRe34Qc38TbN0Nb41ynknvrkLOlQzNp65In0 HTTP/1.1" 200 2
172.22.2.4 - - [16/Dec/2023:18:49:00 -0500] "GET /BLA/boletinlegal/ HTTP/1.1" 200 60634
201.245.192.253 - - [16/Dec/2023:18:50:42 -0500] "POST /forms/lservlet;jsessionid=ac16012b30d665b9d6b5cea24731bd918aefbc6c9e46.e3iSbxaKaheRe34Qc38TbN0Nb41ynknvrkLOlQzNp65In0 HTTP/1.1" 200 2
216.244.66.195 - - [16/Dec/2023:18:50:47 -0500] "GET /BLA/resoluciones/AUTOS%202010/3594.pdf HTTP/1.1" 200 335830
66.249.66.21 - - [16/Dec/2023:18:51:18 -0500] "HEAD /BLA/resoluciones/RESOLUCIONES%202019/2304.pdf HTTP/1.1" 200 -
172.22.2.4 - - [16/Dec/2023:18:51:18 -0500] "GET /BLA/boletinlegal/robots.txt HTTP/1.1" 404 1038
216.244.66.195 - - [16/Dec/2023:18:51:35 -0500] "GET /BLA/resoluciones/AUTOS%202010/3703.pdf HTTP/1.1" 200 242751
201.245.192.253 - - [16/Dec/2023:18:52:06 -0500] "POST /forms/lservlet;jsessionid=ac16012b30d68f87e6b31bdd4159a82faa45787d3329.e3iSbxaKaheRe34Qc38TbN0Nb41ynknvrkLOlQzNp65In0 HTTP/1.1" 200 2
172.22.2.4 - - [16/Dec/2023:18:52:07 -0500] "GET /BLA/boletinlegal/robots.txt HTTP/1.1" 404 1037
216.244.66.195 - - [16/Dec/2023:18:52:17 -0500] "GET /BLA/resoluciones/AUTOS%202010/3771.pdf HTTP/1.1" 200 171807
172.22.2.4 - - [16/Dec/2023:18:52:18 -0500] "GET /BLA/boletinlegal/Directivas/2017/Directiva%20No.%2002%20del%2017%20de%20Enero%20de%202017.pdf HTTP/1.1" 200 3521427
201.245.192.253 - - [16/Dec/2023:18:52:22 -0500] "POST /kwsrmcab/Wsrmcab  HTTP/1.1" 200 37894
201.245.192.253 - - [16/Dec/2023:18:52:42 -0500] "POST /forms/lservlet;jsessionid=ac16012b30d665b9d6b5cea24731bd918aefbc6c9e46.e3iSbxaKaheRe34Qc38TbN0Nb41ynknvrkLOlQzNp65In0 HTTP/1.1" 200 2
216.245.221.92 - - [16/Dec/2023:18:52:48 -0500] "HEAD / HTTP/1.1" 200 -
216.244.66.195 - - [16/Dec/2023:18:52:56 -0500] "GET /BLA/resoluciones/AUTOS%202010/4496.pdf HTTP/1.1" 200 328935
172.22.2.4 - - [16/Dec/2023:18:51:18 -0500] "HEAD /BLA/boletinlegal/ HTTP/1.1" 200 -
216.244.66.195 - - [16/Dec/2023:18:53:41 -0500] "GET /BLA/resoluciones/AUTOS%202010/5360.pdf HTTP/1.1" 200 1523252
201.245.192.253 - - [16/Dec/2023:18:54:06 -0500] "POST /forms/lservlet;jsessionid=ac16012b30d68f87e6b31bdd4159a82faa45787d3329.e3iSbxaKaheRe34Qc38TbN0Nb41ynknvrkLOlQzNp65In0 HTTP/1.1" 200 2
186.31.211.143 - - [16/Dec/2023:18:54:21 -0500] "POST /sipse/faces/presentacion/financiero/solicitudProceso/consultarHistorialSolProceso.xhtml HTTP/1.1" 302 -
186.31.211.143 - - [16/Dec/2023:18:54:21 -0500] "GET /sipse/faces/autenticacion.xhtml HTTP/1.1" 200 12407
186.31.211.143 - - [16/Dec/2023:18:54:21 -0500] "GET /sipse/faces/index.xhtml HTTP/1.1" 200 677
186.31.211.143 - - [16/Dec/2023:18:54:21 -0500] "GET /sipse/faces/javax.faces.resource/theme.css?ln=primefaces-sipse HTTP/1.1" 304 -
186.31.211.143 - - [16/Dec/2023:18:54:21 -0500] "GET /sipse/faces/faces/autenticacion.xhtml HTTP/1.1" 200 12407
186.31.211.143 - - [16/Dec/2023:18:54:22 -0500] "GET /sipse/faces/javax.faces.resource/theme.css?ln=primefaces-sipse HTTP/1.1" 304 -
186.31.211.143 - - [16/Dec/2023:18:54:22 -0500] "GET /sipse/faces/javax.faces.resource/jquery/jquery.js?ln=primefaces&v=4.0 HTTP/1.1" 304 -
186.31.211.143 - - [16/Dec/2023:18:54:22 -0500] "GET /sipse/faces/javax.faces.resource/layout/layout.js?ln=primefaces&v=4.0 HTTP/1.1" 304 -
186.31.211.143 - - [16/Dec/2023:18:54:22 -0500] "GET /sipse/faces/javax.faces.resource/layout/layout.css?ln=primefaces&v=4.0 HTTP/1.1" 304 -
186.31.211.143 - - [16/Dec/2023:18:54:22 -0500] "GET /sipse/faces/javax.faces.resource/primefaces.js?ln=primefaces&v=4.0 HTTP/1.1" 304 -
186.31.211.143 - - [16/Dec/2023:18:54:22 -0500] "GET /sipse/faces/javax.faces.resource/primefaces.css?ln=primefaces&v=4.0 HTTP/1.1" 304 -
186.31.211.143 - - [16/Dec/2023:18:54:22 -0500] "GET /sipse/faces/javax.faces.resource/jquery/jquery-plugins.js?ln=primefaces&v=4.0 HTTP/1.1" 304 -
186.31.211.143 - - [16/Dec/2023:18:54:22 -0500] "GET /sipse/faces/javax.faces.resource/images/ui-icons_898989_256x240.png?ln=primefaces-aristo HTTP/1.1" 304 -
186.31.211.143 - - [16/Dec/2023:18:54:28 -0500] "POST /sipse/faces/autenticacion.xhtml HTTP/1.1" 200 2217
186.31.211.143 - - [16/Dec/2023:18:54:28 -0500] "GET /sipse/faces/javax.faces.resource/messages/messages.png?ln=primefaces&v=4.0 HTTP/1.1" 304 -
216.244.66.195 - - [16/Dec/2023:18:54:31 -0500] "GET /BLA/resoluciones/AUTOS%202010/5420.pdf HTTP/1.1" 200 204225
186.31.211.143 - - [16/Dec/2023:18:54:37 -0500] "GET /sipse/faces/javax.faces.resource/images/ui-icons_898989_256x240.png?ln=primefaces-aristo HTTP/1.1" 304 -
186.31.211.143 - - [16/Dec/2023:18:54:37 -0500] "POST /sipse/faces/autenticacion.xhtml HTTP/1.1" 200 16460
186.31.211.143 - - [16/Dec/2023:18:54:38 -0500] "GET /sipse/faces/javax.faces.resource/theme.css?ln=primefaces-sipse HTTP/1.1" 304 -
186.31.211.143 - - [16/Dec/2023:18:54:38 -0500] "GET /sipse/faces/javax.faces.resource/layout/layout.css?ln=primefaces&v=4.0 HTTP/1.1" 304 -
186.31.211.143 - - [16/Dec/2023:18:54:38 -0500] "GET /sipse/faces/javax.faces.resource/primefaces.css?ln=primefaces&v=4.0 HTTP/1.1" 304 -
186.31.211.143 - - [16/Dec/2023:18:54:38 -0500] "GET /sipse/faces/javax.faces.resource/jquery/jquery.js?ln=primefaces&v=4.0 HTTP/1.1" 304 -
186.31.211.143 - - [16/Dec/2023:18:54:38 -0500] "GET /sipse/faces/javax.faces.resource/jquery/jquery-plugins.js?ln=primefaces&v=4.0 HTTP/1.1" 304 -
186.31.211.143 - - [16/Dec/2023:18:54:38 -0500] "GET /sipse/faces/javax.faces.resource/primefaces.js?ln=primefaces&v=4.0 HTTP/1.1" 304 -
186.31.211.143 - - [16/Dec/2023:18:54:38 -0500] "GET /sipse/faces/javax.faces.resource/layout/layout.js?ln=primefaces&v=4.0 HTTP/1.1" 304 -
186.31.211.143 - - [16/Dec/2023:18:54:38 -0500] "GET /sipse/faces/javax.faces.resource/images/ui-icons_898989_256x240.png?ln=primefaces-aristo HTTP/1.1" 304 -
186.31.211.143 - - [16/Dec/2023:18:54:42 -0500] "GET /sipse/faces/javax.faces.resource/images/ui-bg_flat_0_2d5972_40x100.png?ln=primefaces-aristo HTTP/1.1" 304 -
186.31.211.143 - - [16/Dec/2023:18:54:42 -0500] "POST /sipse/faces/bienvenido.xhtml HTTP/1.1" 200 2073
201.245.192.253 - - [16/Dec/2023:18:54:42 -0500] "POST /forms/lservlet;jsessionid=ac16012b30d665b9d6b5cea24731bd918aefbc6c9e46.e3iSbxaKaheRe34Qc38TbN0Nb41ynknvrkLOlQzNp65In0 HTTP/1.1" 200 2
186.31.211.143 - - [16/Dec/2023:18:54:44 -0500] "POST /sipse/faces/bienvenido.xhtml HTTP/1.1" 200 9852
186.31.211.143 - - [16/Dec/2023:18:54:45 -0500] "POST /sipse/faces/bienvenido.xhtml HTTP/1.1" 200 2658
186.31.211.143 - - [16/Dec/2023:18:54:46 -0500] "POST /sipse/faces/bienvenido.xhtml HTTP/1.1" 200 39317
186.31.211.143 - - [16/Dec/2023:18:54:46 -0500] "GET /sipse/faces/javax.faces.resource/layout/layout.css?ln=primefaces&v=4.0 HTTP/1.1" 304 -
186.31.211.143 - - [16/Dec/2023:18:54:46 -0500] "GET /sipse/faces/javax.faces.resource/theme.css?ln=primefaces-sipse HTTP/1.1" 304 -
186.31.211.143 - - [16/Dec/2023:18:54:46 -0500] "GET /sipse/faces/javax.faces.resource/jquery/jquery.js?ln=primefaces&v=4.0 HTTP/1.1" 304 -
186.31.211.143 - - [16/Dec/2023:18:54:46 -0500] "GET /sipse/faces/javax.faces.resource/primefaces.css?ln=primefaces&v=4.0 HTTP/1.1" 304 -
186.31.211.143 - - [16/Dec/2023:18:54:46 -0500] "GET /sipse/faces/javax.faces.resource/jquery/jquery-plugins.js?ln=primefaces&v=4.0 HTTP/1.1" 304 -
186.31.211.143 - - [16/Dec/2023:18:54:46 -0500] "GET /sipse/faces/javax.faces.resource/primefaces.js?ln=primefaces&v=4.0 HTTP/1.1" 304 -
186.31.211.143 - - [16/Dec/2023:18:54:46 -0500] "GET /sipse/faces/javax.faces.resource/layout/layout.js?ln=primefaces&v=4.0 HTTP/1.1" 304 -
186.31.211.143 - - [16/Dec/2023:18:54:46 -0500] "GET /sipse/faces/javax.faces.resource/images/ui-icons_898989_256x240.png?ln=primefaces-aristo HTTP/1.1" 304 -
186.31.211.143 - - [16/Dec/2023:18:54:46 -0500] "POST /sipse/faces/presentacion/financiero/solicitudProceso/listarSolicitudProceso.xhtml HTTP/1.1" 200 1420
66.249.66.20 - - [16/Dec/2023:18:54:51 -0500] "GET /BLA/resoluciones/RESOLUCIONES%202007/RES%202007%20101%20AL%20200/RESOLUCION%200110%20%20DE%202007.pdf HTTP/1.1" 200 1605474
186.31.211.143 - - [16/Dec/2023:18:55:00 -0500] "GET /sipse/faces/javax.faces.resource/images/ui-icons_898989_256x240.png?ln=primefaces-aristo HTTP/1.1" 304 -
186.31.211.143 - - [16/Dec/2023:18:55:00 -0500] "POST /sipse/faces/presentacion/financiero/solicitudProceso/listarSolicitudProceso.xhtml HTTP/1.1" 200 138405
186.31.211.143 - - [16/Dec/2023:18:55:01 -0500] "GET /sipse/faces/javax.faces.resource/theme.css?ln=primefaces-sipse HTTP/1.1" 304 -
186.31.211.143 - - [16/Dec/2023:18:55:01 -0500] "GET /sipse/faces/javax.faces.resource/primefaces.css?ln=primefaces&v=4.0 HTTP/1.1" 304 -
186.31.211.143 - - [16/Dec/2023:18:55:01 -0500] "GET /sipse/faces/javax.faces.resource/layout/layout.css?ln=primefaces&v=4.0 HTTP/1.1" 304 -
186.31.211.143 - - [16/Dec/2023:18:55:01 -0500] "GET /sipse/faces/javax.faces.resource/jquery/jquery.js?ln=primefaces&v=4.0 HTTP/1.1" 304 -
186.31.211.143 - - [16/Dec/2023:18:55:01 -0500] "GET /sipse/faces/javax.faces.resource/jquery/jquery-plugins.js?ln=primefaces&v=4.0 HTTP/1.1" 304 -
186.31.211.143 - - [16/Dec/2023:18:55:02 -0500] "GET /sipse/faces/javax.faces.resource/primefaces.js?ln=primefaces&v=4.0 HTTP/1.1" 304 -
186.31.211.143 - - [16/Dec/2023:18:55:02 -0500] "GET /sipse/faces/javax.faces.resource/layout/layout.js?ln=primefaces&v=4.0 HTTP/1.1" 304 -
186.31.211.143 - - [16/Dec/2023:18:55:02 -0500] "GET /sipse/faces/javax.faces.resource/images/ui-icons_898989_256x240.png?ln=primefaces-aristo HTTP/1.1" 304 -
186.31.211.143 - - [16/Dec/2023:18:55:02 -0500] "GET /sipse/faces/javax.faces.resource/dynamiccontent.properties?ln=primefaces&pfdrid=XjOR5%2F%2FfPAZAuY9TpWQeCiM0BhlXxYRBGKi%2FQcXXfeA%3D&pfdrid_c=false HTTP/1.1" 500 383
186.31.211.143 - - [16/Dec/2023:18:55:02 -0500] "GET /sipse/faces/javax.faces.resource/dynamiccontent.properties?ln=primefaces&pfdrid=XjOR5%2F%2FfPAZAuY9TpWQeCiM0BhlXxYRBGKi%2FQcXXfeA%3D&pfdrid_c=false HTTP/1.1" 500 383
186.31.211.143 - - [16/Dec/2023:18:55:05 -0500] "GET /sipse/faces/javax.faces.resource/images/ui-icons_898989_256x240.png?ln=primefaces-aristo HTTP/1.1" 304 -
186.31.211.143 - - [16/Dec/2023:18:55:05 -0500] "POST /sipse/faces/presentacion/financiero/solicitudProceso/consultarSolicitudProceso.xhtml HTTP/1.1" 200 39794
186.31.211.143 - - [16/Dec/2023:18:55:08 -0500] "GET /sipse/faces/javax.faces.resource/theme.css?ln=primefaces-sipse HTTP/1.1" 304 -
186.31.211.143 - - [16/Dec/2023:18:55:08 -0500] "GET /sipse/faces/javax.faces.resource/primefaces.css?ln=primefaces&v=4.0 HTTP/1.1" 304 -
186.31.211.143 - - [16/Dec/2023:18:55:08 -0500] "GET /sipse/faces/javax.faces.resource/layout/layout.css?ln=primefaces&v=4.0 HTTP/1.1" 304 -
186.31.211.143 - - [16/Dec/2023:18:55:08 -0500] "GET /sipse/faces/javax.faces.resource/jquery/jquery.js?ln=primefaces&v=4.0 HTTP/1.1" 304 -
186.31.211.143 - - [16/Dec/2023:18:55:09 -0500] "GET /sipse/faces/javax.faces.resource/jquery/jquery-plugins.js?ln=primefaces&v=4.0 HTTP/1.1" 304 -
186.31.211.143 - - [16/Dec/2023:18:55:09 -0500] "GET /sipse/faces/javax.faces.resource/primefaces.js?ln=primefaces&v=4.0 HTTP/1.1" 304 -
186.31.211.143 - - [16/Dec/2023:18:55:09 -0500] "GET /sipse/faces/javax.faces.resource/layout/layout.js?ln=primefaces&v=4.0 HTTP/1.1" 304 -
186.31.211.143 - - [16/Dec/2023:18:55:09 -0500] "GET /sipse/faces/javax.faces.resource/images/ui-icons_898989_256x240.png?ln=primefaces-aristo HTTP/1.1" 304 -
186.31.211.143 - - [16/Dec/2023:18:55:09 -0500] "POST /sipse/faces/presentacion/financiero/solicitudProceso/listarSolicitudProceso.xhtml HTTP/1.1" 200 1420
216.244.66.195 - - [16/Dec/2023:18:55:10 -0500] "GET /BLA/resoluciones/AUTOS%202010/5506.pdf HTTP/1.1" 200 237729
186.31.211.143 - - [16/Dec/2023:18:55:21 -0500] "GET /sipse/faces/javax.faces.resource/images/ui-icons_898989_256x240.png?ln=primefaces-aristo HTTP/1.1" 304 -
186.31.211.143 - - [16/Dec/2023:18:55:21 -0500] "POST /sipse/faces/presentacion/financiero/solicitudProceso/listarSolicitudProceso.xhtml HTTP/1.1" 200 138405
186.31.211.143 - - [16/Dec/2023:18:55:23 -0500] "GET /sipse/faces/javax.faces.resource/primefaces.css?ln=primefaces&v=4.0 HTTP/1.1" 304 -
186.31.211.143 - - [16/Dec/2023:18:55:23 -0500] "GET /sipse/faces/javax.faces.resource/jquery/jquery.js?ln=primefaces&v=4.0 HTTP/1.1" 304 -
186.31.211.143 - - [16/Dec/2023:18:55:23 -0500] "GET /sipse/faces/javax.faces.resource/theme.css?ln=primefaces-sipse HTTP/1.1" 304 -
186.31.211.143 - - [16/Dec/2023:18:55:23 -0500] "GET /sipse/faces/javax.faces.resource/layout/layout.css?ln=primefaces&v=4.0 HTTP/1.1" 304 -
186.31.211.143 - - [16/Dec/2023:18:55:23 -0500] "GET /sipse/faces/javax.faces.resource/jquery/jquery-plugins.js?ln=primefaces&v=4.0 HTTP/1.1" 304 -
186.31.211.143 - - [16/Dec/2023:18:55:23 -0500] "GET /sipse/faces/javax.faces.resource/primefaces.js?ln=primefaces&v=4.0 HTTP/1.1" 304 -
186.31.211.143 - - [16/Dec/2023:18:55:23 -0500] "GET /sipse/faces/javax.faces.resource/layout/layout.js?ln=primefaces&v=4.0 HTTP/1.1" 304 -
186.31.211.143 - - [16/Dec/2023:18:55:23 -0500] "GET /sipse/faces/javax.faces.resource/images/ui-icons_898989_256x240.png?ln=primefaces-aristo HTTP/1.1" 304 -
186.31.211.143 - - [16/Dec/2023:18:55:23 -0500] "GET /sipse/faces/javax.faces.resource/dynamiccontent.properties?ln=primefaces&pfdrid=XjOR5%2F%2FfPAZAuY9TpWQeCiM0BhlXxYRBGKi%2FQcXXfeA%3D&pfdrid_c=false HTTP/1.1" 500 383
186.31.211.143 - - [16/Dec/2023:18:55:23 -0500] "GET /sipse/faces/javax.faces.resource/dynamiccontent.properties?ln=primefaces&pfdrid=XjOR5%2F%2FfPAZAuY9TpWQeCiM0BhlXxYRBGKi%2FQcXXfeA%3D&pfdrid_c=false HTTP/1.1" 500 383
191.95.49.102 - - [16/Dec/2023:18:55:29 -0500] "GET /sipse/css/imagen/logoSDG.png HTTP/1.1" 200 53064
186.31.211.143 - - [16/Dec/2023:18:55:30 -0500] "GET /sipse/faces/javax.faces.resource/primefaces.css?ln=primefaces&v=4.0 HTTP/1.1" 304 -
186.31.211.143 - - [16/Dec/2023:18:55:30 -0500] "GET /sipse/faces/javax.faces.resource/layout/layout.css?ln=primefaces&v=4.0 HTTP/1.1" 304 -
186.31.211.143 - - [16/Dec/2023:18:55:30 -0500] "POST /sipse/faces/presentacion/financiero/solicitudProceso/consultarSolicitudProceso.xhtml HTTP/1.1" 200 35883
186.31.211.143 - - [16/Dec/2023:18:55:31 -0500] "GET /sipse/faces/javax.faces.resource/jquery/jquery.js?ln=primefaces&v=4.0 HTTP/1.1" 304 -
186.31.211.143 - - [16/Dec/2023:18:55:31 -0500] "GET /sipse/faces/javax.faces.resource/theme.css?ln=primefaces-sipse HTTP/1.1" 304 -
186.31.211.143 - - [16/Dec/2023:18:55:31 -0500] "GET /sipse/faces/javax.faces.resource/jquery/jquery-plugins.js?ln=primefaces&v=4.0 HTTP/1.1" 304 -
186.31.211.143 - - [16/Dec/2023:18:55:31 -0500] "GET /sipse/faces/javax.faces.resource/primefaces.js?ln=primefaces&v=4.0 HTTP/1.1" 304 -
186.31.211.143 - - [16/Dec/2023:18:55:31 -0500] "GET /sipse/faces/javax.faces.resource/layout/layout.js?ln=primefaces&v=4.0 HTTP/1.1" 304 -
186.31.211.143 - - [16/Dec/2023:18:55:31 -0500] "GET /sipse/faces/javax.faces.resource/images/ui-icons_898989_256x240.png?ln=primefaces-aristo HTTP/1.1" 304 -
172.22.2.4 - - [16/Dec/2023:18:54:00 -0500] "HEAD /BLA/boletinlegal/ HTTP/1.1" 200 -
216.244.66.195 - - [16/Dec/2023:18:55:45 -0500] "GET /BLA/resoluciones/AUTOS%202010/5543.pdf HTTP/1.1" 200 983626
186.31.211.143 - - [16/Dec/2023:18:55:57 -0500] "GET /sipse/faces/javax.faces.resource/images/ui-icons_898989_256x240.png?ln=primefaces-aristo HTTP/1.1" 304 -
186.31.211.143 - - [16/Dec/2023:18:55:58 -0500] "GET /sipse/faces/javax.faces.resource/jquery/jquery.js?ln=primefaces&v=4.0 HTTP/1.1" 304 -
186.31.211.143 - - [16/Dec/2023:18:55:58 -0500] "GET /sipse/faces/javax.faces.resource/primefaces.css?ln=primefaces&v=4.0 HTTP/1.1" 304 -
186.31.211.143 - - [16/Dec/2023:18:55:58 -0500] "GET /sipse/faces/javax.faces.resource/theme.css?ln=primefaces-sipse HTTP/1.1" 304 -
186.31.211.143 - - [16/Dec/2023:18:55:58 -0500] "GET /sipse/faces/javax.faces.resource/layout/layout.css?ln=primefaces&v=4.0 HTTP/1.1" 304 -
186.31.211.143 - - [16/Dec/2023:18:55:58 -0500] "GET /sipse/faces/javax.faces.resource/primefaces.js?ln=primefaces&v=4.0 HTTP/1.1" 304 -
186.31.211.143 - - [16/Dec/2023:18:55:58 -0500] "GET /sipse/faces/javax.faces.resource/layout/layout.js?ln=primefaces&v=4.0 HTTP/1.1" 304 -
186.31.211.143 - - [16/Dec/2023:18:55:58 -0500] "GET /sipse/faces/javax.faces.resource/jquery/jquery-plugins.js?ln=primefaces&v=4.0 HTTP/1.1" 304 -
186.31.211.143 - - [16/Dec/2023:18:55:58 -0500] "GET /sipse/faces/javax.faces.resource/images/ui-icons_898989_256x240.png?ln=primefaces-aristo HTTP/1.1" 304 -
186.31.211.143 - - [16/Dec/2023:18:55:57 -0500] "POST /sipse/faces/presentacion/financiero/solicitudProceso/consultarHistorialSolProceso.xhtml HTTP/1.1" 200 184343
186.31.211.143 - - [16/Dec/2023:18:55:59 -0500] "GET /sipse/faces/javax.faces.resource/dynamiccontent.properties?ln=primefaces&pfdrid=XjOR5%2F%2FfPAZAuY9TpWQeCiM0BhlXxYRBGKi%2FQcXXfeA%3D&pfdrid_c=false HTTP/1.1" 500 383
186.31.211.143 - - [16/Dec/2023:18:55:59 -0500] "GET /sipse/faces/javax.faces.resource/dynamiccontent.properties?ln=primefaces&pfdrid=XjOR5%2F%2FfPAZAuY9TpWQeCiM0BhlXxYRBGKi%2FQcXXfeA%3D&pfdrid_c=false HTTP/1.1" 500 383
201.245.192.253 - - [16/Dec/2023:18:56:06 -0500] "POST /forms/lservlet;jsessionid=ac16012b30d68f87e6b31bdd4159a82faa45787d3329.e3iSbxaKaheRe34Qc38TbN0Nb41ynknvrkLOlQzNp65In0 HTTP/1.1" 200 2
186.31.211.143 - - [16/Dec/2023:18:56:11 -0500] "GET /sipse/faces/javax.faces.resource/primefaces.css?ln=primefaces&v=4.0 HTTP/1.1" 304 -
186.31.211.143 - - [16/Dec/2023:18:56:11 -0500] "GET /sipse/faces/javax.faces.resource/theme.css?ln=primefaces-sipse HTTP/1.1" 304 -
186.31.211.143 - - [16/Dec/2023:18:56:11 -0500] "GET /sipse/faces/javax.faces.resource/jquery/jquery-plugins.js?ln=primefaces&v=4.0 HTTP/1.1" 304 -
186.31.211.143 - - [16/Dec/2023:18:56:11 -0500] "GET /sipse/faces/javax.faces.resource/jquery/jquery.js?ln=primefaces&v=4.0 HTTP/1.1" 304 -
186.31.211.143 - - [16/Dec/2023:18:56:11 -0500] "GET /sipse/faces/javax.faces.resource/layout/layout.css?ln=primefaces&v=4.0 HTTP/1.1" 304 -
186.31.211.143 - - [16/Dec/2023:18:56:09 -0500] "POST /sipse/faces/presentacion/financiero/solicitudProceso/consultarSolicitudProceso.xhtml HTTP/1.1" 200 35883
186.31.211.143 - - [16/Dec/2023:18:56:11 -0500] "GET /sipse/faces/javax.faces.resource/layout/layout.js?ln=primefaces&v=4.0 HTTP/1.1" 304 -
186.31.211.143 - - [16/Dec/2023:18:56:11 -0500] "GET /sipse/faces/javax.faces.resource/primefaces.js?ln=primefaces&v=4.0 HTTP/1.1" 304 -
186.31.211.143 - - [16/Dec/2023:18:56:11 -0500] "GET /sipse/faces/javax.faces.resource/images/ui-icons_898989_256x240.png?ln=primefaces-aristo HTTP/1.1" 304 -
186.31.211.143 - - [16/Dec/2023:18:56:15 -0500] "GET /sipse/faces/javax.faces.resource/images/ui-icons_898989_256x240.png?ln=primefaces-aristo HTTP/1.1" 304 -
172.22.2.4 - - [16/Dec/2023:18:54:50 -0500] "GET /BLA/boletinlegal/ HTTP/1.1" 200 58644
216.244.66.195 - - [16/Dec/2023:18:56:35 -0500] "GET /BLA/resoluciones/AUTOS%202010/5630.pdf HTTP/1.1" 200 213762
172.22.2.4 - - [16/Dec/2023:18:56:36 -0500] "GET /BLA/boletinlegal/normativa.php HTTP/1.1" 200 8343
172.22.2.4 - - [16/Dec/2023:18:56:37 -0500] "GET /BLA/boletinlegal/js/ajax_normativa.js HTTP/1.1" 200 1154
172.22.2.4 - - [16/Dec/2023:18:56:37 -0500] "GET /BLA/boletinlegal/styles2.css HTTP/1.1" 200 1838
172.22.2.4 - - [16/Dec/2023:18:56:37 -0500] "GET /BLA/boletinlegal/style.css HTTP/1.1" 200 9406
172.22.2.4 - - [16/Dec/2023:18:56:37 -0500] "GET /BLA/boletinlegal/niceforms-default.css HTTP/1.1" 200 6694
172.22.2.4 - - [16/Dec/2023:18:56:37 -0500] "GET /BLA/boletinlegal/niceforms.js HTTP/1.1" 200 22876
172.22.2.4 - - [16/Dec/2023:18:56:37 -0500] "GET /BLA/boletinlegal/images/cabezote%20BLEGAL.jpg HTTP/1.1" 200 118164
172.22.2.4 - - [16/Dec/2023:18:56:37 -0500] "GET /BLA/boletinlegal/images/subscribe-icon-big.png HTTP/1.1" 200 47702
172.22.2.4 - - [16/Dec/2023:18:56:37 -0500] "GET /BLA/boletinlegal/images/tel.png HTTP/1.1" 200 14477
172.22.2.4 - - [16/Dec/2023:18:56:37 -0500] "GET /BLA/boletinlegal/images/registro-usuarios.png HTTP/1.1" 200 8106
172.22.2.4 - - [16/Dec/2023:18:56:37 -0500] "GET /BLA/boletinlegal/images/historia.png HTTP/1.1" 200 52775
172.22.2.4 - - [16/Dec/2023:18:56:37 -0500] "GET /BLA/boletinlegal/images/icono-email.png HTTP/1.1" 200 5544
172.22.2.4 - - [16/Dec/2023:18:56:37 -0500] "GET /BLA/boletinlegal/images/body_bg.jpg HTTP/1.1" 200 1601
172.22.2.4 - - [16/Dec/2023:18:56:37 -0500] "GET /BLA/boletinlegal/images/menu_lft.gif HTTP/1.1" 200 1713
172.22.2.4 - - [16/Dec/2023:18:56:37 -0500] "GET /BLA/boletinlegal/images/menu_rght.gif HTTP/1.1" 200 1627
172.22.2.4 - - [16/Dec/2023:18:56:37 -0500] "GET /BLA/boletinlegal/images/bg_top.jpg HTTP/1.1" 200 522
172.22.2.4 - - [16/Dec/2023:18:56:37 -0500] "GET /BLA/boletinlegal/images/hover.jpg HTTP/1.1" 200 640
172.22.2.4 - - [16/Dec/2023:18:56:37 -0500] "GET /BLA/boletinlegal/images/menu_bg.jpg HTTP/1.1" 200 620
172.22.2.4 - - [16/Dec/2023:18:56:37 -0500] "GET /BLA/boletinlegal/images/text.jpg HTTP/1.1" 200 568
172.22.2.4 - - [16/Dec/2023:18:56:37 -0500] "GET /BLA/boletinlegal/images/footer_bg_l.jpg HTTP/1.1" 200 776
172.22.2.4 - - [16/Dec/2023:18:56:37 -0500] "GET /BLA/boletinlegal/images/footer_bg.jpg HTTP/1.1" 200 586
172.22.2.4 - - [16/Dec/2023:18:56:37 -0500] "GET /BLA/boletinlegal/img/select-left.png HTTP/1.1" 200 263
172.22.2.4 - - [16/Dec/2023:18:56:37 -0500] "GET /BLA/boletinlegal/img/0.png HTTP/1.1" 200 110
172.22.2.4 - - [16/Dec/2023:18:56:37 -0500] "GET /BLA/boletinlegal/img/button-right.png HTTP/1.1" 200 57878
172.22.2.4 - - [16/Dec/2023:18:56:37 -0500] "GET /BLA/boletinlegal/img/select-right.png HTTP/1.1" 200 44019
172.22.2.4 - - [16/Dec/2023:18:56:37 -0500] "GET /BLA/boletinlegal/img/button-left.png HTTP/1.1" 200 57071
172.22.2.4 - - [16/Dec/2023:18:56:37 -0500] "GET /BLA/boletinlegal/img/button.png HTTP/1.1" 200 43241
172.22.2.4 - - [16/Dec/2023:18:56:37 -0500] "GET /BLA/boletinlegal/favicon.ico HTTP/1.1" 404 1334
201.245.192.253 - - [16/Dec/2023:18:56:42 -0500] "POST /forms/lservlet;jsessionid=ac16012b30d665b9d6b5cea24731bd918aefbc6c9e46.e3iSbxaKaheRe34Qc38TbN0Nb41ynknvrkLOlQzNp65In0 HTTP/1.1" 200 2
172.22.2.4 - - [16/Dec/2023:18:57:02 -0500] "GET /BLA/boletinlegal/consulta_normativa.php?tipo=Decreto&sector=Aire&ano=2022&resuelve=4268 HTTP/1.1" 200 454
172.22.2.4 - - [16/Dec/2023:18:57:07 -0500] "GET /BLA/boletinlegal/consulta_normativa.php?tipo=Decreto&sector=competencia-estructura&ano=2022&resuelve=4268 HTTP/1.1" 200 454
172.22.2.4 - - [16/Dec/2023:18:57:11 -0500] "GET /BLA/boletinlegal/consulta_normativa.php?tipo=Decreto&sector=concesion&ano=2022&resuelve=4268 HTTP/1.1" 200 454
172.22.2.4 - - [16/Dec/2023:18:57:19 -0500] "GET /BLA/boletinlegal/consulta_normativa.php?tipo=Decreto&sector=concesion&ano=2022&resuelve=4268 HTTP/1.1" 200 454
216.244.66.195 - - [16/Dec/2023:18:57:19 -0500] "GET /BLA/resoluciones/AUTOS%202010/6431.pdf HTTP/1.1" 200 174627
201.245.192.253 - - [16/Dec/2023:18:57:21 -0500] "POST /kwsrmcab/Wsrmcab  HTTP/1.1" 200 37894
172.22.2.4 - - [16/Dec/2023:18:57:23 -0500] "GET /BLA/boletinlegal/actos.php HTTP/1.1" 200 9682
172.22.2.4 - - [16/Dec/2023:18:57:24 -0500] "GET /BLA/boletinlegal/js/lib.js HTTP/1.1" 200 6474
172.22.2.4 - - [16/Dec/2023:18:57:24 -0500] "GET /BLA/boletinlegal/js/ajax_actos.js HTTP/1.1" 200 1322
172.22.2.4 - - [16/Dec/2023:18:57:24 -0500] "GET /BLA/boletinlegal/js/popup.js HTTP/1.1" 200 1270
172.22.2.4 - - [16/Dec/2023:18:57:24 -0500] "GET /BLA/boletinlegal/js/jquery1.js HTTP/1.1" 200 29846
172.22.2.4 - - [16/Dec/2023:18:57:24 -0500] "GET /BLA/boletinlegal/images/green-yellow-blue-pink-th.png HTTP/1.1" 200 7394
172.22.2.4 - - [16/Dec/2023:18:57:26 -0500] "GET /BLA/boletinlegal/normativa.php HTTP/1.1" 200 8343
172.22.2.4 - - [16/Dec/2023:18:57:31 -0500] "GET /BLA/boletinlegal/jurisprudencia.php HTTP/1.1" 200 17583
172.22.2.4 - - [16/Dec/2023:18:57:31 -0500] "GET /BLA/boletinlegal/images/sub_ul_li.gif HTTP/1.1" 200 343
172.22.2.4 - - [16/Dec/2023:18:57:31 -0500] "GET /BLA/boletinlegal/images/jurisprudencia.png HTTP/1.1" 200 66721
172.22.2.4 - - [16/Dec/2023:18:57:33 -0500] "GET /BLA/boletinlegal/js/jquery.js HTTP/1.1" 200 57254
172.22.2.4 - - [16/Dec/2023:18:57:33 -0500] "GET /BLA/boletinlegal/js/jquery.scrollTo-min.js HTTP/1.1" 200 1150
172.22.2.4 - - [16/Dec/2023:18:57:33 -0500] "GET /BLA/boletinlegal/js/jquery.scrollShow.js HTTP/1.1" 200 4586
172.22.2.4 - - [16/Dec/2023:18:57:33 -0500] "GET /BLA/boletinlegal/images/screen_1.png HTTP/1.1" 200 202547
172.22.2.4 - - [16/Dec/2023:18:57:33 -0500] "GET /BLA/boletinlegal/images/launch.jpg HTTP/1.1" 200 14577
172.22.2.4 - - [16/Dec/2023:18:57:33 -0500] "GET /BLA/boletinlegal/images/arr_l.jpg HTTP/1.1" 200 1979
216.245.221.92 - - [16/Dec/2023:18:57:48 -0500] "HEAD / HTTP/1.1" 200 -
104.47.55.126 - - [16/Dec/2023:18:57:54 -0500] "HEAD /appsia/controlador HTTP/1.1" 200 -
200.118.80.111 - - [16/Dec/2023:18:57:54 -0500] "GET /appsia/controlador HTTP/1.1" 200 4799
200.118.80.111 - - [16/Dec/2023:18:57:54 -0500] "GET /appsia/css/estilos.css HTTP/1.1" 200 4804
200.118.80.111 - - [16/Dec/2023:18:57:54 -0500] "GET /appsia/scripts/validarIngreso.js HTTP/1.1" 200 851
200.118.80.111 - - [16/Dec/2023:18:57:54 -0500] "GET /appsia/images/logo_bogota_p.png HTTP/1.1" 200 14951
200.118.80.111 - - [16/Dec/2023:18:57:54 -0500] "GET /appsia/images/cabezoteHojaVida.png HTTP/1.1" 200 32493
172.22.2.4 - - [16/Dec/2023:18:57:55 -0500] "GET /BLA/boletinlegal/actos.php HTTP/1.1" 200 9682
200.118.80.111 - - [16/Dec/2023:18:57:55 -0500] "GET /favicon.ico HTTP/1.1" 200 7782
216.244.66.195 - - [16/Dec/2023:18:57:55 -0500] "GET /BLA/resoluciones/AUTOS%202010/6735.pdf HTTP/1.1" 200 219745
201.245.192.253 - - [16/Dec/2023:18:58:06 -0500] "POST /forms/lservlet;jsessionid=ac16012b30d68f87e6b31bdd4159a82faa45787d3329.e3iSbxaKaheRe34Qc38TbN0Nb41ynknvrkLOlQzNp65In0 HTTP/1.1" 200 2
172.22.2.4 - - [16/Dec/2023:18:57:33 -0500] "GET /BLA/boletinlegal/index.php HTTP/1.1" 200 24523
20.22.207.237 - - [16/Dec/2023:18:58:07 -0500] "GET /appsia/controlador HTTP/1.1" 200 4799
20.22.207.237 - - [16/Dec/2023:18:58:07 -0500] "GET /appsia/css/estilos.css HTTP/1.1" 200 4804
20.22.207.237 - - [16/Dec/2023:18:58:07 -0500] "GET /appsia/scripts/validarIngreso.js HTTP/1.1" 200 851
20.22.207.237 - - [16/Dec/2023:18:58:07 -0500] "GET /appsia/images/logo_bogota_p.png HTTP/1.1" 200 14951
20.22.207.237 - - [16/Dec/2023:18:58:07 -0500] "GET /appsia/images/cabezoteHojaVida.png HTTP/1.1" 200 32493
20.22.207.237 - - [16/Dec/2023:18:58:11 -0500] "GET /favicon.ico HTTP/1.1" 200 7782
216.244.66.195 - - [16/Dec/2023:18:58:32 -0500] "GET /BLA/resoluciones/AUTOS%202010/6817.pdf HTTP/1.1" 200 217759
201.245.192.253 - - [16/Dec/2023:18:58:42 -0500] "POST /forms/lservlet;jsessionid=ac16012b30d665b9d6b5cea24731bd918aefbc6c9e46.e3iSbxaKaheRe34Qc38TbN0Nb41ynknvrkLOlQzNp65In0 HTTP/1.1" 200 2
216.244.66.195 - - [16/Dec/2023:18:59:10 -0500] "GET /BLA/resoluciones/AUTOS%202010/7030.pdf HTTP/1.1" 200 1589391
188.246.224.139 - - [16/Dec/2023:18:59:18 -0500] "GET /style.php?sig=rename HTTP/1.1" 404 1049
172.22.2.4 - - [16/Dec/2023:18:59:31 -0500] "GET /BLA/boletinlegal/actos.php HTTP/1.1" 200 9682
172.22.2.4 - - [16/Dec/2023:18:59:54 -0500] "GET /BLA/boletinlegal/consulta_actos.php?tipo=resoluciones&no=4268&usuario=&sector=&fecha=2022&resuelve= HTTP/1.1" 200 1315
172.22.2.4 - - [16/Dec/2023:18:59:55 -0500] "GET /BLA/boletinlegal/images/pdf.gif HTTP/1.1" 200 567
161.10.211.137 - - [16/Dec/2023:18:59:58 -0500] "GET /BLA/resoluciones/RESOLUCIONES%202022/4268.pdf HTTP/1.1" 200 400486
161.10.211.137 - - [16/Dec/2023:18:59:58 -0500] "GET /favicon.ico HTTP/1.1" 200 7782
216.244.66.195 - - [16/Dec/2023:19:00:00 -0500] "GET /BLA/resoluciones/AUTOS%202011/3885.pdf HTTP/1.1" 200 137867
201.245.192.253 - - [16/Dec/2023:19:00:06 -0500] "POST /forms/lservlet;jsessionid=ac16012b30d68f87e6b31bdd4159a82faa45787d3329.e3iSbxaKaheRe34Qc38TbN0Nb41ynknvrkLOlQzNp65In0 HTTP/1.1" 200 2
216.244.66.195 - - [16/Dec/2023:19:00:34 -0500] "GET /BLA/resoluciones/AUTOS%202011/3890.pdf HTTP/1.1" 200 167318
201.245.192.253 - - [16/Dec/2023:19:00:42 -0500] "POST /forms/lservlet;jsessionid=ac16012b30d665b9d6b5cea24731bd918aefbc6c9e46.e3iSbxaKaheRe34Qc38TbN0Nb41ynknvrkLOlQzNp65In0 HTTP/1.1" 200 2
216.244.66.195 - - [16/Dec/2023:19:01:07 -0500] "GET /BLA/resoluciones/AUTOS%202017/0649.pdf HTTP/1.1" 200 341396
172.22.2.4 - - [16/Dec/2023:18:59:50 -0500] "HEAD /BLA/boletinlegal/ HTTP/1.1" 200 -
216.244.66.195 - - [16/Dec/2023:19:01:41 -0500] "GET /BLA/resoluciones/AUTOS%202018/3362.pdf HTTP/1.1" 200 296613
173.252.79.6 - - [16/Dec/2023:19:01:52 -0500] "GET /images/negocios-verdes-mayo-2022.jpg HTTP/1.1" 200 48000
201.245.192.253 - - [16/Dec/2023:19:02:06 -0500] "POST /forms/lservlet;jsessionid=ac16012b30d68f87e6b31bdd4159a82faa45787d3329.e3iSbxaKaheRe34Qc38TbN0Nb41ynknvrkLOlQzNp65In0 HTTP/1.1" 200 2
173.252.107.8 - - [16/Dec/2023:19:02:15 -0500] "GET /bogota-ya-cuenta-mas-de-70-negocios-verdes-verificados.html HTTP/1.1" 200 992
216.244.66.195 - - [16/Dec/2023:19:02:18 -0500] "GET /BLA/resoluciones/RESOLUCIONES%202000/1518.pdf HTTP/1.1" 200 256047
172.22.2.4 - - [16/Dec/2023:19:00:40 -0500] "GET /BLA/boletinlegal/ HTTP/1.1" 200 58644
201.245.192.253 - - [16/Dec/2023:19:02:19 -0500] "POST /kwsrmcab/Wsrmcab  HTTP/1.1" 200 37894
201.245.192.253 - - [16/Dec/2023:19:02:42 -0500] "POST /forms/lservlet;jsessionid=ac16012b30d665b9d6b5cea24731bd918aefbc6c9e46.e3iSbxaKaheRe34Qc38TbN0Nb41ynknvrkLOlQzNp65In0 HTTP/1.1" 200 2
216.245.221.92 - - [16/Dec/2023:19:02:48 -0500] "HEAD / HTTP/1.1" 200 -
216.244.66.195 - - [16/Dec/2023:19:02:56 -0500] "GET /BLA/resoluciones/RESOLUCIONES%202000/2209.pdf HTTP/1.1" 200 141636
216.244.66.195 - - [16/Dec/2023:19:03:28 -0500] "GET /BLA/resoluciones/RESOLUCIONES%202018/0655.pdf HTTP/1.1" 200 364429
66.249.66.20 - - [16/Dec/2023:19:04:00 -0500] "GET /portel_dama/libreria/php/2006/restauracion/55_artic/xtras/10.pdf HTTP/1.1" 404 1018
201.245.192.253 - - [16/Dec/2023:19:04:06 -0500] "POST /forms/lservlet;jsessionid=ac16012b30d68f87e6b31bdd4159a82faa45787d3329.e3iSbxaKaheRe34Qc38TbN0Nb41ynknvrkLOlQzNp65In0 HTTP/1.1" 200 2
216.244.66.195 - - [16/Dec/2023:19:04:06 -0500] "GET /BLA/resoluciones/RESOLUCIONES%202021/2601.pdf HTTP/1.1" 200 976088
201.245.192.253 - - [16/Dec/2023:19:04:42 -0500] "POST /forms/lservlet;jsessionid=ac16012b30d665b9d6b5cea24731bd918aefbc6c9e46.e3iSbxaKaheRe34Qc38TbN0Nb41ynknvrkLOlQzNp65In0 HTTP/1.1" 200 2
216.244.66.195 - - [16/Dec/2023:19:04:51 -0500] "GET /BLA/resoluciones/RESOLUCIONES%202023/0379.pdf HTTP/1.1" 200 460111
216.244.66.195 - - [16/Dec/2023:19:05:22 -0500] "GET /BLA/resoluciones/RESOLUCIONES%202023/1584.pdf HTTP/1.1" 200 369645
200.118.80.111 - - [16/Dec/2023:19:05:39 -0500] "POST /appsia/controlador HTTP/1.1" 200 3598
200.118.80.111 - - [16/Dec/2023:19:05:40 -0500] "GET /appsia/jscripts/validarSolicitud.js HTTP/1.1" 404 68
216.244.66.195 - - [16/Dec/2023:19:05:51 -0500] "GET /BLA/resoluciones/RESOLUCIONES%202023/1832.pdf HTTP/1.1" 200 366696
200.118.80.111 - - [16/Dec/2023:19:06:00 -0500] "POST /appsia/controlador HTTP/1.1" 200 4799
201.245.192.253 - - [16/Dec/2023:19:06:06 -0500] "POST /forms/lservlet;jsessionid=ac16012b30d68f87e6b31bdd4159a82faa45787d3329.e3iSbxaKaheRe34Qc38TbN0Nb41ynknvrkLOlQzNp65In0 HTTP/1.1" 200 2
172.22.2.4 - - [16/Dec/2023:19:04:26 -0500] "HEAD /BLA/boletinlegal/ HTTP/1.1" 200 -
216.244.66.195 - - [16/Dec/2023:19:06:19 -0500] "GET /BLA/resoluciones/RESOLUCIONES%202023/2407.pdf HTTP/1.1" 200 341879
201.245.192.253 - - [16/Dec/2023:19:06:43 -0500] "POST /forms/lservlet;jsessionid=ac16012b30d665b9d6b5cea24731bd918aefbc6c9e46.e3iSbxaKaheRe34Qc38TbN0Nb41ynknvrkLOlQzNp65In0 HTTP/1.1" 200 2
216.244.66.195 - - [16/Dec/2023:19:06:57 -0500] "GET /BLA/resoluciones/RESOLUCIONES%202001/1542.pdf HTTP/1.1" 200 53925
201.245.192.253 - - [16/Dec/2023:19:07:17 -0500] "POST /kwsrmcab/Wsrmcab  HTTP/1.1" 200 37894
172.22.2.4 - - [16/Dec/2023:19:05:39 -0500] "HEAD /BLA/boletinlegal/ HTTP/1.1" 200 -
200.118.80.111 - - [16/Dec/2023:19:07:46 -0500] "POST /appsia/controlador HTTP/1.1" 200 5437
216.245.221.92 - - [16/Dec/2023:19:07:48 -0500] "HEAD / HTTP/1.1" 200 -
200.118.80.111 - - [16/Dec/2023:19:07:51 -0500] "POST /appsia/controlador HTTP/1.1" 200 7727
200.118.80.111 - - [16/Dec/2023:19:07:51 -0500] "GET /appsia/images/logo_escudo.png HTTP/1.1" 200 36965
201.245.192.253 - - [16/Dec/2023:19:08:06 -0500] "POST /forms/lservlet;jsessionid=ac16012b30d68f87e6b31bdd4159a82faa45787d3329.e3iSbxaKaheRe34Qc38TbN0Nb41ynknvrkLOlQzNp65In0 HTTP/1.1" 200 2
172.22.2.4 - - [16/Dec/2023:19:06:30 -0500] "GET /BLA/boletinlegal/ HTTP/1.1" 200 60634
201.245.192.253 - - [16/Dec/2023:19:08:43 -0500] "POST /forms/lservlet;jsessionid=ac16012b30d665b9d6b5cea24731bd918aefbc6c9e46.e3iSbxaKaheRe34Qc38TbN0Nb41ynknvrkLOlQzNp65In0 HTTP/1.1" 200 2
200.118.80.111 - - [16/Dec/2023:19:08:51 -0500] "POST /appsia/controlador HTTP/1.1" 200 5437
200.118.80.111 - - [16/Dec/2023:19:08:52 -0500] "POST /appsia/controlador HTTP/1.1" 200 3238
200.118.80.111 - - [16/Dec/2023:19:08:52 -0500] "GET /appsia/jscripts/validarSolicitud.js HTTP/1.1" 404 68
200.118.80.111 - - [16/Dec/2023:19:08:55 -0500] "POST /appsia/controlador HTTP/1.1" 200 5437
66.249.66.21 - - [16/Dec/2023:19:09:09 -0500] "GET /BLA/resoluciones/RESOLUCIONES%202018/2566.pdf HTTP/1.1" 200 291217
66.249.66.20 - - [16/Dec/2023:19:09:20 -0500] "GET /Publicaciones/2023EE286524.pdf HTTP/1.1" 200 401153
201.245.192.253 - - [16/Dec/2023:19:10:06 -0500] "POST /forms/lservlet;jsessionid=ac16012b30d68f87e6b31bdd4159a82faa45787d3329.e3iSbxaKaheRe34Qc38TbN0Nb41ynknvrkLOlQzNp65In0 HTTP/1.1" 200 2
191.156.145.86 - - [16/Dec/2023:17:30:05 -0500] "POST /sipse/faces/presentacion/sistema/anexos/cargarAnexoSolicitudProceso.xhtml HTTP/1.1" 400 1022
201.245.192.253 - - [16/Dec/2023:19:10:43 -0500] "POST /forms/lservlet;jsessionid=ac16012b30d665b9d6b5cea24731bd918aefbc6c9e46.e3iSbxaKaheRe34Qc38TbN0Nb41ynknvrkLOlQzNp65In0 HTTP/1.1" 200 2
201.245.192.253 - - [16/Dec/2023:19:12:06 -0500] "POST /forms/lservlet;jsessionid=ac16012b30d68f87e6b31bdd4159a82faa45787d3329.e3iSbxaKaheRe34Qc38TbN0Nb41ynknvrkLOlQzNp65In0 HTTP/1.1" 200 2
201.245.192.253 - - [16/Dec/2023:19:12:16 -0500] "POST /kwsrmcab/Wsrmcab  HTTP/1.1" 200 37894
216.244.66.195 - - [16/Dec/2023:19:12:25 -0500] "GET /robots.txt HTTP/1.1" 404 1018
66.249.66.19 - - [16/Dec/2023:19:12:36 -0500] "GET /BLA/resoluciones/RESOLUCIONES%202009/3446.pdf HTTP/1.1" 200 346749
201.245.192.253 - - [16/Dec/2023:19:12:43 -0500] "POST /forms/lservlet;jsessionid=ac16012b30d665b9d6b5cea24731bd918aefbc6c9e46.e3iSbxaKaheRe34Qc38TbN0Nb41ynknvrkLOlQzNp65In0 HTTP/1.1" 200 2
216.245.221.92 - - [16/Dec/2023:19:12:48 -0500] "HEAD / HTTP/1.1" 200 -
172.22.2.4 - - [16/Dec/2023:19:11:29 -0500] "HEAD /BLA/boletinlegal/ HTTP/1.1" 200 -
66.249.66.21 - - [16/Dec/2023:19:13:22 -0500] "GET /BLA/resoluciones/Notificaciones/AUTOS%202023/1459.pdf HTTP/1.1" 200 337496
66.249.66.19 - - [16/Dec/2023:19:13:23 -0500] "GET /silvicultura/6.pdf HTTP/1.1" 304 -
66.249.66.21 - - [16/Dec/2023:19:13:23 -0500] "GET /BLA/resoluciones/Notificaciones/AUTOS%202023/6073.pdf HTTP/1.1" 304 -
66.249.66.19 - - [16/Dec/2023:19:13:44 -0500] "GET /BLA/resoluciones/RESOLUCIONES%202009/7871.pdf HTTP/1.1" 200 326102
172.22.2.4 - - [16/Dec/2023:19:12:20 -0500] "GET /BLA/boletinlegal/ HTTP/1.1" 200 60224
201.245.192.253 - - [16/Dec/2023:19:14:06 -0500] "POST /forms/lservlet;jsessionid=ac16012b30d68f87e6b31bdd4159a82faa45787d3329.e3iSbxaKaheRe34Qc38TbN0Nb41ynknvrkLOlQzNp65In0 HTTP/1.1" 200 2
201.245.192.253 - - [16/Dec/2023:19:14:43 -0500] "POST /forms/lservlet;jsessionid=ac16012b30d665b9d6b5cea24731bd918aefbc6c9e46.e3iSbxaKaheRe34Qc38TbN0Nb41ynknvrkLOlQzNp65In0 HTTP/1.1" 200 2
201.245.192.253 - - [16/Dec/2023:19:15:52 -0500] "POST /kwsrmcab/Wsrmcab HTTP/1.1" 200 38431
201.245.192.253 - - [16/Dec/2023:19:15:55 -0500] "POST /kwsrmcab/Wsrmcab HTTP/1.1" 200 39221
201.245.192.253 - - [16/Dec/2023:19:16:06 -0500] "POST /forms/lservlet;jsessionid=ac16012b30d68f87e6b31bdd4159a82faa45787d3329.e3iSbxaKaheRe34Qc38TbN0Nb41ynknvrkLOlQzNp65In0 HTTP/1.1" 200 2
