201.245.192.253 - - [16/Dec/2023:06:06:37 -0500] "POST /forms/lservlet;jsessionid=ac16012b30d665b9d6b5cea24731bd918aefbc6c9e46.e3iSbxaKaheRe34Qc38TbN0Nb41ynknvrkLOlQzNp65In0 HTTP/1.1" 200 2
66.249.66.13 - - [16/Dec/2023:06:07:38 -0500] "GET /portel_dama/libreria/pdf/polit_humedales.pdf HTTP/1.1" 404 1018
216.245.221.92 - - [16/Dec/2023:06:07:50 -0500] "HEAD / HTTP/1.1" 200 -
52.167.144.216 - - [16/Dec/2023:06:07:58 -0500] "GET /BLA/resoluciones/RESOLUCIONES%202021/2848.pdf HTTP/1.1" 200 370702
201.245.192.253 - - [16/Dec/2023:06:07:59 -0500] "POST /forms/lservlet;jsessionid=ac16012b30d68f87e6b31bdd4159a82faa45787d3329.e3iSbxaKaheRe34Qc38TbN0Nb41ynknvrkLOlQzNp65In0 HTTP/1.1" 200 2
201.245.192.253 - - [16/Dec/2023:06:08:37 -0500] "POST /forms/lservlet;jsessionid=ac16012b30d665b9d6b5cea24731bd918aefbc6c9e46.e3iSbxaKaheRe34Qc38TbN0Nb41ynknvrkLOlQzNp65In0 HTTP/1.1" 200 2
201.245.192.253 - - [16/Dec/2023:06:09:59 -0500] "POST /forms/lservlet;jsessionid=ac16012b30d68f87e6b31bdd4159a82faa45787d3329.e3iSbxaKaheRe34Qc38TbN0Nb41ynknvrkLOlQzNp65In0 HTTP/1.1" 200 2
201.245.192.253 - - [16/Dec/2023:06:10:37 -0500] "POST /forms/lservlet;jsessionid=ac16012b30d665b9d6b5cea24731bd918aefbc6c9e46.e3iSbxaKaheRe34Qc38TbN0Nb41ynknvrkLOlQzNp65In0 HTTP/1.1" 200 2
201.245.192.253 - - [16/Dec/2023:06:10:51 -0500] "POST /kwsrmcab/Wsrmcab  HTTP/1.1" 200 37894
172.22.2.4 - - [16/Dec/2023:06:09:50 -0500] "HEAD /BLA/boletinlegal/ HTTP/1.1" 200 -
201.245.192.253 - - [16/Dec/2023:06:11:59 -0500] "POST /forms/lservlet;jsessionid=ac16012b30d68f87e6b31bdd4159a82faa45787d3329.e3iSbxaKaheRe34Qc38TbN0Nb41ynknvrkLOlQzNp65In0 HTTP/1.1" 200 2
152.61.128.50 - - [16/Dec/2023:06:12:15 -0500] "GET /arcgis/services/Calidad_del_Agua_WQI/MapServer/WMSServer?request=GetCapabilities&service=WMS HTTP/1.1" 503 1020
152.61.128.50 - - [16/Dec/2023:06:12:17 -0500] "GET /arcgis/services/Calidad_del_Agua_WQI/MapServer/WMSServer?SERVICE=WMS&REQUEST=GetCapabilities HTTP/1.1" 503 1020
152.61.128.50 - - [16/Dec/2023:06:12:17 -0500] "GET /arcgis/services/Calidad_del_Agua_WQI/MapServer/WMSServer?WMTVER=1.0.0&REQUEST=capabilities HTTP/1.1" 503 1020
172.22.2.4 - - [16/Dec/2023:06:10:41 -0500] "GET /BLA/boletinlegal/ HTTP/1.1" 200 58644
201.245.192.253 - - [16/Dec/2023:06:12:37 -0500] "POST /forms/lservlet;jsessionid=ac16012b30d665b9d6b5cea24731bd918aefbc6c9e46.e3iSbxaKaheRe34Qc38TbN0Nb41ynknvrkLOlQzNp65In0 HTTP/1.1" 200 2
216.245.221.92 - - [16/Dec/2023:06:12:50 -0500] "HEAD / HTTP/1.1" 200 -
207.46.13.17 - - [16/Dec/2023:06:12:50 -0500] "GET /portaldeninos/aula-ambiental-artistica-itinerante-auambari/ HTTP/1.1" 200 89306
172.22.2.4 - - [16/Dec/2023:06:12:52 -0500] "GET /BLA/boletinlegal/robots.txt HTTP/1.1" 404 1038
172.22.2.4 - - [16/Dec/2023:06:12:53 -0500] "GET /BLA/boletinlegal/actos.php HTTP/1.1" 200 9682
201.245.192.253 - - [16/Dec/2023:06:13:59 -0500] "POST /forms/lservlet;jsessionid=ac16012b30d68f87e6b31bdd4159a82faa45787d3329.e3iSbxaKaheRe34Qc38TbN0Nb41ynknvrkLOlQzNp65In0 HTTP/1.1" 200 2
201.245.192.253 - - [16/Dec/2023:06:14:37 -0500] "POST /forms/lservlet;jsessionid=ac16012b30d665b9d6b5cea24731bd918aefbc6c9e46.e3iSbxaKaheRe34Qc38TbN0Nb41ynknvrkLOlQzNp65In0 HTTP/1.1" 200 2
52.167.144.200 - - [16/Dec/2023:06:15:00 -0500] "GET /BLA/resoluciones/RESOLUCIONES%202021/2347.pdf HTTP/1.1" 200 361690
52.167.144.200 - - [16/Dec/2023:06:15:51 -0500] "GET /BLA/resoluciones/index.php?dir=RESOLUCIONES+2007%2FRES+2007+701+AL+800%2F HTTP/1.1" 200 26639
201.245.192.253 - - [16/Dec/2023:06:15:49 -0500] "POST /kwsrmcab/Wsrmcab  HTTP/1.1" 200 37894
201.245.192.253 - - [16/Dec/2023:06:15:55 -0500] "POST /kwsrmcab/Wsrmcab HTTP/1.1" 200 38226
201.245.192.253 - - [16/Dec/2023:06:15:59 -0500] "POST /forms/lservlet;jsessionid=ac16012b30d68f87e6b31bdd4159a82faa45787d3329.e3iSbxaKaheRe34Qc38TbN0Nb41ynknvrkLOlQzNp65In0 HTTP/1.1" 200 2
201.245.192.253 - - [16/Dec/2023:06:15:58 -0500] "POST /kwsrmcab/Wsrmcab HTTP/1.1" 200 39150
201.245.192.253 - - [16/Dec/2023:06:16:37 -0500] "POST /forms/lservlet;jsessionid=ac16012b30d665b9d6b5cea24731bd918aefbc6c9e46.e3iSbxaKaheRe34Qc38TbN0Nb41ynknvrkLOlQzNp65In0 HTTP/1.1" 200 2
157.55.39.202 - - [16/Dec/2023:06:17:20 -0500] "GET /BLA/resoluciones/RESOLUCIONES%202021/2646.pdf HTTP/1.1" 200 543575
172.22.2.4 - - [16/Dec/2023:06:15:40 -0500] "HEAD /BLA/boletinlegal/ HTTP/1.1" 200 -
216.245.221.92 - - [16/Dec/2023:06:17:50 -0500] "HEAD / HTTP/1.1" 200 -
201.245.192.253 - - [16/Dec/2023:06:17:59 -0500] "POST /forms/lservlet;jsessionid=ac16012b30d68f87e6b31bdd4159a82faa45787d3329.e3iSbxaKaheRe34Qc38TbN0Nb41ynknvrkLOlQzNp65In0 HTTP/1.1" 200 2
172.22.2.4 - - [16/Dec/2023:06:16:31 -0500] "GET /BLA/boletinlegal/ HTTP/1.1" 200 58644
201.245.192.253 - - [16/Dec/2023:06:18:37 -0500] "POST /forms/lservlet;jsessionid=ac16012b30d665b9d6b5cea24731bd918aefbc6c9e46.e3iSbxaKaheRe34Qc38TbN0Nb41ynknvrkLOlQzNp65In0 HTTP/1.1" 200 2
201.245.192.253 - - [16/Dec/2023:06:19:47 -0500] "POST /kwsrmcab/Wsrmcab HTTP/1.1" 200 38226
201.245.192.253 - - [16/Dec/2023:06:19:52 -0500] "POST /kwsrmcab/Wsrmcab HTTP/1.1" 200 39150
201.245.192.253 - - [16/Dec/2023:06:19:59 -0500] "POST /forms/lservlet;jsessionid=ac16012b30d68f87e6b31bdd4159a82faa45787d3329.e3iSbxaKaheRe34Qc38TbN0Nb41ynknvrkLOlQzNp65In0 HTTP/1.1" 200 2
201.245.192.253 - - [16/Dec/2023:06:20:37 -0500] "POST /forms/lservlet;jsessionid=ac16012b30d665b9d6b5cea24731bd918aefbc6c9e46.e3iSbxaKaheRe34Qc38TbN0Nb41ynknvrkLOlQzNp65In0 HTTP/1.1" 200 2
201.245.192.253 - - [16/Dec/2023:06:20:48 -0500] "POST /kwsrmcab/Wsrmcab  HTTP/1.1" 200 37894
201.245.192.253 - - [16/Dec/2023:06:21:59 -0500] "POST /forms/lservlet;jsessionid=ac16012b30d68f87e6b31bdd4159a82faa45787d3329.e3iSbxaKaheRe34Qc38TbN0Nb41ynknvrkLOlQzNp65In0 HTTP/1.1" 200 2
201.245.192.253 - - [16/Dec/2023:06:22:37 -0500] "POST /forms/lservlet;jsessionid=ac16012b30d665b9d6b5cea24731bd918aefbc6c9e46.e3iSbxaKaheRe34Qc38TbN0Nb41ynknvrkLOlQzNp65In0 HTTP/1.1" 200 2
66.249.66.21 - - [16/Dec/2023:06:22:38 -0500] "GET /BLA/resoluciones/RESOLUCIONES%202013/1626.pdf HTTP/1.1" 200 595328
216.245.221.92 - - [16/Dec/2023:06:22:50 -0500] "HEAD / HTTP/1.1" 200 -
172.22.2.4 - - [16/Dec/2023:06:21:30 -0500] "HEAD /BLA/boletinlegal/ HTTP/1.1" 200 -
201.245.192.253 - - [16/Dec/2023:06:23:59 -0500] "POST /forms/lservlet;jsessionid=ac16012b30d68f87e6b31bdd4159a82faa45787d3329.e3iSbxaKaheRe34Qc38TbN0Nb41ynknvrkLOlQzNp65In0 HTTP/1.1" 200 2
172.22.2.4 - - [16/Dec/2023:06:22:21 -0500] "GET /BLA/boletinlegal/ HTTP/1.1" 200 58294
201.245.192.253 - - [16/Dec/2023:06:24:37 -0500] "POST /forms/lservlet;jsessionid=ac16012b30d665b9d6b5cea24731bd918aefbc6c9e46.e3iSbxaKaheRe34Qc38TbN0Nb41ynknvrkLOlQzNp65In0 HTTP/1.1" 200 2
216.244.66.195 - - [16/Dec/2023:06:25:42 -0500] "GET /BLA/resoluciones/AUTOS%202016/1857.pdf HTTP/1.1" 200 473899
201.245.192.253 - - [16/Dec/2023:06:25:47 -0500] "POST /kwsrmcab/Wsrmcab  HTTP/1.1" 200 37894
201.245.192.253 - - [16/Dec/2023:06:25:55 -0500] "POST /kwsrmcab/Wsrmcab HTTP/1.1" 200 38226
201.245.192.253 - - [16/Dec/2023:06:25:59 -0500] "POST /forms/lservlet;jsessionid=ac16012b30d68f87e6b31bdd4159a82faa45787d3329.e3iSbxaKaheRe34Qc38TbN0Nb41ynknvrkLOlQzNp65In0 HTTP/1.1" 200 2
201.245.192.253 - - [16/Dec/2023:06:25:58 -0500] "POST /kwsrmcab/Wsrmcab HTTP/1.1" 200 39150
186.102.74.198 - - [16/Dec/2023:06:26:00 -0500] "GET /kwssiamovil/sm/ldap/au?x=U2FsdGVkX194CjWda4SgJS9AdozjT9ztSToizOM86tjgZMOfe9iqlL7LWGnc7dpJ&y=U2FsdGVkX1+k+BQXxHXseajI1UpgeekDkf+SD5ew2p4c/bXUI2K4Fg7IkxhZ/3Nd HTTP/1.1" 200 30
186.102.74.198 - - [16/Dec/2023:06:26:01 -0500] "GET /kwssiamovil/sm/acme/s?s=U2FsdGVkX18zoPOoaP7jB4HZ5mty8opVVHHCkFd++on4NWdfO5mltfw+UEsNdL5jySFm3AG/rYK8SyqHxue3Yt08qTQMiOtdI5joPjGd2DE=&u=U2FsdGVkX1/SqAFLMjBC+sq8jaSDsDmG4aDiWJtyUI8=&y=U2FsdGVkX1+k+BQXxHXseajI1UpgeekDkf+SD5ew2p4c/bXUI2K4Fg7IkxhZ/3Nd HTTP/1.1" 200 97
186.102.74.198 - - [16/Dec/2023:06:26:01 -0500] "GET /kwssiamovil/sm/acme/s?s=U2FsdGVkX1/7uGkUEIa3DZYLo6p4qE0uSig5Ed6GHxMUz/gD0XwMA76DgTjahymp/oKP58/8f1eck3VjCS1OOszOVX9xz+4ZUA+DOrMzJwRbeyMyermjWB7HMZurdQIyPCOeQCOQRClNlYQ9tHDAM8MwdWKDKArnRDeeQrPKz/ILJwW6U8f1nsXvEa7N6gMUtsyY4fB325YXdOd3nZIPR5mA7EmP6j1mGgDJ6F7dTvWpXbU8cS5nYzWMt4YOTf4meY/b8Yl6/XLB9Y++hkV01gxzUYh2AR+MH2IJYGwsNPUPg/K9lFVsC1S4YzS9m97FUwoWLn6XIlsRGsypYILA+jp+QbEhnfwmCjuyND4ZM8fSi9TaOwRaZqRBcRN8VSE3IvhEkUyV7TGjfheuzL2tVtO26nWcGo5eoHa/8fQpeRHy5bMozzztN1X1TgL+EFB0YjbfmnG39qxQgilc85EsirmyAjOBTOVaMe/I4PpzZ24TDvqFHP2UGb7jIVB/rkiQdkzA2Xedp/MtyYGxt4f0befwixT6ELJ0hnmGAIrKw4FUe1AWQ8VWrKgI4h6a9asDONzLo52D+j5ouOMsOHEfYgohcTIDlReKSO1vTT9aP80bcWiVHLr8U7w8QhsOjAJ23GPuTr9urj9v7qCk1492imvS3FYhVAnrdhM3UC+nbVArfIqNe+7tlsBv+YiscnvrZHRfJ8Y2Z+5M/g/YzFxcidQmIgha+he0K3Kv5HaBn1MypRPc8EKP8OnIs/vt3uYvgeICv+nUlP56bAN1VB+FrtAJrFQau7Kk7lF22FujV051LMMXzK6JmeQLnd06aIf0S9Tr7lokc3oELcp8xvkgeJ7EI1acK7TUecfAA42IdUbsP3wLsD7/ly/TKHaYAgMhGOF2+J3hpUZnWn07gb6A5pmVBUIP8cDGMP6M+ma9klZDCacweplLMKZuEXZGwkxNqQ5mao/UH6/p0fFigA/vn20jHSb/AvyV7RI36uFZNrWZ5uSCq7FzG8zdHEYRQztSXPr3gkb3KwbMFUnFrcMJL8xQ3Gw4CrRyEAzRusGatbWsUsdG9e8HVaJC0m0zYcl1CC292KYGwSV6CiwzooA10ciSazv7S51d5i9kxfh/ZEH91W0OyEfGmvnAzDYYAiNPXbFo+6SefW7EEBokPskFJK+/Aj3WKx/g7y5/htnxHyg7VoXo+UeWB9duOO0+sneKc92wnwjEW1B560xjZ9oS1aypCameaiWFIDry4jkqhuT9Rl5nOw5ea6uK7p1oMPB2IVLDfKKA6n30zbP3q60ePoGhKFQM65uSoWQks2y2vE9c5tTPbQT7jMqP7nfrwTCWphHLe5YsQqToEu71K/LgVZ1740B77UGII+dGk1iMFz1xZho4w5x5YoENRtIq4PrG46VhoWVF778kzQyqovj29RKBJvL/LHtb0XQOJ7eZI7sTfEBBIEQteTk9ye4tEEXO5shZ220Q2gjymIw7x8mqEpp9iTFzan9lv8wZ641aKBV/AuCfGMQPizB7JUlxU4Oyt/ac5UXNxhcbpdz/Xag++vD7s6pFPVLePC3eRJRIhBVf7wPpBRwL3pChd+yHL6EYcAjCI0xT77zIPymDlAqBob1djJ71rMKH8iZqAs5vIjhLc4OYpvJMaMN+ihltFZ6vW8t45efLj5++zMEV7YLN9c36JxQPPBMIq1Hn3QkJFmyFzGQ72zZhQOTRyDiUwB5AgKMi4lCcseIb8zwhJXsVHcwuXz7+pANgJmwOGSgk7XY=&u=U2FsdGVkX1/SqAFLMjBC+sq8jaSDsDmG4aDiWJtyUI8=&y=U2FsdGVkX1+k+BQXxHXseajI1UpgeekDkf+SD5ew2p4c/bXUI2K4Fg7IkxhZ/3Nd HTTP/1.1" 200 2279
186.102.74.198 - - [16/Dec/2023:06:26:01 -0500] "GET /kwssiamovil/sm/acme/s?s=U2FsdGVkX18I08DOKXYjiuMPxbFvJDncMvWwzQaxo856nF7+JjTz7C0uQnE0daj/JCsUQkgV8AKZ+kIOxkvbEq4OWcuRitB7b25HksS0VbgR949xML+4a3PM7qcH5NFM+n1v74CdVbhg6NiQ3CahHlwkiFPUiL0UE69cmI30jL5PABpRS+o8OJ4iluP/58SvJ5e01hr5fNMj0GpWFaNMJc4IH86esv5pH6PB6o25SbhXlMWth/z+R/ZkeH8ZlmjVKQvj8po4tbp3iYfiwkVPEFrnBcA9PiuY0YUO3zpuQLvHPGRrMOhBl5ZChnsgsyhJLI2mcr2OzO3rcv0L3pkGN46cDIhLAA94kTaxrtUYJ2Lajbs+1BRfZ4aQBuk+rbi+S41R1wo35y6KaWHBxIGBl+2NVNMYYjq3gHZX2JnukjtShaWi+AAEhDNAJ0l55MxjU4pUB7AkoELDG3r+SQcatcA2rFLp9h/qwa+qyDR0BTEzi+hfbUX2qke3GlhXZDCBM37Bl3oI7z7CArwv+rZYmoqfAG2LJtfeTeWPt7duRdw1qqjCb+HpwEeddPb501NshZKwclvtOggjj+g/VGV1MTNdVmEvBAy6DBuOpn15f2uSWwrTH+4HX/BqzkEH25CsOIbmMgk5HXH60p2vNLd+EZtau/V4im3eaP5UZV4tZyIglAWVenndsOAqVuxLLkZdDa5FnaO/DOXHHMyhVf5Nha7YAFHUzQa3EFAYOR6NW/ZuqBD6vLAIuBNCAcNO+X9r&u=U2FsdGVkX1/SqAFLMjBC+sq8jaSDsDmG4aDiWJtyUI8=&y=U2FsdGVkX1+k+BQXxHXseajI1UpgeekDkf+SD5ew2p4c/bXUI2K4Fg7IkxhZ/3Nd HTTP/1.1" 200 208
186.102.74.198 - - [16/Dec/2023:06:26:01 -0500] "GET /kwssiamovil/sm/cjson/pre?f=1&x=U2FsdGVkX194CjWda4SgJS9AdozjT9ztSToizOM86tjgZMOfe9iqlL7LWGnc7dpJ HTTP/1.1" 200 31032
216.244.66.195 - - [16/Dec/2023:06:26:30 -0500] "GET /BLA/resoluciones/AUTOS%202016/1862.pdf HTTP/1.1" 200 473396
201.245.192.253 - - [16/Dec/2023:06:26:37 -0500] "POST /forms/lservlet;jsessionid=ac16012b30d665b9d6b5cea24731bd918aefbc6c9e46.e3iSbxaKaheRe34Qc38TbN0Nb41ynknvrkLOlQzNp65In0 HTTP/1.1" 200 2
66.249.66.21 - - [16/Dec/2023:06:26:50 -0500] "GET /portel_dama/libreria/php/2006/ECOSISTEMAS%20FINAL%20web_mz27/restauracion/sitio/55_artic/xtras/10.pdf HTTP/1.1" 404 1018
216.245.221.92 - - [16/Dec/2023:06:27:50 -0500] "HEAD / HTTP/1.1" 200 -
201.245.192.253 - - [16/Dec/2023:06:27:59 -0500] "POST /forms/lservlet;jsessionid=ac16012b30d68f87e6b31bdd4159a82faa45787d3329.e3iSbxaKaheRe34Qc38TbN0Nb41ynknvrkLOlQzNp65In0 HTTP/1.1" 200 2
216.244.66.195 - - [16/Dec/2023:06:27:21 -0500] "GET /BLA/resoluciones/AUTOS%202016/1904.pdf HTTP/1.1" 200 570793
216.244.66.195 - - [16/Dec/2023:06:28:11 -0500] "GET /BLA/resoluciones/AUTOS%202016/2172.pdf HTTP/1.1" 200 374519
66.249.66.20 - - [16/Dec/2023:06:28:33 -0500] "GET /IsolucionSDA/FramesetArticulo.asp?Pagina=bancoconocimiento%2FP%2FProgramadegestiondocumental2016%2D2019%2FProgramadegestiondocumental2016%2D2019%2Easp&IdArticulo=11124&Codigo=&Fecha=&Version=&Procedimiento=&cliente= HTTP/1.1" 200 527
201.245.192.253 - - [16/Dec/2023:06:28:37 -0500] "POST /forms/lservlet;jsessionid=ac16012b30d665b9d6b5cea24731bd918aefbc6c9e46.e3iSbxaKaheRe34Qc38TbN0Nb41ynknvrkLOlQzNp65In0 HTTP/1.1" 200 2
172.22.2.4 - - [16/Dec/2023:06:28:48 -0500] "GET /BLA/boletinlegal/robots.txt HTTP/1.1" 404 1037
172.22.2.4 - - [16/Dec/2023:06:28:50 -0500] "GET /BLA/boletinlegal/Circulares/2023/CIRCULAR%20No.%2000009%20DEL%2010%20DE%20OCTUBRE%20DEL%202023.pdf HTTP/1.1" 304 -
216.244.66.195 - - [16/Dec/2023:06:28:52 -0500] "GET /BLA/resoluciones/AUTOS%202016/2189.pdf HTTP/1.1" 200 688043
172.22.2.4 - - [16/Dec/2023:06:27:20 -0500] "HEAD /BLA/boletinlegal/ HTTP/1.1" 200 -
66.249.66.21 - - [16/Dec/2023:06:29:40 -0500] "GET /resoluciones/RESOLUCIONES%202008/1916.pdf HTTP/1.1" 404 1018
216.244.66.195 - - [16/Dec/2023:06:29:42 -0500] "GET /BLA/resoluciones/AUTOS%202016/2733.pdf HTTP/1.1" 200 1388046
201.245.192.253 - - [16/Dec/2023:06:29:47 -0500] "POST /kwsrmcab/Wsrmcab HTTP/1.1" 200 38226
172.22.2.4 - - [16/Dec/2023:06:28:11 -0500] "GET /BLA/boletinlegal/ HTTP/1.1" 200 52827
201.245.192.253 - - [16/Dec/2023:06:29:51 -0500] "POST /kwsrmcab/Wsrmcab HTTP/1.1" 200 39150
201.245.192.253 - - [16/Dec/2023:06:29:59 -0500] "POST /forms/lservlet;jsessionid=ac16012b30d68f87e6b31bdd4159a82faa45787d3329.e3iSbxaKaheRe34Qc38TbN0Nb41ynknvrkLOlQzNp65In0 HTTP/1.1" 200 2
216.244.66.195 - - [16/Dec/2023:06:30:32 -0500] "GET /BLA/resoluciones/AUTOS%202016/2761.pdf HTTP/1.1" 200 396756
201.245.192.253 - - [16/Dec/2023:06:30:37 -0500] "POST /forms/lservlet;jsessionid=ac16012b30d665b9d6b5cea24731bd918aefbc6c9e46.e3iSbxaKaheRe34Qc38TbN0Nb41ynknvrkLOlQzNp65In0 HTTP/1.1" 200 2
201.245.192.253 - - [16/Dec/2023:06:30:47 -0500] "POST /kwsrmcab/Wsrmcab  HTTP/1.1" 200 37894
216.244.66.195 - - [16/Dec/2023:06:31:10 -0500] "GET /BLA/resoluciones/AUTOS%202016/2796.pdf HTTP/1.1" 200 434349
216.244.66.195 - - [16/Dec/2023:06:31:51 -0500] "GET /BLA/resoluciones/AUTOS%202016/2828.pdf HTTP/1.1" 200 373517
201.245.192.253 - - [16/Dec/2023:06:31:59 -0500] "POST /forms/lservlet;jsessionid=ac16012b30d68f87e6b31bdd4159a82faa45787d3329.e3iSbxaKaheRe34Qc38TbN0Nb41ynknvrkLOlQzNp65In0 HTTP/1.1" 200 2
216.244.66.195 - - [16/Dec/2023:06:32:27 -0500] "GET /BLA/resoluciones/AUTOS%202016/3078.pdf HTTP/1.1" 200 473485
157.55.39.55 - - [16/Dec/2023:06:32:37 -0500] "GET /BLA/resoluciones/RESOLUCIONES%202021/1265.pdf HTTP/1.1" 200 439958
201.245.192.253 - - [16/Dec/2023:06:32:37 -0500] "POST /forms/lservlet;jsessionid=ac16012b30d665b9d6b5cea24731bd918aefbc6c9e46.e3iSbxaKaheRe34Qc38TbN0Nb41ynknvrkLOlQzNp65In0 HTTP/1.1" 200 2
216.245.221.92 - - [16/Dec/2023:06:32:50 -0500] "HEAD / HTTP/1.1" 200 -
216.244.66.195 - - [16/Dec/2023:06:33:09 -0500] "GET /BLA/resoluciones/AUTOS%202016/3089.pdf HTTP/1.1" 200 672032
52.167.144.174 - - [16/Dec/2023:06:33:24 -0500] "GET /BLA/resoluciones/RESOLUCIONES%202021/0602.pdf HTTP/1.1" 200 507032
216.244.66.195 - - [16/Dec/2023:06:33:50 -0500] "GET /BLA/resoluciones/AUTOS%202016/3099.pdf HTTP/1.1" 200 376596
201.245.192.253 - - [16/Dec/2023:06:33:59 -0500] "POST /forms/lservlet;jsessionid=ac16012b30d68f87e6b31bdd4159a82faa45787d3329.e3iSbxaKaheRe34Qc38TbN0Nb41ynknvrkLOlQzNp65In0 HTTP/1.1" 200 2
216.244.66.195 - - [16/Dec/2023:06:34:21 -0500] "GET /BLA/resoluciones/AUTOS%202016/3100.pdf HTTP/1.1" 200 1257073
201.245.192.253 - - [16/Dec/2023:06:34:37 -0500] "POST /forms/lservlet;jsessionid=ac16012b30d665b9d6b5cea24731bd918aefbc6c9e46.e3iSbxaKaheRe34Qc38TbN0Nb41ynknvrkLOlQzNp65In0 HTTP/1.1" 200 2
172.22.2.4 - - [16/Dec/2023:06:33:10 -0500] "HEAD /BLA/boletinlegal/ HTTP/1.1" 200 -
216.244.66.195 - - [16/Dec/2023:06:35:05 -0500] "GET /BLA/resoluciones/index.php?dir=RESOLUCIONES+2009%2F HTTP/1.1" 200 1694101
66.249.66.21 - - [16/Dec/2023:06:35:37 -0500] "GET /BLA/resoluciones/RESOLUCIONES%202008/1740.pdf HTTP/1.1" 200 374771
172.22.2.4 - - [16/Dec/2023:06:34:01 -0500] "GET /BLA/boletinlegal/ HTTP/1.1" 200 60224
201.245.192.253 - - [16/Dec/2023:06:35:45 -0500] "POST /kwsrmcab/Wsrmcab  HTTP/1.1" 200 37894
216.244.66.195 - - [16/Dec/2023:06:35:51 -0500] "GET /BLA/resoluciones/AUTOS%202007/3432.pdf HTTP/1.1" 200 256036
201.245.192.253 - - [16/Dec/2023:06:35:54 -0500] "POST /kwsrmcab/Wsrmcab HTTP/1.1" 200 38226
201.245.192.253 - - [16/Dec/2023:06:35:59 -0500] "POST /forms/lservlet;jsessionid=ac16012b30d68f87e6b31bdd4159a82faa45787d3329.e3iSbxaKaheRe34Qc38TbN0Nb41ynknvrkLOlQzNp65In0 HTTP/1.1" 200 2
201.245.192.253 - - [16/Dec/2023:06:35:57 -0500] "POST /kwsrmcab/Wsrmcab HTTP/1.1" 200 39150
216.244.66.195 - - [16/Dec/2023:06:36:21 -0500] "GET /BLA/resoluciones/AUTOS%202016/0030.pdf HTTP/1.1" 200 442386
201.245.192.253 - - [16/Dec/2023:06:36:37 -0500] "POST /forms/lservlet;jsessionid=ac16012b30d665b9d6b5cea24731bd918aefbc6c9e46.e3iSbxaKaheRe34Qc38TbN0Nb41ynknvrkLOlQzNp65In0 HTTP/1.1" 200 2
216.244.66.195 - - [16/Dec/2023:06:36:55 -0500] "GET /BLA/resoluciones/AUTOS%202016/1083.pdf HTTP/1.1" 200 231029
216.244.66.195 - - [16/Dec/2023:06:37:24 -0500] "GET /BLA/resoluciones/AUTOS%202010/6556.pdf HTTP/1.1" 200 157094
163.5.241.57 - - [16/Dec/2023:06:37:30 -0500] "GET /las-tres-caminatas-para-cerrar-el-ano-entre-la-naturaleza.html HTTP/1.1" 200 776
163.5.241.65 - - [16/Dec/2023:06:37:34 -0500] "GET /consulta-y-conoce-los-proyectos-de-resolucion-de-para-los-planes-de-manejo-ambiental-de-cinco-humedales-en-bogota.html HTTP/1.1" 200 971
216.245.221.92 - - [16/Dec/2023:06:37:50 -0500] "HEAD / HTTP/1.1" 200 -
216.244.66.195 - - [16/Dec/2023:06:37:51 -0500] "GET /BLA/resoluciones/AUTOS%202014/0287.pdf HTTP/1.1" 200 361982
201.245.192.253 - - [16/Dec/2023:06:37:59 -0500] "POST /forms/lservlet;jsessionid=ac16012b30d68f87e6b31bdd4159a82faa45787d3329.e3iSbxaKaheRe34Qc38TbN0Nb41ynknvrkLOlQzNp65In0 HTTP/1.1" 200 2
216.244.66.195 - - [16/Dec/2023:06:38:17 -0500] "GET /BLA/resoluciones/RESOLUCIONES%202021/2532.pdf HTTP/1.1" 200 1494441
163.5.241.27 - - [16/Dec/2023:06:38:30 -0500] "GET /portaldeninos/ HTTP/1.1" 200 110175
172.22.2.4 - - [16/Dec/2023:06:38:34 -0500] "GET /BLA/boletinlegal/actos.php HTTP/1.1" 200 9682
201.245.192.253 - - [16/Dec/2023:06:38:37 -0500] "POST /forms/lservlet;jsessionid=ac16012b30d665b9d6b5cea24731bd918aefbc6c9e46.e3iSbxaKaheRe34Qc38TbN0Nb41ynknvrkLOlQzNp65In0 HTTP/1.1" 200 2
216.244.66.195 - - [16/Dec/2023:06:38:55 -0500] "GET /BLA/resoluciones/RESOLUCIONES%202023/1069.pdf HTTP/1.1" 200 458517
66.249.66.21 - - [16/Dec/2023:06:39:16 -0500] "GET /BLA/resoluciones/RESOLUCIONES%202016/1785.pdf HTTP/1.1" 200 439648
216.244.66.195 - - [16/Dec/2023:06:39:27 -0500] "GET /BLA/resoluciones/RESOLUCIONES%202023/1274.pdf HTTP/1.1" 200 453592
201.245.192.253 - - [16/Dec/2023:06:39:46 -0500] "POST /kwsrmcab/Wsrmcab HTTP/1.1" 200 38226
201.245.192.253 - - [16/Dec/2023:06:39:51 -0500] "POST /kwsrmcab/Wsrmcab HTTP/1.1" 200 39150
216.244.66.195 - - [16/Dec/2023:06:39:59 -0500] "GET /BLA/resoluciones/RESOLUCIONES%202023/1447.zip HTTP/1.1" 200 2149192
201.245.192.253 - - [16/Dec/2023:06:39:59 -0500] "POST /forms/lservlet;jsessionid=ac16012b30d68f87e6b31bdd4159a82faa45787d3329.e3iSbxaKaheRe34Qc38TbN0Nb41ynknvrkLOlQzNp65In0 HTTP/1.1" 200 2
216.244.66.195 - - [16/Dec/2023:06:40:36 -0500] "GET /BLA/resoluciones/RESOLUCIONES%202023/1457.pdf HTTP/1.1" 200 386342
201.245.192.253 - - [16/Dec/2023:06:40:37 -0500] "POST /forms/lservlet;jsessionid=ac16012b30d665b9d6b5cea24731bd918aefbc6c9e46.e3iSbxaKaheRe34Qc38TbN0Nb41ynknvrkLOlQzNp65In0 HTTP/1.1" 200 2
172.22.2.4 - - [16/Dec/2023:06:39:00 -0500] "HEAD /BLA/boletinlegal/ HTTP/1.1" 200 -
201.245.192.253 - - [16/Dec/2023:06:40:44 -0500] "POST /kwsrmcab/Wsrmcab  HTTP/1.1" 200 37894
216.244.66.195 - - [16/Dec/2023:06:41:14 -0500] "GET /BLA/resoluciones/RESOLUCIONES%202023/1504.pdf HTTP/1.1" 200 1272013
69.171.231.3 - - [16/Dec/2023:06:41:29 -0500] "GET /BLA/resoluciones/RESOLUCIONES%202023/2700.pdf HTTP/1.1" 200 367848
172.22.2.4 - - [16/Dec/2023:06:39:51 -0500] "GET /BLA/boletinlegal/ HTTP/1.1" 200 58294
216.244.66.195 - - [16/Dec/2023:06:41:44 -0500] "GET /BLA/resoluciones/RESOLUCIONES%202023/1687.pdf HTTP/1.1" 200 876025
66.249.66.19 - - [16/Dec/2023:06:41:56 -0500] "GET /BLA/resoluciones/Autos%202008/1072.pdf HTTP/1.1" 200 146900
201.245.192.253 - - [16/Dec/2023:06:41:59 -0500] "POST /forms/lservlet;jsessionid=ac16012b30d68f87e6b31bdd4159a82faa45787d3329.e3iSbxaKaheRe34Qc38TbN0Nb41ynknvrkLOlQzNp65In0 HTTP/1.1" 200 2
216.244.66.195 - - [16/Dec/2023:06:42:14 -0500] "GET /BLA/resoluciones/RESOLUCIONES%202016/0744.pdf HTTP/1.1" 200 250645
66.249.66.20 - - [16/Dec/2023:06:42:14 -0500] "GET /BLA/resoluciones/Autos%202008/2021.pdf HTTP/1.1" 200 74692
201.245.192.253 - - [16/Dec/2023:06:42:37 -0500] "POST /forms/lservlet;jsessionid=ac16012b30d665b9d6b5cea24731bd918aefbc6c9e46.e3iSbxaKaheRe34Qc38TbN0Nb41ynknvrkLOlQzNp65In0 HTTP/1.1" 200 2
216.244.66.195 - - [16/Dec/2023:06:42:44 -0500] "GET /BLA/resoluciones/RESOLUCIONES%202016/1813.pdf HTTP/1.1" 200 290026
216.245.221.92 - - [16/Dec/2023:06:42:50 -0500] "HEAD / HTTP/1.1" 200 -
216.244.66.195 - - [16/Dec/2023:06:43:11 -0500] "GET /BLA/resoluciones/RESOLUCIONES%202016/2305.pdf HTTP/1.1" 200 364272
66.249.66.20 - - [16/Dec/2023:06:43:19 -0500] "GET /BLA/resoluciones/RESOLUCIONES%202010/5185.pdf HTTP/1.1" 200 849599
216.244.66.195 - - [16/Dec/2023:06:43:42 -0500] "GET /BLA/resoluciones/RESOLUCIONES%202017/0061.pdf HTTP/1.1" 200 317800
201.245.192.253 - - [16/Dec/2023:06:43:59 -0500] "POST /forms/lservlet;jsessionid=ac16012b30d68f87e6b31bdd4159a82faa45787d3329.e3iSbxaKaheRe34Qc38TbN0Nb41ynknvrkLOlQzNp65In0 HTTP/1.1" 200 2
207.46.13.92 - - [16/Dec/2023:06:44:37 -0500] "GET /galeria/galeria/jquery.fancybox.css?v=2.1.5 HTTP/1.1" 200 4895
201.245.192.253 - - [16/Dec/2023:06:44:37 -0500] "POST /forms/lservlet;jsessionid=ac16012b30d665b9d6b5cea24731bd918aefbc6c9e46.e3iSbxaKaheRe34Qc38TbN0Nb41ynknvrkLOlQzNp65In0 HTTP/1.1" 200 2
40.77.167.22 - - [16/Dec/2023:06:44:46 -0500] "GET /galeria/galeria/jquery.fancybox.js?v=2.1.5 HTTP/1.1" 200 48706
201.245.192.253 - - [16/Dec/2023:06:45:42 -0500] "POST /kwsrmcab/Wsrmcab  HTTP/1.1" 200 37894
201.245.192.253 - - [16/Dec/2023:06:45:59 -0500] "POST /forms/lservlet;jsessionid=ac16012b30d68f87e6b31bdd4159a82faa45787d3329.e3iSbxaKaheRe34Qc38TbN0Nb41ynknvrkLOlQzNp65In0 HTTP/1.1" 200 2
172.22.2.4 - - [16/Dec/2023:06:44:50 -0500] "HEAD /BLA/boletinlegal/ HTTP/1.1" 200 -
201.245.192.253 - - [16/Dec/2023:06:46:37 -0500] "POST /forms/lservlet;jsessionid=ac16012b30d665b9d6b5cea24731bd918aefbc6c9e46.e3iSbxaKaheRe34Qc38TbN0Nb41ynknvrkLOlQzNp65In0 HTTP/1.1" 200 2
47.128.23.73 - - [16/Dec/2023:06:46:48 -0500] "GET /Residuos/impresion/impresion.html HTTP/1.1" 200 1961
172.22.2.4 - - [16/Dec/2023:06:45:41 -0500] "GET /BLA/boletinlegal/ HTTP/1.1" 200 58644
47.128.54.123 - - [16/Dec/2023:06:47:26 -0500] "GET /Residuos/metalmecanica/metalmecanica.html HTTP/1.1" 200 1969
216.245.221.92 - - [16/Dec/2023:06:47:50 -0500] "HEAD / HTTP/1.1" 200 -
201.245.192.253 - - [16/Dec/2023:06:47:59 -0500] "POST /forms/lservlet;jsessionid=ac16012b30d68f87e6b31bdd4159a82faa45787d3329.e3iSbxaKaheRe34Qc38TbN0Nb41ynknvrkLOlQzNp65In0 HTTP/1.1" 200 2
216.244.66.195 - - [16/Dec/2023:06:48:23 -0500] "GET /robots.txt HTTP/1.1" 404 1018
66.249.66.19 - - [16/Dec/2023:06:48:35 -0500] "GET /BLA/resoluciones/AUTOS%202008/1657.pdf HTTP/1.1" 200 320589
201.245.192.253 - - [16/Dec/2023:06:48:37 -0500] "POST /forms/lservlet;jsessionid=ac16012b30d665b9d6b5cea24731bd918aefbc6c9e46.e3iSbxaKaheRe34Qc38TbN0Nb41ynknvrkLOlQzNp65In0 HTTP/1.1" 200 2
66.249.66.21 - - [16/Dec/2023:06:49:15 -0500] "GET /resoluciones/RESOLUCIONES%202007/RES%202007%202801%20AL%202900/RESOLUCION%202836%20DE%202007.pdf HTTP/1.1" 404 1018
66.249.66.19 - - [16/Dec/2023:06:49:21 -0500] "GET /BLA/resoluciones/RESOLUCIONES%202009/5117.pdf HTTP/1.1" 200 1180504
201.245.192.253 - - [16/Dec/2023:06:49:59 -0500] "POST /forms/lservlet;jsessionid=ac16012b30d68f87e6b31bdd4159a82faa45787d3329.e3iSbxaKaheRe34Qc38TbN0Nb41ynknvrkLOlQzNp65In0 HTTP/1.1" 200 2
192.241.200.70 - - [16/Dec/2023:06:50:18 -0500] "GET / HTTP/1.1" 200 319
201.245.192.253 - - [16/Dec/2023:06:50:37 -0500] "POST /forms/lservlet;jsessionid=ac16012b30d665b9d6b5cea24731bd918aefbc6c9e46.e3iSbxaKaheRe34Qc38TbN0Nb41ynknvrkLOlQzNp65In0 HTTP/1.1" 200 2
201.245.192.253 - - [16/Dec/2023:06:50:40 -0500] "POST /kwsrmcab/Wsrmcab  HTTP/1.1" 200 37894
201.245.192.253 - - [16/Dec/2023:06:51:59 -0500] "POST /forms/lservlet;jsessionid=ac16012b30d68f87e6b31bdd4159a82faa45787d3329.e3iSbxaKaheRe34Qc38TbN0Nb41ynknvrkLOlQzNp65In0 HTTP/1.1" 200 2
172.22.2.4 - - [16/Dec/2023:06:50:40 -0500] "HEAD /BLA/boletinlegal/ HTTP/1.1" 200 -
201.245.192.253 - - [16/Dec/2023:06:52:37 -0500] "POST /forms/lservlet;jsessionid=ac16012b30d665b9d6b5cea24731bd918aefbc6c9e46.e3iSbxaKaheRe34Qc38TbN0Nb41ynknvrkLOlQzNp65In0 HTTP/1.1" 200 2
216.245.221.92 - - [16/Dec/2023:06:52:50 -0500] "HEAD / HTTP/1.1" 200 -
66.249.66.19 - - [16/Dec/2023:06:52:58 -0500] "GET /BLA/resoluciones/RESOLUCIONES%202007/RES%202007%202801%20AL%202900/RESOLUCION%202834%20DE%202007.pdf HTTP/1.1" 200 114978
172.22.2.4 - - [16/Dec/2023:06:51:31 -0500] "GET /BLA/boletinlegal/ HTTP/1.1" 200 59007
201.245.192.253 - - [16/Dec/2023:06:53:59 -0500] "POST /forms/lservlet;jsessionid=ac16012b30d68f87e6b31bdd4159a82faa45787d3329.e3iSbxaKaheRe34Qc38TbN0Nb41ynknvrkLOlQzNp65In0 HTTP/1.1" 200 2
192.241.231.47 - - [16/Dec/2023:06:54:31 -0500] "GET /hudson HTTP/1.1" 404 1018
201.245.192.253 - - [16/Dec/2023:06:54:37 -0500] "POST /forms/lservlet;jsessionid=ac16012b30d665b9d6b5cea24731bd918aefbc6c9e46.e3iSbxaKaheRe34Qc38TbN0Nb41ynknvrkLOlQzNp65In0 HTTP/1.1" 200 2
201.245.192.253 - - [16/Dec/2023:06:55:39 -0500] "POST /kwsrmcab/Wsrmcab  HTTP/1.1" 200 37894
201.245.192.253 - - [16/Dec/2023:06:55:59 -0500] "POST /forms/lservlet;jsessionid=ac16012b30d68f87e6b31bdd4159a82faa45787d3329.e3iSbxaKaheRe34Qc38TbN0Nb41ynknvrkLOlQzNp65In0 HTTP/1.1" 200 2
66.249.66.11 - - [16/Dec/2023:06:56:16 -0500] "GET /BLA/resoluciones/AUTOS%202014/0984.pdf HTTP/1.1" 200 286283
201.245.192.253 - - [16/Dec/2023:06:56:37 -0500] "POST /forms/lservlet;jsessionid=ac16012b30d665b9d6b5cea24731bd918aefbc6c9e46.e3iSbxaKaheRe34Qc38TbN0Nb41ynknvrkLOlQzNp65In0 HTTP/1.1" 200 2
216.245.221.92 - - [16/Dec/2023:06:57:50 -0500] "HEAD / HTTP/1.1" 200 -
201.245.192.253 - - [16/Dec/2023:06:57:59 -0500] "POST /forms/lservlet;jsessionid=ac16012b30d68f87e6b31bdd4159a82faa45787d3329.e3iSbxaKaheRe34Qc38TbN0Nb41ynknvrkLOlQzNp65In0 HTTP/1.1" 200 2
172.22.2.4 - - [16/Dec/2023:06:56:31 -0500] "HEAD /BLA/boletinlegal/ HTTP/1.1" 200 -
201.245.192.253 - - [16/Dec/2023:06:58:37 -0500] "POST /forms/lservlet;jsessionid=ac16012b30d665b9d6b5cea24731bd918aefbc6c9e46.e3iSbxaKaheRe34Qc38TbN0Nb41ynknvrkLOlQzNp65In0 HTTP/1.1" 200 2
172.22.2.4 - - [16/Dec/2023:06:57:22 -0500] "GET /BLA/boletinlegal/ HTTP/1.1" 200 58294
201.245.192.253 - - [16/Dec/2023:06:59:59 -0500] "POST /forms/lservlet;jsessionid=ac16012b30d68f87e6b31bdd4159a82faa45787d3329.e3iSbxaKaheRe34Qc38TbN0Nb41ynknvrkLOlQzNp65In0 HTTP/1.1" 200 2
201.245.192.253 - - [16/Dec/2023:07:00:37 -0500] "POST /forms/lservlet;jsessionid=ac16012b30d665b9d6b5cea24731bd918aefbc6c9e46.e3iSbxaKaheRe34Qc38TbN0Nb41ynknvrkLOlQzNp65In0 HTTP/1.1" 200 2
201.245.192.253 - - [16/Dec/2023:07:00:38 -0500] "POST /kwsrmcab/Wsrmcab  HTTP/1.1" 200 37894
201.245.192.253 - - [16/Dec/2023:07:01:59 -0500] "POST /forms/lservlet;jsessionid=ac16012b30d68f87e6b31bdd4159a82faa45787d3329.e3iSbxaKaheRe34Qc38TbN0Nb41ynknvrkLOlQzNp65In0 HTTP/1.1" 200 2
201.245.192.253 - - [16/Dec/2023:07:02:37 -0500] "POST /forms/lservlet;jsessionid=ac16012b30d665b9d6b5cea24731bd918aefbc6c9e46.e3iSbxaKaheRe34Qc38TbN0Nb41ynknvrkLOlQzNp65In0 HTTP/1.1" 200 2
216.245.221.92 - - [16/Dec/2023:07:02:50 -0500] "HEAD / HTTP/1.1" 200 -
173.252.83.6 - - [16/Dec/2023:07:02:58 -0500] "GET /images/foto%202.jpg HTTP/1.1" 200 63300
69.171.249.120 - - [16/Dec/2023:07:03:35 -0500] "GET /tinguas-azules-secretaria-de-ambiente-atiende-alto-numero-de-reportes-de-aves-migratorias.html HTTP/1.1" 200 923
69.171.249.8 - - [16/Dec/2023:07:03:58 -0500] "GET /animales-silvestres-regresaron-a-la-libertad-en-el-norte-de-bogota.html HTTP/1.1" 200 925
201.245.192.253 - - [16/Dec/2023:07:03:59 -0500] "POST /forms/lservlet;jsessionid=ac16012b30d68f87e6b31bdd4159a82faa45787d3329.e3iSbxaKaheRe34Qc38TbN0Nb41ynknvrkLOlQzNp65In0 HTTP/1.1" 200 2
172.22.2.4 - - [16/Dec/2023:07:02:21 -0500] "HEAD /BLA/boletinlegal/ HTTP/1.1" 200 -
157.90.254.89 - - [16/Dec/2023:07:04:26 -0500] "GET / HTTP/1.1" 200 4720
157.90.254.89 - - [16/Dec/2023:07:04:29 -0500] "GET / HTTP/1.1" 200 319
201.245.192.253 - - [16/Dec/2023:07:04:37 -0500] "POST /forms/lservlet;jsessionid=ac16012b30d665b9d6b5cea24731bd918aefbc6c9e46.e3iSbxaKaheRe34Qc38TbN0Nb41ynknvrkLOlQzNp65In0 HTTP/1.1" 200 2
172.22.2.4 - - [16/Dec/2023:07:03:12 -0500] "GET /BLA/boletinlegal/ HTTP/1.1" 200 58644
186.102.106.40 - - [16/Dec/2023:07:05:24 -0500] "GET /kwssiamovil/sm/ldap/au?x=U2FsdGVkX191cDrOmUQy1lABBEQLOD2+tbYtO4AuJMAsPgH7Ibvj6E/JR7ULlYsI&y=U2FsdGVkX1+gmADzSSz8hs4i0f291GK0eDT7YUvxlz4= HTTP/1.1" 200 30
186.102.106.40 - - [16/Dec/2023:07:05:25 -0500] "GET /kwssiamovil/sm/acme/s?s=U2FsdGVkX18M/w1vIwS2Oia9p0XE2ynAcD/RhbNPhganPUYiwBAGx0HaSKaYUM1+qW8/Icm9Oik7itQwb06dTQAN5l154hLtIBq92Fiyg8A=&u=U2FsdGVkX1/r3QFmjbU2sYKtwVOFv2hkZ24wp+IeAYU=&y=U2FsdGVkX1+gmADzSSz8hs4i0f291GK0eDT7YUvxlz4= HTTP/1.1" 200 70
186.102.106.40 - - [16/Dec/2023:07:05:25 -0500] "GET /kwssiamovil/sm/acme/s?s=U2FsdGVkX19F4Xz6+Xw7z6aJfFAWq1wiLMz2batnLZja5h1ShpkFZaSDnck0TYG6vdpvDdHojwiAyyQs5n0XKDX1DDeAIklY5XL74vyfXmWNrhLhAAFyH13IDcvUT37fs3lRTw7rf7wDkhYJB3AE2h2VnrVbzEYJ3oxqgiJbw11w73yt/9wkX20mfEMuIjafkW5P15hrLhHsyoGArMtRRtAmXtvNkV7YAWoqFlbIkXNoN0585zltp5/LFZJueshwLS7VwTy/udZg4pukL2Mc+WmQ4mh32PhBoESqwRAHeRQM5xK+nCYhIqc2fr9WnTz3mfthhnwGqe56RZNA6kdLr5O+cNb8AvDjd6rbicU7AzS+B4j1qWO8+b5N9m/LNhqbGhSnF92mchWKY+JPdwKepX2Zxgdae+VhfVTc4X0uuJDF+gmjtbUPSTRvhC+4tvN8J4zlNRZgjX4qKyGvCo8fun6RQLhZCvNXoq3KxAno6/5pp5Kcypp1EtPPyi9mLbI9sSDe7CSa+9Y58LP7GTOEX1XHGiE38h2OYP/DYWsj2WItBIPr+0o0eITu5MSpZatqmY6RYekO2EgsHvWojY6U2G5g2AwsES/LjKEa/6ShOfJpKKKARzoQF2RYgNDy7ingqY6D1lXROVjfobypjXtPKvK6d9n0nASBn51QrLJiB8TXK52TXTlJNE2slrFiys3fr3TfvT29gGD2gga5J14zCcCDbvqCXhTo8kPSbpnpQtrLd8Ed9PJ+aAZKi+P19WaRMTJutcuhwstDf8pP4tnxad11JyXBQH0rGa4tzDQh47FNgskjXRZShykPdo8KCkw/sXiA4gGr5AmvJqfDO5tNxdcJiSpnPtXtP4Aay416bkgJwvgAmp/t40k67Yp+s6oz9aTchn53WEweFbb0R1xA/Rb5JJwsaA7B+80Z1GZixFiakePh0sUsJradtOzvNz97u60Ouan+oKNCr57uk4ZdxhE95T4GqVj3hMdZ/gkMU3H6gCtA+IVt4Ol9Qw9A/DNFW0/57GmwH+J14Re9mCkwKfWKvNLNKmYZn1GtUwS/Lz56D/H1tuPfUvwOBy2yOLJVz+dqz/DiYWZEWugXzM7wLFlH9AWqN3jB3RtK6CjRq7BoV6XaQ1dzy/hmKMskwvxXKCopm2hqOaeD61mYYaIxEU+cf3yC5wQeBukSH5TIH6lHRshrgADOBGOMGU2A2sWFm9Xy2AWuHo6OH4orppGSU3PX35+Nz9k3VjddpxRrGv9yLJUVbDMaOnpOG4s7dLnU19Wcb2vkoL5Dx+J7f6DDqCysk3/dBDZoyEcVQi4wyZIdFm1lnWk8haeqZXnB2CVlDno7ZgIonbmDk4/7X/PW+Or1+QjTfzGWX9kLBAkoEUBEUk0z6pW+9kL/IdhM7LSjtbueyoWCmjhn21T+jlILrU3IwR++QS9a0T656YbQ5jni1escrReruXPp9h6HtiJaUnlPT+wTSa1vfRjdxID05h/FkMsntZppIfTwtSnBuVoWaiJRb1DFi+JXp/09iauF3dFcOfmeYtqjQdibe0OZR9KIH8+NXC3HERWDuWY89ogxmbamCY0snppCauxkW4eH7933kDaLXOrHoSOu4t950/fHFhr8AteOYq6quNX8XCKaX6PWvvnHiNCitFig4sXrELxY13XO0hk1wXKUFjjYDcW68QynUCjBYLQte/+6uh7EViK9ED8RflbW3nC2oUq3igPwQYTaDy4iC/x9+ZNjIQ6iMTOVBFsfJXrheO+r9H8=&u=U2FsdGVkX1/r3QFmjbU2sYKtwVOFv2hkZ24wp+IeAYU=&y=U2FsdGVkX1+gmADzSSz8hs4i0f291GK0eDT7YUvxlz4= HTTP/1.1" 200 581
186.102.106.40 - - [16/Dec/2023:07:05:25 -0500] "GET /kwssiamovil/sm/acme/s?s=U2FsdGVkX1/ExHwJ38wRcXt/fYEwwehFnYIcvfAKCthKZKVLnVEH7clq/Du7t5UgRpGjLT/BfVxl9tlghQK7rL76Ze+dP7DHsVklMQ6/3DlUAxKvhO6jF3+rEhOHSlf40+MCadoSVbZFMTQQEUmiDpCtd+nX/O6s9gVIpjVRSiPKnnEfxqsUALCFE263Byq4F7uDqZTRp2pnEkwEBJg8tlBgBno0BBN9IpZvQ45sgm4qHT2Bgxsvs23CfZN2zsPcUl87WQFBrAr8UrDo3nG/nqRqKzLflK0KHlAo5TCRtLskFF7oEqxFT74EDHgpzg9uuPMGLdeNYxCZfrQ3HPetMVRwebwFt44B3GKoOXdu43WENgRCkBw5+5+yqEfAu03+rX6BbroWZvqFMPDi13CJENBGU3x/Zb8Zwyd247Iq0TP/W8GmZCZTMfsWbJ0vc3TQfd0lyREII2u5+KOGN/TkJJskBI5w7khdN+Y7qXkd4HJTjlD4FiRtfNN3CIaHA2VW4KoLOrnVYH7a1JaV6oeM4UPqPrjEBml1SRHrAEVlGI3fRUgqjRyYgqOzuCiKf+oBaxOToMP+UdZIKu+ozzJUVYBGkuZE9UHO3OXitxIPS87GesjXlr0nE1kknshOcaubC86ZnfYLR6QoFkUoY6BnUDQvmjW550ctO3fBnMLlWV0D5+jApkuklyGNPa2TzHiTnqg2G7Qet2HmShVlROloQRtylrAUOfk6a3eLsVSpuMZTJULAqF4NS5ZUJfPNQD6E&u=U2FsdGVkX1/r3QFmjbU2sYKtwVOFv2hkZ24wp+IeAYU=&y=U2FsdGVkX1+gmADzSSz8hs4i0f291GK0eDT7YUvxlz4= HTTP/1.1" 200 208
186.102.106.40 - - [16/Dec/2023:07:05:25 -0500] "GET /kwssiamovil/sm/cjson/pre?f=1&x=U2FsdGVkX191cDrOmUQy1lABBEQLOD2+tbYtO4AuJMAsPgH7Ibvj6E/JR7ULlYsI HTTP/1.1" 200 31032
201.245.192.253 - - [16/Dec/2023:07:05:37 -0500] "POST /kwsrmcab/Wsrmcab  HTTP/1.1" 200 37894
201.245.192.253 - - [16/Dec/2023:07:05:59 -0500] "POST /forms/lservlet;jsessionid=ac16012b30d68f87e6b31bdd4159a82faa45787d3329.e3iSbxaKaheRe34Qc38TbN0Nb41ynknvrkLOlQzNp65In0 HTTP/1.1" 200 2
201.245.192.253 - - [16/Dec/2023:07:06:37 -0500] "POST /forms/lservlet;jsessionid=ac16012b30d665b9d6b5cea24731bd918aefbc6c9e46.e3iSbxaKaheRe34Qc38TbN0Nb41ynknvrkLOlQzNp65In0 HTTP/1.1" 200 2
216.245.221.92 - - [16/Dec/2023:07:07:50 -0500] "HEAD / HTTP/1.1" 200 -
201.245.192.253 - - [16/Dec/2023:07:07:59 -0500] "POST /forms/lservlet;jsessionid=ac16012b30d68f87e6b31bdd4159a82faa45787d3329.e3iSbxaKaheRe34Qc38TbN0Nb41ynknvrkLOlQzNp65In0 HTTP/1.1" 200 2
201.245.192.253 - - [16/Dec/2023:07:08:37 -0500] "POST /forms/lservlet;jsessionid=ac16012b30d665b9d6b5cea24731bd918aefbc6c9e46.e3iSbxaKaheRe34Qc38TbN0Nb41ynknvrkLOlQzNp65In0 HTTP/1.1" 200 2
47.128.45.190 - - [16/Dec/2023:07:09:19 -0500] "GET /BLA/boletinlegal/doctrina.php HTTP/1.1" 200 5614
47.128.45.190 - - [16/Dec/2023:07:09:20 -0500] "GET /BLA/boletinlegal/js/ajax_doctrina.js HTTP/1.1" 200 772
191.156.53.32 - - [16/Dec/2023:07:09:28 -0500] "GET /sipse/faces/index.xhtml HTTP/1.1" 200 677
191.156.53.32 - - [16/Dec/2023:07:09:28 -0500] "GET /sipse/faces/javax.faces.resource/theme.css?ln=primefaces-sipse HTTP/1.1" 200 50058
191.156.53.32 - - [16/Dec/2023:07:09:28 -0500] "GET /favicon.ico HTTP/1.1" 200 7782
191.156.53.32 - - [16/Dec/2023:07:09:34 -0500] "GET /appsia/controlador HTTP/1.1" 200 4799
191.156.53.32 - - [16/Dec/2023:07:09:34 -0500] "GET /appsia/scripts/validarIngreso.js HTTP/1.1" 200 851
191.156.53.32 - - [16/Dec/2023:07:09:34 -0500] "GET /appsia/css/estilos.css HTTP/1.1" 200 4804
191.156.63.177 - - [16/Dec/2023:07:09:34 -0500] "GET /appsia/images/logo_bogota_p.png HTTP/1.1" 200 14951
191.156.63.177 - - [16/Dec/2023:07:09:34 -0500] "GET /appsia/images/cabezoteHojaVida.png HTTP/1.1" 200 32493
191.156.63.177 - - [16/Dec/2023:07:09:39 -0500] "POST /appsia/controlador HTTP/1.1" 200 5437
191.156.63.177 - - [16/Dec/2023:07:09:45 -0500] "POST /appsia/controlador HTTP/1.1" 200 7779
191.156.63.177 - - [16/Dec/2023:07:09:50 -0500] "POST /appsia/controlador HTTP/1.1" 200 6644
172.22.2.4 - - [16/Dec/2023:07:08:11 -0500] "HEAD /BLA/boletinlegal/ HTTP/1.1" 200 -
191.156.63.177 - - [16/Dec/2023:07:09:55 -0500] "POST /appsia/controlador HTTP/1.1" 200 10236
201.245.192.253 - - [16/Dec/2023:07:09:59 -0500] "POST /forms/lservlet;jsessionid=ac16012b30d68f87e6b31bdd4159a82faa45787d3329.e3iSbxaKaheRe34Qc38TbN0Nb41ynknvrkLOlQzNp65In0 HTTP/1.1" 200 2
201.245.192.253 - - [16/Dec/2023:07:10:37 -0500] "POST /forms/lservlet;jsessionid=ac16012b30d665b9d6b5cea24731bd918aefbc6c9e46.e3iSbxaKaheRe34Qc38TbN0Nb41ynknvrkLOlQzNp65In0 HTTP/1.1" 200 2
201.245.192.253 - - [16/Dec/2023:07:10:35 -0500] "POST /kwsrmcab/Wsrmcab  HTTP/1.1" 200 37894
172.22.2.4 - - [16/Dec/2023:07:09:02 -0500] "GET /BLA/boletinlegal/ HTTP/1.1" 200 61018
201.245.192.253 - - [16/Dec/2023:07:11:59 -0500] "POST /forms/lservlet;jsessionid=ac16012b30d68f87e6b31bdd4159a82faa45787d3329.e3iSbxaKaheRe34Qc38TbN0Nb41ynknvrkLOlQzNp65In0 HTTP/1.1" 200 2
201.245.192.253 - - [16/Dec/2023:07:12:37 -0500] "POST /forms/lservlet;jsessionid=ac16012b30d665b9d6b5cea24731bd918aefbc6c9e46.e3iSbxaKaheRe34Qc38TbN0Nb41ynknvrkLOlQzNp65In0 HTTP/1.1" 200 2
216.245.221.92 - - [16/Dec/2023:07:12:50 -0500] "HEAD / HTTP/1.1" 200 -
47.128.57.144 - - [16/Dec/2023:07:12:52 -0500] "GET /Residuos/vehiculos/vehiculos.html HTTP/1.1" 200 1961
40.77.167.45 - - [16/Dec/2023:07:12:53 -0500] "GET /BLA/resoluciones/Notificaciones/RESOLUCIONES%202023/1593.pdf HTTP/1.1" 200 7444615
47.128.42.176 - - [16/Dec/2023:07:12:53 -0500] "GET /Residuos/maderas/maderas.html HTTP/1.1" 200 1957
108.174.5.112 - - [16/Dec/2023:07:13:12 -0500] "GET /incautadas-cuatro-aves-y-mas-9-mil-gramos-de-productos-de-fauna-silvestre.html HTTP/1.1" 206 884
108.174.5.112 - - [16/Dec/2023:07:13:13 -0500] "GET /robots.txt HTTP/1.1" 404 1034
66.249.66.21 - - [16/Dec/2023:07:13:32 -0500] "GET /Publicaciones/2023EE241551.pdf HTTP/1.1" 404 228
201.245.192.253 - - [16/Dec/2023:07:13:59 -0500] "POST /forms/lservlet;jsessionid=ac16012b30d68f87e6b31bdd4159a82faa45787d3329.e3iSbxaKaheRe34Qc38TbN0Nb41ynknvrkLOlQzNp65In0 HTTP/1.1" 200 2
201.245.192.253 - - [16/Dec/2023:07:14:37 -0500] "POST /forms/lservlet;jsessionid=ac16012b30d665b9d6b5cea24731bd918aefbc6c9e46.e3iSbxaKaheRe34Qc38TbN0Nb41ynknvrkLOlQzNp65In0 HTTP/1.1" 200 2
52.167.144.189 - - [16/Dec/2023:07:14:44 -0500] "GET /BLA/resoluciones/RESOLUCIONES%202021/2883.pdf HTTP/1.1" 200 380981
201.245.192.253 - - [16/Dec/2023:07:15:34 -0500] "POST /kwsrmcab/Wsrmcab  HTTP/1.1" 200 37894
172.22.2.4 - - [16/Dec/2023:07:14:01 -0500] "HEAD /BLA/boletinlegal/ HTTP/1.1" 200 -
201.245.192.253 - - [16/Dec/2023:07:15:54 -0500] "POST /kwsrmcab/Wsrmcab HTTP/1.1" 200 38242
201.245.192.253 - - [16/Dec/2023:07:15:59 -0500] "POST /forms/lservlet;jsessionid=ac16012b30d68f87e6b31bdd4159a82faa45787d3329.e3iSbxaKaheRe34Qc38TbN0Nb41ynknvrkLOlQzNp65In0 HTTP/1.1" 200 2
201.245.192.253 - - [16/Dec/2023:07:15:57 -0500] "POST /kwsrmcab/Wsrmcab HTTP/1.1" 200 39316
172.22.2.4 - - [16/Dec/2023:07:14:52 -0500] "GET /BLA/boletinlegal/ HTTP/1.1" 200 60634
172.22.2.4 - - [16/Dec/2023:07:16:32 -0500] "GET /BLA/boletinlegal/actos.php HTTP/1.1" 200 9682
172.22.2.4 - - [16/Dec/2023:07:16:33 -0500] "GET /BLA/boletinlegal/styles2.css HTTP/1.1" 200 1838
172.22.2.4 - - [16/Dec/2023:07:16:33 -0500] "GET /BLA/boletinlegal/js/ajax_actos.js HTTP/1.1" 200 1322
172.22.2.4 - - [16/Dec/2023:07:16:33 -0500] "GET /BLA/boletinlegal/niceforms-default.css HTTP/1.1" 200 6694
172.22.2.4 - - [16/Dec/2023:07:16:33 -0500] "GET /BLA/boletinlegal/style.css HTTP/1.1" 200 9406
172.22.2.4 - - [16/Dec/2023:07:16:33 -0500] "GET /BLA/boletinlegal/niceforms.js HTTP/1.1" 200 22876
172.22.2.4 - - [16/Dec/2023:07:16:33 -0500] "GET /BLA/boletinlegal/js/lib.js HTTP/1.1" 200 6474
172.22.2.4 - - [16/Dec/2023:07:16:33 -0500] "GET /BLA/boletinlegal/js/popup.js HTTP/1.1" 200 1270
172.22.2.4 - - [16/Dec/2023:07:16:33 -0500] "GET /BLA/boletinlegal/js/jquery1.js HTTP/1.1" 200 29846
172.22.2.4 - - [16/Dec/2023:07:16:33 -0500] "GET /BLA/boletinlegal/images/cabezote%20BLEGAL.jpg HTTP/1.1" 200 118164
172.22.2.4 - - [16/Dec/2023:07:16:34 -0500] "GET /BLA/boletinlegal/images/historia.png HTTP/1.1" 200 52775
172.22.2.4 - - [16/Dec/2023:07:16:34 -0500] "GET /BLA/boletinlegal/images/registro-usuarios.png HTTP/1.1" 200 8106
172.22.2.4 - - [16/Dec/2023:07:16:34 -0500] "GET /BLA/boletinlegal/images/green-yellow-blue-pink-th.png HTTP/1.1" 200 7394
172.22.2.4 - - [16/Dec/2023:07:16:34 -0500] "GET /BLA/boletinlegal/images/subscribe-icon-big.png HTTP/1.1" 200 47702
172.22.2.4 - - [16/Dec/2023:07:16:34 -0500] "GET /BLA/boletinlegal/images/body_bg.jpg HTTP/1.1" 200 1601
172.22.2.4 - - [16/Dec/2023:07:16:34 -0500] "GET /BLA/boletinlegal/images/menu_rght.gif HTTP/1.1" 200 1627
172.22.2.4 - - [16/Dec/2023:07:16:34 -0500] "GET /BLA/boletinlegal/images/bg_top.jpg HTTP/1.1" 200 522
172.22.2.4 - - [16/Dec/2023:07:16:34 -0500] "GET /BLA/boletinlegal/images/footer_bg.jpg HTTP/1.1" 200 586
172.22.2.4 - - [16/Dec/2023:07:16:34 -0500] "GET /BLA/boletinlegal/images/menu_bg.jpg HTTP/1.1" 200 620
172.22.2.4 - - [16/Dec/2023:07:16:34 -0500] "GET /BLA/boletinlegal/images/menu_lft.gif HTTP/1.1" 200 1713
172.22.2.4 - - [16/Dec/2023:07:16:34 -0500] "GET /BLA/boletinlegal/images/hover.jpg HTTP/1.1" 200 640
172.22.2.4 - - [16/Dec/2023:07:16:34 -0500] "GET /BLA/boletinlegal/images/text.jpg HTTP/1.1" 200 568
172.22.2.4 - - [16/Dec/2023:07:16:34 -0500] "GET /BLA/boletinlegal/images/tel.png HTTP/1.1" 200 14477
172.22.2.4 - - [16/Dec/2023:07:16:34 -0500] "GET /BLA/boletinlegal/images/icono-email.png HTTP/1.1" 200 5544
172.22.2.4 - - [16/Dec/2023:07:16:34 -0500] "GET /BLA/boletinlegal/images/footer_bg_l.jpg HTTP/1.1" 200 776
172.22.2.4 - - [16/Dec/2023:07:16:35 -0500] "GET /BLA/boletinlegal/img/0.png HTTP/1.1" 200 110
172.22.2.4 - - [16/Dec/2023:07:16:35 -0500] "GET /BLA/boletinlegal/img/select-left.png HTTP/1.1" 200 263
172.22.2.4 - - [16/Dec/2023:07:16:35 -0500] "GET /BLA/boletinlegal/img/select-right.png HTTP/1.1" 200 44019
172.22.2.4 - - [16/Dec/2023:07:16:35 -0500] "GET /BLA/boletinlegal/img/button-left.png HTTP/1.1" 200 57071
172.22.2.4 - - [16/Dec/2023:07:16:35 -0500] "GET /BLA/boletinlegal/img/button.png HTTP/1.1" 200 43241
172.22.2.4 - - [16/Dec/2023:07:16:35 -0500] "GET /BLA/boletinlegal/img/button-right.png HTTP/1.1" 200 57878
172.22.2.4 - - [16/Dec/2023:07:16:35 -0500] "GET /BLA/boletinlegal/favicon.ico HTTP/1.1" 404 1326
201.245.192.253 - - [16/Dec/2023:07:16:37 -0500] "POST /forms/lservlet;jsessionid=ac16012b30d665b9d6b5cea24731bd918aefbc6c9e46.e3iSbxaKaheRe34Qc38TbN0Nb41ynknvrkLOlQzNp65In0 HTTP/1.1" 200 2
172.22.2.4 - - [16/Dec/2023:07:16:48 -0500] "GET /BLA/boletinlegal/consulta_actos.php?tipo=resoluciones&no=3561&usuario=&sector=&fecha=2019&resuelve= HTTP/1.1" 200 1200
172.22.2.4 - - [16/Dec/2023:07:16:48 -0500] "GET /BLA/boletinlegal/images/pdf.gif HTTP/1.1" 200 567
191.95.57.169 - - [16/Dec/2023:07:16:55 -0500] "GET /BLA/resoluciones/RESOLUCIONES%202019/3561.pdf HTTP/1.1" 200 6609121
191.95.57.169 - - [16/Dec/2023:07:16:56 -0500] "GET /BLA/resoluciones/RESOLUCIONES%202019/3561.pdf HTTP/1.1" 206 1025
191.95.57.169 - - [16/Dec/2023:07:16:56 -0500] "GET /BLA/resoluciones/RESOLUCIONES%202019/3561.pdf HTTP/1.1" 200 6609121
191.95.57.169 - - [16/Dec/2023:07:16:58 -0500] "GET /BLA/resoluciones/RESOLUCIONES%202019/3561.pdf HTTP/1.1" 206 64512
216.245.221.92 - - [16/Dec/2023:07:17:50 -0500] "HEAD / HTTP/1.1" 200 -
201.245.192.253 - - [16/Dec/2023:07:17:59 -0500] "POST /forms/lservlet;jsessionid=ac16012b30d68f87e6b31bdd4159a82faa45787d3329.e3iSbxaKaheRe34Qc38TbN0Nb41ynknvrkLOlQzNp65In0 HTTP/1.1" 200 2
47.128.37.44 - - [16/Dec/2023:07:18:00 -0500] "GET /Residuos/quimicos/quimicos.html HTTP/1.1" 200 1959
172.22.2.4 - - [16/Dec/2023:07:18:03 -0500] "GET /BLA/boletinlegal/Directivas/2014/Directiva%20No.%202%20del%205%20de%20Mayo%20de%202014.pdf HTTP/1.1" 304 -
201.245.192.253 - - [16/Dec/2023:07:18:37 -0500] "POST /forms/lservlet;jsessionid=ac16012b30d665b9d6b5cea24731bd918aefbc6c9e46.e3iSbxaKaheRe34Qc38TbN0Nb41ynknvrkLOlQzNp65In0 HTTP/1.1" 200 2
201.245.192.253 - - [16/Dec/2023:07:19:46 -0500] "POST /kwsrmcab/Wsrmcab HTTP/1.1" 200 38242
201.245.192.253 - - [16/Dec/2023:07:19:51 -0500] "POST /kwsrmcab/Wsrmcab HTTP/1.1" 200 39316
201.245.192.253 - - [16/Dec/2023:07:19:59 -0500] "POST /forms/lservlet;jsessionid=ac16012b30d68f87e6b31bdd4159a82faa45787d3329.e3iSbxaKaheRe34Qc38TbN0Nb41ynknvrkLOlQzNp65In0 HTTP/1.1" 200 2
216.244.66.195 - - [16/Dec/2023:07:20:07 -0500] "GET /galeria/galeria/fotos/Pacto_Madera3G.jpg HTTP/1.1" 200 89638
201.245.192.253 - - [16/Dec/2023:07:20:33 -0500] "POST /kwsrmcab/Wsrmcab  HTTP/1.1" 200 37894
201.245.192.253 - - [16/Dec/2023:07:20:37 -0500] "POST /forms/lservlet;jsessionid=ac16012b30d665b9d6b5cea24731bd918aefbc6c9e46.e3iSbxaKaheRe34Qc38TbN0Nb41ynknvrkLOlQzNp65In0 HTTP/1.1" 200 2
172.22.2.4 - - [16/Dec/2023:07:19:51 -0500] "HEAD /BLA/boletinlegal/ HTTP/1.1" 200 -
201.245.192.253 - - [16/Dec/2023:07:21:59 -0500] "POST /forms/lservlet;jsessionid=ac16012b30d68f87e6b31bdd4159a82faa45787d3329.e3iSbxaKaheRe34Qc38TbN0Nb41ynknvrkLOlQzNp65In0 HTTP/1.1" 200 2
172.22.2.4 - - [16/Dec/2023:07:20:42 -0500] "GET /BLA/boletinlegal/ HTTP/1.1" 200 60634
201.245.192.253 - - [16/Dec/2023:07:22:37 -0500] "POST /forms/lservlet;jsessionid=ac16012b30d665b9d6b5cea24731bd918aefbc6c9e46.e3iSbxaKaheRe34Qc38TbN0Nb41ynknvrkLOlQzNp65In0 HTTP/1.1" 200 2
216.245.221.92 - - [16/Dec/2023:07:22:50 -0500] "HEAD / HTTP/1.1" 200 -
52.167.144.175 - - [16/Dec/2023:07:22:57 -0500] "GET /BLA/resoluciones/RESOLUCIONES%202021/3635.pdf HTTP/1.1" 200 343557
201.245.192.253 - - [16/Dec/2023:07:23:59 -0500] "POST /forms/lservlet;jsessionid=ac16012b30d68f87e6b31bdd4159a82faa45787d3329.e3iSbxaKaheRe34Qc38TbN0Nb41ynknvrkLOlQzNp65In0 HTTP/1.1" 200 2
52.167.144.163 - - [16/Dec/2023:07:24:15 -0500] "GET /pdc/actos/183.pdf HTTP/1.1" 304 -
201.245.192.253 - - [16/Dec/2023:07:24:37 -0500] "POST /forms/lservlet;jsessionid=ac16012b30d665b9d6b5cea24731bd918aefbc6c9e46.e3iSbxaKaheRe34Qc38TbN0Nb41ynknvrkLOlQzNp65In0 HTTP/1.1" 200 2
201.245.192.253 - - [16/Dec/2023:07:25:33 -0500] "POST /kwsrmcab/Wsrmcab  HTTP/1.1" 200 37894
201.245.192.253 - - [16/Dec/2023:07:25:55 -0500] "POST /kwsrmcab/Wsrmcab HTTP/1.1" 200 38242
201.245.192.253 - - [16/Dec/2023:07:25:59 -0500] "POST /forms/lservlet;jsessionid=ac16012b30d68f87e6b31bdd4159a82faa45787d3329.e3iSbxaKaheRe34Qc38TbN0Nb41ynknvrkLOlQzNp65In0 HTTP/1.1" 200 2
201.245.192.253 - - [16/Dec/2023:07:25:57 -0500] "POST /kwsrmcab/Wsrmcab HTTP/1.1" 200 39316
201.245.192.253 - - [16/Dec/2023:07:26:37 -0500] "POST /forms/lservlet;jsessionid=ac16012b30d665b9d6b5cea24731bd918aefbc6c9e46.e3iSbxaKaheRe34Qc38TbN0Nb41ynknvrkLOlQzNp65In0 HTTP/1.1" 200 2
172.22.2.4 - - [16/Dec/2023:07:25:41 -0500] "HEAD /BLA/boletinlegal/ HTTP/1.1" 200 -
216.245.221.92 - - [16/Dec/2023:07:27:50 -0500] "HEAD / HTTP/1.1" 200 -
201.245.192.253 - - [16/Dec/2023:07:27:59 -0500] "POST /forms/lservlet;jsessionid=ac16012b30d68f87e6b31bdd4159a82faa45787d3329.e3iSbxaKaheRe34Qc38TbN0Nb41ynknvrkLOlQzNp65In0 HTTP/1.1" 200 2
172.22.2.4 - - [16/Dec/2023:07:26:32 -0500] "GET /BLA/boletinlegal/ HTTP/1.1" 200 60634
159.69.179.16 - - [16/Dec/2023:07:28:12 -0500] "GET / HTTP/1.1" 200 319
159.69.179.16 - - [16/Dec/2023:07:28:13 -0500] "GET / HTTP/1.1" 200 4720
201.245.192.253 - - [16/Dec/2023:07:28:37 -0500] "POST /forms/lservlet;jsessionid=ac16012b30d665b9d6b5cea24731bd918aefbc6c9e46.e3iSbxaKaheRe34Qc38TbN0Nb41ynknvrkLOlQzNp65In0 HTTP/1.1" 200 2
66.249.66.77 - - [16/Dec/2023:07:29:42 -0500] "GET /robots.txt HTTP/1.1" 404 1035
66.249.66.77 - - [16/Dec/2023:07:29:42 -0500] "GET /portaldeninos/wp-content/themes/betheme/assets/ui/jquery.ui.all.css?ver=20.9.6 HTTP/1.1" 200 18765
66.249.66.75 - - [16/Dec/2023:07:29:43 -0500] "GET /portaldeninos/wp-content/plugins/gallery-videos/CSS/Total-Soft-Gallery-Video-Widget.css?ver=4.9.8 HTTP/1.1" 200 51554
66.249.66.76 - - [16/Dec/2023:07:29:44 -0500] "GET /portaldeninos/wp-includes/js/jquery/jquery.js?ver=1.12.4 HTTP/1.1" 200 97184
66.249.66.75 - - [16/Dec/2023:07:29:44 -0500] "GET /portaldeninos/wp-content/themes/betheme/assets/jplayer/jplayer.min.js?ver=20.9.6 HTTP/1.1" 200 52702
201.245.192.253 - - [16/Dec/2023:07:29:46 -0500] "POST /kwsrmcab/Wsrmcab HTTP/1.1" 200 38242
201.245.192.253 - - [16/Dec/2023:07:29:51 -0500] "POST /kwsrmcab/Wsrmcab HTTP/1.1" 200 39316
172.22.2.4 - - [16/Dec/2023:07:28:14 -0500] "GET /BLA/boletinlegal/index.php HTTP/1.1" 200 62729
201.245.192.253 - - [16/Dec/2023:07:29:59 -0500] "POST /forms/lservlet;jsessionid=ac16012b30d68f87e6b31bdd4159a82faa45787d3329.e3iSbxaKaheRe34Qc38TbN0Nb41ynknvrkLOlQzNp65In0 HTTP/1.1" 200 2
201.245.192.253 - - [16/Dec/2023:07:30:30 -0500] "POST /kwsrmcab/Wsrmcab  HTTP/1.1" 200 37894
201.245.192.253 - - [16/Dec/2023:07:30:38 -0500] "POST /forms/lservlet;jsessionid=ac16012b30d665b9d6b5cea24731bd918aefbc6c9e46.e3iSbxaKaheRe34Qc38TbN0Nb41ynknvrkLOlQzNp65In0 HTTP/1.1" 200 2
201.245.192.253 - - [16/Dec/2023:07:31:59 -0500] "POST /forms/lservlet;jsessionid=ac16012b30d68f87e6b31bdd4159a82faa45787d3329.e3iSbxaKaheRe34Qc38TbN0Nb41ynknvrkLOlQzNp65In0 HTTP/1.1" 200 2
172.22.2.4 - - [16/Dec/2023:07:32:25 -0500] "GET /BLA/boletinlegal/jurisprudencia.php HTTP/1.1" 200 17583
201.245.192.253 - - [16/Dec/2023:07:32:38 -0500] "POST /forms/lservlet;jsessionid=ac16012b30d665b9d6b5cea24731bd918aefbc6c9e46.e3iSbxaKaheRe34Qc38TbN0Nb41ynknvrkLOlQzNp65In0 HTTP/1.1" 200 2
172.22.2.4 - - [16/Dec/2023:07:32:42 -0500] "GET /BLA/boletinlegal/js/popup.js HTTP/1.1" 200 1270
216.245.221.92 - - [16/Dec/2023:07:32:50 -0500] "HEAD / HTTP/1.1" 200 -
172.22.2.4 - - [16/Dec/2023:07:31:31 -0500] "HEAD /BLA/boletinlegal/ HTTP/1.1" 200 -
95.91.42.78 - - [16/Dec/2023:07:33:37 -0500] "GET /robots.txt HTTP/1.1" 404 1034
95.91.42.78 - - [16/Dec/2023:07:33:39 -0500] "GET /mejora-tu-bienestar-con-las-caminatas-ecologicas-%C3%82%C2%A1conoce-la-programacion-de-agosto.html HTTP/1.1" 200 873
201.245.192.253 - - [16/Dec/2023:07:33:59 -0500] "POST /forms/lservlet;jsessionid=ac16012b30d68f87e6b31bdd4159a82faa45787d3329.e3iSbxaKaheRe34Qc38TbN0Nb41ynknvrkLOlQzNp65In0 HTTP/1.1" 200 2
172.22.2.4 - - [16/Dec/2023:07:32:22 -0500] "GET /BLA/boletinlegal/ HTTP/1.1" 200 58644
52.167.144.238 - - [16/Dec/2023:07:34:29 -0500] "GET /BLA/resoluciones/RESOLUCIONES%202021/1947.pdf HTTP/1.1" 200 473413
186.86.32.96 - - [16/Dec/2023:07:34:32 -0500] "GET /appsia/controlador HTTP/1.1" 200 4799
201.245.192.253 - - [16/Dec/2023:07:34:38 -0500] "POST /forms/lservlet;jsessionid=ac16012b30d665b9d6b5cea24731bd918aefbc6c9e46.e3iSbxaKaheRe34Qc38TbN0Nb41ynknvrkLOlQzNp65In0 HTTP/1.1" 200 2
186.86.32.96 - - [16/Dec/2023:07:34:39 -0500] "POST /appsia/controlador HTTP/1.1" 200 5437
186.86.32.96 - - [16/Dec/2023:07:34:43 -0500] "POST /appsia/controlador HTTP/1.1" 200 7787
186.86.32.96 - - [16/Dec/2023:07:34:46 -0500] "POST /appsia/controlador HTTP/1.1" 200 6660
186.86.32.96 - - [16/Dec/2023:07:34:51 -0500] "POST /appsia/controlador HTTP/1.1" 200 9860
201.245.192.253 - - [16/Dec/2023:07:35:30 -0500] "POST /kwsrmcab/Wsrmcab  HTTP/1.1" 200 37894
216.244.66.195 - - [16/Dec/2023:07:35:41 -0500] "GET /robots.txt HTTP/1.1" 404 1018
201.245.192.253 - - [16/Dec/2023:07:35:54 -0500] "POST /kwsrmcab/Wsrmcab HTTP/1.1" 200 38242
