216.244.66.195 - - [16/Dec/2023:15:13:15 -0500] "GET /BLA/resoluciones/RESOLUCIONES%202017/02495.pdf HTTP/1.1" 200 297752
201.245.192.253 - - [16/Dec/2023:15:13:21 -0500] "POST /kwsrmcab/Wsrmcab  HTTP/1.1" 200 37894
216.244.66.195 - - [16/Dec/2023:15:13:41 -0500] "GET /BLA/resoluciones/RESOLUCIONES%202017/1957.pdf HTTP/1.1" 200 380532
172.22.2.4 - - [16/Dec/2023:15:12:20 -0500] "HEAD /BLA/boletinlegal/ HTTP/1.1" 200 -
201.245.192.253 - - [16/Dec/2023:15:14:04 -0500] "POST /forms/lservlet;jsessionid=ac16012b30d68f87e6b31bdd4159a82faa45787d3329.e3iSbxaKaheRe34Qc38TbN0Nb41ynknvrkLOlQzNp65In0 HTTP/1.1" 200 2
216.244.66.195 - - [16/Dec/2023:15:14:05 -0500] "GET /BLA/resoluciones/RESOLUCIONES%202019/0529.pdf HTTP/1.1" 200 274229
216.244.66.195 - - [16/Dec/2023:15:14:29 -0500] "GET /BLA/resoluciones/RESOLUCIONES%202019/0739.pdf HTTP/1.1" 200 270907
201.245.192.253 - - [16/Dec/2023:15:14:41 -0500] "POST /forms/lservlet;jsessionid=ac16012b30d665b9d6b5cea24731bd918aefbc6c9e46.e3iSbxaKaheRe34Qc38TbN0Nb41ynknvrkLOlQzNp65In0 HTTP/1.1" 200 2
172.22.2.4 - - [16/Dec/2023:15:13:11 -0500] "GET /BLA/boletinlegal/ HTTP/1.1" 200 58644
216.244.66.195 - - [16/Dec/2023:15:14:51 -0500] "GET /BLA/resoluciones/RESOLUCIONES%202019/1297.pdf HTTP/1.1" 200 253516
216.244.66.195 - - [16/Dec/2023:15:15:15 -0500] "GET /BLA/resoluciones/RESOLUCIONES%202019/1990.pdf HTTP/1.1" 200 254249
216.244.66.195 - - [16/Dec/2023:15:15:35 -0500] "GET /BLA/resoluciones/RESOLUCIONES%202019/2027.pdf HTTP/1.1" 200 298529
201.245.192.253 - - [16/Dec/2023:15:15:52 -0500] "POST /kwsrmcab/Wsrmcab HTTP/1.1" 200 38144
216.244.66.195 - - [16/Dec/2023:15:15:55 -0500] "GET /BLA/resoluciones/RESOLUCIONES%202019/2275.pdf HTTP/1.1" 200 332604
201.245.192.253 - - [16/Dec/2023:15:15:55 -0500] "POST /kwsrmcab/Wsrmcab HTTP/1.1" 200 39407
201.245.192.253 - - [16/Dec/2023:15:16:04 -0500] "POST /forms/lservlet;jsessionid=ac16012b30d68f87e6b31bdd4159a82faa45787d3329.e3iSbxaKaheRe34Qc38TbN0Nb41ynknvrkLOlQzNp65In0 HTTP/1.1" 200 2
216.244.66.195 - - [16/Dec/2023:15:16:13 -0500] "GET /BLA/resoluciones/RESOLUCIONES%202019/2333.pdf HTTP/1.1" 200 283522
216.244.66.195 - - [16/Dec/2023:15:16:30 -0500] "GET /BLA/resoluciones/RESOLUCIONES%202019/2762.pdf HTTP/1.1" 200 348762
201.245.192.253 - - [16/Dec/2023:15:16:41 -0500] "POST /forms/lservlet;jsessionid=ac16012b30d665b9d6b5cea24731bd918aefbc6c9e46.e3iSbxaKaheRe34Qc38TbN0Nb41ynknvrkLOlQzNp65In0 HTTP/1.1" 200 2
216.244.66.195 - - [16/Dec/2023:15:16:47 -0500] "GET /BLA/resoluciones/RESOLUCIONES%202019/3217.pdf HTTP/1.1" 200 404712
216.244.66.195 - - [16/Dec/2023:15:17:02 -0500] "GET /BLA/resoluciones/RESOLUCIONES%202019/3662.pdf HTTP/1.1" 200 374984
216.245.221.92 - - [16/Dec/2023:15:17:49 -0500] "HEAD / HTTP/1.1" 200 -
201.245.192.253 - - [16/Dec/2023:15:18:04 -0500] "POST /forms/lservlet;jsessionid=ac16012b30d68f87e6b31bdd4159a82faa45787d3329.e3iSbxaKaheRe34Qc38TbN0Nb41ynknvrkLOlQzNp65In0 HTTP/1.1" 200 2
201.245.192.253 - - [16/Dec/2023:15:18:19 -0500] "POST /kwsrmcab/Wsrmcab  HTTP/1.1" 200 37894
201.245.192.253 - - [16/Dec/2023:15:18:41 -0500] "POST /forms/lservlet;jsessionid=ac16012b30d665b9d6b5cea24731bd918aefbc6c9e46.e3iSbxaKaheRe34Qc38TbN0Nb41ynknvrkLOlQzNp65In0 HTTP/1.1" 200 2
201.245.192.253 - - [16/Dec/2023:15:19:44 -0500] "POST /kwsrmcab/Wsrmcab HTTP/1.1" 200 38144
172.22.2.4 - - [16/Dec/2023:15:18:10 -0500] "HEAD /BLA/boletinlegal/ HTTP/1.1" 200 -
201.245.192.253 - - [16/Dec/2023:15:19:49 -0500] "POST /kwsrmcab/Wsrmcab HTTP/1.1" 200 39407
201.245.192.253 - - [16/Dec/2023:15:20:04 -0500] "POST /forms/lservlet;jsessionid=ac16012b30d68f87e6b31bdd4159a82faa45787d3329.e3iSbxaKaheRe34Qc38TbN0Nb41ynknvrkLOlQzNp65In0 HTTP/1.1" 200 2
172.22.2.4 - - [16/Dec/2023:15:19:01 -0500] "GET /BLA/boletinlegal/ HTTP/1.1" 200 58644
201.245.192.253 - - [16/Dec/2023:15:20:41 -0500] "POST /forms/lservlet;jsessionid=ac16012b30d665b9d6b5cea24731bd918aefbc6c9e46.e3iSbxaKaheRe34Qc38TbN0Nb41ynknvrkLOlQzNp65In0 HTTP/1.1" 200 2
213.180.203.41 - - [16/Dec/2023:15:20:59 -0500] "GET /robots.txt HTTP/1.1" 404 1034
5.255.231.41 - - [16/Dec/2023:15:21:00 -0500] "GET /bogota-respiro-y-disfruto-del-dia-sin-carro-y-sin-moto.html HTTP/1.1" 200 845
201.245.192.253 - - [16/Dec/2023:15:22:04 -0500] "POST /forms/lservlet;jsessionid=ac16012b30d68f87e6b31bdd4159a82faa45787d3329.e3iSbxaKaheRe34Qc38TbN0Nb41ynknvrkLOlQzNp65In0 HTTP/1.1" 200 2
201.245.192.253 - - [16/Dec/2023:15:22:41 -0500] "POST /forms/lservlet;jsessionid=ac16012b30d665b9d6b5cea24731bd918aefbc6c9e46.e3iSbxaKaheRe34Qc38TbN0Nb41ynknvrkLOlQzNp65In0 HTTP/1.1" 200 2
216.245.221.92 - - [16/Dec/2023:15:22:49 -0500] "HEAD / HTTP/1.1" 200 -
201.245.192.253 - - [16/Dec/2023:15:23:19 -0500] "POST /kwsrmcab/Wsrmcab  HTTP/1.1" 200 37894
201.245.192.253 - - [16/Dec/2023:15:24:04 -0500] "POST /forms/lservlet;jsessionid=ac16012b30d68f87e6b31bdd4159a82faa45787d3329.e3iSbxaKaheRe34Qc38TbN0Nb41ynknvrkLOlQzNp65In0 HTTP/1.1" 200 2
201.245.192.253 - - [16/Dec/2023:15:24:41 -0500] "POST /forms/lservlet;jsessionid=ac16012b30d665b9d6b5cea24731bd918aefbc6c9e46.e3iSbxaKaheRe34Qc38TbN0Nb41ynknvrkLOlQzNp65In0 HTTP/1.1" 200 2
172.22.2.4 - - [16/Dec/2023:15:24:00 -0500] "HEAD /BLA/boletinlegal/ HTTP/1.1" 200 -
47.128.123.87 - - [16/Dec/2023:15:25:43 -0500] "GET /BLA/resoluciones/index.php?dir=RESOLUCIONES+1998%2F HTTP/1.1" 200 14920
47.128.123.87 - - [16/Dec/2023:15:25:44 -0500] "GET /BLA/resoluciones/dlf/pdf.gif HTTP/1.1" 200 272
47.128.123.87 - - [16/Dec/2023:15:25:44 -0500] "GET /BLA/resoluciones/dlf/dirup.png HTTP/1.1" 200 644
201.245.192.253 - - [16/Dec/2023:15:25:53 -0500] "POST /kwsrmcab/Wsrmcab HTTP/1.1" 200 38144
201.245.192.253 - - [16/Dec/2023:15:25:55 -0500] "POST /kwsrmcab/Wsrmcab HTTP/1.1" 200 39407
201.245.192.253 - - [16/Dec/2023:15:26:04 -0500] "POST /forms/lservlet;jsessionid=ac16012b30d68f87e6b31bdd4159a82faa45787d3329.e3iSbxaKaheRe34Qc38TbN0Nb41ynknvrkLOlQzNp65In0 HTTP/1.1" 200 2
47.128.43.235 - - [16/Dec/2023:15:26:06 -0500] "GET /BLA/resoluciones/index.php?dir=AUTOS+2005%2F HTTP/1.1" 200 2791
47.128.43.235 - - [16/Dec/2023:15:26:07 -0500] "GET /BLA/resoluciones/dlf/dirup.png HTTP/1.1" 200 644
47.128.43.235 - - [16/Dec/2023:15:26:07 -0500] "GET /BLA/resoluciones/dlf/pdf.gif HTTP/1.1" 200 272
172.22.2.4 - - [16/Dec/2023:15:24:51 -0500] "GET /BLA/boletinlegal/ HTTP/1.1" 200 60634
201.245.192.253 - - [16/Dec/2023:15:26:41 -0500] "POST /forms/lservlet;jsessionid=ac16012b30d665b9d6b5cea24731bd918aefbc6c9e46.e3iSbxaKaheRe34Qc38TbN0Nb41ynknvrkLOlQzNp65In0 HTTP/1.1" 200 2
216.245.221.92 - - [16/Dec/2023:15:27:49 -0500] "HEAD / HTTP/1.1" 200 -
201.245.192.253 - - [16/Dec/2023:15:28:04 -0500] "POST /forms/lservlet;jsessionid=ac16012b30d68f87e6b31bdd4159a82faa45787d3329.e3iSbxaKaheRe34Qc38TbN0Nb41ynknvrkLOlQzNp65In0 HTTP/1.1" 200 2
216.244.66.195 - - [16/Dec/2023:15:28:06 -0500] "GET /robots.txt HTTP/1.1" 404 1018
201.245.192.253 - - [16/Dec/2023:15:28:17 -0500] "POST /kwsrmcab/Wsrmcab  HTTP/1.1" 200 37894
201.245.192.253 - - [16/Dec/2023:15:28:41 -0500] "POST /forms/lservlet;jsessionid=ac16012b30d665b9d6b5cea24731bd918aefbc6c9e46.e3iSbxaKaheRe34Qc38TbN0Nb41ynknvrkLOlQzNp65In0 HTTP/1.1" 200 2
201.245.192.253 - - [16/Dec/2023:15:29:45 -0500] "POST /kwsrmcab/Wsrmcab HTTP/1.1" 200 38144
201.245.192.253 - - [16/Dec/2023:15:29:50 -0500] "POST /kwsrmcab/Wsrmcab HTTP/1.1" 200 39407
201.245.192.253 - - [16/Dec/2023:15:30:04 -0500] "POST /forms/lservlet;jsessionid=ac16012b30d68f87e6b31bdd4159a82faa45787d3329.e3iSbxaKaheRe34Qc38TbN0Nb41ynknvrkLOlQzNp65In0 HTTP/1.1" 200 2
40.77.167.46 - - [16/Dec/2023:15:30:24 -0500] "GET /Publicaciones/2023EE247760.pdf HTTP/1.1" 404 228
201.245.192.253 - - [16/Dec/2023:15:30:41 -0500] "POST /forms/lservlet;jsessionid=ac16012b30d665b9d6b5cea24731bd918aefbc6c9e46.e3iSbxaKaheRe34Qc38TbN0Nb41ynknvrkLOlQzNp65In0 HTTP/1.1" 200 2
172.22.2.4 - - [16/Dec/2023:15:29:50 -0500] "HEAD /BLA/boletinlegal/ HTTP/1.1" 200 -
201.245.192.253 - - [16/Dec/2023:15:32:04 -0500] "POST /forms/lservlet;jsessionid=ac16012b30d68f87e6b31bdd4159a82faa45787d3329.e3iSbxaKaheRe34Qc38TbN0Nb41ynknvrkLOlQzNp65In0 HTTP/1.1" 200 2
172.22.2.4 - - [16/Dec/2023:15:30:41 -0500] "GET /BLA/boletinlegal/ HTTP/1.1" 200 60634
201.245.192.253 - - [16/Dec/2023:15:32:41 -0500] "POST /forms/lservlet;jsessionid=ac16012b30d665b9d6b5cea24731bd918aefbc6c9e46.e3iSbxaKaheRe34Qc38TbN0Nb41ynknvrkLOlQzNp65In0 HTTP/1.1" 200 2
216.245.221.92 - - [16/Dec/2023:15:32:49 -0500] "HEAD / HTTP/1.1" 200 -
201.245.192.253 - - [16/Dec/2023:15:33:16 -0500] "POST /kwsrmcab/Wsrmcab  HTTP/1.1" 200 37894
201.245.192.253 - - [16/Dec/2023:15:34:04 -0500] "POST /forms/lservlet;jsessionid=ac16012b30d68f87e6b31bdd4159a82faa45787d3329.e3iSbxaKaheRe34Qc38TbN0Nb41ynknvrkLOlQzNp65In0 HTTP/1.1" 200 2
172.22.2.4 - - [16/Dec/2023:15:32:26 -0500] "GET /BLA/boletinlegal/ HTTP/1.1" 200 62729
201.245.192.253 - - [16/Dec/2023:15:34:41 -0500] "POST /forms/lservlet;jsessionid=ac16012b30d665b9d6b5cea24731bd918aefbc6c9e46.e3iSbxaKaheRe34Qc38TbN0Nb41ynknvrkLOlQzNp65In0 HTTP/1.1" 200 2
201.245.192.253 - - [16/Dec/2023:15:35:53 -0500] "POST /kwsrmcab/Wsrmcab HTTP/1.1" 200 38144
201.245.192.253 - - [16/Dec/2023:15:35:56 -0500] "POST /kwsrmcab/Wsrmcab HTTP/1.1" 200 39407
201.245.192.253 - - [16/Dec/2023:15:36:04 -0500] "POST /forms/lservlet;jsessionid=ac16012b30d68f87e6b31bdd4159a82faa45787d3329.e3iSbxaKaheRe34Qc38TbN0Nb41ynknvrkLOlQzNp65In0 HTTP/1.1" 200 2
168.119.101.10 - - [16/Dec/2023:15:36:25 -0500] "GET / HTTP/1.1" 200 4720
172.22.2.4 - - [16/Dec/2023:15:36:26 -0500] "GET /BLA/boletinlegal/Circulares/2019/.pdf HTTP/1.1" 404 1218
168.119.101.10 - - [16/Dec/2023:15:36:27 -0500] "GET / HTTP/1.1" 200 319
172.22.2.4 - - [16/Dec/2023:15:36:36 -0500] "GET /BLA/boletinlegal/Circulares/2012/Circular%20No.%2010%20del%2026%20de%20Enero%20de%202012.pdf HTTP/1.1" 404 1218
201.245.192.253 - - [16/Dec/2023:15:36:41 -0500] "POST /forms/lservlet;jsessionid=ac16012b30d665b9d6b5cea24731bd918aefbc6c9e46.e3iSbxaKaheRe34Qc38TbN0Nb41ynknvrkLOlQzNp65In0 HTTP/1.1" 200 2
172.22.2.4 - - [16/Dec/2023:15:35:40 -0500] "HEAD /BLA/boletinlegal/ HTTP/1.1" 200 -
205.210.31.234 - - [16/Dec/2023:15:37:43 -0500] "\x16\x03\x01" 400 226
205.210.31.234 - - [16/Dec/2023:15:37:43 -0500] "\x16\x03\x01" 400 226
216.245.221.92 - - [16/Dec/2023:15:37:49 -0500] "HEAD / HTTP/1.1" 200 -
201.245.192.253 - - [16/Dec/2023:15:38:04 -0500] "POST /forms/lservlet;jsessionid=ac16012b30d68f87e6b31bdd4159a82faa45787d3329.e3iSbxaKaheRe34Qc38TbN0Nb41ynknvrkLOlQzNp65In0 HTTP/1.1" 200 2
172.22.2.4 - - [16/Dec/2023:15:36:31 -0500] "GET /BLA/boletinlegal/ HTTP/1.1" 200 58644
201.245.192.253 - - [16/Dec/2023:15:38:15 -0500] "POST /kwsrmcab/Wsrmcab  HTTP/1.1" 200 37894
201.245.192.253 - - [16/Dec/2023:15:38:41 -0500] "POST /forms/lservlet;jsessionid=ac16012b30d665b9d6b5cea24731bd918aefbc6c9e46.e3iSbxaKaheRe34Qc38TbN0Nb41ynknvrkLOlQzNp65In0 HTTP/1.1" 200 2
201.245.192.253 - - [16/Dec/2023:15:39:45 -0500] "POST /kwsrmcab/Wsrmcab HTTP/1.1" 200 38144
201.245.192.253 - - [16/Dec/2023:15:39:49 -0500] "POST /kwsrmcab/Wsrmcab HTTP/1.1" 200 39407
201.245.192.253 - - [16/Dec/2023:15:40:04 -0500] "POST /forms/lservlet;jsessionid=ac16012b30d68f87e6b31bdd4159a82faa45787d3329.e3iSbxaKaheRe34Qc38TbN0Nb41ynknvrkLOlQzNp65In0 HTTP/1.1" 200 2
201.245.192.253 - - [16/Dec/2023:15:40:41 -0500] "POST /forms/lservlet;jsessionid=ac16012b30d665b9d6b5cea24731bd918aefbc6c9e46.e3iSbxaKaheRe34Qc38TbN0Nb41ynknvrkLOlQzNp65In0 HTTP/1.1" 200 2
172.22.2.4 - - [16/Dec/2023:15:41:12 -0500] "GET /BLA/boletinlegal/Circulares/2011/Circular%20No.%207%20del%2015%20de%20Septiembre%20de%202011.pdf HTTP/1.1" 200 314873
201.245.192.253 - - [16/Dec/2023:15:42:04 -0500] "POST /forms/lservlet;jsessionid=ac16012b30d68f87e6b31bdd4159a82faa45787d3329.e3iSbxaKaheRe34Qc38TbN0Nb41ynknvrkLOlQzNp65In0 HTTP/1.1" 200 2
172.22.2.4 - - [16/Dec/2023:15:42:15 -0500] "GET /BLA/boletinlegal/actos.php HTTP/1.1" 200 9682
172.22.2.4 - - [16/Dec/2023:15:42:19 -0500] "GET /BLA/boletinlegal/favicon.ico HTTP/1.1" 404 1326
201.245.192.253 - - [16/Dec/2023:15:42:41 -0500] "POST /forms/lservlet;jsessionid=ac16012b30d665b9d6b5cea24731bd918aefbc6c9e46.e3iSbxaKaheRe34Qc38TbN0Nb41ynknvrkLOlQzNp65In0 HTTP/1.1" 200 2
216.245.221.92 - - [16/Dec/2023:15:42:49 -0500] "HEAD / HTTP/1.1" 200 -
172.22.2.4 - - [16/Dec/2023:15:41:30 -0500] "HEAD /BLA/boletinlegal/ HTTP/1.1" 200 -
201.245.192.253 - - [16/Dec/2023:15:43:14 -0500] "POST /kwsrmcab/Wsrmcab  HTTP/1.1" 200 37894
172.22.2.4 - - [16/Dec/2023:15:42:21 -0500] "GET /BLA/boletinlegal/ HTTP/1.1" 200 58294
201.245.192.253 - - [16/Dec/2023:15:44:04 -0500] "POST /forms/lservlet;jsessionid=ac16012b30d68f87e6b31bdd4159a82faa45787d3329.e3iSbxaKaheRe34Qc38TbN0Nb41ynknvrkLOlQzNp65In0 HTTP/1.1" 200 2
201.245.192.253 - - [16/Dec/2023:15:44:41 -0500] "POST /forms/lservlet;jsessionid=ac16012b30d665b9d6b5cea24731bd918aefbc6c9e46.e3iSbxaKaheRe34Qc38TbN0Nb41ynknvrkLOlQzNp65In0 HTTP/1.1" 200 2
68.69.186.30 - - [16/Dec/2023:15:44:58 -0500] "GET / HTTP/1.1" 200 319
68.69.186.30 - - [16/Dec/2023:15:44:59 -0500] "GET ../../proc/ HTTP" 400 946
40.77.167.132 - - [16/Dec/2023:15:45:57 -0500] "GET /BLA/resoluciones/RESOLUCIONES%202022/3449.pdf HTTP/1.1" 304 -
201.245.192.253 - - [16/Dec/2023:15:46:04 -0500] "POST /forms/lservlet;jsessionid=ac16012b30d68f87e6b31bdd4159a82faa45787d3329.e3iSbxaKaheRe34Qc38TbN0Nb41ynknvrkLOlQzNp65In0 HTTP/1.1" 200 2
201.245.192.253 - - [16/Dec/2023:15:46:41 -0500] "POST /forms/lservlet;jsessionid=ac16012b30d665b9d6b5cea24731bd918aefbc6c9e46.e3iSbxaKaheRe34Qc38TbN0Nb41ynknvrkLOlQzNp65In0 HTTP/1.1" 200 2
191.156.152.8 - - [16/Dec/2023:15:47:05 -0500] "GET /sipse/faces/index.xhtml HTTP/1.1" 200 677
191.156.152.8 - - [16/Dec/2023:15:47:07 -0500] "GET /sipse/faces/javax.faces.resource/theme.css?ln=primefaces-sipse HTTP/1.1" 304 -
191.156.152.8 - - [16/Dec/2023:15:47:08 -0500] "GET /sipse/faces/faces/autenticacion.xhtml HTTP/1.1" 200 12407
191.156.152.8 - - [16/Dec/2023:15:47:08 -0500] "GET /sipse/js/funciones.js HTTP/1.1" 304 -
191.156.158.132 - - [16/Dec/2023:15:47:08 -0500] "GET /sipse/css/custom_css_sg_prime_login.css HTTP/1.1" 304 -
191.156.152.8 - - [16/Dec/2023:15:47:08 -0500] "GET /sipse/faces/javax.faces.resource/theme.css?ln=primefaces-sipse HTTP/1.1" 304 -
191.156.152.8 - - [16/Dec/2023:15:47:08 -0500] "GET /sipse/faces/javax.faces.resource/primefaces.css?ln=primefaces&v=4.0 HTTP/1.1" 304 -
191.156.152.8 - - [16/Dec/2023:15:47:08 -0500] "GET /sipse/faces/javax.faces.resource/jquery/jquery.js?ln=primefaces&v=4.0 HTTP/1.1" 304 -
191.156.158.132 - - [16/Dec/2023:15:47:08 -0500] "GET /sipse/faces/javax.faces.resource/jquery/jquery-plugins.js?ln=primefaces&v=4.0 HTTP/1.1" 304 -
191.156.145.86 - - [16/Dec/2023:15:47:08 -0500] "GET /sipse/faces/javax.faces.resource/layout/layout.css?ln=primefaces&v=4.0 HTTP/1.1" 304 -
191.156.152.8 - - [16/Dec/2023:15:47:08 -0500] "GET /sipse/faces/javax.faces.resource/primefaces.js?ln=primefaces&v=4.0 HTTP/1.1" 304 -
191.156.152.8 - - [16/Dec/2023:15:47:08 -0500] "GET /sipse/faces/javax.faces.resource/layout/layout.js?ln=primefaces&v=4.0 HTTP/1.1" 304 -
191.156.152.8 - - [16/Dec/2023:15:47:08 -0500] "GET /sipse/css/custom_css_sg.css HTTP/1.1" 304 -
191.156.152.8 - - [16/Dec/2023:15:47:08 -0500] "GET /sipse/js/disable_browser_buttons.js HTTP/1.1" 304 -
191.156.152.8 - - [16/Dec/2023:15:47:09 -0500] "GET /sipse/css/imagen/logoSDG.png HTTP/1.1" 304 -
191.156.152.8 - - [16/Dec/2023:15:47:09 -0500] "GET /sipse/css/imagen/loginimg.png HTTP/1.1" 304 -
191.156.152.8 - - [16/Dec/2023:15:47:09 -0500] "GET /sipse/faces/javax.faces.resource/images/ui-icons_898989_256x240.png?ln=primefaces-aristo HTTP/1.1" 304 -
191.156.152.8 - - [16/Dec/2023:15:47:17 -0500] "POST /sipse/faces/autenticacion.xhtml HTTP/1.1" 200 16291
191.156.152.8 - - [16/Dec/2023:15:47:17 -0500] "GET /sipse/faces/javax.faces.resource/theme.css?ln=primefaces-sipse HTTP/1.1" 304 -
191.156.152.8 - - [16/Dec/2023:15:47:17 -0500] "GET /sipse/faces/javax.faces.resource/primefaces.css?ln=primefaces&v=4.0 HTTP/1.1" 304 -
191.156.145.86 - - [16/Dec/2023:15:47:17 -0500] "GET /sipse/faces/javax.faces.resource/layout/layout.css?ln=primefaces&v=4.0 HTTP/1.1" 304 -
191.156.145.86 - - [16/Dec/2023:15:47:17 -0500] "GET /sipse/css/custom_css_sg_prime.css HTTP/1.1" 304 -
191.156.152.8 - - [16/Dec/2023:15:47:17 -0500] "GET /sipse/js/jquery.min.js HTTP/1.1" 304 -
191.156.152.8 - - [16/Dec/2023:15:47:18 -0500] "GET /sipse/faces/javax.faces.resource/jquery/jquery.js?ln=primefaces&v=4.0 HTTP/1.1" 304 -
191.156.152.8 - - [16/Dec/2023:15:47:18 -0500] "GET /sipse/faces/javax.faces.resource/jquery/jquery-plugins.js?ln=primefaces&v=4.0 HTTP/1.1" 304 -
191.156.152.8 - - [16/Dec/2023:15:47:18 -0500] "GET /sipse/faces/javax.faces.resource/primefaces.js?ln=primefaces&v=4.0 HTTP/1.1" 304 -
191.156.152.8 - - [16/Dec/2023:15:47:18 -0500] "GET /sipse/faces/javax.faces.resource/layout/layout.js?ln=primefaces&v=4.0 HTTP/1.1" 304 -
191.156.152.8 - - [16/Dec/2023:15:47:19 -0500] "GET /sipse/css/v_mergente.css HTTP/1.1" 304 -
191.156.152.8 - - [16/Dec/2023:15:47:19 -0500] "GET /sipse/css/imagen/contrasena.png HTTP/1.1" 404 383
191.156.152.8 - - [16/Dec/2023:15:47:19 -0500] "GET /sipse/faces/javax.faces.resource/messages/messages.png?ln=primefaces&v=4.0 HTTP/1.1" 304 -
191.156.145.86 - - [16/Dec/2023:15:47:19 -0500] "GET /sipse/imagenes/logoAplicacion.jpg HTTP/1.1" 304 -
191.156.152.8 - - [16/Dec/2023:15:47:19 -0500] "GET /sipse/imagenes/cargando.gif HTTP/1.1" 304 -
191.156.152.8 - - [16/Dec/2023:15:47:22 -0500] "GET /sipse/faces/javax.faces.resource/images/ui-bg_flat_0_2d5972_40x100.png?ln=primefaces-aristo HTTP/1.1" 304 -
191.156.145.86 - - [16/Dec/2023:15:47:23 -0500] "POST /sipse/faces/bienvenido.xhtml HTTP/1.1" 200 1471
191.156.145.86 - - [16/Dec/2023:15:47:28 -0500] "POST /sipse/faces/bienvenido.xhtml HTTP/1.1" 200 62113
191.156.152.8 - - [16/Dec/2023:15:47:30 -0500] "GET /sipse/faces/javax.faces.resource/primefaces.css?ln=primefaces&v=4.0 HTTP/1.1" 304 -
191.156.152.8 - - [16/Dec/2023:15:47:30 -0500] "GET /sipse/faces/javax.faces.resource/layout/layout.css?ln=primefaces&v=4.0 HTTP/1.1" 304 -
191.156.152.8 - - [16/Dec/2023:15:47:30 -0500] "GET /sipse/faces/javax.faces.resource/jquery/jquery.js?ln=primefaces&v=4.0 HTTP/1.1" 304 -
191.156.152.8 - - [16/Dec/2023:15:47:30 -0500] "GET /sipse/faces/javax.faces.resource/jquery/jquery-plugins.js?ln=primefaces&v=4.0 HTTP/1.1" 304 -
191.156.145.86 - - [16/Dec/2023:15:47:30 -0500] "GET /sipse/faces/javax.faces.resource/theme.css?ln=primefaces-sipse HTTP/1.1" 304 -
191.156.152.8 - - [16/Dec/2023:15:47:30 -0500] "GET /sipse/faces/javax.faces.resource/primefaces.js?ln=primefaces&v=4.0 HTTP/1.1" 304 -
191.156.152.8 - - [16/Dec/2023:15:47:30 -0500] "GET /sipse/faces/javax.faces.resource/layout/layout.js?ln=primefaces&v=4.0 HTTP/1.1" 304 -
191.156.145.86 - - [16/Dec/2023:15:47:32 -0500] "POST /sipse/faces/presentacion/financiero/solicitudProceso/listarSolicitudProceso.xhtml HTTP/1.1" 200 1556
191.156.145.86 - - [16/Dec/2023:15:47:39 -0500] "POST /sipse/faces/presentacion/financiero/solicitudProceso/listarSolicitudProceso.xhtml HTTP/1.1" 200 4842
191.156.145.86 - - [16/Dec/2023:15:47:44 -0500] "POST /sipse/faces/presentacion/financiero/solicitudProceso/listarSolicitudProceso.xhtml HTTP/1.1" 200 147094
216.245.221.92 - - [16/Dec/2023:15:47:49 -0500] "HEAD / HTTP/1.1" 200 -
191.156.157.87 - - [16/Dec/2023:15:47:49 -0500] "GET /sipse/faces/javax.faces.resource/primefaces.css?ln=primefaces&v=4.0 HTTP/1.1" 304 -
191.156.158.132 - - [16/Dec/2023:15:47:49 -0500] "GET /sipse/faces/javax.faces.resource/jquery/jquery.js?ln=primefaces&v=4.0 HTTP/1.1" 304 -
191.156.151.24 - - [16/Dec/2023:15:47:49 -0500] "GET /sipse/faces/javax.faces.resource/layout/layout.css?ln=primefaces&v=4.0 HTTP/1.1" 304 -
191.156.151.24 - - [16/Dec/2023:15:47:49 -0500] "GET /sipse/faces/javax.faces.resource/jquery/jquery-plugins.js?ln=primefaces&v=4.0 HTTP/1.1" 304 -
191.156.151.24 - - [16/Dec/2023:15:47:49 -0500] "GET /sipse/faces/javax.faces.resource/primefaces.js?ln=primefaces&v=4.0 HTTP/1.1" 304 -
191.156.151.24 - - [16/Dec/2023:15:47:50 -0500] "GET /sipse/faces/javax.faces.resource/layout/layout.js?ln=primefaces&v=4.0 HTTP/1.1" 304 -
191.156.151.24 - - [16/Dec/2023:15:47:52 -0500] "GET /sipse/faces/javax.faces.resource/dynamiccontent.properties?ln=primefaces&pfdrid=XjOR5%2F%2FfPAZAuY9TpWQeCiM0BhlXxYRBGKi%2FQcXXfeA%3D&pfdrid_c=false HTTP/1.1" 500 383
191.156.145.86 - - [16/Dec/2023:15:47:58 -0500] "GET /sipse/faces/javax.faces.resource/theme.css?ln=primefaces-sipse HTTP/1.1" 304 -
201.245.192.253 - - [16/Dec/2023:15:48:04 -0500] "POST /forms/lservlet;jsessionid=ac16012b30d68f87e6b31bdd4159a82faa45787d3329.e3iSbxaKaheRe34Qc38TbN0Nb41ynknvrkLOlQzNp65In0 HTTP/1.1" 200 2
201.245.192.253 - - [16/Dec/2023:15:48:12 -0500] "POST /kwsrmcab/Wsrmcab  HTTP/1.1" 200 37894
201.245.192.253 - - [16/Dec/2023:15:48:41 -0500] "POST /forms/lservlet;jsessionid=ac16012b30d665b9d6b5cea24731bd918aefbc6c9e46.e3iSbxaKaheRe34Qc38TbN0Nb41ynknvrkLOlQzNp65In0 HTTP/1.1" 200 2
191.156.145.86 - - [16/Dec/2023:15:48:02 -0500] "POST /sipse/faces/presentacion/financiero/solicitudProceso/consultarSolicitudProceso.xhtml HTTP/1.1" 200 601440
172.22.2.4 - - [16/Dec/2023:15:47:20 -0500] "HEAD /BLA/boletinlegal/ HTTP/1.1" 200 -
216.244.66.195 - - [16/Dec/2023:15:49:15 -0500] "GET /BLA/resoluciones/AUTOS%202016/0829.pdf HTTP/1.1" 200 475728
172.22.2.4 - - [16/Dec/2023:15:48:11 -0500] "GET /BLA/boletinlegal/ HTTP/1.1" 200 60634
201.245.192.253 - - [16/Dec/2023:15:50:04 -0500] "POST /forms/lservlet;jsessionid=ac16012b30d68f87e6b31bdd4159a82faa45787d3329.e3iSbxaKaheRe34Qc38TbN0Nb41ynknvrkLOlQzNp65In0 HTTP/1.1" 200 2
216.244.66.195 - - [16/Dec/2023:15:50:09 -0500] "GET /BLA/resoluciones/AUTOS%202016/1277.pdf HTTP/1.1" 200 318846
201.245.192.253 - - [16/Dec/2023:15:50:41 -0500] "POST /forms/lservlet;jsessionid=ac16012b30d665b9d6b5cea24731bd918aefbc6c9e46.e3iSbxaKaheRe34Qc38TbN0Nb41ynknvrkLOlQzNp65In0 HTTP/1.1" 200 2
201.245.192.253 - - [16/Dec/2023:15:52:04 -0500] "POST /forms/lservlet;jsessionid=ac16012b30d68f87e6b31bdd4159a82faa45787d3329.e3iSbxaKaheRe34Qc38TbN0Nb41ynknvrkLOlQzNp65In0 HTTP/1.1" 200 2
201.245.192.253 - - [16/Dec/2023:15:52:41 -0500] "POST /forms/lservlet;jsessionid=ac16012b30d665b9d6b5cea24731bd918aefbc6c9e46.e3iSbxaKaheRe34Qc38TbN0Nb41ynknvrkLOlQzNp65In0 HTTP/1.1" 200 2
216.245.221.92 - - [16/Dec/2023:15:52:49 -0500] "HEAD / HTTP/1.1" 200 -
201.245.192.253 - - [16/Dec/2023:15:53:11 -0500] "POST /kwsrmcab/Wsrmcab  HTTP/1.1" 200 37894
216.244.66.195 - - [16/Dec/2023:15:53:22 -0500] "GET /BLA/resoluciones/AUTOS%202019/3569.pdf HTTP/1.1" 200 236753
173.252.87.120 - - [16/Dec/2023:15:53:50 -0500] "GET /15-negocios-verdes-verificados-por-la-secretaria-de-ambiente-participan-en-la-feria-hecho-en-bogota.html HTTP/1.1" 200 1007
216.244.66.195 - - [16/Dec/2023:15:53:57 -0500] "GET /BLA/resoluciones/AUTOS%202022/2409.pdf HTTP/1.1" 200 339062
201.245.192.253 - - [16/Dec/2023:15:54:04 -0500] "POST /forms/lservlet;jsessionid=ac16012b30d68f87e6b31bdd4159a82faa45787d3329.e3iSbxaKaheRe34Qc38TbN0Nb41ynknvrkLOlQzNp65In0 HTTP/1.1" 200 2
216.244.66.195 - - [16/Dec/2023:15:54:35 -0500] "GET /BLA/resoluciones/RESOLUCIONES%201999/0117.pdf HTTP/1.1" 200 41843
201.245.192.253 - - [16/Dec/2023:15:54:41 -0500] "POST /forms/lservlet;jsessionid=ac16012b30d665b9d6b5cea24731bd918aefbc6c9e46.e3iSbxaKaheRe34Qc38TbN0Nb41ynknvrkLOlQzNp65In0 HTTP/1.1" 200 2
172.22.2.4 - - [16/Dec/2023:15:53:10 -0500] "HEAD /BLA/boletinlegal/ HTTP/1.1" 200 -
40.77.167.143 - - [16/Dec/2023:15:55:03 -0500] "GET /BLA/resoluciones/AUTOS%202019/3038.pdf HTTP/1.1" 304 -
216.244.66.195 - - [16/Dec/2023:15:55:05 -0500] "GET /BLA/resoluciones/RESOLUCIONES%202018/3601.pdf HTTP/1.1" 200 252790
172.22.2.4 - - [16/Dec/2023:15:54:01 -0500] "GET /BLA/boletinlegal/ HTTP/1.1" 200 60634
216.244.66.195 - - [16/Dec/2023:15:55:41 -0500] "GET /BLA/resoluciones/RESOLUCIONES%202023/0299.pdf HTTP/1.1" 200 612276
201.245.192.253 - - [16/Dec/2023:15:56:04 -0500] "POST /forms/lservlet;jsessionid=ac16012b30d68f87e6b31bdd4159a82faa45787d3329.e3iSbxaKaheRe34Qc38TbN0Nb41ynknvrkLOlQzNp65In0 HTTP/1.1" 200 2
216.244.66.195 - - [16/Dec/2023:15:56:31 -0500] "GET /BLA/resoluciones/RESOLUCIONES%202023/0833.pdf HTTP/1.1" 200 364842
201.245.192.253 - - [16/Dec/2023:15:56:41 -0500] "POST /forms/lservlet;jsessionid=ac16012b30d665b9d6b5cea24731bd918aefbc6c9e46.e3iSbxaKaheRe34Qc38TbN0Nb41ynknvrkLOlQzNp65In0 HTTP/1.1" 200 2
216.244.66.195 - - [16/Dec/2023:15:57:06 -0500] "GET /BLA/resoluciones/RESOLUCIONES%202023/1306.pdf HTTP/1.1" 200 390058
191.156.157.87 - - [16/Dec/2023:15:57:03 -0500] "POST /sipse/faces/presentacion/financiero/solicitudProceso/consultarSolicitudProceso.xhtml HTTP/1.1" 200 34585
191.156.157.87 - - [16/Dec/2023:15:57:07 -0500] "GET /sipse/faces/javax.faces.resource/theme.css?ln=primefaces-sipse HTTP/1.1" 304 -
191.156.148.1 - - [16/Dec/2023:15:57:08 -0500] "GET /sipse/faces/javax.faces.resource/primefaces.css?ln=primefaces&v=4.0 HTTP/1.1" 304 -
191.156.155.160 - - [16/Dec/2023:15:57:08 -0500] "GET /sipse/faces/javax.faces.resource/jquery/jquery.js?ln=primefaces&v=4.0 HTTP/1.1" 304 -
191.156.144.4 - - [16/Dec/2023:15:57:08 -0500] "GET /sipse/faces/javax.faces.resource/layout/layout.css?ln=primefaces&v=4.0 HTTP/1.1" 304 -
191.156.144.4 - - [16/Dec/2023:15:57:08 -0500] "GET /sipse/faces/javax.faces.resource/jquery/jquery-plugins.js?ln=primefaces&v=4.0 HTTP/1.1" 304 -
191.156.144.4 - - [16/Dec/2023:15:57:08 -0500] "GET /sipse/css/imagen/contrasena.png HTTP/1.1" 404 383
191.156.148.1 - - [16/Dec/2023:15:57:08 -0500] "GET /sipse/faces/javax.faces.resource/primefaces.js?ln=primefaces&v=4.0 HTTP/1.1" 304 -
191.156.148.1 - - [16/Dec/2023:15:57:08 -0500] "GET /sipse/faces/javax.faces.resource/layout/layout.js?ln=primefaces&v=4.0 HTTP/1.1" 304 -
191.156.148.1 - - [16/Dec/2023:15:57:09 -0500] "POST /sipse/faces/presentacion/financiero/solicitudProceso/listarSolicitudProceso.xhtml HTTP/1.1" 200 27855
191.156.148.1 - - [16/Dec/2023:15:57:10 -0500] "POST /sipse/faces/presentacion/financiero/solicitudProceso/listarSolicitudProceso.xhtml HTTP/1.1" 200 27855
191.156.148.1 - - [16/Dec/2023:15:57:10 -0500] "POST /sipse/faces/presentacion/financiero/solicitudProceso/listarSolicitudProceso.xhtml HTTP/1.1" 200 1396
191.156.148.1 - - [16/Dec/2023:15:57:11 -0500] "POST /sipse/faces/presentacion/financiero/solicitudProceso/listarSolicitudProceso.xhtml HTTP/1.1" 200 1392
191.156.148.1 - - [16/Dec/2023:15:57:11 -0500] "POST /sipse/faces/presentacion/financiero/solicitudProceso/listarSolicitudProceso.xhtml HTTP/1.1" 200 1400
191.156.152.8 - - [16/Dec/2023:15:57:28 -0500] "POST /sipse/faces/presentacion/financiero/solicitudProceso/listarSolicitudProceso.xhtml HTTP/1.1" 200 2025
191.156.152.8 - - [16/Dec/2023:15:57:32 -0500] "POST /sipse/faces/presentacion/financiero/solicitudProceso/listarSolicitudProceso.xhtml HTTP/1.1" 200 3048
191.156.152.8 - - [16/Dec/2023:15:57:34 -0500] "POST /sipse/faces/presentacion/financiero/solicitudProceso/listarSolicitudProceso.xhtml HTTP/1.1" 200 2469
191.156.152.8 - - [16/Dec/2023:15:57:35 -0500] "POST /sipse/faces/presentacion/financiero/solicitudProceso/listarSolicitudProceso.xhtml HTTP/1.1" 200 39589
191.156.152.8 - - [16/Dec/2023:15:57:35 -0500] "GET /sipse/faces/javax.faces.resource/theme.css?ln=primefaces-sipse HTTP/1.1" 304 -
191.156.151.24 - - [16/Dec/2023:15:57:35 -0500] "GET /sipse/faces/javax.faces.resource/jquery/jquery.js?ln=primefaces&v=4.0 HTTP/1.1" 304 -
191.156.152.8 - - [16/Dec/2023:15:57:35 -0500] "GET /sipse/faces/javax.faces.resource/primefaces.css?ln=primefaces&v=4.0 HTTP/1.1" 304 -
191.156.152.187 - - [16/Dec/2023:15:57:36 -0500] "GET /sipse/faces/javax.faces.resource/layout/layout.css?ln=primefaces&v=4.0 HTTP/1.1" 304 -
191.156.152.8 - - [16/Dec/2023:15:57:36 -0500] "GET /sipse/faces/javax.faces.resource/jquery/jquery-plugins.js?ln=primefaces&v=4.0 HTTP/1.1" 304 -
191.156.152.8 - - [16/Dec/2023:15:57:36 -0500] "GET /sipse/faces/javax.faces.resource/primefaces.js?ln=primefaces&v=4.0 HTTP/1.1" 304 -
191.156.152.8 - - [16/Dec/2023:15:57:36 -0500] "GET /sipse/faces/javax.faces.resource/layout/layout.js?ln=primefaces&v=4.0 HTTP/1.1" 304 -
191.156.152.187 - - [16/Dec/2023:15:57:36 -0500] "GET /sipse/css/imagen/contrasena.png HTTP/1.1" 404 383
191.156.152.8 - - [16/Dec/2023:15:57:36 -0500] "POST /sipse/faces/presentacion/financiero/solicitudProceso/consultar.xhtml HTTP/1.1" 200 32885
191.156.152.8 - - [16/Dec/2023:15:57:37 -0500] "POST /sipse/faces/presentacion/financiero/solicitudProceso/consultar.xhtml HTTP/1.1" 200 32885
191.156.152.8 - - [16/Dec/2023:15:57:37 -0500] "POST /sipse/faces/presentacion/financiero/solicitudProceso/consultar.xhtml HTTP/1.1" 200 32885
216.244.66.195 - - [16/Dec/2023:15:57:38 -0500] "GET /BLA/resoluciones/RESOLUCIONES%202023/1393.pdf HTTP/1.1" 200 417448
191.156.152.8 - - [16/Dec/2023:15:57:39 -0500] "POST /sipse/faces/presentacion/financiero/solicitudProceso/consultar.xhtml HTTP/1.1" 200 12866
216.245.221.92 - - [16/Dec/2023:15:57:49 -0500] "HEAD / HTTP/1.1" 200 -
191.156.152.8 - - [16/Dec/2023:15:57:51 -0500] "POST /sipse/faces/presentacion/financiero/solicitudProceso/consultar.xhtml HTTP/1.1" 200 33259
191.156.152.8 - - [16/Dec/2023:15:57:51 -0500] "GET /sipse/faces/javax.faces.resource/theme.css?ln=primefaces-sipse HTTP/1.1" 304 -
191.156.152.187 - - [16/Dec/2023:15:57:51 -0500] "GET /sipse/faces/javax.faces.resource/primefaces.css?ln=primefaces&v=4.0 HTTP/1.1" 304 -
191.156.145.86 - - [16/Dec/2023:15:57:51 -0500] "GET /sipse/faces/javax.faces.resource/layout/layout.css?ln=primefaces&v=4.0 HTTP/1.1" 304 -
191.156.152.8 - - [16/Dec/2023:15:57:51 -0500] "GET /sipse/faces/javax.faces.resource/jquery/jquery.js?ln=primefaces&v=4.0 HTTP/1.1" 304 -
191.156.152.8 - - [16/Dec/2023:15:57:52 -0500] "GET /sipse/faces/javax.faces.resource/jquery/jquery-plugins.js?ln=primefaces&v=4.0 HTTP/1.1" 304 -
191.156.152.8 - - [16/Dec/2023:15:57:52 -0500] "GET /sipse/faces/javax.faces.resource/primefaces.js?ln=primefaces&v=4.0 HTTP/1.1" 304 -
191.156.152.8 - - [16/Dec/2023:15:57:52 -0500] "GET /sipse/faces/javax.faces.resource/layout/layout.js?ln=primefaces&v=4.0 HTTP/1.1" 304 -
191.156.145.86 - - [16/Dec/2023:15:57:53 -0500] "GET /sipse/css/imagen/contrasena.png HTTP/1.1" 404 383
191.156.152.8 - - [16/Dec/2023:15:57:53 -0500] "POST /sipse/faces/presentacion/financiero/solicitudProceso/listarSolicitudProceso.xhtml HTTP/1.1" 200 26529
191.156.152.8 - - [16/Dec/2023:15:57:54 -0500] "POST /sipse/faces/presentacion/financiero/solicitudProceso/listarSolicitudProceso.xhtml HTTP/1.1" 200 26529
191.156.152.8 - - [16/Dec/2023:15:57:54 -0500] "POST /sipse/faces/presentacion/financiero/solicitudProceso/listarSolicitudProceso.xhtml HTTP/1.1" 200 26529
191.156.152.8 - - [16/Dec/2023:15:57:56 -0500] "POST /sipse/faces/presentacion/financiero/solicitudProceso/listarSolicitudProceso.xhtml HTTP/1.1" 200 26529
191.156.152.8 - - [16/Dec/2023:15:57:56 -0500] "POST /sipse/faces/presentacion/financiero/solicitudProceso/listarSolicitudProceso.xhtml HTTP/1.1" 200 1376
191.156.152.8 - - [16/Dec/2023:15:57:57 -0500] "POST /sipse/faces/presentacion/financiero/solicitudProceso/listarSolicitudProceso.xhtml HTTP/1.1" 200 1380
191.156.152.8 - - [16/Dec/2023:15:57:57 -0500] "POST /sipse/faces/presentacion/financiero/solicitudProceso/listarSolicitudProceso.xhtml HTTP/1.1" 200 1380
191.156.152.8 - - [16/Dec/2023:15:57:58 -0500] "POST /sipse/faces/presentacion/financiero/solicitudProceso/listarSolicitudProceso.xhtml HTTP/1.1" 200 1380
191.156.152.8 - - [16/Dec/2023:15:57:58 -0500] "POST /sipse/faces/presentacion/financiero/solicitudProceso/listarSolicitudProceso.xhtml HTTP/1.1" 200 1380
191.156.152.8 - - [16/Dec/2023:15:58:00 -0500] "POST /sipse/faces/presentacion/financiero/solicitudProceso/listarSolicitudProceso.xhtml HTTP/1.1" 200 4917
201.245.192.253 - - [16/Dec/2023:15:58:04 -0500] "POST /forms/lservlet;jsessionid=ac16012b30d68f87e6b31bdd4159a82faa45787d3329.e3iSbxaKaheRe34Qc38TbN0Nb41ynknvrkLOlQzNp65In0 HTTP/1.1" 200 2
191.156.152.8 - - [16/Dec/2023:15:58:04 -0500] "POST /sipse/faces/presentacion/financiero/solicitudProceso/listarSolicitudProceso.xhtml HTTP/1.1" 200 137614
191.156.152.8 - - [16/Dec/2023:15:58:06 -0500] "GET /sipse/faces/javax.faces.resource/theme.css?ln=primefaces-sipse HTTP/1.1" 304 -
191.156.152.187 - - [16/Dec/2023:15:58:06 -0500] "GET /sipse/faces/javax.faces.resource/layout/layout.css?ln=primefaces&v=4.0 HTTP/1.1" 304 -
191.156.152.187 - - [16/Dec/2023:15:58:06 -0500] "GET /sipse/faces/javax.faces.resource/jquery/jquery.js?ln=primefaces&v=4.0 HTTP/1.1" 304 -
191.156.152.187 - - [16/Dec/2023:15:58:07 -0500] "GET /sipse/faces/javax.faces.resource/jquery/jquery-plugins.js?ln=primefaces&v=4.0 HTTP/1.1" 304 -
191.156.152.187 - - [16/Dec/2023:15:58:07 -0500] "GET /sipse/faces/javax.faces.resource/primefaces.js?ln=primefaces&v=4.0 HTTP/1.1" 304 -
191.156.152.187 - - [16/Dec/2023:15:58:07 -0500] "GET /sipse/faces/javax.faces.resource/layout/layout.js?ln=primefaces&v=4.0 HTTP/1.1" 304 -
191.156.152.187 - - [16/Dec/2023:15:58:08 -0500] "GET /sipse/faces/javax.faces.resource/primefaces.css?ln=primefaces&v=4.0 HTTP/1.1" 304 -
191.156.152.187 - - [16/Dec/2023:15:58:09 -0500] "GET /sipse/css/imagen/contrasena.png HTTP/1.1" 404 383
191.156.152.187 - - [16/Dec/2023:15:58:09 -0500] "GET /sipse/faces/javax.faces.resource/dynamiccontent.properties?ln=primefaces&pfdrid=XjOR5%2F%2FfPAZAuY9TpWQeCiM0BhlXxYRBGKi%2FQcXXfeA%3D&pfdrid_c=false HTTP/1.1" 500 383
201.245.192.253 - - [16/Dec/2023:15:58:10 -0500] "POST /kwsrmcab/Wsrmcab  HTTP/1.1" 200 37894
216.244.66.195 - - [16/Dec/2023:15:58:16 -0500] "GET /BLA/resoluciones/RESOLUCIONES%202023/1989.pdf HTTP/1.1" 200 525389
191.156.152.187 - - [16/Dec/2023:15:58:16 -0500] "POST /sipse/faces/presentacion/financiero/solicitudProceso/consultarSolicitudProceso.xhtml HTTP/1.1" 200 21147
191.156.152.187 - - [16/Dec/2023:15:58:19 -0500] "GET /sipse/faces/javax.faces.resource/theme.css?ln=primefaces-sipse HTTP/1.1" 304 -
191.156.152.8 - - [16/Dec/2023:15:58:19 -0500] "GET /sipse/faces/javax.faces.resource/primefaces.css?ln=primefaces&v=4.0 HTTP/1.1" 304 -
191.156.155.160 - - [16/Dec/2023:15:58:19 -0500] "GET /sipse/faces/javax.faces.resource/layout/layout.css?ln=primefaces&v=4.0 HTTP/1.1" 304 -
191.156.152.187 - - [16/Dec/2023:15:58:19 -0500] "GET /sipse/faces/javax.faces.resource/fileupload/fileupload.css?ln=primefaces&v=4.0 HTTP/1.1" 304 -
191.156.158.132 - - [16/Dec/2023:15:58:19 -0500] "GET /sipse/faces/javax.faces.resource/jquery/jquery.js?ln=primefaces&v=4.0 HTTP/1.1" 304 -
191.156.151.24 - - [16/Dec/2023:15:58:19 -0500] "GET /sipse/faces/javax.faces.resource/jquery/jquery-plugins.js?ln=primefaces&v=4.0 HTTP/1.1" 304 -
191.156.148.1 - - [16/Dec/2023:15:58:19 -0500] "GET /sipse/faces/javax.faces.resource/primefaces.js?ln=primefaces&v=4.0 HTTP/1.1" 304 -
191.156.152.8 - - [16/Dec/2023:15:58:19 -0500] "GET /sipse/faces/javax.faces.resource/layout/layout.js?ln=primefaces&v=4.0 HTTP/1.1" 304 -
191.156.155.160 - - [16/Dec/2023:15:58:19 -0500] "GET /sipse/faces/javax.faces.resource/fileupload/fileupload.js?ln=primefaces&v=4.0 HTTP/1.1" 304 -
191.156.155.160 - - [16/Dec/2023:15:58:20 -0500] "GET /sipse/css/imagen/contrasena.png HTTP/1.1" 404 383
191.156.152.187 - - [16/Dec/2023:15:58:20 -0500] "GET /sipse/faces/javax.faces.resource/images/ui-icons_898989_256x240.png?ln=primefaces-aristo HTTP/1.1" 304 -
191.156.155.160 - - [16/Dec/2023:15:58:34 -0500] "POST /sipse/faces/presentacion/sistema/anexos/cargarAnexoSolicitudProceso.xhtml HTTP/1.1" 200 184971
191.156.155.160 - - [16/Dec/2023:15:58:36 -0500] "GET /sipse/faces/javax.faces.resource/theme.css?ln=primefaces-sipse HTTP/1.1" 304 -
191.156.153.106 - - [16/Dec/2023:15:58:37 -0500] "GET /sipse/faces/javax.faces.resource/primefaces.css?ln=primefaces&v=4.0 HTTP/1.1" 304 -
191.156.152.8 - - [16/Dec/2023:15:58:37 -0500] "GET /sipse/faces/javax.faces.resource/jquery/jquery.js?ln=primefaces&v=4.0 HTTP/1.1" 304 -
191.156.152.187 - - [16/Dec/2023:15:58:37 -0500] "GET /sipse/faces/javax.faces.resource/jquery/jquery-plugins.js?ln=primefaces&v=4.0 HTTP/1.1" 304 -
191.156.158.132 - - [16/Dec/2023:15:58:37 -0500] "GET /sipse/faces/javax.faces.resource/primefaces.js?ln=primefaces&v=4.0 HTTP/1.1" 304 -
191.156.152.187 - - [16/Dec/2023:15:58:37 -0500] "GET /sipse/faces/javax.faces.resource/layout/layout.css?ln=primefaces&v=4.0 HTTP/1.1" 304 -
191.156.155.160 - - [16/Dec/2023:15:58:37 -0500] "GET /sipse/faces/javax.faces.resource/layout/layout.js?ln=primefaces&v=4.0 HTTP/1.1" 304 -
191.156.155.160 - - [16/Dec/2023:15:58:39 -0500] "GET /sipse/faces/javax.faces.resource/images/ui-icons_898989_256x240.png?ln=primefaces-aristo HTTP/1.1" 304 -
191.156.155.160 - - [16/Dec/2023:15:58:39 -0500] "GET /sipse/faces/javax.faces.resource/dynamiccontent.properties?ln=primefaces&pfdrid=XjOR5%2F%2FfPAZAuY9TpWQeCiM0BhlXxYRBGKi%2FQcXXfeA%3D&pfdrid_c=false HTTP/1.1" 500 383
201.245.192.253 - - [16/Dec/2023:15:58:41 -0500] "POST /forms/lservlet;jsessionid=ac16012b30d665b9d6b5cea24731bd918aefbc6c9e46.e3iSbxaKaheRe34Qc38TbN0Nb41ynknvrkLOlQzNp65In0 HTTP/1.1" 200 2
191.156.152.187 - - [16/Dec/2023:15:58:51 -0500] "GET /sipse/faces/javax.faces.resource/theme.css?ln=primefaces-sipse HTTP/1.1" 304 -
191.156.152.8 - - [16/Dec/2023:15:58:51 -0500] "GET /sipse/faces/javax.faces.resource/primefaces.css?ln=primefaces&v=4.0 HTTP/1.1" 304 -
191.156.152.187 - - [16/Dec/2023:15:58:51 -0500] "GET /sipse/faces/javax.faces.resource/layout/layout.css?ln=primefaces&v=4.0 HTTP/1.1" 304 -
191.156.153.106 - - [16/Dec/2023:15:58:51 -0500] "GET /sipse/faces/javax.faces.resource/jquery/jquery.js?ln=primefaces&v=4.0 HTTP/1.1" 304 -
191.156.152.8 - - [16/Dec/2023:15:58:52 -0500] "GET /sipse/faces/javax.faces.resource/jquery/jquery-plugins.js?ln=primefaces&v=4.0 HTTP/1.1" 304 -
191.156.158.132 - - [16/Dec/2023:15:58:50 -0500] "POST /sipse/faces/presentacion/financiero/solicitudProceso/consultarSolicitudProceso.xhtml HTTP/1.1" 200 185629
191.156.152.187 - - [16/Dec/2023:15:58:52 -0500] "GET /sipse/faces/javax.faces.resource/layout/layout.js?ln=primefaces&v=4.0 HTTP/1.1" 304 -
191.156.152.187 - - [16/Dec/2023:15:58:52 -0500] "GET /sipse/faces/javax.faces.resource/primefaces.js?ln=primefaces&v=4.0 HTTP/1.1" 304 -
191.156.158.132 - - [16/Dec/2023:15:58:54 -0500] "GET /sipse/faces/javax.faces.resource/dynamiccontent.properties?ln=primefaces&pfdrid=XjOR5%2F%2FfPAZAuY9TpWQeCiM0BhlXxYRBGKi%2FQcXXfeA%3D&pfdrid_c=false HTTP/1.1" 500 383
216.244.66.195 - - [16/Dec/2023:15:58:55 -0500] "GET /BLA/resoluciones/RESOLUCIONES%201997/0302.pdf HTTP/1.1" 200 65824
191.156.153.106 - - [16/Dec/2023:15:59:10 -0500] "GET /sipse/faces/javax.faces.resource/images/ui-bg_flat_0_2d5972_40x100.png?ln=primefaces-aristo HTTP/1.1" 304 -
191.156.149.84 - - [16/Dec/2023:15:59:10 -0500] "POST /sipse/faces/presentacion/financiero/solicitudProceso/consultarSolicitudProceso.xhtml HTTP/1.1" 200 36877
191.156.153.106 - - [16/Dec/2023:15:59:14 -0500] "GET /sipse/faces/javax.faces.resource/primefaces.css?ln=primefaces&v=4.0 HTTP/1.1" 304 -
191.156.149.84 - - [16/Dec/2023:15:59:14 -0500] "GET /sipse/faces/javax.faces.resource/theme.css?ln=primefaces-sipse HTTP/1.1" 304 -
191.156.150.169 - - [16/Dec/2023:15:59:14 -0500] "GET /sipse/faces/javax.faces.resource/jquery/jquery.js?ln=primefaces&v=4.0 HTTP/1.1" 304 -
191.156.145.86 - - [16/Dec/2023:15:59:14 -0500] "GET /sipse/faces/javax.faces.resource/layout/layout.css?ln=primefaces&v=4.0 HTTP/1.1" 304 -
191.156.145.86 - - [16/Dec/2023:15:59:15 -0500] "GET /sipse/faces/javax.faces.resource/jquery/jquery-plugins.js?ln=primefaces&v=4.0 HTTP/1.1" 304 -
191.156.145.86 - - [16/Dec/2023:15:59:15 -0500] "GET /sipse/faces/javax.faces.resource/primefaces.js?ln=primefaces&v=4.0 HTTP/1.1" 304 -
191.156.145.86 - - [16/Dec/2023:15:59:15 -0500] "GET /sipse/faces/javax.faces.resource/layout/layout.js?ln=primefaces&v=4.0 HTTP/1.1" 304 -
191.156.145.86 - - [16/Dec/2023:15:59:15 -0500] "GET /sipse/faces/javax.faces.resource/messages/messages.png?ln=primefaces&v=4.0 HTTP/1.1" 304 -
191.156.150.169 - - [16/Dec/2023:15:59:15 -0500] "POST /sipse/faces/presentacion/financiero/solicitudProceso/listarSolicitudProceso.xhtml HTTP/1.1" 200 1396
191.156.150.169 - - [16/Dec/2023:15:59:19 -0500] "POST /sipse/faces/presentacion/financiero/solicitudProceso/listarSolicitudProceso.xhtml HTTP/1.1" 200 1989
216.244.66.195 - - [16/Dec/2023:15:59:26 -0500] "GET /BLA/resoluciones/RESOLUCIONES%202001/0878.pdf HTTP/1.1" 200 125355
216.244.66.195 - - [16/Dec/2023:15:59:55 -0500] "GET /BLA/resoluciones/RESOLUCIONES%202017/0460.pdf HTTP/1.1" 200 1070020
201.245.192.253 - - [16/Dec/2023:16:00:04 -0500] "POST /forms/lservlet;jsessionid=ac16012b30d68f87e6b31bdd4159a82faa45787d3329.e3iSbxaKaheRe34Qc38TbN0Nb41ynknvrkLOlQzNp65In0 HTTP/1.1" 200 2
216.244.66.195 - - [16/Dec/2023:16:00:27 -0500] "GET /BLA/resoluciones/RESOLUCIONES%202017/0761.pdf HTTP/1.1" 200 1391470
157.55.39.54 - - [16/Dec/2023:16:00:25 -0500] "GET /portaldeninos/ HTTP/1.1" 200 110175
172.22.2.4 - - [16/Dec/2023:15:59:00 -0500] "HEAD /BLA/boletinlegal/ HTTP/1.1" 200 -
201.245.192.253 - - [16/Dec/2023:16:00:41 -0500] "POST /forms/lservlet;jsessionid=ac16012b30d665b9d6b5cea24731bd918aefbc6c9e46.e3iSbxaKaheRe34Qc38TbN0Nb41ynknvrkLOlQzNp65In0 HTTP/1.1" 200 2
216.244.66.195 - - [16/Dec/2023:16:00:57 -0500] "GET /BLA/resoluciones/RESOLUCIONES%202017/0932.pdf HTTP/1.1" 200 914018
216.244.66.195 - - [16/Dec/2023:16:01:24 -0500] "GET /BLA/resoluciones/RESOLUCIONES%202017/0972.pdf HTTP/1.1" 200 342933
172.22.2.4 - - [16/Dec/2023:15:59:51 -0500] "GET /BLA/boletinlegal/ HTTP/1.1" 200 60634
66.249.66.77 - - [16/Dec/2023:16:01:44 -0500] "GET /portaldeninos/parque-mirador-de-los-nevados/ HTTP/1.1" 200 89855
216.244.66.195 - - [16/Dec/2023:16:01:50 -0500] "GET /BLA/resoluciones/RESOLUCIONES%202017/1298.pdf HTTP/1.1" 200 492787
52.167.144.203 - - [16/Dec/2023:16:01:52 -0500] "GET /portaldeninos/author/adminportalninos/ HTTP/1.1" 200 103455
201.245.192.253 - - [16/Dec/2023:16:02:04 -0500] "POST /forms/lservlet;jsessionid=ac16012b30d68f87e6b31bdd4159a82faa45787d3329.e3iSbxaKaheRe34Qc38TbN0Nb41ynknvrkLOlQzNp65In0 HTTP/1.1" 200 2
216.244.66.195 - - [16/Dec/2023:16:02:18 -0500] "GET /BLA/resoluciones/RESOLUCIONES%202017/1476.pdf HTTP/1.1" 200 329750
201.245.192.253 - - [16/Dec/2023:16:02:41 -0500] "POST /forms/lservlet;jsessionid=ac16012b30d665b9d6b5cea24731bd918aefbc6c9e46.e3iSbxaKaheRe34Qc38TbN0Nb41ynknvrkLOlQzNp65In0 HTTP/1.1" 200 2
216.244.66.195 - - [16/Dec/2023:16:02:42 -0500] "GET /BLA/resoluciones/RESOLUCIONES%202017/1544.pdf HTTP/1.1" 200 3530576
207.46.13.126 - - [16/Dec/2023:16:02:45 -0500] "GET /portaldeninos/wp-content/themes/betheme/fonts/mfn-icons.ttf?93978679 HTTP/1.1" 200 124684
216.245.221.92 - - [16/Dec/2023:16:02:49 -0500] "HEAD / HTTP/1.1" 200 -
201.245.192.253 - - [16/Dec/2023:16:03:08 -0500] "POST /kwsrmcab/Wsrmcab  HTTP/1.1" 200 37894
216.244.66.195 - - [16/Dec/2023:16:03:15 -0500] "GET /BLA/resoluciones/RESOLUCIONES%202017/1741.pdf HTTP/1.1" 200 622088
216.244.66.195 - - [16/Dec/2023:16:03:45 -0500] "GET /BLA/resoluciones/RESOLUCIONES%202017/3680.pdf HTTP/1.1" 200 467640
201.245.192.253 - - [16/Dec/2023:16:04:04 -0500] "POST /forms/lservlet;jsessionid=ac16012b30d68f87e6b31bdd4159a82faa45787d3329.e3iSbxaKaheRe34Qc38TbN0Nb41ynknvrkLOlQzNp65In0 HTTP/1.1" 200 2
216.244.66.195 - - [16/Dec/2023:16:04:17 -0500] "GET /BLA/resoluciones/RESOLUCIONES%202017/3705.pdf HTTP/1.1" 200 340128
156.59.198.135 - - [16/Dec/2023:16:04:39 -0500] "GET /BLA/boletinlegal/Directivas/2017/Directiva%20No.%2004%20del%2028%20de%20Abril%20de%202017.pdf HTTP/1.0" 200 8194919
201.245.192.253 - - [16/Dec/2023:16:04:41 -0500] "POST /forms/lservlet;jsessionid=ac16012b30d665b9d6b5cea24731bd918aefbc6c9e46.e3iSbxaKaheRe34Qc38TbN0Nb41ynknvrkLOlQzNp65In0 HTTP/1.1" 200 2
216.244.66.195 - - [16/Dec/2023:16:04:46 -0500] "GET /BLA/resoluciones/RESOLUCIONES%202019/1629.pdf HTTP/1.1" 200 728317
156.59.198.135 - - [16/Dec/2023:16:05:02 -0500] "GET /BLA/boletinlegal/Directivas/2017/Directiva%20No.%2001%20del%2017%20de%20Enero%20de%202017.pdf HTTP/1.0" 200 2804310
216.244.66.195 - - [16/Dec/2023:16:05:15 -0500] "GET /BLA/resoluciones/RESOLUCIONES%202019/2048.pdf HTTP/1.1" 200 296538
156.59.198.136 - - [16/Dec/2023:16:05:26 -0500] "GET /BLA/boletinlegal/Directivas/2017/Directiva%20No.%2002%20del%2017%20de%20Enero%20de%202017.pdf HTTP/1.0" 200 3521427
216.244.66.195 - - [16/Dec/2023:16:05:41 -0500] "GET /BLA/resoluciones/RESOLUCIONES%202019/2990.pdf HTTP/1.1" 200 449774
172.22.2.4 - - [16/Dec/2023:16:05:43 -0500] "GET /BLA/boletinlegal/actos.php HTTP/1.1" 200 9682
172.22.2.4 - - [16/Dec/2023:16:05:43 -0500] "GET /BLA/boletinlegal/styles2.css HTTP/1.1" 200 1838
172.22.2.4 - - [16/Dec/2023:16:05:43 -0500] "GET /BLA/boletinlegal/js/lib.js HTTP/1.1" 200 6474
172.22.2.4 - - [16/Dec/2023:16:05:43 -0500] "GET /BLA/boletinlegal/js/popup.js HTTP/1.1" 200 1270
172.22.2.4 - - [16/Dec/2023:16:05:43 -0500] "GET /BLA/boletinlegal/style.css HTTP/1.1" 200 9406
172.22.2.4 - - [16/Dec/2023:16:05:43 -0500] "GET /BLA/boletinlegal/js/ajax_actos.js HTTP/1.1" 200 1322
172.22.2.4 - - [16/Dec/2023:16:05:43 -0500] "GET /BLA/boletinlegal/niceforms.js HTTP/1.1" 200 22876
172.22.2.4 - - [16/Dec/2023:16:05:43 -0500] "GET /BLA/boletinlegal/niceforms-default.css HTTP/1.1" 200 6694
172.22.2.4 - - [16/Dec/2023:16:05:43 -0500] "GET /BLA/boletinlegal/js/jquery1.js HTTP/1.1" 200 29846
172.22.2.4 - - [16/Dec/2023:16:05:44 -0500] "GET /BLA/boletinlegal/images/cabezote%20BLEGAL.jpg HTTP/1.1" 200 118164
172.22.2.4 - - [16/Dec/2023:16:05:44 -0500] "GET /BLA/boletinlegal/images/subscribe-icon-big.png HTTP/1.1" 200 47702
172.22.2.4 - - [16/Dec/2023:16:05:44 -0500] "GET /BLA/boletinlegal/images/tel.png HTTP/1.1" 200 14477
172.22.2.4 - - [16/Dec/2023:16:05:44 -0500] "GET /BLA/boletinlegal/images/body_bg.jpg HTTP/1.1" 200 1601
172.22.2.4 - - [16/Dec/2023:16:05:44 -0500] "GET /BLA/boletinlegal/images/menu_rght.gif HTTP/1.1" 200 1627
172.22.2.4 - - [16/Dec/2023:16:05:45 -0500] "GET /BLA/boletinlegal/images/green-yellow-blue-pink-th.png HTTP/1.1" 200 7394
172.22.2.4 - - [16/Dec/2023:16:05:45 -0500] "GET /BLA/boletinlegal/images/icono-email.png HTTP/1.1" 200 5544
172.22.2.4 - - [16/Dec/2023:16:05:45 -0500] "GET /BLA/boletinlegal/images/menu_bg.jpg HTTP/1.1" 200 620
172.22.2.4 - - [16/Dec/2023:16:05:45 -0500] "GET /BLA/boletinlegal/images/historia.png HTTP/1.1" 200 52775
172.22.2.4 - - [16/Dec/2023:16:05:45 -0500] "GET /BLA/boletinlegal/images/hover.jpg HTTP/1.1" 200 640
172.22.2.4 - - [16/Dec/2023:16:05:45 -0500] "GET /BLA/boletinlegal/images/registro-usuarios.png HTTP/1.1" 200 8106
172.22.2.4 - - [16/Dec/2023:16:05:45 -0500] "GET /BLA/boletinlegal/images/footer_bg.jpg HTTP/1.1" 200 586
172.22.2.4 - - [16/Dec/2023:16:05:46 -0500] "GET /BLA/boletinlegal/images/bg_top.jpg HTTP/1.1" 200 522
172.22.2.4 - - [16/Dec/2023:16:05:46 -0500] "GET /BLA/boletinlegal/images/menu_lft.gif HTTP/1.1" 200 1713
172.22.2.4 - - [16/Dec/2023:16:05:46 -0500] "GET /BLA/boletinlegal/images/text.jpg HTTP/1.1" 200 568
172.22.2.4 - - [16/Dec/2023:16:05:46 -0500] "GET /BLA/boletinlegal/images/footer_bg_l.jpg HTTP/1.1" 200 776
172.22.2.4 - - [16/Dec/2023:16:05:46 -0500] "GET /BLA/boletinlegal/img/0.png HTTP/1.1" 200 110
172.22.2.4 - - [16/Dec/2023:16:05:46 -0500] "GET /BLA/boletinlegal/img/select-left.png HTTP/1.1" 200 263
172.22.2.4 - - [16/Dec/2023:16:05:46 -0500] "GET /BLA/boletinlegal/img/button-right.png HTTP/1.1" 200 57878
172.22.2.4 - - [16/Dec/2023:16:05:46 -0500] "GET /BLA/boletinlegal/img/select-right.png HTTP/1.1" 200 44019
172.22.2.4 - - [16/Dec/2023:16:05:46 -0500] "GET /BLA/boletinlegal/img/button.png HTTP/1.1" 200 43241
172.22.2.4 - - [16/Dec/2023:16:05:47 -0500] "GET /BLA/boletinlegal/img/button-left.png HTTP/1.1" 200 57071
172.22.2.4 - - [16/Dec/2023:16:05:58 -0500] "GET /BLA/boletinlegal/actos.php HTTP/1.1" 200 9682
201.245.192.253 - - [16/Dec/2023:16:06:04 -0500] "POST /forms/lservlet;jsessionid=ac16012b30d68f87e6b31bdd4159a82faa45787d3329.e3iSbxaKaheRe34Qc38TbN0Nb41ynknvrkLOlQzNp65In0 HTTP/1.1" 200 2
216.244.66.195 - - [16/Dec/2023:16:06:07 -0500] "GET /BLA/resoluciones/RESOLUCIONES%202019/3763.pdf HTTP/1.1" 200 366253
172.22.2.4 - - [16/Dec/2023:16:06:09 -0500] "GET /BLA/boletinlegal/consulta_actos.php?tipo=resoluciones&no=2700&usuario=&sector=&fecha=2023&resuelve= HTTP/1.1" 200 1330
172.22.2.4 - - [16/Dec/2023:16:06:10 -0500] "GET /BLA/boletinlegal/images/pdf.gif HTTP/1.1" 200 567
181.117.232.84 - - [16/Dec/2023:16:06:22 -0500] "GET /BLA/resoluciones/RESOLUCIONES%202023/2700.pdf HTTP/1.1" 200 367848
181.117.232.84 - - [16/Dec/2023:16:06:22 -0500] "GET /BLA/resoluciones/RESOLUCIONES%202023/2700.pdf HTTP/1.1" 200 367848
172.22.2.4 - - [16/Dec/2023:16:04:50 -0500] "HEAD /BLA/boletinlegal/ HTTP/1.1" 200 -
216.244.66.195 - - [16/Dec/2023:16:06:31 -0500] "GET /BLA/resoluciones/AUTOS%202012/2717.pdf HTTP/1.1" 200 370454
201.245.192.253 - - [16/Dec/2023:16:06:41 -0500] "POST /forms/lservlet;jsessionid=ac16012b30d665b9d6b5cea24731bd918aefbc6c9e46.e3iSbxaKaheRe34Qc38TbN0Nb41ynknvrkLOlQzNp65In0 HTTP/1.1" 200 2
216.244.66.195 - - [16/Dec/2023:16:06:55 -0500] "GET /BLA/resoluciones/AUTOS%202019/0204.pdf HTTP/1.1" 200 268970
216.244.66.195 - - [16/Dec/2023:16:07:17 -0500] "GET /BLA/resoluciones/AUTOS%202019/1982.pdf HTTP/1.1" 200 319746
172.22.2.4 - - [16/Dec/2023:16:05:41 -0500] "GET /BLA/boletinlegal/ HTTP/1.1" 200 60634
216.244.66.195 - - [16/Dec/2023:16:07:38 -0500] "GET /BLA/resoluciones/AUTOS%202019/2668.pdf HTTP/1.1" 200 255378
216.245.221.92 - - [16/Dec/2023:16:07:49 -0500] "HEAD / HTTP/1.1" 200 -
47.128.19.178 - - [16/Dec/2023:16:07:52 -0500] "GET /BLA/resoluciones/dlf/dirup.png HTTP/1.1" 200 644
47.128.19.178 - - [16/Dec/2023:16:07:52 -0500] "GET /BLA/resoluciones/dlf/pdf.gif HTTP/1.1" 200 272
47.128.19.178 - - [16/Dec/2023:16:07:56 -0500] "GET /BLA/resoluciones/dlf/archive.png HTTP/1.1" 200 632
216.244.66.195 - - [16/Dec/2023:16:07:59 -0500] "GET /BLA/resoluciones/AUTOS%202019/3019.pdf HTTP/1.1" 200 228109
