191.156.52.78 - - [16/Dec/2023:22:53:29 -0500] "GET /sipse/faces/javax.faces.resource/jquery/jquery-plugins.js?ln=primefaces&v=4.0 HTTP/1.1" 304 -
191.156.52.78 - - [16/Dec/2023:22:53:29 -0500] "GET /sipse/faces/javax.faces.resource/primefaces.js?ln=primefaces&v=4.0 HTTP/1.1" 304 -
191.156.52.78 - - [16/Dec/2023:22:53:29 -0500] "GET /sipse/faces/javax.faces.resource/layout/layout.js?ln=primefaces&v=4.0 HTTP/1.1" 304 -
191.156.55.129 - - [16/Dec/2023:22:53:29 -0500] "GET /sipse/css/imagen/contrasena.png HTTP/1.1" 404 383
191.156.52.78 - - [16/Dec/2023:22:53:29 -0500] "POST /sipse/faces/presentacion/financiero/solicitudProceso/listarSolicitudProceso.xhtml HTTP/1.1" 200 27968
191.156.52.78 - - [16/Dec/2023:22:53:30 -0500] "POST /sipse/faces/presentacion/financiero/solicitudProceso/listarSolicitudProceso.xhtml HTTP/1.1" 200 27968
191.156.52.78 - - [16/Dec/2023:22:53:30 -0500] "POST /sipse/faces/presentacion/financiero/solicitudProceso/listarSolicitudProceso.xhtml HTTP/1.1" 200 27968
191.156.52.78 - - [16/Dec/2023:22:53:31 -0500] "POST /sipse/faces/presentacion/financiero/solicitudProceso/listarSolicitudProceso.xhtml HTTP/1.1" 200 27968
191.156.52.78 - - [16/Dec/2023:22:53:31 -0500] "POST /sipse/faces/presentacion/financiero/solicitudProceso/listarSolicitudProceso.xhtml HTTP/1.1" 200 27968
191.156.52.78 - - [16/Dec/2023:22:53:31 -0500] "POST /sipse/faces/presentacion/financiero/solicitudProceso/listarSolicitudProceso.xhtml HTTP/1.1" 200 27968
191.156.52.78 - - [16/Dec/2023:22:53:32 -0500] "POST /sipse/faces/presentacion/financiero/solicitudProceso/listarSolicitudProceso.xhtml HTTP/1.1" 200 1396
191.156.52.78 - - [16/Dec/2023:22:53:32 -0500] "POST /sipse/faces/presentacion/financiero/solicitudProceso/listarSolicitudProceso.xhtml HTTP/1.1" 200 1392
191.156.52.78 - - [16/Dec/2023:22:53:32 -0500] "POST /sipse/faces/presentacion/financiero/solicitudProceso/listarSolicitudProceso.xhtml HTTP/1.1" 200 1400
191.156.52.78 - - [16/Dec/2023:22:53:33 -0500] "POST /sipse/faces/presentacion/financiero/solicitudProceso/listarSolicitudProceso.xhtml HTTP/1.1" 200 1392
191.156.52.78 - - [16/Dec/2023:22:53:33 -0500] "POST /sipse/faces/presentacion/financiero/solicitudProceso/listarSolicitudProceso.xhtml HTTP/1.1" 200 1400
191.156.52.78 - - [16/Dec/2023:22:53:33 -0500] "POST /sipse/faces/presentacion/financiero/solicitudProceso/listarSolicitudProceso.xhtml HTTP/1.1" 200 1392
191.156.52.78 - - [16/Dec/2023:22:53:33 -0500] "POST /sipse/faces/presentacion/financiero/solicitudProceso/listarSolicitudProceso.xhtml HTTP/1.1" 200 1400
216.244.66.195 - - [16/Dec/2023:22:53:34 -0500] "GET /BLA/resoluciones/AUTOS%202019/4393.pdf HTTP/1.1" 200 266568
191.156.59.224 - - [16/Dec/2023:22:53:42 -0500] "POST /sipse/faces/presentacion/financiero/solicitudProceso/listarSolicitudProceso.xhtml HTTP/1.1" 200 5098
191.156.59.224 - - [16/Dec/2023:22:53:45 -0500] "POST /sipse/faces/presentacion/financiero/solicitudProceso/listarSolicitudProceso.xhtml HTTP/1.1" 200 111848
191.156.59.224 - - [16/Dec/2023:22:53:46 -0500] "GET /sipse/faces/javax.faces.resource/theme.css?ln=primefaces-sipse HTTP/1.1" 304 -
191.156.59.224 - - [16/Dec/2023:22:53:46 -0500] "GET /sipse/faces/javax.faces.resource/jquery/jquery.js?ln=primefaces&v=4.0 HTTP/1.1" 304 -
191.156.55.129 - - [16/Dec/2023:22:53:46 -0500] "GET /sipse/faces/javax.faces.resource/primefaces.css?ln=primefaces&v=4.0 HTTP/1.1" 304 -
191.156.53.225 - - [16/Dec/2023:22:53:46 -0500] "GET /sipse/faces/javax.faces.resource/layout/layout.css?ln=primefaces&v=4.0 HTTP/1.1" 304 -
191.156.55.129 - - [16/Dec/2023:22:53:46 -0500] "GET /sipse/faces/javax.faces.resource/jquery/jquery-plugins.js?ln=primefaces&v=4.0 HTTP/1.1" 304 -
191.156.55.129 - - [16/Dec/2023:22:53:46 -0500] "GET /sipse/faces/javax.faces.resource/primefaces.js?ln=primefaces&v=4.0 HTTP/1.1" 304 -
191.156.55.129 - - [16/Dec/2023:22:53:46 -0500] "GET /sipse/faces/javax.faces.resource/layout/layout.js?ln=primefaces&v=4.0 HTTP/1.1" 304 -
191.156.55.129 - - [16/Dec/2023:22:53:47 -0500] "GET /sipse/css/imagen/contrasena.png HTTP/1.1" 404 383
191.156.55.129 - - [16/Dec/2023:22:53:47 -0500] "GET /sipse/faces/javax.faces.resource/dynamiccontent.properties?ln=primefaces&pfdrid=XjOR5%2F%2FfPAZAuY9TpWQeCiM0BhlXxYRBGKi%2FQcXXfeA%3D&pfdrid_c=false HTTP/1.1" 500 383
191.156.53.225 - - [16/Dec/2023:22:54:04 -0500] "POST /sipse/faces/presentacion/financiero/solicitudProceso/consultarSolicitudProceso.xhtml HTTP/1.1" 200 317426
201.245.192.253 - - [16/Dec/2023:22:54:08 -0500] "POST /forms/lservlet;jsessionid=ac16012b30d68f87e6b31bdd4159a82faa45787d3329.e3iSbxaKaheRe34Qc38TbN0Nb41ynknvrkLOlQzNp65In0 HTTP/1.1" 200 2
191.156.51.248 - - [16/Dec/2023:22:54:11 -0500] "POST /sipse/faces/presentacion/financiero/solicitudProceso/consultarSolicitudProceso.xhtml HTTP/1.1" 200 5465
191.156.51.248 - - [16/Dec/2023:22:54:12 -0500] "GET /sipse/faces/javax.faces.resource/dynamiccontent.properties?ln=primefaces&pfdrid=XjOR5%2F%2FfPAZAuY9TpWQeCiM0BhlXxYRBGKi%2FQcXXfeA%3D&pfdrid_c=false HTTP/1.1" 200 117314
191.156.50.3 - - [16/Dec/2023:22:54:06 -0500] "POST /sipse/faces/presentacion/financiero/solicitudProceso/consultarSolicitudProceso.xhtml HTTP/1.1" 200 1555197
191.156.53.225 - - [16/Dec/2023:22:54:07 -0500] "POST /sipse/faces/presentacion/financiero/solicitudProceso/consultarSolicitudProceso.xhtml HTTP/1.1" 200 2216491
47.128.30.12 - - [16/Dec/2023:22:54:28 -0500] "GET /galeria/nivo-slider/demo/images/banner%20aceite%20vegetal%20usado.jpg HTTP/1.1" 200 169350
173.252.107.4 - - [16/Dec/2023:22:54:29 -0500] "GET /bogota-destacada-en-america-latina-por-su-accion-climatica.html HTTP/1.1" 200 768
66.249.66.19 - - [16/Dec/2023:22:54:30 -0500] "GET /BLA/resoluciones/RESOLUCIONES%202007/RES%202007%204101%20AL%204200/RESOLUCION%204194%20DE%202007.pdf HTTP/1.1" 200 287290
201.245.192.253 - - [16/Dec/2023:22:54:44 -0500] "POST /forms/lservlet;jsessionid=ac16012b30d665b9d6b5cea24731bd918aefbc6c9e46.e3iSbxaKaheRe34Qc38TbN0Nb41ynknvrkLOlQzNp65In0 HTTP/1.1" 200 2
172.22.2.4 - - [16/Dec/2023:22:53:09 -0500] "HEAD /BLA/boletinlegal/ HTTP/1.1" 200 -
172.22.2.4 - - [16/Dec/2023:22:54:00 -0500] "GET /BLA/boletinlegal/ HTTP/1.1" 200 60634
201.245.192.253 - - [16/Dec/2023:22:56:08 -0500] "POST /forms/lservlet;jsessionid=ac16012b30d68f87e6b31bdd4159a82faa45787d3329.e3iSbxaKaheRe34Qc38TbN0Nb41ynknvrkLOlQzNp65In0 HTTP/1.1" 200 2
173.252.107.117 - - [16/Dec/2023:22:56:43 -0500] "GET /elabora-tu-jardin-vertical-y-contribuye-a-mitigar-los-efectos-del-cambio-climatico.html HTTP/1.1" 200 985
173.252.107.5 - - [16/Dec/2023:22:56:43 -0500] "GET /se-aproxima-nueva-jornada-de-recoleccion-masiva-de-residuos-especiales-y-peligrosos-en-bogota.html HTTP/1.1" 200 1048
173.252.107.3 - - [16/Dec/2023:22:56:43 -0500] "GET /bogota-se-alista-para-la-feria-de-emprendimiento-verde.html HTTP/1.1" 200 862
201.245.192.253 - - [16/Dec/2023:22:56:44 -0500] "POST /forms/lservlet;jsessionid=ac16012b30d665b9d6b5cea24731bd918aefbc6c9e46.e3iSbxaKaheRe34Qc38TbN0Nb41ynknvrkLOlQzNp65In0 HTTP/1.1" 200 2
201.245.192.253 - - [16/Dec/2023:22:56:48 -0500] "POST /kwsrmcab/Wsrmcab  HTTP/1.1" 200 37894
66.249.66.21 - - [16/Dec/2023:22:57:31 -0500] "GET /BLA/resoluciones/RESOLUCIONES%202009/4313.pdf HTTP/1.1" 200 530033
216.245.221.92 - - [16/Dec/2023:22:57:48 -0500] "HEAD / HTTP/1.1" 200 -
201.245.192.253 - - [16/Dec/2023:22:58:08 -0500] "POST /forms/lservlet;jsessionid=ac16012b30d68f87e6b31bdd4159a82faa45787d3329.e3iSbxaKaheRe34Qc38TbN0Nb41ynknvrkLOlQzNp65In0 HTTP/1.1" 200 2
190.27.57.161 - - [16/Dec/2023:22:58:40 -0500] "POST /sipse/faces/presentacion/financiero/solicitudProceso/consultarSolicitudProceso.xhtml HTTP/1.1" 200 34480
190.27.57.161 - - [16/Dec/2023:22:58:41 -0500] "GET /sipse/faces/javax.faces.resource/theme.css?ln=primefaces-sipse HTTP/1.1" 304 -
190.27.57.161 - - [16/Dec/2023:22:58:41 -0500] "GET /sipse/faces/javax.faces.resource/primefaces.css?ln=primefaces&v=4.0 HTTP/1.1" 304 -
190.27.57.161 - - [16/Dec/2023:22:58:41 -0500] "GET /sipse/faces/javax.faces.resource/layout/layout.css?ln=primefaces&v=4.0 HTTP/1.1" 304 -
190.27.57.161 - - [16/Dec/2023:22:58:41 -0500] "GET /sipse/faces/javax.faces.resource/jquery/jquery.js?ln=primefaces&v=4.0 HTTP/1.1" 304 -
190.27.57.161 - - [16/Dec/2023:22:58:41 -0500] "GET /sipse/faces/javax.faces.resource/jquery/jquery-plugins.js?ln=primefaces&v=4.0 HTTP/1.1" 304 -
190.27.57.161 - - [16/Dec/2023:22:58:41 -0500] "GET /sipse/css/imagen/contrasena.png HTTP/1.1" 404 383
190.27.57.161 - - [16/Dec/2023:22:58:41 -0500] "GET /sipse/faces/javax.faces.resource/primefaces.js?ln=primefaces&v=4.0 HTTP/1.1" 304 -
190.27.57.161 - - [16/Dec/2023:22:58:41 -0500] "GET /sipse/faces/javax.faces.resource/layout/layout.js?ln=primefaces&v=4.0 HTTP/1.1" 304 -
190.27.57.161 - - [16/Dec/2023:22:58:41 -0500] "POST /sipse/faces/presentacion/financiero/solicitudProceso/listarSolicitudProceso.xhtml HTTP/1.1" 200 27750
190.27.57.161 - - [16/Dec/2023:22:58:41 -0500] "POST /sipse/faces/presentacion/financiero/solicitudProceso/listarSolicitudProceso.xhtml HTTP/1.1" 200 27750
190.27.57.161 - - [16/Dec/2023:22:58:41 -0500] "POST /sipse/faces/presentacion/financiero/solicitudProceso/listarSolicitudProceso.xhtml HTTP/1.1" 200 27750
190.27.57.161 - - [16/Dec/2023:22:58:42 -0500] "POST /sipse/faces/presentacion/financiero/solicitudProceso/listarSolicitudProceso.xhtml HTTP/1.1" 200 27750
190.27.57.161 - - [16/Dec/2023:22:58:42 -0500] "POST /sipse/faces/presentacion/financiero/solicitudProceso/listarSolicitudProceso.xhtml HTTP/1.1" 200 1396
190.27.57.161 - - [16/Dec/2023:22:58:42 -0500] "POST /sipse/faces/presentacion/financiero/solicitudProceso/listarSolicitudProceso.xhtml HTTP/1.1" 200 1392
190.27.57.161 - - [16/Dec/2023:22:58:42 -0500] "POST /sipse/faces/presentacion/financiero/solicitudProceso/listarSolicitudProceso.xhtml HTTP/1.1" 200 1400
190.27.57.161 - - [16/Dec/2023:22:58:42 -0500] "POST /sipse/faces/presentacion/financiero/solicitudProceso/listarSolicitudProceso.xhtml HTTP/1.1" 200 1392
190.27.57.161 - - [16/Dec/2023:22:58:42 -0500] "POST /sipse/faces/presentacion/financiero/solicitudProceso/listarSolicitudProceso.xhtml HTTP/1.1" 200 1400
201.245.192.253 - - [16/Dec/2023:22:58:44 -0500] "POST /forms/lservlet;jsessionid=ac16012b30d665b9d6b5cea24731bd918aefbc6c9e46.e3iSbxaKaheRe34Qc38TbN0Nb41ynknvrkLOlQzNp65In0 HTTP/1.1" 200 2
190.27.57.161 - - [16/Dec/2023:22:59:00 -0500] "POST /sipse/faces/presentacion/financiero/solicitudProceso/listarSolicitudProceso.xhtml HTTP/1.1" 200 5013
190.27.57.161 - - [16/Dec/2023:22:59:15 -0500] "POST /sipse/faces/presentacion/financiero/solicitudProceso/listarSolicitudProceso.xhtml HTTP/1.1" 200 142907
190.27.57.161 - - [16/Dec/2023:22:59:16 -0500] "GET /sipse/faces/javax.faces.resource/theme.css?ln=primefaces-sipse HTTP/1.1" 304 -
190.27.57.161 - - [16/Dec/2023:22:59:16 -0500] "GET /sipse/faces/javax.faces.resource/layout/layout.css?ln=primefaces&v=4.0 HTTP/1.1" 304 -
190.27.57.161 - - [16/Dec/2023:22:59:16 -0500] "GET /sipse/faces/javax.faces.resource/primefaces.css?ln=primefaces&v=4.0 HTTP/1.1" 304 -
190.27.57.161 - - [16/Dec/2023:22:59:16 -0500] "GET /sipse/faces/javax.faces.resource/jquery/jquery.js?ln=primefaces&v=4.0 HTTP/1.1" 304 -
190.27.57.161 - - [16/Dec/2023:22:59:16 -0500] "GET /sipse/faces/javax.faces.resource/jquery/jquery-plugins.js?ln=primefaces&v=4.0 HTTP/1.1" 304 -
190.27.57.161 - - [16/Dec/2023:22:59:16 -0500] "GET /sipse/faces/javax.faces.resource/primefaces.js?ln=primefaces&v=4.0 HTTP/1.1" 304 -
190.27.57.161 - - [16/Dec/2023:22:59:16 -0500] "GET /sipse/faces/javax.faces.resource/layout/layout.js?ln=primefaces&v=4.0 HTTP/1.1" 304 -
190.27.57.161 - - [16/Dec/2023:22:59:17 -0500] "GET /sipse/css/imagen/contrasena.png HTTP/1.1" 404 383
190.27.57.161 - - [16/Dec/2023:22:59:18 -0500] "GET /sipse/faces/javax.faces.resource/dynamiccontent.properties?ln=primefaces&pfdrid=XjOR5%2F%2FfPAZAuY9TpWQeCiM0BhlXxYRBGKi%2FQcXXfeA%3D&pfdrid_c=false HTTP/1.1" 500 383
190.27.57.161 - - [16/Dec/2023:22:59:24 -0500] "POST /sipse/faces/presentacion/financiero/solicitudProceso/consultarSolicitudProceso.xhtml HTTP/1.1" 200 116975
173.252.107.10 - - [16/Dec/2023:22:59:31 -0500] "GET /distrito-firma-siete-nuevos-pagos-por-servicios-ambientales-en-la-ruralidad-de-bogota-ya-van-mas-de-1100-hectareas.html HTTP/1.1" 200 853
66.249.66.19 - - [16/Dec/2023:22:59:52 -0500] "GET /BLA/resoluciones/RESOLUCIONES%202010/2426.pdf HTTP/1.1" 200 489392
190.27.57.161 - - [16/Dec/2023:23:00:02 -0500] "POST /sipse/faces/presentacion/financiero/solicitudProceso/consultarSolicitudProceso.xhtml HTTP/1.1" 200 5562
201.245.192.253 - - [16/Dec/2023:23:00:08 -0500] "POST /forms/lservlet;jsessionid=ac16012b30d68f87e6b31bdd4159a82faa45787d3329.e3iSbxaKaheRe34Qc38TbN0Nb41ynknvrkLOlQzNp65In0 HTTP/1.1" 200 2
172.22.2.4 - - [16/Dec/2023:22:58:59 -0500] "HEAD /BLA/boletinlegal/ HTTP/1.1" 200 -
201.245.192.253 - - [16/Dec/2023:23:00:44 -0500] "POST /forms/lservlet;jsessionid=ac16012b30d665b9d6b5cea24731bd918aefbc6c9e46.e3iSbxaKaheRe34Qc38TbN0Nb41ynknvrkLOlQzNp65In0 HTTP/1.1" 200 2
66.249.66.20 - - [16/Dec/2023:23:00:57 -0500] "GET /BLA/resoluciones/AUTOS%202011/5753.pdf HTTP/1.1" 200 201036
172.22.2.4 - - [16/Dec/2023:22:59:50 -0500] "GET /BLA/boletinlegal/ HTTP/1.1" 200 61018
201.245.192.253 - - [16/Dec/2023:23:01:48 -0500] "POST /kwsrmcab/Wsrmcab  HTTP/1.1" 200 37894
201.245.192.253 - - [16/Dec/2023:23:02:08 -0500] "POST /forms/lservlet;jsessionid=ac16012b30d68f87e6b31bdd4159a82faa45787d3329.e3iSbxaKaheRe34Qc38TbN0Nb41ynknvrkLOlQzNp65In0 HTTP/1.1" 200 2
201.245.192.253 - - [16/Dec/2023:23:02:44 -0500] "POST /forms/lservlet;jsessionid=ac16012b30d665b9d6b5cea24731bd918aefbc6c9e46.e3iSbxaKaheRe34Qc38TbN0Nb41ynknvrkLOlQzNp65In0 HTTP/1.1" 200 2
216.245.221.92 - - [16/Dec/2023:23:02:48 -0500] "HEAD / HTTP/1.1" 200 -
201.245.192.253 - - [16/Dec/2023:23:04:08 -0500] "POST /forms/lservlet;jsessionid=ac16012b30d68f87e6b31bdd4159a82faa45787d3329.e3iSbxaKaheRe34Qc38TbN0Nb41ynknvrkLOlQzNp65In0 HTTP/1.1" 200 2
201.245.192.253 - - [16/Dec/2023:23:04:44 -0500] "POST /forms/lservlet;jsessionid=ac16012b30d665b9d6b5cea24731bd918aefbc6c9e46.e3iSbxaKaheRe34Qc38TbN0Nb41ynknvrkLOlQzNp65In0 HTTP/1.1" 200 2
216.244.66.195 - - [16/Dec/2023:23:05:06 -0500] "GET /robots.txt HTTP/1.1" 404 1018
201.245.192.253 - - [16/Dec/2023:23:06:08 -0500] "POST /forms/lservlet;jsessionid=ac16012b30d68f87e6b31bdd4159a82faa45787d3329.e3iSbxaKaheRe34Qc38TbN0Nb41ynknvrkLOlQzNp65In0 HTTP/1.1" 200 2
172.22.2.4 - - [16/Dec/2023:23:04:49 -0500] "HEAD /BLA/boletinlegal/ HTTP/1.1" 200 -
201.245.192.253 - - [16/Dec/2023:23:06:44 -0500] "POST /forms/lservlet;jsessionid=ac16012b30d665b9d6b5cea24731bd918aefbc6c9e46.e3iSbxaKaheRe34Qc38TbN0Nb41ynknvrkLOlQzNp65In0 HTTP/1.1" 200 2
66.249.66.21 - - [16/Dec/2023:23:06:48 -0500] "GET /BLA/resoluciones/RESOLUCIONES%202009/7410.pdf HTTP/1.1" 200 847032
201.245.192.253 - - [16/Dec/2023:23:06:46 -0500] "POST /kwsrmcab/Wsrmcab  HTTP/1.1" 200 37894
172.22.2.4 - - [16/Dec/2023:23:05:40 -0500] "GET /BLA/boletinlegal/ HTTP/1.1" 200 58294
216.245.221.92 - - [16/Dec/2023:23:07:48 -0500] "HEAD / HTTP/1.1" 200 -
40.77.167.53 - - [16/Dec/2023:23:07:49 -0500] "GET /BLA/resoluciones/AUTOS%202021/5820.pdf HTTP/1.1" 304 -
201.245.192.253 - - [16/Dec/2023:23:08:08 -0500] "POST /forms/lservlet;jsessionid=ac16012b30d68f87e6b31bdd4159a82faa45787d3329.e3iSbxaKaheRe34Qc38TbN0Nb41ynknvrkLOlQzNp65In0 HTTP/1.1" 200 2
40.77.167.235 - - [16/Dec/2023:23:08:37 -0500] "GET /BLA/resoluciones/AUTOS%202021/1653.pdf HTTP/1.1" 304 -
201.245.192.253 - - [16/Dec/2023:23:08:44 -0500] "POST /forms/lservlet;jsessionid=ac16012b30d665b9d6b5cea24731bd918aefbc6c9e46.e3iSbxaKaheRe34Qc38TbN0Nb41ynknvrkLOlQzNp65In0 HTTP/1.1" 200 2
201.245.192.253 - - [16/Dec/2023:23:10:08 -0500] "POST /forms/lservlet;jsessionid=ac16012b30d68f87e6b31bdd4159a82faa45787d3329.e3iSbxaKaheRe34Qc38TbN0Nb41ynknvrkLOlQzNp65In0 HTTP/1.1" 200 2
201.245.192.253 - - [16/Dec/2023:23:10:44 -0500] "POST /forms/lservlet;jsessionid=ac16012b30d665b9d6b5cea24731bd918aefbc6c9e46.e3iSbxaKaheRe34Qc38TbN0Nb41ynknvrkLOlQzNp65In0 HTTP/1.1" 200 2
191.156.50.3 - - [16/Dec/2023:23:10:46 -0500] "POST /sipse/faces/presentacion/financiero/solicitudProceso/consultarSolicitudProceso.xhtml HTTP/1.1" 200 34640
191.156.50.3 - - [16/Dec/2023:23:10:46 -0500] "GET /sipse/faces/javax.faces.resource/theme.css?ln=primefaces-sipse HTTP/1.1" 304 -
191.156.58.25 - - [16/Dec/2023:23:10:46 -0500] "GET /sipse/faces/javax.faces.resource/primefaces.css?ln=primefaces&v=4.0 HTTP/1.1" 304 -
191.156.52.78 - - [16/Dec/2023:23:10:46 -0500] "GET /sipse/faces/javax.faces.resource/layout/layout.css?ln=primefaces&v=4.0 HTTP/1.1" 304 -
191.156.52.78 - - [16/Dec/2023:23:10:46 -0500] "GET /sipse/faces/javax.faces.resource/jquery/jquery.js?ln=primefaces&v=4.0 HTTP/1.1" 304 -
191.156.52.78 - - [16/Dec/2023:23:10:47 -0500] "GET /sipse/faces/javax.faces.resource/jquery/jquery-plugins.js?ln=primefaces&v=4.0 HTTP/1.1" 304 -
191.156.52.78 - - [16/Dec/2023:23:10:47 -0500] "GET /sipse/faces/javax.faces.resource/primefaces.js?ln=primefaces&v=4.0 HTTP/1.1" 304 -
191.156.52.78 - - [16/Dec/2023:23:10:47 -0500] "GET /sipse/faces/javax.faces.resource/layout/layout.js?ln=primefaces&v=4.0 HTTP/1.1" 304 -
191.156.58.25 - - [16/Dec/2023:23:10:47 -0500] "GET /sipse/css/imagen/contrasena.png HTTP/1.1" 404 383
191.156.52.78 - - [16/Dec/2023:23:10:47 -0500] "POST /sipse/faces/presentacion/financiero/solicitudProceso/listarSolicitudProceso.xhtml HTTP/1.1" 200 27912
191.156.52.78 - - [16/Dec/2023:23:10:48 -0500] "POST /sipse/faces/presentacion/financiero/solicitudProceso/listarSolicitudProceso.xhtml HTTP/1.1" 200 27912
191.156.52.78 - - [16/Dec/2023:23:10:48 -0500] "POST /sipse/faces/presentacion/financiero/solicitudProceso/listarSolicitudProceso.xhtml HTTP/1.1" 200 27912
191.156.52.78 - - [16/Dec/2023:23:10:49 -0500] "POST /sipse/faces/presentacion/financiero/solicitudProceso/listarSolicitudProceso.xhtml HTTP/1.1" 200 27912
191.156.52.78 - - [16/Dec/2023:23:10:49 -0500] "POST /sipse/faces/presentacion/financiero/solicitudProceso/listarSolicitudProceso.xhtml HTTP/1.1" 200 27912
191.156.52.78 - - [16/Dec/2023:23:10:50 -0500] "POST /sipse/faces/presentacion/financiero/solicitudProceso/listarSolicitudProceso.xhtml HTTP/1.1" 200 27912
191.156.52.78 - - [16/Dec/2023:23:10:51 -0500] "POST /sipse/faces/presentacion/financiero/solicitudProceso/listarSolicitudProceso.xhtml HTTP/1.1" 200 27912
191.156.52.78 - - [16/Dec/2023:23:10:51 -0500] "POST /sipse/faces/presentacion/financiero/solicitudProceso/listarSolicitudProceso.xhtml HTTP/1.1" 200 27912
191.156.52.78 - - [16/Dec/2023:23:10:52 -0500] "POST /sipse/faces/presentacion/financiero/solicitudProceso/listarSolicitudProceso.xhtml HTTP/1.1" 200 1396
191.156.52.78 - - [16/Dec/2023:23:10:52 -0500] "POST /sipse/faces/presentacion/financiero/solicitudProceso/listarSolicitudProceso.xhtml HTTP/1.1" 200 1392
191.156.52.78 - - [16/Dec/2023:23:10:52 -0500] "POST /sipse/faces/presentacion/financiero/solicitudProceso/listarSolicitudProceso.xhtml HTTP/1.1" 200 1400
191.156.52.78 - - [16/Dec/2023:23:10:53 -0500] "POST /sipse/faces/presentacion/financiero/solicitudProceso/listarSolicitudProceso.xhtml HTTP/1.1" 200 1392
191.156.52.78 - - [16/Dec/2023:23:10:53 -0500] "POST /sipse/faces/presentacion/financiero/solicitudProceso/listarSolicitudProceso.xhtml HTTP/1.1" 200 1400
191.156.52.78 - - [16/Dec/2023:23:10:53 -0500] "POST /sipse/faces/presentacion/financiero/solicitudProceso/listarSolicitudProceso.xhtml HTTP/1.1" 200 1392
191.156.52.78 - - [16/Dec/2023:23:10:53 -0500] "POST /sipse/faces/presentacion/financiero/solicitudProceso/listarSolicitudProceso.xhtml HTTP/1.1" 200 1400
191.156.52.78 - - [16/Dec/2023:23:10:53 -0500] "POST /sipse/faces/presentacion/financiero/solicitudProceso/listarSolicitudProceso.xhtml HTTP/1.1" 200 1392
191.156.52.78 - - [16/Dec/2023:23:10:54 -0500] "POST /sipse/faces/presentacion/financiero/solicitudProceso/listarSolicitudProceso.xhtml HTTP/1.1" 200 1400
191.156.53.225 - - [16/Dec/2023:23:10:58 -0500] "POST /sipse/faces/presentacion/financiero/solicitudProceso/listarSolicitudProceso.xhtml HTTP/1.1" 200 5068
191.156.53.225 - - [16/Dec/2023:23:11:01 -0500] "POST /sipse/faces/presentacion/financiero/solicitudProceso/listarSolicitudProceso.xhtml HTTP/1.1" 200 111727
191.156.53.225 - - [16/Dec/2023:23:11:03 -0500] "GET /sipse/faces/javax.faces.resource/theme.css?ln=primefaces-sipse HTTP/1.1" 304 -
191.156.58.25 - - [16/Dec/2023:23:11:03 -0500] "GET /sipse/faces/javax.faces.resource/jquery/jquery.js?ln=primefaces&v=4.0 HTTP/1.1" 304 -
191.156.58.25 - - [16/Dec/2023:23:11:03 -0500] "GET /sipse/faces/javax.faces.resource/primefaces.css?ln=primefaces&v=4.0 HTTP/1.1" 304 -
191.156.53.225 - - [16/Dec/2023:23:11:03 -0500] "GET /sipse/faces/javax.faces.resource/layout/layout.css?ln=primefaces&v=4.0 HTTP/1.1" 304 -
191.156.58.25 - - [16/Dec/2023:23:11:03 -0500] "GET /sipse/faces/javax.faces.resource/jquery/jquery-plugins.js?ln=primefaces&v=4.0 HTTP/1.1" 304 -
191.156.58.25 - - [16/Dec/2023:23:11:03 -0500] "GET /sipse/faces/javax.faces.resource/primefaces.js?ln=primefaces&v=4.0 HTTP/1.1" 304 -
191.156.58.25 - - [16/Dec/2023:23:11:03 -0500] "GET /sipse/faces/javax.faces.resource/layout/layout.js?ln=primefaces&v=4.0 HTTP/1.1" 304 -
191.156.58.25 - - [16/Dec/2023:23:11:04 -0500] "GET /sipse/css/imagen/contrasena.png HTTP/1.1" 404 383
191.156.52.78 - - [16/Dec/2023:23:11:36 -0500] "POST /sipse/faces/presentacion/financiero/solicitudProceso/consultarSolicitudProceso.xhtml HTTP/1.1" 200 194652
191.156.52.78 - - [16/Dec/2023:23:11:40 -0500] "POST /sipse/faces/presentacion/financiero/solicitudProceso/consultarSolicitudProceso.xhtml HTTP/1.1" 200 180079
191.156.52.78 - - [16/Dec/2023:23:11:43 -0500] "POST /sipse/faces/presentacion/financiero/solicitudProceso/consultarSolicitudProceso.xhtml HTTP/1.1" 200 5457
191.156.52.78 - - [16/Dec/2023:23:11:43 -0500] "GET /sipse/faces/javax.faces.resource/dynamiccontent.properties?ln=primefaces&pfdrid=XjOR5%2F%2FfPAZAuY9TpWQeCiM0BhlXxYRBGKi%2FQcXXfeA%3D&pfdrid_c=false HTTP/1.1" 200 117283
201.245.192.253 - - [16/Dec/2023:23:11:45 -0500] "POST /kwsrmcab/Wsrmcab  HTTP/1.1" 200 37894
191.156.58.25 - - [16/Dec/2023:23:11:38 -0500] "POST /sipse/faces/presentacion/financiero/solicitudProceso/consultarSolicitudProceso.xhtml HTTP/1.1" 200 2154800
201.245.192.253 - - [16/Dec/2023:23:12:08 -0500] "POST /forms/lservlet;jsessionid=ac16012b30d68f87e6b31bdd4159a82faa45787d3329.e3iSbxaKaheRe34Qc38TbN0Nb41ynknvrkLOlQzNp65In0 HTTP/1.1" 200 2
172.22.2.4 - - [16/Dec/2023:23:10:39 -0500] "HEAD /BLA/boletinlegal/ HTTP/1.1" 200 -
201.245.192.253 - - [16/Dec/2023:23:12:44 -0500] "POST /forms/lservlet;jsessionid=ac16012b30d665b9d6b5cea24731bd918aefbc6c9e46.e3iSbxaKaheRe34Qc38TbN0Nb41ynknvrkLOlQzNp65In0 HTTP/1.1" 200 2
216.245.221.92 - - [16/Dec/2023:23:12:48 -0500] "HEAD / HTTP/1.1" 200 -
172.22.2.4 - - [16/Dec/2023:23:11:30 -0500] "GET /BLA/boletinlegal/ HTTP/1.1" 200 58644
2.56.247.167 - - [16/Dec/2023:23:13:30 -0500] "GET / HTTP/1.1" 200 319
172.22.2.4 - - [16/Dec/2023:23:13:52 -0500] "GET /BLA/boletinlegal/.git/config HTTP/1.1" 404 1018
172.22.2.4 - - [16/Dec/2023:23:13:54 -0500] "GET /BLA/boletinlegal/config.json HTTP/1.1" 404 1018
172.22.2.4 - - [16/Dec/2023:23:13:54 -0500] "GET /BLA/boletinlegal/.env HTTP/1.1" 404 1018
172.22.2.4 - - [16/Dec/2023:23:13:55 -0500] "GET /BLA/boletinlegal/telescope/requests HTTP/1.1" 404 1018
172.22.2.4 - - [16/Dec/2023:23:13:56 -0500] "GET /BLA/boletinlegal/info.php HTTP/1.1" 404 1018
201.245.192.253 - - [16/Dec/2023:23:14:08 -0500] "POST /forms/lservlet;jsessionid=ac16012b30d68f87e6b31bdd4159a82faa45787d3329.e3iSbxaKaheRe34Qc38TbN0Nb41ynknvrkLOlQzNp65In0 HTTP/1.1" 200 2
172.22.2.4 - - [16/Dec/2023:23:13:45 -0500] "GET /BLA/boletinlegal/ HTTP/1.1" 200 20427
201.245.192.253 - - [16/Dec/2023:23:14:44 -0500] "POST /forms/lservlet;jsessionid=ac16012b30d665b9d6b5cea24731bd918aefbc6c9e46.e3iSbxaKaheRe34Qc38TbN0Nb41ynknvrkLOlQzNp65In0 HTTP/1.1" 200 2
66.249.66.19 - - [16/Dec/2023:23:15:49 -0500] "GET /BLA/resoluciones/RESOLUCIONES%202009/1087.pdf HTTP/1.1" 200 276095
201.245.192.253 - - [16/Dec/2023:23:15:52 -0500] "POST /kwsrmcab/Wsrmcab HTTP/1.1" 200 38432
201.245.192.253 - - [16/Dec/2023:23:15:55 -0500] "POST /kwsrmcab/Wsrmcab HTTP/1.1" 200 39367
201.245.192.253 - - [16/Dec/2023:23:16:08 -0500] "POST /forms/lservlet;jsessionid=ac16012b30d68f87e6b31bdd4159a82faa45787d3329.e3iSbxaKaheRe34Qc38TbN0Nb41ynknvrkLOlQzNp65In0 HTTP/1.1" 200 2
66.249.66.21 - - [16/Dec/2023:23:16:19 -0500] "GET /BLA/resoluciones/RESOLUCIONES%202009/7105.pdf HTTP/1.1" 200 130000
201.245.192.253 - - [16/Dec/2023:23:16:44 -0500] "POST /forms/lservlet;jsessionid=ac16012b30d665b9d6b5cea24731bd918aefbc6c9e46.e3iSbxaKaheRe34Qc38TbN0Nb41ynknvrkLOlQzNp65In0 HTTP/1.1" 200 2
201.245.192.253 - - [16/Dec/2023:23:16:44 -0500] "POST /kwsrmcab/Wsrmcab  HTTP/1.1" 200 37894
216.245.221.92 - - [16/Dec/2023:23:17:48 -0500] "HEAD / HTTP/1.1" 200 -
201.245.192.253 - - [16/Dec/2023:23:18:08 -0500] "POST /forms/lservlet;jsessionid=ac16012b30d68f87e6b31bdd4159a82faa45787d3329.e3iSbxaKaheRe34Qc38TbN0Nb41ynknvrkLOlQzNp65In0 HTTP/1.1" 200 2
172.22.2.4 - - [16/Dec/2023:23:16:29 -0500] "HEAD /BLA/boletinlegal/ HTTP/1.1" 200 -
52.167.144.181 - - [16/Dec/2023:23:18:10 -0500] "GET /portaldeninos/2021/06/29/jasbleady-castaneda-una-mujer-que-le-pone-el-alma-a-la-proteccion-de-las-tinguas-azules/ HTTP/1.1" 200 108388
201.245.192.253 - - [16/Dec/2023:23:18:44 -0500] "POST /forms/lservlet;jsessionid=ac16012b30d665b9d6b5cea24731bd918aefbc6c9e46.e3iSbxaKaheRe34Qc38TbN0Nb41ynknvrkLOlQzNp65In0 HTTP/1.1" 200 2
52.167.144.181 - - [16/Dec/2023:23:18:51 -0500] "GET /portaldeninos/wp-content/plugins/gallery-videos/CSS/Total-Soft-Gallery-Video-Widget.css?ver=4.9.8 HTTP/1.1" 200 51554
52.167.144.181 - - [16/Dec/2023:23:18:52 -0500] "GET /portaldeninos/wp-content/plugins/gallery-videos/CSS/totalsoft.css?ver=4.9.8 HTTP/1.1" 200 40622
52.167.144.181 - - [16/Dec/2023:23:18:52 -0500] "GET /portaldeninos/wp-content/plugins/gallery-videos/JS/modernizr.custom.js?ver=4.9.8 HTTP/1.1" 200 9019
52.167.144.181 - - [16/Dec/2023:23:18:52 -0500] "GET /portaldeninos/wp-content/uploads/useanyfont/uaf.css?ver=1589905315 HTTP/1.1" 200 408
52.167.144.181 - - [16/Dec/2023:23:18:52 -0500] "GET /portaldeninos/wp-includes/js/comment-reply.min.js?ver=4.9.8 HTTP/1.1" 200 1078
157.55.39.54 - - [16/Dec/2023:23:18:56 -0500] "GET /portaldeninos/wp-content/themes/betheme/assets/animations/animations.min.css?ver=20.9.6 HTTP/1.1" 200 58508
207.46.13.64 - - [16/Dec/2023:23:18:56 -0500] "GET /portaldeninos/wp-content/themes/betheme/assets/jplayer/jplayer.min.js?ver=20.9.6 HTTP/1.1" 200 52702
157.55.39.54 - - [16/Dec/2023:23:18:57 -0500] "GET /portaldeninos/wp-includes/js/jquery/ui/accordion.min.js?ver=1.11.4 HTTP/1.1" 200 8584
157.55.39.54 - - [16/Dec/2023:23:18:57 -0500] "GET /portaldeninos/wp-includes/js/wp-embed.min.js?ver=4.9.8 HTTP/1.1" 200 1398
172.22.2.4 - - [16/Dec/2023:23:17:20 -0500] "GET /BLA/boletinlegal/ HTTP/1.1" 200 61018
207.46.13.64 - - [16/Dec/2023:23:19:06 -0500] "GET /portaldeninos/wp-content/themes/betheme/fonts/mfn-icons.ttf?93978679 HTTP/1.1" 200 124684
216.244.66.195 - - [16/Dec/2023:23:19:15 -0500] "GET /BLA/resoluciones/AUTOS%202016/0461.pdf HTTP/1.1" 200 730144
216.244.66.195 - - [16/Dec/2023:23:19:45 -0500] "GET /BLA/resoluciones/AUTOS%202016/0627.pdf HTTP/1.1" 200 472874
201.245.192.253 - - [16/Dec/2023:23:19:43 -0500] "POST /kwsrmcab/Wsrmcab HTTP/1.1" 200 38432
201.245.192.253 - - [16/Dec/2023:23:19:48 -0500] "POST /kwsrmcab/Wsrmcab HTTP/1.1" 200 39367
216.244.66.195 - - [16/Dec/2023:23:20:08 -0500] "GET /BLA/resoluciones/AUTOS%202016/0673.pdf HTTP/1.1" 200 486400
201.245.192.253 - - [16/Dec/2023:23:20:08 -0500] "POST /forms/lservlet;jsessionid=ac16012b30d68f87e6b31bdd4159a82faa45787d3329.e3iSbxaKaheRe34Qc38TbN0Nb41ynknvrkLOlQzNp65In0 HTTP/1.1" 200 2
191.156.50.3 - - [16/Dec/2023:23:20:24 -0500] "POST /sipse/faces/presentacion/financiero/solicitudProceso/consultarSolicitudProceso.xhtml HTTP/1.1" 200 180079
201.245.192.253 - - [16/Dec/2023:23:20:44 -0500] "POST /forms/lservlet;jsessionid=ac16012b30d665b9d6b5cea24731bd918aefbc6c9e46.e3iSbxaKaheRe34Qc38TbN0Nb41ynknvrkLOlQzNp65In0 HTTP/1.1" 200 2
216.244.66.195 - - [16/Dec/2023:23:20:58 -0500] "GET /BLA/resoluciones/AUTOS%202016/0738.pdf HTTP/1.1" 200 503196
47.128.62.219 - - [16/Dec/2023:23:21:19 -0500] "GET /BLA/resoluciones/index.php?dir=RESOLUCIONES+CONJUNTAS%2F HTTP/1.1" 200 4762
47.128.62.219 - - [16/Dec/2023:23:21:21 -0500] "GET /BLA/resoluciones/dlf/pdf.gif HTTP/1.1" 200 272
47.128.62.219 - - [16/Dec/2023:23:21:22 -0500] "GET /BLA/resoluciones/dlf/dirup.png HTTP/1.1" 200 644
66.249.66.194 - - [16/Dec/2023:23:21:31 -0500] "GET /privados-y-distrito-inauguraron-vivero-en-la-reserva-van-der-hammen-con-capacidad-para-producir-50-mil-arboles-al-ano.html HTTP/1.1" 200 899
47.128.61.119 - - [16/Dec/2023:23:21:32 -0500] "GET /BLA/resoluciones/index.php?dir=RESOLUCIONES+2000%2F HTTP/1.1" 200 29016
47.128.61.119 - - [16/Dec/2023:23:21:33 -0500] "GET /BLA/resoluciones/dlf/dirup.png HTTP/1.1" 200 644
47.128.61.119 - - [16/Dec/2023:23:21:33 -0500] "GET /BLA/resoluciones/dlf/unknown.png HTTP/1.1" 200 266
47.128.61.119 - - [16/Dec/2023:23:21:33 -0500] "GET /BLA/resoluciones/dlf/pdf.gif HTTP/1.1" 200 272
201.245.192.253 - - [16/Dec/2023:23:21:43 -0500] "POST /kwsrmcab/Wsrmcab  HTTP/1.1" 200 37894
216.244.66.195 - - [16/Dec/2023:23:21:48 -0500] "GET /BLA/resoluciones/AUTOS%202016/0780.pdf HTTP/1.1" 200 478496
201.245.192.253 - - [16/Dec/2023:23:22:08 -0500] "POST /forms/lservlet;jsessionid=ac16012b30d68f87e6b31bdd4159a82faa45787d3329.e3iSbxaKaheRe34Qc38TbN0Nb41ynknvrkLOlQzNp65In0 HTTP/1.1" 200 2
216.244.66.195 - - [16/Dec/2023:23:22:38 -0500] "GET /BLA/resoluciones/AUTOS%202016/1014.pdf HTTP/1.1" 200 547800
201.245.192.253 - - [16/Dec/2023:23:22:44 -0500] "POST /forms/lservlet;jsessionid=ac16012b30d665b9d6b5cea24731bd918aefbc6c9e46.e3iSbxaKaheRe34Qc38TbN0Nb41ynknvrkLOlQzNp65In0 HTTP/1.1" 200 2
172.22.2.4 - - [16/Dec/2023:23:22:45 -0500] "GET /BLA/boletinlegal/robots.txt HTTP/1.1" 404 1038
216.245.221.92 - - [16/Dec/2023:23:22:48 -0500] "HEAD / HTTP/1.1" 200 -
216.244.66.195 - - [16/Dec/2023:23:23:28 -0500] "GET /BLA/resoluciones/AUTOS%202016/1812.pdf HTTP/1.1" 200 636453
172.22.2.4 - - [16/Dec/2023:23:22:19 -0500] "HEAD /BLA/boletinlegal/ HTTP/1.1" 200 -
201.245.192.253 - - [16/Dec/2023:23:24:08 -0500] "POST /forms/lservlet;jsessionid=ac16012b30d68f87e6b31bdd4159a82faa45787d3329.e3iSbxaKaheRe34Qc38TbN0Nb41ynknvrkLOlQzNp65In0 HTTP/1.1" 200 2
216.244.66.195 - - [16/Dec/2023:23:24:19 -0500] "GET /BLA/resoluciones/AUTOS%202016/1964.pdf HTTP/1.1" 200 333764
172.22.2.4 - - [16/Dec/2023:23:22:47 -0500] "GET /BLA/boletinlegal/ HTTP/1.1" 200 49475
66.249.66.19 - - [16/Dec/2023:23:24:39 -0500] "GET /BLA/resoluciones/AUTOS%202008/3176.pdf HTTP/1.1" 200 197883
201.245.192.253 - - [16/Dec/2023:23:24:44 -0500] "POST /forms/lservlet;jsessionid=ac16012b30d665b9d6b5cea24731bd918aefbc6c9e46.e3iSbxaKaheRe34Qc38TbN0Nb41ynknvrkLOlQzNp65In0 HTTP/1.1" 200 2
172.22.2.4 - - [16/Dec/2023:23:23:10 -0500] "GET /BLA/boletinlegal/ HTTP/1.1" 200 51732
190.27.57.161 - - [16/Dec/2023:23:25:02 -0500] "POST /sipse/faces/presentacion/financiero/solicitudProceso/consultarSolicitudProceso.xhtml HTTP/1.1" 200 34458
190.27.57.161 - - [16/Dec/2023:23:25:02 -0500] "GET /sipse/faces/javax.faces.resource/theme.css?ln=primefaces-sipse HTTP/1.1" 304 -
190.27.57.161 - - [16/Dec/2023:23:25:02 -0500] "GET /sipse/faces/javax.faces.resource/layout/layout.css?ln=primefaces&v=4.0 HTTP/1.1" 304 -
190.27.57.161 - - [16/Dec/2023:23:25:02 -0500] "GET /sipse/faces/javax.faces.resource/primefaces.css?ln=primefaces&v=4.0 HTTP/1.1" 304 -
190.27.57.161 - - [16/Dec/2023:23:25:02 -0500] "GET /sipse/faces/javax.faces.resource/jquery/jquery.js?ln=primefaces&v=4.0 HTTP/1.1" 304 -
190.27.57.161 - - [16/Dec/2023:23:25:02 -0500] "GET /sipse/faces/javax.faces.resource/jquery/jquery-plugins.js?ln=primefaces&v=4.0 HTTP/1.1" 304 -
190.27.57.161 - - [16/Dec/2023:23:25:02 -0500] "GET /sipse/faces/javax.faces.resource/primefaces.js?ln=primefaces&v=4.0 HTTP/1.1" 304 -
190.27.57.161 - - [16/Dec/2023:23:25:02 -0500] "GET /sipse/faces/javax.faces.resource/layout/layout.js?ln=primefaces&v=4.0 HTTP/1.1" 304 -
190.27.57.161 - - [16/Dec/2023:23:25:03 -0500] "GET /sipse/css/imagen/contrasena.png HTTP/1.1" 404 383
190.27.57.161 - - [16/Dec/2023:23:25:02 -0500] "POST /sipse/faces/presentacion/financiero/solicitudProceso/listarSolicitudProceso.xhtml HTTP/1.1" 200 27728
190.27.57.161 - - [16/Dec/2023:23:25:03 -0500] "POST /sipse/faces/presentacion/financiero/solicitudProceso/listarSolicitudProceso.xhtml HTTP/1.1" 200 27728
190.27.57.161 - - [16/Dec/2023:23:25:03 -0500] "POST /sipse/faces/presentacion/financiero/solicitudProceso/listarSolicitudProceso.xhtml HTTP/1.1" 200 27728
190.27.57.161 - - [16/Dec/2023:23:25:03 -0500] "POST /sipse/faces/presentacion/financiero/solicitudProceso/listarSolicitudProceso.xhtml HTTP/1.1" 200 27728
190.27.57.161 - - [16/Dec/2023:23:25:04 -0500] "POST /sipse/faces/presentacion/financiero/solicitudProceso/listarSolicitudProceso.xhtml HTTP/1.1" 200 27728
190.27.57.161 - - [16/Dec/2023:23:25:04 -0500] "POST /sipse/faces/presentacion/financiero/solicitudProceso/listarSolicitudProceso.xhtml HTTP/1.1" 200 27728
190.27.57.161 - - [16/Dec/2023:23:25:04 -0500] "POST /sipse/faces/presentacion/financiero/solicitudProceso/listarSolicitudProceso.xhtml HTTP/1.1" 200 1396
190.27.57.161 - - [16/Dec/2023:23:25:04 -0500] "POST /sipse/faces/presentacion/financiero/solicitudProceso/listarSolicitudProceso.xhtml HTTP/1.1" 200 1392
190.27.57.161 - - [16/Dec/2023:23:25:04 -0500] "POST /sipse/faces/presentacion/financiero/solicitudProceso/listarSolicitudProceso.xhtml HTTP/1.1" 200 1400
190.27.57.161 - - [16/Dec/2023:23:25:04 -0500] "POST /sipse/faces/presentacion/financiero/solicitudProceso/listarSolicitudProceso.xhtml HTTP/1.1" 200 1392
190.27.57.161 - - [16/Dec/2023:23:25:04 -0500] "POST /sipse/faces/presentacion/financiero/solicitudProceso/listarSolicitudProceso.xhtml HTTP/1.1" 200 1400
190.27.57.161 - - [16/Dec/2023:23:25:05 -0500] "POST /sipse/faces/presentacion/financiero/solicitudProceso/listarSolicitudProceso.xhtml HTTP/1.1" 200 1392
190.27.57.161 - - [16/Dec/2023:23:25:05 -0500] "POST /sipse/faces/presentacion/financiero/solicitudProceso/listarSolicitudProceso.xhtml HTTP/1.1" 200 1400
216.244.66.195 - - [16/Dec/2023:23:25:12 -0500] "GET /BLA/resoluciones/AUTOS%202016/2150.pdf HTTP/1.1" 200 568775
190.27.57.161 - - [16/Dec/2023:23:25:23 -0500] "POST /sipse/faces/presentacion/financiero/solicitudProceso/listarSolicitudProceso.xhtml HTTP/1.1" 200 5013
201.245.192.253 - - [16/Dec/2023:23:25:51 -0500] "POST /kwsrmcab/Wsrmcab HTTP/1.1" 200 38432
201.245.192.253 - - [16/Dec/2023:23:25:53 -0500] "POST /kwsrmcab/Wsrmcab HTTP/1.1" 200 39367
190.27.57.161 - - [16/Dec/2023:23:25:59 -0500] "POST /sipse/faces/presentacion/financiero/solicitudProceso/listarSolicitudProceso.xhtml HTTP/1.1" 200 141146
190.27.57.161 - - [16/Dec/2023:23:26:00 -0500] "GET /sipse/faces/javax.faces.resource/theme.css?ln=primefaces-sipse HTTP/1.1" 304 -
190.27.57.161 - - [16/Dec/2023:23:26:00 -0500] "GET /sipse/faces/javax.faces.resource/primefaces.css?ln=primefaces&v=4.0 HTTP/1.1" 304 -
190.27.57.161 - - [16/Dec/2023:23:26:00 -0500] "GET /sipse/faces/javax.faces.resource/layout/layout.css?ln=primefaces&v=4.0 HTTP/1.1" 304 -
190.27.57.161 - - [16/Dec/2023:23:26:00 -0500] "GET /sipse/faces/javax.faces.resource/jquery/jquery.js?ln=primefaces&v=4.0 HTTP/1.1" 304 -
190.27.57.161 - - [16/Dec/2023:23:26:00 -0500] "GET /sipse/faces/javax.faces.resource/jquery/jquery-plugins.js?ln=primefaces&v=4.0 HTTP/1.1" 304 -
190.27.57.161 - - [16/Dec/2023:23:26:00 -0500] "GET /sipse/faces/javax.faces.resource/primefaces.js?ln=primefaces&v=4.0 HTTP/1.1" 304 -
190.27.57.161 - - [16/Dec/2023:23:26:00 -0500] "GET /sipse/faces/javax.faces.resource/layout/layout.js?ln=primefaces&v=4.0 HTTP/1.1" 304 -
190.27.57.161 - - [16/Dec/2023:23:26:01 -0500] "GET /sipse/css/imagen/contrasena.png HTTP/1.1" 404 383
190.27.57.161 - - [16/Dec/2023:23:26:01 -0500] "GET /sipse/faces/javax.faces.resource/dynamiccontent.properties?ln=primefaces&pfdrid=XjOR5%2F%2FfPAZAuY9TpWQeCiM0BhlXxYRBGKi%2FQcXXfeA%3D&pfdrid_c=false HTTP/1.1" 500 383
216.244.66.195 - - [16/Dec/2023:23:26:02 -0500] "GET /BLA/resoluciones/AUTOS%202016/2173.pdf HTTP/1.1" 200 553878
201.245.192.253 - - [16/Dec/2023:23:26:08 -0500] "POST /forms/lservlet;jsessionid=ac16012b30d68f87e6b31bdd4159a82faa45787d3329.e3iSbxaKaheRe34Qc38TbN0Nb41ynknvrkLOlQzNp65In0 HTTP/1.1" 200 2
190.27.57.161 - - [16/Dec/2023:23:26:42 -0500] "POST /sipse/faces/presentacion/financiero/solicitudProceso/consultarSolicitudProceso.xhtml HTTP/1.1" 200 116975
201.245.192.253 - - [16/Dec/2023:23:26:44 -0500] "POST /forms/lservlet;jsessionid=ac16012b30d665b9d6b5cea24731bd918aefbc6c9e46.e3iSbxaKaheRe34Qc38TbN0Nb41ynknvrkLOlQzNp65In0 HTTP/1.1" 200 2
201.245.192.253 - - [16/Dec/2023:23:26:42 -0500] "POST /kwsrmcab/Wsrmcab  HTTP/1.1" 200 37894
216.244.66.195 - - [16/Dec/2023:23:26:55 -0500] "GET /BLA/resoluciones/AUTOS%202016/2512.pdf HTTP/1.1" 200 511619
216.244.66.195 - - [16/Dec/2023:23:27:44 -0500] "GET /BLA/resoluciones/AUTOS%202016/2768.pdf HTTP/1.1" 200 653203
216.245.221.92 - - [16/Dec/2023:23:27:48 -0500] "HEAD / HTTP/1.1" 200 -
190.27.57.161 - - [16/Dec/2023:23:27:59 -0500] "POST /sipse/faces/presentacion/financiero/solicitudProceso/consultarSolicitudProceso.xhtml HTTP/1.1" 200 5562
201.245.192.253 - - [16/Dec/2023:23:28:08 -0500] "POST /forms/lservlet;jsessionid=ac16012b30d68f87e6b31bdd4159a82faa45787d3329.e3iSbxaKaheRe34Qc38TbN0Nb41ynknvrkLOlQzNp65In0 HTTP/1.1" 200 2
216.244.66.195 - - [16/Dec/2023:23:28:35 -0500] "GET /BLA/resoluciones/AUTOS%202016/2794.pdf HTTP/1.1" 200 474968
201.245.192.253 - - [16/Dec/2023:23:28:44 -0500] "POST /forms/lservlet;jsessionid=ac16012b30d665b9d6b5cea24731bd918aefbc6c9e46.e3iSbxaKaheRe34Qc38TbN0Nb41ynknvrkLOlQzNp65In0 HTTP/1.1" 200 2
216.244.66.195 - - [16/Dec/2023:23:29:21 -0500] "GET /BLA/resoluciones/AUTOS%202016/3029.pdf HTTP/1.1" 200 415151
201.245.192.253 - - [16/Dec/2023:23:29:44 -0500] "POST /kwsrmcab/Wsrmcab HTTP/1.1" 200 38432
172.22.2.4 - - [16/Dec/2023:23:28:09 -0500] "HEAD /BLA/boletinlegal/ HTTP/1.1" 200 -
201.245.192.253 - - [16/Dec/2023:23:29:48 -0500] "POST /kwsrmcab/Wsrmcab HTTP/1.1" 200 39367
201.245.192.253 - - [16/Dec/2023:23:30:08 -0500] "POST /forms/lservlet;jsessionid=ac16012b30d68f87e6b31bdd4159a82faa45787d3329.e3iSbxaKaheRe34Qc38TbN0Nb41ynknvrkLOlQzNp65In0 HTTP/1.1" 200 2
216.244.66.195 - - [16/Dec/2023:23:30:11 -0500] "GET /BLA/resoluciones/AUTOS%202016/3118.pdf HTTP/1.1" 200 483421
172.22.2.4 - - [16/Dec/2023:23:29:00 -0500] "GET /BLA/boletinlegal/ HTTP/1.1" 200 58644
201.245.192.253 - - [16/Dec/2023:23:30:44 -0500] "POST /forms/lservlet;jsessionid=ac16012b30d665b9d6b5cea24731bd918aefbc6c9e46.e3iSbxaKaheRe34Qc38TbN0Nb41ynknvrkLOlQzNp65In0 HTTP/1.1" 200 2
216.244.66.195 - - [16/Dec/2023:23:31:01 -0500] "GET /BLA/resoluciones/AUTOS%202007/1952.pdf HTTP/1.1" 200 91060
216.244.66.195 - - [16/Dec/2023:23:31:38 -0500] "GET /BLA/resoluciones/AUTOS%202004/0990.pdf HTTP/1.1" 200 78792
201.245.192.253 - - [16/Dec/2023:23:31:40 -0500] "POST /kwsrmcab/Wsrmcab  HTTP/1.1" 200 37894
201.245.192.253 - - [16/Dec/2023:23:32:08 -0500] "POST /forms/lservlet;jsessionid=ac16012b30d68f87e6b31bdd4159a82faa45787d3329.e3iSbxaKaheRe34Qc38TbN0Nb41ynknvrkLOlQzNp65In0 HTTP/1.1" 200 2
216.244.66.195 - - [16/Dec/2023:23:32:09 -0500] "GET /BLA/resoluciones/AUTOS%202007/1883.pdf HTTP/1.1" 200 65913
216.244.66.195 - - [16/Dec/2023:23:32:40 -0500] "GET /BLA/resoluciones/AUTOS%202010/0056.pdf HTTP/1.1" 200 199153
201.245.192.253 - - [16/Dec/2023:23:32:44 -0500] "POST /forms/lservlet;jsessionid=ac16012b30d665b9d6b5cea24731bd918aefbc6c9e46.e3iSbxaKaheRe34Qc38TbN0Nb41ynknvrkLOlQzNp65In0 HTTP/1.1" 200 2
216.245.221.92 - - [16/Dec/2023:23:32:48 -0500] "HEAD / HTTP/1.1" 200 -
216.244.66.195 - - [16/Dec/2023:23:33:20 -0500] "GET /BLA/resoluciones/AUTOS%202010/0145.pdf HTTP/1.1" 200 185791
172.22.2.4 - - [16/Dec/2023:23:33:24 -0500] "GET /BLA/boletinlegal/jurisprudencia.php HTTP/1.1" 200 17583
172.22.2.4 - - [16/Dec/2023:23:33:38 -0500] "GET /BLA/boletinlegal/js/lib.js HTTP/1.1" 200 6474
172.22.2.4 - - [16/Dec/2023:23:33:46 -0500] "GET /BLA/boletinlegal/js/jquery1.js HTTP/1.1" 200 29846
172.22.2.4 - - [16/Dec/2023:23:33:46 -0500] "GET /BLA/boletinlegal/js/popup.js HTTP/1.1" 200 1270
216.244.66.195 - - [16/Dec/2023:23:33:56 -0500] "GET /BLA/resoluciones/AUTOS%202010/0420.pdf HTTP/1.1" 200 241264
201.245.192.253 - - [16/Dec/2023:23:34:08 -0500] "POST /forms/lservlet;jsessionid=ac16012b30d68f87e6b31bdd4159a82faa45787d3329.e3iSbxaKaheRe34Qc38TbN0Nb41ynknvrkLOlQzNp65In0 HTTP/1.1" 200 2
66.249.66.20 - - [16/Dec/2023:23:34:28 -0500] "GET /BLA/resoluciones/AUTOS%202013/2203.pdf HTTP/1.1" 200 573228
172.22.2.4 - - [16/Dec/2023:23:32:50 -0500] "GET /BLA/boletinlegal/ HTTP/1.1" 200 59827
216.244.66.195 - - [16/Dec/2023:23:34:38 -0500] "GET /BLA/resoluciones/AUTOS%202010/0536.pdf HTTP/1.1" 200 180673
201.245.192.253 - - [16/Dec/2023:23:34:44 -0500] "POST /forms/lservlet;jsessionid=ac16012b30d665b9d6b5cea24731bd918aefbc6c9e46.e3iSbxaKaheRe34Qc38TbN0Nb41ynknvrkLOlQzNp65In0 HTTP/1.1" 200 2
216.244.66.195 - - [16/Dec/2023:23:35:14 -0500] "GET /BLA/resoluciones/AUTOS%202010/0849.pdf HTTP/1.1" 200 183847
191.156.49.46 - - [16/Dec/2023:23:35:25 -0500] "POST /sipse/faces/presentacion/financiero/solicitudProceso/consultarSolicitudProceso.xhtml HTTP/1.1" 200 4757
191.156.49.46 - - [16/Dec/2023:23:35:27 -0500] "POST /sipse/faces/presentacion/financiero/solicitudProceso/consultarSolicitudProceso.xhtml HTTP/1.1" 200 35183
191.156.49.46 - - [16/Dec/2023:23:35:27 -0500] "GET /sipse/faces/javax.faces.resource/theme.css?ln=primefaces-sipse HTTP/1.1" 304 -
191.156.58.25 - - [16/Dec/2023:23:35:27 -0500] "GET /sipse/faces/javax.faces.resource/jquery/jquery.js?ln=primefaces&v=4.0 HTTP/1.1" 304 -
191.156.49.119 - - [16/Dec/2023:23:35:27 -0500] "GET /sipse/faces/javax.faces.resource/primefaces.css?ln=primefaces&v=4.0 HTTP/1.1" 304 -
191.156.49.46 - - [16/Dec/2023:23:35:27 -0500] "GET /sipse/faces/javax.faces.resource/layout/layout.css?ln=primefaces&v=4.0 HTTP/1.1" 304 -
191.156.58.25 - - [16/Dec/2023:23:35:27 -0500] "GET /sipse/faces/javax.faces.resource/jquery/jquery-plugins.js?ln=primefaces&v=4.0 HTTP/1.1" 304 -
191.156.58.25 - - [16/Dec/2023:23:35:27 -0500] "GET /sipse/faces/javax.faces.resource/primefaces.js?ln=primefaces&v=4.0 HTTP/1.1" 304 -
191.156.58.25 - - [16/Dec/2023:23:35:28 -0500] "GET /sipse/faces/javax.faces.resource/layout/layout.js?ln=primefaces&v=4.0 HTTP/1.1" 304 -
191.156.49.119 - - [16/Dec/2023:23:35:28 -0500] "GET /sipse/css/imagen/contrasena.png HTTP/1.1" 404 383
191.156.58.25 - - [16/Dec/2023:23:35:28 -0500] "POST /sipse/faces/presentacion/financiero/solicitudProceso/listarSolicitudProceso.xhtml HTTP/1.1" 200 28455
191.156.58.25 - - [16/Dec/2023:23:35:28 -0500] "POST /sipse/faces/presentacion/financiero/solicitudProceso/listarSolicitudProceso.xhtml HTTP/1.1" 200 28455
191.156.58.25 - - [16/Dec/2023:23:35:29 -0500] "POST /sipse/faces/presentacion/financiero/solicitudProceso/listarSolicitudProceso.xhtml HTTP/1.1" 200 28455
191.156.58.25 - - [16/Dec/2023:23:35:29 -0500] "POST /sipse/faces/presentacion/financiero/solicitudProceso/listarSolicitudProceso.xhtml HTTP/1.1" 200 28455
191.156.58.25 - - [16/Dec/2023:23:35:30 -0500] "POST /sipse/faces/presentacion/financiero/solicitudProceso/listarSolicitudProceso.xhtml HTTP/1.1" 200 28455
191.156.58.25 - - [16/Dec/2023:23:35:30 -0500] "POST /sipse/faces/presentacion/financiero/solicitudProceso/listarSolicitudProceso.xhtml HTTP/1.1" 200 28455
191.156.58.25 - - [16/Dec/2023:23:35:31 -0500] "POST /sipse/faces/presentacion/financiero/solicitudProceso/listarSolicitudProceso.xhtml HTTP/1.1" 200 28455
191.156.58.25 - - [16/Dec/2023:23:35:31 -0500] "POST /sipse/faces/presentacion/financiero/solicitudProceso/listarSolicitudProceso.xhtml HTTP/1.1" 200 28455
191.156.58.25 - - [16/Dec/2023:23:35:32 -0500] "POST /sipse/faces/presentacion/financiero/solicitudProceso/listarSolicitudProceso.xhtml HTTP/1.1" 200 28455
191.156.58.25 - - [16/Dec/2023:23:35:32 -0500] "POST /sipse/faces/presentacion/financiero/solicitudProceso/listarSolicitudProceso.xhtml HTTP/1.1" 200 28455
191.156.58.25 - - [16/Dec/2023:23:35:33 -0500] "POST /sipse/faces/presentacion/financiero/solicitudProceso/listarSolicitudProceso.xhtml HTTP/1.1" 200 1396
191.156.58.25 - - [16/Dec/2023:23:35:33 -0500] "POST /sipse/faces/presentacion/financiero/solicitudProceso/listarSolicitudProceso.xhtml HTTP/1.1" 200 1392
191.156.58.25 - - [16/Dec/2023:23:35:34 -0500] "POST /sipse/faces/presentacion/financiero/solicitudProceso/listarSolicitudProceso.xhtml HTTP/1.1" 200 1400
191.156.58.25 - - [16/Dec/2023:23:35:34 -0500] "POST /sipse/faces/presentacion/financiero/solicitudProceso/listarSolicitudProceso.xhtml HTTP/1.1" 200 1392
191.156.58.25 - - [16/Dec/2023:23:35:34 -0500] "POST /sipse/faces/presentacion/financiero/solicitudProceso/listarSolicitudProceso.xhtml HTTP/1.1" 200 1400
191.156.58.25 - - [16/Dec/2023:23:35:34 -0500] "POST /sipse/faces/presentacion/financiero/solicitudProceso/listarSolicitudProceso.xhtml HTTP/1.1" 200 1392
191.156.58.25 - - [16/Dec/2023:23:35:34 -0500] "POST /sipse/faces/presentacion/financiero/solicitudProceso/listarSolicitudProceso.xhtml HTTP/1.1" 200 1400
191.156.58.25 - - [16/Dec/2023:23:35:35 -0500] "POST /sipse/faces/presentacion/financiero/solicitudProceso/listarSolicitudProceso.xhtml HTTP/1.1" 200 1392
191.156.58.25 - - [16/Dec/2023:23:35:35 -0500] "POST /sipse/faces/presentacion/financiero/solicitudProceso/listarSolicitudProceso.xhtml HTTP/1.1" 200 1400
191.156.58.25 - - [16/Dec/2023:23:35:35 -0500] "POST /sipse/faces/presentacion/financiero/solicitudProceso/listarSolicitudProceso.xhtml HTTP/1.1" 200 1392
191.156.58.25 - - [16/Dec/2023:23:35:36 -0500] "POST /sipse/faces/presentacion/financiero/solicitudProceso/listarSolicitudProceso.xhtml HTTP/1.1" 200 1400
172.22.2.4 - - [16/Dec/2023:23:33:59 -0500] "HEAD /BLA/boletinlegal/ HTTP/1.1" 200 -
216.244.66.195 - - [16/Dec/2023:23:35:47 -0500] "GET /BLA/resoluciones/AUTOS%202010/1114.pdf HTTP/1.1" 200 192413
201.245.192.253 - - [16/Dec/2023:23:35:51 -0500] "POST /kwsrmcab/Wsrmcab HTTP/1.1" 200 38432
201.245.192.253 - - [16/Dec/2023:23:35:55 -0500] "POST /kwsrmcab/Wsrmcab HTTP/1.1" 200 39367
201.245.192.253 - - [16/Dec/2023:23:36:08 -0500] "POST /forms/lservlet;jsessionid=ac16012b30d68f87e6b31bdd4159a82faa45787d3329.e3iSbxaKaheRe34Qc38TbN0Nb41ynknvrkLOlQzNp65In0 HTTP/1.1" 200 2
216.244.66.195 - - [16/Dec/2023:23:36:28 -0500] "GET /BLA/resoluciones/AUTOS%202010/1405.pdf HTTP/1.1" 200 252713
172.22.2.4 - - [16/Dec/2023:23:34:50 -0500] "GET /BLA/boletinlegal/ HTTP/1.1" 200 58644
201.245.192.253 - - [16/Dec/2023:23:36:39 -0500] "POST /kwsrmcab/Wsrmcab  HTTP/1.1" 200 37894
201.245.192.253 - - [16/Dec/2023:23:36:44 -0500] "POST /forms/lservlet;jsessionid=ac16012b30d665b9d6b5cea24731bd918aefbc6c9e46.e3iSbxaKaheRe34Qc38TbN0Nb41ynknvrkLOlQzNp65In0 HTTP/1.1" 200 2
172.22.2.4 - - [16/Dec/2023:23:36:46 -0500] "GET /BLA/boletinlegal/Circulares/2019/.pdf HTTP/1.1" 404 1218
216.244.66.195 - - [16/Dec/2023:23:37:03 -0500] "GET /BLA/resoluciones/AUTOS%202010/2357.pdf HTTP/1.1" 200 20440
216.244.66.195 - - [16/Dec/2023:23:37:34 -0500] "GET /BLA/resoluciones/AUTOS%202010/2514.pdf HTTP/1.1" 200 210305
216.245.221.92 - - [16/Dec/2023:23:37:48 -0500] "HEAD / HTTP/1.1" 200 -
201.245.192.253 - - [16/Dec/2023:23:38:08 -0500] "POST /forms/lservlet;jsessionid=ac16012b30d68f87e6b31bdd4159a82faa45787d3329.e3iSbxaKaheRe34Qc38TbN0Nb41ynknvrkLOlQzNp65In0 HTTP/1.1" 200 2
216.244.66.195 - - [16/Dec/2023:23:38:09 -0500] "GET /BLA/resoluciones/AUTOS%202010/2607.pdf HTTP/1.1" 200 160815
216.244.66.195 - - [16/Dec/2023:23:38:38 -0500] "GET /BLA/resoluciones/AUTOS%202010/3999.pdf HTTP/1.1" 200 640097
201.245.192.253 - - [16/Dec/2023:23:38:44 -0500] "POST /forms/lservlet;jsessionid=ac16012b30d665b9d6b5cea24731bd918aefbc6c9e46.e3iSbxaKaheRe34Qc38TbN0Nb41ynknvrkLOlQzNp65In0 HTTP/1.1" 200 2
216.244.66.195 - - [16/Dec/2023:23:39:22 -0500] "GET /BLA/resoluciones/AUTOS%202010/4858.pdf HTTP/1.1" 200 2084132
201.245.192.253 - - [16/Dec/2023:23:39:43 -0500] "POST /kwsrmcab/Wsrmcab HTTP/1.1" 200 38432
201.245.192.253 - - [16/Dec/2023:23:39:49 -0500] "POST /kwsrmcab/Wsrmcab HTTP/1.1" 200 39367
216.244.66.195 - - [16/Dec/2023:23:40:03 -0500] "GET /BLA/resoluciones/AUTOS%202010/4945.pdf HTTP/1.1" 200 149383
201.245.192.253 - - [16/Dec/2023:23:40:08 -0500] "POST /forms/lservlet;jsessionid=ac16012b30d68f87e6b31bdd4159a82faa45787d3329.e3iSbxaKaheRe34Qc38TbN0Nb41ynknvrkLOlQzNp65In0 HTTP/1.1" 200 2
216.244.66.195 - - [16/Dec/2023:23:40:33 -0500] "GET /BLA/resoluciones/AUTOS%202010/5450.pdf HTTP/1.1" 200 1741130
201.245.192.253 - - [16/Dec/2023:23:40:44 -0500] "POST /forms/lservlet;jsessionid=ac16012b30d665b9d6b5cea24731bd918aefbc6c9e46.e3iSbxaKaheRe34Qc38TbN0Nb41ynknvrkLOlQzNp65In0 HTTP/1.1" 200 2
216.244.66.195 - - [16/Dec/2023:23:41:12 -0500] "GET /BLA/resoluciones/AUTOS%202010/5523.pdf HTTP/1.1" 200 425401
172.22.2.4 - - [16/Dec/2023:23:39:49 -0500] "HEAD /BLA/boletinlegal/ HTTP/1.1" 200 -
201.245.192.253 - - [16/Dec/2023:23:41:37 -0500] "POST /kwsrmcab/Wsrmcab  HTTP/1.1" 200 37894
216.244.66.195 - - [16/Dec/2023:23:41:44 -0500] "GET /BLA/resoluciones/AUTOS%202010/6473.pdf HTTP/1.1" 200 155617
66.249.66.194 - - [16/Dec/2023:23:41:59 -0500] "GET /mas-de-100-arboles-fueron-plantados-en-el-humedal-de-techo.html HTTP/1.1" 200 750
201.245.192.253 - - [16/Dec/2023:23:42:08 -0500] "POST /forms/lservlet;jsessionid=ac16012b30d68f87e6b31bdd4159a82faa45787d3329.e3iSbxaKaheRe34Qc38TbN0Nb41ynknvrkLOlQzNp65In0 HTTP/1.1" 200 2
216.244.66.195 - - [16/Dec/2023:23:42:13 -0500] "GET /BLA/resoluciones/AUTOS%202010/6480.pdf HTTP/1.1" 200 162593
172.22.2.4 - - [16/Dec/2023:23:40:40 -0500] "GET /BLA/boletinlegal/ HTTP/1.1" 200 58644
168.119.252.253 - - [16/Dec/2023:23:42:34 -0500] "GET / HTTP/1.1" 200 319
