181.55.46.207 - - [16/Dec/2023:21:00:14 -0500] "POST /sipse/faces/presentacion/financiero/solicitudProceso/consultarSolicitudProceso.xhtml HTTP/1.1" 302 -
181.55.46.207 - - [16/Dec/2023:21:00:14 -0500] "GET /sipse/faces/autenticacion.xhtml HTTP/1.1" 200 1099
181.55.46.207 - - [16/Dec/2023:21:00:14 -0500] "POST /sipse/faces/presentacion/financiero/solicitudProceso/consultarSolicitudProceso.xhtml HTTP/1.1" 302 -
181.55.46.207 - - [16/Dec/2023:21:00:14 -0500] "GET /sipse/faces/autenticacion.xhtml HTTP/1.1" 200 1099
181.55.46.207 - - [16/Dec/2023:21:00:14 -0500] "POST /sipse/faces/presentacion/financiero/solicitudProceso/consultarSolicitudProceso.xhtml HTTP/1.1" 302 -
181.55.46.207 - - [16/Dec/2023:21:00:14 -0500] "GET /sipse/faces/autenticacion.xhtml HTTP/1.1" 200 1099
201.245.192.253 - - [16/Dec/2023:21:00:43 -0500] "POST /forms/lservlet;jsessionid=ac16012b30d665b9d6b5cea24731bd918aefbc6c9e46.e3iSbxaKaheRe34Qc38TbN0Nb41ynknvrkLOlQzNp65In0 HTTP/1.1" 200 2
152.203.177.66 - - [16/Dec/2023:21:01:16 -0500] "GET /sipse/js/disable_browser_buttons.js HTTP/1.1" 304 -
152.203.177.66 - - [16/Dec/2023:21:01:16 -0500] "GET /sipse/css/custom_css_sg.css HTTP/1.1" 304 -
152.203.177.66 - - [16/Dec/2023:21:01:16 -0500] "GET /sipse/js/funciones.js HTTP/1.1" 304 -
152.203.177.66 - - [16/Dec/2023:21:01:16 -0500] "GET /sipse/css/custom_css_sg_prime_login.css HTTP/1.1" 304 -
152.203.177.66 - - [16/Dec/2023:21:01:16 -0500] "GET /sipse/faces/javax.faces.resource/theme.css?ln=primefaces-sipse HTTP/1.1" 304 -
152.203.177.66 - - [16/Dec/2023:21:01:16 -0500] "GET /sipse/faces/javax.faces.resource/primefaces.css?ln=primefaces&v=4.0 HTTP/1.1" 304 -
152.203.177.66 - - [16/Dec/2023:21:01:16 -0500] "GET /sipse/faces/javax.faces.resource/layout/layout.css?ln=primefaces&v=4.0 HTTP/1.1" 304 -
152.203.177.66 - - [16/Dec/2023:21:01:16 -0500] "GET /sipse/faces/javax.faces.resource/jquery/jquery.js?ln=primefaces&v=4.0 HTTP/1.1" 304 -
152.203.177.66 - - [16/Dec/2023:21:01:16 -0500] "GET /sipse/faces/javax.faces.resource/jquery/jquery-plugins.js?ln=primefaces&v=4.0 HTTP/1.1" 304 -
152.203.177.66 - - [16/Dec/2023:21:01:16 -0500] "GET /sipse/faces/javax.faces.resource/primefaces.js?ln=primefaces&v=4.0 HTTP/1.1" 304 -
152.203.177.66 - - [16/Dec/2023:21:01:17 -0500] "GET /sipse/faces/javax.faces.resource/layout/layout.js?ln=primefaces&v=4.0 HTTP/1.1" 304 -
152.203.177.66 - - [16/Dec/2023:21:01:17 -0500] "GET /sipse/css/imagen/logoSDG.png HTTP/1.1" 304 -
152.203.177.66 - - [16/Dec/2023:21:01:17 -0500] "GET /sipse/css/imagen/loginimg.png HTTP/1.1" 304 -
152.203.177.66 - - [16/Dec/2023:21:01:17 -0500] "GET /sipse/faces/javax.faces.resource/images/ui-icons_898989_256x240.png?ln=primefaces-aristo HTTP/1.1" 304 -
152.203.177.66 - - [16/Dec/2023:21:01:17 -0500] "GET /sipse/faces/faces/faces/faces/index.xhtml HTTP/1.1" 200 677
152.203.177.66 - - [16/Dec/2023:21:01:17 -0500] "GET /sipse/faces/javax.faces.resource/theme.css?ln=primefaces-sipse HTTP/1.1" 304 -
152.203.177.66 - - [16/Dec/2023:21:01:17 -0500] "GET /sipse/faces/faces/faces/faces/faces/autenticacion.xhtml HTTP/1.1" 200 12407
152.203.177.66 - - [16/Dec/2023:21:01:17 -0500] "GET /sipse/faces/javax.faces.resource/theme.css?ln=primefaces-sipse HTTP/1.1" 304 -
152.203.177.66 - - [16/Dec/2023:21:01:17 -0500] "GET /sipse/faces/javax.faces.resource/primefaces.css?ln=primefaces&v=4.0 HTTP/1.1" 304 -
152.203.177.66 - - [16/Dec/2023:21:01:17 -0500] "GET /sipse/faces/javax.faces.resource/layout/layout.css?ln=primefaces&v=4.0 HTTP/1.1" 304 -
152.203.177.66 - - [16/Dec/2023:21:01:17 -0500] "GET /sipse/faces/javax.faces.resource/jquery/jquery.js?ln=primefaces&v=4.0 HTTP/1.1" 304 -
152.203.177.66 - - [16/Dec/2023:21:01:17 -0500] "GET /sipse/faces/javax.faces.resource/jquery/jquery-plugins.js?ln=primefaces&v=4.0 HTTP/1.1" 304 -
152.203.177.66 - - [16/Dec/2023:21:01:17 -0500] "GET /sipse/faces/javax.faces.resource/primefaces.js?ln=primefaces&v=4.0 HTTP/1.1" 304 -
152.203.177.66 - - [16/Dec/2023:21:01:17 -0500] "GET /sipse/faces/javax.faces.resource/layout/layout.js?ln=primefaces&v=4.0 HTTP/1.1" 304 -
201.245.192.253 - - [16/Dec/2023:21:01:46 -0500] "POST /kwsrmcab/Wsrmcab  HTTP/1.1" 200 37894
201.245.192.253 - - [16/Dec/2023:21:02:07 -0500] "POST /forms/lservlet;jsessionid=ac16012b30d68f87e6b31bdd4159a82faa45787d3329.e3iSbxaKaheRe34Qc38TbN0Nb41ynknvrkLOlQzNp65In0 HTTP/1.1" 200 2
201.245.192.253 - - [16/Dec/2023:21:02:43 -0500] "POST /forms/lservlet;jsessionid=ac16012b30d665b9d6b5cea24731bd918aefbc6c9e46.e3iSbxaKaheRe34Qc38TbN0Nb41ynknvrkLOlQzNp65In0 HTTP/1.1" 200 2
181.55.46.207 - - [16/Dec/2023:21:02:44 -0500] "GET /sipse/faces/faces/autenticacion.xhtml HTTP/1.1" 200 12729
181.55.46.207 - - [16/Dec/2023:21:02:44 -0500] "GET /sipse/faces/javax.faces.resource/layout/layout.css;jsessionid=bzUKoRuIfYvxKoI+xxPcdNJu.undefined?ln=primefaces&v=4.0 HTTP/1.1" 200 542
181.55.46.207 - - [16/Dec/2023:21:02:44 -0500] "GET /sipse/css/custom_css_sg_prime_login.css HTTP/1.1" 304 -
181.55.46.207 - - [16/Dec/2023:21:02:44 -0500] "GET /sipse/faces/javax.faces.resource/theme.css?ln=primefaces-sipse HTTP/1.1" 304 -
181.55.46.207 - - [16/Dec/2023:21:02:44 -0500] "GET /sipse/faces/javax.faces.resource/primefaces.css;jsessionid=bzUKoRuIfYvxKoI+xxPcdNJu.undefined?ln=primefaces&v=4.0 HTTP/1.1" 200 53295
181.55.46.207 - - [16/Dec/2023:21:02:44 -0500] "GET /sipse/faces/javax.faces.resource/layout/layout.js;jsessionid=bzUKoRuIfYvxKoI+xxPcdNJu.undefined?ln=primefaces&v=4.0 HTTP/1.1" 200 87560
181.55.46.207 - - [16/Dec/2023:21:02:44 -0500] "GET /sipse/css/custom_css_sg.css HTTP/1.1" 304 -
181.55.46.207 - - [16/Dec/2023:21:02:44 -0500] "GET /sipse/js/disable_browser_buttons.js HTTP/1.1" 304 -
181.55.46.207 - - [16/Dec/2023:21:02:44 -0500] "GET /sipse/js/funciones.js HTTP/1.1" 304 -
181.55.46.207 - - [16/Dec/2023:21:02:44 -0500] "GET /sipse/faces/javax.faces.resource/jquery/jquery.js;jsessionid=bzUKoRuIfYvxKoI+xxPcdNJu.undefined?ln=primefaces&v=4.0 HTTP/1.1" 200 105384
181.55.46.207 - - [16/Dec/2023:21:02:44 -0500] "GET /sipse/faces/javax.faces.resource/jquery/jquery-plugins.js;jsessionid=bzUKoRuIfYvxKoI+xxPcdNJu.undefined?ln=primefaces&v=4.0 HTTP/1.1" 200 220526
181.55.46.207 - - [16/Dec/2023:21:02:44 -0500] "GET /sipse/faces/javax.faces.resource/primefaces.js;jsessionid=bzUKoRuIfYvxKoI+xxPcdNJu.undefined?ln=primefaces&v=4.0 HTTP/1.1" 200 276924
181.55.46.207 - - [16/Dec/2023:21:02:44 -0500] "GET /sipse/css/imagen/loginimg.png HTTP/1.1" 304 -
181.55.46.207 - - [16/Dec/2023:21:02:44 -0500] "GET /sipse/css/imagen/logoSDG.png HTTP/1.1" 304 -
181.55.46.207 - - [16/Dec/2023:21:02:44 -0500] "GET /sipse/faces/javax.faces.resource/images/ui-icons_898989_256x240.png?ln=primefaces-aristo HTTP/1.1" 304 -
181.55.46.207 - - [16/Dec/2023:21:02:45 -0500] "GET /sipse/faces/faces/index.xhtml HTTP/1.1" 200 677
181.55.46.207 - - [16/Dec/2023:21:02:45 -0500] "GET /sipse/faces/javax.faces.resource/theme.css?ln=primefaces-sipse HTTP/1.1" 304 -
181.55.46.207 - - [16/Dec/2023:21:02:45 -0500] "GET /sipse/faces/faces/faces/autenticacion.xhtml HTTP/1.1" 200 12407
181.55.46.207 - - [16/Dec/2023:21:02:45 -0500] "GET /sipse/faces/javax.faces.resource/theme.css?ln=primefaces-sipse HTTP/1.1" 304 -
181.55.46.207 - - [16/Dec/2023:21:02:45 -0500] "GET /sipse/faces/javax.faces.resource/primefaces.js?ln=primefaces&v=4.0 HTTP/1.1" 304 -
181.55.46.207 - - [16/Dec/2023:21:02:45 -0500] "GET /sipse/faces/javax.faces.resource/layout/layout.css?ln=primefaces&v=4.0 HTTP/1.1" 304 -
181.55.46.207 - - [16/Dec/2023:21:02:45 -0500] "GET /sipse/faces/javax.faces.resource/jquery/jquery-plugins.js?ln=primefaces&v=4.0 HTTP/1.1" 304 -
181.55.46.207 - - [16/Dec/2023:21:02:45 -0500] "GET /sipse/faces/javax.faces.resource/layout/layout.js?ln=primefaces&v=4.0 HTTP/1.1" 304 -
181.55.46.207 - - [16/Dec/2023:21:02:45 -0500] "GET /sipse/faces/javax.faces.resource/jquery/jquery.js?ln=primefaces&v=4.0 HTTP/1.1" 304 -
181.55.46.207 - - [16/Dec/2023:21:02:45 -0500] "GET /sipse/faces/javax.faces.resource/primefaces.css?ln=primefaces&v=4.0 HTTP/1.1" 304 -
216.245.221.92 - - [16/Dec/2023:21:02:48 -0500] "HEAD / HTTP/1.1" 200 -
181.55.46.207 - - [16/Dec/2023:21:02:50 -0500] "POST /sipse/faces/autenticacion.xhtml HTTP/1.1" 200 16286
181.55.46.207 - - [16/Dec/2023:21:02:50 -0500] "GET /sipse/css/custom_css_sg_prime.css HTTP/1.1" 304 -
181.55.46.207 - - [16/Dec/2023:21:02:50 -0500] "GET /sipse/faces/javax.faces.resource/theme.css?ln=primefaces-sipse HTTP/1.1" 304 -
181.55.46.207 - - [16/Dec/2023:21:02:50 -0500] "GET /sipse/faces/javax.faces.resource/primefaces.css?ln=primefaces&v=4.0 HTTP/1.1" 304 -
181.55.46.207 - - [16/Dec/2023:21:02:50 -0500] "GET /sipse/faces/javax.faces.resource/layout/layout.css?ln=primefaces&v=4.0 HTTP/1.1" 304 -
181.55.46.207 - - [16/Dec/2023:21:02:50 -0500] "GET /sipse/js/jquery.min.js HTTP/1.1" 304 -
181.55.46.207 - - [16/Dec/2023:21:02:50 -0500] "GET /sipse/faces/javax.faces.resource/jquery/jquery.js?ln=primefaces&v=4.0 HTTP/1.1" 304 -
181.55.46.207 - - [16/Dec/2023:21:02:51 -0500] "GET /sipse/faces/javax.faces.resource/jquery/jquery-plugins.js?ln=primefaces&v=4.0 HTTP/1.1" 304 -
181.55.46.207 - - [16/Dec/2023:21:02:51 -0500] "GET /sipse/faces/javax.faces.resource/primefaces.js?ln=primefaces&v=4.0 HTTP/1.1" 304 -
181.55.46.207 - - [16/Dec/2023:21:02:51 -0500] "GET /sipse/faces/javax.faces.resource/layout/layout.js?ln=primefaces&v=4.0 HTTP/1.1" 304 -
181.55.46.207 - - [16/Dec/2023:21:02:51 -0500] "GET /sipse/css/v_mergente.css HTTP/1.1" 304 -
181.55.46.207 - - [16/Dec/2023:21:02:51 -0500] "GET /sipse/css/imagen/contrasena.png HTTP/1.1" 404 383
181.55.46.207 - - [16/Dec/2023:21:02:51 -0500] "GET /sipse/imagenes/logoAplicacion.jpg HTTP/1.1" 304 -
181.55.46.207 - - [16/Dec/2023:21:02:51 -0500] "GET /sipse/imagenes/cargando.gif HTTP/1.1" 304 -
181.55.46.207 - - [16/Dec/2023:21:02:51 -0500] "GET /sipse/faces/javax.faces.resource/messages/messages.png?ln=primefaces&v=4.0 HTTP/1.1" 304 -
181.55.46.207 - - [16/Dec/2023:21:02:59 -0500] "GET /sipse/faces/javax.faces.resource/images/ui-bg_flat_0_2d5972_40x100.png?ln=primefaces-aristo HTTP/1.1" 304 -
181.55.46.207 - - [16/Dec/2023:21:02:59 -0500] "POST /sipse/faces/bienvenido.xhtml HTTP/1.1" 200 1471
181.55.46.207 - - [16/Dec/2023:21:03:00 -0500] "POST /sipse/faces/bienvenido.xhtml HTTP/1.1" 200 61681
181.55.46.207 - - [16/Dec/2023:21:03:01 -0500] "GET /sipse/faces/javax.faces.resource/primefaces.css?ln=primefaces&v=4.0 HTTP/1.1" 304 -
181.55.46.207 - - [16/Dec/2023:21:03:01 -0500] "GET /sipse/faces/javax.faces.resource/theme.css?ln=primefaces-sipse HTTP/1.1" 304 -
181.55.46.207 - - [16/Dec/2023:21:03:01 -0500] "GET /sipse/faces/javax.faces.resource/layout/layout.css?ln=primefaces&v=4.0 HTTP/1.1" 304 -
181.55.46.207 - - [16/Dec/2023:21:03:01 -0500] "GET /sipse/faces/javax.faces.resource/jquery/jquery.js?ln=primefaces&v=4.0 HTTP/1.1" 304 -
181.55.46.207 - - [16/Dec/2023:21:03:01 -0500] "GET /sipse/faces/javax.faces.resource/jquery/jquery-plugins.js?ln=primefaces&v=4.0 HTTP/1.1" 304 -
181.55.46.207 - - [16/Dec/2023:21:03:01 -0500] "GET /sipse/faces/javax.faces.resource/primefaces.js?ln=primefaces&v=4.0 HTTP/1.1" 304 -
181.55.46.207 - - [16/Dec/2023:21:03:01 -0500] "GET /sipse/faces/javax.faces.resource/layout/layout.js?ln=primefaces&v=4.0 HTTP/1.1" 304 -
181.55.46.207 - - [16/Dec/2023:21:03:01 -0500] "POST /sipse/faces/presentacion/financiero/solicitudProceso/listarSolicitudProceso.xhtml HTTP/1.1" 200 1556
181.55.46.207 - - [16/Dec/2023:21:03:11 -0500] "GET /sipse/faces/javax.faces.resource/images/ui-icons_898989_256x240.png?ln=primefaces-aristo HTTP/1.1" 304 -
181.55.46.207 - - [16/Dec/2023:21:03:12 -0500] "POST /sipse/faces/presentacion/financiero/solicitudProceso/listarSolicitudProceso.xhtml HTTP/1.1" 200 112082
181.55.46.207 - - [16/Dec/2023:21:03:13 -0500] "GET /sipse/faces/javax.faces.resource/theme.css?ln=primefaces-sipse HTTP/1.1" 304 -
181.55.46.207 - - [16/Dec/2023:21:03:13 -0500] "GET /sipse/faces/javax.faces.resource/layout/layout.css?ln=primefaces&v=4.0 HTTP/1.1" 304 -
181.55.46.207 - - [16/Dec/2023:21:03:13 -0500] "GET /sipse/faces/javax.faces.resource/primefaces.css?ln=primefaces&v=4.0 HTTP/1.1" 304 -
181.55.46.207 - - [16/Dec/2023:21:03:13 -0500] "GET /sipse/faces/javax.faces.resource/jquery/jquery.js?ln=primefaces&v=4.0 HTTP/1.1" 304 -
181.55.46.207 - - [16/Dec/2023:21:03:13 -0500] "GET /sipse/faces/javax.faces.resource/jquery/jquery-plugins.js?ln=primefaces&v=4.0 HTTP/1.1" 304 -
181.55.46.207 - - [16/Dec/2023:21:03:13 -0500] "GET /sipse/faces/javax.faces.resource/primefaces.js?ln=primefaces&v=4.0 HTTP/1.1" 304 -
181.55.46.207 - - [16/Dec/2023:21:03:14 -0500] "GET /sipse/faces/javax.faces.resource/layout/layout.js?ln=primefaces&v=4.0 HTTP/1.1" 304 -
181.55.46.207 - - [16/Dec/2023:21:03:14 -0500] "GET /sipse/faces/javax.faces.resource/dynamiccontent.properties?ln=primefaces&pfdrid=XjOR5%2F%2FfPAZAuY9TpWQeCiM0BhlXxYRBGKi%2FQcXXfeA%3D&pfdrid_c=false HTTP/1.1" 500 383
172.22.2.4 - - [16/Dec/2023:21:02:19 -0500] "HEAD /BLA/boletinlegal/ HTTP/1.1" 200 -
201.245.192.253 - - [16/Dec/2023:21:04:07 -0500] "POST /forms/lservlet;jsessionid=ac16012b30d68f87e6b31bdd4159a82faa45787d3329.e3iSbxaKaheRe34Qc38TbN0Nb41ynknvrkLOlQzNp65In0 HTTP/1.1" 200 2
181.55.46.207 - - [16/Dec/2023:21:04:07 -0500] "POST /sipse/faces/presentacion/financiero/solicitudProceso/consultarSolicitudProceso.xhtml HTTP/1.1" 200 207511
181.55.46.207 - - [16/Dec/2023:21:04:13 -0500] "POST /sipse/faces/presentacion/financiero/solicitudProceso/consultarSolicitudProceso.xhtml HTTP/1.1" 200 1492977
181.55.46.207 - - [16/Dec/2023:21:04:16 -0500] "POST /sipse/faces/presentacion/financiero/solicitudProceso/consultarSolicitudProceso.xhtml HTTP/1.1" 200 2141683
181.55.46.207 - - [16/Dec/2023:21:04:23 -0500] "POST /sipse/faces/presentacion/financiero/solicitudProceso/consultarSolicitudProceso.xhtml HTTP/1.1" 200 5465
181.55.46.207 - - [16/Dec/2023:21:04:23 -0500] "GET /sipse/faces/javax.faces.resource/dynamiccontent.properties?ln=primefaces&pfdrid=XjOR5%2F%2FfPAZAuY9TpWQeCiM0BhlXxYRBGKi%2FQcXXfeA%3D&pfdrid_c=false HTTP/1.1" 200 117325
201.245.192.253 - - [16/Dec/2023:21:04:43 -0500] "POST /forms/lservlet;jsessionid=ac16012b30d665b9d6b5cea24731bd918aefbc6c9e46.e3iSbxaKaheRe34Qc38TbN0Nb41ynknvrkLOlQzNp65In0 HTTP/1.1" 200 2
216.244.66.195 - - [16/Dec/2023:21:04:48 -0500] "GET /BLA/resoluciones/AUTOS%202016/1534.pdf HTTP/1.1" 200 331528
172.22.2.4 - - [16/Dec/2023:21:03:10 -0500] "GET /BLA/boletinlegal/ HTTP/1.1" 200 58644
216.244.66.195 - - [16/Dec/2023:21:05:36 -0500] "GET /BLA/resoluciones/AUTOS%202016/2977.pdf HTTP/1.1" 200 370901
136.243.228.197 - - [16/Dec/2023:21:05:55 -0500] "GET /catalogoisis/ HTTP/1.1" 200 8575
201.245.192.253 - - [16/Dec/2023:21:06:07 -0500] "POST /forms/lservlet;jsessionid=ac16012b30d68f87e6b31bdd4159a82faa45787d3329.e3iSbxaKaheRe34Qc38TbN0Nb41ynknvrkLOlQzNp65In0 HTTP/1.1" 200 2
136.243.228.197 - - [16/Dec/2023:21:05:05 -0500] "GET /BLA/boletinlegal/ HTTP/1.1" 200 45003
201.245.192.253 - - [16/Dec/2023:21:06:43 -0500] "POST /forms/lservlet;jsessionid=ac16012b30d665b9d6b5cea24731bd918aefbc6c9e46.e3iSbxaKaheRe34Qc38TbN0Nb41ynknvrkLOlQzNp65In0 HTTP/1.1" 200 2
201.245.192.253 - - [16/Dec/2023:21:06:45 -0500] "POST /kwsrmcab/Wsrmcab  HTTP/1.1" 200 37894
216.245.221.92 - - [16/Dec/2023:21:07:48 -0500] "HEAD / HTTP/1.1" 200 -
201.245.192.253 - - [16/Dec/2023:21:08:07 -0500] "POST /forms/lservlet;jsessionid=ac16012b30d68f87e6b31bdd4159a82faa45787d3329.e3iSbxaKaheRe34Qc38TbN0Nb41ynknvrkLOlQzNp65In0 HTTP/1.1" 200 2
66.249.66.19 - - [16/Dec/2023:21:08:22 -0500] "GET /BLA/boletinlegal/Directivas/2014/Directiva%20No.%205%20del%2026%20de%20Diciembre%20de%202014.pdf HTTP/1.1" 200 3424865
216.244.66.195 - - [16/Dec/2023:21:08:43 -0500] "GET /BLA/resoluciones/AUTOS%202016/0007.pdf HTTP/1.1" 200 577785
201.245.192.253 - - [16/Dec/2023:21:08:43 -0500] "POST /forms/lservlet;jsessionid=ac16012b30d665b9d6b5cea24731bd918aefbc6c9e46.e3iSbxaKaheRe34Qc38TbN0Nb41ynknvrkLOlQzNp65In0 HTTP/1.1" 200 2
136.243.228.197 - - [16/Dec/2023:21:09:11 -0500] "GET /sipse/faces/index.xhtml HTTP/1.1" 200 677
136.243.228.197 - - [16/Dec/2023:21:09:16 -0500] "GET /appsia/controlador HTTP/1.1" 200 4799
173.252.79.120 - - [16/Dec/2023:21:09:32 -0500] "GET /images/presentaci\xc3\xb3n%20convenci\xc3\xb3n.jpg HTTP/1.1" 404 1034
216.244.66.195 - - [16/Dec/2023:21:09:36 -0500] "GET /BLA/resoluciones/AUTOS%202016/2918.pdf HTTP/1.1" 200 351647
172.22.2.4 - - [16/Dec/2023:21:08:09 -0500] "HEAD /BLA/boletinlegal/ HTTP/1.1" 200 -
201.245.192.253 - - [16/Dec/2023:21:10:07 -0500] "POST /forms/lservlet;jsessionid=ac16012b30d68f87e6b31bdd4159a82faa45787d3329.e3iSbxaKaheRe34Qc38TbN0Nb41ynknvrkLOlQzNp65In0 HTTP/1.1" 200 2
191.156.181.26 - - [16/Dec/2023:21:10:19 -0500] "GET /sipse/faces/index.xhtml HTTP/1.1" 200 677
216.244.66.195 - - [16/Dec/2023:21:10:20 -0500] "GET /BLA/resoluciones/AUTOS%202016/3175.pdf HTTP/1.1" 200 360803
191.156.181.26 - - [16/Dec/2023:21:10:21 -0500] "GET /sipse/faces/javax.faces.resource/theme.css?ln=primefaces-sipse HTTP/1.1" 304 -
191.156.181.26 - - [16/Dec/2023:21:10:21 -0500] "GET /sipse/faces/faces/autenticacion.xhtml HTTP/1.1" 200 12407
191.156.186.139 - - [16/Dec/2023:21:10:21 -0500] "GET /sipse/css/custom_css_sg.css HTTP/1.1" 304 -
191.156.183.146 - - [16/Dec/2023:21:10:21 -0500] "GET /sipse/css/custom_css_sg_prime_login.css HTTP/1.1" 304 -
191.156.186.139 - - [16/Dec/2023:21:10:21 -0500] "GET /sipse/faces/javax.faces.resource/theme.css?ln=primefaces-sipse HTTP/1.1" 304 -
191.156.188.35 - - [16/Dec/2023:21:10:21 -0500] "GET /sipse/faces/javax.faces.resource/primefaces.css?ln=primefaces&v=4.0 HTTP/1.1" 304 -
191.156.186.139 - - [16/Dec/2023:21:10:22 -0500] "GET /sipse/faces/javax.faces.resource/layout/layout.css?ln=primefaces&v=4.0 HTTP/1.1" 304 -
191.156.188.35 - - [16/Dec/2023:21:10:22 -0500] "GET /sipse/js/funciones.js HTTP/1.1" 304 -
191.156.188.35 - - [16/Dec/2023:21:10:22 -0500] "GET /sipse/js/disable_browser_buttons.js HTTP/1.1" 304 -
191.156.186.139 - - [16/Dec/2023:21:10:22 -0500] "GET /sipse/faces/javax.faces.resource/layout/layout.js?ln=primefaces&v=4.0 HTTP/1.1" 304 -
191.156.183.146 - - [16/Dec/2023:21:10:22 -0500] "GET /sipse/faces/javax.faces.resource/jquery/jquery-plugins.js?ln=primefaces&v=4.0 HTTP/1.1" 200 220526
191.156.186.139 - - [16/Dec/2023:21:10:22 -0500] "GET /sipse/faces/javax.faces.resource/primefaces.js?ln=primefaces&v=4.0 HTTP/1.1" 200 276924
172.22.2.4 - - [16/Dec/2023:21:09:00 -0500] "GET /BLA/boletinlegal/ HTTP/1.1" 200 55803
201.245.192.253 - - [16/Dec/2023:21:10:43 -0500] "POST /forms/lservlet;jsessionid=ac16012b30d665b9d6b5cea24731bd918aefbc6c9e46.e3iSbxaKaheRe34Qc38TbN0Nb41ynknvrkLOlQzNp65In0 HTTP/1.1" 200 2
216.244.66.195 - - [16/Dec/2023:21:11:11 -0500] "GET /BLA/resoluciones/AUTOS%202010/0611.pdf HTTP/1.1" 200 162706
201.245.192.253 - - [16/Dec/2023:21:11:44 -0500] "POST /kwsrmcab/Wsrmcab  HTTP/1.1" 200 37894
186.80.108.8 - - [16/Dec/2023:21:11:46 -0500] "GET /sipse/faces/faces/autenticacion.xhtml HTTP/1.1" 200 12729
186.80.108.8 - - [16/Dec/2023:21:11:47 -0500] "GET /sipse/js/disable_browser_buttons.js HTTP/1.1" 304 -
186.80.108.8 - - [16/Dec/2023:21:11:47 -0500] "GET /sipse/js/funciones.js HTTP/1.1" 304 -
186.80.108.8 - - [16/Dec/2023:21:11:47 -0500] "GET /sipse/css/custom_css_sg_prime_login.css HTTP/1.1" 304 -
186.80.108.8 - - [16/Dec/2023:21:11:47 -0500] "GET /sipse/css/custom_css_sg.css HTTP/1.1" 304 -
186.80.108.8 - - [16/Dec/2023:21:11:47 -0500] "GET /sipse/faces/javax.faces.resource/theme.css?ln=primefaces-sipse HTTP/1.1" 304 -
186.80.108.8 - - [16/Dec/2023:21:11:47 -0500] "GET /sipse/faces/javax.faces.resource/layout/layout.css;jsessionid=9VN1re1ZwFvDxru3s-Tm5kiP.undefined?ln=primefaces&v=4.0 HTTP/1.1" 200 542
186.80.108.8 - - [16/Dec/2023:21:11:47 -0500] "GET /sipse/faces/javax.faces.resource/primefaces.css;jsessionid=9VN1re1ZwFvDxru3s-Tm5kiP.undefined?ln=primefaces&v=4.0 HTTP/1.1" 200 53295
186.80.108.8 - - [16/Dec/2023:21:11:47 -0500] "GET /sipse/faces/javax.faces.resource/layout/layout.js;jsessionid=9VN1re1ZwFvDxru3s-Tm5kiP.undefined?ln=primefaces&v=4.0 HTTP/1.1" 200 87560
186.80.108.8 - - [16/Dec/2023:21:11:47 -0500] "GET /sipse/faces/javax.faces.resource/jquery/jquery.js;jsessionid=9VN1re1ZwFvDxru3s-Tm5kiP.undefined?ln=primefaces&v=4.0 HTTP/1.1" 200 105384
186.80.108.8 - - [16/Dec/2023:21:11:47 -0500] "GET /sipse/faces/javax.faces.resource/jquery/jquery-plugins.js;jsessionid=9VN1re1ZwFvDxru3s-Tm5kiP.undefined?ln=primefaces&v=4.0 HTTP/1.1" 200 220526
186.80.108.8 - - [16/Dec/2023:21:11:47 -0500] "GET /sipse/faces/javax.faces.resource/primefaces.js;jsessionid=9VN1re1ZwFvDxru3s-Tm5kiP.undefined?ln=primefaces&v=4.0 HTTP/1.1" 200 276924
186.80.108.8 - - [16/Dec/2023:21:11:48 -0500] "GET /sipse/css/imagen/loginimg.png HTTP/1.1" 304 -
186.80.108.8 - - [16/Dec/2023:21:11:48 -0500] "GET /sipse/css/imagen/logoSDG.png HTTP/1.1" 304 -
186.80.108.8 - - [16/Dec/2023:21:11:48 -0500] "GET /sipse/faces/javax.faces.resource/images/ui-icons_898989_256x240.png?ln=primefaces-aristo HTTP/1.1" 304 -
186.80.108.8 - - [16/Dec/2023:21:11:48 -0500] "GET /sipse/faces/faces/index.xhtml HTTP/1.1" 200 677
186.80.108.8 - - [16/Dec/2023:21:11:48 -0500] "GET /sipse/faces/javax.faces.resource/theme.css?ln=primefaces-sipse HTTP/1.1" 304 -
186.80.108.8 - - [16/Dec/2023:21:11:48 -0500] "GET /sipse/faces/faces/faces/autenticacion.xhtml HTTP/1.1" 200 12407
191.156.188.35 - - [16/Dec/2023:21:10:22 -0500] "GET /sipse/faces/javax.faces.resource/jquery/jquery.js?ln=primefaces&v=4.0 HTTP/1.1" 200 105384
186.80.108.8 - - [16/Dec/2023:21:11:48 -0500] "GET /sipse/faces/javax.faces.resource/theme.css?ln=primefaces-sipse HTTP/1.1" 304 -
186.80.108.8 - - [16/Dec/2023:21:11:48 -0500] "GET /sipse/faces/javax.faces.resource/primefaces.css?ln=primefaces&v=4.0 HTTP/1.1" 304 -
186.80.108.8 - - [16/Dec/2023:21:11:48 -0500] "GET /sipse/faces/javax.faces.resource/layout/layout.css?ln=primefaces&v=4.0 HTTP/1.1" 304 -
186.80.108.8 - - [16/Dec/2023:21:11:48 -0500] "GET /sipse/faces/javax.faces.resource/jquery/jquery-plugins.js?ln=primefaces&v=4.0 HTTP/1.1" 304 -
186.80.108.8 - - [16/Dec/2023:21:11:48 -0500] "GET /sipse/faces/javax.faces.resource/jquery/jquery.js?ln=primefaces&v=4.0 HTTP/1.1" 304 -
186.80.108.8 - - [16/Dec/2023:21:11:48 -0500] "GET /sipse/faces/javax.faces.resource/primefaces.js?ln=primefaces&v=4.0 HTTP/1.1" 304 -
186.80.108.8 - - [16/Dec/2023:21:11:48 -0500] "GET /sipse/faces/javax.faces.resource/layout/layout.js?ln=primefaces&v=4.0 HTTP/1.1" 304 -
191.156.188.35 - - [16/Dec/2023:21:11:49 -0500] "GET /sipse/css/imagen/logoSDG.png HTTP/1.1" 304 -
191.156.190.242 - - [16/Dec/2023:21:11:49 -0500] "GET /sipse/css/imagen/loginimg.png HTTP/1.1" 304 -
191.156.190.242 - - [16/Dec/2023:21:11:49 -0500] "GET /sipse/faces/javax.faces.resource/images/ui-icons_898989_256x240.png?ln=primefaces-aristo HTTP/1.1" 304 -
216.244.66.195 - - [16/Dec/2023:21:11:49 -0500] "GET /BLA/resoluciones/AUTOS%202010/0711.pdf HTTP/1.1" 200 379990
186.80.108.8 - - [16/Dec/2023:21:11:56 -0500] "POST /sipse/faces/autenticacion.xhtml HTTP/1.1" 200 11260
186.80.108.8 - - [16/Dec/2023:21:11:57 -0500] "GET /sipse/css/custom_css_sg_prime.css HTTP/1.1" 304 -
186.80.108.8 - - [16/Dec/2023:21:11:57 -0500] "GET /sipse/faces/javax.faces.resource/jquery/jquery.js?ln=primefaces&v=4.0 HTTP/1.1" 304 -
186.80.108.8 - - [16/Dec/2023:21:11:57 -0500] "GET /sipse/faces/javax.faces.resource/theme.css?ln=primefaces-sipse HTTP/1.1" 304 -
186.80.108.8 - - [16/Dec/2023:21:11:57 -0500] "GET /sipse/faces/javax.faces.resource/primefaces.css?ln=primefaces&v=4.0 HTTP/1.1" 304 -
186.80.108.8 - - [16/Dec/2023:21:11:57 -0500] "GET /sipse/faces/javax.faces.resource/layout/layout.css?ln=primefaces&v=4.0 HTTP/1.1" 304 -
186.80.108.8 - - [16/Dec/2023:21:11:57 -0500] "GET /sipse/faces/javax.faces.resource/jquery/jquery-plugins.js?ln=primefaces&v=4.0 HTTP/1.1" 304 -
186.80.108.8 - - [16/Dec/2023:21:11:57 -0500] "GET /sipse/faces/javax.faces.resource/primefaces.js?ln=primefaces&v=4.0 HTTP/1.1" 304 -
186.80.108.8 - - [16/Dec/2023:21:11:57 -0500] "GET /sipse/faces/javax.faces.resource/layout/layout.js?ln=primefaces&v=4.0 HTTP/1.1" 304 -
186.80.108.8 - - [16/Dec/2023:21:11:57 -0500] "GET /sipse/faces/javax.faces.resource/messages/messages.png?ln=primefaces&v=4.0 HTTP/1.1" 304 -
186.80.108.8 - - [16/Dec/2023:21:11:59 -0500] "GET /sipse/faces/javax.faces.resource/images/ui-icons_898989_256x240.png?ln=primefaces-aristo HTTP/1.1" 304 -
186.80.108.8 - - [16/Dec/2023:21:12:01 -0500] "POST /sipse/faces/presentacion/sistema/seguridad/seleccionRol.xhtml HTTP/1.1" 200 5624
186.80.108.8 - - [16/Dec/2023:21:12:02 -0500] "POST /sipse/faces/presentacion/sistema/seguridad/seleccionRol.xhtml HTTP/1.1" 200 15256
186.80.108.8 - - [16/Dec/2023:21:12:02 -0500] "GET /sipse/faces/javax.faces.resource/layout/layout.css?ln=primefaces&v=4.0 HTTP/1.1" 304 -
186.80.108.8 - - [16/Dec/2023:21:12:02 -0500] "GET /sipse/faces/javax.faces.resource/theme.css?ln=primefaces-sipse HTTP/1.1" 304 -
186.80.108.8 - - [16/Dec/2023:21:12:02 -0500] "GET /sipse/faces/javax.faces.resource/primefaces.css?ln=primefaces&v=4.0 HTTP/1.1" 304 -
186.80.108.8 - - [16/Dec/2023:21:12:02 -0500] "GET /sipse/js/jquery.min.js HTTP/1.1" 304 -
186.80.108.8 - - [16/Dec/2023:21:12:02 -0500] "GET /sipse/faces/javax.faces.resource/jquery/jquery.js?ln=primefaces&v=4.0 HTTP/1.1" 304 -
186.80.108.8 - - [16/Dec/2023:21:12:02 -0500] "GET /sipse/faces/javax.faces.resource/jquery/jquery-plugins.js?ln=primefaces&v=4.0 HTTP/1.1" 304 -
186.80.108.8 - - [16/Dec/2023:21:12:02 -0500] "GET /sipse/faces/javax.faces.resource/primefaces.js?ln=primefaces&v=4.0 HTTP/1.1" 304 -
186.80.108.8 - - [16/Dec/2023:21:12:02 -0500] "GET /sipse/faces/javax.faces.resource/layout/layout.js?ln=primefaces&v=4.0 HTTP/1.1" 304 -
186.80.108.8 - - [16/Dec/2023:21:12:02 -0500] "GET /sipse/imagenes/logoAplicacion.jpg HTTP/1.1" 304 -
186.80.108.8 - - [16/Dec/2023:21:12:02 -0500] "GET /sipse/css/v_mergente.css HTTP/1.1" 304 -
186.80.108.8 - - [16/Dec/2023:21:12:02 -0500] "GET /sipse/imagenes/cargando.gif HTTP/1.1" 304 -
186.80.108.8 - - [16/Dec/2023:21:12:02 -0500] "GET /sipse/css/imagen/contrasena.png HTTP/1.1" 404 383
186.80.108.8 - - [16/Dec/2023:21:12:05 -0500] "POST /sipse/faces/bienvenido.xhtml HTTP/1.1" 200 3246
186.80.108.8 - - [16/Dec/2023:21:12:05 -0500] "GET /sipse/faces/javax.faces.resource/images/ui-bg_flat_0_2d5972_40x100.png?ln=primefaces-aristo HTTP/1.1" 304 -
201.245.192.253 - - [16/Dec/2023:21:12:07 -0500] "POST /forms/lservlet;jsessionid=ac16012b30d68f87e6b31bdd4159a82faa45787d3329.e3iSbxaKaheRe34Qc38TbN0Nb41ynknvrkLOlQzNp65In0 HTTP/1.1" 200 2
186.80.108.8 - - [16/Dec/2023:21:12:14 -0500] "POST /sipse/faces/bienvenido.xhtml HTTP/1.1" 200 63740
186.80.108.8 - - [16/Dec/2023:21:12:14 -0500] "GET /sipse/faces/javax.faces.resource/theme.css?ln=primefaces-sipse HTTP/1.1" 304 -
186.80.108.8 - - [16/Dec/2023:21:12:14 -0500] "GET /sipse/faces/javax.faces.resource/primefaces.css?ln=primefaces&v=4.0 HTTP/1.1" 304 -
186.80.108.8 - - [16/Dec/2023:21:12:14 -0500] "GET /sipse/faces/javax.faces.resource/layout/layout.css?ln=primefaces&v=4.0 HTTP/1.1" 304 -
186.80.108.8 - - [16/Dec/2023:21:12:14 -0500] "GET /sipse/faces/javax.faces.resource/jquery/jquery.js?ln=primefaces&v=4.0 HTTP/1.1" 304 -
186.80.108.8 - - [16/Dec/2023:21:12:14 -0500] "GET /sipse/faces/javax.faces.resource/jquery/jquery-plugins.js?ln=primefaces&v=4.0 HTTP/1.1" 304 -
186.80.108.8 - - [16/Dec/2023:21:12:14 -0500] "GET /sipse/faces/javax.faces.resource/primefaces.js?ln=primefaces&v=4.0 HTTP/1.1" 304 -
186.80.108.8 - - [16/Dec/2023:21:12:14 -0500] "GET /sipse/faces/javax.faces.resource/layout/layout.js?ln=primefaces&v=4.0 HTTP/1.1" 304 -
186.80.108.8 - - [16/Dec/2023:21:12:15 -0500] "POST /sipse/faces/presentacion/financiero/solicitudProceso/listarSolicitudProceso.xhtml HTTP/1.1" 200 1556
186.80.108.8 - - [16/Dec/2023:21:12:18 -0500] "POST /sipse/faces/presentacion/financiero/solicitudProceso/listarSolicitudProceso.xhtml HTTP/1.1" 200 33309
186.80.108.8 - - [16/Dec/2023:21:12:20 -0500] "POST /sipse/faces/presentacion/financiero/solicitudProceso/listarSolicitudProceso.xhtml HTTP/1.1" 200 5828
186.80.108.8 - - [16/Dec/2023:21:12:23 -0500] "POST /sipse/faces/presentacion/financiero/solicitudProceso/listarSolicitudProceso.xhtml HTTP/1.1" 200 33173
186.80.108.8 - - [16/Dec/2023:21:12:33 -0500] "POST /sipse/faces/presentacion/financiero/solicitudProceso/listarSolicitudProceso.xhtml HTTP/1.1" 200 5828
216.244.66.195 - - [16/Dec/2023:21:12:38 -0500] "GET /BLA/resoluciones/AUTOS%202010/1415.pdf HTTP/1.1" 200 156758
186.80.108.8 - - [16/Dec/2023:21:12:37 -0500] "POST /sipse/faces/presentacion/financiero/solicitudProceso/listarSolicitudProceso.xhtml HTTP/1.1" 200 149439
186.80.108.8 - - [16/Dec/2023:21:12:38 -0500] "GET /sipse/faces/javax.faces.resource/theme.css?ln=primefaces-sipse HTTP/1.1" 304 -
186.80.108.8 - - [16/Dec/2023:21:12:38 -0500] "GET /sipse/faces/javax.faces.resource/primefaces.css?ln=primefaces&v=4.0 HTTP/1.1" 304 -
186.80.108.8 - - [16/Dec/2023:21:12:38 -0500] "GET /sipse/faces/javax.faces.resource/layout/layout.css?ln=primefaces&v=4.0 HTTP/1.1" 304 -
186.80.108.8 - - [16/Dec/2023:21:12:38 -0500] "GET /sipse/faces/javax.faces.resource/jquery/jquery.js?ln=primefaces&v=4.0 HTTP/1.1" 304 -
186.80.108.8 - - [16/Dec/2023:21:12:38 -0500] "GET /sipse/faces/javax.faces.resource/jquery/jquery-plugins.js?ln=primefaces&v=4.0 HTTP/1.1" 304 -
186.80.108.8 - - [16/Dec/2023:21:12:38 -0500] "GET /sipse/faces/javax.faces.resource/primefaces.js?ln=primefaces&v=4.0 HTTP/1.1" 304 -
186.80.108.8 - - [16/Dec/2023:21:12:39 -0500] "GET /sipse/faces/javax.faces.resource/layout/layout.js?ln=primefaces&v=4.0 HTTP/1.1" 304 -
186.80.108.8 - - [16/Dec/2023:21:12:39 -0500] "GET /sipse/faces/javax.faces.resource/dynamiccontent.properties?ln=primefaces&pfdrid=XjOR5%2F%2FfPAZAuY9TpWQeCiM0BhlXxYRBGKi%2FQcXXfeA%3D&pfdrid_c=false HTTP/1.1" 500 383
201.245.192.253 - - [16/Dec/2023:21:12:43 -0500] "POST /forms/lservlet;jsessionid=ac16012b30d665b9d6b5cea24731bd918aefbc6c9e46.e3iSbxaKaheRe34Qc38TbN0Nb41ynknvrkLOlQzNp65In0 HTTP/1.1" 200 2
216.245.221.92 - - [16/Dec/2023:21:12:48 -0500] "HEAD / HTTP/1.1" 200 -
186.80.108.8 - - [16/Dec/2023:21:12:51 -0500] "GET /sipse/faces/javax.faces.resource/theme.css?ln=primefaces-sipse HTTP/1.1" 304 -
186.80.108.8 - - [16/Dec/2023:21:12:51 -0500] "GET /sipse/faces/javax.faces.resource/primefaces.css?ln=primefaces&v=4.0 HTTP/1.1" 304 -
186.80.108.8 - - [16/Dec/2023:21:12:51 -0500] "GET /sipse/faces/javax.faces.resource/layout/layout.css?ln=primefaces&v=4.0 HTTP/1.1" 304 -
186.80.108.8 - - [16/Dec/2023:21:12:51 -0500] "POST /sipse/faces/presentacion/financiero/solicitudProceso/consultarSolicitudProceso.xhtml HTTP/1.1" 200 67557
186.80.108.8 - - [16/Dec/2023:21:12:51 -0500] "GET /sipse/faces/javax.faces.resource/jquery/jquery.js?ln=primefaces&v=4.0 HTTP/1.1" 304 -
186.80.108.8 - - [16/Dec/2023:21:12:51 -0500] "GET /sipse/faces/javax.faces.resource/jquery/jquery-plugins.js?ln=primefaces&v=4.0 HTTP/1.1" 304 -
186.80.108.8 - - [16/Dec/2023:21:12:51 -0500] "GET /sipse/faces/javax.faces.resource/primefaces.js?ln=primefaces&v=4.0 HTTP/1.1" 304 -
186.80.108.8 - - [16/Dec/2023:21:12:51 -0500] "GET /sipse/faces/javax.faces.resource/layout/layout.js?ln=primefaces&v=4.0 HTTP/1.1" 304 -
186.80.108.8 - - [16/Dec/2023:21:12:51 -0500] "POST /sipse/faces/presentacion/financiero/solicitudProceso/listarSolicitudProceso.xhtml HTTP/1.1" 200 1556
186.80.108.8 - - [16/Dec/2023:21:12:51 -0500] "POST /sipse/faces/presentacion/financiero/solicitudProceso/listarSolicitudProceso.xhtml HTTP/1.1" 200 1552
186.80.108.8 - - [16/Dec/2023:21:12:58 -0500] "POST /sipse/faces/presentacion/financiero/solicitudProceso/listarSolicitudProceso.xhtml HTTP/1.1" 200 4592
216.244.66.195 - - [16/Dec/2023:21:13:17 -0500] "GET /BLA/resoluciones/AUTOS%202010/1442.pdf HTTP/1.1" 200 166332
216.244.66.195 - - [16/Dec/2023:21:13:50 -0500] "GET /BLA/resoluciones/AUTOS%202010/1446.pdf HTTP/1.1" 200 170782
152.202.77.44 - - [16/Dec/2023:21:13:55 -0500] "GET /kwssiamovil/sm/ldap/au?x=U2FsdGVkX19b0sliMPqTUMYD9yRq/wztWW/cp3Kld76DfPGCAXD/tQ1mjSQlf1qhYdwG0zBhj9lLsj4peWF0eQ==&y=U2FsdGVkX1/sGP2Y1TqEdHvDMl5SgAAmM+AwVALxu5iDTGxrUHTo3J+ubd83LSD/ HTTP/1.1" 200 30
152.202.77.44 - - [16/Dec/2023:21:13:56 -0500] "GET /kwssiamovil/sm/acme/s?s=U2FsdGVkX1/8O5rif3HKKDb+EzCx/6BA9BOOe9wq4/fscURTqe49GxgRExjDqN3wnDIyDHXZdozakaKy3m5VRiqKQHPRPEH79YdlvAOVor4=&u=U2FsdGVkX18Ksvce3llKHuH4ZjuGojxciwXu43MA0H2CA05XKvuaGMUBAX5fR4/V&y=U2FsdGVkX1/sGP2Y1TqEdHvDMl5SgAAmM+AwVALxu5iDTGxrUHTo3J+ubd83LSD/ HTTP/1.1" 200 97
152.202.77.44 - - [16/Dec/2023:21:13:56 -0500] "GET /kwssiamovil/sm/acme/s?s=U2FsdGVkX1/LAFjJKR+IZZY587n/2tZUrM+s+QH8ijV0q+c55+t01GyhaNoqNrTewYiiv+bTvzGlP3xqhiCRI4rY3Kor0qWVLM1sc56QUTjg7+fOkCGVLGTP5rtgjkoBsZ355ttG/F3II0nAPPJJG4rg7Eov4vCo9otz7G925G+deadF9Hz9v3NFebsYny7tapqdkdipuPK9/5KldOLRe+3jV8u6OgKtgC6OVcHplUlgEeWpCFjqAmjzebksS3ICy4X7u+dJDPxhO+VDDD9APrLPIPgx5Hgjx2pLDPbaUcs/qxZMl2uKRfBdAI9Loi5oRo8PQSUA0986GVAWyd6BFdjfs9VFmE/0GCy2ozbVPiMkgCdZg9wb6pLSzU181ZhDuWpNa8CWWTj1qsyAY5gTDmruPiXjFryQEnHj2Zji4sMACHymadJWCu1TkhF3smANQeS+d8IP4wOc+aOBwA1Qo1/mzKeaBDreE0AZV3WbDCiojEuUyzylrbmPiiZTLJSWBKB69UAp+OR2V1XOsMHOMWkSWjHoo+w5KYUsoq4Zih3CTqiTXldVZkAPA/en18ZBm2MFE6GCoGBXnmFyHE4Tb6AyJJZ/kS0M0KJnsZVpU/Ufd8dclJAy+Gsa1lBuvVgyp11VEhEWuiELr0x6dZGK8dGNu827bV8cbUK+6dUEIH74/P6bgiQ9BNttvCuqsjA1T0JL+H4WO6qIxNbZfQb4vFc/UpkAa1BpnXDmJ+TH1BIt9le7GHLZdo/J6AWwjt3DPYCm+otvnSKygwZekeEQaEh5qUgmRkN5Ful0NCZfheOnSQJkoWwujK35BJ8Xk2XGPA0yraB0N/8cHheezrA4oDNJy7obkswxCs3IMJ9wbEUGGgeINGIpghO3PzOswD6frJ+HWxu5GHfVSis/fC5qt0qFrxtPdwAygv+gvixJNgUApQQceuS2egKyeeDxS9saqAQ4f5UnqL1VgTnDOk/l8EwNRSLBWzHTe63hvXWBynHYQnEPsWcAGf4nFUKiT1ewH+zrx/fm6UXcpZb0fDrtnV0cq615nNoDNW/bpQP8ZpAu7jpr3qQZ6iwr6R3kirLc2xC35NUWqe6urn/VCcHewDv2j+l5MnnfrC+k/ba99D48jCZMTbMoj53BwIezNIvl0l/OxxGwEpn+FOu/thvCUlshFbM813oUmzhrHCGaZ0/er38NhJHsiGGe82Ls0yIu6QxleCYK1dk8qFgohmpYe0NVWL2QU9CwfVmkFblh6Wmdnp/TaF1NVpQ1CdkLruH3uT3zSqMmPyJqXBnD2eltMWzfvbrnV1wcPvMdJNWTXqITdP9y9v48C5aCsH35pZBYE5iguHzQLIUlH3HI9J6bmmP3c1+a9B6X3qbTXDe3exD07i8e3M5ZxMeWn7Me7LbkQzbJr8zUyqEcVCg58UuJCYdNyr73IZ5izwk5G5vE6ejDR17AA/BncyuTnhyU7pT8IOR6kmQ1wGHb3L8K3tufGeILUkvfhwfW7WdvA6k6B7CLgJavPIuxZV910/dw56gIpMoSXcxG/fhSjviOLMoGxQ0o2qdzR1pyRDmECu1lAwdGeuyDRwAeIxsQozJnHft5y5THbTsZMaMzMVL7GYSGaxpEyvmkDGqG7dgXn8U/8K7J0J0Q64+Cu556oui8zCcnFRtsg3uygmCUGa0MS1wHYXNl1XVhBfXApXTr5ALbRT/zKp19bRLWUYUCCacNksq6MXmN4GJOSXEuTumRcPbNbj7z8/nzDszuyJVE0eK3GQPd6hpfV6CUwvhVJIlc1OeD&u=U2FsdGVkX18Ksvce3llKHuH4ZjuGojxciwXu43MA0H2CA05XKvuaGMUBAX5fR4/V&y=U2FsdGVkX1/sGP2Y1TqEdHvDMl5SgAAmM+AwVALxu5iDTGxrUHTo3J+ubd83LSD/ HTTP/1.1" 200 1722
152.202.77.44 - - [16/Dec/2023:21:13:56 -0500] "GET /kwssiamovil/sm/acme/s?s=U2FsdGVkX19kJISVtkGq5fQHAc7Sts9rRt54yecQPs4Oq83oyTlfevWz0f0+yw5FuTGMpUXoAhY/tjCC059gJlVT3EBRYIisI+cjpmyunzg1rxPzjsFdtz16Byvm9Wpm/n5NvR2bOR6IlfqYmH/CApOmh/rPMMKFGSG5ZY3l0zgUFxsX3YGf3GkG2i/bIc2RfGfmIZs6zKAvNm6kTM2Vs5rnJLTFhG0/5rBMcxzwtzJloXjVK+AcY3K3keyjxBYoZCiOmGZ+GNjYUbpABsSpyWesB/afQ0mkEMmpUAQ2SFZtrln7SYZWcKZkpJnWUXlA+Ttum2BnFtFfNZz0nptAQRdsXfAlBHamFxeUe8sgz3DrKqPKPOa2MiOrmEXeKT+2mWowEOjNlDQLGOZRnAmndJtCBEqu0rdzyhDs15b+wLlA6RNjOzeXUatc8sAcZewl1rbCvHqZHnIn949v+hlbpfPnox4iFgpkYJCQpPYzk/hmGKQrj0Hf0qA8ywIi+d/bXthwDznBGb0Du1vkBgtMHgYY7nn3dGgFk+32b5HUPiURfNrDkF6U1LEn8LmtJk3vMMzDXVThFt7I3xHcDE2/uyx5jXV0S0p3sWZtBeMM0ctIgRMstCZDcO/VyhxkyOU5BUnY7cwXd5J9BMLrkuz4CU1eQpmSm8MSm7YRmJ6csnwR3EnE0kvWWxHznig8PV+CL1Enh7txl3iPxNGunsL19HuU930qmWrF3Y0nmxgpZvCz6oZ66qXu9hMJIKxCdLJc&u=U2FsdGVkX18Ksvce3llKHuH4ZjuGojxciwXu43MA0H2CA05XKvuaGMUBAX5fR4/V&y=U2FsdGVkX1/sGP2Y1TqEdHvDMl5SgAAmM+AwVALxu5iDTGxrUHTo3J+ubd83LSD/ HTTP/1.1" 200 208
152.202.77.44 - - [16/Dec/2023:21:13:56 -0500] "GET /kwssiamovil/sm/cjson/pre?f=1&x=U2FsdGVkX19b0sliMPqTUMYD9yRq/wztWW/cp3Kld76DfPGCAXD/tQ1mjSQlf1qhYdwG0zBhj9lLsj4peWF0eQ== HTTP/1.1" 200 31032
201.245.192.253 - - [16/Dec/2023:21:14:07 -0500] "POST /forms/lservlet;jsessionid=ac16012b30d68f87e6b31bdd4159a82faa45787d3329.e3iSbxaKaheRe34Qc38TbN0Nb41ynknvrkLOlQzNp65In0 HTTP/1.1" 200 2
216.244.66.195 - - [16/Dec/2023:21:14:20 -0500] "GET /BLA/resoluciones/AUTOS%202010/1520.pdf HTTP/1.1" 200 95905
201.245.192.253 - - [16/Dec/2023:21:14:43 -0500] "POST /forms/lservlet;jsessionid=ac16012b30d665b9d6b5cea24731bd918aefbc6c9e46.e3iSbxaKaheRe34Qc38TbN0Nb41ynknvrkLOlQzNp65In0 HTTP/1.1" 200 2
216.244.66.195 - - [16/Dec/2023:21:14:58 -0500] "GET /BLA/resoluciones/AUTOS%202010/1610.pdf HTTP/1.1" 200 169386
216.244.66.195 - - [16/Dec/2023:21:15:36 -0500] "GET /BLA/resoluciones/AUTOS%202010/1949.pdf HTTP/1.1" 200 236771
172.22.2.4 - - [16/Dec/2023:21:13:59 -0500] "HEAD /BLA/boletinlegal/ HTTP/1.1" 200 -
201.245.192.253 - - [16/Dec/2023:21:15:51 -0500] "GET /kwsrmcab/Wsrmcab?wsdl HTTP/1.1" 200 6948
201.245.192.253 - - [16/Dec/2023:21:15:53 -0500] "POST /kwsrmcab/Wsrmcab HTTP/1.1" 200 38278
201.245.192.253 - - [16/Dec/2023:21:15:56 -0500] "POST /kwsrmcab/Wsrmcab HTTP/1.1" 200 39215
201.245.192.253 - - [16/Dec/2023:21:16:07 -0500] "POST /forms/lservlet;jsessionid=ac16012b30d68f87e6b31bdd4159a82faa45787d3329.e3iSbxaKaheRe34Qc38TbN0Nb41ynknvrkLOlQzNp65In0 HTTP/1.1" 200 2
172.22.2.4 - - [16/Dec/2023:21:14:43 -0500] "GET /BLA/boletinlegal/ HTTP/1.1" 200 45003
216.244.66.195 - - [16/Dec/2023:21:16:18 -0500] "GET /BLA/resoluciones/AUTOS%202010/3463.pdf HTTP/1.1" 200 392277
172.22.2.4 - - [16/Dec/2023:21:14:50 -0500] "GET /BLA/boletinlegal/ HTTP/1.1" 200 51333
201.245.192.253 - - [16/Dec/2023:21:16:43 -0500] "POST /forms/lservlet;jsessionid=ac16012b30d665b9d6b5cea24731bd918aefbc6c9e46.e3iSbxaKaheRe34Qc38TbN0Nb41ynknvrkLOlQzNp65In0 HTTP/1.1" 200 2
201.245.192.253 - - [16/Dec/2023:21:16:42 -0500] "POST /kwsrmcab/Wsrmcab  HTTP/1.1" 200 37894
216.244.66.195 - - [16/Dec/2023:21:16:58 -0500] "GET /BLA/resoluciones/AUTOS%202010/3624.pdf HTTP/1.1" 200 1606925
216.244.66.195 - - [16/Dec/2023:21:17:48 -0500] "GET /BLA/resoluciones/AUTOS%202010/3734.pdf HTTP/1.1" 200 5722250
216.245.221.92 - - [16/Dec/2023:21:17:48 -0500] "HEAD / HTTP/1.1" 200 -
201.245.192.253 - - [16/Dec/2023:21:18:07 -0500] "POST /forms/lservlet;jsessionid=ac16012b30d68f87e6b31bdd4159a82faa45787d3329.e3iSbxaKaheRe34Qc38TbN0Nb41ynknvrkLOlQzNp65In0 HTTP/1.1" 200 2
216.244.66.195 - - [16/Dec/2023:21:18:38 -0500] "GET /BLA/resoluciones/AUTOS%202010/4144.pdf HTTP/1.1" 200 425201
201.245.192.253 - - [16/Dec/2023:21:18:43 -0500] "POST /forms/lservlet;jsessionid=ac16012b30d665b9d6b5cea24731bd918aefbc6c9e46.e3iSbxaKaheRe34Qc38TbN0Nb41ynknvrkLOlQzNp65In0 HTTP/1.1" 200 2
216.244.66.195 - - [16/Dec/2023:21:19:21 -0500] "GET /BLA/resoluciones/AUTOS%202010/4554.pdf HTTP/1.1" 200 121180
201.245.192.253 - - [16/Dec/2023:21:19:43 -0500] "POST /kwsrmcab/Wsrmcab HTTP/1.1" 200 38278
201.245.192.253 - - [16/Dec/2023:21:19:48 -0500] "POST /kwsrmcab/Wsrmcab HTTP/1.1" 200 39215
216.244.66.195 - - [16/Dec/2023:21:19:52 -0500] "GET /BLA/resoluciones/AUTOS%202010/5655.pdf HTTP/1.1" 200 201474
201.245.192.253 - - [16/Dec/2023:21:20:07 -0500] "POST /forms/lservlet;jsessionid=ac16012b30d68f87e6b31bdd4159a82faa45787d3329.e3iSbxaKaheRe34Qc38TbN0Nb41ynknvrkLOlQzNp65In0 HTTP/1.1" 200 2
216.244.66.195 - - [16/Dec/2023:21:20:25 -0500] "GET /BLA/resoluciones/AUTOS%202010/6460.pdf HTTP/1.1" 200 543132
173.252.79.7 - - [16/Dec/2023:21:20:39 -0500] "GET /images/24%20de%20febrero%20Sendero%20guadalupe%202.jpeg HTTP/1.1" 200 70964
201.245.192.253 - - [16/Dec/2023:21:20:43 -0500] "POST /forms/lservlet;jsessionid=ac16012b30d665b9d6b5cea24731bd918aefbc6c9e46.e3iSbxaKaheRe34Qc38TbN0Nb41ynknvrkLOlQzNp65In0 HTTP/1.1" 200 2
173.252.107.117 - - [16/Dec/2023:21:20:46 -0500] "GET /camino-guadalupe-aguanoso-abierto-de-nuevo-al-publico.html HTTP/1.1" 200 879
216.244.66.195 - - [16/Dec/2023:21:21:10 -0500] "GET /BLA/resoluciones/AUTOS%202011/3049.pdf HTTP/1.1" 200 217542
172.22.2.4 - - [16/Dec/2023:21:19:49 -0500] "HEAD /BLA/boletinlegal/ HTTP/1.1" 200 -
216.244.66.195 - - [16/Dec/2023:21:21:42 -0500] "GET /BLA/resoluciones/AUTOS%202017/3116.pdf HTTP/1.1" 200 294068
201.245.192.253 - - [16/Dec/2023:21:21:41 -0500] "POST /kwsrmcab/Wsrmcab  HTTP/1.1" 200 37894
201.245.192.253 - - [16/Dec/2023:21:22:07 -0500] "POST /forms/lservlet;jsessionid=ac16012b30d68f87e6b31bdd4159a82faa45787d3329.e3iSbxaKaheRe34Qc38TbN0Nb41ynknvrkLOlQzNp65In0 HTTP/1.1" 200 2
216.244.66.195 - - [16/Dec/2023:21:22:12 -0500] "GET /BLA/resoluciones/AUTOS%202019/0152.pdf HTTP/1.1" 200 267791
172.22.2.4 - - [16/Dec/2023:21:20:40 -0500] "GET /BLA/boletinlegal/ HTTP/1.1" 200 49900
172.22.2.4 - - [16/Dec/2023:21:20:41 -0500] "HEAD /BLA/boletinlegal/ HTTP/1.1" 200 -
216.244.66.195 - - [16/Dec/2023:21:22:43 -0500] "GET /BLA/resoluciones/RESOLUCIONES%202018/3431.pdf HTTP/1.1" 200 242017
201.245.192.253 - - [16/Dec/2023:21:22:43 -0500] "POST /forms/lservlet;jsessionid=ac16012b30d665b9d6b5cea24731bd918aefbc6c9e46.e3iSbxaKaheRe34Qc38TbN0Nb41ynknvrkLOlQzNp65In0 HTTP/1.1" 200 2
216.245.221.92 - - [16/Dec/2023:21:22:48 -0500] "HEAD / HTTP/1.1" 200 -
172.22.2.4 - - [16/Dec/2023:21:22:22 -0500] "GET /BLA/boletinlegal/ HTTP/1.1" 200 24523
216.244.66.195 - - [16/Dec/2023:21:23:14 -0500] "GET /BLA/resoluciones/RESOLUCIONES%202023/0183.pdf HTTP/1.1" 200 364493
190.27.57.161 - - [16/Dec/2023:21:23:27 -0500] "GET /sipse/faces/index.xhtml HTTP/1.1" 200 677
190.27.57.161 - - [16/Dec/2023:21:23:28 -0500] "GET /sipse/faces/javax.faces.resource/theme.css?ln=primefaces-sipse HTTP/1.1" 304 -
190.27.57.161 - - [16/Dec/2023:21:23:29 -0500] "GET /sipse/faces/faces/autenticacion.xhtml HTTP/1.1" 200 12416
190.27.57.161 - - [16/Dec/2023:21:23:30 -0500] "GET /sipse/faces/javax.faces.resource/theme.css?ln=primefaces-sipse HTTP/1.1" 304 -
190.27.57.161 - - [16/Dec/2023:21:23:30 -0500] "GET /sipse/faces/javax.faces.resource/layout/layout.js?ln=primefaces&v=4.0 HTTP/1.1" 304 -
190.27.57.161 - - [16/Dec/2023:21:23:30 -0500] "GET /sipse/faces/javax.faces.resource/primefaces.css?ln=primefaces&v=4.0 HTTP/1.1" 304 -
190.27.57.161 - - [16/Dec/2023:21:23:30 -0500] "GET /sipse/faces/javax.faces.resource/layout/layout.css?ln=primefaces&v=4.0 HTTP/1.1" 304 -
190.27.57.161 - - [16/Dec/2023:21:23:30 -0500] "GET /sipse/faces/javax.faces.resource/primefaces.js?ln=primefaces&v=4.0 HTTP/1.1" 304 -
190.27.57.161 - - [16/Dec/2023:21:23:30 -0500] "GET /sipse/faces/javax.faces.resource/jquery/jquery.js?ln=primefaces&v=4.0 HTTP/1.1" 304 -
190.27.57.161 - - [16/Dec/2023:21:23:30 -0500] "GET /sipse/faces/javax.faces.resource/jquery/jquery-plugins.js?ln=primefaces&v=4.0 HTTP/1.1" 304 -
190.27.57.161 - - [16/Dec/2023:21:23:33 -0500] "GET /sipse/faces/javax.faces.resource/images/ui-icons_898989_256x240.png?ln=primefaces-aristo HTTP/1.1" 304 -
190.27.57.161 - - [16/Dec/2023:21:23:40 -0500] "POST /sipse/faces/autenticacion.xhtml HTTP/1.1" 200 16323
190.27.57.161 - - [16/Dec/2023:21:23:40 -0500] "GET /sipse/faces/javax.faces.resource/theme.css?ln=primefaces-sipse HTTP/1.1" 304 -
190.27.57.161 - - [16/Dec/2023:21:23:40 -0500] "GET /sipse/faces/javax.faces.resource/primefaces.css?ln=primefaces&v=4.0 HTTP/1.1" 304 -
190.27.57.161 - - [16/Dec/2023:21:23:40 -0500] "GET /sipse/faces/javax.faces.resource/layout/layout.css?ln=primefaces&v=4.0 HTTP/1.1" 304 -
190.27.57.161 - - [16/Dec/2023:21:23:41 -0500] "GET /sipse/faces/javax.faces.resource/jquery/jquery.js?ln=primefaces&v=4.0 HTTP/1.1" 304 -
190.27.57.161 - - [16/Dec/2023:21:23:41 -0500] "GET /sipse/faces/javax.faces.resource/jquery/jquery-plugins.js?ln=primefaces&v=4.0 HTTP/1.1" 304 -
190.27.57.161 - - [16/Dec/2023:21:23:41 -0500] "GET /sipse/faces/javax.faces.resource/primefaces.js?ln=primefaces&v=4.0 HTTP/1.1" 304 -
190.27.57.161 - - [16/Dec/2023:21:23:41 -0500] "GET /sipse/faces/javax.faces.resource/layout/layout.js?ln=primefaces&v=4.0 HTTP/1.1" 304 -
190.27.57.161 - - [16/Dec/2023:21:23:41 -0500] "GET /sipse/css/imagen/contrasena.png HTTP/1.1" 404 383
190.27.57.161 - - [16/Dec/2023:21:23:41 -0500] "GET /sipse/faces/javax.faces.resource/messages/messages.png?ln=primefaces&v=4.0 HTTP/1.1" 304 -
216.244.66.195 - - [16/Dec/2023:21:23:42 -0500] "GET /BLA/resoluciones/RESOLUCIONES%202023/2251.pdf HTTP/1.1" 200 512060
201.245.192.253 - - [16/Dec/2023:21:24:07 -0500] "POST /forms/lservlet;jsessionid=ac16012b30d68f87e6b31bdd4159a82faa45787d3329.e3iSbxaKaheRe34Qc38TbN0Nb41ynknvrkLOlQzNp65In0 HTTP/1.1" 200 2
216.244.66.195 - - [16/Dec/2023:21:24:09 -0500] "GET /BLA/resoluciones/RESOLUCIONES%201997/0542.pdf HTTP/1.1" 200 32969
216.244.66.195 - - [16/Dec/2023:21:24:33 -0500] "GET /BLA/resoluciones/RESOLUCIONES%202017/0892.pdf HTTP/1.1" 200 333960
201.245.192.253 - - [16/Dec/2023:21:24:43 -0500] "POST /forms/lservlet;jsessionid=ac16012b30d665b9d6b5cea24731bd918aefbc6c9e46.e3iSbxaKaheRe34Qc38TbN0Nb41ynknvrkLOlQzNp65In0 HTTP/1.1" 200 2
47.128.58.50 - - [16/Dec/2023:21:24:48 -0500] "GET /BLA/resoluciones/index.php?dir=AUTOS+2012%2F HTTP/1.1" 200 276804
47.128.58.50 - - [16/Dec/2023:21:24:51 -0500] "GET /BLA/resoluciones/dlf/pdf.gif HTTP/1.1" 200 272
47.128.58.50 - - [16/Dec/2023:21:24:51 -0500] "GET /BLA/resoluciones/dlf/dirup.png HTTP/1.1" 200 644
216.244.66.195 - - [16/Dec/2023:21:24:59 -0500] "GET /BLA/resoluciones/RESOLUCIONES%202017/1499.pdf HTTP/1.1" 200 321385
47.128.23.203 - - [16/Dec/2023:21:25:11 -0500] "GET /BLA/resoluciones/index.php?dir=AUTOS+1997%2F HTTP/1.1" 200 2025
47.128.23.203 - - [16/Dec/2023:21:25:12 -0500] "GET /BLA/resoluciones/dlf/dirup.png HTTP/1.1" 200 644
47.128.23.203 - - [16/Dec/2023:21:25:12 -0500] "GET /BLA/resoluciones/dlf/pdf.gif HTTP/1.1" 200 272
47.128.23.203 - - [16/Dec/2023:21:25:12 -0500] "GET /BLA/resoluciones/dlf/unknown.png HTTP/1.1" 200 266
216.244.66.195 - - [16/Dec/2023:21:25:22 -0500] "GET /BLA/resoluciones/RESOLUCIONES%202017/2593.pdf HTTP/1.1" 200 316297
216.244.66.195 - - [16/Dec/2023:21:25:43 -0500] "GET /BLA/resoluciones/RESOLUCIONES%202017/3807.pdf HTTP/1.1" 200 316361
201.245.192.253 - - [16/Dec/2023:21:25:52 -0500] "POST /kwsrmcab/Wsrmcab HTTP/1.1" 200 38278
201.245.192.253 - - [16/Dec/2023:21:25:55 -0500] "POST /kwsrmcab/Wsrmcab HTTP/1.1" 200 39215
216.244.66.195 - - [16/Dec/2023:21:26:03 -0500] "GET /BLA/resoluciones/RESOLUCIONES%202019/0558.pdf HTTP/1.1" 200 230668
201.245.192.253 - - [16/Dec/2023:21:26:07 -0500] "POST /forms/lservlet;jsessionid=ac16012b30d68f87e6b31bdd4159a82faa45787d3329.e3iSbxaKaheRe34Qc38TbN0Nb41ynknvrkLOlQzNp65In0 HTTP/1.1" 200 2
47.128.19.135 - - [16/Dec/2023:21:26:07 -0500] "GET /BLA/resoluciones/dlf/pdf.gif HTTP/1.1" 200 272
47.128.19.135 - - [16/Dec/2023:21:26:07 -0500] "GET /BLA/resoluciones/dlf/dirup.png HTTP/1.1" 200 644
216.244.66.195 - - [16/Dec/2023:21:26:23 -0500] "GET /BLA/resoluciones/RESOLUCIONES%202019/0634.pdf HTTP/1.1" 200 285858
47.128.19.135 - - [16/Dec/2023:21:26:06 -0500] "GET /BLA/resoluciones/index.php?dir=RESOLUCIONES+2018%2F HTTP/1.1" 200 281469
201.245.192.253 - - [16/Dec/2023:21:26:40 -0500] "POST /kwsrmcab/Wsrmcab  HTTP/1.1" 200 37894
216.244.66.195 - - [16/Dec/2023:21:26:43 -0500] "GET /BLA/resoluciones/RESOLUCIONES%202019/0832.pdf HTTP/1.1" 200 340581
201.245.192.253 - - [16/Dec/2023:21:26:43 -0500] "POST /forms/lservlet;jsessionid=ac16012b30d665b9d6b5cea24731bd918aefbc6c9e46.e3iSbxaKaheRe34Qc38TbN0Nb41ynknvrkLOlQzNp65In0 HTTP/1.1" 200 2
216.244.66.195 - - [16/Dec/2023:21:27:03 -0500] "GET /BLA/resoluciones/RESOLUCIONES%202019/2350.pdf HTTP/1.1" 200 332952
172.22.2.4 - - [16/Dec/2023:21:25:39 -0500] "HEAD /BLA/boletinlegal/ HTTP/1.1" 200 -
216.244.66.195 - - [16/Dec/2023:21:27:20 -0500] "GET /BLA/resoluciones/RESOLUCIONES%202019/2625.pdf HTTP/1.1" 200 368248
216.244.66.195 - - [16/Dec/2023:21:27:36 -0500] "GET /BLA/resoluciones/RESOLUCIONES%202019/2834.pdf HTTP/1.1" 200 256925
216.245.221.92 - - [16/Dec/2023:21:27:48 -0500] "HEAD / HTTP/1.1" 200 -
201.245.192.253 - - [16/Dec/2023:21:28:07 -0500] "POST /forms/lservlet;jsessionid=ac16012b30d68f87e6b31bdd4159a82faa45787d3329.e3iSbxaKaheRe34Qc38TbN0Nb41ynknvrkLOlQzNp65In0 HTTP/1.1" 200 2
172.22.2.4 - - [16/Dec/2023:21:26:30 -0500] "GET /BLA/boletinlegal/ HTTP/1.1" 200 58294
201.245.192.253 - - [16/Dec/2023:21:28:43 -0500] "POST /forms/lservlet;jsessionid=ac16012b30d665b9d6b5cea24731bd918aefbc6c9e46.e3iSbxaKaheRe34Qc38TbN0Nb41ynknvrkLOlQzNp65In0 HTTP/1.1" 200 2
201.245.192.253 - - [16/Dec/2023:21:29:44 -0500] "POST /kwsrmcab/Wsrmcab HTTP/1.1" 200 38278
201.245.192.253 - - [16/Dec/2023:21:29:49 -0500] "POST /kwsrmcab/Wsrmcab HTTP/1.1" 200 39215
201.245.192.253 - - [16/Dec/2023:21:30:07 -0500] "POST /forms/lservlet;jsessionid=ac16012b30d68f87e6b31bdd4159a82faa45787d3329.e3iSbxaKaheRe34Qc38TbN0Nb41ynknvrkLOlQzNp65In0 HTTP/1.1" 200 2
201.245.192.253 - - [16/Dec/2023:21:30:43 -0500] "POST /forms/lservlet;jsessionid=ac16012b30d665b9d6b5cea24731bd918aefbc6c9e46.e3iSbxaKaheRe34Qc38TbN0Nb41ynknvrkLOlQzNp65In0 HTTP/1.1" 200 2
2.56.247.167 - - [16/Dec/2023:21:30:48 -0500] "GET / HTTP/1.1" 200 319
45.79.181.223 - - [16/Dec/2023:21:31:05 -0500] "\x16\x03\x01" 400 226
207.46.13.150 - - [16/Dec/2023:21:31:28 -0500] "GET /sipse/faces/faces/autenticacion.xhtml HTTP/1.1" 200 12729
216.244.66.195 - - [16/Dec/2023:21:31:28 -0500] "GET /robots.txt HTTP/1.1" 404 1018
201.245.192.253 - - [16/Dec/2023:21:31:39 -0500] "POST /kwsrmcab/Wsrmcab  HTTP/1.1" 200 37894
152.202.77.44 - - [16/Dec/2023:21:31:46 -0500] "GET /kwssiamovil/sm/acme/a?s=U2FsdGVkX18tFAba8+WVV7EFYq/0EJjnlR7fo90nX2axzQQ9AbNszQRV4MiTHjZ4ccxKrjLM7tFSLsrgOJMti4qznVlbAhdi5qymosKN8x4cKT7j7ghblrSRdgelKqZ6Xs9Q/LuXetWhJOVQ3eB9Ri8z4PIu/CpePNeBU4LPbGHdh/fWq6VRkolXYkeXH5UZPurDxzMOpL2uoTuVkjY9gxV4yG5Qt4KuEUcxizqGFIJx2Zj8erDRyA9BiayzYtSX/GF/FeKv5mVdEbH0btAIPg==&u=U2FsdGVkX18Ksvce3llKHuH4ZjuGojxciwXu43MA0H2CA05XKvuaGMUBAX5fR4/V&y=U2FsdGVkX1/sGP2Y1TqEdHvDMl5SgAAmM+AwVALxu5iDTGxrUHTo3J+ubd83LSD/ HTTP/1.1" 200 26
