201.245.192.253 - - [16/Dec/2023:13:38:49 -0500] "POST /kwsrmcab/Wsrmcab  HTTP/1.1" 200 37894
216.244.66.195 - - [16/Dec/2023:13:39:29 -0500] "GET /BLA/resoluciones/AUTOS%202016/2748.pdf HTTP/1.1" 200 506589
190.70.192.175 - - [16/Dec/2023:13:39:43 -0500] "POST /sipse/faces/presentacion/financiero/solicitudProceso/listarSolicitudProceso.xhtml HTTP/1.1" 302 -
190.70.192.175 - - [16/Dec/2023:13:39:43 -0500] "GET /sipse/faces/autenticacion.xhtml HTTP/1.1" 200 1099
190.70.192.175 - - [16/Dec/2023:13:39:44 -0500] "GET /sipse/faces/faces/autenticacion.xhtml HTTP/1.1" 200 12407
190.70.192.175 - - [16/Dec/2023:13:39:45 -0500] "GET /sipse/faces/javax.faces.resource/primefaces.css?ln=primefaces&v=4.0 HTTP/1.1" 304 -
190.70.192.175 - - [16/Dec/2023:13:39:45 -0500] "GET /sipse/faces/javax.faces.resource/theme.css?ln=primefaces-sipse HTTP/1.1" 304 -
190.70.192.175 - - [16/Dec/2023:13:39:45 -0500] "GET /sipse/faces/javax.faces.resource/layout/layout.css?ln=primefaces&v=4.0 HTTP/1.1" 304 -
190.70.192.175 - - [16/Dec/2023:13:39:45 -0500] "GET /sipse/faces/javax.faces.resource/layout/layout.js?ln=primefaces&v=4.0 HTTP/1.1" 304 -
190.70.192.175 - - [16/Dec/2023:13:39:45 -0500] "GET /sipse/faces/javax.faces.resource/jquery/jquery.js?ln=primefaces&v=4.0 HTTP/1.1" 304 -
190.70.192.175 - - [16/Dec/2023:13:39:45 -0500] "GET /sipse/faces/javax.faces.resource/jquery/jquery-plugins.js?ln=primefaces&v=4.0 HTTP/1.1" 304 -
190.70.192.175 - - [16/Dec/2023:13:39:45 -0500] "GET /sipse/faces/javax.faces.resource/primefaces.js?ln=primefaces&v=4.0 HTTP/1.1" 304 -
190.70.192.175 - - [16/Dec/2023:13:39:45 -0500] "GET /sipse/faces/javax.faces.resource/images/ui-icons_898989_256x240.png?ln=primefaces-aristo HTTP/1.1" 304 -
190.70.192.175 - - [16/Dec/2023:13:39:45 -0500] "GET /favicon.ico HTTP/1.1" 200 7782
201.245.192.253 - - [16/Dec/2023:13:39:45 -0500] "POST /kwsrmcab/Wsrmcab HTTP/1.1" 200 37373
190.70.192.175 - - [16/Dec/2023:13:39:48 -0500] "POST /sipse/faces/autenticacion.xhtml HTTP/1.1" 200 2220
190.70.192.175 - - [16/Dec/2023:13:39:48 -0500] "GET /sipse/faces/javax.faces.resource/messages/messages.png?ln=primefaces&v=4.0 HTTP/1.1" 304 -
190.70.192.175 - - [16/Dec/2023:13:39:49 -0500] "POST /sipse/faces/autenticacion.xhtml HTTP/1.1" 200 16475
190.70.192.175 - - [16/Dec/2023:13:39:50 -0500] "GET /sipse/faces/javax.faces.resource/theme.css?ln=primefaces-sipse HTTP/1.1" 304 -
190.70.192.175 - - [16/Dec/2023:13:39:50 -0500] "GET /sipse/faces/javax.faces.resource/layout/layout.css?ln=primefaces&v=4.0 HTTP/1.1" 304 -
190.70.192.175 - - [16/Dec/2023:13:39:50 -0500] "GET /sipse/faces/javax.faces.resource/primefaces.css?ln=primefaces&v=4.0 HTTP/1.1" 304 -
190.70.192.175 - - [16/Dec/2023:13:39:50 -0500] "GET /sipse/faces/javax.faces.resource/jquery/jquery.js?ln=primefaces&v=4.0 HTTP/1.1" 304 -
190.70.192.175 - - [16/Dec/2023:13:39:50 -0500] "GET /sipse/faces/javax.faces.resource/jquery/jquery-plugins.js?ln=primefaces&v=4.0 HTTP/1.1" 304 -
190.70.192.175 - - [16/Dec/2023:13:39:50 -0500] "GET /sipse/faces/javax.faces.resource/primefaces.js?ln=primefaces&v=4.0 HTTP/1.1" 304 -
190.70.192.175 - - [16/Dec/2023:13:39:50 -0500] "GET /sipse/faces/javax.faces.resource/layout/layout.js?ln=primefaces&v=4.0 HTTP/1.1" 304 -
190.70.192.175 - - [16/Dec/2023:13:39:50 -0500] "GET /sipse/css/imagen/contrasena.png HTTP/1.1" 404 383
201.245.192.253 - - [16/Dec/2023:13:39:49 -0500] "POST /kwsrmcab/Wsrmcab HTTP/1.1" 200 39400
190.70.192.175 - - [16/Dec/2023:13:39:52 -0500] "GET /sipse/faces/javax.faces.resource/images/ui-bg_flat_0_2d5972_40x100.png?ln=primefaces-aristo HTTP/1.1" 304 -
190.70.192.175 - - [16/Dec/2023:13:39:52 -0500] "POST /sipse/faces/bienvenido.xhtml HTTP/1.1" 200 2658
190.70.192.175 - - [16/Dec/2023:13:39:53 -0500] "POST /sipse/faces/bienvenido.xhtml HTTP/1.1" 200 65688
190.70.192.175 - - [16/Dec/2023:13:39:56 -0500] "GET /sipse/faces/javax.faces.resource/theme.css?ln=primefaces-sipse HTTP/1.1" 304 -
190.70.192.175 - - [16/Dec/2023:13:39:56 -0500] "GET /sipse/faces/javax.faces.resource/primefaces.css?ln=primefaces&v=4.0 HTTP/1.1" 304 -
190.70.192.175 - - [16/Dec/2023:13:39:56 -0500] "GET /sipse/faces/javax.faces.resource/layout/layout.css?ln=primefaces&v=4.0 HTTP/1.1" 304 -
190.70.192.175 - - [16/Dec/2023:13:39:56 -0500] "GET /sipse/faces/javax.faces.resource/jquery/jquery.js?ln=primefaces&v=4.0 HTTP/1.1" 304 -
190.70.192.175 - - [16/Dec/2023:13:39:56 -0500] "GET /sipse/faces/javax.faces.resource/jquery/jquery-plugins.js?ln=primefaces&v=4.0 HTTP/1.1" 304 -
190.70.192.175 - - [16/Dec/2023:13:39:56 -0500] "GET /sipse/faces/javax.faces.resource/primefaces.js?ln=primefaces&v=4.0 HTTP/1.1" 304 -
186.84.26.111 - - [16/Dec/2023:13:39:56 -0500] "GET /appsia/controlador HTTP/1.1" 200 4799
190.70.192.175 - - [16/Dec/2023:13:39:56 -0500] "GET /sipse/faces/javax.faces.resource/layout/layout.js?ln=primefaces&v=4.0 HTTP/1.1" 304 -
186.84.26.111 - - [16/Dec/2023:13:39:56 -0500] "GET /appsia/css/estilos.css HTTP/1.1" 200 4804
186.84.26.111 - - [16/Dec/2023:13:39:56 -0500] "GET /appsia/scripts/validarIngreso.js HTTP/1.1" 200 851
186.84.26.111 - - [16/Dec/2023:13:39:56 -0500] "GET /appsia/images/cabezoteHojaVida.png HTTP/1.1" 200 32493
186.84.26.111 - - [16/Dec/2023:13:39:56 -0500] "GET /appsia/images/logo_bogota_p.png HTTP/1.1" 200 14951
186.84.26.111 - - [16/Dec/2023:13:39:56 -0500] "GET /favicon.ico HTTP/1.1" 200 7782
190.70.192.175 - - [16/Dec/2023:13:39:56 -0500] "POST /sipse/faces/presentacion/financiero/solicitudProceso/listarSolicitudProceso.xhtml HTTP/1.1" 200 1556
186.84.26.111 - - [16/Dec/2023:13:39:58 -0500] "GET /appsia/controlador HTTP/1.1" 200 4799
190.70.192.175 - - [16/Dec/2023:13:39:59 -0500] "POST /sipse/faces/presentacion/financiero/solicitudProceso/listarSolicitudProceso.xhtml HTTP/1.1" 200 18841
201.245.192.253 - - [16/Dec/2023:13:40:03 -0500] "POST /forms/lservlet;jsessionid=ac16012b30d68f87e6b31bdd4159a82faa45787d3329.e3iSbxaKaheRe34Qc38TbN0Nb41ynknvrkLOlQzNp65In0 HTTP/1.1" 200 2
216.244.66.195 - - [16/Dec/2023:13:40:13 -0500] "GET /BLA/resoluciones/AUTOS%202016/2919.pdf HTTP/1.1" 200 328328
200.118.59.55 - - [16/Dec/2023:13:40:24 -0500] "POST /sipse/faces/presentacion/financiero/solicitudProceso/crearModificarSolicitudProceso.xhtml HTTP/1.1" 200 69980
200.118.59.55 - - [16/Dec/2023:13:40:25 -0500] "GET /sipse/faces/javax.faces.resource/theme.css?ln=primefaces-sipse HTTP/1.1" 304 -
200.118.59.55 - - [16/Dec/2023:13:40:25 -0500] "GET /sipse/faces/javax.faces.resource/primefaces.css?ln=primefaces&v=4.0 HTTP/1.1" 304 -
200.118.59.55 - - [16/Dec/2023:13:40:25 -0500] "GET /sipse/faces/javax.faces.resource/layout/layout.css?ln=primefaces&v=4.0 HTTP/1.1" 304 -
200.118.59.55 - - [16/Dec/2023:13:40:25 -0500] "GET /sipse/faces/javax.faces.resource/jquery/jquery-plugins.js?ln=primefaces&v=4.0 HTTP/1.1" 304 -
200.118.59.55 - - [16/Dec/2023:13:40:25 -0500] "GET /sipse/faces/javax.faces.resource/jquery/jquery.js?ln=primefaces&v=4.0 HTTP/1.1" 304 -
200.118.59.55 - - [16/Dec/2023:13:40:25 -0500] "GET /sipse/faces/javax.faces.resource/primefaces.js?ln=primefaces&v=4.0 HTTP/1.1" 304 -
200.118.59.55 - - [16/Dec/2023:13:40:25 -0500] "GET /sipse/faces/javax.faces.resource/layout/layout.js?ln=primefaces&v=4.0 HTTP/1.1" 304 -
186.84.26.111 - - [16/Dec/2023:13:40:26 -0500] "POST /appsia/controlador HTTP/1.1" 200 5437
186.84.26.111 - - [16/Dec/2023:13:40:31 -0500] "POST /appsia/controlador HTTP/1.1" 200 7781
186.84.26.111 - - [16/Dec/2023:13:40:34 -0500] "POST /appsia/controlador HTTP/1.1" 200 6642
201.245.192.253 - - [16/Dec/2023:13:40:40 -0500] "POST /forms/lservlet;jsessionid=ac16012b30d665b9d6b5cea24731bd918aefbc6c9e46.e3iSbxaKaheRe34Qc38TbN0Nb41ynknvrkLOlQzNp65In0 HTTP/1.1" 200 2
172.22.2.4 - - [16/Dec/2023:13:39:00 -0500] "HEAD /BLA/boletinlegal/ HTTP/1.1" 200 -
216.244.66.195 - - [16/Dec/2023:13:40:44 -0500] "GET /BLA/resoluciones/AUTOS%202016/2954.pdf HTTP/1.1" 200 885683
200.118.59.55 - - [16/Dec/2023:13:40:58 -0500] "POST /sipse/faces/presentacion/financiero/solicitudProceso/crearModificarSolicitudProceso.xhtml HTTP/1.1" 200 24670
200.118.59.55 - - [16/Dec/2023:13:40:59 -0500] "GET /sipse/faces/javax.faces.resource/theme.css?ln=primefaces-sipse HTTP/1.1" 304 -
200.118.59.55 - - [16/Dec/2023:13:40:59 -0500] "GET /sipse/faces/javax.faces.resource/primefaces.css?ln=primefaces&v=4.0 HTTP/1.1" 304 -
200.118.59.55 - - [16/Dec/2023:13:40:59 -0500] "GET /sipse/faces/javax.faces.resource/jquery/jquery.js?ln=primefaces&v=4.0 HTTP/1.1" 304 -
200.118.59.55 - - [16/Dec/2023:13:40:59 -0500] "GET /sipse/faces/javax.faces.resource/layout/layout.css?ln=primefaces&v=4.0 HTTP/1.1" 304 -
200.118.59.55 - - [16/Dec/2023:13:40:59 -0500] "GET /sipse/faces/javax.faces.resource/jquery/jquery-plugins.js?ln=primefaces&v=4.0 HTTP/1.1" 304 -
200.118.59.55 - - [16/Dec/2023:13:40:59 -0500] "GET /sipse/faces/javax.faces.resource/primefaces.js?ln=primefaces&v=4.0 HTTP/1.1" 304 -
200.118.59.55 - - [16/Dec/2023:13:40:59 -0500] "GET /sipse/faces/javax.faces.resource/layout/layout.js?ln=primefaces&v=4.0 HTTP/1.1" 304 -
200.118.59.55 - - [16/Dec/2023:13:41:04 -0500] "POST /sipse/faces/presentacion/financiero/solicitudProyectoActividad/asociarProyectoSolicitud.xhtml HTTP/1.1" 200 6603
200.118.59.55 - - [16/Dec/2023:13:41:07 -0500] "POST /sipse/faces/presentacion/financiero/solicitudProyectoActividad/asociarProyectoSolicitud.xhtml HTTP/1.1" 200 1696
200.118.59.55 - - [16/Dec/2023:13:41:08 -0500] "POST /sipse/faces/presentacion/financiero/solicitudProyectoActividad/asociarProyectoSolicitud.xhtml HTTP/1.1" 200 31496
186.84.26.111 - - [16/Dec/2023:13:41:09 -0500] "GET /appsia/controlador?comando=regresar&id=7160792&funcionario=JAIME+ORLANDO+BARRERA+NEIRA&desde=01-12-2023&hasta=31-12-2023&version=0 HTTP/1.1" 200 7781
200.118.59.55 - - [16/Dec/2023:13:41:09 -0500] "GET /sipse/faces/javax.faces.resource/layout/layout.css?ln=primefaces&v=4.0 HTTP/1.1" 304 -
200.118.59.55 - - [16/Dec/2023:13:41:09 -0500] "GET /sipse/faces/javax.faces.resource/primefaces.css?ln=primefaces&v=4.0 HTTP/1.1" 304 -
200.118.59.55 - - [16/Dec/2023:13:41:09 -0500] "GET /sipse/faces/javax.faces.resource/theme.css?ln=primefaces-sipse HTTP/1.1" 304 -
200.118.59.55 - - [16/Dec/2023:13:41:09 -0500] "GET /sipse/faces/javax.faces.resource/jquery/jquery.js?ln=primefaces&v=4.0 HTTP/1.1" 304 -
200.118.59.55 - - [16/Dec/2023:13:41:09 -0500] "GET /sipse/faces/javax.faces.resource/jquery/jquery-plugins.js?ln=primefaces&v=4.0 HTTP/1.1" 304 -
200.118.59.55 - - [16/Dec/2023:13:41:09 -0500] "GET /sipse/faces/javax.faces.resource/primefaces.js?ln=primefaces&v=4.0 HTTP/1.1" 304 -
200.118.59.55 - - [16/Dec/2023:13:41:09 -0500] "GET /sipse/faces/javax.faces.resource/layout/layout.js?ln=primefaces&v=4.0 HTTP/1.1" 304 -
200.118.59.55 - - [16/Dec/2023:13:41:12 -0500] "GET /sipse/faces/javax.faces.resource/images/ui-icons_898989_256x240.png?ln=primefaces-aristo HTTP/1.1" 304 -
200.118.59.55 - - [16/Dec/2023:13:41:13 -0500] "POST /sipse/faces/presentacion/financiero/solicitudProyectoActividad/asociarActividadSolicitud.xhtml HTTP/1.1" 200 20128
200.118.59.55 - - [16/Dec/2023:13:41:13 -0500] "GET /sipse/faces/javax.faces.resource/layout/layout.css?ln=primefaces&v=4.0 HTTP/1.1" 304 -
200.118.59.55 - - [16/Dec/2023:13:41:13 -0500] "GET /sipse/faces/javax.faces.resource/theme.css?ln=primefaces-sipse HTTP/1.1" 304 -
200.118.59.55 - - [16/Dec/2023:13:41:13 -0500] "GET /sipse/faces/javax.faces.resource/primefaces.css?ln=primefaces&v=4.0 HTTP/1.1" 304 -
200.118.59.55 - - [16/Dec/2023:13:41:13 -0500] "GET /sipse/faces/javax.faces.resource/jquery/jquery.js?ln=primefaces&v=4.0 HTTP/1.1" 304 -
200.118.59.55 - - [16/Dec/2023:13:41:14 -0500] "GET /sipse/faces/javax.faces.resource/jquery/jquery-plugins.js?ln=primefaces&v=4.0 HTTP/1.1" 304 -
200.118.59.55 - - [16/Dec/2023:13:41:14 -0500] "GET /sipse/faces/javax.faces.resource/primefaces.js?ln=primefaces&v=4.0 HTTP/1.1" 304 -
200.118.59.55 - - [16/Dec/2023:13:41:14 -0500] "GET /sipse/faces/javax.faces.resource/layout/layout.js?ln=primefaces&v=4.0 HTTP/1.1" 304 -
186.84.26.111 - - [16/Dec/2023:13:41:18 -0500] "POST /appsia/controlador HTTP/1.1" 200 6642
216.244.66.195 - - [16/Dec/2023:13:41:28 -0500] "GET /BLA/resoluciones/AUTOS%202010/3863.pdf HTTP/1.1" 200 1992795
172.22.2.4 - - [16/Dec/2023:13:39:51 -0500] "GET /BLA/boletinlegal/ HTTP/1.1" 200 58294
200.118.59.55 - - [16/Dec/2023:13:41:40 -0500] "POST /sipse/faces/presentacion/financiero/solicitudProyectoActividad/asociarFuentesSolicitud.xhtml HTTP/1.1" 200 67082
200.118.59.55 - - [16/Dec/2023:13:41:40 -0500] "GET /sipse/faces/javax.faces.resource/theme.css?ln=primefaces-sipse HTTP/1.1" 304 -
200.118.59.55 - - [16/Dec/2023:13:41:40 -0500] "GET /sipse/faces/javax.faces.resource/primefaces.css?ln=primefaces&v=4.0 HTTP/1.1" 304 -
200.118.59.55 - - [16/Dec/2023:13:41:40 -0500] "GET /sipse/faces/javax.faces.resource/layout/layout.css?ln=primefaces&v=4.0 HTTP/1.1" 304 -
200.118.59.55 - - [16/Dec/2023:13:41:40 -0500] "GET /sipse/faces/javax.faces.resource/jquery/jquery-plugins.js?ln=primefaces&v=4.0 HTTP/1.1" 304 -
200.118.59.55 - - [16/Dec/2023:13:41:40 -0500] "GET /sipse/faces/javax.faces.resource/jquery/jquery.js?ln=primefaces&v=4.0 HTTP/1.1" 304 -
200.118.59.55 - - [16/Dec/2023:13:41:40 -0500] "GET /sipse/faces/javax.faces.resource/primefaces.js?ln=primefaces&v=4.0 HTTP/1.1" 304 -
200.118.59.55 - - [16/Dec/2023:13:41:40 -0500] "GET /sipse/faces/javax.faces.resource/layout/layout.js?ln=primefaces&v=4.0 HTTP/1.1" 304 -
186.84.26.111 - - [16/Dec/2023:13:41:49 -0500] "GET /appsia/controlador?comando=ingresarMenuPrincipal&id=7160792&funcionario=JAIME+ORLANDO+BARRERA+NEIRA&desde=01-12-2023&hasta=31-12-2023&version=0&accion=Regresar HTTP/1.1" 200 5437
186.84.26.111 - - [16/Dec/2023:13:41:52 -0500] "POST /appsia/controlador HTTP/1.1" 200 7781
200.118.59.55 - - [16/Dec/2023:13:41:54 -0500] "POST /sipse/faces/presentacion/financiero/solicitudProceso/crearModificarSolicitudProceso.xhtml HTTP/1.1" 200 44736
200.118.59.55 - - [16/Dec/2023:13:41:57 -0500] "GET /sipse/faces/javax.faces.resource/theme.css?ln=primefaces-sipse HTTP/1.1" 304 -
200.118.59.55 - - [16/Dec/2023:13:41:57 -0500] "GET /sipse/faces/javax.faces.resource/primefaces.js?ln=primefaces&v=4.0 HTTP/1.1" 304 -
200.118.59.55 - - [16/Dec/2023:13:41:57 -0500] "GET /sipse/faces/javax.faces.resource/primefaces.css?ln=primefaces&v=4.0 HTTP/1.1" 304 -
200.118.59.55 - - [16/Dec/2023:13:41:57 -0500] "GET /sipse/faces/javax.faces.resource/jquery/jquery-plugins.js?ln=primefaces&v=4.0 HTTP/1.1" 304 -
200.118.59.55 - - [16/Dec/2023:13:41:57 -0500] "GET /sipse/faces/javax.faces.resource/layout/layout.css?ln=primefaces&v=4.0 HTTP/1.1" 304 -
200.118.59.55 - - [16/Dec/2023:13:41:57 -0500] "GET /sipse/faces/javax.faces.resource/jquery/jquery.js?ln=primefaces&v=4.0 HTTP/1.1" 304 -
200.118.59.55 - - [16/Dec/2023:13:41:57 -0500] "GET /sipse/faces/javax.faces.resource/layout/layout.js?ln=primefaces&v=4.0 HTTP/1.1" 304 -
201.245.192.253 - - [16/Dec/2023:13:42:03 -0500] "POST /forms/lservlet;jsessionid=ac16012b30d68f87e6b31bdd4159a82faa45787d3329.e3iSbxaKaheRe34Qc38TbN0Nb41ynknvrkLOlQzNp65In0 HTTP/1.1" 200 2
186.84.26.111 - - [16/Dec/2023:13:42:04 -0500] "POST /appsia/controlador HTTP/1.1" 200 6642
200.118.59.55 - - [16/Dec/2023:13:42:04 -0500] "POST /sipse/faces/presentacion/financiero/contrato/consultarContratosSolicitudProceso.xhtml HTTP/1.1" 200 74425
200.118.59.55 - - [16/Dec/2023:13:42:07 -0500] "POST /sipse/faces/presentacion/financiero/contrato/consultarContratosSolicitudProceso.xhtml HTTP/1.1" 200 74437
200.118.59.55 - - [16/Dec/2023:13:42:10 -0500] "POST /sipse/faces/presentacion/financiero/contrato/consultarContratosSolicitudProceso.xhtml HTTP/1.1" 200 74429
216.244.66.195 - - [16/Dec/2023:13:42:13 -0500] "GET /BLA/resoluciones/AUTOS%202017/1957.pdf HTTP/1.1" 200 298398
200.118.59.55 - - [16/Dec/2023:13:42:15 -0500] "POST /sipse/faces/presentacion/financiero/contrato/consultarContratosSolicitudProceso.xhtml HTTP/1.1" 200 62050
200.118.59.55 - - [16/Dec/2023:13:42:20 -0500] "POST /sipse/faces/presentacion/financiero/contrato/consultarContratosSolicitudProceso.xhtml HTTP/1.1" 200 74433
212.47.236.69 - - [16/Dec/2023:13:42:23 -0500] "GET / HTTP/1.1" 200 319
200.118.59.55 - - [16/Dec/2023:13:42:24 -0500] "POST /sipse/faces/presentacion/financiero/contrato/consultarContratosSolicitudProceso.xhtml HTTP/1.1" 200 62051
212.47.236.69 - - [16/Dec/2023:13:42:27 -0500] "GET /favicon.ico HTTP/1.1" 200 7782
172.22.2.4 - - [16/Dec/2023:13:42:08 -0500] "GET /BLA/boletinlegal/ HTTP/1.1" 200 20427
200.118.59.55 - - [16/Dec/2023:13:42:35 -0500] "POST /sipse/faces/presentacion/financiero/contrato/consultarContratosSolicitudProceso.xhtml HTTP/1.1" 200 62545
200.118.59.55 - - [16/Dec/2023:13:42:36 -0500] "GET /sipse/faces/javax.faces.resource/theme.css?ln=primefaces-sipse HTTP/1.1" 304 -
200.118.59.55 - - [16/Dec/2023:13:42:36 -0500] "GET /sipse/faces/javax.faces.resource/primefaces.css?ln=primefaces&v=4.0 HTTP/1.1" 304 -
200.118.59.55 - - [16/Dec/2023:13:42:36 -0500] "GET /sipse/faces/javax.faces.resource/layout/layout.css?ln=primefaces&v=4.0 HTTP/1.1" 304 -
200.118.59.55 - - [16/Dec/2023:13:42:36 -0500] "GET /sipse/faces/javax.faces.resource/jquery/jquery.js?ln=primefaces&v=4.0 HTTP/1.1" 304 -
200.118.59.55 - - [16/Dec/2023:13:42:36 -0500] "GET /sipse/faces/javax.faces.resource/jquery/jquery-plugins.js?ln=primefaces&v=4.0 HTTP/1.1" 304 -
200.118.59.55 - - [16/Dec/2023:13:42:36 -0500] "GET /sipse/faces/javax.faces.resource/primefaces.js?ln=primefaces&v=4.0 HTTP/1.1" 304 -
200.118.59.55 - - [16/Dec/2023:13:42:36 -0500] "GET /sipse/faces/javax.faces.resource/layout/layout.js?ln=primefaces&v=4.0 HTTP/1.1" 304 -
201.245.192.253 - - [16/Dec/2023:13:42:40 -0500] "POST /forms/lservlet;jsessionid=ac16012b30d665b9d6b5cea24731bd918aefbc6c9e46.e3iSbxaKaheRe34Qc38TbN0Nb41ynknvrkLOlQzNp65In0 HTTP/1.1" 200 2
200.118.59.55 - - [16/Dec/2023:13:42:43 -0500] "POST /sipse/faces/presentacion/financiero/solicitudProceso/crearModificarSolicitudProceso.xhtml HTTP/1.1" 200 21240
200.118.59.55 - - [16/Dec/2023:13:42:43 -0500] "GET /sipse/faces/javax.faces.resource/primefaces.css?ln=primefaces&v=4.0 HTTP/1.1" 304 -
200.118.59.55 - - [16/Dec/2023:13:42:43 -0500] "GET /sipse/faces/javax.faces.resource/theme.css?ln=primefaces-sipse HTTP/1.1" 304 -
200.118.59.55 - - [16/Dec/2023:13:42:43 -0500] "GET /sipse/faces/javax.faces.resource/layout/layout.css?ln=primefaces&v=4.0 HTTP/1.1" 304 -
200.118.59.55 - - [16/Dec/2023:13:42:43 -0500] "GET /sipse/faces/javax.faces.resource/fileupload/fileupload.css?ln=primefaces&v=4.0 HTTP/1.1" 304 -
200.118.59.55 - - [16/Dec/2023:13:42:43 -0500] "GET /sipse/faces/javax.faces.resource/jquery/jquery.js?ln=primefaces&v=4.0 HTTP/1.1" 304 -
200.118.59.55 - - [16/Dec/2023:13:42:43 -0500] "GET /sipse/faces/javax.faces.resource/jquery/jquery-plugins.js?ln=primefaces&v=4.0 HTTP/1.1" 304 -
200.118.59.55 - - [16/Dec/2023:13:42:43 -0500] "GET /sipse/faces/javax.faces.resource/primefaces.js?ln=primefaces&v=4.0 HTTP/1.1" 304 -
200.118.59.55 - - [16/Dec/2023:13:42:43 -0500] "GET /sipse/faces/javax.faces.resource/layout/layout.js?ln=primefaces&v=4.0 HTTP/1.1" 304 -
200.118.59.55 - - [16/Dec/2023:13:42:43 -0500] "GET /sipse/faces/javax.faces.resource/fileupload/fileupload.js?ln=primefaces&v=4.0 HTTP/1.1" 304 -
216.244.66.195 - - [16/Dec/2023:13:42:46 -0500] "GET /BLA/resoluciones/AUTOS%202017/3165.pdf HTTP/1.1" 200 291318
216.245.221.92 - - [16/Dec/2023:13:42:49 -0500] "HEAD / HTTP/1.1" 200 -
200.118.59.55 - - [16/Dec/2023:13:42:53 -0500] "POST /sipse/faces/presentacion/sistema/anexos/cargarAnexoSolicitudProceso.xhtml HTTP/1.1" 200 68427
200.118.59.55 - - [16/Dec/2023:13:42:54 -0500] "GET /sipse/faces/javax.faces.resource/jquery/jquery.js?ln=primefaces&v=4.0 HTTP/1.1" 304 -
200.118.59.55 - - [16/Dec/2023:13:42:54 -0500] "GET /sipse/faces/javax.faces.resource/primefaces.css?ln=primefaces&v=4.0 HTTP/1.1" 304 -
200.118.59.55 - - [16/Dec/2023:13:42:54 -0500] "GET /sipse/faces/javax.faces.resource/primefaces.js?ln=primefaces&v=4.0 HTTP/1.1" 304 -
200.118.59.55 - - [16/Dec/2023:13:42:54 -0500] "GET /sipse/faces/javax.faces.resource/jquery/jquery-plugins.js?ln=primefaces&v=4.0 HTTP/1.1" 304 -
200.118.59.55 - - [16/Dec/2023:13:42:54 -0500] "GET /sipse/faces/javax.faces.resource/theme.css?ln=primefaces-sipse HTTP/1.1" 304 -
200.118.59.55 - - [16/Dec/2023:13:42:54 -0500] "GET /sipse/faces/javax.faces.resource/layout/layout.css?ln=primefaces&v=4.0 HTTP/1.1" 304 -
200.118.59.55 - - [16/Dec/2023:13:42:54 -0500] "GET /sipse/faces/javax.faces.resource/layout/layout.js?ln=primefaces&v=4.0 HTTP/1.1" 304 -
216.244.66.195 - - [16/Dec/2023:13:43:16 -0500] "GET /BLA/resoluciones/RESOLUCIONES%202007/3423.pdf HTTP/1.1" 200 360833
190.27.185.40 - - [16/Dec/2023:13:43:34 -0500] "POST /sipse/faces/presentacion/financiero/solicitudProceso/consultarSolicitudProceso.xhtml HTTP/1.1" 200 30256
190.27.185.40 - - [16/Dec/2023:13:43:38 -0500] "POST /sipse/faces/presentacion/financiero/solicitudProceso/consultarSolicitudProceso.xhtml HTTP/1.1" 200 30256
190.27.185.40 - - [16/Dec/2023:13:43:46 -0500] "POST /sipse/faces/presentacion/financiero/solicitudProceso/consultarSolicitudProceso.xhtml HTTP/1.1" 200 263266
216.244.66.195 - - [16/Dec/2023:13:43:47 -0500] "GET /BLA/resoluciones/RESOLUCIONES%202019/3185.pdf HTTP/1.1" 200 383456
201.245.192.253 - - [16/Dec/2023:13:43:48 -0500] "POST /kwsrmcab/Wsrmcab  HTTP/1.1" 200 37894
190.27.185.40 - - [16/Dec/2023:13:43:54 -0500] "POST /sipse/faces/presentacion/financiero/solicitudProceso/consultarSolicitudProceso.xhtml HTTP/1.1" 200 38514
201.245.192.253 - - [16/Dec/2023:13:44:03 -0500] "POST /forms/lservlet;jsessionid=ac16012b30d68f87e6b31bdd4159a82faa45787d3329.e3iSbxaKaheRe34Qc38TbN0Nb41ynknvrkLOlQzNp65In0 HTTP/1.1" 200 2
190.27.185.40 - - [16/Dec/2023:13:44:03 -0500] "POST /sipse/faces/presentacion/financiero/solicitudProceso/consultarSolicitudProceso.xhtml HTTP/1.1" 200 112950
190.27.185.40 - - [16/Dec/2023:13:44:09 -0500] "POST /sipse/faces/presentacion/financiero/solicitudProceso/consultarSolicitudProceso.xhtml HTTP/1.1" 200 204060
186.84.26.111 - - [16/Dec/2023:13:44:13 -0500] "POST /appsia/controlador HTTP/1.1" 200 3222
186.84.26.111 - - [16/Dec/2023:13:44:14 -0500] "GET /appsia/jscripts/validarSolicitud.js HTTP/1.1" 404 68
200.118.59.55 - - [16/Dec/2023:13:44:19 -0500] "POST /sipse/faces/presentacion/financiero/solicitudProceso/crearModificarSolicitudProceso.xhtml HTTP/1.1" 200 21240
200.118.59.55 - - [16/Dec/2023:13:44:19 -0500] "GET /sipse/faces/javax.faces.resource/theme.css?ln=primefaces-sipse HTTP/1.1" 304 -
200.118.59.55 - - [16/Dec/2023:13:44:19 -0500] "GET /sipse/faces/javax.faces.resource/primefaces.css?ln=primefaces&v=4.0 HTTP/1.1" 304 -
200.118.59.55 - - [16/Dec/2023:13:44:19 -0500] "GET /sipse/faces/javax.faces.resource/layout/layout.css?ln=primefaces&v=4.0 HTTP/1.1" 304 -
200.118.59.55 - - [16/Dec/2023:13:44:19 -0500] "GET /sipse/faces/javax.faces.resource/fileupload/fileupload.css?ln=primefaces&v=4.0 HTTP/1.1" 304 -
200.118.59.55 - - [16/Dec/2023:13:44:19 -0500] "GET /sipse/faces/javax.faces.resource/jquery/jquery-plugins.js?ln=primefaces&v=4.0 HTTP/1.1" 304 -
200.118.59.55 - - [16/Dec/2023:13:44:19 -0500] "GET /sipse/faces/javax.faces.resource/jquery/jquery.js?ln=primefaces&v=4.0 HTTP/1.1" 304 -
200.118.59.55 - - [16/Dec/2023:13:44:20 -0500] "GET /sipse/faces/javax.faces.resource/layout/layout.js?ln=primefaces&v=4.0 HTTP/1.1" 304 -
200.118.59.55 - - [16/Dec/2023:13:44:20 -0500] "GET /sipse/faces/javax.faces.resource/primefaces.js?ln=primefaces&v=4.0 HTTP/1.1" 304 -
200.118.59.55 - - [16/Dec/2023:13:44:20 -0500] "GET /sipse/faces/javax.faces.resource/fileupload/fileupload.js?ln=primefaces&v=4.0 HTTP/1.1" 304 -
216.244.66.195 - - [16/Dec/2023:13:44:25 -0500] "GET /BLA/resoluciones/RESOLUCIONES%202023/0415.pdf HTTP/1.1" 200 442086
200.118.59.55 - - [16/Dec/2023:13:44:27 -0500] "POST /sipse/faces/presentacion/sistema/anexos/cargarAnexoSolicitudProceso.xhtml HTTP/1.1" 200 69032
200.118.59.55 - - [16/Dec/2023:13:44:29 -0500] "GET /sipse/faces/javax.faces.resource/layout/layout.css?ln=primefaces&v=4.0 HTTP/1.1" 304 -
200.118.59.55 - - [16/Dec/2023:13:44:29 -0500] "GET /sipse/faces/javax.faces.resource/jquery/jquery.js?ln=primefaces&v=4.0 HTTP/1.1" 304 -
200.118.59.55 - - [16/Dec/2023:13:44:29 -0500] "GET /sipse/faces/javax.faces.resource/primefaces.css?ln=primefaces&v=4.0 HTTP/1.1" 304 -
200.118.59.55 - - [16/Dec/2023:13:44:29 -0500] "GET /sipse/faces/javax.faces.resource/primefaces.js?ln=primefaces&v=4.0 HTTP/1.1" 304 -
200.118.59.55 - - [16/Dec/2023:13:44:29 -0500] "GET /sipse/faces/javax.faces.resource/theme.css?ln=primefaces-sipse HTTP/1.1" 304 -
200.118.59.55 - - [16/Dec/2023:13:44:29 -0500] "GET /sipse/faces/javax.faces.resource/jquery/jquery-plugins.js?ln=primefaces&v=4.0 HTTP/1.1" 304 -
200.118.59.55 - - [16/Dec/2023:13:44:29 -0500] "GET /sipse/faces/javax.faces.resource/layout/layout.js?ln=primefaces&v=4.0 HTTP/1.1" 304 -
200.118.59.55 - - [16/Dec/2023:13:44:31 -0500] "POST /sipse/faces/presentacion/financiero/solicitudProceso/crearModificarSolicitudProceso.xhtml HTTP/1.1" 200 21240
200.118.59.55 - - [16/Dec/2023:13:44:31 -0500] "GET /sipse/faces/javax.faces.resource/jquery/jquery.js?ln=primefaces&v=4.0 HTTP/1.1" 304 -
200.118.59.55 - - [16/Dec/2023:13:44:31 -0500] "GET /sipse/faces/javax.faces.resource/theme.css?ln=primefaces-sipse HTTP/1.1" 304 -
200.118.59.55 - - [16/Dec/2023:13:44:31 -0500] "GET /sipse/faces/javax.faces.resource/primefaces.css?ln=primefaces&v=4.0 HTTP/1.1" 304 -
200.118.59.55 - - [16/Dec/2023:13:44:31 -0500] "GET /sipse/faces/javax.faces.resource/layout/layout.css?ln=primefaces&v=4.0 HTTP/1.1" 304 -
200.118.59.55 - - [16/Dec/2023:13:44:31 -0500] "GET /sipse/faces/javax.faces.resource/jquery/jquery-plugins.js?ln=primefaces&v=4.0 HTTP/1.1" 304 -
200.118.59.55 - - [16/Dec/2023:13:44:31 -0500] "GET /sipse/faces/javax.faces.resource/primefaces.js?ln=primefaces&v=4.0 HTTP/1.1" 304 -
200.118.59.55 - - [16/Dec/2023:13:44:31 -0500] "GET /sipse/faces/javax.faces.resource/fileupload/fileupload.css?ln=primefaces&v=4.0 HTTP/1.1" 304 -
200.118.59.55 - - [16/Dec/2023:13:44:31 -0500] "GET /sipse/faces/javax.faces.resource/fileupload/fileupload.js?ln=primefaces&v=4.0 HTTP/1.1" 304 -
200.118.59.55 - - [16/Dec/2023:13:44:31 -0500] "GET /sipse/faces/javax.faces.resource/layout/layout.js?ln=primefaces&v=4.0 HTTP/1.1" 304 -
201.245.192.253 - - [16/Dec/2023:13:44:40 -0500] "POST /forms/lservlet;jsessionid=ac16012b30d665b9d6b5cea24731bd918aefbc6c9e46.e3iSbxaKaheRe34Qc38TbN0Nb41ynknvrkLOlQzNp65In0 HTTP/1.1" 200 2
200.118.59.55 - - [16/Dec/2023:13:44:45 -0500] "POST /sipse/faces/presentacion/sistema/anexos/cargarAnexoSolicitudProceso.xhtml HTTP/1.1" 200 69638
200.118.59.55 - - [16/Dec/2023:13:44:45 -0500] "GET /sipse/faces/javax.faces.resource/theme.css?ln=primefaces-sipse HTTP/1.1" 304 -
200.118.59.55 - - [16/Dec/2023:13:44:45 -0500] "GET /sipse/faces/javax.faces.resource/primefaces.css?ln=primefaces&v=4.0 HTTP/1.1" 304 -
200.118.59.55 - - [16/Dec/2023:13:44:45 -0500] "GET /sipse/faces/javax.faces.resource/layout/layout.css?ln=primefaces&v=4.0 HTTP/1.1" 304 -
200.118.59.55 - - [16/Dec/2023:13:44:45 -0500] "GET /sipse/faces/javax.faces.resource/jquery/jquery.js?ln=primefaces&v=4.0 HTTP/1.1" 304 -
200.118.59.55 - - [16/Dec/2023:13:44:45 -0500] "GET /sipse/faces/javax.faces.resource/primefaces.js?ln=primefaces&v=4.0 HTTP/1.1" 304 -
200.118.59.55 - - [16/Dec/2023:13:44:45 -0500] "GET /sipse/faces/javax.faces.resource/jquery/jquery-plugins.js?ln=primefaces&v=4.0 HTTP/1.1" 304 -
200.118.59.55 - - [16/Dec/2023:13:44:45 -0500] "GET /sipse/faces/javax.faces.resource/layout/layout.js?ln=primefaces&v=4.0 HTTP/1.1" 304 -
216.244.66.195 - - [16/Dec/2023:13:44:56 -0500] "GET /BLA/resoluciones/RESOLUCIONES%202023/1077.pdf HTTP/1.1" 200 397847
66.249.66.76 - - [16/Dec/2023:13:44:58 -0500] "GET /portaldeninos/gestion-del-riesgo-incendios-forestales/ HTTP/1.1" 200 86825
216.244.66.195 - - [16/Dec/2023:13:45:25 -0500] "GET /BLA/resoluciones/RESOLUCIONES%202023/1892.pdf HTTP/1.1" 200 480383
216.244.66.195 - - [16/Dec/2023:13:45:53 -0500] "GET /BLA/resoluciones/RESOLUCIONES%201994/0013.pdf HTTP/1.1" 200 74894
201.245.192.253 - - [16/Dec/2023:13:46:03 -0500] "POST /forms/lservlet;jsessionid=ac16012b30d68f87e6b31bdd4159a82faa45787d3329.e3iSbxaKaheRe34Qc38TbN0Nb41ynknvrkLOlQzNp65In0 HTTP/1.1" 200 2
216.244.66.195 - - [16/Dec/2023:13:46:20 -0500] "GET /BLA/resoluciones/RESOLUCIONES%202017/2843.pdf HTTP/1.1" 200 280567
172.22.2.4 - - [16/Dec/2023:13:44:50 -0500] "HEAD /BLA/boletinlegal/ HTTP/1.1" 200 -
201.245.192.253 - - [16/Dec/2023:13:46:40 -0500] "POST /forms/lservlet;jsessionid=ac16012b30d665b9d6b5cea24731bd918aefbc6c9e46.e3iSbxaKaheRe34Qc38TbN0Nb41ynknvrkLOlQzNp65In0 HTTP/1.1" 200 2
216.244.66.195 - - [16/Dec/2023:13:46:47 -0500] "GET /BLA/resoluciones/RESOLUCIONES%202017/3159.pdf HTTP/1.1" 200 306498
216.244.66.195 - - [16/Dec/2023:13:47:12 -0500] "GET /BLA/resoluciones/RESOLUCIONES%202017/3219.pdf HTTP/1.1" 200 408801
172.22.2.4 - - [16/Dec/2023:13:45:41 -0500] "GET /BLA/boletinlegal/ HTTP/1.1" 200 58644
200.118.59.55 - - [16/Dec/2023:13:47:34 -0500] "POST /sipse/faces/presentacion/financiero/solicitudProceso/crearModificarSolicitudProceso.xhtml HTTP/1.1" 200 64520
200.118.59.55 - - [16/Dec/2023:13:47:39 -0500] "GET /sipse/faces/javax.faces.resource/theme.css?ln=primefaces-sipse HTTP/1.1" 304 -
200.118.59.55 - - [16/Dec/2023:13:47:39 -0500] "GET /sipse/faces/javax.faces.resource/jquery/jquery.js?ln=primefaces&v=4.0 HTTP/1.1" 304 -
200.118.59.55 - - [16/Dec/2023:13:47:39 -0500] "GET /sipse/faces/javax.faces.resource/primefaces.css?ln=primefaces&v=4.0 HTTP/1.1" 304 -
200.118.59.55 - - [16/Dec/2023:13:47:39 -0500] "GET /sipse/faces/javax.faces.resource/jquery/jquery-plugins.js?ln=primefaces&v=4.0 HTTP/1.1" 304 -
200.118.59.55 - - [16/Dec/2023:13:47:39 -0500] "GET /sipse/faces/javax.faces.resource/primefaces.js?ln=primefaces&v=4.0 HTTP/1.1" 304 -
200.118.59.55 - - [16/Dec/2023:13:47:39 -0500] "GET /sipse/faces/javax.faces.resource/layout/layout.js?ln=primefaces&v=4.0 HTTP/1.1" 304 -
200.118.59.55 - - [16/Dec/2023:13:47:39 -0500] "GET /sipse/faces/javax.faces.resource/layout/layout.css?ln=primefaces&v=4.0 HTTP/1.1" 304 -
200.118.59.55 - - [16/Dec/2023:13:47:39 -0500] "POST /sipse/faces/presentacion/financiero/solicitudProceso/listarSolicitudProceso.xhtml HTTP/1.1" 200 1556
200.118.59.55 - - [16/Dec/2023:13:47:44 -0500] "POST /sipse/faces/presentacion/financiero/solicitudProceso/listarSolicitudProceso.xhtml HTTP/1.1" 200 32046
200.118.59.55 - - [16/Dec/2023:13:47:45 -0500] "POST /sipse/faces/presentacion/financiero/solicitudProceso/listarSolicitudProceso.xhtml HTTP/1.1" 200 29509
216.245.221.92 - - [16/Dec/2023:13:47:49 -0500] "HEAD / HTTP/1.1" 200 -
201.245.192.253 - - [16/Dec/2023:13:48:03 -0500] "POST /forms/lservlet;jsessionid=ac16012b30d68f87e6b31bdd4159a82faa45787d3329.e3iSbxaKaheRe34Qc38TbN0Nb41ynknvrkLOlQzNp65In0 HTTP/1.1" 200 2
200.118.59.55 - - [16/Dec/2023:13:48:36 -0500] "POST /sipse/faces/presentacion/financiero/solicitudProceso/listarSolicitudProceso.xhtml HTTP/1.1" 200 59164
200.118.59.55 - - [16/Dec/2023:13:48:36 -0500] "GET /sipse/faces/javax.faces.resource/theme.css?ln=primefaces-sipse HTTP/1.1" 304 -
200.118.59.55 - - [16/Dec/2023:13:48:36 -0500] "GET /sipse/faces/javax.faces.resource/layout/layout.css?ln=primefaces&v=4.0 HTTP/1.1" 304 -
200.118.59.55 - - [16/Dec/2023:13:48:36 -0500] "GET /sipse/faces/javax.faces.resource/primefaces.css?ln=primefaces&v=4.0 HTTP/1.1" 304 -
200.118.59.55 - - [16/Dec/2023:13:48:36 -0500] "GET /sipse/faces/javax.faces.resource/jquery/jquery.js?ln=primefaces&v=4.0 HTTP/1.1" 304 -
200.118.59.55 - - [16/Dec/2023:13:48:37 -0500] "GET /sipse/faces/javax.faces.resource/jquery/jquery-plugins.js?ln=primefaces&v=4.0 HTTP/1.1" 304 -
200.118.59.55 - - [16/Dec/2023:13:48:37 -0500] "GET /sipse/faces/javax.faces.resource/primefaces.js?ln=primefaces&v=4.0 HTTP/1.1" 304 -
200.118.59.55 - - [16/Dec/2023:13:48:37 -0500] "GET /sipse/faces/javax.faces.resource/layout/layout.js?ln=primefaces&v=4.0 HTTP/1.1" 304 -
201.245.192.253 - - [16/Dec/2023:13:48:40 -0500] "POST /forms/lservlet;jsessionid=ac16012b30d665b9d6b5cea24731bd918aefbc6c9e46.e3iSbxaKaheRe34Qc38TbN0Nb41ynknvrkLOlQzNp65In0 HTTP/1.1" 200 2
200.118.59.55 - - [16/Dec/2023:13:48:44 -0500] "POST /sipse/faces/presentacion/financiero/solicitudProceso/crearModificarSolicitudProceso.xhtml HTTP/1.1" 200 27322
201.245.192.253 - - [16/Dec/2023:13:48:47 -0500] "POST /kwsrmcab/Wsrmcab  HTTP/1.1" 200 37894
200.118.59.55 - - [16/Dec/2023:13:49:59 -0500] "POST /sipse/faces/presentacion/financiero/solicitudProceso/crearModificarSolicitudProceso.xhtml HTTP/1.1" 200 9394
201.245.192.253 - - [16/Dec/2023:13:50:03 -0500] "POST /forms/lservlet;jsessionid=ac16012b30d68f87e6b31bdd4159a82faa45787d3329.e3iSbxaKaheRe34Qc38TbN0Nb41ynknvrkLOlQzNp65In0 HTTP/1.1" 200 2
200.118.59.55 - - [16/Dec/2023:13:50:14 -0500] "POST /sipse/faces/presentacion/financiero/solicitudProceso/crearModificarSolicitudProceso.xhtml HTTP/1.1" 200 9440
201.245.192.253 - - [16/Dec/2023:13:50:40 -0500] "POST /forms/lservlet;jsessionid=ac16012b30d665b9d6b5cea24731bd918aefbc6c9e46.e3iSbxaKaheRe34Qc38TbN0Nb41ynknvrkLOlQzNp65In0 HTTP/1.1" 200 2
200.118.59.55 - - [16/Dec/2023:13:51:13 -0500] "POST /sipse/faces/presentacion/financiero/solicitudProceso/crearModificarSolicitudProceso.xhtml HTTP/1.1" 200 24670
200.118.59.55 - - [16/Dec/2023:13:51:14 -0500] "GET /sipse/faces/javax.faces.resource/theme.css?ln=primefaces-sipse HTTP/1.1" 304 -
200.118.59.55 - - [16/Dec/2023:13:51:14 -0500] "GET /sipse/faces/javax.faces.resource/primefaces.css?ln=primefaces&v=4.0 HTTP/1.1" 304 -
200.118.59.55 - - [16/Dec/2023:13:51:14 -0500] "GET /sipse/faces/javax.faces.resource/layout/layout.css?ln=primefaces&v=4.0 HTTP/1.1" 304 -
200.118.59.55 - - [16/Dec/2023:13:51:14 -0500] "GET /sipse/faces/javax.faces.resource/jquery/jquery.js?ln=primefaces&v=4.0 HTTP/1.1" 304 -
200.118.59.55 - - [16/Dec/2023:13:51:14 -0500] "GET /sipse/faces/javax.faces.resource/jquery/jquery-plugins.js?ln=primefaces&v=4.0 HTTP/1.1" 304 -
200.118.59.55 - - [16/Dec/2023:13:51:14 -0500] "GET /sipse/faces/javax.faces.resource/primefaces.js?ln=primefaces&v=4.0 HTTP/1.1" 304 -
200.118.59.55 - - [16/Dec/2023:13:51:14 -0500] "GET /sipse/faces/javax.faces.resource/layout/layout.js?ln=primefaces&v=4.0 HTTP/1.1" 304 -
200.118.59.55 - - [16/Dec/2023:13:51:36 -0500] "POST /sipse/faces/presentacion/financiero/solicitudProyectoActividad/asociarProyectoSolicitud.xhtml HTTP/1.1" 200 6603
52.149.150.85 - - [16/Dec/2023:13:51:38 -0500] "GET /galeria/galeria/fotos/Humedal-la-conejera4P.jpg HTTP/1.1" 200 33365
200.118.59.55 - - [16/Dec/2023:13:51:38 -0500] "POST /sipse/faces/presentacion/financiero/solicitudProyectoActividad/asociarProyectoSolicitud.xhtml HTTP/1.1" 200 1696
200.118.59.55 - - [16/Dec/2023:13:51:39 -0500] "POST /sipse/faces/presentacion/financiero/solicitudProyectoActividad/asociarProyectoSolicitud.xhtml HTTP/1.1" 200 31496
200.118.59.55 - - [16/Dec/2023:13:51:40 -0500] "GET /sipse/faces/javax.faces.resource/theme.css?ln=primefaces-sipse HTTP/1.1" 304 -
200.118.59.55 - - [16/Dec/2023:13:51:40 -0500] "GET /sipse/faces/javax.faces.resource/primefaces.css?ln=primefaces&v=4.0 HTTP/1.1" 304 -
200.118.59.55 - - [16/Dec/2023:13:51:40 -0500] "GET /sipse/faces/javax.faces.resource/jquery/jquery.js?ln=primefaces&v=4.0 HTTP/1.1" 304 -
200.118.59.55 - - [16/Dec/2023:13:51:40 -0500] "GET /sipse/faces/javax.faces.resource/layout/layout.css?ln=primefaces&v=4.0 HTTP/1.1" 304 -
200.118.59.55 - - [16/Dec/2023:13:51:40 -0500] "GET /sipse/faces/javax.faces.resource/jquery/jquery-plugins.js?ln=primefaces&v=4.0 HTTP/1.1" 304 -
200.118.59.55 - - [16/Dec/2023:13:51:40 -0500] "GET /sipse/faces/javax.faces.resource/primefaces.js?ln=primefaces&v=4.0 HTTP/1.1" 304 -
200.118.59.55 - - [16/Dec/2023:13:51:40 -0500] "GET /sipse/faces/javax.faces.resource/layout/layout.js?ln=primefaces&v=4.0 HTTP/1.1" 304 -
200.118.59.55 - - [16/Dec/2023:13:51:42 -0500] "POST /sipse/faces/presentacion/financiero/solicitudProyectoActividad/asociarActividadSolicitud.xhtml HTTP/1.1" 200 20128
200.118.59.55 - - [16/Dec/2023:13:51:43 -0500] "GET /sipse/faces/javax.faces.resource/theme.css?ln=primefaces-sipse HTTP/1.1" 304 -
200.118.59.55 - - [16/Dec/2023:13:51:43 -0500] "GET /sipse/faces/javax.faces.resource/primefaces.css?ln=primefaces&v=4.0 HTTP/1.1" 304 -
200.118.59.55 - - [16/Dec/2023:13:51:43 -0500] "GET /sipse/faces/javax.faces.resource/layout/layout.css?ln=primefaces&v=4.0 HTTP/1.1" 304 -
200.118.59.55 - - [16/Dec/2023:13:51:43 -0500] "GET /sipse/faces/javax.faces.resource/jquery/jquery.js?ln=primefaces&v=4.0 HTTP/1.1" 304 -
200.118.59.55 - - [16/Dec/2023:13:51:43 -0500] "GET /sipse/faces/javax.faces.resource/jquery/jquery-plugins.js?ln=primefaces&v=4.0 HTTP/1.1" 304 -
200.118.59.55 - - [16/Dec/2023:13:51:43 -0500] "GET /sipse/faces/javax.faces.resource/primefaces.js?ln=primefaces&v=4.0 HTTP/1.1" 304 -
200.118.59.55 - - [16/Dec/2023:13:51:43 -0500] "GET /sipse/faces/javax.faces.resource/layout/layout.js?ln=primefaces&v=4.0 HTTP/1.1" 304 -
216.244.66.195 - - [16/Dec/2023:13:51:57 -0500] "GET /robots.txt HTTP/1.1" 404 1018
200.118.59.55 - - [16/Dec/2023:13:52:00 -0500] "POST /sipse/faces/presentacion/financiero/solicitudProyectoActividad/asociarFuentesSolicitud.xhtml HTTP/1.1" 200 67185
200.118.59.55 - - [16/Dec/2023:13:52:01 -0500] "GET /sipse/faces/javax.faces.resource/theme.css?ln=primefaces-sipse HTTP/1.1" 304 -
200.118.59.55 - - [16/Dec/2023:13:52:01 -0500] "GET /sipse/faces/javax.faces.resource/primefaces.css?ln=primefaces&v=4.0 HTTP/1.1" 304 -
200.118.59.55 - - [16/Dec/2023:13:52:01 -0500] "GET /sipse/faces/javax.faces.resource/layout/layout.css?ln=primefaces&v=4.0 HTTP/1.1" 304 -
200.118.59.55 - - [16/Dec/2023:13:52:01 -0500] "GET /sipse/faces/javax.faces.resource/jquery/jquery-plugins.js?ln=primefaces&v=4.0 HTTP/1.1" 304 -
200.118.59.55 - - [16/Dec/2023:13:52:01 -0500] "GET /sipse/faces/javax.faces.resource/jquery/jquery.js?ln=primefaces&v=4.0 HTTP/1.1" 304 -
200.118.59.55 - - [16/Dec/2023:13:52:01 -0500] "GET /sipse/faces/javax.faces.resource/primefaces.js?ln=primefaces&v=4.0 HTTP/1.1" 304 -
200.118.59.55 - - [16/Dec/2023:13:52:01 -0500] "GET /sipse/faces/javax.faces.resource/layout/layout.js?ln=primefaces&v=4.0 HTTP/1.1" 304 -
201.245.192.253 - - [16/Dec/2023:13:52:03 -0500] "POST /forms/lservlet;jsessionid=ac16012b30d68f87e6b31bdd4159a82faa45787d3329.e3iSbxaKaheRe34Qc38TbN0Nb41ynknvrkLOlQzNp65In0 HTTP/1.1" 200 2
200.118.59.55 - - [16/Dec/2023:13:52:14 -0500] "POST /sipse/faces/presentacion/financiero/solicitudProceso/crearModificarSolicitudProceso.xhtml HTTP/1.1" 200 44736
200.118.59.55 - - [16/Dec/2023:13:52:16 -0500] "GET /sipse/faces/javax.faces.resource/primefaces.css?ln=primefaces&v=4.0 HTTP/1.1" 304 -
200.118.59.55 - - [16/Dec/2023:13:52:16 -0500] "GET /sipse/faces/javax.faces.resource/theme.css?ln=primefaces-sipse HTTP/1.1" 304 -
200.118.59.55 - - [16/Dec/2023:13:52:16 -0500] "GET /sipse/faces/javax.faces.resource/layout/layout.css?ln=primefaces&v=4.0 HTTP/1.1" 304 -
200.118.59.55 - - [16/Dec/2023:13:52:16 -0500] "GET /sipse/faces/javax.faces.resource/jquery/jquery-plugins.js?ln=primefaces&v=4.0 HTTP/1.1" 304 -
200.118.59.55 - - [16/Dec/2023:13:52:16 -0500] "GET /sipse/faces/javax.faces.resource/primefaces.js?ln=primefaces&v=4.0 HTTP/1.1" 304 -
200.118.59.55 - - [16/Dec/2023:13:52:16 -0500] "GET /sipse/faces/javax.faces.resource/jquery/jquery.js?ln=primefaces&v=4.0 HTTP/1.1" 304 -
200.118.59.55 - - [16/Dec/2023:13:52:16 -0500] "GET /sipse/faces/javax.faces.resource/layout/layout.js?ln=primefaces&v=4.0 HTTP/1.1" 304 -
172.22.2.4 - - [16/Dec/2023:13:50:40 -0500] "HEAD /BLA/boletinlegal/ HTTP/1.1" 200 -
172.22.2.4 - - [16/Dec/2023:13:51:16 -0500] "GET /BLA/boletinlegal/ HTTP/1.1" 200 32715
200.118.59.55 - - [16/Dec/2023:13:52:21 -0500] "POST /sipse/faces/presentacion/financiero/contrato/consultarContratosSolicitudProceso.xhtml HTTP/1.1" 200 62036
200.118.59.55 - - [16/Dec/2023:13:52:26 -0500] "POST /sipse/faces/presentacion/financiero/contrato/consultarContratosSolicitudProceso.xhtml HTTP/1.1" 200 62052
200.118.59.55 - - [16/Dec/2023:13:52:29 -0500] "POST /sipse/faces/presentacion/financiero/contrato/consultarContratosSolicitudProceso.xhtml HTTP/1.1" 200 62044
200.118.59.55 - - [16/Dec/2023:13:52:34 -0500] "POST /sipse/faces/presentacion/financiero/contrato/consultarContratosSolicitudProceso.xhtml HTTP/1.1" 200 62669
200.118.59.55 - - [16/Dec/2023:13:52:35 -0500] "GET /sipse/faces/javax.faces.resource/theme.css?ln=primefaces-sipse HTTP/1.1" 304 -
200.118.59.55 - - [16/Dec/2023:13:52:35 -0500] "GET /sipse/faces/javax.faces.resource/layout/layout.css?ln=primefaces&v=4.0 HTTP/1.1" 304 -
200.118.59.55 - - [16/Dec/2023:13:52:35 -0500] "GET /sipse/faces/javax.faces.resource/primefaces.css?ln=primefaces&v=4.0 HTTP/1.1" 304 -
200.118.59.55 - - [16/Dec/2023:13:52:35 -0500] "GET /sipse/faces/javax.faces.resource/jquery/jquery.js?ln=primefaces&v=4.0 HTTP/1.1" 304 -
200.118.59.55 - - [16/Dec/2023:13:52:35 -0500] "GET /sipse/faces/javax.faces.resource/jquery/jquery-plugins.js?ln=primefaces&v=4.0 HTTP/1.1" 304 -
200.118.59.55 - - [16/Dec/2023:13:52:35 -0500] "GET /sipse/faces/javax.faces.resource/primefaces.js?ln=primefaces&v=4.0 HTTP/1.1" 304 -
200.118.59.55 - - [16/Dec/2023:13:52:35 -0500] "GET /sipse/faces/javax.faces.resource/layout/layout.js?ln=primefaces&v=4.0 HTTP/1.1" 304 -
201.245.192.253 - - [16/Dec/2023:13:52:40 -0500] "POST /forms/lservlet;jsessionid=ac16012b30d665b9d6b5cea24731bd918aefbc6c9e46.e3iSbxaKaheRe34Qc38TbN0Nb41ynknvrkLOlQzNp65In0 HTTP/1.1" 200 2
216.245.221.92 - - [16/Dec/2023:13:52:49 -0500] "HEAD / HTTP/1.1" 200 -
172.22.2.4 - - [16/Dec/2023:13:51:31 -0500] "GET /BLA/boletinlegal/ HTTP/1.1" 200 52827
200.118.59.55 - - [16/Dec/2023:13:53:27 -0500] "POST /sipse/faces/presentacion/financiero/solicitudProceso/crearModificarSolicitudProceso.xhtml HTTP/1.1" 200 21240
200.118.59.55 - - [16/Dec/2023:13:53:27 -0500] "GET /sipse/faces/javax.faces.resource/theme.css?ln=primefaces-sipse HTTP/1.1" 304 -
200.118.59.55 - - [16/Dec/2023:13:53:27 -0500] "GET /sipse/faces/javax.faces.resource/primefaces.css?ln=primefaces&v=4.0 HTTP/1.1" 304 -
200.118.59.55 - - [16/Dec/2023:13:53:27 -0500] "GET /sipse/faces/javax.faces.resource/layout/layout.css?ln=primefaces&v=4.0 HTTP/1.1" 304 -
200.118.59.55 - - [16/Dec/2023:13:53:27 -0500] "GET /sipse/faces/javax.faces.resource/jquery/jquery-plugins.js?ln=primefaces&v=4.0 HTTP/1.1" 304 -
200.118.59.55 - - [16/Dec/2023:13:53:27 -0500] "GET /sipse/faces/javax.faces.resource/fileupload/fileupload.css?ln=primefaces&v=4.0 HTTP/1.1" 304 -
200.118.59.55 - - [16/Dec/2023:13:53:27 -0500] "GET /sipse/faces/javax.faces.resource/jquery/jquery.js?ln=primefaces&v=4.0 HTTP/1.1" 304 -
200.118.59.55 - - [16/Dec/2023:13:53:27 -0500] "GET /sipse/faces/javax.faces.resource/primefaces.js?ln=primefaces&v=4.0 HTTP/1.1" 304 -
200.118.59.55 - - [16/Dec/2023:13:53:27 -0500] "GET /sipse/faces/javax.faces.resource/layout/layout.js?ln=primefaces&v=4.0 HTTP/1.1" 304 -
200.118.59.55 - - [16/Dec/2023:13:53:27 -0500] "GET /sipse/faces/javax.faces.resource/fileupload/fileupload.js?ln=primefaces&v=4.0 HTTP/1.1" 304 -
200.118.59.55 - - [16/Dec/2023:13:53:34 -0500] "POST /sipse/faces/presentacion/sistema/anexos/cargarAnexoSolicitudProceso.xhtml HTTP/1.1" 200 68527
200.118.59.55 - - [16/Dec/2023:13:53:35 -0500] "GET /sipse/faces/javax.faces.resource/primefaces.js?ln=primefaces&v=4.0 HTTP/1.1" 304 -
200.118.59.55 - - [16/Dec/2023:13:53:35 -0500] "GET /sipse/faces/javax.faces.resource/jquery/jquery-plugins.js?ln=primefaces&v=4.0 HTTP/1.1" 304 -
200.118.59.55 - - [16/Dec/2023:13:53:35 -0500] "GET /sipse/faces/javax.faces.resource/primefaces.css?ln=primefaces&v=4.0 HTTP/1.1" 304 -
200.118.59.55 - - [16/Dec/2023:13:53:35 -0500] "GET /sipse/faces/javax.faces.resource/layout/layout.css?ln=primefaces&v=4.0 HTTP/1.1" 304 -
200.118.59.55 - - [16/Dec/2023:13:53:35 -0500] "GET /sipse/faces/javax.faces.resource/jquery/jquery.js?ln=primefaces&v=4.0 HTTP/1.1" 304 -
200.118.59.55 - - [16/Dec/2023:13:53:35 -0500] "GET /sipse/faces/javax.faces.resource/theme.css?ln=primefaces-sipse HTTP/1.1" 304 -
200.118.59.55 - - [16/Dec/2023:13:53:35 -0500] "GET /sipse/faces/javax.faces.resource/layout/layout.js?ln=primefaces&v=4.0 HTTP/1.1" 304 -
200.118.59.55 - - [16/Dec/2023:13:53:38 -0500] "POST /sipse/faces/presentacion/financiero/solicitudProceso/crearModificarSolicitudProceso.xhtml HTTP/1.1" 200 64520
200.118.59.55 - - [16/Dec/2023:13:53:40 -0500] "GET /sipse/faces/javax.faces.resource/primefaces.css?ln=primefaces&v=4.0 HTTP/1.1" 304 -
200.118.59.55 - - [16/Dec/2023:13:53:40 -0500] "GET /sipse/faces/javax.faces.resource/theme.css?ln=primefaces-sipse HTTP/1.1" 304 -
200.118.59.55 - - [16/Dec/2023:13:53:40 -0500] "GET /sipse/faces/javax.faces.resource/layout/layout.css?ln=primefaces&v=4.0 HTTP/1.1" 304 -
200.118.59.55 - - [16/Dec/2023:13:53:40 -0500] "GET /sipse/faces/javax.faces.resource/jquery/jquery.js?ln=primefaces&v=4.0 HTTP/1.1" 304 -
200.118.59.55 - - [16/Dec/2023:13:53:40 -0500] "GET /sipse/faces/javax.faces.resource/jquery/jquery-plugins.js?ln=primefaces&v=4.0 HTTP/1.1" 304 -
200.118.59.55 - - [16/Dec/2023:13:53:40 -0500] "GET /sipse/faces/javax.faces.resource/primefaces.js?ln=primefaces&v=4.0 HTTP/1.1" 304 -
200.118.59.55 - - [16/Dec/2023:13:53:40 -0500] "GET /sipse/faces/javax.faces.resource/layout/layout.js?ln=primefaces&v=4.0 HTTP/1.1" 304 -
200.118.59.55 - - [16/Dec/2023:13:53:41 -0500] "POST /sipse/faces/presentacion/financiero/solicitudProceso/listarSolicitudProceso.xhtml HTTP/1.1" 200 1556
200.118.59.55 - - [16/Dec/2023:13:53:42 -0500] "POST /sipse/faces/presentacion/financiero/solicitudProceso/listarSolicitudProceso.xhtml HTTP/1.1" 200 29293
200.118.59.55 - - [16/Dec/2023:13:53:45 -0500] "POST /sipse/faces/presentacion/financiero/solicitudProceso/listarSolicitudProceso.xhtml HTTP/1.1" 200 32074
200.118.59.55 - - [16/Dec/2023:13:53:46 -0500] "POST /sipse/faces/presentacion/financiero/solicitudProceso/listarSolicitudProceso.xhtml HTTP/1.1" 200 32644
201.245.192.253 - - [16/Dec/2023:13:53:46 -0500] "POST /kwsrmcab/Wsrmcab  HTTP/1.1" 200 37894
190.27.185.40 - - [16/Dec/2023:13:53:54 -0500] "POST /sipse/faces/presentacion/financiero/solicitudProceso/consultarSolicitudProceso.xhtml HTTP/1.1" 200 5457
190.27.185.40 - - [16/Dec/2023:13:53:54 -0500] "GET /sipse/faces/javax.faces.resource/dynamiccontent.properties?ln=primefaces&pfdrid=XjOR5%2F%2FfPAZAuY9TpWQeCiM0BhlXxYRBGKi%2FQcXXfeA%3D&pfdrid_c=false HTTP/1.1" 200 117419
201.245.192.253 - - [16/Dec/2023:13:54:03 -0500] "POST /forms/lservlet;jsessionid=ac16012b30d68f87e6b31bdd4159a82faa45787d3329.e3iSbxaKaheRe34Qc38TbN0Nb41ynknvrkLOlQzNp65In0 HTTP/1.1" 200 2
201.245.192.253 - - [16/Dec/2023:13:54:40 -0500] "POST /forms/lservlet;jsessionid=ac16012b30d665b9d6b5cea24731bd918aefbc6c9e46.e3iSbxaKaheRe34Qc38TbN0Nb41ynknvrkLOlQzNp65In0 HTTP/1.1" 200 2
201.245.192.253 - - [16/Dec/2023:13:56:03 -0500] "POST /forms/lservlet;jsessionid=ac16012b30d68f87e6b31bdd4159a82faa45787d3329.e3iSbxaKaheRe34Qc38TbN0Nb41ynknvrkLOlQzNp65In0 HTTP/1.1" 200 2
201.245.192.253 - - [16/Dec/2023:13:56:40 -0500] "POST /forms/lservlet;jsessionid=ac16012b30d665b9d6b5cea24731bd918aefbc6c9e46.e3iSbxaKaheRe34Qc38TbN0Nb41ynknvrkLOlQzNp65In0 HTTP/1.1" 200 2
200.118.59.55 - - [16/Dec/2023:13:56:51 -0500] "POST /sipse/faces/presentacion/financiero/solicitudProceso/listarSolicitudProceso.xhtml HTTP/1.1" 200 59164
200.118.59.55 - - [16/Dec/2023:13:56:52 -0500] "GET /sipse/faces/javax.faces.resource/theme.css?ln=primefaces-sipse HTTP/1.1" 304 -
200.118.59.55 - - [16/Dec/2023:13:56:52 -0500] "GET /sipse/faces/javax.faces.resource/primefaces.css?ln=primefaces&v=4.0 HTTP/1.1" 304 -
200.118.59.55 - - [16/Dec/2023:13:56:52 -0500] "GET /sipse/faces/javax.faces.resource/layout/layout.css?ln=primefaces&v=4.0 HTTP/1.1" 304 -
200.118.59.55 - - [16/Dec/2023:13:56:52 -0500] "GET /sipse/faces/javax.faces.resource/jquery/jquery.js?ln=primefaces&v=4.0 HTTP/1.1" 304 -
200.118.59.55 - - [16/Dec/2023:13:56:52 -0500] "GET /sipse/faces/javax.faces.resource/jquery/jquery-plugins.js?ln=primefaces&v=4.0 HTTP/1.1" 304 -
200.118.59.55 - - [16/Dec/2023:13:56:52 -0500] "GET /sipse/faces/javax.faces.resource/primefaces.js?ln=primefaces&v=4.0 HTTP/1.1" 304 -
200.118.59.55 - - [16/Dec/2023:13:56:52 -0500] "GET /sipse/faces/javax.faces.resource/layout/layout.js?ln=primefaces&v=4.0 HTTP/1.1" 304 -
200.118.59.55 - - [16/Dec/2023:13:56:56 -0500] "POST /sipse/faces/presentacion/financiero/solicitudProceso/crearModificarSolicitudProceso.xhtml HTTP/1.1" 200 27322
191.156.235.74 - - [16/Dec/2023:13:57:30 -0500] "GET /mas-de-738-personas-asistieron-a-la-feria-ambiental-de-servicios-a-la-ciudadania-2023.html?fbclid=IwAR2waONQIrlBx9O-lkgey1yZhpIMdu3L_jLT8-5rgmemB_7SnVVOHU20_6Y HTTP/1.1" 200 942
216.245.221.92 - - [16/Dec/2023:13:57:49 -0500] "HEAD / HTTP/1.1" 200 -
201.245.192.253 - - [16/Dec/2023:13:58:03 -0500] "POST /forms/lservlet;jsessionid=ac16012b30d68f87e6b31bdd4159a82faa45787d3329.e3iSbxaKaheRe34Qc38TbN0Nb41ynknvrkLOlQzNp65In0 HTTP/1.1" 200 2
172.22.2.4 - - [16/Dec/2023:13:56:30 -0500] "HEAD /BLA/boletinlegal/ HTTP/1.1" 200 -
201.245.192.253 - - [16/Dec/2023:13:58:40 -0500] "POST /forms/lservlet;jsessionid=ac16012b30d665b9d6b5cea24731bd918aefbc6c9e46.e3iSbxaKaheRe34Qc38TbN0Nb41ynknvrkLOlQzNp65In0 HTTP/1.1" 200 2
201.245.192.253 - - [16/Dec/2023:13:58:44 -0500] "POST /kwsrmcab/Wsrmcab  HTTP/1.1" 200 37894
172.22.2.4 - - [16/Dec/2023:13:57:21 -0500] "GET /BLA/boletinlegal/ HTTP/1.1" 200 54105
201.245.192.253 - - [16/Dec/2023:14:00:03 -0500] "POST /forms/lservlet;jsessionid=ac16012b30d68f87e6b31bdd4159a82faa45787d3329.e3iSbxaKaheRe34Qc38TbN0Nb41ynknvrkLOlQzNp65In0 HTTP/1.1" 200 2
201.245.192.253 - - [16/Dec/2023:14:00:40 -0500] "POST /forms/lservlet;jsessionid=ac16012b30d665b9d6b5cea24731bd918aefbc6c9e46.e3iSbxaKaheRe34Qc38TbN0Nb41ynknvrkLOlQzNp65In0 HTTP/1.1" 200 2
