190.60.254.197 - - [16/Dec/2023:13:15:02 -0500] "GET /sipse/faces/javax.faces.resource/layout/layout.js?ln=primefaces&v=4.0 HTTP/1.1" 304 -
190.60.254.197 - - [16/Dec/2023:13:15:02 -0500] "GET /sipse/css/v_mergente.css HTTP/1.1" 304 -
190.60.254.197 - - [16/Dec/2023:13:15:02 -0500] "GET /sipse/css/imagen/contrasena.png HTTP/1.1" 404 383
190.60.254.197 - - [16/Dec/2023:13:15:02 -0500] "GET /sipse/imagenes/cargando.gif HTTP/1.1" 304 -
190.60.254.197 - - [16/Dec/2023:13:15:02 -0500] "GET /sipse/imagenes/logoAplicacion.jpg HTTP/1.1" 304 -
47.128.26.197 - - [16/Dec/2023:13:15:02 -0500] "GET /BLA/resoluciones/dlf/dirup.png HTTP/1.1" 200 644
47.128.26.197 - - [16/Dec/2023:13:15:02 -0500] "GET /BLA/resoluciones/dlf/folder.png HTTP/1.1" 200 410
47.128.26.197 - - [16/Dec/2023:13:15:01 -0500] "GET /BLA/resoluciones/index.php?dir=RESOLUCIONES+2007%2F HTTP/1.1" 200 37998
47.128.26.197 - - [16/Dec/2023:13:15:04 -0500] "GET /BLA/resoluciones/dlf/pdf.gif HTTP/1.1" 200 272
190.60.254.197 - - [16/Dec/2023:13:15:05 -0500] "GET /sipse/faces/javax.faces.resource/images/ui-bg_flat_0_2d5972_40x100.png?ln=primefaces-aristo HTTP/1.1" 304 -
190.60.254.197 - - [16/Dec/2023:13:15:05 -0500] "POST /sipse/faces/bienvenido.xhtml HTTP/1.1" 200 2658
190.27.185.40 - - [16/Dec/2023:13:15:06 -0500] "POST /sipse/faces/presentacion/financiero/solicitudProceso/listarSolicitudProceso.xhtml HTTP/1.1" 200 19735
190.60.254.197 - - [16/Dec/2023:13:15:06 -0500] "POST /sipse/faces/bienvenido.xhtml HTTP/1.1" 200 64638
190.60.254.197 - - [16/Dec/2023:13:15:07 -0500] "GET /sipse/faces/javax.faces.resource/theme.css?ln=primefaces-sipse HTTP/1.1" 304 -
190.60.254.197 - - [16/Dec/2023:13:15:07 -0500] "GET /sipse/faces/javax.faces.resource/layout/layout.css?ln=primefaces&v=4.0 HTTP/1.1" 304 -
190.60.254.197 - - [16/Dec/2023:13:15:07 -0500] "GET /sipse/faces/javax.faces.resource/primefaces.css?ln=primefaces&v=4.0 HTTP/1.1" 304 -
190.60.254.197 - - [16/Dec/2023:13:15:07 -0500] "GET /sipse/faces/javax.faces.resource/jquery/jquery.js?ln=primefaces&v=4.0 HTTP/1.1" 304 -
190.60.254.197 - - [16/Dec/2023:13:15:07 -0500] "GET /sipse/faces/javax.faces.resource/jquery/jquery-plugins.js?ln=primefaces&v=4.0 HTTP/1.1" 304 -
190.60.254.197 - - [16/Dec/2023:13:15:07 -0500] "GET /sipse/faces/javax.faces.resource/primefaces.js?ln=primefaces&v=4.0 HTTP/1.1" 304 -
190.60.254.197 - - [16/Dec/2023:13:15:08 -0500] "GET /sipse/faces/javax.faces.resource/layout/layout.js?ln=primefaces&v=4.0 HTTP/1.1" 304 -
190.60.254.197 - - [16/Dec/2023:13:15:08 -0500] "POST /sipse/faces/presentacion/financiero/solicitudProceso/listarSolicitudProceso.xhtml HTTP/1.1" 200 1556
190.60.254.197 - - [16/Dec/2023:13:15:16 -0500] "POST /sipse/faces/presentacion/financiero/solicitudProceso/listarSolicitudProceso.xhtml HTTP/1.1" 200 11138
190.27.185.40 - - [16/Dec/2023:13:15:18 -0500] "POST /sipse/faces/presentacion/financiero/solicitudProceso/listarSolicitudProceso.xhtml HTTP/1.1" 200 28488
190.27.185.40 - - [16/Dec/2023:13:15:19 -0500] "POST /sipse/faces/presentacion/financiero/solicitudProceso/listarSolicitudProceso.xhtml HTTP/1.1" 200 32152
190.27.185.40 - - [16/Dec/2023:13:15:19 -0500] "POST /sipse/faces/presentacion/financiero/solicitudProceso/listarSolicitudProceso.xhtml HTTP/1.1" 200 32235
190.27.185.40 - - [16/Dec/2023:13:15:21 -0500] "POST /sipse/faces/presentacion/financiero/solicitudProceso/listarSolicitudProceso.xhtml HTTP/1.1" 200 2033
190.27.185.40 - - [16/Dec/2023:13:15:22 -0500] "POST /sipse/faces/presentacion/financiero/solicitudProceso/listarSolicitudProceso.xhtml HTTP/1.1" 200 32235
190.27.185.40 - - [16/Dec/2023:13:15:24 -0500] "POST /sipse/faces/presentacion/financiero/solicitudProceso/listarSolicitudProceso.xhtml HTTP/1.1" 200 2037
190.27.185.40 - - [16/Dec/2023:13:15:25 -0500] "POST /sipse/faces/presentacion/financiero/solicitudProceso/listarSolicitudProceso.xhtml HTTP/1.1" 200 32235
190.27.185.40 - - [16/Dec/2023:13:15:27 -0500] "POST /sipse/faces/presentacion/financiero/solicitudProceso/listarSolicitudProceso.xhtml HTTP/1.1" 200 32152
190.27.185.40 - - [16/Dec/2023:13:15:29 -0500] "POST /sipse/faces/presentacion/financiero/solicitudProceso/listarSolicitudProceso.xhtml HTTP/1.1" 200 2029
172.22.2.4 - - [16/Dec/2023:13:15:29 -0500] "GET /BLA/boletinlegal/ReportServer HTTP/1.1" 404 1018
190.27.185.40 - - [16/Dec/2023:13:15:29 -0500] "POST /sipse/faces/presentacion/financiero/solicitudProceso/listarSolicitudProceso.xhtml HTTP/1.1" 200 2037
190.60.254.197 - - [16/Dec/2023:13:15:30 -0500] "POST /sipse/faces/presentacion/financiero/solicitudProceso/listarSolicitudProceso.xhtml HTTP/1.1" 200 32876
190.27.185.40 - - [16/Dec/2023:13:15:31 -0500] "POST /sipse/faces/presentacion/financiero/solicitudProceso/listarSolicitudProceso.xhtml HTTP/1.1" 200 4988
190.27.185.40 - - [16/Dec/2023:13:15:33 -0500] "POST /sipse/faces/presentacion/financiero/solicitudProceso/listarSolicitudProceso.xhtml HTTP/1.1" 200 2033
190.27.185.40 - - [16/Dec/2023:13:15:34 -0500] "POST /sipse/faces/presentacion/financiero/solicitudProceso/listarSolicitudProceso.xhtml HTTP/1.1" 200 2033
190.27.185.40 - - [16/Dec/2023:13:15:36 -0500] "POST /sipse/faces/presentacion/financiero/solicitudProceso/listarSolicitudProceso.xhtml HTTP/1.1" 200 2481
190.27.185.40 - - [16/Dec/2023:13:15:37 -0500] "POST /sipse/faces/presentacion/financiero/solicitudProceso/listarSolicitudProceso.xhtml HTTP/1.1" 200 38441
190.27.185.40 - - [16/Dec/2023:13:15:37 -0500] "GET /sipse/faces/javax.faces.resource/jquery/jquery.js?ln=primefaces&v=4.0 HTTP/1.1" 304 -
190.27.185.40 - - [16/Dec/2023:13:15:37 -0500] "GET /sipse/faces/javax.faces.resource/jquery/jquery-plugins.js?ln=primefaces&v=4.0 HTTP/1.1" 304 -
190.27.185.40 - - [16/Dec/2023:13:15:37 -0500] "GET /sipse/faces/javax.faces.resource/primefaces.js?ln=primefaces&v=4.0 HTTP/1.1" 304 -
190.27.185.40 - - [16/Dec/2023:13:15:37 -0500] "GET /sipse/faces/javax.faces.resource/layout/layout.js?ln=primefaces&v=4.0 HTTP/1.1" 304 -
190.27.185.40 - - [16/Dec/2023:13:15:37 -0500] "POST /sipse/faces/presentacion/financiero/solicitudProceso/consultar.xhtml HTTP/1.1" 200 31737
190.27.185.40 - - [16/Dec/2023:13:15:42 -0500] "POST /sipse/faces/presentacion/financiero/solicitudProceso/consultar.xhtml HTTP/1.1" 200 12803
66.249.66.20 - - [16/Dec/2023:13:15:46 -0500] "GET /BLA/resoluciones/RESOLUCIONES%202013/2334.pdf HTTP/1.1" 200 374582
190.27.185.40 - - [16/Dec/2023:13:15:54 -0500] "GET /sipse/faces/faces/autenticacion.xhtml HTTP/1.1" 200 12417
190.27.185.40 - - [16/Dec/2023:13:15:54 -0500] "GET /sipse/faces/javax.faces.resource/theme.css?ln=primefaces-sipse HTTP/1.1" 304 -
190.27.185.40 - - [16/Dec/2023:13:15:54 -0500] "GET /sipse/faces/javax.faces.resource/primefaces.css?ln=primefaces&v=4.0 HTTP/1.1" 304 -
190.27.185.40 - - [16/Dec/2023:13:15:54 -0500] "GET /sipse/faces/javax.faces.resource/layout/layout.css?ln=primefaces&v=4.0 HTTP/1.1" 304 -
190.27.185.40 - - [16/Dec/2023:13:15:54 -0500] "GET /sipse/faces/javax.faces.resource/jquery/jquery.js?ln=primefaces&v=4.0 HTTP/1.1" 304 -
190.27.185.40 - - [16/Dec/2023:13:15:54 -0500] "GET /sipse/faces/javax.faces.resource/jquery/jquery-plugins.js?ln=primefaces&v=4.0 HTTP/1.1" 304 -
190.27.185.40 - - [16/Dec/2023:13:15:54 -0500] "GET /sipse/faces/javax.faces.resource/primefaces.js?ln=primefaces&v=4.0 HTTP/1.1" 304 -
190.27.185.40 - - [16/Dec/2023:13:15:54 -0500] "GET /sipse/faces/javax.faces.resource/layout/layout.js?ln=primefaces&v=4.0 HTTP/1.1" 304 -
190.27.185.40 - - [16/Dec/2023:13:15:55 -0500] "GET /sipse/faces/javax.faces.resource/images/ui-icons_898989_256x240.png?ln=primefaces-aristo HTTP/1.1" 304 -
190.27.185.40 - - [16/Dec/2023:13:15:55 -0500] "GET /sipse/faces/faces/index.xhtml HTTP/1.1" 200 677
190.27.185.40 - - [16/Dec/2023:13:15:55 -0500] "GET /sipse/faces/javax.faces.resource/theme.css?ln=primefaces-sipse HTTP/1.1" 304 -
190.27.185.40 - - [16/Dec/2023:13:15:55 -0500] "GET /sipse/faces/faces/faces/autenticacion.xhtml HTTP/1.1" 200 12417
190.27.185.40 - - [16/Dec/2023:13:15:55 -0500] "GET /sipse/faces/javax.faces.resource/theme.css?ln=primefaces-sipse HTTP/1.1" 304 -
190.27.185.40 - - [16/Dec/2023:13:15:55 -0500] "GET /sipse/faces/javax.faces.resource/primefaces.css?ln=primefaces&v=4.0 HTTP/1.1" 304 -
190.27.185.40 - - [16/Dec/2023:13:15:55 -0500] "GET /sipse/faces/javax.faces.resource/layout/layout.css?ln=primefaces&v=4.0 HTTP/1.1" 304 -
190.27.185.40 - - [16/Dec/2023:13:15:55 -0500] "GET /sipse/faces/javax.faces.resource/jquery/jquery.js?ln=primefaces&v=4.0 HTTP/1.1" 304 -
190.27.185.40 - - [16/Dec/2023:13:15:55 -0500] "GET /sipse/faces/javax.faces.resource/jquery/jquery-plugins.js?ln=primefaces&v=4.0 HTTP/1.1" 304 -
190.27.185.40 - - [16/Dec/2023:13:15:55 -0500] "GET /sipse/faces/javax.faces.resource/primefaces.js?ln=primefaces&v=4.0 HTTP/1.1" 304 -
190.27.185.40 - - [16/Dec/2023:13:15:55 -0500] "GET /sipse/faces/javax.faces.resource/layout/layout.js?ln=primefaces&v=4.0 HTTP/1.1" 304 -
190.27.185.40 - - [16/Dec/2023:13:15:55 -0500] "GET /sipse/faces/javax.faces.resource/images/ui-icons_898989_256x240.png?ln=primefaces-aristo HTTP/1.1" 304 -
201.245.192.253 - - [16/Dec/2023:13:15:54 -0500] "POST /kwsrmcab/Wsrmcab HTTP/1.1" 200 37373
190.27.185.40 - - [16/Dec/2023:13:16:02 -0500] "POST /sipse/faces/autenticacion.xhtml HTTP/1.1" 200 16937
190.27.185.40 - - [16/Dec/2023:13:16:02 -0500] "GET /sipse/faces/javax.faces.resource/jquery/jquery.js?ln=primefaces&v=4.0 HTTP/1.1" 304 -
190.27.185.40 - - [16/Dec/2023:13:16:02 -0500] "GET /sipse/faces/javax.faces.resource/jquery/jquery-plugins.js?ln=primefaces&v=4.0 HTTP/1.1" 304 -
190.27.185.40 - - [16/Dec/2023:13:16:02 -0500] "GET /sipse/faces/javax.faces.resource/primefaces.js?ln=primefaces&v=4.0 HTTP/1.1" 304 -
190.27.185.40 - - [16/Dec/2023:13:16:02 -0500] "GET /sipse/faces/javax.faces.resource/layout/layout.js?ln=primefaces&v=4.0 HTTP/1.1" 304 -
190.27.185.40 - - [16/Dec/2023:13:16:02 -0500] "GET /sipse/css/imagen/contrasena.png HTTP/1.1" 404 383
190.27.185.40 - - [16/Dec/2023:13:16:02 -0500] "GET /sipse/faces/javax.faces.resource/messages/messages.png?ln=primefaces&v=4.0 HTTP/1.1" 304 -
201.245.192.253 - - [16/Dec/2023:13:16:03 -0500] "POST /forms/lservlet;jsessionid=ac16012b30d68f87e6b31bdd4159a82faa45787d3329.e3iSbxaKaheRe34Qc38TbN0Nb41ynknvrkLOlQzNp65In0 HTTP/1.1" 200 2
201.245.192.253 - - [16/Dec/2023:13:15:58 -0500] "POST /kwsrmcab/Wsrmcab HTTP/1.1" 200 39400
190.27.185.40 - - [16/Dec/2023:13:16:04 -0500] "GET /sipse/faces/javax.faces.resource/images/ui-bg_flat_0_2d5972_40x100.png?ln=primefaces-aristo HTTP/1.1" 304 -
190.27.185.40 - - [16/Dec/2023:13:16:04 -0500] "POST /sipse/faces/bienvenido.xhtml HTTP/1.1" 200 9885
190.27.185.40 - - [16/Dec/2023:13:16:06 -0500] "POST /sipse/faces/bienvenido.xhtml HTTP/1.1" 200 1471
190.27.185.40 - - [16/Dec/2023:13:16:08 -0500] "POST /sipse/faces/bienvenido.xhtml HTTP/1.1" 200 62056
190.27.185.40 - - [16/Dec/2023:13:16:09 -0500] "GET /sipse/faces/javax.faces.resource/jquery/jquery.js?ln=primefaces&v=4.0 HTTP/1.1" 304 -
190.27.185.40 - - [16/Dec/2023:13:16:09 -0500] "GET /sipse/faces/javax.faces.resource/jquery/jquery-plugins.js?ln=primefaces&v=4.0 HTTP/1.1" 304 -
190.27.185.40 - - [16/Dec/2023:13:16:09 -0500] "GET /sipse/faces/javax.faces.resource/primefaces.js?ln=primefaces&v=4.0 HTTP/1.1" 304 -
190.27.185.40 - - [16/Dec/2023:13:16:09 -0500] "GET /sipse/faces/javax.faces.resource/layout/layout.js?ln=primefaces&v=4.0 HTTP/1.1" 304 -
190.27.185.40 - - [16/Dec/2023:13:16:09 -0500] "POST /sipse/faces/presentacion/financiero/solicitudProceso/listarSolicitudProceso.xhtml HTTP/1.1" 200 1556
190.27.185.40 - - [16/Dec/2023:13:16:13 -0500] "POST /sipse/faces/presentacion/financiero/solicitudProceso/listarSolicitudProceso.xhtml HTTP/1.1" 200 31472
190.27.185.40 - - [16/Dec/2023:13:16:14 -0500] "POST /sipse/faces/presentacion/financiero/solicitudProceso/listarSolicitudProceso.xhtml HTTP/1.1" 200 4757
190.27.185.40 - - [16/Dec/2023:13:16:20 -0500] "POST /sipse/faces/presentacion/financiero/solicitudProceso/listarSolicitudProceso.xhtml HTTP/1.1" 200 129833
190.27.185.40 - - [16/Dec/2023:13:16:21 -0500] "GET /sipse/faces/javax.faces.resource/jquery/jquery.js?ln=primefaces&v=4.0 HTTP/1.1" 304 -
190.27.185.40 - - [16/Dec/2023:13:16:21 -0500] "GET /sipse/faces/javax.faces.resource/jquery/jquery-plugins.js?ln=primefaces&v=4.0 HTTP/1.1" 304 -
190.27.185.40 - - [16/Dec/2023:13:16:21 -0500] "GET /sipse/faces/javax.faces.resource/primefaces.js?ln=primefaces&v=4.0 HTTP/1.1" 304 -
190.27.185.40 - - [16/Dec/2023:13:16:21 -0500] "GET /sipse/faces/javax.faces.resource/layout/layout.js?ln=primefaces&v=4.0 HTTP/1.1" 304 -
190.27.185.40 - - [16/Dec/2023:13:16:21 -0500] "GET /sipse/faces/javax.faces.resource/dynamiccontent.properties?ln=primefaces&pfdrid=XjOR5%2F%2FfPAZAuY9TpWQeCiM0BhlXxYRBGKi%2FQcXXfeA%3D&pfdrid_c=false HTTP/1.1" 500 383
190.27.185.40 - - [16/Dec/2023:13:16:35 -0500] "POST /sipse/faces/presentacion/financiero/solicitudProceso/consultarSolicitudProceso.xhtml HTTP/1.1" 200 30327
190.27.185.40 - - [16/Dec/2023:13:16:35 -0500] "GET /sipse/faces/javax.faces.resource/jquery/jquery.js?ln=primefaces&v=4.0 HTTP/1.1" 304 -
190.27.185.40 - - [16/Dec/2023:13:16:35 -0500] "GET /sipse/faces/javax.faces.resource/jquery/jquery-plugins.js?ln=primefaces&v=4.0 HTTP/1.1" 304 -
190.27.185.40 - - [16/Dec/2023:13:16:35 -0500] "GET /sipse/faces/javax.faces.resource/primefaces.js?ln=primefaces&v=4.0 HTTP/1.1" 304 -
190.27.185.40 - - [16/Dec/2023:13:16:35 -0500] "GET /sipse/faces/javax.faces.resource/layout/layout.js?ln=primefaces&v=4.0 HTTP/1.1" 304 -
201.245.192.253 - - [16/Dec/2023:13:16:40 -0500] "POST /forms/lservlet;jsessionid=ac16012b30d665b9d6b5cea24731bd918aefbc6c9e46.e3iSbxaKaheRe34Qc38TbN0Nb41ynknvrkLOlQzNp65In0 HTTP/1.1" 200 2
190.27.185.40 - - [16/Dec/2023:13:16:43 -0500] "POST /sipse/faces/presentacion/financiero/solicitudProceso/asignarContratacion.xhtml HTTP/1.1" 200 35626
190.27.185.40 - - [16/Dec/2023:13:16:46 -0500] "GET /sipse/faces/javax.faces.resource/jquery/jquery.js?ln=primefaces&v=4.0 HTTP/1.1" 304 -
190.27.185.40 - - [16/Dec/2023:13:16:46 -0500] "GET /sipse/faces/javax.faces.resource/jquery/jquery-plugins.js?ln=primefaces&v=4.0 HTTP/1.1" 304 -
190.27.185.40 - - [16/Dec/2023:13:16:46 -0500] "GET /sipse/faces/javax.faces.resource/primefaces.js?ln=primefaces&v=4.0 HTTP/1.1" 304 -
190.27.185.40 - - [16/Dec/2023:13:16:46 -0500] "GET /sipse/faces/javax.faces.resource/layout/layout.js?ln=primefaces&v=4.0 HTTP/1.1" 304 -
190.27.185.40 - - [16/Dec/2023:13:16:46 -0500] "POST /sipse/faces/presentacion/financiero/solicitudProceso/listarSolicitudProceso.xhtml HTTP/1.1" 200 1396
190.27.185.40 - - [16/Dec/2023:13:16:58 -0500] "GET /sipse/faces/faces/autenticacion.xhtml HTTP/1.1" 200 12415
190.27.185.40 - - [16/Dec/2023:13:16:58 -0500] "GET /sipse/faces/javax.faces.resource/theme.css?ln=primefaces-sipse HTTP/1.1" 304 -
190.27.185.40 - - [16/Dec/2023:13:16:58 -0500] "GET /sipse/faces/javax.faces.resource/primefaces.css?ln=primefaces&v=4.0 HTTP/1.1" 304 -
190.27.185.40 - - [16/Dec/2023:13:16:58 -0500] "GET /sipse/faces/javax.faces.resource/layout/layout.css?ln=primefaces&v=4.0 HTTP/1.1" 304 -
190.27.185.40 - - [16/Dec/2023:13:16:58 -0500] "GET /sipse/faces/javax.faces.resource/jquery/jquery.js?ln=primefaces&v=4.0 HTTP/1.1" 304 -
190.27.185.40 - - [16/Dec/2023:13:16:58 -0500] "GET /sipse/faces/javax.faces.resource/jquery/jquery-plugins.js?ln=primefaces&v=4.0 HTTP/1.1" 304 -
190.27.185.40 - - [16/Dec/2023:13:16:58 -0500] "GET /sipse/faces/javax.faces.resource/primefaces.js?ln=primefaces&v=4.0 HTTP/1.1" 304 -
190.27.185.40 - - [16/Dec/2023:13:16:58 -0500] "GET /sipse/faces/javax.faces.resource/layout/layout.js?ln=primefaces&v=4.0 HTTP/1.1" 304 -
190.27.185.40 - - [16/Dec/2023:13:16:58 -0500] "GET /sipse/faces/javax.faces.resource/images/ui-icons_898989_256x240.png?ln=primefaces-aristo HTTP/1.1" 304 -
190.27.185.40 - - [16/Dec/2023:13:16:58 -0500] "GET /sipse/faces/faces/index.xhtml HTTP/1.1" 200 677
190.27.185.40 - - [16/Dec/2023:13:16:58 -0500] "GET /sipse/faces/javax.faces.resource/theme.css?ln=primefaces-sipse HTTP/1.1" 304 -
190.27.185.40 - - [16/Dec/2023:13:16:58 -0500] "GET /sipse/faces/faces/faces/autenticacion.xhtml HTTP/1.1" 200 12415
190.27.185.40 - - [16/Dec/2023:13:16:58 -0500] "GET /sipse/faces/javax.faces.resource/theme.css?ln=primefaces-sipse HTTP/1.1" 304 -
190.27.185.40 - - [16/Dec/2023:13:16:58 -0500] "GET /sipse/faces/javax.faces.resource/primefaces.css?ln=primefaces&v=4.0 HTTP/1.1" 304 -
190.27.185.40 - - [16/Dec/2023:13:16:58 -0500] "GET /sipse/faces/javax.faces.resource/layout/layout.css?ln=primefaces&v=4.0 HTTP/1.1" 304 -
190.27.185.40 - - [16/Dec/2023:13:16:59 -0500] "GET /sipse/faces/javax.faces.resource/jquery/jquery.js?ln=primefaces&v=4.0 HTTP/1.1" 304 -
190.27.185.40 - - [16/Dec/2023:13:16:59 -0500] "GET /sipse/faces/javax.faces.resource/jquery/jquery-plugins.js?ln=primefaces&v=4.0 HTTP/1.1" 304 -
190.27.185.40 - - [16/Dec/2023:13:16:59 -0500] "GET /sipse/faces/javax.faces.resource/primefaces.js?ln=primefaces&v=4.0 HTTP/1.1" 304 -
190.27.185.40 - - [16/Dec/2023:13:16:59 -0500] "GET /sipse/faces/javax.faces.resource/layout/layout.js?ln=primefaces&v=4.0 HTTP/1.1" 304 -
190.27.185.40 - - [16/Dec/2023:13:16:59 -0500] "GET /sipse/faces/javax.faces.resource/images/ui-icons_898989_256x240.png?ln=primefaces-aristo HTTP/1.1" 304 -
190.27.185.40 - - [16/Dec/2023:13:17:02 -0500] "POST /sipse/faces/autenticacion.xhtml HTTP/1.1" 200 16323
190.27.185.40 - - [16/Dec/2023:13:17:03 -0500] "GET /sipse/faces/javax.faces.resource/jquery/jquery.js?ln=primefaces&v=4.0 HTTP/1.1" 304 -
190.27.185.40 - - [16/Dec/2023:13:17:03 -0500] "GET /sipse/faces/javax.faces.resource/jquery/jquery-plugins.js?ln=primefaces&v=4.0 HTTP/1.1" 304 -
190.27.185.40 - - [16/Dec/2023:13:17:03 -0500] "GET /sipse/faces/javax.faces.resource/primefaces.js?ln=primefaces&v=4.0 HTTP/1.1" 304 -
190.27.185.40 - - [16/Dec/2023:13:17:03 -0500] "GET /sipse/faces/javax.faces.resource/layout/layout.js?ln=primefaces&v=4.0 HTTP/1.1" 304 -
190.27.185.40 - - [16/Dec/2023:13:17:03 -0500] "GET /sipse/css/imagen/contrasena.png HTTP/1.1" 404 383
190.27.185.40 - - [16/Dec/2023:13:17:03 -0500] "GET /sipse/faces/javax.faces.resource/messages/messages.png?ln=primefaces&v=4.0 HTTP/1.1" 304 -
190.27.185.40 - - [16/Dec/2023:13:17:04 -0500] "GET /sipse/faces/javax.faces.resource/images/ui-bg_flat_0_2d5972_40x100.png?ln=primefaces-aristo HTTP/1.1" 304 -
190.27.185.40 - - [16/Dec/2023:13:17:04 -0500] "POST /sipse/faces/bienvenido.xhtml HTTP/1.1" 200 1471
190.27.185.40 - - [16/Dec/2023:13:17:05 -0500] "POST /sipse/faces/bienvenido.xhtml HTTP/1.1" 200 62113
190.27.185.40 - - [16/Dec/2023:13:17:05 -0500] "GET /sipse/faces/javax.faces.resource/jquery/jquery.js?ln=primefaces&v=4.0 HTTP/1.1" 304 -
190.27.185.40 - - [16/Dec/2023:13:17:05 -0500] "GET /sipse/faces/javax.faces.resource/jquery/jquery-plugins.js?ln=primefaces&v=4.0 HTTP/1.1" 304 -
190.27.185.40 - - [16/Dec/2023:13:17:06 -0500] "GET /sipse/faces/javax.faces.resource/primefaces.js?ln=primefaces&v=4.0 HTTP/1.1" 304 -
190.27.185.40 - - [16/Dec/2023:13:17:06 -0500] "GET /sipse/faces/javax.faces.resource/layout/layout.js?ln=primefaces&v=4.0 HTTP/1.1" 304 -
190.27.185.40 - - [16/Dec/2023:13:17:06 -0500] "POST /sipse/faces/presentacion/financiero/solicitudProceso/listarSolicitudProceso.xhtml HTTP/1.1" 200 1556
190.27.185.40 - - [16/Dec/2023:13:17:10 -0500] "POST /sipse/faces/presentacion/financiero/solicitudProceso/listarSolicitudProceso.xhtml HTTP/1.1" 200 4917
190.27.185.40 - - [16/Dec/2023:13:17:12 -0500] "POST /sipse/faces/presentacion/financiero/solicitudProceso/listarSolicitudProceso.xhtml HTTP/1.1" 200 135893
190.27.185.40 - - [16/Dec/2023:13:17:13 -0500] "GET /sipse/faces/javax.faces.resource/jquery/jquery.js?ln=primefaces&v=4.0 HTTP/1.1" 304 -
190.27.185.40 - - [16/Dec/2023:13:17:13 -0500] "GET /sipse/faces/javax.faces.resource/jquery/jquery-plugins.js?ln=primefaces&v=4.0 HTTP/1.1" 304 -
190.27.185.40 - - [16/Dec/2023:13:17:13 -0500] "GET /sipse/faces/javax.faces.resource/primefaces.js?ln=primefaces&v=4.0 HTTP/1.1" 304 -
190.27.185.40 - - [16/Dec/2023:13:17:19 -0500] "GET /sipse/faces/javax.faces.resource/layout/layout.js?ln=primefaces&v=4.0 HTTP/1.1" 304 -
190.27.185.40 - - [16/Dec/2023:13:17:19 -0500] "GET /sipse/faces/javax.faces.resource/dynamiccontent.properties?ln=primefaces&pfdrid=XjOR5%2F%2FfPAZAuY9TpWQeCiM0BhlXxYRBGKi%2FQcXXfeA%3D&pfdrid_c=false HTTP/1.1" 500 383
172.22.2.4 - - [16/Dec/2023:13:15:40 -0500] "HEAD /BLA/boletinlegal/ HTTP/1.1" 200 -
216.245.221.92 - - [16/Dec/2023:13:17:49 -0500] "HEAD / HTTP/1.1" 200 -
47.128.122.103 - - [16/Dec/2023:13:17:55 -0500] "GET /BLA/resoluciones/index.php?order=asc&sort=size HTTP/1.1" 200 13696
47.128.122.103 - - [16/Dec/2023:13:17:56 -0500] "GET /BLA/resoluciones/dlf/folder.png HTTP/1.1" 200 410
201.245.192.253 - - [16/Dec/2023:13:18:03 -0500] "POST /forms/lservlet;jsessionid=ac16012b30d68f87e6b31bdd4159a82faa45787d3329.e3iSbxaKaheRe34Qc38TbN0Nb41ynknvrkLOlQzNp65In0 HTTP/1.1" 200 2
172.22.2.4 - - [16/Dec/2023:13:16:31 -0500] "GET /BLA/boletinlegal/ HTTP/1.1" 200 60634
201.245.192.253 - - [16/Dec/2023:13:18:40 -0500] "POST /forms/lservlet;jsessionid=ac16012b30d665b9d6b5cea24731bd918aefbc6c9e46.e3iSbxaKaheRe34Qc38TbN0Nb41ynknvrkLOlQzNp65In0 HTTP/1.1" 200 2
66.249.66.19 - - [16/Dec/2023:13:18:53 -0500] "GET /BLA/resoluciones/AUTOS%202014/5803.pdf HTTP/1.1" 304 -
201.245.192.253 - - [16/Dec/2023:13:18:55 -0500] "POST /kwsrmcab/Wsrmcab  HTTP/1.1" 200 37894
216.244.66.195 - - [16/Dec/2023:13:19:26 -0500] "GET /BLA/resoluciones/AUTOS%202016/1797.pdf HTTP/1.1" 200 364465
201.245.192.253 - - [16/Dec/2023:13:19:45 -0500] "POST /kwsrmcab/Wsrmcab HTTP/1.1" 200 37373
201.245.192.253 - - [16/Dec/2023:13:19:50 -0500] "POST /kwsrmcab/Wsrmcab HTTP/1.1" 200 39400
201.245.192.253 - - [16/Dec/2023:13:20:03 -0500] "POST /forms/lservlet;jsessionid=ac16012b30d68f87e6b31bdd4159a82faa45787d3329.e3iSbxaKaheRe34Qc38TbN0Nb41ynknvrkLOlQzNp65In0 HTTP/1.1" 200 2
201.245.192.253 - - [16/Dec/2023:13:20:40 -0500] "POST /forms/lservlet;jsessionid=ac16012b30d665b9d6b5cea24731bd918aefbc6c9e46.e3iSbxaKaheRe34Qc38TbN0Nb41ynknvrkLOlQzNp65In0 HTTP/1.1" 200 2
200.118.59.55 - - [16/Dec/2023:13:21:16 -0500] "GET /sipse/faces/index.xhtml HTTP/1.1" 200 677
200.118.59.55 - - [16/Dec/2023:13:21:18 -0500] "GET /sipse/faces/javax.faces.resource/theme.css?ln=primefaces-sipse HTTP/1.1" 304 -
200.118.59.55 - - [16/Dec/2023:13:21:18 -0500] "GET /sipse/faces/faces/autenticacion.xhtml HTTP/1.1" 200 12407
200.118.59.55 - - [16/Dec/2023:13:21:19 -0500] "GET /sipse/css/custom_css_sg.css HTTP/1.1" 304 -
200.118.59.55 - - [16/Dec/2023:13:21:19 -0500] "GET /sipse/faces/javax.faces.resource/theme.css?ln=primefaces-sipse HTTP/1.1" 304 -
200.118.59.55 - - [16/Dec/2023:13:21:19 -0500] "GET /sipse/faces/javax.faces.resource/layout/layout.js?ln=primefaces&v=4.0 HTTP/1.1" 304 -
200.118.59.55 - - [16/Dec/2023:13:21:19 -0500] "GET /sipse/css/custom_css_sg_prime_login.css HTTP/1.1" 304 -
200.118.59.55 - - [16/Dec/2023:13:21:19 -0500] "GET /sipse/faces/javax.faces.resource/primefaces.css?ln=primefaces&v=4.0 HTTP/1.1" 304 -
200.118.59.55 - - [16/Dec/2023:13:21:19 -0500] "GET /sipse/faces/javax.faces.resource/layout/layout.css?ln=primefaces&v=4.0 HTTP/1.1" 304 -
200.118.59.55 - - [16/Dec/2023:13:21:19 -0500] "GET /sipse/js/disable_browser_buttons.js HTTP/1.1" 304 -
200.118.59.55 - - [16/Dec/2023:13:21:19 -0500] "GET /sipse/js/funciones.js HTTP/1.1" 304 -
200.118.59.55 - - [16/Dec/2023:13:21:19 -0500] "GET /sipse/faces/javax.faces.resource/jquery/jquery.js?ln=primefaces&v=4.0 HTTP/1.1" 304 -
200.118.59.55 - - [16/Dec/2023:13:21:19 -0500] "GET /sipse/faces/javax.faces.resource/jquery/jquery-plugins.js?ln=primefaces&v=4.0 HTTP/1.1" 304 -
200.118.59.55 - - [16/Dec/2023:13:21:19 -0500] "GET /sipse/faces/javax.faces.resource/primefaces.js?ln=primefaces&v=4.0 HTTP/1.1" 304 -
200.118.59.55 - - [16/Dec/2023:13:21:20 -0500] "GET /sipse/css/imagen/logoSDG.png HTTP/1.1" 304 -
200.118.59.55 - - [16/Dec/2023:13:21:20 -0500] "GET /sipse/css/imagen/loginimg.png HTTP/1.1" 304 -
200.118.59.55 - - [16/Dec/2023:13:21:20 -0500] "GET /sipse/faces/javax.faces.resource/images/ui-icons_898989_256x240.png?ln=primefaces-aristo HTTP/1.1" 304 -
200.118.61.63 - - [16/Dec/2023:13:21:23 -0500] "GET /BLA/resoluciones/dlf/styles.css HTTP/1.1" 200 3049
200.118.61.63 - - [16/Dec/2023:13:21:23 -0500] "GET /BLA/resoluciones/dlf/dirup.png HTTP/1.1" 200 644
200.118.61.63 - - [16/Dec/2023:13:21:23 -0500] "GET /BLA/resoluciones/dlf/pdf.gif HTTP/1.1" 200 272
200.118.61.63 - - [16/Dec/2023:13:21:23 -0500] "GET /BLA/resoluciones/dlf/bg.gif HTTP/1.1" 200 54
200.118.61.63 - - [16/Dec/2023:13:21:23 -0500] "GET /BLA/resoluciones/index.php?dir=RESOLUCIONES+2022%2F HTTP/1.1" 200 324879
200.118.61.63 - - [16/Dec/2023:13:21:23 -0500] "GET /BLA/resoluciones/dlf/archive.png HTTP/1.1" 200 632
34.77.127.183 - - [16/Dec/2023:13:21:24 -0500] "GET / HTTP/1.1" 200 319
200.118.59.55 - - [16/Dec/2023:13:21:32 -0500] "POST /sipse/faces/autenticacion.xhtml HTTP/1.1" 200 11229
200.118.59.55 - - [16/Dec/2023:13:21:33 -0500] "GET /sipse/css/custom_css_sg_prime.css HTTP/1.1" 304 -
200.118.59.55 - - [16/Dec/2023:13:21:33 -0500] "GET /sipse/faces/javax.faces.resource/theme.css?ln=primefaces-sipse HTTP/1.1" 304 -
200.118.59.55 - - [16/Dec/2023:13:21:33 -0500] "GET /sipse/faces/javax.faces.resource/primefaces.css?ln=primefaces&v=4.0 HTTP/1.1" 304 -
200.118.59.55 - - [16/Dec/2023:13:21:33 -0500] "GET /sipse/faces/javax.faces.resource/jquery/jquery.js?ln=primefaces&v=4.0 HTTP/1.1" 304 -
200.118.59.55 - - [16/Dec/2023:13:21:33 -0500] "GET /sipse/faces/javax.faces.resource/layout/layout.css?ln=primefaces&v=4.0 HTTP/1.1" 304 -
200.118.59.55 - - [16/Dec/2023:13:21:33 -0500] "GET /sipse/faces/javax.faces.resource/jquery/jquery-plugins.js?ln=primefaces&v=4.0 HTTP/1.1" 304 -
200.118.59.55 - - [16/Dec/2023:13:21:34 -0500] "GET /sipse/faces/javax.faces.resource/primefaces.js?ln=primefaces&v=4.0 HTTP/1.1" 304 -
200.118.59.55 - - [16/Dec/2023:13:21:34 -0500] "GET /sipse/faces/javax.faces.resource/layout/layout.js?ln=primefaces&v=4.0 HTTP/1.1" 304 -
200.118.59.55 - - [16/Dec/2023:13:21:34 -0500] "GET /sipse/faces/javax.faces.resource/messages/messages.png?ln=primefaces&v=4.0 HTTP/1.1" 304 -
200.118.59.55 - - [16/Dec/2023:13:21:56 -0500] "POST /sipse/faces/presentacion/sistema/seguridad/seleccionRol.xhtml HTTP/1.1" 200 5865
200.118.59.55 - - [16/Dec/2023:13:21:58 -0500] "POST /sipse/faces/presentacion/sistema/seguridad/seleccionRol.xhtml HTTP/1.1" 200 1362
201.245.192.253 - - [16/Dec/2023:13:22:03 -0500] "POST /forms/lservlet;jsessionid=ac16012b30d68f87e6b31bdd4159a82faa45787d3329.e3iSbxaKaheRe34Qc38TbN0Nb41ynknvrkLOlQzNp65In0 HTTP/1.1" 200 2
200.118.59.55 - - [16/Dec/2023:13:22:05 -0500] "GET /sipse/faces/javax.faces.resource/images/ui-bg_flat_0_2d5972_40x100.png?ln=primefaces-aristo HTTP/1.1" 304 -
200.118.59.55 - - [16/Dec/2023:13:22:06 -0500] "POST /sipse/faces/presentacion/sistema/seguridad/seleccionRol.xhtml HTTP/1.1" 200 16474
200.118.59.55 - - [16/Dec/2023:13:22:08 -0500] "GET /sipse/faces/javax.faces.resource/theme.css?ln=primefaces-sipse HTTP/1.1" 304 -
200.118.59.55 - - [16/Dec/2023:13:22:08 -0500] "GET /sipse/js/jquery.min.js HTTP/1.1" 304 -
200.118.59.55 - - [16/Dec/2023:13:22:08 -0500] "GET /sipse/faces/javax.faces.resource/primefaces.css?ln=primefaces&v=4.0 HTTP/1.1" 304 -
200.118.59.55 - - [16/Dec/2023:13:22:08 -0500] "GET /sipse/faces/javax.faces.resource/layout/layout.css?ln=primefaces&v=4.0 HTTP/1.1" 304 -
200.118.59.55 - - [16/Dec/2023:13:22:08 -0500] "GET /sipse/faces/javax.faces.resource/jquery/jquery.js?ln=primefaces&v=4.0 HTTP/1.1" 304 -
200.118.59.55 - - [16/Dec/2023:13:22:08 -0500] "GET /sipse/faces/javax.faces.resource/jquery/jquery-plugins.js?ln=primefaces&v=4.0 HTTP/1.1" 304 -
200.118.59.55 - - [16/Dec/2023:13:22:08 -0500] "GET /sipse/faces/javax.faces.resource/primefaces.js?ln=primefaces&v=4.0 HTTP/1.1" 304 -
200.118.59.55 - - [16/Dec/2023:13:22:08 -0500] "GET /sipse/faces/javax.faces.resource/layout/layout.js?ln=primefaces&v=4.0 HTTP/1.1" 304 -
200.118.59.55 - - [16/Dec/2023:13:22:08 -0500] "GET /sipse/imagenes/logoAplicacion.jpg HTTP/1.1" 304 -
200.118.59.55 - - [16/Dec/2023:13:22:08 -0500] "GET /sipse/imagenes/cargando.gif HTTP/1.1" 304 -
200.118.59.55 - - [16/Dec/2023:13:22:08 -0500] "GET /sipse/css/v_mergente.css HTTP/1.1" 304 -
200.118.59.55 - - [16/Dec/2023:13:22:08 -0500] "GET /sipse/css/imagen/contrasena.png HTTP/1.1" 404 383
200.118.59.55 - - [16/Dec/2023:13:22:13 -0500] "POST /sipse/faces/bienvenido.xhtml HTTP/1.1" 200 2658
200.118.59.55 - - [16/Dec/2023:13:22:15 -0500] "POST /sipse/faces/bienvenido.xhtml HTTP/1.1" 200 64065
200.118.59.55 - - [16/Dec/2023:13:22:16 -0500] "GET /sipse/faces/javax.faces.resource/theme.css?ln=primefaces-sipse HTTP/1.1" 304 -
200.118.59.55 - - [16/Dec/2023:13:22:16 -0500] "GET /sipse/faces/javax.faces.resource/layout/layout.css?ln=primefaces&v=4.0 HTTP/1.1" 304 -
200.118.59.55 - - [16/Dec/2023:13:22:16 -0500] "GET /sipse/faces/javax.faces.resource/jquery/jquery.js?ln=primefaces&v=4.0 HTTP/1.1" 304 -
200.118.59.55 - - [16/Dec/2023:13:22:16 -0500] "GET /sipse/faces/javax.faces.resource/primefaces.css?ln=primefaces&v=4.0 HTTP/1.1" 304 -
200.118.59.55 - - [16/Dec/2023:13:22:16 -0500] "GET /sipse/faces/javax.faces.resource/jquery/jquery-plugins.js?ln=primefaces&v=4.0 HTTP/1.1" 304 -
200.118.59.55 - - [16/Dec/2023:13:22:16 -0500] "GET /sipse/faces/javax.faces.resource/primefaces.js?ln=primefaces&v=4.0 HTTP/1.1" 304 -
200.118.59.55 - - [16/Dec/2023:13:22:16 -0500] "GET /sipse/faces/javax.faces.resource/layout/layout.js?ln=primefaces&v=4.0 HTTP/1.1" 304 -
200.118.59.55 - - [16/Dec/2023:13:22:16 -0500] "POST /sipse/faces/presentacion/financiero/solicitudProceso/listarSolicitudProceso.xhtml HTTP/1.1" 200 1556
200.118.59.55 - - [16/Dec/2023:13:22:19 -0500] "POST /sipse/faces/presentacion/financiero/solicitudProceso/listarSolicitudProceso.xhtml HTTP/1.1" 200 32030
200.118.59.55 - - [16/Dec/2023:13:22:22 -0500] "POST /sipse/faces/presentacion/financiero/solicitudProceso/listarSolicitudProceso.xhtml HTTP/1.1" 200 26519
216.244.66.195 - - [16/Dec/2023:13:22:17 -0500] "GET /BLA/resoluciones/index.php?dir=AUTOS+2009%2F HTTP/1.1" 200 400023
201.245.192.253 - - [16/Dec/2023:13:22:40 -0500] "POST /forms/lservlet;jsessionid=ac16012b30d665b9d6b5cea24731bd918aefbc6c9e46.e3iSbxaKaheRe34Qc38TbN0Nb41ynknvrkLOlQzNp65In0 HTTP/1.1" 200 2
216.245.221.92 - - [16/Dec/2023:13:22:49 -0500] "HEAD / HTTP/1.1" 200 -
172.22.2.4 - - [16/Dec/2023:13:23:04 -0500] "GET /BLA/boletinlegal/normativa.php HTTP/1.1" 200 8343
172.22.2.4 - - [16/Dec/2023:13:21:30 -0500] "HEAD /BLA/boletinlegal/ HTTP/1.1" 200 -
172.22.2.4 - - [16/Dec/2023:13:23:15 -0500] "GET /BLA/boletinlegal/consulta_normativa.php?tipo=&sector=competencia-estructura&ano=2021&resuelve= HTTP/1.1" 200 454
172.22.2.4 - - [16/Dec/2023:13:23:21 -0500] "GET /BLA/boletinlegal/normativa.php HTTP/1.1" 200 8343
172.22.2.4 - - [16/Dec/2023:13:23:25 -0500] "GET /BLA/boletinlegal/actos.php HTTP/1.1" 200 9682
172.22.2.4 - - [16/Dec/2023:13:23:25 -0500] "GET /BLA/boletinlegal/js/ajax_actos.js HTTP/1.1" 200 1322
172.22.2.4 - - [16/Dec/2023:13:23:25 -0500] "GET /BLA/boletinlegal/js/lib.js HTTP/1.1" 200 6474
172.22.2.4 - - [16/Dec/2023:13:23:25 -0500] "GET /BLA/boletinlegal/js/popup.js HTTP/1.1" 200 1270
172.22.2.4 - - [16/Dec/2023:13:23:25 -0500] "GET /BLA/boletinlegal/js/jquery1.js HTTP/1.1" 200 29846
172.22.2.4 - - [16/Dec/2023:13:23:25 -0500] "GET /BLA/boletinlegal/images/green-yellow-blue-pink-th.png HTTP/1.1" 200 7394
172.22.2.4 - - [16/Dec/2023:13:23:27 -0500] "GET /BLA/boletinlegal/normativa.php HTTP/1.1" 200 8343
216.244.66.195 - - [16/Dec/2023:13:23:42 -0500] "GET /galeria/galeria/fotos/Entrenube3G.jpg HTTP/1.1" 200 138221
201.245.192.253 - - [16/Dec/2023:13:23:53 -0500] "POST /kwsrmcab/Wsrmcab  HTTP/1.1" 200 37894
172.22.2.4 - - [16/Dec/2023:13:22:21 -0500] "GET /BLA/boletinlegal/ HTTP/1.1" 200 58644
201.245.192.253 - - [16/Dec/2023:13:24:03 -0500] "POST /forms/lservlet;jsessionid=ac16012b30d68f87e6b31bdd4159a82faa45787d3329.e3iSbxaKaheRe34Qc38TbN0Nb41ynknvrkLOlQzNp65In0 HTTP/1.1" 200 2
201.245.192.253 - - [16/Dec/2023:13:24:40 -0500] "POST /forms/lservlet;jsessionid=ac16012b30d665b9d6b5cea24731bd918aefbc6c9e46.e3iSbxaKaheRe34Qc38TbN0Nb41ynknvrkLOlQzNp65In0 HTTP/1.1" 200 2
200.118.59.55 - - [16/Dec/2023:13:24:58 -0500] "POST /sipse/faces/presentacion/financiero/solicitudProceso/listarSolicitudProceso.xhtml HTTP/1.1" 200 32154
200.118.59.55 - - [16/Dec/2023:13:25:09 -0500] "POST /sipse/faces/presentacion/financiero/solicitudProceso/listarSolicitudProceso.xhtml HTTP/1.1" 200 26519
216.244.66.195 - - [16/Dec/2023:13:25:12 -0500] "GET /BLA/resoluciones/RESOLUCIONES%202016/1141.pdf HTTP/1.1" 200 855636
190.60.254.197 - - [16/Dec/2023:13:25:51 -0500] "GET /sipse/faces/javax.faces.resource/theme.css?ln=primefaces-sipse HTTP/1.1" 304 -
190.60.254.197 - - [16/Dec/2023:13:25:51 -0500] "GET /sipse/faces/javax.faces.resource/primefaces.css?ln=primefaces&v=4.0 HTTP/1.1" 304 -
190.60.254.197 - - [16/Dec/2023:13:25:51 -0500] "GET /sipse/faces/javax.faces.resource/layout/layout.css?ln=primefaces&v=4.0 HTTP/1.1" 304 -
190.60.254.197 - - [16/Dec/2023:13:25:51 -0500] "GET /sipse/faces/javax.faces.resource/jquery/jquery.js?ln=primefaces&v=4.0 HTTP/1.1" 304 -
190.60.254.197 - - [16/Dec/2023:13:25:51 -0500] "GET /sipse/faces/javax.faces.resource/jquery/jquery-plugins.js?ln=primefaces&v=4.0 HTTP/1.1" 304 -
190.60.254.197 - - [16/Dec/2023:13:25:51 -0500] "GET /sipse/faces/javax.faces.resource/layout/layout.js?ln=primefaces&v=4.0 HTTP/1.1" 304 -
190.60.254.197 - - [16/Dec/2023:13:25:51 -0500] "GET /sipse/faces/javax.faces.resource/primefaces.js?ln=primefaces&v=4.0 HTTP/1.1" 304 -
190.60.254.197 - - [16/Dec/2023:13:25:51 -0500] "GET /sipse/faces/javax.faces.resource/images/ui-icons_898989_256x240.png?ln=primefaces-aristo HTTP/1.1" 304 -
190.60.254.197 - - [16/Dec/2023:13:25:51 -0500] "GET /sipse/faces/faces/faces/index.xhtml HTTP/1.1" 200 677
190.60.254.197 - - [16/Dec/2023:13:25:51 -0500] "GET /sipse/faces/javax.faces.resource/theme.css?ln=primefaces-sipse HTTP/1.1" 304 -
190.60.254.197 - - [16/Dec/2023:13:25:52 -0500] "GET /sipse/faces/faces/faces/faces/autenticacion.xhtml HTTP/1.1" 200 12407
190.60.254.197 - - [16/Dec/2023:13:25:52 -0500] "GET /sipse/faces/javax.faces.resource/theme.css?ln=primefaces-sipse HTTP/1.1" 304 -
190.60.254.197 - - [16/Dec/2023:13:25:52 -0500] "GET /sipse/faces/javax.faces.resource/primefaces.css?ln=primefaces&v=4.0 HTTP/1.1" 304 -
190.60.254.197 - - [16/Dec/2023:13:25:52 -0500] "GET /sipse/faces/javax.faces.resource/layout/layout.css?ln=primefaces&v=4.0 HTTP/1.1" 304 -
190.60.254.197 - - [16/Dec/2023:13:25:52 -0500] "GET /sipse/faces/javax.faces.resource/jquery/jquery.js?ln=primefaces&v=4.0 HTTP/1.1" 304 -
190.60.254.197 - - [16/Dec/2023:13:25:52 -0500] "GET /sipse/faces/javax.faces.resource/jquery/jquery-plugins.js?ln=primefaces&v=4.0 HTTP/1.1" 304 -
190.60.254.197 - - [16/Dec/2023:13:25:52 -0500] "GET /sipse/faces/javax.faces.resource/primefaces.js?ln=primefaces&v=4.0 HTTP/1.1" 304 -
190.60.254.197 - - [16/Dec/2023:13:25:52 -0500] "GET /sipse/faces/javax.faces.resource/layout/layout.js?ln=primefaces&v=4.0 HTTP/1.1" 304 -
201.245.192.253 - - [16/Dec/2023:13:25:53 -0500] "POST /kwsrmcab/Wsrmcab HTTP/1.1" 200 37373
201.245.192.253 - - [16/Dec/2023:13:25:56 -0500] "POST /kwsrmcab/Wsrmcab HTTP/1.1" 200 39400
201.245.192.253 - - [16/Dec/2023:13:26:03 -0500] "POST /forms/lservlet;jsessionid=ac16012b30d68f87e6b31bdd4159a82faa45787d3329.e3iSbxaKaheRe34Qc38TbN0Nb41ynknvrkLOlQzNp65In0 HTTP/1.1" 200 2
201.245.192.253 - - [16/Dec/2023:13:26:40 -0500] "POST /forms/lservlet;jsessionid=ac16012b30d665b9d6b5cea24731bd918aefbc6c9e46.e3iSbxaKaheRe34Qc38TbN0Nb41ynknvrkLOlQzNp65In0 HTTP/1.1" 200 2
216.244.66.195 - - [16/Dec/2023:13:26:42 -0500] "GET /BLA/resoluciones/AUTOS%202015/1904.pdf HTTP/1.1" 200 422278
172.22.2.4 - - [16/Dec/2023:13:27:27 -0500] "GET /BLA/boletinlegal/robots.txt HTTP/1.1" 404 1038
168.119.48.175 - - [16/Dec/2023:13:27:28 -0500] "GET / HTTP/1.1" 200 4720
168.119.48.175 - - [16/Dec/2023:13:27:28 -0500] "GET / HTTP/1.1" 200 319
172.22.2.4 - - [16/Dec/2023:13:27:28 -0500] "GET /BLA/boletinlegal/robots.txt HTTP/1.1" 404 1038
216.245.221.92 - - [16/Dec/2023:13:27:49 -0500] "HEAD / HTTP/1.1" 200 -
201.245.192.253 - - [16/Dec/2023:13:28:03 -0500] "POST /forms/lservlet;jsessionid=ac16012b30d68f87e6b31bdd4159a82faa45787d3329.e3iSbxaKaheRe34Qc38TbN0Nb41ynknvrkLOlQzNp65In0 HTTP/1.1" 200 2
201.245.192.253 - - [16/Dec/2023:13:28:40 -0500] "POST /forms/lservlet;jsessionid=ac16012b30d665b9d6b5cea24731bd918aefbc6c9e46.e3iSbxaKaheRe34Qc38TbN0Nb41ynknvrkLOlQzNp65In0 HTTP/1.1" 200 2
201.245.192.253 - - [16/Dec/2023:13:28:51 -0500] "POST /kwsrmcab/Wsrmcab  HTTP/1.1" 200 37894
172.22.2.4 - - [16/Dec/2023:13:27:20 -0500] "HEAD /BLA/boletinlegal/ HTTP/1.1" 200 -
172.22.2.4 - - [16/Dec/2023:13:27:28 -0500] "GET /BLA/boletinlegal/ HTTP/1.1" 200 47138
216.244.66.195 - - [16/Dec/2023:13:29:32 -0500] "GET /BLA/resoluciones/AUTOS%202016/0225.pdf HTTP/1.1" 200 544807
201.245.192.253 - - [16/Dec/2023:13:29:45 -0500] "POST /kwsrmcab/Wsrmcab HTTP/1.1" 200 37373
172.22.2.4 - - [16/Dec/2023:13:28:11 -0500] "GET /BLA/boletinlegal/ HTTP/1.1" 200 52827
201.245.192.253 - - [16/Dec/2023:13:29:50 -0500] "POST /kwsrmcab/Wsrmcab HTTP/1.1" 200 39400
199.16.157.180 - - [16/Dec/2023:13:30:00 -0500] "GET /una-mujer-que-trabaja-por-la-equidad-de-genero-y-la-proteccion-del-ambiente-asi-es-amanda-rodriguez.html HTTP/1.1" 200 935
199.16.157.180 - - [16/Dec/2023:13:30:01 -0500] "GET /images/cronica-amanda-rodriguez-30-abril.jpg HTTP/1.1" 200 26304
201.245.192.253 - - [16/Dec/2023:13:30:03 -0500] "POST /forms/lservlet;jsessionid=ac16012b30d68f87e6b31bdd4159a82faa45787d3329.e3iSbxaKaheRe34Qc38TbN0Nb41ynknvrkLOlQzNp65In0 HTTP/1.1" 200 2
216.244.66.195 - - [16/Dec/2023:13:30:22 -0500] "GET /BLA/resoluciones/AUTOS%202016/0395.pdf HTTP/1.1" 200 482270
201.245.192.253 - - [16/Dec/2023:13:30:40 -0500] "POST /forms/lservlet;jsessionid=ac16012b30d665b9d6b5cea24731bd918aefbc6c9e46.e3iSbxaKaheRe34Qc38TbN0Nb41ynknvrkLOlQzNp65In0 HTTP/1.1" 200 2
216.244.66.195 - - [16/Dec/2023:13:31:12 -0500] "GET /BLA/resoluciones/AUTOS%202016/0544.pdf HTTP/1.1" 200 439960
200.118.59.55 - - [16/Dec/2023:13:31:25 -0500] "POST /sipse/faces/presentacion/financiero/solicitudProceso/listarSolicitudProceso.xhtml HTTP/1.1" 200 116004
200.118.59.55 - - [16/Dec/2023:13:31:26 -0500] "GET /sipse/faces/javax.faces.resource/theme.css?ln=primefaces-sipse HTTP/1.1" 304 -
200.118.59.55 - - [16/Dec/2023:13:31:26 -0500] "GET /sipse/faces/javax.faces.resource/primefaces.css?ln=primefaces&v=4.0 HTTP/1.1" 304 -
200.118.59.55 - - [16/Dec/2023:13:31:26 -0500] "GET /sipse/faces/javax.faces.resource/layout/layout.css?ln=primefaces&v=4.0 HTTP/1.1" 304 -
200.118.59.55 - - [16/Dec/2023:13:31:26 -0500] "GET /sipse/faces/javax.faces.resource/jquery/jquery.js?ln=primefaces&v=4.0 HTTP/1.1" 304 -
200.118.59.55 - - [16/Dec/2023:13:31:26 -0500] "GET /sipse/faces/javax.faces.resource/jquery/jquery-plugins.js?ln=primefaces&v=4.0 HTTP/1.1" 304 -
200.118.59.55 - - [16/Dec/2023:13:31:26 -0500] "GET /sipse/faces/javax.faces.resource/primefaces.js?ln=primefaces&v=4.0 HTTP/1.1" 304 -
200.118.59.55 - - [16/Dec/2023:13:31:26 -0500] "GET /sipse/faces/javax.faces.resource/layout/layout.js?ln=primefaces&v=4.0 HTTP/1.1" 304 -
200.118.59.55 - - [16/Dec/2023:13:31:27 -0500] "GET /sipse/faces/javax.faces.resource/dynamiccontent.properties?ln=primefaces&pfdrid=XjOR5%2F%2FfPAZAuY9TpWQeCiM0BhlXxYRBGKi%2FQcXXfeA%3D&pfdrid_c=false HTTP/1.1" 500 383
200.118.59.55 - - [16/Dec/2023:13:31:31 -0500] "POST /sipse/faces/presentacion/financiero/solicitudProceso/consultarSolicitudProceso.xhtml HTTP/1.1" 200 29552
200.118.59.55 - - [16/Dec/2023:13:31:32 -0500] "GET /sipse/faces/javax.faces.resource/theme.css?ln=primefaces-sipse HTTP/1.1" 304 -
200.118.59.55 - - [16/Dec/2023:13:31:32 -0500] "GET /sipse/faces/javax.faces.resource/primefaces.css?ln=primefaces&v=4.0 HTTP/1.1" 304 -
200.118.59.55 - - [16/Dec/2023:13:31:32 -0500] "GET /sipse/faces/javax.faces.resource/jquery/jquery-plugins.js?ln=primefaces&v=4.0 HTTP/1.1" 304 -
200.118.59.55 - - [16/Dec/2023:13:31:32 -0500] "GET /sipse/faces/javax.faces.resource/layout/layout.css?ln=primefaces&v=4.0 HTTP/1.1" 304 -
200.118.59.55 - - [16/Dec/2023:13:31:32 -0500] "GET /sipse/faces/javax.faces.resource/primefaces.js?ln=primefaces&v=4.0 HTTP/1.1" 304 -
200.118.59.55 - - [16/Dec/2023:13:31:32 -0500] "GET /sipse/faces/javax.faces.resource/jquery/jquery.js?ln=primefaces&v=4.0 HTTP/1.1" 304 -
200.118.59.55 - - [16/Dec/2023:13:31:32 -0500] "GET /sipse/faces/javax.faces.resource/layout/layout.js?ln=primefaces&v=4.0 HTTP/1.1" 304 -
200.118.59.55 - - [16/Dec/2023:13:31:42 -0500] "POST /sipse/faces/presentacion/financiero/solicitudProceso/consultarHistorialSolProceso.xhtml HTTP/1.1" 200 161318
200.118.59.55 - - [16/Dec/2023:13:31:43 -0500] "GET /sipse/faces/javax.faces.resource/primefaces.css?ln=primefaces&v=4.0 HTTP/1.1" 304 -
200.118.59.55 - - [16/Dec/2023:13:31:43 -0500] "GET /sipse/faces/javax.faces.resource/theme.css?ln=primefaces-sipse HTTP/1.1" 304 -
200.118.59.55 - - [16/Dec/2023:13:31:43 -0500] "GET /sipse/faces/javax.faces.resource/jquery/jquery-plugins.js?ln=primefaces&v=4.0 HTTP/1.1" 304 -
200.118.59.55 - - [16/Dec/2023:13:31:43 -0500] "GET /sipse/faces/javax.faces.resource/primefaces.js?ln=primefaces&v=4.0 HTTP/1.1" 304 -
200.118.59.55 - - [16/Dec/2023:13:31:43 -0500] "GET /sipse/faces/javax.faces.resource/jquery/jquery.js?ln=primefaces&v=4.0 HTTP/1.1" 304 -
200.118.59.55 - - [16/Dec/2023:13:31:43 -0500] "GET /sipse/faces/javax.faces.resource/layout/layout.css?ln=primefaces&v=4.0 HTTP/1.1" 304 -
200.118.59.55 - - [16/Dec/2023:13:31:43 -0500] "GET /sipse/faces/javax.faces.resource/layout/layout.js?ln=primefaces&v=4.0 HTTP/1.1" 304 -
200.118.59.55 - - [16/Dec/2023:13:31:43 -0500] "GET /sipse/faces/javax.faces.resource/dynamiccontent.properties?ln=primefaces&pfdrid=XjOR5%2F%2FfPAZAuY9TpWQeCiM0BhlXxYRBGKi%2FQcXXfeA%3D&pfdrid_c=false HTTP/1.1" 500 383
200.118.59.55 - - [16/Dec/2023:13:31:48 -0500] "POST /sipse/faces/presentacion/financiero/solicitudProceso/consultarSolicitudProceso.xhtml HTTP/1.1" 200 215178
216.244.66.195 - - [16/Dec/2023:13:31:59 -0500] "GET /BLA/resoluciones/AUTOS%202016/0565.pdf HTTP/1.1" 200 441535
201.245.192.253 - - [16/Dec/2023:13:32:03 -0500] "POST /forms/lservlet;jsessionid=ac16012b30d68f87e6b31bdd4159a82faa45787d3329.e3iSbxaKaheRe34Qc38TbN0Nb41ynknvrkLOlQzNp65In0 HTTP/1.1" 200 2
200.118.59.55 - - [16/Dec/2023:13:32:31 -0500] "POST /sipse/faces/presentacion/financiero/solicitudProceso/consultarSolicitudProceso.xhtml HTTP/1.1" 200 29552
200.118.59.55 - - [16/Dec/2023:13:32:32 -0500] "GET /sipse/faces/javax.faces.resource/theme.css?ln=primefaces-sipse HTTP/1.1" 304 -
200.118.59.55 - - [16/Dec/2023:13:32:32 -0500] "GET /sipse/faces/javax.faces.resource/primefaces.css?ln=primefaces&v=4.0 HTTP/1.1" 304 -
200.118.59.55 - - [16/Dec/2023:13:32:32 -0500] "GET /sipse/faces/javax.faces.resource/layout/layout.css?ln=primefaces&v=4.0 HTTP/1.1" 304 -
200.118.59.55 - - [16/Dec/2023:13:32:32 -0500] "GET /sipse/faces/javax.faces.resource/jquery/jquery.js?ln=primefaces&v=4.0 HTTP/1.1" 304 -
200.118.59.55 - - [16/Dec/2023:13:32:32 -0500] "GET /sipse/faces/javax.faces.resource/primefaces.js?ln=primefaces&v=4.0 HTTP/1.1" 304 -
200.118.59.55 - - [16/Dec/2023:13:32:32 -0500] "GET /sipse/faces/javax.faces.resource/layout/layout.js?ln=primefaces&v=4.0 HTTP/1.1" 304 -
200.118.59.55 - - [16/Dec/2023:13:32:32 -0500] "GET /sipse/faces/javax.faces.resource/jquery/jquery-plugins.js?ln=primefaces&v=4.0 HTTP/1.1" 304 -
201.245.192.253 - - [16/Dec/2023:13:32:40 -0500] "POST /forms/lservlet;jsessionid=ac16012b30d665b9d6b5cea24731bd918aefbc6c9e46.e3iSbxaKaheRe34Qc38TbN0Nb41ynknvrkLOlQzNp65In0 HTTP/1.1" 200 2
216.245.221.92 - - [16/Dec/2023:13:32:49 -0500] "HEAD / HTTP/1.1" 200 -
216.244.66.195 - - [16/Dec/2023:13:32:50 -0500] "GET /BLA/resoluciones/AUTOS%202016/0707.pdf HTTP/1.1" 200 538001
216.244.66.195 - - [16/Dec/2023:13:33:41 -0500] "GET /BLA/resoluciones/AUTOS%202016/0807.pdf HTTP/1.1" 200 437509
201.245.192.253 - - [16/Dec/2023:13:33:51 -0500] "POST /kwsrmcab/Wsrmcab  HTTP/1.1" 200 37894
201.245.192.253 - - [16/Dec/2023:13:34:03 -0500] "POST /forms/lservlet;jsessionid=ac16012b30d68f87e6b31bdd4159a82faa45787d3329.e3iSbxaKaheRe34Qc38TbN0Nb41ynknvrkLOlQzNp65In0 HTTP/1.1" 200 2
216.244.66.195 - - [16/Dec/2023:13:34:18 -0500] "GET /BLA/resoluciones/AUTOS%202016/0938.pdf HTTP/1.1" 200 532538
200.118.59.55 - - [16/Dec/2023:13:34:26 -0500] "POST /sipse/faces/presentacion/financiero/solicitudProceso/consultarHistorialSolProceso.xhtml HTTP/1.1" 200 64065
200.118.59.55 - - [16/Dec/2023:13:34:28 -0500] "GET /sipse/faces/javax.faces.resource/theme.css?ln=primefaces-sipse HTTP/1.1" 304 -
200.118.59.55 - - [16/Dec/2023:13:34:28 -0500] "GET /sipse/faces/javax.faces.resource/primefaces.css?ln=primefaces&v=4.0 HTTP/1.1" 304 -
200.118.59.55 - - [16/Dec/2023:13:34:28 -0500] "GET /sipse/faces/javax.faces.resource/layout/layout.css?ln=primefaces&v=4.0 HTTP/1.1" 304 -
200.118.59.55 - - [16/Dec/2023:13:34:28 -0500] "GET /sipse/faces/javax.faces.resource/jquery/jquery.js?ln=primefaces&v=4.0 HTTP/1.1" 304 -
200.118.59.55 - - [16/Dec/2023:13:34:28 -0500] "GET /sipse/faces/javax.faces.resource/jquery/jquery-plugins.js?ln=primefaces&v=4.0 HTTP/1.1" 304 -
200.118.59.55 - - [16/Dec/2023:13:34:28 -0500] "GET /sipse/faces/javax.faces.resource/primefaces.js?ln=primefaces&v=4.0 HTTP/1.1" 304 -
200.118.59.55 - - [16/Dec/2023:13:34:28 -0500] "GET /sipse/faces/javax.faces.resource/layout/layout.js?ln=primefaces&v=4.0 HTTP/1.1" 304 -
200.118.59.55 - - [16/Dec/2023:13:34:28 -0500] "POST /sipse/faces/presentacion/financiero/solicitudProceso/listarSolicitudProceso.xhtml HTTP/1.1" 200 1556
200.118.59.55 - - [16/Dec/2023:13:34:30 -0500] "POST /sipse/faces/presentacion/financiero/solicitudProceso/listarSolicitudProceso.xhtml HTTP/1.1" 200 32030
200.118.59.55 - - [16/Dec/2023:13:34:31 -0500] "POST /sipse/faces/presentacion/financiero/solicitudProceso/listarSolicitudProceso.xhtml HTTP/1.1" 200 26519
201.245.192.253 - - [16/Dec/2023:13:34:40 -0500] "POST /forms/lservlet;jsessionid=ac16012b30d665b9d6b5cea24731bd918aefbc6c9e46.e3iSbxaKaheRe34Qc38TbN0Nb41ynknvrkLOlQzNp65In0 HTTP/1.1" 200 2
172.22.2.4 - - [16/Dec/2023:13:33:10 -0500] "HEAD /BLA/boletinlegal/ HTTP/1.1" 200 -
200.118.59.55 - - [16/Dec/2023:13:34:56 -0500] "POST /sipse/faces/presentacion/financiero/solicitudProceso/listarSolicitudProceso.xhtml HTTP/1.1" 200 59164
200.118.59.55 - - [16/Dec/2023:13:34:57 -0500] "GET /sipse/faces/javax.faces.resource/theme.css?ln=primefaces-sipse HTTP/1.1" 304 -
200.118.59.55 - - [16/Dec/2023:13:34:57 -0500] "GET /sipse/faces/javax.faces.resource/jquery/jquery.js?ln=primefaces&v=4.0 HTTP/1.1" 304 -
200.118.59.55 - - [16/Dec/2023:13:34:57 -0500] "GET /sipse/faces/javax.faces.resource/primefaces.css?ln=primefaces&v=4.0 HTTP/1.1" 304 -
200.118.59.55 - - [16/Dec/2023:13:34:57 -0500] "GET /sipse/faces/javax.faces.resource/layout/layout.css?ln=primefaces&v=4.0 HTTP/1.1" 304 -
200.118.59.55 - - [16/Dec/2023:13:34:57 -0500] "GET /sipse/faces/javax.faces.resource/jquery/jquery-plugins.js?ln=primefaces&v=4.0 HTTP/1.1" 304 -
200.118.59.55 - - [16/Dec/2023:13:34:57 -0500] "GET /sipse/faces/javax.faces.resource/primefaces.js?ln=primefaces&v=4.0 HTTP/1.1" 304 -
200.118.59.55 - - [16/Dec/2023:13:34:57 -0500] "GET /sipse/faces/javax.faces.resource/layout/layout.js?ln=primefaces&v=4.0 HTTP/1.1" 304 -
216.244.66.195 - - [16/Dec/2023:13:35:07 -0500] "GET /BLA/resoluciones/AUTOS%202016/0995.pdf HTTP/1.1" 200 481403
200.118.59.55 - - [16/Dec/2023:13:35:20 -0500] "POST /sipse/faces/presentacion/financiero/solicitudProceso/crearModificarSolicitudProceso.xhtml HTTP/1.1" 200 27322
172.22.2.4 - - [16/Dec/2023:13:34:01 -0500] "GET /BLA/boletinlegal/ HTTP/1.1" 200 58644
201.245.192.253 - - [16/Dec/2023:13:35:53 -0500] "POST /kwsrmcab/Wsrmcab HTTP/1.1" 200 37373
216.244.66.195 - - [16/Dec/2023:13:35:57 -0500] "GET /BLA/resoluciones/AUTOS%202016/1454.pdf HTTP/1.1" 200 471121
201.245.192.253 - - [16/Dec/2023:13:35:56 -0500] "POST /kwsrmcab/Wsrmcab HTTP/1.1" 200 39400
190.27.185.40 - - [16/Dec/2023:13:35:58 -0500] "POST /sipse/faces/presentacion/financiero/solicitudProceso/consultarSolicitudProceso.xhtml HTTP/1.1" 200 2209162
201.245.192.253 - - [16/Dec/2023:13:36:03 -0500] "POST /forms/lservlet;jsessionid=ac16012b30d68f87e6b31bdd4159a82faa45787d3329.e3iSbxaKaheRe34Qc38TbN0Nb41ynknvrkLOlQzNp65In0 HTTP/1.1" 200 2
190.27.185.40 - - [16/Dec/2023:13:36:04 -0500] "POST /sipse/faces/presentacion/financiero/solicitudProceso/consultarSolicitudProceso.xhtml HTTP/1.1" 200 215177
201.245.192.253 - - [16/Dec/2023:13:36:40 -0500] "POST /forms/lservlet;jsessionid=ac16012b30d665b9d6b5cea24731bd918aefbc6c9e46.e3iSbxaKaheRe34Qc38TbN0Nb41ynknvrkLOlQzNp65In0 HTTP/1.1" 200 2
216.244.66.195 - - [16/Dec/2023:13:36:42 -0500] "GET /BLA/resoluciones/AUTOS%202016/1541.pdf HTTP/1.1" 200 386382
200.118.59.55 - - [16/Dec/2023:13:37:20 -0500] "POST /sipse/faces/presentacion/financiero/solicitudProceso/crearModificarSolicitudProceso.xhtml HTTP/1.1" 200 9394
216.244.66.195 - - [16/Dec/2023:13:37:21 -0500] "GET /BLA/resoluciones/AUTOS%202016/1816.pdf HTTP/1.1" 200 337193
216.245.221.92 - - [16/Dec/2023:13:37:49 -0500] "HEAD / HTTP/1.1" 200 -
201.245.192.253 - - [16/Dec/2023:13:38:03 -0500] "POST /forms/lservlet;jsessionid=ac16012b30d68f87e6b31bdd4159a82faa45787d3329.e3iSbxaKaheRe34Qc38TbN0Nb41ynknvrkLOlQzNp65In0 HTTP/1.1" 200 2
216.244.66.195 - - [16/Dec/2023:13:38:10 -0500] "GET /BLA/resoluciones/AUTOS%202016/2169.pdf HTTP/1.1" 200 457896
201.245.192.253 - - [16/Dec/2023:13:38:40 -0500] "POST /forms/lservlet;jsessionid=ac16012b30d665b9d6b5cea24731bd918aefbc6c9e46.e3iSbxaKaheRe34Qc38TbN0Nb41ynknvrkLOlQzNp65In0 HTTP/1.1" 200 2
216.244.66.195 - - [16/Dec/2023:13:38:51 -0500] "GET /BLA/resoluciones/AUTOS%202016/2179.pdf HTTP/1.1" 200 342210
