186.31.211.143 - - [16/Dec/2023:16:40:56 -0500] "GET /sipse/faces/javax.faces.resource/layout/layout.js?ln=primefaces&v=4.0 HTTP/1.1" 304 -
186.31.211.143 - - [16/Dec/2023:16:40:56 -0500] "GET /sipse/faces/javax.faces.resource/jquery/jquery-plugins.js?ln=primefaces&v=4.0 HTTP/1.1" 304 -
186.31.211.143 - - [16/Dec/2023:16:40:56 -0500] "GET /sipse/faces/javax.faces.resource/primefaces.js?ln=primefaces&v=4.0 HTTP/1.1" 304 -
186.31.211.143 - - [16/Dec/2023:16:40:56 -0500] "GET /sipse/faces/javax.faces.resource/images/ui-icons_898989_256x240.png?ln=primefaces-aristo HTTP/1.1" 304 -
186.31.211.143 - - [16/Dec/2023:16:40:55 -0500] "POST /sipse/faces/presentacion/financiero/solicitudProceso/consultarHistorialSolProceso.xhtml HTTP/1.1" 200 166310
186.31.211.143 - - [16/Dec/2023:16:40:57 -0500] "GET /sipse/faces/javax.faces.resource/dynamiccontent.properties?ln=primefaces&pfdrid=XjOR5%2F%2FfPAZAuY9TpWQeCiM0BhlXxYRBGKi%2FQcXXfeA%3D&pfdrid_c=false HTTP/1.1" 500 383
186.31.211.143 - - [16/Dec/2023:16:40:57 -0500] "GET /sipse/faces/javax.faces.resource/dynamiccontent.properties?ln=primefaces&pfdrid=XjOR5%2F%2FfPAZAuY9TpWQeCiM0BhlXxYRBGKi%2FQcXXfeA%3D&pfdrid_c=false HTTP/1.1" 500 383
186.31.211.143 - - [16/Dec/2023:16:40:59 -0500] "POST /sipse/faces/presentacion/financiero/solicitudProceso/consultarSolicitudProceso.xhtml HTTP/1.1" 200 39317
186.31.211.143 - - [16/Dec/2023:16:41:00 -0500] "GET /sipse/faces/javax.faces.resource/primefaces.css?ln=primefaces&v=4.0 HTTP/1.1" 304 -
186.31.211.143 - - [16/Dec/2023:16:41:00 -0500] "GET /sipse/faces/javax.faces.resource/layout/layout.css?ln=primefaces&v=4.0 HTTP/1.1" 304 -
186.31.211.143 - - [16/Dec/2023:16:41:00 -0500] "GET /sipse/faces/javax.faces.resource/jquery/jquery.js?ln=primefaces&v=4.0 HTTP/1.1" 304 -
186.31.211.143 - - [16/Dec/2023:16:41:00 -0500] "GET /sipse/faces/javax.faces.resource/theme.css?ln=primefaces-sipse HTTP/1.1" 304 -
186.31.211.143 - - [16/Dec/2023:16:41:00 -0500] "GET /sipse/faces/javax.faces.resource/jquery/jquery-plugins.js?ln=primefaces&v=4.0 HTTP/1.1" 304 -
186.31.211.143 - - [16/Dec/2023:16:41:00 -0500] "GET /sipse/faces/javax.faces.resource/primefaces.js?ln=primefaces&v=4.0 HTTP/1.1" 304 -
186.31.211.143 - - [16/Dec/2023:16:41:00 -0500] "GET /sipse/faces/javax.faces.resource/layout/layout.js?ln=primefaces&v=4.0 HTTP/1.1" 304 -
186.31.211.143 - - [16/Dec/2023:16:41:00 -0500] "POST /sipse/faces/presentacion/financiero/solicitudProceso/listarSolicitudProceso.xhtml HTTP/1.1" 200 1420
186.31.211.143 - - [16/Dec/2023:16:41:07 -0500] "POST /sipse/faces/presentacion/financiero/solicitudProceso/listarSolicitudProceso.xhtml HTTP/1.1" 200 7493
186.31.211.143 - - [16/Dec/2023:16:41:07 -0500] "POST /sipse/faces/presentacion/financiero/solicitudProceso/listarSolicitudProceso.xhtml HTTP/1.1" 200 19232
186.31.211.143 - - [16/Dec/2023:16:41:07 -0500] "POST /sipse/faces/presentacion/financiero/solicitudProceso/listarSolicitudProceso.xhtml HTTP/1.1" 200 7493
186.31.211.143 - - [16/Dec/2023:16:41:17 -0500] "POST /sipse/faces/presentacion/financiero/solicitudProceso/listarSolicitudProceso.xhtml HTTP/1.1" 200 138405
186.31.211.143 - - [16/Dec/2023:16:41:18 -0500] "GET /sipse/faces/javax.faces.resource/theme.css?ln=primefaces-sipse HTTP/1.1" 304 -
186.31.211.143 - - [16/Dec/2023:16:41:18 -0500] "GET /sipse/faces/javax.faces.resource/primefaces.css?ln=primefaces&v=4.0 HTTP/1.1" 304 -
186.31.211.143 - - [16/Dec/2023:16:41:18 -0500] "GET /sipse/faces/javax.faces.resource/jquery/jquery.js?ln=primefaces&v=4.0 HTTP/1.1" 304 -
186.31.211.143 - - [16/Dec/2023:16:41:18 -0500] "GET /sipse/faces/javax.faces.resource/layout/layout.css?ln=primefaces&v=4.0 HTTP/1.1" 304 -
186.31.211.143 - - [16/Dec/2023:16:41:18 -0500] "GET /sipse/faces/javax.faces.resource/jquery/jquery-plugins.js?ln=primefaces&v=4.0 HTTP/1.1" 304 -
186.31.211.143 - - [16/Dec/2023:16:41:18 -0500] "GET /sipse/faces/javax.faces.resource/primefaces.js?ln=primefaces&v=4.0 HTTP/1.1" 304 -
186.31.211.143 - - [16/Dec/2023:16:41:18 -0500] "GET /sipse/faces/javax.faces.resource/layout/layout.js?ln=primefaces&v=4.0 HTTP/1.1" 304 -
186.31.211.143 - - [16/Dec/2023:16:41:19 -0500] "GET /sipse/faces/javax.faces.resource/dynamiccontent.properties?ln=primefaces&pfdrid=XjOR5%2F%2FfPAZAuY9TpWQeCiM0BhlXxYRBGKi%2FQcXXfeA%3D&pfdrid_c=false HTTP/1.1" 500 383
186.31.211.143 - - [16/Dec/2023:16:41:19 -0500] "GET /sipse/faces/javax.faces.resource/dynamiccontent.properties?ln=primefaces&pfdrid=XjOR5%2F%2FfPAZAuY9TpWQeCiM0BhlXxYRBGKi%2FQcXXfeA%3D&pfdrid_c=false HTTP/1.1" 500 383
186.31.211.143 - - [16/Dec/2023:16:41:23 -0500] "GET /sipse/faces/javax.faces.resource/images/ui-bg_flat_0_2d5972_40x100.png?ln=primefaces-aristo HTTP/1.1" 304 -
186.31.211.143 - - [16/Dec/2023:16:41:29 -0500] "GET /sipse/faces/javax.faces.resource/theme.css?ln=primefaces-sipse HTTP/1.1" 304 -
186.31.211.143 - - [16/Dec/2023:16:41:29 -0500] "GET /sipse/faces/javax.faces.resource/primefaces.js?ln=primefaces&v=4.0 HTTP/1.1" 304 -
186.31.211.143 - - [16/Dec/2023:16:41:29 -0500] "GET /sipse/faces/javax.faces.resource/primefaces.css?ln=primefaces&v=4.0 HTTP/1.1" 304 -
186.31.211.143 - - [16/Dec/2023:16:41:29 -0500] "GET /sipse/faces/javax.faces.resource/jquery/jquery.js?ln=primefaces&v=4.0 HTTP/1.1" 304 -
186.31.211.143 - - [16/Dec/2023:16:41:29 -0500] "GET /sipse/faces/javax.faces.resource/jquery/jquery-plugins.js?ln=primefaces&v=4.0 HTTP/1.1" 304 -
186.31.211.143 - - [16/Dec/2023:16:41:29 -0500] "GET /sipse/faces/javax.faces.resource/layout/layout.css?ln=primefaces&v=4.0 HTTP/1.1" 304 -
186.31.211.143 - - [16/Dec/2023:16:41:29 -0500] "GET /sipse/faces/javax.faces.resource/layout/layout.js?ln=primefaces&v=4.0 HTTP/1.1" 304 -
186.31.211.143 - - [16/Dec/2023:16:41:28 -0500] "POST /sipse/faces/presentacion/financiero/solicitudProceso/consultarSolicitudProceso.xhtml HTTP/1.1" 200 35697
186.31.211.143 - - [16/Dec/2023:16:41:29 -0500] "GET /sipse/faces/javax.faces.resource/images/ui-icons_898989_256x240.png?ln=primefaces-aristo HTTP/1.1" 304 -
172.22.2.4 - - [16/Dec/2023:16:39:50 -0500] "HEAD /BLA/boletinlegal/ HTTP/1.1" 200 -
186.31.211.143 - - [16/Dec/2023:16:41:39 -0500] "GET /sipse/faces/javax.faces.resource/images/ui-icons_898989_256x240.png?ln=primefaces-aristo HTTP/1.1" 304 -
186.31.211.143 - - [16/Dec/2023:16:41:47 -0500] "GET /sipse/faces/javax.faces.resource/primefaces.css?ln=primefaces&v=4.0 HTTP/1.1" 304 -
186.31.211.143 - - [16/Dec/2023:16:41:47 -0500] "GET /sipse/faces/javax.faces.resource/jquery/jquery-plugins.js?ln=primefaces&v=4.0 HTTP/1.1" 304 -
186.31.211.143 - - [16/Dec/2023:16:41:47 -0500] "GET /sipse/faces/javax.faces.resource/layout/layout.css?ln=primefaces&v=4.0 HTTP/1.1" 304 -
186.31.211.143 - - [16/Dec/2023:16:41:47 -0500] "GET /sipse/faces/javax.faces.resource/primefaces.js?ln=primefaces&v=4.0 HTTP/1.1" 304 -
186.31.211.143 - - [16/Dec/2023:16:41:47 -0500] "GET /sipse/faces/javax.faces.resource/jquery/jquery.js?ln=primefaces&v=4.0 HTTP/1.1" 304 -
186.31.211.143 - - [16/Dec/2023:16:41:47 -0500] "GET /sipse/faces/javax.faces.resource/layout/layout.js?ln=primefaces&v=4.0 HTTP/1.1" 304 -
186.31.211.143 - - [16/Dec/2023:16:41:46 -0500] "POST /sipse/faces/presentacion/financiero/solicitudProceso/consultarHistorialSolProceso.xhtml HTTP/1.1" 200 184343
186.31.211.143 - - [16/Dec/2023:16:42:01 -0500] "GET /sipse/faces/javax.faces.resource/theme.css?ln=primefaces-sipse HTTP/1.1" 304 -
186.31.211.143 - - [16/Dec/2023:16:42:01 -0500] "GET /sipse/faces/javax.faces.resource/images/ui-icons_898989_256x240.png?ln=primefaces-aristo HTTP/1.1" 304 -
186.31.211.143 - - [16/Dec/2023:16:42:01 -0500] "GET /sipse/faces/javax.faces.resource/dynamiccontent.properties?ln=primefaces&pfdrid=XjOR5%2F%2FfPAZAuY9TpWQeCiM0BhlXxYRBGKi%2FQcXXfeA%3D&pfdrid_c=false HTTP/1.1" 500 383
186.31.211.143 - - [16/Dec/2023:16:42:01 -0500] "GET /sipse/faces/javax.faces.resource/dynamiccontent.properties?ln=primefaces&pfdrid=XjOR5%2F%2FfPAZAuY9TpWQeCiM0BhlXxYRBGKi%2FQcXXfeA%3D&pfdrid_c=false HTTP/1.1" 500 383
201.245.192.253 - - [16/Dec/2023:16:42:04 -0500] "POST /forms/lservlet;jsessionid=ac16012b30d68f87e6b31bdd4159a82faa45787d3329.e3iSbxaKaheRe34Qc38TbN0Nb41ynknvrkLOlQzNp65In0 HTTP/1.1" 200 2
186.31.211.143 - - [16/Dec/2023:16:42:16 -0500] "GET /sipse/faces/javax.faces.resource/images/ui-bg_flat_0_2d5972_40x100.png?ln=primefaces-aristo HTTP/1.1" 304 -
186.31.211.143 - - [16/Dec/2023:16:42:16 -0500] "POST /sipse/faces/presentacion/financiero/solicitudProceso/consultarSolicitudProceso.xhtml HTTP/1.1" 200 39794
186.31.211.143 - - [16/Dec/2023:16:42:18 -0500] "GET /sipse/faces/javax.faces.resource/primefaces.css?ln=primefaces&v=4.0 HTTP/1.1" 304 -
186.31.211.143 - - [16/Dec/2023:16:42:18 -0500] "GET /sipse/faces/javax.faces.resource/jquery/jquery.js?ln=primefaces&v=4.0 HTTP/1.1" 304 -
186.31.211.143 - - [16/Dec/2023:16:42:18 -0500] "GET /sipse/faces/javax.faces.resource/layout/layout.css?ln=primefaces&v=4.0 HTTP/1.1" 304 -
186.31.211.143 - - [16/Dec/2023:16:42:18 -0500] "GET /sipse/faces/javax.faces.resource/jquery/jquery-plugins.js?ln=primefaces&v=4.0 HTTP/1.1" 304 -
186.31.211.143 - - [16/Dec/2023:16:42:18 -0500] "GET /sipse/faces/javax.faces.resource/primefaces.js?ln=primefaces&v=4.0 HTTP/1.1" 304 -
186.31.211.143 - - [16/Dec/2023:16:42:18 -0500] "GET /sipse/faces/javax.faces.resource/layout/layout.js?ln=primefaces&v=4.0 HTTP/1.1" 304 -
186.31.211.143 - - [16/Dec/2023:16:42:18 -0500] "GET /sipse/faces/javax.faces.resource/messages/messages.png?ln=primefaces&v=4.0 HTTP/1.1" 304 -
186.31.211.143 - - [16/Dec/2023:16:42:18 -0500] "POST /sipse/faces/presentacion/financiero/solicitudProceso/listarSolicitudProceso.xhtml HTTP/1.1" 200 1420
172.22.2.4 - - [16/Dec/2023:16:40:41 -0500] "GET /BLA/boletinlegal/ HTTP/1.1" 200 60634
201.245.192.253 - - [16/Dec/2023:16:42:41 -0500] "POST /forms/lservlet;jsessionid=ac16012b30d665b9d6b5cea24731bd918aefbc6c9e46.e3iSbxaKaheRe34Qc38TbN0Nb41ynknvrkLOlQzNp65In0 HTTP/1.1" 200 2
216.245.221.92 - - [16/Dec/2023:16:42:49 -0500] "HEAD / HTTP/1.1" 200 -
201.245.192.253 - - [16/Dec/2023:16:42:56 -0500] "POST /kwsrmcab/Wsrmcab  HTTP/1.1" 200 37894
201.245.192.253 - - [16/Dec/2023:16:44:04 -0500] "POST /forms/lservlet;jsessionid=ac16012b30d68f87e6b31bdd4159a82faa45787d3329.e3iSbxaKaheRe34Qc38TbN0Nb41ynknvrkLOlQzNp65In0 HTTP/1.1" 200 2
201.245.192.253 - - [16/Dec/2023:16:44:41 -0500] "POST /forms/lservlet;jsessionid=ac16012b30d665b9d6b5cea24731bd918aefbc6c9e46.e3iSbxaKaheRe34Qc38TbN0Nb41ynknvrkLOlQzNp65In0 HTTP/1.1" 200 2
201.245.192.253 - - [16/Dec/2023:16:46:05 -0500] "POST /forms/lservlet;jsessionid=ac16012b30d68f87e6b31bdd4159a82faa45787d3329.e3iSbxaKaheRe34Qc38TbN0Nb41ynknvrkLOlQzNp65In0 HTTP/1.1" 200 2
201.245.192.253 - - [16/Dec/2023:16:46:42 -0500] "POST /forms/lservlet;jsessionid=ac16012b30d665b9d6b5cea24731bd918aefbc6c9e46.e3iSbxaKaheRe34Qc38TbN0Nb41ynknvrkLOlQzNp65In0 HTTP/1.1" 200 2
172.22.2.4 - - [16/Dec/2023:16:45:40 -0500] "HEAD /BLA/boletinlegal/ HTTP/1.1" 200 -
216.245.221.92 - - [16/Dec/2023:16:47:49 -0500] "HEAD / HTTP/1.1" 200 -
201.245.192.253 - - [16/Dec/2023:16:47:55 -0500] "POST /kwsrmcab/Wsrmcab  HTTP/1.1" 200 37894
201.245.192.253 - - [16/Dec/2023:16:48:05 -0500] "POST /forms/lservlet;jsessionid=ac16012b30d68f87e6b31bdd4159a82faa45787d3329.e3iSbxaKaheRe34Qc38TbN0Nb41ynknvrkLOlQzNp65In0 HTTP/1.1" 200 2
172.22.2.4 - - [16/Dec/2023:16:46:31 -0500] "GET /BLA/boletinlegal/ HTTP/1.1" 200 58294
201.245.192.253 - - [16/Dec/2023:16:48:42 -0500] "POST /forms/lservlet;jsessionid=ac16012b30d665b9d6b5cea24731bd918aefbc6c9e46.e3iSbxaKaheRe34Qc38TbN0Nb41ynknvrkLOlQzNp65In0 HTTP/1.1" 200 2
201.245.192.253 - - [16/Dec/2023:16:50:05 -0500] "POST /forms/lservlet;jsessionid=ac16012b30d68f87e6b31bdd4159a82faa45787d3329.e3iSbxaKaheRe34Qc38TbN0Nb41ynknvrkLOlQzNp65In0 HTTP/1.1" 200 2
201.245.192.253 - - [16/Dec/2023:16:50:42 -0500] "POST /forms/lservlet;jsessionid=ac16012b30d665b9d6b5cea24731bd918aefbc6c9e46.e3iSbxaKaheRe34Qc38TbN0Nb41ynknvrkLOlQzNp65In0 HTTP/1.1" 200 2
201.245.192.253 - - [16/Dec/2023:16:52:05 -0500] "POST /forms/lservlet;jsessionid=ac16012b30d68f87e6b31bdd4159a82faa45787d3329.e3iSbxaKaheRe34Qc38TbN0Nb41ynknvrkLOlQzNp65In0 HTTP/1.1" 200 2
168.119.253.13 - - [16/Dec/2023:16:52:17 -0500] "GET / HTTP/1.1" 200 4720
168.119.253.13 - - [16/Dec/2023:16:52:19 -0500] "GET / HTTP/1.1" 200 319
201.245.192.253 - - [16/Dec/2023:16:52:42 -0500] "POST /forms/lservlet;jsessionid=ac16012b30d665b9d6b5cea24731bd918aefbc6c9e46.e3iSbxaKaheRe34Qc38TbN0Nb41ynknvrkLOlQzNp65In0 HTTP/1.1" 200 2
216.245.221.92 - - [16/Dec/2023:16:52:49 -0500] "HEAD / HTTP/1.1" 200 -
201.245.192.253 - - [16/Dec/2023:16:52:54 -0500] "POST /kwsrmcab/Wsrmcab  HTTP/1.1" 200 37894
172.22.2.4 - - [16/Dec/2023:16:51:30 -0500] "HEAD /BLA/boletinlegal/ HTTP/1.1" 200 -
172.22.2.4 - - [16/Dec/2023:16:52:21 -0500] "GET /BLA/boletinlegal/ HTTP/1.1" 200 58644
201.245.192.253 - - [16/Dec/2023:16:54:05 -0500] "POST /forms/lservlet;jsessionid=ac16012b30d68f87e6b31bdd4159a82faa45787d3329.e3iSbxaKaheRe34Qc38TbN0Nb41ynknvrkLOlQzNp65In0 HTTP/1.1" 200 2
66.249.66.19 - - [16/Dec/2023:16:54:20 -0500] "GET /BLA/resoluciones/RESOLUCIONES%202017/1659.pdf HTTP/1.1" 304 -
201.245.192.253 - - [16/Dec/2023:16:54:42 -0500] "POST /forms/lservlet;jsessionid=ac16012b30d665b9d6b5cea24731bd918aefbc6c9e46.e3iSbxaKaheRe34Qc38TbN0Nb41ynknvrkLOlQzNp65In0 HTTP/1.1" 200 2
201.245.192.253 - - [16/Dec/2023:16:56:05 -0500] "POST /forms/lservlet;jsessionid=ac16012b30d68f87e6b31bdd4159a82faa45787d3329.e3iSbxaKaheRe34Qc38TbN0Nb41ynknvrkLOlQzNp65In0 HTTP/1.1" 200 2
201.245.192.253 - - [16/Dec/2023:16:56:42 -0500] "POST /forms/lservlet;jsessionid=ac16012b30d665b9d6b5cea24731bd918aefbc6c9e46.e3iSbxaKaheRe34Qc38TbN0Nb41ynknvrkLOlQzNp65In0 HTTP/1.1" 200 2
186.85.234.113 - - [16/Dec/2023:16:57:06 -0500] "GET /sipse/faces/javax.faces.resource/theme.css?ln=primefaces-sipse HTTP/1.1" 304 -
186.85.234.113 - - [16/Dec/2023:16:57:06 -0500] "GET /sipse/faces/faces/autenticacion.xhtml HTTP/1.1" 200 12407
186.85.234.113 - - [16/Dec/2023:16:57:06 -0500] "GET /sipse/faces/javax.faces.resource/theme.css?ln=primefaces-sipse HTTP/1.1" 304 -
186.85.234.113 - - [16/Dec/2023:16:57:06 -0500] "GET /sipse/faces/javax.faces.resource/primefaces.css?ln=primefaces&v=4.0 HTTP/1.1" 304 -
186.85.234.113 - - [16/Dec/2023:16:57:06 -0500] "GET /sipse/faces/javax.faces.resource/layout/layout.css?ln=primefaces&v=4.0 HTTP/1.1" 304 -
186.85.234.113 - - [16/Dec/2023:16:57:06 -0500] "GET /sipse/faces/javax.faces.resource/jquery/jquery.js?ln=primefaces&v=4.0 HTTP/1.1" 304 -
186.85.234.113 - - [16/Dec/2023:16:57:06 -0500] "GET /sipse/faces/javax.faces.resource/layout/layout.js?ln=primefaces&v=4.0 HTTP/1.1" 304 -
186.85.234.113 - - [16/Dec/2023:16:57:06 -0500] "GET /sipse/faces/javax.faces.resource/jquery/jquery-plugins.js?ln=primefaces&v=4.0 HTTP/1.1" 304 -
186.85.234.113 - - [16/Dec/2023:16:57:06 -0500] "GET /sipse/faces/javax.faces.resource/primefaces.js?ln=primefaces&v=4.0 HTTP/1.1" 304 -
186.85.234.113 - - [16/Dec/2023:16:57:07 -0500] "GET /sipse/faces/javax.faces.resource/images/ui-icons_898989_256x240.png?ln=primefaces-aristo HTTP/1.1" 304 -
216.245.221.92 - - [16/Dec/2023:16:57:49 -0500] "HEAD / HTTP/1.1" 200 -
201.245.192.253 - - [16/Dec/2023:16:57:53 -0500] "POST /kwsrmcab/Wsrmcab  HTTP/1.1" 200 37894
201.245.192.253 - - [16/Dec/2023:16:58:05 -0500] "POST /forms/lservlet;jsessionid=ac16012b30d68f87e6b31bdd4159a82faa45787d3329.e3iSbxaKaheRe34Qc38TbN0Nb41ynknvrkLOlQzNp65In0 HTTP/1.1" 200 2
201.245.192.253 - - [16/Dec/2023:16:58:42 -0500] "POST /forms/lservlet;jsessionid=ac16012b30d665b9d6b5cea24731bd918aefbc6c9e46.e3iSbxaKaheRe34Qc38TbN0Nb41ynknvrkLOlQzNp65In0 HTTP/1.1" 200 2
172.22.2.4 - - [16/Dec/2023:16:57:20 -0500] "HEAD /BLA/boletinlegal/ HTTP/1.1" 200 -
172.22.2.4 - - [16/Dec/2023:16:58:11 -0500] "GET /BLA/boletinlegal/ HTTP/1.1" 200 60634
201.245.192.253 - - [16/Dec/2023:17:00:05 -0500] "POST /forms/lservlet;jsessionid=ac16012b30d68f87e6b31bdd4159a82faa45787d3329.e3iSbxaKaheRe34Qc38TbN0Nb41ynknvrkLOlQzNp65In0 HTTP/1.1" 200 2
201.245.192.253 - - [16/Dec/2023:17:00:42 -0500] "POST /forms/lservlet;jsessionid=ac16012b30d665b9d6b5cea24731bd918aefbc6c9e46.e3iSbxaKaheRe34Qc38TbN0Nb41ynknvrkLOlQzNp65In0 HTTP/1.1" 200 2
201.245.192.253 - - [16/Dec/2023:17:02:05 -0500] "POST /forms/lservlet;jsessionid=ac16012b30d68f87e6b31bdd4159a82faa45787d3329.e3iSbxaKaheRe34Qc38TbN0Nb41ynknvrkLOlQzNp65In0 HTTP/1.1" 200 2
201.245.192.253 - - [16/Dec/2023:17:02:42 -0500] "POST /forms/lservlet;jsessionid=ac16012b30d665b9d6b5cea24731bd918aefbc6c9e46.e3iSbxaKaheRe34Qc38TbN0Nb41ynknvrkLOlQzNp65In0 HTTP/1.1" 200 2
216.245.221.92 - - [16/Dec/2023:17:02:49 -0500] "HEAD / HTTP/1.1" 200 -
201.245.192.253 - - [16/Dec/2023:17:02:52 -0500] "POST /kwsrmcab/Wsrmcab  HTTP/1.1" 200 37894
172.22.2.4 - - [16/Dec/2023:17:03:01 -0500] "GET /BLA/boletinlegal/Circulares/2023/CIRCULAR%20No.%2000006%20DEL%2013%20DE%20JULIO%20DEL%202023.pdf HTTP/1.1" 200 375301
216.244.66.195 - - [16/Dec/2023:17:03:08 -0500] "GET /BLA/resoluciones/index.php?dir=RESOLUCIONES+2022%2F HTTP/1.1" 200 324879
201.245.192.253 - - [16/Dec/2023:17:04:05 -0500] "POST /forms/lservlet;jsessionid=ac16012b30d68f87e6b31bdd4159a82faa45787d3329.e3iSbxaKaheRe34Qc38TbN0Nb41ynknvrkLOlQzNp65In0 HTTP/1.1" 200 2
201.245.192.253 - - [16/Dec/2023:17:04:26 -0500] "GET /appsia/controlador HTTP/1.1" 200 4799
201.245.192.253 - - [16/Dec/2023:17:04:26 -0500] "GET /appsia/css/estilos.css HTTP/1.1" 200 4804
201.245.192.253 - - [16/Dec/2023:17:04:26 -0500] "GET /appsia/scripts/validarIngreso.js HTTP/1.1" 200 851
201.245.192.253 - - [16/Dec/2023:17:04:26 -0500] "GET /appsia/images/logo_bogota_p.png HTTP/1.1" 200 14951
201.245.192.253 - - [16/Dec/2023:17:04:26 -0500] "GET /appsia/images/cabezoteHojaVida.png HTTP/1.1" 200 32493
201.245.192.253 - - [16/Dec/2023:17:04:26 -0500] "GET /favicon.ico HTTP/1.1" 200 7782
201.245.192.253 - - [16/Dec/2023:17:04:38 -0500] "POST /appsia/controlador HTTP/1.1" 200 5437
201.245.192.253 - - [16/Dec/2023:17:04:42 -0500] "POST /forms/lservlet;jsessionid=ac16012b30d665b9d6b5cea24731bd918aefbc6c9e46.e3iSbxaKaheRe34Qc38TbN0Nb41ynknvrkLOlQzNp65In0 HTTP/1.1" 200 2
201.245.192.253 - - [16/Dec/2023:17:04:43 -0500] "POST /appsia/controlador HTTP/1.1" 200 7773
201.245.192.253 - - [16/Dec/2023:17:04:46 -0500] "POST /appsia/controlador HTTP/1.1" 200 6638
201.245.192.253 - - [16/Dec/2023:17:04:47 -0500] "POST /appsia/controlador HTTP/1.1" 200 11665
172.22.2.4 - - [16/Dec/2023:17:03:10 -0500] "HEAD /BLA/boletinlegal/ HTTP/1.1" 200 -
201.245.192.253 - - [16/Dec/2023:17:05:14 -0500] "POST /appsia/controlador HTTP/1.1" 200 75976
172.22.2.4 - - [16/Dec/2023:17:04:00 -0500] "GET /BLA/boletinlegal/ HTTP/1.1" 200 60634
201.245.192.253 - - [16/Dec/2023:17:06:05 -0500] "POST /forms/lservlet;jsessionid=ac16012b30d68f87e6b31bdd4159a82faa45787d3329.e3iSbxaKaheRe34Qc38TbN0Nb41ynknvrkLOlQzNp65In0 HTTP/1.1" 200 2
201.245.192.253 - - [16/Dec/2023:17:06:20 -0500] "POST /appsia/controlador HTTP/1.1" 200 7773
201.245.192.253 - - [16/Dec/2023:17:06:25 -0500] "POST /appsia/controlador HTTP/1.1" 200 6638
201.245.192.253 - - [16/Dec/2023:17:06:26 -0500] "POST /appsia/controlador HTTP/1.1" 200 11275
201.245.192.253 - - [16/Dec/2023:17:06:29 -0500] "POST /appsia/controlador HTTP/1.1" 200 75936
201.245.192.253 - - [16/Dec/2023:17:06:42 -0500] "POST /forms/lservlet;jsessionid=ac16012b30d665b9d6b5cea24731bd918aefbc6c9e46.e3iSbxaKaheRe34Qc38TbN0Nb41ynknvrkLOlQzNp65In0 HTTP/1.1" 200 2
216.244.66.195 - - [16/Dec/2023:17:07:03 -0500] "GET /BLA/resoluciones/AUTOS%202016/2927.pdf HTTP/1.1" 200 356878
216.245.221.92 - - [16/Dec/2023:17:07:49 -0500] "HEAD / HTTP/1.1" 200 -
201.245.192.253 - - [16/Dec/2023:17:07:51 -0500] "POST /kwsrmcab/Wsrmcab  HTTP/1.1" 200 37894
201.245.192.253 - - [16/Dec/2023:17:08:05 -0500] "POST /forms/lservlet;jsessionid=ac16012b30d68f87e6b31bdd4159a82faa45787d3329.e3iSbxaKaheRe34Qc38TbN0Nb41ynknvrkLOlQzNp65In0 HTTP/1.1" 200 2
216.244.66.195 - - [16/Dec/2023:17:08:22 -0500] "GET /BLA/resoluciones/AUTOS%202019/0022.pdf HTTP/1.1" 200 249137
201.245.192.253 - - [16/Dec/2023:17:08:42 -0500] "POST /forms/lservlet;jsessionid=ac16012b30d665b9d6b5cea24731bd918aefbc6c9e46.e3iSbxaKaheRe34Qc38TbN0Nb41ynknvrkLOlQzNp65In0 HTTP/1.1" 200 2
216.244.66.195 - - [16/Dec/2023:17:09:04 -0500] "GET /BLA/resoluciones/RESOLUCIONES%202023/0323.pdf HTTP/1.1" 200 500108
216.244.66.195 - - [16/Dec/2023:17:09:54 -0500] "GET /BLA/resoluciones/RESOLUCIONES%202023/1209.pdf HTTP/1.1" 200 389830
201.245.192.253 - - [16/Dec/2023:17:10:05 -0500] "POST /forms/lservlet;jsessionid=ac16012b30d68f87e6b31bdd4159a82faa45787d3329.e3iSbxaKaheRe34Qc38TbN0Nb41ynknvrkLOlQzNp65In0 HTTP/1.1" 200 2
186.30.49.182 - - [16/Dec/2023:17:10:23 -0500] "GET /appsia/controlador HTTP/1.1" 200 4799
186.30.49.182 - - [16/Dec/2023:17:10:23 -0500] "GET /appsia/css/estilos.css HTTP/1.1" 200 4804
186.30.49.182 - - [16/Dec/2023:17:10:23 -0500] "GET /appsia/scripts/validarIngreso.js HTTP/1.1" 200 851
186.30.49.182 - - [16/Dec/2023:17:10:23 -0500] "GET /appsia/images/logo_bogota_p.png HTTP/1.1" 200 14951
186.30.49.182 - - [16/Dec/2023:17:10:23 -0500] "GET /appsia/images/cabezoteHojaVida.png HTTP/1.1" 200 32493
186.30.49.182 - - [16/Dec/2023:17:10:23 -0500] "GET /favicon.ico HTTP/1.1" 200 7782
172.22.2.4 - - [16/Dec/2023:17:09:00 -0500] "HEAD /BLA/boletinlegal/ HTTP/1.1" 200 -
201.245.192.253 - - [16/Dec/2023:17:10:42 -0500] "POST /forms/lservlet;jsessionid=ac16012b30d665b9d6b5cea24731bd918aefbc6c9e46.e3iSbxaKaheRe34Qc38TbN0Nb41ynknvrkLOlQzNp65In0 HTTP/1.1" 200 2
216.244.66.195 - - [16/Dec/2023:17:10:43 -0500] "GET /BLA/resoluciones/RESOLUCIONES%202023/1456.pdf HTTP/1.1" 200 481965
186.30.49.182 - - [16/Dec/2023:17:10:51 -0500] "POST /appsia/controlador HTTP/1.1" 200 5437
186.30.49.182 - - [16/Dec/2023:17:10:53 -0500] "POST /appsia/controlador HTTP/1.1" 200 5437
200.29.113.39 - - [16/Dec/2023:17:10:55 -0500] "GET /appsia/controlador HTTP/1.1" 200 4799
200.29.113.39 - - [16/Dec/2023:17:10:56 -0500] "GET /appsia/css/estilos.css HTTP/1.1" 200 4804
200.29.113.39 - - [16/Dec/2023:17:10:56 -0500] "GET /appsia/scripts/validarIngreso.js HTTP/1.1" 200 851
200.29.113.39 - - [16/Dec/2023:17:10:57 -0500] "GET /appsia/images/logo_bogota_p.png HTTP/1.1" 200 14951
200.29.113.39 - - [16/Dec/2023:17:10:57 -0500] "GET /appsia/images/cabezoteHojaVida.png HTTP/1.1" 200 32493
186.30.49.182 - - [16/Dec/2023:17:10:59 -0500] "POST /appsia/controlador HTTP/1.1" 200 7785
186.30.49.182 - - [16/Dec/2023:17:11:05 -0500] "POST /appsia/controlador HTTP/1.1" 200 6650
186.30.49.182 - - [16/Dec/2023:17:11:07 -0500] "POST /appsia/controlador HTTP/1.1" 200 11705
216.244.66.195 - - [16/Dec/2023:17:11:30 -0500] "GET /BLA/resoluciones/RESOLUCIONES%202023/2408.pdf HTTP/1.1" 200 341985
172.22.2.4 - - [16/Dec/2023:17:09:50 -0500] "GET /BLA/boletinlegal/ HTTP/1.1" 200 57881
66.249.66.21 - - [16/Dec/2023:17:11:55 -0500] "GET /BLA/resoluciones/RESOLUCIONES%202008/0569.pdf HTTP/1.1" 200 115575
201.245.192.253 - - [16/Dec/2023:17:12:05 -0500] "POST /forms/lservlet;jsessionid=ac16012b30d68f87e6b31bdd4159a82faa45787d3329.e3iSbxaKaheRe34Qc38TbN0Nb41ynknvrkLOlQzNp65In0 HTTP/1.1" 200 2
216.244.66.195 - - [16/Dec/2023:17:12:19 -0500] "GET /BLA/resoluciones/RESOLUCIONES%202001/1373.pdf HTTP/1.1" 200 253619
191.156.149.84 - - [16/Dec/2023:17:12:26 -0500] "POST /sipse/faces/presentacion/financiero/solicitudProceso/consultarSolicitudProceso.xhtml HTTP/1.1" 200 36325
191.156.149.84 - - [16/Dec/2023:17:12:30 -0500] "GET /sipse/faces/javax.faces.resource/theme.css?ln=primefaces-sipse HTTP/1.1" 304 -
191.156.152.187 - - [16/Dec/2023:17:12:30 -0500] "GET /sipse/faces/javax.faces.resource/primefaces.css?ln=primefaces&v=4.0 HTTP/1.1" 304 -
191.156.158.133 - - [16/Dec/2023:17:12:30 -0500] "GET /sipse/faces/javax.faces.resource/layout/layout.css?ln=primefaces&v=4.0 HTTP/1.1" 304 -
191.156.149.84 - - [16/Dec/2023:17:12:30 -0500] "GET /sipse/faces/javax.faces.resource/jquery/jquery.js?ln=primefaces&v=4.0 HTTP/1.1" 304 -
191.156.149.84 - - [16/Dec/2023:17:12:31 -0500] "GET /sipse/faces/javax.faces.resource/jquery/jquery-plugins.js?ln=primefaces&v=4.0 HTTP/1.1" 304 -
191.156.149.84 - - [16/Dec/2023:17:12:31 -0500] "GET /sipse/css/imagen/contrasena.png HTTP/1.1" 404 383
191.156.149.84 - - [16/Dec/2023:17:12:31 -0500] "GET /sipse/faces/javax.faces.resource/primefaces.js?ln=primefaces&v=4.0 HTTP/1.1" 304 -
191.156.149.84 - - [16/Dec/2023:17:12:31 -0500] "GET /sipse/faces/javax.faces.resource/layout/layout.js?ln=primefaces&v=4.0 HTTP/1.1" 304 -
66.249.66.19 - - [16/Dec/2023:17:12:33 -0500] "GET /BLA/resoluciones/AUTOS%202008/0388.pdf HTTP/1.1" 200 244947
191.156.149.84 - - [16/Dec/2023:17:12:31 -0500] "POST /sipse/faces/presentacion/financiero/solicitudProceso/listarSolicitudProceso.xhtml HTTP/1.1" 200 29595
191.156.149.84 - - [16/Dec/2023:17:12:34 -0500] "POST /sipse/faces/presentacion/financiero/solicitudProceso/listarSolicitudProceso.xhtml HTTP/1.1" 200 29595
201.245.192.253 - - [16/Dec/2023:17:12:42 -0500] "POST /forms/lservlet;jsessionid=ac16012b30d665b9d6b5cea24731bd918aefbc6c9e46.e3iSbxaKaheRe34Qc38TbN0Nb41ynknvrkLOlQzNp65In0 HTTP/1.1" 200 2
216.245.221.92 - - [16/Dec/2023:17:12:49 -0500] "HEAD / HTTP/1.1" 200 -
201.245.192.253 - - [16/Dec/2023:17:12:50 -0500] "POST /kwsrmcab/Wsrmcab  HTTP/1.1" 200 37894
216.244.66.195 - - [16/Dec/2023:17:13:00 -0500] "GET /BLA/resoluciones/RESOLUCIONES%202016/0268.pdf HTTP/1.1" 200 884013
191.156.152.187 - - [16/Dec/2023:17:13:07 -0500] "POST /sipse/faces/presentacion/financiero/solicitudProceso/listarSolicitudProceso.xhtml HTTP/1.1" 200 1396
191.156.152.187 - - [16/Dec/2023:17:13:07 -0500] "POST /sipse/faces/presentacion/financiero/solicitudProceso/listarSolicitudProceso.xhtml HTTP/1.1" 200 1392
191.156.152.187 - - [16/Dec/2023:17:13:07 -0500] "POST /sipse/faces/presentacion/financiero/solicitudProceso/listarSolicitudProceso.xhtml HTTP/1.1" 200 32096
191.156.152.187 - - [16/Dec/2023:17:13:08 -0500] "POST /sipse/faces/presentacion/financiero/solicitudProceso/listarSolicitudProceso.xhtml HTTP/1.1" 200 43993
191.156.152.187 - - [16/Dec/2023:17:13:12 -0500] "POST /sipse/faces/presentacion/financiero/solicitudProceso/listarSolicitudProceso.xhtml HTTP/1.1" 200 4879
191.156.152.187 - - [16/Dec/2023:17:13:16 -0500] "POST /sipse/faces/presentacion/financiero/solicitudProceso/listarSolicitudProceso.xhtml HTTP/1.1" 200 165131
191.156.152.187 - - [16/Dec/2023:17:13:18 -0500] "GET /sipse/faces/javax.faces.resource/theme.css?ln=primefaces-sipse HTTP/1.1" 304 -
191.156.153.107 - - [16/Dec/2023:17:13:18 -0500] "GET /sipse/faces/javax.faces.resource/jquery/jquery.js?ln=primefaces&v=4.0 HTTP/1.1" 304 -
191.156.152.187 - - [16/Dec/2023:17:13:18 -0500] "GET /sipse/faces/javax.faces.resource/layout/layout.css?ln=primefaces&v=4.0 HTTP/1.1" 304 -
191.156.150.169 - - [16/Dec/2023:17:13:18 -0500] "GET /sipse/faces/javax.faces.resource/primefaces.css?ln=primefaces&v=4.0 HTTP/1.1" 304 -
191.156.150.169 - - [16/Dec/2023:17:13:18 -0500] "GET /sipse/faces/javax.faces.resource/jquery/jquery-plugins.js?ln=primefaces&v=4.0 HTTP/1.1" 304 -
191.156.150.169 - - [16/Dec/2023:17:13:18 -0500] "GET /sipse/faces/javax.faces.resource/primefaces.js?ln=primefaces&v=4.0 HTTP/1.1" 304 -
191.156.150.169 - - [16/Dec/2023:17:13:18 -0500] "GET /sipse/faces/javax.faces.resource/layout/layout.js?ln=primefaces&v=4.0 HTTP/1.1" 304 -
191.156.150.169 - - [16/Dec/2023:17:13:20 -0500] "GET /sipse/faces/javax.faces.resource/dynamiccontent.properties?ln=primefaces&pfdrid=XjOR5%2F%2FfPAZAuY9TpWQeCiM0BhlXxYRBGKi%2FQcXXfeA%3D&pfdrid_c=false HTTP/1.1" 500 383
191.156.152.8 - - [16/Dec/2023:17:13:45 -0500] "POST /sipse/faces/presentacion/financiero/solicitudProceso/consultarSolicitudProceso.xhtml HTTP/1.1" 200 61848
216.244.66.195 - - [16/Dec/2023:17:13:50 -0500] "GET /BLA/resoluciones/RESOLUCIONES%202016/0484.pdf HTTP/1.1" 200 484804
201.245.192.253 - - [16/Dec/2023:17:14:05 -0500] "POST /forms/lservlet;jsessionid=ac16012b30d68f87e6b31bdd4159a82faa45787d3329.e3iSbxaKaheRe34Qc38TbN0Nb41ynknvrkLOlQzNp65In0 HTTP/1.1" 200 2
66.249.66.19 - - [16/Dec/2023:17:14:11 -0500] "GET /resoluciones/RESOLUCIONES%202008/3902.pdf HTTP/1.1" 404 1018
216.244.66.195 - - [16/Dec/2023:17:14:40 -0500] "GET /BLA/resoluciones/RESOLUCIONES%202016/0842.pdf HTTP/1.1" 200 403234
201.245.192.253 - - [16/Dec/2023:17:14:42 -0500] "POST /forms/lservlet;jsessionid=ac16012b30d665b9d6b5cea24731bd918aefbc6c9e46.e3iSbxaKaheRe34Qc38TbN0Nb41ynknvrkLOlQzNp65In0 HTTP/1.1" 200 2
68.69.186.30 - - [16/Dec/2023:17:15:09 -0500] "GET / HTTP/1.1" 200 319
68.69.186.30 - - [16/Dec/2023:17:15:09 -0500] "GET ../../proc/ HTTP" 400 946
216.244.66.195 - - [16/Dec/2023:17:15:33 -0500] "GET /BLA/resoluciones/RESOLUCIONES%202016/1231.pdf HTTP/1.1" 200 2224541
201.245.192.253 - - [16/Dec/2023:17:15:52 -0500] "POST /kwsrmcab/Wsrmcab HTTP/1.1" 200 38471
201.245.192.253 - - [16/Dec/2023:17:15:55 -0500] "POST /kwsrmcab/Wsrmcab HTTP/1.1" 200 39421
201.245.192.253 - - [16/Dec/2023:17:16:05 -0500] "POST /forms/lservlet;jsessionid=ac16012b30d68f87e6b31bdd4159a82faa45787d3329.e3iSbxaKaheRe34Qc38TbN0Nb41ynknvrkLOlQzNp65In0 HTTP/1.1" 200 2
216.244.66.195 - - [16/Dec/2023:17:16:26 -0500] "GET /BLA/resoluciones/RESOLUCIONES%202016/1251.pdf HTTP/1.1" 200 441101
172.22.2.4 - - [16/Dec/2023:17:14:50 -0500] "HEAD /BLA/boletinlegal/ HTTP/1.1" 200 -
201.245.192.253 - - [16/Dec/2023:17:16:42 -0500] "POST /forms/lservlet;jsessionid=ac16012b30d665b9d6b5cea24731bd918aefbc6c9e46.e3iSbxaKaheRe34Qc38TbN0Nb41ynknvrkLOlQzNp65In0 HTTP/1.1" 200 2
191.156.152.187 - - [16/Dec/2023:17:17:08 -0500] "POST /sipse/faces/presentacion/financiero/solicitudProceso/consultarSolicitudProceso.xhtml HTTP/1.1" 200 36729
191.156.152.187 - - [16/Dec/2023:17:17:12 -0500] "GET /sipse/faces/javax.faces.resource/theme.css?ln=primefaces-sipse HTTP/1.1" 304 -
191.156.148.1 - - [16/Dec/2023:17:17:12 -0500] "GET /sipse/faces/javax.faces.resource/jquery/jquery.js?ln=primefaces&v=4.0 HTTP/1.1" 304 -
191.156.152.187 - - [16/Dec/2023:17:17:12 -0500] "GET /sipse/faces/javax.faces.resource/primefaces.css?ln=primefaces&v=4.0 HTTP/1.1" 304 -
191.156.152.187 - - [16/Dec/2023:17:17:12 -0500] "GET /sipse/faces/javax.faces.resource/jquery/jquery-plugins.js?ln=primefaces&v=4.0 HTTP/1.1" 304 -
191.156.152.187 - - [16/Dec/2023:17:17:12 -0500] "GET /sipse/faces/javax.faces.resource/primefaces.js?ln=primefaces&v=4.0 HTTP/1.1" 304 -
191.156.152.187 - - [16/Dec/2023:17:17:12 -0500] "GET /sipse/faces/javax.faces.resource/layout/layout.js?ln=primefaces&v=4.0 HTTP/1.1" 304 -
191.156.152.187 - - [16/Dec/2023:17:17:12 -0500] "GET /sipse/faces/javax.faces.resource/layout/layout.css?ln=primefaces&v=4.0 HTTP/1.1" 304 -
191.156.152.187 - - [16/Dec/2023:17:17:12 -0500] "POST /sipse/faces/presentacion/financiero/solicitudProceso/listarSolicitudProceso.xhtml HTTP/1.1" 200 1396
172.22.2.4 - - [16/Dec/2023:17:15:41 -0500] "GET /BLA/boletinlegal/ HTTP/1.1" 200 56997
66.249.66.21 - - [16/Dec/2023:17:17:32 -0500] "GET /portel_dama/libreria/php/2006/ECOSISTEMAS%20FINAL%20web_mz27/x%20restauracion/sitio/55_artic/xtras/10.pdf HTTP/1.1" 404 1018
200.118.61.63 - - [16/Dec/2023:17:17:33 -0500] "GET /BLA/resoluciones/index.php?dir=AUTOS+2015%2F HTTP/1.1" 200 584820
216.245.221.92 - - [16/Dec/2023:17:17:49 -0500] "HEAD / HTTP/1.1" 200 -
201.245.192.253 - - [16/Dec/2023:17:17:49 -0500] "POST /kwsrmcab/Wsrmcab  HTTP/1.1" 200 37894
201.245.192.253 - - [16/Dec/2023:17:18:05 -0500] "POST /forms/lservlet;jsessionid=ac16012b30d68f87e6b31bdd4159a82faa45787d3329.e3iSbxaKaheRe34Qc38TbN0Nb41ynknvrkLOlQzNp65In0 HTTP/1.1" 200 2
172.22.2.4 - - [16/Dec/2023:17:16:36 -0500] "GET /BLA/boletinlegal/ HTTP/1.1" 200 59007
201.245.192.253 - - [16/Dec/2023:17:18:42 -0500] "POST /forms/lservlet;jsessionid=ac16012b30d665b9d6b5cea24731bd918aefbc6c9e46.e3iSbxaKaheRe34Qc38TbN0Nb41ynknvrkLOlQzNp65In0 HTTP/1.1" 200 2
201.245.192.253 - - [16/Dec/2023:17:19:44 -0500] "POST /kwsrmcab/Wsrmcab HTTP/1.1" 200 38471
201.245.192.253 - - [16/Dec/2023:17:19:49 -0500] "POST /kwsrmcab/Wsrmcab HTTP/1.1" 200 39421
191.156.152.8 - - [16/Dec/2023:17:20:03 -0500] "GET /sipse/faces/index.xhtml HTTP/1.1" 200 677
191.156.152.8 - - [16/Dec/2023:17:20:03 -0500] "GET /sipse/faces/javax.faces.resource/theme.css?ln=primefaces-sipse HTTP/1.1" 304 -
191.156.152.8 - - [16/Dec/2023:17:20:04 -0500] "GET /sipse/faces/faces/autenticacion.xhtml HTTP/1.1" 200 12417
191.156.144.9 - - [16/Dec/2023:17:20:05 -0500] "GET /sipse/faces/javax.faces.resource/theme.css?ln=primefaces-sipse HTTP/1.1" 304 -
191.156.155.160 - - [16/Dec/2023:17:20:05 -0500] "GET /sipse/faces/javax.faces.resource/layout/layout.css?ln=primefaces&v=4.0 HTTP/1.1" 304 -
191.156.151.24 - - [16/Dec/2023:17:20:05 -0500] "GET /sipse/faces/javax.faces.resource/primefaces.css?ln=primefaces&v=4.0 HTTP/1.1" 304 -
191.156.157.87 - - [16/Dec/2023:17:20:05 -0500] "GET /sipse/faces/javax.faces.resource/jquery/jquery.js?ln=primefaces&v=4.0 HTTP/1.1" 304 -
191.156.149.84 - - [16/Dec/2023:17:20:05 -0500] "GET /sipse/faces/javax.faces.resource/jquery/jquery-plugins.js?ln=primefaces&v=4.0 HTTP/1.1" 304 -
191.156.144.9 - - [16/Dec/2023:17:20:05 -0500] "GET /sipse/faces/javax.faces.resource/primefaces.js?ln=primefaces&v=4.0 HTTP/1.1" 304 -
191.156.155.160 - - [16/Dec/2023:17:20:05 -0500] "GET /sipse/faces/javax.faces.resource/layout/layout.js?ln=primefaces&v=4.0 HTTP/1.1" 304 -
201.245.192.253 - - [16/Dec/2023:17:20:05 -0500] "POST /forms/lservlet;jsessionid=ac16012b30d68f87e6b31bdd4159a82faa45787d3329.e3iSbxaKaheRe34Qc38TbN0Nb41ynknvrkLOlQzNp65In0 HTTP/1.1" 200 2
191.156.155.160 - - [16/Dec/2023:17:20:05 -0500] "GET /sipse/faces/javax.faces.resource/images/ui-icons_898989_256x240.png?ln=primefaces-aristo HTTP/1.1" 304 -
191.156.155.160 - - [16/Dec/2023:17:20:09 -0500] "POST /sipse/faces/autenticacion.xhtml HTTP/1.1" 200 16322
191.156.144.9 - - [16/Dec/2023:17:20:10 -0500] "GET /sipse/faces/javax.faces.resource/primefaces.css?ln=primefaces&v=4.0 HTTP/1.1" 304 -
191.156.155.160 - - [16/Dec/2023:17:20:10 -0500] "GET /sipse/faces/javax.faces.resource/theme.css?ln=primefaces-sipse HTTP/1.1" 304 -
191.156.149.84 - - [16/Dec/2023:17:20:10 -0500] "GET /sipse/faces/javax.faces.resource/layout/layout.css?ln=primefaces&v=4.0 HTTP/1.1" 304 -
191.156.155.160 - - [16/Dec/2023:17:20:10 -0500] "GET /sipse/faces/javax.faces.resource/jquery/jquery.js?ln=primefaces&v=4.0 HTTP/1.1" 304 -
191.156.155.160 - - [16/Dec/2023:17:20:10 -0500] "GET /sipse/faces/javax.faces.resource/jquery/jquery-plugins.js?ln=primefaces&v=4.0 HTTP/1.1" 304 -
191.156.155.160 - - [16/Dec/2023:17:20:11 -0500] "GET /sipse/faces/javax.faces.resource/primefaces.js?ln=primefaces&v=4.0 HTTP/1.1" 304 -
191.156.155.160 - - [16/Dec/2023:17:20:11 -0500] "GET /sipse/faces/javax.faces.resource/layout/layout.js?ln=primefaces&v=4.0 HTTP/1.1" 304 -
191.156.155.160 - - [16/Dec/2023:17:20:11 -0500] "GET /sipse/css/imagen/contrasena.png HTTP/1.1" 404 383
191.156.155.160 - - [16/Dec/2023:17:20:11 -0500] "GET /sipse/faces/javax.faces.resource/messages/messages.png?ln=primefaces&v=4.0 HTTP/1.1" 304 -
191.156.155.160 - - [16/Dec/2023:17:20:17 -0500] "GET /sipse/faces/javax.faces.resource/images/ui-bg_flat_0_2d5972_40x100.png?ln=primefaces-aristo HTTP/1.1" 304 -
191.156.149.84 - - [16/Dec/2023:17:20:17 -0500] "POST /sipse/faces/bienvenido.xhtml HTTP/1.1" 200 1471
173.252.127.3 - - [16/Dec/2023:17:20:20 -0500] "GET /images/foto%202.jpg HTTP/1.1" 200 63300
191.156.149.84 - - [16/Dec/2023:17:20:19 -0500] "POST /sipse/faces/bienvenido.xhtml HTTP/1.1" 200 60582
191.156.149.84 - - [16/Dec/2023:17:20:38 -0500] "GET /sipse/faces/javax.faces.resource/theme.css?ln=primefaces-sipse HTTP/1.1" 304 -
191.156.144.9 - - [16/Dec/2023:17:20:38 -0500] "GET /sipse/faces/javax.faces.resource/primefaces.css?ln=primefaces&v=4.0 HTTP/1.1" 304 -
191.156.149.84 - - [16/Dec/2023:17:20:38 -0500] "GET /sipse/faces/javax.faces.resource/jquery/jquery.js?ln=primefaces&v=4.0 HTTP/1.1" 304 -
191.156.149.84 - - [16/Dec/2023:17:20:38 -0500] "GET /sipse/faces/javax.faces.resource/jquery/jquery-plugins.js?ln=primefaces&v=4.0 HTTP/1.1" 304 -
191.156.149.84 - - [16/Dec/2023:17:20:38 -0500] "GET /sipse/faces/javax.faces.resource/primefaces.js?ln=primefaces&v=4.0 HTTP/1.1" 304 -
191.156.149.84 - - [16/Dec/2023:17:20:39 -0500] "GET /sipse/faces/javax.faces.resource/layout/layout.js?ln=primefaces&v=4.0 HTTP/1.1" 304 -
191.156.149.84 - - [16/Dec/2023:17:20:39 -0500] "GET /sipse/faces/javax.faces.resource/layout/layout.css?ln=primefaces&v=4.0 HTTP/1.1" 304 -
191.156.149.84 - - [16/Dec/2023:17:20:40 -0500] "POST /sipse/faces/presentacion/financiero/solicitudProceso/listarSolicitudProceso.xhtml HTTP/1.1" 200 1556
201.245.192.253 - - [16/Dec/2023:17:20:42 -0500] "POST /forms/lservlet;jsessionid=ac16012b30d665b9d6b5cea24731bd918aefbc6c9e46.e3iSbxaKaheRe34Qc38TbN0Nb41ynknvrkLOlQzNp65In0 HTTP/1.1" 200 2
186.84.91.79 - - [16/Dec/2023:17:20:59 -0500] "GET /tinguas-azules-secretaria-de-ambiente-atiende-alto-numero-de-reportes-de-aves-migratorias.html?fbclid=IwAR2d5s_Y2Axzqm3-p1AQoEJHgjDc8GSJAbRkjTSHZVVLRKzbaTxwfU1yQrg HTTP/1.1" 200 923
201.245.192.253 - - [16/Dec/2023:17:22:05 -0500] "POST /forms/lservlet;jsessionid=ac16012b30d68f87e6b31bdd4159a82faa45787d3329.e3iSbxaKaheRe34Qc38TbN0Nb41ynknvrkLOlQzNp65In0 HTTP/1.1" 200 2
172.22.2.4 - - [16/Dec/2023:17:20:40 -0500] "HEAD /BLA/boletinlegal/ HTTP/1.1" 200 -
201.245.192.253 - - [16/Dec/2023:17:22:42 -0500] "POST /forms/lservlet;jsessionid=ac16012b30d665b9d6b5cea24731bd918aefbc6c9e46.e3iSbxaKaheRe34Qc38TbN0Nb41ynknvrkLOlQzNp65In0 HTTP/1.1" 200 2
216.245.221.92 - - [16/Dec/2023:17:22:49 -0500] "HEAD / HTTP/1.1" 200 -
201.245.192.253 - - [16/Dec/2023:17:22:48 -0500] "POST /kwsrmcab/Wsrmcab  HTTP/1.1" 200 37894
66.249.66.21 - - [16/Dec/2023:17:22:56 -0500] "GET /resoluciones/AUTOS%202007/2341.pdf HTTP/1.1" 404 1018
172.22.2.4 - - [16/Dec/2023:17:21:31 -0500] "GET /BLA/boletinlegal/ HTTP/1.1" 200 60634
201.245.192.253 - - [16/Dec/2023:17:24:05 -0500] "POST /forms/lservlet;jsessionid=ac16012b30d68f87e6b31bdd4159a82faa45787d3329.e3iSbxaKaheRe34Qc38TbN0Nb41ynknvrkLOlQzNp65In0 HTTP/1.1" 200 2
201.245.192.253 - - [16/Dec/2023:17:24:42 -0500] "POST /forms/lservlet;jsessionid=ac16012b30d665b9d6b5cea24731bd918aefbc6c9e46.e3iSbxaKaheRe34Qc38TbN0Nb41ynknvrkLOlQzNp65In0 HTTP/1.1" 200 2
66.249.66.19 - - [16/Dec/2023:17:25:35 -0500] "GET /BLA/resoluciones/Notificaciones/AUTOS%202021/1952.pdf HTTP/1.1" 200 377608
201.245.192.253 - - [16/Dec/2023:17:25:52 -0500] "POST /kwsrmcab/Wsrmcab HTTP/1.1" 200 38471
201.245.192.253 - - [16/Dec/2023:17:25:55 -0500] "POST /kwsrmcab/Wsrmcab HTTP/1.1" 200 39421
201.245.192.253 - - [16/Dec/2023:17:26:05 -0500] "POST /forms/lservlet;jsessionid=ac16012b30d68f87e6b31bdd4159a82faa45787d3329.e3iSbxaKaheRe34Qc38TbN0Nb41ynknvrkLOlQzNp65In0 HTTP/1.1" 200 2
66.249.66.19 - - [16/Dec/2023:17:26:28 -0500] "GET /BLA/jurisprudencia/sentencias/5283531030012000-00005-01%20[16-05-2011][1].pdf HTTP/1.1" 404 1018
201.245.192.253 - - [16/Dec/2023:17:26:42 -0500] "POST /forms/lservlet;jsessionid=ac16012b30d665b9d6b5cea24731bd918aefbc6c9e46.e3iSbxaKaheRe34Qc38TbN0Nb41ynknvrkLOlQzNp65In0 HTTP/1.1" 200 2
191.156.157.87 - - [16/Dec/2023:17:26:58 -0500] "POST /sipse/faces/presentacion/financiero/solicitudProceso/listarSolicitudProceso.xhtml HTTP/1.1" 200 28143
201.245.192.253 - - [16/Dec/2023:17:27:46 -0500] "POST /kwsrmcab/Wsrmcab  HTTP/1.1" 200 37894
216.245.221.92 - - [16/Dec/2023:17:27:49 -0500] "HEAD / HTTP/1.1" 200 -
201.245.192.253 - - [16/Dec/2023:17:28:05 -0500] "POST /forms/lservlet;jsessionid=ac16012b30d68f87e6b31bdd4159a82faa45787d3329.e3iSbxaKaheRe34Qc38TbN0Nb41ynknvrkLOlQzNp65In0 HTTP/1.1" 200 2
191.156.144.9 - - [16/Dec/2023:17:28:05 -0500] "POST /sipse/faces/presentacion/financiero/solicitudProceso/listarSolicitudProceso.xhtml HTTP/1.1" 200 2349
172.22.2.4 - - [16/Dec/2023:17:26:30 -0500] "HEAD /BLA/boletinlegal/ HTTP/1.1" 200 -
191.156.152.187 - - [16/Dec/2023:17:28:22 -0500] "POST /sipse/faces/presentacion/financiero/solicitudProceso/listarSolicitudProceso.xhtml HTTP/1.1" 200 5130
191.156.152.187 - - [16/Dec/2023:17:28:27 -0500] "POST /sipse/faces/presentacion/financiero/solicitudProceso/listarSolicitudProceso.xhtml HTTP/1.1" 200 139443
191.156.152.187 - - [16/Dec/2023:17:28:30 -0500] "GET /sipse/faces/javax.faces.resource/theme.css?ln=primefaces-sipse HTTP/1.1" 304 -
191.156.153.107 - - [16/Dec/2023:17:28:30 -0500] "GET /sipse/faces/javax.faces.resource/jquery/jquery.js?ln=primefaces&v=4.0 HTTP/1.1" 304 -
191.156.152.187 - - [16/Dec/2023:17:28:30 -0500] "GET /sipse/faces/javax.faces.resource/primefaces.css?ln=primefaces&v=4.0 HTTP/1.1" 304 -
191.156.152.187 - - [16/Dec/2023:17:28:31 -0500] "GET /sipse/faces/javax.faces.resource/jquery/jquery-plugins.js?ln=primefaces&v=4.0 HTTP/1.1" 304 -
191.156.152.187 - - [16/Dec/2023:17:28:31 -0500] "GET /sipse/faces/javax.faces.resource/primefaces.js?ln=primefaces&v=4.0 HTTP/1.1" 304 -
191.156.152.187 - - [16/Dec/2023:17:28:31 -0500] "GET /sipse/faces/javax.faces.resource/layout/layout.js?ln=primefaces&v=4.0 HTTP/1.1" 304 -
191.156.152.187 - - [16/Dec/2023:17:28:32 -0500] "GET /sipse/faces/javax.faces.resource/layout/layout.css?ln=primefaces&v=4.0 HTTP/1.1" 304 -
191.156.153.107 - - [16/Dec/2023:17:28:32 -0500] "GET /sipse/css/imagen/contrasena.png HTTP/1.1" 404 383
191.156.153.107 - - [16/Dec/2023:17:28:32 -0500] "GET /sipse/faces/javax.faces.resource/dynamiccontent.properties?ln=primefaces&pfdrid=XjOR5%2F%2FfPAZAuY9TpWQeCiM0BhlXxYRBGKi%2FQcXXfeA%3D&pfdrid_c=false HTTP/1.1" 500 383
201.245.192.253 - - [16/Dec/2023:17:28:42 -0500] "POST /forms/lservlet;jsessionid=ac16012b30d665b9d6b5cea24731bd918aefbc6c9e46.e3iSbxaKaheRe34Qc38TbN0Nb41ynknvrkLOlQzNp65In0 HTTP/1.1" 200 2
172.22.2.4 - - [16/Dec/2023:17:27:20 -0500] "GET /BLA/boletinlegal/ HTTP/1.1" 200 58644
69.164.217.245 - - [16/Dec/2023:17:29:10 -0500] "GET / HTTP/1.1" 200 319
34.34.32.21 - - [16/Dec/2023:17:29:36 -0500] "GET /las-tres-caminatas-para-cerrar-el-ano-entre-la-naturaleza.html HTTP/1.1" 200 776
172.105.128.13 - - [16/Dec/2023:17:29:41 -0500] "GET / HTTP/1.1" 200 319
34.34.32.21 - - [16/Dec/2023:17:29:42 -0500] "GET /consulta-y-conoce-los-proyectos-de-resolucion-de-para-los-planes-de-manejo-ambiental-de-cinco-humedales-en-bogota.html HTTP/1.1" 200 971
201.245.192.253 - - [16/Dec/2023:17:29:44 -0500] "POST /kwsrmcab/Wsrmcab HTTP/1.1" 200 38471
191.156.158.133 - - [16/Dec/2023:17:29:47 -0500] "POST /sipse/faces/presentacion/financiero/solicitudProceso/consultarSolicitudProceso.xhtml HTTP/1.1" 200 19426
191.156.158.133 - - [16/Dec/2023:17:29:49 -0500] "GET /sipse/faces/javax.faces.resource/theme.css?ln=primefaces-sipse HTTP/1.1" 304 -
191.156.150.169 - - [16/Dec/2023:17:29:49 -0500] "GET /sipse/faces/javax.faces.resource/layout/layout.css?ln=primefaces&v=4.0 HTTP/1.1" 304 -
191.156.145.86 - - [16/Dec/2023:17:29:49 -0500] "GET /sipse/faces/javax.faces.resource/primefaces.css?ln=primefaces&v=4.0 HTTP/1.1" 304 -
191.156.157.87 - - [16/Dec/2023:17:29:49 -0500] "GET /sipse/faces/javax.faces.resource/fileupload/fileupload.css?ln=primefaces&v=4.0 HTTP/1.1" 304 -
191.156.150.169 - - [16/Dec/2023:17:29:49 -0500] "GET /sipse/faces/javax.faces.resource/jquery/jquery-plugins.js?ln=primefaces&v=4.0 HTTP/1.1" 304 -
191.156.153.107 - - [16/Dec/2023:17:29:49 -0500] "GET /sipse/faces/javax.faces.resource/jquery/jquery.js?ln=primefaces&v=4.0 HTTP/1.1" 304 -
191.156.158.133 - - [16/Dec/2023:17:29:49 -0500] "GET /sipse/faces/javax.faces.resource/primefaces.js?ln=primefaces&v=4.0 HTTP/1.1" 304 -
191.156.150.169 - - [16/Dec/2023:17:29:49 -0500] "GET /sipse/faces/javax.faces.resource/layout/layout.js?ln=primefaces&v=4.0 HTTP/1.1" 304 -
191.156.145.86 - - [16/Dec/2023:17:29:49 -0500] "GET /sipse/faces/javax.faces.resource/fileupload/fileupload.js?ln=primefaces&v=4.0 HTTP/1.1" 304 -
191.156.158.133 - - [16/Dec/2023:17:29:49 -0500] "GET /sipse/faces/javax.faces.resource/images/ui-icons_898989_256x240.png?ln=primefaces-aristo HTTP/1.1" 304 -
191.156.145.86 - - [16/Dec/2023:17:29:49 -0500] "GET /sipse/css/imagen/contrasena.png HTTP/1.1" 404 383
201.245.192.253 - - [16/Dec/2023:17:29:49 -0500] "POST /kwsrmcab/Wsrmcab HTTP/1.1" 200 39421
201.245.192.253 - - [16/Dec/2023:17:30:05 -0500] "POST /forms/lservlet;jsessionid=ac16012b30d68f87e6b31bdd4159a82faa45787d3329.e3iSbxaKaheRe34Qc38TbN0Nb41ynknvrkLOlQzNp65In0 HTTP/1.1" 200 2
201.245.192.253 - - [16/Dec/2023:17:30:42 -0500] "POST /forms/lservlet;jsessionid=ac16012b30d665b9d6b5cea24731bd918aefbc6c9e46.e3iSbxaKaheRe34Qc38TbN0Nb41ynknvrkLOlQzNp65In0 HTTP/1.1" 200 2
191.156.148.1 - - [16/Dec/2023:17:31:25 -0500] "GET /sipse/faces/javax.faces.resource/theme.css?ln=primefaces-sipse HTTP/1.1" 304 -
191.156.155.160 - - [16/Dec/2023:17:31:25 -0500] "GET /sipse/faces/javax.faces.resource/primefaces.css?ln=primefaces&v=4.0 HTTP/1.1" 304 -
191.156.148.1 - - [16/Dec/2023:17:31:25 -0500] "GET /sipse/faces/javax.faces.resource/layout/layout.css?ln=primefaces&v=4.0 HTTP/1.1" 304 -
191.156.150.169 - - [16/Dec/2023:17:31:25 -0500] "GET /sipse/faces/javax.faces.resource/jquery/jquery-plugins.js?ln=primefaces&v=4.0 HTTP/1.1" 304 -
191.156.158.133 - - [16/Dec/2023:17:31:25 -0500] "GET /sipse/faces/javax.faces.resource/jquery/jquery.js?ln=primefaces&v=4.0 HTTP/1.1" 304 -
191.156.148.1 - - [16/Dec/2023:17:31:25 -0500] "GET /sipse/faces/javax.faces.resource/primefaces.js?ln=primefaces&v=4.0 HTTP/1.1" 304 -
191.156.155.160 - - [16/Dec/2023:17:31:25 -0500] "GET /sipse/faces/javax.faces.resource/layout/layout.js?ln=primefaces&v=4.0 HTTP/1.1" 304 -
191.156.155.160 - - [16/Dec/2023:17:31:26 -0500] "GET /sipse/faces/javax.faces.resource/images/ui-icons_898989_256x240.png?ln=primefaces-aristo HTTP/1.1" 304 -
191.156.155.160 - - [16/Dec/2023:17:31:24 -0500] "POST /sipse/faces/presentacion/sistema/anexos/cargarAnexoSolicitudProceso.xhtml HTTP/1.1" 200 187542
191.156.148.1 - - [16/Dec/2023:17:31:26 -0500] "GET /sipse/css/imagen/contrasena.png HTTP/1.1" 404 383
191.156.148.1 - - [16/Dec/2023:17:31:28 -0500] "GET /sipse/faces/javax.faces.resource/dynamiccontent.properties?ln=primefaces&pfdrid=XjOR5%2F%2FfPAZAuY9TpWQeCiM0BhlXxYRBGKi%2FQcXXfeA%3D&pfdrid_c=false HTTP/1.1" 500 383
191.156.148.1 - - [16/Dec/2023:17:31:51 -0500] "GET /sipse/faces/javax.faces.resource/images/ui-bg_flat_0_2d5972_40x100.png?ln=primefaces-aristo HTTP/1.1" 304 -
191.156.150.169 - - [16/Dec/2023:17:31:51 -0500] "POST /sipse/faces/presentacion/financiero/solicitudProceso/consultarSolicitudProceso.xhtml HTTP/1.1" 200 6202
191.156.150.169 - - [16/Dec/2023:17:31:51 -0500] "GET /sipse/faces/javax.faces.resource/messages/messages.png?ln=primefaces&v=4.0 HTTP/1.1" 304 -
201.245.192.253 - - [16/Dec/2023:17:32:05 -0500] "POST /forms/lservlet;jsessionid=ac16012b30d68f87e6b31bdd4159a82faa45787d3329.e3iSbxaKaheRe34Qc38TbN0Nb41ynknvrkLOlQzNp65In0 HTTP/1.1" 200 2
191.156.150.169 - - [16/Dec/2023:17:32:04 -0500] "POST /sipse/faces/presentacion/financiero/solicitudProceso/consultarSolicitudProceso.xhtml HTTP/1.1" 200 34959
191.156.150.169 - - [16/Dec/2023:17:32:07 -0500] "GET /sipse/faces/javax.faces.resource/theme.css?ln=primefaces-sipse HTTP/1.1" 304 -
191.156.155.160 - - [16/Dec/2023:17:32:07 -0500] "GET /sipse/faces/javax.faces.resource/primefaces.css?ln=primefaces&v=4.0 HTTP/1.1" 304 -
191.156.145.86 - - [16/Dec/2023:17:32:07 -0500] "GET /sipse/faces/javax.faces.resource/layout/layout.css?ln=primefaces&v=4.0 HTTP/1.1" 304 -
191.156.150.169 - - [16/Dec/2023:17:32:07 -0500] "GET /sipse/faces/javax.faces.resource/jquery/jquery.js?ln=primefaces&v=4.0 HTTP/1.1" 304 -
191.156.150.169 - - [16/Dec/2023:17:32:07 -0500] "GET /sipse/faces/javax.faces.resource/jquery/jquery-plugins.js?ln=primefaces&v=4.0 HTTP/1.1" 304 -
191.156.150.169 - - [16/Dec/2023:17:32:07 -0500] "GET /sipse/faces/javax.faces.resource/primefaces.js?ln=primefaces&v=4.0 HTTP/1.1" 304 -
191.156.150.169 - - [16/Dec/2023:17:32:08 -0500] "GET /sipse/faces/javax.faces.resource/layout/layout.js?ln=primefaces&v=4.0 HTTP/1.1" 304 -
191.156.150.169 - - [16/Dec/2023:17:32:08 -0500] "GET /sipse/css/imagen/contrasena.png HTTP/1.1" 404 383
191.156.150.169 - - [16/Dec/2023:17:32:08 -0500] "POST /sipse/faces/presentacion/financiero/solicitudProceso/listarSolicitudProceso.xhtml HTTP/1.1" 200 1396
191.156.150.169 - - [16/Dec/2023:17:32:15 -0500] "POST /sipse/faces/presentacion/financiero/solicitudProceso/listarSolicitudProceso.xhtml HTTP/1.1" 200 2273
191.156.148.1 - - [16/Dec/2023:17:32:35 -0500] "POST /sipse/faces/presentacion/financiero/solicitudProceso/listarSolicitudProceso.xhtml HTTP/1.1" 200 5054
201.245.192.253 - - [16/Dec/2023:17:32:42 -0500] "POST /forms/lservlet;jsessionid=ac16012b30d665b9d6b5cea24731bd918aefbc6c9e46.e3iSbxaKaheRe34Qc38TbN0Nb41ynknvrkLOlQzNp65In0 HTTP/1.1" 200 2
191.156.148.1 - - [16/Dec/2023:17:32:43 -0500] "POST /sipse/faces/presentacion/financiero/solicitudProceso/listarSolicitudProceso.xhtml HTTP/1.1" 200 142909
191.156.148.1 - - [16/Dec/2023:17:32:45 -0500] "GET /sipse/faces/javax.faces.resource/theme.css?ln=primefaces-sipse HTTP/1.1" 304 -
191.156.148.1 - - [16/Dec/2023:17:32:45 -0500] "GET /sipse/faces/javax.faces.resource/jquery/jquery.js?ln=primefaces&v=4.0 HTTP/1.1" 304 -
191.156.148.1 - - [16/Dec/2023:17:32:46 -0500] "GET /sipse/faces/javax.faces.resource/jquery/jquery-plugins.js?ln=primefaces&v=4.0 HTTP/1.1" 304 -
191.156.148.1 - - [16/Dec/2023:17:32:46 -0500] "GET /sipse/faces/javax.faces.resource/primefaces.js?ln=primefaces&v=4.0 HTTP/1.1" 304 -
191.156.148.1 - - [16/Dec/2023:17:32:46 -0500] "GET /sipse/faces/javax.faces.resource/layout/layout.js?ln=primefaces&v=4.0 HTTP/1.1" 304 -
201.245.192.253 - - [16/Dec/2023:17:32:44 -0500] "POST /kwsrmcab/Wsrmcab  HTTP/1.1" 200 37894
191.156.148.1 - - [16/Dec/2023:17:32:47 -0500] "GET /sipse/faces/javax.faces.resource/primefaces.css?ln=primefaces&v=4.0 HTTP/1.1" 304 -
191.156.158.133 - - [16/Dec/2023:17:32:47 -0500] "GET /sipse/faces/javax.faces.resource/layout/layout.css?ln=primefaces&v=4.0 HTTP/1.1" 304 -
191.156.148.1 - - [16/Dec/2023:17:32:47 -0500] "GET /sipse/css/imagen/contrasena.png HTTP/1.1" 404 383
