186.155.82.113 - - [18/Dec/2023:05:54:21 -0500] "GET /sipse/css/imagen/loginimg.png HTTP/1.1" 304 -
186.155.82.113 - - [18/Dec/2023:05:54:21 -0500] "GET /sipse/faces/javax.faces.resource/images/ui-icons_898989_256x240.png?ln=primefaces-aristo HTTP/1.1" 304 -
201.245.192.253 - - [18/Dec/2023:05:54:26 -0500] "POST /forms/lservlet;jsessionid=ac16012b30d68f87e6b31bdd4159a82faa45787d3329.e3iSbxaKaheRe34Qc38TbN0Nb41ynknvrkLOlQzNp65In0 HTTP/1.1" 200 2
186.155.82.113 - - [18/Dec/2023:05:54:28 -0500] "POST /sipse/faces/autenticacion.xhtml HTTP/1.1" 200 2220
186.155.82.113 - - [18/Dec/2023:05:54:28 -0500] "GET /sipse/faces/javax.faces.resource/messages/messages.png?ln=primefaces&v=4.0 HTTP/1.1" 304 -
186.155.82.113 - - [18/Dec/2023:05:54:29 -0500] "POST /sipse/faces/autenticacion.xhtml HTTP/1.1" 200 16462
186.155.82.113 - - [18/Dec/2023:05:54:29 -0500] "GET /sipse/css/custom_css_sg_prime.css HTTP/1.1" 304 -
186.155.82.113 - - [18/Dec/2023:05:54:29 -0500] "GET /sipse/faces/javax.faces.resource/theme.css?ln=primefaces-sipse HTTP/1.1" 304 -
186.155.82.113 - - [18/Dec/2023:05:54:29 -0500] "GET /sipse/faces/javax.faces.resource/primefaces.css?ln=primefaces&v=4.0 HTTP/1.1" 304 -
186.155.82.113 - - [18/Dec/2023:05:54:29 -0500] "GET /sipse/faces/javax.faces.resource/layout/layout.css?ln=primefaces&v=4.0 HTTP/1.1" 304 -
186.155.82.113 - - [18/Dec/2023:05:54:29 -0500] "GET /sipse/js/jquery.min.js HTTP/1.1" 304 -
186.155.82.113 - - [18/Dec/2023:05:54:29 -0500] "GET /sipse/faces/javax.faces.resource/jquery/jquery.js?ln=primefaces&v=4.0 HTTP/1.1" 304 -
186.155.82.113 - - [18/Dec/2023:05:54:29 -0500] "GET /sipse/faces/javax.faces.resource/jquery/jquery-plugins.js?ln=primefaces&v=4.0 HTTP/1.1" 304 -
186.155.82.113 - - [18/Dec/2023:05:54:30 -0500] "GET /sipse/faces/javax.faces.resource/primefaces.js?ln=primefaces&v=4.0 HTTP/1.1" 304 -
186.155.82.113 - - [18/Dec/2023:05:54:30 -0500] "GET /sipse/faces/javax.faces.resource/layout/layout.js?ln=primefaces&v=4.0 HTTP/1.1" 304 -
186.155.82.113 - - [18/Dec/2023:05:54:30 -0500] "GET /sipse/css/v_mergente.css HTTP/1.1" 304 -
186.155.82.113 - - [18/Dec/2023:05:54:30 -0500] "GET /sipse/css/imagen/contrasena.png HTTP/1.1" 404 383
186.155.82.113 - - [18/Dec/2023:05:54:30 -0500] "GET /sipse/imagenes/logoAplicacion.jpg HTTP/1.1" 304 -
186.155.82.113 - - [18/Dec/2023:05:54:30 -0500] "GET /sipse/imagenes/cargando.gif HTTP/1.1" 304 -
156.59.198.135 - - [18/Dec/2023:05:54:31 -0500] "GET /BLA/resoluciones/AUTOS%202007/2552.pdf HTTP/1.0" 200 47972
186.155.82.113 - - [18/Dec/2023:05:54:35 -0500] "GET /sipse/faces/javax.faces.resource/images/ui-bg_flat_0_2d5972_40x100.png?ln=primefaces-aristo HTTP/1.1" 304 -
186.155.82.113 - - [18/Dec/2023:05:54:35 -0500] "POST /sipse/faces/bienvenido.xhtml HTTP/1.1" 200 2658
186.155.82.113 - - [18/Dec/2023:05:54:36 -0500] "POST /sipse/faces/bienvenido.xhtml HTTP/1.1" 200 36684
186.155.82.113 - - [18/Dec/2023:05:54:37 -0500] "GET /sipse/faces/javax.faces.resource/layout/layout.css?ln=primefaces&v=4.0 HTTP/1.1" 304 -
186.155.82.113 - - [18/Dec/2023:05:54:37 -0500] "GET /sipse/faces/javax.faces.resource/primefaces.css?ln=primefaces&v=4.0 HTTP/1.1" 304 -
186.155.82.113 - - [18/Dec/2023:05:54:37 -0500] "GET /sipse/faces/javax.faces.resource/theme.css?ln=primefaces-sipse HTTP/1.1" 304 -
186.155.82.113 - - [18/Dec/2023:05:54:37 -0500] "GET /sipse/faces/javax.faces.resource/jquery/jquery.js?ln=primefaces&v=4.0 HTTP/1.1" 304 -
186.155.82.113 - - [18/Dec/2023:05:54:37 -0500] "GET /sipse/faces/javax.faces.resource/jquery/jquery-plugins.js?ln=primefaces&v=4.0 HTTP/1.1" 304 -
186.155.82.113 - - [18/Dec/2023:05:54:37 -0500] "GET /sipse/faces/javax.faces.resource/primefaces.js?ln=primefaces&v=4.0 HTTP/1.1" 304 -
186.155.82.113 - - [18/Dec/2023:05:54:37 -0500] "GET /sipse/faces/javax.faces.resource/layout/layout.js?ln=primefaces&v=4.0 HTTP/1.1" 304 -
156.59.198.135 - - [18/Dec/2023:05:54:54 -0500] "GET /BLA/resoluciones/AUTOS%202007/3372.pdf HTTP/1.0" 200 222561
201.245.192.253 - - [18/Dec/2023:05:55:00 -0500] "POST /forms/lservlet;jsessionid=ac16012b30d665b9d6b5cea24731bd918aefbc6c9e46.e3iSbxaKaheRe34Qc38TbN0Nb41ynknvrkLOlQzNp65In0 HTTP/1.1" 200 2
186.155.82.113 - - [18/Dec/2023:05:55:07 -0500] "POST /sipse/faces/presentacion/financiero/solicitudProceso/solicitudProcesoOtrosPagos.xhtml HTTP/1.1" 200 184
186.155.82.113 - - [18/Dec/2023:05:55:07 -0500] "POST /sipse/faces/presentacion/financiero/solicitudProceso/solicitudProcesoOtrosPagos.xhtml HTTP/1.1" 200 184
163.5.23.109 - - [18/Dec/2023:05:55:07 -0500] "GET /las-tres-caminatas-para-cerrar-el-ano-entre-la-naturaleza.html HTTP/1.1" 200 776
163.5.23.109 - - [18/Dec/2023:05:55:08 -0500] "GET /favicon.ico HTTP/1.1" 404 1448
186.155.82.113 - - [18/Dec/2023:05:55:07 -0500] "GET /sipse/faces/presentacion/financiero/solicitudAnulacion/solicitudAnulacion.xhtml HTTP/1.1" 200 30492
186.155.82.113 - - [18/Dec/2023:05:55:07 -0500] "GET /sipse/faces/presentacion/financiero/solicitudAnulacion/solicitudAnulacion.xhtml HTTP/1.1" 200 36522
186.155.82.113 - - [18/Dec/2023:05:55:08 -0500] "GET /sipse/faces/javax.faces.resource/theme.css?ln=primefaces-sipse HTTP/1.1" 304 -
186.155.82.113 - - [18/Dec/2023:05:55:08 -0500] "GET /sipse/faces/javax.faces.resource/primefaces.css?ln=primefaces&v=4.0 HTTP/1.1" 304 -
186.155.82.113 - - [18/Dec/2023:05:55:08 -0500] "GET /sipse/faces/javax.faces.resource/layout/layout.css?ln=primefaces&v=4.0 HTTP/1.1" 304 -
186.155.82.113 - - [18/Dec/2023:05:55:08 -0500] "GET /sipse/faces/javax.faces.resource/jquery/jquery.js?ln=primefaces&v=4.0 HTTP/1.1" 304 -
186.155.82.113 - - [18/Dec/2023:05:55:08 -0500] "GET /sipse/faces/javax.faces.resource/primefaces.js?ln=primefaces&v=4.0 HTTP/1.1" 304 -
186.155.82.113 - - [18/Dec/2023:05:55:08 -0500] "GET /sipse/faces/javax.faces.resource/jquery/jquery-plugins.js?ln=primefaces&v=4.0 HTTP/1.1" 304 -
186.155.82.113 - - [18/Dec/2023:05:55:08 -0500] "GET /sipse/faces/javax.faces.resource/layout/layout.js?ln=primefaces&v=4.0 HTTP/1.1" 304 -
186.155.82.113 - - [18/Dec/2023:05:55:08 -0500] "POST /sipse/faces/presentacion/financiero/solicitudAnulacion/solicitudAnulacion.xhtml HTTP/1.1" 200 14775
186.155.82.113 - - [18/Dec/2023:05:55:10 -0500] "POST /sipse/faces/presentacion/financiero/solicitudAnulacion/solicitudAnulacion.xhtml HTTP/1.1" 200 64649
186.155.82.113 - - [18/Dec/2023:05:55:11 -0500] "GET /sipse/faces/javax.faces.resource/theme.css?ln=primefaces-sipse HTTP/1.1" 304 -
186.155.82.113 - - [18/Dec/2023:05:55:11 -0500] "GET /sipse/faces/javax.faces.resource/primefaces.css?ln=primefaces&v=4.0 HTTP/1.1" 304 -
186.155.82.113 - - [18/Dec/2023:05:55:11 -0500] "GET /sipse/faces/javax.faces.resource/layout/layout.css?ln=primefaces&v=4.0 HTTP/1.1" 304 -
186.155.82.113 - - [18/Dec/2023:05:55:11 -0500] "GET /sipse/faces/javax.faces.resource/jquery/jquery.js?ln=primefaces&v=4.0 HTTP/1.1" 304 -
186.155.82.113 - - [18/Dec/2023:05:55:11 -0500] "GET /sipse/faces/javax.faces.resource/jquery/jquery-plugins.js?ln=primefaces&v=4.0 HTTP/1.1" 304 -
186.155.82.113 - - [18/Dec/2023:05:55:11 -0500] "GET /sipse/faces/javax.faces.resource/primefaces.js?ln=primefaces&v=4.0 HTTP/1.1" 304 -
186.155.82.113 - - [18/Dec/2023:05:55:11 -0500] "GET /sipse/faces/javax.faces.resource/layout/layout.js?ln=primefaces&v=4.0 HTTP/1.1" 304 -
186.155.82.113 - - [18/Dec/2023:05:55:11 -0500] "POST /sipse/faces/presentacion/financiero/solicitudProceso/listarSolicitudProceso.xhtml HTTP/1.1" 200 1556
186.155.82.113 - - [18/Dec/2023:05:55:16 -0500] "POST /sipse/faces/presentacion/financiero/solicitudProceso/listarSolicitudProceso.xhtml HTTP/1.1" 200 31310
186.155.82.113 - - [18/Dec/2023:05:55:18 -0500] "POST /sipse/faces/presentacion/financiero/solicitudProceso/listarSolicitudProceso.xhtml HTTP/1.1" 200 31954
156.59.198.135 - - [18/Dec/2023:05:55:19 -0500] "GET /BLA/resoluciones/AUTOS%202007/1265.pdf HTTP/1.0" 200 133670
172.22.2.4 - - [18/Dec/2023:05:53:57 -0500] "HEAD /BLA/boletinlegal/ HTTP/1.1" 200 -
156.59.198.136 - - [18/Dec/2023:05:55:45 -0500] "GET /BLA/resoluciones/AUTOS%202007/3002.pdf HTTP/1.0" 200 87605
201.245.192.253 - - [18/Dec/2023:05:55:42 -0500] "POST /kwsrmcab/Wsrmcab  HTTP/1.1" 200 37894
186.155.82.113 - - [18/Dec/2023:05:55:56 -0500] "POST /sipse/faces/presentacion/financiero/solicitudProceso/listarSolicitudProceso.xhtml HTTP/1.1" 200 119187
186.155.82.113 - - [18/Dec/2023:05:55:57 -0500] "GET /sipse/faces/javax.faces.resource/theme.css?ln=primefaces-sipse HTTP/1.1" 304 -
186.155.82.113 - - [18/Dec/2023:05:55:57 -0500] "GET /sipse/faces/javax.faces.resource/primefaces.css?ln=primefaces&v=4.0 HTTP/1.1" 304 -
186.155.82.113 - - [18/Dec/2023:05:55:57 -0500] "GET /sipse/faces/javax.faces.resource/layout/layout.css?ln=primefaces&v=4.0 HTTP/1.1" 304 -
186.155.82.113 - - [18/Dec/2023:05:55:57 -0500] "GET /sipse/faces/javax.faces.resource/jquery/jquery.js?ln=primefaces&v=4.0 HTTP/1.1" 304 -
186.155.82.113 - - [18/Dec/2023:05:55:57 -0500] "GET /sipse/faces/javax.faces.resource/jquery/jquery-plugins.js?ln=primefaces&v=4.0 HTTP/1.1" 304 -
186.155.82.113 - - [18/Dec/2023:05:55:57 -0500] "GET /sipse/faces/javax.faces.resource/primefaces.js?ln=primefaces&v=4.0 HTTP/1.1" 304 -
186.155.82.113 - - [18/Dec/2023:05:55:57 -0500] "GET /sipse/faces/javax.faces.resource/layout/layout.js?ln=primefaces&v=4.0 HTTP/1.1" 304 -
186.155.82.113 - - [18/Dec/2023:05:55:58 -0500] "GET /sipse/faces/javax.faces.resource/dynamiccontent.properties?ln=primefaces&pfdrid=XjOR5%2F%2FfPAZAuY9TpWQeCiM0BhlXxYRBGKi%2FQcXXfeA%3D&pfdrid_c=false HTTP/1.1" 500 383
156.59.198.135 - - [18/Dec/2023:05:56:08 -0500] "GET /BLA/resoluciones/AUTOS%202007/1256.pdf HTTP/1.0" 200 60520
186.155.82.113 - - [18/Dec/2023:05:56:14 -0500] "POST /sipse/faces/presentacion/financiero/solicitudProceso/consultarSolicitudProceso.xhtml HTTP/1.1" 200 28676
186.155.82.113 - - [18/Dec/2023:05:56:14 -0500] "GET /sipse/faces/javax.faces.resource/theme.css?ln=primefaces-sipse HTTP/1.1" 304 -
186.155.82.113 - - [18/Dec/2023:05:56:14 -0500] "GET /sipse/faces/javax.faces.resource/primefaces.css?ln=primefaces&v=4.0 HTTP/1.1" 304 -
186.155.82.113 - - [18/Dec/2023:05:56:15 -0500] "GET /sipse/faces/javax.faces.resource/jquery/jquery.js?ln=primefaces&v=4.0 HTTP/1.1" 304 -
186.155.82.113 - - [18/Dec/2023:05:56:15 -0500] "GET /sipse/faces/javax.faces.resource/layout/layout.css?ln=primefaces&v=4.0 HTTP/1.1" 304 -
186.155.82.113 - - [18/Dec/2023:05:56:15 -0500] "GET /sipse/faces/javax.faces.resource/jquery/jquery-plugins.js?ln=primefaces&v=4.0 HTTP/1.1" 304 -
186.155.82.113 - - [18/Dec/2023:05:56:15 -0500] "GET /sipse/faces/javax.faces.resource/primefaces.js?ln=primefaces&v=4.0 HTTP/1.1" 304 -
186.155.82.113 - - [18/Dec/2023:05:56:15 -0500] "GET /sipse/faces/javax.faces.resource/layout/layout.js?ln=primefaces&v=4.0 HTTP/1.1" 304 -
201.245.192.253 - - [18/Dec/2023:05:56:26 -0500] "POST /forms/lservlet;jsessionid=ac16012b30d68f87e6b31bdd4159a82faa45787d3329.e3iSbxaKaheRe34Qc38TbN0Nb41ynknvrkLOlQzNp65In0 HTTP/1.1" 200 2
172.22.2.4 - - [18/Dec/2023:05:54:48 -0500] "GET /BLA/boletinlegal/ HTTP/1.1" 200 58294
186.155.82.113 - - [18/Dec/2023:05:56:29 -0500] "POST /sipse/faces/presentacion/financiero/solicitudProceso/consultarHistorialSolProceso.xhtml HTTP/1.1" 200 163637
186.155.82.113 - - [18/Dec/2023:05:56:30 -0500] "GET /sipse/faces/javax.faces.resource/primefaces.css?ln=primefaces&v=4.0 HTTP/1.1" 304 -
186.155.82.113 - - [18/Dec/2023:05:56:30 -0500] "GET /sipse/faces/javax.faces.resource/theme.css?ln=primefaces-sipse HTTP/1.1" 304 -
186.155.82.113 - - [18/Dec/2023:05:56:30 -0500] "GET /sipse/faces/javax.faces.resource/jquery/jquery.js?ln=primefaces&v=4.0 HTTP/1.1" 304 -
186.155.82.113 - - [18/Dec/2023:05:56:30 -0500] "GET /sipse/faces/javax.faces.resource/layout/layout.css?ln=primefaces&v=4.0 HTTP/1.1" 304 -
186.155.82.113 - - [18/Dec/2023:05:56:30 -0500] "GET /sipse/faces/javax.faces.resource/jquery/jquery-plugins.js?ln=primefaces&v=4.0 HTTP/1.1" 304 -
186.155.82.113 - - [18/Dec/2023:05:56:30 -0500] "GET /sipse/faces/javax.faces.resource/primefaces.js?ln=primefaces&v=4.0 HTTP/1.1" 304 -
186.155.82.113 - - [18/Dec/2023:05:56:30 -0500] "GET /sipse/faces/javax.faces.resource/layout/layout.js?ln=primefaces&v=4.0 HTTP/1.1" 304 -
186.155.82.113 - - [18/Dec/2023:05:56:31 -0500] "GET /sipse/faces/javax.faces.resource/dynamiccontent.properties?ln=primefaces&pfdrid=XjOR5%2F%2FfPAZAuY9TpWQeCiM0BhlXxYRBGKi%2FQcXXfeA%3D&pfdrid_c=false HTTP/1.1" 500 383
156.59.198.135 - - [18/Dec/2023:05:56:33 -0500] "GET /BLA/resoluciones/RESOLUCIONES%202020/0329.pdf HTTP/1.0" 200 1007699
66.249.79.106 - - [18/Dec/2023:05:56:49 -0500] "GET /sipse/faces/javax.faces.resource/jquery/jquery.js;jsessionid=GgIj4zdF6dyg4yFMxEsITT0A.undefined?ln=primefaces&v=4.0 HTTP/1.1" 200 105384
66.249.79.105 - - [18/Dec/2023:05:56:50 -0500] "GET /sipse/faces/javax.faces.resource/layout/layout.css;jsessionid=GgIj4zdF6dyg4yFMxEsITT0A.undefined?ln=primefaces&v=4.0 HTTP/1.1" 200 542
66.249.79.105 - - [18/Dec/2023:05:56:51 -0500] "GET /sipse/css/custom_css_sg.css HTTP/1.1" 200 9694
66.249.79.105 - - [18/Dec/2023:05:56:52 -0500] "GET /sipse/js/funciones.js HTTP/1.1" 200 12592
186.155.82.113 - - [18/Dec/2023:05:56:52 -0500] "POST /sipse/faces/presentacion/financiero/solicitudProceso/consultarSolicitudProceso.xhtml HTTP/1.1" 200 28676
31.13.103.6 - - [18/Dec/2023:05:56:52 -0500] "GET /images/Musgo%2017%20-%2012%20-%202023.jpeg HTTP/1.1" 200 66238
186.155.82.113 - - [18/Dec/2023:05:56:52 -0500] "GET /sipse/faces/javax.faces.resource/theme.css?ln=primefaces-sipse HTTP/1.1" 304 -
186.155.82.113 - - [18/Dec/2023:05:56:52 -0500] "GET /sipse/faces/javax.faces.resource/layout/layout.css?ln=primefaces&v=4.0 HTTP/1.1" 304 -
186.155.82.113 - - [18/Dec/2023:05:56:52 -0500] "GET /sipse/faces/javax.faces.resource/primefaces.css?ln=primefaces&v=4.0 HTTP/1.1" 304 -
186.155.82.113 - - [18/Dec/2023:05:56:52 -0500] "GET /sipse/faces/javax.faces.resource/jquery/jquery-plugins.js?ln=primefaces&v=4.0 HTTP/1.1" 304 -
186.155.82.113 - - [18/Dec/2023:05:56:52 -0500] "GET /sipse/faces/javax.faces.resource/primefaces.js?ln=primefaces&v=4.0 HTTP/1.1" 304 -
186.155.82.113 - - [18/Dec/2023:05:56:52 -0500] "GET /sipse/faces/javax.faces.resource/jquery/jquery.js?ln=primefaces&v=4.0 HTTP/1.1" 304 -
186.155.82.113 - - [18/Dec/2023:05:56:52 -0500] "GET /sipse/faces/javax.faces.resource/layout/layout.js?ln=primefaces&v=4.0 HTTP/1.1" 304 -
31.13.103.6 - - [18/Dec/2023:05:56:52 -0500] "GET /images/Musgo%2017%20-%2012%20-%202023.jpeg HTTP/1.1" 200 66238
66.249.79.106 - - [18/Dec/2023:05:56:53 -0500] "GET /sipse/faces/javax.faces.resource/primefaces.js;jsessionid=GgIj4zdF6dyg4yFMxEsITT0A.undefined?ln=primefaces&v=4.0 HTTP/1.1" 200 276924
66.249.79.104 - - [18/Dec/2023:05:56:54 -0500] "GET /sipse/js/disable_browser_buttons.js HTTP/1.1" 200 3230
66.249.79.105 - - [18/Dec/2023:05:56:54 -0500] "GET /sipse/faces/javax.faces.resource/primefaces.css;jsessionid=GgIj4zdF6dyg4yFMxEsITT0A.undefined?ln=primefaces&v=4.0 HTTP/1.1" 200 53295
66.249.79.105 - - [18/Dec/2023:05:56:55 -0500] "GET /sipse/faces/javax.faces.resource/jquery/jquery-plugins.js;jsessionid=qTqVt9TMesBe8stT71rkT9n7.undefined?ln=primefaces&v=4.0 HTTP/1.1" 200 220526
66.249.79.104 - - [18/Dec/2023:05:56:57 -0500] "GET /sipse/faces/faces/index.xhtml HTTP/1.1" 200 677
156.59.198.136 - - [18/Dec/2023:05:56:58 -0500] "GET /BLA/resoluciones/AUTOS%202007/3144.pdf HTTP/1.0" 200 80171
201.245.192.253 - - [18/Dec/2023:05:57:00 -0500] "POST /forms/lservlet;jsessionid=ac16012b30d665b9d6b5cea24731bd918aefbc6c9e46.e3iSbxaKaheRe34Qc38TbN0Nb41ynknvrkLOlQzNp65In0 HTTP/1.1" 200 2
186.155.82.113 - - [18/Dec/2023:05:57:11 -0500] "POST /sipse/faces/presentacion/financiero/solicitudProceso/consultarHistorialSolProceso.xhtml HTTP/1.1" 200 163637
186.155.82.113 - - [18/Dec/2023:05:57:12 -0500] "GET /sipse/faces/javax.faces.resource/theme.css?ln=primefaces-sipse HTTP/1.1" 304 -
186.155.82.113 - - [18/Dec/2023:05:57:12 -0500] "GET /sipse/faces/javax.faces.resource/primefaces.css?ln=primefaces&v=4.0 HTTP/1.1" 304 -
186.155.82.113 - - [18/Dec/2023:05:57:12 -0500] "GET /sipse/faces/javax.faces.resource/layout/layout.css?ln=primefaces&v=4.0 HTTP/1.1" 304 -
186.155.82.113 - - [18/Dec/2023:05:57:12 -0500] "GET /sipse/faces/javax.faces.resource/jquery/jquery.js?ln=primefaces&v=4.0 HTTP/1.1" 304 -
186.155.82.113 - - [18/Dec/2023:05:57:12 -0500] "GET /sipse/faces/javax.faces.resource/jquery/jquery-plugins.js?ln=primefaces&v=4.0 HTTP/1.1" 304 -
186.155.82.113 - - [18/Dec/2023:05:57:12 -0500] "GET /sipse/faces/javax.faces.resource/primefaces.js?ln=primefaces&v=4.0 HTTP/1.1" 304 -
186.155.82.113 - - [18/Dec/2023:05:57:12 -0500] "GET /sipse/faces/javax.faces.resource/layout/layout.js?ln=primefaces&v=4.0 HTTP/1.1" 304 -
186.155.82.113 - - [18/Dec/2023:05:57:12 -0500] "GET /sipse/faces/javax.faces.resource/dynamiccontent.properties?ln=primefaces&pfdrid=XjOR5%2F%2FfPAZAuY9TpWQeCiM0BhlXxYRBGKi%2FQcXXfeA%3D&pfdrid_c=false HTTP/1.1" 500 383
156.59.198.136 - - [18/Dec/2023:05:57:22 -0500] "GET /BLA/resoluciones/AUTOS%202014/0025.pdf HTTP/1.0" 200 571517
216.245.221.92 - - [18/Dec/2023:05:57:43 -0500] "HEAD / HTTP/1.1" 200 -
156.59.198.135 - - [18/Dec/2023:05:57:48 -0500] "GET /BLA/resoluciones/AUTOS%202014/0895.pdf HTTP/1.0" 200 667075
40.77.167.132 - - [18/Dec/2023:05:58:00 -0500] "GET /portaldeninos/humedal-el-tunjo/ HTTP/1.1" 200 87661
69.171.231.117 - - [18/Dec/2023:05:58:06 -0500] "GET /images/Musgo%2017%20-%2012%20-%202023.jpeg HTTP/1.1" 200 66238
186.155.82.113 - - [18/Dec/2023:05:58:07 -0500] "POST /sipse/faces/presentacion/financiero/solicitudProceso/consultarSolicitudProceso.xhtml HTTP/1.1" 200 64649
186.155.82.113 - - [18/Dec/2023:05:58:07 -0500] "GET /sipse/faces/javax.faces.resource/primefaces.css?ln=primefaces&v=4.0 HTTP/1.1" 304 -
186.155.82.113 - - [18/Dec/2023:05:58:07 -0500] "GET /sipse/faces/javax.faces.resource/theme.css?ln=primefaces-sipse HTTP/1.1" 304 -
186.155.82.113 - - [18/Dec/2023:05:58:07 -0500] "GET /sipse/faces/javax.faces.resource/layout/layout.css?ln=primefaces&v=4.0 HTTP/1.1" 304 -
186.155.82.113 - - [18/Dec/2023:05:58:07 -0500] "GET /sipse/faces/javax.faces.resource/jquery/jquery.js?ln=primefaces&v=4.0 HTTP/1.1" 304 -
186.155.82.113 - - [18/Dec/2023:05:58:07 -0500] "GET /sipse/faces/javax.faces.resource/jquery/jquery-plugins.js?ln=primefaces&v=4.0 HTTP/1.1" 304 -
186.155.82.113 - - [18/Dec/2023:05:58:07 -0500] "GET /sipse/faces/javax.faces.resource/primefaces.js?ln=primefaces&v=4.0 HTTP/1.1" 304 -
186.155.82.113 - - [18/Dec/2023:05:58:07 -0500] "GET /sipse/faces/javax.faces.resource/layout/layout.js?ln=primefaces&v=4.0 HTTP/1.1" 304 -
186.155.82.113 - - [18/Dec/2023:05:58:08 -0500] "POST /sipse/faces/presentacion/financiero/solicitudProceso/listarSolicitudProceso.xhtml HTTP/1.1" 200 1556
156.59.198.135 - - [18/Dec/2023:05:58:12 -0500] "GET /BLA/resoluciones/RESOLUCIONES%202020/2611.pdf HTTP/1.0" 200 337630
186.155.82.113 - - [18/Dec/2023:05:58:12 -0500] "POST /sipse/faces/presentacion/financiero/solicitudProceso/listarSolicitudProceso.xhtml HTTP/1.1" 200 7918
186.155.82.113 - - [18/Dec/2023:05:58:14 -0500] "POST /sipse/faces/presentacion/financiero/solicitudProceso/listarSolicitudProceso.xhtml HTTP/1.1" 200 123754
186.155.82.113 - - [18/Dec/2023:05:58:15 -0500] "GET /sipse/faces/javax.faces.resource/theme.css?ln=primefaces-sipse HTTP/1.1" 304 -
186.155.82.113 - - [18/Dec/2023:05:58:15 -0500] "GET /sipse/faces/javax.faces.resource/primefaces.css?ln=primefaces&v=4.0 HTTP/1.1" 304 -
186.155.82.113 - - [18/Dec/2023:05:58:15 -0500] "GET /sipse/faces/javax.faces.resource/layout/layout.css?ln=primefaces&v=4.0 HTTP/1.1" 304 -
186.155.82.113 - - [18/Dec/2023:05:58:15 -0500] "GET /sipse/faces/javax.faces.resource/jquery/jquery.js?ln=primefaces&v=4.0 HTTP/1.1" 304 -
186.155.82.113 - - [18/Dec/2023:05:58:15 -0500] "GET /sipse/faces/javax.faces.resource/jquery/jquery-plugins.js?ln=primefaces&v=4.0 HTTP/1.1" 304 -
186.155.82.113 - - [18/Dec/2023:05:58:15 -0500] "GET /sipse/faces/javax.faces.resource/primefaces.js?ln=primefaces&v=4.0 HTTP/1.1" 304 -
186.155.82.113 - - [18/Dec/2023:05:58:15 -0500] "GET /sipse/faces/javax.faces.resource/layout/layout.js?ln=primefaces&v=4.0 HTTP/1.1" 304 -
186.155.82.113 - - [18/Dec/2023:05:58:16 -0500] "GET /sipse/faces/javax.faces.resource/dynamiccontent.properties?ln=primefaces&pfdrid=XjOR5%2F%2FfPAZAuY9TpWQeCiM0BhlXxYRBGKi%2FQcXXfeA%3D&pfdrid_c=false HTTP/1.1" 500 383
201.245.192.253 - - [18/Dec/2023:05:58:26 -0500] "POST /forms/lservlet;jsessionid=ac16012b30d68f87e6b31bdd4159a82faa45787d3329.e3iSbxaKaheRe34Qc38TbN0Nb41ynknvrkLOlQzNp65In0 HTTP/1.1" 200 2
52.167.144.228 - - [18/Dec/2023:05:58:33 -0500] "GET /BLA/resoluciones/RESOLUCIONES%202021/2403.pdf HTTP/1.1" 200 612392
156.59.198.135 - - [18/Dec/2023:05:58:37 -0500] "GET /BLA/resoluciones/AUTOS%202019/0854.pdf HTTP/1.0" 200 318383
201.245.192.253 - - [18/Dec/2023:05:59:00 -0500] "POST /forms/lservlet;jsessionid=ac16012b30d665b9d6b5cea24731bd918aefbc6c9e46.e3iSbxaKaheRe34Qc38TbN0Nb41ynknvrkLOlQzNp65In0 HTTP/1.1" 200 2
47.128.17.130 - - [18/Dec/2023:05:59:03 -0500] "GET /BLA/resoluciones/index.php?dir=RESOLUCIONES+2007%2FRES+2007+801+AL+900%2F HTTP/1.1" 200 26642
47.128.17.130 - - [18/Dec/2023:05:59:04 -0500] "GET /BLA/resoluciones/dlf/pdf.gif HTTP/1.1" 200 272
47.128.17.130 - - [18/Dec/2023:05:59:04 -0500] "GET /BLA/resoluciones/dlf/dirup.png HTTP/1.1" 200 644
156.59.198.136 - - [18/Dec/2023:05:59:24 -0500] "GET /BLA/resoluciones/AUTOS%202007/2838.pdf HTTP/1.0" 200 187276
66.249.79.105 - - [18/Dec/2023:05:59:45 -0500] "GET /sipse/css/custom_css_sg_prime_login.css HTTP/1.1" 200 443
66.249.79.104 - - [18/Dec/2023:05:59:46 -0500] "GET /sipse/js/disable_browser_buttons.js HTTP/1.1" 200 3230
66.249.79.104 - - [18/Dec/2023:05:59:46 -0500] "GET /sipse/css/custom_css_sg.css HTTP/1.1" 200 9694
66.249.79.104 - - [18/Dec/2023:05:59:47 -0500] "GET /sipse/faces/javax.faces.resource/layout/layout.js;jsessionid=GgIj4zdF6dyg4yFMxEsITT0A.undefined?ln=primefaces&v=4.0 HTTP/1.1" 200 87560
66.249.79.104 - - [18/Dec/2023:05:59:47 -0500] "GET /sipse/faces/javax.faces.resource/theme.css?ln=primefaces-sipse HTTP/1.1" 200 50058
66.249.79.105 - - [18/Dec/2023:05:59:48 -0500] "GET /sipse/faces/javax.faces.resource/primefaces.css;jsessionid=GgIj4zdF6dyg4yFMxEsITT0A.undefined?ln=primefaces&v=4.0 HTTP/1.1" 200 53295
66.249.79.105 - - [18/Dec/2023:05:59:48 -0500] "GET /sipse/faces/javax.faces.resource/primefaces.js;jsessionid=GgIj4zdF6dyg4yFMxEsITT0A.undefined?ln=primefaces&v=4.0 HTTP/1.1" 200 276924
66.249.79.104 - - [18/Dec/2023:05:59:49 -0500] "GET /sipse/faces/javax.faces.resource/layout/layout.css;jsessionid=GgIj4zdF6dyg4yFMxEsITT0A.undefined?ln=primefaces&v=4.0 HTTP/1.1" 200 542
40.77.167.63 - - [18/Dec/2023:05:59:50 -0500] "GET /BLA/resoluciones/RESOLUCIONES%202021/2772.pdf HTTP/1.1" 200 334373
66.249.79.105 - - [18/Dec/2023:05:59:50 -0500] "GET /sipse/js/funciones.js HTTP/1.1" 200 12592
66.249.79.105 - - [18/Dec/2023:05:59:50 -0500] "GET /sipse/faces/javax.faces.resource/jquery/jquery-plugins.js;jsessionid=GgIj4zdF6dyg4yFMxEsITT0A.undefined?ln=primefaces&v=4.0 HTTP/1.1" 200 220526
66.249.79.105 - - [18/Dec/2023:05:59:51 -0500] "GET /sipse/faces/javax.faces.resource/jquery/jquery.js;jsessionid=GgIj4zdF6dyg4yFMxEsITT0A.undefined?ln=primefaces&v=4.0 HTTP/1.1" 200 105384
66.249.79.105 - - [18/Dec/2023:05:59:52 -0500] "GET /sipse/faces/faces/index.xhtml HTTP/1.1" 200 677
156.59.198.136 - - [18/Dec/2023:05:59:53 -0500] "GET /BLA/resoluciones/AUTOS%202007/1382.pdf HTTP/1.0" 200 61352
186.155.82.113 - - [18/Dec/2023:06:00:02 -0500] "POST /sipse/faces/presentacion/financiero/solicitudProceso/consultarSolicitudProceso.xhtml HTTP/1.1" 200 85888
186.155.82.113 - - [18/Dec/2023:06:00:03 -0500] "GET /sipse/faces/javax.faces.resource/theme.css?ln=primefaces-sipse HTTP/1.1" 304 -
186.155.82.113 - - [18/Dec/2023:06:00:03 -0500] "GET /sipse/faces/javax.faces.resource/layout/layout.css?ln=primefaces&v=4.0 HTTP/1.1" 304 -
186.155.82.113 - - [18/Dec/2023:06:00:03 -0500] "GET /sipse/faces/javax.faces.resource/primefaces.css?ln=primefaces&v=4.0 HTTP/1.1" 304 -
186.155.82.113 - - [18/Dec/2023:06:00:03 -0500] "GET /sipse/faces/javax.faces.resource/jquery/jquery.js?ln=primefaces&v=4.0 HTTP/1.1" 304 -
186.155.82.113 - - [18/Dec/2023:06:00:03 -0500] "GET /sipse/faces/javax.faces.resource/jquery/jquery-plugins.js?ln=primefaces&v=4.0 HTTP/1.1" 304 -
186.155.82.113 - - [18/Dec/2023:06:00:03 -0500] "GET /sipse/faces/javax.faces.resource/primefaces.js?ln=primefaces&v=4.0 HTTP/1.1" 304 -
186.155.82.113 - - [18/Dec/2023:06:00:03 -0500] "GET /sipse/faces/javax.faces.resource/layout/layout.js?ln=primefaces&v=4.0 HTTP/1.1" 304 -
156.59.198.136 - - [18/Dec/2023:06:00:16 -0500] "GET /BLA/resoluciones/AUTOS%202007/0535.pdf HTTP/1.0" 200 420015
186.155.82.113 - - [18/Dec/2023:06:00:18 -0500] "POST /sipse/faces/presentacion/financiero/solicitudProceso/crearModificarSolicitudProceso.xhtml HTTP/1.1" 200 124375
186.155.82.113 - - [18/Dec/2023:06:00:19 -0500] "GET /sipse/faces/javax.faces.resource/theme.css?ln=primefaces-sipse HTTP/1.1" 304 -
186.155.82.113 - - [18/Dec/2023:06:00:19 -0500] "GET /sipse/faces/javax.faces.resource/primefaces.css?ln=primefaces&v=4.0 HTTP/1.1" 304 -
186.155.82.113 - - [18/Dec/2023:06:00:19 -0500] "GET /sipse/faces/javax.faces.resource/layout/layout.css?ln=primefaces&v=4.0 HTTP/1.1" 304 -
186.155.82.113 - - [18/Dec/2023:06:00:19 -0500] "GET /sipse/faces/javax.faces.resource/jquery/jquery.js?ln=primefaces&v=4.0 HTTP/1.1" 304 -
186.155.82.113 - - [18/Dec/2023:06:00:19 -0500] "GET /sipse/faces/javax.faces.resource/jquery/jquery-plugins.js?ln=primefaces&v=4.0 HTTP/1.1" 304 -
186.155.82.113 - - [18/Dec/2023:06:00:19 -0500] "GET /sipse/faces/javax.faces.resource/primefaces.js?ln=primefaces&v=4.0 HTTP/1.1" 304 -
186.155.82.113 - - [18/Dec/2023:06:00:19 -0500] "GET /sipse/faces/javax.faces.resource/layout/layout.js?ln=primefaces&v=4.0 HTTP/1.1" 304 -
186.155.82.113 - - [18/Dec/2023:06:00:19 -0500] "GET /sipse/faces/javax.faces.resource/dynamiccontent.properties?ln=primefaces&pfdrid=XjOR5%2F%2FfPAZAuY9TpWQeCiM0BhlXxYRBGKi%2FQcXXfeA%3D&pfdrid_c=false HTTP/1.1" 500 383
186.155.82.113 - - [18/Dec/2023:06:00:24 -0500] "POST /sipse/faces/presentacion/financiero/solicitudProceso/consultarSolicitudProceso.xhtml HTTP/1.1" 200 30364
186.155.82.113 - - [18/Dec/2023:06:00:24 -0500] "GET /sipse/faces/javax.faces.resource/theme.css?ln=primefaces-sipse HTTP/1.1" 304 -
186.155.82.113 - - [18/Dec/2023:06:00:24 -0500] "GET /sipse/faces/javax.faces.resource/primefaces.css?ln=primefaces&v=4.0 HTTP/1.1" 304 -
186.155.82.113 - - [18/Dec/2023:06:00:24 -0500] "GET /sipse/faces/javax.faces.resource/jquery/jquery-plugins.js?ln=primefaces&v=4.0 HTTP/1.1" 304 -
186.155.82.113 - - [18/Dec/2023:06:00:24 -0500] "GET /sipse/faces/javax.faces.resource/jquery/jquery.js?ln=primefaces&v=4.0 HTTP/1.1" 304 -
186.155.82.113 - - [18/Dec/2023:06:00:24 -0500] "GET /sipse/faces/javax.faces.resource/primefaces.js?ln=primefaces&v=4.0 HTTP/1.1" 304 -
186.155.82.113 - - [18/Dec/2023:06:00:24 -0500] "GET /sipse/faces/javax.faces.resource/layout/layout.css?ln=primefaces&v=4.0 HTTP/1.1" 304 -
186.155.82.113 - - [18/Dec/2023:06:00:24 -0500] "GET /sipse/faces/javax.faces.resource/layout/layout.js?ln=primefaces&v=4.0 HTTP/1.1" 304 -
201.245.192.253 - - [18/Dec/2023:06:00:26 -0500] "POST /forms/lservlet;jsessionid=ac16012b30d68f87e6b31bdd4159a82faa45787d3329.e3iSbxaKaheRe34Qc38TbN0Nb41ynknvrkLOlQzNp65In0 HTTP/1.1" 200 2
156.59.198.136 - - [18/Dec/2023:06:00:40 -0500] "GET /BLA/resoluciones/AUTOS%202007/1814.pdf HTTP/1.0" 200 29452
201.245.192.253 - - [18/Dec/2023:06:00:41 -0500] "POST /kwsrmcab/Wsrmcab  HTTP/1.1" 200 37894
201.245.192.253 - - [18/Dec/2023:06:01:00 -0500] "POST /forms/lservlet;jsessionid=ac16012b30d665b9d6b5cea24731bd918aefbc6c9e46.e3iSbxaKaheRe34Qc38TbN0Nb41ynknvrkLOlQzNp65In0 HTTP/1.1" 200 2
186.155.82.113 - - [18/Dec/2023:06:01:02 -0500] "POST /sipse/faces/presentacion/financiero/solicitudProceso/consultarHistorialSolProceso.xhtml HTTP/1.1" 200 168897
186.155.82.113 - - [18/Dec/2023:06:01:02 -0500] "GET /sipse/faces/javax.faces.resource/theme.css?ln=primefaces-sipse HTTP/1.1" 304 -
186.155.82.113 - - [18/Dec/2023:06:01:02 -0500] "GET /sipse/faces/javax.faces.resource/primefaces.css?ln=primefaces&v=4.0 HTTP/1.1" 304 -
186.155.82.113 - - [18/Dec/2023:06:01:02 -0500] "GET /sipse/faces/javax.faces.resource/layout/layout.css?ln=primefaces&v=4.0 HTTP/1.1" 304 -
186.155.82.113 - - [18/Dec/2023:06:01:02 -0500] "GET /sipse/faces/javax.faces.resource/jquery/jquery.js?ln=primefaces&v=4.0 HTTP/1.1" 304 -
186.155.82.113 - - [18/Dec/2023:06:01:02 -0500] "GET /sipse/faces/javax.faces.resource/jquery/jquery-plugins.js?ln=primefaces&v=4.0 HTTP/1.1" 304 -
186.155.82.113 - - [18/Dec/2023:06:01:02 -0500] "GET /sipse/faces/javax.faces.resource/primefaces.js?ln=primefaces&v=4.0 HTTP/1.1" 304 -
186.155.82.113 - - [18/Dec/2023:06:01:02 -0500] "GET /sipse/faces/javax.faces.resource/layout/layout.js?ln=primefaces&v=4.0 HTTP/1.1" 304 -
186.155.82.113 - - [18/Dec/2023:06:01:03 -0500] "GET /sipse/faces/javax.faces.resource/dynamiccontent.properties?ln=primefaces&pfdrid=XjOR5%2F%2FfPAZAuY9TpWQeCiM0BhlXxYRBGKi%2FQcXXfeA%3D&pfdrid_c=false HTTP/1.1" 500 383
156.59.198.136 - - [18/Dec/2023:06:01:04 -0500] "GET /BLA/resoluciones/AUTOS%202014/0965.pdf HTTP/1.0" 200 950057
172.22.2.4 - - [18/Dec/2023:05:59:47 -0500] "HEAD /BLA/boletinlegal/ HTTP/1.1" 200 -
156.59.198.136 - - [18/Dec/2023:06:01:30 -0500] "GET /BLA/resoluciones/AUTOS%202007/2465.pdf HTTP/1.0" 200 92092
156.59.198.136 - - [18/Dec/2023:06:01:54 -0500] "GET /BLA/resoluciones/AUTOS%202014/0470.pdf HTTP/1.0" 200 143233
66.249.79.106 - - [18/Dec/2023:06:02:06 -0500] "GET /Residuos/textiles/files/guia_textiles.pdf HTTP/1.1" 200 12356716
172.22.2.4 - - [18/Dec/2023:06:00:38 -0500] "GET /BLA/boletinlegal/ HTTP/1.1" 200 60634
156.59.198.136 - - [18/Dec/2023:06:02:19 -0500] "GET /BLA/resoluciones/AUTOS%202007/1078.pdf HTTP/1.0" 200 28687
201.245.192.253 - - [18/Dec/2023:06:02:26 -0500] "POST /forms/lservlet;jsessionid=ac16012b30d68f87e6b31bdd4159a82faa45787d3329.e3iSbxaKaheRe34Qc38TbN0Nb41ynknvrkLOlQzNp65In0 HTTP/1.1" 200 2
186.155.82.113 - - [18/Dec/2023:06:02:38 -0500] "POST /sipse/faces/presentacion/financiero/solicitudProceso/consultar.xhtml HTTP/1.1" 200 2290
186.155.82.113 - - [18/Dec/2023:06:02:42 -0500] "POST /sipse/faces/presentacion/financiero/solicitudProceso/consultar.xhtml HTTP/1.1" 200 9989
216.245.221.92 - - [18/Dec/2023:06:02:43 -0500] "HEAD / HTTP/1.1" 200 -
186.155.82.113 - - [18/Dec/2023:06:02:43 -0500] "POST /sipse/faces/presentacion/financiero/solicitudProceso/consultar.xhtml HTTP/1.1" 200 9989
156.59.198.135 - - [18/Dec/2023:06:02:44 -0500] "GET /BLA/resoluciones/RESOLUCIONES%202020/2606.pdf HTTP/1.0" 200 391362
216.244.66.195 - - [18/Dec/2023:06:02:45 -0500] "GET /BLA/resoluciones/AUTOS%202016/0590.pdf HTTP/1.1" 200 325065
186.155.82.113 - - [18/Dec/2023:06:02:55 -0500] "POST /sipse/faces/presentacion/financiero/solicitudProceso/consultar.xhtml HTTP/1.1" 200 23150
186.155.82.113 - - [18/Dec/2023:06:02:59 -0500] "POST /sipse/faces/presentacion/financiero/solicitudProceso/consultar.xhtml HTTP/1.1" 200 9989
201.245.192.253 - - [18/Dec/2023:06:03:00 -0500] "POST /forms/lservlet;jsessionid=ac16012b30d665b9d6b5cea24731bd918aefbc6c9e46.e3iSbxaKaheRe34Qc38TbN0Nb41ynknvrkLOlQzNp65In0 HTTP/1.1" 200 2
186.155.82.113 - - [18/Dec/2023:06:03:02 -0500] "POST /sipse/faces/presentacion/financiero/solicitudProceso/consultar.xhtml HTTP/1.1" 200 36570
186.155.82.113 - - [18/Dec/2023:06:03:02 -0500] "GET /sipse/faces/javax.faces.resource/theme.css?ln=primefaces-sipse HTTP/1.1" 304 -
186.155.82.113 - - [18/Dec/2023:06:03:02 -0500] "GET /sipse/faces/javax.faces.resource/primefaces.css?ln=primefaces&v=4.0 HTTP/1.1" 304 -
186.155.82.113 - - [18/Dec/2023:06:03:02 -0500] "GET /sipse/faces/javax.faces.resource/layout/layout.css?ln=primefaces&v=4.0 HTTP/1.1" 304 -
186.155.82.113 - - [18/Dec/2023:06:03:02 -0500] "GET /sipse/faces/javax.faces.resource/jquery/jquery.js?ln=primefaces&v=4.0 HTTP/1.1" 304 -
186.155.82.113 - - [18/Dec/2023:06:03:02 -0500] "GET /sipse/faces/javax.faces.resource/jquery/jquery-plugins.js?ln=primefaces&v=4.0 HTTP/1.1" 304 -
186.155.82.113 - - [18/Dec/2023:06:03:02 -0500] "GET /sipse/faces/javax.faces.resource/primefaces.js?ln=primefaces&v=4.0 HTTP/1.1" 304 -
186.155.82.113 - - [18/Dec/2023:06:03:02 -0500] "GET /sipse/faces/javax.faces.resource/layout/layout.js?ln=primefaces&v=4.0 HTTP/1.1" 304 -
186.155.82.113 - - [18/Dec/2023:06:03:02 -0500] "GET /sipse/css/imagen/contrasena.png HTTP/1.1" 404 383
186.155.82.113 - - [18/Dec/2023:06:03:02 -0500] "POST /sipse/faces/presentacion/financiero/solicitudProceso/listarSolicitudProceso.xhtml HTTP/1.1" 200 29834
186.155.82.113 - - [18/Dec/2023:06:03:03 -0500] "POST /sipse/faces/presentacion/financiero/solicitudProceso/listarSolicitudProceso.xhtml HTTP/1.1" 200 29834
186.155.82.113 - - [18/Dec/2023:06:03:03 -0500] "POST /sipse/faces/presentacion/financiero/solicitudProceso/listarSolicitudProceso.xhtml HTTP/1.1" 200 29834
186.155.82.113 - - [18/Dec/2023:06:03:03 -0500] "POST /sipse/faces/presentacion/financiero/solicitudProceso/listarSolicitudProceso.xhtml HTTP/1.1" 200 1396
186.155.82.113 - - [18/Dec/2023:06:03:03 -0500] "POST /sipse/faces/presentacion/financiero/solicitudProceso/listarSolicitudProceso.xhtml HTTP/1.1" 200 1392
186.155.82.113 - - [18/Dec/2023:06:03:04 -0500] "POST /sipse/faces/presentacion/financiero/solicitudProceso/listarSolicitudProceso.xhtml HTTP/1.1" 200 1400
186.155.82.113 - - [18/Dec/2023:06:03:04 -0500] "POST /sipse/faces/presentacion/financiero/solicitudProceso/listarSolicitudProceso.xhtml HTTP/1.1" 200 1392
156.59.198.135 - - [18/Dec/2023:06:03:07 -0500] "GET /BLA/resoluciones/AUTOS%202007/1000.pdf HTTP/1.0" 200 34430
156.59.198.135 - - [18/Dec/2023:06:03:31 -0500] "GET /BLA/resoluciones/RESOLUCIONES%202009/1029.pdf HTTP/1.0" 200 210242
156.59.198.135 - - [18/Dec/2023:06:03:56 -0500] "GET /BLA/resoluciones/AUTOS%202014/0823.pdf HTTP/1.0" 200 286237
156.59.198.135 - - [18/Dec/2023:06:04:22 -0500] "GET /BLA/resoluciones/AUTOS%202007/3161.pdf HTTP/1.0" 200 88980
201.245.192.253 - - [18/Dec/2023:06:04:26 -0500] "POST /forms/lservlet;jsessionid=ac16012b30d68f87e6b31bdd4159a82faa45787d3329.e3iSbxaKaheRe34Qc38TbN0Nb41ynknvrkLOlQzNp65In0 HTTP/1.1" 200 2
156.59.198.136 - - [18/Dec/2023:06:04:45 -0500] "GET /BLA/resoluciones/AUTOS%202007/1074.pdf HTTP/1.0" 200 22305
201.245.192.253 - - [18/Dec/2023:06:05:00 -0500] "POST /forms/lservlet;jsessionid=ac16012b30d665b9d6b5cea24731bd918aefbc6c9e46.e3iSbxaKaheRe34Qc38TbN0Nb41ynknvrkLOlQzNp65In0 HTTP/1.1" 200 2
156.59.198.136 - - [18/Dec/2023:06:05:10 -0500] "GET /BLA/resoluciones/AUTOS%202019/3071.pdf HTTP/1.0" 200 263700
186.155.82.113 - - [18/Dec/2023:06:05:40 -0500] "POST /sipse/faces/presentacion/financiero/solicitudProceso/listarSolicitudProceso.xhtml HTTP/1.1" 200 29834
186.155.82.113 - - [18/Dec/2023:06:05:41 -0500] "POST /sipse/faces/presentacion/financiero/solicitudProceso/listarSolicitudProceso.xhtml HTTP/1.1" 200 29834
186.155.82.113 - - [18/Dec/2023:06:05:41 -0500] "POST /sipse/faces/presentacion/financiero/solicitudProceso/listarSolicitudProceso.xhtml HTTP/1.1" 200 29834
186.155.82.113 - - [18/Dec/2023:06:05:41 -0500] "POST /sipse/faces/presentacion/financiero/solicitudProceso/listarSolicitudProceso.xhtml HTTP/1.1" 200 29834
186.155.82.113 - - [18/Dec/2023:06:05:41 -0500] "POST /sipse/faces/presentacion/financiero/solicitudProceso/listarSolicitudProceso.xhtml HTTP/1.1" 200 29834
201.245.192.253 - - [18/Dec/2023:06:05:39 -0500] "POST /kwsrmcab/Wsrmcab  HTTP/1.1" 200 37894
186.155.82.113 - - [18/Dec/2023:06:05:42 -0500] "POST /sipse/faces/presentacion/financiero/solicitudProceso/listarSolicitudProceso.xhtml HTTP/1.1" 200 1396
186.155.82.113 - - [18/Dec/2023:06:05:42 -0500] "POST /sipse/faces/presentacion/financiero/solicitudProceso/listarSolicitudProceso.xhtml HTTP/1.1" 200 1392
186.155.82.113 - - [18/Dec/2023:06:05:42 -0500] "POST /sipse/faces/presentacion/financiero/solicitudProceso/listarSolicitudProceso.xhtml HTTP/1.1" 200 1400
186.155.82.113 - - [18/Dec/2023:06:05:42 -0500] "POST /sipse/faces/presentacion/financiero/solicitudProceso/listarSolicitudProceso.xhtml HTTP/1.1" 200 1392
186.155.82.113 - - [18/Dec/2023:06:05:42 -0500] "POST /sipse/faces/presentacion/financiero/solicitudProceso/listarSolicitudProceso.xhtml HTTP/1.1" 200 1400
216.244.66.195 - - [18/Dec/2023:06:05:56 -0500] "GET /BLA/resoluciones/AUTOS%202010/5931.pdf HTTP/1.1" 200 344312
156.59.198.136 - - [18/Dec/2023:06:05:58 -0500] "GET /BLA/resoluciones/RESOLUCIONES%202023/1011.pdf HTTP/1.0" 200 473369
156.59.198.135 - - [18/Dec/2023:06:06:22 -0500] "GET /BLA/resoluciones/RESOLUCIONES%202023/0541.pdf HTTP/1.0" 200 1060253
186.155.82.113 - - [18/Dec/2023:06:06:23 -0500] "POST /sipse/faces/presentacion/financiero/solicitudProceso/consultarSolicitudProceso.xhtml HTTP/1.1" 200 86053
186.155.82.113 - - [18/Dec/2023:06:06:23 -0500] "GET /sipse/faces/javax.faces.resource/theme.css?ln=primefaces-sipse HTTP/1.1" 304 -
186.155.82.113 - - [18/Dec/2023:06:06:23 -0500] "GET /sipse/faces/javax.faces.resource/primefaces.css?ln=primefaces&v=4.0 HTTP/1.1" 304 -
186.155.82.113 - - [18/Dec/2023:06:06:23 -0500] "GET /sipse/faces/javax.faces.resource/layout/layout.css?ln=primefaces&v=4.0 HTTP/1.1" 304 -
186.155.82.113 - - [18/Dec/2023:06:06:23 -0500] "GET /sipse/faces/javax.faces.resource/jquery/jquery.js?ln=primefaces&v=4.0 HTTP/1.1" 304 -
186.155.82.113 - - [18/Dec/2023:06:06:23 -0500] "GET /sipse/faces/javax.faces.resource/jquery/jquery-plugins.js?ln=primefaces&v=4.0 HTTP/1.1" 304 -
186.155.82.113 - - [18/Dec/2023:06:06:24 -0500] "GET /sipse/faces/javax.faces.resource/primefaces.js?ln=primefaces&v=4.0 HTTP/1.1" 304 -
186.155.82.113 - - [18/Dec/2023:06:06:24 -0500] "GET /sipse/faces/javax.faces.resource/layout/layout.js?ln=primefaces&v=4.0 HTTP/1.1" 304 -
201.245.192.253 - - [18/Dec/2023:06:06:26 -0500] "POST /forms/lservlet;jsessionid=ac16012b30d68f87e6b31bdd4159a82faa45787d3329.e3iSbxaKaheRe34Qc38TbN0Nb41ynknvrkLOlQzNp65In0 HTTP/1.1" 200 2
216.244.66.195 - - [18/Dec/2023:06:06:45 -0500] "GET /BLA/resoluciones/RESOLUCIONES%202019/0588.pdf HTTP/1.1" 200 273375
156.59.198.136 - - [18/Dec/2023:06:06:46 -0500] "GET /BLA/resoluciones/RESOLUCIONES%202023/1577.pdf HTTP/1.0" 200 408035
186.155.82.113 - - [18/Dec/2023:06:06:46 -0500] "POST /sipse/faces/presentacion/financiero/solicitudProceso/crearModificarSolicitudProceso.xhtml HTTP/1.1" 200 124212
186.155.82.113 - - [18/Dec/2023:06:06:47 -0500] "GET /sipse/faces/javax.faces.resource/theme.css?ln=primefaces-sipse HTTP/1.1" 304 -
186.155.82.113 - - [18/Dec/2023:06:06:47 -0500] "GET /sipse/faces/javax.faces.resource/primefaces.css?ln=primefaces&v=4.0 HTTP/1.1" 304 -
186.155.82.113 - - [18/Dec/2023:06:06:47 -0500] "GET /sipse/faces/javax.faces.resource/layout/layout.css?ln=primefaces&v=4.0 HTTP/1.1" 304 -
186.155.82.113 - - [18/Dec/2023:06:06:47 -0500] "GET /sipse/faces/javax.faces.resource/jquery/jquery.js?ln=primefaces&v=4.0 HTTP/1.1" 304 -
186.155.82.113 - - [18/Dec/2023:06:06:47 -0500] "GET /sipse/faces/javax.faces.resource/jquery/jquery-plugins.js?ln=primefaces&v=4.0 HTTP/1.1" 304 -
186.155.82.113 - - [18/Dec/2023:06:06:47 -0500] "GET /sipse/faces/javax.faces.resource/primefaces.js?ln=primefaces&v=4.0 HTTP/1.1" 304 -
186.155.82.113 - - [18/Dec/2023:06:06:47 -0500] "GET /sipse/faces/javax.faces.resource/layout/layout.js?ln=primefaces&v=4.0 HTTP/1.1" 304 -
186.155.82.113 - - [18/Dec/2023:06:06:48 -0500] "GET /sipse/faces/javax.faces.resource/dynamiccontent.properties?ln=primefaces&pfdrid=XjOR5%2F%2FfPAZAuY9TpWQeCiM0BhlXxYRBGKi%2FQcXXfeA%3D&pfdrid_c=false HTTP/1.1" 500 383
201.245.192.253 - - [18/Dec/2023:06:07:00 -0500] "POST /forms/lservlet;jsessionid=ac16012b30d665b9d6b5cea24731bd918aefbc6c9e46.e3iSbxaKaheRe34Qc38TbN0Nb41ynknvrkLOlQzNp65In0 HTTP/1.1" 200 2
156.59.198.136 - - [18/Dec/2023:06:07:11 -0500] "GET /BLA/resoluciones/RESOLUCIONES%202023/1833.pdf HTTP/1.0" 200 487734
172.22.2.4 - - [18/Dec/2023:06:05:37 -0500] "HEAD /BLA/boletinlegal/ HTTP/1.1" 200 -
216.244.66.195 - - [18/Dec/2023:06:07:30 -0500] "GET /BLA/resoluciones/RESOLUCIONES%202019/1140.pdf HTTP/1.1" 200 449057
156.59.198.135 - - [18/Dec/2023:06:07:34 -0500] "GET /BLA/resoluciones/RESOLUCIONES%202023/0840.pdf HTTP/1.0" 200 397464
216.245.221.92 - - [18/Dec/2023:06:07:43 -0500] "HEAD / HTTP/1.1" 200 -
156.59.198.136 - - [18/Dec/2023:06:07:58 -0500] "GET /BLA/resoluciones/RESOLUCIONES%202023/2637.pdf HTTP/1.0" 200 526048
172.22.2.4 - - [18/Dec/2023:06:06:28 -0500] "GET /BLA/boletinlegal/ HTTP/1.1" 200 58294
216.244.66.195 - - [18/Dec/2023:06:08:19 -0500] "GET /BLA/resoluciones/RESOLUCIONES%202019/3302.pdf HTTP/1.1" 200 283044
156.59.198.135 - - [18/Dec/2023:06:08:22 -0500] "GET /BLA/resoluciones/RESOLUCIONES%202023/0019.pdf HTTP/1.0" 200 448541
201.245.192.253 - - [18/Dec/2023:06:08:26 -0500] "POST /forms/lservlet;jsessionid=ac16012b30d68f87e6b31bdd4159a82faa45787d3329.e3iSbxaKaheRe34Qc38TbN0Nb41ynknvrkLOlQzNp65In0 HTTP/1.1" 200 2
156.59.198.136 - - [18/Dec/2023:06:08:48 -0500] "GET /BLA/resoluciones/RESOLUCIONES%202023/1317.pdf HTTP/1.0" 200 398795
201.245.192.253 - - [18/Dec/2023:06:09:00 -0500] "POST /forms/lservlet;jsessionid=ac16012b30d665b9d6b5cea24731bd918aefbc6c9e46.e3iSbxaKaheRe34Qc38TbN0Nb41ynknvrkLOlQzNp65In0 HTTP/1.1" 200 2
216.244.66.195 - - [18/Dec/2023:06:09:04 -0500] "GET /BLA/resoluciones/RESOLUCIONES%202023/0327.pdf HTTP/1.1" 200 504328
172.22.2.4 - - [18/Dec/2023:06:09:10 -0500] "GET /BLA/boletinlegal/robots.txt HTTP/1.1" 404 1038
172.22.2.4 - - [18/Dec/2023:06:09:10 -0500] "GET /BLA/boletinlegal/actos.php HTTP/1.1" 200 9682
156.59.198.135 - - [18/Dec/2023:06:09:12 -0500] "GET /BLA/resoluciones/RESOLUCIONES%202023/0250.pdf HTTP/1.0" 200 421728
156.59.198.135 - - [18/Dec/2023:06:09:36 -0500] "GET /BLA/resoluciones/RESOLUCIONES%202023/0256.pdf HTTP/1.0" 200 507616
66.220.149.12 - - [18/Dec/2023:06:09:45 -0500] "GET /images/pl\xc3\xa1sticos%20foto%201..jpg HTTP/1.1" 404 1034
216.244.66.195 - - [18/Dec/2023:06:09:48 -0500] "GET /BLA/resoluciones/RESOLUCIONES%202023/0916.pdf HTTP/1.1" 200 382887
156.59.198.135 - - [18/Dec/2023:06:10:01 -0500] "GET /BLA/resoluciones/RESOLUCIONES%202023/1392.pdf HTTP/1.0" 200 456875
172.22.2.4 - - [18/Dec/2023:06:10:15 -0500] "GET /BLA/boletinlegal/js/lib.js HTTP/1.1" 200 6474
172.22.2.4 - - [18/Dec/2023:06:10:15 -0500] "GET /BLA/boletinlegal/styles2.css HTTP/1.1" 200 1838
172.22.2.4 - - [18/Dec/2023:06:10:15 -0500] "GET /BLA/boletinlegal/js/popup.js HTTP/1.1" 200 1270
172.22.2.4 - - [18/Dec/2023:06:10:16 -0500] "GET /BLA/boletinlegal/js/jquery1.js HTTP/1.1" 200 29846
172.22.2.4 - - [18/Dec/2023:06:10:16 -0500] "GET /BLA/boletinlegal/niceforms-default.css HTTP/1.1" 200 6694
172.22.2.4 - - [18/Dec/2023:06:10:17 -0500] "GET /BLA/boletinlegal/niceforms.js HTTP/1.1" 200 22876
216.244.66.195 - - [18/Dec/2023:06:10:25 -0500] "GET /BLA/resoluciones/RESOLUCIONES%202023/1402.pdf HTTP/1.1" 200 494524
156.59.198.136 - - [18/Dec/2023:06:10:25 -0500] "GET /BLA/resoluciones/RESOLUCIONES%202023/1310.pdf HTTP/1.0" 200 390819
201.245.192.253 - - [18/Dec/2023:06:10:26 -0500] "POST /forms/lservlet;jsessionid=ac16012b30d68f87e6b31bdd4159a82faa45787d3329.e3iSbxaKaheRe34Qc38TbN0Nb41ynknvrkLOlQzNp65In0 HTTP/1.1" 200 2
201.245.192.253 - - [18/Dec/2023:06:10:38 -0500] "POST /kwsrmcab/Wsrmcab  HTTP/1.1" 200 37894
156.59.198.136 - - [18/Dec/2023:06:10:49 -0500] "GET /BLA/resoluciones/RESOLUCIONES%202023/0768.pdf HTTP/1.0" 200 455039
201.245.192.253 - - [18/Dec/2023:06:11:00 -0500] "POST /forms/lservlet;jsessionid=ac16012b30d665b9d6b5cea24731bd918aefbc6c9e46.e3iSbxaKaheRe34Qc38TbN0Nb41ynknvrkLOlQzNp65In0 HTTP/1.1" 200 2
216.244.66.195 - - [18/Dec/2023:06:11:06 -0500] "GET /BLA/resoluciones/RESOLUCIONES%202016/2456.pdf HTTP/1.1" 200 365546
156.59.198.136 - - [18/Dec/2023:06:11:14 -0500] "GET /BLA/resoluciones/RESOLUCIONES%202023/0381.pdf HTTP/1.0" 200 364652
156.59.198.135 - - [18/Dec/2023:06:11:39 -0500] "GET /BLA/resoluciones/RESOLUCIONES%202023/1839.pdf HTTP/1.0" 200 656959
216.244.66.195 - - [18/Dec/2023:06:11:44 -0500] "GET /BLA/resoluciones/AUTOS%202019/0445.pdf HTTP/1.1" 200 256640
156.59.198.136 - - [18/Dec/2023:06:12:03 -0500] "GET /BLA/resoluciones/RESOLUCIONES%202023/2409.pdf HTTP/1.0" 200 318592
216.244.66.195 - - [18/Dec/2023:06:12:20 -0500] "GET /BLA/resoluciones/AUTOS%202019/1131.pdf HTTP/1.1" 200 300136
201.245.192.253 - - [18/Dec/2023:06:12:26 -0500] "POST /forms/lservlet;jsessionid=ac16012b30d68f87e6b31bdd4159a82faa45787d3329.e3iSbxaKaheRe34Qc38TbN0Nb41ynknvrkLOlQzNp65In0 HTTP/1.1" 200 2
156.59.198.136 - - [18/Dec/2023:06:12:27 -0500] "GET /BLA/resoluciones/RESOLUCIONES%202023/1099.pdf HTTP/1.0" 200 340233
216.245.221.92 - - [18/Dec/2023:06:12:43 -0500] "HEAD / HTTP/1.1" 200 -
216.244.66.195 - - [18/Dec/2023:06:12:50 -0500] "GET /BLA/resoluciones/AUTOS%202019/1376.pdf HTTP/1.1" 200 250536
156.59.198.136 - - [18/Dec/2023:06:12:53 -0500] "GET /BLA/resoluciones/RESOLUCIONES%202023/0248.pdf HTTP/1.0" 200 465174
201.245.192.253 - - [18/Dec/2023:06:13:00 -0500] "POST /forms/lservlet;jsessionid=ac16012b30d665b9d6b5cea24731bd918aefbc6c9e46.e3iSbxaKaheRe34Qc38TbN0Nb41ynknvrkLOlQzNp65In0 HTTP/1.1" 200 2
172.22.2.4 - - [18/Dec/2023:06:11:27 -0500] "HEAD /BLA/boletinlegal/ HTTP/1.1" 200 -
156.59.198.135 - - [18/Dec/2023:06:13:17 -0500] "GET /BLA/resoluciones/RESOLUCIONES%202023/0554.pdf HTTP/1.0" 200 419083
216.244.66.195 - - [18/Dec/2023:06:13:18 -0500] "GET /BLA/resoluciones/AUTOS%202019/1384.pdf HTTP/1.1" 200 253321
156.59.198.135 - - [18/Dec/2023:06:13:42 -0500] "GET /BLA/resoluciones/RESOLUCIONES%202023/1199.pdf HTTP/1.0" 200 378268
216.244.66.195 - - [18/Dec/2023:06:13:45 -0500] "GET /BLA/resoluciones/AUTOS%202019/1911.pdf HTTP/1.1" 200 268700
172.22.2.4 - - [18/Dec/2023:06:12:18 -0500] "GET /BLA/boletinlegal/ HTTP/1.1" 200 58294
156.59.198.136 - - [18/Dec/2023:06:14:07 -0500] "GET /BLA/resoluciones/RESOLUCIONES%202023/0361.pdf HTTP/1.0" 200 351623
216.244.66.195 - - [18/Dec/2023:06:14:12 -0500] "GET /BLA/resoluciones/AUTOS%202019/2290.pdf HTTP/1.1" 200 286816
152.61.128.50 - - [18/Dec/2023:06:14:24 -0500] "GET /arcgis/services/Calidad_del_Agua_WQI/MapServer/WMSServer?request=GetCapabilities&service=WMS HTTP/1.1" 503 1020
152.61.128.50 - - [18/Dec/2023:06:14:25 -0500] "GET /arcgis/services/Calidad_del_Agua_WQI/MapServer/WMSServer?SERVICE=WMS&REQUEST=GetCapabilities HTTP/1.1" 503 1020
152.61.128.50 - - [18/Dec/2023:06:14:26 -0500] "GET /arcgis/services/Calidad_del_Agua_WQI/MapServer/WMSServer?WMTVER=1.0.0&REQUEST=capabilities HTTP/1.1" 503 1020
201.245.192.253 - - [18/Dec/2023:06:14:26 -0500] "POST /forms/lservlet;jsessionid=ac16012b30d68f87e6b31bdd4159a82faa45787d3329.e3iSbxaKaheRe34Qc38TbN0Nb41ynknvrkLOlQzNp65In0 HTTP/1.1" 200 2
156.59.198.136 - - [18/Dec/2023:06:14:31 -0500] "GET /BLA/resoluciones/RESOLUCIONES%202023/0503.pdf HTTP/1.0" 200 542615
216.244.66.195 - - [18/Dec/2023:06:14:37 -0500] "GET /BLA/resoluciones/AUTOS%202019/2822.pdf HTTP/1.1" 200 283887
156.59.198.135 - - [18/Dec/2023:06:14:55 -0500] "GET /BLA/resoluciones/RESOLUCIONES%202023/0834.pdf HTTP/1.0" 200 377140
201.245.192.253 - - [18/Dec/2023:06:15:00 -0500] "POST /forms/lservlet;jsessionid=ac16012b30d665b9d6b5cea24731bd918aefbc6c9e46.e3iSbxaKaheRe34Qc38TbN0Nb41ynknvrkLOlQzNp65In0 HTTP/1.1" 200 2
216.244.66.195 - - [18/Dec/2023:06:15:04 -0500] "GET /BLA/resoluciones/AUTOS%202019/3138.pdf HTTP/1.1" 200 359373
156.59.198.135 - - [18/Dec/2023:06:15:21 -0500] "GET /BLA/resoluciones/RESOLUCIONES%202023/0053.pdf HTTP/1.0" 200 501622
216.244.66.195 - - [18/Dec/2023:06:15:28 -0500] "GET /BLA/resoluciones/AUTOS%202019/3212.pdf HTTP/1.1" 200 584454
201.245.192.253 - - [18/Dec/2023:06:15:38 -0500] "POST /kwsrmcab/Wsrmcab  HTTP/1.1" 200 37894
156.59.198.135 - - [18/Dec/2023:06:15:45 -0500] "GET /BLA/resoluciones/RESOLUCIONES%202023/0036.pdf HTTP/1.0" 200 460724
201.245.192.253 - - [18/Dec/2023:06:15:45 -0500] "POST /kwsrmcab/Wsrmcab HTTP/1.1" 200 38544
201.245.192.253 - - [18/Dec/2023:06:15:48 -0500] "POST /kwsrmcab/Wsrmcab HTTP/1.1" 200 38968
216.244.66.195 - - [18/Dec/2023:06:15:53 -0500] "GET /BLA/resoluciones/AUTOS%202019/3581.pdf HTTP/1.1" 200 292268
156.59.198.135 - - [18/Dec/2023:06:16:08 -0500] "GET /BLA/resoluciones/RESOLUCIONES%202023/0691.pdf HTTP/1.0" 200 350861
216.244.66.195 - - [18/Dec/2023:06:16:18 -0500] "GET /BLA/resoluciones/AUTOS%202019/3849.pdf HTTP/1.1" 200 263151
201.245.192.253 - - [18/Dec/2023:06:16:26 -0500] "POST /forms/lservlet;jsessionid=ac16012b30d68f87e6b31bdd4159a82faa45787d3329.e3iSbxaKaheRe34Qc38TbN0Nb41ynknvrkLOlQzNp65In0 HTTP/1.1" 200 2
156.59.198.135 - - [18/Dec/2023:06:16:33 -0500] "GET /BLA/resoluciones/RESOLUCIONES%202023/1674.pdf HTTP/1.0" 200 328040
156.59.198.136 - - [18/Dec/2023:06:16:56 -0500] "GET /BLA/resoluciones/RESOLUCIONES%202023/1361.pdf HTTP/1.0" 200 377910
201.245.192.253 - - [18/Dec/2023:06:17:00 -0500] "POST /forms/lservlet;jsessionid=ac16012b30d665b9d6b5cea24731bd918aefbc6c9e46.e3iSbxaKaheRe34Qc38TbN0Nb41ynknvrkLOlQzNp65In0 HTTP/1.1" 200 2
156.59.198.135 - - [18/Dec/2023:06:17:21 -0500] "GET /BLA/resoluciones/RESOLUCIONES%202023/1295.pdf HTTP/1.0" 200 398650
216.245.221.92 - - [18/Dec/2023:06:17:43 -0500] "HEAD / HTTP/1.1" 200 -
156.59.198.136 - - [18/Dec/2023:06:17:46 -0500] "GET /BLA/resoluciones/RESOLUCIONES%202023/0689.pdf HTTP/1.0" 200 380061
156.59.198.135 - - [18/Dec/2023:06:18:10 -0500] "GET /BLA/resoluciones/RESOLUCIONES%202023/0350.pdf HTTP/1.0" 200 488659
201.245.192.253 - - [18/Dec/2023:06:18:26 -0500] "POST /forms/lservlet;jsessionid=ac16012b30d68f87e6b31bdd4159a82faa45787d3329.e3iSbxaKaheRe34Qc38TbN0Nb41ynknvrkLOlQzNp65In0 HTTP/1.1" 200 2
156.59.198.136 - - [18/Dec/2023:06:18:34 -0500] "GET /BLA/resoluciones/RESOLUCIONES%202023/2789.pdf HTTP/1.0" 200 371982
172.22.2.4 - - [18/Dec/2023:06:17:17 -0500] "HEAD /BLA/boletinlegal/ HTTP/1.1" 200 -
156.59.198.135 - - [18/Dec/2023:06:18:59 -0500] "GET /BLA/resoluciones/RESOLUCIONES%202023/1547.pdf HTTP/1.0" 200 441681
