156.59.198.135 - - [18/Dec/2023:04:54:46 -0500] "GET /BLA/resoluciones/RESOLUCIONES%202009/0741.pdf HTTP/1.0" 200 326996
201.245.192.253 - - [18/Dec/2023:04:54:59 -0500] "POST /forms/lservlet;jsessionid=ac16012b30d665b9d6b5cea24731bd918aefbc6c9e46.e3iSbxaKaheRe34Qc38TbN0Nb41ynknvrkLOlQzNp65In0 HTTP/1.1" 200 2
156.59.198.136 - - [18/Dec/2023:04:55:10 -0500] "GET /BLA/resoluciones/AUTOS%202007/2966.pdf HTTP/1.0" 200 86202
156.59.198.136 - - [18/Dec/2023:04:55:34 -0500] "GET /BLA/resoluciones/AUTOS%202019/0159.pdf HTTP/1.0" 200 326852
157.55.39.9 - - [18/Dec/2023:04:55:35 -0500] "GET /BLA/resoluciones/AUTOS%202023/5949.pdf HTTP/1.1" 200 440505
156.59.198.135 - - [18/Dec/2023:04:55:58 -0500] "GET /BLA/resoluciones/AUTOS%202007/0268.pdf HTTP/1.0" 200 82600
201.245.192.253 - - [18/Dec/2023:04:55:56 -0500] "POST /kwsrmcab/Wsrmcab  HTTP/1.1" 200 37894
156.59.198.136 - - [18/Dec/2023:04:56:23 -0500] "GET /BLA/resoluciones/AUTOS%202007/0782.pdf HTTP/1.0" 200 244308
201.245.192.253 - - [18/Dec/2023:04:56:25 -0500] "POST /forms/lservlet;jsessionid=ac16012b30d68f87e6b31bdd4159a82faa45787d3329.e3iSbxaKaheRe34Qc38TbN0Nb41ynknvrkLOlQzNp65In0 HTTP/1.1" 200 2
156.59.198.135 - - [18/Dec/2023:04:56:48 -0500] "GET /BLA/resoluciones/AUTOS%202007/0248.pdf HTTP/1.0" 200 15723
201.245.192.253 - - [18/Dec/2023:04:56:59 -0500] "POST /forms/lservlet;jsessionid=ac16012b30d665b9d6b5cea24731bd918aefbc6c9e46.e3iSbxaKaheRe34Qc38TbN0Nb41ynknvrkLOlQzNp65In0 HTTP/1.1" 200 2
156.59.198.135 - - [18/Dec/2023:04:57:15 -0500] "GET /BLA/resoluciones/AUTOS%202007/2776.pdf HTTP/1.0" 200 75388
172.22.2.4 - - [18/Dec/2023:04:55:37 -0500] "HEAD /BLA/boletinlegal/ HTTP/1.1" 200 -
52.167.144.203 - - [18/Dec/2023:04:57:33 -0500] "GET /BLA/resoluciones/RESOLUCIONES%202021/0948.pdf HTTP/1.1" 200 2152470
47.128.111.98 - - [18/Dec/2023:04:57:40 -0500] "GET /BLA/resoluciones/index.php?dir=RESOLUCIONES+2007%2FRES+2007+2901+AL+3000%2F HTTP/1.1" 200 26859
216.245.221.92 - - [18/Dec/2023:04:57:43 -0500] "HEAD / HTTP/1.1" 200 -
47.128.111.98 - - [18/Dec/2023:04:57:56 -0500] "GET /BLA/resoluciones/dlf/dirup.png HTTP/1.1" 200 644
47.128.111.98 - - [18/Dec/2023:04:57:56 -0500] "GET /BLA/resoluciones/dlf/pdf.gif HTTP/1.1" 200 272
199.16.157.182 - - [18/Dec/2023:04:57:59 -0500] "GET /si-tienes-ropa-y-calzado-que-ya-no-usas-aca-te-presentamos-seis-puntos-a-donde-los-puedes-llevar.html HTTP/1.1" 200 872
199.16.157.182 - - [18/Dec/2023:04:57:59 -0500] "GET /images/prendas-1_optimized.jpeg HTTP/1.1" 200 65869
156.59.198.135 - - [18/Dec/2023:04:58:04 -0500] "GET /BLA/resoluciones/AUTOS%202007/2253.pdf HTTP/1.0" 200 371596
172.22.2.4 - - [18/Dec/2023:04:56:27 -0500] "GET /BLA/boletinlegal/ HTTP/1.1" 200 58294
201.245.192.253 - - [18/Dec/2023:04:58:25 -0500] "POST /forms/lservlet;jsessionid=ac16012b30d68f87e6b31bdd4159a82faa45787d3329.e3iSbxaKaheRe34Qc38TbN0Nb41ynknvrkLOlQzNp65In0 HTTP/1.1" 200 2
156.59.198.136 - - [18/Dec/2023:04:58:28 -0500] "GET /BLA/resoluciones/AUTOS%202007/2528.pdf HTTP/1.0" 200 336903
156.59.198.135 - - [18/Dec/2023:04:58:51 -0500] "GET /BLA/resoluciones/AUTOS%202007/2223.pdf HTTP/1.0" 200 98278
201.245.192.253 - - [18/Dec/2023:04:58:59 -0500] "POST /forms/lservlet;jsessionid=ac16012b30d665b9d6b5cea24731bd918aefbc6c9e46.e3iSbxaKaheRe34Qc38TbN0Nb41ynknvrkLOlQzNp65In0 HTTP/1.1" 200 2
156.59.198.135 - - [18/Dec/2023:04:59:16 -0500] "GET /BLA/resoluciones/AUTOS%202007/2098.pdf HTTP/1.0" 200 92850
156.59.198.136 - - [18/Dec/2023:04:59:41 -0500] "GET /BLA/resoluciones/AUTOS%202007/3045.pdf HTTP/1.0" 200 82325
172.22.2.4 - - [18/Dec/2023:04:59:42 -0500] "GET /BLA/boletinlegal/sitemap.xml HTTP/1.1" 404 1037
156.59.198.136 - - [18/Dec/2023:05:00:05 -0500] "GET /BLA/resoluciones/AUTOS%202019/3555.pdf HTTP/1.0" 200 254269
201.245.192.253 - - [18/Dec/2023:05:00:25 -0500] "POST /forms/lservlet;jsessionid=ac16012b30d68f87e6b31bdd4159a82faa45787d3329.e3iSbxaKaheRe34Qc38TbN0Nb41ynknvrkLOlQzNp65In0 HTTP/1.1" 200 2
156.59.198.136 - - [18/Dec/2023:05:00:30 -0500] "GET /BLA/resoluciones/RESOLUCIONES%202009/0790.pdf HTTP/1.0" 200 201830
156.59.198.135 - - [18/Dec/2023:05:00:53 -0500] "GET /BLA/resoluciones/AUTOS%202007/0648.pdf HTTP/1.0" 200 68444
201.245.192.253 - - [18/Dec/2023:05:00:55 -0500] "POST /kwsrmcab/Wsrmcab  HTTP/1.1" 200 37894
201.245.192.253 - - [18/Dec/2023:05:00:59 -0500] "POST /forms/lservlet;jsessionid=ac16012b30d665b9d6b5cea24731bd918aefbc6c9e46.e3iSbxaKaheRe34Qc38TbN0Nb41ynknvrkLOlQzNp65In0 HTTP/1.1" 200 2
156.59.198.135 - - [18/Dec/2023:05:01:20 -0500] "GET /BLA/resoluciones/RESOLUCIONES%202019/1934.pdf HTTP/1.0" 200 382816
156.59.198.135 - - [18/Dec/2023:05:01:43 -0500] "GET /BLA/resoluciones/AUTOS%202007/3350.pdf HTTP/1.0" 200 177721
156.59.198.136 - - [18/Dec/2023:05:02:09 -0500] "GET /BLA/resoluciones/AUTOS%202019/0305.pdf HTTP/1.0" 200 5127881
201.245.192.253 - - [18/Dec/2023:05:02:25 -0500] "POST /forms/lservlet;jsessionid=ac16012b30d68f87e6b31bdd4159a82faa45787d3329.e3iSbxaKaheRe34Qc38TbN0Nb41ynknvrkLOlQzNp65In0 HTTP/1.1" 200 2
156.59.198.135 - - [18/Dec/2023:05:02:32 -0500] "GET /BLA/resoluciones/AUTOS%202019/0134.pdf HTTP/1.0" 200 279569
216.245.221.92 - - [18/Dec/2023:05:02:43 -0500] "HEAD / HTTP/1.1" 200 -
156.59.198.136 - - [18/Dec/2023:05:02:55 -0500] "GET /BLA/resoluciones/RESOLUCIONES%202019/2592.pdf HTTP/1.0" 200 321977
201.245.192.253 - - [18/Dec/2023:05:02:59 -0500] "POST /forms/lservlet;jsessionid=ac16012b30d665b9d6b5cea24731bd918aefbc6c9e46.e3iSbxaKaheRe34Qc38TbN0Nb41ynknvrkLOlQzNp65In0 HTTP/1.1" 200 2
172.22.2.4 - - [18/Dec/2023:05:01:26 -0500] "HEAD /BLA/boletinlegal/ HTTP/1.1" 200 -
156.59.198.135 - - [18/Dec/2023:05:03:20 -0500] "GET /BLA/resoluciones/RESOLUCIONES%202009/0640.pdf HTTP/1.0" 200 69728
156.59.198.135 - - [18/Dec/2023:05:03:44 -0500] "GET /BLA/resoluciones/RESOLUCIONES%202009/0595.pdf HTTP/1.0" 200 342828
172.22.2.4 - - [18/Dec/2023:05:02:17 -0500] "GET /BLA/boletinlegal/ HTTP/1.1" 200 55050
156.59.198.136 - - [18/Dec/2023:05:04:08 -0500] "GET /BLA/resoluciones/RESOLUCIONES%202009/0672.pdf HTTP/1.0" 200 300019
201.245.192.253 - - [18/Dec/2023:05:04:25 -0500] "POST /forms/lservlet;jsessionid=ac16012b30d68f87e6b31bdd4159a82faa45787d3329.e3iSbxaKaheRe34Qc38TbN0Nb41ynknvrkLOlQzNp65In0 HTTP/1.1" 200 2
156.59.198.136 - - [18/Dec/2023:05:04:33 -0500] "GET /BLA/resoluciones/RESOLUCIONES%202019/1652.pdf HTTP/1.0" 200 442145
114.119.153.152 - - [18/Dec/2023:05:04:38 -0500] "GET /BLA/resoluciones/index.php?dir=Notificaciones/AUTOS%2B1988/&sort=name&order=asc HTTP/1.1" 200 13944
40.77.167.38 - - [18/Dec/2023:05:04:46 -0500] "GET /BLA/resoluciones/RESOLUCIONES%202019/0311.pdf HTTP/1.1" 304 -
156.59.198.135 - - [18/Dec/2023:05:04:57 -0500] "GET /BLA/resoluciones/RESOLUCIONES%202014/1160.pdf HTTP/1.0" 200 662319
201.245.192.253 - - [18/Dec/2023:05:04:59 -0500] "POST /forms/lservlet;jsessionid=ac16012b30d665b9d6b5cea24731bd918aefbc6c9e46.e3iSbxaKaheRe34Qc38TbN0Nb41ynknvrkLOlQzNp65In0 HTTP/1.1" 200 2
47.128.44.211 - - [18/Dec/2023:05:05:22 -0500] "GET /BLA/resoluciones/index.php?dir=RESOLUCIONES+2007%2FRES+2007+501+AL+600%2F HTTP/1.1" 200 26888
47.128.44.211 - - [18/Dec/2023:05:05:23 -0500] "GET /BLA/resoluciones/dlf/dirup.png HTTP/1.1" 200 644
47.128.44.211 - - [18/Dec/2023:05:05:23 -0500] "GET /BLA/resoluciones/dlf/pdf.gif HTTP/1.1" 200 272
156.59.198.136 - - [18/Dec/2023:05:05:47 -0500] "GET /BLA/resoluciones/RESOLUCIONES%202014/0630.pdf HTTP/1.0" 200 387809
201.245.192.253 - - [18/Dec/2023:05:05:54 -0500] "POST /kwsrmcab/Wsrmcab  HTTP/1.1" 200 37894
156.59.198.135 - - [18/Dec/2023:05:06:12 -0500] "GET /BLA/resoluciones/RESOLUCIONES%202014/1061.pdf HTTP/1.0" 200 387294
201.245.192.253 - - [18/Dec/2023:05:06:25 -0500] "POST /forms/lservlet;jsessionid=ac16012b30d68f87e6b31bdd4159a82faa45787d3329.e3iSbxaKaheRe34Qc38TbN0Nb41ynknvrkLOlQzNp65In0 HTTP/1.1" 200 2
156.59.198.135 - - [18/Dec/2023:05:06:36 -0500] "GET /BLA/resoluciones/RESOLUCIONES%202014/1236.pdf HTTP/1.0" 200 288024
201.245.192.253 - - [18/Dec/2023:05:06:59 -0500] "POST /forms/lservlet;jsessionid=ac16012b30d665b9d6b5cea24731bd918aefbc6c9e46.e3iSbxaKaheRe34Qc38TbN0Nb41ynknvrkLOlQzNp65In0 HTTP/1.1" 200 2
156.59.198.135 - - [18/Dec/2023:05:07:00 -0500] "GET /BLA/resoluciones/RESOLUCIONES%202020/1522.pdf HTTP/1.0" 200 371943
156.59.198.136 - - [18/Dec/2023:05:07:24 -0500] "GET /BLA/resoluciones/RESOLUCIONES%202009/0848.pdf HTTP/1.0" 200 292792
52.167.144.166 - - [18/Dec/2023:05:07:34 -0500] "GET /BLA/resoluciones/ HTTP/1.1" 200 13696
216.245.221.92 - - [18/Dec/2023:05:07:43 -0500] "HEAD / HTTP/1.1" 200 -
156.59.198.136 - - [18/Dec/2023:05:07:48 -0500] "GET /BLA/resoluciones/RESOLUCIONES%202009/1123.pdf HTTP/1.0" 200 57885
52.167.144.24 - - [18/Dec/2023:05:07:56 -0500] "GET /portaldeninos/?s= HTTP/1.1" 200 85920
156.59.198.136 - - [18/Dec/2023:05:08:12 -0500] "GET /BLA/resoluciones/RESOLUCIONES%202019/1923.pdf HTTP/1.0" 200 646885
52.167.144.166 - - [18/Dec/2023:05:08:23 -0500] "GET /BLA/resoluciones/dlf/styles.css HTTP/1.1" 200 3049
201.245.192.253 - - [18/Dec/2023:05:08:25 -0500] "POST /forms/lservlet;jsessionid=ac16012b30d68f87e6b31bdd4159a82faa45787d3329.e3iSbxaKaheRe34Qc38TbN0Nb41ynknvrkLOlQzNp65In0 HTTP/1.1" 200 2
66.249.79.105 - - [18/Dec/2023:05:08:35 -0500] "GET /robots.txt HTTP/1.1" 404 1018
66.249.79.105 - - [18/Dec/2023:05:08:36 -0500] "GET /BLA/resoluciones/Notificaciones/RESOLUCIONES%202022/4485.pdf HTTP/1.1" 304 -
156.59.198.135 - - [18/Dec/2023:05:08:36 -0500] "GET /BLA/resoluciones/RESOLUCIONES%202009/0832.pdf HTTP/1.0" 200 236284
172.22.2.4 - - [18/Dec/2023:05:07:17 -0500] "HEAD /BLA/boletinlegal/ HTTP/1.1" 200 -
201.245.192.253 - - [18/Dec/2023:05:08:59 -0500] "POST /forms/lservlet;jsessionid=ac16012b30d665b9d6b5cea24731bd918aefbc6c9e46.e3iSbxaKaheRe34Qc38TbN0Nb41ynknvrkLOlQzNp65In0 HTTP/1.1" 200 2
156.59.198.136 - - [18/Dec/2023:05:09:00 -0500] "GET /BLA/resoluciones/RESOLUCIONES%202009/0499.pdf HTTP/1.0" 200 201846
156.59.198.135 - - [18/Dec/2023:05:09:25 -0500] "GET /BLA/resoluciones/RESOLUCIONES%202009/0086.pdf HTTP/1.0" 200 320754
172.22.2.4 - - [18/Dec/2023:05:08:07 -0500] "GET /BLA/boletinlegal/ HTTP/1.1" 200 58294
156.59.198.136 - - [18/Dec/2023:05:09:49 -0500] "GET /BLA/resoluciones/RESOLUCIONES%202014/0819.pdf HTTP/1.0" 200 398260
156.59.198.136 - - [18/Dec/2023:05:10:14 -0500] "GET /BLA/resoluciones/RESOLUCIONES%202009/1191.pdf HTTP/1.0" 200 266206
201.245.192.253 - - [18/Dec/2023:05:10:25 -0500] "POST /forms/lservlet;jsessionid=ac16012b30d68f87e6b31bdd4159a82faa45787d3329.e3iSbxaKaheRe34Qc38TbN0Nb41ynknvrkLOlQzNp65In0 HTTP/1.1" 200 2
156.59.198.135 - - [18/Dec/2023:05:10:38 -0500] "GET /BLA/resoluciones/RESOLUCIONES%202009/0233.pdf HTTP/1.0" 200 610311
201.245.192.253 - - [18/Dec/2023:05:10:53 -0500] "POST /kwsrmcab/Wsrmcab  HTTP/1.1" 200 37894
201.245.192.253 - - [18/Dec/2023:05:10:59 -0500] "POST /forms/lservlet;jsessionid=ac16012b30d665b9d6b5cea24731bd918aefbc6c9e46.e3iSbxaKaheRe34Qc38TbN0Nb41ynknvrkLOlQzNp65In0 HTTP/1.1" 200 2
156.59.198.136 - - [18/Dec/2023:05:11:02 -0500] "GET /BLA/resoluciones/RESOLUCIONES%202019/0083.pdf HTTP/1.0" 200 503977
156.59.198.136 - - [18/Dec/2023:05:11:26 -0500] "GET /BLA/resoluciones/RESOLUCIONES%202009/0222.pdf HTTP/1.0" 200 255586
156.59.198.135 - - [18/Dec/2023:05:11:51 -0500] "GET /BLA/resoluciones/RESOLUCIONES%202009/0217.pdf HTTP/1.0" 200 223807
156.59.198.136 - - [18/Dec/2023:05:12:16 -0500] "GET /BLA/resoluciones/RESOLUCIONES%202009/1010.pdf HTTP/1.0" 200 277443
201.245.192.253 - - [18/Dec/2023:05:12:25 -0500] "POST /forms/lservlet;jsessionid=ac16012b30d68f87e6b31bdd4159a82faa45787d3329.e3iSbxaKaheRe34Qc38TbN0Nb41ynknvrkLOlQzNp65In0 HTTP/1.1" 200 2
156.59.198.136 - - [18/Dec/2023:05:12:41 -0500] "GET /BLA/resoluciones/RESOLUCIONES%202009/0209.pdf HTTP/1.0" 200 250891
216.245.221.92 - - [18/Dec/2023:05:12:43 -0500] "HEAD / HTTP/1.1" 200 -
201.245.192.253 - - [18/Dec/2023:05:12:59 -0500] "POST /forms/lservlet;jsessionid=ac16012b30d665b9d6b5cea24731bd918aefbc6c9e46.e3iSbxaKaheRe34Qc38TbN0Nb41ynknvrkLOlQzNp65In0 HTTP/1.1" 200 2
156.59.198.136 - - [18/Dec/2023:05:13:06 -0500] "GET /BLA/resoluciones/RESOLUCIONES%202009/0611.pdf HTTP/1.0" 200 306016
162.55.37.148 - - [18/Dec/2023:05:13:16 -0500] "GET / HTTP/1.1" 200 4720
162.55.37.148 - - [18/Dec/2023:05:13:18 -0500] "GET / HTTP/1.1" 200 319
156.59.198.135 - - [18/Dec/2023:05:13:30 -0500] "GET /BLA/resoluciones/RESOLUCIONES%202019/0843.pdf HTTP/1.0" 200 3205556
156.59.198.136 - - [18/Dec/2023:05:13:55 -0500] "GET /BLA/resoluciones/RESOLUCIONES%202009/0653.pdf HTTP/1.0" 200 21586
156.59.198.135 - - [18/Dec/2023:05:14:19 -0500] "GET /BLA/resoluciones/RESOLUCIONES%202019/2093.pdf HTTP/1.0" 200 349080
201.245.192.253 - - [18/Dec/2023:05:14:25 -0500] "POST /forms/lservlet;jsessionid=ac16012b30d68f87e6b31bdd4159a82faa45787d3329.e3iSbxaKaheRe34Qc38TbN0Nb41ynknvrkLOlQzNp65In0 HTTP/1.1" 200 2
156.59.198.136 - - [18/Dec/2023:05:14:43 -0500] "GET /BLA/resoluciones/RESOLUCIONES%202009/0060.pdf HTTP/1.0" 200 186022
172.22.2.4 - - [18/Dec/2023:05:13:07 -0500] "HEAD /BLA/boletinlegal/ HTTP/1.1" 200 -
201.245.192.253 - - [18/Dec/2023:05:14:59 -0500] "POST /forms/lservlet;jsessionid=ac16012b30d665b9d6b5cea24731bd918aefbc6c9e46.e3iSbxaKaheRe34Qc38TbN0Nb41ynknvrkLOlQzNp65In0 HTTP/1.1" 200 2
156.59.198.136 - - [18/Dec/2023:05:15:07 -0500] "GET /BLA/resoluciones/RESOLUCIONES%202009/0422.pdf HTTP/1.0" 200 248822
156.59.198.136 - - [18/Dec/2023:05:15:32 -0500] "GET /BLA/resoluciones/RESOLUCIONES%202013/0026.pdf HTTP/1.0" 200 2110967
172.22.2.4 - - [18/Dec/2023:05:13:57 -0500] "GET /BLA/boletinlegal/ HTTP/1.1" 200 58294
201.245.192.253 - - [18/Dec/2023:05:15:45 -0500] "POST /kwsrmcab/Wsrmcab HTTP/1.1" 200 38528
201.245.192.253 - - [18/Dec/2023:05:15:48 -0500] "POST /kwsrmcab/Wsrmcab HTTP/1.1" 200 38951
201.245.192.253 - - [18/Dec/2023:05:15:51 -0500] "POST /kwsrmcab/Wsrmcab  HTTP/1.1" 200 37894
156.59.198.136 - - [18/Dec/2023:05:15:56 -0500] "GET /BLA/resoluciones/RESOLUCIONES%202009/0628.pdf HTTP/1.0" 200 374789
156.59.198.136 - - [18/Dec/2023:05:16:23 -0500] "GET /BLA/resoluciones/RESOLUCIONES%202009/0891.pdf HTTP/1.0" 200 213079
201.245.192.253 - - [18/Dec/2023:05:16:25 -0500] "POST /forms/lservlet;jsessionid=ac16012b30d68f87e6b31bdd4159a82faa45787d3329.e3iSbxaKaheRe34Qc38TbN0Nb41ynknvrkLOlQzNp65In0 HTTP/1.1" 200 2
156.59.198.136 - - [18/Dec/2023:05:16:46 -0500] "GET /BLA/resoluciones/RESOLUCIONES%202019/3155.pdf HTTP/1.0" 200 329167
157.55.39.61 - - [18/Dec/2023:05:16:53 -0500] "GET /images/tigrillo.jpeg HTTP/1.1" 200 64088
201.245.192.253 - - [18/Dec/2023:05:16:59 -0500] "POST /forms/lservlet;jsessionid=ac16012b30d665b9d6b5cea24731bd918aefbc6c9e46.e3iSbxaKaheRe34Qc38TbN0Nb41ynknvrkLOlQzNp65In0 HTTP/1.1" 200 2
156.59.198.136 - - [18/Dec/2023:05:17:11 -0500] "GET /BLA/resoluciones/RESOLUCIONES%202019/1748.pdf HTTP/1.0" 200 309200
156.59.198.136 - - [18/Dec/2023:05:17:34 -0500] "GET /BLA/resoluciones/RESOLUCIONES%202009/0100.pdf HTTP/1.0" 200 241034
172.22.2.4 - - [18/Dec/2023:05:16:02 -0500] "GET /BLA/boletinlegal/ HTTP/1.1" 200 63167
216.245.221.92 - - [18/Dec/2023:05:17:43 -0500] "HEAD / HTTP/1.1" 200 -
156.59.198.136 - - [18/Dec/2023:05:17:59 -0500] "GET /BLA/resoluciones/RESOLUCIONES%202009/0663.pdf HTTP/1.0" 200 197278
156.59.198.135 - - [18/Dec/2023:05:18:23 -0500] "GET /BLA/resoluciones/RESOLUCIONES%202009/1067.pdf HTTP/1.0" 200 291324
201.245.192.253 - - [18/Dec/2023:05:18:25 -0500] "POST /forms/lservlet;jsessionid=ac16012b30d68f87e6b31bdd4159a82faa45787d3329.e3iSbxaKaheRe34Qc38TbN0Nb41ynknvrkLOlQzNp65In0 HTTP/1.1" 200 2
156.59.198.136 - - [18/Dec/2023:05:18:47 -0500] "GET /BLA/resoluciones/RESOLUCIONES%202009/0266.pdf HTTP/1.0" 200 26597
201.245.192.253 - - [18/Dec/2023:05:18:59 -0500] "POST /forms/lservlet;jsessionid=ac16012b30d665b9d6b5cea24731bd918aefbc6c9e46.e3iSbxaKaheRe34Qc38TbN0Nb41ynknvrkLOlQzNp65In0 HTTP/1.1" 200 2
54.160.173.142 - - [18/Dec/2023:05:19:12 -0500] "GET /las-tres-caminatas-para-cerrar-el-ano-entre-la-naturaleza.html HTTP/1.1" 200 776
156.59.198.136 - - [18/Dec/2023:05:19:12 -0500] "GET /BLA/resoluciones/RESOLUCIONES%202019/1229.pdf HTTP/1.0" 200 710293
54.160.173.142 - - [18/Dec/2023:05:19:13 -0500] "GET /consulta-y-conoce-los-proyectos-de-resolucion-de-para-los-planes-de-manejo-ambiental-de-cinco-humedales-en-bogota.html HTTP/1.1" 200 971
156.59.198.136 - - [18/Dec/2023:05:19:36 -0500] "GET /BLA/resoluciones/RESOLUCIONES%202009/0734.pdf HTTP/1.0" 200 14990
201.245.192.253 - - [18/Dec/2023:05:19:38 -0500] "POST /kwsrmcab/Wsrmcab HTTP/1.1" 200 38528
201.245.192.253 - - [18/Dec/2023:05:19:43 -0500] "POST /kwsrmcab/Wsrmcab HTTP/1.1" 200 38951
54.160.173.142 - - [18/Dec/2023:05:19:55 -0500] "GET /portaldeninos/ HTTP/1.1" 200 110175
172.22.2.4 - - [18/Dec/2023:05:19:59 -0500] "GET /BLA/boletinlegal/actos.php HTTP/1.1" 200 9682
156.59.198.136 - - [18/Dec/2023:05:20:01 -0500] "GET /BLA/resoluciones/RESOLUCIONES%202009/0914.pdf HTTP/1.0" 200 294546
156.59.198.136 - - [18/Dec/2023:05:20:24 -0500] "GET /BLA/resoluciones/RESOLUCIONES%202009/0399.pdf HTTP/1.0" 200 251372
201.245.192.253 - - [18/Dec/2023:05:20:26 -0500] "POST /forms/lservlet;jsessionid=ac16012b30d68f87e6b31bdd4159a82faa45787d3329.e3iSbxaKaheRe34Qc38TbN0Nb41ynknvrkLOlQzNp65In0 HTTP/1.1" 200 2
216.244.66.195 - - [18/Dec/2023:05:20:30 -0500] "GET /BLA/resoluciones/AUTOS%202016/0858.pdf HTTP/1.1" 200 735798
172.22.2.4 - - [18/Dec/2023:05:18:57 -0500] "HEAD /BLA/boletinlegal/ HTTP/1.1" 200 -
156.59.198.136 - - [18/Dec/2023:05:20:49 -0500] "GET /BLA/resoluciones/RESOLUCIONES%202009/0553.pdf HTTP/1.0" 200 714263
201.245.192.253 - - [18/Dec/2023:05:20:50 -0500] "POST /kwsrmcab/Wsrmcab  HTTP/1.1" 200 37894
201.245.192.253 - - [18/Dec/2023:05:20:59 -0500] "POST /forms/lservlet;jsessionid=ac16012b30d665b9d6b5cea24731bd918aefbc6c9e46.e3iSbxaKaheRe34Qc38TbN0Nb41ynknvrkLOlQzNp65In0 HTTP/1.1" 200 2
156.59.198.135 - - [18/Dec/2023:05:21:12 -0500] "GET /BLA/resoluciones/RESOLUCIONES%202019/1044.pdf HTTP/1.0" 200 329094
172.22.2.4 - - [18/Dec/2023:05:19:47 -0500] "GET /BLA/boletinlegal/ HTTP/1.1" 200 58294
156.59.198.135 - - [18/Dec/2023:05:21:37 -0500] "GET /BLA/resoluciones/AUTOS%202019/2557.pdf HTTP/1.0" 200 250047
156.59.198.136 - - [18/Dec/2023:05:22:01 -0500] "GET /BLA/resoluciones/AUTOS%202007/1882.pdf HTTP/1.0" 200 78562
216.244.66.195 - - [18/Dec/2023:05:22:10 -0500] "GET /BLA/resoluciones/AUTOS%202010/3145.pdf HTTP/1.1" 200 247178
156.59.198.136 - - [18/Dec/2023:05:22:25 -0500] "GET /BLA/resoluciones/RESOLUCIONES%202009/0496.pdf HTTP/1.0" 200 229457
201.245.192.253 - - [18/Dec/2023:05:22:26 -0500] "POST /forms/lservlet;jsessionid=ac16012b30d68f87e6b31bdd4159a82faa45787d3329.e3iSbxaKaheRe34Qc38TbN0Nb41ynknvrkLOlQzNp65In0 HTTP/1.1" 200 2
216.244.66.195 - - [18/Dec/2023:05:22:35 -0500] "GET /BLA/resoluciones/RESOLUCIONES%202023/0325.pdf HTTP/1.1" 200 1208024
216.245.221.92 - - [18/Dec/2023:05:22:43 -0500] "HEAD / HTTP/1.1" 200 -
156.59.198.136 - - [18/Dec/2023:05:22:50 -0500] "GET /BLA/resoluciones/AUTOS%202007/1817.pdf HTTP/1.0" 200 28983
201.245.192.253 - - [18/Dec/2023:05:22:59 -0500] "POST /forms/lservlet;jsessionid=ac16012b30d665b9d6b5cea24731bd918aefbc6c9e46.e3iSbxaKaheRe34Qc38TbN0Nb41ynknvrkLOlQzNp65In0 HTTP/1.1" 200 2
156.59.198.135 - - [18/Dec/2023:05:23:14 -0500] "GET /BLA/resoluciones/AUTOS%202007/0915.pdf HTTP/1.0" 200 98345
216.244.66.195 - - [18/Dec/2023:05:23:26 -0500] "GET /BLA/resoluciones/RESOLUCIONES%202023/0632.pdf HTTP/1.1" 200 458191
156.59.198.135 - - [18/Dec/2023:05:23:39 -0500] "GET /BLA/resoluciones/RESOLUCIONES%202009/0014.pdf HTTP/1.0" 200 114359
156.59.198.136 - - [18/Dec/2023:05:24:03 -0500] "GET /BLA/resoluciones/AUTOS%202007/1024.pdf HTTP/1.0" 200 256826
216.244.66.195 - - [18/Dec/2023:05:24:10 -0500] "GET /BLA/resoluciones/RESOLUCIONES%202023/1386.pdf HTTP/1.1" 200 471186
201.245.192.253 - - [18/Dec/2023:05:24:26 -0500] "POST /forms/lservlet;jsessionid=ac16012b30d68f87e6b31bdd4159a82faa45787d3329.e3iSbxaKaheRe34Qc38TbN0Nb41ynknvrkLOlQzNp65In0 HTTP/1.1" 200 2
156.59.198.135 - - [18/Dec/2023:05:24:28 -0500] "GET /BLA/resoluciones/AUTOS%202007/0933.pdf HTTP/1.0" 200 29418
156.59.198.136 - - [18/Dec/2023:05:24:51 -0500] "GET /BLA/resoluciones/RESOLUCIONES%202009/0117.pdf HTTP/1.0" 200 326730
216.244.66.195 - - [18/Dec/2023:05:24:56 -0500] "GET /BLA/resoluciones/RESOLUCIONES%202023/1611.pdf HTTP/1.1" 200 452654
201.245.192.253 - - [18/Dec/2023:05:24:59 -0500] "POST /forms/lservlet;jsessionid=ac16012b30d665b9d6b5cea24731bd918aefbc6c9e46.e3iSbxaKaheRe34Qc38TbN0Nb41ynknvrkLOlQzNp65In0 HTTP/1.1" 200 2
156.59.198.136 - - [18/Dec/2023:05:25:16 -0500] "GET /BLA/resoluciones/AUTOS%202007/0849.pdf HTTP/1.0" 200 89570
216.244.66.195 - - [18/Dec/2023:05:25:34 -0500] "GET /BLA/resoluciones/RESOLUCIONES%202016/2268.pdf HTTP/1.1" 200 663967
156.59.198.135 - - [18/Dec/2023:05:25:40 -0500] "GET /BLA/resoluciones/AUTOS%202007/1886.pdf HTTP/1.0" 200 92127
201.245.192.253 - - [18/Dec/2023:05:25:45 -0500] "POST /kwsrmcab/Wsrmcab HTTP/1.1" 200 38528
201.245.192.253 - - [18/Dec/2023:05:25:48 -0500] "POST /kwsrmcab/Wsrmcab HTTP/1.1" 200 38951
201.245.192.253 - - [18/Dec/2023:05:25:50 -0500] "POST /kwsrmcab/Wsrmcab  HTTP/1.1" 200 37894
156.59.198.136 - - [18/Dec/2023:05:26:04 -0500] "GET /BLA/resoluciones/AUTOS%202007/1806.pdf HTTP/1.0" 200 32863
216.244.66.195 - - [18/Dec/2023:05:26:08 -0500] "GET /BLA/resoluciones/AUTOS%202019/1909.pdf HTTP/1.1" 200 269854
201.245.192.253 - - [18/Dec/2023:05:26:26 -0500] "POST /forms/lservlet;jsessionid=ac16012b30d68f87e6b31bdd4159a82faa45787d3329.e3iSbxaKaheRe34Qc38TbN0Nb41ynknvrkLOlQzNp65In0 HTTP/1.1" 200 2
172.22.2.4 - - [18/Dec/2023:05:24:46 -0500] "HEAD /BLA/boletinlegal/ HTTP/1.1" 200 -
156.59.198.135 - - [18/Dec/2023:05:26:28 -0500] "GET /BLA/resoluciones/AUTOS%202007/0007.pdf HTTP/1.0" 200 153363
216.244.66.195 - - [18/Dec/2023:05:26:37 -0500] "GET /BLA/resoluciones/AUTOS%202019/2063.pdf HTTP/1.1" 200 253309
156.59.198.136 - - [18/Dec/2023:05:26:52 -0500] "GET /BLA/resoluciones/RESOLUCIONES%202009/0618.pdf HTTP/1.0" 200 288532
201.245.192.253 - - [18/Dec/2023:05:26:59 -0500] "POST /forms/lservlet;jsessionid=ac16012b30d665b9d6b5cea24731bd918aefbc6c9e46.e3iSbxaKaheRe34Qc38TbN0Nb41ynknvrkLOlQzNp65In0 HTTP/1.1" 200 2
216.244.66.195 - - [18/Dec/2023:05:27:10 -0500] "GET /BLA/resoluciones/AUTOS%202019/2175.pdf HTTP/1.1" 200 255294
156.59.198.135 - - [18/Dec/2023:05:27:16 -0500] "GET /BLA/resoluciones/AUTOS%202007/2383.pdf HTTP/1.0" 200 71074
172.22.2.4 - - [18/Dec/2023:05:25:37 -0500] "GET /BLA/boletinlegal/ HTTP/1.1" 200 60224
216.244.66.195 - - [18/Dec/2023:05:27:37 -0500] "GET /BLA/resoluciones/AUTOS%202019/2432.pdf HTTP/1.1" 200 446069
156.59.198.135 - - [18/Dec/2023:05:27:41 -0500] "GET /BLA/resoluciones/AUTOS%202014/0447.pdf HTTP/1.0" 200 452564
216.245.221.92 - - [18/Dec/2023:05:27:43 -0500] "HEAD / HTTP/1.1" 200 -
216.244.66.195 - - [18/Dec/2023:05:28:04 -0500] "GET /BLA/resoluciones/AUTOS%202019/3099.pdf HTTP/1.1" 200 253668
156.59.198.135 - - [18/Dec/2023:05:28:04 -0500] "GET /BLA/resoluciones/AUTOS%202007/0783.pdf HTTP/1.0" 200 155642
201.245.192.253 - - [18/Dec/2023:05:28:26 -0500] "POST /forms/lservlet;jsessionid=ac16012b30d68f87e6b31bdd4159a82faa45787d3329.e3iSbxaKaheRe34Qc38TbN0Nb41ynknvrkLOlQzNp65In0 HTTP/1.1" 200 2
156.59.198.135 - - [18/Dec/2023:05:28:28 -0500] "GET /BLA/resoluciones/AUTOS%202007/0174.pdf HTTP/1.0" 200 150679
216.244.66.195 - - [18/Dec/2023:05:28:31 -0500] "GET /BLA/resoluciones/AUTOS%202019/3406.pdf HTTP/1.1" 200 306238
156.59.198.136 - - [18/Dec/2023:05:28:52 -0500] "GET /BLA/resoluciones/AUTOS%202007/0169.pdf HTTP/1.0" 200 48252
216.244.66.195 - - [18/Dec/2023:05:28:58 -0500] "GET /BLA/resoluciones/AUTOS%202019/3502.pdf HTTP/1.1" 200 300982
201.245.192.253 - - [18/Dec/2023:05:28:59 -0500] "POST /forms/lservlet;jsessionid=ac16012b30d665b9d6b5cea24731bd918aefbc6c9e46.e3iSbxaKaheRe34Qc38TbN0Nb41ynknvrkLOlQzNp65In0 HTTP/1.1" 200 2
156.59.198.136 - - [18/Dec/2023:05:29:18 -0500] "GET /BLA/resoluciones/RESOLUCIONES%202009/0165.pdf HTTP/1.0" 200 25372
216.244.66.195 - - [18/Dec/2023:05:29:23 -0500] "GET /BLA/resoluciones/AUTOS%202019/3692.pdf HTTP/1.1" 200 264531
201.245.192.253 - - [18/Dec/2023:05:29:39 -0500] "POST /kwsrmcab/Wsrmcab HTTP/1.1" 200 38528
156.59.198.136 - - [18/Dec/2023:05:29:42 -0500] "GET /BLA/resoluciones/AUTOS%202007/0235.pdf HTTP/1.0" 200 19615
216.244.66.195 - - [18/Dec/2023:05:29:45 -0500] "GET /BLA/resoluciones/AUTOS%202019/4142.pdf HTTP/1.1" 200 284411
201.245.192.253 - - [18/Dec/2023:05:29:43 -0500] "POST /kwsrmcab/Wsrmcab HTTP/1.1" 200 38951
156.59.198.136 - - [18/Dec/2023:05:30:06 -0500] "GET /BLA/resoluciones/AUTOS%202007/3022.pdf HTTP/1.0" 200 73269
216.244.66.195 - - [18/Dec/2023:05:30:06 -0500] "GET /BLA/resoluciones/AUTOS%202019/4243.pdf HTTP/1.1" 200 390549
201.245.192.253 - - [18/Dec/2023:05:30:26 -0500] "POST /forms/lservlet;jsessionid=ac16012b30d68f87e6b31bdd4159a82faa45787d3329.e3iSbxaKaheRe34Qc38TbN0Nb41ynknvrkLOlQzNp65In0 HTTP/1.1" 200 2
156.59.198.136 - - [18/Dec/2023:05:30:30 -0500] "GET /BLA/resoluciones/AUTOS%202014/1364.pdf HTTP/1.0" 200 751227
201.245.192.253 - - [18/Dec/2023:05:30:50 -0500] "POST /kwsrmcab/Wsrmcab  HTTP/1.1" 200 37894
156.59.198.135 - - [18/Dec/2023:05:30:56 -0500] "GET /BLA/resoluciones/AUTOS%202007/1280.pdf HTTP/1.0" 200 83525
201.245.192.253 - - [18/Dec/2023:05:30:59 -0500] "POST /forms/lservlet;jsessionid=ac16012b30d665b9d6b5cea24731bd918aefbc6c9e46.e3iSbxaKaheRe34Qc38TbN0Nb41ynknvrkLOlQzNp65In0 HTTP/1.1" 200 2
156.59.198.136 - - [18/Dec/2023:05:31:20 -0500] "GET /BLA/resoluciones/AUTOS%202007/2474.pdf HTTP/1.0" 200 251230
69.63.184.5 - - [18/Dec/2023:05:31:33 -0500] "GET /images/Musgo%2017%20-%2012%20-%202023.jpeg HTTP/1.1" 200 66238
156.59.198.135 - - [18/Dec/2023:05:31:45 -0500] "GET /BLA/resoluciones/AUTOS%202007/2347.pdf HTTP/1.0" 200 87670
156.59.198.136 - - [18/Dec/2023:05:32:09 -0500] "GET /BLA/resoluciones/AUTOS%202014/0097.pdf HTTP/1.0" 200 1054584
172.22.2.4 - - [18/Dec/2023:05:30:36 -0500] "HEAD /BLA/boletinlegal/ HTTP/1.1" 200 -
201.245.192.253 - - [18/Dec/2023:05:32:26 -0500] "POST /forms/lservlet;jsessionid=ac16012b30d68f87e6b31bdd4159a82faa45787d3329.e3iSbxaKaheRe34Qc38TbN0Nb41ynknvrkLOlQzNp65In0 HTTP/1.1" 200 2
156.59.198.136 - - [18/Dec/2023:05:32:34 -0500] "GET /BLA/resoluciones/AUTOS%202007/1816.pdf HTTP/1.0" 200 30077
216.245.221.92 - - [18/Dec/2023:05:32:43 -0500] "HEAD / HTTP/1.1" 200 -
156.59.198.135 - - [18/Dec/2023:05:32:58 -0500] "GET /BLA/resoluciones/AUTOS%202019/0995.pdf HTTP/1.0" 200 271295
201.245.192.253 - - [18/Dec/2023:05:32:59 -0500] "POST /forms/lservlet;jsessionid=ac16012b30d665b9d6b5cea24731bd918aefbc6c9e46.e3iSbxaKaheRe34Qc38TbN0Nb41ynknvrkLOlQzNp65In0 HTTP/1.1" 200 2
172.22.2.4 - - [18/Dec/2023:05:31:28 -0500] "GET /BLA/boletinlegal/ HTTP/1.1" 200 52214
156.59.198.136 - - [18/Dec/2023:05:33:22 -0500] "GET /BLA/resoluciones/AUTOS%202007/3385.pdf HTTP/1.0" 200 85528
156.59.198.135 - - [18/Dec/2023:05:33:47 -0500] "GET /BLA/resoluciones/AUTOS%202007/0428.pdf HTTP/1.0" 200 120042
156.59.198.136 - - [18/Dec/2023:05:34:11 -0500] "GET /BLA/resoluciones/AUTOS%202014/0725.pdf HTTP/1.0" 200 598398
201.245.192.253 - - [18/Dec/2023:05:34:26 -0500] "POST /forms/lservlet;jsessionid=ac16012b30d68f87e6b31bdd4159a82faa45787d3329.e3iSbxaKaheRe34Qc38TbN0Nb41ynknvrkLOlQzNp65In0 HTTP/1.1" 200 2
156.59.198.136 - - [18/Dec/2023:05:34:35 -0500] "GET /BLA/resoluciones/RESOLUCIONES%202020/2358.pdf HTTP/1.0" 200 398045
201.245.192.253 - - [18/Dec/2023:05:34:59 -0500] "POST /forms/lservlet;jsessionid=ac16012b30d665b9d6b5cea24731bd918aefbc6c9e46.e3iSbxaKaheRe34Qc38TbN0Nb41ynknvrkLOlQzNp65In0 HTTP/1.1" 200 2
156.59.198.135 - - [18/Dec/2023:05:35:00 -0500] "GET /BLA/resoluciones/AUTOS%202019/0031.pdf HTTP/1.0" 200 302911
156.59.198.135 - - [18/Dec/2023:05:35:25 -0500] "GET /BLA/resoluciones/AUTOS%202007/2351.pdf HTTP/1.0" 200 80015
201.245.192.253 - - [18/Dec/2023:05:35:45 -0500] "POST /kwsrmcab/Wsrmcab HTTP/1.1" 200 38528
156.59.198.136 - - [18/Dec/2023:05:35:50 -0500] "GET /BLA/resoluciones/RESOLUCIONES%202009/0801.pdf HTTP/1.0" 200 222432
201.245.192.253 - - [18/Dec/2023:05:35:48 -0500] "POST /kwsrmcab/Wsrmcab HTTP/1.1" 200 38951
201.245.192.253 - - [18/Dec/2023:05:35:49 -0500] "POST /kwsrmcab/Wsrmcab  HTTP/1.1" 200 37894
40.77.167.247 - - [18/Dec/2023:05:35:57 -0500] "GET /BLA/resoluciones/Notificaciones/RESOLUCIONES%202023/3535.pdf HTTP/1.1" 200 418991
52.167.144.175 - - [18/Dec/2023:05:36:01 -0500] "GET /BLA/resoluciones/RESOLUCIONES%202021/4679.pdf HTTP/1.1" 200 356078
216.244.66.195 - - [18/Dec/2023:05:36:15 -0500] "GET /robots.txt HTTP/1.1" 404 1018
156.59.198.135 - - [18/Dec/2023:05:36:15 -0500] "GET /BLA/resoluciones/AUTOS%202014/0541.pdf HTTP/1.0" 200 668077
201.245.192.253 - - [18/Dec/2023:05:36:26 -0500] "POST /forms/lservlet;jsessionid=ac16012b30d68f87e6b31bdd4159a82faa45787d3329.e3iSbxaKaheRe34Qc38TbN0Nb41ynknvrkLOlQzNp65In0 HTTP/1.1" 200 2
47.128.99.194 - - [18/Dec/2023:05:36:41 -0500] "GET /BLA/resoluciones/dlf/pdf.gif HTTP/1.1" 200 272
47.128.99.194 - - [18/Dec/2023:05:36:41 -0500] "GET /BLA/resoluciones/dlf/dirup.png HTTP/1.1" 200 644
201.245.192.253 - - [18/Dec/2023:05:36:59 -0500] "POST /forms/lservlet;jsessionid=ac16012b30d665b9d6b5cea24731bd918aefbc6c9e46.e3iSbxaKaheRe34Qc38TbN0Nb41ynknvrkLOlQzNp65In0 HTTP/1.1" 200 2
156.59.198.136 - - [18/Dec/2023:05:37:03 -0500] "GET /BLA/resoluciones/AUTOS%202007/0311.pdf HTTP/1.0" 200 50372
47.128.99.194 - - [18/Dec/2023:05:36:40 -0500] "GET /BLA/resoluciones/index.php?dir=AUTOS%202013%2F&order=desc&sort=name HTTP/1.1" 200 303051
156.59.198.136 - - [18/Dec/2023:05:37:27 -0500] "GET /BLA/resoluciones/RESOLUCIONES%202009/0221.pdf HTTP/1.0" 200 320724
216.245.221.92 - - [18/Dec/2023:05:37:43 -0500] "HEAD / HTTP/1.1" 200 -
156.59.198.136 - - [18/Dec/2023:05:37:52 -0500] "GET /BLA/resoluciones/AUTOS%202007/2176.pdf HTTP/1.0" 200 83247
172.22.2.4 - - [18/Dec/2023:05:36:27 -0500] "HEAD /BLA/boletinlegal/ HTTP/1.1" 200 -
156.59.198.135 - - [18/Dec/2023:05:38:16 -0500] "GET /BLA/resoluciones/AUTOS%202019/1957.pdf HTTP/1.0" 200 327357
201.245.192.253 - - [18/Dec/2023:05:38:26 -0500] "POST /forms/lservlet;jsessionid=ac16012b30d68f87e6b31bdd4159a82faa45787d3329.e3iSbxaKaheRe34Qc38TbN0Nb41ynknvrkLOlQzNp65In0 HTTP/1.1" 200 2
66.249.79.105 - - [18/Dec/2023:05:38:31 -0500] "GET /sipse/faces/faces/autenticacion.xhtml HTTP/1.1" 200 12727
156.59.198.135 - - [18/Dec/2023:05:38:40 -0500] "GET /BLA/resoluciones/AUTOS%202007/1859.pdf HTTP/1.0" 200 64910
172.22.2.4 - - [18/Dec/2023:05:37:18 -0500] "GET /BLA/boletinlegal/ HTTP/1.1" 200 57881
201.245.192.253 - - [18/Dec/2023:05:39:00 -0500] "POST /forms/lservlet;jsessionid=ac16012b30d665b9d6b5cea24731bd918aefbc6c9e46.e3iSbxaKaheRe34Qc38TbN0Nb41ynknvrkLOlQzNp65In0 HTTP/1.1" 200 2
156.59.198.135 - - [18/Dec/2023:05:39:04 -0500] "GET /BLA/resoluciones/AUTOS%202014/1078.pdf HTTP/1.0" 200 617627
156.59.198.136 - - [18/Dec/2023:05:39:28 -0500] "GET /BLA/resoluciones/AUTOS%202007/2925.pdf HTTP/1.0" 200 219183
66.249.79.104 - - [18/Dec/2023:05:39:36 -0500] "GET /sipse/faces/index.xhtml HTTP/1.1" 200 677
201.245.192.253 - - [18/Dec/2023:05:39:38 -0500] "POST /kwsrmcab/Wsrmcab HTTP/1.1" 200 38528
201.245.192.253 - - [18/Dec/2023:05:39:43 -0500] "POST /kwsrmcab/Wsrmcab HTTP/1.1" 200 38951
156.59.198.135 - - [18/Dec/2023:05:39:53 -0500] "GET /BLA/resoluciones/AUTOS%202007/2561.pdf HTTP/1.0" 200 48597
156.59.198.136 - - [18/Dec/2023:05:40:17 -0500] "GET /BLA/resoluciones/AUTOS%202007/3527.pdf HTTP/1.0" 200 233392
201.245.192.253 - - [18/Dec/2023:05:40:26 -0500] "POST /forms/lservlet;jsessionid=ac16012b30d68f87e6b31bdd4159a82faa45787d3329.e3iSbxaKaheRe34Qc38TbN0Nb41ynknvrkLOlQzNp65In0 HTTP/1.1" 200 2
156.59.198.135 - - [18/Dec/2023:05:40:42 -0500] "GET /BLA/resoluciones/AUTOS%202007/3267.pdf HTTP/1.0" 200 326377
201.245.192.253 - - [18/Dec/2023:05:40:47 -0500] "POST /kwsrmcab/Wsrmcab  HTTP/1.1" 200 37894
66.249.79.105 - - [18/Dec/2023:05:40:56 -0500] "GET /sipse/faces/javax.faces.resource/theme.css?ln=primefaces-sipse HTTP/1.1" 200 50058
201.245.192.253 - - [18/Dec/2023:05:41:00 -0500] "POST /forms/lservlet;jsessionid=ac16012b30d665b9d6b5cea24731bd918aefbc6c9e46.e3iSbxaKaheRe34Qc38TbN0Nb41ynknvrkLOlQzNp65In0 HTTP/1.1" 200 2
156.59.198.135 - - [18/Dec/2023:05:41:07 -0500] "GET /BLA/resoluciones/AUTOS%202014/0453.pdf HTTP/1.0" 200 607211
156.59.198.135 - - [18/Dec/2023:05:41:31 -0500] "GET /BLA/resoluciones/AUTOS%202014/0984.pdf HTTP/1.0" 200 286283
156.59.198.135 - - [18/Dec/2023:05:41:56 -0500] "GET /BLA/resoluciones/AUTOS%202007/1750.pdf HTTP/1.0" 200 32712
157.55.39.49 - - [18/Dec/2023:05:42:08 -0500] "GET /Publicaciones/2023EE63440.pdf HTTP/1.1" 404 227
156.59.198.135 - - [18/Dec/2023:05:42:20 -0500] "GET /BLA/resoluciones/RESOLUCIONES%202009/0921.pdf HTTP/1.0" 200 1042083
201.245.192.253 - - [18/Dec/2023:05:42:26 -0500] "POST /forms/lservlet;jsessionid=ac16012b30d68f87e6b31bdd4159a82faa45787d3329.e3iSbxaKaheRe34Qc38TbN0Nb41ynknvrkLOlQzNp65In0 HTTP/1.1" 200 2
216.245.221.92 - - [18/Dec/2023:05:42:43 -0500] "HEAD / HTTP/1.1" 200 -
156.59.198.136 - - [18/Dec/2023:05:42:45 -0500] "GET /BLA/resoluciones/AUTOS%202007/3526.pdf HTTP/1.0" 200 145868
201.245.192.253 - - [18/Dec/2023:05:43:00 -0500] "POST /forms/lservlet;jsessionid=ac16012b30d665b9d6b5cea24731bd918aefbc6c9e46.e3iSbxaKaheRe34Qc38TbN0Nb41ynknvrkLOlQzNp65In0 HTTP/1.1" 200 2
156.59.198.136 - - [18/Dec/2023:05:43:10 -0500] "GET /BLA/resoluciones/AUTOS%202007/0249.pdf HTTP/1.0" 200 17117
156.59.198.136 - - [18/Dec/2023:05:43:33 -0500] "GET /BLA/resoluciones/AUTOS%202007/2872.pdf HTTP/1.0" 200 344449
156.59.198.135 - - [18/Dec/2023:05:43:57 -0500] "GET /BLA/resoluciones/AUTOS%202007/0255.pdf HTTP/1.0" 200 230247
172.22.2.4 - - [18/Dec/2023:05:42:17 -0500] "HEAD /BLA/boletinlegal/ HTTP/1.1" 200 -
156.59.198.136 - - [18/Dec/2023:05:44:21 -0500] "GET /BLA/resoluciones/AUTOS%202007/1883.pdf HTTP/1.0" 200 65913
201.245.192.253 - - [18/Dec/2023:05:44:26 -0500] "POST /forms/lservlet;jsessionid=ac16012b30d68f87e6b31bdd4159a82faa45787d3329.e3iSbxaKaheRe34Qc38TbN0Nb41ynknvrkLOlQzNp65In0 HTTP/1.1" 200 2
156.59.198.136 - - [18/Dec/2023:05:44:46 -0500] "GET /BLA/resoluciones/RESOLUCIONES%202009/0478.pdf HTTP/1.0" 200 601449
172.22.2.4 - - [18/Dec/2023:05:43:08 -0500] "GET /BLA/boletinlegal/ HTTP/1.1" 200 60634
201.245.192.253 - - [18/Dec/2023:05:45:00 -0500] "POST /forms/lservlet;jsessionid=ac16012b30d665b9d6b5cea24731bd918aefbc6c9e46.e3iSbxaKaheRe34Qc38TbN0Nb41ynknvrkLOlQzNp65In0 HTTP/1.1" 200 2
156.59.198.136 - - [18/Dec/2023:05:45:09 -0500] "GET /BLA/resoluciones/AUTOS%202007/3280.pdf HTTP/1.0" 200 208330
156.59.198.135 - - [18/Dec/2023:05:45:34 -0500] "GET /BLA/resoluciones/AUTOS%202007/0552.pdf HTTP/1.0" 200 132940
201.245.192.253 - - [18/Dec/2023:05:45:45 -0500] "POST /kwsrmcab/Wsrmcab  HTTP/1.1" 200 37894
156.59.198.135 - - [18/Dec/2023:05:45:58 -0500] "GET /BLA/resoluciones/AUTOS%202007/3303.pdf HTTP/1.0" 200 155887
156.59.198.135 - - [18/Dec/2023:05:46:23 -0500] "GET /BLA/resoluciones/AUTOS%202007/2866.pdf HTTP/1.0" 200 93493
201.245.192.253 - - [18/Dec/2023:05:46:26 -0500] "POST /forms/lservlet;jsessionid=ac16012b30d68f87e6b31bdd4159a82faa45787d3329.e3iSbxaKaheRe34Qc38TbN0Nb41ynknvrkLOlQzNp65In0 HTTP/1.1" 200 2
156.59.198.136 - - [18/Dec/2023:05:46:47 -0500] "GET /BLA/resoluciones/RESOLUCIONES%202009/0259.pdf HTTP/1.0" 200 359348
201.245.192.253 - - [18/Dec/2023:05:47:00 -0500] "POST /forms/lservlet;jsessionid=ac16012b30d665b9d6b5cea24731bd918aefbc6c9e46.e3iSbxaKaheRe34Qc38TbN0Nb41ynknvrkLOlQzNp65In0 HTTP/1.1" 200 2
156.59.198.135 - - [18/Dec/2023:05:47:12 -0500] "GET /BLA/resoluciones/RESOLUCIONES%202019/3466.pdf HTTP/1.0" 200 1437927
31.13.127.27 - - [18/Dec/2023:05:47:13 -0500] "GET /images/Musgo%2017%20-%2012%20-%202023.jpeg HTTP/1.1" 200 66238
156.59.198.136 - - [18/Dec/2023:05:47:35 -0500] "GET /BLA/resoluciones/AUTOS%202007/0308.pdf HTTP/1.0" 200 65640
216.245.221.92 - - [18/Dec/2023:05:47:43 -0500] "HEAD / HTTP/1.1" 200 -
156.59.198.136 - - [18/Dec/2023:05:48:00 -0500] "GET /BLA/resoluciones/AUTOS%202007/0523.pdf HTTP/1.0" 200 191777
40.77.167.152 - - [18/Dec/2023:05:48:09 -0500] "GET /BLA/resoluciones/RESOLUCIONES%202021/1442.pdf HTTP/1.1" 200 1986511
156.59.198.136 - - [18/Dec/2023:05:48:24 -0500] "GET /BLA/resoluciones/AUTOS%202007/0096.pdf HTTP/1.0" 200 47551
201.245.192.253 - - [18/Dec/2023:05:48:26 -0500] "POST /forms/lservlet;jsessionid=ac16012b30d68f87e6b31bdd4159a82faa45787d3329.e3iSbxaKaheRe34Qc38TbN0Nb41ynknvrkLOlQzNp65In0 HTTP/1.1" 200 2
156.59.198.136 - - [18/Dec/2023:05:48:49 -0500] "GET /BLA/resoluciones/RESOLUCIONES%202020/2722.pdf HTTP/1.0" 200 369272
201.245.192.253 - - [18/Dec/2023:05:49:00 -0500] "POST /forms/lservlet;jsessionid=ac16012b30d665b9d6b5cea24731bd918aefbc6c9e46.e3iSbxaKaheRe34Qc38TbN0Nb41ynknvrkLOlQzNp65In0 HTTP/1.1" 200 2
156.59.198.136 - - [18/Dec/2023:05:49:14 -0500] "GET /BLA/resoluciones/RESOLUCIONES%202019/1045.pdf HTTP/1.0" 200 320537
8.140.201.183 - - [18/Dec/2023:05:49:34 -0500] "GET http://190.27.245.106:80/phpMyAdmin/scripts/setup.php HTTP/1.0" 403 1165
8.140.201.183 - - [18/Dec/2023:05:49:34 -0500] "GET http://190.27.245.106:80/phpmyadmin/scripts/setup.php HTTP/1.0" 403 1165
8.140.201.183 - - [18/Dec/2023:05:49:35 -0500] "GET http://190.27.245.106:80/phpMyAdmin-2.11.4/scripts/setup.php HTTP/1.0" 403 1165
8.140.201.183 - - [18/Dec/2023:05:49:35 -0500] "GET http://190.27.245.106:80/phpMyAdmin-2.11.3/scripts/setup.php HTTP/1.0" 403 1165
8.140.201.183 - - [18/Dec/2023:05:49:36 -0500] "GET http://190.27.245.106:80/phpMyAdmin-2.10.0.2/scripts/setup.php HTTP/1.0" 403 1165
8.140.201.183 - - [18/Dec/2023:05:49:37 -0500] "GET http://190.27.245.106:80/phpMyAdmin-2.10.3/scripts/setup.php HTTP/1.0" 403 1165
8.140.201.183 - - [18/Dec/2023:05:49:38 -0500] "GET http://190.27.245.106:80/phpMyAdmin-2.8.0.2/scripts/setup.php HTTP/1.0" 403 1165
156.59.198.135 - - [18/Dec/2023:05:49:39 -0500] "GET /BLA/resoluciones/AUTOS%202019/1041.pdf HTTP/1.0" 200 262029
8.140.201.183 - - [18/Dec/2023:05:49:39 -0500] "GET http://190.27.245.106:80/phpMyAdmin-2.10.2/scripts/setup.php HTTP/1.0" 403 1165
8.140.201.183 - - [18/Dec/2023:05:49:40 -0500] "GET http://190.27.245.106:80/phpMyAdmin-2.11.9.2/scripts/setup.php HTTP/1.0" 403 1165
8.140.201.183 - - [18/Dec/2023:05:49:40 -0500] "GET http://190.27.245.106:80/phpMyAdmin-2.11.0/scripts/setup.php HTTP/1.0" 403 1165
8.140.201.183 - - [18/Dec/2023:05:49:41 -0500] "GET http://190.27.245.106:80/phpMyAdmin-2.11.7/scripts/setup.php HTTP/1.0" 403 1165
8.140.201.183 - - [18/Dec/2023:05:49:42 -0500] "GET http://190.27.245.106:80/phpMyAdmin-2.11.1.2/scripts/setup.php HTTP/1.0" 403 1165
8.140.201.183 - - [18/Dec/2023:05:49:42 -0500] "GET http://190.27.245.106:80/pma/scripts/setup.php HTTP/1.0" 404 1018
8.140.201.183 - - [18/Dec/2023:05:49:43 -0500] "GET http://190.27.245.106:80/phpMyAdmin3/scripts/setup.php HTTP/1.0" 403 1165
8.140.201.183 - - [18/Dec/2023:05:49:43 -0500] "GET http://190.27.245.106:80/myadmin/scripts/setup.php HTTP/1.0" 404 1018
8.140.201.183 - - [18/Dec/2023:05:49:44 -0500] "GET http://190.27.245.106:80/MyAdmin/scripts/setup.php HTTP/1.0" 404 1018
8.140.201.183 - - [18/Dec/2023:05:49:45 -0500] "GET http://190.27.245.106:80/PHPMYADMIN/scripts/setup.php HTTP/1.0" 403 1165
8.140.201.183 - - [18/Dec/2023:05:49:45 -0500] "GET http://190.27.245.106:80/mysqladmin/scripts/setup.php HTTP/1.0" 404 1018
8.140.201.183 - - [18/Dec/2023:05:49:46 -0500] "GET http://190.27.245.106:80/SQL/scripts/setup.php HTTP/1.0" 404 1018
8.140.201.183 - - [18/Dec/2023:05:49:47 -0500] "GET http://190.27.245.106:80/phpMyAdmin-2.5.5-pl1/scripts/setup.php HTTP/1.0" 403 1165
8.140.201.183 - - [18/Dec/2023:05:49:47 -0500] "GET http://190.27.245.106:80/phpMyAdmin-2.5.5/scripts/setup.php HTTP/1.0" 403 1165
172.22.2.4 - - [18/Dec/2023:05:48:07 -0500] "HEAD /BLA/boletinlegal/ HTTP/1.1" 200 -
8.140.201.183 - - [18/Dec/2023:05:49:48 -0500] "GET http://190.27.245.106:80/phpMyAdmin-2.5.4/scripts/setup.php HTTP/1.0" 403 1165
8.140.201.183 - - [18/Dec/2023:05:49:49 -0500] "GET http://190.27.245.106:80/phpMyAdmin-2.5.7-pl1/scripts/setup.php HTTP/1.0" 403 1165
8.140.201.183 - - [18/Dec/2023:05:49:49 -0500] "GET http://190.27.245.106:80/admin/pma/scripts/setup.php HTTP/1.0" 404 1018
8.140.201.183 - - [18/Dec/2023:05:49:50 -0500] "GET http://190.27.245.106:80/phpMyAdmin-2/scripts/setup.php HTTP/1.0" 403 1165
8.140.201.183 - - [18/Dec/2023:05:49:50 -0500] "GET http://190.27.245.106:80/web/phpMyAdmin/scripts/setup.php HTTP/1.0" 404 1018
8.140.201.183 - - [18/Dec/2023:05:49:51 -0500] "GET http://190.27.245.106:80/webadmin/scripts/setup.php HTTP/1.0" 404 1018
8.140.201.183 - - [18/Dec/2023:05:49:52 -0500] "GET http://190.27.245.106:80/admin/scripts/setup.php HTTP/1.0" 404 1018
8.140.201.183 - - [18/Dec/2023:05:49:52 -0500] "GET http://190.27.245.106:80/dbadmin/scripts/setup.php HTTP/1.0" 404 1018
8.140.201.183 - - [18/Dec/2023:05:49:53 -0500] "GET http://190.27.245.106:80/mysql/scripts/setup.php HTTP/1.0" 404 1018
8.140.201.183 - - [18/Dec/2023:05:49:57 -0500] "GET http://190.27.245.106:80/phpMyAdmin2/scripts/setup.php HTTP/1.0" 403 1165
8.140.201.183 - - [18/Dec/2023:05:49:57 -0500] "GET http://190.27.245.106:80/phpma/scripts/setup.php HTTP/1.0" 404 1018
8.140.201.183 - - [18/Dec/2023:05:49:58 -0500] "GET http://190.27.245.106:80/sqlweb/scripts/setup.php HTTP/1.0" 404 1018
8.140.201.183 - - [18/Dec/2023:05:49:59 -0500] "GET http://190.27.245.106:80/webdb/scripts/setup.php HTTP/1.0" 404 1018
8.140.201.183 - - [18/Dec/2023:05:49:59 -0500] "GET http://190.27.245.106:80/websql/scripts/setup.php HTTP/1.0" 404 1018
8.140.201.183 - - [18/Dec/2023:05:50:00 -0500] "GET http://190.27.245.106:80/_phpMyAdmin/scripts/setup.php HTTP/1.0" 404 1018
8.140.201.183 - - [18/Dec/2023:05:50:00 -0500] "GET http://190.27.245.106:80/php/scripts/setup.php HTTP/1.0" 404 1018
8.140.201.183 - - [18/Dec/2023:05:50:01 -0500] "GET http://190.27.245.106:80/admin/phpmyadmin/scripts/setup.txt HTTP/1.0" 404 1018
8.140.201.183 - - [18/Dec/2023:05:50:02 -0500] "GET http://190.27.245.106:80/db/scripts/setup.php HTTP/1.0" 404 1018
8.140.201.183 - - [18/Dec/2023:05:50:02 -0500] "GET http://190.27.245.106:80/sqlmanager/scripts/setup.php HTTP/1.0" 404 1018
156.59.198.135 - - [18/Dec/2023:05:50:03 -0500] "GET /BLA/resoluciones/AUTOS%202007/2900.pdf HTTP/1.0" 200 120808
8.140.201.183 - - [18/Dec/2023:05:50:03 -0500] "GET http://190.27.245.106:80/mysqlmanager/scripts/setup.php HTTP/1.0" 404 1018
8.140.201.183 - - [18/Dec/2023:05:50:04 -0500] "GET http://190.27.245.106:80/phpmanager/scripts/setup.php HTTP/1.0" 404 1018
8.140.201.183 - - [18/Dec/2023:05:50:04 -0500] "GET http://190.27.245.106:80/php-myadmin/scripts/setup.php HTTP/1.0" 404 1018
8.140.201.183 - - [18/Dec/2023:05:50:05 -0500] "GET http://190.27.245.106:80/phpmy-admin/scripts/setup.php HTTP/1.0" 404 1018
8.140.201.183 - - [18/Dec/2023:05:50:05 -0500] "GET http://190.27.245.106:80/mysql-admin/scripts/setup.php HTTP/1.0" 404 1018
172.22.2.4 - - [18/Dec/2023:05:50:14 -0500] "GET /BLA/boletinlegal/images/body_bg.jpg HTTP/1.1" 200 1601
172.22.2.4 - - [18/Dec/2023:05:50:14 -0500] "GET /BLA/boletinlegal/images/menu_lft.gif HTTP/1.1" 200 1713
172.22.2.4 - - [18/Dec/2023:05:50:14 -0500] "GET /BLA/boletinlegal/images/menu_rght.gif HTTP/1.1" 200 1627
172.22.2.4 - - [18/Dec/2023:05:50:14 -0500] "GET /BLA/boletinlegal/images/bg_top.jpg HTTP/1.1" 200 522
172.22.2.4 - - [18/Dec/2023:05:50:14 -0500] "GET /BLA/boletinlegal/images/hover.jpg HTTP/1.1" 200 640
172.22.2.4 - - [18/Dec/2023:05:50:14 -0500] "GET /BLA/boletinlegal/images/text.jpg HTTP/1.1" 200 568
172.22.2.4 - - [18/Dec/2023:05:50:14 -0500] "GET /BLA/boletinlegal/images/menu_bg.jpg HTTP/1.1" 200 620
172.22.2.4 - - [18/Dec/2023:05:50:17 -0500] "GET /BLA/boletinlegal/actos.php HTTP/1.1" 200 9682
172.22.2.4 - - [18/Dec/2023:05:50:17 -0500] "GET /BLA/boletinlegal/js/ajax_actos.js HTTP/1.1" 200 1322
172.22.2.4 - - [18/Dec/2023:05:50:17 -0500] "GET /BLA/boletinlegal/niceforms-default.css HTTP/1.1" 200 6694
172.22.2.4 - - [18/Dec/2023:05:50:17 -0500] "GET /BLA/boletinlegal/js/popup.js HTTP/1.1" 200 1270
172.22.2.4 - - [18/Dec/2023:05:50:17 -0500] "GET /BLA/boletinlegal/js/lib.js HTTP/1.1" 200 6474
172.22.2.4 - - [18/Dec/2023:05:50:17 -0500] "GET /BLA/boletinlegal/niceforms.js HTTP/1.1" 200 22876
172.22.2.4 - - [18/Dec/2023:05:50:17 -0500] "GET /BLA/boletinlegal/js/jquery1.js HTTP/1.1" 200 29846
172.22.2.4 - - [18/Dec/2023:05:50:17 -0500] "GET /BLA/boletinlegal/images/green-yellow-blue-pink-th.png HTTP/1.1" 200 7394
172.22.2.4 - - [18/Dec/2023:05:50:17 -0500] "GET /BLA/boletinlegal/images/tel.png HTTP/1.1" 200 14477
172.22.2.4 - - [18/Dec/2023:05:50:17 -0500] "GET /BLA/boletinlegal/images/icono-email.png HTTP/1.1" 200 5544
172.22.2.4 - - [18/Dec/2023:05:50:17 -0500] "GET /BLA/boletinlegal/images/footer_bg.jpg HTTP/1.1" 200 586
172.22.2.4 - - [18/Dec/2023:05:50:17 -0500] "GET /BLA/boletinlegal/images/footer_bg_l.jpg HTTP/1.1" 200 776
172.22.2.4 - - [18/Dec/2023:05:50:17 -0500] "GET /BLA/boletinlegal/img/0.png HTTP/1.1" 200 110
172.22.2.4 - - [18/Dec/2023:05:50:17 -0500] "GET /BLA/boletinlegal/img/select-left.png HTTP/1.1" 200 263
172.22.2.4 - - [18/Dec/2023:05:50:17 -0500] "GET /BLA/boletinlegal/img/select-right.png HTTP/1.1" 200 44019
172.22.2.4 - - [18/Dec/2023:05:50:17 -0500] "GET /BLA/boletinlegal/img/button.png HTTP/1.1" 200 43241
172.22.2.4 - - [18/Dec/2023:05:50:17 -0500] "GET /BLA/boletinlegal/img/button-left.png HTTP/1.1" 200 57071
172.22.2.4 - - [18/Dec/2023:05:50:17 -0500] "GET /BLA/boletinlegal/img/button-right.png HTTP/1.1" 200 57878
172.22.2.4 - - [18/Dec/2023:05:50:17 -0500] "GET /BLA/boletinlegal/favicon.ico HTTP/1.1" 404 1326
201.245.192.253 - - [18/Dec/2023:05:50:26 -0500] "POST /forms/lservlet;jsessionid=ac16012b30d68f87e6b31bdd4159a82faa45787d3329.e3iSbxaKaheRe34Qc38TbN0Nb41ynknvrkLOlQzNp65In0 HTTP/1.1" 200 2
156.59.198.136 - - [18/Dec/2023:05:50:27 -0500] "GET /BLA/resoluciones/AUTOS%202014/0458.pdf HTTP/1.0" 200 335503
172.22.2.4 - - [18/Dec/2023:05:48:58 -0500] "GET /BLA/boletinlegal/ HTTP/1.1" 200 57497
172.22.2.4 - - [18/Dec/2023:05:50:39 -0500] "GET /BLA/boletinlegal/consulta_actos.php?tipo=resoluciones&no=0052&usuario=&sector=&fecha=2023&resuelve= HTTP/1.1" 200 1090
181.32.219.2 - - [18/Dec/2023:05:50:41 -0500] "GET /BLA/resoluciones/RESOLUCIONES%202023/0052.pdf HTTP/1.1" 200 554072
181.32.219.2 - - [18/Dec/2023:05:50:42 -0500] "GET /favicon.ico HTTP/1.1" 200 7782
201.245.192.253 - - [18/Dec/2023:05:50:43 -0500] "POST /kwsrmcab/Wsrmcab  HTTP/1.1" 200 37894
172.22.2.4 - - [18/Dec/2023:05:50:13 -0500] "GET /BLA/boletinlegal/ HTTP/1.1" 200 24523
156.59.198.136 - - [18/Dec/2023:05:50:52 -0500] "GET /BLA/resoluciones/AUTOS%202014/0838.pdf HTTP/1.0" 200 275032
201.245.192.253 - - [18/Dec/2023:05:51:00 -0500] "POST /forms/lservlet;jsessionid=ac16012b30d665b9d6b5cea24731bd918aefbc6c9e46.e3iSbxaKaheRe34Qc38TbN0Nb41ynknvrkLOlQzNp65In0 HTTP/1.1" 200 2
156.59.198.136 - - [18/Dec/2023:05:51:16 -0500] "GET /BLA/resoluciones/AUTOS%202007/0578.pdf HTTP/1.0" 200 78227
156.59.198.136 - - [18/Dec/2023:05:51:40 -0500] "GET /BLA/resoluciones/RESOLUCIONES%202009/0367.pdf HTTP/1.0" 200 270540
156.59.198.135 - - [18/Dec/2023:05:52:04 -0500] "GET /BLA/resoluciones/AUTOS%202019/2097.pdf HTTP/1.0" 200 324431
201.245.192.253 - - [18/Dec/2023:05:52:26 -0500] "POST /forms/lservlet;jsessionid=ac16012b30d68f87e6b31bdd4159a82faa45787d3329.e3iSbxaKaheRe34Qc38TbN0Nb41ynknvrkLOlQzNp65In0 HTTP/1.1" 200 2
156.59.198.136 - - [18/Dec/2023:05:52:28 -0500] "GET /BLA/resoluciones/AUTOS%202019/0551.pdf HTTP/1.0" 200 543408
216.245.221.92 - - [18/Dec/2023:05:52:43 -0500] "HEAD / HTTP/1.1" 200 -
156.59.198.135 - - [18/Dec/2023:05:52:53 -0500] "GET /BLA/resoluciones/RESOLUCIONES%202019/3660.pdf HTTP/1.0" 200 873875
201.245.192.253 - - [18/Dec/2023:05:53:00 -0500] "POST /forms/lservlet;jsessionid=ac16012b30d665b9d6b5cea24731bd918aefbc6c9e46.e3iSbxaKaheRe34Qc38TbN0Nb41ynknvrkLOlQzNp65In0 HTTP/1.1" 200 2
156.59.198.136 - - [18/Dec/2023:05:53:17 -0500] "GET /BLA/resoluciones/AUTOS%202019/3196.pdf HTTP/1.0" 200 271916
156.59.198.136 - - [18/Dec/2023:05:53:41 -0500] "GET /BLA/resoluciones/RESOLUCIONES%202009/0307.pdf HTTP/1.0" 200 476589
156.59.198.136 - - [18/Dec/2023:05:54:06 -0500] "GET /BLA/resoluciones/AUTOS%202007/2547.pdf HTTP/1.0" 200 24768
186.155.82.113 - - [18/Dec/2023:05:54:19 -0500] "GET /sipse/faces/index.xhtml HTTP/1.1" 200 677
186.155.82.113 - - [18/Dec/2023:05:54:20 -0500] "GET /sipse/faces/javax.faces.resource/theme.css?ln=primefaces-sipse HTTP/1.1" 304 -
186.155.82.113 - - [18/Dec/2023:05:54:20 -0500] "GET /sipse/faces/faces/autenticacion.xhtml HTTP/1.1" 200 12405
186.155.82.113 - - [18/Dec/2023:05:54:20 -0500] "GET /sipse/faces/javax.faces.resource/theme.css?ln=primefaces-sipse HTTP/1.1" 304 -
186.155.82.113 - - [18/Dec/2023:05:54:20 -0500] "GET /sipse/faces/javax.faces.resource/layout/layout.css?ln=primefaces&v=4.0 HTTP/1.1" 304 -
186.155.82.113 - - [18/Dec/2023:05:54:20 -0500] "GET /sipse/js/disable_browser_buttons.js HTTP/1.1" 304 -
186.155.82.113 - - [18/Dec/2023:05:54:20 -0500] "GET /sipse/css/custom_css_sg_prime_login.css HTTP/1.1" 304 -
186.155.82.113 - - [18/Dec/2023:05:54:20 -0500] "GET /sipse/css/custom_css_sg.css HTTP/1.1" 304 -
186.155.82.113 - - [18/Dec/2023:05:54:20 -0500] "GET /sipse/js/funciones.js HTTP/1.1" 304 -
186.155.82.113 - - [18/Dec/2023:05:54:20 -0500] "GET /sipse/faces/javax.faces.resource/primefaces.css?ln=primefaces&v=4.0 HTTP/1.1" 304 -
186.155.82.113 - - [18/Dec/2023:05:54:20 -0500] "GET /sipse/faces/javax.faces.resource/jquery/jquery.js?ln=primefaces&v=4.0 HTTP/1.1" 304 -
186.155.82.113 - - [18/Dec/2023:05:54:20 -0500] "GET /sipse/faces/javax.faces.resource/jquery/jquery-plugins.js?ln=primefaces&v=4.0 HTTP/1.1" 304 -
186.155.82.113 - - [18/Dec/2023:05:54:20 -0500] "GET /sipse/faces/javax.faces.resource/primefaces.js?ln=primefaces&v=4.0 HTTP/1.1" 304 -
186.155.82.113 - - [18/Dec/2023:05:54:20 -0500] "GET /sipse/faces/javax.faces.resource/layout/layout.js?ln=primefaces&v=4.0 HTTP/1.1" 304 -
186.155.82.113 - - [18/Dec/2023:05:54:21 -0500] "GET /sipse/css/imagen/logoSDG.png HTTP/1.1" 304 -
