181.55.46.207 - - [18/Dec/2023:09:12:17 -0500] "GET /sipse/faces/javax.faces.resource/images/ui-icons_898989_256x240.png?ln=primefaces-aristo HTTP/1.1" 304 -
216.244.66.195 - - [18/Dec/2023:09:12:17 -0500] "GET /BLA/resoluciones/AUTOS%202019/2663.pdf HTTP/1.1" 200 302446
201.245.192.253 - - [18/Dec/2023:09:12:21 -0500] "POST /appsia/controlador HTTP/1.1" 200 7785
201.245.192.253 - - [18/Dec/2023:09:12:25 -0500] "POST /appsia/controlador HTTP/1.1" 200 6650
156.59.198.136 - - [18/Dec/2023:09:12:27 -0500] "GET /BLA/resoluciones/AUTOS%202007/1729.pdf HTTP/1.0" 200 35860
201.245.192.253 - - [18/Dec/2023:09:12:27 -0500] "GET /appsia/controlador?comando=regresar&id=52264707&funcionario=GUIOMAR++PATRICIA+GIL+ARDILA&desde=52264707&hasta=52264707&version=52264707 HTTP/1.1" 200 7785
201.245.192.253 - - [18/Dec/2023:09:12:28 -0500] "POST /forms/lservlet;jsessionid=ac16012b30d68f87e6b31bdd4159a82faa45787d3329.e3iSbxaKaheRe34Qc38TbN0Nb41ynknvrkLOlQzNp65In0 HTTP/1.1" 200 2
201.245.192.253 - - [18/Dec/2023:09:12:31 -0500] "POST /appsia/controlador HTTP/1.1" 200 6650
201.245.192.253 - - [18/Dec/2023:09:12:33 -0500] "POST /appsia/controlador HTTP/1.1" 200 11690
201.245.192.253 - - [18/Dec/2023:09:12:34 -0500] "POST /appsia/controlador HTTP/1.1" 200 76024
216.245.221.92 - - [18/Dec/2023:09:12:43 -0500] "HEAD / HTTP/1.1" 200 -
156.59.198.136 - - [18/Dec/2023:09:12:50 -0500] "GET /BLA/resoluciones/AUTOS%202007/2026.pdf HTTP/1.0" 200 77369
201.245.192.253 - - [18/Dec/2023:09:12:53 -0500] "POST /appsia/controlador HTTP/1.1" 200 7785
201.245.192.253 - - [18/Dec/2023:09:12:55 -0500] "POST /sipse/faces/presentacion/financiero/solicitudAnulacion/solicitudAnulacion.xhtml HTTP/1.1" 200 35000
201.245.192.253 - - [18/Dec/2023:09:12:55 -0500] "GET /sipse/faces/javax.faces.resource/jquery/jquery.js?ln=primefaces&v=4.0 HTTP/1.1" 304 -
201.245.192.253 - - [18/Dec/2023:09:12:55 -0500] "GET /sipse/faces/javax.faces.resource/jquery/jquery-plugins.js?ln=primefaces&v=4.0 HTTP/1.1" 304 -
201.245.192.253 - - [18/Dec/2023:09:12:55 -0500] "GET /sipse/faces/javax.faces.resource/primefaces.js?ln=primefaces&v=4.0 HTTP/1.1" 304 -
201.245.192.253 - - [18/Dec/2023:09:12:55 -0500] "GET /sipse/faces/javax.faces.resource/layout/layout.js?ln=primefaces&v=4.0 HTTP/1.1" 304 -
201.245.192.253 - - [18/Dec/2023:09:12:55 -0500] "POST /sipse/faces/presentacion/financiero/solicitudProceso/listarSolicitudProceso.xhtml HTTP/1.1" 200 28280
201.245.192.253 - - [18/Dec/2023:09:12:56 -0500] "POST /sipse/faces/presentacion/financiero/solicitudProceso/listarSolicitudProceso.xhtml HTTP/1.1" 200 1376
201.245.192.253 - - [18/Dec/2023:09:12:56 -0500] "POST /sipse/faces/presentacion/financiero/solicitudProceso/listarSolicitudProceso.xhtml HTTP/1.1" 200 1420
201.245.192.253 - - [18/Dec/2023:09:12:57 -0500] "POST /appsia/controlador HTTP/1.1" 200 6650
201.245.192.253 - - [18/Dec/2023:09:12:57 -0500] "POST /sipse/faces/presentacion/financiero/solicitudProceso/listarSolicitudProceso.xhtml HTTP/1.1" 200 184
201.245.192.253 - - [18/Dec/2023:09:12:57 -0500] "POST /sipse/faces/presentacion/financiero/solicitudProceso/listarSolicitudProceso.xhtml HTTP/1.1" 200 184
201.245.192.253 - - [18/Dec/2023:09:12:57 -0500] "POST /sipse/faces/presentacion/financiero/solicitudProceso/listarSolicitudProceso.xhtml HTTP/1.1" 200 184
201.245.192.253 - - [18/Dec/2023:09:12:57 -0500] "GET /sipse/faces/presentacion/financiero/solicitudAnulacion/solicitudAnulacion.xhtml HTTP/1.1" 200 12304
201.245.192.253 - - [18/Dec/2023:09:12:57 -0500] "GET /sipse/faces/presentacion/financiero/solicitudAnulacion/solicitudAnulacion.xhtml HTTP/1.1" 200 24776
201.245.192.253 - - [18/Dec/2023:09:12:57 -0500] "GET /sipse/faces/presentacion/financiero/solicitudAnulacion/solicitudAnulacion.xhtml HTTP/1.1" 200 38305
201.245.192.253 - - [18/Dec/2023:09:12:57 -0500] "GET /sipse/faces/javax.faces.resource/theme.css?ln=primefaces-sipse HTTP/1.1" 304 -
201.245.192.253 - - [18/Dec/2023:09:12:57 -0500] "GET /sipse/faces/javax.faces.resource/primefaces.css?ln=primefaces&v=4.0 HTTP/1.1" 304 -
201.245.192.253 - - [18/Dec/2023:09:12:57 -0500] "GET /sipse/faces/javax.faces.resource/layout/layout.css?ln=primefaces&v=4.0 HTTP/1.1" 304 -
201.245.192.253 - - [18/Dec/2023:09:12:57 -0500] "GET /sipse/faces/javax.faces.resource/jquery/jquery-plugins.js?ln=primefaces&v=4.0 HTTP/1.1" 304 -
201.245.192.253 - - [18/Dec/2023:09:12:57 -0500] "GET /sipse/faces/javax.faces.resource/primefaces.js?ln=primefaces&v=4.0 HTTP/1.1" 304 -
201.245.192.253 - - [18/Dec/2023:09:12:57 -0500] "GET /sipse/faces/javax.faces.resource/jquery/jquery.js?ln=primefaces&v=4.0 HTTP/1.1" 304 -
201.245.192.253 - - [18/Dec/2023:09:12:57 -0500] "GET /sipse/faces/javax.faces.resource/layout/layout.js?ln=primefaces&v=4.0 HTTP/1.1" 304 -
201.245.192.253 - - [18/Dec/2023:09:12:57 -0500] "GET /sipse/faces/javax.faces.resource/images/ui-icons_898989_256x240.png?ln=primefaces-aristo HTTP/1.1" 304 -
201.245.192.253 - - [18/Dec/2023:09:12:57 -0500] "GET /sipse/faces/javax.faces.resource/images/ui-bg_flat_0_2d5972_40x100.png?ln=primefaces-aristo HTTP/1.1" 304 -
201.245.192.253 - - [18/Dec/2023:09:12:57 -0500] "POST /sipse/faces/presentacion/financiero/solicitudAnulacion/solicitudAnulacion.xhtml HTTP/1.1" 200 14755
201.245.192.253 - - [18/Dec/2023:09:12:58 -0500] "POST /appsia/controlador HTTP/1.1" 200 11690
181.55.46.207 - - [18/Dec/2023:09:12:57 -0500] "POST /sipse/faces/presentacion/sistema/anexos/cargarAnexoSolicitudProceso.xhtml HTTP/1.1" 200 180627
181.55.46.207 - - [18/Dec/2023:09:12:59 -0500] "GET /sipse/faces/javax.faces.resource/theme.css?ln=primefaces-sipse HTTP/1.1" 304 -
181.55.46.207 - - [18/Dec/2023:09:12:59 -0500] "GET /sipse/faces/javax.faces.resource/primefaces.css?ln=primefaces&v=4.0 HTTP/1.1" 304 -
181.55.46.207 - - [18/Dec/2023:09:12:59 -0500] "GET /sipse/faces/javax.faces.resource/layout/layout.css?ln=primefaces&v=4.0 HTTP/1.1" 304 -
181.55.46.207 - - [18/Dec/2023:09:12:59 -0500] "GET /sipse/faces/javax.faces.resource/jquery/jquery-plugins.js?ln=primefaces&v=4.0 HTTP/1.1" 304 -
181.55.46.207 - - [18/Dec/2023:09:12:59 -0500] "GET /sipse/faces/javax.faces.resource/jquery/jquery.js?ln=primefaces&v=4.0 HTTP/1.1" 304 -
181.55.46.207 - - [18/Dec/2023:09:12:59 -0500] "GET /sipse/faces/javax.faces.resource/primefaces.js?ln=primefaces&v=4.0 HTTP/1.1" 304 -
181.55.46.207 - - [18/Dec/2023:09:12:59 -0500] "GET /sipse/faces/javax.faces.resource/layout/layout.js?ln=primefaces&v=4.0 HTTP/1.1" 304 -
201.245.192.253 - - [18/Dec/2023:09:12:59 -0500] "POST /sipse/faces/presentacion/financiero/solicitudAnulacion/solicitudAnulacion.xhtml HTTP/1.1" 200 41132
181.55.46.207 - - [18/Dec/2023:09:12:59 -0500] "GET /sipse/faces/javax.faces.resource/images/ui-icons_898989_256x240.png?ln=primefaces-aristo HTTP/1.1" 304 -
201.245.192.253 - - [18/Dec/2023:09:12:59 -0500] "GET /sipse/faces/javax.faces.resource/jquery/jquery.js?ln=primefaces&v=4.0 HTTP/1.1" 304 -
201.245.192.253 - - [18/Dec/2023:09:12:59 -0500] "GET /sipse/faces/javax.faces.resource/jquery/jquery-plugins.js?ln=primefaces&v=4.0 HTTP/1.1" 304 -
201.245.192.253 - - [18/Dec/2023:09:12:59 -0500] "GET /sipse/faces/javax.faces.resource/primefaces.js?ln=primefaces&v=4.0 HTTP/1.1" 304 -
201.245.192.253 - - [18/Dec/2023:09:12:59 -0500] "GET /sipse/faces/javax.faces.resource/layout/layout.js?ln=primefaces&v=4.0 HTTP/1.1" 304 -
201.245.192.253 - - [18/Dec/2023:09:12:59 -0500] "POST /appsia/controlador HTTP/1.1" 200 76022
201.245.192.253 - - [18/Dec/2023:09:13:00 -0500] "POST /sipse/faces/presentacion/financiero/solicitudProceso/listarSolicitudProceso.xhtml HTTP/1.1" 200 1420
216.244.66.195 - - [18/Dec/2023:09:13:00 -0500] "GET /BLA/resoluciones/AUTOS%202019/2721.pdf HTTP/1.1" 200 254749
201.245.192.253 - - [18/Dec/2023:09:13:01 -0500] "POST /forms/lservlet;jsessionid=ac16012b30d665b9d6b5cea24731bd918aefbc6c9e46.e3iSbxaKaheRe34Qc38TbN0Nb41ynknvrkLOlQzNp65In0 HTTP/1.1" 200 2
201.245.192.253 - - [18/Dec/2023:09:13:02 -0500] "POST /sipse/faces/presentacion/financiero/solicitudProceso/listarSolicitudProceso.xhtml HTTP/1.1" 200 184
201.245.192.253 - - [18/Dec/2023:09:13:02 -0500] "POST /sipse/faces/presentacion/financiero/solicitudProceso/listarSolicitudProceso.xhtml HTTP/1.1" 200 184
201.245.192.253 - - [18/Dec/2023:09:13:02 -0500] "GET /sipse/faces/presentacion/financiero/solicitudAnulacion/solicitudAnulacion.xhtml HTTP/1.1" 200 16832
201.245.192.253 - - [18/Dec/2023:09:13:02 -0500] "GET /sipse/faces/presentacion/financiero/solicitudAnulacion/solicitudAnulacion.xhtml HTTP/1.1" 200 38305
201.245.192.253 - - [18/Dec/2023:09:13:02 -0500] "GET /sipse/faces/javax.faces.resource/theme.css?ln=primefaces-sipse HTTP/1.1" 304 -
201.245.192.253 - - [18/Dec/2023:09:13:02 -0500] "GET /sipse/faces/javax.faces.resource/jquery/jquery.js?ln=primefaces&v=4.0 HTTP/1.1" 304 -
201.245.192.253 - - [18/Dec/2023:09:13:02 -0500] "GET /sipse/faces/javax.faces.resource/layout/layout.css?ln=primefaces&v=4.0 HTTP/1.1" 304 -
201.245.192.253 - - [18/Dec/2023:09:13:02 -0500] "GET /sipse/faces/javax.faces.resource/primefaces.css?ln=primefaces&v=4.0 HTTP/1.1" 304 -
201.245.192.253 - - [18/Dec/2023:09:13:02 -0500] "GET /sipse/faces/javax.faces.resource/jquery/jquery-plugins.js?ln=primefaces&v=4.0 HTTP/1.1" 304 -
201.245.192.253 - - [18/Dec/2023:09:13:02 -0500] "GET /sipse/faces/javax.faces.resource/layout/layout.js?ln=primefaces&v=4.0 HTTP/1.1" 304 -
201.245.192.253 - - [18/Dec/2023:09:13:02 -0500] "GET /sipse/faces/javax.faces.resource/primefaces.js?ln=primefaces&v=4.0 HTTP/1.1" 304 -
201.245.192.253 - - [18/Dec/2023:09:13:02 -0500] "GET /sipse/faces/javax.faces.resource/images/ui-icons_898989_256x240.png?ln=primefaces-aristo HTTP/1.1" 304 -
201.245.192.253 - - [18/Dec/2023:09:13:02 -0500] "GET /sipse/faces/javax.faces.resource/images/ui-bg_flat_0_2d5972_40x100.png?ln=primefaces-aristo HTTP/1.1" 304 -
201.245.192.253 - - [18/Dec/2023:09:13:02 -0500] "POST /sipse/faces/presentacion/financiero/solicitudAnulacion/solicitudAnulacion.xhtml HTTP/1.1" 200 14755
201.245.192.253 - - [18/Dec/2023:09:13:13 -0500] "POST /appsia/controlador HTTP/1.1" 200 7785
190.27.185.40 - - [18/Dec/2023:09:13:14 -0500] "GET /sipse/faces/faces/autenticacion.xhtml HTTP/1.1" 200 12415
190.27.185.40 - - [18/Dec/2023:09:13:14 -0500] "GET /sipse/faces/javax.faces.resource/theme.css?ln=primefaces-sipse HTTP/1.1" 304 -
190.27.185.40 - - [18/Dec/2023:09:13:14 -0500] "GET /sipse/faces/javax.faces.resource/layout/layout.css?ln=primefaces&v=4.0 HTTP/1.1" 304 -
190.27.185.40 - - [18/Dec/2023:09:13:14 -0500] "GET /sipse/faces/javax.faces.resource/jquery/jquery-plugins.js?ln=primefaces&v=4.0 HTTP/1.1" 304 -
190.27.185.40 - - [18/Dec/2023:09:13:14 -0500] "GET /sipse/faces/javax.faces.resource/primefaces.css?ln=primefaces&v=4.0 HTTP/1.1" 304 -
190.27.185.40 - - [18/Dec/2023:09:13:14 -0500] "GET /sipse/faces/javax.faces.resource/jquery/jquery.js?ln=primefaces&v=4.0 HTTP/1.1" 304 -
190.27.185.40 - - [18/Dec/2023:09:13:14 -0500] "GET /sipse/faces/javax.faces.resource/primefaces.js?ln=primefaces&v=4.0 HTTP/1.1" 304 -
190.27.185.40 - - [18/Dec/2023:09:13:14 -0500] "GET /sipse/faces/javax.faces.resource/layout/layout.js?ln=primefaces&v=4.0 HTTP/1.1" 304 -
190.27.185.40 - - [18/Dec/2023:09:13:14 -0500] "GET /sipse/faces/javax.faces.resource/images/ui-icons_898989_256x240.png?ln=primefaces-aristo HTTP/1.1" 304 -
190.27.185.40 - - [18/Dec/2023:09:13:14 -0500] "GET /sipse/faces/faces/index.xhtml HTTP/1.1" 200 677
190.27.185.40 - - [18/Dec/2023:09:13:14 -0500] "GET /sipse/faces/javax.faces.resource/theme.css?ln=primefaces-sipse HTTP/1.1" 304 -
190.27.185.40 - - [18/Dec/2023:09:13:14 -0500] "GET /sipse/faces/faces/faces/autenticacion.xhtml HTTP/1.1" 200 12415
190.27.185.40 - - [18/Dec/2023:09:13:14 -0500] "GET /sipse/faces/javax.faces.resource/theme.css?ln=primefaces-sipse HTTP/1.1" 304 -
190.27.185.40 - - [18/Dec/2023:09:13:14 -0500] "GET /sipse/faces/javax.faces.resource/primefaces.css?ln=primefaces&v=4.0 HTTP/1.1" 304 -
190.27.185.40 - - [18/Dec/2023:09:13:14 -0500] "GET /sipse/faces/javax.faces.resource/layout/layout.css?ln=primefaces&v=4.0 HTTP/1.1" 304 -
190.27.185.40 - - [18/Dec/2023:09:13:14 -0500] "GET /sipse/faces/javax.faces.resource/jquery/jquery.js?ln=primefaces&v=4.0 HTTP/1.1" 304 -
190.27.185.40 - - [18/Dec/2023:09:13:14 -0500] "GET /sipse/faces/javax.faces.resource/jquery/jquery-plugins.js?ln=primefaces&v=4.0 HTTP/1.1" 304 -
190.27.185.40 - - [18/Dec/2023:09:13:14 -0500] "GET /sipse/faces/javax.faces.resource/primefaces.js?ln=primefaces&v=4.0 HTTP/1.1" 304 -
190.27.185.40 - - [18/Dec/2023:09:13:14 -0500] "GET /sipse/faces/javax.faces.resource/layout/layout.js?ln=primefaces&v=4.0 HTTP/1.1" 304 -
190.27.185.40 - - [18/Dec/2023:09:13:15 -0500] "GET /sipse/faces/javax.faces.resource/images/ui-icons_898989_256x240.png?ln=primefaces-aristo HTTP/1.1" 304 -
156.59.198.135 - - [18/Dec/2023:09:13:15 -0500] "GET /BLA/resoluciones/AUTOS%202019/0424.pdf HTTP/1.0" 200 248420
201.245.192.253 - - [18/Dec/2023:09:13:17 -0500] "POST /appsia/controlador HTTP/1.1" 200 6650
201.245.192.253 - - [18/Dec/2023:09:13:18 -0500] "POST /appsia/controlador HTTP/1.1" 200 11690
190.27.185.40 - - [18/Dec/2023:09:13:18 -0500] "POST /sipse/faces/autenticacion.xhtml HTTP/1.1" 200 16933
190.27.185.40 - - [18/Dec/2023:09:13:19 -0500] "GET /sipse/css/custom_css_sg_prime.css HTTP/1.1" 200 5201
190.27.185.40 - - [18/Dec/2023:09:13:19 -0500] "GET /sipse/faces/javax.faces.resource/jquery/jquery.js?ln=primefaces&v=4.0 HTTP/1.1" 304 -
190.27.185.40 - - [18/Dec/2023:09:13:19 -0500] "GET /sipse/faces/javax.faces.resource/jquery/jquery-plugins.js?ln=primefaces&v=4.0 HTTP/1.1" 304 -
190.27.185.40 - - [18/Dec/2023:09:13:19 -0500] "GET /sipse/faces/javax.faces.resource/primefaces.js?ln=primefaces&v=4.0 HTTP/1.1" 304 -
190.27.185.40 - - [18/Dec/2023:09:13:19 -0500] "GET /sipse/faces/javax.faces.resource/layout/layout.js?ln=primefaces&v=4.0 HTTP/1.1" 304 -
190.27.185.40 - - [18/Dec/2023:09:13:19 -0500] "GET /sipse/css/v_mergente.css HTTP/1.1" 200 1505
190.27.185.40 - - [18/Dec/2023:09:13:19 -0500] "GET /sipse/imagenes/cargando.gif HTTP/1.1" 200 19186
190.27.185.40 - - [18/Dec/2023:09:13:19 -0500] "GET /sipse/css/imagen/contrasena.png HTTP/1.1" 404 383
190.27.185.40 - - [18/Dec/2023:09:13:19 -0500] "GET /sipse/faces/javax.faces.resource/messages/messages.png?ln=primefaces&v=4.0 HTTP/1.1" 304 -
190.27.185.40 - - [18/Dec/2023:09:13:20 -0500] "GET /sipse/faces/javax.faces.resource/images/ui-bg_flat_0_2d5972_40x100.png?ln=primefaces-aristo HTTP/1.1" 200 183
190.27.185.40 - - [18/Dec/2023:09:13:20 -0500] "POST /sipse/faces/bienvenido.xhtml HTTP/1.1" 200 1471
201.245.192.253 - - [18/Dec/2023:09:13:20 -0500] "POST /appsia/controlador HTTP/1.1" 200 76023
190.27.185.40 - - [18/Dec/2023:09:13:20 -0500] "POST /sipse/faces/bienvenido.xhtml HTTP/1.1" 200 38038
190.27.185.40 - - [18/Dec/2023:09:13:21 -0500] "GET /sipse/faces/javax.faces.resource/jquery/jquery.js?ln=primefaces&v=4.0 HTTP/1.1" 304 -
190.27.185.40 - - [18/Dec/2023:09:13:21 -0500] "GET /sipse/faces/javax.faces.resource/jquery/jquery-plugins.js?ln=primefaces&v=4.0 HTTP/1.1" 304 -
190.27.185.40 - - [18/Dec/2023:09:13:21 -0500] "GET /sipse/faces/javax.faces.resource/primefaces.js?ln=primefaces&v=4.0 HTTP/1.1" 304 -
190.27.185.40 - - [18/Dec/2023:09:13:21 -0500] "GET /sipse/faces/javax.faces.resource/layout/layout.js?ln=primefaces&v=4.0 HTTP/1.1" 304 -
190.27.185.40 - - [18/Dec/2023:09:13:21 -0500] "POST /sipse/faces/presentacion/financiero/solicitudProceso/listarSolicitudProceso.xhtml HTTP/1.1" 200 1420
190.27.185.40 - - [18/Dec/2023:09:13:26 -0500] "POST /sipse/faces/presentacion/financiero/solicitudProceso/listarSolicitudProceso.xhtml HTTP/1.1" 200 111570
190.27.185.40 - - [18/Dec/2023:09:13:27 -0500] "GET /sipse/faces/javax.faces.resource/jquery/jquery.js?ln=primefaces&v=4.0 HTTP/1.1" 304 -
190.27.185.40 - - [18/Dec/2023:09:13:27 -0500] "GET /sipse/faces/javax.faces.resource/jquery/jquery-plugins.js?ln=primefaces&v=4.0 HTTP/1.1" 304 -
190.27.185.40 - - [18/Dec/2023:09:13:27 -0500] "GET /sipse/faces/javax.faces.resource/primefaces.js?ln=primefaces&v=4.0 HTTP/1.1" 304 -
190.27.185.40 - - [18/Dec/2023:09:13:27 -0500] "GET /sipse/faces/javax.faces.resource/layout/layout.js?ln=primefaces&v=4.0 HTTP/1.1" 304 -
201.245.192.253 - - [18/Dec/2023:09:13:29 -0500] "POST /sipse/faces/presentacion/financiero/solicitudAnulacion/solicitudAnulacion.xhtml HTTP/1.1" 200 54718
201.245.192.253 - - [18/Dec/2023:09:13:29 -0500] "GET /sipse/faces/javax.faces.resource/fileupload/fileupload.css?ln=primefaces&v=4.0 HTTP/1.1" 304 -
201.245.192.253 - - [18/Dec/2023:09:13:29 -0500] "GET /sipse/faces/javax.faces.resource/jquery/jquery.js?ln=primefaces&v=4.0 HTTP/1.1" 304 -
201.245.192.253 - - [18/Dec/2023:09:13:29 -0500] "GET /sipse/faces/javax.faces.resource/jquery/jquery-plugins.js?ln=primefaces&v=4.0 HTTP/1.1" 304 -
201.245.192.253 - - [18/Dec/2023:09:13:29 -0500] "GET /sipse/faces/javax.faces.resource/primefaces.js?ln=primefaces&v=4.0 HTTP/1.1" 304 -
201.245.192.253 - - [18/Dec/2023:09:13:30 -0500] "GET /sipse/faces/javax.faces.resource/layout/layout.js?ln=primefaces&v=4.0 HTTP/1.1" 304 -
201.245.192.253 - - [18/Dec/2023:09:13:30 -0500] "GET /sipse/faces/javax.faces.resource/fileupload/fileupload.js?ln=primefaces&v=4.0 HTTP/1.1" 304 -
190.27.185.40 - - [18/Dec/2023:09:13:30 -0500] "POST /sipse/faces/presentacion/financiero/solicitudProceso/consultarSolicitudProceso.xhtml HTTP/1.1" 200 30325
190.27.185.40 - - [18/Dec/2023:09:13:30 -0500] "GET /sipse/faces/javax.faces.resource/jquery/jquery.js?ln=primefaces&v=4.0 HTTP/1.1" 304 -
190.27.185.40 - - [18/Dec/2023:09:13:31 -0500] "GET /sipse/faces/javax.faces.resource/jquery/jquery-plugins.js?ln=primefaces&v=4.0 HTTP/1.1" 304 -
190.27.185.40 - - [18/Dec/2023:09:13:31 -0500] "GET /sipse/faces/javax.faces.resource/primefaces.js?ln=primefaces&v=4.0 HTTP/1.1" 304 -
190.27.185.40 - - [18/Dec/2023:09:13:31 -0500] "GET /sipse/faces/javax.faces.resource/layout/layout.js?ln=primefaces&v=4.0 HTTP/1.1" 304 -
190.27.185.40 - - [18/Dec/2023:09:13:32 -0500] "POST /sipse/faces/presentacion/financiero/solicitudProceso/asignarContratacion.xhtml HTTP/1.1" 200 6614
190.27.185.40 - - [18/Dec/2023:09:13:35 -0500] "POST /sipse/faces/presentacion/financiero/solicitudProceso/asignarContratacion.xhtml HTTP/1.1" 200 35616
190.27.185.40 - - [18/Dec/2023:09:13:38 -0500] "GET /sipse/faces/javax.faces.resource/jquery/jquery.js?ln=primefaces&v=4.0 HTTP/1.1" 304 -
190.27.185.40 - - [18/Dec/2023:09:13:38 -0500] "GET /sipse/faces/javax.faces.resource/jquery/jquery-plugins.js?ln=primefaces&v=4.0 HTTP/1.1" 304 -
190.27.185.40 - - [18/Dec/2023:09:13:38 -0500] "GET /sipse/faces/javax.faces.resource/primefaces.js?ln=primefaces&v=4.0 HTTP/1.1" 304 -
190.27.185.40 - - [18/Dec/2023:09:13:38 -0500] "GET /sipse/faces/javax.faces.resource/layout/layout.js?ln=primefaces&v=4.0 HTTP/1.1" 304 -
190.27.185.40 - - [18/Dec/2023:09:13:38 -0500] "POST /sipse/faces/presentacion/financiero/solicitudProceso/listarSolicitudProceso.xhtml HTTP/1.1" 200 1396
216.244.66.195 - - [18/Dec/2023:09:13:39 -0500] "GET /BLA/resoluciones/AUTOS%202019/2880.pdf HTTP/1.1" 200 275471
156.59.198.136 - - [18/Dec/2023:09:13:39 -0500] "GET /BLA/resoluciones/AUTOS%202007/1531.pdf HTTP/1.0" 200 93974
201.245.192.253 - - [18/Dec/2023:09:13:40 -0500] "POST /appsia/controlador HTTP/1.1" 200 7785
190.27.185.40 - - [18/Dec/2023:09:13:40 -0500] "POST /sipse/faces/presentacion/financiero/solicitudProceso/listarSolicitudProceso.xhtml HTTP/1.1" 200 111327
190.27.185.40 - - [18/Dec/2023:09:13:41 -0500] "GET /sipse/faces/javax.faces.resource/jquery/jquery.js?ln=primefaces&v=4.0 HTTP/1.1" 304 -
190.27.185.40 - - [18/Dec/2023:09:13:41 -0500] "GET /sipse/faces/javax.faces.resource/jquery/jquery-plugins.js?ln=primefaces&v=4.0 HTTP/1.1" 304 -
190.27.185.40 - - [18/Dec/2023:09:13:41 -0500] "GET /sipse/faces/javax.faces.resource/primefaces.js?ln=primefaces&v=4.0 HTTP/1.1" 304 -
190.27.185.40 - - [18/Dec/2023:09:13:41 -0500] "GET /sipse/faces/javax.faces.resource/layout/layout.js?ln=primefaces&v=4.0 HTTP/1.1" 304 -
201.245.192.253 - - [18/Dec/2023:09:13:43 -0500] "POST /appsia/controlador HTTP/1.1" 200 6650
190.27.185.40 - - [18/Dec/2023:09:13:45 -0500] "POST /sipse/faces/presentacion/financiero/solicitudProceso/consultarSolicitudProceso.xhtml HTTP/1.1" 200 30335
190.27.185.40 - - [18/Dec/2023:09:13:45 -0500] "GET /sipse/faces/javax.faces.resource/jquery/jquery.js?ln=primefaces&v=4.0 HTTP/1.1" 304 -
190.27.185.40 - - [18/Dec/2023:09:13:45 -0500] "GET /sipse/faces/javax.faces.resource/jquery/jquery-plugins.js?ln=primefaces&v=4.0 HTTP/1.1" 304 -
201.245.192.253 - - [18/Dec/2023:09:13:45 -0500] "POST /appsia/controlador HTTP/1.1" 200 11690
190.27.185.40 - - [18/Dec/2023:09:13:45 -0500] "GET /sipse/faces/javax.faces.resource/primefaces.js?ln=primefaces&v=4.0 HTTP/1.1" 304 -
190.27.185.40 - - [18/Dec/2023:09:13:45 -0500] "GET /sipse/faces/javax.faces.resource/layout/layout.js?ln=primefaces&v=4.0 HTTP/1.1" 304 -
201.245.192.253 - - [18/Dec/2023:09:13:47 -0500] "POST /appsia/controlador HTTP/1.1" 200 76022
190.27.185.40 - - [18/Dec/2023:09:13:49 -0500] "POST /sipse/faces/presentacion/financiero/solicitudProceso/asignarContratacion.xhtml HTTP/1.1" 200 6671
190.27.185.40 - - [18/Dec/2023:09:13:51 -0500] "POST /sipse/faces/presentacion/financiero/solicitudProceso/asignarContratacion.xhtml HTTP/1.1" 200 32483
190.27.185.40 - - [18/Dec/2023:09:13:53 -0500] "GET /sipse/faces/javax.faces.resource/jquery/jquery.js?ln=primefaces&v=4.0 HTTP/1.1" 304 -
190.27.185.40 - - [18/Dec/2023:09:13:53 -0500] "GET /sipse/faces/javax.faces.resource/jquery/jquery-plugins.js?ln=primefaces&v=4.0 HTTP/1.1" 304 -
190.27.185.40 - - [18/Dec/2023:09:13:53 -0500] "GET /sipse/faces/javax.faces.resource/primefaces.js?ln=primefaces&v=4.0 HTTP/1.1" 304 -
190.27.185.40 - - [18/Dec/2023:09:13:53 -0500] "GET /sipse/faces/javax.faces.resource/layout/layout.js?ln=primefaces&v=4.0 HTTP/1.1" 304 -
190.27.185.40 - - [18/Dec/2023:09:13:55 -0500] "POST /sipse/faces/presentacion/financiero/solicitudProceso/listarSolicitudProceso.xhtml HTTP/1.1" 200 1376
172.22.2.4 - - [18/Dec/2023:09:12:17 -0500] "HEAD /BLA/boletinlegal/ HTTP/1.1" 200 -
181.55.46.207 - - [18/Dec/2023:09:14:02 -0500] "GET /sipse/faces/javax.faces.resource/theme.css?ln=primefaces-sipse HTTP/1.1" 304 -
181.55.46.207 - - [18/Dec/2023:09:14:02 -0500] "GET /sipse/faces/javax.faces.resource/primefaces.css?ln=primefaces&v=4.0 HTTP/1.1" 304 -
181.55.46.207 - - [18/Dec/2023:09:14:02 -0500] "GET /sipse/faces/javax.faces.resource/primefaces.js?ln=primefaces&v=4.0 HTTP/1.1" 304 -
181.55.46.207 - - [18/Dec/2023:09:14:02 -0500] "GET /sipse/faces/javax.faces.resource/layout/layout.css?ln=primefaces&v=4.0 HTTP/1.1" 304 -
181.55.46.207 - - [18/Dec/2023:09:14:02 -0500] "GET /sipse/faces/javax.faces.resource/jquery/jquery.js?ln=primefaces&v=4.0 HTTP/1.1" 304 -
181.55.46.207 - - [18/Dec/2023:09:14:02 -0500] "GET /sipse/faces/javax.faces.resource/jquery/jquery-plugins.js?ln=primefaces&v=4.0 HTTP/1.1" 304 -
181.55.46.207 - - [18/Dec/2023:09:14:02 -0500] "GET /sipse/faces/javax.faces.resource/layout/layout.js?ln=primefaces&v=4.0 HTTP/1.1" 304 -
181.55.46.207 - - [18/Dec/2023:09:14:02 -0500] "POST /sipse/faces/presentacion/financiero/solicitudProceso/consultarSolicitudProceso.xhtml HTTP/1.1" 200 181389
201.245.192.253 - - [18/Dec/2023:09:14:03 -0500] "POST /appsia/controlador HTTP/1.1" 200 7785
156.59.198.135 - - [18/Dec/2023:09:14:04 -0500] "GET /BLA/resoluciones/AUTOS%202007/2511.pdf HTTP/1.0" 200 266233
201.245.192.253 - - [18/Dec/2023:09:14:06 -0500] "POST /appsia/controlador HTTP/1.1" 200 6650
201.245.192.253 - - [18/Dec/2023:09:14:07 -0500] "POST /appsia/controlador HTTP/1.1" 200 15857
201.245.192.253 - - [18/Dec/2023:09:14:08 -0500] "POST /appsia/controlador HTTP/1.1" 200 76430
181.55.46.207 - - [18/Dec/2023:09:14:10 -0500] "GET /sipse/faces/javax.faces.resource/images/ui-bg_flat_0_2d5972_40x100.png?ln=primefaces-aristo HTTP/1.1" 304 -
181.55.46.207 - - [18/Dec/2023:09:14:10 -0500] "POST /sipse/faces/presentacion/financiero/solicitudProceso/consultarSolicitudProceso.xhtml HTTP/1.1" 200 62124
181.55.46.207 - - [18/Dec/2023:09:14:13 -0500] "GET /sipse/faces/javax.faces.resource/primefaces.css?ln=primefaces&v=4.0 HTTP/1.1" 304 -
181.55.46.207 - - [18/Dec/2023:09:14:13 -0500] "GET /sipse/faces/javax.faces.resource/theme.css?ln=primefaces-sipse HTTP/1.1" 304 -
181.55.46.207 - - [18/Dec/2023:09:14:13 -0500] "GET /sipse/faces/javax.faces.resource/layout/layout.css?ln=primefaces&v=4.0 HTTP/1.1" 304 -
181.55.46.207 - - [18/Dec/2023:09:14:14 -0500] "GET /sipse/faces/javax.faces.resource/jquery/jquery.js?ln=primefaces&v=4.0 HTTP/1.1" 304 -
181.55.46.207 - - [18/Dec/2023:09:14:14 -0500] "GET /sipse/faces/javax.faces.resource/jquery/jquery-plugins.js?ln=primefaces&v=4.0 HTTP/1.1" 304 -
181.55.46.207 - - [18/Dec/2023:09:14:15 -0500] "GET /sipse/faces/javax.faces.resource/primefaces.js?ln=primefaces&v=4.0 HTTP/1.1" 304 -
181.55.46.207 - - [18/Dec/2023:09:14:15 -0500] "GET /sipse/faces/javax.faces.resource/layout/layout.js?ln=primefaces&v=4.0 HTTP/1.1" 304 -
181.55.46.207 - - [18/Dec/2023:09:14:15 -0500] "GET /sipse/faces/javax.faces.resource/messages/messages.png?ln=primefaces&v=4.0 HTTP/1.1" 304 -
181.55.46.207 - - [18/Dec/2023:09:14:15 -0500] "POST /sipse/faces/presentacion/financiero/solicitudProceso/listarSolicitudProceso.xhtml HTTP/1.1" 200 1556
216.244.66.195 - - [18/Dec/2023:09:14:23 -0500] "GET /BLA/resoluciones/AUTOS%202019/3104.pdf HTTP/1.1" 200 254866
201.245.192.253 - - [18/Dec/2023:09:14:27 -0500] "POST /appsia/controlador HTTP/1.1" 200 7785
201.245.192.253 - - [18/Dec/2023:09:14:28 -0500] "POST /forms/lservlet;jsessionid=ac16012b30d68f87e6b31bdd4159a82faa45787d3329.e3iSbxaKaheRe34Qc38TbN0Nb41ynknvrkLOlQzNp65In0 HTTP/1.1" 200 2
156.59.198.136 - - [18/Dec/2023:09:14:28 -0500] "GET /BLA/resoluciones/AUTOS%202007/2521.pdf HTTP/1.0" 200 364045
201.245.192.253 - - [18/Dec/2023:09:14:30 -0500] "POST /appsia/controlador HTTP/1.1" 200 6650
201.245.192.253 - - [18/Dec/2023:09:14:31 -0500] "POST /appsia/controlador HTTP/1.1" 200 13995
201.245.192.253 - - [18/Dec/2023:09:14:33 -0500] "POST /appsia/controlador HTTP/1.1" 200 76287
172.22.2.4 - - [18/Dec/2023:09:13:08 -0500] "GET /BLA/boletinlegal/ HTTP/1.1" 200 60634
201.245.192.253 - - [18/Dec/2023:09:14:51 -0500] "POST /kwsrmcab/Wsrmcab  HTTP/1.1" 200 37894
156.59.198.135 - - [18/Dec/2023:09:14:53 -0500] "GET /BLA/resoluciones/AUTOS%202007/3254.pdf HTTP/1.0" 200 87690
216.244.66.195 - - [18/Dec/2023:09:14:56 -0500] "GET /BLA/resoluciones/AUTOS%202019/3129.pdf HTTP/1.1" 200 297830
201.245.192.253 - - [18/Dec/2023:09:14:57 -0500] "POST /appsia/controlador HTTP/1.1" 200 7785
201.245.192.253 - - [18/Dec/2023:09:15:01 -0500] "POST /forms/lservlet;jsessionid=ac16012b30d665b9d6b5cea24731bd918aefbc6c9e46.e3iSbxaKaheRe34Qc38TbN0Nb41ynknvrkLOlQzNp65In0 HTTP/1.1" 200 2
201.245.192.253 - - [18/Dec/2023:09:15:01 -0500] "POST /appsia/controlador HTTP/1.1" 200 6650
201.245.192.253 - - [18/Dec/2023:09:15:02 -0500] "POST /appsia/controlador HTTP/1.1" 200 11304
201.245.192.253 - - [18/Dec/2023:09:15:04 -0500] "POST /appsia/controlador HTTP/1.1" 200 75970
200.122.210.122 - - [18/Dec/2023:09:15:14 -0500] "GET /sipse/faces/index.xhtml HTTP/1.1" 200 677
200.122.210.122 - - [18/Dec/2023:09:15:14 -0500] "GET /sipse/faces/javax.faces.resource/theme.css?ln=primefaces-sipse HTTP/1.1" 304 -
200.122.210.122 - - [18/Dec/2023:09:15:14 -0500] "GET /sipse/faces/faces/autenticacion.xhtml HTTP/1.1" 200 12405
200.122.210.122 - - [18/Dec/2023:09:15:14 -0500] "GET /favicon.ico HTTP/1.1" 200 7782
200.122.210.122 - - [18/Dec/2023:09:15:14 -0500] "GET /sipse/js/disable_browser_buttons.js HTTP/1.1" 304 -
200.122.210.122 - - [18/Dec/2023:09:15:14 -0500] "GET /sipse/js/funciones.js HTTP/1.1" 304 -
200.122.210.122 - - [18/Dec/2023:09:15:14 -0500] "GET /sipse/css/custom_css_sg.css HTTP/1.1" 304 -
200.122.210.122 - - [18/Dec/2023:09:15:14 -0500] "GET /sipse/faces/javax.faces.resource/theme.css?ln=primefaces-sipse HTTP/1.1" 304 -
200.122.210.122 - - [18/Dec/2023:09:15:14 -0500] "GET /sipse/faces/javax.faces.resource/layout/layout.css?ln=primefaces&v=4.0 HTTP/1.1" 304 -
200.122.210.122 - - [18/Dec/2023:09:15:14 -0500] "GET /sipse/css/custom_css_sg_prime_login.css HTTP/1.1" 304 -
200.122.210.122 - - [18/Dec/2023:09:15:14 -0500] "GET /sipse/faces/javax.faces.resource/jquery/jquery.js?ln=primefaces&v=4.0 HTTP/1.1" 304 -
200.122.210.122 - - [18/Dec/2023:09:15:14 -0500] "GET /sipse/faces/javax.faces.resource/jquery/jquery-plugins.js?ln=primefaces&v=4.0 HTTP/1.1" 304 -
200.122.210.122 - - [18/Dec/2023:09:15:14 -0500] "GET /sipse/faces/javax.faces.resource/primefaces.js?ln=primefaces&v=4.0 HTTP/1.1" 304 -
200.122.210.122 - - [18/Dec/2023:09:15:14 -0500] "GET /sipse/faces/javax.faces.resource/layout/layout.js?ln=primefaces&v=4.0 HTTP/1.1" 304 -
200.122.210.122 - - [18/Dec/2023:09:15:14 -0500] "GET /sipse/faces/javax.faces.resource/primefaces.css?ln=primefaces&v=4.0 HTTP/1.1" 304 -
200.122.210.122 - - [18/Dec/2023:09:15:15 -0500] "GET /sipse/css/imagen/loginimg.png HTTP/1.1" 304 -
200.122.210.122 - - [18/Dec/2023:09:15:15 -0500] "GET /sipse/faces/javax.faces.resource/images/ui-icons_898989_256x240.png?ln=primefaces-aristo HTTP/1.1" 304 -
200.122.210.122 - - [18/Dec/2023:09:15:15 -0500] "GET /sipse/css/imagen/logoSDG.png HTTP/1.1" 200 53064
156.59.198.136 - - [18/Dec/2023:09:15:17 -0500] "GET /BLA/resoluciones/AUTOS%202007/0804.pdf HTTP/1.0" 200 146208
200.122.210.122 - - [18/Dec/2023:09:15:19 -0500] "POST /sipse/faces/autenticacion.xhtml HTTP/1.1" 200 11434
200.122.210.122 - - [18/Dec/2023:09:15:19 -0500] "GET /sipse/faces/javax.faces.resource/theme.css?ln=primefaces-sipse HTTP/1.1" 304 -
200.122.210.122 - - [18/Dec/2023:09:15:19 -0500] "GET /sipse/faces/javax.faces.resource/primefaces.css?ln=primefaces&v=4.0 HTTP/1.1" 304 -
200.122.210.122 - - [18/Dec/2023:09:15:19 -0500] "GET /sipse/faces/javax.faces.resource/layout/layout.css?ln=primefaces&v=4.0 HTTP/1.1" 304 -
200.122.210.122 - - [18/Dec/2023:09:15:19 -0500] "GET /sipse/faces/javax.faces.resource/jquery/jquery.js?ln=primefaces&v=4.0 HTTP/1.1" 304 -
200.122.210.122 - - [18/Dec/2023:09:15:19 -0500] "GET /sipse/css/custom_css_sg_prime.css HTTP/1.1" 304 -
200.122.210.122 - - [18/Dec/2023:09:15:19 -0500] "GET /sipse/faces/javax.faces.resource/jquery/jquery-plugins.js?ln=primefaces&v=4.0 HTTP/1.1" 304 -
200.122.210.122 - - [18/Dec/2023:09:15:19 -0500] "GET /sipse/faces/javax.faces.resource/primefaces.js?ln=primefaces&v=4.0 HTTP/1.1" 304 -
200.122.210.122 - - [18/Dec/2023:09:15:19 -0500] "GET /sipse/faces/javax.faces.resource/layout/layout.js?ln=primefaces&v=4.0 HTTP/1.1" 304 -
200.122.210.122 - - [18/Dec/2023:09:15:19 -0500] "GET /sipse/faces/javax.faces.resource/messages/messages.png?ln=primefaces&v=4.0 HTTP/1.1" 304 -
200.122.210.122 - - [18/Dec/2023:09:15:21 -0500] "POST /sipse/faces/presentacion/sistema/seguridad/seleccionRol.xhtml HTTP/1.1" 200 5801
200.122.210.122 - - [18/Dec/2023:09:15:23 -0500] "POST /sipse/faces/presentacion/sistema/seguridad/seleccionRol.xhtml HTTP/1.1" 200 16461
200.122.210.122 - - [18/Dec/2023:09:15:23 -0500] "GET /sipse/faces/javax.faces.resource/theme.css?ln=primefaces-sipse HTTP/1.1" 304 -
200.122.210.122 - - [18/Dec/2023:09:15:23 -0500] "GET /sipse/faces/javax.faces.resource/layout/layout.css?ln=primefaces&v=4.0 HTTP/1.1" 304 -
200.122.210.122 - - [18/Dec/2023:09:15:23 -0500] "GET /sipse/js/jquery.min.js HTTP/1.1" 304 -
200.122.210.122 - - [18/Dec/2023:09:15:23 -0500] "GET /sipse/faces/javax.faces.resource/primefaces.css?ln=primefaces&v=4.0 HTTP/1.1" 304 -
200.122.210.122 - - [18/Dec/2023:09:15:23 -0500] "GET /sipse/faces/javax.faces.resource/jquery/jquery.js?ln=primefaces&v=4.0 HTTP/1.1" 304 -
200.122.210.122 - - [18/Dec/2023:09:15:23 -0500] "GET /sipse/faces/javax.faces.resource/jquery/jquery-plugins.js?ln=primefaces&v=4.0 HTTP/1.1" 304 -
200.122.210.122 - - [18/Dec/2023:09:15:23 -0500] "GET /sipse/faces/javax.faces.resource/primefaces.js?ln=primefaces&v=4.0 HTTP/1.1" 304 -
200.122.210.122 - - [18/Dec/2023:09:15:23 -0500] "GET /sipse/faces/javax.faces.resource/layout/layout.js?ln=primefaces&v=4.0 HTTP/1.1" 304 -
200.122.210.122 - - [18/Dec/2023:09:15:23 -0500] "GET /sipse/css/v_mergente.css HTTP/1.1" 304 -
200.122.210.122 - - [18/Dec/2023:09:15:23 -0500] "GET /sipse/css/imagen/contrasena.png HTTP/1.1" 404 383
200.122.210.122 - - [18/Dec/2023:09:15:23 -0500] "GET /sipse/imagenes/cargando.gif HTTP/1.1" 200 36959
200.122.210.122 - - [18/Dec/2023:09:15:23 -0500] "GET /sipse/imagenes/logoAplicacion.jpg HTTP/1.1" 200 155084
200.122.210.122 - - [18/Dec/2023:09:15:24 -0500] "GET /sipse/faces/javax.faces.resource/images/ui-bg_flat_0_2d5972_40x100.png?ln=primefaces-aristo HTTP/1.1" 304 -
200.122.210.122 - - [18/Dec/2023:09:15:24 -0500] "POST /sipse/faces/bienvenido.xhtml HTTP/1.1" 200 1471
200.122.210.122 - - [18/Dec/2023:09:15:26 -0500] "POST /sipse/faces/bienvenido.xhtml HTTP/1.1" 200 63286
200.122.210.122 - - [18/Dec/2023:09:15:26 -0500] "GET /sipse/faces/javax.faces.resource/layout/layout.css?ln=primefaces&v=4.0 HTTP/1.1" 304 -
200.122.210.122 - - [18/Dec/2023:09:15:26 -0500] "GET /sipse/faces/javax.faces.resource/primefaces.css?ln=primefaces&v=4.0 HTTP/1.1" 304 -
200.122.210.122 - - [18/Dec/2023:09:15:26 -0500] "GET /sipse/faces/javax.faces.resource/theme.css?ln=primefaces-sipse HTTP/1.1" 304 -
200.122.210.122 - - [18/Dec/2023:09:15:26 -0500] "GET /sipse/faces/javax.faces.resource/jquery/jquery.js?ln=primefaces&v=4.0 HTTP/1.1" 304 -
200.122.210.122 - - [18/Dec/2023:09:15:26 -0500] "GET /sipse/faces/javax.faces.resource/jquery/jquery-plugins.js?ln=primefaces&v=4.0 HTTP/1.1" 304 -
200.122.210.122 - - [18/Dec/2023:09:15:26 -0500] "GET /sipse/faces/javax.faces.resource/primefaces.js?ln=primefaces&v=4.0 HTTP/1.1" 304 -
200.122.210.122 - - [18/Dec/2023:09:15:26 -0500] "GET /sipse/faces/javax.faces.resource/layout/layout.js?ln=primefaces&v=4.0 HTTP/1.1" 304 -
200.122.210.122 - - [18/Dec/2023:09:15:27 -0500] "POST /sipse/faces/presentacion/financiero/solicitudProceso/listarSolicitudProceso.xhtml HTTP/1.1" 200 1556
201.245.192.253 - - [18/Dec/2023:09:15:28 -0500] "POST /appsia/controlador HTTP/1.1" 200 7785
200.122.210.122 - - [18/Dec/2023:09:15:28 -0500] "POST /sipse/faces/presentacion/financiero/solicitudProceso/listarSolicitudProceso.xhtml HTTP/1.1" 200 19726
200.122.210.122 - - [18/Dec/2023:09:15:31 -0500] "POST /sipse/faces/presentacion/financiero/solicitudProceso/listarSolicitudProceso.xhtml HTTP/1.1" 200 32934
201.245.192.253 - - [18/Dec/2023:09:15:32 -0500] "POST /appsia/controlador HTTP/1.1" 200 6650
201.245.192.253 - - [18/Dec/2023:09:15:34 -0500] "POST /appsia/controlador HTTP/1.1" 200 11304
201.245.192.253 - - [18/Dec/2023:09:15:36 -0500] "POST /appsia/controlador HTTP/1.1" 200 75970
216.244.66.195 - - [18/Dec/2023:09:15:37 -0500] "GET /BLA/resoluciones/AUTOS%202019/3213.pdf HTTP/1.1" 200 430035
156.59.198.136 - - [18/Dec/2023:09:15:40 -0500] "GET /BLA/resoluciones/AUTOS%202007/2732.pdf HTTP/1.0" 200 73789
200.122.210.122 - - [18/Dec/2023:09:15:46 -0500] "POST /sipse/faces/presentacion/financiero/solicitudProceso/listarSolicitudProceso.xhtml HTTP/1.1" 200 3861
201.245.192.253 - - [18/Dec/2023:09:15:44 -0500] "POST /kwsrmcab/Wsrmcab HTTP/1.1" 200 37759
200.122.210.122 - - [18/Dec/2023:09:15:48 -0500] "POST /sipse/faces/presentacion/financiero/solicitudProceso/listarSolicitudProceso.xhtml HTTP/1.1" 200 3857
200.122.210.122 - - [18/Dec/2023:09:15:48 -0500] "POST /sipse/faces/presentacion/financiero/solicitudProceso/listarSolicitudProceso.xhtml HTTP/1.1" 200 6868
201.245.192.253 - - [18/Dec/2023:09:15:47 -0500] "POST /kwsrmcab/Wsrmcab HTTP/1.1" 200 37304
201.245.192.253 - - [18/Dec/2023:09:15:52 -0500] "POST /appsia/controlador HTTP/1.1" 200 7785
200.122.210.122 - - [18/Dec/2023:09:15:51 -0500] "POST /sipse/faces/presentacion/financiero/solicitudProceso/listarSolicitudProceso.xhtml HTTP/1.1" 200 126787
200.122.210.122 - - [18/Dec/2023:09:15:52 -0500] "GET /sipse/faces/javax.faces.resource/theme.css?ln=primefaces-sipse HTTP/1.1" 304 -
200.122.210.122 - - [18/Dec/2023:09:15:52 -0500] "GET /sipse/faces/javax.faces.resource/primefaces.css?ln=primefaces&v=4.0 HTTP/1.1" 304 -
200.122.210.122 - - [18/Dec/2023:09:15:52 -0500] "GET /sipse/faces/javax.faces.resource/jquery/jquery.js?ln=primefaces&v=4.0 HTTP/1.1" 304 -
200.122.210.122 - - [18/Dec/2023:09:15:52 -0500] "GET /sipse/faces/javax.faces.resource/layout/layout.css?ln=primefaces&v=4.0 HTTP/1.1" 304 -
200.122.210.122 - - [18/Dec/2023:09:15:52 -0500] "GET /sipse/faces/javax.faces.resource/jquery/jquery-plugins.js?ln=primefaces&v=4.0 HTTP/1.1" 304 -
200.122.210.122 - - [18/Dec/2023:09:15:52 -0500] "GET /sipse/faces/javax.faces.resource/primefaces.js?ln=primefaces&v=4.0 HTTP/1.1" 304 -
200.122.210.122 - - [18/Dec/2023:09:15:52 -0500] "GET /sipse/faces/javax.faces.resource/layout/layout.js?ln=primefaces&v=4.0 HTTP/1.1" 304 -
201.245.192.253 - - [18/Dec/2023:09:15:55 -0500] "POST /appsia/controlador HTTP/1.1" 200 6650
201.245.192.253 - - [18/Dec/2023:09:15:57 -0500] "POST /appsia/controlador HTTP/1.1" 200 11304
201.245.192.253 - - [18/Dec/2023:09:15:58 -0500] "POST /appsia/controlador HTTP/1.1" 200 75970
156.59.198.136 - - [18/Dec/2023:09:16:05 -0500] "GET /BLA/resoluciones/RESOLUCIONES%202009/0363.pdf HTTP/1.0" 200 352490
181.55.46.207 - - [18/Dec/2023:09:16:09 -0500] "POST /sipse/faces/presentacion/financiero/solicitudProceso/listarSolicitudProceso.xhtml HTTP/1.1" 200 2249
172.22.2.4 - - [18/Dec/2023:09:15:34 -0500] "GET /BLA/boletinlegal/ HTTP/1.1" 200 32715
181.55.46.207 - - [18/Dec/2023:09:16:20 -0500] "POST /sipse/faces/presentacion/financiero/solicitudProceso/listarSolicitudProceso.xhtml HTTP/1.1" 200 38437
181.55.46.207 - - [18/Dec/2023:09:16:20 -0500] "GET /sipse/faces/javax.faces.resource/theme.css?ln=primefaces-sipse HTTP/1.1" 304 -
181.55.46.207 - - [18/Dec/2023:09:16:21 -0500] "GET /sipse/faces/javax.faces.resource/primefaces.css?ln=primefaces&v=4.0 HTTP/1.1" 304 -
181.55.46.207 - - [18/Dec/2023:09:16:21 -0500] "GET /sipse/faces/javax.faces.resource/layout/layout.css?ln=primefaces&v=4.0 HTTP/1.1" 304 -
201.245.192.253 - - [18/Dec/2023:09:16:21 -0500] "POST /appsia/controlador HTTP/1.1" 200 7785
181.55.46.207 - - [18/Dec/2023:09:16:21 -0500] "GET /sipse/faces/javax.faces.resource/jquery/jquery.js?ln=primefaces&v=4.0 HTTP/1.1" 304 -
181.55.46.207 - - [18/Dec/2023:09:16:21 -0500] "GET /sipse/faces/javax.faces.resource/jquery/jquery-plugins.js?ln=primefaces&v=4.0 HTTP/1.1" 304 -
181.55.46.207 - - [18/Dec/2023:09:16:22 -0500] "GET /sipse/faces/javax.faces.resource/primefaces.js?ln=primefaces&v=4.0 HTTP/1.1" 304 -
216.244.66.195 - - [18/Dec/2023:09:16:22 -0500] "GET /BLA/resoluciones/AUTOS%202019/3238.pdf HTTP/1.1" 200 342938
201.245.192.253 - - [18/Dec/2023:09:16:24 -0500] "POST /appsia/controlador HTTP/1.1" 200 6650
181.55.46.207 - - [18/Dec/2023:09:16:24 -0500] "GET /sipse/faces/javax.faces.resource/layout/layout.js?ln=primefaces&v=4.0 HTTP/1.1" 304 -
181.55.46.207 - - [18/Dec/2023:09:16:24 -0500] "POST /sipse/faces/presentacion/financiero/solicitudProceso/consultar.xhtml HTTP/1.1" 200 31737
201.245.192.253 - - [18/Dec/2023:09:16:26 -0500] "POST /appsia/controlador HTTP/1.1" 200 12458
201.245.192.253 - - [18/Dec/2023:09:16:28 -0500] "POST /forms/lservlet;jsessionid=ac16012b30d68f87e6b31bdd4159a82faa45787d3329.e3iSbxaKaheRe34Qc38TbN0Nb41ynknvrkLOlQzNp65In0 HTTP/1.1" 200 2
156.59.198.136 - - [18/Dec/2023:09:16:29 -0500] "GET /BLA/resoluciones/AUTOS%202007/2832.pdf HTTP/1.0" 200 295571
201.245.192.253 - - [18/Dec/2023:09:16:32 -0500] "POST /appsia/controlador HTTP/1.1" 200 76073
191.156.59.114 - - [18/Dec/2023:09:16:43 -0500] "POST /sipse/faces/presentacion/financiero/solicitudProceso/listarSolicitudProceso.xhtml HTTP/1.1" 200 24230
201.245.192.253 - - [18/Dec/2023:09:16:46 -0500] "POST /appsia/controlador HTTP/1.1" 200 7785
201.245.192.253 - - [18/Dec/2023:09:16:49 -0500] "POST /appsia/controlador HTTP/1.1" 200 6650
201.245.192.253 - - [18/Dec/2023:09:16:50 -0500] "POST /appsia/controlador HTTP/1.1" 200 11304
201.245.192.253 - - [18/Dec/2023:09:16:51 -0500] "POST /appsia/controlador HTTP/1.1" 200 75964
156.59.198.135 - - [18/Dec/2023:09:16:54 -0500] "GET /BLA/resoluciones/AUTOS%202019/4520.pdf HTTP/1.0" 200 532186
191.156.59.114 - - [18/Dec/2023:09:16:54 -0500] "POST /sipse/faces/presentacion/financiero/solicitudProceso/listarSolicitudProceso.xhtml HTTP/1.1" 200 33478
201.245.192.253 - - [18/Dec/2023:09:17:01 -0500] "POST /forms/lservlet;jsessionid=ac16012b30d665b9d6b5cea24731bd918aefbc6c9e46.e3iSbxaKaheRe34Qc38TbN0Nb41ynknvrkLOlQzNp65In0 HTTP/1.1" 200 2
191.156.59.114 - - [18/Dec/2023:09:17:01 -0500] "POST /sipse/faces/presentacion/financiero/solicitudProceso/listarSolicitudProceso.xhtml HTTP/1.1" 200 24410
216.244.66.195 - - [18/Dec/2023:09:17:05 -0500] "GET /BLA/resoluciones/AUTOS%202019/3505.pdf HTTP/1.1" 200 323850
201.245.192.253 - - [18/Dec/2023:09:17:05 -0500] "GET /sipse/faces/index.xhtml HTTP/1.1" 200 677
201.245.192.253 - - [18/Dec/2023:09:17:05 -0500] "GET /sipse/faces/javax.faces.resource/theme.css?ln=primefaces-sipse HTTP/1.1" 304 -
201.245.192.253 - - [18/Dec/2023:09:17:05 -0500] "GET /sipse/faces/faces/autenticacion.xhtml HTTP/1.1" 200 12405
201.245.192.253 - - [18/Dec/2023:09:17:05 -0500] "GET /sipse/js/disable_browser_buttons.js HTTP/1.1" 304 -
201.245.192.253 - - [18/Dec/2023:09:17:05 -0500] "GET /sipse/css/custom_css_sg.css HTTP/1.1" 304 -
201.245.192.253 - - [18/Dec/2023:09:17:05 -0500] "GET /sipse/css/custom_css_sg_prime_login.css HTTP/1.1" 304 -
201.245.192.253 - - [18/Dec/2023:09:17:05 -0500] "GET /sipse/js/funciones.js HTTP/1.1" 304 -
201.245.192.253 - - [18/Dec/2023:09:17:05 -0500] "GET /sipse/faces/javax.faces.resource/primefaces.css?ln=primefaces&v=4.0 HTTP/1.1" 304 -
201.245.192.253 - - [18/Dec/2023:09:17:05 -0500] "GET /sipse/faces/javax.faces.resource/theme.css?ln=primefaces-sipse HTTP/1.1" 304 -
201.245.192.253 - - [18/Dec/2023:09:17:05 -0500] "GET /sipse/faces/javax.faces.resource/jquery/jquery.js?ln=primefaces&v=4.0 HTTP/1.1" 304 -
201.245.192.253 - - [18/Dec/2023:09:17:05 -0500] "GET /sipse/faces/javax.faces.resource/layout/layout.css?ln=primefaces&v=4.0 HTTP/1.1" 304 -
201.245.192.253 - - [18/Dec/2023:09:17:05 -0500] "GET /sipse/faces/javax.faces.resource/jquery/jquery-plugins.js?ln=primefaces&v=4.0 HTTP/1.1" 304 -
201.245.192.253 - - [18/Dec/2023:09:17:05 -0500] "GET /sipse/faces/javax.faces.resource/primefaces.js?ln=primefaces&v=4.0 HTTP/1.1" 304 -
201.245.192.253 - - [18/Dec/2023:09:17:05 -0500] "GET /sipse/faces/javax.faces.resource/layout/layout.js?ln=primefaces&v=4.0 HTTP/1.1" 304 -
201.245.192.253 - - [18/Dec/2023:09:17:05 -0500] "GET /sipse/css/imagen/logoSDG.png HTTP/1.1" 304 -
201.245.192.253 - - [18/Dec/2023:09:17:05 -0500] "GET /sipse/css/imagen/loginimg.png HTTP/1.1" 304 -
201.245.192.253 - - [18/Dec/2023:09:17:05 -0500] "GET /sipse/faces/javax.faces.resource/images/ui-icons_898989_256x240.png?ln=primefaces-aristo HTTP/1.1" 304 -
201.245.192.253 - - [18/Dec/2023:09:17:08 -0500] "POST /sipse/faces/autenticacion.xhtml HTTP/1.1" 200 11436
201.245.192.253 - - [18/Dec/2023:09:17:08 -0500] "GET /sipse/css/custom_css_sg_prime.css HTTP/1.1" 304 -
201.245.192.253 - - [18/Dec/2023:09:17:08 -0500] "GET /sipse/faces/javax.faces.resource/primefaces.css?ln=primefaces&v=4.0 HTTP/1.1" 304 -
201.245.192.253 - - [18/Dec/2023:09:17:08 -0500] "GET /sipse/faces/javax.faces.resource/theme.css?ln=primefaces-sipse HTTP/1.1" 304 -
201.245.192.253 - - [18/Dec/2023:09:17:08 -0500] "GET /sipse/faces/javax.faces.resource/layout/layout.css?ln=primefaces&v=4.0 HTTP/1.1" 304 -
201.245.192.253 - - [18/Dec/2023:09:17:08 -0500] "GET /sipse/faces/javax.faces.resource/jquery/jquery.js?ln=primefaces&v=4.0 HTTP/1.1" 304 -
201.245.192.253 - - [18/Dec/2023:09:17:08 -0500] "GET /sipse/faces/javax.faces.resource/jquery/jquery-plugins.js?ln=primefaces&v=4.0 HTTP/1.1" 304 -
201.245.192.253 - - [18/Dec/2023:09:17:08 -0500] "GET /sipse/faces/javax.faces.resource/primefaces.js?ln=primefaces&v=4.0 HTTP/1.1" 304 -
201.245.192.253 - - [18/Dec/2023:09:17:12 -0500] "GET /sipse/faces/javax.faces.resource/layout/layout.js?ln=primefaces&v=4.0 HTTP/1.1" 304 -
201.245.192.253 - - [18/Dec/2023:09:17:12 -0500] "GET /sipse/faces/javax.faces.resource/messages/messages.png?ln=primefaces&v=4.0 HTTP/1.1" 304 -
201.245.192.253 - - [18/Dec/2023:09:17:15 -0500] "POST /sipse/faces/presentacion/sistema/seguridad/seleccionRol.xhtml HTTP/1.1" 200 5801
201.245.192.253 - - [18/Dec/2023:09:17:16 -0500] "POST /sipse/faces/presentacion/sistema/seguridad/seleccionRol.xhtml HTTP/1.1" 200 16460
201.245.192.253 - - [18/Dec/2023:09:17:16 -0500] "GET /sipse/faces/javax.faces.resource/theme.css?ln=primefaces-sipse HTTP/1.1" 304 -
201.245.192.253 - - [18/Dec/2023:09:17:16 -0500] "GET /sipse/faces/javax.faces.resource/layout/layout.css?ln=primefaces&v=4.0 HTTP/1.1" 304 -
201.245.192.253 - - [18/Dec/2023:09:17:16 -0500] "GET /sipse/faces/javax.faces.resource/primefaces.css?ln=primefaces&v=4.0 HTTP/1.1" 304 -
201.245.192.253 - - [18/Dec/2023:09:17:16 -0500] "GET /sipse/js/jquery.min.js HTTP/1.1" 304 -
201.245.192.253 - - [18/Dec/2023:09:17:16 -0500] "GET /sipse/faces/javax.faces.resource/jquery/jquery.js?ln=primefaces&v=4.0 HTTP/1.1" 304 -
201.245.192.253 - - [18/Dec/2023:09:17:16 -0500] "GET /sipse/faces/javax.faces.resource/jquery/jquery-plugins.js?ln=primefaces&v=4.0 HTTP/1.1" 304 -
201.245.192.253 - - [18/Dec/2023:09:17:16 -0500] "GET /sipse/faces/javax.faces.resource/primefaces.js?ln=primefaces&v=4.0 HTTP/1.1" 304 -
201.245.192.253 - - [18/Dec/2023:09:17:16 -0500] "GET /sipse/faces/javax.faces.resource/layout/layout.js?ln=primefaces&v=4.0 HTTP/1.1" 304 -
201.245.192.253 - - [18/Dec/2023:09:17:16 -0500] "GET /sipse/imagenes/logoAplicacion.jpg HTTP/1.1" 304 -
201.245.192.253 - - [18/Dec/2023:09:17:16 -0500] "GET /sipse/imagenes/cargando.gif HTTP/1.1" 304 -
201.245.192.253 - - [18/Dec/2023:09:17:16 -0500] "GET /sipse/css/imagen/contrasena.png HTTP/1.1" 404 383
201.245.192.253 - - [18/Dec/2023:09:17:16 -0500] "GET /sipse/css/v_mergente.css HTTP/1.1" 304 -
156.59.198.136 - - [18/Dec/2023:09:17:18 -0500] "GET /BLA/resoluciones/AUTOS%202007/2289.pdf HTTP/1.0" 200 77111
201.245.192.253 - - [18/Dec/2023:09:17:18 -0500] "GET /sipse/faces/javax.faces.resource/images/ui-bg_flat_0_2d5972_40x100.png?ln=primefaces-aristo HTTP/1.1" 304 -
201.245.192.253 - - [18/Dec/2023:09:17:18 -0500] "POST /sipse/faces/bienvenido.xhtml HTTP/1.1" 200 1471
173.252.83.6 - - [18/Dec/2023:09:17:19 -0500] "GET /images/pl\xc3\xa1sticos%20foto%201..jpg HTTP/1.1" 404 1034
201.245.192.253 - - [18/Dec/2023:09:17:19 -0500] "POST /sipse/faces/bienvenido.xhtml HTTP/1.1" 200 63852
201.245.192.253 - - [18/Dec/2023:09:17:21 -0500] "GET /sipse/faces/javax.faces.resource/layout/layout.css?ln=primefaces&v=4.0 HTTP/1.1" 304 -
201.245.192.253 - - [18/Dec/2023:09:17:21 -0500] "GET /sipse/faces/javax.faces.resource/primefaces.css?ln=primefaces&v=4.0 HTTP/1.1" 304 -
201.245.192.253 - - [18/Dec/2023:09:17:21 -0500] "GET /sipse/faces/javax.faces.resource/theme.css?ln=primefaces-sipse HTTP/1.1" 304 -
201.245.192.253 - - [18/Dec/2023:09:17:21 -0500] "GET /sipse/faces/javax.faces.resource/jquery/jquery.js?ln=primefaces&v=4.0 HTTP/1.1" 304 -
201.245.192.253 - - [18/Dec/2023:09:17:21 -0500] "GET /sipse/faces/javax.faces.resource/jquery/jquery-plugins.js?ln=primefaces&v=4.0 HTTP/1.1" 304 -
201.245.192.253 - - [18/Dec/2023:09:17:21 -0500] "GET /sipse/faces/javax.faces.resource/primefaces.js?ln=primefaces&v=4.0 HTTP/1.1" 304 -
201.245.192.253 - - [18/Dec/2023:09:17:21 -0500] "GET /sipse/faces/javax.faces.resource/layout/layout.js?ln=primefaces&v=4.0 HTTP/1.1" 304 -
201.245.192.253 - - [18/Dec/2023:09:17:21 -0500] "POST /sipse/faces/presentacion/financiero/solicitudProceso/listarSolicitudProceso.xhtml HTTP/1.1" 200 1556
186.102.29.0 - - [18/Dec/2023:09:17:22 -0500] "GET /kwssiamovil/sm/acme/a?s=U2FsdGVkX1+kkUpvk5GHntc5x8H3POZNAU8SJzNcSX+NXhC4MU0AUnSm5sc7GE6vJM0upT0qa2wVU3T0zk7W0WhnQ6zHtNadsC2zpRxNBSoh8/pRlFtE2FWhJ6ARrvufJ6O9RGoM2UhRUevfzFBNDY/v/O2mqB5WafZB14cVFFW4uRpFmEMwZnW4JcDMiwIOi8MnTN5taRVY6p65ON89b4pmeDea3t75d3MoptSXK8aH7vR2fpkMIXgJjaketfPOJlzg7918Io0fC3tNUe2FXg==&u=U2FsdGVkX1/UqHsti1APvhsmwpjY97fIixg6fbwQMY9vyyjvDRb/rhVzFxD5XPJk&y=U2FsdGVkX18RU6nAu3uHm+QPdKpD3TS8rGKLQR+qM/1ZtpLuOLMQQAmbho5fGoVc HTTP/1.1" 200 26
