191.156.186.5 - - [18/Dec/2023:09:00:00 -0500] "GET /sipse/faces/javax.faces.resource/layout/layout.js?ln=primefaces&v=4.0 HTTP/1.1" 304 -
191.156.186.5 - - [18/Dec/2023:09:00:00 -0500] "POST /sipse/faces/presentacion/financiero/solicitudProceso/listarSolicitudProceso.xhtml HTTP/1.1" 200 1376
156.59.198.135 - - [18/Dec/2023:09:00:15 -0500] "GET /BLA/resoluciones/AUTOS%202016/2504.pdf HTTP/1.0" 200 552446
201.245.192.253 - - [18/Dec/2023:09:00:28 -0500] "POST /forms/lservlet;jsessionid=ac16012b30d68f87e6b31bdd4159a82faa45787d3329.e3iSbxaKaheRe34Qc38TbN0Nb41ynknvrkLOlQzNp65In0 HTTP/1.1" 200 2
156.59.198.135 - - [18/Dec/2023:09:00:39 -0500] "GET /BLA/resoluciones/RESOLUCIONES%202023/1015.pdf HTTP/1.0" 200 384881
181.55.46.207 - - [18/Dec/2023:09:00:39 -0500] "POST /sipse/faces/presentacion/financiero/solicitudProceso/consultarSolicitudProceso.xhtml HTTP/1.1" 200 1279039
201.245.192.253 - - [18/Dec/2023:09:01:01 -0500] "POST /forms/lservlet;jsessionid=ac16012b30d665b9d6b5cea24731bd918aefbc6c9e46.e3iSbxaKaheRe34Qc38TbN0Nb41ynknvrkLOlQzNp65In0 HTTP/1.1" 200 2
156.59.198.136 - - [18/Dec/2023:09:01:04 -0500] "GET /BLA/resoluciones/RESOLUCIONES%202009/0213.pdf HTTP/1.0" 200 140892
156.59.198.136 - - [18/Dec/2023:09:01:27 -0500] "GET /BLA/resoluciones/AUTOS%202007/1670.pdf HTTP/1.0" 200 177397
156.59.198.136 - - [18/Dec/2023:09:01:53 -0500] "GET /BLA/resoluciones/RESOLUCIONES%202019/0068.pdf HTTP/1.0" 200 310144
172.22.2.4 - - [18/Dec/2023:09:02:11 -0500] "GET /BLA/boletinlegal/Circulares/2018/Circular%20No.%2010%20del%2021%20de%20Septiembre%20de%202018.pdf HTTP/1.1" 200 163426
172.22.2.4 - - [18/Dec/2023:09:02:11 -0500] "GET /BLA/boletinlegal/favicon.ico HTTP/1.1" 404 1500
156.59.198.135 - - [18/Dec/2023:09:02:16 -0500] "GET /BLA/resoluciones/AUTOS%202007/0394.pdf HTTP/1.0" 200 17238
172.22.2.4 - - [18/Dec/2023:09:00:37 -0500] "HEAD /BLA/boletinlegal/ HTTP/1.1" 200 -
181.53.13.222 - - [18/Dec/2023:09:02:18 -0500] "POST /sipse/faces/presentacion/financiero/solicitudProceso/listarSolicitudProceso.xhtml HTTP/1.1" 200 18926
181.53.12.29 - - [18/Dec/2023:09:02:23 -0500] "POST /sipse/faces/presentacion/financiero/solicitudProceso/consultarHistorialSolProceso.xhtml HTTP/1.1" 200 42145
181.53.12.29 - - [18/Dec/2023:09:02:23 -0500] "GET /sipse/faces/javax.faces.resource/theme.css?ln=primefaces-sipse HTTP/1.1" 304 -
181.53.12.29 - - [18/Dec/2023:09:02:23 -0500] "GET /sipse/faces/javax.faces.resource/layout/layout.css?ln=primefaces&v=4.0 HTTP/1.1" 304 -
181.53.12.29 - - [18/Dec/2023:09:02:23 -0500] "GET /sipse/faces/javax.faces.resource/primefaces.css?ln=primefaces&v=4.0 HTTP/1.1" 304 -
181.53.12.29 - - [18/Dec/2023:09:02:24 -0500] "GET /sipse/faces/javax.faces.resource/jquery/jquery.js?ln=primefaces&v=4.0 HTTP/1.1" 304 -
181.53.12.29 - - [18/Dec/2023:09:02:24 -0500] "GET /sipse/faces/javax.faces.resource/jquery/jquery-plugins.js?ln=primefaces&v=4.0 HTTP/1.1" 304 -
181.53.12.29 - - [18/Dec/2023:09:02:24 -0500] "GET /sipse/faces/javax.faces.resource/primefaces.js?ln=primefaces&v=4.0 HTTP/1.1" 304 -
181.53.12.29 - - [18/Dec/2023:09:02:24 -0500] "GET /sipse/faces/javax.faces.resource/layout/layout.js?ln=primefaces&v=4.0 HTTP/1.1" 304 -
181.53.13.222 - - [18/Dec/2023:09:02:25 -0500] "POST /sipse/faces/presentacion/financiero/solicitudProceso/listarSolicitudProceso.xhtml HTTP/1.1" 200 45748
201.245.192.253 - - [18/Dec/2023:09:02:28 -0500] "POST /forms/lservlet;jsessionid=ac16012b30d68f87e6b31bdd4159a82faa45787d3329.e3iSbxaKaheRe34Qc38TbN0Nb41ynknvrkLOlQzNp65In0 HTTP/1.1" 200 2
181.53.12.29 - - [18/Dec/2023:09:02:28 -0500] "POST /sipse/faces/presentacion/financiero/solicitudProceso/consultar.xhtml HTTP/1.1" 200 12780
181.53.12.29 - - [18/Dec/2023:09:02:31 -0500] "POST /sipse/faces/presentacion/financiero/solicitudProceso/consultar.xhtml HTTP/1.1" 200 115651
181.53.12.29 - - [18/Dec/2023:09:02:32 -0500] "GET /sipse/faces/javax.faces.resource/theme.css?ln=primefaces-sipse HTTP/1.1" 304 -
181.53.12.29 - - [18/Dec/2023:09:02:32 -0500] "GET /sipse/faces/javax.faces.resource/primefaces.css?ln=primefaces&v=4.0 HTTP/1.1" 304 -
181.53.12.29 - - [18/Dec/2023:09:02:32 -0500] "GET /sipse/faces/javax.faces.resource/layout/layout.css?ln=primefaces&v=4.0 HTTP/1.1" 304 -
181.53.12.29 - - [18/Dec/2023:09:02:32 -0500] "GET /sipse/faces/javax.faces.resource/jquery/jquery.js?ln=primefaces&v=4.0 HTTP/1.1" 304 -
181.53.12.29 - - [18/Dec/2023:09:02:32 -0500] "GET /sipse/faces/javax.faces.resource/jquery/jquery-plugins.js?ln=primefaces&v=4.0 HTTP/1.1" 304 -
181.53.12.29 - - [18/Dec/2023:09:02:32 -0500] "GET /sipse/faces/javax.faces.resource/primefaces.js?ln=primefaces&v=4.0 HTTP/1.1" 304 -
181.53.12.29 - - [18/Dec/2023:09:02:32 -0500] "GET /sipse/faces/javax.faces.resource/layout/layout.js?ln=primefaces&v=4.0 HTTP/1.1" 304 -
181.53.12.29 - - [18/Dec/2023:09:02:32 -0500] "GET /sipse/faces/javax.faces.resource/dynamiccontent.properties?ln=primefaces&pfdrid=XjOR5%2F%2FfPAZAuY9TpWQeCiM0BhlXxYRBGKi%2FQcXXfeA%3D&pfdrid_c=false HTTP/1.1" 500 383
181.53.12.29 - - [18/Dec/2023:09:02:35 -0500] "POST /sipse/faces/presentacion/financiero/solicitudProceso/consultarSolicitudProceso.xhtml HTTP/1.1" 200 33397
181.53.12.29 - - [18/Dec/2023:09:02:35 -0500] "GET /sipse/faces/javax.faces.resource/theme.css?ln=primefaces-sipse HTTP/1.1" 304 -
181.53.12.29 - - [18/Dec/2023:09:02:35 -0500] "GET /sipse/faces/javax.faces.resource/primefaces.css?ln=primefaces&v=4.0 HTTP/1.1" 304 -
181.53.12.29 - - [18/Dec/2023:09:02:35 -0500] "GET /sipse/faces/javax.faces.resource/layout/layout.css?ln=primefaces&v=4.0 HTTP/1.1" 304 -
181.53.12.29 - - [18/Dec/2023:09:02:35 -0500] "GET /sipse/faces/javax.faces.resource/jquery/jquery.js?ln=primefaces&v=4.0 HTTP/1.1" 304 -
181.53.12.29 - - [18/Dec/2023:09:02:35 -0500] "GET /sipse/faces/javax.faces.resource/jquery/jquery-plugins.js?ln=primefaces&v=4.0 HTTP/1.1" 304 -
181.53.12.29 - - [18/Dec/2023:09:02:35 -0500] "GET /sipse/faces/javax.faces.resource/layout/layout.js?ln=primefaces&v=4.0 HTTP/1.1" 304 -
181.53.12.29 - - [18/Dec/2023:09:02:35 -0500] "GET /sipse/faces/javax.faces.resource/primefaces.js?ln=primefaces&v=4.0 HTTP/1.1" 304 -
216.245.221.92 - - [18/Dec/2023:09:02:43 -0500] "HEAD / HTTP/1.1" 200 -
156.59.198.135 - - [18/Dec/2023:09:02:43 -0500] "GET /BLA/resoluciones/AUTOS%202007/3456.pdf HTTP/1.0" 200 74870
181.53.13.222 - - [18/Dec/2023:09:02:45 -0500] "POST /sipse/faces/presentacion/financiero/solicitudProceso/listarSolicitudProceso.xhtml HTTP/1.1" 200 19021
181.53.13.222 - - [18/Dec/2023:09:02:50 -0500] "POST /sipse/faces/presentacion/financiero/solicitudProceso/listarSolicitudProceso.xhtml HTTP/1.1" 200 115030
181.53.13.222 - - [18/Dec/2023:09:02:51 -0500] "GET /sipse/faces/javax.faces.resource/primefaces.css?ln=primefaces&v=4.0 HTTP/1.1" 304 -
181.53.13.222 - - [18/Dec/2023:09:02:51 -0500] "GET /sipse/faces/javax.faces.resource/theme.css?ln=primefaces-sipse HTTP/1.1" 304 -
181.53.13.222 - - [18/Dec/2023:09:02:51 -0500] "GET /sipse/faces/javax.faces.resource/layout/layout.css?ln=primefaces&v=4.0 HTTP/1.1" 304 -
181.53.13.222 - - [18/Dec/2023:09:02:51 -0500] "GET /sipse/faces/javax.faces.resource/jquery/jquery.js?ln=primefaces&v=4.0 HTTP/1.1" 304 -
181.53.13.222 - - [18/Dec/2023:09:02:51 -0500] "GET /sipse/faces/javax.faces.resource/jquery/jquery-plugins.js?ln=primefaces&v=4.0 HTTP/1.1" 304 -
181.53.13.222 - - [18/Dec/2023:09:02:51 -0500] "GET /sipse/faces/javax.faces.resource/primefaces.js?ln=primefaces&v=4.0 HTTP/1.1" 304 -
181.53.13.222 - - [18/Dec/2023:09:02:51 -0500] "GET /sipse/faces/javax.faces.resource/layout/layout.js?ln=primefaces&v=4.0 HTTP/1.1" 304 -
181.53.13.222 - - [18/Dec/2023:09:02:51 -0500] "GET /sipse/css/imagen/contrasena.png HTTP/1.1" 404 383
181.53.13.222 - - [18/Dec/2023:09:02:52 -0500] "GET /sipse/faces/javax.faces.resource/dynamiccontent.properties?ln=primefaces&pfdrid=XjOR5%2F%2FfPAZAuY9TpWQeCiM0BhlXxYRBGKi%2FQcXXfeA%3D&pfdrid_c=false HTTP/1.1" 500 383
216.244.66.195 - - [18/Dec/2023:09:02:52 -0500] "GET /BLA/resoluciones/AUTOS%202016/0261.pdf HTTP/1.1" 200 694927
201.245.192.253 - - [18/Dec/2023:09:03:01 -0500] "POST /forms/lservlet;jsessionid=ac16012b30d665b9d6b5cea24731bd918aefbc6c9e46.e3iSbxaKaheRe34Qc38TbN0Nb41ynknvrkLOlQzNp65In0 HTTP/1.1" 200 2
156.59.198.136 - - [18/Dec/2023:09:03:05 -0500] "GET /BLA/resoluciones/AUTOS%202007/0870.pdf HTTP/1.0" 200 29792
172.22.2.4 - - [18/Dec/2023:09:01:28 -0500] "GET /BLA/boletinlegal/ HTTP/1.1" 200 58294
216.244.66.195 - - [18/Dec/2023:09:03:23 -0500] "GET /BLA/resoluciones/AUTOS%202016/0872.pdf HTTP/1.1" 200 633157
156.59.198.135 - - [18/Dec/2023:09:03:30 -0500] "GET /BLA/resoluciones/RESOLUCIONES%202023/0187.pdf HTTP/1.0" 200 429505
181.53.12.29 - - [18/Dec/2023:09:03:42 -0500] "POST /sipse/faces/presentacion/financiero/solicitudProceso/consultarHistorialSolProceso.xhtml HTTP/1.1" 200 42107
181.53.12.29 - - [18/Dec/2023:09:03:42 -0500] "GET /sipse/faces/javax.faces.resource/theme.css?ln=primefaces-sipse HTTP/1.1" 304 -
181.53.12.29 - - [18/Dec/2023:09:03:42 -0500] "GET /sipse/faces/javax.faces.resource/primefaces.css?ln=primefaces&v=4.0 HTTP/1.1" 304 -
181.53.12.29 - - [18/Dec/2023:09:03:42 -0500] "GET /sipse/faces/javax.faces.resource/layout/layout.css?ln=primefaces&v=4.0 HTTP/1.1" 304 -
181.53.12.29 - - [18/Dec/2023:09:03:42 -0500] "GET /sipse/faces/javax.faces.resource/jquery/jquery.js?ln=primefaces&v=4.0 HTTP/1.1" 304 -
181.53.12.29 - - [18/Dec/2023:09:03:42 -0500] "GET /sipse/faces/javax.faces.resource/jquery/jquery-plugins.js?ln=primefaces&v=4.0 HTTP/1.1" 304 -
181.53.12.29 - - [18/Dec/2023:09:03:42 -0500] "GET /sipse/faces/javax.faces.resource/primefaces.js?ln=primefaces&v=4.0 HTTP/1.1" 304 -
181.53.12.29 - - [18/Dec/2023:09:03:42 -0500] "GET /sipse/faces/javax.faces.resource/layout/layout.js?ln=primefaces&v=4.0 HTTP/1.1" 304 -
181.53.12.29 - - [18/Dec/2023:09:03:50 -0500] "POST /sipse/faces/presentacion/financiero/solicitudProceso/consultar.xhtml HTTP/1.1" 200 12818
156.59.198.136 - - [18/Dec/2023:09:03:53 -0500] "GET /BLA/resoluciones/AUTOS%202007/0788.pdf HTTP/1.0" 200 75589
181.53.12.29 - - [18/Dec/2023:09:03:56 -0500] "POST /sipse/faces/presentacion/financiero/solicitudProceso/consultar.xhtml HTTP/1.1" 200 114051
181.53.12.29 - - [18/Dec/2023:09:03:57 -0500] "GET /sipse/faces/javax.faces.resource/theme.css?ln=primefaces-sipse HTTP/1.1" 304 -
181.53.12.29 - - [18/Dec/2023:09:03:57 -0500] "GET /sipse/faces/javax.faces.resource/primefaces.css?ln=primefaces&v=4.0 HTTP/1.1" 304 -
181.53.12.29 - - [18/Dec/2023:09:03:57 -0500] "GET /sipse/faces/javax.faces.resource/layout/layout.css?ln=primefaces&v=4.0 HTTP/1.1" 304 -
181.53.12.29 - - [18/Dec/2023:09:03:57 -0500] "GET /sipse/faces/javax.faces.resource/jquery/jquery.js?ln=primefaces&v=4.0 HTTP/1.1" 304 -
181.53.12.29 - - [18/Dec/2023:09:03:57 -0500] "GET /sipse/faces/javax.faces.resource/jquery/jquery-plugins.js?ln=primefaces&v=4.0 HTTP/1.1" 304 -
181.53.12.29 - - [18/Dec/2023:09:03:57 -0500] "GET /sipse/faces/javax.faces.resource/primefaces.js?ln=primefaces&v=4.0 HTTP/1.1" 304 -
181.53.12.29 - - [18/Dec/2023:09:03:57 -0500] "GET /sipse/faces/javax.faces.resource/layout/layout.js?ln=primefaces&v=4.0 HTTP/1.1" 304 -
181.53.12.29 - - [18/Dec/2023:09:03:57 -0500] "GET /sipse/faces/javax.faces.resource/dynamiccontent.properties?ln=primefaces&pfdrid=XjOR5%2F%2FfPAZAuY9TpWQeCiM0BhlXxYRBGKi%2FQcXXfeA%3D&pfdrid_c=false HTTP/1.1" 500 383
172.22.2.4 - - [18/Dec/2023:09:03:57 -0500] "GET /BLA/boletinlegal/normativa.php HTTP/1.1" 200 8343
181.53.12.29 - - [18/Dec/2023:09:04:02 -0500] "POST /sipse/faces/presentacion/financiero/solicitudProceso/consultarSolicitudProceso.xhtml HTTP/1.1" 200 36328
181.53.12.29 - - [18/Dec/2023:09:04:03 -0500] "GET /sipse/faces/javax.faces.resource/theme.css?ln=primefaces-sipse HTTP/1.1" 304 -
181.53.12.29 - - [18/Dec/2023:09:04:03 -0500] "GET /sipse/faces/javax.faces.resource/primefaces.css?ln=primefaces&v=4.0 HTTP/1.1" 304 -
181.53.12.29 - - [18/Dec/2023:09:04:03 -0500] "GET /sipse/faces/javax.faces.resource/jquery/jquery.js?ln=primefaces&v=4.0 HTTP/1.1" 304 -
181.53.12.29 - - [18/Dec/2023:09:04:03 -0500] "GET /sipse/faces/javax.faces.resource/layout/layout.css?ln=primefaces&v=4.0 HTTP/1.1" 304 -
181.53.12.29 - - [18/Dec/2023:09:04:03 -0500] "GET /sipse/faces/javax.faces.resource/jquery/jquery-plugins.js?ln=primefaces&v=4.0 HTTP/1.1" 304 -
181.53.12.29 - - [18/Dec/2023:09:04:03 -0500] "GET /sipse/faces/javax.faces.resource/layout/layout.js?ln=primefaces&v=4.0 HTTP/1.1" 304 -
181.53.12.29 - - [18/Dec/2023:09:04:03 -0500] "GET /sipse/faces/javax.faces.resource/primefaces.js?ln=primefaces&v=4.0 HTTP/1.1" 304 -
216.244.66.195 - - [18/Dec/2023:09:04:06 -0500] "GET /BLA/resoluciones/AUTOS%202016/1132.pdf HTTP/1.1" 200 295426
156.59.198.135 - - [18/Dec/2023:09:04:18 -0500] "GET /BLA/resoluciones/RESOLUCIONES%202009/0810.pdf HTTP/1.0" 200 65135
152.203.173.228 - - [18/Dec/2023:09:04:19 -0500] "POST /sipse/faces/presentacion/financiero/solicitudProceso/listarSolicitudProceso.xhtml HTTP/1.1" 200 47129
201.245.192.253 - - [18/Dec/2023:09:04:28 -0500] "POST /forms/lservlet;jsessionid=ac16012b30d68f87e6b31bdd4159a82faa45787d3329.e3iSbxaKaheRe34Qc38TbN0Nb41ynknvrkLOlQzNp65In0 HTTP/1.1" 200 2
156.59.198.136 - - [18/Dec/2023:09:04:41 -0500] "GET /BLA/resoluciones/RESOLUCIONES%202009/0711.pdf HTTP/1.0" 200 178107
152.203.173.228 - - [18/Dec/2023:09:04:50 -0500] "POST /sipse/faces/presentacion/financiero/solicitudProceso/listarSolicitudProceso.xhtml HTTP/1.1" 200 20781
152.203.173.228 - - [18/Dec/2023:09:04:51 -0500] "POST /sipse/faces/presentacion/financiero/solicitudProceso/listarSolicitudProceso.xhtml HTTP/1.1" 200 141135
152.203.173.228 - - [18/Dec/2023:09:04:52 -0500] "GET /sipse/faces/javax.faces.resource/theme.css?ln=primefaces-sipse HTTP/1.1" 304 -
152.203.173.228 - - [18/Dec/2023:09:04:52 -0500] "GET /sipse/faces/javax.faces.resource/primefaces.css?ln=primefaces&v=4.0 HTTP/1.1" 304 -
152.203.173.228 - - [18/Dec/2023:09:04:52 -0500] "GET /sipse/css/imagen/contrasena.png HTTP/1.1" 404 383
152.203.173.228 - - [18/Dec/2023:09:04:52 -0500] "GET /sipse/faces/javax.faces.resource/layout/layout.css?ln=primefaces&v=4.0 HTTP/1.1" 304 -
152.203.173.228 - - [18/Dec/2023:09:04:52 -0500] "GET /sipse/faces/javax.faces.resource/jquery/jquery.js?ln=primefaces&v=4.0 HTTP/1.1" 304 -
152.203.173.228 - - [18/Dec/2023:09:04:52 -0500] "GET /sipse/faces/javax.faces.resource/jquery/jquery-plugins.js?ln=primefaces&v=4.0 HTTP/1.1" 304 -
152.203.173.228 - - [18/Dec/2023:09:04:52 -0500] "GET /sipse/faces/javax.faces.resource/primefaces.js?ln=primefaces&v=4.0 HTTP/1.1" 304 -
152.203.173.228 - - [18/Dec/2023:09:04:52 -0500] "GET /sipse/faces/javax.faces.resource/layout/layout.js?ln=primefaces&v=4.0 HTTP/1.1" 304 -
152.203.173.228 - - [18/Dec/2023:09:04:52 -0500] "GET /sipse/faces/javax.faces.resource/images/ui-icons_898989_256x240.png?ln=primefaces-aristo HTTP/1.1" 304 -
152.203.173.228 - - [18/Dec/2023:09:04:52 -0500] "GET /sipse/faces/javax.faces.resource/dynamiccontent.properties?ln=primefaces&pfdrid=XjOR5%2F%2FfPAZAuY9TpWQeCiM0BhlXxYRBGKi%2FQcXXfeA%3D&pfdrid_c=false HTTP/1.1" 500 383
216.244.66.195 - - [18/Dec/2023:09:04:53 -0500] "GET /BLA/resoluciones/AUTOS%202016/1301.pdf HTTP/1.1" 200 322373
152.203.173.228 - - [18/Dec/2023:09:04:55 -0500] "GET /sipse/faces/javax.faces.resource/images/ui-bg_flat_0_2d5972_40x100.png?ln=primefaces-aristo HTTP/1.1" 304 -
201.245.192.253 - - [18/Dec/2023:09:04:53 -0500] "POST /kwsrmcab/Wsrmcab  HTTP/1.1" 200 37894
152.203.173.228 - - [18/Dec/2023:09:04:55 -0500] "POST /sipse/faces/presentacion/financiero/solicitudProceso/consultarSolicitudProceso.xhtml HTTP/1.1" 200 5506
186.155.168.86 - - [18/Dec/2023:09:05:01 -0500] "POST /sipse/faces/presentacion/financiero/solicitudProceso/consultarSolicitudProceso.xhtml HTTP/1.1" 200 141954
201.245.192.253 - - [18/Dec/2023:09:05:01 -0500] "POST /forms/lservlet;jsessionid=ac16012b30d665b9d6b5cea24731bd918aefbc6c9e46.e3iSbxaKaheRe34Qc38TbN0Nb41ynknvrkLOlQzNp65In0 HTTP/1.1" 200 2
156.59.198.136 - - [18/Dec/2023:09:05:06 -0500] "GET /BLA/resoluciones/RESOLUCIONES%202023/1157.pdf HTTP/1.0" 200 1301491
152.203.173.228 - - [18/Dec/2023:09:05:11 -0500] "POST /sipse/faces/presentacion/financiero/solicitudProceso/consultarSolicitudProceso.xhtml HTTP/1.1" 200 37874
152.203.173.228 - - [18/Dec/2023:09:05:12 -0500] "GET /sipse/faces/javax.faces.resource/theme.css?ln=primefaces-sipse HTTP/1.1" 304 -
152.203.173.228 - - [18/Dec/2023:09:05:12 -0500] "GET /sipse/faces/javax.faces.resource/primefaces.css?ln=primefaces&v=4.0 HTTP/1.1" 304 -
152.203.173.228 - - [18/Dec/2023:09:05:12 -0500] "GET /sipse/faces/javax.faces.resource/layout/layout.css?ln=primefaces&v=4.0 HTTP/1.1" 304 -
152.203.173.228 - - [18/Dec/2023:09:05:12 -0500] "GET /sipse/faces/javax.faces.resource/jquery/jquery.js?ln=primefaces&v=4.0 HTTP/1.1" 304 -
152.203.173.228 - - [18/Dec/2023:09:05:12 -0500] "GET /sipse/faces/javax.faces.resource/jquery/jquery-plugins.js?ln=primefaces&v=4.0 HTTP/1.1" 304 -
152.203.173.228 - - [18/Dec/2023:09:05:12 -0500] "GET /sipse/faces/javax.faces.resource/layout/layout.js?ln=primefaces&v=4.0 HTTP/1.1" 304 -
152.203.173.228 - - [18/Dec/2023:09:05:12 -0500] "GET /sipse/faces/javax.faces.resource/primefaces.js?ln=primefaces&v=4.0 HTTP/1.1" 304 -
152.203.173.228 - - [18/Dec/2023:09:05:12 -0500] "GET /sipse/faces/javax.faces.resource/images/ui-icons_898989_256x240.png?ln=primefaces-aristo HTTP/1.1" 304 -
152.203.173.228 - - [18/Dec/2023:09:05:12 -0500] "GET /sipse/css/imagen/contrasena.png HTTP/1.1" 404 383
156.59.198.135 - - [18/Dec/2023:09:05:30 -0500] "GET /BLA/resoluciones/RESOLUCIONES%202009/0933.pdf HTTP/1.0" 200 270475
216.244.66.195 - - [18/Dec/2023:09:05:37 -0500] "GET /BLA/resoluciones/AUTOS%202016/1525.pdf HTTP/1.1" 200 582313
156.59.198.136 - - [18/Dec/2023:09:05:55 -0500] "GET /BLA/resoluciones/AUTOS%202007/2386.pdf HTTP/1.0" 200 78466
156.59.198.136 - - [18/Dec/2023:09:06:19 -0500] "GET /BLA/resoluciones/AUTOS%202007/2858.pdf HTTP/1.0" 200 340205
216.244.66.195 - - [18/Dec/2023:09:06:27 -0500] "GET /BLA/resoluciones/AUTOS%202016/1787.pdf HTTP/1.1" 200 550240
201.245.192.253 - - [18/Dec/2023:09:06:28 -0500] "POST /forms/lservlet;jsessionid=ac16012b30d68f87e6b31bdd4159a82faa45787d3329.e3iSbxaKaheRe34Qc38TbN0Nb41ynknvrkLOlQzNp65In0 HTTP/1.1" 200 2
52.167.144.235 - - [18/Dec/2023:09:06:28 -0500] "GET /BLA/resoluciones/index.php?dir=RESOLUCIONES+2021%2F HTTP/1.1" 200 443902
156.59.198.136 - - [18/Dec/2023:09:06:43 -0500] "GET /BLA/resoluciones/RESOLUCIONES%202019/3153.pdf HTTP/1.0" 200 291184
201.245.192.253 - - [18/Dec/2023:09:07:01 -0500] "POST /forms/lservlet;jsessionid=ac16012b30d665b9d6b5cea24731bd918aefbc6c9e46.e3iSbxaKaheRe34Qc38TbN0Nb41ynknvrkLOlQzNp65In0 HTTP/1.1" 200 2
156.59.198.136 - - [18/Dec/2023:09:07:08 -0500] "GET /BLA/resoluciones/RESOLUCIONES%202009/0310.pdf HTTP/1.0" 200 285357
216.244.66.195 - - [18/Dec/2023:09:07:18 -0500] "GET /BLA/resoluciones/RESOLUCIONES%202018/2576.pdf HTTP/1.1" 200 237518
156.59.198.135 - - [18/Dec/2023:09:07:33 -0500] "GET /BLA/resoluciones/AUTOS%202007/1094.pdf HTTP/1.0" 200 28005
216.245.221.92 - - [18/Dec/2023:09:07:43 -0500] "HEAD / HTTP/1.1" 200 -
201.245.192.253 - - [18/Dec/2023:09:07:47 -0500] "POST /sipse/faces/presentacion/financiero/solicitudProceso/consultarSolicitudProceso.xhtml HTTP/1.1" 302 -
201.245.192.253 - - [18/Dec/2023:09:07:47 -0500] "GET /sipse/faces/autenticacion.xhtml HTTP/1.1" 200 1099
201.245.192.253 - - [18/Dec/2023:09:07:47 -0500] "POST /sipse/faces/presentacion/financiero/solicitudProceso/consultarSolicitudProceso.xhtml HTTP/1.1" 302 -
201.245.192.253 - - [18/Dec/2023:09:07:47 -0500] "GET /sipse/faces/autenticacion.xhtml HTTP/1.1" 200 1099
201.245.192.253 - - [18/Dec/2023:09:07:47 -0500] "POST /sipse/faces/presentacion/financiero/solicitudProceso/consultarSolicitudProceso.xhtml HTTP/1.1" 302 -
201.245.192.253 - - [18/Dec/2023:09:07:47 -0500] "GET /sipse/faces/autenticacion.xhtml HTTP/1.1" 200 1099
201.245.192.253 - - [18/Dec/2023:09:07:47 -0500] "POST /sipse/faces/presentacion/financiero/solicitudProceso/consultarSolicitudProceso.xhtml HTTP/1.1" 302 -
201.245.192.253 - - [18/Dec/2023:09:07:47 -0500] "GET /sipse/faces/autenticacion.xhtml HTTP/1.1" 200 1099
201.245.192.253 - - [18/Dec/2023:09:07:47 -0500] "POST /sipse/faces/presentacion/financiero/solicitudProceso/consultarSolicitudProceso.xhtml HTTP/1.1" 302 -
201.245.192.253 - - [18/Dec/2023:09:07:47 -0500] "GET /sipse/faces/autenticacion.xhtml HTTP/1.1" 200 1099
201.245.192.253 - - [18/Dec/2023:09:07:47 -0500] "POST /sipse/faces/presentacion/financiero/solicitudProceso/consultarSolicitudProceso.xhtml HTTP/1.1" 302 -
201.245.192.253 - - [18/Dec/2023:09:07:47 -0500] "GET /sipse/faces/autenticacion.xhtml HTTP/1.1" 200 1099
201.245.192.253 - - [18/Dec/2023:09:07:47 -0500] "POST /sipse/faces/presentacion/financiero/solicitudProceso/consultarSolicitudProceso.xhtml HTTP/1.1" 302 -
201.245.192.253 - - [18/Dec/2023:09:07:47 -0500] "GET /sipse/faces/autenticacion.xhtml HTTP/1.1" 200 1099
201.245.192.253 - - [18/Dec/2023:09:07:47 -0500] "POST /sipse/faces/presentacion/financiero/solicitudProceso/consultarSolicitudProceso.xhtml HTTP/1.1" 302 -
201.245.192.253 - - [18/Dec/2023:09:07:47 -0500] "GET /sipse/faces/autenticacion.xhtml HTTP/1.1" 200 1099
201.245.192.253 - - [18/Dec/2023:09:07:47 -0500] "POST /sipse/faces/presentacion/financiero/solicitudProceso/consultarSolicitudProceso.xhtml HTTP/1.1" 302 -
201.245.192.253 - - [18/Dec/2023:09:07:47 -0500] "GET /sipse/faces/autenticacion.xhtml HTTP/1.1" 200 1099
201.245.192.253 - - [18/Dec/2023:09:07:47 -0500] "POST /sipse/faces/presentacion/financiero/solicitudProceso/consultarSolicitudProceso.xhtml HTTP/1.1" 302 -
201.245.192.253 - - [18/Dec/2023:09:07:47 -0500] "GET /sipse/faces/autenticacion.xhtml HTTP/1.1" 200 1099
201.245.192.253 - - [18/Dec/2023:09:07:47 -0500] "POST /sipse/faces/presentacion/financiero/solicitudProceso/consultarSolicitudProceso.xhtml HTTP/1.1" 302 -
201.245.192.253 - - [18/Dec/2023:09:07:47 -0500] "GET /sipse/faces/autenticacion.xhtml HTTP/1.1" 200 1099
201.245.192.253 - - [18/Dec/2023:09:07:53 -0500] "GET /sipse/faces/index.xhtml HTTP/1.1" 200 677
201.245.192.253 - - [18/Dec/2023:09:07:54 -0500] "GET /sipse/faces/javax.faces.resource/theme.css?ln=primefaces-sipse HTTP/1.1" 200 50058
201.245.192.253 - - [18/Dec/2023:09:07:54 -0500] "GET /favicon.ico HTTP/1.1" 200 7782
201.245.192.253 - - [18/Dec/2023:09:07:54 -0500] "GET /sipse/faces/faces/autenticacion.xhtml HTTP/1.1" 200 12405
201.245.192.253 - - [18/Dec/2023:09:07:54 -0500] "GET /sipse/js/disable_browser_buttons.js HTTP/1.1" 200 3230
201.245.192.253 - - [18/Dec/2023:09:07:54 -0500] "GET /sipse/js/funciones.js HTTP/1.1" 200 12592
201.245.192.253 - - [18/Dec/2023:09:07:54 -0500] "GET /sipse/css/custom_css_sg.css HTTP/1.1" 200 9694
201.245.192.253 - - [18/Dec/2023:09:07:54 -0500] "GET /sipse/faces/javax.faces.resource/theme.css?ln=primefaces-sipse HTTP/1.1" 304 -
201.245.192.253 - - [18/Dec/2023:09:07:54 -0500] "GET /sipse/faces/javax.faces.resource/layout/layout.css?ln=primefaces&v=4.0 HTTP/1.1" 200 542
201.245.192.253 - - [18/Dec/2023:09:07:54 -0500] "GET /sipse/css/custom_css_sg_prime_login.css HTTP/1.1" 200 443
201.245.192.253 - - [18/Dec/2023:09:07:54 -0500] "GET /sipse/faces/javax.faces.resource/primefaces.css?ln=primefaces&v=4.0 HTTP/1.1" 200 53295
201.245.192.253 - - [18/Dec/2023:09:07:54 -0500] "GET /sipse/faces/javax.faces.resource/layout/layout.js?ln=primefaces&v=4.0 HTTP/1.1" 200 87560
201.245.192.253 - - [18/Dec/2023:09:07:54 -0500] "GET /sipse/faces/javax.faces.resource/jquery/jquery-plugins.js?ln=primefaces&v=4.0 HTTP/1.1" 200 220526
201.245.192.253 - - [18/Dec/2023:09:07:54 -0500] "GET /sipse/faces/javax.faces.resource/jquery/jquery.js?ln=primefaces&v=4.0 HTTP/1.1" 200 105384
201.245.192.253 - - [18/Dec/2023:09:07:54 -0500] "GET /sipse/faces/javax.faces.resource/primefaces.js?ln=primefaces&v=4.0 HTTP/1.1" 200 276924
201.245.192.253 - - [18/Dec/2023:09:07:54 -0500] "GET /sipse/faces/javax.faces.resource/images/ui-icons_898989_256x240.png?ln=primefaces-aristo HTTP/1.1" 200 5355
201.245.192.253 - - [18/Dec/2023:09:07:54 -0500] "GET /sipse/css/imagen/loginimg.png HTTP/1.1" 200 71635
201.245.192.253 - - [18/Dec/2023:09:07:54 -0500] "GET /sipse/css/imagen/logoSDG.png HTTP/1.1" 200 53064
207.46.13.17 - - [18/Dec/2023:09:07:57 -0500] "GET /BLA/resoluciones/RESOLUCIONES%202021/5385.pdf HTTP/1.1" 200 418798
156.59.198.135 - - [18/Dec/2023:09:07:58 -0500] "GET /BLA/resoluciones/AUTOS%202007/2173.pdf HTTP/1.0" 200 88663
207.46.13.17 - - [18/Dec/2023:09:07:59 -0500] "GET /BLA/resoluciones/RESOLUCIONES%202021/5620.pdf HTTP/1.1" 200 470741
207.46.13.54 - - [18/Dec/2023:09:07:59 -0500] "GET /BLA/resoluciones/RESOLUCIONES%202021/3534.pdf HTTP/1.1" 200 371510
207.46.13.54 - - [18/Dec/2023:09:08:01 -0500] "GET /BLA/resoluciones/RESOLUCIONES%202021/1533.pdf HTTP/1.1" 200 483990
207.46.13.54 - - [18/Dec/2023:09:08:01 -0500] "GET /BLA/resoluciones/RESOLUCIONES%202021/1538.pdf HTTP/1.1" 200 453953
207.46.13.54 - - [18/Dec/2023:09:08:02 -0500] "GET /BLA/resoluciones/RESOLUCIONES%202021/5089.pdf HTTP/1.1" 200 346697
207.46.13.54 - - [18/Dec/2023:09:08:02 -0500] "GET /BLA/resoluciones/RESOLUCIONES%202021/1065.pdf HTTP/1.1" 200 405090
216.244.66.195 - - [18/Dec/2023:09:08:02 -0500] "GET /BLA/resoluciones/RESOLUCIONES%202023/0049.pdf HTTP/1.1" 200 406735
201.245.192.253 - - [18/Dec/2023:09:08:02 -0500] "POST /sipse/faces/autenticacion.xhtml HTTP/1.1" 200 2220
201.245.192.253 - - [18/Dec/2023:09:08:02 -0500] "GET /sipse/faces/javax.faces.resource/messages/messages.png?ln=primefaces&v=4.0 HTTP/1.1" 200 27209
201.245.192.253 - - [18/Dec/2023:09:08:03 -0500] "POST /sipse/faces/autenticacion.xhtml HTTP/1.1" 200 16459
201.245.192.253 - - [18/Dec/2023:09:08:03 -0500] "GET /sipse/css/custom_css_sg_prime.css HTTP/1.1" 200 5201
201.245.192.253 - - [18/Dec/2023:09:08:03 -0500] "GET /sipse/faces/javax.faces.resource/theme.css?ln=primefaces-sipse HTTP/1.1" 304 -
201.245.192.253 - - [18/Dec/2023:09:08:03 -0500] "GET /sipse/faces/javax.faces.resource/primefaces.css?ln=primefaces&v=4.0 HTTP/1.1" 304 -
201.245.192.253 - - [18/Dec/2023:09:08:03 -0500] "GET /sipse/faces/javax.faces.resource/layout/layout.css?ln=primefaces&v=4.0 HTTP/1.1" 304 -
201.245.192.253 - - [18/Dec/2023:09:08:04 -0500] "GET /sipse/js/jquery.min.js HTTP/1.1" 200 85582
201.245.192.253 - - [18/Dec/2023:09:08:04 -0500] "GET /sipse/faces/javax.faces.resource/jquery/jquery.js?ln=primefaces&v=4.0 HTTP/1.1" 304 -
201.245.192.253 - - [18/Dec/2023:09:08:04 -0500] "GET /sipse/faces/javax.faces.resource/jquery/jquery-plugins.js?ln=primefaces&v=4.0 HTTP/1.1" 304 -
201.245.192.253 - - [18/Dec/2023:09:08:04 -0500] "GET /sipse/faces/javax.faces.resource/primefaces.js?ln=primefaces&v=4.0 HTTP/1.1" 304 -
201.245.192.253 - - [18/Dec/2023:09:08:04 -0500] "GET /sipse/faces/javax.faces.resource/layout/layout.js?ln=primefaces&v=4.0 HTTP/1.1" 304 -
201.245.192.253 - - [18/Dec/2023:09:08:04 -0500] "GET /sipse/css/imagen/contrasena.png HTTP/1.1" 404 383
201.245.192.253 - - [18/Dec/2023:09:08:04 -0500] "GET /sipse/css/v_mergente.css HTTP/1.1" 200 1505
201.245.192.253 - - [18/Dec/2023:09:08:04 -0500] "GET /sipse/imagenes/cargando.gif HTTP/1.1" 200 36959
201.245.192.253 - - [18/Dec/2023:09:08:04 -0500] "GET /sipse/imagenes/logoAplicacion.jpg HTTP/1.1" 200 155084
40.77.167.13 - - [18/Dec/2023:09:08:05 -0500] "GET /BLA/resoluciones/RESOLUCIONES%202021/5233.pdf HTTP/1.1" 200 659006
201.245.192.253 - - [18/Dec/2023:09:08:05 -0500] "GET /sipse/faces/javax.faces.resource/images/ui-bg_flat_0_2d5972_40x100.png?ln=primefaces-aristo HTTP/1.1" 200 183
201.245.192.253 - - [18/Dec/2023:09:08:05 -0500] "POST /sipse/faces/bienvenido.xhtml HTTP/1.1" 200 2658
40.77.167.13 - - [18/Dec/2023:09:08:06 -0500] "GET /BLA/resoluciones/RESOLUCIONES%202021/1277.pdf HTTP/1.1" 200 4799958
172.22.2.4 - - [18/Dec/2023:09:06:27 -0500] "HEAD /BLA/boletinlegal/ HTTP/1.1" 200 -
201.245.192.253 - - [18/Dec/2023:09:08:07 -0500] "POST /sipse/faces/bienvenido.xhtml HTTP/1.1" 200 64951
201.245.192.253 - - [18/Dec/2023:09:08:07 -0500] "GET /sipse/faces/javax.faces.resource/theme.css?ln=primefaces-sipse HTTP/1.1" 304 -
201.245.192.253 - - [18/Dec/2023:09:08:07 -0500] "GET /sipse/faces/javax.faces.resource/layout/layout.css?ln=primefaces&v=4.0 HTTP/1.1" 304 -
201.245.192.253 - - [18/Dec/2023:09:08:07 -0500] "GET /sipse/faces/javax.faces.resource/primefaces.css?ln=primefaces&v=4.0 HTTP/1.1" 304 -
201.245.192.253 - - [18/Dec/2023:09:08:07 -0500] "GET /sipse/faces/javax.faces.resource/jquery/jquery.js?ln=primefaces&v=4.0 HTTP/1.1" 304 -
201.245.192.253 - - [18/Dec/2023:09:08:07 -0500] "GET /sipse/faces/javax.faces.resource/jquery/jquery-plugins.js?ln=primefaces&v=4.0 HTTP/1.1" 304 -
201.245.192.253 - - [18/Dec/2023:09:08:07 -0500] "GET /sipse/faces/javax.faces.resource/primefaces.js?ln=primefaces&v=4.0 HTTP/1.1" 304 -
201.245.192.253 - - [18/Dec/2023:09:08:07 -0500] "GET /sipse/faces/javax.faces.resource/layout/layout.js?ln=primefaces&v=4.0 HTTP/1.1" 304 -
201.245.192.253 - - [18/Dec/2023:09:08:08 -0500] "POST /sipse/faces/presentacion/financiero/solicitudProceso/listarSolicitudProceso.xhtml HTTP/1.1" 200 1556
40.77.167.13 - - [18/Dec/2023:09:08:09 -0500] "GET /BLA/resoluciones/RESOLUCIONES%202021/4529.pdf HTTP/1.1" 200 343226
40.77.167.20 - - [18/Dec/2023:09:08:09 -0500] "GET /BLA/resoluciones/RESOLUCIONES%202021/5268.pdf HTTP/1.1" 200 345924
40.77.167.20 - - [18/Dec/2023:09:08:10 -0500] "GET /BLA/resoluciones/RESOLUCIONES%202021/0989.pdf HTTP/1.1" 200 603768
201.245.192.253 - - [18/Dec/2023:09:08:11 -0500] "POST /sipse/faces/presentacion/financiero/solicitudProceso/listarSolicitudProceso.xhtml HTTP/1.1" 200 5970
201.245.192.253 - - [18/Dec/2023:09:08:13 -0500] "POST /sipse/faces/presentacion/financiero/solicitudProceso/listarSolicitudProceso.xhtml HTTP/1.1" 200 106111
201.245.192.253 - - [18/Dec/2023:09:08:14 -0500] "GET /sipse/faces/javax.faces.resource/theme.css?ln=primefaces-sipse HTTP/1.1" 304 -
201.245.192.253 - - [18/Dec/2023:09:08:14 -0500] "GET /sipse/faces/javax.faces.resource/layout/layout.css?ln=primefaces&v=4.0 HTTP/1.1" 304 -
201.245.192.253 - - [18/Dec/2023:09:08:14 -0500] "GET /sipse/faces/javax.faces.resource/primefaces.css?ln=primefaces&v=4.0 HTTP/1.1" 304 -
201.245.192.253 - - [18/Dec/2023:09:08:14 -0500] "GET /sipse/faces/javax.faces.resource/jquery/jquery.js?ln=primefaces&v=4.0 HTTP/1.1" 304 -
201.245.192.253 - - [18/Dec/2023:09:08:14 -0500] "GET /sipse/faces/javax.faces.resource/jquery/jquery-plugins.js?ln=primefaces&v=4.0 HTTP/1.1" 304 -
201.245.192.253 - - [18/Dec/2023:09:08:14 -0500] "GET /sipse/faces/javax.faces.resource/primefaces.js?ln=primefaces&v=4.0 HTTP/1.1" 304 -
201.245.192.253 - - [18/Dec/2023:09:08:14 -0500] "GET /sipse/faces/javax.faces.resource/layout/layout.js?ln=primefaces&v=4.0 HTTP/1.1" 304 -
156.59.198.136 - - [18/Dec/2023:09:08:23 -0500] "GET /BLA/resoluciones/AUTOS%202007/1185.pdf HTTP/1.0" 200 34076
201.245.192.253 - - [18/Dec/2023:09:08:26 -0500] "POST /sipse/faces/presentacion/financiero/solicitudProceso/consultarSolicitudProceso.xhtml HTTP/1.1" 200 61642
201.245.192.253 - - [18/Dec/2023:09:08:27 -0500] "GET /sipse/faces/javax.faces.resource/theme.css?ln=primefaces-sipse HTTP/1.1" 304 -
201.245.192.253 - - [18/Dec/2023:09:08:27 -0500] "GET /sipse/faces/javax.faces.resource/primefaces.css?ln=primefaces&v=4.0 HTTP/1.1" 304 -
201.245.192.253 - - [18/Dec/2023:09:08:27 -0500] "GET /sipse/faces/javax.faces.resource/layout/layout.css?ln=primefaces&v=4.0 HTTP/1.1" 304 -
201.245.192.253 - - [18/Dec/2023:09:08:27 -0500] "GET /sipse/faces/javax.faces.resource/jquery/jquery.js?ln=primefaces&v=4.0 HTTP/1.1" 304 -
201.245.192.253 - - [18/Dec/2023:09:08:27 -0500] "GET /sipse/faces/javax.faces.resource/jquery/jquery-plugins.js?ln=primefaces&v=4.0 HTTP/1.1" 304 -
201.245.192.253 - - [18/Dec/2023:09:08:27 -0500] "GET /sipse/faces/javax.faces.resource/primefaces.js?ln=primefaces&v=4.0 HTTP/1.1" 304 -
201.245.192.253 - - [18/Dec/2023:09:08:27 -0500] "GET /sipse/faces/javax.faces.resource/layout/layout.js?ln=primefaces&v=4.0 HTTP/1.1" 304 -
201.245.192.253 - - [18/Dec/2023:09:08:28 -0500] "POST /forms/lservlet;jsessionid=ac16012b30d68f87e6b31bdd4159a82faa45787d3329.e3iSbxaKaheRe34Qc38TbN0Nb41ynknvrkLOlQzNp65In0 HTTP/1.1" 200 2
172.22.2.4 - - [18/Dec/2023:09:08:28 -0500] "GET /BLA/boletinlegal/consulta_actos.php?tipo=autos&no=2697&usuario=&sector=&fecha=2019&resuelve= HTTP/1.1" 200 1048
190.71.148.133 - - [18/Dec/2023:09:08:39 -0500] "GET /appsia/controlador HTTP/1.1" 200 4799
190.71.148.133 - - [18/Dec/2023:09:08:39 -0500] "GET /appsia/css/estilos.css HTTP/1.1" 200 4804
190.71.148.133 - - [18/Dec/2023:09:08:39 -0500] "GET /appsia/scripts/validarIngreso.js HTTP/1.1" 200 851
190.71.148.133 - - [18/Dec/2023:09:08:39 -0500] "GET /appsia/images/logo_bogota_p.png HTTP/1.1" 200 14951
190.71.148.133 - - [18/Dec/2023:09:08:39 -0500] "GET /appsia/images/cabezoteHojaVida.png HTTP/1.1" 200 32493
190.71.148.133 - - [18/Dec/2023:09:08:39 -0500] "GET /favicon.ico HTTP/1.1" 200 7782
201.245.192.253 - - [18/Dec/2023:09:08:45 -0500] "GET /sipse/faces/javax.faces.resource/theme.css?ln=primefaces-sipse HTTP/1.1" 304 -
201.245.192.253 - - [18/Dec/2023:09:08:45 -0500] "GET /sipse/faces/javax.faces.resource/primefaces.css?ln=primefaces&v=4.0 HTTP/1.1" 304 -
201.245.192.253 - - [18/Dec/2023:09:08:45 -0500] "GET /sipse/faces/javax.faces.resource/layout/layout.css?ln=primefaces&v=4.0 HTTP/1.1" 304 -
201.245.192.253 - - [18/Dec/2023:09:08:45 -0500] "GET /sipse/faces/javax.faces.resource/jquery/jquery.js?ln=primefaces&v=4.0 HTTP/1.1" 304 -
201.245.192.253 - - [18/Dec/2023:09:08:45 -0500] "GET /sipse/faces/javax.faces.resource/jquery/jquery-plugins.js?ln=primefaces&v=4.0 HTTP/1.1" 304 -
201.245.192.253 - - [18/Dec/2023:09:08:45 -0500] "GET /sipse/faces/javax.faces.resource/primefaces.js?ln=primefaces&v=4.0 HTTP/1.1" 304 -
201.245.192.253 - - [18/Dec/2023:09:08:45 -0500] "GET /sipse/faces/javax.faces.resource/layout/layout.js?ln=primefaces&v=4.0 HTTP/1.1" 304 -
201.245.192.253 - - [18/Dec/2023:09:08:45 -0500] "GET /sipse/faces/javax.faces.resource/fileupload/fileupload.js?ln=primefaces&v=4.0 HTTP/1.1" 304 -
201.245.192.253 - - [18/Dec/2023:09:08:45 -0500] "GET /sipse/faces/javax.faces.resource/fileupload/fileupload.css?ln=primefaces&v=4.0 HTTP/1.1" 200 1330
201.245.192.253 - - [18/Dec/2023:09:08:42 -0500] "POST /sipse/faces/presentacion/financiero/solicitudProceso/consultarHistorialSolProceso.xhtml HTTP/1.1" 200 170022
201.245.192.253 - - [18/Dec/2023:09:08:45 -0500] "GET /sipse/faces/javax.faces.resource/images/ui-icons_898989_256x240.png?ln=primefaces-aristo HTTP/1.1" 304 -
156.59.198.135 - - [18/Dec/2023:09:08:47 -0500] "GET /BLA/resoluciones/AUTOS%202007/0025.pdf HTTP/1.0" 200 49261
216.244.66.195 - - [18/Dec/2023:09:08:51 -0500] "GET /BLA/resoluciones/RESOLUCIONES%202023/1815.pdf HTTP/1.1" 200 467004
172.22.2.4 - - [18/Dec/2023:09:07:18 -0500] "GET /BLA/boletinlegal/ HTTP/1.1" 200 58294
201.245.192.253 - - [18/Dec/2023:09:09:01 -0500] "POST /forms/lservlet;jsessionid=ac16012b30d665b9d6b5cea24731bd918aefbc6c9e46.e3iSbxaKaheRe34Qc38TbN0Nb41ynknvrkLOlQzNp65In0 HTTP/1.1" 200 2
201.245.192.253 - - [18/Dec/2023:09:09:05 -0500] "POST /sipse/faces/presentacion/financiero/solicitudProceso/crearModificarSolicitudProceso.xhtml HTTP/1.1" 200 21225
201.245.192.253 - - [18/Dec/2023:09:09:05 -0500] "GET /sipse/faces/javax.faces.resource/theme.css?ln=primefaces-sipse HTTP/1.1" 304 -
201.245.192.253 - - [18/Dec/2023:09:09:05 -0500] "GET /sipse/faces/javax.faces.resource/layout/layout.css?ln=primefaces&v=4.0 HTTP/1.1" 304 -
201.245.192.253 - - [18/Dec/2023:09:09:05 -0500] "GET /sipse/faces/javax.faces.resource/primefaces.css?ln=primefaces&v=4.0 HTTP/1.1" 304 -
201.245.192.253 - - [18/Dec/2023:09:09:05 -0500] "GET /sipse/faces/javax.faces.resource/jquery/jquery.js?ln=primefaces&v=4.0 HTTP/1.1" 304 -
201.245.192.253 - - [18/Dec/2023:09:09:05 -0500] "GET /sipse/faces/javax.faces.resource/fileupload/fileupload.css?ln=primefaces&v=4.0 HTTP/1.1" 200 1330
201.245.192.253 - - [18/Dec/2023:09:09:05 -0500] "GET /sipse/faces/javax.faces.resource/layout/layout.js?ln=primefaces&v=4.0 HTTP/1.1" 304 -
201.245.192.253 - - [18/Dec/2023:09:09:05 -0500] "GET /sipse/faces/javax.faces.resource/primefaces.js?ln=primefaces&v=4.0 HTTP/1.1" 304 -
201.245.192.253 - - [18/Dec/2023:09:09:05 -0500] "GET /sipse/faces/javax.faces.resource/jquery/jquery-plugins.js?ln=primefaces&v=4.0 HTTP/1.1" 304 -
201.245.192.253 - - [18/Dec/2023:09:09:05 -0500] "GET /sipse/faces/javax.faces.resource/fileupload/fileupload.js?ln=primefaces&v=4.0 HTTP/1.1" 200 28091
156.59.198.135 - - [18/Dec/2023:09:09:12 -0500] "GET /BLA/resoluciones/AUTOS%202007/0473.pdf HTTP/1.0" 200 126621
201.245.192.253 - - [18/Dec/2023:09:09:17 -0500] "GET /sipse/faces/javax.faces.resource/images/ui-bg_flat_0_2d5972_40x100.png?ln=primefaces-aristo HTTP/1.1" 304 -
201.245.192.253 - - [18/Dec/2023:09:09:17 -0500] "POST /sipse/faces/presentacion/financiero/solicitudAnulacion/registrarSolicitudAnulacion.xhtml HTTP/1.1" 200 3532
156.59.198.135 - - [18/Dec/2023:09:09:36 -0500] "GET /BLA/resoluciones/AUTOS%202007/2553.pdf HTTP/1.0" 200 75618
216.244.66.195 - - [18/Dec/2023:09:09:41 -0500] "GET /BLA/resoluciones/RESOLUCIONES%201997/0411.pdf HTTP/1.1" 200 33348
201.245.192.253 - - [18/Dec/2023:09:09:54 -0500] "POST /sipse/faces/presentacion/financiero/solicitudAnulacion/registrarSolicitudAnulacion.xhtml HTTP/1.1" 200 3532
201.245.192.253 - - [18/Dec/2023:09:09:52 -0500] "POST /kwsrmcab/Wsrmcab  HTTP/1.1" 200 37894
201.245.192.253 - - [18/Dec/2023:09:09:56 -0500] "POST /sipse/faces/presentacion/sistema/anexos/cargarAnexoSolicitudProceso.xhtml HTTP/1.1" 200 68151
201.245.192.253 - - [18/Dec/2023:09:09:56 -0500] "GET /sipse/faces/javax.faces.resource/theme.css?ln=primefaces-sipse HTTP/1.1" 304 -
201.245.192.253 - - [18/Dec/2023:09:09:56 -0500] "GET /sipse/faces/javax.faces.resource/jquery/jquery.js?ln=primefaces&v=4.0 HTTP/1.1" 304 -
201.245.192.253 - - [18/Dec/2023:09:09:56 -0500] "GET /sipse/faces/javax.faces.resource/primefaces.css?ln=primefaces&v=4.0 HTTP/1.1" 304 -
201.245.192.253 - - [18/Dec/2023:09:09:56 -0500] "GET /sipse/faces/javax.faces.resource/layout/layout.css?ln=primefaces&v=4.0 HTTP/1.1" 304 -
201.245.192.253 - - [18/Dec/2023:09:09:56 -0500] "GET /sipse/faces/javax.faces.resource/jquery/jquery-plugins.js?ln=primefaces&v=4.0 HTTP/1.1" 304 -
201.245.192.253 - - [18/Dec/2023:09:09:56 -0500] "GET /sipse/faces/javax.faces.resource/primefaces.js?ln=primefaces&v=4.0 HTTP/1.1" 304 -
201.245.192.253 - - [18/Dec/2023:09:09:56 -0500] "GET /sipse/faces/javax.faces.resource/layout/layout.js?ln=primefaces&v=4.0 HTTP/1.1" 304 -
156.59.198.135 - - [18/Dec/2023:09:10:01 -0500] "GET /BLA/resoluciones/RESOLUCIONES%202009/0183.pdf HTTP/1.0" 200 245237
201.245.192.253 - - [18/Dec/2023:09:10:00 -0500] "POST /sipse/faces/presentacion/financiero/solicitudProceso/crearModificarSolicitudProceso.xhtml HTTP/1.1" 200 108779
201.245.192.253 - - [18/Dec/2023:09:10:01 -0500] "GET /sipse/faces/javax.faces.resource/theme.css?ln=primefaces-sipse HTTP/1.1" 304 -
201.245.192.253 - - [18/Dec/2023:09:10:01 -0500] "GET /sipse/faces/javax.faces.resource/primefaces.css?ln=primefaces&v=4.0 HTTP/1.1" 304 -
201.245.192.253 - - [18/Dec/2023:09:10:01 -0500] "GET /sipse/faces/javax.faces.resource/layout/layout.css?ln=primefaces&v=4.0 HTTP/1.1" 304 -
201.245.192.253 - - [18/Dec/2023:09:10:01 -0500] "GET /sipse/faces/javax.faces.resource/jquery/jquery.js?ln=primefaces&v=4.0 HTTP/1.1" 304 -
201.245.192.253 - - [18/Dec/2023:09:10:01 -0500] "GET /sipse/faces/javax.faces.resource/jquery/jquery-plugins.js?ln=primefaces&v=4.0 HTTP/1.1" 304 -
201.245.192.253 - - [18/Dec/2023:09:10:01 -0500] "GET /sipse/faces/javax.faces.resource/primefaces.js?ln=primefaces&v=4.0 HTTP/1.1" 304 -
201.245.192.253 - - [18/Dec/2023:09:10:01 -0500] "GET /sipse/faces/javax.faces.resource/layout/layout.js?ln=primefaces&v=4.0 HTTP/1.1" 304 -
201.245.192.253 - - [18/Dec/2023:09:10:04 -0500] "POST /sipse/faces/presentacion/financiero/solicitudProceso/consultarSolicitudProceso.xhtml HTTP/1.1" 200 628282
201.245.192.253 - - [18/Dec/2023:09:10:07 -0500] "POST /sipse/faces/presentacion/financiero/solicitudAnulacion/registrarSolicitudAnulacion.xhtml HTTP/1.1" 200 3532
216.244.66.195 - - [18/Dec/2023:09:10:12 -0500] "GET /BLA/resoluciones/RESOLUCIONES%201997/0510.pdf HTTP/1.1" 200 101473
201.245.192.253 - - [18/Dec/2023:09:10:17 -0500] "POST /sipse/faces/presentacion/financiero/solicitudAnulacion/registrarSolicitudAnulacion.xhtml HTTP/1.1" 200 3532
201.245.192.253 - - [18/Dec/2023:09:10:18 -0500] "GET /appsia/controlador HTTP/1.1" 200 4799
201.245.192.253 - - [18/Dec/2023:09:10:18 -0500] "GET /appsia/css/estilos.css HTTP/1.1" 200 4804
201.245.192.253 - - [18/Dec/2023:09:10:18 -0500] "GET /appsia/scripts/validarIngreso.js HTTP/1.1" 200 851
201.245.192.253 - - [18/Dec/2023:09:10:18 -0500] "GET /appsia/images/cabezoteHojaVida.png HTTP/1.1" 200 32493
201.245.192.253 - - [18/Dec/2023:09:10:18 -0500] "GET /appsia/images/logo_bogota_p.png HTTP/1.1" 200 14951
156.59.198.136 - - [18/Dec/2023:09:10:25 -0500] "GET /BLA/resoluciones/RESOLUCIONES%202009/1148.pdf HTTP/1.0" 200 438707
201.245.192.253 - - [18/Dec/2023:09:10:28 -0500] "POST /forms/lservlet;jsessionid=ac16012b30d68f87e6b31bdd4159a82faa45787d3329.e3iSbxaKaheRe34Qc38TbN0Nb41ynknvrkLOlQzNp65In0 HTTP/1.1" 200 2
201.245.192.253 - - [18/Dec/2023:09:10:31 -0500] "POST /sipse/faces/presentacion/financiero/solicitudAnulacion/registrarSolicitudAnulacion.xhtml HTTP/1.1" 200 3528
201.245.192.253 - - [18/Dec/2023:09:10:34 -0500] "POST /sipse/faces/presentacion/financiero/solicitudAnulacion/registrarSolicitudAnulacion.xhtml HTTP/1.1" 200 3532
201.245.192.253 - - [18/Dec/2023:09:10:40 -0500] "POST /sipse/faces/presentacion/financiero/solicitudAnulacion/registrarSolicitudAnulacion.xhtml HTTP/1.1" 200 3528
201.245.192.253 - - [18/Dec/2023:09:10:44 -0500] "POST /appsia/controlador HTTP/1.1" 200 3598
201.245.192.253 - - [18/Dec/2023:09:10:44 -0500] "GET /appsia/jscripts/validarSolicitud.js HTTP/1.1" 404 68
216.244.66.195 - - [18/Dec/2023:09:10:46 -0500] "GET /BLA/resoluciones/RESOLUCIONES%202016/2464.pdf HTTP/1.1" 200 367177
201.245.192.253 - - [18/Dec/2023:09:10:44 -0500] "POST /sipse/faces/presentacion/financiero/solicitudProceso/consultarSolicitudProceso.xhtml HTTP/1.1" 200 37417
201.245.192.253 - - [18/Dec/2023:09:10:46 -0500] "GET /sipse/faces/javax.faces.resource/theme.css?ln=primefaces-sipse HTTP/1.1" 304 -
201.245.192.253 - - [18/Dec/2023:09:10:46 -0500] "GET /sipse/faces/javax.faces.resource/primefaces.css?ln=primefaces&v=4.0 HTTP/1.1" 304 -
201.245.192.253 - - [18/Dec/2023:09:10:46 -0500] "GET /sipse/faces/javax.faces.resource/layout/layout.css?ln=primefaces&v=4.0 HTTP/1.1" 304 -
201.245.192.253 - - [18/Dec/2023:09:10:46 -0500] "GET /sipse/faces/javax.faces.resource/jquery/jquery.js?ln=primefaces&v=4.0 HTTP/1.1" 304 -
201.245.192.253 - - [18/Dec/2023:09:10:46 -0500] "GET /sipse/faces/javax.faces.resource/jquery/jquery-plugins.js?ln=primefaces&v=4.0 HTTP/1.1" 304 -
201.245.192.253 - - [18/Dec/2023:09:10:46 -0500] "GET /sipse/faces/javax.faces.resource/primefaces.js?ln=primefaces&v=4.0 HTTP/1.1" 304 -
201.245.192.253 - - [18/Dec/2023:09:10:46 -0500] "GET /sipse/faces/javax.faces.resource/layout/layout.js?ln=primefaces&v=4.0 HTTP/1.1" 304 -
201.245.192.253 - - [18/Dec/2023:09:10:46 -0500] "POST /sipse/faces/presentacion/financiero/solicitudProceso/listarSolicitudProceso.xhtml HTTP/1.1" 200 1396
156.59.198.135 - - [18/Dec/2023:09:10:49 -0500] "GET /BLA/resoluciones/AUTOS%202007/1189.pdf HTTP/1.0" 200 23714
201.245.192.253 - - [18/Dec/2023:09:10:49 -0500] "POST /sipse/faces/presentacion/financiero/solicitudAnulacion/registrarSolicitudAnulacion.xhtml HTTP/1.1" 200 3532
201.245.192.253 - - [18/Dec/2023:09:10:49 -0500] "POST /sipse/faces/presentacion/financiero/solicitudProceso/listarSolicitudProceso.xhtml HTTP/1.1" 200 104482
201.245.192.253 - - [18/Dec/2023:09:10:49 -0500] "GET /sipse/faces/javax.faces.resource/theme.css?ln=primefaces-sipse HTTP/1.1" 304 -
201.245.192.253 - - [18/Dec/2023:09:10:49 -0500] "GET /sipse/faces/javax.faces.resource/primefaces.css?ln=primefaces&v=4.0 HTTP/1.1" 304 -
201.245.192.253 - - [18/Dec/2023:09:10:49 -0500] "GET /sipse/faces/javax.faces.resource/layout/layout.css?ln=primefaces&v=4.0 HTTP/1.1" 304 -
201.245.192.253 - - [18/Dec/2023:09:10:49 -0500] "GET /sipse/faces/javax.faces.resource/jquery/jquery.js?ln=primefaces&v=4.0 HTTP/1.1" 304 -
201.245.192.253 - - [18/Dec/2023:09:10:49 -0500] "GET /sipse/faces/javax.faces.resource/jquery/jquery-plugins.js?ln=primefaces&v=4.0 HTTP/1.1" 304 -
201.245.192.253 - - [18/Dec/2023:09:10:49 -0500] "GET /sipse/faces/javax.faces.resource/primefaces.js?ln=primefaces&v=4.0 HTTP/1.1" 304 -
201.245.192.253 - - [18/Dec/2023:09:10:50 -0500] "GET /sipse/faces/javax.faces.resource/layout/layout.js?ln=primefaces&v=4.0 HTTP/1.1" 304 -
201.245.192.253 - - [18/Dec/2023:09:10:50 -0500] "GET /appsia/controlador HTTP/1.1" 200 4799
201.245.192.253 - - [18/Dec/2023:09:10:52 -0500] "GET /sipse/faces/javax.faces.resource/theme.css?ln=primefaces-sipse HTTP/1.1" 304 -
201.245.192.253 - - [18/Dec/2023:09:10:52 -0500] "GET /sipse/faces/javax.faces.resource/primefaces.css?ln=primefaces&v=4.0 HTTP/1.1" 304 -
201.245.192.253 - - [18/Dec/2023:09:10:52 -0500] "GET /sipse/faces/javax.faces.resource/layout/layout.css?ln=primefaces&v=4.0 HTTP/1.1" 304 -
201.245.192.253 - - [18/Dec/2023:09:11:00 -0500] "POST /appsia/controlador HTTP/1.1" 200 5437
201.245.192.253 - - [18/Dec/2023:09:11:01 -0500] "POST /forms/lservlet;jsessionid=ac16012b30d665b9d6b5cea24731bd918aefbc6c9e46.e3iSbxaKaheRe34Qc38TbN0Nb41ynknvrkLOlQzNp65In0 HTTP/1.1" 200 2
201.245.192.253 - - [18/Dec/2023:09:11:01 -0500] "POST /appsia/controlador HTTP/1.1" 200 7785
201.245.192.253 - - [18/Dec/2023:09:11:05 -0500] "POST /appsia/controlador HTTP/1.1" 200 6650
201.245.192.253 - - [18/Dec/2023:09:11:07 -0500] "POST /appsia/controlador HTTP/1.1" 200 12080
201.245.192.253 - - [18/Dec/2023:09:11:10 -0500] "POST /appsia/controlador HTTP/1.1" 200 76064
156.59.198.135 - - [18/Dec/2023:09:11:13 -0500] "GET /BLA/resoluciones/RESOLUCIONES%202020/1513.pdf HTTP/1.0" 200 380204
201.245.192.253 - - [18/Dec/2023:09:11:16 -0500] "POST /sipse/faces/presentacion/financiero/solicitudAnulacion/registrarSolicitudAnulacion.xhtml HTTP/1.1" 200 3532
201.245.192.253 - - [18/Dec/2023:09:11:18 -0500] "POST /sipse/faces/presentacion/financiero/solicitudAnulacion/registrarSolicitudAnulacion.xhtml HTTP/1.1" 200 31164
201.245.192.253 - - [18/Dec/2023:09:11:20 -0500] "GET /sipse/faces/javax.faces.resource/jquery/jquery.js?ln=primefaces&v=4.0 HTTP/1.1" 304 -
201.245.192.253 - - [18/Dec/2023:09:11:20 -0500] "GET /sipse/faces/javax.faces.resource/jquery/jquery-plugins.js?ln=primefaces&v=4.0 HTTP/1.1" 304 -
201.245.192.253 - - [18/Dec/2023:09:11:20 -0500] "GET /sipse/faces/javax.faces.resource/primefaces.js?ln=primefaces&v=4.0 HTTP/1.1" 304 -
201.245.192.253 - - [18/Dec/2023:09:11:20 -0500] "GET /sipse/faces/javax.faces.resource/layout/layout.js?ln=primefaces&v=4.0 HTTP/1.1" 304 -
201.245.192.253 - - [18/Dec/2023:09:11:20 -0500] "GET /sipse/faces/javax.faces.resource/messages/messages.png?ln=primefaces&v=4.0 HTTP/1.1" 200 27209
201.245.192.253 - - [18/Dec/2023:09:11:21 -0500] "POST /sipse/faces/presentacion/financiero/solicitudAnulacion/solicitudAnulacion.xhtml HTTP/1.1" 200 14755
216.244.66.195 - - [18/Dec/2023:09:11:30 -0500] "GET /BLA/resoluciones/AUTOS%202019/0855.pdf HTTP/1.1" 200 374965
47.128.62.67 - - [18/Dec/2023:09:11:39 -0500] "GET /BLA/resoluciones/index.php?dir=RESOLUCIONES+2007%2FRES+2007+401+AL+500%2F HTTP/1.1" 200 26642
47.128.62.67 - - [18/Dec/2023:09:11:40 -0500] "GET /BLA/resoluciones/dlf/pdf.gif HTTP/1.1" 200 272
47.128.62.67 - - [18/Dec/2023:09:11:40 -0500] "GET /BLA/resoluciones/dlf/dirup.png HTTP/1.1" 200 644
40.77.167.28 - - [18/Dec/2023:09:11:47 -0500] "GET /BLA/resoluciones/RESOLUCIONES%202021/3615.pdf HTTP/1.1" 200 350184
201.245.192.253 - - [18/Dec/2023:09:11:54 -0500] "POST /appsia/controlador HTTP/1.1" 200 7785
201.245.192.253 - - [18/Dec/2023:09:11:57 -0500] "POST /appsia/controlador HTTP/1.1" 200 6650
201.245.192.253 - - [18/Dec/2023:09:11:58 -0500] "POST /appsia/controlador HTTP/1.1" 200 11690
181.55.46.207 - - [18/Dec/2023:09:12:00 -0500] "POST /sipse/faces/presentacion/financiero/solicitudProceso/consultarSolicitudProceso.xhtml HTTP/1.1" 200 19422
156.59.198.135 - - [18/Dec/2023:09:12:02 -0500] "GET /BLA/resoluciones/RESOLUCIONES%202019/3631.pdf HTTP/1.0" 200 1178574
201.245.192.253 - - [18/Dec/2023:09:12:03 -0500] "POST /appsia/controlador HTTP/1.1" 200 76024
181.55.46.207 - - [18/Dec/2023:09:12:14 -0500] "GET /sipse/faces/javax.faces.resource/fileupload/fileupload.css?ln=primefaces&v=4.0 HTTP/1.1" 200 1330
181.55.46.207 - - [18/Dec/2023:09:12:14 -0500] "GET /sipse/faces/javax.faces.resource/theme.css?ln=primefaces-sipse HTTP/1.1" 304 -
181.55.46.207 - - [18/Dec/2023:09:12:14 -0500] "GET /sipse/faces/javax.faces.resource/primefaces.css?ln=primefaces&v=4.0 HTTP/1.1" 304 -
181.55.46.207 - - [18/Dec/2023:09:12:14 -0500] "GET /sipse/faces/javax.faces.resource/layout/layout.css?ln=primefaces&v=4.0 HTTP/1.1" 304 -
181.55.46.207 - - [18/Dec/2023:09:12:14 -0500] "GET /sipse/faces/javax.faces.resource/jquery/jquery.js?ln=primefaces&v=4.0 HTTP/1.1" 304 -
181.55.46.207 - - [18/Dec/2023:09:12:14 -0500] "GET /sipse/faces/javax.faces.resource/layout/layout.js?ln=primefaces&v=4.0 HTTP/1.1" 304 -
181.55.46.207 - - [18/Dec/2023:09:12:14 -0500] "GET /sipse/faces/javax.faces.resource/fileupload/fileupload.js?ln=primefaces&v=4.0 HTTP/1.1" 200 28091
181.55.46.207 - - [18/Dec/2023:09:12:15 -0500] "GET /sipse/faces/javax.faces.resource/jquery/jquery-plugins.js?ln=primefaces&v=4.0 HTTP/1.1" 304 -
181.55.46.207 - - [18/Dec/2023:09:12:15 -0500] "GET /sipse/faces/javax.faces.resource/primefaces.js?ln=primefaces&v=4.0 HTTP/1.1" 304 -
181.55.46.207 - - [18/Dec/2023:09:12:17 -0500] "GET /sipse/css/imagen/contrasena.png HTTP/1.1" 404 383
