181.53.13.222 - - [18/Dec/2023:03:45:39 -0500] "GET /sipse/faces/javax.faces.resource/primefaces.css?ln=primefaces&v=4.0 HTTP/1.1" 304 -
181.53.13.222 - - [18/Dec/2023:03:45:39 -0500] "GET /sipse/faces/javax.faces.resource/jquery/jquery.js?ln=primefaces&v=4.0 HTTP/1.1" 304 -
181.53.13.222 - - [18/Dec/2023:03:45:39 -0500] "GET /sipse/faces/javax.faces.resource/layout/layout.css?ln=primefaces&v=4.0 HTTP/1.1" 304 -
181.53.13.222 - - [18/Dec/2023:03:45:39 -0500] "GET /sipse/faces/javax.faces.resource/jquery/jquery-plugins.js?ln=primefaces&v=4.0 HTTP/1.1" 304 -
181.53.13.222 - - [18/Dec/2023:03:45:39 -0500] "GET /sipse/faces/javax.faces.resource/primefaces.js?ln=primefaces&v=4.0 HTTP/1.1" 304 -
181.53.13.222 - - [18/Dec/2023:03:45:39 -0500] "GET /sipse/faces/javax.faces.resource/layout/layout.js?ln=primefaces&v=4.0 HTTP/1.1" 304 -
156.59.198.136 - - [18/Dec/2023:03:45:42 -0500] "GET /BLA/resoluciones/AUTOS%202007/0078.pdf HTTP/1.0" 200 108666
181.53.13.222 - - [18/Dec/2023:03:45:46 -0500] "POST /sipse/faces/presentacion/financiero/solicitudProceso/crearModificarSolicitudProceso.xhtml HTTP/1.1" 200 110403
181.53.13.222 - - [18/Dec/2023:03:45:47 -0500] "GET /sipse/faces/javax.faces.resource/theme.css?ln=primefaces-sipse HTTP/1.1" 304 -
181.53.13.222 - - [18/Dec/2023:03:45:47 -0500] "GET /sipse/faces/javax.faces.resource/layout/layout.css?ln=primefaces&v=4.0 HTTP/1.1" 304 -
181.53.13.222 - - [18/Dec/2023:03:45:47 -0500] "GET /sipse/faces/javax.faces.resource/primefaces.css?ln=primefaces&v=4.0 HTTP/1.1" 304 -
181.53.13.222 - - [18/Dec/2023:03:45:47 -0500] "GET /sipse/faces/javax.faces.resource/jquery/jquery.js?ln=primefaces&v=4.0 HTTP/1.1" 304 -
181.53.13.222 - - [18/Dec/2023:03:45:48 -0500] "GET /sipse/faces/javax.faces.resource/jquery/jquery-plugins.js?ln=primefaces&v=4.0 HTTP/1.1" 304 -
181.53.13.222 - - [18/Dec/2023:03:45:48 -0500] "GET /sipse/faces/javax.faces.resource/primefaces.js?ln=primefaces&v=4.0 HTTP/1.1" 304 -
181.53.13.222 - - [18/Dec/2023:03:45:48 -0500] "GET /sipse/faces/javax.faces.resource/layout/layout.js?ln=primefaces&v=4.0 HTTP/1.1" 304 -
181.53.13.222 - - [18/Dec/2023:03:45:48 -0500] "GET /sipse/faces/javax.faces.resource/dynamiccontent.properties?ln=primefaces&pfdrid=XjOR5%2F%2FfPAZAuY9TpWQeCiM0BhlXxYRBGKi%2FQcXXfeA%3D&pfdrid_c=false HTTP/1.1" 500 383
181.53.13.222 - - [18/Dec/2023:03:45:51 -0500] "POST /sipse/faces/presentacion/financiero/solicitudProceso/consultarSolicitudProceso.xhtml HTTP/1.1" 200 214530
156.59.198.135 - - [18/Dec/2023:03:46:06 -0500] "GET /BLA/resoluciones/AUTOS%202007/0026.pdf HTTP/1.0" 200 50070
201.245.192.253 - - [18/Dec/2023:03:46:14 -0500] "POST /kwsrmcab/Wsrmcab  HTTP/1.1" 200 37894
201.245.192.253 - - [18/Dec/2023:03:46:25 -0500] "POST /forms/lservlet;jsessionid=ac16012b30d68f87e6b31bdd4159a82faa45787d3329.e3iSbxaKaheRe34Qc38TbN0Nb41ynknvrkLOlQzNp65In0 HTTP/1.1" 200 2
156.59.198.135 - - [18/Dec/2023:03:46:30 -0500] "GET /BLA/resoluciones/AUTOS%202007/0280.pdf HTTP/1.0" 200 155103
156.59.198.135 - - [18/Dec/2023:03:46:54 -0500] "GET /BLA/resoluciones/AUTOS%202007/3567.pdf HTTP/1.0" 200 309290
201.245.192.253 - - [18/Dec/2023:03:46:59 -0500] "POST /forms/lservlet;jsessionid=ac16012b30d665b9d6b5cea24731bd918aefbc6c9e46.e3iSbxaKaheRe34Qc38TbN0Nb41ynknvrkLOlQzNp65In0 HTTP/1.1" 200 2
172.22.2.4 - - [18/Dec/2023:03:45:37 -0500] "HEAD /BLA/boletinlegal/ HTTP/1.1" 200 -
156.59.198.136 - - [18/Dec/2023:03:47:18 -0500] "GET /BLA/resoluciones/AUTOS%202007/2785.pdf HTTP/1.0" 200 76649
156.59.198.135 - - [18/Dec/2023:03:47:43 -0500] "GET /BLA/resoluciones/RESOLUCIONES%202019/3885.pdf HTTP/1.0" 200 336917
216.245.221.92 - - [18/Dec/2023:03:47:44 -0500] "HEAD / HTTP/1.1" 200 -
181.53.13.222 - - [18/Dec/2023:03:48:03 -0500] "POST /sipse/faces/presentacion/financiero/solicitudProceso/consultarSolicitudProceso.xhtml HTTP/1.1" 200 38790
181.53.13.222 - - [18/Dec/2023:03:48:04 -0500] "GET /sipse/faces/javax.faces.resource/theme.css?ln=primefaces-sipse HTTP/1.1" 304 -
181.53.13.222 - - [18/Dec/2023:03:48:04 -0500] "GET /sipse/faces/javax.faces.resource/jquery/jquery.js?ln=primefaces&v=4.0 HTTP/1.1" 304 -
181.53.13.222 - - [18/Dec/2023:03:48:04 -0500] "GET /sipse/faces/javax.faces.resource/primefaces.css?ln=primefaces&v=4.0 HTTP/1.1" 304 -
181.53.13.222 - - [18/Dec/2023:03:48:04 -0500] "GET /sipse/faces/javax.faces.resource/layout/layout.css?ln=primefaces&v=4.0 HTTP/1.1" 304 -
181.53.13.222 - - [18/Dec/2023:03:48:04 -0500] "GET /sipse/faces/javax.faces.resource/jquery/jquery-plugins.js?ln=primefaces&v=4.0 HTTP/1.1" 304 -
181.53.13.222 - - [18/Dec/2023:03:48:04 -0500] "GET /sipse/faces/javax.faces.resource/primefaces.js?ln=primefaces&v=4.0 HTTP/1.1" 304 -
181.53.13.222 - - [18/Dec/2023:03:48:04 -0500] "GET /sipse/faces/javax.faces.resource/layout/layout.js?ln=primefaces&v=4.0 HTTP/1.1" 304 -
181.53.13.222 - - [18/Dec/2023:03:48:04 -0500] "POST /sipse/faces/presentacion/financiero/solicitudProceso/listarSolicitudProceso.xhtml HTTP/1.1" 200 32043
181.53.13.222 - - [18/Dec/2023:03:48:05 -0500] "POST /sipse/faces/presentacion/financiero/solicitudProceso/listarSolicitudProceso.xhtml HTTP/1.1" 200 32043
181.53.13.222 - - [18/Dec/2023:03:48:05 -0500] "POST /sipse/faces/presentacion/financiero/solicitudProceso/listarSolicitudProceso.xhtml HTTP/1.1" 200 1396
181.53.13.222 - - [18/Dec/2023:03:48:06 -0500] "POST /sipse/faces/presentacion/financiero/solicitudProceso/listarSolicitudProceso.xhtml HTTP/1.1" 200 1392
156.59.198.135 - - [18/Dec/2023:03:48:06 -0500] "GET /BLA/resoluciones/AUTOS%202007/1149.pdf HTTP/1.0" 200 164846
181.53.13.222 - - [18/Dec/2023:03:48:06 -0500] "POST /sipse/faces/presentacion/financiero/solicitudProceso/listarSolicitudProceso.xhtml HTTP/1.1" 200 1400
172.22.2.4 - - [18/Dec/2023:03:46:27 -0500] "GET /BLA/boletinlegal/ HTTP/1.1" 200 58294
181.53.13.222 - - [18/Dec/2023:03:48:09 -0500] "POST /sipse/faces/presentacion/financiero/solicitudProceso/listarSolicitudProceso.xhtml HTTP/1.1" 200 60338
181.53.13.222 - - [18/Dec/2023:03:48:09 -0500] "GET /sipse/faces/javax.faces.resource/theme.css?ln=primefaces-sipse HTTP/1.1" 304 -
181.53.13.222 - - [18/Dec/2023:03:48:09 -0500] "GET /sipse/faces/javax.faces.resource/primefaces.css?ln=primefaces&v=4.0 HTTP/1.1" 304 -
181.53.13.222 - - [18/Dec/2023:03:48:09 -0500] "GET /sipse/faces/javax.faces.resource/jquery/jquery.js?ln=primefaces&v=4.0 HTTP/1.1" 304 -
181.53.13.222 - - [18/Dec/2023:03:48:09 -0500] "GET /sipse/faces/javax.faces.resource/layout/layout.css?ln=primefaces&v=4.0 HTTP/1.1" 304 -
181.53.13.222 - - [18/Dec/2023:03:48:09 -0500] "GET /sipse/faces/javax.faces.resource/jquery/jquery-plugins.js?ln=primefaces&v=4.0 HTTP/1.1" 304 -
181.53.13.222 - - [18/Dec/2023:03:48:09 -0500] "GET /sipse/faces/javax.faces.resource/primefaces.js?ln=primefaces&v=4.0 HTTP/1.1" 304 -
181.53.13.222 - - [18/Dec/2023:03:48:09 -0500] "GET /sipse/faces/javax.faces.resource/layout/layout.js?ln=primefaces&v=4.0 HTTP/1.1" 304 -
181.53.13.222 - - [18/Dec/2023:03:48:15 -0500] "POST /sipse/faces/presentacion/financiero/solicitudProceso/crearModificarSolicitudProceso.xhtml HTTP/1.1" 200 27322
201.245.192.253 - - [18/Dec/2023:03:48:25 -0500] "POST /forms/lservlet;jsessionid=ac16012b30d68f87e6b31bdd4159a82faa45787d3329.e3iSbxaKaheRe34Qc38TbN0Nb41ynknvrkLOlQzNp65In0 HTTP/1.1" 200 2
156.59.198.135 - - [18/Dec/2023:03:48:32 -0500] "GET /BLA/resoluciones/RESOLUCIONES%202009/0569.pdf HTTP/1.0" 200 303812
156.59.198.136 - - [18/Dec/2023:03:48:55 -0500] "GET /BLA/resoluciones/AUTOS%202007/1042.pdf HTTP/1.0" 200 33915
201.245.192.253 - - [18/Dec/2023:03:48:59 -0500] "POST /forms/lservlet;jsessionid=ac16012b30d665b9d6b5cea24731bd918aefbc6c9e46.e3iSbxaKaheRe34Qc38TbN0Nb41ynknvrkLOlQzNp65In0 HTTP/1.1" 200 2
156.59.198.135 - - [18/Dec/2023:03:49:20 -0500] "GET /BLA/resoluciones/AUTOS%202007/1827.pdf HTTP/1.0" 200 32259
156.59.198.135 - - [18/Dec/2023:03:49:44 -0500] "GET /BLA/resoluciones/AUTOS%202007/1869.pdf HTTP/1.0" 200 238707
172.22.2.4 - - [18/Dec/2023:03:48:48 -0500] "OPTIONS /BLA/boletinlegal/ HTTP/1.1" 200 49099
156.59.198.136 - - [18/Dec/2023:03:50:09 -0500] "GET /BLA/resoluciones/AUTOS%202007/1969.pdf HTTP/1.0" 200 121850
201.245.192.253 - - [18/Dec/2023:03:50:25 -0500] "POST /forms/lservlet;jsessionid=ac16012b30d68f87e6b31bdd4159a82faa45787d3329.e3iSbxaKaheRe34Qc38TbN0Nb41ynknvrkLOlQzNp65In0 HTTP/1.1" 200 2
216.244.66.195 - - [18/Dec/2023:03:50:28 -0500] "GET /BLA/resoluciones/AUTOS%202016/2639.pdf HTTP/1.1" 200 439888
156.59.198.136 - - [18/Dec/2023:03:50:33 -0500] "GET /BLA/resoluciones/AUTOS%202007/2632.pdf HTTP/1.0" 200 32110
156.59.198.136 - - [18/Dec/2023:03:50:57 -0500] "GET /BLA/resoluciones/AUTOS%202007/2316.pdf HTTP/1.0" 200 30949
201.245.192.253 - - [18/Dec/2023:03:50:59 -0500] "POST /forms/lservlet;jsessionid=ac16012b30d665b9d6b5cea24731bd918aefbc6c9e46.e3iSbxaKaheRe34Qc38TbN0Nb41ynknvrkLOlQzNp65In0 HTTP/1.1" 200 2
201.245.192.253 - - [18/Dec/2023:03:51:12 -0500] "POST /kwsrmcab/Wsrmcab  HTTP/1.1" 200 37894
156.59.198.136 - - [18/Dec/2023:03:51:22 -0500] "GET /BLA/resoluciones/AUTOS%202019/3070.pdf HTTP/1.0" 200 258055
156.59.198.136 - - [18/Dec/2023:03:51:46 -0500] "GET /BLA/resoluciones/RESOLUCIONES%202020/2522.pdf HTTP/1.0" 200 341644
216.244.66.195 - - [18/Dec/2023:03:51:51 -0500] "GET /BLA/resoluciones/AUTOS%202016/3146.pdf HTTP/1.1" 200 354984
156.59.198.136 - - [18/Dec/2023:03:52:10 -0500] "GET /BLA/resoluciones/AUTOS%202007/0366.pdf HTTP/1.0" 200 158321
216.244.66.195 - - [18/Dec/2023:03:52:24 -0500] "GET /BLA/resoluciones/AUTOS%202016/3180.pdf HTTP/1.1" 200 353159
201.245.192.253 - - [18/Dec/2023:03:52:25 -0500] "POST /forms/lservlet;jsessionid=ac16012b30d68f87e6b31bdd4159a82faa45787d3329.e3iSbxaKaheRe34Qc38TbN0Nb41ynknvrkLOlQzNp65In0 HTTP/1.1" 200 2
156.59.198.135 - - [18/Dec/2023:03:52:34 -0500] "GET /BLA/resoluciones/AUTOS%202007/0642.pdf HTTP/1.0" 200 67525
216.245.221.92 - - [18/Dec/2023:03:52:44 -0500] "HEAD / HTTP/1.1" 200 -
216.244.66.195 - - [18/Dec/2023:03:52:53 -0500] "GET /BLA/resoluciones/AUTOS%202010/2020.pdf HTTP/1.1" 200 2969726
156.59.198.136 - - [18/Dec/2023:03:52:58 -0500] "GET /BLA/resoluciones/RESOLUCIONES%202009/0660.pdf HTTP/1.0" 200 63631
201.245.192.253 - - [18/Dec/2023:03:52:59 -0500] "POST /forms/lservlet;jsessionid=ac16012b30d665b9d6b5cea24731bd918aefbc6c9e46.e3iSbxaKaheRe34Qc38TbN0Nb41ynknvrkLOlQzNp65In0 HTTP/1.1" 200 2
172.22.2.4 - - [18/Dec/2023:03:51:27 -0500] "HEAD /BLA/boletinlegal/ HTTP/1.1" 200 -
156.59.198.135 - - [18/Dec/2023:03:53:22 -0500] "GET /BLA/resoluciones/AUTOS%202007/0418.pdf HTTP/1.0" 200 66089
156.59.198.136 - - [18/Dec/2023:03:53:47 -0500] "GET /BLA/resoluciones/AUTOS%202007/2669.pdf HTTP/1.0" 200 505057
216.244.66.195 - - [18/Dec/2023:03:53:53 -0500] "GET /BLA/resoluciones/RESOLUCIONES%202023/0999.pdf HTTP/1.1" 200 440369
172.22.2.4 - - [18/Dec/2023:03:52:17 -0500] "GET /BLA/boletinlegal/ HTTP/1.1" 200 58294
156.59.198.136 - - [18/Dec/2023:03:54:11 -0500] "GET /BLA/resoluciones/AUTOS%202007/2178.pdf HTTP/1.0" 200 217147
216.244.66.195 - - [18/Dec/2023:03:54:23 -0500] "GET /BLA/resoluciones/RESOLUCIONES%202023/1496.pdf HTTP/1.1" 200 483626
201.245.192.253 - - [18/Dec/2023:03:54:25 -0500] "POST /forms/lservlet;jsessionid=ac16012b30d68f87e6b31bdd4159a82faa45787d3329.e3iSbxaKaheRe34Qc38TbN0Nb41ynknvrkLOlQzNp65In0 HTTP/1.1" 200 2
156.59.198.136 - - [18/Dec/2023:03:54:35 -0500] "GET /BLA/resoluciones/RESOLUCIONES%202013/1534.pdf HTTP/1.0" 200 557168
216.244.66.195 - - [18/Dec/2023:03:54:53 -0500] "GET /BLA/resoluciones/RESOLUCIONES%202023/1639.pdf HTTP/1.1" 200 636828
156.59.198.136 - - [18/Dec/2023:03:54:59 -0500] "GET /BLA/resoluciones/RESOLUCIONES%202020/0931.pdf HTTP/1.0" 200 370639
201.245.192.253 - - [18/Dec/2023:03:54:59 -0500] "POST /forms/lservlet;jsessionid=ac16012b30d665b9d6b5cea24731bd918aefbc6c9e46.e3iSbxaKaheRe34Qc38TbN0Nb41ynknvrkLOlQzNp65In0 HTTP/1.1" 200 2
216.244.66.195 - - [18/Dec/2023:03:55:21 -0500] "GET /BLA/resoluciones/RESOLUCIONES%201996/0441.pdf HTTP/1.1" 200 57375
156.59.198.135 - - [18/Dec/2023:03:55:23 -0500] "GET /BLA/resoluciones/AUTOS%202007/0567.pdf HTTP/1.0" 200 378836
156.59.198.136 - - [18/Dec/2023:03:55:47 -0500] "GET /BLA/resoluciones/AUTOS%202019/0849.pdf HTTP/1.0" 200 330997
156.59.198.136 - - [18/Dec/2023:03:56:12 -0500] "GET /BLA/resoluciones/RESOLUCIONES%202009/0443.pdf HTTP/1.0" 200 80820
201.245.192.253 - - [18/Dec/2023:03:56:11 -0500] "POST /kwsrmcab/Wsrmcab  HTTP/1.1" 200 37894
201.245.192.253 - - [18/Dec/2023:03:56:25 -0500] "POST /forms/lservlet;jsessionid=ac16012b30d68f87e6b31bdd4159a82faa45787d3329.e3iSbxaKaheRe34Qc38TbN0Nb41ynknvrkLOlQzNp65In0 HTTP/1.1" 200 2
156.59.198.136 - - [18/Dec/2023:03:56:37 -0500] "GET /BLA/resoluciones/AUTOS%202007/1386.pdf HTTP/1.0" 200 28611
201.245.192.253 - - [18/Dec/2023:03:56:59 -0500] "POST /forms/lservlet;jsessionid=ac16012b30d665b9d6b5cea24731bd918aefbc6c9e46.e3iSbxaKaheRe34Qc38TbN0Nb41ynknvrkLOlQzNp65In0 HTTP/1.1" 200 2
156.59.198.135 - - [18/Dec/2023:03:57:02 -0500] "GET /BLA/resoluciones/AUTOS%202007/2313.pdf HTTP/1.0" 200 27634
156.59.198.135 - - [18/Dec/2023:03:57:25 -0500] "GET /BLA/resoluciones/AUTOS%202007/0416.pdf HTTP/1.0" 200 18086
216.245.221.92 - - [18/Dec/2023:03:57:44 -0500] "HEAD / HTTP/1.1" 200 -
156.59.198.136 - - [18/Dec/2023:03:57:50 -0500] "GET /BLA/resoluciones/RESOLUCIONES%202020/2503.pdf HTTP/1.0" 200 428726
156.59.198.136 - - [18/Dec/2023:03:58:14 -0500] "GET /BLA/resoluciones/AUTOS%202007/0666.pdf HTTP/1.0" 200 135773
201.245.192.253 - - [18/Dec/2023:03:58:25 -0500] "POST /forms/lservlet;jsessionid=ac16012b30d68f87e6b31bdd4159a82faa45787d3329.e3iSbxaKaheRe34Qc38TbN0Nb41ynknvrkLOlQzNp65In0 HTTP/1.1" 200 2
205.210.31.28 - - [18/Dec/2023:03:58:27 -0500] "\x16\x03\x01" 400 226
205.210.31.28 - - [18/Dec/2023:03:58:27 -0500] "\x16\x03\x01" 400 226
156.59.198.136 - - [18/Dec/2023:03:58:38 -0500] "GET /BLA/resoluciones/AUTOS%202007/2898.pdf HTTP/1.0" 200 220998
172.22.2.4 - - [18/Dec/2023:03:57:17 -0500] "HEAD /BLA/boletinlegal/ HTTP/1.1" 200 -
201.245.192.253 - - [18/Dec/2023:03:58:59 -0500] "POST /forms/lservlet;jsessionid=ac16012b30d665b9d6b5cea24731bd918aefbc6c9e46.e3iSbxaKaheRe34Qc38TbN0Nb41ynknvrkLOlQzNp65In0 HTTP/1.1" 200 2
156.59.198.135 - - [18/Dec/2023:03:59:02 -0500] "GET /BLA/resoluciones/RESOLUCIONES%202020/1917.pdf HTTP/1.0" 200 358821
52.167.144.203 - - [18/Dec/2023:03:59:18 -0500] "GET /images/reciclaton-agosto-2023.jpg HTTP/1.1" 200 76505
156.59.198.135 - - [18/Dec/2023:03:59:27 -0500] "GET /BLA/resoluciones/AUTOS%202007/1204.pdf HTTP/1.0" 200 41824
216.244.66.195 - - [18/Dec/2023:03:59:39 -0500] "GET /robots.txt HTTP/1.1" 404 1018
172.22.2.4 - - [18/Dec/2023:03:58:07 -0500] "GET /BLA/boletinlegal/ HTTP/1.1" 200 58294
156.59.198.136 - - [18/Dec/2023:03:59:52 -0500] "GET /BLA/resoluciones/RESOLUCIONES%202020/2394.pdf HTTP/1.0" 200 344182
156.59.198.135 - - [18/Dec/2023:04:00:16 -0500] "GET /BLA/resoluciones/RESOLUCIONES%202009/0285.pdf HTTP/1.0" 200 238278
201.245.192.253 - - [18/Dec/2023:04:00:25 -0500] "POST /forms/lservlet;jsessionid=ac16012b30d68f87e6b31bdd4159a82faa45787d3329.e3iSbxaKaheRe34Qc38TbN0Nb41ynknvrkLOlQzNp65In0 HTTP/1.1" 200 2
156.59.198.136 - - [18/Dec/2023:04:00:41 -0500] "GET /BLA/resoluciones/AUTOS%202007/0877.pdf HTTP/1.0" 200 87740
201.245.192.253 - - [18/Dec/2023:04:00:59 -0500] "POST /forms/lservlet;jsessionid=ac16012b30d665b9d6b5cea24731bd918aefbc6c9e46.e3iSbxaKaheRe34Qc38TbN0Nb41ynknvrkLOlQzNp65In0 HTTP/1.1" 200 2
156.59.198.135 - - [18/Dec/2023:04:01:06 -0500] "GET /BLA/resoluciones/AUTOS%202007/1802.pdf HTTP/1.0" 200 28378
201.245.192.253 - - [18/Dec/2023:04:01:10 -0500] "POST /kwsrmcab/Wsrmcab  HTTP/1.1" 200 37894
156.59.198.136 - - [18/Dec/2023:04:01:31 -0500] "GET /BLA/resoluciones/AUTOS%202007/0105.pdf HTTP/1.0" 200 46742
156.59.198.136 - - [18/Dec/2023:04:01:54 -0500] "GET /BLA/resoluciones/AUTOS%202007/2123.pdf HTTP/1.0" 200 95117
156.59.198.135 - - [18/Dec/2023:04:02:18 -0500] "GET /BLA/resoluciones/AUTOS%202007/3469.pdf HTTP/1.0" 200 209920
201.245.192.253 - - [18/Dec/2023:04:02:25 -0500] "POST /forms/lservlet;jsessionid=ac16012b30d68f87e6b31bdd4159a82faa45787d3329.e3iSbxaKaheRe34Qc38TbN0Nb41ynknvrkLOlQzNp65In0 HTTP/1.1" 200 2
156.59.198.136 - - [18/Dec/2023:04:02:43 -0500] "GET /BLA/resoluciones/AUTOS%202007/1158.pdf HTTP/1.0" 200 41678
216.245.221.92 - - [18/Dec/2023:04:02:44 -0500] "HEAD / HTTP/1.1" 200 -
201.245.192.253 - - [18/Dec/2023:04:02:59 -0500] "POST /forms/lservlet;jsessionid=ac16012b30d665b9d6b5cea24731bd918aefbc6c9e46.e3iSbxaKaheRe34Qc38TbN0Nb41ynknvrkLOlQzNp65In0 HTTP/1.1" 200 2
156.59.198.135 - - [18/Dec/2023:04:03:08 -0500] "GET /BLA/resoluciones/AUTOS%202007/0053.pdf HTTP/1.0" 200 139368
167.0.152.142 - - [18/Dec/2023:02:23:26 -0500] "POST /sipse/faces/presentacion/financiero/solicitudProceso/consultarSolicitudProceso.xhtml HTTP/1.1" 400 1022
156.59.198.135 - - [18/Dec/2023:04:03:32 -0500] "GET /BLA/resoluciones/AUTOS%202019/3337.pdf HTTP/1.0" 200 341174
156.59.198.135 - - [18/Dec/2023:04:03:57 -0500] "GET /BLA/resoluciones/AUTOS%202007/0099.pdf HTTP/1.0" 200 48353
156.59.198.135 - - [18/Dec/2023:04:04:21 -0500] "GET /BLA/resoluciones/RESOLUCIONES%202009/0882.pdf HTTP/1.0" 200 353103
201.245.192.253 - - [18/Dec/2023:04:04:25 -0500] "POST /forms/lservlet;jsessionid=ac16012b30d68f87e6b31bdd4159a82faa45787d3329.e3iSbxaKaheRe34Qc38TbN0Nb41ynknvrkLOlQzNp65In0 HTTP/1.1" 200 2
156.59.198.135 - - [18/Dec/2023:04:04:45 -0500] "GET /BLA/resoluciones/RESOLUCIONES%202020/2547.pdf HTTP/1.0" 200 352773
172.22.2.4 - - [18/Dec/2023:04:03:07 -0500] "HEAD /BLA/boletinlegal/ HTTP/1.1" 200 -
201.245.192.253 - - [18/Dec/2023:04:04:59 -0500] "POST /forms/lservlet;jsessionid=ac16012b30d665b9d6b5cea24731bd918aefbc6c9e46.e3iSbxaKaheRe34Qc38TbN0Nb41ynknvrkLOlQzNp65In0 HTTP/1.1" 200 2
156.59.198.135 - - [18/Dec/2023:04:05:10 -0500] "GET /BLA/resoluciones/AUTOS%202007/2024.pdf HTTP/1.0" 200 417226
156.59.198.136 - - [18/Dec/2023:04:05:36 -0500] "GET /BLA/resoluciones/AUTOS%202007/1789.pdf HTTP/1.0" 200 43276
172.22.2.4 - - [18/Dec/2023:04:03:57 -0500] "GET /BLA/boletinlegal/ HTTP/1.1" 200 60634
156.59.198.135 - - [18/Dec/2023:04:05:59 -0500] "GET /BLA/resoluciones/AUTOS%202007/1602.pdf HTTP/1.0" 200 47159
201.245.192.253 - - [18/Dec/2023:04:06:09 -0500] "POST /kwsrmcab/Wsrmcab  HTTP/1.1" 200 37894
156.59.198.135 - - [18/Dec/2023:04:06:24 -0500] "GET /BLA/resoluciones/AUTOS%202007/0930.pdf HTTP/1.0" 200 22758
201.245.192.253 - - [18/Dec/2023:04:06:25 -0500] "POST /forms/lservlet;jsessionid=ac16012b30d68f87e6b31bdd4159a82faa45787d3329.e3iSbxaKaheRe34Qc38TbN0Nb41ynknvrkLOlQzNp65In0 HTTP/1.1" 200 2
156.59.198.135 - - [18/Dec/2023:04:06:48 -0500] "GET /BLA/resoluciones/AUTOS%202007/3018.pdf HTTP/1.0" 200 95520
201.245.192.253 - - [18/Dec/2023:04:06:59 -0500] "POST /forms/lservlet;jsessionid=ac16012b30d665b9d6b5cea24731bd918aefbc6c9e46.e3iSbxaKaheRe34Qc38TbN0Nb41ynknvrkLOlQzNp65In0 HTTP/1.1" 200 2
156.59.198.135 - - [18/Dec/2023:04:07:12 -0500] "GET /BLA/resoluciones/AUTOS%202019/0523.pdf HTTP/1.0" 200 223682
156.59.198.136 - - [18/Dec/2023:04:07:36 -0500] "GET /BLA/resoluciones/AUTOS%202019/4410.pdf HTTP/1.0" 200 274486
216.245.221.92 - - [18/Dec/2023:04:07:44 -0500] "HEAD / HTTP/1.1" 200 -
156.59.198.135 - - [18/Dec/2023:04:08:01 -0500] "GET /BLA/resoluciones/AUTOS%202007/0263.pdf HTTP/1.0" 200 261741
201.245.192.253 - - [18/Dec/2023:04:08:25 -0500] "POST /forms/lservlet;jsessionid=ac16012b30d68f87e6b31bdd4159a82faa45787d3329.e3iSbxaKaheRe34Qc38TbN0Nb41ynknvrkLOlQzNp65In0 HTTP/1.1" 200 2
156.59.198.135 - - [18/Dec/2023:04:08:25 -0500] "GET /BLA/resoluciones/RESOLUCIONES%202009/0854.pdf HTTP/1.0" 200 300635
156.59.198.135 - - [18/Dec/2023:04:08:50 -0500] "GET /BLA/resoluciones/AUTOS%202007/2110.pdf HTTP/1.0" 200 173245
201.245.192.253 - - [18/Dec/2023:04:08:59 -0500] "POST /forms/lservlet;jsessionid=ac16012b30d665b9d6b5cea24731bd918aefbc6c9e46.e3iSbxaKaheRe34Qc38TbN0Nb41ynknvrkLOlQzNp65In0 HTTP/1.1" 200 2
156.59.198.136 - - [18/Dec/2023:04:09:14 -0500] "GET /BLA/resoluciones/AUTOS%202007/0791.pdf HTTP/1.0" 200 73547
172.22.2.4 - - [18/Dec/2023:04:09:23 -0500] "GET /BLA/boletinlegal/robots.txt HTTP/1.1" 404 1037
172.22.2.4 - - [18/Dec/2023:04:09:23 -0500] "GET /BLA/boletinlegal/robots.txt HTTP/1.1" 404 1037
172.22.2.4 - - [18/Dec/2023:04:09:28 -0500] "GET /BLA/boletinlegal/sitemap.xml HTTP/1.1" 404 1037
156.59.198.136 - - [18/Dec/2023:04:09:39 -0500] "GET /BLA/resoluciones/AUTOS%202007/1354.pdf HTTP/1.0" 200 54648
156.59.198.135 - - [18/Dec/2023:04:10:04 -0500] "GET /BLA/resoluciones/AUTOS%202007/1077.pdf HTTP/1.0" 200 23973
201.245.192.253 - - [18/Dec/2023:04:10:25 -0500] "POST /forms/lservlet;jsessionid=ac16012b30d68f87e6b31bdd4159a82faa45787d3329.e3iSbxaKaheRe34Qc38TbN0Nb41ynknvrkLOlQzNp65In0 HTTP/1.1" 200 2
156.59.198.136 - - [18/Dec/2023:04:10:27 -0500] "GET /BLA/resoluciones/AUTOS%202007/0773.pdf HTTP/1.0" 200 116662
172.22.2.4 - - [18/Dec/2023:04:08:57 -0500] "HEAD /BLA/boletinlegal/ HTTP/1.1" 200 -
156.59.198.135 - - [18/Dec/2023:04:10:53 -0500] "GET /BLA/resoluciones/AUTOS%202007/1616.pdf HTTP/1.0" 200 161144
201.245.192.253 - - [18/Dec/2023:04:10:59 -0500] "POST /forms/lservlet;jsessionid=ac16012b30d665b9d6b5cea24731bd918aefbc6c9e46.e3iSbxaKaheRe34Qc38TbN0Nb41ynknvrkLOlQzNp65In0 HTTP/1.1" 200 2
201.245.192.253 - - [18/Dec/2023:04:11:08 -0500] "POST /kwsrmcab/Wsrmcab  HTTP/1.1" 200 37894
156.59.198.136 - - [18/Dec/2023:04:11:19 -0500] "GET /BLA/resoluciones/RESOLUCIONES%202009/0885.pdf HTTP/1.0" 200 196397
172.22.2.4 - - [18/Dec/2023:04:09:47 -0500] "GET /BLA/boletinlegal/ HTTP/1.1" 200 58294
156.59.198.136 - - [18/Dec/2023:04:11:43 -0500] "GET /BLA/resoluciones/RESOLUCIONES%202009/1085.pdf HTTP/1.0" 200 278787
156.59.198.135 - - [18/Dec/2023:04:12:07 -0500] "GET /BLA/resoluciones/RESOLUCIONES%202019/2320.pdf HTTP/1.0" 200 282170
201.245.192.253 - - [18/Dec/2023:04:12:25 -0500] "POST /forms/lservlet;jsessionid=ac16012b30d68f87e6b31bdd4159a82faa45787d3329.e3iSbxaKaheRe34Qc38TbN0Nb41ynknvrkLOlQzNp65In0 HTTP/1.1" 200 2
156.59.198.136 - - [18/Dec/2023:04:12:31 -0500] "GET /BLA/resoluciones/AUTOS%202007/3078.pdf HTTP/1.0" 200 457111
216.245.221.92 - - [18/Dec/2023:04:12:44 -0500] "HEAD / HTTP/1.1" 200 -
156.59.198.135 - - [18/Dec/2023:04:12:57 -0500] "GET /BLA/resoluciones/AUTOS%202007/0117.pdf HTTP/1.0" 200 105433
201.245.192.253 - - [18/Dec/2023:04:12:59 -0500] "POST /forms/lservlet;jsessionid=ac16012b30d665b9d6b5cea24731bd918aefbc6c9e46.e3iSbxaKaheRe34Qc38TbN0Nb41ynknvrkLOlQzNp65In0 HTTP/1.1" 200 2
156.59.198.136 - - [18/Dec/2023:04:13:21 -0500] "GET /BLA/resoluciones/AUTOS%202007/3266.pdf HTTP/1.0" 200 388716
156.59.198.135 - - [18/Dec/2023:04:13:46 -0500] "GET /BLA/resoluciones/AUTOS%202007/1139.pdf HTTP/1.0" 200 27717
156.59.198.135 - - [18/Dec/2023:04:14:11 -0500] "GET /BLA/resoluciones/AUTOS%202007/2256.pdf HTTP/1.0" 200 80668
201.245.192.253 - - [18/Dec/2023:04:14:25 -0500] "POST /forms/lservlet;jsessionid=ac16012b30d68f87e6b31bdd4159a82faa45787d3329.e3iSbxaKaheRe34Qc38TbN0Nb41ynknvrkLOlQzNp65In0 HTTP/1.1" 200 2
156.59.198.136 - - [18/Dec/2023:04:14:35 -0500] "GET /BLA/resoluciones/RESOLUCIONES%202019/1022.pdf HTTP/1.0" 200 1541744
156.59.198.135 - - [18/Dec/2023:04:14:59 -0500] "GET /BLA/resoluciones/AUTOS%202007/2292.pdf HTTP/1.0" 200 66741
201.245.192.253 - - [18/Dec/2023:04:14:59 -0500] "POST /forms/lservlet;jsessionid=ac16012b30d665b9d6b5cea24731bd918aefbc6c9e46.e3iSbxaKaheRe34Qc38TbN0Nb41ynknvrkLOlQzNp65In0 HTTP/1.1" 200 2
156.59.198.136 - - [18/Dec/2023:04:15:23 -0500] "GET /BLA/resoluciones/AUTOS%202007/3092.pdf HTTP/1.0" 200 171296
201.245.192.253 - - [18/Dec/2023:04:15:45 -0500] "POST /kwsrmcab/Wsrmcab HTTP/1.1" 200 38363
156.59.198.136 - - [18/Dec/2023:04:15:48 -0500] "GET /BLA/resoluciones/AUTOS%202007/2524.pdf HTTP/1.0" 200 79114
201.245.192.253 - - [18/Dec/2023:04:15:48 -0500] "POST /kwsrmcab/Wsrmcab HTTP/1.1" 200 38966
201.245.192.253 - - [18/Dec/2023:04:16:07 -0500] "POST /kwsrmcab/Wsrmcab  HTTP/1.1" 200 37894
156.59.198.135 - - [18/Dec/2023:04:16:13 -0500] "GET /BLA/resoluciones/RESOLUCIONES%202009/1075.pdf HTTP/1.0" 200 53088
201.245.192.253 - - [18/Dec/2023:04:16:25 -0500] "POST /forms/lservlet;jsessionid=ac16012b30d68f87e6b31bdd4159a82faa45787d3329.e3iSbxaKaheRe34Qc38TbN0Nb41ynknvrkLOlQzNp65In0 HTTP/1.1" 200 2
172.22.2.4 - - [18/Dec/2023:04:14:47 -0500] "HEAD /BLA/boletinlegal/ HTTP/1.1" 200 -
156.59.198.136 - - [18/Dec/2023:04:16:37 -0500] "GET /BLA/resoluciones/AUTOS%202007/1393.pdf HTTP/1.0" 200 112133
201.245.192.253 - - [18/Dec/2023:04:16:59 -0500] "POST /forms/lservlet;jsessionid=ac16012b30d665b9d6b5cea24731bd918aefbc6c9e46.e3iSbxaKaheRe34Qc38TbN0Nb41ynknvrkLOlQzNp65In0 HTTP/1.1" 200 2
156.59.198.136 - - [18/Dec/2023:04:17:01 -0500] "GET /BLA/resoluciones/RESOLUCIONES%202009/0008.pdf HTTP/1.0" 200 234627
172.22.2.4 - - [18/Dec/2023:04:15:37 -0500] "GET /BLA/boletinlegal/ HTTP/1.1" 200 57881
156.59.198.135 - - [18/Dec/2023:04:17:25 -0500] "GET /BLA/resoluciones/AUTOS%202007/0029.pdf HTTP/1.0" 200 49432
216.245.221.92 - - [18/Dec/2023:04:17:44 -0500] "HEAD / HTTP/1.1" 200 -
156.59.198.135 - - [18/Dec/2023:04:17:50 -0500] "GET /BLA/resoluciones/RESOLUCIONES%202009/0826.pdf HTTP/1.0" 200 474809
156.59.198.136 - - [18/Dec/2023:04:18:15 -0500] "GET /BLA/resoluciones/AUTOS%202007/0332.pdf HTTP/1.0" 200 120222
201.245.192.253 - - [18/Dec/2023:04:18:25 -0500] "POST /forms/lservlet;jsessionid=ac16012b30d68f87e6b31bdd4159a82faa45787d3329.e3iSbxaKaheRe34Qc38TbN0Nb41ynknvrkLOlQzNp65In0 HTTP/1.1" 200 2
156.59.198.135 - - [18/Dec/2023:04:18:39 -0500] "GET /BLA/resoluciones/RESOLUCIONES%202009/0103.pdf HTTP/1.0" 200 319034
201.245.192.253 - - [18/Dec/2023:04:18:59 -0500] "POST /forms/lservlet;jsessionid=ac16012b30d665b9d6b5cea24731bd918aefbc6c9e46.e3iSbxaKaheRe34Qc38TbN0Nb41ynknvrkLOlQzNp65In0 HTTP/1.1" 200 2
156.59.198.136 - - [18/Dec/2023:04:19:03 -0500] "GET /BLA/resoluciones/AUTOS%202007/0645.pdf HTTP/1.0" 200 72691
156.59.198.135 - - [18/Dec/2023:04:19:27 -0500] "GET /BLA/resoluciones/RESOLUCIONES%202009/0276.pdf HTTP/1.0" 200 60366
201.245.192.253 - - [18/Dec/2023:04:19:39 -0500] "POST /kwsrmcab/Wsrmcab HTTP/1.1" 200 38363
201.245.192.253 - - [18/Dec/2023:04:19:44 -0500] "POST /kwsrmcab/Wsrmcab HTTP/1.1" 200 38966
156.59.198.135 - - [18/Dec/2023:04:19:51 -0500] "GET /BLA/resoluciones/AUTOS%202019/4529.pdf HTTP/1.0" 200 350704
156.59.198.136 - - [18/Dec/2023:04:20:16 -0500] "GET /BLA/resoluciones/AUTOS%202007/0949.pdf HTTP/1.0" 200 97367
201.245.192.253 - - [18/Dec/2023:04:20:25 -0500] "POST /forms/lservlet;jsessionid=ac16012b30d68f87e6b31bdd4159a82faa45787d3329.e3iSbxaKaheRe34Qc38TbN0Nb41ynknvrkLOlQzNp65In0 HTTP/1.1" 200 2
156.59.198.135 - - [18/Dec/2023:04:20:40 -0500] "GET /BLA/resoluciones/AUTOS%202007/1742.pdf HTTP/1.0" 200 38026
201.245.192.253 - - [18/Dec/2023:04:20:59 -0500] "POST /forms/lservlet;jsessionid=ac16012b30d665b9d6b5cea24731bd918aefbc6c9e46.e3iSbxaKaheRe34Qc38TbN0Nb41ynknvrkLOlQzNp65In0 HTTP/1.1" 200 2
156.59.198.135 - - [18/Dec/2023:04:21:04 -0500] "GET /BLA/resoluciones/AUTOS%202007/0550.pdf HTTP/1.0" 200 138149
201.245.192.253 - - [18/Dec/2023:04:21:05 -0500] "POST /kwsrmcab/Wsrmcab  HTTP/1.1" 200 37894
156.59.198.136 - - [18/Dec/2023:04:21:28 -0500] "GET /BLA/resoluciones/RESOLUCIONES%202019/2298.pdf HTTP/1.0" 200 329203
156.59.198.136 - - [18/Dec/2023:04:21:53 -0500] "GET /BLA/resoluciones/AUTOS%202007/2430.pdf HTTP/1.0" 200 27996
172.22.2.4 - - [18/Dec/2023:04:20:37 -0500] "HEAD /BLA/boletinlegal/ HTTP/1.1" 200 -
156.59.198.136 - - [18/Dec/2023:04:22:18 -0500] "GET /BLA/resoluciones/AUTOS%202007/2295.pdf HTTP/1.0" 200 33065
201.245.192.253 - - [18/Dec/2023:04:22:25 -0500] "POST /forms/lservlet;jsessionid=ac16012b30d68f87e6b31bdd4159a82faa45787d3329.e3iSbxaKaheRe34Qc38TbN0Nb41ynknvrkLOlQzNp65In0 HTTP/1.1" 200 2
156.59.198.136 - - [18/Dec/2023:04:22:43 -0500] "GET /BLA/resoluciones/AUTOS%202007/1548.pdf HTTP/1.0" 200 29329
216.245.221.92 - - [18/Dec/2023:04:22:44 -0500] "HEAD / HTTP/1.1" 200 -
201.245.192.253 - - [18/Dec/2023:04:22:59 -0500] "POST /forms/lservlet;jsessionid=ac16012b30d665b9d6b5cea24731bd918aefbc6c9e46.e3iSbxaKaheRe34Qc38TbN0Nb41ynknvrkLOlQzNp65In0 HTTP/1.1" 200 2
156.59.198.136 - - [18/Dec/2023:04:23:06 -0500] "GET /BLA/resoluciones/AUTOS%202007/0240.pdf HTTP/1.0" 200 33611
172.22.2.4 - - [18/Dec/2023:04:21:27 -0500] "GET /BLA/boletinlegal/ HTTP/1.1" 200 60634
156.59.198.136 - - [18/Dec/2023:04:23:31 -0500] "GET /BLA/resoluciones/AUTOS%202007/2666.pdf HTTP/1.0" 200 542499
156.59.198.135 - - [18/Dec/2023:04:23:56 -0500] "GET /BLA/resoluciones/RESOLUCIONES%202009/0281.pdf HTTP/1.0" 200 212780
156.59.198.135 - - [18/Dec/2023:04:24:20 -0500] "GET /BLA/resoluciones/RESOLUCIONES%202019/3725.pdf HTTP/1.0" 200 336543
201.245.192.253 - - [18/Dec/2023:04:24:25 -0500] "POST /forms/lservlet;jsessionid=ac16012b30d68f87e6b31bdd4159a82faa45787d3329.e3iSbxaKaheRe34Qc38TbN0Nb41ynknvrkLOlQzNp65In0 HTTP/1.1" 200 2
156.59.198.135 - - [18/Dec/2023:04:24:45 -0500] "GET /BLA/resoluciones/AUTOS%202007/0267.pdf HTTP/1.0" 200 599786
201.245.192.253 - - [18/Dec/2023:04:24:59 -0500] "POST /forms/lservlet;jsessionid=ac16012b30d665b9d6b5cea24731bd918aefbc6c9e46.e3iSbxaKaheRe34Qc38TbN0Nb41ynknvrkLOlQzNp65In0 HTTP/1.1" 200 2
199.244.60.107 - - [18/Dec/2023:04:24:59 -0500] "GET /distrito-recupera-mas-de-20-kilogramos-de-musgo-y-dos-aves-silvestres.html HTTP/1.1" 200 857
206.41.177.145 - - [18/Dec/2023:04:25:00 -0500] "GET /distrito-recupera-mas-de-20-kilogramos-de-musgo-y-dos-aves-silvestres.html HTTP/1.1" 200 857
156.59.198.135 - - [18/Dec/2023:04:25:09 -0500] "GET /BLA/resoluciones/RESOLUCIONES%202000/1518.pdf HTTP/1.0" 200 256047
156.59.198.135 - - [18/Dec/2023:04:25:34 -0500] "GET /BLA/resoluciones/AUTOS%202007/0545.pdf HTTP/1.0" 200 337932
40.77.167.38 - - [18/Dec/2023:04:25:42 -0500] "GET /BLA/resoluciones/AUTOS%202018/4973.pdf HTTP/1.1" 304 -
201.245.192.253 - - [18/Dec/2023:04:25:45 -0500] "POST /kwsrmcab/Wsrmcab HTTP/1.1" 200 38363
201.245.192.253 - - [18/Dec/2023:04:25:48 -0500] "POST /kwsrmcab/Wsrmcab HTTP/1.1" 200 38966
156.59.198.136 - - [18/Dec/2023:04:25:57 -0500] "GET /BLA/resoluciones/AUTOS%202007/2068.pdf HTTP/1.0" 200 146333
201.245.192.253 - - [18/Dec/2023:04:26:04 -0500] "POST /kwsrmcab/Wsrmcab  HTTP/1.1" 200 37894
156.59.198.135 - - [18/Dec/2023:04:26:22 -0500] "GET /BLA/resoluciones/RESOLUCIONES%202020/0285.pdf HTTP/1.0" 200 397813
201.245.192.253 - - [18/Dec/2023:04:26:25 -0500] "POST /forms/lservlet;jsessionid=ac16012b30d68f87e6b31bdd4159a82faa45787d3329.e3iSbxaKaheRe34Qc38TbN0Nb41ynknvrkLOlQzNp65In0 HTTP/1.1" 200 2
156.59.198.136 - - [18/Dec/2023:04:26:47 -0500] "GET /BLA/resoluciones/RESOLUCIONES%202019/1903.pdf HTTP/1.0" 200 393260
201.245.192.253 - - [18/Dec/2023:04:26:59 -0500] "POST /forms/lservlet;jsessionid=ac16012b30d665b9d6b5cea24731bd918aefbc6c9e46.e3iSbxaKaheRe34Qc38TbN0Nb41ynknvrkLOlQzNp65In0 HTTP/1.1" 200 2
156.59.198.135 - - [18/Dec/2023:04:27:12 -0500] "GET /BLA/resoluciones/RESOLUCIONES%202009/0787.pdf HTTP/1.0" 200 252123
156.59.198.135 - - [18/Dec/2023:04:27:35 -0500] "GET /BLA/resoluciones/AUTOS%202007/3165.pdf HTTP/1.0" 200 148136
216.245.221.92 - - [18/Dec/2023:04:27:44 -0500] "HEAD / HTTP/1.1" 200 -
156.59.198.136 - - [18/Dec/2023:04:27:59 -0500] "GET /BLA/resoluciones/AUTOS%202007/0295.pdf HTTP/1.0" 200 119709
172.22.2.4 - - [18/Dec/2023:04:26:27 -0500] "HEAD /BLA/boletinlegal/ HTTP/1.1" 200 -
156.59.198.135 - - [18/Dec/2023:04:28:24 -0500] "GET /BLA/resoluciones/AUTOS%202007/1400.pdf HTTP/1.0" 200 31567
201.245.192.253 - - [18/Dec/2023:04:28:25 -0500] "POST /forms/lservlet;jsessionid=ac16012b30d68f87e6b31bdd4159a82faa45787d3329.e3iSbxaKaheRe34Qc38TbN0Nb41ynknvrkLOlQzNp65In0 HTTP/1.1" 200 2
156.59.198.136 - - [18/Dec/2023:04:28:48 -0500] "GET /BLA/resoluciones/AUTOS%202007/0163.pdf HTTP/1.0" 200 48436
172.22.2.4 - - [18/Dec/2023:04:28:21 -0500] "GET /BLA/boletinlegal/ HTTP/1.1" 200 24523
172.22.2.4 - - [18/Dec/2023:04:27:17 -0500] "GET /BLA/boletinlegal/ HTTP/1.1" 200 56997
201.245.192.253 - - [18/Dec/2023:04:28:59 -0500] "POST /forms/lservlet;jsessionid=ac16012b30d665b9d6b5cea24731bd918aefbc6c9e46.e3iSbxaKaheRe34Qc38TbN0Nb41ynknvrkLOlQzNp65In0 HTTP/1.1" 200 2
156.59.198.135 - - [18/Dec/2023:04:29:12 -0500] "GET /BLA/resoluciones/AUTOS%202007/3132.pdf HTTP/1.0" 200 124958
156.59.198.135 - - [18/Dec/2023:04:29:36 -0500] "GET /BLA/resoluciones/RESOLUCIONES%202009/0707.pdf HTTP/1.0" 200 569053
201.245.192.253 - - [18/Dec/2023:04:29:39 -0500] "POST /kwsrmcab/Wsrmcab HTTP/1.1" 200 38363
201.245.192.253 - - [18/Dec/2023:04:29:43 -0500] "POST /kwsrmcab/Wsrmcab HTTP/1.1" 200 38966
156.59.198.136 - - [18/Dec/2023:04:30:01 -0500] "GET /BLA/resoluciones/AUTOS%202007/3517.pdf HTTP/1.0" 200 419100
201.245.192.253 - - [18/Dec/2023:04:30:25 -0500] "POST /forms/lservlet;jsessionid=ac16012b30d68f87e6b31bdd4159a82faa45787d3329.e3iSbxaKaheRe34Qc38TbN0Nb41ynknvrkLOlQzNp65In0 HTTP/1.1" 200 2
156.59.198.135 - - [18/Dec/2023:04:30:26 -0500] "GET /BLA/resoluciones/AUTOS%202007/0530.pdf HTTP/1.0" 200 46406
156.59.198.136 - - [18/Dec/2023:04:30:52 -0500] "GET /BLA/resoluciones/AUTOS%202007/3080.pdf HTTP/1.0" 200 218154
201.245.192.253 - - [18/Dec/2023:04:30:59 -0500] "POST /forms/lservlet;jsessionid=ac16012b30d665b9d6b5cea24731bd918aefbc6c9e46.e3iSbxaKaheRe34Qc38TbN0Nb41ynknvrkLOlQzNp65In0 HTTP/1.1" 200 2
201.245.192.253 - - [18/Dec/2023:04:31:03 -0500] "POST /kwsrmcab/Wsrmcab  HTTP/1.1" 200 37894
156.59.198.136 - - [18/Dec/2023:04:31:16 -0500] "GET /BLA/resoluciones/RESOLUCIONES%202009/1177.pdf HTTP/1.0" 200 251348
172.22.2.4 - - [18/Dec/2023:04:31:18 -0500] "GET /BLA/boletinlegal/robots.txt HTTP/1.1" 404 1140
156.59.198.136 - - [18/Dec/2023:04:31:40 -0500] "GET /BLA/resoluciones/AUTOS%202007/0350.pdf HTTP/1.0" 200 188238
156.59.198.135 - - [18/Dec/2023:04:32:05 -0500] "GET /BLA/resoluciones/AUTOS%202007/0135.pdf HTTP/1.0" 200 106717
201.245.192.253 - - [18/Dec/2023:04:32:25 -0500] "POST /forms/lservlet;jsessionid=ac16012b30d68f87e6b31bdd4159a82faa45787d3329.e3iSbxaKaheRe34Qc38TbN0Nb41ynknvrkLOlQzNp65In0 HTTP/1.1" 200 2
156.59.198.135 - - [18/Dec/2023:04:32:29 -0500] "GET /BLA/resoluciones/RESOLUCIONES%202009/0747.pdf HTTP/1.0" 200 174681
216.245.221.92 - - [18/Dec/2023:04:32:44 -0500] "HEAD / HTTP/1.1" 200 -
156.59.198.135 - - [18/Dec/2023:04:32:52 -0500] "GET /BLA/resoluciones/AUTOS%202007/2349.pdf HTTP/1.0" 200 70781
201.245.192.253 - - [18/Dec/2023:04:32:59 -0500] "POST /forms/lservlet;jsessionid=ac16012b30d665b9d6b5cea24731bd918aefbc6c9e46.e3iSbxaKaheRe34Qc38TbN0Nb41ynknvrkLOlQzNp65In0 HTTP/1.1" 200 2
156.59.198.136 - - [18/Dec/2023:04:33:17 -0500] "GET /BLA/resoluciones/AUTOS%202007/0559.pdf HTTP/1.0" 200 190727
156.59.198.136 - - [18/Dec/2023:04:33:41 -0500] "GET /BLA/resoluciones/AUTOS%202019/2513.pdf HTTP/1.0" 200 343530
172.22.2.4 - - [18/Dec/2023:04:32:17 -0500] "HEAD /BLA/boletinlegal/ HTTP/1.1" 200 -
156.59.198.136 - - [18/Dec/2023:04:34:06 -0500] "GET /BLA/resoluciones/AUTOS%202007/3413.pdf HTTP/1.0" 200 246477
216.244.66.195 - - [18/Dec/2023:04:34:21 -0500] "GET /BLA/resoluciones/AUTOS%202016/0827.pdf HTTP/1.1" 200 770357
201.245.192.253 - - [18/Dec/2023:04:34:25 -0500] "POST /forms/lservlet;jsessionid=ac16012b30d68f87e6b31bdd4159a82faa45787d3329.e3iSbxaKaheRe34Qc38TbN0Nb41ynknvrkLOlQzNp65In0 HTTP/1.1" 200 2
156.59.198.135 - - [18/Dec/2023:04:34:30 -0500] "GET /BLA/resoluciones/RESOLUCIONES%202009/0289.pdf HTTP/1.0" 200 425320
172.22.2.4 - - [18/Dec/2023:04:33:07 -0500] "GET /BLA/boletinlegal/ HTTP/1.1" 200 58294
52.167.144.25 - - [18/Dec/2023:04:34:53 -0500] "GET /images/idiger-simulacro-evacuacion.jpeg HTTP/1.1" 200 185381
156.59.198.136 - - [18/Dec/2023:04:34:54 -0500] "GET /BLA/resoluciones/AUTOS%202007/0019.pdf HTTP/1.0" 200 380284
216.244.66.195 - - [18/Dec/2023:04:34:54 -0500] "GET /BLA/resoluciones/AUTOS%202016/1226.pdf HTTP/1.1" 200 322328
201.245.192.253 - - [18/Dec/2023:04:34:59 -0500] "POST /forms/lservlet;jsessionid=ac16012b30d665b9d6b5cea24731bd918aefbc6c9e46.e3iSbxaKaheRe34Qc38TbN0Nb41ynknvrkLOlQzNp65In0 HTTP/1.1" 200 2
156.59.198.135 - - [18/Dec/2023:04:35:18 -0500] "GET /BLA/resoluciones/AUTOS%202007/1161.pdf HTTP/1.0" 200 119037
216.244.66.195 - - [18/Dec/2023:04:35:24 -0500] "GET /BLA/resoluciones/AUTOS%202016/3006.pdf HTTP/1.1" 200 390739
156.59.198.136 - - [18/Dec/2023:04:35:44 -0500] "GET /BLA/resoluciones/AUTOS%202007/1088.pdf HTTP/1.0" 200 24588
201.245.192.253 - - [18/Dec/2023:04:35:45 -0500] "POST /kwsrmcab/Wsrmcab HTTP/1.1" 200 38363
201.245.192.253 - - [18/Dec/2023:04:35:48 -0500] "POST /kwsrmcab/Wsrmcab HTTP/1.1" 200 38966
216.244.66.195 - - [18/Dec/2023:04:35:56 -0500] "GET /BLA/resoluciones/AUTOS%202016/3036.pdf HTTP/1.1" 200 356093
201.245.192.253 - - [18/Dec/2023:04:36:02 -0500] "POST /kwsrmcab/Wsrmcab  HTTP/1.1" 200 37894
156.59.198.135 - - [18/Dec/2023:04:36:07 -0500] "GET /BLA/resoluciones/AUTOS%202019/2220.pdf HTTP/1.0" 200 337929
201.245.192.253 - - [18/Dec/2023:04:36:25 -0500] "POST /forms/lservlet;jsessionid=ac16012b30d68f87e6b31bdd4159a82faa45787d3329.e3iSbxaKaheRe34Qc38TbN0Nb41ynknvrkLOlQzNp65In0 HTTP/1.1" 200 2
156.59.198.135 - - [18/Dec/2023:04:36:32 -0500] "GET /BLA/resoluciones/AUTOS%202007/0293.pdf HTTP/1.0" 200 51337
216.244.66.195 - - [18/Dec/2023:04:36:34 -0500] "GET /BLA/resoluciones/RESOLUCIONES%202019/3229.pdf HTTP/1.1" 200 380175
156.59.198.136 - - [18/Dec/2023:04:36:56 -0500] "GET /BLA/resoluciones/AUTOS%202007/2400.pdf HTTP/1.0" 200 76284
201.245.192.253 - - [18/Dec/2023:04:36:59 -0500] "POST /forms/lservlet;jsessionid=ac16012b30d665b9d6b5cea24731bd918aefbc6c9e46.e3iSbxaKaheRe34Qc38TbN0Nb41ynknvrkLOlQzNp65In0 HTTP/1.1" 200 2
216.244.66.195 - - [18/Dec/2023:04:37:16 -0500] "GET /BLA/resoluciones/RESOLUCIONES%202023/0329.pdf HTTP/1.1" 200 501301
156.59.198.135 - - [18/Dec/2023:04:37:19 -0500] "GET /BLA/resoluciones/AUTOS%202007/0669.pdf HTTP/1.0" 200 66514
156.59.198.135 - - [18/Dec/2023:04:37:43 -0500] "GET /BLA/resoluciones/RESOLUCIONES%202009/0610.pdf HTTP/1.0" 200 303448
216.245.221.92 - - [18/Dec/2023:04:37:44 -0500] "HEAD / HTTP/1.1" 200 -
216.244.66.195 - - [18/Dec/2023:04:38:00 -0500] "GET /BLA/resoluciones/RESOLUCIONES%202023/1222.pdf HTTP/1.1" 200 446159
156.59.198.136 - - [18/Dec/2023:04:38:08 -0500] "GET /BLA/resoluciones/AUTOS%202007/2848.pdf HTTP/1.0" 200 211167
52.167.144.200 - - [18/Dec/2023:04:38:23 -0500] "GET /BLA/resoluciones/RESOLUCIONES%202021/3074.pdf HTTP/1.1" 200 349675
201.245.192.253 - - [18/Dec/2023:04:38:25 -0500] "POST /forms/lservlet;jsessionid=ac16012b30d68f87e6b31bdd4159a82faa45787d3329.e3iSbxaKaheRe34Qc38TbN0Nb41ynknvrkLOlQzNp65In0 HTTP/1.1" 200 2
156.59.198.135 - - [18/Dec/2023:04:38:31 -0500] "GET /BLA/resoluciones/AUTOS%202007/1005.pdf HTTP/1.0" 200 126219
216.244.66.195 - - [18/Dec/2023:04:38:35 -0500] "GET /BLA/resoluciones/RESOLUCIONES%202023/1310.pdf HTTP/1.1" 200 390819
156.59.198.135 - - [18/Dec/2023:04:38:57 -0500] "GET /BLA/resoluciones/AUTOS%202007/0349.pdf HTTP/1.0" 200 121081
201.245.192.253 - - [18/Dec/2023:04:38:59 -0500] "POST /forms/lservlet;jsessionid=ac16012b30d665b9d6b5cea24731bd918aefbc6c9e46.e3iSbxaKaheRe34Qc38TbN0Nb41ynknvrkLOlQzNp65In0 HTTP/1.1" 200 2
216.244.66.195 - - [18/Dec/2023:04:39:05 -0500] "GET /BLA/resoluciones/RESOLUCIONES%202019/1533.pdf HTTP/1.1" 200 1022260
156.59.198.135 - - [18/Dec/2023:04:39:21 -0500] "GET /BLA/resoluciones/AUTOS%202007/0131.pdf HTTP/1.0" 200 45099
102.129.232.53 - - [18/Dec/2023:04:39:21 -0500] "HEAD / HTTP/1.1" 200 -
216.244.66.195 - - [18/Dec/2023:04:39:34 -0500] "GET /BLA/resoluciones/RESOLUCIONES%202019/1541.pdf HTTP/1.1" 200 375364
201.245.192.253 - - [18/Dec/2023:04:39:39 -0500] "POST /kwsrmcab/Wsrmcab HTTP/1.1" 200 38363
156.59.198.136 - - [18/Dec/2023:04:39:45 -0500] "GET /BLA/resoluciones/AUTOS%202007/0223.pdf HTTP/1.0" 200 19734
201.245.192.253 - - [18/Dec/2023:04:39:44 -0500] "POST /kwsrmcab/Wsrmcab HTTP/1.1" 200 38966
172.22.2.4 - - [18/Dec/2023:04:38:07 -0500] "HEAD /BLA/boletinlegal/ HTTP/1.1" 200 -
216.244.66.195 - - [18/Dec/2023:04:40:02 -0500] "GET /BLA/resoluciones/RESOLUCIONES%202019/1553.pdf HTTP/1.1" 200 259933
156.59.198.136 - - [18/Dec/2023:04:40:09 -0500] "GET /BLA/resoluciones/AUTOS%202007/2897.pdf HTTP/1.0" 200 253309
201.245.192.253 - - [18/Dec/2023:04:40:25 -0500] "POST /forms/lservlet;jsessionid=ac16012b30d68f87e6b31bdd4159a82faa45787d3329.e3iSbxaKaheRe34Qc38TbN0Nb41ynknvrkLOlQzNp65In0 HTTP/1.1" 200 2
216.244.66.195 - - [18/Dec/2023:04:40:28 -0500] "GET /BLA/resoluciones/RESOLUCIONES%202019/2077.pdf HTTP/1.1" 200 385140
156.59.198.135 - - [18/Dec/2023:04:40:34 -0500] "GET /BLA/resoluciones/AUTOS%202007/2471.pdf HTTP/1.0" 200 155267
172.22.2.4 - - [18/Dec/2023:04:38:57 -0500] "GET /BLA/boletinlegal/ HTTP/1.1" 200 58294
216.244.66.195 - - [18/Dec/2023:04:40:55 -0500] "GET /BLA/resoluciones/RESOLUCIONES%202019/2620.pdf HTTP/1.1" 200 361664
156.59.198.135 - - [18/Dec/2023:04:40:58 -0500] "GET /BLA/resoluciones/RESOLUCIONES%202019/2627.pdf HTTP/1.0" 200 1348009
201.245.192.253 - - [18/Dec/2023:04:40:59 -0500] "POST /forms/lservlet;jsessionid=ac16012b30d665b9d6b5cea24731bd918aefbc6c9e46.e3iSbxaKaheRe34Qc38TbN0Nb41ynknvrkLOlQzNp65In0 HTTP/1.1" 200 2
201.245.192.253 - - [18/Dec/2023:04:41:00 -0500] "POST /kwsrmcab/Wsrmcab  HTTP/1.1" 200 37894
216.244.66.195 - - [18/Dec/2023:04:41:20 -0500] "GET /BLA/resoluciones/RESOLUCIONES%202019/2741.pdf HTTP/1.1" 200 467747
156.59.198.136 - - [18/Dec/2023:04:41:22 -0500] "GET /BLA/resoluciones/AUTOS%202007/2476.pdf HTTP/1.0" 200 107355
156.59.198.135 - - [18/Dec/2023:04:41:46 -0500] "GET /BLA/resoluciones/RESOLUCIONES%202020/2434.pdf HTTP/1.0" 200 411130
216.244.66.195 - - [18/Dec/2023:04:41:48 -0500] "GET /BLA/resoluciones/RESOLUCIONES%202019/3010.pdf HTTP/1.1" 200 368392
216.244.66.195 - - [18/Dec/2023:04:42:10 -0500] "GET /BLA/resoluciones/RESOLUCIONES%202019/3026.pdf HTTP/1.1" 200 394301
156.59.198.135 - - [18/Dec/2023:04:42:11 -0500] "GET /BLA/resoluciones/AUTOS%202019/3063.pdf HTTP/1.0" 200 270679
201.245.192.253 - - [18/Dec/2023:04:42:25 -0500] "POST /forms/lservlet;jsessionid=ac16012b30d68f87e6b31bdd4159a82faa45787d3329.e3iSbxaKaheRe34Qc38TbN0Nb41ynknvrkLOlQzNp65In0 HTTP/1.1" 200 2
216.244.66.195 - - [18/Dec/2023:04:42:32 -0500] "GET /BLA/resoluciones/RESOLUCIONES%202019/3178.pdf HTTP/1.1" 200 566721
156.59.198.135 - - [18/Dec/2023:04:42:36 -0500] "GET /BLA/resoluciones/AUTOS%202019/3307.pdf HTTP/1.0" 200 278613
216.245.221.92 - - [18/Dec/2023:04:42:43 -0500] "HEAD / HTTP/1.1" 200 -
216.244.66.195 - - [18/Dec/2023:04:42:52 -0500] "GET /BLA/resoluciones/RESOLUCIONES%202019/3467.pdf HTTP/1.1" 200 524611
201.245.192.253 - - [18/Dec/2023:04:42:59 -0500] "POST /forms/lservlet;jsessionid=ac16012b30d665b9d6b5cea24731bd918aefbc6c9e46.e3iSbxaKaheRe34Qc38TbN0Nb41ynknvrkLOlQzNp65In0 HTTP/1.1" 200 2
156.59.198.135 - - [18/Dec/2023:04:43:00 -0500] "GET /BLA/resoluciones/RESOLUCIONES%202020/1701.pdf HTTP/1.0" 200 443810
216.244.66.195 - - [18/Dec/2023:04:43:13 -0500] "GET /BLA/resoluciones/RESOLUCIONES%202019/3597.pdf HTTP/1.1" 200 295388
156.59.198.135 - - [18/Dec/2023:04:43:25 -0500] "GET /BLA/resoluciones/AUTOS%202007/3474.pdf HTTP/1.0" 200 79629
216.244.66.195 - - [18/Dec/2023:04:43:32 -0500] "GET /BLA/resoluciones/RESOLUCIONES%202019/3836.pdf HTTP/1.1" 200 1456466
156.59.198.135 - - [18/Dec/2023:04:43:49 -0500] "GET /BLA/resoluciones/AUTOS%202007/2275.pdf HTTP/1.0" 200 98622
216.244.66.195 - - [18/Dec/2023:04:43:50 -0500] "GET /BLA/resoluciones/AUTOS%202019/0524.pdf HTTP/1.1" 200 224430
216.244.66.195 - - [18/Dec/2023:04:44:07 -0500] "GET /BLA/resoluciones/AUTOS%202019/1429.pdf HTTP/1.1" 200 263588
156.59.198.135 - - [18/Dec/2023:04:44:14 -0500] "GET /BLA/resoluciones/AUTOS%202007/0603.pdf HTTP/1.0" 200 32576
216.244.66.195 - - [18/Dec/2023:04:44:22 -0500] "GET /BLA/resoluciones/AUTOS%202019/1465.pdf HTTP/1.1" 200 268476
201.245.192.253 - - [18/Dec/2023:04:44:25 -0500] "POST /forms/lservlet;jsessionid=ac16012b30d68f87e6b31bdd4159a82faa45787d3329.e3iSbxaKaheRe34Qc38TbN0Nb41ynknvrkLOlQzNp65In0 HTTP/1.1" 200 2
156.59.198.136 - - [18/Dec/2023:04:44:41 -0500] "GET /BLA/resoluciones/RESOLUCIONES%202009/0749.pdf HTTP/1.0" 200 172846
201.245.192.253 - - [18/Dec/2023:04:44:59 -0500] "POST /forms/lservlet;jsessionid=ac16012b30d665b9d6b5cea24731bd918aefbc6c9e46.e3iSbxaKaheRe34Qc38TbN0Nb41ynknvrkLOlQzNp65In0 HTTP/1.1" 200 2
156.59.198.136 - - [18/Dec/2023:04:45:01 -0500] "GET /BLA/resoluciones/AUTOS%202007/2220.pdf HTTP/1.0" 200 171816
156.59.198.135 - - [18/Dec/2023:04:45:35 -0500] "GET /BLA/resoluciones/AUTOS%202007/0233.pdf HTTP/1.0" 200 16202
172.22.2.4 - - [18/Dec/2023:04:43:57 -0500] "HEAD /BLA/boletinlegal/ HTTP/1.1" 200 -
156.59.198.135 - - [18/Dec/2023:04:45:41 -0500] "GET /BLA/resoluciones/RESOLUCIONES%202009/0749.pdf HTTP/1.0" 206 164897
156.59.198.135 - - [18/Dec/2023:04:45:50 -0500] "GET /BLA/resoluciones/AUTOS%202007/2523.pdf HTTP/1.0" 200 258051
201.245.192.253 - - [18/Dec/2023:04:45:59 -0500] "POST /kwsrmcab/Wsrmcab  HTTP/1.1" 200 37894
156.59.198.136 - - [18/Dec/2023:04:46:14 -0500] "GET /BLA/resoluciones/AUTOS%202007/1432.pdf HTTP/1.0" 200 87427
201.245.192.253 - - [18/Dec/2023:04:46:25 -0500] "POST /forms/lservlet;jsessionid=ac16012b30d68f87e6b31bdd4159a82faa45787d3329.e3iSbxaKaheRe34Qc38TbN0Nb41ynknvrkLOlQzNp65In0 HTTP/1.1" 200 2
172.22.2.4 - - [18/Dec/2023:04:44:47 -0500] "GET /BLA/boletinlegal/ HTTP/1.1" 200 58294
156.59.198.135 - - [18/Dec/2023:04:46:39 -0500] "GET /BLA/resoluciones/RESOLUCIONES%202020/2653.pdf HTTP/1.0" 200 323456
103.43.18.250 - - [18/Dec/2023:04:46:58 -0500] "GET / HTTP/1.1" 200 319
103.43.18.250 - - [18/Dec/2023:04:46:58 -0500] "GET /favicon.ico HTTP/1.1" 200 7782
201.245.192.253 - - [18/Dec/2023:04:46:59 -0500] "POST /forms/lservlet;jsessionid=ac16012b30d665b9d6b5cea24731bd918aefbc6c9e46.e3iSbxaKaheRe34Qc38TbN0Nb41ynknvrkLOlQzNp65In0 HTTP/1.1" 200 2
156.59.198.135 - - [18/Dec/2023:04:47:03 -0500] "GET /BLA/resoluciones/RESOLUCIONES%202009/1003.pdf HTTP/1.0" 200 258978
156.59.198.135 - - [18/Dec/2023:04:47:27 -0500] "GET /BLA/resoluciones/AUTOS%202007/1562.pdf HTTP/1.0" 200 29668
216.245.221.92 - - [18/Dec/2023:04:47:44 -0500] "HEAD / HTTP/1.1" 200 -
156.59.198.135 - - [18/Dec/2023:04:47:51 -0500] "GET /BLA/resoluciones/AUTOS%202007/1737.pdf HTTP/1.0" 200 37216
156.59.198.136 - - [18/Dec/2023:04:48:16 -0500] "GET /BLA/resoluciones/AUTOS%202019/5497.pdf HTTP/1.0" 200 281401
201.245.192.253 - - [18/Dec/2023:04:48:25 -0500] "POST /forms/lservlet;jsessionid=ac16012b30d68f87e6b31bdd4159a82faa45787d3329.e3iSbxaKaheRe34Qc38TbN0Nb41ynknvrkLOlQzNp65In0 HTTP/1.1" 200 2
216.244.66.195 - - [18/Dec/2023:04:48:26 -0500] "GET /robots.txt HTTP/1.1" 404 1018
156.59.198.136 - - [18/Dec/2023:04:48:40 -0500] "GET /BLA/resoluciones/AUTOS%202007/2437.pdf HTTP/1.0" 200 29621
201.245.192.253 - - [18/Dec/2023:04:48:59 -0500] "POST /forms/lservlet;jsessionid=ac16012b30d665b9d6b5cea24731bd918aefbc6c9e46.e3iSbxaKaheRe34Qc38TbN0Nb41ynknvrkLOlQzNp65In0 HTTP/1.1" 200 2
156.59.198.136 - - [18/Dec/2023:04:49:04 -0500] "GET /BLA/resoluciones/AUTOS%202007/2270.pdf HTTP/1.0" 200 202398
156.59.198.136 - - [18/Dec/2023:04:49:28 -0500] "GET /BLA/resoluciones/AUTOS%202007/3197.pdf HTTP/1.0" 200 79035
69.63.184.9 - - [18/Dec/2023:04:49:40 -0500] "GET /secretaria-de-ambiente-y-sena-abren-curso-de-jardines-verticales.html HTTP/1.1" 200 734
156.59.198.135 - - [18/Dec/2023:04:49:54 -0500] "GET /BLA/resoluciones/AUTOS%202019/5246.pdf HTTP/1.0" 200 350417
156.59.198.136 - - [18/Dec/2023:04:50:17 -0500] "GET /BLA/resoluciones/AUTOS%202007/2393.pdf HTTP/1.0" 200 79151
201.245.192.253 - - [18/Dec/2023:04:50:25 -0500] "POST /forms/lservlet;jsessionid=ac16012b30d68f87e6b31bdd4159a82faa45787d3329.e3iSbxaKaheRe34Qc38TbN0Nb41ynknvrkLOlQzNp65In0 HTTP/1.1" 200 2
34.88.26.74 - - [18/Dec/2023:04:50:33 -0500] "\x16\x03\x01" 400 226
34.88.26.74 - - [18/Dec/2023:04:50:35 -0500] "OPTIONS / HTTP/1.0" 200 -
156.59.198.136 - - [18/Dec/2023:04:50:42 -0500] "GET /BLA/resoluciones/AUTOS%202007/1631.pdf HTTP/1.0" 200 212255
201.245.192.253 - - [18/Dec/2023:04:50:59 -0500] "POST /forms/lservlet;jsessionid=ac16012b30d665b9d6b5cea24731bd918aefbc6c9e46.e3iSbxaKaheRe34Qc38TbN0Nb41ynknvrkLOlQzNp65In0 HTTP/1.1" 200 2
201.245.192.253 - - [18/Dec/2023:04:50:58 -0500] "POST /kwsrmcab/Wsrmcab  HTTP/1.1" 200 37894
156.59.198.136 - - [18/Dec/2023:04:51:07 -0500] "GET /BLA/resoluciones/AUTOS%202007/0466.pdf HTTP/1.0" 200 118917
172.22.2.4 - - [18/Dec/2023:04:49:47 -0500] "HEAD /BLA/boletinlegal/ HTTP/1.1" 200 -
156.59.198.136 - - [18/Dec/2023:04:51:31 -0500] "GET /BLA/resoluciones/RESOLUCIONES%202009/0520.pdf HTTP/1.0" 200 366313
156.59.198.135 - - [18/Dec/2023:04:51:55 -0500] "GET /BLA/resoluciones/RESOLUCIONES%202019/3020.pdf HTTP/1.0" 200 307171
172.22.2.4 - - [18/Dec/2023:04:50:37 -0500] "GET /BLA/boletinlegal/ HTTP/1.1" 200 60634
156.59.198.136 - - [18/Dec/2023:04:52:20 -0500] "GET /BLA/resoluciones/AUTOS%202007/0254.pdf HTTP/1.0" 200 421437
201.245.192.253 - - [18/Dec/2023:04:52:25 -0500] "POST /forms/lservlet;jsessionid=ac16012b30d68f87e6b31bdd4159a82faa45787d3329.e3iSbxaKaheRe34Qc38TbN0Nb41ynknvrkLOlQzNp65In0 HTTP/1.1" 200 2
216.245.221.92 - - [18/Dec/2023:04:52:43 -0500] "HEAD / HTTP/1.1" 200 -
156.59.198.135 - - [18/Dec/2023:04:52:44 -0500] "GET /BLA/resoluciones/AUTOS%202007/1522.pdf HTTP/1.0" 200 135569
201.245.192.253 - - [18/Dec/2023:04:52:59 -0500] "POST /forms/lservlet;jsessionid=ac16012b30d665b9d6b5cea24731bd918aefbc6c9e46.e3iSbxaKaheRe34Qc38TbN0Nb41ynknvrkLOlQzNp65In0 HTTP/1.1" 200 2
156.59.198.135 - - [18/Dec/2023:04:53:08 -0500] "GET /BLA/resoluciones/RESOLUCIONES%202009/1048.pdf HTTP/1.0" 200 213338
156.59.198.136 - - [18/Dec/2023:04:53:33 -0500] "GET /BLA/resoluciones/AUTOS%202007/0450.pdf HTTP/1.0" 200 37539
156.59.198.136 - - [18/Dec/2023:04:53:58 -0500] "GET /BLA/resoluciones/RESOLUCIONES%202009/0338.pdf HTTP/1.0" 200 237307
156.59.198.136 - - [18/Dec/2023:04:54:22 -0500] "GET /BLA/resoluciones/RESOLUCIONES%202009/0655.pdf HTTP/1.0" 200 23435
201.245.192.253 - - [18/Dec/2023:04:54:25 -0500] "POST /forms/lservlet;jsessionid=ac16012b30d68f87e6b31bdd4159a82faa45787d3329.e3iSbxaKaheRe34Qc38TbN0Nb41ynknvrkLOlQzNp65In0 HTTP/1.1" 200 2
