201.245.192.253 - - [18/Dec/2023:06:19:00 -0500] "POST /forms/lservlet;jsessionid=ac16012b30d665b9d6b5cea24731bd918aefbc6c9e46.e3iSbxaKaheRe34Qc38TbN0Nb41ynknvrkLOlQzNp65In0 HTTP/1.1" 200 2
156.59.198.135 - - [18/Dec/2023:06:19:23 -0500] "GET /BLA/resoluciones/RESOLUCIONES%202023/2197.pdf HTTP/1.0" 200 501447
201.245.192.253 - - [18/Dec/2023:06:19:38 -0500] "POST /kwsrmcab/Wsrmcab HTTP/1.1" 200 38544
201.245.192.253 - - [18/Dec/2023:06:19:43 -0500] "POST /kwsrmcab/Wsrmcab HTTP/1.1" 200 38968
156.59.198.135 - - [18/Dec/2023:06:19:47 -0500] "GET /BLA/resoluciones/RESOLUCIONES%202023/1619.pdf HTTP/1.0" 200 338367
172.22.2.4 - - [18/Dec/2023:06:18:08 -0500] "GET /BLA/boletinlegal/ HTTP/1.1" 200 58294
156.59.198.135 - - [18/Dec/2023:06:20:12 -0500] "GET /BLA/resoluciones/RESOLUCIONES%202023/0325.pdf HTTP/1.0" 200 1208024
201.245.192.253 - - [18/Dec/2023:06:20:26 -0500] "POST /forms/lservlet;jsessionid=ac16012b30d68f87e6b31bdd4159a82faa45787d3329.e3iSbxaKaheRe34Qc38TbN0Nb41ynknvrkLOlQzNp65In0 HTTP/1.1" 200 2
156.59.198.135 - - [18/Dec/2023:06:20:36 -0500] "GET /BLA/resoluciones/RESOLUCIONES%202023/1076.pdf HTTP/1.0" 200 551210
201.245.192.253 - - [18/Dec/2023:06:20:36 -0500] "POST /kwsrmcab/Wsrmcab  HTTP/1.1" 200 37894
201.245.192.253 - - [18/Dec/2023:06:21:00 -0500] "POST /forms/lservlet;jsessionid=ac16012b30d665b9d6b5cea24731bd918aefbc6c9e46.e3iSbxaKaheRe34Qc38TbN0Nb41ynknvrkLOlQzNp65In0 HTTP/1.1" 200 2
156.59.198.135 - - [18/Dec/2023:06:21:00 -0500] "GET /BLA/resoluciones/RESOLUCIONES%202023/0688.pdf HTTP/1.0" 200 390266
31.13.115.10 - - [18/Dec/2023:06:21:15 -0500] "GET /distrito-recupera-mas-de-20-kilogramos-de-musgo-y-dos-aves-silvestres.html HTTP/1.1" 200 857
156.59.198.136 - - [18/Dec/2023:06:21:24 -0500] "GET /BLA/resoluciones/RESOLUCIONES%202023/0737.pdf HTTP/1.0" 200 458629
156.59.198.135 - - [18/Dec/2023:06:21:50 -0500] "GET /BLA/resoluciones/RESOLUCIONES%202023/1482.pdf HTTP/1.0" 200 333941
156.59.198.136 - - [18/Dec/2023:06:22:14 -0500] "GET /BLA/resoluciones/RESOLUCIONES%202023/1842.pdf HTTP/1.0" 200 616673
201.245.192.253 - - [18/Dec/2023:06:22:26 -0500] "POST /forms/lservlet;jsessionid=ac16012b30d68f87e6b31bdd4159a82faa45787d3329.e3iSbxaKaheRe34Qc38TbN0Nb41ynknvrkLOlQzNp65In0 HTTP/1.1" 200 2
173.252.95.10 - - [18/Dec/2023:06:22:27 -0500] "GET /images/Musgo%2017%20-%2012%20-%202023.jpeg HTTP/1.1" 200 66238
156.59.198.135 - - [18/Dec/2023:06:22:38 -0500] "GET /BLA/resoluciones/RESOLUCIONES%202023/0906.pdf HTTP/1.0" 200 393373
216.245.221.92 - - [18/Dec/2023:06:22:43 -0500] "HEAD / HTTP/1.1" 200 -
201.245.192.253 - - [18/Dec/2023:06:23:00 -0500] "POST /forms/lservlet;jsessionid=ac16012b30d665b9d6b5cea24731bd918aefbc6c9e46.e3iSbxaKaheRe34Qc38TbN0Nb41ynknvrkLOlQzNp65In0 HTTP/1.1" 200 2
156.59.198.136 - - [18/Dec/2023:06:23:03 -0500] "GET /BLA/resoluciones/RESOLUCIONES%202023/0915.pdf HTTP/1.0" 200 396461
156.59.198.136 - - [18/Dec/2023:06:23:28 -0500] "GET /BLA/resoluciones/RESOLUCIONES%202023/1583.pdf HTTP/1.0" 200 383322
66.249.79.106 - - [18/Dec/2023:06:23:31 -0500] "GET /BLA/resoluciones/RESOLUCIONES%202012/1122.pdf HTTP/1.1" 200 520293
156.59.198.135 - - [18/Dec/2023:06:23:54 -0500] "GET /BLA/resoluciones/RESOLUCIONES%202023/0481.pdf HTTP/1.0" 200 441224
156.59.198.136 - - [18/Dec/2023:06:24:19 -0500] "GET /BLA/resoluciones/RESOLUCIONES%202023/0730.pdf HTTP/1.0" 200 513284
201.245.192.253 - - [18/Dec/2023:06:24:26 -0500] "POST /forms/lservlet;jsessionid=ac16012b30d68f87e6b31bdd4159a82faa45787d3329.e3iSbxaKaheRe34Qc38TbN0Nb41ynknvrkLOlQzNp65In0 HTTP/1.1" 200 2
156.59.198.136 - - [18/Dec/2023:06:24:44 -0500] "GET /BLA/resoluciones/RESOLUCIONES%202023/0035.pdf HTTP/1.0" 200 437915
172.22.2.4 - - [18/Dec/2023:06:23:07 -0500] "HEAD /BLA/boletinlegal/ HTTP/1.1" 200 -
216.244.66.195 - - [18/Dec/2023:06:24:48 -0500] "GET /robots.txt HTTP/1.1" 404 1018
201.245.192.253 - - [18/Dec/2023:06:25:00 -0500] "POST /forms/lservlet;jsessionid=ac16012b30d665b9d6b5cea24731bd918aefbc6c9e46.e3iSbxaKaheRe34Qc38TbN0Nb41ynknvrkLOlQzNp65In0 HTTP/1.1" 200 2
156.59.198.135 - - [18/Dec/2023:06:25:07 -0500] "GET /BLA/resoluciones/RESOLUCIONES%202023/1611.pdf HTTP/1.0" 200 452654
64.62.197.219 - - [18/Dec/2023:06:25:25 -0500] "GET / HTTP/1.1" 200 319
156.59.198.136 - - [18/Dec/2023:06:25:31 -0500] "GET /BLA/resoluciones/RESOLUCIONES%202023/0434.pdf HTTP/1.0" 200 463321
201.245.192.253 - - [18/Dec/2023:06:25:35 -0500] "POST /kwsrmcab/Wsrmcab  HTTP/1.1" 200 37894
172.22.2.4 - - [18/Dec/2023:06:23:58 -0500] "GET /BLA/boletinlegal/ HTTP/1.1" 200 60224
201.245.192.253 - - [18/Dec/2023:06:25:45 -0500] "POST /kwsrmcab/Wsrmcab HTTP/1.1" 200 38544
201.245.192.253 - - [18/Dec/2023:06:25:48 -0500] "POST /kwsrmcab/Wsrmcab HTTP/1.1" 200 38968
156.59.198.136 - - [18/Dec/2023:06:25:55 -0500] "GET /BLA/resoluciones/RESOLUCIONES%202023/1214.pdf HTTP/1.0" 200 371329
156.59.198.135 - - [18/Dec/2023:06:26:20 -0500] "GET /BLA/resoluciones/RESOLUCIONES%202023/1681.pdf HTTP/1.0" 200 368042
201.245.192.253 - - [18/Dec/2023:06:26:26 -0500] "POST /forms/lservlet;jsessionid=ac16012b30d68f87e6b31bdd4159a82faa45787d3329.e3iSbxaKaheRe34Qc38TbN0Nb41ynknvrkLOlQzNp65In0 HTTP/1.1" 200 2
186.155.82.113 - - [18/Dec/2023:06:26:41 -0500] "POST /sipse/faces/presentacion/financiero/solicitudProceso/listarSolicitudProceso.xhtml HTTP/1.1" 200 29834
186.155.82.113 - - [18/Dec/2023:06:26:41 -0500] "POST /sipse/faces/presentacion/financiero/solicitudProceso/listarSolicitudProceso.xhtml HTTP/1.1" 200 29834
186.155.82.113 - - [18/Dec/2023:06:26:41 -0500] "POST /sipse/faces/presentacion/financiero/solicitudProceso/listarSolicitudProceso.xhtml HTTP/1.1" 200 29834
186.155.82.113 - - [18/Dec/2023:06:26:42 -0500] "POST /sipse/faces/presentacion/financiero/solicitudProceso/listarSolicitudProceso.xhtml HTTP/1.1" 200 29834
186.155.82.113 - - [18/Dec/2023:06:26:42 -0500] "POST /sipse/faces/presentacion/financiero/solicitudProceso/listarSolicitudProceso.xhtml HTTP/1.1" 200 29834
186.155.82.113 - - [18/Dec/2023:06:26:42 -0500] "POST /sipse/faces/presentacion/financiero/solicitudProceso/listarSolicitudProceso.xhtml HTTP/1.1" 200 1396
186.155.82.113 - - [18/Dec/2023:06:26:42 -0500] "POST /sipse/faces/presentacion/financiero/solicitudProceso/listarSolicitudProceso.xhtml HTTP/1.1" 200 1392
186.155.82.113 - - [18/Dec/2023:06:26:42 -0500] "POST /sipse/faces/presentacion/financiero/solicitudProceso/listarSolicitudProceso.xhtml HTTP/1.1" 200 1400
186.155.82.113 - - [18/Dec/2023:06:26:43 -0500] "POST /sipse/faces/presentacion/financiero/solicitudProceso/listarSolicitudProceso.xhtml HTTP/1.1" 200 1392
186.155.82.113 - - [18/Dec/2023:06:26:43 -0500] "POST /sipse/faces/presentacion/financiero/solicitudProceso/listarSolicitudProceso.xhtml HTTP/1.1" 200 1400
186.155.82.113 - - [18/Dec/2023:06:26:43 -0500] "POST /sipse/faces/presentacion/financiero/solicitudProceso/listarSolicitudProceso.xhtml HTTP/1.1" 200 28145
156.59.198.135 - - [18/Dec/2023:06:26:43 -0500] "GET /BLA/resoluciones/RESOLUCIONES%202023/1654.pdf HTTP/1.0" 200 456424
186.155.82.113 - - [18/Dec/2023:06:26:44 -0500] "POST /sipse/faces/presentacion/financiero/solicitudProceso/listarSolicitudProceso.xhtml HTTP/1.1" 200 28149
186.155.82.113 - - [18/Dec/2023:06:26:44 -0500] "POST /sipse/faces/presentacion/financiero/solicitudProceso/listarSolicitudProceso.xhtml HTTP/1.1" 200 28145
186.155.82.113 - - [18/Dec/2023:06:26:44 -0500] "POST /sipse/faces/presentacion/financiero/solicitudProceso/listarSolicitudProceso.xhtml HTTP/1.1" 200 28149
186.155.82.113 - - [18/Dec/2023:06:26:44 -0500] "POST /sipse/faces/presentacion/financiero/solicitudProceso/listarSolicitudProceso.xhtml HTTP/1.1" 200 28145
186.155.82.113 - - [18/Dec/2023:06:26:45 -0500] "POST /sipse/faces/presentacion/financiero/solicitudProceso/listarSolicitudProceso.xhtml HTTP/1.1" 200 1456
186.155.82.113 - - [18/Dec/2023:06:26:45 -0500] "POST /sipse/faces/presentacion/financiero/solicitudProceso/listarSolicitudProceso.xhtml HTTP/1.1" 200 1448
186.155.82.113 - - [18/Dec/2023:06:26:45 -0500] "POST /sipse/faces/presentacion/financiero/solicitudProceso/listarSolicitudProceso.xhtml HTTP/1.1" 200 1452
186.155.82.113 - - [18/Dec/2023:06:26:45 -0500] "POST /sipse/faces/presentacion/financiero/solicitudProceso/listarSolicitudProceso.xhtml HTTP/1.1" 200 1448
186.155.82.113 - - [18/Dec/2023:06:26:45 -0500] "POST /sipse/faces/presentacion/financiero/solicitudProceso/listarSolicitudProceso.xhtml HTTP/1.1" 200 1452
186.155.82.113 - - [18/Dec/2023:06:26:46 -0500] "POST /sipse/faces/presentacion/financiero/solicitudProceso/listarSolicitudProceso.xhtml HTTP/1.1" 200 2701
186.155.82.113 - - [18/Dec/2023:06:26:47 -0500] "POST /sipse/faces/presentacion/financiero/solicitudProceso/listarSolicitudProceso.xhtml HTTP/1.1" 200 42048
186.155.82.113 - - [18/Dec/2023:06:26:47 -0500] "GET /sipse/faces/javax.faces.resource/theme.css?ln=primefaces-sipse HTTP/1.1" 304 -
186.155.82.113 - - [18/Dec/2023:06:26:47 -0500] "GET /sipse/faces/javax.faces.resource/primefaces.css?ln=primefaces&v=4.0 HTTP/1.1" 304 -
186.155.82.113 - - [18/Dec/2023:06:26:47 -0500] "GET /sipse/faces/javax.faces.resource/layout/layout.css?ln=primefaces&v=4.0 HTTP/1.1" 304 -
186.155.82.113 - - [18/Dec/2023:06:26:47 -0500] "GET /sipse/faces/javax.faces.resource/jquery/jquery.js?ln=primefaces&v=4.0 HTTP/1.1" 304 -
186.155.82.113 - - [18/Dec/2023:06:26:47 -0500] "GET /sipse/faces/javax.faces.resource/jquery/jquery-plugins.js?ln=primefaces&v=4.0 HTTP/1.1" 304 -
186.155.82.113 - - [18/Dec/2023:06:26:48 -0500] "GET /sipse/faces/javax.faces.resource/primefaces.js?ln=primefaces&v=4.0 HTTP/1.1" 304 -
186.155.82.113 - - [18/Dec/2023:06:26:48 -0500] "GET /sipse/faces/javax.faces.resource/layout/layout.js?ln=primefaces&v=4.0 HTTP/1.1" 304 -
186.155.82.113 - - [18/Dec/2023:06:26:48 -0500] "GET /sipse/css/imagen/contrasena.png HTTP/1.1" 404 383
186.155.82.113 - - [18/Dec/2023:06:26:48 -0500] "POST /sipse/faces/presentacion/financiero/solicitudProceso/consultar.xhtml HTTP/1.1" 200 35338
186.155.82.113 - - [18/Dec/2023:06:26:48 -0500] "POST /sipse/faces/presentacion/financiero/solicitudProceso/consultar.xhtml HTTP/1.1" 200 35338
186.155.82.113 - - [18/Dec/2023:06:26:48 -0500] "POST /sipse/faces/presentacion/financiero/solicitudProceso/consultar.xhtml HTTP/1.1" 200 35338
186.155.82.113 - - [18/Dec/2023:06:26:49 -0500] "POST /sipse/faces/presentacion/financiero/solicitudProceso/consultar.xhtml HTTP/1.1" 200 35338
186.155.82.113 - - [18/Dec/2023:06:26:54 -0500] "POST /sipse/faces/presentacion/financiero/solicitudProceso/consultar.xhtml HTTP/1.1" 200 12687
186.155.82.113 - - [18/Dec/2023:06:26:56 -0500] "POST /sipse/faces/presentacion/financiero/solicitudProceso/consultar.xhtml HTTP/1.1" 200 113890
186.155.82.113 - - [18/Dec/2023:06:26:57 -0500] "GET /sipse/faces/javax.faces.resource/theme.css?ln=primefaces-sipse HTTP/1.1" 304 -
186.155.82.113 - - [18/Dec/2023:06:26:57 -0500] "GET /sipse/faces/javax.faces.resource/layout/layout.css?ln=primefaces&v=4.0 HTTP/1.1" 304 -
186.155.82.113 - - [18/Dec/2023:06:26:57 -0500] "GET /sipse/faces/javax.faces.resource/primefaces.css?ln=primefaces&v=4.0 HTTP/1.1" 304 -
186.155.82.113 - - [18/Dec/2023:06:26:57 -0500] "GET /sipse/faces/javax.faces.resource/jquery/jquery.js?ln=primefaces&v=4.0 HTTP/1.1" 304 -
186.155.82.113 - - [18/Dec/2023:06:26:57 -0500] "GET /sipse/faces/javax.faces.resource/jquery/jquery-plugins.js?ln=primefaces&v=4.0 HTTP/1.1" 304 -
186.155.82.113 - - [18/Dec/2023:06:26:57 -0500] "GET /sipse/faces/javax.faces.resource/primefaces.js?ln=primefaces&v=4.0 HTTP/1.1" 304 -
186.155.82.113 - - [18/Dec/2023:06:26:57 -0500] "GET /sipse/faces/javax.faces.resource/layout/layout.js?ln=primefaces&v=4.0 HTTP/1.1" 304 -
186.155.82.113 - - [18/Dec/2023:06:26:57 -0500] "GET /sipse/css/imagen/contrasena.png HTTP/1.1" 404 383
186.155.82.113 - - [18/Dec/2023:06:26:57 -0500] "GET /sipse/faces/javax.faces.resource/dynamiccontent.properties?ln=primefaces&pfdrid=XjOR5%2F%2FfPAZAuY9TpWQeCiM0BhlXxYRBGKi%2FQcXXfeA%3D&pfdrid_c=false HTTP/1.1" 500 383
201.245.192.253 - - [18/Dec/2023:06:27:00 -0500] "POST /forms/lservlet;jsessionid=ac16012b30d665b9d6b5cea24731bd918aefbc6c9e46.e3iSbxaKaheRe34Qc38TbN0Nb41ynknvrkLOlQzNp65In0 HTTP/1.1" 200 2
186.155.82.113 - - [18/Dec/2023:06:27:00 -0500] "POST /sipse/faces/presentacion/financiero/solicitudProceso/consultarSolicitudProceso.xhtml HTTP/1.1" 200 28093
186.155.82.113 - - [18/Dec/2023:06:27:01 -0500] "GET /sipse/faces/javax.faces.resource/primefaces.css?ln=primefaces&v=4.0 HTTP/1.1" 304 -
186.155.82.113 - - [18/Dec/2023:06:27:01 -0500] "GET /sipse/faces/javax.faces.resource/theme.css?ln=primefaces-sipse HTTP/1.1" 304 -
186.155.82.113 - - [18/Dec/2023:06:27:01 -0500] "GET /sipse/faces/javax.faces.resource/layout/layout.css?ln=primefaces&v=4.0 HTTP/1.1" 304 -
186.155.82.113 - - [18/Dec/2023:06:27:01 -0500] "GET /sipse/faces/javax.faces.resource/jquery/jquery.js?ln=primefaces&v=4.0 HTTP/1.1" 304 -
186.155.82.113 - - [18/Dec/2023:06:27:01 -0500] "GET /sipse/faces/javax.faces.resource/primefaces.js?ln=primefaces&v=4.0 HTTP/1.1" 304 -
186.155.82.113 - - [18/Dec/2023:06:27:01 -0500] "GET /sipse/faces/javax.faces.resource/jquery/jquery-plugins.js?ln=primefaces&v=4.0 HTTP/1.1" 304 -
186.155.82.113 - - [18/Dec/2023:06:27:01 -0500] "GET /sipse/faces/javax.faces.resource/layout/layout.js?ln=primefaces&v=4.0 HTTP/1.1" 304 -
186.155.82.113 - - [18/Dec/2023:06:27:01 -0500] "GET /sipse/imagenes/cargando.gif HTTP/1.1" 304 -
156.59.198.136 - - [18/Dec/2023:06:27:08 -0500] "GET /BLA/resoluciones/RESOLUCIONES%202023/0590.pdf HTTP/1.0" 200 387684
186.155.82.113 - - [18/Dec/2023:06:27:09 -0500] "GET /sipse/faces/javax.faces.resource/images/ui-icons_898989_256x240.png?ln=primefaces-aristo HTTP/1.1" 304 -
186.155.82.113 - - [18/Dec/2023:06:27:10 -0500] "GET /sipse/faces/javax.faces.resource/theme.css?ln=primefaces-sipse HTTP/1.1" 304 -
186.155.82.113 - - [18/Dec/2023:06:27:10 -0500] "GET /sipse/faces/javax.faces.resource/primefaces.css?ln=primefaces&v=4.0 HTTP/1.1" 304 -
186.155.82.113 - - [18/Dec/2023:06:27:10 -0500] "GET /sipse/faces/javax.faces.resource/layout/layout.css?ln=primefaces&v=4.0 HTTP/1.1" 304 -
186.155.82.113 - - [18/Dec/2023:06:27:10 -0500] "GET /sipse/faces/javax.faces.resource/jquery/jquery.js?ln=primefaces&v=4.0 HTTP/1.1" 304 -
186.155.82.113 - - [18/Dec/2023:06:27:10 -0500] "GET /sipse/faces/javax.faces.resource/jquery/jquery-plugins.js?ln=primefaces&v=4.0 HTTP/1.1" 304 -
186.155.82.113 - - [18/Dec/2023:06:27:10 -0500] "GET /sipse/faces/javax.faces.resource/primefaces.js?ln=primefaces&v=4.0 HTTP/1.1" 304 -
186.155.82.113 - - [18/Dec/2023:06:27:10 -0500] "GET /sipse/faces/javax.faces.resource/layout/layout.js?ln=primefaces&v=4.0 HTTP/1.1" 304 -
186.155.82.113 - - [18/Dec/2023:06:27:10 -0500] "POST /sipse/faces/presentacion/financiero/solicitudProceso/consultarHistorialSolProceso.xhtml HTTP/1.1" 200 158340
186.155.82.113 - - [18/Dec/2023:06:27:11 -0500] "GET /sipse/faces/javax.faces.resource/dynamiccontent.properties?ln=primefaces&pfdrid=XjOR5%2F%2FfPAZAuY9TpWQeCiM0BhlXxYRBGKi%2FQcXXfeA%3D&pfdrid_c=false HTTP/1.1" 500 383
64.62.197.215 - - [18/Dec/2023:06:27:31 -0500] "GET /favicon.ico HTTP/1.1" 200 7782
156.59.198.136 - - [18/Dec/2023:06:27:32 -0500] "GET /BLA/resoluciones/RESOLUCIONES%202023/1466.pdf HTTP/1.0" 200 339183
216.245.221.92 - - [18/Dec/2023:06:27:43 -0500] "HEAD / HTTP/1.1" 200 -
156.59.198.135 - - [18/Dec/2023:06:27:57 -0500] "GET /BLA/resoluciones/RESOLUCIONES%202023/0428.pdf HTTP/1.0" 200 947622
64.62.197.226 - - [18/Dec/2023:06:28:01 -0500] "GET /geoserver/web/ HTTP/1.1" 200 2423
156.59.198.136 - - [18/Dec/2023:06:28:21 -0500] "GET /BLA/resoluciones/RESOLUCIONES%202023/1525.pdf HTTP/1.0" 200 395373
201.245.192.253 - - [18/Dec/2023:06:28:26 -0500] "POST /forms/lservlet;jsessionid=ac16012b30d68f87e6b31bdd4159a82faa45787d3329.e3iSbxaKaheRe34Qc38TbN0Nb41ynknvrkLOlQzNp65In0 HTTP/1.1" 200 2
156.59.198.136 - - [18/Dec/2023:06:28:46 -0500] "GET /BLA/resoluciones/RESOLUCIONES%202023/0034.pdf HTTP/1.0" 200 436928
201.245.192.253 - - [18/Dec/2023:06:29:00 -0500] "POST /forms/lservlet;jsessionid=ac16012b30d665b9d6b5cea24731bd918aefbc6c9e46.e3iSbxaKaheRe34Qc38TbN0Nb41ynknvrkLOlQzNp65In0 HTTP/1.1" 200 2
156.59.198.136 - - [18/Dec/2023:06:29:10 -0500] "GET /BLA/resoluciones/RESOLUCIONES%202023/0446.pdf HTTP/1.0" 200 4624947
156.59.198.136 - - [18/Dec/2023:06:29:35 -0500] "GET /BLA/resoluciones/RESOLUCIONES%202023/2244.pdf HTTP/1.0" 200 485094
201.245.192.253 - - [18/Dec/2023:06:29:38 -0500] "POST /kwsrmcab/Wsrmcab HTTP/1.1" 200 38544
201.245.192.253 - - [18/Dec/2023:06:29:43 -0500] "POST /kwsrmcab/Wsrmcab HTTP/1.1" 200 38968
78.153.130.108 - - [18/Dec/2023:06:29:50 -0500] "GET /login/ HTTP/1.1" 404 1018
156.59.198.136 - - [18/Dec/2023:06:30:00 -0500] "GET /BLA/resoluciones/RESOLUCIONES%202023/0879.pdf HTTP/1.0" 200 497446
156.59.198.135 - - [18/Dec/2023:06:30:24 -0500] "GET /BLA/resoluciones/RESOLUCIONES%202023/0637.pdf HTTP/1.0" 200 395719
201.245.192.253 - - [18/Dec/2023:06:30:26 -0500] "POST /forms/lservlet;jsessionid=ac16012b30d68f87e6b31bdd4159a82faa45787d3329.e3iSbxaKaheRe34Qc38TbN0Nb41ynknvrkLOlQzNp65In0 HTTP/1.1" 200 2
201.245.192.253 - - [18/Dec/2023:06:30:33 -0500] "POST /kwsrmcab/Wsrmcab  HTTP/1.1" 200 37894
172.22.2.4 - - [18/Dec/2023:06:28:57 -0500] "HEAD /BLA/boletinlegal/ HTTP/1.1" 200 -
156.59.198.135 - - [18/Dec/2023:06:30:47 -0500] "GET /BLA/resoluciones/RESOLUCIONES%202023/0202.pdf HTTP/1.0" 200 427129
201.245.192.253 - - [18/Dec/2023:06:31:00 -0500] "POST /forms/lservlet;jsessionid=ac16012b30d665b9d6b5cea24731bd918aefbc6c9e46.e3iSbxaKaheRe34Qc38TbN0Nb41ynknvrkLOlQzNp65In0 HTTP/1.1" 200 2
156.59.198.136 - - [18/Dec/2023:06:31:12 -0500] "GET /BLA/resoluciones/RESOLUCIONES%202023/0265.pdf HTTP/1.0" 200 368923
40.77.167.28 - - [18/Dec/2023:06:31:23 -0500] "GET /images/feria-rafael-uribe-uribe.jpg HTTP/1.1" 200 68437
172.22.2.4 - - [18/Dec/2023:06:29:48 -0500] "GET /BLA/boletinlegal/ HTTP/1.1" 200 60634
186.80.108.8 - - [18/Dec/2023:06:31:29 -0500] "GET /sipse/faces/faces/autenticacion.xhtml HTTP/1.1" 200 12727
186.80.108.8 - - [18/Dec/2023:06:31:29 -0500] "GET /sipse/faces/javax.faces.resource/layout/layout.css;jsessionid=JqtsSSBjp-qqH040f0q6doVJ.undefined?ln=primefaces&v=4.0 HTTP/1.1" 200 542
186.80.108.8 - - [18/Dec/2023:06:31:29 -0500] "GET /sipse/css/custom_css_sg_prime_login.css HTTP/1.1" 304 -
186.80.108.8 - - [18/Dec/2023:06:31:29 -0500] "GET /sipse/css/custom_css_sg.css HTTP/1.1" 304 -
186.80.108.8 - - [18/Dec/2023:06:31:29 -0500] "GET /sipse/faces/javax.faces.resource/theme.css?ln=primefaces-sipse HTTP/1.1" 304 -
186.80.108.8 - - [18/Dec/2023:06:31:29 -0500] "GET /sipse/js/disable_browser_buttons.js HTTP/1.1" 304 -
186.80.108.8 - - [18/Dec/2023:06:31:29 -0500] "GET /sipse/faces/javax.faces.resource/primefaces.css;jsessionid=JqtsSSBjp-qqH040f0q6doVJ.undefined?ln=primefaces&v=4.0 HTTP/1.1" 200 53295
186.80.108.8 - - [18/Dec/2023:06:31:29 -0500] "GET /sipse/js/funciones.js HTTP/1.1" 304 -
186.80.108.8 - - [18/Dec/2023:06:31:29 -0500] "GET /sipse/faces/javax.faces.resource/layout/layout.js;jsessionid=JqtsSSBjp-qqH040f0q6doVJ.undefined?ln=primefaces&v=4.0 HTTP/1.1" 200 87560
186.80.108.8 - - [18/Dec/2023:06:31:29 -0500] "GET /sipse/faces/javax.faces.resource/jquery/jquery.js;jsessionid=JqtsSSBjp-qqH040f0q6doVJ.undefined?ln=primefaces&v=4.0 HTTP/1.1" 200 105384
186.80.108.8 - - [18/Dec/2023:06:31:29 -0500] "GET /sipse/faces/javax.faces.resource/primefaces.js;jsessionid=JqtsSSBjp-qqH040f0q6doVJ.undefined?ln=primefaces&v=4.0 HTTP/1.1" 200 276924
186.80.108.8 - - [18/Dec/2023:06:31:29 -0500] "GET /sipse/faces/javax.faces.resource/jquery/jquery-plugins.js;jsessionid=JqtsSSBjp-qqH040f0q6doVJ.undefined?ln=primefaces&v=4.0 HTTP/1.1" 200 220526
186.80.108.8 - - [18/Dec/2023:06:31:30 -0500] "GET /sipse/css/imagen/logoSDG.png HTTP/1.1" 304 -
186.80.108.8 - - [18/Dec/2023:06:31:30 -0500] "GET /sipse/css/imagen/loginimg.png HTTP/1.1" 304 -
186.80.108.8 - - [18/Dec/2023:06:31:30 -0500] "GET /sipse/faces/javax.faces.resource/images/ui-icons_898989_256x240.png?ln=primefaces-aristo HTTP/1.1" 304 -
186.80.108.8 - - [18/Dec/2023:06:31:30 -0500] "GET /sipse/faces/faces/index.xhtml HTTP/1.1" 200 677
186.80.108.8 - - [18/Dec/2023:06:31:30 -0500] "GET /sipse/faces/javax.faces.resource/theme.css?ln=primefaces-sipse HTTP/1.1" 304 -
186.80.108.8 - - [18/Dec/2023:06:31:30 -0500] "GET /sipse/faces/faces/faces/autenticacion.xhtml HTTP/1.1" 200 12405
186.80.108.8 - - [18/Dec/2023:06:31:30 -0500] "GET /sipse/faces/javax.faces.resource/theme.css?ln=primefaces-sipse HTTP/1.1" 304 -
186.80.108.8 - - [18/Dec/2023:06:31:30 -0500] "GET /sipse/faces/javax.faces.resource/layout/layout.css?ln=primefaces&v=4.0 HTTP/1.1" 304 -
186.80.108.8 - - [18/Dec/2023:06:31:30 -0500] "GET /sipse/faces/javax.faces.resource/primefaces.css?ln=primefaces&v=4.0 HTTP/1.1" 304 -
186.80.108.8 - - [18/Dec/2023:06:31:30 -0500] "GET /sipse/faces/javax.faces.resource/jquery/jquery-plugins.js?ln=primefaces&v=4.0 HTTP/1.1" 304 -
186.80.108.8 - - [18/Dec/2023:06:31:30 -0500] "GET /sipse/faces/javax.faces.resource/primefaces.js?ln=primefaces&v=4.0 HTTP/1.1" 304 -
186.80.108.8 - - [18/Dec/2023:06:31:30 -0500] "GET /sipse/faces/javax.faces.resource/jquery/jquery.js?ln=primefaces&v=4.0 HTTP/1.1" 304 -
186.80.108.8 - - [18/Dec/2023:06:31:30 -0500] "GET /sipse/faces/javax.faces.resource/layout/layout.js?ln=primefaces&v=4.0 HTTP/1.1" 304 -
186.80.108.8 - - [18/Dec/2023:06:31:30 -0500] "GET /sipse/faces/javax.faces.resource/images/ui-icons_898989_256x240.png?ln=primefaces-aristo HTTP/1.1" 304 -
186.80.108.8 - - [18/Dec/2023:06:31:35 -0500] "POST /sipse/faces/autenticacion.xhtml HTTP/1.1" 200 11258
186.80.108.8 - - [18/Dec/2023:06:31:35 -0500] "GET /sipse/faces/javax.faces.resource/theme.css?ln=primefaces-sipse HTTP/1.1" 304 -
186.80.108.8 - - [18/Dec/2023:06:31:35 -0500] "GET /sipse/faces/javax.faces.resource/layout/layout.css?ln=primefaces&v=4.0 HTTP/1.1" 304 -
186.80.108.8 - - [18/Dec/2023:06:31:35 -0500] "GET /sipse/faces/javax.faces.resource/primefaces.css?ln=primefaces&v=4.0 HTTP/1.1" 304 -
186.80.108.8 - - [18/Dec/2023:06:31:35 -0500] "GET /sipse/faces/javax.faces.resource/jquery/jquery.js?ln=primefaces&v=4.0 HTTP/1.1" 304 -
186.80.108.8 - - [18/Dec/2023:06:31:35 -0500] "GET /sipse/css/custom_css_sg_prime.css HTTP/1.1" 304 -
186.80.108.8 - - [18/Dec/2023:06:31:35 -0500] "GET /sipse/faces/javax.faces.resource/jquery/jquery-plugins.js?ln=primefaces&v=4.0 HTTP/1.1" 304 -
186.80.108.8 - - [18/Dec/2023:06:31:35 -0500] "GET /sipse/faces/javax.faces.resource/primefaces.js?ln=primefaces&v=4.0 HTTP/1.1" 304 -
186.80.108.8 - - [18/Dec/2023:06:31:35 -0500] "GET /sipse/faces/javax.faces.resource/layout/layout.js?ln=primefaces&v=4.0 HTTP/1.1" 304 -
186.80.108.8 - - [18/Dec/2023:06:31:35 -0500] "GET /sipse/faces/javax.faces.resource/messages/messages.png?ln=primefaces&v=4.0 HTTP/1.1" 304 -
156.59.198.135 - - [18/Dec/2023:06:31:36 -0500] "GET /BLA/resoluciones/RESOLUCIONES%202023/2273.pdf HTTP/1.0" 200 482868
186.80.108.8 - - [18/Dec/2023:06:31:39 -0500] "POST /sipse/faces/presentacion/sistema/seguridad/seleccionRol.xhtml HTTP/1.1" 200 5624
186.80.108.8 - - [18/Dec/2023:06:31:40 -0500] "POST /sipse/faces/presentacion/sistema/seguridad/seleccionRol.xhtml HTTP/1.1" 200 15254
186.80.108.8 - - [18/Dec/2023:06:31:40 -0500] "GET /sipse/faces/javax.faces.resource/theme.css?ln=primefaces-sipse HTTP/1.1" 304 -
186.80.108.8 - - [18/Dec/2023:06:31:40 -0500] "GET /sipse/js/jquery.min.js HTTP/1.1" 304 -
186.80.108.8 - - [18/Dec/2023:06:31:40 -0500] "GET /sipse/faces/javax.faces.resource/layout/layout.css?ln=primefaces&v=4.0 HTTP/1.1" 304 -
186.80.108.8 - - [18/Dec/2023:06:31:40 -0500] "GET /sipse/faces/javax.faces.resource/primefaces.css?ln=primefaces&v=4.0 HTTP/1.1" 304 -
186.80.108.8 - - [18/Dec/2023:06:31:41 -0500] "GET /sipse/faces/javax.faces.resource/jquery/jquery.js?ln=primefaces&v=4.0 HTTP/1.1" 304 -
186.80.108.8 - - [18/Dec/2023:06:31:41 -0500] "GET /sipse/faces/javax.faces.resource/jquery/jquery-plugins.js?ln=primefaces&v=4.0 HTTP/1.1" 304 -
186.80.108.8 - - [18/Dec/2023:06:31:41 -0500] "GET /sipse/faces/javax.faces.resource/primefaces.js?ln=primefaces&v=4.0 HTTP/1.1" 304 -
186.80.108.8 - - [18/Dec/2023:06:31:41 -0500] "GET /sipse/faces/javax.faces.resource/layout/layout.js?ln=primefaces&v=4.0 HTTP/1.1" 304 -
186.80.108.8 - - [18/Dec/2023:06:31:41 -0500] "GET /sipse/css/v_mergente.css HTTP/1.1" 304 -
186.80.108.8 - - [18/Dec/2023:06:31:41 -0500] "GET /sipse/imagenes/logoAplicacion.jpg HTTP/1.1" 304 -
186.80.108.8 - - [18/Dec/2023:06:31:41 -0500] "GET /sipse/imagenes/cargando.gif HTTP/1.1" 304 -
186.80.108.8 - - [18/Dec/2023:06:31:41 -0500] "GET /sipse/css/imagen/contrasena.png HTTP/1.1" 404 383
186.80.108.8 - - [18/Dec/2023:06:31:43 -0500] "GET /sipse/faces/javax.faces.resource/images/ui-bg_flat_0_2d5972_40x100.png?ln=primefaces-aristo HTTP/1.1" 304 -
186.80.108.8 - - [18/Dec/2023:06:31:44 -0500] "POST /sipse/faces/bienvenido.xhtml HTTP/1.1" 200 3246
186.80.108.8 - - [18/Dec/2023:06:31:44 -0500] "POST /sipse/faces/bienvenido.xhtml HTTP/1.1" 200 63738
186.80.108.8 - - [18/Dec/2023:06:31:45 -0500] "GET /sipse/faces/javax.faces.resource/theme.css?ln=primefaces-sipse HTTP/1.1" 304 -
186.80.108.8 - - [18/Dec/2023:06:31:45 -0500] "GET /sipse/faces/javax.faces.resource/primefaces.css?ln=primefaces&v=4.0 HTTP/1.1" 304 -
186.80.108.8 - - [18/Dec/2023:06:31:45 -0500] "GET /sipse/faces/javax.faces.resource/layout/layout.css?ln=primefaces&v=4.0 HTTP/1.1" 304 -
186.80.108.8 - - [18/Dec/2023:06:31:45 -0500] "GET /sipse/faces/javax.faces.resource/jquery/jquery.js?ln=primefaces&v=4.0 HTTP/1.1" 304 -
186.80.108.8 - - [18/Dec/2023:06:31:46 -0500] "GET /sipse/faces/javax.faces.resource/jquery/jquery-plugins.js?ln=primefaces&v=4.0 HTTP/1.1" 304 -
186.80.108.8 - - [18/Dec/2023:06:31:46 -0500] "GET /sipse/faces/javax.faces.resource/primefaces.js?ln=primefaces&v=4.0 HTTP/1.1" 304 -
186.80.108.8 - - [18/Dec/2023:06:31:46 -0500] "GET /sipse/faces/javax.faces.resource/layout/layout.js?ln=primefaces&v=4.0 HTTP/1.1" 304 -
186.80.108.8 - - [18/Dec/2023:06:31:46 -0500] "POST /sipse/faces/presentacion/financiero/solicitudProceso/listarSolicitudProceso.xhtml HTTP/1.1" 200 1556
156.59.198.136 - - [18/Dec/2023:06:32:00 -0500] "GET /BLA/resoluciones/RESOLUCIONES%202023/0224.pdf HTTP/1.0" 200 357621
186.80.108.8 - - [18/Dec/2023:06:32:20 -0500] "POST /sipse/faces/presentacion/financiero/solicitudProceso/listarSolicitudProceso.xhtml HTTP/1.1" 200 33361
156.59.198.135 - - [18/Dec/2023:06:32:24 -0500] "GET /BLA/resoluciones/RESOLUCIONES%202023/1329.pdf HTTP/1.0" 200 709344
201.245.192.253 - - [18/Dec/2023:06:32:26 -0500] "POST /forms/lservlet;jsessionid=ac16012b30d68f87e6b31bdd4159a82faa45787d3329.e3iSbxaKaheRe34Qc38TbN0Nb41ynknvrkLOlQzNp65In0 HTTP/1.1" 200 2
216.245.221.92 - - [18/Dec/2023:06:32:43 -0500] "HEAD / HTTP/1.1" 200 -
156.59.198.136 - - [18/Dec/2023:06:32:48 -0500] "GET /BLA/resoluciones/RESOLUCIONES%202023/0853.pdf HTTP/1.0" 200 849870
201.245.192.253 - - [18/Dec/2023:06:33:00 -0500] "POST /forms/lservlet;jsessionid=ac16012b30d665b9d6b5cea24731bd918aefbc6c9e46.e3iSbxaKaheRe34Qc38TbN0Nb41ynknvrkLOlQzNp65In0 HTTP/1.1" 200 2
156.59.198.136 - - [18/Dec/2023:06:33:13 -0500] "GET /BLA/resoluciones/RESOLUCIONES%202023/1230.pdf HTTP/1.0" 200 690670
156.59.198.136 - - [18/Dec/2023:06:33:37 -0500] "GET /BLA/resoluciones/RESOLUCIONES%202023/1013.pdf HTTP/1.0" 200 446993
168.119.253.69 - - [18/Dec/2023:06:33:48 -0500] "GET / HTTP/1.1" 200 319
168.119.253.69 - - [18/Dec/2023:06:33:48 -0500] "GET / HTTP/1.1" 200 4720
156.59.198.135 - - [18/Dec/2023:06:34:02 -0500] "GET /BLA/resoluciones/RESOLUCIONES%202023/0677.pdf HTTP/1.0" 200 440480
156.59.198.135 - - [18/Dec/2023:06:34:26 -0500] "GET /BLA/resoluciones/RESOLUCIONES%202023/0881.pdf HTTP/1.0" 200 504894
201.245.192.253 - - [18/Dec/2023:06:34:26 -0500] "POST /forms/lservlet;jsessionid=ac16012b30d68f87e6b31bdd4159a82faa45787d3329.e3iSbxaKaheRe34Qc38TbN0Nb41ynknvrkLOlQzNp65In0 HTTP/1.1" 200 2
156.59.198.135 - - [18/Dec/2023:06:34:51 -0500] "GET /BLA/resoluciones/RESOLUCIONES%202023/0089.pdf HTTP/1.0" 200 489334
201.245.192.253 - - [18/Dec/2023:06:35:00 -0500] "POST /forms/lservlet;jsessionid=ac16012b30d665b9d6b5cea24731bd918aefbc6c9e46.e3iSbxaKaheRe34Qc38TbN0Nb41ynknvrkLOlQzNp65In0 HTTP/1.1" 200 2
156.59.198.135 - - [18/Dec/2023:06:35:16 -0500] "GET /BLA/resoluciones/RESOLUCIONES%202023/1531.pdf HTTP/1.0" 200 472417
201.245.192.253 - - [18/Dec/2023:06:35:32 -0500] "POST /kwsrmcab/Wsrmcab  HTTP/1.1" 200 37894
156.59.198.136 - - [18/Dec/2023:06:35:40 -0500] "GET /BLA/resoluciones/RESOLUCIONES%202023/1034.pdf HTTP/1.0" 200 498811
201.245.192.253 - - [18/Dec/2023:06:35:45 -0500] "POST /kwsrmcab/Wsrmcab HTTP/1.1" 200 38544
201.245.192.253 - - [18/Dec/2023:06:35:48 -0500] "POST /kwsrmcab/Wsrmcab HTTP/1.1" 200 38968
186.80.108.8 - - [18/Dec/2023:06:36:02 -0500] "POST /sipse/faces/presentacion/financiero/solicitudProceso/listarSolicitudProceso.xhtml HTTP/1.1" 200 122545
186.80.108.8 - - [18/Dec/2023:06:36:03 -0500] "GET /sipse/faces/javax.faces.resource/theme.css?ln=primefaces-sipse HTTP/1.1" 304 -
156.59.198.135 - - [18/Dec/2023:06:36:03 -0500] "GET /BLA/resoluciones/RESOLUCIONES%202023/1779.pdf HTTP/1.0" 200 464647
186.80.108.8 - - [18/Dec/2023:06:36:03 -0500] "GET /sipse/faces/javax.faces.resource/layout/layout.css?ln=primefaces&v=4.0 HTTP/1.1" 304 -
186.80.108.8 - - [18/Dec/2023:06:36:03 -0500] "GET /sipse/faces/javax.faces.resource/primefaces.css?ln=primefaces&v=4.0 HTTP/1.1" 304 -
186.80.108.8 - - [18/Dec/2023:06:36:03 -0500] "GET /sipse/faces/javax.faces.resource/jquery/jquery.js?ln=primefaces&v=4.0 HTTP/1.1" 304 -
186.80.108.8 - - [18/Dec/2023:06:36:04 -0500] "GET /sipse/faces/javax.faces.resource/jquery/jquery-plugins.js?ln=primefaces&v=4.0 HTTP/1.1" 304 -
186.80.108.8 - - [18/Dec/2023:06:36:04 -0500] "GET /sipse/faces/javax.faces.resource/primefaces.js?ln=primefaces&v=4.0 HTTP/1.1" 304 -
186.80.108.8 - - [18/Dec/2023:06:36:04 -0500] "GET /sipse/faces/javax.faces.resource/layout/layout.js?ln=primefaces&v=4.0 HTTP/1.1" 304 -
186.80.108.8 - - [18/Dec/2023:06:36:04 -0500] "GET /sipse/faces/javax.faces.resource/dynamiccontent.properties?ln=primefaces&pfdrid=XjOR5%2F%2FfPAZAuY9TpWQeCiM0BhlXxYRBGKi%2FQcXXfeA%3D&pfdrid_c=false HTTP/1.1" 500 383
186.80.108.8 - - [18/Dec/2023:06:36:08 -0500] "POST /sipse/faces/presentacion/financiero/solicitudProceso/consultarSolicitudProceso.xhtml HTTP/1.1" 200 36832
186.80.108.8 - - [18/Dec/2023:06:36:09 -0500] "GET /sipse/faces/javax.faces.resource/theme.css?ln=primefaces-sipse HTTP/1.1" 304 -
186.80.108.8 - - [18/Dec/2023:06:36:09 -0500] "GET /sipse/faces/javax.faces.resource/primefaces.css?ln=primefaces&v=4.0 HTTP/1.1" 304 -
186.80.108.8 - - [18/Dec/2023:06:36:09 -0500] "GET /sipse/faces/javax.faces.resource/layout/layout.css?ln=primefaces&v=4.0 HTTP/1.1" 304 -
186.80.108.8 - - [18/Dec/2023:06:36:09 -0500] "GET /sipse/faces/javax.faces.resource/jquery/jquery.js?ln=primefaces&v=4.0 HTTP/1.1" 304 -
186.80.108.8 - - [18/Dec/2023:06:36:09 -0500] "GET /sipse/faces/javax.faces.resource/jquery/jquery-plugins.js?ln=primefaces&v=4.0 HTTP/1.1" 304 -
186.80.108.8 - - [18/Dec/2023:06:36:09 -0500] "GET /sipse/faces/javax.faces.resource/primefaces.js?ln=primefaces&v=4.0 HTTP/1.1" 304 -
186.80.108.8 - - [18/Dec/2023:06:36:09 -0500] "GET /sipse/faces/javax.faces.resource/layout/layout.js?ln=primefaces&v=4.0 HTTP/1.1" 304 -
186.80.108.8 - - [18/Dec/2023:06:36:12 -0500] "POST /sipse/faces/presentacion/contratacion/contrato/registroPresupuestal/expedirRP.xhtml HTTP/1.1" 200 2244
186.80.108.8 - - [18/Dec/2023:06:36:16 -0500] "POST /sipse/faces/presentacion/contratacion/contrato/registroPresupuestal/expedirRP.xhtml HTTP/1.1" 200 2240
186.80.108.8 - - [18/Dec/2023:06:36:19 -0500] "POST /sipse/faces/presentacion/contratacion/contrato/registroPresupuestal/expedirRP.xhtml HTTP/1.1" 200 20649
186.80.108.8 - - [18/Dec/2023:06:36:25 -0500] "GET /sipse/faces/javax.faces.resource/primefaces.css?ln=primefaces&v=4.0 HTTP/1.1" 304 -
186.80.108.8 - - [18/Dec/2023:06:36:25 -0500] "GET /sipse/faces/javax.faces.resource/theme.css?ln=primefaces-sipse HTTP/1.1" 304 -
186.80.108.8 - - [18/Dec/2023:06:36:25 -0500] "GET /favicon.ico HTTP/1.1" 200 7782
186.80.108.8 - - [18/Dec/2023:06:36:25 -0500] "GET /sipse/faces/javax.faces.resource/jquery/jquery.js?ln=primefaces&v=4.0 HTTP/1.1" 304 -
186.80.108.8 - - [18/Dec/2023:06:36:25 -0500] "GET /sipse/faces/javax.faces.resource/primefaces.js?ln=primefaces&v=4.0 HTTP/1.1" 304 -
186.80.108.8 - - [18/Dec/2023:06:36:25 -0500] "GET /sipse/faces/javax.faces.resource/layout/layout.css?ln=primefaces&v=4.0 HTTP/1.1" 304 -
186.80.108.8 - - [18/Dec/2023:06:36:25 -0500] "GET /sipse/faces/javax.faces.resource/jquery/jquery-plugins.js?ln=primefaces&v=4.0 HTTP/1.1" 304 -
186.80.108.8 - - [18/Dec/2023:06:36:25 -0500] "GET /sipse/faces/javax.faces.resource/layout/layout.js?ln=primefaces&v=4.0 HTTP/1.1" 304 -
201.245.192.253 - - [18/Dec/2023:06:36:26 -0500] "POST /forms/lservlet;jsessionid=ac16012b30d68f87e6b31bdd4159a82faa45787d3329.e3iSbxaKaheRe34Qc38TbN0Nb41ynknvrkLOlQzNp65In0 HTTP/1.1" 200 2
186.80.108.8 - - [18/Dec/2023:06:36:26 -0500] "GET /sipse/faces/javax.faces.resource/images/ui-icons_898989_256x240.png?ln=primefaces-aristo HTTP/1.1" 304 -
186.80.108.8 - - [18/Dec/2023:06:36:27 -0500] "POST /sipse/faces/presentacion/contratacion/contrato/registroPresupuestal/consultarActividadesRP.xhtml HTTP/1.1" 200 22917
186.80.108.8 - - [18/Dec/2023:06:36:27 -0500] "GET /sipse/faces/javax.faces.resource/theme.css?ln=primefaces-sipse HTTP/1.1" 304 -
186.80.108.8 - - [18/Dec/2023:06:36:27 -0500] "GET /sipse/faces/javax.faces.resource/primefaces.css?ln=primefaces&v=4.0 HTTP/1.1" 304 -
186.80.108.8 - - [18/Dec/2023:06:36:27 -0500] "GET /sipse/faces/javax.faces.resource/jquery/jquery.js?ln=primefaces&v=4.0 HTTP/1.1" 304 -
186.80.108.8 - - [18/Dec/2023:06:36:27 -0500] "GET /sipse/faces/javax.faces.resource/layout/layout.css?ln=primefaces&v=4.0 HTTP/1.1" 304 -
186.80.108.8 - - [18/Dec/2023:06:36:27 -0500] "GET /sipse/faces/javax.faces.resource/jquery/jquery-plugins.js?ln=primefaces&v=4.0 HTTP/1.1" 304 -
186.80.108.8 - - [18/Dec/2023:06:36:27 -0500] "GET /sipse/faces/javax.faces.resource/primefaces.js?ln=primefaces&v=4.0 HTTP/1.1" 304 -
186.80.108.8 - - [18/Dec/2023:06:36:27 -0500] "GET /sipse/faces/javax.faces.resource/layout/layout.js?ln=primefaces&v=4.0 HTTP/1.1" 304 -
172.22.2.4 - - [18/Dec/2023:06:34:47 -0500] "HEAD /BLA/boletinlegal/ HTTP/1.1" 200 -
156.59.198.135 - - [18/Dec/2023:06:36:28 -0500] "GET /BLA/resoluciones/RESOLUCIONES%202023/0673.pdf HTTP/1.0" 200 397979
186.80.108.8 - - [18/Dec/2023:06:36:33 -0500] "POST /sipse/faces/presentacion/contratacion/contrato/registroPresupuestal/asociarPresupuestoActividadesRP.xhtml HTTP/1.1" 200 36909
186.80.108.8 - - [18/Dec/2023:06:36:33 -0500] "GET /sipse/faces/javax.faces.resource/primefaces.css?ln=primefaces&v=4.0 HTTP/1.1" 304 -
186.80.108.8 - - [18/Dec/2023:06:36:33 -0500] "GET /sipse/faces/javax.faces.resource/theme.css?ln=primefaces-sipse HTTP/1.1" 304 -
186.80.108.8 - - [18/Dec/2023:06:36:33 -0500] "GET /sipse/faces/javax.faces.resource/layout/layout.css?ln=primefaces&v=4.0 HTTP/1.1" 304 -
186.80.108.8 - - [18/Dec/2023:06:36:33 -0500] "GET /sipse/faces/javax.faces.resource/jquery/jquery.js?ln=primefaces&v=4.0 HTTP/1.1" 304 -
186.80.108.8 - - [18/Dec/2023:06:36:33 -0500] "GET /sipse/faces/javax.faces.resource/jquery/jquery-plugins.js?ln=primefaces&v=4.0 HTTP/1.1" 304 -
186.80.108.8 - - [18/Dec/2023:06:36:34 -0500] "GET /sipse/faces/javax.faces.resource/primefaces.js?ln=primefaces&v=4.0 HTTP/1.1" 304 -
186.80.108.8 - - [18/Dec/2023:06:36:34 -0500] "GET /sipse/faces/javax.faces.resource/layout/layout.js?ln=primefaces&v=4.0 HTTP/1.1" 304 -
186.80.108.8 - - [18/Dec/2023:06:36:38 -0500] "POST /sipse/faces/presentacion/contratacion/contrato/registroPresupuestal/expedirRP.xhtml HTTP/1.1" 200 124271
186.80.108.8 - - [18/Dec/2023:06:36:39 -0500] "GET /sipse/faces/javax.faces.resource/theme.css?ln=primefaces-sipse HTTP/1.1" 304 -
186.80.108.8 - - [18/Dec/2023:06:36:39 -0500] "GET /sipse/faces/javax.faces.resource/primefaces.css?ln=primefaces&v=4.0 HTTP/1.1" 304 -
186.80.108.8 - - [18/Dec/2023:06:36:39 -0500] "GET /sipse/faces/javax.faces.resource/layout/layout.css?ln=primefaces&v=4.0 HTTP/1.1" 304 -
186.80.108.8 - - [18/Dec/2023:06:36:39 -0500] "GET /sipse/faces/javax.faces.resource/jquery/jquery.js?ln=primefaces&v=4.0 HTTP/1.1" 304 -
186.80.108.8 - - [18/Dec/2023:06:36:39 -0500] "GET /sipse/faces/javax.faces.resource/jquery/jquery-plugins.js?ln=primefaces&v=4.0 HTTP/1.1" 304 -
186.80.108.8 - - [18/Dec/2023:06:36:40 -0500] "GET /sipse/faces/javax.faces.resource/primefaces.js?ln=primefaces&v=4.0 HTTP/1.1" 304 -
186.80.108.8 - - [18/Dec/2023:06:36:40 -0500] "GET /sipse/faces/javax.faces.resource/layout/layout.js?ln=primefaces&v=4.0 HTTP/1.1" 304 -
186.80.108.8 - - [18/Dec/2023:06:36:40 -0500] "GET /sipse/faces/javax.faces.resource/dynamiccontent.properties?ln=primefaces&pfdrid=XjOR5%2F%2FfPAZAuY9TpWQeCiM0BhlXxYRBGKi%2FQcXXfeA%3D&pfdrid_c=false HTTP/1.1" 500 383
186.80.108.8 - - [18/Dec/2023:06:36:52 -0500] "POST /sipse/faces/presentacion/financiero/solicitudProceso/consultarSolicitudProceso.xhtml HTTP/1.1" 200 20608
186.80.108.8 - - [18/Dec/2023:06:36:52 -0500] "GET /sipse/faces/javax.faces.resource/theme.css?ln=primefaces-sipse HTTP/1.1" 304 -
186.80.108.8 - - [18/Dec/2023:06:36:52 -0500] "GET /sipse/faces/javax.faces.resource/primefaces.css?ln=primefaces&v=4.0 HTTP/1.1" 304 -
186.80.108.8 - - [18/Dec/2023:06:36:52 -0500] "GET /sipse/faces/javax.faces.resource/layout/layout.css?ln=primefaces&v=4.0 HTTP/1.1" 304 -
186.80.108.8 - - [18/Dec/2023:06:36:52 -0500] "GET /sipse/faces/javax.faces.resource/jquery/jquery.js?ln=primefaces&v=4.0 HTTP/1.1" 304 -
186.80.108.8 - - [18/Dec/2023:06:36:52 -0500] "GET /sipse/faces/javax.faces.resource/primefaces.js?ln=primefaces&v=4.0 HTTP/1.1" 304 -
186.80.108.8 - - [18/Dec/2023:06:36:52 -0500] "GET /sipse/faces/javax.faces.resource/jquery/jquery-plugins.js?ln=primefaces&v=4.0 HTTP/1.1" 304 -
186.80.108.8 - - [18/Dec/2023:06:36:52 -0500] "GET /sipse/faces/javax.faces.resource/fileupload/fileupload.css?ln=primefaces&v=4.0 HTTP/1.1" 304 -
186.80.108.8 - - [18/Dec/2023:06:36:52 -0500] "GET /sipse/faces/javax.faces.resource/layout/layout.js?ln=primefaces&v=4.0 HTTP/1.1" 304 -
186.80.108.8 - - [18/Dec/2023:06:36:52 -0500] "GET /sipse/faces/javax.faces.resource/fileupload/fileupload.js?ln=primefaces&v=4.0 HTTP/1.1" 304 -
156.59.198.136 - - [18/Dec/2023:06:36:53 -0500] "GET /BLA/resoluciones/RESOLUCIONES%202023/0747.pdf HTTP/1.0" 200 903245
201.245.192.253 - - [18/Dec/2023:06:37:00 -0500] "POST /forms/lservlet;jsessionid=ac16012b30d665b9d6b5cea24731bd918aefbc6c9e46.e3iSbxaKaheRe34Qc38TbN0Nb41ynknvrkLOlQzNp65In0 HTTP/1.1" 200 2
186.80.108.8 - - [18/Dec/2023:06:37:05 -0500] "GET /sipse/faces/javax.faces.resource/theme.css?ln=primefaces-sipse HTTP/1.1" 304 -
186.80.108.8 - - [18/Dec/2023:06:37:05 -0500] "GET /sipse/faces/javax.faces.resource/layout/layout.css?ln=primefaces&v=4.0 HTTP/1.1" 304 -
186.80.108.8 - - [18/Dec/2023:06:37:05 -0500] "GET /sipse/faces/javax.faces.resource/jquery/jquery.js?ln=primefaces&v=4.0 HTTP/1.1" 304 -
186.80.108.8 - - [18/Dec/2023:06:37:05 -0500] "GET /sipse/faces/javax.faces.resource/jquery/jquery-plugins.js?ln=primefaces&v=4.0 HTTP/1.1" 304 -
186.80.108.8 - - [18/Dec/2023:06:37:05 -0500] "GET /sipse/faces/javax.faces.resource/primefaces.css?ln=primefaces&v=4.0 HTTP/1.1" 304 -
186.80.108.8 - - [18/Dec/2023:06:37:00 -0500] "POST /sipse/faces/presentacion/sistema/anexos/cargarAnexoSolicitudProceso.xhtml HTTP/1.1" 200 170536
186.80.108.8 - - [18/Dec/2023:06:37:05 -0500] "GET /sipse/faces/javax.faces.resource/primefaces.js?ln=primefaces&v=4.0 HTTP/1.1" 304 -
186.80.108.8 - - [18/Dec/2023:06:37:05 -0500] "GET /sipse/faces/javax.faces.resource/layout/layout.js?ln=primefaces&v=4.0 HTTP/1.1" 304 -
186.80.108.8 - - [18/Dec/2023:06:37:06 -0500] "GET /sipse/faces/javax.faces.resource/dynamiccontent.properties?ln=primefaces&pfdrid=XjOR5%2F%2FfPAZAuY9TpWQeCiM0BhlXxYRBGKi%2FQcXXfeA%3D&pfdrid_c=false HTTP/1.1" 500 383
186.80.108.8 - - [18/Dec/2023:06:37:08 -0500] "POST /sipse/faces/presentacion/financiero/solicitudProceso/consultarSolicitudProceso.xhtml HTTP/1.1" 200 64074
186.80.108.8 - - [18/Dec/2023:06:37:11 -0500] "GET /sipse/faces/javax.faces.resource/theme.css?ln=primefaces-sipse HTTP/1.1" 304 -
186.80.108.8 - - [18/Dec/2023:06:37:11 -0500] "GET /sipse/faces/javax.faces.resource/primefaces.css?ln=primefaces&v=4.0 HTTP/1.1" 304 -
186.80.108.8 - - [18/Dec/2023:06:37:11 -0500] "GET /sipse/faces/javax.faces.resource/layout/layout.css?ln=primefaces&v=4.0 HTTP/1.1" 304 -
186.80.108.8 - - [18/Dec/2023:06:37:11 -0500] "GET /sipse/faces/javax.faces.resource/jquery/jquery.js?ln=primefaces&v=4.0 HTTP/1.1" 304 -
186.80.108.8 - - [18/Dec/2023:06:37:11 -0500] "GET /sipse/faces/javax.faces.resource/jquery/jquery-plugins.js?ln=primefaces&v=4.0 HTTP/1.1" 304 -
186.80.108.8 - - [18/Dec/2023:06:37:11 -0500] "GET /sipse/faces/javax.faces.resource/primefaces.js?ln=primefaces&v=4.0 HTTP/1.1" 304 -
186.80.108.8 - - [18/Dec/2023:06:37:11 -0500] "GET /sipse/faces/javax.faces.resource/layout/layout.js?ln=primefaces&v=4.0 HTTP/1.1" 304 -
186.80.108.8 - - [18/Dec/2023:06:37:12 -0500] "POST /sipse/faces/presentacion/financiero/solicitudProceso/listarSolicitudProceso.xhtml HTTP/1.1" 200 1556
156.59.198.135 - - [18/Dec/2023:06:37:18 -0500] "GET /BLA/resoluciones/RESOLUCIONES%202023/1078.pdf HTTP/1.0" 200 446549
172.22.2.4 - - [18/Dec/2023:06:35:38 -0500] "GET /BLA/boletinlegal/ HTTP/1.1" 200 58294
186.80.108.8 - - [18/Dec/2023:06:37:18 -0500] "POST /sipse/faces/presentacion/financiero/solicitudProceso/listarSolicitudProceso.xhtml HTTP/1.1" 200 127379
186.80.108.8 - - [18/Dec/2023:06:37:20 -0500] "GET /sipse/faces/javax.faces.resource/theme.css?ln=primefaces-sipse HTTP/1.1" 304 -
186.80.108.8 - - [18/Dec/2023:06:37:20 -0500] "GET /sipse/faces/javax.faces.resource/layout/layout.css?ln=primefaces&v=4.0 HTTP/1.1" 304 -
186.80.108.8 - - [18/Dec/2023:06:37:20 -0500] "GET /sipse/faces/javax.faces.resource/primefaces.css?ln=primefaces&v=4.0 HTTP/1.1" 304 -
186.80.108.8 - - [18/Dec/2023:06:37:20 -0500] "GET /sipse/faces/javax.faces.resource/jquery/jquery.js?ln=primefaces&v=4.0 HTTP/1.1" 304 -
186.80.108.8 - - [18/Dec/2023:06:37:20 -0500] "GET /sipse/faces/javax.faces.resource/jquery/jquery-plugins.js?ln=primefaces&v=4.0 HTTP/1.1" 304 -
186.80.108.8 - - [18/Dec/2023:06:37:20 -0500] "GET /sipse/faces/javax.faces.resource/primefaces.js?ln=primefaces&v=4.0 HTTP/1.1" 304 -
186.80.108.8 - - [18/Dec/2023:06:37:20 -0500] "GET /sipse/faces/javax.faces.resource/layout/layout.js?ln=primefaces&v=4.0 HTTP/1.1" 304 -
186.80.108.8 - - [18/Dec/2023:06:37:20 -0500] "GET /sipse/faces/javax.faces.resource/dynamiccontent.properties?ln=primefaces&pfdrid=XjOR5%2F%2FfPAZAuY9TpWQeCiM0BhlXxYRBGKi%2FQcXXfeA%3D&pfdrid_c=false HTTP/1.1" 500 383
40.77.167.28 - - [18/Dec/2023:06:37:23 -0500] "GET /BLA/resoluciones/AUTOS%202023/1397.pdf HTTP/1.1" 304 -
186.80.108.8 - - [18/Dec/2023:06:37:24 -0500] "POST /sipse/faces/presentacion/financiero/solicitudProceso/consultarSolicitudProceso.xhtml HTTP/1.1" 200 36832
186.80.108.8 - - [18/Dec/2023:06:37:25 -0500] "GET /sipse/faces/javax.faces.resource/theme.css?ln=primefaces-sipse HTTP/1.1" 304 -
186.80.108.8 - - [18/Dec/2023:06:37:25 -0500] "GET /sipse/faces/javax.faces.resource/layout/layout.css?ln=primefaces&v=4.0 HTTP/1.1" 304 -
186.80.108.8 - - [18/Dec/2023:06:37:25 -0500] "GET /sipse/faces/javax.faces.resource/primefaces.css?ln=primefaces&v=4.0 HTTP/1.1" 304 -
186.80.108.8 - - [18/Dec/2023:06:37:25 -0500] "GET /sipse/faces/javax.faces.resource/jquery/jquery.js?ln=primefaces&v=4.0 HTTP/1.1" 304 -
186.80.108.8 - - [18/Dec/2023:06:37:25 -0500] "GET /sipse/faces/javax.faces.resource/jquery/jquery-plugins.js?ln=primefaces&v=4.0 HTTP/1.1" 304 -
186.80.108.8 - - [18/Dec/2023:06:37:25 -0500] "GET /sipse/faces/javax.faces.resource/primefaces.js?ln=primefaces&v=4.0 HTTP/1.1" 304 -
186.80.108.8 - - [18/Dec/2023:06:37:25 -0500] "GET /sipse/faces/javax.faces.resource/layout/layout.js?ln=primefaces&v=4.0 HTTP/1.1" 304 -
186.80.108.8 - - [18/Dec/2023:06:37:31 -0500] "POST /sipse/faces/presentacion/contratacion/contrato/registroPresupuestal/expedirRP.xhtml HTTP/1.1" 200 2244
186.80.108.8 - - [18/Dec/2023:06:37:34 -0500] "POST /sipse/faces/presentacion/contratacion/contrato/registroPresupuestal/expedirRP.xhtml HTTP/1.1" 200 20701
186.80.108.8 - - [18/Dec/2023:06:37:34 -0500] "GET /sipse/faces/javax.faces.resource/primefaces.css?ln=primefaces&v=4.0 HTTP/1.1" 304 -
186.80.108.8 - - [18/Dec/2023:06:37:34 -0500] "GET /sipse/faces/javax.faces.resource/theme.css?ln=primefaces-sipse HTTP/1.1" 304 -
186.80.108.8 - - [18/Dec/2023:06:37:34 -0500] "GET /sipse/faces/javax.faces.resource/jquery/jquery.js?ln=primefaces&v=4.0 HTTP/1.1" 304 -
186.80.108.8 - - [18/Dec/2023:06:37:34 -0500] "GET /sipse/faces/javax.faces.resource/layout/layout.css?ln=primefaces&v=4.0 HTTP/1.1" 304 -
186.80.108.8 - - [18/Dec/2023:06:37:34 -0500] "GET /sipse/faces/javax.faces.resource/jquery/jquery-plugins.js?ln=primefaces&v=4.0 HTTP/1.1" 304 -
186.80.108.8 - - [18/Dec/2023:06:37:34 -0500] "GET /sipse/faces/javax.faces.resource/layout/layout.js?ln=primefaces&v=4.0 HTTP/1.1" 304 -
186.80.108.8 - - [18/Dec/2023:06:37:34 -0500] "GET /sipse/faces/javax.faces.resource/primefaces.js?ln=primefaces&v=4.0 HTTP/1.1" 304 -
186.80.108.8 - - [18/Dec/2023:06:37:36 -0500] "POST /sipse/faces/presentacion/contratacion/contrato/registroPresupuestal/consultarActividadesRP.xhtml HTTP/1.1" 200 22953
186.80.108.8 - - [18/Dec/2023:06:37:36 -0500] "GET /sipse/faces/javax.faces.resource/theme.css?ln=primefaces-sipse HTTP/1.1" 304 -
186.80.108.8 - - [18/Dec/2023:06:37:36 -0500] "GET /sipse/faces/javax.faces.resource/primefaces.css?ln=primefaces&v=4.0 HTTP/1.1" 304 -
186.80.108.8 - - [18/Dec/2023:06:37:36 -0500] "GET /sipse/faces/javax.faces.resource/layout/layout.css?ln=primefaces&v=4.0 HTTP/1.1" 304 -
186.80.108.8 - - [18/Dec/2023:06:37:36 -0500] "GET /sipse/faces/javax.faces.resource/jquery/jquery-plugins.js?ln=primefaces&v=4.0 HTTP/1.1" 304 -
186.80.108.8 - - [18/Dec/2023:06:37:36 -0500] "GET /sipse/faces/javax.faces.resource/jquery/jquery.js?ln=primefaces&v=4.0 HTTP/1.1" 304 -
186.80.108.8 - - [18/Dec/2023:06:37:36 -0500] "GET /sipse/faces/javax.faces.resource/primefaces.js?ln=primefaces&v=4.0 HTTP/1.1" 304 -
186.80.108.8 - - [18/Dec/2023:06:37:36 -0500] "GET /sipse/faces/javax.faces.resource/layout/layout.js?ln=primefaces&v=4.0 HTTP/1.1" 304 -
156.59.198.136 - - [18/Dec/2023:06:37:42 -0500] "GET /BLA/resoluciones/RESOLUCIONES%202023/0597.pdf HTTP/1.0" 200 535770
186.80.108.8 - - [18/Dec/2023:06:37:41 -0500] "POST /sipse/faces/presentacion/contratacion/contrato/registroPresupuestal/asociarPresupuestoActividadesRP.xhtml HTTP/1.1" 200 36909
186.80.108.8 - - [18/Dec/2023:06:37:42 -0500] "GET /sipse/faces/javax.faces.resource/theme.css?ln=primefaces-sipse HTTP/1.1" 304 -
186.80.108.8 - - [18/Dec/2023:06:37:42 -0500] "GET /sipse/faces/javax.faces.resource/primefaces.css?ln=primefaces&v=4.0 HTTP/1.1" 304 -
186.80.108.8 - - [18/Dec/2023:06:37:42 -0500] "GET /sipse/faces/javax.faces.resource/layout/layout.css?ln=primefaces&v=4.0 HTTP/1.1" 304 -
186.80.108.8 - - [18/Dec/2023:06:37:42 -0500] "GET /sipse/faces/javax.faces.resource/jquery/jquery.js?ln=primefaces&v=4.0 HTTP/1.1" 304 -
186.80.108.8 - - [18/Dec/2023:06:37:42 -0500] "GET /sipse/faces/javax.faces.resource/jquery/jquery-plugins.js?ln=primefaces&v=4.0 HTTP/1.1" 304 -
186.80.108.8 - - [18/Dec/2023:06:37:42 -0500] "GET /sipse/faces/javax.faces.resource/primefaces.js?ln=primefaces&v=4.0 HTTP/1.1" 304 -
186.80.108.8 - - [18/Dec/2023:06:37:42 -0500] "GET /sipse/faces/javax.faces.resource/layout/layout.js?ln=primefaces&v=4.0 HTTP/1.1" 304 -
216.245.221.92 - - [18/Dec/2023:06:37:43 -0500] "HEAD / HTTP/1.1" 200 -
186.80.108.8 - - [18/Dec/2023:06:37:47 -0500] "POST /sipse/faces/presentacion/contratacion/contrato/registroPresupuestal/expedirRP.xhtml HTTP/1.1" 200 129105
186.80.108.8 - - [18/Dec/2023:06:37:49 -0500] "GET /sipse/faces/javax.faces.resource/theme.css?ln=primefaces-sipse HTTP/1.1" 304 -
186.80.108.8 - - [18/Dec/2023:06:37:49 -0500] "GET /sipse/faces/javax.faces.resource/layout/layout.css?ln=primefaces&v=4.0 HTTP/1.1" 304 -
186.80.108.8 - - [18/Dec/2023:06:37:49 -0500] "GET /sipse/faces/javax.faces.resource/primefaces.css?ln=primefaces&v=4.0 HTTP/1.1" 304 -
186.80.108.8 - - [18/Dec/2023:06:37:49 -0500] "GET /sipse/faces/javax.faces.resource/jquery/jquery.js?ln=primefaces&v=4.0 HTTP/1.1" 304 -
186.80.108.8 - - [18/Dec/2023:06:37:49 -0500] "GET /sipse/faces/javax.faces.resource/jquery/jquery-plugins.js?ln=primefaces&v=4.0 HTTP/1.1" 304 -
186.80.108.8 - - [18/Dec/2023:06:37:49 -0500] "GET /sipse/faces/javax.faces.resource/primefaces.js?ln=primefaces&v=4.0 HTTP/1.1" 304 -
186.80.108.8 - - [18/Dec/2023:06:37:49 -0500] "GET /sipse/faces/javax.faces.resource/layout/layout.js?ln=primefaces&v=4.0 HTTP/1.1" 304 -
186.80.108.8 - - [18/Dec/2023:06:37:49 -0500] "GET /sipse/faces/javax.faces.resource/dynamiccontent.properties?ln=primefaces&pfdrid=XjOR5%2F%2FfPAZAuY9TpWQeCiM0BhlXxYRBGKi%2FQcXXfeA%3D&pfdrid_c=false HTTP/1.1" 500 383
186.80.108.8 - - [18/Dec/2023:06:37:52 -0500] "GET /sipse/faces/javax.faces.resource/theme.css?ln=primefaces-sipse HTTP/1.1" 304 -
186.80.108.8 - - [18/Dec/2023:06:37:52 -0500] "GET /sipse/faces/javax.faces.resource/primefaces.css?ln=primefaces&v=4.0 HTTP/1.1" 304 -
186.80.108.8 - - [18/Dec/2023:06:37:52 -0500] "POST /sipse/faces/presentacion/financiero/solicitudProceso/consultarSolicitudProceso.xhtml HTTP/1.1" 200 20608
186.80.108.8 - - [18/Dec/2023:06:37:53 -0500] "GET /sipse/faces/javax.faces.resource/jquery/jquery.js?ln=primefaces&v=4.0 HTTP/1.1" 304 -
186.80.108.8 - - [18/Dec/2023:06:37:53 -0500] "GET /sipse/faces/javax.faces.resource/fileupload/fileupload.css?ln=primefaces&v=4.0 HTTP/1.1" 304 -
