156.59.198.135 - - [18/Dec/2023:00:59:20 -0500] "GET /BLA/resoluciones/RESOLUCIONES%202009/1133.pdf HTTP/1.0" 200 54992
156.59.198.136 - - [18/Dec/2023:00:59:43 -0500] "GET /BLA/resoluciones/RESOLUCIONES%202009/0108.pdf HTTP/1.0" 200 284407
156.59.198.135 - - [18/Dec/2023:01:00:07 -0500] "GET /BLA/resoluciones/RESOLUCIONES%202009/1062.pdf HTTP/1.0" 200 199244
201.245.192.253 - - [18/Dec/2023:01:00:23 -0500] "POST /forms/lservlet;jsessionid=ac16012b30d68f87e6b31bdd4159a82faa45787d3329.e3iSbxaKaheRe34Qc38TbN0Nb41ynknvrkLOlQzNp65In0 HTTP/1.1" 200 2
156.59.198.136 - - [18/Dec/2023:01:00:32 -0500] "GET /BLA/resoluciones/RESOLUCIONES%202009/0462.pdf HTTP/1.0" 200 286201
201.245.192.253 - - [18/Dec/2023:01:00:55 -0500] "POST /forms/lservlet;jsessionid=ac16012b30d665b9d6b5cea24731bd918aefbc6c9e46.e3iSbxaKaheRe34Qc38TbN0Nb41ynknvrkLOlQzNp65In0 HTTP/1.1" 200 2
156.59.198.135 - - [18/Dec/2023:01:00:56 -0500] "GET /BLA/resoluciones/RESOLUCIONES%202009/1117.pdf HTTP/1.0" 200 303348
156.59.198.135 - - [18/Dec/2023:01:01:20 -0500] "GET /BLA/resoluciones/RESOLUCIONES%202009/0798.pdf HTTP/1.0" 200 350122
156.59.198.135 - - [18/Dec/2023:01:01:44 -0500] "GET /BLA/resoluciones/RESOLUCIONES%202009/0634.pdf HTTP/1.0" 200 66574
201.245.192.253 - - [18/Dec/2023:01:02:01 -0500] "POST /kwsrmcab/Wsrmcab  HTTP/1.1" 200 37894
156.59.198.136 - - [18/Dec/2023:01:02:09 -0500] "GET /BLA/resoluciones/RESOLUCIONES%202009/0783.pdf HTTP/1.0" 200 326343
201.245.192.253 - - [18/Dec/2023:01:02:23 -0500] "POST /forms/lservlet;jsessionid=ac16012b30d68f87e6b31bdd4159a82faa45787d3329.e3iSbxaKaheRe34Qc38TbN0Nb41ynknvrkLOlQzNp65In0 HTTP/1.1" 200 2
156.59.198.136 - - [18/Dec/2023:01:02:33 -0500] "GET /BLA/resoluciones/RESOLUCIONES%202009/0438.pdf HTTP/1.0" 200 186877
216.245.221.92 - - [18/Dec/2023:01:02:44 -0500] "HEAD / HTTP/1.1" 200 -
201.245.192.253 - - [18/Dec/2023:01:02:55 -0500] "POST /forms/lservlet;jsessionid=ac16012b30d665b9d6b5cea24731bd918aefbc6c9e46.e3iSbxaKaheRe34Qc38TbN0Nb41ynknvrkLOlQzNp65In0 HTTP/1.1" 200 2
156.59.198.135 - - [18/Dec/2023:01:02:57 -0500] "GET /BLA/resoluciones/RESOLUCIONES%202009/1009.pdf HTTP/1.0" 200 143476
156.59.198.135 - - [18/Dec/2023:01:03:21 -0500] "GET /BLA/resoluciones/RESOLUCIONES%202009/0329.pdf HTTP/1.0" 200 286107
156.59.198.135 - - [18/Dec/2023:01:03:45 -0500] "GET /BLA/resoluciones/RESOLUCIONES%202009/0831.pdf HTTP/1.0" 200 597596
172.22.2.4 - - [18/Dec/2023:01:02:17 -0500] "HEAD /BLA/boletinlegal/ HTTP/1.1" 200 -
156.59.198.136 - - [18/Dec/2023:01:04:09 -0500] "GET /BLA/resoluciones/RESOLUCIONES%202009/0024.pdf HTTP/1.0" 200 239379
201.245.192.253 - - [18/Dec/2023:01:04:23 -0500] "POST /forms/lservlet;jsessionid=ac16012b30d68f87e6b31bdd4159a82faa45787d3329.e3iSbxaKaheRe34Qc38TbN0Nb41ynknvrkLOlQzNp65In0 HTTP/1.1" 200 2
156.59.198.136 - - [18/Dec/2023:01:04:33 -0500] "GET /BLA/resoluciones/RESOLUCIONES%202009/0582.pdf HTTP/1.0" 200 290453
172.22.2.4 - - [18/Dec/2023:01:03:08 -0500] "GET /BLA/boletinlegal/ HTTP/1.1" 200 58294
201.245.192.253 - - [18/Dec/2023:01:04:55 -0500] "POST /forms/lservlet;jsessionid=ac16012b30d665b9d6b5cea24731bd918aefbc6c9e46.e3iSbxaKaheRe34Qc38TbN0Nb41ynknvrkLOlQzNp65In0 HTTP/1.1" 200 2
156.59.198.136 - - [18/Dec/2023:01:04:57 -0500] "GET /BLA/resoluciones/RESOLUCIONES%202009/0965.pdf HTTP/1.0" 200 637707
156.59.198.135 - - [18/Dec/2023:01:05:21 -0500] "GET /BLA/resoluciones/RESOLUCIONES%202009/0525.pdf HTTP/1.0" 200 521581
156.59.198.135 - - [18/Dec/2023:01:05:45 -0500] "GET /BLA/resoluciones/RESOLUCIONES%202009/1054.pdf HTTP/1.0" 200 209966
68.69.186.30 - - [18/Dec/2023:01:05:51 -0500] "GET / HTTP/1.1" 200 319
68.69.186.30 - - [18/Dec/2023:01:05:51 -0500] "GET ../../proc/ HTTP" 400 946
216.244.66.195 - - [18/Dec/2023:01:06:09 -0500] "GET /BLA/resoluciones/RESOLUCIONES%202016/1911.pdf HTTP/1.1" 200 368546
156.59.198.136 - - [18/Dec/2023:01:06:10 -0500] "GET /BLA/resoluciones/RESOLUCIONES%202009/0888.pdf HTTP/1.0" 200 107065
201.245.192.253 - - [18/Dec/2023:01:06:23 -0500] "POST /forms/lservlet;jsessionid=ac16012b30d68f87e6b31bdd4159a82faa45787d3329.e3iSbxaKaheRe34Qc38TbN0Nb41ynknvrkLOlQzNp65In0 HTTP/1.1" 200 2
156.59.198.136 - - [18/Dec/2023:01:06:34 -0500] "GET /BLA/resoluciones/RESOLUCIONES%202009/0814.pdf HTTP/1.0" 200 65746
201.245.192.253 - - [18/Dec/2023:01:06:55 -0500] "POST /forms/lservlet;jsessionid=ac16012b30d665b9d6b5cea24731bd918aefbc6c9e46.e3iSbxaKaheRe34Qc38TbN0Nb41ynknvrkLOlQzNp65In0 HTTP/1.1" 200 2
216.244.66.195 - - [18/Dec/2023:01:06:55 -0500] "GET /BLA/resoluciones/RESOLUCIONES%202017/0123.pdf HTTP/1.1" 200 565055
156.59.198.135 - - [18/Dec/2023:01:06:58 -0500] "GET /BLA/resoluciones/RESOLUCIONES%202009/0234.pdf HTTP/1.0" 200 670601
201.245.192.253 - - [18/Dec/2023:01:06:59 -0500] "POST /kwsrmcab/Wsrmcab  HTTP/1.1" 200 37894
156.59.198.136 - - [18/Dec/2023:01:07:22 -0500] "GET /BLA/resoluciones/RESOLUCIONES%202009/0941.pdf HTTP/1.0" 200 485488
216.245.221.92 - - [18/Dec/2023:01:07:44 -0500] "HEAD / HTTP/1.1" 200 -
216.244.66.195 - - [18/Dec/2023:01:07:45 -0500] "GET /BLA/resoluciones/RESOLUCIONES%202017/0153.pdf HTTP/1.1" 200 468255
156.59.198.136 - - [18/Dec/2023:01:07:46 -0500] "GET /BLA/resoluciones/RESOLUCIONES%202009/0456.pdf HTTP/1.0" 200 390380
156.59.198.135 - - [18/Dec/2023:01:08:10 -0500] "GET /BLA/resoluciones/RESOLUCIONES%202009/1110.pdf HTTP/1.0" 200 284341
201.245.192.253 - - [18/Dec/2023:01:08:23 -0500] "POST /forms/lservlet;jsessionid=ac16012b30d68f87e6b31bdd4159a82faa45787d3329.e3iSbxaKaheRe34Qc38TbN0Nb41ynknvrkLOlQzNp65In0 HTTP/1.1" 200 2
156.59.198.136 - - [18/Dec/2023:01:08:34 -0500] "GET /BLA/resoluciones/RESOLUCIONES%202009/0856.pdf HTTP/1.0" 200 299398
216.244.66.195 - - [18/Dec/2023:01:08:38 -0500] "GET /BLA/resoluciones/RESOLUCIONES%202017/0225.pdf HTTP/1.1" 200 471253
201.245.192.253 - - [18/Dec/2023:01:08:55 -0500] "POST /forms/lservlet;jsessionid=ac16012b30d665b9d6b5cea24731bd918aefbc6c9e46.e3iSbxaKaheRe34Qc38TbN0Nb41ynknvrkLOlQzNp65In0 HTTP/1.1" 200 2
156.59.198.135 - - [18/Dec/2023:01:08:58 -0500] "GET /BLA/resoluciones/RESOLUCIONES%202009/0990.pdf HTTP/1.0" 200 252867
156.59.198.136 - - [18/Dec/2023:01:09:23 -0500] "GET /BLA/resoluciones/RESOLUCIONES%202009/0761.pdf HTTP/1.0" 200 346872
216.244.66.195 - - [18/Dec/2023:01:09:25 -0500] "GET /BLA/resoluciones/RESOLUCIONES%202017/0233.pdf HTTP/1.1" 200 482049
156.59.198.135 - - [18/Dec/2023:01:09:47 -0500] "GET /BLA/resoluciones/RESOLUCIONES%202009/0188.pdf HTTP/1.0" 200 286461
172.22.2.4 - - [18/Dec/2023:01:08:07 -0500] "HEAD /BLA/boletinlegal/ HTTP/1.1" 200 -
156.59.198.135 - - [18/Dec/2023:01:10:11 -0500] "GET /BLA/resoluciones/RESOLUCIONES%202009/1044.pdf HTTP/1.0" 200 205220
216.244.66.195 - - [18/Dec/2023:01:10:14 -0500] "GET /BLA/resoluciones/RESOLUCIONES%202017/0235.pdf HTTP/1.1" 200 637749
66.249.65.68 - - [18/Dec/2023:01:10:19 -0500] "GET /robots.txt HTTP/1.1" 404 1035
66.249.65.70 - - [18/Dec/2023:01:10:19 -0500] "GET /portaldeninos/aulas-ambientales/ HTTP/1.1" 200 88416
66.249.65.70 - - [18/Dec/2023:01:10:21 -0500] "GET /portaldeninos/wp-content/themes/betheme/css/layout.css?ver=20.9.6 HTTP/1.1" 200 116639
66.249.65.68 - - [18/Dec/2023:01:10:22 -0500] "GET /portaldeninos/wp-content/themes/betheme/css/shortcodes.css?ver=20.9.6 HTTP/1.1" 200 138889
66.249.65.68 - - [18/Dec/2023:01:10:23 -0500] "GET /portaldeninos/wp-includes/js/jquery/jquery.js?ver=1.12.4 HTTP/1.1" 200 97184
201.245.192.253 - - [18/Dec/2023:01:10:23 -0500] "POST /forms/lservlet;jsessionid=ac16012b30d68f87e6b31bdd4159a82faa45787d3329.e3iSbxaKaheRe34Qc38TbN0Nb41ynknvrkLOlQzNp65In0 HTTP/1.1" 200 2
156.59.198.135 - - [18/Dec/2023:01:10:35 -0500] "GET /BLA/resoluciones/RESOLUCIONES%202009/0113.pdf HTTP/1.0" 200 227851
172.22.2.4 - - [18/Dec/2023:01:08:58 -0500] "GET /BLA/boletinlegal/ HTTP/1.1" 200 60634
201.245.192.253 - - [18/Dec/2023:01:10:55 -0500] "POST /forms/lservlet;jsessionid=ac16012b30d665b9d6b5cea24731bd918aefbc6c9e46.e3iSbxaKaheRe34Qc38TbN0Nb41ynknvrkLOlQzNp65In0 HTTP/1.1" 200 2
156.59.198.135 - - [18/Dec/2023:01:10:59 -0500] "GET /BLA/resoluciones/RESOLUCIONES%202009/0284.pdf HTTP/1.0" 200 128969
216.244.66.195 - - [18/Dec/2023:01:11:04 -0500] "GET /BLA/resoluciones/RESOLUCIONES%202017/0287.pdf HTTP/1.1" 200 361705
156.59.198.135 - - [18/Dec/2023:01:11:23 -0500] "GET /BLA/resoluciones/RESOLUCIONES%202009/0161.pdf HTTP/1.0" 200 266693
156.59.198.135 - - [18/Dec/2023:01:11:47 -0500] "GET /BLA/resoluciones/RESOLUCIONES%202009/0235.pdf HTTP/1.0" 200 686752
216.244.66.195 - - [18/Dec/2023:01:11:50 -0500] "GET /BLA/resoluciones/RESOLUCIONES%202017/0616.pdf HTTP/1.1" 200 339191
201.245.192.253 - - [18/Dec/2023:01:11:58 -0500] "POST /kwsrmcab/Wsrmcab  HTTP/1.1" 200 37894
156.59.198.136 - - [18/Dec/2023:01:12:11 -0500] "GET /BLA/resoluciones/RESOLUCIONES%202009/1057.pdf HTTP/1.0" 200 205340
201.245.192.253 - - [18/Dec/2023:01:12:23 -0500] "POST /forms/lservlet;jsessionid=ac16012b30d68f87e6b31bdd4159a82faa45787d3329.e3iSbxaKaheRe34Qc38TbN0Nb41ynknvrkLOlQzNp65In0 HTTP/1.1" 200 2
216.244.66.195 - - [18/Dec/2023:01:12:35 -0500] "GET /BLA/resoluciones/RESOLUCIONES%202017/0623.pdf HTTP/1.1" 200 943107
156.59.198.135 - - [18/Dec/2023:01:12:36 -0500] "GET /BLA/resoluciones/RESOLUCIONES%202009/0195.pdf HTTP/1.0" 200 246641
216.245.221.92 - - [18/Dec/2023:01:12:44 -0500] "HEAD / HTTP/1.1" 200 -
201.245.192.253 - - [18/Dec/2023:01:12:55 -0500] "POST /forms/lservlet;jsessionid=ac16012b30d665b9d6b5cea24731bd918aefbc6c9e46.e3iSbxaKaheRe34Qc38TbN0Nb41ynknvrkLOlQzNp65In0 HTTP/1.1" 200 2
156.59.198.136 - - [18/Dec/2023:01:12:59 -0500] "GET /BLA/resoluciones/RESOLUCIONES%202009/1118.pdf HTTP/1.0" 200 275022
51.222.253.2 - - [18/Dec/2023:01:13:05 -0500] "GET /robots.txt HTTP/1.1" 404 1018
156.59.198.136 - - [18/Dec/2023:01:13:24 -0500] "GET /BLA/resoluciones/RESOLUCIONES%202009/0588.pdf HTTP/1.0" 200 315114
216.244.66.195 - - [18/Dec/2023:01:13:26 -0500] "GET /BLA/resoluciones/RESOLUCIONES%202017/0878.pdf HTTP/1.1" 200 2468659
156.59.198.135 - - [18/Dec/2023:01:13:48 -0500] "GET /BLA/resoluciones/RESOLUCIONES%202009/0071.pdf HTTP/1.0" 200 603413
156.59.198.136 - - [18/Dec/2023:01:14:12 -0500] "GET /BLA/resoluciones/RESOLUCIONES%202009/0776.pdf HTTP/1.0" 200 168023
216.244.66.195 - - [18/Dec/2023:01:14:16 -0500] "GET /BLA/resoluciones/RESOLUCIONES%202017/1132.pdf HTTP/1.1" 200 321953
201.245.192.253 - - [18/Dec/2023:01:14:23 -0500] "POST /forms/lservlet;jsessionid=ac16012b30d68f87e6b31bdd4159a82faa45787d3329.e3iSbxaKaheRe34Qc38TbN0Nb41ynknvrkLOlQzNp65In0 HTTP/1.1" 200 2
156.59.198.135 - - [18/Dec/2023:01:14:36 -0500] "GET /BLA/resoluciones/RESOLUCIONES%202009/0963.pdf HTTP/1.0" 200 673793
201.245.192.253 - - [18/Dec/2023:01:14:55 -0500] "POST /forms/lservlet;jsessionid=ac16012b30d665b9d6b5cea24731bd918aefbc6c9e46.e3iSbxaKaheRe34Qc38TbN0Nb41ynknvrkLOlQzNp65In0 HTTP/1.1" 200 2
156.59.198.136 - - [18/Dec/2023:01:15:00 -0500] "GET /BLA/resoluciones/RESOLUCIONES%202009/0766.pdf HTTP/1.0" 200 1093293
216.244.66.195 - - [18/Dec/2023:01:15:02 -0500] "GET /BLA/resoluciones/RESOLUCIONES%202017/1625.pdf HTTP/1.1" 200 1026675
156.59.198.135 - - [18/Dec/2023:01:15:24 -0500] "GET /BLA/resoluciones/RESOLUCIONES%202009/0164.pdf HTTP/1.0" 200 27615
152.61.192.232 - - [18/Dec/2023:01:15:30 -0500] "GET / HTTP/1.1" 200 319
172.22.2.4 - - [18/Dec/2023:01:13:57 -0500] "HEAD /BLA/boletinlegal/ HTTP/1.1" 200 -
156.59.198.136 - - [18/Dec/2023:01:15:48 -0500] "GET /BLA/resoluciones/RESOLUCIONES%202009/0951.pdf HTTP/1.0" 200 663341
201.245.192.253 - - [18/Dec/2023:01:15:46 -0500] "POST /kwsrmcab/Wsrmcab HTTP/1.1" 200 38505
201.245.192.253 - - [18/Dec/2023:01:15:49 -0500] "POST /kwsrmcab/Wsrmcab HTTP/1.1" 200 39156
216.244.66.195 - - [18/Dec/2023:01:15:55 -0500] "GET /BLA/resoluciones/RESOLUCIONES%202017/1703.pdf HTTP/1.1" 200 420564
156.59.198.135 - - [18/Dec/2023:01:16:12 -0500] "GET /BLA/resoluciones/RESOLUCIONES%202009/0441.pdf HTTP/1.0" 200 205979
201.245.192.253 - - [18/Dec/2023:01:16:23 -0500] "POST /forms/lservlet;jsessionid=ac16012b30d68f87e6b31bdd4159a82faa45787d3329.e3iSbxaKaheRe34Qc38TbN0Nb41ynknvrkLOlQzNp65In0 HTTP/1.1" 200 2
172.22.2.4 - - [18/Dec/2023:01:14:48 -0500] "GET /BLA/boletinlegal/ HTTP/1.1" 200 60224
156.59.198.136 - - [18/Dec/2023:01:16:36 -0500] "GET /BLA/resoluciones/RESOLUCIONES%202009/1083.pdf HTTP/1.0" 200 281045
216.244.66.195 - - [18/Dec/2023:01:16:45 -0500] "GET /BLA/resoluciones/RESOLUCIONES%202017/2057.pdf HTTP/1.1" 200 327529
201.245.192.253 - - [18/Dec/2023:01:16:55 -0500] "POST /forms/lservlet;jsessionid=ac16012b30d665b9d6b5cea24731bd918aefbc6c9e46.e3iSbxaKaheRe34Qc38TbN0Nb41ynknvrkLOlQzNp65In0 HTTP/1.1" 200 2
201.245.192.253 - - [18/Dec/2023:01:16:56 -0500] "POST /kwsrmcab/Wsrmcab  HTTP/1.1" 200 37894
156.59.198.135 - - [18/Dec/2023:01:17:00 -0500] "GET /BLA/resoluciones/RESOLUCIONES%202009/0378.pdf HTTP/1.0" 200 222901
156.59.198.136 - - [18/Dec/2023:01:17:25 -0500] "GET /BLA/resoluciones/RESOLUCIONES%202009/1139.pdf HTTP/1.0" 200 260673
216.244.66.195 - - [18/Dec/2023:01:17:32 -0500] "GET /BLA/resoluciones/RESOLUCIONES%202017/2118.pdf HTTP/1.1" 200 2207173
216.245.221.92 - - [18/Dec/2023:01:17:44 -0500] "HEAD / HTTP/1.1" 200 -
156.59.198.135 - - [18/Dec/2023:01:17:49 -0500] "GET /BLA/resoluciones/RESOLUCIONES%202009/0631.pdf HTTP/1.0" 200 16013
156.59.198.135 - - [18/Dec/2023:01:18:13 -0500] "GET /BLA/resoluciones/RESOLUCIONES%202009/0784.pdf HTTP/1.0" 200 205112
216.244.66.195 - - [18/Dec/2023:01:18:23 -0500] "GET /BLA/resoluciones/RESOLUCIONES%202017/2406.pdf HTTP/1.1" 200 312297
201.245.192.253 - - [18/Dec/2023:01:18:23 -0500] "POST /forms/lservlet;jsessionid=ac16012b30d68f87e6b31bdd4159a82faa45787d3329.e3iSbxaKaheRe34Qc38TbN0Nb41ynknvrkLOlQzNp65In0 HTTP/1.1" 200 2
156.59.198.135 - - [18/Dec/2023:01:18:37 -0500] "GET /BLA/resoluciones/RESOLUCIONES%202009/0160.pdf HTTP/1.0" 200 312294
201.245.192.253 - - [18/Dec/2023:01:18:55 -0500] "POST /forms/lservlet;jsessionid=ac16012b30d665b9d6b5cea24731bd918aefbc6c9e46.e3iSbxaKaheRe34Qc38TbN0Nb41ynknvrkLOlQzNp65In0 HTTP/1.1" 200 2
156.59.198.136 - - [18/Dec/2023:01:19:01 -0500] "GET /BLA/resoluciones/RESOLUCIONES%202009/0617.pdf HTTP/1.0" 200 312958
216.244.66.195 - - [18/Dec/2023:01:19:12 -0500] "GET /BLA/resoluciones/RESOLUCIONES%202017/2803.pdf HTTP/1.1" 200 437698
156.59.198.136 - - [18/Dec/2023:01:19:25 -0500] "GET /BLA/resoluciones/RESOLUCIONES%202009/0185.pdf HTTP/1.0" 200 263153
201.245.192.253 - - [18/Dec/2023:01:19:39 -0500] "POST /kwsrmcab/Wsrmcab HTTP/1.1" 200 38505
201.245.192.253 - - [18/Dec/2023:01:19:45 -0500] "POST /kwsrmcab/Wsrmcab HTTP/1.1" 200 39156
156.59.198.135 - - [18/Dec/2023:01:19:49 -0500] "GET /BLA/resoluciones/RESOLUCIONES%202009/0191.pdf HTTP/1.0" 200 254589
216.244.66.195 - - [18/Dec/2023:01:19:57 -0500] "GET /BLA/resoluciones/RESOLUCIONES%202017/3010.pdf HTTP/1.1" 200 305181
156.59.198.135 - - [18/Dec/2023:01:20:13 -0500] "GET /BLA/resoluciones/RESOLUCIONES%202009/1068.pdf HTTP/1.0" 200 199762
201.245.192.253 - - [18/Dec/2023:01:20:23 -0500] "POST /forms/lservlet;jsessionid=ac16012b30d68f87e6b31bdd4159a82faa45787d3329.e3iSbxaKaheRe34Qc38TbN0Nb41ynknvrkLOlQzNp65In0 HTTP/1.1" 200 2
156.59.198.135 - - [18/Dec/2023:01:20:37 -0500] "GET /BLA/resoluciones/RESOLUCIONES%202009/0049.pdf HTTP/1.0" 200 192322
216.244.66.195 - - [18/Dec/2023:01:20:43 -0500] "GET /BLA/resoluciones/RESOLUCIONES%202017/3206.pdf HTTP/1.1" 200 344721
201.245.192.253 - - [18/Dec/2023:01:20:55 -0500] "POST /forms/lservlet;jsessionid=ac16012b30d665b9d6b5cea24731bd918aefbc6c9e46.e3iSbxaKaheRe34Qc38TbN0Nb41ynknvrkLOlQzNp65In0 HTTP/1.1" 200 2
156.59.198.136 - - [18/Dec/2023:01:21:02 -0500] "GET /BLA/resoluciones/RESOLUCIONES%202009/0153.pdf HTTP/1.0" 200 265834
156.59.198.135 - - [18/Dec/2023:01:21:26 -0500] "GET /BLA/resoluciones/RESOLUCIONES%202013/1405.pdf HTTP/1.0" 200 890417
172.22.2.4 - - [18/Dec/2023:01:19:47 -0500] "HEAD /BLA/boletinlegal/ HTTP/1.1" 200 -
216.244.66.195 - - [18/Dec/2023:01:21:28 -0500] "GET /BLA/resoluciones/RESOLUCIONES%202017/3532.pdf HTTP/1.1" 200 295814
156.59.198.135 - - [18/Dec/2023:01:21:50 -0500] "GET /BLA/resoluciones/RESOLUCIONES%202013/0579.pdf HTTP/1.0" 200 2392638
201.245.192.253 - - [18/Dec/2023:01:21:55 -0500] "POST /kwsrmcab/Wsrmcab  HTTP/1.1" 200 37894
156.59.198.135 - - [18/Dec/2023:01:22:14 -0500] "GET /BLA/resoluciones/RESOLUCIONES%202013/0503.pdf HTTP/1.0" 200 1314240
216.244.66.195 - - [18/Dec/2023:01:22:15 -0500] "GET /BLA/resoluciones/RESOLUCIONES%202019/0223.pdf HTTP/1.1" 200 260530
172.22.2.4 - - [18/Dec/2023:01:20:38 -0500] "GET /BLA/boletinlegal/ HTTP/1.1" 200 58294
201.245.192.253 - - [18/Dec/2023:01:22:23 -0500] "POST /forms/lservlet;jsessionid=ac16012b30d68f87e6b31bdd4159a82faa45787d3329.e3iSbxaKaheRe34Qc38TbN0Nb41ynknvrkLOlQzNp65In0 HTTP/1.1" 200 2
156.59.198.136 - - [18/Dec/2023:01:22:38 -0500] "GET /BLA/resoluciones/AUTOS%202007/1556.pdf HTTP/1.0" 200 27290
216.245.221.92 - - [18/Dec/2023:01:22:44 -0500] "HEAD / HTTP/1.1" 200 -
201.245.192.253 - - [18/Dec/2023:01:22:55 -0500] "POST /forms/lservlet;jsessionid=ac16012b30d665b9d6b5cea24731bd918aefbc6c9e46.e3iSbxaKaheRe34Qc38TbN0Nb41ynknvrkLOlQzNp65In0 HTTP/1.1" 200 2
216.244.66.195 - - [18/Dec/2023:01:22:55 -0500] "GET /BLA/resoluciones/RESOLUCIONES%202019/0635.pdf HTTP/1.1" 200 301427
156.59.198.136 - - [18/Dec/2023:01:23:02 -0500] "GET /BLA/resoluciones/AUTOS%202019/3559.pdf HTTP/1.0" 200 261720
156.59.198.136 - - [18/Dec/2023:01:23:26 -0500] "GET /BLA/resoluciones/AUTOS%202007/0555.pdf HTTP/1.0" 200 127473
216.244.66.195 - - [18/Dec/2023:01:23:30 -0500] "GET /BLA/resoluciones/RESOLUCIONES%202019/1550.pdf HTTP/1.1" 200 260625
156.59.198.136 - - [18/Dec/2023:01:23:50 -0500] "GET /BLA/resoluciones/AUTOS%202007/2037.pdf HTTP/1.0" 200 177872
216.244.66.195 - - [18/Dec/2023:01:24:03 -0500] "GET /BLA/resoluciones/RESOLUCIONES%202019/2373.pdf HTTP/1.1" 200 285065
156.59.198.136 - - [18/Dec/2023:01:24:14 -0500] "GET /BLA/resoluciones/AUTOS%202007/3558.pdf HTTP/1.0" 200 186846
201.245.192.253 - - [18/Dec/2023:01:24:23 -0500] "POST /forms/lservlet;jsessionid=ac16012b30d68f87e6b31bdd4159a82faa45787d3329.e3iSbxaKaheRe34Qc38TbN0Nb41ynknvrkLOlQzNp65In0 HTTP/1.1" 200 2
172.22.2.4 - - [18/Dec/2023:01:24:25 -0500] "GET /BLA/boletinlegal/consulta_actos.php?tipo=autos&no=1738&usuario=&sector=&fecha=2019&resuelve= HTTP/1.1" 200 1068
69.63.184.1 - - [18/Dec/2023:01:24:28 -0500] "GET /distrito-recupera-mas-de-20-kilogramos-de-musgo-y-dos-aves-silvestres.html HTTP/1.1" 200 857
69.63.184.118 - - [18/Dec/2023:01:24:28 -0500] "GET /distrito-recupera-mas-de-20-kilogramos-de-musgo-y-dos-aves-silvestres.html HTTP/1.1" 200 857
186.29.32.204 - - [18/Dec/2023:01:24:35 -0500] "GET /galeria/galeria/jquery.fancybox.js?v=2.1.5 HTTP/1.1" 200 48706
186.29.32.204 - - [18/Dec/2023:01:24:35 -0500] "GET /galeria/galeria/jquery.fancybox.css?v=2.1.5 HTTP/1.1" 200 4895
156.59.198.136 - - [18/Dec/2023:01:24:38 -0500] "GET /BLA/resoluciones/AUTOS%202007/3068.pdf HTTP/1.0" 200 185066
216.244.66.195 - - [18/Dec/2023:01:24:46 -0500] "GET /BLA/resoluciones/RESOLUCIONES%202019/2758.pdf HTTP/1.1" 200 372776
201.245.192.253 - - [18/Dec/2023:01:24:55 -0500] "POST /forms/lservlet;jsessionid=ac16012b30d665b9d6b5cea24731bd918aefbc6c9e46.e3iSbxaKaheRe34Qc38TbN0Nb41ynknvrkLOlQzNp65In0 HTTP/1.1" 200 2
156.59.198.136 - - [18/Dec/2023:01:25:02 -0500] "GET /BLA/resoluciones/AUTOS%202007/0132.pdf HTTP/1.0" 200 108603
156.59.198.136 - - [18/Dec/2023:01:25:27 -0500] "GET /BLA/resoluciones/RESOLUCIONES%202009/0081.pdf HTTP/1.0" 200 403426
216.244.66.195 - - [18/Dec/2023:01:25:32 -0500] "GET /BLA/resoluciones/RESOLUCIONES%202019/2788.pdf HTTP/1.1" 200 306835
5.61.57.183 - - [18/Dec/2023:01:25:41 -0500] "GET /wp-login.php HTTP/1.1" 404 1035
156.59.198.135 - - [18/Dec/2023:01:25:51 -0500] "GET /BLA/resoluciones/RESOLUCIONES%202009/0091.pdf HTTP/1.0" 200 444976
201.245.192.253 - - [18/Dec/2023:01:25:46 -0500] "POST /kwsrmcab/Wsrmcab HTTP/1.1" 200 38505
201.245.192.253 - - [18/Dec/2023:01:25:52 -0500] "POST /kwsrmcab/Wsrmcab HTTP/1.1" 200 39156
216.244.66.195 - - [18/Dec/2023:01:26:11 -0500] "GET /BLA/resoluciones/RESOLUCIONES%202019/2851.pdf HTTP/1.1" 200 287666
156.59.198.135 - - [18/Dec/2023:01:26:15 -0500] "GET /BLA/resoluciones/AUTOS%202019/0478.pdf HTTP/1.0" 200 258365
201.245.192.253 - - [18/Dec/2023:01:26:23 -0500] "POST /forms/lservlet;jsessionid=ac16012b30d68f87e6b31bdd4159a82faa45787d3329.e3iSbxaKaheRe34Qc38TbN0Nb41ynknvrkLOlQzNp65In0 HTTP/1.1" 200 2
156.59.198.135 - - [18/Dec/2023:01:26:39 -0500] "GET /BLA/resoluciones/RESOLUCIONES%202009/0119.pdf HTTP/1.0" 200 323518
44.214.1.187 - - [18/Dec/2023:01:26:43 -0500] "GET / HTTP/1.1" 200 319
216.244.66.195 - - [18/Dec/2023:01:26:44 -0500] "GET /BLA/resoluciones/RESOLUCIONES%202019/3212.pdf HTTP/1.1" 200 258380
201.245.192.253 - - [18/Dec/2023:01:26:55 -0500] "POST /forms/lservlet;jsessionid=ac16012b30d665b9d6b5cea24731bd918aefbc6c9e46.e3iSbxaKaheRe34Qc38TbN0Nb41ynknvrkLOlQzNp65In0 HTTP/1.1" 200 2
201.245.192.253 - - [18/Dec/2023:01:26:55 -0500] "POST /kwsrmcab/Wsrmcab  HTTP/1.1" 200 37894
156.59.198.136 - - [18/Dec/2023:01:27:03 -0500] "GET /BLA/resoluciones/AUTOS%202007/0614.pdf HTTP/1.0" 200 287925
172.22.2.4 - - [18/Dec/2023:01:25:37 -0500] "HEAD /BLA/boletinlegal/ HTTP/1.1" 200 -
216.244.66.195 - - [18/Dec/2023:01:27:18 -0500] "GET /BLA/resoluciones/RESOLUCIONES%202019/3266.pdf HTTP/1.1" 200 646629
156.59.198.135 - - [18/Dec/2023:01:27:27 -0500] "GET /BLA/resoluciones/RESOLUCIONES%202009/1021.pdf HTTP/1.0" 200 301287
216.245.221.92 - - [18/Dec/2023:01:27:44 -0500] "HEAD / HTTP/1.1" 200 -
156.59.198.135 - - [18/Dec/2023:01:27:51 -0500] "GET /BLA/resoluciones/RESOLUCIONES%202020/0454.pdf HTTP/1.0" 200 328146
216.244.66.195 - - [18/Dec/2023:01:28:02 -0500] "GET /BLA/resoluciones/RESOLUCIONES%202019/3297.pdf HTTP/1.1" 200 510388
172.22.2.4 - - [18/Dec/2023:01:26:28 -0500] "GET /BLA/boletinlegal/ HTTP/1.1" 200 55050
156.59.198.136 - - [18/Dec/2023:01:28:15 -0500] "GET /BLA/resoluciones/RESOLUCIONES%202009/1007.pdf HTTP/1.0" 200 318803
201.245.192.253 - - [18/Dec/2023:01:28:23 -0500] "POST /forms/lservlet;jsessionid=ac16012b30d68f87e6b31bdd4159a82faa45787d3329.e3iSbxaKaheRe34Qc38TbN0Nb41ynknvrkLOlQzNp65In0 HTTP/1.1" 200 2
156.59.198.135 - - [18/Dec/2023:01:28:39 -0500] "GET /BLA/resoluciones/RESOLUCIONES%202009/0279.pdf HTTP/1.0" 200 28432
216.244.66.195 - - [18/Dec/2023:01:28:45 -0500] "GET /BLA/resoluciones/RESOLUCIONES%202019/3798.pdf HTTP/1.1" 200 375732
201.245.192.253 - - [18/Dec/2023:01:28:55 -0500] "POST /forms/lservlet;jsessionid=ac16012b30d665b9d6b5cea24731bd918aefbc6c9e46.e3iSbxaKaheRe34Qc38TbN0Nb41ynknvrkLOlQzNp65In0 HTTP/1.1" 200 2
156.59.198.135 - - [18/Dec/2023:01:29:04 -0500] "GET /BLA/resoluciones/RESOLUCIONES%202020/1753.pdf HTTP/1.0" 200 3025852
216.244.66.195 - - [18/Dec/2023:01:29:19 -0500] "GET /BLA/resoluciones/AUTOS%202007/0037.pdf HTTP/1.1" 200 103770
156.59.198.136 - - [18/Dec/2023:01:29:28 -0500] "GET /BLA/resoluciones/AUTOS%202007/2823.pdf HTTP/1.0" 200 202193
201.245.192.253 - - [18/Dec/2023:01:29:39 -0500] "POST /kwsrmcab/Wsrmcab HTTP/1.1" 200 38505
201.245.192.253 - - [18/Dec/2023:01:29:44 -0500] "POST /kwsrmcab/Wsrmcab HTTP/1.1" 200 39156
216.244.66.195 - - [18/Dec/2023:01:29:48 -0500] "GET /BLA/resoluciones/AUTOS%202007/0071.pdf HTTP/1.1" 200 47261
156.59.198.136 - - [18/Dec/2023:01:29:52 -0500] "GET /BLA/resoluciones/RESOLUCIONES%202020/1542.pdf HTTP/1.0" 200 395900
186.102.35.44 - - [18/Dec/2023:01:30:05 -0500] "GET /kwssiamovil/sm/acme/u?s=U2FsdGVkX1+B3KdowhlN5UdhARkscAEhvbs8JxCfrL1OBJdulJR50h/e60cjV2kzD0xbo0sUdSu8Z/MOgITTMX5FYVULrpNIGNn8ofnMlbDD3dCd3dWmIio0XFsiKuTFFA1bdsFq9cskFlcSz7M5mHcpejajPalEzo2rpHWPmJE=&u=U2FsdGVkX1++73oFE0qBlDqfKDyIdYxh/vFcYeURp4rnUlZ3/++E87g/G/EOHRO/&y=U2FsdGVkX1++C/Xa80b6NIaQk/6NrurKWabcyBQQ/4jpiSRS6zr1HTmw6X1LV0Dj HTTP/1.1" 200 60
156.59.198.135 - - [18/Dec/2023:01:30:16 -0500] "GET /BLA/resoluciones/AUTOS%202007/0867.pdf HTTP/1.0" 200 153442
216.244.66.195 - - [18/Dec/2023:01:30:16 -0500] "GET /BLA/resoluciones/AUTOS%202007/0138.pdf HTTP/1.1" 200 99448
201.245.192.253 - - [18/Dec/2023:01:30:23 -0500] "POST /forms/lservlet;jsessionid=ac16012b30d68f87e6b31bdd4159a82faa45787d3329.e3iSbxaKaheRe34Qc38TbN0Nb41ynknvrkLOlQzNp65In0 HTTP/1.1" 200 2
156.59.198.136 - - [18/Dec/2023:01:30:40 -0500] "GET /BLA/resoluciones/AUTOS%202019/4411.pdf HTTP/1.0" 200 274759
216.244.66.195 - - [18/Dec/2023:01:30:43 -0500] "GET /BLA/resoluciones/AUTOS%202007/0220.pdf HTTP/1.1" 200 17400
201.245.192.253 - - [18/Dec/2023:01:30:55 -0500] "POST /forms/lservlet;jsessionid=ac16012b30d665b9d6b5cea24731bd918aefbc6c9e46.e3iSbxaKaheRe34Qc38TbN0Nb41ynknvrkLOlQzNp65In0 HTTP/1.1" 200 2
156.59.198.136 - - [18/Dec/2023:01:31:05 -0500] "GET /BLA/resoluciones/AUTOS%202019/2241.pdf HTTP/1.0" 200 269686
216.244.66.195 - - [18/Dec/2023:01:31:09 -0500] "GET /BLA/resoluciones/AUTOS%202007/0262.pdf HTTP/1.1" 200 173397
156.59.198.136 - - [18/Dec/2023:01:31:29 -0500] "GET /BLA/resoluciones/RESOLUCIONES%202009/0063.pdf HTTP/1.0" 200 257646
216.244.66.195 - - [18/Dec/2023:01:31:37 -0500] "GET /BLA/resoluciones/AUTOS%202007/0319.pdf HTTP/1.1" 200 58953
156.59.198.136 - - [18/Dec/2023:01:31:53 -0500] "GET /BLA/resoluciones/AUTOS%202007/2952.pdf HTTP/1.0" 200 71311
201.245.192.253 - - [18/Dec/2023:01:31:53 -0500] "POST /kwsrmcab/Wsrmcab  HTTP/1.1" 200 37894
216.244.66.195 - - [18/Dec/2023:01:32:01 -0500] "GET /BLA/resoluciones/AUTOS%202007/0445.pdf HTTP/1.1" 200 13650
156.59.198.136 - - [18/Dec/2023:01:32:17 -0500] "GET /BLA/resoluciones/RESOLUCIONES%202020/2400.pdf HTTP/1.0" 200 384653
201.245.192.253 - - [18/Dec/2023:01:32:23 -0500] "POST /forms/lservlet;jsessionid=ac16012b30d68f87e6b31bdd4159a82faa45787d3329.e3iSbxaKaheRe34Qc38TbN0Nb41ynknvrkLOlQzNp65In0 HTTP/1.1" 200 2
216.244.66.195 - - [18/Dec/2023:01:32:23 -0500] "GET /BLA/resoluciones/AUTOS%202007/0480.pdf HTTP/1.1" 200 31337
156.59.198.135 - - [18/Dec/2023:01:32:41 -0500] "GET /BLA/resoluciones/AUTOS%202007/2909.pdf HTTP/1.0" 200 68696
216.245.221.92 - - [18/Dec/2023:01:32:44 -0500] "HEAD / HTTP/1.1" 200 -
216.244.66.195 - - [18/Dec/2023:01:32:45 -0500] "GET /BLA/resoluciones/AUTOS%202007/0630.pdf HTTP/1.1" 200 86984
201.245.192.253 - - [18/Dec/2023:01:32:55 -0500] "POST /forms/lservlet;jsessionid=ac16012b30d665b9d6b5cea24731bd918aefbc6c9e46.e3iSbxaKaheRe34Qc38TbN0Nb41ynknvrkLOlQzNp65In0 HTTP/1.1" 200 2
137.184.3.160 - - [18/Dec/2023:01:32:59 -0500] "GET / HTTP/1.1" 200 319
156.59.198.135 - - [18/Dec/2023:01:33:05 -0500] "GET /BLA/resoluciones/RESOLUCIONES%202009/0455.pdf HTTP/1.0" 200 396752
216.244.66.195 - - [18/Dec/2023:01:33:06 -0500] "GET /BLA/resoluciones/AUTOS%202012/2986.pdf HTTP/1.1" 200 306434
172.22.2.4 - - [18/Dec/2023:01:31:27 -0500] "HEAD /BLA/boletinlegal/ HTTP/1.1" 200 -
216.244.66.195 - - [18/Dec/2023:01:33:29 -0500] "GET /BLA/resoluciones/AUTOS%202019/1525.pdf HTTP/1.1" 200 242513
156.59.198.136 - - [18/Dec/2023:01:33:29 -0500] "GET /BLA/resoluciones/AUTOS%202019/2113.pdf HTTP/1.0" 200 728362
216.244.66.195 - - [18/Dec/2023:01:33:49 -0500] "GET /BLA/resoluciones/AUTOS%202019/2167.pdf HTTP/1.1" 200 255959
156.59.198.136 - - [18/Dec/2023:01:33:54 -0500] "GET /BLA/resoluciones/AUTOS%202007/2381.pdf HTTP/1.0" 200 77187
172.22.2.4 - - [18/Dec/2023:01:32:18 -0500] "GET /BLA/boletinlegal/ HTTP/1.1" 200 54105
186.102.35.44 - - [18/Dec/2023:01:34:01 -0500] "GET /kwssiamovil/sm/acme/a?s=U2FsdGVkX19bIFKVHIpm9QMmU/IY+2jTXTeRRACHa8gmqYtXkyb5FXsxqxA9F4CNV9CTioGXCyqELZ7w7KrEXJvYwoUsKw9TvBzme8iFPSh+om4hmlLLlETjzCiho97UcEfuo8QFcCrt1I6OwUlSZsdxbV0wOHwXYs45ta+lPnCA+jDqO4vjU5Z/f4aEtEvElu2xoFXfngyjQ4gzPS0zvZXGguYhPkHE0CmtFli2FTZzMtkzq183lxhmPkVytsvt4PUkZJRO430A+jNtBRjucw==&u=U2FsdGVkX1++73oFE0qBlDqfKDyIdYxh/vFcYeURp4rnUlZ3/++E87g/G/EOHRO/&y=U2FsdGVkX1++C/Xa80b6NIaQk/6NrurKWabcyBQQ/4jpiSRS6zr1HTmw6X1LV0Dj HTTP/1.1" 200 26
186.102.35.44 - - [18/Dec/2023:01:34:01 -0500] "GET /kwssiamovil/sm/acme/a?s=U2FsdGVkX1/mIm8VkwSz6uWQ/wFHXyn8fMBgc++gfZkBO2Kc88+3Xa0Db0Sfkob4SXfEkpgpsEiGHVwOqkUCVtgtUa9IDJXGRECN8x4clv2sf8yQYicPKJbSWDNBwoDHxL2p9jTshNTslmtgyslouaAVPJgOe9viooXqHVkRatDR1hUvIjZTfh9/3qwi1R3qsQnwNEJ5jNa/3SFiPtl+xWSesGhshmLMkHBO+JhygBebgbEVzUMjPdVTa8y7aJd3H9ePpbdm2x9NQLjpOg3jFoo86XmF3LSzLVRlRQgNTEDqHkPXx4bv2BtACYX45gsaIUpQRiWgAGcxEgn2u//V07UDZU9Gj4FUzFJgLpB00JUmd2G/BEw4jP39d7LMVYzE9bYJekX7C0ROXAzMpxFzwkbNJP6obJa691T7oTlxf9YnW4+bsr4AI8U17+bkYJexdTY3zcKSXqaAsOIqRQPjoV+zlH5kUXfUpBJLaugptPEnAhG2xm+8nLB7SIug8CppoFSnLXehXlbb3fY5Goq4Rp21ehDLsBJ3PymE7XVg+acffnb97wTUTB3JMGNmRZuhWXPRV4SprfX8FftfcTQGiCZReT5WsRidZS4pNenPfynVS4q7nBHT3YtWnxB5TOhW9vWrVkCP/Z310YLzd5YvME4gfcBmc5BIIudoTybvUaCBlYHCqb1aVlmmLWTCQwMcNemhM8BnNiY/zwYIjyEvLGBIAqdAtWSkL1dsmqvr5ZtZdhrmkef/vRojZKAF3pC/YTydOJSOUwgS2m+lzcPR5P++cPtOAZxPRSdbgkpQf48yejbRakuxUlFCoeTK3fw7XpvQMbsZb6BJga2nHfsfpNDQDid16DqPNPSBSK0DvNp5/Nms0PEUdS8iyGWdIWIQz1xYFYqDrfikr31Ux6oSbzMs2zJF/ElxPR0EezxMyPw6ylylj4eaVTk7dAwdZYMS1fQ8tNoNflxN3YRlmYEG4u+Jh1Sv/lS4WAarShBnWJXHYBpDDINYAwanmqqMR0xHWrYm7HPryGSFmYUm81Zfqm9m9ztxFDu7b6Hfige2XzCmqzQzGmV8MgvnmWAWYJd6BdYISI74Z++lEOVlha1IMqefh2KGhW7KkcTrqkzqrXUJa400qvG1ge8TZVqoovfIWYhg6SmjirUoZSNCLYAMTDKL1A+7HfltFcWy3N5LZVxMWczFPuDotkIA5GjhMFJ+sdlDVte8tbYe7YTzB0qpWS5lCgtGrFyr0iuKTcde6hYqLWYaweFBhzbkPh+jXX3ZHxc9l4GaKmRA9Pq466sgMVyC3wh3xS95z6ncpTaOfYxB8yultaK8w0S2kexxfghd4MH844TH6FWZM9HcHlB66w==&u=U2FsdGVkX1++73oFE0qBlDqfKDyIdYxh/vFcYeURp4rnUlZ3/++E87g/G/EOHRO/&y=U2FsdGVkX1++C/Xa80b6NIaQk/6NrurKWabcyBQQ/4jpiSRS6zr1HTmw6X1LV0Dj HTTP/1.1" 200 26
186.102.35.44 - - [18/Dec/2023:01:34:02 -0500] "GET /kwssiamovil/sm/acme/a?s=U2FsdGVkX19zznw1J2h+YWpiUWAE8QFXH16HDEHpXDiOoyRLmL8STbldKI2t2D2in1XPrt8zx8d7yRT0uStQRUcIIdvkOyrgiznIhv6MtYBaG4JinZJArhhhTqd2fAkzc6OXBv5kKNM1+qWJ7MBGQMCq7bgY+IRfE6LwUDseGDM=&u=U2FsdGVkX1++73oFE0qBlDqfKDyIdYxh/vFcYeURp4rnUlZ3/++E87g/G/EOHRO/&y=U2FsdGVkX1++C/Xa80b6NIaQk/6NrurKWabcyBQQ/4jpiSRS6zr1HTmw6X1LV0Dj HTTP/1.1" 200 26
186.102.35.44 - - [18/Dec/2023:01:34:02 -0500] "GET /kwssiamovil/sm/acme/a?s=U2FsdGVkX1/9MCM0RsmjkQwdDZqFNSFAlsefnKFt0EvOF+fxR7Rcow+IfwStTNnDBjOycjb+NegvXpkteZwQl1/rD3rUWQOxfbUoDnM2GMwvEuhyDSVuP12FbERm352rscQduFRx5pQuZUohHAfQJgTiURo+5AtPlI4IFRjVQuM=&u=U2FsdGVkX1++73oFE0qBlDqfKDyIdYxh/vFcYeURp4rnUlZ3/++E87g/G/EOHRO/&y=U2FsdGVkX1++C/Xa80b6NIaQk/6NrurKWabcyBQQ/4jpiSRS6zr1HTmw6X1LV0Dj HTTP/1.1" 200 26
186.102.35.44 - - [18/Dec/2023:01:34:02 -0500] "GET /kwssiamovil/sm/acme/a?s=U2FsdGVkX1/w3nHp3v97jKUqBKsUUvekKVOKf8l2OyUWc7BhFd0VfVeapNVs1U41rgHHNEjF0NkinBwzCzOVYfGlrz1QTjKtr/+mgFHMvlzvp2X+YaB3u9xi5bSBko/Jd44iH63rDdtZ4yV57jr8urqCLcCdiXMNF2SfB4cwJQc=&u=U2FsdGVkX1++73oFE0qBlDqfKDyIdYxh/vFcYeURp4rnUlZ3/++E87g/G/EOHRO/&y=U2FsdGVkX1++C/Xa80b6NIaQk/6NrurKWabcyBQQ/4jpiSRS6zr1HTmw6X1LV0Dj HTTP/1.1" 200 26
186.102.35.44 - - [18/Dec/2023:01:34:02 -0500] "GET /kwssiamovil/sm/acme/a?s=U2FsdGVkX1/ZA4nXzAgZdaOzvg7A1Rv9nUIE/yuGbTKeMYZXqDoztcuGxIrFQV0RI1Qz+uIa45yO1ebp2J0sGi9laz5+LozRGO/LdgICRo+spCUdUKYRp3PdHYGcB6EYx6MBcRAgDtxD7mewqWbyS/Y0L52gPsrPi9g/LTSfHpph4BGayKLh8NV5Kt2sAH12OJrDeq7LZBagHooRmPnN1w==&u=U2FsdGVkX1++73oFE0qBlDqfKDyIdYxh/vFcYeURp4rnUlZ3/++E87g/G/EOHRO/&y=U2FsdGVkX1++C/Xa80b6NIaQk/6NrurKWabcyBQQ/4jpiSRS6zr1HTmw6X1LV0Dj HTTP/1.1" 200 26
216.244.66.195 - - [18/Dec/2023:01:34:07 -0500] "GET /BLA/resoluciones/AUTOS%202019/2439.pdf HTTP/1.1" 200 252047
186.102.35.44 - - [18/Dec/2023:01:34:11 -0500] "GET /kwssiamovil/sm/acme/u?s=U2FsdGVkX186wth1tq7QEed7u77sumN5hTeAvmcd9TDQFr8gkZhtVFF4Jg+HKill0e+h/5Mmf689+LfYhqd6d8dKomIUxVZYNc8+hH49PjCSpAvbeXs5oPqaREQg7psAZVnWDIG7vdO6CmgIG4ayN1BVFiiEloWItUwBqEVWtK0=&u=U2FsdGVkX1++73oFE0qBlDqfKDyIdYxh/vFcYeURp4rnUlZ3/++E87g/G/EOHRO/&y=U2FsdGVkX1++C/Xa80b6NIaQk/6NrurKWabcyBQQ/4jpiSRS6zr1HTmw6X1LV0Dj HTTP/1.1" 200 60
156.59.198.135 - - [18/Dec/2023:01:34:18 -0500] "GET /BLA/resoluciones/AUTOS%202007/0996.pdf HTTP/1.0" 200 41309
201.245.192.253 - - [18/Dec/2023:01:34:23 -0500] "POST /forms/lservlet;jsessionid=ac16012b30d68f87e6b31bdd4159a82faa45787d3329.e3iSbxaKaheRe34Qc38TbN0Nb41ynknvrkLOlQzNp65In0 HTTP/1.1" 200 2
216.244.66.195 - - [18/Dec/2023:01:34:25 -0500] "GET /galeria/galeria/fotos/micos5G.jpg HTTP/1.1" 200 318352
156.59.198.135 - - [18/Dec/2023:01:34:42 -0500] "GET /BLA/resoluciones/RESOLUCIONES%202020/1774.pdf HTTP/1.0" 200 357267
201.245.192.253 - - [18/Dec/2023:01:34:55 -0500] "POST /forms/lservlet;jsessionid=ac16012b30d665b9d6b5cea24731bd918aefbc6c9e46.e3iSbxaKaheRe34Qc38TbN0Nb41ynknvrkLOlQzNp65In0 HTTP/1.1" 200 2
156.59.198.136 - - [18/Dec/2023:01:35:06 -0500] "GET /BLA/resoluciones/AUTOS%202007/0631.pdf HTTP/1.0" 200 83281
156.59.198.135 - - [18/Dec/2023:01:35:30 -0500] "GET /BLA/resoluciones/AUTOS%202007/0477.pdf HTTP/1.0" 200 17787
201.245.192.253 - - [18/Dec/2023:01:35:46 -0500] "POST /kwsrmcab/Wsrmcab HTTP/1.1" 503 1020
201.245.192.253 - - [18/Dec/2023:01:35:47 -0500] "POST /kwsrmcab/Wsrmcab HTTP/1.1" 503 1020
156.59.198.135 - - [18/Dec/2023:01:35:54 -0500] "GET /BLA/resoluciones/AUTOS%202007/3449.pdf HTTP/1.0" 200 93071
156.59.198.136 - - [18/Dec/2023:01:36:19 -0500] "GET /BLA/resoluciones/AUTOS%202007/1568.pdf HTTP/1.0" 200 31286
201.245.192.253 - - [18/Dec/2023:01:36:23 -0500] "POST /forms/lservlet;jsessionid=ac16012b30d68f87e6b31bdd4159a82faa45787d3329.e3iSbxaKaheRe34Qc38TbN0Nb41ynknvrkLOlQzNp65In0 HTTP/1.1" 200 2
156.59.198.135 - - [18/Dec/2023:01:36:42 -0500] "GET /BLA/resoluciones/AUTOS%202007/1550.pdf HTTP/1.0" 200 29866
201.245.192.253 - - [18/Dec/2023:01:36:51 -0500] "POST /kwsrmcab/Wsrmcab  HTTP/1.1" 200 37894
201.245.192.253 - - [18/Dec/2023:01:36:55 -0500] "POST /forms/lservlet;jsessionid=ac16012b30d665b9d6b5cea24731bd918aefbc6c9e46.e3iSbxaKaheRe34Qc38TbN0Nb41ynknvrkLOlQzNp65In0 HTTP/1.1" 200 2
156.59.198.136 - - [18/Dec/2023:01:37:07 -0500] "GET /BLA/resoluciones/AUTOS%202007/3530.pdf HTTP/1.0" 200 208241
156.59.198.135 - - [18/Dec/2023:01:37:31 -0500] "GET /BLA/resoluciones/AUTOS%202007/1347.pdf HTTP/1.0" 200 57542
216.245.221.92 - - [18/Dec/2023:01:37:44 -0500] "HEAD / HTTP/1.1" 200 -
156.59.198.135 - - [18/Dec/2023:01:37:55 -0500] "GET /BLA/resoluciones/AUTOS%202007/2184.pdf HTTP/1.0" 200 189185
156.59.198.135 - - [18/Dec/2023:01:38:19 -0500] "GET /BLA/resoluciones/AUTOS%202019/1317.pdf HTTP/1.0" 200 233965
201.245.192.253 - - [18/Dec/2023:01:38:23 -0500] "POST /forms/lservlet;jsessionid=ac16012b30d68f87e6b31bdd4159a82faa45787d3329.e3iSbxaKaheRe34Qc38TbN0Nb41ynknvrkLOlQzNp65In0 HTTP/1.1" 200 2
156.59.198.135 - - [18/Dec/2023:01:38:43 -0500] "GET /BLA/resoluciones/AUTOS%202007/3056.pdf HTTP/1.0" 200 141034
201.245.192.253 - - [18/Dec/2023:01:38:55 -0500] "POST /forms/lservlet;jsessionid=ac16012b30d665b9d6b5cea24731bd918aefbc6c9e46.e3iSbxaKaheRe34Qc38TbN0Nb41ynknvrkLOlQzNp65In0 HTTP/1.1" 200 2
172.22.2.4 - - [18/Dec/2023:01:37:17 -0500] "HEAD /BLA/boletinlegal/ HTTP/1.1" 200 -
156.59.198.136 - - [18/Dec/2023:01:39:07 -0500] "GET /BLA/resoluciones/AUTOS%202007/3575.pdf HTTP/1.0" 200 233319
156.59.198.136 - - [18/Dec/2023:01:39:31 -0500] "GET /BLA/resoluciones/RESOLUCIONES%202009/0084.pdf HTTP/1.0" 200 228221
201.245.192.253 - - [18/Dec/2023:01:39:39 -0500] "POST /kwsrmcab/Wsrmcab HTTP/1.1" 200 38505
201.245.192.253 - - [18/Dec/2023:01:39:44 -0500] "POST /kwsrmcab/Wsrmcab HTTP/1.1" 200 39156
172.22.2.4 - - [18/Dec/2023:01:38:08 -0500] "GET /BLA/boletinlegal/ HTTP/1.1" 200 60224
23.154.177.2 - - [18/Dec/2023:01:39:54 -0500] "GET /las-tres-caminatas-para-cerrar-el-ano-entre-la-naturaleza.html HTTP/1.1" 200 776
156.59.198.136 - - [18/Dec/2023:01:39:55 -0500] "GET /BLA/resoluciones/RESOLUCIONES%202009/0162.pdf HTTP/1.0" 200 243881
216.244.66.195 - - [18/Dec/2023:01:40:14 -0500] "GET /robots.txt HTTP/1.1" 404 1018
156.59.198.136 - - [18/Dec/2023:01:40:19 -0500] "GET /BLA/resoluciones/AUTOS%202007/1495.pdf HTTP/1.0" 200 48719
201.245.192.253 - - [18/Dec/2023:01:40:23 -0500] "POST /forms/lservlet;jsessionid=ac16012b30d68f87e6b31bdd4159a82faa45787d3329.e3iSbxaKaheRe34Qc38TbN0Nb41ynknvrkLOlQzNp65In0 HTTP/1.1" 200 2
156.59.198.136 - - [18/Dec/2023:01:40:43 -0500] "GET /BLA/resoluciones/AUTOS%202007/2846.pdf HTTP/1.0" 200 110771
201.245.192.253 - - [18/Dec/2023:01:40:55 -0500] "POST /forms/lservlet;jsessionid=ac16012b30d665b9d6b5cea24731bd918aefbc6c9e46.e3iSbxaKaheRe34Qc38TbN0Nb41ynknvrkLOlQzNp65In0 HTTP/1.1" 200 2
156.59.198.135 - - [18/Dec/2023:01:41:07 -0500] "GET /BLA/resoluciones/AUTOS%202019/1564.pdf HTTP/1.0" 200 266276
156.59.198.136 - - [18/Dec/2023:01:41:31 -0500] "GET /BLA/resoluciones/AUTOS%202007/2556.pdf HTTP/1.0" 200 59877
201.245.192.253 - - [18/Dec/2023:01:41:50 -0500] "POST /kwsrmcab/Wsrmcab  HTTP/1.1" 200 37894
156.59.198.136 - - [18/Dec/2023:01:41:55 -0500] "GET /BLA/resoluciones/RESOLUCIONES%202009/0393.pdf HTTP/1.0" 200 248535
156.59.198.136 - - [18/Dec/2023:01:42:20 -0500] "GET /BLA/resoluciones/AUTOS%202007/2525.pdf HTTP/1.0" 200 73878
201.245.192.253 - - [18/Dec/2023:01:42:23 -0500] "POST /forms/lservlet;jsessionid=ac16012b30d68f87e6b31bdd4159a82faa45787d3329.e3iSbxaKaheRe34Qc38TbN0Nb41ynknvrkLOlQzNp65In0 HTTP/1.1" 200 2
172.22.2.4 - - [18/Dec/2023:01:40:49 -0500] "GET /BLA/boletinlegal/ HTTP/1.1" 200 62729
156.59.198.135 - - [18/Dec/2023:01:42:44 -0500] "GET /BLA/resoluciones/AUTOS%202007/0475.pdf HTTP/1.0" 200 76453
216.245.221.92 - - [18/Dec/2023:01:42:44 -0500] "HEAD / HTTP/1.1" 200 -
201.245.192.253 - - [18/Dec/2023:01:42:55 -0500] "POST /forms/lservlet;jsessionid=ac16012b30d665b9d6b5cea24731bd918aefbc6c9e46.e3iSbxaKaheRe34Qc38TbN0Nb41ynknvrkLOlQzNp65In0 HTTP/1.1" 200 2
156.59.198.135 - - [18/Dec/2023:01:43:08 -0500] "GET /BLA/resoluciones/RESOLUCIONES%202020/2743.pdf HTTP/1.0" 200 407882
156.59.198.136 - - [18/Dec/2023:01:43:32 -0500] "GET /BLA/resoluciones/RESOLUCIONES%202009/0758.pdf HTTP/1.0" 200 586613
156.59.198.135 - - [18/Dec/2023:01:43:56 -0500] "GET /BLA/resoluciones/RESOLUCIONES%202009/0599.pdf HTTP/1.0" 200 301279
156.59.198.136 - - [18/Dec/2023:01:44:20 -0500] "GET /BLA/resoluciones/RESOLUCIONES%202020/2460.pdf HTTP/1.0" 200 380345
201.245.192.253 - - [18/Dec/2023:01:44:23 -0500] "POST /forms/lservlet;jsessionid=ac16012b30d68f87e6b31bdd4159a82faa45787d3329.e3iSbxaKaheRe34Qc38TbN0Nb41ynknvrkLOlQzNp65In0 HTTP/1.1" 200 2
156.59.198.135 - - [18/Dec/2023:01:44:44 -0500] "GET /BLA/resoluciones/AUTOS%202007/0944.pdf HTTP/1.0" 200 22017
172.22.2.4 - - [18/Dec/2023:01:43:07 -0500] "HEAD /BLA/boletinlegal/ HTTP/1.1" 200 -
201.245.192.253 - - [18/Dec/2023:01:44:55 -0500] "POST /forms/lservlet;jsessionid=ac16012b30d665b9d6b5cea24731bd918aefbc6c9e46.e3iSbxaKaheRe34Qc38TbN0Nb41ynknvrkLOlQzNp65In0 HTTP/1.1" 200 2
156.59.198.136 - - [18/Dec/2023:01:45:08 -0500] "GET /BLA/resoluciones/RESOLUCIONES%202009/0922.pdf HTTP/1.0" 200 292126
156.59.198.136 - - [18/Dec/2023:01:45:32 -0500] "GET /BLA/resoluciones/AUTOS%202007/0757.pdf HTTP/1.0" 200 192002
172.22.2.4 - - [18/Dec/2023:01:43:58 -0500] "GET /BLA/boletinlegal/ HTTP/1.1" 200 58294
156.59.198.136 - - [18/Dec/2023:01:45:56 -0500] "GET /BLA/resoluciones/RESOLUCIONES%202020/1766.pdf HTTP/1.0" 200 331130
156.59.198.136 - - [18/Dec/2023:01:46:21 -0500] "GET /BLA/resoluciones/AUTOS%202007/1172.pdf HTTP/1.0" 200 47897
201.245.192.253 - - [18/Dec/2023:01:46:23 -0500] "POST /forms/lservlet;jsessionid=ac16012b30d68f87e6b31bdd4159a82faa45787d3329.e3iSbxaKaheRe34Qc38TbN0Nb41ynknvrkLOlQzNp65In0 HTTP/1.1" 200 2
156.59.198.135 - - [18/Dec/2023:01:46:45 -0500] "GET /BLA/resoluciones/AUTOS%202007/2343.pdf HTTP/1.0" 200 235327
201.245.192.253 - - [18/Dec/2023:01:46:48 -0500] "POST /kwsrmcab/Wsrmcab  HTTP/1.1" 200 37894
201.245.192.253 - - [18/Dec/2023:01:46:55 -0500] "POST /forms/lservlet;jsessionid=ac16012b30d665b9d6b5cea24731bd918aefbc6c9e46.e3iSbxaKaheRe34Qc38TbN0Nb41ynknvrkLOlQzNp65In0 HTTP/1.1" 200 2
156.59.198.135 - - [18/Dec/2023:01:47:09 -0500] "GET /BLA/resoluciones/AUTOS%202007/0449.pdf HTTP/1.0" 200 107491
66.249.65.69 - - [18/Dec/2023:01:47:26 -0500] "GET /portaldeninos/2021/06/20/mas-de-130-arboles-fueron-plantados-en-el-humedal-la-conejera-con-comunidad-educativa/ HTTP/1.1" 200 107808
156.59.198.136 - - [18/Dec/2023:01:47:33 -0500] "GET /BLA/resoluciones/AUTOS%202007/1374.pdf HTTP/1.0" 200 27148
216.245.221.92 - - [18/Dec/2023:01:47:44 -0500] "HEAD / HTTP/1.1" 200 -
156.59.198.136 - - [18/Dec/2023:01:47:57 -0500] "GET /BLA/resoluciones/RESOLUCIONES%202009/1154.pdf HTTP/1.0" 200 533464
156.59.198.136 - - [18/Dec/2023:01:48:21 -0500] "GET /BLA/resoluciones/RESOLUCIONES%202009/0446.pdf HTTP/1.0" 200 319588
201.245.192.253 - - [18/Dec/2023:01:48:23 -0500] "POST /forms/lservlet;jsessionid=ac16012b30d68f87e6b31bdd4159a82faa45787d3329.e3iSbxaKaheRe34Qc38TbN0Nb41ynknvrkLOlQzNp65In0 HTTP/1.1" 200 2
201.245.192.253 - - [18/Dec/2023:01:48:55 -0500] "POST /forms/lservlet;jsessionid=ac16012b30d665b9d6b5cea24731bd918aefbc6c9e46.e3iSbxaKaheRe34Qc38TbN0Nb41ynknvrkLOlQzNp65In0 HTTP/1.1" 200 2
47.128.26.20 - - [18/Dec/2023:01:49:00 -0500] "GET /BLA/resoluciones/dlf/pdf.gif HTTP/1.1" 200 272
47.128.26.20 - - [18/Dec/2023:01:49:00 -0500] "GET /BLA/resoluciones/dlf/dirup.png HTTP/1.1" 200 644
47.128.26.20 - - [18/Dec/2023:01:48:59 -0500] "GET /BLA/resoluciones/index.php?dir=RESOLUCIONES+2007%2FRES+2007+4301+AL+4352%2F HTTP/1.1" 200 14905
156.59.198.136 - - [18/Dec/2023:01:49:09 -0500] "GET /BLA/resoluciones/AUTOS%202007/1923.pdf HTTP/1.0" 200 87601
152.61.128.50 - - [18/Dec/2023:01:49:14 -0500] "GET / HTTP/1.1" 200 319
156.59.198.136 - - [18/Dec/2023:01:49:34 -0500] "GET /BLA/resoluciones/AUTOS%202007/1242.pdf HTTP/1.0" 200 72524
156.59.198.135 - - [18/Dec/2023:01:49:58 -0500] "GET /BLA/resoluciones/AUTOS%202007/0679.pdf HTTP/1.0" 200 145130
156.59.198.135 - - [18/Dec/2023:01:50:23 -0500] "GET /BLA/resoluciones/AUTOS%202007/2195.pdf HTTP/1.0" 200 88408
201.245.192.253 - - [18/Dec/2023:01:50:24 -0500] "POST /forms/lservlet;jsessionid=ac16012b30d68f87e6b31bdd4159a82faa45787d3329.e3iSbxaKaheRe34Qc38TbN0Nb41ynknvrkLOlQzNp65In0 HTTP/1.1" 200 2
172.22.2.4 - - [18/Dec/2023:01:48:57 -0500] "HEAD /BLA/boletinlegal/ HTTP/1.1" 200 -
156.59.198.136 - - [18/Dec/2023:01:50:46 -0500] "GET /BLA/resoluciones/AUTOS%202007/1062.pdf HTTP/1.0" 200 93067
201.245.192.253 - - [18/Dec/2023:01:50:55 -0500] "POST /forms/lservlet;jsessionid=ac16012b30d665b9d6b5cea24731bd918aefbc6c9e46.e3iSbxaKaheRe34Qc38TbN0Nb41ynknvrkLOlQzNp65In0 HTTP/1.1" 200 2
167.0.152.142 - - [18/Dec/2023:01:51:05 -0500] "GET /sipse/faces/faces/index.xhtml HTTP/1.1" 200 677
167.0.152.142 - - [18/Dec/2023:01:51:07 -0500] "GET /sipse/faces/javax.faces.resource/theme.css?ln=primefaces-sipse HTTP/1.1" 304 -
167.0.152.142 - - [18/Dec/2023:01:51:08 -0500] "GET /sipse/faces/faces/faces/autenticacion.xhtml HTTP/1.1" 200 12410
216.244.66.195 - - [18/Dec/2023:01:51:08 -0500] "GET /BLA/resoluciones/RESOLUCIONES%202019/1743.pdf HTTP/1.1" 200 320407
167.0.152.142 - - [18/Dec/2023:01:51:08 -0500] "GET /sipse/faces/javax.faces.resource/theme.css?ln=primefaces-sipse HTTP/1.1" 304 -
167.0.152.142 - - [18/Dec/2023:01:51:08 -0500] "GET /sipse/faces/javax.faces.resource/primefaces.css?ln=primefaces&v=4.0 HTTP/1.1" 304 -
167.0.152.142 - - [18/Dec/2023:01:51:09 -0500] "GET /sipse/faces/javax.faces.resource/jquery/jquery.js?ln=primefaces&v=4.0 HTTP/1.1" 304 -
167.0.152.142 - - [18/Dec/2023:01:51:09 -0500] "GET /sipse/faces/javax.faces.resource/layout/layout.css?ln=primefaces&v=4.0 HTTP/1.1" 304 -
167.0.152.142 - - [18/Dec/2023:01:51:09 -0500] "GET /sipse/faces/javax.faces.resource/jquery/jquery-plugins.js?ln=primefaces&v=4.0 HTTP/1.1" 304 -
167.0.152.142 - - [18/Dec/2023:01:51:09 -0500] "GET /sipse/faces/javax.faces.resource/primefaces.js?ln=primefaces&v=4.0 HTTP/1.1" 304 -
167.0.152.142 - - [18/Dec/2023:01:51:09 -0500] "GET /sipse/faces/javax.faces.resource/layout/layout.js?ln=primefaces&v=4.0 HTTP/1.1" 304 -
167.0.152.142 - - [18/Dec/2023:01:51:10 -0500] "GET /sipse/faces/javax.faces.resource/images/ui-icons_898989_256x240.png?ln=primefaces-aristo HTTP/1.1" 304 -
156.59.198.136 - - [18/Dec/2023:01:51:10 -0500] "GET /BLA/resoluciones/RESOLUCIONES%202020/0374.pdf HTTP/1.0" 200 4413373
167.0.152.142 - - [18/Dec/2023:01:51:21 -0500] "POST /sipse/faces/autenticacion.xhtml HTTP/1.1" 200 16313
167.0.152.142 - - [18/Dec/2023:01:51:21 -0500] "GET /sipse/faces/javax.faces.resource/theme.css?ln=primefaces-sipse HTTP/1.1" 304 -
167.0.152.142 - - [18/Dec/2023:01:51:21 -0500] "GET /sipse/faces/javax.faces.resource/primefaces.css?ln=primefaces&v=4.0 HTTP/1.1" 304 -
167.0.152.142 - - [18/Dec/2023:01:51:21 -0500] "GET /sipse/faces/javax.faces.resource/layout/layout.css?ln=primefaces&v=4.0 HTTP/1.1" 304 -
167.0.152.142 - - [18/Dec/2023:01:51:21 -0500] "GET /sipse/faces/javax.faces.resource/jquery/jquery.js?ln=primefaces&v=4.0 HTTP/1.1" 304 -
167.0.152.142 - - [18/Dec/2023:01:51:21 -0500] "GET /sipse/faces/javax.faces.resource/jquery/jquery-plugins.js?ln=primefaces&v=4.0 HTTP/1.1" 304 -
167.0.152.142 - - [18/Dec/2023:01:51:21 -0500] "GET /sipse/faces/javax.faces.resource/primefaces.js?ln=primefaces&v=4.0 HTTP/1.1" 304 -
167.0.152.142 - - [18/Dec/2023:01:51:21 -0500] "GET /sipse/faces/javax.faces.resource/layout/layout.js?ln=primefaces&v=4.0 HTTP/1.1" 304 -
167.0.152.142 - - [18/Dec/2023:01:51:22 -0500] "GET /sipse/css/imagen/contrasena.png HTTP/1.1" 404 383
167.0.152.142 - - [18/Dec/2023:01:51:22 -0500] "GET /sipse/faces/javax.faces.resource/messages/messages.png?ln=primefaces&v=4.0 HTTP/1.1" 304 -
167.0.152.142 - - [18/Dec/2023:01:51:25 -0500] "GET /sipse/faces/javax.faces.resource/images/ui-bg_flat_0_2d5972_40x100.png?ln=primefaces-aristo HTTP/1.1" 304 -
167.0.152.142 - - [18/Dec/2023:01:51:25 -0500] "POST /sipse/faces/bienvenido.xhtml HTTP/1.1" 200 1471
167.0.152.142 - - [18/Dec/2023:01:51:26 -0500] "POST /sipse/faces/bienvenido.xhtml HTTP/1.1" 200 63139
167.0.152.142 - - [18/Dec/2023:01:51:26 -0500] "GET /sipse/faces/javax.faces.resource/theme.css?ln=primefaces-sipse HTTP/1.1" 304 -
167.0.152.142 - - [18/Dec/2023:01:51:26 -0500] "GET /sipse/faces/javax.faces.resource/primefaces.css?ln=primefaces&v=4.0 HTTP/1.1" 304 -
167.0.152.142 - - [18/Dec/2023:01:51:26 -0500] "GET /sipse/faces/javax.faces.resource/layout/layout.css?ln=primefaces&v=4.0 HTTP/1.1" 304 -
167.0.152.142 - - [18/Dec/2023:01:51:26 -0500] "GET /sipse/faces/javax.faces.resource/jquery/jquery.js?ln=primefaces&v=4.0 HTTP/1.1" 304 -
167.0.152.142 - - [18/Dec/2023:01:51:26 -0500] "GET /sipse/faces/javax.faces.resource/jquery/jquery-plugins.js?ln=primefaces&v=4.0 HTTP/1.1" 304 -
167.0.152.142 - - [18/Dec/2023:01:51:26 -0500] "GET /sipse/faces/javax.faces.resource/primefaces.js?ln=primefaces&v=4.0 HTTP/1.1" 304 -
167.0.152.142 - - [18/Dec/2023:01:51:26 -0500] "GET /sipse/faces/javax.faces.resource/layout/layout.js?ln=primefaces&v=4.0 HTTP/1.1" 304 -
167.0.152.142 - - [18/Dec/2023:01:51:27 -0500] "POST /sipse/faces/presentacion/financiero/solicitudProceso/listarSolicitudProceso.xhtml HTTP/1.1" 200 1556
172.22.2.4 - - [18/Dec/2023:01:49:48 -0500] "GET /BLA/boletinlegal/ HTTP/1.1" 200 54693
167.0.152.142 - - [18/Dec/2023:01:51:32 -0500] "POST /sipse/faces/presentacion/financiero/solicitudProceso/listarSolicitudProceso.xhtml HTTP/1.1" 200 33017
167.0.152.142 - - [18/Dec/2023:01:51:32 -0500] "POST /sipse/faces/presentacion/financiero/solicitudProceso/listarSolicitudProceso.xhtml HTTP/1.1" 200 11442
156.59.198.135 - - [18/Dec/2023:01:51:34 -0500] "GET /BLA/resoluciones/AUTOS%202007/1911.pdf HTTP/1.0" 200 166465
167.0.152.142 - - [18/Dec/2023:01:51:35 -0500] "POST /sipse/faces/presentacion/financiero/solicitudProceso/listarSolicitudProceso.xhtml HTTP/1.1" 200 154984
167.0.152.142 - - [18/Dec/2023:01:51:35 -0500] "GET /sipse/faces/javax.faces.resource/theme.css?ln=primefaces-sipse HTTP/1.1" 304 -
167.0.152.142 - - [18/Dec/2023:01:51:35 -0500] "GET /sipse/faces/javax.faces.resource/primefaces.css?ln=primefaces&v=4.0 HTTP/1.1" 304 -
167.0.152.142 - - [18/Dec/2023:01:51:35 -0500] "GET /sipse/faces/javax.faces.resource/layout/layout.css?ln=primefaces&v=4.0 HTTP/1.1" 304 -
167.0.152.142 - - [18/Dec/2023:01:51:36 -0500] "GET /sipse/faces/javax.faces.resource/jquery/jquery.js?ln=primefaces&v=4.0 HTTP/1.1" 304 -
167.0.152.142 - - [18/Dec/2023:01:51:36 -0500] "GET /sipse/faces/javax.faces.resource/jquery/jquery-plugins.js?ln=primefaces&v=4.0 HTTP/1.1" 304 -
167.0.152.142 - - [18/Dec/2023:01:51:36 -0500] "GET /sipse/faces/javax.faces.resource/primefaces.js?ln=primefaces&v=4.0 HTTP/1.1" 304 -
167.0.152.142 - - [18/Dec/2023:01:51:36 -0500] "GET /sipse/faces/javax.faces.resource/layout/layout.js?ln=primefaces&v=4.0 HTTP/1.1" 304 -
216.244.66.195 - - [18/Dec/2023:01:51:49 -0500] "GET /BLA/resoluciones/RESOLUCIONES%202019/2312.pdf HTTP/1.1" 200 282598
201.245.192.253 - - [18/Dec/2023:01:51:47 -0500] "POST /kwsrmcab/Wsrmcab  HTTP/1.1" 200 37894
156.59.198.136 - - [18/Dec/2023:01:51:59 -0500] "GET /BLA/resoluciones/AUTOS%202019/0141.pdf HTTP/1.0" 200 278738
167.0.152.142 - - [18/Dec/2023:01:52:06 -0500] "POST /sipse/faces/presentacion/financiero/solicitudProceso/consultarSolicitudProceso.xhtml HTTP/1.1" 200 14193
156.59.198.135 - - [18/Dec/2023:01:52:22 -0500] "GET /BLA/resoluciones/AUTOS%202007/3554.pdf HTTP/1.0" 200 195779
201.245.192.253 - - [18/Dec/2023:01:52:24 -0500] "POST /forms/lservlet;jsessionid=ac16012b30d68f87e6b31bdd4159a82faa45787d3329.e3iSbxaKaheRe34Qc38TbN0Nb41ynknvrkLOlQzNp65In0 HTTP/1.1" 200 2
216.244.66.195 - - [18/Dec/2023:01:52:35 -0500] "GET /BLA/resoluciones/RESOLUCIONES%202019/2886.pdf HTTP/1.1" 200 1486147
216.245.221.92 - - [18/Dec/2023:01:52:44 -0500] "HEAD / HTTP/1.1" 200 -
156.59.198.135 - - [18/Dec/2023:01:52:47 -0500] "GET /BLA/resoluciones/RESOLUCIONES%202009/0062.pdf HTTP/1.0" 200 217490
201.245.192.253 - - [18/Dec/2023:01:52:55 -0500] "POST /forms/lservlet;jsessionid=ac16012b30d665b9d6b5cea24731bd918aefbc6c9e46.e3iSbxaKaheRe34Qc38TbN0Nb41ynknvrkLOlQzNp65In0 HTTP/1.1" 200 2
167.0.152.142 - - [18/Dec/2023:01:52:57 -0500] "POST /sipse/faces/presentacion/financiero/solicitudProceso/consultarSolicitudProceso.xhtml HTTP/1.1" 200 514854
156.59.198.136 - - [18/Dec/2023:01:53:12 -0500] "GET /BLA/resoluciones/RESOLUCIONES%202009/0677.pdf HTTP/1.0" 200 249923
216.244.66.195 - - [18/Dec/2023:01:53:28 -0500] "GET /BLA/resoluciones/RESOLUCIONES%202019/2898.pdf HTTP/1.1" 200 303915
167.0.152.142 - - [18/Dec/2023:01:53:31 -0500] "POST /sipse/faces/presentacion/financiero/solicitudProceso/consultarSolicitudProceso.xhtml HTTP/1.1" 200 468223
