186.102.53.11 - - [18/Dec/2023:08:08:44 -0500] "GET /kwssiamovil/sm/acme/s?s=U2FsdGVkX1/BbwHVNyy/NpSygA47gKwu/d/ZYbcp5W737Qw+nCiYi+kUQnJVXmj1BdztsqkGUoOhrDlbZgTynQDhOuFWGOrACRrdV9e174Ywnc/W9m7jlVjBRuSggAZvAXMo7qW7eAx0OOmzrraHAFUkyYIWz+m3V3S9ybauqhc9ZAmhHJGWFd339JVMViW1symRsnr0A/+SAXjF6fcM8RuzRB3HGvcaDwNuBG3278o52MyzdKBSuZWBWc3My9oCoQ9ahJ846P4Tr7bdNFpfv5HuZNm0F/62bpdzz4eDeVECQHcB/ByuWvbT1Jvi4y7473CjiXrJ3q4Gya9qiOPpN2uqLSVpcNzMV8jJPR1VPaqgh5xm8Euq4o9QCPwaMPWqQGxy81HHoJEQx70km3y/gzyp96UcYWkXapqPgC+7AbC2WdebBbSjwtohojtKWBanLTNPVc52JvRvHwhWf2XuMpZnPvWHBFsqAIymsOdByW0j/6XPPPhXu7y51EdRustBu/IVwxGr/H2TfdaE0W7YkV/unxBtdZoTJOqxPsvVk24S4HVz8b1w/xtvF8z2YfFtqc0s1daIzm6dFq5E8cJqKw8oOutx0L4clNf+R7CWZxJGdvEepUQVSg9PvvfhEr248B4y4AMncyE6X/Z1zpGK07YzfYnelIstSbF5YIml53iaC2NMs/ZpUEGpvUzhY3hTe7Z9rwaZj/3+3J+UY9A0JLq1wGaAmaxBJdWTxVbzFGN3I6oXEPpYR2qKrfNyDKkX&u=U2FsdGVkX19W4gA5dze6NnMhCyRkpzS1vD47wN+5mxvubWhQC5JR0+J31DyV7F5i&y=U2FsdGVkX1+/dOjkaevIwP2moCr5xXqbVSCYk1x1cxy+L9MX9YRLHkJODKBNuG5m HTTP/1.1" 200 208
186.102.53.11 - - [18/Dec/2023:08:08:44 -0500] "GET /kwssiamovil/sm/cjson/pre?f=1&x=U2FsdGVkX1943dCK6lrln6TbILlSVqBHrWW0hFoW2AkohWJ5iLkWUtO8mYYnNLn74PJi+yyVNOvKHze/dDI+PQ== HTTP/1.1" 200 31032
201.245.192.253 - - [18/Dec/2023:08:09:00 -0500] "POST /forms/lservlet;jsessionid=ac16012b30d665b9d6b5cea24731bd918aefbc6c9e46.e3iSbxaKaheRe34Qc38TbN0Nb41ynknvrkLOlQzNp65In0 HTTP/1.1" 200 2
156.59.198.135 - - [18/Dec/2023:08:09:03 -0500] "GET /BLA/resoluciones/AUTOS%202007/3309.pdf HTTP/1.0" 200 967521
156.59.198.135 - - [18/Dec/2023:08:09:28 -0500] "GET /BLA/resoluciones/AUTOS%202007/1011.pdf HTTP/1.0" 200 120723
172.22.2.4 - - [18/Dec/2023:08:08:07 -0500] "HEAD /BLA/boletinlegal/ HTTP/1.1" 200 -
52.167.144.222 - - [18/Dec/2023:08:09:50 -0500] "GET /BLA/resoluciones/AUTOS%202018/0752.pdf HTTP/1.1" 304 -
156.59.198.135 - - [18/Dec/2023:08:09:52 -0500] "GET /BLA/resoluciones/AUTOS%202014/0394.pdf HTTP/1.0" 200 1133652
201.245.192.253 - - [18/Dec/2023:08:10:06 -0500] "POST /kwsrmcab/Wsrmcab  HTTP/1.1" 200 37894
156.59.198.135 - - [18/Dec/2023:08:10:16 -0500] "GET /BLA/resoluciones/RESOLUCIONES%202023/0074.pdf HTTP/1.0" 200 588424
201.245.192.253 - - [18/Dec/2023:08:10:27 -0500] "POST /forms/lservlet;jsessionid=ac16012b30d68f87e6b31bdd4159a82faa45787d3329.e3iSbxaKaheRe34Qc38TbN0Nb41ynknvrkLOlQzNp65In0 HTTP/1.1" 200 2
172.22.2.4 - - [18/Dec/2023:08:08:58 -0500] "GET /BLA/boletinlegal/ HTTP/1.1" 200 58294
156.59.198.135 - - [18/Dec/2023:08:10:41 -0500] "GET /BLA/resoluciones/RESOLUCIONES%202009/0106.pdf HTTP/1.0" 200 271726
173.252.107.3 - - [18/Dec/2023:08:10:58 -0500] "GET /distrito-declara-alerta-preventiva-en-el-suroccidente-de-la-ciudad-por-mala-calidad-del-aire.html HTTP/1.1" 200 1065
201.245.192.253 - - [18/Dec/2023:08:11:00 -0500] "POST /forms/lservlet;jsessionid=ac16012b30d665b9d6b5cea24731bd918aefbc6c9e46.e3iSbxaKaheRe34Qc38TbN0Nb41ynknvrkLOlQzNp65In0 HTTP/1.1" 200 2
156.59.198.135 - - [18/Dec/2023:08:11:07 -0500] "GET /BLA/resoluciones/AUTOS%202007/1901.pdf HTTP/1.0" 200 24483
156.59.198.135 - - [18/Dec/2023:08:11:31 -0500] "GET /BLA/resoluciones/AUTOS%202007/0922.pdf HTTP/1.0" 200 210533
156.59.198.135 - - [18/Dec/2023:08:11:56 -0500] "GET /BLA/resoluciones/RESOLUCIONES%202020/1561.pdf HTTP/1.0" 200 312697
181.53.12.29 - - [18/Dec/2023:08:11:56 -0500] "GET /sipse/faces/index.xhtml HTTP/1.1" 200 677
181.53.12.29 - - [18/Dec/2023:08:11:57 -0500] "GET /sipse/faces/javax.faces.resource/theme.css?ln=primefaces-sipse HTTP/1.1" 304 -
181.53.12.29 - - [18/Dec/2023:08:11:57 -0500] "GET /sipse/faces/faces/autenticacion.xhtml HTTP/1.1" 200 12405
181.53.12.29 - - [18/Dec/2023:08:11:57 -0500] "GET /sipse/js/funciones.js HTTP/1.1" 304 -
181.53.12.29 - - [18/Dec/2023:08:11:57 -0500] "GET /sipse/css/custom_css_sg.css HTTP/1.1" 304 -
181.53.12.29 - - [18/Dec/2023:08:11:57 -0500] "GET /sipse/faces/javax.faces.resource/theme.css?ln=primefaces-sipse HTTP/1.1" 304 -
181.53.12.29 - - [18/Dec/2023:08:11:57 -0500] "GET /sipse/css/custom_css_sg_prime_login.css HTTP/1.1" 304 -
181.53.12.29 - - [18/Dec/2023:08:11:57 -0500] "GET /sipse/faces/javax.faces.resource/jquery/jquery.js?ln=primefaces&v=4.0 HTTP/1.1" 200 105384
181.53.12.29 - - [18/Dec/2023:08:11:57 -0500] "GET /sipse/faces/javax.faces.resource/primefaces.css?ln=primefaces&v=4.0 HTTP/1.1" 304 -
181.53.12.29 - - [18/Dec/2023:08:11:57 -0500] "GET /sipse/faces/javax.faces.resource/layout/layout.css?ln=primefaces&v=4.0 HTTP/1.1" 304 -
181.53.12.29 - - [18/Dec/2023:08:11:57 -0500] "GET /sipse/js/disable_browser_buttons.js HTTP/1.1" 304 -
181.53.12.29 - - [18/Dec/2023:08:11:57 -0500] "GET /sipse/faces/javax.faces.resource/layout/layout.js?ln=primefaces&v=4.0 HTTP/1.1" 200 87560
181.53.12.29 - - [18/Dec/2023:08:11:57 -0500] "GET /sipse/faces/javax.faces.resource/jquery/jquery-plugins.js?ln=primefaces&v=4.0 HTTP/1.1" 200 220526
181.53.12.29 - - [18/Dec/2023:08:11:57 -0500] "GET /sipse/faces/javax.faces.resource/primefaces.js?ln=primefaces&v=4.0 HTTP/1.1" 200 276924
181.53.12.29 - - [18/Dec/2023:08:11:57 -0500] "GET /sipse/css/imagen/logoSDG.png HTTP/1.1" 304 -
181.53.12.29 - - [18/Dec/2023:08:11:57 -0500] "GET /sipse/faces/javax.faces.resource/images/ui-icons_898989_256x240.png?ln=primefaces-aristo HTTP/1.1" 304 -
181.53.12.29 - - [18/Dec/2023:08:11:58 -0500] "GET /sipse/css/imagen/loginimg.png HTTP/1.1" 304 -
156.59.198.136 - - [18/Dec/2023:08:12:20 -0500] "GET /BLA/resoluciones/RESOLUCIONES%202020/2584.pdf HTTP/1.0" 200 338185
181.53.12.29 - - [18/Dec/2023:08:12:24 -0500] "POST /sipse/faces/autenticacion.xhtml HTTP/1.1" 200 2219
181.53.12.29 - - [18/Dec/2023:08:12:24 -0500] "GET /sipse/faces/javax.faces.resource/messages/messages.png?ln=primefaces&v=4.0 HTTP/1.1" 304 -
181.53.12.29 - - [18/Dec/2023:08:12:26 -0500] "POST /sipse/faces/autenticacion.xhtml HTTP/1.1" 200 16471
181.53.12.29 - - [18/Dec/2023:08:12:27 -0500] "GET /sipse/css/custom_css_sg_prime.css HTTP/1.1" 304 -
181.53.12.29 - - [18/Dec/2023:08:12:27 -0500] "GET /sipse/faces/javax.faces.resource/theme.css?ln=primefaces-sipse HTTP/1.1" 304 -
181.53.12.29 - - [18/Dec/2023:08:12:27 -0500] "GET /sipse/faces/javax.faces.resource/primefaces.css?ln=primefaces&v=4.0 HTTP/1.1" 304 -
181.53.12.29 - - [18/Dec/2023:08:12:27 -0500] "GET /sipse/faces/javax.faces.resource/layout/layout.css?ln=primefaces&v=4.0 HTTP/1.1" 304 -
181.53.12.29 - - [18/Dec/2023:08:12:27 -0500] "GET /sipse/js/jquery.min.js HTTP/1.1" 200 85582
181.53.12.29 - - [18/Dec/2023:08:12:27 -0500] "GET /sipse/faces/javax.faces.resource/jquery/jquery.js?ln=primefaces&v=4.0 HTTP/1.1" 304 -
181.53.12.29 - - [18/Dec/2023:08:12:27 -0500] "GET /sipse/faces/javax.faces.resource/jquery/jquery-plugins.js?ln=primefaces&v=4.0 HTTP/1.1" 304 -
181.53.12.29 - - [18/Dec/2023:08:12:27 -0500] "GET /sipse/faces/javax.faces.resource/primefaces.js?ln=primefaces&v=4.0 HTTP/1.1" 304 -
181.53.12.29 - - [18/Dec/2023:08:12:27 -0500] "GET /sipse/faces/javax.faces.resource/layout/layout.js?ln=primefaces&v=4.0 HTTP/1.1" 304 -
181.53.12.29 - - [18/Dec/2023:08:12:27 -0500] "GET /sipse/css/v_mergente.css HTTP/1.1" 304 -
181.53.12.29 - - [18/Dec/2023:08:12:27 -0500] "GET /sipse/imagenes/cargando.gif HTTP/1.1" 304 -
181.53.12.29 - - [18/Dec/2023:08:12:27 -0500] "GET /sipse/css/imagen/contrasena.png HTTP/1.1" 404 383
181.53.12.29 - - [18/Dec/2023:08:12:27 -0500] "GET /sipse/imagenes/logoAplicacion.jpg HTTP/1.1" 200 155084
201.245.192.253 - - [18/Dec/2023:08:12:27 -0500] "POST /forms/lservlet;jsessionid=ac16012b30d68f87e6b31bdd4159a82faa45787d3329.e3iSbxaKaheRe34Qc38TbN0Nb41ynknvrkLOlQzNp65In0 HTTP/1.1" 200 2
181.53.12.29 - - [18/Dec/2023:08:12:29 -0500] "GET /sipse/faces/javax.faces.resource/images/ui-bg_flat_0_2d5972_40x100.png?ln=primefaces-aristo HTTP/1.1" 304 -
181.53.12.29 - - [18/Dec/2023:08:12:29 -0500] "POST /sipse/faces/bienvenido.xhtml HTTP/1.1" 200 2060
181.53.12.29 - - [18/Dec/2023:08:12:30 -0500] "POST /sipse/faces/bienvenido.xhtml HTTP/1.1" 200 32565
181.53.12.29 - - [18/Dec/2023:08:12:30 -0500] "GET /sipse/faces/javax.faces.resource/theme.css?ln=primefaces-sipse HTTP/1.1" 304 -
181.53.12.29 - - [18/Dec/2023:08:12:30 -0500] "GET /sipse/faces/javax.faces.resource/primefaces.css?ln=primefaces&v=4.0 HTTP/1.1" 304 -
181.53.12.29 - - [18/Dec/2023:08:12:30 -0500] "GET /sipse/faces/javax.faces.resource/layout/layout.css?ln=primefaces&v=4.0 HTTP/1.1" 304 -
181.53.12.29 - - [18/Dec/2023:08:12:30 -0500] "GET /sipse/faces/javax.faces.resource/jquery/jquery.js?ln=primefaces&v=4.0 HTTP/1.1" 304 -
181.53.12.29 - - [18/Dec/2023:08:12:30 -0500] "GET /sipse/faces/javax.faces.resource/jquery/jquery-plugins.js?ln=primefaces&v=4.0 HTTP/1.1" 304 -
181.53.12.29 - - [18/Dec/2023:08:12:30 -0500] "GET /sipse/faces/javax.faces.resource/primefaces.js?ln=primefaces&v=4.0 HTTP/1.1" 304 -
181.53.12.29 - - [18/Dec/2023:08:12:30 -0500] "GET /sipse/faces/javax.faces.resource/layout/layout.js?ln=primefaces&v=4.0 HTTP/1.1" 304 -
181.53.12.29 - - [18/Dec/2023:08:12:31 -0500] "POST /sipse/faces/presentacion/financiero/solicitudProceso/listarSolicitudProceso.xhtml HTTP/1.1" 200 1376
201.245.192.253 - - [18/Dec/2023:08:12:37 -0500] "POST /sipse/faces/presentacion/financiero/solicitudProceso/listarSolicitudProceso.xhtml HTTP/1.1" 200 32285
216.245.221.92 - - [18/Dec/2023:08:12:43 -0500] "HEAD / HTTP/1.1" 200 -
156.59.198.135 - - [18/Dec/2023:08:12:44 -0500] "GET /BLA/resoluciones/RESOLUCIONES%202009/1167.pdf HTTP/1.0" 200 233164
201.245.192.253 - - [18/Dec/2023:08:12:47 -0500] "POST /reportes_sipse/sdg/ServletReporte?adquisiciones_sipse_detallado& HTTP/1.1" 200 6273
201.245.192.253 - - [18/Dec/2023:08:12:49 -0500] "GET /reportes_sipse/css/estilos.css HTTP/1.1" 304 -
201.245.192.253 - - [18/Dec/2023:08:12:49 -0500] "GET /reportes_sipse/js/funciones.js HTTP/1.1" 304 -
201.245.192.253 - - [18/Dec/2023:08:12:49 -0500] "GET /reportes_sipse/js/date-picker.js HTTP/1.1" 304 -
201.245.192.253 - - [18/Dec/2023:08:12:49 -0500] "GET /reportes_sipse/imagenes/logoAplicacion.jpg HTTP/1.1" 304 -
201.245.192.253 - - [18/Dec/2023:08:12:49 -0500] "GET /reportes_sipse/imagenes/calendario.gif HTTP/1.1" 304 -
201.245.192.253 - - [18/Dec/2023:08:12:49 -0500] "GET /reportes_sipse/imagenes/excel.gif HTTP/1.1" 304 -
201.245.192.253 - - [18/Dec/2023:08:12:49 -0500] "GET /reportes_sipse/imagenes/pdf.gif HTTP/1.1" 304 -
201.245.192.253 - - [18/Dec/2023:08:12:49 -0500] "GET /reportes_sipse/imagenes/fondo.jpg HTTP/1.1" 304 -
201.245.192.253 - - [18/Dec/2023:08:13:00 -0500] "POST /forms/lservlet;jsessionid=ac16012b30d665b9d6b5cea24731bd918aefbc6c9e46.e3iSbxaKaheRe34Qc38TbN0Nb41ynknvrkLOlQzNp65In0 HTTP/1.1" 200 2
156.59.198.136 - - [18/Dec/2023:08:13:08 -0500] "GET /BLA/resoluciones/AUTOS%202014/0037.pdf HTTP/1.0" 200 681194
201.245.192.253 - - [18/Dec/2023:08:13:09 -0500] "GET /reportes_sipse/imagenes/retrocedeAgno.gif HTTP/1.1" 304 -
201.245.192.253 - - [18/Dec/2023:08:13:09 -0500] "GET /reportes_sipse/imagenes/retrocedeMes.gif HTTP/1.1" 304 -
201.245.192.253 - - [18/Dec/2023:08:13:09 -0500] "GET /reportes_sipse/imagenes/avanzaMes.gif HTTP/1.1" 304 -
201.245.192.253 - - [18/Dec/2023:08:13:09 -0500] "GET /reportes_sipse/imagenes/avanzaAgno.gif HTTP/1.1" 304 -
201.245.192.253 - - [18/Dec/2023:08:13:21 -0500] "POST /sipse/faces/presentacion/financiero/solicitudProceso/listarSolicitudProceso.xhtml HTTP/1.1" 200 32183
52.167.144.222 - - [18/Dec/2023:08:13:31 -0500] "GET /BLA/resoluciones/RESOLUCIONES%202021/0582.pdf HTTP/1.1" 200 377616
156.59.198.135 - - [18/Dec/2023:08:13:32 -0500] "GET /BLA/resoluciones/AUTOS%202007/3606.pdf HTTP/1.0" 200 205161
186.154.96.162 - - [18/Dec/2023:08:13:35 -0500] "GET /appsia/controlador HTTP/1.1" 200 4799
186.154.96.162 - - [18/Dec/2023:08:13:47 -0500] "POST /appsia/controlador HTTP/1.1" 200 5437
186.154.96.162 - - [18/Dec/2023:08:13:48 -0500] "POST /appsia/controlador HTTP/1.1" 200 15178
156.59.198.136 - - [18/Dec/2023:08:13:57 -0500] "GET /BLA/resoluciones/AUTOS%202019/3576.pdf HTTP/1.0" 200 262646
123.183.224.30 - - [18/Dec/2023:08:14:20 -0500] "GET / HTTP/1.1" 200 319
156.59.198.135 - - [18/Dec/2023:08:14:21 -0500] "GET /BLA/resoluciones/RESOLUCIONES%202009/0667.pdf HTTP/1.0" 200 212667
201.245.192.253 - - [18/Dec/2023:08:14:27 -0500] "POST /forms/lservlet;jsessionid=ac16012b30d68f87e6b31bdd4159a82faa45787d3329.e3iSbxaKaheRe34Qc38TbN0Nb41ynknvrkLOlQzNp65In0 HTTP/1.1" 200 2
156.59.198.135 - - [18/Dec/2023:08:14:46 -0500] "GET /BLA/resoluciones/AUTOS%202007/2382.pdf HTTP/1.0" 200 76425
201.245.192.253 - - [18/Dec/2023:08:15:00 -0500] "POST /forms/lservlet;jsessionid=ac16012b30d665b9d6b5cea24731bd918aefbc6c9e46.e3iSbxaKaheRe34Qc38TbN0Nb41ynknvrkLOlQzNp65In0 HTTP/1.1" 200 2
201.245.192.253 - - [18/Dec/2023:08:15:05 -0500] "POST /kwsrmcab/Wsrmcab  HTTP/1.1" 200 37894
156.59.198.135 - - [18/Dec/2023:08:15:11 -0500] "GET /BLA/resoluciones/AUTOS%202007/0837.pdf HTTP/1.0" 200 231436
201.245.192.253 - - [18/Dec/2023:08:13:18 -0500] "POST /reportes_sipse/sdg/ServletControlador HTTP/1.1" 200 969799
156.59.198.135 - - [18/Dec/2023:08:15:37 -0500] "GET /BLA/resoluciones/RESOLUCIONES%202023/0894.pdf HTTP/1.0" 200 416347
172.22.2.4 - - [18/Dec/2023:08:13:57 -0500] "HEAD /BLA/boletinlegal/ HTTP/1.1" 200 -
201.245.192.253 - - [18/Dec/2023:08:15:44 -0500] "POST /kwsrmcab/Wsrmcab HTTP/1.1" 200 38548
201.245.192.253 - - [18/Dec/2023:08:15:47 -0500] "POST /kwsrmcab/Wsrmcab HTTP/1.1" 200 38995
156.59.198.136 - - [18/Dec/2023:08:16:00 -0500] "GET /BLA/resoluciones/AUTOS%202007/2202.pdf HTTP/1.0" 200 165676
156.59.198.136 - - [18/Dec/2023:08:16:24 -0500] "GET /BLA/resoluciones/RESOLUCIONES%202019/3835.pdf HTTP/1.0" 200 318296
201.245.192.253 - - [18/Dec/2023:08:16:27 -0500] "POST /forms/lservlet;jsessionid=ac16012b30d68f87e6b31bdd4159a82faa45787d3329.e3iSbxaKaheRe34Qc38TbN0Nb41ynknvrkLOlQzNp65In0 HTTP/1.1" 200 2
172.22.2.4 - - [18/Dec/2023:08:14:48 -0500] "GET /BLA/boletinlegal/ HTTP/1.1" 200 56634
156.59.198.136 - - [18/Dec/2023:08:16:50 -0500] "GET /BLA/resoluciones/RESOLUCIONES%202023/0096.pdf HTTP/1.0" 200 389446
201.245.192.253 - - [18/Dec/2023:08:17:01 -0500] "POST /forms/lservlet;jsessionid=ac16012b30d665b9d6b5cea24731bd918aefbc6c9e46.e3iSbxaKaheRe34Qc38TbN0Nb41ynknvrkLOlQzNp65In0 HTTP/1.1" 200 2
156.59.198.135 - - [18/Dec/2023:08:17:13 -0500] "GET /BLA/resoluciones/RESOLUCIONES%202020/1548.pdf HTTP/1.0" 200 307113
156.59.198.136 - - [18/Dec/2023:08:17:38 -0500] "GET /BLA/resoluciones/AUTOS%202007/0011.pdf HTTP/1.0" 200 357578
216.245.221.92 - - [18/Dec/2023:08:17:43 -0500] "HEAD / HTTP/1.1" 200 -
156.59.198.135 - - [18/Dec/2023:08:18:02 -0500] "GET /BLA/resoluciones/RESOLUCIONES%202023/2399.pdf HTTP/1.0" 200 548154
156.59.198.136 - - [18/Dec/2023:08:18:27 -0500] "GET /BLA/resoluciones/AUTOS%202007/0517.pdf HTTP/1.0" 200 312882
201.245.192.253 - - [18/Dec/2023:08:18:27 -0500] "POST /forms/lservlet;jsessionid=ac16012b30d68f87e6b31bdd4159a82faa45787d3329.e3iSbxaKaheRe34Qc38TbN0Nb41ynknvrkLOlQzNp65In0 HTTP/1.1" 200 2
207.46.13.155 - - [18/Dec/2023:08:18:39 -0500] "GET /portaldeninos/humedal-jaboque-2/ HTTP/1.1" 200 87846
156.59.198.136 - - [18/Dec/2023:08:18:51 -0500] "GET /BLA/resoluciones/RESOLUCIONES%202009/0985.pdf HTTP/1.0" 200 58928
201.245.192.253 - - [18/Dec/2023:08:19:01 -0500] "POST /forms/lservlet;jsessionid=ac16012b30d665b9d6b5cea24731bd918aefbc6c9e46.e3iSbxaKaheRe34Qc38TbN0Nb41ynknvrkLOlQzNp65In0 HTTP/1.1" 200 2
156.59.198.135 - - [18/Dec/2023:08:19:16 -0500] "GET /BLA/resoluciones/AUTOS%202007/0846.pdf HTTP/1.0" 200 91862
207.46.13.155 - - [18/Dec/2023:08:19:28 -0500] "GET /portaldeninos/wp-content/themes/betheme/assets/animations/animations.min.js?ver=20.9.6 HTTP/1.1" 200 1896
207.46.13.155 - - [18/Dec/2023:08:19:28 -0500] "GET /portaldeninos/wp-content/themes/betheme/assets/jplayer/jplayer.min.js?ver=20.9.6 HTTP/1.1" 200 52702
207.46.13.155 - - [18/Dec/2023:08:19:29 -0500] "GET /portaldeninos/wp-content/themes/betheme/css/shortcodes.css?ver=20.9.6 HTTP/1.1" 200 138889
207.46.13.155 - - [18/Dec/2023:08:19:29 -0500] "GET /portaldeninos/wp-content/themes/betheme/js/plugins.js?ver=20.9.6 HTTP/1.1" 200 197151
207.46.13.155 - - [18/Dec/2023:08:19:30 -0500] "GET /portaldeninos/wp-content/themes/betheme/style.css?ver=20.9.6 HTTP/1.1" 200 287
207.46.13.155 - - [18/Dec/2023:08:19:30 -0500] "GET /portaldeninos/wp-includes/js/jquery/ui/core.min.js?ver=1.11.4 HTTP/1.1" 200 4000
207.46.13.155 - - [18/Dec/2023:08:19:31 -0500] "GET /portaldeninos/wp-includes/js/jquery/ui/sortable.min.js?ver=1.11.4 HTTP/1.1" 200 24899
207.46.13.155 - - [18/Dec/2023:08:19:31 -0500] "GET /portaldeninos/wp-includes/js/wp-emoji-release.min.js?ver=4.9.8 HTTP/1.1" 200 12026
52.167.144.16 - - [18/Dec/2023:08:19:35 -0500] "GET /portaldeninos/wp-content/plugins/gallery-videos/CSS/totalsoft.css?ver=4.9.8 HTTP/1.1" 200 40622
52.167.144.16 - - [18/Dec/2023:08:19:35 -0500] "GET /portaldeninos/wp-content/plugins/gallery-videos/CSS/Total-Soft-Gallery-Video-Widget.css?ver=4.9.8 HTTP/1.1" 200 51554
52.167.144.16 - - [18/Dec/2023:08:19:36 -0500] "GET /portaldeninos/wp-content/plugins/gallery-videos/JS/modernizr.custom.js?ver=4.9.8 HTTP/1.1" 200 9019
52.167.144.16 - - [18/Dec/2023:08:19:36 -0500] "GET /portaldeninos/wp-content/themes/betheme/assets/jplayer/css/jplayer.blue.monday.css?ver=20.9.6 HTTP/1.1" 200 9834
52.167.144.16 - - [18/Dec/2023:08:19:36 -0500] "GET /portaldeninos/wp-content/themes/betheme/assets/ui/jquery.ui.all.css?ver=20.9.6 HTTP/1.1" 200 18765
52.167.144.16 - - [18/Dec/2023:08:19:36 -0500] "GET /portaldeninos/wp-content/themes/betheme/css/base.css?ver=20.9.6 HTTP/1.1" 200 57283
52.167.144.16 - - [18/Dec/2023:08:19:37 -0500] "GET /portaldeninos/wp-content/themes/betheme/css/layout.css?ver=20.9.6 HTTP/1.1" 200 116639
52.167.144.16 - - [18/Dec/2023:08:19:37 -0500] "GET /portaldeninos/wp-content/themes/betheme/css/responsive.css?ver=20.9.6 HTTP/1.1" 200 55740
52.167.144.16 - - [18/Dec/2023:08:19:37 -0500] "GET /portaldeninos/wp-content/themes/betheme/js/scripts.js?ver=20.9.6 HTTP/1.1" 200 77162
52.167.144.16 - - [18/Dec/2023:08:19:38 -0500] "GET /portaldeninos/wp-content/uploads/useanyfont/uaf.css?ver=1589905315 HTTP/1.1" 200 408
52.167.144.16 - - [18/Dec/2023:08:19:38 -0500] "GET /portaldeninos/wp-includes/js/jquery/jquery-migrate.min.js?ver=1.4.1 HTTP/1.1" 200 10056
52.167.144.16 - - [18/Dec/2023:08:19:38 -0500] "GET /portaldeninos/wp-includes/js/jquery/jquery.js?ver=1.12.4 HTTP/1.1" 200 97184
156.59.198.135 - - [18/Dec/2023:08:19:40 -0500] "GET /BLA/resoluciones/AUTOS%202007/3430.pdf HTTP/1.0" 200 184250
201.245.192.253 - - [18/Dec/2023:08:19:38 -0500] "POST /kwsrmcab/Wsrmcab HTTP/1.1" 200 38548
201.245.192.253 - - [18/Dec/2023:08:19:43 -0500] "POST /kwsrmcab/Wsrmcab HTTP/1.1" 200 38995
52.167.144.219 - - [18/Dec/2023:08:19:47 -0500] "GET /portaldeninos/wp-content/themes/betheme/assets/animations/animations.min.css?ver=20.9.6 HTTP/1.1" 200 58508
52.167.144.219 - - [18/Dec/2023:08:19:48 -0500] "GET /portaldeninos/wp-content/themes/betheme/js/menu.js?ver=20.9.6 HTTP/1.1" 200 2449
52.167.144.219 - - [18/Dec/2023:08:19:48 -0500] "GET /portaldeninos/wp-includes/js/jquery/ui/accordion.min.js?ver=1.11.4 HTTP/1.1" 200 8584
52.167.144.219 - - [18/Dec/2023:08:19:48 -0500] "GET /portaldeninos/wp-includes/js/jquery/ui/mouse.min.js?ver=1.11.4 HTTP/1.1" 200 3148
52.167.144.219 - - [18/Dec/2023:08:19:49 -0500] "GET /portaldeninos/wp-includes/js/jquery/ui/widget.min.js?ver=1.11.4 HTTP/1.1" 200 6908
52.167.144.219 - - [18/Dec/2023:08:19:49 -0500] "GET /portaldeninos/wp-includes/js/jquery/ui/tabs.min.js?ver=1.11.4 HTTP/1.1" 200 12110
52.167.144.219 - - [18/Dec/2023:08:19:49 -0500] "GET /portaldeninos/wp-includes/js/wp-embed.min.js?ver=4.9.8 HTTP/1.1" 200 1398
156.59.198.136 - - [18/Dec/2023:08:20:05 -0500] "GET /BLA/resoluciones/AUTOS%202007/3294.pdf HTTP/1.0" 200 411976
201.245.192.253 - - [18/Dec/2023:08:20:04 -0500] "POST /kwsrmcab/Wsrmcab  HTTP/1.1" 200 37894
190.27.185.40 - - [18/Dec/2023:08:20:19 -0500] "GET /sipse/faces/faces/autenticacion.xhtml HTTP/1.1" 200 12405
190.27.185.40 - - [18/Dec/2023:08:20:19 -0500] "GET /sipse/faces/javax.faces.resource/layout/layout.css?ln=primefaces&v=4.0 HTTP/1.1" 304 -
190.27.185.40 - - [18/Dec/2023:08:20:19 -0500] "GET /sipse/faces/javax.faces.resource/jquery/jquery.js?ln=primefaces&v=4.0 HTTP/1.1" 304 -
190.27.185.40 - - [18/Dec/2023:08:20:19 -0500] "GET /sipse/faces/javax.faces.resource/jquery/jquery-plugins.js?ln=primefaces&v=4.0 HTTP/1.1" 304 -
190.27.185.40 - - [18/Dec/2023:08:20:19 -0500] "GET /sipse/faces/javax.faces.resource/primefaces.js?ln=primefaces&v=4.0 HTTP/1.1" 304 -
190.27.185.40 - - [18/Dec/2023:08:20:19 -0500] "GET /sipse/faces/javax.faces.resource/layout/layout.js?ln=primefaces&v=4.0 HTTP/1.1" 304 -
190.27.185.40 - - [18/Dec/2023:08:20:19 -0500] "GET /sipse/faces/javax.faces.resource/theme.css?ln=primefaces-sipse HTTP/1.1" 200 50058
190.27.185.40 - - [18/Dec/2023:08:20:19 -0500] "GET /sipse/faces/javax.faces.resource/primefaces.css?ln=primefaces&v=4.0 HTTP/1.1" 200 53295
190.27.185.40 - - [18/Dec/2023:08:20:19 -0500] "GET /sipse/faces/javax.faces.resource/images/ui-icons_898989_256x240.png?ln=primefaces-aristo HTTP/1.1" 304 -
190.27.185.40 - - [18/Dec/2023:08:20:19 -0500] "GET /sipse/faces/faces/index.xhtml HTTP/1.1" 200 677
190.27.185.40 - - [18/Dec/2023:08:20:19 -0500] "GET /sipse/faces/javax.faces.resource/theme.css?ln=primefaces-sipse HTTP/1.1" 304 -
190.27.185.40 - - [18/Dec/2023:08:20:20 -0500] "GET /sipse/faces/faces/faces/autenticacion.xhtml HTTP/1.1" 200 12405
190.27.185.40 - - [18/Dec/2023:08:20:20 -0500] "GET /sipse/faces/javax.faces.resource/theme.css?ln=primefaces-sipse HTTP/1.1" 304 -
190.27.185.40 - - [18/Dec/2023:08:20:20 -0500] "GET /sipse/faces/javax.faces.resource/primefaces.css?ln=primefaces&v=4.0 HTTP/1.1" 304 -
190.27.185.40 - - [18/Dec/2023:08:20:20 -0500] "GET /sipse/faces/javax.faces.resource/layout/layout.css?ln=primefaces&v=4.0 HTTP/1.1" 304 -
190.27.185.40 - - [18/Dec/2023:08:20:20 -0500] "GET /sipse/faces/javax.faces.resource/jquery/jquery.js?ln=primefaces&v=4.0 HTTP/1.1" 304 -
190.27.185.40 - - [18/Dec/2023:08:20:20 -0500] "GET /sipse/faces/javax.faces.resource/jquery/jquery-plugins.js?ln=primefaces&v=4.0 HTTP/1.1" 304 -
190.27.185.40 - - [18/Dec/2023:08:20:20 -0500] "GET /sipse/faces/javax.faces.resource/primefaces.js?ln=primefaces&v=4.0 HTTP/1.1" 304 -
190.27.185.40 - - [18/Dec/2023:08:20:20 -0500] "GET /sipse/faces/javax.faces.resource/layout/layout.js?ln=primefaces&v=4.0 HTTP/1.1" 304 -
190.27.185.40 - - [18/Dec/2023:08:20:20 -0500] "GET /sipse/faces/javax.faces.resource/images/ui-icons_898989_256x240.png?ln=primefaces-aristo HTTP/1.1" 304 -
190.27.185.40 - - [18/Dec/2023:08:20:22 -0500] "POST /sipse/faces/autenticacion.xhtml HTTP/1.1" 200 16901
190.27.185.40 - - [18/Dec/2023:08:20:22 -0500] "GET /sipse/faces/javax.faces.resource/jquery/jquery.js?ln=primefaces&v=4.0 HTTP/1.1" 304 -
190.27.185.40 - - [18/Dec/2023:08:20:22 -0500] "GET /sipse/faces/javax.faces.resource/jquery/jquery-plugins.js?ln=primefaces&v=4.0 HTTP/1.1" 304 -
190.27.185.40 - - [18/Dec/2023:08:20:22 -0500] "GET /sipse/faces/javax.faces.resource/primefaces.js?ln=primefaces&v=4.0 HTTP/1.1" 304 -
190.27.185.40 - - [18/Dec/2023:08:20:22 -0500] "GET /sipse/faces/javax.faces.resource/layout/layout.js?ln=primefaces&v=4.0 HTTP/1.1" 304 -
190.27.185.40 - - [18/Dec/2023:08:20:22 -0500] "GET /sipse/css/imagen/contrasena.png HTTP/1.1" 404 383
190.27.185.40 - - [18/Dec/2023:08:20:22 -0500] "GET /sipse/faces/javax.faces.resource/messages/messages.png?ln=primefaces&v=4.0 HTTP/1.1" 304 -
190.27.185.40 - - [18/Dec/2023:08:20:23 -0500] "GET /sipse/faces/javax.faces.resource/images/ui-bg_flat_0_2d5972_40x100.png?ln=primefaces-aristo HTTP/1.1" 200 183
190.27.185.40 - - [18/Dec/2023:08:20:23 -0500] "POST /sipse/faces/bienvenido.xhtml HTTP/1.1" 200 1471
190.27.185.40 - - [18/Dec/2023:08:20:24 -0500] "POST /sipse/faces/bienvenido.xhtml HTTP/1.1" 200 34992
190.27.185.40 - - [18/Dec/2023:08:20:24 -0500] "GET /sipse/faces/javax.faces.resource/jquery/jquery.js?ln=primefaces&v=4.0 HTTP/1.1" 304 -
190.27.185.40 - - [18/Dec/2023:08:20:24 -0500] "GET /sipse/faces/javax.faces.resource/jquery/jquery-plugins.js?ln=primefaces&v=4.0 HTTP/1.1" 304 -
190.27.185.40 - - [18/Dec/2023:08:20:24 -0500] "GET /sipse/faces/javax.faces.resource/primefaces.js?ln=primefaces&v=4.0 HTTP/1.1" 304 -
190.27.185.40 - - [18/Dec/2023:08:20:24 -0500] "GET /sipse/faces/javax.faces.resource/layout/layout.js?ln=primefaces&v=4.0 HTTP/1.1" 304 -
190.27.185.40 - - [18/Dec/2023:08:20:24 -0500] "POST /sipse/faces/presentacion/financiero/solicitudProceso/listarSolicitudProceso.xhtml HTTP/1.1" 200 1396
201.245.192.253 - - [18/Dec/2023:08:20:27 -0500] "POST /forms/lservlet;jsessionid=ac16012b30d68f87e6b31bdd4159a82faa45787d3329.e3iSbxaKaheRe34Qc38TbN0Nb41ynknvrkLOlQzNp65In0 HTTP/1.1" 200 2
156.59.198.136 - - [18/Dec/2023:08:20:29 -0500] "GET /BLA/resoluciones/AUTOS%202007/1761.pdf HTTP/1.0" 200 39151
190.27.185.40 - - [18/Dec/2023:08:20:35 -0500] "POST /sipse/faces/presentacion/financiero/solicitudProceso/listarSolicitudProceso.xhtml HTTP/1.1" 200 132410
190.27.185.40 - - [18/Dec/2023:08:20:35 -0500] "GET /sipse/faces/javax.faces.resource/jquery/jquery.js?ln=primefaces&v=4.0 HTTP/1.1" 304 -
190.27.185.40 - - [18/Dec/2023:08:20:35 -0500] "GET /sipse/faces/javax.faces.resource/jquery/jquery-plugins.js?ln=primefaces&v=4.0 HTTP/1.1" 304 -
190.27.185.40 - - [18/Dec/2023:08:20:36 -0500] "GET /sipse/faces/javax.faces.resource/primefaces.js?ln=primefaces&v=4.0 HTTP/1.1" 304 -
190.27.185.40 - - [18/Dec/2023:08:20:36 -0500] "GET /sipse/faces/javax.faces.resource/layout/layout.js?ln=primefaces&v=4.0 HTTP/1.1" 304 -
190.27.185.40 - - [18/Dec/2023:08:20:47 -0500] "POST /sipse/faces/presentacion/financiero/solicitudProceso/consultarSolicitudProceso.xhtml HTTP/1.1" 200 30325
190.27.185.40 - - [18/Dec/2023:08:20:48 -0500] "GET /sipse/faces/javax.faces.resource/jquery/jquery.js?ln=primefaces&v=4.0 HTTP/1.1" 304 -
190.27.185.40 - - [18/Dec/2023:08:20:48 -0500] "GET /sipse/faces/javax.faces.resource/jquery/jquery-plugins.js?ln=primefaces&v=4.0 HTTP/1.1" 304 -
190.27.185.40 - - [18/Dec/2023:08:20:48 -0500] "GET /sipse/faces/javax.faces.resource/primefaces.js?ln=primefaces&v=4.0 HTTP/1.1" 304 -
190.27.185.40 - - [18/Dec/2023:08:20:49 -0500] "GET /sipse/faces/javax.faces.resource/layout/layout.js?ln=primefaces&v=4.0 HTTP/1.1" 304 -
156.59.198.136 - - [18/Dec/2023:08:20:54 -0500] "GET /BLA/resoluciones/AUTOS%202007/0842.pdf HTTP/1.0" 200 50371
190.27.185.40 - - [18/Dec/2023:08:20:55 -0500] "POST /sipse/faces/presentacion/financiero/solicitudProceso/asignarContratacion.xhtml HTTP/1.1" 200 132410
190.27.185.40 - - [18/Dec/2023:08:20:55 -0500] "GET /sipse/faces/javax.faces.resource/jquery/jquery.js?ln=primefaces&v=4.0 HTTP/1.1" 304 -
190.27.185.40 - - [18/Dec/2023:08:20:55 -0500] "GET /sipse/faces/javax.faces.resource/jquery/jquery-plugins.js?ln=primefaces&v=4.0 HTTP/1.1" 304 -
190.27.185.40 - - [18/Dec/2023:08:20:55 -0500] "GET /sipse/faces/javax.faces.resource/primefaces.js?ln=primefaces&v=4.0 HTTP/1.1" 304 -
190.27.185.40 - - [18/Dec/2023:08:20:55 -0500] "GET /sipse/faces/javax.faces.resource/layout/layout.js?ln=primefaces&v=4.0 HTTP/1.1" 304 -
201.245.192.253 - - [18/Dec/2023:08:21:01 -0500] "POST /forms/lservlet;jsessionid=ac16012b30d665b9d6b5cea24731bd918aefbc6c9e46.e3iSbxaKaheRe34Qc38TbN0Nb41ynknvrkLOlQzNp65In0 HTTP/1.1" 200 2
156.59.198.135 - - [18/Dec/2023:08:21:19 -0500] "GET /BLA/resoluciones/AUTOS%202019/4424.pdf HTTP/1.0" 200 272614
172.22.2.4 - - [18/Dec/2023:08:19:47 -0500] "HEAD /BLA/boletinlegal/ HTTP/1.1" 200 -
156.59.198.136 - - [18/Dec/2023:08:21:43 -0500] "GET /BLA/resoluciones/RESOLUCIONES%202023/0759.pdf HTTP/1.0" 200 404443
186.84.90.82 - - [18/Dec/2023:08:22:03 -0500] "GET /sipse/faces/index.xhtml HTTP/1.1" 200 677
186.84.90.82 - - [18/Dec/2023:08:22:04 -0500] "GET /sipse/faces/javax.faces.resource/theme.css?ln=primefaces-sipse HTTP/1.1" 304 -
186.84.90.82 - - [18/Dec/2023:08:22:05 -0500] "GET /sipse/faces/faces/autenticacion.xhtml HTTP/1.1" 200 12405
186.84.90.82 - - [18/Dec/2023:08:22:07 -0500] "GET /sipse/js/funciones.js HTTP/1.1" 304 -
186.84.90.82 - - [18/Dec/2023:08:22:07 -0500] "GET /sipse/js/disable_browser_buttons.js HTTP/1.1" 304 -
186.84.90.82 - - [18/Dec/2023:08:22:07 -0500] "GET /sipse/css/custom_css_sg.css HTTP/1.1" 304 -
186.84.90.82 - - [18/Dec/2023:08:22:07 -0500] "GET /sipse/faces/javax.faces.resource/theme.css?ln=primefaces-sipse HTTP/1.1" 304 -
186.84.90.82 - - [18/Dec/2023:08:22:07 -0500] "GET /sipse/css/custom_css_sg_prime_login.css HTTP/1.1" 304 -
186.84.90.82 - - [18/Dec/2023:08:22:07 -0500] "GET /sipse/faces/javax.faces.resource/jquery/jquery.js?ln=primefaces&v=4.0 HTTP/1.1" 304 -
186.84.90.82 - - [18/Dec/2023:08:22:07 -0500] "GET /sipse/faces/javax.faces.resource/jquery/jquery-plugins.js?ln=primefaces&v=4.0 HTTP/1.1" 304 -
186.84.90.82 - - [18/Dec/2023:08:22:07 -0500] "GET /sipse/faces/javax.faces.resource/primefaces.js?ln=primefaces&v=4.0 HTTP/1.1" 304 -
186.84.90.82 - - [18/Dec/2023:08:22:07 -0500] "GET /sipse/faces/javax.faces.resource/primefaces.css?ln=primefaces&v=4.0 HTTP/1.1" 304 -
186.84.90.82 - - [18/Dec/2023:08:22:07 -0500] "GET /sipse/faces/javax.faces.resource/layout/layout.css?ln=primefaces&v=4.0 HTTP/1.1" 304 -
186.84.90.82 - - [18/Dec/2023:08:22:08 -0500] "GET /sipse/faces/javax.faces.resource/layout/layout.js?ln=primefaces&v=4.0 HTTP/1.1" 304 -
156.59.198.135 - - [18/Dec/2023:08:22:08 -0500] "GET /BLA/resoluciones/RESOLUCIONES%202019/1244.pdf HTTP/1.0" 200 274273
186.84.90.82 - - [18/Dec/2023:08:22:09 -0500] "GET /sipse/css/imagen/loginimg.png HTTP/1.1" 304 -
186.84.90.82 - - [18/Dec/2023:08:22:09 -0500] "GET /sipse/css/imagen/logoSDG.png HTTP/1.1" 304 -
186.84.90.82 - - [18/Dec/2023:08:22:10 -0500] "GET /sipse/faces/javax.faces.resource/images/ui-icons_898989_256x240.png?ln=primefaces-aristo HTTP/1.1" 304 -
172.22.2.4 - - [18/Dec/2023:08:20:38 -0500] "GET /BLA/boletinlegal/ HTTP/1.1" 200 58294
201.245.192.253 - - [18/Dec/2023:08:22:27 -0500] "POST /forms/lservlet;jsessionid=ac16012b30d68f87e6b31bdd4159a82faa45787d3329.e3iSbxaKaheRe34Qc38TbN0Nb41ynknvrkLOlQzNp65In0 HTTP/1.1" 200 2
156.59.198.135 - - [18/Dec/2023:08:22:32 -0500] "GET /BLA/resoluciones/RESOLUCIONES%202009/1189.pdf HTTP/1.0" 200 321176
216.245.221.92 - - [18/Dec/2023:08:22:43 -0500] "HEAD / HTTP/1.1" 200 -
190.27.185.40 - - [18/Dec/2023:08:22:52 -0500] "POST /sipse/faces/presentacion/financiero/solicitudProceso/consultarSolicitudProceso.xhtml HTTP/1.1" 200 30325
190.27.185.40 - - [18/Dec/2023:08:22:52 -0500] "GET /sipse/faces/javax.faces.resource/jquery/jquery.js?ln=primefaces&v=4.0 HTTP/1.1" 304 -
190.27.185.40 - - [18/Dec/2023:08:22:52 -0500] "GET /sipse/faces/javax.faces.resource/jquery/jquery-plugins.js?ln=primefaces&v=4.0 HTTP/1.1" 304 -
190.27.185.40 - - [18/Dec/2023:08:22:52 -0500] "GET /sipse/faces/javax.faces.resource/primefaces.js?ln=primefaces&v=4.0 HTTP/1.1" 304 -
190.27.185.40 - - [18/Dec/2023:08:22:53 -0500] "GET /sipse/faces/javax.faces.resource/layout/layout.js?ln=primefaces&v=4.0 HTTP/1.1" 304 -
190.27.185.40 - - [18/Dec/2023:08:22:55 -0500] "POST /sipse/faces/presentacion/financiero/solicitudProceso/asignarContratacion.xhtml HTTP/1.1" 200 6614
156.59.198.136 - - [18/Dec/2023:08:22:56 -0500] "GET /BLA/resoluciones/AUTOS%202007/1847.pdf HTTP/1.0" 200 315326
190.27.185.40 - - [18/Dec/2023:08:22:57 -0500] "POST /sipse/faces/presentacion/financiero/solicitudProceso/asignarContratacion.xhtml HTTP/1.1" 200 32483
201.245.192.253 - - [18/Dec/2023:08:23:01 -0500] "POST /forms/lservlet;jsessionid=ac16012b30d665b9d6b5cea24731bd918aefbc6c9e46.e3iSbxaKaheRe34Qc38TbN0Nb41ynknvrkLOlQzNp65In0 HTTP/1.1" 200 2
190.27.185.40 - - [18/Dec/2023:08:23:01 -0500] "GET /sipse/faces/javax.faces.resource/jquery/jquery.js?ln=primefaces&v=4.0 HTTP/1.1" 304 -
190.27.185.40 - - [18/Dec/2023:08:23:01 -0500] "GET /sipse/faces/javax.faces.resource/jquery/jquery-plugins.js?ln=primefaces&v=4.0 HTTP/1.1" 304 -
190.27.185.40 - - [18/Dec/2023:08:23:01 -0500] "GET /sipse/faces/javax.faces.resource/primefaces.js?ln=primefaces&v=4.0 HTTP/1.1" 304 -
190.27.185.40 - - [18/Dec/2023:08:23:01 -0500] "GET /sipse/faces/javax.faces.resource/layout/layout.js?ln=primefaces&v=4.0 HTTP/1.1" 304 -
190.27.185.40 - - [18/Dec/2023:08:23:01 -0500] "POST /sipse/faces/presentacion/financiero/solicitudProceso/listarSolicitudProceso.xhtml HTTP/1.1" 200 1376
156.59.198.135 - - [18/Dec/2023:08:23:20 -0500] "GET /BLA/resoluciones/AUTOS%202007/1003.pdf HTTP/1.0" 200 39173
186.84.90.82 - - [18/Dec/2023:08:23:22 -0500] "GET /sipse/faces/index.xhtml HTTP/1.1" 200 677
186.84.90.82 - - [18/Dec/2023:08:23:22 -0500] "GET /sipse/faces/javax.faces.resource/theme.css?ln=primefaces-sipse HTTP/1.1" 304 -
186.84.90.82 - - [18/Dec/2023:08:23:23 -0500] "GET /sipse/faces/faces/autenticacion.xhtml HTTP/1.1" 200 12405
186.84.90.82 - - [18/Dec/2023:08:23:24 -0500] "GET /sipse/faces/javax.faces.resource/theme.css?ln=primefaces-sipse HTTP/1.1" 304 -
186.84.90.82 - - [18/Dec/2023:08:23:24 -0500] "GET /sipse/faces/javax.faces.resource/primefaces.css?ln=primefaces&v=4.0 HTTP/1.1" 304 -
186.84.90.82 - - [18/Dec/2023:08:23:24 -0500] "GET /sipse/faces/javax.faces.resource/jquery/jquery.js?ln=primefaces&v=4.0 HTTP/1.1" 304 -
186.84.90.82 - - [18/Dec/2023:08:23:24 -0500] "GET /sipse/faces/javax.faces.resource/layout/layout.css?ln=primefaces&v=4.0 HTTP/1.1" 304 -
186.84.90.82 - - [18/Dec/2023:08:23:24 -0500] "GET /sipse/faces/javax.faces.resource/primefaces.js?ln=primefaces&v=4.0 HTTP/1.1" 304 -
186.84.90.82 - - [18/Dec/2023:08:23:24 -0500] "GET /sipse/faces/javax.faces.resource/jquery/jquery-plugins.js?ln=primefaces&v=4.0 HTTP/1.1" 304 -
186.84.90.82 - - [18/Dec/2023:08:23:24 -0500] "GET /sipse/faces/javax.faces.resource/layout/layout.js?ln=primefaces&v=4.0 HTTP/1.1" 304 -
186.84.90.82 - - [18/Dec/2023:08:23:28 -0500] "POST /sipse/faces/autenticacion.xhtml HTTP/1.1" 200 2219
186.84.90.82 - - [18/Dec/2023:08:23:28 -0500] "GET /sipse/faces/javax.faces.resource/messages/messages.png?ln=primefaces&v=4.0 HTTP/1.1" 304 -
186.84.90.82 - - [18/Dec/2023:08:23:28 -0500] "GET /sipse/faces/javax.faces.resource/images/ui-icons_898989_256x240.png?ln=primefaces-aristo HTTP/1.1" 304 -
186.84.90.82 - - [18/Dec/2023:08:23:29 -0500] "POST /sipse/faces/autenticacion.xhtml HTTP/1.1" 200 16462
186.84.90.82 - - [18/Dec/2023:08:23:29 -0500] "GET /sipse/faces/javax.faces.resource/theme.css?ln=primefaces-sipse HTTP/1.1" 304 -
186.84.90.82 - - [18/Dec/2023:08:23:29 -0500] "GET /sipse/faces/javax.faces.resource/primefaces.css?ln=primefaces&v=4.0 HTTP/1.1" 304 -
186.84.90.82 - - [18/Dec/2023:08:23:29 -0500] "GET /sipse/faces/javax.faces.resource/layout/layout.css?ln=primefaces&v=4.0 HTTP/1.1" 304 -
186.84.90.82 - - [18/Dec/2023:08:23:29 -0500] "GET /sipse/css/custom_css_sg_prime.css HTTP/1.1" 304 -
186.84.90.82 - - [18/Dec/2023:08:23:29 -0500] "GET /sipse/js/jquery.min.js HTTP/1.1" 304 -
186.84.90.82 - - [18/Dec/2023:08:23:29 -0500] "GET /sipse/faces/javax.faces.resource/jquery/jquery.js?ln=primefaces&v=4.0 HTTP/1.1" 304 -
186.84.90.82 - - [18/Dec/2023:08:23:29 -0500] "GET /sipse/faces/javax.faces.resource/jquery/jquery-plugins.js?ln=primefaces&v=4.0 HTTP/1.1" 304 -
186.84.90.82 - - [18/Dec/2023:08:23:30 -0500] "GET /sipse/faces/javax.faces.resource/primefaces.js?ln=primefaces&v=4.0 HTTP/1.1" 304 -
186.84.90.82 - - [18/Dec/2023:08:23:30 -0500] "GET /sipse/faces/javax.faces.resource/layout/layout.js?ln=primefaces&v=4.0 HTTP/1.1" 304 -
186.84.90.82 - - [18/Dec/2023:08:23:30 -0500] "GET /sipse/css/v_mergente.css HTTP/1.1" 304 -
186.84.90.82 - - [18/Dec/2023:08:23:30 -0500] "GET /sipse/css/imagen/contrasena.png HTTP/1.1" 404 383
186.84.90.82 - - [18/Dec/2023:08:23:30 -0500] "GET /sipse/imagenes/logoAplicacion.jpg HTTP/1.1" 304 -
186.84.90.82 - - [18/Dec/2023:08:23:30 -0500] "GET /sipse/imagenes/cargando.gif HTTP/1.1" 304 -
186.84.90.82 - - [18/Dec/2023:08:23:32 -0500] "GET /sipse/faces/javax.faces.resource/images/ui-bg_flat_0_2d5972_40x100.png?ln=primefaces-aristo HTTP/1.1" 304 -
186.84.90.82 - - [18/Dec/2023:08:23:32 -0500] "POST /sipse/faces/bienvenido.xhtml HTTP/1.1" 200 2658
186.84.90.82 - - [18/Dec/2023:08:23:33 -0500] "POST /sipse/faces/bienvenido.xhtml HTTP/1.1" 200 65055
186.84.90.82 - - [18/Dec/2023:08:23:34 -0500] "GET /sipse/faces/javax.faces.resource/theme.css?ln=primefaces-sipse HTTP/1.1" 304 -
186.84.90.82 - - [18/Dec/2023:08:23:34 -0500] "GET /sipse/faces/javax.faces.resource/jquery/jquery.js?ln=primefaces&v=4.0 HTTP/1.1" 304 -
186.84.90.82 - - [18/Dec/2023:08:23:34 -0500] "GET /sipse/faces/javax.faces.resource/primefaces.css?ln=primefaces&v=4.0 HTTP/1.1" 304 -
186.84.90.82 - - [18/Dec/2023:08:23:34 -0500] "GET /sipse/faces/javax.faces.resource/layout/layout.css?ln=primefaces&v=4.0 HTTP/1.1" 304 -
186.84.90.82 - - [18/Dec/2023:08:23:35 -0500] "GET /sipse/faces/javax.faces.resource/jquery/jquery-plugins.js?ln=primefaces&v=4.0 HTTP/1.1" 304 -
186.84.90.82 - - [18/Dec/2023:08:23:35 -0500] "GET /sipse/faces/javax.faces.resource/primefaces.js?ln=primefaces&v=4.0 HTTP/1.1" 304 -
186.84.90.82 - - [18/Dec/2023:08:23:35 -0500] "GET /sipse/faces/javax.faces.resource/layout/layout.js?ln=primefaces&v=4.0 HTTP/1.1" 304 -
186.84.90.82 - - [18/Dec/2023:08:23:37 -0500] "POST /sipse/faces/presentacion/financiero/solicitudProceso/listarSolicitudProceso.xhtml HTTP/1.1" 200 1556
186.84.90.82 - - [18/Dec/2023:08:23:39 -0500] "POST /sipse/faces/presentacion/financiero/solicitudProceso/listarSolicitudProceso.xhtml HTTP/1.1" 200 7656
186.84.90.82 - - [18/Dec/2023:08:23:42 -0500] "POST /sipse/faces/presentacion/financiero/solicitudProceso/listarSolicitudProceso.xhtml HTTP/1.1" 200 7664
156.59.198.136 - - [18/Dec/2023:08:23:44 -0500] "GET /BLA/resoluciones/AUTOS%202007/1918.pdf HTTP/1.0" 200 168792
186.84.90.82 - - [18/Dec/2023:08:23:57 -0500] "POST /sipse/faces/presentacion/financiero/solicitudProceso/listarSolicitudProceso.xhtml HTTP/1.1" 200 22834
186.84.90.82 - - [18/Dec/2023:08:23:58 -0500] "POST /sipse/faces/presentacion/financiero/solicitudProceso/listarSolicitudProceso.xhtml HTTP/1.1" 200 7674
156.59.198.135 - - [18/Dec/2023:08:24:08 -0500] "GET /BLA/resoluciones/RESOLUCIONES%202009/0675.pdf HTTP/1.0" 200 238208
186.84.90.82 - - [18/Dec/2023:08:24:15 -0500] "POST /sipse/faces/presentacion/financiero/solicitudProceso/listarSolicitudProceso.xhtml HTTP/1.1" 200 34612
186.84.90.82 - - [18/Dec/2023:08:24:15 -0500] "POST /sipse/faces/presentacion/financiero/solicitudProceso/listarSolicitudProceso.xhtml HTTP/1.1" 200 34620
186.84.90.82 - - [18/Dec/2023:08:24:16 -0500] "POST /sipse/faces/presentacion/financiero/solicitudProceso/listarSolicitudProceso.xhtml HTTP/1.1" 200 7679
190.27.185.40 - - [18/Dec/2023:08:24:24 -0500] "GET /sipse/faces/faces/autenticacion.xhtml HTTP/1.1" 200 12413
190.27.185.40 - - [18/Dec/2023:08:24:25 -0500] "GET /sipse/css/custom_css_sg.css HTTP/1.1" 200 9694
190.27.185.40 - - [18/Dec/2023:08:24:25 -0500] "GET /sipse/faces/javax.faces.resource/theme.css?ln=primefaces-sipse HTTP/1.1" 304 -
190.27.185.40 - - [18/Dec/2023:08:24:25 -0500] "GET /sipse/faces/javax.faces.resource/primefaces.css?ln=primefaces&v=4.0 HTTP/1.1" 304 -
190.27.185.40 - - [18/Dec/2023:08:24:25 -0500] "GET /sipse/faces/javax.faces.resource/layout/layout.css?ln=primefaces&v=4.0 HTTP/1.1" 304 -
190.27.185.40 - - [18/Dec/2023:08:24:25 -0500] "GET /sipse/faces/javax.faces.resource/jquery/jquery.js?ln=primefaces&v=4.0 HTTP/1.1" 304 -
190.27.185.40 - - [18/Dec/2023:08:24:25 -0500] "GET /sipse/faces/javax.faces.resource/jquery/jquery-plugins.js?ln=primefaces&v=4.0 HTTP/1.1" 304 -
190.27.185.40 - - [18/Dec/2023:08:24:25 -0500] "GET /sipse/faces/javax.faces.resource/primefaces.js?ln=primefaces&v=4.0 HTTP/1.1" 304 -
190.27.185.40 - - [18/Dec/2023:08:24:25 -0500] "GET /sipse/faces/javax.faces.resource/layout/layout.js?ln=primefaces&v=4.0 HTTP/1.1" 304 -
190.27.185.40 - - [18/Dec/2023:08:24:25 -0500] "GET /sipse/faces/javax.faces.resource/images/ui-icons_898989_256x240.png?ln=primefaces-aristo HTTP/1.1" 304 -
190.27.185.40 - - [18/Dec/2023:08:24:25 -0500] "GET /sipse/faces/faces/index.xhtml HTTP/1.1" 200 677
190.27.185.40 - - [18/Dec/2023:08:24:25 -0500] "GET /sipse/faces/javax.faces.resource/theme.css?ln=primefaces-sipse HTTP/1.1" 304 -
190.27.185.40 - - [18/Dec/2023:08:24:25 -0500] "GET /sipse/faces/faces/faces/autenticacion.xhtml HTTP/1.1" 200 12413
190.27.185.40 - - [18/Dec/2023:08:24:25 -0500] "GET /sipse/faces/javax.faces.resource/theme.css?ln=primefaces-sipse HTTP/1.1" 304 -
190.27.185.40 - - [18/Dec/2023:08:24:25 -0500] "GET /sipse/faces/javax.faces.resource/primefaces.css?ln=primefaces&v=4.0 HTTP/1.1" 304 -
190.27.185.40 - - [18/Dec/2023:08:24:25 -0500] "GET /sipse/faces/javax.faces.resource/layout/layout.css?ln=primefaces&v=4.0 HTTP/1.1" 304 -
190.27.185.40 - - [18/Dec/2023:08:24:25 -0500] "GET /sipse/faces/javax.faces.resource/jquery/jquery.js?ln=primefaces&v=4.0 HTTP/1.1" 304 -
190.27.185.40 - - [18/Dec/2023:08:24:25 -0500] "GET /sipse/faces/javax.faces.resource/jquery/jquery-plugins.js?ln=primefaces&v=4.0 HTTP/1.1" 304 -
190.27.185.40 - - [18/Dec/2023:08:24:25 -0500] "GET /sipse/faces/javax.faces.resource/primefaces.js?ln=primefaces&v=4.0 HTTP/1.1" 304 -
190.27.185.40 - - [18/Dec/2023:08:24:25 -0500] "GET /sipse/faces/javax.faces.resource/layout/layout.js?ln=primefaces&v=4.0 HTTP/1.1" 304 -
190.27.185.40 - - [18/Dec/2023:08:24:25 -0500] "GET /sipse/faces/javax.faces.resource/images/ui-icons_898989_256x240.png?ln=primefaces-aristo HTTP/1.1" 304 -
201.245.192.253 - - [18/Dec/2023:08:24:27 -0500] "POST /forms/lservlet;jsessionid=ac16012b30d68f87e6b31bdd4159a82faa45787d3329.e3iSbxaKaheRe34Qc38TbN0Nb41ynknvrkLOlQzNp65In0 HTTP/1.1" 200 2
190.27.185.40 - - [18/Dec/2023:08:24:29 -0500] "POST /sipse/faces/autenticacion.xhtml HTTP/1.1" 200 16321
190.27.185.40 - - [18/Dec/2023:08:24:29 -0500] "GET /sipse/css/custom_css_sg_prime.css HTTP/1.1" 200 5201
190.27.185.40 - - [18/Dec/2023:08:24:29 -0500] "GET /sipse/faces/javax.faces.resource/jquery/jquery.js?ln=primefaces&v=4.0 HTTP/1.1" 304 -
190.27.185.40 - - [18/Dec/2023:08:24:29 -0500] "GET /sipse/faces/javax.faces.resource/jquery/jquery-plugins.js?ln=primefaces&v=4.0 HTTP/1.1" 304 -
190.27.185.40 - - [18/Dec/2023:08:24:29 -0500] "GET /sipse/faces/javax.faces.resource/primefaces.js?ln=primefaces&v=4.0 HTTP/1.1" 304 -
190.27.185.40 - - [18/Dec/2023:08:24:29 -0500] "GET /sipse/faces/javax.faces.resource/layout/layout.js?ln=primefaces&v=4.0 HTTP/1.1" 304 -
190.27.185.40 - - [18/Dec/2023:08:24:29 -0500] "GET /sipse/css/imagen/contrasena.png HTTP/1.1" 404 383
190.27.185.40 - - [18/Dec/2023:08:24:29 -0500] "GET /sipse/faces/javax.faces.resource/messages/messages.png?ln=primefaces&v=4.0 HTTP/1.1" 304 -
58.250.125.124 - - [18/Dec/2023:08:24:30 -0500] "GET / HTTP/1.1" 200 319
190.27.185.40 - - [18/Dec/2023:08:24:30 -0500] "GET /sipse/faces/javax.faces.resource/images/ui-bg_flat_0_2d5972_40x100.png?ln=primefaces-aristo HTTP/1.1" 200 183
190.27.185.40 - - [18/Dec/2023:08:24:30 -0500] "POST /sipse/faces/bienvenido.xhtml HTTP/1.1" 200 1471
190.27.185.40 - - [18/Dec/2023:08:24:31 -0500] "POST /sipse/faces/bienvenido.xhtml HTTP/1.1" 200 62063
190.27.185.40 - - [18/Dec/2023:08:24:31 -0500] "GET /sipse/faces/javax.faces.resource/jquery/jquery.js?ln=primefaces&v=4.0 HTTP/1.1" 304 -
190.27.185.40 - - [18/Dec/2023:08:24:31 -0500] "GET /sipse/faces/javax.faces.resource/jquery/jquery-plugins.js?ln=primefaces&v=4.0 HTTP/1.1" 304 -
190.27.185.40 - - [18/Dec/2023:08:24:31 -0500] "GET /sipse/faces/javax.faces.resource/primefaces.js?ln=primefaces&v=4.0 HTTP/1.1" 304 -
190.27.185.40 - - [18/Dec/2023:08:24:32 -0500] "GET /sipse/faces/javax.faces.resource/layout/layout.js?ln=primefaces&v=4.0 HTTP/1.1" 304 -
190.27.185.40 - - [18/Dec/2023:08:24:32 -0500] "POST /sipse/faces/presentacion/financiero/solicitudProceso/listarSolicitudProceso.xhtml HTTP/1.1" 200 1556
156.59.198.135 - - [18/Dec/2023:08:24:32 -0500] "GET /BLA/resoluciones/AUTOS%202007/1453.pdf HTTP/1.0" 200 42797
190.27.185.40 - - [18/Dec/2023:08:24:33 -0500] "POST /sipse/faces/presentacion/financiero/solicitudProceso/listarSolicitudProceso.xhtml HTTP/1.1" 200 19838
190.27.185.40 - - [18/Dec/2023:08:24:40 -0500] "POST /sipse/faces/presentacion/financiero/solicitudProceso/listarSolicitudProceso.xhtml HTTP/1.1" 200 118594
190.27.185.40 - - [18/Dec/2023:08:24:41 -0500] "GET /sipse/faces/javax.faces.resource/jquery/jquery.js?ln=primefaces&v=4.0 HTTP/1.1" 304 -
190.27.185.40 - - [18/Dec/2023:08:24:41 -0500] "GET /sipse/faces/javax.faces.resource/jquery/jquery-plugins.js?ln=primefaces&v=4.0 HTTP/1.1" 304 -
190.27.185.40 - - [18/Dec/2023:08:24:41 -0500] "GET /sipse/faces/javax.faces.resource/primefaces.js?ln=primefaces&v=4.0 HTTP/1.1" 304 -
190.27.185.40 - - [18/Dec/2023:08:24:41 -0500] "GET /sipse/faces/javax.faces.resource/layout/layout.js?ln=primefaces&v=4.0 HTTP/1.1" 304 -
190.27.185.40 - - [18/Dec/2023:08:24:49 -0500] "POST /sipse/faces/presentacion/financiero/solicitudProceso/consultarSolicitudProceso.xhtml HTTP/1.1" 200 166090
156.59.198.136 - - [18/Dec/2023:08:24:57 -0500] "GET /BLA/resoluciones/RESOLUCIONES%202023/1792.pdf HTTP/1.0" 200 747917
201.245.192.253 - - [18/Dec/2023:08:25:01 -0500] "POST /forms/lservlet;jsessionid=ac16012b30d665b9d6b5cea24731bd918aefbc6c9e46.e3iSbxaKaheRe34Qc38TbN0Nb41ynknvrkLOlQzNp65In0 HTTP/1.1" 200 2
201.245.192.253 - - [18/Dec/2023:08:25:01 -0500] "POST /kwsrmcab/Wsrmcab  HTTP/1.1" 200 37894
156.59.198.135 - - [18/Dec/2023:08:25:22 -0500] "GET /BLA/resoluciones/AUTOS%202007/1696.pdf HTTP/1.0" 200 173888
156.59.198.136 - - [18/Dec/2023:08:25:47 -0500] "GET /BLA/resoluciones/AUTOS%202019/3558.pdf HTTP/1.0" 200 253584
201.245.192.253 - - [18/Dec/2023:08:25:45 -0500] "POST /kwsrmcab/Wsrmcab HTTP/1.1" 200 38548
201.245.192.253 - - [18/Dec/2023:08:25:48 -0500] "POST /kwsrmcab/Wsrmcab HTTP/1.1" 200 38995
156.59.198.135 - - [18/Dec/2023:08:26:12 -0500] "GET /BLA/resoluciones/AUTOS%202007/2015.pdf HTTP/1.0" 200 71054
69.63.189.6 - - [18/Dec/2023:08:26:24 -0500] "GET /images/Musgo%2017%20-%2012%20-%202023.jpeg HTTP/1.1" 200 66238
69.63.189.5 - - [18/Dec/2023:08:26:27 -0500] "GET /images/calidad-aire.jpg HTTP/1.1" 200 42421
201.245.192.253 - - [18/Dec/2023:08:26:27 -0500] "POST /forms/lservlet;jsessionid=ac16012b30d68f87e6b31bdd4159a82faa45787d3329.e3iSbxaKaheRe34Qc38TbN0Nb41ynknvrkLOlQzNp65In0 HTTP/1.1" 200 2
156.59.198.136 - - [18/Dec/2023:08:26:36 -0500] "GET /BLA/resoluciones/AUTOS%202007/2493.pdf HTTP/1.0" 200 81419
168.119.252.253 - - [18/Dec/2023:08:26:47 -0500] "GET / HTTP/1.1" 200 319
168.119.252.253 - - [18/Dec/2023:08:26:49 -0500] "GET / HTTP/1.1" 200 4720
156.59.198.135 - - [18/Dec/2023:08:27:00 -0500] "GET /BLA/resoluciones/AUTOS%202007/2050.pdf HTTP/1.0" 200 230046
201.245.192.253 - - [18/Dec/2023:08:27:01 -0500] "POST /forms/lservlet;jsessionid=ac16012b30d665b9d6b5cea24731bd918aefbc6c9e46.e3iSbxaKaheRe34Qc38TbN0Nb41ynknvrkLOlQzNp65In0 HTTP/1.1" 200 2
201.245.192.253 - - [18/Dec/2023:08:27:03 -0500] "POST /sipse/faces/presentacion/financiero/solicitudProceso/listarSolicitudProceso.xhtml HTTP/1.1" 200 184
201.245.192.253 - - [18/Dec/2023:08:27:03 -0500] "POST /sipse/faces/presentacion/financiero/solicitudProceso/listarSolicitudProceso.xhtml HTTP/1.1" 200 184
201.245.192.253 - - [18/Dec/2023:08:27:03 -0500] "GET /sipse/faces/presentacion/financiero/solicitudAnulacion/solicitudAnulacion.xhtml HTTP/1.1" 200 16132
201.245.192.253 - - [18/Dec/2023:08:27:03 -0500] "GET /sipse/faces/presentacion/financiero/solicitudAnulacion/solicitudAnulacion.xhtml HTTP/1.1" 200 36008
201.245.192.253 - - [18/Dec/2023:08:27:03 -0500] "GET /sipse/faces/javax.faces.resource/theme.css?ln=primefaces-sipse HTTP/1.1" 304 -
201.245.192.253 - - [18/Dec/2023:08:27:03 -0500] "GET /sipse/faces/javax.faces.resource/primefaces.css?ln=primefaces&v=4.0 HTTP/1.1" 304 -
201.245.192.253 - - [18/Dec/2023:08:27:03 -0500] "GET /sipse/faces/javax.faces.resource/jquery/jquery.js?ln=primefaces&v=4.0 HTTP/1.1" 304 -
201.245.192.253 - - [18/Dec/2023:08:27:03 -0500] "GET /sipse/faces/javax.faces.resource/layout/layout.css?ln=primefaces&v=4.0 HTTP/1.1" 304 -
201.245.192.253 - - [18/Dec/2023:08:27:03 -0500] "GET /sipse/faces/javax.faces.resource/jquery/jquery-plugins.js?ln=primefaces&v=4.0 HTTP/1.1" 304 -
201.245.192.253 - - [18/Dec/2023:08:27:03 -0500] "GET /sipse/faces/javax.faces.resource/primefaces.js?ln=primefaces&v=4.0 HTTP/1.1" 304 -
201.245.192.253 - - [18/Dec/2023:08:27:03 -0500] "GET /sipse/faces/javax.faces.resource/layout/layout.js?ln=primefaces&v=4.0 HTTP/1.1" 304 -
201.245.192.253 - - [18/Dec/2023:08:27:03 -0500] "GET /sipse/faces/javax.faces.resource/images/ui-icons_898989_256x240.png?ln=primefaces-aristo HTTP/1.1" 304 -
201.245.192.253 - - [18/Dec/2023:08:27:03 -0500] "GET /sipse/faces/javax.faces.resource/images/ui-bg_flat_0_2d5972_40x100.png?ln=primefaces-aristo HTTP/1.1" 304 -
201.245.192.253 - - [18/Dec/2023:08:27:03 -0500] "POST /sipse/faces/presentacion/financiero/solicitudAnulacion/solicitudAnulacion.xhtml HTTP/1.1" 200 12474
201.245.192.253 - - [18/Dec/2023:08:27:05 -0500] "POST /sipse/faces/presentacion/financiero/solicitudAnulacion/solicitudAnulacion.xhtml HTTP/1.1" 200 34957
201.245.192.253 - - [18/Dec/2023:08:27:05 -0500] "GET /sipse/faces/javax.faces.resource/jquery/jquery.js?ln=primefaces&v=4.0 HTTP/1.1" 304 -
201.245.192.253 - - [18/Dec/2023:08:27:05 -0500] "GET /sipse/faces/javax.faces.resource/jquery/jquery-plugins.js?ln=primefaces&v=4.0 HTTP/1.1" 304 -
201.245.192.253 - - [18/Dec/2023:08:27:05 -0500] "GET /sipse/faces/javax.faces.resource/primefaces.js?ln=primefaces&v=4.0 HTTP/1.1" 304 -
201.245.192.253 - - [18/Dec/2023:08:27:05 -0500] "GET /sipse/faces/javax.faces.resource/layout/layout.js?ln=primefaces&v=4.0 HTTP/1.1" 304 -
201.245.192.253 - - [18/Dec/2023:08:27:06 -0500] "POST /sipse/faces/presentacion/financiero/solicitudProceso/listarSolicitudProceso.xhtml HTTP/1.1" 200 1376
201.245.192.253 - - [18/Dec/2023:08:27:07 -0500] "POST /sipse/faces/presentacion/financiero/solicitudProceso/listarSolicitudProceso.xhtml HTTP/1.1" 200 184
