191.156.235.166 - - [21/Dec/2023:08:08:52 -0500] "GET /sipse/faces/javax.faces.resource/fileupload/fileupload.css?ln=primefaces&v=4.0 HTTP/1.1" 304 -
191.156.235.166 - - [21/Dec/2023:08:08:52 -0500] "GET /sipse/faces/javax.faces.resource/jquery/jquery-plugins.js?ln=primefaces&v=4.0 HTTP/1.1" 304 -
191.156.235.166 - - [21/Dec/2023:08:08:52 -0500] "GET /sipse/faces/javax.faces.resource/primefaces.js?ln=primefaces&v=4.0 HTTP/1.1" 304 -
191.156.235.166 - - [21/Dec/2023:08:08:52 -0500] "GET /sipse/faces/javax.faces.resource/layout/layout.css?ln=primefaces&v=4.0 HTTP/1.1" 304 -
191.156.232.193 - - [21/Dec/2023:08:08:52 -0500] "GET /sipse/faces/javax.faces.resource/layout/layout.js?ln=primefaces&v=4.0 HTTP/1.1" 304 -
191.156.235.166 - - [21/Dec/2023:08:08:53 -0500] "GET /sipse/faces/javax.faces.resource/fileupload/fileupload.js?ln=primefaces&v=4.0 HTTP/1.1" 304 -
201.245.192.253 - - [21/Dec/2023:08:08:53 -0500] "POST /forms/lservlet;jsessionid=ac16012b30d601081061295f4ca0a1fa844a8c90ad0d.e3iSbxaKaheRe34Qc38TbN0Nb41ynknvrkLOlQzNp65In0 HTTP/1.1" 200 2
191.156.181.26 - - [21/Dec/2023:08:08:56 -0500] "GET /secretaria-de-ambiente-reconocio-entidades-por-sus-buenas-practicas-ambientales.html?fbclid=IwAR3LST_jEy7fot-lkmbyNWPSIa36_gu9SSCouMLyVvdrIyfZUa4LKdS4vXI HTTP/1.1" 200 892
201.245.192.253 - - [21/Dec/2023:08:09:01 -0500] "POST /forms/lservlet;jsessionid=ac16012b30d601081061295f4ca0a1fa844a8c90ad0d.e3iSbxaKaheRe34Qc38TbN0Nb41ynknvrkLOlQzNp65In0 HTTP/1.1" 200 768
156.59.198.135 - - [21/Dec/2023:08:09:02 -0500] "GET /BLA/resoluciones/Notificaciones/AUTOS%202017/05084.pdf HTTP/1.0" 200 263307
201.245.192.253 - - [21/Dec/2023:08:09:05 -0500] "POST /forms/lservlet;jsessionid=ac16012b30d601081061295f4ca0a1fa844a8c90ad0d.e3iSbxaKaheRe34Qc38TbN0Nb41ynknvrkLOlQzNp65In0 HTTP/1.1" 200 29
201.245.192.253 - - [21/Dec/2023:08:09:06 -0500] "POST /forms/lservlet;jsessionid=ac16012b30d601081061295f4ca0a1fa844a8c90ad0d.e3iSbxaKaheRe34Qc38TbN0Nb41ynknvrkLOlQzNp65In0 HTTP/1.1" 200 96
216.244.66.195 - - [21/Dec/2023:08:09:08 -0500] "GET /BLA/resoluciones/RESOLUCIONES%202019/2656.pdf HTTP/1.1" 200 290808
201.245.192.253 - - [21/Dec/2023:08:09:09 -0500] "POST /forms/lservlet;jsessionid=ac16012b30d601081061295f4ca0a1fa844a8c90ad0d.e3iSbxaKaheRe34Qc38TbN0Nb41ynknvrkLOlQzNp65In0 HTTP/1.1" 200 71
201.245.192.253 - - [21/Dec/2023:08:09:10 -0500] "POST /forms/lservlet;jsessionid=ac16012b30d601081061295f4ca0a1fa844a8c90ad0d.e3iSbxaKaheRe34Qc38TbN0Nb41ynknvrkLOlQzNp65In0 HTTP/1.1" 200 2
201.245.192.253 - - [21/Dec/2023:08:09:11 -0500] "POST /forms/lservlet;jsessionid=ac16012b30d601081061295f4ca0a1fa844a8c90ad0d.e3iSbxaKaheRe34Qc38TbN0Nb41ynknvrkLOlQzNp65In0 HTTP/1.1" 200 90
201.245.192.253 - - [21/Dec/2023:08:09:11 -0500] "POST /forms/lservlet;jsessionid=ac16012b30d601081061295f4ca0a1fa844a8c90ad0d.e3iSbxaKaheRe34Qc38TbN0Nb41ynknvrkLOlQzNp65In0 HTTP/1.1" 200 27
201.245.192.253 - - [21/Dec/2023:08:09:13 -0500] "POST /forms/lservlet;jsessionid=ac16012b30d601081061295f4ca0a1fa844a8c90ad0d.e3iSbxaKaheRe34Qc38TbN0Nb41ynknvrkLOlQzNp65In0 HTTP/1.1" 200 686
207.46.13.64 - - [21/Dec/2023:08:09:14 -0500] "GET /BLA/resoluciones/AUTOS%202023/5600.pdf HTTP/1.1" 200 440838
201.245.192.253 - - [21/Dec/2023:08:09:15 -0500] "POST /forms/lservlet;jsessionid=ac16012b30d601081061295f4ca0a1fa844a8c90ad0d.e3iSbxaKaheRe34Qc38TbN0Nb41ynknvrkLOlQzNp65In0 HTTP/1.1" 200 27
216.244.66.195 - - [21/Dec/2023:08:09:21 -0500] "GET /BLA/resoluciones/RESOLUCIONES%202019/2843.pdf HTTP/1.1" 200 447309
156.59.198.136 - - [21/Dec/2023:08:09:26 -0500] "GET /BLA/resoluciones/AUTOS%202014/6399.pdf HTTP/1.0" 200 663961
201.245.192.253 - - [21/Dec/2023:08:09:26 -0500] "POST /forms/lservlet;jsessionid=ac16012b30d65f92fa67ce9340589b498a1304d31ae2.e3iSbxaKaheRe34Qc38TbN0Nb41ynknvrkLOlQzNp65In0 HTTP/1.1" 200 2
201.245.192.253 - - [21/Dec/2023:08:09:27 -0500] "POST /forms/lservlet;jsessionid=ac16012b30d601081061295f4ca0a1fa844a8c90ad0d.e3iSbxaKaheRe34Qc38TbN0Nb41ynknvrkLOlQzNp65In0 HTTP/1.1" 200 2
216.244.66.195 - - [21/Dec/2023:08:09:33 -0500] "GET /BLA/resoluciones/RESOLUCIONES%202019/3190.pdf HTTP/1.1" 200 608248
172.22.2.4 - - [21/Dec/2023:08:07:55 -0500] "HEAD /BLA/boletinlegal/ HTTP/1.1" 200 -
216.244.66.195 - - [21/Dec/2023:08:09:45 -0500] "GET /BLA/resoluciones/RESOLUCIONES%202019/3281.pdf HTTP/1.1" 200 391476
156.59.198.135 - - [21/Dec/2023:08:09:51 -0500] "GET /BLA/resoluciones/Notificaciones/AUTOS%202014/0637.doc HTTP/1.0" 200 251904
186.102.95.78 - - [21/Dec/2023:08:09:56 -0500] "OPTIONS /kwssiamovil/sm/setfile/f? HTTP/1.1" 200 13
216.244.66.195 - - [21/Dec/2023:08:09:56 -0500] "GET /BLA/resoluciones/RESOLUCIONES%202019/3412.pdf HTTP/1.1" 200 297432
186.102.95.78 - - [21/Dec/2023:08:09:56 -0500] "POST /kwssiamovil/sm/setfile/f? HTTP/1.1" 200 381
186.155.168.86 - - [21/Dec/2023:08:10:04 -0500] "GET /sipse/faces/index.xhtml HTTP/1.1" 200 677
186.155.168.86 - - [21/Dec/2023:08:10:04 -0500] "GET /sipse/faces/javax.faces.resource/theme.css?ln=primefaces-sipse HTTP/1.1" 304 -
186.155.168.86 - - [21/Dec/2023:08:10:04 -0500] "GET /sipse/faces/faces/autenticacion.xhtml HTTP/1.1" 200 12174
186.155.168.86 - - [21/Dec/2023:08:10:04 -0500] "GET /sipse/js/disable_browser_buttons.js HTTP/1.1" 304 -
186.155.168.86 - - [21/Dec/2023:08:10:04 -0500] "GET /sipse/js/funciones.js HTTP/1.1" 304 -
186.155.168.86 - - [21/Dec/2023:08:10:04 -0500] "GET /sipse/css/custom_css_sg.css HTTP/1.1" 304 -
186.155.168.86 - - [21/Dec/2023:08:10:04 -0500] "GET /sipse/css/custom_css_sg_prime_login.css HTTP/1.1" 304 -
186.155.168.86 - - [21/Dec/2023:08:10:04 -0500] "GET /sipse/faces/javax.faces.resource/theme.css?ln=primefaces-sipse HTTP/1.1" 304 -
186.155.168.86 - - [21/Dec/2023:08:10:04 -0500] "GET /sipse/faces/javax.faces.resource/primefaces.css?ln=primefaces&v=4.0 HTTP/1.1" 304 -
186.155.168.86 - - [21/Dec/2023:08:10:04 -0500] "GET /sipse/faces/javax.faces.resource/layout/layout.css?ln=primefaces&v=4.0 HTTP/1.1" 304 -
186.155.168.86 - - [21/Dec/2023:08:10:04 -0500] "GET /sipse/faces/javax.faces.resource/jquery/jquery.js?ln=primefaces&v=4.0 HTTP/1.1" 304 -
186.155.168.86 - - [21/Dec/2023:08:10:04 -0500] "GET /sipse/faces/javax.faces.resource/layout/layout.js?ln=primefaces&v=4.0 HTTP/1.1" 304 -
186.155.168.86 - - [21/Dec/2023:08:10:04 -0500] "GET /sipse/faces/javax.faces.resource/primefaces.js?ln=primefaces&v=4.0 HTTP/1.1" 304 -
186.155.168.86 - - [21/Dec/2023:08:10:04 -0500] "GET /sipse/faces/javax.faces.resource/jquery/jquery-plugins.js?ln=primefaces&v=4.0 HTTP/1.1" 304 -
186.155.168.86 - - [21/Dec/2023:08:10:04 -0500] "GET /sipse/css/imagen/logoSDG.png HTTP/1.1" 304 -
186.155.168.86 - - [21/Dec/2023:08:10:05 -0500] "GET /sipse/css/imagen/loginimg.png HTTP/1.1" 304 -
186.155.168.86 - - [21/Dec/2023:08:10:05 -0500] "GET /sipse/faces/javax.faces.resource/images/ui-icons_898989_256x240.png?ln=primefaces-aristo HTTP/1.1" 304 -
216.244.66.195 - - [21/Dec/2023:08:10:06 -0500] "GET /BLA/resoluciones/RESOLUCIONES%202019/3431.pdf HTTP/1.1" 200 1802983
216.245.221.92 - - [21/Dec/2023:08:10:09 -0500] "HEAD / HTTP/1.1" 200 -
186.102.95.78 - - [21/Dec/2023:08:10:10 -0500] "GET /kwssiamovil/sm/acme/a?s=U2FsdGVkX19WH57h2wLQdFqxFHDiw+/252tPi7+02ZvDERVtFfIjbqlh64rXaGwpiebF+eZe1Y3nExstC3cSf71E1wHKhJ4SNfMYbRZVZ6viizeNsWgNSKAfcWDQW8mCNpz9XWQgX6qGJdCfZdJVUsG7cM00iZzBf0BD0Ma3gNIck45XqOik2yEF0FDzX+dmbdPNLcplPndMG9TL8qgyZszo22zg+qUPCV3uRsF5rG9emyKyW3Q4m4750it+cEGIsldKy8aFGDtWpLrYjYigHA==&u=U2FsdGVkX1+yiw6jradcn/q80cSKFMwr18SzUmZLekLm4VNTf0EBBp/wdcXB24gg&y=U2FsdGVkX18Y+stn60/dlxs07G/5ndXy7KF0Y6JQ03gPrUieJCzuJmWotQDiirk4 HTTP/1.1" 200 26
186.102.95.78 - - [21/Dec/2023:08:10:11 -0500] "GET /kwssiamovil/sm/acme/a?s=U2FsdGVkX19KgswMB+rRuglVswxxuqpFsJ6XazYjDRbD7fPnDRYXkLyEShvUFD05xPk3ZNYv5MQd79HqfIoiRn1w7cdZZYIfHoT180hnsdFUNBITsgVRe7MZ1OqU9GN6jaPOEU2fzMGX+KekfyyJfNo44yOYJWKuFqAkOfg1QQUJu/s7Xy/Y94pKHdAf5ZoCsYvvZfsh+u9JmainLL6st0S/ufg3EnZJ3EchrfdzhcoueWPm8UM5dkpp1qaKPn+jrUbaBnQDJfFE5xpQMtov+pNQhEkgAxQqdrZMywDTkDVnwP7P4xIb2mx1Ez1lmInNbnMh5QNYgHMR2fEDpQOOq6w5ZFRXI7nS//POoFiFk4DxOZ4nG1fMs+VS207SS75Gw3R/KAT4cSJIK5gVVL6RNasX5ARMhqi+afZkeWiqEtamFPE1x5XJaEXL8nQGlUS/UrtvpvuiKUn0HrCy5n+yrOpu172s9CoiRRg9ZBRTiH+kiVRvLmkg7q3iXDI9C3fHzZiw6cmFAlsT6mAN5lJLlSq4KpQZPOTvv+kTsw3d904fWPJrBt4s+q4tnFvSMnFn+/wSNSbPizlmosKFuciWEX27pR1tTkA0XFmUW/hiUsmb2fNMGu6gPagdA93A9c27WvMvI8/W80DZXrXGAVv5cZy/AXlgLVQ3Goo98UVVC0W5jsh6avRLvUD0QcNC4l7LgpTP2Nc4AB/Mfk8CvIDP5Cbi/2pxe6yRz4hmc6XNjhdbA7+G3uhg+aF1Dz2RmwIox8UKLFwi7AYstJ5dQne3aDSpWuFITy+xqpWKd5OnCLyA5Xwr1/RMJdm89Phtx098yna0kfiJWoN1tgbNM/aRK9HGs6NvUgzv4alRkqLFkteTK/FtW3u975+X5uzUWBp+LUUC+KVhmMlL2tLZiPhCmxaEyVFYPGYa+0WB4wIXNKqwtBWyh6EYI6z51FybzWIbZdKO8QfUaOTgtyZ8PG8sW9Exp9IGYWbx5H3lWhH4tGxCGmBrbPpP76hl/BS0hVmZdhsh/ACyjTk3k8obHaoPBuVIP9OT+JP7OrDOOwioJIJ5228xC0sHpTIn0WXGbxa1y+EqYp3/xpSF9IM9CxBKIR7XiTleGr+3GMIvQObHwgfRCuiSs4l3qFT726KPbhzzRmxfLsXQJIVbOaA0SosvsEYfht1oQJXxI8ymtQyHU+SLYFJDWfJpU7nSLR5a0/zoIbnhBU4If8eQf7SRDnI4P+V9EBUmh3+MGKek7eRcpEWDra9dvZUKhd3+O9Atr678A+gQ1L1ttReKZuOEmbVK/pCt8LTCawYOHLs0URbbLgZ43VXWR6hRFbvyRz7LVMTozrbpdTaCbnNzz+joMeL9yjYPz2UnqiLL5ha2GLcRvSkYXNIh5D/61kF7aSYdTZQPPWLreh2OisZ0AgSnDa8HiPtSDnjqWF0rV2puEyNL3OV67GPoXoHfD2+Zs3OsIQLRTPqpanZTlQ1mtdV7rXiPC2JrJH/7quydlaaH4PqitW6gvYDxwYRGhVod0FN/sQavj8TArCoIOmMU7mkYTxBfFg==&u=U2FsdGVkX1+yiw6jradcn/q80cSKFMwr18SzUmZLekLm4VNTf0EBBp/wdcXB24gg&y=U2FsdGVkX18Y+stn60/dlxs07G/5ndXy7KF0Y6JQ03gPrUieJCzuJmWotQDiirk4 HTTP/1.1" 200 26
186.102.95.78 - - [21/Dec/2023:08:10:11 -0500] "GET /kwssiamovil/sm/acme/a?s=U2FsdGVkX18mZ48QcdcJWsRCXUdBlWzQIDHpm2LugGYPmdSAttgJcZBvoNoKG78YLzU3Rqw0FhQtagM/jzkHvxTEpRsphJD/M/6uWIGm6K6D/c01DpTK0ueWToW0tXOyHyPCzIxvXNA9xzFmjS+khp1lNPt4ATC2VQwrF1YXXYw=&u=U2FsdGVkX1+yiw6jradcn/q80cSKFMwr18SzUmZLekLm4VNTf0EBBp/wdcXB24gg&y=U2FsdGVkX18Y+stn60/dlxs07G/5ndXy7KF0Y6JQ03gPrUieJCzuJmWotQDiirk4 HTTP/1.1" 200 26
186.102.95.78 - - [21/Dec/2023:08:10:12 -0500] "GET /kwssiamovil/sm/acme/a?s=U2FsdGVkX1/WZ//dNmxiChOYB+/BuwOVC023OlTo4zaW1yjlnF4uqYzsaye8kxBN4vh7Jq2nGliT/jj7gVN2litSP+End8gOLRgYLXTYFRhBcFqO9QZeOYxYgWP646nMCdleFG440ejXqQgWiR6ckhOrA/1YVLMNIsu7mczEE0Q=&u=U2FsdGVkX1+yiw6jradcn/q80cSKFMwr18SzUmZLekLm4VNTf0EBBp/wdcXB24gg&y=U2FsdGVkX18Y+stn60/dlxs07G/5ndXy7KF0Y6JQ03gPrUieJCzuJmWotQDiirk4 HTTP/1.1" 200 26
186.102.95.78 - - [21/Dec/2023:08:10:12 -0500] "GET /kwssiamovil/sm/acme/a?s=U2FsdGVkX1963aCXZoktPei6ysRg9tQAdD7++8SObIn0Geph0Jc1argimvozgYz9CLiriJRtnz9gPZMOfH2PYfXBjSeBmzxuWr/NFTdZFrspecRo3F683fS4hAw+s5w+d3r4dUfG9EnTysEZqJFjeUEQXbaifTaeE5kTl/U4rvQ=&u=U2FsdGVkX1+yiw6jradcn/q80cSKFMwr18SzUmZLekLm4VNTf0EBBp/wdcXB24gg&y=U2FsdGVkX18Y+stn60/dlxs07G/5ndXy7KF0Y6JQ03gPrUieJCzuJmWotQDiirk4 HTTP/1.1" 200 26
186.102.95.78 - - [21/Dec/2023:08:10:12 -0500] "GET /kwssiamovil/sm/acme/a?s=U2FsdGVkX1+GHercOOLr8zDziOkCOJ9sI2jdr/QYoeKmuEHVppmnUQNmBimIjg7f+GmtRImHndgkcCowwJA6egbyghC9I/kdqw2bCFwOfRMQd9qQJTnY1tKMawjJQ/JVrfc3n2Ak25Yddx8JuAuSCFXrcBBHDIynzT9UV8ZRRrFih4tdF5Fbxs/6zCMQ9svnQHqFHqFgqg1MS4d2sB6lCw==&u=U2FsdGVkX1+yiw6jradcn/q80cSKFMwr18SzUmZLekLm4VNTf0EBBp/wdcXB24gg&y=U2FsdGVkX18Y+stn60/dlxs07G/5ndXy7KF0Y6JQ03gPrUieJCzuJmWotQDiirk4 HTTP/1.1" 200 26
186.102.95.78 - - [21/Dec/2023:08:10:13 -0500] "GET /kwssiamovil/sm/acme/a?s=U2FsdGVkX19orXhZ5k533pmLGA578bxeWkfvZnXmNTfEmgjIMtkzVe0Qh7pv7bC7/JXs5TvLe0vfRaSUiAku/wW6l/f6hgm3RoFmdpmWpBRcwTTR8zY/lEQTQjfeYd0GeV8yRv9Pasn0QbKgHsiXhmhl5bjDJiSET4jNw3CZKmTfp95isI4kYTu8bmxBGnAvTF8VA6EBX2rSpk23zpFwvrHGsplQFHC8W4MJe9JSD4bv0JKPdMCt+Nmko3KrHvVjneYgLk7Xet9j8kkg1J+VBg+GfR7AnwQz6zl/Gkac8xbwWcvc6my4U5VhDAXyHJVJEL2Q07/bhBrX9isP9pZ9g1NwYUEyJu53UW4PADSK+rcJN2hyOfkOyz0TAZ0BUV1MM94Nt4aTmifuRZdz4VLPy9SX5+IIPOKgYupxSzkBaWLGHJYWxInDPBSlkSgh1HmW&u=U2FsdGVkX1+yiw6jradcn/q80cSKFMwr18SzUmZLekLm4VNTf0EBBp/wdcXB24gg&y=U2FsdGVkX18Y+stn60/dlxs07G/5ndXy7KF0Y6JQ03gPrUieJCzuJmWotQDiirk4 HTTP/1.1" 200 25
186.102.95.78 - - [21/Dec/2023:08:10:13 -0500] "GET /kwssiamovil/sm/acme/a?s=U2FsdGVkX19cQsGeqLXXCxPiEfC/yOg0bOBjbU3AshzWFjzkqVk+xdtWge57ecqjHJ6J38TbT+CRDLJ2W619wWRzB+Nsr9KdLgACzRMkaiSTEXwNcRmeJJS/gMjLrPKxDeH14Sdf1aa58fPFwHonklTPGWjDRHYwNsKmS/cHRJic4Pl2Y2Sv2cRj6SQ3EnGb9VD0oYNb/haG7pZ0rsBmebSBrxHL2WTxXlYMcoEtL0Mpy8Un70Q1NwNYtzoALu25l/i4Z9s0kN3t1nH6fVyXxmXPMzcVIdbcMfbj6r12R+Rv9gLjjr8rcAvvUpduavhtccw6SAChvtKEo8XSHyESD7VX+m0FBUDUNEAt8nG4GUhzMYBc/1D+xx1J7IAUyEt65/WFpW3bumQtTlIrj4AKWg==&u=U2FsdGVkX1+yiw6jradcn/q80cSKFMwr18SzUmZLekLm4VNTf0EBBp/wdcXB24gg&y=U2FsdGVkX18Y+stn60/dlxs07G/5ndXy7KF0Y6JQ03gPrUieJCzuJmWotQDiirk4 HTTP/1.1" 200 26
156.59.198.135 - - [21/Dec/2023:08:10:14 -0500] "GET /BLA/resoluciones/RESOLUCIONES%202008/5270.pdf HTTP/1.0" 200 244975
186.155.168.86 - - [21/Dec/2023:08:10:18 -0500] "POST /sipse/faces/autenticacion.xhtml HTTP/1.1" 200 2222
186.155.168.86 - - [21/Dec/2023:08:10:18 -0500] "GET /sipse/faces/javax.faces.resource/messages/messages.png?ln=primefaces&v=4.0 HTTP/1.1" 304 -
186.155.168.86 - - [21/Dec/2023:08:10:19 -0500] "POST /sipse/faces/autenticacion.xhtml HTTP/1.1" 200 16352
186.155.168.86 - - [21/Dec/2023:08:10:19 -0500] "GET /sipse/css/custom_css_sg_prime.css HTTP/1.1" 304 -
186.155.168.86 - - [21/Dec/2023:08:10:19 -0500] "GET /sipse/faces/javax.faces.resource/theme.css?ln=primefaces-sipse HTTP/1.1" 304 -
186.155.168.86 - - [21/Dec/2023:08:10:19 -0500] "GET /sipse/faces/javax.faces.resource/primefaces.css?ln=primefaces&v=4.0 HTTP/1.1" 304 -
186.155.168.86 - - [21/Dec/2023:08:10:19 -0500] "GET /sipse/faces/javax.faces.resource/layout/layout.css?ln=primefaces&v=4.0 HTTP/1.1" 304 -
186.155.168.86 - - [21/Dec/2023:08:10:19 -0500] "GET /sipse/js/jquery.min.js HTTP/1.1" 304 -
186.155.168.86 - - [21/Dec/2023:08:10:19 -0500] "GET /sipse/faces/javax.faces.resource/jquery/jquery.js?ln=primefaces&v=4.0 HTTP/1.1" 304 -
186.155.168.86 - - [21/Dec/2023:08:10:19 -0500] "GET /sipse/faces/javax.faces.resource/jquery/jquery-plugins.js?ln=primefaces&v=4.0 HTTP/1.1" 304 -
186.155.168.86 - - [21/Dec/2023:08:10:19 -0500] "GET /sipse/faces/javax.faces.resource/primefaces.js?ln=primefaces&v=4.0 HTTP/1.1" 304 -
186.155.168.86 - - [21/Dec/2023:08:10:19 -0500] "GET /sipse/faces/javax.faces.resource/layout/layout.js?ln=primefaces&v=4.0 HTTP/1.1" 304 -
186.155.168.86 - - [21/Dec/2023:08:10:19 -0500] "GET /sipse/css/v_mergente.css HTTP/1.1" 304 -
186.155.168.86 - - [21/Dec/2023:08:10:19 -0500] "GET /sipse/imagenes/cargando.gif HTTP/1.1" 304 -
186.155.168.86 - - [21/Dec/2023:08:10:19 -0500] "GET /sipse/imagenes/logoAplicacion.jpg HTTP/1.1" 304 -
186.155.168.86 - - [21/Dec/2023:08:10:19 -0500] "GET /sipse/css/imagen/contrasena.png HTTP/1.1" 404 383
186.155.168.86 - - [21/Dec/2023:08:10:22 -0500] "GET /sipse/faces/javax.faces.resource/images/ui-bg_flat_0_2d5972_40x100.png?ln=primefaces-aristo HTTP/1.1" 304 -
186.155.168.86 - - [21/Dec/2023:08:10:22 -0500] "POST /sipse/faces/bienvenido.xhtml HTTP/1.1" 200 2060
186.155.168.86 - - [21/Dec/2023:08:10:24 -0500] "POST /sipse/faces/bienvenido.xhtml HTTP/1.1" 200 62900
186.155.168.86 - - [21/Dec/2023:08:10:25 -0500] "GET /sipse/faces/javax.faces.resource/primefaces.css?ln=primefaces&v=4.0 HTTP/1.1" 304 -
186.155.168.86 - - [21/Dec/2023:08:10:25 -0500] "GET /sipse/faces/javax.faces.resource/theme.css?ln=primefaces-sipse HTTP/1.1" 304 -
186.155.168.86 - - [21/Dec/2023:08:10:25 -0500] "GET /sipse/faces/javax.faces.resource/layout/layout.css?ln=primefaces&v=4.0 HTTP/1.1" 304 -
186.155.168.86 - - [21/Dec/2023:08:10:25 -0500] "GET /sipse/faces/javax.faces.resource/jquery/jquery.js?ln=primefaces&v=4.0 HTTP/1.1" 304 -
186.155.168.86 - - [21/Dec/2023:08:10:25 -0500] "GET /sipse/faces/javax.faces.resource/jquery/jquery-plugins.js?ln=primefaces&v=4.0 HTTP/1.1" 304 -
186.155.168.86 - - [21/Dec/2023:08:10:25 -0500] "GET /sipse/faces/javax.faces.resource/primefaces.js?ln=primefaces&v=4.0 HTTP/1.1" 304 -
186.155.168.86 - - [21/Dec/2023:08:10:25 -0500] "GET /sipse/faces/javax.faces.resource/layout/layout.js?ln=primefaces&v=4.0 HTTP/1.1" 304 -
186.155.168.86 - - [21/Dec/2023:08:10:25 -0500] "POST /sipse/faces/presentacion/financiero/solicitudProceso/listarSolicitudProceso.xhtml HTTP/1.1" 200 1556
172.22.2.4 - - [21/Dec/2023:08:08:46 -0500] "GET /BLA/boletinlegal/ HTTP/1.1" 200 53513
186.155.168.86 - - [21/Dec/2023:08:10:28 -0500] "POST /sipse/faces/presentacion/financiero/solicitudProceso/listarSolicitudProceso.xhtml HTTP/1.1" 200 45878
186.155.168.86 - - [21/Dec/2023:08:10:28 -0500] "POST /sipse/faces/presentacion/financiero/solicitudProceso/listarSolicitudProceso.xhtml HTTP/1.1" 200 1560
186.155.168.86 - - [21/Dec/2023:08:10:29 -0500] "POST /sipse/faces/presentacion/financiero/solicitudProceso/listarSolicitudProceso.xhtml HTTP/1.1" 200 28297
186.155.168.86 - - [21/Dec/2023:08:10:29 -0500] "POST /sipse/faces/presentacion/financiero/solicitudProceso/listarSolicitudProceso.xhtml HTTP/1.1" 200 40025
156.59.198.135 - - [21/Dec/2023:08:10:39 -0500] "GET /BLA/resoluciones/AUTOS%202023/0763.pdf HTTP/1.0" 200 413432
157.55.39.8 - - [21/Dec/2023:08:10:43 -0500] "GET /BLA/resoluciones/AUTOS%202023/5615.pdf HTTP/1.1" 200 389731
156.59.198.135 - - [21/Dec/2023:08:11:03 -0500] "GET /BLA/resoluciones/AUTOS%202023/2609.pdf HTTP/1.0" 200 375551
201.245.192.253 - - [21/Dec/2023:08:11:26 -0500] "POST /forms/lservlet;jsessionid=ac16012b30d65f92fa67ce9340589b498a1304d31ae2.e3iSbxaKaheRe34Qc38TbN0Nb41ynknvrkLOlQzNp65In0 HTTP/1.1" 200 2
201.245.192.253 - - [21/Dec/2023:08:11:27 -0500] "POST /forms/lservlet;jsessionid=ac16012b30d601081061295f4ca0a1fa844a8c90ad0d.e3iSbxaKaheRe34Qc38TbN0Nb41ynknvrkLOlQzNp65In0 HTTP/1.1" 200 2
156.59.198.136 - - [21/Dec/2023:08:11:29 -0500] "GET /BLA/resoluciones/RESOLUCIONES%202010/1535.pdf HTTP/1.0" 200 502943
186.155.168.86 - - [21/Dec/2023:08:11:32 -0500] "POST /sipse/faces/presentacion/financiero/solicitudProceso/listarSolicitudProceso.xhtml HTTP/1.1" 200 42343
186.155.168.86 - - [21/Dec/2023:08:11:32 -0500] "POST /sipse/faces/presentacion/financiero/solicitudProceso/listarSolicitudProceso.xhtml HTTP/1.1" 200 40041
186.155.168.86 - - [21/Dec/2023:08:11:33 -0500] "POST /sipse/faces/presentacion/financiero/solicitudProceso/listarSolicitudProceso.xhtml HTTP/1.1" 200 42417
186.155.168.86 - - [21/Dec/2023:08:11:34 -0500] "POST /sipse/faces/presentacion/financiero/solicitudProceso/listarSolicitudProceso.xhtml HTTP/1.1" 200 1624
207.46.13.64 - - [21/Dec/2023:08:11:49 -0500] "GET /BLA/resoluciones/RESOLUCIONES%202021/3635.pdf HTTP/1.1" 200 343557
156.59.198.136 - - [21/Dec/2023:08:11:53 -0500] "GET /BLA/resoluciones/Notificaciones/AUTOS%202014/4244.doc HTTP/1.0" 200 94208
201.245.192.253 - - [21/Dec/2023:08:11:59 -0500] "GET /sipse/faces/index.xhtml HTTP/1.1" 200 677
201.245.192.253 - - [21/Dec/2023:08:11:59 -0500] "GET /sipse/faces/javax.faces.resource/theme.css?ln=primefaces-sipse HTTP/1.1" 304 -
201.245.192.253 - - [21/Dec/2023:08:11:59 -0500] "GET /sipse/faces/faces/autenticacion.xhtml HTTP/1.1" 200 12174
201.245.192.253 - - [21/Dec/2023:08:11:59 -0500] "GET /sipse/js/disable_browser_buttons.js HTTP/1.1" 304 -
201.245.192.253 - - [21/Dec/2023:08:11:59 -0500] "GET /sipse/js/funciones.js HTTP/1.1" 304 -
201.245.192.253 - - [21/Dec/2023:08:11:59 -0500] "GET /sipse/css/custom_css_sg.css HTTP/1.1" 304 -
201.245.192.253 - - [21/Dec/2023:08:11:59 -0500] "GET /sipse/faces/javax.faces.resource/primefaces.css?ln=primefaces&v=4.0 HTTP/1.1" 304 -
201.245.192.253 - - [21/Dec/2023:08:11:59 -0500] "GET /sipse/css/custom_css_sg_prime_login.css HTTP/1.1" 304 -
201.245.192.253 - - [21/Dec/2023:08:11:59 -0500] "GET /sipse/faces/javax.faces.resource/theme.css?ln=primefaces-sipse HTTP/1.1" 304 -
201.245.192.253 - - [21/Dec/2023:08:11:59 -0500] "GET /sipse/faces/javax.faces.resource/layout/layout.css?ln=primefaces&v=4.0 HTTP/1.1" 304 -
201.245.192.253 - - [21/Dec/2023:08:11:59 -0500] "GET /sipse/faces/javax.faces.resource/jquery/jquery.js?ln=primefaces&v=4.0 HTTP/1.1" 304 -
201.245.192.253 - - [21/Dec/2023:08:11:59 -0500] "GET /sipse/faces/javax.faces.resource/jquery/jquery-plugins.js?ln=primefaces&v=4.0 HTTP/1.1" 304 -
201.245.192.253 - - [21/Dec/2023:08:11:59 -0500] "GET /sipse/faces/javax.faces.resource/primefaces.js?ln=primefaces&v=4.0 HTTP/1.1" 304 -
201.245.192.253 - - [21/Dec/2023:08:11:59 -0500] "GET /sipse/faces/javax.faces.resource/layout/layout.js?ln=primefaces&v=4.0 HTTP/1.1" 304 -
201.245.192.253 - - [21/Dec/2023:08:11:59 -0500] "GET /sipse/css/imagen/logoSDG.png HTTP/1.1" 304 -
201.245.192.253 - - [21/Dec/2023:08:11:59 -0500] "GET /sipse/css/imagen/loginimg.png HTTP/1.1" 304 -
201.245.192.253 - - [21/Dec/2023:08:11:59 -0500] "GET /sipse/faces/javax.faces.resource/images/ui-icons_898989_256x240.png?ln=primefaces-aristo HTTP/1.1" 304 -
156.59.198.135 - - [21/Dec/2023:08:12:18 -0500] "GET /BLA/resoluciones/AUTOS%202023/0390.pdf HTTP/1.0" 200 375700
186.155.168.86 - - [21/Dec/2023:08:12:21 -0500] "POST /sipse/faces/presentacion/financiero/solicitudProceso/listarSolicitudProceso.xhtml HTTP/1.1" 200 108394
186.155.168.86 - - [21/Dec/2023:08:12:22 -0500] "GET /sipse/faces/javax.faces.resource/theme.css?ln=primefaces-sipse HTTP/1.1" 304 -
186.155.168.86 - - [21/Dec/2023:08:12:22 -0500] "GET /sipse/faces/javax.faces.resource/primefaces.css?ln=primefaces&v=4.0 HTTP/1.1" 304 -
186.155.168.86 - - [21/Dec/2023:08:12:22 -0500] "GET /sipse/faces/javax.faces.resource/layout/layout.css?ln=primefaces&v=4.0 HTTP/1.1" 304 -
186.155.168.86 - - [21/Dec/2023:08:12:22 -0500] "GET /sipse/faces/javax.faces.resource/jquery/jquery.js?ln=primefaces&v=4.0 HTTP/1.1" 304 -
186.155.168.86 - - [21/Dec/2023:08:12:22 -0500] "GET /sipse/faces/javax.faces.resource/jquery/jquery-plugins.js?ln=primefaces&v=4.0 HTTP/1.1" 304 -
186.155.168.86 - - [21/Dec/2023:08:12:22 -0500] "GET /sipse/faces/javax.faces.resource/primefaces.js?ln=primefaces&v=4.0 HTTP/1.1" 304 -
186.155.168.86 - - [21/Dec/2023:08:12:22 -0500] "GET /sipse/faces/javax.faces.resource/layout/layout.js?ln=primefaces&v=4.0 HTTP/1.1" 304 -
186.155.168.86 - - [21/Dec/2023:08:12:29 -0500] "POST /sipse/faces/presentacion/financiero/solicitudProceso/consultarSolicitudProceso.xhtml HTTP/1.1" 200 204221
201.245.192.253 - - [21/Dec/2023:08:12:37 -0500] "POST /kwsrmcab/Wsrmcab  HTTP/1.1" 200 40220
191.156.232.193 - - [21/Dec/2023:08:12:39 -0500] "GET /sipse/faces/javax.faces.resource/theme.css?ln=primefaces-sipse HTTP/1.1" 304 -
191.156.232.193 - - [21/Dec/2023:08:12:39 -0500] "GET /sipse/faces/javax.faces.resource/layout/layout.css?ln=primefaces&v=4.0 HTTP/1.1" 304 -
191.156.235.166 - - [21/Dec/2023:08:12:39 -0500] "GET /sipse/faces/javax.faces.resource/jquery/jquery.js?ln=primefaces&v=4.0 HTTP/1.1" 304 -
191.156.232.193 - - [21/Dec/2023:08:12:39 -0500] "GET /sipse/faces/javax.faces.resource/primefaces.css?ln=primefaces&v=4.0 HTTP/1.1" 304 -
191.156.235.166 - - [21/Dec/2023:08:12:39 -0500] "GET /sipse/faces/javax.faces.resource/jquery/jquery-plugins.js?ln=primefaces&v=4.0 HTTP/1.1" 304 -
191.156.232.193 - - [21/Dec/2023:08:12:39 -0500] "GET /sipse/faces/javax.faces.resource/primefaces.js?ln=primefaces&v=4.0 HTTP/1.1" 304 -
191.156.232.193 - - [21/Dec/2023:08:12:39 -0500] "GET /sipse/faces/javax.faces.resource/layout/layout.js?ln=primefaces&v=4.0 HTTP/1.1" 304 -
191.156.232.193 - - [21/Dec/2023:08:12:36 -0500] "POST /sipse/faces/presentacion/sistema/anexos/cargarAnexoSolicitudProceso.xhtml HTTP/1.1" 200 170465
156.59.198.136 - - [21/Dec/2023:08:12:42 -0500] "GET /BLA/resoluciones/AUTOS%202014/5831.pdf HTTP/1.0" 200 420742
156.59.198.136 - - [21/Dec/2023:08:13:05 -0500] "GET /BLA/resoluciones/Notificaciones/AUTOS%202017/04192.pdf HTTP/1.0" 200 261904
191.156.232.193 - - [21/Dec/2023:08:13:10 -0500] "POST /sipse/faces/presentacion/financiero/solicitudProceso/consultarSolicitudProceso.xhtml HTTP/1.1" 200 6773
191.156.232.193 - - [21/Dec/2023:08:13:20 -0500] "POST /sipse/faces/presentacion/financiero/solicitudProceso/consultarSolicitudProceso.xhtml HTTP/1.1" 200 54637
191.156.232.193 - - [21/Dec/2023:08:13:22 -0500] "GET /sipse/faces/javax.faces.resource/theme.css?ln=primefaces-sipse HTTP/1.1" 304 -
191.156.235.166 - - [21/Dec/2023:08:13:23 -0500] "GET /sipse/faces/javax.faces.resource/primefaces.css?ln=primefaces&v=4.0 HTTP/1.1" 304 -
191.156.235.166 - - [21/Dec/2023:08:13:23 -0500] "GET /sipse/faces/javax.faces.resource/layout/layout.css?ln=primefaces&v=4.0 HTTP/1.1" 304 -
191.156.235.166 - - [21/Dec/2023:08:13:23 -0500] "GET /sipse/faces/javax.faces.resource/jquery/jquery.js?ln=primefaces&v=4.0 HTTP/1.1" 304 -
191.156.235.166 - - [21/Dec/2023:08:13:23 -0500] "GET /sipse/faces/javax.faces.resource/jquery/jquery-plugins.js?ln=primefaces&v=4.0 HTTP/1.1" 304 -
191.156.235.166 - - [21/Dec/2023:08:13:23 -0500] "GET /sipse/faces/javax.faces.resource/primefaces.js?ln=primefaces&v=4.0 HTTP/1.1" 304 -
191.156.235.166 - - [21/Dec/2023:08:13:23 -0500] "GET /sipse/faces/javax.faces.resource/layout/layout.js?ln=primefaces&v=4.0 HTTP/1.1" 304 -
191.156.235.166 - - [21/Dec/2023:08:13:23 -0500] "POST /sipse/faces/presentacion/financiero/solicitudProceso/listarSolicitudProceso.xhtml HTTP/1.1" 200 1528
201.245.192.253 - - [21/Dec/2023:08:13:26 -0500] "POST /forms/lservlet;jsessionid=ac16012b30d65f92fa67ce9340589b498a1304d31ae2.e3iSbxaKaheRe34Qc38TbN0Nb41ynknvrkLOlQzNp65In0 HTTP/1.1" 200 2
201.245.192.253 - - [21/Dec/2023:08:13:27 -0500] "POST /forms/lservlet;jsessionid=ac16012b30d601081061295f4ca0a1fa844a8c90ad0d.e3iSbxaKaheRe34Qc38TbN0Nb41ynknvrkLOlQzNp65In0 HTTP/1.1" 200 2
156.59.198.136 - - [21/Dec/2023:08:13:30 -0500] "GET /BLA/resoluciones/Notificaciones/AUTOS%202014/4949.doc HTTP/1.0" 200 97280
191.156.235.166 - - [21/Dec/2023:08:13:31 -0500] "POST /sipse/faces/presentacion/financiero/solicitudProceso/listarSolicitudProceso.xhtml HTTP/1.1" 200 116801
191.156.235.166 - - [21/Dec/2023:08:13:32 -0500] "GET /sipse/faces/javax.faces.resource/primefaces.css?ln=primefaces&v=4.0 HTTP/1.1" 304 -
191.156.232.193 - - [21/Dec/2023:08:13:32 -0500] "GET /sipse/faces/javax.faces.resource/layout/layout.css?ln=primefaces&v=4.0 HTTP/1.1" 304 -
191.156.235.166 - - [21/Dec/2023:08:13:32 -0500] "GET /sipse/faces/javax.faces.resource/theme.css?ln=primefaces-sipse HTTP/1.1" 304 -
191.156.235.166 - - [21/Dec/2023:08:13:32 -0500] "GET /sipse/faces/javax.faces.resource/jquery/jquery.js?ln=primefaces&v=4.0 HTTP/1.1" 304 -
191.156.235.166 - - [21/Dec/2023:08:13:33 -0500] "GET /sipse/faces/javax.faces.resource/jquery/jquery-plugins.js?ln=primefaces&v=4.0 HTTP/1.1" 304 -
191.156.235.166 - - [21/Dec/2023:08:13:33 -0500] "GET /sipse/faces/javax.faces.resource/primefaces.js?ln=primefaces&v=4.0 HTTP/1.1" 304 -
191.156.235.166 - - [21/Dec/2023:08:13:33 -0500] "GET /sipse/faces/javax.faces.resource/layout/layout.js?ln=primefaces&v=4.0 HTTP/1.1" 304 -
156.59.198.136 - - [21/Dec/2023:08:13:54 -0500] "GET /BLA/resoluciones/RESOLUCIONES%202008/3975.pdf HTTP/1.0" 200 521087
156.59.198.135 - - [21/Dec/2023:08:14:18 -0500] "GET /BLA/resoluciones/Notificaciones/AUTOS%202017/01607.pdf HTTP/1.0" 200 319062
156.59.198.135 - - [21/Dec/2023:08:14:43 -0500] "GET /BLA/resoluciones/Notificaciones/AUTOS%202014/6033.doc HTTP/1.0" 200 154112
201.245.192.253 - - [21/Dec/2023:08:15:04 -0500] "GET /sipse/faces/index.xhtml HTTP/1.1" 200 677
201.245.192.253 - - [21/Dec/2023:08:15:04 -0500] "GET /sipse/faces/javax.faces.resource/theme.css?ln=primefaces-sipse HTTP/1.1" 200 50058
201.245.192.253 - - [21/Dec/2023:08:15:04 -0500] "GET /sipse/faces/faces/autenticacion.xhtml HTTP/1.1" 200 12174
201.245.192.253 - - [21/Dec/2023:08:15:04 -0500] "GET /sipse/js/disable_browser_buttons.js HTTP/1.1" 304 -
201.245.192.253 - - [21/Dec/2023:08:15:04 -0500] "GET /sipse/js/funciones.js HTTP/1.1" 304 -
201.245.192.253 - - [21/Dec/2023:08:15:04 -0500] "GET /sipse/css/custom_css_sg_prime_login.css HTTP/1.1" 304 -
201.245.192.253 - - [21/Dec/2023:08:15:04 -0500] "GET /sipse/css/custom_css_sg.css HTTP/1.1" 200 9694
201.245.192.253 - - [21/Dec/2023:08:15:04 -0500] "GET /sipse/faces/javax.faces.resource/primefaces.css?ln=primefaces&v=4.0 HTTP/1.1" 304 -
201.245.192.253 - - [21/Dec/2023:08:15:04 -0500] "GET /sipse/faces/javax.faces.resource/theme.css?ln=primefaces-sipse HTTP/1.1" 304 -
201.245.192.253 - - [21/Dec/2023:08:15:04 -0500] "GET /sipse/faces/javax.faces.resource/jquery/jquery.js?ln=primefaces&v=4.0 HTTP/1.1" 304 -
201.245.192.253 - - [21/Dec/2023:08:15:04 -0500] "GET /sipse/faces/javax.faces.resource/layout/layout.css?ln=primefaces&v=4.0 HTTP/1.1" 304 -
201.245.192.253 - - [21/Dec/2023:08:15:04 -0500] "GET /sipse/faces/javax.faces.resource/layout/layout.js?ln=primefaces&v=4.0 HTTP/1.1" 304 -
201.245.192.253 - - [21/Dec/2023:08:15:04 -0500] "GET /sipse/faces/javax.faces.resource/jquery/jquery-plugins.js?ln=primefaces&v=4.0 HTTP/1.1" 304 -
201.245.192.253 - - [21/Dec/2023:08:15:04 -0500] "GET /sipse/faces/javax.faces.resource/primefaces.js?ln=primefaces&v=4.0 HTTP/1.1" 304 -
201.245.192.253 - - [21/Dec/2023:08:15:04 -0500] "GET /sipse/faces/javax.faces.resource/images/ui-icons_898989_256x240.png?ln=primefaces-aristo HTTP/1.1" 200 5355
201.245.192.253 - - [21/Dec/2023:08:15:04 -0500] "GET /sipse/css/imagen/logoSDG.png HTTP/1.1" 200 53064
201.245.192.253 - - [21/Dec/2023:08:15:04 -0500] "GET /sipse/css/imagen/loginimg.png HTTP/1.1" 200 71635
191.156.232.193 - - [21/Dec/2023:08:15:03 -0500] "POST /sipse/faces/presentacion/financiero/solicitudProceso/consultarSolicitudProceso.xhtml HTTP/1.1" 200 54144
191.156.232.193 - - [21/Dec/2023:08:15:05 -0500] "GET /sipse/faces/javax.faces.resource/theme.css?ln=primefaces-sipse HTTP/1.1" 304 -
191.156.235.166 - - [21/Dec/2023:08:15:05 -0500] "GET /sipse/faces/javax.faces.resource/primefaces.css?ln=primefaces&v=4.0 HTTP/1.1" 304 -
191.156.232.193 - - [21/Dec/2023:08:15:05 -0500] "GET /sipse/faces/javax.faces.resource/jquery/jquery.js?ln=primefaces&v=4.0 HTTP/1.1" 304 -
191.156.235.166 - - [21/Dec/2023:08:15:05 -0500] "GET /sipse/faces/javax.faces.resource/layout/layout.css?ln=primefaces&v=4.0 HTTP/1.1" 304 -
191.156.235.166 - - [21/Dec/2023:08:15:05 -0500] "GET /sipse/faces/javax.faces.resource/jquery/jquery-plugins.js?ln=primefaces&v=4.0 HTTP/1.1" 304 -
191.156.235.166 - - [21/Dec/2023:08:15:06 -0500] "GET /sipse/faces/javax.faces.resource/primefaces.js?ln=primefaces&v=4.0 HTTP/1.1" 304 -
191.156.235.166 - - [21/Dec/2023:08:15:06 -0500] "GET /sipse/faces/javax.faces.resource/layout/layout.js?ln=primefaces&v=4.0 HTTP/1.1" 304 -
156.59.198.136 - - [21/Dec/2023:08:15:07 -0500] "GET /BLA/resoluciones/RESOLUCIONES%202008/4684.pdf HTTP/1.0" 200 484849
201.245.192.253 - - [21/Dec/2023:08:15:07 -0500] "POST /sipse/faces/autenticacion.xhtml HTTP/1.1" 200 2219
201.245.192.253 - - [21/Dec/2023:08:15:07 -0500] "GET /sipse/faces/javax.faces.resource/messages/messages.png?ln=primefaces&v=4.0 HTTP/1.1" 200 27209
191.156.235.166 - - [21/Dec/2023:08:15:06 -0500] "POST /sipse/faces/presentacion/financiero/solicitudProceso/listarSolicitudProceso.xhtml HTTP/1.1" 200 47530
191.156.235.166 - - [21/Dec/2023:08:15:08 -0500] "POST /sipse/faces/presentacion/financiero/solicitudProceso/listarSolicitudProceso.xhtml HTTP/1.1" 200 47530
191.156.235.166 - - [21/Dec/2023:08:15:09 -0500] "POST /sipse/faces/presentacion/financiero/solicitudProceso/listarSolicitudProceso.xhtml HTTP/1.1" 200 1528
191.156.235.166 - - [21/Dec/2023:08:15:09 -0500] "POST /sipse/faces/presentacion/financiero/solicitudProceso/listarSolicitudProceso.xhtml HTTP/1.1" 200 1528
201.245.192.253 - - [21/Dec/2023:08:15:09 -0500] "POST /sipse/faces/autenticacion.xhtml HTTP/1.1" 200 16352
201.245.192.253 - - [21/Dec/2023:08:15:09 -0500] "GET /sipse/css/custom_css_sg_prime.css HTTP/1.1" 200 5201
191.156.235.166 - - [21/Dec/2023:08:15:09 -0500] "POST /sipse/faces/presentacion/financiero/solicitudProceso/listarSolicitudProceso.xhtml HTTP/1.1" 200 1528
201.245.192.253 - - [21/Dec/2023:08:15:09 -0500] "GET /sipse/js/jquery.min.js HTTP/1.1" 304 -
201.245.192.253 - - [21/Dec/2023:08:15:09 -0500] "GET /sipse/faces/javax.faces.resource/jquery/jquery.js?ln=primefaces&v=4.0 HTTP/1.1" 304 -
201.245.192.253 - - [21/Dec/2023:08:15:09 -0500] "GET /sipse/faces/javax.faces.resource/jquery/jquery-plugins.js?ln=primefaces&v=4.0 HTTP/1.1" 304 -
201.245.192.253 - - [21/Dec/2023:08:15:09 -0500] "GET /sipse/faces/javax.faces.resource/primefaces.js?ln=primefaces&v=4.0 HTTP/1.1" 304 -
216.245.221.92 - - [21/Dec/2023:08:15:09 -0500] "HEAD / HTTP/1.1" 200 -
201.245.192.253 - - [21/Dec/2023:08:15:10 -0500] "GET /sipse/faces/javax.faces.resource/layout/layout.js?ln=primefaces&v=4.0 HTTP/1.1" 304 -
201.245.192.253 - - [21/Dec/2023:08:15:10 -0500] "GET /sipse/css/v_mergente.css HTTP/1.1" 200 1505
201.245.192.253 - - [21/Dec/2023:08:15:10 -0500] "GET /sipse/css/imagen/contrasena.png HTTP/1.1" 404 383
201.245.192.253 - - [21/Dec/2023:08:15:10 -0500] "GET /sipse/imagenes/cargando.gif HTTP/1.1" 200 36959
201.245.192.253 - - [21/Dec/2023:08:15:10 -0500] "GET /sipse/imagenes/logoAplicacion.jpg HTTP/1.1" 200 155084
201.245.192.253 - - [21/Dec/2023:08:15:12 -0500] "GET /sipse/faces/javax.faces.resource/images/ui-bg_flat_0_2d5972_40x100.png?ln=primefaces-aristo HTTP/1.1" 200 183
201.245.192.253 - - [21/Dec/2023:08:15:12 -0500] "POST /sipse/faces/bienvenido.xhtml HTTP/1.1" 200 2073
201.245.192.253 - - [21/Dec/2023:08:15:14 -0500] "POST /sipse/faces/bienvenido.xhtml HTTP/1.1" 200 38975
201.245.192.253 - - [21/Dec/2023:08:15:14 -0500] "GET /sipse/faces/javax.faces.resource/jquery/jquery.js?ln=primefaces&v=4.0 HTTP/1.1" 304 -
201.245.192.253 - - [21/Dec/2023:08:15:14 -0500] "GET /sipse/faces/javax.faces.resource/jquery/jquery-plugins.js?ln=primefaces&v=4.0 HTTP/1.1" 304 -
201.245.192.253 - - [21/Dec/2023:08:15:14 -0500] "GET /sipse/faces/javax.faces.resource/primefaces.js?ln=primefaces&v=4.0 HTTP/1.1" 304 -
201.245.192.253 - - [21/Dec/2023:08:15:14 -0500] "GET /sipse/faces/javax.faces.resource/layout/layout.js?ln=primefaces&v=4.0 HTTP/1.1" 304 -
191.156.235.166 - - [21/Dec/2023:08:15:16 -0500] "POST /sipse/faces/presentacion/financiero/solicitudProceso/listarSolicitudProceso.xhtml HTTP/1.1" 200 105795
191.156.235.166 - - [21/Dec/2023:08:15:17 -0500] "GET /sipse/faces/javax.faces.resource/primefaces.css?ln=primefaces&v=4.0 HTTP/1.1" 304 -
191.156.235.166 - - [21/Dec/2023:08:15:17 -0500] "GET /sipse/faces/javax.faces.resource/theme.css?ln=primefaces-sipse HTTP/1.1" 304 -
191.156.232.193 - - [21/Dec/2023:08:15:17 -0500] "GET /sipse/faces/javax.faces.resource/layout/layout.css?ln=primefaces&v=4.0 HTTP/1.1" 304 -
191.156.232.193 - - [21/Dec/2023:08:15:18 -0500] "GET /sipse/faces/javax.faces.resource/jquery/jquery.js?ln=primefaces&v=4.0 HTTP/1.1" 304 -
191.156.232.193 - - [21/Dec/2023:08:15:18 -0500] "GET /sipse/faces/javax.faces.resource/jquery/jquery-plugins.js?ln=primefaces&v=4.0 HTTP/1.1" 304 -
191.156.232.193 - - [21/Dec/2023:08:15:18 -0500] "GET /sipse/faces/javax.faces.resource/primefaces.js?ln=primefaces&v=4.0 HTTP/1.1" 304 -
191.156.232.193 - - [21/Dec/2023:08:15:18 -0500] "GET /sipse/faces/javax.faces.resource/layout/layout.js?ln=primefaces&v=4.0 HTTP/1.1" 304 -
201.245.192.253 - - [21/Dec/2023:08:15:18 -0500] "POST /sipse/faces/presentacion/financiero/solicitudProceso/consultar.xhtml HTTP/1.1" 200 12834
172.22.2.4 - - [21/Dec/2023:08:13:46 -0500] "HEAD /BLA/boletinlegal/ HTTP/1.1" 200 -
201.245.192.253 - - [21/Dec/2023:08:15:26 -0500] "POST /forms/lservlet;jsessionid=ac16012b30d65f92fa67ce9340589b498a1304d31ae2.e3iSbxaKaheRe34Qc38TbN0Nb41ynknvrkLOlQzNp65In0 HTTP/1.1" 200 2
201.245.192.253 - - [21/Dec/2023:08:15:27 -0500] "POST /forms/lservlet;jsessionid=ac16012b30d601081061295f4ca0a1fa844a8c90ad0d.e3iSbxaKaheRe34Qc38TbN0Nb41ynknvrkLOlQzNp65In0 HTTP/1.1" 200 2
156.59.198.135 - - [21/Dec/2023:08:15:31 -0500] "GET /BLA/resoluciones/AUTOS%202020/1214.pdf HTTP/1.0" 200 365495
191.156.232.193 - - [21/Dec/2023:08:15:31 -0500] "POST /sipse/faces/presentacion/financiero/solicitudProceso/consultarSolicitudProceso.xhtml HTTP/1.1" 200 184
191.156.232.193 - - [21/Dec/2023:08:15:31 -0500] "POST /sipse/faces/presentacion/financiero/solicitudProceso/consultarSolicitudProceso.xhtml HTTP/1.1" 200 184
191.156.232.193 - - [21/Dec/2023:08:15:31 -0500] "GET /sipse/faces/presentacion/financiero/solicitudAnulacion/solicitudAnulacion.xhtml HTTP/1.1" 200 22720
191.156.232.193 - - [21/Dec/2023:08:15:32 -0500] "POST /sipse/faces/presentacion/financiero/solicitudProceso/consultarSolicitudProceso.xhtml HTTP/1.1" 200 184
191.156.235.166 - - [21/Dec/2023:08:15:32 -0500] "GET /sipse/faces/javax.faces.resource/theme.css?ln=primefaces-sipse HTTP/1.1" 304 -
191.156.235.166 - - [21/Dec/2023:08:15:32 -0500] "GET /sipse/faces/javax.faces.resource/primefaces.css?ln=primefaces&v=4.0 HTTP/1.1" 304 -
191.156.235.166 - - [21/Dec/2023:08:15:32 -0500] "GET /sipse/faces/javax.faces.resource/layout/layout.css?ln=primefaces&v=4.0 HTTP/1.1" 304 -
191.156.232.193 - - [21/Dec/2023:08:15:32 -0500] "GET /sipse/faces/javax.faces.resource/jquery/jquery.js?ln=primefaces&v=4.0 HTTP/1.1" 304 -
191.156.232.193 - - [21/Dec/2023:08:15:32 -0500] "GET /sipse/faces/javax.faces.resource/jquery/jquery-plugins.js?ln=primefaces&v=4.0 HTTP/1.1" 304 -
191.156.235.166 - - [21/Dec/2023:08:15:32 -0500] "GET /sipse/faces/javax.faces.resource/primefaces.js?ln=primefaces&v=4.0 HTTP/1.1" 304 -
191.156.235.166 - - [21/Dec/2023:08:15:32 -0500] "GET /sipse/faces/javax.faces.resource/layout/layout.js?ln=primefaces&v=4.0 HTTP/1.1" 304 -
191.156.235.166 - - [21/Dec/2023:08:15:32 -0500] "GET /sipse/faces/presentacion/financiero/solicitudAnulacion/solicitudAnulacion.xhtml HTTP/1.1" 200 31661
191.156.235.166 - - [21/Dec/2023:08:15:32 -0500] "POST /sipse/faces/presentacion/financiero/solicitudAnulacion/solicitudAnulacion.xhtml HTTP/1.1" 200 10464
191.156.235.166 - - [21/Dec/2023:08:15:52 -0500] "POST /sipse/faces/presentacion/financiero/solicitudProceso/listarSolicitudProceso.xhtml HTTP/1.1" 200 116801
191.156.235.166 - - [21/Dec/2023:08:15:53 -0500] "GET /sipse/css/custom_css_sg.css HTTP/1.1" 304 -
191.156.235.166 - - [21/Dec/2023:08:15:53 -0500] "GET /sipse/faces/javax.faces.resource/theme.css?ln=primefaces-sipse HTTP/1.1" 304 -
191.156.235.166 - - [21/Dec/2023:08:15:53 -0500] "GET /sipse/faces/javax.faces.resource/primefaces.css?ln=primefaces&v=4.0 HTTP/1.1" 304 -
191.156.232.193 - - [21/Dec/2023:08:15:53 -0500] "GET /sipse/faces/javax.faces.resource/layout/layout.css?ln=primefaces&v=4.0 HTTP/1.1" 304 -
191.156.235.166 - - [21/Dec/2023:08:15:53 -0500] "GET /sipse/faces/javax.faces.resource/jquery/jquery.js?ln=primefaces&v=4.0 HTTP/1.1" 304 -
191.156.235.166 - - [21/Dec/2023:08:15:53 -0500] "GET /sipse/faces/javax.faces.resource/jquery/jquery-plugins.js?ln=primefaces&v=4.0 HTTP/1.1" 304 -
191.156.235.166 - - [21/Dec/2023:08:15:53 -0500] "GET /sipse/faces/javax.faces.resource/primefaces.js?ln=primefaces&v=4.0 HTTP/1.1" 304 -
191.156.235.166 - - [21/Dec/2023:08:15:54 -0500] "GET /sipse/faces/javax.faces.resource/layout/layout.js?ln=primefaces&v=4.0 HTTP/1.1" 304 -
191.156.235.166 - - [21/Dec/2023:08:15:54 -0500] "GET /sipse/css/imagen/contrasena.png HTTP/1.1" 404 383
156.59.198.135 - - [21/Dec/2023:08:15:55 -0500] "GET /BLA/resoluciones/AUTOS%202014/6821.pdf HTTP/1.0" 200 371495
191.156.235.166 - - [21/Dec/2023:08:16:12 -0500] "POST /sipse/faces/presentacion/financiero/solicitudProceso/consultarSolicitudProceso.xhtml HTTP/1.1" 200 132951
172.22.2.4 - - [21/Dec/2023:08:14:36 -0500] "GET /BLA/boletinlegal/ HTTP/1.1" 200 60910
191.156.235.166 - - [21/Dec/2023:08:16:17 -0500] "POST /sipse/faces/presentacion/financiero/solicitudProceso/consultarSolicitudProceso.xhtml HTTP/1.1" 200 132951
191.156.232.193 - - [21/Dec/2023:08:16:17 -0500] "POST /sipse/faces/presentacion/financiero/solicitudProceso/consultarSolicitudProceso.xhtml HTTP/1.1" 200 132951
156.59.198.136 - - [21/Dec/2023:08:16:20 -0500] "GET /BLA/resoluciones/AUTOS%202023/3826.pdf HTTP/1.0" 200 412611
172.22.2.4 - - [21/Dec/2023:08:16:23 -0500] "GET /BLA/boletinlegal/actos.php HTTP/1.1" 200 9682
172.22.2.4 - - [21/Dec/2023:08:16:23 -0500] "GET /BLA/boletinlegal/styles2.css HTTP/1.1" 200 1838
172.22.2.4 - - [21/Dec/2023:08:16:23 -0500] "GET /BLA/boletinlegal/js/ajax_actos.js HTTP/1.1" 200 1322
172.22.2.4 - - [21/Dec/2023:08:16:23 -0500] "GET /BLA/boletinlegal/niceforms-default.css HTTP/1.1" 200 6694
172.22.2.4 - - [21/Dec/2023:08:16:23 -0500] "GET /BLA/boletinlegal/style.css HTTP/1.1" 200 9406
172.22.2.4 - - [21/Dec/2023:08:16:23 -0500] "GET /BLA/boletinlegal/niceforms.js HTTP/1.1" 200 22876
172.22.2.4 - - [21/Dec/2023:08:16:23 -0500] "GET /BLA/boletinlegal/js/popup.js HTTP/1.1" 200 1270
172.22.2.4 - - [21/Dec/2023:08:16:23 -0500] "GET /BLA/boletinlegal/js/jquery1.js HTTP/1.1" 200 29846
172.22.2.4 - - [21/Dec/2023:08:16:23 -0500] "GET /BLA/boletinlegal/js/lib.js HTTP/1.1" 200 6474
172.22.2.4 - - [21/Dec/2023:08:16:23 -0500] "GET /BLA/boletinlegal/images/cabezote%20BLEGAL.jpg HTTP/1.1" 200 118164
172.22.2.4 - - [21/Dec/2023:08:16:23 -0500] "GET /BLA/boletinlegal/images/subscribe-icon-big.png HTTP/1.1" 200 47702
172.22.2.4 - - [21/Dec/2023:08:16:23 -0500] "GET /BLA/boletinlegal/images/registro-usuarios.png HTTP/1.1" 200 8106
172.22.2.4 - - [21/Dec/2023:08:16:23 -0500] "GET /BLA/boletinlegal/images/green-yellow-blue-pink-th.png HTTP/1.1" 200 7394
172.22.2.4 - - [21/Dec/2023:08:16:23 -0500] "GET /BLA/boletinlegal/images/historia.png HTTP/1.1" 200 52775
172.22.2.4 - - [21/Dec/2023:08:16:24 -0500] "GET /BLA/boletinlegal/images/tel.png HTTP/1.1" 200 14477
172.22.2.4 - - [21/Dec/2023:08:16:24 -0500] "GET /BLA/boletinlegal/images/icono-email.png HTTP/1.1" 200 5544
172.22.2.4 - - [21/Dec/2023:08:16:24 -0500] "GET /BLA/boletinlegal/images/body_bg.jpg HTTP/1.1" 200 1601
172.22.2.4 - - [21/Dec/2023:08:16:24 -0500] "GET /BLA/boletinlegal/images/menu_lft.gif HTTP/1.1" 200 1713
172.22.2.4 - - [21/Dec/2023:08:16:24 -0500] "GET /BLA/boletinlegal/images/menu_rght.gif HTTP/1.1" 200 1627
172.22.2.4 - - [21/Dec/2023:08:16:24 -0500] "GET /BLA/boletinlegal/images/text.jpg HTTP/1.1" 200 568
172.22.2.4 - - [21/Dec/2023:08:16:24 -0500] "GET /BLA/boletinlegal/images/footer_bg.jpg HTTP/1.1" 200 586
172.22.2.4 - - [21/Dec/2023:08:16:24 -0500] "GET /BLA/boletinlegal/images/menu_bg.jpg HTTP/1.1" 200 620
172.22.2.4 - - [21/Dec/2023:08:16:24 -0500] "GET /BLA/boletinlegal/images/bg_top.jpg HTTP/1.1" 200 522
172.22.2.4 - - [21/Dec/2023:08:16:24 -0500] "GET /BLA/boletinlegal/images/hover.jpg HTTP/1.1" 200 640
172.22.2.4 - - [21/Dec/2023:08:16:24 -0500] "GET /BLA/boletinlegal/images/footer_bg_l.jpg HTTP/1.1" 200 776
172.22.2.4 - - [21/Dec/2023:08:16:24 -0500] "GET /BLA/boletinlegal/img/0.png HTTP/1.1" 200 110
172.22.2.4 - - [21/Dec/2023:08:16:24 -0500] "GET /BLA/boletinlegal/img/select-right.png HTTP/1.1" 200 44019
172.22.2.4 - - [21/Dec/2023:08:16:24 -0500] "GET /BLA/boletinlegal/img/select-left.png HTTP/1.1" 200 263
172.22.2.4 - - [21/Dec/2023:08:16:24 -0500] "GET /BLA/boletinlegal/img/button-left.png HTTP/1.1" 200 57071
172.22.2.4 - - [21/Dec/2023:08:16:24 -0500] "GET /BLA/boletinlegal/img/button.png HTTP/1.1" 200 43241
172.22.2.4 - - [21/Dec/2023:08:16:24 -0500] "GET /BLA/boletinlegal/img/button-right.png HTTP/1.1" 200 57878
172.22.2.4 - - [21/Dec/2023:08:16:24 -0500] "GET /BLA/boletinlegal/favicon.ico HTTP/1.1" 404 1326
201.245.192.253 - - [21/Dec/2023:08:16:31 -0500] "POST /kwsrmcab/Wsrmcab HTTP/1.1" 200 40701
201.245.192.253 - - [21/Dec/2023:08:16:34 -0500] "POST /kwsrmcab/Wsrmcab HTTP/1.1" 200 36681
172.22.2.4 - - [21/Dec/2023:08:16:36 -0500] "GET /BLA/boletinlegal/consulta_actos.php?tipo=resoluciones&no=2238&usuario=&sector=&fecha=2023&resuelve= HTTP/1.1" 200 1199
172.22.2.4 - - [21/Dec/2023:08:16:36 -0500] "GET /BLA/boletinlegal/images/pdf.gif HTTP/1.1" 200 567
156.59.198.135 - - [21/Dec/2023:08:16:44 -0500] "GET /BLA/resoluciones/Notificaciones/REGISTROS%202016/00812.pdf HTTP/1.0" 200 584650
157.55.39.8 - - [21/Dec/2023:08:16:44 -0500] "GET /sipse/faces/faces/autenticacion.xhtml HTTP/1.1" 200 12496
152.203.173.228 - - [21/Dec/2023:08:16:56 -0500] "POST /sipse/faces/presentacion/financiero/solicitudProceso/listarSolicitudProceso.xhtml HTTP/1.1" 200 47001
156.59.198.135 - - [21/Dec/2023:08:17:08 -0500] "GET /BLA/resoluciones/AUTOS%202023/1320.pdf HTTP/1.0" 200 411293
152.203.173.228 - - [21/Dec/2023:08:17:09 -0500] "POST /sipse/faces/presentacion/financiero/solicitudProceso/listarSolicitudProceso.xhtml HTTP/1.1" 200 20642
152.203.173.228 - - [21/Dec/2023:08:17:10 -0500] "POST /sipse/faces/presentacion/financiero/solicitudProceso/listarSolicitudProceso.xhtml HTTP/1.1" 200 20626
66.249.66.21 - - [21/Dec/2023:08:17:11 -0500] "GET /BLA/boletinlegal/styles2.css HTTP/1.1" 200 1838
66.249.66.20 - - [21/Dec/2023:08:17:12 -0500] "GET /BLA/boletinlegal/js/jquery.js HTTP/1.1" 200 57254
66.249.66.20 - - [21/Dec/2023:08:17:12 -0500] "GET /BLA/boletinlegal/js/jquery.scrollTo-min.js HTTP/1.1" 200 1150
152.203.173.228 - - [21/Dec/2023:08:17:20 -0500] "POST /sipse/faces/presentacion/financiero/solicitudProceso/listarSolicitudProceso.xhtml HTTP/1.1" 200 20642
201.245.192.253 - - [21/Dec/2023:08:17:26 -0500] "POST /forms/lservlet;jsessionid=ac16012b30d65f92fa67ce9340589b498a1304d31ae2.e3iSbxaKaheRe34Qc38TbN0Nb41ynknvrkLOlQzNp65In0 HTTP/1.1" 200 2
201.245.192.253 - - [21/Dec/2023:08:17:28 -0500] "POST /forms/lservlet;jsessionid=ac16012b30d601081061295f4ca0a1fa844a8c90ad0d.e3iSbxaKaheRe34Qc38TbN0Nb41ynknvrkLOlQzNp65In0 HTTP/1.1" 200 2
156.59.198.135 - - [21/Dec/2023:08:17:33 -0500] "GET /BLA/resoluciones/RESOLUCIONES%202008/5134.pdf HTTP/1.0" 200 344885
201.245.192.253 - - [21/Dec/2023:08:17:35 -0500] "POST /kwsrmcab/Wsrmcab  HTTP/1.1" 200 40220
156.59.198.136 - - [21/Dec/2023:08:17:57 -0500] "GET /BLA/resoluciones/AUTOS%202014/5993.pdf HTTP/1.0" 200 542632
156.59.198.135 - - [21/Dec/2023:08:18:22 -0500] "GET /BLA/resoluciones/RESOLUCIONES%202010/1928.pdf HTTP/1.0" 200 792664
186.102.92.195 - - [21/Dec/2023:08:18:27 -0500] "GET /kwssiamovil/sm/ldap/au?x=U2FsdGVkX19ccLYUVTfdSb0avQMFbvlESi43p8wPEq7Ltx/DqTARbvjbq0MegUtnWT+/6WGroQ8mXYa6Bv0Ryg==&y=U2FsdGVkX1838eGzNk7b2fyZK7/8345wCOQ4njpHKJwjftqS0L0lqk9oN+YBn2NA HTTP/1.1" 200 31
156.59.198.136 - - [21/Dec/2023:08:18:46 -0500] "GET /BLA/resoluciones/AUTOS%202023/1826.pdf HTTP/1.0" 200 416035
156.59.198.135 - - [21/Dec/2023:08:19:11 -0500] "GET /BLA/resoluciones/RESOLUCIONES%202008/4850.pdf HTTP/1.0" 200 155446
191.156.235.166 - - [21/Dec/2023:08:19:05 -0500] "POST /sipse/faces/presentacion/financiero/solicitudProceso/consultarSolicitudProceso.xhtml HTTP/1.1" 200 996357
186.102.92.195 - - [21/Dec/2023:08:19:22 -0500] "GET /kwssiamovil/sm/ldap/au?x=U2FsdGVkX1+hzKcyY60SEpbi/+uCCsWS6YPbEKSEaPfltpmrON2KBdYbuyfHMMdTPkbO8jYLVT0RUai3wdKuiQ==&y=U2FsdGVkX1+/iXFwxdQXYzQJ6RvkesHMu/rjO0HYQH3gww0ypynTJFhz1J7wkfQs HTTP/1.1" 200 30
186.102.92.195 - - [21/Dec/2023:08:19:22 -0500] "GET /kwssiamovil/sm/acme/s?s=U2FsdGVkX19jbR0C5T23lRk6QNzHn52nKo+bkayxskq4nwSMA35HJx5zi+kn0HBwU1YLkOuCgX1fa8K1+qi2OQHs40dt7tK9fKNDcGBFMv0=&u=U2FsdGVkX1/axxhXfXr81Vey6UFR3Zq/W1aiICTzl1oZeWMrzi+4If42QWPg9GJY&y=U2FsdGVkX1+/iXFwxdQXYzQJ6RvkesHMu/rjO0HYQH3gww0ypynTJFhz1J7wkfQs HTTP/1.1" 200 97
186.102.92.195 - - [21/Dec/2023:08:19:22 -0500] "GET /kwssiamovil/sm/acme/s?s=U2FsdGVkX1+y7KqK20m/IB8cSWic1XatLd+ujuKLCewpCsbU/51xI1IEItR+H1YCBGKZP0GvF+35ykECBDK3MH9ocQvrgJ+573fS9Bf7/Ii0bjYLyBfhXeO+5U4h7j8tgpOFhj0N5LW5OScgEatPaFQxvMDbftbNX23AM6NqCp/5vpuvk+nYAp8mhJsFrM282oGgtedCu4e0FojIUim/qClWhhD6Z3oAEBxhzGLjwSHjw5Fynalk3Uc460Aqt0LsUM0Qq68y6Ug9zkwoEWxHrCqamFHZmXj+oNXd9usdq9JpRnhCqgFOJQ1TZC0hs6hWkNbgVHnwoBID3TVAPSCJemFQ0jDsLYU9XRczn+OO/Ad9AEe8SKRl2NXFmdQtu83gCvVzA42JoDXXE0N0mq6FA1kd3TRpr4JSTeti+yO/vm5peErVrZRJ/CJktlNhoNYbZ1fQxAGHwvwFQdALDq/dGbhLet4GQ39ZdQE+Dy9FNSFMDFILKl0iqootupS8Mt2mXZ7lOezMzrnuIlUVw5kymkt8qSF7vmSsHHBNdNaSwCvqvxzOk+jLxg1JNAI+p8AZ9OpYUBt3tnl6BUFCo/J/kYBnv0X95igL5AbS0XiqULmXx2bS/FI6keqwIa3XkimBvhwKBfJAkIjdUCcA2jmNKleujvuRk7GnN2jtX8TAHSZnY0jqRZN2NNYDxXCVG382pNmfoZaZuiYfDgjyTqEoL0TpDlgJ/uXlC17uNOG/zxL7gYDxMdm+tOqydwQmiqyp++WFvY+WWrh/ITGc+HdCuGE6XVGB/I41vHSOsxf6JrEb7tJqpUsEDqZzcDNDT7cIxbqdb5a/X7J+/Djo3c8FHOMNf4ojskTbK8aWXXyjOBClWYerMcSm9gf5/x8TqTe2UlRsC4cgnUxmXsJYFIDLAD3IyOBM+qZ7TOrzp2clh208N7wudodK2FNrYkSqwMC4NzUs6KyZuQOI6klmTNufEOaleb85fCwkh0gXWPITXBUDx2cE0fUqPUey97Kn90h1sMuwsl7BZwJeK8ff8bdxlVDgb3Rotpo88765bToVWz3CE/VMbRQua9QWue//8IY0XxzcylpyiQScZugGzeskQxyE6/X5pSPdr4gWVWuQYzIDsk3pWCYkv+VD+FjAc8tZZVk8NeES+JqZVPktAdxZB2ifphJlf1QNPS5WYJuironldG2Ujc5ef29X+SnmZG8bwWyGRdxZ8MasXYJ/MjuJtaviHC8jan9FFM+2vIWfEkn/9GbN8uDaUzsOIbr0msoRbmnaEIsS9uN7aXrAWBHnyQ27lKKvNamfULm/ynhefyyFviVzv9dDnyFG3G+G5lGTwev+tXi9YYlp1vhyVCh2ww0ojXrDkckd8ydwR1H8FbXWc4QAdRZuYXsyyz6kanbAt3boqvunEM5PCc8dvDJ4njAb/F/ts2pworSndpHgyG4hyaQmSTQiY88Iqo/AIM9K4+w2PbYhsFkk8WXTr2cdVo9dbL1qU1V/CahRrIWkKf4gZUXnzUSWi+LlJ/ZRpbWXoXv+KxFpBwqhj+JbKo0H3KezcSjArw0NzRL7+kt6xN5h8m0vB/qinne3pFdvTSVSfRm4E5YRkUgxr4k0Dnt0HNNHTF+liCzD03khDJvc5fbWt3Nd2TmrMYRu3Y65kOD0+XhlXZxmsH46OGv1eUYSkiGo7V7T4t5dmzmLdkK8RqvMH2SJzb21Tn9LJQ2s7tvPBU0sM0Le5cfzrHigl/Q4o7rMxxWeN6pVsMLTHu6UCZbuUsi/knyPb4+mSbdMDA/3&u=U2FsdGVkX1/axxhXfXr81Vey6UFR3Zq/W1aiICTzl1oZeWMrzi+4If42QWPg9GJY&y=U2FsdGVkX1+/iXFwxdQXYzQJ6RvkesHMu/rjO0HYQH3gww0ypynTJFhz1J7wkfQs HTTP/1.1" 200 72
186.102.92.195 - - [21/Dec/2023:08:19:22 -0500] "GET /kwssiamovil/sm/acme/s?s=U2FsdGVkX1826UjGv8TAv8Y6/091f2Gd1tooVbZ7BNkTVJWu7rnOTPghUYWVCy0BmV+xP8xST2HYuCXmw+QLDDXFUue8O9eTbfjpw5c4UuqCyEJtMYG/tmZriq7452LbyM5F6BFebmWs6KEC94bi88okK2UvhpnWSzeLf7LBqKGisSlUhqhLHlSg4DQtjCOCCrJ9WM72j+vm0RKJSK1dOp+G0pgCiVzb3yzTm07dQVVPXWb8GGmtMbK9R6/Cas6199GrQaGpA+Ob6Y75f2Sc0oDFW6msjGg8HgHY8EQ9gPSTiNACJ/d9LQSEKZFyMqiwxqWvc6tRuFGY1xhE0Rusu0kRs+3r8m8H1yiKcWFe+jGgyuT5PEP3aEsNCWayUR1GAvh4bIV8H5pSKKSTeTqfmDrhrQWihHxSW9kBtNQsjXmBTkyOVn5dnnV9G5LUaFXHZZVOqU88FQyIk0TvPSMNClWQOSpTXmpqUkxmKvIUWYxVwCn5lKvEySeMjE53/hTZcTegmk5IIc+iLgTYELljDdXbeb1dSlmANMhJp6xtkDTvTU8RNHVQr8eRIYQmVXsWej30HMvYyvIP32Qw6T51pptW5nz9ETQYWpB5o0DjZsUSYTSwRo0zzBf2E3DtlR59msOrEH9TLz+Cf6wrWwbdtlbRBZDZaDkfqEX0I+kWBGy18aHpox9I6SXz+oub6yZgbdh/SHU3+rfVvafPrgRdFjEks7n7RECLUa7ROe/e9/OwAyf+oK/LRFafs1eUyk5wb2VaLhkMnUBP3bnnXCy1LQ==&u=U2FsdGVkX1/axxhXfXr81Vey6UFR3Zq/W1aiICTzl1oZeWMrzi+4If42QWPg9GJY&y=U2FsdGVkX1+/iXFwxdQXYzQJ6RvkesHMu/rjO0HYQH3gww0ypynTJFhz1J7wkfQs HTTP/1.1" 200 208
186.102.92.195 - - [21/Dec/2023:08:19:22 -0500] "GET /kwssiamovil/sm/cjson/pre?f=1&x=U2FsdGVkX1+hzKcyY60SEpbi/+uCCsWS6YPbEKSEaPfltpmrON2KBdYbuyfHMMdTPkbO8jYLVT0RUai3wdKuiQ== HTTP/1.1" 200 31032
