186.29.33.218 - - [21/Dec/2023:06:14:51 -0500] "GET /sipse/faces/javax.faces.resource/jquery/jquery-plugins.js?ln=primefaces&v=4.0 HTTP/1.1" 304 -
186.29.33.218 - - [21/Dec/2023:06:14:51 -0500] "GET /sipse/faces/javax.faces.resource/primefaces.js?ln=primefaces&v=4.0 HTTP/1.1" 304 -
186.29.33.218 - - [21/Dec/2023:06:14:51 -0500] "GET /sipse/faces/javax.faces.resource/layout/layout.js?ln=primefaces&v=4.0 HTTP/1.1" 304 -
156.59.198.136 - - [21/Dec/2023:06:14:52 -0500] "GET /BLA/resoluciones/RESOLUCIONES%202008/4575.pdf HTTP/1.0" 200 87689
186.29.33.218 - - [21/Dec/2023:06:15:00 -0500] "POST /sipse/faces/presentacion/financiero/solicitudProceso/crearModificarSolicitudProceso.xhtml HTTP/1.1" 200 27325
216.245.221.92 - - [21/Dec/2023:06:15:10 -0500] "HEAD / HTTP/1.1" 200 -
156.59.198.135 - - [21/Dec/2023:06:15:17 -0500] "GET /BLA/resoluciones/AUTOS%202014/3798.pdf HTTP/1.0" 200 422134
201.245.192.253 - - [21/Dec/2023:06:15:25 -0500] "POST /forms/lservlet;jsessionid=ac16012b30d65f92fa67ce9340589b498a1304d31ae2.e3iSbxaKaheRe34Qc38TbN0Nb41ynknvrkLOlQzNp65In0 HTTP/1.1" 200 2
186.29.33.218 - - [21/Dec/2023:06:15:38 -0500] "POST /sipse/faces/presentacion/financiero/solicitudProceso/crearModificarSolicitudProceso.xhtml HTTP/1.1" 200 9394
156.59.198.136 - - [21/Dec/2023:06:15:41 -0500] "GET /BLA/resoluciones/AUTOS%202023/4717.pdf HTTP/1.0" 200 3524427
157.55.39.55 - - [21/Dec/2023:06:15:41 -0500] "GET /BLA/resoluciones/AUTOS%202023/4690.pdf HTTP/1.1" 200 484897
156.59.198.136 - - [21/Dec/2023:06:16:06 -0500] "GET /BLA/resoluciones/Notificaciones/AUTOS%202017/00822.pdf HTTP/1.0" 200 1413946
201.245.192.253 - - [21/Dec/2023:06:16:10 -0500] "POST /forms/lservlet;jsessionid=ac16012b30d648d4d7e95c6a498d8fc6bd063871f06c.e3iSbxaKaheRe34Qc38TbN0Nb41ynknvrkLOlQzNp65In0 HTTP/1.1" 200 2
156.59.198.135 - - [21/Dec/2023:06:16:30 -0500] "GET /BLA/resoluciones/Notificaciones/AUTOS%202017/05182.pdf HTTP/1.0" 200 344204
201.245.192.253 - - [21/Dec/2023:06:16:31 -0500] "POST /kwsrmcab/Wsrmcab HTTP/1.1" 200 40701
201.245.192.253 - - [21/Dec/2023:06:16:34 -0500] "POST /kwsrmcab/Wsrmcab HTTP/1.1" 200 36682
186.29.33.218 - - [21/Dec/2023:06:16:46 -0500] "POST /sipse/faces/presentacion/financiero/solicitudProceso/crearModificarSolicitudProceso.xhtml HTTP/1.1" 200 24593
186.29.33.218 - - [21/Dec/2023:06:16:46 -0500] "GET /sipse/faces/javax.faces.resource/jquery/jquery-plugins.js?ln=primefaces&v=4.0 HTTP/1.1" 304 -
186.29.33.218 - - [21/Dec/2023:06:16:46 -0500] "GET /sipse/faces/javax.faces.resource/jquery/jquery.js?ln=primefaces&v=4.0 HTTP/1.1" 304 -
186.29.33.218 - - [21/Dec/2023:06:16:46 -0500] "GET /sipse/faces/javax.faces.resource/primefaces.js?ln=primefaces&v=4.0 HTTP/1.1" 304 -
186.29.33.218 - - [21/Dec/2023:06:16:46 -0500] "GET /sipse/faces/javax.faces.resource/layout/layout.js?ln=primefaces&v=4.0 HTTP/1.1" 304 -
186.29.33.218 - - [21/Dec/2023:06:16:46 -0500] "GET /sipse/faces/javax.faces.resource/layout/layout.css?ln=primefaces&v=4.0 HTTP/1.1" 304 -
186.29.33.218 - - [21/Dec/2023:06:16:46 -0500] "GET /sipse/faces/javax.faces.resource/theme.css?ln=primefaces-sipse HTTP/1.1" 304 -
186.29.33.218 - - [21/Dec/2023:06:16:46 -0500] "GET /sipse/faces/javax.faces.resource/primefaces.css?ln=primefaces&v=4.0 HTTP/1.1" 304 -
186.29.33.218 - - [21/Dec/2023:06:16:46 -0500] "GET /sipse/faces/javax.faces.resource/images/ui-icons_898989_256x240.png?ln=primefaces-aristo HTTP/1.1" 200 5355
186.29.33.218 - - [21/Dec/2023:06:16:46 -0500] "GET /sipse/imagenes/cargando.gif HTTP/1.1" 200 16070
186.29.33.218 - - [21/Dec/2023:06:16:46 -0500] "GET /favicon.ico HTTP/1.1" 200 7782
186.29.33.218 - - [21/Dec/2023:06:16:52 -0500] "GET /sipse/faces/javax.faces.resource/images/ui-bg_flat_0_2d5972_40x100.png?ln=primefaces-aristo HTTP/1.1" 304 -
186.29.33.218 - - [21/Dec/2023:06:16:52 -0500] "POST /sipse/faces/presentacion/financiero/solicitudProyectoActividad/asociarProyectoSolicitud.xhtml HTTP/1.1" 200 6559
186.29.33.218 - - [21/Dec/2023:06:16:55 -0500] "POST /sipse/faces/presentacion/financiero/solicitudProyectoActividad/asociarProyectoSolicitud.xhtml HTTP/1.1" 200 1696
156.59.198.135 - - [21/Dec/2023:06:16:56 -0500] "GET /BLA/resoluciones/RESOLUCIONES%202007/RES%202007%204001%20AL%204100/RESOLUCION%204066%20DE%202007.pdf HTTP/1.0" 200 322205
186.29.33.218 - - [21/Dec/2023:06:16:56 -0500] "POST /sipse/faces/presentacion/financiero/solicitudProyectoActividad/asociarProyectoSolicitud.xhtml HTTP/1.1" 200 28498
186.29.33.218 - - [21/Dec/2023:06:16:56 -0500] "GET /sipse/faces/javax.faces.resource/jquery/jquery.js?ln=primefaces&v=4.0 HTTP/1.1" 304 -
186.29.33.218 - - [21/Dec/2023:06:16:56 -0500] "GET /sipse/faces/javax.faces.resource/jquery/jquery-plugins.js?ln=primefaces&v=4.0 HTTP/1.1" 304 -
186.29.33.218 - - [21/Dec/2023:06:16:56 -0500] "GET /sipse/faces/javax.faces.resource/primefaces.js?ln=primefaces&v=4.0 HTTP/1.1" 304 -
186.29.33.218 - - [21/Dec/2023:06:16:56 -0500] "GET /sipse/faces/javax.faces.resource/layout/layout.js?ln=primefaces&v=4.0 HTTP/1.1" 304 -
186.29.33.218 - - [21/Dec/2023:06:17:03 -0500] "POST /sipse/faces/presentacion/financiero/solicitudProyectoActividad/asociarActividadSolicitud.xhtml HTTP/1.1" 200 20034
186.29.33.218 - - [21/Dec/2023:06:17:03 -0500] "GET /sipse/faces/javax.faces.resource/jquery/jquery.js?ln=primefaces&v=4.0 HTTP/1.1" 304 -
186.29.33.218 - - [21/Dec/2023:06:17:03 -0500] "GET /sipse/faces/javax.faces.resource/jquery/jquery-plugins.js?ln=primefaces&v=4.0 HTTP/1.1" 304 -
186.29.33.218 - - [21/Dec/2023:06:17:04 -0500] "GET /sipse/faces/javax.faces.resource/primefaces.js?ln=primefaces&v=4.0 HTTP/1.1" 304 -
186.29.33.218 - - [21/Dec/2023:06:17:04 -0500] "GET /sipse/faces/javax.faces.resource/layout/layout.js?ln=primefaces&v=4.0 HTTP/1.1" 304 -
156.59.198.135 - - [21/Dec/2023:06:17:20 -0500] "GET /BLA/resoluciones/Notificaciones/AUTOS%202014/5426.doc HTTP/1.0" 200 121856
186.29.33.218 - - [21/Dec/2023:06:17:21 -0500] "POST /sipse/faces/presentacion/financiero/solicitudProyectoActividad/asociarFuentesSolicitud.xhtml HTTP/1.1" 200 67530
186.29.33.218 - - [21/Dec/2023:06:17:21 -0500] "GET /sipse/faces/javax.faces.resource/primefaces.css?ln=primefaces&v=4.0 HTTP/1.1" 304 -
186.29.33.218 - - [21/Dec/2023:06:17:21 -0500] "GET /sipse/faces/javax.faces.resource/theme.css?ln=primefaces-sipse HTTP/1.1" 304 -
186.29.33.218 - - [21/Dec/2023:06:17:21 -0500] "GET /sipse/faces/javax.faces.resource/layout/layout.css?ln=primefaces&v=4.0 HTTP/1.1" 304 -
186.29.33.218 - - [21/Dec/2023:06:17:21 -0500] "GET /sipse/faces/javax.faces.resource/jquery/jquery.js?ln=primefaces&v=4.0 HTTP/1.1" 304 -
186.29.33.218 - - [21/Dec/2023:06:17:21 -0500] "GET /sipse/faces/javax.faces.resource/jquery/jquery-plugins.js?ln=primefaces&v=4.0 HTTP/1.1" 304 -
186.29.33.218 - - [21/Dec/2023:06:17:21 -0500] "GET /sipse/faces/javax.faces.resource/primefaces.js?ln=primefaces&v=4.0 HTTP/1.1" 304 -
186.29.33.218 - - [21/Dec/2023:06:17:21 -0500] "GET /sipse/faces/javax.faces.resource/layout/layout.js?ln=primefaces&v=4.0 HTTP/1.1" 304 -
186.29.33.218 - - [21/Dec/2023:06:17:21 -0500] "GET /sipse/faces/javax.faces.resource/images/ui-icons_898989_256x240.png?ln=primefaces-aristo HTTP/1.1" 200 5355
201.245.192.253 - - [21/Dec/2023:06:17:25 -0500] "POST /forms/lservlet;jsessionid=ac16012b30d65f92fa67ce9340589b498a1304d31ae2.e3iSbxaKaheRe34Qc38TbN0Nb41ynknvrkLOlQzNp65In0 HTTP/1.1" 200 2
156.59.198.136 - - [21/Dec/2023:06:17:45 -0500] "GET /BLA/resoluciones/RESOLUCIONES%202018/3532.pdf HTTP/1.0" 200 322478
186.29.33.218 - - [21/Dec/2023:06:17:44 -0500] "POST /sipse/faces/presentacion/financiero/solicitudProceso/crearModificarSolicitudProceso.xhtml HTTP/1.1" 200 44603
186.29.33.218 - - [21/Dec/2023:06:17:46 -0500] "GET /sipse/faces/javax.faces.resource/primefaces.css?ln=primefaces&v=4.0 HTTP/1.1" 304 -
186.29.33.218 - - [21/Dec/2023:06:17:46 -0500] "GET /sipse/faces/javax.faces.resource/layout/layout.css?ln=primefaces&v=4.0 HTTP/1.1" 304 -
186.29.33.218 - - [21/Dec/2023:06:17:46 -0500] "GET /sipse/faces/javax.faces.resource/primefaces.js?ln=primefaces&v=4.0 HTTP/1.1" 304 -
186.29.33.218 - - [21/Dec/2023:06:17:46 -0500] "GET /sipse/faces/javax.faces.resource/layout/layout.js?ln=primefaces&v=4.0 HTTP/1.1" 304 -
186.29.33.218 - - [21/Dec/2023:06:17:46 -0500] "GET /sipse/faces/javax.faces.resource/jquery/jquery.js?ln=primefaces&v=4.0 HTTP/1.1" 304 -
186.29.33.218 - - [21/Dec/2023:06:17:46 -0500] "GET /sipse/faces/javax.faces.resource/jquery/jquery-plugins.js?ln=primefaces&v=4.0 HTTP/1.1" 304 -
186.29.33.218 - - [21/Dec/2023:06:17:46 -0500] "GET /sipse/faces/javax.faces.resource/theme.css?ln=primefaces-sipse HTTP/1.1" 304 -
186.29.33.218 - - [21/Dec/2023:06:17:46 -0500] "GET /sipse/faces/javax.faces.resource/images/ui-icons_898989_256x240.png?ln=primefaces-aristo HTTP/1.1" 304 -
186.29.33.218 - - [21/Dec/2023:06:17:49 -0500] "GET /sipse/faces/javax.faces.resource/images/ui-bg_flat_0_2d5972_40x100.png?ln=primefaces-aristo HTTP/1.1" 304 -
186.29.33.218 - - [21/Dec/2023:06:17:49 -0500] "POST /sipse/faces/presentacion/financiero/contrato/consultarContratosSolicitudProceso.xhtml HTTP/1.1" 200 62047
186.29.33.218 - - [21/Dec/2023:06:17:56 -0500] "POST /sipse/faces/presentacion/financiero/contrato/consultarContratosSolicitudProceso.xhtml HTTP/1.1" 200 62981
186.29.33.218 - - [21/Dec/2023:06:17:56 -0500] "GET /sipse/faces/javax.faces.resource/jquery/jquery.js?ln=primefaces&v=4.0 HTTP/1.1" 304 -
186.29.33.218 - - [21/Dec/2023:06:17:56 -0500] "GET /sipse/faces/javax.faces.resource/jquery/jquery-plugins.js?ln=primefaces&v=4.0 HTTP/1.1" 304 -
186.29.33.218 - - [21/Dec/2023:06:17:56 -0500] "GET /sipse/faces/javax.faces.resource/primefaces.js?ln=primefaces&v=4.0 HTTP/1.1" 304 -
186.29.33.218 - - [21/Dec/2023:06:17:56 -0500] "GET /sipse/faces/javax.faces.resource/layout/layout.js?ln=primefaces&v=4.0 HTTP/1.1" 304 -
186.29.33.218 - - [21/Dec/2023:06:18:01 -0500] "POST /sipse/faces/presentacion/financiero/solicitudProceso/crearModificarSolicitudProceso.xhtml HTTP/1.1" 200 21124
186.29.33.218 - - [21/Dec/2023:06:18:01 -0500] "GET /sipse/faces/javax.faces.resource/theme.css?ln=primefaces-sipse HTTP/1.1" 304 -
186.29.33.218 - - [21/Dec/2023:06:18:01 -0500] "GET /sipse/faces/javax.faces.resource/primefaces.css?ln=primefaces&v=4.0 HTTP/1.1" 304 -
186.29.33.218 - - [21/Dec/2023:06:18:01 -0500] "GET /sipse/faces/javax.faces.resource/jquery/jquery.js?ln=primefaces&v=4.0 HTTP/1.1" 304 -
186.29.33.218 - - [21/Dec/2023:06:18:01 -0500] "GET /sipse/faces/javax.faces.resource/layout/layout.css?ln=primefaces&v=4.0 HTTP/1.1" 304 -
186.29.33.218 - - [21/Dec/2023:06:18:01 -0500] "GET /sipse/faces/javax.faces.resource/jquery/jquery-plugins.js?ln=primefaces&v=4.0 HTTP/1.1" 304 -
186.29.33.218 - - [21/Dec/2023:06:18:01 -0500] "GET /sipse/faces/javax.faces.resource/primefaces.js?ln=primefaces&v=4.0 HTTP/1.1" 304 -
186.29.33.218 - - [21/Dec/2023:06:18:01 -0500] "GET /sipse/faces/javax.faces.resource/layout/layout.js?ln=primefaces&v=4.0 HTTP/1.1" 304 -
186.29.33.218 - - [21/Dec/2023:06:18:01 -0500] "GET /sipse/faces/javax.faces.resource/fileupload/fileupload.css?ln=primefaces&v=4.0 HTTP/1.1" 304 -
186.29.33.218 - - [21/Dec/2023:06:18:01 -0500] "GET /sipse/faces/javax.faces.resource/fileupload/fileupload.js?ln=primefaces&v=4.0 HTTP/1.1" 304 -
186.29.33.218 - - [21/Dec/2023:06:18:01 -0500] "GET /sipse/faces/javax.faces.resource/images/ui-icons_898989_256x240.png?ln=primefaces-aristo HTTP/1.1" 304 -
156.59.198.135 - - [21/Dec/2023:06:18:09 -0500] "GET /BLA/resoluciones/AUTOS%202023/2855.pdf HTTP/1.0" 200 949310
201.245.192.253 - - [21/Dec/2023:06:18:10 -0500] "POST /forms/lservlet;jsessionid=ac16012b30d648d4d7e95c6a498d8fc6bd063871f06c.e3iSbxaKaheRe34Qc38TbN0Nb41ynknvrkLOlQzNp65In0 HTTP/1.1" 200 2
201.245.192.253 - - [21/Dec/2023:06:18:11 -0500] "POST /kwsrmcab/Wsrmcab  HTTP/1.1" 200 40220
186.29.33.218 - - [21/Dec/2023:06:18:14 -0500] "POST /sipse/faces/presentacion/sistema/anexos/cargarAnexoSolicitudProceso.xhtml HTTP/1.1" 200 68866
186.29.33.218 - - [21/Dec/2023:06:18:17 -0500] "GET /sipse/faces/javax.faces.resource/theme.css?ln=primefaces-sipse HTTP/1.1" 304 -
186.29.33.218 - - [21/Dec/2023:06:18:17 -0500] "GET /sipse/faces/javax.faces.resource/primefaces.css?ln=primefaces&v=4.0 HTTP/1.1" 304 -
186.29.33.218 - - [21/Dec/2023:06:18:17 -0500] "GET /sipse/faces/javax.faces.resource/layout/layout.css?ln=primefaces&v=4.0 HTTP/1.1" 304 -
186.29.33.218 - - [21/Dec/2023:06:18:17 -0500] "GET /sipse/faces/javax.faces.resource/jquery/jquery.js?ln=primefaces&v=4.0 HTTP/1.1" 304 -
186.29.33.218 - - [21/Dec/2023:06:18:17 -0500] "GET /sipse/faces/javax.faces.resource/jquery/jquery-plugins.js?ln=primefaces&v=4.0 HTTP/1.1" 304 -
186.29.33.218 - - [21/Dec/2023:06:18:17 -0500] "GET /sipse/faces/javax.faces.resource/layout/layout.js?ln=primefaces&v=4.0 HTTP/1.1" 304 -
186.29.33.218 - - [21/Dec/2023:06:18:17 -0500] "GET /sipse/faces/javax.faces.resource/primefaces.js?ln=primefaces&v=4.0 HTTP/1.1" 304 -
186.29.33.218 - - [21/Dec/2023:06:18:17 -0500] "GET /sipse/faces/javax.faces.resource/images/ui-icons_898989_256x240.png?ln=primefaces-aristo HTTP/1.1" 304 -
186.29.33.218 - - [21/Dec/2023:06:18:20 -0500] "GET /sipse/faces/javax.faces.resource/images/ui-bg_flat_0_2d5972_40x100.png?ln=primefaces-aristo HTTP/1.1" 304 -
186.29.33.218 - - [21/Dec/2023:06:18:20 -0500] "POST /sipse/faces/presentacion/financiero/solicitudProceso/crearModificarSolicitudProceso.xhtml HTTP/1.1" 200 63969
186.29.33.218 - - [21/Dec/2023:06:18:23 -0500] "GET /sipse/faces/javax.faces.resource/jquery/jquery.js?ln=primefaces&v=4.0 HTTP/1.1" 304 -
186.29.33.218 - - [21/Dec/2023:06:18:23 -0500] "GET /sipse/faces/javax.faces.resource/jquery/jquery-plugins.js?ln=primefaces&v=4.0 HTTP/1.1" 304 -
186.29.33.218 - - [21/Dec/2023:06:18:23 -0500] "GET /sipse/faces/javax.faces.resource/primefaces.js?ln=primefaces&v=4.0 HTTP/1.1" 304 -
186.29.33.218 - - [21/Dec/2023:06:18:23 -0500] "GET /sipse/faces/javax.faces.resource/layout/layout.js?ln=primefaces&v=4.0 HTTP/1.1" 304 -
186.29.33.218 - - [21/Dec/2023:06:18:23 -0500] "GET /sipse/faces/javax.faces.resource/messages/messages.png?ln=primefaces&v=4.0 HTTP/1.1" 304 -
186.29.33.218 - - [21/Dec/2023:06:18:23 -0500] "POST /sipse/faces/presentacion/financiero/solicitudProceso/listarSolicitudProceso.xhtml HTTP/1.1" 200 1556
186.29.33.218 - - [21/Dec/2023:06:18:27 -0500] "POST /sipse/faces/presentacion/financiero/solicitudProceso/listarSolicitudProceso.xhtml HTTP/1.1" 200 19922
156.59.198.136 - - [21/Dec/2023:06:18:33 -0500] "GET /BLA/resoluciones/AUTOS%202023/0102.pdf HTTP/1.0" 200 465996
172.22.2.4 - - [21/Dec/2023:06:17:04 -0500] "HEAD /BLA/boletinlegal/ HTTP/1.1" 200 -
156.59.198.136 - - [21/Dec/2023:06:18:57 -0500] "GET /BLA/resoluciones/Notificaciones/AUTOS%202014/3985.doc HTTP/1.0" 200 175104
157.55.39.8 - - [21/Dec/2023:06:19:05 -0500] "GET /BLA/resoluciones/AUTOS%202023/5638.pdf HTTP/1.1" 200 405452
156.59.198.136 - - [21/Dec/2023:06:19:22 -0500] "GET /BLA/resoluciones/AUTOS%202023/4148.pdf HTTP/1.0" 200 415623
201.245.192.253 - - [21/Dec/2023:06:19:25 -0500] "POST /forms/lservlet;jsessionid=ac16012b30d65f92fa67ce9340589b498a1304d31ae2.e3iSbxaKaheRe34Qc38TbN0Nb41ynknvrkLOlQzNp65In0 HTTP/1.1" 200 2
172.22.2.4 - - [21/Dec/2023:06:17:55 -0500] "GET /BLA/boletinlegal/ HTTP/1.1" 200 58567
156.59.198.135 - - [21/Dec/2023:06:19:45 -0500] "GET /BLA/resoluciones/AUTOS%202014/1762.pdf HTTP/1.0" 200 412493
31.13.103.112 - - [21/Dec/2023:06:19:52 -0500] "GET /images/arbol%20centro.jpg HTTP/1.1" 200 69467
31.13.103.116 - - [21/Dec/2023:06:19:52 -0500] "GET /images/participacion%2019-12-23.jpg HTTP/1.1" 200 73861
216.245.221.92 - - [21/Dec/2023:06:20:10 -0500] "HEAD / HTTP/1.1" 200 -
156.59.198.135 - - [21/Dec/2023:06:20:10 -0500] "GET /BLA/resoluciones/RESOLUCIONES%202010/0483.pdf HTTP/1.0" 200 104226
201.245.192.253 - - [21/Dec/2023:06:20:10 -0500] "POST /forms/lservlet;jsessionid=ac16012b30d648d4d7e95c6a498d8fc6bd063871f06c.e3iSbxaKaheRe34Qc38TbN0Nb41ynknvrkLOlQzNp65In0 HTTP/1.1" 200 2
201.245.192.253 - - [21/Dec/2023:06:20:27 -0500] "POST /kwsrmcab/Wsrmcab HTTP/1.1" 200 40701
201.245.192.253 - - [21/Dec/2023:06:20:32 -0500] "POST /kwsrmcab/Wsrmcab HTTP/1.1" 200 36682
156.59.198.135 - - [21/Dec/2023:06:20:35 -0500] "GET /BLA/resoluciones/Notificaciones/AUTOS%202015/3580.doc HTTP/1.0" 200 164352
156.59.198.136 - - [21/Dec/2023:06:20:59 -0500] "GET /BLA/resoluciones/RESOLUCIONES%202008/5390.pdf HTTP/1.0" 200 215610
156.59.198.135 - - [21/Dec/2023:06:21:24 -0500] "GET /BLA/resoluciones/AUTOS%202014/6368.pdf HTTP/1.0" 200 520589
201.245.192.253 - - [21/Dec/2023:06:21:25 -0500] "POST /forms/lservlet;jsessionid=ac16012b30d65f92fa67ce9340589b498a1304d31ae2.e3iSbxaKaheRe34Qc38TbN0Nb41ynknvrkLOlQzNp65In0 HTTP/1.1" 200 2
156.59.198.136 - - [21/Dec/2023:06:21:48 -0500] "GET /BLA/resoluciones/RESOLUCIONES%202010/0875.pdf HTTP/1.0" 200 438463
201.245.192.253 - - [21/Dec/2023:06:22:10 -0500] "POST /forms/lservlet;jsessionid=ac16012b30d648d4d7e95c6a498d8fc6bd063871f06c.e3iSbxaKaheRe34Qc38TbN0Nb41ynknvrkLOlQzNp65In0 HTTP/1.1" 200 2
156.59.198.135 - - [21/Dec/2023:06:22:11 -0500] "GET /BLA/resoluciones/AUTOS%202014/6856.pdf HTTP/1.0" 200 882037
156.59.198.136 - - [21/Dec/2023:06:22:36 -0500] "GET /BLA/resoluciones/RESOLUCIONES%202008/5191.pdf HTTP/1.0" 200 74130
156.59.198.135 - - [21/Dec/2023:06:23:01 -0500] "GET /BLA/resoluciones/AUTOS%202014/7312.pdf HTTP/1.0" 200 662314
201.245.192.253 - - [21/Dec/2023:06:23:10 -0500] "POST /kwsrmcab/Wsrmcab  HTTP/1.1" 200 40220
156.59.198.135 - - [21/Dec/2023:06:23:25 -0500] "GET /BLA/resoluciones/AUTOS%202020/3350.pdf HTTP/1.0" 200 330019
201.245.192.253 - - [21/Dec/2023:06:23:25 -0500] "POST /forms/lservlet;jsessionid=ac16012b30d65f92fa67ce9340589b498a1304d31ae2.e3iSbxaKaheRe34Qc38TbN0Nb41ynknvrkLOlQzNp65In0 HTTP/1.1" 200 2
195.116.52.177 - - [21/Dec/2023:06:23:41 -0500] "GET / HTTP/1.1" 200 319
156.59.198.135 - - [21/Dec/2023:06:23:50 -0500] "GET /BLA/resoluciones/Notificaciones/AUTOS%202014/5037.doc HTTP/1.0" 200 748544
201.245.192.253 - - [21/Dec/2023:06:24:10 -0500] "POST /forms/lservlet;jsessionid=ac16012b30d648d4d7e95c6a498d8fc6bd063871f06c.e3iSbxaKaheRe34Qc38TbN0Nb41ynknvrkLOlQzNp65In0 HTTP/1.1" 200 2
156.59.198.136 - - [21/Dec/2023:06:24:15 -0500] "GET /BLA/resoluciones/AUTOS%202023/0273.pdf HTTP/1.0" 200 377424
172.22.2.4 - - [21/Dec/2023:06:22:54 -0500] "HEAD /BLA/boletinlegal/ HTTP/1.1" 200 -
156.59.198.136 - - [21/Dec/2023:06:24:39 -0500] "GET /BLA/resoluciones/AUTOS%202014/5878.pdf HTTP/1.0" 200 542184
156.59.198.135 - - [21/Dec/2023:06:25:03 -0500] "GET /BLA/resoluciones/AUTOS%202014/1924.pdf HTTP/1.0" 200 214895
216.245.221.92 - - [21/Dec/2023:06:25:10 -0500] "HEAD / HTTP/1.1" 200 -
172.22.2.4 - - [21/Dec/2023:06:23:45 -0500] "GET /BLA/boletinlegal/ HTTP/1.1" 200 60910
201.245.192.253 - - [21/Dec/2023:06:25:25 -0500] "POST /forms/lservlet;jsessionid=ac16012b30d65f92fa67ce9340589b498a1304d31ae2.e3iSbxaKaheRe34Qc38TbN0Nb41ynknvrkLOlQzNp65In0 HTTP/1.1" 200 2
156.59.198.136 - - [21/Dec/2023:06:25:29 -0500] "GET /BLA/resoluciones/RESOLUCIONES%202010/1643.pdf HTTP/1.0" 200 781383
156.59.198.136 - - [21/Dec/2023:06:25:54 -0500] "GET /BLA/resoluciones/AUTOS%202017/3567.pdf HTTP/1.0" 200 273296
207.46.13.141 - - [21/Dec/2023:06:26:02 -0500] "GET /BLA/resoluciones/AUTOS%202023/3683.pdf HTTP/1.1" 200 440361
207.46.13.141 - - [21/Dec/2023:06:26:04 -0500] "GET /BLA/resoluciones/RESOLUCIONES%202023/1965.pdf HTTP/1.1" 200 1034032
201.245.192.253 - - [21/Dec/2023:06:26:10 -0500] "POST /forms/lservlet;jsessionid=ac16012b30d648d4d7e95c6a498d8fc6bd063871f06c.e3iSbxaKaheRe34Qc38TbN0Nb41ynknvrkLOlQzNp65In0 HTTP/1.1" 200 2
156.59.198.136 - - [21/Dec/2023:06:26:18 -0500] "GET /BLA/resoluciones/AUTOS%202014/3855.pdf HTTP/1.0" 200 489298
201.245.192.253 - - [21/Dec/2023:06:26:32 -0500] "POST /kwsrmcab/Wsrmcab HTTP/1.1" 200 40701
66.249.66.20 - - [21/Dec/2023:06:26:35 -0500] "GET /BLA/resoluciones/RESOLUCIONES%202009/0297.pdf HTTP/1.1" 200 465269
201.245.192.253 - - [21/Dec/2023:06:26:35 -0500] "POST /kwsrmcab/Wsrmcab HTTP/1.1" 200 36682
156.59.198.136 - - [21/Dec/2023:06:26:42 -0500] "GET /BLA/resoluciones/AUTOS%202014/3906.pdf HTTP/1.0" 200 211908
156.59.198.135 - - [21/Dec/2023:06:27:08 -0500] "GET /BLA/resoluciones/RESOLUCIONES%202008/4647.pdf HTTP/1.0" 200 245903
207.46.13.126 - - [21/Dec/2023:06:27:20 -0500] "GET /BLA/resoluciones/RESOLUCIONES%202023/2768.pdf HTTP/1.1" 200 1189594
207.46.13.141 - - [21/Dec/2023:06:27:24 -0500] "GET /BLA/resoluciones/AUTOS%202023/3876.pdf HTTP/1.1" 200 480529
201.245.192.253 - - [21/Dec/2023:06:27:25 -0500] "POST /forms/lservlet;jsessionid=ac16012b30d65f92fa67ce9340589b498a1304d31ae2.e3iSbxaKaheRe34Qc38TbN0Nb41ynknvrkLOlQzNp65In0 HTTP/1.1" 200 2
156.59.198.136 - - [21/Dec/2023:06:27:32 -0500] "GET /BLA/resoluciones/Notificaciones/AUTOS%202014/6220.doc HTTP/1.0" 200 181760
156.59.198.136 - - [21/Dec/2023:06:27:57 -0500] "GET /BLA/resoluciones/AUTOS%202014/2041.pdf HTTP/1.0" 200 312290
201.245.192.253 - - [21/Dec/2023:06:28:10 -0500] "POST /forms/lservlet;jsessionid=ac16012b30d648d4d7e95c6a498d8fc6bd063871f06c.e3iSbxaKaheRe34Qc38TbN0Nb41ynknvrkLOlQzNp65In0 HTTP/1.1" 200 2
201.245.192.253 - - [21/Dec/2023:06:28:08 -0500] "POST /kwsrmcab/Wsrmcab  HTTP/1.1" 200 40220
156.59.198.135 - - [21/Dec/2023:06:28:21 -0500] "GET /BLA/resoluciones/RESOLUCIONES%202010/0194.pdf HTTP/1.0" 200 512317
156.59.198.135 - - [21/Dec/2023:06:28:45 -0500] "GET /BLA/resoluciones/Notificaciones/AUTOS%202014/1684.doc HTTP/1.0" 200 231424
156.59.198.136 - - [21/Dec/2023:06:29:09 -0500] "GET /BLA/resoluciones/AUTOS%202014/2483.pdf HTTP/1.0" 200 272091
190.145.240.152 - - [21/Dec/2023:06:29:14 -0500] "GET /sipse/faces/index.xhtml HTTP/1.1" 200 677
190.145.240.152 - - [21/Dec/2023:06:29:14 -0500] "GET /sipse/faces/javax.faces.resource/theme.css?ln=primefaces-sipse HTTP/1.1" 304 -
190.145.240.152 - - [21/Dec/2023:06:29:14 -0500] "GET /sipse/faces/faces/autenticacion.xhtml HTTP/1.1" 200 12174
190.145.240.152 - - [21/Dec/2023:06:29:14 -0500] "GET /sipse/js/disable_browser_buttons.js HTTP/1.1" 200 3230
190.145.240.152 - - [21/Dec/2023:06:29:14 -0500] "GET /sipse/css/custom_css_sg_prime_login.css HTTP/1.1" 200 443
190.145.240.152 - - [21/Dec/2023:06:29:14 -0500] "GET /sipse/css/custom_css_sg.css HTTP/1.1" 200 9694
190.145.240.152 - - [21/Dec/2023:06:29:14 -0500] "GET /sipse/faces/javax.faces.resource/theme.css?ln=primefaces-sipse HTTP/1.1" 304 -
190.145.240.152 - - [21/Dec/2023:06:29:14 -0500] "GET /sipse/faces/javax.faces.resource/primefaces.css?ln=primefaces&v=4.0 HTTP/1.1" 304 -
190.145.240.152 - - [21/Dec/2023:06:29:14 -0500] "GET /sipse/faces/javax.faces.resource/layout/layout.css?ln=primefaces&v=4.0 HTTP/1.1" 304 -
190.145.240.152 - - [21/Dec/2023:06:29:14 -0500] "GET /sipse/js/funciones.js HTTP/1.1" 200 12592
190.145.240.152 - - [21/Dec/2023:06:29:14 -0500] "GET /sipse/faces/javax.faces.resource/primefaces.js?ln=primefaces&v=4.0 HTTP/1.1" 304 -
190.145.240.152 - - [21/Dec/2023:06:29:14 -0500] "GET /sipse/faces/javax.faces.resource/layout/layout.js?ln=primefaces&v=4.0 HTTP/1.1" 304 -
190.145.240.152 - - [21/Dec/2023:06:29:14 -0500] "GET /sipse/faces/javax.faces.resource/jquery/jquery-plugins.js?ln=primefaces&v=4.0 HTTP/1.1" 304 -
190.145.240.152 - - [21/Dec/2023:06:29:14 -0500] "GET /sipse/faces/javax.faces.resource/jquery/jquery.js?ln=primefaces&v=4.0 HTTP/1.1" 304 -
190.145.240.152 - - [21/Dec/2023:06:29:14 -0500] "GET /sipse/faces/javax.faces.resource/images/ui-icons_898989_256x240.png?ln=primefaces-aristo HTTP/1.1" 304 -
190.145.240.152 - - [21/Dec/2023:06:29:14 -0500] "GET /sipse/css/imagen/loginimg.png HTTP/1.1" 200 71635
190.145.240.152 - - [21/Dec/2023:06:29:14 -0500] "GET /sipse/css/imagen/logoSDG.png HTTP/1.1" 200 53064
190.145.240.152 - - [21/Dec/2023:06:29:18 -0500] "POST /sipse/faces/autenticacion.xhtml HTTP/1.1" 200 16784
190.145.240.152 - - [21/Dec/2023:06:29:18 -0500] "GET /sipse/css/custom_css_sg_prime.css HTTP/1.1" 200 5201
190.145.240.152 - - [21/Dec/2023:06:29:18 -0500] "GET /sipse/faces/javax.faces.resource/theme.css?ln=primefaces-sipse HTTP/1.1" 304 -
190.145.240.152 - - [21/Dec/2023:06:29:18 -0500] "GET /sipse/faces/javax.faces.resource/primefaces.css?ln=primefaces&v=4.0 HTTP/1.1" 304 -
190.145.240.152 - - [21/Dec/2023:06:29:18 -0500] "GET /sipse/faces/javax.faces.resource/layout/layout.css?ln=primefaces&v=4.0 HTTP/1.1" 304 -
190.145.240.152 - - [21/Dec/2023:06:29:18 -0500] "GET /sipse/js/jquery.min.js HTTP/1.1" 200 85582
190.145.240.152 - - [21/Dec/2023:06:29:18 -0500] "GET /sipse/faces/javax.faces.resource/jquery/jquery.js?ln=primefaces&v=4.0 HTTP/1.1" 304 -
190.145.240.152 - - [21/Dec/2023:06:29:18 -0500] "GET /sipse/faces/javax.faces.resource/jquery/jquery-plugins.js?ln=primefaces&v=4.0 HTTP/1.1" 304 -
190.145.240.152 - - [21/Dec/2023:06:29:18 -0500] "GET /sipse/faces/javax.faces.resource/primefaces.js?ln=primefaces&v=4.0 HTTP/1.1" 304 -
190.145.240.152 - - [21/Dec/2023:06:29:18 -0500] "GET /sipse/faces/javax.faces.resource/layout/layout.js?ln=primefaces&v=4.0 HTTP/1.1" 304 -
190.145.240.152 - - [21/Dec/2023:06:29:18 -0500] "GET /sipse/css/v_mergente.css HTTP/1.1" 200 1505
190.145.240.152 - - [21/Dec/2023:06:29:18 -0500] "GET /sipse/css/imagen/contrasena.png HTTP/1.1" 404 383
190.145.240.152 - - [21/Dec/2023:06:29:18 -0500] "GET /sipse/faces/javax.faces.resource/messages/messages.png?ln=primefaces&v=4.0 HTTP/1.1" 304 -
190.145.240.152 - - [21/Dec/2023:06:29:18 -0500] "GET /sipse/imagenes/cargando.gif HTTP/1.1" 200 36959
190.145.240.152 - - [21/Dec/2023:06:29:18 -0500] "GET /sipse/imagenes/logoAplicacion.jpg HTTP/1.1" 200 155084
190.145.240.152 - - [21/Dec/2023:06:29:20 -0500] "GET /sipse/faces/javax.faces.resource/images/ui-bg_flat_0_2d5972_40x100.png?ln=primefaces-aristo HTTP/1.1" 304 -
190.145.240.152 - - [21/Dec/2023:06:29:20 -0500] "POST /sipse/faces/bienvenido.xhtml HTTP/1.1" 200 1471
190.145.240.152 - - [21/Dec/2023:06:29:21 -0500] "POST /sipse/faces/bienvenido.xhtml HTTP/1.1" 200 37955
190.145.240.152 - - [21/Dec/2023:06:29:21 -0500] "GET /sipse/faces/javax.faces.resource/theme.css?ln=primefaces-sipse HTTP/1.1" 304 -
190.145.240.152 - - [21/Dec/2023:06:29:21 -0500] "GET /sipse/faces/javax.faces.resource/primefaces.css?ln=primefaces&v=4.0 HTTP/1.1" 304 -
190.145.240.152 - - [21/Dec/2023:06:29:21 -0500] "GET /sipse/faces/javax.faces.resource/layout/layout.css?ln=primefaces&v=4.0 HTTP/1.1" 304 -
190.145.240.152 - - [21/Dec/2023:06:29:21 -0500] "GET /sipse/faces/javax.faces.resource/jquery/jquery.js?ln=primefaces&v=4.0 HTTP/1.1" 304 -
190.145.240.152 - - [21/Dec/2023:06:29:21 -0500] "GET /sipse/faces/javax.faces.resource/jquery/jquery-plugins.js?ln=primefaces&v=4.0 HTTP/1.1" 304 -
190.145.240.152 - - [21/Dec/2023:06:29:22 -0500] "GET /sipse/faces/javax.faces.resource/primefaces.js?ln=primefaces&v=4.0 HTTP/1.1" 304 -
190.145.240.152 - - [21/Dec/2023:06:29:22 -0500] "GET /sipse/faces/javax.faces.resource/layout/layout.js?ln=primefaces&v=4.0 HTTP/1.1" 304 -
190.145.240.152 - - [21/Dec/2023:06:29:22 -0500] "POST /sipse/faces/presentacion/financiero/solicitudProceso/listarSolicitudProceso.xhtml HTTP/1.1" 200 1420
201.245.192.253 - - [21/Dec/2023:06:29:25 -0500] "POST /forms/lservlet;jsessionid=ac16012b30d65f92fa67ce9340589b498a1304d31ae2.e3iSbxaKaheRe34Qc38TbN0Nb41ynknvrkLOlQzNp65In0 HTTP/1.1" 200 2
156.59.198.136 - - [21/Dec/2023:06:29:33 -0500] "GET /BLA/resoluciones/Notificaciones/AUTOS%202017/02384.pdf HTTP/1.0" 200 271095
156.59.198.135 - - [21/Dec/2023:06:29:58 -0500] "GET /BLA/resoluciones/Notificaciones/AUTOS%202014/1683.doc HTTP/1.0" 200 230912
216.245.221.92 - - [21/Dec/2023:06:30:10 -0500] "HEAD / HTTP/1.1" 200 -
201.245.192.253 - - [21/Dec/2023:06:30:10 -0500] "POST /forms/lservlet;jsessionid=ac16012b30d648d4d7e95c6a498d8fc6bd063871f06c.e3iSbxaKaheRe34Qc38TbN0Nb41ynknvrkLOlQzNp65In0 HTTP/1.1" 200 2
156.59.198.136 - - [21/Dec/2023:06:30:22 -0500] "GET /BLA/resoluciones/RESOLUCIONES%202010/0011.pdf HTTP/1.0" 200 502895
172.22.2.4 - - [21/Dec/2023:06:28:44 -0500] "HEAD /BLA/boletinlegal/ HTTP/1.1" 200 -
201.245.192.253 - - [21/Dec/2023:06:30:28 -0500] "POST /kwsrmcab/Wsrmcab HTTP/1.1" 200 40701
201.245.192.253 - - [21/Dec/2023:06:30:32 -0500] "POST /kwsrmcab/Wsrmcab HTTP/1.1" 200 36682
156.59.198.136 - - [21/Dec/2023:06:30:46 -0500] "GET /BLA/resoluciones/AUTOS%202023/4221.pdf HTTP/1.0" 200 404000
66.249.66.21 - - [21/Dec/2023:06:31:09 -0500] "GET /resoluciones/RESOLUCIONES%202008/2836.pdf HTTP/1.1" 404 1018
156.59.198.135 - - [21/Dec/2023:06:31:11 -0500] "GET /BLA/resoluciones/Notificaciones/AUTOS%202017/4565.pdf HTTP/1.0" 200 261023
172.22.2.4 - - [21/Dec/2023:06:29:35 -0500] "GET /BLA/boletinlegal/ HTTP/1.1" 200 58969
201.245.192.253 - - [21/Dec/2023:06:31:25 -0500] "POST /forms/lservlet;jsessionid=ac16012b30d65f92fa67ce9340589b498a1304d31ae2.e3iSbxaKaheRe34Qc38TbN0Nb41ynknvrkLOlQzNp65In0 HTTP/1.1" 200 2
156.59.198.136 - - [21/Dec/2023:06:31:34 -0500] "GET /BLA/resoluciones/AUTOS%202023/7545.pdf HTTP/1.0" 200 415528
156.59.198.136 - - [21/Dec/2023:06:32:00 -0500] "GET /BLA/resoluciones/Notificaciones/AUTOS%202014/4891.doc HTTP/1.0" 200 98816
201.245.192.253 - - [21/Dec/2023:06:32:10 -0500] "POST /forms/lservlet;jsessionid=ac16012b30d648d4d7e95c6a498d8fc6bd063871f06c.e3iSbxaKaheRe34Qc38TbN0Nb41ynknvrkLOlQzNp65In0 HTTP/1.1" 200 2
173.252.87.9 - - [21/Dec/2023:06:32:17 -0500] "GET /68-de-ejecucion-lleva-el-plan-de-accion-para-las-familias-de-bogota-que-va-del-2021-al-2025.html HTTP/1.1" 200 811
173.252.87.9 - - [21/Dec/2023:06:32:17 -0500] "GET /68-de-ejecucion-lleva-el-plan-de-accion-para-las-familias-de-bogota-que-va-del-2021-al-2025.html HTTP/1.1" 200 811
156.59.198.136 - - [21/Dec/2023:06:32:23 -0500] "GET /BLA/resoluciones/RESOLUCIONES%202010/0958.pdf HTTP/1.0" 200 434247
156.59.198.136 - - [21/Dec/2023:06:32:48 -0500] "GET /BLA/resoluciones/AUTOS%202020/0776.pdf HTTP/1.0" 200 383593
201.245.192.253 - - [21/Dec/2023:06:33:06 -0500] "POST /kwsrmcab/Wsrmcab  HTTP/1.1" 200 40220
156.59.198.135 - - [21/Dec/2023:06:33:13 -0500] "GET /BLA/resoluciones/AUTOS%202020/3125.pdf HTTP/1.0" 200 363105
201.245.192.253 - - [21/Dec/2023:06:33:25 -0500] "POST /forms/lservlet;jsessionid=ac16012b30d65f92fa67ce9340589b498a1304d31ae2.e3iSbxaKaheRe34Qc38TbN0Nb41ynknvrkLOlQzNp65In0 HTTP/1.1" 200 2
156.59.198.135 - - [21/Dec/2023:06:33:37 -0500] "GET /BLA/resoluciones/AUTOS%202014/5845.pdf HTTP/1.0" 200 469877
156.59.198.136 - - [21/Dec/2023:06:34:01 -0500] "GET /BLA/resoluciones/RESOLUCIONES%202018/2815.pdf HTTP/1.0" 200 2883275
201.245.192.253 - - [21/Dec/2023:06:34:10 -0500] "POST /forms/lservlet;jsessionid=ac16012b30d648d4d7e95c6a498d8fc6bd063871f06c.e3iSbxaKaheRe34Qc38TbN0Nb41ynknvrkLOlQzNp65In0 HTTP/1.1" 200 2
190.145.240.152 - - [21/Dec/2023:06:34:13 -0500] "POST /sipse/faces/presentacion/financiero/solicitudProceso/listarSolicitudProceso.xhtml HTTP/1.1" 200 112292
190.145.240.152 - - [21/Dec/2023:06:34:14 -0500] "GET /sipse/faces/javax.faces.resource/theme.css?ln=primefaces-sipse HTTP/1.1" 304 -
190.145.240.152 - - [21/Dec/2023:06:34:14 -0500] "GET /sipse/faces/javax.faces.resource/layout/layout.css?ln=primefaces&v=4.0 HTTP/1.1" 304 -
190.145.240.152 - - [21/Dec/2023:06:34:14 -0500] "GET /sipse/faces/javax.faces.resource/primefaces.css?ln=primefaces&v=4.0 HTTP/1.1" 304 -
190.145.240.152 - - [21/Dec/2023:06:34:14 -0500] "GET /sipse/css/imagen/contrasena.png HTTP/1.1" 404 383
190.145.240.152 - - [21/Dec/2023:06:34:14 -0500] "GET /sipse/faces/javax.faces.resource/jquery/jquery.js?ln=primefaces&v=4.0 HTTP/1.1" 304 -
190.145.240.152 - - [21/Dec/2023:06:34:14 -0500] "GET /sipse/faces/javax.faces.resource/jquery/jquery-plugins.js?ln=primefaces&v=4.0 HTTP/1.1" 304 -
190.145.240.152 - - [21/Dec/2023:06:34:14 -0500] "GET /sipse/faces/javax.faces.resource/primefaces.js?ln=primefaces&v=4.0 HTTP/1.1" 304 -
190.145.240.152 - - [21/Dec/2023:06:34:14 -0500] "GET /sipse/faces/javax.faces.resource/layout/layout.js?ln=primefaces&v=4.0 HTTP/1.1" 304 -
190.145.240.152 - - [21/Dec/2023:06:34:14 -0500] "GET /sipse/faces/javax.faces.resource/dynamiccontent.properties?ln=primefaces&pfdrid=XjOR5%2F%2FfPAZAuY9TpWQeCiM0BhlXxYRBGKi%2FQcXXfeA%3D&pfdrid_c=false HTTP/1.1" 500 383
190.145.240.152 - - [21/Dec/2023:06:34:18 -0500] "POST /sipse/faces/presentacion/financiero/solicitudProceso/consultarSolicitudProceso.xhtml HTTP/1.1" 200 260338
216.244.66.195 - - [21/Dec/2023:06:34:20 -0500] "GET /BLA/resoluciones/AUTOS%202023/3169.pdf HTTP/1.1" 200 788422
156.59.198.136 - - [21/Dec/2023:06:34:26 -0500] "GET /BLA/resoluciones/RESOLUCIONES%202008/4055.pdf HTTP/1.0" 200 356163
216.244.66.195 - - [21/Dec/2023:06:34:28 -0500] "GET /BLA/resoluciones/AUTOS%202023/3688.pdf HTTP/1.1" 200 465630
216.244.66.195 - - [21/Dec/2023:06:34:35 -0500] "GET /BLA/resoluciones/RESOLUCIONES%202022/5353.pdf HTTP/1.1" 200 531660
190.145.240.152 - - [21/Dec/2023:06:34:38 -0500] "POST /sipse/faces/presentacion/financiero/solicitudProceso/consultarSolicitudProceso.xhtml HTTP/1.1" 200 30198
190.145.240.152 - - [21/Dec/2023:06:34:38 -0500] "GET /sipse/faces/javax.faces.resource/theme.css?ln=primefaces-sipse HTTP/1.1" 304 -
190.145.240.152 - - [21/Dec/2023:06:34:38 -0500] "GET /sipse/faces/javax.faces.resource/primefaces.css?ln=primefaces&v=4.0 HTTP/1.1" 304 -
190.145.240.152 - - [21/Dec/2023:06:34:38 -0500] "GET /sipse/faces/javax.faces.resource/layout/layout.css?ln=primefaces&v=4.0 HTTP/1.1" 304 -
190.145.240.152 - - [21/Dec/2023:06:34:38 -0500] "GET /sipse/faces/javax.faces.resource/jquery/jquery.js?ln=primefaces&v=4.0 HTTP/1.1" 304 -
190.145.240.152 - - [21/Dec/2023:06:34:38 -0500] "GET /sipse/faces/javax.faces.resource/jquery/jquery-plugins.js?ln=primefaces&v=4.0 HTTP/1.1" 304 -
190.145.240.152 - - [21/Dec/2023:06:34:38 -0500] "GET /sipse/faces/javax.faces.resource/primefaces.js?ln=primefaces&v=4.0 HTTP/1.1" 304 -
190.145.240.152 - - [21/Dec/2023:06:34:38 -0500] "GET /sipse/faces/javax.faces.resource/layout/layout.js?ln=primefaces&v=4.0 HTTP/1.1" 304 -
190.145.240.152 - - [21/Dec/2023:06:34:38 -0500] "GET /sipse/css/imagen/contrasena.png HTTP/1.1" 404 383
190.145.240.152 - - [21/Dec/2023:06:34:42 -0500] "POST /sipse/faces/presentacion/financiero/solicitudProceso/asignarContratacion.xhtml HTTP/1.1" 200 35389
190.145.240.152 - - [21/Dec/2023:06:34:44 -0500] "GET /sipse/faces/javax.faces.resource/theme.css?ln=primefaces-sipse HTTP/1.1" 304 -
190.145.240.152 - - [21/Dec/2023:06:34:44 -0500] "GET /sipse/faces/javax.faces.resource/primefaces.css?ln=primefaces&v=4.0 HTTP/1.1" 304 -
190.145.240.152 - - [21/Dec/2023:06:34:44 -0500] "GET /sipse/faces/javax.faces.resource/layout/layout.css?ln=primefaces&v=4.0 HTTP/1.1" 304 -
190.145.240.152 - - [21/Dec/2023:06:34:44 -0500] "GET /sipse/faces/javax.faces.resource/jquery/jquery.js?ln=primefaces&v=4.0 HTTP/1.1" 304 -
190.145.240.152 - - [21/Dec/2023:06:34:44 -0500] "GET /sipse/faces/javax.faces.resource/jquery/jquery-plugins.js?ln=primefaces&v=4.0 HTTP/1.1" 304 -
190.145.240.152 - - [21/Dec/2023:06:34:44 -0500] "GET /sipse/faces/javax.faces.resource/primefaces.js?ln=primefaces&v=4.0 HTTP/1.1" 304 -
190.145.240.152 - - [21/Dec/2023:06:34:44 -0500] "GET /sipse/faces/javax.faces.resource/layout/layout.js?ln=primefaces&v=4.0 HTTP/1.1" 304 -
190.145.240.152 - - [21/Dec/2023:06:34:44 -0500] "GET /sipse/css/imagen/contrasena.png HTTP/1.1" 404 383
190.145.240.152 - - [21/Dec/2023:06:34:44 -0500] "GET /sipse/faces/javax.faces.resource/messages/messages.png?ln=primefaces&v=4.0 HTTP/1.1" 304 -
190.145.240.152 - - [21/Dec/2023:06:34:44 -0500] "POST /sipse/faces/presentacion/financiero/solicitudProceso/listarSolicitudProceso.xhtml HTTP/1.1" 200 1400
190.145.240.152 - - [21/Dec/2023:06:34:46 -0500] "POST /sipse/faces/presentacion/financiero/solicitudProceso/listarSolicitudProceso.xhtml HTTP/1.1" 200 135800
190.145.240.152 - - [21/Dec/2023:06:34:47 -0500] "GET /sipse/faces/javax.faces.resource/theme.css?ln=primefaces-sipse HTTP/1.1" 304 -
190.145.240.152 - - [21/Dec/2023:06:34:47 -0500] "GET /sipse/faces/javax.faces.resource/layout/layout.css?ln=primefaces&v=4.0 HTTP/1.1" 304 -
190.145.240.152 - - [21/Dec/2023:06:34:47 -0500] "GET /sipse/faces/javax.faces.resource/primefaces.css?ln=primefaces&v=4.0 HTTP/1.1" 304 -
190.145.240.152 - - [21/Dec/2023:06:34:47 -0500] "GET /sipse/faces/javax.faces.resource/jquery/jquery.js?ln=primefaces&v=4.0 HTTP/1.1" 304 -
190.145.240.152 - - [21/Dec/2023:06:34:47 -0500] "GET /sipse/faces/javax.faces.resource/jquery/jquery-plugins.js?ln=primefaces&v=4.0 HTTP/1.1" 304 -
190.145.240.152 - - [21/Dec/2023:06:34:47 -0500] "GET /sipse/faces/javax.faces.resource/primefaces.js?ln=primefaces&v=4.0 HTTP/1.1" 304 -
190.145.240.152 - - [21/Dec/2023:06:34:47 -0500] "GET /sipse/faces/javax.faces.resource/layout/layout.js?ln=primefaces&v=4.0 HTTP/1.1" 304 -
190.145.240.152 - - [21/Dec/2023:06:34:48 -0500] "GET /sipse/faces/javax.faces.resource/dynamiccontent.properties?ln=primefaces&pfdrid=XjOR5%2F%2FfPAZAuY9TpWQeCiM0BhlXxYRBGKi%2FQcXXfeA%3D&pfdrid_c=false HTTP/1.1" 500 383
156.59.198.136 - - [21/Dec/2023:06:34:50 -0500] "GET /BLA/resoluciones/RESOLUCIONES%202008/4830.pdf HTTP/1.0" 200 25371
190.145.240.152 - - [21/Dec/2023:06:34:59 -0500] "POST /sipse/faces/presentacion/financiero/solicitudProceso/consultarSolicitudProceso.xhtml HTTP/1.1" 200 30263
190.145.240.152 - - [21/Dec/2023:06:34:59 -0500] "GET /sipse/faces/javax.faces.resource/theme.css?ln=primefaces-sipse HTTP/1.1" 304 -
190.145.240.152 - - [21/Dec/2023:06:34:59 -0500] "GET /sipse/faces/javax.faces.resource/primefaces.css?ln=primefaces&v=4.0 HTTP/1.1" 304 -
190.145.240.152 - - [21/Dec/2023:06:34:59 -0500] "GET /sipse/faces/javax.faces.resource/layout/layout.css?ln=primefaces&v=4.0 HTTP/1.1" 304 -
190.145.240.152 - - [21/Dec/2023:06:34:59 -0500] "GET /sipse/faces/javax.faces.resource/jquery/jquery.js?ln=primefaces&v=4.0 HTTP/1.1" 304 -
190.145.240.152 - - [21/Dec/2023:06:34:59 -0500] "GET /sipse/faces/javax.faces.resource/jquery/jquery-plugins.js?ln=primefaces&v=4.0 HTTP/1.1" 304 -
190.145.240.152 - - [21/Dec/2023:06:34:59 -0500] "GET /sipse/faces/javax.faces.resource/primefaces.js?ln=primefaces&v=4.0 HTTP/1.1" 304 -
190.145.240.152 - - [21/Dec/2023:06:34:59 -0500] "GET /sipse/faces/javax.faces.resource/layout/layout.js?ln=primefaces&v=4.0 HTTP/1.1" 304 -
190.145.240.152 - - [21/Dec/2023:06:35:03 -0500] "POST /sipse/faces/presentacion/financiero/solicitudProceso/asignarContratacion.xhtml HTTP/1.1" 200 32335
190.145.240.152 - - [21/Dec/2023:06:35:05 -0500] "GET /sipse/faces/javax.faces.resource/theme.css?ln=primefaces-sipse HTTP/1.1" 304 -
190.145.240.152 - - [21/Dec/2023:06:35:05 -0500] "GET /sipse/faces/javax.faces.resource/primefaces.css?ln=primefaces&v=4.0 HTTP/1.1" 304 -
190.145.240.152 - - [21/Dec/2023:06:35:05 -0500] "GET /sipse/faces/javax.faces.resource/layout/layout.css?ln=primefaces&v=4.0 HTTP/1.1" 304 -
190.145.240.152 - - [21/Dec/2023:06:35:05 -0500] "GET /sipse/faces/javax.faces.resource/jquery/jquery.js?ln=primefaces&v=4.0 HTTP/1.1" 304 -
190.145.240.152 - - [21/Dec/2023:06:35:05 -0500] "GET /sipse/faces/javax.faces.resource/jquery/jquery-plugins.js?ln=primefaces&v=4.0 HTTP/1.1" 304 -
190.145.240.152 - - [21/Dec/2023:06:35:05 -0500] "GET /sipse/faces/javax.faces.resource/primefaces.js?ln=primefaces&v=4.0 HTTP/1.1" 304 -
190.145.240.152 - - [21/Dec/2023:06:35:05 -0500] "GET /sipse/faces/javax.faces.resource/layout/layout.js?ln=primefaces&v=4.0 HTTP/1.1" 304 -
190.145.240.152 - - [21/Dec/2023:06:35:05 -0500] "POST /sipse/faces/presentacion/financiero/solicitudProceso/listarSolicitudProceso.xhtml HTTP/1.1" 200 1376
216.245.221.92 - - [21/Dec/2023:06:35:10 -0500] "HEAD / HTTP/1.1" 200 -
156.59.198.135 - - [21/Dec/2023:06:35:14 -0500] "GET /BLA/resoluciones/AUTOS%202023/3360.pdf HTTP/1.0" 200 1569833
207.46.13.64 - - [21/Dec/2023:06:35:14 -0500] "GET /BLA/resoluciones/index.php?dir=Notificaciones%2FRESOLUCIONES+2023%2F HTTP/1.1" 200 41404
201.245.192.253 - - [21/Dec/2023:06:35:25 -0500] "POST /forms/lservlet;jsessionid=ac16012b30d65f92fa67ce9340589b498a1304d31ae2.e3iSbxaKaheRe34Qc38TbN0Nb41ynknvrkLOlQzNp65In0 HTTP/1.1" 200 2
156.59.198.136 - - [21/Dec/2023:06:35:40 -0500] "GET /BLA/resoluciones/Notificaciones/AUTOS%202017/2296.pdf HTTP/1.0" 200 318971
156.59.198.136 - - [21/Dec/2023:06:36:04 -0500] "GET /BLA/resoluciones/AUTOS%202023/2544.pdf HTTP/1.0" 200 1020796
201.245.192.253 - - [21/Dec/2023:06:36:10 -0500] "POST /forms/lservlet;jsessionid=ac16012b30d648d4d7e95c6a498d8fc6bd063871f06c.e3iSbxaKaheRe34Qc38TbN0Nb41ynknvrkLOlQzNp65In0 HTTP/1.1" 200 2
172.22.2.4 - - [21/Dec/2023:06:34:34 -0500] "HEAD /BLA/boletinlegal/ HTTP/1.1" 200 -
216.244.66.195 - - [21/Dec/2023:06:36:22 -0500] "GET /BLA/resoluciones/RESOLUCIONES%202019/2303.pdf HTTP/1.1" 200 1787940
156.59.198.136 - - [21/Dec/2023:06:36:28 -0500] "GET /BLA/resoluciones/RESOLUCIONES%202018/1614.pdf HTTP/1.0" 200 8938388
201.245.192.253 - - [21/Dec/2023:06:36:31 -0500] "POST /kwsrmcab/Wsrmcab HTTP/1.1" 200 40701
201.245.192.253 - - [21/Dec/2023:06:36:34 -0500] "POST /kwsrmcab/Wsrmcab HTTP/1.1" 200 36682
216.244.66.195 - - [21/Dec/2023:06:36:37 -0500] "GET /BLA/resoluciones/RESOLUCIONES%202019/2614.pdf HTTP/1.1" 200 337729
216.244.66.195 - - [21/Dec/2023:06:36:47 -0500] "GET /BLA/resoluciones/RESOLUCIONES%202019/2866.pdf HTTP/1.1" 200 359064
156.59.198.136 - - [21/Dec/2023:06:36:53 -0500] "GET /BLA/resoluciones/RESOLUCIONES%202018/0824.pdf HTTP/1.0" 200 225063
172.22.2.4 - - [21/Dec/2023:06:35:25 -0500] "GET /BLA/boletinlegal/ HTTP/1.1" 200 58567
156.59.198.136 - - [21/Dec/2023:06:37:17 -0500] "GET /BLA/resoluciones/Notificaciones/AUTOS%202014/6815.doc HTTP/1.0" 200 811520
201.245.192.253 - - [21/Dec/2023:06:37:25 -0500] "POST /forms/lservlet;jsessionid=ac16012b30d65f92fa67ce9340589b498a1304d31ae2.e3iSbxaKaheRe34Qc38TbN0Nb41ynknvrkLOlQzNp65In0 HTTP/1.1" 200 2
186.29.33.218 - - [21/Dec/2023:06:37:32 -0500] "POST /sipse/faces/presentacion/financiero/solicitudProceso/listarSolicitudProceso.xhtml HTTP/1.1" 200 59041
186.29.33.218 - - [21/Dec/2023:06:37:32 -0500] "GET /sipse/faces/javax.faces.resource/jquery/jquery.js?ln=primefaces&v=4.0 HTTP/1.1" 304 -
186.29.33.218 - - [21/Dec/2023:06:37:32 -0500] "GET /sipse/faces/javax.faces.resource/jquery/jquery-plugins.js?ln=primefaces&v=4.0 HTTP/1.1" 304 -
186.29.33.218 - - [21/Dec/2023:06:37:32 -0500] "GET /sipse/faces/javax.faces.resource/primefaces.js?ln=primefaces&v=4.0 HTTP/1.1" 304 -
186.29.33.218 - - [21/Dec/2023:06:37:33 -0500] "GET /sipse/faces/javax.faces.resource/layout/layout.js?ln=primefaces&v=4.0 HTTP/1.1" 304 -
186.29.33.218 - - [21/Dec/2023:06:37:36 -0500] "POST /sipse/faces/presentacion/financiero/solicitudProceso/crearModificarSolicitudProceso.xhtml HTTP/1.1" 200 27325
156.59.198.135 - - [21/Dec/2023:06:37:41 -0500] "GET /BLA/resoluciones/AUTOS%202023/0096.pdf HTTP/1.0" 200 453399
186.29.33.218 - - [21/Dec/2023:06:38:04 -0500] "POST /sipse/faces/presentacion/financiero/solicitudProceso/crearModificarSolicitudProceso.xhtml HTTP/1.1" 200 9394
156.59.198.136 - - [21/Dec/2023:06:38:05 -0500] "GET /BLA/resoluciones/AUTOS%202014/7193.pdf HTTP/1.0" 200 212118
201.245.192.253 - - [21/Dec/2023:06:38:04 -0500] "POST /kwsrmcab/Wsrmcab  HTTP/1.1" 200 40220
201.245.192.253 - - [21/Dec/2023:06:38:10 -0500] "POST /forms/lservlet;jsessionid=ac16012b30d648d4d7e95c6a498d8fc6bd063871f06c.e3iSbxaKaheRe34Qc38TbN0Nb41ynknvrkLOlQzNp65In0 HTTP/1.1" 200 2
156.59.198.136 - - [21/Dec/2023:06:38:29 -0500] "GET /BLA/resoluciones/AUTOS%202023/0925.pdf HTTP/1.0" 200 1195680
156.59.198.135 - - [21/Dec/2023:06:38:53 -0500] "GET /BLA/resoluciones/AUTOS%202012/0113.pdf HTTP/1.0" 200 290158
186.29.33.218 - - [21/Dec/2023:06:38:55 -0500] "POST /sipse/faces/presentacion/financiero/solicitudProceso/crearModificarSolicitudProceso.xhtml HTTP/1.1" 200 24593
186.29.33.218 - - [21/Dec/2023:06:38:55 -0500] "GET /sipse/faces/javax.faces.resource/theme.css?ln=primefaces-sipse HTTP/1.1" 304 -
186.29.33.218 - - [21/Dec/2023:06:38:55 -0500] "GET /sipse/faces/javax.faces.resource/primefaces.css?ln=primefaces&v=4.0 HTTP/1.1" 304 -
186.29.33.218 - - [21/Dec/2023:06:38:55 -0500] "GET /sipse/faces/javax.faces.resource/layout/layout.css?ln=primefaces&v=4.0 HTTP/1.1" 304 -
186.29.33.218 - - [21/Dec/2023:06:38:55 -0500] "GET /sipse/faces/javax.faces.resource/jquery/jquery.js?ln=primefaces&v=4.0 HTTP/1.1" 304 -
186.29.33.218 - - [21/Dec/2023:06:38:55 -0500] "GET /sipse/faces/javax.faces.resource/jquery/jquery-plugins.js?ln=primefaces&v=4.0 HTTP/1.1" 304 -
186.29.33.218 - - [21/Dec/2023:06:38:55 -0500] "GET /sipse/faces/javax.faces.resource/primefaces.js?ln=primefaces&v=4.0 HTTP/1.1" 304 -
186.29.33.218 - - [21/Dec/2023:06:38:55 -0500] "GET /sipse/faces/javax.faces.resource/layout/layout.js?ln=primefaces&v=4.0 HTTP/1.1" 304 -
186.29.33.218 - - [21/Dec/2023:06:38:55 -0500] "GET /sipse/faces/javax.faces.resource/images/ui-icons_898989_256x240.png?ln=primefaces-aristo HTTP/1.1" 200 5355
186.29.33.218 - - [21/Dec/2023:06:39:01 -0500] "GET /sipse/faces/javax.faces.resource/images/ui-bg_flat_0_2d5972_40x100.png?ln=primefaces-aristo HTTP/1.1" 304 -
186.29.33.218 - - [21/Dec/2023:06:39:01 -0500] "POST /sipse/faces/presentacion/financiero/solicitudProyectoActividad/asociarProyectoSolicitud.xhtml HTTP/1.1" 200 6563
186.29.33.218 - - [21/Dec/2023:06:39:03 -0500] "POST /sipse/faces/presentacion/financiero/solicitudProyectoActividad/asociarProyectoSolicitud.xhtml HTTP/1.1" 200 1696
186.29.33.218 - - [21/Dec/2023:06:39:04 -0500] "POST /sipse/faces/presentacion/financiero/solicitudProyectoActividad/asociarProyectoSolicitud.xhtml HTTP/1.1" 200 28498
186.29.33.218 - - [21/Dec/2023:06:39:04 -0500] "GET /sipse/faces/javax.faces.resource/jquery/jquery.js?ln=primefaces&v=4.0 HTTP/1.1" 304 -
186.29.33.218 - - [21/Dec/2023:06:39:04 -0500] "GET /sipse/faces/javax.faces.resource/jquery/jquery-plugins.js?ln=primefaces&v=4.0 HTTP/1.1" 304 -
186.29.33.218 - - [21/Dec/2023:06:39:04 -0500] "GET /sipse/faces/javax.faces.resource/primefaces.js?ln=primefaces&v=4.0 HTTP/1.1" 304 -
186.29.33.218 - - [21/Dec/2023:06:39:04 -0500] "GET /sipse/faces/javax.faces.resource/layout/layout.js?ln=primefaces&v=4.0 HTTP/1.1" 304 -
186.29.33.218 - - [21/Dec/2023:06:39:12 -0500] "POST /sipse/faces/presentacion/financiero/solicitudProyectoActividad/asociarActividadSolicitud.xhtml HTTP/1.1" 200 19987
186.29.33.218 - - [21/Dec/2023:06:39:12 -0500] "GET /sipse/faces/javax.faces.resource/jquery/jquery.js?ln=primefaces&v=4.0 HTTP/1.1" 304 -
186.29.33.218 - - [21/Dec/2023:06:39:12 -0500] "GET /sipse/faces/javax.faces.resource/jquery/jquery-plugins.js?ln=primefaces&v=4.0 HTTP/1.1" 304 -
186.29.33.218 - - [21/Dec/2023:06:39:12 -0500] "GET /sipse/faces/javax.faces.resource/primefaces.js?ln=primefaces&v=4.0 HTTP/1.1" 304 -
186.29.33.218 - - [21/Dec/2023:06:39:12 -0500] "GET /sipse/faces/javax.faces.resource/layout/layout.js?ln=primefaces&v=4.0 HTTP/1.1" 304 -
156.59.198.136 - - [21/Dec/2023:06:39:17 -0500] "GET /BLA/resoluciones/AUTOS%202023/1741.pdf HTTP/1.0" 200 421308
201.245.192.253 - - [21/Dec/2023:06:39:26 -0500] "POST /forms/lservlet;jsessionid=ac16012b30d65f92fa67ce9340589b498a1304d31ae2.e3iSbxaKaheRe34Qc38TbN0Nb41ynknvrkLOlQzNp65In0 HTTP/1.1" 200 2
156.59.198.136 - - [21/Dec/2023:06:39:42 -0500] "GET /BLA/resoluciones/RESOLUCIONES%202008/4640.pdf HTTP/1.0" 200 69772
186.29.33.218 - - [21/Dec/2023:06:39:47 -0500] "POST /sipse/faces/presentacion/financiero/solicitudProyectoActividad/asociarFuentesSolicitud.xhtml HTTP/1.1" 200 67166
186.29.33.218 - - [21/Dec/2023:06:39:48 -0500] "GET /sipse/faces/javax.faces.resource/theme.css?ln=primefaces-sipse HTTP/1.1" 304 -
186.29.33.218 - - [21/Dec/2023:06:39:48 -0500] "GET /sipse/faces/javax.faces.resource/primefaces.css?ln=primefaces&v=4.0 HTTP/1.1" 304 -
186.29.33.218 - - [21/Dec/2023:06:39:48 -0500] "GET /sipse/faces/javax.faces.resource/layout/layout.css?ln=primefaces&v=4.0 HTTP/1.1" 304 -
186.29.33.218 - - [21/Dec/2023:06:39:48 -0500] "GET /sipse/faces/javax.faces.resource/jquery/jquery.js?ln=primefaces&v=4.0 HTTP/1.1" 304 -
186.29.33.218 - - [21/Dec/2023:06:39:48 -0500] "GET /sipse/faces/javax.faces.resource/layout/layout.js?ln=primefaces&v=4.0 HTTP/1.1" 304 -
186.29.33.218 - - [21/Dec/2023:06:39:48 -0500] "GET /sipse/faces/javax.faces.resource/jquery/jquery-plugins.js?ln=primefaces&v=4.0 HTTP/1.1" 304 -
186.29.33.218 - - [21/Dec/2023:06:39:48 -0500] "GET /sipse/faces/javax.faces.resource/primefaces.js?ln=primefaces&v=4.0 HTTP/1.1" 304 -
186.29.33.218 - - [21/Dec/2023:06:39:48 -0500] "GET /sipse/faces/javax.faces.resource/images/ui-icons_898989_256x240.png?ln=primefaces-aristo HTTP/1.1" 200 5355
186.29.33.218 - - [21/Dec/2023:06:39:58 -0500] "POST /sipse/faces/presentacion/financiero/solicitudProceso/crearModificarSolicitudProceso.xhtml HTTP/1.1" 200 44603
186.29.33.218 - - [21/Dec/2023:06:40:01 -0500] "GET /sipse/faces/javax.faces.resource/theme.css?ln=primefaces-sipse HTTP/1.1" 304 -
186.29.33.218 - - [21/Dec/2023:06:40:01 -0500] "GET /sipse/faces/javax.faces.resource/primefaces.css?ln=primefaces&v=4.0 HTTP/1.1" 304 -
186.29.33.218 - - [21/Dec/2023:06:40:01 -0500] "GET /sipse/faces/javax.faces.resource/layout/layout.css?ln=primefaces&v=4.0 HTTP/1.1" 304 -
186.29.33.218 - - [21/Dec/2023:06:40:01 -0500] "GET /sipse/faces/javax.faces.resource/jquery/jquery.js?ln=primefaces&v=4.0 HTTP/1.1" 304 -
186.29.33.218 - - [21/Dec/2023:06:40:01 -0500] "GET /sipse/faces/javax.faces.resource/jquery/jquery-plugins.js?ln=primefaces&v=4.0 HTTP/1.1" 304 -
186.29.33.218 - - [21/Dec/2023:06:40:01 -0500] "GET /sipse/faces/javax.faces.resource/primefaces.js?ln=primefaces&v=4.0 HTTP/1.1" 304 -
186.29.33.218 - - [21/Dec/2023:06:40:01 -0500] "GET /sipse/faces/javax.faces.resource/layout/layout.js?ln=primefaces&v=4.0 HTTP/1.1" 304 -
186.29.33.218 - - [21/Dec/2023:06:40:01 -0500] "GET /sipse/faces/javax.faces.resource/images/ui-icons_898989_256x240.png?ln=primefaces-aristo HTTP/1.1" 304 -
207.46.13.168 - - [21/Dec/2023:06:40:06 -0500] "GET /BLA/resoluciones/AUTOS%202023/3339.pdf HTTP/1.1" 200 893883
156.59.198.135 - - [21/Dec/2023:06:40:06 -0500] "GET /BLA/resoluciones/RESOLUCIONES%202007/RES%202007%20901%20AL%201000/RESOLUCION%200960%20DE%202007.pdf HTTP/1.0" 200 105835
