216.245.221.92 - - [21/Dec/2023:01:25:10 -0500] "HEAD / HTTP/1.1" 200 -
201.245.192.253 - - [21/Dec/2023:01:25:24 -0500] "POST /forms/lservlet;jsessionid=ac16012b30d65f92fa67ce9340589b498a1304d31ae2.e3iSbxaKaheRe34Qc38TbN0Nb41ynknvrkLOlQzNp65In0 HTTP/1.1" 200 2
156.59.198.135 - - [21/Dec/2023:01:25:31 -0500] "GET /BLA/resoluciones/AUTOS%202020/3431.pdf HTTP/1.0" 200 376107
156.59.198.135 - - [21/Dec/2023:01:25:56 -0500] "GET /BLA/resoluciones/AUTOS%202014/3232.pdf HTTP/1.0" 200 379937
201.245.192.253 - - [21/Dec/2023:01:26:10 -0500] "POST /forms/lservlet;jsessionid=ac16012b30d648d4d7e95c6a498d8fc6bd063871f06c.e3iSbxaKaheRe34Qc38TbN0Nb41ynknvrkLOlQzNp65In0 HTTP/1.1" 200 2
156.59.198.136 - - [21/Dec/2023:01:26:19 -0500] "GET /BLA/resoluciones/AUTOS%202023/0400.pdf HTTP/1.0" 200 855837
201.245.192.253 - - [21/Dec/2023:01:26:31 -0500] "POST /kwsrmcab/Wsrmcab  HTTP/1.1" 200 40220
201.245.192.253 - - [21/Dec/2023:01:26:33 -0500] "POST /kwsrmcab/Wsrmcab HTTP/1.1" 200 40851
201.245.192.253 - - [21/Dec/2023:01:26:38 -0500] "POST /kwsrmcab/Wsrmcab HTTP/1.1" 200 36489
156.59.198.135 - - [21/Dec/2023:01:26:43 -0500] "GET /BLA/resoluciones/RESOLUCIONES%202010/0782.pdf HTTP/1.0" 200 117444
172.22.2.4 - - [21/Dec/2023:01:25:21 -0500] "HEAD /BLA/boletinlegal/ HTTP/1.1" 200 -
156.59.198.136 - - [21/Dec/2023:01:27:08 -0500] "GET /BLA/resoluciones/AUTOS%202023/4082.pdf HTTP/1.0" 200 730964
201.245.192.253 - - [21/Dec/2023:01:27:24 -0500] "POST /forms/lservlet;jsessionid=ac16012b30d65f92fa67ce9340589b498a1304d31ae2.e3iSbxaKaheRe34Qc38TbN0Nb41ynknvrkLOlQzNp65In0 HTTP/1.1" 200 2
156.59.198.136 - - [21/Dec/2023:01:27:33 -0500] "GET /BLA/resoluciones/AUTOS%202023/0183.pdf HTTP/1.0" 200 389018
172.22.2.4 - - [21/Dec/2023:01:26:12 -0500] "GET /BLA/boletinlegal/ HTTP/1.1" 200 58969
156.59.198.135 - - [21/Dec/2023:01:27:58 -0500] "GET /BLA/resoluciones/AUTOS%202020/3999.pdf HTTP/1.0" 200 382783
207.46.13.64 - - [21/Dec/2023:01:28:01 -0500] "GET /BLA/resoluciones/AUTOS%202023/4815.pdf HTTP/1.1" 200 350126
201.245.192.253 - - [21/Dec/2023:01:28:10 -0500] "POST /forms/lservlet;jsessionid=ac16012b30d648d4d7e95c6a498d8fc6bd063871f06c.e3iSbxaKaheRe34Qc38TbN0Nb41ynknvrkLOlQzNp65In0 HTTP/1.1" 200 2
156.59.198.136 - - [21/Dec/2023:01:28:21 -0500] "GET /BLA/resoluciones/AUTOS%202023/3082.pdf HTTP/1.0" 200 907110
156.59.198.135 - - [21/Dec/2023:01:28:46 -0500] "GET /BLA/resoluciones/AUTOS%202023/5164.pdf HTTP/1.0" 200 654590
156.59.198.135 - - [21/Dec/2023:01:29:10 -0500] "GET /BLA/resoluciones/AUTOS%202020/3729.pdf HTTP/1.0" 200 567312
152.61.128.50 - - [21/Dec/2023:01:29:16 -0500] "GET / HTTP/1.1" 200 319
201.245.192.253 - - [21/Dec/2023:01:29:24 -0500] "POST /forms/lservlet;jsessionid=ac16012b30d65f92fa67ce9340589b498a1304d31ae2.e3iSbxaKaheRe34Qc38TbN0Nb41ynknvrkLOlQzNp65In0 HTTP/1.1" 200 2
156.59.198.135 - - [21/Dec/2023:01:29:34 -0500] "GET /BLA/resoluciones/AUTOS%202016/2946.pdf HTTP/1.0" 200 418286
156.59.198.135 - - [21/Dec/2023:01:29:58 -0500] "GET /BLA/resoluciones/Notificaciones/AUTOS%202014/5842.doc HTTP/1.0" 200 151552
201.245.192.253 - - [21/Dec/2023:01:30:10 -0500] "POST /forms/lservlet;jsessionid=ac16012b30d648d4d7e95c6a498d8fc6bd063871f06c.e3iSbxaKaheRe34Qc38TbN0Nb41ynknvrkLOlQzNp65In0 HTTP/1.1" 200 2
216.245.221.92 - - [21/Dec/2023:01:30:10 -0500] "HEAD / HTTP/1.1" 200 -
216.244.66.195 - - [21/Dec/2023:01:30:18 -0500] "GET /BLA/resoluciones/AUTOS%202023/0850.pdf HTTP/1.1" 200 819179
156.59.198.136 - - [21/Dec/2023:01:30:23 -0500] "GET /BLA/resoluciones/AUTOS%202023/3444.pdf HTTP/1.0" 200 460007
201.245.192.253 - - [21/Dec/2023:01:30:28 -0500] "POST /kwsrmcab/Wsrmcab HTTP/1.1" 200 40851
201.245.192.253 - - [21/Dec/2023:01:30:33 -0500] "POST /kwsrmcab/Wsrmcab HTTP/1.1" 200 36489
156.59.198.135 - - [21/Dec/2023:01:30:48 -0500] "GET /BLA/resoluciones/RESOLUCIONES%202010/1656.pdf HTTP/1.0" 200 434033
216.244.66.195 - - [21/Dec/2023:01:30:51 -0500] "GET /BLA/resoluciones/AUTOS%202023/2587.pdf HTTP/1.1" 200 2791467
156.59.198.135 - - [21/Dec/2023:01:31:11 -0500] "GET /BLA/resoluciones/AUTOS%202023/5664.pdf HTTP/1.0" 200 417393
201.245.192.253 - - [21/Dec/2023:01:31:24 -0500] "POST /forms/lservlet;jsessionid=ac16012b30d65f92fa67ce9340589b498a1304d31ae2.e3iSbxaKaheRe34Qc38TbN0Nb41ynknvrkLOlQzNp65In0 HTTP/1.1" 200 2
216.244.66.195 - - [21/Dec/2023:01:31:31 -0500] "GET /BLA/resoluciones/RESOLUCIONES%202022/4323.pdf HTTP/1.1" 200 447999
201.245.192.253 - - [21/Dec/2023:01:31:29 -0500] "POST /kwsrmcab/Wsrmcab  HTTP/1.1" 200 40220
156.59.198.135 - - [21/Dec/2023:01:31:35 -0500] "GET /BLA/resoluciones/AUTOS%202014/4911.pdf HTTP/1.0" 200 451093
156.59.198.136 - - [21/Dec/2023:01:32:01 -0500] "GET /BLA/resoluciones/AUTOS%202023/3522.pdf HTTP/1.0" 200 905513
201.245.192.253 - - [21/Dec/2023:01:32:10 -0500] "POST /forms/lservlet;jsessionid=ac16012b30d648d4d7e95c6a498d8fc6bd063871f06c.e3iSbxaKaheRe34Qc38TbN0Nb41ynknvrkLOlQzNp65In0 HTTP/1.1" 200 2
156.59.198.136 - - [21/Dec/2023:01:32:25 -0500] "GET /BLA/resoluciones/AUTOS%202014/4556.pdf HTTP/1.0" 200 425640
156.59.198.136 - - [21/Dec/2023:01:32:49 -0500] "GET /BLA/resoluciones/AUTOS%202023/4421.pdf HTTP/1.0" 200 404765
172.22.2.4 - - [21/Dec/2023:01:31:11 -0500] "HEAD /BLA/boletinlegal/ HTTP/1.1" 200 -
156.59.198.136 - - [21/Dec/2023:01:33:13 -0500] "GET /BLA/resoluciones/RESOLUCIONES%202008/4665.pdf HTTP/1.0" 200 177456
201.245.192.253 - - [21/Dec/2023:01:33:24 -0500] "POST /forms/lservlet;jsessionid=ac16012b30d65f92fa67ce9340589b498a1304d31ae2.e3iSbxaKaheRe34Qc38TbN0Nb41ynknvrkLOlQzNp65In0 HTTP/1.1" 200 2
157.55.39.204 - - [21/Dec/2023:01:33:27 -0500] "GET /BLA/resoluciones/RESOLUCIONES%202021/1618.pdf HTTP/1.1" 200 351563
156.59.198.135 - - [21/Dec/2023:01:33:38 -0500] "GET /BLA/resoluciones/Notificaciones/AUTOS%202014/4130.doc HTTP/1.0" 200 95232
172.22.2.4 - - [21/Dec/2023:01:32:02 -0500] "GET /BLA/boletinlegal/ HTTP/1.1" 200 60910
157.55.39.62 - - [21/Dec/2023:01:34:00 -0500] "GET /BLA/resoluciones/AUTOS%202023/4777.pdf HTTP/1.1" 200 643540
156.59.198.135 - - [21/Dec/2023:01:34:02 -0500] "GET /BLA/resoluciones/RESOLUCIONES%202018/2932.pdf HTTP/1.0" 200 258966
201.245.192.253 - - [21/Dec/2023:01:34:10 -0500] "POST /forms/lservlet;jsessionid=ac16012b30d648d4d7e95c6a498d8fc6bd063871f06c.e3iSbxaKaheRe34Qc38TbN0Nb41ynknvrkLOlQzNp65In0 HTTP/1.1" 200 2
156.59.198.135 - - [21/Dec/2023:01:34:26 -0500] "GET /BLA/resoluciones/RESOLUCIONES%202008/5344.pdf HTTP/1.0" 200 224311
156.59.198.136 - - [21/Dec/2023:01:34:50 -0500] "GET /BLA/resoluciones/RESOLUCIONES%202018/3613.pdf HTTP/1.0" 200 280256
216.245.221.92 - - [21/Dec/2023:01:35:10 -0500] "HEAD / HTTP/1.1" 200 -
156.59.198.136 - - [21/Dec/2023:01:35:15 -0500] "GET /BLA/resoluciones/RESOLUCIONES%202010/0347.pdf HTTP/1.0" 200 350468
201.245.192.253 - - [21/Dec/2023:01:35:24 -0500] "POST /forms/lservlet;jsessionid=ac16012b30d65f92fa67ce9340589b498a1304d31ae2.e3iSbxaKaheRe34Qc38TbN0Nb41ynknvrkLOlQzNp65In0 HTTP/1.1" 200 2
172.104.4.100 - - [21/Dec/2023:01:35:34 -0500] "GET / HTTP/1.0" 200 319
156.59.198.136 - - [21/Dec/2023:01:35:39 -0500] "GET /BLA/resoluciones/RESOLUCIONES%202007/RES%202007%204001%20AL%204100/RESOLUCION%204068%20DE%202007.pdf HTTP/1.0" 200 257470
156.59.198.136 - - [21/Dec/2023:01:36:04 -0500] "GET /BLA/resoluciones/AUTOS%202014/4474.pdf HTTP/1.0" 200 445983
167.172.120.173 - - [21/Dec/2023:01:36:09 -0500] "GET / HTTP/1.0" 200 319
201.245.192.253 - - [21/Dec/2023:01:36:10 -0500] "POST /forms/lservlet;jsessionid=ac16012b30d648d4d7e95c6a498d8fc6bd063871f06c.e3iSbxaKaheRe34Qc38TbN0Nb41ynknvrkLOlQzNp65In0 HTTP/1.1" 200 2
167.172.120.173 - - [21/Dec/2023:01:36:11 -0500] "Gh0st\xad" 400 226
167.172.120.173 - - [21/Dec/2023:01:36:14 -0500] "HELP" 501 953
167.172.120.173 - - [21/Dec/2023:01:36:14 -0500] "\x1b\x84\xd5\xb0]\xf4\xc4\x93\xc50\xc2X\x8c\xda\xb1\xd7\xac\xafn\x1d\xe1\x1e\x1a3*\x85\xb7\x1d'\xb1\xc9k\xbf\xf0\xbc" 501 953
167.172.120.173 - - [21/Dec/2023:01:36:16 -0500] "\x16\x03\x01" 400 226
167.172.120.173 - - [21/Dec/2023:01:36:18 -0500] "\xbd\xff\x9e\xffE\xff\x9e\xff\xbd\xff\x9e\xff\xa4\xff\x86\xff\xc4\xff\xbe\xff\xc7\xff\xdb\xff\xee\xffx\\d9\xff\xed\xff\xa4\xff\x9d\xff\xcf\xff\xd8\xff\xe5\xff\x04\xff\x12\xff0\xff\xb1\xff\xbd\xff\xe7\xff\xe2\xff\xdd\xff\xdc\xff\xde\xff\xc8\xff\xcc\xff\xbe\xff\xf8\xff&\xff\x01\xff\x0f\xff\xf5\xff\x06\xff\xff\xff\xf7\xff!\xff\xde\xff\x02\xff&\xff\x0c\xff\x01\xff\xf5\xff" 400 946
156.59.198.135 - - [21/Dec/2023:01:36:28 -0500] "GET /BLA/resoluciones/AUTOS%202020/4768.pdf HTTP/1.0" 200 370838
201.245.192.253 - - [21/Dec/2023:01:36:29 -0500] "POST /kwsrmcab/Wsrmcab  HTTP/1.1" 503 1020
201.245.192.253 - - [21/Dec/2023:01:36:32 -0500] "POST /kwsrmcab/Wsrmcab HTTP/1.1" 503 1020
201.245.192.253 - - [21/Dec/2023:01:36:32 -0500] "POST /kwsrmcab/Wsrmcab HTTP/1.1" 503 1020
156.59.198.136 - - [21/Dec/2023:01:36:51 -0500] "GET /BLA/resoluciones/AUTOS%202023/5208.pdf HTTP/1.0" 200 414920
216.244.66.195 - - [21/Dec/2023:01:36:52 -0500] "GET /BLA/resoluciones/AUTOS%202009/2916.pdf HTTP/1.1" 200 90575
156.59.198.136 - - [21/Dec/2023:01:37:17 -0500] "GET /BLA/resoluciones/RESOLUCIONES%202008/4729.pdf HTTP/1.0" 200 375362
201.245.192.253 - - [21/Dec/2023:01:37:24 -0500] "POST /forms/lservlet;jsessionid=ac16012b30d65f92fa67ce9340589b498a1304d31ae2.e3iSbxaKaheRe34Qc38TbN0Nb41ynknvrkLOlQzNp65In0 HTTP/1.1" 200 2
216.244.66.195 - - [21/Dec/2023:01:37:26 -0500] "GET /BLA/resoluciones/AUTOS%202015/3556.pdf HTTP/1.1" 200 343403
201.245.192.253 - - [21/Dec/2023:01:37:29 -0500] "POST /kwsrmcab/Wsrmcab  HTTP/1.1" 503 1020
207.46.13.168 - - [21/Dec/2023:01:37:32 -0500] "GET /BLA/resoluciones/AUTOS%202023/4422.pdf HTTP/1.1" 200 391430
156.59.198.136 - - [21/Dec/2023:01:37:41 -0500] "GET /BLA/resoluciones/AUTOS%202023/0772.pdf HTTP/1.0" 200 448261
156.59.198.136 - - [21/Dec/2023:01:38:06 -0500] "GET /BLA/resoluciones/RESOLUCIONES%202010/1853.pdf HTTP/1.0" 200 354541
201.245.192.253 - - [21/Dec/2023:01:38:10 -0500] "POST /forms/lservlet;jsessionid=ac16012b30d648d4d7e95c6a498d8fc6bd063871f06c.e3iSbxaKaheRe34Qc38TbN0Nb41ynknvrkLOlQzNp65In0 HTTP/1.1" 200 2
216.244.66.195 - - [21/Dec/2023:01:38:13 -0500] "GET /BLA/resoluciones/AUTOS%202019/0872.pdf HTTP/1.1" 200 268553
156.59.198.136 - - [21/Dec/2023:01:38:30 -0500] "GET /BLA/resoluciones/Notificaciones/AUTOS%202015/2018.doc HTTP/1.0" 200 207360
201.245.192.253 - - [21/Dec/2023:01:38:28 -0500] "POST /kwsrmcab/Wsrmcab  HTTP/1.1" 200 40220
172.22.2.4 - - [21/Dec/2023:01:37:01 -0500] "HEAD /BLA/boletinlegal/ HTTP/1.1" 200 -
156.59.198.135 - - [21/Dec/2023:01:38:53 -0500] "GET /BLA/resoluciones/Notificaciones/AUTOS%202017/5159.pdf HTTP/1.0" 200 306699
216.244.66.195 - - [21/Dec/2023:01:38:56 -0500] "GET /BLA/resoluciones/AUTOS%202019/4452.pdf HTTP/1.1" 200 274480
156.59.198.136 - - [21/Dec/2023:01:39:18 -0500] "GET /BLA/resoluciones/Notificaciones/AUTOS%202014/0996.doc HTTP/1.0" 200 231424
201.245.192.253 - - [21/Dec/2023:01:39:24 -0500] "POST /forms/lservlet;jsessionid=ac16012b30d65f92fa67ce9340589b498a1304d31ae2.e3iSbxaKaheRe34Qc38TbN0Nb41ynknvrkLOlQzNp65In0 HTTP/1.1" 200 2
201.245.192.253 - - [21/Dec/2023:01:39:29 -0500] "POST /kwsrmcab/Wsrmcab  HTTP/1.1" 200 40220
172.22.2.4 - - [21/Dec/2023:01:37:52 -0500] "GET /BLA/boletinlegal/ HTTP/1.1" 200 60910
216.244.66.195 - - [21/Dec/2023:01:39:40 -0500] "GET /BLA/resoluciones/RESOLUCIONES%202018/0723.pdf HTTP/1.1" 200 219695
156.59.198.135 - - [21/Dec/2023:01:39:43 -0500] "GET /BLA/resoluciones/AUTOS%202014/5302.pdf HTTP/1.0" 200 202924
207.46.13.154 - - [21/Dec/2023:01:39:54 -0500] "GET /BLA/resoluciones/RESOLUCIONES%202022/3937.pdf HTTP/1.1" 304 -
156.59.198.136 - - [21/Dec/2023:01:40:08 -0500] "GET /BLA/resoluciones/RESOLUCIONES%202010/1466.pdf HTTP/1.0" 200 431787
201.245.192.253 - - [21/Dec/2023:01:40:10 -0500] "POST /forms/lservlet;jsessionid=ac16012b30d648d4d7e95c6a498d8fc6bd063871f06c.e3iSbxaKaheRe34Qc38TbN0Nb41ynknvrkLOlQzNp65In0 HTTP/1.1" 200 2
216.245.221.92 - - [21/Dec/2023:01:40:10 -0500] "HEAD / HTTP/1.1" 200 -
216.244.66.195 - - [21/Dec/2023:01:40:24 -0500] "GET /BLA/resoluciones/RESOLUCIONES%202018/1677.pdf HTTP/1.1" 200 301091
201.245.192.253 - - [21/Dec/2023:01:40:28 -0500] "POST /kwsrmcab/Wsrmcab HTTP/1.1" 200 40851
156.59.198.136 - - [21/Dec/2023:01:40:32 -0500] "GET /BLA/resoluciones/RESOLUCIONES%202008/4982.pdf HTTP/1.0" 200 212377
201.245.192.253 - - [21/Dec/2023:01:40:33 -0500] "POST /kwsrmcab/Wsrmcab HTTP/1.1" 200 36489
156.59.198.135 - - [21/Dec/2023:01:40:56 -0500] "GET /BLA/resoluciones/AUTOS%202014/4886.pdf HTTP/1.0" 200 424720
216.244.66.195 - - [21/Dec/2023:01:41:04 -0500] "GET /BLA/resoluciones/RESOLUCIONES%202018/2547.pdf HTTP/1.1" 200 325674
66.249.66.205 - - [21/Dec/2023:01:41:09 -0500] "GET /robots.txt HTTP/1.1" 404 1043
66.249.66.205 - - [21/Dec/2023:01:41:09 -0500] "GET /BLA/boletinlegal/actas/079-2013.pdf HTTP/1.1" 304 -
68.69.186.30 - - [21/Dec/2023:01:41:13 -0500] "GET / HTTP/1.1" 200 319
68.69.186.30 - - [21/Dec/2023:01:41:16 -0500] "GET ../../proc/ HTTP" 400 946
156.59.198.135 - - [21/Dec/2023:01:41:20 -0500] "GET /BLA/resoluciones/RESOLUCIONES%202018/2597.pdf HTTP/1.0" 200 253018
201.245.192.253 - - [21/Dec/2023:01:41:24 -0500] "POST /forms/lservlet;jsessionid=ac16012b30d65f92fa67ce9340589b498a1304d31ae2.e3iSbxaKaheRe34Qc38TbN0Nb41ynknvrkLOlQzNp65In0 HTTP/1.1" 200 2
156.59.198.135 - - [21/Dec/2023:01:41:44 -0500] "GET /BLA/resoluciones/Notificaciones/AUTOS%202017/05029.pdf HTTP/1.0" 200 279109
216.244.66.195 - - [21/Dec/2023:01:41:55 -0500] "GET /BLA/resoluciones/RESOLUCIONES%202018/3071.pdf HTTP/1.1" 200 365779
201.245.192.253 - - [21/Dec/2023:01:42:10 -0500] "POST /forms/lservlet;jsessionid=ac16012b30d648d4d7e95c6a498d8fc6bd063871f06c.e3iSbxaKaheRe34Qc38TbN0Nb41ynknvrkLOlQzNp65In0 HTTP/1.1" 200 2
156.59.198.135 - - [21/Dec/2023:01:42:10 -0500] "GET /BLA/resoluciones/RESOLUCIONES%202018/3028.PDF HTTP/1.0" 200 4692390
156.59.198.136 - - [21/Dec/2023:01:42:33 -0500] "GET /BLA/resoluciones/Notificaciones/AUTOS%202014/1269.doc HTTP/1.0" 200 232960
216.244.66.195 - - [21/Dec/2023:01:42:40 -0500] "GET /BLA/resoluciones/RESOLUCIONES%202018/4083.pdf HTTP/1.1" 200 378883
156.59.198.136 - - [21/Dec/2023:01:42:58 -0500] "GET /BLA/resoluciones/Notificaciones/AUTOS%202014/0220.doc HTTP/1.0" 200 240128
216.244.66.195 - - [21/Dec/2023:01:43:18 -0500] "GET /BLA/resoluciones/RESOLUCIONES%202018/4143.pdf HTTP/1.1" 200 285760
156.59.198.135 - - [21/Dec/2023:01:43:21 -0500] "GET /BLA/resoluciones/RESOLUCIONES%202018/1873.pdf HTTP/1.0" 200 319675
201.245.192.253 - - [21/Dec/2023:01:43:24 -0500] "POST /forms/lservlet;jsessionid=ac16012b30d65f92fa67ce9340589b498a1304d31ae2.e3iSbxaKaheRe34Qc38TbN0Nb41ynknvrkLOlQzNp65In0 HTTP/1.1" 200 2
156.59.198.136 - - [21/Dec/2023:01:43:45 -0500] "GET /BLA/resoluciones/Notificaciones/AUTOS%202015/1256.doc HTTP/1.0" 200 103424
156.59.198.135 - - [21/Dec/2023:01:44:10 -0500] "GET /BLA/resoluciones/AUTOS%202023/5803.pdf HTTP/1.0" 200 395251
201.245.192.253 - - [21/Dec/2023:01:44:10 -0500] "POST /forms/lservlet;jsessionid=ac16012b30d648d4d7e95c6a498d8fc6bd063871f06c.e3iSbxaKaheRe34Qc38TbN0Nb41ynknvrkLOlQzNp65In0 HTTP/1.1" 200 2
201.245.192.253 - - [21/Dec/2023:01:44:28 -0500] "POST /kwsrmcab/Wsrmcab  HTTP/1.1" 200 40220
157.55.39.205 - - [21/Dec/2023:01:44:31 -0500] "GET /BLA/resoluciones/AUTOS%202023/3904.pdf HTTP/1.1" 200 2098361
172.22.2.4 - - [21/Dec/2023:01:42:51 -0500] "HEAD /BLA/boletinlegal/ HTTP/1.1" 200 -
156.59.198.136 - - [21/Dec/2023:01:44:35 -0500] "GET /BLA/resoluciones/RESOLUCIONES%202008/4992.pdf HTTP/1.0" 200 253935
156.59.198.136 - - [21/Dec/2023:01:44:58 -0500] "GET /BLA/resoluciones/AUTOS%202023/0415.pdf HTTP/1.0" 200 856991
207.46.13.154 - - [21/Dec/2023:01:45:01 -0500] "GET /BLA/resoluciones/RESOLUCIONES%202021/4529.pdf HTTP/1.1" 200 343226
216.245.221.92 - - [21/Dec/2023:01:45:10 -0500] "HEAD / HTTP/1.1" 200 -
157.55.39.61 - - [21/Dec/2023:01:45:13 -0500] "GET /BLA/resoluciones/AUTOS%202023/3352.pdf HTTP/1.1" 200 998094
172.22.2.4 - - [21/Dec/2023:01:43:42 -0500] "GET /BLA/boletinlegal/ HTTP/1.1" 200 60502
201.245.192.253 - - [21/Dec/2023:01:45:24 -0500] "POST /forms/lservlet;jsessionid=ac16012b30d65f92fa67ce9340589b498a1304d31ae2.e3iSbxaKaheRe34Qc38TbN0Nb41ynknvrkLOlQzNp65In0 HTTP/1.1" 200 2
156.59.198.135 - - [21/Dec/2023:01:45:24 -0500] "GET /BLA/resoluciones/RESOLUCIONES%202018/2025.pdf HTTP/1.0" 200 219061
156.59.198.136 - - [21/Dec/2023:01:45:48 -0500] "GET /BLA/resoluciones/RESOLUCIONES%202008/4442.pdf HTTP/1.0" 200 306388
201.245.192.253 - - [21/Dec/2023:01:46:10 -0500] "POST /forms/lservlet;jsessionid=ac16012b30d648d4d7e95c6a498d8fc6bd063871f06c.e3iSbxaKaheRe34Qc38TbN0Nb41ynknvrkLOlQzNp65In0 HTTP/1.1" 200 2
156.59.198.135 - - [21/Dec/2023:01:46:13 -0500] "GET /BLA/resoluciones/RESOLUCIONES%202008/5582.pdf HTTP/1.0" 200 274619
156.59.198.136 - - [21/Dec/2023:01:46:37 -0500] "GET /BLA/resoluciones/Notificaciones/AUTOS%202014/3986.doc HTTP/1.0" 200 176640
156.59.198.136 - - [21/Dec/2023:01:47:01 -0500] "GET /BLA/resoluciones/AUTOS%202023/3359.pdf HTTP/1.0" 200 2372608
201.245.192.253 - - [21/Dec/2023:01:47:24 -0500] "POST /forms/lservlet;jsessionid=ac16012b30d65f92fa67ce9340589b498a1304d31ae2.e3iSbxaKaheRe34Qc38TbN0Nb41ynknvrkLOlQzNp65In0 HTTP/1.1" 200 2
156.59.198.135 - - [21/Dec/2023:01:47:27 -0500] "GET /BLA/resoluciones/AUTOS%202014/6624.pdf HTTP/1.0" 200 142057
156.59.198.136 - - [21/Dec/2023:01:47:50 -0500] "GET /BLA/resoluciones/RESOLUCIONES%202010/0975.pdf HTTP/1.0" 200 105980
201.245.192.253 - - [21/Dec/2023:01:48:10 -0500] "POST /forms/lservlet;jsessionid=ac16012b30d648d4d7e95c6a498d8fc6bd063871f06c.e3iSbxaKaheRe34Qc38TbN0Nb41ynknvrkLOlQzNp65In0 HTTP/1.1" 200 2
156.59.198.136 - - [21/Dec/2023:01:48:16 -0500] "GET /BLA/resoluciones/RESOLUCIONES%202008/4233.pdf HTTP/1.0" 200 484788
156.59.198.135 - - [21/Dec/2023:01:48:39 -0500] "GET /BLA/resoluciones/Notificaciones/AUTOS%202014/4641.doc HTTP/1.0" 200 96768
156.59.198.136 - - [21/Dec/2023:01:49:03 -0500] "GET /BLA/resoluciones/RESOLUCIONES%202018/4058.pdf HTTP/1.0" 200 2448767
20.230.219.169 - - [21/Dec/2023:01:49:17 -0500] "GET /secretaria-de-ambiente-reconocio-entidades-por-sus-buenas-practicas-ambientales.html HTTP/1.1" 200 892
201.245.192.253 - - [21/Dec/2023:01:49:24 -0500] "POST /forms/lservlet;jsessionid=ac16012b30d65f92fa67ce9340589b498a1304d31ae2.e3iSbxaKaheRe34Qc38TbN0Nb41ynknvrkLOlQzNp65In0 HTTP/1.1" 200 2
156.59.198.135 - - [21/Dec/2023:01:49:27 -0500] "GET /BLA/resoluciones/Notificaciones/AUTOS%202014/4225.doc HTTP/1.0" 200 97280
201.245.192.253 - - [21/Dec/2023:01:49:26 -0500] "POST /kwsrmcab/Wsrmcab  HTTP/1.1" 200 40220
156.59.198.135 - - [21/Dec/2023:01:49:51 -0500] "GET /BLA/resoluciones/RESOLUCIONES%202010/1277.pdf HTTP/1.0" 200 98893
201.245.192.253 - - [21/Dec/2023:01:50:10 -0500] "POST /forms/lservlet;jsessionid=ac16012b30d648d4d7e95c6a498d8fc6bd063871f06c.e3iSbxaKaheRe34Qc38TbN0Nb41ynknvrkLOlQzNp65In0 HTTP/1.1" 200 2
216.245.221.92 - - [21/Dec/2023:01:50:10 -0500] "HEAD / HTTP/1.1" 200 -
156.59.198.136 - - [21/Dec/2023:01:50:16 -0500] "GET /BLA/resoluciones/RESOLUCIONES%202008/4777.pdf HTTP/1.0" 200 225364
172.22.2.4 - - [21/Dec/2023:01:48:41 -0500] "HEAD /BLA/boletinlegal/ HTTP/1.1" 200 -
69.171.231.7 - - [21/Dec/2023:01:50:30 -0500] "GET /68-de-ejecucion-lleva-el-plan-de-accion-para-las-familias-de-bogota-que-va-del-2021-al-2025.html HTTP/1.1" 206 811
69.171.231.120 - - [21/Dec/2023:01:50:33 -0500] "GET /68-de-ejecucion-lleva-el-plan-de-accion-para-las-familias-de-bogota-que-va-del-2021-al-2025.html HTTP/1.1" 200 811
156.59.198.135 - - [21/Dec/2023:01:50:40 -0500] "GET /BLA/resoluciones/Notificaciones/REGISTROS%202021/01795.pdf HTTP/1.0" 200 416793
157.55.39.204 - - [21/Dec/2023:01:50:42 -0500] "GET /BLA/resoluciones/AUTOS%202023/5664.pdf HTTP/1.1" 200 417393
156.59.198.135 - - [21/Dec/2023:01:51:05 -0500] "GET /BLA/resoluciones/RESOLUCIONES%202018/3181.pdf HTTP/1.0" 200 362808
157.55.39.204 - - [21/Dec/2023:01:51:12 -0500] "GET /BLA/resoluciones/AUTOS%202021/0448.pdf HTTP/1.1" 304 -
172.22.2.4 - - [21/Dec/2023:01:49:32 -0500] "GET /BLA/boletinlegal/ HTTP/1.1" 200 60910
201.245.192.253 - - [21/Dec/2023:01:51:24 -0500] "POST /forms/lservlet;jsessionid=ac16012b30d65f92fa67ce9340589b498a1304d31ae2.e3iSbxaKaheRe34Qc38TbN0Nb41ynknvrkLOlQzNp65In0 HTTP/1.1" 200 2
156.59.198.135 - - [21/Dec/2023:01:51:30 -0500] "GET /BLA/resoluciones/AUTOS%202023/5784.pdf HTTP/1.0" 200 408145
156.59.198.136 - - [21/Dec/2023:01:51:55 -0500] "GET /BLA/resoluciones/Notificaciones/AUTOS%202014/3493.doc HTTP/1.0" 200 238592
162.55.41.96 - - [21/Dec/2023:01:51:58 -0500] "GET / HTTP/1.1" 200 4720
162.55.41.96 - - [21/Dec/2023:01:51:59 -0500] "GET / HTTP/1.1" 200 319
201.245.192.253 - - [21/Dec/2023:01:52:10 -0500] "POST /forms/lservlet;jsessionid=ac16012b30d648d4d7e95c6a498d8fc6bd063871f06c.e3iSbxaKaheRe34Qc38TbN0Nb41ynknvrkLOlQzNp65In0 HTTP/1.1" 200 2
156.59.198.135 - - [21/Dec/2023:01:52:18 -0500] "GET /BLA/resoluciones/AUTOS%202023/2566.pdf HTTP/1.0" 200 789412
156.59.198.136 - - [21/Dec/2023:01:52:42 -0500] "GET /BLA/resoluciones/RESOLUCIONES%202008/4406.pdf HTTP/1.0" 200 804373
156.59.198.135 - - [21/Dec/2023:01:53:07 -0500] "GET /BLA/resoluciones/RESOLUCIONES%202010/0559.pdf HTTP/1.0" 200 100786
201.245.192.253 - - [21/Dec/2023:01:53:24 -0500] "POST /forms/lservlet;jsessionid=ac16012b30d65f92fa67ce9340589b498a1304d31ae2.e3iSbxaKaheRe34Qc38TbN0Nb41ynknvrkLOlQzNp65In0 HTTP/1.1" 200 2
123.126.50.192 - - [21/Dec/2023:01:53:30 -0500] "GET / HTTP/1.1" 200 319
156.59.198.136 - - [21/Dec/2023:01:53:32 -0500] "GET /BLA/resoluciones/RESOLUCIONES%202010/0088.pdf HTTP/1.0" 200 537883
156.59.198.135 - - [21/Dec/2023:01:53:56 -0500] "GET /BLA/resoluciones/Notificaciones/AUTOS%202014/6070.doc HTTP/1.0" 200 154624
201.245.192.253 - - [21/Dec/2023:01:54:10 -0500] "POST /forms/lservlet;jsessionid=ac16012b30d648d4d7e95c6a498d8fc6bd063871f06c.e3iSbxaKaheRe34Qc38TbN0Nb41ynknvrkLOlQzNp65In0 HTTP/1.1" 200 2
191.104.115.132 - - [21/Dec/2023:01:54:18 -0500] "GET /kwssiamovil/sm/ldap/au?x=U2FsdGVkX181zLfB3BNgge9VuJIR/Mm6dvW+L+lZmugRAk6dBPdeP4yxAjUr/ICU&y=U2FsdGVkX18gJy9XS43Gw5uzZqvOCekhyl+h1vZkFtI74+P+XoHSJmhAeiy89Eck HTTP/1.1" 200 30
191.104.115.132 - - [21/Dec/2023:01:54:18 -0500] "GET /kwssiamovil/sm/acme/s?s=U2FsdGVkX18T/XgsG2m9w8bDw4TUQmzxSTHdac5d4ObmkNYYI2oKOA+RnMK2IC/8M0BdSw+m3lCbKVPMBRn0BP7ONjmkowKVH1taRRCjfsc=&u=U2FsdGVkX1+j0TGSNis/hkOwQ9ukYNoI86GkWCBhFLE=&y=U2FsdGVkX18gJy9XS43Gw5uzZqvOCekhyl+h1vZkFtI74+P+XoHSJmhAeiy89Eck HTTP/1.1" 200 97
191.104.115.132 - - [21/Dec/2023:01:54:18 -0500] "GET /kwssiamovil/sm/acme/s?s=U2FsdGVkX18OzuPH8cgDZY/HvFyZZOfrHhfbVwT37Zo2BEztJPhid2o2dBmAsL4Bbnf2g2kBKilHO1NSFHUVbvQzKfxoiyciMXImyi8bxxV9UoxSsMLKJ6RbcVfICaQdU97ykf/TFj0zglB6TudnpKbIaPBf/zIivdJS6FEan4g2lgWq/2yXLk+6Hn3zybuzU/iwlglwnZpJHUN2iO0ZhWlEC7a7x68cqNq1LsQu+1IA8pmlKeMfgyqvo168u7f2dqcLepEyVkSxql+TWZPtvlzWqRDHJmVqXgX6ckbfR0tqDJEWEqM5eb0J1fPShXxKp+JlXWgCsfLlKmJC7hWAM4aaA2h/K17J9x1Hx8XjPpbQK9NoMW2hsJhhMzAcHYb63lLrQE/wvMOUmabml5d5e3IQTFU5PwvzRbdidCPMCkgbdi24/Rjm2r9ITPMa5RqYrcB5A4+cXpRCYx/B37MadH+mbYUYoMVINtMnBBzYjq6SxW+78WmCudY0nRpDnpVZuawFg5RZNhbzyCIFYceCldFvm6Unol/f5VBRXCLiGRcMJfAQpY/wq0v0NYxnREGCzljCH7Z7U/UDrqrJIySq9p18/MK9FAT9Qwr26UFWzRLVEA3cH9HUv6yhKrQy9R9q//HOuVL0WXRjk/PXkxBdrbdVydWQGVlSYpLqzz0xi04tnnMMTqWE/yH7dhh1mB+toPzQk+g/i+Ri30ThNepyU39IZsukZe8NzNzVaEav3b+GDrUhcFjwG9HTobyzfwVqba5RCxvDERQJNJhM/1FEzwOnXQ7ThWhj7+PATQM2W8z2rG3/I7VzpMHP5qTx0JX0s/UeX8PyahhzHlcReUrnFYfGRz1wAOj+J5KwK0wbmLX2SwU4Kq+sIOwLnOioFqhd9QD+JA2lWsXNKiUHJ07d9ZJcF4z53IWqQTquP5N2eI3JXMcUZoT13Egq2a21fvGpjYehQoqgQKeK2X6gE+Ik2SWSV3tvcjiaB2kaD6JG1BNAwH9sApgWJr7Y8mxOvCegR0j7QVGnwxxxwW8ZIpUNVCd3RMdUG721YDXoFCNH+N0seAa7QBH+tqC6Q5URGUSHRJAfpf1TWVh377ebVF50WiMH1460TGSgA1qR4UBuZ51PAxoUVgJL8ndf05OOHXhrqBkeaQlQ1LfrWUO19x1D3AMpi7rIPP0Hkk1MMyXKRrNHPhqCn57+G9DVLbzUuwxHH6AQiABk5KfE+XufJSRybo8cnXmUDlmvP4eeC78+Jx6rgfdm4J5kDKsj3RHxmcrrwhpm6R5o6qDajatSCpl/pmnbLB7WRRwFOisWy9ZSoMOVtrE37dPuaKv540Rk1ZKhNHogH5cPtNhrIQ3zVQXJLVm+asnbIa8HIUdPknf0PjUFzwP52WdhLKN35Uko7D0+ab6gKJvhXcVpcpDqlE3JolR4wQfFa1ufkYdd+cBMAxDSShKc5CEIBin8a3JsvwbT1jg3Zv58CrWwvdHLxFra9J9osTjcFYmwotKVARr/CnbVnpPbncb3lKaq0pXP3ug1wlleClyNo4s2DNGC4yhFB8TtktGEO9tpAihuS4VEyI5C3XpQzaBdClQqe3VQ/FL2BgXw+MxeUAIn2tza68MO2K8+jHiJzQ5YGyIRROw7OqTED/AmI7cKpvz4k/fNqz4moeS3czVdbo6is3OY2SWZQfAV+0jSWZm/OyyJfxUO9EsoNo8vK7I5GrxcEvuJ7nDgo7g0jhfQTtG4eGLZpQ6LMWNRfqEfl66nCmJCJ4ymSqU=&u=U2FsdGVkX1+j0TGSNis/hkOwQ9ukYNoI86GkWCBhFLE=&y=U2FsdGVkX18gJy9XS43Gw5uzZqvOCekhyl+h1vZkFtI74+P+XoHSJmhAeiy89Eck HTTP/1.1" 200 1695
191.104.115.132 - - [21/Dec/2023:01:54:18 -0500] "GET /kwssiamovil/sm/acme/s?s=U2FsdGVkX1/nSeV5/2g8LR+N3eurvdb0g/IADiKn9hfU10O+yYre4mLXNPxlpBMfT5pvifaESVKhtDgoh8r+YhRBToL0HKS2dLZA7JVkU9y7TUMqYpOJm02Fbgxl1Bx3nSOr3KJVQ0OhuObQlLzel+b+jlnnysckWQy+x1y8zVPcDxkatnpGwQb87NUjPKtPYIFc/Fhii3qOvLCJLskU8La+CiGmiA2tpcVogMS2x//5INLS+rJ8+hpRFbSMLtIp1eHQr14BBJEbOy+eyKgSJQ39iLBpEZnVeM24SFhmnma1vslOpudSQtzujLRBUXv7DeWA1Tzw4uWggsTUlXHCOOuzn4wourPDZzXkiMP44V/H2kGhB3yOXzn/xpSGIMx96AIImId4p27wRJyNdzKrg8OdrPmt98KvfIf9kTgCvIuUax/OYbllLPZGrCihXw+RPUqqTBAU4UyzVMCKuwd8E77R7Zbdi86YRKxr90m5e2AUOgDSq521+5hgH6iA2Jf5nkFW8SyiQZF3m/7wOetOuGxHYa04chSehjedupiiWCWylqgzJrOn7RA6IfIeM76rq3a0jDWT5XbSs5Za/3RsGTuqLlJZ2fq+h0eWUjJpk1z0Pwz1ZAnS34N94GbmeMf3ef2I6W4clGTB9dDcu9F92RA+vfUrBJm9efAbu/Az0uZ8Rq1kfmfXagj12Esb3J8O/JLCgGGpD2aemawUJtYv+GgrnyroykpgqZ0VZustFjrlnRUX9Y1IWsiUvEeQu6L2&u=U2FsdGVkX1+j0TGSNis/hkOwQ9ukYNoI86GkWCBhFLE=&y=U2FsdGVkX18gJy9XS43Gw5uzZqvOCekhyl+h1vZkFtI74+P+XoHSJmhAeiy89Eck HTTP/1.1" 200 208
191.104.115.132 - - [21/Dec/2023:01:54:18 -0500] "GET /kwssiamovil/sm/cjson/pre?f=1&x=U2FsdGVkX181zLfB3BNgge9VuJIR/Mm6dvW+L+lZmugRAk6dBPdeP4yxAjUr/ICU HTTP/1.1" 200 31032
156.59.198.135 - - [21/Dec/2023:01:54:21 -0500] "GET /BLA/resoluciones/AUTOS%202014/5265.pdf HTTP/1.0" 200 460749
201.245.192.253 - - [21/Dec/2023:01:54:25 -0500] "POST /kwsrmcab/Wsrmcab  HTTP/1.1" 200 40220
156.59.198.135 - - [21/Dec/2023:01:54:45 -0500] "GET /BLA/resoluciones/Notificaciones/AUTOS%202017/05271.pdf HTTP/1.0" 200 323888
156.59.198.135 - - [21/Dec/2023:01:55:09 -0500] "GET /BLA/resoluciones/AUTOS%202014/3875.pdf HTTP/1.0" 200 488290
216.245.221.92 - - [21/Dec/2023:01:55:10 -0500] "HEAD / HTTP/1.1" 200 -
201.245.192.253 - - [21/Dec/2023:01:55:24 -0500] "POST /forms/lservlet;jsessionid=ac16012b30d65f92fa67ce9340589b498a1304d31ae2.e3iSbxaKaheRe34Qc38TbN0Nb41ynknvrkLOlQzNp65In0 HTTP/1.1" 200 2
156.59.198.135 - - [21/Dec/2023:01:55:34 -0500] "GET /BLA/resoluciones/AUTOS%202023/0555.pdf HTTP/1.0" 200 427363
156.59.198.135 - - [21/Dec/2023:01:55:58 -0500] "GET /BLA/resoluciones/RESOLUCIONES%202018/4053.pdf HTTP/1.0" 200 328077
201.245.192.253 - - [21/Dec/2023:01:56:10 -0500] "POST /forms/lservlet;jsessionid=ac16012b30d648d4d7e95c6a498d8fc6bd063871f06c.e3iSbxaKaheRe34Qc38TbN0Nb41ynknvrkLOlQzNp65In0 HTTP/1.1" 200 2
172.22.2.4 - - [21/Dec/2023:01:54:32 -0500] "HEAD /BLA/boletinlegal/ HTTP/1.1" 200 -
156.59.198.135 - - [21/Dec/2023:01:56:22 -0500] "GET /BLA/resoluciones/RESOLUCIONES%202010/1356.pdf HTTP/1.0" 200 356046
191.104.115.132 - - [21/Dec/2023:01:56:43 -0500] "GET /kwssiamovil/sm/ldap/au?x=U2FsdGVkX1+Z80pnQL363lFMJyGbyPWF27jXn6bY6z+r6AQrvo1D/i4RG1V/VMk9&y=U2FsdGVkX1+EOkbAfhuEuy4CWFTMOV7s8QbNAd48CTBoz0xDxNMVD3U/yFDU2hBd HTTP/1.1" 200 31
156.59.198.135 - - [21/Dec/2023:01:56:47 -0500] "GET /BLA/resoluciones/RESOLUCIONES%202008/4110.pdf HTTP/1.0" 200 364109
191.104.115.132 - - [21/Dec/2023:01:56:59 -0500] "GET /kwssiamovil/sm/ldap/au?x=U2FsdGVkX18SVbJhutevLooW/RZkZlXKVgtHfaEXGKm+pph9zNb+pMsKbV61a1Qo&y=U2FsdGVkX19lxKQokn8YfI0RGsCUSmr3fGrINlfvlQEYTa3sePY56yH/DutCc9Gg HTTP/1.1" 200 30
191.104.115.132 - - [21/Dec/2023:01:57:00 -0500] "GET /kwssiamovil/sm/acme/s?s=U2FsdGVkX1+Q7FKImzdhtyOjSR0lq9RH1Ga+tAGhgw8hO00Lee/N+aaK+dUO92l1jq11CNOyXpfDjTdjud5a7q7eWl+HQWBPF7KAqsdkATY=&u=U2FsdGVkX1+zT+kj3qEaa5m/uwmWKDmqK4zXJtHQu+U=&y=U2FsdGVkX19lxKQokn8YfI0RGsCUSmr3fGrINlfvlQEYTa3sePY56yH/DutCc9Gg HTTP/1.1" 200 97
191.104.115.132 - - [21/Dec/2023:01:57:00 -0500] "GET /kwssiamovil/sm/acme/s?s=U2FsdGVkX1/sVJkD/gG5zvleia70EGO1IXa1/SCEwSA+gTYClLQBfHZtnTVJwWzk4IMR0npNZJcjIad2c1M8IwT5d51/2JQx1CzuKsXNFPjvw3b4IXufnfszGjDMzHU47y/BVo3v2C/uF9KoKvlr4jMIk3372di06lY4UPq4Pxv9RAmsGOsM0nWVw/EQ4VFDDHaSbLFwkMWR9rEc5b8ZjD6QFwGjkprZZ+4zi6wkQDvIThtOUgC46vKD63B9jdrN3E29l4qLSe3Q/iejgBlr7tAJr1VIdWlzg8+D1oVppHsJN2XKZ0lFF+RCm8qacUFKABiBYGlW1M117qeZZb+6b1UluYICU2UE21hkF0AG+H6lBut8Wf093IJu6khddapBJtQr+hhzxxb2rE6QsdZkUoPRwnpQKAdCZhxLZMXtzSWW7XC1K/QJu17GEyShjC3dg+qd8RpquwJDJnBMx8vLnQwDNLwVsL3B29fmGDAFziIK/hjUWoresagzJAfsy8iPyBmicj+YuRraNnYNChzrNQSCKtTr9efWs6oaLfwY+w3WYmrBFE7chveQE4TA6gxlF/eD4cAv6K2x5NH7JdPFRJmE+nBU7/NJwP6jpkYyk0LsxbrILFyZR4Psqdp3koJO8N2kxkS3jjsOcapmh3Gyk7EW7TaOvKi0xY4vt6fbbSY15wRLCHlYo76DOWL4YaFgKsde0KghvhsfqEHMMtZ+odnXX7mSUYr+JqQplZ7hspGvcjRL/rEJzloGFJ+ukbfBCuf5bA2aw+qJ3cXddXZe9iPwOmnYLRFQmyi0gZ5+WEiVtd+YRGBekiN/QxcFLXIKwW9CKGAViy5Igw84LkzGNEclcpRmtXWx/XjGb0ypK8iEYoL1ZTPVKJhwgF6LuQCVj0c56fQ+Tt/ZnBS8lcuQKTeaKaH+az2FSQ8Lc4SBMryO/iw1GSt5hdU4sFGPR86sas3aSti2xrIQfT+LSe/JGY1nwjnX4ylhtPmG9PHY7ednYaiZqaztRR8GxUXZ2waFO4h3wpT0WnSs+HEYDZ8Fam78TMNuWgIJaJbKCYjjqDB1zOxNCEwYimL6y7A/lVzNsMPpnHOI+bYwjrRQfrx/lOVqzqh3p5mBfpzTgqR/T9o1sMjlo2KeFgwIz4uARqTN2AelbJAN0G1ySHtbW+lJNR0aVkSoXYtUe8gbfoBRCIOo4q0lDhpvur1kedjl9rdx+FXKMa6ZP99rVV+oNt3RSy8Faw/bpafi3FUUMDq7D2kQsPW9ZcbOXkJ6f1DS1o3BM27AG/m2Y6FdU+3te838LgYUWmoB4Y1kfp/EO7pj/+yEHX4dlMq8jHrnrxBpKANQS0ckcSk+KzUyv6wNflkB00MxOMuGTNXElxYU6tlTU7q8HJJVUsRoyNkdyLJKBugzAC4fMokgw1S/gP0PBR6NVW+BJBN15afaVV0PHLJiBXEXVsQueRixIM0Tbqx9FdqRxYr5ycl6AoioOAygWkEmeJ/0yxomqBqyf61YlZBbjnhCWG/Sm+4H2WpcZV7cjQgoQCrzObfcJ7dvOcmW0g57UnP9DhrBSqtkpu6rJ04lL9rJjFJwzlNkQ6Ws1dXBiJR6XM/ssenSDLdwielsW6YKyxWyBnW77dUgMriH+TKcSUyZTlLTzzH5r2gwGENe64UeYJJDGWphxhWvIlZjcnCWcEHqSIL/qhm+x/oSv9xnmUpqr8boIh6L6H/xpSBymoFNPXDiPXf7jTTC3svNHdqyYHp4Fe2geV+dB3B9sz7Nqt0=&u=U2FsdGVkX1+zT+kj3qEaa5m/uwmWKDmqK4zXJtHQu+U=&y=U2FsdGVkX19lxKQokn8YfI0RGsCUSmr3fGrINlfvlQEYTa3sePY56yH/DutCc9Gg HTTP/1.1" 200 1695
191.104.115.132 - - [21/Dec/2023:01:57:00 -0500] "GET /kwssiamovil/sm/acme/s?s=U2FsdGVkX1/fkHutehKqXm3eCC0nGYABTqN1UyEpzm+vjfbsWl7ala3t1xgVNf+5z6YetRUKkQKghVOaJh4+X3btXBcI7Tp0vSlWYejwvIiunOguQ0f1MqqkUnaFmvhp5Hgbvyp3PIvtkEPA2+FJSMsQCCKLm8Brlhd5kmZ2F3w04VLdbe1PVbaN6HdHLm+HNZW19QfXyN8GG4uy6BryeF/kphJrZTRU0qRH3xGJ1qofvUgjBbzAKh6rgM2Y4l9BUIBXHrSHOM00V1D3EFmJTRQ89KqZO4x4RvrMRlyNltcMd/e2bxaQnpemT0BbPryIjQPNzf19x0vir3W1lekxHZiJzPSygR6Z7lrqp4Q6yI60X7iiWPIe4qIzVON0ne9UEOZ5opcJgbtyXOUQNebirmoDk7yD7PKRbAhhyj0Oz/FEDRbKBYX5F6whvJsXHKyi1PUWYecPybwfRk1qLhc0a1mDI1BQL9Ri/iuBL41xIAQNak7r5kZRUU2pl1hh4lOVWYVh5M/Isq8TSGyWCYCiFDti7tazc3YqrkJ/+FtVBfQIAnpRcQuQLX/fvXgnn89di97L+EQ2Vu+1kY0k5oEqAeO8YKlItBpPGMhZ4gePUIz7wd3xVS0lK3vNoqU+6h8pkJywUdO17hSrWsHWNjTh8z7gLsTUeCL9eLb/aw+11w/N7KhS11KDti02BHcyBhvwlQoOifN4h65OVfuzotp2KPRrDyFR/SW+mqYbXovBJTajwk+s+Nq2LMtNwAGwuANn&u=U2FsdGVkX1+zT+kj3qEaa5m/uwmWKDmqK4zXJtHQu+U=&y=U2FsdGVkX19lxKQokn8YfI0RGsCUSmr3fGrINlfvlQEYTa3sePY56yH/DutCc9Gg HTTP/1.1" 200 208
191.104.115.132 - - [21/Dec/2023:01:57:00 -0500] "GET /kwssiamovil/sm/cjson/pre?f=1&x=U2FsdGVkX18SVbJhutevLooW/RZkZlXKVgtHfaEXGKm+pph9zNb+pMsKbV61a1Qo HTTP/1.1" 200 31032
172.22.2.4 - - [21/Dec/2023:01:55:22 -0500] "GET /BLA/boletinlegal/ HTTP/1.1" 200 58567
156.59.198.135 - - [21/Dec/2023:01:57:11 -0500] "GET /BLA/resoluciones/Notificaciones/AUTOS%202017/1776.pdf HTTP/1.0" 200 308732
199.16.157.182 - - [21/Dec/2023:01:57:14 -0500] "GET /images/pl%C3%A1sticos%20foto%201..jpg HTTP/1.1" 404 1034
201.245.192.253 - - [21/Dec/2023:01:57:24 -0500] "POST /forms/lservlet;jsessionid=ac16012b30d65f92fa67ce9340589b498a1304d31ae2.e3iSbxaKaheRe34Qc38TbN0Nb41ynknvrkLOlQzNp65In0 HTTP/1.1" 200 2
156.59.198.135 - - [21/Dec/2023:01:57:36 -0500] "GET /BLA/resoluciones/AUTOS%202023/2621.pdf HTTP/1.0" 200 1342273
157.55.39.204 - - [21/Dec/2023:01:57:44 -0500] "GET /catalogoisis/imagenes/br3c3.gif HTTP/1.1" 200 186
156.59.198.135 - - [21/Dec/2023:01:58:01 -0500] "GET /BLA/resoluciones/AUTOS%202014/2288.pdf HTTP/1.0" 200 495374
201.245.192.253 - - [21/Dec/2023:01:58:10 -0500] "POST /forms/lservlet;jsessionid=ac16012b30d648d4d7e95c6a498d8fc6bd063871f06c.e3iSbxaKaheRe34Qc38TbN0Nb41ynknvrkLOlQzNp65In0 HTTP/1.1" 200 2
114.119.148.105 - - [21/Dec/2023:01:58:21 -0500] "GET /robots.txt HTTP/1.1" 404 1018
156.59.198.136 - - [21/Dec/2023:01:58:25 -0500] "GET /BLA/resoluciones/Notificaciones/AUTOS%202017/3397.pdf HTTP/1.0" 200 280530
156.59.198.135 - - [21/Dec/2023:01:58:50 -0500] "GET /BLA/resoluciones/AUTOS%202014/3924.pdf HTTP/1.0" 200 492470
125.75.66.97 - - [21/Dec/2023:01:58:52 -0500] "GET / HTTP/1.1" 200 319
66.249.66.193 - - [21/Dec/2023:01:59:09 -0500] "GET /consulta-y-conoce-los-proyectos-de-resolucion-de-para-los-planes-de-manejo-ambiental-de-cinco-humedales-en-bogota.html HTTP/1.1" 304 -
156.59.198.136 - - [21/Dec/2023:01:59:13 -0500] "GET /BLA/resoluciones/AUTOS%202023/1155.pdf HTTP/1.0" 200 628818
201.245.192.253 - - [21/Dec/2023:01:59:24 -0500] "POST /forms/lservlet;jsessionid=ac16012b30d65f92fa67ce9340589b498a1304d31ae2.e3iSbxaKaheRe34Qc38TbN0Nb41ynknvrkLOlQzNp65In0 HTTP/1.1" 200 2
201.245.192.253 - - [21/Dec/2023:01:59:24 -0500] "POST /kwsrmcab/Wsrmcab  HTTP/1.1" 200 40220
156.59.198.135 - - [21/Dec/2023:01:59:38 -0500] "GET /BLA/resoluciones/RESOLUCIONES%202010/1754.pdf HTTP/1.0" 200 734126
156.59.198.136 - - [21/Dec/2023:02:00:02 -0500] "GET /BLA/resoluciones/Notificaciones/AUTOS%202014/0074.doc HTTP/1.0" 200 229888
201.245.192.253 - - [21/Dec/2023:02:00:10 -0500] "POST /forms/lservlet;jsessionid=ac16012b30d648d4d7e95c6a498d8fc6bd063871f06c.e3iSbxaKaheRe34Qc38TbN0Nb41ynknvrkLOlQzNp65In0 HTTP/1.1" 200 2
216.245.221.92 - - [21/Dec/2023:02:00:10 -0500] "HEAD / HTTP/1.1" 200 -
156.59.198.135 - - [21/Dec/2023:02:00:26 -0500] "GET /BLA/resoluciones/Notificaciones/AUTOS%202014/2177.doc HTTP/1.0" 200 215552
156.59.198.136 - - [21/Dec/2023:02:00:50 -0500] "GET /BLA/resoluciones/AUTOS%202014/6035.pdf HTTP/1.0" 200 419036
156.59.198.136 - - [21/Dec/2023:02:01:14 -0500] "GET /BLA/resoluciones/RESOLUCIONES%202008/4985.pdf HTTP/1.0" 200 213422
201.245.192.253 - - [21/Dec/2023:02:01:24 -0500] "POST /forms/lservlet;jsessionid=ac16012b30d65f92fa67ce9340589b498a1304d31ae2.e3iSbxaKaheRe34Qc38TbN0Nb41ynknvrkLOlQzNp65In0 HTTP/1.1" 200 2
156.59.198.135 - - [21/Dec/2023:02:01:39 -0500] "GET /BLA/resoluciones/AUTOS%202014/6724.pdf HTTP/1.0" 200 168828
172.22.2.4 - - [21/Dec/2023:02:00:21 -0500] "HEAD /BLA/boletinlegal/ HTTP/1.1" 200 -
156.59.198.136 - - [21/Dec/2023:02:02:03 -0500] "GET /BLA/resoluciones/AUTOS%202017/5241.pdf HTTP/1.0" 200 771447
201.245.192.253 - - [21/Dec/2023:02:02:10 -0500] "POST /forms/lservlet;jsessionid=ac16012b30d648d4d7e95c6a498d8fc6bd063871f06c.e3iSbxaKaheRe34Qc38TbN0Nb41ynknvrkLOlQzNp65In0 HTTP/1.1" 200 2
156.59.198.136 - - [21/Dec/2023:02:02:27 -0500] "GET /BLA/resoluciones/RESOLUCIONES%202007/RES%202007%204001%20AL%204100/RESOLUCION%204069%20DE%202007.pdf HTTP/1.0" 200 361150
156.59.198.136 - - [21/Dec/2023:02:02:51 -0500] "GET /BLA/resoluciones/Notificaciones/AUTOS%202015/0557.doc HTTP/1.0" 200 148470
172.22.2.4 - - [21/Dec/2023:02:01:12 -0500] "GET /BLA/boletinlegal/ HTTP/1.1" 200 60502
156.59.198.135 - - [21/Dec/2023:02:03:16 -0500] "GET /BLA/resoluciones/AUTOS%202023/1892.pdf HTTP/1.0" 200 424854
201.245.192.253 - - [21/Dec/2023:02:03:24 -0500] "POST /forms/lservlet;jsessionid=ac16012b30d65f92fa67ce9340589b498a1304d31ae2.e3iSbxaKaheRe34Qc38TbN0Nb41ynknvrkLOlQzNp65In0 HTTP/1.1" 200 2
156.59.198.136 - - [21/Dec/2023:02:03:40 -0500] "GET /BLA/resoluciones/AUTOS%202014/6819.pdf HTTP/1.0" 200 371439
191.104.115.132 - - [21/Dec/2023:02:03:54 -0500] "GET /kwssiamovil/sm/acme/a?s=U2FsdGVkX1/mSLYqcfIEXhBUb/BM3f0pT+aiI9vi7E513LL9098RHQH0RsN6nvX1taaMIoezQ34oeV9LnmYGS9Z0nC4NEsIHqkTjuMHLQwBlIySpdvE6IXpfr7qSQ7gEXzCctV4mTvEPT9+GtXH1V8YNsjxBEWezv7P0A42QW/PFiBzndb2L6+7wDSPfTnMtwqA0wQd+hB7fJb2SlqaGYLSB1bClC5WGbe2it/aREGJCOIE8D/niRWE4X+UF+U1KSpyA1D7pGlxjcxdUkuEZoQ==&u=U2FsdGVkX1+zT+kj3qEaa5m/uwmWKDmqK4zXJtHQu+U=&y=U2FsdGVkX19lxKQokn8YfI0RGsCUSmr3fGrINlfvlQEYTa3sePY56yH/DutCc9Gg HTTP/1.1" 200 26
191.104.115.132 - - [21/Dec/2023:02:03:54 -0500] "GET /kwssiamovil/sm/acme/a?s=U2FsdGVkX1+Gz+/f2UkEfB1SDN3A06sTPxo7pO1Sg4W8rWpvkBXfOMhXQI8aBivJMxaG3tGTm1Jd0KZ1zMyF1Kpnx3nnyKEcUee6yrXV7tqPBh3gHxpzxf+wUUy2Bosh3QE3gx9QfRJMqt0kKgriRc8m7mAmTFouKSRjoka3wHXFMJULfSfga1c0R+oczsVvh70h/vPA9OM4zck1gSo5wF/30SaUJjCLAsDFDIBLVaLWTTySZx2EoYs/6LWkQ07pSuPY8X/2smI4lmCqO3jBPpgUGQbESGfMrqZgGTrPzFK//ReQLfDG1aElS2vk3OwdvT1ePYa9mOmyqyv8WRHnmurEJFoRm72ws8R0fcSnliohEgG37mV253nnQSP/9hNuDomjTXm/nSGlq/xESuTAhTFpWJX6Zza9EJL44+5ScknTp2Ypc9ksuFRbnrYIrRxthCs0Vs7WIAzDi6hSP0ZCvqXdGuV9jddBMx0+1NyGcKWBNQXYnhB8DRXR9S+ycMyamf6Z0jP+y2ly/js+YjIeGw4G0/8qdu/KwP6ILyaVYY09ZKNNONXFHDokTa+FYi7ckDtFLK39XSV1KHqt+7QQ0gvHlMEQbf02b/8WcBUmqNAE2oVtMbUuMZ4gB04eVRmXtH5pp4yZVtlAa1SvDNHAQq0u992P3OBUJH4p2bTFTqRTS/XYVk4X/sXkFeXbfPmTiKIQwYwfubt9VNvqvqDEnc1yrWh7VogJ/8sfDn5TaZtrcVXn7HbTn7TrdHOjcdwX6iPBPpDKxeZDRTL2ySVF2f0HXyuQzBS1sH7pImWtb8DpOkCve3SUb6DprmZu3gWPxKU0feV9ziK1opPhXVnGmVEUxpEQ2xg6c8S5sOZJIeF0Ubu3/UtWfZnjAHRhQ0aG37MX9Yb3fhiQ6u58bkzjRtqTMXiaMHKPggwSQ4xuoyPilGZ6c/is0VZZN7UqpLl3/krABL7kNpKuM5ntaZKFAtJIUFxYW2FHkrdjvMMBi/GaXQh1i4a2ooiHD9JpbFjOrBJufK+wLw1v+/YSeZydtfb5SUaYKTqjJLVvO+ih10sX7rUMmMxJEPzZ0kMwmK7H9qU9F5IGiYpT233GQvABfVdj2gyTT57hxhiFfOW0VNitDZvKddZxZ9fXqVfItrgBXXmXYWrUpfOC0YHH99LX5QkIapZq0XkhUA8+UL/KLbeD396OcyJR718t06RFAhXxOEcqzN/V6Qxh7uIII24IiixXA8Skb8mNVt11P77dGKriShBVlp+nN9+7s4azlVHaGpVlHtmvy8WX+KPVbMyKlJv2O6VE9EPDDM31NtQqNTWCIbUp9AJyo+mJEMemWyuSRsm3siC6VNqdhJRbtOamQIqj3QCsCdgTXvnGzvheTfFxWHTlgx0BnphqqU16NLP4cM117iKoJ2vUexBlpPsAeplWb8VgXT69kgc8VHa7Xdct+InMs06+FMO9IWHRx39jmNwwWWn9mWBjQdi2zWsG3xJkspSSuAs2Cbg5Krxws1cGTJpdHFNSidC1Z+z9akgmN8gCKdEyKeQsfLHamesFBX1cUelHIqEwehBNqhTV1r1tL6I2/2UjFNR2twHOWg2KIopqJFo7RT0kZVEh+XNMw82zmDiMbpJuEKNTU3lseu6k6xgf1E8YtPGChaRXzm6AoON2GbvURXvd+uCWMMkoc3PxX6PssuxFWoWpE37jz+r5WET81MwfqOwLYGFnzfwf+z3FCchlvOfe65EVtTjfS1w1nBxeyB6nwlubImBi7N4KwxNztDYDSPv77rmvPqHCWI5+YU4d1rr2tS/XdA+UjzapkEfd3gV3RXeFaF+RHuXoG6AeU09chOHSFS2hEelOqazEbOs0ULUOJiPF71WGW42WQU+L0P6rDWf4c7JcV2XtTKWAbJKChRHxgmKATzw0SWhCnl8i1Ir2CfRoggIvyCK6OtvsGH1v6o4L/dd5rACNNy3mbsLiQPU63d9RAE3o0bRjuSYzMfb+jhcEPl2vDawrlxhjGCAqAhhIWwc0/qKlQXe+gvw3ndw/4M8dqUcFQkDrGHQSP90cg3MXXA0HzRGQsTjhqratPIcFhFomniy36qF6ux3uc+3t6jIkvcJQjTJ2pWTGYaGZrQkI8Ke4bw8wDa5V4ppcJn7DNubAI1jUFiZ9vRn8YAu+bgu4LfAyeqqyyuZfti2Ce99i9NvyYebqkCORplJqC2YrqaDhqwy13sw7S9jiVS0dIaNAOGYBytzH4PuChFkSjlv37FO4nrkOEILAda28N6TA4xZGl57wLgh3Yetdu1JmOSSgXRsIfMIoZsUEjeK61U1Y+X4gXO/fv/ghqQDVFDD1mC/rFdxBHRIAWKDZaZyG6MjAD+C5wirUKhRteO3NQQXmpjhwyqk0s884IUVu0DV5SfNTG9+ieNZ0k/74LCeD50kFyzNGH1ZhWIMHoxhL1c/jZW5p03kd/iH48xTgXxJ6CO6cngIxzp2JxmYtwdFVrzakJtFe0DIhis3Ea1mVyeLsgqflo9+loklKbkK5pldDxwcTmcf9+7mG61sIaqkM5qhNFj4qW0fujsYOf7aycY7CT4YHPIkoQmrqOjvQjEiH2AvKmf9nKq1DT7R770MaNCyzf2tOWitIJ8i+31Uk0huJJkYi9dl1Vst8na7lB0xZD13JZC6qdhq1NB/v4QbIw90QlfteA19M7RU29GemOC36WOgcGFjEOQewjUT9jNlhdVNIq+N0EszJyNI3DlUJrXgllRfBI8tp7uFgU/c8EWvj8tOcqkrsDH/o1aEct8wSOkhyCbgBoevzIGT5UGwZK1I0pypJGZBZKeCDjvsvM2DWtmyU8wAzf3t7TXYt2BWLRkG7ZOT7ksSwSpB9nZRQpAKT+IHG63hhtIw43xxnE/MkLQSlBtUgT0h41l0NRH5dHT5wi4RDbrNtV7GZiMY0nRdsvIjYVtYHVcEuIXupeCt0u095Km6ZOwX4heXPtNFRpb6vEGVyG4LGleM1pHXMm86VOzVNw/WQf2wB0/1vco7XNdcfxgNEXpyQAbl5K1W9ZcIY7AEslHLjRtYjk9QXF/XvjrIYeVeT4LU/4o9+UIujLSNGj6w6tJqEn7dZJukoW2Fb7zDKKODev4QBnHNUpspfwIX+QGo/Gwbxq3+RzuvNsOe8DI2yDdfj3gW0gfkzMZASN/7QmUFhR5AqWkQL3MIEyqkDlFlm3F1jAlRvQUUXpxExC9NGEJc1LgerIxanz0u9S7MJUrRTegak+LivJnpP7xiq2fP6HJdmKj26dnQ+SChznHVNE4tZQy3JPRnU12VNr64kJaV/DpnS+D+BrguN5G1evNetHBIWmfSWVb89p78qfxkDJBzur0oNJa9GFH3ZTBK/+48oXgCPRR+NB1UzhZwyEiRRseBNhVzdQuaSHcSXf47vaoNigP5fLNGY3xmfNN0=&u=U2FsdGVkX1+zT+kj3qEaa5m/uwmWKDmqK4zXJtHQu+U=&y=U2FsdGVkX19lxKQokn8YfI0RGsCUSmr3fGrINlfvlQEYTa3sePY56yH/DutCc9Gg HTTP/1.1" 200 26
191.104.115.132 - - [21/Dec/2023:02:03:54 -0500] "GET /kwssiamovil/sm/acme/a?s=U2FsdGVkX19yNIOCHjnQLwjd30CKcVyRmLBSACNiA7r1XyDx4cGXG2PIGTYKZIxJk5cPfoxVzw4+fd/jW2jZ1gMlmefDeYG8je7mczUa+IoubcUI5hx5GnjDTlORS/vCtlkyvFmPE5XuTjj/iwqJ9JRETqrdeK80i7Jk9lMP70U=&u=U2FsdGVkX1+zT+kj3qEaa5m/uwmWKDmqK4zXJtHQu+U=&y=U2FsdGVkX19lxKQokn8YfI0RGsCUSmr3fGrINlfvlQEYTa3sePY56yH/DutCc9Gg HTTP/1.1" 200 26
191.104.115.132 - - [21/Dec/2023:02:03:55 -0500] "GET /kwssiamovil/sm/acme/a?s=U2FsdGVkX1+PuKT95i4pfKFC3kEnEXQaXEgdFt6vrU/7OEEbkegODnpp4t0sNdqYSnApmwoMgPB5/dYdRHmCTMsJuUu/yO9HyAgPO9LyMY6wMEv5Vymclz01L5ANeO7hM3NoxnfTxQSKE/8amfF4sNwzV8Yt+/OjQAHULvNxx+8=&u=U2FsdGVkX1+zT+kj3qEaa5m/uwmWKDmqK4zXJtHQu+U=&y=U2FsdGVkX19lxKQokn8YfI0RGsCUSmr3fGrINlfvlQEYTa3sePY56yH/DutCc9Gg HTTP/1.1" 200 26
191.104.115.132 - - [21/Dec/2023:02:03:55 -0500] "GET /kwssiamovil/sm/acme/a?s=U2FsdGVkX1+5Fa7Aq32QaiZdA8MCY6EHE1BcfhNqszWGXM1p4kCY8wvLMOKXMOZOHnmtWEVYAlV1tuFp77Np6xW8tdAh93dY7ietZoaAtA1Kz4LW4PfeYgv4N+4KCDYEdzwA7j2iQkAthtYemux5pdOOCWvKvuYGTqhb9mvWkr4=&u=U2FsdGVkX1+zT+kj3qEaa5m/uwmWKDmqK4zXJtHQu+U=&y=U2FsdGVkX19lxKQokn8YfI0RGsCUSmr3fGrINlfvlQEYTa3sePY56yH/DutCc9Gg HTTP/1.1" 200 26
191.104.115.132 - - [21/Dec/2023:02:03:55 -0500] "GET /kwssiamovil/sm/acme/a?s=U2FsdGVkX187eSXOphR+UfleN0kzfcd8VgAoKAN8jOilyvds00rszSgyZLNxBbZwFfaiM6I+kVonK1pvhTKKaBQnlS23SprBJTYVpTBxnAwIh0Qvg+2vnvbJO8ha9124XAyc7RT/mxjt5LTpex9tdpJOgzWSLCcV8Iszq5D8gYFA8iz5IKSiDOTyuPTv35g4ophINv6+W10tE0RM8KGo+A==&u=U2FsdGVkX1+zT+kj3qEaa5m/uwmWKDmqK4zXJtHQu+U=&y=U2FsdGVkX19lxKQokn8YfI0RGsCUSmr3fGrINlfvlQEYTa3sePY56yH/DutCc9Gg HTTP/1.1" 200 26
156.59.198.135 - - [21/Dec/2023:02:04:04 -0500] "GET /BLA/resoluciones/RESOLUCIONES%202010/0551.pdf HTTP/1.0" 200 495000
201.245.192.253 - - [21/Dec/2023:02:04:10 -0500] "POST /forms/lservlet;jsessionid=ac16012b30d648d4d7e95c6a498d8fc6bd063871f06c.e3iSbxaKaheRe34Qc38TbN0Nb41ynknvrkLOlQzNp65In0 HTTP/1.1" 200 2
201.245.192.253 - - [21/Dec/2023:02:04:22 -0500] "POST /kwsrmcab/Wsrmcab  HTTP/1.1" 200 40220
156.59.198.136 - - [21/Dec/2023:02:04:29 -0500] "GET /BLA/resoluciones/RESOLUCIONES%202018/1525.pdf HTTP/1.0" 200 356091
156.59.198.135 - - [21/Dec/2023:02:04:53 -0500] "GET /BLA/resoluciones/AUTOS%202023/5890.pdf HTTP/1.0" 200 1016154
216.245.221.92 - - [21/Dec/2023:02:05:10 -0500] "HEAD / HTTP/1.1" 200 -
156.59.198.135 - - [21/Dec/2023:02:05:16 -0500] "GET /BLA/resoluciones/RESOLUCIONES%202008/4022.pdf HTTP/1.0" 200 568122
201.245.192.253 - - [21/Dec/2023:02:05:24 -0500] "POST /forms/lservlet;jsessionid=ac16012b30d65f92fa67ce9340589b498a1304d31ae2.e3iSbxaKaheRe34Qc38TbN0Nb41ynknvrkLOlQzNp65In0 HTTP/1.1" 200 2
156.59.198.135 - - [21/Dec/2023:02:05:40 -0500] "GET /BLA/resoluciones/RESOLUCIONES%202010/1715.pdf HTTP/1.0" 200 396824
156.59.198.136 - - [21/Dec/2023:02:06:05 -0500] "GET /BLA/resoluciones/RESOLUCIONES%202010/0014.pdf HTTP/1.0" 200 412999
201.245.192.253 - - [21/Dec/2023:02:06:10 -0500] "POST /forms/lservlet;jsessionid=ac16012b30d648d4d7e95c6a498d8fc6bd063871f06c.e3iSbxaKaheRe34Qc38TbN0Nb41ynknvrkLOlQzNp65In0 HTTP/1.1" 200 2
156.59.198.136 - - [21/Dec/2023:02:06:30 -0500] "GET /BLA/resoluciones/RESOLUCIONES%202008/3736.pdf HTTP/1.0" 200 339216
156.59.198.135 - - [21/Dec/2023:02:06:54 -0500] "GET /BLA/resoluciones/RESOLUCIONES%202010/1411.pdf HTTP/1.0" 200 535031
156.59.198.136 - - [21/Dec/2023:02:07:19 -0500] "GET /BLA/resoluciones/RESOLUCIONES%202008/4835.pdf HTTP/1.0" 200 27387
201.245.192.253 - - [21/Dec/2023:02:07:24 -0500] "POST /forms/lservlet;jsessionid=ac16012b30d65f92fa67ce9340589b498a1304d31ae2.e3iSbxaKaheRe34Qc38TbN0Nb41ynknvrkLOlQzNp65In0 HTTP/1.1" 200 2
156.59.198.136 - - [21/Dec/2023:02:07:44 -0500] "GET /BLA/resoluciones/AUTOS%202023/5038.pdf HTTP/1.0" 200 1761821
172.22.2.4 - - [21/Dec/2023:02:06:11 -0500] "HEAD /BLA/boletinlegal/ HTTP/1.1" 200 -
156.59.198.135 - - [21/Dec/2023:02:08:09 -0500] "GET /BLA/resoluciones/RESOLUCIONES%202008/5307.pdf HTTP/1.0" 200 256465
201.245.192.253 - - [21/Dec/2023:02:08:10 -0500] "POST /forms/lservlet;jsessionid=ac16012b30d648d4d7e95c6a498d8fc6bd063871f06c.e3iSbxaKaheRe34Qc38TbN0Nb41ynknvrkLOlQzNp65In0 HTTP/1.1" 200 2
207.46.13.31 - - [21/Dec/2023:02:08:22 -0500] "GET /requerimientos/css/bootstrap.min.css HTTP/1.1" 200 113506
207.46.13.31 - - [21/Dec/2023:02:08:23 -0500] "GET /requerimientos/css/dataTables.bootstrap.css HTTP/1.1" 200 7721
156.59.198.136 - - [21/Dec/2023:02:08:33 -0500] "GET /BLA/resoluciones/AUTOS%202014/6406.pdf HTTP/1.0" 200 1108691
172.22.2.4 - - [21/Dec/2023:02:07:02 -0500] "GET /BLA/boletinlegal/ HTTP/1.1" 200 52418
156.59.198.135 - - [21/Dec/2023:02:08:57 -0500] "GET /BLA/resoluciones/Notificaciones/AUTOS%202017/03448.pdf HTTP/1.0" 200 308579
156.59.198.136 - - [21/Dec/2023:02:09:21 -0500] "GET /BLA/resoluciones/AUTOS%202023/0885.pdf HTTP/1.0" 200 419944
201.245.192.253 - - [21/Dec/2023:02:09:21 -0500] "POST /kwsrmcab/Wsrmcab  HTTP/1.1" 200 40220
201.245.192.253 - - [21/Dec/2023:02:09:24 -0500] "POST /forms/lservlet;jsessionid=ac16012b30d65f92fa67ce9340589b498a1304d31ae2.e3iSbxaKaheRe34Qc38TbN0Nb41ynknvrkLOlQzNp65In0 HTTP/1.1" 200 2
157.55.39.61 - - [21/Dec/2023:02:09:36 -0500] "GET /BLA/resoluciones/RESOLUCIONES%202019/0408.pdf HTTP/1.1" 200 271147
156.59.198.136 - - [21/Dec/2023:02:09:46 -0500] "GET /BLA/resoluciones/RESOLUCIONES%202007/RES%202007%202401%20AL%202500/RESOLUCION%202479%20DE%202007.pdf HTTP/1.0" 200 500664
201.245.192.253 - - [21/Dec/2023:02:10:10 -0500] "POST /forms/lservlet;jsessionid=ac16012b30d648d4d7e95c6a498d8fc6bd063871f06c.e3iSbxaKaheRe34Qc38TbN0Nb41ynknvrkLOlQzNp65In0 HTTP/1.1" 200 2
216.245.221.92 - - [21/Dec/2023:02:10:10 -0500] "HEAD / HTTP/1.1" 200 -
156.59.198.135 - - [21/Dec/2023:02:10:11 -0500] "GET /BLA/resoluciones/RESOLUCIONES%202007/RES%202007%202401%20AL%202500/RESOLUCION%202411%20DE%202007.pdf HTTP/1.0" 200 850580
156.59.198.135 - - [21/Dec/2023:02:10:35 -0500] "GET /BLA/resoluciones/AUTOS%202014/7336.pdf HTTP/1.0" 200 296342
156.59.198.136 - - [21/Dec/2023:02:10:59 -0500] "GET /BLA/resoluciones/RESOLUCIONES%202010/1699.pdf HTTP/1.0" 200 307584
156.59.198.136 - - [21/Dec/2023:02:11:24 -0500] "GET /BLA/resoluciones/Notificaciones/AUTOS%202015/4112.doc HTTP/1.0" 200 187392
201.245.192.253 - - [21/Dec/2023:02:11:24 -0500] "POST /forms/lservlet;jsessionid=ac16012b30d65f92fa67ce9340589b498a1304d31ae2.e3iSbxaKaheRe34Qc38TbN0Nb41ynknvrkLOlQzNp65In0 HTTP/1.1" 200 2
152.61.128.50 - - [21/Dec/2023:02:11:32 -0500] "GET /arcgis/services/Calidad_del_Agua_WQI/MapServer/WMSServer?request=GetCapabilities&service=WMS HTTP/1.1" 503 1020
152.61.128.50 - - [21/Dec/2023:02:11:33 -0500] "GET /arcgis/services/Calidad_del_Agua_WQI/MapServer/WMSServer?SERVICE=WMS&REQUEST=GetCapabilities HTTP/1.1" 503 1020
152.61.128.50 - - [21/Dec/2023:02:11:34 -0500] "GET /arcgis/services/Calidad_del_Agua_WQI/MapServer/WMSServer?WMTVER=1.0.0&REQUEST=capabilities HTTP/1.1" 503 1020
157.55.39.8 - - [21/Dec/2023:02:11:40 -0500] "GET /BLA/resoluciones/AUTOS%202023/8579.pdf HTTP/1.1" 200 336728
156.59.198.135 - - [21/Dec/2023:02:11:47 -0500] "GET /BLA/resoluciones/RESOLUCIONES%202010/1571.pdf HTTP/1.0" 200 500547
201.245.192.253 - - [21/Dec/2023:02:12:10 -0500] "POST /forms/lservlet;jsessionid=ac16012b30d648d4d7e95c6a498d8fc6bd063871f06c.e3iSbxaKaheRe34Qc38TbN0Nb41ynknvrkLOlQzNp65In0 HTTP/1.1" 200 2
156.59.198.135 - - [21/Dec/2023:02:12:13 -0500] "GET /BLA/resoluciones/RESOLUCIONES%202008/5682.pdf HTTP/1.0" 200 203513
156.59.198.136 - - [21/Dec/2023:02:12:36 -0500] "GET /BLA/resoluciones/Notificaciones/AUTOS%202015/0558.doc HTTP/1.0" 200 159744
156.59.198.135 - - [21/Dec/2023:02:13:01 -0500] "GET /BLA/resoluciones/Notificaciones/RESOLUCIONES%202017/03506.pdf HTTP/1.0" 200 301537
201.245.192.253 - - [21/Dec/2023:02:13:24 -0500] "POST /forms/lservlet;jsessionid=ac16012b30d65f92fa67ce9340589b498a1304d31ae2.e3iSbxaKaheRe34Qc38TbN0Nb41ynknvrkLOlQzNp65In0 HTTP/1.1" 200 2
156.59.198.135 - - [21/Dec/2023:02:13:25 -0500] "GET /BLA/resoluciones/AUTOS%202023/1657.pdf HTTP/1.0" 200 1456358
172.22.2.4 - - [21/Dec/2023:02:12:01 -0500] "HEAD /BLA/boletinlegal/ HTTP/1.1" 200 -
156.59.198.135 - - [21/Dec/2023:02:13:49 -0500] "GET /BLA/resoluciones/AUTOS%202014/7119.pdf HTTP/1.0" 200 504795
172.22.2.4 - - [21/Dec/2023:02:14:01 -0500] "GET /BLA/boletinlegal/robots.txt HTTP/1.1" 404 1038
201.245.192.253 - - [21/Dec/2023:02:14:10 -0500] "POST /forms/lservlet;jsessionid=ac16012b30d648d4d7e95c6a498d8fc6bd063871f06c.e3iSbxaKaheRe34Qc38TbN0Nb41ynknvrkLOlQzNp65In0 HTTP/1.1" 200 2
156.59.198.135 - - [21/Dec/2023:02:14:14 -0500] "GET /BLA/resoluciones/AUTOS%202014/7318.pdf HTTP/1.0" 200 601558
201.245.192.253 - - [21/Dec/2023:02:14:18 -0500] "POST /kwsrmcab/Wsrmcab  HTTP/1.1" 200 40220
172.22.2.4 - - [21/Dec/2023:02:12:52 -0500] "GET /BLA/boletinlegal/ HTTP/1.1" 200 52418
156.59.198.135 - - [21/Dec/2023:02:14:39 -0500] "GET /BLA/resoluciones/AUTOS%202023/0898.pdf HTTP/1.0" 200 2371946
156.59.198.136 - - [21/Dec/2023:02:15:03 -0500] "GET /BLA/resoluciones/AUTOS%202023/1980.pdf HTTP/1.0" 200 447073
216.245.221.92 - - [21/Dec/2023:02:15:10 -0500] "HEAD / HTTP/1.1" 200 -
200.118.61.63 - - [21/Dec/2023:02:15:14 -0500] "GET /BLA/resoluciones/index.php?dir=AUTOS+2015%2F HTTP/1.1" 200 584820
200.118.61.63 - - [21/Dec/2023:02:15:18 -0500] "GET /BLA/resoluciones/dlf/unknown.png HTTP/1.1" 200 266
200.118.61.63 - - [21/Dec/2023:02:15:18 -0500] "GET /favicon.ico HTTP/1.1" 200 7782
201.245.192.253 - - [21/Dec/2023:02:15:24 -0500] "POST /forms/lservlet;jsessionid=ac16012b30d65f92fa67ce9340589b498a1304d31ae2.e3iSbxaKaheRe34Qc38TbN0Nb41ynknvrkLOlQzNp65In0 HTTP/1.1" 200 2
156.59.198.135 - - [21/Dec/2023:02:15:27 -0500] "GET /BLA/resoluciones/RESOLUCIONES%202018/1737.pdf HTTP/1.0" 200 282855
172.22.2.4 - - [21/Dec/2023:02:14:03 -0500] "GET /BLA/boletinlegal/index.php HTTP/1.1" 200 56873
156.59.198.136 - - [21/Dec/2023:02:15:52 -0500] "GET /BLA/resoluciones/Notificaciones/AUTOS%202017/01184.pdf HTTP/1.0" 200 276829
201.245.192.253 - - [21/Dec/2023:02:16:10 -0500] "POST /forms/lservlet;jsessionid=ac16012b30d648d4d7e95c6a498d8fc6bd063871f06c.e3iSbxaKaheRe34Qc38TbN0Nb41ynknvrkLOlQzNp65In0 HTTP/1.1" 200 2
156.59.198.136 - - [21/Dec/2023:02:16:16 -0500] "GET /BLA/resoluciones/AUTOS%202014/7078.pdf HTTP/1.0" 200 698649
201.245.192.253 - - [21/Dec/2023:02:16:32 -0500] "POST /kwsrmcab/Wsrmcab HTTP/1.1" 200 40721
201.245.192.253 - - [21/Dec/2023:02:16:35 -0500] "POST /kwsrmcab/Wsrmcab HTTP/1.1" 200 36653
156.59.198.136 - - [21/Dec/2023:02:16:41 -0500] "GET /BLA/resoluciones/AUTOS%202014/6533.pdf HTTP/1.0" 200 653423
