201.245.192.253 - - [21/Dec/2023:00:40:28 -0500] "POST /kwsrmcab/Wsrmcab HTTP/1.1" 200 40684
201.245.192.253 - - [21/Dec/2023:00:40:34 -0500] "POST /kwsrmcab/Wsrmcab HTTP/1.1" 200 36489
156.59.198.135 - - [21/Dec/2023:00:40:46 -0500] "GET /BLA/resoluciones/RESOLUCIONES%202010/1545.pdf HTTP/1.0" 200 82905
216.244.66.195 - - [21/Dec/2023:00:41:09 -0500] "GET /BLA/resoluciones/AUTOS%202023/1774.pdf HTTP/1.1" 200 442488
47.128.19.94 - - [21/Dec/2023:00:41:10 -0500] "GET /BLA/resoluciones/index.php?dir=RESOLUCIONES%202003%2FRES%202003%202001-2051%2F&order=asc&sort=size HTTP/1.1" 200 12159
47.128.19.94 - - [21/Dec/2023:00:41:11 -0500] "GET /BLA/resoluciones/dlf/dirup.png HTTP/1.1" 200 644
47.128.19.94 - - [21/Dec/2023:00:41:11 -0500] "GET /BLA/resoluciones/dlf/unknown.png HTTP/1.1" 200 266
172.22.2.4 - - [21/Dec/2023:00:39:32 -0500] "GET /BLA/boletinlegal/ HTTP/1.1" 200 57309
201.245.192.253 - - [21/Dec/2023:00:41:24 -0500] "POST /forms/lservlet;jsessionid=ac16012b30d65f92fa67ce9340589b498a1304d31ae2.e3iSbxaKaheRe34Qc38TbN0Nb41ynknvrkLOlQzNp65In0 HTTP/1.1" 200 2
156.59.198.136 - - [21/Dec/2023:00:41:34 -0500] "GET /BLA/resoluciones/AUTOS%202014/5635.pdf HTTP/1.0" 200 533522
201.245.192.253 - - [21/Dec/2023:00:41:42 -0500] "POST /kwsrmcab/Wsrmcab  HTTP/1.1" 200 40220
156.59.198.135 - - [21/Dec/2023:00:41:59 -0500] "GET /BLA/resoluciones/AUTOS%202023/3426.pdf HTTP/1.0" 200 610251
66.249.66.19 - - [21/Dec/2023:00:41:59 -0500] "GET /BLA/resoluciones/RESOLUCIONES%202009/0584.pdf HTTP/1.1" 200 334633
216.244.66.195 - - [21/Dec/2023:00:42:07 -0500] "GET /BLA/resoluciones/AUTOS%202023/3266.pdf HTTP/1.1" 200 2429865
201.245.192.253 - - [21/Dec/2023:00:42:10 -0500] "POST /forms/lservlet;jsessionid=ac16012b30d648d4d7e95c6a498d8fc6bd063871f06c.e3iSbxaKaheRe34Qc38TbN0Nb41ynknvrkLOlQzNp65In0 HTTP/1.1" 200 2
156.59.198.135 - - [21/Dec/2023:00:42:23 -0500] "GET /BLA/resoluciones/RESOLUCIONES%202010/1635.pdf HTTP/1.0" 200 434655
156.59.198.136 - - [21/Dec/2023:00:42:47 -0500] "GET /BLA/resoluciones/RESOLUCIONES%202010/1835.pdf HTTP/1.0" 200 496569
216.244.66.195 - - [21/Dec/2023:00:43:02 -0500] "GET /BLA/resoluciones/AUTOS%202023/3789.pdf HTTP/1.1" 200 322025
156.59.198.136 - - [21/Dec/2023:00:43:11 -0500] "GET /BLA/resoluciones/AUTOS%202023/1820.pdf HTTP/1.0" 200 408701
201.245.192.253 - - [21/Dec/2023:00:43:24 -0500] "POST /forms/lservlet;jsessionid=ac16012b30d65f92fa67ce9340589b498a1304d31ae2.e3iSbxaKaheRe34Qc38TbN0Nb41ynknvrkLOlQzNp65In0 HTTP/1.1" 200 2
156.59.198.136 - - [21/Dec/2023:00:43:36 -0500] "GET /BLA/resoluciones/RESOLUCIONES%202007/RES%202007%203201%20AL%203300/RESOLUCION%203290%20DE%202007.pdf HTTP/1.0" 200 93731
216.244.66.195 - - [21/Dec/2023:00:43:51 -0500] "GET /BLA/resoluciones/AUTOS%202023/3897.pdf HTTP/1.1" 200 901991
156.59.198.135 - - [21/Dec/2023:00:44:00 -0500] "GET /BLA/resoluciones/RESOLUCIONES%202018/1779.pdf HTTP/1.0" 200 328019
201.245.192.253 - - [21/Dec/2023:00:44:10 -0500] "POST /forms/lservlet;jsessionid=ac16012b30d648d4d7e95c6a498d8fc6bd063871f06c.e3iSbxaKaheRe34Qc38TbN0Nb41ynknvrkLOlQzNp65In0 HTTP/1.1" 200 2
156.59.198.135 - - [21/Dec/2023:00:44:25 -0500] "GET /BLA/resoluciones/AUTOS%202023/0358.pdf HTTP/1.0" 200 352012
216.244.66.195 - - [21/Dec/2023:00:44:44 -0500] "GET /BLA/resoluciones/RESOLUCIONES%202022/5597.pdf HTTP/1.1" 200 460253
156.59.198.135 - - [21/Dec/2023:00:44:48 -0500] "GET /BLA/resoluciones/AUTOS%202017/3239.pdf HTTP/1.0" 200 270672
172.22.2.4 - - [21/Dec/2023:00:45:07 -0500] "GET /BLA/boletinlegal/favicon.ico HTTP/1.1" 404 1038
216.245.221.92 - - [21/Dec/2023:00:45:11 -0500] "HEAD / HTTP/1.1" 200 -
156.59.198.135 - - [21/Dec/2023:00:45:13 -0500] "GET /BLA/resoluciones/AUTOS%202023/2854.pdf HTTP/1.0" 200 634362
201.245.192.253 - - [21/Dec/2023:00:45:24 -0500] "POST /forms/lservlet;jsessionid=ac16012b30d65f92fa67ce9340589b498a1304d31ae2.e3iSbxaKaheRe34Qc38TbN0Nb41ynknvrkLOlQzNp65In0 HTTP/1.1" 200 2
156.59.198.136 - - [21/Dec/2023:00:45:40 -0500] "GET /BLA/resoluciones/AUTOS%202014/7050.pdf HTTP/1.0" 200 72700
207.46.13.154 - - [21/Dec/2023:00:45:58 -0500] "GET /BLA/resoluciones/AUTOS%202023/3898.pdf HTTP/1.1" 200 772088
156.59.198.136 - - [21/Dec/2023:00:46:03 -0500] "GET /BLA/resoluciones/AUTOS%202020/3437.pdf HTTP/1.0" 200 374291
201.245.192.253 - - [21/Dec/2023:00:46:10 -0500] "POST /forms/lservlet;jsessionid=ac16012b30d648d4d7e95c6a498d8fc6bd063871f06c.e3iSbxaKaheRe34Qc38TbN0Nb41ynknvrkLOlQzNp65In0 HTTP/1.1" 200 2
172.22.2.4 - - [21/Dec/2023:00:44:32 -0500] "HEAD /BLA/boletinlegal/ HTTP/1.1" 200 -
156.59.198.135 - - [21/Dec/2023:00:46:27 -0500] "GET /BLA/resoluciones/AUTOS%202023/3909.pdf HTTP/1.0" 200 394716
201.245.192.253 - - [21/Dec/2023:00:46:41 -0500] "POST /kwsrmcab/Wsrmcab  HTTP/1.1" 200 40220
156.59.198.135 - - [21/Dec/2023:00:46:52 -0500] "GET /BLA/resoluciones/AUTOS%202020/4419.pdf HTTP/1.0" 200 405550
216.244.66.195 - - [21/Dec/2023:00:46:55 -0500] "GET /BLA/resoluciones/AUTOS%202015/3423.pdf HTTP/1.1" 200 495661
172.22.2.4 - - [21/Dec/2023:00:45:22 -0500] "GET /BLA/boletinlegal/ HTTP/1.1" 200 52418
156.59.198.136 - - [21/Dec/2023:00:47:16 -0500] "GET /BLA/resoluciones/Notificaciones/AUTOS%202017/01213.doc HTTP/1.0" 200 302889
201.245.192.253 - - [21/Dec/2023:00:47:24 -0500] "POST /forms/lservlet;jsessionid=ac16012b30d65f92fa67ce9340589b498a1304d31ae2.e3iSbxaKaheRe34Qc38TbN0Nb41ynknvrkLOlQzNp65In0 HTTP/1.1" 200 2
156.59.198.136 - - [21/Dec/2023:00:47:44 -0500] "GET /BLA/resoluciones/AUTOS%202014/3352.pdf HTTP/1.0" 200 505976
216.244.66.195 - - [21/Dec/2023:00:47:45 -0500] "GET /BLA/resoluciones/AUTOS%202019/0856.pdf HTTP/1.1" 200 385791
191.104.115.132 - - [21/Dec/2023:00:47:57 -0500] "GET /kwssiamovil/sm/acme/a?s=U2FsdGVkX18Wfs6WWw45Kj+bFKoameUDQFT2FiSiEzSe9GlKXYp6ZER9APJmDmBzd06QVhEF1enEtptw7W5XaMU96WjL11zOLzzQduXPsKV3ql+ngrtnwG249ggnK0uouCi7mPQ8ISCFHaw4nxb3cFBzH6md+S7t0PDTdda43XaryIquKenKrm70EZSFByzCorwXWM+Y/Um3pFAni/SCEPlD+YnkLUcfevY5nlA50zW1MTryMpX0o7TWXd0cA3uWX/IakKIvvog0gmjOjzR0Bw==&u=U2FsdGVkX1+j7nOCcQNvBTFDYskgqp/vHeL5Wl5HkDw=&y=U2FsdGVkX1/Hmp5CiRe+uf2M3FZVaeT94JOxWfB7tUJ1/1p5XcKGZ73VRpggMHeJ HTTP/1.1" 200 26
173.252.111.9 - - [21/Dec/2023:00:47:58 -0500] "GET /distrito-recupera-mas-de-20-kilogramos-de-musgo-y-dos-aves-silvestres.html HTTP/1.1" 200 857
191.104.115.132 - - [21/Dec/2023:00:47:58 -0500] "GET /kwssiamovil/sm/acme/a?s=U2FsdGVkX1/H9yTp2MGdbQqfq5BBR1maY1h+TD0CVTVUW71KxDA3VhC3DrppoPXDNhlqDuG05XKEhu9yajLJsJ3JdKV3HN6lI/a+LJrs/5pZ4dQ89YRTahpdWRuPd76Loe40UNEEUr69AyMTfVKHyVgsSgQQ9YXQl9UMj8fAqyWFlTgVtxmkU7gG+o/cYQycxawvzshE+to3j8zFozpG7mLo9vKoGsbzFr7RAqKPdCqdEoPYje8X41laTEb/5F21aRoUQP6Q0ddsNYZdwyBicJBfNNbSPXL5ZAsDAXqLF6vtmDfkfSGwAbqRLErSH5nmW1fTRgjsF9Qd1bPFnXG4xOWFOjG7O4ZdGh5qtbLvc8QGmVPNp21rJz0j6M8BU88xYucYzk3dJ84vxU0NgeVppFZ4dB5Esa4s8rYvt4v3SsurQWFE4sHjw0vpPlayK9cClnXQe1ftJd+p0x5bvvryXqlgGk3br1ej0eIjWWtLI4obBxhKhV51UgqUGN31fIgVs7FoNK26hKMc+MelCv3ou9Lsao3vVUJZR1pHOMF7lbIAq03KXlzYVlcFYpMqJ+Gc6wTaCANkjp2wIL340wRCU4T+xxHsPqR0At9LwVSjcyyzLUO+6PFvB4h57AlJGbR4/Ti7onQ1LksAIBqJ3Cp3MP6Wti/z8h7kwbnOVMgUaIcWbXj/8tpIflVEFrUQB7TQjzNc2MGwH0d4QuaG+JGH73Vxe/xXHupwF8w5RWtYL15ItjIIGrJPkbPxrYV9fzMI27fDESTiwFAt0cmTDbv0OQDWbiPnXWE7M/k/AlXFoYQli+Kii5vOkVLwMpZaJm0fShTmWg4pMsPqMcesDdnSCPIITVAJBC7TxB9uPclOm9xZqF5YMa0YDJWvJG6jnYIlGF3w66kt4O9YxpDKZHJWh3RmblDEc+PVcnRPFMrFSdht6/0VjvCziNpkx2sz9JcTJXf49Xa6H87ZzVwma0CNVh6iuIrpZOsn0PfrpVeNqQ7+0ocsB5hJyR+QzgJ3aasDyN5RDadIXlGC02fsgm75VmCHS847o2ptKlpEO1UbWB4ZV7zLxa+jkGn51N5atAGbX/z3/29iExKigh0Mu/ZSNL4uvW6NSOkpQK9/THVGrPz/g1bqCfvA4+XSVuLFz3vHuMQIdcmoQG/A8f86VZrL+VDS4yiS7Y73ANATzbRa+XmrONz5gMsauL/dh17j+Bhxfi2YoMbLRoOt7F0mA0yUQixhu+f+XAnGhSzhClAtSiSyRM9O9BY1vyta5O73T6ubgyAQSAiR91UbdHEamfWteDMQ2ipd/oadBQbkYPSlRV5H6/MAglgAF98OGL/CHCcbEQhSq45K2tFsNezqfo4cthW6M2t6jvq3RHG016cNLFz9ElC8IEZAd6jf43G1Rwz4MEhG/chxVhfEWeaVDLC5fKnkt4rhBRGAMTJ1WlNJGjMocfVdW28K8rmUVEXejDyYrtsE7A9a5pzN/7WWHe+JqK7f9PCphr9x7Um8dKqM9FhfhXFETR8o/7XOfy6v4nzwmsQiS/sk39/sxXrsammmssuLco4gHkMG/7H1ezOneiJFXBpPnLHWnlXSo9wqWyPqQE88gXl7+sA38sG+WfkjtHqmA5pf28aGkU67wzummKeP0mceAHSERcAbIoxPPzgywsjQxW1SyQYzhbj3FAqvekOmMqIGPKG2icSFntNWfZo45fXE21HvoFqbf/vT1RPQI4AEnMm0XNfI8C9gSWCCWjoT2wxXnm5PJL13bG/oY7bBy6gjPh0VzxgztnXMMlmJY8Mm4kn7/cniFdN/9FmKQiNRBhQQHJQI8TFJxqq+XHvwerJ9NAVpue6FYbeiM9tIBXAqVYrNwTMBR6jB2Nse9vz/TmyHGQllME1+oY5EQ6s/3rKGz/Cu6mHTR5ODx51/jEdIMvvHOdh2WTt1ST1T/ev0ukULiKLb4aF77LoeSNb21oAYdTRdVO2bxSh3HGdwPSvwzorFvpyY+E/i3WJmS29OzNwSy1ToJVko/UwQrZAxSVfZxpEe5FtUKoOwPwW0X41vZIoUcTsdbxHsm9TV6cMCnW1p0j3RlFKlgWUOTeS373q/RQkf1fmlch43JLvsMFdNB6Zyg2pIuvCeUvwXHHMqodkeGQpGDrj7VtLRIrL+wVczjr2Vef1nQmqc1al9zOLnvukgsl5IsAQxF8zG4w==&u=U2FsdGVkX1+j7nOCcQNvBTFDYskgqp/vHeL5Wl5HkDw=&y=U2FsdGVkX1/Hmp5CiRe+uf2M3FZVaeT94JOxWfB7tUJ1/1p5XcKGZ73VRpggMHeJ HTTP/1.1" 200 26
191.104.115.132 - - [21/Dec/2023:00:47:58 -0500] "GET /kwssiamovil/sm/acme/a?s=U2FsdGVkX1/dgS0k5dmK4qbqGvYo2xfu4OiShYGdwPWrSnQjvRaO/av0Fbxlqu/80X10UvL0V0NF6iZmVuYwZe6D2Oh3HaRhik8Z5jMoUlPL6uNydp5154hGBldzV/R60pNFujUfGfamkZV9P1ecI8R/E0WohuteUDOeebRe8oE=&u=U2FsdGVkX1+j7nOCcQNvBTFDYskgqp/vHeL5Wl5HkDw=&y=U2FsdGVkX1/Hmp5CiRe+uf2M3FZVaeT94JOxWfB7tUJ1/1p5XcKGZ73VRpggMHeJ HTTP/1.1" 200 26
191.104.115.132 - - [21/Dec/2023:00:47:58 -0500] "GET /kwssiamovil/sm/acme/a?s=U2FsdGVkX18tDdAoZcfpHCif+EnIPn3yaaND09xmtd+gyWLrK6cg42eooqMNKIYXctDFqaCyCy8lXFjQXbX1NZA1wDyHRpYQxauuSWMmLi+0l0wvxgBkfjIX+OBpQUkCEcCMwavbBmMQUorRa2qyLBbqY4+0h3HJkL+IOEVam8I=&u=U2FsdGVkX1+j7nOCcQNvBTFDYskgqp/vHeL5Wl5HkDw=&y=U2FsdGVkX1/Hmp5CiRe+uf2M3FZVaeT94JOxWfB7tUJ1/1p5XcKGZ73VRpggMHeJ HTTP/1.1" 200 26
191.104.115.132 - - [21/Dec/2023:00:47:59 -0500] "GET /kwssiamovil/sm/acme/a?s=U2FsdGVkX1+gVUoQqFQgCsepuRavsa0YEaSscM30Z2+qslOC7w3/JNi8FCqshODuKfY5SV1waaMXcoTwIIc/aPfoH4/oVa/vpRzbgWLrjllO7scZVtka9A17pJEF7xHkgsf9Hsw9+F0P4b0H76K2tLM6cLjdmLOoSyIiYNwrFmM=&u=U2FsdGVkX1+j7nOCcQNvBTFDYskgqp/vHeL5Wl5HkDw=&y=U2FsdGVkX1/Hmp5CiRe+uf2M3FZVaeT94JOxWfB7tUJ1/1p5XcKGZ73VRpggMHeJ HTTP/1.1" 200 26
191.104.115.132 - - [21/Dec/2023:00:47:59 -0500] "GET /kwssiamovil/sm/acme/a?s=U2FsdGVkX1+Sztb7wRqqxyanzOlsp/BTCkpcx+74GfqO3jHj+uH7M70SGVbNLj6FxT8Jj18EcC5jh9KXw+T3gMdyz/izGeISwEUL+Dy4sqRLzPyrhIz8N5uxj51mJRK+SptLitwyGXS/0UWgNTEfz6DxuDUzCxBgORpViASFzertJ/NvxIi+hj9vlwUvVJ3tXz0htgDR3o9HiAE6Mht8eA==&u=U2FsdGVkX1+j7nOCcQNvBTFDYskgqp/vHeL5Wl5HkDw=&y=U2FsdGVkX1/Hmp5CiRe+uf2M3FZVaeT94JOxWfB7tUJ1/1p5XcKGZ73VRpggMHeJ HTTP/1.1" 200 26
69.171.231.1 - - [21/Dec/2023:00:48:03 -0500] "GET /distrito-recupera-mas-de-20-kilogramos-de-musgo-y-dos-aves-silvestres.html HTTP/1.1" 200 857
172.22.2.4 - - [21/Dec/2023:00:48:06 -0500] "GET /BLA/boletinlegal/jurisprudencia/analisis/CUADRO%20SENTENCIA%20T-299%20DE%202008.doc HTTP/1.1" 200 40960
156.59.198.135 - - [21/Dec/2023:00:48:07 -0500] "GET /BLA/resoluciones/Notificaciones/AUTOS%202015/04984.doc HTTP/1.0" 200 98765
201.245.192.253 - - [21/Dec/2023:00:48:10 -0500] "POST /forms/lservlet;jsessionid=ac16012b30d648d4d7e95c6a498d8fc6bd063871f06c.e3iSbxaKaheRe34Qc38TbN0Nb41ynknvrkLOlQzNp65In0 HTTP/1.1" 200 2
156.59.198.136 - - [21/Dec/2023:00:48:32 -0500] "GET /BLA/resoluciones/RESOLUCIONES%202008/5126.pdf HTTP/1.0" 200 555992
216.244.66.195 - - [21/Dec/2023:00:48:35 -0500] "GET /BLA/resoluciones/AUTOS%202019/1966.pdf HTTP/1.1" 200 324838
207.46.13.128 - - [21/Dec/2023:00:48:35 -0500] "GET /pdc/actos/1889.pdf HTTP/1.1" 200 1285956
156.59.198.135 - - [21/Dec/2023:00:48:57 -0500] "GET /BLA/resoluciones/Notificaciones/AUTOS%202014/0099.doc HTTP/1.0" 200 310784
156.59.198.136 - - [21/Dec/2023:00:49:21 -0500] "GET /BLA/resoluciones/AUTOS%202007/3816.pdf HTTP/1.0" 200 71549
201.245.192.253 - - [21/Dec/2023:00:49:24 -0500] "POST /forms/lservlet;jsessionid=ac16012b30d65f92fa67ce9340589b498a1304d31ae2.e3iSbxaKaheRe34Qc38TbN0Nb41ynknvrkLOlQzNp65In0 HTTP/1.1" 200 2
216.244.66.195 - - [21/Dec/2023:00:49:25 -0500] "GET /BLA/resoluciones/AUTOS%202019/2237.pdf HTTP/1.1" 200 267493
156.59.198.135 - - [21/Dec/2023:00:49:46 -0500] "GET /BLA/resoluciones/AUTOS%202014/7238.pdf HTTP/1.0" 200 498943
207.46.13.64 - - [21/Dec/2023:00:49:47 -0500] "GET /BLA/resoluciones/AUTOS%202023/4222.pdf HTTP/1.1" 200 608004
207.46.13.128 - - [21/Dec/2023:00:50:07 -0500] "GET /BLA/resoluciones/AUTOS%202023/3674.pdf HTTP/1.1" 200 1906821
216.244.66.195 - - [21/Dec/2023:00:50:08 -0500] "GET /BLA/resoluciones/RESOLUCIONES%202018/1688.pdf HTTP/1.1" 200 258133
201.245.192.253 - - [21/Dec/2023:00:50:10 -0500] "POST /forms/lservlet;jsessionid=ac16012b30d648d4d7e95c6a498d8fc6bd063871f06c.e3iSbxaKaheRe34Qc38TbN0Nb41ynknvrkLOlQzNp65In0 HTTP/1.1" 200 2
216.245.221.92 - - [21/Dec/2023:00:50:11 -0500] "HEAD / HTTP/1.1" 200 -
156.59.198.135 - - [21/Dec/2023:00:50:12 -0500] "GET /BLA/resoluciones/RESOLUCIONES%202008/4577.pdf HTTP/1.0" 200 125950
156.59.198.135 - - [21/Dec/2023:00:50:37 -0500] "GET /BLA/resoluciones/AUTOS%202014/6598.pdf HTTP/1.0" 200 518703
216.244.66.195 - - [21/Dec/2023:00:50:54 -0500] "GET /BLA/resoluciones/RESOLUCIONES%202018/1896.pdf HTTP/1.1" 200 266360
156.59.198.136 - - [21/Dec/2023:00:51:00 -0500] "GET /BLA/resoluciones/Notificaciones/AUTOS%202015/4551.doc HTTP/1.0" 200 207360
201.245.192.253 - - [21/Dec/2023:00:51:24 -0500] "POST /forms/lservlet;jsessionid=ac16012b30d65f92fa67ce9340589b498a1304d31ae2.e3iSbxaKaheRe34Qc38TbN0Nb41ynknvrkLOlQzNp65In0 HTTP/1.1" 200 2
156.59.198.135 - - [21/Dec/2023:00:51:25 -0500] "GET /BLA/resoluciones/AUTOS%202020/2882.pdf HTTP/1.0" 200 373346
216.244.66.195 - - [21/Dec/2023:00:51:39 -0500] "GET /BLA/resoluciones/RESOLUCIONES%202018/2199.pdf HTTP/1.1" 200 524135
201.245.192.253 - - [21/Dec/2023:00:51:40 -0500] "POST /kwsrmcab/Wsrmcab  HTTP/1.1" 200 40220
156.59.198.136 - - [21/Dec/2023:00:51:49 -0500] "GET /BLA/resoluciones/AUTOS%202014/1606.pdf HTTP/1.0" 200 244982
172.22.2.4 - - [21/Dec/2023:00:50:22 -0500] "HEAD /BLA/boletinlegal/ HTTP/1.1" 200 -
201.245.192.253 - - [21/Dec/2023:00:52:10 -0500] "POST /forms/lservlet;jsessionid=ac16012b30d648d4d7e95c6a498d8fc6bd063871f06c.e3iSbxaKaheRe34Qc38TbN0Nb41ynknvrkLOlQzNp65In0 HTTP/1.1" 200 2
156.59.198.136 - - [21/Dec/2023:00:52:14 -0500] "GET /BLA/resoluciones/AUTOS%202023/3964.pdf HTTP/1.0" 200 442577
216.244.66.195 - - [21/Dec/2023:00:52:29 -0500] "GET /BLA/resoluciones/RESOLUCIONES%202018/2932.pdf HTTP/1.1" 200 258966
156.59.198.135 - - [21/Dec/2023:00:52:38 -0500] "GET /BLA/resoluciones/Notificaciones/AUTOS%202014/6513.doc HTTP/1.0" 200 156160
172.22.2.4 - - [21/Dec/2023:00:51:12 -0500] "GET /BLA/boletinlegal/ HTTP/1.1" 200 60910
191.104.115.132 - - [21/Dec/2023:00:52:59 -0500] "GET /kwssiamovil/sm/acme/a?s=U2FsdGVkX1/STwSrrlq7MDAHixpl+kphcIPVolH9HWQ8Hbn78HKEInRymWzcW7eaFOIWilB6fRT7Hj05d1iXZzXk9dI28E2MxbXiw8T5DBMR4KrAjAuUM1SQtiPEj7AAGsYSeG0z8AHjhQoDFZE1e3yRqFJzR4RLiDxYW86gRYppNwRmER77i8mKso4RYXq34ohoR8zce8OW/CZjAGDezzcA4wDpUfy6j3XLwvDRClWRKp5GRff+mK1LMvVn6KszTvQGNJ6VWiA7zboHw0AwMQ==&u=U2FsdGVkX1+j7nOCcQNvBTFDYskgqp/vHeL5Wl5HkDw=&y=U2FsdGVkX1/Hmp5CiRe+uf2M3FZVaeT94JOxWfB7tUJ1/1p5XcKGZ73VRpggMHeJ HTTP/1.1" 200 26
191.104.115.132 - - [21/Dec/2023:00:53:00 -0500] "GET /kwssiamovil/sm/acme/a?s=U2FsdGVkX1/Md6WxY6LSdzGRZJT/noCEOXYyW/IhavKY1EKCSJiIhSkMviIJzTQQAAYLbt0GaXGt8/fw4+P5/ohPCQJTrtcASRzZZq4kkA52jeJNJEzAF+2wtOSDQ/GB6BP0i82LRkzvWsr5EOu6htRGLJOF2amBQNR8IfIoyrjtJlpefo+I8mGe4ZmYeCWm8b0yTpBvVjMjiQg9+XzEa1fq6w1Hw83BhDTqfGWigVu6Og+lMuwZNeRR95MdnH2FKesJDy+I7qD9Anff4VX/mlZChwvc48mGe6PRrHjYDGs1RO2r0YQc1JGw/zYftkC+TLIoZ8WmgYf4TOlC8agTKhtVzBg7rEWXMeyWiJgUpCDF0oQT1Ujw8FCmaLEmWOcBbSZgAl1aIU+MsfQr6WiVzuQFHzyK3lrA0VT0L5c5ynLzxbHAYtWOqOOcMe/44PYSnFD9d6zJnkFnJwggXBXxMVqwAj7gty1q3nI4Brs3JAnSfm70mkyJUYEdofCWa3cGq98hCRlehmescUua9C6ptNLYJTiTPmaRjBvhRHrSs4kiSbjz4VU27UeH4HgBOdQu4xSqZbOAGTaqznvpE7y7BQrdIqlFLG7NqZaaXnRVhbjW1sSBThktoVQcPfmVMSsoe9dzqy47TEiX7gTqhcgnLWUA7BZDCN68AqGxS2qFkssBXNUT1awmp539V1q8tzB/tq/J+E/OQTWNjj0ojtjQtgrGz49UnzaeIQmjF5s9GNdNvxaQoOQKY5zq6q73GEWMQoohEi3r9Gsa0ZKd+BlxxUP2qU/2V686Ud5UcPBsQvZBsR24EZzU7bGDhpSCJyRgfymykubobDX5T8Klbqd3zScZASvlQjBPuEx1EMR0e0U+m9hsronxlFuIjeHa7mMpNd/SaFshVlbBvNnkBXvLWPzIqSPIwHtFXa6+KVppMqowL4hXd4sPlEFGDM+vK/3KWx+23QVwuEEWCEl0mESZjRh/VDZP3QqxT0TY1b41TEETKH3aRynO7s0bAwz0xfxOBp93Cf/4JBjq+xwplCHwj86x65yHeLHrdMlEq/nOKyFWUoCZklJh0zKxkjAXSK6qY/FdwEo9DYFGrnxW4qyFSFeBN3ZU04MHVUxlH0rKIKceCrT8WhCD9m+WEeiP8Oo+UJ6Kef2u8NaE+QBKykmjNE4BRXQek9siP80GLaoWznVPlnVV4LAnHaEVmeiUgv9gNqHjWoUiwjD+IRcjm8zJPsBUCeBxcJ9NhuVNFY3b8zwqeed4/KC+QQKlHnqKWhBpIkkCjXCiOfNChAzE5mY+1AmlveT4/bgeJyxsqpR5TZ/q4UhwIvxZ5LWLwAXGyU4qGFZCeS82Da32HD44/EsSu0CVzQZLQIyt8+3r3iKuJVRh6YUCKTL/yVEDs5t1yXw3bqPcrzsaQ22ScrPkns4mcFC9pXPBz5meyjSoYU1AsGfzEyWFfFLHYO1pwJG6dla+vKiWrUOF0x5eas68HyihOiql8OkAGzUkx8+Zoc4poSFjf112hVfHADxppb2g+RqXXCXTPGbaJUAcGoI+gifL1uSPJYBbZqFRD+M3aPJuYbVjU3sATPXZEQjfNlhjz2ZK+7GlKpm3/7PKTTP+s/ivQ06YLBhoAcp/iFPaGM71jN47aSJwIrgMNCJdsFY1rrrYQN54f4ncwr3UADB1JuDEc0JObodYFMB2IZkwnBnCvCyg+giE9S/1BFBTKGLt+K/9mEwWRKUQlSMy2dKb/AkEtJJOM8GUJUM8mcMECREZ/kiy81Hw/MH38BFynx8p7yds3qCURmZF7ZkTMoVruIuJix+AfV1UXTP9eKUWyQpseyd8FM/1Dj59tTRCtV6BDkquv5phn+u9pUCJmWpQV2cTUF1gDYstRv4GFfvPWzYOB9LUBZmKg9Rwy7S9zI4gMrwfS0PmfokUT7WH3F5QmYzsqhIiv6UPeOAbryGSRF/yWJxQdCAyKrYICpirUBS/sUVnF64cfw8hxiyPXuAY+rGa+htEgHjHrshiwdJ0bkEjqSsvvbJNGbfsaduLZ7YtS7kqRPee6bri+7NtidMiHosBM8Uly6ns9mXb7P+k79RI7bNh29o7TH+ntsiN/5Q6uUxmquOCX/3dC873PZX6J1x8wUktD2NfPJMSIMSCB1YhPD1EeHfctBLXHmYkQDLPYtgIpwlTq7O9l4TBSpNXFt45wm6S2GvrJyx549ikg6MdDH4aYlw96Hi327l6OceTpeSEAuS2xQl6o7aMiY4Wnn15NQnhKcAEbWG2avylfK/YN2ia8dzS5Z/cQ1VDm+FkA2Az8paNmwU4ApDESrHmrEZZQ1gkWHOIgmEpPcWUd3s/zJETlpmNIUEDWs5gU61p9+hbXzUCAzGu9jZpRWCXXC/ypNX7BcpQy4azi4d9uoUZjxkoWV8mICGI0l/W7X9MCjWzjmnaDgT1kTN/gBksy/gNm5SbTQybgq1uOUZKSNy1rf9PmeGzXSvuujf2eoyOdkKSBULB7IyPHsTW/+TdBvIpo/9hj1FMKU3Ni3sEYN/n4uVDnZ3k8HgAegWKlgOZDoI9krGJ7swuNqWLFePi4Ko6ExLo79pnPiBM3hUzI7TxottGi23/UPGiXTMdE55oy5yjBGNy3Fkx69LyAMFFwVGBRjtSRE88evb+JGIFE10cufol1TNTTDemCAMjT8RIfbpg&u=U2FsdGVkX1+j7nOCcQNvBTFDYskgqp/vHeL5Wl5HkDw=&y=U2FsdGVkX1/Hmp5CiRe+uf2M3FZVaeT94JOxWfB7tUJ1/1p5XcKGZ73VRpggMHeJ HTTP/1.1" 200 26
191.104.115.132 - - [21/Dec/2023:00:53:00 -0500] "GET /kwssiamovil/sm/acme/a?s=U2FsdGVkX1/rWdE7xjIa5MsDfSS4CoWI0Ja6uXdhN9EwkQF1WKvv6tUaUdCWh7O7fQTtW1yZNqOCTtXl2aHKvD1JWflE8feKIQb7F7IkZOrlQOBte+AXFJthIlsdmFb4teN0H2eFl3ZzmY/6gYDogEGzYShbxpgsuYuoFj5Cpng=&u=U2FsdGVkX1+j7nOCcQNvBTFDYskgqp/vHeL5Wl5HkDw=&y=U2FsdGVkX1/Hmp5CiRe+uf2M3FZVaeT94JOxWfB7tUJ1/1p5XcKGZ73VRpggMHeJ HTTP/1.1" 200 26
191.104.115.132 - - [21/Dec/2023:00:53:00 -0500] "GET /kwssiamovil/sm/acme/a?s=U2FsdGVkX19BNmtTUFhjAsElzVihhpcBKigPNL6o/RLPoBsS6+3xuqFtV2PF2yJHXBRKxQQR28+NHAHtIucqpWhXhZcBtpVYermZVbNbbmIUTFnsEf+L//IhQMUgbEUWumpwi7OaZcuW7VGIKiScDT25HYQWSU8Pr8zHfCFUVww=&u=U2FsdGVkX1+j7nOCcQNvBTFDYskgqp/vHeL5Wl5HkDw=&y=U2FsdGVkX1/Hmp5CiRe+uf2M3FZVaeT94JOxWfB7tUJ1/1p5XcKGZ73VRpggMHeJ HTTP/1.1" 200 26
191.104.115.132 - - [21/Dec/2023:00:53:00 -0500] "GET /kwssiamovil/sm/acme/a?s=U2FsdGVkX1/yYRISkgZDyucFA7HqT/WmOKEsWVHeL29443jxJiS5EOmAqjTsYJTKG7M5WmweFLAr5cHMyq4zlGoYuM8wqRxgmTaXaTy5mnskc4XiUPq5ZUqzfRdamXCqKZ5O1QzxZJ7uCvxny0XOqmDX/vEEmg4/BI5HomB2Ohs=&u=U2FsdGVkX1+j7nOCcQNvBTFDYskgqp/vHeL5Wl5HkDw=&y=U2FsdGVkX1/Hmp5CiRe+uf2M3FZVaeT94JOxWfB7tUJ1/1p5XcKGZ73VRpggMHeJ HTTP/1.1" 200 26
191.104.115.132 - - [21/Dec/2023:00:53:01 -0500] "GET /kwssiamovil/sm/acme/a?s=U2FsdGVkX1/7mMCTjpWnwP1Lr40+Akwpgx6hCCWfSb74CCGe6pC6nFo5/4jp1q7DYmVyhwM0LHnJRqm1IT967DHA3VwJn6gtgsB+wDGzRIK2VeIg+MK4vDVi/7x5G3sEBhADQM/7WwCdqskUtsF1NMvDirGav6zjnVtfA5eKOiRWqcRpdLhot3EaW5f6akgtWcFaES3kZ6wk9LLC90As9Q==&u=U2FsdGVkX1+j7nOCcQNvBTFDYskgqp/vHeL5Wl5HkDw=&y=U2FsdGVkX1/Hmp5CiRe+uf2M3FZVaeT94JOxWfB7tUJ1/1p5XcKGZ73VRpggMHeJ HTTP/1.1" 200 26
156.59.198.136 - - [21/Dec/2023:00:53:03 -0500] "GET /BLA/resoluciones/RESOLUCIONES%202007/RES%202007%202101%20AL%202200/RESOLUCION%202147%20DE%202007.pdf HTTP/1.0" 200 320671
216.244.66.195 - - [21/Dec/2023:00:53:09 -0500] "GET /BLA/resoluciones/RESOLUCIONES%202018/4144.pdf HTTP/1.1" 200 289930
201.245.192.253 - - [21/Dec/2023:00:53:24 -0500] "POST /forms/lservlet;jsessionid=ac16012b30d65f92fa67ce9340589b498a1304d31ae2.e3iSbxaKaheRe34Qc38TbN0Nb41ynknvrkLOlQzNp65In0 HTTP/1.1" 200 2
156.59.198.135 - - [21/Dec/2023:00:53:27 -0500] "GET /BLA/resoluciones/Notificaciones/AUTOS%202014/2170.doc HTTP/1.0" 200 143872
40.77.167.247 - - [21/Dec/2023:00:53:37 -0500] "GET /portaldeninos/parque-ecologico-distrital-humedal-santa-maria-del-lago/ HTTP/1.1" 200 90199
156.59.198.135 - - [21/Dec/2023:00:53:51 -0500] "GET /BLA/resoluciones/AUTOS%202014/1770.pdf HTTP/1.0" 200 407863
201.245.192.253 - - [21/Dec/2023:00:54:10 -0500] "POST /forms/lservlet;jsessionid=ac16012b30d648d4d7e95c6a498d8fc6bd063871f06c.e3iSbxaKaheRe34Qc38TbN0Nb41ynknvrkLOlQzNp65In0 HTTP/1.1" 200 2
156.59.198.136 - - [21/Dec/2023:00:54:15 -0500] "GET /BLA/resoluciones/RESOLUCIONES%202008/4774.pdf HTTP/1.0" 200 401098
156.59.198.136 - - [21/Dec/2023:00:54:39 -0500] "GET /BLA/resoluciones/AUTOS%202023/1165.pdf HTTP/1.0" 200 454367
156.59.198.135 - - [21/Dec/2023:00:55:04 -0500] "GET /BLA/resoluciones/AUTOS%202016/3181.pdf HTTP/1.0" 200 340658
216.245.221.92 - - [21/Dec/2023:00:55:10 -0500] "HEAD / HTTP/1.1" 200 -
201.245.192.253 - - [21/Dec/2023:00:55:24 -0500] "POST /forms/lservlet;jsessionid=ac16012b30d65f92fa67ce9340589b498a1304d31ae2.e3iSbxaKaheRe34Qc38TbN0Nb41ynknvrkLOlQzNp65In0 HTTP/1.1" 200 2
156.59.198.135 - - [21/Dec/2023:00:55:28 -0500] "GET /BLA/resoluciones/RESOLUCIONES%202018/2696.pdf HTTP/1.0" 200 579313
156.59.198.136 - - [21/Dec/2023:00:55:54 -0500] "GET /BLA/resoluciones/Notificaciones/AUTOS%202015/0598.doc HTTP/1.0" 200 155136
207.46.13.64 - - [21/Dec/2023:00:55:58 -0500] "GET /BLA/resoluciones/AUTOS%202023/4515.pdf HTTP/1.1" 200 641647
201.245.192.253 - - [21/Dec/2023:00:56:10 -0500] "POST /forms/lservlet;jsessionid=ac16012b30d648d4d7e95c6a498d8fc6bd063871f06c.e3iSbxaKaheRe34Qc38TbN0Nb41ynknvrkLOlQzNp65In0 HTTP/1.1" 200 2
156.59.198.135 - - [21/Dec/2023:00:56:18 -0500] "GET /BLA/resoluciones/RESOLUCIONES%202018/3525.pdf HTTP/1.0" 200 364754
156.59.198.136 - - [21/Dec/2023:00:56:41 -0500] "GET /BLA/resoluciones/AUTOS%202014/3528.pdf HTTP/1.0" 200 236025
201.245.192.253 - - [21/Dec/2023:00:56:39 -0500] "POST /kwsrmcab/Wsrmcab  HTTP/1.1" 200 40220
156.59.198.136 - - [21/Dec/2023:00:57:06 -0500] "GET /BLA/resoluciones/RESOLUCIONES%202018/2379.pdf HTTP/1.0" 200 507483
201.245.192.253 - - [21/Dec/2023:00:57:24 -0500] "POST /forms/lservlet;jsessionid=ac16012b30d65f92fa67ce9340589b498a1304d31ae2.e3iSbxaKaheRe34Qc38TbN0Nb41ynknvrkLOlQzNp65In0 HTTP/1.1" 200 2
156.59.198.136 - - [21/Dec/2023:00:57:30 -0500] "GET /BLA/resoluciones/RESOLUCIONES%202008/4019.pdf HTTP/1.0" 200 617775
168.119.253.32 - - [21/Dec/2023:00:57:44 -0500] "GET / HTTP/1.1" 200 319
168.119.253.32 - - [21/Dec/2023:00:57:45 -0500] "GET / HTTP/1.1" 200 4720
172.22.2.4 - - [21/Dec/2023:00:56:12 -0500] "HEAD /BLA/boletinlegal/ HTTP/1.1" 200 -
156.59.198.135 - - [21/Dec/2023:00:57:54 -0500] "GET /BLA/resoluciones/RESOLUCIONES%202008/5055.pdf HTTP/1.0" 200 250569
207.46.13.64 - - [21/Dec/2023:00:58:08 -0500] "GET /BLA/resoluciones/AUTOS%202023/5009.pdf HTTP/1.1" 200 536888
201.245.192.253 - - [21/Dec/2023:00:58:10 -0500] "POST /forms/lservlet;jsessionid=ac16012b30d648d4d7e95c6a498d8fc6bd063871f06c.e3iSbxaKaheRe34Qc38TbN0Nb41ynknvrkLOlQzNp65In0 HTTP/1.1" 200 2
156.59.198.136 - - [21/Dec/2023:00:58:19 -0500] "GET /BLA/resoluciones/AUTOS%202023/4730.pdf HTTP/1.0" 200 883346
172.22.2.4 - - [21/Dec/2023:00:57:02 -0500] "GET /BLA/boletinlegal/ HTTP/1.1" 200 58567
156.59.198.136 - - [21/Dec/2023:00:58:43 -0500] "GET /BLA/resoluciones/RESOLUCIONES%202010/1890.pdf HTTP/1.0" 200 908530
156.59.198.136 - - [21/Dec/2023:00:59:07 -0500] "GET /BLA/resoluciones/RESOLUCIONES%202008/4317.pdf HTTP/1.0" 200 210502
201.245.192.253 - - [21/Dec/2023:00:59:24 -0500] "POST /forms/lservlet;jsessionid=ac16012b30d65f92fa67ce9340589b498a1304d31ae2.e3iSbxaKaheRe34Qc38TbN0Nb41ynknvrkLOlQzNp65In0 HTTP/1.1" 200 2
156.59.198.135 - - [21/Dec/2023:00:59:31 -0500] "GET /BLA/resoluciones/RESOLUCIONES%202018/1719.pdf HTTP/1.0" 200 814880
207.46.13.64 - - [21/Dec/2023:00:59:49 -0500] "GET /BLA/resoluciones/AUTOS%202023/3700.pdf HTTP/1.1" 200 1742210
156.59.198.135 - - [21/Dec/2023:00:59:55 -0500] "GET /BLA/resoluciones/AUTOS%202014/2016.pdf HTTP/1.0" 200 241719
201.245.192.253 - - [21/Dec/2023:01:00:10 -0500] "POST /forms/lservlet;jsessionid=ac16012b30d648d4d7e95c6a498d8fc6bd063871f06c.e3iSbxaKaheRe34Qc38TbN0Nb41ynknvrkLOlQzNp65In0 HTTP/1.1" 200 2
216.245.221.92 - - [21/Dec/2023:01:00:10 -0500] "HEAD / HTTP/1.1" 200 -
156.59.198.135 - - [21/Dec/2023:01:00:19 -0500] "GET /BLA/resoluciones/RESOLUCIONES%202010/1066.pdf HTTP/1.0" 200 121300
207.46.13.64 - - [21/Dec/2023:01:00:29 -0500] "GET /BLA/resoluciones/RESOLUCIONES%202023/2804.pdf HTTP/1.1" 200 2575607
156.59.198.136 - - [21/Dec/2023:01:00:43 -0500] "GET /BLA/resoluciones/AUTOS%202014/6313.pdf HTTP/1.0" 200 538734
123.126.50.229 - - [21/Dec/2023:01:00:46 -0500] "GET / HTTP/1.1" 200 319
207.46.13.64 - - [21/Dec/2023:01:00:59 -0500] "GET /BLA/resoluciones/RESOLUCIONES%202021/0989.pdf HTTP/1.1" 200 603768
156.59.198.135 - - [21/Dec/2023:01:01:08 -0500] "GET /BLA/resoluciones/RESOLUCIONES%202008/4627.pdf HTTP/1.0" 200 264565
201.245.192.253 - - [21/Dec/2023:01:01:24 -0500] "POST /forms/lservlet;jsessionid=ac16012b30d65f92fa67ce9340589b498a1304d31ae2.e3iSbxaKaheRe34Qc38TbN0Nb41ynknvrkLOlQzNp65In0 HTTP/1.1" 200 2
156.59.198.135 - - [21/Dec/2023:01:01:32 -0500] "GET /BLA/resoluciones/Notificaciones/AUTOS%202014/6522.doc HTTP/1.0" 200 155136
201.245.192.253 - - [21/Dec/2023:01:01:37 -0500] "POST /kwsrmcab/Wsrmcab  HTTP/1.1" 200 40220
156.59.198.136 - - [21/Dec/2023:01:01:58 -0500] "GET /BLA/resoluciones/RESOLUCIONES%202018/2188.pdf HTTP/1.0" 200 324164
201.245.192.253 - - [21/Dec/2023:01:02:10 -0500] "POST /forms/lservlet;jsessionid=ac16012b30d648d4d7e95c6a498d8fc6bd063871f06c.e3iSbxaKaheRe34Qc38TbN0Nb41ynknvrkLOlQzNp65In0 HTTP/1.1" 200 2
156.59.198.136 - - [21/Dec/2023:01:02:20 -0500] "GET /BLA/resoluciones/AUTOS%202014/7360.pdf HTTP/1.0" 200 638095
84.247.102.8 - - [21/Dec/2023:01:02:30 -0500] "GET /.env HTTP/1.1" 404 1018
84.247.102.8 - - [21/Dec/2023:01:02:31 -0500] "POST / HTTP/1.1" 200 319
156.59.198.135 - - [21/Dec/2023:01:02:45 -0500] "GET /BLA/resoluciones/RESOLUCIONES%202008/4953.pdf HTTP/1.0" 200 215573
207.46.13.64 - - [21/Dec/2023:01:02:48 -0500] "GET /BLA/resoluciones/RESOLUCIONES%202023/2703.pdf HTTP/1.1" 200 1174842
156.59.198.136 - - [21/Dec/2023:01:03:09 -0500] "GET /BLA/resoluciones/AUTOS%202023/1806.pdf HTTP/1.0" 200 355685
201.245.192.253 - - [21/Dec/2023:01:03:24 -0500] "POST /forms/lservlet;jsessionid=ac16012b30d65f92fa67ce9340589b498a1304d31ae2.e3iSbxaKaheRe34Qc38TbN0Nb41ynknvrkLOlQzNp65In0 HTTP/1.1" 200 2
157.55.39.54 - - [21/Dec/2023:01:03:27 -0500] "GET /BLA/resoluciones/RESOLUCIONES%202021/1636.pdf HTTP/1.1" 200 711588
156.59.198.135 - - [21/Dec/2023:01:03:33 -0500] "GET /BLA/resoluciones/Notificaciones/AUTOS%202014/5743.doc HTTP/1.0" 200 154624
172.22.2.4 - - [21/Dec/2023:01:02:02 -0500] "HEAD /BLA/boletinlegal/ HTTP/1.1" 200 -
156.59.198.135 - - [21/Dec/2023:01:03:57 -0500] "GET /BLA/resoluciones/RESOLUCIONES%202012/1314.pdf HTTP/1.0" 200 304186
201.245.192.253 - - [21/Dec/2023:01:04:10 -0500] "POST /forms/lservlet;jsessionid=ac16012b30d648d4d7e95c6a498d8fc6bd063871f06c.e3iSbxaKaheRe34Qc38TbN0Nb41ynknvrkLOlQzNp65In0 HTTP/1.1" 200 2
156.59.198.135 - - [21/Dec/2023:01:04:21 -0500] "GET /BLA/resoluciones/Notificaciones/REGISTROS%202021/00180.pdf HTTP/1.0" 200 364485
172.22.2.4 - - [21/Dec/2023:01:02:52 -0500] "GET /BLA/boletinlegal/ HTTP/1.1" 200 60502
156.59.198.136 - - [21/Dec/2023:01:04:46 -0500] "GET /BLA/resoluciones/Notificaciones/AUTOS%202014/6035.doc HTTP/1.0" 200 152576
66.249.66.192 - - [21/Dec/2023:01:05:09 -0500] "GET /cumbre-p4g-soluciones-conjuntas-para-consolidar-ciudades-sostenibles.html HTTP/1.1" 200 780
66.249.66.192 - - [21/Dec/2023:01:05:09 -0500] "GET /secretaria-de-ambiente-destaca-aportes-de-empresas-y-ciudadanos-que-ayudaron-a-mitigar-efectos-de-la-alerta-fase-i.html HTTP/1.1" 304 -
156.59.198.135 - - [21/Dec/2023:01:05:10 -0500] "GET /BLA/resoluciones/RESOLUCIONES%202008/4724.pdf HTTP/1.0" 200 337460
216.245.221.92 - - [21/Dec/2023:01:05:10 -0500] "HEAD / HTTP/1.1" 200 -
201.245.192.253 - - [21/Dec/2023:01:05:24 -0500] "POST /forms/lservlet;jsessionid=ac16012b30d65f92fa67ce9340589b498a1304d31ae2.e3iSbxaKaheRe34Qc38TbN0Nb41ynknvrkLOlQzNp65In0 HTTP/1.1" 200 2
156.59.198.136 - - [21/Dec/2023:01:05:35 -0500] "GET /BLA/resoluciones/AUTOS%202023/0128.pdf HTTP/1.0" 200 1582524
156.59.198.136 - - [21/Dec/2023:01:05:59 -0500] "GET /BLA/resoluciones/RESOLUCIONES%202008/5288.pdf HTTP/1.0" 200 258527
201.245.192.253 - - [21/Dec/2023:01:06:10 -0500] "POST /forms/lservlet;jsessionid=ac16012b30d648d4d7e95c6a498d8fc6bd063871f06c.e3iSbxaKaheRe34Qc38TbN0Nb41ynknvrkLOlQzNp65In0 HTTP/1.1" 200 2
156.59.198.136 - - [21/Dec/2023:01:06:23 -0500] "GET /BLA/resoluciones/AUTOS%202017/4456.pdf HTTP/1.0" 200 299963
201.245.192.253 - - [21/Dec/2023:01:06:35 -0500] "POST /kwsrmcab/Wsrmcab  HTTP/1.1" 200 40220
156.59.198.135 - - [21/Dec/2023:01:06:47 -0500] "GET /BLA/resoluciones/RESOLUCIONES%202010/0304.pdf HTTP/1.0" 200 531991
156.59.198.136 - - [21/Dec/2023:01:07:12 -0500] "GET /BLA/resoluciones/AUTOS%202014/7337.pdf HTTP/1.0" 200 370025
201.245.192.253 - - [21/Dec/2023:01:07:24 -0500] "POST /forms/lservlet;jsessionid=ac16012b30d65f92fa67ce9340589b498a1304d31ae2.e3iSbxaKaheRe34Qc38TbN0Nb41ynknvrkLOlQzNp65In0 HTTP/1.1" 200 2
156.59.198.136 - - [21/Dec/2023:01:07:37 -0500] "GET /BLA/resoluciones/AUTOS%202023/1635.pdf HTTP/1.0" 200 2831662
156.59.198.135 - - [21/Dec/2023:01:08:01 -0500] "GET /BLA/resoluciones/Notificaciones/AUTOS%202014/6102.doc HTTP/1.0" 200 156160
201.245.192.253 - - [21/Dec/2023:01:08:10 -0500] "POST /forms/lservlet;jsessionid=ac16012b30d648d4d7e95c6a498d8fc6bd063871f06c.e3iSbxaKaheRe34Qc38TbN0Nb41ynknvrkLOlQzNp65In0 HTTP/1.1" 200 2
157.55.39.62 - - [21/Dec/2023:01:08:10 -0500] "GET /BLA/resoluciones/AUTOS%202023/4401.pdf HTTP/1.1" 200 499078
156.59.198.135 - - [21/Dec/2023:01:08:25 -0500] "GET /BLA/resoluciones/RESOLUCIONES%202008/4848.pdf HTTP/1.0" 200 291690
186.155.168.86 - - [21/Dec/2023:01:08:47 -0500] "POST /sipse/faces/presentacion/financiero/solicitudProceso/listarSolicitudProceso.xhtml HTTP/1.1" 200 39333
186.155.168.86 - - [21/Dec/2023:01:08:47 -0500] "POST /sipse/faces/presentacion/financiero/solicitudProceso/listarSolicitudProceso.xhtml HTTP/1.1" 200 1544
186.155.168.86 - - [21/Dec/2023:01:08:48 -0500] "POST /sipse/faces/presentacion/financiero/solicitudProceso/listarSolicitudProceso.xhtml HTTP/1.1" 200 39362
186.155.168.86 - - [21/Dec/2023:01:08:49 -0500] "POST /sipse/faces/presentacion/financiero/solicitudProceso/listarSolicitudProceso.xhtml HTTP/1.1" 200 1544
186.155.168.86 - - [21/Dec/2023:01:08:49 -0500] "POST /sipse/faces/presentacion/financiero/solicitudProceso/listarSolicitudProceso.xhtml HTTP/1.1" 200 25306
186.155.168.86 - - [21/Dec/2023:01:08:49 -0500] "POST /sipse/faces/presentacion/financiero/solicitudProceso/listarSolicitudProceso.xhtml HTTP/1.1" 200 37046
156.59.198.135 - - [21/Dec/2023:01:08:49 -0500] "GET /BLA/resoluciones/RESOLUCIONES%202007/RES%202007%202101%20AL%202200/RESOLUCION%202121%20DE%202007.pdf HTTP/1.0" 200 880139
156.59.198.136 - - [21/Dec/2023:01:09:14 -0500] "GET /BLA/resoluciones/AUTOS%202023/0703.pdf HTTP/1.0" 200 772327
201.245.192.253 - - [21/Dec/2023:01:09:24 -0500] "POST /forms/lservlet;jsessionid=ac16012b30d65f92fa67ce9340589b498a1304d31ae2.e3iSbxaKaheRe34Qc38TbN0Nb41ynknvrkLOlQzNp65In0 HTTP/1.1" 200 2
172.22.2.4 - - [21/Dec/2023:01:07:52 -0500] "HEAD /BLA/boletinlegal/ HTTP/1.1" 200 -
156.59.198.135 - - [21/Dec/2023:01:09:38 -0500] "GET /BLA/resoluciones/Notificaciones/AUTOS%202014/5618.doc HTTP/1.0" 200 165376
156.59.198.136 - - [21/Dec/2023:01:10:04 -0500] "GET /BLA/resoluciones/RESOLUCIONES%202010/0998.pdf HTTP/1.0" 200 119322
201.245.192.253 - - [21/Dec/2023:01:10:10 -0500] "POST /forms/lservlet;jsessionid=ac16012b30d648d4d7e95c6a498d8fc6bd063871f06c.e3iSbxaKaheRe34Qc38TbN0Nb41ynknvrkLOlQzNp65In0 HTTP/1.1" 200 2
216.245.221.92 - - [21/Dec/2023:01:10:10 -0500] "HEAD / HTTP/1.1" 200 -
172.22.2.4 - - [21/Dec/2023:01:08:42 -0500] "GET /BLA/boletinlegal/ HTTP/1.1" 200 58567
156.59.198.135 - - [21/Dec/2023:01:10:28 -0500] "GET /BLA/resoluciones/AUTOS%202023/0760.pdf HTTP/1.0" 200 402155
156.59.198.135 - - [21/Dec/2023:01:10:52 -0500] "GET /BLA/resoluciones/RESOLUCIONES%202007/RES%202007%202101%20AL%202200/RESOLUCION%202146%20DE%202007.pdf HTTP/1.0" 200 646528
156.59.198.136 - - [21/Dec/2023:01:11:16 -0500] "GET /BLA/resoluciones/AUTOS%202023/0787.pdf HTTP/1.0" 200 399128
201.245.192.253 - - [21/Dec/2023:01:11:24 -0500] "POST /forms/lservlet;jsessionid=ac16012b30d65f92fa67ce9340589b498a1304d31ae2.e3iSbxaKaheRe34Qc38TbN0Nb41ynknvrkLOlQzNp65In0 HTTP/1.1" 200 2
201.245.192.253 - - [21/Dec/2023:01:11:35 -0500] "POST /kwsrmcab/Wsrmcab  HTTP/1.1" 200 40220
156.59.198.136 - - [21/Dec/2023:01:11:42 -0500] "GET /BLA/resoluciones/AUTOS%202023/4054.pdf HTTP/1.0" 200 2577859
186.155.168.86 - - [21/Dec/2023:01:11:45 -0500] "GET /sipse/faces/index.xhtml HTTP/1.1" 200 677
186.155.168.86 - - [21/Dec/2023:01:11:45 -0500] "GET /sipse/faces/javax.faces.resource/theme.css?ln=primefaces-sipse HTTP/1.1" 304 -
186.155.168.86 - - [21/Dec/2023:01:11:45 -0500] "GET /sipse/faces/faces/autenticacion.xhtml HTTP/1.1" 200 12174
186.155.168.86 - - [21/Dec/2023:01:11:45 -0500] "GET /sipse/css/custom_css_sg_prime_login.css HTTP/1.1" 304 -
186.155.168.86 - - [21/Dec/2023:01:11:45 -0500] "GET /sipse/faces/javax.faces.resource/theme.css?ln=primefaces-sipse HTTP/1.1" 304 -
186.155.168.86 - - [21/Dec/2023:01:11:45 -0500] "GET /sipse/faces/javax.faces.resource/primefaces.css?ln=primefaces&v=4.0 HTTP/1.1" 304 -
186.155.168.86 - - [21/Dec/2023:01:11:45 -0500] "GET /sipse/faces/javax.faces.resource/layout/layout.css?ln=primefaces&v=4.0 HTTP/1.1" 304 -
186.155.168.86 - - [21/Dec/2023:01:11:45 -0500] "GET /sipse/faces/javax.faces.resource/layout/layout.js?ln=primefaces&v=4.0 HTTP/1.1" 304 -
186.155.168.86 - - [21/Dec/2023:01:11:45 -0500] "GET /sipse/faces/javax.faces.resource/jquery/jquery.js?ln=primefaces&v=4.0 HTTP/1.1" 304 -
186.155.168.86 - - [21/Dec/2023:01:11:45 -0500] "GET /sipse/faces/javax.faces.resource/primefaces.js?ln=primefaces&v=4.0 HTTP/1.1" 304 -
186.155.168.86 - - [21/Dec/2023:01:11:45 -0500] "GET /sipse/faces/javax.faces.resource/jquery/jquery-plugins.js?ln=primefaces&v=4.0 HTTP/1.1" 304 -
186.155.168.86 - - [21/Dec/2023:01:11:45 -0500] "GET /sipse/css/imagen/loginimg.png HTTP/1.1" 304 -
186.155.168.86 - - [21/Dec/2023:01:11:45 -0500] "GET /sipse/faces/javax.faces.resource/images/ui-icons_898989_256x240.png?ln=primefaces-aristo HTTP/1.1" 304 -
186.155.168.86 - - [21/Dec/2023:01:11:53 -0500] "POST /sipse/faces/autenticacion.xhtml HTTP/1.1" 200 2222
186.155.168.86 - - [21/Dec/2023:01:11:53 -0500] "GET /sipse/faces/javax.faces.resource/messages/messages.png?ln=primefaces&v=4.0 HTTP/1.1" 304 -
186.155.168.86 - - [21/Dec/2023:01:11:54 -0500] "POST /sipse/faces/autenticacion.xhtml HTTP/1.1" 200 16352
186.155.168.86 - - [21/Dec/2023:01:11:54 -0500] "GET /sipse/faces/javax.faces.resource/theme.css?ln=primefaces-sipse HTTP/1.1" 304 -
186.155.168.86 - - [21/Dec/2023:01:11:54 -0500] "GET /sipse/faces/javax.faces.resource/layout/layout.css?ln=primefaces&v=4.0 HTTP/1.1" 304 -
186.155.168.86 - - [21/Dec/2023:01:11:54 -0500] "GET /sipse/faces/javax.faces.resource/primefaces.css?ln=primefaces&v=4.0 HTTP/1.1" 304 -
186.155.168.86 - - [21/Dec/2023:01:11:54 -0500] "GET /sipse/faces/javax.faces.resource/jquery/jquery.js?ln=primefaces&v=4.0 HTTP/1.1" 304 -
186.155.168.86 - - [21/Dec/2023:01:11:54 -0500] "GET /sipse/faces/javax.faces.resource/jquery/jquery-plugins.js?ln=primefaces&v=4.0 HTTP/1.1" 304 -
186.155.168.86 - - [21/Dec/2023:01:11:54 -0500] "GET /sipse/faces/javax.faces.resource/primefaces.js?ln=primefaces&v=4.0 HTTP/1.1" 304 -
186.155.168.86 - - [21/Dec/2023:01:11:54 -0500] "GET /sipse/faces/javax.faces.resource/layout/layout.js?ln=primefaces&v=4.0 HTTP/1.1" 304 -
186.155.168.86 - - [21/Dec/2023:01:11:54 -0500] "GET /sipse/css/v_mergente.css HTTP/1.1" 304 -
186.155.168.86 - - [21/Dec/2023:01:11:54 -0500] "GET /sipse/imagenes/logoAplicacion.jpg HTTP/1.1" 304 -
186.155.168.86 - - [21/Dec/2023:01:11:54 -0500] "GET /sipse/css/imagen/contrasena.png HTTP/1.1" 404 383
186.155.168.86 - - [21/Dec/2023:01:11:56 -0500] "GET /sipse/faces/javax.faces.resource/images/ui-bg_flat_0_2d5972_40x100.png?ln=primefaces-aristo HTTP/1.1" 304 -
186.155.168.86 - - [21/Dec/2023:01:11:56 -0500] "POST /sipse/faces/bienvenido.xhtml HTTP/1.1" 200 9852
186.155.168.86 - - [21/Dec/2023:01:11:59 -0500] "POST /sipse/faces/bienvenido.xhtml HTTP/1.1" 200 2060
186.155.168.86 - - [21/Dec/2023:01:12:00 -0500] "POST /sipse/faces/bienvenido.xhtml HTTP/1.1" 200 62900
186.155.168.86 - - [21/Dec/2023:01:12:00 -0500] "GET /sipse/faces/javax.faces.resource/theme.css?ln=primefaces-sipse HTTP/1.1" 304 -
186.155.168.86 - - [21/Dec/2023:01:12:00 -0500] "GET /sipse/faces/javax.faces.resource/primefaces.css?ln=primefaces&v=4.0 HTTP/1.1" 304 -
186.155.168.86 - - [21/Dec/2023:01:12:00 -0500] "GET /sipse/faces/javax.faces.resource/layout/layout.css?ln=primefaces&v=4.0 HTTP/1.1" 304 -
186.155.168.86 - - [21/Dec/2023:01:12:00 -0500] "GET /sipse/faces/javax.faces.resource/jquery/jquery.js?ln=primefaces&v=4.0 HTTP/1.1" 304 -
186.155.168.86 - - [21/Dec/2023:01:12:00 -0500] "GET /sipse/faces/javax.faces.resource/jquery/jquery-plugins.js?ln=primefaces&v=4.0 HTTP/1.1" 304 -
186.155.168.86 - - [21/Dec/2023:01:12:00 -0500] "GET /sipse/faces/javax.faces.resource/primefaces.js?ln=primefaces&v=4.0 HTTP/1.1" 304 -
186.155.168.86 - - [21/Dec/2023:01:12:00 -0500] "GET /sipse/faces/javax.faces.resource/layout/layout.js?ln=primefaces&v=4.0 HTTP/1.1" 304 -
186.155.168.86 - - [21/Dec/2023:01:12:00 -0500] "POST /sipse/faces/presentacion/financiero/solicitudProceso/listarSolicitudProceso.xhtml HTTP/1.1" 200 1556
186.155.168.86 - - [21/Dec/2023:01:12:03 -0500] "POST /sipse/faces/presentacion/financiero/solicitudProceso/listarSolicitudProceso.xhtml HTTP/1.1" 200 2857
186.155.168.86 - - [21/Dec/2023:01:12:04 -0500] "POST /sipse/faces/presentacion/financiero/solicitudProceso/listarSolicitudProceso.xhtml HTTP/1.1" 200 40135
186.155.168.86 - - [21/Dec/2023:01:12:04 -0500] "GET /sipse/faces/javax.faces.resource/layout/layout.css?ln=primefaces&v=4.0 HTTP/1.1" 304 -
186.155.168.86 - - [21/Dec/2023:01:12:04 -0500] "GET /sipse/faces/javax.faces.resource/theme.css?ln=primefaces-sipse HTTP/1.1" 304 -
186.155.168.86 - - [21/Dec/2023:01:12:04 -0500] "GET /sipse/faces/javax.faces.resource/primefaces.css?ln=primefaces&v=4.0 HTTP/1.1" 304 -
186.155.168.86 - - [21/Dec/2023:01:12:04 -0500] "GET /sipse/faces/javax.faces.resource/jquery/jquery.js?ln=primefaces&v=4.0 HTTP/1.1" 304 -
186.155.168.86 - - [21/Dec/2023:01:12:04 -0500] "GET /sipse/faces/javax.faces.resource/jquery/jquery-plugins.js?ln=primefaces&v=4.0 HTTP/1.1" 304 -
186.155.168.86 - - [21/Dec/2023:01:12:04 -0500] "GET /sipse/faces/javax.faces.resource/primefaces.js?ln=primefaces&v=4.0 HTTP/1.1" 304 -
186.155.168.86 - - [21/Dec/2023:01:12:04 -0500] "GET /sipse/faces/javax.faces.resource/layout/layout.js?ln=primefaces&v=4.0 HTTP/1.1" 304 -
186.155.168.86 - - [21/Dec/2023:01:12:04 -0500] "POST /sipse/faces/presentacion/financiero/solicitudProceso/consultar.xhtml HTTP/1.1" 200 33535
156.59.198.136 - - [21/Dec/2023:01:12:06 -0500] "GET /BLA/resoluciones/RESOLUCIONES%202007/RES%202007%203201%20AL%203300/RESOLUCION%203300%20DE%202007.pdf HTTP/1.0" 200 177331
201.245.192.253 - - [21/Dec/2023:01:12:10 -0500] "POST /forms/lservlet;jsessionid=ac16012b30d648d4d7e95c6a498d8fc6bd063871f06c.e3iSbxaKaheRe34Qc38TbN0Nb41ynknvrkLOlQzNp65In0 HTTP/1.1" 200 2
186.155.168.86 - - [21/Dec/2023:01:12:10 -0500] "POST /sipse/faces/presentacion/financiero/solicitudProceso/consultar.xhtml HTTP/1.1" 200 12706
186.155.168.86 - - [21/Dec/2023:01:12:14 -0500] "POST /sipse/faces/presentacion/financiero/solicitudProceso/consultar.xhtml HTTP/1.1" 200 23085
186.155.168.86 - - [21/Dec/2023:01:12:18 -0500] "POST /sipse/faces/presentacion/financiero/solicitudProceso/consultar.xhtml HTTP/1.1" 200 12786
186.155.168.86 - - [21/Dec/2023:01:12:22 -0500] "POST /sipse/faces/presentacion/financiero/solicitudProceso/consultar.xhtml HTTP/1.1" 200 23085
186.155.168.86 - - [21/Dec/2023:01:12:25 -0500] "POST /sipse/faces/presentacion/financiero/solicitudProceso/consultar.xhtml HTTP/1.1" 200 12921
186.155.168.86 - - [21/Dec/2023:01:12:30 -0500] "POST /sipse/faces/presentacion/financiero/solicitudProceso/consultar.xhtml HTTP/1.1" 200 23085
156.59.198.135 - - [21/Dec/2023:01:12:30 -0500] "GET /BLA/resoluciones/AUTOS%202012/0204.pdf HTTP/1.0" 200 335515
186.155.168.86 - - [21/Dec/2023:01:12:34 -0500] "POST /sipse/faces/presentacion/financiero/solicitudProceso/consultar.xhtml HTTP/1.1" 200 12793
186.155.168.86 - - [21/Dec/2023:01:12:35 -0500] "POST /sipse/faces/presentacion/financiero/solicitudProceso/consultar.xhtml HTTP/1.1" 200 23085
186.155.168.86 - - [21/Dec/2023:01:12:40 -0500] "POST /sipse/faces/presentacion/financiero/solicitudProceso/consultar.xhtml HTTP/1.1" 200 12816
157.55.39.62 - - [21/Dec/2023:01:12:52 -0500] "GET /BLA/resoluciones/AUTOS%202013/0664.pdf HTTP/1.1" 200 1189826
156.59.198.135 - - [21/Dec/2023:01:12:54 -0500] "GET /BLA/resoluciones/AUTOS%202023/3344.pdf HTTP/1.0" 200 977785
20.240.18.32 - - [21/Dec/2023:01:13:12 -0500] "GET /Publicaciones/2023EE281818.pdf HTTP/1.1" 404 228
156.59.198.136 - - [21/Dec/2023:01:13:18 -0500] "GET /BLA/resoluciones/AUTOS%202014/6366.pdf HTTP/1.0" 200 499115
201.245.192.253 - - [21/Dec/2023:01:13:24 -0500] "POST /forms/lservlet;jsessionid=ac16012b30d65f92fa67ce9340589b498a1304d31ae2.e3iSbxaKaheRe34Qc38TbN0Nb41ynknvrkLOlQzNp65In0 HTTP/1.1" 200 2
156.59.198.135 - - [21/Dec/2023:01:13:42 -0500] "GET /BLA/resoluciones/AUTOS%202023/4834.pdf HTTP/1.0" 200 3582295
156.59.198.136 - - [21/Dec/2023:01:14:09 -0500] "GET /BLA/resoluciones/Notificaciones/AUTOS%202014/4640.doc HTTP/1.0" 200 96256
201.245.192.253 - - [21/Dec/2023:01:14:10 -0500] "POST /forms/lservlet;jsessionid=ac16012b30d648d4d7e95c6a498d8fc6bd063871f06c.e3iSbxaKaheRe34Qc38TbN0Nb41ynknvrkLOlQzNp65In0 HTTP/1.1" 200 2
156.59.198.136 - - [21/Dec/2023:01:14:33 -0500] "GET /BLA/resoluciones/RESOLUCIONES%202008/5553.pdf HTTP/1.0" 200 433201
156.59.198.135 - - [21/Dec/2023:01:14:58 -0500] "GET /BLA/resoluciones/RESOLUCIONES%202018/2539.pdf HTTP/1.0" 200 557957
216.245.221.92 - - [21/Dec/2023:01:15:10 -0500] "HEAD / HTTP/1.1" 200 -
156.59.198.135 - - [21/Dec/2023:01:15:22 -0500] "GET /BLA/resoluciones/RESOLUCIONES%202010/1543.pdf HTTP/1.0" 200 51958
172.22.2.4 - - [21/Dec/2023:01:13:42 -0500] "HEAD /BLA/boletinlegal/ HTTP/1.1" 200 -
201.245.192.253 - - [21/Dec/2023:01:15:24 -0500] "POST /forms/lservlet;jsessionid=ac16012b30d65f92fa67ce9340589b498a1304d31ae2.e3iSbxaKaheRe34Qc38TbN0Nb41ynknvrkLOlQzNp65In0 HTTP/1.1" 200 2
156.59.198.136 - - [21/Dec/2023:01:15:45 -0500] "GET /BLA/resoluciones/AUTOS%202023/4111.pdf HTTP/1.0" 200 388973
156.59.198.135 - - [21/Dec/2023:01:16:10 -0500] "GET /BLA/resoluciones/AUTOS%202023/5982.pdf HTTP/1.0" 200 366882
201.245.192.253 - - [21/Dec/2023:01:16:10 -0500] "POST /forms/lservlet;jsessionid=ac16012b30d648d4d7e95c6a498d8fc6bd063871f06c.e3iSbxaKaheRe34Qc38TbN0Nb41ynknvrkLOlQzNp65In0 HTTP/1.1" 200 2
172.22.2.4 - - [21/Dec/2023:01:14:32 -0500] "GET /BLA/boletinlegal/ HTTP/1.1" 200 60502
216.244.66.195 - - [21/Dec/2023:01:16:13 -0500] "GET /robots.txt HTTP/1.1" 404 1018
156.59.198.135 - - [21/Dec/2023:01:16:36 -0500] "GET /BLA/resoluciones/AUTOS%202023/3868.pdf HTTP/1.0" 200 693563
201.245.192.253 - - [21/Dec/2023:01:16:33 -0500] "POST /kwsrmcab/Wsrmcab HTTP/1.1" 200 40851
201.245.192.253 - - [21/Dec/2023:01:16:34 -0500] "POST /kwsrmcab/Wsrmcab  HTTP/1.1" 200 40220
201.245.192.253 - - [21/Dec/2023:01:16:37 -0500] "POST /kwsrmcab/Wsrmcab HTTP/1.1" 200 36489
156.59.198.136 - - [21/Dec/2023:01:17:01 -0500] "GET /BLA/resoluciones/AUTOS%202023/2719.pdf HTTP/1.0" 200 417827
201.245.192.253 - - [21/Dec/2023:01:17:24 -0500] "POST /forms/lservlet;jsessionid=ac16012b30d65f92fa67ce9340589b498a1304d31ae2.e3iSbxaKaheRe34Qc38TbN0Nb41ynknvrkLOlQzNp65In0 HTTP/1.1" 200 2
156.59.198.135 - - [21/Dec/2023:01:17:24 -0500] "GET /BLA/resoluciones/RESOLUCIONES%202010/0698.pdf HTTP/1.0" 200 103962
156.59.198.135 - - [21/Dec/2023:01:17:49 -0500] "GET /BLA/resoluciones/Notificaciones/REGISTROS%202021/2309.pdf HTTP/1.0" 200 276490
201.245.192.253 - - [21/Dec/2023:01:18:10 -0500] "POST /forms/lservlet;jsessionid=ac16012b30d648d4d7e95c6a498d8fc6bd063871f06c.e3iSbxaKaheRe34Qc38TbN0Nb41ynknvrkLOlQzNp65In0 HTTP/1.1" 200 2
152.61.192.232 - - [21/Dec/2023:01:18:12 -0500] "GET / HTTP/1.1" 200 319
156.59.198.135 - - [21/Dec/2023:01:18:14 -0500] "GET /BLA/resoluciones/RESOLUCIONES%202008/3631.pdf HTTP/1.0" 200 381601
156.59.198.135 - - [21/Dec/2023:01:18:38 -0500] "GET /BLA/resoluciones/Notificaciones/AUTOS%202014/3529.doc HTTP/1.0" 200 98816
156.59.198.135 - - [21/Dec/2023:01:19:02 -0500] "GET /BLA/resoluciones/AUTOS%202023/3358.pdf HTTP/1.0" 200 3677629
201.245.192.253 - - [21/Dec/2023:01:19:24 -0500] "POST /forms/lservlet;jsessionid=ac16012b30d65f92fa67ce9340589b498a1304d31ae2.e3iSbxaKaheRe34Qc38TbN0Nb41ynknvrkLOlQzNp65In0 HTTP/1.1" 200 2
156.59.198.135 - - [21/Dec/2023:01:19:26 -0500] "GET /BLA/resoluciones/AUTOS%202014/1688.pdf HTTP/1.0" 200 435066
156.59.198.135 - - [21/Dec/2023:01:19:50 -0500] "GET /BLA/resoluciones/Notificaciones/AUTOS%202014/2979.doc HTTP/1.0" 200 228864
157.55.39.62 - - [21/Dec/2023:01:20:01 -0500] "GET /BLA/resoluciones/AUTOS%202023/3895.pdf HTTP/1.1" 200 969072
201.245.192.253 - - [21/Dec/2023:01:20:10 -0500] "POST /forms/lservlet;jsessionid=ac16012b30d648d4d7e95c6a498d8fc6bd063871f06c.e3iSbxaKaheRe34Qc38TbN0Nb41ynknvrkLOlQzNp65In0 HTTP/1.1" 200 2
216.245.221.92 - - [21/Dec/2023:01:20:10 -0500] "HEAD / HTTP/1.1" 200 -
156.59.198.135 - - [21/Dec/2023:01:20:14 -0500] "GET /BLA/resoluciones/RESOLUCIONES%202018/1314.pdf HTTP/1.0" 200 225731
201.245.192.253 - - [21/Dec/2023:01:20:29 -0500] "POST /kwsrmcab/Wsrmcab HTTP/1.1" 200 40851
201.245.192.253 - - [21/Dec/2023:01:20:35 -0500] "POST /kwsrmcab/Wsrmcab HTTP/1.1" 200 36489
156.59.198.135 - - [21/Dec/2023:01:20:40 -0500] "GET /BLA/resoluciones/RESOLUCIONES%202007/RES%202007%202101%20AL%202200/RESOLUCION%202157%20%20DE%202007.pdf HTTP/1.0" 200 281541
23.92.24.232 - - [21/Dec/2023:01:20:46 -0500] "GET / HTTP/1.1" 200 319
66.228.43.248 - - [21/Dec/2023:01:20:57 -0500] "POST /wsman HTTP/1.1" 404 1018
156.59.198.135 - - [21/Dec/2023:01:21:04 -0500] "GET /BLA/resoluciones/RESOLUCIONES%202008/5281.pdf HTTP/1.0" 200 278997
173.230.149.119 - - [21/Dec/2023:01:21:08 -0500] "GET / HTTP/1.1" 200 319
173.230.149.119 - - [21/Dec/2023:01:21:08 -0500] "GET /auth.html HTTP/1.1" 404 1018
173.230.149.119 - - [21/Dec/2023:01:21:08 -0500] "GET /auth1.html HTTP/1.1" 404 1018
173.230.149.119 - - [21/Dec/2023:01:21:08 -0500] "GET /sslvpnLogin.html HTTP/1.1" 404 1018
173.230.149.119 - - [21/Dec/2023:01:21:08 -0500] "GET /api/sonicos/auth HTTP/1.1" 404 1018
173.230.149.119 - - [21/Dec/2023:01:21:08 -0500] "GET /api/sonicos/tfa HTTP/1.1" 404 1018
172.22.2.4 - - [21/Dec/2023:01:19:31 -0500] "HEAD /BLA/boletinlegal/ HTTP/1.1" 200 -
45.56.81.40 - - [21/Dec/2023:01:21:21 -0500] "HEAD / HTTP/1.1" 200 -
201.245.192.253 - - [21/Dec/2023:01:21:24 -0500] "POST /forms/lservlet;jsessionid=ac16012b30d65f92fa67ce9340589b498a1304d31ae2.e3iSbxaKaheRe34Qc38TbN0Nb41ynknvrkLOlQzNp65In0 HTTP/1.1" 200 2
156.59.198.136 - - [21/Dec/2023:01:21:27 -0500] "GET /BLA/resoluciones/Notificaciones/AUTOS%202015/0601.doc HTTP/1.0" 200 160768
201.245.192.253 - - [21/Dec/2023:01:21:32 -0500] "POST /kwsrmcab/Wsrmcab  HTTP/1.1" 200 40220
45.56.81.40 - - [21/Dec/2023:01:21:47 -0500] "GET / HTTP/1.1" 200 319
156.59.198.136 - - [21/Dec/2023:01:21:52 -0500] "GET /BLA/resoluciones/RESOLUCIONES%202010/0841.pdf HTTP/1.0" 200 118056
172.22.2.4 - - [21/Dec/2023:01:20:22 -0500] "GET /BLA/boletinlegal/ HTTP/1.1" 200 60910
201.245.192.253 - - [21/Dec/2023:01:22:10 -0500] "POST /forms/lservlet;jsessionid=ac16012b30d648d4d7e95c6a498d8fc6bd063871f06c.e3iSbxaKaheRe34Qc38TbN0Nb41ynknvrkLOlQzNp65In0 HTTP/1.1" 200 2
156.59.198.135 - - [21/Dec/2023:01:22:16 -0500] "GET /BLA/resoluciones/AUTOS%202015/3308.pdf HTTP/1.0" 200 445490
156.59.198.136 - - [21/Dec/2023:01:22:40 -0500] "GET /BLA/resoluciones/AUTOS%202014/6377.pdf HTTP/1.0" 200 174914
156.59.198.136 - - [21/Dec/2023:01:23:04 -0500] "GET /BLA/resoluciones/AUTOS%202012/0192.pdf HTTP/1.0" 200 299315
66.249.66.192 - - [21/Dec/2023:01:23:09 -0500] "GET /robots.txt HTTP/1.1" 404 1034
66.249.66.194 - - [21/Dec/2023:01:23:09 -0500] "GET /semana-bogota-reverdece-iniciaron-actividades-de-la-academia-regional-de-areas-de-cero-emisiones.html HTTP/1.1" 304 -
201.245.192.253 - - [21/Dec/2023:01:23:24 -0500] "POST /forms/lservlet;jsessionid=ac16012b30d65f92fa67ce9340589b498a1304d31ae2.e3iSbxaKaheRe34Qc38TbN0Nb41ynknvrkLOlQzNp65In0 HTTP/1.1" 200 2
45.56.81.40 - - [21/Dec/2023:01:23:28 -0500] "GET / HTTP/1.1" 200 319
45.56.81.40 - - [21/Dec/2023:01:23:28 -0500] "GET /favicon.ico HTTP/1.1" 200 7782
156.59.198.135 - - [21/Dec/2023:01:23:28 -0500] "GET /BLA/resoluciones/AUTOS%202023/3506.pdf HTTP/1.0" 200 400214
156.59.198.136 - - [21/Dec/2023:01:23:53 -0500] "GET /BLA/resoluciones/AUTOS%202014/4801.pdf HTTP/1.0" 200 454321
201.245.192.253 - - [21/Dec/2023:01:24:10 -0500] "POST /forms/lservlet;jsessionid=ac16012b30d648d4d7e95c6a498d8fc6bd063871f06c.e3iSbxaKaheRe34Qc38TbN0Nb41ynknvrkLOlQzNp65In0 HTTP/1.1" 200 2
207.46.13.64 - - [21/Dec/2023:01:24:11 -0500] "GET /BLA/resoluciones/AUTOS%202023/4951.pdf HTTP/1.1" 200 1343258
47.128.42.163 - - [21/Dec/2023:01:24:19 -0500] "GET /BLA/resoluciones/index.php?dir=RESOLUCIONES%202003%2FRES%202003%201901-1950%2F&order=asc&sort=size HTTP/1.1" 200 12158
47.128.42.163 - - [21/Dec/2023:01:24:20 -0500] "GET /BLA/resoluciones/dlf/unknown.png HTTP/1.1" 200 266
47.128.42.163 - - [21/Dec/2023:01:24:20 -0500] "GET /BLA/resoluciones/dlf/dirup.png HTTP/1.1" 200 644
156.59.198.136 - - [21/Dec/2023:01:24:41 -0500] "GET /BLA/resoluciones/Notificaciones/AUTOS%202017/01180.pdf HTTP/1.0" 200 288168
156.59.198.136 - - [21/Dec/2023:01:25:06 -0500] "GET /BLA/resoluciones/RESOLUCIONES%202008/4587.pdf HTTP/1.0" 200 356336
