201.245.192.253 - - [21/Dec/2023:07:56:55 -0500] "POST /forms/lservlet;jsessionid=ac16012b30d601081061295f4ca0a1fa844a8c90ad0d.e3iSbxaKaheRe34Qc38TbN0Nb41ynknvrkLOlQzNp65In0 HTTP/1.1" 200 2
201.245.192.253 - - [21/Dec/2023:07:56:55 -0500] "POST /forms/lservlet;jsessionid=ac16012b30d601081061295f4ca0a1fa844a8c90ad0d.e3iSbxaKaheRe34Qc38TbN0Nb41ynknvrkLOlQzNp65In0 HTTP/1.1" 200 103
201.245.192.253 - - [21/Dec/2023:07:56:57 -0500] "POST /forms/lservlet;jsessionid=ac16012b30d601081061295f4ca0a1fa844a8c90ad0d.e3iSbxaKaheRe34Qc38TbN0Nb41ynknvrkLOlQzNp65In0 HTTP/1.1" 200 74
201.245.192.253 - - [21/Dec/2023:07:56:58 -0500] "POST /forms/lservlet;jsessionid=ac16012b30d601081061295f4ca0a1fa844a8c90ad0d.e3iSbxaKaheRe34Qc38TbN0Nb41ynknvrkLOlQzNp65In0 HTTP/1.1" 200 2
201.245.192.253 - - [21/Dec/2023:07:56:59 -0500] "POST /forms/lservlet;jsessionid=ac16012b30d601081061295f4ca0a1fa844a8c90ad0d.e3iSbxaKaheRe34Qc38TbN0Nb41ynknvrkLOlQzNp65In0 HTTP/1.1" 200 68
201.245.192.253 - - [21/Dec/2023:07:57:01 -0500] "POST /forms/lservlet;jsessionid=ac16012b30d601081061295f4ca0a1fa844a8c90ad0d.e3iSbxaKaheRe34Qc38TbN0Nb41ynknvrkLOlQzNp65In0 HTTP/1.1" 200 182
201.245.192.253 - - [21/Dec/2023:07:57:02 -0500] "POST /forms/lservlet;jsessionid=ac16012b30d601081061295f4ca0a1fa844a8c90ad0d.e3iSbxaKaheRe34Qc38TbN0Nb41ynknvrkLOlQzNp65In0 HTTP/1.1" 200 81
201.245.192.253 - - [21/Dec/2023:07:57:03 -0500] "POST /forms/lservlet;jsessionid=ac16012b30d601081061295f4ca0a1fa844a8c90ad0d.e3iSbxaKaheRe34Qc38TbN0Nb41ynknvrkLOlQzNp65In0 HTTP/1.1" 200 2
201.245.192.253 - - [21/Dec/2023:07:57:04 -0500] "POST /forms/lservlet;jsessionid=ac16012b30d601081061295f4ca0a1fa844a8c90ad0d.e3iSbxaKaheRe34Qc38TbN0Nb41ynknvrkLOlQzNp65In0 HTTP/1.1" 200 518
201.245.192.253 - - [21/Dec/2023:07:57:06 -0500] "POST /forms/lservlet;jsessionid=ac16012b30d601081061295f4ca0a1fa844a8c90ad0d.e3iSbxaKaheRe34Qc38TbN0Nb41ynknvrkLOlQzNp65In0 HTTP/1.1" 200 550
201.245.192.253 - - [21/Dec/2023:07:57:06 -0500] "POST /forms/lservlet;jsessionid=ac16012b30d601081061295f4ca0a1fa844a8c90ad0d.e3iSbxaKaheRe34Qc38TbN0Nb41ynknvrkLOlQzNp65In0 HTTP/1.1" 200 353
201.245.192.253 - - [21/Dec/2023:07:57:10 -0500] "POST /forms/lservlet;jsessionid=ac16012b30d601081061295f4ca0a1fa844a8c90ad0d.e3iSbxaKaheRe34Qc38TbN0Nb41ynknvrkLOlQzNp65In0 HTTP/1.1" 200 447
201.245.192.253 - - [21/Dec/2023:07:57:15 -0500] "POST /forms/lservlet;jsessionid=ac16012b30d601081061295f4ca0a1fa844a8c90ad0d.e3iSbxaKaheRe34Qc38TbN0Nb41ynknvrkLOlQzNp65In0 HTTP/1.1" 200 861
156.59.198.136 - - [21/Dec/2023:07:57:17 -0500] "GET /BLA/resoluciones/RESOLUCIONES%202008/3810.pdf HTTP/1.0" 200 384234
201.245.192.253 - - [21/Dec/2023:07:57:20 -0500] "POST /forms/lservlet;jsessionid=ac16012b30d601081061295f4ca0a1fa844a8c90ad0d.e3iSbxaKaheRe34Qc38TbN0Nb41ynknvrkLOlQzNp65In0 HTTP/1.1" 200 953
201.245.192.253 - - [21/Dec/2023:07:57:26 -0500] "POST /forms/lservlet;jsessionid=ac16012b30d65f92fa67ce9340589b498a1304d31ae2.e3iSbxaKaheRe34Qc38TbN0Nb41ynknvrkLOlQzNp65In0 HTTP/1.1" 200 2
201.245.192.253 - - [21/Dec/2023:07:57:27 -0500] "POST /forms/lservlet;jsessionid=ac16012b30d601081061295f4ca0a1fa844a8c90ad0d.e3iSbxaKaheRe34Qc38TbN0Nb41ynknvrkLOlQzNp65In0 HTTP/1.1" 200 2
173.252.107.2 - - [21/Dec/2023:07:57:33 -0500] "GET /bogota-actualiza-su-plan-de-gestion-ambiental-para-un-conseguir-un-futuro-mas-sostenible.html HTTP/1.1" 200 796
201.245.192.253 - - [21/Dec/2023:07:57:38 -0500] "POST /forms/lservlet;jsessionid=ac16012b30d601081061295f4ca0a1fa844a8c90ad0d.e3iSbxaKaheRe34Qc38TbN0Nb41ynknvrkLOlQzNp65In0 HTTP/1.1" 200 641
156.59.198.136 - - [21/Dec/2023:07:57:41 -0500] "GET /BLA/resoluciones/AUTOS%202023/4248.pdf HTTP/1.0" 200 938807
201.245.192.253 - - [21/Dec/2023:07:57:42 -0500] "POST /forms/lservlet;jsessionid=ac16012b30d601081061295f4ca0a1fa844a8c90ad0d.e3iSbxaKaheRe34Qc38TbN0Nb41ynknvrkLOlQzNp65In0 HTTP/1.1" 200 670
201.245.192.253 - - [21/Dec/2023:07:57:44 -0500] "POST /forms/lservlet;jsessionid=ac16012b30d601081061295f4ca0a1fa844a8c90ad0d.e3iSbxaKaheRe34Qc38TbN0Nb41ynknvrkLOlQzNp65In0 HTTP/1.1" 200 722
201.245.192.253 - - [21/Dec/2023:07:57:43 -0500] "POST /kwsrmcab/Wsrmcab  HTTP/1.1" 200 40220
201.245.192.253 - - [21/Dec/2023:07:57:46 -0500] "POST /forms/lservlet;jsessionid=ac16012b30d601081061295f4ca0a1fa844a8c90ad0d.e3iSbxaKaheRe34Qc38TbN0Nb41ynknvrkLOlQzNp65In0 HTTP/1.1" 200 660
201.245.192.253 - - [21/Dec/2023:07:57:50 -0500] "POST /forms/lservlet;jsessionid=ac16012b30d601081061295f4ca0a1fa844a8c90ad0d.e3iSbxaKaheRe34Qc38TbN0Nb41ynknvrkLOlQzNp65In0 HTTP/1.1" 200 634
201.245.192.253 - - [21/Dec/2023:07:57:51 -0500] "POST /forms/lservlet;jsessionid=ac16012b30d601081061295f4ca0a1fa844a8c90ad0d.e3iSbxaKaheRe34Qc38TbN0Nb41ynknvrkLOlQzNp65In0 HTTP/1.1" 200 519
201.245.192.253 - - [21/Dec/2023:07:57:52 -0500] "POST /forms/lservlet;jsessionid=ac16012b30d601081061295f4ca0a1fa844a8c90ad0d.e3iSbxaKaheRe34Qc38TbN0Nb41ynknvrkLOlQzNp65In0 HTTP/1.1" 200 619
201.245.192.253 - - [21/Dec/2023:07:57:53 -0500] "POST /forms/lservlet;jsessionid=ac16012b30d601081061295f4ca0a1fa844a8c90ad0d.e3iSbxaKaheRe34Qc38TbN0Nb41ynknvrkLOlQzNp65In0 HTTP/1.1" 200 592
172.22.2.4 - - [21/Dec/2023:07:56:15 -0500] "HEAD /BLA/boletinlegal/ HTTP/1.1" 200 -
156.59.198.135 - - [21/Dec/2023:07:58:05 -0500] "GET /BLA/resoluciones/RESOLUCIONES%202007/RES%202007%203201%20AL%203300/RESOLUCION%203286%20DE%202007.pdf HTTP/1.0" 200 586220
201.245.192.253 - - [21/Dec/2023:07:58:14 -0500] "GET /sipse/faces/index.xhtml HTTP/1.1" 200 677
201.245.192.253 - - [21/Dec/2023:07:58:14 -0500] "GET /sipse/faces/javax.faces.resource/theme.css?ln=primefaces-sipse HTTP/1.1" 200 50058
201.245.192.253 - - [21/Dec/2023:07:58:14 -0500] "GET /sipse/faces/faces/autenticacion.xhtml HTTP/1.1" 200 12174
201.245.192.253 - - [21/Dec/2023:07:58:14 -0500] "GET /sipse/css/custom_css_sg.css HTTP/1.1" 200 9694
201.245.192.253 - - [21/Dec/2023:07:58:14 -0500] "GET /sipse/js/funciones.js HTTP/1.1" 304 -
201.245.192.253 - - [21/Dec/2023:07:58:14 -0500] "GET /sipse/faces/javax.faces.resource/primefaces.css?ln=primefaces&v=4.0 HTTP/1.1" 304 -
201.245.192.253 - - [21/Dec/2023:07:58:14 -0500] "GET /sipse/js/disable_browser_buttons.js HTTP/1.1" 304 -
201.245.192.253 - - [21/Dec/2023:07:58:14 -0500] "GET /sipse/css/custom_css_sg_prime_login.css HTTP/1.1" 304 -
201.245.192.253 - - [21/Dec/2023:07:58:14 -0500] "GET /sipse/faces/javax.faces.resource/theme.css?ln=primefaces-sipse HTTP/1.1" 304 -
201.245.192.253 - - [21/Dec/2023:07:58:14 -0500] "GET /sipse/faces/javax.faces.resource/layout/layout.css?ln=primefaces&v=4.0 HTTP/1.1" 304 -
201.245.192.253 - - [21/Dec/2023:07:58:14 -0500] "GET /sipse/faces/javax.faces.resource/jquery/jquery.js?ln=primefaces&v=4.0 HTTP/1.1" 304 -
201.245.192.253 - - [21/Dec/2023:07:58:14 -0500] "GET /sipse/faces/javax.faces.resource/jquery/jquery-plugins.js?ln=primefaces&v=4.0 HTTP/1.1" 304 -
201.245.192.253 - - [21/Dec/2023:07:58:14 -0500] "GET /sipse/faces/javax.faces.resource/primefaces.js?ln=primefaces&v=4.0 HTTP/1.1" 304 -
201.245.192.253 - - [21/Dec/2023:07:58:14 -0500] "GET /sipse/faces/javax.faces.resource/layout/layout.js?ln=primefaces&v=4.0 HTTP/1.1" 304 -
201.245.192.253 - - [21/Dec/2023:07:58:14 -0500] "GET /sipse/faces/javax.faces.resource/images/ui-icons_898989_256x240.png?ln=primefaces-aristo HTTP/1.1" 200 5355
201.245.192.253 - - [21/Dec/2023:07:58:14 -0500] "GET /sipse/css/imagen/loginimg.png HTTP/1.1" 200 71635
201.245.192.253 - - [21/Dec/2023:07:58:14 -0500] "GET /sipse/css/imagen/logoSDG.png HTTP/1.1" 200 53064
201.245.192.253 - - [21/Dec/2023:07:58:18 -0500] "POST /sipse/faces/autenticacion.xhtml HTTP/1.1" 200 11969
201.245.192.253 - - [21/Dec/2023:07:58:18 -0500] "GET /sipse/css/custom_css_sg_prime.css HTTP/1.1" 200 5201
201.245.192.253 - - [21/Dec/2023:07:58:18 -0500] "GET /sipse/faces/javax.faces.resource/jquery/jquery.js?ln=primefaces&v=4.0 HTTP/1.1" 304 -
201.245.192.253 - - [21/Dec/2023:07:58:18 -0500] "GET /sipse/faces/javax.faces.resource/jquery/jquery-plugins.js?ln=primefaces&v=4.0 HTTP/1.1" 304 -
201.245.192.253 - - [21/Dec/2023:07:58:18 -0500] "GET /sipse/faces/javax.faces.resource/primefaces.js?ln=primefaces&v=4.0 HTTP/1.1" 304 -
201.245.192.253 - - [21/Dec/2023:07:58:18 -0500] "GET /sipse/faces/javax.faces.resource/layout/layout.js?ln=primefaces&v=4.0 HTTP/1.1" 304 -
201.245.192.253 - - [21/Dec/2023:07:58:18 -0500] "GET /sipse/faces/javax.faces.resource/messages/messages.png?ln=primefaces&v=4.0 HTTP/1.1" 200 27209
201.245.192.253 - - [21/Dec/2023:07:58:22 -0500] "POST /sipse/faces/presentacion/sistema/seguridad/seleccionRol.xhtml HTTP/1.1" 200 6403
201.245.192.253 - - [21/Dec/2023:07:58:22 -0500] "POST /forms/lservlet;jsessionid=ac16012b30d601081061295f4ca0a1fa844a8c90ad0d.e3iSbxaKaheRe34Qc38TbN0Nb41ynknvrkLOlQzNp65In0 HTTP/1.1" 200 13
201.245.192.253 - - [21/Dec/2023:07:58:22 -0500] "POST /sipse/faces/presentacion/sistema/seguridad/seleccionRol.xhtml HTTP/1.1" 200 18782
201.245.192.253 - - [21/Dec/2023:07:58:23 -0500] "GET /sipse/js/jquery.min.js HTTP/1.1" 304 -
201.245.192.253 - - [21/Dec/2023:07:58:23 -0500] "GET /sipse/faces/javax.faces.resource/jquery/jquery.js?ln=primefaces&v=4.0 HTTP/1.1" 304 -
201.245.192.253 - - [21/Dec/2023:07:58:23 -0500] "GET /sipse/faces/javax.faces.resource/jquery/jquery-plugins.js?ln=primefaces&v=4.0 HTTP/1.1" 304 -
201.245.192.253 - - [21/Dec/2023:07:58:23 -0500] "GET /sipse/faces/javax.faces.resource/primefaces.js?ln=primefaces&v=4.0 HTTP/1.1" 304 -
201.245.192.253 - - [21/Dec/2023:07:58:23 -0500] "GET /sipse/faces/javax.faces.resource/layout/layout.js?ln=primefaces&v=4.0 HTTP/1.1" 304 -
201.245.192.253 - - [21/Dec/2023:07:58:24 -0500] "GET /sipse/css/v_mergente.css HTTP/1.1" 200 1505
201.245.192.253 - - [21/Dec/2023:07:58:24 -0500] "GET /sipse/imagenes/cargando.gif HTTP/1.1" 200 36959
201.245.192.253 - - [21/Dec/2023:07:58:24 -0500] "GET /sipse/css/imagen/contrasena.png HTTP/1.1" 404 383
201.245.192.253 - - [21/Dec/2023:07:58:24 -0500] "GET /sipse/imagenes/logoAplicacion.jpg HTTP/1.1" 200 155084
201.245.192.253 - - [21/Dec/2023:07:58:27 -0500] "GET /sipse/faces/javax.faces.resource/images/ui-bg_flat_0_2d5972_40x100.png?ln=primefaces-aristo HTTP/1.1" 200 183
201.245.192.253 - - [21/Dec/2023:07:58:27 -0500] "POST /sipse/faces/bienvenido.xhtml HTTP/1.1" 200 3887
201.245.192.253 - - [21/Dec/2023:07:58:28 -0500] "POST /sipse/faces/bienvenido.xhtml HTTP/1.1" 200 43219
201.245.192.253 - - [21/Dec/2023:07:58:28 -0500] "POST /forms/lservlet;jsessionid=ac16012b30d601081061295f4ca0a1fa844a8c90ad0d.e3iSbxaKaheRe34Qc38TbN0Nb41ynknvrkLOlQzNp65In0 HTTP/1.1" 200 523
201.245.192.253 - - [21/Dec/2023:07:58:28 -0500] "GET /sipse/faces/javax.faces.resource/jquery/jquery.js?ln=primefaces&v=4.0 HTTP/1.1" 304 -
201.245.192.253 - - [21/Dec/2023:07:58:28 -0500] "GET /sipse/faces/javax.faces.resource/jquery/jquery-plugins.js?ln=primefaces&v=4.0 HTTP/1.1" 304 -
201.245.192.253 - - [21/Dec/2023:07:58:28 -0500] "GET /sipse/faces/javax.faces.resource/primefaces.js?ln=primefaces&v=4.0 HTTP/1.1" 304 -
201.245.192.253 - - [21/Dec/2023:07:58:29 -0500] "GET /sipse/faces/javax.faces.resource/layout/layout.js?ln=primefaces&v=4.0 HTTP/1.1" 304 -
201.245.192.253 - - [21/Dec/2023:07:58:29 -0500] "POST /forms/lservlet;jsessionid=ac16012b30d601081061295f4ca0a1fa844a8c90ad0d.e3iSbxaKaheRe34Qc38TbN0Nb41ynknvrkLOlQzNp65In0 HTTP/1.1" 200 7
156.59.198.136 - - [21/Dec/2023:07:58:29 -0500] "GET /BLA/resoluciones/AUTOS%202014/6717.pdf HTTP/1.0" 200 331421
201.245.192.253 - - [21/Dec/2023:07:58:30 -0500] "POST /forms/lservlet;jsessionid=ac16012b30d601081061295f4ca0a1fa844a8c90ad0d.e3iSbxaKaheRe34Qc38TbN0Nb41ynknvrkLOlQzNp65In0 HTTP/1.1" 200 7
201.245.192.253 - - [21/Dec/2023:07:58:30 -0500] "POST /forms/lservlet;jsessionid=ac16012b30d601081061295f4ca0a1fa844a8c90ad0d.e3iSbxaKaheRe34Qc38TbN0Nb41ynknvrkLOlQzNp65In0 HTTP/1.1" 200 517
201.245.192.253 - - [21/Dec/2023:07:58:31 -0500] "POST /sipse/faces/presentacion/financiero/solicitudProceso/consultar.xhtml HTTP/1.1" 200 12890
201.245.192.253 - - [21/Dec/2023:07:58:31 -0500] "POST /forms/lservlet;jsessionid=ac16012b30d601081061295f4ca0a1fa844a8c90ad0d.e3iSbxaKaheRe34Qc38TbN0Nb41ynknvrkLOlQzNp65In0 HTTP/1.1" 200 521
201.245.192.253 - - [21/Dec/2023:07:58:34 -0500] "POST /forms/lservlet;jsessionid=ac16012b30d601081061295f4ca0a1fa844a8c90ad0d.e3iSbxaKaheRe34Qc38TbN0Nb41ynknvrkLOlQzNp65In0 HTTP/1.1" 200 714
201.245.192.253 - - [21/Dec/2023:07:58:34 -0500] "POST /forms/lservlet;jsessionid=ac16012b30d601081061295f4ca0a1fa844a8c90ad0d.e3iSbxaKaheRe34Qc38TbN0Nb41ynknvrkLOlQzNp65In0 HTTP/1.1" 200 7
201.245.192.253 - - [21/Dec/2023:07:58:34 -0500] "POST /forms/lservlet;jsessionid=ac16012b30d601081061295f4ca0a1fa844a8c90ad0d.e3iSbxaKaheRe34Qc38TbN0Nb41ynknvrkLOlQzNp65In0 HTTP/1.1" 200 2
201.245.192.253 - - [21/Dec/2023:07:58:34 -0500] "POST /sipse/faces/presentacion/financiero/solicitudProceso/consultar.xhtml HTTP/1.1" 200 108732
201.245.192.253 - - [21/Dec/2023:07:58:35 -0500] "GET /sipse/faces/javax.faces.resource/jquery/jquery.js?ln=primefaces&v=4.0 HTTP/1.1" 304 -
201.245.192.253 - - [21/Dec/2023:07:58:35 -0500] "GET /sipse/faces/javax.faces.resource/jquery/jquery-plugins.js?ln=primefaces&v=4.0 HTTP/1.1" 304 -
201.245.192.253 - - [21/Dec/2023:07:58:35 -0500] "GET /sipse/faces/javax.faces.resource/primefaces.js?ln=primefaces&v=4.0 HTTP/1.1" 304 -
201.245.192.253 - - [21/Dec/2023:07:58:35 -0500] "GET /sipse/faces/javax.faces.resource/layout/layout.js?ln=primefaces&v=4.0 HTTP/1.1" 304 -
201.245.192.253 - - [21/Dec/2023:07:58:38 -0500] "POST /sipse/faces/presentacion/financiero/solicitudProceso/consultarSolicitudProceso.xhtml HTTP/1.1" 200 34789
201.245.192.253 - - [21/Dec/2023:07:58:39 -0500] "GET /sipse/faces/javax.faces.resource/theme.css?ln=primefaces-sipse HTTP/1.1" 304 -
201.245.192.253 - - [21/Dec/2023:07:58:39 -0500] "GET /sipse/faces/javax.faces.resource/primefaces.css?ln=primefaces&v=4.0 HTTP/1.1" 304 -
201.245.192.253 - - [21/Dec/2023:07:58:39 -0500] "GET /sipse/faces/javax.faces.resource/jquery/jquery.js?ln=primefaces&v=4.0 HTTP/1.1" 304 -
201.245.192.253 - - [21/Dec/2023:07:58:39 -0500] "GET /sipse/faces/javax.faces.resource/layout/layout.css?ln=primefaces&v=4.0 HTTP/1.1" 200 542
201.245.192.253 - - [21/Dec/2023:07:58:39 -0500] "GET /sipse/faces/javax.faces.resource/layout/layout.js?ln=primefaces&v=4.0 HTTP/1.1" 304 -
201.245.192.253 - - [21/Dec/2023:07:58:39 -0500] "GET /sipse/faces/javax.faces.resource/jquery/jquery-plugins.js?ln=primefaces&v=4.0 HTTP/1.1" 304 -
201.245.192.253 - - [21/Dec/2023:07:58:39 -0500] "GET /sipse/faces/javax.faces.resource/primefaces.js?ln=primefaces&v=4.0 HTTP/1.1" 304 -
201.245.192.253 - - [21/Dec/2023:07:58:39 -0500] "GET /favicon.ico HTTP/1.1" 200 7782
201.245.192.253 - - [21/Dec/2023:07:58:39 -0500] "GET /sipse/faces/javax.faces.resource/images/ui-icons_898989_256x240.png?ln=primefaces-aristo HTTP/1.1" 200 5355
201.245.192.253 - - [21/Dec/2023:07:58:39 -0500] "POST /forms/lservlet;jsessionid=ac16012b30d601081061295f4ca0a1fa844a8c90ad0d.e3iSbxaKaheRe34Qc38TbN0Nb41ynknvrkLOlQzNp65In0 HTTP/1.1" 200 12902
201.245.192.253 - - [21/Dec/2023:07:58:39 -0500] "HEAD /imagenes/msh_close.gif HTTP/1.1" 404 -
201.245.192.253 - - [21/Dec/2023:07:58:39 -0500] "POST /forms/lservlet;jsessionid=ac16012b30d601081061295f4ca0a1fa844a8c90ad0d.e3iSbxaKaheRe34Qc38TbN0Nb41ynknvrkLOlQzNp65In0 HTTP/1.1" 200 10
201.245.192.253 - - [21/Dec/2023:07:58:41 -0500] "POST /forms/lservlet;jsessionid=ac16012b30d601081061295f4ca0a1fa844a8c90ad0d.e3iSbxaKaheRe34Qc38TbN0Nb41ynknvrkLOlQzNp65In0 HTTP/1.1" 200 46
201.245.192.253 - - [21/Dec/2023:07:58:42 -0500] "POST /forms/lservlet;jsessionid=ac16012b30d601081061295f4ca0a1fa844a8c90ad0d.e3iSbxaKaheRe34Qc38TbN0Nb41ynknvrkLOlQzNp65In0 HTTP/1.1" 200 46
201.245.192.253 - - [21/Dec/2023:07:58:42 -0500] "POST /forms/lservlet;jsessionid=ac16012b30d601081061295f4ca0a1fa844a8c90ad0d.e3iSbxaKaheRe34Qc38TbN0Nb41ynknvrkLOlQzNp65In0 HTTP/1.1" 200 46
201.245.192.253 - - [21/Dec/2023:07:58:44 -0500] "POST /forms/lservlet;jsessionid=ac16012b30d601081061295f4ca0a1fa844a8c90ad0d.e3iSbxaKaheRe34Qc38TbN0Nb41ynknvrkLOlQzNp65In0 HTTP/1.1" 200 212
201.245.192.253 - - [21/Dec/2023:07:58:44 -0500] "POST /forms/lservlet;jsessionid=ac16012b30d601081061295f4ca0a1fa844a8c90ad0d.e3iSbxaKaheRe34Qc38TbN0Nb41ynknvrkLOlQzNp65In0 HTTP/1.1" 200 21
201.245.192.253 - - [21/Dec/2023:07:58:44 -0500] "POST /forms/lservlet;jsessionid=ac16012b30d601081061295f4ca0a1fa844a8c90ad0d.e3iSbxaKaheRe34Qc38TbN0Nb41ynknvrkLOlQzNp65In0 HTTP/1.1" 200 7
201.245.192.253 - - [21/Dec/2023:07:58:44 -0500] "POST /forms/lservlet;jsessionid=ac16012b30d601081061295f4ca0a1fa844a8c90ad0d.e3iSbxaKaheRe34Qc38TbN0Nb41ynknvrkLOlQzNp65In0 HTTP/1.1" 200 157
201.245.192.253 - - [21/Dec/2023:07:58:45 -0500] "POST /forms/lservlet;jsessionid=ac16012b30d601081061295f4ca0a1fa844a8c90ad0d.e3iSbxaKaheRe34Qc38TbN0Nb41ynknvrkLOlQzNp65In0 HTTP/1.1" 200 2
172.22.2.4 - - [21/Dec/2023:07:57:05 -0500] "GET /BLA/boletinlegal/ HTTP/1.1" 200 58567
156.59.198.136 - - [21/Dec/2023:07:58:54 -0500] "GET /BLA/resoluciones/RESOLUCIONES%202008/5028.pdf HTTP/1.0" 200 322946
201.245.192.253 - - [21/Dec/2023:07:58:58 -0500] "POST /forms/lservlet;jsessionid=ac16012b30d601081061295f4ca0a1fa844a8c90ad0d.e3iSbxaKaheRe34Qc38TbN0Nb41ynknvrkLOlQzNp65In0 HTTP/1.1" 200 84
201.245.192.253 - - [21/Dec/2023:07:58:58 -0500] "POST /forms/lservlet;jsessionid=ac16012b30d601081061295f4ca0a1fa844a8c90ad0d.e3iSbxaKaheRe34Qc38TbN0Nb41ynknvrkLOlQzNp65In0 HTTP/1.1" 200 54
201.245.192.253 - - [21/Dec/2023:07:59:01 -0500] "POST /forms/lservlet;jsessionid=ac16012b30d601081061295f4ca0a1fa844a8c90ad0d.e3iSbxaKaheRe34Qc38TbN0Nb41ynknvrkLOlQzNp65In0 HTTP/1.1" 200 76
201.245.192.253 - - [21/Dec/2023:07:59:02 -0500] "POST /forms/lservlet;jsessionid=ac16012b30d601081061295f4ca0a1fa844a8c90ad0d.e3iSbxaKaheRe34Qc38TbN0Nb41ynknvrkLOlQzNp65In0 HTTP/1.1" 200 7
201.245.192.253 - - [21/Dec/2023:07:59:02 -0500] "POST /forms/lservlet;jsessionid=ac16012b30d601081061295f4ca0a1fa844a8c90ad0d.e3iSbxaKaheRe34Qc38TbN0Nb41ynknvrkLOlQzNp65In0 HTTP/1.1" 200 1808
201.245.192.253 - - [21/Dec/2023:07:59:02 -0500] "POST /forms/lservlet;jsessionid=ac16012b30d601081061295f4ca0a1fa844a8c90ad0d.e3iSbxaKaheRe34Qc38TbN0Nb41ynknvrkLOlQzNp65In0 HTTP/1.1" 200 2
186.102.71.137 - - [21/Dec/2023:07:59:13 -0500] "GET /kwssiamovil/sm/ldap/au?x=U2FsdGVkX18JPPSAVdEV4bJyaA1Nr7bY5CdQ2dWvlE0d8vN+1xeVbg7SQwERKDRv&y=U2FsdGVkX1/Z3IeBvN2LbaHayzRL79QnR/KegajCAm0= HTTP/1.1" 200 30
186.102.71.137 - - [21/Dec/2023:07:59:13 -0500] "GET /kwssiamovil/sm/acme/s?s=U2FsdGVkX19aL18nbybblV0H5OGYGZ+r1+14YxyjbIOVEPw570yG04hhA6qFwkG/x/zEywJEoRAFaUGogYUk+BJwPrvVmiwYpCMWVu9wNiE=&u=U2FsdGVkX1+o3ghYa98+/WfGYGvknUoDckmwgCfUCxo=&y=U2FsdGVkX1/Z3IeBvN2LbaHayzRL79QnR/KegajCAm0= HTTP/1.1" 200 97
186.102.71.137 - - [21/Dec/2023:07:59:13 -0500] "GET /kwssiamovil/sm/acme/s?s=U2FsdGVkX1/v49eO+Srbq7iCtKV4Zi7EEuFNJljqBKbP01fKxD8spwm/V+61W3KLmurt7oODt6hXKZHQTBcrMh3l7w3+GZiBgx3c0wTVNIoSDCcLKW8cO6KKYpvCx9FoAThBmZSVX4WO2gXmqHibc8yiToED24+w7jH3UbSZzZP3mRR0Ebu9sTyYlj+CRvqUaybi3JqPWAcIuewqn8X6qftcsgkREaGDfl/phYIPQSv3f7eAn7ISgz2C763mIBAZMIFlB715NvH663WXCKDJLPH40Ts6QBNbsCgbdd9rx+USramJi09d5xGts9xJjSMcLjRO1GOSZjwyRw6WzVGx3EQMxqjzlSiZ6C4qNyJA8U2E+v1Si2SsPeI4FBTG3fO5qun+HdQR/HIuIdJm7lVA6sVo1b8LzQZM5uToQLZPQ0xlkGQxS5knGsD3tyG9j73/mBo7VT6yW5tzUtIFWLjPXgF+VAh0U6wh3HAi1pxxZUUIOLhr1Olb4KAMNJ3C5BYIL8Wc1kgGSLzHlkI8UNxrl2J+EVFsztkce6lII9D+tYJ+5qHzDd3ZzZfBf9N/oWzNvgW7rsdI/VLZrmyUT9I5IzF9ageu2bfv0kuYYzP9jyK5pumAaW4CtyVPpx3Sf3c9BrO1aLJNN0+kvHKJt2qIg/5W5wamC5CEwGgsVe4fzjAwhe9v1rryGEEx5rYszI0Fn6cm3De5jq6JqZy5oz0ufAIPh2DNW640K+6JsYnyYJj9wIL3Uq/Bpe9YDucJqEL38wfKLyu5gkMnK+LjY1uxYgejcETEvR+iPhGTmZidFz+xr7Z5YueCcWF4HvppaeRSgArChhhhmOVf4HhtaKevvnYjrja54X9VGVUkZd/tASYb+Zss2IowM35d8GP0Pi/Hm314HP7AceFNh8fWY08Y0z/2spSJOLrc18x8xdJIJVNBKtaSQJ3GGT3tOoJiSbC/NKkyq0FOCO0iCObwrkr6vZv+zUeTzi/ivOWqseW7qt8hU60+v+Ns9ohnctPVl1tAPcWr7aeQLk/pCv4lF7jGGqSJAbPwFy6+dN9mKn2/niysJ6CO2pywpTt0DZ9pp2RSalg/WYlUFV/bbP6J7T5DZ/vJ+DjYyMWuGROe9szR8bJ0/1GyJcZAV92GrWSzJ49XUYgtGnqPLdN0fBqqo64eTlDaR4L12+mq7wwDbnHQT1wP6+ywR6Yov9GKXEThLCzWOzgnsJUTGg11Qqzg5/FiaaFZJB32uGa6Cfm/VQGHZuHH0D/n0GL1ekiJ9wrj0gz3REduxPL/tWVj4Y4d94yz2NfXcOhXqIlsNaIc3I6TIQCEqBVC6ecMBkvpAMsHhlXlr3Hn4j+GCHuQ2rE3bd/Q/VgD+R14sGcK37jO327B+WQiZGXSRwbMiOoX0jJ5006n8TyymulTiEzayK2YxZ3oKglRiad5TsvCEYnS+w0XUTw=&u=U2FsdGVkX1+o3ghYa98+/WfGYGvknUoDckmwgCfUCxo=&y=U2FsdGVkX1/Z3IeBvN2LbaHayzRL79QnR/KegajCAm0= HTTP/1.1" 200 4460
186.102.71.137 - - [21/Dec/2023:07:59:13 -0500] "GET /kwssiamovil/sm/acme/s?s=U2FsdGVkX1+mpypaF4jRn/I5APTNEah35e15bemZ7ap7AW759A8lnAkFFyLGzioJNYdWJORT4dqz/nBgExBp9F9dIVWoVbqlA4r+F9csWgkq68xYt/Ba0drs7xTgVhqI+tePX6qpqD3qiOLvoIK4zQlhor/mwLjCYfP87v8KiiWg/386SLM92+EEgXF6rm2J9KgMKah9zr1NYRlQ7N6xh4LsRG2G3OD1bck9/E1EsCnjMCT59kA3fycg/FGOocGcJ7FZKrU612oCxbU/Lk/TN/igoh1DV+AqKZt5dMyGabzth1LwuxoJFj/YEJ7YlpbqZAWN1usLDTTCMdE32gbhkA==&u=U2FsdGVkX1+o3ghYa98+/WfGYGvknUoDckmwgCfUCxo=&y=U2FsdGVkX1/Z3IeBvN2LbaHayzRL79QnR/KegajCAm0= HTTP/1.1" 200 196
186.102.71.137 - - [21/Dec/2023:07:59:13 -0500] "GET /kwssiamovil/sm/cjson/pre?f=1&x=U2FsdGVkX18JPPSAVdEV4bJyaA1Nr7bY5CdQ2dWvlE0d8vN+1xeVbg7SQwERKDRv HTTP/1.1" 200 31032
156.59.198.135 - - [21/Dec/2023:07:59:18 -0500] "GET /BLA/resoluciones/RESOLUCIONES%202008/5537.pdf HTTP/1.0" 200 190631
201.245.192.253 - - [21/Dec/2023:07:59:26 -0500] "POST /forms/lservlet;jsessionid=ac16012b30d65f92fa67ce9340589b498a1304d31ae2.e3iSbxaKaheRe34Qc38TbN0Nb41ynknvrkLOlQzNp65In0 HTTP/1.1" 200 2
201.245.192.253 - - [21/Dec/2023:07:59:27 -0500] "POST /forms/lservlet;jsessionid=ac16012b30d601081061295f4ca0a1fa844a8c90ad0d.e3iSbxaKaheRe34Qc38TbN0Nb41ynknvrkLOlQzNp65In0 HTTP/1.1" 200 2
156.59.198.135 - - [21/Dec/2023:07:59:43 -0500] "GET /BLA/resoluciones/RESOLUCIONES%202008/5474.pdf HTTP/1.0" 200 287594
201.245.192.253 - - [21/Dec/2023:08:00:03 -0500] "POST /forms/lservlet;jsessionid=ac16012b30d601081061295f4ca0a1fa844a8c90ad0d.e3iSbxaKaheRe34Qc38TbN0Nb41ynknvrkLOlQzNp65In0 HTTP/1.1" 200 272
201.245.192.253 - - [21/Dec/2023:08:00:04 -0500] "POST /forms/lservlet;jsessionid=ac16012b30d601081061295f4ca0a1fa844a8c90ad0d.e3iSbxaKaheRe34Qc38TbN0Nb41ynknvrkLOlQzNp65In0 HTTP/1.1" 200 268
201.245.192.253 - - [21/Dec/2023:08:00:05 -0500] "POST /forms/lservlet;jsessionid=ac16012b30d601081061295f4ca0a1fa844a8c90ad0d.e3iSbxaKaheRe34Qc38TbN0Nb41ynknvrkLOlQzNp65In0 HTTP/1.1" 200 268
201.245.192.253 - - [21/Dec/2023:08:00:05 -0500] "POST /forms/lservlet;jsessionid=ac16012b30d601081061295f4ca0a1fa844a8c90ad0d.e3iSbxaKaheRe34Qc38TbN0Nb41ynknvrkLOlQzNp65In0 HTTP/1.1" 200 268
201.245.192.253 - - [21/Dec/2023:08:00:05 -0500] "POST /forms/lservlet;jsessionid=ac16012b30d601081061295f4ca0a1fa844a8c90ad0d.e3iSbxaKaheRe34Qc38TbN0Nb41ynknvrkLOlQzNp65In0 HTTP/1.1" 200 268
201.245.192.253 - - [21/Dec/2023:08:00:05 -0500] "POST /forms/lservlet;jsessionid=ac16012b30d601081061295f4ca0a1fa844a8c90ad0d.e3iSbxaKaheRe34Qc38TbN0Nb41ynknvrkLOlQzNp65In0 HTTP/1.1" 200 268
201.245.192.253 - - [21/Dec/2023:08:00:06 -0500] "POST /forms/lservlet;jsessionid=ac16012b30d601081061295f4ca0a1fa844a8c90ad0d.e3iSbxaKaheRe34Qc38TbN0Nb41ynknvrkLOlQzNp65In0 HTTP/1.1" 200 269
201.245.192.253 - - [21/Dec/2023:08:00:06 -0500] "POST /forms/lservlet;jsessionid=ac16012b30d601081061295f4ca0a1fa844a8c90ad0d.e3iSbxaKaheRe34Qc38TbN0Nb41ynknvrkLOlQzNp65In0 HTTP/1.1" 200 623
201.245.192.253 - - [21/Dec/2023:08:00:07 -0500] "POST /forms/lservlet;jsessionid=ac16012b30d601081061295f4ca0a1fa844a8c90ad0d.e3iSbxaKaheRe34Qc38TbN0Nb41ynknvrkLOlQzNp65In0 HTTP/1.1" 200 640
201.245.192.253 - - [21/Dec/2023:08:00:07 -0500] "POST /forms/lservlet;jsessionid=ac16012b30d601081061295f4ca0a1fa844a8c90ad0d.e3iSbxaKaheRe34Qc38TbN0Nb41ynknvrkLOlQzNp65In0 HTTP/1.1" 200 271
172.22.2.4 - - [21/Dec/2023:07:59:24 -0500] "GET /BLA/boletinlegal/ HTTP/1.1" 200 32715
156.59.198.136 - - [21/Dec/2023:08:00:08 -0500] "GET /BLA/resoluciones/AUTOS%202020/4077.pdf HTTP/1.0" 200 358844
201.245.192.253 - - [21/Dec/2023:08:00:08 -0500] "POST /forms/lservlet;jsessionid=ac16012b30d601081061295f4ca0a1fa844a8c90ad0d.e3iSbxaKaheRe34Qc38TbN0Nb41ynknvrkLOlQzNp65In0 HTTP/1.1" 200 256
216.245.221.92 - - [21/Dec/2023:08:00:09 -0500] "HEAD / HTTP/1.1" 200 -
201.245.192.253 - - [21/Dec/2023:08:00:11 -0500] "POST /forms/lservlet;jsessionid=ac16012b30d601081061295f4ca0a1fa844a8c90ad0d.e3iSbxaKaheRe34Qc38TbN0Nb41ynknvrkLOlQzNp65In0 HTTP/1.1" 200 659
201.245.192.253 - - [21/Dec/2023:08:00:12 -0500] "POST /forms/lservlet;jsessionid=ac16012b30d601081061295f4ca0a1fa844a8c90ad0d.e3iSbxaKaheRe34Qc38TbN0Nb41ynknvrkLOlQzNp65In0 HTTP/1.1" 200 704
201.245.192.253 - - [21/Dec/2023:08:00:15 -0500] "POST /forms/lservlet;jsessionid=ac16012b30d601081061295f4ca0a1fa844a8c90ad0d.e3iSbxaKaheRe34Qc38TbN0Nb41ynknvrkLOlQzNp65In0 HTTP/1.1" 200 680
201.245.192.253 - - [21/Dec/2023:08:00:17 -0500] "POST /forms/lservlet;jsessionid=ac16012b30d601081061295f4ca0a1fa844a8c90ad0d.e3iSbxaKaheRe34Qc38TbN0Nb41ynknvrkLOlQzNp65In0 HTTP/1.1" 200 685
201.245.192.253 - - [21/Dec/2023:08:00:20 -0500] "POST /forms/lservlet;jsessionid=ac16012b30d601081061295f4ca0a1fa844a8c90ad0d.e3iSbxaKaheRe34Qc38TbN0Nb41ynknvrkLOlQzNp65In0 HTTP/1.1" 200 753
201.245.192.253 - - [21/Dec/2023:08:00:20 -0500] "POST /forms/lservlet;jsessionid=ac16012b30d601081061295f4ca0a1fa844a8c90ad0d.e3iSbxaKaheRe34Qc38TbN0Nb41ynknvrkLOlQzNp65In0 HTTP/1.1" 200 776
201.245.192.253 - - [21/Dec/2023:08:00:21 -0500] "POST /forms/lservlet;jsessionid=ac16012b30d601081061295f4ca0a1fa844a8c90ad0d.e3iSbxaKaheRe34Qc38TbN0Nb41ynknvrkLOlQzNp65In0 HTTP/1.1" 200 271
201.245.192.253 - - [21/Dec/2023:08:00:26 -0500] "POST /sipse/faces/presentacion/financiero/solicitudProceso/consultarSolicitudProceso.xhtml HTTP/1.1" 200 1424840
201.245.192.253 - - [21/Dec/2023:08:00:28 -0500] "POST /forms/lservlet;jsessionid=ac16012b30d601081061295f4ca0a1fa844a8c90ad0d.e3iSbxaKaheRe34Qc38TbN0Nb41ynknvrkLOlQzNp65In0 HTTP/1.1" 200 27292
201.245.192.253 - - [21/Dec/2023:08:00:28 -0500] "POST /forms/lservlet;jsessionid=ac16012b30d601081061295f4ca0a1fa844a8c90ad0d.e3iSbxaKaheRe34Qc38TbN0Nb41ynknvrkLOlQzNp65In0 HTTP/1.1" 200 10
201.245.192.253 - - [21/Dec/2023:08:00:30 -0500] "POST /sipse/faces/presentacion/financiero/solicitudProceso/consultarHistorialSolProceso.xhtml HTTP/1.1" 200 153710
201.245.192.253 - - [21/Dec/2023:08:00:30 -0500] "GET /sipse/faces/javax.faces.resource/theme.css?ln=primefaces-sipse HTTP/1.1" 304 -
201.245.192.253 - - [21/Dec/2023:08:00:30 -0500] "GET /sipse/faces/javax.faces.resource/primefaces.css?ln=primefaces&v=4.0 HTTP/1.1" 304 -
201.245.192.253 - - [21/Dec/2023:08:00:30 -0500] "GET /sipse/faces/javax.faces.resource/primefaces.js?ln=primefaces&v=4.0 HTTP/1.1" 304 -
201.245.192.253 - - [21/Dec/2023:08:00:30 -0500] "GET /sipse/faces/javax.faces.resource/jquery/jquery.js?ln=primefaces&v=4.0 HTTP/1.1" 304 -
201.245.192.253 - - [21/Dec/2023:08:00:30 -0500] "GET /sipse/faces/javax.faces.resource/jquery/jquery-plugins.js?ln=primefaces&v=4.0 HTTP/1.1" 304 -
201.245.192.253 - - [21/Dec/2023:08:00:30 -0500] "GET /sipse/faces/javax.faces.resource/layout/layout.css?ln=primefaces&v=4.0 HTTP/1.1" 200 542
201.245.192.253 - - [21/Dec/2023:08:00:30 -0500] "GET /sipse/faces/javax.faces.resource/layout/layout.js?ln=primefaces&v=4.0 HTTP/1.1" 304 -
201.245.192.253 - - [21/Dec/2023:08:00:31 -0500] "GET /sipse/faces/javax.faces.resource/images/ui-icons_898989_256x240.png?ln=primefaces-aristo HTTP/1.1" 200 5355
201.245.192.253 - - [21/Dec/2023:08:00:31 -0500] "GET /favicon.ico HTTP/1.1" 200 7782
156.59.198.135 - - [21/Dec/2023:08:00:31 -0500] "GET /BLA/resoluciones/AUTOS%202023/4777.pdf HTTP/1.0" 200 643540
201.245.192.253 - - [21/Dec/2023:08:00:32 -0500] "POST /forms/lservlet;jsessionid=ac16012b30d601081061295f4ca0a1fa844a8c90ad0d.e3iSbxaKaheRe34Qc38TbN0Nb41ynknvrkLOlQzNp65In0 HTTP/1.1" 200 13
152.203.173.228 - - [21/Dec/2023:08:00:32 -0500] "POST /sipse/faces/presentacion/financiero/solicitudProceso/listarSolicitudProceso.xhtml HTTP/1.1" 200 20723
201.245.192.253 - - [21/Dec/2023:08:00:33 -0500] "POST /sipse/faces/presentacion/financiero/solicitudProceso/consultarSolicitudProceso.xhtml HTTP/1.1" 200 35622
201.245.192.253 - - [21/Dec/2023:08:00:35 -0500] "GET /sipse/faces/javax.faces.resource/jquery/jquery.js?ln=primefaces&v=4.0 HTTP/1.1" 304 -
201.245.192.253 - - [21/Dec/2023:08:00:35 -0500] "GET /sipse/faces/javax.faces.resource/primefaces.js?ln=primefaces&v=4.0 HTTP/1.1" 304 -
201.245.192.253 - - [21/Dec/2023:08:00:35 -0500] "GET /sipse/faces/javax.faces.resource/jquery/jquery-plugins.js?ln=primefaces&v=4.0 HTTP/1.1" 304 -
201.245.192.253 - - [21/Dec/2023:08:00:35 -0500] "GET /sipse/faces/javax.faces.resource/theme.css?ln=primefaces-sipse HTTP/1.1" 304 -
201.245.192.253 - - [21/Dec/2023:08:00:35 -0500] "GET /sipse/faces/javax.faces.resource/primefaces.css?ln=primefaces&v=4.0 HTTP/1.1" 304 -
201.245.192.253 - - [21/Dec/2023:08:00:35 -0500] "GET /sipse/faces/javax.faces.resource/layout/layout.css?ln=primefaces&v=4.0 HTTP/1.1" 200 542
201.245.192.253 - - [21/Dec/2023:08:00:35 -0500] "GET /sipse/faces/javax.faces.resource/layout/layout.js?ln=primefaces&v=4.0 HTTP/1.1" 304 -
201.245.192.253 - - [21/Dec/2023:08:00:35 -0500] "GET /sipse/faces/javax.faces.resource/images/ui-icons_898989_256x240.png?ln=primefaces-aristo HTTP/1.1" 200 5355
201.245.192.253 - - [21/Dec/2023:08:00:37 -0500] "POST /forms/lservlet;jsessionid=ac16012b30d601081061295f4ca0a1fa844a8c90ad0d.e3iSbxaKaheRe34Qc38TbN0Nb41ynknvrkLOlQzNp65In0 HTTP/1.1" 200 17
201.245.192.253 - - [21/Dec/2023:08:00:43 -0500] "POST /forms/lservlet;jsessionid=ac16012b30d601081061295f4ca0a1fa844a8c90ad0d.e3iSbxaKaheRe34Qc38TbN0Nb41ynknvrkLOlQzNp65In0 HTTP/1.1" 200 2861
201.245.192.253 - - [21/Dec/2023:08:00:45 -0500] "POST /forms/lservlet;jsessionid=ac16012b30d601081061295f4ca0a1fa844a8c90ad0d.e3iSbxaKaheRe34Qc38TbN0Nb41ynknvrkLOlQzNp65In0 HTTP/1.1" 200 10
201.245.192.253 - - [21/Dec/2023:08:00:45 -0500] "POST /forms/lservlet;jsessionid=ac16012b30d601081061295f4ca0a1fa844a8c90ad0d.e3iSbxaKaheRe34Qc38TbN0Nb41ynknvrkLOlQzNp65In0 HTTP/1.1" 200 7
201.245.192.253 - - [21/Dec/2023:08:00:51 -0500] "GET /sipse/faces/javax.faces.resource/images/ui-bg_flat_0_2d5972_40x100.png?ln=primefaces-aristo HTTP/1.1" 200 183
201.245.192.253 - - [21/Dec/2023:08:00:51 -0500] "POST /sipse/faces/presentacion/financiero/solicitudProceso/consultarHistorialSolProceso.xhtml HTTP/1.1" 200 193
201.245.192.253 - - [21/Dec/2023:08:00:51 -0500] "GET /sipse/faces/presentacion/financiero/solicitudAnulacion/consultarSolicitudAnulacion.xhtml HTTP/1.1" 200 39474
201.245.192.253 - - [21/Dec/2023:08:00:52 -0500] "GET /sipse/faces/javax.faces.resource/theme.css?ln=primefaces-sipse HTTP/1.1" 304 -
201.245.192.253 - - [21/Dec/2023:08:00:52 -0500] "GET /sipse/faces/javax.faces.resource/primefaces.css?ln=primefaces&v=4.0 HTTP/1.1" 304 -
201.245.192.253 - - [21/Dec/2023:08:00:52 -0500] "GET /sipse/faces/javax.faces.resource/layout/layout.css?ln=primefaces&v=4.0 HTTP/1.1" 304 -
201.245.192.253 - - [21/Dec/2023:08:00:52 -0500] "GET /sipse/faces/javax.faces.resource/jquery/jquery.js?ln=primefaces&v=4.0 HTTP/1.1" 304 -
201.245.192.253 - - [21/Dec/2023:08:00:52 -0500] "GET /sipse/faces/javax.faces.resource/jquery/jquery-plugins.js?ln=primefaces&v=4.0 HTTP/1.1" 304 -
201.245.192.253 - - [21/Dec/2023:08:00:52 -0500] "GET /sipse/faces/javax.faces.resource/primefaces.js?ln=primefaces&v=4.0 HTTP/1.1" 304 -
201.245.192.253 - - [21/Dec/2023:08:00:52 -0500] "GET /sipse/faces/javax.faces.resource/layout/layout.js?ln=primefaces&v=4.0 HTTP/1.1" 304 -
201.245.192.253 - - [21/Dec/2023:08:00:52 -0500] "GET /sipse/faces/javax.faces.resource/images/ui-icons_898989_256x240.png?ln=primefaces-aristo HTTP/1.1" 304 -
201.245.192.253 - - [21/Dec/2023:08:00:52 -0500] "GET /sipse/faces/javax.faces.resource/images/ui-bg_flat_0_2d5972_40x100.png?ln=primefaces-aristo HTTP/1.1" 304 -
201.245.192.253 - - [21/Dec/2023:08:00:52 -0500] "POST /sipse/faces/presentacion/financiero/solicitudAnulacion/consultarSolicitudAnulacion.xhtml HTTP/1.1" 200 10620
152.203.173.228 - - [21/Dec/2023:08:00:51 -0500] "POST /sipse/faces/presentacion/financiero/solicitudProceso/listarSolicitudProceso.xhtml HTTP/1.1" 200 20707
201.245.192.253 - - [21/Dec/2023:08:00:54 -0500] "POST /forms/lservlet;jsessionid=ac16012b30d601081061295f4ca0a1fa844a8c90ad0d.e3iSbxaKaheRe34Qc38TbN0Nb41ynknvrkLOlQzNp65In0 HTTP/1.1" 200 66
201.245.192.253 - - [21/Dec/2023:08:00:54 -0500] "POST /sipse/faces/presentacion/financiero/solicitudAnulacion/consultarSolicitudAnulacion.xhtml HTTP/1.1" 200 14805
201.245.192.253 - - [21/Dec/2023:08:00:54 -0500] "GET /sipse/faces/javax.faces.resource/messages/messages.png?ln=primefaces&v=4.0 HTTP/1.1" 200 27209
156.59.198.135 - - [21/Dec/2023:08:00:55 -0500] "GET /BLA/resoluciones/AUTOS%202014/6538.pdf HTTP/1.0" 200 565995
201.245.192.253 - - [21/Dec/2023:08:01:08 -0500] "POST /forms/lservlet;jsessionid=ac16012b30d601081061295f4ca0a1fa844a8c90ad0d.e3iSbxaKaheRe34Qc38TbN0Nb41ynknvrkLOlQzNp65In0 HTTP/1.1" 200 27178
201.245.192.253 - - [21/Dec/2023:08:01:08 -0500] "POST /forms/lservlet;jsessionid=ac16012b30d601081061295f4ca0a1fa844a8c90ad0d.e3iSbxaKaheRe34Qc38TbN0Nb41ynknvrkLOlQzNp65In0 HTTP/1.1" 200 10
201.245.192.253 - - [21/Dec/2023:08:01:12 -0500] "POST /forms/lservlet;jsessionid=ac16012b30d601081061295f4ca0a1fa844a8c90ad0d.e3iSbxaKaheRe34Qc38TbN0Nb41ynknvrkLOlQzNp65In0 HTTP/1.1" 200 13
201.245.192.253 - - [21/Dec/2023:08:01:14 -0500] "POST /forms/lservlet;jsessionid=ac16012b30d601081061295f4ca0a1fa844a8c90ad0d.e3iSbxaKaheRe34Qc38TbN0Nb41ynknvrkLOlQzNp65In0 HTTP/1.1" 200 17
201.245.192.253 - - [21/Dec/2023:08:01:18 -0500] "POST /forms/lservlet;jsessionid=ac16012b30d601081061295f4ca0a1fa844a8c90ad0d.e3iSbxaKaheRe34Qc38TbN0Nb41ynknvrkLOlQzNp65In0 HTTP/1.1" 200 2961
152.203.173.228 - - [21/Dec/2023:08:01:18 -0500] "POST /sipse/faces/presentacion/financiero/solicitudProceso/listarSolicitudProceso.xhtml HTTP/1.1" 200 46157
156.59.198.136 - - [21/Dec/2023:08:01:19 -0500] "GET /BLA/resoluciones/AUTOS%202020/4462.pdf HTTP/1.0" 200 393570
152.203.173.228 - - [21/Dec/2023:08:01:20 -0500] "POST /sipse/faces/presentacion/financiero/solicitudProceso/listarSolicitudProceso.xhtml HTTP/1.1" 200 46145
201.245.192.253 - - [21/Dec/2023:08:01:22 -0500] "POST /forms/lservlet;jsessionid=ac16012b30d601081061295f4ca0a1fa844a8c90ad0d.e3iSbxaKaheRe34Qc38TbN0Nb41ynknvrkLOlQzNp65In0 HTTP/1.1" 200 10
201.245.192.253 - - [21/Dec/2023:08:01:22 -0500] "POST /forms/lservlet;jsessionid=ac16012b30d601081061295f4ca0a1fa844a8c90ad0d.e3iSbxaKaheRe34Qc38TbN0Nb41ynknvrkLOlQzNp65In0 HTTP/1.1" 200 7
152.203.173.228 - - [21/Dec/2023:08:01:22 -0500] "POST /sipse/faces/presentacion/financiero/solicitudProceso/listarSolicitudProceso.xhtml HTTP/1.1" 200 20638
201.245.192.253 - - [21/Dec/2023:08:01:26 -0500] "POST /forms/lservlet;jsessionid=ac16012b30d65f92fa67ce9340589b498a1304d31ae2.e3iSbxaKaheRe34Qc38TbN0Nb41ynknvrkLOlQzNp65In0 HTTP/1.1" 200 2
201.245.192.253 - - [21/Dec/2023:08:01:27 -0500] "POST /forms/lservlet;jsessionid=ac16012b30d601081061295f4ca0a1fa844a8c90ad0d.e3iSbxaKaheRe34Qc38TbN0Nb41ynknvrkLOlQzNp65In0 HTTP/1.1" 200 2
201.245.192.253 - - [21/Dec/2023:08:01:30 -0500] "POST /forms/lservlet;jsessionid=ac16012b30d601081061295f4ca0a1fa844a8c90ad0d.e3iSbxaKaheRe34Qc38TbN0Nb41ynknvrkLOlQzNp65In0 HTTP/1.1" 200 166
201.245.192.253 - - [21/Dec/2023:08:01:30 -0500] "POST /forms/lservlet;jsessionid=ac16012b30d601081061295f4ca0a1fa844a8c90ad0d.e3iSbxaKaheRe34Qc38TbN0Nb41ynknvrkLOlQzNp65In0 HTTP/1.1" 200 2
201.245.192.253 - - [21/Dec/2023:08:01:32 -0500] "POST /forms/lservlet;jsessionid=ac16012b30d601081061295f4ca0a1fa844a8c90ad0d.e3iSbxaKaheRe34Qc38TbN0Nb41ynknvrkLOlQzNp65In0 HTTP/1.1" 200 123
201.245.192.253 - - [21/Dec/2023:08:01:32 -0500] "POST /forms/lservlet;jsessionid=ac16012b30d601081061295f4ca0a1fa844a8c90ad0d.e3iSbxaKaheRe34Qc38TbN0Nb41ynknvrkLOlQzNp65In0 HTTP/1.1" 200 2
201.245.192.253 - - [21/Dec/2023:08:01:36 -0500] "POST /forms/lservlet;jsessionid=ac16012b30d601081061295f4ca0a1fa844a8c90ad0d.e3iSbxaKaheRe34Qc38TbN0Nb41ynknvrkLOlQzNp65In0 HTTP/1.1" 200 161
201.245.192.253 - - [21/Dec/2023:08:01:36 -0500] "POST /forms/lservlet;jsessionid=ac16012b30d601081061295f4ca0a1fa844a8c90ad0d.e3iSbxaKaheRe34Qc38TbN0Nb41ynknvrkLOlQzNp65In0 HTTP/1.1" 200 2
201.245.192.253 - - [21/Dec/2023:08:01:37 -0500] "POST /forms/lservlet;jsessionid=ac16012b30d601081061295f4ca0a1fa844a8c90ad0d.e3iSbxaKaheRe34Qc38TbN0Nb41ynknvrkLOlQzNp65In0 HTTP/1.1" 200 140
201.245.192.253 - - [21/Dec/2023:08:01:37 -0500] "POST /forms/lservlet;jsessionid=ac16012b30d601081061295f4ca0a1fa844a8c90ad0d.e3iSbxaKaheRe34Qc38TbN0Nb41ynknvrkLOlQzNp65In0 HTTP/1.1" 200 2
201.245.192.253 - - [21/Dec/2023:08:01:40 -0500] "POST /forms/lservlet;jsessionid=ac16012b30d601081061295f4ca0a1fa844a8c90ad0d.e3iSbxaKaheRe34Qc38TbN0Nb41ynknvrkLOlQzNp65In0 HTTP/1.1" 200 1678
201.245.192.253 - - [21/Dec/2023:08:01:42 -0500] "POST /forms/lservlet;jsessionid=ac16012b30d601081061295f4ca0a1fa844a8c90ad0d.e3iSbxaKaheRe34Qc38TbN0Nb41ynknvrkLOlQzNp65In0 HTTP/1.1" 200 7
156.59.198.135 - - [21/Dec/2023:08:01:43 -0500] "GET /BLA/resoluciones/Notificaciones/AUTOS%202014/4423.doc HTTP/1.0" 200 97792
152.203.173.228 - - [21/Dec/2023:08:01:45 -0500] "POST /sipse/faces/presentacion/financiero/solicitudProceso/listarSolicitudProceso.xhtml HTTP/1.1" 200 20626
152.203.173.228 - - [21/Dec/2023:08:01:55 -0500] "POST /sipse/faces/presentacion/financiero/solicitudProceso/listarSolicitudProceso.xhtml HTTP/1.1" 200 20639
156.59.198.136 - - [21/Dec/2023:08:02:08 -0500] "GET /BLA/resoluciones/AUTOS%202014/7168.pdf HTTP/1.0" 200 771801
152.203.173.228 - - [21/Dec/2023:08:02:12 -0500] "POST /sipse/faces/presentacion/financiero/solicitudProceso/listarSolicitudProceso.xhtml HTTP/1.1" 200 20623
152.203.173.228 - - [21/Dec/2023:08:02:14 -0500] "POST /sipse/faces/presentacion/financiero/solicitudProceso/listarSolicitudProceso.xhtml HTTP/1.1" 200 20635
201.245.192.253 - - [21/Dec/2023:08:02:19 -0500] "POST /forms/lservlet;jsessionid=ac16012b30d601081061295f4ca0a1fa844a8c90ad0d.e3iSbxaKaheRe34Qc38TbN0Nb41ynknvrkLOlQzNp65In0 HTTP/1.1" 200 97
201.245.192.253 - - [21/Dec/2023:08:02:19 -0500] "POST /forms/lservlet;jsessionid=ac16012b30d601081061295f4ca0a1fa844a8c90ad0d.e3iSbxaKaheRe34Qc38TbN0Nb41ynknvrkLOlQzNp65In0 HTTP/1.1" 200 2
201.245.192.253 - - [21/Dec/2023:08:02:21 -0500] "POST /sipse/faces/presentacion/financiero/solicitudProceso/consultarSolicitudProceso.xhtml HTTP/1.1" 200 5435
201.245.192.253 - - [21/Dec/2023:08:02:28 -0500] "POST /forms/lservlet;jsessionid=ac16012b30d601081061295f4ca0a1fa844a8c90ad0d.e3iSbxaKaheRe34Qc38TbN0Nb41ynknvrkLOlQzNp65In0 HTTP/1.1" 200 123
201.245.192.253 - - [21/Dec/2023:08:02:28 -0500] "POST /forms/lservlet;jsessionid=ac16012b30d601081061295f4ca0a1fa844a8c90ad0d.e3iSbxaKaheRe34Qc38TbN0Nb41ynknvrkLOlQzNp65In0 HTTP/1.1" 200 2
152.203.173.228 - - [21/Dec/2023:08:02:30 -0500] "POST /sipse/faces/presentacion/financiero/solicitudProceso/listarSolicitudProceso.xhtml HTTP/1.1" 200 20627
156.59.198.136 - - [21/Dec/2023:08:02:33 -0500] "GET /BLA/resoluciones/RESOLUCIONES%202010/1079.pdf HTTP/1.0" 200 106134
201.245.192.253 - - [21/Dec/2023:08:02:34 -0500] "POST /forms/lservlet;jsessionid=ac16012b30d601081061295f4ca0a1fa844a8c90ad0d.e3iSbxaKaheRe34Qc38TbN0Nb41ynknvrkLOlQzNp65In0 HTTP/1.1" 200 123
201.245.192.253 - - [21/Dec/2023:08:02:34 -0500] "POST /forms/lservlet;jsessionid=ac16012b30d601081061295f4ca0a1fa844a8c90ad0d.e3iSbxaKaheRe34Qc38TbN0Nb41ynknvrkLOlQzNp65In0 HTTP/1.1" 200 2
201.245.192.253 - - [21/Dec/2023:08:02:40 -0500] "POST /forms/lservlet;jsessionid=ac16012b30d601081061295f4ca0a1fa844a8c90ad0d.e3iSbxaKaheRe34Qc38TbN0Nb41ynknvrkLOlQzNp65In0 HTTP/1.1" 200 123
201.245.192.253 - - [21/Dec/2023:08:02:40 -0500] "POST /forms/lservlet;jsessionid=ac16012b30d601081061295f4ca0a1fa844a8c90ad0d.e3iSbxaKaheRe34Qc38TbN0Nb41ynknvrkLOlQzNp65In0 HTTP/1.1" 200 2
201.245.192.253 - - [21/Dec/2023:08:02:41 -0500] "POST /kwsrmcab/Wsrmcab  HTTP/1.1" 200 40220
152.203.173.228 - - [21/Dec/2023:08:02:50 -0500] "POST /sipse/faces/presentacion/financiero/solicitudProceso/listarSolicitudProceso.xhtml HTTP/1.1" 200 20639
156.59.198.136 - - [21/Dec/2023:08:02:57 -0500] "GET /BLA/resoluciones/AUTOS%202014/3441.pdf HTTP/1.0" 200 322731
201.245.192.253 - - [21/Dec/2023:08:02:57 -0500] "POST /forms/lservlet;jsessionid=ac16012b30d601081061295f4ca0a1fa844a8c90ad0d.e3iSbxaKaheRe34Qc38TbN0Nb41ynknvrkLOlQzNp65In0 HTTP/1.1" 200 200
201.245.192.253 - - [21/Dec/2023:08:02:57 -0500] "POST /forms/lservlet;jsessionid=ac16012b30d601081061295f4ca0a1fa844a8c90ad0d.e3iSbxaKaheRe34Qc38TbN0Nb41ynknvrkLOlQzNp65In0 HTTP/1.1" 200 8
201.245.192.253 - - [21/Dec/2023:08:02:57 -0500] "POST /forms/lservlet;jsessionid=ac16012b30d601081061295f4ca0a1fa844a8c90ad0d.e3iSbxaKaheRe34Qc38TbN0Nb41ynknvrkLOlQzNp65In0 HTTP/1.1" 200 2
201.245.192.253 - - [21/Dec/2023:08:02:58 -0500] "POST /sipse/faces/presentacion/financiero/solicitudProceso/consultarSolicitudProceso.xhtml HTTP/1.1" 200 5457
201.245.192.253 - - [21/Dec/2023:08:02:58 -0500] "GET /sipse/faces/javax.faces.resource/dynamiccontent.properties?ln=primefaces&pfdrid=XjOR5%2F%2FfPAZAuY9TpWQeCiM0BhlXxYRBGKi%2FQcXXfeA%3D&pfdrid_c=false HTTP/1.1" 200 117328
201.245.192.253 - - [21/Dec/2023:08:02:59 -0500] "POST /forms/lservlet;jsessionid=ac16012b30d601081061295f4ca0a1fa844a8c90ad0d.e3iSbxaKaheRe34Qc38TbN0Nb41ynknvrkLOlQzNp65In0 HTTP/1.1" 200 189
201.245.192.253 - - [21/Dec/2023:08:02:59 -0500] "POST /forms/lservlet;jsessionid=ac16012b30d601081061295f4ca0a1fa844a8c90ad0d.e3iSbxaKaheRe34Qc38TbN0Nb41ynknvrkLOlQzNp65In0 HTTP/1.1" 200 22
201.245.192.253 - - [21/Dec/2023:08:02:59 -0500] "POST /forms/lservlet;jsessionid=ac16012b30d601081061295f4ca0a1fa844a8c90ad0d.e3iSbxaKaheRe34Qc38TbN0Nb41ynknvrkLOlQzNp65In0 HTTP/1.1" 200 7
201.245.192.253 - - [21/Dec/2023:08:02:59 -0500] "POST /forms/lservlet;jsessionid=ac16012b30d601081061295f4ca0a1fa844a8c90ad0d.e3iSbxaKaheRe34Qc38TbN0Nb41ynknvrkLOlQzNp65In0 HTTP/1.1" 200 489
201.245.192.253 - - [21/Dec/2023:08:03:00 -0500] "POST /forms/lservlet;jsessionid=ac16012b30d601081061295f4ca0a1fa844a8c90ad0d.e3iSbxaKaheRe34Qc38TbN0Nb41ynknvrkLOlQzNp65In0 HTTP/1.1" 200 2
201.245.192.253 - - [21/Dec/2023:08:03:07 -0500] "POST /forms/lservlet;jsessionid=ac16012b30d601081061295f4ca0a1fa844a8c90ad0d.e3iSbxaKaheRe34Qc38TbN0Nb41ynknvrkLOlQzNp65In0 HTTP/1.1" 200 77
201.245.192.253 - - [21/Dec/2023:08:03:07 -0500] "POST /forms/lservlet;jsessionid=ac16012b30d601081061295f4ca0a1fa844a8c90ad0d.e3iSbxaKaheRe34Qc38TbN0Nb41ynknvrkLOlQzNp65In0 HTTP/1.1" 200 63
201.245.192.253 - - [21/Dec/2023:08:03:07 -0500] "POST /forms/lservlet;jsessionid=ac16012b30d601081061295f4ca0a1fa844a8c90ad0d.e3iSbxaKaheRe34Qc38TbN0Nb41ynknvrkLOlQzNp65In0 HTTP/1.1" 200 55
201.245.192.253 - - [21/Dec/2023:08:03:09 -0500] "POST /forms/lservlet;jsessionid=ac16012b30d601081061295f4ca0a1fa844a8c90ad0d.e3iSbxaKaheRe34Qc38TbN0Nb41ynknvrkLOlQzNp65In0 HTTP/1.1" 200 2
201.245.192.253 - - [21/Dec/2023:08:03:10 -0500] "POST /forms/lservlet;jsessionid=ac16012b30d601081061295f4ca0a1fa844a8c90ad0d.e3iSbxaKaheRe34Qc38TbN0Nb41ynknvrkLOlQzNp65In0 HTTP/1.1" 200 77
201.245.192.253 - - [21/Dec/2023:08:03:10 -0500] "POST /forms/lservlet;jsessionid=ac16012b30d601081061295f4ca0a1fa844a8c90ad0d.e3iSbxaKaheRe34Qc38TbN0Nb41ynknvrkLOlQzNp65In0 HTTP/1.1" 200 118
201.245.192.253 - - [21/Dec/2023:08:03:12 -0500] "POST /forms/lservlet;jsessionid=ac16012b30d601081061295f4ca0a1fa844a8c90ad0d.e3iSbxaKaheRe34Qc38TbN0Nb41ynknvrkLOlQzNp65In0 HTTP/1.1" 200 106
201.245.192.253 - - [21/Dec/2023:08:03:15 -0500] "POST /sipse/faces/presentacion/financiero/solicitudProceso/consultarSolicitudProceso.xhtml HTTP/1.1" 200 26015
201.245.192.253 - - [21/Dec/2023:08:03:15 -0500] "GET /sipse/faces/javax.faces.resource/theme.css?ln=primefaces-sipse HTTP/1.1" 304 -
201.245.192.253 - - [21/Dec/2023:08:03:15 -0500] "GET /sipse/faces/javax.faces.resource/jquery/jquery.js?ln=primefaces&v=4.0 HTTP/1.1" 304 -
201.245.192.253 - - [21/Dec/2023:08:03:15 -0500] "GET /sipse/faces/javax.faces.resource/primefaces.js?ln=primefaces&v=4.0 HTTP/1.1" 304 -
201.245.192.253 - - [21/Dec/2023:08:03:15 -0500] "GET /sipse/faces/javax.faces.resource/jquery/jquery-plugins.js?ln=primefaces&v=4.0 HTTP/1.1" 304 -
201.245.192.253 - - [21/Dec/2023:08:03:15 -0500] "GET /sipse/faces/javax.faces.resource/layout/layout.css?ln=primefaces&v=4.0 HTTP/1.1" 304 -
201.245.192.253 - - [21/Dec/2023:08:03:15 -0500] "GET /sipse/faces/javax.faces.resource/layout/layout.js?ln=primefaces&v=4.0 HTTP/1.1" 304 -
201.245.192.253 - - [21/Dec/2023:08:03:15 -0500] "GET /sipse/faces/javax.faces.resource/primefaces.css?ln=primefaces&v=4.0 HTTP/1.1" 304 -
201.245.192.253 - - [21/Dec/2023:08:03:15 -0500] "GET /sipse/faces/javax.faces.resource/images/ui-icons_898989_256x240.png?ln=primefaces-aristo HTTP/1.1" 304 -
201.245.192.253 - - [21/Dec/2023:08:03:16 -0500] "POST /forms/lservlet;jsessionid=ac16012b30d601081061295f4ca0a1fa844a8c90ad0d.e3iSbxaKaheRe34Qc38TbN0Nb41ynknvrkLOlQzNp65In0 HTTP/1.1" 200 11
156.59.198.135 - - [21/Dec/2023:08:03:21 -0500] "GET /BLA/resoluciones/AUTOS%202023/3348.pdf HTTP/1.0" 200 962315
201.245.192.253 - - [21/Dec/2023:08:03:22 -0500] "POST /forms/lservlet;jsessionid=ac16012b30d601081061295f4ca0a1fa844a8c90ad0d.e3iSbxaKaheRe34Qc38TbN0Nb41ynknvrkLOlQzNp65In0 HTTP/1.1" 200 121
201.245.192.253 - - [21/Dec/2023:08:03:26 -0500] "POST /forms/lservlet;jsessionid=ac16012b30d65f92fa67ce9340589b498a1304d31ae2.e3iSbxaKaheRe34Qc38TbN0Nb41ynknvrkLOlQzNp65In0 HTTP/1.1" 200 2
201.245.192.253 - - [21/Dec/2023:08:03:27 -0500] "POST /forms/lservlet;jsessionid=ac16012b30d601081061295f4ca0a1fa844a8c90ad0d.e3iSbxaKaheRe34Qc38TbN0Nb41ynknvrkLOlQzNp65In0 HTTP/1.1" 200 2
201.245.192.253 - - [21/Dec/2023:08:03:28 -0500] "POST /forms/lservlet;jsessionid=ac16012b30d601081061295f4ca0a1fa844a8c90ad0d.e3iSbxaKaheRe34Qc38TbN0Nb41ynknvrkLOlQzNp65In0 HTTP/1.1" 200 115
201.245.192.253 - - [21/Dec/2023:08:03:28 -0500] "POST /forms/lservlet;jsessionid=ac16012b30d601081061295f4ca0a1fa844a8c90ad0d.e3iSbxaKaheRe34Qc38TbN0Nb41ynknvrkLOlQzNp65In0 HTTP/1.1" 200 2
201.245.192.253 - - [21/Dec/2023:08:03:29 -0500] "POST /forms/lservlet;jsessionid=ac16012b30d601081061295f4ca0a1fa844a8c90ad0d.e3iSbxaKaheRe34Qc38TbN0Nb41ynknvrkLOlQzNp65In0 HTTP/1.1" 200 69
201.245.192.253 - - [21/Dec/2023:08:03:31 -0500] "GET /sipse/faces/javax.faces.resource/images/ui-bg_flat_0_2d5972_40x100.png?ln=primefaces-aristo HTTP/1.1" 304 -
201.245.192.253 - - [21/Dec/2023:08:03:31 -0500] "POST /sipse/faces/presentacion/financiero/solicitudProceso/registrarAnotacion.xhtml HTTP/1.1" 200 111857
201.245.192.253 - - [21/Dec/2023:08:03:32 -0500] "GET /sipse/faces/javax.faces.resource/jquery/jquery.js?ln=primefaces&v=4.0 HTTP/1.1" 304 -
201.245.192.253 - - [21/Dec/2023:08:03:32 -0500] "GET /sipse/faces/javax.faces.resource/jquery/jquery-plugins.js?ln=primefaces&v=4.0 HTTP/1.1" 304 -
201.245.192.253 - - [21/Dec/2023:08:03:32 -0500] "GET /sipse/faces/javax.faces.resource/primefaces.js?ln=primefaces&v=4.0 HTTP/1.1" 304 -
201.245.192.253 - - [21/Dec/2023:08:03:32 -0500] "GET /sipse/faces/javax.faces.resource/layout/layout.js?ln=primefaces&v=4.0 HTTP/1.1" 304 -
201.245.192.253 - - [21/Dec/2023:08:03:32 -0500] "GET /sipse/faces/javax.faces.resource/dynamiccontent.properties?ln=primefaces&pfdrid=XjOR5%2F%2FfPAZAuY9TpWQeCiM0BhlXxYRBGKi%2FQcXXfeA%3D&pfdrid_c=false HTTP/1.1" 500 383
201.245.192.253 - - [21/Dec/2023:08:03:32 -0500] "POST /forms/lservlet;jsessionid=ac16012b30d601081061295f4ca0a1fa844a8c90ad0d.e3iSbxaKaheRe34Qc38TbN0Nb41ynknvrkLOlQzNp65In0 HTTP/1.1" 200 62
201.245.192.253 - - [21/Dec/2023:08:03:36 -0500] "POST /sipse/faces/presentacion/financiero/solicitudAnulacion/consultarSolicitudAnulacion.xhtml HTTP/1.1" 200 193
201.245.192.253 - - [21/Dec/2023:08:03:36 -0500] "GET /sipse/faces/presentacion/financiero/solicitudAnulacion/consultarSolicitudAnulacion.xhtml HTTP/1.1" 200 39474
201.245.192.253 - - [21/Dec/2023:08:03:37 -0500] "GET /sipse/faces/javax.faces.resource/theme.css?ln=primefaces-sipse HTTP/1.1" 304 -
201.245.192.253 - - [21/Dec/2023:08:03:37 -0500] "GET /sipse/faces/javax.faces.resource/primefaces.css?ln=primefaces&v=4.0 HTTP/1.1" 304 -
201.245.192.253 - - [21/Dec/2023:08:03:37 -0500] "GET /sipse/faces/javax.faces.resource/layout/layout.css?ln=primefaces&v=4.0 HTTP/1.1" 304 -
201.245.192.253 - - [21/Dec/2023:08:03:37 -0500] "GET /sipse/faces/javax.faces.resource/jquery/jquery.js?ln=primefaces&v=4.0 HTTP/1.1" 304 -
201.245.192.253 - - [21/Dec/2023:08:03:37 -0500] "GET /sipse/faces/javax.faces.resource/jquery/jquery-plugins.js?ln=primefaces&v=4.0 HTTP/1.1" 304 -
201.245.192.253 - - [21/Dec/2023:08:03:37 -0500] "GET /sipse/faces/javax.faces.resource/primefaces.js?ln=primefaces&v=4.0 HTTP/1.1" 304 -
201.245.192.253 - - [21/Dec/2023:08:03:37 -0500] "GET /sipse/faces/javax.faces.resource/layout/layout.js?ln=primefaces&v=4.0 HTTP/1.1" 304 -
201.245.192.253 - - [21/Dec/2023:08:03:37 -0500] "GET /sipse/faces/javax.faces.resource/images/ui-icons_898989_256x240.png?ln=primefaces-aristo HTTP/1.1" 304 -
201.245.192.253 - - [21/Dec/2023:08:03:37 -0500] "GET /sipse/faces/javax.faces.resource/images/ui-bg_flat_0_2d5972_40x100.png?ln=primefaces-aristo HTTP/1.1" 200 183
201.245.192.253 - - [21/Dec/2023:08:03:37 -0500] "POST /sipse/faces/presentacion/financiero/solicitudAnulacion/consultarSolicitudAnulacion.xhtml HTTP/1.1" 200 10620
201.245.192.253 - - [21/Dec/2023:08:03:39 -0500] "POST /sipse/faces/presentacion/financiero/solicitudAnulacion/consultarSolicitudAnulacion.xhtml HTTP/1.1" 200 17026
201.245.192.253 - - [21/Dec/2023:08:03:40 -0500] "POST /sipse/faces/presentacion/financiero/solicitudProceso/consultarSolicitudProceso.xhtml HTTP/1.1" 200 32676
201.245.192.253 - - [21/Dec/2023:08:03:40 -0500] "GET /sipse/faces/javax.faces.resource/theme.css?ln=primefaces-sipse HTTP/1.1" 304 -
201.245.192.253 - - [21/Dec/2023:08:03:40 -0500] "GET /sipse/faces/javax.faces.resource/layout/layout.css?ln=primefaces&v=4.0 HTTP/1.1" 304 -
201.245.192.253 - - [21/Dec/2023:08:03:40 -0500] "GET /sipse/faces/javax.faces.resource/primefaces.css?ln=primefaces&v=4.0 HTTP/1.1" 304 -
