152.203.173.228 - - [21/Dec/2023:07:07:26 -0500] "GET /sipse/faces/javax.faces.resource/jquery/jquery.js?ln=primefaces&v=4.0 HTTP/1.1" 304 -
152.203.173.228 - - [21/Dec/2023:07:07:26 -0500] "GET /sipse/faces/javax.faces.resource/primefaces.css?ln=primefaces&v=4.0 HTTP/1.1" 304 -
152.203.173.228 - - [21/Dec/2023:07:07:26 -0500] "GET /sipse/faces/javax.faces.resource/layout/layout.js?ln=primefaces&v=4.0 HTTP/1.1" 304 -
152.203.173.228 - - [21/Dec/2023:07:07:26 -0500] "GET /sipse/faces/javax.faces.resource/primefaces.js?ln=primefaces&v=4.0 HTTP/1.1" 304 -
152.203.173.228 - - [21/Dec/2023:07:07:26 -0500] "GET /sipse/css/imagen/logoSDG.png HTTP/1.1" 304 -
152.203.173.228 - - [21/Dec/2023:07:07:26 -0500] "GET /sipse/css/imagen/loginimg.png HTTP/1.1" 304 -
152.203.173.228 - - [21/Dec/2023:07:07:27 -0500] "GET /sipse/faces/javax.faces.resource/images/ui-icons_898989_256x240.png?ln=primefaces-aristo HTTP/1.1" 304 -
152.203.173.228 - - [21/Dec/2023:07:07:29 -0500] "POST /sipse/faces/autenticacion.xhtml HTTP/1.1" 200 2217
152.203.173.228 - - [21/Dec/2023:07:07:29 -0500] "GET /sipse/faces/javax.faces.resource/messages/messages.png?ln=primefaces&v=4.0 HTTP/1.1" 304 -
152.203.173.228 - - [21/Dec/2023:07:07:29 -0500] "POST /sipse/faces/autenticacion.xhtml HTTP/1.1" 200 16345
152.203.173.228 - - [21/Dec/2023:07:07:30 -0500] "GET /sipse/css/custom_css_sg_prime.css HTTP/1.1" 304 -
152.203.173.228 - - [21/Dec/2023:07:07:30 -0500] "GET /sipse/faces/javax.faces.resource/primefaces.css?ln=primefaces&v=4.0 HTTP/1.1" 304 -
152.203.173.228 - - [21/Dec/2023:07:07:30 -0500] "GET /sipse/faces/javax.faces.resource/theme.css?ln=primefaces-sipse HTTP/1.1" 304 -
152.203.173.228 - - [21/Dec/2023:07:07:30 -0500] "GET /sipse/faces/javax.faces.resource/layout/layout.css?ln=primefaces&v=4.0 HTTP/1.1" 304 -
152.203.173.228 - - [21/Dec/2023:07:07:30 -0500] "GET /sipse/js/jquery.min.js HTTP/1.1" 304 -
152.203.173.228 - - [21/Dec/2023:07:07:30 -0500] "GET /sipse/faces/javax.faces.resource/jquery/jquery.js?ln=primefaces&v=4.0 HTTP/1.1" 304 -
152.203.173.228 - - [21/Dec/2023:07:07:31 -0500] "GET /sipse/faces/javax.faces.resource/jquery/jquery-plugins.js?ln=primefaces&v=4.0 HTTP/1.1" 304 -
152.203.173.228 - - [21/Dec/2023:07:07:31 -0500] "GET /sipse/faces/javax.faces.resource/primefaces.js?ln=primefaces&v=4.0 HTTP/1.1" 304 -
152.203.173.228 - - [21/Dec/2023:07:07:31 -0500] "GET /sipse/faces/javax.faces.resource/layout/layout.js?ln=primefaces&v=4.0 HTTP/1.1" 304 -
152.203.173.228 - - [21/Dec/2023:07:07:31 -0500] "GET /sipse/css/v_mergente.css HTTP/1.1" 304 -
152.203.173.228 - - [21/Dec/2023:07:07:31 -0500] "GET /sipse/imagenes/logoAplicacion.jpg HTTP/1.1" 304 -
152.203.173.228 - - [21/Dec/2023:07:07:31 -0500] "GET /sipse/imagenes/cargando.gif HTTP/1.1" 304 -
152.203.173.228 - - [21/Dec/2023:07:07:31 -0500] "GET /sipse/css/imagen/contrasena.png HTTP/1.1" 404 383
152.203.173.228 - - [21/Dec/2023:07:07:32 -0500] "GET /sipse/faces/javax.faces.resource/images/ui-bg_flat_0_2d5972_40x100.png?ln=primefaces-aristo HTTP/1.1" 304 -
152.203.173.228 - - [21/Dec/2023:07:07:32 -0500] "POST /sipse/faces/bienvenido.xhtml HTTP/1.1" 200 2658
152.203.173.228 - - [21/Dec/2023:07:07:33 -0500] "POST /sipse/faces/bienvenido.xhtml HTTP/1.1" 200 64259
172.22.2.4 - - [21/Dec/2023:07:07:36 -0500] "GET /BLA/boletinlegal/jurisprudencia/analisis/analisis%20sentencia%20C-596-10.doc HTTP/1.1" 200 36352
152.203.173.228 - - [21/Dec/2023:07:07:37 -0500] "GET /sipse/faces/javax.faces.resource/layout/layout.css?ln=primefaces&v=4.0 HTTP/1.1" 304 -
152.203.173.228 - - [21/Dec/2023:07:07:37 -0500] "GET /sipse/faces/javax.faces.resource/theme.css?ln=primefaces-sipse HTTP/1.1" 304 -
152.203.173.228 - - [21/Dec/2023:07:07:37 -0500] "GET /sipse/faces/javax.faces.resource/primefaces.css?ln=primefaces&v=4.0 HTTP/1.1" 304 -
152.203.173.228 - - [21/Dec/2023:07:07:37 -0500] "GET /sipse/faces/javax.faces.resource/jquery/jquery.js?ln=primefaces&v=4.0 HTTP/1.1" 304 -
152.203.173.228 - - [21/Dec/2023:07:07:37 -0500] "GET /sipse/faces/javax.faces.resource/jquery/jquery-plugins.js?ln=primefaces&v=4.0 HTTP/1.1" 304 -
152.203.173.228 - - [21/Dec/2023:07:07:37 -0500] "GET /sipse/faces/javax.faces.resource/primefaces.js?ln=primefaces&v=4.0 HTTP/1.1" 304 -
152.203.173.228 - - [21/Dec/2023:07:07:37 -0500] "GET /sipse/faces/javax.faces.resource/layout/layout.js?ln=primefaces&v=4.0 HTTP/1.1" 304 -
152.203.173.228 - - [21/Dec/2023:07:07:38 -0500] "POST /sipse/faces/presentacion/financiero/solicitudProceso/listarSolicitudProceso.xhtml HTTP/1.1" 200 1556
156.59.198.136 - - [21/Dec/2023:07:07:40 -0500] "GET /BLA/resoluciones/AUTOS%202014/6507.pdf HTTP/1.0" 200 519935
152.203.173.228 - - [21/Dec/2023:07:07:42 -0500] "POST /sipse/faces/presentacion/financiero/solicitudProceso/listarSolicitudProceso.xhtml HTTP/1.1" 200 46161
152.203.173.228 - - [21/Dec/2023:07:07:43 -0500] "POST /sipse/faces/presentacion/financiero/solicitudProceso/listarSolicitudProceso.xhtml HTTP/1.1" 200 46149
152.203.173.228 - - [21/Dec/2023:07:07:45 -0500] "POST /sipse/faces/presentacion/financiero/solicitudProceso/listarSolicitudProceso.xhtml HTTP/1.1" 200 20685
152.203.173.228 - - [21/Dec/2023:07:07:45 -0500] "POST /sipse/faces/presentacion/financiero/solicitudProceso/listarSolicitudProceso.xhtml HTTP/1.1" 200 20673
152.203.173.228 - - [21/Dec/2023:07:07:47 -0500] "POST /sipse/faces/presentacion/financiero/solicitudProceso/listarSolicitudProceso.xhtml HTTP/1.1" 200 145828
152.203.173.228 - - [21/Dec/2023:07:07:48 -0500] "GET /sipse/faces/javax.faces.resource/primefaces.css?ln=primefaces&v=4.0 HTTP/1.1" 304 -
152.203.173.228 - - [21/Dec/2023:07:07:48 -0500] "GET /sipse/faces/javax.faces.resource/theme.css?ln=primefaces-sipse HTTP/1.1" 304 -
152.203.173.228 - - [21/Dec/2023:07:07:48 -0500] "GET /sipse/faces/javax.faces.resource/layout/layout.css?ln=primefaces&v=4.0 HTTP/1.1" 304 -
152.203.173.228 - - [21/Dec/2023:07:07:48 -0500] "GET /sipse/faces/javax.faces.resource/jquery/jquery.js?ln=primefaces&v=4.0 HTTP/1.1" 304 -
152.203.173.228 - - [21/Dec/2023:07:07:48 -0500] "GET /sipse/faces/javax.faces.resource/jquery/jquery-plugins.js?ln=primefaces&v=4.0 HTTP/1.1" 304 -
152.203.173.228 - - [21/Dec/2023:07:07:48 -0500] "GET /sipse/faces/javax.faces.resource/primefaces.js?ln=primefaces&v=4.0 HTTP/1.1" 304 -
152.203.173.228 - - [21/Dec/2023:07:07:48 -0500] "GET /sipse/faces/javax.faces.resource/layout/layout.js?ln=primefaces&v=4.0 HTTP/1.1" 304 -
152.203.173.228 - - [21/Dec/2023:07:07:48 -0500] "GET /sipse/faces/javax.faces.resource/dynamiccontent.properties?ln=primefaces&pfdrid=XjOR5%2F%2FfPAZAuY9TpWQeCiM0BhlXxYRBGKi%2FQcXXfeA%3D&pfdrid_c=false HTTP/1.1" 500 383
201.245.192.253 - - [21/Dec/2023:07:07:56 -0500] "POST /kwsrmcab/Wsrmcab  HTTP/1.1" 200 40220
156.59.198.135 - - [21/Dec/2023:07:08:05 -0500] "GET /BLA/resoluciones/Notificaciones/AUTOS%202014/4703.doc HTTP/1.0" 200 97280
201.245.192.253 - - [21/Dec/2023:07:08:11 -0500] "POST /forms/lservlet;jsessionid=ac16012b30d648d4d7e95c6a498d8fc6bd063871f06c.e3iSbxaKaheRe34Qc38TbN0Nb41ynknvrkLOlQzNp65In0 HTTP/1.1" 200 2
156.59.198.135 - - [21/Dec/2023:07:08:28 -0500] "GET /BLA/resoluciones/AUTOS%202020/4771.pdf HTTP/1.0" 200 399111
156.59.198.136 - - [21/Dec/2023:07:08:53 -0500] "GET /BLA/resoluciones/RESOLUCIONES%202018/2125.pdf HTTP/1.0" 200 288250
66.249.66.19 - - [21/Dec/2023:07:09:12 -0500] "GET /BLA/resoluciones/AUTOS%202008/1501.pdf HTTP/1.1" 200 281129
156.59.198.135 - - [21/Dec/2023:07:09:17 -0500] "GET /BLA/resoluciones/Notificaciones/AUTOS%202015/1841.doc HTTP/1.0" 200 244224
201.245.192.253 - - [21/Dec/2023:07:09:26 -0500] "POST /forms/lservlet;jsessionid=ac16012b30d65f92fa67ce9340589b498a1304d31ae2.e3iSbxaKaheRe34Qc38TbN0Nb41ynknvrkLOlQzNp65In0 HTTP/1.1" 200 2
156.59.198.136 - - [21/Dec/2023:07:09:40 -0500] "GET /BLA/resoluciones/AUTOS%202014/4637.pdf HTTP/1.0" 200 499402
156.59.198.135 - - [21/Dec/2023:07:10:05 -0500] "GET /BLA/resoluciones/RESOLUCIONES%202008/4891.pdf HTTP/1.0" 200 260390
216.245.221.92 - - [21/Dec/2023:07:10:10 -0500] "HEAD / HTTP/1.1" 200 -
201.245.192.253 - - [21/Dec/2023:07:10:11 -0500] "POST /forms/lservlet;jsessionid=ac16012b30d648d4d7e95c6a498d8fc6bd063871f06c.e3iSbxaKaheRe34Qc38TbN0Nb41ynknvrkLOlQzNp65In0 HTTP/1.1" 200 2
156.59.198.136 - - [21/Dec/2023:07:10:29 -0500] "GET /BLA/resoluciones/RESOLUCIONES%202008/4118.pdf HTTP/1.0" 200 432916
66.249.66.19 - - [21/Dec/2023:07:10:38 -0500] "GET /BLA/resoluciones/AUTOS%202013/2833.pdf HTTP/1.1" 200 275379
156.59.198.135 - - [21/Dec/2023:07:10:54 -0500] "GET /BLA/resoluciones/RESOLUCIONES%202018/4110.pdf HTTP/1.0" 200 266331
172.22.2.4 - - [21/Dec/2023:07:09:34 -0500] "HEAD /BLA/boletinlegal/ HTTP/1.1" 200 -
156.59.198.136 - - [21/Dec/2023:07:11:18 -0500] "GET /BLA/resoluciones/AUTOS%202014/6709.pdf HTTP/1.0" 200 575512
172.22.2.4 - - [21/Dec/2023:07:11:22 -0500] "GET /BLA/boletinlegal/style.css HTTP/1.1" 200 9406
172.22.2.4 - - [21/Dec/2023:07:11:22 -0500] "GET /BLA/boletinlegal/js/popup.js HTTP/1.1" 200 1270
172.22.2.4 - - [21/Dec/2023:07:11:23 -0500] "GET /BLA/boletinlegal/js/ajax_actos.js HTTP/1.1" 200 1322
172.22.2.4 - - [21/Dec/2023:07:11:23 -0500] "GET /BLA/boletinlegal/js/jquery1.js HTTP/1.1" 200 29846
172.22.2.4 - - [21/Dec/2023:07:11:24 -0500] "GET /BLA/boletinlegal/styles2.css HTTP/1.1" 200 1838
172.22.2.4 - - [21/Dec/2023:07:11:24 -0500] "GET /BLA/boletinlegal/js/lib.js HTTP/1.1" 200 6474
172.22.2.4 - - [21/Dec/2023:07:11:25 -0500] "GET /BLA/boletinlegal/niceforms.js HTTP/1.1" 200 22876
172.22.2.4 - - [21/Dec/2023:07:11:25 -0500] "GET /BLA/boletinlegal/niceforms-default.css HTTP/1.1" 200 6694
201.245.192.253 - - [21/Dec/2023:07:11:26 -0500] "POST /forms/lservlet;jsessionid=ac16012b30d65f92fa67ce9340589b498a1304d31ae2.e3iSbxaKaheRe34Qc38TbN0Nb41ynknvrkLOlQzNp65In0 HTTP/1.1" 200 2
156.59.198.136 - - [21/Dec/2023:07:11:42 -0500] "GET /BLA/resoluciones/Notificaciones/RESOLUCIONES%202023/439.pdf HTTP/1.0" 200 428099
172.22.2.4 - - [21/Dec/2023:07:10:24 -0500] "GET /BLA/boletinlegal/ HTTP/1.1" 200 60502
156.59.198.136 - - [21/Dec/2023:07:12:06 -0500] "GET /BLA/resoluciones/Notificaciones/AUTOS%202017/1000.pdf HTTP/1.0" 200 275594
201.245.192.253 - - [21/Dec/2023:07:12:11 -0500] "POST /forms/lservlet;jsessionid=ac16012b30d648d4d7e95c6a498d8fc6bd063871f06c.e3iSbxaKaheRe34Qc38TbN0Nb41ynknvrkLOlQzNp65In0 HTTP/1.1" 200 2
152.203.173.228 - - [21/Dec/2023:07:12:14 -0500] "POST /sipse/faces/presentacion/financiero/solicitudProceso/consultarSolicitudProceso.xhtml HTTP/1.1" 200 184
152.203.173.228 - - [21/Dec/2023:07:12:14 -0500] "POST /sipse/faces/presentacion/financiero/solicitudProceso/consultarSolicitudProceso.xhtml HTTP/1.1" 200 184
152.203.173.228 - - [21/Dec/2023:07:12:14 -0500] "POST /sipse/faces/presentacion/financiero/solicitudProceso/consultarSolicitudProceso.xhtml HTTP/1.1" 200 184
152.203.173.228 - - [21/Dec/2023:07:12:14 -0500] "GET /sipse/faces/presentacion/financiero/solicitudAnulacion/solicitudAnulacion.xhtml HTTP/1.1" 200 26832
152.203.173.228 - - [21/Dec/2023:07:12:15 -0500] "GET /sipse/faces/javax.faces.resource/theme.css?ln=primefaces-sipse HTTP/1.1" 304 -
152.203.173.228 - - [21/Dec/2023:07:12:14 -0500] "GET /sipse/faces/presentacion/financiero/solicitudAnulacion/solicitudAnulacion.xhtml HTTP/1.1" 200 36382
152.203.173.228 - - [21/Dec/2023:07:12:15 -0500] "GET /sipse/faces/javax.faces.resource/layout/layout.css?ln=primefaces&v=4.0 HTTP/1.1" 304 -
152.203.173.228 - - [21/Dec/2023:07:12:15 -0500] "GET /sipse/faces/javax.faces.resource/primefaces.css?ln=primefaces&v=4.0 HTTP/1.1" 304 -
152.203.173.228 - - [21/Dec/2023:07:12:15 -0500] "GET /sipse/faces/javax.faces.resource/jquery/jquery.js?ln=primefaces&v=4.0 HTTP/1.1" 304 -
152.203.173.228 - - [21/Dec/2023:07:12:15 -0500] "GET /sipse/faces/javax.faces.resource/jquery/jquery-plugins.js?ln=primefaces&v=4.0 HTTP/1.1" 304 -
152.203.173.228 - - [21/Dec/2023:07:12:15 -0500] "GET /sipse/faces/javax.faces.resource/primefaces.js?ln=primefaces&v=4.0 HTTP/1.1" 304 -
152.203.173.228 - - [21/Dec/2023:07:12:15 -0500] "GET /sipse/faces/javax.faces.resource/layout/layout.js?ln=primefaces&v=4.0 HTTP/1.1" 304 -
152.203.173.228 - - [21/Dec/2023:07:12:15 -0500] "POST /sipse/faces/presentacion/financiero/solicitudAnulacion/solicitudAnulacion.xhtml HTTP/1.1" 200 14752
152.203.173.228 - - [21/Dec/2023:07:12:17 -0500] "POST /sipse/faces/presentacion/financiero/solicitudAnulacion/solicitudAnulacion.xhtml HTTP/1.1" 200 36539
152.203.173.228 - - [21/Dec/2023:07:12:17 -0500] "GET /sipse/faces/javax.faces.resource/theme.css?ln=primefaces-sipse HTTP/1.1" 304 -
152.203.173.228 - - [21/Dec/2023:07:12:17 -0500] "GET /sipse/faces/javax.faces.resource/layout/layout.css?ln=primefaces&v=4.0 HTTP/1.1" 304 -
152.203.173.228 - - [21/Dec/2023:07:12:17 -0500] "GET /sipse/faces/javax.faces.resource/primefaces.css?ln=primefaces&v=4.0 HTTP/1.1" 304 -
152.203.173.228 - - [21/Dec/2023:07:12:18 -0500] "GET /sipse/faces/javax.faces.resource/jquery/jquery.js?ln=primefaces&v=4.0 HTTP/1.1" 304 -
152.203.173.228 - - [21/Dec/2023:07:12:18 -0500] "GET /sipse/faces/javax.faces.resource/jquery/jquery-plugins.js?ln=primefaces&v=4.0 HTTP/1.1" 304 -
152.203.173.228 - - [21/Dec/2023:07:12:18 -0500] "GET /sipse/faces/javax.faces.resource/primefaces.js?ln=primefaces&v=4.0 HTTP/1.1" 304 -
152.203.173.228 - - [21/Dec/2023:07:12:18 -0500] "GET /sipse/faces/javax.faces.resource/layout/layout.js?ln=primefaces&v=4.0 HTTP/1.1" 304 -
152.203.173.228 - - [21/Dec/2023:07:12:18 -0500] "POST /sipse/faces/presentacion/financiero/solicitudProceso/listarSolicitudProceso.xhtml HTTP/1.1" 200 1400
152.203.173.228 - - [21/Dec/2023:07:12:22 -0500] "POST /sipse/faces/presentacion/financiero/solicitudProceso/listarSolicitudProceso.xhtml HTTP/1.1" 200 47013
207.46.13.128 - - [21/Dec/2023:07:12:29 -0500] "GET /BLA/resoluciones/RESOLUCIONES%202021/5233.pdf HTTP/1.1" 200 659006
156.59.198.135 - - [21/Dec/2023:07:12:30 -0500] "GET /BLA/resoluciones/RESOLUCIONES%202008/3894.pdf HTTP/1.0" 200 730597
152.203.173.228 - - [21/Dec/2023:07:12:29 -0500] "POST /sipse/faces/presentacion/financiero/solicitudProceso/listarSolicitudProceso.xhtml HTTP/1.1" 200 43497
152.203.173.228 - - [21/Dec/2023:07:12:35 -0500] "POST /sipse/faces/presentacion/financiero/solicitudProceso/listarSolicitudProceso.xhtml HTTP/1.1" 200 46485
152.203.173.228 - - [21/Dec/2023:07:12:40 -0500] "POST /sipse/faces/presentacion/financiero/solicitudProceso/listarSolicitudProceso.xhtml HTTP/1.1" 200 23540
152.203.173.228 - - [21/Dec/2023:07:12:43 -0500] "POST /sipse/faces/presentacion/financiero/solicitudProceso/listarSolicitudProceso.xhtml HTTP/1.1" 200 46439
207.46.13.154 - - [21/Dec/2023:07:12:51 -0500] "GET /BLA/resoluciones/RESOLUCIONES%202021/4754.pdf HTTP/1.1" 304 -
156.59.198.136 - - [21/Dec/2023:07:12:54 -0500] "GET /BLA/resoluciones/AUTOS%202023/0302.pdf HTTP/1.0" 200 402553
201.245.192.253 - - [21/Dec/2023:07:12:55 -0500] "POST /kwsrmcab/Wsrmcab  HTTP/1.1" 200 40220
152.203.173.228 - - [21/Dec/2023:07:13:01 -0500] "POST /sipse/faces/presentacion/financiero/solicitudProceso/listarSolicitudProceso.xhtml HTTP/1.1" 200 20702
152.203.173.228 - - [21/Dec/2023:07:13:06 -0500] "POST /sipse/faces/presentacion/financiero/solicitudProceso/listarSolicitudProceso.xhtml HTTP/1.1" 200 46509
152.203.173.228 - - [21/Dec/2023:07:13:10 -0500] "POST /sipse/faces/presentacion/financiero/solicitudProceso/listarSolicitudProceso.xhtml HTTP/1.1" 200 23540
156.59.198.135 - - [21/Dec/2023:07:13:19 -0500] "GET /BLA/resoluciones/Notificaciones/AUTOS%202017/5028.pdf HTTP/1.0" 200 293311
201.245.192.253 - - [21/Dec/2023:07:13:26 -0500] "POST /forms/lservlet;jsessionid=ac16012b30d65f92fa67ce9340589b498a1304d31ae2.e3iSbxaKaheRe34Qc38TbN0Nb41ynknvrkLOlQzNp65In0 HTTP/1.1" 200 2
172.22.2.4 - - [21/Dec/2023:07:13:28 -0500] "GET /BLA/boletinlegal/Directivas/2019/Directiva%20No.%200001%20del%2011%20de%20junio%20de%202019.pdf HTTP/1.1" 304 -
156.59.198.136 - - [21/Dec/2023:07:13:44 -0500] "GET /BLA/resoluciones/Notificaciones/AUTOS%202017/3653.pdf HTTP/1.0" 200 422752
152.203.173.228 - - [21/Dec/2023:07:13:49 -0500] "POST /sipse/faces/presentacion/financiero/solicitudProceso/listarSolicitudProceso.xhtml HTTP/1.1" 200 46439
156.59.198.136 - - [21/Dec/2023:07:14:08 -0500] "GET /BLA/resoluciones/AUTOS%202023/2700.pdf HTTP/1.0" 200 3671997
201.245.192.253 - - [21/Dec/2023:07:14:11 -0500] "POST /forms/lservlet;jsessionid=ac16012b30d648d4d7e95c6a498d8fc6bd063871f06c.e3iSbxaKaheRe34Qc38TbN0Nb41ynknvrkLOlQzNp65In0 HTTP/1.1" 200 2
66.249.66.20 - - [21/Dec/2023:07:14:13 -0500] "GET /BLA/resoluciones/RESOLUCIONES%202009/9510.pdf HTTP/1.1" 200 304609
152.203.173.228 - - [21/Dec/2023:07:14:17 -0500] "POST /sipse/faces/presentacion/financiero/solicitudProceso/listarSolicitudProceso.xhtml HTTP/1.1" 200 23540
156.59.198.136 - - [21/Dec/2023:07:14:32 -0500] "GET /BLA/resoluciones/RESOLUCIONES%202008/4751.pdf HTTP/1.0" 200 101572
66.249.66.20 - - [21/Dec/2023:07:14:38 -0500] "GET /BLA/resoluciones/RESOLUCIONES%202009/6541.pdf HTTP/1.1" 200 435741
152.203.173.228 - - [21/Dec/2023:07:14:45 -0500] "POST /sipse/faces/presentacion/financiero/solicitudProceso/listarSolicitudProceso.xhtml HTTP/1.1" 200 23589
152.203.173.228 - - [21/Dec/2023:07:12:14 -0500] "GET /sipse/faces/presentacion/financiero/solicitudAnulacion/solicitudAnulacion.xhtml HTTP/1.1" 200 17832
156.59.198.135 - - [21/Dec/2023:07:14:57 -0500] "GET /BLA/resoluciones/RESOLUCIONES%202008/4758.pdf HTTP/1.0" 200 513672
216.245.221.92 - - [21/Dec/2023:07:15:10 -0500] "HEAD / HTTP/1.1" 200 -
156.59.198.136 - - [21/Dec/2023:07:15:21 -0500] "GET /BLA/resoluciones/AUTOS%202023/1697.pdf HTTP/1.0" 200 501709
201.245.192.253 - - [21/Dec/2023:07:15:26 -0500] "POST /forms/lservlet;jsessionid=ac16012b30d65f92fa67ce9340589b498a1304d31ae2.e3iSbxaKaheRe34Qc38TbN0Nb41ynknvrkLOlQzNp65In0 HTTP/1.1" 200 2
152.203.173.228 - - [21/Dec/2023:07:15:25 -0500] "POST /sipse/faces/presentacion/financiero/solicitudProceso/listarSolicitudProceso.xhtml HTTP/1.1" 200 20702
156.59.198.135 - - [21/Dec/2023:07:15:45 -0500] "GET /BLA/resoluciones/RESOLUCIONES%202008/3859.pdf HTTP/1.0" 200 484984
152.203.173.228 - - [21/Dec/2023:07:15:58 -0500] "POST /sipse/faces/presentacion/financiero/solicitudProceso/listarSolicitudProceso.xhtml HTTP/1.1" 200 46316
152.203.173.228 - - [21/Dec/2023:07:16:00 -0500] "POST /sipse/faces/presentacion/financiero/solicitudProceso/listarSolicitudProceso.xhtml HTTP/1.1" 200 20647
152.203.173.228 - - [21/Dec/2023:07:16:04 -0500] "POST /sipse/faces/presentacion/financiero/solicitudProceso/listarSolicitudProceso.xhtml HTTP/1.1" 200 43533
152.203.173.228 - - [21/Dec/2023:07:16:08 -0500] "POST /sipse/faces/presentacion/financiero/solicitudProceso/listarSolicitudProceso.xhtml HTTP/1.1" 200 145846
152.203.173.228 - - [21/Dec/2023:07:16:09 -0500] "GET /sipse/faces/javax.faces.resource/theme.css?ln=primefaces-sipse HTTP/1.1" 304 -
152.203.173.228 - - [21/Dec/2023:07:16:09 -0500] "GET /sipse/faces/javax.faces.resource/primefaces.css?ln=primefaces&v=4.0 HTTP/1.1" 304 -
152.203.173.228 - - [21/Dec/2023:07:16:09 -0500] "GET /sipse/faces/javax.faces.resource/layout/layout.css?ln=primefaces&v=4.0 HTTP/1.1" 304 -
152.203.173.228 - - [21/Dec/2023:07:16:09 -0500] "GET /sipse/faces/javax.faces.resource/jquery/jquery.js?ln=primefaces&v=4.0 HTTP/1.1" 304 -
152.203.173.228 - - [21/Dec/2023:07:16:09 -0500] "GET /sipse/faces/javax.faces.resource/jquery/jquery-plugins.js?ln=primefaces&v=4.0 HTTP/1.1" 304 -
152.203.173.228 - - [21/Dec/2023:07:16:09 -0500] "GET /sipse/faces/javax.faces.resource/primefaces.js?ln=primefaces&v=4.0 HTTP/1.1" 304 -
152.203.173.228 - - [21/Dec/2023:07:16:09 -0500] "GET /sipse/faces/javax.faces.resource/layout/layout.js?ln=primefaces&v=4.0 HTTP/1.1" 304 -
152.203.173.228 - - [21/Dec/2023:07:16:09 -0500] "GET /sipse/faces/javax.faces.resource/dynamiccontent.properties?ln=primefaces&pfdrid=XjOR5%2F%2FfPAZAuY9TpWQeCiM0BhlXxYRBGKi%2FQcXXfeA%3D&pfdrid_c=false HTTP/1.1" 500 383
156.59.198.135 - - [21/Dec/2023:07:16:10 -0500] "GET /BLA/resoluciones/AUTOS%202023/0646.pdf HTTP/1.0" 200 411724
201.245.192.253 - - [21/Dec/2023:07:16:11 -0500] "POST /forms/lservlet;jsessionid=ac16012b30d648d4d7e95c6a498d8fc6bd063871f06c.e3iSbxaKaheRe34Qc38TbN0Nb41ynknvrkLOlQzNp65In0 HTTP/1.1" 200 2
152.203.173.228 - - [21/Dec/2023:07:16:12 -0500] "POST /sipse/faces/presentacion/financiero/solicitudProceso/consultarSolicitudProceso.xhtml HTTP/1.1" 200 21123
152.203.173.228 - - [21/Dec/2023:07:16:13 -0500] "GET /sipse/faces/javax.faces.resource/theme.css?ln=primefaces-sipse HTTP/1.1" 304 -
152.203.173.228 - - [21/Dec/2023:07:16:13 -0500] "GET /sipse/faces/javax.faces.resource/primefaces.css?ln=primefaces&v=4.0 HTTP/1.1" 304 -
152.203.173.228 - - [21/Dec/2023:07:16:13 -0500] "GET /sipse/faces/javax.faces.resource/primefaces.js?ln=primefaces&v=4.0 HTTP/1.1" 304 -
152.203.173.228 - - [21/Dec/2023:07:16:13 -0500] "GET /sipse/faces/javax.faces.resource/jquery/jquery-plugins.js?ln=primefaces&v=4.0 HTTP/1.1" 304 -
152.203.173.228 - - [21/Dec/2023:07:16:13 -0500] "GET /sipse/faces/javax.faces.resource/jquery/jquery.js?ln=primefaces&v=4.0 HTTP/1.1" 304 -
152.203.173.228 - - [21/Dec/2023:07:16:13 -0500] "GET /sipse/faces/javax.faces.resource/fileupload/fileupload.css?ln=primefaces&v=4.0 HTTP/1.1" 304 -
152.203.173.228 - - [21/Dec/2023:07:16:13 -0500] "GET /sipse/faces/javax.faces.resource/layout/layout.css?ln=primefaces&v=4.0 HTTP/1.1" 304 -
152.203.173.228 - - [21/Dec/2023:07:16:13 -0500] "GET /sipse/faces/javax.faces.resource/layout/layout.js?ln=primefaces&v=4.0 HTTP/1.1" 304 -
152.203.173.228 - - [21/Dec/2023:07:16:13 -0500] "GET /sipse/faces/javax.faces.resource/fileupload/fileupload.js?ln=primefaces&v=4.0 HTTP/1.1" 304 -
152.203.173.228 - - [21/Dec/2023:07:16:32 -0500] "GET /sipse/faces/javax.faces.resource/theme.css?ln=primefaces-sipse HTTP/1.1" 304 -
152.203.173.228 - - [21/Dec/2023:07:16:32 -0500] "GET /sipse/faces/javax.faces.resource/jquery/jquery-plugins.js?ln=primefaces&v=4.0 HTTP/1.1" 304 -
152.203.173.228 - - [21/Dec/2023:07:16:32 -0500] "GET /sipse/faces/javax.faces.resource/primefaces.css?ln=primefaces&v=4.0 HTTP/1.1" 304 -
152.203.173.228 - - [21/Dec/2023:07:16:32 -0500] "GET /sipse/faces/javax.faces.resource/jquery/jquery.js?ln=primefaces&v=4.0 HTTP/1.1" 304 -
152.203.173.228 - - [21/Dec/2023:07:16:32 -0500] "GET /sipse/faces/javax.faces.resource/layout/layout.css?ln=primefaces&v=4.0 HTTP/1.1" 304 -
152.203.173.228 - - [21/Dec/2023:07:16:32 -0500] "GET /sipse/faces/javax.faces.resource/primefaces.js?ln=primefaces&v=4.0 HTTP/1.1" 304 -
152.203.173.228 - - [21/Dec/2023:07:16:32 -0500] "GET /sipse/faces/javax.faces.resource/layout/layout.js?ln=primefaces&v=4.0 HTTP/1.1" 304 -
152.203.173.228 - - [21/Dec/2023:07:16:31 -0500] "POST /sipse/faces/presentacion/sistema/anexos/cargarAnexoSolicitudProceso.xhtml HTTP/1.1" 200 194084
152.203.173.228 - - [21/Dec/2023:07:16:32 -0500] "GET /sipse/faces/javax.faces.resource/dynamiccontent.properties?ln=primefaces&pfdrid=XjOR5%2F%2FfPAZAuY9TpWQeCiM0BhlXxYRBGKi%2FQcXXfeA%3D&pfdrid_c=false HTTP/1.1" 500 383
201.245.192.253 - - [21/Dec/2023:07:16:31 -0500] "POST /kwsrmcab/Wsrmcab HTTP/1.1" 200 40564
156.59.198.135 - - [21/Dec/2023:07:16:34 -0500] "GET /BLA/resoluciones/RESOLUCIONES%202010/0741.pdf HTTP/1.0" 200 443963
152.203.173.228 - - [21/Dec/2023:07:16:36 -0500] "POST /sipse/faces/presentacion/financiero/solicitudProceso/consultarSolicitudProceso.xhtml HTTP/1.1" 200 21123
152.203.173.228 - - [21/Dec/2023:07:16:36 -0500] "GET /sipse/faces/javax.faces.resource/theme.css?ln=primefaces-sipse HTTP/1.1" 304 -
152.203.173.228 - - [21/Dec/2023:07:16:36 -0500] "GET /sipse/faces/javax.faces.resource/primefaces.css?ln=primefaces&v=4.0 HTTP/1.1" 304 -
152.203.173.228 - - [21/Dec/2023:07:16:36 -0500] "GET /sipse/faces/javax.faces.resource/layout/layout.css?ln=primefaces&v=4.0 HTTP/1.1" 304 -
152.203.173.228 - - [21/Dec/2023:07:16:36 -0500] "GET /sipse/faces/javax.faces.resource/jquery/jquery.js?ln=primefaces&v=4.0 HTTP/1.1" 304 -
152.203.173.228 - - [21/Dec/2023:07:16:36 -0500] "GET /sipse/faces/javax.faces.resource/fileupload/fileupload.css?ln=primefaces&v=4.0 HTTP/1.1" 304 -
152.203.173.228 - - [21/Dec/2023:07:16:36 -0500] "GET /sipse/faces/javax.faces.resource/jquery/jquery-plugins.js?ln=primefaces&v=4.0 HTTP/1.1" 304 -
152.203.173.228 - - [21/Dec/2023:07:16:36 -0500] "GET /sipse/faces/javax.faces.resource/primefaces.js?ln=primefaces&v=4.0 HTTP/1.1" 304 -
152.203.173.228 - - [21/Dec/2023:07:16:36 -0500] "GET /sipse/faces/javax.faces.resource/fileupload/fileupload.js?ln=primefaces&v=4.0 HTTP/1.1" 304 -
152.203.173.228 - - [21/Dec/2023:07:16:36 -0500] "GET /sipse/faces/javax.faces.resource/layout/layout.js?ln=primefaces&v=4.0 HTTP/1.1" 304 -
201.245.192.253 - - [21/Dec/2023:07:16:34 -0500] "POST /kwsrmcab/Wsrmcab HTTP/1.1" 200 36685
152.203.173.228 - - [21/Dec/2023:07:16:48 -0500] "GET /sipse/faces/javax.faces.resource/theme.css?ln=primefaces-sipse HTTP/1.1" 304 -
152.203.173.228 - - [21/Dec/2023:07:16:48 -0500] "GET /sipse/faces/javax.faces.resource/jquery/jquery-plugins.js?ln=primefaces&v=4.0 HTTP/1.1" 304 -
152.203.173.228 - - [21/Dec/2023:07:16:48 -0500] "GET /sipse/faces/javax.faces.resource/jquery/jquery.js?ln=primefaces&v=4.0 HTTP/1.1" 304 -
152.203.173.228 - - [21/Dec/2023:07:16:48 -0500] "GET /sipse/faces/javax.faces.resource/layout/layout.css?ln=primefaces&v=4.0 HTTP/1.1" 304 -
152.203.173.228 - - [21/Dec/2023:07:16:48 -0500] "GET /sipse/faces/javax.faces.resource/primefaces.css?ln=primefaces&v=4.0 HTTP/1.1" 304 -
152.203.173.228 - - [21/Dec/2023:07:16:48 -0500] "GET /sipse/faces/javax.faces.resource/layout/layout.js?ln=primefaces&v=4.0 HTTP/1.1" 304 -
152.203.173.228 - - [21/Dec/2023:07:16:48 -0500] "GET /sipse/faces/javax.faces.resource/primefaces.js?ln=primefaces&v=4.0 HTTP/1.1" 304 -
152.203.173.228 - - [21/Dec/2023:07:16:47 -0500] "POST /sipse/faces/presentacion/sistema/anexos/cargarAnexoSolicitudProceso.xhtml HTTP/1.1" 200 195880
152.203.173.228 - - [21/Dec/2023:07:16:48 -0500] "GET /sipse/faces/javax.faces.resource/dynamiccontent.properties?ln=primefaces&pfdrid=XjOR5%2F%2FfPAZAuY9TpWQeCiM0BhlXxYRBGKi%2FQcXXfeA%3D&pfdrid_c=false HTTP/1.1" 500 383
152.203.173.228 - - [21/Dec/2023:07:16:52 -0500] "POST /sipse/faces/presentacion/financiero/solicitudProceso/consultarSolicitudProceso.xhtml HTTP/1.1" 200 6200
152.203.173.228 - - [21/Dec/2023:07:16:53 -0500] "POST /sipse/faces/presentacion/financiero/solicitudProceso/consultarSolicitudProceso.xhtml HTTP/1.1" 200 59975
152.203.173.228 - - [21/Dec/2023:07:16:57 -0500] "GET /sipse/faces/javax.faces.resource/layout/layout.css?ln=primefaces&v=4.0 HTTP/1.1" 304 -
152.203.173.228 - - [21/Dec/2023:07:16:57 -0500] "GET /sipse/faces/javax.faces.resource/primefaces.css?ln=primefaces&v=4.0 HTTP/1.1" 304 -
152.203.173.228 - - [21/Dec/2023:07:16:57 -0500] "GET /sipse/faces/javax.faces.resource/theme.css?ln=primefaces-sipse HTTP/1.1" 304 -
152.203.173.228 - - [21/Dec/2023:07:16:57 -0500] "GET /sipse/faces/javax.faces.resource/jquery/jquery.js?ln=primefaces&v=4.0 HTTP/1.1" 304 -
152.203.173.228 - - [21/Dec/2023:07:16:57 -0500] "GET /sipse/faces/javax.faces.resource/jquery/jquery-plugins.js?ln=primefaces&v=4.0 HTTP/1.1" 304 -
152.203.173.228 - - [21/Dec/2023:07:16:57 -0500] "GET /sipse/faces/javax.faces.resource/primefaces.js?ln=primefaces&v=4.0 HTTP/1.1" 304 -
152.203.173.228 - - [21/Dec/2023:07:16:57 -0500] "GET /sipse/faces/javax.faces.resource/layout/layout.js?ln=primefaces&v=4.0 HTTP/1.1" 304 -
152.203.173.228 - - [21/Dec/2023:07:16:57 -0500] "POST /sipse/faces/presentacion/financiero/solicitudProceso/listarSolicitudProceso.xhtml HTTP/1.1" 200 1556
156.59.198.136 - - [21/Dec/2023:07:16:58 -0500] "GET /BLA/resoluciones/RESOLUCIONES%202008/4794.pdf HTTP/1.0" 200 353671
172.22.2.4 - - [21/Dec/2023:07:15:24 -0500] "HEAD /BLA/boletinlegal/ HTTP/1.1" 200 -
156.59.198.135 - - [21/Dec/2023:07:17:22 -0500] "GET /BLA/resoluciones/AUTOS%202014/5925.pdf HTTP/1.0" 200 208700
201.245.192.253 - - [21/Dec/2023:07:17:26 -0500] "POST /forms/lservlet;jsessionid=ac16012b30d65f92fa67ce9340589b498a1304d31ae2.e3iSbxaKaheRe34Qc38TbN0Nb41ynknvrkLOlQzNp65In0 HTTP/1.1" 200 2
152.203.173.228 - - [21/Dec/2023:07:17:34 -0500] "POST /sipse/faces/presentacion/financiero/solicitudProceso/listarSolicitudProceso.xhtml HTTP/1.1" 200 47013
156.59.198.136 - - [21/Dec/2023:07:17:46 -0500] "GET /BLA/resoluciones/RESOLUCIONES%202018/1613.PDF HTTP/1.0" 200 8849781
172.22.2.4 - - [21/Dec/2023:07:16:14 -0500] "GET /BLA/boletinlegal/ HTTP/1.1" 200 60910
201.245.192.253 - - [21/Dec/2023:07:17:53 -0500] "POST /kwsrmcab/Wsrmcab  HTTP/1.1" 200 40220
156.59.198.136 - - [21/Dec/2023:07:18:10 -0500] "GET /BLA/resoluciones/Notificaciones/AUTOS%202015/0542.doc HTTP/1.0" 200 158208
201.245.192.253 - - [21/Dec/2023:07:18:11 -0500] "POST /forms/lservlet;jsessionid=ac16012b30d648d4d7e95c6a498d8fc6bd063871f06c.e3iSbxaKaheRe34Qc38TbN0Nb41ynknvrkLOlQzNp65In0 HTTP/1.1" 200 2
152.203.173.228 - - [21/Dec/2023:07:18:29 -0500] "POST /sipse/faces/presentacion/financiero/solicitudProceso/listarSolicitudProceso.xhtml HTTP/1.1" 200 40646
156.59.198.135 - - [21/Dec/2023:07:18:35 -0500] "GET /BLA/resoluciones/AUTOS%202023/1676.pdf HTTP/1.0" 200 429166
156.59.198.135 - - [21/Dec/2023:07:18:59 -0500] "GET /BLA/resoluciones/Notificaciones/AUTOS%202014/6307.doc HTTP/1.0" 200 154112
156.59.198.136 - - [21/Dec/2023:07:19:23 -0500] "GET /BLA/resoluciones/RESOLUCIONES%202008/4128.pdf HTTP/1.0" 200 416390
201.245.192.253 - - [21/Dec/2023:07:19:26 -0500] "POST /forms/lservlet;jsessionid=ac16012b30d65f92fa67ce9340589b498a1304d31ae2.e3iSbxaKaheRe34Qc38TbN0Nb41ynknvrkLOlQzNp65In0 HTTP/1.1" 200 2
157.55.39.54 - - [21/Dec/2023:07:19:44 -0500] "GET /galeria/galeria/jquery.fancybox.js?v=2.1.5 HTTP/1.1" 200 48706
156.59.198.135 - - [21/Dec/2023:07:19:47 -0500] "GET /BLA/resoluciones/Notificaciones/AUTOS%202015/0778.doc HTTP/1.0" 200 156160
157.55.39.205 - - [21/Dec/2023:07:19:49 -0500] "GET /galeria/galeria/jquery.fancybox.css?v=2.1.5 HTTP/1.1" 200 4895
216.245.221.92 - - [21/Dec/2023:07:20:10 -0500] "HEAD / HTTP/1.1" 200 -
201.245.192.253 - - [21/Dec/2023:07:20:11 -0500] "POST /forms/lservlet;jsessionid=ac16012b30d648d4d7e95c6a498d8fc6bd063871f06c.e3iSbxaKaheRe34Qc38TbN0Nb41ynknvrkLOlQzNp65In0 HTTP/1.1" 200 2
156.59.198.135 - - [21/Dec/2023:07:20:11 -0500] "GET /BLA/resoluciones/RESOLUCIONES%202008/4968.pdf HTTP/1.0" 200 212498
152.203.173.228 - - [21/Dec/2023:07:20:22 -0500] "POST /sipse/faces/presentacion/financiero/solicitudProceso/listarSolicitudProceso.xhtml HTTP/1.1" 200 40658
152.203.173.228 - - [21/Dec/2023:07:20:24 -0500] "POST /sipse/faces/presentacion/financiero/solicitudProceso/listarSolicitudProceso.xhtml HTTP/1.1" 200 40646
152.203.173.228 - - [21/Dec/2023:07:20:27 -0500] "POST /sipse/faces/presentacion/financiero/solicitudProceso/listarSolicitudProceso.xhtml HTTP/1.1" 200 47017
201.245.192.253 - - [21/Dec/2023:07:20:27 -0500] "POST /kwsrmcab/Wsrmcab HTTP/1.1" 200 40564
201.245.192.253 - - [21/Dec/2023:07:20:32 -0500] "POST /kwsrmcab/Wsrmcab HTTP/1.1" 200 36685
156.59.198.135 - - [21/Dec/2023:07:20:35 -0500] "GET /BLA/resoluciones/Notificaciones/RESOLUCIONES%202017/01707.doc HTTP/1.0" 200 439673
152.203.173.228 - - [21/Dec/2023:07:20:36 -0500] "POST /sipse/faces/presentacion/financiero/solicitudProceso/listarSolicitudProceso.xhtml HTTP/1.1" 200 20641
152.203.173.228 - - [21/Dec/2023:07:20:40 -0500] "POST /sipse/faces/presentacion/financiero/solicitudProceso/listarSolicitudProceso.xhtml HTTP/1.1" 200 47017
216.244.66.195 - - [21/Dec/2023:07:20:54 -0500] "GET /BLA/resoluciones/AUTOS%202009/0665.pdf HTTP/1.1" 200 212656
216.244.66.195 - - [21/Dec/2023:07:20:59 -0500] "GET /BLA/resoluciones/AUTOS%202023/1435.pdf HTTP/1.1" 200 1633568
156.59.198.136 - - [21/Dec/2023:07:21:00 -0500] "GET /BLA/resoluciones/Notificaciones/AUTOS%202015/0078.doc HTTP/1.0" 200 150528
156.59.198.135 - - [21/Dec/2023:07:21:24 -0500] "GET /BLA/resoluciones/AUTOS%202014/3228.pdf HTTP/1.0" 200 471942
201.245.192.253 - - [21/Dec/2023:07:21:26 -0500] "POST /forms/lservlet;jsessionid=ac16012b30d65f92fa67ce9340589b498a1304d31ae2.e3iSbxaKaheRe34Qc38TbN0Nb41ynknvrkLOlQzNp65In0 HTTP/1.1" 200 2
216.244.66.195 - - [21/Dec/2023:07:21:31 -0500] "GET /BLA/resoluciones/AUTOS%202023/2962.pdf HTTP/1.1" 200 449178
156.59.198.135 - - [21/Dec/2023:07:21:48 -0500] "GET /BLA/resoluciones/AUTOS%202014/6795.pdf HTTP/1.0" 200 504984
216.244.66.195 - - [21/Dec/2023:07:22:09 -0500] "GET /BLA/resoluciones/AUTOS%202023/3278.pdf HTTP/1.1" 200 1507319
201.245.192.253 - - [21/Dec/2023:07:22:11 -0500] "POST /forms/lservlet;jsessionid=ac16012b30d648d4d7e95c6a498d8fc6bd063871f06c.e3iSbxaKaheRe34Qc38TbN0Nb41ynknvrkLOlQzNp65In0 HTTP/1.1" 200 2
156.59.198.136 - - [21/Dec/2023:07:22:12 -0500] "GET /BLA/resoluciones/RESOLUCIONES%202008/5241.pdf HTTP/1.0" 200 331583
156.59.198.136 - - [21/Dec/2023:07:22:36 -0500] "GET /BLA/resoluciones/Notificaciones/AUTOS%202014/6598.doc HTTP/1.0" 200 153600
216.244.66.195 - - [21/Dec/2023:07:22:40 -0500] "GET /BLA/resoluciones/AUTOS%202023/3530.pdf HTTP/1.1" 200 1802570
172.22.2.4 - - [21/Dec/2023:07:21:14 -0500] "HEAD /BLA/boletinlegal/ HTTP/1.1" 200 -
201.245.192.253 - - [21/Dec/2023:07:22:52 -0500] "POST /kwsrmcab/Wsrmcab  HTTP/1.1" 200 40220
156.59.198.136 - - [21/Dec/2023:07:23:00 -0500] "GET /BLA/resoluciones/AUTOS%202014/6421.pdf HTTP/1.0" 200 494722
216.244.66.195 - - [21/Dec/2023:07:23:11 -0500] "GET /BLA/resoluciones/AUTOS%202023/3954.pdf HTTP/1.1" 200 433835
156.59.198.135 - - [21/Dec/2023:07:23:25 -0500] "GET /BLA/resoluciones/AUTOS%202014/5164.pdf HTTP/1.0" 200 482391
201.245.192.253 - - [21/Dec/2023:07:23:26 -0500] "POST /forms/lservlet;jsessionid=ac16012b30d65f92fa67ce9340589b498a1304d31ae2.e3iSbxaKaheRe34Qc38TbN0Nb41ynknvrkLOlQzNp65In0 HTTP/1.1" 200 2
216.244.66.195 - - [21/Dec/2023:07:23:39 -0500] "GET /BLA/resoluciones/RESOLUCIONES%202022/4766.pdf HTTP/1.1" 200 370078
172.22.2.4 - - [21/Dec/2023:07:22:05 -0500] "GET /BLA/boletinlegal/ HTTP/1.1" 200 58567
156.59.198.136 - - [21/Dec/2023:07:23:49 -0500] "GET /BLA/resoluciones/AUTOS%202014/3668.pdf HTTP/1.0" 200 218577
216.244.66.195 - - [21/Dec/2023:07:24:07 -0500] "GET /BLA/resoluciones/RESOLUCIONES%202019/1232.pdf HTTP/1.1" 200 411450
201.245.192.253 - - [21/Dec/2023:07:24:11 -0500] "POST /forms/lservlet;jsessionid=ac16012b30d648d4d7e95c6a498d8fc6bd063871f06c.e3iSbxaKaheRe34Qc38TbN0Nb41ynknvrkLOlQzNp65In0 HTTP/1.1" 200 2
156.59.198.136 - - [21/Dec/2023:07:24:13 -0500] "GET /BLA/resoluciones/AUTOS%202014/6760.pdf HTTP/1.0" 200 578078
216.244.66.195 - - [21/Dec/2023:07:24:33 -0500] "GET /BLA/resoluciones/RESOLUCIONES%202019/1664.pdf HTTP/1.1" 200 281997
156.59.198.136 - - [21/Dec/2023:07:24:37 -0500] "GET /BLA/resoluciones/RESOLUCIONES%202008/3558.pdf HTTP/1.0" 200 196432
156.59.198.135 - - [21/Dec/2023:07:25:01 -0500] "GET /BLA/resoluciones/Notificaciones/AUTOS%202015/03948.doc HTTP/1.0" 200 147101
216.245.221.92 - - [21/Dec/2023:07:25:10 -0500] "HEAD / HTTP/1.1" 200 -
156.59.198.135 - - [21/Dec/2023:07:25:25 -0500] "GET /BLA/resoluciones/RESOLUCIONES%202008/4721.pdf HTTP/1.0" 200 599212
201.245.192.253 - - [21/Dec/2023:07:25:26 -0500] "POST /forms/lservlet;jsessionid=ac16012b30d65f92fa67ce9340589b498a1304d31ae2.e3iSbxaKaheRe34Qc38TbN0Nb41ynknvrkLOlQzNp65In0 HTTP/1.1" 200 2
69.63.189.118 - - [21/Dec/2023:07:25:36 -0500] "GET /secretaria-de-ambiente-reconocio-entidades-por-sus-buenas-practicas-ambientales.html HTTP/1.1" 200 892
156.59.198.136 - - [21/Dec/2023:07:25:50 -0500] "GET /BLA/resoluciones/Notificaciones/REGISTROS%202021/01075.pdf HTTP/1.0" 200 419419
201.245.192.253 - - [21/Dec/2023:07:26:11 -0500] "POST /forms/lservlet;jsessionid=ac16012b30d648d4d7e95c6a498d8fc6bd063871f06c.e3iSbxaKaheRe34Qc38TbN0Nb41ynknvrkLOlQzNp65In0 HTTP/1.1" 200 2
156.59.198.136 - - [21/Dec/2023:07:26:13 -0500] "GET /BLA/resoluciones/RESOLUCIONES%202018/3775.pdf HTTP/1.0" 200 381092
201.245.192.253 - - [21/Dec/2023:07:26:31 -0500] "POST /kwsrmcab/Wsrmcab HTTP/1.1" 200 40564
201.245.192.253 - - [21/Dec/2023:07:26:34 -0500] "POST /kwsrmcab/Wsrmcab HTTP/1.1" 200 36685
156.59.198.135 - - [21/Dec/2023:07:26:37 -0500] "GET /BLA/resoluciones/RESOLUCIONES%202010/1194.pdf HTTP/1.0" 200 97447
201.245.192.253 - - [21/Dec/2023:07:26:59 -0500] "GET /sipse/faces/index.xhtml HTTP/1.1" 200 677
201.245.192.253 - - [21/Dec/2023:07:26:59 -0500] "GET /sipse/faces/javax.faces.resource/theme.css?ln=primefaces-sipse HTTP/1.1" 304 -
201.245.192.253 - - [21/Dec/2023:07:26:59 -0500] "GET /sipse/faces/faces/autenticacion.xhtml HTTP/1.1" 200 12174
201.245.192.253 - - [21/Dec/2023:07:26:59 -0500] "GET /sipse/js/disable_browser_buttons.js HTTP/1.1" 304 -
201.245.192.253 - - [21/Dec/2023:07:26:59 -0500] "GET /sipse/js/funciones.js HTTP/1.1" 304 -
201.245.192.253 - - [21/Dec/2023:07:26:59 -0500] "GET /sipse/css/custom_css_sg.css HTTP/1.1" 304 -
201.245.192.253 - - [21/Dec/2023:07:26:59 -0500] "GET /sipse/css/custom_css_sg_prime_login.css HTTP/1.1" 304 -
201.245.192.253 - - [21/Dec/2023:07:26:59 -0500] "GET /sipse/faces/javax.faces.resource/theme.css?ln=primefaces-sipse HTTP/1.1" 304 -
201.245.192.253 - - [21/Dec/2023:07:26:59 -0500] "GET /sipse/faces/javax.faces.resource/primefaces.css?ln=primefaces&v=4.0 HTTP/1.1" 304 -
201.245.192.253 - - [21/Dec/2023:07:26:59 -0500] "GET /sipse/faces/javax.faces.resource/layout/layout.css?ln=primefaces&v=4.0 HTTP/1.1" 304 -
201.245.192.253 - - [21/Dec/2023:07:26:59 -0500] "GET /sipse/faces/javax.faces.resource/jquery/jquery-plugins.js?ln=primefaces&v=4.0 HTTP/1.1" 304 -
201.245.192.253 - - [21/Dec/2023:07:26:59 -0500] "GET /sipse/faces/javax.faces.resource/jquery/jquery.js?ln=primefaces&v=4.0 HTTP/1.1" 304 -
201.245.192.253 - - [21/Dec/2023:07:26:59 -0500] "GET /sipse/faces/javax.faces.resource/primefaces.js?ln=primefaces&v=4.0 HTTP/1.1" 304 -
201.245.192.253 - - [21/Dec/2023:07:26:59 -0500] "GET /sipse/faces/javax.faces.resource/layout/layout.js?ln=primefaces&v=4.0 HTTP/1.1" 304 -
201.245.192.253 - - [21/Dec/2023:07:26:59 -0500] "GET /sipse/css/imagen/logoSDG.png HTTP/1.1" 304 -
201.245.192.253 - - [21/Dec/2023:07:26:59 -0500] "GET /sipse/css/imagen/loginimg.png HTTP/1.1" 304 -
201.245.192.253 - - [21/Dec/2023:07:26:59 -0500] "GET /sipse/faces/javax.faces.resource/images/ui-icons_898989_256x240.png?ln=primefaces-aristo HTTP/1.1" 304 -
156.59.198.136 - - [21/Dec/2023:07:27:02 -0500] "GET /BLA/resoluciones/AUTOS%202023/0631.pdf HTTP/1.0" 200 1015007
201.245.192.253 - - [21/Dec/2023:07:27:09 -0500] "POST /sipse/faces/autenticacion.xhtml HTTP/1.1" 200 11168
201.245.192.253 - - [21/Dec/2023:07:27:09 -0500] "GET /sipse/css/custom_css_sg_prime.css HTTP/1.1" 304 -
201.245.192.253 - - [21/Dec/2023:07:27:09 -0500] "GET /sipse/faces/javax.faces.resource/theme.css?ln=primefaces-sipse HTTP/1.1" 304 -
201.245.192.253 - - [21/Dec/2023:07:27:09 -0500] "GET /sipse/faces/javax.faces.resource/primefaces.css?ln=primefaces&v=4.0 HTTP/1.1" 304 -
201.245.192.253 - - [21/Dec/2023:07:27:09 -0500] "GET /sipse/faces/javax.faces.resource/layout/layout.css?ln=primefaces&v=4.0 HTTP/1.1" 304 -
201.245.192.253 - - [21/Dec/2023:07:27:09 -0500] "GET /sipse/faces/javax.faces.resource/jquery/jquery.js?ln=primefaces&v=4.0 HTTP/1.1" 304 -
201.245.192.253 - - [21/Dec/2023:07:27:09 -0500] "GET /sipse/faces/javax.faces.resource/jquery/jquery-plugins.js?ln=primefaces&v=4.0 HTTP/1.1" 304 -
201.245.192.253 - - [21/Dec/2023:07:27:09 -0500] "GET /sipse/faces/javax.faces.resource/primefaces.js?ln=primefaces&v=4.0 HTTP/1.1" 304 -
201.245.192.253 - - [21/Dec/2023:07:27:09 -0500] "GET /sipse/faces/javax.faces.resource/layout/layout.js?ln=primefaces&v=4.0 HTTP/1.1" 304 -
201.245.192.253 - - [21/Dec/2023:07:27:09 -0500] "GET /sipse/faces/javax.faces.resource/messages/messages.png?ln=primefaces&v=4.0 HTTP/1.1" 304 -
201.245.192.253 - - [21/Dec/2023:07:27:11 -0500] "POST /sipse/faces/presentacion/sistema/seguridad/seleccionRol.xhtml HTTP/1.1" 200 5600
201.245.192.253 - - [21/Dec/2023:07:27:12 -0500] "POST /sipse/faces/presentacion/sistema/seguridad/seleccionRol.xhtml HTTP/1.1" 200 15119
201.245.192.253 - - [21/Dec/2023:07:27:12 -0500] "GET /sipse/faces/javax.faces.resource/theme.css?ln=primefaces-sipse HTTP/1.1" 304 -
201.245.192.253 - - [21/Dec/2023:07:27:12 -0500] "GET /sipse/faces/javax.faces.resource/primefaces.css?ln=primefaces&v=4.0 HTTP/1.1" 304 -
201.245.192.253 - - [21/Dec/2023:07:27:12 -0500] "GET /sipse/faces/javax.faces.resource/layout/layout.css?ln=primefaces&v=4.0 HTTP/1.1" 304 -
201.245.192.253 - - [21/Dec/2023:07:27:12 -0500] "GET /sipse/js/jquery.min.js HTTP/1.1" 304 -
201.245.192.253 - - [21/Dec/2023:07:27:12 -0500] "GET /sipse/faces/javax.faces.resource/jquery/jquery.js?ln=primefaces&v=4.0 HTTP/1.1" 304 -
201.245.192.253 - - [21/Dec/2023:07:27:12 -0500] "GET /sipse/faces/javax.faces.resource/jquery/jquery-plugins.js?ln=primefaces&v=4.0 HTTP/1.1" 304 -
201.245.192.253 - - [21/Dec/2023:07:27:12 -0500] "GET /sipse/faces/javax.faces.resource/primefaces.js?ln=primefaces&v=4.0 HTTP/1.1" 304 -
201.245.192.253 - - [21/Dec/2023:07:27:12 -0500] "GET /sipse/faces/javax.faces.resource/layout/layout.js?ln=primefaces&v=4.0 HTTP/1.1" 304 -
201.245.192.253 - - [21/Dec/2023:07:27:12 -0500] "GET /sipse/css/v_mergente.css HTTP/1.1" 304 -
201.245.192.253 - - [21/Dec/2023:07:27:12 -0500] "GET /sipse/imagenes/cargando.gif HTTP/1.1" 304 -
201.245.192.253 - - [21/Dec/2023:07:27:12 -0500] "GET /sipse/imagenes/logoAplicacion.jpg HTTP/1.1" 304 -
201.245.192.253 - - [21/Dec/2023:07:27:12 -0500] "GET /sipse/css/imagen/contrasena.png HTTP/1.1" 404 383
201.245.192.253 - - [21/Dec/2023:07:27:14 -0500] "GET /sipse/faces/javax.faces.resource/images/ui-bg_flat_0_2d5972_40x100.png?ln=primefaces-aristo HTTP/1.1" 304 -
201.245.192.253 - - [21/Dec/2023:07:27:14 -0500] "POST /sipse/faces/bienvenido.xhtml HTTP/1.1" 200 3246
201.245.192.253 - - [21/Dec/2023:07:27:15 -0500] "POST /sipse/faces/bienvenido.xhtml HTTP/1.1" 200 38407
201.245.192.253 - - [21/Dec/2023:07:27:15 -0500] "GET /sipse/faces/javax.faces.resource/theme.css?ln=primefaces-sipse HTTP/1.1" 304 -
201.245.192.253 - - [21/Dec/2023:07:27:15 -0500] "GET /sipse/faces/javax.faces.resource/primefaces.css?ln=primefaces&v=4.0 HTTP/1.1" 304 -
201.245.192.253 - - [21/Dec/2023:07:27:15 -0500] "GET /sipse/faces/javax.faces.resource/layout/layout.css?ln=primefaces&v=4.0 HTTP/1.1" 304 -
201.245.192.253 - - [21/Dec/2023:07:27:15 -0500] "GET /sipse/faces/javax.faces.resource/jquery/jquery.js?ln=primefaces&v=4.0 HTTP/1.1" 304 -
201.245.192.253 - - [21/Dec/2023:07:27:15 -0500] "GET /sipse/faces/javax.faces.resource/jquery/jquery-plugins.js?ln=primefaces&v=4.0 HTTP/1.1" 304 -
201.245.192.253 - - [21/Dec/2023:07:27:15 -0500] "GET /sipse/faces/javax.faces.resource/primefaces.js?ln=primefaces&v=4.0 HTTP/1.1" 304 -
201.245.192.253 - - [21/Dec/2023:07:27:15 -0500] "GET /sipse/faces/javax.faces.resource/layout/layout.js?ln=primefaces&v=4.0 HTTP/1.1" 304 -
201.245.192.253 - - [21/Dec/2023:07:27:15 -0500] "POST /sipse/faces/presentacion/financiero/solicitudProceso/listarSolicitudProceso.xhtml HTTP/1.1" 200 1420
190.24.36.74 - - [21/Dec/2023:07:27:22 -0500] "GET /sipse/faces/index.xhtml HTTP/1.1" 200 677
190.24.36.74 - - [21/Dec/2023:07:27:22 -0500] "GET /sipse/faces/javax.faces.resource/theme.css?ln=primefaces-sipse HTTP/1.1" 304 -
190.24.36.74 - - [21/Dec/2023:07:27:22 -0500] "GET /sipse/faces/faces/autenticacion.xhtml HTTP/1.1" 200 12174
190.24.36.74 - - [21/Dec/2023:07:27:22 -0500] "GET /sipse/js/funciones.js HTTP/1.1" 304 -
190.24.36.74 - - [21/Dec/2023:07:27:22 -0500] "GET /sipse/js/disable_browser_buttons.js HTTP/1.1" 304 -
190.24.36.74 - - [21/Dec/2023:07:27:22 -0500] "GET /sipse/css/custom_css_sg.css HTTP/1.1" 304 -
190.24.36.74 - - [21/Dec/2023:07:27:22 -0500] "GET /sipse/css/custom_css_sg_prime_login.css HTTP/1.1" 304 -
190.24.36.74 - - [21/Dec/2023:07:27:22 -0500] "GET /sipse/faces/javax.faces.resource/theme.css?ln=primefaces-sipse HTTP/1.1" 304 -
190.24.36.74 - - [21/Dec/2023:07:27:22 -0500] "GET /sipse/faces/javax.faces.resource/primefaces.css?ln=primefaces&v=4.0 HTTP/1.1" 304 -
190.24.36.74 - - [21/Dec/2023:07:27:22 -0500] "GET /sipse/faces/javax.faces.resource/layout/layout.css?ln=primefaces&v=4.0 HTTP/1.1" 304 -
190.24.36.74 - - [21/Dec/2023:07:27:22 -0500] "GET /sipse/faces/javax.faces.resource/jquery/jquery.js?ln=primefaces&v=4.0 HTTP/1.1" 304 -
190.24.36.74 - - [21/Dec/2023:07:27:22 -0500] "GET /sipse/faces/javax.faces.resource/jquery/jquery-plugins.js?ln=primefaces&v=4.0 HTTP/1.1" 304 -
190.24.36.74 - - [21/Dec/2023:07:27:22 -0500] "GET /sipse/faces/javax.faces.resource/primefaces.js?ln=primefaces&v=4.0 HTTP/1.1" 304 -
190.24.36.74 - - [21/Dec/2023:07:27:22 -0500] "GET /sipse/faces/javax.faces.resource/layout/layout.js?ln=primefaces&v=4.0 HTTP/1.1" 304 -
190.24.36.74 - - [21/Dec/2023:07:27:22 -0500] "GET /sipse/css/imagen/logoSDG.png HTTP/1.1" 304 -
190.24.36.74 - - [21/Dec/2023:07:27:22 -0500] "GET /sipse/faces/javax.faces.resource/images/ui-icons_898989_256x240.png?ln=primefaces-aristo HTTP/1.1" 304 -
190.24.36.74 - - [21/Dec/2023:07:27:22 -0500] "GET /sipse/css/imagen/loginimg.png HTTP/1.1" 304 -
186.30.100.72 - - [21/Dec/2023:07:27:23 -0500] "GET /distrito-exalta-48-arboles-patrimoniales-y-15-de-interes-publico-en-bogota.html HTTP/1.1" 200 816
173.252.107.5 - - [21/Dec/2023:07:27:25 -0500] "GET /distrito-exalta-48-arboles-patrimoniales-y-15-de-interes-publico-en-bogota.html HTTP/1.1" 200 816
173.252.107.2 - - [21/Dec/2023:07:27:25 -0500] "GET /distrito-exalta-48-arboles-patrimoniales-y-15-de-interes-publico-en-bogota.html HTTP/1.1" 200 816
190.24.36.74 - - [21/Dec/2023:07:27:25 -0500] "POST /sipse/faces/autenticacion.xhtml HTTP/1.1" 200 2219
190.24.36.74 - - [21/Dec/2023:07:27:25 -0500] "GET /sipse/faces/javax.faces.resource/messages/messages.png?ln=primefaces&v=4.0 HTTP/1.1" 304 -
201.245.192.253 - - [21/Dec/2023:07:27:26 -0500] "POST /forms/lservlet;jsessionid=ac16012b30d65f92fa67ce9340589b498a1304d31ae2.e3iSbxaKaheRe34Qc38TbN0Nb41ynknvrkLOlQzNp65In0 HTTP/1.1" 200 2
156.59.198.135 - - [21/Dec/2023:07:27:26 -0500] "GET /BLA/resoluciones/RESOLUCIONES%202018/2176.pdf HTTP/1.0" 200 355950
190.24.36.74 - - [21/Dec/2023:07:27:26 -0500] "POST /sipse/faces/autenticacion.xhtml HTTP/1.1" 200 16345
190.24.36.74 - - [21/Dec/2023:07:27:26 -0500] "GET /sipse/css/custom_css_sg_prime.css HTTP/1.1" 304 -
190.24.36.74 - - [21/Dec/2023:07:27:26 -0500] "GET /sipse/faces/javax.faces.resource/theme.css?ln=primefaces-sipse HTTP/1.1" 304 -
190.24.36.74 - - [21/Dec/2023:07:27:26 -0500] "GET /sipse/faces/javax.faces.resource/layout/layout.css?ln=primefaces&v=4.0 HTTP/1.1" 304 -
190.24.36.74 - - [21/Dec/2023:07:27:26 -0500] "GET /sipse/faces/javax.faces.resource/primefaces.css?ln=primefaces&v=4.0 HTTP/1.1" 304 -
190.24.36.74 - - [21/Dec/2023:07:27:26 -0500] "GET /sipse/js/jquery.min.js HTTP/1.1" 304 -
190.24.36.74 - - [21/Dec/2023:07:27:26 -0500] "GET /sipse/faces/javax.faces.resource/jquery/jquery.js?ln=primefaces&v=4.0 HTTP/1.1" 304 -
190.24.36.74 - - [21/Dec/2023:07:27:26 -0500] "GET /sipse/faces/javax.faces.resource/jquery/jquery-plugins.js?ln=primefaces&v=4.0 HTTP/1.1" 304 -
190.24.36.74 - - [21/Dec/2023:07:27:26 -0500] "GET /sipse/faces/javax.faces.resource/primefaces.js?ln=primefaces&v=4.0 HTTP/1.1" 304 -
190.24.36.74 - - [21/Dec/2023:07:27:26 -0500] "GET /sipse/faces/javax.faces.resource/layout/layout.js?ln=primefaces&v=4.0 HTTP/1.1" 304 -
190.24.36.74 - - [21/Dec/2023:07:27:26 -0500] "GET /sipse/css/v_mergente.css HTTP/1.1" 304 -
190.24.36.74 - - [21/Dec/2023:07:27:26 -0500] "GET /sipse/css/imagen/contrasena.png HTTP/1.1" 404 383
190.24.36.74 - - [21/Dec/2023:07:27:26 -0500] "GET /sipse/imagenes/cargando.gif HTTP/1.1" 304 -
190.24.36.74 - - [21/Dec/2023:07:27:26 -0500] "GET /sipse/imagenes/logoAplicacion.jpg HTTP/1.1" 304 -
201.245.192.253 - - [21/Dec/2023:07:27:27 -0500] "POST /sipse/faces/presentacion/financiero/solicitudProceso/listarSolicitudProceso.xhtml HTTP/1.1" 200 108930
201.245.192.253 - - [21/Dec/2023:07:27:28 -0500] "GET /sipse/faces/javax.faces.resource/layout/layout.css?ln=primefaces&v=4.0 HTTP/1.1" 304 -
201.245.192.253 - - [21/Dec/2023:07:27:28 -0500] "GET /sipse/faces/javax.faces.resource/theme.css?ln=primefaces-sipse HTTP/1.1" 304 -
201.245.192.253 - - [21/Dec/2023:07:27:28 -0500] "GET /sipse/faces/javax.faces.resource/primefaces.css?ln=primefaces&v=4.0 HTTP/1.1" 304 -
201.245.192.253 - - [21/Dec/2023:07:27:28 -0500] "GET /sipse/faces/javax.faces.resource/jquery/jquery.js?ln=primefaces&v=4.0 HTTP/1.1" 304 -
201.245.192.253 - - [21/Dec/2023:07:27:28 -0500] "GET /sipse/faces/javax.faces.resource/jquery/jquery-plugins.js?ln=primefaces&v=4.0 HTTP/1.1" 304 -
201.245.192.253 - - [21/Dec/2023:07:27:28 -0500] "GET /sipse/faces/javax.faces.resource/primefaces.js?ln=primefaces&v=4.0 HTTP/1.1" 304 -
201.245.192.253 - - [21/Dec/2023:07:27:28 -0500] "GET /sipse/faces/javax.faces.resource/layout/layout.js?ln=primefaces&v=4.0 HTTP/1.1" 304 -
190.24.36.74 - - [21/Dec/2023:07:27:28 -0500] "POST /sipse/faces/bienvenido.xhtml HTTP/1.1" 200 2658
190.24.36.74 - - [21/Dec/2023:07:27:28 -0500] "GET /sipse/faces/javax.faces.resource/images/ui-bg_flat_0_2d5972_40x100.png?ln=primefaces-aristo HTTP/1.1" 304 -
201.245.192.253 - - [21/Dec/2023:07:27:28 -0500] "GET /sipse/faces/javax.faces.resource/dynamiccontent.properties?ln=primefaces&pfdrid=XjOR5%2F%2FfPAZAuY9TpWQeCiM0BhlXxYRBGKi%2FQcXXfeA%3D&pfdrid_c=false HTTP/1.1" 500 383
190.24.36.74 - - [21/Dec/2023:07:27:29 -0500] "POST /sipse/faces/bienvenido.xhtml HTTP/1.1" 200 64027
190.24.36.74 - - [21/Dec/2023:07:27:30 -0500] "GET /sipse/faces/javax.faces.resource/primefaces.css?ln=primefaces&v=4.0 HTTP/1.1" 304 -
190.24.36.74 - - [21/Dec/2023:07:27:30 -0500] "GET /sipse/faces/javax.faces.resource/theme.css?ln=primefaces-sipse HTTP/1.1" 304 -
190.24.36.74 - - [21/Dec/2023:07:27:30 -0500] "GET /sipse/faces/javax.faces.resource/jquery/jquery.js?ln=primefaces&v=4.0 HTTP/1.1" 304 -
190.24.36.74 - - [21/Dec/2023:07:27:30 -0500] "GET /sipse/faces/javax.faces.resource/layout/layout.css?ln=primefaces&v=4.0 HTTP/1.1" 304 -
