201.245.192.253 - - [21/Dec/2023:08:03:40 -0500] "GET /sipse/faces/javax.faces.resource/jquery/jquery-plugins.js?ln=primefaces&v=4.0 HTTP/1.1" 304 -
201.245.192.253 - - [21/Dec/2023:08:03:40 -0500] "GET /sipse/faces/javax.faces.resource/jquery/jquery.js?ln=primefaces&v=4.0 HTTP/1.1" 304 -
201.245.192.253 - - [21/Dec/2023:08:03:40 -0500] "GET /sipse/faces/javax.faces.resource/primefaces.js?ln=primefaces&v=4.0 HTTP/1.1" 304 -
201.245.192.253 - - [21/Dec/2023:08:03:40 -0500] "GET /sipse/faces/javax.faces.resource/layout/layout.js?ln=primefaces&v=4.0 HTTP/1.1" 304 -
201.245.192.253 - - [21/Dec/2023:08:03:40 -0500] "GET /sipse/faces/javax.faces.resource/images/ui-icons_898989_256x240.png?ln=primefaces-aristo HTTP/1.1" 304 -
201.245.192.253 - - [21/Dec/2023:08:03:41 -0500] "POST /sipse/faces/presentacion/financiero/solicitudAnulacion/consultarSolicitudAnulacion.xhtml HTTP/1.1" 200 52654
201.245.192.253 - - [21/Dec/2023:08:03:42 -0500] "GET /sipse/faces/javax.faces.resource/fileupload/fileupload.css?ln=primefaces&v=4.0 HTTP/1.1" 200 1330
201.245.192.253 - - [21/Dec/2023:08:03:42 -0500] "GET /sipse/faces/javax.faces.resource/jquery/jquery.js?ln=primefaces&v=4.0 HTTP/1.1" 304 -
201.245.192.253 - - [21/Dec/2023:08:03:42 -0500] "GET /sipse/faces/javax.faces.resource/jquery/jquery-plugins.js?ln=primefaces&v=4.0 HTTP/1.1" 304 -
201.245.192.253 - - [21/Dec/2023:08:03:42 -0500] "GET /sipse/faces/javax.faces.resource/primefaces.js?ln=primefaces&v=4.0 HTTP/1.1" 304 -
201.245.192.253 - - [21/Dec/2023:08:03:42 -0500] "GET /sipse/faces/javax.faces.resource/layout/layout.js?ln=primefaces&v=4.0 HTTP/1.1" 304 -
201.245.192.253 - - [21/Dec/2023:08:03:42 -0500] "GET /sipse/faces/javax.faces.resource/fileupload/fileupload.js?ln=primefaces&v=4.0 HTTP/1.1" 200 28091
172.22.2.4 - - [21/Dec/2023:08:02:05 -0500] "HEAD /BLA/boletinlegal/ HTTP/1.1" 200 -
201.245.192.253 - - [21/Dec/2023:08:03:46 -0500] "POST /forms/lservlet;jsessionid=ac16012b30d601081061295f4ca0a1fa844a8c90ad0d.e3iSbxaKaheRe34Qc38TbN0Nb41ynknvrkLOlQzNp65In0 HTTP/1.1" 200 62
156.59.198.136 - - [21/Dec/2023:08:03:46 -0500] "GET /BLA/resoluciones/RESOLUCIONES%202018/1881.pdf HTTP/1.0" 200 307851
201.245.192.253 - - [21/Dec/2023:08:03:47 -0500] "POST /sipse/faces/presentacion/financiero/solicitudAnulacion/registrarSolicitudAnulacion.xhtml HTTP/1.1" 200 595221
66.249.66.192 - - [21/Dec/2023:08:03:48 -0500] "GET /bogota-actualiza-su-plan-de-gestion-ambiental-para-un-conseguir-un-futuro-mas-sostenible.html HTTP/1.1" 200 796
201.245.192.253 - - [21/Dec/2023:08:03:49 -0500] "POST /forms/lservlet;jsessionid=ac16012b30d601081061295f4ca0a1fa844a8c90ad0d.e3iSbxaKaheRe34Qc38TbN0Nb41ynknvrkLOlQzNp65In0 HTTP/1.1" 200 123
201.245.192.253 - - [21/Dec/2023:08:03:49 -0500] "POST /forms/lservlet;jsessionid=ac16012b30d601081061295f4ca0a1fa844a8c90ad0d.e3iSbxaKaheRe34Qc38TbN0Nb41ynknvrkLOlQzNp65In0 HTTP/1.1" 200 8
201.245.192.253 - - [21/Dec/2023:08:03:49 -0500] "POST /forms/lservlet;jsessionid=ac16012b30d601081061295f4ca0a1fa844a8c90ad0d.e3iSbxaKaheRe34Qc38TbN0Nb41ynknvrkLOlQzNp65In0 HTTP/1.1" 200 2
201.245.192.253 - - [21/Dec/2023:08:03:51 -0500] "POST /forms/lservlet;jsessionid=ac16012b30d601081061295f4ca0a1fa844a8c90ad0d.e3iSbxaKaheRe34Qc38TbN0Nb41ynknvrkLOlQzNp65In0 HTTP/1.1" 200 155
191.156.235.166 - - [21/Dec/2023:08:03:52 -0500] "GET /sipse/faces/index.xhtml HTTP/1.1" 200 677
191.156.235.166 - - [21/Dec/2023:08:03:52 -0500] "GET /sipse/faces/javax.faces.resource/theme.css?ln=primefaces-sipse HTTP/1.1" 304 -
191.156.235.166 - - [21/Dec/2023:08:03:52 -0500] "GET /sipse/faces/faces/autenticacion.xhtml HTTP/1.1" 200 12174
191.156.235.166 - - [21/Dec/2023:08:03:52 -0500] "GET /sipse/js/disable_browser_buttons.js HTTP/1.1" 304 -
191.156.235.166 - - [21/Dec/2023:08:03:52 -0500] "GET /sipse/js/funciones.js HTTP/1.1" 304 -
191.156.235.166 - - [21/Dec/2023:08:03:52 -0500] "GET /sipse/css/custom_css_sg.css HTTP/1.1" 304 -
191.156.235.166 - - [21/Dec/2023:08:03:52 -0500] "GET /sipse/css/custom_css_sg_prime_login.css HTTP/1.1" 304 -
191.156.235.166 - - [21/Dec/2023:08:03:52 -0500] "GET /sipse/faces/javax.faces.resource/layout/layout.css?ln=primefaces&v=4.0 HTTP/1.1" 304 -
191.156.232.193 - - [21/Dec/2023:08:03:52 -0500] "GET /sipse/faces/javax.faces.resource/primefaces.css?ln=primefaces&v=4.0 HTTP/1.1" 304 -
191.156.235.166 - - [21/Dec/2023:08:03:52 -0500] "GET /sipse/faces/javax.faces.resource/jquery/jquery.js?ln=primefaces&v=4.0 HTTP/1.1" 304 -
191.156.235.166 - - [21/Dec/2023:08:03:52 -0500] "GET /sipse/faces/javax.faces.resource/theme.css?ln=primefaces-sipse HTTP/1.1" 304 -
191.156.235.166 - - [21/Dec/2023:08:03:53 -0500] "GET /sipse/faces/javax.faces.resource/primefaces.js?ln=primefaces&v=4.0 HTTP/1.1" 304 -
191.156.235.166 - - [21/Dec/2023:08:03:53 -0500] "GET /sipse/faces/javax.faces.resource/layout/layout.js?ln=primefaces&v=4.0 HTTP/1.1" 304 -
191.156.235.166 - - [21/Dec/2023:08:03:53 -0500] "GET /sipse/faces/javax.faces.resource/jquery/jquery-plugins.js?ln=primefaces&v=4.0 HTTP/1.1" 304 -
191.156.235.166 - - [21/Dec/2023:08:03:53 -0500] "GET /sipse/css/imagen/logoSDG.png HTTP/1.1" 304 -
191.156.235.166 - - [21/Dec/2023:08:03:53 -0500] "GET /sipse/css/imagen/loginimg.png HTTP/1.1" 304 -
191.156.235.166 - - [21/Dec/2023:08:03:53 -0500] "GET /sipse/faces/javax.faces.resource/images/ui-icons_898989_256x240.png?ln=primefaces-aristo HTTP/1.1" 304 -
201.245.192.253 - - [21/Dec/2023:08:03:54 -0500] "POST /forms/lservlet;jsessionid=ac16012b30d601081061295f4ca0a1fa844a8c90ad0d.e3iSbxaKaheRe34Qc38TbN0Nb41ynknvrkLOlQzNp65In0 HTTP/1.1" 200 151
201.245.192.253 - - [21/Dec/2023:08:03:54 -0500] "POST /forms/lservlet;jsessionid=ac16012b30d601081061295f4ca0a1fa844a8c90ad0d.e3iSbxaKaheRe34Qc38TbN0Nb41ynknvrkLOlQzNp65In0 HTTP/1.1" 200 21
201.245.192.253 - - [21/Dec/2023:08:03:55 -0500] "POST /forms/lservlet;jsessionid=ac16012b30d601081061295f4ca0a1fa844a8c90ad0d.e3iSbxaKaheRe34Qc38TbN0Nb41ynknvrkLOlQzNp65In0 HTTP/1.1" 200 7
201.245.192.253 - - [21/Dec/2023:08:03:55 -0500] "POST /forms/lservlet;jsessionid=ac16012b30d601081061295f4ca0a1fa844a8c90ad0d.e3iSbxaKaheRe34Qc38TbN0Nb41ynknvrkLOlQzNp65In0 HTTP/1.1" 200 493
201.245.192.253 - - [21/Dec/2023:08:03:55 -0500] "POST /forms/lservlet;jsessionid=ac16012b30d601081061295f4ca0a1fa844a8c90ad0d.e3iSbxaKaheRe34Qc38TbN0Nb41ynknvrkLOlQzNp65In0 HTTP/1.1" 200 68
201.245.192.253 - - [21/Dec/2023:08:03:55 -0500] "POST /forms/lservlet;jsessionid=ac16012b30d601081061295f4ca0a1fa844a8c90ad0d.e3iSbxaKaheRe34Qc38TbN0Nb41ynknvrkLOlQzNp65In0 HTTP/1.1" 200 17
201.245.192.253 - - [21/Dec/2023:08:03:55 -0500] "POST /forms/lservlet;jsessionid=ac16012b30d601081061295f4ca0a1fa844a8c90ad0d.e3iSbxaKaheRe34Qc38TbN0Nb41ynknvrkLOlQzNp65In0 HTTP/1.1" 200 2
191.156.235.166 - - [21/Dec/2023:08:03:58 -0500] "POST /sipse/faces/autenticacion.xhtml HTTP/1.1" 200 11155
191.156.235.166 - - [21/Dec/2023:08:03:58 -0500] "GET /sipse/css/custom_css_sg_prime.css HTTP/1.1" 304 -
191.156.235.166 - - [21/Dec/2023:08:03:58 -0500] "GET /sipse/faces/javax.faces.resource/theme.css?ln=primefaces-sipse HTTP/1.1" 304 -
191.156.235.166 - - [21/Dec/2023:08:03:58 -0500] "GET /sipse/faces/javax.faces.resource/layout/layout.css?ln=primefaces&v=4.0 HTTP/1.1" 304 -
191.156.235.166 - - [21/Dec/2023:08:03:58 -0500] "GET /sipse/faces/javax.faces.resource/primefaces.css?ln=primefaces&v=4.0 HTTP/1.1" 304 -
191.156.235.166 - - [21/Dec/2023:08:03:58 -0500] "GET /sipse/faces/javax.faces.resource/jquery/jquery.js?ln=primefaces&v=4.0 HTTP/1.1" 304 -
191.156.235.166 - - [21/Dec/2023:08:03:58 -0500] "GET /sipse/faces/javax.faces.resource/jquery/jquery-plugins.js?ln=primefaces&v=4.0 HTTP/1.1" 304 -
191.156.235.166 - - [21/Dec/2023:08:03:58 -0500] "GET /sipse/faces/javax.faces.resource/primefaces.js?ln=primefaces&v=4.0 HTTP/1.1" 304 -
191.156.235.166 - - [21/Dec/2023:08:03:58 -0500] "GET /sipse/faces/javax.faces.resource/layout/layout.js?ln=primefaces&v=4.0 HTTP/1.1" 304 -
191.156.235.166 - - [21/Dec/2023:08:03:58 -0500] "GET /sipse/faces/javax.faces.resource/messages/messages.png?ln=primefaces&v=4.0 HTTP/1.1" 304 -
201.245.192.253 - - [21/Dec/2023:08:03:59 -0500] "POST /forms/lservlet;jsessionid=ac16012b30d601081061295f4ca0a1fa844a8c90ad0d.e3iSbxaKaheRe34Qc38TbN0Nb41ynknvrkLOlQzNp65In0 HTTP/1.1" 200 109
201.245.192.253 - - [21/Dec/2023:08:03:59 -0500] "POST /forms/lservlet;jsessionid=ac16012b30d601081061295f4ca0a1fa844a8c90ad0d.e3iSbxaKaheRe34Qc38TbN0Nb41ynknvrkLOlQzNp65In0 HTTP/1.1" 200 51
201.245.192.253 - - [21/Dec/2023:08:04:00 -0500] "POST /forms/lservlet;jsessionid=ac16012b30d601081061295f4ca0a1fa844a8c90ad0d.e3iSbxaKaheRe34Qc38TbN0Nb41ynknvrkLOlQzNp65In0 HTTP/1.1" 200 2
201.245.192.253 - - [21/Dec/2023:08:04:00 -0500] "POST /forms/lservlet;jsessionid=ac16012b30d601081061295f4ca0a1fa844a8c90ad0d.e3iSbxaKaheRe34Qc38TbN0Nb41ynknvrkLOlQzNp65In0 HTTP/1.1" 200 73
201.245.192.253 - - [21/Dec/2023:08:04:01 -0500] "POST /forms/lservlet;jsessionid=ac16012b30d601081061295f4ca0a1fa844a8c90ad0d.e3iSbxaKaheRe34Qc38TbN0Nb41ynknvrkLOlQzNp65In0 HTTP/1.1" 200 82
191.156.235.166 - - [21/Dec/2023:08:04:03 -0500] "POST /sipse/faces/presentacion/sistema/seguridad/seleccionRol.xhtml HTTP/1.1" 200 5862
201.245.192.253 - - [21/Dec/2023:08:04:04 -0500] "POST /forms/lservlet;jsessionid=ac16012b30d601081061295f4ca0a1fa844a8c90ad0d.e3iSbxaKaheRe34Qc38TbN0Nb41ynknvrkLOlQzNp65In0 HTTP/1.1" 200 121
191.156.235.166 - - [21/Dec/2023:08:04:04 -0500] "GET /sipse/faces/javax.faces.resource/images/ui-bg_flat_0_2d5972_40x100.png?ln=primefaces-aristo HTTP/1.1" 304 -
191.156.235.166 - - [21/Dec/2023:08:04:06 -0500] "POST /sipse/faces/presentacion/sistema/seguridad/seleccionRol.xhtml HTTP/1.1" 200 16340
191.156.235.166 - - [21/Dec/2023:08:04:06 -0500] "GET /sipse/faces/javax.faces.resource/theme.css?ln=primefaces-sipse HTTP/1.1" 304 -
191.156.235.166 - - [21/Dec/2023:08:04:06 -0500] "GET /sipse/js/jquery.min.js HTTP/1.1" 304 -
191.156.235.166 - - [21/Dec/2023:08:04:06 -0500] "GET /sipse/faces/javax.faces.resource/primefaces.css?ln=primefaces&v=4.0 HTTP/1.1" 304 -
191.156.235.166 - - [21/Dec/2023:08:04:06 -0500] "GET /sipse/faces/javax.faces.resource/layout/layout.css?ln=primefaces&v=4.0 HTTP/1.1" 304 -
191.156.235.166 - - [21/Dec/2023:08:04:06 -0500] "GET /sipse/faces/javax.faces.resource/jquery/jquery.js?ln=primefaces&v=4.0 HTTP/1.1" 304 -
191.156.235.166 - - [21/Dec/2023:08:04:06 -0500] "GET /sipse/faces/javax.faces.resource/jquery/jquery-plugins.js?ln=primefaces&v=4.0 HTTP/1.1" 304 -
191.156.235.166 - - [21/Dec/2023:08:04:07 -0500] "GET /sipse/faces/javax.faces.resource/primefaces.js?ln=primefaces&v=4.0 HTTP/1.1" 304 -
191.156.235.166 - - [21/Dec/2023:08:04:07 -0500] "GET /sipse/faces/javax.faces.resource/layout/layout.js?ln=primefaces&v=4.0 HTTP/1.1" 304 -
201.245.192.253 - - [21/Dec/2023:08:04:07 -0500] "POST /forms/lservlet;jsessionid=ac16012b30d601081061295f4ca0a1fa844a8c90ad0d.e3iSbxaKaheRe34Qc38TbN0Nb41ynknvrkLOlQzNp65In0 HTTP/1.1" 200 121
201.245.192.253 - - [21/Dec/2023:08:04:07 -0500] "POST /forms/lservlet;jsessionid=ac16012b30d601081061295f4ca0a1fa844a8c90ad0d.e3iSbxaKaheRe34Qc38TbN0Nb41ynknvrkLOlQzNp65In0 HTTP/1.1" 200 2
191.156.235.166 - - [21/Dec/2023:08:04:07 -0500] "GET /sipse/css/v_mergente.css HTTP/1.1" 304 -
191.156.235.166 - - [21/Dec/2023:08:04:07 -0500] "GET /sipse/imagenes/logoAplicacion.jpg HTTP/1.1" 304 -
191.156.235.166 - - [21/Dec/2023:08:04:07 -0500] "GET /sipse/css/imagen/contrasena.png HTTP/1.1" 404 383
191.156.235.166 - - [21/Dec/2023:08:04:07 -0500] "GET /sipse/imagenes/cargando.gif HTTP/1.1" 304 -
191.156.235.166 - - [21/Dec/2023:08:04:09 -0500] "POST /sipse/faces/bienvenido.xhtml HTTP/1.1" 200 2658
156.59.198.136 - - [21/Dec/2023:08:04:11 -0500] "GET /BLA/resoluciones/Notificaciones/AUTOS%202015/05806.doc HTTP/1.0" 200 105467
191.156.235.166 - - [21/Dec/2023:08:04:10 -0500] "POST /sipse/faces/bienvenido.xhtml HTTP/1.1" 200 54218
191.156.235.166 - - [21/Dec/2023:08:04:11 -0500] "GET /sipse/faces/javax.faces.resource/theme.css?ln=primefaces-sipse HTTP/1.1" 304 -
191.156.235.166 - - [21/Dec/2023:08:04:11 -0500] "GET /sipse/faces/javax.faces.resource/layout/layout.css?ln=primefaces&v=4.0 HTTP/1.1" 304 -
191.156.235.166 - - [21/Dec/2023:08:04:11 -0500] "GET /sipse/faces/javax.faces.resource/primefaces.css?ln=primefaces&v=4.0 HTTP/1.1" 304 -
191.156.235.166 - - [21/Dec/2023:08:04:11 -0500] "GET /sipse/faces/javax.faces.resource/jquery/jquery.js?ln=primefaces&v=4.0 HTTP/1.1" 304 -
191.156.235.166 - - [21/Dec/2023:08:04:12 -0500] "GET /sipse/faces/javax.faces.resource/jquery/jquery-plugins.js?ln=primefaces&v=4.0 HTTP/1.1" 304 -
191.156.235.166 - - [21/Dec/2023:08:04:12 -0500] "GET /sipse/faces/javax.faces.resource/primefaces.js?ln=primefaces&v=4.0 HTTP/1.1" 304 -
191.156.235.166 - - [21/Dec/2023:08:04:12 -0500] "GET /sipse/faces/javax.faces.resource/layout/layout.js?ln=primefaces&v=4.0 HTTP/1.1" 304 -
191.156.235.166 - - [21/Dec/2023:08:04:12 -0500] "POST /sipse/faces/presentacion/financiero/solicitudProceso/listarSolicitudProceso.xhtml HTTP/1.1" 200 1528
201.245.192.253 - - [21/Dec/2023:08:04:14 -0500] "POST /forms/lservlet;jsessionid=ac16012b30d601081061295f4ca0a1fa844a8c90ad0d.e3iSbxaKaheRe34Qc38TbN0Nb41ynknvrkLOlQzNp65In0 HTTP/1.1" 200 120
201.245.192.253 - - [21/Dec/2023:08:04:20 -0500] "GET /sipse/faces/javax.faces.resource/theme.css?ln=primefaces-sipse HTTP/1.1" 304 -
201.245.192.253 - - [21/Dec/2023:08:04:20 -0500] "GET /sipse/faces/javax.faces.resource/primefaces.css?ln=primefaces&v=4.0 HTTP/1.1" 304 -
201.245.192.253 - - [21/Dec/2023:08:04:20 -0500] "GET /sipse/faces/javax.faces.resource/layout/layout.css?ln=primefaces&v=4.0 HTTP/1.1" 304 -
201.245.192.253 - - [21/Dec/2023:08:04:20 -0500] "GET /sipse/faces/javax.faces.resource/jquery/jquery.js?ln=primefaces&v=4.0 HTTP/1.1" 304 -
201.245.192.253 - - [21/Dec/2023:08:04:20 -0500] "GET /sipse/faces/javax.faces.resource/layout/layout.js?ln=primefaces&v=4.0 HTTP/1.1" 304 -
201.245.192.253 - - [21/Dec/2023:08:04:20 -0500] "GET /sipse/faces/javax.faces.resource/jquery/jquery-plugins.js?ln=primefaces&v=4.0 HTTP/1.1" 304 -
201.245.192.253 - - [21/Dec/2023:08:04:20 -0500] "GET /sipse/faces/javax.faces.resource/primefaces.js?ln=primefaces&v=4.0 HTTP/1.1" 304 -
201.245.192.253 - - [21/Dec/2023:08:04:19 -0500] "POST /sipse/faces/presentacion/financiero/solicitudProceso/consultarHistorialSolProceso.xhtml HTTP/1.1" 200 156787
201.245.192.253 - - [21/Dec/2023:08:04:20 -0500] "GET /sipse/faces/javax.faces.resource/images/ui-icons_898989_256x240.png?ln=primefaces-aristo HTTP/1.1" 304 -
201.245.192.253 - - [21/Dec/2023:08:04:20 -0500] "GET /sipse/faces/javax.faces.resource/dynamiccontent.properties?ln=primefaces&pfdrid=XjOR5%2F%2FfPAZAuY9TpWQeCiM0BhlXxYRBGKi%2FQcXXfeA%3D&pfdrid_c=false HTTP/1.1" 500 383
207.46.13.130 - - [21/Dec/2023:08:04:21 -0500] "GET /BLA/resoluciones/AUTOS%202023/3858.pdf HTTP/1.1" 200 3240511
201.245.192.253 - - [21/Dec/2023:08:04:21 -0500] "POST /forms/lservlet;jsessionid=ac16012b30d601081061295f4ca0a1fa844a8c90ad0d.e3iSbxaKaheRe34Qc38TbN0Nb41ynknvrkLOlQzNp65In0 HTTP/1.1" 200 126
201.245.192.253 - - [21/Dec/2023:08:04:21 -0500] "POST /forms/lservlet;jsessionid=ac16012b30d601081061295f4ca0a1fa844a8c90ad0d.e3iSbxaKaheRe34Qc38TbN0Nb41ynknvrkLOlQzNp65In0 HTTP/1.1" 200 2
201.245.192.253 - - [21/Dec/2023:08:04:23 -0500] "POST /sipse/faces/presentacion/financiero/solicitudProceso/consultarSolicitudProceso.xhtml HTTP/1.1" 200 26486
201.245.192.253 - - [21/Dec/2023:08:04:23 -0500] "GET /sipse/faces/javax.faces.resource/jquery/jquery.js?ln=primefaces&v=4.0 HTTP/1.1" 304 -
201.245.192.253 - - [21/Dec/2023:08:04:23 -0500] "GET /sipse/faces/javax.faces.resource/primefaces.css?ln=primefaces&v=4.0 HTTP/1.1" 304 -
201.245.192.253 - - [21/Dec/2023:08:04:23 -0500] "GET /sipse/faces/javax.faces.resource/theme.css?ln=primefaces-sipse HTTP/1.1" 304 -
201.245.192.253 - - [21/Dec/2023:08:04:23 -0500] "GET /sipse/faces/javax.faces.resource/layout/layout.css?ln=primefaces&v=4.0 HTTP/1.1" 304 -
201.245.192.253 - - [21/Dec/2023:08:04:23 -0500] "GET /sipse/faces/javax.faces.resource/jquery/jquery-plugins.js?ln=primefaces&v=4.0 HTTP/1.1" 304 -
201.245.192.253 - - [21/Dec/2023:08:04:23 -0500] "GET /sipse/faces/javax.faces.resource/primefaces.js?ln=primefaces&v=4.0 HTTP/1.1" 304 -
201.245.192.253 - - [21/Dec/2023:08:04:23 -0500] "GET /sipse/faces/javax.faces.resource/layout/layout.js?ln=primefaces&v=4.0 HTTP/1.1" 304 -
201.245.192.253 - - [21/Dec/2023:08:04:23 -0500] "GET /sipse/faces/javax.faces.resource/images/ui-icons_898989_256x240.png?ln=primefaces-aristo HTTP/1.1" 304 -
191.156.235.166 - - [21/Dec/2023:08:04:23 -0500] "POST /sipse/faces/presentacion/financiero/solicitudProceso/listarSolicitudProceso.xhtml HTTP/1.1" 200 119104
191.156.235.166 - - [21/Dec/2023:08:04:24 -0500] "GET /sipse/faces/javax.faces.resource/layout/layout.css?ln=primefaces&v=4.0 HTTP/1.1" 304 -
191.156.235.166 - - [21/Dec/2023:08:04:24 -0500] "GET /sipse/faces/javax.faces.resource/primefaces.css?ln=primefaces&v=4.0 HTTP/1.1" 304 -
191.156.235.166 - - [21/Dec/2023:08:04:24 -0500] "GET /sipse/faces/javax.faces.resource/theme.css?ln=primefaces-sipse HTTP/1.1" 304 -
191.156.235.166 - - [21/Dec/2023:08:04:24 -0500] "GET /sipse/faces/javax.faces.resource/jquery/jquery.js?ln=primefaces&v=4.0 HTTP/1.1" 304 -
191.156.235.166 - - [21/Dec/2023:08:04:24 -0500] "GET /sipse/faces/javax.faces.resource/jquery/jquery-plugins.js?ln=primefaces&v=4.0 HTTP/1.1" 304 -
191.156.235.166 - - [21/Dec/2023:08:04:24 -0500] "GET /sipse/faces/javax.faces.resource/primefaces.js?ln=primefaces&v=4.0 HTTP/1.1" 304 -
191.156.235.166 - - [21/Dec/2023:08:04:25 -0500] "GET /sipse/faces/javax.faces.resource/layout/layout.js?ln=primefaces&v=4.0 HTTP/1.1" 304 -
191.156.235.166 - - [21/Dec/2023:08:04:25 -0500] "GET /sipse/faces/javax.faces.resource/dynamiccontent.properties?ln=primefaces&pfdrid=XjOR5%2F%2FfPAZAuY9TpWQeCiM0BhlXxYRBGKi%2FQcXXfeA%3D&pfdrid_c=false HTTP/1.1" 500 383
201.245.192.253 - - [21/Dec/2023:08:04:25 -0500] "POST /sipse/faces/presentacion/financiero/solicitudProceso/registrarAnotacion.xhtml HTTP/1.1" 200 156787
201.245.192.253 - - [21/Dec/2023:08:04:26 -0500] "GET /sipse/faces/javax.faces.resource/theme.css?ln=primefaces-sipse HTTP/1.1" 304 -
201.245.192.253 - - [21/Dec/2023:08:04:26 -0500] "GET /sipse/faces/javax.faces.resource/layout/layout.css?ln=primefaces&v=4.0 HTTP/1.1" 304 -
201.245.192.253 - - [21/Dec/2023:08:04:26 -0500] "GET /sipse/faces/javax.faces.resource/primefaces.js?ln=primefaces&v=4.0 HTTP/1.1" 304 -
201.245.192.253 - - [21/Dec/2023:08:04:26 -0500] "GET /sipse/faces/javax.faces.resource/jquery/jquery.js?ln=primefaces&v=4.0 HTTP/1.1" 304 -
201.245.192.253 - - [21/Dec/2023:08:04:26 -0500] "GET /sipse/faces/javax.faces.resource/jquery/jquery-plugins.js?ln=primefaces&v=4.0 HTTP/1.1" 304 -
201.245.192.253 - - [21/Dec/2023:08:04:26 -0500] "GET /sipse/faces/javax.faces.resource/primefaces.css?ln=primefaces&v=4.0 HTTP/1.1" 304 -
201.245.192.253 - - [21/Dec/2023:08:04:26 -0500] "GET /sipse/faces/javax.faces.resource/layout/layout.js?ln=primefaces&v=4.0 HTTP/1.1" 304 -
201.245.192.253 - - [21/Dec/2023:08:04:26 -0500] "GET /sipse/faces/javax.faces.resource/images/ui-icons_898989_256x240.png?ln=primefaces-aristo HTTP/1.1" 304 -
201.245.192.253 - - [21/Dec/2023:08:04:26 -0500] "GET /sipse/faces/javax.faces.resource/dynamiccontent.properties?ln=primefaces&pfdrid=XjOR5%2F%2FfPAZAuY9TpWQeCiM0BhlXxYRBGKi%2FQcXXfeA%3D&pfdrid_c=false HTTP/1.1" 500 383
201.245.192.253 - - [21/Dec/2023:08:04:28 -0500] "GET /sipse/faces/javax.faces.resource/images/ui-bg_flat_0_2d5972_40x100.png?ln=primefaces-aristo HTTP/1.1" 304 -
201.245.192.253 - - [21/Dec/2023:08:04:29 -0500] "POST /forms/lservlet;jsessionid=ac16012b30d601081061295f4ca0a1fa844a8c90ad0d.e3iSbxaKaheRe34Qc38TbN0Nb41ynknvrkLOlQzNp65In0 HTTP/1.1" 200 155
201.245.192.253 - - [21/Dec/2023:08:04:28 -0500] "POST /sipse/faces/presentacion/financiero/solicitudProceso/consultarSolicitudProceso.xhtml HTTP/1.1" 200 35340
201.245.192.253 - - [21/Dec/2023:08:04:30 -0500] "GET /sipse/faces/javax.faces.resource/jquery/jquery.js?ln=primefaces&v=4.0 HTTP/1.1" 304 -
201.245.192.253 - - [21/Dec/2023:08:04:30 -0500] "GET /sipse/faces/javax.faces.resource/jquery/jquery-plugins.js?ln=primefaces&v=4.0 HTTP/1.1" 304 -
201.245.192.253 - - [21/Dec/2023:08:04:30 -0500] "GET /sipse/faces/javax.faces.resource/primefaces.js?ln=primefaces&v=4.0 HTTP/1.1" 304 -
201.245.192.253 - - [21/Dec/2023:08:04:30 -0500] "GET /sipse/faces/javax.faces.resource/layout/layout.js?ln=primefaces&v=4.0 HTTP/1.1" 304 -
201.245.192.253 - - [21/Dec/2023:08:04:31 -0500] "GET /sipse/faces/javax.faces.resource/messages/messages.png?ln=primefaces&v=4.0 HTTP/1.1" 304 -
201.245.192.253 - - [21/Dec/2023:08:04:31 -0500] "POST /sipse/faces/presentacion/financiero/solicitudProceso/listarSolicitudProceso.xhtml HTTP/1.1" 200 1376
156.59.198.136 - - [21/Dec/2023:08:04:35 -0500] "GET /BLA/resoluciones/AUTOS%202023/3095.pdf HTTP/1.0" 200 1231650
201.245.192.253 - - [21/Dec/2023:08:04:35 -0500] "POST /sipse/faces/presentacion/financiero/solicitudAnulacion/registrarSolicitudAnulacion.xhtml HTTP/1.1" 200 193
201.245.192.253 - - [21/Dec/2023:08:04:35 -0500] "POST /sipse/faces/presentacion/financiero/solicitudAnulacion/registrarSolicitudAnulacion.xhtml HTTP/1.1" 200 193
201.245.192.253 - - [21/Dec/2023:08:04:35 -0500] "GET /sipse/faces/presentacion/financiero/solicitudAnulacion/consultarSolicitudAnulacion.xhtml HTTP/1.1" 200 15776
201.245.192.253 - - [21/Dec/2023:08:04:35 -0500] "GET /sipse/faces/presentacion/financiero/solicitudAnulacion/consultarSolicitudAnulacion.xhtml HTTP/1.1" 200 42179
201.245.192.253 - - [21/Dec/2023:08:04:35 -0500] "GET /sipse/faces/javax.faces.resource/theme.css?ln=primefaces-sipse HTTP/1.1" 304 -
201.245.192.253 - - [21/Dec/2023:08:04:35 -0500] "GET /sipse/faces/javax.faces.resource/jquery/jquery.js?ln=primefaces&v=4.0 HTTP/1.1" 304 -
172.22.2.4 - - [21/Dec/2023:08:02:55 -0500] "GET /BLA/boletinlegal/ HTTP/1.1" 200 60910
201.245.192.253 - - [21/Dec/2023:08:04:35 -0500] "GET /sipse/faces/javax.faces.resource/primefaces.js?ln=primefaces&v=4.0 HTTP/1.1" 304 -
201.245.192.253 - - [21/Dec/2023:08:04:35 -0500] "GET /sipse/faces/javax.faces.resource/jquery/jquery-plugins.js?ln=primefaces&v=4.0 HTTP/1.1" 304 -
201.245.192.253 - - [21/Dec/2023:08:04:35 -0500] "GET /sipse/faces/javax.faces.resource/layout/layout.css?ln=primefaces&v=4.0 HTTP/1.1" 304 -
201.245.192.253 - - [21/Dec/2023:08:04:35 -0500] "GET /sipse/faces/javax.faces.resource/layout/layout.js?ln=primefaces&v=4.0 HTTP/1.1" 304 -
201.245.192.253 - - [21/Dec/2023:08:04:35 -0500] "GET /sipse/faces/javax.faces.resource/primefaces.css?ln=primefaces&v=4.0 HTTP/1.1" 304 -
201.245.192.253 - - [21/Dec/2023:08:04:35 -0500] "GET /sipse/faces/javax.faces.resource/images/ui-icons_898989_256x240.png?ln=primefaces-aristo HTTP/1.1" 304 -
201.245.192.253 - - [21/Dec/2023:08:04:35 -0500] "GET /sipse/faces/javax.faces.resource/images/ui-bg_flat_0_2d5972_40x100.png?ln=primefaces-aristo HTTP/1.1" 200 183
201.245.192.253 - - [21/Dec/2023:08:04:35 -0500] "POST /sipse/faces/presentacion/financiero/solicitudAnulacion/consultarSolicitudAnulacion.xhtml HTTP/1.1" 200 10632
191.156.232.193 - - [21/Dec/2023:08:04:51 -0500] "POST /sipse/faces/presentacion/financiero/solicitudProceso/consultarSolicitudProceso.xhtml HTTP/1.1" 200 5545
191.156.232.193 - - [21/Dec/2023:08:04:51 -0500] "GET /sipse/faces/javax.faces.resource/dynamiccontent.properties?ln=primefaces&pfdrid=XjOR5%2F%2FfPAZAuY9TpWQeCiM0BhlXxYRBGKi%2FQcXXfeA%3D&pfdrid_c=false HTTP/1.1" 200 117496
156.59.198.136 - - [21/Dec/2023:08:05:00 -0500] "GET /BLA/resoluciones/AUTOS%202014/5921.pdf HTTP/1.0" 200 153253
191.156.232.193 - - [21/Dec/2023:08:05:09 -0500] "GET /sipse/faces/javax.faces.resource/dynamiccontent.properties?ln=primefaces&pfdrid=XjOR5%2F%2FfPAZAuY9TpWQeCiM0BhlXxYRBGKi%2FQcXXfeA%3D&pfdrid_c=false HTTP/1.1" 500 383
216.245.221.92 - - [21/Dec/2023:08:05:09 -0500] "HEAD / HTTP/1.1" 200 -
201.245.192.253 - - [21/Dec/2023:08:04:37 -0500] "POST /sipse/faces/presentacion/financiero/solicitudAnulacion/consultarSolicitudAnulacion.xhtml HTTP/1.1" 200 64652
156.59.198.135 - - [21/Dec/2023:08:05:23 -0500] "GET /BLA/resoluciones/Notificaciones/AUTOS%202014/3282.doc HTTP/1.0" 200 100352
201.245.192.253 - - [21/Dec/2023:08:05:26 -0500] "POST /forms/lservlet;jsessionid=ac16012b30d65f92fa67ce9340589b498a1304d31ae2.e3iSbxaKaheRe34Qc38TbN0Nb41ynknvrkLOlQzNp65In0 HTTP/1.1" 200 2
201.245.192.253 - - [21/Dec/2023:08:05:27 -0500] "POST /forms/lservlet;jsessionid=ac16012b30d601081061295f4ca0a1fa844a8c90ad0d.e3iSbxaKaheRe34Qc38TbN0Nb41ynknvrkLOlQzNp65In0 HTTP/1.1" 200 7
156.59.198.136 - - [21/Dec/2023:08:05:48 -0500] "GET /BLA/resoluciones/RESOLUCIONES%202018/2390.pdf HTTP/1.0" 200 907861
191.156.235.166 - - [21/Dec/2023:08:06:03 -0500] "GET /sipse/faces/javax.faces.resource/dynamiccontent.properties?ln=primefaces&pfdrid=XjOR5%2F%2FfPAZAuY9TpWQeCiM0BhlXxYRBGKi%2FQcXXfeA%3D&pfdrid_c=false HTTP/1.1" 500 383
156.59.198.136 - - [21/Dec/2023:08:06:11 -0500] "GET /BLA/resoluciones/AUTOS%202014/5825.pdf HTTP/1.0" 200 423884
173.252.95.117 - - [21/Dec/2023:08:06:15 -0500] "GET /images/calidad-aire.jpg HTTP/1.1" 200 42421
186.102.101.205 - - [21/Dec/2023:08:06:32 -0500] "GET /appsia/controlador HTTP/1.1" 200 4799
186.102.101.205 - - [21/Dec/2023:08:06:32 -0500] "GET /appsia/scripts/validarIngreso.js HTTP/1.1" 200 851
186.102.101.205 - - [21/Dec/2023:08:06:32 -0500] "GET /appsia/css/estilos.css HTTP/1.1" 200 4804
186.102.101.205 - - [21/Dec/2023:08:06:32 -0500] "GET /appsia/controlador HTTP/1.1" 200 4799
186.102.101.205 - - [21/Dec/2023:08:06:32 -0500] "GET /appsia/images/cabezoteHojaVida.png HTTP/1.1" 200 32493
186.102.101.205 - - [21/Dec/2023:08:06:32 -0500] "GET /appsia/images/logo_bogota_p.png HTTP/1.1" 200 14951
186.102.101.205 - - [21/Dec/2023:08:06:32 -0500] "GET /apple-touch-icon-120x120-precomposed.png HTTP/1.1" 404 1120
186.102.101.205 - - [21/Dec/2023:08:06:32 -0500] "GET /apple-touch-icon-120x120.png HTTP/1.1" 404 1120
186.102.101.205 - - [21/Dec/2023:08:06:32 -0500] "GET /apple-touch-icon-precomposed.png HTTP/1.1" 404 1120
186.102.101.205 - - [21/Dec/2023:08:06:32 -0500] "GET /apple-touch-icon.png HTTP/1.1" 404 1120
186.102.101.205 - - [21/Dec/2023:08:06:32 -0500] "GET /favicon.ico HTTP/1.1" 200 7782
186.102.101.205 - - [21/Dec/2023:08:06:33 -0500] "GET /favicon.ico HTTP/1.1" 200 7782
201.245.192.253 - - [21/Dec/2023:08:06:33 -0500] "POST /forms/lservlet;jsessionid=ac16012b30d601081061295f4ca0a1fa844a8c90ad0d.e3iSbxaKaheRe34Qc38TbN0Nb41ynknvrkLOlQzNp65In0 HTTP/1.1" 200 390
156.59.198.136 - - [21/Dec/2023:08:06:35 -0500] "GET /BLA/resoluciones/Notificaciones/AUTOS%202017/04115.pdf HTTP/1.0" 200 275170
201.245.192.253 - - [21/Dec/2023:08:06:35 -0500] "POST /forms/lservlet;jsessionid=ac16012b30d601081061295f4ca0a1fa844a8c90ad0d.e3iSbxaKaheRe34Qc38TbN0Nb41ynknvrkLOlQzNp65In0 HTTP/1.1" 200 18
201.245.192.253 - - [21/Dec/2023:08:06:35 -0500] "POST /forms/lservlet;jsessionid=ac16012b30d601081061295f4ca0a1fa844a8c90ad0d.e3iSbxaKaheRe34Qc38TbN0Nb41ynknvrkLOlQzNp65In0 HTTP/1.1" 200 7
201.245.192.253 - - [21/Dec/2023:08:06:36 -0500] "POST /forms/lservlet;jsessionid=ac16012b30d601081061295f4ca0a1fa844a8c90ad0d.e3iSbxaKaheRe34Qc38TbN0Nb41ynknvrkLOlQzNp65In0 HTTP/1.1" 200 36
201.245.192.253 - - [21/Dec/2023:08:06:36 -0500] "POST /forms/lservlet;jsessionid=ac16012b30d601081061295f4ca0a1fa844a8c90ad0d.e3iSbxaKaheRe34Qc38TbN0Nb41ynknvrkLOlQzNp65In0 HTTP/1.1" 200 8
201.245.192.253 - - [21/Dec/2023:08:06:36 -0500] "POST /forms/lservlet;jsessionid=ac16012b30d601081061295f4ca0a1fa844a8c90ad0d.e3iSbxaKaheRe34Qc38TbN0Nb41ynknvrkLOlQzNp65In0 HTTP/1.1" 200 2
201.245.192.253 - - [21/Dec/2023:08:06:38 -0500] "POST /forms/lservlet;jsessionid=ac16012b30d601081061295f4ca0a1fa844a8c90ad0d.e3iSbxaKaheRe34Qc38TbN0Nb41ynknvrkLOlQzNp65In0 HTTP/1.1" 200 594
201.245.192.253 - - [21/Dec/2023:08:06:40 -0500] "POST /forms/lservlet;jsessionid=ac16012b30d601081061295f4ca0a1fa844a8c90ad0d.e3iSbxaKaheRe34Qc38TbN0Nb41ynknvrkLOlQzNp65In0 HTTP/1.1" 200 467
201.245.192.253 - - [21/Dec/2023:08:06:41 -0500] "POST /forms/lservlet;jsessionid=ac16012b30d601081061295f4ca0a1fa844a8c90ad0d.e3iSbxaKaheRe34Qc38TbN0Nb41ynknvrkLOlQzNp65In0 HTTP/1.1" 200 703
201.245.192.253 - - [21/Dec/2023:08:06:41 -0500] "POST /forms/lservlet;jsessionid=ac16012b30d601081061295f4ca0a1fa844a8c90ad0d.e3iSbxaKaheRe34Qc38TbN0Nb41ynknvrkLOlQzNp65In0 HTTP/1.1" 200 445
201.245.192.253 - - [21/Dec/2023:08:06:44 -0500] "POST /forms/lservlet;jsessionid=ac16012b30d601081061295f4ca0a1fa844a8c90ad0d.e3iSbxaKaheRe34Qc38TbN0Nb41ynknvrkLOlQzNp65In0 HTTP/1.1" 200 109
201.245.192.253 - - [21/Dec/2023:08:06:44 -0500] "POST /forms/lservlet;jsessionid=ac16012b30d601081061295f4ca0a1fa844a8c90ad0d.e3iSbxaKaheRe34Qc38TbN0Nb41ynknvrkLOlQzNp65In0 HTTP/1.1" 200 8
201.245.192.253 - - [21/Dec/2023:08:06:44 -0500] "POST /forms/lservlet;jsessionid=ac16012b30d601081061295f4ca0a1fa844a8c90ad0d.e3iSbxaKaheRe34Qc38TbN0Nb41ynknvrkLOlQzNp65In0 HTTP/1.1" 200 2
201.245.192.253 - - [21/Dec/2023:08:06:46 -0500] "POST /forms/lservlet;jsessionid=ac16012b30d601081061295f4ca0a1fa844a8c90ad0d.e3iSbxaKaheRe34Qc38TbN0Nb41ynknvrkLOlQzNp65In0 HTTP/1.1" 200 151
201.245.192.253 - - [21/Dec/2023:08:06:46 -0500] "POST /forms/lservlet;jsessionid=ac16012b30d601081061295f4ca0a1fa844a8c90ad0d.e3iSbxaKaheRe34Qc38TbN0Nb41ynknvrkLOlQzNp65In0 HTTP/1.1" 200 2
201.245.192.253 - - [21/Dec/2023:08:06:50 -0500] "POST /forms/lservlet;jsessionid=ac16012b30d601081061295f4ca0a1fa844a8c90ad0d.e3iSbxaKaheRe34Qc38TbN0Nb41ynknvrkLOlQzNp65In0 HTTP/1.1" 200 108
201.245.192.253 - - [21/Dec/2023:08:06:50 -0500] "POST /forms/lservlet;jsessionid=ac16012b30d601081061295f4ca0a1fa844a8c90ad0d.e3iSbxaKaheRe34Qc38TbN0Nb41ynknvrkLOlQzNp65In0 HTTP/1.1" 200 8
201.245.192.253 - - [21/Dec/2023:08:06:50 -0500] "POST /forms/lservlet;jsessionid=ac16012b30d601081061295f4ca0a1fa844a8c90ad0d.e3iSbxaKaheRe34Qc38TbN0Nb41ynknvrkLOlQzNp65In0 HTTP/1.1" 200 2
201.245.192.253 - - [21/Dec/2023:08:06:53 -0500] "POST /forms/lservlet;jsessionid=ac16012b30d601081061295f4ca0a1fa844a8c90ad0d.e3iSbxaKaheRe34Qc38TbN0Nb41ynknvrkLOlQzNp65In0 HTTP/1.1" 200 160
201.245.192.253 - - [21/Dec/2023:08:06:54 -0500] "POST /forms/lservlet;jsessionid=ac16012b30d601081061295f4ca0a1fa844a8c90ad0d.e3iSbxaKaheRe34Qc38TbN0Nb41ynknvrkLOlQzNp65In0 HTTP/1.1" 200 2
201.245.192.253 - - [21/Dec/2023:08:06:55 -0500] "POST /forms/lservlet;jsessionid=ac16012b30d601081061295f4ca0a1fa844a8c90ad0d.e3iSbxaKaheRe34Qc38TbN0Nb41ynknvrkLOlQzNp65In0 HTTP/1.1" 200 59
201.245.192.253 - - [21/Dec/2023:08:06:58 -0500] "POST /forms/lservlet;jsessionid=ac16012b30d601081061295f4ca0a1fa844a8c90ad0d.e3iSbxaKaheRe34Qc38TbN0Nb41ynknvrkLOlQzNp65In0 HTTP/1.1" 200 132
156.59.198.136 - - [21/Dec/2023:08:07:00 -0500] "GET /BLA/resoluciones/RESOLUCIONES%202008/3628.pdf HTTP/1.0" 200 201151
201.245.192.253 - - [21/Dec/2023:08:07:00 -0500] "POST /forms/lservlet;jsessionid=ac16012b30d601081061295f4ca0a1fa844a8c90ad0d.e3iSbxaKaheRe34Qc38TbN0Nb41ynknvrkLOlQzNp65In0 HTTP/1.1" 200 33
201.245.192.253 - - [21/Dec/2023:08:07:01 -0500] "POST /forms/lservlet;jsessionid=ac16012b30d601081061295f4ca0a1fa844a8c90ad0d.e3iSbxaKaheRe34Qc38TbN0Nb41ynknvrkLOlQzNp65In0 HTTP/1.1" 200 2
201.245.192.253 - - [21/Dec/2023:08:07:04 -0500] "POST /forms/lservlet;jsessionid=ac16012b30d601081061295f4ca0a1fa844a8c90ad0d.e3iSbxaKaheRe34Qc38TbN0Nb41ynknvrkLOlQzNp65In0 HTTP/1.1" 200 62
201.245.192.253 - - [21/Dec/2023:08:07:07 -0500] "POST /forms/lservlet;jsessionid=ac16012b30d601081061295f4ca0a1fa844a8c90ad0d.e3iSbxaKaheRe34Qc38TbN0Nb41ynknvrkLOlQzNp65In0 HTTP/1.1" 200 174
201.245.192.253 - - [21/Dec/2023:08:07:07 -0500] "POST /forms/lservlet;jsessionid=ac16012b30d601081061295f4ca0a1fa844a8c90ad0d.e3iSbxaKaheRe34Qc38TbN0Nb41ynknvrkLOlQzNp65In0 HTTP/1.1" 200 2
201.245.192.253 - - [21/Dec/2023:08:07:15 -0500] "POST /forms/lservlet;jsessionid=ac16012b30d601081061295f4ca0a1fa844a8c90ad0d.e3iSbxaKaheRe34Qc38TbN0Nb41ynknvrkLOlQzNp65In0 HTTP/1.1" 200 131
201.245.192.253 - - [21/Dec/2023:08:07:15 -0500] "POST /forms/lservlet;jsessionid=ac16012b30d601081061295f4ca0a1fa844a8c90ad0d.e3iSbxaKaheRe34Qc38TbN0Nb41ynknvrkLOlQzNp65In0 HTTP/1.1" 200 8
201.245.192.253 - - [21/Dec/2023:08:07:15 -0500] "POST /forms/lservlet;jsessionid=ac16012b30d601081061295f4ca0a1fa844a8c90ad0d.e3iSbxaKaheRe34Qc38TbN0Nb41ynknvrkLOlQzNp65In0 HTTP/1.1" 200 2
172.22.2.4 - - [21/Dec/2023:08:07:16 -0500] "GET /BLA/boletinlegal/jurisprudencia/analisis/SENTENCIA%20C-703%20DE%202010.xls HTTP/1.1" 200 38912
201.245.192.253 - - [21/Dec/2023:08:07:18 -0500] "POST /forms/lservlet;jsessionid=ac16012b30d601081061295f4ca0a1fa844a8c90ad0d.e3iSbxaKaheRe34Qc38TbN0Nb41ynknvrkLOlQzNp65In0 HTTP/1.1" 200 34
201.245.192.253 - - [21/Dec/2023:08:07:19 -0500] "POST /forms/lservlet;jsessionid=ac16012b30d601081061295f4ca0a1fa844a8c90ad0d.e3iSbxaKaheRe34Qc38TbN0Nb41ynknvrkLOlQzNp65In0 HTTP/1.1" 200 2
156.59.198.136 - - [21/Dec/2023:08:07:24 -0500] "GET /BLA/resoluciones/Notificaciones/AUTOS%202017/04261.pdf HTTP/1.0" 200 2727272
201.245.192.253 - - [21/Dec/2023:08:07:26 -0500] "POST /forms/lservlet;jsessionid=ac16012b30d601081061295f4ca0a1fa844a8c90ad0d.e3iSbxaKaheRe34Qc38TbN0Nb41ynknvrkLOlQzNp65In0 HTTP/1.1" 200 49
201.245.192.253 - - [21/Dec/2023:08:07:26 -0500] "POST /forms/lservlet;jsessionid=ac16012b30d65f92fa67ce9340589b498a1304d31ae2.e3iSbxaKaheRe34Qc38TbN0Nb41ynknvrkLOlQzNp65In0 HTTP/1.1" 200 2
201.245.192.253 - - [21/Dec/2023:08:07:27 -0500] "POST /forms/lservlet;jsessionid=ac16012b30d601081061295f4ca0a1fa844a8c90ad0d.e3iSbxaKaheRe34Qc38TbN0Nb41ynknvrkLOlQzNp65In0 HTTP/1.1" 200 2
201.245.192.253 - - [21/Dec/2023:08:07:27 -0500] "POST /forms/lservlet;jsessionid=ac16012b30d601081061295f4ca0a1fa844a8c90ad0d.e3iSbxaKaheRe34Qc38TbN0Nb41ynknvrkLOlQzNp65In0 HTTP/1.1" 200 2
216.244.66.195 - - [21/Dec/2023:08:07:28 -0500] "GET /BLA/resoluciones/AUTOS%202023/0475.pdf HTTP/1.1" 200 463469
201.245.192.253 - - [21/Dec/2023:08:07:32 -0500] "POST /forms/lservlet;jsessionid=ac16012b30d601081061295f4ca0a1fa844a8c90ad0d.e3iSbxaKaheRe34Qc38TbN0Nb41ynknvrkLOlQzNp65In0 HTTP/1.1" 200 20
201.245.192.253 - - [21/Dec/2023:08:07:33 -0500] "POST /forms/lservlet;jsessionid=ac16012b30d601081061295f4ca0a1fa844a8c90ad0d.e3iSbxaKaheRe34Qc38TbN0Nb41ynknvrkLOlQzNp65In0 HTTP/1.1" 200 2
216.244.66.195 - - [21/Dec/2023:08:07:33 -0500] "GET /BLA/resoluciones/AUTOS%202023/2839.pdf HTTP/1.1" 200 429233
201.245.192.253 - - [21/Dec/2023:08:07:34 -0500] "POST /forms/lservlet;jsessionid=ac16012b30d601081061295f4ca0a1fa844a8c90ad0d.e3iSbxaKaheRe34Qc38TbN0Nb41ynknvrkLOlQzNp65In0 HTTP/1.1" 200 52
201.245.192.253 - - [21/Dec/2023:08:07:34 -0500] "POST /forms/lservlet;jsessionid=ac16012b30d601081061295f4ca0a1fa844a8c90ad0d.e3iSbxaKaheRe34Qc38TbN0Nb41ynknvrkLOlQzNp65In0 HTTP/1.1" 200 7
201.245.192.253 - - [21/Dec/2023:08:07:36 -0500] "POST /forms/lservlet;jsessionid=ac16012b30d601081061295f4ca0a1fa844a8c90ad0d.e3iSbxaKaheRe34Qc38TbN0Nb41ynknvrkLOlQzNp65In0 HTTP/1.1" 200 14
201.245.192.253 - - [21/Dec/2023:08:07:37 -0500] "POST /forms/lservlet;jsessionid=ac16012b30d601081061295f4ca0a1fa844a8c90ad0d.e3iSbxaKaheRe34Qc38TbN0Nb41ynknvrkLOlQzNp65In0 HTTP/1.1" 200 2
216.244.66.195 - - [21/Dec/2023:08:07:38 -0500] "GET /BLA/resoluciones/AUTOS%202023/2921.pdf HTTP/1.1" 200 460450
201.245.192.253 - - [21/Dec/2023:08:07:39 -0500] "POST /kwsrmcab/Wsrmcab  HTTP/1.1" 200 40220
201.245.192.253 - - [21/Dec/2023:08:07:42 -0500] "POST /forms/lservlet;jsessionid=ac16012b30d601081061295f4ca0a1fa844a8c90ad0d.e3iSbxaKaheRe34Qc38TbN0Nb41ynknvrkLOlQzNp65In0 HTTP/1.1" 200 58
216.244.66.195 - - [21/Dec/2023:08:07:43 -0500] "GET /BLA/resoluciones/AUTOS%202023/3358.pdf HTTP/1.1" 200 3677629
201.245.192.253 - - [21/Dec/2023:08:07:44 -0500] "POST /forms/lservlet;jsessionid=ac16012b30d601081061295f4ca0a1fa844a8c90ad0d.e3iSbxaKaheRe34Qc38TbN0Nb41ynknvrkLOlQzNp65In0 HTTP/1.1" 200 2
156.59.198.135 - - [21/Dec/2023:08:07:49 -0500] "GET /BLA/resoluciones/AUTOS%202014/3271.pdf HTTP/1.0" 200 491200
216.244.66.195 - - [21/Dec/2023:08:07:51 -0500] "GET /BLA/resoluciones/AUTOS%202023/3697.pdf HTTP/1.1" 200 449900
191.156.232.193 - - [21/Dec/2023:08:07:51 -0500] "POST /sipse/faces/presentacion/financiero/solicitudProceso/consultarSolicitudProceso.xhtml HTTP/1.1" 200 21118
191.156.232.193 - - [21/Dec/2023:08:07:51 -0500] "GET /sipse/faces/javax.faces.resource/theme.css?ln=primefaces-sipse HTTP/1.1" 304 -
191.156.235.166 - - [21/Dec/2023:08:07:51 -0500] "GET /sipse/faces/javax.faces.resource/layout/layout.css?ln=primefaces&v=4.0 HTTP/1.1" 304 -
191.156.235.166 - - [21/Dec/2023:08:07:51 -0500] "GET /sipse/faces/javax.faces.resource/primefaces.css?ln=primefaces&v=4.0 HTTP/1.1" 304 -
191.156.232.193 - - [21/Dec/2023:08:07:51 -0500] "GET /sipse/faces/javax.faces.resource/fileupload/fileupload.css?ln=primefaces&v=4.0 HTTP/1.1" 304 -
191.156.235.166 - - [21/Dec/2023:08:07:51 -0500] "GET /sipse/faces/javax.faces.resource/jquery/jquery.js?ln=primefaces&v=4.0 HTTP/1.1" 304 -
191.156.232.193 - - [21/Dec/2023:08:07:51 -0500] "GET /sipse/faces/javax.faces.resource/jquery/jquery-plugins.js?ln=primefaces&v=4.0 HTTP/1.1" 304 -
191.156.235.166 - - [21/Dec/2023:08:07:51 -0500] "GET /sipse/faces/javax.faces.resource/primefaces.js?ln=primefaces&v=4.0 HTTP/1.1" 304 -
191.156.235.166 - - [21/Dec/2023:08:07:51 -0500] "GET /sipse/faces/javax.faces.resource/layout/layout.js?ln=primefaces&v=4.0 HTTP/1.1" 304 -
191.156.232.193 - - [21/Dec/2023:08:07:51 -0500] "GET /sipse/faces/javax.faces.resource/fileupload/fileupload.js?ln=primefaces&v=4.0 HTTP/1.1" 304 -
186.102.26.137 - - [21/Dec/2023:08:07:52 -0500] "GET /kwssiamovil/sm/ldap/au?x=U2FsdGVkX1+QwYutnCHR++mio9Cw6sz9uoJfhuSRg5xwGN+tKxOCzohKPN+n5Gle&y=U2FsdGVkX18jn7L7B3ZfQubBwY3uACB3+PbzVdb5et6PzmamcMfmaIM7zXtI5JlC HTTP/1.1" 200 31
201.245.192.253 - - [21/Dec/2023:08:07:52 -0500] "POST /forms/lservlet;jsessionid=ac16012b30d601081061295f4ca0a1fa844a8c90ad0d.e3iSbxaKaheRe34Qc38TbN0Nb41ynknvrkLOlQzNp65In0 HTTP/1.1" 200 20
201.245.192.253 - - [21/Dec/2023:08:07:53 -0500] "POST /forms/lservlet;jsessionid=ac16012b30d601081061295f4ca0a1fa844a8c90ad0d.e3iSbxaKaheRe34Qc38TbN0Nb41ynknvrkLOlQzNp65In0 HTTP/1.1" 200 2
201.245.192.253 - - [21/Dec/2023:08:07:56 -0500] "POST /forms/lservlet;jsessionid=ac16012b30d601081061295f4ca0a1fa844a8c90ad0d.e3iSbxaKaheRe34Qc38TbN0Nb41ynknvrkLOlQzNp65In0 HTTP/1.1" 200 52
201.245.192.253 - - [21/Dec/2023:08:07:56 -0500] "POST /forms/lservlet;jsessionid=ac16012b30d601081061295f4ca0a1fa844a8c90ad0d.e3iSbxaKaheRe34Qc38TbN0Nb41ynknvrkLOlQzNp65In0 HTTP/1.1" 200 7
201.245.192.253 - - [21/Dec/2023:08:07:58 -0500] "POST /forms/lservlet;jsessionid=ac16012b30d601081061295f4ca0a1fa844a8c90ad0d.e3iSbxaKaheRe34Qc38TbN0Nb41ynknvrkLOlQzNp65In0 HTTP/1.1" 200 79
201.245.192.253 - - [21/Dec/2023:08:08:00 -0500] "POST /forms/lservlet;jsessionid=ac16012b30d601081061295f4ca0a1fa844a8c90ad0d.e3iSbxaKaheRe34Qc38TbN0Nb41ynknvrkLOlQzNp65In0 HTTP/1.1" 200 2
186.102.26.137 - - [21/Dec/2023:08:08:01 -0500] "GET /kwssiamovil/sm/ldap/au?x=U2FsdGVkX1+uk+ny+8LTmvja5ePVjV2ZPELI0FGStx+q994Uw5SWJ0sYH6YVxC8o&y=U2FsdGVkX1+2FQIDDKqJuoR6pkfM9kuY5jI2iBs7x6N3+pLuhPMwBtgpQlmo1Nqp HTTP/1.1" 200 30
186.102.26.137 - - [21/Dec/2023:08:08:01 -0500] "GET /kwssiamovil/sm/acme/s?s=U2FsdGVkX1+JvTG5XJb5CbbuirL4Nz70giLpsT0ZBMa27aeS5LWgBNqw0Wn95dL2OjRTUYrTiCkA3/5wPunf0QQ2bP8CBDz9i8Nj4D+HfsM=&u=U2FsdGVkX19Zq3yLZnq3kJ9h9nyPdsBYVTuz0Zrs92Y=&y=U2FsdGVkX1+2FQIDDKqJuoR6pkfM9kuY5jI2iBs7x6N3+pLuhPMwBtgpQlmo1Nqp HTTP/1.1" 200 97
186.102.26.137 - - [21/Dec/2023:08:08:02 -0500] "GET /kwssiamovil/sm/acme/s?s=U2FsdGVkX18LBXQLFGpFutpI7J5rHKxiKno0H6m13nH47mSrsxRqGaepvml3TFzQx8pYwVQRe2q3eyGoTwzGQaCOvj9N+s0S2loxvDrrMabaLq4abDCwA1oTPD/ThE+iAU6yAxwjVLC+Ne8CzfMDBopYG5XFNinA2XBdrbjJ9k6EXMqbhAdIGVbdYljQtWGrwvHcCvN2vvTH6kG2f+G2A4rIhirtQqEjm1fhM5tCJXBX945lmZ3qoTnz26gk+mrHPdc4so4bmD+RZZK8nN40wAPiN3tAkoc3Dy2k/ZOBLjLiVjxDkEKSXTER89DEXeF7BZ5fOxL/Gmi6Gt4B8j0cAOEbgYJmguMJEgFQhfw7GxCs8Gmabjr0i1aCP9ZPjL2y+oyTWtpc9ysWa2FKZTuQZqwMFOfnnG1fMgFeyNALMd+E9twVq//WhAjvym8bFlB9Ct8RIWEXKRjovMmeF7hvQFtUWEXstXWUz1PXcwxxxXRjULZpt5qj1YdCtYv2yS5kFMQ+IiMYzlntuO6VRfSvFoLXw5SvCdox3tc9wOKJgfqrNmY7bLqXlzI++eC4UWLcNXe0Teb0+ienhbYyDTHZVWBXipCQFOg6sLl7GkbCP/IFThvxyNOB7l2cuH0tMjbG5+KFDOniCAc7uNG6Hbatla4MZ2XVIly6lZ3dvvgNlZ4FQqes8xAzoGPEjUN/UJfO652n6LoyURlSNo581+n7qaNsm3Vjk5pUgtobV00GnqaQG4wzgHvbhQzOSXYAGbn4gxtezo4cuOfQczlQXLGsZOMNkkz907JRUMviMxDt3/KiJaQsTHp8bZgEL48sdKvOXprM42iIkfGUAgBdn0dAumus03Bc3tl2KFkLHdV+27sOCeMCRE4mmoFaH9K9B3Xm8ZQOlnQXIsrGIDLzgWUy2U90Wbtsb1JFhYg6EdLV2cSsqAUoWNAfBmWmhK1eFkJkiHIRKuq1KwoGhY0B1rhJBN78Iap9N78/ZRpYOqTqb0z50ZCsaQpKjXpnrHprqDFMJRi5pwSU7+j2eHsAZ85RcTCcgim9up6GiiTODX95frinkH7LDQ/2SsFOs/PGKbpcZT9BqSg/Ea8luRR/gqqR+pu0QR517y7pcJT1kd2OFwhoUbIIImJRkmiNvGN6QEAm09RG9AR0M8W4Pz885xxxUgtvDGzAyKzeO3ObEEKFsrKseawdMfeKrpPTkvW5AVub+3JJ09MHHnbbPppcv7Wrz9Te6A9N8e/oOKCtLehXEHW5FfJ20U6TI8xtNtWOHBktymdbGxh+MGolb7p/xzB8bOkqqdhrzaVuppAEn7GVL1Dw32crOrSziA2ONtE1Qw1xf/P7lYPAhjxVGNDuRkusuhrtxFUsJhKD4VYzvYLX/zRNyJ0exQARMReD7BiLMCKOHDfneSR7csj3+8oFB/2iq9UbHVQty5q/5f4u5SVL/YpcgtsWhsrJd4sk7M4k5mDCw6q8UR4OPG/xLRubA820FBG15moF6PIj9YLyK3Ezdai9J9S2QcTxT967uQvEmyQ8nD0+2TSNJg98n233gA1ttRF3Arp6ynELvM9g2jJVqS8Wj84ktSDr42UtXJHFg04hqn3wBqw5bjoxJbA5P2Mmgb7+qwaBcDF2HAfs4sYqHQ90ni5pUOWwaehlKb0hCsOChcSkqC2XjVqnbQ0IBO5pwVT6WZXt8TMadc9S1JC4UEX7r4on4k4xBNAZkG/H5padgam1aVpNS/LsUSqXPCXlCfQz2aU4VEauTZyT6ayVENY=&u=U2FsdGVkX19Zq3yLZnq3kJ9h9nyPdsBYVTuz0Zrs92Y=&y=U2FsdGVkX1+2FQIDDKqJuoR6pkfM9kuY5jI2iBs7x6N3+pLuhPMwBtgpQlmo1Nqp HTTP/1.1" 200 545
186.102.26.137 - - [21/Dec/2023:08:08:02 -0500] "GET /kwssiamovil/sm/acme/s?s=U2FsdGVkX1+5T7yjaauRVEQ2iw+pTwYxJzQ2btvQPhO4TPNz1eBbkCfcTvitaGUvYrDG9eZE8iOKP6H3ybs9HnJF0AYr/mdgv7qHP8/0w/Vb1MAm5bocNqYOnOfwTJ3YwrIc11reBPJpyqE6Qzabu9G8jUu/Y8/0h+BNQBeqcuZVwPni9ySxk2pNgkH1bDgvfV5ZRWAV5iMHqFCBeoy3maxLzSFFWFLiowkIlXxJe3ZkR75EUJU3thjj2dr0LQwZnqa7Btyzt9vrZQIKcI54KDWYSCv62JT8e97KRyU0pif7NJ2+o/KT6Hx4316TzQwiUg7eYmPuYfZaZ7gkE0b2u0yDz0W5BKXBb4gg2Ra9kY3RXzp+e2ogoGDQwQq96GTMhxJj0Ka+IB0WcACNqekLa3rYdB3poZiKsd02WxjFWCVBkkVEZ4nLLHjMxqRAIW5Q6IbAxg2p+37cfn2ygi6rrphZQqpEnWEwGV+owM3JnZ5iTNs1+a+dv5mOr2yFIZBPWl8ner2TqeePU8H9Kv8aYtm1NpInlNe740tRuWdrIksRb9A88lC1eAR36RvsGUjKosgVUwwxdSw2jNmeStZMTOeBK5N44N6oy2U10yTKlswkbZJmGkFhLoOiqyjVR8hmK64rd1NK2TDGV0eKUklkUt2a41s9klX/avATLfPoKAQlyb3vpCQp+KruocDy3Kbobyusq1zHrqoUFkAvPZ8NhTGS3RXZRDePKGthq/slWm69jXcWRTUs0LxKTdIdEZcp&u=U2FsdGVkX19Zq3yLZnq3kJ9h9nyPdsBYVTuz0Zrs92Y=&y=U2FsdGVkX1+2FQIDDKqJuoR6pkfM9kuY5jI2iBs7x6N3+pLuhPMwBtgpQlmo1Nqp HTTP/1.1" 200 352
186.102.26.137 - - [21/Dec/2023:08:08:02 -0500] "GET /kwssiamovil/sm/cjson/pre?f=9&x=U2FsdGVkX1+uk+ny+8LTmvja5ePVjV2ZPELI0FGStx+q994Uw5SWJ0sYH6YVxC8o HTTP/1.1" 200 25142
201.245.192.253 - - [21/Dec/2023:08:08:03 -0500] "POST /forms/lservlet;jsessionid=ac16012b30d601081061295f4ca0a1fa844a8c90ad0d.e3iSbxaKaheRe34Qc38TbN0Nb41ynknvrkLOlQzNp65In0 HTTP/1.1" 200 837
201.245.192.253 - - [21/Dec/2023:08:08:03 -0500] "POST /forms/lservlet;jsessionid=ac16012b30d601081061295f4ca0a1fa844a8c90ad0d.e3iSbxaKaheRe34Qc38TbN0Nb41ynknvrkLOlQzNp65In0 HTTP/1.1" 200 2
186.102.26.137 - - [21/Dec/2023:08:08:02 -0500] "GET /kwssiamovil/sm/cjson/pre?f=18&x=U2FsdGVkX1+uk+ny+8LTmvja5ePVjV2ZPELI0FGStx+q994Uw5SWJ0sYH6YVxC8o HTTP/1.1" 200 32849
201.245.192.253 - - [21/Dec/2023:08:08:05 -0500] "POST /forms/lservlet;jsessionid=ac16012b30d601081061295f4ca0a1fa844a8c90ad0d.e3iSbxaKaheRe34Qc38TbN0Nb41ynknvrkLOlQzNp65In0 HTTP/1.1" 200 10
201.245.192.253 - - [21/Dec/2023:08:08:09 -0500] "POST /forms/lservlet;jsessionid=ac16012b30d601081061295f4ca0a1fa844a8c90ad0d.e3iSbxaKaheRe34Qc38TbN0Nb41ynknvrkLOlQzNp65In0 HTTP/1.1" 200 58
201.245.192.253 - - [21/Dec/2023:08:08:09 -0500] "POST /forms/lservlet;jsessionid=ac16012b30d601081061295f4ca0a1fa844a8c90ad0d.e3iSbxaKaheRe34Qc38TbN0Nb41ynknvrkLOlQzNp65In0 HTTP/1.1" 200 8
201.245.192.253 - - [21/Dec/2023:08:08:09 -0500] "POST /forms/lservlet;jsessionid=ac16012b30d601081061295f4ca0a1fa844a8c90ad0d.e3iSbxaKaheRe34Qc38TbN0Nb41ynknvrkLOlQzNp65In0 HTTP/1.1" 200 2
216.244.66.195 - - [21/Dec/2023:08:08:10 -0500] "GET /BLA/resoluciones/AUTOS%202023/3967.pdf HTTP/1.1" 200 444276
201.245.192.253 - - [21/Dec/2023:08:08:11 -0500] "POST /forms/lservlet;jsessionid=ac16012b30d601081061295f4ca0a1fa844a8c90ad0d.e3iSbxaKaheRe34Qc38TbN0Nb41ynknvrkLOlQzNp65In0 HTTP/1.1" 200 144
156.59.198.135 - - [21/Dec/2023:08:08:13 -0500] "GET /BLA/resoluciones/RESOLUCIONES%202008/4608.pdf HTTP/1.0" 200 249708
191.156.232.193 - - [21/Dec/2023:08:08:15 -0500] "GET /sipse/faces/javax.faces.resource/theme.css?ln=primefaces-sipse HTTP/1.1" 304 -
191.156.235.166 - - [21/Dec/2023:08:08:15 -0500] "GET /sipse/faces/javax.faces.resource/jquery/jquery.js?ln=primefaces&v=4.0 HTTP/1.1" 304 -
191.156.232.193 - - [21/Dec/2023:08:08:15 -0500] "GET /sipse/faces/javax.faces.resource/jquery/jquery-plugins.js?ln=primefaces&v=4.0 HTTP/1.1" 304 -
191.156.232.193 - - [21/Dec/2023:08:08:15 -0500] "GET /sipse/faces/javax.faces.resource/primefaces.css?ln=primefaces&v=4.0 HTTP/1.1" 304 -
191.156.232.193 - - [21/Dec/2023:08:08:15 -0500] "GET /sipse/faces/javax.faces.resource/layout/layout.css?ln=primefaces&v=4.0 HTTP/1.1" 304 -
191.156.235.166 - - [21/Dec/2023:08:08:15 -0500] "GET /sipse/faces/javax.faces.resource/primefaces.js?ln=primefaces&v=4.0 HTTP/1.1" 304 -
191.156.232.193 - - [21/Dec/2023:08:08:15 -0500] "GET /sipse/faces/javax.faces.resource/layout/layout.js?ln=primefaces&v=4.0 HTTP/1.1" 304 -
191.156.235.166 - - [21/Dec/2023:08:08:11 -0500] "POST /sipse/faces/presentacion/sistema/anexos/cargarAnexoSolicitudProceso.xhtml HTTP/1.1" 200 166850
191.156.235.166 - - [21/Dec/2023:08:08:15 -0500] "GET /sipse/faces/javax.faces.resource/dynamiccontent.properties?ln=primefaces&pfdrid=XjOR5%2F%2FfPAZAuY9TpWQeCiM0BhlXxYRBGKi%2FQcXXfeA%3D&pfdrid_c=false HTTP/1.1" 500 383
186.144.253.50 - - [21/Dec/2023:08:08:20 -0500] "GET /BLA/resoluciones/dlf/styles.css HTTP/1.1" 200 3049
191.156.232.193 - - [21/Dec/2023:08:08:21 -0500] "GET /sipse/faces/javax.faces.resource/primefaces.css?ln=primefaces&v=4.0 HTTP/1.1" 304 -
191.156.232.193 - - [21/Dec/2023:08:08:21 -0500] "GET /sipse/faces/javax.faces.resource/layout/layout.css?ln=primefaces&v=4.0 HTTP/1.1" 304 -
191.156.235.166 - - [21/Dec/2023:08:08:21 -0500] "GET /sipse/faces/javax.faces.resource/theme.css?ln=primefaces-sipse HTTP/1.1" 304 -
191.156.232.193 - - [21/Dec/2023:08:08:20 -0500] "POST /sipse/faces/presentacion/financiero/solicitudProceso/consultarSolicitudProceso.xhtml HTTP/1.1" 200 21118
191.156.232.193 - - [21/Dec/2023:08:08:21 -0500] "GET /sipse/faces/javax.faces.resource/jquery/jquery-plugins.js?ln=primefaces&v=4.0 HTTP/1.1" 304 -
191.156.235.166 - - [21/Dec/2023:08:08:21 -0500] "GET /sipse/faces/javax.faces.resource/primefaces.js?ln=primefaces&v=4.0 HTTP/1.1" 304 -
191.156.235.166 - - [21/Dec/2023:08:08:21 -0500] "GET /sipse/faces/javax.faces.resource/fileupload/fileupload.css?ln=primefaces&v=4.0 HTTP/1.1" 304 -
191.156.232.193 - - [21/Dec/2023:08:08:21 -0500] "GET /sipse/faces/javax.faces.resource/jquery/jquery.js?ln=primefaces&v=4.0 HTTP/1.1" 304 -
191.156.232.193 - - [21/Dec/2023:08:08:21 -0500] "GET /sipse/faces/javax.faces.resource/layout/layout.js?ln=primefaces&v=4.0 HTTP/1.1" 304 -
191.156.232.193 - - [21/Dec/2023:08:08:21 -0500] "GET /sipse/faces/javax.faces.resource/fileupload/fileupload.js?ln=primefaces&v=4.0 HTTP/1.1" 304 -
186.144.253.50 - - [21/Dec/2023:08:08:20 -0500] "GET /BLA/resoluciones/index.php?dir=AUTOS+2023%2F HTTP/1.1" 200 467162
186.144.253.50 - - [21/Dec/2023:08:08:22 -0500] "GET /BLA/resoluciones/dlf/dirup.png HTTP/1.1" 200 644
186.144.253.50 - - [21/Dec/2023:08:08:22 -0500] "GET /BLA/resoluciones/dlf/pdf.gif HTTP/1.1" 200 272
186.144.253.50 - - [21/Dec/2023:08:08:22 -0500] "GET /BLA/resoluciones/dlf/archive.png HTTP/1.1" 200 632
186.144.253.50 - - [21/Dec/2023:08:08:23 -0500] "GET /BLA/resoluciones/dlf/bg.gif HTTP/1.1" 200 54
191.156.235.166 - - [21/Dec/2023:08:08:32 -0500] "GET /sipse/faces/javax.faces.resource/jquery/jquery.js?ln=primefaces&v=4.0 HTTP/1.1" 304 -
191.156.232.193 - - [21/Dec/2023:08:08:32 -0500] "GET /sipse/faces/javax.faces.resource/primefaces.css?ln=primefaces&v=4.0 HTTP/1.1" 304 -
191.156.232.193 - - [21/Dec/2023:08:08:32 -0500] "GET /sipse/faces/javax.faces.resource/theme.css?ln=primefaces-sipse HTTP/1.1" 304 -
191.156.235.166 - - [21/Dec/2023:08:08:32 -0500] "GET /sipse/faces/javax.faces.resource/layout/layout.css?ln=primefaces&v=4.0 HTTP/1.1" 304 -
191.156.232.193 - - [21/Dec/2023:08:08:32 -0500] "GET /sipse/faces/javax.faces.resource/jquery/jquery-plugins.js?ln=primefaces&v=4.0 HTTP/1.1" 304 -
191.156.235.166 - - [21/Dec/2023:08:08:32 -0500] "GET /sipse/faces/javax.faces.resource/primefaces.js?ln=primefaces&v=4.0 HTTP/1.1" 304 -
191.156.232.193 - - [21/Dec/2023:08:08:32 -0500] "GET /sipse/faces/javax.faces.resource/layout/layout.js?ln=primefaces&v=4.0 HTTP/1.1" 304 -
191.156.232.193 - - [21/Dec/2023:08:08:30 -0500] "POST /sipse/faces/presentacion/sistema/anexos/cargarAnexoSolicitudProceso.xhtml HTTP/1.1" 200 168659
191.156.232.193 - - [21/Dec/2023:08:08:32 -0500] "GET /sipse/faces/javax.faces.resource/dynamiccontent.properties?ln=primefaces&pfdrid=XjOR5%2F%2FfPAZAuY9TpWQeCiM0BhlXxYRBGKi%2FQcXXfeA%3D&pfdrid_c=false HTTP/1.1" 500 383
201.245.192.253 - - [21/Dec/2023:08:08:35 -0500] "POST /forms/lservlet;jsessionid=ac16012b30d601081061295f4ca0a1fa844a8c90ad0d.e3iSbxaKaheRe34Qc38TbN0Nb41ynknvrkLOlQzNp65In0 HTTP/1.1" 200 66
156.59.198.136 - - [21/Dec/2023:08:08:37 -0500] "GET /BLA/resoluciones/Notificaciones/AUTOS%202014/5468.doc HTTP/1.0" 200 96768
191.156.235.166 - - [21/Dec/2023:08:08:52 -0500] "GET /sipse/faces/javax.faces.resource/theme.css?ln=primefaces-sipse HTTP/1.1" 304 -
191.156.235.166 - - [21/Dec/2023:08:08:52 -0500] "POST /sipse/faces/presentacion/financiero/solicitudProceso/consultarSolicitudProceso.xhtml HTTP/1.1" 200 21118
191.156.232.193 - - [21/Dec/2023:08:08:52 -0500] "GET /sipse/faces/javax.faces.resource/primefaces.css?ln=primefaces&v=4.0 HTTP/1.1" 304 -
191.156.235.166 - - [21/Dec/2023:08:08:52 -0500] "GET /sipse/faces/javax.faces.resource/jquery/jquery.js?ln=primefaces&v=4.0 HTTP/1.1" 304 -
