156.59.198.136 - - [24/Dec/2023:10:11:05 -0500] "GET /BLA/resoluciones/RESOLUCIONES%202010/7403.pdf HTTP/1.0" 200 497043
156.59.198.135 - - [24/Dec/2023:10:11:30 -0500] "GET /BLA/resoluciones/RESOLUCIONES%202010/7637.pdf HTTP/1.0" 200 454461
173.252.127.19 - - [24/Dec/2023:10:11:36 -0500] "GET /images/presentaci\xc3\xb3n%20convenci\xc3\xb3n.jpg HTTP/1.1" 404 1034
201.245.192.253 - - [24/Dec/2023:10:11:48 -0500] "POST /kwsrmcab/Wsrmcab  HTTP/1.1" 200 40220
156.59.198.136 - - [24/Dec/2023:10:11:54 -0500] "GET /BLA/resoluciones/RESOLUCIONES%202007/RES%202007%201801%20AL%201900/RESOLUCION%201837%20DE%202007.pdf HTTP/1.0" 200 100497
156.59.198.136 - - [24/Dec/2023:10:12:19 -0500] "GET /BLA/resoluciones/RESOLUCIONES%202010/2342.pdf HTTP/1.0" 200 597499
170.78.42.98 - - [24/Dec/2023:10:12:27 -0500] "GET /mis-de-50-aves-silvestres-fueron-recuperadas-en-la-localidad-de-tunjuelito.html HTTP/1.1" 200 806
156.59.198.136 - - [24/Dec/2023:10:12:43 -0500] "GET /BLA/resoluciones/AUTOS%202018/1349.pdf HTTP/1.0" 200 271932
156.59.198.135 - - [24/Dec/2023:10:13:07 -0500] "GET /BLA/resoluciones/Notificaciones/AUTOS%202013/2663.doc HTTP/1.0" 200 866816
156.59.198.135 - - [24/Dec/2023:10:13:32 -0500] "GET /BLA/resoluciones/RESOLUCIONES%202014/3224.pdf HTTP/1.0" 200 701527
172.22.2.4 - - [24/Dec/2023:10:11:57 -0500] "HEAD /BLA/boletinlegal/ HTTP/1.1" 200 -
156.59.198.136 - - [24/Dec/2023:10:13:55 -0500] "GET /BLA/resoluciones/RESOLUCIONES%202010/4598.pdf HTTP/1.0" 200 1049740
156.59.198.135 - - [24/Dec/2023:10:14:20 -0500] "GET /BLA/resoluciones/RESOLUCIONES%202010/7477.pdf HTTP/1.0" 200 451665
172.22.2.4 - - [24/Dec/2023:10:12:48 -0500] "GET /BLA/boletinlegal/ HTTP/1.1" 200 58567
156.59.198.135 - - [24/Dec/2023:10:14:44 -0500] "GET /BLA/resoluciones/AUTOS%202007/3780.pdf HTTP/1.0" 200 156496
156.59.198.135 - - [24/Dec/2023:10:15:08 -0500] "GET /BLA/resoluciones/Notificaciones/AUTOS%202019/4925.pdf HTTP/1.0" 200 277247
216.245.221.92 - - [24/Dec/2023:10:15:22 -0500] "HEAD / HTTP/1.1" 200 -
156.59.198.136 - - [24/Dec/2023:10:15:33 -0500] "GET /BLA/resoluciones/RESOLUCIONES%202008/2256.pdf HTTP/1.0" 200 196578
156.59.198.135 - - [24/Dec/2023:10:15:56 -0500] "GET /BLA/resoluciones/RESOLUCIONES%202010/7700.pdf HTTP/1.0" 200 365036
181.53.12.66 - - [24/Dec/2023:10:16:02 -0500] "GET /mis-de-50-aves-silvestres-fueron-recuperadas-en-la-localidad-de-tunjuelito.html HTTP/1.1" 200 806
201.245.192.253 - - [24/Dec/2023:10:16:16 -0500] "POST /kwsrmcab/Wsrmcab HTTP/1.1" 200 35160
156.59.198.135 - - [24/Dec/2023:10:16:21 -0500] "GET /BLA/resoluciones/RESOLUCIONES%202010/2556.pdf HTTP/1.0" 200 543307
201.245.192.253 - - [24/Dec/2023:10:16:19 -0500] "POST /kwsrmcab/Wsrmcab HTTP/1.1" 200 36895
156.59.198.135 - - [24/Dec/2023:10:16:45 -0500] "GET /BLA/resoluciones/RESOLUCIONES%202008/1133.pdf HTTP/1.0" 200 258868
201.245.192.253 - - [24/Dec/2023:10:16:46 -0500] "POST /kwsrmcab/Wsrmcab  HTTP/1.1" 200 40220
17.241.227.116 - - [24/Dec/2023:10:16:55 -0500] "GET /robots.txt HTTP/1.1" 404 1034
17.241.227.116 - - [24/Dec/2023:10:16:56 -0500] "GET /mis-de-50-aves-silvestres-fueron-recuperadas-en-la-localidad-de-tunjuelito.html HTTP/1.1" 200 806
156.59.198.135 - - [24/Dec/2023:10:17:10 -0500] "GET /BLA/resoluciones/RESOLUCIONES%202010/2476.pdf HTTP/1.0" 200 497543
156.59.198.136 - - [24/Dec/2023:10:17:35 -0500] "GET /BLA/resoluciones/Notificaciones/AUTOS%202019/2540.pdf HTTP/1.0" 200 234910
156.59.198.135 - - [24/Dec/2023:10:17:59 -0500] "GET /BLA/resoluciones/RESOLUCIONES%202010/2414.pdf HTTP/1.0" 200 368054
156.59.198.136 - - [24/Dec/2023:10:18:25 -0500] "GET /BLA/resoluciones/RESOLUCIONES%202010/2741.pdf HTTP/1.0" 200 641208
156.59.198.135 - - [24/Dec/2023:10:18:49 -0500] "GET /BLA/resoluciones/RESOLUCIONES%202010/5568.pdf HTTP/1.0" 200 2055931
173.252.95.19 - - [24/Dec/2023:10:18:49 -0500] "GET /images/PREAD%20SDA%201.jpeg HTTP/1.1" 200 65620
156.59.198.135 - - [24/Dec/2023:10:19:14 -0500] "GET /BLA/resoluciones/RESOLUCIONES%202007/RES%202007%202201%20AL%202300/RESOLUCION%202214%20DE%202007.pdf HTTP/1.0" 200 42397
172.22.2.4 - - [24/Dec/2023:10:17:47 -0500] "HEAD /BLA/boletinlegal/ HTTP/1.1" 200 -
156.59.198.135 - - [24/Dec/2023:10:19:38 -0500] "GET /BLA/resoluciones/RESOLUCIONES%202010/5229.pdf HTTP/1.0" 200 775643
156.59.198.135 - - [24/Dec/2023:10:20:02 -0500] "GET /BLA/resoluciones/RESOLUCIONES%202009/1851.pdf HTTP/1.0" 200 479887
172.22.2.4 - - [24/Dec/2023:10:18:38 -0500] "GET /BLA/boletinlegal/ HTTP/1.1" 200 60502
201.245.192.253 - - [24/Dec/2023:10:20:15 -0500] "POST /kwsrmcab/Wsrmcab HTTP/1.1" 200 35160
216.245.221.92 - - [24/Dec/2023:10:20:22 -0500] "HEAD / HTTP/1.1" 200 -
201.245.192.253 - - [24/Dec/2023:10:20:21 -0500] "POST /kwsrmcab/Wsrmcab HTTP/1.1" 200 36895
156.59.198.135 - - [24/Dec/2023:10:20:26 -0500] "GET /BLA/resoluciones/RESOLUCIONES%202009/1262.pdf HTTP/1.0" 200 616840
156.59.198.136 - - [24/Dec/2023:10:20:50 -0500] "GET /BLA/resoluciones/RESOLUCIONES%202010/1471.pdf HTTP/1.0" 200 441385
156.59.198.136 - - [24/Dec/2023:10:21:14 -0500] "GET /BLA/resoluciones/RESOLUCIONES%202022/5118.pdf HTTP/1.0" 200 442613
156.59.198.135 - - [24/Dec/2023:10:21:39 -0500] "GET /BLA/resoluciones/RESOLUCIONES%202008/1891.pdf HTTP/1.0" 200 209524
201.245.192.253 - - [24/Dec/2023:10:21:45 -0500] "POST /kwsrmcab/Wsrmcab  HTTP/1.1" 200 40220
156.59.198.135 - - [24/Dec/2023:10:22:03 -0500] "GET /BLA/resoluciones/RESOLUCIONES%202008/2124.pdf HTTP/1.0" 200 213376
156.59.198.136 - - [24/Dec/2023:10:22:27 -0500] "GET /BLA/resoluciones/RESOLUCIONES%202007/RES%202007%203401%20AL%203500/RESOLUCION%203402%20DE%202007.pdf HTTP/1.0" 200 684643
31.13.103.116 - - [24/Dec/2023:10:22:40 -0500] "GET /mis-de-50-aves-silvestres-fueron-recuperadas-en-la-localidad-de-tunjuelito.html HTTP/1.1" 200 806
31.13.103.8 - - [24/Dec/2023:10:22:40 -0500] "GET /mis-de-50-aves-silvestres-fueron-recuperadas-en-la-localidad-de-tunjuelito.html HTTP/1.1" 200 806
31.13.103.1 - - [24/Dec/2023:10:22:40 -0500] "GET /mis-de-50-aves-silvestres-fueron-recuperadas-en-la-localidad-de-tunjuelito.html HTTP/1.1" 200 806
156.59.198.136 - - [24/Dec/2023:10:22:51 -0500] "GET /BLA/resoluciones/RESOLUCIONES%202010/3583.pdf HTTP/1.0" 200 512097
172.22.2.4 - - [24/Dec/2023:10:23:04 -0500] "GET /BLA/boletinlegal/conceptos.php HTTP/1.1" 200 7496
156.59.198.135 - - [24/Dec/2023:10:23:16 -0500] "GET /BLA/resoluciones/Notificaciones/AUTOS%202022/3112.pdf HTTP/1.0" 200 2752158
207.46.13.168 - - [24/Dec/2023:10:23:19 -0500] "GET /portaldeninos/?s=2024 HTTP/1.1" 200 85855
181.59.4.178 - - [24/Dec/2023:10:23:22 -0500] "GET /distrito-exalto-a-246-empresas-de-bogota-por-su-alto-desempeno-y-responsabilidad-ambiental-durante-2023.html HTTP/1.1" 200 1039
66.249.66.205 - - [24/Dec/2023:10:23:29 -0500] "GET /robots.txt HTTP/1.1" 404 1043
66.249.66.205 - - [24/Dec/2023:10:23:29 -0500] "GET /BLA/boletinlegal/Directivas/2014/Directiva%20No.%205%20del%2026%20de%20Diciembre%20de%202014.pdf HTTP/1.1" 304 -
156.59.198.136 - - [24/Dec/2023:10:23:39 -0500] "GET /BLA/resoluciones/RESOLUCIONES%202022/2340.pdf HTTP/1.0" 200 418017
156.59.198.136 - - [24/Dec/2023:10:24:03 -0500] "GET /BLA/resoluciones/RESOLUCIONES%202022/0484.pdf HTTP/1.0" 200 349706
156.59.198.135 - - [24/Dec/2023:10:24:28 -0500] "GET /BLA/resoluciones/Notificaciones/AUTOS%202022/4939.pdf HTTP/1.0" 200 394683
216.244.66.195 - - [24/Dec/2023:10:24:36 -0500] "GET /BLA/resoluciones/AUTOS%202023/0460.pdf HTTP/1.1" 200 482805
216.244.66.195 - - [24/Dec/2023:10:24:42 -0500] "GET /BLA/resoluciones/AUTOS%202023/2721.pdf HTTP/1.1" 200 397256
216.244.66.195 - - [24/Dec/2023:10:24:47 -0500] "GET /BLA/resoluciones/AUTOS%202023/3097.pdf HTTP/1.1" 200 1240359
156.59.198.136 - - [24/Dec/2023:10:24:51 -0500] "GET /BLA/resoluciones/RESOLUCIONES%202009/1860.pdf HTTP/1.0" 200 585724
216.244.66.195 - - [24/Dec/2023:10:24:53 -0500] "GET /BLA/resoluciones/AUTOS%202023/3181.pdf HTTP/1.1" 200 1396896
156.59.198.135 - - [24/Dec/2023:10:25:16 -0500] "GET /BLA/resoluciones/RESOLUCIONES%202010/4813.pdf HTTP/1.0" 200 398805
172.22.2.4 - - [24/Dec/2023:10:23:37 -0500] "HEAD /BLA/boletinlegal/ HTTP/1.1" 200 -
216.245.221.92 - - [24/Dec/2023:10:25:22 -0500] "HEAD / HTTP/1.1" 200 -
66.249.66.19 - - [24/Dec/2023:10:25:31 -0500] "GET /BLA/resoluciones/Notificaciones/RESOLUCIONES%202022/5144.pdf HTTP/1.1" 304 -
156.59.198.136 - - [24/Dec/2023:10:25:41 -0500] "GET /BLA/resoluciones/RESOLUCIONES%202010/3090.pdf HTTP/1.0" 200 122771
179.43.191.18 - - [24/Dec/2023:10:25:48 -0500] "GET /distrito-exalto-a-246-empresas-de-bogota-por-su-alto-desempeno-y-responsabilidad-ambiental-durante-2023.html HTTP/1.1" 200 1039
156.59.198.135 - - [24/Dec/2023:10:26:06 -0500] "GET /BLA/resoluciones/RESOLUCIONES%202022/0563.pdf HTTP/1.0" 200 469262
172.22.2.4 - - [24/Dec/2023:10:24:28 -0500] "GET /BLA/boletinlegal/ HTTP/1.1" 200 58172
201.245.192.253 - - [24/Dec/2023:10:26:16 -0500] "POST /kwsrmcab/Wsrmcab HTTP/1.1" 200 35160
201.245.192.253 - - [24/Dec/2023:10:26:19 -0500] "POST /kwsrmcab/Wsrmcab HTTP/1.1" 200 36895
156.59.198.136 - - [24/Dec/2023:10:26:29 -0500] "GET /BLA/resoluciones/Notificaciones/RESOLUCIONES%202022/3409.pdf HTTP/1.0" 200 428219
201.245.192.253 - - [24/Dec/2023:10:26:44 -0500] "POST /kwsrmcab/Wsrmcab  HTTP/1.1" 200 40220
156.59.198.136 - - [24/Dec/2023:10:26:54 -0500] "GET /BLA/resoluciones/RESOLUCIONES%202022/5145.pdf HTTP/1.0" 200 452740
156.59.198.136 - - [24/Dec/2023:10:27:19 -0500] "GET /BLA/resoluciones/RESOLUCIONES%202010/3756.pdf HTTP/1.0" 200 390196
156.59.198.136 - - [24/Dec/2023:10:27:43 -0500] "GET /BLA/resoluciones/Notificaciones/AUTOS%202022/4496.pdf HTTP/1.0" 200 376911
156.59.198.135 - - [24/Dec/2023:10:28:07 -0500] "GET /BLA/resoluciones/RESOLUCIONES%202010/7865.pdf HTTP/1.0" 200 37114
156.59.198.136 - - [24/Dec/2023:10:28:32 -0500] "GET /BLA/resoluciones/RESOLUCIONES%202014/2474.pdf HTTP/1.0" 200 596645
156.59.198.136 - - [24/Dec/2023:10:28:57 -0500] "GET /BLA/resoluciones/RESOLUCIONES%202008/1430.pdf HTTP/1.0" 200 207737
156.59.198.135 - - [24/Dec/2023:10:29:21 -0500] "GET /BLA/resoluciones/Notificaciones/AUTOS%202016/01470.doc HTTP/1.0" 200 361178
156.59.198.135 - - [24/Dec/2023:10:29:45 -0500] "GET /BLA/resoluciones/AUTOS%202010/2299.pdf HTTP/1.0" 200 2841813
156.59.198.136 - - [24/Dec/2023:10:30:10 -0500] "GET /BLA/resoluciones/RESOLUCIONES%202010/7371.pdf HTTP/1.0" 200 415131
201.245.192.253 - - [24/Dec/2023:10:30:16 -0500] "POST /kwsrmcab/Wsrmcab HTTP/1.1" 200 35160
216.245.221.92 - - [24/Dec/2023:10:30:22 -0500] "HEAD / HTTP/1.1" 200 -
201.245.192.253 - - [24/Dec/2023:10:30:20 -0500] "POST /kwsrmcab/Wsrmcab HTTP/1.1" 200 36895
156.59.198.136 - - [24/Dec/2023:10:30:34 -0500] "GET /BLA/resoluciones/RESOLUCIONES%202022/4358.pdf HTTP/1.0" 200 598607
156.59.198.135 - - [24/Dec/2023:10:30:58 -0500] "GET /BLA/resoluciones/RESOLUCIONES%202008/1769.pdf HTTP/1.0" 200 99272
31.13.103.2 - - [24/Dec/2023:10:31:01 -0500] "GET /distrito-exalta-48-arboles-patrimoniales-y-15-de-interes-publico-en-bogota.html HTTP/1.1" 200 816
172.22.2.4 - - [24/Dec/2023:10:29:27 -0500] "HEAD /BLA/boletinlegal/ HTTP/1.1" 200 -
156.59.198.135 - - [24/Dec/2023:10:31:22 -0500] "GET /BLA/resoluciones/RESOLUCIONES%202007/RES%202007%204201%20AL%204300/RESOLUCION%204208%20DE%202007.pdf HTTP/1.0" 200 274927
201.245.192.253 - - [24/Dec/2023:10:31:42 -0500] "POST /kwsrmcab/Wsrmcab  HTTP/1.1" 200 40220
156.59.198.136 - - [24/Dec/2023:10:31:47 -0500] "GET /BLA/resoluciones/RESOLUCIONES%202009/2086.pdf HTTP/1.0" 200 527903
172.22.2.4 - - [24/Dec/2023:10:30:18 -0500] "GET /BLA/boletinlegal/ HTTP/1.1" 200 58567
47.128.26.102 - - [24/Dec/2023:10:32:13 -0500] "GET /BLA/resoluciones/dlf/unknown.png HTTP/1.1" 200 266
47.128.26.102 - - [24/Dec/2023:10:32:13 -0500] "GET /BLA/resoluciones/dlf/dirup.png HTTP/1.1" 200 644
47.128.26.102 - - [24/Dec/2023:10:32:12 -0500] "GET /BLA/resoluciones/index.php?dir=RESOLUCIONES%202005%2FRES%202005%201451-1500%2F&order=desc&sort=size HTTP/1.1" 200 12367
216.244.66.195 - - [24/Dec/2023:10:32:29 -0500] "GET /robots.txt HTTP/1.1" 404 1018
156.59.198.135 - - [24/Dec/2023:10:32:35 -0500] "GET /BLA/resoluciones/RESOLUCIONES%202007/RES%202007%20401%20AL%20500/RESOLUCION%200439%20DE%202007.pdf HTTP/1.0" 200 447436
156.59.198.135 - - [24/Dec/2023:10:33:00 -0500] "GET /BLA/resoluciones/RESOLUCIONES%202009/1702.pdf HTTP/1.0" 200 634881
156.59.198.135 - - [24/Dec/2023:10:33:25 -0500] "GET /BLA/resoluciones/RESOLUCIONES%202010/2344.pdf HTTP/1.0" 200 475007
156.59.198.135 - - [24/Dec/2023:10:33:50 -0500] "GET /BLA/resoluciones/Notificaciones/AUTOS%202022/7874.pdf HTTP/1.0" 200 403768
156.59.198.136 - - [24/Dec/2023:10:34:15 -0500] "GET /BLA/resoluciones/RESOLUCIONES%202010/3627.pdf HTTP/1.0" 200 320712
156.59.198.136 - - [24/Dec/2023:10:34:39 -0500] "GET /BLA/resoluciones/RESOLUCIONES%202010/7716.pdf HTTP/1.0" 200 523958
156.59.198.135 - - [24/Dec/2023:10:35:04 -0500] "GET /BLA/resoluciones/AUTOS%202018/3447.pdf HTTP/1.0" 200 276374
216.245.221.92 - - [24/Dec/2023:10:35:22 -0500] "HEAD / HTTP/1.1" 200 -
156.59.198.136 - - [24/Dec/2023:10:35:27 -0500] "GET /BLA/resoluciones/Notificaciones/AUTOS%202022/6957.pdf HTTP/1.0" 200 479417
156.59.198.136 - - [24/Dec/2023:10:35:52 -0500] "GET /BLA/resoluciones/Notificaciones/RESOLUCIONES%202021/1783.pdf HTTP/1.0" 200 1087129
156.59.198.135 - - [24/Dec/2023:10:36:16 -0500] "GET /BLA/resoluciones/Notificaciones/AUTOS%202022/3087.pdf HTTP/1.0" 200 404801
201.245.192.253 - - [24/Dec/2023:10:36:16 -0500] "POST /kwsrmcab/Wsrmcab HTTP/1.1" 200 35160
201.245.192.253 - - [24/Dec/2023:10:36:19 -0500] "POST /kwsrmcab/Wsrmcab HTTP/1.1" 200 36895
156.59.198.136 - - [24/Dec/2023:10:36:41 -0500] "GET /BLA/resoluciones/RESOLUCIONES%202009/1541.pdf HTTP/1.0" 200 432233
201.245.192.253 - - [24/Dec/2023:10:36:41 -0500] "POST /kwsrmcab/Wsrmcab  HTTP/1.1" 200 40220
172.22.2.4 - - [24/Dec/2023:10:35:17 -0500] "HEAD /BLA/boletinlegal/ HTTP/1.1" 200 -
156.59.198.135 - - [24/Dec/2023:10:37:04 -0500] "GET /BLA/resoluciones/RESOLUCIONES%202007/RES%202007%203401%20AL%203500/RESOLUCION%203413%20DE%202007.pdf HTTP/1.0" 200 415233
156.59.198.136 - - [24/Dec/2023:10:37:29 -0500] "GET /BLA/resoluciones/RESOLUCIONES%202008/1273.pdf HTTP/1.0" 200 43190
172.22.2.4 - - [24/Dec/2023:10:36:08 -0500] "GET /BLA/boletinlegal/ HTTP/1.1" 200 58567
156.59.198.135 - - [24/Dec/2023:10:37:53 -0500] "GET /BLA/resoluciones/RESOLUCIONES%202010/4065.pdf HTTP/1.0" 200 488145
156.59.198.135 - - [24/Dec/2023:10:38:17 -0500] "GET /BLA/resoluciones/RESOLUCIONES%202016/2467.pdf HTTP/1.0" 200 364528
156.59.198.136 - - [24/Dec/2023:10:38:42 -0500] "GET /BLA/resoluciones/RESOLUCIONES%202014/2450.pdf HTTP/1.0" 200 626883
156.59.198.136 - - [24/Dec/2023:10:39:06 -0500] "GET /BLA/resoluciones/RESOLUCIONES%202010/7062.pdf HTTP/1.0" 200 754485
31.13.127.15 - - [24/Dec/2023:10:39:06 -0500] "GET /secretaria-de-ambiente-reconocio-entidades-por-sus-buenas-practicas-ambientales.html HTTP/1.1" 200 892
156.59.198.136 - - [24/Dec/2023:10:39:30 -0500] "GET /BLA/resoluciones/RESOLUCIONES%202022/1619.pdf HTTP/1.0" 200 1000504
156.59.198.135 - - [24/Dec/2023:10:39:54 -0500] "GET /BLA/resoluciones/RESOLUCIONES%202009/1973.pdf HTTP/1.0" 200 592590
201.245.192.253 - - [24/Dec/2023:10:40:15 -0500] "POST /kwsrmcab/Wsrmcab HTTP/1.1" 200 35160
156.59.198.135 - - [24/Dec/2023:10:40:19 -0500] "GET /BLA/resoluciones/RESOLUCIONES%202010/2104.pdf HTTP/1.0" 200 482877
216.245.221.92 - - [24/Dec/2023:10:40:22 -0500] "HEAD / HTTP/1.1" 200 -
201.245.192.253 - - [24/Dec/2023:10:40:20 -0500] "POST /kwsrmcab/Wsrmcab HTTP/1.1" 200 36895
156.59.198.136 - - [24/Dec/2023:10:40:43 -0500] "GET /BLA/resoluciones/RESOLUCIONES%202022/2627.pdf HTTP/1.0" 200 333932
186.28.122.130 - - [24/Dec/2023:10:40:46 -0500] "GET /distrito-exalto-a-246-empresas-de-bogota-por-su-alto-desempeno-y-responsabilidad-ambiental-durante-2023.html HTTP/1.1" 200 1039
156.59.198.136 - - [24/Dec/2023:10:41:07 -0500] "GET /BLA/resoluciones/AUTOS%202018/4522.pdf HTTP/1.0" 200 672307
156.59.198.135 - - [24/Dec/2023:10:41:32 -0500] "GET /BLA/resoluciones/RESOLUCIONES%202008/1145.pdf HTTP/1.0" 200 203445
201.245.192.253 - - [24/Dec/2023:10:41:39 -0500] "POST /kwsrmcab/Wsrmcab  HTTP/1.1" 200 40220
156.59.198.135 - - [24/Dec/2023:10:41:56 -0500] "GET /BLA/resoluciones/RESOLUCIONES%202010/2158.pdf HTTP/1.0" 200 514905
156.59.198.135 - - [24/Dec/2023:10:42:20 -0500] "GET /BLA/resoluciones/Notificaciones/RESOLUCIONES%202021/2520.pdf HTTP/1.0" 200 355995
156.59.198.135 - - [24/Dec/2023:10:42:44 -0500] "GET /BLA/resoluciones/RESOLUCIONES%202010/4672.pdf HTTP/1.0" 200 749595
172.22.2.4 - - [24/Dec/2023:10:41:07 -0500] "HEAD /BLA/boletinlegal/ HTTP/1.1" 200 -
66.249.66.19 - - [24/Dec/2023:10:42:59 -0500] "GET /BLA/resoluciones/AUTOS%202017/3477.pdf HTTP/1.1" 200 4766490
156.59.198.136 - - [24/Dec/2023:10:43:08 -0500] "GET /BLA/resoluciones/RESOLUCIONES%202009/1244.pdf HTTP/1.0" 200 710362
156.59.198.135 - - [24/Dec/2023:10:43:32 -0500] "GET /BLA/resoluciones/RESOLUCIONES%202022/0173.pdf HTTP/1.0" 200 426684
172.22.2.4 - - [24/Dec/2023:10:41:58 -0500] "GET /BLA/boletinlegal/ HTTP/1.1" 200 58172
156.59.198.135 - - [24/Dec/2023:10:43:57 -0500] "GET /BLA/resoluciones/RESOLUCIONES%202008/1329.pdf HTTP/1.0" 200 206018
156.59.198.136 - - [24/Dec/2023:10:44:21 -0500] "GET /BLA/resoluciones/RESOLUCIONES%202010/3807.pdf HTTP/1.0" 200 553855
156.59.198.135 - - [24/Dec/2023:10:44:45 -0500] "GET /BLA/resoluciones/Notificaciones/RESOLUCIONES%202022/4412.pdf HTTP/1.0" 200 347820
156.59.198.136 - - [24/Dec/2023:10:45:10 -0500] "GET /BLA/resoluciones/RESOLUCIONES%202010/2302.pdf HTTP/1.0" 200 489303
216.245.221.92 - - [24/Dec/2023:10:45:22 -0500] "HEAD / HTTP/1.1" 200 -
156.59.198.136 - - [24/Dec/2023:10:45:34 -0500] "GET /BLA/resoluciones/RESOLUCIONES%202007/RES%202007%204101%20AL%204200/RESOLUCION%204122%20DE%202007.pdf HTTP/1.0" 200 574089
69.63.184.1 - - [24/Dec/2023:10:45:37 -0500] "GET /images/participacion%2019-12-23.jpg HTTP/1.1" 200 73861
173.252.79.4 - - [24/Dec/2023:10:45:48 -0500] "GET /68-de-ejecucion-lleva-el-plan-de-accion-para-las-familias-de-bogota-que-va-del-2021-al-2025.html HTTP/1.1" 200 811
66.220.149.1 - - [24/Dec/2023:10:45:50 -0500] "GET /68-de-ejecucion-lleva-el-plan-de-accion-para-las-familias-de-bogota-que-va-del-2021-al-2025.html HTTP/1.1" 206 811
66.220.149.119 - - [24/Dec/2023:10:45:52 -0500] "GET /68-de-ejecucion-lleva-el-plan-de-accion-para-las-familias-de-bogota-que-va-del-2021-al-2025.html HTTP/1.1" 200 811
66.220.149.8 - - [24/Dec/2023:10:45:52 -0500] "GET /68-de-ejecucion-lleva-el-plan-de-accion-para-las-familias-de-bogota-que-va-del-2021-al-2025.html HTTP/1.1" 200 811
156.59.198.136 - - [24/Dec/2023:10:45:58 -0500] "GET /BLA/resoluciones/Notificaciones/AUTOS%202022/7572.pdf HTTP/1.0" 200 446746
66.220.149.23 - - [24/Dec/2023:10:46:02 -0500] "GET /68-de-ejecucion-lleva-el-plan-de-accion-para-las-familias-de-bogota-que-va-del-2021-al-2025.html HTTP/1.1" 200 811
156.59.198.136 - - [24/Dec/2023:10:46:22 -0500] "GET /BLA/resoluciones/RESOLUCIONES%202009/1829.pdf HTTP/1.0" 200 503168
173.252.87.120 - - [24/Dec/2023:10:46:26 -0500] "GET /images/agua%20bogota.jpg HTTP/1.1" 200 74348
201.245.192.253 - - [24/Dec/2023:10:46:38 -0500] "POST /kwsrmcab/Wsrmcab  HTTP/1.1" 200 40220
173.252.79.7 - - [24/Dec/2023:10:46:46 -0500] "GET /bogota-y-cundinamarca-consolidan-pagos-por-servicios-ambientales-con-nueva-firma-para-la-proteccion-del-agua.html HTTP/1.1" 200 821
156.59.198.136 - - [24/Dec/2023:10:46:46 -0500] "GET /BLA/resoluciones/RESOLUCIONES%202014/3780.pdf HTTP/1.0" 200 569074
156.59.198.136 - - [24/Dec/2023:10:47:10 -0500] "GET /BLA/resoluciones/RESOLUCIONES%202010/7397.pdf HTTP/1.0" 200 328982
156.59.198.136 - - [24/Dec/2023:10:47:35 -0500] "GET /BLA/resoluciones/RESOLUCIONES%202010/4728.pdf HTTP/1.0" 200 400332
156.59.198.135 - - [24/Dec/2023:10:47:59 -0500] "GET /BLA/resoluciones/RESOLUCIONES%202022/3836.pdf HTTP/1.0" 200 371620
156.59.198.136 - - [24/Dec/2023:10:48:23 -0500] "GET /BLA/resoluciones/RESOLUCIONES%202022/1428.pdf HTTP/1.0" 200 351372
172.22.2.4 - - [24/Dec/2023:10:46:57 -0500] "HEAD /BLA/boletinlegal/ HTTP/1.1" 200 -
47.128.111.246 - - [24/Dec/2023:10:48:48 -0500] "GET /BLA/resoluciones/index.php?dir=RESOLUCIONES%202003%2FRES%202003%201701-1750%2F&order=desc&sort=date HTTP/1.1" 200 12146
47.128.111.246 - - [24/Dec/2023:10:48:49 -0500] "GET /BLA/resoluciones/dlf/unknown.png HTTP/1.1" 200 266
47.128.111.246 - - [24/Dec/2023:10:48:50 -0500] "GET /BLA/resoluciones/dlf/dirup.png HTTP/1.1" 200 644
156.59.198.136 - - [24/Dec/2023:10:49:11 -0500] "GET /BLA/resoluciones/RESOLUCIONES%202010/2731.pdf HTTP/1.0" 200 322402
172.22.2.4 - - [24/Dec/2023:10:47:48 -0500] "GET /BLA/boletinlegal/ HTTP/1.1" 200 58567
156.59.198.136 - - [24/Dec/2023:10:49:36 -0500] "GET /BLA/resoluciones/Notificaciones/AUTOS%202022/5020.pdf HTTP/1.0" 200 370067
156.59.198.135 - - [24/Dec/2023:10:50:00 -0500] "GET /BLA/resoluciones/Notificaciones/RESOLUCIONES%202021/2472.pdf HTTP/1.0" 200 402276
216.245.221.92 - - [24/Dec/2023:10:50:22 -0500] "HEAD / HTTP/1.1" 200 -
156.59.198.136 - - [24/Dec/2023:10:50:26 -0500] "GET /BLA/resoluciones/RESOLUCIONES%202010/3762.pdf HTTP/1.0" 200 527367
156.59.198.136 - - [24/Dec/2023:10:50:50 -0500] "GET /BLA/resoluciones/Notificaciones/AUTOS%202016/02269.doc HTTP/1.0" 200 395059
66.249.66.19 - - [24/Dec/2023:10:51:01 -0500] "GET /Publicaciones/2023EE241556.pdf HTTP/1.1" 404 228
156.59.198.136 - - [24/Dec/2023:10:51:14 -0500] "GET /BLA/resoluciones/RESOLUCIONES%202007/RES%202007%201801%20AL%201900/RESOLUCION%201825%20DE%202007.pdf HTTP/1.0" 200 65839
156.59.198.135 - - [24/Dec/2023:10:51:38 -0500] "GET /BLA/resoluciones/RESOLUCIONES%202010/6969.pdf HTTP/1.0" 200 77793
201.245.192.253 - - [24/Dec/2023:10:51:36 -0500] "POST /kwsrmcab/Wsrmcab  HTTP/1.1" 200 40220
156.59.198.136 - - [24/Dec/2023:10:52:02 -0500] "GET /BLA/resoluciones/Notificaciones/RESOLUCIONES%202021/0894.pdf HTTP/1.0" 200 531784
156.59.198.135 - - [24/Dec/2023:10:52:27 -0500] "GET /BLA/resoluciones/RESOLUCIONES%202007/RES%202007%204101%20AL%204200/RESOLUCION%204187%20DE%202007.pdf HTTP/1.0" 200 210465
156.59.198.135 - - [24/Dec/2023:10:52:51 -0500] "GET /BLA/resoluciones/RESOLUCIONES%202014/2855.pdf HTTP/1.0" 200 516876
156.59.198.135 - - [24/Dec/2023:10:53:15 -0500] "GET /BLA/resoluciones/Notificaciones/RESOLUCIONES%202022/5432.pdf HTTP/1.0" 200 4382927
156.59.198.136 - - [24/Dec/2023:10:53:39 -0500] "GET /BLA/resoluciones/RESOLUCIONES%202022/3425.pdf HTTP/1.0" 200 467200
137.184.85.24 - - [24/Dec/2023:10:54:03 -0500] "GET /Temporary_Listen_Addresses HTTP/1.1" 404 1018
137.184.85.24 - - [24/Dec/2023:10:54:03 -0500] "GET /Pages/log/ HTTP/1.1" 404 1018
156.59.198.135 - - [24/Dec/2023:10:54:04 -0500] "GET /BLA/resoluciones/Notificaciones/AUTOS%202022/3868.pdf HTTP/1.0" 200 363564
172.22.2.4 - - [24/Dec/2023:10:52:47 -0500] "HEAD /BLA/boletinlegal/ HTTP/1.1" 200 -
156.59.198.136 - - [24/Dec/2023:10:54:28 -0500] "GET /BLA/resoluciones/RESOLUCIONES%202014/2748.pdf HTTP/1.0" 200 726522
156.59.198.136 - - [24/Dec/2023:10:54:52 -0500] "GET /BLA/resoluciones/RESOLUCIONES%202022/0155.pdf HTTP/1.0" 200 335324
156.59.198.136 - - [24/Dec/2023:10:55:16 -0500] "GET /BLA/resoluciones/RESOLUCIONES%202007/RES%202007%202801%20AL%202900/RESOLUCION%202899%20DE%202007.pdf HTTP/1.0" 200 527439
172.22.2.4 - - [24/Dec/2023:10:53:38 -0500] "GET /BLA/boletinlegal/ HTTP/1.1" 200 60502
216.245.221.92 - - [24/Dec/2023:10:55:22 -0500] "HEAD / HTTP/1.1" 200 -
156.59.198.136 - - [24/Dec/2023:10:55:41 -0500] "GET /BLA/resoluciones/Notificaciones/RESOLUCIONES%202022/3100.pdf HTTP/1.0" 200 1069963
156.59.198.135 - - [24/Dec/2023:10:56:05 -0500] "GET /BLA/resoluciones/Notificaciones/AUTOS%202016/02656.pdf HTTP/1.0" 200 356863
156.59.198.136 - - [24/Dec/2023:10:56:29 -0500] "GET /BLA/resoluciones/RESOLUCIONES%202022/5209.pdf HTTP/1.0" 200 268158
201.245.192.253 - - [24/Dec/2023:10:56:35 -0500] "POST /kwsrmcab/Wsrmcab  HTTP/1.1" 200 40220
156.59.198.135 - - [24/Dec/2023:10:56:54 -0500] "GET /BLA/resoluciones/RESOLUCIONES%202010/4374.pdf HTTP/1.0" 200 515247
156.59.198.136 - - [24/Dec/2023:10:57:18 -0500] "GET /BLA/resoluciones/Notificaciones/AUTOS%202022/1327.pdf HTTP/1.0" 200 1095111
156.59.198.135 - - [24/Dec/2023:10:57:42 -0500] "GET /BLA/resoluciones/RESOLUCIONES%202022/2974.pdf HTTP/1.0" 200 443497
156.59.198.136 - - [24/Dec/2023:10:58:07 -0500] "GET /BLA/resoluciones/Notificaciones/RESOLUCIONES%202022/4355.pdf HTTP/1.0" 200 483148
156.59.198.135 - - [24/Dec/2023:10:58:32 -0500] "GET /BLA/resoluciones/RESOLUCIONES%202010/2898.pdf HTTP/1.0" 200 497397
156.59.198.136 - - [24/Dec/2023:10:58:56 -0500] "GET /BLA/resoluciones/RESOLUCIONES%202014/2996.pdf HTTP/1.0" 200 303477
156.59.198.135 - - [24/Dec/2023:10:59:21 -0500] "GET /BLA/resoluciones/RESOLUCIONES%202009/1255.pdf HTTP/1.0" 200 731166
156.59.198.136 - - [24/Dec/2023:10:59:46 -0500] "GET /BLA/resoluciones/Notificaciones/RESOLUCIONES%202022/3225.pdf HTTP/1.0" 200 504781
156.59.198.136 - - [24/Dec/2023:11:00:10 -0500] "GET /BLA/resoluciones/RESOLUCIONES%202010/7855.pdf HTTP/1.0" 200 35595
172.22.2.4 - - [24/Dec/2023:10:58:37 -0500] "HEAD /BLA/boletinlegal/ HTTP/1.1" 200 -
181.60.189.157 - - [24/Dec/2023:11:00:21 -0500] "GET /distrito-exalto-a-246-empresas-de-bogota-por-su-alto-desempeno-y-responsabilidad-ambiental-durante-2023.html HTTP/1.1" 200 1039
216.245.221.92 - - [24/Dec/2023:11:00:22 -0500] "HEAD / HTTP/1.1" 200 -
156.59.198.136 - - [24/Dec/2023:11:00:35 -0500] "GET /BLA/resoluciones/Notificaciones/RESOLUCIONES%202021/2560.pdf HTTP/1.0" 200 347843
156.59.198.136 - - [24/Dec/2023:11:00:59 -0500] "GET /BLA/resoluciones/Notificaciones/AUTOS%202022/7596.pdf HTTP/1.0" 200 455841
172.22.2.4 - - [24/Dec/2023:10:59:28 -0500] "GET /BLA/boletinlegal/ HTTP/1.1" 200 60502
156.59.198.136 - - [24/Dec/2023:11:01:24 -0500] "GET /BLA/resoluciones/RESOLUCIONES%202010/4295.pdf HTTP/1.0" 200 539818
201.245.192.253 - - [24/Dec/2023:11:01:34 -0500] "POST /kwsrmcab/Wsrmcab  HTTP/1.1" 200 40220
156.59.198.136 - - [24/Dec/2023:11:01:48 -0500] "GET /BLA/resoluciones/RESOLUCIONES%202010/3280.pdf HTTP/1.0" 200 750091
156.59.198.135 - - [24/Dec/2023:11:02:12 -0500] "GET /BLA/resoluciones/RESOLUCIONES%202010/3460.pdf HTTP/1.0" 200 449305
156.59.198.135 - - [24/Dec/2023:11:02:36 -0500] "GET /BLA/resoluciones/AUTOS%202007/3790.pdf HTTP/1.0" 200 206294
156.59.198.135 - - [24/Dec/2023:11:03:02 -0500] "GET /BLA/resoluciones/RESOLUCIONES%202022/1890.pdf HTTP/1.0" 200 361628
156.59.198.135 - - [24/Dec/2023:11:03:26 -0500] "GET /BLA/resoluciones/RESOLUCIONES%202010/2715.pdf HTTP/1.0" 200 381606
173.252.79.5 - - [24/Dec/2023:11:03:40 -0500] "GET /distrito-exalta-48-arboles-patrimoniales-y-15-de-interes-publico-en-bogota.html HTTP/1.1" 200 816
173.252.79.4 - - [24/Dec/2023:11:03:40 -0500] "GET /distrito-exalta-48-arboles-patrimoniales-y-15-de-interes-publico-en-bogota.html HTTP/1.1" 200 816
173.252.79.6 - - [24/Dec/2023:11:03:41 -0500] "GET /distrito-exalta-48-arboles-patrimoniales-y-15-de-interes-publico-en-bogota.html HTTP/1.1" 200 816
156.59.198.135 - - [24/Dec/2023:11:03:51 -0500] "GET /BLA/resoluciones/Notificaciones/RESOLUCIONES%202022/2107.pdf HTTP/1.0" 200 379459
51.222.253.2 - - [24/Dec/2023:11:04:05 -0500] "GET /robots.txt HTTP/1.1" 404 1018
156.59.198.136 - - [24/Dec/2023:11:04:16 -0500] "GET /BLA/resoluciones/RESOLUCIONES%202010/1477.pdf HTTP/1.0" 200 282067
186.102.44.104 - - [24/Dec/2023:11:04:17 -0500] "OPTIONS /kwssiamovil/sm/setfile/f? HTTP/1.1" 200 13
186.102.44.104 - - [24/Dec/2023:11:04:17 -0500] "POST /kwssiamovil/sm/setfile/f? HTTP/1.1" 200 381
186.102.44.104 - - [24/Dec/2023:11:04:30 -0500] "GET /kwssiamovil/sm/acme/a?s=U2FsdGVkX180/0tU+Z43xeqfOnb5KmiIFC7Elja2EWbp4egu5CjQG0+S5SYzlfWORZtHBUiAC8aYXH/Qt4ZF2tScppoz9reEocYZ8WO8iLW+/aC2gKZghljAE/E4prC/LkLnDWy42h0m8PnUBne6mAUP8BSGOHITocqPf2mtYcSJr/4Cs5e2U9ALEmts8AlEh+CR0HJeGrWy6HGX+4vqBqw/oaP5CGXxdcbJcJt+SU/2frZqizP1MEOguun1yUQVfgnix07+S4SdWkPqtarqVA==&u=U2FsdGVkX19dHImHfAvuK/OovNCM1wCp18V/X16WDgEDLkpesy6eb/PZFKlBc4jM&y=U2FsdGVkX1/DNGZMTvYjCtN/kStcnzg08l3HjFAHccMoz/TcxykEHyuYgEs/FxY/ HTTP/1.1" 200 26
186.102.44.104 - - [24/Dec/2023:11:04:30 -0500] "GET /kwssiamovil/sm/acme/a?s=U2FsdGVkX1+7aAVMTfJmsHJBJi7qBWByMiynnihEsZwMh68FI9hTg5aXUR5r1RnrHBnctyXD9sqXG7DVLA00UmQcJSRjr3n8v48sVHPlwvRxa+rF/XgWgDlFBOmHAI3aw5KQLqzcPgXGn9slv/V5CWIFNbt6QXu4cNJ+SqrnSWvAIGjJcx9bFTBARqpKD+MZvXQTzlMfh/hNz8MpHpKGSUgXFIx8MqJQ/nlNP7rzEqHLjlABW339j6x7Hf8pKj81l1+PziVgoqIg0CmzvLNfkCp172RAPqnKZUVXemo14jVPgmVO2MAz9I4gpjRP1N3sRhNj8H8n7AMxx3p5eXS6gLMhANehEnG48TM4pvC/QHMrFANE+NuiGzbKNmzb3/9YfVb1Yt9phR3tXoEHRTvhidUYw4wcyd6Nyb3hrNhWnmfKiT2WlUbsjzuXoB1Ivepzdv1qyOr0glkxzMdWT27fR3kDzYywo9JmRzBqIj84tHAejsHcZA5LWxYVsj7xLmefNkyiNqA5gEhqGryETQUS73zxzPAZ82gPd6Jgw7koQ71qeB4zmWaLQ7SiGQe43Jnqsg14tJwROKSgDOeHGdtHVolknAfNPy1UmmR2+QCIckeJJYxhPNVwdul+gIjXkR/aSVaVuAIc6Uvpu4R4LxAE3tyGJx6fUc0oXLh0oVbHhY4OH0Oosp+VFVI7NC2pXatJnHcGUfXIydrf/SnSDZXKCnPjmo2SfCYtboj8KRUasdiH8WBOlbXz7ugAmH+qspdyY67eGGe/z4fTctMAOW2WL0PmpOecrl76MI0CAhawsvdhxqQQz7JqSFj2bIklSga54aE/TgumEfWVefMgWA50OW2mkHJjwEB+GgQ6n+gakeeGPti2R2oQxPFt7Pnzh8ervWYNruPP5Iz7A0ZkU/l61isyouZAHv8KQA1NDmg1k2o9BWrNdps/j7jREf5hTQskXMUrhApBH7zq2yY4S94Z8pz+wWAIJq2oJv8uxLQqmlLqblT2YpseLNVFgfATpkYHHuNQ8YDdJB2GwS+GezQq2u4t4N5RDVeuYuJ5GnhsX5yOqpz0rfb9QeDTpsQObSx2tGo4g1Pfbb/+deZTtVXuZgIkX5GdLVSS1rZIHwMVbLuEvIwpxZTvBvoReFtFwNYRC5Sf1ZWlFHn5yGKoHHpRdUvRgygkBVkLY2Z0UaQaN85W4EiBftbLDRL/+zTJeJvsrkNkqa01Y2FSEGc79EpN2V00uQSzEQruf6vUukOrBMTDGHkVluTXRCy0p4fOqSlf1suUMp1VkJ/YfjL4DF+08eMZgtdGoaexTRxhE4RBr9rCoWE/bfZV70HbH3YsDJEFM7Z7wdY8Gh3Lz6ghc2L+3UR+7xln7quun/xYJ7wFgpMwWlkjwWez1LQaTOWsF2m7Sp15v94XFxUSpnl22KQA6O6XdMw/mBX1kJA6wgZ+HrmJNPowKxiOIjfAvy9djRJU5tdPnoacS1qolt+Gal8ELmoszwfR07kLu91rN7dC0JsWh7E9Avi8PQgCS3w/6xqADM68nwx2rJ6096uLzxTAwMJP8Jqfh0CJ2e2LyA1mc6G+2N+WaXd6hY8vRqjXxN9P3XwFk1nD1z07JecTWZe29hIrqMEpYWGCUbex06V5JMDQPTDKvkz+OqzhyvZq44fDkaYnFVkyIOsUsR8/nel4jVW/GsALD4lqUjOmrxdslFCkO0LKvxy2NY6chlrOntVd&u=U2FsdGVkX19dHImHfAvuK/OovNCM1wCp18V/X16WDgEDLkpesy6eb/PZFKlBc4jM&y=U2FsdGVkX1/DNGZMTvYjCtN/kStcnzg08l3HjFAHccMoz/TcxykEHyuYgEs/FxY/ HTTP/1.1" 200 26
186.102.44.104 - - [24/Dec/2023:11:04:30 -0500] "GET /kwssiamovil/sm/acme/a?s=U2FsdGVkX19YDoVNA7Rq32GiNHKlYBUCQ6r85WFrx/qhJPP41BgHRsWFy+gHMbP64zIs9NkiNbRqJWfZrPOJlC/Ox5nUDZKKBBotM8wPcDmfPig/4vNKIH3N91n0RAdpdrWzkcquZqtuICNoefmOGKdOjRjaU9WyvDvIn5B+bWM=&u=U2FsdGVkX19dHImHfAvuK/OovNCM1wCp18V/X16WDgEDLkpesy6eb/PZFKlBc4jM&y=U2FsdGVkX1/DNGZMTvYjCtN/kStcnzg08l3HjFAHccMoz/TcxykEHyuYgEs/FxY/ HTTP/1.1" 200 26
186.102.44.104 - - [24/Dec/2023:11:04:31 -0500] "GET /kwssiamovil/sm/acme/a?s=U2FsdGVkX1/QLXB5ZFvWv7oba2+zaEdm6LJUIYBDQJ7YO9PK5AchTGcSElAsaPfgC3kBFvMF3kDmcgRW7ICawM8wJxRVU5Ix6pT7Yxb2XJjk/hhtTmz3WVIf6+jaZR/gy3aWDzNGmnkoZqCwH6/TAhkqcsssVPPMq3iNz/Hh9TA=&u=U2FsdGVkX19dHImHfAvuK/OovNCM1wCp18V/X16WDgEDLkpesy6eb/PZFKlBc4jM&y=U2FsdGVkX1/DNGZMTvYjCtN/kStcnzg08l3HjFAHccMoz/TcxykEHyuYgEs/FxY/ HTTP/1.1" 200 26
186.102.44.104 - - [24/Dec/2023:11:04:31 -0500] "GET /kwssiamovil/sm/acme/a?s=U2FsdGVkX1+qoBiCX0Okl2e9ghCsWA0Bmiq/Se3UCs+MgzQyZ3rGPfH6WZHNCA8zsFwEPTOz97I4jT3LfuQdBlp6GMug1tlPhS2HqX+Nvay+4tg+wWGAHFd45JyH5nfIMncSy07WfxKhp4b3Jobm83iZyWBG0XZyH9ktylVZgto=&u=U2FsdGVkX19dHImHfAvuK/OovNCM1wCp18V/X16WDgEDLkpesy6eb/PZFKlBc4jM&y=U2FsdGVkX1/DNGZMTvYjCtN/kStcnzg08l3HjFAHccMoz/TcxykEHyuYgEs/FxY/ HTTP/1.1" 200 26
186.102.44.104 - - [24/Dec/2023:11:04:31 -0500] "GET /kwssiamovil/sm/acme/a?s=U2FsdGVkX19TEXrDnPi0vbhve6Y+pQYSfj1dYRml4xDj5A6opSJh9632sAhuOexI9MaOPXB34Xg4iiMbm/6kGa3c4rtM3+kEqoASXaY8O8rVFe/rBah2riZzttHdjYCIlFFEKHtDQx3yd11CSVumWzOLbCnE8wmcsEoXI3AbHlwUHGWe1gCouHlZ88F5utNPs2ZsFJijnIZ27Fb6yhXN7w==&u=U2FsdGVkX19dHImHfAvuK/OovNCM1wCp18V/X16WDgEDLkpesy6eb/PZFKlBc4jM&y=U2FsdGVkX1/DNGZMTvYjCtN/kStcnzg08l3HjFAHccMoz/TcxykEHyuYgEs/FxY/ HTTP/1.1" 200 26
186.102.44.104 - - [24/Dec/2023:11:04:31 -0500] "GET /kwssiamovil/sm/acme/a?s=U2FsdGVkX18oS65pU4EsQDm06szItBjfdWYF+fPWhMpH7rRAsLx1Yc4kA050hGFVqGuJvTUlvlPk01q1l7EIG3KRVVJL7keUtUetJmQlx8mVJ8SRXuTrzR2NqsOa4ezuq/XKlb7ZB5ymEQKU4FVubpW6DXGh2GTe8dC7FVTLQsz07E1QeE3xJxzPhY35P5/+AbGNJ82QUPUrLXZTbD7Yso4n9b6zPoxKhmbiSRGrMIeOVRL94QOMuGfG5bD6x6s/6BgNwE+UWZhB9fqc7P9ytlrAzJYfLyusCJEA/M9+MUGwd/fCdUA2877OB46Ywde029zi8eauZysXWgL2rukWJMDe5YDPecc9Vex3P6XjA+Q3mgb0DK8qOOeZJehrGbL+Yf6QhjdlY8fu10KkqCs+KQxhJgAQrUEVo3TEsJOQa58eiLmImGyDS1lx6sFmQPjoAdTamT7IgycTBhY8g3UlyMk6v0GsNdZmJubdPpC2bnsiKu4niswujgbCvjafqRew&u=U2FsdGVkX19dHImHfAvuK/OovNCM1wCp18V/X16WDgEDLkpesy6eb/PZFKlBc4jM&y=U2FsdGVkX1/DNGZMTvYjCtN/kStcnzg08l3HjFAHccMoz/TcxykEHyuYgEs/FxY/ HTTP/1.1" 200 25
186.102.44.104 - - [24/Dec/2023:11:04:32 -0500] "GET /kwssiamovil/sm/acme/a?s=U2FsdGVkX1/DGlx5MuDd1oyeXYWnVAbo01FVSsWGSdFK/GcvhF3oNVxBnOv2uf08UmaTVxAKcZsONFmzdOcWukXDdBo4O2IC7DxxG5jiMnJ5I5cGkVvz2Ocuq4EcURlaZ6sILyfwUlSCT9Rbog1nYdOehVzejt+vDhJ77sy/yZ3Etzp2cWYd+ySvvv0pOx+7uf+o4Ued7TWYbAW0f3lLnAX5KPhw6UPASobNF5kq/CGK/O+PRfSjeh0x4DY5roX+M/wn9n4SPo/qng4s7GKAqI1tw21Fen2v9ldUxm0u8ildq36aMEfllb1ANjubVYip7FrCQYjPHzcBAJgiPzZ7ntCZ9TDfF2CSbIFXYWduHYnILw4uxrCEG2f2OjO2lR4VEJ7y0XizR2aCWm3a/hf4L35S4Hdi+pmxq6bS6k9K0792p2xVi7tzdFAKkXf1fsp6j0NGgpvZ87froSUscsS1nHY6/NvZfFNDcyVEvOwttjA=&u=U2FsdGVkX19dHImHfAvuK/OovNCM1wCp18V/X16WDgEDLkpesy6eb/PZFKlBc4jM&y=U2FsdGVkX1/DNGZMTvYjCtN/kStcnzg08l3HjFAHccMoz/TcxykEHyuYgEs/FxY/ HTTP/1.1" 200 26
186.102.15.42 - - [24/Dec/2023:11:04:37 -0500] "GET /kwssiamovil/sm/ldap/au?x=U2FsdGVkX1+KpEExGTggOJKoq0qG2Wmq56z/NIT/uOsxBjYVjVRWnv9EVV7l56Kp&y=U2FsdGVkX18w18rMtm8OSRDdGpULYCXJ3cNkHWsCOUICdLzZqB+wG2barzdf/gnZ HTTP/1.1" 200 31
156.59.198.135 - - [24/Dec/2023:11:04:39 -0500] "GET /BLA/resoluciones/AUTOS%202018/4345.pdf HTTP/1.0" 200 251908
186.102.15.42 - - [24/Dec/2023:11:04:54 -0500] "GET /kwssiamovil/sm/ldap/au?x=U2FsdGVkX1/4NEr1jx02VAc2lO1XouGMBkBHcG2T69+ph7SoH+84inXwe6zh6/hn&y=U2FsdGVkX19b9mq8wVKNa1SR26ruZfiylS93nTjCLCihqt2jUarJGeb2o1MFe2wA HTTP/1.1" 200 30
186.102.15.42 - - [24/Dec/2023:11:04:54 -0500] "GET /kwssiamovil/sm/acme/s?s=U2FsdGVkX1+9cW6ifNPJdKutLga7wZtvvD7qKVH7yT5FL4q3pzPbizSawziLNoGfVGV0cfpWpnsW5jItH1SW6p6uJw/DuqWZeVRXmPF10mQ=&u=U2FsdGVkX1/xluCY4WS6EZVDqN7fAe5J2yTE1fXIsjQ=&y=U2FsdGVkX19b9mq8wVKNa1SR26ruZfiylS93nTjCLCihqt2jUarJGeb2o1MFe2wA HTTP/1.1" 200 97
186.102.15.42 - - [24/Dec/2023:11:04:54 -0500] "GET /kwssiamovil/sm/acme/s?s=U2FsdGVkX1+BnNnotnmrgwrdqXUrRh2oiwX4TiZm/2tAPyTEkpHwrP/l6YOEoy+UBGy160rhVvH8Y14eei9ekALtDXYeHkEGX5VyaaLnlQVxIOPq5WjqRGKOoZSapveqBArNx2L+/M3LQ3hZzfKUvDRMLnuCFKJnEpIZc5Qs4acJbOdS5S8tRDh69Wnqx0kxkYZBqmbcJxYxlLBgb/RhF60b74EtXI52iDz0K5wAW0mTrTcGE7smd3oDmjX/s4J1ss1oxSd7mZcVjOxxW39LxP11CYo9ocJh/0a3BCBagzEHZwSWqoWP5qk/8COAYeWiJIFjR+c2+aweIiBucu24FdpMgxLTG6twupJC/61yNXUjs9psp5eMxIm/c8ZlVer9uIIahTF9H8xJj52rElWkpXHpIc1sSFsJm5SnqhDys4d40a/EZ7DAOeO6EeUcGU4gOa9eG3D2n2NuBJ4Ihp3EvDKuA5op8tjGEe3EJtfGbX3h2Iykmzz/53gveMChvqZbVNN0LtYZDT9243yHZBDQffvDFI7IFQ0zEufpjmUsoXjX+BHQM4srglc++wOsXr7sVQwPC7gST3kfZLRyK35xZ4NLslOE51FrHVwkZVZ81C3S4v7teTjsrjC5hi4x2bBG3w2j//SNnjt05zE26lgTRhRnu4C/DOQjAvKv/qbCX4dy3T9ed7KddQ2nYA/Z9KACKcB+Dc3+iRyfrsc2JGZNHMBfEdlzDaDrtaIFSDoAZraZ9M+zsrqxUxNLGy4knyPN67cCeN+NSTVk7im/6HpQo8MVfZjI5Y0Wjokd7jZ/awFLQJOaDF9YMRSwmXFJxEICN1eyka6g9nudwZPN0cATIoidn0uBb0pxIEk+U6eTeRRoBl3qS5Ifs4XZzPZPzPwpxjdKtvdpN2CBHdinBnMPlCgxKGHeMlcazG7cGqnByLcVBVgDU8J7X+0sH7Sa6+1WcvNXkNoiDi5AqQxt4JEndxQX0pl9Z22dxMbNcpByr5r3kKIuT786LTP0JmxNYe4/ZGzDva0w4Eg42s5deAM4l2u7JKZL+N5jC5B2cTzLeR6TmSdQ8kVUFuZBPPqJtdN7E0TjxshjJDujmsIwln5b+1/UwU52Sk/38zb1iNCOkhlGASTOIvOQrLv0oo1GoDHjnydoyz8vD4GQR2mgEw9TSONNYPnLJRf6u+2CIdLRQzazeLoYk1nDj371y+DJjCtNY+uIJw7l2NbU8ZNFKDwx8oyVlr3WD0xtjfa44SM0CKFDLbugnSuz7+njjbWPYMjheuFVQ+sxkvz4rMMgar5iJDiiARTR6Lc7oeJ8Yq7/Fva/tP47LPQWGDPHd/wuWzRpTA0hbRNoXOfLTHLpDo1jk3dIgVWYnLPSHaWYyA+z2JMWf2po9bI1r8exkpqt0pGDzsFimrVIA+BRAQXxP/GVQecExgsbE8pSR7WByso44v8dPIX8B+Y3/jeckk7gjI+rbJ8whdpVbn0oR8tRP6OMwgzzAhlSPCXVXJbLbijQF39msCMeS6ZUszFqQnrLnm2rjaOceg1jlKHmxkc/XkLVRtBUAk4eKWJGB12Q1HZ8BJsBpoYk5zgkQTpucyUekTgmfTizBR1BYivNB2EQIGAu9ocMS0OHhMYD/sbT2H6V+gAlV4x7EoMr0nDkmwK1AGW7Hkvh6OiNzooKvyL2iTuM/beLvVEM7cayPLQhn5xjZULUijPjiNwjsikruQdZRzrYhAJ7Es5TOBmN2aya5QLpVGb/OWHeKDVDW1Ez4hPKagw=&u=U2FsdGVkX1/xluCY4WS6EZVDqN7fAe5J2yTE1fXIsjQ=&y=U2FsdGVkX19b9mq8wVKNa1SR26ruZfiylS93nTjCLCihqt2jUarJGeb2o1MFe2wA HTTP/1.1" 200 2020
186.102.15.42 - - [24/Dec/2023:11:04:54 -0500] "GET /kwssiamovil/sm/acme/s?s=U2FsdGVkX1/iWIGGAwQGH7ihpOSMfU5pmze4NHRro94I8hf6QoPhvmnOsbee6V0wqkESe81oR+4X/8o3is8OLPLFW3s9n8I7EozhA0ram+gjxq9oPeM9imkutyLvBwqkQmrn6LK1zUBvnsyZ4JvXKjQHHPKAor+V4yv6eMk7qm/zjminNx4/fjFotLRZx+dEJFrsgrQU9uBZzpgj4+eiNxS6slWOnLQ3OOLSFTiG1dltOZHnSV+9GRtfmehEHFKuvLF5xcjySdHEtY5o+AWws0teBvf3wXBmyzvXNzFM0zCZ7lHqWBb/0jS7AZbpdGCctb/s80bL31e7OivPWQ4NF4n+YGE0DqciCEM49KBwX3hkc/0PLUsEBd1a/BZlMmy/wFRMzghxEIbtWuhqBHgAJMtYt4Xn9ZkMzvihIStQvsfpR+Z8cOCFuOgGNsKmAJD2sLOC0nUHv78UXEI7r4fiZKVJ5nFLmzDVsMQAESHP9IWVg8ZoKEPrspqzgRmnlogdNAFeNxvKiIFh9R0a0zBR8k0/uZw3Hytwde2s0X4gS7hHJmULWv8BWZvq8IRufHKOPbgsucX6mAiFR8KkZ32sq7+jxGOBUXOpfd5g2c5Is3XSwRQZzKE2/+owL7UlHhNew333uGZWuXW5RKSo+huJ4cD32XJ5qdWndV0yFCfnDhCNDHggHOTm7+unTHSHB34loD/iEib1/eODwOybzueuccfPZ+81PMeJjwilA7GTn60MUOyB/y7GWAFPzYguqy64&u=U2FsdGVkX1/xluCY4WS6EZVDqN7fAe5J2yTE1fXIsjQ=&y=U2FsdGVkX19b9mq8wVKNa1SR26ruZfiylS93nTjCLCihqt2jUarJGeb2o1MFe2wA HTTP/1.1" 200 208
186.102.15.42 - - [24/Dec/2023:11:04:55 -0500] "GET /kwssiamovil/sm/cjson/pre?f=1&x=U2FsdGVkX1/4NEr1jx02VAc2lO1XouGMBkBHcG2T69+ph7SoH+84inXwe6zh6/hn HTTP/1.1" 200 31032
156.59.198.135 - - [24/Dec/2023:11:05:03 -0500] "GET /BLA/resoluciones/RESOLUCIONES%202010/7531.pdf HTTP/1.0" 200 130465
216.245.221.92 - - [24/Dec/2023:11:05:22 -0500] "HEAD / HTTP/1.1" 200 -
156.59.198.135 - - [24/Dec/2023:11:05:27 -0500] "GET /BLA/resoluciones/Notificaciones/RESOLUCIONES%202022/4005.pdf HTTP/1.0" 200 355410
156.59.198.135 - - [24/Dec/2023:11:05:52 -0500] "GET /BLA/resoluciones/AUTOS%202018/5894.pdf HTTP/1.0" 200 620996
172.22.2.4 - - [24/Dec/2023:11:04:28 -0500] "HEAD /BLA/boletinlegal/ HTTP/1.1" 200 -
156.59.198.135 - - [24/Dec/2023:11:06:16 -0500] "GET /BLA/resoluciones/RESOLUCIONES%202007/RES%202007%204101%20AL%204200/RESOLUCION%204108%20DE%202007.pdf HTTP/1.0" 200 1144204
173.252.83.6 - - [24/Dec/2023:11:06:23 -0500] "GET /images/reconocimiento%20practicas%20ambientales.jpg HTTP/1.1" 200 63397
201.245.192.253 - - [24/Dec/2023:11:06:32 -0500] "POST /kwsrmcab/Wsrmcab  HTTP/1.1" 200 40220
156.59.198.136 - - [24/Dec/2023:11:06:40 -0500] "GET /BLA/resoluciones/RESOLUCIONES%202010/2866.pdf HTTP/1.0" 200 874867
172.22.2.4 - - [24/Dec/2023:11:05:19 -0500] "GET /BLA/boletinlegal/ HTTP/1.1" 200 60502
156.59.198.135 - - [24/Dec/2023:11:07:05 -0500] "GET /BLA/resoluciones/RESOLUCIONES%202010/2516.pdf HTTP/1.0" 200 390472
156.59.198.136 - - [24/Dec/2023:11:07:28 -0500] "GET /BLA/resoluciones/RESOLUCIONES%202010/3202.pdf HTTP/1.0" 200 539316
156.59.198.136 - - [24/Dec/2023:11:07:52 -0500] "GET /BLA/resoluciones/RESOLUCIONES%202010/3434.pdf HTTP/1.0" 200 744219
216.244.66.195 - - [24/Dec/2023:11:08:10 -0500] "GET /BLA/resoluciones/AUTOS%202023/0996.pdf HTTP/1.1" 200 522792
156.59.198.135 - - [24/Dec/2023:11:08:16 -0500] "GET /BLA/resoluciones/RESOLUCIONES%202007/RES%202007%201401%20AL%201500/RESOLUCION%201426%20DE%202007.pdf HTTP/1.0" 200 203152
66.249.66.76 - - [24/Dec/2023:11:08:28 -0500] "GET /portaldeninos/2018/06/06/hola-mundo-3-2-2/ HTTP/1.1" 200 94319
156.59.198.136 - - [24/Dec/2023:11:08:40 -0500] "GET /BLA/resoluciones/RESOLUCIONES%202010/7078.pdf HTTP/1.0" 200 136855
216.244.66.195 - - [24/Dec/2023:11:08:55 -0500] "GET /BLA/resoluciones/AUTOS%202023/3115.pdf HTTP/1.1" 200 3836180
156.59.198.135 - - [24/Dec/2023:11:09:04 -0500] "GET /BLA/resoluciones/RESOLUCIONES%202010/3487.pdf HTTP/1.0" 200 502121
156.59.198.136 - - [24/Dec/2023:11:09:29 -0500] "GET /BLA/resoluciones/RESOLUCIONES%202010/2292.pdf HTTP/1.0" 200 876090
216.244.66.195 - - [24/Dec/2023:11:09:45 -0500] "GET /BLA/resoluciones/AUTOS%202023/3320.pdf HTTP/1.1" 200 895222
156.59.198.135 - - [24/Dec/2023:11:09:54 -0500] "GET /BLA/resoluciones/RESOLUCIONES%202008/2764.pdf HTTP/1.0" 200 189837
156.59.198.136 - - [24/Dec/2023:11:10:18 -0500] "GET /BLA/resoluciones/RESOLUCIONES%202007/RES%202007%20401%20AL%20500/RESOLUCION%200404%20DE%202007.pdf HTTP/1.0" 200 2014454
216.245.221.92 - - [24/Dec/2023:11:10:22 -0500] "HEAD / HTTP/1.1" 200 -
216.244.66.195 - - [24/Dec/2023:11:10:28 -0500] "GET /BLA/resoluciones/AUTOS%202023/3385.pdf HTTP/1.1" 200 3604118
207.46.13.130 - - [24/Dec/2023:11:10:39 -0500] "GET /BLA/resoluciones/RESOLUCIONES%202018/3323.PDF HTTP/1.1" 304 -
156.59.198.136 - - [24/Dec/2023:11:10:43 -0500] "GET /BLA/resoluciones/Notificaciones/RESOLUCIONES%202021/1796.pdf HTTP/1.0" 200 346633
156.59.198.135 - - [24/Dec/2023:11:11:07 -0500] "GET /BLA/resoluciones/RESOLUCIONES%202010/2221.pdf HTTP/1.0" 200 493912
216.244.66.195 - - [24/Dec/2023:11:11:25 -0500] "GET /BLA/resoluciones/AUTOS%202023/3654.pdf HTTP/1.1" 200 3300933
156.59.198.135 - - [24/Dec/2023:11:11:31 -0500] "GET /BLA/resoluciones/RESOLUCIONES%202008/2652.pdf HTTP/1.0" 200 201743
201.245.192.253 - - [24/Dec/2023:11:11:31 -0500] "POST /kwsrmcab/Wsrmcab  HTTP/1.1" 200 40220
156.59.198.135 - - [24/Dec/2023:11:11:55 -0500] "GET /BLA/resoluciones/RESOLUCIONES%202014/3381.pdf HTTP/1.0" 200 657676
172.22.2.4 - - [24/Dec/2023:11:10:18 -0500] "HEAD /BLA/boletinlegal/ HTTP/1.1" 200 -
207.46.13.36 - - [24/Dec/2023:11:12:02 -0500] "GET /atencion-mujeres-que-reverdecen-ya-inicia-la-segunda-fase.html HTTP/1.1" 200 857
216.244.66.195 - - [24/Dec/2023:11:12:19 -0500] "GET /BLA/resoluciones/AUTOS%202023/3858.pdf HTTP/1.1" 200 3240511
156.59.198.136 - - [24/Dec/2023:11:12:21 -0500] "GET /BLA/resoluciones/RESOLUCIONES%202010/4042.pdf HTTP/1.0" 200 849867
156.59.198.136 - - [24/Dec/2023:11:12:45 -0500] "GET /BLA/resoluciones/Notificaciones/RESOLUCIONES%202022/0855.pdf HTTP/1.0" 200 357857
172.22.2.4 - - [24/Dec/2023:11:11:08 -0500] "GET /BLA/boletinlegal/ HTTP/1.1" 200 60910
216.244.66.195 - - [24/Dec/2023:11:12:59 -0500] "GET /BLA/resoluciones/RESOLUCIONES%202017/2030.pdf HTTP/1.1" 200 4320687
156.59.198.136 - - [24/Dec/2023:11:13:09 -0500] "GET /BLA/resoluciones/RESOLUCIONES%202008/2746.pdf HTTP/1.0" 200 186022
156.59.198.136 - - [24/Dec/2023:11:13:34 -0500] "GET /BLA/resoluciones/RESOLUCIONES%202010/5177.pdf HTTP/1.0" 200 1400080
20.0.145.106 - - [24/Dec/2023:11:13:38 -0500] "GET //.env HTTP/1.1" 404 1018
216.244.66.195 - - [24/Dec/2023:11:13:44 -0500] "GET /BLA/resoluciones/RESOLUCIONES%202019/0711.pdf HTTP/1.1" 200 431958
156.59.198.136 - - [24/Dec/2023:11:13:58 -0500] "GET /BLA/resoluciones/Notificaciones/AUTOS%202022/6334.pdf HTTP/1.0" 200 407481
69.171.231.4 - - [24/Dec/2023:11:13:59 -0500] "GET /bogota-y-cundinamarca-consolidan-pagos-por-servicios-ambientales-con-nueva-firma-para-la-proteccion-del-agua.html HTTP/1.1" 200 821
69.171.231.4 - - [24/Dec/2023:11:14:00 -0500] "GET /bogota-y-cundinamarca-consolidan-pagos-por-servicios-ambientales-con-nueva-firma-para-la-proteccion-del-agua.html HTTP/1.1" 200 821
216.244.66.195 - - [24/Dec/2023:11:14:19 -0500] "GET /BLA/resoluciones/RESOLUCIONES%202019/1005.pdf HTTP/1.1" 200 273043
156.59.198.135 - - [24/Dec/2023:11:14:22 -0500] "GET /BLA/resoluciones/RESOLUCIONES%202010/5566.pdf HTTP/1.0" 200 505359
156.59.198.135 - - [24/Dec/2023:11:14:46 -0500] "GET /BLA/resoluciones/RESOLUCIONES%202010/7528.pdf HTTP/1.0" 200 391946
216.244.66.195 - - [24/Dec/2023:11:14:48 -0500] "GET /BLA/resoluciones/RESOLUCIONES%202019/1059.pdf HTTP/1.1" 200 714832
156.59.198.135 - - [24/Dec/2023:11:15:10 -0500] "GET /BLA/resoluciones/RESOLUCIONES%202010/4664.pdf HTTP/1.0" 200 497453
216.244.66.195 - - [24/Dec/2023:11:15:19 -0500] "GET /BLA/resoluciones/RESOLUCIONES%202019/1976.pdf HTTP/1.1" 200 333020
216.245.221.92 - - [24/Dec/2023:11:15:22 -0500] "HEAD / HTTP/1.1" 200 -
156.59.198.136 - - [24/Dec/2023:11:15:34 -0500] "GET /BLA/resoluciones/Notificaciones/AUTOS%202022/1271.pdf HTTP/1.0" 200 406444
216.244.66.195 - - [24/Dec/2023:11:15:48 -0500] "GET /BLA/resoluciones/RESOLUCIONES%202019/2514.pdf HTTP/1.1" 200 291658
156.59.198.135 - - [24/Dec/2023:11:15:58 -0500] "GET /BLA/resoluciones/RESOLUCIONES%202022/0884.pdf HTTP/1.0" 200 361525
201.245.192.253 - - [24/Dec/2023:11:16:16 -0500] "POST /kwsrmcab/Wsrmcab HTTP/1.1" 200 35454
201.245.192.253 - - [24/Dec/2023:11:16:19 -0500] "POST /kwsrmcab/Wsrmcab HTTP/1.1" 200 36899
156.59.198.136 - - [24/Dec/2023:11:16:22 -0500] "GET /BLA/resoluciones/RESOLUCIONES%202009/1720.pdf HTTP/1.0" 200 1209439
201.245.192.253 - - [24/Dec/2023:11:16:30 -0500] "POST /kwsrmcab/Wsrmcab  HTTP/1.1" 200 40220
156.59.198.136 - - [24/Dec/2023:11:16:47 -0500] "GET /BLA/resoluciones/RESOLUCIONES%202010/5292.pdf HTTP/1.0" 200 748891
156.59.198.135 - - [24/Dec/2023:11:17:12 -0500] "GET /BLA/resoluciones/RESOLUCIONES%202009/2045.pdf HTTP/1.0" 200 697159
156.59.198.136 - - [24/Dec/2023:11:17:35 -0500] "GET /BLA/resoluciones/RESOLUCIONES%202010/5356.pdf HTTP/1.0" 200 620622
52.167.144.220 - - [24/Dec/2023:11:17:40 -0500] "GET /BLA/resoluciones/RESOLUCIONES%202023/1897.pdf HTTP/1.1" 200 462857
172.22.2.4 - - [24/Dec/2023:11:16:08 -0500] "HEAD /BLA/boletinlegal/ HTTP/1.1" 200 -
156.59.198.136 - - [24/Dec/2023:11:18:00 -0500] "GET /BLA/resoluciones/RESOLUCIONES%202007/RES%202007%203801%20AL%203900/RESOLUCION%203871%20DE%202007.pdf HTTP/1.0" 200 248446
156.59.198.136 - - [24/Dec/2023:11:18:24 -0500] "GET /BLA/resoluciones/AUTOS%202007/3851.pdf HTTP/1.0" 200 90580
172.22.2.4 - - [24/Dec/2023:11:16:59 -0500] "GET /BLA/boletinlegal/ HTTP/1.1" 200 60502
156.59.198.136 - - [24/Dec/2023:11:18:48 -0500] "GET /BLA/resoluciones/RESOLUCIONES%202010/RESOLUCION%204848%20DE%202010.PDF HTTP/1.0" 200 57331
156.59.198.135 - - [24/Dec/2023:11:19:12 -0500] "GET /BLA/resoluciones/Notificaciones/RESOLUCIONES%202022/1558.pdf HTTP/1.0" 200 413448
69.171.249.5 - - [24/Dec/2023:11:19:16 -0500] "GET /mis-de-50-aves-silvestres-fueron-recuperadas-en-la-localidad-de-tunjuelito.html HTTP/1.1" 200 806
156.59.198.135 - - [24/Dec/2023:11:19:36 -0500] "GET /BLA/resoluciones/RESOLUCIONES%202010/2282.pdf HTTP/1.0" 200 36796
216.244.66.195 - - [24/Dec/2023:11:19:46 -0500] "GET /robots.txt HTTP/1.1" 404 1018
157.55.39.8 - - [24/Dec/2023:11:19:49 -0500] "GET /sipse/faces/autenticacion.xhtml HTTP/1.1" 200 12729
156.59.198.135 - - [24/Dec/2023:11:20:01 -0500] "GET /BLA/resoluciones/RESOLUCIONES%202008/1821.pdf HTTP/1.0" 200 185959
201.245.192.253 - - [24/Dec/2023:11:20:15 -0500] "POST /kwsrmcab/Wsrmcab HTTP/1.1" 200 35454
52.167.144.186 - - [24/Dec/2023:11:20:19 -0500] "GET /BLA/resoluciones/AUTOS%202018/3206.pdf HTTP/1.1" 304 -
216.245.221.92 - - [24/Dec/2023:11:20:22 -0500] "HEAD / HTTP/1.1" 200 -
201.245.192.253 - - [24/Dec/2023:11:20:21 -0500] "POST /kwsrmcab/Wsrmcab HTTP/1.1" 200 36899
156.59.198.135 - - [24/Dec/2023:11:20:25 -0500] "GET /BLA/resoluciones/RESOLUCIONES%202008/3038.pdf HTTP/1.0" 200 200358
156.59.198.136 - - [24/Dec/2023:11:20:51 -0500] "GET /BLA/resoluciones/RESOLUCIONES%202010/2976.pdf HTTP/1.0" 200 1002021
156.59.198.135 - - [24/Dec/2023:11:21:15 -0500] "GET /BLA/resoluciones/Notificaciones/AUTOS%202016/02117.pdf HTTP/1.0" 200 340421
181.69.1.104 - - [24/Dec/2023:11:21:15 -0500] "GET /mis-de-50-aves-silvestres-fueron-recuperadas-en-la-localidad-de-tunjuelito.html HTTP/1.1" 200 806
201.245.192.253 - - [24/Dec/2023:11:21:29 -0500] "POST /kwsrmcab/Wsrmcab  HTTP/1.1" 200 40220
156.59.198.136 - - [24/Dec/2023:11:21:39 -0500] "GET /BLA/resoluciones/RESOLUCIONES%202010/7524.pdf HTTP/1.0" 200 219340
35.187.98.121 - - [24/Dec/2023:11:21:46 -0500] "GET / HTTP/1.1" 200 319
52.167.144.189 - - [24/Dec/2023:11:22:00 -0500] "GET /sipse/faces/index.xhtml HTTP/1.1" 200 677
156.59.198.136 - - [24/Dec/2023:11:22:03 -0500] "GET /BLA/resoluciones/RESOLUCIONES%202009/2069.pdf HTTP/1.0" 200 459995
156.59.198.136 - - [24/Dec/2023:11:22:28 -0500] "GET /BLA/resoluciones/AUTOS%202018/5859.pdf HTTP/1.0" 200 234425
156.59.198.135 - - [24/Dec/2023:11:22:54 -0500] "GET /BLA/resoluciones/RESOLUCIONES%202010/7012.pdf HTTP/1.0" 200 391484
156.59.198.135 - - [24/Dec/2023:11:23:17 -0500] "GET /BLA/resoluciones/RESOLUCIONES%202008/2765.pdf HTTP/1.0" 200 198278
172.22.2.4 - - [24/Dec/2023:11:21:58 -0500] "HEAD /BLA/boletinlegal/ HTTP/1.1" 200 -
156.59.198.135 - - [24/Dec/2023:11:23:41 -0500] "GET /BLA/resoluciones/RESOLUCIONES%202010/4907.pdf HTTP/1.0" 200 631678
156.59.198.135 - - [24/Dec/2023:11:24:06 -0500] "GET /BLA/resoluciones/Notificaciones/AUTOS%202022/05247.pdf HTTP/1.0" 200 3578875
172.22.2.4 - - [24/Dec/2023:11:22:48 -0500] "GET /BLA/boletinlegal/ HTTP/1.1" 200 58567
156.59.198.136 - - [24/Dec/2023:11:24:29 -0500] "GET /BLA/resoluciones/RESOLUCIONES%202008/2587.pdf HTTP/1.0" 200 144069
156.59.198.136 - - [24/Dec/2023:11:24:54 -0500] "GET /BLA/resoluciones/RESOLUCIONES%202010/2386.pdf HTTP/1.0" 200 437592
156.59.198.136 - - [24/Dec/2023:11:25:19 -0500] "GET /BLA/resoluciones/RESOLUCIONES%202010/7302.pdf HTTP/1.0" 200 349689
216.245.221.92 - - [24/Dec/2023:11:25:22 -0500] "HEAD / HTTP/1.1" 200 -
156.59.198.136 - - [24/Dec/2023:11:25:44 -0500] "GET /BLA/resoluciones/RESOLUCIONES%202010/7413.pdf HTTP/1.0" 200 124652
156.59.198.135 - - [24/Dec/2023:11:26:08 -0500] "GET /BLA/resoluciones/Notificaciones/AUTOS%202016/02417.doc HTTP/1.0" 200 387640
201.245.192.253 - - [24/Dec/2023:11:26:15 -0500] "POST /kwsrmcab/Wsrmcab HTTP/1.1" 200 35454
201.245.192.253 - - [24/Dec/2023:11:26:18 -0500] "POST /kwsrmcab/Wsrmcab HTTP/1.1" 200 36899
66.249.66.21 - - [24/Dec/2023:11:26:29 -0500] "GET /BLA/resoluciones/AUTOS%202014/5803.pdf HTTP/1.1" 304 -
201.245.192.253 - - [24/Dec/2023:11:26:28 -0500] "POST /kwsrmcab/Wsrmcab  HTTP/1.1" 200 40220
156.59.198.136 - - [24/Dec/2023:11:26:32 -0500] "GET /BLA/resoluciones/RESOLUCIONES%202010/4183.pdf HTTP/1.0" 200 545195
156.59.198.135 - - [24/Dec/2023:11:26:58 -0500] "GET /BLA/resoluciones/Notificaciones/RESOLUCIONES%202022/2142.pdf HTTP/1.0" 200 373165
66.220.149.7 - - [24/Dec/2023:11:27:09 -0500] "GET /images/Musgo%2017%20-%2012%20-%202023.jpeg HTTP/1.1" 200 66238
156.59.198.136 - - [24/Dec/2023:11:27:22 -0500] "GET /BLA/resoluciones/RESOLUCIONES%202010/4171.pdf HTTP/1.0" 200 755723
156.59.198.136 - - [24/Dec/2023:11:27:45 -0500] "GET /BLA/resoluciones/AUTOS%202007/3763.pdf HTTP/1.0" 200 203030
172.22.2.4 - - [24/Dec/2023:11:28:03 -0500] "GET /BLA/boletinlegal/conceptos/2020/46.pdf HTTP/1.1" 304 -
