69.171.231.9 - - [24/Dec/2023:15:19:06 -0500] "GET /moda-circular-manos-reparadoras-la-estrategia-del-distrito-para-restaurar-prendas-usadas.html HTTP/1.1" 200 901
156.59.198.136 - - [24/Dec/2023:15:19:10 -0500] "GET /BLA/resoluciones/AUTOS%202022/5335.pdf HTTP/1.0" 200 414434
156.59.198.135 - - [24/Dec/2023:15:19:36 -0500] "GET /BLA/resoluciones/AUTOS%202022/7980.pdf HTTP/1.0" 200 743232
156.59.198.135 - - [24/Dec/2023:15:20:01 -0500] "GET /BLA/resoluciones/AUTOS%202022/7237.pdf HTTP/1.0" 200 391502
201.245.192.253 - - [24/Dec/2023:15:20:14 -0500] "POST /kwsrmcab/Wsrmcab HTTP/1.1" 200 36003
216.245.221.92 - - [24/Dec/2023:15:20:21 -0500] "HEAD / HTTP/1.1" 200 -
201.245.192.253 - - [24/Dec/2023:15:20:19 -0500] "POST /kwsrmcab/Wsrmcab HTTP/1.1" 200 36896
207.46.13.31 - - [24/Dec/2023:15:20:23 -0500] "GET /BLA/resoluciones/RESOLUCIONES%202021/3250.pdf HTTP/1.1" 200 507941
156.59.198.136 - - [24/Dec/2023:15:20:25 -0500] "GET /BLA/resoluciones/AUTOS%202022/4524.pdf HTTP/1.0" 200 376351
201.245.192.253 - - [24/Dec/2023:15:20:25 -0500] "POST /kwsrmcab/Wsrmcab  HTTP/1.1" 200 40220
156.59.198.136 - - [24/Dec/2023:15:20:49 -0500] "GET /BLA/resoluciones/AUTOS%202022/4478.pdf HTTP/1.0" 200 431273
181.53.12.49 - - [24/Dec/2023:15:21:10 -0500] "GET /mis-de-50-aves-silvestres-fueron-recuperadas-en-la-localidad-de-tunjuelito.html HTTP/1.1" 200 806
156.59.198.135 - - [24/Dec/2023:15:21:13 -0500] "GET /BLA/resoluciones/AUTOS%202022/4064.pdf HTTP/1.0" 200 356129
156.59.198.135 - - [24/Dec/2023:15:21:38 -0500] "GET /BLA/resoluciones/AUTOS%202022/6717.pdf HTTP/1.0" 200 387238
156.59.198.136 - - [24/Dec/2023:15:22:03 -0500] "GET /BLA/resoluciones/AUTOS%202022/8146.pdf HTTP/1.0" 200 404042
199.16.157.183 - - [24/Dec/2023:15:22:05 -0500] "GET /robots.txt HTTP/1.1" 404 1034
199.16.157.183 - - [24/Dec/2023:15:22:05 -0500] "GET /images/pl%C3%A1sticos%20foto%201..jpg HTTP/1.1" 404 1034
156.59.198.135 - - [24/Dec/2023:15:22:28 -0500] "GET /BLA/resoluciones/AUTOS%202022/6020.pdf HTTP/1.0" 200 457304
156.59.198.136 - - [24/Dec/2023:15:22:52 -0500] "GET /BLA/resoluciones/AUTOS%202022/7311.pdf HTTP/1.0" 200 394826
172.22.2.4 - - [24/Dec/2023:15:21:12 -0500] "HEAD /BLA/boletinlegal/ HTTP/1.1" 200 -
172.22.2.4 - - [24/Dec/2023:15:23:06 -0500] "GET /BLA/boletinlegal/actos.php HTTP/1.1" 200 9682
156.59.198.136 - - [24/Dec/2023:15:23:16 -0500] "GET /BLA/resoluciones/AUTOS%202022/4584.pdf HTTP/1.0" 200 361497
156.59.198.136 - - [24/Dec/2023:15:23:40 -0500] "GET /BLA/resoluciones/AUTOS%202022/4512.pdf HTTP/1.0" 200 395209
172.22.2.4 - - [24/Dec/2023:15:22:03 -0500] "GET /BLA/boletinlegal/ HTTP/1.1" 200 58172
156.59.198.135 - - [24/Dec/2023:15:24:04 -0500] "GET /BLA/resoluciones/AUTOS%202022/6225.pdf HTTP/1.0" 200 391693
156.59.198.135 - - [24/Dec/2023:15:24:29 -0500] "GET /BLA/resoluciones/AUTOS%202022/6075.pdf HTTP/1.0" 200 372150
156.59.198.135 - - [24/Dec/2023:15:24:53 -0500] "GET /BLA/resoluciones/AUTOS%202022/7401.pdf HTTP/1.0" 200 836955
52.167.144.24 - - [24/Dec/2023:15:25:13 -0500] "GET /BLA/resoluciones/RESOLUCIONES%202021/4973.pdf HTTP/1.1" 200 373217
156.59.198.136 - - [24/Dec/2023:15:25:18 -0500] "GET /BLA/resoluciones/AUTOS%202022/4417.pdf HTTP/1.0" 200 751605
216.245.221.92 - - [24/Dec/2023:15:25:21 -0500] "HEAD / HTTP/1.1" 200 -
201.245.192.253 - - [24/Dec/2023:15:25:23 -0500] "POST /kwsrmcab/Wsrmcab  HTTP/1.1" 200 40220
156.59.198.136 - - [24/Dec/2023:15:25:43 -0500] "GET /BLA/resoluciones/Notificaciones/RESOLUCIONES%202016/01097.pdf HTTP/1.0" 200 381587
114.119.130.33 - - [24/Dec/2023:15:25:59 -0500] "GET /robots.txt HTTP/1.1" 404 1018
69.63.184.8 - - [24/Dec/2023:15:26:02 -0500] "GET /images/Aves%20SDA.jpeg HTTP/1.1" 200 75104
156.59.198.136 - - [24/Dec/2023:15:26:06 -0500] "GET /BLA/resoluciones/AUTOS%202022/7591.pdf HTTP/1.0" 200 325279
69.63.184.118 - - [24/Dec/2023:15:26:14 -0500] "GET /images/agua%20bogota.jpg HTTP/1.1" 200 74348
201.245.192.253 - - [24/Dec/2023:15:26:15 -0500] "POST /kwsrmcab/Wsrmcab HTTP/1.1" 200 36003
201.245.192.253 - - [24/Dec/2023:15:26:18 -0500] "POST /kwsrmcab/Wsrmcab HTTP/1.1" 200 36896
173.252.95.7 - - [24/Dec/2023:15:26:20 -0500] "GET /mis-de-50-aves-silvestres-fueron-recuperadas-en-la-localidad-de-tunjuelito.html HTTP/1.1" 200 806
173.252.95.19 - - [24/Dec/2023:15:26:20 -0500] "GET /mis-de-50-aves-silvestres-fueron-recuperadas-en-la-localidad-de-tunjuelito.html HTTP/1.1" 200 806
173.252.95.11 - - [24/Dec/2023:15:26:28 -0500] "GET /bogota-y-cundinamarca-consolidan-pagos-por-servicios-ambientales-con-nueva-firma-para-la-proteccion-del-agua.html HTTP/1.1" 200 821
156.59.198.135 - - [24/Dec/2023:15:26:31 -0500] "GET /BLA/resoluciones/AUTOS%202022/7217.pdf HTTP/1.0" 200 355123
156.59.198.136 - - [24/Dec/2023:15:26:55 -0500] "GET /BLA/resoluciones/AUTOS%202022/3770.pdf HTTP/1.0" 200 1440007
156.59.198.136 - - [24/Dec/2023:15:27:20 -0500] "GET /BLA/resoluciones/AUTOS%202022/4551.pdf HTTP/1.0" 200 342869
156.59.198.135 - - [24/Dec/2023:15:27:43 -0500] "GET /BLA/resoluciones/AUTOS%202022/4056.pdf HTTP/1.0" 200 549807
156.59.198.136 - - [24/Dec/2023:15:28:07 -0500] "GET /BLA/resoluciones/AUTOS%202022/4692.pdf HTTP/1.0" 200 1083615
156.59.198.136 - - [24/Dec/2023:15:28:32 -0500] "GET /BLA/resoluciones/AUTOS%202022/7032.pdf HTTP/1.0" 200 479901
172.22.2.4 - - [24/Dec/2023:15:27:02 -0500] "HEAD /BLA/boletinlegal/ HTTP/1.1" 200 -
40.77.167.41 - - [24/Dec/2023:15:28:52 -0500] "GET /secretaria-de-ambiente-reconocio-entidades-por-sus-buenas-practicas-ambientales.html HTTP/1.1" 200 892
156.59.198.136 - - [24/Dec/2023:15:28:56 -0500] "GET /BLA/resoluciones/AUTOS%202022/6531.pdf HTTP/1.0" 200 379484
156.59.198.135 - - [24/Dec/2023:15:29:21 -0500] "GET /BLA/resoluciones/AUTOS%202022/8358.pdf HTTP/1.0" 200 392415
52.167.144.9 - - [24/Dec/2023:15:29:24 -0500] "GET /BLA/resoluciones/RESOLUCIONES%202021/0543.pdf HTTP/1.1" 200 1153249
172.22.2.4 - - [24/Dec/2023:15:27:53 -0500] "GET /BLA/boletinlegal/ HTTP/1.1" 200 58567
168.119.253.85 - - [24/Dec/2023:15:29:33 -0500] "GET / HTTP/1.1" 200 4720
168.119.253.85 - - [24/Dec/2023:15:29:35 -0500] "GET / HTTP/1.1" 200 319
156.59.198.136 - - [24/Dec/2023:15:29:45 -0500] "GET /BLA/resoluciones/AUTOS%202022/8428.pdf HTTP/1.0" 200 473586
31.13.103.9 - - [24/Dec/2023:15:29:56 -0500] "GET /images/presentaci\xc3\xb3n%20convenci\xc3\xb3n.jpg HTTP/1.1" 404 1034
156.59.198.135 - - [24/Dec/2023:15:30:09 -0500] "GET /BLA/resoluciones/AUTOS%202022/6455.pdf HTTP/1.0" 200 455019
201.245.192.253 - - [24/Dec/2023:15:30:14 -0500] "POST /kwsrmcab/Wsrmcab HTTP/1.1" 200 36003
216.245.221.92 - - [24/Dec/2023:15:30:21 -0500] "HEAD / HTTP/1.1" 200 -
201.245.192.253 - - [24/Dec/2023:15:30:19 -0500] "POST /kwsrmcab/Wsrmcab HTTP/1.1" 200 36896
201.245.192.253 - - [24/Dec/2023:15:30:21 -0500] "POST /kwsrmcab/Wsrmcab  HTTP/1.1" 200 40220
156.59.198.135 - - [24/Dec/2023:15:30:34 -0500] "GET /BLA/resoluciones/AUTOS%202022/8248.pdf HTTP/1.0" 200 470039
156.59.198.135 - - [24/Dec/2023:15:30:58 -0500] "GET /BLA/resoluciones/Notificaciones/RESOLUCIONES%202016/00525.doc HTTP/1.0" 200 191995
156.59.198.136 - - [24/Dec/2023:15:31:22 -0500] "GET /BLA/resoluciones/AUTOS%202022/6965.pdf HTTP/1.0" 200 424090
156.59.198.135 - - [24/Dec/2023:15:31:47 -0500] "GET /BLA/resoluciones/AUTOS%202022/8536.pdf HTTP/1.0" 200 490578
156.59.198.135 - - [24/Dec/2023:15:32:12 -0500] "GET /BLA/resoluciones/AUTOS%202022/5594.pdf HTTP/1.0" 200 394480
156.59.198.136 - - [24/Dec/2023:15:32:36 -0500] "GET /BLA/resoluciones/AUTOS%202022/7800.pdf HTTP/1.0" 200 658247
156.59.198.135 - - [24/Dec/2023:15:33:01 -0500] "GET /BLA/resoluciones/AUTOS%202022/7463.pdf HTTP/1.0" 200 497180
156.59.198.136 - - [24/Dec/2023:15:33:24 -0500] "GET /BLA/resoluciones/AUTOS%202022/4908.pdf HTTP/1.0" 200 369985
156.59.198.136 - - [24/Dec/2023:15:33:48 -0500] "GET /BLA/resoluciones/AUTOS%202022/3899.pdf HTTP/1.0" 200 387951
156.59.198.136 - - [24/Dec/2023:15:34:13 -0500] "GET /BLA/resoluciones/AUTOS%202022/6649.pdf HTTP/1.0" 200 399024
172.22.2.4 - - [24/Dec/2023:15:32:52 -0500] "HEAD /BLA/boletinlegal/ HTTP/1.1" 200 -
156.59.198.135 - - [24/Dec/2023:15:34:36 -0500] "GET /BLA/resoluciones/AUTOS%202022/4412.pdf HTTP/1.0" 200 401388
156.59.198.136 - - [24/Dec/2023:15:35:01 -0500] "GET /BLA/resoluciones/AUTOS%202022/8602.pdf HTTP/1.0" 200 959000
173.252.79.119 - - [24/Dec/2023:15:35:21 -0500] "GET /images/Aves%20SDA.jpeg HTTP/1.1" 200 75104
216.245.221.92 - - [24/Dec/2023:15:35:21 -0500] "HEAD / HTTP/1.1" 200 -
201.245.192.253 - - [24/Dec/2023:15:35:20 -0500] "POST /kwsrmcab/Wsrmcab  HTTP/1.1" 200 40220
172.22.2.4 - - [24/Dec/2023:15:33:43 -0500] "GET /BLA/boletinlegal/ HTTP/1.1" 200 44124
156.59.198.135 - - [24/Dec/2023:15:35:25 -0500] "GET /BLA/resoluciones/AUTOS%202022/7422.pdf HTTP/1.0" 200 708465
172.22.2.4 - - [24/Dec/2023:15:34:03 -0500] "GET /BLA/boletinlegal/ HTTP/1.1" 200 45856
156.59.198.135 - - [24/Dec/2023:15:35:49 -0500] "GET /BLA/resoluciones/AUTOS%202022/5019.pdf HTTP/1.0" 200 370205
156.59.198.135 - - [24/Dec/2023:15:36:14 -0500] "GET /BLA/resoluciones/AUTOS%202022/6046.pdf HTTP/1.0" 200 408805
201.245.192.253 - - [24/Dec/2023:15:36:15 -0500] "POST /kwsrmcab/Wsrmcab HTTP/1.1" 200 36003
201.245.192.253 - - [24/Dec/2023:15:36:18 -0500] "POST /kwsrmcab/Wsrmcab HTTP/1.1" 200 36896
156.59.198.135 - - [24/Dec/2023:15:36:37 -0500] "GET /BLA/resoluciones/AUTOS%202022/3781.pdf HTTP/1.0" 200 531643
156.59.198.136 - - [24/Dec/2023:15:37:02 -0500] "GET /BLA/resoluciones/AUTOS%202022/4082.pdf HTTP/1.0" 200 354237
156.59.198.135 - - [24/Dec/2023:15:37:27 -0500] "GET /BLA/resoluciones/AUTOS%202022/4513.pdf HTTP/1.0" 200 356640
156.59.198.136 - - [24/Dec/2023:15:37:50 -0500] "GET /BLA/resoluciones/AUTOS%202022/5418.pdf HTTP/1.0" 200 373943
172.22.2.4 - - [24/Dec/2023:15:38:03 -0500] "GET /BLA/boletinlegal/Circulares/2019/.pdf HTTP/1.1" 404 1218
156.59.198.135 - - [24/Dec/2023:15:38:16 -0500] "GET /BLA/resoluciones/AUTOS%202022/7455.pdf HTTP/1.0" 200 385674
156.59.198.135 - - [24/Dec/2023:15:38:40 -0500] "GET /BLA/resoluciones/AUTOS%202022/6741.pdf HTTP/1.0" 200 426367
156.59.198.135 - - [24/Dec/2023:15:39:03 -0500] "GET /BLA/resoluciones/AUTOS%202022/8383.pdf HTTP/1.0" 200 457230
156.59.198.135 - - [24/Dec/2023:15:39:28 -0500] "GET /BLA/resoluciones/AUTOS%202022/7559.pdf HTTP/1.0" 200 426027
69.171.249.9 - - [24/Dec/2023:15:39:30 -0500] "GET /distrito-exalto-a-246-empresas-de-bogota-por-su-alto-desempeno-y-responsabilidad-ambiental-durante-2023.html HTTP/1.1" 200 1039
156.59.198.136 - - [24/Dec/2023:15:39:52 -0500] "GET /BLA/resoluciones/AUTOS%202022/6988.pdf HTTP/1.0" 200 397981
156.59.198.135 - - [24/Dec/2023:15:40:16 -0500] "GET /BLA/resoluciones/AUTOS%202022/8236.pdf HTTP/1.0" 200 435198
201.245.192.253 - - [24/Dec/2023:15:40:15 -0500] "POST /kwsrmcab/Wsrmcab HTTP/1.1" 200 36003
216.245.221.92 - - [24/Dec/2023:15:40:21 -0500] "HEAD / HTTP/1.1" 200 -
201.245.192.253 - - [24/Dec/2023:15:40:19 -0500] "POST /kwsrmcab/Wsrmcab  HTTP/1.1" 200 40220
201.245.192.253 - - [24/Dec/2023:15:40:19 -0500] "POST /kwsrmcab/Wsrmcab HTTP/1.1" 200 36896
172.22.2.4 - - [24/Dec/2023:15:38:42 -0500] "HEAD /BLA/boletinlegal/ HTTP/1.1" 200 -
156.59.198.136 - - [24/Dec/2023:15:40:40 -0500] "GET /BLA/resoluciones/AUTOS%202022/7690.pdf HTTP/1.0" 200 422665
156.59.198.136 - - [24/Dec/2023:15:41:05 -0500] "GET /BLA/resoluciones/AUTOS%202022/7353.pdf HTTP/1.0" 200 702878
172.22.2.4 - - [24/Dec/2023:15:39:33 -0500] "GET /BLA/boletinlegal/ HTTP/1.1" 200 60502
156.59.198.136 - - [24/Dec/2023:15:41:30 -0500] "GET /BLA/resoluciones/AUTOS%202022/4946.pdf HTTP/1.0" 200 395906
156.59.198.136 - - [24/Dec/2023:15:41:54 -0500] "GET /BLA/resoluciones/AUTOS%202022/6815.pdf HTTP/1.0" 200 442387
156.59.198.136 - - [24/Dec/2023:15:42:19 -0500] "GET /BLA/resoluciones/AUTOS%202022/4885.pdf HTTP/1.0" 200 524206
66.249.66.192 - - [24/Dec/2023:15:42:28 -0500] "GET /mujeres-que-reverdecen-secretaria-de-ambiente-anuncia-el-inicio-de-la-tercera-fase.html HTTP/1.1" 200 954
156.59.198.136 - - [24/Dec/2023:15:42:44 -0500] "GET /BLA/resoluciones/AUTOS%202022/7678.pdf HTTP/1.0" 200 423766
156.59.198.135 - - [24/Dec/2023:15:43:08 -0500] "GET /BLA/resoluciones/AUTOS%202022/5416.pdf HTTP/1.0" 200 390578
156.59.198.135 - - [24/Dec/2023:15:43:32 -0500] "GET /BLA/resoluciones/AUTOS%202022/7978.pdf HTTP/1.0" 200 535604
156.59.198.135 - - [24/Dec/2023:15:43:56 -0500] "GET /BLA/resoluciones/AUTOS%202022/4090.pdf HTTP/1.0" 200 745564
156.59.198.136 - - [24/Dec/2023:15:44:20 -0500] "GET /BLA/resoluciones/AUTOS%202022/6552.pdf HTTP/1.0" 200 625283
156.59.198.135 - - [24/Dec/2023:15:44:45 -0500] "GET /BLA/resoluciones/AUTOS%202022/4409.pdf HTTP/1.0" 200 459077
190.27.163.22 - - [24/Dec/2023:15:44:57 -0500] "GET /mis-de-50-aves-silvestres-fueron-recuperadas-en-la-localidad-de-tunjuelito.html HTTP/1.1" 200 806
156.59.198.135 - - [24/Dec/2023:15:45:09 -0500] "GET /BLA/resoluciones/AUTOS%202022/5646.pdf HTTP/1.0" 200 362059
201.245.192.253 - - [24/Dec/2023:15:45:18 -0500] "POST /kwsrmcab/Wsrmcab  HTTP/1.1" 200 40220
216.245.221.92 - - [24/Dec/2023:15:45:21 -0500] "HEAD / HTTP/1.1" 200 -
156.59.198.135 - - [24/Dec/2023:15:45:33 -0500] "GET /BLA/resoluciones/AUTOS%202022/8260.pdf HTTP/1.0" 200 585940
156.59.198.136 - - [24/Dec/2023:15:45:57 -0500] "GET /BLA/resoluciones/AUTOS%202022/6001.pdf HTTP/1.0" 200 389935
172.22.2.4 - - [24/Dec/2023:15:44:32 -0500] "HEAD /BLA/boletinlegal/ HTTP/1.1" 200 -
156.59.198.136 - - [24/Dec/2023:15:46:23 -0500] "GET /BLA/resoluciones/AUTOS%202022/7533.pdf HTTP/1.0" 200 450810
156.59.198.136 - - [24/Dec/2023:15:46:46 -0500] "GET /BLA/resoluciones/AUTOS%202022/6789.pdf HTTP/1.0" 200 427944
172.22.2.4 - - [24/Dec/2023:15:45:23 -0500] "GET /BLA/boletinlegal/ HTTP/1.1" 200 60910
156.59.198.135 - - [24/Dec/2023:15:47:10 -0500] "GET /BLA/resoluciones/AUTOS%202022/7848.pdf HTTP/1.0" 200 395225
156.59.198.136 - - [24/Dec/2023:15:47:34 -0500] "GET /BLA/resoluciones/AUTOS%202022/6584.pdf HTTP/1.0" 200 456004
156.59.198.135 - - [24/Dec/2023:15:47:58 -0500] "GET /BLA/resoluciones/AUTOS%202022/7166.pdf HTTP/1.0" 200 500738
156.59.198.135 - - [24/Dec/2023:15:48:23 -0500] "GET /BLA/resoluciones/AUTOS%202022/8593.pdf HTTP/1.0" 200 600101
156.59.198.135 - - [24/Dec/2023:15:48:48 -0500] "GET /BLA/resoluciones/AUTOS%202022/5321.pdf HTTP/1.0" 200 387678
156.59.198.136 - - [24/Dec/2023:15:49:12 -0500] "GET /BLA/resoluciones/AUTOS%202022/8132.pdf HTTP/1.0" 200 399465
156.59.198.135 - - [24/Dec/2023:15:49:36 -0500] "GET /BLA/resoluciones/AUTOS%202022/8404.pdf HTTP/1.0" 200 1754330
156.59.198.135 - - [24/Dec/2023:15:50:01 -0500] "GET /BLA/resoluciones/AUTOS%202022/8141.pdf HTTP/1.0" 200 417605
201.245.192.253 - - [24/Dec/2023:15:50:18 -0500] "POST /kwsrmcab/Wsrmcab  HTTP/1.1" 200 40220
216.245.221.92 - - [24/Dec/2023:15:50:21 -0500] "HEAD / HTTP/1.1" 200 -
156.59.198.136 - - [24/Dec/2023:15:50:25 -0500] "GET /BLA/resoluciones/AUTOS%202022/4333.pdf HTTP/1.0" 200 351239
156.59.198.135 - - [24/Dec/2023:15:50:50 -0500] "GET /BLA/resoluciones/AUTOS%202022/8354.pdf HTTP/1.0" 200 385878
156.59.198.135 - - [24/Dec/2023:15:51:14 -0500] "GET /BLA/resoluciones/AUTOS%202022/4497.pdf HTTP/1.0" 200 340060
156.59.198.135 - - [24/Dec/2023:15:51:37 -0500] "GET /BLA/resoluciones/AUTOS%202022/4329.pdf HTTP/1.0" 200 664159
173.252.83.117 - - [24/Dec/2023:15:51:39 -0500] "GET /distrito-avanza-con-la-plantacion-de-arboles-186-nuevos-individuos-fueron-sembrados-en-el-humedal-capellania.html HTTP/1.1" 200 990
156.59.198.136 - - [24/Dec/2023:15:52:02 -0500] "GET /BLA/resoluciones/AUTOS%202022/5963.pdf HTTP/1.0" 200 467087
172.22.2.4 - - [24/Dec/2023:15:50:22 -0500] "HEAD /BLA/boletinlegal/ HTTP/1.1" 200 -
156.59.198.135 - - [24/Dec/2023:15:52:25 -0500] "GET /BLA/resoluciones/AUTOS%202022/8515.pdf HTTP/1.0" 200 458144
156.59.198.136 - - [24/Dec/2023:15:52:50 -0500] "GET /BLA/resoluciones/AUTOS%202022/4331.pdf HTTP/1.0" 200 336343
172.22.2.4 - - [24/Dec/2023:15:51:13 -0500] "GET /BLA/boletinlegal/ HTTP/1.1" 200 58567
156.59.198.135 - - [24/Dec/2023:15:53:14 -0500] "GET /BLA/resoluciones/AUTOS%202022/4797.pdf HTTP/1.0" 200 396985
156.59.198.136 - - [24/Dec/2023:15:53:39 -0500] "GET /BLA/resoluciones/AUTOS%202022/7598.pdf HTTP/1.0" 200 445076
172.22.2.4 - - [24/Dec/2023:15:53:50 -0500] "GET /BLA/boletinlegal/jurisprudencia/analisis/null HTTP/1.1" 404 1038
156.59.198.136 - - [24/Dec/2023:15:54:02 -0500] "GET /BLA/resoluciones/AUTOS%202022/5029.pdf HTTP/1.0" 200 488873
156.59.198.136 - - [24/Dec/2023:15:54:26 -0500] "GET /BLA/resoluciones/AUTOS%202022/4901.pdf HTTP/1.0" 200 426600
156.59.198.135 - - [24/Dec/2023:15:54:51 -0500] "GET /BLA/resoluciones/AUTOS%202022/7680.pdf HTTP/1.0" 200 427950
156.59.198.136 - - [24/Dec/2023:15:55:15 -0500] "GET /BLA/resoluciones/AUTOS%202022/7350.pdf HTTP/1.0" 200 442840
201.245.192.253 - - [24/Dec/2023:15:55:16 -0500] "POST /kwsrmcab/Wsrmcab  HTTP/1.1" 200 40220
216.245.221.92 - - [24/Dec/2023:15:55:21 -0500] "HEAD / HTTP/1.1" 200 -
156.59.198.136 - - [24/Dec/2023:15:55:40 -0500] "GET /BLA/resoluciones/AUTOS%202022/7714.pdf HTTP/1.0" 200 448705
156.59.198.136 - - [24/Dec/2023:15:56:03 -0500] "GET /BLA/resoluciones/AUTOS%202022/6943.pdf HTTP/1.0" 200 608444
31.13.127.20 - - [24/Dec/2023:15:56:06 -0500] "GET /alcaldia-de-bogota-y-fundacion-exito-entregaron-en-ciudad-bolivar-la-primera-terraza-verde-de-la-capital.html HTTP/1.1" 200 852
156.59.198.135 - - [24/Dec/2023:15:56:27 -0500] "GET /BLA/resoluciones/AUTOS%202022/4102.pdf HTTP/1.0" 200 462788
156.59.198.135 - - [24/Dec/2023:15:56:51 -0500] "GET /BLA/resoluciones/AUTOS%202022/7427.pdf HTTP/1.0" 200 410258
156.59.198.136 - - [24/Dec/2023:15:57:16 -0500] "GET /BLA/resoluciones/AUTOS%202022/7189.pdf HTTP/1.0" 200 400322
156.59.198.136 - - [24/Dec/2023:15:57:41 -0500] "GET /BLA/resoluciones/AUTOS%202022/8610.pdf HTTP/1.0" 200 1287564
172.22.2.4 - - [24/Dec/2023:15:56:12 -0500] "HEAD /BLA/boletinlegal/ HTTP/1.1" 200 -
156.59.198.135 - - [24/Dec/2023:15:58:05 -0500] "GET /BLA/resoluciones/AUTOS%202022/7039.pdf HTTP/1.0" 200 402271
156.59.198.135 - - [24/Dec/2023:15:58:30 -0500] "GET /BLA/resoluciones/AUTOS%202022/4420.pdf HTTP/1.0" 200 2027797
172.22.2.4 - - [24/Dec/2023:15:57:03 -0500] "GET /BLA/boletinlegal/ HTTP/1.1" 200 58567
156.59.198.135 - - [24/Dec/2023:15:58:54 -0500] "GET /BLA/resoluciones/AUTOS%202022/6472.pdf HTTP/1.0" 200 2033133
156.59.198.136 - - [24/Dec/2023:15:59:19 -0500] "GET /BLA/resoluciones/AUTOS%202022/4583.pdf HTTP/1.0" 200 801416
156.59.198.136 - - [24/Dec/2023:15:59:44 -0500] "GET /BLA/resoluciones/AUTOS%202022/6713.pdf HTTP/1.0" 200 408559
156.59.198.136 - - [24/Dec/2023:16:00:08 -0500] "GET /BLA/resoluciones/AUTOS%202022/7182.pdf HTTP/1.0" 200 466697
201.245.192.253 - - [24/Dec/2023:16:00:14 -0500] "POST /kwsrmcab/Wsrmcab  HTTP/1.1" 200 40220
216.245.221.92 - - [24/Dec/2023:16:00:21 -0500] "HEAD / HTTP/1.1" 200 -
156.59.198.135 - - [24/Dec/2023:16:00:32 -0500] "GET /BLA/resoluciones/AUTOS%202022/6971.pdf HTTP/1.0" 200 386581
156.59.198.135 - - [24/Dec/2023:16:00:56 -0500] "GET /BLA/resoluciones/AUTOS%202022/5589.pdf HTTP/1.0" 200 390314
207.46.13.128 - - [24/Dec/2023:16:01:18 -0500] "GET /BLA/resoluciones/AUTOS%202023/9267.pdf HTTP/1.1" 200 511710
156.59.198.135 - - [24/Dec/2023:16:01:21 -0500] "GET /BLA/resoluciones/AUTOS%202022/4511.pdf HTTP/1.0" 200 381838
156.59.198.136 - - [24/Dec/2023:16:01:44 -0500] "GET /BLA/resoluciones/AUTOS%202022/5210.pdf HTTP/1.0" 200 278704
156.59.198.136 - - [24/Dec/2023:16:02:09 -0500] "GET /BLA/resoluciones/AUTOS%202022/7432.pdf HTTP/1.0" 200 473637
156.59.198.135 - - [24/Dec/2023:16:02:33 -0500] "GET /BLA/resoluciones/AUTOS%202022/4428.pdf HTTP/1.0" 200 652012
156.59.198.136 - - [24/Dec/2023:16:02:58 -0500] "GET /BLA/resoluciones/AUTOS%202022/8332.pdf HTTP/1.0" 200 395443
200.118.80.68 - - [24/Dec/2023:16:02:58 -0500] "GET /mis-de-50-aves-silvestres-fueron-recuperadas-en-la-localidad-de-tunjuelito.html HTTP/1.1" 200 806
156.59.198.136 - - [24/Dec/2023:16:03:22 -0500] "GET /BLA/resoluciones/AUTOS%202022/7125.pdf HTTP/1.0" 200 456411
172.22.2.4 - - [24/Dec/2023:16:02:02 -0500] "HEAD /BLA/boletinlegal/ HTTP/1.1" 200 -
66.249.66.192 - - [24/Dec/2023:16:03:43 -0500] "GET /mis-de-50-aves-silvestres-fueron-recuperadas-en-la-localidad-de-tunjuelito.html HTTP/1.1" 200 806
156.59.198.135 - - [24/Dec/2023:16:03:46 -0500] "GET /BLA/resoluciones/AUTOS%202022/4392.pdf HTTP/1.0" 200 494382
156.59.198.135 - - [24/Dec/2023:16:04:11 -0500] "GET /BLA/resoluciones/AUTOS%202022/8512.pdf HTTP/1.0" 200 430497
172.22.2.4 - - [24/Dec/2023:16:02:53 -0500] "GET /BLA/boletinlegal/ HTTP/1.1" 200 58567
156.59.198.136 - - [24/Dec/2023:16:04:35 -0500] "GET /BLA/resoluciones/AUTOS%202022/5044.pdf HTTP/1.0" 200 372298
156.59.198.135 - - [24/Dec/2023:16:04:59 -0500] "GET /BLA/resoluciones/AUTOS%202022/3818.pdf HTTP/1.0" 200 273358
66.249.66.20 - - [24/Dec/2023:16:05:00 -0500] "GET /Publicaciones/2023EE215073.pdf HTTP/1.1" 404 228
201.245.192.253 - - [24/Dec/2023:16:05:13 -0500] "POST /kwsrmcab/Wsrmcab  HTTP/1.1" 200 40220
216.245.221.92 - - [24/Dec/2023:16:05:21 -0500] "HEAD / HTTP/1.1" 200 -
156.59.198.135 - - [24/Dec/2023:16:05:24 -0500] "GET /BLA/resoluciones/Notificaciones/RESOLUCIONES%202016/00640.doc HTTP/1.0" 200 163156
156.59.198.135 - - [24/Dec/2023:16:05:49 -0500] "GET /BLA/resoluciones/AUTOS%202022/7391.pdf HTTP/1.0" 200 449830
156.59.198.135 - - [24/Dec/2023:16:06:14 -0500] "GET /BLA/resoluciones/Notificaciones/RESOLUCIONES%202016/00651.doc HTTP/1.0" 200 3774729
156.59.198.136 - - [24/Dec/2023:16:06:37 -0500] "GET /BLA/resoluciones/Notificaciones/RESOLUCIONES%202016/1.pdf HTTP/1.0" 200 293802
156.59.198.135 - - [24/Dec/2023:16:07:01 -0500] "GET /BLA/resoluciones/Notificaciones/RESOLUCIONES%202016/00006.doc HTTP/1.0" 200 152911
156.59.198.136 - - [24/Dec/2023:16:07:27 -0500] "GET /BLA/resoluciones/Notificaciones/RESOLUCIONES%202016/0735.pdf HTTP/1.0" 200 247552
156.59.198.136 - - [24/Dec/2023:16:07:53 -0500] "GET /BLA/resoluciones/Notificaciones/RESOLUCIONES%202016/1051.pdf HTTP/1.0" 200 226632
181.205.199.179 - - [24/Dec/2023:16:08:08 -0500] "GET /distrito-exalto-a-246-empresas-de-bogota-por-su-alto-desempeno-y-responsabilidad-ambiental-durante-2023.html HTTP/1.1" 200 1039
156.59.198.135 - - [24/Dec/2023:16:08:16 -0500] "GET /BLA/resoluciones/AUTOS%202022/4985.pdf HTTP/1.0" 200 416048
156.59.198.136 - - [24/Dec/2023:16:08:41 -0500] "GET /BLA/resoluciones/RESOLUCIONES%202008/2663.pdf HTTP/1.0" 200 158364
156.59.198.136 - - [24/Dec/2023:16:09:05 -0500] "GET /BLA/resoluciones/Notificaciones/AUTOS%202022/5332.pdf HTTP/1.0" 200 427759
156.59.198.135 - - [24/Dec/2023:16:09:31 -0500] "GET /BLA/resoluciones/AUTOS%202022/8429.pdf HTTP/1.0" 200 334165
172.22.2.4 - - [24/Dec/2023:16:07:52 -0500] "HEAD /BLA/boletinlegal/ HTTP/1.1" 200 -
156.59.198.135 - - [24/Dec/2023:16:09:54 -0500] "GET /BLA/resoluciones/RESOLUCIONES%202008/2048.pdf HTTP/1.0" 200 181933
201.245.192.253 - - [24/Dec/2023:16:10:12 -0500] "POST /kwsrmcab/Wsrmcab  HTTP/1.1" 200 40220
156.59.198.135 - - [24/Dec/2023:16:10:19 -0500] "GET /BLA/resoluciones/Notificaciones/AUTOS%202022/7557.pdf HTTP/1.0" 200 418289
216.245.221.92 - - [24/Dec/2023:16:10:21 -0500] "HEAD / HTTP/1.1" 200 -
172.22.2.4 - - [24/Dec/2023:16:08:43 -0500] "GET /BLA/boletinlegal/ HTTP/1.1" 200 60502
156.59.198.136 - - [24/Dec/2023:16:10:43 -0500] "GET /BLA/resoluciones/AUTOS%202020/0105.pdf HTTP/1.0" 200 293887
156.59.198.136 - - [24/Dec/2023:16:11:09 -0500] "GET /BLA/resoluciones/Notificaciones/AUTOS%202022/7120.pdf HTTP/1.0" 200 390143
156.59.198.136 - - [24/Dec/2023:16:11:33 -0500] "GET /BLA/resoluciones/AUTOS%202022/6475.pdf HTTP/1.0" 200 1498542
156.59.198.136 - - [24/Dec/2023:16:11:57 -0500] "GET /BLA/resoluciones/RESOLUCIONES%202007/RES%202007%201801%20AL%201900/RESOLUCION%201889%20DE%202007.pdf HTTP/1.0" 200 287060
66.249.66.76 - - [24/Dec/2023:16:12:14 -0500] "GET /portaldeninos/2021/06/20/mas-de-130-arboles-fueron-plantados-en-el-humedal-la-conejera-con-comunidad-educativa/ HTTP/1.1" 200 107808
66.249.66.77 - - [24/Dec/2023:16:12:17 -0500] "GET /portaldeninos/wp-content/plugins/gallery-videos/JS/modernizr.custom.js?ver=4.9.8 HTTP/1.1" 200 9019
66.249.66.76 - - [24/Dec/2023:16:12:18 -0500] "GET /portaldeninos/wp-content/themes/betheme/css/responsive.css?ver=20.9.6 HTTP/1.1" 200 55740
66.249.66.75 - - [24/Dec/2023:16:12:20 -0500] "GET /portaldeninos/wp-includes/js/jquery/ui/sortable.min.js?ver=1.11.4 HTTP/1.1" 200 24899
66.249.66.75 - - [24/Dec/2023:16:12:21 -0500] "GET /portaldeninos/wp-includes/js/jquery/ui/core.min.js?ver=1.11.4 HTTP/1.1" 200 4000
66.249.66.76 - - [24/Dec/2023:16:12:22 -0500] "GET /portaldeninos/wp-content/themes/betheme/assets/animations/animations.min.js?ver=20.9.6 HTTP/1.1" 200 1896
47.128.62.6 - - [24/Dec/2023:16:12:23 -0500] "GET /robots.txt HTTP/1.1" 404 1018
66.249.66.75 - - [24/Dec/2023:16:12:24 -0500] "GET /portaldeninos/wp-includes/js/wp-embed.min.js?ver=4.9.8 HTTP/1.1" 200 1398
156.59.198.136 - - [24/Dec/2023:16:12:45 -0500] "GET /BLA/resoluciones/RESOLUCIONES%202007/RES%202007%202501%20AL%202600/RESOLUCION%202563%20DE%202007.pdf HTTP/1.0" 200 733367
156.59.198.136 - - [24/Dec/2023:16:13:10 -0500] "GET /BLA/resoluciones/RESOLUCIONES%202008/2017.pdf HTTP/1.0" 200 192336
34.141.255.247 - - [24/Dec/2023:16:13:10 -0500] "GET /distrito-exalto-a-246-empresas-de-bogota-por-su-alto-desempeno-y-responsabilidad-ambiental-durante-2023.html HTTP/1.1" 200 1039
173.252.95.14 - - [24/Dec/2023:16:13:20 -0500] "GET /images/Aves%20SDA.jpeg HTTP/1.1" 200 75104
173.252.95.20 - - [24/Dec/2023:16:13:20 -0500] "GET /images/arbol%20centro.jpg HTTP/1.1" 200 69467
173.252.95.10 - - [24/Dec/2023:16:13:20 -0500] "GET /images/terrazas%20verdes.jpg HTTP/1.1" 200 63951
173.252.95.18 - - [24/Dec/2023:16:13:23 -0500] "GET /images/PREAD%20SDA%201.jpeg HTTP/1.1" 200 65620
156.59.198.135 - - [24/Dec/2023:16:13:34 -0500] "GET /BLA/resoluciones/RESOLUCIONES%202007/RES%202007%203401%20AL%203500/RESOLUCION%203489%20DE%202007.pdf HTTP/1.0" 200 832666
156.59.198.136 - - [24/Dec/2023:16:13:58 -0500] "GET /BLA/resoluciones/RESOLUCIONES%202007/RES%202007%201401%20AL%201500/RESOLUCION%201471%20DE%202007.pdf HTTP/1.0" 200 353588
156.59.198.135 - - [24/Dec/2023:16:14:22 -0500] "GET /BLA/resoluciones/RESOLUCIONES%202008/1947.pdf HTTP/1.0" 200 61747
156.59.198.135 - - [24/Dec/2023:16:14:48 -0500] "GET /BLA/resoluciones/RESOLUCIONES%202008/4144.pdf HTTP/1.0" 200 202688
156.59.198.136 - - [24/Dec/2023:16:15:13 -0500] "GET /BLA/resoluciones/Notificaciones/AUTOS%202022/7559.pdf HTTP/1.0" 200 426027
201.245.192.253 - - [24/Dec/2023:16:15:11 -0500] "POST /kwsrmcab/Wsrmcab  HTTP/1.1" 200 40220
216.245.221.92 - - [24/Dec/2023:16:15:21 -0500] "HEAD / HTTP/1.1" 200 -
31.13.127.17 - - [24/Dec/2023:16:15:22 -0500] "GET /distrito-exalta-48-arboles-patrimoniales-y-15-de-interes-publico-en-bogota.html HTTP/1.1" 200 816
172.22.2.4 - - [24/Dec/2023:16:13:42 -0500] "HEAD /BLA/boletinlegal/ HTTP/1.1" 200 -
156.59.198.135 - - [24/Dec/2023:16:15:38 -0500] "GET /BLA/resoluciones/AUTOS%202022/5326.pdf HTTP/1.0" 200 372636
52.167.144.0 - - [24/Dec/2023:16:15:45 -0500] "GET /BLA/resoluciones/AUTOS%202023/3892.pdf HTTP/1.1" 200 1056706
156.59.198.135 - - [24/Dec/2023:16:16:02 -0500] "GET /BLA/resoluciones/Notificaciones/AUTOS%202022/0214.pdf HTTP/1.0" 200 353736
172.22.2.4 - - [24/Dec/2023:16:14:33 -0500] "GET /BLA/boletinlegal/ HTTP/1.1" 200 60910
201.245.192.253 - - [24/Dec/2023:16:16:15 -0500] "POST /kwsrmcab/Wsrmcab HTTP/1.1" 200 36029
201.245.192.253 - - [24/Dec/2023:16:16:18 -0500] "POST /kwsrmcab/Wsrmcab HTTP/1.1" 200 37061
156.59.198.136 - - [24/Dec/2023:16:16:26 -0500] "GET /BLA/resoluciones/AUTOS%202022/4883.pdf HTTP/1.0" 200 384062
156.59.198.136 - - [24/Dec/2023:16:16:50 -0500] "GET /BLA/resoluciones/AUTOS%202022/8514.pdf HTTP/1.0" 200 398599
156.59.198.136 - - [24/Dec/2023:16:17:15 -0500] "GET /BLA/resoluciones/RESOLUCIONES%202008/5471.pdf HTTP/1.0" 200 186767
156.59.198.135 - - [24/Dec/2023:16:17:39 -0500] "GET /BLA/resoluciones/RESOLUCIONES%202008/3777.pdf HTTP/1.0" 200 111279
156.59.198.135 - - [24/Dec/2023:16:18:03 -0500] "GET /BLA/resoluciones/RESOLUCIONES%202008/3214.pdf HTTP/1.0" 200 29072
156.59.198.136 - - [24/Dec/2023:16:18:28 -0500] "GET /BLA/resoluciones/AUTOS%202022/7671.pdf HTTP/1.0" 200 493803
156.59.198.135 - - [24/Dec/2023:16:18:51 -0500] "GET /BLA/resoluciones/RESOLUCIONES%202008/4917.pdf HTTP/1.0" 200 212354
156.59.198.136 - - [24/Dec/2023:16:19:16 -0500] "GET /BLA/resoluciones/Notificaciones/AUTOS%202022/7071.pdf HTTP/1.0" 200 399333
156.59.198.135 - - [24/Dec/2023:16:19:40 -0500] "GET /BLA/resoluciones/AUTOS%202022/5225.pdf HTTP/1.0" 200 1510993
156.59.198.135 - - [24/Dec/2023:16:20:05 -0500] "GET /BLA/resoluciones/AUTOS%202022/6070.pdf HTTP/1.0" 200 411320
201.245.192.253 - - [24/Dec/2023:16:20:09 -0500] "POST /kwsrmcab/Wsrmcab  HTTP/1.1" 200 40220
201.245.192.253 - - [24/Dec/2023:16:20:14 -0500] "POST /kwsrmcab/Wsrmcab HTTP/1.1" 200 36029
216.245.221.92 - - [24/Dec/2023:16:20:21 -0500] "HEAD / HTTP/1.1" 200 -
201.245.192.253 - - [24/Dec/2023:16:20:19 -0500] "POST /kwsrmcab/Wsrmcab HTTP/1.1" 200 37061
156.59.198.136 - - [24/Dec/2023:16:20:30 -0500] "GET /BLA/resoluciones/AUTOS%202022/7116.pdf HTTP/1.0" 200 388941
156.59.198.135 - - [24/Dec/2023:16:20:54 -0500] "GET /BLA/resoluciones/AUTOS%202022/4710.pdf HTTP/1.0" 200 386780
172.22.2.4 - - [24/Dec/2023:16:19:32 -0500] "HEAD /BLA/boletinlegal/ HTTP/1.1" 200 -
156.59.198.136 - - [24/Dec/2023:16:21:18 -0500] "GET /BLA/resoluciones/Notificaciones/AUTOS%202022/6748.pdf HTTP/1.0" 200 413334
156.59.198.136 - - [24/Dec/2023:16:21:43 -0500] "GET /BLA/resoluciones/Notificaciones/AUTOS%202022/4325.pdf HTTP/1.0" 200 1180037
52.167.144.167 - - [24/Dec/2023:16:21:58 -0500] "GET /BLA/resoluciones/AUTOS%202023/3025.pdf HTTP/1.1" 200 399380
172.22.2.4 - - [24/Dec/2023:16:20:23 -0500] "GET /BLA/boletinlegal/ HTTP/1.1" 200 58172
156.59.198.135 - - [24/Dec/2023:16:22:07 -0500] "GET /BLA/resoluciones/RESOLUCIONES%202008/5552.pdf HTTP/1.0" 200 159013
69.171.251.118 - - [24/Dec/2023:16:22:26 -0500] "GET /distrito-exalto-a-246-empresas-de-bogota-por-su-alto-desempeno-y-responsabilidad-ambiental-durante-2023.html HTTP/1.1" 200 1039
69.171.251.2 - - [24/Dec/2023:16:22:26 -0500] "GET /distrito-exalto-a-246-empresas-de-bogota-por-su-alto-desempeno-y-responsabilidad-ambiental-durante-2023.html HTTP/1.1" 200 1039
156.59.198.135 - - [24/Dec/2023:16:22:30 -0500] "GET /BLA/resoluciones/RESOLUCIONES%202008/3315.pdf HTTP/1.0" 200 49937
156.59.198.135 - - [24/Dec/2023:16:22:56 -0500] "GET /BLA/resoluciones/RESOLUCIONES%202008/1138.pdf HTTP/1.0" 200 788513
156.59.198.136 - - [24/Dec/2023:16:23:20 -0500] "GET /BLA/resoluciones/Notificaciones/AUTOS%202022/5850.pdf HTTP/1.0" 200 361317
51.222.253.18 - - [24/Dec/2023:16:23:23 -0500] "GET /robots.txt HTTP/1.1" 404 1035
51.222.253.8 - - [24/Dec/2023:16:23:25 -0500] "GET /portaldeninos/ HTTP/1.1" 200 110175
156.59.198.136 - - [24/Dec/2023:16:23:43 -0500] "GET /BLA/resoluciones/AUTOS%202022/5093.pdf HTTP/1.0" 200 428216
156.59.198.136 - - [24/Dec/2023:16:24:07 -0500] "GET /BLA/resoluciones/AUTOS%202022/6267.pdf HTTP/1.0" 200 528574
156.59.198.135 - - [24/Dec/2023:16:24:32 -0500] "GET /BLA/resoluciones/AUTOS%202020/0859.pdf HTTP/1.0" 200 323709
156.59.198.136 - - [24/Dec/2023:16:24:55 -0500] "GET /BLA/resoluciones/RESOLUCIONES%202008/1403.pdf HTTP/1.0" 200 175205
201.245.192.253 - - [24/Dec/2023:16:25:08 -0500] "POST /kwsrmcab/Wsrmcab  HTTP/1.1" 200 40220
216.245.221.92 - - [24/Dec/2023:16:25:21 -0500] "HEAD / HTTP/1.1" 200 -
18.210.147.12 - - [24/Dec/2023:16:25:22 -0500] "HEAD /mis-de-50-aves-silvestres-fueron-recuperadas-en-la-localidad-de-tunjuelito.html HTTP/1.1" 200 -
47.128.99.72 - - [24/Dec/2023:16:25:22 -0500] "GET /BLA/resoluciones/index.php?dir=RESOLUCIONES%202002%2FRES%202002%20801-850%2F&order=asc&sort=date HTTP/1.1" 200 12225
47.128.99.72 - - [24/Dec/2023:16:25:23 -0500] "GET /BLA/resoluciones/dlf/unknown.png HTTP/1.1" 200 266
47.128.99.72 - - [24/Dec/2023:16:25:23 -0500] "GET /BLA/resoluciones/dlf/dirup.png HTTP/1.1" 200 644
69.63.189.5 - - [24/Dec/2023:16:25:35 -0500] "GET /mis-de-50-aves-silvestres-fueron-recuperadas-en-la-localidad-de-tunjuelito.html HTTP/1.1" 200 806
69.63.189.3 - - [24/Dec/2023:16:25:35 -0500] "GET /mis-de-50-aves-silvestres-fueron-recuperadas-en-la-localidad-de-tunjuelito.html HTTP/1.1" 200 806
156.59.198.135 - - [24/Dec/2023:16:25:44 -0500] "GET /BLA/resoluciones/AUTOS%202022/6982.pdf HTTP/1.0" 200 388990
156.59.198.136 - - [24/Dec/2023:16:26:08 -0500] "GET /BLA/resoluciones/AUTOS%202022/6940.pdf HTTP/1.0" 200 1497524
201.245.192.253 - - [24/Dec/2023:16:26:15 -0500] "POST /kwsrmcab/Wsrmcab HTTP/1.1" 200 36029
201.245.192.253 - - [24/Dec/2023:16:26:18 -0500] "POST /kwsrmcab/Wsrmcab HTTP/1.1" 200 37061
156.59.198.136 - - [24/Dec/2023:16:26:32 -0500] "GET /BLA/resoluciones/Notificaciones/AUTOS%202016/02583.pdf HTTP/1.0" 200 402232
156.59.198.136 - - [24/Dec/2023:16:26:56 -0500] "GET /BLA/resoluciones/Notificaciones/AUTOS%202016/02344.doc HTTP/1.0" 200 378035
114.119.129.97 - - [24/Dec/2023:16:26:59 -0500] "GET /BLA/resoluciones/index.php?dir=Notificaciones/RESOLUCIONES%2B2013/ HTTP/1.1" 200 13965
172.22.2.4 - - [24/Dec/2023:16:25:22 -0500] "HEAD /BLA/boletinlegal/ HTTP/1.1" 200 -
156.59.198.136 - - [24/Dec/2023:16:27:21 -0500] "GET /BLA/resoluciones/AUTOS%202022/7694.pdf HTTP/1.0" 200 408602
156.59.198.135 - - [24/Dec/2023:16:27:47 -0500] "GET /BLA/resoluciones/Notificaciones/AUTOS%202022/2647.pdf HTTP/1.0" 200 420345
172.22.2.4 - - [24/Dec/2023:16:26:13 -0500] "GET /BLA/boletinlegal/ HTTP/1.1" 200 52418
156.59.198.136 - - [24/Dec/2023:16:28:10 -0500] "GET /BLA/resoluciones/AUTOS%202022/8526.pdf HTTP/1.0" 200 1181963
156.59.198.136 - - [24/Dec/2023:16:28:34 -0500] "GET /BLA/resoluciones/Notificaciones/AUTOS%202022/5358.pdf HTTP/1.0" 200 375864
156.59.198.136 - - [24/Dec/2023:16:28:58 -0500] "GET /BLA/resoluciones/AUTOS%202022/8239.pdf HTTP/1.0" 200 405201
156.59.198.136 - - [24/Dec/2023:16:29:23 -0500] "GET /BLA/resoluciones/Notificaciones/RESOLUCIONES%202019/1985.pdf HTTP/1.0" 200 261309
156.59.198.136 - - [24/Dec/2023:16:29:48 -0500] "GET /BLA/resoluciones/AUTOS%202020/0791.pdf HTTP/1.0" 200 331737
172.22.2.4 - - [24/Dec/2023:16:29:51 -0500] "GET /BLA/boletinlegal/robots.txt HTTP/1.1" 404 1038
201.245.192.253 - - [24/Dec/2023:16:30:07 -0500] "POST /kwsrmcab/Wsrmcab  HTTP/1.1" 200 40220
156.59.198.135 - - [24/Dec/2023:16:30:11 -0500] "GET /BLA/resoluciones/Notificaciones/AUTOS%202022/7627.pdf HTTP/1.0" 200 413272
201.245.192.253 - - [24/Dec/2023:16:30:14 -0500] "POST /kwsrmcab/Wsrmcab HTTP/1.1" 200 36029
216.245.221.92 - - [24/Dec/2023:16:30:21 -0500] "HEAD / HTTP/1.1" 200 -
201.245.192.253 - - [24/Dec/2023:16:30:19 -0500] "POST /kwsrmcab/Wsrmcab HTTP/1.1" 200 37061
156.59.198.136 - - [24/Dec/2023:16:30:35 -0500] "GET /BLA/resoluciones/Notificaciones/AUTOS%202016/01419.pdf HTTP/1.0" 200 319950
156.59.198.136 - - [24/Dec/2023:16:31:00 -0500] "GET /BLA/resoluciones/AUTOS%202022/7266.pdf HTTP/1.0" 200 364922
156.59.198.135 - - [24/Dec/2023:16:31:25 -0500] "GET /BLA/resoluciones/AUTOS%202022/4939.pdf HTTP/1.0" 200 394683
172.22.2.4 - - [24/Dec/2023:16:29:53 -0500] "GET /BLA/boletinlegal/index.php HTTP/1.1" 200 60910
156.59.198.136 - - [24/Dec/2023:16:31:48 -0500] "GET /BLA/resoluciones/AUTOS%202020/3115.pdf HTTP/1.0" 200 337603
173.252.111.117 - - [24/Dec/2023:16:32:11 -0500] "GET /images/Aves%20SDA.jpeg HTTP/1.1" 200 75104
156.59.198.136 - - [24/Dec/2023:16:32:13 -0500] "GET /BLA/resoluciones/Notificaciones/AUTOS%202022/8597.pdf HTTP/1.0" 200 691902
156.59.198.135 - - [24/Dec/2023:16:32:38 -0500] "GET /BLA/resoluciones/AUTOS%202022/7186.pdf HTTP/1.0" 200 421490
191.156.51.70 - - [24/Dec/2023:16:32:41 -0500] "GET /mis-de-50-aves-silvestres-fueron-recuperadas-en-la-localidad-de-tunjuelito.html HTTP/1.1" 200 806
172.22.2.4 - - [24/Dec/2023:16:31:12 -0500] "HEAD /BLA/boletinlegal/ HTTP/1.1" 200 -
156.59.198.136 - - [24/Dec/2023:16:33:02 -0500] "GET /BLA/resoluciones/Notificaciones/AUTOS%202022/8226.pdf HTTP/1.0" 200 416342
156.59.198.136 - - [24/Dec/2023:16:33:26 -0500] "GET /BLA/resoluciones/Notificaciones/AUTOS%202022/3142.pdf HTTP/1.0" 200 366675
172.22.2.4 - - [24/Dec/2023:16:32:03 -0500] "GET /BLA/boletinlegal/ HTTP/1.1" 200 56873
156.59.198.135 - - [24/Dec/2023:16:33:50 -0500] "GET /BLA/resoluciones/AUTOS%202022/8520.pdf HTTP/1.0" 200 424500
156.59.198.135 - - [24/Dec/2023:16:34:14 -0500] "GET /BLA/resoluciones/RESOLUCIONES%202008/5380.pdf HTTP/1.0" 200 210739
156.59.198.135 - - [24/Dec/2023:16:34:38 -0500] "GET /BLA/resoluciones/Notificaciones/AUTOS%202016/02775.pdf HTTP/1.0" 200 353608
172.22.2.4 - - [24/Dec/2023:16:33:00 -0500] "GET /BLA/boletinlegal/ HTTP/1.1" 200 60910
156.59.198.136 - - [24/Dec/2023:16:35:02 -0500] "GET /BLA/resoluciones/Notificaciones/RESOLUCIONES%202019/1033.pdf HTTP/1.0" 200 460536
201.245.192.253 - - [24/Dec/2023:16:35:05 -0500] "POST /kwsrmcab/Wsrmcab  HTTP/1.1" 200 40220
216.245.221.92 - - [24/Dec/2023:16:35:21 -0500] "HEAD / HTTP/1.1" 200 -
156.59.198.136 - - [24/Dec/2023:16:35:26 -0500] "GET /BLA/resoluciones/Notificaciones/RESOLUCIONES%202019/3590.pdf HTTP/1.0" 200 525412
156.59.198.135 - - [24/Dec/2023:16:35:51 -0500] "GET /BLA/resoluciones/Notificaciones/RESOLUCIONES%202019/1296.pdf HTTP/1.0" 200 374715
157.55.39.10 - - [24/Dec/2023:16:36:04 -0500] "GET /BLA/resoluciones/RESOLUCIONES%202021/3837.pdf HTTP/1.1" 200 377248
156.59.198.135 - - [24/Dec/2023:16:36:16 -0500] "GET /BLA/resoluciones/Notificaciones/RESOLUCIONES%202019/03220.pdf HTTP/1.0" 200 421210
201.245.192.253 - - [24/Dec/2023:16:36:14 -0500] "POST /kwsrmcab/Wsrmcab HTTP/1.1" 200 36029
201.245.192.253 - - [24/Dec/2023:16:36:17 -0500] "POST /kwsrmcab/Wsrmcab HTTP/1.1" 200 37061
156.59.198.135 - - [24/Dec/2023:16:36:39 -0500] "GET /BLA/resoluciones/Notificaciones/RESOLUCIONES%202019/584.pdf HTTP/1.0" 200 247165
172.22.2.4 - - [24/Dec/2023:16:36:52 -0500] "GET /BLA/boletinlegal/Circulares/2019/.pdf HTTP/1.1" 404 1218
156.59.198.135 - - [24/Dec/2023:16:37:04 -0500] "GET /BLA/resoluciones/Notificaciones/RESOLUCIONES%202019/576.pdf HTTP/1.0" 200 353675
191.156.240.38 - - [24/Dec/2023:16:37:12 -0500] "GET /mis-de-50-aves-silvestres-fueron-recuperadas-en-la-localidad-de-tunjuelito.html HTTP/1.1" 200 806
156.59.198.135 - - [24/Dec/2023:16:37:28 -0500] "GET /BLA/resoluciones/Notificaciones/RESOLUCIONES%202019/02069.pdf HTTP/1.0" 200 503745
156.59.198.136 - - [24/Dec/2023:16:37:53 -0500] "GET /BLA/resoluciones/Notificaciones/RESOLUCIONES%202019/3476.pdf HTTP/1.0" 200 2526505
156.59.198.135 - - [24/Dec/2023:16:38:19 -0500] "GET /BLA/resoluciones/Notificaciones/RESOLUCIONES%202019/3892.pdf HTTP/1.0" 200 544490
172.22.2.4 - - [24/Dec/2023:16:37:02 -0500] "HEAD /BLA/boletinlegal/ HTTP/1.1" 200 -
156.59.198.135 - - [24/Dec/2023:16:38:44 -0500] "GET /BLA/resoluciones/Notificaciones/RESOLUCIONES%202019/3664.pdf HTTP/1.0" 200 282283
156.59.198.136 - - [24/Dec/2023:16:39:07 -0500] "GET /BLA/resoluciones/Notificaciones/RESOLUCIONES%202019/1699.pdf HTTP/1.0" 200 304994
40.77.167.25 - - [24/Dec/2023:16:39:22 -0500] "GET /sipse/faces/faces/autenticacion.xhtml HTTP/1.1" 200 12729
156.59.198.136 - - [24/Dec/2023:16:39:31 -0500] "GET /BLA/resoluciones/Notificaciones/RESOLUCIONES%202019/1627.pdf HTTP/1.0" 200 627429
172.22.2.4 - - [24/Dec/2023:16:37:53 -0500] "GET /BLA/boletinlegal/ HTTP/1.1" 200 58567
156.59.198.135 - - [24/Dec/2023:16:39:55 -0500] "GET /BLA/resoluciones/Notificaciones/RESOLUCIONES%202019/2336.pdf HTTP/1.0" 200 336731
186.102.66.136 - - [24/Dec/2023:16:40:02 -0500] "GET /mis-de-50-aves-silvestres-fueron-recuperadas-en-la-localidad-de-tunjuelito.html HTTP/1.1" 200 806
201.245.192.253 - - [24/Dec/2023:16:40:04 -0500] "POST /kwsrmcab/Wsrmcab  HTTP/1.1" 200 40220
201.245.192.253 - - [24/Dec/2023:16:40:14 -0500] "POST /kwsrmcab/Wsrmcab HTTP/1.1" 200 36029
40.77.167.25 - - [24/Dec/2023:16:40:18 -0500] "GET /BLA/resoluciones/AUTOS%202019/2243.pdf HTTP/1.1" 200 259351
156.59.198.136 - - [24/Dec/2023:16:40:20 -0500] "GET /BLA/resoluciones/Notificaciones/RESOLUCIONES%202019/485.pdf HTTP/1.0" 200 355962
216.245.221.92 - - [24/Dec/2023:16:40:21 -0500] "HEAD / HTTP/1.1" 200 -
201.245.192.253 - - [24/Dec/2023:16:40:19 -0500] "POST /kwsrmcab/Wsrmcab HTTP/1.1" 200 37061
156.59.198.136 - - [24/Dec/2023:16:40:44 -0500] "GET /BLA/resoluciones/Notificaciones/RESOLUCIONES%202019/2244.pdf HTTP/1.0" 200 308097
156.59.198.136 - - [24/Dec/2023:16:41:08 -0500] "GET /BLA/resoluciones/Notificaciones/RESOLUCIONES%202019/1900.pdf HTTP/1.0" 200 269864
156.59.198.136 - - [24/Dec/2023:16:41:32 -0500] "GET /BLA/resoluciones/Notificaciones/RESOLUCIONES%202019/2005.pdf HTTP/1.0" 200 499864
156.59.198.136 - - [24/Dec/2023:16:41:57 -0500] "GET /BLA/resoluciones/Notificaciones/RESOLUCIONES%202019/2655.pdf HTTP/1.0" 200 2198259
173.252.79.7 - - [24/Dec/2023:16:42:14 -0500] "GET /bogota-y-cundinamarca-consolidan-pagos-por-servicios-ambientales-con-nueva-firma-para-la-proteccion-del-agua.html HTTP/1.1" 200 821
173.252.79.5 - - [24/Dec/2023:16:42:15 -0500] "GET /bogota-y-cundinamarca-consolidan-pagos-por-servicios-ambientales-con-nueva-firma-para-la-proteccion-del-agua.html HTTP/1.1" 200 821
156.59.198.136 - - [24/Dec/2023:16:42:20 -0500] "GET /BLA/resoluciones/Notificaciones/RESOLUCIONES%202019/2321.pdf HTTP/1.0" 200 292322
156.59.198.136 - - [24/Dec/2023:16:42:45 -0500] "GET /BLA/resoluciones/Notificaciones/RESOLUCIONES%202019/1966.pdf HTTP/1.0" 200 533277
156.59.198.135 - - [24/Dec/2023:16:43:09 -0500] "GET /BLA/resoluciones/Notificaciones/RESOLUCIONES%202019/3873.pdf HTTP/1.0" 200 278308
156.59.198.135 - - [24/Dec/2023:16:43:33 -0500] "GET /BLA/resoluciones/Notificaciones/RESOLUCIONES%202019/2201.pdf HTTP/1.0" 200 240327
156.59.198.135 - - [24/Dec/2023:16:43:58 -0500] "GET /BLA/resoluciones/Notificaciones/RESOLUCIONES%202019/2499.pdf HTTP/1.0" 200 264476
156.59.198.136 - - [24/Dec/2023:16:44:22 -0500] "GET /BLA/resoluciones/Notificaciones/RESOLUCIONES%202019/1989.pdf HTTP/1.0" 200 310168
172.22.2.4 - - [24/Dec/2023:16:42:53 -0500] "HEAD /BLA/boletinlegal/ HTTP/1.1" 200 -
156.59.198.135 - - [24/Dec/2023:16:44:46 -0500] "GET /BLA/resoluciones/Notificaciones/RESOLUCIONES%202019/3288.pdf HTTP/1.0" 200 286159
201.245.192.253 - - [24/Dec/2023:16:45:03 -0500] "POST /kwsrmcab/Wsrmcab  HTTP/1.1" 200 40220
156.59.198.135 - - [24/Dec/2023:16:45:11 -0500] "GET /BLA/resoluciones/Notificaciones/RESOLUCIONES%202019/3958.pdf HTTP/1.0" 200 275429
216.245.221.92 - - [24/Dec/2023:16:45:21 -0500] "HEAD / HTTP/1.1" 200 -
172.22.2.4 - - [24/Dec/2023:16:43:44 -0500] "GET /BLA/boletinlegal/ HTTP/1.1" 200 60502
156.59.198.135 - - [24/Dec/2023:16:45:35 -0500] "GET /BLA/resoluciones/Notificaciones/RESOLUCIONES%202019/538.pdf HTTP/1.0" 200 316177
156.59.198.135 - - [24/Dec/2023:16:45:59 -0500] "GET /BLA/resoluciones/Notificaciones/RESOLUCIONES%202019/1297.pdf HTTP/1.0" 200 253516
156.59.198.136 - - [24/Dec/2023:16:46:23 -0500] "GET /BLA/resoluciones/Notificaciones/RESOLUCIONES%202019/2308.pdf HTTP/1.0" 200 337930
156.59.198.136 - - [24/Dec/2023:16:46:48 -0500] "GET /BLA/resoluciones/Notificaciones/RESOLUCIONES%202019/03602.pdf HTTP/1.0" 200 446170
156.59.198.135 - - [24/Dec/2023:16:47:11 -0500] "GET /BLA/resoluciones/Notificaciones/RESOLUCIONES%202019/574.pdf HTTP/1.0" 200 352230
156.59.198.135 - - [24/Dec/2023:16:47:36 -0500] "GET /BLA/resoluciones/Notificaciones/RESOLUCIONES%202019/3649.pdf HTTP/1.0" 200 1759428
156.59.198.136 - - [24/Dec/2023:16:48:01 -0500] "GET /BLA/resoluciones/Notificaciones/RESOLUCIONES%202019/2361.pdf HTTP/1.0" 200 257640
172.22.2.4 - - [24/Dec/2023:16:48:06 -0500] "GET /BLA/boletinlegal/Directivas/2009/Directiva%20No.%20del%2023%20de%20Diciembre%20de%202009.pdf HTTP/1.1" 304 -
156.59.198.136 - - [24/Dec/2023:16:48:24 -0500] "GET /BLA/resoluciones/Notificaciones/RESOLUCIONES%202019/3889.pdf HTTP/1.0" 200 460608
156.59.198.136 - - [24/Dec/2023:16:48:49 -0500] "GET /BLA/resoluciones/Notificaciones/RESOLUCIONES%202019/1035.pdf HTTP/1.0" 200 488039
156.59.198.136 - - [24/Dec/2023:16:49:13 -0500] "GET /BLA/resoluciones/Notificaciones/RESOLUCIONES%202019/2353.pdf HTTP/1.0" 200 220468
156.59.198.135 - - [24/Dec/2023:16:49:38 -0500] "GET /BLA/resoluciones/Notificaciones/RESOLUCIONES%202019/2043.pdf HTTP/1.0" 200 288114
156.59.198.136 - - [24/Dec/2023:16:50:03 -0500] "GET /BLA/resoluciones/Notificaciones/RESOLUCIONES%202019/1030.pdf HTTP/1.0" 200 358641
201.245.192.253 - - [24/Dec/2023:16:50:02 -0500] "POST /kwsrmcab/Wsrmcab  HTTP/1.1" 200 40220
173.252.95.9 - - [24/Dec/2023:16:50:18 -0500] "GET /secretaria-de-ambiente-reconocio-entidades-por-sus-buenas-practicas-ambientales.html HTTP/1.1" 200 892
173.252.95.18 - - [24/Dec/2023:16:50:18 -0500] "GET /secretaria-de-ambiente-reconocio-entidades-por-sus-buenas-practicas-ambientales.html HTTP/1.1" 200 892
173.252.95.20 - - [24/Dec/2023:16:50:18 -0500] "GET /secretaria-de-ambiente-reconocio-entidades-por-sus-buenas-practicas-ambientales.html HTTP/1.1" 200 892
216.245.221.92 - - [24/Dec/2023:16:50:21 -0500] "HEAD / HTTP/1.1" 200 -
172.22.2.4 - - [24/Dec/2023:16:48:43 -0500] "HEAD /BLA/boletinlegal/ HTTP/1.1" 200 -
156.59.198.136 - - [24/Dec/2023:16:50:26 -0500] "GET /BLA/resoluciones/Notificaciones/RESOLUCIONES%202019/1987.pdf HTTP/1.0" 200 250564
156.59.198.136 - - [24/Dec/2023:16:50:50 -0500] "GET /BLA/resoluciones/Notificaciones/RESOLUCIONES%202019/3766.pdf HTTP/1.0" 200 378521
172.22.2.4 - - [24/Dec/2023:16:49:34 -0500] "GET /BLA/boletinlegal/ HTTP/1.1" 200 57683
156.59.198.135 - - [24/Dec/2023:16:51:15 -0500] "GET /BLA/resoluciones/Notificaciones/RESOLUCIONES%202020/2867.pdf HTTP/1.0" 200 2838801
181.52.1.78 - - [24/Dec/2023:16:51:39 -0500] "GET /distrito-exalto-a-246-empresas-de-bogota-por-su-alto-desempeno-y-responsabilidad-ambiental-durante-2023.html HTTP/1.1" 200 1039
156.59.198.135 - - [24/Dec/2023:16:51:39 -0500] "GET /BLA/resoluciones/Notificaciones/RESOLUCIONES%202019/1236.pdf HTTP/1.0" 200 346978
45.238.183.254 - - [24/Dec/2023:16:51:41 -0500] "GET /distrito-exalto-a-246-empresas-de-bogota-por-su-alto-desempeno-y-responsabilidad-ambiental-durante-2023.html HTTP/1.1" 200 1039
156.59.198.135 - - [24/Dec/2023:16:52:04 -0500] "GET /BLA/resoluciones/Notificaciones/RESOLUCIONES%202020/1281.pdf HTTP/1.0" 200 376919
156.59.198.136 - - [24/Dec/2023:16:52:28 -0500] "GET /BLA/resoluciones/Notificaciones/RESOLUCIONES%202019/2967.pdf HTTP/1.0" 200 226561
156.59.198.136 - - [24/Dec/2023:16:52:52 -0500] "GET /BLA/resoluciones/Notificaciones/RESOLUCIONES%202020/2376.pdf HTTP/1.0" 200 354840
156.59.198.136 - - [24/Dec/2023:16:53:17 -0500] "GET /BLA/resoluciones/Notificaciones/RESOLUCIONES%202019/3742.pdf HTTP/1.0" 200 278985
156.59.198.136 - - [24/Dec/2023:16:53:41 -0500] "GET /BLA/resoluciones/Notificaciones/RESOLUCIONES%202019/0444.pdf HTTP/1.0" 200 382232
156.59.198.136 - - [24/Dec/2023:16:54:06 -0500] "GET /BLA/resoluciones/Notificaciones/RESOLUCIONES%202020/2895.pdf HTTP/1.0" 200 448128
156.59.198.135 - - [24/Dec/2023:16:54:30 -0500] "GET /BLA/resoluciones/Notificaciones/RESOLUCIONES%202019/490.pdf HTTP/1.0" 200 286977
172.22.2.4 - - [24/Dec/2023:16:54:38 -0500] "GET /BLA/boletinlegal/_next/static/chunks/main-b2ae011b66f51091.js HTTP/1.1" 404 1017
156.59.198.136 - - [24/Dec/2023:16:54:54 -0500] "GET /BLA/resoluciones/Notificaciones/RESOLUCIONES%202020/1538.pdf HTTP/1.0" 200 323723
201.245.192.253 - - [24/Dec/2023:16:55:01 -0500] "POST /kwsrmcab/Wsrmcab  HTTP/1.1" 200 40220
69.63.189.116 - - [24/Dec/2023:16:55:10 -0500] "GET /alcaldia-de-bogota-y-fundacion-exito-entregaron-en-ciudad-bolivar-la-primera-terraza-verde-de-la-capital.html HTTP/1.1" 200 852
156.59.198.135 - - [24/Dec/2023:16:55:19 -0500] "GET /BLA/resoluciones/Notificaciones/RESOLUCIONES%202019/0735.pdf HTTP/1.0" 200 263522
216.245.221.92 - - [24/Dec/2023:16:55:21 -0500] "HEAD / HTTP/1.1" 200 -
156.59.198.135 - - [24/Dec/2023:16:55:43 -0500] "GET /BLA/resoluciones/Notificaciones/RESOLUCIONES%202020/1657.pdf HTTP/1.0" 200 349689
156.59.198.136 - - [24/Dec/2023:16:56:08 -0500] "GET /BLA/resoluciones/Notificaciones/RESOLUCIONES%202019/585.pdf HTTP/1.0" 200 246326
172.22.2.4 - - [24/Dec/2023:16:54:33 -0500] "HEAD /BLA/boletinlegal/ HTTP/1.1" 200 -
156.59.198.136 - - [24/Dec/2023:16:56:31 -0500] "GET /BLA/resoluciones/Notificaciones/RESOLUCIONES%202020/2039.pdf HTTP/1.0" 200 389595
156.59.198.136 - - [24/Dec/2023:16:56:56 -0500] "GET /BLA/resoluciones/Notificaciones/RESOLUCIONES%202020/2451.pdf HTTP/1.0" 200 1450858
172.22.2.4 - - [24/Dec/2023:16:55:24 -0500] "GET /BLA/boletinlegal/ HTTP/1.1" 200 60910
156.59.198.136 - - [24/Dec/2023:16:57:21 -0500] "GET /BLA/resoluciones/Notificaciones/RESOLUCIONES%202019/589.pdf HTTP/1.0" 200 291633
156.59.198.136 - - [24/Dec/2023:16:57:45 -0500] "GET /BLA/resoluciones/Notificaciones/RESOLUCIONES%202020/1.pdf HTTP/1.0" 200 354840
156.59.198.136 - - [24/Dec/2023:16:58:10 -0500] "GET /BLA/resoluciones/Notificaciones/RESOLUCIONES%202020/3042.pdf HTTP/1.0" 200 359708
156.59.198.136 - - [24/Dec/2023:16:58:35 -0500] "GET /BLA/resoluciones/Notificaciones/RESOLUCIONES%202020/2617.pdf HTTP/1.0" 200 460579
191.156.231.57 - - [24/Dec/2023:16:58:45 -0500] "GET /mis-de-50-aves-silvestres-fueron-recuperadas-en-la-localidad-de-tunjuelito.html HTTP/1.1" 200 806
156.59.198.136 - - [24/Dec/2023:16:58:58 -0500] "GET /BLA/resoluciones/Notificaciones/RESOLUCIONES%202019/744.pdf HTTP/1.0" 200 1937313
40.77.167.15 - - [24/Dec/2023:16:59:01 -0500] "GET /BLA/resoluciones/AUTOS%202018/5373.pdf HTTP/1.1" 200 292457
157.55.39.10 - - [24/Dec/2023:16:59:08 -0500] "GET /BLA/resoluciones/AUTOS%202023/5631.pdf HTTP/1.1" 200 585041
156.59.198.136 - - [24/Dec/2023:16:59:23 -0500] "GET /BLA/resoluciones/Notificaciones/RESOLUCIONES%202019/1228.pdf HTTP/1.0" 200 358677
186.86.32.85 - - [24/Dec/2023:16:59:44 -0500] "GET /mis-de-50-aves-silvestres-fueron-recuperadas-en-la-localidad-de-tunjuelito.html HTTP/1.1" 200 806
156.59.198.136 - - [24/Dec/2023:16:59:47 -0500] "GET /BLA/resoluciones/Notificaciones/RESOLUCIONES%202020/2046.pdf HTTP/1.0" 200 381031
201.245.192.253 - - [24/Dec/2023:17:00:00 -0500] "POST /kwsrmcab/Wsrmcab  HTTP/1.1" 200 40220
