156.59.198.136 - - [24/Dec/2023:12:34:11 -0500] "GET /BLA/resoluciones/AUTOS%202007/3798.pdf HTTP/1.0" 200 191211
172.22.2.4 - - [24/Dec/2023:12:32:51 -0500] "GET /BLA/boletinlegal/ HTTP/1.1" 200 58567
156.59.198.136 - - [24/Dec/2023:12:34:35 -0500] "GET /BLA/resoluciones/Notificaciones/RESOLUCIONES%202022/3228.pdf HTTP/1.0" 200 420674
52.167.144.25 - - [24/Dec/2023:12:34:57 -0500] "GET /BLA/resoluciones/AUTOS%202023/3162.pdf HTTP/1.1" 200 329083
156.59.198.136 - - [24/Dec/2023:12:34:59 -0500] "GET /BLA/resoluciones/AUTOS%202022/7461.pdf HTTP/1.0" 200 526487
216.245.221.92 - - [24/Dec/2023:12:35:21 -0500] "HEAD / HTTP/1.1" 200 -
156.59.198.135 - - [24/Dec/2023:12:35:24 -0500] "GET /BLA/resoluciones/AUTOS%202022/6253.pdf HTTP/1.0" 200 389864
156.59.198.136 - - [24/Dec/2023:12:35:49 -0500] "GET /BLA/resoluciones/AUTOS%202022/6753.pdf HTTP/1.0" 200 397360
201.245.192.253 - - [24/Dec/2023:12:36:10 -0500] "POST /kwsrmcab/Wsrmcab  HTTP/1.1" 200 40220
156.59.198.136 - - [24/Dec/2023:12:36:13 -0500] "GET /BLA/resoluciones/AUTOS%202007/3791.pdf HTTP/1.0" 200 141382
201.245.192.253 - - [24/Dec/2023:12:36:15 -0500] "POST /kwsrmcab/Wsrmcab HTTP/1.1" 200 35415
201.245.192.253 - - [24/Dec/2023:12:36:19 -0500] "POST /kwsrmcab/Wsrmcab HTTP/1.1" 200 36891
156.59.198.135 - - [24/Dec/2023:12:36:38 -0500] "GET /BLA/resoluciones/RESOLUCIONES%202010/3964.pdf HTTP/1.0" 200 521273
156.59.198.136 - - [24/Dec/2023:12:37:01 -0500] "GET /BLA/resoluciones/Notificaciones/AUTOS%202022/0706.pdf HTTP/1.0" 200 380457
156.59.198.135 - - [24/Dec/2023:12:37:25 -0500] "GET /BLA/resoluciones/AUTOS%202022/7705.pdf HTTP/1.0" 200 427269
156.59.198.135 - - [24/Dec/2023:12:37:51 -0500] "GET /BLA/resoluciones/RESOLUCIONES%202010/5214.pdf HTTP/1.0" 200 779283
156.59.198.136 - - [24/Dec/2023:12:38:14 -0500] "GET /BLA/resoluciones/RESOLUCIONES%202008/1147.pdf HTTP/1.0" 200 177913
156.59.198.135 - - [24/Dec/2023:12:38:38 -0500] "GET /BLA/resoluciones/AUTOS%202022/5036.pdf HTTP/1.0" 200 2644200
156.59.198.136 - - [24/Dec/2023:12:39:03 -0500] "GET /BLA/resoluciones/Notificaciones/AUTOS%202022/7571.pdf HTTP/1.0" 200 429954
156.59.198.135 - - [24/Dec/2023:12:39:27 -0500] "GET /BLA/resoluciones/RESOLUCIONES%202008/2569.pdf HTTP/1.0" 200 198850
216.244.66.195 - - [24/Dec/2023:12:39:28 -0500] "GET /BLA/resoluciones/AUTOS%202023/0850.pdf HTTP/1.1" 200 819179
172.22.2.4 - - [24/Dec/2023:12:37:50 -0500] "HEAD /BLA/boletinlegal/ HTTP/1.1" 200 -
156.59.198.135 - - [24/Dec/2023:12:39:51 -0500] "GET /BLA/resoluciones/RESOLUCIONES%202010/2224.pdf HTTP/1.0" 200 522648
216.244.66.195 - - [24/Dec/2023:12:40:00 -0500] "GET /BLA/resoluciones/AUTOS%202023/2587.pdf HTTP/1.1" 200 2791467
31.13.103.3 - - [24/Dec/2023:12:40:11 -0500] "GET /68-de-ejecucion-lleva-el-plan-de-accion-para-las-familias-de-bogota-que-va-del-2021-al-2025.html HTTP/1.1" 200 811
31.13.103.8 - - [24/Dec/2023:12:40:12 -0500] "GET /68-de-ejecucion-lleva-el-plan-de-accion-para-las-familias-de-bogota-que-va-del-2021-al-2025.html HTTP/1.1" 200 811
31.13.103.5 - - [24/Dec/2023:12:40:12 -0500] "GET /68-de-ejecucion-lleva-el-plan-de-accion-para-las-familias-de-bogota-que-va-del-2021-al-2025.html HTTP/1.1" 200 811
173.252.111.1 - - [24/Dec/2023:12:40:15 -0500] "GET /alcaldia-de-bogota-y-fundacion-exito-entregaron-en-ciudad-bolivar-la-primera-terraza-verde-de-la-capital.html HTTP/1.1" 200 852
173.252.111.120 - - [24/Dec/2023:12:40:15 -0500] "GET /alcaldia-de-bogota-y-fundacion-exito-entregaron-en-ciudad-bolivar-la-primera-terraza-verde-de-la-capital.html HTTP/1.1" 200 852
173.252.111.5 - - [24/Dec/2023:12:40:15 -0500] "GET /alcaldia-de-bogota-y-fundacion-exito-entregaron-en-ciudad-bolivar-la-primera-terraza-verde-de-la-capital.html HTTP/1.1" 200 852
156.59.198.136 - - [24/Dec/2023:12:40:15 -0500] "GET /BLA/resoluciones/AUTOS%202022/4947.pdf HTTP/1.0" 200 358180
201.245.192.253 - - [24/Dec/2023:12:40:15 -0500] "POST /kwsrmcab/Wsrmcab HTTP/1.1" 200 35415
172.22.2.4 - - [24/Dec/2023:12:38:40 -0500] "GET /BLA/boletinlegal/ HTTP/1.1" 200 58567
216.245.221.92 - - [24/Dec/2023:12:40:21 -0500] "HEAD / HTTP/1.1" 200 -
201.245.192.253 - - [24/Dec/2023:12:40:20 -0500] "POST /kwsrmcab/Wsrmcab HTTP/1.1" 200 36891
156.59.198.135 - - [24/Dec/2023:12:40:39 -0500] "GET /BLA/resoluciones/RESOLUCIONES%202010/3123.pdf HTTP/1.0" 200 688705
216.244.66.195 - - [24/Dec/2023:12:40:43 -0500] "GET /BLA/resoluciones/RESOLUCIONES%202022/4323.pdf HTTP/1.1" 200 447999
156.59.198.135 - - [24/Dec/2023:12:41:03 -0500] "GET /BLA/resoluciones/RESOLUCIONES%202010/4502.pdf HTTP/1.0" 200 39794
201.245.192.253 - - [24/Dec/2023:12:41:09 -0500] "POST /kwsrmcab/Wsrmcab  HTTP/1.1" 200 40220
156.59.198.136 - - [24/Dec/2023:12:41:27 -0500] "GET /BLA/resoluciones/Notificaciones/AUTOS%202016/01644.doc HTTP/1.0" 200 3158197
156.59.198.135 - - [24/Dec/2023:12:41:52 -0500] "GET /BLA/resoluciones/RESOLUCIONES%202007/RES%202007%204101%20AL%204200/RESOLUCION%204111%20DE%202007.pdf HTTP/1.0" 200 832966
185.224.128.191 - - [24/Dec/2023:12:42:05 -0500] "GET / HTTP/1.1" 200 319
156.59.198.136 - - [24/Dec/2023:12:42:17 -0500] "GET /BLA/resoluciones/RESOLUCIONES%202007/RES%202007%204201%20AL%204300/RESOLUCION%204264%20DE%202007.pdf HTTP/1.0" 200 262563
156.59.198.136 - - [24/Dec/2023:12:42:41 -0500] "GET /BLA/resoluciones/Notificaciones/AUTOS%202022/4990.pdf HTTP/1.0" 200 352405
156.59.198.136 - - [24/Dec/2023:12:43:05 -0500] "GET /BLA/resoluciones/RESOLUCIONES%202006/2580.pdf HTTP/1.0" 200 46079
156.59.198.136 - - [24/Dec/2023:12:43:28 -0500] "GET /BLA/resoluciones/RESOLUCIONES%202009/1726.pdf HTTP/1.0" 200 699134
156.59.198.136 - - [24/Dec/2023:12:43:53 -0500] "GET /BLA/resoluciones/RESOLUCIONES%202010/2899.pdf HTTP/1.0" 200 509765
47.128.126.234 - - [24/Dec/2023:12:44:18 -0500] "GET /BLA/resoluciones/index.php?dir=RESOLUCIONES%202006%2FRES%202006%201-50%2F&order=asc&sort=date HTTP/1.1" 200 11867
47.128.126.234 - - [24/Dec/2023:12:44:19 -0500] "GET /BLA/resoluciones/dlf/dirup.png HTTP/1.1" 200 644
47.128.126.234 - - [24/Dec/2023:12:44:19 -0500] "GET /BLA/resoluciones/dlf/unknown.png HTTP/1.1" 200 266
156.59.198.136 - - [24/Dec/2023:12:44:43 -0500] "GET /BLA/resoluciones/RESOLUCIONES%202009/1863.pdf HTTP/1.0" 200 408695
156.59.198.135 - - [24/Dec/2023:12:45:07 -0500] "GET /BLA/resoluciones/AUTOS%202022/6269.pdf HTTP/1.0" 200 492280
172.22.2.4 - - [24/Dec/2023:12:43:40 -0500] "HEAD /BLA/boletinlegal/ HTTP/1.1" 200 -
216.245.221.92 - - [24/Dec/2023:12:45:21 -0500] "HEAD / HTTP/1.1" 200 -
66.249.66.192 - - [24/Dec/2023:12:45:29 -0500] "GET /por-un-corazon-mas-verde-del-1-al-9-de-junio-se-celebrara-la-semana-ambiental-2023-en-bogota.html HTTP/1.1" 200 819
156.59.198.135 - - [24/Dec/2023:12:45:31 -0500] "GET /BLA/resoluciones/RESOLUCIONES%202010/4069.pdf HTTP/1.0" 200 491339
156.59.198.135 - - [24/Dec/2023:12:45:55 -0500] "GET /BLA/resoluciones/RESOLUCIONES%202010/4089.pdf HTTP/1.0" 200 404704
66.249.83.2 - - [24/Dec/2023:12:46:08 -0500] "GET /mis-de-50-aves-silvestres-fueron-recuperadas-en-la-localidad-de-tunjuelito.html HTTP/1.1" 200 806
181.59.148.24 - - [24/Dec/2023:12:46:08 -0500] "GET /mis-de-50-aves-silvestres-fueron-recuperadas-en-la-localidad-de-tunjuelito.html HTTP/1.1" 200 806
66.249.83.2 - - [24/Dec/2023:12:46:08 -0500] "GET /mis-de-50-aves-silvestres-fueron-recuperadas-en-la-localidad-de-tunjuelito.html HTTP/1.1" 200 806
66.249.83.1 - - [24/Dec/2023:12:46:09 -0500] "GET /mis-de-50-aves-silvestres-fueron-recuperadas-en-la-localidad-de-tunjuelito.html HTTP/1.1" 200 806
172.22.2.4 - - [24/Dec/2023:12:44:30 -0500] "GET /BLA/boletinlegal/ HTTP/1.1" 200 58567
201.245.192.253 - - [24/Dec/2023:12:46:08 -0500] "POST /kwsrmcab/Wsrmcab  HTTP/1.1" 200 40220
156.59.198.136 - - [24/Dec/2023:12:46:19 -0500] "GET /BLA/resoluciones/RESOLUCIONES%202010/2349.pdf HTTP/1.0" 200 381020
156.59.198.136 - - [24/Dec/2023:12:46:44 -0500] "GET /BLA/resoluciones/RESOLUCIONES%202008/3114.pdf HTTP/1.0" 200 199260
156.59.198.136 - - [24/Dec/2023:12:47:09 -0500] "GET /BLA/resoluciones/Notificaciones/AUTOS%202014/0284.doc HTTP/1.0" 200 310272
191.156.56.14 - - [24/Dec/2023:12:47:33 -0500] "GET /mis-de-50-aves-silvestres-fueron-recuperadas-en-la-localidad-de-tunjuelito.html HTTP/1.1" 200 806
156.59.198.136 - - [24/Dec/2023:12:47:33 -0500] "GET /BLA/resoluciones/RESOLUCIONES%202010/4096.pdf HTTP/1.0" 200 352578
156.59.198.136 - - [24/Dec/2023:12:47:58 -0500] "GET /BLA/resoluciones/RESOLUCIONES%202008/2642.pdf HTTP/1.0" 200 197782
156.59.198.136 - - [24/Dec/2023:12:48:22 -0500] "GET /BLA/resoluciones/RESOLUCIONES%202010/3237.pdf HTTP/1.0" 200 770387
191.156.226.62 - - [24/Dec/2023:12:48:43 -0500] "GET /mis-de-50-aves-silvestres-fueron-recuperadas-en-la-localidad-de-tunjuelito.html HTTP/1.1" 200 806
156.59.198.135 - - [24/Dec/2023:12:48:47 -0500] "GET /BLA/resoluciones/AUTOS%202022/7286.pdf HTTP/1.0" 200 420050
156.59.198.135 - - [24/Dec/2023:12:49:11 -0500] "GET /BLA/resoluciones/RESOLUCIONES%202007/RES%202007%202501%20AL%202600/RESOLUCION%202547%20DE%202007.pdf HTTP/1.0" 200 1009815
156.59.198.136 - - [24/Dec/2023:12:49:35 -0500] "GET /BLA/resoluciones/RESOLUCIONES%202009/1258.pdf HTTP/1.0" 200 711243
156.59.198.136 - - [24/Dec/2023:12:49:59 -0500] "GET /BLA/resoluciones/Notificaciones/AUTOS%202022/0952.pdf HTTP/1.0" 200 373975
216.245.221.92 - - [24/Dec/2023:12:50:21 -0500] "HEAD / HTTP/1.1" 200 -
156.59.198.135 - - [24/Dec/2023:12:50:24 -0500] "GET /BLA/resoluciones/RESOLUCIONES%202010/2353.pdf HTTP/1.0" 200 451238
156.59.198.136 - - [24/Dec/2023:12:50:48 -0500] "GET /BLA/resoluciones/Notificaciones/AUTOS%202022/4918.pdf HTTP/1.0" 200 369156
173.252.107.1 - - [24/Dec/2023:12:50:59 -0500] "GET /images/Aves%20SDA.jpeg HTTP/1.1" 200 75104
186.102.15.42 - - [24/Dec/2023:12:51:06 -0500] "GET /kwssiamovil/sm/ldap/au?x=U2FsdGVkX18MNgHUXC1Xa/J2nsY/mZ7G5LTY3np4FSmwWnX4xLTQF2VcDPpgWDFn&y=U2FsdGVkX1/3S9AF0HI/Bx4MVcVNlrKt2KmgkDFl4PnPd85Ykhw2ta71I6ZKQuwR HTTP/1.1" 200 31
201.245.192.253 - - [24/Dec/2023:12:51:06 -0500] "POST /kwsrmcab/Wsrmcab  HTTP/1.1" 200 40220
172.22.2.4 - - [24/Dec/2023:12:49:30 -0500] "HEAD /BLA/boletinlegal/ HTTP/1.1" 200 -
156.59.198.136 - - [24/Dec/2023:12:51:12 -0500] "GET /BLA/resoluciones/Notificaciones/RESOLUCIONES%202022/00012.pdf HTTP/1.0" 200 370611
186.102.15.42 - - [24/Dec/2023:12:51:23 -0500] "GET /kwssiamovil/sm/ldap/au?x=U2FsdGVkX19/imUNAbrV7sB2hWYwbhiBqEBwEwHjYUSJ7RR/g3oOT8H/9PrP+MES&y=U2FsdGVkX1+0EJVTgfQxhVvvVLOZgkIndlvu1XtyRicrfVVPWEgAEqY9N1j0aOn+ HTTP/1.1" 200 30
186.102.15.42 - - [24/Dec/2023:12:51:24 -0500] "GET /kwssiamovil/sm/acme/s?s=U2FsdGVkX1/QHdW2r+g2jaj+95jYtIQl/jDT+NTs0LyrXg2D9IKawoHP7rPwsCkJpQDNCWK1rVPMw3Oentp5qUnM8RpQwdRBMTfLHN6/vDQ=&u=U2FsdGVkX1/p3/pqt7btO5JE0utC1avaHUsawculFDk=&y=U2FsdGVkX1+0EJVTgfQxhVvvVLOZgkIndlvu1XtyRicrfVVPWEgAEqY9N1j0aOn+ HTTP/1.1" 200 97
186.102.15.42 - - [24/Dec/2023:12:51:24 -0500] "GET /kwssiamovil/sm/acme/s?s=U2FsdGVkX18geuTLVK/D1RZfQZzE6p9sZ+5gneuyRbME4JJgk8Vb36NhAY2aUY7ukfZcLw7Ux6bKl9hDLTNNOAI7Q2I2gfnyz451U2uJdflWVm5ujVKHqVKMVddysIa+TJAJqdz8NDTbSONgcT6lERCYtuCjnOMxcHAaty6hF65LE4Mf1s0qwf12UwMOzvsO49DauMIUQ+s6X8C4jBrfr8Qc8Yr+jH8SE7bEfY0Go7kAZ++Pm8wFP6Wo59WPNDURy/8Zrs4CAkQRTACp2WVjcwAMfenkJ323d4iQvxXgNsDjf8QYaTZboOe6Ofy/5vO/V+Q5FKLYMt0eSAgY0ypVO4LL2y5u95+xv4jbhWQF1iF1rk/6WVzNAH2gZTzokVBj5PBxdAKtP6LTQuioRlmMBct17OiyrTmf08jLqrE1jUjNLsCrNpetSRPinB0eNzhf1RT6H93engOQW4PdcqFYDyoj51l/WQYSqVfylkGIgpuyKIAqYURUYogyGWPrU8hmBnQZlxKCYu8U75xC3J+m/y7BQ3Z3XJ7qIuSTi+/OVvq+fhEeVPAj0WakfmsJzWgQeWSgwvYm89ZJclplGT7PE9BJkWvruER5A4/Do1/RGLe9G8IVrF5/B1skNhNlQ1NrYK6MLw1v2Eg5id3EPy9c8thD3wEv5k3wH0pf5IpmT2Sguf5AhpBI668+4ynCynGrdXD6uxdYFgjsTXUEDGna90FRPAPJNRlonzGrG1t+cqTdg0YCV6NM8jY558aTWLIBjuZV+6yf2xsLU7B6Obuqbc5FldhS0xHgb6N7F4DAqZKDGVaweidhjTn/UhJ3DzHjmhbSaIhUpUzv+lgxaccGQPFjqXWDwv2931t/GdL+jRInGIUOPQdL1hX9amKwj/ruy8xtTnH1ZHdyA7GWgIvO8DRLssKxvxHdd2HdqZHlPVVun9bSDikAowzbKPDYhfrjxYyFzJU0UJEE8R1uVUhCd/SaQpSir2FT0PVaOd7eLjePMiHqaIJhpcOX7lUeRz+Xh7iN5bFGNap04T1SzyFNs7JTWso6y57ymSyUTgSD7n77F3d6Vhc4LzC0XUtPBUlI8LtaQO3YWlgvEWVR02L95KJ3ar5RC1FRGIbLyqfFb5LzB9mE2y7Z9n252QhsMVcetyBub4iCOW64rnEwUjqx+aTKLMQYSCv9+0E0rmkVpnQhx+JINNngV1hWA12zJffKaMZlQmDESLQ7WX944pTxYa557z3/JuDYWMXyYURwlOdbtnJBPoyhrUjp5RgVtx4rdLE66aFYxSAzq3qrDr7/RWxtlKsCVoo1mUuG+vZ0dca0hSff5fqegttOawe1hf+Cmcy+0yuyNp7N++rwcqu7R+rcJNEk5bYhNqIbIXSFvZO+5lPVNmz1f6Gi2aWBDH7zbvmL5F7Fp1Du15HPRToOY2HiyJHPg1AoWfOxL6gXkNtUlNXKLyYdAjvUGmjQ3n8r40Xurh4SkIsuhiJWsh9u/rh4aVPaJbXxOGe0aRnTpqjYjTiCZuACYMbk++Owrj1/DYpqxOQRd53wSZIzBme2hQPfLZs+4cTBEbu+a9GjKZlI57FeRdt/k2YSLMKNigk9+2Z/FoUEZONw6TKynK6l0Cj5KMKdfwf9jZT3znc+pJs1t2jRi25IDs8AMM6YHrcSPqNsrSBMC33Wl9zJ3qTj/TD/DYg5+ic+wKbj6fKlqeFrgfzXY/fn6MXwZLwWv6Uv1IfZs5fCx3DKLsLQ+npUmk6ROxXIgjIN6r8CPO7iuGA=&u=U2FsdGVkX1/p3/pqt7btO5JE0utC1avaHUsawculFDk=&y=U2FsdGVkX1+0EJVTgfQxhVvvVLOZgkIndlvu1XtyRicrfVVPWEgAEqY9N1j0aOn+ HTTP/1.1" 200 2020
186.102.15.42 - - [24/Dec/2023:12:51:24 -0500] "GET /kwssiamovil/sm/acme/s?s=U2FsdGVkX18qRuYQyc3z4xAAksdtj+oYc0BATzofGTm1T0AqJSEgFOtA4u8KjnnTPn32IWpobkijCIjslc1ttS100uQNf/HzlOjy4trxxP0Kfcue60fZdtpwOQ2Cbaxx4jd3DKmT4c58USNdOBAyu83vC3Wz7SBHMudUW3x3NRkHiC6VoXDAOKtIUj/xdrG6Uo2KSjI8M1ieC9zqY9Lbx7y92o9sDFxxaY+iF7NWVSWPm/DBbXxDbeV1EjkMoQVUkUBLeo72740FmFq5m7cbnoMDdxpr69bKDJjG0jGJ6sL2QRTOdmYBe91S2W9acqK76DTm0Ozmks3Qt/kF+4SBKYw6J/fGi8qSm3SDloWSB7Nw+8upv3P+ZeSR8HOHB+cK/OTltadqGmi6ZSr2baeNRpxW9QAdD+nHl5+A/EwUrz97mn1OwyYlomsEgX6cP/kyDhHhgR0GXqsQHTbMM+1a9jIV1CIp+LjYHFMin933hQOFYotQ7URoCmVtuZ3Qbe83I08KcXT6PgpKci5Y7wKrjyKcp32vSfmhpViFFpFxI2ZSV5amh0ZRV1XNp88NkWfUV6xReNN/r3OzQHAjxyLkFh4dSA0nSaWf49tSthnTUMEm4GMxF24hpkLWhC4WedKi1+PvFmha+ZasW4QFLBanfTf+j7ga2hMXDXUnuV82tjZ40cCKBJwrbXSaVDSa6CahyJbppRLC6EiTPzvpLBkvgLrHJaO+PKaj7EbrrqAUnKtE0EnBxP/Y0oilvrkYjWit&u=U2FsdGVkX1/p3/pqt7btO5JE0utC1avaHUsawculFDk=&y=U2FsdGVkX1+0EJVTgfQxhVvvVLOZgkIndlvu1XtyRicrfVVPWEgAEqY9N1j0aOn+ HTTP/1.1" 200 208
186.102.15.42 - - [24/Dec/2023:12:51:24 -0500] "GET /kwssiamovil/sm/cjson/pre?f=1&x=U2FsdGVkX19/imUNAbrV7sB2hWYwbhiBqEBwEwHjYUSJ7RR/g3oOT8H/9PrP+MES HTTP/1.1" 200 31032
156.59.198.135 - - [24/Dec/2023:12:51:36 -0500] "GET /BLA/resoluciones/RESOLUCIONES%202010/3874.pdf HTTP/1.0" 200 1144781
156.59.198.136 - - [24/Dec/2023:12:52:00 -0500] "GET /BLA/resoluciones/RESOLUCIONES%202009/1259.pdf HTTP/1.0" 200 645849
172.22.2.4 - - [24/Dec/2023:12:50:20 -0500] "GET /BLA/boletinlegal/ HTTP/1.1" 200 58567
156.59.198.136 - - [24/Dec/2023:12:52:25 -0500] "GET /BLA/resoluciones/RESOLUCIONES%202010/3938.pdf HTTP/1.0" 200 493369
156.59.198.136 - - [24/Dec/2023:12:52:48 -0500] "GET /BLA/resoluciones/RESOLUCIONES%202010/3403.pdf HTTP/1.0" 200 317478
156.59.198.135 - - [24/Dec/2023:12:53:13 -0500] "GET /BLA/resoluciones/RESOLUCIONES%202009/1279.pdf HTTP/1.0" 200 444730
156.59.198.135 - - [24/Dec/2023:12:53:38 -0500] "GET /BLA/resoluciones/RESOLUCIONES%202010/3990.pdf HTTP/1.0" 200 506431
156.59.198.136 - - [24/Dec/2023:12:54:02 -0500] "GET /BLA/resoluciones/RESOLUCIONES%202009/1779.pdf HTTP/1.0" 200 521594
156.59.198.136 - - [24/Dec/2023:12:54:26 -0500] "GET /BLA/resoluciones/RESOLUCIONES%202010/3953.pdf HTTP/1.0" 200 500859
156.59.198.136 - - [24/Dec/2023:12:54:50 -0500] "GET /BLA/resoluciones/AUTOS%202022/6861.pdf HTTP/1.0" 200 398312
156.59.198.135 - - [24/Dec/2023:12:55:15 -0500] "GET /BLA/resoluciones/RESOLUCIONES%202008/2796.pdf HTTP/1.0" 200 190427
216.245.221.92 - - [24/Dec/2023:12:55:21 -0500] "HEAD / HTTP/1.1" 200 -
156.59.198.135 - - [24/Dec/2023:12:55:39 -0500] "GET /BLA/resoluciones/RESOLUCIONES%202008/3245.pdf HTTP/1.0" 200 70256
186.102.70.144 - - [24/Dec/2023:12:55:43 -0500] "OPTIONS /kwssiamovil/sm/setfile/f? HTTP/1.1" 200 13
186.102.70.144 - - [24/Dec/2023:12:55:44 -0500] "POST /kwssiamovil/sm/setfile/f? HTTP/1.1" 200 381
186.102.70.144 - - [24/Dec/2023:12:55:54 -0500] "GET /kwssiamovil/sm/acme/a?s=U2FsdGVkX18RqkSlU6r4GPbTKlZBjOmh2XhI+VJQNWy6k3QB8QA6ioNZn6gjMbC88OXTHM2dTKmj53W6jbuL53lBp23Vcy5vlspwwDbOt3FmtdnAXVg7c+2G8hYC27ptaaOzyw4oJlnSjyFDknR/vIWNM6umWzbCeHtm0yGQBzS2l/nOKQjloSVQFzhWJ1/iGwSqYLyZohNO2hP2xpjCOKZEbcviJT8exHKNBi/wB6WUKqbQ3ejpaq+gMYZWuxNfqHvBqxuS6sGEcGJwu3N2cg==&u=U2FsdGVkX1/DwkkC1eqyr4RS7pQCRh7XVab2kTlDlRr6cTV3eT2T7tU9TkV6+yMn&y=U2FsdGVkX19sZ96QA5u1V0a+Qw01y+iUoqOSNmEbMPSnaS0bICtsMFpnp0ccpYZD HTTP/1.1" 200 26
186.102.70.144 - - [24/Dec/2023:12:55:54 -0500] "GET /kwssiamovil/sm/acme/a?s=U2FsdGVkX1+kGk8/FoCtB4FyNN5/PWYpXfvtI3BsojfX7os4YdFCtV+tbSrMVhu9h7v1jnCPZoJCLKKoVLB7+fzGeOAFOGXkHaeYAnH22WmqMvyQHq92CB9COHxUpg/z7pfH8i+xpXMjoCN7j6xWD0tvPFoeG8eb4huFUKWlGdP8FDeQxf4VcSKacV75gsyBO5+4zNEJxlYkfijQEjVPSeRBFXRWwLlrODlDCUPF3W9P6XCIEbcnq0qXhd3pSKMaIVms3gHVPL28o7TrrKVDTpZtGDBAU4HZVtOhBKaRXeou//K5Evwu/zqYgHAtxy7h8lYtpEo822Aec3TNELkevCFP1c06cnnsUGNPSZw1JVNOflCjvUpw3OtjHJyKgJwR4W+GC9jjh2Uec/6UOGyuhvX0l7/cO32JzUzEDnn7DySBBwb4Nx0d/29Bdscf63Dq4GKvftssHwt+VaqL1ng3b7eKImPYgIubyo3RHyu/a69h4iJx39o9FxTUVL5djTZ3VphtUB9p05XN492hdX0c+U1f2OKv0IxUeITaXiRDe4f1nl4XXB7y6wVX1S9ejyNRy7Gfktw4mxECzxXBQ2qiRm80cXV9Z6+4dlwtReYG8OqY0aNGmmPULfOimYqf+ipkHDZU18vDc6kU2PlIC0jHtJZS+kHBWuu3uR8rdps6Z+myFpJRW41VF10LFTFpIEvcimXGsmYUKgwKaPbdw2W7zvCf3HpbaPNZMSaZRLWP1jSSHV2x/aX8DoR7SBgjMh7H220UDOPZCru5vAHmfkW2EIMiDjKW2njxBgcXPd3lBW5r3yl7bTN0c7G8U9zAsJ67lFQ0xw8rYPAU1G0Mt1o4XLLefBUf4PMCYnvIxNYQaZifUFVnAngyY8U8jmcLglIX5OzcNqB6kjhuvgOZL5a1j9PG/H2qL8a51wVSxU5x8i1N6vIV2dZYIdO3Fl/v314B1sJ0VYnILf5RSduSpNutFCn3K5lECxbErmUFXSIYQhypVGlBpVT6duC5H9Hb3TIjfHAd+ToDS8hOlTa5vM5NX7IoDCYdo9ZWaQ7I7YByMhKwXrXeMHtL1eehFbWaKQ2o0eNm7VH5e2Z9edwBM5lr38gRUjV7dQt6dQf9F/K4asSTTWI1XcjxhKm0XBReHeEvhRaTFn4r04g7oH8+Yzx1yFimpiTxeUJSKXhVDkfSt91znT0S90mcnFeq5Aa42m2m9G5XTX0CyEztGYCLY7L1/CwC3VU5AnCc7SWlfGmDmBs3t1QEWVt8ksHwm1UTWnVP0n+I+ANipPNHZC0oklZLXNOUQk6YfQpsUv7mEYNxl3LgqfyR42XXL5STG7TWB6qSYEqJbQ9X5xy6lxk6126o7RA0MVSC31M4gy18sFSgENyFKwFnue7DB3QKkDyg6MVlqAXJK8M+8JjAkr1FDeuuKXGQ4VQbBqGXTM0eTlaWvLquf3PirjLVjx2c5AQrmND12SQyeJBkUNWrq7uyWpTJdVfvfTsdKLEcU4p3FEMF84NjubPT3yp8/pX81YK7zJvxs3+63LAiN6zztrsnm/UsF4duB/mGF0uJORQaxNPD7dUH6Iqp5GdQ/0cVohE1sIyqN6iUnYAms2qZ8RqVzQaZFRvTWDxerPqY5tNIblIji9OFr0hIaFe+1KE+NO2DXR2jos0kkWC0BXgUi+a+TQwrP5tyViRepzu8Wob3mYvVI/IyplIRiu/QYhIzdyn/t8yWUEDPm3mDtVoEZ8Jla//yufgJ+mBw4pfz7tJR8LuAuu6hJmMtonARJmRIJ9Pq2z1Rc2JlOA5Wn0VFtKzH3ittdhye85Vjf27IHUw8okVtPyNkCz5ToccL2gkRbM+OXl6opoqvGUmr4BMrcOXB6cz/S3WrGwn/FW6zznylsA8c3YizrtaWhGNaghqHOqUQv290w2Dr5Xeio34vOa7to+GYQd9uJ5BbyJqCt/ksdRGDTbyCIzvmB5b/spYlfmQftmcf944orgCS54ZMfewoCsUIEwAT0ny9oK02qN5FcXY6nQmjf5tlrsXTqXdWJxqfJtByYhcY2JqxeZ7m3d+in7uScYkJM8L55DZiUwjvQI5Pgfki0jW7unZNBeGll41Sle4W/aKSoRAAh1iI7RmzV8HytAY2XKVtWIk92RJis1HoTeU=&u=U2FsdGVkX1/DwkkC1eqyr4RS7pQCRh7XVab2kTlDlRr6cTV3eT2T7tU9TkV6+yMn&y=U2FsdGVkX19sZ96QA5u1V0a+Qw01y+iUoqOSNmEbMPSnaS0bICtsMFpnp0ccpYZD HTTP/1.1" 200 26
186.102.70.144 - - [24/Dec/2023:12:55:54 -0500] "GET /kwssiamovil/sm/acme/a?s=U2FsdGVkX1+tU3RASY7RIAd7WA/OlozCoz84C72Rf3DiuiCOCznXtnE0+xALf7MNmSAs8Cxc86SoV3RQQWlLgV3WkX7n8q10XvudhLKEVEpC3zf+p74tuOOP+Ww8NboGiAT11lavhPlHyjmTr6fT7oTn36FjKrVT/1GBdTvJljs=&u=U2FsdGVkX1/DwkkC1eqyr4RS7pQCRh7XVab2kTlDlRr6cTV3eT2T7tU9TkV6+yMn&y=U2FsdGVkX19sZ96QA5u1V0a+Qw01y+iUoqOSNmEbMPSnaS0bICtsMFpnp0ccpYZD HTTP/1.1" 200 26
186.102.70.144 - - [24/Dec/2023:12:55:55 -0500] "GET /kwssiamovil/sm/acme/a?s=U2FsdGVkX1+XbVXr7083+TPGhpEGkm/c3NrpBqd6CHWVasi3e4YlfMypzT+2VGvW8fuN25f/La/NeMID0fqQmM1logTRyDsG2zFxtabRwQF88ya1lp82KPd0G+SIrIX/qhWyBJyjW46eX4lDhZ7kInu1lPb6OZ7ZzEnW9pSgryI=&u=U2FsdGVkX1/DwkkC1eqyr4RS7pQCRh7XVab2kTlDlRr6cTV3eT2T7tU9TkV6+yMn&y=U2FsdGVkX19sZ96QA5u1V0a+Qw01y+iUoqOSNmEbMPSnaS0bICtsMFpnp0ccpYZD HTTP/1.1" 200 26
186.102.70.144 - - [24/Dec/2023:12:55:55 -0500] "GET /kwssiamovil/sm/acme/a?s=U2FsdGVkX1+XWA94/+SS6lfIWVJ3HVevTIp/ZH/icvBTVsM9uBAttl0Lfr+daX+DhkU2b3zpWAuSwwYbkKW2Oji8S5KQTd6mew1OTwiDsNPedONZrHKMxBsWa3TpAPHiV9/fWXQBc0f+yYqSrZizNj0/dcL+X/MNH4ZS3+RUZOU=&u=U2FsdGVkX1/DwkkC1eqyr4RS7pQCRh7XVab2kTlDlRr6cTV3eT2T7tU9TkV6+yMn&y=U2FsdGVkX19sZ96QA5u1V0a+Qw01y+iUoqOSNmEbMPSnaS0bICtsMFpnp0ccpYZD HTTP/1.1" 200 26
186.102.70.144 - - [24/Dec/2023:12:55:55 -0500] "GET /kwssiamovil/sm/acme/a?s=U2FsdGVkX1/bcgvS7mwJgDgf02Pue2hfyLiUhBtvfABlPFtpFqZcRfBEvf1Y5iH5vdmYUy755ax1ZNFAbFkFFfxzb2W16dO4XsVL+w7gRAthqHJ5lIZ8eBQuxaMaXoBmoB2AoXU1QnoLchnlbX0EZTLda0BugIR1N8AhyY1TEwha79w/rXgkl4Z2DgJ3Irl8IRAPI1E5pxw2qtpBPx+7kw==&u=U2FsdGVkX1/DwkkC1eqyr4RS7pQCRh7XVab2kTlDlRr6cTV3eT2T7tU9TkV6+yMn&y=U2FsdGVkX19sZ96QA5u1V0a+Qw01y+iUoqOSNmEbMPSnaS0bICtsMFpnp0ccpYZD HTTP/1.1" 200 26
186.102.70.144 - - [24/Dec/2023:12:55:55 -0500] "GET /kwssiamovil/sm/acme/a?s=U2FsdGVkX1+A4X2NLYROowRSjTzhlmJjrjUpWeDGZpwCJDocJLKdSNR3o8HoPLPlcuMvWVI+SS4QLd8AnuB5lfQoqyDkFxO5RCKRaKHeTfWkDDmJ3xm+vKFH2u7UBJh4LN6KZF98WYHaRCgOVyUsPh6SdLY980/iIc1/YM9THlryOByXt4X3fMUl0fIpcNTYue0YPWAlATfDWzUA6NNk5KH0r3SY7tNmEa+U42kYclKtX1E4J0gz1sG7rWdvXFg5bQEKbI5FzOjkIn/ZIPkgYTUSvPhSBk5Q6otDgaAJdRO2QDOdQMMN9HmniHtA7dcVE5sYC6DPqaJQR2/q8/K0WTwggPU7k+UzzrQF98Y5cMX1WSwFOiclVTLPPd3ju8Y+GbgDcvhOIcV8BCERyanvp8CfJ3w6dd/qLZK6Z1ejqXktNkxivttB084CpVFUi4aaErPflHYIpzxj2OzTRVUlq9gyruOAMdfl5DxpMEgzudYJI5NNJLjauZsH7w43LhZiTYLTzsqPwpQBV52yioKni2KqORsSP4iQd4o0FJIAlr4=&u=U2FsdGVkX1/DwkkC1eqyr4RS7pQCRh7XVab2kTlDlRr6cTV3eT2T7tU9TkV6+yMn&y=U2FsdGVkX19sZ96QA5u1V0a+Qw01y+iUoqOSNmEbMPSnaS0bICtsMFpnp0ccpYZD HTTP/1.1" 200 25
186.102.70.144 - - [24/Dec/2023:12:55:56 -0500] "GET /kwssiamovil/sm/acme/a?s=U2FsdGVkX1/v+l1bFzrc0VXqe9R4mTcitKl30iYHitKUy40yg5d2Wg8E4ckoULbkYkopCH0SRTzmudjtCIryfxyAjEfjh1C2b2yzqomKMSN61Jmh5ZSu/0Y4JprVXhfMxEy2EhOV5SbiYP3FmdKkDpk2d7wQI72JrM/rbqprrgxGcZ/wK7dWloq6YSEZfZN6YKJYmT/sLG1BZ3SCaJKHEJThXz4ZR2jVE2GP1YAhpOdN8JQSHlJuheOtLtfJ1Up3V4VgOfCwsbzrTPdaKrTawreMAOUSM/zNeuyN4nG9LidYaQU6kMh3P7Y6RSGP5/PNbRnQirWhmENexMDjQwwt+JgnOrqvsKPUek8Rm+aDE4vhsb6dEwO/N5vakAXsJuG+DUp/7juI6FBUqInGt1whpANv6do6WeXN5pgsZ+5AZ8gyMS4pl/Qjf21AciKTh5bLlr12b8JweWHpOruh9q9/VLpI9B0bduFeTffUzyvVdfC/7nwM4lZm6vjz2oZD2Pie&u=U2FsdGVkX1/DwkkC1eqyr4RS7pQCRh7XVab2kTlDlRr6cTV3eT2T7tU9TkV6+yMn&y=U2FsdGVkX19sZ96QA5u1V0a+Qw01y+iUoqOSNmEbMPSnaS0bICtsMFpnp0ccpYZD HTTP/1.1" 200 26
156.59.198.135 - - [24/Dec/2023:12:56:03 -0500] "GET /BLA/resoluciones/AUTOS%202022/8221.pdf HTTP/1.0" 200 421485
201.245.192.253 - - [24/Dec/2023:12:56:04 -0500] "POST /kwsrmcab/Wsrmcab  HTTP/1.1" 200 40220
156.59.198.135 - - [24/Dec/2023:12:56:27 -0500] "GET /BLA/resoluciones/RESOLUCIONES%202010/3881.pdf HTTP/1.0" 200 1066959
156.59.198.135 - - [24/Dec/2023:12:56:51 -0500] "GET /BLA/resoluciones/RESOLUCIONES%202008/3003.pdf HTTP/1.0" 200 199487
172.22.2.4 - - [24/Dec/2023:12:55:20 -0500] "HEAD /BLA/boletinlegal/ HTTP/1.1" 200 -
156.59.198.136 - - [24/Dec/2023:12:57:17 -0500] "GET /BLA/resoluciones/Notificaciones/AUTOS%202022/0591.pdf HTTP/1.0" 200 358865
69.171.251.4 - - [24/Dec/2023:12:57:18 -0500] "GET /images/terrazas%20verdes.jpg HTTP/1.1" 200 63951
66.249.66.21 - - [24/Dec/2023:12:57:30 -0500] "GET /Publicaciones/2023EE218970.pdf HTTP/1.1" 404 228
156.59.198.136 - - [24/Dec/2023:12:57:40 -0500] "GET /BLA/resoluciones/RESOLUCIONES%202008/2116.pdf HTTP/1.0" 200 81970
84.54.51.80 - - [24/Dec/2023:12:57:40 -0500] "POST /boaform/admin/formLogin HTTP/1.1" 404 1186
172.22.2.4 - - [24/Dec/2023:12:56:10 -0500] "GET /BLA/boletinlegal/ HTTP/1.1" 200 58567
156.59.198.135 - - [24/Dec/2023:12:58:04 -0500] "GET /BLA/resoluciones/RESOLUCIONES%202010/3266.pdf HTTP/1.0" 200 495371
156.59.198.135 - - [24/Dec/2023:12:58:28 -0500] "GET /BLA/resoluciones/RESOLUCIONES%202010/4398.pdf HTTP/1.0" 200 936898
207.46.13.92 - - [24/Dec/2023:12:58:46 -0500] "GET /BLA/resoluciones/RESOLUCIONES%202018/1442.pdf HTTP/1.1" 200 2308106
156.59.198.136 - - [24/Dec/2023:12:58:52 -0500] "GET /BLA/resoluciones/Notificaciones/RESOLUCIONES%202022/2476.pdf HTTP/1.0" 200 354816
156.59.198.136 - - [24/Dec/2023:12:59:16 -0500] "GET /BLA/resoluciones/RESOLUCIONES%202008/1980.pdf HTTP/1.0" 200 190296
156.59.198.135 - - [24/Dec/2023:12:59:40 -0500] "GET /BLA/resoluciones/RESOLUCIONES%202007/RES%202007%203401%20AL%203500/RESOLUCION%203445%20DE%202007.pdf HTTP/1.0" 200 1371428
156.59.198.136 - - [24/Dec/2023:13:00:05 -0500] "GET /BLA/resoluciones/RESOLUCIONES%202010/3728.pdf HTTP/1.0" 200 542096
216.245.221.92 - - [24/Dec/2023:13:00:21 -0500] "HEAD / HTTP/1.1" 200 -
156.59.198.135 - - [24/Dec/2023:13:00:29 -0500] "GET /BLA/resoluciones/RESOLUCIONES%202009/1576.pdf HTTP/1.0" 200 95217
156.59.198.135 - - [24/Dec/2023:13:00:54 -0500] "GET /BLA/resoluciones/RESOLUCIONES%202010/4549.pdf HTTP/1.0" 200 345897
201.245.192.253 - - [24/Dec/2023:13:01:02 -0500] "POST /kwsrmcab/Wsrmcab  HTTP/1.1" 200 40220
157.90.254.89 - - [24/Dec/2023:13:01:11 -0500] "GET / HTTP/1.1" 200 4720
157.90.254.89 - - [24/Dec/2023:13:01:14 -0500] "GET / HTTP/1.1" 200 319
156.59.198.136 - - [24/Dec/2023:13:01:18 -0500] "GET /BLA/resoluciones/RESOLUCIONES%202010/2048.pdf HTTP/1.0" 200 205625
156.59.198.135 - - [24/Dec/2023:13:01:42 -0500] "GET /BLA/resoluciones/RESOLUCIONES%202010/2322.pdf HTTP/1.0" 200 406947
173.252.83.7 - - [24/Dec/2023:13:02:06 -0500] "GET /distrito-exalta-48-arboles-patrimoniales-y-15-de-interes-publico-en-bogota.html HTTP/1.1" 200 816
156.59.198.135 - - [24/Dec/2023:13:02:07 -0500] "GET /BLA/resoluciones/AUTOS%202022/5422.pdf HTTP/1.0" 200 1713451
156.59.198.136 - - [24/Dec/2023:13:02:31 -0500] "GET /BLA/resoluciones/Notificaciones/AUTOS%202022/4977.pdf HTTP/1.0" 200 389361
190.60.36.2 - - [24/Dec/2023:13:02:48 -0500] "GET /sipse/faces/index.xhtml HTTP/1.1" 200 677
190.60.36.2 - - [24/Dec/2023:13:02:48 -0500] "GET /sipse/faces/javax.faces.resource/theme.css?ln=primefaces-sipse HTTP/1.1" 304 -
190.60.36.2 - - [24/Dec/2023:13:02:49 -0500] "GET /sipse/faces/faces/autenticacion.xhtml HTTP/1.1" 200 12407
190.60.36.2 - - [24/Dec/2023:13:02:49 -0500] "GET /sipse/js/disable_browser_buttons.js HTTP/1.1" 304 -
190.60.36.2 - - [24/Dec/2023:13:02:49 -0500] "GET /sipse/js/funciones.js HTTP/1.1" 304 -
190.60.36.2 - - [24/Dec/2023:13:02:49 -0500] "GET /sipse/css/custom_css_sg_prime_login.css HTTP/1.1" 304 -
190.60.36.2 - - [24/Dec/2023:13:02:49 -0500] "GET /sipse/faces/javax.faces.resource/theme.css?ln=primefaces-sipse HTTP/1.1" 304 -
190.60.36.2 - - [24/Dec/2023:13:02:49 -0500] "GET /sipse/faces/javax.faces.resource/layout/layout.css?ln=primefaces&v=4.0 HTTP/1.1" 304 -
190.60.36.2 - - [24/Dec/2023:13:02:49 -0500] "GET /sipse/faces/javax.faces.resource/primefaces.css?ln=primefaces&v=4.0 HTTP/1.1" 304 -
190.60.36.2 - - [24/Dec/2023:13:02:49 -0500] "GET /sipse/css/custom_css_sg.css HTTP/1.1" 304 -
190.60.36.2 - - [24/Dec/2023:13:02:49 -0500] "GET /sipse/faces/javax.faces.resource/jquery/jquery.js?ln=primefaces&v=4.0 HTTP/1.1" 304 -
190.60.36.2 - - [24/Dec/2023:13:02:49 -0500] "GET /sipse/faces/javax.faces.resource/jquery/jquery-plugins.js?ln=primefaces&v=4.0 HTTP/1.1" 304 -
190.60.36.2 - - [24/Dec/2023:13:02:49 -0500] "GET /sipse/faces/javax.faces.resource/primefaces.js?ln=primefaces&v=4.0 HTTP/1.1" 304 -
190.60.36.2 - - [24/Dec/2023:13:02:49 -0500] "GET /sipse/faces/javax.faces.resource/layout/layout.js?ln=primefaces&v=4.0 HTTP/1.1" 304 -
190.60.36.2 - - [24/Dec/2023:13:02:49 -0500] "GET /sipse/css/imagen/loginimg.png HTTP/1.1" 304 -
190.60.36.2 - - [24/Dec/2023:13:02:49 -0500] "GET /sipse/css/imagen/logoSDG.png HTTP/1.1" 304 -
190.60.36.2 - - [24/Dec/2023:13:02:49 -0500] "GET /sipse/faces/javax.faces.resource/images/ui-icons_898989_256x240.png?ln=primefaces-aristo HTTP/1.1" 304 -
172.22.2.4 - - [24/Dec/2023:13:01:09 -0500] "HEAD /BLA/boletinlegal/ HTTP/1.1" 200 -
190.60.36.2 - - [24/Dec/2023:13:02:52 -0500] "POST /sipse/faces/autenticacion.xhtml HTTP/1.1" 200 11436
190.60.36.2 - - [24/Dec/2023:13:02:52 -0500] "GET /sipse/css/custom_css_sg_prime.css HTTP/1.1" 304 -
190.60.36.2 - - [24/Dec/2023:13:02:52 -0500] "GET /sipse/faces/javax.faces.resource/layout/layout.css?ln=primefaces&v=4.0 HTTP/1.1" 304 -
190.60.36.2 - - [24/Dec/2023:13:02:52 -0500] "GET /sipse/faces/javax.faces.resource/primefaces.css?ln=primefaces&v=4.0 HTTP/1.1" 304 -
190.60.36.2 - - [24/Dec/2023:13:02:52 -0500] "GET /sipse/faces/javax.faces.resource/theme.css?ln=primefaces-sipse HTTP/1.1" 304 -
190.60.36.2 - - [24/Dec/2023:13:02:52 -0500] "GET /sipse/faces/javax.faces.resource/jquery/jquery.js?ln=primefaces&v=4.0 HTTP/1.1" 304 -
190.60.36.2 - - [24/Dec/2023:13:02:52 -0500] "GET /sipse/faces/javax.faces.resource/jquery/jquery-plugins.js?ln=primefaces&v=4.0 HTTP/1.1" 304 -
190.60.36.2 - - [24/Dec/2023:13:02:52 -0500] "GET /sipse/faces/javax.faces.resource/primefaces.js?ln=primefaces&v=4.0 HTTP/1.1" 304 -
190.60.36.2 - - [24/Dec/2023:13:02:52 -0500] "GET /sipse/faces/javax.faces.resource/layout/layout.js?ln=primefaces&v=4.0 HTTP/1.1" 304 -
190.60.36.2 - - [24/Dec/2023:13:02:52 -0500] "GET /sipse/faces/javax.faces.resource/messages/messages.png?ln=primefaces&v=4.0 HTTP/1.1" 304 -
190.60.36.2 - - [24/Dec/2023:13:02:55 -0500] "POST /sipse/faces/presentacion/sistema/seguridad/seleccionRol.xhtml HTTP/1.1" 200 5801
156.59.198.136 - - [24/Dec/2023:13:02:56 -0500] "GET /BLA/resoluciones/RESOLUCIONES%202010/3573.pdf HTTP/1.0" 200 651775
190.60.36.2 - - [24/Dec/2023:13:02:56 -0500] "POST /sipse/faces/presentacion/sistema/seguridad/seleccionRol.xhtml HTTP/1.1" 200 16463
190.60.36.2 - - [24/Dec/2023:13:02:56 -0500] "GET /sipse/faces/javax.faces.resource/theme.css?ln=primefaces-sipse HTTP/1.1" 304 -
190.60.36.2 - - [24/Dec/2023:13:02:56 -0500] "GET /sipse/faces/javax.faces.resource/layout/layout.css?ln=primefaces&v=4.0 HTTP/1.1" 304 -
190.60.36.2 - - [24/Dec/2023:13:02:56 -0500] "GET /sipse/faces/javax.faces.resource/primefaces.css?ln=primefaces&v=4.0 HTTP/1.1" 304 -
190.60.36.2 - - [24/Dec/2023:13:02:56 -0500] "GET /sipse/js/jquery.min.js HTTP/1.1" 304 -
190.60.36.2 - - [24/Dec/2023:13:02:56 -0500] "GET /sipse/faces/javax.faces.resource/jquery/jquery.js?ln=primefaces&v=4.0 HTTP/1.1" 304 -
190.60.36.2 - - [24/Dec/2023:13:02:56 -0500] "GET /sipse/faces/javax.faces.resource/jquery/jquery-plugins.js?ln=primefaces&v=4.0 HTTP/1.1" 304 -
190.60.36.2 - - [24/Dec/2023:13:02:56 -0500] "GET /sipse/faces/javax.faces.resource/primefaces.js?ln=primefaces&v=4.0 HTTP/1.1" 304 -
190.60.36.2 - - [24/Dec/2023:13:02:56 -0500] "GET /sipse/faces/javax.faces.resource/layout/layout.js?ln=primefaces&v=4.0 HTTP/1.1" 304 -
190.60.36.2 - - [24/Dec/2023:13:02:56 -0500] "GET /sipse/css/v_mergente.css HTTP/1.1" 304 -
190.60.36.2 - - [24/Dec/2023:13:02:56 -0500] "GET /sipse/imagenes/cargando.gif HTTP/1.1" 304 -
190.60.36.2 - - [24/Dec/2023:13:02:56 -0500] "GET /sipse/imagenes/logoAplicacion.jpg HTTP/1.1" 304 -
190.60.36.2 - - [24/Dec/2023:13:02:56 -0500] "GET /sipse/css/imagen/contrasena.png HTTP/1.1" 404 383
190.60.36.2 - - [24/Dec/2023:13:02:58 -0500] "GET /sipse/faces/javax.faces.resource/images/ui-bg_flat_0_2d5972_40x100.png?ln=primefaces-aristo HTTP/1.1" 304 -
190.60.36.2 - - [24/Dec/2023:13:02:58 -0500] "POST /sipse/faces/bienvenido.xhtml HTTP/1.1" 200 1471
190.60.36.2 - - [24/Dec/2023:13:02:59 -0500] "POST /sipse/faces/bienvenido.xhtml HTTP/1.1" 200 62379
190.60.36.2 - - [24/Dec/2023:13:03:00 -0500] "GET /sipse/faces/javax.faces.resource/theme.css?ln=primefaces-sipse HTTP/1.1" 304 -
190.60.36.2 - - [24/Dec/2023:13:03:00 -0500] "GET /sipse/faces/javax.faces.resource/primefaces.css?ln=primefaces&v=4.0 HTTP/1.1" 304 -
190.60.36.2 - - [24/Dec/2023:13:03:00 -0500] "GET /sipse/faces/javax.faces.resource/layout/layout.css?ln=primefaces&v=4.0 HTTP/1.1" 304 -
190.60.36.2 - - [24/Dec/2023:13:03:00 -0500] "GET /sipse/faces/javax.faces.resource/jquery/jquery.js?ln=primefaces&v=4.0 HTTP/1.1" 304 -
190.60.36.2 - - [24/Dec/2023:13:03:00 -0500] "GET /sipse/faces/javax.faces.resource/jquery/jquery-plugins.js?ln=primefaces&v=4.0 HTTP/1.1" 304 -
190.60.36.2 - - [24/Dec/2023:13:03:00 -0500] "GET /sipse/faces/javax.faces.resource/primefaces.js?ln=primefaces&v=4.0 HTTP/1.1" 304 -
190.60.36.2 - - [24/Dec/2023:13:03:00 -0500] "GET /sipse/faces/javax.faces.resource/layout/layout.js?ln=primefaces&v=4.0 HTTP/1.1" 304 -
190.60.36.2 - - [24/Dec/2023:13:03:00 -0500] "POST /sipse/faces/presentacion/financiero/solicitudProceso/listarSolicitudProceso.xhtml HTTP/1.1" 200 1564
156.59.198.136 - - [24/Dec/2023:13:03:21 -0500] "GET /BLA/resoluciones/RESOLUCIONES%202010/2408.pdf HTTP/1.0" 200 563683
172.22.2.4 - - [24/Dec/2023:13:02:01 -0500] "GET /BLA/boletinlegal/ HTTP/1.1" 200 58172
156.59.198.135 - - [24/Dec/2023:13:03:44 -0500] "GET /BLA/resoluciones/AUTOS%202022/5043.pdf HTTP/1.0" 200 372958
156.59.198.135 - - [24/Dec/2023:13:04:08 -0500] "GET /BLA/resoluciones/RESOLUCIONES%202010/4488.pdf HTTP/1.0" 200 1062021
156.59.198.135 - - [24/Dec/2023:13:04:32 -0500] "GET /BLA/resoluciones/RESOLUCIONES%202009/1311.pdf HTTP/1.0" 200 61165
156.59.198.136 - - [24/Dec/2023:13:04:57 -0500] "GET /BLA/resoluciones/RESOLUCIONES%202008/1422.pdf HTTP/1.0" 200 72051
156.59.198.135 - - [24/Dec/2023:13:05:21 -0500] "GET /BLA/resoluciones/RESOLUCIONES%202008/2608.pdf HTTP/1.0" 200 73055
216.245.221.92 - - [24/Dec/2023:13:05:21 -0500] "HEAD / HTTP/1.1" 200 -
156.59.198.136 - - [24/Dec/2023:13:05:45 -0500] "GET /BLA/resoluciones/RESOLUCIONES%202016/0952.pdf HTTP/1.0" 200 5656134
201.245.192.253 - - [24/Dec/2023:13:06:00 -0500] "POST /kwsrmcab/Wsrmcab  HTTP/1.1" 200 40220
156.59.198.135 - - [24/Dec/2023:13:06:10 -0500] "GET /BLA/resoluciones/RESOLUCIONES%202010/4851.pdf HTTP/1.0" 200 754273
173.252.127.20 - - [24/Dec/2023:13:06:31 -0500] "GET /distrito-exalto-a-246-empresas-de-bogota-por-su-alto-desempeno-y-responsabilidad-ambiental-durante-2023.html HTTP/1.1" 200 1039
173.252.127.23 - - [24/Dec/2023:13:06:31 -0500] "GET /distrito-exalto-a-246-empresas-de-bogota-por-su-alto-desempeno-y-responsabilidad-ambiental-durante-2023.html HTTP/1.1" 200 1039
156.59.198.136 - - [24/Dec/2023:13:06:33 -0500] "GET /BLA/resoluciones/RESOLUCIONES%202007/RES%202007%203801%20AL%203900/RESOLUCION%203890%20DE%202007.pdf HTTP/1.0" 200 521979
156.59.198.135 - - [24/Dec/2023:13:06:58 -0500] "GET /BLA/resoluciones/Notificaciones/AUTOS%202022/2111.pdf HTTP/1.0" 200 409281
156.59.198.136 - - [24/Dec/2023:13:07:22 -0500] "GET /BLA/resoluciones/RESOLUCIONES%202010/3795.pdf HTTP/1.0" 200 1123192
156.59.198.135 - - [24/Dec/2023:13:07:46 -0500] "GET /BLA/resoluciones/RESOLUCIONES%202008/1497.pdf HTTP/1.0" 200 25180
156.59.198.136 - - [24/Dec/2023:13:08:11 -0500] "GET /BLA/resoluciones/AUTOS%202022/4866.pdf HTTP/1.0" 200 2173794
156.59.198.136 - - [24/Dec/2023:13:08:36 -0500] "GET /BLA/resoluciones/RESOLUCIONES%202009/1566.pdf HTTP/1.0" 200 139209
172.22.2.4 - - [24/Dec/2023:13:07:00 -0500] "HEAD /BLA/boletinlegal/ HTTP/1.1" 200 -
191.95.48.61 - - [24/Dec/2023:13:08:45 -0500] "GET /mis-de-50-aves-silvestres-fueron-recuperadas-en-la-localidad-de-tunjuelito.html HTTP/1.1" 200 806
156.59.198.135 - - [24/Dec/2023:13:09:01 -0500] "GET /BLA/resoluciones/Notificaciones/RESOLUCIONES%202022/3376.pdf HTTP/1.0" 200 396898
173.252.87.2 - - [24/Dec/2023:13:09:09 -0500] "GET /dia-mundial-del-medio-ambiente-con-3-500-beneficiarias-comienza-la-segunda-fase-de-mujeres-que-reverdecen.html HTTP/1.1" 200 845
156.59.198.135 - - [24/Dec/2023:13:09:24 -0500] "GET /BLA/resoluciones/RESOLUCIONES%202010/4778.pdf HTTP/1.0" 200 444951
172.22.2.4 - - [24/Dec/2023:13:07:51 -0500] "GET /BLA/boletinlegal/ HTTP/1.1" 200 60910
156.59.198.135 - - [24/Dec/2023:13:09:49 -0500] "GET /BLA/resoluciones/RESOLUCIONES%202010/4537.pdf HTTP/1.0" 200 959656
40.77.167.36 - - [24/Dec/2023:13:10:09 -0500] "GET /galeria/galeria/jquery.fancybox.js?v=2.1.5 HTTP/1.1" 200 48706
156.59.198.135 - - [24/Dec/2023:13:10:13 -0500] "GET /BLA/resoluciones/RESOLUCIONES%202007/RES%202007%203401%20AL%203500/RESOLUCION%203470%20DE%202007.pdf HTTP/1.0" 200 829030
52.167.144.219 - - [24/Dec/2023:13:10:14 -0500] "GET /galeria/galeria/jquery.fancybox.css?v=2.1.5 HTTP/1.1" 200 4895
216.245.221.92 - - [24/Dec/2023:13:10:21 -0500] "HEAD / HTTP/1.1" 200 -
40.77.167.36 - - [24/Dec/2023:13:10:30 -0500] "GET /BLA/resoluciones/Notificaciones/RESOLUCIONES%202023/00350.pdf HTTP/1.1" 200 488659
156.59.198.136 - - [24/Dec/2023:13:10:38 -0500] "GET /BLA/resoluciones/RESOLUCIONES%202007/RES%202007%204101%20AL%204200/RESOLUCION%204125%20DE%202007.pdf HTTP/1.0" 200 342117
156.59.198.136 - - [24/Dec/2023:13:11:02 -0500] "GET /BLA/resoluciones/AUTOS%202007/3755.pdf HTTP/1.0" 200 74981
201.245.192.253 - - [24/Dec/2023:13:11:00 -0500] "POST /kwsrmcab/Wsrmcab  HTTP/1.1" 200 40220
156.59.198.135 - - [24/Dec/2023:13:11:26 -0500] "GET /BLA/resoluciones/RESOLUCIONES%202007/RES%202007%202801%20AL%202900/RESOLUCION%202870%20DE%202007.pdf HTTP/1.0" 200 272703
157.55.39.53 - - [24/Dec/2023:13:11:37 -0500] "GET /BLA/resoluciones/index.php?dir=RESOLUCIONES+2022%2F HTTP/1.1" 200 324879
156.59.198.135 - - [24/Dec/2023:13:11:50 -0500] "GET /BLA/resoluciones/RESOLUCIONES%202007/RES%202007%204101%20AL%204200/RESOLUCION%204168%20DE%202007.pdf HTTP/1.0" 200 370592
172.22.2.4 - - [24/Dec/2023:13:12:02 -0500] "GET /BLA/boletinlegal/robots.txt HTTP/1.1" 404 1038
200.25.6.71 - - [24/Dec/2023:13:12:07 -0500] "GET /distrito-exalto-a-246-empresas-de-bogota-por-su-alto-desempeno-y-responsabilidad-ambiental-durante-2023.html HTTP/1.1" 200 1039
156.59.198.136 - - [24/Dec/2023:13:12:15 -0500] "GET /BLA/resoluciones/RESOLUCIONES%202010/4552.pdf HTTP/1.0" 200 699680
66.249.66.77 - - [24/Dec/2023:13:12:14 -0500] "GET /portaldeninos/aulas-ambientales/ HTTP/1.1" 200 88416
66.249.66.77 - - [24/Dec/2023:13:12:17 -0500] "GET /portaldeninos/wp-content/themes/betheme/assets/ui/jquery.ui.all.css?ver=20.9.6 HTTP/1.1" 200 18765
66.249.66.75 - - [24/Dec/2023:13:12:18 -0500] "GET /portaldeninos/wp-includes/js/jquery/ui/widget.min.js?ver=1.11.4 HTTP/1.1" 200 6908
172.22.2.4 - - [24/Dec/2023:13:12:03 -0500] "GET /BLA/boletinlegal/ HTTP/1.1" 200 20427
156.59.198.136 - - [24/Dec/2023:13:12:40 -0500] "GET /BLA/resoluciones/AUTOS%202022/4558.pdf HTTP/1.0" 200 845798
156.59.198.135 - - [24/Dec/2023:13:13:03 -0500] "GET /BLA/resoluciones/RESOLUCIONES%202010/4835.pdf HTTP/1.0" 200 754247
156.59.198.135 - - [24/Dec/2023:13:13:27 -0500] "GET /BLA/resoluciones/AUTOS%202022/7566.pdf HTTP/1.0" 200 445814
186.86.32.108 - - [24/Dec/2023:13:13:40 -0500] "GET /portaldeninos/ HTTP/1.1" 200 110175
186.86.32.108 - - [24/Dec/2023:13:13:42 -0500] "GET /portaldeninos/wp-includes/js/wp-emoji-release.min.js?ver=4.9.8 HTTP/1.1" 200 12026
186.86.32.108 - - [24/Dec/2023:13:13:42 -0500] "GET /portaldeninos/wp-content/themes/betheme/style.css?ver=20.9.6 HTTP/1.1" 200 287
186.86.32.108 - - [24/Dec/2023:13:13:42 -0500] "GET /portaldeninos/wp-content/uploads/useanyfont/uaf.css?ver=1589905315 HTTP/1.1" 200 408
186.86.32.108 - - [24/Dec/2023:13:13:42 -0500] "GET /portaldeninos/wp-content/plugins/gallery-videos/CSS/Total-Soft-Gallery-Video-Widget.css?ver=4.9.8 HTTP/1.1" 200 51554
186.86.32.108 - - [24/Dec/2023:13:13:42 -0500] "GET /portaldeninos/wp-content/themes/betheme/css/base.css?ver=20.9.6 HTTP/1.1" 200 57283
186.86.32.108 - - [24/Dec/2023:13:13:42 -0500] "GET /portaldeninos/wp-content/themes/betheme/assets/ui/jquery.ui.all.css?ver=20.9.6 HTTP/1.1" 200 18765
186.86.32.108 - - [24/Dec/2023:13:13:42 -0500] "GET /portaldeninos/wp-content/themes/betheme/assets/jplayer/css/jplayer.blue.monday.css?ver=20.9.6 HTTP/1.1" 200 9834
186.86.32.108 - - [24/Dec/2023:13:13:42 -0500] "GET /portaldeninos/wp-content/plugins/gallery-videos/CSS/totalsoft.css?ver=4.9.8 HTTP/1.1" 200 40622
186.86.32.108 - - [24/Dec/2023:13:13:42 -0500] "GET /portaldeninos/wp-content/themes/betheme/css/layout.css?ver=20.9.6 HTTP/1.1" 200 116639
186.86.32.108 - - [24/Dec/2023:13:13:42 -0500] "GET /portaldeninos/wp-content/themes/betheme/assets/animations/animations.min.css?ver=20.9.6 HTTP/1.1" 200 58508
186.86.32.108 - - [24/Dec/2023:13:13:42 -0500] "GET /portaldeninos/wp-content/plugins/google-analytics-for-wordpress/assets/js/frontend-gtag.min.js?ver=8.5.0 HTTP/1.1" 200 11801
186.86.32.108 - - [24/Dec/2023:13:13:42 -0500] "GET /portaldeninos/wp-content/plugins/popup-maker/assets/css/site.min.css?ver=1.8.14 HTTP/1.1" 200 8260
186.86.32.108 - - [24/Dec/2023:13:13:42 -0500] "GET /portaldeninos/wp-content/themes/betheme/css/responsive.css?ver=20.9.6 HTTP/1.1" 200 55740
186.86.32.108 - - [24/Dec/2023:13:13:42 -0500] "GET /portaldeninos/wp-content/themes/betheme/css/shortcodes.css?ver=20.9.6 HTTP/1.1" 200 138889
186.86.32.108 - - [24/Dec/2023:13:13:43 -0500] "GET /portaldeninos/wp-includes/js/jquery/jquery.js?ver=1.12.4 HTTP/1.1" 200 97184
186.86.32.108 - - [24/Dec/2023:13:13:43 -0500] "GET /portaldeninos/wp-includes/js/jquery/jquery-migrate.min.js?ver=1.4.1 HTTP/1.1" 200 10056
186.86.32.108 - - [24/Dec/2023:13:13:43 -0500] "GET /portaldeninos/wp-includes/js/jquery/ui/core.min.js?ver=1.11.4 HTTP/1.1" 200 4000
186.86.32.108 - - [24/Dec/2023:13:13:43 -0500] "GET /portaldeninos/wp-content/plugins/gallery-videos/JS/modernizr.custom.js?ver=4.9.8 HTTP/1.1" 200 9019
186.86.32.108 - - [24/Dec/2023:13:13:43 -0500] "GET /portaldeninos/wp-content/plugins/gallery-videos/JS/Total-Soft-Gallery-Video-Widget.js?ver=4.9.8 HTTP/1.1" 200 80264
186.86.32.108 - - [24/Dec/2023:13:13:43 -0500] "GET /portaldeninos/wp-content/uploads/2019/08/Logo-Ambientic.png HTTP/1.1" 200 22941
186.86.32.108 - - [24/Dec/2023:13:13:43 -0500] "GET /portaldeninos/wp-content/uploads/2021/06/titulo-cabezote-ni%C3%B1os.png HTTP/1.1" 200 64425
186.86.32.108 - - [24/Dec/2023:13:13:43 -0500] "GET /portaldeninos/wp-includes/js/jquery/ui/mouse.min.js?ver=1.11.4 HTTP/1.1" 200 3148
186.86.32.108 - - [24/Dec/2023:13:13:43 -0500] "GET /portaldeninos/wp-includes/js/jquery/ui/tabs.min.js?ver=1.11.4 HTTP/1.1" 200 12110
186.86.32.108 - - [24/Dec/2023:13:13:43 -0500] "GET /portaldeninos/wp-includes/js/jquery/ui/widget.min.js?ver=1.11.4 HTTP/1.1" 200 6908
186.86.32.108 - - [24/Dec/2023:13:13:43 -0500] "GET /portaldeninos/wp-includes/js/jquery/ui/accordion.min.js?ver=1.11.4 HTTP/1.1" 200 8584
186.86.32.108 - - [24/Dec/2023:13:13:43 -0500] "GET /portaldeninos/wp-includes/js/jquery/ui/sortable.min.js?ver=1.11.4 HTTP/1.1" 200 24899
186.86.32.108 - - [24/Dec/2023:13:13:43 -0500] "GET /portaldeninos/wp-content/themes/betheme/js/menu.js?ver=20.9.6 HTTP/1.1" 200 2449
186.86.32.108 - - [24/Dec/2023:13:13:43 -0500] "GET /portaldeninos/wp-content/themes/betheme/assets/animations/animations.min.js?ver=20.9.6 HTTP/1.1" 200 1896
186.86.32.108 - - [24/Dec/2023:13:13:43 -0500] "GET /portaldeninos/wp-includes/js/jquery/ui/position.min.js?ver=1.11.4 HTTP/1.1" 200 6527
186.86.32.108 - - [24/Dec/2023:13:13:43 -0500] "GET /portaldeninos/wp-includes/js/wp-embed.min.js?ver=4.9.8 HTTP/1.1" 200 1398
186.86.32.108 - - [24/Dec/2023:13:13:43 -0500] "GET /portaldeninos/wp-content/uploads/2021/06/titulo-miambiente-ni%C3%B1os.png HTTP/1.1" 200 11944
186.86.32.108 - - [24/Dec/2023:13:13:43 -0500] "GET /portaldeninos/wp-content/plugins/popup-maker/assets/js/site.min.js?defer&ver=1.8.14 HTTP/1.1" 200 48457
186.86.32.108 - - [24/Dec/2023:13:13:43 -0500] "GET /portaldeninos/wp-content/themes/betheme/js/scripts.js?ver=20.9.6 HTTP/1.1" 200 77162
186.86.32.108 - - [24/Dec/2023:13:13:43 -0500] "GET /portaldeninos/wp-content/themes/betheme/js/plugins.js?ver=20.9.6 HTTP/1.1" 200 197151
186.86.32.108 - - [24/Dec/2023:13:13:43 -0500] "GET /portaldeninos/wp-content/themes/betheme/assets/jplayer/jplayer.min.js?ver=20.9.6 HTTP/1.1" 200 52702
186.86.32.108 - - [24/Dec/2023:13:13:43 -0500] "GET /portaldeninos/wp-content/themes/betheme/fonts/mfn-icons.woff?93978679 HTTP/1.1" 200 80932
186.86.32.108 - - [24/Dec/2023:13:13:43 -0500] "GET /portaldeninos/wp-content/uploads/2018/10/oso.jpg HTTP/1.1" 200 305180
186.86.32.108 - - [24/Dec/2023:13:13:44 -0500] "GET /portaldeninos/wp-content/uploads/2021/06/titulo-videos-ni%C3%B1os.png HTTP/1.1" 200 10502
186.86.32.108 - - [24/Dec/2023:13:13:44 -0500] "GET /portaldeninos/wp-content/uploads/2021/06/titulo-humedales-ni%C3%B1os.png HTTP/1.1" 200 13361
186.86.32.108 - - [24/Dec/2023:13:13:43 -0500] "GET /portaldeninos/wp-content/uploads/2020/01/Tierra-escenario.jpg HTTP/1.1" 200 181491
186.86.32.108 - - [24/Dec/2023:13:13:43 -0500] "GET /portaldeninos/wp-content/uploads/2018/11/tigrillo.jpg HTTP/1.1" 200 402961
186.86.32.108 - - [24/Dec/2023:13:13:43 -0500] "GET /portaldeninos/wp-content/uploads/2020/01/Frailejon-escenario.jpg HTTP/1.1" 200 357472
186.86.32.108 - - [24/Dec/2023:13:13:43 -0500] "GET /portaldeninos/wp-content/uploads/2018/11/caneca.jpg HTTP/1.1" 200 262661
186.86.32.108 - - [24/Dec/2023:13:13:44 -0500] "GET /portaldeninos/wp-content/uploads/2020/05/ig.jpg HTTP/1.1" 200 11470
186.86.32.108 - - [24/Dec/2023:13:13:44 -0500] "GET /portaldeninos/wp-content/uploads/2020/05/fb.jpg HTTP/1.1" 200 9893
186.86.32.108 - - [24/Dec/2023:13:13:44 -0500] "GET /portaldeninos/wp-content/uploads/2020/06/yt.jpg HTTP/1.1" 200 10577
186.86.32.108 - - [24/Dec/2023:13:13:44 -0500] "GET /portaldeninos/wp-content/uploads/2020/06/tw.jpg HTTP/1.1" 200 11056
186.86.32.108 - - [24/Dec/2023:13:13:44 -0500] "GET /portaldeninos/wp-content/themes/betheme/images/box_shadow.png HTTP/1.1" 200 108
186.86.32.108 - - [24/Dec/2023:13:13:44 -0500] "GET /portaldeninos/wp-content/themes/betheme/images/stripes/stripes_3_b.png HTTP/1.1" 200 974
186.86.32.108 - - [24/Dec/2023:13:13:44 -0500] "GET /portaldeninos/wp-content/uploads/2023/08/Infografia-Web-Infantil.mp4 HTTP/1.1" 206 175910
186.86.32.108 - - [24/Dec/2023:13:13:44 -0500] "GET /portaldeninos/wp-content/uploads/2022/08/Infograf%C3%ADa-humedales-actualizada.png HTTP/1.1" 200 588022
172.22.2.4 - - [24/Dec/2023:13:12:04 -0500] "GET /BLA/boletinlegal/index.php HTTP/1.1" 200 57309
186.86.32.108 - - [24/Dec/2023:13:13:45 -0500] "GET /portaldeninos/wp-json/pum/v1/analytics/?event=open&pid=1126&_cache=1703441585088 HTTP/1.1" 204 -
156.59.198.136 - - [24/Dec/2023:13:13:52 -0500] "GET /BLA/resoluciones/Notificaciones/RESOLUCIONES%202023/1578.pdf HTTP/1.0" 200 397313
186.86.32.108 - - [24/Dec/2023:13:13:44 -0500] "GET /portaldeninos/wp-content/uploads/2022/08/HUmedalConejera03-1.jpg HTTP/1.1" 200 12388495
186.86.32.108 - - [24/Dec/2023:13:13:44 -0500] "GET /portaldeninos/wp-content/uploads/2023/08/Infografia-Web-Infantil.mp4 HTTP/1.1" 206 9053809
186.86.32.108 - - [24/Dec/2023:13:13:44 -0500] "GET /portaldeninos/wp-content/uploads/2019/06/CabezoteAMBIENTIC.mp4 HTTP/1.1" 206 19337854
156.59.198.135 - - [24/Dec/2023:13:14:15 -0500] "GET /BLA/resoluciones/RESOLUCIONES%202010/4221.pdf HTTP/1.0" 200 351328
186.86.32.108 - - [24/Dec/2023:13:14:15 -0500] "GET /portaldeninos/wp-content/uploads/2019/06/CabezoteAMBIENTIC.mp4 HTTP/1.1" 206 2803389
172.22.2.4 - - [24/Dec/2023:13:12:50 -0500] "HEAD /BLA/boletinlegal/ HTTP/1.1" 200 -
52.167.144.235 - - [24/Dec/2023:13:14:34 -0500] "GET /distrito-exalto-a-246-empresas-de-bogota-por-su-alto-desempeno-y-responsabilidad-ambiental-durante-2023.html HTTP/1.1" 200 1039
156.59.198.135 - - [24/Dec/2023:13:14:40 -0500] "GET /BLA/resoluciones/RESOLUCIONES%202007/RES%202007%204101%20AL%204200/RESOLUCION%204184%20DE%202007.pdf HTTP/1.0" 200 350297
186.86.32.108 - - [24/Dec/2023:13:14:39 -0500] "GET /portaldeninos/biodiversidad HTTP/1.1" 301 -
186.86.32.108 - - [24/Dec/2023:13:14:21 -0500] "GET /portaldeninos/wp-content/uploads/2023/08/Infografia-Web-Infantil.mp4 HTTP/1.1" 206 3421184
186.86.32.108 - - [24/Dec/2023:13:14:40 -0500] "GET /portaldeninos/biodiversidad/ HTTP/1.1" 200 86633
186.86.32.108 - - [24/Dec/2023:13:14:43 -0500] "GET /portaldeninos/wp-content/uploads/2020/01/Fauna-gif.gif HTTP/1.1" 200 3779027
186.86.32.108 - - [24/Dec/2023:13:15:01 -0500] "GET /favicon.ico HTTP/1.1" 200 7782
156.59.198.135 - - [24/Dec/2023:13:15:03 -0500] "GET /BLA/resoluciones/Notificaciones/AUTOS%202022/5092.pdf HTTP/1.0" 200 403599
172.22.2.4 - - [24/Dec/2023:13:13:41 -0500] "GET /BLA/boletinlegal/ HTTP/1.1" 200 60046
216.245.221.92 - - [24/Dec/2023:13:15:21 -0500] "HEAD / HTTP/1.1" 200 -
156.59.198.136 - - [24/Dec/2023:13:15:28 -0500] "GET /BLA/resoluciones/Notificaciones/RESOLUCIONES%202022/3377.pdf HTTP/1.0" 200 425386
156.59.198.135 - - [24/Dec/2023:13:15:52 -0500] "GET /BLA/resoluciones/Notificaciones/AUTOS%202022/6598.pdf HTTP/1.0" 200 369330
201.245.192.253 - - [24/Dec/2023:13:15:59 -0500] "POST /kwsrmcab/Wsrmcab  HTTP/1.1" 200 40220
156.59.198.135 - - [24/Dec/2023:13:16:17 -0500] "GET /BLA/resoluciones/AUTOS%202022/6241.pdf HTTP/1.0" 200 373021
201.245.192.253 - - [24/Dec/2023:13:16:16 -0500] "POST /kwsrmcab/Wsrmcab HTTP/1.1" 200 36005
201.245.192.253 - - [24/Dec/2023:13:16:19 -0500] "POST /kwsrmcab/Wsrmcab HTTP/1.1" 200 36900
156.59.198.135 - - [24/Dec/2023:13:16:42 -0500] "GET /BLA/resoluciones/Notificaciones/AUTOS%202022/3462.pdf HTTP/1.0" 200 2954732
156.59.198.136 - - [24/Dec/2023:13:17:06 -0500] "GET /BLA/resoluciones/RESOLUCIONES%202007/RES%202007%203401%20AL%203500/RESOLUCION%203416%20DE%202007.pdf HTTP/1.0" 200 728719
198.235.24.58 - - [24/Dec/2023:13:17:13 -0500] "GET / HTTP/1.1" 200 319
156.59.198.135 - - [24/Dec/2023:13:17:30 -0500] "GET /BLA/resoluciones/AUTOS%202022/4938.pdf HTTP/1.0" 200 716927
156.59.198.135 - - [24/Dec/2023:13:17:54 -0500] "GET /BLA/resoluciones/Notificaciones/AUTOS%202014/6509.doc HTTP/1.0" 200 152576
156.59.198.136 - - [24/Dec/2023:13:18:19 -0500] "GET /BLA/resoluciones/RESOLUCIONES%202010/3632.pdf HTTP/1.0" 200 771579
40.77.167.79 - - [24/Dec/2023:13:18:23 -0500] "GET /BLA/resoluciones/AUTOS%202022/7062.pdf HTTP/1.1" 304 -
156.59.198.136 - - [24/Dec/2023:13:18:44 -0500] "GET /BLA/resoluciones/AUTOS%202022/4480.pdf HTTP/1.0" 200 470685
34.90.153.207 - - [24/Dec/2023:13:18:55 -0500] "GET /distrito-exalto-a-246-empresas-de-bogota-por-su-alto-desempeno-y-responsabilidad-ambiental-durante-2023.html HTTP/1.1" 200 1039
156.59.198.136 - - [24/Dec/2023:13:19:07 -0500] "GET /BLA/resoluciones/RESOLUCIONES%202008/2594.pdf HTTP/1.0" 200 31287
156.59.198.135 - - [24/Dec/2023:13:19:32 -0500] "GET /BLA/resoluciones/Notificaciones/AUTOS%202022/2891.pdf HTTP/1.0" 200 437331
156.59.198.135 - - [24/Dec/2023:13:19:56 -0500] "GET /BLA/resoluciones/Notificaciones/AUTOS%202022/0250.pdf HTTP/1.0" 200 437493
201.245.192.253 - - [24/Dec/2023:13:20:15 -0500] "POST /kwsrmcab/Wsrmcab HTTP/1.1" 200 36005
156.59.198.135 - - [24/Dec/2023:13:20:20 -0500] "GET /BLA/resoluciones/RESOLUCIONES%202008/1130.pdf HTTP/1.0" 200 221764
172.22.2.4 - - [24/Dec/2023:13:18:40 -0500] "HEAD /BLA/boletinlegal/ HTTP/1.1" 200 -
216.245.221.92 - - [24/Dec/2023:13:20:21 -0500] "HEAD / HTTP/1.1" 200 -
201.245.192.253 - - [24/Dec/2023:13:20:21 -0500] "POST /kwsrmcab/Wsrmcab HTTP/1.1" 200 36900
156.59.198.136 - - [24/Dec/2023:13:20:44 -0500] "GET /BLA/resoluciones/AUTOS%202022/4184.pdf HTTP/1.0" 200 464058
