156.59.198.135 - - [24/Dec/2023:11:28:10 -0500] "GET /BLA/resoluciones/RESOLUCIONES%202010/7743.pdf HTTP/1.0" 200 508106
156.59.198.135 - - [24/Dec/2023:11:28:35 -0500] "GET /BLA/resoluciones/RESOLUCIONES%202007/RES%202007%203801%20AL%203900/RESOLUCION%203875%20DE%202007.pdf HTTP/1.0" 200 980297
156.59.198.135 - - [24/Dec/2023:11:28:58 -0500] "GET /BLA/resoluciones/RESOLUCIONES%202010/7412.pdf HTTP/1.0" 200 98156
156.59.198.136 - - [24/Dec/2023:11:29:23 -0500] "GET /BLA/resoluciones/Notificaciones/AUTOS%202022/2970.pdf HTTP/1.0" 200 391831
172.22.2.4 - - [24/Dec/2023:11:27:48 -0500] "HEAD /BLA/boletinlegal/ HTTP/1.1" 200 -
186.102.15.42 - - [24/Dec/2023:11:29:34 -0500] "GET /kwssiamovil/sm/ldap/au?x=U2FsdGVkX19HFV/POA+qqFtq0lt8rQL2Xo9y5AX5y6kxB/2PuNkSHISExY228tLg&y=U2FsdGVkX19FhmYpGhJLGfbKa6YIgHeXHoImXLxkBFcC9n9qkIYgqyJ7qWEBaYF8 HTTP/1.1" 200 30
186.102.15.42 - - [24/Dec/2023:11:29:35 -0500] "GET /kwssiamovil/sm/acme/s?s=U2FsdGVkX18rYe0H2Dq6DqvRRG+i6mgJsRd2IFtbqq60N6+Spiy4RPb5rGPBNxAnheJghdNNyXMwnRaAQBT/ap6G7TbxwdLPPSUyL5/KoK8=&u=U2FsdGVkX1/pM4hpk6UM4urssHyIQNQrgx9vY4q7+JQ=&y=U2FsdGVkX19FhmYpGhJLGfbKa6YIgHeXHoImXLxkBFcC9n9qkIYgqyJ7qWEBaYF8 HTTP/1.1" 200 97
186.102.15.42 - - [24/Dec/2023:11:29:35 -0500] "GET /kwssiamovil/sm/acme/s?s=U2FsdGVkX181NthixniWeTz5i/OHFI0e9/o8TUE9TCOKDiHJgyGsSIiUSYpSJmJXMVVsIXpmVjyeQSuJYP/xJUnREn6bBxHHYycJfP9uEQ4Fs+gmlWLHBzL+gLjA8l3qcgkyt3NhRwBh/xR3cixHx+GI82T0EP26I5V9ymoh8nJygfOY6PgmOyzrrRRhBNyAGBX71UJ4ZalodzzK+/jcl4cs/YyRefs3JAjGWOqrp3kvpB5hd+8fz+QJB5wdLDkCReNEUSTf6No9PUFIKpSiRIrZWbFq6waTXgfZjpEuqVNx1cBkJr0837+4lHXLNaO+3W5ZMifROuBljORMQYTFFU08AiWAFNaUd5HEXp+Pvenqyvuje2I3GTtkCVzncPsTKKsBzIPM8M8GRF8HjL0OeZQn3nagavd4yh0m9S4rz4SeoLKAFzzMccoZjipuJ6/hBu1+mUhbUS9kcswOjXiPokgrvq9S2/K+fF0yAHhsMZzn807ejcfNiNQI9pkUILEhTiol5M1WwfzVUtyNbsSiciyO0q4psJ7c17SyDKCkK7bsGN4EkaD5Z2QOYr89v0IX0T7MUzR9k+UzIgGWrF47zoo3htm+XD65ZOEY+2Y/gTJHzzdojfhcvdg1gl1Dspzx5AmxUQGITnulWlY2TfV8753URtjaBhKx8oiIdOuPhJmXtDfOgE+nFi7gSCzS8LT2Qf0Q245qDxiWJgOMSumDZMD4eo676jrlSchQ1Dj2s43hldnVEz94iF/J2zgNfE1AIbznSzJrwaKseJ4UaQef/ShDb7gtEc8afMHNTNci8aej5e2lBYEDoaLLUG7TIbOeb+OsQPv5n/0dDhgV1mL9HQs9g28E7Md/7vKcsI7YS4qAaa3lTUCJ+qK8kDQLvjYKQAmeTS3E+WgVlEh/7/eD/b53AETiZNsR8iR/qRgiuLW/uWI146bJ8j+ma2saZV9Dc5ajAveldfVXljpN7Ne22kcaMwXuQMCcxixAfgbu4xDQ8O1v6o0ZymxTtWs7KUBM82MsEsCo+qmJHNtLaSX96fiL3VZpsdkNOsWMbee8l7UJhfeU6Wb4f1xu7hDOA3eqJTQf/CAjBHPbP2HUm2pW6+z5mT44vNjuc1BXnUwXeqVP5KWxi/46gDfnhQkqwPtlv48yaoZbj9T0ttZOKb+UMaL1Dkl8TpjnXqupgaeY7d8Q4GMgXYdiiAFeUqUgyJiRehpQrFX80Vo/DT2ki8WsTENgGxtxtS/PCv9nPWq+Pu0aiFmbmH4xSpxpezoS4erVeCHiH2TyO9h/b3P9Q6RB938fZME+KnX0lqt1hWAbt7JO/llmxKIJAfveQVxuwmEpYJAo+bgImngu9alNHfh+D7LDwmc8MoXAICB6gyMCc/4ryvEaJamorzFSehQAL9zyDmdcYkogd0MZEUYWqNj/eVhVT8Q7nm/FwTn0lxytDgR0RUe89GTObw70F2vLeiYYOR8iY3SvWIUP6fDMqgEpGvlX/bo4Snw4PBo4w7bA3TA4FXbf0PlkHEY2G2gBGQbVG0Lu8abQlVfsT+VCatPRE5jU2aQQPVn9hKmmyTBkLr8O/Qut0BflcI6p1SKcy0qFFNkNXf0+d3XUfClhKZ4rfIL5QTsVuFMyzn+1KNWJRlVMGMivLJ52tWpBD8p1Yh6N9Dngcc4YiBv4R9tB9cbbArPe5Mt0VlFCPEO3eaoK4hqtv5YO3BfGSKNpYw8qR+ndtTeaO/ZlHPlKaVEqx+aLpvBxpLOLInPIKNMJyCIWt9Q=&u=U2FsdGVkX1/pM4hpk6UM4urssHyIQNQrgx9vY4q7+JQ=&y=U2FsdGVkX19FhmYpGhJLGfbKa6YIgHeXHoImXLxkBFcC9n9qkIYgqyJ7qWEBaYF8 HTTP/1.1" 200 2020
186.102.15.42 - - [24/Dec/2023:11:29:35 -0500] "GET /kwssiamovil/sm/acme/s?s=U2FsdGVkX1/lkdCYDyTxqtWWRdlMqaDUuUYjB0D1402m0Ug/W8HDBR5tIIfIW3spbim6l6kgwdm29n83utyb26nfODxVp9Ti79KSyarAHGPjGDEmDvIoMn+J5dL0C9vVnysfquJk+SJF0Xq+oNTXs8bcOvqXFREqmI1pB9omwNUNVoCMFKNHj1s67JyoWmJxJ7kRQawrj54K0uogn4BYm3T6kqF5nTH1Fl7wfAlVusAmUXg8IQ6El+s2lPmtUbVLScQVzZFJ3pfSrPcDhXJ/iIst4fd2rjOcMrWRIL/3iWF838eFth7RZ7VyfzCFTW20tEohErs/E41b3GPrmxr2NYfrTYRo9XHQXIQXLW7Je+AUNg7C+YNi3oByoimNWGw6C/mXfoJAQWzizRGC9Oi9toSSJVW9G2uJWX1TGJl+/WK9e/WPrFZiV5gRuLPfzbVIjs101H3pGF61YKRTGJjenRVLA4Xnkbvh4dag0+LF9sDwcD8VcSTKqpD9ir7x81DxjckJqYWRKu5Fb3O98MN8Fkw7kpshkvAztuVtVvEsdeWSasCT2sHHJantPiAt/oKgiXzEp5kcq0SsVINQOX2bZvhEw7aCa+a2EFP7/Z/tA4aPI/UJeXiWlGvqGvP+zUi2u+VjBKgRy9ALVICJnEXNk9cHL97rSxI7ulWlcFmVJlGYazkn7E8ob0mBscpAh7cKWxjdHRZUe0RbWqI0CXT+dioDody6zUqb9lsC/Mz+8gLj/IWK75OMB+xMUSIAq0tL&u=U2FsdGVkX1/pM4hpk6UM4urssHyIQNQrgx9vY4q7+JQ=&y=U2FsdGVkX19FhmYpGhJLGfbKa6YIgHeXHoImXLxkBFcC9n9qkIYgqyJ7qWEBaYF8 HTTP/1.1" 200 208
186.102.15.42 - - [24/Dec/2023:11:29:35 -0500] "GET /kwssiamovil/sm/cjson/pre?f=1&x=U2FsdGVkX19HFV/POA+qqFtq0lt8rQL2Xo9y5AX5y6kxB/2PuNkSHISExY228tLg HTTP/1.1" 200 31032
156.59.198.135 - - [24/Dec/2023:11:29:47 -0500] "GET /BLA/resoluciones/RESOLUCIONES%202010/7043.pdf HTTP/1.0" 200 301615
156.59.198.136 - - [24/Dec/2023:11:30:12 -0500] "GET /BLA/resoluciones/RESOLUCIONES%202016/1845.pdf HTTP/1.0" 200 430917
201.245.192.253 - - [24/Dec/2023:11:30:16 -0500] "POST /kwsrmcab/Wsrmcab HTTP/1.1" 200 35454
172.22.2.4 - - [24/Dec/2023:11:28:38 -0500] "GET /BLA/boletinlegal/ HTTP/1.1" 200 58567
216.245.221.92 - - [24/Dec/2023:11:30:22 -0500] "HEAD / HTTP/1.1" 200 -
201.245.192.253 - - [24/Dec/2023:11:30:20 -0500] "POST /kwsrmcab/Wsrmcab HTTP/1.1" 200 36899
156.59.198.135 - - [24/Dec/2023:11:30:36 -0500] "GET /BLA/resoluciones/RESOLUCIONES%202010/4072.pdf HTTP/1.0" 200 672574
156.59.198.136 - - [24/Dec/2023:11:31:00 -0500] "GET /BLA/resoluciones/AUTOS%202023/5911.pdf HTTP/1.0" 200 928568
156.59.198.135 - - [24/Dec/2023:11:31:24 -0500] "GET /BLA/resoluciones/RESOLUCIONES%202007/RES%202007%203801%20AL%203900/RESOLUCION%203852%20DE%202007.pdf HTTP/1.0" 200 976041
201.245.192.253 - - [24/Dec/2023:11:31:26 -0500] "POST /kwsrmcab/Wsrmcab  HTTP/1.1" 200 40220
156.59.198.135 - - [24/Dec/2023:11:31:49 -0500] "GET /BLA/resoluciones/Notificaciones/AUTOS%202022/7526.pdf HTTP/1.0" 200 739343
156.59.198.136 - - [24/Dec/2023:11:32:13 -0500] "GET /BLA/resoluciones/RESOLUCIONES%202006/0189.pdf HTTP/1.0" 200 1741007
156.59.198.136 - - [24/Dec/2023:11:32:37 -0500] "GET /BLA/resoluciones/RESOLUCIONES%202010/2771.pdf HTTP/1.0" 200 725919
156.59.198.136 - - [24/Dec/2023:11:33:02 -0500] "GET /BLA/resoluciones/AUTOS%202007/3831.pdf HTTP/1.0" 200 106311
156.59.198.136 - - [24/Dec/2023:11:33:26 -0500] "GET /BLA/resoluciones/RESOLUCIONES%202009/1249.pdf HTTP/1.0" 200 648077
156.59.198.135 - - [24/Dec/2023:11:33:52 -0500] "GET /BLA/resoluciones/AUTOS%202007/3681.pdf HTTP/1.0" 200 219380
156.59.198.135 - - [24/Dec/2023:11:34:14 -0500] "GET /BLA/resoluciones/RESOLUCIONES%202010/3945.pdf HTTP/1.0" 200 500568
156.59.198.135 - - [24/Dec/2023:11:34:38 -0500] "GET /BLA/resoluciones/RESOLUCIONES%202009/1963.pdf HTTP/1.0" 200 633899
156.59.198.135 - - [24/Dec/2023:11:35:03 -0500] "GET /BLA/resoluciones/RESOLUCIONES%202009/1793.pdf HTTP/1.0" 200 280471
172.22.2.4 - - [24/Dec/2023:11:33:38 -0500] "HEAD /BLA/boletinlegal/ HTTP/1.1" 200 -
216.245.221.92 - - [24/Dec/2023:11:35:22 -0500] "HEAD / HTTP/1.1" 200 -
156.59.198.136 - - [24/Dec/2023:11:35:29 -0500] "GET /BLA/resoluciones/RESOLUCIONES%202009/1839.pdf HTTP/1.0" 200 528240
156.59.198.136 - - [24/Dec/2023:11:35:52 -0500] "GET /BLA/resoluciones/RESOLUCIONES%202010/7567.pdf HTTP/1.0" 200 74117
172.22.2.4 - - [24/Dec/2023:11:34:28 -0500] "GET /BLA/boletinlegal/ HTTP/1.1" 200 58567
156.59.198.135 - - [24/Dec/2023:11:36:18 -0500] "GET /BLA/resoluciones/RESOLUCIONES%202010/3723.pdf HTTP/1.0" 200 498799
201.245.192.253 - - [24/Dec/2023:11:36:16 -0500] "POST /kwsrmcab/Wsrmcab HTTP/1.1" 200 35454
201.245.192.253 - - [24/Dec/2023:11:36:19 -0500] "POST /kwsrmcab/Wsrmcab HTTP/1.1" 200 36899
201.245.192.253 - - [24/Dec/2023:11:36:26 -0500] "POST /kwsrmcab/Wsrmcab  HTTP/1.1" 200 40220
157.55.39.9 - - [24/Dec/2023:11:36:35 -0500] "GET /portaldeninos/tag/herramienta-observatorio-ambiental-secretaria-de-ambiente/ HTTP/1.1" 200 93498
156.59.198.136 - - [24/Dec/2023:11:36:42 -0500] "GET /BLA/resoluciones/Notificaciones/RESOLUCIONES%202022/2485.pdf HTTP/1.0" 200 429862
156.59.198.136 - - [24/Dec/2023:11:37:05 -0500] "GET /BLA/resoluciones/RESOLUCIONES%202010/3581.pdf HTTP/1.0" 200 566166
157.55.39.9 - - [24/Dec/2023:11:37:24 -0500] "GET /portaldeninos/wp-content/plugins/gallery-videos/CSS/totalsoft.css?ver=4.9.8 HTTP/1.1" 200 40622
157.55.39.9 - - [24/Dec/2023:11:37:25 -0500] "GET /portaldeninos/wp-content/plugins/gallery-videos/JS/modernizr.custom.js?ver=4.9.8 HTTP/1.1" 200 9019
40.77.167.28 - - [24/Dec/2023:11:37:28 -0500] "GET /portaldeninos/wp-content/themes/betheme/fonts/mfn-icons.ttf?93978679 HTTP/1.1" 200 124684
156.59.198.136 - - [24/Dec/2023:11:37:30 -0500] "GET /BLA/resoluciones/RESOLUCIONES%202010/3566.pdf HTTP/1.0" 200 360850
52.167.144.235 - - [24/Dec/2023:11:37:33 -0500] "GET /portaldeninos/wp-content/themes/betheme/assets/animations/animations.min.css?ver=20.9.6 HTTP/1.1" 200 58508
52.167.144.235 - - [24/Dec/2023:11:37:34 -0500] "GET /portaldeninos/wp-includes/js/jquery/ui/accordion.min.js?ver=1.11.4 HTTP/1.1" 200 8584
156.59.198.136 - - [24/Dec/2023:11:37:53 -0500] "GET /BLA/resoluciones/RESOLUCIONES%202010/RESOLUCION%204707%20DE%202010.PDF HTTP/1.0" 200 31921
156.59.198.136 - - [24/Dec/2023:11:38:19 -0500] "GET /BLA/resoluciones/RESOLUCIONES%202010/7098.pdf HTTP/1.0" 200 268630
156.59.198.135 - - [24/Dec/2023:11:38:43 -0500] "GET /BLA/resoluciones/AUTOS%202018/6817.pdf HTTP/1.0" 200 267580
156.59.198.135 - - [24/Dec/2023:11:39:07 -0500] "GET /BLA/resoluciones/RESOLUCIONES%202007/RES%202007%202501%20AL%202600/RESOLUCION%202600%20DE%202007.pdf HTTP/1.0" 200 178436
173.252.107.4 - - [24/Dec/2023:11:39:23 -0500] "GET /images/Aves%20SDA.jpeg HTTP/1.1" 200 75104
156.59.198.136 - - [24/Dec/2023:11:39:31 -0500] "GET /BLA/resoluciones/RESOLUCIONES%202010/5079.pdf HTTP/1.0" 200 496829
156.59.198.136 - - [24/Dec/2023:11:39:56 -0500] "GET /BLA/resoluciones/RESOLUCIONES%202010/3400.pdf HTTP/1.0" 200 314903
201.245.192.253 - - [24/Dec/2023:11:40:15 -0500] "POST /kwsrmcab/Wsrmcab HTTP/1.1" 200 35454
156.59.198.136 - - [24/Dec/2023:11:40:20 -0500] "GET /BLA/resoluciones/RESOLUCIONES%202010/7586.pdf HTTP/1.0" 200 286922
216.245.221.92 - - [24/Dec/2023:11:40:22 -0500] "HEAD / HTTP/1.1" 200 -
201.245.192.253 - - [24/Dec/2023:11:40:19 -0500] "POST /kwsrmcab/Wsrmcab HTTP/1.1" 200 36899
156.59.198.136 - - [24/Dec/2023:11:40:44 -0500] "GET /BLA/resoluciones/RESOLUCIONES%202010/3557.pdf HTTP/1.0" 200 782590
186.102.70.144 - - [24/Dec/2023:11:41:02 -0500] "GET /kwssiamovil/sm/ldap/au?x=U2FsdGVkX188cpCaWVgBs0MYcNk1gHZ8GxQPanrmVaMEMHrP7H7XRbdovh+jwZKk9dB3sOb3YOCOF7Oh5DtstQ==&y=U2FsdGVkX19sZ96QA5u1V0a+Qw01y+iUoqOSNmEbMPSnaS0bICtsMFpnp0ccpYZD HTTP/1.1" 200 30
186.102.70.144 - - [24/Dec/2023:11:41:03 -0500] "GET /kwssiamovil/sm/acme/s?s=U2FsdGVkX19TUqTSC99mLAcrt9n2QjmrBwjtv+hJxAgIzIH51UVY0qOhr/v5qIE5Dzh50Md4psIXIHWv23BYGtkmQFeWpSFVRnxPEqLX0y8=&u=U2FsdGVkX1/DwkkC1eqyr4RS7pQCRh7XVab2kTlDlRr6cTV3eT2T7tU9TkV6+yMn&y=U2FsdGVkX19sZ96QA5u1V0a+Qw01y+iUoqOSNmEbMPSnaS0bICtsMFpnp0ccpYZD HTTP/1.1" 200 97
186.102.70.144 - - [24/Dec/2023:11:41:03 -0500] "GET /kwssiamovil/sm/acme/s?s=U2FsdGVkX1/q5bVpDe3qM3BI9SlAJR/3N483T2cBXUeBcehWk1saINxvo1wYnf3r0yrzOfb04Z0dAa7VfuKBlSFA5eKzUDl7GS1eEdEcXGq51UODRQMYV6jjelFtGHPwBf1WGWupctghU74Ua97De9hWwT45fEf9b5lfHl5CqqMVtakXQjka8xqbK6ULYuEhyeT1l9YDepvPIwk/jd/jDZ9fvoXpHXlfHJRfegt+CPAi1Gm/IPrdeSMxDbLv9aN4ATu+QLoLkBJsxoqDJXLvW1ogA6uUIhviYKzGyqCXGXxUwJKuLwjpOywtyrFGYdVnccI/lppXb1zGXEnxJohAYrs7xXqNZ0ONKBy+Qfxa4ezLiTrZUdLqumtrOmmIQFqjcbobSUq40g6InxzSy2ulOKhl8fgepfH7n3+W90hnSKISQebgZ1hraqoAMil+xldjpgb9csGhv3TipTapF8zfL3BROLcqXFPUEBvMnUUFHWcDbk1PO6Pkwi1BFLM1iS+rSLPLE5QKsOgdVsedwwNdosU5Ew0ErS8MOaSm2vspsC2mybv2KQ7MZFFPGVRuE58lMe84fZfFJOxgxQGOdX2KiiXj0xo2E3btGimUH9RIlctXagBah2k855Eoq6j8YNT/a1eeqdSE20kFr3MxntAFrNiYYX+ibhTbgb+kKF0Zb8u01bvUskvBLotmRXjDPJHVqz84wKm2zHTrAPP/jM9j7tsKWeAJfNA8ApqlqyLvwqNc13zwiX9HEsVN5MHfHZ5hHbuReRK704iZUKrz/LhSTQNZZrUNyI+5Weo6B+UQkdKzCACK12PL+NRjVpuD0GW6lDYGz+Q4ff2STJOLa5Q0EGT7Rq5EVw9oVRtoNPJP/zGWTlO8MOPPmYhfxTeosRKg6EqDFisDIaMJgz1jjh1R6UOFEPxbUxT+i4sAIhGYQkbAzYeaWQUdW8j6Q/pug5ed6lqDeWz0z6/f1sEmPo7Uwq1WNc0AsZz3b1h/WdrmKfwSL0QMdLZuKfzCyXjsHXwS8CaXRgb61ONfEooFKpLksdDo0P/Lr5/R8U0U7psTX0HkpAPrEAqrE5ae8GTbtJGprXzkl9uBre61ROs3ZErYdlHyU4RmCvBAxX9J8t5thvQKaNBrBV6ejmkMsDhSFCsFo0ksvJ81ecpOIhlaRDNrSnZX5+alw8KIwlEOskPwJ3LJ99bfWFSLPXgnQfVCHL9BciuHwPUPp4aPqazuwxQmpt3P7kN7SmhufiGaCGlKJovO+4O0i+mlNbAwAua4hnBGZCkXN0cXXo0DxoB9IDTPCMpc1o/3dQ76WWLxY4Cf8mJNCteSBwVxRiYm33/ek2HjAiF3bemTgJ1N5ChudH9DdAZSTs0C+CuMs4Go+rDysOU67NRme7hwiG8WgkznxKDGMcH//lbS0DzgPGRW61o11WVCZvQPqTO8TpeStfcdeuH/+ybysLtqea7M8BD93OT7XvN1qcEPVECOCGF40ie768CopMMHpiiaFeowaYRS+G3xx2i72ta3/ZPDpV9kKuVXZZCmH64detoAxt1bmmHyrZIvAHr5E6ihhsjtZ9bkU6PpNCtYUOVfE984I0wjI2IsHta+s5O9DJsUJXOu/YVlBzJhQtbQNNco8YyqsAQgC9tkZYr5wCt1SPmHU38mVtBuVMNuYdUbkXb3PJZVs2E1uenwElA+hvNxGvRlJyDNwf03uLD/AXQLH2oiRK21eUNdEy30BgIALzK0Cy/a/w/y7NP2qaxdobIVh02gGluwzfYqwHOGh+rQkPxpPZCIyrwu&u=U2FsdGVkX1/DwkkC1eqyr4RS7pQCRh7XVab2kTlDlRr6cTV3eT2T7tU9TkV6+yMn&y=U2FsdGVkX19sZ96QA5u1V0a+Qw01y+iUoqOSNmEbMPSnaS0bICtsMFpnp0ccpYZD HTTP/1.1" 200 9091
186.102.70.144 - - [24/Dec/2023:11:41:04 -0500] "GET /kwssiamovil/sm/acme/s?s=U2FsdGVkX19QICSQyyhiwZ+t0akhDLVX6qDWFrFq49z/tNw6kaUT4mo1XKdnYDWwZg/XtVmwSEmctyLaQFQu15QOIRAIz/tb0yqcLT1KH4Um102VpRYfyfpGZ4AwdqMmq5LoC6QSTvE0JYPuFaMaijRC/Tnr3i6BOc5klWjmntlaKuawOMEVbf/4JZDIZ+1DeXv5nnR0AcIWyPDgUZ9VU15HcNQEH4WaTmdAQmwVYy/eJgLYBVhzddk6JHbPOg3kp6cbWkwtgq7ToxrudfIopm4CoPUqiQojlWmQ/c/xQJOyY+FygdT8ntlUYKkaFQgsgLQPcR7u0cUjvdAoGorI3/ta/nidgarmea0PjeR0c9gunLiogH/seKvfsK5ei8U7c5XFfCK3T8Iu+zkwtYT10EiIzKFfB3CC8moVCY6huA/fgiVY+JsvUeKY6qECZvCKqsbOJB7RTV7fovkXGneEJ35Ud90Yhc1IR9PF7q6bkEH5bwDGrrRCHqCCL22QJL9yACoVlZ6p1dAJHlrMGz60+v/CoBnxt5AFV8qqP3B37gol4nO7lEi70EVVLRdg9w+o7OpB53qFO0RiFm47Bw/cwi8j2elRKv83D+RTeZNCHV3KbqXHsLeuxlhODvQO5axjQ1pqK7jtvz8+RakRxq1iSxsdWlwaEwJEwur1eo6h93qze91yy45AvifaCpJDSvSwtaaVjJJCPhYyRYIzPWy8pjM9BVP4SdMCFraLxtTRxh9hSPaQknx16yMCsLquKBz0rs4qab+fJQI47K6pX8cCkQ==&u=U2FsdGVkX1/DwkkC1eqyr4RS7pQCRh7XVab2kTlDlRr6cTV3eT2T7tU9TkV6+yMn&y=U2FsdGVkX19sZ96QA5u1V0a+Qw01y+iUoqOSNmEbMPSnaS0bICtsMFpnp0ccpYZD HTTP/1.1" 200 208
186.102.70.144 - - [24/Dec/2023:11:41:04 -0500] "GET /kwssiamovil/sm/cjson/pre?f=1&x=U2FsdGVkX188cpCaWVgBs0MYcNk1gHZ8GxQPanrmVaMEMHrP7H7XRbdovh+jwZKk9dB3sOb3YOCOF7Oh5DtstQ== HTTP/1.1" 200 31032
172.22.2.4 - - [24/Dec/2023:11:39:28 -0500] "HEAD /BLA/boletinlegal/ HTTP/1.1" 200 -
156.59.198.136 - - [24/Dec/2023:11:41:09 -0500] "GET /BLA/resoluciones/RESOLUCIONES%202010/4279.pdf HTTP/1.0" 200 401183
201.245.192.253 - - [24/Dec/2023:11:41:25 -0500] "POST /kwsrmcab/Wsrmcab  HTTP/1.1" 200 40220
156.59.198.136 - - [24/Dec/2023:11:41:33 -0500] "GET /BLA/resoluciones/Notificaciones/AUTOS%202016/02609.doc HTTP/1.0" 200 375079
156.59.198.135 - - [24/Dec/2023:11:41:57 -0500] "GET /BLA/resoluciones/RESOLUCIONES%202008/2090.pdf HTTP/1.0" 200 86540
172.22.2.4 - - [24/Dec/2023:11:40:18 -0500] "GET /BLA/boletinlegal/ HTTP/1.1" 200 60910
156.59.198.136 - - [24/Dec/2023:11:42:21 -0500] "GET /BLA/resoluciones/RESOLUCIONES%202010/5252.pdf HTTP/1.0" 200 543292
156.59.198.136 - - [24/Dec/2023:11:42:45 -0500] "GET /BLA/resoluciones/Notificaciones/RESOLUCIONES%202022/1486.pdf HTTP/1.0" 200 390738
156.59.198.135 - - [24/Dec/2023:11:43:09 -0500] "GET /BLA/resoluciones/RESOLUCIONES%202008/2476.pdf HTTP/1.0" 200 209979
156.59.198.135 - - [24/Dec/2023:11:43:33 -0500] "GET /BLA/resoluciones/RESOLUCIONES%202007/RES%202007%202201%20AL%202300/RESOLUCION%202253%20DE%202007.pdf HTTP/1.0" 200 595469
156.59.198.136 - - [24/Dec/2023:11:43:58 -0500] "GET /BLA/resoluciones/RESOLUCIONES%202010/3913.pdf HTTP/1.0" 200 1019957
156.59.198.135 - - [24/Dec/2023:11:44:24 -0500] "GET /BLA/resoluciones/Notificaciones/AUTOS%202022/7045.pdf HTTP/1.0" 200 492232
156.59.198.136 - - [24/Dec/2023:11:44:47 -0500] "GET /BLA/resoluciones/AUTOS%202018/5008.pdf HTTP/1.0" 200 248789
156.59.198.135 - - [24/Dec/2023:11:45:11 -0500] "GET /BLA/resoluciones/Notificaciones/AUTOS%202022/3053.pdf HTTP/1.0" 200 361088
216.245.221.92 - - [24/Dec/2023:11:45:22 -0500] "HEAD / HTTP/1.1" 200 -
156.59.198.135 - - [24/Dec/2023:11:45:35 -0500] "GET /BLA/resoluciones/RESOLUCIONES%202010/2546.pdf HTTP/1.0" 200 490709
173.252.79.1 - - [24/Dec/2023:11:45:37 -0500] "GET /alcaldia-de-bogota-y-fundacion-exito-entregaron-en-ciudad-bolivar-la-primera-terraza-verde-de-la-capital.html HTTP/1.1" 200 852
173.252.79.5 - - [24/Dec/2023:11:45:37 -0500] "GET /alcaldia-de-bogota-y-fundacion-exito-entregaron-en-ciudad-bolivar-la-primera-terraza-verde-de-la-capital.html HTTP/1.1" 200 852
173.252.79.116 - - [24/Dec/2023:11:45:37 -0500] "GET /alcaldia-de-bogota-y-fundacion-exito-entregaron-en-ciudad-bolivar-la-primera-terraza-verde-de-la-capital.html HTTP/1.1" 200 852
156.59.198.136 - - [24/Dec/2023:11:46:00 -0500] "GET /BLA/resoluciones/RESOLUCIONES%202008/3207.pdf HTTP/1.0" 200 152119
156.59.198.135 - - [24/Dec/2023:11:46:24 -0500] "GET /BLA/resoluciones/Notificaciones/AUTOS%202022/3687.pdf HTTP/1.0" 200 1348171
201.245.192.253 - - [24/Dec/2023:11:46:24 -0500] "POST /kwsrmcab/Wsrmcab  HTTP/1.1" 200 40220
156.59.198.135 - - [24/Dec/2023:11:46:49 -0500] "GET /BLA/resoluciones/RESOLUCIONES%202010/2813.pdf HTTP/1.0" 200 742937
172.22.2.4 - - [24/Dec/2023:11:45:18 -0500] "HEAD /BLA/boletinlegal/ HTTP/1.1" 200 -
172.22.2.4 - - [24/Dec/2023:11:47:09 -0500] "GET /BLA/boletinlegal/wp-login.php HTTP/1.1" 404 1038
172.22.2.4 - - [24/Dec/2023:11:47:09 -0500] "GET /BLA/boletinlegal/xmlrpc.php HTTP/1.1" 404 1038
156.59.198.136 - - [24/Dec/2023:11:47:13 -0500] "GET /BLA/resoluciones/Notificaciones/AUTOS%202022/4874.pdf HTTP/1.0" 200 498017
66.249.66.77 - - [24/Dec/2023:11:47:28 -0500] "GET /portaldeninos/2021/06/01/agroecologia-tips-para-germinar-semillas-en-casa/ HTTP/1.1" 200 105801
66.249.66.75 - - [24/Dec/2023:11:47:36 -0500] "GET /portaldeninos/wp-content/themes/betheme/style.css?ver=20.9.6 HTTP/1.1" 200 287
156.59.198.135 - - [24/Dec/2023:11:47:37 -0500] "GET /BLA/resoluciones/RESOLUCIONES%202010/3658.pdf HTTP/1.0" 200 311311
172.22.2.4 - - [24/Dec/2023:11:46:10 -0500] "GET /BLA/boletinlegal/ HTTP/1.1" 200 52889
156.59.198.135 - - [24/Dec/2023:11:48:01 -0500] "GET /BLA/resoluciones/Notificaciones/RESOLUCIONES%202022/4888.pdf HTTP/1.0" 200 376546
156.59.198.135 - - [24/Dec/2023:11:48:28 -0500] "GET /BLA/resoluciones/RESOLUCIONES%202008/2400.pdf HTTP/1.0" 200 202975
156.59.198.136 - - [24/Dec/2023:11:48:52 -0500] "GET /BLA/resoluciones/RESOLUCIONES%202008/1233.pdf HTTP/1.0" 200 68389
156.59.198.135 - - [24/Dec/2023:11:49:16 -0500] "GET /BLA/resoluciones/RESOLUCIONES%202007/RES%202007%201801%20AL%201900/RESOLUCION%201854%20DE%202007.pdf HTTP/1.0" 200 805792
156.59.198.136 - - [24/Dec/2023:11:49:40 -0500] "GET /BLA/resoluciones/RESOLUCIONES%202007/RES%202007%201401%20AL%201500/RESOLUCION%201409%20DE%202007.pdf HTTP/1.0" 200 276957
157.55.39.54 - - [24/Dec/2023:11:50:01 -0500] "GET /BLA/resoluciones/RESOLUCIONES%202021/1331.pdf HTTP/1.1" 200 419633
156.59.198.135 - - [24/Dec/2023:11:50:05 -0500] "GET /BLA/resoluciones/RESOLUCIONES%202007/RES%202007%202801%20AL%202900/RESOLUCION%202835%20DE%202007.pdf HTTP/1.0" 200 221241
216.245.221.92 - - [24/Dec/2023:11:50:22 -0500] "HEAD / HTTP/1.1" 200 -
156.59.198.135 - - [24/Dec/2023:11:50:29 -0500] "GET /BLA/resoluciones/RESOLUCIONES%202010/5075.pdf HTTP/1.0" 200 761591
156.59.198.135 - - [24/Dec/2023:11:50:53 -0500] "GET /BLA/resoluciones/Notificaciones/AUTOS%202022/6943.pdf HTTP/1.0" 200 608444
156.59.198.135 - - [24/Dec/2023:11:51:17 -0500] "GET /BLA/resoluciones/RESOLUCIONES%202010/2668.pdf HTTP/1.0" 200 384200
40.77.167.25 - - [24/Dec/2023:11:51:24 -0500] "GET /BLA/resoluciones/AUTOS%202023/4730.pdf HTTP/1.1" 200 883346
201.245.192.253 - - [24/Dec/2023:11:51:22 -0500] "POST /kwsrmcab/Wsrmcab  HTTP/1.1" 200 40220
172.22.2.4 - - [24/Dec/2023:11:51:05 -0500] "GET /BLA/boletinlegal/ HTTP/1.1" 200 20427
156.59.198.135 - - [24/Dec/2023:11:51:41 -0500] "GET /BLA/resoluciones/RESOLUCIONES%202010/4970.pdf HTTP/1.0" 200 263181
173.252.107.4 - - [24/Dec/2023:11:51:49 -0500] "GET /distrito-exalto-a-246-empresas-de-bogota-por-su-alto-desempeno-y-responsabilidad-ambiental-durante-2023.html HTTP/1.1" 200 1039
173.252.107.118 - - [24/Dec/2023:11:51:49 -0500] "GET /distrito-exalto-a-246-empresas-de-bogota-por-su-alto-desempeno-y-responsabilidad-ambiental-durante-2023.html HTTP/1.1" 200 1039
156.59.198.135 - - [24/Dec/2023:11:52:06 -0500] "GET /BLA/resoluciones/RESOLUCIONES%202010/7221.pdf HTTP/1.0" 200 917568
156.59.198.135 - - [24/Dec/2023:11:52:30 -0500] "GET /BLA/resoluciones/RESOLUCIONES%202010/2827.pdf HTTP/1.0" 200 402848
172.22.2.4 - - [24/Dec/2023:11:51:10 -0500] "HEAD /BLA/boletinlegal/ HTTP/1.1" 200 -
156.59.198.136 - - [24/Dec/2023:11:52:54 -0500] "GET /BLA/resoluciones/AUTOS%202007/3785.pdf HTTP/1.0" 200 161084
47.128.28.121 - - [24/Dec/2023:11:53:20 -0500] "GET /BLA/resoluciones/dlf/dirup.png HTTP/1.1" 200 644
47.128.28.121 - - [24/Dec/2023:11:53:20 -0500] "GET /BLA/resoluciones/dlf/unknown.png HTTP/1.1" 200 266
47.128.28.121 - - [24/Dec/2023:11:53:19 -0500] "GET /BLA/resoluciones/index.php?dir=AUTOS%202006%2FAUTOS%202006%20501-600%2F&order=asc&sort=size HTTP/1.1" 200 21780
216.244.66.195 - - [24/Dec/2023:11:53:26 -0500] "GET /BLA/resoluciones/AUTOS%202023/1774.pdf HTTP/1.1" 200 442488
172.22.2.4 - - [24/Dec/2023:11:52:00 -0500] "GET /BLA/boletinlegal/ HTTP/1.1" 200 60502
156.59.198.136 - - [24/Dec/2023:11:53:42 -0500] "GET /BLA/resoluciones/RESOLUCIONES%202010/7344.pdf HTTP/1.0" 200 344051
156.59.198.136 - - [24/Dec/2023:11:54:06 -0500] "GET /BLA/resoluciones/RESOLUCIONES%202010/2475.pdf HTTP/1.0" 200 493114
216.244.66.195 - - [24/Dec/2023:11:54:14 -0500] "GET /BLA/resoluciones/AUTOS%202023/3266.pdf HTTP/1.1" 200 2429865
156.59.198.135 - - [24/Dec/2023:11:54:31 -0500] "GET /BLA/resoluciones/Notificaciones/AUTOS%202022/4916.pdf HTTP/1.0" 200 1727207
190.24.58.244 - - [24/Dec/2023:11:54:40 -0500] "GET /distrito-exalto-a-246-empresas-de-bogota-por-su-alto-desempeno-y-responsabilidad-ambiental-durante-2023.html HTTP/1.1" 200 1039
157.55.39.54 - - [24/Dec/2023:11:54:40 -0500] "GET /BLA/resoluciones/RESOLUCIONES%202021/1627.pdf HTTP/1.1" 200 498287
156.59.198.135 - - [24/Dec/2023:11:54:55 -0500] "GET /BLA/resoluciones/Notificaciones/RESOLUCIONES%202022/1906.pdf HTTP/1.0" 200 1665858
216.244.66.195 - - [24/Dec/2023:11:55:05 -0500] "GET /BLA/resoluciones/AUTOS%202023/3789.pdf HTTP/1.1" 200 322025
66.249.66.87 - - [24/Dec/2023:11:55:07 -0500] "GET /portaldeninos/2021/05/30/gestion-del-riesgo/ HTTP/1.1" 200 94036
156.59.198.135 - - [24/Dec/2023:11:55:19 -0500] "GET /BLA/resoluciones/RESOLUCIONES%202008/1856.pdf HTTP/1.0" 200 112881
216.245.221.92 - - [24/Dec/2023:11:55:22 -0500] "HEAD / HTTP/1.1" 200 -
156.59.198.136 - - [24/Dec/2023:11:55:43 -0500] "GET /BLA/resoluciones/RESOLUCIONES%202014/3695.pdf HTTP/1.0" 200 754008
216.244.66.195 - - [24/Dec/2023:11:55:47 -0500] "GET /BLA/resoluciones/AUTOS%202023/3897.pdf HTTP/1.1" 200 901991
52.167.144.229 - - [24/Dec/2023:11:56:03 -0500] "GET /BLA/resoluciones/Notificaciones/RESOLUCIONES%202023/881.pdf HTTP/1.1" 200 504894
156.59.198.135 - - [24/Dec/2023:11:56:08 -0500] "GET /BLA/resoluciones/RESOLUCIONES%202008/1908.pdf HTTP/1.0" 200 199405
201.245.192.253 - - [24/Dec/2023:11:56:21 -0500] "POST /kwsrmcab/Wsrmcab  HTTP/1.1" 200 40220
156.59.198.135 - - [24/Dec/2023:11:56:33 -0500] "GET /BLA/resoluciones/RESOLUCIONES%202010/RESOLUCION%20327%20DE%202010.PDF HTTP/1.0" 200 32482
216.244.66.195 - - [24/Dec/2023:11:56:38 -0500] "GET /BLA/resoluciones/RESOLUCIONES%202022/5597.pdf HTTP/1.1" 200 460253
156.59.198.135 - - [24/Dec/2023:11:56:57 -0500] "GET /BLA/resoluciones/RESOLUCIONES%202008/2944.pdf HTTP/1.0" 200 43886
156.59.198.135 - - [24/Dec/2023:11:57:21 -0500] "GET /BLA/resoluciones/RESOLUCIONES%202014/2760.pdf HTTP/1.0" 200 665480
156.59.198.135 - - [24/Dec/2023:11:57:45 -0500] "GET /BLA/resoluciones/Notificaciones/AUTOS%202016/02678.doc HTTP/1.0" 200 2580359
156.59.198.136 - - [24/Dec/2023:11:58:09 -0500] "GET /BLA/resoluciones/RESOLUCIONES%202007/RES%202007%204201%20AL%204300/RESOLUCION%204202%20DE%202007.pdf HTTP/1.0" 200 344332
156.59.198.136 - - [24/Dec/2023:11:58:33 -0500] "GET /BLA/resoluciones/RESOLUCIONES%202014/2709.pdf HTTP/1.0" 200 295200
172.22.2.4 - - [24/Dec/2023:11:57:00 -0500] "HEAD /BLA/boletinlegal/ HTTP/1.1" 200 -
156.59.198.136 - - [24/Dec/2023:11:58:57 -0500] "GET /BLA/resoluciones/AUTOS%202007/3702.pdf HTTP/1.0" 200 364517
156.59.198.136 - - [24/Dec/2023:11:59:22 -0500] "GET /BLA/resoluciones/RESOLUCIONES%202010/4858.pdf HTTP/1.0" 200 753917
172.22.2.4 - - [24/Dec/2023:11:57:50 -0500] "GET /BLA/boletinlegal/ HTTP/1.1" 200 60502
156.59.198.136 - - [24/Dec/2023:11:59:46 -0500] "GET /BLA/resoluciones/RESOLUCIONES%202008/2668.pdf HTTP/1.0" 200 79893
156.59.198.136 - - [24/Dec/2023:12:00:11 -0500] "GET /BLA/resoluciones/RESOLUCIONES%202009/1402.pdf HTTP/1.0" 200 200636
216.245.221.92 - - [24/Dec/2023:12:00:22 -0500] "HEAD / HTTP/1.1" 200 -
156.59.198.136 - - [24/Dec/2023:12:00:34 -0500] "GET /BLA/resoluciones/RESOLUCIONES%202008/2542.pdf HTTP/1.0" 200 170456
156.59.198.135 - - [24/Dec/2023:12:00:58 -0500] "GET /BLA/resoluciones/AUTOS%202010/4881.pdf HTTP/1.0" 200 224124
201.245.192.253 - - [24/Dec/2023:12:01:19 -0500] "POST /kwsrmcab/Wsrmcab  HTTP/1.1" 200 40220
156.59.198.136 - - [24/Dec/2023:12:01:23 -0500] "GET /BLA/resoluciones/RESOLUCIONES%202010/3201.pdf HTTP/1.0" 200 522875
156.59.198.136 - - [24/Dec/2023:12:01:47 -0500] "GET /BLA/resoluciones/RESOLUCIONES%202009/1807.pdf HTTP/1.0" 200 905149
156.59.198.135 - - [24/Dec/2023:12:02:12 -0500] "GET /BLA/resoluciones/RESOLUCIONES%202007/RES%202007%204101%20AL%204200/RESOLUCION%204143%20%20DE%202007.pdf HTTP/1.0" 200 795837
156.59.198.135 - - [24/Dec/2023:12:02:35 -0500] "GET /BLA/resoluciones/RESOLUCIONES%202009/1598.pdf HTTP/1.0" 200 601817
156.59.198.136 - - [24/Dec/2023:12:02:59 -0500] "GET /BLA/resoluciones/AUTOS%202018/3002.pdf HTTP/1.0" 200 513256
66.220.149.119 - - [24/Dec/2023:12:03:19 -0500] "GET /distrito-recupera-mas-de-20-kilogramos-de-musgo-y-dos-aves-silvestres.html HTTP/1.1" 200 857
156.59.198.135 - - [24/Dec/2023:12:03:24 -0500] "GET /BLA/resoluciones/Notificaciones/AUTOS%202022/7685.pdf HTTP/1.0" 200 1211522
69.63.189.12 - - [24/Dec/2023:12:03:34 -0500] "GET /68-de-ejecucion-lleva-el-plan-de-accion-para-las-familias-de-bogota-que-va-del-2021-al-2025.html HTTP/1.1" 200 811
173.252.95.16 - - [24/Dec/2023:12:03:37 -0500] "GET /68-de-ejecucion-lleva-el-plan-de-accion-para-las-familias-de-bogota-que-va-del-2021-al-2025.html HTTP/1.1" 200 811
69.63.189.6 - - [24/Dec/2023:12:03:43 -0500] "GET /distrito-exalta-48-arboles-patrimoniales-y-15-de-interes-publico-en-bogota.html HTTP/1.1" 200 816
69.63.189.1 - - [24/Dec/2023:12:03:43 -0500] "GET /distrito-exalta-48-arboles-patrimoniales-y-15-de-interes-publico-en-bogota.html HTTP/1.1" 200 816
156.59.198.135 - - [24/Dec/2023:12:03:48 -0500] "GET /BLA/resoluciones/RESOLUCIONES%202009/1900.pdf HTTP/1.0" 200 550387
156.59.198.135 - - [24/Dec/2023:12:04:11 -0500] "GET /BLA/resoluciones/Notificaciones/AUTOS%202022/6795.pdf HTTP/1.0" 200 415031
172.22.2.4 - - [24/Dec/2023:12:02:50 -0500] "HEAD /BLA/boletinlegal/ HTTP/1.1" 200 -
156.59.198.136 - - [24/Dec/2023:12:04:36 -0500] "GET /BLA/resoluciones/RESOLUCIONES%202010/4542.pdf HTTP/1.0" 200 580766
156.59.198.135 - - [24/Dec/2023:12:05:01 -0500] "GET /BLA/resoluciones/RESOLUCIONES%202010/2793.pdf HTTP/1.0" 200 120984
186.31.55.95 - - [24/Dec/2023:12:05:15 -0500] "GET /distrito-exalto-a-246-empresas-de-bogota-por-su-alto-desempeno-y-responsabilidad-ambiental-durante-2023.html HTTP/1.1" 200 1039
172.22.2.4 - - [24/Dec/2023:12:03:40 -0500] "GET /BLA/boletinlegal/ HTTP/1.1" 200 60502
216.245.221.92 - - [24/Dec/2023:12:05:21 -0500] "HEAD / HTTP/1.1" 200 -
156.59.198.135 - - [24/Dec/2023:12:05:25 -0500] "GET /BLA/resoluciones/RESOLUCIONES%202010/3022.pdf HTTP/1.0" 200 1214142
216.244.66.195 - - [24/Dec/2023:12:05:48 -0500] "GET /robots.txt HTTP/1.1" 404 1018
156.59.198.136 - - [24/Dec/2023:12:05:49 -0500] "GET /BLA/resoluciones/RESOLUCIONES%202010/2955.pdf HTTP/1.0" 200 1176621
156.59.198.136 - - [24/Dec/2023:12:06:13 -0500] "GET /BLA/resoluciones/RESOLUCIONES%202010/7384.pdf HTTP/1.0" 200 117216
201.245.192.253 - - [24/Dec/2023:12:06:18 -0500] "POST /kwsrmcab/Wsrmcab  HTTP/1.1" 200 40220
156.59.198.136 - - [24/Dec/2023:12:06:37 -0500] "GET /BLA/resoluciones/Notificaciones/AUTOS%202022/2233.pdf HTTP/1.0" 200 973187
156.59.198.136 - - [24/Dec/2023:12:07:02 -0500] "GET /BLA/resoluciones/RESOLUCIONES%202010/7333.pdf HTTP/1.0" 200 341816
156.59.198.135 - - [24/Dec/2023:12:07:26 -0500] "GET /BLA/resoluciones/RESOLUCIONES%202010/4428.pdf HTTP/1.0" 200 464253
31.220.88.155 - - [24/Dec/2023:12:07:27 -0500] "\x16\x03\x01\x01\xc0\x01" 400 226
156.59.198.136 - - [24/Dec/2023:12:07:50 -0500] "GET /BLA/resoluciones/Notificaciones/AUTOS%202016/02694.doc HTTP/1.0" 200 914739
156.59.198.136 - - [24/Dec/2023:12:08:14 -0500] "GET /BLA/resoluciones/RESOLUCIONES%202010/7142.pdf HTTP/1.0" 200 79373
156.59.198.135 - - [24/Dec/2023:12:08:39 -0500] "GET /BLA/resoluciones/RESOLUCIONES%202010/4519.pdf HTTP/1.0" 200 254325
156.59.198.136 - - [24/Dec/2023:12:09:03 -0500] "GET /BLA/resoluciones/RESOLUCIONES%202010/2519.pdf HTTP/1.0" 200 388682
40.77.167.2 - - [24/Dec/2023:12:09:05 -0500] "GET /BLA/resoluciones/RESOLUCIONES%202021/2205.pdf HTTP/1.1" 200 401230
156.59.198.136 - - [24/Dec/2023:12:09:28 -0500] "GET /BLA/resoluciones/RESOLUCIONES%202010/4253.pdf HTTP/1.0" 200 630274
40.77.167.2 - - [24/Dec/2023:12:09:44 -0500] "GET /BLA/resoluciones/RESOLUCIONES%202021/3721.pdf HTTP/1.1" 200 376921
156.59.198.135 - - [24/Dec/2023:12:09:51 -0500] "GET /BLA/resoluciones/RESOLUCIONES%202010/7258.pdf HTTP/1.0" 200 67199
156.59.198.135 - - [24/Dec/2023:12:10:15 -0500] "GET /BLA/resoluciones/RESOLUCIONES%202007/RES%202007%204201%20AL%204300/RESOLUCION%204252%20DE%202007.pdf HTTP/1.0" 200 78299
172.22.2.4 - - [24/Dec/2023:12:08:40 -0500] "HEAD /BLA/boletinlegal/ HTTP/1.1" 200 -
216.245.221.92 - - [24/Dec/2023:12:10:22 -0500] "HEAD / HTTP/1.1" 200 -
156.59.198.135 - - [24/Dec/2023:12:10:42 -0500] "GET /BLA/resoluciones/RESOLUCIONES%202010/2195.pdf HTTP/1.0" 200 511573
156.59.198.136 - - [24/Dec/2023:12:11:05 -0500] "GET /BLA/resoluciones/RESOLUCIONES%202008/2737.pdf HTTP/1.0" 200 170016
172.22.2.4 - - [24/Dec/2023:12:09:30 -0500] "GET /BLA/boletinlegal/ HTTP/1.1" 200 58567
201.245.192.253 - - [24/Dec/2023:12:11:17 -0500] "POST /kwsrmcab/Wsrmcab  HTTP/1.1" 200 40220
156.59.198.136 - - [24/Dec/2023:12:11:29 -0500] "GET /BLA/resoluciones/Notificaciones/AUTOS%202022/8212.pdf HTTP/1.0" 200 427925
173.252.107.8 - - [24/Dec/2023:12:11:30 -0500] "GET /bogota-y-cundinamarca-consolidan-pagos-por-servicios-ambientales-con-nueva-firma-para-la-proteccion-del-agua.html HTTP/1.1" 200 821
173.252.127.117 - - [24/Dec/2023:12:11:35 -0500] "GET /bogota-y-cundinamarca-consolidan-pagos-por-servicios-ambientales-con-nueva-firma-para-la-proteccion-del-agua.html HTTP/1.1" 200 821
40.77.167.64 - - [24/Dec/2023:12:11:40 -0500] "GET /68-de-ejecucion-lleva-el-plan-de-accion-para-las-familias-de-bogota-que-va-del-2021-al-2025.html HTTP/1.1" 200 811
156.59.198.135 - - [24/Dec/2023:12:11:55 -0500] "GET /BLA/resoluciones/RESOLUCIONES%202010/4277.pdf HTTP/1.0" 200 627452
156.59.198.135 - - [24/Dec/2023:12:12:20 -0500] "GET /BLA/resoluciones/AUTOS%202007/3745.pdf HTTP/1.0" 200 376212
156.59.198.135 - - [24/Dec/2023:12:12:45 -0500] "GET /BLA/resoluciones/RESOLUCIONES%202010/2362.pdf HTTP/1.0" 200 453116
173.252.87.118 - - [24/Dec/2023:12:12:52 -0500] "GET /distrito-exalto-a-246-empresas-de-bogota-por-su-alto-desempeno-y-responsabilidad-ambiental-durante-2023.html HTTP/1.1" 200 1039
31.13.115.119 - - [24/Dec/2023:12:12:55 -0500] "GET /distrito-exalta-48-arboles-patrimoniales-y-15-de-interes-publico-en-bogota.html HTTP/1.1" 200 816
156.59.198.136 - - [24/Dec/2023:12:13:09 -0500] "GET /BLA/resoluciones/Notificaciones/AUTOS%202022/2284.pdf HTTP/1.0" 200 650572
156.59.198.135 - - [24/Dec/2023:12:13:33 -0500] "GET /BLA/resoluciones/RESOLUCIONES%202010/6994.pdf HTTP/1.0" 200 1101370
156.59.198.135 - - [24/Dec/2023:12:13:58 -0500] "GET /BLA/resoluciones/RESOLUCIONES%202010/3120.pdf HTTP/1.0" 200 488319
156.59.198.135 - - [24/Dec/2023:12:14:21 -0500] "GET /BLA/resoluciones/RESOLUCIONES%202010/4971.pdf HTTP/1.0" 200 507339
156.59.198.135 - - [24/Dec/2023:12:14:45 -0500] "GET /BLA/resoluciones/RESOLUCIONES%202007/RES%202007%204201%20AL%204300/RESOLUCION%204201%20DE%202007.pdf HTTP/1.0" 200 350155
156.59.198.136 - - [24/Dec/2023:12:15:11 -0500] "GET /BLA/resoluciones/Notificaciones/RESOLUCIONES%202022/5397.pdf HTTP/1.0" 200 7535264
216.245.221.92 - - [24/Dec/2023:12:15:22 -0500] "HEAD / HTTP/1.1" 200 -
156.59.198.136 - - [24/Dec/2023:12:15:35 -0500] "GET /BLA/resoluciones/RESOLUCIONES%202007/RES%202007%203801%20AL%203900/RESOLUCION%203854%20DE%202007.pdf HTTP/1.0" 200 1056444
156.59.198.135 - - [24/Dec/2023:12:15:58 -0500] "GET /BLA/resoluciones/RESOLUCIONES%202008/2413.pdf HTTP/1.0" 200 196423
172.22.2.4 - - [24/Dec/2023:12:14:30 -0500] "HEAD /BLA/boletinlegal/ HTTP/1.1" 200 -
201.245.192.253 - - [24/Dec/2023:12:16:14 -0500] "POST /kwsrmcab/Wsrmcab  HTTP/1.1" 200 40220
201.245.192.253 - - [24/Dec/2023:12:16:16 -0500] "POST /kwsrmcab/Wsrmcab HTTP/1.1" 200 35415
201.245.192.253 - - [24/Dec/2023:12:16:19 -0500] "POST /kwsrmcab/Wsrmcab HTTP/1.1" 200 36891
156.59.198.135 - - [24/Dec/2023:12:16:23 -0500] "GET /BLA/resoluciones/RESOLUCIONES%202009/1304.pdf HTTP/1.0" 200 523303
156.59.198.136 - - [24/Dec/2023:12:16:48 -0500] "GET /BLA/resoluciones/Notificaciones/RESOLUCIONES%202022/4061q.pdf HTTP/1.0" 200 493001
172.22.2.4 - - [24/Dec/2023:12:15:20 -0500] "GET /BLA/boletinlegal/ HTTP/1.1" 200 43704
66.249.66.194 - - [24/Dec/2023:12:17:10 -0500] "GET /robots.txt HTTP/1.1" 404 1034
66.249.66.194 - - [24/Dec/2023:12:17:10 -0500] "GET /las-tres-caminatas-para-cerrar-el-ano-entre-la-naturaleza.html HTTP/1.1" 304 -
156.59.198.135 - - [24/Dec/2023:12:17:12 -0500] "GET /BLA/resoluciones/RESOLUCIONES%202010/2102.pdf HTTP/1.0" 200 502023
156.59.198.135 - - [24/Dec/2023:12:17:36 -0500] "GET /BLA/resoluciones/RESOLUCIONES%202007/RES%202007%203801%20AL%203900/RESOLUCION%203874%20DE%202007.pdf HTTP/1.0" 200 1273457
156.59.198.136 - - [24/Dec/2023:12:18:01 -0500] "GET /BLA/resoluciones/RESOLUCIONES%202007/RES%202007%204101%20AL%204200/RESOLUCION%204139%20DE%202007.pdf HTTP/1.0" 200 935520
156.59.198.136 - - [24/Dec/2023:12:18:26 -0500] "GET /BLA/resoluciones/RESOLUCIONES%202010/3108.pdf HTTP/1.0" 200 544699
156.59.198.135 - - [24/Dec/2023:12:18:49 -0500] "GET /BLA/resoluciones/RESOLUCIONES%202010/4429.pdf HTTP/1.0" 200 460625
186.102.15.42 - - [24/Dec/2023:12:19:11 -0500] "GET /kwssiamovil/sm/ldap/au?x=U2FsdGVkX19T0Fiaaz/mXL0rkhCVJsMXYmkc02wSCYaxCHBpDHxSXmUC/xdZVFPH&y=U2FsdGVkX1+3HSlKphgemS/WYUVKZRVdUaoV7t8xaz79FNB2OuHApUZX3JePYWys HTTP/1.1" 200 30
186.102.15.42 - - [24/Dec/2023:12:19:11 -0500] "GET /kwssiamovil/sm/acme/s?s=U2FsdGVkX18q+oDJjIt4bxEDEs9bFEDhUn909/S5i4iZof8fveQNc6/xccd1iiL9mO9pd9i7WmACBJYpub06aqyoqPC0FjPxnFqRj2fuc3g=&u=U2FsdGVkX18IVj35M91a9TqQbB/EyhsBgqU6PdnzrNY=&y=U2FsdGVkX1+3HSlKphgemS/WYUVKZRVdUaoV7t8xaz79FNB2OuHApUZX3JePYWys HTTP/1.1" 200 97
186.102.15.42 - - [24/Dec/2023:12:19:11 -0500] "GET /kwssiamovil/sm/acme/s?s=U2FsdGVkX1+RotxObucsb7/96+GjMlU2x3S6FJnEZiwNsNzI3+bBsxHMe9Ju4717RLF2PnpAW3gi64yOWXXqtaX/oD+QSw5uwbKtGD5U5fHyv9/PTU7MoguE0PaZExXY8lIHYaHn80d8tHFJX1USlNdxGIvw2RB2oUdeyWA9KzwsFKvqpmA3vvWDJF5PvQb6CuieWGeUlTxI/ZtPuo1cbDyddfiK3DZ7pbyWKqe6POe7CZfeV3XdUGCMvDSIF1xivxdnH7xr/B4ooELeBLP4XKMJi4DF9zHzK9Ln9PDQABWJpWI8HHf+vCMtYtLDVCRR89qrBxbNy0YbQYo//Y0rYsdiJtCkNKm3JkmSoEJS7YyH4mmTdn2Dd/gZ09rWTrkWJNmtg3j+flp7nFpMNyveR3Yn6f9wZEcffmlBCTtYvrA3NeK1B42u8D0HpoFcQaZKBNNffWPJQORb6hlwjFhuSijwwy5W8P6Fbj7heBVKk3Stzb/Iai0P/l2aVxHbmFs02bHV67qsQ6CLAnSitVrRb/cOELlSGWGM8THWBdepFnngZcSAfbn8GyI1BBVQ/YEq5vVMJJFhTsQgsaQTuyS13O2QIOE6iMcj8BMNChBBmJ8etafpmZGEmwvmjV02RFqK9lxMIanLi/cgjqc+A+AvP8PjkUyG1QBb3tLO7qbeueeNNyahWeCoU2uOBah9OIfV3buDPPyZW+xyLNijRqFy0RCJylHOkcAUVnom0x6QoF41G03ALvRjFazY4/loHCll5t0jqP3Z7APoJt8s+LtSgnJDniYvWqgFTn/oKCJsRFWwxrSkNAlUSox/M+LjpVouB/L926F3IGzoTWTBQjMiX2xsmxLPq4c7s6tYeGkI5NrZh9Gw563LAGXk+9pLd3Ua/1foHxNH3gtC75XxN+YMstBccon6ncXkAjGGcb8YcvTbbRSzu9JCAML6H+ychXS3KQSpug+Sekjpbw/RUC5XhHC0B7NSwG1TCrp1bEA8cstdpNBz4cZhGZ5Ty9l4+MyTvngvO+CzXf4QAUjVY9KvfgmkHyM7mKtQ8bBuyB1Ky5ojrFzVoRjCKm3osBlGfFXNb+xI9xurfMKeXGvwe0CX1+0G7vev3t/EI9JWELlZEBpqe+sBS5iGYklnTMftui3yMSWzL0fknX+PP8TQdhI3vD/VIlkm2w8BRWFatfFxS3MGwKUZiZlS7a5859k9Z2vZ0nNZLAa6orsWHg0ihfyCQEkp7eORISYcMpJpr+I/gPJV2EjJf/SyfWmwZTljeQ/au64OZzR0CC9YmeNSkdlFCSbpp/a56BLUdqi4LCFi2kH2OGZeFXqp+MSYh73w+1bbO3xzPd1AbJle5plJww9/WAuriXf8LsGMAycbkcnc+YSBQEsPesglCAQeiTqoCBSUuXLlGPn7MgCI4j/SjGCK2AsBB7pi6k+SzdRm0Vk/HCPq621jnazeTSR2YYeAGUlY6vRo5bmvtCXRSSOl7JHxNQIsPWG32FlEzEuU251OcRBlPk5GUt3+hVxIPSjnm0Q2lYwiun98byvvYQmLYadNpmk3NdIned/XUjGkVrYkdYbwMc6fLoUx4fjqRgbrb1P3meWFQJMda048sFJ/BSLOsbil9aTybMQHYe/udALwPvfzzVHX9xdLrS1P9qRncweXtw+1FMjsynJJ4lkRHyLIaTQTBzmAj4RwfkXtQ7JZXOOw2JDT2ak3ToeV2uHlSfEyqzrntqq8rjUj/LRWIejWvOSyI0IPg0pjgdzYnptGlMg=&u=U2FsdGVkX18IVj35M91a9TqQbB/EyhsBgqU6PdnzrNY=&y=U2FsdGVkX1+3HSlKphgemS/WYUVKZRVdUaoV7t8xaz79FNB2OuHApUZX3JePYWys HTTP/1.1" 200 2020
186.102.15.42 - - [24/Dec/2023:12:19:11 -0500] "GET /kwssiamovil/sm/acme/s?s=U2FsdGVkX182lqMMMeuSnCCDfrN01xh8HW3mdC7rB3Rt7UwJ6ILw7CGp6cb+ueXP95x96XY3Nm+OHVaJWiZOUWNb+stKiHTJUwyrlL4it+B2Z5udOQTGhNFz8329NARUcGTLIC/7aFe1fhP6hdPyxB9CKhurvNC76o0zGBFQkviJKGth6VjXf7UAb3fLbo1JwywuGDByy3vYuStW7AWyzDn5l48R1WZ9g49Ldx/g3cur0ir9NPc5o4gw3y+DzE3QIbS369Zzax0DVvTtZouUC0BjmAuA7sbQ9XjE9xgPOEEVeiDeSi7EvzBhq/8yEUsXKemxC5bliCX/s9Yb7e+ZBHiIlKwX6WkepGqxzMg9IS7XDia83gM6U3Pq3SR3SqMpJ9e0+NYfJTFdrfuj1Pi6ig2tghShGPBwCWwW/mSu7JycXqWxeshtyO7ZRwQ/lLhcP3RJ2UoyzdNEowINHiwYNO3xPrHQabD+92gq4XTylvu4DLXTdyZvdtwb9cpcCRwYWXUSvIII4PpIMtCDHvqxh/YqgNg38Uzm1EudD0SbPmdHpy6Yr+ThDiwlhRsHYga/DZG0dT6xHVWeqzAhysMFlSUrKZaTqvGgvYdaAHvOER/B7BfNhlb7X3Ac6nTRH4cfvZvrcNRZ2H2XTBtoUy2fyxG0MH54oETjCZtXjB/4QT6Eh3TeXlpe0Wqhn7OWgoGwJmijKh3q4CdodA8Oa8KXw9U2KlkPoZnHHYre+r2Mbc8zG/9Co2nyCtpejEKupVF8&u=U2FsdGVkX18IVj35M91a9TqQbB/EyhsBgqU6PdnzrNY=&y=U2FsdGVkX1+3HSlKphgemS/WYUVKZRVdUaoV7t8xaz79FNB2OuHApUZX3JePYWys HTTP/1.1" 200 208
186.102.15.42 - - [24/Dec/2023:12:19:11 -0500] "GET /kwssiamovil/sm/cjson/pre?f=1&x=U2FsdGVkX19T0Fiaaz/mXL0rkhCVJsMXYmkc02wSCYaxCHBpDHxSXmUC/xdZVFPH HTTP/1.1" 200 31032
156.59.198.135 - - [24/Dec/2023:12:19:13 -0500] "GET /BLA/resoluciones/RESOLUCIONES%202010/5164.pdf HTTP/1.0" 200 1002716
156.59.198.135 - - [24/Dec/2023:12:19:38 -0500] "GET /BLA/resoluciones/AUTOS%202010/3995.pdf HTTP/1.0" 200 453546
31.220.88.155 - - [24/Dec/2023:12:19:44 -0500] "GET /admin/config.php HTTP/1.0" 404 1018
66.249.66.20 - - [24/Dec/2023:12:20:00 -0500] "GET /Publicaciones/2023EE239800.pdf HTTP/1.1" 404 228
156.59.198.136 - - [24/Dec/2023:12:20:02 -0500] "GET /BLA/resoluciones/Notificaciones/AUTOS%202022/1431.pdf HTTP/1.0" 200 665773
66.249.66.19 - - [24/Dec/2023:12:20:02 -0500] "GET /Publicaciones/2023EE254938.pdf HTTP/1.1" 404 228
201.245.192.253 - - [24/Dec/2023:12:20:14 -0500] "POST /kwsrmcab/Wsrmcab HTTP/1.1" 200 35415
216.245.221.92 - - [24/Dec/2023:12:20:21 -0500] "HEAD / HTTP/1.1" 200 -
201.245.192.253 - - [24/Dec/2023:12:20:20 -0500] "POST /kwsrmcab/Wsrmcab HTTP/1.1" 200 36891
156.59.198.136 - - [24/Dec/2023:12:20:26 -0500] "GET /BLA/resoluciones/Notificaciones/RESOLUCIONES%202022/2491.pdf HTTP/1.0" 200 421306
66.249.66.194 - - [24/Dec/2023:12:20:29 -0500] "GET /calidad-del-aire-de-bogota-vuelve-a-verse-afectada-por-altas-concentraciones-de-material-particulado.html HTTP/1.1" 200 1152
156.59.198.135 - - [24/Dec/2023:12:20:51 -0500] "GET /BLA/resoluciones/RESOLUCIONES%202007/RES%202007%203801%20AL%203900/RESOLUCION%203851%20DE%202007.pdf HTTP/1.0" 200 216828
156.59.198.136 - - [24/Dec/2023:12:21:15 -0500] "GET /BLA/resoluciones/Notificaciones/RESOLUCIONES%202022/01057.pdf HTTP/1.0" 200 1862023
201.245.192.253 - - [24/Dec/2023:12:21:13 -0500] "POST /kwsrmcab/Wsrmcab  HTTP/1.1" 200 40220
156.59.198.135 - - [24/Dec/2023:12:21:39 -0500] "GET /BLA/resoluciones/RESOLUCIONES%202010/2803.pdf HTTP/1.0" 200 541315
186.102.70.144 - - [24/Dec/2023:12:21:46 -0500] "GET /kwssiamovil/sm/acme/a?s=U2FsdGVkX188cajgRVOy5Cm44o7eqcydIc0a7rO/JOC42VReEGuLfaiD7njnAOuotwVQtOqEDDyLFXZFLaKzrxTQx1L4Jl4NOa/hBWJM8tuKKV42MuHowKsYoVQzrr7UfEVvu2mC/sDDp0YgDWkkHGkKzUk/Figh8CJuVgOSY6HuLtNGv/6ZW+f9eeN+h75oexD2TBjLMqyUxYasAU+fvduThQy59HNIy7WOX84P2LeC7O8s4UfO8Sn0ZZnGimbA+8e/amE/lSo365DUPiHWdg==&u=U2FsdGVkX1/DwkkC1eqyr4RS7pQCRh7XVab2kTlDlRr6cTV3eT2T7tU9TkV6+yMn&y=U2FsdGVkX19sZ96QA5u1V0a+Qw01y+iUoqOSNmEbMPSnaS0bICtsMFpnp0ccpYZD HTTP/1.1" 200 26
186.102.70.144 - - [24/Dec/2023:12:21:46 -0500] "GET /kwssiamovil/sm/acme/a?s=U2FsdGVkX1/KAgBCe0iaAP4ggPxiicDbQinpwMUGyN1iP4wPK8HTdIJf/LrMff2fE0m86tSOse+mWjG8QTlSRLq/tQoVpWtcFVg0dTqgXtxfpVD9XUsTYjCOuyNB8561TAFYuCILpLlOTCf1m1vi578q45VMS0wYssJ/XDSXPJ9W1R6fOrAF8CCMC9AXdAPPNx0A5x9Ekw0WJJizpejttjVUFkO3WPJGb8nUmjgx8ZWdDcDqmmBekqTE2iPJg6STwF0iwnldAxIDTRu/jSxGuGvVjGP+XAf/gVX07BozmchSCO7hIiPrUMlGyI7fbLwKnfQm/s1pZFt2z1e8NKB79jhBcIL0pebK7pB0/wxtR4Ms/sS3QcGUet0HH0y1rI196W/ZSbE6SRd72ywEkROB1CAjn8LQ6c4E4qHLyQw6ojDllbp5YwObFL8NN4dD39aVPVNWourvKkmrNhXPHhLd1UM4Wg+4E5aartpwrr5O9qcNz/N9CJLyG34MuRGY5YGlBplQNyQEHeFgUl4im+Lq3Q6l5L4RZUATgTpw0L9O9Y3MN95YXKVXABypCswQ/7G5WoYcWnFzBaw0ACFN2OoaEQdHWeTAbpei2MHFXMJ5baM48VjNKJgkH+rDIOGWpu/PX5EZOrv0E2ZH58u84Fy6/DwQKuiqlvswHYX1OSBJNDxjI6yhANBxm2/mjDKUP8DNQ4CpJ11WYgW/jCDOxNoPe56o8uhNMGeG/NdH0Yr2BvgTxobYQjCHNvAIvFluTxFJMTg+pWuaPvj1fB1f+L9S4wmIRj2ICaskFwdVgmwppjxIbItID4nLpzjlFwF2sZZvNE1nzorUhHT5f8vddFb2UxAEhvi56BavoMQoybFeIRSchYUJ7e7yVefbFBIy9Wk/lYawrmdeULAiifhin0jaSzfjbYEGKLiI6vPnROGfUZQptaWFyF9DIureCRW8mPWag2cEU8SYxSCmlOONqQZCCZ/DDclz23E56kPnwag8aS94ARXZ/3KcFXkd0maIgOZ0EMRD/bbeHgR+/KAXJIsjzbqXeLiF9o0+ShZJYJh0ptxc6z8E0NHy4NhhAqfAXwvvNJ4EWcMB699DgOCUbX95QH86wr25dmuzIxLr7KcUFQsIfHgPqlA/z+XH0N31X5ODeeNB+J7kmEprnbLq9sCOd5eu8TgmYZ6yXeiXdWpMJdon/YKJ7OrQjuYYWQ+iJ56Am4A6YYIqqYXFsMoSVVcRwbk76C5ej2edkfQDEMS/D4sAVrscKdJQRlMzY6RC80QSd0z12XohcbWwLF+YIh9eYiQSidxTht56QERhM4Yk2tjvPv3yJFI67jv/IvBXzfrlmU5bfgt5dzS88MCVG1CjL+n7KrId+i7us5kYxQLXHrAavBb/4bVx+TfBYPM+9PopVcvF4gNKrbmDWwvMZnbR8F5rG3S5DRUyThfn3B+cYmOmxHjxmODmTmbj3RvQ8ONuSsbWuDG+BgFmS7lGe+JmT5DBS2YfFyiavtmiTiWTXeITyE83hmNxedE4ogm/LzFgVKWRGL9ha2KHrSBS9CeLiPrYA94bm6PASK8ky8cT11dA1YSt3vVcfqSju+BqFjIGdt93o6YRECS6vOQ6n4rvi9WsW51H4fqLVFHJDPEwaeNhddgZDchI3IwLhQ7ZJFq1QwCqeksE+zAQL1tAYPDb8tQqFzzS1IIvX/uF/ajSSYcCtO0SMKJz7xETqbV3DesnksYtLDIMzIG1oOSjrh0suTEVtJkGB8JxvSzGAuerlwibvW9/o52Jhi/POxkP4FmM5hEcs5YHbxcNjwRkSTUOEWzddi6pg5/Gd6d2v9KAGtWes6U8Gqbg+tmFS9pqORa4cVBe1V4Fnr+wZEj+gOoHo7h3b/MFXtaFKfNfQRLZj9tYqHQ3pm6xl1vJPH0hVyl26UwHNlEYFpnmuI4wd4vjeoZsvG+dBJ9v1L//WEopJpo=&u=U2FsdGVkX1/DwkkC1eqyr4RS7pQCRh7XVab2kTlDlRr6cTV3eT2T7tU9TkV6+yMn&y=U2FsdGVkX19sZ96QA5u1V0a+Qw01y+iUoqOSNmEbMPSnaS0bICtsMFpnp0ccpYZD HTTP/1.1" 200 26
186.102.70.144 - - [24/Dec/2023:12:21:47 -0500] "GET /kwssiamovil/sm/acme/a?s=U2FsdGVkX19B0lPXNM00VeQcUJsaMNlzThX9xXe/mEUJzQzNfEnoNlnBDcTjcZZ7KNGYY4PV8aIMd0zf/P7y/DZewR///K8hU3OXPJlJtBlSG8uIkTQgzPU9kArtJzwdoQ74TCDARR5aF8RDMse6HTBQJa+uImaYIuyvcjstChQ=&u=U2FsdGVkX1/DwkkC1eqyr4RS7pQCRh7XVab2kTlDlRr6cTV3eT2T7tU9TkV6+yMn&y=U2FsdGVkX19sZ96QA5u1V0a+Qw01y+iUoqOSNmEbMPSnaS0bICtsMFpnp0ccpYZD HTTP/1.1" 200 26
186.102.70.144 - - [24/Dec/2023:12:21:47 -0500] "GET /kwssiamovil/sm/acme/a?s=U2FsdGVkX19hcbj2Ulbhu1Jul9tY3QuoR6q9Miqh/mfB7YoCvnwMmANGz0ogM1xgYTEAM3FISPfyVI/gAsXnG59Qsp0nDreyHnGR9ELc8+RkVPJHM5RDFBpr7UjrJOsTlJIcgRvivsQPnmxg25z9Lybjm+g+TYEPjT1+O+SW8Sk=&u=U2FsdGVkX1/DwkkC1eqyr4RS7pQCRh7XVab2kTlDlRr6cTV3eT2T7tU9TkV6+yMn&y=U2FsdGVkX19sZ96QA5u1V0a+Qw01y+iUoqOSNmEbMPSnaS0bICtsMFpnp0ccpYZD HTTP/1.1" 200 26
186.102.70.144 - - [24/Dec/2023:12:21:48 -0500] "GET /kwssiamovil/sm/acme/a?s=U2FsdGVkX18aDeevsHqbTLbGg74IPfLrAcn8JG8uTApABxAqJynyrtawLwxPJ5osZKGFhMVnAUtsiPwPDnzGDvZRcBSAZ5yLFWnIRxE+19lcwExTQ/eXHy6OWz+TsVZYeWJfqZ3bJiwgkrSI6iNU2NWYLtro6xqzVpopJfMZrpo=&u=U2FsdGVkX1/DwkkC1eqyr4RS7pQCRh7XVab2kTlDlRr6cTV3eT2T7tU9TkV6+yMn&y=U2FsdGVkX19sZ96QA5u1V0a+Qw01y+iUoqOSNmEbMPSnaS0bICtsMFpnp0ccpYZD HTTP/1.1" 200 26
186.102.70.144 - - [24/Dec/2023:12:21:48 -0500] "GET /kwssiamovil/sm/acme/a?s=U2FsdGVkX1878w+ewJ5sor9ZT0ks4fzacOxiPc6eznZJLRlWNqsY+X/wotSuSkjiTa3vyH9ECe+Anc4E/MqA85OCVBPFktz11QVAdqjrfN/tIldDCEWOFSzSyFFORPbW00ewVB9P2S8da+aXAV3h/TzEQdCcZ2eVQ//yAnUOmhUZo+iO0Tf6xE7w94c9TYnk3Er8K3Hgr7WpMKXVoThXGA==&u=U2FsdGVkX1/DwkkC1eqyr4RS7pQCRh7XVab2kTlDlRr6cTV3eT2T7tU9TkV6+yMn&y=U2FsdGVkX19sZ96QA5u1V0a+Qw01y+iUoqOSNmEbMPSnaS0bICtsMFpnp0ccpYZD HTTP/1.1" 200 26
172.22.2.4 - - [24/Dec/2023:12:20:20 -0500] "HEAD /BLA/boletinlegal/ HTTP/1.1" 200 -
156.59.198.135 - - [24/Dec/2023:12:22:03 -0500] "GET /BLA/resoluciones/RESOLUCIONES%202010/2993.pdf HTTP/1.0" 200 1228422
156.59.198.136 - - [24/Dec/2023:12:22:28 -0500] "GET /BLA/resoluciones/Notificaciones/RESOLUCIONES%202022/3093.pdf HTTP/1.0" 200 926809
172.22.2.4 - - [24/Dec/2023:12:21:10 -0500] "GET /BLA/boletinlegal/ HTTP/1.1" 200 58567
156.59.198.136 - - [24/Dec/2023:12:22:53 -0500] "GET /BLA/resoluciones/RESOLUCIONES%202007/RES%202007%203801%20AL%203900/RESOLUCION%203865%20DE%202007.pdf HTTP/1.0" 200 881369
156.59.198.136 - - [24/Dec/2023:12:23:16 -0500] "GET /BLA/resoluciones/RESOLUCIONES%202009/1810.pdf HTTP/1.0" 200 1353951
205.210.31.159 - - [24/Dec/2023:12:23:21 -0500] "GET / HTTP/1.1" 200 319
156.59.198.135 - - [24/Dec/2023:12:23:41 -0500] "GET /BLA/resoluciones/RESOLUCIONES%202010/3551.pdf HTTP/1.0" 200 284385
156.59.198.135 - - [24/Dec/2023:12:24:05 -0500] "GET /BLA/resoluciones/RESOLUCIONES%202010/3144.pdf HTTP/1.0" 200 246845
156.59.198.136 - - [24/Dec/2023:12:24:29 -0500] "GET /BLA/resoluciones/Notificaciones/RESOLUCIONES%202022/3388.pdf HTTP/1.0" 200 381066
156.59.198.136 - - [24/Dec/2023:12:24:53 -0500] "GET /BLA/resoluciones/Notificaciones/AUTOS%202016/01650.doc HTTP/1.0" 200 327012
156.59.198.135 - - [24/Dec/2023:12:25:17 -0500] "GET /BLA/resoluciones/RESOLUCIONES%202007/RES%202007%201401%20AL%201500/RESOLUCION%201436%20DE%202007.pdf HTTP/1.0" 200 164468
216.245.221.92 - - [24/Dec/2023:12:25:21 -0500] "HEAD / HTTP/1.1" 200 -
186.80.140.96 - - [24/Dec/2023:12:25:23 -0500] "GET /mis-de-50-aves-silvestres-fueron-recuperadas-en-la-localidad-de-tunjuelito.html HTTP/1.1" 200 806
156.59.198.135 - - [24/Dec/2023:12:25:41 -0500] "GET /BLA/resoluciones/RESOLUCIONES%202007/RES%202007%204101%20AL%204200/RESOLUCION%204104%20DE%202007.pdf HTTP/1.0" 200 173469
156.59.198.135 - - [24/Dec/2023:12:26:06 -0500] "GET /BLA/resoluciones/Notificaciones/RESOLUCIONES%202022/3382.pdf HTTP/1.0" 200 426563
201.245.192.253 - - [24/Dec/2023:12:26:11 -0500] "POST /kwsrmcab/Wsrmcab  HTTP/1.1" 200 40220
201.245.192.253 - - [24/Dec/2023:12:26:16 -0500] "POST /kwsrmcab/Wsrmcab HTTP/1.1" 200 35415
201.245.192.253 - - [24/Dec/2023:12:26:19 -0500] "POST /kwsrmcab/Wsrmcab HTTP/1.1" 200 36891
181.130.49.216 - - [24/Dec/2023:12:26:24 -0500] "GET /mis-de-50-aves-silvestres-fueron-recuperadas-en-la-localidad-de-tunjuelito.html HTTP/1.1" 200 806
156.59.198.136 - - [24/Dec/2023:12:26:30 -0500] "GET /BLA/resoluciones/Notificaciones/AUTOS%202016/02474.pdf HTTP/1.0" 200 362034
156.59.198.135 - - [24/Dec/2023:12:26:55 -0500] "GET /BLA/resoluciones/AUTOS%202012/2989.pdf HTTP/1.0" 200 357831
156.59.198.136 - - [24/Dec/2023:12:27:19 -0500] "GET /BLA/resoluciones/AUTOS%202012/2875.pdf HTTP/1.0" 200 323484
156.59.198.136 - - [24/Dec/2023:12:27:43 -0500] "GET /BLA/resoluciones/RESOLUCIONES%202010/3813.pdf HTTP/1.0" 200 492173
172.22.2.4 - - [24/Dec/2023:12:26:10 -0500] "HEAD /BLA/boletinlegal/ HTTP/1.1" 200 -
156.59.198.135 - - [24/Dec/2023:12:28:07 -0500] "GET /BLA/resoluciones/RESOLUCIONES%202016/2137.pdf HTTP/1.0" 200 309635
156.59.198.135 - - [24/Dec/2023:12:28:31 -0500] "GET /BLA/resoluciones/RESOLUCIONES%202010/2480.pdf HTTP/1.0" 200 281237
172.22.2.4 - - [24/Dec/2023:12:27:00 -0500] "GET /BLA/boletinlegal/ HTTP/1.1" 200 60502
199.16.157.181 - - [24/Dec/2023:12:28:51 -0500] "GET /images/cr%C3%B3nica-29-nov-1_optimized.jpeg HTTP/1.1" 404 1034
156.59.198.136 - - [24/Dec/2023:12:28:56 -0500] "GET /BLA/resoluciones/RESOLUCIONES%202008/2588.pdf HTTP/1.0" 200 137439
47.128.118.226 - - [24/Dec/2023:12:29:21 -0500] "GET /BLA/resoluciones/index.php?dir=RESOLUCIONES%202003%2FRES%202003%20051-100%2F&order=desc&sort=name HTTP/1.1" 200 11997
47.128.118.226 - - [24/Dec/2023:12:29:22 -0500] "GET /BLA/resoluciones/dlf/dirup.png HTTP/1.1" 200 644
47.128.118.226 - - [24/Dec/2023:12:29:22 -0500] "GET /BLA/resoluciones/dlf/unknown.png HTTP/1.1" 200 266
156.59.198.136 - - [24/Dec/2023:12:29:44 -0500] "GET /BLA/resoluciones/Notificaciones/AUTOS%202022/7594.pdf HTTP/1.0" 200 474654
156.59.198.135 - - [24/Dec/2023:12:30:08 -0500] "GET /BLA/resoluciones/RESOLUCIONES%202007/RES%202007%202801%20AL%202900/RESOLUCION%202860%20DE%202007.pdf HTTP/1.0" 200 709579
201.245.192.253 - - [24/Dec/2023:12:30:15 -0500] "POST /kwsrmcab/Wsrmcab HTTP/1.1" 200 35415
216.245.221.92 - - [24/Dec/2023:12:30:21 -0500] "HEAD / HTTP/1.1" 200 -
201.245.192.253 - - [24/Dec/2023:12:30:20 -0500] "POST /kwsrmcab/Wsrmcab HTTP/1.1" 200 36891
66.249.66.77 - - [24/Dec/2023:12:30:29 -0500] "GET /portaldeninos/aulas-ambientales/aula-ambiental-sorotama/ HTTP/1.1" 200 89596
156.59.198.135 - - [24/Dec/2023:12:30:33 -0500] "GET /BLA/resoluciones/RESOLUCIONES%202010/4119.pdf HTTP/1.0" 200 755451
156.59.198.135 - - [24/Dec/2023:12:30:57 -0500] "GET /BLA/resoluciones/RESOLUCIONES%202010/2948.pdf HTTP/1.0" 200 106790
201.245.192.253 - - [24/Dec/2023:12:31:10 -0500] "POST /kwsrmcab/Wsrmcab  HTTP/1.1" 200 40220
156.59.198.135 - - [24/Dec/2023:12:31:22 -0500] "GET /BLA/resoluciones/RESOLUCIONES%202009/1903.pdf HTTP/1.0" 200 899770
156.59.198.136 - - [24/Dec/2023:12:31:45 -0500] "GET /BLA/resoluciones/RESOLUCIONES%202010/3096.pdf HTTP/1.0" 200 349412
156.59.198.136 - - [24/Dec/2023:12:32:10 -0500] "GET /BLA/resoluciones/RESOLUCIONES%202007/RES%202007%203401%20AL%203500/RESOLUCION%203412%20DE%202007.pdf HTTP/1.0" 200 950187
156.59.198.135 - - [24/Dec/2023:12:32:34 -0500] "GET /BLA/resoluciones/RESOLUCIONES%202009/2078.pdf HTTP/1.0" 200 463838
156.59.198.135 - - [24/Dec/2023:12:32:58 -0500] "GET /BLA/resoluciones/AUTOS%202022/8161.pdf HTTP/1.0" 200 372864
156.59.198.135 - - [24/Dec/2023:12:33:23 -0500] "GET /BLA/resoluciones/AUTOS%202022/7881.pdf HTTP/1.0" 200 404569
172.22.2.4 - - [24/Dec/2023:12:32:00 -0500] "HEAD /BLA/boletinlegal/ HTTP/1.1" 200 -
156.59.198.136 - - [24/Dec/2023:12:33:48 -0500] "GET /BLA/resoluciones/RESOLUCIONES%202010/3592.pdf HTTP/1.0" 200 502271
