!C99Shell v. 1.0 pre-release build #13!

Software: Apache. PHP/5.5.15 

uname -a: Windows NT SVR-DMZ 6.1 build 7600 (Windows Server 2008 R2 Enterprise Edition) i586 

SYSTEM 

Safe-mode: OFF (not secure)

E:\nuevo\apache\logs\   drwxrwxrwx
Free 9.41 GB of 239.26 GB (3.93%)
Detected drives: [ a ] [ c ] [ d ] [ e ] [ f ]
Home    Back    Forward    UPDIR    Refresh    Search    Buffer    Encoder    Tools    Proc.    FTP brute    Sec.    SQL    PHP-code    Update    Feedback    Self remove    Logout    


Viewing file:     access.2023.12.24.log (854.95 KB)      -rw-rw-rw-
Select action/file-type:
(+) | (+) | (+) | Code (+) | Session (+) | (+) | SDB (+) | (+) | (+) | (+) | (+) | (+) |
156.59.198.136 - - [24/Dec/2023:00:00:12 -0500] "GET /BLA/resoluciones/RESOLUCIONES%202010/4369.pdf HTTP/1.0" 200 555454
216.245.221.92 - - [24/Dec/2023:00:00:23 -0500] "HEAD / HTTP/1.1" 200 -
172.22.2.4 - - [23/Dec/2023:23:59:22 -0500] "GET /BLA/boletinlegal/ HTTP/1.1" 200 36811
156.59.198.136 - - [24/Dec/2023:00:00:35 -0500] "GET /BLA/resoluciones/RESOLUCIONES%202009/1781.pdf HTTP/1.0" 200 583503
172.22.2.4 - - [23/Dec/2023:23:59:18 -0500] "HEAD /BLA/boletinlegal/ HTTP/1.1" 200 -
156.59.198.136 - - [24/Dec/2023:00:01:00 -0500] "GET /BLA/resoluciones/AUTOS%202014/3813.pdf HTTP/1.0" 200 577148
156.59.198.136 - - [24/Dec/2023:00:01:25 -0500] "GET /BLA/resoluciones/RESOLUCIONES%202016/2308.pdf HTTP/1.0" 200 355658
156.59.198.135 - - [24/Dec/2023:00:01:49 -0500] "GET /BLA/resoluciones/RESOLUCIONES%202009/1500.pdf HTTP/1.0" 200 780134
172.22.2.4 - - [24/Dec/2023:00:00:09 -0500] "GET /BLA/boletinlegal/ HTTP/1.1" 200 58172
156.59.198.136 - - [24/Dec/2023:00:02:14 -0500] "GET /BLA/resoluciones/RESOLUCIONES%202010/4257.pdf HTTP/1.0" 200 627246
201.245.192.253 - - [24/Dec/2023:00:02:35 -0500] "POST /kwsrmcab/Wsrmcab  HTTP/1.1" 200 40220
156.59.198.136 - - [24/Dec/2023:00:02:39 -0500] "GET /BLA/resoluciones/RESOLUCIONES%202014/2830.pdf HTTP/1.0" 200 3340137
156.59.198.136 - - [24/Dec/2023:00:03:03 -0500] "GET /BLA/resoluciones/RESOLUCIONES%202022/2048.pdf HTTP/1.0" 200 380947
31.13.127.17 - - [24/Dec/2023:00:03:18 -0500] "GET /distrito-avanza-con-la-plantacion-de-arboles-186-nuevos-individuos-fueron-sembrados-en-el-humedal-capellania.html HTTP/1.1" 200 990
156.59.198.136 - - [24/Dec/2023:00:03:27 -0500] "GET /BLA/resoluciones/RESOLUCIONES%202007/RES%202007%20401%20AL%20500/RESOLUCION%200468%20DE%202007.pdf HTTP/1.0" 200 1041451
156.59.198.136 - - [24/Dec/2023:00:03:51 -0500] "GET /BLA/resoluciones/RESOLUCIONES%202009/1601.pdf HTTP/1.0" 200 607663
138.121.203.22 - - [24/Dec/2023:00:04:11 -0500] "GET /distrito-exalto-a-246-empresas-de-bogota-por-su-alto-desempeno-y-responsabilidad-ambiental-durante-2023.html HTTP/1.1" 200 1039
156.59.198.136 - - [24/Dec/2023:00:04:15 -0500] "GET /BLA/resoluciones/RESOLUCIONES%202010/4934.pdf HTTP/1.0" 200 520891
69.171.249.6 - - [24/Dec/2023:00:04:33 -0500] "GET /secretaria-de-ambiente-y-car-firman-el-plan-de-manejo-ambiental-del-sitio-ramsar-complejo-de-humedales-urbanos-de-bogota-unico-en-america-latina.html HTTP/1.1" 200 1040
156.59.198.136 - - [24/Dec/2023:00:04:40 -0500] "GET /BLA/resoluciones/Notificaciones/AUTOS%202021/4855.pdf HTTP/1.0" 200 318868
156.59.198.135 - - [24/Dec/2023:00:05:04 -0500] "GET /BLA/resoluciones/RESOLUCIONES%202014/3067.pdf HTTP/1.0" 200 181694
199.16.157.181 - - [24/Dec/2023:00:05:04 -0500] "GET /images/cronica-mujer-biodiveridad-30-noviembre.jpg HTTP/1.1" 200 63270
66.249.66.19 - - [24/Dec/2023:00:05:10 -0500] "GET /BLA/resoluciones/RESOLUCIONES%202014/2258.pdf HTTP/1.1" 200 464929
216.245.221.92 - - [24/Dec/2023:00:05:23 -0500] "HEAD / HTTP/1.1" 200 -
156.59.198.136 - - [24/Dec/2023:00:05:27 -0500] "GET /BLA/resoluciones/Notificaciones/AUTOS%202022/2349.pdf HTTP/1.0" 200 410955
156.59.198.136 - - [24/Dec/2023:00:05:51 -0500] "GET /BLA/resoluciones/RESOLUCIONES%202010/4956.pdf HTTP/1.0" 200 528665
156.59.198.136 - - [24/Dec/2023:00:06:16 -0500] "GET /BLA/resoluciones/RESOLUCIONES%202010/4404.pdf HTTP/1.0" 200 525153
156.59.198.136 - - [24/Dec/2023:00:06:41 -0500] "GET /BLA/resoluciones/RESOLUCIONES%202010/3970.pdf HTTP/1.0" 200 508397
172.22.2.4 - - [24/Dec/2023:00:05:09 -0500] "HEAD /BLA/boletinlegal/ HTTP/1.1" 200 -
156.59.198.135 - - [24/Dec/2023:00:07:05 -0500] "GET /BLA/resoluciones/Notificaciones/RESOLUCIONES%202022/1784.pdf HTTP/1.0" 200 3958263
156.59.198.135 - - [24/Dec/2023:00:07:29 -0500] "GET /BLA/resoluciones/RESOLUCIONES%202022/4964.pdf HTTP/1.0" 200 573420
201.245.192.253 - - [24/Dec/2023:00:07:34 -0500] "POST /kwsrmcab/Wsrmcab  HTTP/1.1" 200 40220
172.22.2.4 - - [24/Dec/2023:00:06:00 -0500] "GET /BLA/boletinlegal/ HTTP/1.1" 200 58567
47.128.37.158 - - [24/Dec/2023:00:07:55 -0500] "GET /BLA/resoluciones/index.php?dir=RESOLUCIONES%202003%2FRES%202003%20301-350%2F&order=asc&sort=name HTTP/1.1" 200 11308
47.128.37.158 - - [24/Dec/2023:00:07:56 -0500] "GET /BLA/resoluciones/dlf/unknown.png HTTP/1.1" 200 266
47.128.37.158 - - [24/Dec/2023:00:07:56 -0500] "GET /BLA/resoluciones/dlf/dirup.png HTTP/1.1" 200 644
156.59.198.136 - - [24/Dec/2023:00:08:18 -0500] "GET /BLA/resoluciones/Notificaciones/AUTOS%202022/517.pdf HTTP/1.0" 200 418361
66.249.66.20 - - [24/Dec/2023:00:08:34 -0500] "GET /BLA/resoluciones/RESOLUCIONES%202007/RES%202007%202801%20AL%202900/RESOLUCION%202834%20DE%202007.pdf HTTP/1.1" 200 114978
156.59.198.135 - - [24/Dec/2023:00:08:42 -0500] "GET /BLA/resoluciones/RESOLUCIONES%202009/1815.pdf HTTP/1.0" 200 395703
66.249.66.20 - - [24/Dec/2023:00:08:59 -0500] "GET /portel_dama/libreria/php/2006/ECOSISTEMAS%20FINAL%20web_mz27/restauracion/sitio/55_artic/xtras/10.pdf HTTP/1.1" 404 1018
156.59.198.136 - - [24/Dec/2023:00:09:07 -0500] "GET /BLA/resoluciones/Notificaciones/AUTOS%202022/3578.pdf HTTP/1.0" 200 2569079
156.59.198.136 - - [24/Dec/2023:00:09:30 -0500] "GET /BLA/resoluciones/Notificaciones/AUTOS%202021/3747.pdf HTTP/1.0" 200 344628
216.244.66.195 - - [24/Dec/2023:00:09:42 -0500] "GET /BLA/resoluciones/AUTOS%202019/1976.pdf HTTP/1.1" 200 333231
156.59.198.135 - - [24/Dec/2023:00:09:54 -0500] "GET /BLA/resoluciones/AUTOS%202014/4430.pdf HTTP/1.0" 200 566509
194.165.16.10 - - [24/Dec/2023:00:10:01 -0500] "\x03" 400 226
156.59.198.136 - - [24/Dec/2023:00:10:20 -0500] "GET /BLA/resoluciones/Notificaciones/AUTOS%202022/4094.pdf HTTP/1.0" 200 744975
216.245.221.92 - - [24/Dec/2023:00:10:23 -0500] "HEAD / HTTP/1.1" 200 -
216.244.66.195 - - [24/Dec/2023:00:10:24 -0500] "GET /BLA/resoluciones/RESOLUCIONES%202018/0161.pdf HTTP/1.1" 200 394834
156.59.198.136 - - [24/Dec/2023:00:10:44 -0500] "GET /BLA/resoluciones/RESOLUCIONES%202022/2121.pdf HTTP/1.0" 200 3104257
216.244.66.195 - - [24/Dec/2023:00:11:06 -0500] "GET /BLA/resoluciones/RESOLUCIONES%202018/3012.pdf HTTP/1.1" 200 281330
156.59.198.136 - - [24/Dec/2023:00:11:08 -0500] "GET /BLA/resoluciones/Notificaciones/AUTOS%202014/4601.doc HTTP/1.0" 200 -
156.59.198.136 - - [24/Dec/2023:00:11:32 -0500] "GET /BLA/resoluciones/RESOLUCIONES%202010/4540.pdf HTTP/1.0" 200 577220
69.63.184.10 - - [24/Dec/2023:00:11:50 -0500] "GET /distrito-exalto-a-246-empresas-de-bogota-por-su-alto-desempeno-y-responsabilidad-ambiental-durante-2023.html HTTP/1.1" 206 1039
69.63.184.8 - - [24/Dec/2023:00:11:53 -0500] "GET /distrito-exalto-a-246-empresas-de-bogota-por-su-alto-desempeno-y-responsabilidad-ambiental-durante-2023.html HTTP/1.1" 200 1039
69.63.184.119 - - [24/Dec/2023:00:11:53 -0500] "GET /distrito-exalto-a-246-empresas-de-bogota-por-su-alto-desempeno-y-responsabilidad-ambiental-durante-2023.html HTTP/1.1" 200 1039
156.59.198.136 - - [24/Dec/2023:00:11:57 -0500] "GET /BLA/resoluciones/Notificaciones/AUTOS%202022/1507.pdf HTTP/1.0" 200 373116
156.59.198.135 - - [24/Dec/2023:00:12:21 -0500] "GET /BLA/resoluciones/AUTOS%202014/4656.pdf HTTP/1.0" 200 523965
201.245.192.253 - - [24/Dec/2023:00:12:32 -0500] "POST /kwsrmcab/Wsrmcab  HTTP/1.1" 200 40220
172.22.2.4 - - [24/Dec/2023:00:10:59 -0500] "HEAD /BLA/boletinlegal/ HTTP/1.1" 200 -
173.252.95.7 - - [24/Dec/2023:00:12:44 -0500] "GET /bogota-y-cundinamarca-consolidan-pagos-por-servicios-ambientales-con-nueva-firma-para-la-proteccion-del-agua.html HTTP/1.1" 200 821
173.252.95.116 - - [24/Dec/2023:00:12:44 -0500] "GET /bogota-y-cundinamarca-consolidan-pagos-por-servicios-ambientales-con-nueva-firma-para-la-proteccion-del-agua.html HTTP/1.1" 200 821
173.252.95.5 - - [24/Dec/2023:00:12:44 -0500] "GET /bogota-y-cundinamarca-consolidan-pagos-por-servicios-ambientales-con-nueva-firma-para-la-proteccion-del-agua.html HTTP/1.1" 200 821
156.59.198.136 - - [24/Dec/2023:00:12:46 -0500] "GET /BLA/resoluciones/RESOLUCIONES%202010/2514.pdf HTTP/1.0" 200 392066
173.252.111.11 - - [24/Dec/2023:00:12:50 -0500] "GET /images/Musgo%2017%20-%2012%20-%202023.jpeg HTTP/1.1" 200 66238
69.171.231.117 - - [24/Dec/2023:00:12:52 -0500] "GET /distrito-recupera-mas-de-20-kilogramos-de-musgo-y-dos-aves-silvestres.html HTTP/1.1" 200 857
69.171.231.116 - - [24/Dec/2023:00:12:52 -0500] "GET /distrito-recupera-mas-de-20-kilogramos-de-musgo-y-dos-aves-silvestres.html HTTP/1.1" 200 857
173.252.87.111 - - [24/Dec/2023:00:12:56 -0500] "GET /distrito-recupera-mas-de-20-kilogramos-de-musgo-y-dos-aves-silvestres.html HTTP/1.1" 200 857
156.59.198.135 - - [24/Dec/2023:00:13:11 -0500] "GET /BLA/resoluciones/AUTOS%202018/5373.pdf HTTP/1.0" 200 292457
66.249.66.20 - - [24/Dec/2023:00:13:24 -0500] "GET /BLA/resoluciones/RESOLUCIONES%202008/3488.pdf HTTP/1.1" 200 382402
172.22.2.4 - - [24/Dec/2023:00:11:50 -0500] "GET /BLA/boletinlegal/ HTTP/1.1" 200 58567
156.59.198.136 - - [24/Dec/2023:00:13:35 -0500] "GET /BLA/resoluciones/RESOLUCIONES%202022/5181.pdf HTTP/1.0" 200 338771
156.59.198.136 - - [24/Dec/2023:00:13:59 -0500] "GET /BLA/resoluciones/RESOLUCIONES%202010/2930.pdf HTTP/1.0" 200 506765
156.59.198.135 - - [24/Dec/2023:00:14:23 -0500] "GET /BLA/resoluciones/RESOLUCIONES%202010/6985.pdf HTTP/1.0" 200 64329
156.59.198.136 - - [24/Dec/2023:00:14:47 -0500] "GET /BLA/resoluciones/Notificaciones/AUTOS%202016/02113.pdf HTTP/1.0" 200 331965
156.59.198.136 - - [24/Dec/2023:00:15:12 -0500] "GET /BLA/resoluciones/Notificaciones/RESOLUCIONES%202021/2392.pdf HTTP/1.0" 200 387625
216.245.221.92 - - [24/Dec/2023:00:15:23 -0500] "HEAD / HTTP/1.1" 200 -
156.59.198.136 - - [24/Dec/2023:00:15:37 -0500] "GET /BLA/resoluciones/Notificaciones/AUTOS%202022/1023.pdf HTTP/1.0" 200 426221
156.59.198.135 - - [24/Dec/2023:00:16:01 -0500] "GET /BLA/resoluciones/Notificaciones/RESOLUCIONES%202021/1793.pdf HTTP/1.0" 200 349920
201.245.192.253 - - [24/Dec/2023:00:16:18 -0500] "POST /kwsrmcab/Wsrmcab HTTP/1.1" 200 35584
52.167.144.25 - - [24/Dec/2023:00:16:19 -0500] "GET /BLA/resoluciones/index.php?dir=AUTOS+2022%2F HTTP/1.1" 200 509604
201.245.192.253 - - [24/Dec/2023:00:16:21 -0500] "POST /kwsrmcab/Wsrmcab HTTP/1.1" 200 36641
156.59.198.136 - - [24/Dec/2023:00:16:24 -0500] "GET /BLA/resoluciones/Notificaciones/AUTOS%202022/6780.pdf HTTP/1.0" 200 444351
156.59.198.136 - - [24/Dec/2023:00:16:49 -0500] "GET /BLA/resoluciones/AUTOS%202014/4565.pdf HTTP/1.0" 200 709779
156.59.198.136 - - [24/Dec/2023:00:17:14 -0500] "GET /BLA/resoluciones/Notificaciones/AUTOS%202022/6787.pdf HTTP/1.0" 200 547391
201.245.192.253 - - [24/Dec/2023:00:17:31 -0500] "POST /kwsrmcab/Wsrmcab  HTTP/1.1" 200 40220
156.59.198.135 - - [24/Dec/2023:00:17:39 -0500] "GET /BLA/resoluciones/RESOLUCIONES%202010/7107.pdf HTTP/1.0" 200 64653
173.252.95.16 - - [24/Dec/2023:00:17:55 -0500] "GET /mis-de-50-aves-silvestres-fueron-recuperadas-en-la-localidad-de-tunjuelito.html HTTP/1.1" 200 806
173.252.95.10 - - [24/Dec/2023:00:17:55 -0500] "GET /mis-de-50-aves-silvestres-fueron-recuperadas-en-la-localidad-de-tunjuelito.html HTTP/1.1" 200 806
173.252.95.5 - - [24/Dec/2023:00:17:55 -0500] "GET /mis-de-50-aves-silvestres-fueron-recuperadas-en-la-localidad-de-tunjuelito.html HTTP/1.1" 200 806
156.59.198.136 - - [24/Dec/2023:00:18:03 -0500] "GET /BLA/resoluciones/RESOLUCIONES%202010/2309.pdf HTTP/1.0" 200 507873
31.13.127.13 - - [24/Dec/2023:00:18:11 -0500] "GET /secretaria-de-ambiente-reconocio-entidades-por-sus-buenas-practicas-ambientales.html HTTP/1.1" 200 892
31.13.127.14 - - [24/Dec/2023:00:18:11 -0500] "GET /secretaria-de-ambiente-reconocio-entidades-por-sus-buenas-practicas-ambientales.html HTTP/1.1" 200 892
31.13.127.15 - - [24/Dec/2023:00:18:11 -0500] "GET /secretaria-de-ambiente-reconocio-entidades-por-sus-buenas-practicas-ambientales.html HTTP/1.1" 200 892
186.169.129.250 - - [24/Dec/2023:00:18:19 -0500] "GET /distrito-exalto-a-246-empresas-de-bogota-por-su-alto-desempeno-y-responsabilidad-ambiental-durante-2023.html HTTP/1.1" 200 1039
156.59.198.136 - - [24/Dec/2023:00:18:27 -0500] "GET /BLA/resoluciones/RESOLUCIONES%202007/RES%202007%202501%20AL%202600/RESOLUCION%202507%20DE%202007.pdf HTTP/1.0" 200 67877
172.22.2.4 - - [24/Dec/2023:00:16:49 -0500] "HEAD /BLA/boletinlegal/ HTTP/1.1" 200 -
66.249.66.21 - - [24/Dec/2023:00:18:40 -0500] "GET /BLA/resoluciones/Autos%202008/1005.pdf HTTP/1.1" 200 77248
156.59.198.135 - - [24/Dec/2023:00:18:52 -0500] "GET /BLA/resoluciones/RESOLUCIONES%202010/3268.pdf HTTP/1.0" 200 496183
157.55.39.54 - - [24/Dec/2023:00:18:57 -0500] "GET /BLA/resoluciones/AUTOS%202022/8171.pdf HTTP/1.1" 200 383612
40.77.167.143 - - [24/Dec/2023:00:19:00 -0500] "GET /BLA/resoluciones/AUTOS%202022/7573.pdf HTTP/1.1" 200 394188
52.167.144.25 - - [24/Dec/2023:00:19:02 -0500] "GET /BLA/resoluciones/AUTOS%202022/8429.pdf HTTP/1.1" 200 334165
156.59.198.135 - - [24/Dec/2023:00:19:16 -0500] "GET /BLA/resoluciones/Notificaciones/AUTOS%202018/5053.pdf HTTP/1.0" 200 842742
172.22.2.4 - - [24/Dec/2023:00:17:40 -0500] "GET /BLA/boletinlegal/ HTTP/1.1" 200 58567
173.252.79.117 - - [24/Dec/2023:00:19:25 -0500] "GET /images/Aves%20SDA.jpeg HTTP/1.1" 200 75104
173.252.79.1 - - [24/Dec/2023:00:19:25 -0500] "GET /images/terrazas%20verdes.jpg HTTP/1.1" 200 63951
156.59.198.136 - - [24/Dec/2023:00:19:40 -0500] "GET /BLA/resoluciones/AUTOS%202018/3677.pdf HTTP/1.0" 200 3234914
156.59.198.135 - - [24/Dec/2023:00:20:04 -0500] "GET /BLA/resoluciones/RESOLUCIONES%202010/7347.pdf HTTP/1.0" 200 336893
201.245.192.253 - - [24/Dec/2023:00:20:17 -0500] "POST /kwsrmcab/Wsrmcab HTTP/1.1" 200 35584
216.245.221.92 - - [24/Dec/2023:00:20:23 -0500] "HEAD / HTTP/1.1" 200 -
201.245.192.253 - - [24/Dec/2023:00:20:22 -0500] "POST /kwsrmcab/Wsrmcab HTTP/1.1" 200 36641
156.59.198.135 - - [24/Dec/2023:00:20:29 -0500] "GET /BLA/resoluciones/RESOLUCIONES%202009/1471.pdf HTTP/1.0" 200 354884
66.249.66.20 - - [24/Dec/2023:00:20:48 -0500] "GET /BLA/resoluciones/RESOLUCIONES%202009/5117.pdf HTTP/1.1" 200 1180504
156.59.198.135 - - [24/Dec/2023:00:20:53 -0500] "GET /BLA/resoluciones/Notificaciones/AUTOS%202021/3960.pdf HTTP/1.0" 200 385886
156.59.198.136 - - [24/Dec/2023:00:21:17 -0500] "GET /BLA/resoluciones/RESOLUCIONES%202014/3407.pdf HTTP/1.0" 200 701742
156.59.198.136 - - [24/Dec/2023:00:21:42 -0500] "GET /BLA/resoluciones/RESOLUCIONES%202002/RES%202002%20551-600/RESOLUCION%20591%20DE%202002.pdf HTTP/1.0" 200 38076
156.59.198.135 - - [24/Dec/2023:00:22:06 -0500] "GET /BLA/resoluciones/Notificaciones/AUTOS%202013/3642.doc HTTP/1.0" 200 230400
156.59.198.135 - - [24/Dec/2023:00:22:30 -0500] "GET /BLA/resoluciones/Notificaciones/AUTOS%202018/3922.pdf HTTP/1.0" 200 285370
40.77.167.143 - - [24/Dec/2023:00:22:30 -0500] "GET /BLA/resoluciones/RESOLUCIONES%202021/1256.pdf HTTP/1.1" 200 449818
201.245.192.253 - - [24/Dec/2023:00:22:30 -0500] "POST /kwsrmcab/Wsrmcab  HTTP/1.1" 200 40220
156.59.198.135 - - [24/Dec/2023:00:22:55 -0500] "GET /BLA/resoluciones/RESOLUCIONES%202010/3061.pdf HTTP/1.0" 200 489095
156.59.198.136 - - [24/Dec/2023:00:23:18 -0500] "GET /BLA/resoluciones/Notificaciones/AUTOS%202022/0105.pdf HTTP/1.0" 200 361531
156.59.198.135 - - [24/Dec/2023:00:23:43 -0500] "GET /BLA/resoluciones/RESOLUCIONES%202007/RES%202007%203801%20AL%203900/RESOLUCION%203810%20DE%202007.pdf HTTP/1.0" 200 377050
156.59.198.136 - - [24/Dec/2023:00:24:08 -0500] "GET /BLA/resoluciones/AUTOS%202017/1802.pdf HTTP/1.0" 200 285693
172.22.2.4 - - [24/Dec/2023:00:22:39 -0500] "HEAD /BLA/boletinlegal/ HTTP/1.1" 200 -
156.59.198.136 - - [24/Dec/2023:00:24:33 -0500] "GET /BLA/resoluciones/RESOLUCIONES%202010/4802.pdf HTTP/1.0" 200 378666
156.59.198.136 - - [24/Dec/2023:00:24:56 -0500] "GET /BLA/resoluciones/Notificaciones/AUTOS%202022/0264.pdf HTTP/1.0" 200 369791
172.22.2.4 - - [24/Dec/2023:00:23:30 -0500] "GET /BLA/boletinlegal/ HTTP/1.1" 200 58969
156.59.198.135 - - [24/Dec/2023:00:25:20 -0500] "GET /BLA/resoluciones/RESOLUCIONES%202010/4208.pdf HTTP/1.0" 200 1191208
216.245.221.92 - - [24/Dec/2023:00:25:23 -0500] "HEAD / HTTP/1.1" 200 -
156.59.198.136 - - [24/Dec/2023:00:25:44 -0500] "GET /BLA/resoluciones/Notificaciones/AUTOS%202019/4819.pdf HTTP/1.0" 200 1183503
156.59.198.136 - - [24/Dec/2023:00:26:09 -0500] "GET /BLA/resoluciones/RESOLUCIONES%202010/4804.pdf HTTP/1.0" 200 371080
201.245.192.253 - - [24/Dec/2023:00:26:18 -0500] "POST /kwsrmcab/Wsrmcab HTTP/1.1" 200 35584
201.245.192.253 - - [24/Dec/2023:00:26:22 -0500] "POST /kwsrmcab/Wsrmcab HTTP/1.1" 200 36641
156.59.198.136 - - [24/Dec/2023:00:26:32 -0500] "GET /BLA/resoluciones/RESOLUCIONES%202010/2273.pdf HTTP/1.0" 200 491343
156.59.198.135 - - [24/Dec/2023:00:26:56 -0500] "GET /BLA/resoluciones/RESOLUCIONES%202010/3106.pdf HTTP/1.0" 200 547521
179.1.130.29 - - [24/Dec/2023:00:27:03 -0500] "GET /distrito-exalto-a-246-empresas-de-bogota-por-su-alto-desempeno-y-responsabilidad-ambiental-durante-2023.html HTTP/1.1" 200 1039
156.59.198.135 - - [24/Dec/2023:00:27:21 -0500] "GET /BLA/resoluciones/RESOLUCIONES%202014/2589.pdf HTTP/1.0" 200 260469
201.245.192.253 - - [24/Dec/2023:00:27:28 -0500] "POST /kwsrmcab/Wsrmcab  HTTP/1.1" 200 40220
47.128.58.133 - - [24/Dec/2023:00:27:46 -0500] "GET /BLA/resoluciones/index.php?dir=RESOLUCIONES%202004%2FRES%202004%20401-450%2F&order=desc&sort=date HTTP/1.1" 200 12038
47.128.58.133 - - [24/Dec/2023:00:27:47 -0500] "GET /BLA/resoluciones/dlf/styles.css HTTP/1.1" 200 3049
47.128.58.133 - - [24/Dec/2023:00:27:48 -0500] "GET /BLA/resoluciones/dlf/dirup.png HTTP/1.1" 200 644
47.128.58.133 - - [24/Dec/2023:00:27:48 -0500] "GET /BLA/resoluciones/dlf/unknown.png HTTP/1.1" 200 266
191.95.148.234 - - [24/Dec/2023:00:28:03 -0500] "GET /distrito-exalto-a-246-empresas-de-bogota-por-su-alto-desempeno-y-responsabilidad-ambiental-durante-2023.html HTTP/1.1" 200 1039
156.59.198.135 - - [24/Dec/2023:00:28:09 -0500] "GET /BLA/resoluciones/AUTOS%202014/5197.pdf HTTP/1.0" 200 593104
156.59.198.136 - - [24/Dec/2023:00:28:33 -0500] "GET /BLA/resoluciones/RESOLUCIONES%202010/2889.pdf HTTP/1.0" 200 582032
156.59.198.135 - - [24/Dec/2023:00:28:57 -0500] "GET /BLA/resoluciones/RESOLUCIONES%202009/2061.pdf HTTP/1.0" 200 750966
216.244.66.195 - - [24/Dec/2023:00:29:04 -0500] "GET /robots.txt HTTP/1.1" 404 1018
156.59.198.135 - - [24/Dec/2023:00:29:22 -0500] "GET /BLA/resoluciones/RESOLUCIONES%202022/2424.pdf HTTP/1.0" 200 433132
157.55.39.54 - - [24/Dec/2023:00:29:28 -0500] "GET /Publicaciones/2023EE119253.pdf HTTP/1.1" 404 228
156.59.198.136 - - [24/Dec/2023:00:29:47 -0500] "GET /BLA/resoluciones/RESOLUCIONES%202010/2346.pdf HTTP/1.0" 200 391592
3.147.84.13 - - [24/Dec/2023:00:29:51 -0500] "GET /ai.txt?t=1703379878.028668 HTTP/1.1" 404 1035
3.147.84.13 - - [24/Dec/2023:00:29:51 -0500] "GET /.well-known/ai.txt?t=1703379878.028668 HTTP/1.1" 404 1035
172.22.2.4 - - [24/Dec/2023:00:28:29 -0500] "HEAD /BLA/boletinlegal/ HTTP/1.1" 200 -
156.59.198.136 - - [24/Dec/2023:00:30:11 -0500] "GET /BLA/resoluciones/RESOLUCIONES%202010/4905.pdf HTTP/1.0" 200 755017
191.95.151.18 - - [24/Dec/2023:00:30:18 -0500] "GET /distrito-exalto-a-246-empresas-de-bogota-por-su-alto-desempeno-y-responsabilidad-ambiental-durante-2023.html HTTP/1.1" 200 1039
201.245.192.253 - - [24/Dec/2023:00:30:17 -0500] "POST /kwsrmcab/Wsrmcab HTTP/1.1" 200 35584
216.245.221.92 - - [24/Dec/2023:00:30:23 -0500] "HEAD / HTTP/1.1" 200 -
201.245.192.253 - - [24/Dec/2023:00:30:23 -0500] "POST /kwsrmcab/Wsrmcab HTTP/1.1" 200 36641
156.59.198.136 - - [24/Dec/2023:00:30:35 -0500] "GET /BLA/resoluciones/RESOLUCIONES%202014/3290.pdf HTTP/1.0" 200 452098
156.59.198.135 - - [24/Dec/2023:00:31:00 -0500] "GET /BLA/resoluciones/AUTOS%202014/3940.pdf HTTP/1.0" 200 744968
172.22.2.4 - - [24/Dec/2023:00:29:21 -0500] "GET /BLA/boletinlegal/ HTTP/1.1" 200 60910
191.156.158.133 - - [24/Dec/2023:00:31:16 -0500] "GET /distrito-exalto-a-246-empresas-de-bogota-por-su-alto-desempeno-y-responsabilidad-ambiental-durante-2023.html HTTP/1.1" 200 1039
156.59.198.135 - - [24/Dec/2023:00:31:25 -0500] "GET /BLA/resoluciones/Notificaciones/AUTOS%202016/03196.pdf HTTP/1.0" 200 385448
156.59.198.136 - - [24/Dec/2023:00:31:49 -0500] "GET /BLA/resoluciones/RESOLUCIONES%202022/4348.pdf HTTP/1.0" 200 361481
156.59.198.135 - - [24/Dec/2023:00:32:13 -0500] "GET /BLA/resoluciones/Notificaciones/AUTOS%202018/03509.pdf HTTP/1.0" 200 344924
66.249.66.194 - - [24/Dec/2023:00:32:27 -0500] "GET /atrapamoscas-coronidorado-ave-austral-que-se-registro-en-el-humedal-cordoba.html HTTP/1.1" 200 991
201.245.192.253 - - [24/Dec/2023:00:32:25 -0500] "POST /kwsrmcab/Wsrmcab  HTTP/1.1" 200 40220
191.95.55.35 - - [24/Dec/2023:00:32:35 -0500] "GET /distrito-exalto-a-246-empresas-de-bogota-por-su-alto-desempeno-y-responsabilidad-ambiental-durante-2023.html HTTP/1.1" 200 1039
156.59.198.136 - - [24/Dec/2023:00:32:38 -0500] "GET /BLA/resoluciones/Notificaciones/REGISTROS%202017/00057.pdf HTTP/1.0" 200 592419
66.249.66.20 - - [24/Dec/2023:00:32:48 -0500] "GET /resoluciones/RESOLUCIONES%202008/1916.pdf HTTP/1.1" 404 1018
156.59.198.135 - - [24/Dec/2023:00:33:02 -0500] "GET /BLA/resoluciones/RESOLUCIONES%202010/3511.pdf HTTP/1.0" 200 360787
156.59.198.136 - - [24/Dec/2023:00:33:25 -0500] "GET /BLA/resoluciones/RESOLUCIONES%202010/4020.pdf HTTP/1.0" 200 50828
156.59.198.136 - - [24/Dec/2023:00:33:50 -0500] "GET /BLA/resoluciones/Notificaciones/RESOLUCIONES%202021/1491.pdf HTTP/1.0" 200 354126
156.59.198.135 - - [24/Dec/2023:00:34:14 -0500] "GET /BLA/resoluciones/AUTOS%202014/3866.pdf HTTP/1.0" 200 682175
156.59.198.135 - - [24/Dec/2023:00:34:38 -0500] "GET /BLA/resoluciones/RESOLUCIONES%202007/RES%202007%203801%20AL%203900/RESOLUCION%203834%20DE%202007.pdf HTTP/1.0" 200 403930
156.59.198.136 - - [24/Dec/2023:00:35:02 -0500] "GET /BLA/resoluciones/RESOLUCIONES%202010/7210.pdf HTTP/1.0" 200 1119875
216.245.221.92 - - [24/Dec/2023:00:35:23 -0500] "HEAD / HTTP/1.1" 200 -
156.59.198.136 - - [24/Dec/2023:00:35:26 -0500] "GET /BLA/resoluciones/Notificaciones/RESOLUCIONES%202021/2563.pdf HTTP/1.0" 200 347206
156.59.198.135 - - [24/Dec/2023:00:35:50 -0500] "GET /BLA/resoluciones/RESOLUCIONES%202010/7457.pdf HTTP/1.0" 200 357016
172.22.2.4 - - [24/Dec/2023:00:34:20 -0500] "HEAD /BLA/boletinlegal/ HTTP/1.1" 200 -
156.59.198.135 - - [24/Dec/2023:00:36:14 -0500] "GET /BLA/resoluciones/AUTOS%202014/1786.pdf HTTP/1.0" 200 513622
201.245.192.253 - - [24/Dec/2023:00:36:18 -0500] "POST /kwsrmcab/Wsrmcab HTTP/1.1" 200 35584
201.245.192.253 - - [24/Dec/2023:00:36:21 -0500] "POST /kwsrmcab/Wsrmcab HTTP/1.1" 200 36641
156.59.198.135 - - [24/Dec/2023:00:36:39 -0500] "GET /BLA/resoluciones/RESOLUCIONES%202010/7285.pdf HTTP/1.0" 200 1332253
172.22.2.4 - - [24/Dec/2023:00:35:11 -0500] "GET /BLA/boletinlegal/ HTTP/1.1" 200 58567
156.59.198.136 - - [24/Dec/2023:00:37:04 -0500] "GET /BLA/resoluciones/RESOLUCIONES%202010/4717.pdf HTTP/1.0" 200 609081
201.245.192.253 - - [24/Dec/2023:00:37:25 -0500] "POST /kwsrmcab/Wsrmcab  HTTP/1.1" 200 40220
156.59.198.135 - - [24/Dec/2023:00:37:29 -0500] "GET /BLA/resoluciones/Notificaciones/AUTOS%202021/0939.pdf HTTP/1.0" 200 521774
156.59.198.135 - - [24/Dec/2023:00:37:53 -0500] "GET /BLA/resoluciones/AUTOS%202014/1466.pdf HTTP/1.0" 200 708562
181.59.2.198 - - [24/Dec/2023:00:38:13 -0500] "GET /mis-de-50-aves-silvestres-fueron-recuperadas-en-la-localidad-de-tunjuelito.html HTTP/1.1" 200 806
156.59.198.135 - - [24/Dec/2023:00:38:17 -0500] "GET /BLA/resoluciones/RESOLUCIONES%202010/3135.pdf HTTP/1.0" 200 724173
156.59.198.136 - - [24/Dec/2023:00:38:42 -0500] "GET /BLA/resoluciones/RESOLUCIONES%202022/4958.pdf HTTP/1.0" 200 396250
156.59.198.135 - - [24/Dec/2023:00:39:06 -0500] "GET /BLA/resoluciones/RESOLUCIONES%202010/5150.pdf HTTP/1.0" 200 1277730
123.126.68.197 - - [24/Dec/2023:00:39:25 -0500] "GET / HTTP/1.1" 200 319
156.59.198.135 - - [24/Dec/2023:00:39:31 -0500] "GET /BLA/resoluciones/RESOLUCIONES%202022/4347.pdf HTTP/1.0" 200 553034
66.249.66.14 - - [24/Dec/2023:00:39:33 -0500] "GET /BLA/resoluciones/AUTOS%202008/1657.pdf HTTP/1.1" 200 320589
156.59.198.136 - - [24/Dec/2023:00:39:56 -0500] "GET /BLA/resoluciones/Notificaciones/AUTOS%202016/02358.doc HTTP/1.0" 200 364919
201.245.192.253 - - [24/Dec/2023:00:40:17 -0500] "POST /kwsrmcab/Wsrmcab HTTP/1.1" 200 35584
156.59.198.136 - - [24/Dec/2023:00:40:20 -0500] "GET /BLA/resoluciones/RESOLUCIONES%202010/3829.pdf HTTP/1.0" 200 121586
216.245.221.92 - - [24/Dec/2023:00:40:23 -0500] "HEAD / HTTP/1.1" 200 -
201.245.192.253 - - [24/Dec/2023:00:40:22 -0500] "POST /kwsrmcab/Wsrmcab HTTP/1.1" 200 36641
186.80.52.56 - - [24/Dec/2023:00:40:39 -0500] "GET /distrito-exalto-a-246-empresas-de-bogota-por-su-alto-desempeno-y-responsabilidad-ambiental-durante-2023.html HTTP/1.1" 200 1039
156.59.198.136 - - [24/Dec/2023:00:40:44 -0500] "GET /BLA/resoluciones/RESOLUCIONES%202014/3103.pdf HTTP/1.0" 200 648921
156.59.198.135 - - [24/Dec/2023:00:41:10 -0500] "GET /BLA/resoluciones/RESOLUCIONES%202010/2091.pdf HTTP/1.0" 200 210169
156.59.198.136 - - [24/Dec/2023:00:41:34 -0500] "GET /BLA/resoluciones/RESOLUCIONES%202022/4763.pdf HTTP/1.0" 200 501732
66.249.66.194 - - [24/Dec/2023:00:41:35 -0500] "GET /privados-y-distrito-inauguraron-vivero-en-la-reserva-van-der-hammen-con-capacidad-para-producir-50-mil-arboles-al-ano.html HTTP/1.1" 304 -
66.249.66.14 - - [24/Dec/2023:00:41:45 -0500] "GET /BLA/resoluciones/RESOLUCIONES%202009/8105.pdf HTTP/1.1" 200 487103
172.22.2.4 - - [24/Dec/2023:00:40:10 -0500] "HEAD /BLA/boletinlegal/ HTTP/1.1" 200 -
156.59.198.136 - - [24/Dec/2023:00:41:57 -0500] "GET /BLA/resoluciones/RESOLUCIONES%202009/1247.pdf HTTP/1.0" 200 607698
156.59.198.135 - - [24/Dec/2023:00:42:21 -0500] "GET /BLA/resoluciones/RESOLUCIONES%202007/RES%202007%201501%20AL%201600/RESOLUCION%201571%20DE%202007.pdf HTTP/1.0" 200 419005
201.245.192.253 - - [24/Dec/2023:00:42:23 -0500] "POST /kwsrmcab/Wsrmcab  HTTP/1.1" 200 40220
172.22.2.4 - - [24/Dec/2023:00:41:01 -0500] "GET /BLA/boletinlegal/ HTTP/1.1" 200 58567
156.59.198.136 - - [24/Dec/2023:00:42:46 -0500] "GET /BLA/resoluciones/RESOLUCIONES%202022/4121.pdf HTTP/1.0" 200 466616
156.59.198.136 - - [24/Dec/2023:00:43:10 -0500] "GET /BLA/resoluciones/Notificaciones/REGISTROS%202020/01636.pdf HTTP/1.0" 200 274733
156.59.198.135 - - [24/Dec/2023:00:43:34 -0500] "GET /BLA/resoluciones/RESOLUCIONES%202007/RES%202007%201401%20AL%201500/RESOLUCION%201408%20DE%202007.pdf HTTP/1.0" 200 205116
156.59.198.135 - - [24/Dec/2023:00:43:58 -0500] "GET /BLA/resoluciones/Notificaciones/AUTOS%202021/2962.pdf HTTP/1.0" 200 366135
156.59.198.136 - - [24/Dec/2023:00:44:23 -0500] "GET /BLA/resoluciones/Notificaciones/RESOLUCIONES%202021/0036.pdf HTTP/1.0" 200 356755
156.59.198.136 - - [24/Dec/2023:00:44:47 -0500] "GET /BLA/resoluciones/RESOLUCIONES%202010/4910.pdf HTTP/1.0" 200 754833
156.59.198.136 - - [24/Dec/2023:00:45:12 -0500] "GET /BLA/resoluciones/RESOLUCIONES%202022/5113.pdf HTTP/1.0" 200 530036
216.245.221.92 - - [24/Dec/2023:00:45:23 -0500] "HEAD / HTTP/1.1" 200 -
156.59.198.136 - - [24/Dec/2023:00:45:36 -0500] "GET /BLA/resoluciones/Notificaciones/AUTOS%202018/03079.pdf HTTP/1.0" 200 360148
156.59.198.135 - - [24/Dec/2023:00:46:00 -0500] "GET /BLA/resoluciones/RESOLUCIONES%202010/4050.pdf HTTP/1.0" 200 734459
156.59.198.135 - - [24/Dec/2023:00:46:24 -0500] "GET /BLA/resoluciones/RESOLUCIONES%202014/2711.pdf HTTP/1.0" 200 798442
156.59.198.135 - - [24/Dec/2023:00:46:50 -0500] "GET /BLA/resoluciones/Notificaciones/AUTOS%202016/02755.doc HTTP/1.0" 200 1342221
156.59.198.135 - - [24/Dec/2023:00:47:14 -0500] "GET /BLA/resoluciones/Notificaciones/AUTOS%202022/2944.pdf HTTP/1.0" 200 357749
201.245.192.253 - - [24/Dec/2023:00:47:22 -0500] "POST /kwsrmcab/Wsrmcab  HTTP/1.1" 200 40220
156.59.198.135 - - [24/Dec/2023:00:47:38 -0500] "GET /BLA/resoluciones/RESOLUCIONES%202010/2032.pdf HTTP/1.0" 200 334601
172.22.2.4 - - [24/Dec/2023:00:46:00 -0500] "HEAD /BLA/boletinlegal/ HTTP/1.1" 200 -
52.167.144.187 - - [24/Dec/2023:00:47:42 -0500] "GET /BLA/resoluciones/RESOLUCIONES%202021/2978.pdf HTTP/1.1" 200 374810
156.59.198.135 - - [24/Dec/2023:00:48:03 -0500] "GET /BLA/resoluciones/Notificaciones/AUTOS%202013/3420.doc HTTP/1.0" 200 233472
156.59.198.136 - - [24/Dec/2023:00:48:26 -0500] "GET /BLA/resoluciones/AUTOS%202014/5003.pdf HTTP/1.0" 200 566995
172.22.2.4 - - [24/Dec/2023:00:46:51 -0500] "GET /BLA/boletinlegal/ HTTP/1.1" 200 60502
156.59.198.135 - - [24/Dec/2023:00:48:50 -0500] "GET /BLA/resoluciones/RESOLUCIONES%202010/2493.pdf HTTP/1.0" 200 400574
66.249.66.12 - - [24/Dec/2023:00:48:55 -0500] "GET /BLA/resoluciones/AUTOS%202009/0021.pdf HTTP/1.1" 200 186346
156.59.198.135 - - [24/Dec/2023:00:49:14 -0500] "GET /BLA/resoluciones/Notificaciones/RESOLUCIONES%202021/0933.pdf HTTP/1.0" 200 456245
156.59.198.136 - - [24/Dec/2023:00:49:39 -0500] "GET /BLA/resoluciones/RESOLUCIONES%202014/3672.pdf HTTP/1.0" 200 1131186
156.59.198.136 - - [24/Dec/2023:00:50:04 -0500] "GET /BLA/resoluciones/Notificaciones/AUTOS%202019/4967.pdf HTTP/1.0" 200 318811
216.245.221.92 - - [24/Dec/2023:00:50:23 -0500] "HEAD / HTTP/1.1" 200 -
156.59.198.136 - - [24/Dec/2023:00:50:28 -0500] "GET /BLA/resoluciones/Notificaciones/AUTOS%202021/0168.pdf HTTP/1.0" 200 351373
156.59.198.136 - - [24/Dec/2023:00:50:52 -0500] "GET /BLA/resoluciones/RESOLUCIONES%202010/3609.pdf HTTP/1.0" 200 499043
156.59.198.136 - - [24/Dec/2023:00:51:16 -0500] "GET /BLA/resoluciones/Notificaciones/RESOLUCIONES%202022/1752.pdf HTTP/1.0" 200 431051
156.59.198.136 - - [24/Dec/2023:00:51:40 -0500] "GET /BLA/resoluciones/Notificaciones/AUTOS%202021/0846.pdf HTTP/1.0" 200 1311488
198.235.24.134 - - [24/Dec/2023:00:51:44 -0500] "\x16\x03\x01" 400 226
198.235.24.134 - - [24/Dec/2023:00:51:44 -0500] "\x16\x03\x01" 400 226
156.59.198.136 - - [24/Dec/2023:00:52:05 -0500] "GET /BLA/resoluciones/Notificaciones/AUTOS%202022/3796.pdf HTTP/1.0" 200 403461
201.245.192.253 - - [24/Dec/2023:00:52:20 -0500] "POST /kwsrmcab/Wsrmcab  HTTP/1.1" 200 40220
216.244.66.195 - - [24/Dec/2023:00:52:28 -0500] "GET /BLA/resoluciones/AUTOS%202019/0849.pdf HTTP/1.1" 200 330997
156.59.198.136 - - [24/Dec/2023:00:52:30 -0500] "GET /BLA/resoluciones/RESOLUCIONES%202007/RES%202007%201501%20AL%201600/RESOLUCION%201505%20DE%202007.pdf HTTP/1.0" 200 150361
156.59.198.135 - - [24/Dec/2023:00:52:54 -0500] "GET /BLA/resoluciones/Notificaciones/REGISTROS%202020/01786.pdf HTTP/1.0" 200 375798
216.244.66.195 - - [24/Dec/2023:00:53:14 -0500] "GET /BLA/resoluciones/AUTOS%202019/2442.pdf HTTP/1.1" 200 831811
156.59.198.135 - - [24/Dec/2023:00:53:18 -0500] "GET /BLA/resoluciones/RESOLUCIONES%202007/RES%202007%201801%20AL%201900/RESOLUCION%201826%20DE%202007.pdf HTTP/1.0" 200 162690
172.22.2.4 - - [24/Dec/2023:00:51:50 -0500] "HEAD /BLA/boletinlegal/ HTTP/1.1" 200 -
156.59.198.135 - - [24/Dec/2023:00:53:44 -0500] "GET /BLA/resoluciones/Notificaciones/RESOLUCIONES%202021/0934.pdf HTTP/1.0" 200 530642
156.59.198.136 - - [24/Dec/2023:00:54:09 -0500] "GET /BLA/resoluciones/RESOLUCIONES%202009/1928.pdf HTTP/1.0" 200 619292
216.244.66.195 - - [24/Dec/2023:00:54:11 -0500] "GET /BLA/resoluciones/AUTOS%202019/2881.pdf HTTP/1.1" 200 277974
172.22.2.4 - - [24/Dec/2023:00:52:41 -0500] "GET /BLA/boletinlegal/ HTTP/1.1" 200 60502
156.59.198.135 - - [24/Dec/2023:00:54:33 -0500] "GET /BLA/resoluciones/RESOLUCIONES%202010/7253.pdf HTTP/1.0" 200 1312533
156.59.198.135 - - [24/Dec/2023:00:54:57 -0500] "GET /BLA/resoluciones/AUTOS%202014/5444.pdf HTTP/1.0" 200 587071
156.59.198.135 - - [24/Dec/2023:00:55:21 -0500] "GET /BLA/resoluciones/RESOLUCIONES%202009/1445.pdf HTTP/1.0" 200 376080
216.245.221.92 - - [24/Dec/2023:00:55:23 -0500] "HEAD / HTTP/1.1" 200 -
156.59.198.135 - - [24/Dec/2023:00:55:46 -0500] "GET /BLA/resoluciones/RESOLUCIONES%202010/7106.pdf HTTP/1.0" 200 637315
156.59.198.135 - - [24/Dec/2023:00:56:10 -0500] "GET /BLA/resoluciones/RESOLUCIONES%202022/0150.pdf HTTP/1.0" 200 367673
156.59.198.135 - - [24/Dec/2023:00:56:34 -0500] "GET /BLA/resoluciones/RESOLUCIONES%202010/4962.pdf HTTP/1.0" 200 240331
156.59.198.135 - - [24/Dec/2023:00:56:59 -0500] "GET /BLA/resoluciones/RESOLUCIONES%202010/4366.pdf HTTP/1.0" 200 499597
201.245.192.253 - - [24/Dec/2023:00:57:20 -0500] "POST /kwsrmcab/Wsrmcab  HTTP/1.1" 200 40220
156.59.198.135 - - [24/Dec/2023:00:57:22 -0500] "GET /BLA/resoluciones/RESOLUCIONES%202014/3893.pdf HTTP/1.0" 200 705931
156.59.198.136 - - [24/Dec/2023:00:57:47 -0500] "GET /BLA/resoluciones/RESOLUCIONES%202010/4203.pdf HTTP/1.0" 200 1137007
156.59.198.135 - - [24/Dec/2023:00:58:12 -0500] "GET /BLA/resoluciones/Notificaciones/AUTOS%202021/1441.pdf HTTP/1.0" 200 330570
156.59.198.136 - - [24/Dec/2023:00:58:35 -0500] "GET /BLA/resoluciones/RESOLUCIONES%202010/2541.pdf HTTP/1.0" 200 495922
156.59.198.135 - - [24/Dec/2023:00:59:00 -0500] "GET /BLA/resoluciones/RESOLUCIONES%202010/3464.pdf HTTP/1.0" 200 451875
172.22.2.4 - - [24/Dec/2023:00:57:40 -0500] "HEAD /BLA/boletinlegal/ HTTP/1.1" 200 -
156.59.198.135 - - [24/Dec/2023:00:59:24 -0500] "GET /BLA/resoluciones/RESOLUCIONES%202009/1558.pdf HTTP/1.0" 200 543381
156.59.198.135 - - [24/Dec/2023:00:59:48 -0500] "GET /BLA/resoluciones/AUTOS%202014/2807.pdf HTTP/1.0" 200 1293139
172.22.2.4 - - [24/Dec/2023:00:58:31 -0500] "GET /BLA/boletinlegal/ HTTP/1.1" 200 58567
156.59.198.135 - - [24/Dec/2023:01:00:16 -0500] "GET /BLA/resoluciones/RESOLUCIONES%202010/2188.pdf HTTP/1.0" 200 493579
216.245.221.92 - - [24/Dec/2023:01:00:23 -0500] "HEAD / HTTP/1.1" 200 -
156.59.198.136 - - [24/Dec/2023:01:00:38 -0500] "GET /BLA/resoluciones/RESOLUCIONES%202022/4047.pdf HTTP/1.0" 200 501161
156.59.198.135 - - [24/Dec/2023:01:01:02 -0500] "GET /BLA/resoluciones/AUTOS%202018/4916.pdf HTTP/1.0" 200 312484
156.59.198.136 - - [24/Dec/2023:01:01:26 -0500] "GET /BLA/resoluciones/Notificaciones/AUTOS%202022/2126.pdf HTTP/1.0" 200 399265
156.59.198.136 - - [24/Dec/2023:01:01:51 -0500] "GET /BLA/resoluciones/AUTOS%202014/2241.pdf HTTP/1.0" 200 661806
156.59.198.135 - - [24/Dec/2023:01:02:17 -0500] "GET /BLA/resoluciones/RESOLUCIONES%202022/2828.pdf HTTP/1.0" 200 346720
69.63.184.117 - - [24/Dec/2023:01:02:20 -0500] "GET /images/Aves%20SDA.jpeg HTTP/1.1" 200 75104
201.245.192.253 - - [24/Dec/2023:01:02:17 -0500] "POST /kwsrmcab/Wsrmcab  HTTP/1.1" 200 40220
156.59.198.136 - - [24/Dec/2023:01:02:41 -0500] "GET /BLA/resoluciones/Notificaciones/AUTOS%202021/3284.pdf HTTP/1.0" 200 304963
156.59.198.135 - - [24/Dec/2023:01:03:04 -0500] "GET /BLA/resoluciones/Notificaciones/AUTOS%202021/3141.pdf HTTP/1.0" 200 319162
156.59.198.136 - - [24/Dec/2023:01:03:29 -0500] "GET /BLA/resoluciones/RESOLUCIONES%202010/7320.pdf HTTP/1.0" 200 424503
156.59.198.136 - - [24/Dec/2023:01:03:53 -0500] "GET /BLA/resoluciones/RESOLUCIONES%202010/2328.pdf HTTP/1.0" 200 536089
156.59.198.135 - - [24/Dec/2023:01:04:18 -0500] "GET /BLA/resoluciones/RESOLUCIONES%202007/RES%202007%201801%20AL%201900/RESOLUCION%201802%20DE%202007.pdf HTTP/1.0" 200 441369
156.59.198.136 - - [24/Dec/2023:01:04:43 -0500] "GET /BLA/resoluciones/RESOLUCIONES%202014/3347.pdf HTTP/1.0" 200 472651
156.59.198.136 - - [24/Dec/2023:01:05:07 -0500] "GET /BLA/resoluciones/Notificaciones/AUTOS%202019/4438.pdf HTTP/1.0" 200 273210
172.22.2.4 - - [24/Dec/2023:01:03:30 -0500] "HEAD /BLA/boletinlegal/ HTTP/1.1" 200 -
216.245.221.92 - - [24/Dec/2023:01:05:23 -0500] "HEAD / HTTP/1.1" 200 -
186.102.32.99 - - [24/Dec/2023:01:05:29 -0500] "GET /distrito-exalto-a-246-empresas-de-bogota-por-su-alto-desempeno-y-responsabilidad-ambiental-durante-2023.html HTTP/1.1" 200 1039
156.59.198.136 - - [24/Dec/2023:01:05:31 -0500] "GET /BLA/resoluciones/RESOLUCIONES%202022/0233.pdf HTTP/1.0" 200 332221
156.59.198.136 - - [24/Dec/2023:01:05:56 -0500] "GET /BLA/resoluciones/RESOLUCIONES%202007/RES%202007%201401%20AL%201500/RESOLUCION%201499%20DE%202007.pdf HTTP/1.0" 200 233591
172.22.2.4 - - [24/Dec/2023:01:04:21 -0500] "GET /BLA/boletinlegal/ HTTP/1.1" 200 60910
156.59.198.136 - - [24/Dec/2023:01:06:20 -0500] "GET /BLA/resoluciones/RESOLUCIONES%202010/4625.pdf HTTP/1.0" 200 371928
156.59.198.136 - - [24/Dec/2023:01:06:44 -0500] "GET /BLA/resoluciones/RESOLUCIONES%202009/1231.pdf HTTP/1.0" 200 408998
156.59.198.136 - - [24/Dec/2023:01:07:09 -0500] "GET /BLA/resoluciones/RESOLUCIONES%202009/2026.pdf HTTP/1.0" 200 926613
201.245.192.253 - - [24/Dec/2023:01:07:17 -0500] "POST /kwsrmcab/Wsrmcab  HTTP/1.1" 200 40220
156.59.198.136 - - [24/Dec/2023:01:07:34 -0500] "GET /BLA/resoluciones/RESOLUCIONES%202010/2245.pdf HTTP/1.0" 200 407343
156.59.198.136 - - [24/Dec/2023:01:07:56 -0500] "GET /BLA/resoluciones/RESOLUCIONES%202022/0518.pdf HTTP/1.0" 200 360395
156.59.198.136 - - [24/Dec/2023:01:08:21 -0500] "GET /BLA/resoluciones/RESOLUCIONES%202022/0346.pdf HTTP/1.0" 200 1733850
156.59.198.136 - - [24/Dec/2023:01:08:45 -0500] "GET /BLA/resoluciones/RESOLUCIONES%202007/RES%202007%203401%20AL%203500/RESOLUCION%203447%20DE%202007.pdf HTTP/1.0" 200 873298
156.59.198.135 - - [24/Dec/2023:01:09:09 -0500] "GET /BLA/resoluciones/Notificaciones/RESOLUCIONES%202021/3963.pdf HTTP/1.0" 200 392585
156.59.198.135 - - [24/Dec/2023:01:09:34 -0500] "GET /BLA/resoluciones/RESOLUCIONES%202010/7489.pdf HTTP/1.0" 200 36984
156.59.198.135 - - [24/Dec/2023:01:09:59 -0500] "GET /BLA/resoluciones/Notificaciones/AUTOS%202019/3076.pdf HTTP/1.0" 200 255033
186.84.20.191 - - [24/Dec/2023:01:10:15 -0500] "GET /mis-de-50-aves-silvestres-fueron-recuperadas-en-la-localidad-de-tunjuelito.html HTTP/1.1" 200 806
216.245.221.92 - - [24/Dec/2023:01:10:23 -0500] "HEAD / HTTP/1.1" 200 -
156.59.198.136 - - [24/Dec/2023:01:10:23 -0500] "GET /BLA/resoluciones/RESOLUCIONES%202009/1571.pdf HTTP/1.0" 200 51168
156.59.198.136 - - [24/Dec/2023:01:10:47 -0500] "GET /BLA/resoluciones/RESOLUCIONES%202022/0143.pdf HTTP/1.0" 200 395813
172.22.2.4 - - [24/Dec/2023:01:09:20 -0500] "HEAD /BLA/boletinlegal/ HTTP/1.1" 200 -
69.63.184.116 - - [24/Dec/2023:01:11:11 -0500] "GET /alcaldia-de-bogota-y-fundacion-exito-entregaron-en-ciudad-bolivar-la-primera-terraza-verde-de-la-capital.html HTTP/1.1" 200 852
156.59.198.135 - - [24/Dec/2023:01:11:11 -0500] "GET /BLA/resoluciones/AUTOS%202018/4854.pdf HTTP/1.0" 200 267868
69.63.184.6 - - [24/Dec/2023:01:11:12 -0500] "GET /alcaldia-de-bogota-y-fundacion-exito-entregaron-en-ciudad-bolivar-la-primera-terraza-verde-de-la-capital.html HTTP/1.1" 200 852
172.22.2.4 - - [24/Dec/2023:01:11:16 -0500] "GET /BLA/boletinlegal/Circulares/2023/CIRCULAR%20No.%2000013%20DEL%2012%20DE%20DICIEMBRE%20DEL%202023.pdf HTTP/1.1" 200 1237263
156.59.198.135 - - [24/Dec/2023:01:11:36 -0500] "GET /BLA/resoluciones/RESOLUCIONES%202010/2770.pdf HTTP/1.0" 200 494790
172.22.2.4 - - [24/Dec/2023:01:10:11 -0500] "GET /BLA/boletinlegal/ HTTP/1.1" 200 58969
156.59.198.135 - - [24/Dec/2023:01:12:00 -0500] "GET /BLA/resoluciones/RESOLUCIONES%202007/RES%202007%201501%20AL%201600/RESOLUCION%201592%20DE%202007.pdf HTTP/1.0" 200 490848
201.245.192.253 - - [24/Dec/2023:01:12:16 -0500] "POST /kwsrmcab/Wsrmcab  HTTP/1.1" 200 40220
156.59.198.136 - - [24/Dec/2023:01:12:24 -0500] "GET /BLA/resoluciones/RESOLUCIONES%202009/1559.pdf HTTP/1.0" 200 412132
156.59.198.136 - - [24/Dec/2023:01:12:48 -0500] "GET /BLA/resoluciones/RESOLUCIONES%202007/RES%202007%20401%20AL%20500/RESOLUCION%200473%20DE%202007.pdf HTTP/1.0" 200 287154
66.249.66.14 - - [24/Dec/2023:01:12:51 -0500] "GET /BLA/resoluciones/AUTOS%202014/5570.pdf HTTP/1.1" 200 5119417
156.59.198.135 - - [24/Dec/2023:01:13:12 -0500] "GET /BLA/resoluciones/RESOLUCIONES%202010/4572.pdf HTTP/1.0" 200 1065402
156.59.198.135 - - [24/Dec/2023:01:13:37 -0500] "GET /BLA/resoluciones/Notificaciones/AUTOS%202019/398.pdf HTTP/1.0" 200 415779
156.59.198.136 - - [24/Dec/2023:01:14:01 -0500] "GET /BLA/resoluciones/RESOLUCIONES%202022/4108.pdf HTTP/1.0" 200 493533
156.59.198.135 - - [24/Dec/2023:01:14:25 -0500] "GET /BLA/resoluciones/Notificaciones/AUTOS%202019/2554.pdf HTTP/1.0" 200 257685
156.59.198.135 - - [24/Dec/2023:01:14:50 -0500] "GET /BLA/resoluciones/RESOLUCIONES%202022/4102.pdf HTTP/1.0" 200 494274
216.244.66.195 - - [24/Dec/2023:01:15:14 -0500] "GET /robots.txt HTTP/1.1" 404 1018
156.59.198.135 - - [24/Dec/2023:01:15:15 -0500] "GET /BLA/resoluciones/Notificaciones/AUTOS%202022/1325.pdf HTTP/1.0" 200 389271
216.245.221.92 - - [24/Dec/2023:01:15:23 -0500] "HEAD / HTTP/1.1" 200 -
156.59.198.135 - - [24/Dec/2023:01:15:38 -0500] "GET /BLA/resoluciones/RESOLUCIONES%202010/2963.pdf HTTP/1.0" 200 1221459
156.59.198.135 - - [24/Dec/2023:01:16:03 -0500] "GET /BLA/resoluciones/Notificaciones/AUTOS%202018/01884.pdf HTTP/1.0" 200 290387
201.245.192.253 - - [24/Dec/2023:01:16:18 -0500] "POST /kwsrmcab/Wsrmcab HTTP/1.1" 200 35587
201.245.192.253 - - [24/Dec/2023:01:16:21 -0500] "POST /kwsrmcab/Wsrmcab HTTP/1.1" 200 36641
156.59.198.136 - - [24/Dec/2023:01:16:27 -0500] "GET /BLA/resoluciones/AUTOS%202014/2643.pdf HTTP/1.0" 200 618842
66.249.66.193 - - [24/Dec/2023:01:16:34 -0500] "GET /habilitado-nuevo-camino-para-recorrer-los-cerros-guadalupe-aguanoso.html HTTP/1.1" 200 837
152.61.192.232 - - [24/Dec/2023:01:16:39 -0500] "GET / HTTP/1.1" 200 319
172.22.2.4 - - [24/Dec/2023:01:15:10 -0500] "HEAD /BLA/boletinlegal/ HTTP/1.1" 200 -
156.59.198.136 - - [24/Dec/2023:01:16:51 -0500] "GET /BLA/resoluciones/RESOLUCIONES%202022/0897.pdf HTTP/1.0" 200 345661
156.59.198.136 - - [24/Dec/2023:01:17:15 -0500] "GET /BLA/resoluciones/AUTOS%202014/4626.pdf HTTP/1.0" 200 520652
201.245.192.253 - - [24/Dec/2023:01:17:16 -0500] "POST /kwsrmcab/Wsrmcab  HTTP/1.1" 200 40220
172.22.2.4 - - [24/Dec/2023:01:16:01 -0500] "GET /BLA/boletinlegal/ HTTP/1.1" 200 58567
156.59.198.135 - - [24/Dec/2023:01:17:41 -0500] "GET /BLA/resoluciones/AUTOS%202018/5871.pdf HTTP/1.0" 200 633552
156.59.198.135 - - [24/Dec/2023:01:18:05 -0500] "GET /BLA/resoluciones/RESOLUCIONES%202022/5361.pdf HTTP/1.0" 200 358782
156.59.198.136 - - [24/Dec/2023:01:18:30 -0500] "GET /BLA/resoluciones/RESOLUCIONES%202010/3918.pdf HTTP/1.0" 200 413679
156.59.198.136 - - [24/Dec/2023:01:18:54 -0500] "GET /BLA/resoluciones/RESOLUCIONES%202014/3468.pdf HTTP/1.0" 200 594502
156.59.198.135 - - [24/Dec/2023:01:19:18 -0500] "GET /BLA/resoluciones/RESOLUCIONES%202010/4178.pdf HTTP/1.0" 200 412320
156.59.198.136 - - [24/Dec/2023:01:19:43 -0500] "GET /BLA/resoluciones/RESOLUCIONES%202010/4704.pdf HTTP/1.0" 200 754871
156.59.198.136 - - [24/Dec/2023:01:20:07 -0500] "GET /BLA/resoluciones/Notificaciones/AUTOS%202019/2166.pdf HTTP/1.0" 200 254814
191.156.46.138 - - [24/Dec/2023:01:20:10 -0500] "GET /distrito-exalto-a-246-empresas-de-bogota-por-su-alto-desempeno-y-responsabilidad-ambiental-durante-2023.html HTTP/1.1" 200 1039
201.245.192.253 - - [24/Dec/2023:01:20:17 -0500] "POST /kwsrmcab/Wsrmcab HTTP/1.1" 200 35587
216.245.221.92 - - [24/Dec/2023:01:20:23 -0500] "HEAD / HTTP/1.1" 200 -
201.245.192.253 - - [24/Dec/2023:01:20:22 -0500] "POST /kwsrmcab/Wsrmcab HTTP/1.1" 200 36641
156.59.198.136 - - [24/Dec/2023:01:20:31 -0500] "GET /BLA/resoluciones/RESOLUCIONES%202022/1052.pdf HTTP/1.0" 200 6530721
156.59.198.135 - - [24/Dec/2023:01:20:55 -0500] "GET /BLA/resoluciones/AUTOS%202014/5515.pdf HTTP/1.0" 200 564536
156.59.198.136 - - [24/Dec/2023:01:21:19 -0500] "GET /BLA/resoluciones/RESOLUCIONES%202007/RES%202007%201801%20AL%201900/RESOLUCION%201867%20DE%202007.pdf HTTP/1.0" 200 1083475
156.59.198.136 - - [24/Dec/2023:01:21:43 -0500] "GET /BLA/resoluciones/RESOLUCIONES%202009/1373.pdf HTTP/1.0" 200 583023
156.59.198.135 - - [24/Dec/2023:01:22:07 -0500] "GET /BLA/resoluciones/RESOLUCIONES%202010/3529.pdf HTTP/1.0" 200 439255
201.245.192.253 - - [24/Dec/2023:01:22:13 -0500] "POST /kwsrmcab/Wsrmcab  HTTP/1.1" 200 40220
156.59.198.135 - - [24/Dec/2023:01:22:33 -0500] "GET /BLA/resoluciones/Notificaciones/AUTOS%202019/1672.pdf HTTP/1.0" 200 804127
172.22.2.4 - - [24/Dec/2023:01:21:00 -0500] "HEAD /BLA/boletinlegal/ HTTP/1.1" 200 -
156.59.198.136 - - [24/Dec/2023:01:22:58 -0500] "GET /BLA/resoluciones/RESOLUCIONES%202022/2892.pdf HTTP/1.0" 200 2462280
156.59.198.135 - - [24/Dec/2023:01:23:23 -0500] "GET /BLA/resoluciones/RESOLUCIONES%202010/7272.pdf HTTP/1.0" 200 84877
172.22.2.4 - - [24/Dec/2023:01:21:51 -0500] "GET /BLA/boletinlegal/ HTTP/1.1" 200 58567
156.59.198.135 - - [24/Dec/2023:01:23:46 -0500] "GET /BLA/resoluciones/Notificaciones/AUTOS%202021/0541.pdf HTTP/1.0" 200 363153
172.22.2.4 - - [24/Dec/2023:01:23:56 -0500] "GET /BLA/boletinlegal/.env HTTP/1.1" 404 1018
156.59.198.135 - - [24/Dec/2023:01:24:11 -0500] "GET /BLA/resoluciones/RESOLUCIONES%202009/1202.pdf HTTP/1.0" 200 345900
172.22.2.4 - - [24/Dec/2023:01:23:57 -0500] "POST /BLA/boletinlegal/ HTTP/1.1" 200 24523
156.59.198.135 - - [24/Dec/2023:01:24:35 -0500] "GET /BLA/resoluciones/Notificaciones/AUTOS%202022/4965.pdf HTTP/1.0" 200 420862
119.96.24.54 - - [24/Dec/2023:01:24:36 -0500] "GET / HTTP/1.1" 200 319
156.59.198.135 - - [24/Dec/2023:01:24:59 -0500] "GET /BLA/resoluciones/AUTOS%202007/3825.pdf HTTP/1.0" 200 83813
216.245.221.92 - - [24/Dec/2023:01:25:23 -0500] "HEAD / HTTP/1.1" 200 -
156.59.198.136 - - [24/Dec/2023:01:25:24 -0500] "GET /BLA/resoluciones/AUTOS%202018/2820.pdf HTTP/1.0" 200 254602
173.252.83.6 - - [24/Dec/2023:01:25:28 -0500] "GET /mis-de-50-aves-silvestres-fueron-recuperadas-en-la-localidad-de-tunjuelito.html HTTP/1.1" 200 806
173.252.83.8 - - [24/Dec/2023:01:25:28 -0500] "GET /mis-de-50-aves-silvestres-fueron-recuperadas-en-la-localidad-de-tunjuelito.html HTTP/1.1" 200 806
173.252.83.118 - - [24/Dec/2023:01:25:28 -0500] "GET /mis-de-50-aves-silvestres-fueron-recuperadas-en-la-localidad-de-tunjuelito.html HTTP/1.1" 200 806
156.59.198.135 - - [24/Dec/2023:01:25:48 -0500] "GET /BLA/resoluciones/RESOLUCIONES%202014/2527.pdf HTTP/1.0" 200 533210
156.59.198.135 - - [24/Dec/2023:01:26:11 -0500] "GET /BLA/resoluciones/Notificaciones/RESOLUCIONES%202022/2288.pdf HTTP/1.0" 200 412495
201.245.192.253 - - [24/Dec/2023:01:26:18 -0500] "POST /kwsrmcab/Wsrmcab HTTP/1.1" 200 35587
201.245.192.253 - - [24/Dec/2023:01:26:21 -0500] "POST /kwsrmcab/Wsrmcab HTTP/1.1" 200 36641
156.59.198.136 - - [24/Dec/2023:01:26:35 -0500] "GET /BLA/resoluciones/RESOLUCIONES%202022/4120.pdf HTTP/1.0" 200 786060
66.249.66.77 - - [24/Dec/2023:01:26:35 -0500] "GET /portaldeninos/2021/05/30/agua-3/ HTTP/1.1" 200 92909
156.59.198.136 - - [24/Dec/2023:01:27:00 -0500] "GET /BLA/resoluciones/RESOLUCIONES%202007/RES%202007%202501%20AL%202600/RESOLUCION%202576%20DE%202007.pdf HTTP/1.0" 200 429587
201.245.192.253 - - [24/Dec/2023:01:27:13 -0500] "POST /kwsrmcab/Wsrmcab  HTTP/1.1" 200 40220
216.244.66.195 - - [24/Dec/2023:01:27:20 -0500] "GET /BLA/resoluciones/AUTOS%202019/3393.pdf HTTP/1.1" 200 269768
52.167.144.140 - - [24/Dec/2023:01:27:25 -0500] "GET /BLA/resoluciones/AUTOS%202023/5666.pdf HTTP/1.1" 200 397941
156.59.198.135 - - [24/Dec/2023:01:27:25 -0500] "GET /BLA/resoluciones/RESOLUCIONES%202022/0726.pdf HTTP/1.0" 200 383419
190.130.99.227 - - [24/Dec/2023:01:27:43 -0500] "GET /distrito-exalto-a-246-empresas-de-bogota-por-su-alto-desempeno-y-responsabilidad-ambiental-durante-2023.html HTTP/1.1" 200 1039
156.59.198.135 - - [24/Dec/2023:01:27:49 -0500] "GET /BLA/resoluciones/RESOLUCIONES%202010/7555.pdf HTTP/1.0" 200 468466
216.244.66.195 - - [24/Dec/2023:01:27:59 -0500] "GET /BLA/resoluciones/AUTOS%202019/3421.pdf HTTP/1.1" 200 268584
156.59.198.135 - - [24/Dec/2023:01:28:13 -0500] "GET /BLA/resoluciones/AUTOS%202014/2464.pdf HTTP/1.0" 200 525151
172.22.2.4 - - [24/Dec/2023:01:26:50 -0500] "HEAD /BLA/boletinlegal/ HTTP/1.1" 200 -
40.77.167.22 - - [24/Dec/2023:01:28:36 -0500] "GET /BLA/resoluciones/AUTOS%202023/3346.pdf HTTP/1.1" 200 800578
156.59.198.135 - - [24/Dec/2023:01:28:38 -0500] "GET /BLA/resoluciones/RESOLUCIONES%202010/3257.pdf HTTP/1.0" 200 753047
216.244.66.195 - - [24/Dec/2023:01:28:46 -0500] "GET /BLA/resoluciones/AUTOS%202019/3699.pdf HTTP/1.1" 200 276573
156.59.198.136 - - [24/Dec/2023:01:29:01 -0500] "GET /BLA/resoluciones/RESOLUCIONES%202010/3206.pdf HTTP/1.0" 200 545374
172.22.2.4 - - [24/Dec/2023:01:27:41 -0500] "GET /BLA/boletinlegal/ HTTP/1.1" 200 58567
156.59.198.136 - - [24/Dec/2023:01:29:25 -0500] "GET /BLA/resoluciones/RESOLUCIONES%202022/0451.pdf HTTP/1.0" 200 388945
216.244.66.195 - - [24/Dec/2023:01:29:33 -0500] "GET /BLA/resoluciones/AUTOS%202019/3709.pdf HTTP/1.1" 200 277149
156.59.198.135 - - [24/Dec/2023:01:29:49 -0500] "GET /BLA/resoluciones/RESOLUCIONES%202022/4892.pdf HTTP/1.0" 200 456187
216.244.66.195 - - [24/Dec/2023:01:30:14 -0500] "GET /BLA/resoluciones/AUTOS%202019/3950.pdf HTTP/1.1" 200 282029
156.59.198.135 - - [24/Dec/2023:01:30:14 -0500] "GET /BLA/resoluciones/Notificaciones/AUTOS%202022/0110.pdf HTTP/1.0" 200 378463
201.245.192.253 - - [24/Dec/2023:01:30:17 -0500] "POST /kwsrmcab/Wsrmcab HTTP/1.1" 200 35587
216.245.221.92 - - [24/Dec/2023:01:30:23 -0500] "HEAD / HTTP/1.1" 200 -
201.245.192.253 - - [24/Dec/2023:01:30:22 -0500] "POST /kwsrmcab/Wsrmcab HTTP/1.1" 200 36641
156.59.198.135 - - [24/Dec/2023:01:30:38 -0500] "GET /BLA/resoluciones/RESOLUCIONES%202007/RES%202007%201501%20AL%201600/RESOLUCION%201600%20DE%202007.pdf HTTP/1.0" 200 831602
216.244.66.195 - - [24/Dec/2023:01:31:02 -0500] "GET /BLA/resoluciones/AUTOS%202019/4157.pdf HTTP/1.1" 200 285787
156.59.198.136 - - [24/Dec/2023:01:31:03 -0500] "GET /BLA/resoluciones/RESOLUCIONES%202007/RES%202007%201501%20AL%201600/RESOLUCION%201502%20DE%202007.pdf HTTP/1.0" 200 195740
186.28.77.115 - - [24/Dec/2023:01:31:08 -0500] "GET /mis-de-50-aves-silvestres-fueron-recuperadas-en-la-localidad-de-tunjuelito.html HTTP/1.1" 200 806
