156.59.198.136 - - [24/Dec/2023:07:37:26 -0500] "GET /BLA/resoluciones/Notificaciones/AUTOS%202019/3118.pdf HTTP/1.0" 200 251529
201.245.192.253 - - [24/Dec/2023:07:37:32 -0500] "POST /kwsrmcab/Wsrmcab  HTTP/1.1" 200 40220
156.59.198.136 - - [24/Dec/2023:07:37:50 -0500] "GET /BLA/resoluciones/RESOLUCIONES%202022/4303.pdf HTTP/1.0" 200 522552
156.59.198.136 - - [24/Dec/2023:07:38:14 -0500] "GET /BLA/resoluciones/RESOLUCIONES%202008/1938.pdf HTTP/1.0" 200 210721
156.59.198.135 - - [24/Dec/2023:07:38:37 -0500] "GET /BLA/resoluciones/Notificaciones/AUTOS%202021/2568.pdf HTTP/1.0" 200 365198
186.0.127.199 - - [24/Dec/2023:07:38:38 -0500] "GET /mis-de-50-aves-silvestres-fueron-recuperadas-en-la-localidad-de-tunjuelito.html HTTP/1.1" 200 806
156.59.198.136 - - [24/Dec/2023:07:39:01 -0500] "GET /BLA/resoluciones/Notificaciones/AUTOS%202021/2941.pdf HTTP/1.0" 200 323289
156.59.198.136 - - [24/Dec/2023:07:39:26 -0500] "GET /BLA/resoluciones/RESOLUCIONES%202010/7505.pdf HTTP/1.0" 200 36546
156.59.198.136 - - [24/Dec/2023:07:39:50 -0500] "GET /BLA/resoluciones/AUTOS%202018/0499.pdf HTTP/1.0" 200 340147
156.59.198.136 - - [24/Dec/2023:07:40:15 -0500] "GET /BLA/resoluciones/Notificaciones/RESOLUCIONES%202022/2186.pdf HTTP/1.0" 200 411568
201.245.192.253 - - [24/Dec/2023:07:40:16 -0500] "POST /kwsrmcab/Wsrmcab HTTP/1.1" 200 35603
216.245.221.92 - - [24/Dec/2023:07:40:22 -0500] "HEAD / HTTP/1.1" 200 -
201.245.192.253 - - [24/Dec/2023:07:40:21 -0500] "POST /kwsrmcab/Wsrmcab HTTP/1.1" 200 36662
156.59.198.136 - - [24/Dec/2023:07:40:39 -0500] "GET /BLA/resoluciones/RESOLUCIONES%202008/1882.pdf HTTP/1.0" 200 204920
156.59.198.136 - - [24/Dec/2023:07:41:03 -0500] "GET /BLA/resoluciones/AUTOS%202017/1957.pdf HTTP/1.0" 200 298398
156.59.198.135 - - [24/Dec/2023:07:41:27 -0500] "GET /BLA/resoluciones/Notificaciones/RESOLUCIONES%202021/2290.pdf HTTP/1.0" 200 393621
156.59.198.136 - - [24/Dec/2023:07:41:52 -0500] "GET /BLA/resoluciones/RESOLUCIONES%202010/4834.pdf HTTP/1.0" 200 696803
172.22.2.4 - - [24/Dec/2023:07:40:15 -0500] "HEAD /BLA/boletinlegal/ HTTP/1.1" 200 -
156.59.198.136 - - [24/Dec/2023:07:42:17 -0500] "GET /BLA/resoluciones/RESOLUCIONES%202010/2121.pdf HTTP/1.0" 200 513053
201.245.192.253 - - [24/Dec/2023:07:42:30 -0500] "POST /kwsrmcab/Wsrmcab  HTTP/1.1" 200 40220
156.59.198.135 - - [24/Dec/2023:07:42:41 -0500] "GET /BLA/resoluciones/Notificaciones/RESOLUCIONES%202022/00277.pdf HTTP/1.0" 200 908542
172.22.2.4 - - [24/Dec/2023:07:41:06 -0500] "GET /BLA/boletinlegal/ HTTP/1.1" 200 58567
156.59.198.136 - - [24/Dec/2023:07:43:05 -0500] "GET /BLA/resoluciones/RESOLUCIONES%202010/4846.pdf HTTP/1.0" 200 753933
45.238.183.84 - - [24/Dec/2023:07:43:23 -0500] "GET /mis-de-50-aves-silvestres-fueron-recuperadas-en-la-localidad-de-tunjuelito.html HTTP/1.1" 200 806
156.59.198.135 - - [24/Dec/2023:07:43:29 -0500] "GET /BLA/resoluciones/RESOLUCIONES%202010/2468.pdf HTTP/1.0" 200 496446
156.59.198.136 - - [24/Dec/2023:07:43:54 -0500] "GET /BLA/resoluciones/RESOLUCIONES%202016/2456.pdf HTTP/1.0" 200 365546
162.55.175.158 - - [24/Dec/2023:07:44:13 -0500] "GET / HTTP/1.1" 200 319
162.55.175.158 - - [24/Dec/2023:07:44:13 -0500] "GET / HTTP/1.1" 200 4720
156.59.198.135 - - [24/Dec/2023:07:44:19 -0500] "GET /BLA/resoluciones/RESOLUCIONES%202022/0512.pdf HTTP/1.0" 200 349162
173.252.79.5 - - [24/Dec/2023:07:44:21 -0500] "GET /images/agua%20bogota.jpg HTTP/1.1" 200 74348
173.252.95.21 - - [24/Dec/2023:07:44:21 -0500] "GET /images/agua%20bogota.jpg HTTP/1.1" 200 74348
66.249.66.20 - - [24/Dec/2023:07:44:26 -0500] "GET /POT-2013/Cartografia/11_Areas_Actividad_Extractiva_2013_V1.pdf HTTP/1.1" 200 3984327
69.63.184.7 - - [24/Dec/2023:07:44:40 -0500] "GET /images/Aves%20SDA.jpeg HTTP/1.1" 200 75104
156.59.198.135 - - [24/Dec/2023:07:44:43 -0500] "GET /BLA/resoluciones/RESOLUCIONES%202010/4165.pdf HTTP/1.0" 200 765529
156.59.198.136 - - [24/Dec/2023:07:45:07 -0500] "GET /BLA/resoluciones/RESOLUCIONES%202022/2969.pdf HTTP/1.0" 200 636094
216.245.221.92 - - [24/Dec/2023:07:45:22 -0500] "HEAD / HTTP/1.1" 200 -
156.59.198.135 - - [24/Dec/2023:07:45:31 -0500] "GET /BLA/resoluciones/RESOLUCIONES%202009/1948.pdf HTTP/1.0" 200 587991
156.59.198.136 - - [24/Dec/2023:07:45:55 -0500] "GET /BLA/resoluciones/AUTOS%202014/1982.pdf HTTP/1.0" 200 2517062
69.63.184.118 - - [24/Dec/2023:07:46:03 -0500] "GET /images/Aves%20SDA.jpeg HTTP/1.1" 200 75104
156.59.198.136 - - [24/Dec/2023:07:46:20 -0500] "GET /BLA/resoluciones/Notificaciones/RESOLUCIONES%202022/2656.pdf HTTP/1.0" 200 1616721
156.59.198.136 - - [24/Dec/2023:07:46:45 -0500] "GET /BLA/resoluciones/RESOLUCIONES%202010/2298.pdf HTTP/1.0" 200 495173
69.63.184.9 - - [24/Dec/2023:07:46:46 -0500] "GET /images/Aves%20SDA.jpeg HTTP/1.1" 200 75104
156.59.198.135 - - [24/Dec/2023:07:47:09 -0500] "GET /BLA/resoluciones/RESOLUCIONES%202022/5089.pdf HTTP/1.0" 200 366552
201.245.192.253 - - [24/Dec/2023:07:47:28 -0500] "POST /kwsrmcab/Wsrmcab  HTTP/1.1" 200 40220
156.59.198.135 - - [24/Dec/2023:07:47:33 -0500] "GET /BLA/resoluciones/Notificaciones/AUTOS%202021/0903.pdf HTTP/1.0" 200 344553
172.22.2.4 - - [24/Dec/2023:07:46:06 -0500] "HEAD /BLA/boletinlegal/ HTTP/1.1" 200 -
156.59.198.136 - - [24/Dec/2023:07:47:56 -0500] "GET /BLA/resoluciones/RESOLUCIONES%202022/0235.pdf HTTP/1.0" 200 382430
216.244.66.195 - - [24/Dec/2023:07:48:06 -0500] "GET /BLA/resoluciones/AUTOS%202023/3372.pdf HTTP/1.1" 200 2106322
156.59.198.135 - - [24/Dec/2023:07:48:22 -0500] "GET /BLA/resoluciones/RESOLUCIONES%202008/3399.pdf HTTP/1.0" 200 50985
181.51.32.98 - - [24/Dec/2023:07:48:30 -0500] "GET /distrito-exalto-a-246-empresas-de-bogota-por-su-alto-desempeno-y-responsabilidad-ambiental-durante-2023.html HTTP/1.1" 200 1039
172.22.2.4 - - [24/Dec/2023:07:46:57 -0500] "GET /BLA/boletinlegal/ HTTP/1.1" 200 53513
216.244.66.195 - - [24/Dec/2023:07:48:38 -0500] "GET /BLA/resoluciones/AUTOS%202023/3392.pdf HTTP/1.1" 200 1216787
156.59.198.135 - - [24/Dec/2023:07:48:46 -0500] "GET /BLA/resoluciones/RESOLUCIONES%202010/2537.pdf HTTP/1.0" 200 498913
156.59.198.136 - - [24/Dec/2023:07:49:10 -0500] "GET /BLA/resoluciones/Notificaciones/AUTOS%202019/3511.pdf HTTP/1.0" 200 352648
156.59.198.136 - - [24/Dec/2023:07:49:35 -0500] "GET /BLA/resoluciones/AUTOS%202007/3847.pdf HTTP/1.0" 200 89750
156.59.198.136 - - [24/Dec/2023:07:49:59 -0500] "GET /BLA/resoluciones/RESOLUCIONES%202008/3365.pdf HTTP/1.0" 200 114913
216.245.221.92 - - [24/Dec/2023:07:50:22 -0500] "HEAD / HTTP/1.1" 200 -
31.148.131.236 - - [24/Dec/2023:07:50:22 -0500] "GET /BLA/resoluciones/Notificaciones/AUTOS%202023/2277.pdf HTTP/1.1" 200 3772325
156.59.198.136 - - [24/Dec/2023:07:50:23 -0500] "GET /BLA/resoluciones/RESOLUCIONES%202008/2247.pdf HTTP/1.0" 200 197181
69.63.184.10 - - [24/Dec/2023:07:50:36 -0500] "GET /images/terrazas%20verdes.jpg HTTP/1.1" 200 63951
156.59.198.136 - - [24/Dec/2023:07:50:47 -0500] "GET /BLA/resoluciones/RESOLUCIONES%202022/4891.pdf HTTP/1.0" 200 365867
156.59.198.136 - - [24/Dec/2023:07:51:12 -0500] "GET /BLA/resoluciones/Notificaciones/AUTOS%202013/2654.doc HTTP/1.0" 200 227328
156.59.198.136 - - [24/Dec/2023:07:51:36 -0500] "GET /BLA/resoluciones/RESOLUCIONES%202009/1392.pdf HTTP/1.0" 200 469909
156.59.198.135 - - [24/Dec/2023:07:52:00 -0500] "GET /BLA/resoluciones/RESOLUCIONES%202008/3260.pdf HTTP/1.0" 200 162459
168.119.251.242 - - [24/Dec/2023:07:52:23 -0500] "GET / HTTP/1.1" 200 319
156.59.198.135 - - [24/Dec/2023:07:52:25 -0500] "GET /BLA/resoluciones/Notificaciones/AUTOS%202021/1867.pdf HTTP/1.0" 200 373128
168.119.251.242 - - [24/Dec/2023:07:52:25 -0500] "GET / HTTP/1.1" 200 4720
201.245.192.253 - - [24/Dec/2023:07:52:28 -0500] "POST /kwsrmcab/Wsrmcab  HTTP/1.1" 200 40220
156.59.198.135 - - [24/Dec/2023:07:52:50 -0500] "GET /BLA/resoluciones/RESOLUCIONES%202022/0239.pdf HTTP/1.0" 200 343554
156.59.198.136 - - [24/Dec/2023:07:53:13 -0500] "GET /BLA/resoluciones/RESOLUCIONES%202010/5249.pdf HTTP/1.0" 200 802928
186.81.243.153 - - [24/Dec/2023:07:53:23 -0500] "GET /distrito-exalto-a-246-empresas-de-bogota-por-su-alto-desempeno-y-responsabilidad-ambiental-durante-2023.html HTTP/1.1" 200 1039
172.22.2.4 - - [24/Dec/2023:07:51:56 -0500] "HEAD /BLA/boletinlegal/ HTTP/1.1" 200 -
156.59.198.135 - - [24/Dec/2023:07:53:38 -0500] "GET /BLA/resoluciones/Notificaciones/AUTOS%202022/7318.pdf HTTP/1.0" 200 392399
172.22.2.4 - - [24/Dec/2023:07:53:51 -0500] "GET /BLA/boletinlegal/robots.txt HTTP/1.1" 404 1038
156.59.198.136 - - [24/Dec/2023:07:54:01 -0500] "GET /BLA/resoluciones/Notificaciones/AUTOS%202019/1787.pdf HTTP/1.0" 200 304895
156.59.198.136 - - [24/Dec/2023:07:54:25 -0500] "GET /BLA/resoluciones/AUTOS%202014/4053.pdf HTTP/1.0" 200 569912
186.86.32.205 - - [24/Dec/2023:07:54:26 -0500] "GET /mis-de-50-aves-silvestres-fueron-recuperadas-en-la-localidad-de-tunjuelito.html HTTP/1.1" 200 806
172.22.2.4 - - [24/Dec/2023:07:52:47 -0500] "GET /BLA/boletinlegal/ HTTP/1.1" 200 55725
156.59.198.136 - - [24/Dec/2023:07:54:50 -0500] "GET /BLA/resoluciones/RESOLUCIONES%202010/4047.pdf HTTP/1.0" 200 734143
156.59.198.136 - - [24/Dec/2023:07:55:14 -0500] "GET /BLA/resoluciones/RESOLUCIONES%202010/3678.pdf HTTP/1.0" 200 885774
216.245.221.92 - - [24/Dec/2023:07:55:22 -0500] "HEAD / HTTP/1.1" 200 -
172.22.2.4 - - [24/Dec/2023:07:53:53 -0500] "GET /BLA/boletinlegal/index.php HTTP/1.1" 200 60046
156.59.198.136 - - [24/Dec/2023:07:55:38 -0500] "GET /BLA/resoluciones/RESOLUCIONES%202010/7077.pdf HTTP/1.0" 200 68101
69.63.184.116 - - [24/Dec/2023:07:55:54 -0500] "GET /images/Aves%20SDA.jpeg HTTP/1.1" 200 75104
156.59.198.135 - - [24/Dec/2023:07:56:02 -0500] "GET /BLA/resoluciones/RESOLUCIONES%202009/2044.pdf HTTP/1.0" 200 563217
156.59.198.135 - - [24/Dec/2023:07:56:26 -0500] "GET /BLA/resoluciones/RESOLUCIONES%202008/2283.pdf HTTP/1.0" 200 100088
156.59.198.135 - - [24/Dec/2023:07:56:50 -0500] "GET /BLA/resoluciones/RESOLUCIONES%202009/1276.pdf HTTP/1.0" 200 515998
156.59.198.135 - - [24/Dec/2023:07:57:15 -0500] "GET /BLA/resoluciones/Notificaciones/AUTOS%202019/03947.pdf HTTP/1.0" 200 350273
190.143.40.168 - - [24/Dec/2023:07:57:17 -0500] "GET /distrito-exalto-a-246-empresas-de-bogota-por-su-alto-desempeno-y-responsabilidad-ambiental-durante-2023.html HTTP/1.1" 200 1039
201.245.192.253 - - [24/Dec/2023:07:57:27 -0500] "POST /kwsrmcab/Wsrmcab  HTTP/1.1" 200 40220
156.59.198.136 - - [24/Dec/2023:07:57:39 -0500] "GET /BLA/resoluciones/RESOLUCIONES%202008/2243.pdf HTTP/1.0" 200 198277
156.59.198.136 - - [24/Dec/2023:07:58:03 -0500] "GET /BLA/resoluciones/Notificaciones/RESOLUCIONES%202022/2209.pdf HTTP/1.0" 200 423517
156.59.198.135 - - [24/Dec/2023:07:58:27 -0500] "GET /BLA/resoluciones/AUTOS%202007/3772.pdf HTTP/1.0" 200 220447
156.59.198.136 - - [24/Dec/2023:07:58:52 -0500] "GET /BLA/resoluciones/RESOLUCIONES%202007/RES%202007%201401%20AL%201500/RESOLUCION%201488%20DE%202007.pdf HTTP/1.0" 200 338927
156.59.198.135 - - [24/Dec/2023:07:59:16 -0500] "GET /BLA/resoluciones/RESOLUCIONES%202010/2289.pdf HTTP/1.0" 200 544095
172.22.2.4 - - [24/Dec/2023:07:57:46 -0500] "HEAD /BLA/boletinlegal/ HTTP/1.1" 200 -
156.59.198.136 - - [24/Dec/2023:07:59:40 -0500] "GET /BLA/resoluciones/Notificaciones/AUTOS%202016/3047.pdf HTTP/1.0" 200 356737
156.59.198.136 - - [24/Dec/2023:08:00:05 -0500] "GET /BLA/resoluciones/RESOLUCIONES%202022/0312.pdf HTTP/1.0" 200 6486913
172.22.2.4 - - [24/Dec/2023:07:58:37 -0500] "GET /BLA/boletinlegal/ HTTP/1.1" 200 60910
216.245.221.92 - - [24/Dec/2023:08:00:22 -0500] "HEAD / HTTP/1.1" 200 -
156.59.198.135 - - [24/Dec/2023:08:00:29 -0500] "GET /BLA/resoluciones/RESOLUCIONES%202008/2253.pdf HTTP/1.0" 200 197069
162.216.149.41 - - [24/Dec/2023:08:00:40 -0500] "GET / HTTP/1.1" 200 319
47.128.120.127 - - [24/Dec/2023:08:00:55 -0500] "GET /BLA/resoluciones/dlf/unknown.png HTTP/1.1" 200 266
47.128.120.127 - - [24/Dec/2023:08:00:55 -0500] "GET /BLA/resoluciones/dlf/dirup.png HTTP/1.1" 200 644
47.128.120.127 - - [24/Dec/2023:08:00:54 -0500] "GET /BLA/resoluciones/index.php?dir=AUTOS%202006%2FAUTOS%202006%201101-1200%2F&order=desc&sort=size HTTP/1.1" 200 21975
47.128.52.237 - - [24/Dec/2023:08:01:19 -0500] "GET /BLA/resoluciones/index.php?dir=Notificaciones%2FAUTOS%201988%2F&order=desc&sort=date HTTP/1.1" 200 2204
47.128.52.237 - - [24/Dec/2023:08:01:19 -0500] "GET /BLA/resoluciones/dlf/dirup.png HTTP/1.1" 200 644
47.128.52.237 - - [24/Dec/2023:08:01:20 -0500] "GET /BLA/resoluciones/dlf/pdf.gif HTTP/1.1" 200 272
191.156.62.251 - - [24/Dec/2023:08:01:41 -0500] "GET /distrito-exalto-a-246-empresas-de-bogota-por-su-alto-desempeno-y-responsabilidad-ambiental-durante-2023.html HTTP/1.1" 200 1039
156.59.198.135 - - [24/Dec/2023:08:01:41 -0500] "GET /BLA/resoluciones/RESOLUCIONES%202010/2575.pdf HTTP/1.0" 200 391446
156.59.198.135 - - [24/Dec/2023:08:02:06 -0500] "GET /BLA/resoluciones/RESOLUCIONES%202010/6988.pdf HTTP/1.0" 200 121604
201.245.192.253 - - [24/Dec/2023:08:02:26 -0500] "POST /kwsrmcab/Wsrmcab  HTTP/1.1" 200 40220
156.59.198.135 - - [24/Dec/2023:08:02:30 -0500] "GET /BLA/resoluciones/Notificaciones/RESOLUCIONES%202021/3178.pdf HTTP/1.0" 200 390903
156.59.198.136 - - [24/Dec/2023:08:02:55 -0500] "GET /BLA/resoluciones/RESOLUCIONES%202010/4514.pdf HTTP/1.0" 200 375773
156.59.198.136 - - [24/Dec/2023:08:03:19 -0500] "GET /BLA/resoluciones/Notificaciones/AUTOS%202013/3490.doc HTTP/1.0" 200 230400
138.121.203.22 - - [24/Dec/2023:08:03:32 -0500] "GET /distrito-exalto-a-246-empresas-de-bogota-por-su-alto-desempeno-y-responsabilidad-ambiental-durante-2023.html HTTP/1.1" 200 1039
138.121.203.22 - - [24/Dec/2023:08:03:41 -0500] "GET /distrito-exalto-a-246-empresas-de-bogota-por-su-alto-desempeno-y-responsabilidad-ambiental-durante-2023.html HTTP/1.1" 200 1039
156.59.198.135 - - [24/Dec/2023:08:03:43 -0500] "GET /BLA/resoluciones/RESOLUCIONES%202008/1134.pdf HTTP/1.0" 200 197258
156.59.198.135 - - [24/Dec/2023:08:04:08 -0500] "GET /BLA/resoluciones/RESOLUCIONES%202022/0001.pdf HTTP/1.0" 200 368629
156.59.198.136 - - [24/Dec/2023:08:04:32 -0500] "GET /BLA/resoluciones/AUTOS%202018/1452.pdf HTTP/1.0" 200 785900
156.59.198.136 - - [24/Dec/2023:08:04:56 -0500] "GET /BLA/resoluciones/RESOLUCIONES%202010/7492.pdf HTTP/1.0" 200 35997
172.22.2.4 - - [24/Dec/2023:08:03:36 -0500] "HEAD /BLA/boletinlegal/ HTTP/1.1" 200 -
156.59.198.136 - - [24/Dec/2023:08:05:21 -0500] "GET /BLA/resoluciones/AUTOS%202014/2373.pdf HTTP/1.0" 200 2428626
216.245.221.92 - - [24/Dec/2023:08:05:22 -0500] "HEAD / HTTP/1.1" 200 -
114.119.129.22 - - [24/Dec/2023:08:05:33 -0500] "GET /BLA/resoluciones/index.php?dir=Notificaciones/AUTOS%2B2013/&sort=date&order=asc HTTP/1.1" 200 13944
138.121.203.22 - - [24/Dec/2023:08:05:35 -0500] "GET /distrito-exalto-a-246-empresas-de-bogota-por-su-alto-desempeno-y-responsabilidad-ambiental-durante-2023.html HTTP/1.1" 200 1039
156.59.198.135 - - [24/Dec/2023:08:05:45 -0500] "GET /BLA/resoluciones/RESOLUCIONES%202014/2362.pdf HTTP/1.0" 200 958350
31.13.127.5 - - [24/Dec/2023:08:05:58 -0500] "GET /distrito-exalto-a-246-empresas-de-bogota-por-su-alto-desempeno-y-responsabilidad-ambiental-durante-2023.html HTTP/1.1" 200 1039
31.13.127.20 - - [24/Dec/2023:08:05:59 -0500] "GET /distrito-exalto-a-246-empresas-de-bogota-por-su-alto-desempeno-y-responsabilidad-ambiental-durante-2023.html HTTP/1.1" 200 1039
31.13.127.21 - - [24/Dec/2023:08:05:59 -0500] "GET /distrito-exalto-a-246-empresas-de-bogota-por-su-alto-desempeno-y-responsabilidad-ambiental-durante-2023.html HTTP/1.1" 200 1039
172.22.2.4 - - [24/Dec/2023:08:04:27 -0500] "GET /BLA/boletinlegal/ HTTP/1.1" 200 60910
156.59.198.136 - - [24/Dec/2023:08:06:09 -0500] "GET /BLA/resoluciones/AUTOS%202014/3384.pdf HTTP/1.0" 200 1374092
156.59.198.136 - - [24/Dec/2023:08:06:33 -0500] "GET /BLA/resoluciones/Notificaciones/AUTOS%202021/0631.pdf HTTP/1.0" 200 363997
156.59.198.136 - - [24/Dec/2023:08:06:58 -0500] "GET /BLA/resoluciones/Notificaciones/AUTOS%202019/4556.pdf HTTP/1.0" 200 909090
138.121.203.22 - - [24/Dec/2023:08:07:05 -0500] "GET /distrito-exalto-a-246-empresas-de-bogota-por-su-alto-desempeno-y-responsabilidad-ambiental-durante-2023.html HTTP/1.1" 200 1039
156.59.198.136 - - [24/Dec/2023:08:07:22 -0500] "GET /BLA/resoluciones/Notificaciones/RESOLUCIONES%202021/3122.pdf HTTP/1.0" 200 370651
201.245.192.253 - - [24/Dec/2023:08:07:24 -0500] "POST /kwsrmcab/Wsrmcab  HTTP/1.1" 200 40220
156.59.198.136 - - [24/Dec/2023:08:07:46 -0500] "GET /BLA/resoluciones/Notificaciones/AUTOS%202018/05998.pdf HTTP/1.0" 200 292866
138.121.203.22 - - [24/Dec/2023:08:07:56 -0500] "GET /distrito-exalto-a-246-empresas-de-bogota-por-su-alto-desempeno-y-responsabilidad-ambiental-durante-2023.html HTTP/1.1" 200 1039
156.59.198.135 - - [24/Dec/2023:08:08:12 -0500] "GET /BLA/resoluciones/RESOLUCIONES%202014/2389.pdf HTTP/1.0" 200 380369
156.59.198.135 - - [24/Dec/2023:08:08:37 -0500] "GET /BLA/resoluciones/AUTOS%202014/2758.pdf HTTP/1.0" 200 696329
156.59.198.135 - - [24/Dec/2023:08:09:01 -0500] "GET /BLA/resoluciones/RESOLUCIONES%202010/3920.pdf HTTP/1.0" 200 618804
185.132.12.255 - - [24/Dec/2023:08:09:20 -0500] "GET /distrito-exalto-a-246-empresas-de-bogota-por-su-alto-desempeno-y-responsabilidad-ambiental-durante-2023.html HTTP/1.1" 200 1039
156.59.198.136 - - [24/Dec/2023:08:09:26 -0500] "GET /BLA/resoluciones/AUTOS%202017/0259.pdf HTTP/1.0" 200 594611
173.252.79.10 - - [24/Dec/2023:08:09:37 -0500] "GET /images/PREAD%20SDA%201.jpeg HTTP/1.1" 200 65620
40.77.167.63 - - [24/Dec/2023:08:09:43 -0500] "GET /BLA/resoluciones/AUTOS%202023/5664.pdf HTTP/1.1" 200 417393
156.59.198.135 - - [24/Dec/2023:08:09:51 -0500] "GET /BLA/resoluciones/Notificaciones/RESOLUCIONES%202022/2339.pdf HTTP/1.0" 200 346866
216.244.66.195 - - [24/Dec/2023:08:10:05 -0500] "GET /robots.txt HTTP/1.1" 404 1018
156.59.198.136 - - [24/Dec/2023:08:10:15 -0500] "GET /BLA/resoluciones/Notificaciones/AUTOS%202021/5759.pdf HTTP/1.0" 200 2858592
216.245.221.92 - - [24/Dec/2023:08:10:22 -0500] "HEAD / HTTP/1.1" 200 -
47.128.50.189 - - [24/Dec/2023:08:10:43 -0500] "GET /BLA/resoluciones/index.php?dir=AUTOS%202006%2FAUTOS%202006%20401-500%2F&order=asc&sort=name HTTP/1.1" 200 21769
47.128.50.189 - - [24/Dec/2023:08:10:44 -0500] "GET /BLA/resoluciones/dlf/dirup.png HTTP/1.1" 200 644
47.128.50.189 - - [24/Dec/2023:08:10:44 -0500] "GET /BLA/resoluciones/dlf/unknown.png HTTP/1.1" 200 266
185.132.12.92 - - [24/Dec/2023:08:10:55 -0500] "GET /distrito-exalto-a-246-empresas-de-bogota-por-su-alto-desempeno-y-responsabilidad-ambiental-durante-2023.html HTTP/1.1" 200 1039
156.59.198.136 - - [24/Dec/2023:08:11:02 -0500] "GET /BLA/resoluciones/AUTOS%202007/3723.pdf HTTP/1.0" 200 241035
172.22.2.4 - - [24/Dec/2023:08:09:26 -0500] "HEAD /BLA/boletinlegal/ HTTP/1.1" 200 -
69.171.249.6 - - [24/Dec/2023:08:11:10 -0500] "GET /images/arbol%20centro.jpg HTTP/1.1" 200 69467
69.171.249.120 - - [24/Dec/2023:08:11:10 -0500] "GET /images/Musgo%2017%20-%2012%20-%202023.jpeg HTTP/1.1" 200 66238
69.171.249.6 - - [24/Dec/2023:08:11:10 -0500] "GET /images/participacion%2019-12-23.jpg HTTP/1.1" 200 73861
69.171.249.5 - - [24/Dec/2023:08:11:16 -0500] "GET /images/calidad-aire.jpg HTTP/1.1" 200 42421
156.59.198.136 - - [24/Dec/2023:08:11:27 -0500] "GET /BLA/resoluciones/RESOLUCIONES%202008/1772.pdf HTTP/1.0" 200 69902
156.59.198.135 - - [24/Dec/2023:08:11:51 -0500] "GET /BLA/resoluciones/Notificaciones/AUTOS%202016/02827.pdf HTTP/1.0" 200 376086
172.22.2.4 - - [24/Dec/2023:08:10:17 -0500] "GET /BLA/boletinlegal/ HTTP/1.1" 200 54780
156.59.198.135 - - [24/Dec/2023:08:12:16 -0500] "GET /BLA/resoluciones/RESOLUCIONES%202010/3179.pdf HTTP/1.0" 200 539295
201.245.192.253 - - [24/Dec/2023:08:12:23 -0500] "POST /kwsrmcab/Wsrmcab  HTTP/1.1" 200 40220
156.59.198.135 - - [24/Dec/2023:08:12:40 -0500] "GET /BLA/resoluciones/RESOLUCIONES%202016/2441.pdf HTTP/1.0" 200 361060
156.59.198.135 - - [24/Dec/2023:08:13:06 -0500] "GET /BLA/resoluciones/RESOLUCIONES%202022/0302.pdf HTTP/1.0" 200 347051
201.219.216.142 - - [24/Dec/2023:08:13:08 -0500] "GET /BLA/boletinlegal/admin/index.php HTTP/1.1" 200 7109
201.219.216.142 - - [24/Dec/2023:08:13:25 -0500] "GET /BLA/boletinlegal/admin/index_files/index_files/tback.gif HTTP/1.1" 404 1334
156.59.198.135 - - [24/Dec/2023:08:13:31 -0500] "GET /BLA/resoluciones/Notificaciones/AUTOS%202022/5756.pdf HTTP/1.0" 200 803848
201.219.216.142 - - [24/Dec/2023:08:13:38 -0500] "GET /BLA/boletinlegal/admin/actos/ingresar.php HTTP/1.1" 200 7209
156.59.198.136 - - [24/Dec/2023:08:13:53 -0500] "GET /BLA/resoluciones/RESOLUCIONES%202007/RES%202007%202801%20AL%202900/RESOLUCION%202837%20DE%202007.pdf HTTP/1.0" 200 247438
156.59.198.136 - - [24/Dec/2023:08:14:19 -0500] "GET /BLA/resoluciones/RESOLUCIONES%202022/3531.pdf HTTP/1.0" 200 370129
201.219.216.142 - - [24/Dec/2023:08:14:31 -0500] "POST /BLA/boletinlegal/admin/actos/ingresar.php HTTP/1.1" 200 7302
156.59.198.135 - - [24/Dec/2023:08:14:43 -0500] "GET /BLA/resoluciones/AUTOS%202014/3083.pdf HTTP/1.0" 200 1647950
40.77.167.53 - - [24/Dec/2023:08:14:43 -0500] "GET /appsia/controlador HTTP/1.1" 200 4799
156.59.198.136 - - [24/Dec/2023:08:15:08 -0500] "GET /BLA/resoluciones/Notificaciones/AUTOS%202013/2896.doc HTTP/1.0" 200 251392
216.245.221.92 - - [24/Dec/2023:08:15:22 -0500] "HEAD / HTTP/1.1" 200 -
156.59.198.135 - - [24/Dec/2023:08:15:32 -0500] "GET /BLA/resoluciones/RESOLUCIONES%202010/7875.pdf HTTP/1.0" 200 1545333
156.59.198.136 - - [24/Dec/2023:08:15:56 -0500] "GET /BLA/resoluciones/RESOLUCIONES%202022/3604.pdf HTTP/1.0" 200 520793
201.245.192.253 - - [24/Dec/2023:08:16:17 -0500] "POST /kwsrmcab/Wsrmcab HTTP/1.1" 200 35761
156.59.198.135 - - [24/Dec/2023:08:16:21 -0500] "GET /BLA/resoluciones/AUTOS%202018/1197.pdf HTTP/1.0" 200 220376
201.245.192.253 - - [24/Dec/2023:08:16:20 -0500] "POST /kwsrmcab/Wsrmcab HTTP/1.1" 200 36676
185.132.12.255 - - [24/Dec/2023:08:16:44 -0500] "GET /distrito-exalto-a-246-empresas-de-bogota-por-su-alto-desempeno-y-responsabilidad-ambiental-durante-2023.html HTTP/1.1" 200 1039
156.59.198.135 - - [24/Dec/2023:08:16:45 -0500] "GET /BLA/resoluciones/AUTOS%202014/3844.pdf HTTP/1.0" 200 526776
172.22.2.4 - - [24/Dec/2023:08:15:17 -0500] "HEAD /BLA/boletinlegal/ HTTP/1.1" 200 -
156.59.198.135 - - [24/Dec/2023:08:17:10 -0500] "GET /BLA/resoluciones/Notificaciones/RESOLUCIONES%202022/1877.pdf HTTP/1.0" 200 1671869
201.245.192.253 - - [24/Dec/2023:08:17:21 -0500] "POST /kwsrmcab/Wsrmcab  HTTP/1.1" 200 40220
156.59.198.136 - - [24/Dec/2023:08:17:34 -0500] "GET /BLA/resoluciones/Notificaciones/AUTOS%202016/01967.doc HTTP/1.0" 200 926275
173.252.127.25 - - [24/Dec/2023:08:17:40 -0500] "GET /distrito-exalta-48-arboles-patrimoniales-y-15-de-interes-publico-en-bogota.html HTTP/1.1" 206 816
173.252.127.3 - - [24/Dec/2023:08:17:41 -0500] "GET /distrito-exalta-48-arboles-patrimoniales-y-15-de-interes-publico-en-bogota.html HTTP/1.1" 200 816
173.252.127.9 - - [24/Dec/2023:08:17:43 -0500] "GET /distrito-exalta-48-arboles-patrimoniales-y-15-de-interes-publico-en-bogota.html HTTP/1.1" 200 816
69.171.231.7 - - [24/Dec/2023:08:17:46 -0500] "GET /images/arbol%20centro.jpg HTTP/1.1" 200 69467
172.22.2.4 - - [24/Dec/2023:08:16:08 -0500] "GET /BLA/boletinlegal/ HTTP/1.1" 200 59682
69.171.231.116 - - [24/Dec/2023:08:17:49 -0500] "GET /mis-de-50-aves-silvestres-fueron-recuperadas-en-la-localidad-de-tunjuelito.html HTTP/1.1" 200 806
156.59.198.136 - - [24/Dec/2023:08:17:57 -0500] "GET /BLA/resoluciones/AUTOS%202018/3614.pdf HTTP/1.0" 200 340971
69.63.189.9 - - [24/Dec/2023:08:18:01 -0500] "GET /mis-de-50-aves-silvestres-fueron-recuperadas-en-la-localidad-de-tunjuelito.html HTTP/1.1" 200 806
69.63.189.32 - - [24/Dec/2023:08:18:01 -0500] "GET /mis-de-50-aves-silvestres-fueron-recuperadas-en-la-localidad-de-tunjuelito.html HTTP/1.1" 200 806
156.59.198.135 - - [24/Dec/2023:08:18:22 -0500] "GET /BLA/resoluciones/RESOLUCIONES%202014/3435.pdf HTTP/1.0" 200 387470
156.59.198.136 - - [24/Dec/2023:08:18:46 -0500] "GET /BLA/resoluciones/AUTOS%202014/5134.pdf HTTP/1.0" 200 526183
156.59.198.136 - - [24/Dec/2023:08:19:12 -0500] "GET /BLA/resoluciones/RESOLUCIONES%202022/3422.pdf HTTP/1.0" 200 1641854
156.59.198.135 - - [24/Dec/2023:08:19:36 -0500] "GET /BLA/resoluciones/RESOLUCIONES%202010/4921.pdf HTTP/1.0" 200 752787
156.59.198.135 - - [24/Dec/2023:08:20:00 -0500] "GET /BLA/resoluciones/AUTOS%202018/0711.pdf HTTP/1.0" 200 294906
201.245.192.253 - - [24/Dec/2023:08:20:16 -0500] "POST /kwsrmcab/Wsrmcab HTTP/1.1" 200 35761
216.245.221.92 - - [24/Dec/2023:08:20:22 -0500] "HEAD / HTTP/1.1" 200 -
201.245.192.253 - - [24/Dec/2023:08:20:21 -0500] "POST /kwsrmcab/Wsrmcab HTTP/1.1" 200 36676
156.59.198.136 - - [24/Dec/2023:08:20:24 -0500] "GET /BLA/resoluciones/RESOLUCIONES%202009/1788.pdf HTTP/1.0" 200 473176
185.132.12.238 - - [24/Dec/2023:08:20:45 -0500] "GET /distrito-exalto-a-246-empresas-de-bogota-por-su-alto-desempeno-y-responsabilidad-ambiental-durante-2023.html HTTP/1.1" 200 1039
156.59.198.136 - - [24/Dec/2023:08:20:49 -0500] "GET /BLA/resoluciones/RESOLUCIONES%202010/7556.pdf HTTP/1.0" 200 469950
156.59.198.136 - - [24/Dec/2023:08:21:13 -0500] "GET /BLA/resoluciones/RESOLUCIONES%202007/RES%202007%201401%20AL%201500/RESOLUCION%201417%20DE%202007.pdf HTTP/1.0" 200 212610
138.121.203.22 - - [24/Dec/2023:08:21:16 -0500] "GET /distrito-exalto-a-246-empresas-de-bogota-por-su-alto-desempeno-y-responsabilidad-ambiental-durante-2023.html HTTP/1.1" 200 1039
156.59.198.135 - - [24/Dec/2023:08:21:37 -0500] "GET /BLA/resoluciones/RESOLUCIONES%202022/5114.pdf HTTP/1.0" 200 493442
156.59.198.135 - - [24/Dec/2023:08:22:01 -0500] "GET /BLA/resoluciones/RESOLUCIONES%202009/1308.pdf HTTP/1.0" 200 510877
201.245.192.253 - - [24/Dec/2023:08:22:20 -0500] "POST /kwsrmcab/Wsrmcab  HTTP/1.1" 200 40220
156.59.198.135 - - [24/Dec/2023:08:22:26 -0500] "GET /BLA/resoluciones/Notificaciones/AUTOS%202021/3311.pdf HTTP/1.0" 200 394788
31.13.103.10 - - [24/Dec/2023:08:22:45 -0500] "GET /bogota-y-cundinamarca-consolidan-pagos-por-servicios-ambientales-con-nueva-firma-para-la-proteccion-del-agua.html HTTP/1.1" 200 821
172.22.2.4 - - [24/Dec/2023:08:21:07 -0500] "HEAD /BLA/boletinlegal/ HTTP/1.1" 200 -
156.59.198.136 - - [24/Dec/2023:08:22:54 -0500] "GET /BLA/resoluciones/RESOLUCIONES%202022/0692.pdf HTTP/1.0" 200 369049
156.59.198.135 - - [24/Dec/2023:08:23:14 -0500] "GET /BLA/resoluciones/Notificaciones/AUTOS%202016/02317.doc HTTP/1.0" 200 377039
172.22.2.4 - - [24/Dec/2023:08:23:20 -0500] "GET /BLA/boletinlegal/actos.php HTTP/1.1" 200 9682
191.95.147.34 - - [24/Dec/2023:08:23:37 -0500] "GET /distrito-exalto-a-246-empresas-de-bogota-por-su-alto-desempeno-y-responsabilidad-ambiental-durante-2023.html HTTP/1.1" 200 1039
172.22.2.4 - - [24/Dec/2023:08:21:58 -0500] "GET /BLA/boletinlegal/ HTTP/1.1" 200 58567
156.59.198.136 - - [24/Dec/2023:08:23:39 -0500] "GET /BLA/resoluciones/Notificaciones/RESOLUCIONES%202022/3247.pdf HTTP/1.0" 200 427477
161.18.5.6 - - [24/Dec/2023:08:23:51 -0500] "GET /distrito-exalto-a-246-empresas-de-bogota-por-su-alto-desempeno-y-responsabilidad-ambiental-durante-2023.html HTTP/1.1" 200 1039
156.59.198.136 - - [24/Dec/2023:08:24:03 -0500] "GET /BLA/resoluciones/RESOLUCIONES%202007/RES%202007%203801%20AL%203900/RESOLUCION%203868%20DE%202007.pdf HTTP/1.0" 200 505790
156.59.198.135 - - [24/Dec/2023:08:24:27 -0500] "GET /BLA/resoluciones/Notificaciones/AUTOS%202021/5795.pdf HTTP/1.0" 200 352473
31.13.115.118 - - [24/Dec/2023:08:24:44 -0500] "GET /secretaria-de-ambiente-reconocio-entidades-por-sus-buenas-practicas-ambientales.html HTTP/1.1" 200 892
31.13.115.118 - - [24/Dec/2023:08:24:44 -0500] "GET /secretaria-de-ambiente-reconocio-entidades-por-sus-buenas-practicas-ambientales.html HTTP/1.1" 200 892
31.13.115.119 - - [24/Dec/2023:08:24:44 -0500] "GET /secretaria-de-ambiente-reconocio-entidades-por-sus-buenas-practicas-ambientales.html HTTP/1.1" 200 892
156.59.198.135 - - [24/Dec/2023:08:24:51 -0500] "GET /BLA/resoluciones/RESOLUCIONES%202022/2850.pdf HTTP/1.0" 200 405184
156.59.198.135 - - [24/Dec/2023:08:25:15 -0500] "GET /BLA/resoluciones/RESOLUCIONES%202010/4612.pdf HTTP/1.0" 200 56606
216.245.221.92 - - [24/Dec/2023:08:25:22 -0500] "HEAD / HTTP/1.1" 200 -
156.59.198.136 - - [24/Dec/2023:08:25:40 -0500] "GET /BLA/resoluciones/Notificaciones/AUTOS%202022/4921.pdf HTTP/1.0" 200 498811
40.77.167.38 - - [24/Dec/2023:08:25:54 -0500] "GET /BLA/resoluciones/AUTOS%202021/6390.pdf HTTP/1.1" 304 -
156.59.198.136 - - [24/Dec/2023:08:26:04 -0500] "GET /BLA/resoluciones/RESOLUCIONES%202008/3013.pdf HTTP/1.0" 200 96684
201.245.192.253 - - [24/Dec/2023:08:26:16 -0500] "POST /kwsrmcab/Wsrmcab HTTP/1.1" 200 35761
201.245.192.253 - - [24/Dec/2023:08:26:19 -0500] "POST /kwsrmcab/Wsrmcab HTTP/1.1" 200 36676
156.59.198.136 - - [24/Dec/2023:08:26:28 -0500] "GET /BLA/resoluciones/Notificaciones/AUTOS%202016/02084.pdf HTTP/1.0" 200 1464318
156.59.198.135 - - [24/Dec/2023:08:26:52 -0500] "GET /BLA/resoluciones/RESOLUCIONES%202007/RES%202007%203701%20AL%203800/RESOLUCION%203786%20DE%202007.pdf HTTP/1.0" 200 55720
156.59.198.136 - - [24/Dec/2023:08:27:16 -0500] "GET /BLA/resoluciones/RESOLUCIONES%202014/3900.pdf HTTP/1.0" 200 509544
201.245.192.253 - - [24/Dec/2023:08:27:19 -0500] "POST /kwsrmcab/Wsrmcab  HTTP/1.1" 200 40220
156.59.198.136 - - [24/Dec/2023:08:27:40 -0500] "GET /BLA/resoluciones/RESOLUCIONES%202010/7057.pdf HTTP/1.0" 200 62133
156.59.198.135 - - [24/Dec/2023:08:28:04 -0500] "GET /BLA/resoluciones/AUTOS%202007/3766.pdf HTTP/1.0" 200 374912
173.252.127.29 - - [24/Dec/2023:08:28:09 -0500] "GET /mis-de-50-aves-silvestres-fueron-recuperadas-en-la-localidad-de-tunjuelito.html?fbclid=IwAR3e2kNONQYr2221kUc_FimOXVEYBB55nhv4yIn8yFsWHqCVMebzcm_w9IE HTTP/1.1" 200 806
156.59.198.136 - - [24/Dec/2023:08:28:28 -0500] "GET /BLA/resoluciones/RESOLUCIONES%202022/3148.pdf HTTP/1.0" 200 404665
172.22.2.4 - - [24/Dec/2023:08:26:57 -0500] "HEAD /BLA/boletinlegal/ HTTP/1.1" 200 -
156.59.198.135 - - [24/Dec/2023:08:28:53 -0500] "GET /BLA/resoluciones/RESOLUCIONES%202022/4744.pdf HTTP/1.0" 200 629303
156.59.198.135 - - [24/Dec/2023:08:29:17 -0500] "GET /BLA/resoluciones/RESOLUCIONES%202014/2985.pdf HTTP/1.0" 200 5664145
172.22.2.4 - - [24/Dec/2023:08:27:48 -0500] "GET /BLA/boletinlegal/ HTTP/1.1" 200 60910
185.132.12.28 - - [24/Dec/2023:08:29:36 -0500] "GET /distrito-exalto-a-246-empresas-de-bogota-por-su-alto-desempeno-y-responsabilidad-ambiental-durante-2023.html HTTP/1.1" 200 1039
156.59.198.135 - - [24/Dec/2023:08:29:43 -0500] "GET /BLA/resoluciones/Notificaciones/AUTOS%202021/0020.pdf HTTP/1.0" 200 354813
66.249.66.19 - - [24/Dec/2023:08:30:01 -0500] "GET /Publicaciones/2023EE220710.pdf HTTP/1.1" 404 228
156.59.198.135 - - [24/Dec/2023:08:30:07 -0500] "GET /BLA/resoluciones/RESOLUCIONES%202022/0044.pdf HTTP/1.0" 200 359031
201.245.192.253 - - [24/Dec/2023:08:30:16 -0500] "POST /kwsrmcab/Wsrmcab HTTP/1.1" 200 35761
216.245.221.92 - - [24/Dec/2023:08:30:22 -0500] "HEAD / HTTP/1.1" 200 -
201.245.192.253 - - [24/Dec/2023:08:30:20 -0500] "POST /kwsrmcab/Wsrmcab HTTP/1.1" 200 36676
52.167.144.219 - - [24/Dec/2023:08:30:25 -0500] "GET /BLA/resoluciones/index.php?dir=RESOLUCIONES+2009%2F HTTP/1.1" 200 1694101
156.59.198.135 - - [24/Dec/2023:08:30:32 -0500] "GET /BLA/resoluciones/RESOLUCIONES%202007/RES%202007%201801%20AL%201900/RESOLUCION%201874%20DE%202007.pdf HTTP/1.0" 200 456537
173.252.107.3 - - [24/Dec/2023:08:30:41 -0500] "GET /images/Aves%20SDA.jpeg HTTP/1.1" 200 75104
156.59.198.135 - - [24/Dec/2023:08:30:57 -0500] "GET /BLA/resoluciones/RESOLUCIONES%202007/RES%202007%202501%20AL%202600/RESOLUCION%202550%20DE%202007.pdf HTTP/1.0" 200 570371
185.132.12.28 - - [24/Dec/2023:08:31:05 -0500] "GET /distrito-exalto-a-246-empresas-de-bogota-por-su-alto-desempeno-y-responsabilidad-ambiental-durante-2023.html HTTP/1.1" 200 1039
156.59.198.136 - - [24/Dec/2023:08:31:21 -0500] "GET /BLA/resoluciones/AUTOS%202014/4586.pdf HTTP/1.0" 200 525412
191.108.190.186 - - [24/Dec/2023:08:31:25 -0500] "GET /distrito-exalto-a-246-empresas-de-bogota-por-su-alto-desempeno-y-responsabilidad-ambiental-durante-2023.html HTTP/1.1" 200 1039
156.59.198.136 - - [24/Dec/2023:08:31:45 -0500] "GET /BLA/resoluciones/Notificaciones/AUTOS%202022/1034.pdf HTTP/1.0" 200 359305
156.59.198.136 - - [24/Dec/2023:08:32:09 -0500] "GET /BLA/resoluciones/AUTOS%202007/3738.pdf HTTP/1.0" 200 224833
201.245.192.253 - - [24/Dec/2023:08:32:16 -0500] "POST /kwsrmcab/Wsrmcab  HTTP/1.1" 200 40220
156.59.198.135 - - [24/Dec/2023:08:32:33 -0500] "GET /BLA/resoluciones/RESOLUCIONES%202007/RES%202007%202801%20AL%202900/RESOLUCION%202844%20DE%202007.pdf HTTP/1.0" 200 872806
156.59.198.136 - - [24/Dec/2023:08:32:58 -0500] "GET /BLA/resoluciones/RESOLUCIONES%202010/4573.pdf HTTP/1.0" 200 1195881
207.46.13.155 - - [24/Dec/2023:08:33:13 -0500] "GET /BLA/resoluciones/RESOLUCIONES%202021/1865.pdf HTTP/1.1" 304 -
185.132.12.239 - - [24/Dec/2023:08:33:14 -0500] "GET /distrito-exalto-a-246-empresas-de-bogota-por-su-alto-desempeno-y-responsabilidad-ambiental-durante-2023.html HTTP/1.1" 200 1039
173.252.79.8 - - [24/Dec/2023:08:33:22 -0500] "GET /images/participacion%2019-12-23.jpg HTTP/1.1" 200 73861
156.59.198.136 - - [24/Dec/2023:08:33:23 -0500] "GET /BLA/resoluciones/Notificaciones/AUTOS%202016/03099.pdf HTTP/1.0" 200 376596
69.171.231.2 - - [24/Dec/2023:08:33:36 -0500] "GET /68-de-ejecucion-lleva-el-plan-de-accion-para-las-familias-de-bogota-que-va-del-2021-al-2025.html HTTP/1.1" 200 811
173.252.79.1 - - [24/Dec/2023:08:33:37 -0500] "GET /images/Musgo%2017%20-%2012%20-%202023.jpeg HTTP/1.1" 200 66238
173.252.87.6 - - [24/Dec/2023:08:33:39 -0500] "GET /68-de-ejecucion-lleva-el-plan-de-accion-para-las-familias-de-bogota-que-va-del-2021-al-2025.html HTTP/1.1" 200 811
156.59.198.136 - - [24/Dec/2023:08:33:47 -0500] "GET /BLA/resoluciones/Notificaciones/AUTOS%202021/2319.pdf HTTP/1.0" 200 315842
173.252.107.6 - - [24/Dec/2023:08:33:48 -0500] "GET /distrito-recupera-mas-de-20-kilogramos-de-musgo-y-dos-aves-silvestres.html HTTP/1.1" 200 857
31.13.103.12 - - [24/Dec/2023:08:33:57 -0500] "GET /distrito-recupera-mas-de-20-kilogramos-de-musgo-y-dos-aves-silvestres.html HTTP/1.1" 206 857
31.13.103.120 - - [24/Dec/2023:08:33:58 -0500] "GET /distrito-recupera-mas-de-20-kilogramos-de-musgo-y-dos-aves-silvestres.html HTTP/1.1" 200 857
31.13.103.12 - - [24/Dec/2023:08:33:58 -0500] "GET /distrito-recupera-mas-de-20-kilogramos-de-musgo-y-dos-aves-silvestres.html HTTP/1.1" 200 857
31.13.103.5 - - [24/Dec/2023:08:34:02 -0500] "GET /distrito-recupera-mas-de-20-kilogramos-de-musgo-y-dos-aves-silvestres.html HTTP/1.1" 200 857
31.13.103.9 - - [24/Dec/2023:08:34:02 -0500] "GET /distrito-recupera-mas-de-20-kilogramos-de-musgo-y-dos-aves-silvestres.html HTTP/1.1" 200 857
156.59.198.136 - - [24/Dec/2023:08:34:10 -0500] "GET /BLA/resoluciones/Notificaciones/RESOLUCIONES%202022/1630.pdf HTTP/1.0" 200 890743
173.252.79.6 - - [24/Dec/2023:08:34:18 -0500] "GET /distrito-exalto-a-246-empresas-de-bogota-por-su-alto-desempeno-y-responsabilidad-ambiental-durante-2023.html HTTP/1.1" 200 1039
172.22.2.4 - - [24/Dec/2023:08:32:47 -0500] "HEAD /BLA/boletinlegal/ HTTP/1.1" 200 -
156.59.198.135 - - [24/Dec/2023:08:34:34 -0500] "GET /BLA/resoluciones/RESOLUCIONES%202007/RES%202007%204101%20AL%204200/RESOLUCION%204118%20DE%202007.pdf HTTP/1.0" 200 849086
156.59.198.135 - - [24/Dec/2023:08:34:58 -0500] "GET /BLA/resoluciones/RESOLUCIONES%202010/RESOLUCION%206522%20DE%202010.PDF HTTP/1.0" 200 70284
69.171.231.116 - - [24/Dec/2023:08:35:10 -0500] "GET /alcaldia-de-bogota-y-fundacion-exito-entregaron-en-ciudad-bolivar-la-primera-terraza-verde-de-la-capital.html HTTP/1.1" 200 852
69.171.231.7 - - [24/Dec/2023:08:35:10 -0500] "GET /alcaldia-de-bogota-y-fundacion-exito-entregaron-en-ciudad-bolivar-la-primera-terraza-verde-de-la-capital.html HTTP/1.1" 200 852
69.171.231.6 - - [24/Dec/2023:08:35:10 -0500] "GET /alcaldia-de-bogota-y-fundacion-exito-entregaron-en-ciudad-bolivar-la-primera-terraza-verde-de-la-capital.html HTTP/1.1" 200 852
173.252.95.6 - - [24/Dec/2023:08:35:11 -0500] "GET /alcaldia-de-bogota-y-fundacion-exito-entregaron-en-ciudad-bolivar-la-primera-terraza-verde-de-la-capital.html HTTP/1.1" 200 852
172.22.2.4 - - [24/Dec/2023:08:33:38 -0500] "GET /BLA/boletinlegal/ HTTP/1.1" 200 60910
216.245.221.92 - - [24/Dec/2023:08:35:22 -0500] "HEAD / HTTP/1.1" 200 -
156.59.198.135 - - [24/Dec/2023:08:35:22 -0500] "GET /BLA/resoluciones/RESOLUCIONES%202009/1321.pdf HTTP/1.0" 200 443611
185.132.12.60 - - [24/Dec/2023:08:35:33 -0500] "GET /distrito-exalto-a-246-empresas-de-bogota-por-su-alto-desempeno-y-responsabilidad-ambiental-durante-2023.html HTTP/1.1" 200 1039
156.59.198.135 - - [24/Dec/2023:08:35:47 -0500] "GET /BLA/resoluciones/RESOLUCIONES%202022/0274.pdf HTTP/1.0" 200 428171
173.252.107.9 - - [24/Dec/2023:08:35:50 -0500] "GET /images/Aves%20SDA.jpeg HTTP/1.1" 200 75104
173.252.107.5 - - [24/Dec/2023:08:35:50 -0500] "GET /images/arbol%20centro.jpg HTTP/1.1" 200 69467
156.59.198.136 - - [24/Dec/2023:08:36:12 -0500] "GET /BLA/resoluciones/RESOLUCIONES%202002/RES%202002%20551-600/RESOLUCION%20589%20DE%202002.pdf HTTP/1.0" 200 43025
207.46.13.107 - - [24/Dec/2023:08:36:14 -0500] "GET /BLA/resoluciones/RESOLUCIONES%202023/0934.pdf HTTP/1.1" 200 3101589
201.245.192.253 - - [24/Dec/2023:08:36:16 -0500] "POST /kwsrmcab/Wsrmcab HTTP/1.1" 200 35761
201.245.192.253 - - [24/Dec/2023:08:36:19 -0500] "POST /kwsrmcab/Wsrmcab HTTP/1.1" 200 36676
156.59.198.135 - - [24/Dec/2023:08:36:36 -0500] "GET /BLA/resoluciones/RESOLUCIONES%202010/2205.pdf HTTP/1.0" 200 516281
156.59.198.136 - - [24/Dec/2023:08:37:01 -0500] "GET /BLA/resoluciones/Notificaciones/AUTOS%202021/4397.pdf HTTP/1.0" 200 338196
45.142.182.76 - - [24/Dec/2023:08:37:07 -0500] "GET / HTTP/1.1" 200 319
201.245.192.253 - - [24/Dec/2023:08:37:15 -0500] "POST /kwsrmcab/Wsrmcab  HTTP/1.1" 200 40220
185.132.12.252 - - [24/Dec/2023:08:37:22 -0500] "GET /distrito-exalto-a-246-empresas-de-bogota-por-su-alto-desempeno-y-responsabilidad-ambiental-durante-2023.html HTTP/1.1" 200 1039
156.59.198.136 - - [24/Dec/2023:08:37:24 -0500] "GET /BLA/resoluciones/Notificaciones/REGISTROS%202020/00917.pdf HTTP/1.0" 200 268647
156.59.198.136 - - [24/Dec/2023:08:37:49 -0500] "GET /BLA/resoluciones/AUTOS%202014/1557.pdf HTTP/1.0" 200 783589
186.29.33.224 - - [24/Dec/2023:08:37:51 -0500] "GET /distrito-exalto-a-246-empresas-de-bogota-por-su-alto-desempeno-y-responsabilidad-ambiental-durante-2023.html HTTP/1.1" 200 1039
156.59.198.135 - - [24/Dec/2023:08:38:13 -0500] "GET /BLA/resoluciones/RESOLUCIONES%202010/4770.pdf HTTP/1.0" 200 420935
156.59.198.136 - - [24/Dec/2023:08:38:37 -0500] "GET /BLA/resoluciones/AUTOS%202014/1854.pdf HTTP/1.0" 200 667329
156.59.198.136 - - [24/Dec/2023:08:39:02 -0500] "GET /BLA/resoluciones/Notificaciones/RESOLUCIONES%202021/1477.pdf HTTP/1.0" 200 351066
156.59.198.135 - - [24/Dec/2023:08:39:26 -0500] "GET /BLA/resoluciones/RESOLUCIONES%202009/1412.pdf HTTP/1.0" 200 442645
156.59.198.135 - - [24/Dec/2023:08:39:52 -0500] "GET /BLA/resoluciones/Notificaciones/AUTOS%202019/3071.pdf HTTP/1.0" 200 263700
156.59.198.136 - - [24/Dec/2023:08:40:16 -0500] "GET /BLA/resoluciones/RESOLUCIONES%202008/3118.pdf HTTP/1.0" 200 134365
172.22.2.4 - - [24/Dec/2023:08:38:37 -0500] "HEAD /BLA/boletinlegal/ HTTP/1.1" 200 -
201.245.192.253 - - [24/Dec/2023:08:40:16 -0500] "POST /kwsrmcab/Wsrmcab HTTP/1.1" 200 35761
216.245.221.92 - - [24/Dec/2023:08:40:22 -0500] "HEAD / HTTP/1.1" 200 -
201.245.192.253 - - [24/Dec/2023:08:40:21 -0500] "POST /kwsrmcab/Wsrmcab HTTP/1.1" 200 36676
156.59.198.135 - - [24/Dec/2023:08:40:41 -0500] "GET /BLA/resoluciones/RESOLUCIONES%202010/4226.pdf HTTP/1.0" 200 374602
172.22.2.4 - - [24/Dec/2023:08:40:52 -0500] "GET /BLA/boletinlegal/robots.txt HTTP/1.1" 404 1038
172.22.2.4 - - [24/Dec/2023:08:40:52 -0500] "GET /BLA/boletinlegal/jurisprudencia/analisis/analisis%20sentencia%20C-1007-2011-1.doc HTTP/1.1" 200 35328
47.128.121.231 - - [24/Dec/2023:08:41:06 -0500] "GET /BLA/resoluciones/index.php?dir=RESOLUCIONES%202005%2FRES%202005%201-50%2FRES%202005%20101-150%2F&order=asc&sort=size HTTP/1.1" 200 13168
47.128.121.231 - - [24/Dec/2023:08:41:07 -0500] "GET /BLA/resoluciones/dlf/dirup.png HTTP/1.1" 200 644
47.128.121.231 - - [24/Dec/2023:08:41:08 -0500] "GET /BLA/resoluciones/dlf/unknown.png HTTP/1.1" 200 266
172.22.2.4 - - [24/Dec/2023:08:39:28 -0500] "GET /BLA/boletinlegal/ HTTP/1.1" 200 58567
185.132.12.47 - - [24/Dec/2023:08:41:13 -0500] "GET /distrito-exalto-a-246-empresas-de-bogota-por-su-alto-desempeno-y-responsabilidad-ambiental-durante-2023.html HTTP/1.1" 200 1039
156.59.198.135 - - [24/Dec/2023:08:41:29 -0500] "GET /BLA/resoluciones/Notificaciones/AUTOS%202019/02508.pdf HTTP/1.0" 200 288031
156.59.198.135 - - [24/Dec/2023:08:41:54 -0500] "GET /BLA/resoluciones/RESOLUCIONES%202007/RES%202007%202801%20AL%202900/RESOLUCION%202875%20DE%202007.pdf HTTP/1.0" 200 484823
185.132.12.28 - - [24/Dec/2023:08:42:15 -0500] "GET /distrito-exalto-a-246-empresas-de-bogota-por-su-alto-desempeno-y-responsabilidad-ambiental-durante-2023.html HTTP/1.1" 200 1039
201.245.192.253 - - [24/Dec/2023:08:42:14 -0500] "POST /kwsrmcab/Wsrmcab  HTTP/1.1" 200 40220
156.59.198.136 - - [24/Dec/2023:08:42:18 -0500] "GET /BLA/resoluciones/RESOLUCIONES%202014/1937.pdf HTTP/1.0" 200 756767
185.132.12.255 - - [24/Dec/2023:08:42:42 -0500] "GET /distrito-exalto-a-246-empresas-de-bogota-por-su-alto-desempeno-y-responsabilidad-ambiental-durante-2023.html HTTP/1.1" 200 1039
156.59.198.136 - - [24/Dec/2023:08:42:42 -0500] "GET /BLA/resoluciones/RESOLUCIONES%202008/1698.pdf HTTP/1.0" 200 204743
207.46.13.107 - - [24/Dec/2023:08:42:45 -0500] "GET /BLA/resoluciones/AUTOS%202023/3673.pdf HTTP/1.1" 200 428311
156.59.198.135 - - [24/Dec/2023:08:43:08 -0500] "GET /BLA/resoluciones/RESOLUCIONES%202010/3977.pdf HTTP/1.0" 200 495107
156.59.198.136 - - [24/Dec/2023:08:43:32 -0500] "GET /BLA/resoluciones/RESOLUCIONES%202016/2356.pdf HTTP/1.0" 200 671364
185.132.12.47 - - [24/Dec/2023:08:43:46 -0500] "GET /distrito-exalto-a-246-empresas-de-bogota-por-su-alto-desempeno-y-responsabilidad-ambiental-durante-2023.html HTTP/1.1" 200 1039
156.59.198.135 - - [24/Dec/2023:08:43:57 -0500] "GET /BLA/resoluciones/Notificaciones/AUTOS%202021/0500.pdf HTTP/1.0" 200 654424
156.59.198.135 - - [24/Dec/2023:08:44:21 -0500] "GET /BLA/resoluciones/RESOLUCIONES%202008/1960.pdf HTTP/1.0" 200 17073
185.132.12.60 - - [24/Dec/2023:08:44:30 -0500] "GET /distrito-exalto-a-246-empresas-de-bogota-por-su-alto-desempeno-y-responsabilidad-ambiental-durante-2023.html HTTP/1.1" 200 1039
156.59.198.136 - - [24/Dec/2023:08:44:46 -0500] "GET /BLA/resoluciones/AUTOS%202017/1179.pdf HTTP/1.0" 200 286347
185.132.12.28 - - [24/Dec/2023:08:44:55 -0500] "GET /distrito-exalto-a-246-empresas-de-bogota-por-su-alto-desempeno-y-responsabilidad-ambiental-durante-2023.html HTTP/1.1" 200 1039
156.59.198.135 - - [24/Dec/2023:08:45:10 -0500] "GET /BLA/resoluciones/RESOLUCIONES%202010/5245.pdf HTTP/1.0" 200 781463
216.245.221.92 - - [24/Dec/2023:08:45:22 -0500] "HEAD / HTTP/1.1" 200 -
186.102.15.42 - - [24/Dec/2023:08:45:34 -0500] "GET /kwssiamovil/sm/ldap/au?x=U2FsdGVkX183LkTqs8nOq4qhGDBqeDbWH8hS94pOhwWo3PIc7vjj9/3z3gIWaiCS&y=U2FsdGVkX19W/dNKUFIsNzhkEIiMW0TQfFEwyHbrEwmD/Ld0OiHdMUKJsx3bceX2 HTTP/1.1" 200 30
186.102.15.42 - - [24/Dec/2023:08:45:34 -0500] "GET /kwssiamovil/sm/acme/s?s=U2FsdGVkX1+QdJSYp2NbQ1j2r1l9HRuo/aIHGAPEEdXkNURkoa81IMXpqQMdlni4CjKGZgWmpaPq3eRsht7rjfENYk3SBH6mODQW2Ugqwi4=&u=U2FsdGVkX1+1JAVQL03QHjMqvhzFV57TMUw6m3x0xwA=&y=U2FsdGVkX19W/dNKUFIsNzhkEIiMW0TQfFEwyHbrEwmD/Ld0OiHdMUKJsx3bceX2 HTTP/1.1" 200 97
186.102.15.42 - - [24/Dec/2023:08:45:34 -0500] "GET /kwssiamovil/sm/acme/s?s=U2FsdGVkX1/A3sECYwuByc1uena7jSanbVOiVoTPl5nATUGdkZXdE9DGdS+ijrK25T/oR8mJxE0qtNayHMx3AAEhJJkEwVBSmFOytAJeuUbY1MP9uxG86jYu576NdsKwcO3irHYP+rO/jg2t19b4oy23F4gkadUWIFgkIndwmhZaUezw+4D6B6a3nQBDAs0/qhKnbqVaKX0eNVaU7VlnlJbu4Ok15z45wqJgzOtJKJ73KBeHUXMP6OqWSVcmGYpisCUY9dbpL9qPpsXieTQF+m1HMJjvvnT3pEGmN37XX9m3TcJFIhN/hFtDJjB4zImTziJScQ1BCqVahM18pVC2JOeEcFG475hIkLCtL75hulo6qz042ENu76r3V7Who8WjeoJoZ1j/AADF1IMOdSiWo+J+xFIsSCy9AxUGeTEmXkA4bhNAVwYNK1ZBslgm6/EI1U9LMEgSGWXJWEpsYXOEsXu94tbm+4aFOygsfe4A4vO+j9Wm7RvBsieoWI6THyiDlT3FAQxOJmqwgjpEcdqfhgNbZw3lAQ+PGTtm5JRsBZp4NF66y3nbNaRB6CKWk8Rx5sNTXfPPYCtDxRio38+yppGukbztqIjKDN1c2MKnFXUGI1t1HASPAqzW8eYMh5xbzgDz57aRc1oRvCy1/1e0x0+hzxY0XWNtBVNEAWqiQNSEorPrSl/fgRsncoCGld8px+3I5afAVK2tcGZs94vc1sF6K8AOc5Zmh+Xz4ibcq2ZyUajO9I2ds/9Yd6Fx1CoGgGuot1EN0m7s48EPN9GZWh9hbC4wXLmSkfuUUoy06UmkM7+vI0XtUxCHfy1oI7RgGAxtWPkIN8jXlK29kS84VStXOdrk36gKXD6OLDq1z35yoNHX5d3Ufg7mYGNu1udNxyTNcoqqBwR0No4pPrk6VDu3hbBP3kEvJqkoXj9fEXqP0YMNAyduaSAZv3vc/o55I025KOIuRC9tGGG2EnnmkgtgFfqmTNz6B1sigPuyD29I0hSbUxrTQ0cNrKVLxUWlVFkvinDfpdDt3dSEYqhVnbqU+2Huiiz2x+Y5GKQ5/5yDyGFW+NkmOXZRDvprqZ/0OMSRbwE3946vfGsWN0xIR6H1HucXAf4qjDW1/9hV3Ck9Wk7YqwN6VG01hoPdoUMI0oYGGLoGprHw1w5LWGbzS8rgoI/3umqH9FEF0rRIjeDDJ+Kb6wAzHTL/ejbWRHcnSDxJ82OosfU0zyUPcySGFeF84EVyxkXYui1v5GzGDZjaWJHG9v0IMgTE/8DKW2V2tsJ6GHmJjt3s/1DTi1Imp9iWL2G9Z0gzTyB3mLA1O6LXmYLVs//sCpz1uhmhnYtNK7leouTE90IpoZn//WmR2ogbvRjlS/ru1weZqjvWcqp8nbXRVctP5i89fNUXoPAJiC7y9doA+hjAXKbpKFVzfNUblOFtI7wQ2K/fl/wA03Gjhe7UKySkazz/Qf4d3cxlD2XF5z9CCymH+csRMVxBe5hXv4XMnYYEfoUt+D95s/p1on/XdJlhYlgkomyVGAEHsJq6EPCre7wr49y4xqqBep8coIWS8x4pEP1jXfU3Skr08B6JG2D8iZ/S3uXDyhZrxLAouD1ufacRGJhJkKMDtOYpZm7M6JHfBOaQdXqpJwlsta4+9D1moISi2MksqvcCEgLOEzWfyJG81jLgrMkuSuwwZwK4PJuLnVZu4aZg+aa8tQ6sE3i+u1xo1dMOKgO+dMsAjncy6PDlWrlhFJBXTl1s8H+afmc2lRvZ7J5km74=&u=U2FsdGVkX1+1JAVQL03QHjMqvhzFV57TMUw6m3x0xwA=&y=U2FsdGVkX19W/dNKUFIsNzhkEIiMW0TQfFEwyHbrEwmD/Ld0OiHdMUKJsx3bceX2 HTTP/1.1" 200 2020
186.102.15.42 - - [24/Dec/2023:08:45:34 -0500] "GET /kwssiamovil/sm/acme/s?s=U2FsdGVkX18mbr1WhMuzt7qfKunWbSi5WKJSApzCGvAP7ZSxGPc2lp2BqrKYR0+BVz1MeG2zxZyXdpf8u5TqhICjBDGPBo63tJJrpY4v1rQWi5oKuo4cU06+QeBA9wJkSoz80AElvPyuiF3hhYvjCMD90qPTvasPjV+lGXAL1ah1BOWEMhe3A+KSRYUu3hkoc8ZI5rb84lfA91uQ4HKJV2OiU/Ji7B0AQfgJUzeKSfi0QE5DFqzovVwU4ZsYHpA/OtbV+R/pzzZ8wnCIkmeelaZtdPWcnMsirWMp6C+0YnlQpjwiIrcw25eqbtBl7EgwmQUBf8wvMPWyTEWeWQfifQQxTH6rZvKsnNs7IOM5sl2kVp5Xm1lgcWkSKwiKZJjLytH3JMdTC1cPJkZaSYyrJmNChIu4IaubDT7FhUsfmmvPPVSedUYoqOZrTjiHmZnl3fyDdgNNCONWVcYbYO+7x2ZG7FL3iyJyci7Iu6LFL7XLOotpmPyrnm9z6HWS8BapwSiL+E9Y1CmYJtFquP4XdYoQ2Tu1DboPJ5LUAgPpWO9Z1Rs6F7a9DeN2yueKYaPzy2LwdJWfoGuMsEfcrb+HrJC1o4BS11xQ7WmR52UAI/CSNw3PjYgxOGlZXQlOOjBaYbm6QcVfOz1IF+z0c6n07kug4zB0ykV2GdOrAzp3EMXJ5iL7LfXNjqD6i4zgWGfD4BQ7KTU+JDLrNUZpzRLfG4JQB4Q3N8w/+79bZA3I7l3sjFHBt9ZzcH0/Tml6FKPi&u=U2FsdGVkX1+1JAVQL03QHjMqvhzFV57TMUw6m3x0xwA=&y=U2FsdGVkX19W/dNKUFIsNzhkEIiMW0TQfFEwyHbrEwmD/Ld0OiHdMUKJsx3bceX2 HTTP/1.1" 200 208
156.59.198.136 - - [24/Dec/2023:08:45:35 -0500] "GET /BLA/resoluciones/RESOLUCIONES%202010/3755.pdf HTTP/1.0" 200 340225
186.102.15.42 - - [24/Dec/2023:08:45:35 -0500] "GET /kwssiamovil/sm/cjson/pre?f=1&x=U2FsdGVkX183LkTqs8nOq4qhGDBqeDbWH8hS94pOhwWo3PIc7vjj9/3z3gIWaiCS HTTP/1.1" 200 31032
173.252.79.9 - - [24/Dec/2023:08:45:42 -0500] "GET /images/residuos-construccion-demolicion-control-bogota.jpeg HTTP/1.1" 200 79264
156.59.198.135 - - [24/Dec/2023:08:46:00 -0500] "GET /BLA/resoluciones/RESOLUCIONES%202010/4140.pdf HTTP/1.0" 200 755071
185.132.12.28 - - [24/Dec/2023:08:46:03 -0500] "GET /distrito-exalto-a-246-empresas-de-bogota-por-su-alto-desempeno-y-responsabilidad-ambiental-durante-2023.html HTTP/1.1" 200 1039
172.22.2.4 - - [24/Dec/2023:08:44:27 -0500] "HEAD /BLA/boletinlegal/ HTTP/1.1" 200 -
216.244.66.195 - - [24/Dec/2023:08:46:20 -0500] "GET /BLA/resoluciones/AUTOS%202023/0730.pdf HTTP/1.1" 200 1169217
156.59.198.135 - - [24/Dec/2023:08:46:24 -0500] "GET /BLA/resoluciones/RESOLUCIONES%202008/3171.pdf HTTP/1.0" 200 206938
185.132.12.252 - - [24/Dec/2023:08:46:28 -0500] "GET /distrito-exalto-a-246-empresas-de-bogota-por-su-alto-desempeno-y-responsabilidad-ambiental-durante-2023.html HTTP/1.1" 200 1039
156.59.198.135 - - [24/Dec/2023:08:46:49 -0500] "GET /BLA/resoluciones/AUTOS%202014/4303.pdf HTTP/1.0" 200 553581
216.244.66.195 - - [24/Dec/2023:08:46:52 -0500] "GET /BLA/resoluciones/AUTOS%202023/3794.pdf HTTP/1.1" 200 1509076
172.22.2.4 - - [24/Dec/2023:08:45:18 -0500] "GET /BLA/boletinlegal/ HTTP/1.1" 200 59682
156.59.198.135 - - [24/Dec/2023:08:47:12 -0500] "GET /BLA/resoluciones/AUTOS%202014/2903.pdf HTTP/1.0" 200 2374819
201.245.192.253 - - [24/Dec/2023:08:47:11 -0500] "POST /kwsrmcab/Wsrmcab  HTTP/1.1" 200 40220
185.132.12.239 - - [24/Dec/2023:08:47:28 -0500] "GET /distrito-exalto-a-246-empresas-de-bogota-por-su-alto-desempeno-y-responsabilidad-ambiental-durante-2023.html HTTP/1.1" 200 1039
69.63.184.7 - - [24/Dec/2023:08:47:29 -0500] "GET /images/PREAD%20SDA%201.jpeg HTTP/1.1" 200 65620
216.244.66.195 - - [24/Dec/2023:08:47:33 -0500] "GET /BLA/resoluciones/AUTOS%202023/3904.pdf HTTP/1.1" 200 2098361
156.59.198.135 - - [24/Dec/2023:08:47:38 -0500] "GET /BLA/resoluciones/AUTOS%202018/5986.pdf HTTP/1.0" 200 1205726
69.63.184.116 - - [24/Dec/2023:08:47:56 -0500] "GET /images/terrazas%20verdes.jpg HTTP/1.1" 200 63951
156.59.198.136 - - [24/Dec/2023:08:48:01 -0500] "GET /BLA/resoluciones/RESOLUCIONES%202022/0176.pdf HTTP/1.0" 200 531030
185.132.12.60 - - [24/Dec/2023:08:48:12 -0500] "GET /distrito-exalto-a-246-empresas-de-bogota-por-su-alto-desempeno-y-responsabilidad-ambiental-durante-2023.html HTTP/1.1" 200 1039
173.252.87.119 - - [24/Dec/2023:08:48:15 -0500] "GET /images/PREAD%20SDA%201.jpeg HTTP/1.1" 200 65620
156.59.198.136 - - [24/Dec/2023:08:48:26 -0500] "GET /BLA/resoluciones/RESOLUCIONES%202010/2413.pdf HTTP/1.0" 200 106588
156.59.198.136 - - [24/Dec/2023:08:48:50 -0500] "GET /BLA/resoluciones/RESOLUCIONES%202010/5503.pdf HTTP/1.0" 200 2784064
185.132.12.238 - - [24/Dec/2023:08:48:53 -0500] "GET /distrito-exalto-a-246-empresas-de-bogota-por-su-alto-desempeno-y-responsabilidad-ambiental-durante-2023.html HTTP/1.1" 200 1039
156.59.198.135 - - [24/Dec/2023:08:49:15 -0500] "GET /BLA/resoluciones/Notificaciones/AUTOS%202016/02290.doc HTTP/1.0" 200 367062
185.132.12.239 - - [24/Dec/2023:08:49:34 -0500] "GET /distrito-exalto-a-246-empresas-de-bogota-por-su-alto-desempeno-y-responsabilidad-ambiental-durante-2023.html HTTP/1.1" 200 1039
156.59.198.136 - - [24/Dec/2023:08:49:39 -0500] "GET /BLA/resoluciones/RESOLUCIONES%202010/2767.pdf HTTP/1.0" 200 494519
