156.59.198.135 - - [24/Dec/2023:18:38:47 -0500] "GET /BLA/resoluciones/AUTOS%202022/6035.pdf HTTP/1.0" 200 396855
156.59.198.136 - - [24/Dec/2023:18:39:12 -0500] "GET /BLA/resoluciones/Notificaciones/AUTOS%202016/00665.doc HTTP/1.0" 200 497113
40.77.167.25 - - [24/Dec/2023:18:39:21 -0500] "GET /appsia/controlador HTTP/1.1" 200 4799
201.245.192.253 - - [24/Dec/2023:18:39:30 -0500] "POST /kwsrmcab/Wsrmcab  HTTP/1.1" 200 40220
156.59.198.135 - - [24/Dec/2023:18:39:36 -0500] "GET /BLA/resoluciones/AUTOS%202022/7041.pdf HTTP/1.0" 200 1864186
156.59.198.136 - - [24/Dec/2023:18:40:00 -0500] "GET /BLA/resoluciones/Notificaciones/AUTOS%202022/1578.pdf HTTP/1.0" 200 562697
201.245.192.253 - - [24/Dec/2023:18:40:14 -0500] "POST /kwsrmcab/Wsrmcab HTTP/1.1" 200 36032
216.245.221.92 - - [24/Dec/2023:18:40:21 -0500] "HEAD / HTTP/1.1" 200 -
201.245.192.253 - - [24/Dec/2023:18:40:19 -0500] "POST /kwsrmcab/Wsrmcab HTTP/1.1" 200 37052
156.59.198.136 - - [24/Dec/2023:18:40:25 -0500] "GET /BLA/resoluciones/AUTOS%202022/5100.pdf HTTP/1.0" 200 416193
156.59.198.135 - - [24/Dec/2023:18:40:49 -0500] "GET /BLA/resoluciones/Notificaciones/RESOLUCIONES%202020/0877.pdf HTTP/1.0" 200 372354
156.59.198.136 - - [24/Dec/2023:18:41:13 -0500] "GET /BLA/resoluciones/Notificaciones/RESOLUCIONES%202020/1282.pdf HTTP/1.0" 200 375088
172.22.2.4 - - [24/Dec/2023:18:39:34 -0500] "HEAD /BLA/boletinlegal/ HTTP/1.1" 200 -
156.59.198.135 - - [24/Dec/2023:18:41:38 -0500] "GET /BLA/resoluciones/Notificaciones/RESOLUCIONES%202020/2182.pdf HTTP/1.0" 200 362516
156.59.198.135 - - [24/Dec/2023:18:42:01 -0500] "GET /BLA/resoluciones/RESOLUCIONES%202008/1743.pdf HTTP/1.0" 200 149299
172.22.2.4 - - [24/Dec/2023:18:40:24 -0500] "GET /BLA/boletinlegal/ HTTP/1.1" 200 58567
66.249.66.194 - - [24/Dec/2023:18:42:09 -0500] "GET /como-hacer-uso-de-la-publicidad-exterior-visual-en-epoca-electoral.html HTTP/1.1" 200 843
156.59.198.136 - - [24/Dec/2023:18:42:25 -0500] "GET /BLA/resoluciones/AUTOS%202022/4794.pdf HTTP/1.0" 200 414961
156.59.198.136 - - [24/Dec/2023:18:42:51 -0500] "GET /BLA/resoluciones/Notificaciones/AUTOS%202016/00795.doc HTTP/1.0" 200 194748
156.59.198.136 - - [24/Dec/2023:18:43:16 -0500] "GET /BLA/resoluciones/RESOLUCIONES%202008/5676.pdf HTTP/1.0" 200 104193
156.59.198.135 - - [24/Dec/2023:18:43:39 -0500] "GET /BLA/resoluciones/RESOLUCIONES%202008/5400.pdf HTTP/1.0" 200 178807
156.59.198.136 - - [24/Dec/2023:18:44:04 -0500] "GET /BLA/resoluciones/Notificaciones/RESOLUCIONES%202020/2993.pdf HTTP/1.0" 200 867119
69.63.189.120 - - [24/Dec/2023:18:44:13 -0500] "GET /distrito-exalto-a-246-empresas-de-bogota-por-su-alto-desempeno-y-responsabilidad-ambiental-durante-2023.html HTTP/1.1" 200 1039
156.59.198.135 - - [24/Dec/2023:18:44:28 -0500] "GET /BLA/resoluciones/Notificaciones/RESOLUCIONES%202019/04210.pdf HTTP/1.0" 200 319354
201.245.192.253 - - [24/Dec/2023:18:44:28 -0500] "POST /kwsrmcab/Wsrmcab  HTTP/1.1" 200 40220
156.59.198.136 - - [24/Dec/2023:18:44:53 -0500] "GET /BLA/resoluciones/Notificaciones/AUTOS%202022/1051.pdf HTTP/1.0" 200 3468542
156.59.198.136 - - [24/Dec/2023:18:45:17 -0500] "GET /BLA/resoluciones/Notificaciones/AUTOS%202022/496.pdf HTTP/1.0" 200 483907
216.245.221.92 - - [24/Dec/2023:18:45:21 -0500] "HEAD / HTTP/1.1" 200 -
156.59.198.135 - - [24/Dec/2023:18:45:42 -0500] "GET /BLA/resoluciones/RESOLUCIONES%202008/5211.pdf HTTP/1.0" 200 69381
156.59.198.135 - - [24/Dec/2023:18:46:07 -0500] "GET /BLA/resoluciones/AUTOS%202022/8586.pdf HTTP/1.0" 200 1155788
156.59.198.135 - - [24/Dec/2023:18:46:32 -0500] "GET /BLA/resoluciones/Notificaciones/AUTOS%202022/6066.pdf HTTP/1.0" 200 393585
40.77.167.136 - - [24/Dec/2023:18:46:35 -0500] "GET /distrito-celebro-el-cumpleanos-del-parque-ecologico-distrital-de-montana-entrenubes.html HTTP/1.1" 304 -
156.59.198.136 - - [24/Dec/2023:18:46:55 -0500] "GET /BLA/resoluciones/AUTOS%202022/7276.pdf HTTP/1.0" 200 499307
172.22.2.4 - - [24/Dec/2023:18:45:24 -0500] "HEAD /BLA/boletinlegal/ HTTP/1.1" 200 -
156.59.198.136 - - [24/Dec/2023:18:47:19 -0500] "GET /BLA/resoluciones/Notificaciones/RESOLUCIONES%202016/2201.pdf HTTP/1.0" 200 293802
156.59.198.136 - - [24/Dec/2023:18:47:43 -0500] "GET /BLA/resoluciones/AUTOS%202022/6792.pdf HTTP/1.0" 200 414407
172.22.2.4 - - [24/Dec/2023:18:46:15 -0500] "GET /BLA/boletinlegal/ HTTP/1.1" 200 60502
156.59.198.136 - - [24/Dec/2023:18:48:08 -0500] "GET /BLA/resoluciones/RESOLUCIONES%202008/2852.pdf HTTP/1.0" 200 56270
156.59.198.136 - - [24/Dec/2023:18:48:33 -0500] "GET /BLA/resoluciones/AUTOS%202022/7595.pdf HTTP/1.0" 200 443207
156.59.198.135 - - [24/Dec/2023:18:48:58 -0500] "GET /BLA/resoluciones/Notificaciones/RESOLUCIONES%202016/00541.doc HTTP/1.0" 200 190798
156.59.198.135 - - [24/Dec/2023:18:49:22 -0500] "GET /BLA/resoluciones/AUTOS%202022/4223.pdf HTTP/1.0" 200 404590
201.245.192.253 - - [24/Dec/2023:18:49:26 -0500] "POST /kwsrmcab/Wsrmcab  HTTP/1.1" 200 40220
156.59.198.135 - - [24/Dec/2023:18:49:47 -0500] "GET /BLA/resoluciones/Notificaciones/AUTOS%202022/7264.pdf HTTP/1.0" 200 397858
156.59.198.135 - - [24/Dec/2023:18:50:11 -0500] "GET /BLA/resoluciones/Notificaciones/RESOLUCIONES%202020/2530.pdf HTTP/1.0" 200 2013143
216.245.221.92 - - [24/Dec/2023:18:50:21 -0500] "HEAD / HTTP/1.1" 200 -
156.59.198.136 - - [24/Dec/2023:18:50:35 -0500] "GET /BLA/resoluciones/AUTOS%202022/4889.pdf HTTP/1.0" 200 388956
156.59.198.136 - - [24/Dec/2023:18:51:00 -0500] "GET /BLA/resoluciones/AUTOS%202022/6816.pdf HTTP/1.0" 200 441457
172.22.2.4 - - [24/Dec/2023:18:51:11 -0500] "GET /BLA/boletinlegal/jurisprudencia/analisis/AnalisisT-606-15.docx HTTP/1.1" 200 26698
172.22.2.4 - - [24/Dec/2023:18:51:12 -0500] "GET /BLA/boletinlegal/apple-touch-icon-120x120-precomposed.png HTTP/1.1" 404 1140
172.22.2.4 - - [24/Dec/2023:18:51:12 -0500] "GET /BLA/boletinlegal/apple-touch-icon-120x120.png HTTP/1.1" 404 1140
172.22.2.4 - - [24/Dec/2023:18:51:12 -0500] "GET /BLA/boletinlegal/apple-touch-icon-precomposed.png HTTP/1.1" 404 1140
172.22.2.4 - - [24/Dec/2023:18:51:12 -0500] "GET /BLA/boletinlegal/apple-touch-icon.png HTTP/1.1" 404 1140
172.22.2.4 - - [24/Dec/2023:18:51:12 -0500] "GET /BLA/boletinlegal/favicon.ico HTTP/1.1" 404 1140
172.22.2.4 - - [24/Dec/2023:18:51:12 -0500] "GET /BLA/boletinlegal/apple-touch-icon-120x120-precomposed.png HTTP/1.1" 404 1140
172.22.2.4 - - [24/Dec/2023:18:51:12 -0500] "GET /BLA/boletinlegal/apple-touch-icon-120x120.png HTTP/1.1" 404 1140
172.22.2.4 - - [24/Dec/2023:18:51:12 -0500] "GET /BLA/boletinlegal/apple-touch-icon-precomposed.png HTTP/1.1" 404 1140
172.22.2.4 - - [24/Dec/2023:18:51:12 -0500] "GET /BLA/boletinlegal/apple-touch-icon.png HTTP/1.1" 404 1140
172.22.2.4 - - [24/Dec/2023:18:51:12 -0500] "GET /BLA/boletinlegal/favicon.ico HTTP/1.1" 404 1140
156.59.198.136 - - [24/Dec/2023:18:51:24 -0500] "GET /BLA/resoluciones/AUTOS%202022/6052.pdf HTTP/1.0" 200 537906
156.59.198.135 - - [24/Dec/2023:18:51:49 -0500] "GET /BLA/resoluciones/AUTOS%202022/4076.pdf HTTP/1.0" 200 472328
156.59.198.136 - - [24/Dec/2023:18:52:13 -0500] "GET /BLA/resoluciones/RESOLUCIONES%202008/2439.pdf HTTP/1.0" 200 88880
156.59.198.136 - - [24/Dec/2023:18:52:37 -0500] "GET /BLA/resoluciones/AUTOS%202022/5224.pdf HTTP/1.0" 200 772326
172.22.2.4 - - [24/Dec/2023:18:51:14 -0500] "HEAD /BLA/boletinlegal/ HTTP/1.1" 200 -
156.59.198.135 - - [24/Dec/2023:18:53:01 -0500] "GET /BLA/resoluciones/RESOLUCIONES%202008/4382.pdf HTTP/1.0" 200 39294
156.59.198.135 - - [24/Dec/2023:18:53:25 -0500] "GET /BLA/resoluciones/AUTOS%202022/4287.pdf HTTP/1.0" 200 397970
172.22.2.4 - - [24/Dec/2023:18:52:04 -0500] "GET /BLA/boletinlegal/ HTTP/1.1" 200 60502
156.59.198.135 - - [24/Dec/2023:18:53:49 -0500] "GET /BLA/resoluciones/Notificaciones/RESOLUCIONES%202020/0961.pdf HTTP/1.0" 200 354015
156.59.198.135 - - [24/Dec/2023:18:54:14 -0500] "GET /BLA/resoluciones/AUTOS%202022/4700.pdf HTTP/1.0" 200 1129211
201.245.192.253 - - [24/Dec/2023:18:54:26 -0500] "POST /kwsrmcab/Wsrmcab  HTTP/1.1" 200 40220
156.59.198.136 - - [24/Dec/2023:18:54:38 -0500] "GET /BLA/resoluciones/RESOLUCIONES%202006/RESOLUCION%2066%20DE%202006.PDF HTTP/1.0" 200 931410
156.59.198.136 - - [24/Dec/2023:18:55:03 -0500] "GET /BLA/resoluciones/Notificaciones/AUTOS%202022/4998.pdf HTTP/1.0" 200 490345
216.245.221.92 - - [24/Dec/2023:18:55:21 -0500] "HEAD / HTTP/1.1" 200 -
156.59.198.135 - - [24/Dec/2023:18:55:27 -0500] "GET /BLA/resoluciones/RESOLUCIONES%202008/4841.pdf HTTP/1.0" 200 82971
156.59.198.135 - - [24/Dec/2023:18:55:52 -0500] "GET /BLA/resoluciones/RESOLUCIONES%202008/1874.pdf HTTP/1.0" 200 197800
51.254.59.113 - - [24/Dec/2023:18:55:54 -0500] "GET / HTTP/1.1" 200 319
156.59.198.135 - - [24/Dec/2023:18:56:16 -0500] "GET /BLA/resoluciones/RESOLUCIONES%202008/1875.pdf HTTP/1.0" 200 195006
156.59.198.136 - - [24/Dec/2023:18:56:40 -0500] "GET /BLA/resoluciones/Notificaciones/RESOLUCIONES%202020/0455.pdf HTTP/1.0" 200 743618
156.59.198.136 - - [24/Dec/2023:18:57:04 -0500] "GET /BLA/resoluciones/AUTOS%202020/3179.pdf HTTP/1.0" 200 322768
156.59.198.135 - - [24/Dec/2023:18:57:28 -0500] "GET /BLA/resoluciones/RESOLUCIONES%202008/1143.pdf HTTP/1.0" 200 117040
156.59.198.135 - - [24/Dec/2023:18:57:53 -0500] "GET /BLA/resoluciones/Notificaciones/RESOLUCIONES%202016/00641.doc HTTP/1.0" 200 190622
156.59.198.135 - - [24/Dec/2023:18:58:17 -0500] "GET /BLA/resoluciones/Notificaciones/RESOLUCIONES%202019/03478.pdf HTTP/1.0" 200 298083
156.59.198.136 - - [24/Dec/2023:18:58:42 -0500] "GET /BLA/resoluciones/Notificaciones/RESOLUCIONES%202020/2061.pdf HTTP/1.0" 200 419116
172.22.2.4 - - [24/Dec/2023:18:57:04 -0500] "HEAD /BLA/boletinlegal/ HTTP/1.1" 200 -
156.59.198.135 - - [24/Dec/2023:18:59:06 -0500] "GET /BLA/resoluciones/Notificaciones/RESOLUCIONES%202019/3231.pdf HTTP/1.0" 200 400063
201.245.192.253 - - [24/Dec/2023:18:59:25 -0500] "POST /kwsrmcab/Wsrmcab  HTTP/1.1" 200 40220
156.59.198.136 - - [24/Dec/2023:18:59:30 -0500] "GET /BLA/resoluciones/Notificaciones/AUTOS%202016/02031.doc HTTP/1.0" 200 601161
172.22.2.4 - - [24/Dec/2023:18:57:54 -0500] "GET /BLA/boletinlegal/ HTTP/1.1" 200 58567
156.59.198.136 - - [24/Dec/2023:18:59:54 -0500] "GET /BLA/resoluciones/RESOLUCIONES%202008/5080.pdf HTTP/1.0" 200 184461
156.59.198.135 - - [24/Dec/2023:19:00:19 -0500] "GET /BLA/resoluciones/AUTOS%202022/8551.pdf HTTP/1.0" 200 422050
216.245.221.92 - - [24/Dec/2023:19:00:21 -0500] "HEAD / HTTP/1.1" 200 -
156.59.198.135 - - [24/Dec/2023:19:00:42 -0500] "GET /BLA/resoluciones/RESOLUCIONES%202006/1908.pdf HTTP/1.0" 200 629798
156.59.198.135 - - [24/Dec/2023:19:01:07 -0500] "GET /BLA/resoluciones/RESOLUCIONES%202008/3535.pdf HTTP/1.0" 200 182003
156.59.198.136 - - [24/Dec/2023:19:01:31 -0500] "GET /BLA/resoluciones/AUTOS%202022/8594.pdf HTTP/1.0" 200 568081
173.252.79.6 - - [24/Dec/2023:19:01:45 -0500] "GET /secretaria-de-ambiente-reconocio-entidades-por-sus-buenas-practicas-ambientales.html HTTP/1.1" 200 892
173.252.79.8 - - [24/Dec/2023:19:01:45 -0500] "GET /secretaria-de-ambiente-reconocio-entidades-por-sus-buenas-practicas-ambientales.html HTTP/1.1" 200 892
156.59.198.135 - - [24/Dec/2023:19:01:55 -0500] "GET /BLA/resoluciones/RESOLUCIONES%202008/4823.pdf HTTP/1.0" 200 36730
5.235.238.89 - - [24/Dec/2023:19:02:00 -0500] "GET / HTTP/1.1" 200 319
156.59.198.135 - - [24/Dec/2023:19:02:20 -0500] "GET /BLA/resoluciones/RESOLUCIONES%202008/3154.pdf HTTP/1.0" 200 88819
156.59.198.135 - - [24/Dec/2023:19:02:45 -0500] "GET /BLA/resoluciones/AUTOS%202022/4757.pdf HTTP/1.0" 200 344331
156.59.198.136 - - [24/Dec/2023:19:03:08 -0500] "GET /BLA/resoluciones/AUTOS%202020/2998.pdf HTTP/1.0" 200 339006
156.59.198.136 - - [24/Dec/2023:19:03:33 -0500] "GET /BLA/resoluciones/RESOLUCIONES%202008/2607.pdf HTTP/1.0" 200 72795
186.29.19.225 - - [24/Dec/2023:19:03:44 -0500] "GET /mis-de-50-aves-silvestres-fueron-recuperadas-en-la-localidad-de-tunjuelito.html HTTP/1.1" 200 806
156.59.198.136 - - [24/Dec/2023:19:03:56 -0500] "GET /BLA/resoluciones/Notificaciones/AUTOS%202022/8211.pdf HTTP/1.0" 200 427516
40.77.167.76 - - [24/Dec/2023:19:03:57 -0500] "GET /BLA/resoluciones/RESOLUCIONES%202019/0674.pdf HTTP/1.1" 200 406883
207.46.13.128 - - [24/Dec/2023:19:04:06 -0500] "GET /BLA/resoluciones/RESOLUCIONES%202021/2579.pdf HTTP/1.1" 200 815347
156.59.198.136 - - [24/Dec/2023:19:04:20 -0500] "GET /BLA/resoluciones/AUTOS%202020/1923.pdf HTTP/1.0" 200 337159
201.245.192.253 - - [24/Dec/2023:19:04:23 -0500] "POST /kwsrmcab/Wsrmcab  HTTP/1.1" 200 40220
172.22.2.4 - - [24/Dec/2023:19:02:54 -0500] "HEAD /BLA/boletinlegal/ HTTP/1.1" 200 -
156.59.198.136 - - [24/Dec/2023:19:04:45 -0500] "GET /BLA/resoluciones/RESOLUCIONES%202008/3570.pdf HTTP/1.0" 200 194465
156.59.198.136 - - [24/Dec/2023:19:05:09 -0500] "GET /BLA/resoluciones/RESOLUCIONES%202008/1965.pdf HTTP/1.0" 200 65176
186.102.90.136 - - [24/Dec/2023:19:05:19 -0500] "GET /mis-de-50-aves-silvestres-fueron-recuperadas-en-la-localidad-de-tunjuelito.html HTTP/1.1" 200 806
216.245.221.92 - - [24/Dec/2023:19:05:21 -0500] "HEAD / HTTP/1.1" 200 -
172.22.2.4 - - [24/Dec/2023:19:03:44 -0500] "GET /BLA/boletinlegal/ HTTP/1.1" 200 60502
156.59.198.135 - - [24/Dec/2023:19:05:33 -0500] "GET /BLA/resoluciones/Notificaciones/AUTOS%202022/7369.pdf HTTP/1.0" 200 1115652
156.59.198.136 - - [24/Dec/2023:19:05:58 -0500] "GET /BLA/resoluciones/RESOLUCIONES%202008/2232.pdf HTTP/1.0" 200 201021
156.59.198.135 - - [24/Dec/2023:19:06:23 -0500] "GET /BLA/resoluciones/Notificaciones/AUTOS%202016/03012.pdf HTTP/1.0" 200 381409
156.59.198.136 - - [24/Dec/2023:19:06:47 -0500] "GET /BLA/resoluciones/Notificaciones/AUTOS%202016/01886.doc HTTP/1.0" 200 843718
156.59.198.136 - - [24/Dec/2023:19:07:12 -0500] "GET /BLA/resoluciones/AUTOS%202022/4213.pdf HTTP/1.0" 200 374624
186.84.21.70 - - [24/Dec/2023:19:07:20 -0500] "GET /mis-de-50-aves-silvestres-fueron-recuperadas-en-la-localidad-de-tunjuelito.html HTTP/1.1" 200 806
156.59.198.136 - - [24/Dec/2023:19:07:36 -0500] "GET /BLA/resoluciones/Notificaciones/AUTOS%202016/00664.doc HTTP/1.0" 200 198814
34.32.156.207 - - [24/Dec/2023:19:07:45 -0500] "GET /distrito-exalto-a-246-empresas-de-bogota-por-su-alto-desempeno-y-responsabilidad-ambiental-durante-2023.html HTTP/1.1" 200 1039
156.59.198.135 - - [24/Dec/2023:19:08:01 -0500] "GET /BLA/resoluciones/RESOLUCIONES%202008/5163.pdf HTTP/1.0" 200 197030
156.59.198.135 - - [24/Dec/2023:19:08:25 -0500] "GET /BLA/resoluciones/AUTOS%202020/4757.pdf HTTP/1.0" 200 346584
156.59.198.136 - - [24/Dec/2023:19:08:50 -0500] "GET /BLA/resoluciones/AUTOS%202022/7977.pdf HTTP/1.0" 200 492468
156.59.198.136 - - [24/Dec/2023:19:09:14 -0500] "GET /BLA/resoluciones/AUTOS%202022/5459.pdf HTTP/1.0" 200 369779
201.245.192.253 - - [24/Dec/2023:19:09:21 -0500] "POST /kwsrmcab/Wsrmcab  HTTP/1.1" 200 40220
156.59.198.135 - - [24/Dec/2023:19:09:38 -0500] "GET /BLA/resoluciones/Notificaciones/AUTOS%202022/4904.pdf HTTP/1.0" 200 400810
156.59.198.136 - - [24/Dec/2023:19:10:03 -0500] "GET /BLA/resoluciones/AUTOS%202022/4992.pdf HTTP/1.0" 200 371585
216.245.221.92 - - [24/Dec/2023:19:10:21 -0500] "HEAD / HTTP/1.1" 200 -
172.22.2.4 - - [24/Dec/2023:19:08:44 -0500] "HEAD /BLA/boletinlegal/ HTTP/1.1" 200 -
156.59.198.136 - - [24/Dec/2023:19:10:27 -0500] "GET /BLA/resoluciones/Notificaciones/AUTOS%202022/2837.pdf HTTP/1.0" 200 1292682
156.59.198.136 - - [24/Dec/2023:19:10:52 -0500] "GET /BLA/resoluciones/RESOLUCIONES%202008/4241.pdf HTTP/1.0" 200 212344
172.22.2.4 - - [24/Dec/2023:19:09:34 -0500] "GET /BLA/boletinlegal/ HTTP/1.1" 200 60502
156.59.198.135 - - [24/Dec/2023:19:11:15 -0500] "GET /BLA/resoluciones/Notificaciones/RESOLUCIONES%202020/2323.pdf HTTP/1.0" 200 1823912
156.59.198.136 - - [24/Dec/2023:19:11:39 -0500] "GET /BLA/resoluciones/AUTOS%202022/6431.pdf HTTP/1.0" 200 379996
156.59.198.136 - - [24/Dec/2023:19:12:04 -0500] "GET /BLA/resoluciones/Notificaciones/RESOLUCIONES%202019/2008.pdf HTTP/1.0" 200 412445
156.59.198.135 - - [24/Dec/2023:19:12:28 -0500] "GET /BLA/resoluciones/RESOLUCIONES%202008/1873.pdf HTTP/1.0" 200 202833
31.13.127.7 - - [24/Dec/2023:19:12:32 -0500] "GET /distrito-exalto-a-246-empresas-de-bogota-por-su-alto-desempeno-y-responsabilidad-ambiental-durante-2023.html HTTP/1.1" 200 1039
31.13.127.6 - - [24/Dec/2023:19:12:32 -0500] "GET /distrito-exalto-a-246-empresas-de-bogota-por-su-alto-desempeno-y-responsabilidad-ambiental-durante-2023.html HTTP/1.1" 200 1039
31.13.127.119 - - [24/Dec/2023:19:12:33 -0500] "GET /distrito-exalto-a-246-empresas-de-bogota-por-su-alto-desempeno-y-responsabilidad-ambiental-durante-2023.html HTTP/1.1" 200 1039
156.59.198.136 - - [24/Dec/2023:19:12:52 -0500] "GET /BLA/resoluciones/AUTOS%202022/8604.pdf HTTP/1.0" 200 624686
156.59.198.136 - - [24/Dec/2023:19:13:16 -0500] "GET /BLA/resoluciones/Notificaciones/AUTOS%202022/2823.pdf HTTP/1.0" 200 389297
173.252.107.3 - - [24/Dec/2023:19:13:28 -0500] "GET /images/PREAD%20SDA%201.jpeg HTTP/1.1" 200 65620
156.59.198.135 - - [24/Dec/2023:19:13:41 -0500] "GET /BLA/resoluciones/Notificaciones/RESOLUCIONES%202020/2736.pdf HTTP/1.0" 200 821692
190.156.209.235 - - [24/Dec/2023:19:13:56 -0500] "GET /distrito-exalto-a-246-empresas-de-bogota-por-su-alto-desempeno-y-responsabilidad-ambiental-durante-2023.html HTTP/1.1" 200 1039
40.77.167.53 - - [24/Dec/2023:19:14:05 -0500] "GET /sipse/faces/faces/autenticacion.xhtml HTTP/1.1" 200 12729
156.59.198.136 - - [24/Dec/2023:19:14:06 -0500] "GET /BLA/resoluciones/AUTOS%202022/7164.pdf HTTP/1.0" 200 390675
201.245.192.253 - - [24/Dec/2023:19:14:21 -0500] "POST /kwsrmcab/Wsrmcab  HTTP/1.1" 200 40220
156.59.198.136 - - [24/Dec/2023:19:14:30 -0500] "GET /BLA/resoluciones/RESOLUCIONES%202008/4409.pdf HTTP/1.0" 200 17210
156.59.198.136 - - [24/Dec/2023:19:14:55 -0500] "GET /BLA/resoluciones/AUTOS%202022/5964.pdf HTTP/1.0" 200 479722
156.59.198.135 - - [24/Dec/2023:19:15:19 -0500] "GET /BLA/resoluciones/AUTOS%202022/7664.pdf HTTP/1.0" 200 472982
216.245.221.92 - - [24/Dec/2023:19:15:20 -0500] "HEAD / HTTP/1.1" 200 -
156.59.198.135 - - [24/Dec/2023:19:15:45 -0500] "GET /BLA/resoluciones/Notificaciones/RESOLUCIONES%202020/1716.pdf HTTP/1.0" 200 361921
156.59.198.136 - - [24/Dec/2023:19:16:09 -0500] "GET /BLA/resoluciones/Notificaciones/AUTOS%202022/0593.pdf HTTP/1.0" 200 354836
172.22.2.4 - - [24/Dec/2023:19:14:34 -0500] "HEAD /BLA/boletinlegal/ HTTP/1.1" 200 -
201.245.192.253 - - [24/Dec/2023:19:16:15 -0500] "POST /kwsrmcab/Wsrmcab HTTP/1.1" 200 35985
201.245.192.253 - - [24/Dec/2023:19:16:18 -0500] "POST /kwsrmcab/Wsrmcab HTTP/1.1" 200 37044
156.59.198.136 - - [24/Dec/2023:19:16:33 -0500] "GET /BLA/resoluciones/AUTOS%202022/7552.pdf HTTP/1.0" 200 708493
156.59.198.136 - - [24/Dec/2023:19:16:56 -0500] "GET /BLA/resoluciones/AUTOS%202022/7890.pdf HTTP/1.0" 200 412010
172.22.2.4 - - [24/Dec/2023:19:15:24 -0500] "GET /BLA/boletinlegal/ HTTP/1.1" 200 54780
157.55.39.53 - - [24/Dec/2023:19:17:08 -0500] "GET /images/feria-rafael-uribe-uribe.jpg HTTP/1.1" 200 68437
207.46.13.155 - - [24/Dec/2023:19:17:11 -0500] "GET /BLA/resoluciones/index.php?dir=RESOLUCIONES+2006%2FRES+2006+2601-2650%2F HTTP/1.1" 200 11939
156.59.198.135 - - [24/Dec/2023:19:17:21 -0500] "GET /BLA/resoluciones/AUTOS%202022/7611.pdf HTTP/1.0" 200 440644
156.59.198.136 - - [24/Dec/2023:19:17:46 -0500] "GET /BLA/resoluciones/AUTOS%202022/4235.pdf HTTP/1.0" 200 373416
156.59.198.136 - - [24/Dec/2023:19:18:10 -0500] "GET /BLA/resoluciones/AUTOS%202022/6989.pdf HTTP/1.0" 200 423401
156.59.198.136 - - [24/Dec/2023:19:18:35 -0500] "GET /BLA/resoluciones/Notificaciones/RESOLUCIONES%202016/756.pdf HTTP/1.0" 200 250418
156.59.198.135 - - [24/Dec/2023:19:19:00 -0500] "GET /BLA/resoluciones/RESOLUCIONES%202008/0653.pdf HTTP/1.0" 200 97914
201.245.192.253 - - [24/Dec/2023:19:19:20 -0500] "POST /kwsrmcab/Wsrmcab  HTTP/1.1" 200 40220
156.59.198.135 - - [24/Dec/2023:19:19:24 -0500] "GET /BLA/resoluciones/AUTOS%202022/8323.pdf HTTP/1.0" 200 335477
173.252.107.8 - - [24/Dec/2023:19:19:45 -0500] "GET /secretaria-de-ambiente-libero-12-animales-silvestres-en-parque-entrenubes-en-los-ultimos-tres-anos-ya-han-retornado-a-la-libertad-12-800.html HTTP/1.1" 200 914
156.59.198.136 - - [24/Dec/2023:19:19:47 -0500] "GET /BLA/resoluciones/Notificaciones/AUTOS%202016/2290.pdf HTTP/1.0" 200 367062
156.59.198.136 - - [24/Dec/2023:19:20:12 -0500] "GET /BLA/resoluciones/AUTOS%202022/4909.pdf HTTP/1.0" 200 394497
201.245.192.253 - - [24/Dec/2023:19:20:13 -0500] "POST /kwsrmcab/Wsrmcab HTTP/1.1" 200 35985
216.245.221.92 - - [24/Dec/2023:19:20:20 -0500] "HEAD / HTTP/1.1" 200 -
201.245.192.253 - - [24/Dec/2023:19:20:19 -0500] "POST /kwsrmcab/Wsrmcab HTTP/1.1" 200 37044
156.59.198.135 - - [24/Dec/2023:19:20:37 -0500] "GET /BLA/resoluciones/RESOLUCIONES%202006/1415.pdf HTTP/1.0" 200 196938
173.252.83.5 - - [24/Dec/2023:19:20:48 -0500] "GET /images/Acuerdos%2001%20(1)%20(1).jpeg HTTP/1.1" 200 32884
156.59.198.135 - - [24/Dec/2023:19:21:02 -0500] "GET /BLA/resoluciones/Notificaciones/AUTOS%202016/01629.pdf HTTP/1.0" 200 382008
31.13.103.9 - - [24/Dec/2023:19:21:20 -0500] "GET /secretaria-de-ambiente-reconocio-entidades-por-sus-buenas-practicas-ambientales.html HTTP/1.1" 200 892
156.59.198.135 - - [24/Dec/2023:19:21:26 -0500] "GET /BLA/resoluciones/AUTOS%202022/5731.pdf HTTP/1.0" 200 462098
156.59.198.135 - - [24/Dec/2023:19:21:52 -0500] "GET /BLA/resoluciones/Notificaciones/AUTOS%202016/0245.pdf HTTP/1.0" 200 458330
91.92.241.93 - - [24/Dec/2023:19:22:03 -0500] "GET /.env HTTP/1.1" 404 1018
91.92.241.93 - - [24/Dec/2023:19:22:04 -0500] "POST / HTTP/1.1" 200 319
172.22.2.4 - - [24/Dec/2023:19:20:24 -0500] "HEAD /BLA/boletinlegal/ HTTP/1.1" 200 -
162.55.175.144 - - [24/Dec/2023:19:22:07 -0500] "GET / HTTP/1.1" 200 4720
162.55.175.144 - - [24/Dec/2023:19:22:10 -0500] "GET / HTTP/1.1" 200 319
156.59.198.136 - - [24/Dec/2023:19:22:16 -0500] "GET /BLA/resoluciones/AUTOS%202022/4869.pdf HTTP/1.0" 200 938459
156.59.198.136 - - [24/Dec/2023:19:22:40 -0500] "GET /BLA/resoluciones/AUTOS%202022/6040.pdf HTTP/1.0" 200 401707
172.22.2.4 - - [24/Dec/2023:19:21:14 -0500] "GET /BLA/boletinlegal/ HTTP/1.1" 200 54031
156.59.198.136 - - [24/Dec/2023:19:23:04 -0500] "GET /BLA/resoluciones/RESOLUCIONES%202008/2412.pdf HTTP/1.0" 200 211046
156.59.198.136 - - [24/Dec/2023:19:23:29 -0500] "GET /BLA/resoluciones/Notificaciones/AUTOS%202016/02611.doc HTTP/1.0" 200 361170
156.59.198.136 - - [24/Dec/2023:19:23:53 -0500] "GET /BLA/resoluciones/AUTOS%202022/6929.pdf HTTP/1.0" 200 486473
156.59.198.136 - - [24/Dec/2023:19:24:17 -0500] "GET /BLA/resoluciones/AUTOS%202022/8553.pdf HTTP/1.0" 200 410234
201.245.192.253 - - [24/Dec/2023:19:24:19 -0500] "POST /kwsrmcab/Wsrmcab  HTTP/1.1" 200 40220
156.59.198.136 - - [24/Dec/2023:19:24:42 -0500] "GET /BLA/resoluciones/AUTOS%202022/7913.pdf HTTP/1.0" 200 451015
156.59.198.136 - - [24/Dec/2023:19:25:06 -0500] "GET /BLA/resoluciones/RESOLUCIONES%202008/2129.pdf HTTP/1.0" 200 206282
216.245.221.92 - - [24/Dec/2023:19:25:21 -0500] "HEAD / HTTP/1.1" 200 -
156.59.198.136 - - [24/Dec/2023:19:25:30 -0500] "GET /BLA/resoluciones/AUTOS%202022/8226.pdf HTTP/1.0" 200 416342
156.59.198.135 - - [24/Dec/2023:19:25:54 -0500] "GET /BLA/resoluciones/RESOLUCIONES%202008/5629.pdf HTTP/1.0" 200 74192
201.245.192.253 - - [24/Dec/2023:19:26:14 -0500] "POST /kwsrmcab/Wsrmcab HTTP/1.1" 200 35985
156.59.198.135 - - [24/Dec/2023:19:26:19 -0500] "GET /BLA/resoluciones/Notificaciones/AUTOS%202016/03131.doc HTTP/1.0" 200 379900
201.245.192.253 - - [24/Dec/2023:19:26:17 -0500] "POST /kwsrmcab/Wsrmcab HTTP/1.1" 200 37044
156.59.198.135 - - [24/Dec/2023:19:26:43 -0500] "GET /BLA/resoluciones/AUTOS%202022/5021.pdf HTTP/1.0" 200 394926
173.252.83.116 - - [24/Dec/2023:19:26:53 -0500] "GET /distrito-exalta-48-arboles-patrimoniales-y-15-de-interes-publico-en-bogota.html HTTP/1.1" 200 816
156.59.198.135 - - [24/Dec/2023:19:27:08 -0500] "GET /BLA/resoluciones/RESOLUCIONES%202008/1890.pdf HTTP/1.0" 200 198311
156.59.198.136 - - [24/Dec/2023:19:27:32 -0500] "GET /BLA/resoluciones/RESOLUCIONES%202008/1140.pdf HTTP/1.0" 200 239176
181.53.96.22 - - [24/Dec/2023:19:27:47 -0500] "GET /mis-de-50-aves-silvestres-fueron-recuperadas-en-la-localidad-de-tunjuelito.html HTTP/1.1" 200 806
181.53.96.22 - - [24/Dec/2023:19:27:47 -0500] "GET /favicon.ico HTTP/1.1" 404 1356
172.22.2.4 - - [24/Dec/2023:19:26:14 -0500] "HEAD /BLA/boletinlegal/ HTTP/1.1" 200 -
156.59.198.135 - - [24/Dec/2023:19:27:56 -0500] "GET /BLA/resoluciones/AUTOS%202022/5317.pdf HTTP/1.0" 200 423755
156.59.198.135 - - [24/Dec/2023:19:28:20 -0500] "GET /BLA/resoluciones/AUTOS%202022/8581.pdf HTTP/1.0" 200 380118
156.59.198.136 - - [24/Dec/2023:19:28:44 -0500] "GET /BLA/resoluciones/RESOLUCIONES%202006/0246.pdf HTTP/1.0" 200 864201
172.22.2.4 - - [24/Dec/2023:19:27:04 -0500] "GET /BLA/boletinlegal/ HTTP/1.1" 200 52418
156.59.198.136 - - [24/Dec/2023:19:29:08 -0500] "GET /BLA/resoluciones/Notificaciones/RESOLUCIONES%202019/2447.pdf HTTP/1.0" 200 274630
201.245.192.253 - - [24/Dec/2023:19:29:18 -0500] "POST /kwsrmcab/Wsrmcab  HTTP/1.1" 200 40220
156.59.198.135 - - [24/Dec/2023:19:29:33 -0500] "GET /BLA/resoluciones/RESOLUCIONES%202008/5404.pdf HTTP/1.0" 200 108411
156.59.198.135 - - [24/Dec/2023:19:29:58 -0500] "GET /BLA/resoluciones/Notificaciones/AUTOS%202016/02420.doc HTTP/1.0" 200 1717609
201.245.192.253 - - [24/Dec/2023:19:30:14 -0500] "POST /kwsrmcab/Wsrmcab HTTP/1.1" 200 35985
216.245.221.92 - - [24/Dec/2023:19:30:20 -0500] "HEAD / HTTP/1.1" 200 -
156.59.198.136 - - [24/Dec/2023:19:30:21 -0500] "GET /BLA/resoluciones/AUTOS%202022/4427.pdf HTTP/1.0" 200 1384455
201.245.192.253 - - [24/Dec/2023:19:30:20 -0500] "POST /kwsrmcab/Wsrmcab HTTP/1.1" 200 37044
173.252.79.9 - - [24/Dec/2023:19:30:38 -0500] "GET /images/presentaci\xc3\xb3n%20convenci\xc3\xb3n.jpg HTTP/1.1" 404 1034
156.59.198.135 - - [24/Dec/2023:19:30:46 -0500] "GET /BLA/resoluciones/AUTOS%202022/5762.pdf HTTP/1.0" 200 396140
156.59.198.136 - - [24/Dec/2023:19:31:10 -0500] "GET /BLA/resoluciones/AUTOS%202022/4054.pdf HTTP/1.0" 200 418530
156.59.198.135 - - [24/Dec/2023:19:31:34 -0500] "GET /BLA/resoluciones/Notificaciones/AUTOS%202016/00668.doc HTTP/1.0" 200 195121
156.59.198.135 - - [24/Dec/2023:19:31:58 -0500] "GET /BLA/resoluciones/Notificaciones/RESOLUCIONES%202016/00523.pdf HTTP/1.0" 200 876166
156.59.198.135 - - [24/Dec/2023:19:32:23 -0500] "GET /BLA/resoluciones/AUTOS%202022/7354.pdf HTTP/1.0" 200 2591048
47.128.40.191 - - [24/Dec/2023:19:32:48 -0500] "GET /BLA/resoluciones/index.php?dir=RESOLUCIONES%202003%2FRES%202003%20401-450%2F&order=asc&sort=date HTTP/1.1" 200 11312
47.128.40.191 - - [24/Dec/2023:19:32:49 -0500] "GET /BLA/resoluciones/dlf/dirup.png HTTP/1.1" 200 644
47.128.40.191 - - [24/Dec/2023:19:32:49 -0500] "GET /BLA/resoluciones/dlf/unknown.png HTTP/1.1" 200 266
172.22.2.4 - - [24/Dec/2023:19:32:13 -0500] "GET /BLA/boletinlegal/ HTTP/1.1" 200 24523
47.128.99.31 - - [24/Dec/2023:19:33:12 -0500] "GET /BLA/resoluciones/AUTOS%202006/AUTOS%202006%201801-%201900/INDEX.DAT HTTP/1.1" 200 4000
47.128.118.15 - - [24/Dec/2023:19:33:36 -0500] "GET /BLA/resoluciones/index.php?dir=RESOLUCIONES%202005%2FRES%202005%202951-3000%2F&order=asc&sort=date HTTP/1.1" 200 11937
47.128.118.15 - - [24/Dec/2023:19:33:37 -0500] "GET /BLA/resoluciones/dlf/unknown.png HTTP/1.1" 200 266
47.128.118.15 - - [24/Dec/2023:19:33:37 -0500] "GET /BLA/resoluciones/dlf/dirup.png HTTP/1.1" 200 644
172.22.2.4 - - [24/Dec/2023:19:32:04 -0500] "HEAD /BLA/boletinlegal/ HTTP/1.1" 200 -
156.59.198.135 - - [24/Dec/2023:19:33:59 -0500] "GET /BLA/resoluciones/RESOLUCIONES%202008/1503.pdf HTTP/1.0" 200 29815
201.245.192.253 - - [24/Dec/2023:19:34:17 -0500] "POST /kwsrmcab/Wsrmcab  HTTP/1.1" 200 40220
156.59.198.135 - - [24/Dec/2023:19:34:24 -0500] "GET /BLA/resoluciones/RESOLUCIONES%202008/5037.pdf HTTP/1.0" 200 211086
172.22.2.4 - - [24/Dec/2023:19:32:54 -0500] "GET /BLA/boletinlegal/ HTTP/1.1" 200 56478
191.95.134.195 - - [24/Dec/2023:19:34:36 -0500] "GET /mis-de-50-aves-silvestres-fueron-recuperadas-en-la-localidad-de-tunjuelito.html HTTP/1.1" 200 806
156.59.198.136 - - [24/Dec/2023:19:34:48 -0500] "GET /BLA/resoluciones/RESOLUCIONES%202008/5704.pdf HTTP/1.0" 200 18146
156.59.198.136 - - [24/Dec/2023:19:35:13 -0500] "GET /BLA/resoluciones/Notificaciones/RESOLUCIONES%202020/2629.pdf HTTP/1.0" 200 1655952
216.245.221.92 - - [24/Dec/2023:19:35:20 -0500] "HEAD / HTTP/1.1" 200 -
156.59.198.135 - - [24/Dec/2023:19:35:37 -0500] "GET /BLA/resoluciones/RESOLUCIONES%202008/4851.pdf HTTP/1.0" 200 186261
172.22.2.4 - - [24/Dec/2023:19:34:16 -0500] "GET /BLA/boletinlegal/ HTTP/1.1" 200 58969
156.59.198.136 - - [24/Dec/2023:19:36:01 -0500] "GET /BLA/resoluciones/AUTOS%202022/6303.pdf HTTP/1.0" 200 420626
201.245.192.253 - - [24/Dec/2023:19:36:14 -0500] "POST /kwsrmcab/Wsrmcab HTTP/1.1" 200 35985
201.245.192.253 - - [24/Dec/2023:19:36:17 -0500] "POST /kwsrmcab/Wsrmcab HTTP/1.1" 200 37044
156.59.198.136 - - [24/Dec/2023:19:36:25 -0500] "GET /BLA/resoluciones/AUTOS%202022/4332.pdf HTTP/1.0" 200 351266
40.77.167.48 - - [24/Dec/2023:19:36:47 -0500] "GET /BLA/resoluciones/RESOLUCIONES%202023/0257.pdf HTTP/1.1" 200 1181211
156.59.198.136 - - [24/Dec/2023:19:36:49 -0500] "GET /BLA/resoluciones/RESOLUCIONES%202008/1219.pdf HTTP/1.0" 200 32492
172.22.2.4 - - [24/Dec/2023:19:36:50 -0500] "GET /BLA/boletinlegal/robots.txt HTTP/1.1" 404 1038
156.59.198.135 - - [24/Dec/2023:19:37:14 -0500] "GET /BLA/resoluciones/AUTOS%202022/6018.pdf HTTP/1.0" 200 385616
156.59.198.135 - - [24/Dec/2023:19:37:38 -0500] "GET /BLA/resoluciones/RESOLUCIONES%202008/3459.pdf HTTP/1.0" 200 146709
156.59.198.135 - - [24/Dec/2023:19:38:02 -0500] "GET /BLA/resoluciones/Notificaciones/RESOLUCIONES%202019/985.pdf HTTP/1.0" 200 448145
186.84.91.7 - - [24/Dec/2023:19:38:10 -0500] "GET /distrito-exalto-a-246-empresas-de-bogota-por-su-alto-desempeno-y-responsabilidad-ambiental-durante-2023.html HTTP/1.1" 200 1039
172.22.2.4 - - [24/Dec/2023:19:38:20 -0500] "GET /BLA/boletinlegal/Circulares/2019/.pdf HTTP/1.1" 404 1218
156.59.198.136 - - [24/Dec/2023:19:38:27 -0500] "GET /BLA/resoluciones/AUTOS%202022/6817.pdf HTTP/1.0" 200 430494
172.22.2.4 - - [24/Dec/2023:19:36:52 -0500] "GET /BLA/boletinlegal/index.php HTTP/1.1" 200 57683
157.55.39.204 - - [24/Dec/2023:19:38:47 -0500] "GET /BLA/resoluciones/AUTOS%202021/5477.pdf HTTP/1.1" 304 -
156.59.198.136 - - [24/Dec/2023:19:38:50 -0500] "GET /BLA/resoluciones/AUTOS%202022/6393.pdf HTTP/1.0" 200 455366
156.59.198.135 - - [24/Dec/2023:19:39:15 -0500] "GET /BLA/resoluciones/AUTOS%202020/1585.pdf HTTP/1.0" 200 322452
201.245.192.253 - - [24/Dec/2023:19:39:15 -0500] "POST /kwsrmcab/Wsrmcab  HTTP/1.1" 200 40220
172.22.2.4 - - [24/Dec/2023:19:37:54 -0500] "HEAD /BLA/boletinlegal/ HTTP/1.1" 200 -
156.59.198.135 - - [24/Dec/2023:19:39:39 -0500] "GET /BLA/resoluciones/Notificaciones/RESOLUCIONES%202020/2328.pdf HTTP/1.0" 200 1477438
156.59.198.135 - - [24/Dec/2023:19:40:03 -0500] "GET /BLA/resoluciones/AUTOS%202022/7799.pdf HTTP/1.0" 200 658061
201.245.192.253 - - [24/Dec/2023:19:40:14 -0500] "POST /kwsrmcab/Wsrmcab HTTP/1.1" 200 35985
216.245.221.92 - - [24/Dec/2023:19:40:20 -0500] "HEAD / HTTP/1.1" 200 -
201.245.192.253 - - [24/Dec/2023:19:40:19 -0500] "POST /kwsrmcab/Wsrmcab HTTP/1.1" 200 37044
172.22.2.4 - - [24/Dec/2023:19:38:44 -0500] "GET /BLA/boletinlegal/ HTTP/1.1" 200 58567
156.59.198.135 - - [24/Dec/2023:19:40:27 -0500] "GET /BLA/resoluciones/AUTOS%202022/4771.pdf HTTP/1.0" 200 389385
156.59.198.136 - - [24/Dec/2023:19:40:52 -0500] "GET /BLA/resoluciones/Notificaciones/AUTOS%202016/02580.doc HTTP/1.0" 200 380722
128.14.136.18 - - [24/Dec/2023:19:41:00 -0500] "GET / HTTP/1.1" 200 319
156.59.198.135 - - [24/Dec/2023:19:41:16 -0500] "GET /BLA/resoluciones/AUTOS%202022/7241.pdf HTTP/1.0" 200 418545
156.59.198.135 - - [24/Dec/2023:19:41:41 -0500] "GET /BLA/resoluciones/Notificaciones/AUTOS%202016/2626.pdf HTTP/1.0" 200 369099
156.59.198.136 - - [24/Dec/2023:19:42:06 -0500] "GET /BLA/resoluciones/Notificaciones/AUTOS%202016/3195.doc HTTP/1.0" 200 386642
156.59.198.135 - - [24/Dec/2023:19:42:29 -0500] "GET /BLA/resoluciones/Notificaciones/RESOLUCIONES%202019/03098.pdf HTTP/1.0" 200 284152
156.59.198.135 - - [24/Dec/2023:19:42:54 -0500] "GET /BLA/resoluciones/RESOLUCIONES%202008/3561.pdf HTTP/1.0" 200 194542
173.252.107.7 - - [24/Dec/2023:19:43:15 -0500] "GET /alcaldia-de-bogota-y-fundacion-exito-entregaron-en-ciudad-bolivar-la-primera-terraza-verde-de-la-capital.html HTTP/1.1" 200 852
173.252.107.111 - - [24/Dec/2023:19:43:15 -0500] "GET /alcaldia-de-bogota-y-fundacion-exito-entregaron-en-ciudad-bolivar-la-primera-terraza-verde-de-la-capital.html HTTP/1.1" 200 852
156.59.198.136 - - [24/Dec/2023:19:43:18 -0500] "GET /BLA/resoluciones/RESOLUCIONES%202008/3398.pdf HTTP/1.0" 200 56683
156.59.198.136 - - [24/Dec/2023:19:43:44 -0500] "GET /BLA/resoluciones/AUTOS%202022/8500.pdf HTTP/1.0" 200 425833
156.59.198.135 - - [24/Dec/2023:19:44:08 -0500] "GET /BLA/resoluciones/RESOLUCIONES%202008/1632.pdf HTTP/1.0" 200 195932
201.245.192.253 - - [24/Dec/2023:19:44:14 -0500] "POST /kwsrmcab/Wsrmcab  HTTP/1.1" 200 40220
156.59.198.135 - - [24/Dec/2023:19:44:30 -0500] "GET /BLA/resoluciones/AUTOS%202022/8125.pdf HTTP/1.0" 200 404223
52.167.144.222 - - [24/Dec/2023:19:44:38 -0500] "GET /BLA/resoluciones/RESOLUCIONES%202022/1541.pdf HTTP/1.1" 200 506018
156.59.198.136 - - [24/Dec/2023:19:44:55 -0500] "GET /BLA/resoluciones/Notificaciones/RESOLUCIONES%202020/1731.pdf HTTP/1.0" 200 496125
156.59.198.136 - - [24/Dec/2023:19:45:19 -0500] "GET /BLA/resoluciones/Notificaciones/RESOLUCIONES%202020/2481.pdf HTTP/1.0" 200 514378
216.245.221.92 - - [24/Dec/2023:19:45:20 -0500] "HEAD / HTTP/1.1" 200 -
172.22.2.4 - - [24/Dec/2023:19:43:44 -0500] "HEAD /BLA/boletinlegal/ HTTP/1.1" 200 -
66.249.66.19 - - [24/Dec/2023:19:45:28 -0500] "GET /robots.txt HTTP/1.1" 404 1018
66.249.66.19 - - [24/Dec/2023:19:45:28 -0500] "GET /Publicaciones/2023EE279994.pdf HTTP/1.1" 404 228
156.59.198.135 - - [24/Dec/2023:19:45:43 -0500] "GET /BLA/resoluciones/AUTOS%202022/7859.pdf HTTP/1.0" 200 437437
156.59.198.136 - - [24/Dec/2023:19:46:08 -0500] "GET /BLA/resoluciones/Notificaciones/RESOLUCIONES%202019/2885.pdf HTTP/1.0" 200 1465050
172.22.2.4 - - [24/Dec/2023:19:44:34 -0500] "GET /BLA/boletinlegal/ HTTP/1.1" 200 58567
172.22.2.4 - - [24/Dec/2023:19:46:28 -0500] "GET /BLA/boletinlegal/robots.txt HTTP/1.1" 404 1038
172.22.2.4 - - [24/Dec/2023:19:46:29 -0500] "GET /BLA/boletinlegal/jurisprudencia/analisis/ANALISIST-046-99.docx HTTP/1.1" 304 -
156.59.198.136 - - [24/Dec/2023:19:46:33 -0500] "GET /BLA/resoluciones/RESOLUCIONES%202008/2497.pdf HTTP/1.0" 200 172291
156.59.198.136 - - [24/Dec/2023:19:46:57 -0500] "GET /BLA/resoluciones/Notificaciones/RESOLUCIONES%202020/1959.pdf HTTP/1.0" 200 398877
172.22.2.4 - - [24/Dec/2023:19:47:08 -0500] "GET /BLA/boletinlegal/robots.txt HTTP/1.1" 404 1037
172.22.2.4 - - [24/Dec/2023:19:47:08 -0500] "GET /BLA/boletinlegal/robots.txt HTTP/1.1" 404 1037
172.22.2.4 - - [24/Dec/2023:19:47:20 -0500] "GET /BLA/boletinlegal/docs/manual/search/ HTTP/1.1" 404 1037
47.128.30.179 - - [24/Dec/2023:19:47:25 -0500] "GET /BLA/resoluciones/dlf/dirup.png HTTP/1.1" 200 644
47.128.30.179 - - [24/Dec/2023:19:47:25 -0500] "GET /BLA/resoluciones/dlf/unknown.png HTTP/1.1" 200 266
47.128.30.179 - - [24/Dec/2023:19:47:24 -0500] "GET /BLA/resoluciones/index.php?dir=RESOLUCIONES%202006%2FRES%202006%201001-1050%2F&order=asc&sort=size HTTP/1.1" 200 12341
156.59.198.135 - - [24/Dec/2023:19:47:45 -0500] "GET /BLA/resoluciones/RESOLUCIONES%202008/0632.pdf HTTP/1.0" 200 17528
156.59.198.136 - - [24/Dec/2023:19:48:09 -0500] "GET /BLA/resoluciones/AUTOS%202022/4836.pdf HTTP/1.0" 200 371431
156.59.198.135 - - [24/Dec/2023:19:48:34 -0500] "GET /BLA/resoluciones/AUTOS%202022/7895.pdf HTTP/1.0" 200 328248
156.59.198.136 - - [24/Dec/2023:19:48:57 -0500] "GET /BLA/resoluciones/AUTOS%202022/7064.pdf HTTP/1.0" 200 408511
201.245.192.253 - - [24/Dec/2023:19:49:13 -0500] "POST /kwsrmcab/Wsrmcab  HTTP/1.1" 200 40220
156.59.198.136 - - [24/Dec/2023:19:49:23 -0500] "GET /BLA/resoluciones/RESOLUCIONES%202008/5184.pdf HTTP/1.0" 200 83419
156.59.198.136 - - [24/Dec/2023:19:49:47 -0500] "GET /BLA/resoluciones/Notificaciones/RESOLUCIONES%202019/2026.pdf HTTP/1.0" 200 391004
156.59.198.135 - - [24/Dec/2023:19:50:12 -0500] "GET /BLA/resoluciones/RESOLUCIONES%202008/3218.pdf HTTP/1.0" 200 39036
216.245.221.92 - - [24/Dec/2023:19:50:21 -0500] "HEAD / HTTP/1.1" 200 -
47.128.26.241 - - [24/Dec/2023:19:50:36 -0500] "GET /BLA/resoluciones/index.php?dir=RESOLUCIONES%202006%2FRES%202006%201751-1800%2F&order=asc&sort=size HTTP/1.1" 200 12368
47.128.26.241 - - [24/Dec/2023:19:50:37 -0500] "GET /BLA/resoluciones/dlf/unknown.png HTTP/1.1" 200 266
47.128.26.241 - - [24/Dec/2023:19:50:37 -0500] "GET /BLA/resoluciones/dlf/dirup.png HTTP/1.1" 200 644
156.59.198.136 - - [24/Dec/2023:19:50:59 -0500] "GET /BLA/resoluciones/RESOLUCIONES%202008/2984.pdf HTTP/1.0" 200 57715
172.22.2.4 - - [24/Dec/2023:19:49:34 -0500] "HEAD /BLA/boletinlegal/ HTTP/1.1" 200 -
156.59.198.135 - - [24/Dec/2023:19:51:23 -0500] "GET /BLA/resoluciones/RESOLUCIONES%202008/3278.pdf HTTP/1.0" 200 194338
81.17.21.98 - - [24/Dec/2023:19:51:31 -0500] "GET /.env HTTP/1.1" 404 1018
81.17.21.98 - - [24/Dec/2023:19:51:31 -0500] "GET /.aws/credentials HTTP/1.1" 404 1018
81.17.21.98 - - [24/Dec/2023:19:51:32 -0500] "GET /.git/config HTTP/1.1" 404 1018
81.17.21.98 - - [24/Dec/2023:19:51:32 -0500] "GET /.git/credentials HTTP/1.1" 404 1018
81.17.21.98 - - [24/Dec/2023:19:51:32 -0500] "GET /.gitlab-ci.yml HTTP/1.1" 404 1018
81.17.21.98 - - [24/Dec/2023:19:51:33 -0500] "GET /.msmtprc HTTP/1.1" 404 1018
81.17.21.98 - - [24/Dec/2023:19:51:33 -0500] "GET /.svn/entries HTTP/1.1" 404 1018
81.17.21.98 - - [24/Dec/2023:19:51:34 -0500] "GET /Dockerrun.aws.json HTTP/1.1" 404 1018
81.17.21.98 - - [24/Dec/2023:19:51:35 -0500] "GET /s3cmd.ini HTTP/1.1" 404 1018
81.17.21.98 - - [24/Dec/2023:19:51:35 -0500] "GET /wp-config.php-backup HTTP/1.1" 404 1018
156.59.198.135 - - [24/Dec/2023:19:51:48 -0500] "GET /BLA/resoluciones/Notificaciones/RESOLUCIONES%202020/2349.pdf HTTP/1.0" 200 417790
172.22.2.4 - - [24/Dec/2023:19:50:24 -0500] "GET /BLA/boletinlegal/ HTTP/1.1" 200 60910
156.59.198.135 - - [24/Dec/2023:19:52:12 -0500] "GET /BLA/resoluciones/Notificaciones/RESOLUCIONES%202020/1590.pdf HTTP/1.0" 200 350837
156.59.198.136 - - [24/Dec/2023:19:52:36 -0500] "GET /BLA/resoluciones/AUTOS%202020/0764.pdf HTTP/1.0" 200 343054
156.59.198.136 - - [24/Dec/2023:19:53:01 -0500] "GET /BLA/resoluciones/AUTOS%202022/7771.pdf HTTP/1.0" 200 478360
156.59.198.135 - - [24/Dec/2023:19:53:24 -0500] "GET /BLA/resoluciones/RESOLUCIONES%202008/1406.pdf HTTP/1.0" 200 212361
156.59.198.135 - - [24/Dec/2023:19:53:48 -0500] "GET /BLA/resoluciones/AUTOS%202022/6519.pdf HTTP/1.0" 200 422616
156.59.198.135 - - [24/Dec/2023:19:54:13 -0500] "GET /BLA/resoluciones/RESOLUCIONES%202008/2259.pdf HTTP/1.0" 200 198596
201.245.192.253 - - [24/Dec/2023:19:54:12 -0500] "POST /kwsrmcab/Wsrmcab  HTTP/1.1" 200 40220
156.59.198.135 - - [24/Dec/2023:19:54:38 -0500] "GET /BLA/resoluciones/AUTOS%202022/7798.pdf HTTP/1.0" 200 356938
156.59.198.135 - - [24/Dec/2023:19:55:02 -0500] "GET /BLA/resoluciones/AUTOS%202022/4563.pdf HTTP/1.0" 200 433074
216.245.221.92 - - [24/Dec/2023:19:55:20 -0500] "HEAD / HTTP/1.1" 200 -
156.59.198.136 - - [24/Dec/2023:19:55:27 -0500] "GET /BLA/resoluciones/Notificaciones/AUTOS%202016/01550.doc HTTP/1.0" 200 362448
156.59.198.136 - - [24/Dec/2023:19:55:51 -0500] "GET /BLA/resoluciones/AUTOS%202020/2299.pdf HTTP/1.0" 200 334555
156.59.198.135 - - [24/Dec/2023:19:56:15 -0500] "GET /BLA/resoluciones/RESOLUCIONES%202008/5637.pdf HTTP/1.0" 200 206552
156.59.198.136 - - [24/Dec/2023:19:56:39 -0500] "GET /BLA/resoluciones/RESOLUCIONES%202008/0325.pdf HTTP/1.0" 200 251923
156.59.198.135 - - [24/Dec/2023:19:57:03 -0500] "GET /BLA/resoluciones/Notificaciones/AUTOS%202016/01512.doc HTTP/1.0" 200 360010
172.22.2.4 - - [24/Dec/2023:19:55:24 -0500] "HEAD /BLA/boletinlegal/ HTTP/1.1" 200 -
156.59.198.136 - - [24/Dec/2023:19:57:27 -0500] "GET /BLA/resoluciones/AUTOS%202022/7929.pdf HTTP/1.0" 200 430130
156.59.198.136 - - [24/Dec/2023:19:57:52 -0500] "GET /BLA/resoluciones/Notificaciones/RESOLUCIONES%202019/03601.pdf HTTP/1.0" 200 447057
172.22.2.4 - - [24/Dec/2023:19:56:15 -0500] "GET /BLA/boletinlegal/ HTTP/1.1" 200 60910
156.59.198.135 - - [24/Dec/2023:19:58:18 -0500] "GET /BLA/resoluciones/RESOLUCIONES%202008/0190.pdf HTTP/1.0" 200 287119
156.59.198.135 - - [24/Dec/2023:19:58:42 -0500] "GET /BLA/resoluciones/Notificaciones/AUTOS%202016/02265.doc HTTP/1.0" 200 369362
156.59.198.136 - - [24/Dec/2023:19:59:07 -0500] "GET /BLA/resoluciones/RESOLUCIONES%202008/1216.pdf HTTP/1.0" 200 69483
201.245.192.253 - - [24/Dec/2023:19:59:10 -0500] "POST /kwsrmcab/Wsrmcab  HTTP/1.1" 200 40220
156.59.198.135 - - [24/Dec/2023:19:59:33 -0500] "GET /BLA/resoluciones/RESOLUCIONES%202008/1407.pdf HTTP/1.0" 200 208958
173.252.95.1 - - [24/Dec/2023:19:59:35 -0500] "GET /images/arbol%20centro.jpg HTTP/1.1" 200 69467
156.59.198.136 - - [24/Dec/2023:19:59:58 -0500] "GET /BLA/resoluciones/RESOLUCIONES%202008/2649.pdf HTTP/1.0" 200 208008
216.245.221.92 - - [24/Dec/2023:20:00:20 -0500] "HEAD / HTTP/1.1" 200 -
156.59.198.136 - - [24/Dec/2023:20:00:22 -0500] "GET /BLA/resoluciones/Notificaciones/AUTOS%202016/02676.doc HTTP/1.0" 200 616841
156.59.198.136 - - [24/Dec/2023:20:00:46 -0500] "GET /BLA/resoluciones/RESOLUCIONES%202008/5186.pdf HTTP/1.0" 200 157035
156.59.198.135 - - [24/Dec/2023:20:01:10 -0500] "GET /BLA/resoluciones/RESOLUCIONES%202008/0285.pdf HTTP/1.0" 200 351854
156.59.198.135 - - [24/Dec/2023:20:01:35 -0500] "GET /BLA/resoluciones/AUTOS%202020/0809.pdf HTTP/1.0" 200 289755
156.59.198.136 - - [24/Dec/2023:20:01:58 -0500] "GET /BLA/resoluciones/RESOLUCIONES%202008/0654.pdf HTTP/1.0" 200 94075
156.59.198.136 - - [24/Dec/2023:20:02:24 -0500] "GET /BLA/resoluciones/AUTOS%202022/8327.pdf HTTP/1.0" 200 354821
156.59.198.136 - - [24/Dec/2023:20:02:48 -0500] "GET /BLA/resoluciones/RESOLUCIONES%202008/0025.pdf HTTP/1.0" 200 1652858
172.22.2.4 - - [24/Dec/2023:20:01:14 -0500] "HEAD /BLA/boletinlegal/ HTTP/1.1" 200 -
156.59.198.136 - - [24/Dec/2023:20:03:11 -0500] "GET /BLA/resoluciones/Notificaciones/AUTOS%202016/01626.doc HTTP/1.0" 200 6417486
156.59.198.136 - - [24/Dec/2023:20:03:36 -0500] "GET /BLA/resoluciones/AUTOS%202022/7991.pdf HTTP/1.0" 200 382783
172.22.2.4 - - [24/Dec/2023:20:02:05 -0500] "GET /BLA/boletinlegal/ HTTP/1.1" 200 59330
156.59.198.136 - - [24/Dec/2023:20:04:02 -0500] "GET /BLA/resoluciones/AUTOS%202022/7418.pdf HTTP/1.0" 200 413719
201.245.192.253 - - [24/Dec/2023:20:04:09 -0500] "POST /kwsrmcab/Wsrmcab  HTTP/1.1" 200 40220
156.59.198.135 - - [24/Dec/2023:20:04:27 -0500] "GET /BLA/resoluciones/Notificaciones/RESOLUCIONES%202020/1353.pdf HTTP/1.0" 200 1029800
156.59.198.135 - - [24/Dec/2023:20:04:51 -0500] "GET /BLA/resoluciones/AUTOS%202020/3449.pdf HTTP/1.0" 200 331710
191.95.47.140 - - [24/Dec/2023:20:05:01 -0500] "GET /mis-de-50-aves-silvestres-fueron-recuperadas-en-la-localidad-de-tunjuelito.html HTTP/1.1" 200 806
156.59.198.136 - - [24/Dec/2023:20:05:15 -0500] "GET /BLA/resoluciones/RESOLUCIONES%202008/3958.pdf HTTP/1.0" 200 36286
216.245.221.92 - - [24/Dec/2023:20:05:20 -0500] "HEAD / HTTP/1.1" 200 -
66.249.66.21 - - [24/Dec/2023:20:05:28 -0500] "GET /Publicaciones/2023EE241551.pdf HTTP/1.1" 404 228
66.249.66.21 - - [24/Dec/2023:20:05:29 -0500] "GET /BLA/resoluciones/AUTOS%202022/3507.pdf HTTP/1.1" 200 388373
66.249.66.20 - - [24/Dec/2023:20:05:29 -0500] "GET /isolucionsda/FrameSetArticulo.asp?Pagina=/isolucionsda/bancoconocimiento/A/Acuerdo18del22deEnerode2008/Acuerdo18del22deEnerode2008.asp?IdArticulo=6193 HTTP/1.1" 200 527
156.59.198.136 - - [24/Dec/2023:20:05:40 -0500] "GET /BLA/resoluciones/AUTOS%202022/7706.pdf HTTP/1.0" 200 490234
156.59.198.135 - - [24/Dec/2023:20:06:05 -0500] "GET /BLA/resoluciones/RESOLUCIONES%202008/2582.pdf HTTP/1.0" 200 76886
156.59.198.136 - - [24/Dec/2023:20:06:28 -0500] "GET /BLA/resoluciones/RESOLUCIONES%202008/5664.pdf HTTP/1.0" 200 39746
47.128.36.249 - - [24/Dec/2023:20:06:53 -0500] "GET /BLA/resoluciones/index.php?dir=RESOLUCIONES%202003%2FRES%202003%201801-1850%2F&order=desc&sort=name HTTP/1.1" 200 12153
47.128.36.249 - - [24/Dec/2023:20:06:54 -0500] "GET /BLA/resoluciones/dlf/unknown.png HTTP/1.1" 200 266
47.128.36.249 - - [24/Dec/2023:20:06:54 -0500] "GET /BLA/resoluciones/dlf/dirup.png HTTP/1.1" 200 644
47.128.26.240 - - [24/Dec/2023:20:07:19 -0500] "GET /BLA/resoluciones/dlf/unknown.png HTTP/1.1" 200 266
47.128.26.240 - - [24/Dec/2023:20:07:19 -0500] "GET /BLA/resoluciones/dlf/dirup.png HTTP/1.1" 200 644
47.128.26.240 - - [24/Dec/2023:20:07:18 -0500] "GET /BLA/resoluciones/index.php?dir=RESOLUCIONES%202002%2FRES%202002%20201-250%2F&order=asc&sort=size HTTP/1.1" 200 12325
156.59.198.136 - - [24/Dec/2023:20:07:41 -0500] "GET /BLA/resoluciones/RESOLUCIONES%202008/1496.pdf HTTP/1.0" 200 198410
156.59.198.136 - - [24/Dec/2023:20:08:05 -0500] "GET /BLA/resoluciones/AUTOS%202022/7465.pdf HTTP/1.0" 200 1069082
47.98.155.63 - - [24/Dec/2023:20:08:14 -0500] "GET / HTTP/1.1" 200 319
47.98.155.63 - - [24/Dec/2023:20:08:14 -0500] "GET / HTTP/1.1" 200 319
156.59.198.136 - - [24/Dec/2023:20:08:29 -0500] "GET /BLA/resoluciones/AUTOS%202022/8227.pdf HTTP/1.0" 200 421518
172.22.2.4 - - [24/Dec/2023:20:07:04 -0500] "HEAD /BLA/boletinlegal/ HTTP/1.1" 200 -
156.59.198.136 - - [24/Dec/2023:20:08:54 -0500] "GET /BLA/resoluciones/Notificaciones/RESOLUCIONES%202019/03228.pdf HTTP/1.0" 200 326698
201.245.192.253 - - [24/Dec/2023:20:09:08 -0500] "POST /kwsrmcab/Wsrmcab  HTTP/1.1" 200 40220
156.59.198.136 - - [24/Dec/2023:20:09:18 -0500] "GET /BLA/resoluciones/RESOLUCIONES%202008/3160.pdf HTTP/1.0" 200 146002
172.22.2.4 - - [24/Dec/2023:20:07:55 -0500] "GET /BLA/boletinlegal/ HTTP/1.1" 200 53513
156.59.198.136 - - [24/Dec/2023:20:09:43 -0500] "GET /BLA/resoluciones/AUTOS%202020/3994.pdf HTTP/1.0" 200 341884
156.59.198.135 - - [24/Dec/2023:20:10:06 -0500] "GET /BLA/resoluciones/RESOLUCIONES%202008/1182.pdf HTTP/1.0" 200 169450
216.245.221.92 - - [24/Dec/2023:20:10:20 -0500] "HEAD / HTTP/1.1" 200 -
156.59.198.136 - - [24/Dec/2023:20:10:31 -0500] "GET /BLA/resoluciones/AUTOS%202022/7529.pdf HTTP/1.0" 200 1985802
156.59.198.135 - - [24/Dec/2023:20:10:56 -0500] "GET /BLA/resoluciones/Notificaciones/AUTOS%202016/1150.pdf HTTP/1.0" 200 345685
156.59.198.136 - - [24/Dec/2023:20:11:20 -0500] "GET /BLA/resoluciones/RESOLUCIONES%202008/2611.pdf HTTP/1.0" 200 206397
156.59.198.136 - - [24/Dec/2023:20:11:44 -0500] "GET /BLA/resoluciones/AUTOS%202022/4148.pdf HTTP/1.0" 200 408364
69.171.249.4 - - [24/Dec/2023:20:11:45 -0500] "GET /bogota-y-cundinamarca-consolidan-pagos-por-servicios-ambientales-con-nueva-firma-para-la-proteccion-del-agua.html HTTP/1.1" 200 821
69.171.249.5 - - [24/Dec/2023:20:11:45 -0500] "GET /bogota-y-cundinamarca-consolidan-pagos-por-servicios-ambientales-con-nueva-firma-para-la-proteccion-del-agua.html HTTP/1.1" 200 821
156.59.198.135 - - [24/Dec/2023:20:12:08 -0500] "GET /BLA/resoluciones/Notificaciones/RESOLUCIONES%202020/02613.pdf HTTP/1.0" 200 343875
66.249.66.192 - - [24/Dec/2023:20:12:09 -0500] "GET /distrito-anuncia-areas-potenciales-para-la-creacion-de-21-bosques-urbanos-y-avanza-en-la-meta-de-sembrar-802-000-arboles.html HTTP/1.1" 200 928
156.59.198.135 - - [24/Dec/2023:20:12:32 -0500] "GET /BLA/resoluciones/AUTOS%202022/4535.pdf HTTP/1.0" 200 342820
156.59.198.136 - - [24/Dec/2023:20:12:56 -0500] "GET /BLA/resoluciones/RESOLUCIONES%202008/1207.pdf HTTP/1.0" 200 68762
156.59.198.136 - - [24/Dec/2023:20:13:21 -0500] "GET /BLA/resoluciones/RESOLUCIONES%202008/5188.pdf HTTP/1.0" 200 188675
156.59.198.136 - - [24/Dec/2023:20:13:45 -0500] "GET /BLA/resoluciones/RESOLUCIONES%202008/3944.pdf HTTP/1.0" 200 19418
201.245.192.253 - - [24/Dec/2023:20:14:07 -0500] "POST /kwsrmcab/Wsrmcab  HTTP/1.1" 200 40220
156.59.198.136 - - [24/Dec/2023:20:14:11 -0500] "GET /BLA/resoluciones/AUTOS%202022/4808.pdf HTTP/1.0" 200 387599
156.59.198.136 - - [24/Dec/2023:20:14:34 -0500] "GET /BLA/resoluciones/Notificaciones/AUTOS%202016/02918.pdf HTTP/1.0" 200 351647
172.22.2.4 - - [24/Dec/2023:20:12:54 -0500] "HEAD /BLA/boletinlegal/ HTTP/1.1" 200 -
156.59.198.136 - - [24/Dec/2023:20:14:59 -0500] "GET /BLA/resoluciones/AUTOS%202022/8611.pdf HTTP/1.0" 200 458133
173.252.79.10 - - [24/Dec/2023:20:15:11 -0500] "GET /distrito-exalto-a-246-empresas-de-bogota-por-su-alto-desempeno-y-responsabilidad-ambiental-durante-2023.html HTTP/1.1" 200 1039
173.252.79.118 - - [24/Dec/2023:20:15:11 -0500] "GET /distrito-exalto-a-246-empresas-de-bogota-por-su-alto-desempeno-y-responsabilidad-ambiental-durante-2023.html HTTP/1.1" 200 1039
173.252.79.2 - - [24/Dec/2023:20:15:11 -0500] "GET /distrito-exalto-a-246-empresas-de-bogota-por-su-alto-desempeno-y-responsabilidad-ambiental-durante-2023.html HTTP/1.1" 200 1039
216.245.221.92 - - [24/Dec/2023:20:15:20 -0500] "HEAD / HTTP/1.1" 200 -
156.59.198.135 - - [24/Dec/2023:20:15:24 -0500] "GET /BLA/resoluciones/Notificaciones/AUTOS%202016/00642.doc HTTP/1.0" 200 193629
172.22.2.4 - - [24/Dec/2023:20:13:45 -0500] "GET /BLA/boletinlegal/ HTTP/1.1" 200 60502
156.59.198.136 - - [24/Dec/2023:20:15:47 -0500] "GET /BLA/resoluciones/Notificaciones/AUTOS%202016/02363.doc HTTP/1.0" 200 374924
156.59.198.136 - - [24/Dec/2023:20:16:12 -0500] "GET /BLA/resoluciones/RESOLUCIONES%202006/1993.pdf HTTP/1.0" 200 24039
207.46.13.151 - - [24/Dec/2023:20:16:13 -0500] "GET /images/PREAD%20SDA%201.jpeg HTTP/1.1" 200 65620
201.245.192.253 - - [24/Dec/2023:20:16:14 -0500] "POST /kwsrmcab/Wsrmcab HTTP/1.1" 200 36000
201.245.192.253 - - [24/Dec/2023:20:16:17 -0500] "POST /kwsrmcab/Wsrmcab HTTP/1.1" 200 37028
156.59.198.136 - - [24/Dec/2023:20:16:36 -0500] "GET /BLA/resoluciones/AUTOS%202022/8494.pdf HTTP/1.0" 200 495370
156.59.198.136 - - [24/Dec/2023:20:17:01 -0500] "GET /BLA/resoluciones/RESOLUCIONES%202008/1974.pdf HTTP/1.0" 200 65606
156.59.198.135 - - [24/Dec/2023:20:17:25 -0500] "GET /BLA/resoluciones/AUTOS%202020/2846.pdf HTTP/1.0" 200 308330
