156.59.198.135 - - [24/Dec/2023:17:00:11 -0500] "GET /BLA/resoluciones/Notificaciones/RESOLUCIONES%202019/0195.pdf HTTP/1.0" 200 1282199
157.55.39.225 - - [24/Dec/2023:17:00:18 -0500] "GET /robots.txt HTTP/1.1" 404 1018
216.245.221.92 - - [24/Dec/2023:17:00:21 -0500] "HEAD / HTTP/1.1" 200 -
156.59.198.135 - - [24/Dec/2023:17:00:36 -0500] "GET /BLA/resoluciones/Notificaciones/RESOLUCIONES%202019/03125.pdf HTTP/1.0" 200 283163
156.59.198.136 - - [24/Dec/2023:17:01:00 -0500] "GET /BLA/resoluciones/Notificaciones/RESOLUCIONES%202019/3582.pdf HTTP/1.0" 200 602677
156.59.198.136 - - [24/Dec/2023:17:01:25 -0500] "GET /BLA/resoluciones/Notificaciones/RESOLUCIONES%202020/2274.pdf HTTP/1.0" 200 1544245
156.59.198.135 - - [24/Dec/2023:17:01:49 -0500] "GET /BLA/resoluciones/Notificaciones/RESOLUCIONES%202020/0073.pdf HTTP/1.0" 200 390086
172.22.2.4 - - [24/Dec/2023:17:00:23 -0500] "HEAD /BLA/boletinlegal/ HTTP/1.1" 200 -
156.59.198.136 - - [24/Dec/2023:17:02:13 -0500] "GET /BLA/resoluciones/Notificaciones/RESOLUCIONES%202020/0896.pdf HTTP/1.0" 200 352127
156.59.198.136 - - [24/Dec/2023:17:02:37 -0500] "GET /BLA/resoluciones/Notificaciones/RESOLUCIONES%202020/2981.pdf HTTP/1.0" 200 916561
172.22.2.4 - - [24/Dec/2023:17:01:14 -0500] "GET /BLA/boletinlegal/ HTTP/1.1" 200 58567
156.59.198.135 - - [24/Dec/2023:17:03:02 -0500] "GET /BLA/resoluciones/Notificaciones/RESOLUCIONES%202019/3151.pdf HTTP/1.0" 200 292560
156.59.198.136 - - [24/Dec/2023:17:03:26 -0500] "GET /BLA/resoluciones/Notificaciones/RESOLUCIONES%202020/5420.pdf HTTP/1.0" 200 5990713
156.59.198.136 - - [24/Dec/2023:17:03:50 -0500] "GET /BLA/resoluciones/Notificaciones/RESOLUCIONES%202019/2341.pdf HTTP/1.0" 200 339877
156.59.198.136 - - [24/Dec/2023:17:04:13 -0500] "GET /BLA/resoluciones/Notificaciones/RESOLUCIONES%202019/1840.pdf HTTP/1.0" 200 322725
156.59.198.136 - - [24/Dec/2023:17:04:37 -0500] "GET /BLA/resoluciones/Notificaciones/RESOLUCIONES%202020/3041.pdf HTTP/1.0" 200 630447
186.102.45.116 - - [24/Dec/2023:17:04:52 -0500] "GET /mis-de-50-aves-silvestres-fueron-recuperadas-en-la-localidad-de-tunjuelito.html HTTP/1.1" 200 806
201.245.192.253 - - [24/Dec/2023:17:04:59 -0500] "POST /kwsrmcab/Wsrmcab  HTTP/1.1" 200 40220
156.59.198.135 - - [24/Dec/2023:17:05:02 -0500] "GET /BLA/resoluciones/Notificaciones/RESOLUCIONES%202020/2063.pdf HTTP/1.0" 200 395074
216.245.221.92 - - [24/Dec/2023:17:05:21 -0500] "HEAD / HTTP/1.1" 200 -
173.252.127.118 - - [24/Dec/2023:17:05:24 -0500] "GET /images/PREAD%20SDA%201.jpeg HTTP/1.1" 200 65620
156.59.198.136 - - [24/Dec/2023:17:05:27 -0500] "GET /BLA/resoluciones/Notificaciones/RESOLUCIONES%202020/2403.pdf HTTP/1.0" 200 344775
156.59.198.136 - - [24/Dec/2023:17:05:51 -0500] "GET /BLA/resoluciones/Notificaciones/RESOLUCIONES%202020/2813.pdf HTTP/1.0" 200 433431
156.59.198.135 - - [24/Dec/2023:17:06:16 -0500] "GET /BLA/resoluciones/Notificaciones/AUTOS%202022/2879.pdf HTTP/1.0" 200 8320725
156.59.198.136 - - [24/Dec/2023:17:06:40 -0500] "GET /BLA/resoluciones/AUTOS%202022/8601.pdf HTTP/1.0" 200 933142
156.59.198.135 - - [24/Dec/2023:17:07:04 -0500] "GET /BLA/resoluciones/RESOLUCIONES%202008/2407.pdf HTTP/1.0" 200 202831
156.59.198.135 - - [24/Dec/2023:17:07:29 -0500] "GET /BLA/resoluciones/AUTOS%202022/7917.pdf HTTP/1.0" 200 422231
172.22.2.4 - - [24/Dec/2023:17:06:13 -0500] "HEAD /BLA/boletinlegal/ HTTP/1.1" 200 -
156.59.198.136 - - [24/Dec/2023:17:07:54 -0500] "GET /BLA/resoluciones/AUTOS%202022/7554.pdf HTTP/1.0" 200 479223
156.59.198.135 - - [24/Dec/2023:17:08:18 -0500] "GET /BLA/resoluciones/RESOLUCIONES%202008/1139.pdf HTTP/1.0" 200 326669
142.132.159.184 - - [24/Dec/2023:17:08:23 -0500] "GET /robots.txt HTTP/1.1" 404 1018
142.132.159.184 - - [24/Dec/2023:17:08:24 -0500] "GET /BLA/boletinlegal HTTP/1.1" 301 247
156.59.198.136 - - [24/Dec/2023:17:08:42 -0500] "GET /BLA/resoluciones/AUTOS%202020/3247.pdf HTTP/1.0" 200 323573
172.22.2.4 - - [24/Dec/2023:17:07:04 -0500] "GET /BLA/boletinlegal/ HTTP/1.1" 200 55379
142.132.159.184 - - [24/Dec/2023:17:08:44 -0500] "GET /catalogoisis HTTP/1.1" 404 1018
142.132.159.184 - - [24/Dec/2023:17:08:24 -0500] "GET /BLA/boletinlegal/ HTTP/1.1" 200 24523
156.59.198.135 - - [24/Dec/2023:17:09:06 -0500] "GET /BLA/resoluciones/RESOLUCIONES%202008/5511.pdf HTTP/1.0" 200 180989
156.59.198.135 - - [24/Dec/2023:17:09:30 -0500] "GET /BLA/resoluciones/Notificaciones/RESOLUCIONES%202020/2126.pdf HTTP/1.0" 200 387396
156.59.198.136 - - [24/Dec/2023:17:09:54 -0500] "GET /BLA/resoluciones/Notificaciones/AUTOS%202016/02906.pdf HTTP/1.0" 200 360770
201.245.192.253 - - [24/Dec/2023:17:09:58 -0500] "POST /kwsrmcab/Wsrmcab  HTTP/1.1" 200 40220
156.59.198.135 - - [24/Dec/2023:17:10:19 -0500] "GET /BLA/resoluciones/Notificaciones/AUTOS%202022/1820.pdf HTTP/1.0" 200 341121
216.245.221.92 - - [24/Dec/2023:17:10:21 -0500] "HEAD / HTTP/1.1" 200 -
207.46.13.130 - - [24/Dec/2023:17:10:25 -0500] "GET /images/patrulla%20caza%20chimenea.jpg HTTP/1.1" 200 33627
69.171.231.7 - - [24/Dec/2023:17:10:42 -0500] "GET /distrito-exalto-a-246-empresas-de-bogota-por-su-alto-desempeno-y-responsabilidad-ambiental-durante-2023.html HTTP/1.1" 200 1039
156.59.198.136 - - [24/Dec/2023:17:10:43 -0500] "GET /BLA/resoluciones/Notificaciones/AUTOS%202022/5000.pdf HTTP/1.0" 200 490220
156.59.198.136 - - [24/Dec/2023:17:11:07 -0500] "GET /BLA/resoluciones/AUTOS%202022/4493.pdf HTTP/1.0" 200 408088
156.59.198.136 - - [24/Dec/2023:17:11:33 -0500] "GET /BLA/resoluciones/AUTOS%202022/7351.pdf HTTP/1.0" 200 417801
156.59.198.135 - - [24/Dec/2023:17:11:57 -0500] "GET /BLA/resoluciones/AUTOS%202022/7600.pdf HTTP/1.0" 200 479598
156.59.198.136 - - [24/Dec/2023:17:12:22 -0500] "GET /BLA/resoluciones/Notificaciones/RESOLUCIONES%202019/3434.pdf HTTP/1.0" 200 522882
156.59.198.135 - - [24/Dec/2023:17:12:46 -0500] "GET /BLA/resoluciones/AUTOS%202022/5627.pdf HTTP/1.0" 200 365951
173.252.79.116 - - [24/Dec/2023:17:13:11 -0500] "GET /images/participacion%2019-12-23.jpg HTTP/1.1" 200 73861
156.59.198.135 - - [24/Dec/2023:17:13:11 -0500] "GET /BLA/resoluciones/RESOLUCIONES%202008/1945.pdf HTTP/1.0" 200 59196
69.63.189.118 - - [24/Dec/2023:17:13:11 -0500] "GET /images/reconocimiento%20practicas%20ambientales.jpg HTTP/1.1" 200 63397
156.59.198.135 - - [24/Dec/2023:17:13:34 -0500] "GET /BLA/resoluciones/Notificaciones/AUTOS%202022/1031.pdf HTTP/1.0" 200 426231
172.22.2.4 - - [24/Dec/2023:17:12:03 -0500] "HEAD /BLA/boletinlegal/ HTTP/1.1" 200 -
156.59.198.135 - - [24/Dec/2023:17:13:59 -0500] "GET /BLA/resoluciones/Notificaciones/AUTOS%202022/1301.pdf HTTP/1.0" 200 412845
172.22.2.4 - - [24/Dec/2023:17:12:20 -0500] "GET /BLA/boletinlegal/ HTTP/1.1" 200 43326
173.252.83.5 - - [24/Dec/2023:17:14:07 -0500] "GET /images/Musgo%2017%20-%2012%20-%202023.jpeg HTTP/1.1" 200 66238
156.59.198.136 - - [24/Dec/2023:17:14:24 -0500] "GET /BLA/resoluciones/AUTOS%202022/4951.pdf HTTP/1.0" 200 393728
35.212.166.193 - - [24/Dec/2023:17:14:27 -0500] "GET / HTTP/1.1" 200 4720
35.212.166.193 - - [24/Dec/2023:17:14:27 -0500] "GET /robots.txt HTTP/1.1" 404 1034
35.212.166.193 - - [24/Dec/2023:17:14:33 -0500] "GET /js/url.js HTTP/1.1" 404 1198
172.22.2.4 - - [24/Dec/2023:17:12:54 -0500] "GET /BLA/boletinlegal/ HTTP/1.1" 200 45448
35.212.166.193 - - [24/Dec/2023:17:14:36 -0500] "GET /js/url.js HTTP/1.1" 404 1034
35.212.166.193 - - [24/Dec/2023:17:14:36 -0500] "GET /ads.txt HTTP/1.1" 404 1034
35.212.166.193 - - [24/Dec/2023:17:14:36 -0500] "GET /app-ads.txt HTTP/1.1" 404 1034
156.59.198.135 - - [24/Dec/2023:17:14:48 -0500] "GET /BLA/resoluciones/AUTOS%202022/8491.pdf HTTP/1.0" 200 571706
201.245.192.253 - - [24/Dec/2023:17:14:56 -0500] "POST /kwsrmcab/Wsrmcab  HTTP/1.1" 200 40220
156.59.198.136 - - [24/Dec/2023:17:15:12 -0500] "GET /BLA/resoluciones/Notificaciones/AUTOS%202022/1035.pdf HTTP/1.0" 200 357906
216.245.221.92 - - [24/Dec/2023:17:15:21 -0500] "HEAD / HTTP/1.1" 200 -
52.167.144.225 - - [24/Dec/2023:17:15:34 -0500] "GET /BLA/resoluciones/RESOLUCIONES%202023/1839.pdf HTTP/1.1" 200 656959
52.167.144.225 - - [24/Dec/2023:17:15:35 -0500] "GET /BLA/resoluciones/index.php?dir=RESOLUCIONES+2019%2F HTTP/1.1" 200 262433
156.59.198.136 - - [24/Dec/2023:17:15:36 -0500] "GET /BLA/resoluciones/AUTOS%202020/1150.pdf HTTP/1.0" 200 307120
156.59.198.136 - - [24/Dec/2023:17:16:01 -0500] "GET /BLA/resoluciones/Notificaciones/AUTOS%202022/6987.pdf HTTP/1.0" 200 401974
201.245.192.253 - - [24/Dec/2023:17:16:15 -0500] "POST /kwsrmcab/Wsrmcab HTTP/1.1" 200 36026
201.245.192.253 - - [24/Dec/2023:17:16:18 -0500] "POST /kwsrmcab/Wsrmcab HTTP/1.1" 200 37052
156.59.198.136 - - [24/Dec/2023:17:16:25 -0500] "GET /BLA/resoluciones/Notificaciones/RESOLUCIONES%202019/543.pdf HTTP/1.0" 200 298333
156.59.198.135 - - [24/Dec/2023:17:16:50 -0500] "GET /BLA/resoluciones/Notificaciones/RESOLUCIONES%202020/2078.pdf HTTP/1.0" 200 736858
156.59.198.135 - - [24/Dec/2023:17:17:14 -0500] "GET /BLA/resoluciones/Notificaciones/AUTOS%202022/1349.pdf HTTP/1.0" 200 619915
156.59.198.135 - - [24/Dec/2023:17:17:39 -0500] "GET /BLA/resoluciones/Notificaciones/AUTOS%202016/03049.pdf HTTP/1.0" 200 393067
156.59.198.136 - - [24/Dec/2023:17:18:02 -0500] "GET /BLA/resoluciones/AUTOS%202022/5748.pdf HTTP/1.0" 200 431206
54.203.8.237 - - [24/Dec/2023:17:18:07 -0500] "GET /.git/config HTTP/1.1" 404 1049
156.59.198.135 - - [24/Dec/2023:17:18:26 -0500] "GET /BLA/resoluciones/Notificaciones/AUTOS%202022/0796.pdf HTTP/1.0" 200 1687443
156.59.198.135 - - [24/Dec/2023:17:18:50 -0500] "GET /BLA/resoluciones/AUTOS%202022/7500.pdf HTTP/1.0" 200 555819
156.59.198.136 - - [24/Dec/2023:17:19:15 -0500] "GET /BLA/resoluciones/AUTOS%202022/6356.pdf HTTP/1.0" 200 1486965
172.22.2.4 - - [24/Dec/2023:17:17:53 -0500] "HEAD /BLA/boletinlegal/ HTTP/1.1" 200 -
156.59.198.136 - - [24/Dec/2023:17:19:40 -0500] "GET /BLA/resoluciones/Notificaciones/RESOLUCIONES%202020/2742.pdf HTTP/1.0" 200 1145307
201.245.192.253 - - [24/Dec/2023:17:19:54 -0500] "POST /kwsrmcab/Wsrmcab  HTTP/1.1" 200 40220
156.59.198.136 - - [24/Dec/2023:17:20:04 -0500] "GET /BLA/resoluciones/Notificaciones/RESOLUCIONES%202020/1990.pdf HTTP/1.0" 200 514333
201.245.192.253 - - [24/Dec/2023:17:20:15 -0500] "POST /kwsrmcab/Wsrmcab HTTP/1.1" 200 36026
216.245.221.92 - - [24/Dec/2023:17:20:21 -0500] "HEAD / HTTP/1.1" 200 -
201.245.192.253 - - [24/Dec/2023:17:20:20 -0500] "POST /kwsrmcab/Wsrmcab HTTP/1.1" 200 37052
172.22.2.4 - - [24/Dec/2023:17:18:44 -0500] "GET /BLA/boletinlegal/ HTTP/1.1" 200 60910
40.77.167.18 - - [24/Dec/2023:17:20:24 -0500] "GET /BLA/resoluciones/RESOLUCIONES%202021/5268.pdf HTTP/1.1" 200 345924
156.59.198.136 - - [24/Dec/2023:17:20:28 -0500] "GET /BLA/resoluciones/Notificaciones/RESOLUCIONES%202019/3901.pdf HTTP/1.0" 200 1494469
156.59.198.135 - - [24/Dec/2023:17:20:52 -0500] "GET /BLA/resoluciones/Notificaciones/AUTOS%202016/03047.pdf HTTP/1.0" 200 354846
156.59.198.136 - - [24/Dec/2023:17:21:16 -0500] "GET /BLA/resoluciones/RESOLUCIONES%202008/2946.pdf HTTP/1.0" 200 199343
157.55.39.6 - - [24/Dec/2023:17:21:33 -0500] "GET /BLA/resoluciones/AUTOS%202022/8171.pdf HTTP/1.1" 200 383612
156.59.198.135 - - [24/Dec/2023:17:21:40 -0500] "GET /BLA/resoluciones/AUTOS%202022/3811.pdf HTTP/1.0" 200 395199
156.59.198.136 - - [24/Dec/2023:17:22:05 -0500] "GET /BLA/resoluciones/Notificaciones/AUTOS%202022/5999.pdf HTTP/1.0" 200 455241
201.244.171.237 - - [24/Dec/2023:17:22:06 -0500] "GET /distrito-exalto-a-246-empresas-de-bogota-por-su-alto-desempeno-y-responsabilidad-ambiental-durante-2023.html HTTP/1.1" 200 1039
156.59.198.135 - - [24/Dec/2023:17:22:29 -0500] "GET /BLA/resoluciones/Notificaciones/AUTOS%202022/5618.pdf HTTP/1.0" 200 380630
69.171.251.119 - - [24/Dec/2023:17:22:32 -0500] "GET /mis-de-50-aves-silvestres-fueron-recuperadas-en-la-localidad-de-tunjuelito.html HTTP/1.1" 200 806
156.59.198.136 - - [24/Dec/2023:17:22:53 -0500] "GET /BLA/resoluciones/AUTOS%202022/6351.pdf HTTP/1.0" 200 511286
156.59.198.136 - - [24/Dec/2023:17:23:18 -0500] "GET /BLA/resoluciones/AUTOS%202022/7836.pdf HTTP/1.0" 200 426358
156.59.198.135 - - [24/Dec/2023:17:23:41 -0500] "GET /BLA/resoluciones/AUTOS%202022/4743.pdf HTTP/1.0" 200 629357
156.59.198.136 - - [24/Dec/2023:17:24:05 -0500] "GET /BLA/resoluciones/AUTOS%202022/6068.pdf HTTP/1.0" 200 421813
156.59.198.135 - - [24/Dec/2023:17:24:30 -0500] "GET /BLA/resoluciones/AUTOS%202022/6264.pdf HTTP/1.0" 200 895171
173.252.107.120 - - [24/Dec/2023:17:24:31 -0500] "GET /images/Aves%20SDA.jpeg HTTP/1.1" 200 75104
173.252.107.2 - - [24/Dec/2023:17:24:32 -0500] "GET /images/Aves%20SDA.jpeg HTTP/1.1" 200 75104
201.245.192.253 - - [24/Dec/2023:17:24:52 -0500] "POST /kwsrmcab/Wsrmcab  HTTP/1.1" 200 40220
47.128.42.96 - - [24/Dec/2023:17:24:55 -0500] "GET /BLA/resoluciones/index.php?dir=AUTOS%202006%2FAUTOS%202006%20501-600%2F&order=asc&sort=date HTTP/1.1" 200 21780
47.128.42.96 - - [24/Dec/2023:17:24:56 -0500] "GET /BLA/resoluciones/dlf/unknown.png HTTP/1.1" 200 266
47.128.42.96 - - [24/Dec/2023:17:24:56 -0500] "GET /BLA/resoluciones/dlf/dirup.png HTTP/1.1" 200 644
156.59.198.136 - - [24/Dec/2023:17:25:18 -0500] "GET /BLA/resoluciones/RESOLUCIONES%202008/3644.pdf HTTP/1.0" 200 203224
216.245.221.92 - - [24/Dec/2023:17:25:21 -0500] "HEAD / HTTP/1.1" 200 -
172.22.2.4 - - [24/Dec/2023:17:23:43 -0500] "HEAD /BLA/boletinlegal/ HTTP/1.1" 200 -
156.59.198.136 - - [24/Dec/2023:17:25:43 -0500] "GET /BLA/resoluciones/Notificaciones/RESOLUCIONES%202019/1203.pdf HTTP/1.0" 200 276616
156.59.198.136 - - [24/Dec/2023:17:26:06 -0500] "GET /BLA/resoluciones/RESOLUCIONES%202008/4477.pdf HTTP/1.0" 200 196453
172.22.2.4 - - [24/Dec/2023:17:24:34 -0500] "GET /BLA/boletinlegal/ HTTP/1.1" 200 58172
201.245.192.253 - - [24/Dec/2023:17:26:14 -0500] "POST /kwsrmcab/Wsrmcab HTTP/1.1" 200 36026
201.245.192.253 - - [24/Dec/2023:17:26:18 -0500] "POST /kwsrmcab/Wsrmcab HTTP/1.1" 200 37052
156.59.198.136 - - [24/Dec/2023:17:26:31 -0500] "GET /BLA/resoluciones/Notificaciones/AUTOS%202016/00742.doc HTTP/1.0" 200 192146
198.98.54.49 - - [24/Dec/2023:17:26:49 -0500] "GET /distrito-exalto-a-246-empresas-de-bogota-por-su-alto-desempeno-y-responsabilidad-ambiental-durante-2023.html HTTP/1.1" 200 1039
156.59.198.135 - - [24/Dec/2023:17:26:56 -0500] "GET /BLA/resoluciones/Notificaciones/AUTOS%202022/8133.pdf HTTP/1.0" 200 417320
156.59.198.135 - - [24/Dec/2023:17:27:20 -0500] "GET /BLA/resoluciones/RESOLUCIONES%202008/4501.pdf HTTP/1.0" 200 75182
156.59.198.135 - - [24/Dec/2023:17:27:45 -0500] "GET /BLA/resoluciones/Notificaciones/AUTOS%202022/7377.pdf HTTP/1.0" 200 411192
156.59.198.135 - - [24/Dec/2023:17:28:10 -0500] "GET /BLA/resoluciones/AUTOS%202020/0394.pdf HTTP/1.0" 200 236848
47.128.49.28 - - [24/Dec/2023:17:28:37 -0500] "GET /BLA/resoluciones/index.php?dir=RESOLUCIONES%202006%2FRES%202006%201251-1300%2F&order=asc&sort=date HTTP/1.1" 200 12368
47.128.49.28 - - [24/Dec/2023:17:28:38 -0500] "GET /BLA/resoluciones/dlf/dirup.png HTTP/1.1" 200 644
47.128.49.28 - - [24/Dec/2023:17:28:38 -0500] "GET /BLA/resoluciones/dlf/unknown.png HTTP/1.1" 200 266
156.59.198.136 - - [24/Dec/2023:17:28:57 -0500] "GET /BLA/resoluciones/Notificaciones/AUTOS%202016/00757.doc HTTP/1.0" 200 192566
156.59.198.136 - - [24/Dec/2023:17:29:22 -0500] "GET /BLA/resoluciones/Notificaciones/AUTOS%202016/1438.doc HTTP/1.0" 200 340368
156.59.198.136 - - [24/Dec/2023:17:29:46 -0500] "GET /BLA/resoluciones/Notificaciones/RESOLUCIONES%202020/2345.pdf HTTP/1.0" 200 400167
201.245.192.253 - - [24/Dec/2023:17:29:51 -0500] "POST /kwsrmcab/Wsrmcab  HTTP/1.1" 200 40220
156.59.198.136 - - [24/Dec/2023:17:30:12 -0500] "GET /BLA/resoluciones/AUTOS%202022/4978.pdf HTTP/1.0" 200 359337
201.245.192.253 - - [24/Dec/2023:17:30:14 -0500] "POST /kwsrmcab/Wsrmcab HTTP/1.1" 200 36026
216.245.221.92 - - [24/Dec/2023:17:30:21 -0500] "HEAD / HTTP/1.1" 200 -
201.245.192.253 - - [24/Dec/2023:17:30:19 -0500] "POST /kwsrmcab/Wsrmcab HTTP/1.1" 200 37052
156.59.198.135 - - [24/Dec/2023:17:30:36 -0500] "GET /BLA/resoluciones/Notificaciones/AUTOS%202022/2140.pdf HTTP/1.0" 200 379384
156.59.198.136 - - [24/Dec/2023:17:31:02 -0500] "GET /BLA/resoluciones/RESOLUCIONES%202008/5083.pdf HTTP/1.0" 200 213634
172.22.2.4 - - [24/Dec/2023:17:29:33 -0500] "HEAD /BLA/boletinlegal/ HTTP/1.1" 200 -
156.59.198.135 - - [24/Dec/2023:17:31:25 -0500] "GET /BLA/resoluciones/Notificaciones/AUTOS%202022/2873.pdf HTTP/1.0" 200 399885
156.59.198.135 - - [24/Dec/2023:17:31:49 -0500] "GET /BLA/resoluciones/AUTOS%202022/7607.pdf HTTP/1.0" 200 628049
172.22.2.4 - - [24/Dec/2023:17:30:24 -0500] "GET /BLA/boletinlegal/ HTTP/1.1" 200 58567
156.59.198.136 - - [24/Dec/2023:17:32:13 -0500] "GET /BLA/resoluciones/AUTOS%202022/4733.pdf HTTP/1.0" 200 399905
156.59.198.136 - - [24/Dec/2023:17:32:38 -0500] "GET /BLA/resoluciones/Notificaciones/RESOLUCIONES%202020/1124.pdf HTTP/1.0" 200 324044
156.59.198.135 - - [24/Dec/2023:17:33:01 -0500] "GET /BLA/resoluciones/RESOLUCIONES%202008/2945.pdf HTTP/1.0" 200 121810
156.59.198.136 - - [24/Dec/2023:17:33:26 -0500] "GET /BLA/resoluciones/RESOLUCIONES%202008/2262.pdf HTTP/1.0" 200 202505
157.55.39.51 - - [24/Dec/2023:17:33:36 -0500] "GET /BLA/resoluciones/AUTOS%202023/1199.pdf HTTP/1.1" 200 432478
156.59.198.136 - - [24/Dec/2023:17:33:51 -0500] "GET /BLA/resoluciones/AUTOS%202022/6350.pdf HTTP/1.0" 200 482883
156.59.198.136 - - [24/Dec/2023:17:34:16 -0500] "GET /BLA/resoluciones/Notificaciones/AUTOS%202022/07738.pdf HTTP/1.0" 200 475671
156.59.198.136 - - [24/Dec/2023:17:34:40 -0500] "GET /BLA/resoluciones/Notificaciones/AUTOS%202022/3250.pdf HTTP/1.0" 200 1720710
201.245.192.253 - - [24/Dec/2023:17:34:48 -0500] "POST /kwsrmcab/Wsrmcab  HTTP/1.1" 200 40220
173.252.107.3 - - [24/Dec/2023:17:34:54 -0500] "GET /images/agua%20bogota.jpg HTTP/1.1" 200 74348
156.59.198.136 - - [24/Dec/2023:17:35:04 -0500] "GET /BLA/resoluciones/RESOLUCIONES%202008/5546.pdf HTTP/1.0" 200 183012
34.32.156.207 - - [24/Dec/2023:17:35:05 -0500] "GET /distrito-exalto-a-246-empresas-de-bogota-por-su-alto-desempeno-y-responsabilidad-ambiental-durante-2023.html HTTP/1.1" 200 1039
173.252.79.5 - - [24/Dec/2023:17:35:19 -0500] "GET /distrito-exalto-a-246-empresas-de-bogota-por-su-alto-desempeno-y-responsabilidad-ambiental-durante-2023.html HTTP/1.1" 200 1039
216.245.221.92 - - [24/Dec/2023:17:35:21 -0500] "HEAD / HTTP/1.1" 200 -
156.59.198.135 - - [24/Dec/2023:17:35:27 -0500] "GET /BLA/resoluciones/Notificaciones/RESOLUCIONES%202016/00618.doc HTTP/1.0" 200 190651
156.59.198.135 - - [24/Dec/2023:17:35:52 -0500] "GET /BLA/resoluciones/Notificaciones/RESOLUCIONES%202016/00539.doc HTTP/1.0" 200 190705
172.22.2.4 - - [24/Dec/2023:17:34:15 -0500] "GET /BLA/boletinlegal/ HTTP/1.1" 200 60046
156.59.198.135 - - [24/Dec/2023:17:36:16 -0500] "GET /BLA/resoluciones/Notificaciones/AUTOS%202022/7592.pdf HTTP/1.0" 200 389745
201.245.192.253 - - [24/Dec/2023:17:36:15 -0500] "POST /kwsrmcab/Wsrmcab HTTP/1.1" 200 36026
201.245.192.253 - - [24/Dec/2023:17:36:18 -0500] "POST /kwsrmcab/Wsrmcab HTTP/1.1" 200 37052
156.59.198.136 - - [24/Dec/2023:17:36:40 -0500] "GET /BLA/resoluciones/Notificaciones/AUTOS%202022/7361.pdf HTTP/1.0" 200 419898
172.22.2.4 - - [24/Dec/2023:17:35:23 -0500] "HEAD /BLA/boletinlegal/ HTTP/1.1" 200 -
156.59.198.136 - - [24/Dec/2023:17:37:05 -0500] "GET /BLA/resoluciones/AUTOS%202022/6439.pdf HTTP/1.0" 200 294426
156.59.198.136 - - [24/Dec/2023:17:37:29 -0500] "GET /BLA/resoluciones/Notificaciones/RESOLUCIONES%202020/0610.pdf HTTP/1.0" 200 347382
156.59.198.135 - - [24/Dec/2023:17:37:53 -0500] "GET /BLA/resoluciones/Notificaciones/RESOLUCIONES%202020/1854.pdf HTTP/1.0" 200 908348
172.22.2.4 - - [24/Dec/2023:17:36:14 -0500] "GET /BLA/boletinlegal/ HTTP/1.1" 200 60502
156.59.198.136 - - [24/Dec/2023:17:38:17 -0500] "GET /BLA/resoluciones/Notificaciones/RESOLUCIONES%202020/2263.pdf HTTP/1.0" 200 1339833
172.22.2.4 - - [24/Dec/2023:17:38:19 -0500] "GET /BLA/boletinlegal/Circulares/2019/.pdf HTTP/1.1" 404 1218
156.59.198.135 - - [24/Dec/2023:17:38:41 -0500] "GET /BLA/resoluciones/Notificaciones/RESOLUCIONES%202020/2972.pdf HTTP/1.0" 200 438690
156.59.198.136 - - [24/Dec/2023:17:39:05 -0500] "GET /BLA/resoluciones/Notificaciones/RESOLUCIONES%202020/1964.pdf HTTP/1.0" 200 420835
156.59.198.135 - - [24/Dec/2023:17:39:30 -0500] "GET /BLA/resoluciones/Notificaciones/RESOLUCIONES%202020/0135.pdf HTTP/1.0" 200 309190
201.245.192.253 - - [24/Dec/2023:17:39:47 -0500] "POST /kwsrmcab/Wsrmcab  HTTP/1.1" 200 40220
156.59.198.136 - - [24/Dec/2023:17:39:54 -0500] "GET /BLA/resoluciones/Notificaciones/RESOLUCIONES%202020/02376.pdf HTTP/1.0" 200 354840
201.245.192.253 - - [24/Dec/2023:17:40:15 -0500] "POST /kwsrmcab/Wsrmcab HTTP/1.1" 200 36026
156.59.198.136 - - [24/Dec/2023:17:40:19 -0500] "GET /BLA/resoluciones/Notificaciones/RESOLUCIONES%202020/1265.pdf HTTP/1.0" 200 340885
216.245.221.92 - - [24/Dec/2023:17:40:21 -0500] "HEAD / HTTP/1.1" 200 -
201.245.192.253 - - [24/Dec/2023:17:40:20 -0500] "POST /kwsrmcab/Wsrmcab HTTP/1.1" 200 37052
156.59.198.136 - - [24/Dec/2023:17:40:43 -0500] "GET /BLA/resoluciones/Notificaciones/RESOLUCIONES%202020/1526.pdf HTTP/1.0" 200 387049
156.59.198.136 - - [24/Dec/2023:17:41:08 -0500] "GET /BLA/resoluciones/Notificaciones/RESOLUCIONES%202020/2058.pdf HTTP/1.0" 200 400304
156.59.198.136 - - [24/Dec/2023:17:41:32 -0500] "GET /BLA/resoluciones/Notificaciones/RESOLUCIONES%202020/1818.pdf HTTP/1.0" 200 2232360
156.59.198.136 - - [24/Dec/2023:17:41:56 -0500] "GET /BLA/resoluciones/Notificaciones/RESOLUCIONES%202020/2024.pdf HTTP/1.0" 200 412780
66.249.66.77 - - [24/Dec/2023:17:42:14 -0500] "GET /portaldeninos/los-arboles/tips/ HTTP/1.1" 200 87677
156.59.198.135 - - [24/Dec/2023:17:42:20 -0500] "GET /BLA/resoluciones/Notificaciones/RESOLUCIONES%202020/1996.pdf HTTP/1.0" 200 376841
156.59.198.136 - - [24/Dec/2023:17:42:45 -0500] "GET /BLA/resoluciones/Notificaciones/RESOLUCIONES%202020/2952.pdf HTTP/1.0" 200 467655
172.22.2.4 - - [24/Dec/2023:17:41:13 -0500] "HEAD /BLA/boletinlegal/ HTTP/1.1" 200 -
66.249.66.19 - - [24/Dec/2023:17:43:03 -0500] "GET /BLA/resoluciones/RESOLUCIONES%202011/5611.pdf HTTP/1.1" 200 416468
212.29.221.106 - - [24/Dec/2023:17:43:07 -0500] "GET /robots.txt HTTP/1.1" 404 1034
212.29.221.106 - - [24/Dec/2023:17:43:08 -0500] "GET / HTTP/1.1" 200 4720
156.59.198.135 - - [24/Dec/2023:17:43:09 -0500] "GET /BLA/resoluciones/Notificaciones/RESOLUCIONES%202020/5418.pdf HTTP/1.0" 200 6626985
212.29.221.107 - - [24/Dec/2023:17:43:18 -0500] "GET /robots.txt HTTP/1.1" 404 1035
212.29.221.107 - - [24/Dec/2023:17:43:18 -0500] "GET / HTTP/1.1" 200 319
156.59.198.136 - - [24/Dec/2023:17:43:33 -0500] "GET /BLA/resoluciones/Notificaciones/RESOLUCIONES%202020/2261.pdf HTTP/1.0" 200 379976
172.22.2.4 - - [24/Dec/2023:17:42:04 -0500] "GET /BLA/boletinlegal/ HTTP/1.1" 200 60910
156.59.198.136 - - [24/Dec/2023:17:43:57 -0500] "GET /BLA/resoluciones/Notificaciones/RESOLUCIONES%202020/2007.pdf HTTP/1.0" 200 411146
156.59.198.136 - - [24/Dec/2023:17:44:21 -0500] "GET /BLA/resoluciones/Notificaciones/RESOLUCIONES%202020/2811.pdf HTTP/1.0" 200 394434
156.59.198.136 - - [24/Dec/2023:17:44:47 -0500] "GET /BLA/resoluciones/Notificaciones/RESOLUCIONES%202020/2520.pdf HTTP/1.0" 200 329338
201.245.192.253 - - [24/Dec/2023:17:44:46 -0500] "POST /kwsrmcab/Wsrmcab  HTTP/1.1" 200 40220
156.59.198.135 - - [24/Dec/2023:17:45:11 -0500] "GET /BLA/resoluciones/Notificaciones/RESOLUCIONES%202020/2913.pdf HTTP/1.0" 200 1080438
31.13.103.3 - - [24/Dec/2023:17:45:19 -0500] "GET /alcaldia-de-bogota-y-fundacion-exito-entregaron-en-ciudad-bolivar-la-primera-terraza-verde-de-la-capital.html HTTP/1.1" 200 852
31.13.103.9 - - [24/Dec/2023:17:45:19 -0500] "GET /alcaldia-de-bogota-y-fundacion-exito-entregaron-en-ciudad-bolivar-la-primera-terraza-verde-de-la-capital.html HTTP/1.1" 206 852
31.13.103.117 - - [24/Dec/2023:17:45:19 -0500] "GET /alcaldia-de-bogota-y-fundacion-exito-entregaron-en-ciudad-bolivar-la-primera-terraza-verde-de-la-capital.html HTTP/1.1" 200 852
31.13.103.6 - - [24/Dec/2023:17:45:20 -0500] "GET /alcaldia-de-bogota-y-fundacion-exito-entregaron-en-ciudad-bolivar-la-primera-terraza-verde-de-la-capital.html HTTP/1.1" 200 852
216.245.221.92 - - [24/Dec/2023:17:45:21 -0500] "HEAD / HTTP/1.1" 200 -
31.13.103.1 - - [24/Dec/2023:17:45:26 -0500] "GET /alcaldia-de-bogota-y-fundacion-exito-entregaron-en-ciudad-bolivar-la-primera-terraza-verde-de-la-capital.html HTTP/1.1" 200 852
156.59.198.136 - - [24/Dec/2023:17:45:36 -0500] "GET /BLA/resoluciones/Notificaciones/RESOLUCIONES%202020/2525.pdf HTTP/1.0" 200 356199
156.59.198.136 - - [24/Dec/2023:17:46:01 -0500] "GET /BLA/resoluciones/Notificaciones/RESOLUCIONES%202020/1952.pdf HTTP/1.0" 200 391041
156.59.198.135 - - [24/Dec/2023:17:46:27 -0500] "GET /BLA/resoluciones/Notificaciones/RESOLUCIONES%202020/2174.pdf HTTP/1.0" 200 429805
156.59.198.136 - - [24/Dec/2023:17:46:50 -0500] "GET /BLA/resoluciones/Notificaciones/RESOLUCIONES%202020/0466.pdf HTTP/1.0" 200 385686
156.59.198.135 - - [24/Dec/2023:17:47:15 -0500] "GET /BLA/resoluciones/Notificaciones/RESOLUCIONES%202020/2062.pdf HTTP/1.0" 200 365734
156.59.198.135 - - [24/Dec/2023:17:47:39 -0500] "GET /BLA/resoluciones/Notificaciones/RESOLUCIONES%202020/2660.pdf HTTP/1.0" 200 395053
156.59.198.135 - - [24/Dec/2023:17:48:03 -0500] "GET /BLA/resoluciones/Notificaciones/RESOLUCIONES%202020/5454.pdf HTTP/1.0" 200 3810709
156.59.198.135 - - [24/Dec/2023:17:48:28 -0500] "GET /BLA/resoluciones/Notificaciones/RESOLUCIONES%202020/2298.pdf HTTP/1.0" 200 408839
172.22.2.4 - - [24/Dec/2023:17:47:03 -0500] "HEAD /BLA/boletinlegal/ HTTP/1.1" 200 -
156.59.198.135 - - [24/Dec/2023:17:48:52 -0500] "GET /BLA/resoluciones/Notificaciones/RESOLUCIONES%202020/937.pdf HTTP/1.0" 200 3483099
156.59.198.135 - - [24/Dec/2023:17:49:16 -0500] "GET /BLA/resoluciones/Notificaciones/RESOLUCIONES%202020/2968.pdf HTTP/1.0" 200 759428
172.22.2.4 - - [24/Dec/2023:17:47:54 -0500] "GET /BLA/boletinlegal/ HTTP/1.1" 200 58567
156.59.198.136 - - [24/Dec/2023:17:49:41 -0500] "GET /BLA/resoluciones/Notificaciones/RESOLUCIONES%202020/2003.pdf HTTP/1.0" 200 387758
201.245.192.253 - - [24/Dec/2023:17:49:45 -0500] "POST /kwsrmcab/Wsrmcab  HTTP/1.1" 200 40220
156.59.198.136 - - [24/Dec/2023:17:50:05 -0500] "GET /BLA/resoluciones/Notificaciones/RESOLUCIONES%202020/0718.pdf HTTP/1.0" 200 353128
216.245.221.92 - - [24/Dec/2023:17:50:21 -0500] "HEAD / HTTP/1.1" 200 -
156.59.198.136 - - [24/Dec/2023:17:50:29 -0500] "GET /BLA/resoluciones/Notificaciones/RESOLUCIONES%202020/2051.pdf HTTP/1.0" 200 346723
156.59.198.136 - - [24/Dec/2023:17:50:54 -0500] "GET /BLA/resoluciones/Notificaciones/RESOLUCIONES%202020/2927.pdf HTTP/1.0" 200 753879
156.59.198.135 - - [24/Dec/2023:17:51:18 -0500] "GET /BLA/resoluciones/Notificaciones/RESOLUCIONES%202020/2923.pdf HTTP/1.0" 200 1074859
156.59.198.135 - - [24/Dec/2023:17:51:42 -0500] "GET /BLA/resoluciones/Notificaciones/RESOLUCIONES%202020/00206.pdf HTTP/1.0" 200 342648
156.59.198.135 - - [24/Dec/2023:17:52:06 -0500] "GET /BLA/resoluciones/Notificaciones/RESOLUCIONES%202020/01758.pdf HTTP/1.0" 200 514375
156.59.198.136 - - [24/Dec/2023:17:52:31 -0500] "GET /BLA/resoluciones/Notificaciones/RESOLUCIONES%202020/02399.pdf HTTP/1.0" 200 333338
156.59.198.136 - - [24/Dec/2023:17:52:55 -0500] "GET /BLA/resoluciones/Notificaciones/RESOLUCIONES%202020/1524.pdf HTTP/1.0" 200 376620
47.128.41.27 - - [24/Dec/2023:17:53:21 -0500] "GET /BLA/resoluciones/dlf/dirup.png HTTP/1.1" 200 644
47.128.41.27 - - [24/Dec/2023:17:53:21 -0500] "GET /BLA/resoluciones/dlf/unknown.png HTTP/1.1" 200 266
47.128.41.27 - - [24/Dec/2023:17:53:20 -0500] "GET /BLA/resoluciones/index.php?dir=RESOLUCIONES%202006%2FRES%202006%20201-250%2F&order=desc&sort=name HTTP/1.1" 200 12237
173.252.95.8 - - [24/Dec/2023:17:53:37 -0500] "GET /images/terrazas%20verdes.jpg HTTP/1.1" 200 63951
69.63.184.120 - - [24/Dec/2023:17:53:44 -0500] "GET /dia-mundial-del-agua-2023-programate-para-participar-en-estas-actividades-de-educacion-ambiental.html HTTP/1.1" 200 903
156.59.198.135 - - [24/Dec/2023:17:53:44 -0500] "GET /BLA/resoluciones/Notificaciones/RESOLUCIONES%202020/1542.pdf HTTP/1.0" 200 395900
156.59.198.135 - - [24/Dec/2023:17:54:08 -0500] "GET /BLA/resoluciones/Notificaciones/RESOLUCIONES%202020/1739.pdf HTTP/1.0" 200 380721
156.59.198.135 - - [24/Dec/2023:17:54:32 -0500] "GET /BLA/resoluciones/Notificaciones/RESOLUCIONES%202020/1267.pdf HTTP/1.0" 200 369491
172.22.2.4 - - [24/Dec/2023:17:52:53 -0500] "HEAD /BLA/boletinlegal/ HTTP/1.1" 200 -
201.245.192.253 - - [24/Dec/2023:17:54:43 -0500] "POST /kwsrmcab/Wsrmcab  HTTP/1.1" 200 40220
156.59.198.135 - - [24/Dec/2023:17:54:56 -0500] "GET /BLA/resoluciones/Notificaciones/RESOLUCIONES%202020/1574.pdf HTTP/1.0" 200 375619
156.59.198.135 - - [24/Dec/2023:17:55:20 -0500] "GET /BLA/resoluciones/Notificaciones/RESOLUCIONES%202020/1532.pdf HTTP/1.0" 200 386649
216.245.221.92 - - [24/Dec/2023:17:55:21 -0500] "HEAD / HTTP/1.1" 200 -
172.22.2.4 - - [24/Dec/2023:17:53:44 -0500] "GET /BLA/boletinlegal/ HTTP/1.1" 200 58567
156.59.198.135 - - [24/Dec/2023:17:55:44 -0500] "GET /BLA/resoluciones/Notificaciones/RESOLUCIONES%202020/2319.pdf HTTP/1.0" 200 442496
173.252.83.10 - - [24/Dec/2023:17:56:04 -0500] "GET /mas-de-60-personas-privadas-de-la-libertad-se-certificaron-como-dinamizadores-ambientales.html HTTP/1.1" 200 951
156.59.198.135 - - [24/Dec/2023:17:56:08 -0500] "GET /BLA/resoluciones/Notificaciones/RESOLUCIONES%202020/1724.pdf HTTP/1.0" 200 339674
156.59.198.136 - - [24/Dec/2023:17:56:32 -0500] "GET /BLA/resoluciones/Notificaciones/RESOLUCIONES%202020/2132.pdf HTTP/1.0" 200 407536
156.59.198.135 - - [24/Dec/2023:17:56:57 -0500] "GET /BLA/resoluciones/Notificaciones/RESOLUCIONES%202020/1357.pdf HTTP/1.0" 200 3803353
156.59.198.135 - - [24/Dec/2023:17:57:21 -0500] "GET /BLA/resoluciones/Notificaciones/RESOLUCIONES%202020/2900.pdf HTTP/1.0" 200 400124
156.59.198.136 - - [24/Dec/2023:17:57:45 -0500] "GET /BLA/resoluciones/Notificaciones/RESOLUCIONES%202020/1735.pdf HTTP/1.0" 200 487375
66.249.66.19 - - [24/Dec/2023:17:58:02 -0500] "GET /Publicaciones/2023EE170601.pdf HTTP/1.1" 404 228
156.59.198.135 - - [24/Dec/2023:17:58:10 -0500] "GET /BLA/resoluciones/Notificaciones/RESOLUCIONES%202020/5440.pdf HTTP/1.0" 200 5043692
156.59.198.136 - - [24/Dec/2023:17:58:35 -0500] "GET /BLA/resoluciones/Notificaciones/RESOLUCIONES%202020/1813.pdf HTTP/1.0" 200 387465
156.59.198.135 - - [24/Dec/2023:17:58:59 -0500] "GET /BLA/resoluciones/Notificaciones/RESOLUCIONES%202020/2452.pdf HTTP/1.0" 200 1349992
191.156.252.201 - - [24/Dec/2023:17:59:13 -0500] "GET /distrito-exalto-a-246-empresas-de-bogota-por-su-alto-desempeno-y-responsabilidad-ambiental-durante-2023.html HTTP/1.1" 200 1039
172.22.2.4 - - [24/Dec/2023:17:59:22 -0500] "GET /BLA/boletinlegal/normativa.php HTTP/1.1" 200 8343
156.59.198.136 - - [24/Dec/2023:17:59:25 -0500] "GET /BLA/resoluciones/Notificaciones/RESOLUCIONES%202020/2855.pdf HTTP/1.0" 200 406263
201.245.192.253 - - [24/Dec/2023:17:59:42 -0500] "POST /kwsrmcab/Wsrmcab  HTTP/1.1" 200 40220
156.59.198.136 - - [24/Dec/2023:17:59:47 -0500] "GET /BLA/resoluciones/Notificaciones/RESOLUCIONES%202020/01537.pdf HTTP/1.0" 200 362351
156.59.198.135 - - [24/Dec/2023:18:00:11 -0500] "GET /BLA/resoluciones/AUTOS%202022/4976.pdf HTTP/1.0" 200 394129
216.245.221.92 - - [24/Dec/2023:18:00:21 -0500] "HEAD / HTTP/1.1" 200 -
172.22.2.4 - - [24/Dec/2023:17:58:44 -0500] "HEAD /BLA/boletinlegal/ HTTP/1.1" 200 -
156.59.198.135 - - [24/Dec/2023:18:00:35 -0500] "GET /BLA/resoluciones/Notificaciones/AUTOS%202016/02930.pdf HTTP/1.0" 200 405600
156.59.198.136 - - [24/Dec/2023:18:00:59 -0500] "GET /BLA/resoluciones/Notificaciones/AUTOS%202022/3165.pdf HTTP/1.0" 200 406773
172.22.2.4 - - [24/Dec/2023:17:59:35 -0500] "GET /BLA/boletinlegal/ HTTP/1.1" 200 58172
156.59.198.135 - - [24/Dec/2023:18:01:24 -0500] "GET /BLA/resoluciones/RESOLUCIONES%202008/5674.pdf HTTP/1.0" 200 18348
156.59.198.136 - - [24/Dec/2023:18:01:48 -0500] "GET /BLA/resoluciones/AUTOS%202022/4391.pdf HTTP/1.0" 200 397864
156.59.198.136 - - [24/Dec/2023:18:02:12 -0500] "GET /BLA/resoluciones/AUTOS%202022/7079.pdf HTTP/1.0" 200 502614
156.59.198.136 - - [24/Dec/2023:18:02:37 -0500] "GET /BLA/resoluciones/AUTOS%202022/6395.pdf HTTP/1.0" 200 538418
156.59.198.136 - - [24/Dec/2023:18:03:00 -0500] "GET /BLA/resoluciones/Notificaciones/RESOLUCIONES%202020/0387.pdf HTTP/1.0" 200 814403
156.59.198.135 - - [24/Dec/2023:18:03:25 -0500] "GET /BLA/resoluciones/RESOLUCIONES%202008/1762.pdf HTTP/1.0" 200 156727
156.59.198.136 - - [24/Dec/2023:18:03:49 -0500] "GET /BLA/resoluciones/Notificaciones/AUTOS%202022/2846.pdf HTTP/1.0" 200 500596
156.59.198.136 - - [24/Dec/2023:18:04:13 -0500] "GET /BLA/resoluciones/RESOLUCIONES%202008/1744.pdf HTTP/1.0" 200 152446
52.167.144.225 - - [24/Dec/2023:18:04:32 -0500] "GET /portaldeninos/wp-content/uploads/2021/11/Pieza-reciclaje-ambiente-17-mayo-960x750.jpg HTTP/1.1" 200 89563
156.59.198.136 - - [24/Dec/2023:18:04:38 -0500] "GET /BLA/resoluciones/Notificaciones/AUTOS%202022/0541.pdf HTTP/1.0" 200 386389
201.245.192.253 - - [24/Dec/2023:18:04:41 -0500] "POST /kwsrmcab/Wsrmcab  HTTP/1.1" 200 40220
156.59.198.136 - - [24/Dec/2023:18:05:02 -0500] "GET /BLA/resoluciones/Notificaciones/AUTOS%202022/5357.pdf HTTP/1.0" 200 374909
216.245.221.92 - - [24/Dec/2023:18:05:21 -0500] "HEAD / HTTP/1.1" 200 -
43.131.62.4 - - [24/Dec/2023:18:05:24 -0500] "GET / HTTP/1.1" 200 319
156.59.198.136 - - [24/Dec/2023:18:05:27 -0500] "GET /BLA/resoluciones/Notificaciones/AUTOS%202016/02808.doc HTTP/1.0" 200 394568
69.63.189.8 - - [24/Dec/2023:18:05:47 -0500] "GET /images/PREAD%20SDA%201.jpeg HTTP/1.1" 200 65620
156.59.198.136 - - [24/Dec/2023:18:05:51 -0500] "GET /BLA/resoluciones/AUTOS%202022/8629.pdf HTTP/1.0" 200 753045
45.142.182.76 - - [24/Dec/2023:18:05:58 -0500] "POST /boaform/admin/formLogin HTTP/1.1" 404 1186
172.22.2.4 - - [24/Dec/2023:18:04:34 -0500] "HEAD /BLA/boletinlegal/ HTTP/1.1" 200 -
156.59.198.136 - - [24/Dec/2023:18:06:16 -0500] "GET /BLA/resoluciones/RESOLUCIONES%202008/1892.pdf HTTP/1.0" 200 195528
156.59.198.136 - - [24/Dec/2023:18:06:41 -0500] "GET /BLA/resoluciones/Notificaciones/AUTOS%202016/02203.doc HTTP/1.0" 200 383553
172.22.2.4 - - [24/Dec/2023:18:05:25 -0500] "GET /BLA/boletinlegal/ HTTP/1.1" 200 52889
156.59.198.135 - - [24/Dec/2023:18:07:05 -0500] "GET /BLA/resoluciones/RESOLUCIONES%202008/3288.pdf HTTP/1.0" 200 196621
181.153.44.231 - - [24/Dec/2023:18:07:10 -0500] "GET /distrito-exalto-a-246-empresas-de-bogota-por-su-alto-desempeno-y-responsabilidad-ambiental-durante-2023.html HTTP/1.1" 200 1039
156.59.198.135 - - [24/Dec/2023:18:07:29 -0500] "GET /BLA/resoluciones/Notificaciones/AUTOS%202016/00799.doc HTTP/1.0" 200 194957
156.59.198.136 - - [24/Dec/2023:18:07:55 -0500] "GET /BLA/resoluciones/Notificaciones/AUTOS%202022/0084.pdf HTTP/1.0" 200 359023
156.59.198.136 - - [24/Dec/2023:18:08:19 -0500] "GET /BLA/resoluciones/AUTOS%202022/3797.pdf HTTP/1.0" 200 351740
172.22.2.4 - - [24/Dec/2023:18:07:00 -0500] "GET /BLA/boletinlegal/ HTTP/1.1" 200 62055
156.59.198.136 - - [24/Dec/2023:18:08:43 -0500] "GET /BLA/resoluciones/Notificaciones/AUTOS%202016/03026.pdf HTTP/1.0" 200 392763
156.59.198.135 - - [24/Dec/2023:18:09:07 -0500] "GET /BLA/resoluciones/Notificaciones/AUTOS%202022/3363.pdf HTTP/1.0" 200 406894
156.59.198.136 - - [24/Dec/2023:18:09:32 -0500] "GET /BLA/resoluciones/AUTOS%202022/7702.pdf HTTP/1.0" 200 1160597
201.245.192.253 - - [24/Dec/2023:18:09:39 -0500] "POST /kwsrmcab/Wsrmcab  HTTP/1.1" 200 40220
156.59.198.135 - - [24/Dec/2023:18:09:58 -0500] "GET /BLA/resoluciones/Notificaciones/AUTOS%202022/2998.pdf HTTP/1.0" 200 803166
216.245.221.92 - - [24/Dec/2023:18:10:21 -0500] "HEAD / HTTP/1.1" 200 -
156.59.198.135 - - [24/Dec/2023:18:10:21 -0500] "GET /BLA/resoluciones/Notificaciones/AUTOS%202016/00113.doc HTTP/1.0" 200 190804
156.59.198.136 - - [24/Dec/2023:18:10:45 -0500] "GET /BLA/resoluciones/AUTOS%202022/4467.pdf HTTP/1.0" 200 397896
156.59.198.136 - - [24/Dec/2023:18:11:10 -0500] "GET /BLA/resoluciones/Notificaciones/RESOLUCIONES%202020/2128.pdf HTTP/1.0" 200 385949
156.59.198.136 - - [24/Dec/2023:18:11:36 -0500] "GET /BLA/resoluciones/AUTOS%202022/7438.pdf HTTP/1.0" 200 435487
156.59.198.135 - - [24/Dec/2023:18:11:59 -0500] "GET /BLA/resoluciones/RESOLUCIONES%202008/1674.pdf HTTP/1.0" 200 134689
172.22.2.4 - - [24/Dec/2023:18:10:24 -0500] "HEAD /BLA/boletinlegal/ HTTP/1.1" 200 -
156.59.198.135 - - [24/Dec/2023:18:12:23 -0500] "GET /BLA/resoluciones/Notificaciones/RESOLUCIONES%202016/2127.pdf HTTP/1.0" 200 322926
156.59.198.135 - - [24/Dec/2023:18:12:47 -0500] "GET /BLA/resoluciones/Notificaciones/AUTOS%202022/192.pdf HTTP/1.0" 200 392579
172.22.2.4 - - [24/Dec/2023:18:11:14 -0500] "GET /BLA/boletinlegal/ HTTP/1.1" 200 52008
156.59.198.135 - - [24/Dec/2023:18:13:11 -0500] "GET /BLA/resoluciones/Notificaciones/RESOLUCIONES%202020/2344.pdf HTTP/1.0" 200 399696
156.59.198.136 - - [24/Dec/2023:18:13:36 -0500] "GET /BLA/resoluciones/Notificaciones/RESOLUCIONES%202020/2309.pdf HTTP/1.0" 200 391974
156.59.198.135 - - [24/Dec/2023:18:14:00 -0500] "GET /BLA/resoluciones/RESOLUCIONES%202008/2054.pdf HTTP/1.0" 200 73727
156.59.198.136 - - [24/Dec/2023:18:14:25 -0500] "GET /BLA/resoluciones/AUTOS%202020/3258.pdf HTTP/1.0" 200 334654
201.245.192.253 - - [24/Dec/2023:18:14:38 -0500] "POST /kwsrmcab/Wsrmcab  HTTP/1.1" 200 40220
156.59.198.135 - - [24/Dec/2023:18:14:49 -0500] "GET /BLA/resoluciones/Notificaciones/AUTOS%202022/07737.pdf HTTP/1.0" 200 448250
156.59.198.136 - - [24/Dec/2023:18:15:13 -0500] "GET /BLA/resoluciones/AUTOS%202022/5027.pdf HTTP/1.0" 200 556439
216.245.221.92 - - [24/Dec/2023:18:15:21 -0500] "HEAD / HTTP/1.1" 200 -
156.59.198.135 - - [24/Dec/2023:18:15:38 -0500] "GET /BLA/resoluciones/RESOLUCIONES%202008/2760.pdf HTTP/1.0" 200 199400
156.59.198.135 - - [24/Dec/2023:18:16:02 -0500] "GET /BLA/resoluciones/Notificaciones/AUTOS%202016/02111.pdf HTTP/1.0" 200 353491
201.245.192.253 - - [24/Dec/2023:18:16:14 -0500] "POST /kwsrmcab/Wsrmcab HTTP/1.1" 200 36032
201.245.192.253 - - [24/Dec/2023:18:16:17 -0500] "POST /kwsrmcab/Wsrmcab HTTP/1.1" 200 37052
173.252.111.11 - - [24/Dec/2023:18:16:23 -0500] "GET /images/agua%20bogota.jpg HTTP/1.1" 200 74348
156.59.198.136 - - [24/Dec/2023:18:16:26 -0500] "GET /BLA/resoluciones/RESOLUCIONES%202008/1907.pdf HTTP/1.0" 200 188765
156.59.198.135 - - [24/Dec/2023:18:16:52 -0500] "GET /BLA/resoluciones/Notificaciones/RESOLUCIONES%202016/00607.doc HTTP/1.0" 200 191373
52.167.144.238 - - [24/Dec/2023:18:17:13 -0500] "GET /BLA/resoluciones/RESOLUCIONES%202022/1477.pdf HTTP/1.1" 200 425612
66.249.66.19 - - [24/Dec/2023:18:17:14 -0500] "GET /Publicaciones/2023EE235633.pdf HTTP/1.1" 404 228
156.59.198.136 - - [24/Dec/2023:18:17:16 -0500] "GET /BLA/resoluciones/Notificaciones/RESOLUCIONES%202019/3225.pdf HTTP/1.0" 200 372411
156.59.198.135 - - [24/Dec/2023:18:17:40 -0500] "GET /BLA/resoluciones/AUTOS%202022/3803.pdf HTTP/1.0" 200 883886
172.22.2.4 - - [24/Dec/2023:18:16:14 -0500] "HEAD /BLA/boletinlegal/ HTTP/1.1" 200 -
156.59.198.135 - - [24/Dec/2023:18:18:04 -0500] "GET /BLA/resoluciones/Notificaciones/RESOLUCIONES%202019/1258.pdf HTTP/1.0" 200 349477
47.128.55.160 - - [24/Dec/2023:18:18:30 -0500] "GET /BLA/resoluciones/index.php?dir=RESOLUCIONES%202002%2FRES%202002%201301-1350%2F&order=asc&sort=date HTTP/1.1" 200 12634
47.128.55.160 - - [24/Dec/2023:18:18:31 -0500] "GET /BLA/resoluciones/dlf/unknown.png HTTP/1.1" 200 266
47.128.55.160 - - [24/Dec/2023:18:18:31 -0500] "GET /BLA/resoluciones/dlf/dirup.png HTTP/1.1" 200 644
47.128.55.160 - - [24/Dec/2023:18:18:31 -0500] "GET /BLA/resoluciones/dlf/pdf.gif HTTP/1.1" 200 272
172.22.2.4 - - [24/Dec/2023:18:17:04 -0500] "GET /BLA/boletinlegal/ HTTP/1.1" 200 60910
156.59.198.136 - - [24/Dec/2023:18:18:53 -0500] "GET /BLA/resoluciones/AUTOS%202022/8534.pdf HTTP/1.0" 200 569505
156.59.198.136 - - [24/Dec/2023:18:19:18 -0500] "GET /BLA/resoluciones/RESOLUCIONES%202008/4307.pdf HTTP/1.0" 200 87114
201.245.192.253 - - [24/Dec/2023:18:19:36 -0500] "POST /kwsrmcab/Wsrmcab  HTTP/1.1" 200 40220
156.59.198.136 - - [24/Dec/2023:18:19:42 -0500] "GET /BLA/resoluciones/Notificaciones/AUTOS%202016/00653.doc HTTP/1.0" 200 194335
156.59.198.136 - - [24/Dec/2023:18:20:06 -0500] "GET /BLA/resoluciones/Notificaciones/RESOLUCIONES%202019/00437.pdf HTTP/1.0" 200 277379
201.245.192.253 - - [24/Dec/2023:18:20:14 -0500] "POST /kwsrmcab/Wsrmcab HTTP/1.1" 200 36032
216.245.221.92 - - [24/Dec/2023:18:20:21 -0500] "HEAD / HTTP/1.1" 200 -
201.245.192.253 - - [24/Dec/2023:18:20:19 -0500] "POST /kwsrmcab/Wsrmcab HTTP/1.1" 200 37052
156.59.198.135 - - [24/Dec/2023:18:20:31 -0500] "GET /BLA/resoluciones/Notificaciones/AUTOS%202022/7600.pdf HTTP/1.0" 200 479598
156.59.198.136 - - [24/Dec/2023:18:20:55 -0500] "GET /BLA/resoluciones/RESOLUCIONES%202008/3960.pdf HTTP/1.0" 200 55827
156.59.198.136 - - [24/Dec/2023:18:21:19 -0500] "GET /BLA/resoluciones/AUTOS%202022/4402.pdf HTTP/1.0" 200 394227
156.59.198.135 - - [24/Dec/2023:18:21:44 -0500] "GET /BLA/resoluciones/AUTOS%202022/8183.pdf HTTP/1.0" 200 293502
156.59.198.136 - - [24/Dec/2023:18:22:07 -0500] "GET /BLA/resoluciones/Notificaciones/AUTOS%202022/8037.pdf HTTP/1.0" 200 403061
156.59.198.135 - - [24/Dec/2023:18:22:32 -0500] "GET /BLA/resoluciones/Notificaciones/AUTOS%202022/3139.pdf HTTP/1.0" 200 919598
156.59.198.135 - - [24/Dec/2023:18:22:57 -0500] "GET /BLA/resoluciones/AUTOS%202022/6093.pdf HTTP/1.0" 200 943568
156.59.198.136 - - [24/Dec/2023:18:23:21 -0500] "GET /BLA/resoluciones/AUTOS%202020/2587.pdf HTTP/1.0" 200 324860
172.22.2.4 - - [24/Dec/2023:18:22:04 -0500] "HEAD /BLA/boletinlegal/ HTTP/1.1" 200 -
156.59.198.136 - - [24/Dec/2023:18:23:45 -0500] "GET /BLA/resoluciones/AUTOS%202022/4079.pdf HTTP/1.0" 200 735380
186.31.76.27 - - [24/Dec/2023:18:23:51 -0500] "GET /mis-de-50-aves-silvestres-fueron-recuperadas-en-la-localidad-de-tunjuelito.html HTTP/1.1" 200 806
156.59.198.136 - - [24/Dec/2023:18:24:09 -0500] "GET /BLA/resoluciones/AUTOS%202022/8523.pdf HTTP/1.0" 200 719527
156.59.198.136 - - [24/Dec/2023:18:24:34 -0500] "GET /BLA/resoluciones/RESOLUCIONES%202008/1722.pdf HTTP/1.0" 200 58543
172.22.2.4 - - [24/Dec/2023:18:22:54 -0500] "GET /BLA/boletinlegal/ HTTP/1.1" 200 58567
201.245.192.253 - - [24/Dec/2023:18:24:34 -0500] "POST /kwsrmcab/Wsrmcab  HTTP/1.1" 200 40220
156.59.198.136 - - [24/Dec/2023:18:24:58 -0500] "GET /BLA/resoluciones/Notificaciones/AUTOS%202022/3673.pdf HTTP/1.0" 200 406146
216.245.221.92 - - [24/Dec/2023:18:25:21 -0500] "HEAD / HTTP/1.1" 200 -
156.59.198.136 - - [24/Dec/2023:18:25:22 -0500] "GET /BLA/resoluciones/RESOLUCIONES%202008/2670.pdf HTTP/1.0" 200 110752
156.59.198.136 - - [24/Dec/2023:18:25:46 -0500] "GET /BLA/resoluciones/Notificaciones/AUTOS%202016/02081.pdf HTTP/1.0" 200 660193
156.59.198.136 - - [24/Dec/2023:18:26:11 -0500] "GET /BLA/resoluciones/RESOLUCIONES%202008/5185.pdf HTTP/1.0" 200 91788
201.245.192.253 - - [24/Dec/2023:18:26:14 -0500] "POST /kwsrmcab/Wsrmcab HTTP/1.1" 200 36032
201.245.192.253 - - [24/Dec/2023:18:26:17 -0500] "POST /kwsrmcab/Wsrmcab HTTP/1.1" 200 37052
156.59.198.135 - - [24/Dec/2023:18:26:35 -0500] "GET /BLA/resoluciones/RESOLUCIONES%202008/2410.pdf HTTP/1.0" 200 196532
181.50.102.161 - - [24/Dec/2023:18:26:45 -0500] "GET /mis-de-50-aves-silvestres-fueron-recuperadas-en-la-localidad-de-tunjuelito.html HTTP/1.1" 200 806
156.59.198.136 - - [24/Dec/2023:18:26:58 -0500] "GET /BLA/resoluciones/AUTOS%202022/5692.pdf HTTP/1.0" 200 291647
156.59.198.135 - - [24/Dec/2023:18:27:23 -0500] "GET /BLA/resoluciones/RESOLUCIONES%202008/5483.pdf HTTP/1.0" 200 211977
156.59.198.135 - - [24/Dec/2023:18:27:48 -0500] "GET /BLA/resoluciones/Notificaciones/AUTOS%202022/1667.pdf HTTP/1.0" 200 377300
156.59.198.135 - - [24/Dec/2023:18:28:12 -0500] "GET /BLA/resoluciones/RESOLUCIONES%202008/5522.pdf HTTP/1.0" 200 213369
156.59.198.135 - - [24/Dec/2023:18:28:37 -0500] "GET /BLA/resoluciones/AUTOS%202022/6762.pdf HTTP/1.0" 200 421772
168.119.252.242 - - [24/Dec/2023:18:28:47 -0500] "GET / HTTP/1.1" 200 319
168.119.252.242 - - [24/Dec/2023:18:28:47 -0500] "GET / HTTP/1.1" 200 4720
156.59.198.136 - - [24/Dec/2023:18:29:01 -0500] "GET /BLA/resoluciones/Notificaciones/RESOLUCIONES%202020/738.pdf HTTP/1.0" 200 821298
156.59.198.135 - - [24/Dec/2023:18:29:25 -0500] "GET /BLA/resoluciones/AUTOS%202022/5236.pdf HTTP/1.0" 200 377013
172.22.2.4 - - [24/Dec/2023:18:27:54 -0500] "HEAD /BLA/boletinlegal/ HTTP/1.1" 200 -
201.245.192.253 - - [24/Dec/2023:18:29:32 -0500] "POST /kwsrmcab/Wsrmcab  HTTP/1.1" 200 40220
173.252.79.112 - - [24/Dec/2023:18:29:36 -0500] "GET /images/agua%20bogota.jpg HTTP/1.1" 200 74348
156.59.198.136 - - [24/Dec/2023:18:29:51 -0500] "GET /BLA/resoluciones/AUTOS%202022/4239.pdf HTTP/1.0" 200 397244
156.59.198.136 - - [24/Dec/2023:18:30:14 -0500] "GET /BLA/resoluciones/AUTOS%202020/1120.pdf HTTP/1.0" 200 328506
201.245.192.253 - - [24/Dec/2023:18:30:14 -0500] "POST /kwsrmcab/Wsrmcab HTTP/1.1" 200 36032
216.245.221.92 - - [24/Dec/2023:18:30:21 -0500] "HEAD / HTTP/1.1" 200 -
201.245.192.253 - - [24/Dec/2023:18:30:19 -0500] "POST /kwsrmcab/Wsrmcab HTTP/1.1" 200 37052
172.22.2.4 - - [24/Dec/2023:18:28:45 -0500] "GET /BLA/boletinlegal/ HTTP/1.1" 200 60502
156.59.198.136 - - [24/Dec/2023:18:30:39 -0500] "GET /BLA/resoluciones/AUTOS%202022/6775.pdf HTTP/1.0" 200 439297
156.59.198.135 - - [24/Dec/2023:18:31:04 -0500] "GET /BLA/resoluciones/Notificaciones/AUTOS%202016/03045.pdf HTTP/1.0" 200 358722
156.59.198.136 - - [24/Dec/2023:18:31:27 -0500] "GET /BLA/resoluciones/Notificaciones/AUTOS%202022/3233.pdf HTTP/1.0" 200 373801
156.59.198.136 - - [24/Dec/2023:18:31:51 -0500] "GET /BLA/resoluciones/AUTOS%202022/7561.pdf HTTP/1.0" 200 466412
173.252.87.4 - - [24/Dec/2023:18:32:02 -0500] "GET /alcaldia-de-bogota-y-fundacion-exito-entregaron-en-ciudad-bolivar-la-primera-terraza-verde-de-la-capital.html HTTP/1.1" 200 852
173.252.87.9 - - [24/Dec/2023:18:32:03 -0500] "GET /alcaldia-de-bogota-y-fundacion-exito-entregaron-en-ciudad-bolivar-la-primera-terraza-verde-de-la-capital.html HTTP/1.1" 200 852
156.59.198.136 - - [24/Dec/2023:18:32:16 -0500] "GET /BLA/resoluciones/RESOLUCIONES%202008/5311.pdf HTTP/1.0" 200 204171
156.59.198.136 - - [24/Dec/2023:18:32:41 -0500] "GET /BLA/resoluciones/AUTOS%202022/8253.pdf HTTP/1.0" 200 582542
156.59.198.135 - - [24/Dec/2023:18:33:06 -0500] "GET /BLA/resoluciones/AUTOS%202022/5032.pdf HTTP/1.0" 200 489845
156.59.198.135 - - [24/Dec/2023:18:33:31 -0500] "GET /BLA/resoluciones/RESOLUCIONES%202008/2647.pdf HTTP/1.0" 200 199262
156.59.198.136 - - [24/Dec/2023:18:33:55 -0500] "GET /BLA/resoluciones/RESOLUCIONES%202008/1756.pdf HTTP/1.0" 200 54971
156.59.198.135 - - [24/Dec/2023:18:34:19 -0500] "GET /BLA/resoluciones/Notificaciones/RESOLUCIONES%202020/2099.pdf HTTP/1.0" 200 415859
201.245.192.253 - - [24/Dec/2023:18:34:31 -0500] "POST /kwsrmcab/Wsrmcab  HTTP/1.1" 200 40220
156.59.198.136 - - [24/Dec/2023:18:34:44 -0500] "GET /BLA/resoluciones/AUTOS%202020/2090.pdf HTTP/1.0" 200 329701
156.59.198.135 - - [24/Dec/2023:18:35:08 -0500] "GET /BLA/resoluciones/Notificaciones/AUTOS%202022/5632.pdf HTTP/1.0" 200 334207
216.245.221.92 - - [24/Dec/2023:18:35:21 -0500] "HEAD / HTTP/1.1" 200 -
172.22.2.4 - - [24/Dec/2023:18:33:44 -0500] "HEAD /BLA/boletinlegal/ HTTP/1.1" 200 -
156.59.198.135 - - [24/Dec/2023:18:35:32 -0500] "GET /BLA/resoluciones/AUTOS%202022/6742.pdf HTTP/1.0" 200 446766
172.22.2.4 - - [24/Dec/2023:18:34:03 -0500] "GET /BLA/boletinlegal/ HTTP/1.1" 200 46616
156.59.198.135 - - [24/Dec/2023:18:35:57 -0500] "GET /BLA/resoluciones/Notificaciones/RESOLUCIONES%202020/2846.pdf HTTP/1.0" 200 1420895
172.22.2.4 - - [24/Dec/2023:18:34:34 -0500] "GET /BLA/boletinlegal/ HTTP/1.1" 200 48394
201.245.192.253 - - [24/Dec/2023:18:36:15 -0500] "POST /kwsrmcab/Wsrmcab HTTP/1.1" 200 36032
201.245.192.253 - - [24/Dec/2023:18:36:18 -0500] "POST /kwsrmcab/Wsrmcab HTTP/1.1" 200 37052
156.59.198.136 - - [24/Dec/2023:18:36:21 -0500] "GET /BLA/resoluciones/RESOLUCIONES%202008/5555.pdf HTTP/1.0" 200 47275
156.59.198.135 - - [24/Dec/2023:18:36:45 -0500] "GET /BLA/resoluciones/AUTOS%202020/2300.pdf HTTP/1.0" 200 328225
69.63.189.6 - - [24/Dec/2023:18:37:00 -0500] "GET /images/PREAD%20SDA%201.jpeg HTTP/1.1" 200 65620
69.63.189.119 - - [24/Dec/2023:18:37:00 -0500] "GET /images/Musgo%2017%20-%2012%20-%202023.jpeg HTTP/1.1" 200 66238
69.63.189.3 - - [24/Dec/2023:18:37:00 -0500] "GET /images/agua%20bogota.jpg HTTP/1.1" 200 74348
69.63.189.116 - - [24/Dec/2023:18:37:00 -0500] "GET /images/Aves%20SDA.jpeg HTTP/1.1" 200 75104
69.63.189.116 - - [24/Dec/2023:18:37:00 -0500] "GET /images/arbol%20centro.jpg HTTP/1.1" 200 69467
69.63.189.10 - - [24/Dec/2023:18:37:00 -0500] "GET /images/terrazas%20verdes.jpg HTTP/1.1" 200 63951
69.63.189.1 - - [24/Dec/2023:18:37:00 -0500] "GET /images/reconocimiento%20practicas%20ambientales.jpg HTTP/1.1" 200 63397
69.63.189.4 - - [24/Dec/2023:18:37:00 -0500] "GET /images/participacion%2019-12-23.jpg HTTP/1.1" 200 73861
69.63.189.116 - - [24/Dec/2023:18:37:05 -0500] "GET /images/calidad-aire.jpg HTTP/1.1" 200 42421
156.59.198.135 - - [24/Dec/2023:18:37:10 -0500] "GET /BLA/resoluciones/Notificaciones/AUTOS%202022/8348.pdf HTTP/1.0" 200 3160170
156.59.198.136 - - [24/Dec/2023:18:37:34 -0500] "GET /BLA/resoluciones/Notificaciones/RESOLUCIONES%202019/3159.pdf HTTP/1.0" 200 2879759
52.167.144.217 - - [24/Dec/2023:18:37:37 -0500] "GET /recuperado-zorro-cangrejero-que-era-tenido-ilegalmente-como-mascota-en-una-vivienda-del-sur-de-bogota.html HTTP/1.1" 200 801
156.59.198.136 - - [24/Dec/2023:18:37:58 -0500] "GET /BLA/resoluciones/Notificaciones/AUTOS%202016/01536.pdf HTTP/1.0" 200 345821
172.22.2.4 - - [24/Dec/2023:18:38:04 -0500] "GET /BLA/boletinlegal/Circulares/2019/.pdf HTTP/1.1" 404 1218
156.59.198.136 - - [24/Dec/2023:18:38:23 -0500] "GET /BLA/resoluciones/RESOLUCIONES%202008/2644.pdf HTTP/1.0" 200 199676
190.145.240.124 - - [24/Dec/2023:18:38:37 -0500] "GET /sipse/faces/index.xhtml HTTP/1.1" 200 677
190.145.240.124 - - [24/Dec/2023:18:38:38 -0500] "GET /sipse/faces/javax.faces.resource/theme.css?ln=primefaces-sipse HTTP/1.1" 200 50058
190.145.240.124 - - [24/Dec/2023:18:38:38 -0500] "GET /favicon.ico HTTP/1.1" 200 7782
