156.59.198.135 - - [24/Dec/2023:20:17:49 -0500] "GET /BLA/resoluciones/Notificaciones/AUTOS%202016/03033.pdf HTTP/1.0" 200 350847
69.63.184.118 - - [24/Dec/2023:20:17:51 -0500] "GET /images/PREAD%20SDA%201.jpeg HTTP/1.1" 200 65620
52.167.144.216 - - [24/Dec/2023:20:18:10 -0500] "GET /BLA/resoluciones/RESOLUCIONES%202021/5385.pdf HTTP/1.1" 200 418798
191.156.247.160 - - [24/Dec/2023:20:18:13 -0500] "GET /mis-de-50-aves-silvestres-fueron-recuperadas-en-la-localidad-de-tunjuelito.html HTTP/1.1" 200 806
156.59.198.136 - - [24/Dec/2023:20:18:14 -0500] "GET /BLA/resoluciones/RESOLUCIONES%202008/1206.pdf HTTP/1.0" 200 69061
156.59.198.135 - - [24/Dec/2023:20:18:37 -0500] "GET /BLA/resoluciones/RESOLUCIONES%202008/3823.pdf HTTP/1.0" 200 65565
156.59.198.136 - - [24/Dec/2023:20:19:03 -0500] "GET /BLA/resoluciones/AUTOS%202020/3079.pdf HTTP/1.0" 200 321163
40.77.167.41 - - [24/Dec/2023:20:19:05 -0500] "GET /BLA/resoluciones/RESOLUCIONES%202023/0853.pdf HTTP/1.1" 200 849870
201.245.192.253 - - [24/Dec/2023:20:19:06 -0500] "POST /kwsrmcab/Wsrmcab  HTTP/1.1" 200 40220
156.59.198.135 - - [24/Dec/2023:20:19:27 -0500] "GET /BLA/resoluciones/RESOLUCIONES%202008/1378.pdf HTTP/1.0" 200 145150
34.141.255.247 - - [24/Dec/2023:20:19:41 -0500] "GET /distrito-exalto-a-246-empresas-de-bogota-por-su-alto-desempeno-y-responsabilidad-ambiental-durante-2023.html HTTP/1.1" 200 1039
156.59.198.135 - - [24/Dec/2023:20:19:52 -0500] "GET /BLA/resoluciones/RESOLUCIONES%202008/3345.pdf HTTP/1.0" 200 140208
156.59.198.136 - - [24/Dec/2023:20:20:16 -0500] "GET /BLA/resoluciones/Notificaciones/RESOLUCIONES%202020/1920.pdf HTTP/1.0" 200 394483
201.245.192.253 - - [24/Dec/2023:20:20:14 -0500] "POST /kwsrmcab/Wsrmcab HTTP/1.1" 200 36000
216.245.221.92 - - [24/Dec/2023:20:20:20 -0500] "HEAD / HTTP/1.1" 200 -
31.13.127.10 - - [24/Dec/2023:20:20:21 -0500] "GET /mis-de-50-aves-silvestres-fueron-recuperadas-en-la-localidad-de-tunjuelito.html HTTP/1.1" 200 806
201.245.192.253 - - [24/Dec/2023:20:20:19 -0500] "POST /kwsrmcab/Wsrmcab HTTP/1.1" 200 37028
172.22.2.4 - - [24/Dec/2023:20:18:44 -0500] "HEAD /BLA/boletinlegal/ HTTP/1.1" 200 -
156.59.198.136 - - [24/Dec/2023:20:20:40 -0500] "GET /BLA/resoluciones/RESOLUCIONES%202006/RESOLUCION%202200%20DE%202206.PDF HTTP/1.0" 200 10535
156.59.198.136 - - [24/Dec/2023:20:21:05 -0500] "GET /BLA/resoluciones/AUTOS%202020/3071.pdf HTTP/1.0" 200 335214
172.22.2.4 - - [24/Dec/2023:20:19:35 -0500] "GET /BLA/boletinlegal/ HTTP/1.1" 200 60910
156.59.198.136 - - [24/Dec/2023:20:21:29 -0500] "GET /BLA/resoluciones/Notificaciones/RESOLUCIONES%202020/2295.pdf HTTP/1.0" 200 426849
156.59.198.135 - - [24/Dec/2023:20:21:53 -0500] "GET /BLA/resoluciones/AUTOS%202022/8257.pdf HTTP/1.0" 200 408986
207.46.13.151 - - [24/Dec/2023:20:22:03 -0500] "GET /BLA/resoluciones/AUTOS%202023/3906.pdf HTTP/1.1" 200 416187
156.59.198.136 - - [24/Dec/2023:20:22:17 -0500] "GET /BLA/resoluciones/AUTOS%202022/5320.pdf HTTP/1.0" 200 394858
156.59.198.136 - - [24/Dec/2023:20:22:41 -0500] "GET /BLA/resoluciones/RESOLUCIONES%202008/0890.pdf HTTP/1.0" 200 426778
156.59.198.136 - - [24/Dec/2023:20:23:06 -0500] "GET /BLA/resoluciones/Notificaciones/RESOLUCIONES%202019/2053.pdf HTTP/1.0" 200 315259
156.59.198.135 - - [24/Dec/2023:20:23:29 -0500] "GET /BLA/resoluciones/RESOLUCIONES%202008/3247.pdf HTTP/1.0" 200 65088
162.55.35.116 - - [24/Dec/2023:20:23:39 -0500] "GET / HTTP/1.1" 200 319
162.55.35.116 - - [24/Dec/2023:20:23:41 -0500] "GET / HTTP/1.1" 200 4720
156.59.198.135 - - [24/Dec/2023:20:23:53 -0500] "GET /BLA/resoluciones/RESOLUCIONES%202008/4604.pdf HTTP/1.0" 200 48939
5.62.41.117 - - [24/Dec/2023:20:23:59 -0500] "GET /wp-content/themes/twentystd/index.php HTTP/1.1" 404 1035
201.245.192.253 - - [24/Dec/2023:20:24:04 -0500] "POST /kwsrmcab/Wsrmcab  HTTP/1.1" 200 40220
5.62.41.117 - - [24/Dec/2023:20:24:11 -0500] "GET /wp-content/themes/twentystd/index.php HTTP/1.1" 404 1032
156.59.198.136 - - [24/Dec/2023:20:24:18 -0500] "GET /BLA/resoluciones/AUTOS%202022/3813.pdf HTTP/1.0" 200 379920
156.59.198.135 - - [24/Dec/2023:20:24:42 -0500] "GET /BLA/resoluciones/RESOLUCIONES%202008/2135.pdf HTTP/1.0" 200 213057
47.128.16.23 - - [24/Dec/2023:20:25:07 -0500] "GET /BLA/resoluciones/index.php?dir=RESOLUCIONES%202002%2FRES%202002%20651-700%2F&order=asc&sort=date HTTP/1.1" 200 12213
47.128.16.23 - - [24/Dec/2023:20:25:08 -0500] "GET /BLA/resoluciones/dlf/unknown.png HTTP/1.1" 200 266
47.128.16.23 - - [24/Dec/2023:20:25:08 -0500] "GET /BLA/resoluciones/dlf/dirup.png HTTP/1.1" 200 644
216.245.221.92 - - [24/Dec/2023:20:25:20 -0500] "HEAD / HTTP/1.1" 200 -
47.128.39.142 - - [24/Dec/2023:20:25:32 -0500] "GET /BLA/resoluciones/dlf/unknown.png HTTP/1.1" 200 266
47.128.39.142 - - [24/Dec/2023:20:25:32 -0500] "GET /BLA/resoluciones/dlf/dirup.png HTTP/1.1" 200 644
47.128.39.142 - - [24/Dec/2023:20:25:31 -0500] "GET /BLA/resoluciones/index.php?dir=AUTOS%202006%2FAUTOS%202006%202301%20-%202400%2F&order=desc&sort=name HTTP/1.1" 200 22196
156.59.198.135 - - [24/Dec/2023:20:25:54 -0500] "GET /BLA/resoluciones/AUTOS%202022/8235.pdf HTTP/1.0" 200 434447
172.22.2.4 - - [24/Dec/2023:20:24:34 -0500] "HEAD /BLA/boletinlegal/ HTTP/1.1" 200 -
201.245.192.253 - - [24/Dec/2023:20:26:14 -0500] "POST /kwsrmcab/Wsrmcab HTTP/1.1" 200 36000
201.245.192.253 - - [24/Dec/2023:20:26:17 -0500] "POST /kwsrmcab/Wsrmcab HTTP/1.1" 200 37028
156.59.198.135 - - [24/Dec/2023:20:26:19 -0500] "GET /BLA/resoluciones/Notificaciones/RESOLUCIONES%202020/745.pdf HTTP/1.0" 200 6589591
156.59.198.136 - - [24/Dec/2023:20:26:43 -0500] "GET /BLA/resoluciones/AUTOS%202022/5362.pdf HTTP/1.0" 200 361071
172.22.2.4 - - [24/Dec/2023:20:25:25 -0500] "GET /BLA/boletinlegal/ HTTP/1.1" 200 58172
156.59.198.136 - - [24/Dec/2023:20:27:07 -0500] "GET /BLA/resoluciones/Notificaciones/RESOLUCIONES%202020/2933.pdf HTTP/1.0" 200 1816273
156.59.198.135 - - [24/Dec/2023:20:27:32 -0500] "GET /BLA/resoluciones/AUTOS%202022/5329.pdf HTTP/1.0" 200 545064
156.59.198.136 - - [24/Dec/2023:20:27:56 -0500] "GET /BLA/resoluciones/AUTOS%202022/7355.pdf HTTP/1.0" 200 412947
156.59.198.136 - - [24/Dec/2023:20:28:21 -0500] "GET /BLA/resoluciones/RESOLUCIONES%202008/2452.pdf HTTP/1.0" 200 196913
156.59.198.136 - - [24/Dec/2023:20:28:45 -0500] "GET /BLA/resoluciones/AUTOS%202022/7421.pdf HTTP/1.0" 200 1468878
201.245.192.253 - - [24/Dec/2023:20:29:02 -0500] "POST /kwsrmcab/Wsrmcab  HTTP/1.1" 200 40220
156.59.198.136 - - [24/Dec/2023:20:29:09 -0500] "GET /BLA/resoluciones/Notificaciones/RESOLUCIONES%202019/03758.pdf HTTP/1.0" 200 258632
156.59.198.135 - - [24/Dec/2023:20:29:33 -0500] "GET /BLA/resoluciones/RESOLUCIONES%202008/1865.pdf HTTP/1.0" 200 208292
156.59.198.135 - - [24/Dec/2023:20:29:58 -0500] "GET /BLA/resoluciones/AUTOS%202022/6521.pdf HTTP/1.0" 200 469391
201.245.192.253 - - [24/Dec/2023:20:30:15 -0500] "POST /kwsrmcab/Wsrmcab HTTP/1.1" 200 36000
216.245.221.92 - - [24/Dec/2023:20:30:20 -0500] "HEAD / HTTP/1.1" 200 -
156.59.198.136 - - [24/Dec/2023:20:30:22 -0500] "GET /BLA/resoluciones/Notificaciones/RESOLUCIONES%202019/1327.pdf HTTP/1.0" 200 302991
201.245.192.253 - - [24/Dec/2023:20:30:20 -0500] "POST /kwsrmcab/Wsrmcab HTTP/1.1" 200 37028
156.59.198.136 - - [24/Dec/2023:20:30:47 -0500] "GET /BLA/resoluciones/AUTOS%202022/7141.pdf HTTP/1.0" 200 405925
156.59.198.136 - - [24/Dec/2023:20:31:12 -0500] "GET /BLA/resoluciones/AUTOS%202022/8554.pdf HTTP/1.0" 200 419314
156.59.198.136 - - [24/Dec/2023:20:31:36 -0500] "GET /BLA/resoluciones/RESOLUCIONES%202008/2104.pdf HTTP/1.0" 200 118664
156.59.198.136 - - [24/Dec/2023:20:32:01 -0500] "GET /BLA/resoluciones/RESOLUCIONES%202008/3336.pdf HTTP/1.0" 200 126805
172.22.2.4 - - [24/Dec/2023:20:30:24 -0500] "HEAD /BLA/boletinlegal/ HTTP/1.1" 200 -
156.59.198.136 - - [24/Dec/2023:20:32:25 -0500] "GET /BLA/resoluciones/AUTOS%202022/4886.pdf HTTP/1.0" 200 372526
156.59.198.135 - - [24/Dec/2023:20:32:50 -0500] "GET /BLA/resoluciones/Notificaciones/RESOLUCIONES%202019/3782.pdf HTTP/1.0" 200 370420
172.22.2.4 - - [24/Dec/2023:20:31:15 -0500] "GET /BLA/boletinlegal/ HTTP/1.1" 200 58567
156.59.198.136 - - [24/Dec/2023:20:33:15 -0500] "GET /BLA/resoluciones/Notificaciones/AUTOS%202016/00655.doc HTTP/1.0" 200 487694
156.59.198.135 - - [24/Dec/2023:20:33:39 -0500] "GET /BLA/resoluciones/Notificaciones/AUTOS%202016/21114.pdf HTTP/1.0" 200 331886
201.245.192.253 - - [24/Dec/2023:20:34:01 -0500] "POST /kwsrmcab/Wsrmcab  HTTP/1.1" 200 40220
156.59.198.136 - - [24/Dec/2023:20:34:03 -0500] "GET /BLA/resoluciones/Notificaciones/RESOLUCIONES%202016/00735.doc HTTP/1.0" 200 247552
156.59.198.135 - - [24/Dec/2023:20:34:27 -0500] "GET /BLA/resoluciones/RESOLUCIONES%202008/2747.pdf HTTP/1.0" 200 196547
156.59.198.135 - - [24/Dec/2023:20:34:51 -0500] "GET /BLA/resoluciones/AUTOS%202022/8359.pdf HTTP/1.0" 200 392029
156.59.198.135 - - [24/Dec/2023:20:35:16 -0500] "GET /BLA/resoluciones/AUTOS%202022/6748.pdf HTTP/1.0" 200 413334
173.252.87.7 - - [24/Dec/2023:20:35:20 -0500] "GET /alcaldia-de-bogota-y-fundacion-exito-entregaron-en-ciudad-bolivar-la-primera-terraza-verde-de-la-capital.html HTTP/1.1" 200 852
173.252.87.120 - - [24/Dec/2023:20:35:20 -0500] "GET /alcaldia-de-bogota-y-fundacion-exito-entregaron-en-ciudad-bolivar-la-primera-terraza-verde-de-la-capital.html HTTP/1.1" 200 852
173.252.87.120 - - [24/Dec/2023:20:35:20 -0500] "GET /alcaldia-de-bogota-y-fundacion-exito-entregaron-en-ciudad-bolivar-la-primera-terraza-verde-de-la-capital.html HTTP/1.1" 200 852
216.245.221.92 - - [24/Dec/2023:20:35:20 -0500] "HEAD / HTTP/1.1" 200 -
156.59.198.135 - - [24/Dec/2023:20:35:39 -0500] "GET /BLA/resoluciones/Notificaciones/AUTOS%202016/03138.doc HTTP/1.0" 200 359373
172.22.2.4 - - [24/Dec/2023:20:34:00 -0500] "GET /BLA/boletinlegal/ HTTP/1.1" 200 62422
156.59.198.136 - - [24/Dec/2023:20:36:04 -0500] "GET /BLA/resoluciones/RESOLUCIONES%202008/5386.pdf HTTP/1.0" 200 210860
181.59.2.0 - - [24/Dec/2023:20:36:14 -0500] "GET /mis-de-50-aves-silvestres-fueron-recuperadas-en-la-localidad-de-tunjuelito.html HTTP/1.1" 200 806
201.245.192.253 - - [24/Dec/2023:20:36:14 -0500] "POST /kwsrmcab/Wsrmcab HTTP/1.1" 200 36000
201.245.192.253 - - [24/Dec/2023:20:36:17 -0500] "POST /kwsrmcab/Wsrmcab HTTP/1.1" 200 37028
156.59.198.136 - - [24/Dec/2023:20:36:28 -0500] "GET /BLA/resoluciones/AUTOS%202022/5523.pdf HTTP/1.0" 200 440827
156.59.198.136 - - [24/Dec/2023:20:36:53 -0500] "GET /BLA/resoluciones/AUTOS%202022/8205.pdf HTTP/1.0" 200 426562
40.77.167.230 - - [24/Dec/2023:20:37:14 -0500] "GET /BLA/resoluciones/AUTOS%202013/0515.pdf HTTP/1.1" 200 2868084
156.59.198.135 - - [24/Dec/2023:20:37:16 -0500] "GET /BLA/resoluciones/RESOLUCIONES%202008/3115.pdf HTTP/1.0" 200 54346
156.59.198.135 - - [24/Dec/2023:20:37:40 -0500] "GET /BLA/resoluciones/Notificaciones/RESOLUCIONES%202020/2014.pdf HTTP/1.0" 200 538853
69.171.249.2 - - [24/Dec/2023:20:37:44 -0500] "GET /images/Aves%20SDA.jpeg HTTP/1.1" 200 75104
172.22.2.4 - - [24/Dec/2023:20:36:14 -0500] "HEAD /BLA/boletinlegal/ HTTP/1.1" 200 -
156.59.198.136 - - [24/Dec/2023:20:38:05 -0500] "GET /BLA/resoluciones/Notificaciones/RESOLUCIONES%202020/2794.pdf HTTP/1.0" 200 462991
172.22.2.4 - - [24/Dec/2023:20:38:11 -0500] "GET /BLA/boletinlegal/Circulares/2019/.pdf HTTP/1.1" 404 1218
172.22.2.4 - - [24/Dec/2023:20:38:20 -0500] "GET /BLA/boletinlegal/Circulares/2012/Circular%20No.%2010%20del%2026%20de%20Enero%20de%202012.pdf HTTP/1.1" 404 1218
156.59.198.135 - - [24/Dec/2023:20:38:29 -0500] "GET /BLA/resoluciones/RESOLUCIONES%202008/2231.pdf HTTP/1.0" 200 195993
172.22.2.4 - - [24/Dec/2023:20:37:05 -0500] "GET /BLA/boletinlegal/ HTTP/1.1" 200 60910
156.59.198.135 - - [24/Dec/2023:20:38:54 -0500] "GET /BLA/resoluciones/RESOLUCIONES%202008/1764.pdf HTTP/1.0" 200 212631
201.245.192.253 - - [24/Dec/2023:20:38:59 -0500] "POST /kwsrmcab/Wsrmcab  HTTP/1.1" 200 40220
156.59.198.135 - - [24/Dec/2023:20:39:19 -0500] "GET /BLA/resoluciones/RESOLUCIONES%202008/1141.pdf HTTP/1.0" 200 69463
156.59.198.136 - - [24/Dec/2023:20:39:44 -0500] "GET /BLA/resoluciones/AUTOS%202022/7606.pdf HTTP/1.0" 200 412652
156.59.198.135 - - [24/Dec/2023:20:40:08 -0500] "GET /BLA/resoluciones/Notificaciones/AUTOS%202016/02080.pdf HTTP/1.0" 200 1075486
201.245.192.253 - - [24/Dec/2023:20:40:14 -0500] "POST /kwsrmcab/Wsrmcab HTTP/1.1" 200 36000
205.210.31.88 - - [24/Dec/2023:20:40:16 -0500] "\x16\x03\x01" 400 226
205.210.31.88 - - [24/Dec/2023:20:40:16 -0500] "\x16\x03\x01" 400 226
216.245.221.92 - - [24/Dec/2023:20:40:20 -0500] "HEAD / HTTP/1.1" 200 -
201.245.192.253 - - [24/Dec/2023:20:40:18 -0500] "POST /kwsrmcab/Wsrmcab HTTP/1.1" 200 37028
156.59.198.135 - - [24/Dec/2023:20:40:32 -0500] "GET /BLA/resoluciones/RESOLUCIONES%202008/1724.pdf HTTP/1.0" 200 30826
156.59.198.136 - - [24/Dec/2023:20:40:56 -0500] "GET /BLA/resoluciones/AUTOS%202020/4634.pdf HTTP/1.0" 200 346181
47.128.61.51 - - [24/Dec/2023:20:41:22 -0500] "GET /BLA/resoluciones/AUTOS%202006/AUTOS%202006%20201-300/INDEX.DAT HTTP/1.1" 200 4000
156.59.198.136 - - [24/Dec/2023:20:41:45 -0500] "GET /BLA/resoluciones/AUTOS%202022/5994.pdf HTTP/1.0" 200 510638
156.59.198.135 - - [24/Dec/2023:20:42:09 -0500] "GET /BLA/resoluciones/RESOLUCIONES%202008/5180.pdf HTTP/1.0" 200 107804
156.59.198.135 - - [24/Dec/2023:20:42:33 -0500] "GET /BLA/resoluciones/Notificaciones/AUTOS%202016/02929.doc HTTP/1.0" 200 353665
156.59.198.135 - - [24/Dec/2023:20:42:58 -0500] "GET /BLA/resoluciones/AUTOS%202022/7415.pdf HTTP/1.0" 200 423056
66.249.66.12 - - [24/Dec/2023:20:42:58 -0500] "GET /BLA/resoluciones/Notificaciones/REGISTROS%202022/02511.pdf HTTP/1.1" 200 274383
190.217.20.105 - - [24/Dec/2023:20:42:59 -0500] "GET /sipse/faces/faces/faces/autenticacion.xhtml HTTP/1.1" 200 12729
190.217.20.105 - - [24/Dec/2023:20:42:59 -0500] "GET /sipse/js/disable_browser_buttons.js HTTP/1.1" 200 3230
190.217.20.105 - - [24/Dec/2023:20:42:59 -0500] "GET /sipse/js/funciones.js HTTP/1.1" 200 12592
190.217.20.105 - - [24/Dec/2023:20:42:59 -0500] "GET /sipse/css/custom_css_sg.css HTTP/1.1" 200 9694
190.217.20.105 - - [24/Dec/2023:20:42:59 -0500] "GET /sipse/css/custom_css_sg_prime_login.css HTTP/1.1" 200 443
190.217.20.105 - - [24/Dec/2023:20:42:59 -0500] "GET /sipse/faces/javax.faces.resource/layout/layout.css;jsessionid=z5vW+yrc0LZ58Zd59xBjwc5L.undefined?ln=primefaces&v=4.0 HTTP/1.1" 200 542
190.217.20.105 - - [24/Dec/2023:20:42:59 -0500] "GET /sipse/faces/javax.faces.resource/theme.css?ln=primefaces-sipse HTTP/1.1" 200 50058
190.217.20.105 - - [24/Dec/2023:20:42:59 -0500] "GET /sipse/faces/javax.faces.resource/primefaces.css;jsessionid=z5vW+yrc0LZ58Zd59xBjwc5L.undefined?ln=primefaces&v=4.0 HTTP/1.1" 200 53295
190.217.20.105 - - [24/Dec/2023:20:42:59 -0500] "GET /sipse/faces/javax.faces.resource/jquery/jquery.js;jsessionid=z5vW+yrc0LZ58Zd59xBjwc5L.undefined?ln=primefaces&v=4.0 HTTP/1.1" 200 105384
190.217.20.105 - - [24/Dec/2023:20:42:59 -0500] "GET /sipse/faces/javax.faces.resource/layout/layout.js;jsessionid=z5vW+yrc0LZ58Zd59xBjwc5L.undefined?ln=primefaces&v=4.0 HTTP/1.1" 200 87560
190.217.20.105 - - [24/Dec/2023:20:42:59 -0500] "GET /sipse/faces/javax.faces.resource/jquery/jquery-plugins.js;jsessionid=z5vW+yrc0LZ58Zd59xBjwc5L.undefined?ln=primefaces&v=4.0 HTTP/1.1" 200 220526
190.217.20.105 - - [24/Dec/2023:20:42:59 -0500] "GET /sipse/faces/javax.faces.resource/primefaces.js;jsessionid=z5vW+yrc0LZ58Zd59xBjwc5L.undefined?ln=primefaces&v=4.0 HTTP/1.1" 200 276924
190.217.20.105 - - [24/Dec/2023:20:43:00 -0500] "GET /sipse/css/imagen/logoSDG.png HTTP/1.1" 200 53064
190.217.20.105 - - [24/Dec/2023:20:43:00 -0500] "GET /sipse/faces/javax.faces.resource/images/ui-icons_898989_256x240.png?ln=primefaces-aristo HTTP/1.1" 200 5355
190.217.20.105 - - [24/Dec/2023:20:43:00 -0500] "GET /sipse/css/imagen/loginimg.png HTTP/1.1" 200 71635
190.217.20.105 - - [24/Dec/2023:20:43:00 -0500] "GET /sipse/faces/faces/faces/index.xhtml HTTP/1.1" 200 677
190.217.20.105 - - [24/Dec/2023:20:43:00 -0500] "GET /sipse/faces/javax.faces.resource/theme.css?ln=primefaces-sipse HTTP/1.1" 304 -
190.217.20.105 - - [24/Dec/2023:20:43:01 -0500] "GET /sipse/faces/faces/faces/faces/autenticacion.xhtml HTTP/1.1" 200 12407
190.217.20.105 - - [24/Dec/2023:20:43:01 -0500] "GET /sipse/faces/javax.faces.resource/layout/layout.css?ln=primefaces&v=4.0 HTTP/1.1" 200 542
190.217.20.105 - - [24/Dec/2023:20:43:01 -0500] "GET /sipse/faces/javax.faces.resource/theme.css?ln=primefaces-sipse HTTP/1.1" 304 -
190.217.20.105 - - [24/Dec/2023:20:43:01 -0500] "GET /sipse/faces/javax.faces.resource/primefaces.css?ln=primefaces&v=4.0 HTTP/1.1" 200 53295
190.217.20.105 - - [24/Dec/2023:20:43:01 -0500] "GET /sipse/faces/javax.faces.resource/jquery/jquery.js?ln=primefaces&v=4.0 HTTP/1.1" 200 105384
190.217.20.105 - - [24/Dec/2023:20:43:01 -0500] "GET /sipse/faces/javax.faces.resource/layout/layout.js?ln=primefaces&v=4.0 HTTP/1.1" 200 87560
190.217.20.105 - - [24/Dec/2023:20:43:01 -0500] "GET /sipse/faces/javax.faces.resource/jquery/jquery-plugins.js?ln=primefaces&v=4.0 HTTP/1.1" 200 220526
190.217.20.105 - - [24/Dec/2023:20:43:01 -0500] "GET /sipse/faces/javax.faces.resource/primefaces.js?ln=primefaces&v=4.0 HTTP/1.1" 200 276924
156.59.198.136 - - [24/Dec/2023:20:43:22 -0500] "GET /BLA/resoluciones/RESOLUCIONES%202008/2942.pdf HTTP/1.0" 200 203959
172.22.2.4 - - [24/Dec/2023:20:42:04 -0500] "HEAD /BLA/boletinlegal/ HTTP/1.1" 200 -
156.59.198.135 - - [24/Dec/2023:20:43:45 -0500] "GET /BLA/resoluciones/AUTOS%202022/4237.pdf HTTP/1.0" 200 401169
201.245.192.253 - - [24/Dec/2023:20:43:59 -0500] "POST /kwsrmcab/Wsrmcab  HTTP/1.1" 200 40220
156.59.198.135 - - [24/Dec/2023:20:44:11 -0500] "GET /BLA/resoluciones/RESOLUCIONES%202008/2101.pdf HTTP/1.0" 200 54156
156.59.198.135 - - [24/Dec/2023:20:44:34 -0500] "GET /BLA/resoluciones/RESOLUCIONES%202008/3711.pdf HTTP/1.0" 200 206974
172.22.2.4 - - [24/Dec/2023:20:42:55 -0500] "GET /BLA/boletinlegal/ HTTP/1.1" 200 56873
156.59.198.136 - - [24/Dec/2023:20:44:59 -0500] "GET /BLA/resoluciones/RESOLUCIONES%202008/4837.pdf HTTP/1.0" 200 29077
216.245.221.92 - - [24/Dec/2023:20:45:20 -0500] "HEAD / HTTP/1.1" 200 -
156.59.198.135 - - [24/Dec/2023:20:45:23 -0500] "GET /BLA/resoluciones/AUTOS%202022/6728.pdf HTTP/1.0" 200 1462142
156.59.198.135 - - [24/Dec/2023:20:45:48 -0500] "GET /BLA/resoluciones/Notificaciones/RESOLUCIONES%202020/2273.pdf HTTP/1.0" 200 571483
156.59.198.135 - - [24/Dec/2023:20:46:12 -0500] "GET /BLA/resoluciones/Notificaciones/RESOLUCIONES%202020/3044.pdf HTTP/1.0" 200 419480
157.90.254.89 - - [24/Dec/2023:20:46:27 -0500] "GET / HTTP/1.1" 200 4720
157.90.254.89 - - [24/Dec/2023:20:46:30 -0500] "GET / HTTP/1.1" 200 319
156.59.198.136 - - [24/Dec/2023:20:46:36 -0500] "GET /BLA/resoluciones/AUTOS%202022/6038.pdf HTTP/1.0" 200 725253
156.59.198.136 - - [24/Dec/2023:20:47:00 -0500] "GET /BLA/resoluciones/AUTOS%202022/5318.pdf HTTP/1.0" 200 374087
156.59.198.136 - - [24/Dec/2023:20:47:25 -0500] "GET /BLA/resoluciones/RESOLUCIONES%202008/2454.pdf HTTP/1.0" 200 139456
52.167.144.200 - - [24/Dec/2023:20:47:46 -0500] "GET /BLA/resoluciones/RESOLUCIONES%202021/1256.pdf HTTP/1.1" 200 449818
156.59.198.136 - - [24/Dec/2023:20:47:49 -0500] "GET /BLA/resoluciones/RESOLUCIONES%202008/2613.pdf HTTP/1.0" 200 80448
156.59.198.135 - - [24/Dec/2023:20:48:14 -0500] "GET /BLA/resoluciones/AUTOS%202022/2274.pdf HTTP/1.0" 200 1244170
156.59.198.136 - - [24/Dec/2023:20:48:39 -0500] "GET /BLA/resoluciones/AUTOS%202022/3098.pdf HTTP/1.0" 200 469893
201.245.192.253 - - [24/Dec/2023:20:48:57 -0500] "POST /kwsrmcab/Wsrmcab  HTTP/1.1" 200 40220
156.59.198.135 - - [24/Dec/2023:20:49:02 -0500] "GET /BLA/resoluciones/AUTOS%202022/4814.pdf HTTP/1.0" 200 377103
69.63.184.8 - - [24/Dec/2023:20:49:08 -0500] "GET /images/Aves%20SDA.jpeg HTTP/1.1" 200 75104
156.59.198.136 - - [24/Dec/2023:20:49:27 -0500] "GET /BLA/resoluciones/AUTOS%202022/3243.pdf HTTP/1.0" 200 390333
172.22.2.4 - - [24/Dec/2023:20:47:54 -0500] "HEAD /BLA/boletinlegal/ HTTP/1.1" 200 -
156.59.198.135 - - [24/Dec/2023:20:49:51 -0500] "GET /BLA/resoluciones/Notificaciones/AUTOS%202016/3163.pdf HTTP/1.0" 200 352410
156.59.198.135 - - [24/Dec/2023:20:50:14 -0500] "GET /BLA/resoluciones/AUTOS%202022/7973.pdf HTTP/1.0" 200 419759
216.245.221.92 - - [24/Dec/2023:20:50:20 -0500] "HEAD / HTTP/1.1" 200 -
172.22.2.4 - - [24/Dec/2023:20:48:45 -0500] "GET /BLA/boletinlegal/ HTTP/1.1" 200 58567
156.59.198.136 - - [24/Dec/2023:20:50:39 -0500] "GET /BLA/resoluciones/AUTOS%202022/4483.pdf HTTP/1.0" 200 945214
156.59.198.135 - - [24/Dec/2023:20:51:04 -0500] "GET /BLA/resoluciones/AUTOS%202022/0980.pdf HTTP/1.0" 200 674006
156.59.198.136 - - [24/Dec/2023:20:51:28 -0500] "GET /BLA/resoluciones/AUTOS%202022/6321.pdf HTTP/1.0" 200 442540
156.59.198.135 - - [24/Dec/2023:20:51:53 -0500] "GET /BLA/resoluciones/AUTOS%202022/2551.pdf HTTP/1.0" 200 901528
156.59.198.136 - - [24/Dec/2023:20:52:17 -0500] "GET /BLA/resoluciones/AUTOS%202022/1483.pdf HTTP/1.0" 200 376577
156.59.198.135 - - [24/Dec/2023:20:52:41 -0500] "GET /BLA/resoluciones/RESOLUCIONES%202008/2676.pdf HTTP/1.0" 200 73614
156.59.198.135 - - [24/Dec/2023:20:53:06 -0500] "GET /BLA/resoluciones/AUTOS%202020/3414.pdf HTTP/1.0" 200 326595
156.59.198.136 - - [24/Dec/2023:20:53:31 -0500] "GET /BLA/resoluciones/AUTOS%202022/4516.pdf HTTP/1.0" 200 365703
156.59.198.135 - - [24/Dec/2023:20:53:55 -0500] "GET /BLA/resoluciones/Notificaciones/AUTOS%202016/02078.doc HTTP/1.0" 200 373114
201.245.192.253 - - [24/Dec/2023:20:53:55 -0500] "POST /kwsrmcab/Wsrmcab  HTTP/1.1" 200 40220
156.59.198.136 - - [24/Dec/2023:20:54:19 -0500] "GET /BLA/resoluciones/AUTOS%202022/5178.pdf HTTP/1.0" 200 334393
156.59.198.136 - - [24/Dec/2023:20:54:43 -0500] "GET /BLA/resoluciones/AUTOS%202022/5016.pdf HTTP/1.0" 200 373146
156.59.198.136 - - [24/Dec/2023:20:55:07 -0500] "GET /BLA/resoluciones/Notificaciones/RESOLUCIONES%202020/2236.pdf HTTP/1.0" 200 386059
216.245.221.92 - - [24/Dec/2023:20:55:20 -0500] "HEAD / HTTP/1.1" 200 -
172.22.2.4 - - [24/Dec/2023:20:53:44 -0500] "HEAD /BLA/boletinlegal/ HTTP/1.1" 200 -
156.59.198.135 - - [24/Dec/2023:20:55:31 -0500] "GET /BLA/resoluciones/AUTOS%202022/6537.pdf HTTP/1.0" 200 1122250
156.59.198.136 - - [24/Dec/2023:20:55:55 -0500] "GET /BLA/resoluciones/AUTOS%202022/4687.pdf HTTP/1.0" 200 947261
172.22.2.4 - - [24/Dec/2023:20:54:35 -0500] "GET /BLA/boletinlegal/ HTTP/1.1" 200 58567
156.59.198.136 - - [24/Dec/2023:20:56:19 -0500] "GET /BLA/resoluciones/AUTOS%202022/0166.pdf HTTP/1.0" 200 396915
172.22.2.4 - - [24/Dec/2023:20:56:39 -0500] "GET /BLA/boletinlegal/Directivas/2011/Directiva%20No.%205%20del%2029%20de%20Agosto%20de%202011.pdf HTTP/1.1" 304 -
156.59.198.136 - - [24/Dec/2023:20:56:44 -0500] "GET /BLA/resoluciones/AUTOS%202022/7845.pdf HTTP/1.0" 200 517783
52.167.144.228 - - [24/Dec/2023:20:56:47 -0500] "GET /BLA/resoluciones/RESOLUCIONES%202023/1715.pdf HTTP/1.1" 200 464870
156.59.198.135 - - [24/Dec/2023:20:57:08 -0500] "GET /BLA/resoluciones/AUTOS%202022/3089.pdf HTTP/1.0" 200 376421
156.59.198.135 - - [24/Dec/2023:20:57:32 -0500] "GET /BLA/resoluciones/AUTOS%202022/7527.pdf HTTP/1.0" 200 385930
156.59.198.135 - - [24/Dec/2023:20:57:56 -0500] "GET /BLA/resoluciones/RESOLUCIONES%202008/2419.pdf HTTP/1.0" 200 206024
156.59.198.135 - - [24/Dec/2023:20:58:20 -0500] "GET /BLA/resoluciones/AUTOS%202022/6397.pdf HTTP/1.0" 200 457767
156.59.198.135 - - [24/Dec/2023:20:58:44 -0500] "GET /BLA/resoluciones/RESOLUCIONES%202008/3566.pdf HTTP/1.0" 200 209016
201.245.192.253 - - [24/Dec/2023:20:58:55 -0500] "POST /kwsrmcab/Wsrmcab  HTTP/1.1" 200 40220
156.59.198.136 - - [24/Dec/2023:20:59:09 -0500] "GET /BLA/resoluciones/RESOLUCIONES%202015/1391.pdf HTTP/1.0" 200 384095
156.59.198.136 - - [24/Dec/2023:20:59:33 -0500] "GET /BLA/resoluciones/AUTOS%202022/8184.pdf HTTP/1.0" 200 599949
156.59.198.136 - - [24/Dec/2023:20:59:57 -0500] "GET /BLA/resoluciones/Notificaciones/AUTOS%202016/02202.doc HTTP/1.0" 200 379919
216.245.221.92 - - [24/Dec/2023:21:00:20 -0500] "HEAD / HTTP/1.1" 200 -
156.59.198.136 - - [24/Dec/2023:21:00:21 -0500] "GET /BLA/resoluciones/Notificaciones/AUTOS%202016/02928.pdf HTTP/1.0" 200 395231
156.59.198.135 - - [24/Dec/2023:21:00:45 -0500] "GET /BLA/resoluciones/AUTOS%202022/7619.pdf HTTP/1.0" 200 430239
156.59.198.135 - - [24/Dec/2023:21:01:10 -0500] "GET /BLA/resoluciones/Notificaciones/AUTOS%202016/00966.doc HTTP/1.0" 200 166377
172.22.2.4 - - [24/Dec/2023:20:59:34 -0500] "HEAD /BLA/boletinlegal/ HTTP/1.1" 200 -
156.59.198.135 - - [24/Dec/2023:21:01:36 -0500] "GET /BLA/resoluciones/AUTOS%202022/4095.pdf HTTP/1.0" 200 404634
156.59.198.136 - - [24/Dec/2023:21:01:59 -0500] "GET /BLA/resoluciones/AUTOS%202022/1732.pdf HTTP/1.0" 200 361583
172.22.2.4 - - [24/Dec/2023:21:00:25 -0500] "GET /BLA/boletinlegal/ HTTP/1.1" 200 58172
156.59.198.135 - - [24/Dec/2023:21:02:24 -0500] "GET /BLA/resoluciones/RESOLUCIONES%202008/5663.pdf HTTP/1.0" 200 27704
156.59.198.136 - - [24/Dec/2023:21:02:48 -0500] "GET /BLA/resoluciones/RESOLUCIONES%202008/2639.pdf HTTP/1.0" 200 190420
13.57.29.0 - - [24/Dec/2023:21:02:55 -0500] "GET / HTTP/1.1" 200 319
156.59.198.136 - - [24/Dec/2023:21:03:13 -0500] "GET /BLA/resoluciones/AUTOS%202022/7460.pdf HTTP/1.0" 200 407749
156.59.198.135 - - [24/Dec/2023:21:03:36 -0500] "GET /BLA/resoluciones/AUTOS%202022/5460.pdf HTTP/1.0" 200 350808
201.245.192.253 - - [24/Dec/2023:21:03:53 -0500] "POST /kwsrmcab/Wsrmcab  HTTP/1.1" 200 40220
156.59.198.136 - - [24/Dec/2023:21:04:01 -0500] "GET /BLA/resoluciones/RESOLUCIONES%202008/2398.pdf HTTP/1.0" 200 211124
156.59.198.136 - - [24/Dec/2023:21:04:25 -0500] "GET /BLA/resoluciones/Notificaciones/AUTOS%202016/02197.doc HTTP/1.0" 200 373950
156.59.198.136 - - [24/Dec/2023:21:04:49 -0500] "GET /BLA/resoluciones/AUTOS%202022/7758.pdf HTTP/1.0" 200 424417
156.59.198.136 - - [24/Dec/2023:21:05:13 -0500] "GET /BLA/resoluciones/AUTOS%202022/5590.pdf HTTP/1.0" 200 407130
216.245.221.92 - - [24/Dec/2023:21:05:20 -0500] "HEAD / HTTP/1.1" 200 -
156.59.198.136 - - [24/Dec/2023:21:05:38 -0500] "GET /BLA/resoluciones/AUTOS%202022/6245.pdf HTTP/1.0" 200 398909
156.59.198.135 - - [24/Dec/2023:21:06:01 -0500] "GET /BLA/resoluciones/RESOLUCIONES%202008/3157.pdf HTTP/1.0" 200 190534
156.59.198.135 - - [24/Dec/2023:21:06:26 -0500] "GET /BLA/resoluciones/AUTOS%202022/7685.pdf HTTP/1.0" 200 1211522
47.128.40.23 - - [24/Dec/2023:21:06:52 -0500] "GET /BLA/resoluciones/RESOLUCIONES%202006/RES%202006%202401-2450/INDEX.DAT HTTP/1.1" 200 2000
172.22.2.4 - - [24/Dec/2023:21:05:24 -0500] "HEAD /BLA/boletinlegal/ HTTP/1.1" 200 -
156.59.198.136 - - [24/Dec/2023:21:07:14 -0500] "GET /BLA/resoluciones/AUTOS%202022/0998.pdf HTTP/1.0" 200 443390
172.22.2.4 - - [24/Dec/2023:21:07:28 -0500] "GET /BLA/boletinlegal/actos.php HTTP/1.1" 200 9682
156.59.198.136 - - [24/Dec/2023:21:07:38 -0500] "GET /BLA/resoluciones/AUTOS%202022/7724.pdf HTTP/1.0" 200 382298
172.22.2.4 - - [24/Dec/2023:21:07:38 -0500] "GET /BLA/boletinlegal/style.css HTTP/1.1" 200 9406
172.22.2.4 - - [24/Dec/2023:21:07:39 -0500] "GET /BLA/boletinlegal/styles2.css HTTP/1.1" 200 1838
172.22.2.4 - - [24/Dec/2023:21:07:42 -0500] "GET /BLA/boletinlegal/js/ajax_actos.js HTTP/1.1" 200 1322
172.22.2.4 - - [24/Dec/2023:21:07:43 -0500] "GET /BLA/boletinlegal/js/jquery1.js HTTP/1.1" 200 29846
172.22.2.4 - - [24/Dec/2023:21:07:43 -0500] "GET /BLA/boletinlegal/js/popup.js HTTP/1.1" 200 1270
172.22.2.4 - - [24/Dec/2023:21:07:47 -0500] "GET /BLA/boletinlegal/js/lib.js HTTP/1.1" 200 6474
172.22.2.4 - - [24/Dec/2023:21:07:47 -0500] "GET /BLA/boletinlegal/niceforms.js HTTP/1.1" 200 22876
172.22.2.4 - - [24/Dec/2023:21:07:47 -0500] "GET /BLA/boletinlegal/niceforms-default.css HTTP/1.1" 200 6694
172.22.2.4 - - [24/Dec/2023:21:06:15 -0500] "GET /BLA/boletinlegal/ HTTP/1.1" 200 58567
156.59.198.136 - - [24/Dec/2023:21:08:02 -0500] "GET /BLA/resoluciones/AUTOS%202022/5554.pdf HTTP/1.0" 200 363758
186.28.83.241 - - [24/Dec/2023:21:08:25 -0500] "GET /mis-de-50-aves-silvestres-fueron-recuperadas-en-la-localidad-de-tunjuelito.html HTTP/1.1" 200 806
156.59.198.135 - - [24/Dec/2023:21:08:27 -0500] "GET /BLA/resoluciones/AUTOS%202020/0392.pdf HTTP/1.0" 200 234388
156.59.198.136 - - [24/Dec/2023:21:08:50 -0500] "GET /BLA/resoluciones/AUTOS%202022/1285.pdf HTTP/1.0" 200 415623
201.245.192.253 - - [24/Dec/2023:21:08:51 -0500] "POST /kwsrmcab/Wsrmcab  HTTP/1.1" 200 40220
156.59.198.136 - - [24/Dec/2023:21:09:16 -0500] "GET /BLA/resoluciones/AUTOS%202022/2249.pdf HTTP/1.0" 200 499762
156.59.198.135 - - [24/Dec/2023:21:09:41 -0500] "GET /BLA/resoluciones/AUTOS%202022/5363.pdf HTTP/1.0" 200 304343
186.31.187.18 - - [24/Dec/2023:21:09:57 -0500] "GET /distrito-exalto-a-246-empresas-de-bogota-por-su-alto-desempeno-y-responsabilidad-ambiental-durante-2023.html?fbclid=IwAR21yCWmIJb0i0zHre2XNRldLadr4f8_DRobvUtd-2W1P350se7_IoPLT3w HTTP/1.1" 200 1039
156.59.198.136 - - [24/Dec/2023:21:10:05 -0500] "GET /BLA/resoluciones/Notificaciones/AUTOS%202016/02112.pdf HTTP/1.0" 200 332266
216.245.221.92 - - [24/Dec/2023:21:10:20 -0500] "HEAD / HTTP/1.1" 200 -
156.59.198.135 - - [24/Dec/2023:21:10:30 -0500] "GET /BLA/resoluciones/AUTOS%202022/4607.pdf HTTP/1.0" 200 383252
31.13.103.7 - - [24/Dec/2023:21:10:47 -0500] "GET /bogota-y-cundinamarca-consolidan-pagos-por-servicios-ambientales-con-nueva-firma-para-la-proteccion-del-agua.html HTTP/1.1" 200 821
31.13.103.4 - - [24/Dec/2023:21:10:48 -0500] "GET /bogota-y-cundinamarca-consolidan-pagos-por-servicios-ambientales-con-nueva-firma-para-la-proteccion-del-agua.html HTTP/1.1" 200 821
173.252.83.120 - - [24/Dec/2023:21:10:52 -0500] "GET /bogota-y-cundinamarca-consolidan-pagos-por-servicios-ambientales-con-nueva-firma-para-la-proteccion-del-agua.html HTTP/1.1" 200 821
156.59.198.136 - - [24/Dec/2023:21:10:53 -0500] "GET /BLA/resoluciones/RESOLUCIONES%202008/3212.pdf HTTP/1.0" 200 98580
156.59.198.136 - - [24/Dec/2023:21:11:18 -0500] "GET /BLA/resoluciones/RESOLUCIONES%202008/3924.pdf HTTP/1.0" 200 171308
156.59.198.136 - - [24/Dec/2023:21:11:43 -0500] "GET /BLA/resoluciones/AUTOS%202022/5077.pdf HTTP/1.0" 200 367711
52.167.144.234 - - [24/Dec/2023:21:11:51 -0500] "GET /BLA/resoluciones/AUTOS%202018/4291.pdf HTTP/1.1" 304 -
156.59.198.136 - - [24/Dec/2023:21:12:08 -0500] "GET /BLA/resoluciones/Notificaciones/RESOLUCIONES%202020/1858.pdf HTTP/1.0" 200 618059
156.59.198.135 - - [24/Dec/2023:21:12:32 -0500] "GET /BLA/resoluciones/AUTOS%202022/0248.pdf HTTP/1.0" 200 482898
172.22.2.4 - - [24/Dec/2023:21:11:14 -0500] "HEAD /BLA/boletinlegal/ HTTP/1.1" 200 -
156.59.198.136 - - [24/Dec/2023:21:12:56 -0500] "GET /BLA/resoluciones/RESOLUCIONES%202008/0908.pdf HTTP/1.0" 200 270344
156.59.198.136 - - [24/Dec/2023:21:13:20 -0500] "GET /BLA/resoluciones/AUTOS%202022/4060.pdf HTTP/1.0" 200 435901
156.59.198.135 - - [24/Dec/2023:21:13:45 -0500] "GET /BLA/resoluciones/RESOLUCIONES%202008/4694.pdf HTTP/1.0" 200 109104
172.22.2.4 - - [24/Dec/2023:21:12:05 -0500] "GET /BLA/boletinlegal/ HTTP/1.1" 200 57309
201.245.192.253 - - [24/Dec/2023:21:13:51 -0500] "POST /kwsrmcab/Wsrmcab  HTTP/1.1" 200 40220
172.22.2.4 - - [24/Dec/2023:21:13:14 -0500] "GET /BLA/boletinlegal/ HTTP/1.1" 200 36811
156.59.198.136 - - [24/Dec/2023:21:14:09 -0500] "GET /BLA/resoluciones/RESOLUCIONES%202008/0235.pdf HTTP/1.0" 200 273294
156.59.198.136 - - [24/Dec/2023:21:14:34 -0500] "GET /BLA/resoluciones/AUTOS%202022/1994.pdf HTTP/1.0" 200 405745
69.171.249.6 - - [24/Dec/2023:21:14:38 -0500] "GET /images/terrazas%20verdes.jpg HTTP/1.1" 200 63951
69.171.249.5 - - [24/Dec/2023:21:14:38 -0500] "GET /images/Aves%20SDA.jpeg HTTP/1.1" 200 75104
156.59.198.136 - - [24/Dec/2023:21:15:00 -0500] "GET /BLA/resoluciones/AUTOS%202022/7684.pdf HTTP/1.0" 200 412245
216.245.221.92 - - [24/Dec/2023:21:15:20 -0500] "HEAD / HTTP/1.1" 200 -
156.59.198.135 - - [24/Dec/2023:21:15:23 -0500] "GET /BLA/resoluciones/Notificaciones/AUTOS%202016/2667.doc HTTP/1.0" 200 382962
156.59.198.135 - - [24/Dec/2023:21:15:48 -0500] "GET /BLA/resoluciones/Notificaciones/RESOLUCIONES%202020/1857.pdf HTTP/1.0" 200 360117
52.167.144.181 - - [24/Dec/2023:21:16:10 -0500] "GET /BLA/resoluciones/RESOLUCIONES%202020/1630.pdf HTTP/1.1" 304 -
173.252.127.8 - - [24/Dec/2023:21:16:11 -0500] "GET /distrito-exalta-48-arboles-patrimoniales-y-15-de-interes-publico-en-bogota.html HTTP/1.1" 200 816
173.252.127.2 - - [24/Dec/2023:21:16:11 -0500] "GET /distrito-exalta-48-arboles-patrimoniales-y-15-de-interes-publico-en-bogota.html HTTP/1.1" 200 816
156.59.198.136 - - [24/Dec/2023:21:16:12 -0500] "GET /BLA/resoluciones/RESOLUCIONES%202008/4590.pdf HTTP/1.0" 200 182409
201.245.192.253 - - [24/Dec/2023:21:16:14 -0500] "POST /kwsrmcab/Wsrmcab HTTP/1.1" 200 35994
201.245.192.253 - - [24/Dec/2023:21:16:17 -0500] "POST /kwsrmcab/Wsrmcab HTTP/1.1" 200 37034
156.59.198.135 - - [24/Dec/2023:21:16:36 -0500] "GET /BLA/resoluciones/AUTOS%202022/7281.pdf HTTP/1.0" 200 443204
156.59.198.136 - - [24/Dec/2023:21:17:01 -0500] "GET /BLA/resoluciones/RESOLUCIONES%202008/5140.pdf HTTP/1.0" 200 60132
156.59.198.135 - - [24/Dec/2023:21:17:25 -0500] "GET /BLA/resoluciones/AUTOS%202022/2190.pdf HTTP/1.0" 200 360153
156.59.198.136 - - [24/Dec/2023:21:17:50 -0500] "GET /BLA/resoluciones/RESOLUCIONES%202008/4578.pdf HTTP/1.0" 200 31867
52.167.144.200 - - [24/Dec/2023:21:18:05 -0500] "GET /BLA/resoluciones/Notificaciones/RESOLUCIONES%202023/0388.pdf HTTP/1.1" 200 5819098
156.59.198.135 - - [24/Dec/2023:21:18:14 -0500] "GET /BLA/resoluciones/RESOLUCIONES%202008/5204.pdf HTTP/1.0" 200 60208
156.59.198.135 - - [24/Dec/2023:21:18:38 -0500] "GET /BLA/resoluciones/AUTOS%202022/0985.pdf HTTP/1.0" 200 1957179
172.22.2.4 - - [24/Dec/2023:21:17:04 -0500] "HEAD /BLA/boletinlegal/ HTTP/1.1" 200 -
201.245.192.253 - - [24/Dec/2023:21:18:49 -0500] "POST /kwsrmcab/Wsrmcab  HTTP/1.1" 200 40220
156.59.198.136 - - [24/Dec/2023:21:19:02 -0500] "GET /BLA/resoluciones/RESOLUCIONES%202008/1500.pdf HTTP/1.0" 200 157079
69.63.184.2 - - [24/Dec/2023:21:19:19 -0500] "GET /mis-de-50-aves-silvestres-fueron-recuperadas-en-la-localidad-de-tunjuelito.html HTTP/1.1" 200 806
52.167.144.181 - - [24/Dec/2023:21:19:21 -0500] "GET /BLA/resoluciones/RESOLUCIONES%202020/2430.pdf HTTP/1.1" 304 -
207.46.13.150 - - [24/Dec/2023:21:19:26 -0500] "GET /BLA/resoluciones/AUTOS%202023/3866.pdf HTTP/1.1" 200 390917
156.59.198.135 - - [24/Dec/2023:21:19:26 -0500] "GET /BLA/resoluciones/RESOLUCIONES%202008/3199.pdf HTTP/1.0" 200 208806
172.22.2.4 - - [24/Dec/2023:21:17:55 -0500] "GET /BLA/boletinlegal/ HTTP/1.1" 200 60046
156.59.198.135 - - [24/Dec/2023:21:19:51 -0500] "GET /BLA/resoluciones/AUTOS%202020/0015.pdf HTTP/1.0" 200 309654
201.245.192.253 - - [24/Dec/2023:21:20:14 -0500] "GET /kwsrmcab/Wsrmcab?wsdl HTTP/1.1" 200 6948
156.59.198.136 - - [24/Dec/2023:21:20:15 -0500] "GET /BLA/resoluciones/Notificaciones/RESOLUCIONES%202020/1711.pdf HTTP/1.0" 200 395219
201.245.192.253 - - [24/Dec/2023:21:20:14 -0500] "POST /kwsrmcab/Wsrmcab HTTP/1.1" 200 35994
216.245.221.92 - - [24/Dec/2023:21:20:20 -0500] "HEAD / HTTP/1.1" 200 -
201.245.192.253 - - [24/Dec/2023:21:20:19 -0500] "POST /kwsrmcab/Wsrmcab HTTP/1.1" 200 37034
156.59.198.136 - - [24/Dec/2023:21:20:40 -0500] "GET /BLA/resoluciones/RESOLUCIONES%202008/4754.pdf HTTP/1.0" 200 45958
156.59.198.135 - - [24/Dec/2023:21:21:04 -0500] "GET /BLA/resoluciones/AUTOS%202022/3756.pdf HTTP/1.0" 200 344965
69.63.189.5 - - [24/Dec/2023:21:21:22 -0500] "GET /images/PREAD%20SDA%201.jpeg HTTP/1.1" 200 65620
173.252.83.118 - - [24/Dec/2023:21:21:25 -0500] "GET /images/Acuerdos1.jpeg HTTP/1.1" 200 59889
156.59.198.136 - - [24/Dec/2023:21:21:28 -0500] "GET /BLA/resoluciones/AUTOS%202020/0962.pdf HTTP/1.0" 200 302067
156.59.198.136 - - [24/Dec/2023:21:21:53 -0500] "GET /BLA/resoluciones/AUTOS%202022/7443.pdf HTTP/1.0" 200 621681
156.59.198.136 - - [24/Dec/2023:21:22:18 -0500] "GET /BLA/resoluciones/AUTOS%202022/7910.pdf HTTP/1.0" 200 444394
156.59.198.136 - - [24/Dec/2023:21:22:41 -0500] "GET /BLA/resoluciones/Notificaciones/RESOLUCIONES%202019/02834.pdf HTTP/1.0" 200 256925
156.59.198.136 - - [24/Dec/2023:21:23:07 -0500] "GET /BLA/resoluciones/AUTOS%202022/5819.pdf HTTP/1.0" 200 346526
156.59.198.135 - - [24/Dec/2023:21:23:30 -0500] "GET /BLA/resoluciones/AUTOS%202022/3165.pdf HTTP/1.0" 200 406773
94.102.61.10 - - [24/Dec/2023:21:23:37 -0500] "GET / HTTP/1.1" 200 319
201.245.192.253 - - [24/Dec/2023:21:23:49 -0500] "POST /kwsrmcab/Wsrmcab  HTTP/1.1" 200 40220
40.77.167.52 - - [24/Dec/2023:21:23:51 -0500] "GET /BLA/resoluciones/RESOLUCIONES%202021/1303.pdf HTTP/1.1" 200 734613
156.59.198.136 - - [24/Dec/2023:21:23:55 -0500] "GET /BLA/resoluciones/AUTOS%202022/6377.pdf HTTP/1.0" 200 1123038
156.59.198.135 - - [24/Dec/2023:21:24:19 -0500] "GET /BLA/resoluciones/AUTOS%202022/7774.pdf HTTP/1.0" 200 469990
172.22.2.4 - - [24/Dec/2023:21:22:54 -0500] "HEAD /BLA/boletinlegal/ HTTP/1.1" 200 -
156.59.198.136 - - [24/Dec/2023:21:24:44 -0500] "GET /BLA/resoluciones/RESOLUCIONES%202008/0425.pdf HTTP/1.0" 200 291636
156.59.198.136 - - [24/Dec/2023:21:25:08 -0500] "GET /BLA/resoluciones/AUTOS%202022/4965.pdf HTTP/1.0" 200 420862
216.245.221.92 - - [24/Dec/2023:21:25:20 -0500] "HEAD / HTTP/1.1" 200 -
172.22.2.4 - - [24/Dec/2023:21:23:45 -0500] "GET /BLA/boletinlegal/ HTTP/1.1" 200 60910
156.59.198.135 - - [24/Dec/2023:21:25:32 -0500] "GET /BLA/resoluciones/AUTOS%202022/8521.pdf HTTP/1.0" 200 459718
156.59.198.135 - - [24/Dec/2023:21:25:56 -0500] "GET /BLA/resoluciones/RESOLUCIONES%202008/1411.pdf HTTP/1.0" 200 210859
201.245.192.253 - - [24/Dec/2023:21:26:14 -0500] "POST /kwsrmcab/Wsrmcab HTTP/1.1" 200 35994
156.59.198.135 - - [24/Dec/2023:21:26:20 -0500] "GET /BLA/resoluciones/RESOLUCIONES%202008/3827.pdf HTTP/1.0" 200 204461
201.245.192.253 - - [24/Dec/2023:21:26:18 -0500] "POST /kwsrmcab/Wsrmcab HTTP/1.1" 200 37034
40.77.167.52 - - [24/Dec/2023:21:26:33 -0500] "GET /forest/ HTTP/1.1" 200 12041
156.59.198.136 - - [24/Dec/2023:21:26:44 -0500] "GET /BLA/resoluciones/RESOLUCIONES%202008/3550.pdf HTTP/1.0" 200 195913
156.59.198.136 - - [24/Dec/2023:21:27:08 -0500] "GET /BLA/resoluciones/Notificaciones/RESOLUCIONES%202016/00530.doc HTTP/1.0" 200 195918
156.59.198.136 - - [24/Dec/2023:21:27:34 -0500] "GET /BLA/resoluciones/AUTOS%202022/0398.pdf HTTP/1.0" 200 377349
156.59.198.135 - - [24/Dec/2023:21:27:59 -0500] "GET /BLA/resoluciones/Notificaciones/RESOLUCIONES%202020/2620.pdf HTTP/1.0" 200 1092377
156.59.198.136 - - [24/Dec/2023:21:28:24 -0500] "GET /BLA/resoluciones/RESOLUCIONES%202008/5677.pdf HTTP/1.0" 200 121075
156.59.198.136 - - [24/Dec/2023:21:28:48 -0500] "GET /BLA/resoluciones/RESOLUCIONES%202008/2653.pdf HTTP/1.0" 200 197377
201.245.192.253 - - [24/Dec/2023:21:28:47 -0500] "POST /kwsrmcab/Wsrmcab  HTTP/1.1" 200 40220
156.59.198.136 - - [24/Dec/2023:21:29:12 -0500] "GET /BLA/resoluciones/RESOLUCIONES%202008/4996.pdf HTTP/1.0" 200 213116
156.59.198.135 - - [24/Dec/2023:21:29:37 -0500] "GET /BLA/resoluciones/AUTOS%202022/1899.pdf HTTP/1.0" 200 377278
156.59.198.136 - - [24/Dec/2023:21:30:01 -0500] "GET /BLA/resoluciones/RESOLUCIONES%202008/0592.pdf HTTP/1.0" 200 306122
201.245.192.253 - - [24/Dec/2023:21:30:14 -0500] "POST /kwsrmcab/Wsrmcab HTTP/1.1" 200 35994
216.245.221.92 - - [24/Dec/2023:21:30:20 -0500] "HEAD / HTTP/1.1" 200 -
201.245.192.253 - - [24/Dec/2023:21:30:18 -0500] "POST /kwsrmcab/Wsrmcab HTTP/1.1" 200 37034
172.22.2.4 - - [24/Dec/2023:21:28:44 -0500] "HEAD /BLA/boletinlegal/ HTTP/1.1" 200 -
156.59.198.136 - - [24/Dec/2023:21:30:26 -0500] "GET /BLA/resoluciones/Notificaciones/RESOLUCIONES%202020/99999.pdf HTTP/1.0" 200 682634
31.13.127.13 - - [24/Dec/2023:21:30:37 -0500] "GET /images/terrazas%20verdes.jpg HTTP/1.1" 200 63951
156.59.198.136 - - [24/Dec/2023:21:30:51 -0500] "GET /BLA/resoluciones/AUTOS%202022/1556.pdf HTTP/1.0" 200 453331
156.59.198.136 - - [24/Dec/2023:21:31:15 -0500] "GET /BLA/resoluciones/AUTOS%202022/3707.pdf HTTP/1.0" 200 384314
172.22.2.4 - - [24/Dec/2023:21:29:35 -0500] "GET /BLA/boletinlegal/ HTTP/1.1" 200 58567
31.13.127.116 - - [24/Dec/2023:21:31:24 -0500] "GET /images/PREAD%20SDA%201.jpeg HTTP/1.1" 200 65620
173.252.127.17 - - [24/Dec/2023:21:31:33 -0500] "GET /alcaldia-de-bogota-y-fundacion-exito-entregaron-en-ciudad-bolivar-la-primera-terraza-verde-de-la-capital.html HTTP/1.1" 200 852
156.59.198.136 - - [24/Dec/2023:21:31:40 -0500] "GET /BLA/resoluciones/AUTOS%202022/7419.pdf HTTP/1.0" 200 1230312
156.59.198.136 - - [24/Dec/2023:21:32:04 -0500] "GET /BLA/resoluciones/AUTOS%202022/4893.pdf HTTP/1.0" 200 503151
156.59.198.136 - - [24/Dec/2023:21:32:28 -0500] "GET /BLA/resoluciones/Notificaciones/RESOLUCIONES%202016/00626.doc HTTP/1.0" 200 189847
156.59.198.135 - - [24/Dec/2023:21:32:54 -0500] "GET /BLA/resoluciones/RESOLUCIONES%202008/4853.pdf HTTP/1.0" 200 27964
156.59.198.136 - - [24/Dec/2023:21:33:18 -0500] "GET /BLA/resoluciones/RESOLUCIONES%202008/2399.pdf HTTP/1.0" 200 208688
156.59.198.136 - - [24/Dec/2023:21:33:42 -0500] "GET /BLA/resoluciones/AUTOS%202022/8265.pdf HTTP/1.0" 200 2525202
201.245.192.253 - - [24/Dec/2023:21:33:45 -0500] "POST /kwsrmcab/Wsrmcab  HTTP/1.1" 200 40220
157.55.39.14 - - [24/Dec/2023:21:34:01 -0500] "GET /BLA/resoluciones/RESOLUCIONES%202021/1205.pdf HTTP/1.1" 200 428290
156.59.198.136 - - [24/Dec/2023:21:34:06 -0500] "GET /BLA/resoluciones/RESOLUCIONES%202008/2217.pdf HTTP/1.0" 200 194500
156.59.198.136 - - [24/Dec/2023:21:34:31 -0500] "GET /BLA/resoluciones/AUTOS%202022/7129.pdf HTTP/1.0" 200 459920
34.141.255.247 - - [24/Dec/2023:21:34:44 -0500] "GET /distrito-exalto-a-246-empresas-de-bogota-por-su-alto-desempeno-y-responsabilidad-ambiental-durante-2023.html HTTP/1.1" 200 1039
156.59.198.135 - - [24/Dec/2023:21:34:54 -0500] "GET /BLA/resoluciones/Notificaciones/RESOLUCIONES%202016/2117.pdf HTTP/1.0" 200 462030
156.59.198.135 - - [24/Dec/2023:21:35:20 -0500] "GET /BLA/resoluciones/AUTOS%202022/0662.pdf HTTP/1.0" 200 447849
216.245.221.92 - - [24/Dec/2023:21:35:20 -0500] "HEAD / HTTP/1.1" 200 -
156.59.198.136 - - [24/Dec/2023:21:35:44 -0500] "GET /BLA/resoluciones/RESOLUCIONES%202008/2630.pdf HTTP/1.0" 200 164180
172.22.2.4 - - [24/Dec/2023:21:34:19 -0500] "GET /BLA/boletinlegal/ HTTP/1.1" 200 50947
40.77.167.54 - - [24/Dec/2023:21:36:08 -0500] "GET /BLA/resoluciones/RESOLUCIONES%202023/1911.pdf HTTP/1.1" 200 896203
156.59.198.135 - - [24/Dec/2023:21:36:09 -0500] "GET /BLA/resoluciones/RESOLUCIONES%202008/1771.pdf HTTP/1.0" 200 49810
172.22.2.4 - - [24/Dec/2023:21:34:34 -0500] "HEAD /BLA/boletinlegal/ HTTP/1.1" 200 -
201.245.192.253 - - [24/Dec/2023:21:36:14 -0500] "POST /kwsrmcab/Wsrmcab HTTP/1.1" 200 35994
201.245.192.253 - - [24/Dec/2023:21:36:17 -0500] "POST /kwsrmcab/Wsrmcab HTTP/1.1" 200 37034
156.59.198.136 - - [24/Dec/2023:21:36:34 -0500] "GET /BLA/resoluciones/AUTOS%202022/3025.pdf HTTP/1.0" 200 377464
156.59.198.135 - - [24/Dec/2023:21:36:58 -0500] "GET /BLA/resoluciones/AUTOS%202022/8585.pdf HTTP/1.0" 200 312272
172.22.2.4 - - [24/Dec/2023:21:35:25 -0500] "GET /BLA/boletinlegal/ HTTP/1.1" 200 54423
156.59.198.135 - - [24/Dec/2023:21:37:23 -0500] "GET /BLA/resoluciones/AUTOS%202022/2966.pdf HTTP/1.0" 200 2032684
156.59.198.135 - - [24/Dec/2023:21:37:48 -0500] "GET /BLA/resoluciones/RESOLUCIONES%202015/0819.pdf HTTP/1.0" 200 6424033
156.59.198.135 - - [24/Dec/2023:21:38:12 -0500] "GET /BLA/resoluciones/AUTOS%202022/7430.pdf HTTP/1.0" 200 421723
172.22.2.4 - - [24/Dec/2023:21:38:24 -0500] "GET /BLA/boletinlegal/Circulares/2019/.pdf HTTP/1.1" 404 1218
156.59.198.135 - - [24/Dec/2023:21:38:37 -0500] "GET /BLA/resoluciones/AUTOS%202022/7282.pdf HTTP/1.0" 200 424742
201.245.192.253 - - [24/Dec/2023:21:38:42 -0500] "POST /kwsrmcab/Wsrmcab  HTTP/1.1" 200 40220
156.59.198.135 - - [24/Dec/2023:21:39:01 -0500] "GET /BLA/resoluciones/Notificaciones/RESOLUCIONES%202016/00485.doc HTTP/1.0" 200 190645
156.59.198.136 - - [24/Dec/2023:21:39:24 -0500] "GET /BLA/resoluciones/RESOLUCIONES%202008/1337.pdf HTTP/1.0" 200 207693
199.16.157.180 - - [24/Dec/2023:21:39:46 -0500] "GET /robots.txt HTTP/1.1" 404 1034
199.16.157.180 - - [24/Dec/2023:21:39:46 -0500] "GET /images/cr%C3%B3nica-29-nov-1_optimized.jpeg HTTP/1.1" 404 1034
156.59.198.136 - - [24/Dec/2023:21:39:49 -0500] "GET /BLA/resoluciones/AUTOS%202022/6525.pdf HTTP/1.0" 200 424320
173.252.79.118 - - [24/Dec/2023:21:40:01 -0500] "GET /images/Aves%20SDA.jpeg HTTP/1.1" 200 75104
156.59.198.136 - - [24/Dec/2023:21:40:13 -0500] "GET /BLA/resoluciones/Notificaciones/RESOLUCIONES%202019/3094.pdf HTTP/1.0" 200 185509
201.245.192.253 - - [24/Dec/2023:21:40:14 -0500] "POST /kwsrmcab/Wsrmcab HTTP/1.1" 200 35994
216.245.221.92 - - [24/Dec/2023:21:40:20 -0500] "HEAD / HTTP/1.1" 200 -
201.245.192.253 - - [24/Dec/2023:21:40:19 -0500] "POST /kwsrmcab/Wsrmcab HTTP/1.1" 200 37034
156.59.198.135 - - [24/Dec/2023:21:40:37 -0500] "GET /BLA/resoluciones/RESOLUCIONES%202008/3680.pdf HTTP/1.0" 200 207295
186.84.89.203 - - [24/Dec/2023:21:40:56 -0500] "GET /mis-de-50-aves-silvestres-fueron-recuperadas-en-la-localidad-de-tunjuelito.html HTTP/1.1" 200 806
156.59.198.135 - - [24/Dec/2023:21:41:02 -0500] "GET /BLA/resoluciones/AUTOS%202022/1007.pdf HTTP/1.0" 200 389680
156.59.198.136 - - [24/Dec/2023:21:41:26 -0500] "GET /BLA/resoluciones/AUTOS%202022/3675.pdf HTTP/1.0" 200 460551
156.59.198.135 - - [24/Dec/2023:21:41:50 -0500] "GET /BLA/resoluciones/Notificaciones/RESOLUCIONES%202020/1287.pdf HTTP/1.0" 200 392186
172.22.2.4 - - [24/Dec/2023:21:40:24 -0500] "HEAD /BLA/boletinlegal/ HTTP/1.1" 200 -
156.59.198.136 - - [24/Dec/2023:21:42:13 -0500] "GET /BLA/resoluciones/AUTOS%202022/0983.pdf HTTP/1.0" 200 442972
66.249.66.194 - - [24/Dec/2023:21:42:29 -0500] "GET /distrito-firma-cuatro-pagos-por-servicios-ambientales-en-cundinamarca-para-la-seguridad-hidrica-de-bogota.html HTTP/1.1" 200 856
156.59.198.135 - - [24/Dec/2023:21:42:38 -0500] "GET /BLA/resoluciones/AUTOS%202022/1979.pdf HTTP/1.0" 200 410095
172.22.2.4 - - [24/Dec/2023:21:41:15 -0500] "GET /BLA/boletinlegal/ HTTP/1.1" 200 54031
156.59.198.136 - - [24/Dec/2023:21:43:03 -0500] "GET /BLA/resoluciones/Notificaciones/RESOLUCIONES%202016/00484.doc HTTP/1.0" 200 190811
156.59.198.135 - - [24/Dec/2023:21:43:27 -0500] "GET /BLA/resoluciones/AUTOS%202022/2001.pdf HTTP/1.0" 200 394007
179.51.109.121 - - [24/Dec/2023:21:43:37 -0500] "GET /mis-de-50-aves-silvestres-fueron-recuperadas-en-la-localidad-de-tunjuelito.html HTTP/1.1" 200 806
201.245.192.253 - - [24/Dec/2023:21:43:41 -0500] "POST /kwsrmcab/Wsrmcab  HTTP/1.1" 200 40220
156.59.198.136 - - [24/Dec/2023:21:43:51 -0500] "GET /BLA/resoluciones/AUTOS%202022/1035.pdf HTTP/1.0" 200 357906
156.59.198.135 - - [24/Dec/2023:21:44:15 -0500] "GET /BLA/resoluciones/AUTOS%202020/4548.pdf HTTP/1.0" 200 283393
156.59.198.136 - - [24/Dec/2023:21:44:41 -0500] "GET /BLA/resoluciones/Notificaciones/RESOLUCIONES%202019/1633.pdf HTTP/1.0" 200 268326
156.59.198.135 - - [24/Dec/2023:21:45:04 -0500] "GET /BLA/resoluciones/AUTOS%202022/6503.pdf HTTP/1.0" 200 376888
216.245.221.92 - - [24/Dec/2023:21:45:20 -0500] "HEAD / HTTP/1.1" 200 -
156.59.198.135 - - [24/Dec/2023:21:45:28 -0500] "GET /BLA/resoluciones/AUTOS%202012/2359.pdf HTTP/1.0" 200 267384
156.59.198.136 - - [24/Dec/2023:21:45:53 -0500] "GET /BLA/resoluciones/AUTOS%202022/2661.pdf HTTP/1.0" 200 353643
156.59.198.136 - - [24/Dec/2023:21:46:18 -0500] "GET /BLA/resoluciones/AUTOS%202022/6886.pdf HTTP/1.0" 200 317077
156.59.198.136 - - [24/Dec/2023:21:46:43 -0500] "GET /BLA/resoluciones/AUTOS%202022/4997.pdf HTTP/1.0" 200 387488
156.59.198.135 - - [24/Dec/2023:21:47:07 -0500] "GET /BLA/resoluciones/AUTOS%202022/8143.pdf HTTP/1.0" 200 391066
156.59.198.135 - - [24/Dec/2023:21:47:30 -0500] "GET /BLA/resoluciones/AUTOS%202022/6967.pdf HTTP/1.0" 200 432381
156.59.198.135 - - [24/Dec/2023:21:47:54 -0500] "GET /BLA/resoluciones/Notificaciones/RESOLUCIONES%202019/983.pdf HTTP/1.0" 200 610721
172.22.2.4 - - [24/Dec/2023:21:46:14 -0500] "HEAD /BLA/boletinlegal/ HTTP/1.1" 200 -
156.59.198.136 - - [24/Dec/2023:21:48:19 -0500] "GET /BLA/resoluciones/RESOLUCIONES%202005/2165.pdf HTTP/1.0" 200 129154
156.59.198.136 - - [24/Dec/2023:21:48:43 -0500] "GET /BLA/resoluciones/RESOLUCIONES%202008/0306.pdf HTTP/1.0" 200 80986
201.245.192.253 - - [24/Dec/2023:21:48:40 -0500] "POST /kwsrmcab/Wsrmcab  HTTP/1.1" 200 40220
172.22.2.4 - - [24/Dec/2023:21:47:05 -0500] "GET /BLA/boletinlegal/ HTTP/1.1" 200 58567
156.59.198.135 - - [24/Dec/2023:21:49:07 -0500] "GET /BLA/resoluciones/AUTOS%202022/6364.pdf HTTP/1.0" 200 402423
66.249.66.194 - - [24/Dec/2023:21:49:12 -0500] "GET /mis-de-50-aves-silvestres-fueron-recuperadas-en-la-localidad-de-tunjuelito.html HTTP/1.1" 200 806
156.59.198.135 - - [24/Dec/2023:21:49:32 -0500] "GET /BLA/resoluciones/AUTOS%202022/2540.pdf HTTP/1.0" 200 352403
156.59.198.135 - - [24/Dec/2023:21:49:56 -0500] "GET /BLA/resoluciones/RESOLUCIONES%202008/5176.pdf HTTP/1.0" 200 47477
216.245.221.92 - - [24/Dec/2023:21:50:20 -0500] "HEAD / HTTP/1.1" 200 -
47.128.115.5 - - [24/Dec/2023:21:50:26 -0500] "GET /BLA/resoluciones/index.php?dir=RESOLUCIONES%202006%2FRES%202006%202551-2600%2F&order=asc&sort=size HTTP/1.1" 200 12354
47.128.115.5 - - [24/Dec/2023:21:50:28 -0500] "GET /BLA/resoluciones/dlf/unknown.png HTTP/1.1" 200 266
47.128.115.5 - - [24/Dec/2023:21:50:28 -0500] "GET /BLA/resoluciones/dlf/dirup.png HTTP/1.1" 200 644
156.59.198.135 - - [24/Dec/2023:21:50:44 -0500] "GET /BLA/resoluciones/Notificaciones/RESOLUCIONES%202020/3003.pdf HTTP/1.0" 200 368526
156.59.198.135 - - [24/Dec/2023:21:51:09 -0500] "GET /BLA/resoluciones/RESOLUCIONES%202008/3790.pdf HTTP/1.0" 200 85491
156.59.198.136 - - [24/Dec/2023:21:51:33 -0500] "GET /BLA/resoluciones/RESOLUCIONES%202008/1679.pdf HTTP/1.0" 200 69481
156.59.198.135 - - [24/Dec/2023:21:51:57 -0500] "GET /BLA/resoluciones/AUTOS%202022/8563.pdf HTTP/1.0" 200 401634
156.59.198.136 - - [24/Dec/2023:21:52:21 -0500] "GET /BLA/resoluciones/AUTOS%202012/2986.pdf HTTP/1.0" 200 306434
156.59.198.136 - - [24/Dec/2023:21:52:46 -0500] "GET /BLA/resoluciones/RESOLUCIONES%202008/1893.pdf HTTP/1.0" 200 193551
156.59.198.136 - - [24/Dec/2023:21:53:11 -0500] "GET /BLA/resoluciones/AUTOS%202022/3519.pdf HTTP/1.0" 200 540998
156.59.198.136 - - [24/Dec/2023:21:53:34 -0500] "GET /BLA/resoluciones/AUTOS%202022/2976.pdf HTTP/1.0" 200 2380328
