156.59.198.135 - - [24/Dec/2023:23:21:44 -0500] "GET /BLA/resoluciones/AUTOS%202022/3754.pdf HTTP/1.0" 200 416617
172.22.2.4 - - [24/Dec/2023:23:21:54 -0500] "GET /BLA/boletinlegal/js/jquery1.js HTTP/1.1" 200 29846
172.22.2.4 - - [24/Dec/2023:23:21:55 -0500] "GET /BLA/boletinlegal/js/popup.js HTTP/1.1" 200 1270
172.22.2.4 - - [24/Dec/2023:23:22:00 -0500] "GET /BLA/boletinlegal/js/lib.js HTTP/1.1" 200 6474
172.22.2.4 - - [24/Dec/2023:23:20:26 -0500] "GET /BLA/boletinlegal/ HTTP/1.1" 200 56873
156.59.198.136 - - [24/Dec/2023:23:22:09 -0500] "GET /BLA/resoluciones/RESOLUCIONES%202008/0877.pdf HTTP/1.0" 200 199383
156.59.198.135 - - [24/Dec/2023:23:22:33 -0500] "GET /BLA/resoluciones/RESOLUCIONES%202008/5695.pdf HTTP/1.0" 200 157592
156.59.198.136 - - [24/Dec/2023:23:22:57 -0500] "GET /BLA/resoluciones/RESOLUCIONES%202008/2865.pdf HTTP/1.0" 200 126479
201.245.192.253 - - [24/Dec/2023:23:23:16 -0500] "POST /kwsrmcab/Wsrmcab  HTTP/1.1" 200 40220
156.59.198.135 - - [24/Dec/2023:23:23:21 -0500] "GET /BLA/resoluciones/RESOLUCIONES%202008/3528.pdf HTTP/1.0" 200 143496
156.59.198.135 - - [24/Dec/2023:23:23:46 -0500] "GET /BLA/resoluciones/RESOLUCIONES%202008/0278.pdf HTTP/1.0" 200 298998
68.69.186.30 - - [24/Dec/2023:23:23:47 -0500] "GET / HTTP/1.1" 200 319
68.69.186.30 - - [24/Dec/2023:23:23:48 -0500] "GET ../../proc/ HTTP" 400 946
156.59.198.135 - - [24/Dec/2023:23:24:10 -0500] "GET /BLA/resoluciones/AUTOS%202022/3812.pdf HTTP/1.0" 200 385275
156.59.198.135 - - [24/Dec/2023:23:24:34 -0500] "GET /BLA/resoluciones/AUTOS%202022/7200.pdf HTTP/1.0" 200 407053
156.59.198.136 - - [24/Dec/2023:23:24:59 -0500] "GET /BLA/resoluciones/RESOLUCIONES%202008/3848.pdf HTTP/1.0" 200 29812
216.245.221.92 - - [24/Dec/2023:23:25:20 -0500] "HEAD / HTTP/1.1" 200 -
156.59.198.136 - - [24/Dec/2023:23:25:24 -0500] "GET /BLA/resoluciones/RESOLUCIONES%202008/1607.pdf HTTP/1.0" 200 71862
156.59.198.136 - - [24/Dec/2023:23:25:48 -0500] "GET /BLA/resoluciones/RESOLUCIONES%202015/0153.docx HTTP/1.0" 200 108680
156.59.198.135 - - [24/Dec/2023:23:26:12 -0500] "GET /BLA/resoluciones/AUTOS%202022/4083.pdf HTTP/1.0" 200 351186
201.245.192.253 - - [24/Dec/2023:23:26:14 -0500] "POST /kwsrmcab/Wsrmcab HTTP/1.1" 200 35498
201.245.192.253 - - [24/Dec/2023:23:26:17 -0500] "POST /kwsrmcab/Wsrmcab HTTP/1.1" 200 37041
185.224.128.142 - - [24/Dec/2023:23:26:21 -0500] "\x16\x03\x01" 400 226
185.224.128.142 - - [24/Dec/2023:23:26:21 -0500] "GET / HTTP/1.1" 200 319
156.59.198.136 - - [24/Dec/2023:23:26:36 -0500] "GET /BLA/resoluciones/Notificaciones/RESOLUCIONES%202020/2353.pdf HTTP/1.0" 200 391692
156.59.198.136 - - [24/Dec/2023:23:27:00 -0500] "GET /BLA/resoluciones/RESOLUCIONES%202008/0978.pdf HTTP/1.0" 200 394492
172.22.2.4 - - [24/Dec/2023:23:25:25 -0500] "HEAD /BLA/boletinlegal/ HTTP/1.1" 200 -
156.59.198.136 - - [24/Dec/2023:23:27:24 -0500] "GET /BLA/resoluciones/RESOLUCIONES%202008/3219.pdf HTTP/1.0" 200 29069
156.59.198.135 - - [24/Dec/2023:23:27:50 -0500] "GET /BLA/resoluciones/AUTOS%202022/4581.pdf HTTP/1.0" 200 909797
172.22.2.4 - - [24/Dec/2023:23:26:16 -0500] "GET /BLA/boletinlegal/ HTTP/1.1" 200 58567
156.59.198.135 - - [24/Dec/2023:23:28:13 -0500] "GET /BLA/resoluciones/RESOLUCIONES%202008/2604.pdf HTTP/1.0" 200 77199
201.245.192.253 - - [24/Dec/2023:23:28:14 -0500] "POST /kwsrmcab/Wsrmcab  HTTP/1.1" 200 40220
156.59.198.135 - - [24/Dec/2023:23:28:37 -0500] "GET /BLA/resoluciones/AUTOS%202022/4185.pdf HTTP/1.0" 200 456573
156.59.198.135 - - [24/Dec/2023:23:29:01 -0500] "GET /BLA/resoluciones/RESOLUCIONES%202008/0153.pdf HTTP/1.0" 200 58651
156.59.198.135 - - [24/Dec/2023:23:29:26 -0500] "GET /BLA/resoluciones/Notificaciones/RESOLUCIONES%202020/1556.pdf HTTP/1.0" 200 362497
156.59.198.136 - - [24/Dec/2023:23:29:50 -0500] "GET /BLA/resoluciones/RESOLUCIONES%202008/1398.pdf HTTP/1.0" 200 183447
172.22.2.4 - - [24/Dec/2023:23:30:09 -0500] "GET /BLA/boletinlegal/.env HTTP/1.1" 404 1038
156.59.198.135 - - [24/Dec/2023:23:30:15 -0500] "GET /BLA/resoluciones/Notificaciones/RESOLUCIONES%202020/0448.pdf HTTP/1.0" 200 298551
201.245.192.253 - - [24/Dec/2023:23:30:13 -0500] "POST /kwsrmcab/Wsrmcab HTTP/1.1" 200 35498
216.245.221.92 - - [24/Dec/2023:23:30:20 -0500] "HEAD / HTTP/1.1" 200 -
201.245.192.253 - - [24/Dec/2023:23:30:18 -0500] "POST /kwsrmcab/Wsrmcab HTTP/1.1" 200 37041
173.252.83.6 - - [24/Dec/2023:23:30:35 -0500] "GET /images/agua%20bogota.jpg HTTP/1.1" 200 74348
173.252.83.6 - - [24/Dec/2023:23:30:35 -0500] "GET /images/agua%20bogota.jpg HTTP/1.1" 200 74348
156.59.198.135 - - [24/Dec/2023:23:30:40 -0500] "GET /BLA/resoluciones/AUTOS%202022/3521.pdf HTTP/1.0" 200 882351
156.59.198.136 - - [24/Dec/2023:23:31:04 -0500] "GET /BLA/resoluciones/RESOLUCIONES%202008/1554.pdf HTTP/1.0" 200 55525
156.59.198.136 - - [24/Dec/2023:23:31:29 -0500] "GET /BLA/resoluciones/AUTOS%202022/7975.pdf HTTP/1.0" 200 524126
181.56.29.243 - - [24/Dec/2023:23:31:47 -0500] "GET /distrito-exalto-a-246-empresas-de-bogota-por-su-alto-desempeno-y-responsabilidad-ambiental-durante-2023.html HTTP/1.1" 200 1039
156.59.198.135 - - [24/Dec/2023:23:31:53 -0500] "GET /BLA/resoluciones/AUTOS%202022/4964.pdf HTTP/1.0" 200 608817
156.59.198.135 - - [24/Dec/2023:23:32:17 -0500] "GET /BLA/resoluciones/RESOLUCIONES%202008/0275.pdf HTTP/1.0" 200 554230
156.59.198.135 - - [24/Dec/2023:23:32:43 -0500] "GET /BLA/resoluciones/AUTOS%202022/7854.pdf HTTP/1.0" 200 435572
172.22.2.4 - - [24/Dec/2023:23:31:15 -0500] "HEAD /BLA/boletinlegal/ HTTP/1.1" 200 -
40.77.167.22 - - [24/Dec/2023:23:32:59 -0500] "GET /BLA/resoluciones/RESOLUCIONES%202021/3186.pdf HTTP/1.1" 200 354724
156.59.198.135 - - [24/Dec/2023:23:33:08 -0500] "GET /BLA/resoluciones/AUTOS%202022/7128.pdf HTTP/1.0" 200 390890
201.245.192.253 - - [24/Dec/2023:23:33:12 -0500] "POST /kwsrmcab/Wsrmcab  HTTP/1.1" 200 40220
156.59.198.136 - - [24/Dec/2023:23:33:32 -0500] "GET /BLA/resoluciones/RESOLUCIONES%202008/4824.pdf HTTP/1.0" 200 28079
172.22.2.4 - - [24/Dec/2023:23:32:06 -0500] "GET /BLA/boletinlegal/ HTTP/1.1" 200 58567
156.59.198.136 - - [24/Dec/2023:23:33:56 -0500] "GET /BLA/resoluciones/AUTOS%202022/7749.pdf HTTP/1.0" 200 1203771
156.59.198.135 - - [24/Dec/2023:23:34:20 -0500] "GET /BLA/resoluciones/AUTOS%202022/6355.pdf HTTP/1.0" 200 1601073
172.22.2.4 - - [24/Dec/2023:23:34:24 -0500] "GET /BLA/boletinlegal/favicon.ico HTTP/1.1" 404 1018
156.59.198.136 - - [24/Dec/2023:23:34:45 -0500] "GET /BLA/resoluciones/RESOLUCIONES%202008/4410.pdf HTTP/1.0" 200 19132
172.22.2.4 - - [24/Dec/2023:23:34:09 -0500] "GET /BLA/boletinlegal/ HTTP/1.1" 200 32715
40.77.167.41 - - [24/Dec/2023:23:35:09 -0500] "GET /BLA/resoluciones/RESOLUCIONES%202021/0053.pdf HTTP/1.1" 200 378118
156.59.198.135 - - [24/Dec/2023:23:35:10 -0500] "GET /BLA/resoluciones/AUTOS%202020/0230.pdf HTTP/1.0" 200 280064
216.245.221.92 - - [24/Dec/2023:23:35:20 -0500] "HEAD / HTTP/1.1" 200 -
156.59.198.135 - - [24/Dec/2023:23:35:33 -0500] "GET /BLA/resoluciones/AUTOS%202020/0051.pdf HTTP/1.0" 200 267675
172.22.2.4 - - [24/Dec/2023:23:34:17 -0500] "GET /BLA/boletinlegal/ HTTP/1.1" 200 59330
156.59.198.136 - - [24/Dec/2023:23:35:58 -0500] "GET /BLA/resoluciones/AUTOS%202022/6799.pdf HTTP/1.0" 200 418225
201.245.192.253 - - [24/Dec/2023:23:36:13 -0500] "POST /kwsrmcab/Wsrmcab HTTP/1.1" 200 35498
201.245.192.253 - - [24/Dec/2023:23:36:16 -0500] "POST /kwsrmcab/Wsrmcab HTTP/1.1" 200 37041
156.59.198.135 - - [24/Dec/2023:23:36:22 -0500] "GET /BLA/resoluciones/Notificaciones/RESOLUCIONES%202020/2920.pdf HTTP/1.0" 200 447591
173.252.95.16 - - [24/Dec/2023:23:36:27 -0500] "GET /images/Aves%20SDA.jpeg HTTP/1.1" 200 75104
156.59.198.135 - - [24/Dec/2023:23:36:46 -0500] "GET /BLA/resoluciones/RESOLUCIONES%202008/0723.pdf HTTP/1.0" 200 63623
156.59.198.136 - - [24/Dec/2023:23:37:10 -0500] "GET /BLA/resoluciones/Notificaciones/RESOLUCIONES%202020/1740.pdf HTTP/1.0" 200 390695
156.59.198.135 - - [24/Dec/2023:23:37:35 -0500] "GET /BLA/resoluciones/RESOLUCIONES%202008/3292.pdf HTTP/1.0" 200 150277
156.59.198.136 - - [24/Dec/2023:23:37:59 -0500] "GET /BLA/resoluciones/AUTOS%202022/2909.pdf HTTP/1.0" 200 916090
66.249.66.20 - - [24/Dec/2023:23:38:06 -0500] "GET /Publicaciones/2023EE77468.pdf HTTP/1.1" 404 227
186.154.37.200 - - [24/Dec/2023:23:38:09 -0500] "GET /sipse/faces/index.xhtml HTTP/1.1" 200 677
201.245.192.253 - - [24/Dec/2023:23:38:12 -0500] "POST /kwsrmcab/Wsrmcab  HTTP/1.1" 200 40220
172.22.2.4 - - [24/Dec/2023:23:38:22 -0500] "GET /BLA/boletinlegal/Circulares/2019/.pdf HTTP/1.1" 404 1218
156.59.198.136 - - [24/Dec/2023:23:38:23 -0500] "GET /BLA/resoluciones/AUTOS%202022/5771.pdf HTTP/1.0" 200 475483
186.154.37.200 - - [24/Dec/2023:23:38:18 -0500] "GET /sipse/faces/javax.faces.resource/theme.css?ln=primefaces-sipse HTTP/1.1" 200 50058
186.154.37.200 - - [24/Dec/2023:23:38:27 -0500] "GET /sipse/faces/faces/autenticacion.xhtml HTTP/1.1" 200 12407
186.154.37.200 - - [24/Dec/2023:23:38:28 -0500] "GET /sipse/js/disable_browser_buttons.js HTTP/1.1" 200 3230
186.154.37.200 - - [24/Dec/2023:23:38:29 -0500] "GET /sipse/css/custom_css_sg.css HTTP/1.1" 200 9694
186.154.37.200 - - [24/Dec/2023:23:38:29 -0500] "GET /sipse/css/custom_css_sg_prime_login.css HTTP/1.1" 200 443
186.154.37.200 - - [24/Dec/2023:23:38:29 -0500] "GET /sipse/faces/javax.faces.resource/theme.css?ln=primefaces-sipse HTTP/1.1" 304 -
186.154.37.200 - - [24/Dec/2023:23:38:29 -0500] "GET /sipse/faces/javax.faces.resource/layout/layout.css?ln=primefaces&v=4.0 HTTP/1.1" 200 542
186.154.37.200 - - [24/Dec/2023:23:38:29 -0500] "GET /sipse/js/funciones.js HTTP/1.1" 200 12592
173.252.79.5 - - [24/Dec/2023:23:38:36 -0500] "GET /alcaldia-de-bogota-y-fundacion-exito-entregaron-en-ciudad-bolivar-la-primera-terraza-verde-de-la-capital.html HTTP/1.1" 200 852
190.68.25.39 - - [24/Dec/2023:23:38:36 -0500] "GET /distrito-exalto-a-246-empresas-de-bogota-por-su-alto-desempeno-y-responsabilidad-ambiental-durante-2023.html HTTP/1.1" 200 1039
173.252.79.6 - - [24/Dec/2023:23:38:36 -0500] "GET /images/terrazas%20verdes.jpg HTTP/1.1" 200 63951
186.154.37.200 - - [24/Dec/2023:23:38:29 -0500] "GET /sipse/faces/javax.faces.resource/primefaces.css?ln=primefaces&v=4.0 HTTP/1.1" 200 53295
172.22.2.4 - - [24/Dec/2023:23:37:05 -0500] "HEAD /BLA/boletinlegal/ HTTP/1.1" 200 -
186.154.37.200 - - [24/Dec/2023:23:38:29 -0500] "GET /sipse/faces/javax.faces.resource/jquery/jquery.js?ln=primefaces&v=4.0 HTTP/1.1" 200 105384
186.154.37.200 - - [24/Dec/2023:23:38:29 -0500] "GET /sipse/faces/javax.faces.resource/primefaces.js?ln=primefaces&v=4.0 HTTP/1.1" 200 155648
186.154.37.200 - - [24/Dec/2023:23:38:29 -0500] "GET /sipse/faces/javax.faces.resource/jquery/jquery-plugins.js?ln=primefaces&v=4.0 HTTP/1.1" 200 155648
156.59.198.135 - - [24/Dec/2023:23:38:48 -0500] "GET /BLA/resoluciones/RESOLUCIONES%202008/0899.pdf HTTP/1.0" 200 281863
186.154.37.200 - - [24/Dec/2023:23:38:36 -0500] "GET /sipse/faces/javax.faces.resource/layout/layout.js?ln=primefaces&v=4.0 HTTP/1.1" 200 15648
156.59.198.135 - - [24/Dec/2023:23:39:12 -0500] "GET /BLA/resoluciones/AUTOS%202020/1332.pdf HTTP/1.0" 200 313486
172.22.2.4 - - [24/Dec/2023:23:37:56 -0500] "GET /BLA/boletinlegal/ HTTP/1.1" 200 58567
156.59.198.136 - - [24/Dec/2023:23:39:37 -0500] "GET /BLA/resoluciones/AUTOS%202022/2941.pdf HTTP/1.0" 200 432815
156.59.198.135 - - [24/Dec/2023:23:40:01 -0500] "GET /BLA/resoluciones/Notificaciones/RESOLUCIONES%202020/1741.pdf HTTP/1.0" 200 2340203
201.245.192.253 - - [24/Dec/2023:23:40:13 -0500] "POST /kwsrmcab/Wsrmcab HTTP/1.1" 200 35498
216.245.221.92 - - [24/Dec/2023:23:40:20 -0500] "HEAD / HTTP/1.1" 200 -
201.245.192.253 - - [24/Dec/2023:23:40:19 -0500] "POST /kwsrmcab/Wsrmcab HTTP/1.1" 200 37041
156.59.198.135 - - [24/Dec/2023:23:40:25 -0500] "GET /BLA/resoluciones/Notificaciones/RESOLUCIONES%202019/3449.pdf HTTP/1.0" 200 572699
156.59.198.135 - - [24/Dec/2023:23:40:49 -0500] "GET /BLA/resoluciones/AUTOS%202022/4482.pdf HTTP/1.0" 200 404179
156.59.198.136 - - [24/Dec/2023:23:41:14 -0500] "GET /BLA/resoluciones/Notificaciones/RESOLUCIONES%202020/1947.pdf HTTP/1.0" 200 390903
199.16.157.182 - - [24/Dec/2023:23:41:23 -0500] "GET /robots.txt HTTP/1.1" 404 1034
199.16.157.182 - - [24/Dec/2023:23:41:23 -0500] "GET /representantes-de-colombia-y-europa-se-reunieron-para-desarrollar-estrategias-innovadoras-en-la-gestion-del-plastico.html HTTP/1.1" 200 851
199.16.157.180 - - [24/Dec/2023:23:41:23 -0500] "GET /images/pl%C3%A1sticos%20foto%201..jpg HTTP/1.1" 404 1034
199.16.157.183 - - [24/Dec/2023:23:41:24 -0500] "GET /images/pl%C3%A1sticos%20foto%201..jpg HTTP/1.1" 404 1034
199.16.157.183 - - [24/Dec/2023:23:41:24 -0500] "GET /representantes-de-colombia-y-europa-se-reunieron-para-desarrollar-estrategias-innovadoras-en-la-gestion-del-plastico.html HTTP/1.1" 200 851
156.59.198.135 - - [24/Dec/2023:23:41:38 -0500] "GET /BLA/resoluciones/RESOLUCIONES%202008/5201.pdf HTTP/1.0" 200 59902
156.59.198.135 - - [24/Dec/2023:23:42:03 -0500] "GET /BLA/resoluciones/AUTOS%202022/6043.pdf HTTP/1.0" 200 397544
186.102.114.184 - - [24/Dec/2023:23:42:10 -0500] "GET /mis-de-50-aves-silvestres-fueron-recuperadas-en-la-localidad-de-tunjuelito.html HTTP/1.1" 200 806
52.167.144.219 - - [24/Dec/2023:23:42:11 -0500] "GET /BLA/resoluciones/AUTOS%202023/5639.pdf HTTP/1.1" 200 441848
156.59.198.136 - - [24/Dec/2023:23:42:28 -0500] "GET /BLA/resoluciones/RESOLUCIONES%202008/3374.pdf HTTP/1.0" 200 117142
156.59.198.136 - - [24/Dec/2023:23:42:51 -0500] "GET /BLA/resoluciones/AUTOS%202022/2987.pdf HTTP/1.0" 200 404386
69.171.249.3 - - [24/Dec/2023:23:43:04 -0500] "GET /images/agua%20bogota.jpg HTTP/1.1" 200 74348
201.245.192.253 - - [24/Dec/2023:23:43:11 -0500] "POST /kwsrmcab/Wsrmcab  HTTP/1.1" 200 40220
156.59.198.135 - - [24/Dec/2023:23:43:16 -0500] "GET /BLA/resoluciones/AUTOS%202022/5971.pdf HTTP/1.0" 200 400064
156.59.198.135 - - [24/Dec/2023:23:43:40 -0500] "GET /BLA/resoluciones/RESOLUCIONES%202006/RESOLUCION%20930%20DE%20%202006.PDF HTTP/1.0" 200 27941
156.59.198.136 - - [24/Dec/2023:23:44:03 -0500] "GET /BLA/resoluciones/AUTOS%202022/0419.pdf HTTP/1.0" 200 458891
156.59.198.136 - - [24/Dec/2023:23:44:27 -0500] "GET /BLA/resoluciones/RESOLUCIONES%202008/1284.pdf HTTP/1.0" 200 141267
172.22.2.4 - - [24/Dec/2023:23:42:55 -0500] "HEAD /BLA/boletinlegal/ HTTP/1.1" 200 -
156.59.198.135 - - [24/Dec/2023:23:44:52 -0500] "GET /BLA/resoluciones/AUTOS%202022/0999.pdf HTTP/1.0" 200 466934
156.59.198.136 - - [24/Dec/2023:23:45:17 -0500] "GET /BLA/resoluciones/AUTOS%202022/3471.pdf HTTP/1.0" 200 394854
216.245.221.92 - - [24/Dec/2023:23:45:20 -0500] "HEAD / HTTP/1.1" 200 -
172.22.2.4 - - [24/Dec/2023:23:43:46 -0500] "GET /BLA/boletinlegal/ HTTP/1.1" 200 58172
156.59.198.136 - - [24/Dec/2023:23:45:41 -0500] "GET /BLA/resoluciones/Notificaciones/RESOLUCIONES%202020/1474.pdf HTTP/1.0" 200 377953
156.59.198.135 - - [24/Dec/2023:23:46:05 -0500] "GET /BLA/resoluciones/AUTOS%202022/2180.pdf HTTP/1.0" 200 2869787
181.53.13.86 - - [24/Dec/2023:23:46:14 -0500] "-" 408 -
181.53.13.86 - - [24/Dec/2023:23:46:14 -0500] "-" 408 -
168.119.253.32 - - [24/Dec/2023:23:46:14 -0500] "GET / HTTP/1.1" 200 319
168.119.253.32 - - [24/Dec/2023:23:46:15 -0500] "GET / HTTP/1.1" 200 4720
156.59.198.136 - - [24/Dec/2023:23:46:29 -0500] "GET /BLA/resoluciones/RESOLUCIONES%202008/0210.pdf HTTP/1.0" 200 405882
156.59.198.136 - - [24/Dec/2023:23:46:53 -0500] "GET /BLA/resoluciones/RESOLUCIONES%202008/2597.pdf HTTP/1.0" 200 107784
156.59.198.135 - - [24/Dec/2023:23:47:19 -0500] "GET /BLA/resoluciones/RESOLUCIONES%202008/0777.pdf HTTP/1.0" 200 508503
216.244.66.195 - - [24/Dec/2023:23:47:42 -0500] "GET /robots.txt HTTP/1.1" 404 1018
156.59.198.136 - - [24/Dec/2023:23:47:43 -0500] "GET /BLA/resoluciones/Notificaciones/RESOLUCIONES%202016/00667.doc HTTP/1.0" 200 3775842
156.59.198.136 - - [24/Dec/2023:23:48:06 -0500] "GET /BLA/resoluciones/RESOLUCIONES%202006/0924.pdf HTTP/1.0" 200 819644
69.63.189.2 - - [24/Dec/2023:23:48:12 -0500] "GET /distrito-exalta-48-arboles-patrimoniales-y-15-de-interes-publico-en-bogota.html HTTP/1.1" 200 816
201.245.192.253 - - [24/Dec/2023:23:48:09 -0500] "POST /kwsrmcab/Wsrmcab  HTTP/1.1" 200 40220
156.59.198.135 - - [24/Dec/2023:23:48:30 -0500] "GET /BLA/resoluciones/RESOLUCIONES%202008/4222.pdf HTTP/1.0" 200 49990
156.59.198.135 - - [24/Dec/2023:23:48:55 -0500] "GET /BLA/resoluciones/AUTOS%202022/8169.pdf HTTP/1.0" 200 643381
156.59.198.135 - - [24/Dec/2023:23:49:20 -0500] "GET /BLA/resoluciones/AUTOS%202022/1875.pdf HTTP/1.0" 200 515500
156.59.198.135 - - [24/Dec/2023:23:49:44 -0500] "GET /BLA/resoluciones/AUTOS%202022/4080.pdf HTTP/1.0" 200 373613
156.59.198.136 - - [24/Dec/2023:23:50:08 -0500] "GET /BLA/resoluciones/AUTOS%202022/3054.pdf HTTP/1.0" 200 360984
216.245.221.92 - - [24/Dec/2023:23:50:20 -0500] "HEAD / HTTP/1.1" 200 -
172.22.2.4 - - [24/Dec/2023:23:48:45 -0500] "HEAD /BLA/boletinlegal/ HTTP/1.1" 200 -
156.59.198.135 - - [24/Dec/2023:23:50:34 -0500] "GET /BLA/resoluciones/RESOLUCIONES%202008/5377.pdf HTTP/1.0" 200 211087
156.59.198.135 - - [24/Dec/2023:23:50:58 -0500] "GET /BLA/resoluciones/RESOLUCIONES%202008/0231.pdf HTTP/1.0" 200 267553
172.22.2.4 - - [24/Dec/2023:23:49:36 -0500] "GET /BLA/boletinlegal/ HTTP/1.1" 200 59330
156.59.198.136 - - [24/Dec/2023:23:51:22 -0500] "GET /BLA/resoluciones/Notificaciones/RESOLUCIONES%202019/01154.pdf HTTP/1.0" 200 293296
172.22.2.4 - - [24/Dec/2023:23:51:35 -0500] "GET /BLA/boletinlegal/robots.txt HTTP/1.1" 404 1038
156.59.198.135 - - [24/Dec/2023:23:51:46 -0500] "GET /BLA/resoluciones/RESOLUCIONES%202008/5494.pdf HTTP/1.0" 200 211406
172.22.2.4 - - [24/Dec/2023:23:51:01 -0500] "GET /BLA/boletinlegal/ HTTP/1.1" 200 40907
156.59.198.135 - - [24/Dec/2023:23:52:12 -0500] "GET /BLA/resoluciones/AUTOS%202022/2946.pdf HTTP/1.0" 200 348006
156.59.198.135 - - [24/Dec/2023:23:52:35 -0500] "GET /BLA/resoluciones/AUTOS%202022/1660.pdf HTTP/1.0" 200 411918
156.59.198.135 - - [24/Dec/2023:23:53:00 -0500] "GET /BLA/resoluciones/AUTOS%202022/6436.pdf HTTP/1.0" 200 495047
201.245.192.253 - - [24/Dec/2023:23:53:08 -0500] "POST /kwsrmcab/Wsrmcab  HTTP/1.1" 200 40220
172.22.2.4 - - [24/Dec/2023:23:51:37 -0500] "GET /BLA/boletinlegal/index.php HTTP/1.1" 200 61704
156.59.198.135 - - [24/Dec/2023:23:53:24 -0500] "GET /BLA/resoluciones/RESOLUCIONES%202008/3545.pdf HTTP/1.0" 200 203722
156.59.198.136 - - [24/Dec/2023:23:53:49 -0500] "GET /BLA/resoluciones/RESOLUCIONES%202008/3572.pdf HTTP/1.0" 200 193891
156.59.198.136 - - [24/Dec/2023:23:54:14 -0500] "GET /BLA/resoluciones/AUTOS%202022/2785.pdf HTTP/1.0" 200 404568
156.59.198.135 - - [24/Dec/2023:23:54:38 -0500] "GET /BLA/resoluciones/RESOLUCIONES%202008/0164.pdf HTTP/1.0" 200 287562
156.59.198.136 - - [24/Dec/2023:23:55:02 -0500] "GET /BLA/resoluciones/RESOLUCIONES%202008/1425.pdf HTTP/1.0" 200 207883
216.245.221.92 - - [24/Dec/2023:23:55:20 -0500] "HEAD / HTTP/1.1" 200 -
156.59.198.136 - - [24/Dec/2023:23:55:26 -0500] "GET /BLA/resoluciones/RESOLUCIONES%202008/2331.pdf HTTP/1.0" 200 91516
156.59.198.136 - - [24/Dec/2023:23:55:51 -0500] "GET /BLA/resoluciones/RESOLUCIONES%202008/5215.pdf HTTP/1.0" 200 60396
172.22.2.4 - - [24/Dec/2023:23:54:35 -0500] "HEAD /BLA/boletinlegal/ HTTP/1.1" 200 -
156.59.198.135 - - [24/Dec/2023:23:56:15 -0500] "GET /BLA/resoluciones/AUTOS%202020/2521.pdf HTTP/1.0" 200 341725
156.59.198.135 - - [24/Dec/2023:23:56:39 -0500] "GET /BLA/resoluciones/AUTOS%202022/7711.pdf HTTP/1.0" 200 490677
156.59.198.136 - - [24/Dec/2023:23:57:03 -0500] "GET /BLA/resoluciones/AUTOS%202022/7212.pdf HTTP/1.0" 200 327680
172.22.2.4 - - [24/Dec/2023:23:55:26 -0500] "GET /BLA/boletinlegal/ HTTP/1.1" 200 60502
66.249.66.193 - - [24/Dec/2023:23:57:08 -0500] "GET /participa-en-la-reciclaton-unisalle-solo-queda-un-dia.html HTTP/1.1" 200 763
156.59.198.136 - - [24/Dec/2023:23:57:28 -0500] "GET /BLA/resoluciones/RESOLUCIONES%202008/0670.pdf HTTP/1.0" 200 59125
156.59.198.136 - - [24/Dec/2023:23:57:52 -0500] "GET /BLA/resoluciones/AUTOS%202022/7586.pdf HTTP/1.0" 200 509891
201.245.192.253 - - [24/Dec/2023:23:58:07 -0500] "POST /kwsrmcab/Wsrmcab  HTTP/1.1" 200 40220
156.59.198.135 - - [24/Dec/2023:23:58:17 -0500] "GET /BLA/resoluciones/AUTOS%202022/5969.pdf HTTP/1.0" 200 481553
156.59.198.135 - - [24/Dec/2023:23:58:41 -0500] "GET /BLA/resoluciones/AUTOS%202022/7867.pdf HTTP/1.0" 200 4241360
156.59.198.136 - - [24/Dec/2023:23:59:05 -0500] "GET /BLA/resoluciones/RESOLUCIONES%202008/4948.pdf HTTP/1.0" 200 209057
66.249.66.193 - - [24/Dec/2023:23:59:09 -0500] "GET /mas-de-1000-personas-participaron-en-la-convencion-de-emergencia-climatica-una-mirada-optimista-y-un-llamado-a-la-accion.html HTTP/1.1" 304 -
66.249.66.192 - - [24/Dec/2023:23:59:10 -0500] "GET /distrito-planto-mas-de-300-arboles-en-corredor-vial-de-la-aurora-en-usme-para-celebrar-el-dia-mundial-del-arbol.html HTTP/1.1" 200 1023
156.59.198.135 - - [24/Dec/2023:23:59:30 -0500] "GET /BLA/resoluciones/AUTOS%202022/5246.pdf HTTP/1.0" 200 401875
156.59.198.135 - - [24/Dec/2023:23:59:53 -0500] "GET /BLA/resoluciones/RESOLUCIONES%202008/1183.pdf HTTP/1.0" 200 112988

:: Command execute ::

Enter:
 
Select:
 

:: Search ::
regexp 

:: Upload ::
 
[ ok ]

:: Make Dir ::
 
[ ok ]
:: Make File ::
 
[ ok ]

:: Go Dir ::
 
:: Go File ::
 

--[ c99shell v. 1.0 pre-release build #13 powered by Captain Crunch Security Team | http://ccteam.ru | Generation time: 0.312 ]--