186.85.234.113 - - [26/Dec/2023:10:19:35 -0500] "POST /sipse/faces/presentacion/financiero/solicitudProceso/listarSolicitudProceso.xhtml HTTP/1.1" 200 7861
186.29.33.218 - - [26/Dec/2023:10:19:44 -0500] "POST /sipse/faces/presentacion/financiero/solicitudProceso/consultar.xhtml HTTP/1.1" 200 12697
186.29.33.218 - - [26/Dec/2023:10:19:58 -0500] "POST /sipse/faces/presentacion/financiero/solicitudProceso/consultar.xhtml HTTP/1.1" 200 37055
186.29.33.218 - - [26/Dec/2023:10:19:59 -0500] "POST /sipse/faces/presentacion/financiero/solicitudProceso/consultar.xhtml HTTP/1.1" 200 37055
186.29.33.218 - - [26/Dec/2023:10:20:00 -0500] "POST /sipse/faces/presentacion/financiero/solicitudProceso/consultar.xhtml HTTP/1.1" 200 37055
191.156.146.169 - - [26/Dec/2023:10:19:28 -0500] "POST /sipse/faces/presentacion/financiero/solicitudProceso/listarSolicitudProceso.xhtml HTTP/1.1" 200 1396
186.29.33.218 - - [26/Dec/2023:10:20:05 -0500] "POST /sipse/faces/presentacion/financiero/solicitudProceso/consultar.xhtml HTTP/1.1" 200 12791
191.156.146.169 - - [26/Dec/2023:10:20:04 -0500] "POST /sipse/faces/presentacion/financiero/solicitudProceso/listarSolicitudProceso.xhtml HTTP/1.1" 200 20781
201.245.192.253 - - [26/Dec/2023:10:20:07 -0500] "POST /kwsrmcab/Wsrmcab HTTP/1.1" 200 35316
186.29.33.218 - - [26/Dec/2023:10:20:12 -0500] "POST /sipse/faces/presentacion/financiero/solicitudProceso/consultar.xhtml HTTP/1.1" 200 13004
201.245.192.253 - - [26/Dec/2023:10:20:12 -0500] "POST /kwsrmcab/Wsrmcab HTTP/1.1" 200 35606
216.245.221.92 - - [26/Dec/2023:10:20:15 -0500] "HEAD / HTTP/1.1" 200 -
191.156.146.169 - - [26/Dec/2023:10:20:08 -0500] "POST /sipse/faces/presentacion/financiero/solicitudProceso/listarSolicitudProceso.xhtml HTTP/1.1" 200 156620
191.156.146.169 - - [26/Dec/2023:10:20:18 -0500] "GET /sipse/faces/javax.faces.resource/theme.css?ln=primefaces-sipse HTTP/1.1" 304 -
191.156.147.255 - - [26/Dec/2023:10:20:18 -0500] "GET /sipse/faces/javax.faces.resource/primefaces.css?ln=primefaces&v=4.0 HTTP/1.1" 304 -
191.156.158.132 - - [26/Dec/2023:10:20:18 -0500] "GET /sipse/faces/javax.faces.resource/jquery/jquery.js?ln=primefaces&v=4.0 HTTP/1.1" 304 -
191.156.158.132 - - [26/Dec/2023:10:20:19 -0500] "GET /sipse/faces/javax.faces.resource/jquery/jquery-plugins.js?ln=primefaces&v=4.0 HTTP/1.1" 304 -
191.156.158.132 - - [26/Dec/2023:10:20:19 -0500] "GET /sipse/faces/javax.faces.resource/primefaces.js?ln=primefaces&v=4.0 HTTP/1.1" 304 -
191.156.158.132 - - [26/Dec/2023:10:20:19 -0500] "GET /sipse/faces/javax.faces.resource/layout/layout.js?ln=primefaces&v=4.0 HTTP/1.1" 304 -
191.156.158.132 - - [26/Dec/2023:10:20:19 -0500] "GET /sipse/faces/javax.faces.resource/layout/layout.css?ln=primefaces&v=4.0 HTTP/1.1" 304 -
191.156.158.132 - - [26/Dec/2023:10:20:20 -0500] "GET /sipse/faces/javax.faces.resource/dynamiccontent.properties?ln=primefaces&pfdrid=XjOR5%2F%2FfPAZAuY9TpWQeCiM0BhlXxYRBGKi%2FQcXXfeA%3D&pfdrid_c=false HTTP/1.1" 500 383
186.29.33.218 - - [26/Dec/2023:10:20:21 -0500] "POST /sipse/faces/presentacion/financiero/solicitudProceso/consultar.xhtml HTTP/1.1" 200 37362
186.29.33.218 - - [26/Dec/2023:10:20:22 -0500] "POST /sipse/faces/presentacion/financiero/solicitudProceso/consultar.xhtml HTTP/1.1" 200 37362
186.29.33.218 - - [26/Dec/2023:10:20:22 -0500] "POST /sipse/faces/presentacion/financiero/solicitudProceso/consultar.xhtml HTTP/1.1" 200 37362
186.29.33.218 - - [26/Dec/2023:10:20:26 -0500] "POST /sipse/faces/presentacion/financiero/solicitudProceso/consultar.xhtml HTTP/1.1" 200 12783
139.99.219.150 - - [26/Dec/2023:10:20:27 -0500] "GET /BLA/resoluciones/RESOLUCIONES%202011/4644.pdf HTTP/1.1" 200 585046
186.29.33.218 - - [26/Dec/2023:10:20:37 -0500] "POST /sipse/faces/presentacion/financiero/solicitudProceso/consultar.xhtml HTTP/1.1" 200 12883
201.245.192.253 - - [26/Dec/2023:10:20:44 -0500] "POST /forms/lservlet;jsessionid=ac16012b30d6ac84fb743cb8490d9168fad49a174d06.e3iSbxaKaheRe34Qc38TbN0Nb41ynknvrkLOlQzNp65In0 HTTP/1.1" 200 2
186.29.33.218 - - [26/Dec/2023:10:20:48 -0500] "POST /sipse/faces/presentacion/financiero/solicitudProceso/consultar.xhtml HTTP/1.1" 200 12759
186.29.33.218 - - [26/Dec/2023:10:20:59 -0500] "POST /sipse/faces/presentacion/financiero/solicitudProceso/consultar.xhtml HTTP/1.1" 200 12829
186.29.33.218 - - [26/Dec/2023:10:21:07 -0500] "POST /sipse/faces/presentacion/financiero/solicitudProceso/consultar.xhtml HTTP/1.1" 200 12924
192.168.172.47 - - [26/Dec/2023:10:20:56 -0500] "GET /BLA/boletinlegal/admin/index.php HTTP/1.1" 200 5692
192.168.172.47 - - [26/Dec/2023:10:21:08 -0500] "GET /BLA/boletinlegal/admin/index_files/index_files/tback.gif HTTP/1.1" 404 1322
186.29.33.218 - - [26/Dec/2023:10:21:15 -0500] "POST /sipse/faces/presentacion/financiero/solicitudProceso/consultar.xhtml HTTP/1.1" 200 12881
172.22.2.4 - - [26/Dec/2023:10:21:17 -0500] "GET /BLA/boletinlegal/consulta_actos.php?tipo=resoluciones&no=1059&usuario=&sector=&fecha=2018&resuelve= HTTP/1.1" 200 1099
186.85.234.113 - - [26/Dec/2023:10:21:20 -0500] "POST /sipse/faces/presentacion/financiero/solicitudProceso/listarSolicitudProceso.xhtml HTTP/1.1" 200 32547
201.245.192.253 - - [26/Dec/2023:10:21:20 -0500] "GET /BLA/resoluciones/ HTTP/1.1" 200 13696
201.245.192.253 - - [26/Dec/2023:10:21:21 -0500] "GET /BLA/resoluciones/dlf/folder.png HTTP/1.1" 200 410
201.245.192.253 - - [26/Dec/2023:10:21:21 -0500] "GET /BLA/resoluciones/dlf/styles.css HTTP/1.1" 200 3049
201.245.192.253 - - [26/Dec/2023:10:21:21 -0500] "GET /BLA/resoluciones/dlf/bg.gif HTTP/1.1" 200 54
192.168.172.47 - - [26/Dec/2023:10:21:21 -0500] "GET /BLA/boletinlegal/admin/actos/ingresar.php HTTP/1.1" 200 7209
192.168.172.47 - - [26/Dec/2023:10:21:23 -0500] "GET /BLA/boletinlegal/images/favicon.ico HTTP/1.1" 404 1316
186.29.33.218 - - [26/Dec/2023:10:21:23 -0500] "POST /sipse/faces/presentacion/financiero/solicitudProceso/consultar.xhtml HTTP/1.1" 200 12747
172.22.2.4 - - [26/Dec/2023:10:19:45 -0500] "HEAD /BLA/boletinlegal/ HTTP/1.1" 200 -
201.245.192.253 - - [26/Dec/2023:10:21:25 -0500] "POST /forms/lservlet;jsessionid=ac16012b30d608a3c74dabe741288258ac4c4de7c868.e3iSbxaKaheRe34Qc38TbN0Nb41ynknvrkLOlQzNp65In0 HTTP/1.1" 200 2
201.245.192.253 - - [26/Dec/2023:10:21:26 -0500] "GET /BLA/resoluciones/dlf/dirup.png HTTP/1.1" 200 644
201.245.192.253 - - [26/Dec/2023:10:21:26 -0500] "GET /BLA/resoluciones/dlf/pdf.gif HTTP/1.1" 200 272
201.245.192.253 - - [26/Dec/2023:10:21:26 -0500] "GET /BLA/resoluciones/index.php?dir=RESOLUCIONES+2018%2F HTTP/1.1" 200 281469
186.29.33.218 - - [26/Dec/2023:10:21:32 -0500] "POST /sipse/faces/presentacion/financiero/solicitudProceso/consultar.xhtml HTTP/1.1" 200 37105
186.29.33.218 - - [26/Dec/2023:10:21:34 -0500] "GET /favicon.ico HTTP/1.1" 200 7782
186.29.33.218 - - [26/Dec/2023:10:21:33 -0500] "POST /sipse/faces/presentacion/financiero/solicitudProceso/consultar.xhtml HTTP/1.1" 200 37105
186.29.33.218 - - [26/Dec/2023:10:21:33 -0500] "POST /sipse/faces/presentacion/financiero/solicitudProceso/consultar.xhtml HTTP/1.1" 200 37105
186.29.33.218 - - [26/Dec/2023:10:21:36 -0500] "POST /sipse/faces/autenticacion.xhtml HTTP/1.1" 200 2221
186.29.33.218 - - [26/Dec/2023:10:21:37 -0500] "POST /sipse/faces/autenticacion.xhtml HTTP/1.1" 200 16498
186.29.33.218 - - [26/Dec/2023:10:21:38 -0500] "GET /sipse/faces/javax.faces.resource/jquery/jquery.js?ln=primefaces&v=4.0 HTTP/1.1" 304 -
186.29.33.218 - - [26/Dec/2023:10:21:38 -0500] "GET /sipse/faces/javax.faces.resource/jquery/jquery-plugins.js?ln=primefaces&v=4.0 HTTP/1.1" 304 -
186.29.33.218 - - [26/Dec/2023:10:21:38 -0500] "GET /sipse/faces/javax.faces.resource/primefaces.js?ln=primefaces&v=4.0 HTTP/1.1" 304 -
186.29.33.218 - - [26/Dec/2023:10:21:38 -0500] "GET /sipse/faces/javax.faces.resource/layout/layout.js?ln=primefaces&v=4.0 HTTP/1.1" 304 -
186.29.33.218 - - [26/Dec/2023:10:21:41 -0500] "POST /sipse/faces/bienvenido.xhtml HTTP/1.1" 200 2658
186.29.33.218 - - [26/Dec/2023:10:21:41 -0500] "POST /sipse/faces/bienvenido.xhtml HTTP/1.1" 200 63538
186.29.33.218 - - [26/Dec/2023:10:21:43 -0500] "GET /sipse/faces/javax.faces.resource/jquery/jquery.js?ln=primefaces&v=4.0 HTTP/1.1" 304 -
186.29.33.218 - - [26/Dec/2023:10:21:43 -0500] "GET /sipse/faces/javax.faces.resource/jquery/jquery-plugins.js?ln=primefaces&v=4.0 HTTP/1.1" 304 -
186.29.33.218 - - [26/Dec/2023:10:21:43 -0500] "GET /sipse/faces/javax.faces.resource/primefaces.js?ln=primefaces&v=4.0 HTTP/1.1" 304 -
186.29.33.218 - - [26/Dec/2023:10:21:43 -0500] "GET /sipse/faces/javax.faces.resource/layout/layout.js?ln=primefaces&v=4.0 HTTP/1.1" 304 -
186.29.33.218 - - [26/Dec/2023:10:21:43 -0500] "POST /sipse/faces/presentacion/financiero/solicitudProceso/listarSolicitudProceso.xhtml HTTP/1.1" 200 1564
186.29.33.218 - - [26/Dec/2023:10:21:46 -0500] "POST /sipse/faces/presentacion/financiero/solicitudProceso/listarSolicitudProceso.xhtml HTTP/1.1" 200 2845
186.29.33.218 - - [26/Dec/2023:10:21:47 -0500] "POST /sipse/faces/presentacion/financiero/solicitudProceso/listarSolicitudProceso.xhtml HTTP/1.1" 200 40849
186.29.33.218 - - [26/Dec/2023:10:21:48 -0500] "GET /sipse/faces/javax.faces.resource/jquery/jquery.js?ln=primefaces&v=4.0 HTTP/1.1" 304 -
186.29.33.218 - - [26/Dec/2023:10:21:48 -0500] "GET /sipse/faces/javax.faces.resource/jquery/jquery-plugins.js?ln=primefaces&v=4.0 HTTP/1.1" 304 -
186.29.33.218 - - [26/Dec/2023:10:21:48 -0500] "GET /sipse/faces/javax.faces.resource/primefaces.js?ln=primefaces&v=4.0 HTTP/1.1" 304 -
186.29.33.218 - - [26/Dec/2023:10:21:48 -0500] "GET /sipse/faces/javax.faces.resource/layout/layout.js?ln=primefaces&v=4.0 HTTP/1.1" 304 -
186.29.33.218 - - [26/Dec/2023:10:21:48 -0500] "POST /sipse/faces/presentacion/financiero/solicitudProceso/consultar.xhtml HTTP/1.1" 200 34137
186.29.33.218 - - [26/Dec/2023:10:21:50 -0500] "POST /sipse/faces/presentacion/financiero/solicitudProceso/consultar.xhtml HTTP/1.1" 200 12743
191.156.154.197 - - [26/Dec/2023:10:20:50 -0500] "POST /sipse/faces/presentacion/financiero/solicitudProceso/consultarSolicitudProceso.xhtml HTTP/1.1" 200 2136390
186.29.33.218 - - [26/Dec/2023:10:22:01 -0500] "POST /sipse/faces/presentacion/financiero/solicitudProceso/consultar.xhtml HTTP/1.1" 200 12785
186.29.33.218 - - [26/Dec/2023:10:22:10 -0500] "POST /sipse/faces/presentacion/financiero/solicitudProceso/consultar.xhtml HTTP/1.1" 200 12896
186.84.90.74 - - [26/Dec/2023:10:22:14 -0500] "OPTIONS /kwssiamovil/sm/setfile/f? HTTP/1.1" 200 13
186.84.90.74 - - [26/Dec/2023:10:22:14 -0500] "POST /kwssiamovil/sm/setfile/f? HTTP/1.1" 200 381
172.22.2.4 - - [26/Dec/2023:10:20:36 -0500] "GET /BLA/boletinlegal/ HTTP/1.1" 200 60502
201.245.192.253 - - [26/Dec/2023:10:22:17 -0500] "POST /sipse/faces/presentacion/financiero/solicitudProceso/consultar.xhtml HTTP/1.1" 200 12805
186.29.33.218 - - [26/Dec/2023:10:22:20 -0500] "POST /sipse/faces/presentacion/financiero/solicitudProceso/consultar.xhtml HTTP/1.1" 200 12760
201.245.192.253 - - [26/Dec/2023:10:22:31 -0500] "POST /sipse/faces/presentacion/financiero/solicitudProceso/consultar.xhtml HTTP/1.1" 200 12870
186.29.33.218 - - [26/Dec/2023:10:22:38 -0500] "POST /sipse/faces/presentacion/financiero/solicitudProceso/consultar.xhtml HTTP/1.1" 200 12909
186.84.90.74 - - [26/Dec/2023:10:22:42 -0500] "GET /kwssiamovil/sm/acme/a?s=U2FsdGVkX1+IeWUdY/0pfmwV1ywxf0h5gpEMCVqoDTV432AglfGi1PE57ayW0IvcJQrWWIBb4zv2F+Pkzbp2nc/UT8ACKEjELlfraZYh4X6PpfxC0oJ1PldZZDdXxlBMn20tB3DvkpEHlOYUqNp1huaP211YV+4Dc4sLsKsuuBtPs999SXUco4dYhhjmqrX0FggQL6eI9ewFZVw9DQ58ZLwjc9CLELSzJFmpAmJ0mLgHU3NevowM9yFp9senl1pCgLHRlycQuS88t85L6VM8kg==&u=U2FsdGVkX1/RHzS+t63CYLNikEC2pQl69VxTzzX1kkU=&y=U2FsdGVkX1/qRlORRH2ypamaOswD2Ow1myJU6XoMRTjYlKyVNfvU3hUnhgHoAmLX HTTP/1.1" 200 26
186.84.90.74 - - [26/Dec/2023:10:22:43 -0500] "GET /kwssiamovil/sm/acme/a?s=U2FsdGVkX19KfTiyTTFUeg3n50v7TUyKSXLrTnvSSb65ZY/nVBkVVjHx5u/Rgwfk1Y1iO1fYSLUxZe65PzO/mc2HLfSH12DrLGG8GFC8X8UNMTQ+M5dkwn2a2orCPQsPVic14AajNRd0vjthsYL6/tN5dgQxhMPgE7JKUew+BlzjXE/+/N8dQea7kazPMkdUr6f15bjqWO6G6chswjjVRVzmIhUJ8jEcgYEYwd/FCi97s+uioFSi8udhVD/MWWXvpJ5j5HqRATsOiaA0aOeLEUtgk3B7unEXNCYoWEO59mF1trtfttVczmLi3TvIoICF16bE3wQc/4GH71WnZJcJD0uQ0JL4CqQd+n198DmIldmvHhm1cYoAKan5rYqk4UvYq0S/CJreKoSoaNSFmAk8fZzitUuZ4V97njYB2uo0+yRjmKqzbQ6ZJ6JTXUy2yhLD6eyB5dBXrh+rBRWvYzaGLTEzRaf4tSV3dGui2Vdc9lIMZdlXYkyAMaUMF/KEtcbp04z0TJGF5r9VtUeJfDriNDG1/wbbTyP+jQxSrDoaOu9M5ukGukxutEBD/R4LVanp5c7Azf9nORF3J6r2328gYWbgoRxYiNxdzU7EubU1jLS/J/iFmuT9NcL/wkM07kY/jjN33L0HToGfYVxlMH6ClqNWdnBzCK97+4l4WEaPNVSkYRyBb1vL0s1yuiCl6pxZhT9KnVBAti37tq/mJIvCUAd3JDtt5AO6XYoxhV1Dotc5MBQMM63VLawRVZHB5bzVn8Ge6wgSlHtkW4I8d+hdeJiiL/C6RditlPuRjyLDvL76/D8eGkTUyax9ewq818xxAOYIkSthZhh29fYoUJPheZYxdKwtmnsimsiXTjFsPwppisyKuZGpqTyLPLJq6jHEAgdzj1O0CBStXUOpBkq/0x6ESJFPJ3ztTxQgB8MupGDQ0QtVTQPlqzyrYlUQmOMbMQgrAz5n5eGmRY9jpEaJDFuq/Vz2gI4h8Yn9TP0Gz9kCfwYUjaXxW6DNuIoWyo8ZWvqq2q4qh35CAZJ/+OPLXR5nSQPCgsvTGrewAjNMDt6ZqeKhYJaMmcyHBoPnFkcuFXOPlAHXxVlEeUV4Mf0qjRYkU+9yVXaAwLbn6VWut4znPRFSe39CrpawCCc5Bj9QBNygL80NxE56lxRQql6Z/SNkXtKnij5UDtXw3dqgHrSmdJNfqfg8Lq7PIxNtURTdH5Ax3KgSiheNxo+/m9acqU6539DsNiLquJ9n76ev4f5rJDvhlfBnD60z4R9GxCvbRRnDuZlJ5mJldUsGwVGJrLBbhoZGyCFTgTY4hojp3uRybXrxf1gjVdLgMy8nWr64J7BvHTVU0gSQkofCrgb3YGkyqzFO7l23/upK/2cf3zbL/RZzQYskyc1fhOjls7cWdrGutDJvCya8E4Gr1gniSd2aCrTxb0GFx3su/FVy6baDo3Hz78D3qNIxr50F+OGy8PdKDJ5pEeh0y6xITv0F1JG0hAyl+oWjzafVn2jCyvfsmYWvsAggOvej1DjTrWSgWsH2RAhXGsT7hZ8Ix/aPHyY96ZSvZwnzxhYXESKAjOQqsQP0G/+HyuhVCNQKsqh29CCD7wIu/lQ2bwvacW+FbLyLBo3GP/Hd8j7RYREhzV+932f8U0wmkOXxEJ+wSWWWLNTy9Y3d1xHBA39dPe1bWoX4yribJ30rLNEmaEOmmc2vJ0X1zCziTtvmzNBGUoCr6WOfE5xX/meFJ4Ygx+2QXrkeWFwYVsjPowq1toqNX8YMgZPi2Lbe9EVO9ZBrv1PLImGrr7IngQJTfexcPVxCKO6ZJoJy7rO7/MZHK4i/e8zq+ik1QzD2XBdrlqSifk5FMUuAGPGGqPDsiQriQxRBo7ujKyYy1K/XvwsIhyMK2yuVsfcI3o4GjQxzY924Qb/7ToX7nim6vcDKpSFGnM1crrIo4OZsIQY5O448l4UBLdoQ09HjNqmLbIwRkfjjTjQOUd1frRqcyqqGTF8+XM2SKQ==&u=U2FsdGVkX1/RHzS+t63CYLNikEC2pQl69VxTzzX1kkU=&y=U2FsdGVkX1/qRlORRH2ypamaOswD2Ow1myJU6XoMRTjYlKyVNfvU3hUnhgHoAmLX HTTP/1.1" 200 26
186.84.90.74 - - [26/Dec/2023:10:22:43 -0500] "GET /kwssiamovil/sm/acme/a?s=U2FsdGVkX1+xZsd0sz5A7IqxAR7QXHmexYFaXSh6xgErsiX31TVxi1g5JIaLou8roENIeswgHOeP32Qe1ObJY2aNrTgKM6MlGtn0Q/Q22Khx3AaDi1CaNbviX6a2hVDm0D33ISiKJxykL1fLEjjhz2QXwHs0PyHUQY5xXeroliQ=&u=U2FsdGVkX1/RHzS+t63CYLNikEC2pQl69VxTzzX1kkU=&y=U2FsdGVkX1/qRlORRH2ypamaOswD2Ow1myJU6XoMRTjYlKyVNfvU3hUnhgHoAmLX HTTP/1.1" 200 26
186.84.90.74 - - [26/Dec/2023:10:22:43 -0500] "GET /kwssiamovil/sm/acme/a?s=U2FsdGVkX18UYxXBgTwTRg7nc+t8tA+kbZSATauKcTUYWYFU9oEmQjDY3S8JRO/DqdwsiGu0jUh78WcDi5VHCL6XQTEz3hKwVx33B6IhYzYkDnENPePg0BTN6+P+liUdM4nGFVQW9LSoBXv0AksSaoSAMD5JBRJGeD0MeWwRT2A=&u=U2FsdGVkX1/RHzS+t63CYLNikEC2pQl69VxTzzX1kkU=&y=U2FsdGVkX1/qRlORRH2ypamaOswD2Ow1myJU6XoMRTjYlKyVNfvU3hUnhgHoAmLX HTTP/1.1" 200 26
186.84.90.74 - - [26/Dec/2023:10:22:44 -0500] "GET /kwssiamovil/sm/acme/a?s=U2FsdGVkX19qmijDrhsUtc/NwBkOxYdP4QaEnXGM+wwpJISwEc9fYmmWRWrw9Em7m57QFRwvXctznDL5o4t0pltt6EKvYBx1zrjPDrzIsGqDQSuI/U0kcwst8XkDkKlwBt2FB3+jpkvIwXpTcEVwA3bPSJGzhkGv5lo7dgKs/JM=&u=U2FsdGVkX1/RHzS+t63CYLNikEC2pQl69VxTzzX1kkU=&y=U2FsdGVkX1/qRlORRH2ypamaOswD2Ow1myJU6XoMRTjYlKyVNfvU3hUnhgHoAmLX HTTP/1.1" 200 26
186.84.90.74 - - [26/Dec/2023:10:22:44 -0500] "GET /kwssiamovil/sm/acme/a?s=U2FsdGVkX1/I8MhiWK66CEPlVtQx4m2ldgSxCITz/lrpX3nhiJth6N640HpgO6cJ8IycyysOhImmA/+XyNJp9GiFuZm+oej4eP3NBO1gDUaJBf8ilQeWzrMefu3g4eeM5JLj6M2OyG1/183QLPGwBi7jhgcFbRWMmmZ+PJUiKIEdmf6puBk+8GFWoCTu/gFPaPXU4kJFLOljtCWqZlIhpA==&u=U2FsdGVkX1/RHzS+t63CYLNikEC2pQl69VxTzzX1kkU=&y=U2FsdGVkX1/qRlORRH2ypamaOswD2Ow1myJU6XoMRTjYlKyVNfvU3hUnhgHoAmLX HTTP/1.1" 200 26
186.84.90.74 - - [26/Dec/2023:10:22:44 -0500] "GET /kwssiamovil/sm/acme/a?s=U2FsdGVkX1+pg7em+ULKa2WfX9q6Gkymd1ABg+Viir4hG7mKmEVOoTLxCGdVJRFYqjFK95SnC33zKM6E6NopF3gO66y2oJIyb5wythfM51Wx48QVQ3qrPW58WL1EQhqKgYBH5y3Mh0WE2XSXmLz06M0GOZrI1hFl5AQFLZxTrWYRtlCY1jzlbn8G4HDS5SjkfqqujeG7foz+zDZ7ZJ1tWu0eCq+QE4IjxUJSUb02rnAeUHrdmtgmHjLGAnftUL8sc1DhTTBe1AWdLrkmlbfgjQNVnTNlTfy9xS2bMwQblx6kuVv23Qg+SuxQTp/wbsmtnSyOYgKFp2f9CkEx+mPKWe0WOSZlOSC5HutH7RDTQINB6QL/pg1yN5GqaIZqLCqXZOBV5hGcp+smKkxstDl7JdgtpN2rDDwtmVihLYcERH51qpMgso89ntFNpqrWnNjrJJ7NgveMjGILDVYllopOSAsta8aScD0VGyAMSoDwNn68dqKqDEVNw2u01vlPpZizjqMdTZWo8/BcmrI+ucCjBionJjPy8bmsCye7UHEGh+KjwTnV64i7XAl07w7ZefQA4CWE8zOyMqFy7T+In2nHLQqX/FrGoJpSp+XYEISdasLxvDNB3S0E21wRpluxUKPXDEosItyCFMguQVit8PkOg9BGnE3UcJGM8VHGwAsfhY2+LXhXlIM3TJfbN3u4G8Wy&u=U2FsdGVkX1/RHzS+t63CYLNikEC2pQl69VxTzzX1kkU=&y=U2FsdGVkX1/qRlORRH2ypamaOswD2Ow1myJU6XoMRTjYlKyVNfvU3hUnhgHoAmLX HTTP/1.1" 200 25
201.245.192.253 - - [26/Dec/2023:10:22:44 -0500] "POST /forms/lservlet;jsessionid=ac16012b30d6ac84fb743cb8490d9168fad49a174d06.e3iSbxaKaheRe34Qc38TbN0Nb41ynknvrkLOlQzNp65In0 HTTP/1.1" 200 2
186.84.90.74 - - [26/Dec/2023:10:22:44 -0500] "GET /kwssiamovil/sm/acme/a?s=U2FsdGVkX1/7shyulPfpUix3H2oOvq3cFQmFRzAOLob56B+FXifDFWAAy4+A4xs8ISxs6EgWpPGy0V9Myat9XaxIQ0HSDnVEKNnynYUPdWH5PkAv+DWkyin6AHC7+Ocn1zdrAGf06kLiLcyhB1jXnzVk3iWeC8Vpnx3CItSFr8v10jJ9d8NJ58/gVrObnSLqY1Q+l8hsA1NU30yLGYv5iUAlYk2XTbBf1YpD17wg0v5zIjI7etkgjGED7+JVEm8W87OXVCkev8309loeoPfUYwzu+CsS9R9GCIU46gMaAI+QjSDkwLLaRFRqp6XEMKXM6Wc14D6j/P0WZ+sv4IBY/lsfbEkZXiHy4cYY/zkbkJzq2HmpN2VQqfR5OmKrm1/ysCSu8KN2iIq9vyBQa+cclugY+G/I+jGCfmsPPA5kcPsVO/2zbmjq+Qa6pPq9ACP0gYKTFpNbViUzQ7BsPXqQC9lIxRtoDIO8vqLdfVUWp6kwoTbrsU7eItzK/N8wu6VocZijFgGLAJFNJOyW2Dth/t6Q6jLr3Uze1GgH2VL2qZHS6pUxUH0X4/94urn3Lgmo7Qb8LfFVBUcR2STzeEfyeJO9wCi8xmGdiZMc9nVYBEDdw1jh7Np3vIawj/2xXkqsWNCLTWH+vL1nzqVN3A2w2g==&u=U2FsdGVkX1/RHzS+t63CYLNikEC2pQl69VxTzzX1kkU=&y=U2FsdGVkX1/qRlORRH2ypamaOswD2Ow1myJU6XoMRTjYlKyVNfvU3hUnhgHoAmLX HTTP/1.1" 200 26
66.249.66.21 - - [26/Dec/2023:10:22:48 -0500] "HEAD /BLA/resoluciones/AUTOS%20 HTTP/1.1" 404 -
192.168.172.47 - - [26/Dec/2023:10:22:48 -0500] "GET /BLA/boletinlegal/actos.php HTTP/1.1" 200 9682
186.29.33.218 - - [26/Dec/2023:10:22:48 -0500] "POST /sipse/faces/presentacion/financiero/solicitudProceso/consultar.xhtml HTTP/1.1" 200 64711
66.249.66.19 - - [26/Dec/2023:10:22:49 -0500] "HEAD /BLA/resoluciones/AUTOS%20 HTTP/1.1" 404 -
186.29.33.218 - - [26/Dec/2023:10:22:49 -0500] "GET /sipse/faces/javax.faces.resource/jquery/jquery.js?ln=primefaces&v=4.0 HTTP/1.1" 304 -
186.29.33.218 - - [26/Dec/2023:10:22:49 -0500] "GET /sipse/faces/javax.faces.resource/jquery/jquery-plugins.js?ln=primefaces&v=4.0 HTTP/1.1" 304 -
186.29.33.218 - - [26/Dec/2023:10:22:49 -0500] "GET /sipse/faces/javax.faces.resource/primefaces.js?ln=primefaces&v=4.0 HTTP/1.1" 304 -
186.29.33.218 - - [26/Dec/2023:10:22:49 -0500] "GET /sipse/faces/javax.faces.resource/layout/layout.js?ln=primefaces&v=4.0 HTTP/1.1" 304 -
186.29.33.218 - - [26/Dec/2023:10:22:49 -0500] "POST /sipse/faces/presentacion/financiero/solicitudProceso/listarSolicitudProceso.xhtml HTTP/1.1" 200 57973
186.29.33.218 - - [26/Dec/2023:10:22:50 -0500] "POST /sipse/faces/presentacion/financiero/solicitudProceso/listarSolicitudProceso.xhtml HTTP/1.1" 200 57973
66.249.66.19 - - [26/Dec/2023:10:22:51 -0500] "GET /BLA/resoluciones/RESOLUCIONES%202008/4546.pdf HTTP/1.1" 200 728143
186.29.33.218 - - [26/Dec/2023:10:22:51 -0500] "POST /sipse/faces/presentacion/financiero/solicitudProceso/listarSolicitudProceso.xhtml HTTP/1.1" 200 1564
201.245.192.253 - - [26/Dec/2023:09:37:22 -0500] "POST /reportes_sipse/sdg/ServletControlador HTTP/1.1" 200 1210272
186.29.33.218 - - [26/Dec/2023:10:22:51 -0500] "POST /sipse/faces/presentacion/financiero/solicitudProceso/listarSolicitudProceso.xhtml HTTP/1.1" 200 1552
186.29.33.218 - - [26/Dec/2023:10:22:52 -0500] "POST /sipse/faces/presentacion/financiero/solicitudProceso/listarSolicitudProceso.xhtml HTTP/1.1" 200 1568
186.29.33.218 - - [26/Dec/2023:10:22:53 -0500] "POST /sipse/faces/presentacion/financiero/solicitudProceso/listarSolicitudProceso.xhtml HTTP/1.1" 200 43979
186.29.33.218 - - [26/Dec/2023:10:22:53 -0500] "GET /sipse/faces/javax.faces.resource/jquery/jquery.js?ln=primefaces&v=4.0 HTTP/1.1" 304 -
186.29.33.218 - - [26/Dec/2023:10:22:53 -0500] "GET /sipse/faces/javax.faces.resource/jquery/jquery-plugins.js?ln=primefaces&v=4.0 HTTP/1.1" 304 -
186.29.33.218 - - [26/Dec/2023:10:22:54 -0500] "GET /sipse/faces/javax.faces.resource/primefaces.js?ln=primefaces&v=4.0 HTTP/1.1" 304 -
186.29.33.218 - - [26/Dec/2023:10:22:54 -0500] "GET /sipse/faces/javax.faces.resource/layout/layout.js?ln=primefaces&v=4.0 HTTP/1.1" 304 -
186.29.33.218 - - [26/Dec/2023:10:22:54 -0500] "POST /sipse/faces/presentacion/financiero/solicitudProceso/consultar.xhtml HTTP/1.1" 200 37267
186.29.33.218 - - [26/Dec/2023:10:22:54 -0500] "POST /sipse/faces/presentacion/financiero/solicitudProceso/consultar.xhtml HTTP/1.1" 200 37267
192.168.172.47 - - [26/Dec/2023:10:22:55 -0500] "GET /BLA/boletinlegal/consulta_actos.php?tipo=resoluciones&no=2386&usuario=&sector=&fecha=2023&resuelve= HTTP/1.1" 200 626
186.29.33.218 - - [26/Dec/2023:10:22:55 -0500] "POST /sipse/faces/presentacion/financiero/solicitudProceso/consultar.xhtml HTTP/1.1" 200 37267
201.245.192.253 - - [26/Dec/2023:10:22:55 -0500] "POST /sipse/faces/presentacion/financiero/solicitudProceso/consultar.xhtml HTTP/1.1" 200 12943
186.29.33.218 - - [26/Dec/2023:10:22:58 -0500] "POST /sipse/faces/presentacion/financiero/solicitudProceso/consultar.xhtml HTTP/1.1" 200 12750
191.156.148.51 - - [26/Dec/2023:10:22:56 -0500] "POST /sipse/faces/presentacion/financiero/solicitudProceso/consultarSolicitudProceso.xhtml HTTP/1.1" 200 486991
192.168.172.47 - - [26/Dec/2023:10:23:10 -0500] "POST /BLA/boletinlegal/admin/actos/ingresar.php HTTP/1.1" 200 7302
186.84.88.1 - - [26/Dec/2023:10:23:10 -0500] "GET /appsia/controlador HTTP/1.1" 200 4799
186.84.88.1 - - [26/Dec/2023:10:23:10 -0500] "GET /appsia/css/estilos.css HTTP/1.1" 200 4804
186.84.88.1 - - [26/Dec/2023:10:23:10 -0500] "GET /appsia/scripts/validarIngreso.js HTTP/1.1" 200 851
186.84.88.1 - - [26/Dec/2023:10:23:10 -0500] "GET /appsia/images/logo_bogota_p.png HTTP/1.1" 200 14951
186.84.88.1 - - [26/Dec/2023:10:23:10 -0500] "GET /appsia/images/cabezoteHojaVida.png HTTP/1.1" 200 32493
192.168.172.47 - - [26/Dec/2023:10:23:14 -0500] "GET /BLA/boletinlegal/consulta_actos.php?tipo=resoluciones&no=2386&usuario=&sector=&fecha=2023&resuelve= HTTP/1.1" 200 1092
201.245.192.253 - - [26/Dec/2023:10:23:13 -0500] "POST /sipse/faces/presentacion/financiero/solicitudProceso/consultar.xhtml HTTP/1.1" 200 12876
186.84.88.1 - - [26/Dec/2023:10:23:22 -0500] "POST /appsia/controlador HTTP/1.1" 200 5437
186.84.88.1 - - [26/Dec/2023:10:23:23 -0500] "POST /appsia/controlador HTTP/1.1" 200 7797
201.245.192.253 - - [26/Dec/2023:10:23:25 -0500] "POST /forms/lservlet;jsessionid=ac16012b30d608a3c74dabe741288258ac4c4de7c868.e3iSbxaKaheRe34Qc38TbN0Nb41ynknvrkLOlQzNp65In0 HTTP/1.1" 200 2
186.29.33.218 - - [26/Dec/2023:10:23:26 -0500] "POST /sipse/faces/presentacion/financiero/solicitudProceso/consultar.xhtml HTTP/1.1" 200 37116
186.29.33.218 - - [26/Dec/2023:10:23:26 -0500] "POST /sipse/faces/presentacion/financiero/solicitudProceso/consultar.xhtml HTTP/1.1" 200 37116
186.29.33.218 - - [26/Dec/2023:10:23:26 -0500] "POST /sipse/faces/presentacion/financiero/solicitudProceso/consultar.xhtml HTTP/1.1" 200 37116
186.29.33.218 - - [26/Dec/2023:10:23:27 -0500] "POST /sipse/faces/presentacion/financiero/solicitudProceso/consultar.xhtml HTTP/1.1" 200 37116
186.29.33.218 - - [26/Dec/2023:10:23:27 -0500] "POST /sipse/faces/presentacion/financiero/solicitudProceso/consultar.xhtml HTTP/1.1" 200 37116
186.84.88.1 - - [26/Dec/2023:10:23:29 -0500] "POST /appsia/controlador HTTP/1.1" 200 6670
186.84.88.1 - - [26/Dec/2023:10:23:30 -0500] "POST /appsia/controlador HTTP/1.1" 200 9850
186.29.33.218 - - [26/Dec/2023:10:23:31 -0500] "POST /sipse/faces/presentacion/financiero/solicitudProceso/consultar.xhtml HTTP/1.1" 200 12865
201.245.192.253 - - [26/Dec/2023:10:23:30 -0500] "POST /kwsrmcab/Wsrmcab  HTTP/1.1" 200 36926
201.245.192.253 - - [26/Dec/2023:10:23:33 -0500] "POST /sipse/faces/presentacion/financiero/solicitudProceso/consultar.xhtml HTTP/1.1" 200 12878
186.29.33.218 - - [26/Dec/2023:10:23:50 -0500] "POST /sipse/faces/presentacion/financiero/solicitudProceso/consultar.xhtml HTTP/1.1" 200 12918
201.245.192.253 - - [26/Dec/2023:10:23:56 -0500] "GET /sipse/faces/javax.faces.resource/images/ui-bg_flat_0_2d5972_40x100.png?ln=primefaces-aristo HTTP/1.1" 304 -
201.245.192.253 - - [26/Dec/2023:10:23:56 -0500] "POST /sipse/faces/presentacion/financiero/solicitudProceso/consultarHistorialSolProceso.xhtml HTTP/1.1" 200 41632
201.245.192.253 - - [26/Dec/2023:10:23:56 -0500] "GET /sipse/faces/javax.faces.resource/theme.css?ln=primefaces-sipse HTTP/1.1" 304 -
201.245.192.253 - - [26/Dec/2023:10:23:56 -0500] "GET /sipse/faces/javax.faces.resource/primefaces.css?ln=primefaces&v=4.0 HTTP/1.1" 304 -
201.245.192.253 - - [26/Dec/2023:10:23:56 -0500] "GET /sipse/faces/javax.faces.resource/layout/layout.css?ln=primefaces&v=4.0 HTTP/1.1" 304 -
201.245.192.253 - - [26/Dec/2023:10:23:56 -0500] "GET /sipse/faces/javax.faces.resource/jquery/jquery.js?ln=primefaces&v=4.0 HTTP/1.1" 304 -
201.245.192.253 - - [26/Dec/2023:10:23:56 -0500] "GET /sipse/faces/javax.faces.resource/jquery/jquery-plugins.js?ln=primefaces&v=4.0 HTTP/1.1" 304 -
201.245.192.253 - - [26/Dec/2023:10:23:56 -0500] "GET /sipse/faces/javax.faces.resource/primefaces.js?ln=primefaces&v=4.0 HTTP/1.1" 304 -
201.245.192.253 - - [26/Dec/2023:10:23:56 -0500] "GET /sipse/faces/javax.faces.resource/layout/layout.js?ln=primefaces&v=4.0 HTTP/1.1" 304 -
201.245.192.253 - - [26/Dec/2023:10:23:56 -0500] "GET /sipse/css/imagen/contrasena.png HTTP/1.1" 404 383
52.167.144.233 - - [26/Dec/2023:10:23:57 -0500] "GET /BLA/resoluciones/AUTOS%202021/5860.pdf HTTP/1.1" 304 -
201.245.192.253 - - [26/Dec/2023:10:24:05 -0500] "POST /sipse/faces/presentacion/financiero/solicitudProceso/consultar.xhtml HTTP/1.1" 200 12873
201.245.192.253 - - [26/Dec/2023:10:24:06 -0500] "POST /sipse/faces/presentacion/financiero/solicitudProceso/consultar.xhtml HTTP/1.1" 200 152511
201.245.192.253 - - [26/Dec/2023:10:24:10 -0500] "GET /sipse/faces/javax.faces.resource/theme.css?ln=primefaces-sipse HTTP/1.1" 304 -
201.245.192.253 - - [26/Dec/2023:10:24:10 -0500] "GET /sipse/faces/javax.faces.resource/layout/layout.css?ln=primefaces&v=4.0 HTTP/1.1" 304 -
201.245.192.253 - - [26/Dec/2023:10:24:10 -0500] "GET /sipse/faces/javax.faces.resource/primefaces.css?ln=primefaces&v=4.0 HTTP/1.1" 304 -
201.245.192.253 - - [26/Dec/2023:10:24:10 -0500] "GET /sipse/faces/javax.faces.resource/jquery/jquery.js?ln=primefaces&v=4.0 HTTP/1.1" 304 -
201.245.192.253 - - [26/Dec/2023:10:24:10 -0500] "GET /sipse/faces/javax.faces.resource/jquery/jquery-plugins.js?ln=primefaces&v=4.0 HTTP/1.1" 304 -
201.245.192.253 - - [26/Dec/2023:10:24:10 -0500] "GET /sipse/faces/javax.faces.resource/primefaces.js?ln=primefaces&v=4.0 HTTP/1.1" 304 -
201.245.192.253 - - [26/Dec/2023:10:24:10 -0500] "GET /sipse/faces/javax.faces.resource/layout/layout.js?ln=primefaces&v=4.0 HTTP/1.1" 304 -
201.245.192.253 - - [26/Dec/2023:10:24:11 -0500] "GET /sipse/css/imagen/contrasena.png HTTP/1.1" 404 383
201.245.192.253 - - [26/Dec/2023:10:24:11 -0500] "GET /sipse/faces/javax.faces.resource/dynamiccontent.properties?ln=primefaces&pfdrid=XjOR5%2F%2FfPAZAuY9TpWQeCiM0BhlXxYRBGKi%2FQcXXfeA%3D&pfdrid_c=false HTTP/1.1" 500 383
186.29.33.218 - - [26/Dec/2023:10:24:12 -0500] "POST /sipse/faces/presentacion/financiero/solicitudProceso/consultar.xhtml HTTP/1.1" 200 37276
186.29.33.218 - - [26/Dec/2023:10:24:12 -0500] "POST /sipse/faces/presentacion/financiero/solicitudProceso/consultar.xhtml HTTP/1.1" 200 37276
186.29.33.218 - - [26/Dec/2023:10:24:12 -0500] "POST /sipse/faces/presentacion/financiero/solicitudProceso/consultar.xhtml HTTP/1.1" 200 37276
186.29.33.218 - - [26/Dec/2023:10:24:13 -0500] "POST /sipse/faces/presentacion/financiero/solicitudProceso/consultar.xhtml HTTP/1.1" 200 37276
186.29.33.218 - - [26/Dec/2023:10:24:13 -0500] "POST /sipse/faces/presentacion/financiero/solicitudProceso/consultar.xhtml HTTP/1.1" 200 37276
201.245.192.253 - - [26/Dec/2023:10:24:16 -0500] "POST /sipse/faces/presentacion/financiero/solicitudProceso/consultarSolicitudProceso.xhtml HTTP/1.1" 200 86541
191.156.145.17 - - [26/Dec/2023:10:24:16 -0500] "POST /sipse/faces/presentacion/financiero/solicitudProceso/consultarSolicitudProceso.xhtml HTTP/1.1" 200 119485
201.245.192.253 - - [26/Dec/2023:10:24:17 -0500] "POST /sipse/faces/presentacion/financiero/solicitudProceso/consultarSolicitudProceso.xhtml HTTP/1.1" 200 2148375
186.29.33.218 - - [26/Dec/2023:10:24:18 -0500] "POST /sipse/faces/presentacion/financiero/solicitudProceso/consultar.xhtml HTTP/1.1" 200 12719
186.85.234.113 - - [26/Dec/2023:10:24:21 -0500] "POST /sipse/faces/presentacion/financiero/solicitudProceso/listarSolicitudProceso.xhtml HTTP/1.1" 200 8061
201.245.192.253 - - [26/Dec/2023:10:24:44 -0500] "POST /forms/lservlet;jsessionid=ac16012b30d6ac84fb743cb8490d9168fad49a174d06.e3iSbxaKaheRe34Qc38TbN0Nb41ynknvrkLOlQzNp65In0 HTTP/1.1" 200 2
186.85.234.113 - - [26/Dec/2023:10:24:50 -0500] "POST /sipse/faces/presentacion/financiero/solicitudProceso/listarSolicitudProceso.xhtml HTTP/1.1" 200 32547
213.152.161.35 - - [26/Dec/2023:10:25:06 -0500] "GET / HTTP/1.1" 200 319
213.152.161.35 - - [26/Dec/2023:10:25:06 -0500] "GET /HNAP1/ HTTP/1.1" 404 1150
191.156.146.169 - - [26/Dec/2023:10:25:08 -0500] "POST /sipse/faces/presentacion/financiero/solicitudProceso/consultarSolicitudProceso.xhtml HTTP/1.1" 200 5566
216.245.221.92 - - [26/Dec/2023:10:25:15 -0500] "HEAD / HTTP/1.1" 200 -
186.102.59.208 - - [26/Dec/2023:10:25:18 -0500] "GET /kwssiamovil/sm/ldap/au?x=U2FsdGVkX1+J76oEJojLkt+dQ2U9E1oVUveBOrP7Ca+OPRe+3NZP9kp44EQoUB0M&y=U2FsdGVkX1/82CVKDvePWtiZjb7RMGEt1DofmR9HEyo= HTTP/1.1" 200 30
191.91.40.36 - - [26/Dec/2023:10:25:23 -0500] "GET /sipse/faces/index.xhtml HTTP/1.1" 200 677
191.91.40.36 - - [26/Dec/2023:10:25:23 -0500] "GET /sipse/faces/javax.faces.resource/theme.css?ln=primefaces-sipse HTTP/1.1" 304 -
191.91.40.36 - - [26/Dec/2023:10:25:24 -0500] "GET /sipse/faces/javax.faces.resource/theme.css?ln=primefaces-sipse HTTP/1.1" 304 -
191.91.40.36 - - [26/Dec/2023:10:25:24 -0500] "GET /sipse/faces/faces/autenticacion.xhtml HTTP/1.1" 200 12415
191.91.40.36 - - [26/Dec/2023:10:25:24 -0500] "GET /sipse/faces/javax.faces.resource/primefaces.js?ln=primefaces&v=4.0 HTTP/1.1" 304 -
191.91.40.36 - - [26/Dec/2023:10:25:24 -0500] "GET /sipse/faces/javax.faces.resource/primefaces.css?ln=primefaces&v=4.0 HTTP/1.1" 304 -
191.91.40.36 - - [26/Dec/2023:10:25:24 -0500] "GET /sipse/faces/javax.faces.resource/layout/layout.css?ln=primefaces&v=4.0 HTTP/1.1" 304 -
191.91.40.36 - - [26/Dec/2023:10:25:24 -0500] "GET /sipse/faces/javax.faces.resource/jquery/jquery.js?ln=primefaces&v=4.0 HTTP/1.1" 304 -
191.91.40.36 - - [26/Dec/2023:10:25:24 -0500] "GET /sipse/faces/javax.faces.resource/jquery/jquery-plugins.js?ln=primefaces&v=4.0 HTTP/1.1" 304 -
191.91.40.36 - - [26/Dec/2023:10:25:24 -0500] "GET /sipse/faces/javax.faces.resource/layout/layout.js?ln=primefaces&v=4.0 HTTP/1.1" 304 -
191.91.40.36 - - [26/Dec/2023:10:25:24 -0500] "GET /sipse/faces/javax.faces.resource/images/ui-icons_898989_256x240.png?ln=primefaces-aristo HTTP/1.1" 304 -
191.102.67.236 - - [26/Dec/2023:10:25:25 -0500] "GET /distrito-exalto-a-246-empresas-de-bogota-por-su-alto-desempeno-y-responsabilidad-ambiental-durante-2023.html HTTP/1.1" 200 1039
201.245.192.253 - - [26/Dec/2023:10:25:25 -0500] "POST /forms/lservlet;jsessionid=ac16012b30d608a3c74dabe741288258ac4c4de7c868.e3iSbxaKaheRe34Qc38TbN0Nb41ynknvrkLOlQzNp65In0 HTTP/1.1" 200 2
191.91.40.36 - - [26/Dec/2023:10:25:27 -0500] "POST /sipse/faces/autenticacion.xhtml HTTP/1.1" 200 2220
191.91.40.36 - - [26/Dec/2023:10:25:28 -0500] "GET /sipse/faces/javax.faces.resource/messages/messages.png?ln=primefaces&v=4.0 HTTP/1.1" 304 -
201.245.192.253 - - [26/Dec/2023:10:25:28 -0500] "POST /sipse/faces/presentacion/financiero/solicitudProceso/consultarSolicitudProceso.xhtml HTTP/1.1" 200 34676
201.245.192.253 - - [26/Dec/2023:10:25:28 -0500] "GET /sipse/faces/javax.faces.resource/theme.css?ln=primefaces-sipse HTTP/1.1" 304 -
201.245.192.253 - - [26/Dec/2023:10:25:28 -0500] "GET /sipse/faces/javax.faces.resource/layout/layout.css?ln=primefaces&v=4.0 HTTP/1.1" 304 -
201.245.192.253 - - [26/Dec/2023:10:25:28 -0500] "GET /sipse/faces/javax.faces.resource/primefaces.css?ln=primefaces&v=4.0 HTTP/1.1" 304 -
201.245.192.253 - - [26/Dec/2023:10:25:28 -0500] "GET /sipse/faces/javax.faces.resource/jquery/jquery.js?ln=primefaces&v=4.0 HTTP/1.1" 304 -
201.245.192.253 - - [26/Dec/2023:10:25:28 -0500] "GET /sipse/faces/javax.faces.resource/jquery/jquery-plugins.js?ln=primefaces&v=4.0 HTTP/1.1" 304 -
201.245.192.253 - - [26/Dec/2023:10:25:28 -0500] "GET /sipse/faces/javax.faces.resource/primefaces.js?ln=primefaces&v=4.0 HTTP/1.1" 304 -
201.245.192.253 - - [26/Dec/2023:10:25:28 -0500] "GET /sipse/faces/javax.faces.resource/layout/layout.js?ln=primefaces&v=4.0 HTTP/1.1" 304 -
201.245.192.253 - - [26/Dec/2023:10:25:28 -0500] "GET /sipse/css/imagen/contrasena.png HTTP/1.1" 404 383
201.245.192.253 - - [26/Dec/2023:10:25:28 -0500] "POST /sipse/faces/presentacion/financiero/solicitudProceso/listarSolicitudProceso.xhtml HTTP/1.1" 200 27948
201.245.192.253 - - [26/Dec/2023:10:25:29 -0500] "POST /sipse/faces/presentacion/financiero/solicitudProceso/listarSolicitudProceso.xhtml HTTP/1.1" 200 27948
191.91.40.36 - - [26/Dec/2023:10:25:29 -0500] "POST /sipse/faces/autenticacion.xhtml HTTP/1.1" 200 16495
191.91.40.36 - - [26/Dec/2023:10:25:29 -0500] "GET /sipse/faces/javax.faces.resource/theme.css?ln=primefaces-sipse HTTP/1.1" 304 -
191.91.40.36 - - [26/Dec/2023:10:25:29 -0500] "GET /sipse/faces/javax.faces.resource/layout/layout.css?ln=primefaces&v=4.0 HTTP/1.1" 304 -
191.91.40.36 - - [26/Dec/2023:10:25:29 -0500] "GET /sipse/faces/javax.faces.resource/primefaces.css?ln=primefaces&v=4.0 HTTP/1.1" 304 -
191.91.40.36 - - [26/Dec/2023:10:25:30 -0500] "GET /sipse/faces/javax.faces.resource/jquery/jquery.js?ln=primefaces&v=4.0 HTTP/1.1" 304 -
191.91.40.36 - - [26/Dec/2023:10:25:30 -0500] "GET /sipse/faces/javax.faces.resource/jquery/jquery-plugins.js?ln=primefaces&v=4.0 HTTP/1.1" 304 -
201.245.192.253 - - [26/Dec/2023:10:25:29 -0500] "POST /sipse/faces/presentacion/financiero/solicitudProceso/listarSolicitudProceso.xhtml HTTP/1.1" 200 27948
191.91.40.36 - - [26/Dec/2023:10:25:30 -0500] "GET /sipse/faces/javax.faces.resource/primefaces.js?ln=primefaces&v=4.0 HTTP/1.1" 304 -
191.91.40.36 - - [26/Dec/2023:10:25:30 -0500] "GET /sipse/faces/javax.faces.resource/layout/layout.js?ln=primefaces&v=4.0 HTTP/1.1" 304 -
191.91.40.36 - - [26/Dec/2023:10:25:30 -0500] "GET /sipse/css/imagen/contrasena.png HTTP/1.1" 404 383
201.245.192.253 - - [26/Dec/2023:10:25:30 -0500] "POST /sipse/faces/presentacion/financiero/solicitudProceso/listarSolicitudProceso.xhtml HTTP/1.1" 200 27948
201.245.192.253 - - [26/Dec/2023:10:25:30 -0500] "POST /sipse/faces/presentacion/financiero/solicitudProceso/listarSolicitudProceso.xhtml HTTP/1.1" 200 27948
201.245.192.253 - - [26/Dec/2023:10:25:31 -0500] "POST /sipse/faces/presentacion/financiero/solicitudProceso/listarSolicitudProceso.xhtml HTTP/1.1" 200 27948
201.245.192.253 - - [26/Dec/2023:10:25:31 -0500] "POST /sipse/faces/presentacion/financiero/solicitudProceso/listarSolicitudProceso.xhtml HTTP/1.1" 200 1396
191.91.40.36 - - [26/Dec/2023:10:25:32 -0500] "GET /sipse/faces/javax.faces.resource/images/ui-bg_flat_0_2d5972_40x100.png?ln=primefaces-aristo HTTP/1.1" 304 -
191.91.40.36 - - [26/Dec/2023:10:25:32 -0500] "POST /sipse/faces/bienvenido.xhtml HTTP/1.1" 200 2658
201.245.192.253 - - [26/Dec/2023:10:25:32 -0500] "POST /sipse/faces/presentacion/financiero/solicitudProceso/listarSolicitudProceso.xhtml HTTP/1.1" 200 1388
181.139.250.19 - - [26/Dec/2023:10:25:32 -0500] "GET /appsia/controlador HTTP/1.1" 200 4799
201.245.192.253 - - [26/Dec/2023:10:25:32 -0500] "POST /sipse/faces/presentacion/financiero/solicitudProceso/listarSolicitudProceso.xhtml HTTP/1.1" 200 1400
201.245.192.253 - - [26/Dec/2023:10:25:33 -0500] "POST /sipse/faces/presentacion/financiero/solicitudProceso/listarSolicitudProceso.xhtml HTTP/1.1" 200 1388
201.245.192.253 - - [26/Dec/2023:10:25:34 -0500] "POST /sipse/faces/presentacion/financiero/solicitudProceso/listarSolicitudProceso.xhtml HTTP/1.1" 200 1400
201.245.192.253 - - [26/Dec/2023:10:25:35 -0500] "POST /sipse/faces/presentacion/financiero/solicitudProceso/listarSolicitudProceso.xhtml HTTP/1.1" 200 1384
201.245.192.253 - - [26/Dec/2023:10:25:36 -0500] "POST /sipse/faces/presentacion/financiero/solicitudProceso/listarSolicitudProceso.xhtml HTTP/1.1" 200 1400
186.85.234.113 - - [26/Dec/2023:10:25:37 -0500] "POST /sipse/faces/presentacion/financiero/solicitudProceso/listarSolicitudProceso.xhtml HTTP/1.1" 200 8061
191.91.40.36 - - [26/Dec/2023:10:25:33 -0500] "POST /sipse/faces/bienvenido.xhtml HTTP/1.1" 200 64720
191.91.40.36 - - [26/Dec/2023:10:25:38 -0500] "GET /sipse/faces/javax.faces.resource/theme.css?ln=primefaces-sipse HTTP/1.1" 304 -
191.91.40.36 - - [26/Dec/2023:10:25:38 -0500] "GET /sipse/faces/javax.faces.resource/layout/layout.css?ln=primefaces&v=4.0 HTTP/1.1" 304 -
191.91.40.36 - - [26/Dec/2023:10:25:38 -0500] "GET /sipse/faces/javax.faces.resource/primefaces.css?ln=primefaces&v=4.0 HTTP/1.1" 304 -
191.91.40.36 - - [26/Dec/2023:10:25:38 -0500] "GET /sipse/faces/javax.faces.resource/jquery/jquery.js?ln=primefaces&v=4.0 HTTP/1.1" 304 -
191.91.40.36 - - [26/Dec/2023:10:25:38 -0500] "GET /sipse/faces/javax.faces.resource/jquery/jquery-plugins.js?ln=primefaces&v=4.0 HTTP/1.1" 304 -
191.91.40.36 - - [26/Dec/2023:10:25:38 -0500] "GET /sipse/faces/javax.faces.resource/primefaces.js?ln=primefaces&v=4.0 HTTP/1.1" 304 -
191.91.40.36 - - [26/Dec/2023:10:25:38 -0500] "GET /sipse/faces/javax.faces.resource/layout/layout.js?ln=primefaces&v=4.0 HTTP/1.1" 304 -
181.139.250.19 - - [26/Dec/2023:10:25:38 -0500] "POST /appsia/controlador HTTP/1.1" 200 5437
201.245.192.253 - - [26/Dec/2023:10:25:39 -0500] "POST /sipse/faces/presentacion/financiero/solicitudProceso/listarSolicitudProceso.xhtml HTTP/1.1" 200 32649
191.91.40.36 - - [26/Dec/2023:10:25:38 -0500] "POST /sipse/faces/presentacion/financiero/solicitudProceso/listarSolicitudProceso.xhtml HTTP/1.1" 200 1564
191.91.40.36 - - [26/Dec/2023:10:25:43 -0500] "POST /sipse/faces/presentacion/financiero/solicitudProceso/listarSolicitudProceso.xhtml HTTP/1.1" 200 19785
191.91.40.36 - - [26/Dec/2023:10:25:43 -0500] "POST /sipse/faces/presentacion/financiero/solicitudProceso/listarSolicitudProceso.xhtml HTTP/1.1" 200 19801
191.91.40.36 - - [26/Dec/2023:10:25:44 -0500] "POST /sipse/faces/presentacion/financiero/solicitudProceso/listarSolicitudProceso.xhtml HTTP/1.1" 200 19785
191.91.40.36 - - [26/Dec/2023:10:25:45 -0500] "POST /sipse/faces/presentacion/financiero/solicitudProceso/listarSolicitudProceso.xhtml HTTP/1.1" 200 19797
181.139.250.19 - - [26/Dec/2023:10:25:46 -0500] "POST /appsia/controlador HTTP/1.1" 200 3238
181.139.250.19 - - [26/Dec/2023:10:25:46 -0500] "GET /appsia/jscripts/validarSolicitud.js HTTP/1.1" 404 68
191.91.40.36 - - [26/Dec/2023:10:25:46 -0500] "POST /sipse/faces/presentacion/financiero/solicitudProceso/listarSolicitudProceso.xhtml HTTP/1.1" 200 10837
186.102.59.208 - - [26/Dec/2023:10:25:47 -0500] "GET /kwssiamovil/sm/ldap/au?x=U2FsdGVkX1+17ORdsWyk/BgeZ9b5LjRR24D5c1NMWeZkUWeBl7a4BGf5POqt78g6&y=U2FsdGVkX19YcCY+YPni0XylfC0dR+CJWt0Yo2X7bHs= HTTP/1.1" 200 31
181.139.250.19 - - [26/Dec/2023:10:25:47 -0500] "POST /appsia/controlador HTTP/1.1" 200 5437
181.139.250.19 - - [26/Dec/2023:10:25:49 -0500] "POST /appsia/controlador HTTP/1.1" 200 7729
181.139.250.19 - - [26/Dec/2023:10:25:49 -0500] "GET /appsia/images/logo_escudo.png HTTP/1.1" 200 36965
181.139.250.19 - - [26/Dec/2023:10:25:54 -0500] "POST /appsia/controlador HTTP/1.1" 200 5437
186.102.59.208 - - [26/Dec/2023:10:26:01 -0500] "GET /kwssiamovil/sm/ldap/au?x=U2FsdGVkX18rBdPFhftnsoAoS1U72ibTbiI/BHy4u/P2u4jcD1dfVqDLRaAsbFsd&y=U2FsdGVkX19i8L1ZHEYQs7BH++YviybxvKKQkwCGYp8= HTTP/1.1" 200 30
201.245.192.253 - - [26/Dec/2023:10:26:06 -0500] "POST /kwsrmcab/Wsrmcab HTTP/1.1" 200 35316
201.245.192.253 - - [26/Dec/2023:10:26:09 -0500] "POST /kwsrmcab/Wsrmcab HTTP/1.1" 200 35606
186.29.33.218 - - [26/Dec/2023:10:26:28 -0500] "POST /sipse/faces/presentacion/financiero/solicitudProceso/consultar.xhtml HTTP/1.1" 200 12895
201.245.192.253 - - [26/Dec/2023:10:26:44 -0500] "POST /forms/lservlet;jsessionid=ac16012b30d6ac84fb743cb8490d9168fad49a174d06.e3iSbxaKaheRe34Qc38TbN0Nb41ynknvrkLOlQzNp65In0 HTTP/1.1" 200 2
66.220.149.117 - - [26/Dec/2023:10:26:47 -0500] "GET /bogota-y-cundinamarca-consolidan-pagos-por-servicios-ambientales-con-nueva-firma-para-la-proteccion-del-agua.html HTTP/1.1" 200 821
31.13.127.3 - - [26/Dec/2023:10:26:50 -0500] "GET /bogota-y-cundinamarca-consolidan-pagos-por-servicios-ambientales-con-nueva-firma-para-la-proteccion-del-agua.html HTTP/1.1" 200 821
201.245.192.253 - - [26/Dec/2023:10:26:55 -0500] "POST /sipse/faces/presentacion/financiero/solicitudProceso/listarSolicitudProceso.xhtml HTTP/1.1" 200 32707
66.249.66.20 - - [26/Dec/2023:10:27:01 -0500] "GET /resoluciones/RESOLUCIONES%202010/0128.pdf HTTP/1.1" 404 1018
201.245.192.253 - - [26/Dec/2023:10:27:08 -0500] "POST /sipse/faces/presentacion/financiero/solicitudProceso/consultar.xhtml HTTP/1.1" 200 35474
201.245.192.253 - - [26/Dec/2023:10:27:10 -0500] "POST /sipse/faces/presentacion/financiero/solicitudProceso/consultar.xhtml HTTP/1.1" 200 35474
201.245.192.253 - - [26/Dec/2023:10:27:08 -0500] "POST /sipse/faces/presentacion/financiero/solicitudProceso/listarSolicitudProceso.xhtml HTTP/1.1" 200 119356
201.245.192.253 - - [26/Dec/2023:10:27:13 -0500] "GET /sipse/faces/javax.faces.resource/theme.css?ln=primefaces-sipse HTTP/1.1" 304 -
201.245.192.253 - - [26/Dec/2023:10:27:13 -0500] "GET /sipse/faces/javax.faces.resource/layout/layout.css?ln=primefaces&v=4.0 HTTP/1.1" 304 -
201.245.192.253 - - [26/Dec/2023:10:27:13 -0500] "GET /sipse/faces/javax.faces.resource/primefaces.css?ln=primefaces&v=4.0 HTTP/1.1" 304 -
201.245.192.253 - - [26/Dec/2023:10:27:13 -0500] "GET /sipse/faces/javax.faces.resource/jquery/jquery.js?ln=primefaces&v=4.0 HTTP/1.1" 304 -
201.245.192.253 - - [26/Dec/2023:10:27:13 -0500] "GET /sipse/faces/javax.faces.resource/jquery/jquery-plugins.js?ln=primefaces&v=4.0 HTTP/1.1" 304 -
201.245.192.253 - - [26/Dec/2023:10:27:13 -0500] "GET /sipse/faces/javax.faces.resource/primefaces.js?ln=primefaces&v=4.0 HTTP/1.1" 304 -
201.245.192.253 - - [26/Dec/2023:10:27:13 -0500] "GET /sipse/faces/javax.faces.resource/layout/layout.js?ln=primefaces&v=4.0 HTTP/1.1" 304 -
201.245.192.253 - - [26/Dec/2023:10:27:13 -0500] "GET /sipse/css/imagen/contrasena.png HTTP/1.1" 404 383
172.22.2.4 - - [26/Dec/2023:10:25:35 -0500] "HEAD /BLA/boletinlegal/ HTTP/1.1" 200 -
198.235.24.236 - - [26/Dec/2023:10:27:16 -0500] "GET / HTTP/1.1" 200 319
201.245.192.253 - - [26/Dec/2023:10:27:25 -0500] "POST /forms/lservlet;jsessionid=ac16012b30d608a3c74dabe741288258ac4c4de7c868.e3iSbxaKaheRe34Qc38TbN0Nb41ynknvrkLOlQzNp65In0 HTTP/1.1" 200 2
201.245.192.253 - - [26/Dec/2023:10:27:26 -0500] "POST /sipse/faces/presentacion/financiero/solicitudProceso/consultarSolicitudProceso.xhtml HTTP/1.1" 200 62475
201.245.192.253 - - [26/Dec/2023:10:27:26 -0500] "GET /sipse/faces/javax.faces.resource/primefaces.css?ln=primefaces&v=4.0 HTTP/1.1" 304 -
201.245.192.253 - - [26/Dec/2023:10:27:26 -0500] "GET /sipse/faces/javax.faces.resource/layout/layout.css?ln=primefaces&v=4.0 HTTP/1.1" 304 -
201.245.192.253 - - [26/Dec/2023:10:27:26 -0500] "GET /sipse/faces/javax.faces.resource/theme.css?ln=primefaces-sipse HTTP/1.1" 304 -
201.245.192.253 - - [26/Dec/2023:10:27:26 -0500] "GET /sipse/faces/javax.faces.resource/jquery/jquery.js?ln=primefaces&v=4.0 HTTP/1.1" 304 -
201.245.192.253 - - [26/Dec/2023:10:27:26 -0500] "GET /sipse/faces/javax.faces.resource/jquery/jquery-plugins.js?ln=primefaces&v=4.0 HTTP/1.1" 304 -
201.245.192.253 - - [26/Dec/2023:10:27:26 -0500] "GET /sipse/faces/javax.faces.resource/primefaces.js?ln=primefaces&v=4.0 HTTP/1.1" 304 -
201.245.192.253 - - [26/Dec/2023:10:27:26 -0500] "GET /sipse/faces/javax.faces.resource/layout/layout.js?ln=primefaces&v=4.0 HTTP/1.1" 304 -
201.245.192.253 - - [26/Dec/2023:10:27:26 -0500] "GET /sipse/css/imagen/contrasena.png HTTP/1.1" 404 383
201.245.192.253 - - [26/Dec/2023:10:27:26 -0500] "POST /sipse/faces/presentacion/financiero/solicitudProceso/listarSolicitudProceso.xhtml HTTP/1.1" 200 55747
201.245.192.253 - - [26/Dec/2023:10:27:27 -0500] "POST /sipse/faces/presentacion/financiero/solicitudProceso/listarSolicitudProceso.xhtml HTTP/1.1" 200 55747
201.245.192.253 - - [26/Dec/2023:10:27:27 -0500] "POST /sipse/faces/presentacion/financiero/solicitudProceso/listarSolicitudProceso.xhtml HTTP/1.1" 200 55747
201.245.192.253 - - [26/Dec/2023:10:27:28 -0500] "POST /sipse/faces/presentacion/financiero/solicitudProceso/listarSolicitudProceso.xhtml HTTP/1.1" 200 55747
201.245.192.253 - - [26/Dec/2023:10:27:28 -0500] "POST /sipse/faces/presentacion/financiero/solicitudProceso/listarSolicitudProceso.xhtml HTTP/1.1" 200 55747
201.245.192.253 - - [26/Dec/2023:10:27:29 -0500] "POST /sipse/faces/presentacion/financiero/solicitudProceso/listarSolicitudProceso.xhtml HTTP/1.1" 200 55747
201.245.192.253 - - [26/Dec/2023:10:27:29 -0500] "POST /sipse/faces/presentacion/financiero/solicitudProceso/listarSolicitudProceso.xhtml HTTP/1.1" 200 55747
201.245.192.253 - - [26/Dec/2023:10:27:30 -0500] "POST /sipse/faces/presentacion/financiero/solicitudProceso/listarSolicitudProceso.xhtml HTTP/1.1" 200 55747
181.139.250.19 - - [26/Dec/2023:10:27:31 -0500] "POST /appsia/controlador HTTP/1.1" 200 7729
201.245.192.253 - - [26/Dec/2023:10:27:30 -0500] "POST /sipse/faces/presentacion/financiero/solicitudProceso/listarSolicitudProceso.xhtml HTTP/1.1" 200 1564
201.245.192.253 - - [26/Dec/2023:10:27:31 -0500] "POST /sipse/faces/presentacion/financiero/solicitudProceso/listarSolicitudProceso.xhtml HTTP/1.1" 200 1552
186.30.41.183 - - [26/Dec/2023:10:27:32 -0500] "GET /BLA/resoluciones/index.php?dir= HTTP/1.1" 200 13696
201.245.192.253 - - [26/Dec/2023:10:27:31 -0500] "POST /sipse/faces/presentacion/financiero/solicitudProceso/listarSolicitudProceso.xhtml HTTP/1.1" 200 1568
201.245.192.253 - - [26/Dec/2023:10:27:32 -0500] "POST /sipse/faces/presentacion/financiero/solicitudProceso/listarSolicitudProceso.xhtml HTTP/1.1" 200 1552
201.245.192.253 - - [26/Dec/2023:10:27:33 -0500] "POST /sipse/faces/presentacion/financiero/solicitudProceso/listarSolicitudProceso.xhtml HTTP/1.1" 200 1568
201.245.192.253 - - [26/Dec/2023:10:27:33 -0500] "POST /sipse/faces/presentacion/financiero/solicitudProceso/listarSolicitudProceso.xhtml HTTP/1.1" 200 1552
201.245.192.253 - - [26/Dec/2023:10:27:34 -0500] "POST /sipse/faces/presentacion/financiero/solicitudProceso/listarSolicitudProceso.xhtml HTTP/1.1" 200 1564
201.245.192.253 - - [26/Dec/2023:10:27:34 -0500] "GET /sipse/faces/javax.faces.resource/images/ui-bg_flat_0_2d5972_40x100.png?ln=primefaces-aristo HTTP/1.1" 304 -
201.245.192.253 - - [26/Dec/2023:10:27:34 -0500] "POST /sipse/faces/presentacion/financiero/solicitudProceso/listarSolicitudProceso.xhtml HTTP/1.1" 200 1552
201.245.192.253 - - [26/Dec/2023:10:27:34 -0500] "POST /sipse/faces/presentacion/financiero/solicitudProceso/consultarSolicitudProceso.xhtml HTTP/1.1" 200 41544
201.245.192.253 - - [26/Dec/2023:10:27:35 -0500] "GET /sipse/faces/javax.faces.resource/primefaces.css?ln=primefaces&v=4.0 HTTP/1.1" 304 -
201.245.192.253 - - [26/Dec/2023:10:27:35 -0500] "GET /sipse/faces/javax.faces.resource/theme.css?ln=primefaces-sipse HTTP/1.1" 304 -
201.245.192.253 - - [26/Dec/2023:10:27:35 -0500] "GET /sipse/faces/javax.faces.resource/layout/layout.css?ln=primefaces&v=4.0 HTTP/1.1" 304 -
201.245.192.253 - - [26/Dec/2023:10:27:35 -0500] "GET /sipse/faces/javax.faces.resource/jquery/jquery.js?ln=primefaces&v=4.0 HTTP/1.1" 304 -
201.245.192.253 - - [26/Dec/2023:10:27:35 -0500] "GET /sipse/faces/javax.faces.resource/jquery/jquery-plugins.js?ln=primefaces&v=4.0 HTTP/1.1" 304 -
201.245.192.253 - - [26/Dec/2023:10:27:35 -0500] "GET /sipse/faces/javax.faces.resource/primefaces.js?ln=primefaces&v=4.0 HTTP/1.1" 304 -
201.245.192.253 - - [26/Dec/2023:10:27:35 -0500] "GET /sipse/faces/javax.faces.resource/layout/layout.js?ln=primefaces&v=4.0 HTTP/1.1" 304 -
201.245.192.253 - - [26/Dec/2023:10:27:35 -0500] "GET /sipse/css/imagen/contrasena.png HTTP/1.1" 404 383
201.245.192.253 - - [26/Dec/2023:10:27:35 -0500] "POST /sipse/faces/presentacion/financiero/solicitudProceso/listarSolicitudProceso.xhtml HTTP/1.1" 200 1568
201.245.192.253 - - [26/Dec/2023:10:27:35 -0500] "POST /sipse/faces/presentacion/financiero/solicitudProceso/consultar.xhtml HTTP/1.1" 200 34843
201.245.192.253 - - [26/Dec/2023:10:27:36 -0500] "POST /sipse/faces/presentacion/financiero/solicitudProceso/consultar.xhtml HTTP/1.1" 200 34843
186.30.41.183 - - [26/Dec/2023:10:27:39 -0500] "GET /BLA/resoluciones/index.php?dir=AUTOS+2018%2F HTTP/1.1" 200 468890
179.19.60.154 - - [26/Dec/2023:10:27:41 -0500] "GET /kwssiamovil/sm/ldap/au?x=U2FsdGVkX19BCfkQo+xB4AibjnkZKxr8LpUTrYDrzktPLJbaIzNoQIWafrweZFqE&y=U2FsdGVkX1/e7ttj6SbaYjG5DbFUuMTI0eJRO5CGgutPqEM7QTSh1pQ6eLx8H1cp HTTP/1.1" 200 30
201.245.192.253 - - [26/Dec/2023:10:27:38 -0500] "POST /sipse/faces/presentacion/financiero/solicitudProceso/consultar.xhtml HTTP/1.1" 200 152496
201.245.192.253 - - [26/Dec/2023:10:27:41 -0500] "GET /sipse/faces/javax.faces.resource/primefaces.css?ln=primefaces&v=4.0 HTTP/1.1" 304 -
201.245.192.253 - - [26/Dec/2023:10:27:41 -0500] "GET /sipse/faces/javax.faces.resource/theme.css?ln=primefaces-sipse HTTP/1.1" 304 -
201.245.192.253 - - [26/Dec/2023:10:27:41 -0500] "GET /sipse/faces/javax.faces.resource/layout/layout.css?ln=primefaces&v=4.0 HTTP/1.1" 304 -
179.19.60.154 - - [26/Dec/2023:10:27:41 -0500] "GET /kwssiamovil/sm/acme/s?s=U2FsdGVkX1/zl56hy40r/fWpsUHjqyrxq5JsYTCmy3+WlqUx1h9V8GirO/L05abjrdfBadhBkyfUVLpDnf5C1s/fmMrBwFoLUqCGFykoJtU=&u=U2FsdGVkX18VzICH1la1X9alNeT33P6cyVYpzvR/11U=&y=U2FsdGVkX1/e7ttj6SbaYjG5DbFUuMTI0eJRO5CGgutPqEM7QTSh1pQ6eLx8H1cp HTTP/1.1" 200 97
201.245.192.253 - - [26/Dec/2023:10:27:41 -0500] "GET /sipse/faces/javax.faces.resource/jquery/jquery.js?ln=primefaces&v=4.0 HTTP/1.1" 304 -
