172.22.2.4 - - [26/Dec/2023:10:49:18 -0500] "GET /BLA/boletinlegal/style.css HTTP/1.1" 200 9406
172.22.2.4 - - [26/Dec/2023:10:49:18 -0500] "GET /BLA/boletinlegal/styles2.css HTTP/1.1" 200 1838
172.22.2.4 - - [26/Dec/2023:10:49:18 -0500] "GET /BLA/boletinlegal/js/jquery.scrollTo-min.js HTTP/1.1" 200 1150
172.22.2.4 - - [26/Dec/2023:10:49:18 -0500] "GET /BLA/boletinlegal/js/jquery.js HTTP/1.1" 200 57254
172.22.2.4 - - [26/Dec/2023:10:49:18 -0500] "GET /BLA/boletinlegal/js/jquery.scrollShow.js HTTP/1.1" 200 4586
172.22.2.4 - - [26/Dec/2023:10:49:18 -0500] "GET /BLA/boletinlegal/images/subscribe-icon-big.png HTTP/1.1" 200 47702
172.22.2.4 - - [26/Dec/2023:10:49:18 -0500] "GET /BLA/boletinlegal/images/historia.png HTTP/1.1" 200 52775
172.22.2.4 - - [26/Dec/2023:10:49:18 -0500] "GET /BLA/boletinlegal/images/cabezote%20BLEGAL.jpg HTTP/1.1" 200 118164
172.22.2.4 - - [26/Dec/2023:10:49:18 -0500] "GET /BLA/boletinlegal/images/registro-usuarios.png HTTP/1.1" 200 8106
172.22.2.4 - - [26/Dec/2023:10:49:18 -0500] "GET /BLA/boletinlegal/images/arr_l.jpg HTTP/1.1" 200 1979
172.22.2.4 - - [26/Dec/2023:10:49:18 -0500] "GET /BLA/boletinlegal/images/screen_1.png HTTP/1.1" 200 202547
172.22.2.4 - - [26/Dec/2023:10:49:18 -0500] "GET /BLA/boletinlegal/images/launch.jpg HTTP/1.1" 200 14577
201.245.192.253 - - [26/Dec/2023:10:49:18 -0500] "GET /sipse/faces/javax.faces.resource/jquery/jquery.js?ln=primefaces&v=4.0 HTTP/1.1" 304 -
201.245.192.253 - - [26/Dec/2023:10:49:18 -0500] "GET /sipse/faces/javax.faces.resource/jquery/jquery-plugins.js?ln=primefaces&v=4.0 HTTP/1.1" 304 -
201.245.192.253 - - [26/Dec/2023:10:49:18 -0500] "GET /sipse/faces/javax.faces.resource/primefaces.js?ln=primefaces&v=4.0 HTTP/1.1" 304 -
201.245.192.253 - - [26/Dec/2023:10:49:18 -0500] "GET /sipse/faces/javax.faces.resource/layout/layout.js?ln=primefaces&v=4.0 HTTP/1.1" 304 -
186.85.234.113 - - [26/Dec/2023:10:49:15 -0500] "POST /sipse/faces/presentacion/financiero/solicitudProceso/listarSolicitudProceso.xhtml HTTP/1.1" 200 111586
186.85.234.113 - - [26/Dec/2023:10:49:19 -0500] "GET /sipse/faces/javax.faces.resource/theme.css?ln=primefaces-sipse HTTP/1.1" 304 -
186.85.234.113 - - [26/Dec/2023:10:49:19 -0500] "GET /sipse/faces/javax.faces.resource/primefaces.css?ln=primefaces&v=4.0 HTTP/1.1" 304 -
186.85.234.113 - - [26/Dec/2023:10:49:19 -0500] "GET /sipse/faces/javax.faces.resource/layout/layout.css?ln=primefaces&v=4.0 HTTP/1.1" 304 -
186.85.234.113 - - [26/Dec/2023:10:49:19 -0500] "GET /sipse/faces/javax.faces.resource/jquery/jquery.js?ln=primefaces&v=4.0 HTTP/1.1" 304 -
186.85.234.113 - - [26/Dec/2023:10:49:19 -0500] "GET /sipse/faces/javax.faces.resource/jquery/jquery-plugins.js?ln=primefaces&v=4.0 HTTP/1.1" 304 -
186.85.234.113 - - [26/Dec/2023:10:49:19 -0500] "GET /sipse/faces/javax.faces.resource/primefaces.js?ln=primefaces&v=4.0 HTTP/1.1" 304 -
186.85.234.113 - - [26/Dec/2023:10:49:19 -0500] "GET /sipse/faces/javax.faces.resource/layout/layout.js?ln=primefaces&v=4.0 HTTP/1.1" 304 -
186.85.234.113 - - [26/Dec/2023:10:49:19 -0500] "GET /sipse/css/imagen/contrasena.png HTTP/1.1" 404 383
191.156.148.51 - - [26/Dec/2023:10:49:19 -0500] "GET /sipse/faces/javax.faces.resource/primefaces.css?ln=primefaces&v=4.0 HTTP/1.1" 304 -
191.156.148.143 - - [26/Dec/2023:10:49:19 -0500] "GET /sipse/faces/javax.faces.resource/theme.css?ln=primefaces-sipse HTTP/1.1" 304 -
191.156.146.169 - - [26/Dec/2023:10:49:19 -0500] "GET /sipse/faces/javax.faces.resource/jquery/jquery.js?ln=primefaces&v=4.0 HTTP/1.1" 304 -
191.156.155.160 - - [26/Dec/2023:10:49:19 -0500] "GET /sipse/faces/javax.faces.resource/jquery/jquery-plugins.js?ln=primefaces&v=4.0 HTTP/1.1" 304 -
191.156.158.132 - - [26/Dec/2023:10:49:19 -0500] "GET /sipse/faces/javax.faces.resource/layout/layout.css?ln=primefaces&v=4.0 HTTP/1.1" 304 -
191.156.148.143 - - [26/Dec/2023:10:49:19 -0500] "GET /sipse/faces/javax.faces.resource/layout/layout.js?ln=primefaces&v=4.0 HTTP/1.1" 304 -
191.156.148.51 - - [26/Dec/2023:10:49:19 -0500] "GET /sipse/faces/javax.faces.resource/primefaces.js?ln=primefaces&v=4.0 HTTP/1.1" 304 -
172.22.2.4 - - [26/Dec/2023:10:49:20 -0500] "GET /BLA/boletinlegal/images/body_bg.jpg HTTP/1.1" 200 1601
172.22.2.4 - - [26/Dec/2023:10:49:20 -0500] "GET /BLA/boletinlegal/images/menu_lft.gif HTTP/1.1" 200 1713
172.22.2.4 - - [26/Dec/2023:10:49:20 -0500] "GET /BLA/boletinlegal/images/menu_rght.gif HTTP/1.1" 200 1627
172.22.2.4 - - [26/Dec/2023:10:49:20 -0500] "GET /BLA/boletinlegal/images/bg_top.jpg HTTP/1.1" 200 522
172.22.2.4 - - [26/Dec/2023:10:49:20 -0500] "GET /BLA/boletinlegal/images/menu_bg.jpg HTTP/1.1" 200 620
172.22.2.4 - - [26/Dec/2023:10:49:20 -0500] "GET /BLA/boletinlegal/images/hover.jpg HTTP/1.1" 200 640
172.22.2.4 - - [26/Dec/2023:10:49:20 -0500] "GET /BLA/boletinlegal/images/text.jpg HTTP/1.1" 200 568
191.156.155.211 - - [26/Dec/2023:10:49:18 -0500] "POST /sipse/faces/presentacion/sistema/anexos/cargarAnexoSolicitudProceso.xhtml HTTP/1.1" 200 195978
66.249.66.21 - - [26/Dec/2023:10:49:22 -0500] "GET /BLA/resoluciones/RESOLUCIONES%202009/5354.pdf HTTP/1.1" 200 428652
191.156.155.211 - - [26/Dec/2023:10:49:25 -0500] "POST /sipse/faces/presentacion/financiero/solicitudProceso/consultarSolicitudProceso.xhtml HTTP/1.1" 200 21229
191.156.148.51 - - [26/Dec/2023:10:49:25 -0500] "GET /sipse/faces/javax.faces.resource/theme.css?ln=primefaces-sipse HTTP/1.1" 304 -
191.156.148.143 - - [26/Dec/2023:10:49:25 -0500] "GET /sipse/faces/javax.faces.resource/primefaces.css?ln=primefaces&v=4.0 HTTP/1.1" 304 -
191.156.155.160 - - [26/Dec/2023:10:49:25 -0500] "GET /sipse/faces/javax.faces.resource/layout/layout.css?ln=primefaces&v=4.0 HTTP/1.1" 304 -
191.156.146.169 - - [26/Dec/2023:10:49:25 -0500] "GET /sipse/faces/javax.faces.resource/jquery/jquery-plugins.js?ln=primefaces&v=4.0 HTTP/1.1" 304 -
191.156.158.132 - - [26/Dec/2023:10:49:25 -0500] "GET /sipse/faces/javax.faces.resource/jquery/jquery.js?ln=primefaces&v=4.0 HTTP/1.1" 304 -
191.156.155.211 - - [26/Dec/2023:10:49:25 -0500] "GET /sipse/faces/javax.faces.resource/fileupload/fileupload.css?ln=primefaces&v=4.0 HTTP/1.1" 304 -
191.156.148.143 - - [26/Dec/2023:10:49:25 -0500] "GET /sipse/faces/javax.faces.resource/primefaces.js?ln=primefaces&v=4.0 HTTP/1.1" 304 -
191.156.146.169 - - [26/Dec/2023:10:49:25 -0500] "GET /sipse/faces/javax.faces.resource/fileupload/fileupload.js?ln=primefaces&v=4.0 HTTP/1.1" 304 -
191.156.148.51 - - [26/Dec/2023:10:49:25 -0500] "GET /sipse/faces/javax.faces.resource/layout/layout.js?ln=primefaces&v=4.0 HTTP/1.1" 304 -
201.245.192.253 - - [26/Dec/2023:10:49:25 -0500] "POST /forms/lservlet;jsessionid=ac16012b30d608a3c74dabe741288258ac4c4de7c868.e3iSbxaKaheRe34Qc38TbN0Nb41ynknvrkLOlQzNp65In0 HTTP/1.1" 200 2
172.22.2.4 - - [26/Dec/2023:10:49:27 -0500] "GET /BLA/boletinlegal/images/footer_bg.jpg HTTP/1.1" 200 586
172.22.2.4 - - [26/Dec/2023:10:49:27 -0500] "GET /BLA/boletinlegal/images/screen_2.png HTTP/1.1" 200 362502
172.22.2.4 - - [26/Dec/2023:10:49:27 -0500] "GET /BLA/boletinlegal/images/screen_3.png HTTP/1.1" 200 210620
172.22.2.4 - - [26/Dec/2023:10:49:27 -0500] "GET /BLA/boletinlegal/images/screen_5.png HTTP/1.1" 200 368876
172.22.2.4 - - [26/Dec/2023:10:49:27 -0500] "GET /BLA/boletinlegal/images/arr_r.jpg HTTP/1.1" 200 1998
172.22.2.4 - - [26/Dec/2023:10:49:27 -0500] "GET /BLA/boletinlegal/actos.php HTTP/1.1" 200 9682
172.22.2.4 - - [26/Dec/2023:10:49:27 -0500] "GET /BLA/boletinlegal/niceforms-default.css HTTP/1.1" 200 6694
172.22.2.4 - - [26/Dec/2023:10:49:27 -0500] "GET /BLA/boletinlegal/niceforms.js HTTP/1.1" 200 22876
172.22.2.4 - - [26/Dec/2023:10:49:27 -0500] "GET /BLA/boletinlegal/js/popup.js HTTP/1.1" 200 1270
172.22.2.4 - - [26/Dec/2023:10:49:27 -0500] "GET /BLA/boletinlegal/js/lib.js HTTP/1.1" 200 6474
172.22.2.4 - - [26/Dec/2023:10:49:27 -0500] "GET /BLA/boletinlegal/js/jquery1.js HTTP/1.1" 200 29846
172.22.2.4 - - [26/Dec/2023:10:49:27 -0500] "GET /BLA/boletinlegal/images/green-yellow-blue-pink-th.png HTTP/1.1" 200 7394
172.22.2.4 - - [26/Dec/2023:10:49:27 -0500] "GET /BLA/boletinlegal/images/tel.png HTTP/1.1" 200 14477
172.22.2.4 - - [26/Dec/2023:10:49:27 -0500] "GET /BLA/boletinlegal/js/ajax_actos.js HTTP/1.1" 200 1322
172.22.2.4 - - [26/Dec/2023:10:49:27 -0500] "GET /BLA/boletinlegal/images/icono-email.png HTTP/1.1" 200 5544
172.22.2.4 - - [26/Dec/2023:10:49:27 -0500] "GET /BLA/boletinlegal/images/footer_bg_l.jpg HTTP/1.1" 200 776
172.22.2.4 - - [26/Dec/2023:10:49:27 -0500] "GET /BLA/boletinlegal/img/0.png HTTP/1.1" 200 110
172.22.2.4 - - [26/Dec/2023:10:49:27 -0500] "GET /BLA/boletinlegal/img/select-left.png HTTP/1.1" 200 263
172.22.2.4 - - [26/Dec/2023:10:49:27 -0500] "GET /BLA/boletinlegal/img/select-right.png HTTP/1.1" 200 44019
172.22.2.4 - - [26/Dec/2023:10:49:27 -0500] "GET /BLA/boletinlegal/img/button-left.png HTTP/1.1" 200 57071
172.22.2.4 - - [26/Dec/2023:10:49:27 -0500] "GET /BLA/boletinlegal/img/button.png HTTP/1.1" 200 43241
172.22.2.4 - - [26/Dec/2023:10:49:27 -0500] "GET /BLA/boletinlegal/img/button-right.png HTTP/1.1" 200 57878
172.22.2.4 - - [26/Dec/2023:10:49:27 -0500] "GET /BLA/boletinlegal/favicon.ico HTTP/1.1" 404 1326
186.85.234.113 - - [26/Dec/2023:10:49:35 -0500] "POST /sipse/faces/presentacion/financiero/solicitudProceso/consultarSolicitudProceso.xhtml HTTP/1.1" 200 64454
186.85.234.113 - - [26/Dec/2023:10:49:36 -0500] "GET /sipse/faces/javax.faces.resource/theme.css?ln=primefaces-sipse HTTP/1.1" 304 -
186.85.234.113 - - [26/Dec/2023:10:49:36 -0500] "GET /sipse/faces/javax.faces.resource/primefaces.css?ln=primefaces&v=4.0 HTTP/1.1" 304 -
186.85.234.113 - - [26/Dec/2023:10:49:36 -0500] "GET /sipse/faces/javax.faces.resource/layout/layout.css?ln=primefaces&v=4.0 HTTP/1.1" 304 -
186.85.234.113 - - [26/Dec/2023:10:49:36 -0500] "GET /sipse/faces/javax.faces.resource/jquery/jquery.js?ln=primefaces&v=4.0 HTTP/1.1" 304 -
186.85.234.113 - - [26/Dec/2023:10:49:36 -0500] "GET /sipse/faces/javax.faces.resource/jquery/jquery-plugins.js?ln=primefaces&v=4.0 HTTP/1.1" 304 -
186.85.234.113 - - [26/Dec/2023:10:49:36 -0500] "GET /sipse/faces/javax.faces.resource/primefaces.js?ln=primefaces&v=4.0 HTTP/1.1" 304 -
186.85.234.113 - - [26/Dec/2023:10:49:36 -0500] "GET /sipse/faces/javax.faces.resource/layout/layout.js?ln=primefaces&v=4.0 HTTP/1.1" 304 -
186.85.234.113 - - [26/Dec/2023:10:49:36 -0500] "GET /sipse/css/imagen/contrasena.png HTTP/1.1" 404 383
186.85.234.113 - - [26/Dec/2023:10:49:36 -0500] "POST /sipse/faces/presentacion/financiero/solicitudProceso/listarSolicitudProceso.xhtml HTTP/1.1" 200 57730
172.22.2.4 - - [26/Dec/2023:10:49:37 -0500] "GET /BLA/boletinlegal/images/pdf.gif HTTP/1.1" 200 567
186.85.234.113 - - [26/Dec/2023:10:49:37 -0500] "POST /sipse/faces/presentacion/financiero/solicitudProceso/listarSolicitudProceso.xhtml HTTP/1.1" 200 57730
186.85.234.113 - - [26/Dec/2023:10:49:37 -0500] "POST /sipse/faces/presentacion/financiero/solicitudProceso/listarSolicitudProceso.xhtml HTTP/1.1" 200 57730
186.85.234.113 - - [26/Dec/2023:10:49:38 -0500] "POST /sipse/faces/presentacion/financiero/solicitudProceso/listarSolicitudProceso.xhtml HTTP/1.1" 200 57730
186.85.234.113 - - [26/Dec/2023:10:49:38 -0500] "POST /sipse/faces/presentacion/financiero/solicitudProceso/listarSolicitudProceso.xhtml HTTP/1.1" 200 1564
104.28.92.29 - - [26/Dec/2023:10:49:40 -0500] "GET /sipse/faces/index.xhtml HTTP/1.1" 200 677
104.28.92.29 - - [26/Dec/2023:10:49:40 -0500] "GET /sipse/faces/javax.faces.resource/theme.css?ln=primefaces-sipse HTTP/1.1" 304 -
104.28.92.29 - - [26/Dec/2023:10:49:40 -0500] "GET /sipse/faces/faces/autenticacion.xhtml HTTP/1.1" 200 12406
186.85.234.113 - - [26/Dec/2023:10:49:40 -0500] "POST /sipse/faces/presentacion/financiero/solicitudProceso/listarSolicitudProceso.xhtml HTTP/1.1" 200 1552
104.28.92.29 - - [26/Dec/2023:10:49:41 -0500] "GET /sipse/css/custom_css_sg_prime_login.css HTTP/1.1" 200 443
104.28.92.29 - - [26/Dec/2023:10:49:41 -0500] "GET /sipse/faces/javax.faces.resource/theme.css?ln=primefaces-sipse HTTP/1.1" 304 -
104.28.92.29 - - [26/Dec/2023:10:49:41 -0500] "GET /sipse/css/custom_css_sg.css HTTP/1.1" 200 9694
104.28.92.29 - - [26/Dec/2023:10:49:41 -0500] "GET /sipse/faces/javax.faces.resource/primefaces.css?ln=primefaces&v=4.0 HTTP/1.1" 304 -
172.22.2.4 - - [26/Dec/2023:10:49:41 -0500] "GET /BLA/boletinlegal/consulta_actos.php?tipo=autos&no=5812&usuario=&sector=&fecha=2023&resuelve= HTTP/1.1" 200 1141
104.28.92.29 - - [26/Dec/2023:10:49:41 -0500] "GET /sipse/faces/javax.faces.resource/layout/layout.css?ln=primefaces&v=4.0 HTTP/1.1" 304 -
104.28.92.29 - - [26/Dec/2023:10:49:41 -0500] "GET /sipse/js/disable_browser_buttons.js HTTP/1.1" 200 3230
104.28.92.29 - - [26/Dec/2023:10:49:41 -0500] "GET /sipse/faces/javax.faces.resource/jquery/jquery.js?ln=primefaces&v=4.0 HTTP/1.1" 200 105384
104.28.92.29 - - [26/Dec/2023:10:49:41 -0500] "GET /sipse/faces/javax.faces.resource/layout/layout.js?ln=primefaces&v=4.0 HTTP/1.1" 200 87560
104.28.92.29 - - [26/Dec/2023:10:49:41 -0500] "GET /sipse/faces/javax.faces.resource/jquery/jquery-plugins.js?ln=primefaces&v=4.0 HTTP/1.1" 200 220526
104.28.92.29 - - [26/Dec/2023:10:49:41 -0500] "GET /sipse/js/funciones.js HTTP/1.1" 200 12592
104.28.92.29 - - [26/Dec/2023:10:49:41 -0500] "GET /sipse/faces/javax.faces.resource/primefaces.js?ln=primefaces&v=4.0 HTTP/1.1" 200 276924
104.28.92.29 - - [26/Dec/2023:10:49:42 -0500] "GET /sipse/faces/javax.faces.resource/images/ui-icons_898989_256x240.png?ln=primefaces-aristo HTTP/1.1" 304 -
104.28.92.29 - - [26/Dec/2023:10:49:42 -0500] "GET /sipse/css/imagen/logoSDG.png HTTP/1.1" 200 53064
104.28.92.29 - - [26/Dec/2023:10:49:42 -0500] "GET /sipse/css/imagen/loginimg.png HTTP/1.1" 200 71635
186.85.234.113 - - [26/Dec/2023:10:49:41 -0500] "POST /sipse/faces/presentacion/financiero/solicitudProceso/listarSolicitudProceso.xhtml HTTP/1.1" 200 1568
201.245.192.253 - - [26/Dec/2023:10:49:43 -0500] "GET /BLA/resoluciones/ HTTP/1.1" 200 13696
186.85.234.113 - - [26/Dec/2023:10:49:42 -0500] "POST /sipse/faces/presentacion/financiero/solicitudProceso/listarSolicitudProceso.xhtml HTTP/1.1" 200 1552
191.156.150.168 - - [26/Dec/2023:10:49:44 -0500] "GET /sipse/faces/javax.faces.resource/theme.css?ln=primefaces-sipse HTTP/1.1" 304 -
191.156.150.168 - - [26/Dec/2023:10:49:45 -0500] "GET /sipse/faces/javax.faces.resource/jquery/jquery.js?ln=primefaces&v=4.0 HTTP/1.1" 304 -
191.156.148.143 - - [26/Dec/2023:10:49:45 -0500] "GET /sipse/faces/javax.faces.resource/primefaces.css?ln=primefaces&v=4.0 HTTP/1.1" 304 -
191.156.154.197 - - [26/Dec/2023:10:49:45 -0500] "GET /sipse/faces/javax.faces.resource/layout/layout.css?ln=primefaces&v=4.0 HTTP/1.1" 304 -
191.156.154.197 - - [26/Dec/2023:10:49:45 -0500] "GET /sipse/faces/javax.faces.resource/jquery/jquery-plugins.js?ln=primefaces&v=4.0 HTTP/1.1" 304 -
191.156.155.160 - - [26/Dec/2023:10:49:45 -0500] "GET /sipse/faces/javax.faces.resource/primefaces.js?ln=primefaces&v=4.0 HTTP/1.1" 304 -
191.156.150.168 - - [26/Dec/2023:10:49:45 -0500] "GET /sipse/faces/javax.faces.resource/layout/layout.js?ln=primefaces&v=4.0 HTTP/1.1" 304 -
186.85.234.113 - - [26/Dec/2023:10:49:44 -0500] "POST /sipse/faces/presentacion/financiero/solicitudProceso/listarSolicitudProceso.xhtml HTTP/1.1" 200 1568
191.156.145.17 - - [26/Dec/2023:10:49:42 -0500] "POST /sipse/faces/presentacion/sistema/anexos/cargarAnexoSolicitudProceso.xhtml HTTP/1.1" 200 197762
201.245.192.253 - - [26/Dec/2023:10:49:47 -0500] "GET /BLA/resoluciones/index.php?dir=RESOLUCIONES+2023%2F HTTP/1.1" 200 123157
186.85.234.113 - - [26/Dec/2023:10:49:48 -0500] "POST /sipse/faces/presentacion/financiero/solicitudProceso/listarSolicitudProceso.xhtml HTTP/1.1" 200 7861
191.156.145.17 - - [26/Dec/2023:10:49:49 -0500] "POST /sipse/faces/presentacion/financiero/solicitudProceso/consultarSolicitudProceso.xhtml HTTP/1.1" 200 6188
186.85.234.113 - - [26/Dec/2023:10:49:50 -0500] "POST /sipse/faces/presentacion/financiero/solicitudProceso/listarSolicitudProceso.xhtml HTTP/1.1" 200 32547
172.22.2.4 - - [26/Dec/2023:10:49:52 -0500] "GET /BLA/boletinlegal/consulta_actos.php?tipo=autos&no=5817&usuario=&sector=&fecha=2023&resuelve= HTTP/1.1" 200 1154
172.22.2.4 - - [26/Dec/2023:10:49:56 -0500] "GET /BLA/boletinlegal/consulta_actos.php?tipo=resoluciones&no=&usuario=EMPRESA%20DE%20ACUEDUCTO%20&sector=INFRAESTRUCTURA&fecha=2023&resuelve=AMARILLO HTTP/1.1" 200 626
186.85.234.113 - - [26/Dec/2023:10:49:54 -0500] "POST /sipse/faces/presentacion/financiero/solicitudProceso/listarSolicitudProceso.xhtml HTTP/1.1" 200 109746
186.85.234.113 - - [26/Dec/2023:10:49:58 -0500] "GET /sipse/faces/javax.faces.resource/theme.css?ln=primefaces-sipse HTTP/1.1" 304 -
186.85.234.113 - - [26/Dec/2023:10:49:58 -0500] "GET /sipse/faces/javax.faces.resource/primefaces.css?ln=primefaces&v=4.0 HTTP/1.1" 304 -
186.85.234.113 - - [26/Dec/2023:10:49:58 -0500] "GET /sipse/faces/javax.faces.resource/layout/layout.css?ln=primefaces&v=4.0 HTTP/1.1" 304 -
186.85.234.113 - - [26/Dec/2023:10:49:58 -0500] "GET /sipse/faces/javax.faces.resource/jquery/jquery.js?ln=primefaces&v=4.0 HTTP/1.1" 304 -
186.85.234.113 - - [26/Dec/2023:10:49:58 -0500] "GET /sipse/faces/javax.faces.resource/jquery/jquery-plugins.js?ln=primefaces&v=4.0 HTTP/1.1" 304 -
186.85.234.113 - - [26/Dec/2023:10:49:58 -0500] "GET /sipse/faces/javax.faces.resource/primefaces.js?ln=primefaces&v=4.0 HTTP/1.1" 304 -
186.85.234.113 - - [26/Dec/2023:10:49:58 -0500] "GET /sipse/faces/javax.faces.resource/layout/layout.js?ln=primefaces&v=4.0 HTTP/1.1" 304 -
186.85.234.113 - - [26/Dec/2023:10:49:59 -0500] "GET /sipse/css/imagen/contrasena.png HTTP/1.1" 404 383
201.245.192.253 - - [26/Dec/2023:10:50:01 -0500] "POST /sipse/faces/presentacion/financiero/solicitudProceso/consultarSolicitudProceso.xhtml HTTP/1.1" 200 46386
201.245.192.253 - - [26/Dec/2023:10:50:02 -0500] "GET /sipse/faces/javax.faces.resource/jquery/jquery.js?ln=primefaces&v=4.0 HTTP/1.1" 304 -
201.245.192.253 - - [26/Dec/2023:10:50:02 -0500] "GET /sipse/faces/javax.faces.resource/jquery/jquery-plugins.js?ln=primefaces&v=4.0 HTTP/1.1" 304 -
201.245.192.253 - - [26/Dec/2023:10:50:02 -0500] "GET /sipse/faces/javax.faces.resource/primefaces.js?ln=primefaces&v=4.0 HTTP/1.1" 304 -
191.156.145.17 - - [26/Dec/2023:10:49:50 -0500] "POST /sipse/faces/presentacion/financiero/solicitudProceso/consultarSolicitudProceso.xhtml HTTP/1.1" 200 37233
201.245.192.253 - - [26/Dec/2023:10:50:02 -0500] "GET /sipse/faces/javax.faces.resource/layout/layout.js?ln=primefaces&v=4.0 HTTP/1.1" 304 -
191.156.145.17 - - [26/Dec/2023:10:50:02 -0500] "GET /sipse/faces/javax.faces.resource/theme.css?ln=primefaces-sipse HTTP/1.1" 304 -
191.156.148.51 - - [26/Dec/2023:10:50:02 -0500] "GET /sipse/faces/javax.faces.resource/jquery/jquery.js?ln=primefaces&v=4.0 HTTP/1.1" 304 -
191.156.154.197 - - [26/Dec/2023:10:50:02 -0500] "GET /sipse/faces/javax.faces.resource/primefaces.css?ln=primefaces&v=4.0 HTTP/1.1" 304 -
191.156.145.17 - - [26/Dec/2023:10:50:02 -0500] "GET /sipse/faces/javax.faces.resource/layout/layout.css?ln=primefaces&v=4.0 HTTP/1.1" 304 -
191.156.148.51 - - [26/Dec/2023:10:50:02 -0500] "GET /sipse/faces/javax.faces.resource/jquery/jquery-plugins.js?ln=primefaces&v=4.0 HTTP/1.1" 304 -
191.156.148.51 - - [26/Dec/2023:10:50:02 -0500] "GET /sipse/faces/javax.faces.resource/primefaces.js?ln=primefaces&v=4.0 HTTP/1.1" 304 -
191.156.148.51 - - [26/Dec/2023:10:50:02 -0500] "GET /sipse/faces/javax.faces.resource/layout/layout.js?ln=primefaces&v=4.0 HTTP/1.1" 304 -
201.245.192.253 - - [26/Dec/2023:10:50:02 -0500] "POST /sipse/faces/presentacion/financiero/solicitudProceso/consultar.xhtml HTTP/1.1" 200 39682
201.245.192.253 - - [26/Dec/2023:10:50:02 -0500] "POST /sipse/faces/presentacion/financiero/solicitudProceso/consultar.xhtml HTTP/1.1" 200 39682
172.22.2.4 - - [26/Dec/2023:10:50:03 -0500] "GET /BLA/boletinlegal/consulta_actos.php?tipo=autos&no=5816&usuario=&sector=&fecha=2023&resuelve= HTTP/1.1" 200 1128
201.245.192.253 - - [26/Dec/2023:10:50:06 -0500] "POST /sipse/faces/presentacion/financiero/solicitudProceso/consultarSolicitudProceso.xhtml HTTP/1.1" 200 6446
66.249.66.19 - - [26/Dec/2023:10:50:06 -0500] "GET /Publicaciones/2023EE297164.pdf HTTP/1.1" 200 373293
201.245.192.253 - - [26/Dec/2023:10:50:07 -0500] "POST /sipse/faces/presentacion/financiero/solicitudProceso/consultarSolicitudProceso.xhtml HTTP/1.1" 200 39087
201.245.192.253 - - [26/Dec/2023:10:50:08 -0500] "GET /sipse/faces/javax.faces.resource/jquery/jquery.js?ln=primefaces&v=4.0 HTTP/1.1" 304 -
201.245.192.253 - - [26/Dec/2023:10:50:08 -0500] "GET /sipse/faces/javax.faces.resource/jquery/jquery-plugins.js?ln=primefaces&v=4.0 HTTP/1.1" 304 -
201.245.192.253 - - [26/Dec/2023:10:50:08 -0500] "GET /sipse/faces/javax.faces.resource/primefaces.js?ln=primefaces&v=4.0 HTTP/1.1" 304 -
201.245.192.253 - - [26/Dec/2023:10:50:04 -0500] "POST /sipse/faces/presentacion/financiero/solicitudProceso/consultar.xhtml HTTP/1.1" 200 146780
201.245.192.253 - - [26/Dec/2023:10:50:09 -0500] "GET /sipse/faces/javax.faces.resource/jquery/jquery.js?ln=primefaces&v=4.0 HTTP/1.1" 304 -
201.245.192.253 - - [26/Dec/2023:10:50:09 -0500] "GET /sipse/faces/javax.faces.resource/jquery/jquery-plugins.js?ln=primefaces&v=4.0 HTTP/1.1" 304 -
201.245.192.253 - - [26/Dec/2023:10:50:09 -0500] "GET /sipse/faces/javax.faces.resource/primefaces.js?ln=primefaces&v=4.0 HTTP/1.1" 304 -
201.245.192.253 - - [26/Dec/2023:10:50:09 -0500] "GET /sipse/faces/javax.faces.resource/layout/layout.js?ln=primefaces&v=4.0 HTTP/1.1" 304 -
201.245.192.253 - - [26/Dec/2023:10:50:09 -0500] "GET /sipse/faces/javax.faces.resource/layout/layout.js?ln=primefaces&v=4.0 HTTP/1.1" 304 -
201.245.192.253 - - [26/Dec/2023:10:50:09 -0500] "POST /sipse/faces/presentacion/financiero/solicitudProceso/listarSolicitudProceso.xhtml HTTP/1.1" 200 32366
201.245.192.253 - - [26/Dec/2023:10:50:10 -0500] "POST /sipse/faces/presentacion/financiero/solicitudProceso/listarSolicitudProceso.xhtml HTTP/1.1" 200 32366
201.245.192.253 - - [26/Dec/2023:10:50:10 -0500] "POST /sipse/faces/presentacion/financiero/solicitudProceso/listarSolicitudProceso.xhtml HTTP/1.1" 200 1376
201.245.192.253 - - [26/Dec/2023:10:50:10 -0500] "POST /sipse/faces/presentacion/financiero/solicitudProceso/listarSolicitudProceso.xhtml HTTP/1.1" 200 1376
201.245.192.253 - - [26/Dec/2023:10:50:10 -0500] "POST /sipse/faces/presentacion/financiero/solicitudProceso/listarSolicitudProceso.xhtml HTTP/1.1" 200 1380
201.245.192.253 - - [26/Dec/2023:10:50:11 -0500] "POST /sipse/faces/presentacion/financiero/solicitudProceso/listarSolicitudProceso.xhtml HTTP/1.1" 200 184
201.245.192.253 - - [26/Dec/2023:10:50:11 -0500] "POST /sipse/faces/presentacion/financiero/solicitudProceso/listarSolicitudProceso.xhtml HTTP/1.1" 200 184
201.245.192.253 - - [26/Dec/2023:10:50:12 -0500] "POST /sipse/faces/presentacion/financiero/solicitudProceso/listarSolicitudProceso.xhtml HTTP/1.1" 200 184
201.245.192.253 - - [26/Dec/2023:10:50:12 -0500] "POST /sipse/faces/presentacion/financiero/solicitudProceso/listarSolicitudProceso.xhtml HTTP/1.1" 200 184
172.22.2.4 - - [26/Dec/2023:10:50:12 -0500] "GET /BLA/boletinlegal/consulta_actos.php?tipo=resoluciones&no=0229&usuario=EMPRESA%20DE%20ACUEDUCTO%20&sector=INFRAESTRUCTURA&fecha=2023&resuelve=AMARILLO HTTP/1.1" 200 626
201.245.192.253 - - [26/Dec/2023:10:50:11 -0500] "GET /sipse/faces/presentacion/financiero/solicitudAnulacion/solicitudAnulacion.xhtml HTTP/1.1" 200 16384
201.245.192.253 - - [26/Dec/2023:10:50:12 -0500] "GET /sipse/faces/presentacion/financiero/solicitudAnulacion/solicitudAnulacion.xhtml HTTP/1.1" 200 17805
201.245.192.253 - - [26/Dec/2023:10:50:12 -0500] "GET /sipse/faces/presentacion/financiero/solicitudAnulacion/solicitudAnulacion.xhtml HTTP/1.1" 200 16805
201.245.192.253 - - [26/Dec/2023:10:50:12 -0500] "GET /sipse/faces/presentacion/financiero/solicitudAnulacion/solicitudAnulacion.xhtml HTTP/1.1" 200 37704
201.245.192.253 - - [26/Dec/2023:10:50:12 -0500] "GET /sipse/faces/javax.faces.resource/theme.css?ln=primefaces-sipse HTTP/1.1" 304 -
201.245.192.253 - - [26/Dec/2023:10:50:12 -0500] "GET /sipse/faces/javax.faces.resource/jquery/jquery.js?ln=primefaces&v=4.0 HTTP/1.1" 304 -
201.245.192.253 - - [26/Dec/2023:10:50:12 -0500] "GET /sipse/faces/javax.faces.resource/primefaces.css?ln=primefaces&v=4.0 HTTP/1.1" 304 -
201.245.192.253 - - [26/Dec/2023:10:50:12 -0500] "GET /sipse/faces/javax.faces.resource/jquery/jquery-plugins.js?ln=primefaces&v=4.0 HTTP/1.1" 304 -
201.245.192.253 - - [26/Dec/2023:10:50:12 -0500] "GET /sipse/faces/javax.faces.resource/layout/layout.css?ln=primefaces&v=4.0 HTTP/1.1" 304 -
201.245.192.253 - - [26/Dec/2023:10:50:12 -0500] "GET /sipse/faces/javax.faces.resource/primefaces.js?ln=primefaces&v=4.0 HTTP/1.1" 304 -
201.245.192.253 - - [26/Dec/2023:10:50:12 -0500] "GET /sipse/faces/javax.faces.resource/layout/layout.js?ln=primefaces&v=4.0 HTTP/1.1" 304 -
201.245.192.253 - - [26/Dec/2023:10:50:12 -0500] "GET /sipse/faces/javax.faces.resource/images/ui-icons_898989_256x240.png?ln=primefaces-aristo HTTP/1.1" 304 -
201.245.192.253 - - [26/Dec/2023:10:50:12 -0500] "GET /sipse/faces/javax.faces.resource/images/ui-bg_flat_0_2d5972_40x100.png?ln=primefaces-aristo HTTP/1.1" 304 -
201.245.192.253 - - [26/Dec/2023:10:50:12 -0500] "POST /sipse/faces/presentacion/financiero/solicitudAnulacion/solicitudAnulacion.xhtml HTTP/1.1" 200 10468
201.245.192.253 - - [26/Dec/2023:10:50:12 -0500] "GET /sipse/faces/javax.faces.resource/messages/messages.png?ln=primefaces&v=4.0 HTTP/1.1" 304 -
191.156.148.51 - - [26/Dec/2023:10:50:02 -0500] "POST /sipse/faces/presentacion/financiero/solicitudProceso/listarSolicitudProceso.xhtml HTTP/1.1" 200 1396
172.22.2.4 - - [26/Dec/2023:10:50:13 -0500] "GET /BLA/boletinlegal/consulta_actos.php?tipo=autos&no=5824&usuario=&sector=&fecha=2023&resuelve= HTTP/1.1" 200 1126
172.22.2.4 - - [26/Dec/2023:10:50:13 -0500] "GET /BLA/boletinlegal/consulta_actos.php?tipo=resoluciones&no=0229&usuario=EMPRESA%20DE%20ACUEDUCTO%20&sector=INFRAESTRUCTURA&fecha=2023&resuelve=AMARILLO HTTP/1.1" 200 626
216.245.221.92 - - [26/Dec/2023:10:50:15 -0500] "HEAD / HTTP/1.1" 200 -
201.245.192.253 - - [26/Dec/2023:10:50:20 -0500] "GET /appsia/controlador HTTP/1.1" 200 4799
172.22.2.4 - - [26/Dec/2023:10:50:20 -0500] "GET /BLA/boletinlegal/consulta_actos.php?tipo=autos&no=5837&usuario=&sector=&fecha=2023&resuelve= HTTP/1.1" 200 1126
66.249.66.20 - - [26/Dec/2023:10:50:22 -0500] "GET /BLA/resoluciones/RESOLUCIONES%202009/2869.pdf HTTP/1.1" 200 530664
172.22.2.4 - - [26/Dec/2023:10:50:28 -0500] "GET /BLA/boletinlegal/consulta_actos.php?tipo=autos&no=5854&usuario=&sector=&fecha=2023&resuelve= HTTP/1.1" 200 1120
172.22.2.4 - - [26/Dec/2023:10:50:34 -0500] "GET /BLA/boletinlegal/consulta_actos.php?tipo=resoluciones&no=0229&usuario=EAAB&sector=RESIDUOS&fecha=2023&resuelve=AMARILLO HTTP/1.1" 200 626
172.22.2.4 - - [26/Dec/2023:10:48:55 -0500] "HEAD /BLA/boletinlegal/ HTTP/1.1" 200 -
172.22.2.4 - - [26/Dec/2023:10:50:36 -0500] "GET /BLA/boletinlegal/consulta_actos.php?tipo=autos&no=5844&usuario=&sector=&fecha=2023&resuelve= HTTP/1.1" 200 1123
186.85.234.113 - - [26/Dec/2023:10:50:43 -0500] "GET /sipse/faces/javax.faces.resource/images/ui-bg_flat_0_2d5972_40x100.png?ln=primefaces-aristo HTTP/1.1" 304 -
186.85.234.113 - - [26/Dec/2023:10:50:43 -0500] "POST /sipse/faces/presentacion/financiero/solicitudProceso/consultarSolicitudProceso.xhtml HTTP/1.1" 200 911
172.22.2.4 - - [26/Dec/2023:10:50:44 -0500] "GET /BLA/boletinlegal/consulta_actos.php?tipo=autos&no=5863&usuario=&sector=&fecha=2023&resuelve= HTTP/1.1" 200 1128
201.245.192.253 - - [26/Dec/2023:10:50:45 -0500] "POST /forms/lservlet;jsessionid=ac16012b30d6ac84fb743cb8490d9168fad49a174d06.e3iSbxaKaheRe34Qc38TbN0Nb41ynknvrkLOlQzNp65In0 HTTP/1.1" 200 2
201.245.192.253 - - [26/Dec/2023:10:50:48 -0500] "POST /appsia/controlador HTTP/1.1" 200 3600
201.245.192.253 - - [26/Dec/2023:10:50:48 -0500] "GET /appsia/jscripts/validarSolicitud.js HTTP/1.1" 404 68
201.245.192.253 - - [26/Dec/2023:10:50:48 -0500] "POST /forms/lservlet;jsessionid=ac16012b30d608a3c74dabe741288258ac4c4de7c868.e3iSbxaKaheRe34Qc38TbN0Nb41ynknvrkLOlQzNp65In0 HTTP/1.1" 200 8628
201.245.192.253 - - [26/Dec/2023:10:50:49 -0500] "POST /forms/lservlet;jsessionid=ac16012b30d608a3c74dabe741288258ac4c4de7c868.e3iSbxaKaheRe34Qc38TbN0Nb41ynknvrkLOlQzNp65In0 HTTP/1.1" 200 10
172.22.2.4 - - [26/Dec/2023:10:50:49 -0500] "GET /BLA/boletinlegal/consulta_actos.php?tipo=resoluciones&no=0229&usuario=EAAB&sector=INFRAESTRUCTURA&fecha=2023&resuelve= HTTP/1.1" 200 626
201.245.192.253 - - [26/Dec/2023:10:50:50 -0500] "POST /forms/lservlet;jsessionid=ac16012b30d608a3c74dabe741288258ac4c4de7c868.e3iSbxaKaheRe34Qc38TbN0Nb41ynknvrkLOlQzNp65In0 HTTP/1.1" 200 13
201.245.192.253 - - [26/Dec/2023:10:50:51 -0500] "POST /forms/lservlet;jsessionid=ac16012b30d608a3c74dabe741288258ac4c4de7c868.e3iSbxaKaheRe34Qc38TbN0Nb41ynknvrkLOlQzNp65In0 HTTP/1.1" 200 555
172.22.2.4 - - [26/Dec/2023:10:50:52 -0500] "GET /BLA/boletinlegal/consulta_actos.php?tipo=autos&no=5865&usuario=&sector=&fecha=2023&resuelve= HTTP/1.1" 200 1123
201.245.192.253 - - [26/Dec/2023:10:50:56 -0500] "POST /appsia/controlador HTTP/1.1" 200 4799
172.22.2.4 - - [26/Dec/2023:10:49:18 -0500] "GET /BLA/boletinlegal/ HTTP/1.1" 200 44124
172.22.2.4 - - [26/Dec/2023:10:51:00 -0500] "GET /BLA/boletinlegal/consulta_actos.php?tipo=autos&no=5872&usuario=&sector=&fecha=2023&resuelve= HTTP/1.1" 200 1132
172.22.2.4 - - [26/Dec/2023:10:51:10 -0500] "GET /BLA/boletinlegal/consulta_actos.php?tipo=autos&no=5873&usuario=&sector=&fecha=2023&resuelve= HTTP/1.1" 200 1121
192.168.172.47 - - [26/Dec/2023:10:51:15 -0500] "GET /BLA/boletinlegal/consulta_actos.php?tipo=resoluciones&no=4835&usuario=&sector=&fecha=2022&resuelve= HTTP/1.1" 200 1098
201.245.192.253 - - [26/Dec/2023:10:51:16 -0500] "GET /BLA/resoluciones/RESOLUCIONES%202022/4835.pdf HTTP/1.1" 200 522421
191.156.155.160 - - [26/Dec/2023:10:51:19 -0500] "POST /sipse/faces/presentacion/financiero/solicitudProceso/listarSolicitudProceso.xhtml HTTP/1.1" 200 20758
191.156.155.160 - - [26/Dec/2023:10:51:20 -0500] "POST /sipse/faces/presentacion/financiero/solicitudProceso/listarSolicitudProceso.xhtml HTTP/1.1" 200 20754
191.156.155.160 - - [26/Dec/2023:10:51:21 -0500] "POST /sipse/faces/presentacion/financiero/solicitudProceso/listarSolicitudProceso.xhtml HTTP/1.1" 200 20758
201.245.192.253 - - [26/Dec/2023:10:51:22 -0500] "POST /appsia/controlador HTTP/1.1" 200 3600
201.245.192.253 - - [26/Dec/2023:10:51:22 -0500] "GET /appsia/jscripts/validarSolicitud.js HTTP/1.1" 404 68
191.156.155.160 - - [26/Dec/2023:10:51:22 -0500] "POST /sipse/faces/presentacion/financiero/solicitudProceso/listarSolicitudProceso.xhtml HTTP/1.1" 200 20754
191.156.155.160 - - [26/Dec/2023:10:51:23 -0500] "POST /sipse/faces/presentacion/financiero/solicitudProceso/listarSolicitudProceso.xhtml HTTP/1.1" 200 20758
66.249.66.20 - - [26/Dec/2023:10:51:24 -0500] "GET /BLA/resoluciones/RESOLUCIONES%202011/3472.pdf HTTP/1.1" 200 538644
201.245.192.253 - - [26/Dec/2023:10:51:25 -0500] "POST /forms/lservlet;jsessionid=ac16012b30d608a3c74dabe741288258ac4c4de7c868.e3iSbxaKaheRe34Qc38TbN0Nb41ynknvrkLOlQzNp65In0 HTTP/1.1" 200 2
172.22.2.4 - - [26/Dec/2023:10:49:46 -0500] "GET /BLA/boletinlegal/ HTTP/1.1" 200 46616
191.156.155.160 - - [26/Dec/2023:10:51:26 -0500] "POST /sipse/faces/presentacion/financiero/solicitudProceso/listarSolicitudProceso.xhtml HTTP/1.1" 200 46293
191.156.155.160 - - [26/Dec/2023:10:51:28 -0500] "POST /sipse/faces/presentacion/financiero/solicitudProceso/listarSolicitudProceso.xhtml HTTP/1.1" 200 20812
172.22.2.4 - - [26/Dec/2023:10:51:30 -0500] "GET /BLA/boletinlegal/consulta_actos.php?tipo=autos&no=5874&usuario=&sector=&fecha=2023&resuelve= HTTP/1.1" 200 1124
191.156.155.160 - - [26/Dec/2023:10:51:35 -0500] "POST /sipse/faces/presentacion/financiero/solicitudProceso/listarSolicitudProceso.xhtml HTTP/1.1" 200 20868
191.156.155.160 - - [26/Dec/2023:10:51:39 -0500] "POST /sipse/faces/presentacion/financiero/solicitudProceso/listarSolicitudProceso.xhtml HTTP/1.1" 200 32311
192.168.172.47 - - [26/Dec/2023:10:51:46 -0500] "POST /BLA/boletinlegal/admin/actos/ingresar.php HTTP/1.1" 200 7302
191.156.155.160 - - [26/Dec/2023:10:51:45 -0500] "POST /sipse/faces/presentacion/financiero/solicitudProceso/listarSolicitudProceso.xhtml HTTP/1.1" 200 32311
172.22.2.4 - - [26/Dec/2023:10:51:50 -0500] "GET /BLA/boletinlegal/consulta_actos.php?tipo=autos&no=5881&usuario=&sector=&fecha=2023&resuelve= HTTP/1.1" 200 1125
191.156.155.160 - - [26/Dec/2023:10:51:50 -0500] "POST /sipse/faces/presentacion/financiero/solicitudProceso/listarSolicitudProceso.xhtml HTTP/1.1" 200 32311
192.168.172.47 - - [26/Dec/2023:10:51:56 -0500] "GET /BLA/boletinlegal/consulta_actos.php?tipo=resoluciones&no=2758&usuario=&sector=&fecha=2023&resuelve= HTTP/1.1" 200 1247
201.245.192.253 - - [26/Dec/2023:10:51:59 -0500] "POST /forms/lservlet;jsessionid=ac16012b30d608a3c74dabe741288258ac4c4de7c868.e3iSbxaKaheRe34Qc38TbN0Nb41ynknvrkLOlQzNp65In0 HTTP/1.1" 200 624
172.22.2.4 - - [26/Dec/2023:10:51:59 -0500] "GET /BLA/boletinlegal/consulta_actos.php?tipo=autos&no=5885&usuario=&sector=&fecha=2023&resuelve= HTTP/1.1" 200 1133
201.245.192.253 - - [26/Dec/2023:10:51:59 -0500] "POST /forms/lservlet;jsessionid=ac16012b30d608a3c74dabe741288258ac4c4de7c868.e3iSbxaKaheRe34Qc38TbN0Nb41ynknvrkLOlQzNp65In0 HTTP/1.1" 200 481
201.245.192.253 - - [26/Dec/2023:10:51:59 -0500] "POST /forms/lservlet;jsessionid=ac16012b30d608a3c74dabe741288258ac4c4de7c868.e3iSbxaKaheRe34Qc38TbN0Nb41ynknvrkLOlQzNp65In0 HTTP/1.1" 200 2
201.245.192.253 - - [26/Dec/2023:10:52:01 -0500] "POST /forms/lservlet;jsessionid=ac16012b30d608a3c74dabe741288258ac4c4de7c868.e3iSbxaKaheRe34Qc38TbN0Nb41ynknvrkLOlQzNp65In0 HTTP/1.1" 200 1361
201.245.192.253 - - [26/Dec/2023:10:52:01 -0500] "POST /forms/lservlet;jsessionid=ac16012b30d608a3c74dabe741288258ac4c4de7c868.e3iSbxaKaheRe34Qc38TbN0Nb41ynknvrkLOlQzNp65In0 HTTP/1.1" 200 13
201.245.192.253 - - [26/Dec/2023:10:52:02 -0500] "POST /forms/lservlet;jsessionid=ac16012b30d608a3c74dabe741288258ac4c4de7c868.e3iSbxaKaheRe34Qc38TbN0Nb41ynknvrkLOlQzNp65In0 HTTP/1.1" 200 207
201.245.192.253 - - [26/Dec/2023:10:52:02 -0500] "POST /forms/lservlet;jsessionid=ac16012b30d608a3c74dabe741288258ac4c4de7c868.e3iSbxaKaheRe34Qc38TbN0Nb41ynknvrkLOlQzNp65In0 HTTP/1.1" 200 21
201.245.192.253 - - [26/Dec/2023:10:52:03 -0500] "POST /forms/lservlet;jsessionid=ac16012b30d608a3c74dabe741288258ac4c4de7c868.e3iSbxaKaheRe34Qc38TbN0Nb41ynknvrkLOlQzNp65In0 HTTP/1.1" 200 7
201.245.192.253 - - [26/Dec/2023:10:52:03 -0500] "POST /forms/lservlet;jsessionid=ac16012b30d608a3c74dabe741288258ac4c4de7c868.e3iSbxaKaheRe34Qc38TbN0Nb41ynknvrkLOlQzNp65In0 HTTP/1.1" 200 97
201.245.192.253 - - [26/Dec/2023:10:52:03 -0500] "POST /forms/lservlet;jsessionid=ac16012b30d608a3c74dabe741288258ac4c4de7c868.e3iSbxaKaheRe34Qc38TbN0Nb41ynknvrkLOlQzNp65In0 HTTP/1.1" 200 2
172.22.2.4 - - [26/Dec/2023:10:52:06 -0500] "GET /BLA/boletinlegal/consulta_actos.php?tipo=autos&no=5899&usuario=&sector=&fecha=2023&resuelve= HTTP/1.1" 200 1111
172.22.2.4 - - [26/Dec/2023:10:52:15 -0500] "GET /BLA/boletinlegal/consulta_actos.php?tipo=autos&no=5901&usuario=&sector=&fecha=2023&resuelve= HTTP/1.1" 200 1121
201.245.192.253 - - [26/Dec/2023:10:52:21 -0500] "POST /forms/lservlet;jsessionid=ac16012b30d608a3c74dabe741288258ac4c4de7c868.e3iSbxaKaheRe34Qc38TbN0Nb41ynknvrkLOlQzNp65In0 HTTP/1.1" 200 75
201.245.192.253 - - [26/Dec/2023:10:52:22 -0500] "POST /forms/lservlet;jsessionid=ac16012b30d608a3c74dabe741288258ac4c4de7c868.e3iSbxaKaheRe34Qc38TbN0Nb41ynknvrkLOlQzNp65In0 HTTP/1.1" 200 100
201.245.192.253 - - [26/Dec/2023:10:52:22 -0500] "POST /forms/lservlet;jsessionid=ac16012b30d608a3c74dabe741288258ac4c4de7c868.e3iSbxaKaheRe34Qc38TbN0Nb41ynknvrkLOlQzNp65In0 HTTP/1.1" 200 60
201.245.192.253 - - [26/Dec/2023:10:52:22 -0500] "POST /forms/lservlet;jsessionid=ac16012b30d608a3c74dabe741288258ac4c4de7c868.e3iSbxaKaheRe34Qc38TbN0Nb41ynknvrkLOlQzNp65In0 HTTP/1.1" 200 58
201.245.192.253 - - [26/Dec/2023:10:52:25 -0500] "POST /forms/lservlet;jsessionid=ac16012b30d608a3c74dabe741288258ac4c4de7c868.e3iSbxaKaheRe34Qc38TbN0Nb41ynknvrkLOlQzNp65In0 HTTP/1.1" 200 2
172.22.2.4 - - [26/Dec/2023:10:52:25 -0500] "GET /BLA/boletinlegal/consulta_actos.php?tipo=autos&no=5903&usuario=&sector=&fecha=2023&resuelve= HTTP/1.1" 200 1125
201.245.192.253 - - [26/Dec/2023:10:52:25 -0500] "POST /forms/lservlet;jsessionid=ac16012b30d608a3c74dabe741288258ac4c4de7c868.e3iSbxaKaheRe34Qc38TbN0Nb41ynknvrkLOlQzNp65In0 HTTP/1.1" 200 70
201.245.192.253 - - [26/Dec/2023:10:52:26 -0500] "POST /forms/lservlet;jsessionid=ac16012b30d608a3c74dabe741288258ac4c4de7c868.e3iSbxaKaheRe34Qc38TbN0Nb41ynknvrkLOlQzNp65In0 HTTP/1.1" 200 175
172.22.2.4 - - [26/Dec/2023:10:52:41 -0500] "GET /BLA/boletinlegal/consulta_actos.php?tipo=autos&no=5904&usuario=&sector=&fecha=2023&resuelve= HTTP/1.1" 200 1127
201.245.192.253 - - [26/Dec/2023:10:52:45 -0500] "POST /forms/lservlet;jsessionid=ac16012b30d6ac84fb743cb8490d9168fad49a174d06.e3iSbxaKaheRe34Qc38TbN0Nb41ynknvrkLOlQzNp65In0 HTTP/1.1" 200 2
35.240.121.17 - - [26/Dec/2023:10:52:46 -0500] "GET / HTTP/1.1" 200 319
172.22.2.4 - - [26/Dec/2023:10:52:48 -0500] "GET /BLA/boletinlegal/consulta_actos.php?tipo=autos&no=5905&usuario=&sector=&fecha=2023&resuelve= HTTP/1.1" 200 1119
172.22.2.4 - - [26/Dec/2023:10:52:56 -0500] "GET /BLA/boletinlegal/consulta_actos.php?tipo=autos&no=5911&usuario=&sector=&fecha=2023&resuelve= HTTP/1.1" 200 1126
172.22.2.4 - - [26/Dec/2023:10:53:06 -0500] "GET /BLA/boletinlegal/consulta_actos.php?tipo=autos&no=5912&usuario=&sector=&fecha=2023&resuelve= HTTP/1.1" 200 1123
172.22.2.4 - - [26/Dec/2023:10:53:15 -0500] "GET /BLA/boletinlegal/consulta_actos.php?tipo=autos&no=5926&usuario=&sector=&fecha=2023&resuelve= HTTP/1.1" 200 1126
172.22.2.4 - - [26/Dec/2023:10:53:16 -0500] "GET /BLA/boletinlegal/consulta_actos.php?tipo=autos&no=5926&usuario=&sector=&fecha=2023&resuelve= HTTP/1.1" 200 1126
201.245.192.253 - - [26/Dec/2023:10:53:18 -0500] "POST /forms/lservlet;jsessionid=ac16012b30d608a3c74dabe741288258ac4c4de7c868.e3iSbxaKaheRe34Qc38TbN0Nb41ynknvrkLOlQzNp65In0 HTTP/1.1" 200 21
201.245.192.253 - - [26/Dec/2023:10:53:19 -0500] "POST /forms/lservlet;jsessionid=ac16012b30d608a3c74dabe741288258ac4c4de7c868.e3iSbxaKaheRe34Qc38TbN0Nb41ynknvrkLOlQzNp65In0 HTTP/1.1" 200 89
201.245.192.253 - - [26/Dec/2023:10:53:19 -0500] "POST /forms/lservlet;jsessionid=ac16012b30d608a3c74dabe741288258ac4c4de7c868.e3iSbxaKaheRe34Qc38TbN0Nb41ynknvrkLOlQzNp65In0 HTTP/1.1" 200 21
201.245.192.253 - - [26/Dec/2023:10:53:19 -0500] "POST /forms/lservlet;jsessionid=ac16012b30d608a3c74dabe741288258ac4c4de7c868.e3iSbxaKaheRe34Qc38TbN0Nb41ynknvrkLOlQzNp65In0 HTTP/1.1" 200 7
201.245.192.253 - - [26/Dec/2023:10:53:19 -0500] "POST /forms/lservlet;jsessionid=ac16012b30d608a3c74dabe741288258ac4c4de7c868.e3iSbxaKaheRe34Qc38TbN0Nb41ynknvrkLOlQzNp65In0 HTTP/1.1" 200 97
201.245.192.253 - - [26/Dec/2023:10:53:20 -0500] "POST /forms/lservlet;jsessionid=ac16012b30d608a3c74dabe741288258ac4c4de7c868.e3iSbxaKaheRe34Qc38TbN0Nb41ynknvrkLOlQzNp65In0 HTTP/1.1" 200 2
191.156.55.213 - - [26/Dec/2023:10:53:21 -0500] "GET /sipse/faces/presentacion/financiero/solicitudProceso/consultarSolicitudProceso.xhtml HTTP/1.1" 302 -
191.156.55.213 - - [26/Dec/2023:10:53:21 -0500] "GET /sipse/faces/autenticacion.xhtml HTTP/1.1" 200 12406
191.156.55.213 - - [26/Dec/2023:10:53:22 -0500] "GET /sipse/js/funciones.js HTTP/1.1" 200 12592
191.156.55.213 - - [26/Dec/2023:10:53:22 -0500] "GET /sipse/js/disable_browser_buttons.js HTTP/1.1" 200 3230
191.156.55.213 - - [26/Dec/2023:10:53:22 -0500] "GET /sipse/css/custom_css_sg.css HTTP/1.1" 200 9694
172.22.2.4 - - [26/Dec/2023:10:53:22 -0500] "GET /BLA/boletinlegal/consulta_actos.php?tipo=autos&no=5937&usuario=&sector=&fecha=2023&resuelve= HTTP/1.1" 200 1148
191.156.52.18 - - [26/Dec/2023:10:53:22 -0500] "GET /sipse/css/custom_css_sg_prime_login.css HTTP/1.1" 200 443
191.156.61.4 - - [26/Dec/2023:10:53:22 -0500] "GET /sipse/faces/javax.faces.resource/layout/layout.css?ln=primefaces&v=4.0 HTTP/1.1" 304 -
191.156.55.213 - - [26/Dec/2023:10:53:22 -0500] "GET /sipse/faces/javax.faces.resource/jquery/jquery.js?ln=primefaces&v=4.0 HTTP/1.1" 200 105384
191.156.52.53 - - [26/Dec/2023:10:53:22 -0500] "GET /sipse/faces/javax.faces.resource/primefaces.css?ln=primefaces&v=4.0 HTTP/1.1" 200 53295
191.156.51.255 - - [26/Dec/2023:10:53:22 -0500] "GET /sipse/faces/javax.faces.resource/theme.css?ln=primefaces-sipse HTTP/1.1" 200 50058
191.156.52.18 - - [26/Dec/2023:10:53:22 -0500] "GET /sipse/faces/javax.faces.resource/layout/layout.js?ln=primefaces&v=4.0 HTTP/1.1" 200 87560
191.156.55.213 - - [26/Dec/2023:10:53:22 -0500] "GET /sipse/faces/javax.faces.resource/jquery/jquery-plugins.js?ln=primefaces&v=4.0 HTTP/1.1" 200 220526
191.156.61.4 - - [26/Dec/2023:10:53:22 -0500] "GET /sipse/faces/javax.faces.resource/primefaces.js?ln=primefaces&v=4.0 HTTP/1.1" 200 276924
191.156.52.18 - - [26/Dec/2023:10:53:24 -0500] "GET /sipse/faces/javax.faces.resource/images/ui-icons_898989_256x240.png?ln=primefaces-aristo HTTP/1.1" 304 -
191.156.61.4 - - [26/Dec/2023:10:53:24 -0500] "GET /sipse/css/imagen/logoSDG.png HTTP/1.1" 200 53064
191.156.55.213 - - [26/Dec/2023:10:53:24 -0500] "GET /sipse/css/imagen/loginimg.png HTTP/1.1" 200 71635
191.156.55.213 - - [26/Dec/2023:10:53:25 -0500] "GET /sipse/faces/index.xhtml HTTP/1.1" 200 677
191.156.55.213 - - [26/Dec/2023:10:53:25 -0500] "GET /sipse/faces/javax.faces.resource/theme.css?ln=primefaces-sipse HTTP/1.1" 304 -
191.156.55.213 - - [26/Dec/2023:10:53:25 -0500] "GET /sipse/faces/faces/autenticacion.xhtml HTTP/1.1" 200 12406
191.156.61.4 - - [26/Dec/2023:10:53:25 -0500] "GET /sipse/faces/javax.faces.resource/primefaces.css?ln=primefaces&v=4.0 HTTP/1.1" 304 -
191.156.55.213 - - [26/Dec/2023:10:53:25 -0500] "GET /sipse/faces/javax.faces.resource/theme.css?ln=primefaces-sipse HTTP/1.1" 304 -
191.156.52.53 - - [26/Dec/2023:10:53:25 -0500] "GET /sipse/faces/javax.faces.resource/jquery/jquery-plugins.js?ln=primefaces&v=4.0 HTTP/1.1" 304 -
191.156.52.18 - - [26/Dec/2023:10:53:25 -0500] "GET /sipse/faces/javax.faces.resource/layout/layout.css?ln=primefaces&v=4.0 HTTP/1.1" 304 -
191.156.55.213 - - [26/Dec/2023:10:53:25 -0500] "GET /sipse/faces/javax.faces.resource/primefaces.js?ln=primefaces&v=4.0 HTTP/1.1" 304 -
191.156.51.255 - - [26/Dec/2023:10:53:25 -0500] "GET /sipse/faces/javax.faces.resource/jquery/jquery.js?ln=primefaces&v=4.0 HTTP/1.1" 304 -
201.245.192.253 - - [26/Dec/2023:10:53:25 -0500] "POST /forms/lservlet;jsessionid=ac16012b30d608a3c74dabe741288258ac4c4de7c868.e3iSbxaKaheRe34Qc38TbN0Nb41ynknvrkLOlQzNp65In0 HTTP/1.1" 200 2
191.156.61.4 - - [26/Dec/2023:10:53:25 -0500] "GET /sipse/faces/javax.faces.resource/layout/layout.js?ln=primefaces&v=4.0 HTTP/1.1" 304 -
201.245.192.253 - - [26/Dec/2023:10:53:26 -0500] "POST /forms/lservlet;jsessionid=ac16012b30d608a3c74dabe741288258ac4c4de7c868.e3iSbxaKaheRe34Qc38TbN0Nb41ynknvrkLOlQzNp65In0 HTTP/1.1" 200 82
201.245.192.253 - - [26/Dec/2023:10:53:26 -0500] "POST /forms/lservlet;jsessionid=ac16012b30d608a3c74dabe741288258ac4c4de7c868.e3iSbxaKaheRe34Qc38TbN0Nb41ynknvrkLOlQzNp65In0 HTTP/1.1" 200 51
201.245.192.253 - - [26/Dec/2023:10:53:24 -0500] "POST /kwsrmcab/Wsrmcab  HTTP/1.1" 200 36926
201.245.192.253 - - [26/Dec/2023:10:53:27 -0500] "POST /forms/lservlet;jsessionid=ac16012b30d608a3c74dabe741288258ac4c4de7c868.e3iSbxaKaheRe34Qc38TbN0Nb41ynknvrkLOlQzNp65In0 HTTP/1.1" 200 2
201.245.192.253 - - [26/Dec/2023:10:53:27 -0500] "POST /forms/lservlet;jsessionid=ac16012b30d608a3c74dabe741288258ac4c4de7c868.e3iSbxaKaheRe34Qc38TbN0Nb41ynknvrkLOlQzNp65In0 HTTP/1.1" 200 73
201.245.192.253 - - [26/Dec/2023:10:53:28 -0500] "POST /forms/lservlet;jsessionid=ac16012b30d608a3c74dabe741288258ac4c4de7c868.e3iSbxaKaheRe34Qc38TbN0Nb41ynknvrkLOlQzNp65In0 HTTP/1.1" 200 2430
201.245.192.253 - - [26/Dec/2023:10:53:29 -0500] "POST /forms/lservlet;jsessionid=ac16012b30d608a3c74dabe741288258ac4c4de7c868.e3iSbxaKaheRe34Qc38TbN0Nb41ynknvrkLOlQzNp65In0 HTTP/1.1" 200 2
201.245.192.253 - - [26/Dec/2023:10:53:29 -0500] "POST /forms/lservlet;jsessionid=ac16012b30d608a3c74dabe741288258ac4c4de7c868.e3iSbxaKaheRe34Qc38TbN0Nb41ynknvrkLOlQzNp65In0 HTTP/1.1" 200 1589
201.245.192.253 - - [26/Dec/2023:10:53:29 -0500] "POST /forms/lservlet;jsessionid=ac16012b30d608a3c74dabe741288258ac4c4de7c868.e3iSbxaKaheRe34Qc38TbN0Nb41ynknvrkLOlQzNp65In0 HTTP/1.1" 200 10
201.245.192.253 - - [26/Dec/2023:10:53:30 -0500] "POST /forms/lservlet;jsessionid=ac16012b30d608a3c74dabe741288258ac4c4de7c868.e3iSbxaKaheRe34Qc38TbN0Nb41ynknvrkLOlQzNp65In0 HTTP/1.1" 200 2
172.22.2.4 - - [26/Dec/2023:10:53:32 -0500] "GET /BLA/boletinlegal/consulta_actos.php?tipo=autos&no=5941&usuario=&sector=&fecha=2023&resuelve= HTTP/1.1" 200 1121
191.156.158.132 - - [26/Dec/2023:10:53:31 -0500] "POST /sipse/faces/presentacion/financiero/solicitudProceso/listarSolicitudProceso.xhtml HTTP/1.1" 200 154871
191.156.158.132 - - [26/Dec/2023:10:53:34 -0500] "GET /sipse/faces/javax.faces.resource/theme.css?ln=primefaces-sipse HTTP/1.1" 304 -
191.156.154.197 - - [26/Dec/2023:10:53:34 -0500] "GET /sipse/faces/javax.faces.resource/jquery/jquery.js?ln=primefaces&v=4.0 HTTP/1.1" 304 -
191.156.158.132 - - [26/Dec/2023:10:53:34 -0500] "GET /sipse/faces/javax.faces.resource/primefaces.css?ln=primefaces&v=4.0 HTTP/1.1" 304 -
191.156.158.132 - - [26/Dec/2023:10:53:34 -0500] "GET /sipse/faces/javax.faces.resource/layout/layout.css?ln=primefaces&v=4.0 HTTP/1.1" 304 -
191.156.158.132 - - [26/Dec/2023:10:53:34 -0500] "GET /sipse/faces/javax.faces.resource/jquery/jquery-plugins.js?ln=primefaces&v=4.0 HTTP/1.1" 304 -
191.156.158.132 - - [26/Dec/2023:10:53:34 -0500] "GET /sipse/faces/javax.faces.resource/primefaces.js?ln=primefaces&v=4.0 HTTP/1.1" 304 -
191.156.158.132 - - [26/Dec/2023:10:53:34 -0500] "GET /sipse/faces/javax.faces.resource/layout/layout.js?ln=primefaces&v=4.0 HTTP/1.1" 304 -
201.245.192.253 - - [26/Dec/2023:10:53:36 -0500] "POST /forms/lservlet;jsessionid=ac16012b30d608a3c74dabe741288258ac4c4de7c868.e3iSbxaKaheRe34Qc38TbN0Nb41ynknvrkLOlQzNp65In0 HTTP/1.1" 200 279
201.245.192.253 - - [26/Dec/2023:10:53:36 -0500] "POST /forms/lservlet;jsessionid=ac16012b30d608a3c74dabe741288258ac4c4de7c868.e3iSbxaKaheRe34Qc38TbN0Nb41ynknvrkLOlQzNp65In0 HTTP/1.1" 200 11
201.245.192.253 - - [26/Dec/2023:10:53:37 -0500] "POST /forms/lservlet;jsessionid=ac16012b30d608a3c74dabe741288258ac4c4de7c868.e3iSbxaKaheRe34Qc38TbN0Nb41ynknvrkLOlQzNp65In0 HTTP/1.1" 200 2
201.245.192.253 - - [26/Dec/2023:10:53:37 -0500] "POST /forms/lservlet;jsessionid=ac16012b30d608a3c74dabe741288258ac4c4de7c868.e3iSbxaKaheRe34Qc38TbN0Nb41ynknvrkLOlQzNp65In0 HTTP/1.1" 200 14
201.245.192.253 - - [26/Dec/2023:10:53:38 -0500] "POST /forms/lservlet;jsessionid=ac16012b30d608a3c74dabe741288258ac4c4de7c868.e3iSbxaKaheRe34Qc38TbN0Nb41ynknvrkLOlQzNp65In0 HTTP/1.1" 200 239
201.245.192.253 - - [26/Dec/2023:10:53:38 -0500] "POST /forms/lservlet;jsessionid=ac16012b30d608a3c74dabe741288258ac4c4de7c868.e3iSbxaKaheRe34Qc38TbN0Nb41ynknvrkLOlQzNp65In0 HTTP/1.1" 200 7
172.22.2.4 - - [26/Dec/2023:10:53:39 -0500] "GET /BLA/boletinlegal/consulta_actos.php?tipo=autos&no=5942&usuario=&sector=&fecha=2023&resuelve= HTTP/1.1" 200 1115
201.245.192.253 - - [26/Dec/2023:10:53:40 -0500] "GET /reports/rwservlet/getjobid=91391?server=repnomi HTTP/1.1" 200 31620
172.22.2.4 - - [26/Dec/2023:10:53:44 -0500] "GET /BLA/boletinlegal/actos.php HTTP/1.1" 200 9682
172.22.2.4 - - [26/Dec/2023:10:53:45 -0500] "GET /BLA/boletinlegal/consulta_actos.php?tipo=autos&no=5947&usuario=&sector=&fecha=2023&resuelve= HTTP/1.1" 200 1108
172.22.2.4 - - [26/Dec/2023:10:53:53 -0500] "GET /BLA/boletinlegal/consulta_actos.php?tipo=autos&no=5951&usuario=&sector=&fecha=2023&resuelve= HTTP/1.1" 200 1144
191.156.52.53 - - [26/Dec/2023:10:53:55 -0500] "POST /sipse/faces/autenticacion.xhtml HTTP/1.1" 200 2220
191.156.52.53 - - [26/Dec/2023:10:53:55 -0500] "GET /sipse/faces/javax.faces.resource/messages/messages.png?ln=primefaces&v=4.0 HTTP/1.1" 200 27209
172.22.2.4 - - [26/Dec/2023:10:53:56 -0500] "GET /BLA/boletinlegal/consulta_actos.php?tipo=resoluciones&no=0229&usuario=&sector=&fecha=2023&resuelve= HTTP/1.1" 200 626
191.156.52.53 - - [26/Dec/2023:10:53:59 -0500] "GET /sipse/faces/javax.faces.resource/images/ui-icons_898989_256x240.png?ln=primefaces-aristo HTTP/1.1" 304 -
201.245.192.253 - - [26/Dec/2023:10:53:56 -0500] "POST /sipse/faces/presentacion/financiero/solicitudProceso/listarSolicitudProceso.xhtml HTTP/1.1" 200 141914
201.245.192.253 - - [26/Dec/2023:10:53:59 -0500] "GET /sipse/faces/javax.faces.resource/theme.css?ln=primefaces-sipse HTTP/1.1" 304 -
201.245.192.253 - - [26/Dec/2023:10:53:59 -0500] "GET /sipse/faces/javax.faces.resource/layout/layout.css?ln=primefaces&v=4.0 HTTP/1.1" 304 -
201.245.192.253 - - [26/Dec/2023:10:53:59 -0500] "GET /sipse/faces/javax.faces.resource/primefaces.css?ln=primefaces&v=4.0 HTTP/1.1" 304 -
201.245.192.253 - - [26/Dec/2023:10:53:59 -0500] "GET /sipse/faces/javax.faces.resource/jquery/jquery.js?ln=primefaces&v=4.0 HTTP/1.1" 304 -
201.245.192.253 - - [26/Dec/2023:10:53:59 -0500] "GET /sipse/faces/javax.faces.resource/jquery/jquery-plugins.js?ln=primefaces&v=4.0 HTTP/1.1" 304 -
201.245.192.253 - - [26/Dec/2023:10:53:59 -0500] "GET /sipse/faces/javax.faces.resource/primefaces.js?ln=primefaces&v=4.0 HTTP/1.1" 304 -
201.245.192.253 - - [26/Dec/2023:10:53:59 -0500] "GET /sipse/faces/javax.faces.resource/layout/layout.js?ln=primefaces&v=4.0 HTTP/1.1" 304 -
201.245.192.253 - - [26/Dec/2023:10:53:59 -0500] "GET /sipse/css/imagen/contrasena.png HTTP/1.1" 404 383
191.156.60.163 - - [26/Dec/2023:10:53:59 -0500] "POST /sipse/faces/autenticacion.xhtml HTTP/1.1" 200 16474
191.156.60.163 - - [26/Dec/2023:10:53:59 -0500] "GET /sipse/css/custom_css_sg_prime.css HTTP/1.1" 200 5201
191.156.52.53 - - [26/Dec/2023:10:53:59 -0500] "GET /sipse/faces/javax.faces.resource/theme.css?ln=primefaces-sipse HTTP/1.1" 304 -
