201.245.192.253 - - [27/Dec/2023:04:39:36 -0500] "POST /forms/lservlet;jsessionid=ac16012b30d608a3c74dabe741288258ac4c4de7c868.e3iSbxaKaheRe34Qc38TbN0Nb41ynknvrkLOlQzNp65In0 HTTP/1.1" 200 2
172.22.2.4 - - [27/Dec/2023:04:37:56 -0500] "GET /BLA/boletinlegal/ HTTP/1.1" 200 58567
156.59.198.135 - - [27/Dec/2023:04:39:37 -0500] "GET /BLA/resoluciones/RESOLUCIONES%202009/3173.pdf HTTP/1.0" 200 474853
185.132.12.255 - - [27/Dec/2023:04:39:38 -0500] "GET /distrito-exalto-a-246-empresas-de-bogota-por-su-alto-desempeno-y-responsabilidad-ambiental-durante-2023.html HTTP/1.1" 200 1039
216.244.66.195 - - [27/Dec/2023:04:39:46 -0500] "GET /BLA/resoluciones/AUTOS%202019/1627.pdf HTTP/1.1" 200 343425
156.59.198.136 - - [27/Dec/2023:04:40:02 -0500] "GET /BLA/resoluciones/RESOLUCIONES%202007/RES%202007%20301%20AL%20400/RESOLUCION%200322%20DE%202007.pdf HTTP/1.0" 200 160270
201.245.192.253 - - [27/Dec/2023:04:40:04 -0500] "POST /kwsrmcab/Wsrmcab HTTP/1.1" 200 36794
201.245.192.253 - - [27/Dec/2023:04:40:09 -0500] "POST /kwsrmcab/Wsrmcab HTTP/1.1" 200 36638
156.59.198.135 - - [27/Dec/2023:04:40:27 -0500] "GET /BLA/resoluciones/RESOLUCIONES%202009/2194.pdf HTTP/1.0" 200 637510
216.244.66.195 - - [27/Dec/2023:04:40:33 -0500] "GET /BLA/resoluciones/AUTOS%202019/1741.pdf HTTP/1.1" 200 265359
34.170.14.166 - - [27/Dec/2023:04:40:37 -0500] "GET /distrito-exalto-a-246-empresas-de-bogota-por-su-alto-desempeno-y-responsabilidad-ambiental-durante-2023.html HTTP/1.1" 200 1039
156.59.198.135 - - [27/Dec/2023:04:40:52 -0500] "GET /BLA/resoluciones/RESOLUCIONES%202009/3450.pdf HTTP/1.0" 200 553499
156.59.198.136 - - [27/Dec/2023:04:41:17 -0500] "GET /BLA/resoluciones/Notificaciones/AUTOS%202023/3371.pdf HTTP/1.0" 200 2020218
216.244.66.195 - - [27/Dec/2023:04:41:19 -0500] "GET /BLA/resoluciones/AUTOS%202019/2441.pdf HTTP/1.1" 200 515254
201.245.192.253 - - [27/Dec/2023:04:41:31 -0500] "POST /forms/lservlet;jsessionid=ac16012b30d6ac84fb743cb8490d9168fad49a174d06.e3iSbxaKaheRe34Qc38TbN0Nb41ynknvrkLOlQzNp65In0 HTTP/1.1" 200 2
201.245.192.253 - - [27/Dec/2023:04:41:36 -0500] "POST /forms/lservlet;jsessionid=ac16012b30d608a3c74dabe741288258ac4c4de7c868.e3iSbxaKaheRe34Qc38TbN0Nb41ynknvrkLOlQzNp65In0 HTTP/1.1" 200 2
156.59.198.136 - - [27/Dec/2023:04:41:43 -0500] "GET /BLA/resoluciones/Notificaciones/AUTOS%202023/3094.pdf HTTP/1.0" 200 1007368
216.245.221.92 - - [27/Dec/2023:04:41:46 -0500] "HEAD / HTTP/1.1" 200 -
66.249.66.20 - - [27/Dec/2023:04:41:52 -0500] "GET /BLA/resoluciones/RESOLUCIONES%202009/4571.pdf HTTP/1.1" 200 639855
156.59.198.135 - - [27/Dec/2023:04:42:08 -0500] "GET /BLA/resoluciones/RESOLUCIONES%202009/2122.pdf HTTP/1.0" 200 568059
216.244.66.195 - - [27/Dec/2023:04:42:20 -0500] "GET /BLA/resoluciones/AUTOS%202019/2707.pdf HTTP/1.1" 200 342898
156.59.198.135 - - [27/Dec/2023:04:42:32 -0500] "GET /BLA/resoluciones/RESOLUCIONES%202018/2908.pdf HTTP/1.0" 200 351003
201.245.192.253 - - [27/Dec/2023:04:42:44 -0500] "POST /kwsrmcab/Wsrmcab  HTTP/1.1" 200 36330
156.59.198.135 - - [27/Dec/2023:04:42:56 -0500] "GET /BLA/resoluciones/RESOLUCIONES%202009/4009.pdf HTTP/1.0" 200 527237
216.244.66.195 - - [27/Dec/2023:04:43:04 -0500] "GET /BLA/resoluciones/AUTOS%202019/3107.pdf HTTP/1.1" 200 259999
66.249.66.19 - - [27/Dec/2023:04:43:07 -0500] "GET /BLA/resoluciones/RESOLUCIONES%202009/7091.pdf HTTP/1.1" 200 900060
156.59.198.135 - - [27/Dec/2023:04:43:20 -0500] "GET /BLA/resoluciones/RESOLUCIONES%202009/3970.pdf HTTP/1.0" 200 496305
201.245.192.253 - - [27/Dec/2023:04:43:31 -0500] "POST /forms/lservlet;jsessionid=ac16012b30d6ac84fb743cb8490d9168fad49a174d06.e3iSbxaKaheRe34Qc38TbN0Nb41ynknvrkLOlQzNp65In0 HTTP/1.1" 200 2
201.245.192.253 - - [27/Dec/2023:04:43:36 -0500] "POST /forms/lservlet;jsessionid=ac16012b30d608a3c74dabe741288258ac4c4de7c868.e3iSbxaKaheRe34Qc38TbN0Nb41ynknvrkLOlQzNp65In0 HTTP/1.1" 200 2
156.59.198.135 - - [27/Dec/2023:04:43:45 -0500] "GET /BLA/resoluciones/RESOLUCIONES%202009/2207.pdf HTTP/1.0" 200 612993
216.244.66.195 - - [27/Dec/2023:04:43:52 -0500] "GET /BLA/resoluciones/AUTOS%202019/3256.pdf HTTP/1.1" 200 339962
185.132.12.47 - - [27/Dec/2023:04:43:58 -0500] "GET /distrito-exalto-a-246-empresas-de-bogota-por-su-alto-desempeno-y-responsabilidad-ambiental-durante-2023.html HTTP/1.1" 200 1039
156.59.198.136 - - [27/Dec/2023:04:44:09 -0500] "GET /BLA/resoluciones/RESOLUCIONES%202007/RES%202007%201901%20AL%202000/RESOLUCION%201947%20DE%202007.pdf HTTP/1.0" 200 623076
156.59.198.135 - - [27/Dec/2023:04:44:33 -0500] "GET /BLA/resoluciones/RESOLUCIONES%202018/2992.pdf HTTP/1.0" 200 289033
172.22.2.4 - - [27/Dec/2023:04:42:55 -0500] "HEAD /BLA/boletinlegal/ HTTP/1.1" 200 -
216.244.66.195 - - [27/Dec/2023:04:44:42 -0500] "GET /BLA/resoluciones/AUTOS%202019/3354.pdf HTTP/1.1" 200 216939
156.59.198.135 - - [27/Dec/2023:04:44:58 -0500] "GET /BLA/resoluciones/RESOLUCIONES%202009/2941.pdf HTTP/1.0" 200 442181
156.59.198.135 - - [27/Dec/2023:04:45:21 -0500] "GET /BLA/resoluciones/RESOLUCIONES%202008/1454.pdf HTTP/1.0" 200 300406
52.167.144.190 - - [27/Dec/2023:04:45:23 -0500] "GET /autoliquidacion/grupo%20forestal%20-%20silvicultura/Ficha%20de%20actualizaci%C3%B3n%20del%20catastro%20de%20%C3%A1rboles.xls HTTP/1.1" 404 1018
172.22.2.4 - - [27/Dec/2023:04:43:46 -0500] "GET /BLA/boletinlegal/ HTTP/1.1" 200 60910
216.244.66.195 - - [27/Dec/2023:04:45:29 -0500] "GET /BLA/resoluciones/AUTOS%202019/4200.pdf HTTP/1.1" 200 287645
201.245.192.253 - - [27/Dec/2023:04:45:31 -0500] "POST /forms/lservlet;jsessionid=ac16012b30d6ac84fb743cb8490d9168fad49a174d06.e3iSbxaKaheRe34Qc38TbN0Nb41ynknvrkLOlQzNp65In0 HTTP/1.1" 200 2
201.245.192.253 - - [27/Dec/2023:04:45:36 -0500] "POST /forms/lservlet;jsessionid=ac16012b30d608a3c74dabe741288258ac4c4de7c868.e3iSbxaKaheRe34Qc38TbN0Nb41ynknvrkLOlQzNp65In0 HTTP/1.1" 200 2
156.59.198.136 - - [27/Dec/2023:04:45:46 -0500] "GET /BLA/resoluciones/RESOLUCIONES%202009/3625.pdf HTTP/1.0" 200 211212
216.244.66.195 - - [27/Dec/2023:04:46:03 -0500] "GET /BLA/resoluciones/AUTOS%202019/4445.pdf HTTP/1.1" 200 268549
156.59.198.135 - - [27/Dec/2023:04:46:11 -0500] "GET /BLA/resoluciones/RESOLUCIONES%202009/3400.pdf HTTP/1.0" 200 487539
156.59.198.135 - - [27/Dec/2023:04:46:35 -0500] "GET /BLA/resoluciones/RESOLUCIONES%202009/2557.pdf HTTP/1.0" 200 378933
185.132.12.239 - - [27/Dec/2023:04:46:42 -0500] "GET /distrito-exalto-a-246-empresas-de-bogota-por-su-alto-desempeno-y-responsabilidad-ambiental-durante-2023.html HTTP/1.1" 200 1039
216.245.221.92 - - [27/Dec/2023:04:46:46 -0500] "HEAD / HTTP/1.1" 200 -
156.59.198.136 - - [27/Dec/2023:04:47:00 -0500] "GET /BLA/resoluciones/RESOLUCIONES%202007/RES%202007%201301%20AL%201400/RESOLUCION%201334%20DE%202007.pdf HTTP/1.0" 200 71412
66.249.69.134 - - [27/Dec/2023:04:47:13 -0500] "GET /robots.txt HTTP/1.1" 404 1035
66.249.69.134 - - [27/Dec/2023:04:47:13 -0500] "GET /portaldeninos/humedal-torca-y-guaymaral-2/ HTTP/1.1" 200 88086
156.59.198.136 - - [27/Dec/2023:04:47:25 -0500] "GET /BLA/resoluciones/RESOLUCIONES%202009/4169.pdf HTTP/1.0" 200 684787
201.245.192.253 - - [27/Dec/2023:04:47:31 -0500] "POST /forms/lservlet;jsessionid=ac16012b30d6ac84fb743cb8490d9168fad49a174d06.e3iSbxaKaheRe34Qc38TbN0Nb41ynknvrkLOlQzNp65In0 HTTP/1.1" 200 2
201.245.192.253 - - [27/Dec/2023:04:47:36 -0500] "POST /forms/lservlet;jsessionid=ac16012b30d608a3c74dabe741288258ac4c4de7c868.e3iSbxaKaheRe34Qc38TbN0Nb41ynknvrkLOlQzNp65In0 HTTP/1.1" 200 2
201.245.192.253 - - [27/Dec/2023:04:47:43 -0500] "POST /kwsrmcab/Wsrmcab  HTTP/1.1" 200 36330
156.59.198.136 - - [27/Dec/2023:04:47:48 -0500] "GET /BLA/resoluciones/Notificaciones/AUTOS%202023/313.pdf HTTP/1.0" 200 393295
156.59.198.136 - - [27/Dec/2023:04:48:12 -0500] "GET /BLA/resoluciones/RESOLUCIONES%202008/1983.pdf HTTP/1.0" 200 682630
156.59.198.136 - - [27/Dec/2023:04:48:36 -0500] "GET /BLA/resoluciones/RESOLUCIONES%202018/3300.pdf HTTP/1.0" 200 337944
156.59.198.135 - - [27/Dec/2023:04:49:00 -0500] "GET /BLA/resoluciones/RESOLUCIONES%202007/RES%202007%202701%20AL%202800/RESOLUCION%202713%20DE%202007.pdf HTTP/1.0" 200 807515
156.59.198.136 - - [27/Dec/2023:04:49:24 -0500] "GET /BLA/resoluciones/RESOLUCIONES%202009/4090.pdf HTTP/1.0" 200 492354
201.245.192.253 - - [27/Dec/2023:04:49:31 -0500] "POST /forms/lservlet;jsessionid=ac16012b30d6ac84fb743cb8490d9168fad49a174d06.e3iSbxaKaheRe34Qc38TbN0Nb41ynknvrkLOlQzNp65In0 HTTP/1.1" 200 2
201.245.192.253 - - [27/Dec/2023:04:49:36 -0500] "POST /forms/lservlet;jsessionid=ac16012b30d608a3c74dabe741288258ac4c4de7c868.e3iSbxaKaheRe34Qc38TbN0Nb41ynknvrkLOlQzNp65In0 HTTP/1.1" 200 2
156.59.198.136 - - [27/Dec/2023:04:49:49 -0500] "GET /BLA/resoluciones/RESOLUCIONES%202018/2347.pdf HTTP/1.0" 200 380482
156.59.198.136 - - [27/Dec/2023:04:50:14 -0500] "GET /BLA/resoluciones/Notificaciones/AUTOS%202023/4286.pdf HTTP/1.0" 200 449104
172.22.2.4 - - [27/Dec/2023:04:48:45 -0500] "HEAD /BLA/boletinlegal/ HTTP/1.1" 200 -
156.59.198.135 - - [27/Dec/2023:04:50:37 -0500] "GET /BLA/resoluciones/RESOLUCIONES%202008/2091.pdf HTTP/1.0" 200 283734
156.59.198.135 - - [27/Dec/2023:04:51:01 -0500] "GET /BLA/resoluciones/RESOLUCIONES%202007/RES%202007%203301%20AL%203400/RESOLUCION%203370%20DE%202007.pdf HTTP/1.0" 200 1269077
172.22.2.4 - - [27/Dec/2023:04:49:36 -0500] "GET /BLA/boletinlegal/ HTTP/1.1" 200 60502
156.59.198.135 - - [27/Dec/2023:04:51:25 -0500] "GET /BLA/resoluciones/RESOLUCIONES%202009/4010.pdf HTTP/1.0" 200 494465
201.245.192.253 - - [27/Dec/2023:04:51:31 -0500] "POST /forms/lservlet;jsessionid=ac16012b30d6ac84fb743cb8490d9168fad49a174d06.e3iSbxaKaheRe34Qc38TbN0Nb41ynknvrkLOlQzNp65In0 HTTP/1.1" 200 2
201.245.192.253 - - [27/Dec/2023:04:51:36 -0500] "POST /forms/lservlet;jsessionid=ac16012b30d608a3c74dabe741288258ac4c4de7c868.e3iSbxaKaheRe34Qc38TbN0Nb41ynknvrkLOlQzNp65In0 HTTP/1.1" 200 2
216.245.221.92 - - [27/Dec/2023:04:51:46 -0500] "HEAD / HTTP/1.1" 200 -
156.59.198.135 - - [27/Dec/2023:04:51:50 -0500] "GET /BLA/resoluciones/Notificaciones/AUTOS%202020/1547.pdf HTTP/1.0" 200 832931
156.59.198.135 - - [27/Dec/2023:04:52:15 -0500] "GET /BLA/resoluciones/Notificaciones/AUTOS%202020/4166.pdf HTTP/1.0" 200 330198
66.249.66.21 - - [27/Dec/2023:04:52:17 -0500] "GET /BLA/resoluciones/RESOLUCIONES%202010/1989.pdf HTTP/1.1" 200 339200
156.59.198.136 - - [27/Dec/2023:04:52:38 -0500] "GET /BLA/resoluciones/RESOLUCIONES%202009/2812.pdf HTTP/1.0" 200 513011
52.167.144.211 - - [27/Dec/2023:04:52:44 -0500] "GET /autoliquidacion/grupo%20forestal%20-%20silvicultura/Instructivo-solicitud-Verificaci%C3%B3n-para-expedici%C3%B3n-SUNL.pdf HTTP/1.1" 404 1018
201.245.192.253 - - [27/Dec/2023:04:52:43 -0500] "POST /kwsrmcab/Wsrmcab  HTTP/1.1" 200 36330
156.59.198.135 - - [27/Dec/2023:04:53:02 -0500] "GET /BLA/resoluciones/RESOLUCIONES%202009/3291.pdf HTTP/1.0" 200 612695
156.59.198.135 - - [27/Dec/2023:04:53:26 -0500] "GET /BLA/resoluciones/RESOLUCIONES%202008/2288.pdf HTTP/1.0" 200 363168
201.245.192.253 - - [27/Dec/2023:04:53:31 -0500] "POST /forms/lservlet;jsessionid=ac16012b30d6ac84fb743cb8490d9168fad49a174d06.e3iSbxaKaheRe34Qc38TbN0Nb41ynknvrkLOlQzNp65In0 HTTP/1.1" 200 2
201.245.192.253 - - [27/Dec/2023:04:53:36 -0500] "POST /forms/lservlet;jsessionid=ac16012b30d608a3c74dabe741288258ac4c4de7c868.e3iSbxaKaheRe34Qc38TbN0Nb41ynknvrkLOlQzNp65In0 HTTP/1.1" 200 2
156.59.198.135 - - [27/Dec/2023:04:53:51 -0500] "GET /BLA/resoluciones/Notificaciones/AUTOS%202023/1415.pdf HTTP/1.0" 200 455679
156.59.198.136 - - [27/Dec/2023:04:54:15 -0500] "GET /BLA/resoluciones/RESOLUCIONES%202018/2768.pdf HTTP/1.0" 200 252904
156.59.198.136 - - [27/Dec/2023:04:54:39 -0500] "GET /BLA/resoluciones/Notificaciones/AUTOS%202023/5232.pdf HTTP/1.0" 200 815143
156.59.198.136 - - [27/Dec/2023:04:55:03 -0500] "GET /BLA/resoluciones/RESOLUCIONES%202009/3090.pdf HTTP/1.0" 200 955785
156.59.198.136 - - [27/Dec/2023:04:55:28 -0500] "GET /BLA/resoluciones/Notificaciones/AUTOS%202020/1480.pdf HTTP/1.0" 200 374128
201.245.192.253 - - [27/Dec/2023:04:55:31 -0500] "POST /forms/lservlet;jsessionid=ac16012b30d6ac84fb743cb8490d9168fad49a174d06.e3iSbxaKaheRe34Qc38TbN0Nb41ynknvrkLOlQzNp65In0 HTTP/1.1" 200 2
201.245.192.253 - - [27/Dec/2023:04:55:36 -0500] "POST /forms/lservlet;jsessionid=ac16012b30d608a3c74dabe741288258ac4c4de7c868.e3iSbxaKaheRe34Qc38TbN0Nb41ynknvrkLOlQzNp65In0 HTTP/1.1" 200 2
156.59.198.135 - - [27/Dec/2023:04:55:52 -0500] "GET /BLA/resoluciones/RESOLUCIONES%202009/3369.pdf HTTP/1.0" 200 559239
172.22.2.4 - - [27/Dec/2023:04:56:10 -0500] "GET /BLA/boletinlegal/favicon.ico HTTP/1.1" 404 1018
172.22.2.4 - - [27/Dec/2023:04:54:35 -0500] "HEAD /BLA/boletinlegal/ HTTP/1.1" 200 -
156.59.198.136 - - [27/Dec/2023:04:56:16 -0500] "GET /BLA/resoluciones/Notificaciones/AUTOS%202020/3322.pdf HTTP/1.0" 200 373834
156.59.198.136 - - [27/Dec/2023:04:56:40 -0500] "GET /BLA/resoluciones/RESOLUCIONES%202009/1230.pdf HTTP/1.0" 200 395410
40.77.167.48 - - [27/Dec/2023:04:56:44 -0500] "GET /portaldeninos/aulas-ambientales/aula-ambiental-sorotama/ HTTP/1.1" 200 89596
216.245.221.92 - - [27/Dec/2023:04:56:46 -0500] "HEAD / HTTP/1.1" 200 -
66.249.66.20 - - [27/Dec/2023:04:56:54 -0500] "GET /resoluciones/RESOLUCIONES%202007/RES%202007%202301%20AL%202400/RESOLUCION%202370%20DE%202007.pdf HTTP/1.1" 404 1018
156.59.198.136 - - [27/Dec/2023:04:57:05 -0500] "GET /BLA/resoluciones/RESOLUCIONES%202009/1267.pdf HTTP/1.0" 200 569573
172.22.2.4 - - [27/Dec/2023:04:55:26 -0500] "GET /BLA/boletinlegal/ HTTP/1.1" 200 60910
156.59.198.136 - - [27/Dec/2023:04:57:30 -0500] "GET /BLA/resoluciones/Notificaciones/AUTOS%202020/04108.pdf HTTP/1.0" 200 352077
201.245.192.253 - - [27/Dec/2023:04:57:31 -0500] "POST /forms/lservlet;jsessionid=ac16012b30d6ac84fb743cb8490d9168fad49a174d06.e3iSbxaKaheRe34Qc38TbN0Nb41ynknvrkLOlQzNp65In0 HTTP/1.1" 200 2
201.245.192.253 - - [27/Dec/2023:04:57:36 -0500] "POST /forms/lservlet;jsessionid=ac16012b30d608a3c74dabe741288258ac4c4de7c868.e3iSbxaKaheRe34Qc38TbN0Nb41ynknvrkLOlQzNp65In0 HTTP/1.1" 200 2
172.22.2.4 - - [27/Dec/2023:04:57:37 -0500] "GET /BLA/boletinlegal/favicon.ico HTTP/1.1" 404 1018
201.245.192.253 - - [27/Dec/2023:04:57:40 -0500] "POST /kwsrmcab/Wsrmcab  HTTP/1.1" 200 36330
156.59.198.136 - - [27/Dec/2023:04:57:54 -0500] "GET /BLA/resoluciones/RESOLUCIONES%202018/3031.pdf HTTP/1.0" 200 1696899
172.22.2.4 - - [27/Dec/2023:04:58:14 -0500] "GET /BLA/boletinlegal/Circulares/2012/Circular%20No.%207%20del%2008%20de%20Agosto%20de%202012.pdf HTTP/1.1" 200 972955
172.22.2.4 - - [27/Dec/2023:04:58:14 -0500] "GET /BLA/boletinlegal/favicon.ico HTTP/1.1" 404 1490
156.59.198.136 - - [27/Dec/2023:04:58:19 -0500] "GET /BLA/resoluciones/RESOLUCIONES%202007/RES%202007%202701%20AL%202800/RESOLUCION%202780%20DE%202007.pdf HTTP/1.0" 200 39976
156.59.198.135 - - [27/Dec/2023:04:58:43 -0500] "GET /BLA/resoluciones/RESOLUCIONES%202009/2815.pdf HTTP/1.0" 200 463434
191.156.61.106 - - [27/Dec/2023:04:58:52 -0500] "GET /jardin-botanico-lanza-antologia-de-cronicas-de-huerteras-y-huerteros-de-bogota.html HTTP/1.1" 200 821
168.119.253.13 - - [27/Dec/2023:04:58:58 -0500] "GET / HTTP/1.1" 200 4720
172.22.2.4 - - [27/Dec/2023:04:58:59 -0500] "GET /BLA/boletinlegal/manage/account/login HTTP/1.1" 404 1018
168.119.253.13 - - [27/Dec/2023:04:59:01 -0500] "GET / HTTP/1.1" 200 319
156.59.198.135 - - [27/Dec/2023:04:59:08 -0500] "GET /BLA/resoluciones/RESOLUCIONES%202018/1773.pdf HTTP/1.0" 200 1053986
201.245.192.253 - - [27/Dec/2023:04:59:31 -0500] "POST /forms/lservlet;jsessionid=ac16012b30d6ac84fb743cb8490d9168fad49a174d06.e3iSbxaKaheRe34Qc38TbN0Nb41ynknvrkLOlQzNp65In0 HTTP/1.1" 200 2
156.59.198.136 - - [27/Dec/2023:04:59:32 -0500] "GET /BLA/resoluciones/RESOLUCIONES%202009/2449.pdf HTTP/1.0" 200 321078
201.245.192.253 - - [27/Dec/2023:04:59:36 -0500] "POST /forms/lservlet;jsessionid=ac16012b30d608a3c74dabe741288258ac4c4de7c868.e3iSbxaKaheRe34Qc38TbN0Nb41ynknvrkLOlQzNp65In0 HTTP/1.1" 200 2
156.59.198.136 - - [27/Dec/2023:04:59:55 -0500] "GET /BLA/resoluciones/Notificaciones/AUTOS%202023/2448.pdf HTTP/1.0" 200 347407
40.77.167.48 - - [27/Dec/2023:04:59:55 -0500] "GET /portaldeninos/aulas-ambientales/aula-ambiental-sorotama/ HTTP/1.1" 200 89596
156.59.198.136 - - [27/Dec/2023:05:00:19 -0500] "GET /BLA/resoluciones/Notificaciones/AUTOS%202020/2141.pdf HTTP/1.0" 200 330443
156.59.198.136 - - [27/Dec/2023:05:00:44 -0500] "GET /BLA/resoluciones/RESOLUCIONES%202009/3464.pdf HTTP/1.0" 200 937563
172.22.2.4 - - [27/Dec/2023:05:00:57 -0500] "GET /BLA/boletinlegal/manage/account/login HTTP/1.1" 404 1018
52.167.144.166 - - [27/Dec/2023:05:00:58 -0500] "GET /Publicaciones/2023EE281436.pdf HTTP/1.1" 404 228
156.59.198.136 - - [27/Dec/2023:05:01:10 -0500] "GET /BLA/resoluciones/RESOLUCIONES%202009/1563.pdf HTTP/1.0" 200 565405
201.245.192.253 - - [27/Dec/2023:05:01:31 -0500] "POST /forms/lservlet;jsessionid=ac16012b30d6ac84fb743cb8490d9168fad49a174d06.e3iSbxaKaheRe34Qc38TbN0Nb41ynknvrkLOlQzNp65In0 HTTP/1.1" 200 2
156.59.198.136 - - [27/Dec/2023:05:01:33 -0500] "GET /BLA/resoluciones/RESOLUCIONES%202009/4027.pdf HTTP/1.0" 200 474099
201.245.192.253 - - [27/Dec/2023:05:01:36 -0500] "POST /forms/lservlet;jsessionid=ac16012b30d608a3c74dabe741288258ac4c4de7c868.e3iSbxaKaheRe34Qc38TbN0Nb41ynknvrkLOlQzNp65In0 HTTP/1.1" 200 2
66.249.66.19 - - [27/Dec/2023:05:01:40 -0500] "GET /BLA/resoluciones/RESOLUCIONES%202009/1260.pdf HTTP/1.1" 200 684752
216.245.221.92 - - [27/Dec/2023:05:01:46 -0500] "HEAD / HTTP/1.1" 200 -
156.59.198.135 - - [27/Dec/2023:05:01:58 -0500] "GET /BLA/resoluciones/RESOLUCIONES%202009/1375.pdf HTTP/1.0" 200 228656
172.22.2.4 - - [27/Dec/2023:05:00:26 -0500] "HEAD /BLA/boletinlegal/ HTTP/1.1" 200 -
156.59.198.136 - - [27/Dec/2023:05:02:22 -0500] "GET /BLA/resoluciones/Notificaciones/AUTOS%202023/1909.pdf HTTP/1.0" 200 401377
201.245.192.253 - - [27/Dec/2023:05:02:40 -0500] "POST /kwsrmcab/Wsrmcab  HTTP/1.1" 200 36330
156.59.198.136 - - [27/Dec/2023:05:02:45 -0500] "GET /BLA/resoluciones/RESOLUCIONES%202009/4436.pdf HTTP/1.0" 200 668361
172.22.2.4 - - [27/Dec/2023:05:02:46 -0500] "GET /BLA/boletinlegal/admin/index.html HTTP/1.1" 200 1692
172.22.2.4 - - [27/Dec/2023:05:01:17 -0500] "GET /BLA/boletinlegal/ HTTP/1.1" 200 58567
156.59.198.136 - - [27/Dec/2023:05:03:10 -0500] "GET /BLA/resoluciones/RESOLUCIONES%202007/RES%202007%203301%20AL%203400/RESOLUCION%203395%20DE%202007.pdf HTTP/1.0" 200 727316
66.249.66.19 - - [27/Dec/2023:05:03:24 -0500] "GET /BLA/resoluciones/RESOLUCIONES%202009/5540.pdf HTTP/1.1" 200 505319
201.245.192.253 - - [27/Dec/2023:05:03:32 -0500] "POST /forms/lservlet;jsessionid=ac16012b30d6ac84fb743cb8490d9168fad49a174d06.e3iSbxaKaheRe34Qc38TbN0Nb41ynknvrkLOlQzNp65In0 HTTP/1.1" 200 2
156.59.198.136 - - [27/Dec/2023:05:03:33 -0500] "GET /BLA/resoluciones/RESOLUCIONES%202018/1859.pdf HTTP/1.0" 200 552076
201.245.192.253 - - [27/Dec/2023:05:03:36 -0500] "POST /forms/lservlet;jsessionid=ac16012b30d608a3c74dabe741288258ac4c4de7c868.e3iSbxaKaheRe34Qc38TbN0Nb41ynknvrkLOlQzNp65In0 HTTP/1.1" 200 2
156.59.198.135 - - [27/Dec/2023:05:03:58 -0500] "GET /BLA/resoluciones/RESOLUCIONES%202009/2158.pdf HTTP/1.0" 200 561571
156.59.198.135 - - [27/Dec/2023:05:04:22 -0500] "GET /BLA/resoluciones/RESOLUCIONES%202018/1888.pdf HTTP/1.0" 200 237162
172.22.2.4 - - [27/Dec/2023:05:04:34 -0500] "GET /BLA/boletinlegal/admin/index.html HTTP/1.1" 200 1692
156.59.198.135 - - [27/Dec/2023:05:04:47 -0500] "GET /BLA/resoluciones/RESOLUCIONES%202009/2714.pdf HTTP/1.0" 200 415967
52.167.144.228 - - [27/Dec/2023:05:04:55 -0500] "GET /autoliquidacion/grupo%20forestal%20-%20silvicultura/Formulario%20de%20solicitud%20de%20manejo%20o%20aprovechamiento%20forestal.xlsx HTTP/1.1" 404 1018
156.59.198.136 - - [27/Dec/2023:05:05:12 -0500] "GET /BLA/resoluciones/Notificaciones/AUTOS%202023/05420.pdf HTTP/1.0" 200 371978
201.245.192.253 - - [27/Dec/2023:05:05:32 -0500] "POST /forms/lservlet;jsessionid=ac16012b30d6ac84fb743cb8490d9168fad49a174d06.e3iSbxaKaheRe34Qc38TbN0Nb41ynknvrkLOlQzNp65In0 HTTP/1.1" 200 2
201.245.192.253 - - [27/Dec/2023:05:05:36 -0500] "POST /forms/lservlet;jsessionid=ac16012b30d608a3c74dabe741288258ac4c4de7c868.e3iSbxaKaheRe34Qc38TbN0Nb41ynknvrkLOlQzNp65In0 HTTP/1.1" 200 2
156.59.198.136 - - [27/Dec/2023:05:05:36 -0500] "GET /BLA/resoluciones/Notificaciones/AUTOS%202020/1655.pdf HTTP/1.0" 200 307368
66.249.66.21 - - [27/Dec/2023:05:05:42 -0500] "GET /BLA/resoluciones/RESOLUCIONES%202009/2933.pdf HTTP/1.1" 200 432180
156.59.198.135 - - [27/Dec/2023:05:06:00 -0500] "GET /BLA/resoluciones/RESOLUCIONES%202008/2698.pdf HTTP/1.0" 200 293121
172.22.2.4 - - [27/Dec/2023:05:06:21 -0500] "GET /BLA/boletinlegal/index.html HTTP/1.1" 404 1018
156.59.198.136 - - [27/Dec/2023:05:06:25 -0500] "GET /BLA/resoluciones/RESOLUCIONES%202008/3257.pdf HTTP/1.0" 200 476262
216.245.221.92 - - [27/Dec/2023:05:06:46 -0500] "HEAD / HTTP/1.1" 200 -
156.59.198.135 - - [27/Dec/2023:05:06:50 -0500] "GET /BLA/resoluciones/RESOLUCIONES%202009/1362.pdf HTTP/1.0" 200 429802
156.59.198.136 - - [27/Dec/2023:05:07:14 -0500] "GET /BLA/resoluciones/RESOLUCIONES%202009/3340.pdf HTTP/1.0" 200 634732
201.245.192.253 - - [27/Dec/2023:05:07:32 -0500] "POST /forms/lservlet;jsessionid=ac16012b30d6ac84fb743cb8490d9168fad49a174d06.e3iSbxaKaheRe34Qc38TbN0Nb41ynknvrkLOlQzNp65In0 HTTP/1.1" 200 2
201.245.192.253 - - [27/Dec/2023:05:07:36 -0500] "POST /forms/lservlet;jsessionid=ac16012b30d608a3c74dabe741288258ac4c4de7c868.e3iSbxaKaheRe34Qc38TbN0Nb41ynknvrkLOlQzNp65In0 HTTP/1.1" 200 2
156.59.198.136 - - [27/Dec/2023:05:07:38 -0500] "GET /BLA/resoluciones/RESOLUCIONES%202009/2087.pdf HTTP/1.0" 200 471144
201.245.192.253 - - [27/Dec/2023:05:07:38 -0500] "POST /kwsrmcab/Wsrmcab  HTTP/1.1" 200 36330
172.22.2.4 - - [27/Dec/2023:05:06:16 -0500] "HEAD /BLA/boletinlegal/ HTTP/1.1" 200 -
156.59.198.136 - - [27/Dec/2023:05:08:03 -0500] "GET /BLA/resoluciones/RESOLUCIONES%202007/RES%202007%202301%20AL%202400/RESOLUCION%202304%20DE%202007.pdf HTTP/1.0" 200 1302226
54.156.251.192 - - [27/Dec/2023:05:08:08 -0500] "GET /BLA/resoluciones/RESOLUCIONES%202023/2700.pdf HTTP/1.1" 200 13546798
172.22.2.4 - - [27/Dec/2023:05:08:21 -0500] "GET /BLA/boletinlegal/index.html HTTP/1.1" 404 1018
156.59.198.136 - - [27/Dec/2023:05:08:27 -0500] "GET /BLA/resoluciones/RESOLUCIONES%202008/2178.pdf HTTP/1.0" 200 300383
172.22.2.4 - - [27/Dec/2023:05:07:07 -0500] "GET /BLA/boletinlegal/ HTTP/1.1" 200 58567
156.59.198.136 - - [27/Dec/2023:05:08:51 -0500] "GET /BLA/resoluciones/RESOLUCIONES%202007/RES%202007%201301%20AL%201400/RESOLUCION%201365%20DE%202007.pdf HTTP/1.0" 200 301087
156.59.198.136 - - [27/Dec/2023:05:09:17 -0500] "GET /BLA/resoluciones/RESOLUCIONES%202009/2338.pdf HTTP/1.0" 200 626382
201.245.192.253 - - [27/Dec/2023:05:09:32 -0500] "POST /forms/lservlet;jsessionid=ac16012b30d6ac84fb743cb8490d9168fad49a174d06.e3iSbxaKaheRe34Qc38TbN0Nb41ynknvrkLOlQzNp65In0 HTTP/1.1" 200 2
201.245.192.253 - - [27/Dec/2023:05:09:36 -0500] "POST /forms/lservlet;jsessionid=ac16012b30d608a3c74dabe741288258ac4c4de7c868.e3iSbxaKaheRe34Qc38TbN0Nb41ynknvrkLOlQzNp65In0 HTTP/1.1" 200 2
156.59.198.136 - - [27/Dec/2023:05:09:41 -0500] "GET /BLA/resoluciones/RESOLUCIONES%202009/2268.pdf HTTP/1.0" 200 350424
156.59.198.135 - - [27/Dec/2023:05:10:05 -0500] "GET /BLA/resoluciones/RESOLUCIONES%202009/3726.pdf HTTP/1.0" 200 519039
172.22.2.4 - - [27/Dec/2023:05:10:14 -0500] "GET /BLA/boletinlegal/+CSCOE+/logon.html HTTP/1.1" 404 1018
156.59.198.135 - - [27/Dec/2023:05:10:29 -0500] "GET /BLA/resoluciones/RESOLUCIONES%202009/1273.pdf HTTP/1.0" 200 101918
156.59.198.136 - - [27/Dec/2023:05:10:54 -0500] "GET /BLA/resoluciones/RESOLUCIONES%202009/4012.pdf HTTP/1.0" 200 511445
156.59.198.135 - - [27/Dec/2023:05:11:18 -0500] "GET /BLA/resoluciones/RESOLUCIONES%202018/2569.pdf HTTP/1.0" 200 234311
66.249.66.19 - - [27/Dec/2023:05:11:30 -0500] "GET /BLA/resoluciones/AUTOS%202014/0832.pdf HTTP/1.1" 200 309898
201.245.192.253 - - [27/Dec/2023:05:11:32 -0500] "POST /forms/lservlet;jsessionid=ac16012b30d6ac84fb743cb8490d9168fad49a174d06.e3iSbxaKaheRe34Qc38TbN0Nb41ynknvrkLOlQzNp65In0 HTTP/1.1" 200 2
201.245.192.253 - - [27/Dec/2023:05:11:36 -0500] "POST /forms/lservlet;jsessionid=ac16012b30d608a3c74dabe741288258ac4c4de7c868.e3iSbxaKaheRe34Qc38TbN0Nb41ynknvrkLOlQzNp65In0 HTTP/1.1" 200 2
156.59.198.135 - - [27/Dec/2023:05:11:42 -0500] "GET /BLA/resoluciones/RESOLUCIONES%202007/RES%202007%201301%20AL%201400/RESOLUCION%201315%20DE%202007.pdf HTTP/1.0" 200 573836
216.245.221.92 - - [27/Dec/2023:05:11:46 -0500] "HEAD / HTTP/1.1" 200 -
172.22.2.4 - - [27/Dec/2023:05:12:04 -0500] "GET /BLA/boletinlegal/+CSCOE+/logon.html HTTP/1.1" 404 1018
156.59.198.136 - - [27/Dec/2023:05:12:07 -0500] "GET /BLA/resoluciones/RESOLUCIONES%202009/4388.pdf HTTP/1.0" 200 618217
52.167.144.184 - - [27/Dec/2023:05:12:17 -0500] "GET /distrito-exalto-a-246-empresas-de-bogota-por-su-alto-desempeno-y-responsabilidad-ambiental-durante-2023.html HTTP/1.1" 200 1039
156.59.198.135 - - [27/Dec/2023:05:12:31 -0500] "GET /BLA/resoluciones/RESOLUCIONES%202009/4303.pdf HTTP/1.0" 200 509329
201.245.192.253 - - [27/Dec/2023:05:12:37 -0500] "POST /kwsrmcab/Wsrmcab  HTTP/1.1" 200 36330
156.59.198.135 - - [27/Dec/2023:05:12:56 -0500] "GET /BLA/resoluciones/RESOLUCIONES%202009/2302.pdf HTTP/1.0" 200 339794
156.59.198.136 - - [27/Dec/2023:05:13:19 -0500] "GET /BLA/resoluciones/Notificaciones/AUTOS%202020/3192.pdf HTTP/1.0" 200 561929
201.245.192.253 - - [27/Dec/2023:05:13:32 -0500] "POST /forms/lservlet;jsessionid=ac16012b30d6ac84fb743cb8490d9168fad49a174d06.e3iSbxaKaheRe34Qc38TbN0Nb41ynknvrkLOlQzNp65In0 HTTP/1.1" 200 2
201.245.192.253 - - [27/Dec/2023:05:13:36 -0500] "POST /forms/lservlet;jsessionid=ac16012b30d608a3c74dabe741288258ac4c4de7c868.e3iSbxaKaheRe34Qc38TbN0Nb41ynknvrkLOlQzNp65In0 HTTP/1.1" 200 2
156.59.198.136 - - [27/Dec/2023:05:13:45 -0500] "GET /BLA/resoluciones/RESOLUCIONES%202008/3351.pdf HTTP/1.0" 200 474823
172.22.2.4 - - [27/Dec/2023:05:12:06 -0500] "HEAD /BLA/boletinlegal/ HTTP/1.1" 200 -
156.59.198.135 - - [27/Dec/2023:05:14:08 -0500] "GET /BLA/resoluciones/RESOLUCIONES%202008/2046.pdf HTTP/1.0" 200 502095
172.22.2.4 - - [27/Dec/2023:05:14:13 -0500] "GET /BLA/boletinlegal/cgi-bin/login.cgi HTTP/1.1" 404 1018
157.55.39.62 - - [27/Dec/2023:05:14:19 -0500] "GET /Publicaciones/2023EE283613.pdf HTTP/1.1" 404 228
157.55.39.62 - - [27/Dec/2023:05:14:20 -0500] "GET /BLA/resoluciones/AUTOS%202022/8171.pdf HTTP/1.1" 200 383612
156.59.198.135 - - [27/Dec/2023:05:14:32 -0500] "GET /BLA/resoluciones/RESOLUCIONES%202008/4021.pdf HTTP/1.0" 200 371903
172.22.2.4 - - [27/Dec/2023:05:12:57 -0500] "GET /BLA/boletinlegal/ HTTP/1.1" 200 60910
47.128.119.151 - - [27/Dec/2023:05:14:59 -0500] "GET /robots.txt HTTP/1.1" 404 1018
172.22.2.4 - - [27/Dec/2023:05:14:59 -0500] "GET /BLA/boletinlegal/favicon.ico HTTP/1.1" 404 1326
156.59.198.135 - - [27/Dec/2023:05:15:21 -0500] "GET /BLA/resoluciones/RESOLUCIONES%202007/RES%202007%203001%20AL%203100/RESOLUCION%203039%20DE%202007.pdf HTTP/1.0" 200 607141
201.245.192.253 - - [27/Dec/2023:05:15:32 -0500] "POST /forms/lservlet;jsessionid=ac16012b30d6ac84fb743cb8490d9168fad49a174d06.e3iSbxaKaheRe34Qc38TbN0Nb41ynknvrkLOlQzNp65In0 HTTP/1.1" 200 2
201.245.192.253 - - [27/Dec/2023:05:15:36 -0500] "POST /forms/lservlet;jsessionid=ac16012b30d608a3c74dabe741288258ac4c4de7c868.e3iSbxaKaheRe34Qc38TbN0Nb41ynknvrkLOlQzNp65In0 HTTP/1.1" 200 2
52.167.144.223 - - [27/Dec/2023:05:15:41 -0500] "GET /Autoliquidacion/TR%C3%81MITES%20AGUAS%20SUPERFICIALES/Lista%20de%20chequeo%20concesion%20de%20aguas%20superficiales.XLS HTTP/1.1" 200 100352
156.59.198.135 - - [27/Dec/2023:05:15:45 -0500] "GET /BLA/resoluciones/RESOLUCIONES%202008/3936.pdf HTTP/1.0" 200 465190
172.22.2.4 - - [27/Dec/2023:05:16:03 -0500] "GET /BLA/boletinlegal/cgi-bin/login.cgi HTTP/1.1" 404 1018
201.245.192.253 - - [27/Dec/2023:05:16:02 -0500] "POST /kwsrmcab/Wsrmcab HTTP/1.1" 200 36624
201.245.192.253 - - [27/Dec/2023:05:16:05 -0500] "POST /kwsrmcab/Wsrmcab HTTP/1.1" 200 36626
156.59.198.136 - - [27/Dec/2023:05:16:10 -0500] "GET /BLA/resoluciones/RESOLUCIONES%202009/2678.pdf HTTP/1.0" 200 384763
156.59.198.136 - - [27/Dec/2023:05:16:36 -0500] "GET /BLA/resoluciones/AUTOS%202015/4641.pdf HTTP/1.0" 200 314176
216.245.221.92 - - [27/Dec/2023:05:16:46 -0500] "HEAD / HTTP/1.1" 200 -
156.59.198.136 - - [27/Dec/2023:05:17:01 -0500] "GET /BLA/resoluciones/RESOLUCIONES%202009/1753.pdf HTTP/1.0" 200 483921
156.59.198.135 - - [27/Dec/2023:05:17:24 -0500] "GET /BLA/resoluciones/RESOLUCIONES%202009/2329.pdf HTTP/1.0" 200 641214
201.245.192.253 - - [27/Dec/2023:05:17:32 -0500] "POST /forms/lservlet;jsessionid=ac16012b30d6ac84fb743cb8490d9168fad49a174d06.e3iSbxaKaheRe34Qc38TbN0Nb41ynknvrkLOlQzNp65In0 HTTP/1.1" 200 2
201.245.192.253 - - [27/Dec/2023:05:17:36 -0500] "POST /forms/lservlet;jsessionid=ac16012b30d608a3c74dabe741288258ac4c4de7c868.e3iSbxaKaheRe34Qc38TbN0Nb41ynknvrkLOlQzNp65In0 HTTP/1.1" 200 2
201.245.192.253 - - [27/Dec/2023:05:17:35 -0500] "POST /kwsrmcab/Wsrmcab  HTTP/1.1" 200 36330
156.59.198.136 - - [27/Dec/2023:05:17:50 -0500] "GET /BLA/resoluciones/RESOLUCIONES%202008/5123.pdf HTTP/1.0" 200 555079
172.22.2.4 - - [27/Dec/2023:05:17:52 -0500] "GET /BLA/boletinlegal/logon.htm HTTP/1.1" 404 1018
156.59.198.136 - - [27/Dec/2023:05:18:15 -0500] "GET /BLA/resoluciones/Notificaciones/AUTOS%202020/1118.pdf HTTP/1.0" 200 339652
156.59.198.135 - - [27/Dec/2023:05:18:39 -0500] "GET /BLA/resoluciones/RESOLUCIONES%202009/1925.pdf HTTP/1.0" 200 494927
156.59.198.135 - - [27/Dec/2023:05:19:04 -0500] "GET /BLA/resoluciones/RESOLUCIONES%202018/2984.pdf HTTP/1.0" 200 6501367
185.180.143.8 - - [27/Dec/2023:05:19:18 -0500] "GET / HTTP/1.1" 200 319
156.59.198.136 - - [27/Dec/2023:05:19:28 -0500] "GET /BLA/resoluciones/RESOLUCIONES%202008/4566.pdf HTTP/1.0" 200 357135
201.245.192.253 - - [27/Dec/2023:05:19:32 -0500] "POST /forms/lservlet;jsessionid=ac16012b30d6ac84fb743cb8490d9168fad49a174d06.e3iSbxaKaheRe34Qc38TbN0Nb41ynknvrkLOlQzNp65In0 HTTP/1.1" 200 2
201.245.192.253 - - [27/Dec/2023:05:19:36 -0500] "POST /forms/lservlet;jsessionid=ac16012b30d608a3c74dabe741288258ac4c4de7c868.e3iSbxaKaheRe34Qc38TbN0Nb41ynknvrkLOlQzNp65In0 HTTP/1.1" 200 2
172.22.2.4 - - [27/Dec/2023:05:17:56 -0500] "HEAD /BLA/boletinlegal/ HTTP/1.1" 200 -
156.59.198.135 - - [27/Dec/2023:05:19:52 -0500] "GET /BLA/resoluciones/RESOLUCIONES%202018/2679.pdf HTTP/1.0" 200 344548
201.245.192.253 - - [27/Dec/2023:05:20:04 -0500] "POST /kwsrmcab/Wsrmcab HTTP/1.1" 200 36624
172.22.2.4 - - [27/Dec/2023:05:20:07 -0500] "GET /BLA/boletinlegal/logon.htm HTTP/1.1" 404 1018
201.245.192.253 - - [27/Dec/2023:05:20:09 -0500] "POST /kwsrmcab/Wsrmcab HTTP/1.1" 200 36626
156.59.198.136 - - [27/Dec/2023:05:20:15 -0500] "GET /BLA/resoluciones/RESOLUCIONES%202008/2177.pdf HTTP/1.0" 200 315769
172.22.2.4 - - [27/Dec/2023:05:18:47 -0500] "GET /BLA/boletinlegal/ HTTP/1.1" 200 58567
156.59.198.135 - - [27/Dec/2023:05:20:41 -0500] "GET /BLA/resoluciones/Notificaciones/AUTOS%202023/3887.pdf HTTP/1.0" 200 447677
156.59.198.135 - - [27/Dec/2023:05:21:05 -0500] "GET /BLA/resoluciones/Notificaciones/AUTOS%202023/2820.pdf HTTP/1.0" 200 1060050
156.59.198.135 - - [27/Dec/2023:05:21:29 -0500] "GET /BLA/resoluciones/RESOLUCIONES%202007/RES%202007%202501%20AL%202600/RESOLUCION%202569%20DE%202007.pdf HTTP/1.0" 200 222713
201.245.192.253 - - [27/Dec/2023:05:21:32 -0500] "POST /forms/lservlet;jsessionid=ac16012b30d6ac84fb743cb8490d9168fad49a174d06.e3iSbxaKaheRe34Qc38TbN0Nb41ynknvrkLOlQzNp65In0 HTTP/1.1" 200 2
201.245.192.253 - - [27/Dec/2023:05:21:36 -0500] "POST /forms/lservlet;jsessionid=ac16012b30d608a3c74dabe741288258ac4c4de7c868.e3iSbxaKaheRe34Qc38TbN0Nb41ynknvrkLOlQzNp65In0 HTTP/1.1" 200 2
216.245.221.92 - - [27/Dec/2023:05:21:46 -0500] "HEAD / HTTP/1.1" 200 -
173.252.107.5 - - [27/Dec/2023:05:21:54 -0500] "GET /images/feria-servicios-ambiental-barrios-unidos-17-marzo.jpg HTTP/1.1" 200 58797
156.59.198.135 - - [27/Dec/2023:05:21:54 -0500] "GET /BLA/resoluciones/RESOLUCIONES%202009/3820.pdf HTTP/1.0" 200 669167
172.22.2.4 - - [27/Dec/2023:05:21:59 -0500] "GET /BLA/boletinlegal/login.jsp HTTP/1.1" 404 1018
156.59.198.136 - - [27/Dec/2023:05:22:19 -0500] "GET /BLA/resoluciones/RESOLUCIONES%202018/2616.pdf HTTP/1.0" 200 380715
201.245.192.253 - - [27/Dec/2023:05:22:34 -0500] "POST /kwsrmcab/Wsrmcab  HTTP/1.1" 200 36330
156.59.198.136 - - [27/Dec/2023:05:22:44 -0500] "GET /BLA/resoluciones/Notificaciones/AUTOS%202020/3429.pdf HTTP/1.0" 200 366162
156.59.198.136 - - [27/Dec/2023:05:23:07 -0500] "GET /BLA/resoluciones/Notificaciones/AUTOS%202020/3794.pdf HTTP/1.0" 200 351524
201.245.192.253 - - [27/Dec/2023:05:23:32 -0500] "POST /forms/lservlet;jsessionid=ac16012b30d6ac84fb743cb8490d9168fad49a174d06.e3iSbxaKaheRe34Qc38TbN0Nb41ynknvrkLOlQzNp65In0 HTTP/1.1" 200 2
156.59.198.136 - - [27/Dec/2023:05:23:32 -0500] "GET /BLA/resoluciones/RESOLUCIONES%202009/1528.pdf HTTP/1.0" 200 364750
201.245.192.253 - - [27/Dec/2023:05:23:36 -0500] "POST /forms/lservlet;jsessionid=ac16012b30d608a3c74dabe741288258ac4c4de7c868.e3iSbxaKaheRe34Qc38TbN0Nb41ynknvrkLOlQzNp65In0 HTTP/1.1" 200 2
172.22.2.4 - - [27/Dec/2023:05:23:50 -0500] "GET /BLA/boletinlegal/login.jsp HTTP/1.1" 404 1018
156.59.198.136 - - [27/Dec/2023:05:23:57 -0500] "GET /BLA/resoluciones/Notificaciones/AUTOS%202023/3792.pdf HTTP/1.0" 200 769731
156.59.198.136 - - [27/Dec/2023:05:24:22 -0500] "GET /BLA/resoluciones/RESOLUCIONES%202009/1343.pdf HTTP/1.0" 200 437157
156.59.198.136 - - [27/Dec/2023:05:24:45 -0500] "GET /BLA/resoluciones/RESOLUCIONES%202018/2073.pdf HTTP/1.0" 200 3171240
156.59.198.135 - - [27/Dec/2023:05:25:10 -0500] "GET /BLA/resoluciones/RESOLUCIONES%202008/5032.pdf HTTP/1.0" 200 277683
201.217.210.60 - - [27/Dec/2023:05:25:23 -0500] "GET /distrito-exalto-a-246-empresas-de-bogota-por-su-alto-desempeno-y-responsabilidad-ambiental-durante-2023.html HTTP/1.1" 200 1039
201.217.210.60 - - [27/Dec/2023:05:25:23 -0500] "GET /favicon.ico HTTP/1.1" 404 1136
172.22.2.4 - - [27/Dec/2023:05:23:46 -0500] "HEAD /BLA/boletinlegal/ HTTP/1.1" 200 -
201.245.192.253 - - [27/Dec/2023:05:25:32 -0500] "POST /forms/lservlet;jsessionid=ac16012b30d6ac84fb743cb8490d9168fad49a174d06.e3iSbxaKaheRe34Qc38TbN0Nb41ynknvrkLOlQzNp65In0 HTTP/1.1" 200 2
156.59.198.136 - - [27/Dec/2023:05:25:33 -0500] "GET /BLA/resoluciones/RESOLUCIONES%202018/1803.pdf HTTP/1.0" 200 4873258
201.245.192.253 - - [27/Dec/2023:05:25:36 -0500] "POST /forms/lservlet;jsessionid=ac16012b30d608a3c74dabe741288258ac4c4de7c868.e3iSbxaKaheRe34Qc38TbN0Nb41ynknvrkLOlQzNp65In0 HTTP/1.1" 200 2
156.59.198.135 - - [27/Dec/2023:05:25:58 -0500] "GET /BLA/resoluciones/RESOLUCIONES%202009/3407.pdf HTTP/1.0" 200 472073
201.245.192.253 - - [27/Dec/2023:05:26:03 -0500] "POST /kwsrmcab/Wsrmcab HTTP/1.1" 200 36624
201.245.192.253 - - [27/Dec/2023:05:26:06 -0500] "POST /kwsrmcab/Wsrmcab HTTP/1.1" 200 36626
172.22.2.4 - - [27/Dec/2023:05:24:37 -0500] "GET /BLA/boletinlegal/ HTTP/1.1" 200 58969
156.59.198.136 - - [27/Dec/2023:05:26:22 -0500] "GET /BLA/resoluciones/Notificaciones/AUTOS%202023/2070.pdf HTTP/1.0" 200 381860
156.59.198.136 - - [27/Dec/2023:05:26:46 -0500] "GET /BLA/resoluciones/RESOLUCIONES%202009/3698.pdf HTTP/1.0" 200 50524
216.245.221.92 - - [27/Dec/2023:05:26:46 -0500] "HEAD / HTTP/1.1" 200 -
156.59.198.135 - - [27/Dec/2023:05:27:10 -0500] "GET /BLA/resoluciones/Notificaciones/AUTOS%202020/03979.pdf HTTP/1.0" 200 361048
66.249.66.21 - - [27/Dec/2023:05:27:11 -0500] "GET /BLA/resoluciones/Autos%202008/2854.pdf HTTP/1.1" 200 80132
201.245.192.253 - - [27/Dec/2023:05:27:32 -0500] "POST /forms/lservlet;jsessionid=ac16012b30d6ac84fb743cb8490d9168fad49a174d06.e3iSbxaKaheRe34Qc38TbN0Nb41ynknvrkLOlQzNp65In0 HTTP/1.1" 200 2
156.59.198.135 - - [27/Dec/2023:05:27:34 -0500] "GET /BLA/resoluciones/RESOLUCIONES%202009/1988.pdf HTTP/1.0" 200 510287
201.245.192.253 - - [27/Dec/2023:05:27:36 -0500] "POST /forms/lservlet;jsessionid=ac16012b30d608a3c74dabe741288258ac4c4de7c868.e3iSbxaKaheRe34Qc38TbN0Nb41ynknvrkLOlQzNp65In0 HTTP/1.1" 200 2
201.245.192.253 - - [27/Dec/2023:05:27:34 -0500] "POST /kwsrmcab/Wsrmcab  HTTP/1.1" 200 36330
156.59.198.136 - - [27/Dec/2023:05:27:59 -0500] "GET /BLA/resoluciones/RESOLUCIONES%202007/RES%202007%202701%20AL%202800/RESOLUCION%202752%20DE%202007.pdf HTTP/1.0" 200 254371
172.22.2.4 - - [27/Dec/2023:05:26:30 -0500] "GET /BLA/boletinlegal/ HTTP/1.1" 200 62422
156.59.198.136 - - [27/Dec/2023:05:28:23 -0500] "GET /BLA/resoluciones/RESOLUCIONES%202009/1480.pdf HTTP/1.0" 200 440683
156.59.198.135 - - [27/Dec/2023:05:28:47 -0500] "GET /BLA/resoluciones/Notificaciones/AUTOS%202020/0844.pdf HTTP/1.0" 200 442452
156.59.198.136 - - [27/Dec/2023:05:29:12 -0500] "GET /BLA/resoluciones/Notificaciones/AUTOS%202020/2301.pdf HTTP/1.0" 200 335190
201.245.192.253 - - [27/Dec/2023:05:29:32 -0500] "POST /forms/lservlet;jsessionid=ac16012b30d6ac84fb743cb8490d9168fad49a174d06.e3iSbxaKaheRe34Qc38TbN0Nb41ynknvrkLOlQzNp65In0 HTTP/1.1" 200 2
201.245.192.253 - - [27/Dec/2023:05:29:36 -0500] "POST /forms/lservlet;jsessionid=ac16012b30d608a3c74dabe741288258ac4c4de7c868.e3iSbxaKaheRe34Qc38TbN0Nb41ynknvrkLOlQzNp65In0 HTTP/1.1" 200 2
156.59.198.135 - - [27/Dec/2023:05:29:37 -0500] "GET /BLA/resoluciones/RESOLUCIONES%202008/2900.pdf HTTP/1.0" 200 287346
156.59.198.136 - - [27/Dec/2023:05:30:01 -0500] "GET /BLA/resoluciones/RESOLUCIONES%202009/4314.pdf HTTP/1.0" 200 534867
201.245.192.253 - - [27/Dec/2023:05:30:04 -0500] "POST /kwsrmcab/Wsrmcab HTTP/1.1" 200 36624
201.245.192.253 - - [27/Dec/2023:05:30:09 -0500] "POST /kwsrmcab/Wsrmcab HTTP/1.1" 200 36626
156.59.198.135 - - [27/Dec/2023:05:30:27 -0500] "GET /BLA/resoluciones/AUTOS%202015/1220.pdf HTTP/1.0" 200 249749
156.59.198.136 - - [27/Dec/2023:05:30:50 -0500] "GET /BLA/resoluciones/Notificaciones/AUTOS%202023/1905.pdf HTTP/1.0" 200 419069
199.16.157.183 - - [27/Dec/2023:05:30:54 -0500] "GET /images/cr%C3%B3nica-29-nov-1_optimized.jpeg HTTP/1.1" 404 1034
156.59.198.136 - - [27/Dec/2023:05:31:15 -0500] "GET /BLA/resoluciones/RESOLUCIONES%202008/3986.pdf HTTP/1.0" 200 516228
172.22.2.4 - - [27/Dec/2023:05:29:36 -0500] "HEAD /BLA/boletinlegal/ HTTP/1.1" 200 -
201.245.192.253 - - [27/Dec/2023:05:31:32 -0500] "POST /forms/lservlet;jsessionid=ac16012b30d6ac84fb743cb8490d9168fad49a174d06.e3iSbxaKaheRe34Qc38TbN0Nb41ynknvrkLOlQzNp65In0 HTTP/1.1" 200 2
201.245.192.253 - - [27/Dec/2023:05:31:36 -0500] "POST /forms/lservlet;jsessionid=ac16012b30d608a3c74dabe741288258ac4c4de7c868.e3iSbxaKaheRe34Qc38TbN0Nb41ynknvrkLOlQzNp65In0 HTTP/1.1" 200 2
156.59.198.136 - - [27/Dec/2023:05:31:39 -0500] "GET /BLA/resoluciones/Notificaciones/AUTOS%202020/3261.pdf HTTP/1.0" 200 323317
216.245.221.92 - - [27/Dec/2023:05:31:46 -0500] "HEAD / HTTP/1.1" 200 -
156.59.198.135 - - [27/Dec/2023:05:32:04 -0500] "GET /BLA/resoluciones/RESOLUCIONES%202018/1787.pdf HTTP/1.0" 200 3290849
172.22.2.4 - - [27/Dec/2023:05:30:27 -0500] "GET /BLA/boletinlegal/ HTTP/1.1" 200 58567
156.59.198.135 - - [27/Dec/2023:05:32:28 -0500] "GET /BLA/resoluciones/Notificaciones/AUTOS%202020/4260.pdf HTTP/1.0" 200 345280
201.245.192.253 - - [27/Dec/2023:05:32:32 -0500] "POST /kwsrmcab/Wsrmcab  HTTP/1.1" 200 36330
156.59.198.136 - - [27/Dec/2023:05:32:52 -0500] "GET /BLA/resoluciones/RESOLUCIONES%202008/5222.pdf HTTP/1.0" 200 332344
156.59.198.135 - - [27/Dec/2023:05:33:16 -0500] "GET /BLA/resoluciones/RESOLUCIONES%202007/RES%202007%201901%20AL%202000/RESOLUCION%201957%20DE%202007.pdf HTTP/1.0" 200 268815
201.245.192.253 - - [27/Dec/2023:05:33:32 -0500] "POST /forms/lservlet;jsessionid=ac16012b30d6ac84fb743cb8490d9168fad49a174d06.e3iSbxaKaheRe34Qc38TbN0Nb41ynknvrkLOlQzNp65In0 HTTP/1.1" 200 2
201.245.192.253 - - [27/Dec/2023:05:33:36 -0500] "POST /forms/lservlet;jsessionid=ac16012b30d608a3c74dabe741288258ac4c4de7c868.e3iSbxaKaheRe34Qc38TbN0Nb41ynknvrkLOlQzNp65In0 HTTP/1.1" 200 2
156.59.198.136 - - [27/Dec/2023:05:33:41 -0500] "GET /BLA/resoluciones/AUTOS%202016/2710.pdf HTTP/1.0" 200 660011
186.28.13.31 - - [27/Dec/2023:05:33:47 -0500] "GET /distrito-exalto-a-246-empresas-de-bogota-por-su-alto-desempeno-y-responsabilidad-ambiental-durante-2023.html HTTP/1.1" 200 1039
156.59.198.136 - - [27/Dec/2023:05:34:05 -0500] "GET /BLA/resoluciones/RESOLUCIONES%202009/2567.pdf HTTP/1.0" 200 400380
172.22.2.4 - - [27/Dec/2023:05:32:48 -0500] "GET /BLA/boletinlegal/ HTTP/1.1" 200 63054
156.59.198.136 - - [27/Dec/2023:05:34:30 -0500] "GET /BLA/resoluciones/RESOLUCIONES%202007/RES%202007%202501%20AL%202600/RESOLUCION%202564%20DE%202007.pdf HTTP/1.0" 200 201108
51.222.253.6 - - [27/Dec/2023:05:34:32 -0500] "GET /robots.txt HTTP/1.1" 404 1018
52.167.144.189 - - [27/Dec/2023:05:34:41 -0500] "GET /Publicaciones/2023EE283318.pdf HTTP/1.1" 404 228
156.59.198.135 - - [27/Dec/2023:05:34:54 -0500] "GET /BLA/resoluciones/Notificaciones/AUTOS%202020/3694.pdf HTTP/1.0" 200 347650
172.22.2.4 - - [27/Dec/2023:05:35:15 -0500] "GET /BLA/boletinlegal/.env HTTP/1.1" 404 1038
156.59.198.135 - - [27/Dec/2023:05:35:19 -0500] "GET /BLA/resoluciones/Notificaciones/AUTOS%202023/4723.pdf HTTP/1.0" 200 726361
201.245.192.253 - - [27/Dec/2023:05:35:32 -0500] "POST /forms/lservlet;jsessionid=ac16012b30d6ac84fb743cb8490d9168fad49a174d06.e3iSbxaKaheRe34Qc38TbN0Nb41ynknvrkLOlQzNp65In0 HTTP/1.1" 200 2
201.245.192.253 - - [27/Dec/2023:05:35:36 -0500] "POST /forms/lservlet;jsessionid=ac16012b30d608a3c74dabe741288258ac4c4de7c868.e3iSbxaKaheRe34Qc38TbN0Nb41ynknvrkLOlQzNp65In0 HTTP/1.1" 200 2
156.59.198.135 - - [27/Dec/2023:05:35:43 -0500] "GET /BLA/resoluciones/RESOLUCIONES%202007/RES%202007%201301%20AL%201400/RESOLUCION%201333%20DE%202007.pdf HTTP/1.0" 200 57642
172.22.2.4 - - [27/Dec/2023:05:35:15 -0500] "POST /BLA/boletinlegal/ HTTP/1.1" 200 24523
201.245.192.253 - - [27/Dec/2023:05:36:02 -0500] "POST /kwsrmcab/Wsrmcab HTTP/1.1" 200 36624
201.245.192.253 - - [27/Dec/2023:05:36:05 -0500] "POST /kwsrmcab/Wsrmcab HTTP/1.1" 200 36626
156.59.198.136 - - [27/Dec/2023:05:36:08 -0500] "GET /BLA/resoluciones/RESOLUCIONES%202009/3587.pdf HTTP/1.0" 200 181839
156.59.198.135 - - [27/Dec/2023:05:36:32 -0500] "GET /BLA/resoluciones/RESOLUCIONES%202009/2108.pdf HTTP/1.0" 200 437581
216.245.221.92 - - [27/Dec/2023:05:36:46 -0500] "HEAD / HTTP/1.1" 200 -
156.59.198.135 - - [27/Dec/2023:05:36:56 -0500] "GET /BLA/resoluciones/RESOLUCIONES%202008/5125.pdf HTTP/1.0" 200 550104
172.22.2.4 - - [27/Dec/2023:05:35:26 -0500] "HEAD /BLA/boletinlegal/ HTTP/1.1" 200 -
156.59.198.136 - - [27/Dec/2023:05:37:20 -0500] "GET /BLA/resoluciones/RESOLUCIONES%202007/RES%202007%203801%20AL%203900/RESOLUCION%203801%20DE%202007.pdf HTTP/1.0" 200 859270
201.245.192.253 - - [27/Dec/2023:05:37:32 -0500] "POST /forms/lservlet;jsessionid=ac16012b30d6ac84fb743cb8490d9168fad49a174d06.e3iSbxaKaheRe34Qc38TbN0Nb41ynknvrkLOlQzNp65In0 HTTP/1.1" 200 2
201.245.192.253 - - [27/Dec/2023:05:37:31 -0500] "POST /kwsrmcab/Wsrmcab  HTTP/1.1" 200 36330
201.245.192.253 - - [27/Dec/2023:05:37:36 -0500] "POST /forms/lservlet;jsessionid=ac16012b30d608a3c74dabe741288258ac4c4de7c868.e3iSbxaKaheRe34Qc38TbN0Nb41ynknvrkLOlQzNp65In0 HTTP/1.1" 200 2
156.59.198.135 - - [27/Dec/2023:05:37:44 -0500] "GET /BLA/resoluciones/RESOLUCIONES%202008/4248.pdf HTTP/1.0" 200 436093
172.22.2.4 - - [27/Dec/2023:05:36:17 -0500] "GET /BLA/boletinlegal/ HTTP/1.1" 200 52418
156.59.198.135 - - [27/Dec/2023:05:38:08 -0500] "GET /BLA/resoluciones/RESOLUCIONES%202007/RES%202007%202301%20AL%202400/RESOLUCION%202382%20DE%202007.pdf HTTP/1.0" 200 638359
186.103.5.248 - - [27/Dec/2023:05:38:20 -0500] "GET /distrito-exalto-a-246-empresas-de-bogota-por-su-alto-desempeno-y-responsabilidad-ambiental-durante-2023.html HTTP/1.1" 200 1039
156.59.198.136 - - [27/Dec/2023:05:38:33 -0500] "GET /BLA/resoluciones/RESOLUCIONES%202007/RES%202007%20301%20AL%20400/RESOLUCION%200374%20DE%202007.pdf HTTP/1.0" 200 391014
156.59.198.135 - - [27/Dec/2023:05:38:57 -0500] "GET /BLA/resoluciones/RESOLUCIONES%202009/3035.pdf HTTP/1.0" 200 422848
156.59.198.135 - - [27/Dec/2023:05:39:21 -0500] "GET /BLA/resoluciones/RESOLUCIONES%202009/3462.pdf HTTP/1.0" 200 381960
147.182.182.124 - - [27/Dec/2023:05:39:29 -0500] "GET / HTTP/1.1" 200 319
201.245.192.253 - - [27/Dec/2023:05:39:32 -0500] "POST /forms/lservlet;jsessionid=ac16012b30d6ac84fb743cb8490d9168fad49a174d06.e3iSbxaKaheRe34Qc38TbN0Nb41ynknvrkLOlQzNp65In0 HTTP/1.1" 200 2
201.245.192.253 - - [27/Dec/2023:05:39:36 -0500] "POST /forms/lservlet;jsessionid=ac16012b30d608a3c74dabe741288258ac4c4de7c868.e3iSbxaKaheRe34Qc38TbN0Nb41ynknvrkLOlQzNp65In0 HTTP/1.1" 200 2
156.59.198.136 - - [27/Dec/2023:05:39:45 -0500] "GET /BLA/resoluciones/AUTOS%202015/7226.pdf HTTP/1.0" 200 433392
201.245.192.253 - - [27/Dec/2023:05:40:04 -0500] "POST /kwsrmcab/Wsrmcab HTTP/1.1" 200 36624
156.59.198.136 - - [27/Dec/2023:05:40:09 -0500] "GET /BLA/resoluciones/RESOLUCIONES%202009/3605.pdf HTTP/1.0" 200 42308
201.245.192.253 - - [27/Dec/2023:05:40:09 -0500] "POST /kwsrmcab/Wsrmcab HTTP/1.1" 200 36626
172.22.2.4 - - [27/Dec/2023:05:40:27 -0500] "GET /BLA/boletinlegal/Circulares/2015/Circular%20No.%202%20del%201%20de%20julio%20de%202015.pdf HTTP/1.1" 200 752890
156.59.198.136 - - [27/Dec/2023:05:40:34 -0500] "GET /BLA/resoluciones/RESOLUCIONES%202007/RES%202007%203701%20AL%203800/RESOLUCION%203777%20DE%202007.pdf HTTP/1.0" 200 28115
156.59.198.135 - - [27/Dec/2023:05:40:58 -0500] "GET /BLA/resoluciones/Notificaciones/AUTOS%202023/1483.pdf HTTP/1.0" 200 1886244
156.59.198.135 - - [27/Dec/2023:05:41:22 -0500] "GET /BLA/resoluciones/RESOLUCIONES%202008/1160.pdf HTTP/1.0" 200 289634
201.245.192.253 - - [27/Dec/2023:05:41:32 -0500] "POST /forms/lservlet;jsessionid=ac16012b30d6ac84fb743cb8490d9168fad49a174d06.e3iSbxaKaheRe34Qc38TbN0Nb41ynknvrkLOlQzNp65In0 HTTP/1.1" 200 2
201.245.192.253 - - [27/Dec/2023:05:41:36 -0500] "POST /forms/lservlet;jsessionid=ac16012b30d608a3c74dabe741288258ac4c4de7c868.e3iSbxaKaheRe34Qc38TbN0Nb41ynknvrkLOlQzNp65In0 HTTP/1.1" 200 2
216.245.221.92 - - [27/Dec/2023:05:41:46 -0500] "HEAD / HTTP/1.1" 200 -
156.59.198.136 - - [27/Dec/2023:05:41:46 -0500] "GET /BLA/resoluciones/RESOLUCIONES%202007/RES%202007%203701%20AL%203800/RESOLUCION%203779%20DE%202007.pdf HTTP/1.0" 200 28462
156.59.198.136 - - [27/Dec/2023:05:42:11 -0500] "GET /BLA/resoluciones/RESOLUCIONES%202009/4239.pdf HTTP/1.0" 200 412022
201.245.192.253 - - [27/Dec/2023:05:42:29 -0500] "POST /kwsrmcab/Wsrmcab  HTTP/1.1" 200 36330
20.99.210.67 - - [27/Dec/2023:05:42:35 -0500] "GET /Publicaciones/2023EE272970.pdf HTTP/1.1" 404 228
156.59.198.135 - - [27/Dec/2023:05:42:36 -0500] "GET /BLA/resoluciones/RESOLUCIONES%202009/4210.pdf HTTP/1.0" 200 1068599
172.22.2.4 - - [27/Dec/2023:05:41:16 -0500] "HEAD /BLA/boletinlegal/ HTTP/1.1" 200 -
156.59.198.135 - - [27/Dec/2023:05:43:01 -0500] "GET /BLA/resoluciones/RESOLUCIONES%202007/RES%202007%20301%20AL%20400/RESOLUCION%200348%20DE%202007.pdf HTTP/1.0" 200 247138
156.59.198.135 - - [27/Dec/2023:05:43:25 -0500] "GET /BLA/resoluciones/RESOLUCIONES%202018/0113.pdf HTTP/1.0" 200 299867
201.245.192.253 - - [27/Dec/2023:05:43:32 -0500] "POST /forms/lservlet;jsessionid=ac16012b30d6ac84fb743cb8490d9168fad49a174d06.e3iSbxaKaheRe34Qc38TbN0Nb41ynknvrkLOlQzNp65In0 HTTP/1.1" 200 2
201.245.192.253 - - [27/Dec/2023:05:43:36 -0500] "POST /forms/lservlet;jsessionid=ac16012b30d608a3c74dabe741288258ac4c4de7c868.e3iSbxaKaheRe34Qc38TbN0Nb41ynknvrkLOlQzNp65In0 HTTP/1.1" 200 2
172.22.2.4 - - [27/Dec/2023:05:42:07 -0500] "GET /BLA/boletinlegal/ HTTP/1.1" 200 60910
156.59.198.136 - - [27/Dec/2023:05:43:50 -0500] "GET /BLA/resoluciones/RESOLUCIONES%202007/RES%202007%201801%20AL%201900/RESOLUCION%201844%20DE%202007.pdf HTTP/1.0" 200 35358
156.59.198.136 - - [27/Dec/2023:05:44:14 -0500] "GET /BLA/resoluciones/RESOLUCIONES%202018/1802.pdf HTTP/1.0" 200 282986
156.59.198.135 - - [27/Dec/2023:05:44:38 -0500] "GET /BLA/resoluciones/AUTOS%202015/6301.pdf HTTP/1.0" 200 408879
156.59.198.136 - - [27/Dec/2023:05:45:02 -0500] "GET /BLA/resoluciones/RESOLUCIONES%202008/3737.pdf HTTP/1.0" 200 333247
156.59.198.135 - - [27/Dec/2023:05:45:27 -0500] "GET /BLA/resoluciones/RESOLUCIONES%202008/3072.pdf HTTP/1.0" 200 485853
201.245.192.253 - - [27/Dec/2023:05:45:32 -0500] "POST /forms/lservlet;jsessionid=ac16012b30d6ac84fb743cb8490d9168fad49a174d06.e3iSbxaKaheRe34Qc38TbN0Nb41ynknvrkLOlQzNp65In0 HTTP/1.1" 200 2
201.245.192.253 - - [27/Dec/2023:05:45:36 -0500] "POST /forms/lservlet;jsessionid=ac16012b30d608a3c74dabe741288258ac4c4de7c868.e3iSbxaKaheRe34Qc38TbN0Nb41ynknvrkLOlQzNp65In0 HTTP/1.1" 200 2
156.59.198.135 - - [27/Dec/2023:05:45:51 -0500] "GET /BLA/resoluciones/RESOLUCIONES%202008/3607.pdf HTTP/1.0" 200 343727
156.59.198.136 - - [27/Dec/2023:05:46:16 -0500] "GET /BLA/resoluciones/RESOLUCIONES%202008/4494.pdf HTTP/1.0" 200 384054
156.59.198.136 - - [27/Dec/2023:05:46:40 -0500] "GET /BLA/resoluciones/RESOLUCIONES%202009/4064.pdf HTTP/1.0" 200 822772
216.245.221.92 - - [27/Dec/2023:05:46:46 -0500] "HEAD / HTTP/1.1" 200 -
172.22.2.4 - - [27/Dec/2023:05:46:52 -0500] "GET /BLA/boletinlegal/actos.php HTTP/1.1" 200 9682
172.22.2.4 - - [27/Dec/2023:05:46:53 -0500] "GET /BLA/boletinlegal/styles2.css HTTP/1.1" 200 1838
172.22.2.4 - - [27/Dec/2023:05:46:53 -0500] "GET /BLA/boletinlegal/niceforms.js HTTP/1.1" 200 22876
172.22.2.4 - - [27/Dec/2023:05:46:53 -0500] "GET /BLA/boletinlegal/js/ajax_actos.js HTTP/1.1" 200 1322
172.22.2.4 - - [27/Dec/2023:05:46:53 -0500] "GET /BLA/boletinlegal/niceforms-default.css HTTP/1.1" 200 6694
172.22.2.4 - - [27/Dec/2023:05:46:53 -0500] "GET /BLA/boletinlegal/style.css HTTP/1.1" 200 9406
172.22.2.4 - - [27/Dec/2023:05:46:53 -0500] "GET /BLA/boletinlegal/js/lib.js HTTP/1.1" 200 6474
172.22.2.4 - - [27/Dec/2023:05:46:53 -0500] "GET /BLA/boletinlegal/js/popup.js HTTP/1.1" 200 1270
172.22.2.4 - - [27/Dec/2023:05:46:53 -0500] "GET /BLA/boletinlegal/js/jquery1.js HTTP/1.1" 200 29846
172.22.2.4 - - [27/Dec/2023:05:46:53 -0500] "GET /BLA/boletinlegal/images/cabezote%20BLEGAL.jpg HTTP/1.1" 200 118164
172.22.2.4 - - [27/Dec/2023:05:46:53 -0500] "GET /BLA/boletinlegal/images/subscribe-icon-big.png HTTP/1.1" 200 47702
172.22.2.4 - - [27/Dec/2023:05:46:53 -0500] "GET /BLA/boletinlegal/images/historia.png HTTP/1.1" 200 52775
172.22.2.4 - - [27/Dec/2023:05:46:53 -0500] "GET /BLA/boletinlegal/images/registro-usuarios.png HTTP/1.1" 200 8106
