181.53.14.167 - - [27/Dec/2023:08:12:37 -0500] "GET /sipse/faces/javax.faces.resource/images/ui-icons_898989_256x240.png?ln=primefaces-aristo HTTP/1.1" 304 -
181.53.14.167 - - [27/Dec/2023:08:12:40 -0500] "POST /sipse/faces/autenticacion.xhtml HTTP/1.1" 200 2221
181.53.14.167 - - [27/Dec/2023:08:12:40 -0500] "GET /sipse/faces/javax.faces.resource/messages/messages.png?ln=primefaces&v=4.0 HTTP/1.1" 304 -
181.53.14.167 - - [27/Dec/2023:08:12:42 -0500] "POST /sipse/faces/autenticacion.xhtml HTTP/1.1" 200 16465
181.53.14.167 - - [27/Dec/2023:08:12:42 -0500] "GET /sipse/faces/javax.faces.resource/theme.css?ln=primefaces-sipse HTTP/1.1" 304 -
181.53.14.167 - - [27/Dec/2023:08:12:42 -0500] "GET /sipse/faces/javax.faces.resource/primefaces.css?ln=primefaces&v=4.0 HTTP/1.1" 304 -
181.53.14.167 - - [27/Dec/2023:08:12:42 -0500] "GET /sipse/faces/javax.faces.resource/layout/layout.css?ln=primefaces&v=4.0 HTTP/1.1" 304 -
181.53.14.167 - - [27/Dec/2023:08:12:42 -0500] "GET /sipse/css/custom_css_sg_prime.css HTTP/1.1" 304 -
181.53.14.167 - - [27/Dec/2023:08:12:42 -0500] "GET /sipse/js/jquery.min.js HTTP/1.1" 304 -
181.53.14.167 - - [27/Dec/2023:08:12:42 -0500] "GET /sipse/faces/javax.faces.resource/jquery/jquery.js?ln=primefaces&v=4.0 HTTP/1.1" 304 -
181.53.14.167 - - [27/Dec/2023:08:12:42 -0500] "GET /sipse/faces/javax.faces.resource/jquery/jquery-plugins.js?ln=primefaces&v=4.0 HTTP/1.1" 304 -
181.53.14.167 - - [27/Dec/2023:08:12:43 -0500] "GET /sipse/faces/javax.faces.resource/primefaces.js?ln=primefaces&v=4.0 HTTP/1.1" 304 -
181.53.14.167 - - [27/Dec/2023:08:12:43 -0500] "GET /sipse/faces/javax.faces.resource/layout/layout.js?ln=primefaces&v=4.0 HTTP/1.1" 304 -
181.53.14.167 - - [27/Dec/2023:08:12:43 -0500] "GET /sipse/imagenes/cargando.gif HTTP/1.1" 304 -
181.53.14.167 - - [27/Dec/2023:08:12:43 -0500] "GET /sipse/imagenes/logoAplicacion.jpg HTTP/1.1" 304 -
181.53.14.167 - - [27/Dec/2023:08:12:43 -0500] "GET /sipse/css/v_mergente.css HTTP/1.1" 304 -
181.53.14.167 - - [27/Dec/2023:08:12:43 -0500] "GET /sipse/css/imagen/contrasena.png HTTP/1.1" 404 383
156.59.198.136 - - [27/Dec/2023:08:12:45 -0500] "GET /BLA/resoluciones/RESOLUCIONES%202008/5070.pdf HTTP/1.0" 200 413438
181.53.14.167 - - [27/Dec/2023:08:12:46 -0500] "POST /sipse/faces/bienvenido.xhtml HTTP/1.1" 200 2658
181.53.14.167 - - [27/Dec/2023:08:12:46 -0500] "GET /sipse/faces/javax.faces.resource/images/ui-bg_flat_0_2d5972_40x100.png?ln=primefaces-aristo HTTP/1.1" 304 -
181.53.14.167 - - [27/Dec/2023:08:12:47 -0500] "POST /sipse/faces/bienvenido.xhtml HTTP/1.1" 200 64053
181.53.14.167 - - [27/Dec/2023:08:12:48 -0500] "GET /sipse/faces/javax.faces.resource/theme.css?ln=primefaces-sipse HTTP/1.1" 304 -
181.53.14.167 - - [27/Dec/2023:08:12:48 -0500] "GET /sipse/faces/javax.faces.resource/jquery/jquery.js?ln=primefaces&v=4.0 HTTP/1.1" 304 -
181.53.14.167 - - [27/Dec/2023:08:12:48 -0500] "GET /sipse/faces/javax.faces.resource/primefaces.css?ln=primefaces&v=4.0 HTTP/1.1" 304 -
181.53.14.167 - - [27/Dec/2023:08:12:48 -0500] "GET /sipse/faces/javax.faces.resource/layout/layout.css?ln=primefaces&v=4.0 HTTP/1.1" 304 -
181.53.14.167 - - [27/Dec/2023:08:12:48 -0500] "GET /sipse/faces/javax.faces.resource/jquery/jquery-plugins.js?ln=primefaces&v=4.0 HTTP/1.1" 304 -
181.53.14.167 - - [27/Dec/2023:08:12:49 -0500] "GET /sipse/faces/javax.faces.resource/primefaces.js?ln=primefaces&v=4.0 HTTP/1.1" 304 -
181.53.14.167 - - [27/Dec/2023:08:12:49 -0500] "GET /sipse/faces/javax.faces.resource/layout/layout.js?ln=primefaces&v=4.0 HTTP/1.1" 304 -
181.53.14.167 - - [27/Dec/2023:08:12:49 -0500] "POST /sipse/faces/presentacion/financiero/solicitudProceso/listarSolicitudProceso.xhtml HTTP/1.1" 200 1564
173.252.107.1 - - [27/Dec/2023:08:13:05 -0500] "GET /images/participacion%2019-12-23.jpg HTTP/1.1" 200 73861
173.252.107.116 - - [27/Dec/2023:08:13:05 -0500] "GET /images/PREAD%20SDA%201.jpeg HTTP/1.1" 200 65620
173.252.107.10 - - [27/Dec/2023:08:13:05 -0500] "GET /images/arbol%20centro.jpg HTTP/1.1" 200 69467
173.252.107.5 - - [27/Dec/2023:08:13:05 -0500] "GET /images/Musgo%2017%20-%2012%20-%202023.jpeg HTTP/1.1" 200 66238
173.252.107.116 - - [27/Dec/2023:08:13:05 -0500] "GET /images/agua%20bogota.jpg HTTP/1.1" 200 74348
156.59.198.136 - - [27/Dec/2023:08:13:10 -0500] "GET /BLA/resoluciones/Notificaciones/AUTOS%202020/1419.pdf HTTP/1.0" 200 300439
173.252.107.10 - - [27/Dec/2023:08:13:11 -0500] "GET /images/calidad-aire.jpg HTTP/1.1" 200 42421
201.245.192.253 - - [27/Dec/2023:08:13:32 -0500] "POST /forms/lservlet;jsessionid=ac16012b30d6ac84fb743cb8490d9168fad49a174d06.e3iSbxaKaheRe34Qc38TbN0Nb41ynknvrkLOlQzNp65In0 HTTP/1.1" 200 2
156.59.198.135 - - [27/Dec/2023:08:13:35 -0500] "GET /BLA/resoluciones/RESOLUCIONES%202009/2316.pdf HTTP/1.0" 200 471425
201.245.192.253 - - [27/Dec/2023:08:13:36 -0500] "POST /forms/lservlet;jsessionid=ac16012b30d608a3c74dabe741288258ac4c4de7c868.e3iSbxaKaheRe34Qc38TbN0Nb41ynknvrkLOlQzNp65In0 HTTP/1.1" 200 2
191.156.34.166 - - [27/Dec/2023:08:13:46 -0500] "GET /sipse/faces/javax.faces.resource/theme.css?ln=primefaces-sipse HTTP/1.1" 304 -
191.156.45.123 - - [27/Dec/2023:08:13:46 -0500] "GET /sipse/faces/javax.faces.resource/primefaces.css?ln=primefaces&v=4.0 HTTP/1.1" 304 -
191.156.45.123 - - [27/Dec/2023:08:13:46 -0500] "GET /sipse/faces/javax.faces.resource/layout/layout.css?ln=primefaces&v=4.0 HTTP/1.1" 304 -
191.156.34.166 - - [27/Dec/2023:08:13:46 -0500] "GET /sipse/faces/javax.faces.resource/jquery/jquery.js?ln=primefaces&v=4.0 HTTP/1.1" 304 -
191.156.41.230 - - [27/Dec/2023:08:13:46 -0500] "GET /sipse/faces/javax.faces.resource/jquery/jquery-plugins.js?ln=primefaces&v=4.0 HTTP/1.1" 304 -
191.156.45.123 - - [27/Dec/2023:08:13:46 -0500] "GET /sipse/faces/javax.faces.resource/layout/layout.js?ln=primefaces&v=4.0 HTTP/1.1" 304 -
191.156.45.123 - - [27/Dec/2023:08:13:46 -0500] "GET /sipse/faces/javax.faces.resource/primefaces.js?ln=primefaces&v=4.0 HTTP/1.1" 304 -
191.156.45.123 - - [27/Dec/2023:08:13:47 -0500] "GET /sipse/faces/javax.faces.resource/images/ui-icons_898989_256x240.png?ln=primefaces-aristo HTTP/1.1" 304 -
191.156.45.123 - - [27/Dec/2023:08:13:47 -0500] "GET /sipse/faces/faces/index.xhtml HTTP/1.1" 200 677
191.156.45.123 - - [27/Dec/2023:08:13:47 -0500] "GET /sipse/faces/javax.faces.resource/theme.css?ln=primefaces-sipse HTTP/1.1" 304 -
191.156.45.123 - - [27/Dec/2023:08:13:48 -0500] "GET /sipse/faces/faces/faces/autenticacion.xhtml HTTP/1.1" 200 12410
191.156.41.230 - - [27/Dec/2023:08:13:48 -0500] "GET /sipse/faces/javax.faces.resource/primefaces.css?ln=primefaces&v=4.0 HTTP/1.1" 304 -
191.156.45.123 - - [27/Dec/2023:08:13:48 -0500] "GET /sipse/faces/javax.faces.resource/theme.css?ln=primefaces-sipse HTTP/1.1" 304 -
191.156.34.166 - - [27/Dec/2023:08:13:48 -0500] "GET /sipse/faces/javax.faces.resource/layout/layout.css?ln=primefaces&v=4.0 HTTP/1.1" 304 -
191.156.45.123 - - [27/Dec/2023:08:13:48 -0500] "GET /sipse/faces/javax.faces.resource/primefaces.js?ln=primefaces&v=4.0 HTTP/1.1" 304 -
191.156.38.89 - - [27/Dec/2023:08:13:48 -0500] "GET /sipse/faces/javax.faces.resource/jquery/jquery-plugins.js?ln=primefaces&v=4.0 HTTP/1.1" 304 -
191.156.45.123 - - [27/Dec/2023:08:13:48 -0500] "GET /sipse/faces/javax.faces.resource/jquery/jquery.js?ln=primefaces&v=4.0 HTTP/1.1" 304 -
191.156.41.230 - - [27/Dec/2023:08:13:48 -0500] "GET /sipse/faces/javax.faces.resource/layout/layout.js?ln=primefaces&v=4.0 HTTP/1.1" 304 -
103.90.207.13 - - [27/Dec/2023:08:13:50 -0500] "GET / HTTP/1.1" 200 319
191.156.41.230 - - [27/Dec/2023:08:13:52 -0500] "GET /sipse/faces/javax.faces.resource/theme.css?ln=primefaces-sipse HTTP/1.1" 304 -
191.156.41.230 - - [27/Dec/2023:08:13:52 -0500] "GET /sipse/faces/faces/autenticacion.xhtml HTTP/1.1" 200 12410
191.156.45.123 - - [27/Dec/2023:08:13:52 -0500] "GET /sipse/faces/javax.faces.resource/theme.css?ln=primefaces-sipse HTTP/1.1" 304 -
191.156.45.123 - - [27/Dec/2023:08:13:52 -0500] "GET /sipse/faces/javax.faces.resource/primefaces.css?ln=primefaces&v=4.0 HTTP/1.1" 304 -
191.156.38.89 - - [27/Dec/2023:08:13:52 -0500] "GET /sipse/faces/javax.faces.resource/layout/layout.css?ln=primefaces&v=4.0 HTTP/1.1" 304 -
191.156.34.166 - - [27/Dec/2023:08:13:52 -0500] "GET /sipse/faces/javax.faces.resource/jquery/jquery.js?ln=primefaces&v=4.0 HTTP/1.1" 304 -
191.156.45.123 - - [27/Dec/2023:08:13:52 -0500] "GET /sipse/faces/javax.faces.resource/jquery/jquery-plugins.js?ln=primefaces&v=4.0 HTTP/1.1" 304 -
191.156.41.230 - - [27/Dec/2023:08:13:52 -0500] "GET /sipse/faces/javax.faces.resource/primefaces.js?ln=primefaces&v=4.0 HTTP/1.1" 304 -
191.156.45.123 - - [27/Dec/2023:08:13:52 -0500] "GET /sipse/faces/javax.faces.resource/layout/layout.js?ln=primefaces&v=4.0 HTTP/1.1" 304 -
191.156.45.123 - - [27/Dec/2023:08:13:52 -0500] "GET /sipse/faces/javax.faces.resource/images/ui-icons_898989_256x240.png?ln=primefaces-aristo HTTP/1.1" 304 -
156.59.198.136 - - [27/Dec/2023:08:13:58 -0500] "GET /BLA/resoluciones/RESOLUCIONES%202009/4261.pdf HTTP/1.0" 200 205062
156.59.198.135 - - [27/Dec/2023:08:14:23 -0500] "GET /BLA/resoluciones/RESOLUCIONES%202009/3160.pdf HTTP/1.0" 200 478363
191.156.42.107 - - [27/Dec/2023:08:14:25 -0500] "POST /sipse/faces/autenticacion.xhtml HTTP/1.1" 200 2179
191.156.42.107 - - [27/Dec/2023:08:14:25 -0500] "GET /sipse/faces/javax.faces.resource/messages/messages.png?ln=primefaces&v=4.0 HTTP/1.1" 304 -
191.156.41.230 - - [27/Dec/2023:08:14:36 -0500] "POST /sipse/faces/autenticacion.xhtml HTTP/1.1" 200 2187
172.22.2.4 - - [27/Dec/2023:08:12:57 -0500] "HEAD /BLA/boletinlegal/ HTTP/1.1" 200 -
156.59.198.135 - - [27/Dec/2023:08:14:47 -0500] "GET /BLA/resoluciones/AUTOS%202015/6282.pdf HTTP/1.0" 200 414176
191.156.41.230 - - [27/Dec/2023:08:14:54 -0500] "POST /sipse/faces/autenticacion.xhtml HTTP/1.1" 200 2183
191.156.41.230 - - [27/Dec/2023:08:15:05 -0500] "GET /sipse/faces/index.xhtml HTTP/1.1" 200 677
191.156.41.230 - - [27/Dec/2023:08:15:05 -0500] "GET /sipse/faces/javax.faces.resource/theme.css?ln=primefaces-sipse HTTP/1.1" 304 -
191.156.41.230 - - [27/Dec/2023:08:15:05 -0500] "GET /sipse/faces/faces/autenticacion.xhtml HTTP/1.1" 200 12417
191.156.42.125 - - [27/Dec/2023:08:15:06 -0500] "GET /sipse/faces/javax.faces.resource/theme.css?ln=primefaces-sipse HTTP/1.1" 304 -
191.156.41.230 - - [27/Dec/2023:08:15:06 -0500] "GET /sipse/faces/javax.faces.resource/primefaces.css?ln=primefaces&v=4.0 HTTP/1.1" 304 -
191.156.34.5 - - [27/Dec/2023:08:15:06 -0500] "GET /sipse/faces/javax.faces.resource/layout/layout.css?ln=primefaces&v=4.0 HTTP/1.1" 304 -
191.156.34.166 - - [27/Dec/2023:08:15:06 -0500] "GET /sipse/faces/javax.faces.resource/jquery/jquery.js?ln=primefaces&v=4.0 HTTP/1.1" 304 -
191.156.42.125 - - [27/Dec/2023:08:15:06 -0500] "GET /sipse/faces/javax.faces.resource/layout/layout.js?ln=primefaces&v=4.0 HTTP/1.1" 304 -
191.156.47.6 - - [27/Dec/2023:08:15:06 -0500] "GET /sipse/faces/javax.faces.resource/primefaces.js?ln=primefaces&v=4.0 HTTP/1.1" 304 -
191.156.34.166 - - [27/Dec/2023:08:15:06 -0500] "GET /sipse/faces/javax.faces.resource/jquery/jquery-plugins.js?ln=primefaces&v=4.0 HTTP/1.1" 304 -
191.156.34.166 - - [27/Dec/2023:08:15:06 -0500] "GET /sipse/faces/javax.faces.resource/images/ui-icons_898989_256x240.png?ln=primefaces-aristo HTTP/1.1" 304 -
156.59.198.135 - - [27/Dec/2023:08:15:11 -0500] "GET /BLA/resoluciones/RESOLUCIONES%202018/2204.pdf HTTP/1.0" 200 307023
201.245.192.253 - - [27/Dec/2023:08:15:25 -0500] "POST /sipse/faces/autenticacion.xhtml HTTP/1.1" 200 16906
201.245.192.253 - - [27/Dec/2023:08:15:26 -0500] "GET /sipse/css/custom_css_sg_prime.css HTTP/1.1" 200 5201
201.245.192.253 - - [27/Dec/2023:08:15:26 -0500] "GET /sipse/faces/javax.faces.resource/layout/layout.css?ln=primefaces&v=4.0 HTTP/1.1" 304 -
201.245.192.253 - - [27/Dec/2023:08:15:26 -0500] "GET /sipse/faces/javax.faces.resource/primefaces.css?ln=primefaces&v=4.0 HTTP/1.1" 304 -
201.245.192.253 - - [27/Dec/2023:08:15:26 -0500] "GET /sipse/faces/javax.faces.resource/theme.css?ln=primefaces-sipse HTTP/1.1" 304 -
201.245.192.253 - - [27/Dec/2023:08:15:26 -0500] "GET /sipse/js/jquery.min.js HTTP/1.1" 200 85582
201.245.192.253 - - [27/Dec/2023:08:15:26 -0500] "GET /sipse/faces/javax.faces.resource/jquery/jquery.js?ln=primefaces&v=4.0 HTTP/1.1" 304 -
201.245.192.253 - - [27/Dec/2023:08:15:26 -0500] "GET /sipse/faces/javax.faces.resource/jquery/jquery-plugins.js?ln=primefaces&v=4.0 HTTP/1.1" 304 -
201.245.192.253 - - [27/Dec/2023:08:15:26 -0500] "GET /sipse/faces/javax.faces.resource/primefaces.js?ln=primefaces&v=4.0 HTTP/1.1" 304 -
201.245.192.253 - - [27/Dec/2023:08:15:26 -0500] "GET /sipse/faces/javax.faces.resource/layout/layout.js?ln=primefaces&v=4.0 HTTP/1.1" 304 -
201.245.192.253 - - [27/Dec/2023:08:15:26 -0500] "GET /sipse/css/v_mergente.css HTTP/1.1" 200 1505
201.245.192.253 - - [27/Dec/2023:08:15:26 -0500] "GET /sipse/css/imagen/contrasena.png HTTP/1.1" 404 383
201.245.192.253 - - [27/Dec/2023:08:15:26 -0500] "GET /sipse/imagenes/cargando.gif HTTP/1.1" 200 36959
201.245.192.253 - - [27/Dec/2023:08:15:26 -0500] "GET /sipse/imagenes/logoAplicacion.jpg HTTP/1.1" 200 155084
201.245.192.253 - - [27/Dec/2023:08:15:26 -0500] "GET /sipse/faces/javax.faces.resource/images/ui-icons_898989_256x240.png?ln=primefaces-aristo HTTP/1.1" 304 -
201.245.192.253 - - [27/Dec/2023:08:15:26 -0500] "GET /sipse/faces/javax.faces.resource/messages/messages.png?ln=primefaces&v=4.0 HTTP/1.1" 200 27209
172.22.2.4 - - [27/Dec/2023:08:13:48 -0500] "GET /BLA/boletinlegal/ HTTP/1.1" 200 60910
201.245.192.253 - - [27/Dec/2023:08:15:29 -0500] "POST /sipse/faces/bienvenido.xhtml HTTP/1.1" 200 2658
201.245.192.253 - - [27/Dec/2023:08:15:29 -0500] "GET /sipse/faces/javax.faces.resource/images/ui-bg_flat_0_2d5972_40x100.png?ln=primefaces-aristo HTTP/1.1" 200 183
201.245.192.253 - - [27/Dec/2023:08:15:31 -0500] "POST /sipse/faces/bienvenido.xhtml HTTP/1.1" 200 33158
201.245.192.253 - - [27/Dec/2023:08:15:31 -0500] "GET /sipse/faces/javax.faces.resource/theme.css?ln=primefaces-sipse HTTP/1.1" 304 -
201.245.192.253 - - [27/Dec/2023:08:15:31 -0500] "GET /sipse/faces/javax.faces.resource/primefaces.css?ln=primefaces&v=4.0 HTTP/1.1" 304 -
201.245.192.253 - - [27/Dec/2023:08:15:31 -0500] "GET /sipse/faces/javax.faces.resource/layout/layout.css?ln=primefaces&v=4.0 HTTP/1.1" 304 -
201.245.192.253 - - [27/Dec/2023:08:15:31 -0500] "GET /sipse/faces/javax.faces.resource/jquery/jquery.js?ln=primefaces&v=4.0 HTTP/1.1" 304 -
201.245.192.253 - - [27/Dec/2023:08:15:32 -0500] "GET /sipse/faces/javax.faces.resource/jquery/jquery-plugins.js?ln=primefaces&v=4.0 HTTP/1.1" 304 -
201.245.192.253 - - [27/Dec/2023:08:15:32 -0500] "GET /sipse/faces/javax.faces.resource/primefaces.js?ln=primefaces&v=4.0 HTTP/1.1" 304 -
201.245.192.253 - - [27/Dec/2023:08:15:32 -0500] "GET /sipse/faces/javax.faces.resource/layout/layout.js?ln=primefaces&v=4.0 HTTP/1.1" 304 -
201.245.192.253 - - [27/Dec/2023:08:15:32 -0500] "POST /forms/lservlet;jsessionid=ac16012b30d6ac84fb743cb8490d9168fad49a174d06.e3iSbxaKaheRe34Qc38TbN0Nb41ynknvrkLOlQzNp65In0 HTTP/1.1" 200 2
201.245.192.253 - - [27/Dec/2023:08:15:33 -0500] "POST /sipse/faces/presentacion/financiero/solicitudProceso/listarSolicitudProceso.xhtml HTTP/1.1" 200 1376
156.59.198.135 - - [27/Dec/2023:08:15:35 -0500] "GET /BLA/resoluciones/RESOLUCIONES%202009/2483.pdf HTTP/1.0" 200 546278
201.245.192.253 - - [27/Dec/2023:08:15:36 -0500] "POST /forms/lservlet;jsessionid=ac16012b30d608a3c74dabe741288258ac4c4de7c868.e3iSbxaKaheRe34Qc38TbN0Nb41ynknvrkLOlQzNp65In0 HTTP/1.1" 200 2
201.245.192.253 - - [27/Dec/2023:08:15:36 -0500] "POST /sipse/faces/presentacion/financiero/solicitudProceso/listarSolicitudProceso.xhtml HTTP/1.1" 200 1685
201.245.192.253 - - [27/Dec/2023:08:15:36 -0500] "POST /sipse/faces/presentacion/financiero/solicitudProceso/listarSolicitudProceso.xhtml HTTP/1.1" 200 13107
201.245.192.253 - - [27/Dec/2023:08:15:39 -0500] "POST /sipse/faces/presentacion/financiero/solicitudProceso/listarSolicitudProceso.xhtml HTTP/1.1" 200 1697
201.245.192.253 - - [27/Dec/2023:08:15:42 -0500] "POST /sipse/faces/presentacion/financiero/solicitudProceso/listarSolicitudProceso.xhtml HTTP/1.1" 200 1705
156.59.198.136 - - [27/Dec/2023:08:15:59 -0500] "GET /BLA/resoluciones/RESOLUCIONES%202007/RES%202007%203001%20AL%203100/RESOLUCION%203037%20DE%202007.pdf HTTP/1.0" 200 192558
201.245.192.253 - - [27/Dec/2023:08:16:02 -0500] "POST /kwsrmcab/Wsrmcab HTTP/1.1" 200 36658
201.245.192.253 - - [27/Dec/2023:08:16:04 -0500] "POST /kwsrmcab/Wsrmcab HTTP/1.1" 200 36821
156.59.198.136 - - [27/Dec/2023:08:16:24 -0500] "GET /BLA/resoluciones/RESOLUCIONES%202008/2679.pdf HTTP/1.0" 200 513347
216.245.221.92 - - [27/Dec/2023:08:16:46 -0500] "HEAD / HTTP/1.1" 200 -
156.59.198.136 - - [27/Dec/2023:08:16:48 -0500] "GET /BLA/resoluciones/RESOLUCIONES%202009/2387.pdf HTTP/1.0" 200 352597
201.245.192.253 - - [27/Dec/2023:08:16:48 -0500] "POST /kwsrmcab/Wsrmcab  HTTP/1.1" 200 36330
156.59.198.135 - - [27/Dec/2023:08:17:14 -0500] "GET /BLA/resoluciones/RESOLUCIONES%202018/2123.pdf HTTP/1.0" 200 285329
201.245.192.253 - - [27/Dec/2023:08:17:32 -0500] "POST /forms/lservlet;jsessionid=ac16012b30d6ac84fb743cb8490d9168fad49a174d06.e3iSbxaKaheRe34Qc38TbN0Nb41ynknvrkLOlQzNp65In0 HTTP/1.1" 200 2
66.249.88.199 - - [27/Dec/2023:08:17:35 -0500] "GET /images/jardines-verticales_optimized.jpeg HTTP/1.1" 200 138197
201.245.192.253 - - [27/Dec/2023:08:17:36 -0500] "POST /forms/lservlet;jsessionid=ac16012b30d608a3c74dabe741288258ac4c4de7c868.e3iSbxaKaheRe34Qc38TbN0Nb41ynknvrkLOlQzNp65In0 HTTP/1.1" 200 2
156.59.198.135 - - [27/Dec/2023:08:17:38 -0500] "GET /BLA/resoluciones/RESOLUCIONES%202008/1781.pdf HTTP/1.0" 200 509711
172.22.2.4 - - [27/Dec/2023:08:17:39 -0500] "GET /BLA/boletinlegal/actos.php HTTP/1.1" 200 9682
172.22.2.4 - - [27/Dec/2023:08:17:39 -0500] "GET /BLA/boletinlegal/favicon.ico HTTP/1.1" 404 1326
156.59.198.136 - - [27/Dec/2023:08:18:02 -0500] "GET /BLA/resoluciones/RESOLUCIONES%202009/1654.pdf HTTP/1.0" 200 412859
191.156.32.254 - - [27/Dec/2023:08:18:23 -0500] "POST /sipse/faces/autenticacion.xhtml HTTP/1.1" 200 2179
191.156.32.254 - - [27/Dec/2023:08:18:24 -0500] "GET /sipse/faces/javax.faces.resource/messages/messages.png?ln=primefaces&v=4.0 HTTP/1.1" 304 -
156.59.198.135 - - [27/Dec/2023:08:18:27 -0500] "GET /BLA/resoluciones/RESOLUCIONES%202009/3331.pdf HTTP/1.0" 200 706208
191.156.42.107 - - [27/Dec/2023:08:18:46 -0500] "GET /sipse/faces/index.xhtml HTTP/1.1" 200 677
191.156.42.107 - - [27/Dec/2023:08:18:46 -0500] "GET /sipse/faces/javax.faces.resource/theme.css?ln=primefaces-sipse HTTP/1.1" 304 -
191.156.42.107 - - [27/Dec/2023:08:18:46 -0500] "GET /sipse/faces/faces/autenticacion.xhtml HTTP/1.1" 200 12417
191.156.42.107 - - [27/Dec/2023:08:18:46 -0500] "GET /sipse/faces/javax.faces.resource/theme.css?ln=primefaces-sipse HTTP/1.1" 304 -
191.156.42.107 - - [27/Dec/2023:08:18:46 -0500] "GET /sipse/faces/javax.faces.resource/primefaces.css?ln=primefaces&v=4.0 HTTP/1.1" 304 -
191.156.42.107 - - [27/Dec/2023:08:18:46 -0500] "GET /sipse/faces/javax.faces.resource/layout/layout.css?ln=primefaces&v=4.0 HTTP/1.1" 304 -
191.156.42.107 - - [27/Dec/2023:08:18:46 -0500] "GET /sipse/faces/javax.faces.resource/jquery/jquery.js?ln=primefaces&v=4.0 HTTP/1.1" 304 -
191.156.32.254 - - [27/Dec/2023:08:18:46 -0500] "GET /sipse/faces/javax.faces.resource/layout/layout.js?ln=primefaces&v=4.0 HTTP/1.1" 304 -
191.156.42.107 - - [27/Dec/2023:08:18:46 -0500] "GET /sipse/faces/javax.faces.resource/jquery/jquery-plugins.js?ln=primefaces&v=4.0 HTTP/1.1" 304 -
191.156.37.5 - - [27/Dec/2023:08:18:46 -0500] "GET /sipse/faces/javax.faces.resource/primefaces.js?ln=primefaces&v=4.0 HTTP/1.1" 304 -
191.156.37.5 - - [27/Dec/2023:08:18:47 -0500] "GET /sipse/faces/javax.faces.resource/images/ui-icons_898989_256x240.png?ln=primefaces-aristo HTTP/1.1" 304 -
156.59.198.136 - - [27/Dec/2023:08:18:51 -0500] "GET /BLA/resoluciones/RESOLUCIONES%202018/2799.pdf HTTP/1.0" 200 280787
172.22.2.4 - - [27/Dec/2023:08:18:51 -0500] "GET /BLA/boletinlegal/consulta_actos.php?tipo=resoluciones&no=&usuario=SEcretaria%20distrital%20de%20ambiente&sector=&fecha=2023&resuelve= HTTP/1.1" 200 33617
172.22.2.4 - - [27/Dec/2023:08:18:52 -0500] "GET /BLA/boletinlegal/images/pdf.gif HTTP/1.1" 200 567
172.22.2.4 - - [27/Dec/2023:08:18:52 -0500] "GET /BLA/boletinlegal/images/background.gif HTTP/1.1" 200 -
191.156.37.5 - - [27/Dec/2023:08:18:59 -0500] "POST /sipse/faces/autenticacion.xhtml HTTP/1.1" 200 2179
191.156.37.5 - - [27/Dec/2023:08:18:59 -0500] "GET /sipse/faces/javax.faces.resource/messages/messages.png?ln=primefaces&v=4.0 HTTP/1.1" 304 -
156.59.198.135 - - [27/Dec/2023:08:19:15 -0500] "GET /BLA/resoluciones/RESOLUCIONES%202009/3352.pdf HTTP/1.0" 200 550637
20.26.44.160 - - [27/Dec/2023:08:19:24 -0500] "GET /Publicaciones/2023EE276440.pdf HTTP/1.1" 404 228
201.245.192.253 - - [27/Dec/2023:08:19:32 -0500] "POST /forms/lservlet;jsessionid=ac16012b30d6ac84fb743cb8490d9168fad49a174d06.e3iSbxaKaheRe34Qc38TbN0Nb41ynknvrkLOlQzNp65In0 HTTP/1.1" 200 2
201.245.192.253 - - [27/Dec/2023:08:19:36 -0500] "POST /forms/lservlet;jsessionid=ac16012b30d608a3c74dabe741288258ac4c4de7c868.e3iSbxaKaheRe34Qc38TbN0Nb41ynknvrkLOlQzNp65In0 HTTP/1.1" 200 2
156.59.198.136 - - [27/Dec/2023:08:19:39 -0500] "GET /BLA/resoluciones/RESOLUCIONES%202009/3224.pdf HTTP/1.0" 200 535733
201.245.192.253 - - [27/Dec/2023:08:19:56 -0500] "POST /forms/lservlet;jsessionid=ac16012b30d6ac84fb743cb8490d9168fad49a174d06.e3iSbxaKaheRe34Qc38TbN0Nb41ynknvrkLOlQzNp65In0 HTTP/1.1" 200 361
201.245.192.253 - - [27/Dec/2023:08:19:56 -0500] "POST /forms/lservlet;jsessionid=ac16012b30d6ac84fb743cb8490d9168fad49a174d06.e3iSbxaKaheRe34Qc38TbN0Nb41ynknvrkLOlQzNp65In0 HTTP/1.1" 200 7
201.245.192.253 - - [27/Dec/2023:08:19:56 -0500] "POST /forms/lservlet;jsessionid=ac16012b30d6ac84fb743cb8490d9168fad49a174d06.e3iSbxaKaheRe34Qc38TbN0Nb41ynknvrkLOlQzNp65In0 HTTP/1.1" 200 2
201.245.192.253 - - [27/Dec/2023:08:20:03 -0500] "POST /forms/lservlet;jsessionid=ac16012b30d608a3c74dabe741288258ac4c4de7c868.e3iSbxaKaheRe34Qc38TbN0Nb41ynknvrkLOlQzNp65In0 HTTP/1.1" 200 123
201.245.192.253 - - [27/Dec/2023:08:20:03 -0500] "POST /forms/lservlet;jsessionid=ac16012b30d608a3c74dabe741288258ac4c4de7c868.e3iSbxaKaheRe34Qc38TbN0Nb41ynknvrkLOlQzNp65In0 HTTP/1.1" 200 2
201.245.192.253 - - [27/Dec/2023:08:20:03 -0500] "POST /forms/lservlet;jsessionid=ac16012b30d608a3c74dabe741288258ac4c4de7c868.e3iSbxaKaheRe34Qc38TbN0Nb41ynknvrkLOlQzNp65In0 HTTP/1.1" 200 46
156.59.198.136 - - [27/Dec/2023:08:20:03 -0500] "GET /BLA/resoluciones/RESOLUCIONES%202007/RES%202007%203001%20AL%203100/RESOLUCION%203043%20DE%202007.pdf HTTP/1.0" 200 372554
201.245.192.253 - - [27/Dec/2023:08:20:04 -0500] "POST /forms/lservlet;jsessionid=ac16012b30d608a3c74dabe741288258ac4c4de7c868.e3iSbxaKaheRe34Qc38TbN0Nb41ynknvrkLOlQzNp65In0 HTTP/1.1" 200 13
201.245.192.253 - - [27/Dec/2023:08:20:04 -0500] "POST /kwsrmcab/Wsrmcab HTTP/1.1" 200 36658
201.245.192.253 - - [27/Dec/2023:08:20:09 -0500] "POST /kwsrmcab/Wsrmcab HTTP/1.1" 200 36821
186.102.4.186 - - [27/Dec/2023:08:20:12 -0500] "GET /kwssiamovil/sm/ldap/au?x=U2FsdGVkX18QoNRt6EPYu2lnR1fEyXpWPu7IdcBYUU5FqfKnmkovf8xzz9oJ7E40&y=U2FsdGVkX1/oH/6wwUGOtMOBGb5IF4+oq3pEMSrk6U0dBIC5vqw7e209abWtDqdT HTTP/1.1" 200 30
186.102.4.186 - - [27/Dec/2023:08:20:12 -0500] "GET /kwssiamovil/sm/acme/s?s=U2FsdGVkX1/MNOmZa+GNsLBzPqt1ydlFuT1IdcuxRPKHSE4bYXyPWiEvPzUjCFG+gc5wWyvaXS9R39vW9ywx6djlmwWWv6rGlyNHk+Yo1hc=&u=U2FsdGVkX18Yibq2Kt1pDu/t94K6+P0yPBWDmjkCqGXR+Wwr4W9cohdvN2YFLW2P&y=U2FsdGVkX1/oH/6wwUGOtMOBGb5IF4+oq3pEMSrk6U0dBIC5vqw7e209abWtDqdT HTTP/1.1" 200 97
186.102.4.186 - - [27/Dec/2023:08:20:12 -0500] "GET /kwssiamovil/sm/acme/s?s=U2FsdGVkX18oVkKRkKNNtZZA7F0Jb99d1wWoNm8PpYBd0WpnNSmrx2s03JzBsu4o2VDUYI2ZaFlNmqOGRiAN6LcRPO5H09qPsOeWS7sgFgK17nlamZOfwYNTit3PCK4ElkuwWnaEh97DFCS4o4BjgUnc/UjACOFBgzRTTqSRVx8SGM2M9ZcSFL5XQ0wSWZA7dbqZffXNjIizfpXkVDSBaE3f6BPQ0eeSOjWYYj1hKDZ/DtMZaWRwZMh8w6cjvgEJefv7JENpXUbiB4kb/nX2+DK5BpxjWCDypzkndheVueJy5d91QvKfmnVSCfIbjuhrprIyjYt7vUauxPfoOGRymopw5xtI0zlIkDQ/Mv0sBIxTWWAjAAsJhpzdOgYOOmGs1lmVTh2I1IQymSOwB6IjoMJX7CNnoe3teI852f4swWd2qiBNIVQoU7gQK+vQoCpXRTrvHw8LWw7Sj9391IuILKuBhiGznmUCxpvLQ/ix7LwFoUocO0o/cWVRYVTcOcnVkY9KNt9pPgRwfh55mkFpNTmbGRAM2k7TLPzGx04XEO+zOuoYpJlMv2ch7cnqvOBu7SoYuI7gd/WUod4pQC/GTRVAUrEQMAQkuOI2kGBnjw9k/sTlkXtgaORoeeQQ/UMPbbK1hlcQUD2ALVRojRvEZwgiCm7wJpByBtL2DKSL4ihp4e+CU8o2idfjvhHBRv4hIKmV7IY49WHith5h4FwtN9yIkp6eG+N3cY+5Iobp7YGbW0sLpdcf0Wa3YQL+vDbrljGVhWrdur6YE7gS16ST1NEYaePuC7ATdp6ZCuItXERTDl01qFsB79yq32IuBuf4nQpSGSVraFcQzzamVGq8aTOjn6kVdnf+M6yzTf1SgTlM8W3Lez6jgWyfcZ9/uzG2qUftczytSeZIqUpB3nXqiVz8ZDtxPMTM8wtYeCVK9lCJadkqhijfh8bCQ9Ja4mM4Tkg8geoICshrfZdswhZ+Aaw85qAWrXBvwz3QnbPZhV3s3t6N6s7w3XvJimCjNRGg7Ka9piaY9rZXmANMQCTHWj7LRZzWQsOAy1WA/JpHVOk+bRF0pQ20uomHmgB4M1Hs2J48xk5G+gxbaPJVMF9jdlkFSjqf9xGZgHK+ncpfKc5Rd/X6i9xdqvupkOXA5GurFx6jkysJNigqJSKl+vMkMcgD276c0OJ22t1r9hxHPHuV5v8US4MBK4gt5WNBaMXfuBXaFrmefNf2njhkGtvs6s70vWiFBf3ZT1Xe3/yilFiYXK+SFImseKkngUHQpxe4XRShx4IzMfo70mx+5iDzcsLEOCfkWeIkY4aMMo+dP+R/tft5bBgVUFLye+ufFB6Zam+xx9gogrvVzVKO/zPiDUm+06keE6mENQ9+JPtAXLZwONBmE7jRpBME72RBXalsxR/KnHqjf6IXZ4y53C/5F6CZDVkH1JHH/FqEPDy49zA=&u=U2FsdGVkX18Yibq2Kt1pDu/t94K6+P0yPBWDmjkCqGXR+Wwr4W9cohdvN2YFLW2P&y=U2FsdGVkX1/oH/6wwUGOtMOBGb5IF4+oq3pEMSrk6U0dBIC5vqw7e209abWtDqdT HTTP/1.1" 200 1566
186.102.4.186 - - [27/Dec/2023:08:20:13 -0500] "GET /kwssiamovil/sm/acme/s?s=U2FsdGVkX1/MGfv2UnbAOgY0zTxBE5el7a4P/beb7Zs4W3MzkrPXr2MSIvZ6I4cN7QkGd96BmpI75xJ+czpblsh2hXrRb1r2YzVTXj9VkM0PXAa/l06YCbn3a8Uy8/Qxni+CnotKYsBUgUdyW2beISwoSCRoR7LVZ8F5zbX9rGECNgVyHdBwlaue0QofnYe4uy7G09Loyz8dVjf9CIS9EkLzfTNQY553/aDlhPwd3UBSETHu/1pIy4jqjbdxU+tG+m7G1RbW4fn8NUHM3vozJxIVT4cCdTKKR6rcg+xrtMbwzMkvbZoxvxX1vO3l/1JWcOK2kXj2a+ZCtGU0vPzT2IkjYML9J+lUCQim+9FIan4=&u=U2FsdGVkX18Yibq2Kt1pDu/t94K6+P0yPBWDmjkCqGXR+Wwr4W9cohdvN2YFLW2P&y=U2FsdGVkX1/oH/6wwUGOtMOBGb5IF4+oq3pEMSrk6U0dBIC5vqw7e209abWtDqdT HTTP/1.1" 200 196
186.102.4.186 - - [27/Dec/2023:08:20:13 -0500] "GET /kwssiamovil/sm/cjson/pre?f=1&x=U2FsdGVkX18QoNRt6EPYu2lnR1fEyXpWPu7IdcBYUU5FqfKnmkovf8xzz9oJ7E40 HTTP/1.1" 200 31032
172.22.2.4 - - [27/Dec/2023:08:18:47 -0500] "HEAD /BLA/boletinlegal/ HTTP/1.1" 200 -
156.59.198.135 - - [27/Dec/2023:08:20:27 -0500] "GET /BLA/resoluciones/RESOLUCIONES%202009/1473.pdf HTTP/1.0" 200 437502
156.59.198.135 - - [27/Dec/2023:08:20:51 -0500] "GET /BLA/resoluciones/RESOLUCIONES%202007/RES%202007%202801%20AL%202900/RESOLUCION%202881%20DE%202007.pdf HTTP/1.0" 200 578509
156.59.198.136 - - [27/Dec/2023:08:21:16 -0500] "GET /BLA/resoluciones/RESOLUCIONES%202018/2925.pdf HTTP/1.0" 200 262131
172.22.2.4 - - [27/Dec/2023:08:19:37 -0500] "GET /BLA/boletinlegal/ HTTP/1.1" 200 58567
201.245.192.253 - - [27/Dec/2023:08:21:32 -0500] "POST /forms/lservlet;jsessionid=ac16012b30d6ac84fb743cb8490d9168fad49a174d06.e3iSbxaKaheRe34Qc38TbN0Nb41ynknvrkLOlQzNp65In0 HTTP/1.1" 200 2
186.102.106.117 - - [27/Dec/2023:08:21:32 -0500] "GET /kwssiamovil/sm/ldap/au?x=U2FsdGVkX19h3YPSoxnquWMOAnzEObrVAHNL81icGVwuBxii7UUvgYfKvbcq5jCgrEjBE6979dox27j7WE+2sQ==&y=U2FsdGVkX1+M2XM20zeEo7JbQeLazVVsylm/u8mjkP9RidS0MY/tWzTLP7MGZVID HTTP/1.1" 200 30
186.102.106.117 - - [27/Dec/2023:08:21:33 -0500] "GET /kwssiamovil/sm/acme/s?s=U2FsdGVkX18H6mDgIUylZroASFcnHKhWL0N/quiES3KbBkAaRJwYSqDiCOvb4Km5ZIQM7yqlOe5yrFwLcFQH7hRsm4DZuFGnngZDzEOfEN8=&u=U2FsdGVkX1+Q1oqDtbQLiyZqiMtQ25wwxiMSCJksHiPVHUvtMuay1zXJGYkMAWhA&y=U2FsdGVkX1+M2XM20zeEo7JbQeLazVVsylm/u8mjkP9RidS0MY/tWzTLP7MGZVID HTTP/1.1" 200 97
186.102.106.117 - - [27/Dec/2023:08:21:33 -0500] "GET /kwssiamovil/sm/acme/s?s=U2FsdGVkX19dO7qxDHAxR/lrTiwwrSmDJjCFCCbl21zktsd/kjAiIwUhBzkABLn3YoMYv6tuW+unvZwFRwr/RvO87yVEub+EpVZGzsCguBlC8wYBzvnqtCFbddPAemi4Z/3pG4SHetWg0t1meBIeV11Fvo64FOMaSmrJqgSkcoNnjGOIC3+QVoKqz91+mSkj0/mwAvulH/vPAH1FSr1X2uRSPWSdWzxDdX5bsPExLv+giG3IXn8ejHNg9eXmCzbYirIg9ldhnog0WlHyIeDMyY+BtjtuTw8tfRvKdoBtMWcalb+Gi1WW3AT56pB1bKCsJ/NyPj8YZhg43qBWNv0hnE3lJMvCzEn1iHwmkwzSpGbm1Z25F1sCY3wYV9KCrtkApPInvUBVtll2HeVhvEy01lByPaMI379vs1dVOZKTA960sZuSTdTGDnYpM9n3qi3wblUDqMR4LfrWyHF04mLP1Hpwt7bNWlo14x7W/KqftbknD0Q4MPZndjxl5riDSSBpbiOBy3ADPoaa5viCxSq62ox6DIqRB3Gr8EvK1fX3fhQjItb6zHGI05xys2ozSCebHiBXUOIkXQlKqJbSk94E3gulM2DtVHPjYroi6nEO9ucZWU4b0fRXBOIBgZukehHCgaxVWmHA+G6/DRDA/XPsN0x8P7rj7iPndNWI0PzqlzScOBooAk7k28mIcRFJ/T4CB/h0grJkZXF1KVKT30JY64V3xC9TpsmcG5IVZJUhg16fMzslnyULGPspUiqSWA74Z104F12SeulBym6WsI7PQDMSqAr8lf8EHrSuVNrbfIZmBQz/duTo5jZXWYqJRkeimLoNEIiuDxTJnSCVjDiBVkaUWIrbbI8YL3o50Gyali1PYUDIS2pg7RIQuuRi34bigOdyOSf22ri8SKKj75kQ9c34mNRXBk7wkreth+nzS+7xMxO0t1AwDMzmxgZbGBxGmHt2o2FSaKtqFyB62JjgztxfBG4D2+BxkXvEg1gHRj0+lZxBzTP+eDVUy+XKBPP+2tfLQqOTIBfuv2w0M2l4IVRSMKvZfe8mDuYs+Dtzp5bOAS3dgKBcyi3ahQVbnF1t51xwxGcwRD0YLcg+g1qVFjpZ9ZX06K0e0olFiA8X1JLU405h4lz0uvykVF0V7pH+zKll6BwSdQcA/ezu2FSiTfwmJdqXuHx9FP1cvq3hL4xRp4dGvJFz5nBgmAQlh38f4QEaAF6PYh0+0TR9dHHY/UrXt9RbQAe73Yn8mpZl9o+irBx3qKuaxT23kKpDKI30c9os7+K9PG/mAlEweXY+Ig9MBu4feJlRGD7ZVzmPf5Yvja365cllI34qYkA8C8i4KVJfg90dbECZkVY+cVAHYsEHiBQzRfc8FVuDv3Gvi7ik+d4Wf+QC6bDwV6xl4SeJqGOskwVVvQ+MZ3c4lzzCO0l+ny8gIgHGajJnqKr12WeW4rvGt9+IC0ZK80ybOmCdmL4tV/5mBV8Y32rN7Bv+U4McXIXtNNKbz+rR9VBPjbWF4oObS6ikqEaTKN3pSkPQwbCj9iHGG/jt1QPykl33MIwDMeKBiLbptVrw+hp/nHPQYkld2WXFdVoj+u5yY8xTsWd/+DCpM3pU5x2EXLJcyMMeQHn+E2pEZfP9zI3mZsuthKCIYcVD+uq14P/HJS6z2RI6RB/yjUOwYR91i0mTEZwiZdDW+D3S77q+X5aWMOP43rRWL3umfFOX9B9ql6gs7qf8TRb3VKp2BXy5C5RrFKfxhpodOZYOnJ0r9F74ASh3rHrIAdvp7bp9t7018Cr5&u=U2FsdGVkX1+Q1oqDtbQLiyZqiMtQ25wwxiMSCJksHiPVHUvtMuay1zXJGYkMAWhA&y=U2FsdGVkX1+M2XM20zeEo7JbQeLazVVsylm/u8mjkP9RidS0MY/tWzTLP7MGZVID HTTP/1.1" 200 1716
186.102.106.117 - - [27/Dec/2023:08:21:33 -0500] "GET /kwssiamovil/sm/acme/s?s=U2FsdGVkX1+iCB5L0HM1HZ/BXZ4Vcg4IakNF+Z6iTKOTQjzgzL+s7MvJJ71fM8o3xNHq9iTrwngqts0o/VxGM0Kf+EkwTXTb7YRDAQBQ5S5gqNKysACg1MMTTh+/La3vsXQCYA8aIofnha+llTPUvyt2khRR6uLgvhD+t/ckm3WQ53d+pNfaJAJCDWK3WudgmxNDVl2fUv0lB41ZRh5m9YmAkogFdBeCEN/Uz0bZFNAIN+cmouP9jnjqxKAH0irGy/9HCw0IE1dhmyQwSkp+d5UF9fgB2Ns3PZCbzQgX3rkSVqcxmRggiKKSwkfXIz/fNkeU2I/BNYUFkz/azrYPlcWFyYzC7q56Otbk0OOqCbwBa1XyLcl93VuOlEFaI9ZO1YykZQ37Wi0Ye8bI5x9N5HJ7m+iDaNGPA2lUPq4HbxKXvb9i5DIyz7WZvLmsmU5uekm2bjcoddLsW1umwLmJPdsd6KeZQsDFrgjdB/hq5VBotKIn9fq1eD2yB7UqQHEXdZOf5wSiKxWx2DgTdbAF0YszrjkF5FoUeP5ZsTfpVqt+5XquMesGwM2ozmoMLettWWGziAv0zOxk7+RcGeJj0sMGgnkDtH2k26qx6sCvL6P1uqBNmTYHRejBQAoBFQpwjC/7WE2rne6rWYvABXYsAfgBJdERlXdEPKYw7eiV81r8cqHTp/eSjZijjoD0G+Y/6yogW7iIDxAddychJToLaU8QSLtz7E37VbLv+z/eRz6zl77IWcHm6vSUEh4WzK/T&u=U2FsdGVkX1+Q1oqDtbQLiyZqiMtQ25wwxiMSCJksHiPVHUvtMuay1zXJGYkMAWhA&y=U2FsdGVkX1+M2XM20zeEo7JbQeLazVVsylm/u8mjkP9RidS0MY/tWzTLP7MGZVID HTTP/1.1" 200 208
186.102.106.117 - - [27/Dec/2023:08:21:33 -0500] "GET /kwssiamovil/sm/cjson/pre?f=1&x=U2FsdGVkX19h3YPSoxnquWMOAnzEObrVAHNL81icGVwuBxii7UUvgYfKvbcq5jCgrEjBE6979dox27j7WE+2sQ== HTTP/1.1" 200 31032
201.245.192.253 - - [27/Dec/2023:08:21:36 -0500] "POST /forms/lservlet;jsessionid=ac16012b30d608a3c74dabe741288258ac4c4de7c868.e3iSbxaKaheRe34Qc38TbN0Nb41ynknvrkLOlQzNp65In0 HTTP/1.1" 200 2
156.59.198.135 - - [27/Dec/2023:08:21:40 -0500] "GET /BLA/resoluciones/AUTOS%202010/4740.pdf HTTP/1.0" 200 240866
216.245.221.92 - - [27/Dec/2023:08:21:46 -0500] "HEAD / HTTP/1.1" 200 -
201.245.192.253 - - [27/Dec/2023:08:21:46 -0500] "POST /kwsrmcab/Wsrmcab  HTTP/1.1" 200 36330
157.90.251.233 - - [27/Dec/2023:08:22:01 -0500] "GET / HTTP/1.1" 200 319
157.90.251.233 - - [27/Dec/2023:08:22:03 -0500] "GET / HTTP/1.1" 200 4720
156.59.198.136 - - [27/Dec/2023:08:22:04 -0500] "GET /BLA/resoluciones/RESOLUCIONES%202007/RES%202007%203701%20AL%203800/RESOLUCION%203713%20DE%202007.pdf HTTP/1.0" 200 880815
156.59.198.136 - - [27/Dec/2023:08:22:29 -0500] "GET /BLA/resoluciones/RESOLUCIONES%202009/2005.pdf HTTP/1.0" 200 736599
201.245.192.253 - - [27/Dec/2023:08:22:34 -0500] "GET /sipse/faces/index.xhtml HTTP/1.1" 200 677
201.245.192.253 - - [27/Dec/2023:08:22:34 -0500] "GET /sipse/faces/javax.faces.resource/theme.css?ln=primefaces-sipse HTTP/1.1" 304 -
201.245.192.253 - - [27/Dec/2023:08:22:34 -0500] "GET /sipse/faces/faces/autenticacion.xhtml HTTP/1.1" 200 12410
201.245.192.253 - - [27/Dec/2023:08:22:34 -0500] "GET /sipse/js/disable_browser_buttons.js HTTP/1.1" 304 -
201.245.192.253 - - [27/Dec/2023:08:22:34 -0500] "GET /sipse/js/funciones.js HTTP/1.1" 304 -
201.245.192.253 - - [27/Dec/2023:08:22:34 -0500] "GET /sipse/css/custom_css_sg_prime_login.css HTTP/1.1" 304 -
201.245.192.253 - - [27/Dec/2023:08:22:34 -0500] "GET /sipse/css/custom_css_sg.css HTTP/1.1" 304 -
201.245.192.253 - - [27/Dec/2023:08:22:34 -0500] "GET /sipse/faces/javax.faces.resource/primefaces.css?ln=primefaces&v=4.0 HTTP/1.1" 304 -
201.245.192.253 - - [27/Dec/2023:08:22:34 -0500] "GET /sipse/faces/javax.faces.resource/theme.css?ln=primefaces-sipse HTTP/1.1" 304 -
201.245.192.253 - - [27/Dec/2023:08:22:34 -0500] "GET /sipse/faces/javax.faces.resource/jquery/jquery-plugins.js?ln=primefaces&v=4.0 HTTP/1.1" 304 -
201.245.192.253 - - [27/Dec/2023:08:22:34 -0500] "GET /sipse/faces/javax.faces.resource/layout/layout.css?ln=primefaces&v=4.0 HTTP/1.1" 304 -
201.245.192.253 - - [27/Dec/2023:08:22:34 -0500] "GET /sipse/faces/javax.faces.resource/primefaces.js?ln=primefaces&v=4.0 HTTP/1.1" 304 -
201.245.192.253 - - [27/Dec/2023:08:22:34 -0500] "GET /sipse/faces/javax.faces.resource/jquery/jquery.js?ln=primefaces&v=4.0 HTTP/1.1" 304 -
201.245.192.253 - - [27/Dec/2023:08:22:34 -0500] "GET /sipse/faces/javax.faces.resource/layout/layout.js?ln=primefaces&v=4.0 HTTP/1.1" 304 -
201.245.192.253 - - [27/Dec/2023:08:22:34 -0500] "GET /sipse/css/imagen/logoSDG.png HTTP/1.1" 304 -
201.245.192.253 - - [27/Dec/2023:08:22:34 -0500] "GET /sipse/css/imagen/loginimg.png HTTP/1.1" 304 -
201.245.192.253 - - [27/Dec/2023:08:22:34 -0500] "GET /sipse/faces/javax.faces.resource/images/ui-icons_898989_256x240.png?ln=primefaces-aristo HTTP/1.1" 304 -
156.59.198.135 - - [27/Dec/2023:08:22:52 -0500] "GET /BLA/resoluciones/AUTOS%202015/7257.pdf HTTP/1.0" 200 437418
156.59.198.136 - - [27/Dec/2023:08:23:17 -0500] "GET /BLA/resoluciones/RESOLUCIONES%202008/4743.pdf HTTP/1.0" 200 335073
201.245.192.253 - - [27/Dec/2023:08:23:32 -0500] "POST /forms/lservlet;jsessionid=ac16012b30d6ac84fb743cb8490d9168fad49a174d06.e3iSbxaKaheRe34Qc38TbN0Nb41ynknvrkLOlQzNp65In0 HTTP/1.1" 200 2
201.245.192.253 - - [27/Dec/2023:08:23:36 -0500] "POST /forms/lservlet;jsessionid=ac16012b30d608a3c74dabe741288258ac4c4de7c868.e3iSbxaKaheRe34Qc38TbN0Nb41ynknvrkLOlQzNp65In0 HTTP/1.1" 200 2
156.59.198.136 - - [27/Dec/2023:08:23:41 -0500] "GET /BLA/resoluciones/RESOLUCIONES%202009/4363.pdf HTTP/1.0" 200 558653
156.59.198.136 - - [27/Dec/2023:08:24:05 -0500] "GET /BLA/resoluciones/RESOLUCIONES%202009/2487.pdf HTTP/1.0" 200 294970
156.59.198.136 - - [27/Dec/2023:08:24:29 -0500] "GET /BLA/resoluciones/RESOLUCIONES%202009/3105.pdf HTTP/1.0" 200 474871
156.59.198.135 - - [27/Dec/2023:08:24:53 -0500] "GET /BLA/resoluciones/RESOLUCIONES%202008/3386.pdf HTTP/1.0" 200 322241
156.59.198.136 - - [27/Dec/2023:08:25:18 -0500] "GET /BLA/resoluciones/Notificaciones/AUTOS%202023/1222.pdf HTTP/1.0" 200 387825
201.245.192.253 - - [27/Dec/2023:08:25:32 -0500] "POST /forms/lservlet;jsessionid=ac16012b30d6ac84fb743cb8490d9168fad49a174d06.e3iSbxaKaheRe34Qc38TbN0Nb41ynknvrkLOlQzNp65In0 HTTP/1.1" 200 2
201.245.192.253 - - [27/Dec/2023:08:25:36 -0500] "POST /forms/lservlet;jsessionid=ac16012b30d608a3c74dabe741288258ac4c4de7c868.e3iSbxaKaheRe34Qc38TbN0Nb41ynknvrkLOlQzNp65In0 HTTP/1.1" 200 2
156.59.198.135 - - [27/Dec/2023:08:25:42 -0500] "GET /BLA/resoluciones/RESOLUCIONES%202018/4300.pdf HTTP/1.0" 200 348510
201.245.192.253 - - [27/Dec/2023:08:26:02 -0500] "POST /kwsrmcab/Wsrmcab HTTP/1.1" 200 36658
156.59.198.135 - - [27/Dec/2023:08:26:06 -0500] "GET /BLA/resoluciones/RESOLUCIONES%202007/RES%202007%201901%20AL%202000/RESOLUCION%201941%20DE%202007.pdf HTTP/1.0" 200 632571
201.245.192.253 - - [27/Dec/2023:08:26:05 -0500] "POST /kwsrmcab/Wsrmcab HTTP/1.1" 200 36821
172.22.2.4 - - [27/Dec/2023:08:24:37 -0500] "HEAD /BLA/boletinlegal/ HTTP/1.1" 200 -
156.59.198.135 - - [27/Dec/2023:08:26:31 -0500] "GET /BLA/resoluciones/Notificaciones/AUTOS%202023/1174.pdf HTTP/1.0" 200 1222736
172.22.2.4 - - [27/Dec/2023:08:26:35 -0500] "GET /BLA/boletinlegal/.well-known/traffic-advice HTTP/1.1" 404 1038
172.22.2.4 - - [27/Dec/2023:08:26:35 -0500] "GET /BLA/boletinlegal/actos.php HTTP/1.1" 200 9682
172.22.2.4 - - [27/Dec/2023:08:26:37 -0500] "GET /BLA/boletinlegal/styles2.css HTTP/1.1" 200 1838
172.22.2.4 - - [27/Dec/2023:08:26:37 -0500] "GET /BLA/boletinlegal/niceforms-default.css HTTP/1.1" 200 6694
172.22.2.4 - - [27/Dec/2023:08:26:37 -0500] "GET /BLA/boletinlegal/style.css HTTP/1.1" 200 9406
172.22.2.4 - - [27/Dec/2023:08:26:37 -0500] "GET /BLA/boletinlegal/js/ajax_actos.js HTTP/1.1" 200 1322
172.22.2.4 - - [27/Dec/2023:08:26:37 -0500] "GET /BLA/boletinlegal/niceforms.js HTTP/1.1" 200 22876
172.22.2.4 - - [27/Dec/2023:08:26:37 -0500] "GET /BLA/boletinlegal/js/lib.js HTTP/1.1" 200 6474
172.22.2.4 - - [27/Dec/2023:08:26:37 -0500] "GET /BLA/boletinlegal/js/popup.js HTTP/1.1" 200 1270
172.22.2.4 - - [27/Dec/2023:08:26:37 -0500] "GET /BLA/boletinlegal/js/jquery1.js HTTP/1.1" 200 29846
172.22.2.4 - - [27/Dec/2023:08:26:37 -0500] "GET /BLA/boletinlegal/images/cabezote%20BLEGAL.jpg HTTP/1.1" 200 118164
172.22.2.4 - - [27/Dec/2023:08:26:37 -0500] "GET /BLA/boletinlegal/images/subscribe-icon-big.png HTTP/1.1" 200 47702
172.22.2.4 - - [27/Dec/2023:08:26:37 -0500] "GET /BLA/boletinlegal/images/registro-usuarios.png HTTP/1.1" 200 8106
172.22.2.4 - - [27/Dec/2023:08:26:37 -0500] "GET /BLA/boletinlegal/images/historia.png HTTP/1.1" 200 52775
172.22.2.4 - - [27/Dec/2023:08:26:37 -0500] "GET /BLA/boletinlegal/images/green-yellow-blue-pink-th.png HTTP/1.1" 200 7394
172.22.2.4 - - [27/Dec/2023:08:26:37 -0500] "GET /BLA/boletinlegal/images/body_bg.jpg HTTP/1.1" 200 1601
172.22.2.4 - - [27/Dec/2023:08:26:37 -0500] "GET /BLA/boletinlegal/images/footer_bg.jpg HTTP/1.1" 200 586
172.22.2.4 - - [27/Dec/2023:08:26:37 -0500] "GET /BLA/boletinlegal/images/menu_lft.gif HTTP/1.1" 200 1713
172.22.2.4 - - [27/Dec/2023:08:26:37 -0500] "GET /BLA/boletinlegal/images/menu_rght.gif HTTP/1.1" 200 1627
172.22.2.4 - - [27/Dec/2023:08:26:37 -0500] "GET /BLA/boletinlegal/images/bg_top.jpg HTTP/1.1" 200 522
172.22.2.4 - - [27/Dec/2023:08:26:37 -0500] "GET /BLA/boletinlegal/images/menu_bg.jpg HTTP/1.1" 200 620
172.22.2.4 - - [27/Dec/2023:08:26:37 -0500] "GET /BLA/boletinlegal/images/text.jpg HTTP/1.1" 200 568
172.22.2.4 - - [27/Dec/2023:08:26:37 -0500] "GET /BLA/boletinlegal/images/footer_bg_l.jpg HTTP/1.1" 200 776
172.22.2.4 - - [27/Dec/2023:08:26:37 -0500] "GET /BLA/boletinlegal/images/hover.jpg HTTP/1.1" 200 640
172.22.2.4 - - [27/Dec/2023:08:26:37 -0500] "GET /BLA/boletinlegal/images/icono-email.png HTTP/1.1" 200 5544
172.22.2.4 - - [27/Dec/2023:08:26:37 -0500] "GET /BLA/boletinlegal/images/tel.png HTTP/1.1" 200 14477
172.22.2.4 - - [27/Dec/2023:08:26:38 -0500] "GET /BLA/boletinlegal/img/0.png HTTP/1.1" 200 110
172.22.2.4 - - [27/Dec/2023:08:26:38 -0500] "GET /BLA/boletinlegal/img/select-left.png HTTP/1.1" 200 263
172.22.2.4 - - [27/Dec/2023:08:26:38 -0500] "GET /BLA/boletinlegal/img/select-right.png HTTP/1.1" 200 44019
172.22.2.4 - - [27/Dec/2023:08:26:38 -0500] "GET /BLA/boletinlegal/img/button-left.png HTTP/1.1" 200 57071
172.22.2.4 - - [27/Dec/2023:08:26:38 -0500] "GET /BLA/boletinlegal/img/button-right.png HTTP/1.1" 200 57878
172.22.2.4 - - [27/Dec/2023:08:26:38 -0500] "GET /BLA/boletinlegal/img/button.png HTTP/1.1" 200 43241
172.22.2.4 - - [27/Dec/2023:08:26:38 -0500] "GET /BLA/boletinlegal/favicon.ico HTTP/1.1" 404 1326
216.245.221.92 - - [27/Dec/2023:08:26:46 -0500] "HEAD / HTTP/1.1" 200 -
201.245.192.253 - - [27/Dec/2023:08:26:45 -0500] "POST /kwsrmcab/Wsrmcab  HTTP/1.1" 200 36330
186.102.87.38 - - [27/Dec/2023:08:26:50 -0500] "GET /kwssiamovil/sm/ldap/au?x=U2FsdGVkX1+X70QIDFst+nZchOV5h2ZJE2UIxBI+bPHUdBoXgTukHCqyJZwOgXla&y=U2FsdGVkX18wyteHMr6ywZpFRh/Yz3y7ya196On9H1ww3rDzF6m/GU6rAFnJWSAc HTTP/1.1" 200 30
186.102.87.38 - - [27/Dec/2023:08:26:51 -0500] "GET /kwssiamovil/sm/acme/s?s=U2FsdGVkX1/eB/5Uts0ka6T/kQV9LW/7p9j++oHx9yWVgYB7I6xN3dwYo91oq3qjDA3D7SPyCzQaJnXcLYraMS2+UOR/0iOjM0U0aUmFFTQ=&u=U2FsdGVkX1+SShNGgQr/NYcorO8O70rtclETsIBfi1U=&y=U2FsdGVkX18wyteHMr6ywZpFRh/Yz3y7ya196On9H1ww3rDzF6m/GU6rAFnJWSAc HTTP/1.1" 200 97
186.102.87.38 - - [27/Dec/2023:08:26:51 -0500] "GET /kwssiamovil/sm/acme/s?s=U2FsdGVkX1+iIgDJ5qO2g5iFzbY2WGXCr51jMvTMiiosmiMOom5yPsKg+4ekXjN8V/J25lFYLHMpJu8DUooCGwN4pM+3IadAO4m4KuLKLGAlllZ8M7BSS3FXZj3hN/Sg7ekI9syWTll3fhwcsL+LR3n72KExyzan+7w2NzYVOC+WB6/3ZPvqE0cGdjzNQm+spwWq1xsDfcbSRww50taZaW/+FLUp59EVfBXVQZIv/fsOOhd7tmZn6GvBwVcJ1gZf3MoxW2uRh2MAUPM6yTTcJ4T+XQQyaKVFQPAKUMRh2aKUmwUxnfQrtHEnIsb35Ej+Wkotyp8tnsJmffwhY5BQzqKrHKdVYYImPIrtV0oJqSADw9TedIk8uN9uQtzu6v4OgJksMq2Vi6xFLjrI2ftpFs6f26KEL55DZKLCQiuLON9kOJ0jd7YMZhsb9Ku1j/3E0FWEsrxtl3EUDtmbkha3yVhqywXRYJ4umCydMku3N/6//WTgveGI/er1hYCwSum1ACEmY9VWbQrTvqKmrJQIVwVs36LGi6/oX01ZOqiNYOtpCA5HQVC4mGId7lqMajAd6j0f9iLnkIjtSsmRvAegz/b1CWFi3h83LOw36zout6uOY3WnxVKOdHI7aijnA47x4wXSZDpQxdOZvihleD1boJ2L6QH6YMcbt03TDBQSLWS/RxvCEtmIX0ANQWWXNoBU4nymaBhpNLdedJ1W4hgVNU1wmFX0x5hMtDFEzVUmF6zm1kXTryQVtbclpQ7kw335KtTccqdNMiw35Bug5SzBVvbsS1L5gkQcCEQfUxHok495tCN7FBa9M/UavMg4fHSq+DaOlexD/Pb/0ZKl4x08Gan+HwZQC29fodM6OlFn8rM0x/9gzO7AwPpfHP738F4mR4g14SY6swGSXmx93Df9H7TPmzQ6JM+p2jJhdLAo9TGXWUPKWUFKhmZw9K2MQiakSE3ZNdTmL5KrRUznpARy+lGrF/rxWfytWwjfYsd0/vBtUi73jjNqXd7M7vAOrVvG30rpIvAFuElMc2H5a/mMjlD6TDCeUg9MTKeQsWK5A8wn+/caAqAFrRGSmnZuc/G/VQ61eKyc9jEtNpMD5g0vUK9uMA/8cIZi/CgMcXVSmpKcMl/F0HGtct6iItTga72ZeSffplXfm3JxSpvAj9bWUrBuAieR+P/kF4Iazld8rM5virvwtBF35Xs3XIK/fJX64SWJ3DnLAoTGDJ8P+yzJUrmHzGbg49GUA2RD6Lbe6V7G/1oT3W1PkAA/6Us37FCG/JOWSBx80Ps4d+u+qabSOLMy5fPQymTnRria5t74wgGfKE/q90Y0UbXICcD/Y7kNVOiOMNMmaKXwzA2rppoeF+QwhA78BTRZYenEj1mXuHMSe5CgNL5oQ30ml+4iBJ2Op4Stan+l7BobqkHKA1AmcyQ+t7Q8Z1Qw4DIdQjLryvHR96dJX6txFRYBI6aCl7oY4xf7WVhn0EdHJDs1KmtCmLqAELVSvGzq+QIiS/yZkbZGjuWuaciNDv+F+6U8ODLpTZ0Tuf0RdagVqrzewx4T/+0gxMCdipApX/A0OSwijKwLDGkjBAsZxz3uWxXVs0doa+OGTZbMMpNlmmDlsg0GfMKkLI0U2d62h/3DU2Hl9UNdF3mhTYgj279YTeeHJycroYmb584fYkKvUZ0GVAqDPdP7e76n0sbFfuSMOClZZtQjj3C+0x7pp9oTkEfNU03SD9UOtDTEtEn66LkqDqQR5b3R6XLBJ2diIT0C7PpqNSc=&u=U2FsdGVkX1+SShNGgQr/NYcorO8O70rtclETsIBfi1U=&y=U2FsdGVkX18wyteHMr6ywZpFRh/Yz3y7ya196On9H1ww3rDzF6m/GU6rAFnJWSAc HTTP/1.1" 200 1696
186.102.87.38 - - [27/Dec/2023:08:26:51 -0500] "GET /kwssiamovil/sm/acme/s?s=U2FsdGVkX18Qi884fUM54hH3a2loFjMoUG4pKbzxPtz307GWyMkNIcgVCWr2nLTs6gCbU/nZgN8s3X/WtoZRvVIRide7GHz854v3wQ1SwBcQIRD2qkKh/KN122nWSCTApKT1RXMSjhP5pfKQVP83BJ1tNEUu0oArems5o3yyMXAusK8zE2YtiDt+w4kRdn6Gx1DNJoNUjtRFGDq7AHvoo3koPg3YKOBQT4T8cFIV4+lpNcJgeokE9Pb2gyz+lNyHGTlrfAaQmWzZCajkLCwMHRznJ/LM+8iEcfBJAAACULJfsX6bDcvSpNFR+sIR8orJDGKdn1mGgOXnRxdS9XpgEfjU5Rdx2mZd/u+JpMHDGrivHBjptVqjryW0iYgfBTL7ILXnFCTElqiRp+jkzXrZot3a+1Bv3x4GDC3LdYYeY4mtv2ldPKIZ8lI3WDGonZ9yp1UyPM1GYgi47PL95b+s+GuknudRjaRUWRByAXq/xc+D/1ZY+o5k1A3dYosEn04xg97oAvew95tEgb4qJfOeXZAVpip6p02e+86QKQVmQS5IkDy+l5vzUZXuGav3v0D9q24YQOSPoRVi+i0Gr8jVntWhDd3cZZL9c67Fubq4okyC3ynVCgiYYO/0yohTxvjsI+69NyGs5LFvrdINEf3dXlbbaD3qvnwnj4pvA/I2Nht2VEdozUxPicJ3STNjqyuambhgUz0rcps80+15MCvzGXYb/SwB+zV7SAzK+RF1Cp/KObRwLO3xCP4vtA6gBpT6&u=U2FsdGVkX1+SShNGgQr/NYcorO8O70rtclETsIBfi1U=&y=U2FsdGVkX18wyteHMr6ywZpFRh/Yz3y7ya196On9H1ww3rDzF6m/GU6rAFnJWSAc HTTP/1.1" 200 208
186.102.87.38 - - [27/Dec/2023:08:26:51 -0500] "GET /kwssiamovil/sm/cjson/pre?f=1&x=U2FsdGVkX1+X70QIDFst+nZchOV5h2ZJE2UIxBI+bPHUdBoXgTukHCqyJZwOgXla HTTP/1.1" 200 31032
156.59.198.136 - - [27/Dec/2023:08:26:55 -0500] "GET /BLA/resoluciones/RESOLUCIONES%202018/2149.pdf HTTP/1.0" 200 3430868
172.22.2.4 - - [27/Dec/2023:08:25:27 -0500] "GET /BLA/boletinlegal/ HTTP/1.1" 200 58567
156.59.198.136 - - [27/Dec/2023:08:27:20 -0500] "GET /BLA/resoluciones/RESOLUCIONES%202007/RES%202007%202201%20AL%202300/RESOLUCION%202294%20DE%202007.pdf HTTP/1.0" 200 85996
201.245.192.253 - - [27/Dec/2023:08:27:32 -0500] "POST /forms/lservlet;jsessionid=ac16012b30d6ac84fb743cb8490d9168fad49a174d06.e3iSbxaKaheRe34Qc38TbN0Nb41ynknvrkLOlQzNp65In0 HTTP/1.1" 200 2
201.245.192.253 - - [27/Dec/2023:08:27:36 -0500] "POST /forms/lservlet;jsessionid=ac16012b30d608a3c74dabe741288258ac4c4de7c868.e3iSbxaKaheRe34Qc38TbN0Nb41ynknvrkLOlQzNp65In0 HTTP/1.1" 200 2
156.59.198.136 - - [27/Dec/2023:08:27:43 -0500] "GET /BLA/resoluciones/Notificaciones/AUTOS%202023/931.pdf HTTP/1.0" 200 614461
156.59.198.136 - - [27/Dec/2023:08:28:07 -0500] "GET /BLA/resoluciones/RESOLUCIONES%202009/2519.pdf HTTP/1.0" 200 352882
156.59.198.135 - - [27/Dec/2023:08:28:31 -0500] "GET /BLA/resoluciones/RESOLUCIONES%202009/4192.pdf HTTP/1.0" 200 1052595
191.156.50.135 - - [27/Dec/2023:08:28:47 -0500] "GET /appsia/controlado HTTP/1.1" 404 68
191.156.50.135 - - [27/Dec/2023:08:28:47 -0500] "GET /favicon.ico HTTP/1.1" 200 7782
186.102.84.109 - - [27/Dec/2023:08:28:52 -0500] "GET /kwssiamovil/sm/ldap/au?x=U2FsdGVkX18CZKcPPL3JIPMffdOpK15dic32VVR2L9nXWIQh3Da1jMxekVK323eh&y=U2FsdGVkX19znjZQE02gTcOHl+PEp9AshpjADocciJ7xyrFx1KDGh5jTAZQIOTJw HTTP/1.1" 200 30
186.102.84.109 - - [27/Dec/2023:08:28:53 -0500] "GET /kwssiamovil/sm/acme/s?s=U2FsdGVkX1/+muHu/n7kPwyH7VHFkLa+rO4IzhOCH+Zum7fgyRHChhQlsm+Y96pzek8QQ1m6G9WqrT0IonXDyTvULVPcScsxYph3e/y/d9c=&u=U2FsdGVkX1/o9i5pH8i1M+RTbE1qBkdsoqWaZg5qnQg=&y=U2FsdGVkX19znjZQE02gTcOHl+PEp9AshpjADocciJ7xyrFx1KDGh5jTAZQIOTJw HTTP/1.1" 200 97
186.102.84.109 - - [27/Dec/2023:08:28:53 -0500] "GET /kwssiamovil/sm/acme/s?s=U2FsdGVkX19fucbrZ6Szd48NnXOTKXFxV2D7Q/5yEump0hmSzxZMO+Iq8FqPkocGqavp5D1eT37IY5ZinISaTE3Vy8uTb8FGVRbTr9H7EHciFgC0Kci5SbJETlC80fuSUVdapRvN1CWaSBu3XiTk3xtIsK6ji+6+vOiPlZmNnAMHeWF+vSf44foAzAtMkvNsw/7yDdu0tN9JJJqYYibnRV0XbOmL2sWPwHWbkXVGwZLYAbIEJiBUp5YG4Gzhnq1zqxErY/JtsW8XxpOCBWpEV4ecudiP+HfdZ0ggKDBH1s/UiPgTK9IFBh6hL0RYhGZXlFbMiCaf+wCuGl0HfJBC5OHNZ6483OV3cVsMWblQ1jXdqPMIK7ASs4KYPqjqYn7ui/cekGcT2aslhYymaXg62sgrhv9LSKTApEIgdgXrkrxbvez9WS7QMVwakSZTXoQfDuATw50soAoE2W4Hi3ZrLoYveno6KRvjquuf/9kTm8SO+viRWZp2p3uZNwaGpaix1dG1QWT42vcjTgCkj2nWBhEpNHXG6MYO+B4BQSGwfNoZWaAZfEQIYgUAsqJaZcGLo646uS9fil4LDdSv82sDHzJapwlU5GFctSv40RvBn3qUhimSiPJkLExBQpq9rZs38q0fVd0qc6rK2NyyW012CHTCRSOfesqhUk5K6mG5Zj5darwLdf8uggkMeP/THvtXf37bYwUhcXwTCfrYxO1mDYCpLifM0FobseaI4kdXCWAaP7yL4cKQ1Kaz7BSQdW8q/2n/WitqrBneYeS9wsjRYsUOPesPjD8x1s2gDNdJJjsGrB6YQN9xUg6XbG591ydzMudBMPvG9mPF8vPvKyNXyWLNoJZ0SmEMdqVqVvzcIPDlDd95liyLf+4K+nmp7zXaHGJtp4YwGx8R8unW/uEDn1KyqVE5wu9n31uxMIa/WmNKv19brOY/sXI7npJaJgeCYqY1hhpyBiMT/Lp5jAxmKWp8XVS0g8pOan8RXMynJjJmUG/5jaaT06BTX+8YlirMVpwAu43l7Y0WK4WaMC90fSuReUrCjV7KRw3hYeUMPeQWn78Jbsqm72oDv38OCwxfVnWwOWx7h14im37XYRBA4LKlrXTqkvAbNasiv/xUrcixpiS3/sMM6qQxdZVD1vMyj77/VkdFu8iJQeQKZNPI6VHwIjcVwArmNEtasI6e4CGHaMMLpa7OZ3Umxf/bGoO2gLjT0UzcEBPVO+Yx8SP4iuP1dAcoYH3RxCZPgeXGtao+EJyfVFpOh49zCcoXz1Fkq7t6K+vuU5qYwkyIO1d+kx56pHOHJqziTp2p8vljqijg/06XmkERmXH0ZesytLYSjC55w4SPCw4d7uVrRazVOJ35ZixwhRANyk4awBzKSOGjwEsJXWZHiGXZMg0Ws0QSmTNOZhEBdJv668Y4+FUo1HvbXcluj8WNlpyjdihE/nnbvonp28gEcz06cHBArKbNftri7jWqfWtiSh8KJ2IoeGIH/miZLjXekHtM/jvapNv66TYTR5YT+eMX8yNvM1q5nZpeI4KbywVq8Td5blJQMBiGPTdy8YhCnn7CDPZTT1GJCC7q5Iq5tof4dRaX7ImgXuNH1xJdGyzZJjGfvC/sa3G/XcJ9YyCJzWuN1uBuzP60B622Ex3hAdBwiTmCoQ2VLRbWxn/PMpTB9oeR9G/BQdIedfyLh4cbJ05jEoa5x8r/gd4VrMBK/G4zBmjYu0Vw7e6MqFIV13pOyaC1EcshxE/WmxJlhcKvORkVCEOhCaA=&u=U2FsdGVkX1/o9i5pH8i1M+RTbE1qBkdsoqWaZg5qnQg=&y=U2FsdGVkX19znjZQE02gTcOHl+PEp9AshpjADocciJ7xyrFx1KDGh5jTAZQIOTJw HTTP/1.1" 200 4560
186.102.84.109 - - [27/Dec/2023:08:28:53 -0500] "GET /kwssiamovil/sm/acme/s?s=U2FsdGVkX1/H4T/uVbIZsXwtt8DcafeCERteB6KtvZa8r+tMoTQN4KVe/yxbSVpqH/4zSkfU05FVG6WC6xHo/0GdZ4t4/A/ZlJubJkz9GfaV4utK68Swn/w/tTTSqsiZRydLCNiYjzGp84J8wwy0+mlV/lRvMDb3HyZv8zu6f5KRouOFhjkrmnzZM5rP4Wh896fzyaLSLitBHxmxxIL8HAG2Ko7s6x/GCIwxsJYxIJKTpvnnz8xFy4ADbOjCACklC01vDn72uCLCECRblfgaZ09+cjn7r3IwpfIuyZiTeX0BPZmsg6I6bSV9hWtH1HuraKAYEoNyJhcSkTW5ZXd/u59RcA3fx1IYUgk+cjWATGK1wMk1Oc4Zczo5zDEMMJCfrrhZTLgJeYnF5hrFB41gNnPxS5ENV64IJJt5qXfSzLQTYW+7xIAUnOmKvj88tvinw3u3wSc1LrqC9GRtBh/3BfsGP/oKwjC00hh6XB47mIAnUQYcim9yaRMDs9P29JoHMhsd5LZ81PPnWOHbL4YUqbD9XGpKXYmD8CiKIT+T76sswuIbvoeBG5Da5ld0Ely+brN1ev3yK/0leuX2tL3V4DUeNzr/6BU7ji921YGLYe7YgI9EXFsuomkmfGdj6F048ae63X37VVZX5ThVCoP+xRLPpSiiTMsrS2znbUw/EE6LXFlY0hGaoNuo8uJ9emiTTA1Zm8ybzx4FfU43NFg6WkQGsWZuJ2rCZEu/sLSdWSLdbeIeOZ76MJXTueSy5+58&u=U2FsdGVkX1/o9i5pH8i1M+RTbE1qBkdsoqWaZg5qnQg=&y=U2FsdGVkX19znjZQE02gTcOHl+PEp9AshpjADocciJ7xyrFx1KDGh5jTAZQIOTJw HTTP/1.1" 200 208
186.102.84.109 - - [27/Dec/2023:08:28:53 -0500] "GET /kwssiamovil/sm/cjson/pre?f=1&x=U2FsdGVkX18CZKcPPL3JIPMffdOpK15dic32VVR2L9nXWIQh3Da1jMxekVK323eh HTTP/1.1" 200 31032
156.59.198.135 - - [27/Dec/2023:08:28:56 -0500] "GET /BLA/resoluciones/RESOLUCIONES%202007/RES%202007%204101%20AL%204200/RESOLUCION%204119%20DE%202007.pdf HTTP/1.0" 200 599100
201.245.192.253 - - [27/Dec/2023:08:29:08 -0500] "POST /forms/lservlet;jsessionid=ac16012b30d6ac84fb743cb8490d9168fad49a174d06.e3iSbxaKaheRe34Qc38TbN0Nb41ynknvrkLOlQzNp65In0 HTTP/1.1" 200 9980
201.245.192.253 - - [27/Dec/2023:08:29:08 -0500] "POST /forms/lservlet;jsessionid=ac16012b30d6ac84fb743cb8490d9168fad49a174d06.e3iSbxaKaheRe34Qc38TbN0Nb41ynknvrkLOlQzNp65In0 HTTP/1.1" 200 47
201.245.192.253 - - [27/Dec/2023:08:29:08 -0500] "POST /forms/lservlet;jsessionid=ac16012b30d6ac84fb743cb8490d9168fad49a174d06.e3iSbxaKaheRe34Qc38TbN0Nb41ynknvrkLOlQzNp65In0 HTTP/1.1" 200 2
201.245.192.253 - - [27/Dec/2023:08:29:08 -0500] "POST /forms/lservlet;jsessionid=ac16012b30d6ac84fb743cb8490d9168fad49a174d06.e3iSbxaKaheRe34Qc38TbN0Nb41ynknvrkLOlQzNp65In0 HTTP/1.1" 200 163
201.245.192.253 - - [27/Dec/2023:08:29:08 -0500] "POST /forms/lservlet;jsessionid=ac16012b30d6ac84fb743cb8490d9168fad49a174d06.e3iSbxaKaheRe34Qc38TbN0Nb41ynknvrkLOlQzNp65In0 HTTP/1.1" 200 221
201.245.192.253 - - [27/Dec/2023:08:29:08 -0500] "POST /forms/lservlet;jsessionid=ac16012b30d6ac84fb743cb8490d9168fad49a174d06.e3iSbxaKaheRe34Qc38TbN0Nb41ynknvrkLOlQzNp65In0 HTTP/1.1" 200 203
191.156.53.239 - - [27/Dec/2023:08:29:09 -0500] "POST /appsia/controlador HTTP/1.1" 200 3227
191.156.53.239 - - [27/Dec/2023:08:29:09 -0500] "GET /appsia/jscripts/validarSolicitud.js HTTP/1.1" 404 68
201.245.192.253 - - [27/Dec/2023:08:29:10 -0500] "POST /forms/lservlet;jsessionid=ac16012b30d6ac84fb743cb8490d9168fad49a174d06.e3iSbxaKaheRe34Qc38TbN0Nb41ynknvrkLOlQzNp65In0 HTTP/1.1" 200 207
