201.245.192.253 - - [27/Dec/2023:11:29:43 -0500] "GET /sipse/faces/javax.faces.resource/jquery/jquery.js?ln=primefaces&v=4.0 HTTP/1.1" 304 -
201.245.192.253 - - [27/Dec/2023:11:29:43 -0500] "GET /sipse/faces/javax.faces.resource/jquery/jquery-plugins.js?ln=primefaces&v=4.0 HTTP/1.1" 304 -
201.245.192.253 - - [27/Dec/2023:11:29:43 -0500] "GET /sipse/faces/javax.faces.resource/primefaces.js?ln=primefaces&v=4.0 HTTP/1.1" 304 -
201.245.192.253 - - [27/Dec/2023:11:29:43 -0500] "GET /sipse/faces/javax.faces.resource/layout/layout.js?ln=primefaces&v=4.0 HTTP/1.1" 304 -
201.245.192.253 - - [27/Dec/2023:11:29:44 -0500] "GET /sipse/faces/javax.faces.resource/dynamiccontent.properties?ln=primefaces&pfdrid=XjOR5%2F%2FfPAZAuY9TpWQeCiM0BhlXxYRBGKi%2FQcXXfeA%3D&pfdrid_c=false HTTP/1.1" 500 383
52.167.144.222 - - [27/Dec/2023:11:29:43 -0500] "GET /portaldeninos/?s=2023 HTTP/1.1" 200 87105
201.245.192.253 - - [27/Dec/2023:11:29:48 -0500] "POST /sipse/faces/presentacion/financiero/solicitudProceso/consultarSolicitudProceso.xhtml HTTP/1.1" 200 33651
201.245.192.253 - - [27/Dec/2023:11:29:51 -0500] "GET /sipse/faces/javax.faces.resource/layout/layout.css?ln=primefaces&v=4.0 HTTP/1.1" 304 -
201.245.192.253 - - [27/Dec/2023:11:29:51 -0500] "GET /sipse/faces/javax.faces.resource/theme.css?ln=primefaces-sipse HTTP/1.1" 304 -
201.245.192.253 - - [27/Dec/2023:11:29:51 -0500] "GET /sipse/faces/javax.faces.resource/primefaces.css?ln=primefaces&v=4.0 HTTP/1.1" 304 -
201.245.192.253 - - [27/Dec/2023:11:29:51 -0500] "GET /sipse/faces/javax.faces.resource/jquery/jquery.js?ln=primefaces&v=4.0 HTTP/1.1" 304 -
201.245.192.253 - - [27/Dec/2023:11:29:51 -0500] "GET /sipse/faces/javax.faces.resource/jquery/jquery-plugins.js?ln=primefaces&v=4.0 HTTP/1.1" 304 -
201.245.192.253 - - [27/Dec/2023:11:29:51 -0500] "GET /sipse/faces/javax.faces.resource/primefaces.js?ln=primefaces&v=4.0 HTTP/1.1" 304 -
201.245.192.253 - - [27/Dec/2023:11:29:51 -0500] "GET /sipse/faces/javax.faces.resource/layout/layout.js?ln=primefaces&v=4.0 HTTP/1.1" 304 -
201.245.192.253 - - [27/Dec/2023:11:29:51 -0500] "POST /BLA/boletinlegal/admin/actos/ingresar.php HTTP/1.1" 200 7303
201.245.192.253 - - [27/Dec/2023:11:29:51 -0500] "POST /sipse/faces/presentacion/financiero/solicitudProceso/listarSolicitudProceso.xhtml HTTP/1.1" 200 1376
156.59.198.136 - - [27/Dec/2023:11:29:56 -0500] "GET /BLA/resoluciones/RESOLUCIONES%202007/RES%202007%202201%20AL%202300/RESOLUCION%202221%20DE%202007.pdf HTTP/1.0" 200 549019
201.245.192.253 - - [27/Dec/2023:11:29:57 -0500] "POST /sipse/faces/presentacion/financiero/solicitudProceso/listarSolicitudProceso.xhtml HTTP/1.1" 200 184
201.245.192.253 - - [27/Dec/2023:11:29:57 -0500] "POST /sipse/faces/presentacion/financiero/solicitudProceso/listarSolicitudProceso.xhtml HTTP/1.1" 200 184
201.245.192.253 - - [27/Dec/2023:11:29:57 -0500] "POST /sipse/faces/presentacion/financiero/solicitudProceso/listarSolicitudProceso.xhtml HTTP/1.1" 200 184
201.245.192.253 - - [27/Dec/2023:11:29:57 -0500] "POST /sipse/faces/presentacion/financiero/solicitudProceso/listarSolicitudProceso.xhtml HTTP/1.1" 200 184
201.245.192.253 - - [27/Dec/2023:11:29:57 -0500] "POST /sipse/faces/presentacion/financiero/solicitudProceso/listarSolicitudProceso.xhtml HTTP/1.1" 200 184
201.245.192.253 - - [27/Dec/2023:11:29:58 -0500] "POST /sipse/faces/presentacion/financiero/solicitudProceso/listarSolicitudProceso.xhtml HTTP/1.1" 200 184
201.245.192.253 - - [27/Dec/2023:11:29:57 -0500] "GET /sipse/faces/presentacion/financiero/solicitudAnulacion/solicitudAnulacion.xhtml HTTP/1.1" 200 17805
201.245.192.253 - - [27/Dec/2023:11:29:57 -0500] "GET /sipse/faces/presentacion/financiero/solicitudAnulacion/solicitudAnulacion.xhtml HTTP/1.1" 200 29664
201.245.192.253 - - [27/Dec/2023:11:29:57 -0500] "GET /sipse/faces/presentacion/financiero/solicitudAnulacion/solicitudAnulacion.xhtml HTTP/1.1" 200 29664
201.245.192.253 - - [27/Dec/2023:11:29:57 -0500] "GET /sipse/faces/presentacion/financiero/solicitudAnulacion/solicitudAnulacion.xhtml HTTP/1.1" 200 17805
201.245.192.253 - - [27/Dec/2023:11:29:58 -0500] "GET /sipse/faces/presentacion/financiero/solicitudAnulacion/solicitudAnulacion.xhtml HTTP/1.1" 200 16132
201.245.192.253 - - [27/Dec/2023:11:29:58 -0500] "GET /sipse/faces/presentacion/financiero/solicitudAnulacion/solicitudAnulacion.xhtml HTTP/1.1" 200 31266
201.245.192.253 - - [27/Dec/2023:11:29:59 -0500] "GET /sipse/faces/javax.faces.resource/jquery/jquery.js?ln=primefaces&v=4.0 HTTP/1.1" 304 -
201.245.192.253 - - [27/Dec/2023:11:29:59 -0500] "GET /sipse/faces/javax.faces.resource/theme.css?ln=primefaces-sipse HTTP/1.1" 304 -
201.245.192.253 - - [27/Dec/2023:11:29:59 -0500] "GET /sipse/faces/javax.faces.resource/layout/layout.css?ln=primefaces&v=4.0 HTTP/1.1" 304 -
201.245.192.253 - - [27/Dec/2023:11:29:59 -0500] "GET /sipse/faces/javax.faces.resource/jquery/jquery-plugins.js?ln=primefaces&v=4.0 HTTP/1.1" 304 -
201.245.192.253 - - [27/Dec/2023:11:29:59 -0500] "GET /sipse/faces/javax.faces.resource/primefaces.css?ln=primefaces&v=4.0 HTTP/1.1" 304 -
201.245.192.253 - - [27/Dec/2023:11:29:59 -0500] "GET /sipse/faces/javax.faces.resource/primefaces.js?ln=primefaces&v=4.0 HTTP/1.1" 304 -
201.245.192.253 - - [27/Dec/2023:11:29:59 -0500] "GET /sipse/faces/javax.faces.resource/layout/layout.js?ln=primefaces&v=4.0 HTTP/1.1" 304 -
201.245.192.253 - - [27/Dec/2023:11:29:59 -0500] "POST /sipse/faces/presentacion/financiero/solicitudAnulacion/solicitudAnulacion.xhtml HTTP/1.1" 200 10468
201.245.192.253 - - [27/Dec/2023:11:30:00 -0500] "GET /BLA/resoluciones/index.php?dir=RESOLUCIONES+2023%2F HTTP/1.1" 200 125206
201.245.192.253 - - [27/Dec/2023:11:30:01 -0500] "POST /sipse/faces/presentacion/financiero/solicitudAnulacion/solicitudAnulacion.xhtml HTTP/1.1" 200 30705
201.245.192.253 - - [27/Dec/2023:11:30:01 -0500] "GET /sipse/faces/javax.faces.resource/layout/layout.css?ln=primefaces&v=4.0 HTTP/1.1" 304 -
201.245.192.253 - - [27/Dec/2023:11:30:01 -0500] "GET /sipse/faces/javax.faces.resource/theme.css?ln=primefaces-sipse HTTP/1.1" 304 -
201.245.192.253 - - [27/Dec/2023:11:30:01 -0500] "GET /sipse/faces/javax.faces.resource/primefaces.css?ln=primefaces&v=4.0 HTTP/1.1" 304 -
201.245.192.253 - - [27/Dec/2023:11:30:01 -0500] "GET /sipse/faces/javax.faces.resource/jquery/jquery.js?ln=primefaces&v=4.0 HTTP/1.1" 304 -
201.245.192.253 - - [27/Dec/2023:11:30:01 -0500] "GET /sipse/faces/javax.faces.resource/jquery/jquery-plugins.js?ln=primefaces&v=4.0 HTTP/1.1" 304 -
201.245.192.253 - - [27/Dec/2023:11:30:01 -0500] "GET /sipse/faces/javax.faces.resource/primefaces.js?ln=primefaces&v=4.0 HTTP/1.1" 304 -
201.245.192.253 - - [27/Dec/2023:11:30:01 -0500] "GET /sipse/faces/javax.faces.resource/layout/layout.js?ln=primefaces&v=4.0 HTTP/1.1" 304 -
201.245.192.253 - - [27/Dec/2023:11:30:03 -0500] "POST /kwsrmcab/Wsrmcab HTTP/1.1" 200 36461
201.245.192.253 - - [27/Dec/2023:11:30:05 -0500] "POST /sipse/faces/presentacion/financiero/solicitudProceso/solicitudProcesoOtrosPagos.xhtml HTTP/1.1" 200 55012
201.245.192.253 - - [27/Dec/2023:11:30:10 -0500] "GET /sipse/faces/javax.faces.resource/theme.css?ln=primefaces-sipse HTTP/1.1" 304 -
201.245.192.253 - - [27/Dec/2023:11:30:10 -0500] "GET /sipse/faces/javax.faces.resource/fileupload/fileupload.css?ln=primefaces&v=4.0 HTTP/1.1" 304 -
201.245.192.253 - - [27/Dec/2023:11:30:10 -0500] "GET /sipse/faces/javax.faces.resource/primefaces.css?ln=primefaces&v=4.0 HTTP/1.1" 304 -
201.245.192.253 - - [27/Dec/2023:11:30:10 -0500] "GET /sipse/faces/javax.faces.resource/layout/layout.css?ln=primefaces&v=4.0 HTTP/1.1" 304 -
201.245.192.253 - - [27/Dec/2023:11:30:10 -0500] "GET /sipse/faces/javax.faces.resource/jquery/jquery.js?ln=primefaces&v=4.0 HTTP/1.1" 304 -
201.245.192.253 - - [27/Dec/2023:11:30:10 -0500] "GET /sipse/faces/javax.faces.resource/jquery/jquery-plugins.js?ln=primefaces&v=4.0 HTTP/1.1" 304 -
201.245.192.253 - - [27/Dec/2023:11:30:10 -0500] "GET /sipse/faces/javax.faces.resource/primefaces.js?ln=primefaces&v=4.0 HTTP/1.1" 304 -
201.245.192.253 - - [27/Dec/2023:11:30:10 -0500] "GET /sipse/faces/javax.faces.resource/layout/layout.js?ln=primefaces&v=4.0 HTTP/1.1" 304 -
201.245.192.253 - - [27/Dec/2023:11:30:10 -0500] "GET /sipse/faces/javax.faces.resource/fileupload/fileupload.js?ln=primefaces&v=4.0 HTTP/1.1" 304 -
201.245.192.253 - - [27/Dec/2023:11:30:11 -0500] "GET /sipse/faces/javax.faces.resource/dynamiccontent.properties?ln=primefaces&pfdrid=XjOR5%2F%2FfPAZAuY9TpWQeCiM0BhlXxYRBGKi%2FQcXXfeA%3D&pfdrid_c=false HTTP/1.1" 500 383
201.245.192.253 - - [27/Dec/2023:11:30:08 -0500] "POST /kwsrmcab/Wsrmcab HTTP/1.1" 200 37050
201.245.192.253 - - [27/Dec/2023:11:30:16 -0500] "POST /sipse/faces/presentacion/financiero/solicitudProceso/detalleSolicitudProcesoOtrosPagos.xhtml HTTP/1.1" 200 190
201.245.192.253 - - [27/Dec/2023:11:30:17 -0500] "GET /sipse/faces/presentacion/financiero/solicitudProceso/solicitudProcesoOtrosPagos.xhtml HTTP/1.1" 200 30621
201.245.192.253 - - [27/Dec/2023:11:30:17 -0500] "POST /sipse/faces/presentacion/financiero/solicitudProceso/detalleSolicitudProcesoOtrosPagos.xhtml HTTP/1.1" 200 190
201.245.192.253 - - [27/Dec/2023:11:30:17 -0500] "GET /sipse/faces/javax.faces.resource/theme.css?ln=primefaces-sipse HTTP/1.1" 304 -
201.245.192.253 - - [27/Dec/2023:11:30:17 -0500] "GET /sipse/faces/javax.faces.resource/primefaces.css?ln=primefaces&v=4.0 HTTP/1.1" 304 -
201.245.192.253 - - [27/Dec/2023:11:30:17 -0500] "GET /sipse/faces/javax.faces.resource/jquery/jquery.js?ln=primefaces&v=4.0 HTTP/1.1" 304 -
201.245.192.253 - - [27/Dec/2023:11:30:17 -0500] "GET /sipse/faces/javax.faces.resource/layout/layout.css?ln=primefaces&v=4.0 HTTP/1.1" 304 -
201.245.192.253 - - [27/Dec/2023:11:30:17 -0500] "GET /sipse/faces/javax.faces.resource/jquery/jquery-plugins.js?ln=primefaces&v=4.0 HTTP/1.1" 304 -
201.245.192.253 - - [27/Dec/2023:11:30:17 -0500] "GET /sipse/faces/javax.faces.resource/primefaces.js?ln=primefaces&v=4.0 HTTP/1.1" 304 -
201.245.192.253 - - [27/Dec/2023:11:30:17 -0500] "GET /sipse/faces/javax.faces.resource/layout/layout.js?ln=primefaces&v=4.0 HTTP/1.1" 304 -
156.59.198.135 - - [27/Dec/2023:11:30:19 -0500] "GET /BLA/resoluciones/RESOLUCIONES%202007/RES%202007%203401%20AL%203500/RESOLUCION%203471%20DE%202007.pdf HTTP/1.0" 200 602579
201.245.192.253 - - [27/Dec/2023:10:41:16 -0500] "POST /reportes_sipse/sdg/ServletControlador HTTP/1.1" 200 996245
186.102.84.109 - - [27/Dec/2023:11:30:43 -0500] "GET /kwssiamovil/sm/ldap/au?x=U2FsdGVkX19Vbo6V7+jtMW+dg1+R1WymgLHpOhjE1ElQGNxLGzxx9f41KMw4Wi7Q&y=U2FsdGVkX1+dzKVFB1By0PVafEaXLRe3EG6J5hH3jl1tjjyUFHYodMkLtMWbZ04e HTTP/1.1" 200 30
186.102.84.109 - - [27/Dec/2023:11:30:43 -0500] "GET /kwssiamovil/sm/acme/s?s=U2FsdGVkX19gj8exAKV1BtKUjEZDCoPhVFAmlAHf7TjeRLxkKquoEBb+ey7qrWIHUAOUdT08tQa/L81Kra2CFHI4ua8EWz2yuS/j9biVIHg=&u=U2FsdGVkX1+xPSx1M/6FNG+F9T+SW+dQPi/yzuhIkec=&y=U2FsdGVkX1+dzKVFB1By0PVafEaXLRe3EG6J5hH3jl1tjjyUFHYodMkLtMWbZ04e HTTP/1.1" 200 97
186.102.84.109 - - [27/Dec/2023:11:30:43 -0500] "GET /kwssiamovil/sm/acme/s?s=U2FsdGVkX18nnAl/xL6mU509LERrsfhJc8CK6Azpv8V37Z3sjIhp8jo5Q3PyS+r8i2GB3PyqKHYa/nveeqzxFxFMOdpx1amN2lhVoby/cwY4y/Hyf5tYvj0vqioPDD34z6fq4qJzc8XY6AMU0vZAXWNFkGHXZeTc5MyoANQ2SAz/q3uJE+X1wfvY4t79vw4BG6T9E3XAnlGW9rQNIK6au8VYlnS/xq6Oa1mMXADCm1wPOnmDI8unbgzhoGL+y9Acq7StvyvrE+3YG7rhOXzS6/gtc7E0e1zpj1edjwkIuNLyAGhYaakYMcb942gom0NCjOwJ/e6M1IVQ9h0NzggQwwwqToev3yp5+pr5H4umqtuWQ8awENhlw58ytV1d3yvybTXZ2S/XGGC6dt1HLEpgKlLc2BErRcllUEb12ma4Q/DXUPtL1kkQ9dsoMOv13ZoTVRpLGoJrIVvFQJCPxaOIe0zc6ARA7TTxupIwWcw2l/tEnO8jJ2dKjBW07Nd6yDM8/MvxLA6DGkmBQvihF1eSexmj0MT3FspJMCGn7fiG71M3juXk6AjnRIaFtted4mm09/x3lloFm7HIeRN217aYm2iu/Xq9QHchF5nfbAImpnEGLQ8xRjrzDlipI0bxpXXeYwk6eZ1UGmdQg7R/H5Ci21A58LlCn444ptXg+vrXB3zzcwOhgwMsAL7JLebTY92ZVk0CgUxkjXV+AK8oFHVMSGEfeltdCewT2MoBV+gICnlDIrSGodwKb9UWERJyYFT50JEAFbMs4Itko+s5vkeDx4HQiKGgoPDWlHgDNtbe7IXP/HQWAp8CfZqkHkSi6qWUFYCl6vKvQBkhayS9eaLpGRjqmh9v2yM1HyApt0LS2p/12nc6Y9uENMt5hwpTzL41aXAXISzVw4pmIWr+AIqH3ss3Z5RNtNfo61FCbUbNHIEQlre/NkFjSyYOEKZ56DXKgPiH2WUpq53RrHzXpQuDMaFa3EXErR4FUqRvPh7gYojRyD/aohVkiZqu6UXNA7SDHFL5xC+XV0QZAXT6RWeJck8tz478hedHlSliXudcL1GbDYt3IOzMTLHTC9sX9eQDSyPvZTcscsxSItOqWiLsYGVub4YTXHGslcHMjRq6YHJ0qwHnDnaoFpAk61n1j5hirj9T/L7thA7WuyMW/Ql8kI+TNiXevSoJJyOYrWfTE91d5T5tlRopRVk77cv8iOGs+/DzAClheC1K2SifdeAGe2BVg2cB+C4QTQrtaSTlNe9VMKwoEOQDb9YKOFZCBtwPRfPeE0zPHxEhSij6dqH6DJ9d1r9Hc2G2wORnpPDFz29qGvm+hTxRvEfwQj7tmV1F15LMIl58dy1urzEmjH/BpmICk+DNIEWiEOKcC9prHONxecMH6MkaDTrVxkAzl263nvshEWUuN5REtX5z0sLl0nnZBex1lkdaagrinGnhy2KShOQtkLpYK9BAB3cfZT/asZGBo2Nsb1NUllOQ7VRLyUnghoegoCJlha5IYfemWt9xaqHCnW9hF34RgW/qFFRoCfyffoOlk4kL0S/xp/7CQ3FoX5rdRTYeb+KK4V0eEqk0MmHq2MXPouCafutYHDaLuAfXfZ92ym/PiHv/Ph0srvAf5t9bWm22mBhzRBKwncPjhZrMt8nSzi1DUMMYM6067Sy1+94AO1zZ2bJYq0XDLTfRvgVT1TsUO3b3u23SpLMGNn0cm/sKcBGZEOsXCMgcoBWFuk8EsbvmsY0ULatikdpvjLYGjW9pdRwxK/c7cK8=&u=U2FsdGVkX1+xPSx1M/6FNG+F9T+SW+dQPi/yzuhIkec=&y=U2FsdGVkX1+dzKVFB1By0PVafEaXLRe3EG6J5hH3jl1tjjyUFHYodMkLtMWbZ04e HTTP/1.1" 200 4560
186.102.84.109 - - [27/Dec/2023:11:30:43 -0500] "GET /kwssiamovil/sm/acme/s?s=U2FsdGVkX194fR91dXSCEtU3Pc/6XamwcTI9vrt2Wsi/hXIVv/EMedddCx6rzLsUgjLqyIjobSAO8T7sz7DtwvW2pIN7dExoUsc7DO4XzWVKnjs+/XfrPmta3/TbUWlEXgmpPJeo4AC1ruWFfqXa0bTdtSsUSf03QOc/YjHXTe7jJPZnqpRFD4fcEDDId+sOLo9UeSERANun1pB/YcxRL3+onfd35Hr4wDpdzrmyJD6IpuLq6+CZjWUZcMrOYQmIFCZiSNTKtBnqCDo9cI5cRl50kjXqlBrCv42Pd/4QsUOOq7vXXAa49jih9x2P+dBjbua2yr6MSJjWMVVVg5HFrgLCJYgAHo9e5Aon0L79LbnHeqsmf66edzjKw3T+fGkWKotg911ZwbmS+xCXb7/sVjGcwErhpUfoakLJsnM9yWILSp3t4M52qSVFcB6JGmKgMEDue6rX7FuLUelXPFvPzsI2bKgbGkmb1fw54fux7vU6w+GPouJZnClhRrGOh3nU7DzH5itt1vl8brkREbnzFXcgV9AMfs5o6wg6Uu4rpec7Z0+nsg8C/xKyFnzm1/X7Q7CEpPRQ1AX2Z8WnnRou//ojHZ+SWhT8EeFnR0/Gz+XFxQFYOCJRSaPFovIMi1bJglcOXriJqLZ7mVUmVAJa6TN4xJMuNEV8o6HQxpso33cO59VlfzrIWGH2AkahVB1nIhQpeQuH3l+Nw+cl6x8ryYeD31BkX7iPZKpOQzHSE8kxG2gOUQ3uwqNYKjffjI/f&u=U2FsdGVkX1+xPSx1M/6FNG+F9T+SW+dQPi/yzuhIkec=&y=U2FsdGVkX1+dzKVFB1By0PVafEaXLRe3EG6J5hH3jl1tjjyUFHYodMkLtMWbZ04e HTTP/1.1" 200 208
179.19.205.52 - - [27/Dec/2023:11:30:43 -0500] "GET /distrito-exalto-a-246-empresas-de-bogota-por-su-alto-desempeno-y-responsabilidad-ambiental-durante-2023.html HTTP/1.1" 200 1039
156.59.198.135 - - [27/Dec/2023:11:30:44 -0500] "GET /BLA/resoluciones/RESOLUCIONES%202007/RES%202007%202201%20AL%202300/RESOLUCION%202222%20DE%202007.pdf HTTP/1.0" 200 1645105
186.102.84.109 - - [27/Dec/2023:11:30:43 -0500] "GET /kwssiamovil/sm/cjson/pre?f=1&x=U2FsdGVkX19Vbo6V7+jtMW+dg1+R1WymgLHpOhjE1ElQGNxLGzxx9f41KMw4Wi7Q HTTP/1.1" 200 31032
186.102.106.117 - - [27/Dec/2023:11:30:45 -0500] "GET /kwssiamovil/sm/ldap/au?x=U2FsdGVkX194joDO8AWj12QkjNVBbwe4+0PZXfLoLCC/G6BABt5rIg/fI2Z8OujI/FiHx0sGKsxzsZ6tBi+nWA==&y=U2FsdGVkX19D+cgwPMltOZogjSqAgWQ7W4woQbrW1SCQRrDeber782b977mUKxe3 HTTP/1.1" 200 30
186.102.106.117 - - [27/Dec/2023:11:30:45 -0500] "GET /kwssiamovil/sm/acme/s?s=U2FsdGVkX19vm808P6/6daTW3O/qdfjuVuSiA6fUVH75mFA6xtD4FZ7M1aDPncQlYpwOtey2YH3HGTPrVEslHYxIaimymoxkK/lOHbpZ39k=&u=U2FsdGVkX198aq8w97o5CDF7DnGyoOdZKyYIu8wyfLngQe7E5nkK4YBIXDen8cx+&y=U2FsdGVkX19D+cgwPMltOZogjSqAgWQ7W4woQbrW1SCQRrDeber782b977mUKxe3 HTTP/1.1" 200 97
186.102.106.117 - - [27/Dec/2023:11:30:45 -0500] "GET /kwssiamovil/sm/acme/s?s=U2FsdGVkX19z27vnAaYyS3Xep0JvYIPymRLlHueA1JU+/FRpFaELV02bjK/+Q6xneORKUfroco9lZ1Jh6w5RknudaovDZJofdVVgQyjPggaIilGxjEEdv+AS/LGPOB8aNkHCRo0KeUXYv1+hina6eCKkqcKlvqeZ/8vn3e/2HmWspTYtgaT3rSQDb7Ey9qwtxKS4IVwtr9egnlyWyDUJ34XU2TQHeV5Zrqmh8nZ8mE2ZddR3VWWAt4Pt6UWWUfg0P7ZgdVf+pp418IkwCFRwVwhuJf0O4r5OtwKtX4AN+o4Q6Qb9Z6B8pypPRmvvzI11rTvtAEleLO3tRz9Tlan2Fimf4Evhj+bzu+0gTOLx3/r2jWtIG84h/7z/KHoSOakk99gcxO0Em1G3vsP9Aa1z+fQSxau/dLmhx1u7ARsFuqmad+oFv3LvrbeusXfjYHc8vK9+qZtMGHNxwXSuOW+MAPAsgQyk4yivv6RUuy/GM+mIt+uJgm72XnwrBYqPdFto2207/f3wA3Cge1BanD+5Be+VfS74BUaXbsiTXmeaZMvhtx9Bx6GibWPBaZ/Qvvr+oZ0zl1ZqsTVUmXrIm7eKYaMGK93kUSxnZ2oM8cvcRwntJa4S+nPrsri24xiJvUIneH+2UCnNk2ppsUy8EtUAkcB4rfgINnC6QEbYooxD0iVfaP7bPxol2Kl0OebeYCNVggxaEUOVHcbdLVeC8RKsDuTbnFvMQ2PVZhhPpS0+48RC19jkNnye+LdmmNrBrebL3ZOuMjXqyU9LPmRDub/cl0IC9Io4z/8UeHLFt4MqLFWRWs9gwKSoW6pcu4Zu7g8wj3VhylaJGNWa4Mmt3wW7cRiTbU/zXFbpfuy7eb42N9KTdgr1CkmBViY+GfhykJk/lsxrIaarkRzVE3ZbnWgN3CBAea6aX5HbMd0g4mukt9wk+NgovYw1p/16Amb8ibLw5loekZJod3eOCsWoEPO3O19J1SPzZQ5Pxc1Ezy/+0lhOfdYz+b6R7W3pczrTtZtC5l0cPTlyYNwtcomFXm58pQf6vRnEg6dH9L0asBD9abFfVYIXMAGIcLQFR0E6yPJt9lgFhTSMawwICD1mkX6gSHaJc/hB0hjLNme3fXlTG1s01U2izt2BwmNvjLZaoevOropGT3tzbxgN+3+1serUegfZFN64qCEfVMWZgq5FuA4lTSXDupTiIml1SxxiQq1yf6tsrNiao9KWoaLXab8zjx/izd7uqSm4Enyl/IKwP1ClTNG4cu0wzZm3A/anRfHpgOS1Wf99w+viLfgbYKY9P0bVSYGWmBXxxX8LW9qJ+EcHSOdi1mj0S4Pkr3uYleXUMd+eLvaQYi85CUdPFkTdA0roAnS9U/vk73b9NwjvoeTSJAW5KEd8iV0b1fHEzoy7taQM90Djxb6rtLw1X8kg04CDXlzhKzIDe30LW6aDDY4ZDBO4XipQPTjMvQPvuwXPdQsIED5jDVR6Q1KeHmGoGSWqZi3FneGEGoE+w2ro2Tz/Cxk1+G6S1AFGOV7lmC6r8a05JUdBrhi8czU5HDOubHYG60kGT2kEedmQBznK6NUNnx46PuzkGbCH5mEmTnuqLygcgYELPUL74+GmBAvNfqpIc3JpuhB4+gIMKEvoG3WcXA+rxAnX0mU18gIfBMqo2Fl+zgyueS9KtfakUuXrLmtAbXu9WAI2NCwwRvss4c89KZMT2dCVQoeFLPnIdNdVKg3VrSFVe7sX5nwTjgxi2YOagQfAQctNDeZXKaLrvRHNroXShthZCVr+fxA010Gx&u=U2FsdGVkX198aq8w97o5CDF7DnGyoOdZKyYIu8wyfLngQe7E5nkK4YBIXDen8cx+&y=U2FsdGVkX19D+cgwPMltOZogjSqAgWQ7W4woQbrW1SCQRrDeber782b977mUKxe3 HTTP/1.1" 200 1716
186.102.106.117 - - [27/Dec/2023:11:30:45 -0500] "GET /kwssiamovil/sm/acme/s?s=U2FsdGVkX1/vtizltf3pOPLDb+7xDOpI8hBhOyPGHzA0HZVjwKXp3qrOs932Zny3rRdP7rijcUMrBfoxkjxuFiU4q1qPH0f23eHwjiuI5G2FxvFy2H4ZIruz5enpg6oWspZGQ0EQZ/ODiqv3lipFiyW9xDTabvrJKJlL9TeVvSHzZoc3CFjZqf6C+3VwjNEllA6lXyo2jaa/au+IGHm+oFDAoNzC6GJ/jPL7t4mct9o5E0M609eKKjnFOM7rys1sqUESIakG52qoTQzZ54Yw4ihtv5eTzs3vmcxdIue9zv5JRxAIdGfhOWNDOBPQSKb3CrQbPpoO4jBYQMNVyP7GSYDSTj2Q34t2a6rKPgVzxHiP1GZZDnk8EnxSeGDyhpSp0iVwifmh+K4OFPDvM08mfXGXZNOTov1VFfarR2DsrDtsaEcCjQGOycVSjlDh/h0ZhgWAaODOJX6BK3mBZj/GwV2i8/AIDAK+tuFiNxLyEMXNKCmxkCD7jAlIGZoFDzJvUNofE21xxYAilTrwbAlvDxUnD9hmtwypeQeqxfNCWQeZ+3FvSKmn0cn9mYxJlnGm13yXNaM+/o126A2m6Ov1PBNam3vMiqOlt/6dK2G75AEbI9nLh6GIQPhNla/NnVZocWLinV0A32y6XPyoN5D99ifeKT0eEzChVLEIP4tscAfYtsjjt3/TXOV/V8TxCNjCM+syVDQ1MmmYlpZNslHUGg5sZsdA/bw5RB9W3Vr1XtGQnr52m6RBYkHkD91OQlvU&u=U2FsdGVkX198aq8w97o5CDF7DnGyoOdZKyYIu8wyfLngQe7E5nkK4YBIXDen8cx+&y=U2FsdGVkX19D+cgwPMltOZogjSqAgWQ7W4woQbrW1SCQRrDeber782b977mUKxe3 HTTP/1.1" 200 208
186.102.106.117 - - [27/Dec/2023:11:30:45 -0500] "GET /kwssiamovil/sm/cjson/pre?f=1&x=U2FsdGVkX194joDO8AWj12QkjNVBbwe4+0PZXfLoLCC/G6BABt5rIg/fI2Z8OujI/FiHx0sGKsxzsZ6tBi+nWA== HTTP/1.1" 200 31032
201.245.192.253 - - [27/Dec/2023:10:41:58 -0500] "POST /reportes_sipse/sdg/ServletControlador HTTP/1.1" 200 996241
201.245.192.253 - - [27/Dec/2023:11:30:54 -0500] "GET /appsia/controlador HTTP/1.1" 200 4799
201.245.192.253 - - [27/Dec/2023:11:30:54 -0500] "GET /appsia/css/estilos.css HTTP/1.1" 200 4804
201.245.192.253 - - [27/Dec/2023:11:30:54 -0500] "GET /appsia/scripts/validarIngreso.js HTTP/1.1" 200 851
201.245.192.253 - - [27/Dec/2023:11:30:54 -0500] "GET /appsia/images/logo_bogota_p.png HTTP/1.1" 200 14951
201.245.192.253 - - [27/Dec/2023:11:30:54 -0500] "GET /appsia/images/cabezoteHojaVida.png HTTP/1.1" 200 32493
201.245.192.253 - - [27/Dec/2023:11:30:57 -0500] "POST /kwsrmcab/Wsrmcab  HTTP/1.1" 200 36178
201.245.192.253 - - [27/Dec/2023:11:31:04 -0500] "POST /appsia/controlador HTTP/1.1" 200 3595
201.245.192.253 - - [27/Dec/2023:11:31:06 -0500] "POST /appsia/controlador HTTP/1.1" 200 3595
201.245.192.253 - - [27/Dec/2023:11:31:07 -0500] "GET /appsia/jscripts/validarSolicitud.js HTTP/1.1" 404 68
179.33.18.32 - - [27/Dec/2023:11:31:08 -0500] "GET /appsia/controlador HTTP/1.1" 200 4799
156.59.198.135 - - [27/Dec/2023:11:31:09 -0500] "GET /BLA/resoluciones/RESOLUCIONES%202009/1250.pdf HTTP/1.0" 200 519124
201.245.192.253 - - [27/Dec/2023:11:31:09 -0500] "POST /appsia/controlador HTTP/1.1" 200 4799
156.59.198.135 - - [27/Dec/2023:11:31:11 -0500] "GET /BLA/resoluciones/RESOLUCIONES%202009/1250.pdf HTTP/1.0" 206 392391
191.156.57.50 - - [27/Dec/2023:11:31:10 -0500] "POST /sipse/faces/presentacion/financiero/solicitudProceso/consultar.xhtml HTTP/1.1" 200 12795
179.33.18.32 - - [27/Dec/2023:11:31:17 -0500] "POST /appsia/controlador HTTP/1.1" 200 5437
179.33.18.32 - - [27/Dec/2023:11:31:18 -0500] "POST /appsia/controlador HTTP/1.1" 200 7729
181.49.95.120 - - [27/Dec/2023:11:31:23 -0500] "POST /sipse/faces/presentacion/financiero/solicitudProceso/listarSolicitudProceso.xhtml HTTP/1.1" 200 1765
201.245.192.253 - - [27/Dec/2023:11:31:26 -0500] "POST /appsia/controlador HTTP/1.1" 200 5437
201.245.192.253 - - [27/Dec/2023:11:31:29 -0500] "POST /sipse/faces/presentacion/financiero/solicitudProceso/consultarSolicitudProceso.xhtml HTTP/1.1" 200 59245
201.245.192.253 - - [27/Dec/2023:11:31:30 -0500] "GET /sipse/faces/javax.faces.resource/theme.css?ln=primefaces-sipse HTTP/1.1" 304 -
201.245.192.253 - - [27/Dec/2023:11:31:30 -0500] "GET /sipse/faces/javax.faces.resource/primefaces.css?ln=primefaces&v=4.0 HTTP/1.1" 304 -
201.245.192.253 - - [27/Dec/2023:11:31:30 -0500] "GET /sipse/faces/javax.faces.resource/layout/layout.css?ln=primefaces&v=4.0 HTTP/1.1" 304 -
201.245.192.253 - - [27/Dec/2023:11:31:30 -0500] "GET /sipse/faces/javax.faces.resource/jquery/jquery.js?ln=primefaces&v=4.0 HTTP/1.1" 304 -
201.245.192.253 - - [27/Dec/2023:11:31:30 -0500] "GET /sipse/faces/javax.faces.resource/jquery/jquery-plugins.js?ln=primefaces&v=4.0 HTTP/1.1" 304 -
201.245.192.253 - - [27/Dec/2023:11:31:30 -0500] "GET /sipse/faces/javax.faces.resource/primefaces.js?ln=primefaces&v=4.0 HTTP/1.1" 304 -
201.245.192.253 - - [27/Dec/2023:11:31:30 -0500] "GET /sipse/faces/javax.faces.resource/layout/layout.js?ln=primefaces&v=4.0 HTTP/1.1" 304 -
201.245.192.253 - - [27/Dec/2023:11:31:30 -0500] "GET /sipse/css/imagen/contrasena.png HTTP/1.1" 404 383
201.245.192.253 - - [27/Dec/2023:11:31:30 -0500] "POST /sipse/faces/presentacion/financiero/solicitudProceso/listarSolicitudProceso.xhtml HTTP/1.1" 200 52514
201.245.192.253 - - [27/Dec/2023:11:31:30 -0500] "POST /sipse/faces/presentacion/financiero/solicitudProceso/listarSolicitudProceso.xhtml HTTP/1.1" 200 52514
201.245.192.253 - - [27/Dec/2023:11:31:31 -0500] "POST /sipse/faces/presentacion/financiero/solicitudProceso/listarSolicitudProceso.xhtml HTTP/1.1" 200 52514
201.245.192.253 - - [27/Dec/2023:11:31:32 -0500] "POST /sipse/faces/presentacion/financiero/solicitudProceso/listarSolicitudProceso.xhtml HTTP/1.1" 200 52514
201.245.192.253 - - [27/Dec/2023:11:31:32 -0500] "POST /sipse/faces/presentacion/financiero/solicitudProceso/listarSolicitudProceso.xhtml HTTP/1.1" 200 1564
201.245.192.253 - - [27/Dec/2023:11:31:32 -0500] "POST /sipse/faces/presentacion/financiero/solicitudProceso/listarSolicitudProceso.xhtml HTTP/1.1" 200 1552
201.245.192.253 - - [27/Dec/2023:11:31:32 -0500] "POST /appsia/controlador HTTP/1.1" 200 7724
201.245.192.253 - - [27/Dec/2023:11:31:32 -0500] "GET /appsia/images/logo_escudo.png HTTP/1.1" 200 36965
201.245.192.253 - - [27/Dec/2023:11:31:32 -0500] "POST /sipse/faces/presentacion/financiero/solicitudProceso/listarSolicitudProceso.xhtml HTTP/1.1" 200 1568
201.245.192.253 - - [27/Dec/2023:11:31:33 -0500] "POST /sipse/faces/presentacion/financiero/solicitudProceso/listarSolicitudProceso.xhtml HTTP/1.1" 200 1552
201.245.192.253 - - [27/Dec/2023:11:31:33 -0500] "POST /sipse/faces/presentacion/financiero/solicitudProceso/listarSolicitudProceso.xhtml HTTP/1.1" 200 1568
156.59.198.136 - - [27/Dec/2023:11:31:34 -0500] "GET /BLA/resoluciones/RESOLUCIONES%202007/RES%202007%203801%20AL%203900/RESOLUCION%203806%20DE%202007.pdf HTTP/1.0" 200 720244
201.245.192.253 - - [27/Dec/2023:11:31:34 -0500] "POST /forms/lservlet;jsessionid=ac16012b30d6ac84fb743cb8490d9168fad49a174d06.e3iSbxaKaheRe34Qc38TbN0Nb41ynknvrkLOlQzNp65In0 HTTP/1.1" 200 2
201.245.192.253 - - [27/Dec/2023:11:31:38 -0500] "POST /forms/lservlet;jsessionid=ac16012b30d608a3c74dabe741288258ac4c4de7c868.e3iSbxaKaheRe34Qc38TbN0Nb41ynknvrkLOlQzNp65In0 HTTP/1.1" 200 2
201.245.192.253 - - [27/Dec/2023:11:31:40 -0500] "POST /appsia/controlador HTTP/1.1" 200 5437
201.245.192.253 - - [27/Dec/2023:11:31:42 -0500] "POST /sipse/faces/presentacion/financiero/solicitudProceso/listarSolicitudProceso.xhtml HTTP/1.1" 200 118436
201.245.192.253 - - [27/Dec/2023:11:31:44 -0500] "GET /sipse/faces/javax.faces.resource/primefaces.css?ln=primefaces&v=4.0 HTTP/1.1" 304 -
201.245.192.253 - - [27/Dec/2023:11:31:44 -0500] "GET /sipse/faces/javax.faces.resource/theme.css?ln=primefaces-sipse HTTP/1.1" 304 -
201.245.192.253 - - [27/Dec/2023:11:31:44 -0500] "GET /sipse/faces/javax.faces.resource/layout/layout.css?ln=primefaces&v=4.0 HTTP/1.1" 304 -
201.245.192.253 - - [27/Dec/2023:11:31:44 -0500] "GET /sipse/faces/javax.faces.resource/jquery/jquery.js?ln=primefaces&v=4.0 HTTP/1.1" 304 -
201.245.192.253 - - [27/Dec/2023:11:31:44 -0500] "GET /sipse/faces/javax.faces.resource/jquery/jquery-plugins.js?ln=primefaces&v=4.0 HTTP/1.1" 304 -
201.245.192.253 - - [27/Dec/2023:11:31:44 -0500] "GET /sipse/faces/javax.faces.resource/primefaces.js?ln=primefaces&v=4.0 HTTP/1.1" 304 -
201.245.192.253 - - [27/Dec/2023:11:31:44 -0500] "GET /sipse/faces/javax.faces.resource/layout/layout.js?ln=primefaces&v=4.0 HTTP/1.1" 304 -
201.245.192.253 - - [27/Dec/2023:11:31:44 -0500] "GET /sipse/css/imagen/contrasena.png HTTP/1.1" 404 383
201.245.192.253 - - [27/Dec/2023:11:31:45 -0500] "GET /sipse/faces/javax.faces.resource/dynamiccontent.properties?ln=primefaces&pfdrid=XjOR5%2F%2FfPAZAuY9TpWQeCiM0BhlXxYRBGKi%2FQcXXfeA%3D&pfdrid_c=false HTTP/1.1" 500 383
216.245.221.92 - - [27/Dec/2023:11:31:45 -0500] "HEAD / HTTP/1.1" 200 -
156.59.198.136 - - [27/Dec/2023:11:31:58 -0500] "GET /BLA/resoluciones/RESOLUCIONES%202008/4568.pdf HTTP/1.0" 200 338386
201.245.192.253 - - [27/Dec/2023:11:32:03 -0500] "POST /appsia/controlador HTTP/1.1" 200 4799
156.59.198.135 - - [27/Dec/2023:11:32:21 -0500] "GET /BLA/resoluciones/RESOLUCIONES%202018/1643.pdf HTTP/1.0" 200 3792194
156.59.198.135 - - [27/Dec/2023:11:32:27 -0500] "GET /BLA/resoluciones/RESOLUCIONES%202018/1643.pdf HTTP/1.0" 206 491
156.59.198.135 - - [27/Dec/2023:11:32:47 -0500] "GET /BLA/resoluciones/RESOLUCIONES%202007/RES%202007%203701%20AL%203800/RESOLUCION%203712%20%20DE%202007.pdf HTTP/1.0" 200 562792
181.49.95.120 - - [27/Dec/2023:11:32:50 -0500] "POST /sipse/faces/presentacion/financiero/solicitudProceso/listarSolicitudProceso.xhtml HTTP/1.1" 200 13592
172.22.2.4 - - [27/Dec/2023:11:31:16 -0500] "HEAD /BLA/boletinlegal/ HTTP/1.1" 200 -
156.59.198.135 - - [27/Dec/2023:11:33:09 -0500] "GET /BLA/resoluciones/RESOLUCIONES%202007/RES%202007%202601%20AL%202700/RESOLUCION%202610%20%20DE%202007.pdf HTTP/1.0" 200 265904
191.156.52.62 - - [27/Dec/2023:11:33:25 -0500] "POST /sipse/faces/presentacion/financiero/solicitudProceso/consultar.xhtml HTTP/1.1" 200 12743
156.59.198.136 - - [27/Dec/2023:11:33:34 -0500] "GET /BLA/resoluciones/RESOLUCIONES%202018/3456.pdf HTTP/1.0" 200 219973
201.245.192.253 - - [27/Dec/2023:11:33:34 -0500] "POST /forms/lservlet;jsessionid=ac16012b30d6ac84fb743cb8490d9168fad49a174d06.e3iSbxaKaheRe34Qc38TbN0Nb41ynknvrkLOlQzNp65In0 HTTP/1.1" 200 2
201.245.192.253 - - [27/Dec/2023:11:33:38 -0500] "POST /forms/lservlet;jsessionid=ac16012b30d608a3c74dabe741288258ac4c4de7c868.e3iSbxaKaheRe34Qc38TbN0Nb41ynknvrkLOlQzNp65In0 HTTP/1.1" 200 2
172.22.2.4 - - [27/Dec/2023:11:32:07 -0500] "GET /BLA/boletinlegal/ HTTP/1.1" 200 60910
201.245.192.253 - - [27/Dec/2023:11:33:53 -0500] "POST /sipse/faces/presentacion/financiero/solicitudAnulacion/consultarSolicitudAnulacion.xhtml HTTP/1.1" 200 44127
201.245.192.253 - - [27/Dec/2023:11:33:53 -0500] "GET /sipse/faces/javax.faces.resource/jquery/jquery.js?ln=primefaces&v=4.0 HTTP/1.1" 304 -
201.245.192.253 - - [27/Dec/2023:11:33:53 -0500] "GET /sipse/faces/javax.faces.resource/jquery/jquery-plugins.js?ln=primefaces&v=4.0 HTTP/1.1" 304 -
201.245.192.253 - - [27/Dec/2023:11:33:53 -0500] "GET /sipse/faces/javax.faces.resource/primefaces.js?ln=primefaces&v=4.0 HTTP/1.1" 304 -
201.245.192.253 - - [27/Dec/2023:11:33:54 -0500] "GET /sipse/faces/javax.faces.resource/layout/layout.js?ln=primefaces&v=4.0 HTTP/1.1" 304 -
201.245.192.253 - - [27/Dec/2023:11:33:55 -0500] "POST /sipse/faces/presentacion/contratacion/contrato/listarContrato.xhtml HTTP/1.1" 200 10917
191.156.52.119 - - [27/Dec/2023:11:33:57 -0500] "POST /sipse/faces/presentacion/financiero/solicitudProceso/consultar.xhtml HTTP/1.1" 200 12772
156.59.198.135 - - [27/Dec/2023:11:33:59 -0500] "GET /BLA/resoluciones/RESOLUCIONES%202018/1777.pdf HTTP/1.0" 200 475864
201.245.192.253 - - [27/Dec/2023:11:34:01 -0500] "POST /sipse/faces/presentacion/contratacion/contrato/listarContrato.xhtml HTTP/1.1" 200 124231
201.245.192.253 - - [27/Dec/2023:11:34:02 -0500] "GET /sipse/faces/javax.faces.resource/jquery/jquery.js?ln=primefaces&v=4.0 HTTP/1.1" 304 -
201.245.192.253 - - [27/Dec/2023:11:34:02 -0500] "GET /sipse/faces/javax.faces.resource/jquery/jquery-plugins.js?ln=primefaces&v=4.0 HTTP/1.1" 304 -
201.245.192.253 - - [27/Dec/2023:11:34:02 -0500] "GET /sipse/faces/javax.faces.resource/primefaces.js?ln=primefaces&v=4.0 HTTP/1.1" 304 -
201.245.192.253 - - [27/Dec/2023:11:34:03 -0500] "GET /sipse/faces/javax.faces.resource/layout/layout.js?ln=primefaces&v=4.0 HTTP/1.1" 304 -
201.245.192.253 - - [27/Dec/2023:11:34:03 -0500] "GET /sipse/faces/javax.faces.resource/dynamiccontent.properties?ln=primefaces&pfdrid=XjOR5%2F%2FfPAZAuY9TpWQeCiM0BhlXxYRBGKi%2FQcXXfeA%3D&pfdrid_c=false HTTP/1.1" 500 383
201.245.192.253 - - [27/Dec/2023:11:34:10 -0500] "GET /appsia/controlador HTTP/1.1" 200 4799
201.245.192.253 - - [27/Dec/2023:11:34:10 -0500] "GET /appsia/css/estilos.css HTTP/1.1" 200 4804
201.245.192.253 - - [27/Dec/2023:11:34:10 -0500] "GET /appsia/scripts/validarIngreso.js HTTP/1.1" 200 851
201.245.192.253 - - [27/Dec/2023:11:34:10 -0500] "GET /appsia/images/cabezoteHojaVida.png HTTP/1.1" 200 32493
201.245.192.253 - - [27/Dec/2023:11:34:10 -0500] "GET /appsia/images/logo_bogota_p.png HTTP/1.1" 200 14951
201.245.192.253 - - [27/Dec/2023:11:34:10 -0500] "GET /favicon.ico HTTP/1.1" 200 7782
156.59.198.135 - - [27/Dec/2023:11:34:23 -0500] "GET /BLA/resoluciones/RESOLUCIONES%202009/3087.pdf HTTP/1.0" 200 428260
191.156.56.253 - - [27/Dec/2023:11:34:37 -0500] "POST /sipse/faces/presentacion/financiero/solicitudProceso/consultar.xhtml HTTP/1.1" 200 12790
190.71.156.2 - - [27/Dec/2023:11:34:40 -0500] "POST /sipse/faces/presentacion/financiero/solicitudProceso/listarSolicitudProceso.xhtml HTTP/1.1" 200 3085
190.71.156.2 - - [27/Dec/2023:11:34:41 -0500] "POST /sipse/faces/presentacion/financiero/solicitudProceso/listarSolicitudProceso.xhtml HTTP/1.1" 200 40853
190.71.156.2 - - [27/Dec/2023:11:34:41 -0500] "GET /sipse/faces/javax.faces.resource/jquery/jquery.js?ln=primefaces&v=4.0 HTTP/1.1" 304 -
190.71.156.2 - - [27/Dec/2023:11:34:41 -0500] "GET /sipse/faces/javax.faces.resource/jquery/jquery-plugins.js?ln=primefaces&v=4.0 HTTP/1.1" 304 -
190.71.156.2 - - [27/Dec/2023:11:34:41 -0500] "GET /sipse/faces/javax.faces.resource/primefaces.js?ln=primefaces&v=4.0 HTTP/1.1" 304 -
190.71.156.2 - - [27/Dec/2023:11:34:41 -0500] "GET /sipse/faces/javax.faces.resource/layout/layout.js?ln=primefaces&v=4.0 HTTP/1.1" 304 -
190.71.156.2 - - [27/Dec/2023:11:34:41 -0500] "POST /sipse/faces/presentacion/financiero/solicitudProceso/consultar.xhtml HTTP/1.1" 200 34137
190.71.156.2 - - [27/Dec/2023:11:34:44 -0500] "POST /sipse/faces/presentacion/financiero/solicitudProceso/consultar.xhtml HTTP/1.1" 200 12831
162.55.170.174 - - [27/Dec/2023:11:34:46 -0500] "GET / HTTP/1.1" 200 319
162.55.170.174 - - [27/Dec/2023:11:34:46 -0500] "GET / HTTP/1.1" 200 4720
156.59.198.135 - - [27/Dec/2023:11:34:47 -0500] "GET /BLA/resoluciones/RESOLUCIONES%202009/2011.pdf HTTP/1.0" 200 616981
191.156.56.253 - - [27/Dec/2023:11:34:48 -0500] "POST /sipse/faces/presentacion/financiero/solicitudProceso/consultar.xhtml HTTP/1.1" 200 12755
190.71.156.2 - - [27/Dec/2023:11:34:58 -0500] "POST /sipse/faces/presentacion/financiero/solicitudProceso/consultar.xhtml HTTP/1.1" 200 12705
191.156.56.253 - - [27/Dec/2023:11:34:59 -0500] "POST /sipse/faces/presentacion/financiero/solicitudProceso/consultar.xhtml HTTP/1.1" 200 12755
156.59.198.136 - - [27/Dec/2023:11:35:12 -0500] "GET /BLA/resoluciones/Notificaciones/AUTOS%202023/2069.pdf HTTP/1.0" 200 383814
190.71.156.2 - - [27/Dec/2023:11:35:12 -0500] "POST /sipse/faces/presentacion/financiero/solicitudProceso/consultar.xhtml HTTP/1.1" 200 12869
191.156.56.253 - - [27/Dec/2023:11:35:12 -0500] "POST /sipse/faces/presentacion/financiero/solicitudProceso/consultar.xhtml HTTP/1.1" 200 12779
190.71.156.2 - - [27/Dec/2023:11:35:25 -0500] "POST /sipse/faces/presentacion/financiero/solicitudProceso/consultar.xhtml HTTP/1.1" 200 12808
201.245.192.253 - - [27/Dec/2023:11:35:34 -0500] "POST /forms/lservlet;jsessionid=ac16012b30d6ac84fb743cb8490d9168fad49a174d06.e3iSbxaKaheRe34Qc38TbN0Nb41ynknvrkLOlQzNp65In0 HTTP/1.1" 200 2
156.59.198.136 - - [27/Dec/2023:11:35:36 -0500] "GET /BLA/resoluciones/RESOLUCIONES%202009/4269.pdf HTTP/1.0" 200 497077
201.245.192.253 - - [27/Dec/2023:11:35:38 -0500] "POST /forms/lservlet;jsessionid=ac16012b30d608a3c74dabe741288258ac4c4de7c868.e3iSbxaKaheRe34Qc38TbN0Nb41ynknvrkLOlQzNp65In0 HTTP/1.1" 200 2
191.156.53.225 - - [27/Dec/2023:11:35:42 -0500] "POST /sipse/faces/presentacion/financiero/solicitudProceso/consultar.xhtml HTTP/1.1" 200 12773
190.71.156.2 - - [27/Dec/2023:11:35:45 -0500] "POST /sipse/faces/presentacion/financiero/solicitudProceso/consultar.xhtml HTTP/1.1" 200 12727
36.99.136.137 - - [27/Dec/2023:11:35:50 -0500] "GET / HTTP/1.1" 200 319
36.99.136.137 - - [27/Dec/2023:11:35:50 -0500] "GET /favicon.ico HTTP/1.1" 200 7782
36.99.136.129 - - [27/Dec/2023:11:35:51 -0500] "GET / HTTP/1.1" 200 319
191.156.53.225 - - [27/Dec/2023:11:35:51 -0500] "POST /sipse/faces/presentacion/financiero/solicitudProceso/consultar.xhtml HTTP/1.1" 200 12800
36.99.136.129 - - [27/Dec/2023:11:35:51 -0500] "GET /favicon.ico HTTP/1.1" 200 7782
201.245.192.253 - - [27/Dec/2023:11:35:52 -0500] "POST /sipse/faces/presentacion/financiero/solicitudProceso/listarSolicitudProceso.xhtml HTTP/1.1" 200 5008
201.245.192.253 - - [27/Dec/2023:11:35:55 -0500] "POST /kwsrmcab/Wsrmcab  HTTP/1.1" 200 36178
191.156.53.225 - - [27/Dec/2023:11:35:58 -0500] "POST /sipse/faces/presentacion/financiero/solicitudProceso/consultar.xhtml HTTP/1.1" 200 12800
156.59.198.135 - - [27/Dec/2023:11:36:00 -0500] "GET /BLA/resoluciones/RESOLUCIONES%202009/3412.pdf HTTP/1.0" 200 476283
201.245.192.253 - - [27/Dec/2023:11:36:04 -0500] "POST /sipse/faces/presentacion/financiero/solicitudProceso/listarSolicitudProceso.xhtml HTTP/1.1" 200 5016
201.245.192.253 - - [27/Dec/2023:11:36:02 -0500] "POST /kwsrmcab/Wsrmcab HTTP/1.1" 200 36461
191.156.53.225 - - [27/Dec/2023:11:36:05 -0500] "POST /sipse/faces/presentacion/financiero/solicitudProceso/consultar.xhtml HTTP/1.1" 200 12763
201.245.192.253 - - [27/Dec/2023:11:36:05 -0500] "POST /kwsrmcab/Wsrmcab HTTP/1.1" 200 37050
191.156.53.225 - - [27/Dec/2023:11:36:13 -0500] "POST /sipse/faces/presentacion/financiero/solicitudProceso/consultar.xhtml HTTP/1.1" 200 12764
191.156.53.225 - - [27/Dec/2023:11:36:23 -0500] "POST /sipse/faces/presentacion/financiero/solicitudProceso/consultar.xhtml HTTP/1.1" 200 12747
156.59.198.135 - - [27/Dec/2023:11:36:24 -0500] "GET /BLA/resoluciones/RESOLUCIONES%202008/4093.pdf HTTP/1.0" 200 417077
191.156.53.225 - - [27/Dec/2023:11:36:29 -0500] "POST /sipse/faces/presentacion/financiero/solicitudProceso/consultar.xhtml HTTP/1.1" 200 12736
191.156.53.225 - - [27/Dec/2023:11:36:36 -0500] "POST /sipse/faces/presentacion/financiero/solicitudProceso/consultar.xhtml HTTP/1.1" 200 12763
191.156.53.225 - - [27/Dec/2023:11:36:43 -0500] "POST /sipse/faces/presentacion/financiero/solicitudProceso/consultar.xhtml HTTP/1.1" 200 12763
216.245.221.92 - - [27/Dec/2023:11:36:45 -0500] "HEAD / HTTP/1.1" 200 -
156.59.198.136 - - [27/Dec/2023:11:36:48 -0500] "GET /BLA/resoluciones/RESOLUCIONES%202008/1248.pdf HTTP/1.0" 200 293203
191.156.53.225 - - [27/Dec/2023:11:36:48 -0500] "POST /sipse/faces/presentacion/financiero/solicitudProceso/consultar.xhtml HTTP/1.1" 200 12769
190.71.156.2 - - [27/Dec/2023:11:36:52 -0500] "POST /sipse/faces/presentacion/financiero/solicitudProceso/consultar.xhtml HTTP/1.1" 200 12808
191.156.53.225 - - [27/Dec/2023:11:36:54 -0500] "POST /sipse/faces/presentacion/financiero/solicitudProceso/consultar.xhtml HTTP/1.1" 200 12765
191.156.53.225 - - [27/Dec/2023:11:37:01 -0500] "POST /sipse/faces/presentacion/financiero/solicitudProceso/consultar.xhtml HTTP/1.1" 200 12769
190.71.156.2 - - [27/Dec/2023:11:37:05 -0500] "POST /sipse/faces/presentacion/financiero/solicitudProceso/consultar.xhtml HTTP/1.1" 200 12958
191.156.53.225 - - [27/Dec/2023:11:37:06 -0500] "POST /sipse/faces/presentacion/financiero/solicitudProceso/consultar.xhtml HTTP/1.1" 200 12765
201.245.192.253 - - [27/Dec/2023:11:37:12 -0500] "POST /sipse/faces/presentacion/financiero/solicitudProceso/listarSolicitudProceso.xhtml HTTP/1.1" 200 5008
156.59.198.135 - - [27/Dec/2023:11:37:12 -0500] "GET /BLA/resoluciones/RESOLUCIONES%202008/4421.pdf HTTP/1.0" 200 313135
191.156.53.225 - - [27/Dec/2023:11:37:14 -0500] "POST /sipse/faces/presentacion/financiero/solicitudProceso/consultar.xhtml HTTP/1.1" 200 12769
191.156.53.225 - - [27/Dec/2023:11:37:21 -0500] "POST /sipse/faces/presentacion/financiero/solicitudProceso/consultar.xhtml HTTP/1.1" 200 12765
190.71.156.2 - - [27/Dec/2023:11:37:24 -0500] "POST /sipse/faces/presentacion/financiero/solicitudProceso/consultar.xhtml HTTP/1.1" 200 12894
191.156.53.225 - - [27/Dec/2023:11:37:28 -0500] "POST /sipse/faces/presentacion/financiero/solicitudProceso/consultar.xhtml HTTP/1.1" 200 12821
201.245.192.253 - - [27/Dec/2023:11:37:34 -0500] "POST /forms/lservlet;jsessionid=ac16012b30d6ac84fb743cb8490d9168fad49a174d06.e3iSbxaKaheRe34Qc38TbN0Nb41ynknvrkLOlQzNp65In0 HTTP/1.1" 200 2
191.156.53.225 - - [27/Dec/2023:11:37:35 -0500] "POST /sipse/faces/presentacion/financiero/solicitudProceso/consultar.xhtml HTTP/1.1" 200 12821
156.59.198.135 - - [27/Dec/2023:11:37:36 -0500] "GET /BLA/resoluciones/RESOLUCIONES%202009/1475.pdf HTTP/1.0" 200 430406
201.245.192.253 - - [27/Dec/2023:11:37:38 -0500] "POST /forms/lservlet;jsessionid=ac16012b30d608a3c74dabe741288258ac4c4de7c868.e3iSbxaKaheRe34Qc38TbN0Nb41ynknvrkLOlQzNp65In0 HTTP/1.1" 200 2
201.245.192.253 - - [27/Dec/2023:11:37:39 -0500] "POST /forms/lservlet;jsessionid=ac16012b30d608a3c74dabe741288258ac4c4de7c868.e3iSbxaKaheRe34Qc38TbN0Nb41ynknvrkLOlQzNp65In0 HTTP/1.1" 200 1838
201.245.192.253 - - [27/Dec/2023:11:37:39 -0500] "POST /forms/lservlet;jsessionid=ac16012b30d608a3c74dabe741288258ac4c4de7c868.e3iSbxaKaheRe34Qc38TbN0Nb41ynknvrkLOlQzNp65In0 HTTP/1.1" 200 10
201.245.192.253 - - [27/Dec/2023:11:37:40 -0500] "POST /forms/lservlet;jsessionid=ac16012b30d608a3c74dabe741288258ac4c4de7c868.e3iSbxaKaheRe34Qc38TbN0Nb41ynknvrkLOlQzNp65In0 HTTP/1.1" 200 24
201.245.192.253 - - [27/Dec/2023:11:37:42 -0500] "POST /forms/lservlet;jsessionid=ac16012b30d608a3c74dabe741288258ac4c4de7c868.e3iSbxaKaheRe34Qc38TbN0Nb41ynknvrkLOlQzNp65In0 HTTP/1.1" 200 2251
191.156.53.225 - - [27/Dec/2023:11:37:40 -0500] "POST /sipse/faces/presentacion/financiero/solicitudProceso/consultar.xhtml HTTP/1.1" 200 12799
190.71.156.2 - - [27/Dec/2023:11:37:49 -0500] "POST /sipse/faces/presentacion/financiero/solicitudProceso/consultar.xhtml HTTP/1.1" 200 12811
156.59.198.136 - - [27/Dec/2023:11:38:01 -0500] "GET /BLA/resoluciones/RESOLUCIONES%202007/RES%202007%201901%20AL%202000/RESOLUCION%201927%20%20DE%202007.pdf HTTP/1.0" 200 527482
191.156.52.62 - - [27/Dec/2023:11:38:02 -0500] "POST /sipse/faces/presentacion/financiero/solicitudProceso/consultar.xhtml HTTP/1.1" 200 12799
201.245.192.253 - - [27/Dec/2023:11:38:04 -0500] "GET /BLA/resoluciones/index.php?dir=RESOLUCIONES+2021%2F HTTP/1.1" 200 444412
201.245.192.253 - - [27/Dec/2023:11:38:09 -0500] "GET /BLA/resoluciones/RESOLUCIONES%202021/5530.pdf HTTP/1.1" 200 464060
191.156.52.62 - - [27/Dec/2023:11:38:11 -0500] "POST /sipse/faces/presentacion/financiero/solicitudProceso/consultar.xhtml HTTP/1.1" 200 12799
190.71.156.2 - - [27/Dec/2023:11:38:15 -0500] "POST /sipse/faces/presentacion/financiero/solicitudProceso/consultar.xhtml HTTP/1.1" 200 12816
191.156.52.62 - - [27/Dec/2023:11:38:16 -0500] "POST /sipse/faces/presentacion/financiero/solicitudProceso/consultar.xhtml HTTP/1.1" 200 12795
65.154.226.168 - - [27/Dec/2023:11:38:23 -0500] "GET /sipse/faces/presentacion/financiero/solicitudproceso/consultar.xhtml HTTP/1.1" 302 -
191.156.52.62 - - [27/Dec/2023:11:38:23 -0500] "POST /sipse/faces/presentacion/financiero/solicitudProceso/consultar.xhtml HTTP/1.1" 200 12799
152.203.52.199 - - [27/Dec/2023:11:38:24 -0500] "OPTIONS /kwssiamovil/sm/setfile/f? HTTP/1.1" 200 13
156.59.198.135 - - [27/Dec/2023:11:38:25 -0500] "GET /BLA/resoluciones/RESOLUCIONES%202008/4930.pdf HTTP/1.0" 200 331719
152.203.52.199 - - [27/Dec/2023:11:38:25 -0500] "POST /kwssiamovil/sm/setfile/f? HTTP/1.1" 200 381
65.154.226.168 - - [27/Dec/2023:11:38:25 -0500] "GET /sipse/faces/autenticacion.xhtml HTTP/1.1" 200 12732
152.203.52.199 - - [27/Dec/2023:11:38:27 -0500] "OPTIONS /kwssiamovil/sm/setfile/f? HTTP/1.1" 200 13
152.203.52.199 - - [27/Dec/2023:11:38:27 -0500] "POST /kwssiamovil/sm/setfile/f? HTTP/1.1" 200 381
190.71.156.2 - - [27/Dec/2023:11:38:29 -0500] "POST /sipse/faces/presentacion/financiero/solicitudProceso/consultar.xhtml HTTP/1.1" 200 12893
152.203.52.199 - - [27/Dec/2023:11:38:29 -0500] "OPTIONS /kwssiamovil/sm/setfile/f? HTTP/1.1" 200 13
152.203.52.199 - - [27/Dec/2023:11:38:29 -0500] "POST /kwssiamovil/sm/setfile/f? HTTP/1.1" 200 381
152.203.52.199 - - [27/Dec/2023:11:38:31 -0500] "OPTIONS /kwssiamovil/sm/setfile/f? HTTP/1.1" 200 13
191.156.52.62 - - [27/Dec/2023:11:38:31 -0500] "POST /sipse/faces/presentacion/financiero/solicitudProceso/consultar.xhtml HTTP/1.1" 200 12795
152.203.52.199 - - [27/Dec/2023:11:38:31 -0500] "POST /kwssiamovil/sm/setfile/f? HTTP/1.1" 200 381
152.203.52.199 - - [27/Dec/2023:11:38:32 -0500] "OPTIONS /kwssiamovil/sm/setfile/f? HTTP/1.1" 200 13
152.203.52.199 - - [27/Dec/2023:11:38:32 -0500] "POST /kwssiamovil/sm/setfile/f? HTTP/1.1" 200 381
152.203.52.199 - - [27/Dec/2023:11:38:33 -0500] "OPTIONS /kwssiamovil/sm/setfile/f? HTTP/1.1" 200 13
152.203.52.199 - - [27/Dec/2023:11:38:34 -0500] "POST /kwssiamovil/sm/setfile/f? HTTP/1.1" 200 381
190.71.156.2 - - [27/Dec/2023:11:38:39 -0500] "POST /sipse/faces/presentacion/financiero/solicitudProceso/consultar.xhtml HTTP/1.1" 200 12868
191.156.52.62 - - [27/Dec/2023:11:38:41 -0500] "POST /sipse/faces/presentacion/financiero/solicitudProceso/consultar.xhtml HTTP/1.1" 200 12799
172.22.2.4 - - [27/Dec/2023:11:37:06 -0500] "HEAD /BLA/boletinlegal/ HTTP/1.1" 200 -
152.203.52.199 - - [27/Dec/2023:11:38:47 -0500] "GET /kwssiamovil/sm/acme/a?s=U2FsdGVkX1+lXQZSgMjfavnDgmngEDdyKeGpmL3cb3OU2UUd3chrjU+fEQxGSAC3zBam5duIb9YXwwaYV7a7SN881i0SoDkEt87RVweZ7yY0KHyZ5BckStii96C0C41defmwbyGOkrxg26I5csUc3Oc7N+hYHwfg+K5vN9cSiBq6lbm83+6O/z6XAL9FzRlQat1/DgzoI/X9k/sDsp1luViwskzOz36zVHhF+X1CdZC1extziXEGTlNzB5pFceNaSVAwjaO2jQJPG9fbQz4EJg==&u=U2FsdGVkX1/TW1aauQ4FZRHW5P+Z9fxP+GSwcGP0IMUI4pfc2coGKXY1/sU+BXf6&y=U2FsdGVkX1//b7JQpoE+vdfKlQXpv5SKZVAVel2WVEU/iHhKrE5tGBNvjQ5PxvRV HTTP/1.1" 200 26
152.203.52.199 - - [27/Dec/2023:11:38:48 -0500] "GET /kwssiamovil/sm/acme/a?s=U2FsdGVkX1+bQSTA8+coW6DaDXjLjWt17/euNtik0a9QbsAefqwFbqrYU9XyE6Rds5s7TtEK/0NTIUvqX+N67m12PGLxCtrBGnCMiF5pGWRrjpB0fwBaaVPODN4B47puZ6qwkV1iXMcvyOKr6eZo/PfMLW75nVkuFm4rJ60hwKmyICzVCRLe2+ZwGIbqtgTWprt4MzIaEgdYBx4Rs1rWII43yRHxOwGOL2Tv2nsyqgILQmKQ5MLpQkbfmfVzMopwkggt6jJ693Z3t+1laQok8nowxKNP/rfjBJDbs0C54kv1l3wk+HNl8TC6+HKfTaXXbNGXICSn1dEICChiIB2kHnjYgpuyOZHhfpcLo1iIVFGArWqXVz6+KdO/FbfS7tdUtx2Qx1ZfUXTV3RiW+XQ9MNe+TBxxBQcyv128JnVkButEAgYOJCmt0oullIPtzQml9izVjUuomRLZjlso344dYgMoW1NfqFm4bT/O/mbKc16PLPWKgitAevMmCVJOexsJZNo8qFUKQyFbL4/eCOfyPU4/5kSRE390n5ra/4upIHCPbn2FnxWkiKykQFuZqgx6+YjDlez9Yl64w9x1/JXV7uuza14jmXbLNlv3Cw4o8N+bd9Xekn1HYyWZ4fh3vM2hsUZtGl1J5p/0a2lW1rzPYVaOqYdH4+W5eXoPcM2VasCW7nG/4orbNnfaDtvn/hb6g042+i0EJhc5U8mR7t5rixRXfCPURXszKoKMGapc7hCMsk6ZwYYk/9hAiK81rpDRiH7Vfj5e8IAFCzdMgFpll8sUxHOQntkuiL89yNvwQy1qFLF5o+8j4g0MSHH2gzHwc3Q1R0zKJzR4EtIFusNN4ZY/VljYfbvVL40rGeCLuDviODwzZZvUsjCVqbWsHGhyqezbY5edYIq0RqfzhzpjsHL28uQcgbfcazy+ZDR8hjz1RYYuwAVIpDqAABJTXqHQg9WehOT3+3qSwmCwh3eNZwiQY44FlGLyJbQxelDFAeRtPCIyknB0TkNjm3dAwQA+5mCFUfxCsXkFFV6UYiMqwrfVLnAtjMcInx42rNHnZBdRavwpV4TApWGzo4kaEW5oAO17qX021BO/BF3eqzOsRnNX1qxNfGgn5IA8yAKj9CG2JXQKlMQ1xADFU4YC+UHuFe13svF6Qqa6JnISHl13Pb9FnHlziY0mMxrHcy2XdBO0wRvAtJjm8sMwxBi9aYJYJnzfZtJPOWF9hWbDLNlnWg==&u=U2FsdGVkX1/TW1aauQ4FZRHW5P+Z9fxP+GSwcGP0IMUI4pfc2coGKXY1/sU+BXf6&y=U2FsdGVkX1//b7JQpoE+vdfKlQXpv5SKZVAVel2WVEU/iHhKrE5tGBNvjQ5PxvRV HTTP/1.1" 200 26
152.203.52.199 - - [27/Dec/2023:11:38:48 -0500] "GET /kwssiamovil/sm/acme/a?s=U2FsdGVkX1/Iu4+6+KEqf+HLlnmzyLmG/lS74i4hD4b/sktJbi6KIj4FILsR3aYltLHr4MzNdLAmQ3AmleHDJkBrEayo32tsFuAh5TIDMHKX5zt7wzV9OAui47frM1hbuYqtJUp1vTmmBp6KXikdk5RxAOlrJAaa2Aq/ggE6jTI=&u=U2FsdGVkX1/TW1aauQ4FZRHW5P+Z9fxP+GSwcGP0IMUI4pfc2coGKXY1/sU+BXf6&y=U2FsdGVkX1//b7JQpoE+vdfKlQXpv5SKZVAVel2WVEU/iHhKrE5tGBNvjQ5PxvRV HTTP/1.1" 200 26
152.203.52.199 - - [27/Dec/2023:11:38:49 -0500] "GET /kwssiamovil/sm/acme/a?s=U2FsdGVkX1+TnTBt2K9RTt/58MeMnb0gy/aYoBhLoCaBxILhCMYPU5fhfjfQhEcTSiTR9CY13j/Rc4fEjOzFebMppvCKXY4Pk9daEZIo2AOeQ1wxl/ngRKEnaxsOpmQGhb7NN1WDq5Z7uL6IH9M0FuPCyGPHod4lZ14fgJYDpYU=&u=U2FsdGVkX1/TW1aauQ4FZRHW5P+Z9fxP+GSwcGP0IMUI4pfc2coGKXY1/sU+BXf6&y=U2FsdGVkX1//b7JQpoE+vdfKlQXpv5SKZVAVel2WVEU/iHhKrE5tGBNvjQ5PxvRV HTTP/1.1" 200 26
152.203.52.199 - - [27/Dec/2023:11:38:49 -0500] "GET /kwssiamovil/sm/acme/a?s=U2FsdGVkX182V8kWIEs3y/fNW0NwO6kXcZqBkw9XSeAOtHidln7aivZmsv1iXomjATu/989A+1tzss+HHWE0iPFffjcjfau1Uu+tB505bsiZek7KlQ5QLKw0Fm4xTsI4Q2bJJQKfnLjcE+BhzAnIsa3sV/CGK0sft9EuYHD6Psk=&u=U2FsdGVkX1/TW1aauQ4FZRHW5P+Z9fxP+GSwcGP0IMUI4pfc2coGKXY1/sU+BXf6&y=U2FsdGVkX1//b7JQpoE+vdfKlQXpv5SKZVAVel2WVEU/iHhKrE5tGBNvjQ5PxvRV HTTP/1.1" 200 26
152.203.52.199 - - [27/Dec/2023:11:38:49 -0500] "GET /kwssiamovil/sm/acme/a?s=U2FsdGVkX1/lWSGlB+kgJfQXLRWh85iXY7yMTz4XWnrQSRNbPzoTHxWkvSED50batLGmt46i4vGSutTsVG9pHrx8vt4aHZCWG0xtqr3W2z3PDe2tHafy8cdgJ3CGSHLdhqdHBxMcusYsJCxb8UcF6FhOVG4+e+ADY8mhGVALs8ZnJNsWYY3hfuMITMyCFpWvKKODjxdy2+QU4fJK3v8XSw==&u=U2FsdGVkX1/TW1aauQ4FZRHW5P+Z9fxP+GSwcGP0IMUI4pfc2coGKXY1/sU+BXf6&y=U2FsdGVkX1//b7JQpoE+vdfKlQXpv5SKZVAVel2WVEU/iHhKrE5tGBNvjQ5PxvRV HTTP/1.1" 200 26
152.203.52.199 - - [27/Dec/2023:11:38:49 -0500] "GET /kwssiamovil/sm/acme/a?s=U2FsdGVkX19JP9mcEfJGi1pLRWZ2bnpI6DqnejyQtAKn9+T5RrZAOI3+YfdashWsqxcNFYRj66Bad7ZhiQaoiqWGYdEM8xJUPtfkiAvu0lMDfNnN73Q2xYvyi767LnvsZbnPH5rQJ3LgLBcJq+sz4ASEfajKqjhKay2rOaiBVuqTGuAVO5A9YD3XAcsTDDGn29V91iqpTEuX+BfIhEdkKQ==&u=U2FsdGVkX1/TW1aauQ4FZRHW5P+Z9fxP+GSwcGP0IMUI4pfc2coGKXY1/sU+BXf6&y=U2FsdGVkX1//b7JQpoE+vdfKlQXpv5SKZVAVel2WVEU/iHhKrE5tGBNvjQ5PxvRV HTTP/1.1" 200 26
152.203.52.199 - - [27/Dec/2023:11:38:50 -0500] "GET /kwssiamovil/sm/acme/a?s=U2FsdGVkX18SsAnwZ4Fd3NsLCySBpxo4NUFfDhF3GmoZ3uzQXcmOyrDsPYEsl47olg7M45ZepkAYFnoCGRNsY7BQtxpKwxNNE11RO+KUx+sJTjgT7FOTI8bG08xedEl05bXLxj8GjnK9EMC26CkNoLhkwMh+Yls3beRc76npW8vEdpFV6F//2XKocTDxkPQSNm5a918mNzSqDs6uAks6TQybHdwZXGoP5WgBaP3yv201Q5yY7uUv5HeSiQQLf2ft/iMOvL/f8/XaSc6c9e7JCPJmHiOuqZgybt/srCtdtOFaNNICByUyY2FBsdiF/GkutKJp06MnerleaufM6mEvExjm9CKxU7C6u0oWQtrnApj9zTgxlS/WgnGpJIeL+iFwJLMIFECTUx7CuGMaUkUDGDCeUKBcBZnJ3uLaLNif9hf2WSc8cg7T7mUhlJ+m8HSegWnvz1kyYuIpBXrWRzjkog==&u=U2FsdGVkX1/TW1aauQ4FZRHW5P+Z9fxP+GSwcGP0IMUI4pfc2coGKXY1/sU+BXf6&y=U2FsdGVkX1//b7JQpoE+vdfKlQXpv5SKZVAVel2WVEU/iHhKrE5tGBNvjQ5PxvRV HTTP/1.1" 200 25
152.203.52.199 - - [27/Dec/2023:11:38:50 -0500] "GET /kwssiamovil/sm/acme/a?s=U2FsdGVkX1+CWQsNBAjtmSci19dj7QPgjnL21u5Y3JqpQmRTtIKGNZqUIi+mg+J+sSfS7heZcR3ZVAIEJtBlS7fZ6pr0yag5afaSXFjw4fzWXu4Zdgcw4Q5SLgOyAhB5AckY9qDA4q/qxZgyKqoKKJo14b1aZL45J+GW8kLYRBNSGHXMd98E1q0M+HVaQEvp&u=U2FsdGVkX1/TW1aauQ4FZRHW5P+Z9fxP+GSwcGP0IMUI4pfc2coGKXY1/sU+BXf6&y=U2FsdGVkX1//b7JQpoE+vdfKlQXpv5SKZVAVel2WVEU/iHhKrE5tGBNvjQ5PxvRV HTTP/1.1" 200 26
152.203.52.199 - - [27/Dec/2023:11:38:50 -0500] "GET /kwssiamovil/sm/acme/a?s=U2FsdGVkX18l/jo0oBcUKVfa0omMEUfViAQ0tk07cz7aOh/0aSppZCg8JkFU/NfqyrmGj1FuJQJSP52McU+UU21tCM/FRQ0eDS5yhwtXELsB5CL9vjgfPxv1nbcuqj8J7siwjauU1+jfqre6m23cLLOga4n9Ml4chc6VpK+c3WybnN7CEpmyNEiSvvPg5CNkllTPl5Z8WTtYaJq+DsDnLJFq6QsTAMcyyxLioeLdnlLDcuYhjj6YKaUFFbQdz7CuG4jtZd9N+0JlriE+JfFcCBVcaWaG6zNnd16Nl2B4PIu7AA4Wp5j3rkrqspBlhNyQSCepjqbHUALJLkR5IXd/sutfYomRDkvwKkR8e6WdGAFy441/itcYrrgO8ajX7+oA2LlU3Vs9TL3ZGWf+h+ezyjC/kxCPirT8DceADetNUC8=&u=U2FsdGVkX1/TW1aauQ4FZRHW5P+Z9fxP+GSwcGP0IMUI4pfc2coGKXY1/sU+BXf6&y=U2FsdGVkX1//b7JQpoE+vdfKlQXpv5SKZVAVel2WVEU/iHhKrE5tGBNvjQ5PxvRV HTTP/1.1" 200 26
152.203.52.199 - - [27/Dec/2023:11:38:50 -0500] "GET /kwssiamovil/sm/acme/a?s=U2FsdGVkX19XeQVb9xg/jOFBNbHc4UZtfhbwlvfO9ebvlj7chtG2BSfWAzsaMYj1tR+OChvF2uh32TNC8ksnFqi01wFF2mZJCKOq5jkRPcOXCG46l0nA2hv/KFtryMnhpf7gkLJDPeSCF6tWUuszVc7A+CvYyDdqI4AH0uEh3cLaoOqqGsJH0kKLNLHPhCLuz3q/SDEat2a8MCFGDuLgDQ==&u=U2FsdGVkX1/TW1aauQ4FZRHW5P+Z9fxP+GSwcGP0IMUI4pfc2coGKXY1/sU+BXf6&y=U2FsdGVkX1//b7JQpoE+vdfKlQXpv5SKZVAVel2WVEU/iHhKrE5tGBNvjQ5PxvRV HTTP/1.1" 200 26
156.59.198.136 - - [27/Dec/2023:11:38:50 -0500] "GET /BLA/resoluciones/RESOLUCIONES%202008/4412.pdf HTTP/1.0" 200 313055
152.203.52.199 - - [27/Dec/2023:11:38:50 -0500] "GET /kwssiamovil/sm/acme/a?s=U2FsdGVkX191dg4I8ga+d8tbozeSlQ/MIkmc/K4u7W9qvmk9GpeGCOhPr9plDSjqIi0+hyZS1ZFliShfcQgxNZdzkmjYSo2/4oZkRY4mv2KMlAsaLRiyTvJ4BX/iSoHQuz5Gxxt20KF8bKN9bp3apSYAV0aDN2thIGqu3/i2Uz6IZVoL2MS5vm+tAjDpRytH&u=U2FsdGVkX1/TW1aauQ4FZRHW5P+Z9fxP+GSwcGP0IMUI4pfc2coGKXY1/sU+BXf6&y=U2FsdGVkX1//b7JQpoE+vdfKlQXpv5SKZVAVel2WVEU/iHhKrE5tGBNvjQ5PxvRV HTTP/1.1" 200 26
152.203.52.199 - - [27/Dec/2023:11:38:51 -0500] "GET /kwssiamovil/sm/acme/a?s=U2FsdGVkX18M0eXgk7MsL9U3q1TTDC6rw2kT9owjeXwFO6mTX1ldQ4sOIiPFx8pmnF2QvKxZLRWgrJBjzXSQGnjkczWU8DrvSGa0fZhQnRclrQtzpoB5aWpMkEteYoNUi9OU/j0qD5w2l0BIbMGUD1czF4uwZsEfUWY9YJCJAbTsCNs1Gvn1MBCMpRFSqyLMvXaz6Ymac5JMUZ/2EfcSrA==&u=U2FsdGVkX1/TW1aauQ4FZRHW5P+Z9fxP+GSwcGP0IMUI4pfc2coGKXY1/sU+BXf6&y=U2FsdGVkX1//b7JQpoE+vdfKlQXpv5SKZVAVel2WVEU/iHhKrE5tGBNvjQ5PxvRV HTTP/1.1" 200 26
