!C99Shell v. 1.0 pre-release build #13!

Software: Apache. PHP/5.5.15 

uname -a: Windows NT SVR-DMZ 6.1 build 7600 (Windows Server 2008 R2 Enterprise Edition) i586 

SYSTEM 

Safe-mode: OFF (not secure)

E:\nuevo\apache\logs\   drwxrwxrwx
Free 5.02 GB of 239.26 GB (2.1%)
Detected drives: [ a ] [ c ] [ d ] [ e ] [ f ]
Home    Back    Forward    UPDIR    Refresh    Search    Buffer    Encoder    Tools    Proc.    FTP brute    Sec.    SQL    PHP-code    Update    Feedback    Self remove    Logout    


Viewing file:     access.2023.12.27.log (4.83 MB)      -rw-rw-rw-
Select action/file-type:
(+) | (+) | (+) | Code (+) | Session (+) | (+) | SDB (+) | (+) | (+) | (+) | (+) | (+) |
216.245.221.92 - - [27/Dec/2023:00:00:13 -0500] "HEAD / HTTP/1.1" 200 -
156.59.198.135 - - [27/Dec/2023:00:00:22 -0500] "GET /BLA/resoluciones/Notificaciones/AUTOS%202023/4120.pdf HTTP/1.0" 200 394426
191.156.148.143 - - [27/Dec/2023:00:00:30 -0500] "GET /sipse/faces/javax.faces.resource/theme.css?ln=primefaces-sipse HTTP/1.1" 304 -
191.156.152.156 - - [27/Dec/2023:00:00:30 -0500] "GET /sipse/faces/javax.faces.resource/jquery/jquery.js?ln=primefaces&v=4.0 HTTP/1.1" 304 -
191.156.155.129 - - [27/Dec/2023:00:00:30 -0500] "GET /sipse/faces/javax.faces.resource/layout/layout.css?ln=primefaces&v=4.0 HTTP/1.1" 304 -
191.156.155.129 - - [27/Dec/2023:00:00:30 -0500] "GET /sipse/faces/javax.faces.resource/primefaces.css?ln=primefaces&v=4.0 HTTP/1.1" 304 -
191.156.145.52 - - [27/Dec/2023:00:00:30 -0500] "GET /sipse/faces/javax.faces.resource/jquery/jquery-plugins.js?ln=primefaces&v=4.0 HTTP/1.1" 304 -
191.156.148.51 - - [27/Dec/2023:00:00:30 -0500] "GET /sipse/faces/javax.faces.resource/primefaces.js?ln=primefaces&v=4.0 HTTP/1.1" 304 -
191.156.148.143 - - [27/Dec/2023:00:00:30 -0500] "GET /sipse/faces/javax.faces.resource/layout/layout.js?ln=primefaces&v=4.0 HTTP/1.1" 304 -
191.156.148.143 - - [27/Dec/2023:00:00:30 -0500] "GET /sipse/faces/javax.faces.resource/images/ui-icons_898989_256x240.png?ln=primefaces-aristo HTTP/1.1" 304 -
191.156.148.143 - - [27/Dec/2023:00:00:31 -0500] "GET /sipse/faces/faces/faces/index.xhtml HTTP/1.1" 200 677
191.156.148.143 - - [27/Dec/2023:00:00:31 -0500] "GET /sipse/faces/javax.faces.resource/theme.css?ln=primefaces-sipse HTTP/1.1" 304 -
191.156.148.143 - - [27/Dec/2023:00:00:31 -0500] "GET /sipse/faces/faces/faces/faces/autenticacion.xhtml HTTP/1.1" 200 12406
191.156.148.51 - - [27/Dec/2023:00:00:31 -0500] "GET /sipse/faces/javax.faces.resource/theme.css?ln=primefaces-sipse HTTP/1.1" 304 -
191.156.155.129 - - [27/Dec/2023:00:00:31 -0500] "GET /sipse/faces/javax.faces.resource/layout/layout.css?ln=primefaces&v=4.0 HTTP/1.1" 304 -
191.156.155.129 - - [27/Dec/2023:00:00:31 -0500] "GET /sipse/faces/javax.faces.resource/jquery/jquery.js?ln=primefaces&v=4.0 HTTP/1.1" 304 -
191.156.152.156 - - [27/Dec/2023:00:00:31 -0500] "GET /sipse/faces/javax.faces.resource/jquery/jquery-plugins.js?ln=primefaces&v=4.0 HTTP/1.1" 304 -
191.156.148.143 - - [27/Dec/2023:00:00:31 -0500] "GET /sipse/faces/javax.faces.resource/primefaces.js?ln=primefaces&v=4.0 HTTP/1.1" 304 -
191.156.148.51 - - [27/Dec/2023:00:00:31 -0500] "GET /sipse/faces/javax.faces.resource/layout/layout.js?ln=primefaces&v=4.0 HTTP/1.1" 304 -
191.156.145.52 - - [27/Dec/2023:00:00:32 -0500] "GET /sipse/faces/javax.faces.resource/primefaces.css?ln=primefaces&v=4.0 HTTP/1.1" 304 -
156.59.198.136 - - [27/Dec/2023:00:00:46 -0500] "GET /BLA/resoluciones/RESOLUCIONES%202008/2884.pdf HTTP/1.0" 200 426312
156.59.198.135 - - [27/Dec/2023:00:01:10 -0500] "GET /BLA/resoluciones/RESOLUCIONES%202008/3269.pdf HTTP/1.0" 200 391147
201.245.192.253 - - [27/Dec/2023:00:01:30 -0500] "POST /forms/lservlet;jsessionid=ac16012b30d6ac84fb743cb8490d9168fad49a174d06.e3iSbxaKaheRe34Qc38TbN0Nb41ynknvrkLOlQzNp65In0 HTTP/1.1" 200 2
201.245.192.253 - - [27/Dec/2023:00:01:35 -0500] "POST /forms/lservlet;jsessionid=ac16012b30d608a3c74dabe741288258ac4c4de7c868.e3iSbxaKaheRe34Qc38TbN0Nb41ynknvrkLOlQzNp65In0 HTTP/1.1" 200 2
156.59.198.136 - - [27/Dec/2023:00:01:36 -0500] "GET /BLA/resoluciones/RESOLUCIONES%202007/RES%202007%203301%20AL%203400/RESOLUCION%203309%20DE%202007.pdf HTTP/1.0" 200 750576
156.59.198.135 - - [27/Dec/2023:00:02:00 -0500] "GET /BLA/resoluciones/RESOLUCIONES%202008/3466.pdf HTTP/1.0" 200 333135
201.245.192.253 - - [27/Dec/2023:00:01:59 -0500] "POST /kwsrmcab/Wsrmcab  HTTP/1.1" 200 36330
156.59.198.136 - - [27/Dec/2023:00:02:23 -0500] "GET /BLA/resoluciones/Notificaciones/AUTOS%202020/1801.pdf HTTP/1.0" 200 330484
190.27.57.161 - - [27/Dec/2023:00:02:30 -0500] "POST /sipse/faces/presentacion/financiero/solicitudProceso/listarSolicitudProceso.xhtml HTTP/1.1" 200 4874
190.27.57.161 - - [27/Dec/2023:00:02:33 -0500] "POST /sipse/faces/presentacion/financiero/solicitudProceso/listarSolicitudProceso.xhtml HTTP/1.1" 200 116240
190.27.57.161 - - [27/Dec/2023:00:02:37 -0500] "GET /sipse/faces/javax.faces.resource/theme.css?ln=primefaces-sipse HTTP/1.1" 304 -
190.27.57.161 - - [27/Dec/2023:00:02:37 -0500] "GET /sipse/faces/javax.faces.resource/primefaces.css?ln=primefaces&v=4.0 HTTP/1.1" 304 -
190.27.57.161 - - [27/Dec/2023:00:02:37 -0500] "GET /sipse/faces/javax.faces.resource/layout/layout.css?ln=primefaces&v=4.0 HTTP/1.1" 304 -
190.27.57.161 - - [27/Dec/2023:00:02:37 -0500] "GET /sipse/faces/javax.faces.resource/jquery/jquery.js?ln=primefaces&v=4.0 HTTP/1.1" 304 -
190.27.57.161 - - [27/Dec/2023:00:02:37 -0500] "GET /sipse/faces/javax.faces.resource/jquery/jquery-plugins.js?ln=primefaces&v=4.0 HTTP/1.1" 304 -
190.27.57.161 - - [27/Dec/2023:00:02:37 -0500] "GET /sipse/faces/javax.faces.resource/primefaces.js?ln=primefaces&v=4.0 HTTP/1.1" 304 -
190.27.57.161 - - [27/Dec/2023:00:02:37 -0500] "GET /sipse/faces/javax.faces.resource/layout/layout.js?ln=primefaces&v=4.0 HTTP/1.1" 304 -
190.27.57.161 - - [27/Dec/2023:00:02:38 -0500] "GET /sipse/faces/javax.faces.resource/dynamiccontent.properties?ln=primefaces&pfdrid=XjOR5%2F%2FfPAZAuY9TpWQeCiM0BhlXxYRBGKi%2FQcXXfeA%3D&pfdrid_c=false HTTP/1.1" 500 383
190.27.57.161 - - [27/Dec/2023:00:02:43 -0500] "POST /sipse/faces/presentacion/financiero/solicitudProceso/consultarSolicitudProceso.xhtml HTTP/1.1" 200 157099
156.59.198.136 - - [27/Dec/2023:00:02:47 -0500] "GET /BLA/resoluciones/RESOLUCIONES%202007/RES%202007%202701%20AL%202800/RESOLUCION%202775%20DE%202007.pdf HTTP/1.0" 200 384415
190.27.57.161 - - [27/Dec/2023:00:02:52 -0500] "POST /sipse/faces/presentacion/financiero/solicitudProceso/consultarSolicitudProceso.xhtml HTTP/1.1" 200 829416
190.27.57.161 - - [27/Dec/2023:00:02:58 -0500] "POST /sipse/faces/presentacion/financiero/solicitudProceso/consultarSolicitudProceso.xhtml HTTP/1.1" 200 421984
190.27.57.161 - - [27/Dec/2023:00:03:03 -0500] "POST /sipse/faces/presentacion/financiero/solicitudProceso/consultarSolicitudProceso.xhtml HTTP/1.1" 200 2216183
186.102.106.40 - - [27/Dec/2023:00:03:09 -0500] "GET /kwssiamovil/sm/ldap/au?x=U2FsdGVkX1/2Y+a51RThL1fkEnqWmfwrplj2Tab8sf9Lpud+XcHEMwUxgKK3pCVU&y=U2FsdGVkX1+2E6R11jlHEfKa6eyyYJYDb37+VhTJ6WE= HTTP/1.1" 200 30
186.102.106.40 - - [27/Dec/2023:00:03:09 -0500] "GET /kwssiamovil/sm/acme/s?s=U2FsdGVkX1+oebDR+wUfjLjFhdfx+N3Csdy5eKxV91EzoIKrphoB6JEhQtBrG5ZuRRkRGDS2FxSaZ6dt0dY4e+ZKyQeLLIMqWugVwRGTTDI=&u=U2FsdGVkX18PciDvXLT23jbS9pkXyQcgVkLcEfdiYMo=&y=U2FsdGVkX1+2E6R11jlHEfKa6eyyYJYDb37+VhTJ6WE= HTTP/1.1" 200 97
186.102.106.40 - - [27/Dec/2023:00:03:09 -0500] "GET /kwssiamovil/sm/acme/s?s=U2FsdGVkX18fOcqyvcambhwHoI35EeZ1UO9AnJpqYQFE5GgG1p0wIWlBlb2Vb47SWdQGGq1dox4ZHKjafS3/o65JIiHw2sQIM7otWElDWS/ogGLIHUzMAjzDdI9oCOBC7xVQm+9ERWuvQTSoIalw825F6O0igYywOBkmoJcBAItl5d47edD/f/FO7KmaCjVIgtPTWIb5txKrRNCtDGj1rbTBy4VkjtEPdlcb0bbFfCDo7pPRaQRIJNdw0rHvjeho2pe+ocTaG9ar/tDhjQobcdaebmXhgkti0o80ArvNLzb1N08OpTyLJ8uOInsJA/HEUdMm+a0jfJd+WNKH6hyGSwA0yW3efghN4n63+yz1XPuBD3HQ/g7gy7NPGAC9hDn3v71NZrAaZW81CG7WSIig8jjHOmhwk6jaUQBSjvFKRwVJq4LK6rs11x+fqfSE2Df4oI56A7PZ+ov3uOxv1/OsMs9kvE3vxrzc92NSwzXq41+wmXytj0IXDW6ov98t01Ff2PaHyP2AwL3WQPgjBmz2zJPLQnkay08OzJEnUIsCCUgDzXKfZCFyj6KNlidzH7kP8ZnoxS6DqtV4F03tq971/BqWSQhjk5IDqMAk1s2/5SvmWM9suov9xS4ngnPGoAbxDTvbuPvtJBJRDdWZVG9Z50d4bs0JD8A2ZXrsjCPdd2zmpSRwhraog76SYqZjz1XusTZJzLHVmWzCvlFdjB7rXBZOoPrKreSLuoHrA00mq4otWC7OIUCLfUlIVJAdSFMBwtepDOZtygqjgPLfJykcJ8WXKcxL+Ut91RIZF/i/rX1IBgUdbTMURNBuIn/svtRsixRQo1LCAWI9fn2/Bsxx8oSF0khaM6y50CsFkDEALhTySrObRWfSZ8ruaW0U7twEhEnkVOWDLbWsgHsQhjIl7t+aEgbRMd687qQOJo6dRXEoSHHF3tp7l/OxpE9v1vBGzXacE0Rz4jkfaY9nKXZKOkJl2+++7kuv8BGgZe8NVaWI6Pwh26b3ATgJSpL3efRSyCcc+7rfnGOoEqopLhXpLqKw3v0yTLp8Kfirw8Q038bPlryBuExUVwPbKwjRD5DXgnwJkcaxcxRF9Odqz7XJPEYfqjrBlzsQ3wpuDQc8EXAP9j5GQeHGkBIod7hJIIhDpNWhNriU+ERzHvEge1/lrlFYytxo3K1vaf34AouChLeeJtUbUpRhw0lFwBFk+ArUGytENiI0tBWVKFPENDNYoyNMTUMJbA9Uy9/yG2iQJHbgcXQRacl/IYRuIbengfyKi3I2YtIArvjjkQ8zJDmS28nXxTZdI0ZDUvGyky3Nzl1BXO9STTjnDnyxpgE8ZXkbEq55Thj0Dgit5jjxh3fC4t4QGE2alm6hPGn422CgpkR9poqQzp7PB1DZMhP6TJAc3xKAB1IiBt1o+CMy8WR4M7thCE8ZvOC2MtqJKvwuhm9IvrvbrGZ2LxMqbH6viYNYhQG6rsaeI3mmoJ6JO04aa1Pk0fGc9YIA55PNMVfw3gXaLP/GUhhAgqfQZMEE7L+LAmxmHAy6gXrF7uKnXrM94QnYXlgm5FMvSxIdaMJp9Vhomh4reV3DL9xSVS0A4xLHHr4AKsaIiuJmyFO5MPQtOJ6YPu9v7bm5kxURx4uBlAXy7c4KaoTmJUkWXfo+dMNZR5gI5sKoy+zNec+u4dswDYt9/T9MmRFIxI5ivW1qaeiIAVtYfOnkBBzpdklYVJbw6UHpixhRXdS4EAEG5NjERR8sg+po9D4onnvFT6WmIUk=&u=U2FsdGVkX18PciDvXLT23jbS9pkXyQcgVkLcEfdiYMo=&y=U2FsdGVkX1+2E6R11jlHEfKa6eyyYJYDb37+VhTJ6WE= HTTP/1.1" 200 809
186.102.106.40 - - [27/Dec/2023:00:03:10 -0500] "GET /kwssiamovil/sm/acme/s?s=U2FsdGVkX18DdIdQQ+Mql7UzofdYZ7uMQrGiR3zNQGF/PoC5VD8v1fRjxyt1V7yDn9hF5SgnA5fGQlD7YscHQjP5ZTS1AnZnkZ6nNb74/RIoyfmvimcqtM8I2A55Lgt205XNgEY5cKZkWDlKTMsPrd/itlqIlhO0KBSseMfSAhUy/bFyYj8+sCz2E3meor/5qSQqUVW8CVeYPYD/+8TYX59iBo/8kfl++HukqnS0MtDQP/v2vLt1LnVyn1FKE8cE5sXuZD/pjw2eMq6p9xYj2Tg7pjShrIfMSsy9ABm5C4GEyIXWlZM5yYSrWPJDE6m+gjAo5Yw8uY58DExYujp9UliRLBBiYYFE93RSvZCYAaLq1ZiArssRVqpJOvLuUXtGpMy6jIKqOFa6Ua2Cs+zeBuI1+dYsGNgBuECbi61vPrizukD1bMDZTXZ0WYLi579gQ9/4Yk9/tqjF4D5ReNwx7+dojEPXB+mfy6MAyOMlFSTfajuEYc6pauUUfsOGuDjaJSy6t2IPnOshpt9blh5rV0swJvEXwanlzmfKpkb4ZZkgT+a2hrjsKaYyD41+58J+P0JHOjVaRoeFx7jO83FIZ2jLuOqGUH4cSI32Y8p+ZIRdsuej/KAm54H6/0Nhfas2zlZypVycgwM96c8QmXlfp3BzMFBDWjl8Raanti15LVfU7+FW1kxIcHkz2gs345BBUtzkTpwaZnz3A38uQZpFhwo3VdKhuR5FffaApK3wK/KUskdGTG6M6XY+lFigNkF4&u=U2FsdGVkX18PciDvXLT23jbS9pkXyQcgVkLcEfdiYMo=&y=U2FsdGVkX1+2E6R11jlHEfKa6eyyYJYDb37+VhTJ6WE= HTTP/1.1" 200 208
190.27.57.161 - - [27/Dec/2023:00:03:10 -0500] "POST /sipse/faces/presentacion/financiero/solicitudProceso/consultarSolicitudProceso.xhtml HTTP/1.1" 200 5457
190.27.57.161 - - [27/Dec/2023:00:03:10 -0500] "GET /sipse/faces/javax.faces.resource/dynamiccontent.properties?ln=primefaces&pfdrid=XjOR5%2F%2FfPAZAuY9TpWQeCiM0BhlXxYRBGKi%2FQcXXfeA%3D&pfdrid_c=false HTTP/1.1" 200 117405
156.59.198.136 - - [27/Dec/2023:00:03:11 -0500] "GET /BLA/resoluciones/RESOLUCIONES%202009/2599.pdf HTTP/1.0" 200 255117
186.102.106.40 - - [27/Dec/2023:00:03:10 -0500] "GET /kwssiamovil/sm/cjson/pre?f=1&x=U2FsdGVkX1/2Y+a51RThL1fkEnqWmfwrplj2Tab8sf9Lpud+XcHEMwUxgKK3pCVU HTTP/1.1" 200 31032
201.245.192.253 - - [27/Dec/2023:00:03:30 -0500] "POST /forms/lservlet;jsessionid=ac16012b30d6ac84fb743cb8490d9168fad49a174d06.e3iSbxaKaheRe34Qc38TbN0Nb41ynknvrkLOlQzNp65In0 HTTP/1.1" 200 2
201.245.192.253 - - [27/Dec/2023:00:03:35 -0500] "POST /forms/lservlet;jsessionid=ac16012b30d608a3c74dabe741288258ac4c4de7c868.e3iSbxaKaheRe34Qc38TbN0Nb41ynknvrkLOlQzNp65In0 HTTP/1.1" 200 2
156.59.198.136 - - [27/Dec/2023:00:03:36 -0500] "GET /BLA/resoluciones/Notificaciones/AUTOS%202023/3022.pdf HTTP/1.0" 200 382704
172.22.2.4 - - [27/Dec/2023:00:02:19 -0500] "HEAD /BLA/boletinlegal/ HTTP/1.1" 200 -
156.59.198.135 - - [27/Dec/2023:00:04:00 -0500] "GET /BLA/resoluciones/Notificaciones/AUTOS%202020/4085.pdf HTTP/1.0" 200 420222
156.59.198.136 - - [27/Dec/2023:00:04:25 -0500] "GET /BLA/resoluciones/RESOLUCIONES%202008/1653.pdf HTTP/1.0" 200 277245
156.59.198.135 - - [27/Dec/2023:00:04:50 -0500] "GET /BLA/resoluciones/Notificaciones/AUTOS%202023/0769.pdf HTTP/1.0" 200 556661
172.22.2.4 - - [27/Dec/2023:00:03:10 -0500] "GET /BLA/boletinlegal/ HTTP/1.1" 200 60502
216.245.221.92 - - [27/Dec/2023:00:05:13 -0500] "HEAD / HTTP/1.1" 200 -
156.59.198.136 - - [27/Dec/2023:00:05:14 -0500] "GET /BLA/resoluciones/Notificaciones/AUTOS%202023/1256.pdf HTTP/1.0" 200 383535
201.245.192.253 - - [27/Dec/2023:00:05:30 -0500] "POST /forms/lservlet;jsessionid=ac16012b30d6ac84fb743cb8490d9168fad49a174d06.e3iSbxaKaheRe34Qc38TbN0Nb41ynknvrkLOlQzNp65In0 HTTP/1.1" 200 2
201.245.192.253 - - [27/Dec/2023:00:05:35 -0500] "POST /forms/lservlet;jsessionid=ac16012b30d608a3c74dabe741288258ac4c4de7c868.e3iSbxaKaheRe34Qc38TbN0Nb41ynknvrkLOlQzNp65In0 HTTP/1.1" 200 2
156.59.198.136 - - [27/Dec/2023:00:05:38 -0500] "GET /BLA/resoluciones/Notificaciones/AUTOS%202023/1952.pdf HTTP/1.0" 200 613905
156.59.198.136 - - [27/Dec/2023:00:06:02 -0500] "GET /BLA/resoluciones/Notificaciones/AUTOS%202023/5855.pdf HTTP/1.0" 200 399847
156.59.198.136 - - [27/Dec/2023:00:06:26 -0500] "GET /BLA/resoluciones/RESOLUCIONES%202002/RES%202002%2001-50/RESOLUCION%200044%20DE%202002.pdf HTTP/1.0" 200 3345158
190.60.36.2 - - [27/Dec/2023:00:06:36 -0500] "GET /sipse/faces/index.xhtml HTTP/1.1" 200 677
190.60.36.2 - - [27/Dec/2023:00:06:36 -0500] "GET /sipse/faces/javax.faces.resource/theme.css?ln=primefaces-sipse HTTP/1.1" 304 -
190.60.36.2 - - [27/Dec/2023:00:06:36 -0500] "GET /sipse/faces/faces/autenticacion.xhtml HTTP/1.1" 200 12415
190.60.36.2 - - [27/Dec/2023:00:06:36 -0500] "GET /sipse/faces/javax.faces.resource/theme.css?ln=primefaces-sipse HTTP/1.1" 304 -
190.60.36.2 - - [27/Dec/2023:00:06:36 -0500] "GET /sipse/faces/javax.faces.resource/primefaces.css?ln=primefaces&v=4.0 HTTP/1.1" 304 -
190.60.36.2 - - [27/Dec/2023:00:06:36 -0500] "GET /sipse/faces/javax.faces.resource/jquery/jquery-plugins.js?ln=primefaces&v=4.0 HTTP/1.1" 304 -
190.60.36.2 - - [27/Dec/2023:00:06:36 -0500] "GET /sipse/faces/javax.faces.resource/layout/layout.css?ln=primefaces&v=4.0 HTTP/1.1" 304 -
190.60.36.2 - - [27/Dec/2023:00:06:36 -0500] "GET /sipse/faces/javax.faces.resource/jquery/jquery.js?ln=primefaces&v=4.0 HTTP/1.1" 304 -
190.60.36.2 - - [27/Dec/2023:00:06:36 -0500] "GET /sipse/faces/javax.faces.resource/primefaces.js?ln=primefaces&v=4.0 HTTP/1.1" 304 -
190.60.36.2 - - [27/Dec/2023:00:06:36 -0500] "GET /sipse/faces/javax.faces.resource/layout/layout.js?ln=primefaces&v=4.0 HTTP/1.1" 304 -
190.60.36.2 - - [27/Dec/2023:00:06:36 -0500] "GET /sipse/faces/javax.faces.resource/images/ui-icons_898989_256x240.png?ln=primefaces-aristo HTTP/1.1" 304 -
190.60.36.2 - - [27/Dec/2023:00:06:39 -0500] "POST /sipse/faces/autenticacion.xhtml HTTP/1.1" 200 11439
190.60.36.2 - - [27/Dec/2023:00:06:40 -0500] "GET /sipse/faces/javax.faces.resource/theme.css?ln=primefaces-sipse HTTP/1.1" 304 -
190.60.36.2 - - [27/Dec/2023:00:06:40 -0500] "GET /sipse/faces/javax.faces.resource/layout/layout.css?ln=primefaces&v=4.0 HTTP/1.1" 304 -
190.60.36.2 - - [27/Dec/2023:00:06:40 -0500] "GET /sipse/faces/javax.faces.resource/primefaces.css?ln=primefaces&v=4.0 HTTP/1.1" 304 -
190.60.36.2 - - [27/Dec/2023:00:06:40 -0500] "GET /sipse/faces/javax.faces.resource/jquery/jquery.js?ln=primefaces&v=4.0 HTTP/1.1" 304 -
190.60.36.2 - - [27/Dec/2023:00:06:40 -0500] "GET /sipse/faces/javax.faces.resource/jquery/jquery-plugins.js?ln=primefaces&v=4.0 HTTP/1.1" 304 -
190.60.36.2 - - [27/Dec/2023:00:06:40 -0500] "GET /sipse/faces/javax.faces.resource/primefaces.js?ln=primefaces&v=4.0 HTTP/1.1" 304 -
190.60.36.2 - - [27/Dec/2023:00:06:40 -0500] "GET /sipse/faces/javax.faces.resource/layout/layout.js?ln=primefaces&v=4.0 HTTP/1.1" 304 -
190.60.36.2 - - [27/Dec/2023:00:06:40 -0500] "GET /sipse/faces/javax.faces.resource/messages/messages.png?ln=primefaces&v=4.0 HTTP/1.1" 304 -
190.60.36.2 - - [27/Dec/2023:00:06:45 -0500] "POST /sipse/faces/presentacion/sistema/seguridad/seleccionRol.xhtml HTTP/1.1" 200 16498
190.60.36.2 - - [27/Dec/2023:00:06:45 -0500] "GET /sipse/faces/javax.faces.resource/layout/layout.css?ln=primefaces&v=4.0 HTTP/1.1" 304 -
190.60.36.2 - - [27/Dec/2023:00:06:45 -0500] "GET /sipse/faces/javax.faces.resource/theme.css?ln=primefaces-sipse HTTP/1.1" 304 -
190.60.36.2 - - [27/Dec/2023:00:06:45 -0500] "GET /sipse/faces/javax.faces.resource/primefaces.css?ln=primefaces&v=4.0 HTTP/1.1" 304 -
190.60.36.2 - - [27/Dec/2023:00:06:45 -0500] "GET /sipse/faces/javax.faces.resource/jquery/jquery.js?ln=primefaces&v=4.0 HTTP/1.1" 304 -
190.60.36.2 - - [27/Dec/2023:00:06:45 -0500] "GET /sipse/faces/javax.faces.resource/jquery/jquery-plugins.js?ln=primefaces&v=4.0 HTTP/1.1" 304 -
190.60.36.2 - - [27/Dec/2023:00:06:45 -0500] "GET /sipse/faces/javax.faces.resource/primefaces.js?ln=primefaces&v=4.0 HTTP/1.1" 304 -
190.60.36.2 - - [27/Dec/2023:00:06:45 -0500] "GET /sipse/faces/javax.faces.resource/layout/layout.js?ln=primefaces&v=4.0 HTTP/1.1" 304 -
190.60.36.2 - - [27/Dec/2023:00:06:45 -0500] "GET /sipse/css/imagen/contrasena.png HTTP/1.1" 404 383
190.60.36.2 - - [27/Dec/2023:00:06:47 -0500] "GET /sipse/faces/javax.faces.resource/images/ui-bg_flat_0_2d5972_40x100.png?ln=primefaces-aristo HTTP/1.1" 304 -
190.60.36.2 - - [27/Dec/2023:00:06:47 -0500] "POST /sipse/faces/bienvenido.xhtml HTTP/1.1" 200 1471
190.60.36.2 - - [27/Dec/2023:00:06:48 -0500] "POST /sipse/faces/bienvenido.xhtml HTTP/1.1" 200 62529
190.60.36.2 - - [27/Dec/2023:00:06:49 -0500] "GET /sipse/faces/javax.faces.resource/layout/layout.css?ln=primefaces&v=4.0 HTTP/1.1" 304 -
190.60.36.2 - - [27/Dec/2023:00:06:49 -0500] "GET /sipse/faces/javax.faces.resource/theme.css?ln=primefaces-sipse HTTP/1.1" 304 -
190.60.36.2 - - [27/Dec/2023:00:06:49 -0500] "GET /sipse/faces/javax.faces.resource/primefaces.css?ln=primefaces&v=4.0 HTTP/1.1" 304 -
190.60.36.2 - - [27/Dec/2023:00:06:49 -0500] "GET /sipse/faces/javax.faces.resource/jquery/jquery.js?ln=primefaces&v=4.0 HTTP/1.1" 304 -
190.60.36.2 - - [27/Dec/2023:00:06:49 -0500] "GET /sipse/faces/javax.faces.resource/jquery/jquery-plugins.js?ln=primefaces&v=4.0 HTTP/1.1" 304 -
190.60.36.2 - - [27/Dec/2023:00:06:49 -0500] "GET /sipse/faces/javax.faces.resource/primefaces.js?ln=primefaces&v=4.0 HTTP/1.1" 304 -
190.60.36.2 - - [27/Dec/2023:00:06:49 -0500] "GET /sipse/faces/javax.faces.resource/layout/layout.js?ln=primefaces&v=4.0 HTTP/1.1" 304 -
156.59.198.135 - - [27/Dec/2023:00:06:50 -0500] "GET /BLA/resoluciones/Notificaciones/AUTOS%202023/163.pdf HTTP/1.0" 200 2194005
190.60.36.2 - - [27/Dec/2023:00:06:50 -0500] "POST /sipse/faces/presentacion/financiero/solicitudProceso/listarSolicitudProceso.xhtml HTTP/1.1" 200 1564
201.245.192.253 - - [27/Dec/2023:00:06:57 -0500] "POST /kwsrmcab/Wsrmcab  HTTP/1.1" 200 36330
156.59.198.135 - - [27/Dec/2023:00:07:14 -0500] "GET /BLA/resoluciones/Notificaciones/AUTOS%202023/2347.pdf HTTP/1.0" 200 429177
190.60.36.2 - - [27/Dec/2023:00:07:28 -0500] "POST /sipse/faces/presentacion/financiero/solicitudProceso/listarSolicitudProceso.xhtml HTTP/1.1" 200 3381
201.245.192.253 - - [27/Dec/2023:00:07:30 -0500] "POST /forms/lservlet;jsessionid=ac16012b30d6ac84fb743cb8490d9168fad49a174d06.e3iSbxaKaheRe34Qc38TbN0Nb41ynknvrkLOlQzNp65In0 HTTP/1.1" 200 2
190.60.36.2 - - [27/Dec/2023:00:07:33 -0500] "POST /sipse/faces/presentacion/financiero/solicitudProceso/listarSolicitudProceso.xhtml HTTP/1.1" 200 3385
201.245.192.253 - - [27/Dec/2023:00:07:35 -0500] "POST /forms/lservlet;jsessionid=ac16012b30d608a3c74dabe741288258ac4c4de7c868.e3iSbxaKaheRe34Qc38TbN0Nb41ynknvrkLOlQzNp65In0 HTTP/1.1" 200 2
190.60.36.2 - - [27/Dec/2023:00:07:36 -0500] "POST /sipse/faces/presentacion/financiero/solicitudProceso/listarSolicitudProceso.xhtml HTTP/1.1" 200 3381
156.59.198.135 - - [27/Dec/2023:00:07:39 -0500] "GET /BLA/resoluciones/RESOLUCIONES%202007/RES%202007%203001%20AL%203100/RESOLUCION%20%203007%20_DE%202007.pdf HTTP/1.0" 200 210889
190.60.36.2 - - [27/Dec/2023:00:07:40 -0500] "POST /sipse/faces/presentacion/financiero/solicitudProceso/listarSolicitudProceso.xhtml HTTP/1.1" 200 3385
190.60.36.2 - - [27/Dec/2023:00:07:42 -0500] "POST /sipse/faces/presentacion/financiero/solicitudProceso/listarSolicitudProceso.xhtml HTTP/1.1" 200 33940
190.60.36.2 - - [27/Dec/2023:00:07:53 -0500] "POST /sipse/faces/presentacion/financiero/solicitudProceso/listarSolicitudProceso.xhtml HTTP/1.1" 200 136314
190.60.36.2 - - [27/Dec/2023:00:07:56 -0500] "GET /sipse/faces/javax.faces.resource/theme.css?ln=primefaces-sipse HTTP/1.1" 304 -
190.60.36.2 - - [27/Dec/2023:00:07:56 -0500] "GET /sipse/faces/javax.faces.resource/primefaces.css?ln=primefaces&v=4.0 HTTP/1.1" 304 -
190.60.36.2 - - [27/Dec/2023:00:07:56 -0500] "GET /sipse/faces/javax.faces.resource/layout/layout.css?ln=primefaces&v=4.0 HTTP/1.1" 304 -
190.60.36.2 - - [27/Dec/2023:00:07:56 -0500] "GET /sipse/faces/javax.faces.resource/jquery/jquery.js?ln=primefaces&v=4.0 HTTP/1.1" 304 -
190.60.36.2 - - [27/Dec/2023:00:07:56 -0500] "GET /sipse/faces/javax.faces.resource/jquery/jquery-plugins.js?ln=primefaces&v=4.0 HTTP/1.1" 304 -
190.60.36.2 - - [27/Dec/2023:00:07:56 -0500] "GET /sipse/faces/javax.faces.resource/primefaces.js?ln=primefaces&v=4.0 HTTP/1.1" 304 -
190.60.36.2 - - [27/Dec/2023:00:07:56 -0500] "GET /sipse/faces/javax.faces.resource/layout/layout.js?ln=primefaces&v=4.0 HTTP/1.1" 304 -
190.60.36.2 - - [27/Dec/2023:00:07:56 -0500] "GET /sipse/faces/javax.faces.resource/dynamiccontent.properties?ln=primefaces&pfdrid=XjOR5%2F%2FfPAZAuY9TpWQeCiM0BhlXxYRBGKi%2FQcXXfeA%3D&pfdrid_c=false HTTP/1.1" 500 383
190.60.36.2 - - [27/Dec/2023:00:08:03 -0500] "POST /sipse/faces/presentacion/financiero/solicitudProceso/consultarSolicitudProceso.xhtml HTTP/1.1" 200 215177
156.59.198.136 - - [27/Dec/2023:00:08:04 -0500] "GET /BLA/resoluciones/RESOLUCIONES%202008/2546.pdf HTTP/1.0" 200 320768
190.60.36.2 - - [27/Dec/2023:00:08:18 -0500] "POST /sipse/faces/presentacion/financiero/solicitudProceso/consultarSolicitudProceso.xhtml HTTP/1.1" 200 41674
190.60.36.2 - - [27/Dec/2023:00:08:19 -0500] "GET /sipse/faces/javax.faces.resource/theme.css?ln=primefaces-sipse HTTP/1.1" 304 -
190.60.36.2 - - [27/Dec/2023:00:08:19 -0500] "GET /sipse/faces/javax.faces.resource/primefaces.css?ln=primefaces&v=4.0 HTTP/1.1" 304 -
190.60.36.2 - - [27/Dec/2023:00:08:19 -0500] "GET /sipse/faces/javax.faces.resource/layout/layout.css?ln=primefaces&v=4.0 HTTP/1.1" 304 -
190.60.36.2 - - [27/Dec/2023:00:08:19 -0500] "GET /sipse/faces/javax.faces.resource/jquery/jquery.js?ln=primefaces&v=4.0 HTTP/1.1" 304 -
190.60.36.2 - - [27/Dec/2023:00:08:19 -0500] "GET /sipse/faces/javax.faces.resource/jquery/jquery-plugins.js?ln=primefaces&v=4.0 HTTP/1.1" 304 -
190.60.36.2 - - [27/Dec/2023:00:08:19 -0500] "GET /sipse/faces/javax.faces.resource/primefaces.js?ln=primefaces&v=4.0 HTTP/1.1" 304 -
190.60.36.2 - - [27/Dec/2023:00:08:19 -0500] "GET /sipse/faces/javax.faces.resource/layout/layout.js?ln=primefaces&v=4.0 HTTP/1.1" 304 -
156.59.198.136 - - [27/Dec/2023:00:08:28 -0500] "GET /BLA/resoluciones/RESOLUCIONES%202007/RES%202007%20301%20AL%20400/RESOLUCION%200324%20DE%202007.pdf HTTP/1.0" 200 263490
156.59.198.136 - - [27/Dec/2023:00:08:52 -0500] "GET /BLA/resoluciones/RESOLUCIONES%202009/3439.pdf HTTP/1.0" 200 433298
156.59.198.136 - - [27/Dec/2023:00:09:16 -0500] "GET /BLA/resoluciones/Notificaciones/AUTOS%202023/2897.pdf HTTP/1.0" 200 1687728
201.245.192.253 - - [27/Dec/2023:00:09:30 -0500] "POST /forms/lservlet;jsessionid=ac16012b30d6ac84fb743cb8490d9168fad49a174d06.e3iSbxaKaheRe34Qc38TbN0Nb41ynknvrkLOlQzNp65In0 HTTP/1.1" 200 2
201.245.192.253 - - [27/Dec/2023:00:09:35 -0500] "POST /forms/lservlet;jsessionid=ac16012b30d608a3c74dabe741288258ac4c4de7c868.e3iSbxaKaheRe34Qc38TbN0Nb41ynknvrkLOlQzNp65In0 HTTP/1.1" 200 2
156.59.198.135 - - [27/Dec/2023:00:09:40 -0500] "GET /BLA/resoluciones/Notificaciones/AUTOS%202023/1609.pdf HTTP/1.0" 200 422916
172.22.2.4 - - [27/Dec/2023:00:08:09 -0500] "HEAD /BLA/boletinlegal/ HTTP/1.1" 200 -
156.59.198.136 - - [27/Dec/2023:00:10:05 -0500] "GET /BLA/resoluciones/RESOLUCIONES%202007/RES%202007%201901%20AL%202000/RESOLUCION%201975%20DE%202007.pdf HTTP/1.0" 200 52350
216.245.221.92 - - [27/Dec/2023:00:10:13 -0500] "HEAD / HTTP/1.1" 200 -
190.60.36.2 - - [27/Dec/2023:00:10:19 -0500] "POST /sipse/faces/presentacion/financiero/modificacionContrato/cargarModifiacion.xhtml HTTP/1.1" 200 139462
190.60.36.2 - - [27/Dec/2023:00:10:20 -0500] "GET /sipse/faces/javax.faces.resource/theme.css?ln=primefaces-sipse HTTP/1.1" 304 -
190.60.36.2 - - [27/Dec/2023:00:10:20 -0500] "GET /sipse/faces/javax.faces.resource/primefaces.css?ln=primefaces&v=4.0 HTTP/1.1" 304 -
190.60.36.2 - - [27/Dec/2023:00:10:20 -0500] "GET /sipse/faces/javax.faces.resource/layout/layout.css?ln=primefaces&v=4.0 HTTP/1.1" 304 -
190.60.36.2 - - [27/Dec/2023:00:10:20 -0500] "GET /sipse/faces/javax.faces.resource/jquery/jquery.js?ln=primefaces&v=4.0 HTTP/1.1" 304 -
190.60.36.2 - - [27/Dec/2023:00:10:20 -0500] "GET /sipse/faces/javax.faces.resource/jquery/jquery-plugins.js?ln=primefaces&v=4.0 HTTP/1.1" 304 -
190.60.36.2 - - [27/Dec/2023:00:10:20 -0500] "GET /sipse/faces/javax.faces.resource/primefaces.js?ln=primefaces&v=4.0 HTTP/1.1" 304 -
190.60.36.2 - - [27/Dec/2023:00:10:21 -0500] "GET /sipse/faces/javax.faces.resource/layout/layout.js?ln=primefaces&v=4.0 HTTP/1.1" 304 -
190.60.36.2 - - [27/Dec/2023:00:10:21 -0500] "GET /sipse/faces/javax.faces.resource/dynamiccontent.properties?ln=primefaces&pfdrid=XjOR5%2F%2FfPAZAuY9TpWQeCiM0BhlXxYRBGKi%2FQcXXfeA%3D&pfdrid_c=false HTTP/1.1" 500 383
190.60.36.2 - - [27/Dec/2023:00:10:25 -0500] "POST /sipse/faces/presentacion/financiero/solicitudProceso/consultarSolicitudProceso.xhtml HTTP/1.1" 200 64121
190.60.36.2 - - [27/Dec/2023:00:10:28 -0500] "GET /sipse/faces/javax.faces.resource/theme.css?ln=primefaces-sipse HTTP/1.1" 304 -
190.60.36.2 - - [27/Dec/2023:00:10:28 -0500] "GET /sipse/faces/javax.faces.resource/primefaces.css?ln=primefaces&v=4.0 HTTP/1.1" 304 -
190.60.36.2 - - [27/Dec/2023:00:10:28 -0500] "GET /sipse/faces/javax.faces.resource/layout/layout.css?ln=primefaces&v=4.0 HTTP/1.1" 304 -
190.60.36.2 - - [27/Dec/2023:00:10:28 -0500] "GET /sipse/faces/javax.faces.resource/jquery/jquery.js?ln=primefaces&v=4.0 HTTP/1.1" 304 -
190.60.36.2 - - [27/Dec/2023:00:10:28 -0500] "GET /sipse/faces/javax.faces.resource/jquery/jquery-plugins.js?ln=primefaces&v=4.0 HTTP/1.1" 304 -
190.60.36.2 - - [27/Dec/2023:00:10:28 -0500] "GET /sipse/faces/javax.faces.resource/primefaces.js?ln=primefaces&v=4.0 HTTP/1.1" 304 -
190.60.36.2 - - [27/Dec/2023:00:10:28 -0500] "GET /sipse/faces/javax.faces.resource/layout/layout.js?ln=primefaces&v=4.0 HTTP/1.1" 304 -
190.60.36.2 - - [27/Dec/2023:00:10:28 -0500] "POST /sipse/faces/presentacion/financiero/solicitudProceso/listarSolicitudProceso.xhtml HTTP/1.1" 200 1564
156.59.198.135 - - [27/Dec/2023:00:10:29 -0500] "GET /BLA/resoluciones/RESOLUCIONES%202009/3812.pdf HTTP/1.0" 200 878883
190.60.36.2 - - [27/Dec/2023:00:10:31 -0500] "POST /sipse/faces/presentacion/financiero/solicitudProceso/listarSolicitudProceso.xhtml HTTP/1.1" 200 32193
190.60.36.2 - - [27/Dec/2023:00:10:32 -0500] "POST /sipse/faces/presentacion/financiero/solicitudProceso/listarSolicitudProceso.xhtml HTTP/1.1" 200 45109
190.60.36.2 - - [27/Dec/2023:00:10:32 -0500] "POST /sipse/faces/presentacion/financiero/solicitudProceso/listarSolicitudProceso.xhtml HTTP/1.1" 200 32193
172.22.2.4 - - [27/Dec/2023:00:09:00 -0500] "GET /BLA/boletinlegal/ HTTP/1.1" 200 58567
190.60.36.2 - - [27/Dec/2023:00:10:47 -0500] "POST /sipse/faces/presentacion/financiero/solicitudProceso/listarSolicitudProceso.xhtml HTTP/1.1" 200 34302
190.60.36.2 - - [27/Dec/2023:00:10:50 -0500] "POST /sipse/faces/presentacion/financiero/solicitudProceso/listarSolicitudProceso.xhtml HTTP/1.1" 200 124274
190.60.36.2 - - [27/Dec/2023:00:10:53 -0500] "GET /sipse/faces/javax.faces.resource/theme.css?ln=primefaces-sipse HTTP/1.1" 304 -
190.60.36.2 - - [27/Dec/2023:00:10:53 -0500] "GET /sipse/faces/javax.faces.resource/primefaces.css?ln=primefaces&v=4.0 HTTP/1.1" 304 -
190.60.36.2 - - [27/Dec/2023:00:10:53 -0500] "GET /sipse/faces/javax.faces.resource/layout/layout.css?ln=primefaces&v=4.0 HTTP/1.1" 304 -
190.60.36.2 - - [27/Dec/2023:00:10:53 -0500] "GET /sipse/faces/javax.faces.resource/jquery/jquery.js?ln=primefaces&v=4.0 HTTP/1.1" 304 -
190.60.36.2 - - [27/Dec/2023:00:10:53 -0500] "GET /sipse/faces/javax.faces.resource/jquery/jquery-plugins.js?ln=primefaces&v=4.0 HTTP/1.1" 304 -
190.60.36.2 - - [27/Dec/2023:00:10:53 -0500] "GET /sipse/faces/javax.faces.resource/primefaces.js?ln=primefaces&v=4.0 HTTP/1.1" 304 -
190.60.36.2 - - [27/Dec/2023:00:10:53 -0500] "GET /sipse/faces/javax.faces.resource/layout/layout.js?ln=primefaces&v=4.0 HTTP/1.1" 304 -
156.59.198.136 - - [27/Dec/2023:00:10:53 -0500] "GET /BLA/resoluciones/RESOLUCIONES%202009/4109.pdf HTTP/1.0" 200 326126
190.60.36.2 - - [27/Dec/2023:00:10:53 -0500] "GET /sipse/faces/javax.faces.resource/dynamiccontent.properties?ln=primefaces&pfdrid=XjOR5%2F%2FfPAZAuY9TpWQeCiM0BhlXxYRBGKi%2FQcXXfeA%3D&pfdrid_c=false HTTP/1.1" 500 383
190.60.36.2 - - [27/Dec/2023:00:10:59 -0500] "POST /sipse/faces/presentacion/financiero/solicitudProceso/consultarSolicitudProceso.xhtml HTTP/1.1" 200 139516
186.29.115.132 - - [27/Dec/2023:00:11:00 -0500] "GET /distrito-exalto-a-246-empresas-de-bogota-por-su-alto-desempeno-y-responsabilidad-ambiental-durante-2023.html HTTP/1.1" 200 1039
186.29.115.132 - - [27/Dec/2023:00:11:00 -0500] "GET /favicon.ico HTTP/1.1" 404 1136
190.60.36.2 - - [27/Dec/2023:00:11:07 -0500] "POST /sipse/faces/presentacion/financiero/solicitudProceso/consultarSolicitudProceso.xhtml HTTP/1.1" 200 43275
190.60.36.2 - - [27/Dec/2023:00:11:07 -0500] "GET /sipse/faces/javax.faces.resource/theme.css?ln=primefaces-sipse HTTP/1.1" 304 -
190.60.36.2 - - [27/Dec/2023:00:11:07 -0500] "GET /sipse/faces/javax.faces.resource/primefaces.css?ln=primefaces&v=4.0 HTTP/1.1" 304 -
190.60.36.2 - - [27/Dec/2023:00:11:07 -0500] "GET /sipse/faces/javax.faces.resource/jquery/jquery.js?ln=primefaces&v=4.0 HTTP/1.1" 304 -
190.60.36.2 - - [27/Dec/2023:00:11:07 -0500] "GET /sipse/faces/javax.faces.resource/layout/layout.css?ln=primefaces&v=4.0 HTTP/1.1" 304 -
190.60.36.2 - - [27/Dec/2023:00:11:07 -0500] "GET /sipse/faces/javax.faces.resource/jquery/jquery-plugins.js?ln=primefaces&v=4.0 HTTP/1.1" 304 -
190.60.36.2 - - [27/Dec/2023:00:11:07 -0500] "GET /sipse/faces/javax.faces.resource/primefaces.js?ln=primefaces&v=4.0 HTTP/1.1" 304 -
190.60.36.2 - - [27/Dec/2023:00:11:07 -0500] "GET /sipse/faces/javax.faces.resource/layout/layout.js?ln=primefaces&v=4.0 HTTP/1.1" 304 -
156.59.198.136 - - [27/Dec/2023:00:11:18 -0500] "GET /BLA/resoluciones/RESOLUCIONES%202009/3184.pdf HTTP/1.0" 200 663569
201.245.192.253 - - [27/Dec/2023:00:11:30 -0500] "POST /forms/lservlet;jsessionid=ac16012b30d6ac84fb743cb8490d9168fad49a174d06.e3iSbxaKaheRe34Qc38TbN0Nb41ynknvrkLOlQzNp65In0 HTTP/1.1" 200 2
201.245.192.253 - - [27/Dec/2023:00:11:35 -0500] "POST /forms/lservlet;jsessionid=ac16012b30d608a3c74dabe741288258ac4c4de7c868.e3iSbxaKaheRe34Qc38TbN0Nb41ynknvrkLOlQzNp65In0 HTTP/1.1" 200 2
156.59.198.136 - - [27/Dec/2023:00:11:41 -0500] "GET /BLA/resoluciones/RESOLUCIONES%202009/2919.pdf HTTP/1.0" 200 1040234
201.245.192.253 - - [27/Dec/2023:00:11:56 -0500] "POST /kwsrmcab/Wsrmcab  HTTP/1.1" 200 36330
156.59.198.135 - - [27/Dec/2023:00:12:06 -0500] "GET /BLA/resoluciones/RESOLUCIONES%202009/3746.pdf HTTP/1.0" 200 580617
156.59.198.135 - - [27/Dec/2023:00:12:30 -0500] "GET /BLA/resoluciones/RESOLUCIONES%202009/2502.pdf HTTP/1.0" 200 396183
156.59.198.136 - - [27/Dec/2023:00:12:55 -0500] "GET /BLA/resoluciones/RESOLUCIONES%202009/2943.pdf HTTP/1.0" 200 534489
156.59.198.136 - - [27/Dec/2023:00:13:19 -0500] "GET /BLA/resoluciones/Notificaciones/AUTOS%202020/4064.pdf HTTP/1.0" 200 339202
201.245.192.253 - - [27/Dec/2023:00:13:30 -0500] "POST /forms/lservlet;jsessionid=ac16012b30d6ac84fb743cb8490d9168fad49a174d06.e3iSbxaKaheRe34Qc38TbN0Nb41ynknvrkLOlQzNp65In0 HTTP/1.1" 200 2
201.245.192.253 - - [27/Dec/2023:00:13:35 -0500] "POST /forms/lservlet;jsessionid=ac16012b30d608a3c74dabe741288258ac4c4de7c868.e3iSbxaKaheRe34Qc38TbN0Nb41ynknvrkLOlQzNp65In0 HTTP/1.1" 200 2
190.60.36.2 - - [27/Dec/2023:00:13:40 -0500] "POST /sipse/faces/presentacion/financiero/modificacionContrato/cargarModifiacion.xhtml HTTP/1.1" 200 127422
190.60.36.2 - - [27/Dec/2023:00:13:41 -0500] "GET /sipse/faces/javax.faces.resource/theme.css?ln=primefaces-sipse HTTP/1.1" 304 -
190.60.36.2 - - [27/Dec/2023:00:13:41 -0500] "GET /sipse/faces/javax.faces.resource/primefaces.css?ln=primefaces&v=4.0 HTTP/1.1" 304 -
190.60.36.2 - - [27/Dec/2023:00:13:41 -0500] "GET /sipse/faces/javax.faces.resource/layout/layout.css?ln=primefaces&v=4.0 HTTP/1.1" 304 -
190.60.36.2 - - [27/Dec/2023:00:13:41 -0500] "GET /sipse/faces/javax.faces.resource/jquery/jquery.js?ln=primefaces&v=4.0 HTTP/1.1" 304 -
190.60.36.2 - - [27/Dec/2023:00:13:41 -0500] "GET /sipse/faces/javax.faces.resource/jquery/jquery-plugins.js?ln=primefaces&v=4.0 HTTP/1.1" 304 -
190.60.36.2 - - [27/Dec/2023:00:13:42 -0500] "GET /sipse/faces/javax.faces.resource/primefaces.js?ln=primefaces&v=4.0 HTTP/1.1" 304 -
190.60.36.2 - - [27/Dec/2023:00:13:42 -0500] "GET /sipse/faces/javax.faces.resource/layout/layout.js?ln=primefaces&v=4.0 HTTP/1.1" 304 -
190.60.36.2 - - [27/Dec/2023:00:13:42 -0500] "GET /sipse/faces/javax.faces.resource/dynamiccontent.properties?ln=primefaces&pfdrid=XjOR5%2F%2FfPAZAuY9TpWQeCiM0BhlXxYRBGKi%2FQcXXfeA%3D&pfdrid_c=false HTTP/1.1" 500 383
156.59.198.136 - - [27/Dec/2023:00:13:42 -0500] "GET /BLA/resoluciones/RESOLUCIONES%202009/2143.pdf HTTP/1.0" 200 477471
20.15.133.185 - - [27/Dec/2023:00:13:43 -0500] "GET /BLA/resoluciones/AUTOS%202023/4877.pdf HTTP/1.1" 200 1211310
190.60.36.2 - - [27/Dec/2023:00:13:46 -0500] "POST /sipse/faces/presentacion/financiero/solicitudProceso/consultarSolicitudProceso.xhtml HTTP/1.1" 200 64503
190.60.36.2 - - [27/Dec/2023:00:13:49 -0500] "GET /sipse/faces/javax.faces.resource/theme.css?ln=primefaces-sipse HTTP/1.1" 304 -
190.60.36.2 - - [27/Dec/2023:00:13:49 -0500] "GET /sipse/faces/javax.faces.resource/primefaces.css?ln=primefaces&v=4.0 HTTP/1.1" 304 -
190.60.36.2 - - [27/Dec/2023:00:13:49 -0500] "GET /sipse/faces/javax.faces.resource/layout/layout.css?ln=primefaces&v=4.0 HTTP/1.1" 304 -
190.60.36.2 - - [27/Dec/2023:00:13:49 -0500] "GET /sipse/faces/javax.faces.resource/jquery/jquery.js?ln=primefaces&v=4.0 HTTP/1.1" 304 -
190.60.36.2 - - [27/Dec/2023:00:13:49 -0500] "GET /sipse/faces/javax.faces.resource/jquery/jquery-plugins.js?ln=primefaces&v=4.0 HTTP/1.1" 304 -
190.60.36.2 - - [27/Dec/2023:00:13:49 -0500] "GET /sipse/faces/javax.faces.resource/primefaces.js?ln=primefaces&v=4.0 HTTP/1.1" 304 -
190.60.36.2 - - [27/Dec/2023:00:13:49 -0500] "GET /sipse/faces/javax.faces.resource/layout/layout.js?ln=primefaces&v=4.0 HTTP/1.1" 304 -
190.60.36.2 - - [27/Dec/2023:00:13:49 -0500] "POST /sipse/faces/presentacion/financiero/solicitudProceso/listarSolicitudProceso.xhtml HTTP/1.1" 200 1564
190.60.36.2 - - [27/Dec/2023:00:13:52 -0500] "POST /sipse/faces/presentacion/financiero/solicitudProceso/listarSolicitudProceso.xhtml HTTP/1.1" 200 32177
190.60.36.2 - - [27/Dec/2023:00:13:52 -0500] "POST /sipse/faces/presentacion/financiero/solicitudProceso/listarSolicitudProceso.xhtml HTTP/1.1" 200 45093
190.60.36.2 - - [27/Dec/2023:00:13:53 -0500] "POST /sipse/faces/presentacion/financiero/solicitudProceso/listarSolicitudProceso.xhtml HTTP/1.1" 200 32173
191.95.52.245 - - [27/Dec/2023:00:13:56 -0500] "GET /distrito-exalto-a-246-empresas-de-bogota-por-su-alto-desempeno-y-responsabilidad-ambiental-durante-2023.html HTTP/1.1" 200 1039
156.59.198.135 - - [27/Dec/2023:00:14:08 -0500] "GET /BLA/resoluciones/RESOLUCIONES%202009/2582.pdf HTTP/1.0" 200 421775
190.60.36.2 - - [27/Dec/2023:00:14:16 -0500] "POST /sipse/faces/presentacion/financiero/solicitudProceso/listarSolicitudProceso.xhtml HTTP/1.1" 200 34348
190.60.36.2 - - [27/Dec/2023:00:14:20 -0500] "POST /sipse/faces/presentacion/financiero/solicitudProceso/listarSolicitudProceso.xhtml HTTP/1.1" 200 24987
156.59.198.136 - - [27/Dec/2023:00:14:32 -0500] "GET /BLA/resoluciones/RESOLUCIONES%202009/2282.pdf HTTP/1.0" 200 379908
207.46.13.17 - - [27/Dec/2023:00:14:39 -0500] "GET /bogota-fashion-week-una-ventana-para-la-sostenibilidad-en-bogota.html HTTP/1.1" 200 754
156.59.198.135 - - [27/Dec/2023:00:14:56 -0500] "GET /BLA/resoluciones/RESOLUCIONES%202009/2819.pdf HTTP/1.0" 200 307123
216.245.221.92 - - [27/Dec/2023:00:15:13 -0500] "HEAD / HTTP/1.1" 200 -
156.59.198.136 - - [27/Dec/2023:00:15:20 -0500] "GET /BLA/resoluciones/RESOLUCIONES%202009/4266.pdf HTTP/1.0" 200 499643
201.245.192.253 - - [27/Dec/2023:00:15:30 -0500] "POST /forms/lservlet;jsessionid=ac16012b30d6ac84fb743cb8490d9168fad49a174d06.e3iSbxaKaheRe34Qc38TbN0Nb41ynknvrkLOlQzNp65In0 HTTP/1.1" 200 2
201.245.192.253 - - [27/Dec/2023:00:15:35 -0500] "POST /forms/lservlet;jsessionid=ac16012b30d608a3c74dabe741288258ac4c4de7c868.e3iSbxaKaheRe34Qc38TbN0Nb41ynknvrkLOlQzNp65In0 HTTP/1.1" 200 2
172.22.2.4 - - [27/Dec/2023:00:13:59 -0500] "HEAD /BLA/boletinlegal/ HTTP/1.1" 200 -
17.241.75.45 - - [27/Dec/2023:00:15:41 -0500] "GET /jardin-botanico-lanza-antologia-de-cronicas-de-huerteras-y-huerteros-de-bogota.html HTTP/1.1" 200 821
156.59.198.135 - - [27/Dec/2023:00:15:44 -0500] "GET /BLA/resoluciones/Notificaciones/AUTOS%202023/3665.pdf HTTP/1.0" 200 384788
201.245.192.253 - - [27/Dec/2023:00:16:04 -0500] "POST /kwsrmcab/Wsrmcab HTTP/1.1" 200 36797
156.59.198.135 - - [27/Dec/2023:00:16:08 -0500] "GET /BLA/resoluciones/RESOLUCIONES%202007/RES%202007%203301%20AL%203400/RESOLUCION%203321%20DE%202007.pdf HTTP/1.0" 200 679391
201.245.192.253 - - [27/Dec/2023:00:16:07 -0500] "POST /kwsrmcab/Wsrmcab HTTP/1.1" 200 36805
172.22.2.4 - - [27/Dec/2023:00:14:50 -0500] "GET /BLA/boletinlegal/ HTTP/1.1" 200 58567
156.59.198.135 - - [27/Dec/2023:00:16:33 -0500] "GET /BLA/resoluciones/RESOLUCIONES%202009/3249.pdf HTTP/1.0" 200 681448
156.59.198.135 - - [27/Dec/2023:00:16:56 -0500] "GET /BLA/resoluciones/RESOLUCIONES%202008/2662.pdf HTTP/1.0" 200 278297
201.245.192.253 - - [27/Dec/2023:00:16:55 -0500] "POST /kwsrmcab/Wsrmcab  HTTP/1.1" 200 36330
156.59.198.136 - - [27/Dec/2023:00:17:21 -0500] "GET /BLA/resoluciones/Notificaciones/AUTOS%202020/3033.pdf HTTP/1.0" 200 300617
201.245.192.253 - - [27/Dec/2023:00:17:30 -0500] "POST /forms/lservlet;jsessionid=ac16012b30d6ac84fb743cb8490d9168fad49a174d06.e3iSbxaKaheRe34Qc38TbN0Nb41ynknvrkLOlQzNp65In0 HTTP/1.1" 200 2
201.245.192.253 - - [27/Dec/2023:00:17:35 -0500] "POST /forms/lservlet;jsessionid=ac16012b30d608a3c74dabe741288258ac4c4de7c868.e3iSbxaKaheRe34Qc38TbN0Nb41ynknvrkLOlQzNp65In0 HTTP/1.1" 200 2
156.59.198.136 - - [27/Dec/2023:00:17:45 -0500] "GET /BLA/resoluciones/RESOLUCIONES%202008/3510.pdf HTTP/1.0" 200 387013
156.59.198.135 - - [27/Dec/2023:00:18:10 -0500] "GET /BLA/resoluciones/RESOLUCIONES%202009/3992.pdf HTTP/1.0" 200 669375
156.59.198.136 - - [27/Dec/2023:00:18:34 -0500] "GET /BLA/resoluciones/RESOLUCIONES%202007/RES%202007%203301%20AL%203400/RESOLUCION%203320%20DE%202007.pdf HTTP/1.0" 200 825836
156.59.198.136 - - [27/Dec/2023:00:18:59 -0500] "GET /BLA/resoluciones/RESOLUCIONES%202009/2635.pdf HTTP/1.0" 200 1227140
156.59.198.136 - - [27/Dec/2023:00:19:24 -0500] "GET /BLA/resoluciones/RESOLUCIONES%202009/2606.pdf HTTP/1.0" 200 416933
201.245.192.253 - - [27/Dec/2023:00:19:30 -0500] "POST /forms/lservlet;jsessionid=ac16012b30d6ac84fb743cb8490d9168fad49a174d06.e3iSbxaKaheRe34Qc38TbN0Nb41ynknvrkLOlQzNp65In0 HTTP/1.1" 200 2
201.245.192.253 - - [27/Dec/2023:00:19:35 -0500] "POST /forms/lservlet;jsessionid=ac16012b30d608a3c74dabe741288258ac4c4de7c868.e3iSbxaKaheRe34Qc38TbN0Nb41ynknvrkLOlQzNp65In0 HTTP/1.1" 200 2
156.59.198.136 - - [27/Dec/2023:00:19:48 -0500] "GET /BLA/resoluciones/RESOLUCIONES%202008/2385.pdf HTTP/1.0" 200 340259
201.245.192.253 - - [27/Dec/2023:00:20:06 -0500] "POST /kwsrmcab/Wsrmcab HTTP/1.1" 200 36797
156.59.198.136 - - [27/Dec/2023:00:20:12 -0500] "GET /BLA/resoluciones/RESOLUCIONES%202008/2768.pdf HTTP/1.0" 200 445481
216.245.221.92 - - [27/Dec/2023:00:20:13 -0500] "HEAD / HTTP/1.1" 200 -
201.245.192.253 - - [27/Dec/2023:00:20:11 -0500] "POST /kwsrmcab/Wsrmcab HTTP/1.1" 200 36805
156.59.198.136 - - [27/Dec/2023:00:20:37 -0500] "GET /BLA/resoluciones/Notificaciones/AUTOS%202020/04105.pdf HTTP/1.0" 200 347203
185.189.182.234 - - [27/Dec/2023:00:20:56 -0500] "GET / HTTP/1.1" 400 946
156.59.198.135 - - [27/Dec/2023:00:21:00 -0500] "GET /BLA/resoluciones/Notificaciones/AUTOS%202020/4680.pdf HTTP/1.0" 200 392166
156.59.198.136 - - [27/Dec/2023:00:21:25 -0500] "GET /BLA/resoluciones/RESOLUCIONES%202009/3147.pdf HTTP/1.0" 200 480043
172.22.2.4 - - [27/Dec/2023:00:19:49 -0500] "HEAD /BLA/boletinlegal/ HTTP/1.1" 200 -
201.245.192.253 - - [27/Dec/2023:00:21:30 -0500] "POST /forms/lservlet;jsessionid=ac16012b30d6ac84fb743cb8490d9168fad49a174d06.e3iSbxaKaheRe34Qc38TbN0Nb41ynknvrkLOlQzNp65In0 HTTP/1.1" 200 2
201.245.192.253 - - [27/Dec/2023:00:21:35 -0500] "POST /forms/lservlet;jsessionid=ac16012b30d608a3c74dabe741288258ac4c4de7c868.e3iSbxaKaheRe34Qc38TbN0Nb41ynknvrkLOlQzNp65In0 HTTP/1.1" 200 2
156.59.198.135 - - [27/Dec/2023:00:21:50 -0500] "GET /BLA/resoluciones/RESOLUCIONES%202009/4211.pdf HTTP/1.0" 200 1052701
201.245.192.253 - - [27/Dec/2023:00:21:54 -0500] "POST /kwsrmcab/Wsrmcab  HTTP/1.1" 200 36330
156.59.198.136 - - [27/Dec/2023:00:22:14 -0500] "GET /BLA/resoluciones/Notificaciones/AUTOS%202023/05418.pdf HTTP/1.0" 200 344195
172.22.2.4 - - [27/Dec/2023:00:20:40 -0500] "GET /BLA/boletinlegal/ HTTP/1.1" 200 58567
156.59.198.135 - - [27/Dec/2023:00:22:38 -0500] "GET /BLA/resoluciones/RESOLUCIONES%202009/2967.pdf HTTP/1.0" 200 601202
173.252.107.118 - - [27/Dec/2023:00:23:01 -0500] "GET /dia-mundial-del-agua-2023-programate-para-participar-en-estas-actividades-de-educacion-ambiental.html HTTP/1.1" 200 903
156.59.198.136 - - [27/Dec/2023:00:23:03 -0500] "GET /BLA/resoluciones/RESOLUCIONES%202009/3701.pdf HTTP/1.0" 200 52244
156.59.198.135 - - [27/Dec/2023:00:23:27 -0500] "GET /BLA/resoluciones/RESOLUCIONES%202008/2281.pdf HTTP/1.0" 200 516211
201.245.192.253 - - [27/Dec/2023:00:23:30 -0500] "POST /forms/lservlet;jsessionid=ac16012b30d6ac84fb743cb8490d9168fad49a174d06.e3iSbxaKaheRe34Qc38TbN0Nb41ynknvrkLOlQzNp65In0 HTTP/1.1" 200 2
201.245.192.253 - - [27/Dec/2023:00:23:35 -0500] "POST /forms/lservlet;jsessionid=ac16012b30d608a3c74dabe741288258ac4c4de7c868.e3iSbxaKaheRe34Qc38TbN0Nb41ynknvrkLOlQzNp65In0 HTTP/1.1" 200 2
156.59.198.135 - - [27/Dec/2023:00:23:52 -0500] "GET /BLA/resoluciones/RESOLUCIONES%202008/1598.pdf HTTP/1.0" 200 285687
156.59.198.136 - - [27/Dec/2023:00:24:15 -0500] "GET /BLA/resoluciones/RESOLUCIONES%202009/3679.pdf HTTP/1.0" 200 51736
156.59.198.135 - - [27/Dec/2023:00:24:40 -0500] "GET /BLA/resoluciones/RESOLUCIONES%202008/1162.pdf HTTP/1.0" 200 360837
156.59.198.135 - - [27/Dec/2023:00:25:04 -0500] "GET /BLA/resoluciones/Notificaciones/AUTOS%202023/3573.pdf HTTP/1.0" 200 415697
216.245.221.92 - - [27/Dec/2023:00:25:13 -0500] "HEAD / HTTP/1.1" 200 -
156.59.198.136 - - [27/Dec/2023:00:25:29 -0500] "GET /BLA/resoluciones/RESOLUCIONES%202008/2867.pdf HTTP/1.0" 200 345995
201.245.192.253 - - [27/Dec/2023:00:25:30 -0500] "POST /forms/lservlet;jsessionid=ac16012b30d6ac84fb743cb8490d9168fad49a174d06.e3iSbxaKaheRe34Qc38TbN0Nb41ynknvrkLOlQzNp65In0 HTTP/1.1" 200 2
201.245.192.253 - - [27/Dec/2023:00:25:35 -0500] "POST /forms/lservlet;jsessionid=ac16012b30d608a3c74dabe741288258ac4c4de7c868.e3iSbxaKaheRe34Qc38TbN0Nb41ynknvrkLOlQzNp65In0 HTTP/1.1" 200 2
156.59.198.135 - - [27/Dec/2023:00:25:53 -0500] "GET /BLA/resoluciones/RESOLUCIONES%202007/RES%202007%201601%20AL%201725/RESOLUCION%201603%20DE%202007.pdf HTTP/1.0" 200 339756
201.245.192.253 - - [27/Dec/2023:00:26:03 -0500] "POST /kwsrmcab/Wsrmcab HTTP/1.1" 200 36797
201.245.192.253 - - [27/Dec/2023:00:26:06 -0500] "POST /kwsrmcab/Wsrmcab HTTP/1.1" 200 36805
156.59.198.136 - - [27/Dec/2023:00:26:17 -0500] "GET /BLA/resoluciones/RESOLUCIONES%202009/3737.pdf HTTP/1.0" 200 620983
156.59.198.136 - - [27/Dec/2023:00:26:43 -0500] "GET /BLA/resoluciones/Notificaciones/AUTOS%202020/2926.pdf HTTP/1.0" 200 361435
201.245.192.253 - - [27/Dec/2023:00:26:52 -0500] "POST /kwsrmcab/Wsrmcab  HTTP/1.1" 200 36330
156.59.198.136 - - [27/Dec/2023:00:27:07 -0500] "GET /BLA/resoluciones/RESOLUCIONES%202009/4264.pdf HTTP/1.0" 200 827906
172.22.2.4 - - [27/Dec/2023:00:25:39 -0500] "HEAD /BLA/boletinlegal/ HTTP/1.1" 200 -
201.245.192.253 - - [27/Dec/2023:00:27:30 -0500] "POST /forms/lservlet;jsessionid=ac16012b30d6ac84fb743cb8490d9168fad49a174d06.e3iSbxaKaheRe34Qc38TbN0Nb41ynknvrkLOlQzNp65In0 HTTP/1.1" 200 2
156.59.198.136 - - [27/Dec/2023:00:27:31 -0500] "GET /BLA/resoluciones/RESOLUCIONES%202009/3621.pdf HTTP/1.0" 200 305628
201.245.192.253 - - [27/Dec/2023:00:27:35 -0500] "POST /forms/lservlet;jsessionid=ac16012b30d608a3c74dabe741288258ac4c4de7c868.e3iSbxaKaheRe34Qc38TbN0Nb41ynknvrkLOlQzNp65In0 HTTP/1.1" 200 2
156.59.198.135 - - [27/Dec/2023:00:27:56 -0500] "GET /BLA/resoluciones/RESOLUCIONES%202009/2168.pdf HTTP/1.0" 200 831907
172.22.2.4 - - [27/Dec/2023:00:26:30 -0500] "GET /BLA/boletinlegal/ HTTP/1.1" 200 58567
66.249.66.19 - - [27/Dec/2023:00:28:12 -0500] "GET /BLA/resoluciones/RESOLUCIONES%202008/2153.pdf HTTP/1.1" 200 293384
156.59.198.136 - - [27/Dec/2023:00:28:19 -0500] "GET /BLA/resoluciones/RESOLUCIONES%202009/3150.pdf HTTP/1.0" 200 478313
152.202.85.222 - - [27/Dec/2023:00:28:23 -0500] "GET /kwssiamovil/sm/ldap/au?x=U2FsdGVkX1+Y9Xsd+R/CH2mWI8m62XF5Lhnyi9G5E97dRuDvmdOb5DxPqm6018lodotFGgZiXqa9VMjdwdD/PA==&y=U2FsdGVkX182q0XaBocPgOZJ952GKrrvKSlPFDRGhfn04GyxmP1hfvKTcx7Qeaoa HTTP/1.1" 200 30
152.202.85.222 - - [27/Dec/2023:00:28:23 -0500] "GET /kwssiamovil/sm/acme/s?s=U2FsdGVkX182bPSPfU698Va6aFqAQT0QIcO8ZD/MxABfGrwhklXn3NNc2Wamy6wwtDVeRr+neEjwfj+o3d5xQdADLzx3nYdSHkb46liy4gM=&u=U2FsdGVkX18+SULXqQeFWlw+zoFR0qmOcyF2r5y6I29WO1AcJ4o/b3cPky+Btwn3&y=U2FsdGVkX182q0XaBocPgOZJ952GKrrvKSlPFDRGhfn04GyxmP1hfvKTcx7Qeaoa HTTP/1.1" 200 97
152.202.85.222 - - [27/Dec/2023:00:28:23 -0500] "GET /kwssiamovil/sm/acme/s?s=U2FsdGVkX1/dc/131BR8mplGh/dsEL7CQcVVonR/E2mz6ZeRnkv+ToGMwJzcxI7ix9povfC1sfaDK9OX70KjdLCYW71RjbwM+S6Kx0mfyooUxgkFLL3Tl/o9FRXvSmsVxRz7diK/r+/IaJVkplRXygHYw7fkTuWQ31cwtyn9Yp4Vq9SAHo43pk7zSvY70fwm5jJGBYA1uXOhA8S24UhQNAKM6bViiQzgWiG78aVDzFNlRi7bW4wOzKd0y/3fPRKOAnodQ0fQ7nN1v43z2SYPcrpzShn+rtGcJxVHYmKzgwoEdmgjX4cfMCk9ifQ2aNI9XP41020Od9X1DohgO2eMuG8zt1+JVgv9KexutLXhEOW1jYSBd0Fk7Y5HwxVIaOoYAUumIGRsfvXH5QkSQ2CDp5uLKvLZWoZgyKgZPgbSX7pn47P76tqzjqmM35MY17IR3YI1t3cXSUYFijF1vt0uWWUBP1LxHW7tTTuUu0v5zpzwMiH5DNB5Ue8JYSp3qJ9SpNYGnDmZzK+n8I3QoZG6QXmIFsdLXRx8J7ZjTl+FHUbtOPE1+V/Evn331MLmN6kWjo+Essv37sGGZUlBRU941OHu+7GMy+VL90bU0NL3E2DFq2IORSfMxf6e7kKSfniKe22T9LtauN9eVGkEgJ38hDqgShNEn4aeg32m3VEbyh+NZf3WyLDcZFHRms74Tz0QzwMYz5jOdgQkeMamoBjjmFVqlz3IBxqwA45mXOYWmaD6PUY0aIa39kNoUttLzH9LoUxjjrrXY6t7fF+kY0GR8EtGKHixwaC3r++DDucMEeQmKZ6DqOUFujrcn0/hxsolbwv7kOMutAglOS0zEzwuOrP2l6St+c78KTOlkafMFUVghy3vgM0uuePK7otXSAlC0pV3H/v+eMPZ5GcJuGRTpmaiPyq3FeIx6Zd1e38zEdXFs+BxGJfF8oMFbHnBgYr7PPYEUfJIHQtVi4OU+PkHrCJcZTjNeBymacwJgQLKqqapg0wmTQjj/1rA1TduI+OQiZfs6WKBrrJBokCjrmo4euN/Ujj2+wiS2XrjEJhyYD0G7IsUW6XyFrmUkx+ILAgLBsVMZ3zDB/zIJJQPSXcO91tWG7iI2ubXvYnvUqXGwg0JeZve9ude/Fmkx3RLRTX3/zkyv8vxkjD02qm1oCxgLUziDy1tqh87p9WeKSRiVl3pUQduTMOFVjurh3Z0WMs9baogrppzAvRtPBkMiYDmVVP4LPYZZjGaXJKtXlqXaa66M6EHCb+sf5jN8dv7GLRHWIsIUptyO/QGqvUWLENaL57NGl3yxkVwEmTcQadvINYhJLiO1u45A4TYM84y5HHWIFcQJbeDde5Urnrf0eE8IBMokHJxA4tu24Z1bv3Y2GBU84GMwOwImAUt1utYcBMlwm5+eM5P8VyeTbEB1oM0ypeVW+6yph0uG4bPTafhmmD6MvG20P6QQq/6D3tuSmeugJ21xv5xLyq9i5iEVPG26G0P3nHYeG9cU4jiaPd/DNsp7fXkI+xQRUDb0oIT2In6H8tQ9a99S7VflLn6b6miA0pEJNdD9whdPy3ygi0YYTpEbUsZltW2rZRmf6rKfGf29Q6CNRYgbDGdGbYYdrg3xzePNylyV/Jd/gGkhVJ3wTaHW8gKIxeuRV66hvCyk4+LLfNip/CZPCmTn1GBr6HTaSVIDgBIX7xqQtmZEsy97NhM7k21awJ7C1OqJp+heyHH8WPfCe6M7xuKesPCHLhL6TxDZR0ZM4DgtGg+JMIByqdl0qIH7iHfJd8o+fWKXP1X&u=U2FsdGVkX18+SULXqQeFWlw+zoFR0qmOcyF2r5y6I29WO1AcJ4o/b3cPky+Btwn3&y=U2FsdGVkX182q0XaBocPgOZJ952GKrrvKSlPFDRGhfn04GyxmP1hfvKTcx7Qeaoa HTTP/1.1" 200 1716
152.202.85.222 - - [27/Dec/2023:00:28:23 -0500] "GET /kwssiamovil/sm/acme/s?s=U2FsdGVkX195cG+e/Y2MIYk5HzqUSEqzIHMSOhlpkEzP4F9vdw+Wx1mAqwsKUVoaywCo57eIXp+SIsqb9CcSpizFsJU4p5y9DWA0/k3+7LV9W6uRQpDEAGKiJwcv0Xtzd3qGlQjkEuKAH0usPcLcAlo9BAwyFOOQXuOUSj5K+sN1X5CAJPhrMBPAcn7/okHiHUXRjt5V/9Sc/qo7OcBOSfDr9S9EhsYec8i0QbOOnJBcfZtJE8qSYGL9BLTPiw7j7+jNrIOazaEgLqK6TP/u2yuF9GP8ushNxXGqgSXa30PecjfrtOzfr5ELyHMNPRlb3Q8a9Jw3fS9GVcIyENkEdzqyGjaTgcHIZW2+HyIJFAmcfeX/BrIqbUDovGSx4irc/XXKJNvBjcSzzIRFk95De+FDDHNwaTVJMe0sTLI/xSVtCItsWEK/8YuFe6B9AJlc4yPPSPTclqTIoYtlE7VfEB34eiB6tvp3EQ8BdUbMIdJn0qj1N1VwKqZmBEruDBqhi+1NcVwZuuAOcegAulkceQG5FBQD8izTRUPhoIC3hKz5GPWVMwir7CsrBEFe/FIqhRWFF3cl4Abl8COHBKweTMqfI/netXa8Le6kkEw51VyWNojd93fef8bUegtp+3kaxIm1/z55Pok/Hx/89N4LToHS3WOC+6+UK/oe4+vE749Qhqrq4cc5tLoq2N3d5/ZDNCl9TxN5id9GY/12NH56EP718Xref8rpphp8ere2NSdIAv0HwEfSw0tJtdfdQdnb&u=U2FsdGVkX18+SULXqQeFWlw+zoFR0qmOcyF2r5y6I29WO1AcJ4o/b3cPky+Btwn3&y=U2FsdGVkX182q0XaBocPgOZJ952GKrrvKSlPFDRGhfn04GyxmP1hfvKTcx7Qeaoa HTTP/1.1" 200 208
152.202.85.222 - - [27/Dec/2023:00:28:23 -0500] "GET /kwssiamovil/sm/cjson/pre?f=1&x=U2FsdGVkX1+Y9Xsd+R/CH2mWI8m62XF5Lhnyi9G5E97dRuDvmdOb5DxPqm6018lodotFGgZiXqa9VMjdwdD/PA== HTTP/1.1" 200 31032
156.59.198.135 - - [27/Dec/2023:00:28:43 -0500] "GET /BLA/resoluciones/Notificaciones/AUTOS%202020/0402.pdf HTTP/1.0" 200 373082
201.245.192.253 - - [27/Dec/2023:00:28:48 -0500] "POST /kwsrmcab/Wsrmcab HTTP/1.1" 200 36797
201.245.192.253 - - [27/Dec/2023:00:28:53 -0500] "POST /kwsrmcab/Wsrmcab HTTP/1.1" 200 36805
156.59.198.136 - - [27/Dec/2023:00:29:08 -0500] "GET /BLA/resoluciones/Notificaciones/AUTOS%202020/4882.pdf HTTP/1.0" 200 345238
201.245.192.253 - - [27/Dec/2023:00:29:30 -0500] "POST /forms/lservlet;jsessionid=ac16012b30d6ac84fb743cb8490d9168fad49a174d06.e3iSbxaKaheRe34Qc38TbN0Nb41ynknvrkLOlQzNp65In0 HTTP/1.1" 200 2
66.249.66.20 - - [27/Dec/2023:00:29:32 -0500] "GET /BLA/resoluciones/RESOLUCIONES%202009/1584.pdf HTTP/1.1" 200 522515
156.59.198.136 - - [27/Dec/2023:00:29:32 -0500] "GET /BLA/resoluciones/RESOLUCIONES%202007/RES%202007%203001%20AL%203100/RESOLUCION%203025%20DE%202007.pdf HTTP/1.0" 200 1264585
