156.59.198.136 - - [27/Dec/2023:07:12:46 -0500] "GET /BLA/resoluciones/RESOLUCIONES%202008/5119.pdf HTTP/1.0" 200 502149
156.59.198.136 - - [27/Dec/2023:07:13:12 -0500] "GET /BLA/resoluciones/RESOLUCIONES%202009/2840.pdf HTTP/1.0" 200 657380
201.245.192.253 - - [27/Dec/2023:07:13:32 -0500] "POST /forms/lservlet;jsessionid=ac16012b30d6ac84fb743cb8490d9168fad49a174d06.e3iSbxaKaheRe34Qc38TbN0Nb41ynknvrkLOlQzNp65In0 HTTP/1.1" 200 2
201.245.192.253 - - [27/Dec/2023:07:13:36 -0500] "POST /forms/lservlet;jsessionid=ac16012b30d608a3c74dabe741288258ac4c4de7c868.e3iSbxaKaheRe34Qc38TbN0Nb41ynknvrkLOlQzNp65In0 HTTP/1.1" 200 2
156.59.198.135 - - [27/Dec/2023:07:13:36 -0500] "GET /BLA/resoluciones/Notificaciones/AUTOS%202020/4988.pdf HTTP/1.0" 200 363991
181.61.157.160 - - [27/Dec/2023:07:13:36 -0500] "POST /sipse/faces/presentacion/financiero/solicitudProceso/consultarSolicitudProceso.xhtml HTTP/1.1" 200 5465
181.61.157.160 - - [27/Dec/2023:07:13:36 -0500] "GET /sipse/faces/javax.faces.resource/dynamiccontent.properties?ln=primefaces&pfdrid=XjOR5%2F%2FfPAZAuY9TpWQeCiM0BhlXxYRBGKi%2FQcXXfeA%3D&pfdrid_c=false HTTP/1.1" 200 117392
66.249.73.38 - - [27/Dec/2023:07:13:43 -0500] "GET /BLA/resoluciones/RESOLUCIONES%202012/1768.pdf HTTP/1.1" 200 773156
156.59.198.136 - - [27/Dec/2023:07:14:00 -0500] "GET /BLA/resoluciones/Notificaciones/AUTOS%202023/4774.pdf HTTP/1.0" 200 949755
201.245.192.253 - - [27/Dec/2023:07:14:10 -0500] "POST /sipse/faces/presentacion/financiero/solicitudProceso/consultar.xhtml HTTP/1.1" 302 -
201.245.192.253 - - [27/Dec/2023:07:14:10 -0500] "GET /sipse/faces/autenticacion.xhtml HTTP/1.1" 200 1099
181.78.22.198 - - [27/Dec/2023:07:14:18 -0500] "GET /distrito-exalto-a-246-empresas-de-bogota-por-su-alto-desempeno-y-responsabilidad-ambiental-durante-2023.html HTTP/1.1" 200 1039
181.78.22.198 - - [27/Dec/2023:07:14:19 -0500] "GET /distrito-exalto-a-246-empresas-de-bogota-por-su-alto-desempeno-y-responsabilidad-ambiental-durante-2023.html HTTP/1.1" 200 1039
156.59.198.136 - - [27/Dec/2023:07:14:24 -0500] "GET /BLA/resoluciones/Notificaciones/AUTOS%202020/1563.pdf HTTP/1.0" 200 317817
173.252.83.7 - - [27/Dec/2023:07:14:37 -0500] "GET /mis-de-50-aves-silvestres-fueron-recuperadas-en-la-localidad-de-tunjuelito.html HTTP/1.1" 200 806
173.252.83.2 - - [27/Dec/2023:07:14:37 -0500] "GET /mis-de-50-aves-silvestres-fueron-recuperadas-en-la-localidad-de-tunjuelito.html HTTP/1.1" 200 806
156.59.198.135 - - [27/Dec/2023:07:14:49 -0500] "GET /BLA/resoluciones/RESOLUCIONES%202009/3685.pdf HTTP/1.0" 200 57052
181.61.157.160 - - [27/Dec/2023:07:15:06 -0500] "POST /sipse/faces/presentacion/financiero/solicitudProceso/consultarSolicitudProceso.xhtml HTTP/1.1" 200 62479
181.61.157.160 - - [27/Dec/2023:07:15:07 -0500] "GET /sipse/faces/javax.faces.resource/theme.css?ln=primefaces-sipse HTTP/1.1" 304 -
181.61.157.160 - - [27/Dec/2023:07:15:07 -0500] "GET /sipse/faces/javax.faces.resource/primefaces.css?ln=primefaces&v=4.0 HTTP/1.1" 304 -
181.61.157.160 - - [27/Dec/2023:07:15:07 -0500] "GET /sipse/css/imagen/contrasena.png HTTP/1.1" 404 383
181.61.157.160 - - [27/Dec/2023:07:15:07 -0500] "GET /sipse/faces/javax.faces.resource/layout/layout.css?ln=primefaces&v=4.0 HTTP/1.1" 304 -
181.61.157.160 - - [27/Dec/2023:07:15:07 -0500] "GET /sipse/faces/javax.faces.resource/jquery/jquery.js?ln=primefaces&v=4.0 HTTP/1.1" 304 -
181.61.157.160 - - [27/Dec/2023:07:15:07 -0500] "GET /sipse/faces/javax.faces.resource/jquery/jquery-plugins.js?ln=primefaces&v=4.0 HTTP/1.1" 304 -
181.61.157.160 - - [27/Dec/2023:07:15:07 -0500] "GET /sipse/faces/javax.faces.resource/primefaces.js?ln=primefaces&v=4.0 HTTP/1.1" 304 -
181.61.157.160 - - [27/Dec/2023:07:15:07 -0500] "GET /sipse/faces/javax.faces.resource/layout/layout.js?ln=primefaces&v=4.0 HTTP/1.1" 304 -
181.61.157.160 - - [27/Dec/2023:07:15:07 -0500] "POST /sipse/faces/presentacion/financiero/solicitudProceso/listarSolicitudProceso.xhtml HTTP/1.1" 200 55747
181.61.157.160 - - [27/Dec/2023:07:15:07 -0500] "POST /sipse/faces/presentacion/financiero/solicitudProceso/listarSolicitudProceso.xhtml HTTP/1.1" 200 55747
181.61.157.160 - - [27/Dec/2023:07:15:08 -0500] "POST /sipse/faces/presentacion/financiero/solicitudProceso/listarSolicitudProceso.xhtml HTTP/1.1" 200 55747
181.61.157.160 - - [27/Dec/2023:07:15:08 -0500] "POST /sipse/faces/presentacion/financiero/solicitudProceso/listarSolicitudProceso.xhtml HTTP/1.1" 200 55747
181.61.157.160 - - [27/Dec/2023:07:15:09 -0500] "POST /sipse/faces/presentacion/financiero/solicitudProceso/listarSolicitudProceso.xhtml HTTP/1.1" 200 1564
181.61.157.160 - - [27/Dec/2023:07:15:09 -0500] "POST /sipse/faces/presentacion/financiero/solicitudProceso/listarSolicitudProceso.xhtml HTTP/1.1" 200 1552
181.61.157.160 - - [27/Dec/2023:07:15:10 -0500] "POST /sipse/faces/presentacion/financiero/solicitudProceso/listarSolicitudProceso.xhtml HTTP/1.1" 200 1568
181.61.157.160 - - [27/Dec/2023:07:15:10 -0500] "POST /sipse/faces/presentacion/financiero/solicitudProceso/listarSolicitudProceso.xhtml HTTP/1.1" 200 1552
181.61.157.160 - - [27/Dec/2023:07:15:11 -0500] "POST /sipse/faces/presentacion/financiero/solicitudProceso/listarSolicitudProceso.xhtml HTTP/1.1" 200 1568
156.59.198.136 - - [27/Dec/2023:07:15:13 -0500] "GET /BLA/resoluciones/RESOLUCIONES%202008/5194.pdf HTTP/1.0" 200 327293
66.249.73.37 - - [27/Dec/2023:07:15:19 -0500] "GET /portel_dama/libreria/pdf/ecosistemas/restauracion/sitio/22_proye/xtras_in/3a.pdf HTTP/1.1" 404 1018
181.61.157.160 - - [27/Dec/2023:07:15:21 -0500] "POST /sipse/faces/presentacion/financiero/solicitudProceso/listarSolicitudProceso.xhtml HTTP/1.1" 200 115058
181.61.157.160 - - [27/Dec/2023:07:15:24 -0500] "GET /sipse/faces/javax.faces.resource/theme.css?ln=primefaces-sipse HTTP/1.1" 304 -
181.61.157.160 - - [27/Dec/2023:07:15:24 -0500] "GET /sipse/faces/javax.faces.resource/layout/layout.css?ln=primefaces&v=4.0 HTTP/1.1" 304 -
181.61.157.160 - - [27/Dec/2023:07:15:24 -0500] "GET /sipse/faces/javax.faces.resource/primefaces.css?ln=primefaces&v=4.0 HTTP/1.1" 304 -
181.61.157.160 - - [27/Dec/2023:07:15:24 -0500] "GET /sipse/faces/javax.faces.resource/jquery/jquery.js?ln=primefaces&v=4.0 HTTP/1.1" 304 -
181.61.157.160 - - [27/Dec/2023:07:15:24 -0500] "GET /sipse/faces/javax.faces.resource/jquery/jquery-plugins.js?ln=primefaces&v=4.0 HTTP/1.1" 304 -
181.61.157.160 - - [27/Dec/2023:07:15:24 -0500] "GET /sipse/faces/javax.faces.resource/primefaces.js?ln=primefaces&v=4.0 HTTP/1.1" 304 -
181.61.157.160 - - [27/Dec/2023:07:15:24 -0500] "GET /sipse/faces/javax.faces.resource/layout/layout.js?ln=primefaces&v=4.0 HTTP/1.1" 304 -
181.61.157.160 - - [27/Dec/2023:07:15:24 -0500] "GET /sipse/css/imagen/contrasena.png HTTP/1.1" 404 383
181.61.157.160 - - [27/Dec/2023:07:15:24 -0500] "GET /sipse/faces/javax.faces.resource/dynamiccontent.properties?ln=primefaces&pfdrid=XjOR5%2F%2FfPAZAuY9TpWQeCiM0BhlXxYRBGKi%2FQcXXfeA%3D&pfdrid_c=false HTTP/1.1" 500 383
201.245.192.253 - - [27/Dec/2023:07:15:32 -0500] "POST /forms/lservlet;jsessionid=ac16012b30d6ac84fb743cb8490d9168fad49a174d06.e3iSbxaKaheRe34Qc38TbN0Nb41ynknvrkLOlQzNp65In0 HTTP/1.1" 200 2
181.61.157.160 - - [27/Dec/2023:07:15:35 -0500] "POST /sipse/faces/presentacion/financiero/solicitudProceso/consultarSolicitudProceso.xhtml HTTP/1.1" 200 1424840
201.245.192.253 - - [27/Dec/2023:07:15:36 -0500] "POST /forms/lservlet;jsessionid=ac16012b30d608a3c74dabe741288258ac4c4de7c868.e3iSbxaKaheRe34Qc38TbN0Nb41ynknvrkLOlQzNp65In0 HTTP/1.1" 200 2
156.59.198.136 - - [27/Dec/2023:07:15:38 -0500] "GET /BLA/resoluciones/RESOLUCIONES%202008/2131.pdf HTTP/1.0" 200 606252
156.59.198.135 - - [27/Dec/2023:07:16:02 -0500] "GET /BLA/resoluciones/RESOLUCIONES%202009/1618.pdf HTTP/1.0" 200 691420
201.245.192.253 - - [27/Dec/2023:07:16:02 -0500] "POST /kwsrmcab/Wsrmcab HTTP/1.1" 200 36658
201.245.192.253 - - [27/Dec/2023:07:16:05 -0500] "POST /kwsrmcab/Wsrmcab HTTP/1.1" 200 36831
172.22.2.4 - - [27/Dec/2023:07:14:37 -0500] "HEAD /BLA/boletinlegal/ HTTP/1.1" 200 -
156.59.198.136 - - [27/Dec/2023:07:16:28 -0500] "GET /BLA/resoluciones/Notificaciones/AUTOS%202023/3167.pdf HTTP/1.0" 200 382867
66.249.73.37 - - [27/Dec/2023:07:16:41 -0500] "GET /BLA/resoluciones/RESOLUCIONES%202010/6249.pdf HTTP/1.1" 200 611472
216.245.221.92 - - [27/Dec/2023:07:16:46 -0500] "HEAD / HTTP/1.1" 200 -
156.59.198.136 - - [27/Dec/2023:07:16:52 -0500] "GET /BLA/resoluciones/RESOLUCIONES%202009/3804.pdf HTTP/1.0" 200 920727
181.61.157.160 - - [27/Dec/2023:07:17:02 -0500] "POST /sipse/faces/presentacion/financiero/solicitudProceso/consultarSolicitudProceso.xhtml HTTP/1.1" 200 1836830
181.61.157.160 - - [27/Dec/2023:07:17:03 -0500] "POST /sipse/faces/presentacion/financiero/solicitudProceso/consultarSolicitudProceso.xhtml HTTP/1.1" 200 2141676
201.245.192.253 - - [27/Dec/2023:07:17:02 -0500] "POST /kwsrmcab/Wsrmcab  HTTP/1.1" 200 36330
172.22.2.4 - - [27/Dec/2023:07:15:28 -0500] "GET /BLA/boletinlegal/ HTTP/1.1" 200 58567
181.61.157.160 - - [27/Dec/2023:07:17:11 -0500] "POST /sipse/faces/presentacion/financiero/solicitudProceso/consultarSolicitudProceso.xhtml HTTP/1.1" 200 5457
181.61.157.160 - - [27/Dec/2023:07:17:12 -0500] "GET /sipse/faces/javax.faces.resource/dynamiccontent.properties?ln=primefaces&pfdrid=XjOR5%2F%2FfPAZAuY9TpWQeCiM0BhlXxYRBGKi%2FQcXXfeA%3D&pfdrid_c=false HTTP/1.1" 200 117328
156.59.198.136 - - [27/Dec/2023:07:17:16 -0500] "GET /BLA/resoluciones/RESOLUCIONES%202009/2138.pdf HTTP/1.0" 200 498327
201.245.192.253 - - [27/Dec/2023:07:17:32 -0500] "POST /forms/lservlet;jsessionid=ac16012b30d6ac84fb743cb8490d9168fad49a174d06.e3iSbxaKaheRe34Qc38TbN0Nb41ynknvrkLOlQzNp65In0 HTTP/1.1" 200 2
201.245.192.253 - - [27/Dec/2023:07:17:36 -0500] "POST /forms/lservlet;jsessionid=ac16012b30d608a3c74dabe741288258ac4c4de7c868.e3iSbxaKaheRe34Qc38TbN0Nb41ynknvrkLOlQzNp65In0 HTTP/1.1" 200 2
156.59.198.135 - - [27/Dec/2023:07:17:41 -0500] "GET /BLA/resoluciones/RESOLUCIONES%202007/RES%202007%202201%20AL%202300/RESOLUCION%202267_DE%202007.pdf HTTP/1.0" 200 1421417
156.59.198.136 - - [27/Dec/2023:07:18:04 -0500] "GET /BLA/resoluciones/RESOLUCIONES%202009/3535.pdf HTTP/1.0" 200 601229
156.59.198.135 - - [27/Dec/2023:07:18:29 -0500] "GET /BLA/resoluciones/RESOLUCIONES%202009/3023.pdf HTTP/1.0" 200 614252
156.59.198.135 - - [27/Dec/2023:07:18:53 -0500] "GET /BLA/resoluciones/RESOLUCIONES%202009/3489.pdf HTTP/1.0" 200 619597
156.59.198.135 - - [27/Dec/2023:07:19:17 -0500] "GET /BLA/resoluciones/RESOLUCIONES%202007/RES%202007%20301%20AL%20400/RESOLUCION%200312%20DE%202007.pdf HTTP/1.0" 200 410703
201.245.192.253 - - [27/Dec/2023:07:19:32 -0500] "POST /forms/lservlet;jsessionid=ac16012b30d6ac84fb743cb8490d9168fad49a174d06.e3iSbxaKaheRe34Qc38TbN0Nb41ynknvrkLOlQzNp65In0 HTTP/1.1" 200 2
201.245.192.253 - - [27/Dec/2023:07:19:36 -0500] "POST /forms/lservlet;jsessionid=ac16012b30d608a3c74dabe741288258ac4c4de7c868.e3iSbxaKaheRe34Qc38TbN0Nb41ynknvrkLOlQzNp65In0 HTTP/1.1" 200 2
156.59.198.136 - - [27/Dec/2023:07:19:42 -0500] "GET /BLA/resoluciones/Notificaciones/REGISTROS%202022/01693.pdf HTTP/1.0" 200 277469
66.249.73.36 - - [27/Dec/2023:07:19:52 -0500] "GET /BLA/resoluciones/RESOLUCIONES%202015/0745.pdf HTTP/1.1" 304 -
66.249.73.36 - - [27/Dec/2023:07:19:55 -0500] "GET /BLA/resoluciones/RESOLUCIONES%202009/6897.pdf HTTP/1.1" 200 339065
201.245.192.253 - - [27/Dec/2023:07:20:03 -0500] "GET /sipse/faces/faces/autenticacion.xhtml HTTP/1.1" 200 12410
201.245.192.253 - - [27/Dec/2023:07:20:04 -0500] "GET /sipse/js/disable_browser_buttons.js HTTP/1.1" 200 3230
201.245.192.253 - - [27/Dec/2023:07:20:04 -0500] "GET /sipse/js/funciones.js HTTP/1.1" 200 12592
201.245.192.253 - - [27/Dec/2023:07:20:04 -0500] "GET /sipse/css/custom_css_sg.css HTTP/1.1" 200 9694
201.245.192.253 - - [27/Dec/2023:07:20:04 -0500] "GET /sipse/css/custom_css_sg_prime_login.css HTTP/1.1" 200 443
201.245.192.253 - - [27/Dec/2023:07:20:04 -0500] "GET /sipse/js/funciones.js HTTP/1.1" 200 12592
201.245.192.253 - - [27/Dec/2023:07:20:04 -0500] "GET /sipse/js/disable_browser_buttons.js HTTP/1.1" 200 3230
201.245.192.253 - - [27/Dec/2023:07:20:04 -0500] "GET /sipse/faces/javax.faces.resource/layout/layout.css?ln=primefaces&v=4.0 HTTP/1.1" 200 542
201.245.192.253 - - [27/Dec/2023:07:20:04 -0500] "GET /sipse/faces/javax.faces.resource/theme.css?ln=primefaces-sipse HTTP/1.1" 200 50058
201.245.192.253 - - [27/Dec/2023:07:20:04 -0500] "GET /sipse/faces/javax.faces.resource/primefaces.css?ln=primefaces&v=4.0 HTTP/1.1" 200 26730
201.245.192.253 - - [27/Dec/2023:07:20:04 -0500] "GET /favicon.ico HTTP/1.1" 200 7782
201.245.192.253 - - [27/Dec/2023:07:20:04 -0500] "GET /sipse/faces/javax.faces.resource/images/ui-icons_898989_256x240.png?ln=primefaces-aristo HTTP/1.1" 200 5355
201.245.192.253 - - [27/Dec/2023:07:20:04 -0500] "GET /sipse/css/imagen/loginimg.png HTTP/1.1" 200 71635
201.245.192.253 - - [27/Dec/2023:07:20:04 -0500] "GET /sipse/css/imagen/logoSDG.png HTTP/1.1" 200 28230
201.245.192.253 - - [27/Dec/2023:07:20:04 -0500] "GET /sipse/faces/faces/index.xhtml HTTP/1.1" 200 677
201.245.192.253 - - [27/Dec/2023:07:20:05 -0500] "GET /sipse/faces/faces/index.xhtml HTTP/1.1" 200 677
201.245.192.253 - - [27/Dec/2023:07:20:05 -0500] "GET /sipse/faces/javax.faces.resource/theme.css?ln=primefaces-sipse HTTP/1.1" 304 -
201.245.192.253 - - [27/Dec/2023:07:20:05 -0500] "GET /sipse/faces/faces/faces/autenticacion.xhtml HTTP/1.1" 200 12410
201.245.192.253 - - [27/Dec/2023:07:20:05 -0500] "GET /sipse/js/disable_browser_buttons.js HTTP/1.1" 200 3230
201.245.192.253 - - [27/Dec/2023:07:20:05 -0500] "GET /sipse/faces/javax.faces.resource/primefaces.css?ln=primefaces&v=4.0 HTTP/1.1" 304 -
201.245.192.253 - - [27/Dec/2023:07:20:05 -0500] "GET /sipse/faces/javax.faces.resource/jquery/jquery.js?ln=primefaces&v=4.0 HTTP/1.1" 304 -
201.245.192.253 - - [27/Dec/2023:07:20:05 -0500] "GET /sipse/faces/javax.faces.resource/theme.css?ln=primefaces-sipse HTTP/1.1" 304 -
201.245.192.253 - - [27/Dec/2023:07:20:05 -0500] "GET /sipse/faces/javax.faces.resource/jquery/jquery-plugins.js?ln=primefaces&v=4.0 HTTP/1.1" 304 -
201.245.192.253 - - [27/Dec/2023:07:20:05 -0500] "GET /sipse/faces/javax.faces.resource/layout/layout.css?ln=primefaces&v=4.0 HTTP/1.1" 304 -
201.245.192.253 - - [27/Dec/2023:07:20:05 -0500] "GET /sipse/faces/javax.faces.resource/layout/layout.js?ln=primefaces&v=4.0 HTTP/1.1" 304 -
201.245.192.253 - - [27/Dec/2023:07:20:05 -0500] "GET /sipse/faces/javax.faces.resource/primefaces.js?ln=primefaces&v=4.0 HTTP/1.1" 304 -
201.245.192.253 - - [27/Dec/2023:07:20:05 -0500] "GET /sipse/faces/faces/faces/autenticacion.xhtml HTTP/1.1" 200 12410
201.245.192.253 - - [27/Dec/2023:07:20:05 -0500] "GET /sipse/faces/javax.faces.resource/theme.css?ln=primefaces-sipse HTTP/1.1" 304 -
201.245.192.253 - - [27/Dec/2023:07:20:05 -0500] "GET /sipse/faces/javax.faces.resource/primefaces.css?ln=primefaces&v=4.0 HTTP/1.1" 304 -
201.245.192.253 - - [27/Dec/2023:07:20:05 -0500] "GET /sipse/faces/javax.faces.resource/jquery/jquery.js?ln=primefaces&v=4.0 HTTP/1.1" 304 -
201.245.192.253 - - [27/Dec/2023:07:20:05 -0500] "GET /sipse/faces/javax.faces.resource/layout/layout.css?ln=primefaces&v=4.0 HTTP/1.1" 304 -
201.245.192.253 - - [27/Dec/2023:07:20:05 -0500] "GET /sipse/faces/javax.faces.resource/jquery/jquery-plugins.js?ln=primefaces&v=4.0 HTTP/1.1" 304 -
201.245.192.253 - - [27/Dec/2023:07:20:05 -0500] "GET /sipse/faces/javax.faces.resource/primefaces.js?ln=primefaces&v=4.0 HTTP/1.1" 304 -
201.245.192.253 - - [27/Dec/2023:07:20:05 -0500] "GET /sipse/faces/javax.faces.resource/layout/layout.js?ln=primefaces&v=4.0 HTTP/1.1" 304 -
201.245.192.253 - - [27/Dec/2023:07:20:05 -0500] "GET /sipse/faces/javax.faces.resource/images/ui-icons_898989_256x240.png?ln=primefaces-aristo HTTP/1.1" 304 -
156.59.198.136 - - [27/Dec/2023:07:20:06 -0500] "GET /BLA/resoluciones/RESOLUCIONES%202007/RES%202007%201801%20AL%201900/RESOLUCION%201847%20DE%202007.pdf HTTP/1.0" 200 30216
201.245.192.253 - - [27/Dec/2023:07:20:04 -0500] "POST /kwsrmcab/Wsrmcab HTTP/1.1" 200 36658
201.245.192.253 - - [27/Dec/2023:07:20:09 -0500] "POST /kwsrmcab/Wsrmcab HTTP/1.1" 200 36831
156.59.198.136 - - [27/Dec/2023:07:20:32 -0500] "GET /BLA/resoluciones/RESOLUCIONES%202009/2030.pdf HTTP/1.0" 200 1022589
66.249.73.38 - - [27/Dec/2023:07:20:52 -0500] "GET /BLA/resoluciones/RESOLUCIONES%202009/7990.pdf HTTP/1.1" 200 530531
156.59.198.136 - - [27/Dec/2023:07:20:55 -0500] "GET /BLA/resoluciones/RESOLUCIONES%202009/3852.pdf HTTP/1.0" 200 422716
66.249.73.36 - - [27/Dec/2023:07:20:58 -0500] "GET /BLA/resoluciones/RESOLUCIONES%202010/3997.pdf HTTP/1.1" 200 401359
156.59.198.136 - - [27/Dec/2023:07:21:20 -0500] "GET /BLA/resoluciones/RESOLUCIONES%202007/RES%202007%202701%20AL%202800/RESOLUCION%202726%20DE%202007.pdf HTTP/1.0" 200 52960
66.249.73.36 - - [27/Dec/2023:07:21:28 -0500] "GET /BLA/resoluciones/RESOLUCIONES%202013/1901.pdf HTTP/1.1" 200 1283282
201.245.192.253 - - [27/Dec/2023:07:21:32 -0500] "POST /forms/lservlet;jsessionid=ac16012b30d6ac84fb743cb8490d9168fad49a174d06.e3iSbxaKaheRe34Qc38TbN0Nb41ynknvrkLOlQzNp65In0 HTTP/1.1" 200 2
201.245.192.253 - - [27/Dec/2023:07:21:36 -0500] "POST /forms/lservlet;jsessionid=ac16012b30d608a3c74dabe741288258ac4c4de7c868.e3iSbxaKaheRe34Qc38TbN0Nb41ynknvrkLOlQzNp65In0 HTTP/1.1" 200 2
156.59.198.136 - - [27/Dec/2023:07:21:45 -0500] "GET /BLA/resoluciones/RESOLUCIONES%202007/RES%202007%202501%20AL%202600/RESOLUCION%202512%20DE%202007.pdf HTTP/1.0" 200 514991
216.245.221.92 - - [27/Dec/2023:07:21:46 -0500] "HEAD / HTTP/1.1" 200 -
201.245.192.253 - - [27/Dec/2023:07:22:01 -0500] "POST /kwsrmcab/Wsrmcab  HTTP/1.1" 200 36330
172.22.2.4 - - [27/Dec/2023:07:20:27 -0500] "HEAD /BLA/boletinlegal/ HTTP/1.1" 200 -
156.59.198.135 - - [27/Dec/2023:07:22:10 -0500] "GET /BLA/resoluciones/RESOLUCIONES%202009/3093.pdf HTTP/1.0" 200 1500492
156.59.198.136 - - [27/Dec/2023:07:22:33 -0500] "GET /BLA/resoluciones/Notificaciones/AUTOS%202023/51.pdf HTTP/1.0" 200 400796
66.249.73.36 - - [27/Dec/2023:07:22:45 -0500] "GET /BLA/resoluciones/RESOLUCIONES%202011/6982.pdf HTTP/1.1" 304 -
172.22.2.4 - - [27/Dec/2023:07:21:18 -0500] "GET /BLA/boletinlegal/ HTTP/1.1" 200 58567
156.59.198.136 - - [27/Dec/2023:07:22:58 -0500] "GET /BLA/resoluciones/RESOLUCIONES%202018/1660.pdf HTTP/1.0" 200 415688
156.59.198.135 - - [27/Dec/2023:07:23:22 -0500] "GET /BLA/resoluciones/RESOLUCIONES%202009/2000.pdf HTTP/1.0" 200 623555
201.245.192.253 - - [27/Dec/2023:07:23:32 -0500] "POST /forms/lservlet;jsessionid=ac16012b30d6ac84fb743cb8490d9168fad49a174d06.e3iSbxaKaheRe34Qc38TbN0Nb41ynknvrkLOlQzNp65In0 HTTP/1.1" 200 2
201.245.192.253 - - [27/Dec/2023:07:23:36 -0500] "POST /forms/lservlet;jsessionid=ac16012b30d608a3c74dabe741288258ac4c4de7c868.e3iSbxaKaheRe34Qc38TbN0Nb41ynknvrkLOlQzNp65In0 HTTP/1.1" 200 2
156.59.198.135 - - [27/Dec/2023:07:23:46 -0500] "GET /BLA/resoluciones/AUTOS%202016/2549.pdf HTTP/1.0" 200 341582
156.59.198.136 - - [27/Dec/2023:07:24:10 -0500] "GET /BLA/resoluciones/Notificaciones/AUTOS%202020/5026.pdf HTTP/1.0" 200 330229
156.59.198.135 - - [27/Dec/2023:07:24:36 -0500] "GET /BLA/resoluciones/RESOLUCIONES%202008/3858.pdf HTTP/1.0" 200 784883
156.59.198.135 - - [27/Dec/2023:07:24:59 -0500] "GET /BLA/resoluciones/RESOLUCIONES%202009/1233.pdf HTTP/1.0" 200 439155
66.249.73.38 - - [27/Dec/2023:07:25:04 -0500] "GET /BLA/resoluciones/RESOLUCIONES%202008/2955.pdf HTTP/1.1" 200 271184
156.59.198.135 - - [27/Dec/2023:07:25:24 -0500] "GET /BLA/resoluciones/Notificaciones/AUTOS%202020/3827.pdf HTTP/1.0" 200 344606
201.245.192.253 - - [27/Dec/2023:07:25:32 -0500] "POST /forms/lservlet;jsessionid=ac16012b30d6ac84fb743cb8490d9168fad49a174d06.e3iSbxaKaheRe34Qc38TbN0Nb41ynknvrkLOlQzNp65In0 HTTP/1.1" 200 2
201.245.192.253 - - [27/Dec/2023:07:25:36 -0500] "POST /forms/lservlet;jsessionid=ac16012b30d608a3c74dabe741288258ac4c4de7c868.e3iSbxaKaheRe34Qc38TbN0Nb41ynknvrkLOlQzNp65In0 HTTP/1.1" 200 2
156.59.198.135 - - [27/Dec/2023:07:25:48 -0500] "GET /BLA/resoluciones/RESOLUCIONES%202009/4135.pdf HTTP/1.0" 200 762637
201.245.192.253 - - [27/Dec/2023:07:26:02 -0500] "POST /kwsrmcab/Wsrmcab HTTP/1.1" 200 36658
201.245.192.253 - - [27/Dec/2023:07:26:05 -0500] "POST /kwsrmcab/Wsrmcab HTTP/1.1" 200 36831
156.59.198.135 - - [27/Dec/2023:07:26:13 -0500] "GET /BLA/resoluciones/Notificaciones/REGISTROS%202022/02511.pdf HTTP/1.0" 200 274383
156.59.198.135 - - [27/Dec/2023:07:26:36 -0500] "GET /BLA/resoluciones/Notificaciones/AUTOS%202023/2342.pdf HTTP/1.0" 200 1525159
216.245.221.92 - - [27/Dec/2023:07:26:46 -0500] "HEAD / HTTP/1.1" 200 -
156.59.198.136 - - [27/Dec/2023:07:27:01 -0500] "GET /BLA/resoluciones/Notificaciones/AUTOS%202020/1483.pdf HTTP/1.0" 200 368483
201.245.192.253 - - [27/Dec/2023:07:27:00 -0500] "POST /kwsrmcab/Wsrmcab  HTTP/1.1" 200 36330
156.59.198.136 - - [27/Dec/2023:07:27:26 -0500] "GET /BLA/resoluciones/RESOLUCIONES%202009/4075.pdf HTTP/1.0" 200 323893
201.245.192.253 - - [27/Dec/2023:07:27:32 -0500] "POST /forms/lservlet;jsessionid=ac16012b30d6ac84fb743cb8490d9168fad49a174d06.e3iSbxaKaheRe34Qc38TbN0Nb41ynknvrkLOlQzNp65In0 HTTP/1.1" 200 2
201.245.192.253 - - [27/Dec/2023:07:27:36 -0500] "POST /forms/lservlet;jsessionid=ac16012b30d608a3c74dabe741288258ac4c4de7c868.e3iSbxaKaheRe34Qc38TbN0Nb41ynknvrkLOlQzNp65In0 HTTP/1.1" 200 2
156.59.198.136 - - [27/Dec/2023:07:27:50 -0500] "GET /BLA/resoluciones/RESOLUCIONES%202008/4485.pdf HTTP/1.0" 200 454364
172.22.2.4 - - [27/Dec/2023:07:26:17 -0500] "HEAD /BLA/boletinlegal/ HTTP/1.1" 200 -
66.249.73.38 - - [27/Dec/2023:07:28:08 -0500] "GET /BLA/resoluciones/RESOLUCIONES%202008/4179.pdf HTTP/1.1" 200 391189
156.59.198.135 - - [27/Dec/2023:07:28:15 -0500] "GET /BLA/resoluciones/RESOLUCIONES%202009/2860.pdf HTTP/1.0" 200 595440
201.245.192.253 - - [27/Dec/2023:07:28:26 -0500] "GET /appsia/controlador HTTP/1.1" 200 4799
201.245.192.253 - - [27/Dec/2023:07:28:26 -0500] "GET /favicon.ico HTTP/1.1" 200 7782
201.245.192.253 - - [27/Dec/2023:07:28:29 -0500] "POST /appsia/controlador HTTP/1.1" 200 5437
201.245.192.253 - - [27/Dec/2023:07:28:31 -0500] "POST /appsia/controlador HTTP/1.1" 200 7781
201.245.192.253 - - [27/Dec/2023:07:28:34 -0500] "POST /appsia/controlador HTTP/1.1" 200 6646
201.245.192.253 - - [27/Dec/2023:07:28:37 -0500] "POST /appsia/controlador HTTP/1.1" 200 10982
156.59.198.136 - - [27/Dec/2023:07:28:39 -0500] "GET /BLA/resoluciones/RESOLUCIONES%202018/2926.pdf HTTP/1.0" 200 364214
201.245.192.253 - - [27/Dec/2023:07:28:43 -0500] "POST /appsia/controlador HTTP/1.1" 200 7781
172.22.2.4 - - [27/Dec/2023:07:27:08 -0500] "GET /BLA/boletinlegal/ HTTP/1.1" 200 60910
40.77.167.63 - - [27/Dec/2023:07:28:48 -0500] "GET /portaldeninos/aula-ambiental-artistica-itinerante-auambari/ HTTP/1.1" 200 89306
66.249.73.38 - - [27/Dec/2023:07:28:52 -0500] "GET /BLA/resoluciones/RESOLUCIONES%202008/2121.pdf HTTP/1.1" 200 579017
156.59.198.135 - - [27/Dec/2023:07:29:04 -0500] "GET /BLA/resoluciones/Notificaciones/AUTOS%202023/4728.pdf HTTP/1.0" 200 2716771
156.59.198.135 - - [27/Dec/2023:07:29:28 -0500] "GET /BLA/resoluciones/RESOLUCIONES%202008/2788.pdf HTTP/1.0" 200 364484
201.245.192.253 - - [27/Dec/2023:07:29:32 -0500] "POST /forms/lservlet;jsessionid=ac16012b30d6ac84fb743cb8490d9168fad49a174d06.e3iSbxaKaheRe34Qc38TbN0Nb41ynknvrkLOlQzNp65In0 HTTP/1.1" 200 2
201.245.192.253 - - [27/Dec/2023:07:29:36 -0500] "POST /forms/lservlet;jsessionid=ac16012b30d608a3c74dabe741288258ac4c4de7c868.e3iSbxaKaheRe34Qc38TbN0Nb41ynknvrkLOlQzNp65In0 HTTP/1.1" 200 2
156.59.198.136 - - [27/Dec/2023:07:29:53 -0500] "GET /BLA/resoluciones/RESOLUCIONES%202008/2523.pdf HTTP/1.0" 200 424388
201.245.192.253 - - [27/Dec/2023:07:30:04 -0500] "POST /kwsrmcab/Wsrmcab HTTP/1.1" 200 36658
201.245.192.253 - - [27/Dec/2023:07:30:11 -0500] "GET /sipse/faces/index.xhtml HTTP/1.1" 200 677
201.245.192.253 - - [27/Dec/2023:07:30:11 -0500] "GET /sipse/faces/javax.faces.resource/theme.css?ln=primefaces-sipse HTTP/1.1" 304 -
201.245.192.253 - - [27/Dec/2023:07:30:12 -0500] "GET /sipse/faces/faces/autenticacion.xhtml HTTP/1.1" 200 12410
201.245.192.253 - - [27/Dec/2023:07:30:12 -0500] "GET /sipse/js/disable_browser_buttons.js HTTP/1.1" 304 -
201.245.192.253 - - [27/Dec/2023:07:30:12 -0500] "GET /sipse/js/funciones.js HTTP/1.1" 304 -
201.245.192.253 - - [27/Dec/2023:07:30:12 -0500] "GET /sipse/css/custom_css_sg.css HTTP/1.1" 304 -
201.245.192.253 - - [27/Dec/2023:07:30:12 -0500] "GET /sipse/css/custom_css_sg_prime_login.css HTTP/1.1" 304 -
201.245.192.253 - - [27/Dec/2023:07:30:12 -0500] "GET /sipse/faces/javax.faces.resource/jquery/jquery.js?ln=primefaces&v=4.0 HTTP/1.1" 304 -
201.245.192.253 - - [27/Dec/2023:07:30:12 -0500] "GET /sipse/faces/javax.faces.resource/layout/layout.css?ln=primefaces&v=4.0 HTTP/1.1" 304 -
201.245.192.253 - - [27/Dec/2023:07:30:12 -0500] "GET /sipse/faces/javax.faces.resource/primefaces.js?ln=primefaces&v=4.0 HTTP/1.1" 304 -
201.245.192.253 - - [27/Dec/2023:07:30:12 -0500] "GET /sipse/faces/javax.faces.resource/jquery/jquery-plugins.js?ln=primefaces&v=4.0 HTTP/1.1" 304 -
201.245.192.253 - - [27/Dec/2023:07:30:12 -0500] "GET /sipse/faces/javax.faces.resource/layout/layout.js?ln=primefaces&v=4.0 HTTP/1.1" 304 -
201.245.192.253 - - [27/Dec/2023:07:30:12 -0500] "GET /sipse/faces/javax.faces.resource/primefaces.css?ln=primefaces&v=4.0 HTTP/1.1" 304 -
201.245.192.253 - - [27/Dec/2023:07:30:12 -0500] "GET /sipse/faces/javax.faces.resource/theme.css?ln=primefaces-sipse HTTP/1.1" 304 -
201.245.192.253 - - [27/Dec/2023:07:30:12 -0500] "GET /sipse/css/imagen/loginimg.png HTTP/1.1" 304 -
201.245.192.253 - - [27/Dec/2023:07:30:12 -0500] "GET /sipse/css/imagen/logoSDG.png HTTP/1.1" 304 -
201.245.192.253 - - [27/Dec/2023:07:30:12 -0500] "GET /sipse/faces/javax.faces.resource/images/ui-icons_898989_256x240.png?ln=primefaces-aristo HTTP/1.1" 304 -
201.245.192.253 - - [27/Dec/2023:07:30:10 -0500] "POST /kwsrmcab/Wsrmcab HTTP/1.1" 200 36831
201.245.192.253 - - [27/Dec/2023:07:30:15 -0500] "POST /sipse/faces/autenticacion.xhtml HTTP/1.1" 200 16906
201.245.192.253 - - [27/Dec/2023:07:30:16 -0500] "GET /sipse/css/custom_css_sg_prime.css HTTP/1.1" 304 -
201.245.192.253 - - [27/Dec/2023:07:30:16 -0500] "GET /sipse/faces/javax.faces.resource/theme.css?ln=primefaces-sipse HTTP/1.1" 304 -
201.245.192.253 - - [27/Dec/2023:07:30:16 -0500] "GET /sipse/faces/javax.faces.resource/layout/layout.css?ln=primefaces&v=4.0 HTTP/1.1" 304 -
201.245.192.253 - - [27/Dec/2023:07:30:16 -0500] "GET /sipse/js/jquery.min.js HTTP/1.1" 304 -
201.245.192.253 - - [27/Dec/2023:07:30:16 -0500] "GET /sipse/faces/javax.faces.resource/primefaces.css?ln=primefaces&v=4.0 HTTP/1.1" 304 -
201.245.192.253 - - [27/Dec/2023:07:30:16 -0500] "GET /sipse/faces/javax.faces.resource/jquery/jquery.js?ln=primefaces&v=4.0 HTTP/1.1" 304 -
201.245.192.253 - - [27/Dec/2023:07:30:16 -0500] "GET /sipse/faces/javax.faces.resource/jquery/jquery-plugins.js?ln=primefaces&v=4.0 HTTP/1.1" 304 -
201.245.192.253 - - [27/Dec/2023:07:30:16 -0500] "GET /sipse/faces/javax.faces.resource/primefaces.js?ln=primefaces&v=4.0 HTTP/1.1" 304 -
201.245.192.253 - - [27/Dec/2023:07:30:16 -0500] "GET /sipse/faces/javax.faces.resource/layout/layout.js?ln=primefaces&v=4.0 HTTP/1.1" 304 -
201.245.192.253 - - [27/Dec/2023:07:30:16 -0500] "GET /sipse/css/v_mergente.css HTTP/1.1" 304 -
201.245.192.253 - - [27/Dec/2023:07:30:16 -0500] "GET /sipse/imagenes/cargando.gif HTTP/1.1" 304 -
201.245.192.253 - - [27/Dec/2023:07:30:16 -0500] "GET /sipse/imagenes/logoAplicacion.jpg HTTP/1.1" 304 -
201.245.192.253 - - [27/Dec/2023:07:30:16 -0500] "GET /sipse/css/imagen/contrasena.png HTTP/1.1" 404 383
201.245.192.253 - - [27/Dec/2023:07:30:16 -0500] "GET /sipse/faces/javax.faces.resource/messages/messages.png?ln=primefaces&v=4.0 HTTP/1.1" 304 -
156.59.198.136 - - [27/Dec/2023:07:30:17 -0500] "GET /BLA/resoluciones/RESOLUCIONES%202018/1973.pdf HTTP/1.0" 200 284547
201.245.192.253 - - [27/Dec/2023:07:30:18 -0500] "GET /sipse/faces/javax.faces.resource/images/ui-bg_flat_0_2d5972_40x100.png?ln=primefaces-aristo HTTP/1.1" 304 -
201.245.192.253 - - [27/Dec/2023:07:30:18 -0500] "POST /sipse/faces/bienvenido.xhtml HTTP/1.1" 200 1471
201.245.192.253 - - [27/Dec/2023:07:30:19 -0500] "POST /sipse/faces/bienvenido.xhtml HTTP/1.1" 200 31969
201.245.192.253 - - [27/Dec/2023:07:30:20 -0500] "GET /sipse/faces/javax.faces.resource/theme.css?ln=primefaces-sipse HTTP/1.1" 304 -
201.245.192.253 - - [27/Dec/2023:07:30:20 -0500] "GET /sipse/faces/javax.faces.resource/primefaces.css?ln=primefaces&v=4.0 HTTP/1.1" 304 -
201.245.192.253 - - [27/Dec/2023:07:30:20 -0500] "GET /sipse/faces/javax.faces.resource/layout/layout.css?ln=primefaces&v=4.0 HTTP/1.1" 304 -
201.245.192.253 - - [27/Dec/2023:07:30:20 -0500] "GET /sipse/faces/javax.faces.resource/jquery/jquery.js?ln=primefaces&v=4.0 HTTP/1.1" 304 -
201.245.192.253 - - [27/Dec/2023:07:30:20 -0500] "GET /sipse/faces/javax.faces.resource/jquery/jquery-plugins.js?ln=primefaces&v=4.0 HTTP/1.1" 304 -
201.245.192.253 - - [27/Dec/2023:07:30:20 -0500] "GET /sipse/faces/javax.faces.resource/primefaces.js?ln=primefaces&v=4.0 HTTP/1.1" 304 -
201.245.192.253 - - [27/Dec/2023:07:30:20 -0500] "GET /sipse/faces/javax.faces.resource/layout/layout.js?ln=primefaces&v=4.0 HTTP/1.1" 304 -
201.245.192.253 - - [27/Dec/2023:07:30:20 -0500] "POST /sipse/faces/presentacion/financiero/solicitudProceso/listarSolicitudProceso.xhtml HTTP/1.1" 200 1376
186.102.85.97 - - [27/Dec/2023:07:30:26 -0500] "GET /kwssiamovil/sm/ldap/au?x=U2FsdGVkX1/vkN4MFRJ7b3DfafuUftWusEm7ARBTfpl4NRZyXRKTNEK+FNMIZbZS7ilBGyxGWi9qcRhq0Cr0Kw==&y=U2FsdGVkX18vAUmhMS09L+QMYFQI4ZZiTJG548T0+cjziR6Il12NnlBYNJ6Z+Bd/ HTTP/1.1" 200 30
186.102.85.97 - - [27/Dec/2023:07:30:26 -0500] "GET /kwssiamovil/sm/acme/s?s=U2FsdGVkX1+NT61Y6vnqqkdChPQvUDdxZN8PYnTCbv28FrMxZI4u+oq5dc86R/eqUQ75zN8w/8e3YTuHWqBcw/q2n9Q+YBz15lQAJb/kofE=&u=U2FsdGVkX19IBL4+w2j76/V0bDGNinjt4f7vaZiQORh4aj0HIeAf0E0Nl4a24CtR&y=U2FsdGVkX18vAUmhMS09L+QMYFQI4ZZiTJG548T0+cjziR6Il12NnlBYNJ6Z+Bd/ HTTP/1.1" 200 97
186.102.85.97 - - [27/Dec/2023:07:30:26 -0500] "GET /kwssiamovil/sm/acme/s?s=U2FsdGVkX1+f66swjin12QE9d57oou8CLwm5nWR7iJGqvcxQKiQvw+1NCA39RihWJSJx356t5q6zI/+/lZreJE89TlWiS6TuqU4e1beBFADFaKzgFrykSFTBUZenFdZOGX9pepoGim79ifJdHGTOjmMSlvRgvDzJbgd3iWIsrTxcqWu2vKSZavyVWoDK4q94quH3/jEBnfi+jJYCtOQ9nPEPqbqqq7BuPNrnbj1I8DuNjZz2KioMwoL+3u2sOj+eZbu2DFjYE3LEc41F8nIcELxQmPr2uB6dokerXNNH+zAgHi9nu04rdOES7qiRALVvLotvVK62QzzRoJyoGIqeA1N+5tEN3q7Sec2HQUa4ecsBE5m4zc9RszVpXyFEdTTuG3F1avz+3PNExJYgvpvnBcY3dFcB4IRI7qqiGPQEem4ChO1evrqzfa0rc/0Prq0rHBLOjBMXWmaKmPdgg3uUvT+A9x88Fu9v0LAzZ0duiDzMDAr21E0rIRuQfrz2ze+8/pSMw/RxpeZIe+SmbnRZrxvpyuEktx9RdvmFziyHYDmSIGmSC5LcP9P9ayba4+ICrw1GnD3/hMoIZEeZsNKrsjuAoW0HHcXG21WzieSkWsoXU25Aryi7NB+ocXWFDTCb/Euz6889Hu9NblAGh0WSqWxPaoQ5caW3OrZeZi0sBLfrwznZe+h6+QxIxGBO0qtjEF6avsM9ZroqhfiUOxVFUfQX1/heiv55KchvS7BqKd6ht2SYrFVXqTwKja6OOVaMKj54+0YyjCI22N5Nu82Nak/R96UIrxt7bBNyk8U/svYaQtl3tG2UxGfu/ec/VQ6LvmEjAKwBVPSbG02rropAI0/70KS/ORaOXLojpJy+V4E9Xeo80j+vBovoJRoefN4wIvveq0R40jn0leKfmWM9pCFcnGbqIykQbzle2cvdPuI3mtA2/1nV6/tg4IDoLYSiPTjhrG+8BVgvgTEogopSTPSAFuT4NcwmaqTmueHJhbS4B327KB5h0dsiaoMiTzlQ2FNhlFlGGG3s0GFt2vFyBdmetHsjgfUTRpKFtrL7p3ex6NXN0G/urNp4wqj232etWohpvCptbjKOSel5Hx1Eb/4BXt5fWZVkmJ9INBGPANWGmUseGopRk9ZWqewR0hn03xKkgH6pgjwJesmYCPWI5GPUXKNfGpU/nDo3u9ob1T7VNIFGAU+S5b07cTmjh/Cz63FQRsfQFvc3AlSZNaSCvxh1uqVzgLqPrICQEOxNSAHQ2SMU/VmHdgIoUvvKSBnVirSXLOfkCLgFjrShl+N3LV1O8ekzRvJ9Zqt6tp5NQRKxASwt97MbqzDyijc03uZAO6ZTvx47S47Ps3MLzaxHoSsEvjpUyrC7XVS7QO17v0qiF0R/NMg563Crfl7gR2XbM2Ypdtz9Uiwv3VzhAciMjmR+WRBk3YXdPruuDjxtldiFkEF15c423ZKTHO0Qdd1j1FBIesATZxgjVdVA1GZuJ+EXJcQhZJPSX0wKpKk6y2snyAE/f0iZqUxQtZuAAWSMinTROjnz7kLt63/s7Ks/SmcBzLp8sWMbvf+1Gnwll/CpLlhtzFpwROOm34h7rwcXlUgb6Y/Oa5xpzcfQYpAuUjrJeZR6xp6QYbGL//cyOIfj4nDpcMwY8Bng1xGP/adH9ZwIE2Kt/uGPwk+o+rVAdBWnUW6MUyQCeD+lJVSFib1/PLv8k4cpFaOGTVeD8Dfs90kYEEjG7SNOB9QpWRxxW/3OeFZewh84BPmQybTdwwIjrUaI+/W405SNqOWcsEMI&u=U2FsdGVkX19IBL4+w2j76/V0bDGNinjt4f7vaZiQORh4aj0HIeAf0E0Nl4a24CtR&y=U2FsdGVkX18vAUmhMS09L+QMYFQI4ZZiTJG548T0+cjziR6Il12NnlBYNJ6Z+Bd/ HTTP/1.1" 200 8499
186.102.85.97 - - [27/Dec/2023:07:30:26 -0500] "GET /kwssiamovil/sm/acme/s?s=U2FsdGVkX18j8xJPHYJjwu4T5/a/jvAyBVpF1deCf8l2r9zeiTUnznBfs2YdxSsZYEXnV+5ZjFUZG42b0eXRzLEm3BVxP6YN0e0vPIOErRZf9Z+pcy0gm2PchQ2KuTTmaCdN6eREi3IBglSaTafSv3HoDUjAGEFUxlycRry7/ZpUSUTahNrW1BgvJcdJPuSRGdnP83ztOiS5GgfYHaTR1nayFWAWPRne4x2tm3J+9DC9S1BfOLrvYBukwS8dKZO9VrmZ3WazQ/gHp9DXLOL2nvRjc4W2Qkwy8PkImxWdYlEQdXS4j8BP/SAB+T109WxE02SJwPRTT6AihCA/cme90vx/U59ka47FDJUCZBxpvc7zdYTXKRRingMq4czJJAmV2S43cluV1P2+WsOF2m0PD9p4OC0nhMdTNmxTIZ07jSX3kFV78PdF+doxq9c7MwsTTPVPw8+Q91AX2ySGhObTKV3dLP/XnqQjzH+XoSz9I0NDfSGGaXsT8M66LfsGv5gDaLF0Kd2rhKUY8t0tZEurwt1mXUe0LA8pJ2HHvwpre7iP7mQCKAhiL4yA3sz4XWHWwMbVbvhm8nkHxJNwE2hAHrg+HIChoWmn8xtoFXjsN1JaBVz6cMfy670eyifvFMvgO0qou4tdNXtnFw9skLyuXq0ddNfzLPRF1t/s2Plxn3M8yJYrSM6aoWUQV4z9FnMlauTpTni4QRNEjTcNw8KikxKhxVCq7VHNdl9oHNdrBkEaxT5yNeLJidQVELdhlEK/FDXvxhq3S4070L8oogp2yA==&u=U2FsdGVkX19IBL4+w2j76/V0bDGNinjt4f7vaZiQORh4aj0HIeAf0E0Nl4a24CtR&y=U2FsdGVkX18vAUmhMS09L+QMYFQI4ZZiTJG548T0+cjziR6Il12NnlBYNJ6Z+Bd/ HTTP/1.1" 200 208
186.102.85.97 - - [27/Dec/2023:07:30:27 -0500] "GET /kwssiamovil/sm/cjson/pre?f=1&x=U2FsdGVkX1/vkN4MFRJ7b3DfafuUftWusEm7ARBTfpl4NRZyXRKTNEK+FNMIZbZS7ilBGyxGWi9qcRhq0Cr0Kw== HTTP/1.1" 200 31032
156.59.198.136 - - [27/Dec/2023:07:30:40 -0500] "GET /BLA/resoluciones/RESOLUCIONES%202007/RES%202007%202801%20AL%202900/RESOLUCION%202855%20DE%202007.pdf HTTP/1.0" 200 881276
156.59.198.135 - - [27/Dec/2023:07:31:05 -0500] "GET /BLA/resoluciones/AUTOS%202016/3083.pdf HTTP/1.0" 200 357904
66.249.73.37 - - [27/Dec/2023:07:31:13 -0500] "GET /BLA/resoluciones/RESOLUCIONES%202009/6781.pdf HTTP/1.1" 200 641452
156.59.198.136 - - [27/Dec/2023:07:31:29 -0500] "GET /BLA/resoluciones/Notificaciones/AUTOS%202020/1527.pdf HTTP/1.0" 200 319360
201.245.192.253 - - [27/Dec/2023:07:31:32 -0500] "POST /forms/lservlet;jsessionid=ac16012b30d6ac84fb743cb8490d9168fad49a174d06.e3iSbxaKaheRe34Qc38TbN0Nb41ynknvrkLOlQzNp65In0 HTTP/1.1" 200 2
201.245.192.253 - - [27/Dec/2023:07:31:36 -0500] "POST /forms/lservlet;jsessionid=ac16012b30d608a3c74dabe741288258ac4c4de7c868.e3iSbxaKaheRe34Qc38TbN0Nb41ynknvrkLOlQzNp65In0 HTTP/1.1" 200 2
216.245.221.92 - - [27/Dec/2023:07:31:46 -0500] "HEAD / HTTP/1.1" 200 -
156.59.198.135 - - [27/Dec/2023:07:31:54 -0500] "GET /BLA/resoluciones/RESOLUCIONES%202008/3851.pdf HTTP/1.0" 200 699767
201.245.192.253 - - [27/Dec/2023:07:31:59 -0500] "POST /kwsrmcab/Wsrmcab  HTTP/1.1" 200 36330
66.249.73.38 - - [27/Dec/2023:07:32:03 -0500] "GET /resoluciones/RESOLUCIONES%202008/0133.pdf HTTP/1.1" 404 1018
156.59.198.136 - - [27/Dec/2023:07:32:18 -0500] "GET /BLA/resoluciones/RESOLUCIONES%202009/1303.pdf HTTP/1.0" 200 510786
186.114.115.116 - - [27/Dec/2023:07:32:31 -0500] "GET /distrito-exalto-a-246-empresas-de-bogota-por-su-alto-desempeno-y-responsabilidad-ambiental-durante-2023.html HTTP/1.1" 200 1039
156.59.198.135 - - [27/Dec/2023:07:32:43 -0500] "GET /BLA/resoluciones/RESOLUCIONES%202008/1515.pdf HTTP/1.0" 200 309761
156.59.198.135 - - [27/Dec/2023:07:33:07 -0500] "GET /BLA/resoluciones/RESOLUCIONES%202007/RES%202007%203401%20AL%203500/RESOLUCION%203497%20DE%202007.pdf HTTP/1.0" 200 421317
172.22.2.4 - - [27/Dec/2023:07:33:21 -0500] "GET /BLA/boletinlegal/robots.txt HTTP/1.1" 404 1038
172.22.2.4 - - [27/Dec/2023:07:33:21 -0500] "GET /BLA/boletinlegal/Directivas/2013/Directiva%20No.%201%20del%2004%20de%20Abril%20de%202013.pdf HTTP/1.1" 200 472003
156.59.198.135 - - [27/Dec/2023:07:33:31 -0500] "GET /BLA/resoluciones/RESOLUCIONES%202008/2705.pdf HTTP/1.0" 200 342222
201.245.192.253 - - [27/Dec/2023:07:33:32 -0500] "POST /forms/lservlet;jsessionid=ac16012b30d6ac84fb743cb8490d9168fad49a174d06.e3iSbxaKaheRe34Qc38TbN0Nb41ynknvrkLOlQzNp65In0 HTTP/1.1" 200 2
190.7.155.82 - - [27/Dec/2023:07:33:36 -0500] "-" 408 -
201.245.192.253 - - [27/Dec/2023:07:33:36 -0500] "POST /forms/lservlet;jsessionid=ac16012b30d608a3c74dabe741288258ac4c4de7c868.e3iSbxaKaheRe34Qc38TbN0Nb41ynknvrkLOlQzNp65In0 HTTP/1.1" 200 2
172.22.2.4 - - [27/Dec/2023:07:32:07 -0500] "HEAD /BLA/boletinlegal/ HTTP/1.1" 200 -
156.59.198.135 - - [27/Dec/2023:07:33:55 -0500] "GET /BLA/resoluciones/RESOLUCIONES%202009/2584.pdf HTTP/1.0" 200 457661
172.22.2.4 - - [27/Dec/2023:07:34:03 -0500] "GET /BLA/boletinlegal/robots.txt HTTP/1.1" 404 1018
172.22.2.4 - - [27/Dec/2023:07:34:06 -0500] "GET /BLA/boletinlegal/js/jquery.js HTTP/1.1" 200 57254
172.22.2.4 - - [27/Dec/2023:07:34:09 -0500] "GET /BLA/boletinlegal/actos.php HTTP/1.1" 200 9682
172.22.2.4 - - [27/Dec/2023:07:34:09 -0500] "GET /BLA/boletinlegal/js/jquery.scrollTo-min.js HTTP/1.1" 200 1150
172.22.2.4 - - [27/Dec/2023:07:34:09 -0500] "GET /BLA/boletinlegal/favicon.ico HTTP/1.1" 404 1326
190.156.70.119 - - [27/Dec/2023:07:34:11 -0500] "GET /BLA/resoluciones/ HTTP/1.1" 200 13696
190.156.70.119 - - [27/Dec/2023:07:34:11 -0500] "GET /favicon.ico HTTP/1.1" 200 7782
172.22.2.4 - - [27/Dec/2023:07:34:13 -0500] "GET /BLA/boletinlegal/js/jquery.scrollShow.js HTTP/1.1" 200 4586
190.156.70.119 - - [27/Dec/2023:07:34:15 -0500] "GET /BLA/resoluciones/index.php?dir=RESOLUCIONES+2021%2F HTTP/1.1" 200 444412
186.102.85.97 - - [27/Dec/2023:07:34:19 -0500] "OPTIONS /kwssiamovil/sm/setfile/f? HTTP/1.1" 200 13
156.59.198.136 - - [27/Dec/2023:07:34:19 -0500] "GET /BLA/resoluciones/RESOLUCIONES%202009/2384.pdf HTTP/1.0" 200 353720
186.102.85.97 - - [27/Dec/2023:07:34:19 -0500] "POST /kwssiamovil/sm/setfile/f? HTTP/1.1" 200 381
186.102.85.97 - - [27/Dec/2023:07:34:28 -0500] "GET /kwssiamovil/sm/acme/a?s=U2FsdGVkX1+XOFzHOWjpccNi4UDndEscqWuXFz+045r3oOGVloWaiY+/Pu1Sx72MHXXJZsGT9tAM23RVVB2FE++GPNzm8hH284D5QwdQZDWA4j1u0EpiBGRSlITdGEnNfXArm8N5ywTWxL16DNO4FopgXHneUSKIlmidHvNuBuhRH7RyXksHku/1yQyh9fwyHTYzx6AF3OJ8KfMSTe5EAyNFjNmAybKsRTWWVC/rgyPSivupRUEyTOftzbXFmIzgV8R5Z3xgVSFAhsqx1W87NA==&u=U2FsdGVkX19IBL4+w2j76/V0bDGNinjt4f7vaZiQORh4aj0HIeAf0E0Nl4a24CtR&y=U2FsdGVkX18vAUmhMS09L+QMYFQI4ZZiTJG548T0+cjziR6Il12NnlBYNJ6Z+Bd/ HTTP/1.1" 200 26
186.102.85.97 - - [27/Dec/2023:07:34:29 -0500] "GET /kwssiamovil/sm/acme/a?s=U2FsdGVkX19xuQvThmddRk+2IYc/7AczUBdbQoBOWwn7pt0tgdKE2jdgqWypBvZK6uava5L9IYDNpFYez/g/gwr91tjTLePi77Q9ig3wm066DV2oOAGsfzVJqfEvyrpEG5xZKZ+JnPz78sOIN8HnlN91t61mItXxdkEuiO2els3g2MGPAoZAgXFGaK6yfoKTmJ+JA7us1Q5e2ueLSQ0OY8RIU0Dx4JcgRiX+o/ickViLjkziInRLJR+rL2UXwEAqOst4avR5mGn/8d0Ooej5p0K3jzg7zNj8TBA+AGmPyws1k8z4lbfnU7SXqcbYiuh+BkZV4mtFBFEGgaDcNj3tNLVzzZR4Cwe+3EVQvyA+Qr+/xlxsHwLF9KNpr9WZwLIMnSs6voHqVtcawIDJQrdFObLouq7BQNSyjPMCkHFLaDvWAXgiYOVDOgCvranCYOS91ASKtxu62YyzHAY4rArVx7/4IIZS7Z9B6UgQOty8ktQwGucjnNxHDj0etds97qXtGzVGVPPn5x7upLXDG7ryCV43BBUR08Vo4EBj0KdrAA3oPnfbvt7WrSKv40N2E/lxryFf0u5aPMDL3SiTCE0uVOrwIvCH4vmWV7kiRg/+TnbYGNkURPSGNtvOJ+5Ur+PpXFCw+B0dxmxeLt3pwsWGyanV3n8J6fJHYzbeEyqvG4TzXZvbH0ylNK1CGKtoljVfgRoipkKzrZ8/8n2+JDZ4sv3OMCrA/dY617N+YKd/YQHJZOsW/KzsaWC8cjkvQgf0nOOjg/+4iEMY++yqj0qgdHvQ0kgWSmOb+KCieurJ7k3I8kymgFQptsT/53jPGVsLOACr3RJHKpuGJcPe4zB9sXDVqpGgeVRHSldV6LXoJ9QRFOmqW51jiU+3h+V6lbwUNS6j+P3sVV92WTU0bizT3XGc4kg4HWikJ7pVP6t9Sp2yvxKCibDj+H5tTKclLsAVjpSa6CLSWEdyciHkekhZqvFl9Ipne4RkaaAUNSwjyluYKeOQV397g++4Ct0X8XfLBpbP8YRcIzYsN9Lb3VJWpjmK7BuGpleBbrx1mvt1ddlTzfD+Exl8CwH0jcrN8OUddSIasowMAXIWQ7BXn4PINj6CaPdkSDWxCpDUycgw7fEJ6EBr0xSNTb8S4TpY8HIb0gR3Nq3vFxoVAibV8ImEQZubvwMk5FfpSNQCc+7uAJbQAUvM8bA5NKJcKK7P/7t2nz6CiDjXEC+HUdc1DZlwTR+S64a5U7LW8Gw5mrFox2CLdX9gRzFZ5mTlcX8jrTfBTxVQzWinf/ACYpCA3fZIUU19J9cuVspRHzsEtJ8lVjWdahco8NOPGWcZwyRgzlGESa1AheNDyOAKuQsalpRCF05s3HrpSr08nldbXFq42q/VcxxDQ6IG+Jef8jYheqPFgvUdlWolYH2gubX4DX8E/sO5PjV48Gj7KK9g7Ajj/bLDqd9UJqQhJFmRPxScFsEnseTeMZtrSCPv3WteiSwYjfAi3/MexHv2Fc9nynkT31SpQ01fTDdIu3CVz7rqBUEh0EobF54bQ9GUaEk4OjioyjT3e2A037l4osnL/7Q70/FL0dyi71Qw9qPKsip7EygLsMvnA5k/Lt6lKqbQBkzKKO4IagGGbBbJFDBCYBSHX+4yRcvhg0r09UzCjRNYtGcBKeCUHSBFoKz0ZQUcoIIuV3RkJSHXi/cbW3loSaR9S3mqifzcq5p4+zPrB9f6g8c2NTIXOqFqKgmoCF9dvnezZ8JKx+Jgzb6q9il05GyqAz5gGyvkJvS1fK0+vqY7mdvLkeZBHuz3yCK4QZJcBe1DV/q1vI9IJ0XhAMr6ca6rzPjP6gOFCiEpWXyNjbFXaKgh&u=U2FsdGVkX19IBL4+w2j76/V0bDGNinjt4f7vaZiQORh4aj0HIeAf0E0Nl4a24CtR&y=U2FsdGVkX18vAUmhMS09L+QMYFQI4ZZiTJG548T0+cjziR6Il12NnlBYNJ6Z+Bd/ HTTP/1.1" 200 26
186.102.85.97 - - [27/Dec/2023:07:34:29 -0500] "GET /kwssiamovil/sm/acme/a?s=U2FsdGVkX19VmOfFuSTnL999rqUqMAKon+msl0NW3cXX5LBRhcyRC/ucjLPQTYKR0xH5vzBsi70+E8/gby3XF3vcpM81Dp9rs/vkfPJGpwuVF8Se+G+xR7BxSp18W+NkD2UuRIwRUxzQBoVUejiYI5Z9cK4h5w7tb41rFZC71aY=&u=U2FsdGVkX19IBL4+w2j76/V0bDGNinjt4f7vaZiQORh4aj0HIeAf0E0Nl4a24CtR&y=U2FsdGVkX18vAUmhMS09L+QMYFQI4ZZiTJG548T0+cjziR6Il12NnlBYNJ6Z+Bd/ HTTP/1.1" 200 26
186.102.85.97 - - [27/Dec/2023:07:34:29 -0500] "GET /kwssiamovil/sm/acme/a?s=U2FsdGVkX19Dd9i7/IGtY8kjGuscGYnz6wfOazj0rig0HIkJ0Pz47V/lSB95sPTX65mgtxmQEbRMvnuriyaCmDIbC5yf0zuwbizZC6+qqcIcEYminc4TblQkauodqHy+nyaPbM4NrJ0nbHgOlVd+Vk8g3w3r8ghQs1mZzYTggcc=&u=U2FsdGVkX19IBL4+w2j76/V0bDGNinjt4f7vaZiQORh4aj0HIeAf0E0Nl4a24CtR&y=U2FsdGVkX18vAUmhMS09L+QMYFQI4ZZiTJG548T0+cjziR6Il12NnlBYNJ6Z+Bd/ HTTP/1.1" 200 26
186.102.85.97 - - [27/Dec/2023:07:34:30 -0500] "GET /kwssiamovil/sm/acme/a?s=U2FsdGVkX1+1pWO1DIBphcq9wNrX3aCEX0xw472XQETrw/76vK5XLih6R6yFSH1V+4LOBEJ+PIB12xCHj1o1maq+YUIZ64lEgyM5Rl24hWATPCFB5VLodqTRVXVbPa3ciq8HuP94qat6echEQUitXVr0zI6Doj5ZQji7EBUUIwI=&u=U2FsdGVkX19IBL4+w2j76/V0bDGNinjt4f7vaZiQORh4aj0HIeAf0E0Nl4a24CtR&y=U2FsdGVkX18vAUmhMS09L+QMYFQI4ZZiTJG548T0+cjziR6Il12NnlBYNJ6Z+Bd/ HTTP/1.1" 200 26
172.22.2.4 - - [27/Dec/2023:07:33:40 -0500] "GET /BLA/boletinlegal/ HTTP/1.1" 200 32715
186.102.85.97 - - [27/Dec/2023:07:34:30 -0500] "GET /kwssiamovil/sm/acme/a?s=U2FsdGVkX1/wLdRaK6/h+Dh/Ada6AyTwHy7icxAGceO37IxgcD4aMh7EngRPGWuEv3KbnVW6pTaURP3ttcJTlq6uG6GDE40ND7n8G0G1PHkwEAF9RLzIIlalFHDir0hqAKJP1CTA0wSvXAroXWsVP9iZfJoqYCHf8hQ00mW/8w9qSMTdl64oGdMkZ3TT4Vhtk5rrZdSW5pyw3E4XPL0qIA==&u=U2FsdGVkX19IBL4+w2j76/V0bDGNinjt4f7vaZiQORh4aj0HIeAf0E0Nl4a24CtR&y=U2FsdGVkX18vAUmhMS09L+QMYFQI4ZZiTJG548T0+cjziR6Il12NnlBYNJ6Z+Bd/ HTTP/1.1" 200 26
186.102.85.97 - - [27/Dec/2023:07:34:30 -0500] "GET /kwssiamovil/sm/acme/a?s=U2FsdGVkX19plGyE1HxmT4DC1qQy9K/p9iGbgkt4/tuEHGINyI3r/37U3z7XpnK3rfoTwTDW+esOSug12T4XxdSjGLmcyBLsS8lrn5C0RlDnf9ITPbgiPnX33CXywPbzxaHuGlQ2/WE1yafaZuVj2DFZetVXi0A/mynnbfiogPUcKeNJigRvW6symkUI11QBz0PanGfyWGicM3iZkmZFeK5v0TLBThr8YeYZ+b5vXlW1AaVyV+9SFFErS/trtTcpe2T70J8d7wXSlTxzKhc14PtumYmM+/kEMwQuK8aBdpx+RkqQbKp03PWa4rPJbLA93jZW/plW+AfQtkQXfj9rDlvK/z4Bo4As5th16tG92zI20iwbVACzeoWdOTaATqhCuev1I8FZrFhVCOco9EMxwOp3YQ7tHeJ2/s1XUGFOuXLvUU9Fnui2T6yq9urD5P3aK43NvE0ycf6BP0ZFV4hWOrevtaWOuaraahit/hPNFTJdDEhLnYpTTEv/b74+XHXG&u=U2FsdGVkX19IBL4+w2j76/V0bDGNinjt4f7vaZiQORh4aj0HIeAf0E0Nl4a24CtR&y=U2FsdGVkX18vAUmhMS09L+QMYFQI4ZZiTJG548T0+cjziR6Il12NnlBYNJ6Z+Bd/ HTTP/1.1" 200 25
186.102.85.97 - - [27/Dec/2023:07:34:30 -0500] "GET /kwssiamovil/sm/acme/a?s=U2FsdGVkX1/D+90aCdW+03sBKsFVY0hwHhhWPrkiS7s44NmBu2HSHzY1aa51bJfSCFAdEAx20hWOgzhCd/QQoeQPUPPREjvllw8CvB/5bFXQtewUrU3Zy1qJoIYQNLNqqiatIt06Tr+E18tiOF2CCEqvJuB3kIaw//qotu1NDSa8LhJQ2WDZc4TBHJMDG4XkRDYeuvLbCtlTybzCB56YWN+3giHzi97hKkr8488MMWqRXm7VSO5le2dPTIMhqC3VNXy/bSMfLsxYeghxD7FWYrJBeZYZPMPRk/7t60Xs1W6GllnbG2uYNoQoB/F8Lm4N5pzx+JjkI4bVOLuXFcKbcX+L1h1fZ7WeTRaQNWIQEP7Qw3nMlOw4gG+rEujSXjmKWS8oLtAZPp6fTyZO8J/A86L8e1JlQZsYUVtCQPpRrMr+6KvOcBwZerZgX428Ziifs5Vo8iQj6LOlYt49NEEAUQ==&u=U2FsdGVkX19IBL4+w2j76/V0bDGNinjt4f7vaZiQORh4aj0HIeAf0E0Nl4a24CtR&y=U2FsdGVkX18vAUmhMS09L+QMYFQI4ZZiTJG548T0+cjziR6Il12NnlBYNJ6Z+Bd/ HTTP/1.1" 200 26
190.156.70.119 - - [27/Dec/2023:07:34:31 -0500] "GET /BLA/resoluciones/RESOLUCIONES%202021/1865.pdf HTTP/1.1" 200 466582
172.22.2.4 - - [27/Dec/2023:07:32:58 -0500] "GET /BLA/boletinlegal/ HTTP/1.1" 200 54780
156.59.198.136 - - [27/Dec/2023:07:34:44 -0500] "GET /BLA/resoluciones/RESOLUCIONES%202009/1648.pdf HTTP/1.0" 200 890276
66.249.73.38 - - [27/Dec/2023:07:35:02 -0500] "GET /BLA/resoluciones/RESOLUCIONES%202010/2029.pdf HTTP/1.1" 200 347510
156.59.198.136 - - [27/Dec/2023:07:35:08 -0500] "GET /BLA/resoluciones/Notificaciones/AUTOS%202020/0587.pdf HTTP/1.0" 200 1868707
201.245.192.253 - - [27/Dec/2023:07:35:32 -0500] "POST /forms/lservlet;jsessionid=ac16012b30d6ac84fb743cb8490d9168fad49a174d06.e3iSbxaKaheRe34Qc38TbN0Nb41ynknvrkLOlQzNp65In0 HTTP/1.1" 200 2
156.59.198.135 - - [27/Dec/2023:07:35:33 -0500] "GET /BLA/resoluciones/RESOLUCIONES%202008/1787.pdf HTTP/1.0" 200 298071
201.245.192.253 - - [27/Dec/2023:07:35:36 -0500] "POST /forms/lservlet;jsessionid=ac16012b30d608a3c74dabe741288258ac4c4de7c868.e3iSbxaKaheRe34Qc38TbN0Nb41ynknvrkLOlQzNp65In0 HTTP/1.1" 200 2
156.59.198.135 - - [27/Dec/2023:07:35:58 -0500] "GET /BLA/resoluciones/Notificaciones/AUTOS%202020/4601.pdf HTTP/1.0" 200 361363
201.245.192.253 - - [27/Dec/2023:07:36:02 -0500] "POST /kwsrmcab/Wsrmcab HTTP/1.1" 200 36658
201.245.192.253 - - [27/Dec/2023:07:36:05 -0500] "POST /kwsrmcab/Wsrmcab HTTP/1.1" 200 36831
156.59.198.136 - - [27/Dec/2023:07:36:22 -0500] "GET /BLA/resoluciones/Notificaciones/REGISTROS%202022/02400.pdf HTTP/1.0" 200 275629
216.245.221.92 - - [27/Dec/2023:07:36:46 -0500] "HEAD / HTTP/1.1" 200 -
156.59.198.136 - - [27/Dec/2023:07:36:46 -0500] "GET /BLA/resoluciones/RESOLUCIONES%202007/RES%202007%203401%20AL%203500/RESOLUCION%203477%20DE%202007.pdf HTTP/1.0" 200 248926
201.245.192.253 - - [27/Dec/2023:07:36:57 -0500] "POST /kwsrmcab/Wsrmcab  HTTP/1.1" 200 36330
156.59.198.136 - - [27/Dec/2023:07:37:12 -0500] "GET /BLA/resoluciones/RESOLUCIONES%202009/4106.pdf HTTP/1.0" 200 472954
201.245.192.253 - - [27/Dec/2023:07:37:32 -0500] "POST /forms/lservlet;jsessionid=ac16012b30d6ac84fb743cb8490d9168fad49a174d06.e3iSbxaKaheRe34Qc38TbN0Nb41ynknvrkLOlQzNp65In0 HTTP/1.1" 200 2
156.59.198.135 - - [27/Dec/2023:07:37:35 -0500] "GET /BLA/resoluciones/RESOLUCIONES%202009/2513.pdf HTTP/1.0" 200 410260
201.245.192.253 - - [27/Dec/2023:07:37:36 -0500] "POST /forms/lservlet;jsessionid=ac16012b30d608a3c74dabe741288258ac4c4de7c868.e3iSbxaKaheRe34Qc38TbN0Nb41ynknvrkLOlQzNp65In0 HTTP/1.1" 200 2
173.252.127.16 - - [27/Dec/2023:07:37:42 -0500] "GET /agendate-para-participar-en-las-caminatas-ecologicas-de-febrero.html HTTP/1.1" 200 830
156.59.198.136 - - [27/Dec/2023:07:37:59 -0500] "GET /BLA/resoluciones/Notificaciones/AUTOS%202023/508.pdf HTTP/1.0" 200 399501
156.59.198.135 - - [27/Dec/2023:07:38:25 -0500] "GET /BLA/resoluciones/RESOLUCIONES%202009/2307.pdf HTTP/1.0" 200 658503
66.249.73.36 - - [27/Dec/2023:07:38:27 -0500] "GET /resoluciones/RESOLUCIONES%202009/1726.pdf HTTP/1.1" 404 1018
173.252.83.116 - - [27/Dec/2023:07:38:46 -0500] "GET /secretaria-de-ambiente-reconocio-entidades-por-sus-buenas-practicas-ambientales.html HTTP/1.1" 200 892
156.59.198.136 - - [27/Dec/2023:07:38:47 -0500] "GET /BLA/resoluciones/RESOLUCIONES%202018/2396.pdf HTTP/1.0" 200 311460
156.59.198.135 - - [27/Dec/2023:07:39:12 -0500] "GET /BLA/resoluciones/RESOLUCIONES%202008/3033.pdf HTTP/1.0" 200 335521
201.245.192.253 - - [27/Dec/2023:07:39:32 -0500] "POST /forms/lservlet;jsessionid=ac16012b30d6ac84fb743cb8490d9168fad49a174d06.e3iSbxaKaheRe34Qc38TbN0Nb41ynknvrkLOlQzNp65In0 HTTP/1.1" 200 2
156.59.198.136 - - [27/Dec/2023:07:39:36 -0500] "GET /BLA/resoluciones/RESOLUCIONES%202008/3775.pdf HTTP/1.0" 200 852046
201.245.192.253 - - [27/Dec/2023:07:39:36 -0500] "POST /forms/lservlet;jsessionid=ac16012b30d608a3c74dabe741288258ac4c4de7c868.e3iSbxaKaheRe34Qc38TbN0Nb41ynknvrkLOlQzNp65In0 HTTP/1.1" 200 2
172.22.2.4 - - [27/Dec/2023:07:37:57 -0500] "HEAD /BLA/boletinlegal/ HTTP/1.1" 200 -
156.59.198.136 - - [27/Dec/2023:07:40:00 -0500] "GET /BLA/resoluciones/RESOLUCIONES%202008/4738.pdf HTTP/1.0" 200 333173
201.245.192.253 - - [27/Dec/2023:07:40:04 -0500] "POST /kwsrmcab/Wsrmcab HTTP/1.1" 200 36658
201.245.192.253 - - [27/Dec/2023:07:40:09 -0500] "POST /kwsrmcab/Wsrmcab HTTP/1.1" 200 36831
201.245.192.253 - - [27/Dec/2023:07:40:14 -0500] "POST /sipse/faces/presentacion/financiero/solicitudProceso/listarSolicitudProceso.xhtml HTTP/1.1" 200 24764
201.245.192.253 - - [27/Dec/2023:07:40:14 -0500] "POST /sipse/faces/presentacion/financiero/solicitudProceso/listarSolicitudProceso.xhtml HTTP/1.1" 200 24764
201.245.192.253 - - [27/Dec/2023:07:40:15 -0500] "POST /sipse/faces/presentacion/financiero/solicitudProceso/listarSolicitudProceso.xhtml HTTP/1.1" 200 1420
201.245.192.253 - - [27/Dec/2023:07:40:15 -0500] "POST /sipse/faces/presentacion/financiero/solicitudProceso/listarSolicitudProceso.xhtml HTTP/1.1" 200 1428
201.245.192.253 - - [27/Dec/2023:07:40:16 -0500] "POST /sipse/faces/presentacion/financiero/solicitudProceso/listarSolicitudProceso.xhtml HTTP/1.1" 200 2071
201.245.192.253 - - [27/Dec/2023:07:40:17 -0500] "POST /sipse/faces/presentacion/financiero/solicitudProceso/listarSolicitudProceso.xhtml HTTP/1.1" 200 25230
201.245.192.253 - - [27/Dec/2023:07:40:17 -0500] "POST /sipse/faces/presentacion/financiero/solicitudProceso/listarSolicitudProceso.xhtml HTTP/1.1" 200 25230
201.245.192.253 - - [27/Dec/2023:07:40:18 -0500] "POST /sipse/faces/presentacion/financiero/solicitudProceso/listarSolicitudProceso.xhtml HTTP/1.1" 200 1376
201.245.192.253 - - [27/Dec/2023:07:40:18 -0500] "POST /sipse/faces/presentacion/financiero/solicitudProceso/listarSolicitudProceso.xhtml HTTP/1.1" 200 1376
156.59.198.135 - - [27/Dec/2023:07:40:24 -0500] "GET /BLA/resoluciones/AUTOS%202016/2763.pdf HTTP/1.0" 200 714672
172.22.2.4 - - [27/Dec/2023:07:38:48 -0500] "GET /BLA/boletinlegal/ HTTP/1.1" 200 58567
156.59.198.135 - - [27/Dec/2023:07:40:48 -0500] "GET /BLA/resoluciones/AUTOS%202015/7119.pdf HTTP/1.0" 200 710923
156.59.198.136 - - [27/Dec/2023:07:41:12 -0500] "GET /BLA/resoluciones/RESOLUCIONES%202008/4299.pdf HTTP/1.0" 200 615318
201.245.192.253 - - [27/Dec/2023:07:41:32 -0500] "POST /forms/lservlet;jsessionid=ac16012b30d6ac84fb743cb8490d9168fad49a174d06.e3iSbxaKaheRe34Qc38TbN0Nb41ynknvrkLOlQzNp65In0 HTTP/1.1" 200 2
201.245.192.253 - - [27/Dec/2023:07:41:36 -0500] "POST /forms/lservlet;jsessionid=ac16012b30d608a3c74dabe741288258ac4c4de7c868.e3iSbxaKaheRe34Qc38TbN0Nb41ynknvrkLOlQzNp65In0 HTTP/1.1" 200 2
156.59.198.135 - - [27/Dec/2023:07:41:38 -0500] "GET /BLA/resoluciones/RESOLUCIONES%202008/3875.pdf HTTP/1.0" 200 342966
216.245.221.92 - - [27/Dec/2023:07:41:46 -0500] "HEAD / HTTP/1.1" 200 -
201.245.192.253 - - [27/Dec/2023:07:41:56 -0500] "POST /kwsrmcab/Wsrmcab  HTTP/1.1" 200 36330
156.59.198.136 - - [27/Dec/2023:07:42:01 -0500] "GET /BLA/resoluciones/RESOLUCIONES%202018/1920.pdf HTTP/1.0" 200 266815
