201.245.192.253 - - [27/Dec/2023:09:45:21 -0500] "GET /sipse/faces/javax.faces.resource/images/ui-icons_898989_256x240.png?ln=primefaces-aristo HTTP/1.1" 304 -
201.245.192.253 - - [27/Dec/2023:09:45:27 -0500] "POST /sipse/faces/autenticacion.xhtml HTTP/1.1" 200 11394
201.245.192.253 - - [27/Dec/2023:09:45:27 -0500] "GET /sipse/faces/javax.faces.resource/theme.css?ln=primefaces-sipse HTTP/1.1" 304 -
201.245.192.253 - - [27/Dec/2023:09:45:27 -0500] "GET /sipse/faces/javax.faces.resource/jquery/jquery.js?ln=primefaces&v=4.0 HTTP/1.1" 304 -
201.245.192.253 - - [27/Dec/2023:09:45:27 -0500] "GET /sipse/faces/javax.faces.resource/primefaces.css?ln=primefaces&v=4.0 HTTP/1.1" 304 -
201.245.192.253 - - [27/Dec/2023:09:45:27 -0500] "GET /sipse/faces/javax.faces.resource/layout/layout.css?ln=primefaces&v=4.0 HTTP/1.1" 304 -
201.245.192.253 - - [27/Dec/2023:09:45:27 -0500] "GET /sipse/faces/javax.faces.resource/jquery/jquery-plugins.js?ln=primefaces&v=4.0 HTTP/1.1" 304 -
201.245.192.253 - - [27/Dec/2023:09:45:27 -0500] "GET /sipse/faces/javax.faces.resource/primefaces.js?ln=primefaces&v=4.0 HTTP/1.1" 304 -
201.245.192.253 - - [27/Dec/2023:09:45:27 -0500] "GET /sipse/faces/javax.faces.resource/layout/layout.js?ln=primefaces&v=4.0 HTTP/1.1" 304 -
201.245.192.253 - - [27/Dec/2023:09:45:27 -0500] "GET /sipse/faces/javax.faces.resource/messages/messages.png?ln=primefaces&v=4.0 HTTP/1.1" 304 -
201.245.192.253 - - [27/Dec/2023:09:45:28 -0500] "POST /sipse/faces/presentacion/sistema/seguridad/seleccionRol.xhtml HTTP/1.1" 200 16498
201.245.192.253 - - [27/Dec/2023:09:45:29 -0500] "GET /sipse/faces/javax.faces.resource/theme.css?ln=primefaces-sipse HTTP/1.1" 304 -
201.245.192.253 - - [27/Dec/2023:09:45:29 -0500] "GET /sipse/faces/javax.faces.resource/primefaces.css?ln=primefaces&v=4.0 HTTP/1.1" 304 -
201.245.192.253 - - [27/Dec/2023:09:45:29 -0500] "GET /sipse/faces/javax.faces.resource/layout/layout.css?ln=primefaces&v=4.0 HTTP/1.1" 304 -
201.245.192.253 - - [27/Dec/2023:09:45:29 -0500] "GET /sipse/faces/javax.faces.resource/jquery/jquery.js?ln=primefaces&v=4.0 HTTP/1.1" 304 -
201.245.192.253 - - [27/Dec/2023:09:45:29 -0500] "GET /sipse/faces/javax.faces.resource/jquery/jquery-plugins.js?ln=primefaces&v=4.0 HTTP/1.1" 304 -
201.245.192.253 - - [27/Dec/2023:09:45:29 -0500] "GET /sipse/faces/javax.faces.resource/primefaces.js?ln=primefaces&v=4.0 HTTP/1.1" 304 -
201.245.192.253 - - [27/Dec/2023:09:45:29 -0500] "GET /sipse/faces/javax.faces.resource/layout/layout.js?ln=primefaces&v=4.0 HTTP/1.1" 304 -
201.245.192.253 - - [27/Dec/2023:09:45:29 -0500] "GET /sipse/css/imagen/contrasena.png HTTP/1.1" 404 383
156.59.198.135 - - [27/Dec/2023:09:45:29 -0500] "GET /BLA/resoluciones/RESOLUCIONES%202007/RES%202007%202801%20AL%202900/RESOLUCION%202894%20DE%202007.pdf HTTP/1.0" 200 425808
201.245.192.253 - - [27/Dec/2023:09:45:32 -0500] "GET /sipse/faces/javax.faces.resource/images/ui-bg_flat_0_2d5972_40x100.png?ln=primefaces-aristo HTTP/1.1" 304 -
201.245.192.253 - - [27/Dec/2023:09:45:32 -0500] "POST /sipse/faces/bienvenido.xhtml HTTP/1.1" 200 2658
201.245.192.253 - - [27/Dec/2023:09:45:33 -0500] "POST /forms/lservlet;jsessionid=ac16012b30d6ac84fb743cb8490d9168fad49a174d06.e3iSbxaKaheRe34Qc38TbN0Nb41ynknvrkLOlQzNp65In0 HTTP/1.1" 200 2
201.245.192.253 - - [27/Dec/2023:09:45:36 -0500] "POST /forms/lservlet;jsessionid=ac16012b30d608a3c74dabe741288258ac4c4de7c868.e3iSbxaKaheRe34Qc38TbN0Nb41ynknvrkLOlQzNp65In0 HTTP/1.1" 200 2
156.59.198.136 - - [27/Dec/2023:09:45:53 -0500] "GET /BLA/resoluciones/RESOLUCIONES%202009/3124.pdf HTTP/1.0" 200 488235
156.59.198.135 - - [27/Dec/2023:09:46:18 -0500] "GET /BLA/resoluciones/RESOLUCIONES%202007/RES%202007%204101%20AL%204200/RESOLUCION%204106%20DE%202007.pdf HTTP/1.0" 200 446454
201.245.192.253 - - [27/Dec/2023:09:46:27 -0500] "POST /kwsrmcab/Wsrmcab  HTTP/1.1" 200 36330
156.59.198.135 - - [27/Dec/2023:09:46:42 -0500] "GET /BLA/resoluciones/RESOLUCIONES%202009/4409.pdf HTTP/1.0" 200 60423
216.245.221.92 - - [27/Dec/2023:09:46:45 -0500] "HEAD / HTTP/1.1" 200 -
191.156.57.50 - - [27/Dec/2023:09:46:35 -0500] "POST /sipse/faces/presentacion/financiero/solicitudProceso/listarSolicitudProceso.xhtml HTTP/1.1" 200 20869
179.19.57.163 - - [27/Dec/2023:09:46:59 -0500] "GET /appsia/controlador?disableGlobalInfoCollect=false HTTP/1.1" 200 4799
179.19.57.163 - - [27/Dec/2023:09:46:59 -0500] "GET /appsia/css/estilos.css HTTP/1.1" 200 4804
179.19.57.163 - - [27/Dec/2023:09:46:59 -0500] "GET /appsia/scripts/validarIngreso.js HTTP/1.1" 200 851
179.19.57.163 - - [27/Dec/2023:09:46:59 -0500] "GET /appsia/images/logo_bogota_p.png HTTP/1.1" 200 14951
179.19.57.163 - - [27/Dec/2023:09:46:59 -0500] "GET /appsia/images/cabezoteHojaVida.png HTTP/1.1" 200 32493
156.59.198.135 - - [27/Dec/2023:09:47:06 -0500] "GET /BLA/resoluciones/RESOLUCIONES%202009/3975.pdf HTTP/1.0" 200 516663
156.59.198.136 - - [27/Dec/2023:09:47:30 -0500] "GET /BLA/resoluciones/RESOLUCIONES%202009/2562.pdf HTTP/1.0" 200 515453
201.245.192.253 - - [27/Dec/2023:09:47:33 -0500] "POST /forms/lservlet;jsessionid=ac16012b30d6ac84fb743cb8490d9168fad49a174d06.e3iSbxaKaheRe34Qc38TbN0Nb41ynknvrkLOlQzNp65In0 HTTP/1.1" 200 2
201.245.192.253 - - [27/Dec/2023:09:47:36 -0500] "POST /forms/lservlet;jsessionid=ac16012b30d608a3c74dabe741288258ac4c4de7c868.e3iSbxaKaheRe34Qc38TbN0Nb41ynknvrkLOlQzNp65In0 HTTP/1.1" 200 2
156.59.198.135 - - [27/Dec/2023:09:47:55 -0500] "GET /BLA/resoluciones/Notificaciones/AUTOS%202023/715.pdf HTTP/1.0" 200 1191446
172.22.2.4 - - [27/Dec/2023:09:46:16 -0500] "HEAD /BLA/boletinlegal/ HTTP/1.1" 200 -
190.71.156.2 - - [27/Dec/2023:09:47:57 -0500] "GET /sipse/faces/faces/autenticacion.xhtml HTTP/1.1" 200 12410
190.71.156.2 - - [27/Dec/2023:09:47:58 -0500] "GET /sipse/js/disable_browser_buttons.js HTTP/1.1" 304 -
190.71.156.2 - - [27/Dec/2023:09:47:58 -0500] "GET /sipse/js/funciones.js HTTP/1.1" 304 -
190.71.156.2 - - [27/Dec/2023:09:47:58 -0500] "GET /sipse/css/custom_css_sg.css HTTP/1.1" 200 9694
190.71.156.2 - - [27/Dec/2023:09:47:58 -0500] "GET /sipse/css/custom_css_sg_prime_login.css HTTP/1.1" 200 443
190.71.156.2 - - [27/Dec/2023:09:47:58 -0500] "GET /sipse/faces/javax.faces.resource/jquery/jquery.js?ln=primefaces&v=4.0 HTTP/1.1" 304 -
190.71.156.2 - - [27/Dec/2023:09:47:58 -0500] "GET /sipse/faces/javax.faces.resource/layout/layout.css?ln=primefaces&v=4.0 HTTP/1.1" 200 542
190.71.156.2 - - [27/Dec/2023:09:47:58 -0500] "GET /sipse/faces/javax.faces.resource/jquery/jquery-plugins.js?ln=primefaces&v=4.0 HTTP/1.1" 304 -
190.71.156.2 - - [27/Dec/2023:09:47:58 -0500] "GET /sipse/faces/javax.faces.resource/primefaces.js?ln=primefaces&v=4.0 HTTP/1.1" 304 -
190.71.156.2 - - [27/Dec/2023:09:47:58 -0500] "GET /sipse/faces/javax.faces.resource/layout/layout.js?ln=primefaces&v=4.0 HTTP/1.1" 304 -
190.71.156.2 - - [27/Dec/2023:09:47:58 -0500] "GET /sipse/faces/javax.faces.resource/theme.css?ln=primefaces-sipse HTTP/1.1" 200 50058
190.71.156.2 - - [27/Dec/2023:09:47:58 -0500] "GET /sipse/faces/javax.faces.resource/primefaces.css?ln=primefaces&v=4.0 HTTP/1.1" 200 53295
190.71.156.2 - - [27/Dec/2023:09:47:58 -0500] "GET /sipse/faces/javax.faces.resource/images/ui-icons_898989_256x240.png?ln=primefaces-aristo HTTP/1.1" 200 5355
190.71.156.2 - - [27/Dec/2023:09:47:58 -0500] "GET /sipse/css/imagen/logoSDG.png HTTP/1.1" 200 53064
190.71.156.2 - - [27/Dec/2023:09:47:58 -0500] "GET /sipse/css/imagen/loginimg.png HTTP/1.1" 200 71635
190.71.156.2 - - [27/Dec/2023:09:47:58 -0500] "GET /favicon.ico HTTP/1.1" 200 7782
190.71.156.2 - - [27/Dec/2023:09:47:58 -0500] "GET /sipse/faces/faces/index.xhtml HTTP/1.1" 200 677
190.71.156.2 - - [27/Dec/2023:09:47:58 -0500] "GET /sipse/faces/javax.faces.resource/theme.css?ln=primefaces-sipse HTTP/1.1" 304 -
190.71.156.2 - - [27/Dec/2023:09:47:58 -0500] "GET /sipse/faces/faces/faces/autenticacion.xhtml HTTP/1.1" 200 12410
190.71.156.2 - - [27/Dec/2023:09:47:59 -0500] "GET /sipse/faces/javax.faces.resource/jquery/jquery.js?ln=primefaces&v=4.0 HTTP/1.1" 304 -
190.71.156.2 - - [27/Dec/2023:09:47:59 -0500] "GET /sipse/faces/javax.faces.resource/jquery/jquery-plugins.js?ln=primefaces&v=4.0 HTTP/1.1" 304 -
190.71.156.2 - - [27/Dec/2023:09:47:59 -0500] "GET /sipse/faces/javax.faces.resource/primefaces.js?ln=primefaces&v=4.0 HTTP/1.1" 304 -
190.71.156.2 - - [27/Dec/2023:09:47:59 -0500] "GET /sipse/faces/javax.faces.resource/layout/layout.js?ln=primefaces&v=4.0 HTTP/1.1" 304 -
190.71.156.2 - - [27/Dec/2023:09:47:59 -0500] "GET /sipse/faces/javax.faces.resource/theme.css?ln=primefaces-sipse HTTP/1.1" 304 -
190.71.156.2 - - [27/Dec/2023:09:47:59 -0500] "GET /sipse/faces/javax.faces.resource/primefaces.css?ln=primefaces&v=4.0 HTTP/1.1" 304 -
190.71.156.2 - - [27/Dec/2023:09:47:59 -0500] "GET /sipse/faces/javax.faces.resource/layout/layout.css?ln=primefaces&v=4.0 HTTP/1.1" 200 542
190.71.156.2 - - [27/Dec/2023:09:47:59 -0500] "GET /sipse/faces/javax.faces.resource/images/ui-icons_898989_256x240.png?ln=primefaces-aristo HTTP/1.1" 200 5355
190.71.156.2 - - [27/Dec/2023:09:47:59 -0500] "GET /favicon.ico HTTP/1.1" 200 7782
190.71.156.2 - - [27/Dec/2023:09:48:00 -0500] "POST /sipse/faces/autenticacion.xhtml HTTP/1.1" 200 2221
190.71.156.2 - - [27/Dec/2023:09:48:00 -0500] "GET /sipse/faces/javax.faces.resource/messages/messages.png?ln=primefaces&v=4.0 HTTP/1.1" 200 27209
190.71.156.2 - - [27/Dec/2023:09:48:02 -0500] "POST /sipse/faces/autenticacion.xhtml HTTP/1.1" 200 16468
190.71.156.2 - - [27/Dec/2023:09:48:02 -0500] "GET /sipse/css/custom_css_sg_prime.css HTTP/1.1" 304 -
190.71.156.2 - - [27/Dec/2023:09:48:02 -0500] "GET /sipse/js/jquery.min.js HTTP/1.1" 304 -
190.71.156.2 - - [27/Dec/2023:09:48:02 -0500] "GET /sipse/faces/javax.faces.resource/jquery/jquery.js?ln=primefaces&v=4.0 HTTP/1.1" 304 -
190.71.156.2 - - [27/Dec/2023:09:48:02 -0500] "GET /sipse/faces/javax.faces.resource/jquery/jquery-plugins.js?ln=primefaces&v=4.0 HTTP/1.1" 304 -
190.71.156.2 - - [27/Dec/2023:09:48:02 -0500] "GET /sipse/faces/javax.faces.resource/primefaces.js?ln=primefaces&v=4.0 HTTP/1.1" 304 -
190.71.156.2 - - [27/Dec/2023:09:48:02 -0500] "GET /sipse/faces/javax.faces.resource/layout/layout.js?ln=primefaces&v=4.0 HTTP/1.1" 304 -
190.71.156.2 - - [27/Dec/2023:09:48:02 -0500] "GET /sipse/css/v_mergente.css HTTP/1.1" 304 -
190.71.156.2 - - [27/Dec/2023:09:48:02 -0500] "GET /sipse/css/imagen/contrasena.png HTTP/1.1" 404 383
190.71.156.2 - - [27/Dec/2023:09:48:02 -0500] "GET /sipse/imagenes/logoAplicacion.jpg HTTP/1.1" 304 -
190.71.156.2 - - [27/Dec/2023:09:48:02 -0500] "GET /sipse/imagenes/cargando.gif HTTP/1.1" 304 -
190.71.156.2 - - [27/Dec/2023:09:48:04 -0500] "GET /sipse/faces/javax.faces.resource/images/ui-bg_flat_0_2d5972_40x100.png?ln=primefaces-aristo HTTP/1.1" 304 -
190.71.156.2 - - [27/Dec/2023:09:48:04 -0500] "POST /sipse/faces/bienvenido.xhtml HTTP/1.1" 200 2658
190.71.156.2 - - [27/Dec/2023:09:48:05 -0500] "POST /sipse/faces/bienvenido.xhtml HTTP/1.1" 200 63387
190.71.156.2 - - [27/Dec/2023:09:48:06 -0500] "GET /sipse/faces/javax.faces.resource/jquery/jquery.js?ln=primefaces&v=4.0 HTTP/1.1" 304 -
190.71.156.2 - - [27/Dec/2023:09:48:06 -0500] "GET /sipse/faces/javax.faces.resource/jquery/jquery-plugins.js?ln=primefaces&v=4.0 HTTP/1.1" 304 -
190.71.156.2 - - [27/Dec/2023:09:48:06 -0500] "GET /sipse/faces/javax.faces.resource/primefaces.js?ln=primefaces&v=4.0 HTTP/1.1" 304 -
190.71.156.2 - - [27/Dec/2023:09:48:06 -0500] "GET /sipse/faces/javax.faces.resource/layout/layout.js?ln=primefaces&v=4.0 HTTP/1.1" 304 -
190.71.156.2 - - [27/Dec/2023:09:48:06 -0500] "POST /sipse/faces/presentacion/financiero/solicitudProceso/listarSolicitudProceso.xhtml HTTP/1.1" 200 1564
190.71.156.2 - - [27/Dec/2023:09:48:08 -0500] "POST /sipse/faces/presentacion/financiero/solicitudProceso/listarSolicitudProceso.xhtml HTTP/1.1" 200 19839
65.154.226.170 - - [27/Dec/2023:09:48:10 -0500] "GET /sipse/faces/faces/autenticacion.xhtml HTTP/1.1" 200 12732
190.71.156.2 - - [27/Dec/2023:09:48:15 -0500] "POST /sipse/faces/presentacion/financiero/solicitudProceso/listarSolicitudProceso.xhtml HTTP/1.1" 200 32177
156.59.198.135 - - [27/Dec/2023:09:48:19 -0500] "GET /BLA/resoluciones/RESOLUCIONES%202008/3083.pdf HTTP/1.0" 200 425368
201.245.192.253 - - [27/Dec/2023:09:48:24 -0500] "POST /sipse/faces/presentacion/financiero/solicitudProceso/consultarSolicitudProceso.xhtml HTTP/1.1" 200 200759
190.71.156.2 - - [27/Dec/2023:09:48:25 -0500] "POST /sipse/faces/presentacion/financiero/solicitudProceso/listarSolicitudProceso.xhtml HTTP/1.1" 200 20031
201.245.192.253 - - [27/Dec/2023:09:48:28 -0500] "POST /sipse/faces/presentacion/financiero/solicitudProceso/consultarSolicitudProceso.xhtml HTTP/1.1" 200 2143275
201.245.192.253 - - [27/Dec/2023:09:48:31 -0500] "POST /sipse/faces/presentacion/financiero/solicitudProceso/consultarSolicitudProceso.xhtml HTTP/1.1" 200 5457
201.245.192.253 - - [27/Dec/2023:09:48:31 -0500] "GET /sipse/faces/javax.faces.resource/dynamiccontent.properties?ln=primefaces&pfdrid=XjOR5%2F%2FfPAZAuY9TpWQeCiM0BhlXxYRBGKi%2FQcXXfeA%3D&pfdrid_c=false HTTP/1.1" 200 117311
156.59.198.136 - - [27/Dec/2023:09:48:42 -0500] "GET /BLA/resoluciones/RESOLUCIONES%202009/1934.pdf HTTP/1.0" 200 424860
172.22.2.4 - - [27/Dec/2023:09:47:07 -0500] "GET /BLA/boletinlegal/ HTTP/1.1" 200 60502
156.59.198.136 - - [27/Dec/2023:09:49:07 -0500] "GET /BLA/resoluciones/RESOLUCIONES%202009/1553.pdf HTTP/1.0" 200 464720
156.59.198.136 - - [27/Dec/2023:09:49:31 -0500] "GET /BLA/resoluciones/AUTOS%202015/5960.pdf HTTP/1.0" 200 368615
201.245.192.253 - - [27/Dec/2023:09:49:33 -0500] "POST /forms/lservlet;jsessionid=ac16012b30d6ac84fb743cb8490d9168fad49a174d06.e3iSbxaKaheRe34Qc38TbN0Nb41ynknvrkLOlQzNp65In0 HTTP/1.1" 200 2
201.245.192.253 - - [27/Dec/2023:09:49:36 -0500] "POST /forms/lservlet;jsessionid=ac16012b30d608a3c74dabe741288258ac4c4de7c868.e3iSbxaKaheRe34Qc38TbN0Nb41ynknvrkLOlQzNp65In0 HTTP/1.1" 200 2
181.54.0.242 - - [27/Dec/2023:09:49:45 -0500] "GET /BLA/resoluciones/index.php?dir=AUTOS+2014%2F HTTP/1.1" 200 891340
156.59.198.136 - - [27/Dec/2023:09:49:55 -0500] "GET /BLA/resoluciones/RESOLUCIONES%202009/2099.pdf HTTP/1.0" 200 365198
201.245.192.253 - - [27/Dec/2023:09:49:59 -0500] "GET /sipse/faces/index.xhtml HTTP/1.1" 200 677
201.245.192.253 - - [27/Dec/2023:09:49:59 -0500] "GET /sipse/faces/javax.faces.resource/theme.css?ln=primefaces-sipse HTTP/1.1" 304 -
201.245.192.253 - - [27/Dec/2023:09:49:59 -0500] "GET /sipse/faces/faces/autenticacion.xhtml HTTP/1.1" 200 12410
201.245.192.253 - - [27/Dec/2023:09:49:59 -0500] "GET /sipse/js/disable_browser_buttons.js HTTP/1.1" 304 -
201.245.192.253 - - [27/Dec/2023:09:49:59 -0500] "GET /sipse/js/funciones.js HTTP/1.1" 304 -
201.245.192.253 - - [27/Dec/2023:09:49:59 -0500] "GET /sipse/css/custom_css_sg_prime_login.css HTTP/1.1" 304 -
201.245.192.253 - - [27/Dec/2023:09:49:59 -0500] "GET /sipse/css/custom_css_sg.css HTTP/1.1" 304 -
201.245.192.253 - - [27/Dec/2023:09:49:59 -0500] "GET /sipse/faces/javax.faces.resource/theme.css?ln=primefaces-sipse HTTP/1.1" 304 -
201.245.192.253 - - [27/Dec/2023:09:49:59 -0500] "GET /sipse/faces/javax.faces.resource/primefaces.css?ln=primefaces&v=4.0 HTTP/1.1" 304 -
201.245.192.253 - - [27/Dec/2023:09:49:59 -0500] "GET /sipse/faces/javax.faces.resource/layout/layout.css?ln=primefaces&v=4.0 HTTP/1.1" 304 -
201.245.192.253 - - [27/Dec/2023:09:49:59 -0500] "GET /sipse/faces/javax.faces.resource/jquery/jquery.js?ln=primefaces&v=4.0 HTTP/1.1" 304 -
201.245.192.253 - - [27/Dec/2023:09:49:59 -0500] "GET /sipse/faces/javax.faces.resource/jquery/jquery-plugins.js?ln=primefaces&v=4.0 HTTP/1.1" 304 -
201.245.192.253 - - [27/Dec/2023:09:49:59 -0500] "GET /sipse/faces/javax.faces.resource/primefaces.js?ln=primefaces&v=4.0 HTTP/1.1" 304 -
201.245.192.253 - - [27/Dec/2023:09:49:59 -0500] "GET /sipse/faces/javax.faces.resource/layout/layout.js?ln=primefaces&v=4.0 HTTP/1.1" 304 -
201.245.192.253 - - [27/Dec/2023:09:49:59 -0500] "GET /sipse/css/imagen/logoSDG.png HTTP/1.1" 304 -
201.245.192.253 - - [27/Dec/2023:09:49:59 -0500] "GET /sipse/css/imagen/loginimg.png HTTP/1.1" 304 -
201.245.192.253 - - [27/Dec/2023:09:49:59 -0500] "GET /sipse/faces/javax.faces.resource/images/ui-icons_898989_256x240.png?ln=primefaces-aristo HTTP/1.1" 304 -
201.245.192.253 - - [27/Dec/2023:09:50:03 -0500] "POST /sipse/faces/autenticacion.xhtml HTTP/1.1" 200 2219
201.245.192.253 - - [27/Dec/2023:09:50:03 -0500] "GET /sipse/faces/javax.faces.resource/messages/messages.png?ln=primefaces&v=4.0 HTTP/1.1" 304 -
201.245.192.253 - - [27/Dec/2023:09:50:04 -0500] "POST /sipse/faces/autenticacion.xhtml HTTP/1.1" 200 16465
201.245.192.253 - - [27/Dec/2023:09:50:05 -0500] "GET /sipse/css/custom_css_sg_prime.css HTTP/1.1" 304 -
201.245.192.253 - - [27/Dec/2023:09:50:05 -0500] "GET /sipse/js/jquery.min.js HTTP/1.1" 304 -
201.245.192.253 - - [27/Dec/2023:09:50:05 -0500] "GET /sipse/faces/javax.faces.resource/primefaces.css?ln=primefaces&v=4.0 HTTP/1.1" 304 -
201.245.192.253 - - [27/Dec/2023:09:50:05 -0500] "GET /sipse/faces/javax.faces.resource/theme.css?ln=primefaces-sipse HTTP/1.1" 304 -
201.245.192.253 - - [27/Dec/2023:09:50:05 -0500] "GET /sipse/faces/javax.faces.resource/layout/layout.css?ln=primefaces&v=4.0 HTTP/1.1" 304 -
201.245.192.253 - - [27/Dec/2023:09:50:05 -0500] "GET /sipse/faces/javax.faces.resource/jquery/jquery.js?ln=primefaces&v=4.0 HTTP/1.1" 304 -
201.245.192.253 - - [27/Dec/2023:09:50:05 -0500] "GET /sipse/faces/javax.faces.resource/jquery/jquery-plugins.js?ln=primefaces&v=4.0 HTTP/1.1" 304 -
201.245.192.253 - - [27/Dec/2023:09:50:05 -0500] "GET /sipse/faces/javax.faces.resource/primefaces.js?ln=primefaces&v=4.0 HTTP/1.1" 304 -
201.245.192.253 - - [27/Dec/2023:09:50:05 -0500] "GET /sipse/faces/javax.faces.resource/layout/layout.js?ln=primefaces&v=4.0 HTTP/1.1" 304 -
201.245.192.253 - - [27/Dec/2023:09:50:05 -0500] "GET /sipse/css/v_mergente.css HTTP/1.1" 304 -
201.245.192.253 - - [27/Dec/2023:09:50:05 -0500] "GET /sipse/imagenes/cargando.gif HTTP/1.1" 304 -
201.245.192.253 - - [27/Dec/2023:09:50:05 -0500] "GET /sipse/imagenes/logoAplicacion.jpg HTTP/1.1" 304 -
201.245.192.253 - - [27/Dec/2023:09:50:05 -0500] "GET /sipse/css/imagen/contrasena.png HTTP/1.1" 404 383
201.245.192.253 - - [27/Dec/2023:09:50:06 -0500] "GET /sipse/faces/javax.faces.resource/images/ui-bg_flat_0_2d5972_40x100.png?ln=primefaces-aristo HTTP/1.1" 304 -
201.245.192.253 - - [27/Dec/2023:09:50:06 -0500] "POST /sipse/faces/bienvenido.xhtml HTTP/1.1" 200 2658
201.245.192.253 - - [27/Dec/2023:09:50:07 -0500] "POST /sipse/faces/bienvenido.xhtml HTTP/1.1" 200 64003
201.245.192.253 - - [27/Dec/2023:09:50:09 -0500] "GET /sipse/faces/javax.faces.resource/theme.css?ln=primefaces-sipse HTTP/1.1" 304 -
201.245.192.253 - - [27/Dec/2023:09:50:09 -0500] "GET /sipse/faces/javax.faces.resource/layout/layout.css?ln=primefaces&v=4.0 HTTP/1.1" 304 -
201.245.192.253 - - [27/Dec/2023:09:50:09 -0500] "GET /sipse/faces/javax.faces.resource/primefaces.css?ln=primefaces&v=4.0 HTTP/1.1" 304 -
201.245.192.253 - - [27/Dec/2023:09:50:09 -0500] "GET /sipse/faces/javax.faces.resource/jquery/jquery.js?ln=primefaces&v=4.0 HTTP/1.1" 304 -
201.245.192.253 - - [27/Dec/2023:09:50:09 -0500] "GET /sipse/faces/javax.faces.resource/jquery/jquery-plugins.js?ln=primefaces&v=4.0 HTTP/1.1" 304 -
201.245.192.253 - - [27/Dec/2023:09:50:09 -0500] "GET /sipse/faces/javax.faces.resource/primefaces.js?ln=primefaces&v=4.0 HTTP/1.1" 304 -
201.245.192.253 - - [27/Dec/2023:09:50:09 -0500] "GET /sipse/faces/javax.faces.resource/layout/layout.js?ln=primefaces&v=4.0 HTTP/1.1" 304 -
201.245.192.253 - - [27/Dec/2023:09:50:09 -0500] "POST /sipse/faces/presentacion/financiero/solicitudProceso/listarSolicitudProceso.xhtml HTTP/1.1" 200 1564
201.245.192.253 - - [27/Dec/2023:09:50:13 -0500] "POST /sipse/faces/presentacion/financiero/solicitudProceso/listarSolicitudProceso.xhtml HTTP/1.1" 200 2845
201.245.192.253 - - [27/Dec/2023:09:50:13 -0500] "POST /sipse/faces/presentacion/financiero/solicitudProceso/listarSolicitudProceso.xhtml HTTP/1.1" 200 40850
201.245.192.253 - - [27/Dec/2023:09:50:13 -0500] "GET /sipse/faces/javax.faces.resource/theme.css?ln=primefaces-sipse HTTP/1.1" 304 -
201.245.192.253 - - [27/Dec/2023:09:50:13 -0500] "GET /sipse/faces/javax.faces.resource/layout/layout.css?ln=primefaces&v=4.0 HTTP/1.1" 304 -
201.245.192.253 - - [27/Dec/2023:09:50:13 -0500] "GET /sipse/faces/javax.faces.resource/primefaces.css?ln=primefaces&v=4.0 HTTP/1.1" 304 -
201.245.192.253 - - [27/Dec/2023:09:50:13 -0500] "GET /sipse/faces/javax.faces.resource/jquery/jquery.js?ln=primefaces&v=4.0 HTTP/1.1" 304 -
201.245.192.253 - - [27/Dec/2023:09:50:13 -0500] "GET /sipse/faces/javax.faces.resource/jquery/jquery-plugins.js?ln=primefaces&v=4.0 HTTP/1.1" 304 -
201.245.192.253 - - [27/Dec/2023:09:50:13 -0500] "GET /sipse/faces/javax.faces.resource/primefaces.js?ln=primefaces&v=4.0 HTTP/1.1" 304 -
201.245.192.253 - - [27/Dec/2023:09:50:13 -0500] "GET /sipse/faces/javax.faces.resource/layout/layout.js?ln=primefaces&v=4.0 HTTP/1.1" 304 -
201.245.192.253 - - [27/Dec/2023:09:50:14 -0500] "POST /sipse/faces/presentacion/financiero/solicitudProceso/consultar.xhtml HTTP/1.1" 200 34137
156.59.198.135 - - [27/Dec/2023:09:50:19 -0500] "GET /BLA/resoluciones/RESOLUCIONES%202009/3268.pdf HTTP/1.0" 200 705266
201.245.192.253 - - [27/Dec/2023:09:50:20 -0500] "POST /sipse/faces/presentacion/financiero/solicitudProceso/consultar.xhtml HTTP/1.1" 200 12697
156.59.198.135 - - [27/Dec/2023:09:50:44 -0500] "GET /BLA/resoluciones/Notificaciones/AUTOS%202020/3013.pdf HTTP/1.0" 200 297312
199.16.157.182 - - [27/Dec/2023:09:50:49 -0500] "GET /images/Musgo%20SDA%20(1)%20(1).png HTTP/1.1" 200 302122
199.16.157.181 - - [27/Dec/2023:09:50:49 -0500] "GET /no-uses-musgo-en-la-elaboracion-de-tu-pesebre.html HTTP/1.1" 200 846
156.59.198.136 - - [27/Dec/2023:09:51:08 -0500] "GET /BLA/resoluciones/RESOLUCIONES%202008/3978.pdf HTTP/1.0" 200 751496
201.245.192.253 - - [27/Dec/2023:09:51:25 -0500] "POST /kwsrmcab/Wsrmcab  HTTP/1.1" 200 36330
156.59.198.136 - - [27/Dec/2023:09:51:32 -0500] "GET /BLA/resoluciones/RESOLUCIONES%202007/RES%202007%203401%20AL%203500/RESOLUCION%203439%20DE%202007.pdf HTTP/1.0" 200 744915
201.245.192.253 - - [27/Dec/2023:09:51:33 -0500] "POST /forms/lservlet;jsessionid=ac16012b30d6ac84fb743cb8490d9168fad49a174d06.e3iSbxaKaheRe34Qc38TbN0Nb41ynknvrkLOlQzNp65In0 HTTP/1.1" 200 2
201.245.192.253 - - [27/Dec/2023:09:51:36 -0500] "POST /forms/lservlet;jsessionid=ac16012b30d608a3c74dabe741288258ac4c4de7c868.e3iSbxaKaheRe34Qc38TbN0Nb41ynknvrkLOlQzNp65In0 HTTP/1.1" 200 2
216.245.221.92 - - [27/Dec/2023:09:51:45 -0500] "HEAD / HTTP/1.1" 200 -
201.245.192.253 - - [27/Dec/2023:09:51:46 -0500] "POST /appsia/controlador HTTP/1.1" 200 5437
201.245.192.253 - - [27/Dec/2023:09:51:50 -0500] "POST /appsia/controlador HTTP/1.1" 200 7736
156.59.198.136 - - [27/Dec/2023:09:51:57 -0500] "GET /BLA/resoluciones/Notificaciones/AUTOS%202020/04721.pdf HTTP/1.0" 200 363120
156.59.198.136 - - [27/Dec/2023:09:52:20 -0500] "GET /BLA/resoluciones/RESOLUCIONES%202002/RES%202002%2001-50/RESOLUCION%200004%20DE%202002.pdf HTTP/1.0" 200 85376
191.95.159.0 - - [27/Dec/2023:09:52:38 -0500] "GET /siipev/Diseno%20de%20Elementos%20de%20Mobiliario%20Urbano/Diseno%20pertenecientes%20al%20mobiliario%20urbano%20M10-M160/PARTE%20A/Dise%C3%B1o%20de%20Elementos%20M-72.pdf HTTP/1.1" 200 1896773
191.95.159.0 - - [27/Dec/2023:09:52:39 -0500] "GET /favicon.ico HTTP/1.1" 200 7782
172.22.2.4 - - [27/Dec/2023:09:52:41 -0500] "GET /BLA/boletinlegal/js/jquery.scrollTo-min.js HTTP/1.1" 200 1150
172.22.2.4 - - [27/Dec/2023:09:52:41 -0500] "GET /BLA/boletinlegal/js/jquery.js HTTP/1.1" 200 57254
172.22.2.4 - - [27/Dec/2023:09:52:41 -0500] "GET /BLA/boletinlegal/js/jquery.scrollShow.js HTTP/1.1" 200 4586
156.59.198.136 - - [27/Dec/2023:09:52:45 -0500] "GET /BLA/resoluciones/RESOLUCIONES%202008/1345.pdf HTTP/1.0" 200 397309
172.22.2.4 - - [27/Dec/2023:09:52:46 -0500] "GET /BLA/boletinlegal/js/jquery.scrollShow.js HTTP/1.1" 200 4586
172.22.2.4 - - [27/Dec/2023:09:52:46 -0500] "GET /BLA/boletinlegal/js/jquery.js HTTP/1.1" 200 57254
172.22.2.4 - - [27/Dec/2023:09:52:46 -0500] "GET /BLA/boletinlegal/js/jquery.scrollTo-min.js HTTP/1.1" 200 1150
186.84.90.74 - - [27/Dec/2023:09:52:52 -0500] "OPTIONS /kwssiamovil/sm/setfile/f? HTTP/1.1" 200 13
186.84.90.74 - - [27/Dec/2023:09:52:52 -0500] "POST /kwssiamovil/sm/setfile/f? HTTP/1.1" 200 381
186.84.90.74 - - [27/Dec/2023:09:53:01 -0500] "GET /kwssiamovil/sm/acme/a?s=U2FsdGVkX19UdHJhxkJX1s/B2+xBmX/YI92gaEtJaeSJjeZ/pKi4ywC1APiaWvfVMzODs/ZgnoyFPGn3LysEQua0wduh3LJYhkaIqQ9I/ePRwTLXDhq8vl4axb7TaHxEVO+QO/7Q6M/u1qvhHItRngpU84UIdFsAJuL9XKLHysHp0fN/6wLAaV9i1/994bfVnRkwEqHUMxJv/NKKKhtXDnW5WJoFOHaWmrRd0su1XdUkC/rXReAO1usdl9Dw2PPG14XZE3VEJ9ThXFiHplL2ww==&u=U2FsdGVkX1/RHzS+t63CYLNikEC2pQl69VxTzzX1kkU=&y=U2FsdGVkX1/qRlORRH2ypamaOswD2Ow1myJU6XoMRTjYlKyVNfvU3hUnhgHoAmLX HTTP/1.1" 200 26
186.84.90.74 - - [27/Dec/2023:09:53:02 -0500] "GET /kwssiamovil/sm/acme/a?s=U2FsdGVkX19Z20U8lA2ImsNdbQBE1DNTw/4HtzoYDS67gtXorAFN+XGDh5CFvOM6RIz8EsLlwGqxDi8wvjMJGccnev4onmAVymCyklkZC0SUkU1LEwstXqOf3S4Q+2o5SPOpVi81+7MBgeyd0+ACg7/xUcCzs9uXwQaFsCAnDuKIVoSpptWDx3rpBr0J2BWoIK+pX86t9Qgdpr5Y118NvjTAAoiCKI23A03vx37FP4MhdbGSBRmYOlQIUItRiqCzWWlJNUzDvPfcNdOJWwiSu0gDdvsvnGsWodB00SdGwhyeUdPx/+EE0KJGnaCwr2ebAl1PQ7A1JP3X9FOqAZSarimW24vqKAuOtLngrnIbGD+ZHU4UGano9EVzF5yPFTT3Y0sK4LbXI5Nuu6JADE+Il/XjeSYYbN9stK/bNyaqnqT/5E4Fti8xhDEzilDVDEofYJgsGAuRZ/MyEWmyraw8WKGXgDrA21og/TiPZ0xn9jNh/gw701z7SL6i86mRTXIaHgHI8zJm80fG6wcqOrB3bSCUSK84vGKY+rrPEstBUSWA7wLyXVVoWk2ZmxJYMqtFPWCeNK4sft7OBuaWbEVAA++/6emosl6US5S25oQJDwn7Gukbjg0k76IZv5kcJcHQeZUWCUHCHWoDwEBh3+wkwrH1EbgIBG2ZBqMmF8YFLdCXcMyPoW+fJawjOrY+8pbfWXOvYWajHk54I1Y4dB9fzVH8PyxyJR5DixnTRS2kSpKZALyCMb/Z4P4XrulPO/nl9640BK2p9TooF2IbTimm1nOsV9NBWxKFl13Lztg1fL31kG1NlvrtYglukVJCQu93hJ/zAE7UzFntd7J66DUK1CjPLP2XzN/Y6RiRkiUhD6MzELqct6jnpefCHXYQTl4jADTepB4G70bOjCZb2ympzoCqy2mVaTrzqbBKzomsGubNh/ZZZp8JUcK/uSMul1c8fYmdZo1XloyJenTJJSqHh3jF5j1MrB/hxb4dv/iZrQDd66ntRyFZ53U8TMFtw9LA9FkxgAJVoelTrcbBCoxyiF1d76xrF+aksxTT06INushF464x7AeH0qNIin2wp4Kzhe1wovNun9cQS1SPbAIyZm/xOcahhXijrbArU83LbJva1+mtcw/YU998a2jrBj27Pq0uGuVWmAGEXx4sm4azAf6enSb3RDhmNoexc9MsqKBYmJ/Q/8xPMboizFiNWCzAeopSF4KTitujx3PIM1oFBMiFb1ALW2Urf24FGu43yV539AGEB/7a2EIm6s2C9Lh3vR37u/1y0c16QzVXraZagD/W/8ppfHgbDNAl97e8mk7LNmB3djOvscNSGz+2Xf9XSr5Mb32qYtNZ17gDj9xXdm3OileuGlv+bCsg31iWwyiEm66ehyKnxUIb1M4nTGHdWcc3fw9fbwVBh4rnyT+EGG4R7WX36/vf0ASgm1q7HU80JTp9S0GHPh67kJhegnULK4mj0zImZrN1XtOMe7hc28eAj5pmYzUk4gJyL0s8YC80jUFtMlnRAaRQ/io6P4dR0UcqpT5253fP9F9zXd03fonU8tQKoVmQTpUX9KMSRwAF/a/Qw29kzqa8yuIik4658d9GCEt3XqC/tq20w5LkOGSD8XpHOYF4kB3NxnqixsroBIE/K3+kZR3g6ScCthceMEXVaoZGqX/E5g777KB23ZPvatpokUYwOIOQo1F0LKb01Pe+oU5LMhFIRecl1qS1DTejRvufCbp/E5qYsaoHdERdxmFBk7PiVABKAjwTUmIeoAKapOOMPgcP89nEdv3N0Gl8AZIeiDh1/fUix+i6R1N11teS+we8NvgzRk2Utuhe2dud/VXOADURoPPEnqlZ7ob9tOaDc2ACRt9XtdL5zzkYS0KgZVNd5W8/i+v1VNhBA/EqFdg3iV0LuedTiHPAvc12mNgUo9zpVC2ac80V/08dbVhM4DI1KtBvtYNSQ+BuR9eTcXTROgJj+C/R60T+Lp0tdg6I79/it74UtL1sTgZ3MVM+t8wUB0X1XF9tly7d/1Ih0BCpI52jjR9HIA779N6Jxh3s0by+JwrbsJQawuuDcAFa5sL+f9OsU/D3278BRKBKHnDejZKdrvS4toNHwuVQ3rK0X5zGegSKgGtwu4aY4hfhur64nKegL8fN26MsVHoCni9F3276GHcc+2V+ZOTrHwVpA3rbvLTiXKfXJmFF8TQ0DfRruilL8r4aY+0=&u=U2FsdGVkX1/RHzS+t63CYLNikEC2pQl69VxTzzX1kkU=&y=U2FsdGVkX1/qRlORRH2ypamaOswD2Ow1myJU6XoMRTjYlKyVNfvU3hUnhgHoAmLX HTTP/1.1" 200 26
186.84.90.74 - - [27/Dec/2023:09:53:02 -0500] "GET /kwssiamovil/sm/acme/a?s=U2FsdGVkX1/Na4O/Ibr8MXZeHKyAKro9Q0Ynj3ArA+rGDThHhXa7/goHplCch9hFHOOWn0fRlGc7vvHmsNbuE6VAn7viNr1SqKg1nZhLaJeiog5mqTr3+MfHmtGqX/S1Qgmon8pZeEEjhhQ6GORUU5mZL/HF90jHBROTMYbCtW0=&u=U2FsdGVkX1/RHzS+t63CYLNikEC2pQl69VxTzzX1kkU=&y=U2FsdGVkX1/qRlORRH2ypamaOswD2Ow1myJU6XoMRTjYlKyVNfvU3hUnhgHoAmLX HTTP/1.1" 200 26
186.84.90.74 - - [27/Dec/2023:09:53:02 -0500] "GET /kwssiamovil/sm/acme/a?s=U2FsdGVkX191R+CSMU2fRmrI3xfB/bhs6AyiZ7epZKPTJRzQLoyeTqvin1zopxYC4er4rY2gs8ZimTIIWpL6CD2RKTqA6q5nkc/9AgTHMQGCC677ynTALOAv2X2FMkFLPKFrxDumVlGBl1lQ716HnuTsM6IL668vB1t8V03/xlI=&u=U2FsdGVkX1/RHzS+t63CYLNikEC2pQl69VxTzzX1kkU=&y=U2FsdGVkX1/qRlORRH2ypamaOswD2Ow1myJU6XoMRTjYlKyVNfvU3hUnhgHoAmLX HTTP/1.1" 200 26
186.84.90.74 - - [27/Dec/2023:09:53:02 -0500] "GET /kwssiamovil/sm/acme/a?s=U2FsdGVkX1/9aIeSzsTFeZGC1yTD8aAK/ISEHXP6g6+/pCAjqjnGOyWDQIiUVS7MtWbcKI/LtCc0VHr8oUwcSys7MYSi0f44EvBqW2YOJaFkTZgb9Ioa0JzH2pCkLR4A/vfevJamRhdWSK9SmYhNY2xbYyvZhn81yZ5W6F194Us=&u=U2FsdGVkX1/RHzS+t63CYLNikEC2pQl69VxTzzX1kkU=&y=U2FsdGVkX1/qRlORRH2ypamaOswD2Ow1myJU6XoMRTjYlKyVNfvU3hUnhgHoAmLX HTTP/1.1" 200 26
186.84.90.74 - - [27/Dec/2023:09:53:02 -0500] "GET /kwssiamovil/sm/acme/a?s=U2FsdGVkX1/armfIGrIEgz0Ht9sC9CJYBQigmiK8dd79A/NOIZvZByXW8FReQfQFd3pWN4pRV8/N6AiXHaEWoEnoC9B1EjuLv1j7r8zUPlfeI7EveyYWojlHV7J3I/ybTV94nqOMJnGFOXwp16ToukPD4SSAA8CobtrAVBmkYJb96WeuwaOeNgtLPoRXPOQhVa03xBUiOWh55g6614kEBg==&u=U2FsdGVkX1/RHzS+t63CYLNikEC2pQl69VxTzzX1kkU=&y=U2FsdGVkX1/qRlORRH2ypamaOswD2Ow1myJU6XoMRTjYlKyVNfvU3hUnhgHoAmLX HTTP/1.1" 200 26
186.84.90.74 - - [27/Dec/2023:09:53:02 -0500] "GET /kwssiamovil/sm/acme/a?s=U2FsdGVkX1+w/dbd/itfoFpqdwqaQzZOoCu0iaxzPz1YjvRThHMb9fkmU4qlKC8kKbZudd43WiqiTaDbnuISxxBPsx1k9MfGKBSjunsUP+zBS9WSLlHc+q30ium9GaMDI0KguW1VizuNUN6BzEz376dtH7lch34ZJ5Nj5KJu46gVj61QYqemzr2tXeoiKe1wjdVUSPk/xzjwV2wp2u2TOPfQIMIklP44+lhCRdwfb+zTun15QHFsTaAHRspQN3QQTCGGwjMG5rojl2UaBkOmQ8iU96aLOUU+SgApe2wDT32a4lP/AtFarVHFZyihUsVrt9JEc9Idyy8+Lem4SXV1cGyovnlYo2g7bplGPiKOmG0lpD2j4zSQy2tKWKt0DyIMSGIulXgile5d6TlBj1gHYXpA0Y5SLd0Xt0PnOiQ1KVc5hqCLVvlL1JAOPugPVRYZP4H4kVfLqPK5f+xigwuAJcJXQlwtLuNQkvO9OGArAw8lBFqMtrhquizVZlDnU2DUW67oXUpDWqkW9BCc7SzN/N3htENdTlao2/5dxJWjeENnvnQC8K7kcXzr43gwPNBjdgiLBNew8OwFXDyCdv2IjQ==&u=U2FsdGVkX1/RHzS+t63CYLNikEC2pQl69VxTzzX1kkU=&y=U2FsdGVkX1/qRlORRH2ypamaOswD2Ow1myJU6XoMRTjYlKyVNfvU3hUnhgHoAmLX HTTP/1.1" 200 25
186.84.90.74 - - [27/Dec/2023:09:53:02 -0500] "GET /kwssiamovil/sm/acme/a?s=U2FsdGVkX1+n0pj5VEUU4SsZO1LtRBOPTZGkoB/6MBlTdbjI6EsCKVHWE6+mad9ayjbojpJY4xnDxYkCMrseksUtLU/FLi6jK7qjWPBmmJIJKH+QX0YCPEYvIy6hzELdjwqGfJPC26nbBde9RffDvFA1C0fpye3834pvQ974NH80C6uvCK95YEbHThbG1Qua3F8hgeXIa4ModkwYRFF9mXt2ULhTxP4S8mD6ZRraNoFkJRxsOVUYmVsS1nqJUIjrLP8jzhk0Ekyhd6jOS8jOH2OKaWqpLxKqpMvms5N3vx3CNTM3HBmCo+rslZH2WPK0rjymskR8fYLMhEKl1IUMKGBv6ZEbEsIAeAmiX21tnMvBCJDG09gzPVoKFvUKf77lWHSt3LHc0L8gmyK4GTJcRzfKByRoV/DEA5nYU8aweBDU22xrof26Nyxn2sh2fQFmHPW7G/ocyZRUC3xlHIKylhQuXqMa/Pv+NtjwElinhu49XyyRaL4OqRSoBOaQJbZm3gmhmOgF99DfUsg9YEXvJni8IebR9I+I0HMI5/1hGMGi7W8k/HLHYzlN7Z6eyRsg&u=U2FsdGVkX1/RHzS+t63CYLNikEC2pQl69VxTzzX1kkU=&y=U2FsdGVkX1/qRlORRH2ypamaOswD2Ow1myJU6XoMRTjYlKyVNfvU3hUnhgHoAmLX HTTP/1.1" 200 26
156.59.198.136 - - [27/Dec/2023:09:53:10 -0500] "GET /BLA/resoluciones/RESOLUCIONES%202007/RES%202007%201801%20AL%201900/RESOLUCION%201887%20DE%202007.pdf HTTP/1.0" 200 691884
172.22.2.4 - - [27/Dec/2023:09:52:32 -0500] "GET /BLA/boletinlegal/ HTTP/1.1" 200 20427
201.245.192.253 - - [27/Dec/2023:09:53:33 -0500] "POST /forms/lservlet;jsessionid=ac16012b30d6ac84fb743cb8490d9168fad49a174d06.e3iSbxaKaheRe34Qc38TbN0Nb41ynknvrkLOlQzNp65In0 HTTP/1.1" 200 2
156.59.198.136 - - [27/Dec/2023:09:53:34 -0500] "GET /BLA/resoluciones/RESOLUCIONES%202008/3525.pdf HTTP/1.0" 200 290706
172.22.2.4 - - [27/Dec/2023:09:52:27 -0500] "GET /BLA/boletinlegal/ HTTP/1.1" 200 32715
201.245.192.253 - - [27/Dec/2023:09:53:36 -0500] "POST /forms/lservlet;jsessionid=ac16012b30d608a3c74dabe741288258ac4c4de7c868.e3iSbxaKaheRe34Qc38TbN0Nb41ynknvrkLOlQzNp65In0 HTTP/1.1" 200 2
190.156.70.119 - - [27/Dec/2023:09:53:38 -0500] "GET /BLA/resoluciones/ HTTP/1.1" 200 13696
190.156.70.119 - - [27/Dec/2023:09:53:39 -0500] "GET /BLA/resoluciones/index.php?dir=AUTOS+2022%2F HTTP/1.1" 200 509604
172.22.2.4 - - [27/Dec/2023:09:52:06 -0500] "HEAD /BLA/boletinlegal/ HTTP/1.1" 200 -
190.156.70.119 - - [27/Dec/2023:09:53:47 -0500] "GET /BLA/resoluciones/index.php?dir=AUTOS+2023%2F HTTP/1.1" 200 468141
172.22.2.4 - - [27/Dec/2023:09:52:36 -0500] "GET /BLA/boletinlegal/ HTTP/1.1" 200 32715
156.59.198.136 - - [27/Dec/2023:09:53:58 -0500] "GET /BLA/resoluciones/RESOLUCIONES%202009/2153.pdf HTTP/1.0" 200 477043
191.156.190.242 - - [27/Dec/2023:09:54:21 -0500] "POST /sipse/faces/presentacion/financiero/solicitudProceso/consultar.xhtml HTTP/1.1" 200 12814
156.59.198.135 - - [27/Dec/2023:09:54:22 -0500] "GET /BLA/resoluciones/RESOLUCIONES%202008/5254.pdf HTTP/1.0" 200 331529
172.22.2.4 - - [27/Dec/2023:09:52:57 -0500] "GET /BLA/boletinlegal/ HTTP/1.1" 200 52008
156.59.198.136 - - [27/Dec/2023:09:54:47 -0500] "GET /BLA/resoluciones/RESOLUCIONES%202009/1856.pdf HTTP/1.0" 200 586114
190.27.57.161 - - [27/Dec/2023:09:54:53 -0500] "POST /sipse/faces/presentacion/financiero/solicitudProceso/consultarSolicitudProceso.xhtml HTTP/1.1" 200 35405
190.27.57.161 - - [27/Dec/2023:09:54:54 -0500] "GET /sipse/faces/javax.faces.resource/theme.css?ln=primefaces-sipse HTTP/1.1" 304 -
190.27.57.161 - - [27/Dec/2023:09:54:54 -0500] "GET /sipse/faces/javax.faces.resource/primefaces.css?ln=primefaces&v=4.0 HTTP/1.1" 304 -
190.27.57.161 - - [27/Dec/2023:09:54:54 -0500] "GET /sipse/faces/javax.faces.resource/layout/layout.css?ln=primefaces&v=4.0 HTTP/1.1" 304 -
190.27.57.161 - - [27/Dec/2023:09:54:54 -0500] "GET /sipse/faces/javax.faces.resource/jquery/jquery.js?ln=primefaces&v=4.0 HTTP/1.1" 304 -
190.27.57.161 - - [27/Dec/2023:09:54:54 -0500] "GET /sipse/faces/javax.faces.resource/jquery/jquery-plugins.js?ln=primefaces&v=4.0 HTTP/1.1" 304 -
190.27.57.161 - - [27/Dec/2023:09:54:54 -0500] "GET /sipse/faces/javax.faces.resource/primefaces.js?ln=primefaces&v=4.0 HTTP/1.1" 304 -
190.27.57.161 - - [27/Dec/2023:09:54:54 -0500] "GET /sipse/faces/javax.faces.resource/layout/layout.js?ln=primefaces&v=4.0 HTTP/1.1" 304 -
190.27.57.161 - - [27/Dec/2023:09:54:54 -0500] "GET /sipse/css/imagen/contrasena.png HTTP/1.1" 404 383
190.27.57.161 - - [27/Dec/2023:09:54:54 -0500] "POST /sipse/faces/presentacion/financiero/solicitudProceso/listarSolicitudProceso.xhtml HTTP/1.1" 200 28674
190.27.57.161 - - [27/Dec/2023:09:54:55 -0500] "POST /sipse/faces/presentacion/financiero/solicitudProceso/listarSolicitudProceso.xhtml HTTP/1.1" 200 28674
190.27.57.161 - - [27/Dec/2023:09:54:55 -0500] "POST /sipse/faces/presentacion/financiero/solicitudProceso/listarSolicitudProceso.xhtml HTTP/1.1" 200 28674
190.27.57.161 - - [27/Dec/2023:09:54:56 -0500] "POST /sipse/faces/presentacion/financiero/solicitudProceso/listarSolicitudProceso.xhtml HTTP/1.1" 200 28674
190.27.57.161 - - [27/Dec/2023:09:54:56 -0500] "POST /sipse/faces/presentacion/financiero/solicitudProceso/listarSolicitudProceso.xhtml HTTP/1.1" 200 28674
190.27.57.161 - - [27/Dec/2023:09:54:57 -0500] "POST /sipse/faces/presentacion/financiero/solicitudProceso/listarSolicitudProceso.xhtml HTTP/1.1" 200 28674
190.27.57.161 - - [27/Dec/2023:09:54:57 -0500] "POST /sipse/faces/presentacion/financiero/solicitudProceso/listarSolicitudProceso.xhtml HTTP/1.1" 200 1396
190.27.57.161 - - [27/Dec/2023:09:54:57 -0500] "POST /sipse/faces/presentacion/financiero/solicitudProceso/listarSolicitudProceso.xhtml HTTP/1.1" 200 1388
190.27.57.161 - - [27/Dec/2023:09:54:57 -0500] "POST /sipse/faces/presentacion/financiero/solicitudProceso/listarSolicitudProceso.xhtml HTTP/1.1" 200 1400
190.27.57.161 - - [27/Dec/2023:09:54:57 -0500] "POST /sipse/faces/presentacion/financiero/solicitudProceso/listarSolicitudProceso.xhtml HTTP/1.1" 200 1388
190.27.57.161 - - [27/Dec/2023:09:54:58 -0500] "POST /sipse/faces/presentacion/financiero/solicitudProceso/listarSolicitudProceso.xhtml HTTP/1.1" 200 1400
190.27.57.161 - - [27/Dec/2023:09:54:58 -0500] "POST /sipse/faces/presentacion/financiero/solicitudProceso/listarSolicitudProceso.xhtml HTTP/1.1" 200 1384
190.27.57.161 - - [27/Dec/2023:09:54:58 -0500] "POST /sipse/faces/presentacion/financiero/solicitudProceso/listarSolicitudProceso.xhtml HTTP/1.1" 200 1400
190.27.57.161 - - [27/Dec/2023:09:55:05 -0500] "POST /sipse/faces/presentacion/financiero/solicitudProceso/listarSolicitudProceso.xhtml HTTP/1.1" 200 4793
190.27.57.161 - - [27/Dec/2023:09:55:08 -0500] "POST /sipse/faces/presentacion/financiero/solicitudProceso/listarSolicitudProceso.xhtml HTTP/1.1" 200 113768
156.59.198.135 - - [27/Dec/2023:09:55:11 -0500] "GET /BLA/resoluciones/RESOLUCIONES%202009/3883.pdf HTTP/1.0" 200 540715
190.27.57.161 - - [27/Dec/2023:09:55:11 -0500] "GET /sipse/faces/javax.faces.resource/theme.css?ln=primefaces-sipse HTTP/1.1" 304 -
190.27.57.161 - - [27/Dec/2023:09:55:11 -0500] "GET /sipse/faces/javax.faces.resource/primefaces.css?ln=primefaces&v=4.0 HTTP/1.1" 304 -
190.27.57.161 - - [27/Dec/2023:09:55:11 -0500] "GET /sipse/faces/javax.faces.resource/layout/layout.css?ln=primefaces&v=4.0 HTTP/1.1" 304 -
190.27.57.161 - - [27/Dec/2023:09:55:11 -0500] "GET /sipse/faces/javax.faces.resource/jquery/jquery.js?ln=primefaces&v=4.0 HTTP/1.1" 304 -
190.27.57.161 - - [27/Dec/2023:09:55:11 -0500] "GET /sipse/faces/javax.faces.resource/jquery/jquery-plugins.js?ln=primefaces&v=4.0 HTTP/1.1" 304 -
190.27.57.161 - - [27/Dec/2023:09:55:11 -0500] "GET /sipse/faces/javax.faces.resource/primefaces.js?ln=primefaces&v=4.0 HTTP/1.1" 304 -
190.27.57.161 - - [27/Dec/2023:09:55:11 -0500] "GET /sipse/faces/javax.faces.resource/layout/layout.js?ln=primefaces&v=4.0 HTTP/1.1" 304 -
190.27.57.161 - - [27/Dec/2023:09:55:12 -0500] "GET /sipse/css/imagen/contrasena.png HTTP/1.1" 404 383
190.27.57.161 - - [27/Dec/2023:09:55:12 -0500] "GET /sipse/faces/javax.faces.resource/dynamiccontent.properties?ln=primefaces&pfdrid=XjOR5%2F%2FfPAZAuY9TpWQeCiM0BhlXxYRBGKi%2FQcXXfeA%3D&pfdrid_c=false HTTP/1.1" 500 383
201.245.192.253 - - [27/Dec/2023:09:55:33 -0500] "POST /forms/lservlet;jsessionid=ac16012b30d6ac84fb743cb8490d9168fad49a174d06.e3iSbxaKaheRe34Qc38TbN0Nb41ynknvrkLOlQzNp65In0 HTTP/1.1" 200 2
156.59.198.136 - - [27/Dec/2023:09:55:35 -0500] "GET /BLA/resoluciones/RESOLUCIONES%202007/RES%202007%201801%20AL%201900/RESOLUCION%201859%20DE%202007.pdf HTTP/1.0" 200 178596
201.245.192.253 - - [27/Dec/2023:09:55:36 -0500] "POST /forms/lservlet;jsessionid=ac16012b30d608a3c74dabe741288258ac4c4de7c868.e3iSbxaKaheRe34Qc38TbN0Nb41ynknvrkLOlQzNp65In0 HTTP/1.1" 200 2
156.59.198.136 - - [27/Dec/2023:09:55:59 -0500] "GET /BLA/resoluciones/Notificaciones/AUTOS%202023/752.pdf HTTP/1.0" 200 369623
201.245.192.253 - - [27/Dec/2023:09:56:04 -0500] "POST /sipse/faces/presentacion/financiero/solicitudProceso/consultar.xhtml HTTP/1.1" 200 65176
201.245.192.253 - - [27/Dec/2023:09:56:04 -0500] "GET /sipse/faces/javax.faces.resource/theme.css?ln=primefaces-sipse HTTP/1.1" 304 -
201.245.192.253 - - [27/Dec/2023:09:56:04 -0500] "GET /sipse/faces/javax.faces.resource/primefaces.css?ln=primefaces&v=4.0 HTTP/1.1" 304 -
201.245.192.253 - - [27/Dec/2023:09:56:04 -0500] "GET /sipse/css/imagen/contrasena.png HTTP/1.1" 404 383
201.245.192.253 - - [27/Dec/2023:09:56:04 -0500] "GET /sipse/faces/javax.faces.resource/layout/layout.css?ln=primefaces&v=4.0 HTTP/1.1" 304 -
201.245.192.253 - - [27/Dec/2023:09:56:04 -0500] "GET /sipse/faces/javax.faces.resource/jquery/jquery.js?ln=primefaces&v=4.0 HTTP/1.1" 304 -
201.245.192.253 - - [27/Dec/2023:09:56:04 -0500] "GET /sipse/faces/javax.faces.resource/jquery/jquery-plugins.js?ln=primefaces&v=4.0 HTTP/1.1" 304 -
201.245.192.253 - - [27/Dec/2023:09:56:04 -0500] "GET /sipse/faces/javax.faces.resource/primefaces.js?ln=primefaces&v=4.0 HTTP/1.1" 304 -
201.245.192.253 - - [27/Dec/2023:09:56:04 -0500] "GET /sipse/faces/javax.faces.resource/layout/layout.js?ln=primefaces&v=4.0 HTTP/1.1" 304 -
201.245.192.253 - - [27/Dec/2023:09:56:04 -0500] "POST /sipse/faces/presentacion/financiero/solicitudProceso/listarSolicitudProceso.xhtml HTTP/1.1" 200 58437
201.245.192.253 - - [27/Dec/2023:09:56:05 -0500] "POST /sipse/faces/presentacion/financiero/solicitudProceso/listarSolicitudProceso.xhtml HTTP/1.1" 200 58437
201.245.192.253 - - [27/Dec/2023:09:56:05 -0500] "POST /sipse/faces/presentacion/financiero/solicitudProceso/listarSolicitudProceso.xhtml HTTP/1.1" 200 1564
201.245.192.253 - - [27/Dec/2023:09:56:06 -0500] "POST /sipse/faces/presentacion/financiero/solicitudProceso/listarSolicitudProceso.xhtml HTTP/1.1" 200 1552
201.245.192.253 - - [27/Dec/2023:09:56:07 -0500] "POST /sipse/faces/presentacion/financiero/solicitudProceso/listarSolicitudProceso.xhtml HTTP/1.1" 200 1568
156.59.198.135 - - [27/Dec/2023:09:56:23 -0500] "GET /BLA/resoluciones/RESOLUCIONES%202009/3403.pdf HTTP/1.0" 200 478997
201.245.192.253 - - [27/Dec/2023:09:56:23 -0500] "POST /kwsrmcab/Wsrmcab  HTTP/1.1" 200 36330
216.245.221.92 - - [27/Dec/2023:09:56:45 -0500] "HEAD / HTTP/1.1" 200 -
156.59.198.135 - - [27/Dec/2023:09:56:48 -0500] "GET /BLA/resoluciones/Notificaciones/AUTOS%202023/4045.pdf HTTP/1.0" 200 395517
190.27.57.161 - - [27/Dec/2023:09:56:58 -0500] "POST /sipse/faces/presentacion/financiero/solicitudProceso/consultarSolicitudProceso.xhtml HTTP/1.1" 200 148537
191.156.52.119 - - [27/Dec/2023:09:57:02 -0500] "POST /sipse/faces/presentacion/financiero/solicitudProceso/listarSolicitudProceso.xhtml HTTP/1.1" 200 20848
190.27.57.161 - - [27/Dec/2023:09:57:08 -0500] "POST /sipse/faces/presentacion/financiero/solicitudProceso/consultarSolicitudProceso.xhtml HTTP/1.1" 200 1576993
156.59.198.136 - - [27/Dec/2023:09:57:12 -0500] "GET /BLA/resoluciones/RESOLUCIONES%202007/RES%202007%202501%20AL%202600/RESOLUCION%202517%20DE%202007.pdf HTTP/1.0" 200 235989
190.27.57.161 - - [27/Dec/2023:09:57:15 -0500] "POST /sipse/faces/presentacion/financiero/solicitudProceso/consultarSolicitudProceso.xhtml HTTP/1.1" 200 2216177
190.27.57.161 - - [27/Dec/2023:09:57:29 -0500] "GET /sipse/faces/javax.faces.resource/images/ui-bg_flat_0_2d5972_40x100.png?ln=primefaces-aristo HTTP/1.1" 304 -
190.27.57.161 - - [27/Dec/2023:09:57:29 -0500] "POST /sipse/faces/presentacion/financiero/solicitudProceso/consultarSolicitudProceso.xhtml HTTP/1.1" 200 5457
190.27.57.161 - - [27/Dec/2023:09:57:29 -0500] "GET /sipse/faces/javax.faces.resource/dynamiccontent.properties?ln=primefaces&pfdrid=XjOR5%2F%2FfPAZAuY9TpWQeCiM0BhlXxYRBGKi%2FQcXXfeA%3D&pfdrid_c=false HTTP/1.1" 200 117408
201.245.192.253 - - [27/Dec/2023:09:57:33 -0500] "POST /forms/lservlet;jsessionid=ac16012b30d6ac84fb743cb8490d9168fad49a174d06.e3iSbxaKaheRe34Qc38TbN0Nb41ynknvrkLOlQzNp65In0 HTTP/1.1" 200 2
191.95.21.132 - - [27/Dec/2023:09:57:35 -0500] "GET /sipse/faces/javax.faces.resource/theme.css?ln=primefaces-sipse HTTP/1.1" 304 -
191.95.21.132 - - [27/Dec/2023:09:57:35 -0500] "GET /sipse/faces/javax.faces.resource/layout/layout.css?ln=primefaces&v=4.0 HTTP/1.1" 304 -
191.95.21.132 - - [27/Dec/2023:09:57:35 -0500] "GET /sipse/faces/javax.faces.resource/jquery/jquery-plugins.js?ln=primefaces&v=4.0 HTTP/1.1" 304 -
191.95.21.132 - - [27/Dec/2023:09:57:35 -0500] "GET /sipse/faces/javax.faces.resource/primefaces.css?ln=primefaces&v=4.0 HTTP/1.1" 304 -
191.95.21.132 - - [27/Dec/2023:09:57:35 -0500] "GET /sipse/faces/javax.faces.resource/jquery/jquery.js?ln=primefaces&v=4.0 HTTP/1.1" 304 -
156.59.198.135 - - [27/Dec/2023:09:57:35 -0500] "GET /BLA/resoluciones/Notificaciones/AUTOS%202023/4895.pdf HTTP/1.0" 200 351909
201.245.192.253 - - [27/Dec/2023:09:57:37 -0500] "POST /forms/lservlet;jsessionid=ac16012b30d608a3c74dabe741288258ac4c4de7c868.e3iSbxaKaheRe34Qc38TbN0Nb41ynknvrkLOlQzNp65In0 HTTP/1.1" 200 2
201.245.192.253 - - [27/Dec/2023:09:57:53 -0500] "POST /sipse/faces/presentacion/financiero/solicitudProceso/listarSolicitudProceso.xhtml HTTP/1.1" 200 25562
172.22.2.4 - - [27/Dec/2023:09:57:56 -0500] "GET /BLA/boletinlegal/consulta_actos.php?tipo=resoluciones&no=3035&usuario=&sector=&fecha=2023&resuelve= HTTP/1.1" 200 1209
172.22.2.4 - - [27/Dec/2023:09:57:56 -0500] "GET /BLA/boletinlegal/consulta_actos.php?tipo=resoluciones&no=3035&usuario=&sector=&fecha=2023&resuelve= HTTP/1.1" 200 1209
156.59.198.135 - - [27/Dec/2023:09:58:00 -0500] "GET /BLA/resoluciones/Notificaciones/REGISTROS%202022/01242.pdf HTTP/1.0" 200 417121
201.245.192.253 - - [27/Dec/2023:09:58:02 -0500] "POST /sipse/faces/presentacion/financiero/solicitudProceso/listarSolicitudProceso.xhtml HTTP/1.1" 200 15059
181.59.3.155 - - [27/Dec/2023:09:58:16 -0500] "GET /distrito-exalto-a-246-empresas-de-bogota-por-su-alto-desempeno-y-responsabilidad-ambiental-durante-2023.html HTTP/1.1" 200 1039
191.95.21.132 - - [27/Dec/2023:09:57:11 -0500] "GET /sipse/faces/presentacion/financiero/solicitudAnulacion/solicitudAnulacion.xhtml HTTP/1.1" 200 17805
191.95.21.132 - - [27/Dec/2023:09:58:18 -0500] "GET /sipse/faces/javax.faces.resource/layout/layout.css?ln=primefaces&v=4.0 HTTP/1.1" 200 542
191.95.21.132 - - [27/Dec/2023:09:58:16 -0500] "GET /sipse/faces/presentacion/financiero/solicitudAnulacion/solicitudAnulacion.xhtml HTTP/1.1" 200 36512
156.59.198.136 - - [27/Dec/2023:09:58:24 -0500] "GET /BLA/resoluciones/RESOLUCIONES%202009/2580.pdf HTTP/1.0" 200 466709
156.59.198.135 - - [27/Dec/2023:09:58:48 -0500] "GET /BLA/resoluciones/RESOLUCIONES%202009/1315.pdf HTTP/1.0" 200 516692
191.95.21.132 - - [27/Dec/2023:09:58:17 -0500] "GET /sipse/faces/javax.faces.resource/theme.css?ln=primefaces-sipse HTTP/1.1" 200 50058
191.95.21.132 - - [27/Dec/2023:09:58:18 -0500] "GET /sipse/faces/javax.faces.resource/primefaces.css?ln=primefaces&v=4.0 HTTP/1.1" 200 53295
191.95.21.132 - - [27/Dec/2023:09:58:53 -0500] "GET /sipse/faces/javax.faces.resource/layout/layout.js?ln=primefaces&v=4.0 HTTP/1.1" 200 87560
191.95.21.132 - - [27/Dec/2023:09:58:18 -0500] "GET /sipse/faces/javax.faces.resource/jquery/jquery.js?ln=primefaces&v=4.0 HTTP/1.1" 200 105384
156.59.198.135 - - [27/Dec/2023:09:59:12 -0500] "GET /BLA/resoluciones/Notificaciones/AUTOS%202023/5909.pdf HTTP/1.0" 200 1031842
191.95.21.132 - - [27/Dec/2023:09:58:18 -0500] "GET /sipse/faces/javax.faces.resource/jquery/jquery-plugins.js?ln=primefaces&v=4.0 HTTP/1.1" 200 220526
191.95.21.132 - - [27/Dec/2023:09:58:21 -0500] "GET /sipse/faces/javax.faces.resource/primefaces.js?ln=primefaces&v=4.0 HTTP/1.1" 200 276924
191.95.21.132 - - [27/Dec/2023:09:59:24 -0500] "GET /sipse/css/imagen/contrasena.png HTTP/1.1" 404 383
191.95.21.132 - - [27/Dec/2023:09:59:24 -0500] "GET /sipse/faces/javax.faces.resource/images/ui-icons_898989_256x240.png?ln=primefaces-aristo HTTP/1.1" 304 -
191.95.21.132 - - [27/Dec/2023:09:59:29 -0500] "GET /sipse/faces/javax.faces.resource/images/ui-bg_flat_0_2d5972_40x100.png?ln=primefaces-aristo HTTP/1.1" 304 -
201.245.192.253 - - [27/Dec/2023:09:59:33 -0500] "POST /forms/lservlet;jsessionid=ac16012b30d6ac84fb743cb8490d9168fad49a174d06.e3iSbxaKaheRe34Qc38TbN0Nb41ynknvrkLOlQzNp65In0 HTTP/1.1" 200 2
191.95.21.132 - - [27/Dec/2023:09:59:29 -0500] "POST /sipse/faces/presentacion/financiero/solicitudAnulacion/solicitudAnulacion.xhtml HTTP/1.1" 200 14772
156.59.198.136 - - [27/Dec/2023:09:59:36 -0500] "GET /BLA/resoluciones/Notificaciones/AUTOS%202020/1696.pdf HTTP/1.0" 200 353307
201.245.192.253 - - [27/Dec/2023:09:59:36 -0500] "POST /forms/lservlet;jsessionid=ac16012b30d608a3c74dabe741288258ac4c4de7c868.e3iSbxaKaheRe34Qc38TbN0Nb41ynknvrkLOlQzNp65In0 HTTP/1.1" 200 2
172.22.2.4 - - [27/Dec/2023:09:57:56 -0500] "HEAD /BLA/boletinlegal/ HTTP/1.1" 200 -
156.59.198.135 - - [27/Dec/2023:10:00:01 -0500] "GET /BLA/resoluciones/RESOLUCIONES%202007/RES%202007%203801%20AL%203900/RESOLUCION%203828%20DE%202007.pdf HTTP/1.0" 200 214473
201.245.192.253 - - [27/Dec/2023:10:00:10 -0500] "GET /sipse/faces/index.xhtml HTTP/1.1" 200 677
201.245.192.253 - - [27/Dec/2023:10:00:10 -0500] "GET /sipse/faces/javax.faces.resource/theme.css?ln=primefaces-sipse HTTP/1.1" 304 -
201.245.192.253 - - [27/Dec/2023:10:00:10 -0500] "GET /sipse/faces/faces/autenticacion.xhtml HTTP/1.1" 200 12410
201.245.192.253 - - [27/Dec/2023:10:00:10 -0500] "GET /sipse/css/custom_css_sg.css HTTP/1.1" 304 -
201.245.192.253 - - [27/Dec/2023:10:00:10 -0500] "GET /sipse/js/funciones.js HTTP/1.1" 304 -
201.245.192.253 - - [27/Dec/2023:10:00:10 -0500] "GET /sipse/css/custom_css_sg_prime_login.css HTTP/1.1" 304 -
201.245.192.253 - - [27/Dec/2023:10:00:10 -0500] "GET /sipse/js/disable_browser_buttons.js HTTP/1.1" 304 -
201.245.192.253 - - [27/Dec/2023:10:00:10 -0500] "GET /sipse/faces/javax.faces.resource/theme.css?ln=primefaces-sipse HTTP/1.1" 304 -
201.245.192.253 - - [27/Dec/2023:10:00:10 -0500] "GET /sipse/faces/javax.faces.resource/primefaces.css?ln=primefaces&v=4.0 HTTP/1.1" 304 -
201.245.192.253 - - [27/Dec/2023:10:00:10 -0500] "GET /sipse/faces/javax.faces.resource/layout/layout.css?ln=primefaces&v=4.0 HTTP/1.1" 304 -
201.245.192.253 - - [27/Dec/2023:10:00:10 -0500] "GET /sipse/faces/javax.faces.resource/jquery/jquery-plugins.js?ln=primefaces&v=4.0 HTTP/1.1" 304 -
201.245.192.253 - - [27/Dec/2023:10:00:10 -0500] "GET /sipse/faces/javax.faces.resource/primefaces.js?ln=primefaces&v=4.0 HTTP/1.1" 304 -
201.245.192.253 - - [27/Dec/2023:10:00:10 -0500] "GET /sipse/faces/javax.faces.resource/jquery/jquery.js?ln=primefaces&v=4.0 HTTP/1.1" 304 -
201.245.192.253 - - [27/Dec/2023:10:00:10 -0500] "GET /sipse/faces/javax.faces.resource/layout/layout.js?ln=primefaces&v=4.0 HTTP/1.1" 304 -
201.245.192.253 - - [27/Dec/2023:10:00:10 -0500] "GET /sipse/css/imagen/loginimg.png HTTP/1.1" 304 -
201.245.192.253 - - [27/Dec/2023:10:00:10 -0500] "GET /sipse/css/imagen/logoSDG.png HTTP/1.1" 304 -
201.245.192.253 - - [27/Dec/2023:10:00:10 -0500] "GET /sipse/faces/javax.faces.resource/images/ui-icons_898989_256x240.png?ln=primefaces-aristo HTTP/1.1" 304 -
201.245.192.253 - - [27/Dec/2023:10:00:12 -0500] "POST /sipse/faces/autenticacion.xhtml HTTP/1.1" 200 11441
201.245.192.253 - - [27/Dec/2023:10:00:13 -0500] "GET /sipse/css/custom_css_sg_prime.css HTTP/1.1" 304 -
201.245.192.253 - - [27/Dec/2023:10:00:13 -0500] "GET /sipse/faces/javax.faces.resource/jquery/jquery.js?ln=primefaces&v=4.0 HTTP/1.1" 304 -
201.245.192.253 - - [27/Dec/2023:10:00:13 -0500] "GET /sipse/faces/javax.faces.resource/primefaces.css?ln=primefaces&v=4.0 HTTP/1.1" 304 -
201.245.192.253 - - [27/Dec/2023:10:00:13 -0500] "GET /sipse/faces/javax.faces.resource/layout/layout.css?ln=primefaces&v=4.0 HTTP/1.1" 304 -
201.245.192.253 - - [27/Dec/2023:10:00:13 -0500] "GET /sipse/faces/javax.faces.resource/theme.css?ln=primefaces-sipse HTTP/1.1" 304 -
