201.245.192.253 - - [27/Dec/2023:02:31:31 -0500] "POST /forms/lservlet;jsessionid=ac16012b30d6ac84fb743cb8490d9168fad49a174d06.e3iSbxaKaheRe34Qc38TbN0Nb41ynknvrkLOlQzNp65In0 HTTP/1.1" 200 2
216.244.66.195 - - [27/Dec/2023:02:31:32 -0500] "GET /BLA/resoluciones/RESOLUCIONES%202018/1659.pdf HTTP/1.1" 200 320878
201.245.192.253 - - [27/Dec/2023:02:31:35 -0500] "POST /forms/lservlet;jsessionid=ac16012b30d608a3c74dabe741288258ac4c4de7c868.e3iSbxaKaheRe34Qc38TbN0Nb41ynknvrkLOlQzNp65In0 HTTP/1.1" 200 2
156.59.198.135 - - [27/Dec/2023:02:31:52 -0500] "GET /BLA/resoluciones/RESOLUCIONES%202009/3480.pdf HTTP/1.0" 200 720273
216.244.66.195 - - [27/Dec/2023:02:32:14 -0500] "GET /BLA/resoluciones/RESOLUCIONES%202018/2212.pdf HTTP/1.1" 200 763297
156.59.198.136 - - [27/Dec/2023:02:32:17 -0500] "GET /BLA/resoluciones/RESOLUCIONES%202009/3523.pdf HTTP/1.0" 200 706106
156.59.198.136 - - [27/Dec/2023:02:32:42 -0500] "GET /BLA/resoluciones/RESOLUCIONES%202009/2470.pdf HTTP/1.0" 200 421049
191.156.244.228 - - [27/Dec/2023:02:32:46 -0500] "GET /distrito-exalto-a-246-empresas-de-bogota-por-su-alto-desempeno-y-responsabilidad-ambiental-durante-2023.html HTTP/1.1" 200 1039
216.244.66.195 - - [27/Dec/2023:02:33:04 -0500] "GET /BLA/resoluciones/RESOLUCIONES%202018/2282.pdf HTTP/1.1" 200 281388
156.59.198.136 - - [27/Dec/2023:02:33:06 -0500] "GET /BLA/resoluciones/RESOLUCIONES%202009/3954.pdf HTTP/1.0" 200 114696
201.245.192.253 - - [27/Dec/2023:02:33:18 -0500] "POST /kwsrmcab/Wsrmcab  HTTP/1.1" 200 36330
201.245.192.253 - - [27/Dec/2023:02:33:31 -0500] "POST /forms/lservlet;jsessionid=ac16012b30d6ac84fb743cb8490d9168fad49a174d06.e3iSbxaKaheRe34Qc38TbN0Nb41ynknvrkLOlQzNp65In0 HTTP/1.1" 200 2
156.59.198.136 - - [27/Dec/2023:02:33:31 -0500] "GET /BLA/resoluciones/RESOLUCIONES%202009/4066.pdf HTTP/1.0" 200 704946
201.245.192.253 - - [27/Dec/2023:02:33:35 -0500] "POST /forms/lservlet;jsessionid=ac16012b30d608a3c74dabe741288258ac4c4de7c868.e3iSbxaKaheRe34Qc38TbN0Nb41ynknvrkLOlQzNp65In0 HTTP/1.1" 200 2
216.244.66.195 - - [27/Dec/2023:02:33:41 -0500] "GET /BLA/resoluciones/RESOLUCIONES%202018/2298.pdf HTTP/1.1" 200 3266067
156.59.198.135 - - [27/Dec/2023:02:33:57 -0500] "GET /BLA/resoluciones/RESOLUCIONES%202009/2213.pdf HTTP/1.0" 200 680226
156.59.198.135 - - [27/Dec/2023:02:34:21 -0500] "GET /BLA/resoluciones/RESOLUCIONES%202009/3562.pdf HTTP/1.0" 200 745226
216.244.66.195 - - [27/Dec/2023:02:34:31 -0500] "GET /BLA/resoluciones/RESOLUCIONES%202018/2371.pdf HTTP/1.1" 200 400911
156.59.198.136 - - [27/Dec/2023:02:34:45 -0500] "GET /BLA/resoluciones/RESOLUCIONES%202009/3832.pdf HTTP/1.0" 200 776996
156.59.198.135 - - [27/Dec/2023:02:35:09 -0500] "GET /BLA/resoluciones/RESOLUCIONES%202009/2375.pdf HTTP/1.0" 200 363960
216.245.221.92 - - [27/Dec/2023:02:35:12 -0500] "HEAD / HTTP/1.1" 200 -
216.244.66.195 - - [27/Dec/2023:02:35:14 -0500] "GET /BLA/resoluciones/RESOLUCIONES%202018/2469.pdf HTTP/1.1" 200 287237
201.245.192.253 - - [27/Dec/2023:02:35:31 -0500] "POST /forms/lservlet;jsessionid=ac16012b30d6ac84fb743cb8490d9168fad49a174d06.e3iSbxaKaheRe34Qc38TbN0Nb41ynknvrkLOlQzNp65In0 HTTP/1.1" 200 2
156.59.198.136 - - [27/Dec/2023:02:35:34 -0500] "GET /BLA/resoluciones/RESOLUCIONES%202009/3989.pdf HTTP/1.0" 200 508705
201.245.192.253 - - [27/Dec/2023:02:35:35 -0500] "POST /forms/lservlet;jsessionid=ac16012b30d608a3c74dabe741288258ac4c4de7c868.e3iSbxaKaheRe34Qc38TbN0Nb41ynknvrkLOlQzNp65In0 HTTP/1.1" 200 2
172.22.2.4 - - [27/Dec/2023:02:33:59 -0500] "HEAD /BLA/boletinlegal/ HTTP/1.1" 200 -
216.244.66.195 - - [27/Dec/2023:02:35:47 -0500] "GET /BLA/resoluciones/RESOLUCIONES%202018/2767.pdf HTTP/1.1" 200 265265
156.59.198.136 - - [27/Dec/2023:02:35:58 -0500] "GET /BLA/resoluciones/RESOLUCIONES%202009/3080.pdf HTTP/1.0" 200 528177
201.245.192.253 - - [27/Dec/2023:02:36:04 -0500] "POST /kwsrmcab/Wsrmcab HTTP/1.1" 200 36787
201.245.192.253 - - [27/Dec/2023:02:36:06 -0500] "POST /kwsrmcab/Wsrmcab HTTP/1.1" 200 36804
156.59.198.135 - - [27/Dec/2023:02:36:22 -0500] "GET /BLA/resoluciones/RESOLUCIONES%202009/3041.pdf HTTP/1.0" 200 421778
172.22.2.4 - - [27/Dec/2023:02:34:49 -0500] "GET /BLA/boletinlegal/ HTTP/1.1" 200 58567
216.244.66.195 - - [27/Dec/2023:02:36:29 -0500] "GET /BLA/resoluciones/RESOLUCIONES%202018/3050.pdf HTTP/1.1" 200 327168
156.59.198.135 - - [27/Dec/2023:02:36:46 -0500] "GET /BLA/resoluciones/RESOLUCIONES%202009/3838.pdf HTTP/1.0" 200 915187
216.244.66.195 - - [27/Dec/2023:02:37:09 -0500] "GET /BLA/resoluciones/RESOLUCIONES%202018/3092.pdf HTTP/1.1" 200 219394
156.59.198.136 - - [27/Dec/2023:02:37:10 -0500] "GET /BLA/resoluciones/RESOLUCIONES%202009/3069.pdf HTTP/1.0" 200 671555
201.245.192.253 - - [27/Dec/2023:02:37:31 -0500] "POST /forms/lservlet;jsessionid=ac16012b30d6ac84fb743cb8490d9168fad49a174d06.e3iSbxaKaheRe34Qc38TbN0Nb41ynknvrkLOlQzNp65In0 HTTP/1.1" 200 2
156.59.198.136 - - [27/Dec/2023:02:37:35 -0500] "GET /BLA/resoluciones/RESOLUCIONES%202009/3453.pdf HTTP/1.0" 200 517373
201.245.192.253 - - [27/Dec/2023:02:37:35 -0500] "POST /forms/lservlet;jsessionid=ac16012b30d608a3c74dabe741288258ac4c4de7c868.e3iSbxaKaheRe34Qc38TbN0Nb41ynknvrkLOlQzNp65In0 HTTP/1.1" 200 2
216.244.66.195 - - [27/Dec/2023:02:37:49 -0500] "GET /BLA/resoluciones/RESOLUCIONES%202018/3139.pdf HTTP/1.1" 200 1631349
156.59.198.135 - - [27/Dec/2023:02:37:59 -0500] "GET /BLA/resoluciones/RESOLUCIONES%202009/3155.pdf HTTP/1.0" 200 475929
201.245.192.253 - - [27/Dec/2023:02:38:17 -0500] "POST /kwsrmcab/Wsrmcab  HTTP/1.1" 200 36330
156.59.198.136 - - [27/Dec/2023:02:38:24 -0500] "GET /BLA/resoluciones/RESOLUCIONES%202009/3742.pdf HTTP/1.0" 200 147706
216.244.66.195 - - [27/Dec/2023:02:38:41 -0500] "GET /BLA/resoluciones/RESOLUCIONES%202018/3202.pdf HTTP/1.1" 200 393082
156.59.198.136 - - [27/Dec/2023:02:38:49 -0500] "GET /BLA/resoluciones/RESOLUCIONES%202009/3612.pdf HTTP/1.0" 200 93701
156.59.198.136 - - [27/Dec/2023:02:39:12 -0500] "GET /BLA/resoluciones/RESOLUCIONES%202009/2761.pdf HTTP/1.0" 200 357008
216.244.66.195 - - [27/Dec/2023:02:39:21 -0500] "GET /BLA/resoluciones/RESOLUCIONES%202018/3237.pdf HTTP/1.1" 200 238007
201.245.192.253 - - [27/Dec/2023:02:39:31 -0500] "POST /forms/lservlet;jsessionid=ac16012b30d6ac84fb743cb8490d9168fad49a174d06.e3iSbxaKaheRe34Qc38TbN0Nb41ynknvrkLOlQzNp65In0 HTTP/1.1" 200 2
201.245.192.253 - - [27/Dec/2023:02:39:35 -0500] "POST /forms/lservlet;jsessionid=ac16012b30d608a3c74dabe741288258ac4c4de7c868.e3iSbxaKaheRe34Qc38TbN0Nb41ynknvrkLOlQzNp65In0 HTTP/1.1" 200 2
156.59.198.136 - - [27/Dec/2023:02:39:36 -0500] "GET /BLA/resoluciones/RESOLUCIONES%202009/3483.pdf HTTP/1.0" 200 676329
216.244.66.195 - - [27/Dec/2023:02:39:52 -0500] "GET /BLA/resoluciones/RESOLUCIONES%202018/3433.pdf HTTP/1.1" 200 266507
156.59.198.135 - - [27/Dec/2023:02:40:01 -0500] "GET /BLA/resoluciones/RESOLUCIONES%202009/3616.pdf HTTP/1.0" 200 124804
201.245.192.253 - - [27/Dec/2023:02:40:05 -0500] "POST /kwsrmcab/Wsrmcab HTTP/1.1" 200 36787
201.245.192.253 - - [27/Dec/2023:02:40:10 -0500] "POST /kwsrmcab/Wsrmcab HTTP/1.1" 200 36804
216.245.221.92 - - [27/Dec/2023:02:40:12 -0500] "HEAD / HTTP/1.1" 200 -
156.59.198.135 - - [27/Dec/2023:02:40:25 -0500] "GET /BLA/resoluciones/RESOLUCIONES%202009/4222.pdf HTTP/1.0" 200 542449
156.59.198.136 - - [27/Dec/2023:02:40:49 -0500] "GET /BLA/resoluciones/RESOLUCIONES%202009/3980.pdf HTTP/1.0" 200 501321
156.59.198.135 - - [27/Dec/2023:02:41:14 -0500] "GET /BLA/resoluciones/RESOLUCIONES%202009/3299.pdf HTTP/1.0" 200 651410
172.22.2.4 - - [27/Dec/2023:02:39:49 -0500] "HEAD /BLA/boletinlegal/ HTTP/1.1" 200 -
201.245.192.253 - - [27/Dec/2023:02:41:31 -0500] "POST /forms/lservlet;jsessionid=ac16012b30d6ac84fb743cb8490d9168fad49a174d06.e3iSbxaKaheRe34Qc38TbN0Nb41ynknvrkLOlQzNp65In0 HTTP/1.1" 200 2
201.245.192.253 - - [27/Dec/2023:02:41:35 -0500] "POST /forms/lservlet;jsessionid=ac16012b30d608a3c74dabe741288258ac4c4de7c868.e3iSbxaKaheRe34Qc38TbN0Nb41ynknvrkLOlQzNp65In0 HTTP/1.1" 200 2
156.59.198.135 - - [27/Dec/2023:02:41:38 -0500] "GET /BLA/resoluciones/RESOLUCIONES%202009/3233.pdf HTTP/1.0" 200 380007
168.119.52.80 - - [27/Dec/2023:02:41:38 -0500] "GET / HTTP/1.1" 200 319
168.119.52.80 - - [27/Dec/2023:02:41:41 -0500] "GET / HTTP/1.1" 200 4720
156.59.198.135 - - [27/Dec/2023:02:42:02 -0500] "GET /BLA/resoluciones/RESOLUCIONES%202009/2117.pdf HTTP/1.0" 200 542931
172.22.2.4 - - [27/Dec/2023:02:40:39 -0500] "GET /BLA/boletinlegal/ HTTP/1.1" 200 58567
156.59.198.135 - - [27/Dec/2023:02:42:27 -0500] "GET /BLA/resoluciones/RESOLUCIONES%202009/2332.pdf HTTP/1.0" 200 731363
152.61.192.232 - - [27/Dec/2023:02:42:29 -0500] "GET /arcgis/services/Calidad_del_Agua_WQI/MapServer/WMSServer?request=GetCapabilities&service=WMS HTTP/1.1" 503 1020
152.61.192.232 - - [27/Dec/2023:02:42:31 -0500] "GET /arcgis/services/Calidad_del_Agua_WQI/MapServer/WMSServer?SERVICE=WMS&REQUEST=GetCapabilities HTTP/1.1" 503 1020
152.61.192.232 - - [27/Dec/2023:02:42:31 -0500] "GET /arcgis/services/Calidad_del_Agua_WQI/MapServer/WMSServer?WMTVER=1.0.0&REQUEST=capabilities HTTP/1.1" 503 1020
156.59.198.135 - - [27/Dec/2023:02:42:51 -0500] "GET /BLA/resoluciones/RESOLUCIONES%202009/3753.pdf HTTP/1.0" 200 369670
156.59.198.136 - - [27/Dec/2023:02:43:15 -0500] "GET /BLA/resoluciones/RESOLUCIONES%202009/2426.pdf HTTP/1.0" 200 411503
201.245.192.253 - - [27/Dec/2023:02:43:16 -0500] "POST /kwsrmcab/Wsrmcab  HTTP/1.1" 200 36330
201.245.192.253 - - [27/Dec/2023:02:43:31 -0500] "POST /forms/lservlet;jsessionid=ac16012b30d6ac84fb743cb8490d9168fad49a174d06.e3iSbxaKaheRe34Qc38TbN0Nb41ynknvrkLOlQzNp65In0 HTTP/1.1" 200 2
201.245.192.253 - - [27/Dec/2023:02:43:35 -0500] "POST /forms/lservlet;jsessionid=ac16012b30d608a3c74dabe741288258ac4c4de7c868.e3iSbxaKaheRe34Qc38TbN0Nb41ynknvrkLOlQzNp65In0 HTTP/1.1" 200 2
156.59.198.136 - - [27/Dec/2023:02:43:39 -0500] "GET /BLA/resoluciones/RESOLUCIONES%202009/3519.pdf HTTP/1.0" 200 725724
156.59.198.136 - - [27/Dec/2023:02:44:04 -0500] "GET /BLA/resoluciones/RESOLUCIONES%202009/3574.pdf HTTP/1.0" 200 435912
156.59.198.135 - - [27/Dec/2023:02:44:28 -0500] "GET /BLA/resoluciones/RESOLUCIONES%202009/3039.pdf HTTP/1.0" 200 418776
168.119.48.175 - - [27/Dec/2023:02:44:52 -0500] "GET / HTTP/1.1" 200 4720
168.119.48.175 - - [27/Dec/2023:02:44:52 -0500] "GET / HTTP/1.1" 200 319
156.59.198.135 - - [27/Dec/2023:02:44:52 -0500] "GET /BLA/resoluciones/RESOLUCIONES%202009/3170.pdf HTTP/1.0" 200 477705
172.22.2.4 - - [27/Dec/2023:02:44:56 -0500] "GET /BLA/boletinlegal/.env HTTP/1.1" 404 1018
216.245.221.92 - - [27/Dec/2023:02:45:12 -0500] "HEAD / HTTP/1.1" 200 -
156.59.198.136 - - [27/Dec/2023:02:45:16 -0500] "GET /BLA/resoluciones/RESOLUCIONES%202009/3680.pdf HTTP/1.0" 200 53506
201.245.192.253 - - [27/Dec/2023:02:45:31 -0500] "POST /forms/lservlet;jsessionid=ac16012b30d6ac84fb743cb8490d9168fad49a174d06.e3iSbxaKaheRe34Qc38TbN0Nb41ynknvrkLOlQzNp65In0 HTTP/1.1" 200 2
201.245.192.253 - - [27/Dec/2023:02:45:35 -0500] "POST /forms/lservlet;jsessionid=ac16012b30d608a3c74dabe741288258ac4c4de7c868.e3iSbxaKaheRe34Qc38TbN0Nb41ynknvrkLOlQzNp65In0 HTTP/1.1" 200 2
156.59.198.135 - - [27/Dec/2023:02:45:41 -0500] "GET /BLA/resoluciones/RESOLUCIONES%202009/4280.pdf HTTP/1.0" 200 510349
156.59.198.135 - - [27/Dec/2023:02:46:05 -0500] "GET /BLA/resoluciones/RESOLUCIONES%202009/3873.pdf HTTP/1.0" 200 973097
156.59.198.136 - - [27/Dec/2023:02:46:29 -0500] "GET /BLA/resoluciones/RESOLUCIONES%202009/2240.pdf HTTP/1.0" 200 422966
156.59.198.136 - - [27/Dec/2023:02:46:53 -0500] "GET /BLA/resoluciones/RESOLUCIONES%202009/2497.pdf HTTP/1.0" 200 481550
173.252.95.7 - - [27/Dec/2023:02:47:02 -0500] "GET /distrito-exalto-a-246-empresas-de-bogota-por-su-alto-desempeno-y-responsabilidad-ambiental-durante-2023.html HTTP/1.1" 200 1039
69.63.189.119 - - [27/Dec/2023:02:47:05 -0500] "GET /distrito-exalto-a-246-empresas-de-bogota-por-su-alto-desempeno-y-responsabilidad-ambiental-durante-2023.html HTTP/1.1" 200 1039
156.59.198.136 - - [27/Dec/2023:02:47:17 -0500] "GET /BLA/resoluciones/RESOLUCIONES%202009/2760.pdf HTTP/1.0" 200 407444
172.22.2.4 - - [27/Dec/2023:02:45:39 -0500] "HEAD /BLA/boletinlegal/ HTTP/1.1" 200 -
201.245.192.253 - - [27/Dec/2023:02:47:31 -0500] "POST /forms/lservlet;jsessionid=ac16012b30d6ac84fb743cb8490d9168fad49a174d06.e3iSbxaKaheRe34Qc38TbN0Nb41ynknvrkLOlQzNp65In0 HTTP/1.1" 200 2
201.245.192.253 - - [27/Dec/2023:02:47:35 -0500] "POST /forms/lservlet;jsessionid=ac16012b30d608a3c74dabe741288258ac4c4de7c868.e3iSbxaKaheRe34Qc38TbN0Nb41ynknvrkLOlQzNp65In0 HTTP/1.1" 200 2
156.59.198.136 - - [27/Dec/2023:02:47:41 -0500] "GET /BLA/resoluciones/RESOLUCIONES%202009/3694.pdf HTTP/1.0" 200 115926
156.59.198.136 - - [27/Dec/2023:02:48:05 -0500] "GET /BLA/resoluciones/RESOLUCIONES%202009/2200.pdf HTTP/1.0" 200 637288
172.22.2.4 - - [27/Dec/2023:02:46:29 -0500] "GET /BLA/boletinlegal/ HTTP/1.1" 200 58172
201.245.192.253 - - [27/Dec/2023:02:48:15 -0500] "POST /kwsrmcab/Wsrmcab  HTTP/1.1" 200 36330
156.59.198.135 - - [27/Dec/2023:02:48:30 -0500] "GET /BLA/resoluciones/RESOLUCIONES%202009/2123.pdf HTTP/1.0" 200 506083
3.92.124.26 - - [27/Dec/2023:02:48:48 -0500] "GET /jardin-botanico-lanza-antologia-de-cronicas-de-huerteras-y-huerteros-de-bogota.html HTTP/1.1" 200 821
47.128.54.188 - - [27/Dec/2023:02:48:56 -0500] "GET /BLA/resoluciones/index.php?dir=RESOLUCIONES%202004%2FRES%202004%201401-1450%2F&order=asc&sort=name HTTP/1.1" 200 12371
47.128.54.188 - - [27/Dec/2023:02:48:57 -0500] "GET /BLA/resoluciones/dlf/dirup.png HTTP/1.1" 200 644
47.128.54.188 - - [27/Dec/2023:02:48:57 -0500] "GET /BLA/resoluciones/dlf/unknown.png HTTP/1.1" 200 266
156.59.198.136 - - [27/Dec/2023:02:49:18 -0500] "GET /BLA/resoluciones/RESOLUCIONES%202009/2968.pdf HTTP/1.0" 200 604040
201.245.192.253 - - [27/Dec/2023:02:49:31 -0500] "POST /forms/lservlet;jsessionid=ac16012b30d6ac84fb743cb8490d9168fad49a174d06.e3iSbxaKaheRe34Qc38TbN0Nb41ynknvrkLOlQzNp65In0 HTTP/1.1" 200 2
216.244.66.195 - - [27/Dec/2023:02:49:33 -0500] "GET /robots.txt HTTP/1.1" 404 1018
201.245.192.253 - - [27/Dec/2023:02:49:35 -0500] "POST /forms/lservlet;jsessionid=ac16012b30d608a3c74dabe741288258ac4c4de7c868.e3iSbxaKaheRe34Qc38TbN0Nb41ynknvrkLOlQzNp65In0 HTTP/1.1" 200 2
23.105.149.222 - - [27/Dec/2023:02:49:36 -0500] "GET /jardin-botanico-lanza-antologia-de-cronicas-de-huerteras-y-huerteros-de-bogota.html HTTP/1.1" 200 821
156.59.198.135 - - [27/Dec/2023:02:49:43 -0500] "GET /BLA/resoluciones/RESOLUCIONES%202009/3133.pdf HTTP/1.0" 200 479261
156.59.198.136 - - [27/Dec/2023:02:50:08 -0500] "GET /BLA/resoluciones/RESOLUCIONES%202009/3627.pdf HTTP/1.0" 200 238006
216.245.221.92 - - [27/Dec/2023:02:50:12 -0500] "HEAD / HTTP/1.1" 200 -
156.59.198.136 - - [27/Dec/2023:02:50:32 -0500] "GET /BLA/resoluciones/RESOLUCIONES%202009/3749.pdf HTTP/1.0" 200 767822
156.59.198.135 - - [27/Dec/2023:02:50:56 -0500] "GET /BLA/resoluciones/RESOLUCIONES%202009/4360.pdf HTTP/1.0" 200 913666
156.59.198.136 - - [27/Dec/2023:02:51:21 -0500] "GET /BLA/resoluciones/RESOLUCIONES%202009/3555.pdf HTTP/1.0" 200 707638
201.245.192.253 - - [27/Dec/2023:02:51:31 -0500] "POST /forms/lservlet;jsessionid=ac16012b30d6ac84fb743cb8490d9168fad49a174d06.e3iSbxaKaheRe34Qc38TbN0Nb41ynknvrkLOlQzNp65In0 HTTP/1.1" 200 2
201.245.192.253 - - [27/Dec/2023:02:51:35 -0500] "POST /forms/lservlet;jsessionid=ac16012b30d608a3c74dabe741288258ac4c4de7c868.e3iSbxaKaheRe34Qc38TbN0Nb41ynknvrkLOlQzNp65In0 HTTP/1.1" 200 2
156.59.198.136 - - [27/Dec/2023:02:51:45 -0500] "GET /BLA/resoluciones/RESOLUCIONES%202009/2427.pdf HTTP/1.0" 200 408224
40.77.167.28 - - [27/Dec/2023:02:52:01 -0500] "GET /Publicaciones/2023EE275387.pdf HTTP/1.1" 404 228
207.46.13.126 - - [27/Dec/2023:02:52:06 -0500] "GET /Publicaciones/2023EE275970.pdf HTTP/1.1" 404 228
156.59.198.135 - - [27/Dec/2023:02:52:09 -0500] "GET /BLA/resoluciones/RESOLUCIONES%202009/3237.pdf HTTP/1.0" 200 428920
156.59.198.136 - - [27/Dec/2023:02:52:34 -0500] "GET /BLA/resoluciones/RESOLUCIONES%202009/2572.pdf HTTP/1.0" 200 513748
156.59.198.135 - - [27/Dec/2023:02:52:58 -0500] "GET /BLA/resoluciones/RESOLUCIONES%202009/3826.pdf HTTP/1.0" 200 629565
172.22.2.4 - - [27/Dec/2023:02:51:29 -0500] "HEAD /BLA/boletinlegal/ HTTP/1.1" 200 -
201.245.192.253 - - [27/Dec/2023:02:53:13 -0500] "POST /kwsrmcab/Wsrmcab  HTTP/1.1" 200 36330
156.59.198.136 - - [27/Dec/2023:02:53:23 -0500] "GET /BLA/resoluciones/RESOLUCIONES%202009/3307.pdf HTTP/1.0" 200 678884
201.245.192.253 - - [27/Dec/2023:02:53:31 -0500] "POST /forms/lservlet;jsessionid=ac16012b30d6ac84fb743cb8490d9168fad49a174d06.e3iSbxaKaheRe34Qc38TbN0Nb41ynknvrkLOlQzNp65In0 HTTP/1.1" 200 2
201.245.192.253 - - [27/Dec/2023:02:53:35 -0500] "POST /forms/lservlet;jsessionid=ac16012b30d608a3c74dabe741288258ac4c4de7c868.e3iSbxaKaheRe34Qc38TbN0Nb41ynknvrkLOlQzNp65In0 HTTP/1.1" 200 2
156.59.198.135 - - [27/Dec/2023:02:53:46 -0500] "GET /BLA/resoluciones/RESOLUCIONES%202009/3452.pdf HTTP/1.0" 200 645303
172.22.2.4 - - [27/Dec/2023:02:52:19 -0500] "GET /BLA/boletinlegal/ HTTP/1.1" 200 60910
156.59.198.136 - - [27/Dec/2023:02:54:10 -0500] "GET /BLA/resoluciones/RESOLUCIONES%202009/4224.pdf HTTP/1.0" 200 692662
156.59.198.136 - - [27/Dec/2023:02:54:35 -0500] "GET /BLA/resoluciones/RESOLUCIONES%202009/2216.pdf HTTP/1.0" 200 615465
156.59.198.136 - - [27/Dec/2023:02:54:59 -0500] "GET /BLA/resoluciones/RESOLUCIONES%202009/4223.pdf HTTP/1.0" 200 307921
216.245.221.92 - - [27/Dec/2023:02:55:12 -0500] "HEAD / HTTP/1.1" 200 -
156.59.198.135 - - [27/Dec/2023:02:55:23 -0500] "GET /BLA/resoluciones/RESOLUCIONES%202009/3591.pdf HTTP/1.0" 200 101870
201.245.192.253 - - [27/Dec/2023:02:55:31 -0500] "POST /forms/lservlet;jsessionid=ac16012b30d6ac84fb743cb8490d9168fad49a174d06.e3iSbxaKaheRe34Qc38TbN0Nb41ynknvrkLOlQzNp65In0 HTTP/1.1" 200 2
201.245.192.253 - - [27/Dec/2023:02:55:35 -0500] "POST /forms/lservlet;jsessionid=ac16012b30d608a3c74dabe741288258ac4c4de7c868.e3iSbxaKaheRe34Qc38TbN0Nb41ynknvrkLOlQzNp65In0 HTTP/1.1" 200 2
156.59.198.136 - - [27/Dec/2023:02:55:47 -0500] "GET /BLA/resoluciones/RESOLUCIONES%202009/3370.pdf HTTP/1.0" 200 559785
188.166.101.162 - - [27/Dec/2023:02:55:50 -0500] "GET /.env HTTP/1.1" 404 1018
156.59.198.135 - - [27/Dec/2023:02:56:12 -0500] "GET /BLA/resoluciones/RESOLUCIONES%202009/4334.pdf HTTP/1.0" 200 183311
156.59.198.135 - - [27/Dec/2023:02:56:36 -0500] "GET /BLA/resoluciones/RESOLUCIONES%202009/3211.pdf HTTP/1.0" 200 470782
156.59.198.135 - - [27/Dec/2023:02:57:01 -0500] "GET /BLA/resoluciones/RESOLUCIONES%202009/3088.pdf HTTP/1.0" 200 858741
66.249.77.67 - - [27/Dec/2023:02:57:12 -0500] "GET /mas-de-100-arboles-fueron-plantados-en-el-humedal-de-techo.html HTTP/1.1" 200 750
156.59.198.135 - - [27/Dec/2023:02:57:24 -0500] "GET /BLA/resoluciones/RESOLUCIONES%202009/2725.pdf HTTP/1.0" 200 365177
201.245.192.253 - - [27/Dec/2023:02:57:31 -0500] "POST /forms/lservlet;jsessionid=ac16012b30d6ac84fb743cb8490d9168fad49a174d06.e3iSbxaKaheRe34Qc38TbN0Nb41ynknvrkLOlQzNp65In0 HTTP/1.1" 200 2
201.245.192.253 - - [27/Dec/2023:02:57:35 -0500] "POST /forms/lservlet;jsessionid=ac16012b30d608a3c74dabe741288258ac4c4de7c868.e3iSbxaKaheRe34Qc38TbN0Nb41ynknvrkLOlQzNp65In0 HTTP/1.1" 200 2
156.59.198.135 - - [27/Dec/2023:02:57:48 -0500] "GET /BLA/resoluciones/RESOLUCIONES%202009/3647.pdf HTTP/1.0" 200 67543
69.171.249.2 - - [27/Dec/2023:02:58:13 -0500] "GET /images/participacion%2019-12-23.jpg HTTP/1.1" 200 73861
69.171.249.9 - - [27/Dec/2023:02:58:13 -0500] "GET /images/Aves%20SDA.jpeg HTTP/1.1" 200 75104
69.171.249.8 - - [27/Dec/2023:02:58:13 -0500] "GET /images/PREAD%20SDA%201.jpeg HTTP/1.1" 200 65620
69.171.249.6 - - [27/Dec/2023:02:58:13 -0500] "GET /images/terrazas%20verdes.jpg HTTP/1.1" 200 63951
69.171.249.3 - - [27/Dec/2023:02:58:13 -0500] "GET /images/agua%20bogota.jpg HTTP/1.1" 200 74348
69.171.249.2 - - [27/Dec/2023:02:58:13 -0500] "GET /images/Musgo%2017%20-%2012%20-%202023.jpeg HTTP/1.1" 200 66238
69.171.249.117 - - [27/Dec/2023:02:58:13 -0500] "GET /images/arbol%20centro.jpg HTTP/1.1" 200 69467
69.171.249.116 - - [27/Dec/2023:02:58:13 -0500] "GET /images/reconocimiento%20practicas%20ambientales.jpg HTTP/1.1" 200 63397
156.59.198.136 - - [27/Dec/2023:02:58:13 -0500] "GET /BLA/resoluciones/RESOLUCIONES%202009/3297.pdf HTTP/1.0" 200 604529
201.245.192.253 - - [27/Dec/2023:02:58:11 -0500] "POST /kwsrmcab/Wsrmcab  HTTP/1.1" 200 36330
69.171.249.3 - - [27/Dec/2023:02:58:21 -0500] "GET /images/calidad-aire.jpg HTTP/1.1" 200 42421
156.59.198.136 - - [27/Dec/2023:02:58:38 -0500] "GET /BLA/resoluciones/RESOLUCIONES%202009/3144.pdf HTTP/1.0" 200 476543
172.22.2.4 - - [27/Dec/2023:02:57:18 -0500] "HEAD /BLA/boletinlegal/ HTTP/1.1" 200 -
156.59.198.135 - - [27/Dec/2023:02:59:01 -0500] "GET /BLA/resoluciones/RESOLUCIONES%202009/4390.pdf HTTP/1.0" 200 488962
156.59.198.136 - - [27/Dec/2023:02:59:26 -0500] "GET /BLA/resoluciones/RESOLUCIONES%202009/3929.pdf HTTP/1.0" 200 76813
201.245.192.253 - - [27/Dec/2023:02:59:31 -0500] "POST /forms/lservlet;jsessionid=ac16012b30d6ac84fb743cb8490d9168fad49a174d06.e3iSbxaKaheRe34Qc38TbN0Nb41ynknvrkLOlQzNp65In0 HTTP/1.1" 200 2
201.245.192.253 - - [27/Dec/2023:02:59:35 -0500] "POST /forms/lservlet;jsessionid=ac16012b30d608a3c74dabe741288258ac4c4de7c868.e3iSbxaKaheRe34Qc38TbN0Nb41ynknvrkLOlQzNp65In0 HTTP/1.1" 200 2
172.22.2.4 - - [27/Dec/2023:02:58:09 -0500] "GET /BLA/boletinlegal/ HTTP/1.1" 200 59682
156.59.198.135 - - [27/Dec/2023:02:59:50 -0500] "GET /BLA/resoluciones/RESOLUCIONES%202009/2638.pdf HTTP/1.0" 200 854187
216.245.221.92 - - [27/Dec/2023:03:00:12 -0500] "HEAD / HTTP/1.1" 200 -
156.59.198.136 - - [27/Dec/2023:03:00:15 -0500] "GET /BLA/resoluciones/RESOLUCIONES%202009/2100.pdf HTTP/1.0" 200 360856
156.59.198.135 - - [27/Dec/2023:03:00:39 -0500] "GET /BLA/resoluciones/RESOLUCIONES%202009/2376.pdf HTTP/1.0" 200 415881
156.59.198.136 - - [27/Dec/2023:03:01:03 -0500] "GET /BLA/resoluciones/RESOLUCIONES%202009/4245.pdf HTTP/1.0" 200 5048599
156.59.198.135 - - [27/Dec/2023:03:01:29 -0500] "GET /BLA/resoluciones/RESOLUCIONES%202009/3468.pdf HTTP/1.0" 200 716651
201.245.192.253 - - [27/Dec/2023:03:01:31 -0500] "POST /forms/lservlet;jsessionid=ac16012b30d6ac84fb743cb8490d9168fad49a174d06.e3iSbxaKaheRe34Qc38TbN0Nb41ynknvrkLOlQzNp65In0 HTTP/1.1" 200 2
201.245.192.253 - - [27/Dec/2023:03:01:35 -0500] "POST /forms/lservlet;jsessionid=ac16012b30d608a3c74dabe741288258ac4c4de7c868.e3iSbxaKaheRe34Qc38TbN0Nb41ynknvrkLOlQzNp65In0 HTTP/1.1" 200 2
156.59.198.136 - - [27/Dec/2023:03:01:54 -0500] "GET /BLA/resoluciones/RESOLUCIONES%202009/4376.pdf HTTP/1.0" 200 1137119
156.59.198.135 - - [27/Dec/2023:03:02:19 -0500] "GET /BLA/resoluciones/RESOLUCIONES%202009/2322.pdf HTTP/1.0" 200 457427
156.59.198.135 - - [27/Dec/2023:03:02:43 -0500] "GET /BLA/resoluciones/RESOLUCIONES%202009/4085.pdf HTTP/1.0" 200 678938
156.59.198.136 - - [27/Dec/2023:03:03:07 -0500] "GET /BLA/resoluciones/RESOLUCIONES%202009/3363.pdf HTTP/1.0" 200 556061
201.245.192.253 - - [27/Dec/2023:03:03:10 -0500] "POST /kwsrmcab/Wsrmcab  HTTP/1.1" 200 36330
201.245.192.253 - - [27/Dec/2023:03:03:31 -0500] "POST /forms/lservlet;jsessionid=ac16012b30d6ac84fb743cb8490d9168fad49a174d06.e3iSbxaKaheRe34Qc38TbN0Nb41ynknvrkLOlQzNp65In0 HTTP/1.1" 200 2
156.59.198.136 - - [27/Dec/2023:03:03:31 -0500] "GET /BLA/resoluciones/RESOLUCIONES%202009/3385.pdf HTTP/1.0" 200 470673
201.245.192.253 - - [27/Dec/2023:03:03:35 -0500] "POST /forms/lservlet;jsessionid=ac16012b30d608a3c74dabe741288258ac4c4de7c868.e3iSbxaKaheRe34Qc38TbN0Nb41ynknvrkLOlQzNp65In0 HTTP/1.1" 200 2
156.59.198.135 - - [27/Dec/2023:03:03:56 -0500] "GET /BLA/resoluciones/RESOLUCIONES%202009/3620.pdf HTTP/1.0" 200 49904
156.59.198.136 - - [27/Dec/2023:03:04:21 -0500] "GET /BLA/resoluciones/RESOLUCIONES%202009/2957.pdf HTTP/1.0" 200 464031
156.59.198.136 - - [27/Dec/2023:03:04:45 -0500] "GET /BLA/resoluciones/RESOLUCIONES%202009/4144.pdf HTTP/1.0" 200 671466
172.22.2.4 - - [27/Dec/2023:03:03:09 -0500] "HEAD /BLA/boletinlegal/ HTTP/1.1" 200 -
156.59.198.135 - - [27/Dec/2023:03:05:09 -0500] "GET /BLA/resoluciones/RESOLUCIONES%202009/3886.pdf HTTP/1.0" 200 298503
216.245.221.92 - - [27/Dec/2023:03:05:12 -0500] "HEAD / HTTP/1.1" 200 -
201.245.192.253 - - [27/Dec/2023:03:05:31 -0500] "POST /forms/lservlet;jsessionid=ac16012b30d6ac84fb743cb8490d9168fad49a174d06.e3iSbxaKaheRe34Qc38TbN0Nb41ynknvrkLOlQzNp65In0 HTTP/1.1" 200 2
156.59.198.135 - - [27/Dec/2023:03:05:35 -0500] "GET /BLA/resoluciones/RESOLUCIONES%202009/3375.pdf HTTP/1.0" 200 474593
201.245.192.253 - - [27/Dec/2023:03:05:35 -0500] "POST /forms/lservlet;jsessionid=ac16012b30d608a3c74dabe741288258ac4c4de7c868.e3iSbxaKaheRe34Qc38TbN0Nb41ynknvrkLOlQzNp65In0 HTTP/1.1" 200 2
172.22.2.4 - - [27/Dec/2023:03:03:59 -0500] "GET /BLA/boletinlegal/ HTTP/1.1" 200 58567
156.59.198.136 - - [27/Dec/2023:03:05:58 -0500] "GET /BLA/resoluciones/RESOLUCIONES%202009/2628.pdf HTTP/1.0" 200 580431
156.59.198.136 - - [27/Dec/2023:03:06:22 -0500] "GET /BLA/resoluciones/RESOLUCIONES%202009/3817.pdf HTTP/1.0" 200 765846
156.59.198.135 - - [27/Dec/2023:03:06:47 -0500] "GET /BLA/resoluciones/RESOLUCIONES%202009/2182.pdf HTTP/1.0" 200 691428
156.59.198.136 - - [27/Dec/2023:03:07:11 -0500] "GET /BLA/resoluciones/RESOLUCIONES%202009/2662.pdf HTTP/1.0" 200 849990
40.77.167.52 - - [27/Dec/2023:03:07:17 -0500] "GET /Publicaciones/2023EE272970.pdf HTTP/1.1" 404 228
201.245.192.253 - - [27/Dec/2023:03:07:31 -0500] "POST /forms/lservlet;jsessionid=ac16012b30d6ac84fb743cb8490d9168fad49a174d06.e3iSbxaKaheRe34Qc38TbN0Nb41ynknvrkLOlQzNp65In0 HTTP/1.1" 200 2
156.59.198.135 - - [27/Dec/2023:03:07:35 -0500] "GET /BLA/resoluciones/RESOLUCIONES%202009/4225.pdf HTTP/1.0" 200 513213
201.245.192.253 - - [27/Dec/2023:03:07:35 -0500] "POST /forms/lservlet;jsessionid=ac16012b30d608a3c74dabe741288258ac4c4de7c868.e3iSbxaKaheRe34Qc38TbN0Nb41ynknvrkLOlQzNp65In0 HTTP/1.1" 200 2
20.197.112.235 - - [27/Dec/2023:03:07:39 -0500] "GET /Publicaciones/2023EE275387.pdf HTTP/1.1" 404 228
156.59.198.136 - - [27/Dec/2023:03:07:59 -0500] "GET /BLA/resoluciones/RESOLUCIONES%202009/2736.pdf HTTP/1.0" 200 487375
201.245.192.253 - - [27/Dec/2023:03:08:08 -0500] "POST /kwsrmcab/Wsrmcab  HTTP/1.1" 200 36330
156.59.198.136 - - [27/Dec/2023:03:08:23 -0500] "GET /BLA/resoluciones/RESOLUCIONES%202009/3668.pdf HTTP/1.0" 200 105018
216.244.66.195 - - [27/Dec/2023:03:08:28 -0500] "GET /BLA/resoluciones/AUTOS%202015/0865.pdf HTTP/1.1" 200 307681
190.130.101.32 - - [27/Dec/2023:03:08:43 -0500] "GET /distrito-exalto-a-246-empresas-de-bogota-por-su-alto-desempeno-y-responsabilidad-ambiental-durante-2023.html HTTP/1.1" 200 1039
156.59.198.136 - - [27/Dec/2023:03:08:48 -0500] "GET /BLA/resoluciones/RESOLUCIONES%202009/3390.pdf HTTP/1.0" 200 475983
172.225.238.96 - - [27/Dec/2023:03:09:00 -0500] "GET /distrito-exalto-a-246-empresas-de-bogota-por-su-alto-desempeno-y-responsabilidad-ambiental-durante-2023.html HTTP/1.1" 200 1039
172.225.238.96 - - [27/Dec/2023:03:09:04 -0500] "GET /distrito-exalto-a-246-empresas-de-bogota-por-su-alto-desempeno-y-responsabilidad-ambiental-durante-2023.html HTTP/1.1" 200 1039
156.59.198.136 - - [27/Dec/2023:03:09:12 -0500] "GET /BLA/resoluciones/RESOLUCIONES%202009/3358.pdf HTTP/1.0" 200 607579
216.244.66.195 - - [27/Dec/2023:03:09:17 -0500] "GET /BLA/resoluciones/AUTOS%202015/2368.pdf HTTP/1.1" 200 543575
201.245.192.253 - - [27/Dec/2023:03:09:31 -0500] "POST /forms/lservlet;jsessionid=ac16012b30d6ac84fb743cb8490d9168fad49a174d06.e3iSbxaKaheRe34Qc38TbN0Nb41ynknvrkLOlQzNp65In0 HTTP/1.1" 200 2
201.245.192.253 - - [27/Dec/2023:03:09:35 -0500] "POST /forms/lservlet;jsessionid=ac16012b30d608a3c74dabe741288258ac4c4de7c868.e3iSbxaKaheRe34Qc38TbN0Nb41ynknvrkLOlQzNp65In0 HTTP/1.1" 200 2
156.59.198.135 - - [27/Dec/2023:03:09:36 -0500] "GET /BLA/resoluciones/RESOLUCIONES%202009/3068.pdf HTTP/1.0" 200 675497
156.59.198.135 - - [27/Dec/2023:03:10:00 -0500] "GET /BLA/resoluciones/RESOLUCIONES%202009/4433.pdf HTTP/1.0" 200 1163378
216.244.66.195 - - [27/Dec/2023:03:10:11 -0500] "GET /BLA/resoluciones/AUTOS%202019/2097.pdf HTTP/1.1" 200 324431
216.245.221.92 - - [27/Dec/2023:03:10:12 -0500] "HEAD / HTTP/1.1" 200 -
156.59.198.135 - - [27/Dec/2023:03:10:25 -0500] "GET /BLA/resoluciones/RESOLUCIONES%202009/3594.pdf HTTP/1.0" 200 98775
172.22.2.4 - - [27/Dec/2023:03:08:59 -0500] "HEAD /BLA/boletinlegal/ HTTP/1.1" 200 -
156.59.198.136 - - [27/Dec/2023:03:10:48 -0500] "GET /BLA/resoluciones/RESOLUCIONES%202009/2825.pdf HTTP/1.0" 200 467816
216.244.66.195 - - [27/Dec/2023:03:11:02 -0500] "GET /BLA/resoluciones/RESOLUCIONES%202018/0721.pdf HTTP/1.1" 200 287299
156.59.198.135 - - [27/Dec/2023:03:11:13 -0500] "GET /BLA/resoluciones/RESOLUCIONES%202009/4020.pdf HTTP/1.0" 200 513739
172.22.2.4 - - [27/Dec/2023:03:09:49 -0500] "GET /BLA/boletinlegal/ HTTP/1.1" 200 60910
201.245.192.253 - - [27/Dec/2023:03:11:31 -0500] "POST /forms/lservlet;jsessionid=ac16012b30d6ac84fb743cb8490d9168fad49a174d06.e3iSbxaKaheRe34Qc38TbN0Nb41ynknvrkLOlQzNp65In0 HTTP/1.1" 200 2
201.245.192.253 - - [27/Dec/2023:03:11:35 -0500] "POST /forms/lservlet;jsessionid=ac16012b30d608a3c74dabe741288258ac4c4de7c868.e3iSbxaKaheRe34Qc38TbN0Nb41ynknvrkLOlQzNp65In0 HTTP/1.1" 200 2
156.59.198.136 - - [27/Dec/2023:03:11:39 -0500] "GET /BLA/resoluciones/RESOLUCIONES%202009/2734.pdf HTTP/1.0" 200 379658
216.244.66.195 - - [27/Dec/2023:03:11:47 -0500] "GET /BLA/resoluciones/RESOLUCIONES%202018/0783.pdf HTTP/1.1" 200 271280
156.59.198.135 - - [27/Dec/2023:03:12:04 -0500] "GET /BLA/resoluciones/RESOLUCIONES%202009/2222.pdf HTTP/1.0" 200 608431
156.59.198.136 - - [27/Dec/2023:03:12:28 -0500] "GET /BLA/resoluciones/RESOLUCIONES%202009/3425.pdf HTTP/1.0" 200 379434
156.59.198.136 - - [27/Dec/2023:03:12:51 -0500] "GET /BLA/resoluciones/RESOLUCIONES%202009/3053.pdf HTTP/1.0" 200 491943
201.245.192.253 - - [27/Dec/2023:03:13:07 -0500] "POST /kwsrmcab/Wsrmcab  HTTP/1.1" 200 36330
156.59.198.135 - - [27/Dec/2023:03:13:16 -0500] "GET /BLA/resoluciones/RESOLUCIONES%202009/4015.pdf HTTP/1.0" 200 503771
201.245.192.253 - - [27/Dec/2023:03:13:31 -0500] "POST /forms/lservlet;jsessionid=ac16012b30d6ac84fb743cb8490d9168fad49a174d06.e3iSbxaKaheRe34Qc38TbN0Nb41ynknvrkLOlQzNp65In0 HTTP/1.1" 200 2
201.245.192.253 - - [27/Dec/2023:03:13:35 -0500] "POST /forms/lservlet;jsessionid=ac16012b30d608a3c74dabe741288258ac4c4de7c868.e3iSbxaKaheRe34Qc38TbN0Nb41ynknvrkLOlQzNp65In0 HTTP/1.1" 200 2
156.59.198.136 - - [27/Dec/2023:03:13:40 -0500] "GET /BLA/resoluciones/RESOLUCIONES%202009/2982.pdf HTTP/1.0" 200 471405
156.59.198.135 - - [27/Dec/2023:03:14:05 -0500] "GET /BLA/resoluciones/RESOLUCIONES%202009/2597.pdf HTTP/1.0" 200 362608
156.59.198.136 - - [27/Dec/2023:03:14:28 -0500] "GET /BLA/resoluciones/RESOLUCIONES%202009/2998.pdf HTTP/1.0" 200 608912
156.59.198.135 - - [27/Dec/2023:03:14:53 -0500] "GET /BLA/resoluciones/RESOLUCIONES%202009/2295.pdf HTTP/1.0" 200 362550
216.245.221.92 - - [27/Dec/2023:03:15:12 -0500] "HEAD / HTTP/1.1" 200 -
156.59.198.136 - - [27/Dec/2023:03:15:17 -0500] "GET /BLA/resoluciones/RESOLUCIONES%202009/2670.pdf HTTP/1.0" 200 467089
201.245.192.253 - - [27/Dec/2023:03:15:31 -0500] "POST /forms/lservlet;jsessionid=ac16012b30d6ac84fb743cb8490d9168fad49a174d06.e3iSbxaKaheRe34Qc38TbN0Nb41ynknvrkLOlQzNp65In0 HTTP/1.1" 200 2
201.245.192.253 - - [27/Dec/2023:03:15:35 -0500] "POST /forms/lservlet;jsessionid=ac16012b30d608a3c74dabe741288258ac4c4de7c868.e3iSbxaKaheRe34Qc38TbN0Nb41ynknvrkLOlQzNp65In0 HTTP/1.1" 200 2
156.59.198.136 - - [27/Dec/2023:03:15:42 -0500] "GET /BLA/resoluciones/RESOLUCIONES%202009/3946.pdf HTTP/1.0" 200 917125
201.245.192.253 - - [27/Dec/2023:03:16:03 -0500] "POST /kwsrmcab/Wsrmcab HTTP/1.1" 200 36791
156.59.198.135 - - [27/Dec/2023:03:16:07 -0500] "GET /BLA/resoluciones/RESOLUCIONES%202009/3410.pdf HTTP/1.0" 200 476957
201.245.192.253 - - [27/Dec/2023:03:16:06 -0500] "POST /kwsrmcab/Wsrmcab HTTP/1.1" 200 36809
172.22.2.4 - - [27/Dec/2023:03:14:48 -0500] "HEAD /BLA/boletinlegal/ HTTP/1.1" 200 -
156.59.198.136 - - [27/Dec/2023:03:16:33 -0500] "GET /BLA/resoluciones/RESOLUCIONES%202009/2280.pdf HTTP/1.0" 200 360450
156.59.198.135 - - [27/Dec/2023:03:16:56 -0500] "GET /BLA/resoluciones/RESOLUCIONES%202009/3833.pdf HTTP/1.0" 200 802932
172.22.2.4 - - [27/Dec/2023:03:15:39 -0500] "GET /BLA/boletinlegal/ HTTP/1.1" 200 60046
156.59.198.135 - - [27/Dec/2023:03:17:20 -0500] "GET /BLA/resoluciones/RESOLUCIONES%202009/3777.pdf HTTP/1.0" 200 847973
201.245.192.253 - - [27/Dec/2023:03:17:31 -0500] "POST /forms/lservlet;jsessionid=ac16012b30d6ac84fb743cb8490d9168fad49a174d06.e3iSbxaKaheRe34Qc38TbN0Nb41ynknvrkLOlQzNp65In0 HTTP/1.1" 200 2
201.245.192.253 - - [27/Dec/2023:03:17:35 -0500] "POST /forms/lservlet;jsessionid=ac16012b30d608a3c74dabe741288258ac4c4de7c868.e3iSbxaKaheRe34Qc38TbN0Nb41ynknvrkLOlQzNp65In0 HTTP/1.1" 200 2
156.59.198.136 - - [27/Dec/2023:03:17:44 -0500] "GET /BLA/resoluciones/RESOLUCIONES%202009/2933.pdf HTTP/1.0" 200 432180
201.245.192.253 - - [27/Dec/2023:03:18:06 -0500] "POST /kwsrmcab/Wsrmcab  HTTP/1.1" 200 36330
156.59.198.135 - - [27/Dec/2023:03:18:09 -0500] "GET /BLA/resoluciones/RESOLUCIONES%202009/4411.pdf HTTP/1.0" 200 720750
156.59.198.135 - - [27/Dec/2023:03:18:33 -0500] "GET /BLA/resoluciones/RESOLUCIONES%202009/2843.pdf HTTP/1.0" 200 438775
156.59.198.136 - - [27/Dec/2023:03:18:57 -0500] "GET /BLA/resoluciones/RESOLUCIONES%202009/3110.pdf HTTP/1.0" 200 476859
66.249.77.68 - - [27/Dec/2023:03:18:59 -0500] "GET /distrito-planto-mas-de-300-arboles-en-corredor-vial-de-la-aurora-en-usme-para-celebrar-el-dia-mundial-del-arbol.html HTTP/1.1" 200 1023
66.249.77.67 - - [27/Dec/2023:03:19:00 -0500] "GET /mejora-tu-bienestar-con-las-caminatas-ecologicas-%C3%82%C2%A1conoce-la-programacion-de-agosto.html HTTP/1.1" 200 873
156.59.198.136 - - [27/Dec/2023:03:19:21 -0500] "GET /BLA/resoluciones/RESOLUCIONES%202009/2569.pdf HTTP/1.0" 200 440761
201.245.192.253 - - [27/Dec/2023:03:19:31 -0500] "POST /forms/lservlet;jsessionid=ac16012b30d6ac84fb743cb8490d9168fad49a174d06.e3iSbxaKaheRe34Qc38TbN0Nb41ynknvrkLOlQzNp65In0 HTTP/1.1" 200 2
201.245.192.253 - - [27/Dec/2023:03:19:35 -0500] "POST /forms/lservlet;jsessionid=ac16012b30d608a3c74dabe741288258ac4c4de7c868.e3iSbxaKaheRe34Qc38TbN0Nb41ynknvrkLOlQzNp65In0 HTTP/1.1" 200 2
156.59.198.136 - - [27/Dec/2023:03:19:45 -0500] "GET /BLA/resoluciones/RESOLUCIONES%202009/3662.pdf HTTP/1.0" 200 87517
213.186.1.245 - - [27/Dec/2023:03:19:56 -0500] "GET /jardin-botanico-lanza-antologia-de-cronicas-de-huerteras-y-huerteros-de-bogota.html HTTP/1.1" 200 821
201.245.192.253 - - [27/Dec/2023:03:20:05 -0500] "POST /kwsrmcab/Wsrmcab HTTP/1.1" 200 36791
156.59.198.136 - - [27/Dec/2023:03:20:09 -0500] "GET /BLA/resoluciones/RESOLUCIONES%202009/2816.pdf HTTP/1.0" 200 496747
216.245.221.92 - - [27/Dec/2023:03:20:12 -0500] "HEAD / HTTP/1.1" 200 -
201.245.192.253 - - [27/Dec/2023:03:20:10 -0500] "POST /kwsrmcab/Wsrmcab HTTP/1.1" 200 36809
156.59.198.136 - - [27/Dec/2023:03:20:33 -0500] "GET /BLA/resoluciones/RESOLUCIONES%202009/2805.pdf HTTP/1.0" 200 425796
156.59.198.136 - - [27/Dec/2023:03:20:57 -0500] "GET /BLA/resoluciones/RESOLUCIONES%202009/3834.pdf HTTP/1.0" 200 689636
156.59.198.136 - - [27/Dec/2023:03:21:23 -0500] "GET /BLA/resoluciones/RESOLUCIONES%202009/2708.pdf HTTP/1.0" 200 1028713
201.245.192.253 - - [27/Dec/2023:03:21:31 -0500] "POST /forms/lservlet;jsessionid=ac16012b30d6ac84fb743cb8490d9168fad49a174d06.e3iSbxaKaheRe34Qc38TbN0Nb41ynknvrkLOlQzNp65In0 HTTP/1.1" 200 2
201.245.192.253 - - [27/Dec/2023:03:21:35 -0500] "POST /forms/lservlet;jsessionid=ac16012b30d608a3c74dabe741288258ac4c4de7c868.e3iSbxaKaheRe34Qc38TbN0Nb41ynknvrkLOlQzNp65In0 HTTP/1.1" 200 2
156.59.198.135 - - [27/Dec/2023:03:21:47 -0500] "GET /BLA/resoluciones/RESOLUCIONES%202009/3043.pdf HTTP/1.0" 200 409388
156.59.198.136 - - [27/Dec/2023:03:22:12 -0500] "GET /BLA/resoluciones/RESOLUCIONES%202009/3761.pdf HTTP/1.0" 200 52092
172.22.2.4 - - [27/Dec/2023:03:20:38 -0500] "HEAD /BLA/boletinlegal/ HTTP/1.1" 200 -
156.59.198.135 - - [27/Dec/2023:03:22:37 -0500] "GET /BLA/resoluciones/RESOLUCIONES%202009/4188.pdf HTTP/1.0" 200 1181746
156.59.198.135 - - [27/Dec/2023:03:23:00 -0500] "GET /BLA/resoluciones/RESOLUCIONES%202009/3724.pdf HTTP/1.0" 200 116536
201.245.192.253 - - [27/Dec/2023:03:23:05 -0500] "POST /kwsrmcab/Wsrmcab  HTTP/1.1" 200 36330
172.22.2.4 - - [27/Dec/2023:03:21:29 -0500] "GET /BLA/boletinlegal/ HTTP/1.1" 200 60502
156.59.198.135 - - [27/Dec/2023:03:23:24 -0500] "GET /BLA/resoluciones/RESOLUCIONES%202009/2814.pdf HTTP/1.0" 200 464983
201.245.192.253 - - [27/Dec/2023:03:23:31 -0500] "POST /forms/lservlet;jsessionid=ac16012b30d6ac84fb743cb8490d9168fad49a174d06.e3iSbxaKaheRe34Qc38TbN0Nb41ynknvrkLOlQzNp65In0 HTTP/1.1" 200 2
201.245.192.253 - - [27/Dec/2023:03:23:35 -0500] "POST /forms/lservlet;jsessionid=ac16012b30d608a3c74dabe741288258ac4c4de7c868.e3iSbxaKaheRe34Qc38TbN0Nb41ynknvrkLOlQzNp65In0 HTTP/1.1" 200 2
191.104.183.193 - - [27/Dec/2023:03:23:43 -0500] "GET /distrito-exalto-a-246-empresas-de-bogota-por-su-alto-desempeno-y-responsabilidad-ambiental-durante-2023.html HTTP/1.1" 200 1039
156.59.198.135 - - [27/Dec/2023:03:23:48 -0500] "GET /BLA/resoluciones/RESOLUCIONES%202009/2190.pdf HTTP/1.0" 200 629008
156.59.198.135 - - [27/Dec/2023:03:24:13 -0500] "GET /BLA/resoluciones/RESOLUCIONES%202009/3055.pdf HTTP/1.0" 200 608883
156.59.198.135 - - [27/Dec/2023:03:24:37 -0500] "GET /BLA/resoluciones/RESOLUCIONES%202009/4042.pdf HTTP/1.0" 200 65546
156.59.198.136 - - [27/Dec/2023:03:25:01 -0500] "GET /BLA/resoluciones/RESOLUCIONES%202009/3198.pdf HTTP/1.0" 200 355412
216.245.221.92 - - [27/Dec/2023:03:25:12 -0500] "HEAD / HTTP/1.1" 200 -
156.59.198.135 - - [27/Dec/2023:03:25:25 -0500] "GET /BLA/resoluciones/RESOLUCIONES%202009/2545.pdf HTTP/1.0" 200 455829
201.245.192.253 - - [27/Dec/2023:03:25:31 -0500] "POST /forms/lservlet;jsessionid=ac16012b30d6ac84fb743cb8490d9168fad49a174d06.e3iSbxaKaheRe34Qc38TbN0Nb41ynknvrkLOlQzNp65In0 HTTP/1.1" 200 2
201.245.192.253 - - [27/Dec/2023:03:25:35 -0500] "POST /forms/lservlet;jsessionid=ac16012b30d608a3c74dabe741288258ac4c4de7c868.e3iSbxaKaheRe34Qc38TbN0Nb41ynknvrkLOlQzNp65In0 HTTP/1.1" 200 2
156.59.198.135 - - [27/Dec/2023:03:25:50 -0500] "GET /BLA/resoluciones/RESOLUCIONES%202009/3902.pdf HTTP/1.0" 200 63078
201.245.192.253 - - [27/Dec/2023:03:26:03 -0500] "POST /kwsrmcab/Wsrmcab HTTP/1.1" 200 36791
201.245.192.253 - - [27/Dec/2023:03:26:06 -0500] "POST /kwsrmcab/Wsrmcab HTTP/1.1" 200 36809
156.59.198.136 - - [27/Dec/2023:03:26:14 -0500] "GET /BLA/resoluciones/RESOLUCIONES%202009/3049.pdf HTTP/1.0" 200 498877
156.59.198.136 - - [27/Dec/2023:03:26:38 -0500] "GET /BLA/resoluciones/RESOLUCIONES%202009/2772.pdf HTTP/1.0" 200 545991
156.59.198.135 - - [27/Dec/2023:03:27:02 -0500] "GET /BLA/resoluciones/RESOLUCIONES%202009/2903.pdf HTTP/1.0" 200 1403269
156.59.198.136 - - [27/Dec/2023:03:27:26 -0500] "GET /BLA/resoluciones/RESOLUCIONES%202009/3803.pdf HTTP/1.0" 200 999606
201.245.192.253 - - [27/Dec/2023:03:27:31 -0500] "POST /forms/lservlet;jsessionid=ac16012b30d6ac84fb743cb8490d9168fad49a174d06.e3iSbxaKaheRe34Qc38TbN0Nb41ynknvrkLOlQzNp65In0 HTTP/1.1" 200 2
201.245.192.253 - - [27/Dec/2023:03:27:35 -0500] "POST /forms/lservlet;jsessionid=ac16012b30d608a3c74dabe741288258ac4c4de7c868.e3iSbxaKaheRe34Qc38TbN0Nb41ynknvrkLOlQzNp65In0 HTTP/1.1" 200 2
156.59.198.136 - - [27/Dec/2023:03:27:51 -0500] "GET /BLA/resoluciones/RESOLUCIONES%202009/4141.pdf HTTP/1.0" 200 656794
201.245.192.253 - - [27/Dec/2023:03:28:04 -0500] "POST /kwsrmcab/Wsrmcab  HTTP/1.1" 200 36330
172.22.2.4 - - [27/Dec/2023:03:26:28 -0500] "HEAD /BLA/boletinlegal/ HTTP/1.1" 200 -
156.59.198.135 - - [27/Dec/2023:03:28:16 -0500] "GET /BLA/resoluciones/RESOLUCIONES%202009/2874.pdf HTTP/1.0" 200 525248
156.59.198.135 - - [27/Dec/2023:03:28:40 -0500] "GET /BLA/resoluciones/RESOLUCIONES%202009/3498.pdf HTTP/1.0" 200 728002
172.22.2.4 - - [27/Dec/2023:03:27:19 -0500] "GET /BLA/boletinlegal/ HTTP/1.1" 200 60910
156.59.198.135 - - [27/Dec/2023:03:29:04 -0500] "GET /BLA/resoluciones/RESOLUCIONES%202009/3287.pdf HTTP/1.0" 200 655998
52.167.144.219 - - [27/Dec/2023:03:29:25 -0500] "GET /portaldeninos/humedal-jaboque-2/ HTTP/1.1" 200 87846
156.59.198.135 - - [27/Dec/2023:03:29:28 -0500] "GET /BLA/resoluciones/RESOLUCIONES%202009/3387.pdf HTTP/1.0" 200 480105
201.245.192.253 - - [27/Dec/2023:03:29:31 -0500] "POST /forms/lservlet;jsessionid=ac16012b30d6ac84fb743cb8490d9168fad49a174d06.e3iSbxaKaheRe34Qc38TbN0Nb41ynknvrkLOlQzNp65In0 HTTP/1.1" 200 2
201.245.192.253 - - [27/Dec/2023:03:29:35 -0500] "POST /forms/lservlet;jsessionid=ac16012b30d608a3c74dabe741288258ac4c4de7c868.e3iSbxaKaheRe34Qc38TbN0Nb41ynknvrkLOlQzNp65In0 HTTP/1.1" 200 2
52.167.144.219 - - [27/Dec/2023:03:29:45 -0500] "GET /portaldeninos/wp-content/themes/betheme/assets/animations/animations.min.js?ver=20.9.6 HTTP/1.1" 200 1896
52.167.144.219 - - [27/Dec/2023:03:29:45 -0500] "GET /portaldeninos/wp-content/themes/betheme/assets/jplayer/jplayer.min.js?ver=20.9.6 HTTP/1.1" 200 52702
52.167.144.219 - - [27/Dec/2023:03:29:46 -0500] "GET /portaldeninos/wp-content/themes/betheme/js/plugins.js?ver=20.9.6 HTTP/1.1" 200 197151
52.167.144.219 - - [27/Dec/2023:03:29:46 -0500] "GET /portaldeninos/wp-content/themes/betheme/css/shortcodes.css?ver=20.9.6 HTTP/1.1" 200 138889
52.167.144.219 - - [27/Dec/2023:03:29:47 -0500] "GET /portaldeninos/wp-content/themes/betheme/style.css?ver=20.9.6 HTTP/1.1" 200 287
52.167.144.219 - - [27/Dec/2023:03:29:47 -0500] "GET /portaldeninos/wp-includes/js/jquery/ui/core.min.js?ver=1.11.4 HTTP/1.1" 200 4000
52.167.144.7 - - [27/Dec/2023:03:29:48 -0500] "GET /portaldeninos/wp-includes/js/jquery/ui/accordion.min.js?ver=1.11.4 HTTP/1.1" 200 8584
52.167.144.238 - - [27/Dec/2023:03:29:50 -0500] "GET /portaldeninos/wp-content/plugins/gallery-videos/JS/Total-Soft-Gallery-Video-Widget.js?ver=4.9.8 HTTP/1.1" 200 80264
52.167.144.238 - - [27/Dec/2023:03:29:51 -0500] "GET /portaldeninos/wp-content/themes/betheme/assets/animations/animations.min.css?ver=20.9.6 HTTP/1.1" 200 58508
52.167.144.238 - - [27/Dec/2023:03:29:51 -0500] "GET /portaldeninos/wp-content/themes/betheme/js/menu.js?ver=20.9.6 HTTP/1.1" 200 2449
52.167.144.238 - - [27/Dec/2023:03:29:52 -0500] "GET /portaldeninos/wp-includes/js/jquery/ui/mouse.min.js?ver=1.11.4 HTTP/1.1" 200 3148
52.167.144.238 - - [27/Dec/2023:03:29:52 -0500] "GET /portaldeninos/wp-includes/js/jquery/ui/tabs.min.js?ver=1.11.4 HTTP/1.1" 200 12110
52.167.144.238 - - [27/Dec/2023:03:29:52 -0500] "GET /portaldeninos/wp-includes/js/jquery/ui/widget.min.js?ver=1.11.4 HTTP/1.1" 200 6908
52.167.144.238 - - [27/Dec/2023:03:29:52 -0500] "GET /portaldeninos/wp-includes/js/wp-embed.min.js?ver=4.9.8 HTTP/1.1" 200 1398
156.59.198.135 - - [27/Dec/2023:03:29:52 -0500] "GET /BLA/resoluciones/RESOLUCIONES%202009/4018.pdf HTTP/1.0" 200 527963
157.55.39.59 - - [27/Dec/2023:03:29:57 -0500] "GET /portaldeninos/wp-content/plugins/gallery-videos/CSS/Total-Soft-Gallery-Video-Widget.css?ver=4.9.8 HTTP/1.1" 200 51554
157.55.39.59 - - [27/Dec/2023:03:29:58 -0500] "GET /portaldeninos/wp-content/plugins/gallery-videos/CSS/totalsoft.css?ver=4.9.8 HTTP/1.1" 200 40622
157.55.39.59 - - [27/Dec/2023:03:29:58 -0500] "GET /portaldeninos/wp-content/plugins/gallery-videos/JS/modernizr.custom.js?ver=4.9.8 HTTP/1.1" 200 9019
157.55.39.59 - - [27/Dec/2023:03:29:59 -0500] "GET /portaldeninos/wp-content/themes/betheme/assets/jplayer/css/jplayer.blue.monday.css?ver=20.9.6 HTTP/1.1" 200 9834
157.55.39.59 - - [27/Dec/2023:03:29:59 -0500] "GET /portaldeninos/wp-content/themes/betheme/assets/ui/jquery.ui.all.css?ver=20.9.6 HTTP/1.1" 200 18765
157.55.39.59 - - [27/Dec/2023:03:30:00 -0500] "GET /portaldeninos/wp-content/themes/betheme/css/base.css?ver=20.9.6 HTTP/1.1" 200 57283
157.55.39.59 - - [27/Dec/2023:03:30:00 -0500] "GET /portaldeninos/wp-content/themes/betheme/css/layout.css?ver=20.9.6 HTTP/1.1" 200 116639
157.55.39.59 - - [27/Dec/2023:03:30:01 -0500] "GET /portaldeninos/wp-content/themes/betheme/css/responsive.css?ver=20.9.6 HTTP/1.1" 200 55740
157.55.39.59 - - [27/Dec/2023:03:30:01 -0500] "GET /portaldeninos/wp-content/themes/betheme/js/scripts.js?ver=20.9.6 HTTP/1.1" 200 77162
157.55.39.59 - - [27/Dec/2023:03:30:02 -0500] "GET /portaldeninos/wp-content/uploads/useanyfont/uaf.css?ver=1589905315 HTTP/1.1" 200 408
157.55.39.59 - - [27/Dec/2023:03:30:02 -0500] "GET /portaldeninos/wp-includes/js/jquery/jquery-migrate.min.js?ver=1.4.1 HTTP/1.1" 200 10056
157.55.39.59 - - [27/Dec/2023:03:30:03 -0500] "GET /portaldeninos/wp-includes/js/jquery/jquery.js?ver=1.12.4 HTTP/1.1" 200 97184
201.245.192.253 - - [27/Dec/2023:03:30:05 -0500] "POST /kwsrmcab/Wsrmcab HTTP/1.1" 200 36791
216.245.221.92 - - [27/Dec/2023:03:30:12 -0500] "HEAD / HTTP/1.1" 200 -
201.245.192.253 - - [27/Dec/2023:03:30:10 -0500] "POST /kwsrmcab/Wsrmcab HTTP/1.1" 200 36809
156.59.198.136 - - [27/Dec/2023:03:30:17 -0500] "GET /BLA/resoluciones/RESOLUCIONES%202009/2656.pdf HTTP/1.0" 200 669655
156.59.198.136 - - [27/Dec/2023:03:30:42 -0500] "GET /BLA/resoluciones/RESOLUCIONES%202009/2225.pdf HTTP/1.0" 200 689144
156.59.198.136 - - [27/Dec/2023:03:31:06 -0500] "GET /BLA/resoluciones/RESOLUCIONES%202009/3570.pdf HTTP/1.0" 200 1726626
156.59.198.136 - - [27/Dec/2023:03:31:30 -0500] "GET /BLA/resoluciones/RESOLUCIONES%202009/3943.pdf HTTP/1.0" 200 593261
201.245.192.253 - - [27/Dec/2023:03:31:31 -0500] "POST /forms/lservlet;jsessionid=ac16012b30d6ac84fb743cb8490d9168fad49a174d06.e3iSbxaKaheRe34Qc38TbN0Nb41ynknvrkLOlQzNp65In0 HTTP/1.1" 200 2
201.245.192.253 - - [27/Dec/2023:03:31:35 -0500] "POST /forms/lservlet;jsessionid=ac16012b30d608a3c74dabe741288258ac4c4de7c868.e3iSbxaKaheRe34Qc38TbN0Nb41ynknvrkLOlQzNp65In0 HTTP/1.1" 200 2
156.59.198.135 - - [27/Dec/2023:03:31:54 -0500] "GET /BLA/resoluciones/RESOLUCIONES%202009/2283.pdf HTTP/1.0" 200 461030
156.59.198.136 - - [27/Dec/2023:03:32:19 -0500] "GET /BLA/resoluciones/RESOLUCIONES%202009/4252.pdf HTTP/1.0" 200 505907
156.59.198.135 - - [27/Dec/2023:03:32:43 -0500] "GET /BLA/resoluciones/RESOLUCIONES%202009/3524.pdf HTTP/1.0" 200 715958
201.245.192.253 - - [27/Dec/2023:03:33:03 -0500] "POST /kwsrmcab/Wsrmcab  HTTP/1.1" 200 36330
156.59.198.136 - - [27/Dec/2023:03:33:07 -0500] "GET /BLA/resoluciones/RESOLUCIONES%202009/2127.pdf HTTP/1.0" 200 565911
156.59.198.136 - - [27/Dec/2023:03:33:31 -0500] "GET /BLA/resoluciones/RESOLUCIONES%202009/2924.pdf HTTP/1.0" 200 428396
201.245.192.253 - - [27/Dec/2023:03:33:31 -0500] "POST /forms/lservlet;jsessionid=ac16012b30d6ac84fb743cb8490d9168fad49a174d06.e3iSbxaKaheRe34Qc38TbN0Nb41ynknvrkLOlQzNp65In0 HTTP/1.1" 200 2
201.245.192.253 - - [27/Dec/2023:03:33:35 -0500] "POST /forms/lservlet;jsessionid=ac16012b30d608a3c74dabe741288258ac4c4de7c868.e3iSbxaKaheRe34Qc38TbN0Nb41ynknvrkLOlQzNp65In0 HTTP/1.1" 200 2
156.59.198.136 - - [27/Dec/2023:03:33:55 -0500] "GET /BLA/resoluciones/RESOLUCIONES%202009/3031.pdf HTTP/1.0" 200 606922
172.22.2.4 - - [27/Dec/2023:03:32:18 -0500] "HEAD /BLA/boletinlegal/ HTTP/1.1" 200 -
156.59.198.136 - - [27/Dec/2023:03:34:19 -0500] "GET /BLA/resoluciones/RESOLUCIONES%202009/4293.pdf HTTP/1.0" 200 535709
216.244.66.195 - - [27/Dec/2023:03:34:29 -0500] "GET /robots.txt HTTP/1.1" 404 1018
34.170.14.166 - - [27/Dec/2023:03:34:39 -0500] "GET /distrito-exalto-a-246-empresas-de-bogota-por-su-alto-desempeno-y-responsabilidad-ambiental-durante-2023.html HTTP/1.1" 200 1039
156.59.198.135 - - [27/Dec/2023:03:34:43 -0500] "GET /BLA/resoluciones/RESOLUCIONES%202009/3265.pdf HTTP/1.0" 200 720834
172.22.2.4 - - [27/Dec/2023:03:33:09 -0500] "GET /BLA/boletinlegal/ HTTP/1.1" 200 60502
134.94.0.73 - - [27/Dec/2023:03:35:00 -0500] "GET /galeria/galeria/fotos/Humedal-la-conejera2P.jpg HTTP/1.1" 200 31007
156.59.198.136 - - [27/Dec/2023:03:35:08 -0500] "GET /BLA/resoluciones/RESOLUCIONES%202009/2872.pdf HTTP/1.0" 200 583922
216.245.221.92 - - [27/Dec/2023:03:35:12 -0500] "HEAD / HTTP/1.1" 200 -
168.119.252.242 - - [27/Dec/2023:03:35:13 -0500] "GET / HTTP/1.1" 200 319
168.119.252.242 - - [27/Dec/2023:03:35:13 -0500] "GET / HTTP/1.1" 200 4720
201.245.192.253 - - [27/Dec/2023:03:35:31 -0500] "POST /forms/lservlet;jsessionid=ac16012b30d6ac84fb743cb8490d9168fad49a174d06.e3iSbxaKaheRe34Qc38TbN0Nb41ynknvrkLOlQzNp65In0 HTTP/1.1" 200 2
156.59.198.135 - - [27/Dec/2023:03:35:32 -0500] "GET /BLA/resoluciones/RESOLUCIONES%202009/4100.pdf HTTP/1.0" 200 54324
201.245.192.253 - - [27/Dec/2023:03:35:35 -0500] "POST /forms/lservlet;jsessionid=ac16012b30d608a3c74dabe741288258ac4c4de7c868.e3iSbxaKaheRe34Qc38TbN0Nb41ynknvrkLOlQzNp65In0 HTTP/1.1" 200 2
156.59.198.136 - - [27/Dec/2023:03:35:56 -0500] "GET /BLA/resoluciones/RESOLUCIONES%202009/4008.pdf HTTP/1.0" 200 518399
201.245.192.253 - - [27/Dec/2023:03:36:03 -0500] "POST /kwsrmcab/Wsrmcab HTTP/1.1" 200 36791
201.245.192.253 - - [27/Dec/2023:03:36:06 -0500] "POST /kwsrmcab/Wsrmcab HTTP/1.1" 200 36809
156.59.198.136 - - [27/Dec/2023:03:36:20 -0500] "GET /BLA/resoluciones/RESOLUCIONES%202009/3112.pdf HTTP/1.0" 200 472901
156.59.198.135 - - [27/Dec/2023:03:36:45 -0500] "GET /BLA/resoluciones/RESOLUCIONES%202009/2478.pdf HTTP/1.0" 200 717837
156.59.198.135 - - [27/Dec/2023:03:37:09 -0500] "GET /BLA/resoluciones/RESOLUCIONES%202009/2827.pdf HTTP/1.0" 200 422539
201.245.192.253 - - [27/Dec/2023:03:37:31 -0500] "POST /forms/lservlet;jsessionid=ac16012b30d6ac84fb743cb8490d9168fad49a174d06.e3iSbxaKaheRe34Qc38TbN0Nb41ynknvrkLOlQzNp65In0 HTTP/1.1" 200 2
156.59.198.135 - - [27/Dec/2023:03:37:33 -0500] "GET /BLA/resoluciones/RESOLUCIONES%202009/3285.pdf HTTP/1.0" 200 646698
201.245.192.253 - - [27/Dec/2023:03:37:35 -0500] "POST /forms/lservlet;jsessionid=ac16012b30d608a3c74dabe741288258ac4c4de7c868.e3iSbxaKaheRe34Qc38TbN0Nb41ynknvrkLOlQzNp65In0 HTTP/1.1" 200 2
156.59.198.135 - - [27/Dec/2023:03:37:58 -0500] "GET /BLA/resoluciones/RESOLUCIONES%202009/2633.pdf HTTP/1.0" 200 1253948
201.245.192.253 - - [27/Dec/2023:03:38:01 -0500] "POST /kwsrmcab/Wsrmcab  HTTP/1.1" 200 36330
172.22.2.4 - - [27/Dec/2023:03:38:09 -0500] "GET /BLA/boletinlegal/Circulares/2013/Circular%20No.%204%20del%2005%20de%20junio%20de%202013.pdf HTTP/1.1" 200 130461
156.59.198.136 - - [27/Dec/2023:03:38:23 -0500] "GET /BLA/resoluciones/RESOLUCIONES%202009/4082.pdf HTTP/1.0" 200 521211
