156.59.198.135 - - [27/Dec/2023:03:38:47 -0500] "GET /BLA/resoluciones/RESOLUCIONES%202009/2525.pdf HTTP/1.0" 200 433047
156.59.198.135 - - [27/Dec/2023:03:39:11 -0500] "GET /BLA/resoluciones/RESOLUCIONES%202009/2718.pdf HTTP/1.0" 200 720230
201.245.192.253 - - [27/Dec/2023:03:39:31 -0500] "POST /forms/lservlet;jsessionid=ac16012b30d6ac84fb743cb8490d9168fad49a174d06.e3iSbxaKaheRe34Qc38TbN0Nb41ynknvrkLOlQzNp65In0 HTTP/1.1" 200 2
201.245.192.253 - - [27/Dec/2023:03:39:35 -0500] "POST /forms/lservlet;jsessionid=ac16012b30d608a3c74dabe741288258ac4c4de7c868.e3iSbxaKaheRe34Qc38TbN0Nb41ynknvrkLOlQzNp65In0 HTTP/1.1" 200 2
156.59.198.135 - - [27/Dec/2023:03:39:36 -0500] "GET /BLA/resoluciones/RESOLUCIONES%202009/3476.pdf HTTP/1.0" 200 656149
172.22.2.4 - - [27/Dec/2023:03:38:08 -0500] "HEAD /BLA/boletinlegal/ HTTP/1.1" 200 -
156.59.198.135 - - [27/Dec/2023:03:40:00 -0500] "GET /BLA/resoluciones/RESOLUCIONES%202009/3145.pdf HTTP/1.0" 200 476213
201.245.192.253 - - [27/Dec/2023:03:40:05 -0500] "POST /kwsrmcab/Wsrmcab HTTP/1.1" 200 36791
201.245.192.253 - - [27/Dec/2023:03:40:10 -0500] "POST /kwsrmcab/Wsrmcab HTTP/1.1" 200 36809
216.245.221.92 - - [27/Dec/2023:03:40:12 -0500] "HEAD / HTTP/1.1" 200 -
156.59.198.136 - - [27/Dec/2023:03:40:25 -0500] "GET /BLA/resoluciones/RESOLUCIONES%202009/3774.pdf HTTP/1.0" 200 65098
172.22.2.4 - - [27/Dec/2023:03:38:59 -0500] "GET /BLA/boletinlegal/ HTTP/1.1" 200 58567
156.59.198.135 - - [27/Dec/2023:03:40:49 -0500] "GET /BLA/resoluciones/RESOLUCIONES%202009/3395.pdf HTTP/1.0" 200 473153
156.59.198.136 - - [27/Dec/2023:03:41:14 -0500] "GET /BLA/resoluciones/RESOLUCIONES%202009/2390.pdf HTTP/1.0" 200 427906
201.245.192.253 - - [27/Dec/2023:03:41:31 -0500] "POST /forms/lservlet;jsessionid=ac16012b30d6ac84fb743cb8490d9168fad49a174d06.e3iSbxaKaheRe34Qc38TbN0Nb41ynknvrkLOlQzNp65In0 HTTP/1.1" 200 2
201.245.192.253 - - [27/Dec/2023:03:41:35 -0500] "POST /forms/lservlet;jsessionid=ac16012b30d608a3c74dabe741288258ac4c4de7c868.e3iSbxaKaheRe34Qc38TbN0Nb41ynknvrkLOlQzNp65In0 HTTP/1.1" 200 2
156.59.198.136 - - [27/Dec/2023:03:41:38 -0500] "GET /BLA/resoluciones/RESOLUCIONES%202009/2873.pdf HTTP/1.0" 200 475226
156.59.198.135 - - [27/Dec/2023:03:42:02 -0500] "GET /BLA/resoluciones/RESOLUCIONES%202009/4316.pdf HTTP/1.0" 200 588721
172.22.2.4 - - [27/Dec/2023:03:42:02 -0500] "GET /BLA/boletinlegal/style.css HTTP/1.1" 200 9406
172.22.2.4 - - [27/Dec/2023:03:42:02 -0500] "GET /BLA/boletinlegal/styles2.css HTTP/1.1" 200 1838
172.22.2.4 - - [27/Dec/2023:03:42:02 -0500] "GET /BLA/boletinlegal/js/jquery.js HTTP/1.1" 200 57254
172.22.2.4 - - [27/Dec/2023:03:42:02 -0500] "GET /BLA/boletinlegal/js/jquery.scrollShow.js HTTP/1.1" 200 4586
172.22.2.4 - - [27/Dec/2023:03:42:02 -0500] "GET /BLA/boletinlegal/js/jquery.scrollTo-min.js HTTP/1.1" 200 1150
172.22.2.4 - - [27/Dec/2023:03:42:02 -0500] "GET /BLA/boletinlegal/images/subscribe-icon-big.png HTTP/1.1" 200 47702
172.22.2.4 - - [27/Dec/2023:03:42:02 -0500] "GET /BLA/boletinlegal/images/cabezote%20BLEGAL.jpg HTTP/1.1" 200 118164
172.22.2.4 - - [27/Dec/2023:03:42:02 -0500] "GET /BLA/boletinlegal/images/historia.png HTTP/1.1" 200 52775
172.22.2.4 - - [27/Dec/2023:03:42:02 -0500] "GET /BLA/boletinlegal/images/registro-usuarios.png HTTP/1.1" 200 8106
172.22.2.4 - - [27/Dec/2023:03:42:02 -0500] "GET /BLA/boletinlegal/images/arr_l.jpg HTTP/1.1" 200 1979
172.22.2.4 - - [27/Dec/2023:03:42:02 -0500] "GET /BLA/boletinlegal/images/screen_1.png HTTP/1.1" 200 202547
172.22.2.4 - - [27/Dec/2023:03:42:02 -0500] "GET /BLA/boletinlegal/images/launch.jpg HTTP/1.1" 200 14577
172.22.2.4 - - [27/Dec/2023:03:42:03 -0500] "GET /BLA/boletinlegal/actos.php HTTP/1.1" 200 9682
172.22.2.4 - - [27/Dec/2023:03:42:03 -0500] "GET /BLA/boletinlegal/niceforms-default.css HTTP/1.1" 200 6694
172.22.2.4 - - [27/Dec/2023:03:42:03 -0500] "GET /BLA/boletinlegal/js/ajax_actos.js HTTP/1.1" 200 1322
172.22.2.4 - - [27/Dec/2023:03:42:03 -0500] "GET /BLA/boletinlegal/niceforms.js HTTP/1.1" 200 22876
172.22.2.4 - - [27/Dec/2023:03:42:03 -0500] "GET /BLA/boletinlegal/js/popup.js HTTP/1.1" 200 1270
172.22.2.4 - - [27/Dec/2023:03:42:03 -0500] "GET /BLA/boletinlegal/js/lib.js HTTP/1.1" 200 6474
172.22.2.4 - - [27/Dec/2023:03:42:03 -0500] "GET /BLA/boletinlegal/js/jquery1.js HTTP/1.1" 200 29846
172.22.2.4 - - [27/Dec/2023:03:42:03 -0500] "GET /BLA/boletinlegal/images/green-yellow-blue-pink-th.png HTTP/1.1" 200 7394
172.22.2.4 - - [27/Dec/2023:03:42:03 -0500] "GET /BLA/boletinlegal/images/tel.png HTTP/1.1" 200 14477
172.22.2.4 - - [27/Dec/2023:03:42:04 -0500] "GET /BLA/boletinlegal/images/icono-email.png HTTP/1.1" 200 5544
172.22.2.4 - - [27/Dec/2023:03:42:04 -0500] "GET /BLA/boletinlegal/images/body_bg.jpg HTTP/1.1" 200 1601
172.22.2.4 - - [27/Dec/2023:03:42:04 -0500] "GET /BLA/boletinlegal/images/menu_lft.gif HTTP/1.1" 200 1713
172.22.2.4 - - [27/Dec/2023:03:42:04 -0500] "GET /BLA/boletinlegal/images/menu_rght.gif HTTP/1.1" 200 1627
172.22.2.4 - - [27/Dec/2023:03:42:04 -0500] "GET /BLA/boletinlegal/images/bg_top.jpg HTTP/1.1" 200 522
172.22.2.4 - - [27/Dec/2023:03:42:04 -0500] "GET /BLA/boletinlegal/images/menu_bg.jpg HTTP/1.1" 200 620
172.22.2.4 - - [27/Dec/2023:03:42:04 -0500] "GET /BLA/boletinlegal/images/hover.jpg HTTP/1.1" 200 640
172.22.2.4 - - [27/Dec/2023:03:42:04 -0500] "GET /BLA/boletinlegal/images/text.jpg HTTP/1.1" 200 568
172.22.2.4 - - [27/Dec/2023:03:42:04 -0500] "GET /BLA/boletinlegal/images/footer_bg.jpg HTTP/1.1" 200 586
172.22.2.4 - - [27/Dec/2023:03:42:04 -0500] "GET /BLA/boletinlegal/images/footer_bg_l.jpg HTTP/1.1" 200 776
172.22.2.4 - - [27/Dec/2023:03:42:04 -0500] "GET /BLA/boletinlegal/img/0.png HTTP/1.1" 200 110
172.22.2.4 - - [27/Dec/2023:03:42:04 -0500] "GET /BLA/boletinlegal/img/select-left.png HTTP/1.1" 200 263
172.22.2.4 - - [27/Dec/2023:03:42:04 -0500] "GET /BLA/boletinlegal/img/select-right.png HTTP/1.1" 200 44019
172.22.2.4 - - [27/Dec/2023:03:42:04 -0500] "GET /BLA/boletinlegal/img/button.png HTTP/1.1" 200 43241
172.22.2.4 - - [27/Dec/2023:03:42:04 -0500] "GET /BLA/boletinlegal/img/button-left.png HTTP/1.1" 200 57071
172.22.2.4 - - [27/Dec/2023:03:42:04 -0500] "GET /BLA/boletinlegal/img/button-right.png HTTP/1.1" 200 57878
172.22.2.4 - - [27/Dec/2023:03:42:04 -0500] "GET /BLA/boletinlegal/favicon.ico HTTP/1.1" 404 1326
172.22.2.4 - - [27/Dec/2023:03:42:07 -0500] "GET /BLA/boletinlegal/consulta_actos.php?tipo=resoluciones&no=&usuario=&sector=&fecha=2023&resuelve= HTTP/1.1" 200 400611
172.22.2.4 - - [27/Dec/2023:03:42:08 -0500] "GET /BLA/boletinlegal/images/pdf.gif HTTP/1.1" 200 567
172.22.2.4 - - [27/Dec/2023:03:42:08 -0500] "GET /BLA/boletinlegal/images/background.gif HTTP/1.1" 200 -
172.22.2.4 - - [27/Dec/2023:03:42:09 -0500] "GET /BLA/boletinlegal/images/screen_2.png HTTP/1.1" 200 362502
172.22.2.4 - - [27/Dec/2023:03:42:09 -0500] "GET /BLA/boletinlegal/images/screen_5.png HTTP/1.1" 200 368876
172.22.2.4 - - [27/Dec/2023:03:42:09 -0500] "GET /BLA/boletinlegal/images/screen_3.png HTTP/1.1" 200 210620
172.22.2.4 - - [27/Dec/2023:03:42:09 -0500] "GET /BLA/boletinlegal/images/arr_r.jpg HTTP/1.1" 200 1998
156.59.198.135 - - [27/Dec/2023:03:42:26 -0500] "GET /BLA/resoluciones/RESOLUCIONES%202009/2183.pdf HTTP/1.0" 200 624202
172.22.2.4 - - [27/Dec/2023:03:42:46 -0500] "GET /BLA/boletinlegal/consulta_actos.php?tipo=resoluciones&no=&usuario=&sector=COMPETENCIA&fecha=2023&resuelve= HTTP/1.1" 200 37372
156.59.198.136 - - [27/Dec/2023:03:42:50 -0500] "GET /BLA/resoluciones/RESOLUCIONES%202009/3581.pdf HTTP/1.0" 200 812525
181.53.12.200 - - [27/Dec/2023:03:42:59 -0500] "GET /BLA/resoluciones/RESOLUCIONES%202023/2684.pdf HTTP/1.1" 200 342811
181.53.12.200 - - [27/Dec/2023:03:43:00 -0500] "GET /favicon.ico HTTP/1.1" 200 7782
66.249.77.69 - - [27/Dec/2023:03:43:00 -0500] "GET /semana-ambiental-2022-del-31-de-mayo-al-5-de-junio-se-celebrara-en-bogota.html HTTP/1.1" 200 799
201.245.192.253 - - [27/Dec/2023:03:42:59 -0500] "POST /kwsrmcab/Wsrmcab  HTTP/1.1" 200 36330
156.59.198.135 - - [27/Dec/2023:03:43:15 -0500] "GET /BLA/resoluciones/RESOLUCIONES%202009/2966.pdf HTTP/1.0" 200 603614
201.245.192.253 - - [27/Dec/2023:03:43:31 -0500] "POST /forms/lservlet;jsessionid=ac16012b30d6ac84fb743cb8490d9168fad49a174d06.e3iSbxaKaheRe34Qc38TbN0Nb41ynknvrkLOlQzNp65In0 HTTP/1.1" 200 2
201.245.192.253 - - [27/Dec/2023:03:43:35 -0500] "POST /forms/lservlet;jsessionid=ac16012b30d608a3c74dabe741288258ac4c4de7c868.e3iSbxaKaheRe34Qc38TbN0Nb41ynknvrkLOlQzNp65In0 HTTP/1.1" 200 2
156.59.198.135 - - [27/Dec/2023:03:43:39 -0500] "GET /BLA/resoluciones/RESOLUCIONES%202009/4205.pdf HTTP/1.0" 200 1194959
172.22.2.4 - - [27/Dec/2023:03:42:02 -0500] "GET /BLA/boletinlegal/ HTTP/1.1" 200 63054
156.59.198.136 - - [27/Dec/2023:03:44:03 -0500] "GET /BLA/resoluciones/RESOLUCIONES%202009/4127.pdf HTTP/1.0" 200 655670
181.53.12.200 - - [27/Dec/2023:03:44:19 -0500] "GET /BLA/resoluciones/RESOLUCIONES%202023/2530.pdf HTTP/1.1" 200 380498
156.59.198.135 - - [27/Dec/2023:03:44:27 -0500] "GET /BLA/resoluciones/RESOLUCIONES%202009/3750.pdf HTTP/1.0" 200 762996
156.59.198.136 - - [27/Dec/2023:03:44:52 -0500] "GET /BLA/resoluciones/RESOLUCIONES%202009/3758.pdf HTTP/1.0" 200 52634
156.59.198.135 - - [27/Dec/2023:03:45:16 -0500] "GET /BLA/resoluciones/RESOLUCIONES%202009/3628.pdf HTTP/1.0" 200 211452
201.245.192.253 - - [27/Dec/2023:03:45:31 -0500] "POST /forms/lservlet;jsessionid=ac16012b30d6ac84fb743cb8490d9168fad49a174d06.e3iSbxaKaheRe34Qc38TbN0Nb41ynknvrkLOlQzNp65In0 HTTP/1.1" 200 2
201.245.192.253 - - [27/Dec/2023:03:45:35 -0500] "POST /forms/lservlet;jsessionid=ac16012b30d608a3c74dabe741288258ac4c4de7c868.e3iSbxaKaheRe34Qc38TbN0Nb41ynknvrkLOlQzNp65In0 HTTP/1.1" 200 2
40.77.202.158 - - [27/Dec/2023:03:45:36 -0500] "GET /portaldeninos/wp-includes/js/wp-emoji-release.min.js?ver=4.9.8 HTTP/1.1" 200 12026
40.77.202.183 - - [27/Dec/2023:03:45:36 -0500] "GET /portaldeninos/wp-includes/js/jquery/ui/sortable.min.js?ver=1.11.4 HTTP/1.1" 200 24899
40.77.202.64 - - [27/Dec/2023:03:45:37 -0500] "GET /portaldeninos/wp-content/themes/betheme/fonts/mfn-icons.woff?93978679 HTTP/1.1" 200 80932
172.22.2.4 - - [27/Dec/2023:03:43:58 -0500] "HEAD /BLA/boletinlegal/ HTTP/1.1" 200 -
156.59.198.135 - - [27/Dec/2023:03:45:41 -0500] "GET /BLA/resoluciones/RESOLUCIONES%202009/3254.pdf HTTP/1.0" 200 731278
172.22.2.4 - - [27/Dec/2023:03:44:49 -0500] "GET /BLA/boletinlegal/ HTTP/1.1" 200 40907
156.59.198.136 - - [27/Dec/2023:03:46:04 -0500] "GET /BLA/resoluciones/RESOLUCIONES%202009/2131.pdf HTTP/1.0" 200 538490
31.13.127.10 - - [27/Dec/2023:03:46:22 -0500] "GET /images/reciclaton-mayo-3-mayo.jpg HTTP/1.1" 200 278453
156.59.198.136 - - [27/Dec/2023:03:46:28 -0500] "GET /BLA/resoluciones/RESOLUCIONES%202009/3521.pdf HTTP/1.0" 200 663340
69.171.249.118 - - [27/Dec/2023:03:46:30 -0500] "GET /bogota-esta-incorporando-energias-limpias-en-su-sistema-electrico.html HTTP/1.1" 200 1032
156.59.198.135 - - [27/Dec/2023:03:46:52 -0500] "GET /BLA/resoluciones/Notificaciones/AUTOS%202023/1643.pdf HTTP/1.0" 200 1498076
216.244.66.195 - - [27/Dec/2023:03:47:08 -0500] "GET /BLA/resoluciones/AUTOS%202019/0150.pdf HTTP/1.1" 200 249003
156.59.198.135 - - [27/Dec/2023:03:47:17 -0500] "GET /BLA/resoluciones/RESOLUCIONES%202009/3328.pdf HTTP/1.0" 200 709580
201.245.192.253 - - [27/Dec/2023:03:47:31 -0500] "POST /forms/lservlet;jsessionid=ac16012b30d6ac84fb743cb8490d9168fad49a174d06.e3iSbxaKaheRe34Qc38TbN0Nb41ynknvrkLOlQzNp65In0 HTTP/1.1" 200 2
201.245.192.253 - - [27/Dec/2023:03:47:35 -0500] "POST /forms/lservlet;jsessionid=ac16012b30d608a3c74dabe741288258ac4c4de7c868.e3iSbxaKaheRe34Qc38TbN0Nb41ynknvrkLOlQzNp65In0 HTTP/1.1" 200 2
156.59.198.136 - - [27/Dec/2023:03:47:40 -0500] "GET /BLA/resoluciones/RESOLUCIONES%202007/RES%202007%201301%20AL%201400/RESOLUCION%201345%20DE%202007.pdf HTTP/1.0" 200 45836
216.244.66.195 - - [27/Dec/2023:03:47:51 -0500] "GET /BLA/resoluciones/AUTOS%202019/1430.pdf HTTP/1.1" 200 262390
201.245.192.253 - - [27/Dec/2023:03:47:59 -0500] "POST /kwsrmcab/Wsrmcab  HTTP/1.1" 200 36330
156.59.198.136 - - [27/Dec/2023:03:48:05 -0500] "GET /BLA/resoluciones/RESOLUCIONES%202008/1247.pdf HTTP/1.0" 200 1287802
47.128.120.176 - - [27/Dec/2023:03:48:33 -0500] "GET /BLA/resoluciones/index.php?dir=RESOLUCIONES%202006%2FRES%202006%2051-100%2F&order=desc&sort=date HTTP/1.1" 200 11995
47.128.120.176 - - [27/Dec/2023:03:48:34 -0500] "GET /BLA/resoluciones/dlf/unknown.png HTTP/1.1" 200 266
47.128.120.176 - - [27/Dec/2023:03:48:34 -0500] "GET /BLA/resoluciones/dlf/dirup.png HTTP/1.1" 200 644
216.244.66.195 - - [27/Dec/2023:03:48:37 -0500] "GET /BLA/resoluciones/AUTOS%202019/3201.pdf HTTP/1.1" 200 284042
156.59.198.135 - - [27/Dec/2023:03:48:54 -0500] "GET /BLA/resoluciones/RESOLUCIONES%202009/3735.pdf HTTP/1.0" 200 60898
156.59.198.136 - - [27/Dec/2023:03:49:19 -0500] "GET /BLA/resoluciones/RESOLUCIONES%202009/4435.pdf HTTP/1.0" 200 560331
216.244.66.195 - - [27/Dec/2023:03:49:20 -0500] "GET /BLA/resoluciones/AUTOS%202019/4127.pdf HTTP/1.1" 200 274653
201.245.192.253 - - [27/Dec/2023:03:49:31 -0500] "POST /forms/lservlet;jsessionid=ac16012b30d6ac84fb743cb8490d9168fad49a174d06.e3iSbxaKaheRe34Qc38TbN0Nb41ynknvrkLOlQzNp65In0 HTTP/1.1" 200 2
201.245.192.253 - - [27/Dec/2023:03:49:35 -0500] "POST /forms/lservlet;jsessionid=ac16012b30d608a3c74dabe741288258ac4c4de7c868.e3iSbxaKaheRe34Qc38TbN0Nb41ynknvrkLOlQzNp65In0 HTTP/1.1" 200 2
156.59.198.135 - - [27/Dec/2023:03:49:43 -0500] "GET /BLA/resoluciones/Notificaciones/AUTOS%202023/1686.pdf HTTP/1.0" 200 684650
156.59.198.135 - - [27/Dec/2023:03:50:09 -0500] "GET /BLA/resoluciones/RESOLUCIONES%202008/1916.pdf HTTP/1.0" 200 306560
216.244.66.195 - - [27/Dec/2023:03:50:28 -0500] "GET /BLA/resoluciones/index.php?dir=Decretos/&sort=date&order=asc HTTP/1.1" 200 6804
156.59.198.136 - - [27/Dec/2023:03:50:33 -0500] "GET /BLA/resoluciones/RESOLUCIONES%202008/1342.pdf HTTP/1.0" 200 719237
156.59.198.135 - - [27/Dec/2023:03:50:58 -0500] "GET /BLA/resoluciones/RESOLUCIONES%202009/3262.pdf HTTP/1.0" 200 710358
156.59.198.136 - - [27/Dec/2023:03:51:23 -0500] "GET /BLA/resoluciones/RESOLUCIONES%202007/RES%202007%20301%20AL%20400/RESOLUCION%200357%20DE%202007.pdf HTTP/1.0" 200 579100
201.245.192.253 - - [27/Dec/2023:03:51:31 -0500] "POST /forms/lservlet;jsessionid=ac16012b30d6ac84fb743cb8490d9168fad49a174d06.e3iSbxaKaheRe34Qc38TbN0Nb41ynknvrkLOlQzNp65In0 HTTP/1.1" 200 2
201.245.192.253 - - [27/Dec/2023:03:51:35 -0500] "POST /forms/lservlet;jsessionid=ac16012b30d608a3c74dabe741288258ac4c4de7c868.e3iSbxaKaheRe34Qc38TbN0Nb41ynknvrkLOlQzNp65In0 HTTP/1.1" 200 2
172.22.2.4 - - [27/Dec/2023:03:49:57 -0500] "HEAD /BLA/boletinlegal/ HTTP/1.1" 200 -
216.245.221.92 - - [27/Dec/2023:03:51:46 -0500] "HEAD / HTTP/1.1" 200 -
156.59.198.136 - - [27/Dec/2023:03:51:48 -0500] "GET /BLA/resoluciones/RESOLUCIONES%202009/3066.pdf HTTP/1.0" 200 458903
207.46.13.54 - - [27/Dec/2023:03:51:51 -0500] "GET /Publicaciones/2023EE281453.pdf HTTP/1.1" 404 228
207.46.13.54 - - [27/Dec/2023:03:51:52 -0500] "GET /BLA/resoluciones/AUTOS%202021/1565.pdf HTTP/1.1" 304 -
156.59.198.136 - - [27/Dec/2023:03:52:11 -0500] "GET /BLA/resoluciones/RESOLUCIONES%202009/2864.pdf HTTP/1.0" 200 391719
156.59.198.136 - - [27/Dec/2023:03:52:36 -0500] "GET /BLA/resoluciones/RESOLUCIONES%202009/2430.pdf HTTP/1.0" 200 396608
172.22.2.4 - - [27/Dec/2023:03:51:16 -0500] "GET /BLA/boletinlegal/ HTTP/1.1" 200 60910
201.245.192.253 - - [27/Dec/2023:03:52:57 -0500] "POST /kwsrmcab/Wsrmcab  HTTP/1.1" 200 36330
156.59.198.135 - - [27/Dec/2023:03:53:00 -0500] "GET /BLA/resoluciones/RESOLUCIONES%202009/4236.pdf HTTP/1.0" 200 531765
156.59.198.136 - - [27/Dec/2023:03:53:25 -0500] "GET /BLA/resoluciones/RESOLUCIONES%202009/4035.pdf HTTP/1.0" 200 591473
201.245.192.253 - - [27/Dec/2023:03:53:31 -0500] "POST /forms/lservlet;jsessionid=ac16012b30d6ac84fb743cb8490d9168fad49a174d06.e3iSbxaKaheRe34Qc38TbN0Nb41ynknvrkLOlQzNp65In0 HTTP/1.1" 200 2
201.245.192.253 - - [27/Dec/2023:03:53:35 -0500] "POST /forms/lservlet;jsessionid=ac16012b30d608a3c74dabe741288258ac4c4de7c868.e3iSbxaKaheRe34Qc38TbN0Nb41ynknvrkLOlQzNp65In0 HTTP/1.1" 200 2
156.59.198.136 - - [27/Dec/2023:03:53:49 -0500] "GET /BLA/resoluciones/RESOLUCIONES%202009/4274.pdf HTTP/1.0" 200 505091
172.22.2.4 - - [27/Dec/2023:03:54:12 -0500] "GET /BLA/boletinlegal/autodiscover/autodiscover.json?@zdi/Powershell HTTP/1.1" 404 1018
156.59.198.136 - - [27/Dec/2023:03:54:13 -0500] "GET /BLA/resoluciones/RESOLUCIONES%202009/3060.pdf HTTP/1.0" 200 619669
156.59.198.136 - - [27/Dec/2023:03:54:38 -0500] "GET /BLA/resoluciones/RESOLUCIONES%202007/RES%202007%201901%20AL%202000/RESOLUCION%201964%20DE%202007.pdf HTTP/1.0" 200 118588
156.59.198.135 - - [27/Dec/2023:03:55:01 -0500] "GET /BLA/resoluciones/RESOLUCIONES%202009/3693.pdf HTTP/1.0" 200 116654
156.59.198.135 - - [27/Dec/2023:03:55:26 -0500] "GET /BLA/resoluciones/Notificaciones/AUTOS%202023/2357.pdf HTTP/1.0" 200 428740
201.245.192.253 - - [27/Dec/2023:03:55:31 -0500] "POST /forms/lservlet;jsessionid=ac16012b30d6ac84fb743cb8490d9168fad49a174d06.e3iSbxaKaheRe34Qc38TbN0Nb41ynknvrkLOlQzNp65In0 HTTP/1.1" 200 2
201.245.192.253 - - [27/Dec/2023:03:55:35 -0500] "POST /forms/lservlet;jsessionid=ac16012b30d608a3c74dabe741288258ac4c4de7c868.e3iSbxaKaheRe34Qc38TbN0Nb41ynknvrkLOlQzNp65In0 HTTP/1.1" 200 2
156.59.198.135 - - [27/Dec/2023:03:55:50 -0500] "GET /BLA/resoluciones/Notificaciones/AUTOS%202020/0459.pdf HTTP/1.0" 200 337084
156.59.198.135 - - [27/Dec/2023:03:56:14 -0500] "GET /BLA/resoluciones/RESOLUCIONES%202009/4070.pdf HTTP/1.0" 200 589475
172.22.2.4 - - [27/Dec/2023:03:55:37 -0500] "GET /BLA/boletinlegal/ HTTP/1.1" 200 32715
156.59.198.136 - - [27/Dec/2023:03:56:39 -0500] "GET /BLA/resoluciones/RESOLUCIONES%202009/2201.pdf HTTP/1.0" 200 644328
216.245.221.92 - - [27/Dec/2023:03:56:46 -0500] "HEAD / HTTP/1.1" 200 -
156.59.198.136 - - [27/Dec/2023:03:57:04 -0500] "GET /BLA/resoluciones/Notificaciones/AUTOS%202020/1452.pdf HTTP/1.0" 200 338345
156.59.198.135 - - [27/Dec/2023:03:57:29 -0500] "GET /BLA/resoluciones/Notificaciones/AUTOS%202020/2857.pdf HTTP/1.0" 200 329511
201.245.192.253 - - [27/Dec/2023:03:57:31 -0500] "POST /forms/lservlet;jsessionid=ac16012b30d6ac84fb743cb8490d9168fad49a174d06.e3iSbxaKaheRe34Qc38TbN0Nb41ynknvrkLOlQzNp65In0 HTTP/1.1" 200 2
201.245.192.253 - - [27/Dec/2023:03:57:35 -0500] "POST /forms/lservlet;jsessionid=ac16012b30d608a3c74dabe741288258ac4c4de7c868.e3iSbxaKaheRe34Qc38TbN0Nb41ynknvrkLOlQzNp65In0 HTTP/1.1" 200 2
156.59.198.135 - - [27/Dec/2023:03:57:52 -0500] "GET /BLA/resoluciones/RESOLUCIONES%202009/2106.pdf HTTP/1.0" 200 395294
172.22.2.4 - - [27/Dec/2023:03:56:15 -0500] "HEAD /BLA/boletinlegal/ HTTP/1.1" 200 -
201.245.192.253 - - [27/Dec/2023:03:57:56 -0500] "POST /kwsrmcab/Wsrmcab  HTTP/1.1" 200 36330
18.171.192.160 - - [27/Dec/2023:03:58:10 -0500] "" 400 226
156.59.198.135 - - [27/Dec/2023:03:58:16 -0500] "GET /BLA/resoluciones/RESOLUCIONES%202007/RES%202007%202301%20AL%202400/RESOLUCION%202346%20DE%202007.pdf HTTP/1.0" 200 853491
156.59.198.136 - - [27/Dec/2023:03:58:40 -0500] "GET /BLA/resoluciones/RESOLUCIONES%202009/3263.pdf HTTP/1.0" 200 692048
172.22.2.4 - - [27/Dec/2023:03:57:06 -0500] "GET /BLA/boletinlegal/ HTTP/1.1" 200 54031
156.59.198.136 - - [27/Dec/2023:03:59:05 -0500] "GET /BLA/resoluciones/RESOLUCIONES%202009/2328.pdf HTTP/1.0" 200 350104
156.59.198.135 - - [27/Dec/2023:03:59:31 -0500] "GET /BLA/resoluciones/RESOLUCIONES%202009/2380.pdf HTTP/1.0" 200 390851
201.245.192.253 - - [27/Dec/2023:03:59:31 -0500] "POST /forms/lservlet;jsessionid=ac16012b30d6ac84fb743cb8490d9168fad49a174d06.e3iSbxaKaheRe34Qc38TbN0Nb41ynknvrkLOlQzNp65In0 HTTP/1.1" 200 2
201.245.192.253 - - [27/Dec/2023:03:59:35 -0500] "POST /forms/lservlet;jsessionid=ac16012b30d608a3c74dabe741288258ac4c4de7c868.e3iSbxaKaheRe34Qc38TbN0Nb41ynknvrkLOlQzNp65In0 HTTP/1.1" 200 2
156.59.198.136 - - [27/Dec/2023:03:59:55 -0500] "GET /BLA/resoluciones/RESOLUCIONES%202008/3490.pdf HTTP/1.0" 200 329119
156.59.198.135 - - [27/Dec/2023:04:00:19 -0500] "GET /BLA/resoluciones/RESOLUCIONES%202009/2301.pdf HTTP/1.0" 200 344205
156.59.198.135 - - [27/Dec/2023:04:00:43 -0500] "GET /BLA/resoluciones/RESOLUCIONES%202007/RES%202007%201301%20AL%201400/RESOLUCION%201352%20DE%202007.pdf HTTP/1.0" 200 45890
156.59.198.135 - - [27/Dec/2023:04:01:07 -0500] "GET /BLA/resoluciones/Notificaciones/AUTOS%202023/2613.pdf HTTP/1.0" 200 1081031
201.245.192.253 - - [27/Dec/2023:04:01:31 -0500] "POST /forms/lservlet;jsessionid=ac16012b30d6ac84fb743cb8490d9168fad49a174d06.e3iSbxaKaheRe34Qc38TbN0Nb41ynknvrkLOlQzNp65In0 HTTP/1.1" 200 2
156.59.198.135 - - [27/Dec/2023:04:01:31 -0500] "GET /BLA/resoluciones/Notificaciones/AUTOS%202023/111.pdf HTTP/1.0" 200 1021667
201.245.192.253 - - [27/Dec/2023:04:01:35 -0500] "POST /forms/lservlet;jsessionid=ac16012b30d608a3c74dabe741288258ac4c4de7c868.e3iSbxaKaheRe34Qc38TbN0Nb41ynknvrkLOlQzNp65In0 HTTP/1.1" 200 2
216.245.221.92 - - [27/Dec/2023:04:01:46 -0500] "HEAD / HTTP/1.1" 200 -
156.59.198.135 - - [27/Dec/2023:04:01:56 -0500] "GET /BLA/resoluciones/RESOLUCIONES%202007/RES%202007%201301%20AL%201400/RESOLUCION%201332%20DE%202007.pdf HTTP/1.0" 200 253329
156.59.198.135 - - [27/Dec/2023:04:02:20 -0500] "GET /BLA/resoluciones/RESOLUCIONES%202007/RES%202007%203301%20AL%203400/RESOLUCION%203335%20DE%202007.pdf HTTP/1.0" 200 6752581
156.59.198.136 - - [27/Dec/2023:04:02:45 -0500] "GET /BLA/resoluciones/RESOLUCIONES%202009/3687.pdf HTTP/1.0" 200 146588
201.245.192.253 - - [27/Dec/2023:04:02:54 -0500] "POST /kwsrmcab/Wsrmcab  HTTP/1.1" 200 36330
156.59.198.136 - - [27/Dec/2023:04:03:09 -0500] "GET /BLA/resoluciones/Notificaciones/AUTOS%202020/2722.pdf HTTP/1.0" 200 333325
201.245.192.253 - - [27/Dec/2023:04:03:31 -0500] "POST /forms/lservlet;jsessionid=ac16012b30d6ac84fb743cb8490d9168fad49a174d06.e3iSbxaKaheRe34Qc38TbN0Nb41ynknvrkLOlQzNp65In0 HTTP/1.1" 200 2
156.59.198.135 - - [27/Dec/2023:04:03:33 -0500] "GET /BLA/resoluciones/Notificaciones/AUTOS%202020/1517.pdf HTTP/1.0" 200 366092
201.245.192.253 - - [27/Dec/2023:04:03:35 -0500] "POST /forms/lservlet;jsessionid=ac16012b30d608a3c74dabe741288258ac4c4de7c868.e3iSbxaKaheRe34Qc38TbN0Nb41ynknvrkLOlQzNp65In0 HTTP/1.1" 200 2
172.22.2.4 - - [27/Dec/2023:04:02:05 -0500] "HEAD /BLA/boletinlegal/ HTTP/1.1" 200 -
156.59.198.135 - - [27/Dec/2023:04:03:57 -0500] "GET /BLA/resoluciones/RESOLUCIONES%202009/3813.pdf HTTP/1.0" 200 737980
156.59.198.136 - - [27/Dec/2023:04:04:22 -0500] "GET /BLA/resoluciones/Notificaciones/AUTOS%202023/2928.pdf HTTP/1.0" 200 384226
138.121.203.22 - - [27/Dec/2023:04:04:27 -0500] "GET /distrito-exalto-a-246-empresas-de-bogota-por-su-alto-desempeno-y-responsabilidad-ambiental-durante-2023.html HTTP/1.1" 200 1039
172.22.2.4 - - [27/Dec/2023:04:02:56 -0500] "GET /BLA/boletinlegal/ HTTP/1.1" 200 60910
156.59.198.135 - - [27/Dec/2023:04:04:45 -0500] "GET /BLA/resoluciones/RESOLUCIONES%202007/RES%202007%202701%20AL%202800/RESOLUCION%202710%20%20DE%202007.pdf HTTP/1.0" 200 705395
156.59.198.136 - - [27/Dec/2023:04:05:10 -0500] "GET /BLA/resoluciones/Notificaciones/AUTOS%202023/3326.pdf HTTP/1.0" 200 1105375
18.171.192.160 - - [27/Dec/2023:04:05:16 -0500] "" 400 226
201.245.192.253 - - [27/Dec/2023:04:05:31 -0500] "POST /forms/lservlet;jsessionid=ac16012b30d6ac84fb743cb8490d9168fad49a174d06.e3iSbxaKaheRe34Qc38TbN0Nb41ynknvrkLOlQzNp65In0 HTTP/1.1" 200 2
156.59.198.135 - - [27/Dec/2023:04:05:34 -0500] "GET /BLA/resoluciones/Notificaciones/AUTOS%202023/3409.pdf HTTP/1.0" 200 385482
201.245.192.253 - - [27/Dec/2023:04:05:35 -0500] "POST /forms/lservlet;jsessionid=ac16012b30d608a3c74dabe741288258ac4c4de7c868.e3iSbxaKaheRe34Qc38TbN0Nb41ynknvrkLOlQzNp65In0 HTTP/1.1" 200 2
186.169.134.235 - - [27/Dec/2023:04:05:55 -0500] "GET /distrito-exalto-a-246-empresas-de-bogota-por-su-alto-desempeno-y-responsabilidad-ambiental-durante-2023.html HTTP/1.1" 200 1039
156.59.198.135 - - [27/Dec/2023:04:05:59 -0500] "GET /BLA/resoluciones/RESOLUCIONES%202009/2732.pdf HTTP/1.0" 200 1124156
156.59.198.135 - - [27/Dec/2023:04:06:22 -0500] "GET /BLA/resoluciones/RESOLUCIONES%202008/1485.pdf HTTP/1.0" 200 298366
138.121.203.22 - - [27/Dec/2023:04:06:39 -0500] "GET /distrito-exalto-a-246-empresas-de-bogota-por-su-alto-desempeno-y-responsabilidad-ambiental-durante-2023.html HTTP/1.1" 200 1039
216.245.221.92 - - [27/Dec/2023:04:06:46 -0500] "HEAD / HTTP/1.1" 200 -
156.59.198.136 - - [27/Dec/2023:04:06:47 -0500] "GET /BLA/resoluciones/RESOLUCIONES%202009/3982.pdf HTTP/1.0" 200 509107
156.59.198.136 - - [27/Dec/2023:04:07:11 -0500] "GET /BLA/resoluciones/RESOLUCIONES%202009/4110.pdf HTTP/1.0" 200 237707
201.245.192.253 - - [27/Dec/2023:04:07:31 -0500] "POST /forms/lservlet;jsessionid=ac16012b30d6ac84fb743cb8490d9168fad49a174d06.e3iSbxaKaheRe34Qc38TbN0Nb41ynknvrkLOlQzNp65In0 HTTP/1.1" 200 2
156.59.198.135 - - [27/Dec/2023:04:07:35 -0500] "GET /BLA/resoluciones/RESOLUCIONES%202007/RES%202007%201301%20AL%201400/RESOLUCION%201400%20DE%202007.pdf HTTP/1.0" 200 222492
201.245.192.253 - - [27/Dec/2023:04:07:36 -0500] "POST /forms/lservlet;jsessionid=ac16012b30d608a3c74dabe741288258ac4c4de7c868.e3iSbxaKaheRe34Qc38TbN0Nb41ynknvrkLOlQzNp65In0 HTTP/1.1" 200 2
201.245.192.253 - - [27/Dec/2023:04:07:52 -0500] "POST /kwsrmcab/Wsrmcab  HTTP/1.1" 200 36330
156.59.198.135 - - [27/Dec/2023:04:08:00 -0500] "GET /BLA/resoluciones/RESOLUCIONES%202008/3082.pdf HTTP/1.0" 200 549904
156.59.198.135 - - [27/Dec/2023:04:08:24 -0500] "GET /BLA/resoluciones/RESOLUCIONES%202009/3815.pdf HTTP/1.0" 200 681197
156.59.198.135 - - [27/Dec/2023:04:08:49 -0500] "GET /BLA/resoluciones/Notificaciones/AUTOS%202023/01435.pdf HTTP/1.0" 200 4336519
156.59.198.136 - - [27/Dec/2023:04:09:13 -0500] "GET /BLA/resoluciones/RESOLUCIONES%202008/3070.pdf HTTP/1.0" 200 334302
201.245.192.253 - - [27/Dec/2023:04:09:31 -0500] "POST /forms/lservlet;jsessionid=ac16012b30d6ac84fb743cb8490d9168fad49a174d06.e3iSbxaKaheRe34Qc38TbN0Nb41ynknvrkLOlQzNp65In0 HTTP/1.1" 200 2
172.22.2.4 - - [27/Dec/2023:04:07:55 -0500] "HEAD /BLA/boletinlegal/ HTTP/1.1" 200 -
201.245.192.253 - - [27/Dec/2023:04:09:36 -0500] "POST /forms/lservlet;jsessionid=ac16012b30d608a3c74dabe741288258ac4c4de7c868.e3iSbxaKaheRe34Qc38TbN0Nb41ynknvrkLOlQzNp65In0 HTTP/1.1" 200 2
156.59.198.135 - - [27/Dec/2023:04:09:37 -0500] "GET /BLA/resoluciones/Notificaciones/AUTOS%202020/3063.pdf HTTP/1.0" 200 403712
185.184.155.54 - - [27/Dec/2023:04:09:50 -0500] "GET /style.php?sig=rename HTTP/1.1" 404 1049
156.59.198.136 - - [27/Dec/2023:04:10:01 -0500] "GET /BLA/resoluciones/Notificaciones/AUTOS%202020/4634.pdf HTTP/1.0" 200 346181
185.132.12.239 - - [27/Dec/2023:04:10:24 -0500] "GET /distrito-exalto-a-246-empresas-de-bogota-por-su-alto-desempeno-y-responsabilidad-ambiental-durante-2023.html HTTP/1.1" 200 1039
156.59.198.136 - - [27/Dec/2023:04:10:26 -0500] "GET /BLA/resoluciones/RESOLUCIONES%202008/1451.pdf HTTP/1.0" 200 297965
172.22.2.4 - - [27/Dec/2023:04:08:46 -0500] "GET /BLA/boletinlegal/ HTTP/1.1" 200 60910
156.59.198.135 - - [27/Dec/2023:04:10:50 -0500] "GET /BLA/resoluciones/RESOLUCIONES%202009/3107.pdf HTTP/1.0" 200 471921
172.22.2.4 - - [27/Dec/2023:04:11:03 -0500] "GET /BLA/boletinlegal/jurisprudencia/analisis/G__Jurisp.%20Junio%202014_Sent%20Tutela%20Drumond.docx HTTP/1.1" 200 25380
156.59.198.136 - - [27/Dec/2023:04:11:15 -0500] "GET /BLA/resoluciones/RESOLUCIONES%202009/3801.pdf HTTP/1.0" 200 100968
66.249.66.19 - - [27/Dec/2023:04:11:22 -0500] "GET /BLA/resoluciones/RESOLUCIONES%202010/3411.pdf HTTP/1.1" 200 317124
201.245.192.253 - - [27/Dec/2023:04:11:31 -0500] "POST /forms/lservlet;jsessionid=ac16012b30d6ac84fb743cb8490d9168fad49a174d06.e3iSbxaKaheRe34Qc38TbN0Nb41ynknvrkLOlQzNp65In0 HTTP/1.1" 200 2
201.245.192.253 - - [27/Dec/2023:04:11:36 -0500] "POST /forms/lservlet;jsessionid=ac16012b30d608a3c74dabe741288258ac4c4de7c868.e3iSbxaKaheRe34Qc38TbN0Nb41ynknvrkLOlQzNp65In0 HTTP/1.1" 200 2
156.59.198.136 - - [27/Dec/2023:04:11:39 -0500] "GET /BLA/resoluciones/RESOLUCIONES%202009/3214.pdf HTTP/1.0" 200 501118
216.245.221.92 - - [27/Dec/2023:04:11:46 -0500] "HEAD / HTTP/1.1" 200 -
156.59.198.135 - - [27/Dec/2023:04:12:02 -0500] "GET /BLA/resoluciones/RESOLUCIONES%202008/2707.pdf HTTP/1.0" 200 289227
156.59.198.135 - - [27/Dec/2023:04:12:27 -0500] "GET /BLA/resoluciones/RESOLUCIONES%202007/RES%202007%20301%20AL%20400/RESOLUCION%200329%20DE%202007.pdf HTTP/1.0" 200 519050
156.59.198.136 - - [27/Dec/2023:04:12:51 -0500] "GET /BLA/resoluciones/Notificaciones/AUTOS%202020/1231.pdf HTTP/1.0" 200 991556
201.245.192.253 - - [27/Dec/2023:04:12:51 -0500] "POST /kwsrmcab/Wsrmcab  HTTP/1.1" 200 36330
66.249.69.133 - - [27/Dec/2023:04:13:00 -0500] "GET /portaldeninos/2021/05/30/agua-3/ HTTP/1.1" 200 92909
156.59.198.136 - - [27/Dec/2023:04:13:16 -0500] "GET /BLA/resoluciones/RESOLUCIONES%202009/3317.pdf HTTP/1.0" 200 628902
185.132.12.239 - - [27/Dec/2023:04:13:29 -0500] "GET /distrito-exalto-a-246-empresas-de-bogota-por-su-alto-desempeno-y-responsabilidad-ambiental-durante-2023.html HTTP/1.1" 200 1039
201.245.192.253 - - [27/Dec/2023:04:13:31 -0500] "POST /forms/lservlet;jsessionid=ac16012b30d6ac84fb743cb8490d9168fad49a174d06.e3iSbxaKaheRe34Qc38TbN0Nb41ynknvrkLOlQzNp65In0 HTTP/1.1" 200 2
201.245.192.253 - - [27/Dec/2023:04:13:36 -0500] "POST /forms/lservlet;jsessionid=ac16012b30d608a3c74dabe741288258ac4c4de7c868.e3iSbxaKaheRe34Qc38TbN0Nb41ynknvrkLOlQzNp65In0 HTTP/1.1" 200 2
156.59.198.136 - - [27/Dec/2023:04:13:39 -0500] "GET /BLA/resoluciones/Notificaciones/AUTOS%202020/1874.pdf HTTP/1.0" 200 328214
156.59.198.136 - - [27/Dec/2023:04:14:04 -0500] "GET /BLA/resoluciones/RESOLUCIONES%202009/2361.pdf HTTP/1.0" 200 487054
156.59.198.136 - - [27/Dec/2023:04:14:28 -0500] "GET /BLA/resoluciones/RESOLUCIONES%202009/3478.pdf HTTP/1.0" 200 582023
66.249.66.20 - - [27/Dec/2023:04:14:41 -0500] "GET /BLA/resoluciones/RESOLUCIONES%202013/2785.pdf HTTP/1.1" 200 270995
156.59.198.135 - - [27/Dec/2023:04:14:53 -0500] "GET /BLA/resoluciones/RESOLUCIONES%202009/4057.pdf HTTP/1.0" 200 451545
156.59.198.135 - - [27/Dec/2023:04:15:17 -0500] "GET /BLA/resoluciones/Notificaciones/AUTOS%202020/4478.pdf HTTP/1.0" 200 372735
172.22.2.4 - - [27/Dec/2023:04:13:45 -0500] "HEAD /BLA/boletinlegal/ HTTP/1.1" 200 -
201.245.192.253 - - [27/Dec/2023:04:15:31 -0500] "POST /forms/lservlet;jsessionid=ac16012b30d6ac84fb743cb8490d9168fad49a174d06.e3iSbxaKaheRe34Qc38TbN0Nb41ynknvrkLOlQzNp65In0 HTTP/1.1" 200 2
201.245.192.253 - - [27/Dec/2023:04:15:36 -0500] "POST /forms/lservlet;jsessionid=ac16012b30d608a3c74dabe741288258ac4c4de7c868.e3iSbxaKaheRe34Qc38TbN0Nb41ynknvrkLOlQzNp65In0 HTTP/1.1" 200 2
156.59.198.135 - - [27/Dec/2023:04:15:42 -0500] "GET /BLA/resoluciones/RESOLUCIONES%202009/3766.pdf HTTP/1.0" 200 63402
156.59.198.136 - - [27/Dec/2023:04:16:05 -0500] "GET /BLA/resoluciones/RESOLUCIONES%202009/2904.pdf HTTP/1.0" 200 896984
201.245.192.253 - - [27/Dec/2023:04:16:03 -0500] "POST /kwsrmcab/Wsrmcab HTTP/1.1" 200 36794
201.245.192.253 - - [27/Dec/2023:04:16:06 -0500] "POST /kwsrmcab/Wsrmcab HTTP/1.1" 200 36638
172.22.2.4 - - [27/Dec/2023:04:14:36 -0500] "GET /BLA/boletinlegal/ HTTP/1.1" 200 60502
156.59.198.136 - - [27/Dec/2023:04:16:29 -0500] "GET /BLA/resoluciones/RESOLUCIONES%202009/3648.pdf HTTP/1.0" 200 52462
216.245.221.92 - - [27/Dec/2023:04:16:46 -0500] "HEAD / HTTP/1.1" 200 -
156.59.198.135 - - [27/Dec/2023:04:16:54 -0500] "GET /BLA/resoluciones/RESOLUCIONES%202009/3718.pdf HTTP/1.0" 200 117085
156.59.198.135 - - [27/Dec/2023:04:17:18 -0500] "GET /BLA/resoluciones/Notificaciones/AUTOS%202020/4598.pdf HTTP/1.0" 200 647484
201.245.192.253 - - [27/Dec/2023:04:17:31 -0500] "POST /forms/lservlet;jsessionid=ac16012b30d6ac84fb743cb8490d9168fad49a174d06.e3iSbxaKaheRe34Qc38TbN0Nb41ynknvrkLOlQzNp65In0 HTTP/1.1" 200 2
201.245.192.253 - - [27/Dec/2023:04:17:36 -0500] "POST /forms/lservlet;jsessionid=ac16012b30d608a3c74dabe741288258ac4c4de7c868.e3iSbxaKaheRe34Qc38TbN0Nb41ynknvrkLOlQzNp65In0 HTTP/1.1" 200 2
156.59.198.136 - - [27/Dec/2023:04:17:43 -0500] "GET /BLA/resoluciones/RESOLUCIONES%202007/RES%202007%20301%20AL%20400/RESOLUCION%200372%20DE%202007.pdf HTTP/1.0" 200 301441
201.245.192.253 - - [27/Dec/2023:04:17:51 -0500] "POST /kwsrmcab/Wsrmcab  HTTP/1.1" 200 36330
156.59.198.136 - - [27/Dec/2023:04:18:07 -0500] "GET /BLA/resoluciones/RESOLUCIONES%202009/2365.pdf HTTP/1.0" 200 480616
156.59.198.135 - - [27/Dec/2023:04:18:32 -0500] "GET /BLA/resoluciones/RESOLUCIONES%202009/2358.pdf HTTP/1.0" 200 419569
156.59.198.136 - - [27/Dec/2023:04:18:56 -0500] "GET /BLA/resoluciones/RESOLUCIONES%202009/4130.pdf HTTP/1.0" 200 752475
185.132.12.60 - - [27/Dec/2023:04:18:59 -0500] "GET /distrito-exalto-a-246-empresas-de-bogota-por-su-alto-desempeno-y-responsabilidad-ambiental-durante-2023.html HTTP/1.1" 200 1039
156.59.198.135 - - [27/Dec/2023:04:19:21 -0500] "GET /BLA/resoluciones/RESOLUCIONES%202009/3409.pdf HTTP/1.0" 200 488017
201.245.192.253 - - [27/Dec/2023:04:19:31 -0500] "POST /forms/lservlet;jsessionid=ac16012b30d6ac84fb743cb8490d9168fad49a174d06.e3iSbxaKaheRe34Qc38TbN0Nb41ynknvrkLOlQzNp65In0 HTTP/1.1" 200 2
201.245.192.253 - - [27/Dec/2023:04:19:36 -0500] "POST /forms/lservlet;jsessionid=ac16012b30d608a3c74dabe741288258ac4c4de7c868.e3iSbxaKaheRe34Qc38TbN0Nb41ynknvrkLOlQzNp65In0 HTTP/1.1" 200 2
185.132.12.28 - - [27/Dec/2023:04:19:41 -0500] "GET /distrito-exalto-a-246-empresas-de-bogota-por-su-alto-desempeno-y-responsabilidad-ambiental-durante-2023.html HTTP/1.1" 200 1039
156.59.198.136 - - [27/Dec/2023:04:19:45 -0500] "GET /BLA/resoluciones/Notificaciones/AUTOS%202020/1942.pdf HTTP/1.0" 200 308481
201.245.192.253 - - [27/Dec/2023:04:20:05 -0500] "POST /kwsrmcab/Wsrmcab HTTP/1.1" 200 36794
156.59.198.136 - - [27/Dec/2023:04:20:09 -0500] "GET /BLA/resoluciones/RESOLUCIONES%202009/2444.pdf HTTP/1.0" 200 509579
201.245.192.253 - - [27/Dec/2023:04:20:10 -0500] "POST /kwsrmcab/Wsrmcab HTTP/1.1" 200 36638
66.249.66.20 - - [27/Dec/2023:04:20:16 -0500] "GET /BLA/resoluciones/RESOLUCIONES%202007/RES%202007%203401%20AL%203500/RESOLUCION%203452%20DE%202007.pdf HTTP/1.1" 200 879345
216.244.66.195 - - [27/Dec/2023:04:20:20 -0500] "GET /robots.txt HTTP/1.1" 404 1018
156.59.198.136 - - [27/Dec/2023:04:20:34 -0500] "GET /BLA/resoluciones/RESOLUCIONES%202007/RES%202007%20301%20AL%20400/RESOLUCION%200363%20DE%202007.pdf HTTP/1.0" 200 315227
157.55.39.204 - - [27/Dec/2023:04:20:38 -0500] "GET /portaldeninos/?s=2024 HTTP/1.1" 200 85855
156.59.198.135 - - [27/Dec/2023:04:20:58 -0500] "GET /BLA/resoluciones/RESOLUCIONES%202007/RES%202007%201601%20AL%201725/RESOLUCION%201606%20DE%202007.pdf HTTP/1.0" 200 642057
66.249.66.19 - - [27/Dec/2023:04:20:59 -0500] "GET /BLA/resoluciones/AUTOS%202008/1818.pdf HTTP/1.1" 200 144095
172.22.2.4 - - [27/Dec/2023:04:19:35 -0500] "HEAD /BLA/boletinlegal/ HTTP/1.1" 200 -
156.59.198.135 - - [27/Dec/2023:04:21:23 -0500] "GET /BLA/resoluciones/RESOLUCIONES%202009/3960.pdf HTTP/1.0" 200 684399
185.132.12.47 - - [27/Dec/2023:04:21:28 -0500] "GET /distrito-exalto-a-246-empresas-de-bogota-por-su-alto-desempeno-y-responsabilidad-ambiental-durante-2023.html HTTP/1.1" 200 1039
201.245.192.253 - - [27/Dec/2023:04:21:31 -0500] "POST /forms/lservlet;jsessionid=ac16012b30d6ac84fb743cb8490d9168fad49a174d06.e3iSbxaKaheRe34Qc38TbN0Nb41ynknvrkLOlQzNp65In0 HTTP/1.1" 200 2
201.245.192.253 - - [27/Dec/2023:04:21:36 -0500] "POST /forms/lservlet;jsessionid=ac16012b30d608a3c74dabe741288258ac4c4de7c868.e3iSbxaKaheRe34Qc38TbN0Nb41ynknvrkLOlQzNp65In0 HTTP/1.1" 200 2
216.245.221.92 - - [27/Dec/2023:04:21:46 -0500] "HEAD / HTTP/1.1" 200 -
156.59.198.135 - - [27/Dec/2023:04:21:47 -0500] "GET /BLA/resoluciones/Notificaciones/AUTOS%202020/1659.pdf HTTP/1.0" 200 327931
172.22.2.4 - - [27/Dec/2023:04:20:26 -0500] "GET /BLA/boletinlegal/ HTTP/1.1" 200 58567
185.132.12.47 - - [27/Dec/2023:04:22:09 -0500] "GET /distrito-exalto-a-246-empresas-de-bogota-por-su-alto-desempeno-y-responsabilidad-ambiental-durante-2023.html HTTP/1.1" 200 1039
156.59.198.135 - - [27/Dec/2023:04:22:12 -0500] "GET /BLA/resoluciones/RESOLUCIONES%202009/2763.pdf HTTP/1.0" 200 435091
156.59.198.136 - - [27/Dec/2023:04:22:36 -0500] "GET /BLA/resoluciones/RESOLUCIONES%202009/3140.pdf HTTP/1.0" 200 481225
40.77.167.25 - - [27/Dec/2023:04:22:42 -0500] "GET /BLA/resoluciones/index.php?dir=Notificaciones%2FRESOLUCIONES+2023%2F HTTP/1.1" 200 41589
201.245.192.253 - - [27/Dec/2023:04:22:50 -0500] "POST /kwsrmcab/Wsrmcab  HTTP/1.1" 200 36330
156.59.198.135 - - [27/Dec/2023:04:23:00 -0500] "GET /BLA/resoluciones/Notificaciones/AUTOS%202020/1820.pdf HTTP/1.0" 200 344221
185.132.12.238 - - [27/Dec/2023:04:23:01 -0500] "GET /distrito-exalto-a-246-empresas-de-bogota-por-su-alto-desempeno-y-responsabilidad-ambiental-durante-2023.html HTTP/1.1" 200 1039
172.22.2.4 - - [27/Dec/2023:04:22:31 -0500] "GET /BLA/boletinlegal/ HTTP/1.1" 200 24523
156.59.198.135 - - [27/Dec/2023:04:23:24 -0500] "GET /BLA/resoluciones/Notificaciones/REGISTROS%202022/00434.pdf HTTP/1.0" 200 268170
201.245.192.253 - - [27/Dec/2023:04:23:31 -0500] "POST /forms/lservlet;jsessionid=ac16012b30d6ac84fb743cb8490d9168fad49a174d06.e3iSbxaKaheRe34Qc38TbN0Nb41ynknvrkLOlQzNp65In0 HTTP/1.1" 200 2
201.245.192.253 - - [27/Dec/2023:04:23:36 -0500] "POST /forms/lservlet;jsessionid=ac16012b30d608a3c74dabe741288258ac4c4de7c868.e3iSbxaKaheRe34Qc38TbN0Nb41ynknvrkLOlQzNp65In0 HTTP/1.1" 200 2
185.132.12.60 - - [27/Dec/2023:04:23:46 -0500] "GET /distrito-exalto-a-246-empresas-de-bogota-por-su-alto-desempeno-y-responsabilidad-ambiental-durante-2023.html HTTP/1.1" 200 1039
156.59.198.135 - - [27/Dec/2023:04:23:48 -0500] "GET /BLA/resoluciones/RESOLUCIONES%202009/2952.pdf HTTP/1.0" 200 539347
156.59.198.136 - - [27/Dec/2023:04:24:13 -0500] "GET /BLA/resoluciones/Notificaciones/AUTOS%202023/05375.pdf HTTP/1.0" 200 7821597
156.59.198.135 - - [27/Dec/2023:04:24:38 -0500] "GET /BLA/resoluciones/Notificaciones/AUTOS%202020/1854.pdf HTTP/1.0" 200 320739
156.59.198.136 - - [27/Dec/2023:04:25:02 -0500] "GET /BLA/resoluciones/RESOLUCIONES%202007/RES%202007%201301%20AL%201400/RESOLUCION%201354%20DE%202007.pdf HTTP/1.0" 200 57294
40.77.167.101 - - [27/Dec/2023:04:25:21 -0500] "GET /robots.txt HTTP/1.1" 404 1034
156.59.198.136 - - [27/Dec/2023:04:25:26 -0500] "GET /BLA/resoluciones/RESOLUCIONES%202009/3216.pdf HTTP/1.0" 200 492684
201.245.192.253 - - [27/Dec/2023:04:25:31 -0500] "POST /forms/lservlet;jsessionid=ac16012b30d6ac84fb743cb8490d9168fad49a174d06.e3iSbxaKaheRe34Qc38TbN0Nb41ynknvrkLOlQzNp65In0 HTTP/1.1" 200 2
52.167.144.194 - - [27/Dec/2023:04:25:33 -0500] "GET /mis-de-50-aves-silvestres-fueron-recuperadas-en-la-localidad-de-tunjuelito.html HTTP/1.1" 200 806
201.245.192.253 - - [27/Dec/2023:04:25:36 -0500] "POST /forms/lservlet;jsessionid=ac16012b30d608a3c74dabe741288258ac4c4de7c868.e3iSbxaKaheRe34Qc38TbN0Nb41ynknvrkLOlQzNp65In0 HTTP/1.1" 200 2
156.59.198.135 - - [27/Dec/2023:04:25:51 -0500] "GET /BLA/resoluciones/Notificaciones/AUTOS%202023/2540.pdf HTTP/1.0" 200 352403
201.245.192.253 - - [27/Dec/2023:04:26:03 -0500] "POST /kwsrmcab/Wsrmcab HTTP/1.1" 200 36794
201.245.192.253 - - [27/Dec/2023:04:26:05 -0500] "POST /kwsrmcab/Wsrmcab HTTP/1.1" 200 36638
156.59.198.136 - - [27/Dec/2023:04:26:16 -0500] "GET /BLA/resoluciones/Notificaciones/AUTOS%202020/2277.pdf HTTP/1.0" 200 328155
156.59.198.136 - - [27/Dec/2023:04:26:39 -0500] "GET /BLA/resoluciones/RESOLUCIONES%202009/3743.pdf HTTP/1.0" 200 423816
216.245.221.92 - - [27/Dec/2023:04:26:46 -0500] "HEAD / HTTP/1.1" 200 -
156.59.198.135 - - [27/Dec/2023:04:27:04 -0500] "GET /BLA/resoluciones/Notificaciones/AUTOS%202020/3550.pdf HTTP/1.0" 200 412651
172.22.2.4 - - [27/Dec/2023:04:25:25 -0500] "HEAD /BLA/boletinlegal/ HTTP/1.1" 200 -
156.59.198.135 - - [27/Dec/2023:04:27:29 -0500] "GET /BLA/resoluciones/RESOLUCIONES%202009/2401.pdf HTTP/1.0" 200 411569
185.132.12.47 - - [27/Dec/2023:04:27:30 -0500] "GET /distrito-exalto-a-246-empresas-de-bogota-por-su-alto-desempeno-y-responsabilidad-ambiental-durante-2023.html HTTP/1.1" 200 1039
201.245.192.253 - - [27/Dec/2023:04:27:31 -0500] "POST /forms/lservlet;jsessionid=ac16012b30d6ac84fb743cb8490d9168fad49a174d06.e3iSbxaKaheRe34Qc38TbN0Nb41ynknvrkLOlQzNp65In0 HTTP/1.1" 200 2
201.245.192.253 - - [27/Dec/2023:04:27:36 -0500] "POST /forms/lservlet;jsessionid=ac16012b30d608a3c74dabe741288258ac4c4de7c868.e3iSbxaKaheRe34Qc38TbN0Nb41ynknvrkLOlQzNp65In0 HTTP/1.1" 200 2
66.249.66.19 - - [27/Dec/2023:04:27:40 -0500] "GET /BLA/resoluciones/RESOLUCIONES%202008/3113.pdf HTTP/1.1" 200 218309
201.245.192.253 - - [27/Dec/2023:04:27:48 -0500] "POST /kwsrmcab/Wsrmcab  HTTP/1.1" 200 36330
156.59.198.135 - - [27/Dec/2023:04:27:52 -0500] "GET /BLA/resoluciones/RESOLUCIONES%202009/2472.pdf HTTP/1.0" 200 35588
185.132.12.28 - - [27/Dec/2023:04:27:55 -0500] "GET /distrito-exalto-a-246-empresas-de-bogota-por-su-alto-desempeno-y-responsabilidad-ambiental-durante-2023.html HTTP/1.1" 200 1039
172.22.2.4 - - [27/Dec/2023:04:26:16 -0500] "GET /BLA/boletinlegal/ HTTP/1.1" 200 58969
156.59.198.135 - - [27/Dec/2023:04:28:17 -0500] "GET /BLA/resoluciones/RESOLUCIONES%202009/2700.pdf HTTP/1.0" 200 428092
156.59.198.135 - - [27/Dec/2023:04:28:41 -0500] "GET /BLA/resoluciones/RESOLUCIONES%202009/2738.pdf HTTP/1.0" 200 396560
185.132.12.28 - - [27/Dec/2023:04:29:03 -0500] "GET /distrito-exalto-a-246-empresas-de-bogota-por-su-alto-desempeno-y-responsabilidad-ambiental-durante-2023.html HTTP/1.1" 200 1039
156.59.198.135 - - [27/Dec/2023:04:29:06 -0500] "GET /BLA/resoluciones/Notificaciones/AUTOS%202023/4304.pdf HTTP/1.0" 200 369503
156.59.198.136 - - [27/Dec/2023:04:29:30 -0500] "GET /BLA/resoluciones/RESOLUCIONES%202009/3399.pdf HTTP/1.0" 200 489919
201.245.192.253 - - [27/Dec/2023:04:29:31 -0500] "POST /forms/lservlet;jsessionid=ac16012b30d6ac84fb743cb8490d9168fad49a174d06.e3iSbxaKaheRe34Qc38TbN0Nb41ynknvrkLOlQzNp65In0 HTTP/1.1" 200 2
201.245.192.253 - - [27/Dec/2023:04:29:36 -0500] "POST /forms/lservlet;jsessionid=ac16012b30d608a3c74dabe741288258ac4c4de7c868.e3iSbxaKaheRe34Qc38TbN0Nb41ynknvrkLOlQzNp65In0 HTTP/1.1" 200 2
185.132.12.92 - - [27/Dec/2023:04:29:42 -0500] "GET /distrito-exalto-a-246-empresas-de-bogota-por-su-alto-desempeno-y-responsabilidad-ambiental-durante-2023.html HTTP/1.1" 200 1039
156.59.198.136 - - [27/Dec/2023:04:29:53 -0500] "GET /BLA/resoluciones/RESOLUCIONES%202009/2485.pdf HTTP/1.0" 200 455135
201.245.192.253 - - [27/Dec/2023:04:30:05 -0500] "POST /kwsrmcab/Wsrmcab HTTP/1.1" 200 36794
201.245.192.253 - - [27/Dec/2023:04:30:10 -0500] "POST /kwsrmcab/Wsrmcab HTTP/1.1" 200 36638
156.59.198.136 - - [27/Dec/2023:04:30:18 -0500] "GET /BLA/resoluciones/Notificaciones/AUTOS%202020/3696.pdf HTTP/1.0" 200 364245
185.132.12.47 - - [27/Dec/2023:04:30:35 -0500] "GET /distrito-exalto-a-246-empresas-de-bogota-por-su-alto-desempeno-y-responsabilidad-ambiental-durante-2023.html HTTP/1.1" 200 1039
156.59.198.136 - - [27/Dec/2023:04:30:43 -0500] "GET /BLA/resoluciones/RESOLUCIONES%202009/2757.pdf HTTP/1.0" 200 473518
173.252.87.6 - - [27/Dec/2023:04:30:56 -0500] "GET /images/Acuerdos%2001%20(1)%20(1).jpeg HTTP/1.1" 200 32884
185.132.12.239 - - [27/Dec/2023:04:31:01 -0500] "GET /distrito-exalto-a-246-empresas-de-bogota-por-su-alto-desempeno-y-responsabilidad-ambiental-durante-2023.html HTTP/1.1" 200 1039
156.59.198.136 - - [27/Dec/2023:04:31:06 -0500] "GET /BLA/resoluciones/RESOLUCIONES%202009/3294.pdf HTTP/1.0" 200 595703
156.59.198.136 - - [27/Dec/2023:04:31:31 -0500] "GET /BLA/resoluciones/Notificaciones/AUTOS%202023/3245.pdf HTTP/1.0" 200 807479
201.245.192.253 - - [27/Dec/2023:04:31:31 -0500] "POST /forms/lservlet;jsessionid=ac16012b30d6ac84fb743cb8490d9168fad49a174d06.e3iSbxaKaheRe34Qc38TbN0Nb41ynknvrkLOlQzNp65In0 HTTP/1.1" 200 2
201.245.192.253 - - [27/Dec/2023:04:31:36 -0500] "POST /forms/lservlet;jsessionid=ac16012b30d608a3c74dabe741288258ac4c4de7c868.e3iSbxaKaheRe34Qc38TbN0Nb41ynknvrkLOlQzNp65In0 HTTP/1.1" 200 2
216.245.221.92 - - [27/Dec/2023:04:31:46 -0500] "HEAD / HTTP/1.1" 200 -
156.59.198.135 - - [27/Dec/2023:04:31:57 -0500] "GET /BLA/resoluciones/RESOLUCIONES%202009/2234.pdf HTTP/1.0" 200 483986
185.132.12.92 - - [27/Dec/2023:04:32:08 -0500] "GET /distrito-exalto-a-246-empresas-de-bogota-por-su-alto-desempeno-y-responsabilidad-ambiental-durante-2023.html HTTP/1.1" 200 1039
156.59.198.136 - - [27/Dec/2023:04:32:20 -0500] "GET /BLA/resoluciones/Notificaciones/AUTOS%202020/1476.pdf HTTP/1.0" 200 946567
156.59.198.135 - - [27/Dec/2023:04:32:45 -0500] "GET /BLA/resoluciones/RESOLUCIONES%202009/3810.pdf HTTP/1.0" 200 864829
201.245.192.253 - - [27/Dec/2023:04:32:48 -0500] "POST /kwsrmcab/Wsrmcab  HTTP/1.1" 200 36330
172.22.2.4 - - [27/Dec/2023:04:31:15 -0500] "HEAD /BLA/boletinlegal/ HTTP/1.1" 200 -
156.59.198.135 - - [27/Dec/2023:04:33:09 -0500] "GET /BLA/resoluciones/Notificaciones/AUTOS%202023/4606.pdf HTTP/1.0" 200 418931
185.132.12.239 - - [27/Dec/2023:04:33:17 -0500] "GET /distrito-exalto-a-246-empresas-de-bogota-por-su-alto-desempeno-y-responsabilidad-ambiental-durante-2023.html HTTP/1.1" 200 1039
201.245.192.253 - - [27/Dec/2023:04:33:31 -0500] "POST /forms/lservlet;jsessionid=ac16012b30d6ac84fb743cb8490d9168fad49a174d06.e3iSbxaKaheRe34Qc38TbN0Nb41ynknvrkLOlQzNp65In0 HTTP/1.1" 200 2
156.59.198.135 - - [27/Dec/2023:04:33:33 -0500] "GET /BLA/resoluciones/Notificaciones/AUTOS%202020/3576.pdf HTTP/1.0" 200 358919
201.245.192.253 - - [27/Dec/2023:04:33:36 -0500] "POST /forms/lservlet;jsessionid=ac16012b30d608a3c74dabe741288258ac4c4de7c868.e3iSbxaKaheRe34Qc38TbN0Nb41ynknvrkLOlQzNp65In0 HTTP/1.1" 200 2
190.84.42.104 - - [27/Dec/2023:04:33:43 -0500] "GET /distrito-exalto-a-246-empresas-de-bogota-por-su-alto-desempeno-y-responsabilidad-ambiental-durante-2023.html HTTP/1.1" 200 1039
172.22.2.4 - - [27/Dec/2023:04:32:06 -0500] "GET /BLA/boletinlegal/ HTTP/1.1" 200 58567
156.59.198.135 - - [27/Dec/2023:04:33:57 -0500] "GET /BLA/resoluciones/Notificaciones/AUTOS%202023/5280.pdf HTTP/1.0" 200 366269
156.59.198.136 - - [27/Dec/2023:04:34:23 -0500] "GET /BLA/resoluciones/Notificaciones/AUTOS%202023/2654.pdf HTTP/1.0" 200 410167
156.59.198.135 - - [27/Dec/2023:04:34:46 -0500] "GET /BLA/resoluciones/RESOLUCIONES%202008/3108.pdf HTTP/1.0" 200 831278
156.59.198.135 - - [27/Dec/2023:04:35:11 -0500] "GET /BLA/resoluciones/RESOLUCIONES%202009/3487.pdf HTTP/1.0" 200 682153
201.245.192.253 - - [27/Dec/2023:04:35:31 -0500] "POST /forms/lservlet;jsessionid=ac16012b30d6ac84fb743cb8490d9168fad49a174d06.e3iSbxaKaheRe34Qc38TbN0Nb41ynknvrkLOlQzNp65In0 HTTP/1.1" 200 2
156.59.198.136 - - [27/Dec/2023:04:35:35 -0500] "GET /BLA/resoluciones/RESOLUCIONES%202009/2888.pdf HTTP/1.0" 200 441420
201.245.192.253 - - [27/Dec/2023:04:35:36 -0500] "POST /forms/lservlet;jsessionid=ac16012b30d608a3c74dabe741288258ac4c4de7c868.e3iSbxaKaheRe34Qc38TbN0Nb41ynknvrkLOlQzNp65In0 HTTP/1.1" 200 2
156.59.198.136 - - [27/Dec/2023:04:35:59 -0500] "GET /BLA/resoluciones/Notificaciones/AUTOS%202020/3847.pdf HTTP/1.0" 200 473410
216.244.66.195 - - [27/Dec/2023:04:36:00 -0500] "GET /BLA/resoluciones/AUTOS%202012/0162.pdf HTTP/1.1" 200 308613
201.245.192.253 - - [27/Dec/2023:04:36:03 -0500] "POST /kwsrmcab/Wsrmcab HTTP/1.1" 200 36794
191.102.198.232 - - [27/Dec/2023:04:36:07 -0500] "GET /distrito-exalto-a-246-empresas-de-bogota-por-su-alto-desempeno-y-responsabilidad-ambiental-durante-2023.html HTTP/1.1" 200 1039
201.245.192.253 - - [27/Dec/2023:04:36:06 -0500] "POST /kwsrmcab/Wsrmcab HTTP/1.1" 200 36638
156.59.198.136 - - [27/Dec/2023:04:36:23 -0500] "GET /BLA/resoluciones/Notificaciones/AUTOS%202023/5835.pdf HTTP/1.0" 200 395463
199.16.157.183 - - [27/Dec/2023:04:36:29 -0500] "GET /images/presentaci%C3%B3n%20convenci%C3%B3n.jpg HTTP/1.1" 404 1034
185.132.12.252 - - [27/Dec/2023:04:36:39 -0500] "GET /distrito-exalto-a-246-empresas-de-bogota-por-su-alto-desempeno-y-responsabilidad-ambiental-durante-2023.html HTTP/1.1" 200 1039
216.244.66.195 - - [27/Dec/2023:04:36:41 -0500] "GET /BLA/resoluciones/AUTOS%202012/0199.pdf HTTP/1.1" 200 331205
216.245.221.92 - - [27/Dec/2023:04:36:46 -0500] "HEAD / HTTP/1.1" 200 -
156.59.198.136 - - [27/Dec/2023:04:36:48 -0500] "GET /BLA/resoluciones/RESOLUCIONES%202009/2915.pdf HTTP/1.0" 200 317605
156.59.198.136 - - [27/Dec/2023:04:37:11 -0500] "GET /BLA/resoluciones/RESOLUCIONES%202009/2694.pdf HTTP/1.0" 200 287031
216.244.66.195 - - [27/Dec/2023:04:37:27 -0500] "GET /BLA/resoluciones/AUTOS%202019/0003.pdf HTTP/1.1" 200 584266
201.245.192.253 - - [27/Dec/2023:04:37:31 -0500] "POST /forms/lservlet;jsessionid=ac16012b30d6ac84fb743cb8490d9168fad49a174d06.e3iSbxaKaheRe34Qc38TbN0Nb41ynknvrkLOlQzNp65In0 HTTP/1.1" 200 2
201.245.192.253 - - [27/Dec/2023:04:37:36 -0500] "POST /forms/lservlet;jsessionid=ac16012b30d608a3c74dabe741288258ac4c4de7c868.e3iSbxaKaheRe34Qc38TbN0Nb41ynknvrkLOlQzNp65In0 HTTP/1.1" 200 2
156.59.198.136 - - [27/Dec/2023:04:37:36 -0500] "GET /BLA/resoluciones/Notificaciones/AUTOS%202020/0010.pdf HTTP/1.0" 200 301554
201.245.192.253 - - [27/Dec/2023:04:37:45 -0500] "POST /kwsrmcab/Wsrmcab  HTTP/1.1" 200 36330
156.59.198.135 - - [27/Dec/2023:04:38:00 -0500] "GET /BLA/resoluciones/RESOLUCIONES%202018/2452.pdf HTTP/1.0" 200 862344
216.244.66.195 - - [27/Dec/2023:04:38:17 -0500] "GET /BLA/resoluciones/AUTOS%202019/1471.pdf HTTP/1.1" 200 262699
156.59.198.136 - - [27/Dec/2023:04:38:25 -0500] "GET /BLA/resoluciones/RESOLUCIONES%202018/2400.pdf HTTP/1.0" 200 845911
172.22.2.4 - - [27/Dec/2023:04:37:05 -0500] "HEAD /BLA/boletinlegal/ HTTP/1.1" 200 -
156.59.198.135 - - [27/Dec/2023:04:38:49 -0500] "GET /BLA/resoluciones/RESOLUCIONES%202007/RES%202007%203301%20AL%203400/RESOLUCION%203304%20DE%202007.pdf HTTP/1.0" 200 1079572
216.244.66.195 - - [27/Dec/2023:04:39:01 -0500] "GET /BLA/resoluciones/AUTOS%202019/1559.pdf HTTP/1.1" 200 268138
156.59.198.136 - - [27/Dec/2023:04:39:14 -0500] "GET /BLA/resoluciones/RESOLUCIONES%202007/RES%202007%201601%20AL%201725/RESOLUCION%201617%20DE%202007.pdf HTTP/1.0" 200 450798
66.249.66.19 - - [27/Dec/2023:04:39:31 -0500] "GET /BLA/resoluciones/AUTOS%202013/2294.pdf HTTP/1.1" 200 701595
201.245.192.253 - - [27/Dec/2023:04:39:31 -0500] "POST /forms/lservlet;jsessionid=ac16012b30d6ac84fb743cb8490d9168fad49a174d06.e3iSbxaKaheRe34Qc38TbN0Nb41ynknvrkLOlQzNp65In0 HTTP/1.1" 200 2
