181.61.157.160 - - [27/Dec/2023:08:54:38 -0500] "GET /sipse/faces/javax.faces.resource/images/ui-bg_flat_0_2d5972_40x100.png?ln=primefaces-aristo HTTP/1.1" 304 -
181.61.157.160 - - [27/Dec/2023:08:54:38 -0500] "POST /sipse/faces/presentacion/financiero/solicitudProceso/consultarSolicitudProceso.xhtml HTTP/1.1" 200 5457
181.61.157.160 - - [27/Dec/2023:08:54:38 -0500] "GET /sipse/faces/javax.faces.resource/dynamiccontent.properties?ln=primefaces&pfdrid=XjOR5%2F%2FfPAZAuY9TpWQeCiM0BhlXxYRBGKi%2FQcXXfeA%3D&pfdrid_c=false HTTP/1.1" 200 117395
156.59.198.136 - - [27/Dec/2023:08:54:55 -0500] "GET /BLA/resoluciones/RESOLUCIONES%202007/RES%202007%202801%20AL%202900/RESOLUCION%202809%20DE%202007.pdf HTTP/1.0" 200 383514
191.156.181.214 - - [27/Dec/2023:08:55:03 -0500] "GET /sipse/faces/index.xhtml HTTP/1.1" 200 677
191.156.181.214 - - [27/Dec/2023:08:55:04 -0500] "GET /sipse/faces/javax.faces.resource/theme.css?ln=primefaces-sipse HTTP/1.1" 304 -
40.77.167.3 - - [27/Dec/2023:08:55:05 -0500] "GET /distrito-exalto-a-246-empresas-de-bogota-por-su-alto-desempeno-y-responsabilidad-ambiental-durante-2023.html HTTP/1.1" 200 1039
191.156.181.214 - - [27/Dec/2023:08:55:05 -0500] "GET /sipse/faces/faces/autenticacion.xhtml HTTP/1.1" 200 12410
191.156.181.214 - - [27/Dec/2023:08:55:06 -0500] "GET /sipse/js/funciones.js HTTP/1.1" 304 -
191.156.177.199 - - [27/Dec/2023:08:55:06 -0500] "GET /sipse/faces/javax.faces.resource/theme.css?ln=primefaces-sipse HTTP/1.1" 304 -
191.156.177.199 - - [27/Dec/2023:08:55:06 -0500] "GET /sipse/css/custom_css_sg.css HTTP/1.1" 304 -
191.156.181.214 - - [27/Dec/2023:08:55:06 -0500] "GET /sipse/css/custom_css_sg_prime_login.css HTTP/1.1" 304 -
191.156.177.199 - - [27/Dec/2023:08:55:06 -0500] "GET /sipse/js/disable_browser_buttons.js HTTP/1.1" 304 -
191.156.190.242 - - [27/Dec/2023:08:55:06 -0500] "GET /sipse/faces/javax.faces.resource/primefaces.css?ln=primefaces&v=4.0 HTTP/1.1" 304 -
191.156.190.242 - - [27/Dec/2023:08:55:06 -0500] "GET /sipse/faces/javax.faces.resource/layout/layout.css?ln=primefaces&v=4.0 HTTP/1.1" 304 -
191.156.181.214 - - [27/Dec/2023:08:55:06 -0500] "GET /sipse/faces/javax.faces.resource/jquery/jquery.js?ln=primefaces&v=4.0 HTTP/1.1" 304 -
191.156.182.95 - - [27/Dec/2023:08:55:06 -0500] "GET /sipse/faces/javax.faces.resource/jquery/jquery-plugins.js?ln=primefaces&v=4.0 HTTP/1.1" 304 -
191.156.177.199 - - [27/Dec/2023:08:55:06 -0500] "GET /sipse/faces/javax.faces.resource/primefaces.js?ln=primefaces&v=4.0 HTTP/1.1" 304 -
191.156.177.199 - - [27/Dec/2023:08:55:06 -0500] "GET /sipse/faces/javax.faces.resource/layout/layout.js?ln=primefaces&v=4.0 HTTP/1.1" 304 -
191.156.177.199 - - [27/Dec/2023:08:55:07 -0500] "GET /sipse/css/imagen/loginimg.png HTTP/1.1" 304 -
191.156.177.199 - - [27/Dec/2023:08:55:07 -0500] "GET /sipse/css/imagen/logoSDG.png HTTP/1.1" 304 -
191.156.181.214 - - [27/Dec/2023:08:55:07 -0500] "GET /sipse/faces/javax.faces.resource/images/ui-icons_898989_256x240.png?ln=primefaces-aristo HTTP/1.1" 304 -
156.59.198.136 - - [27/Dec/2023:08:55:19 -0500] "GET /BLA/resoluciones/Notificaciones/AUTOS%202020/4222.pdf HTTP/1.0" 200 353420
172.22.2.4 - - [27/Dec/2023:08:53:47 -0500] "HEAD /BLA/boletinlegal/ HTTP/1.1" 200 -
201.245.192.253 - - [27/Dec/2023:08:55:33 -0500] "POST /forms/lservlet;jsessionid=ac16012b30d6ac84fb743cb8490d9168fad49a174d06.e3iSbxaKaheRe34Qc38TbN0Nb41ynknvrkLOlQzNp65In0 HTTP/1.1" 200 2
201.245.192.253 - - [27/Dec/2023:08:55:36 -0500] "POST /forms/lservlet;jsessionid=ac16012b30d608a3c74dabe741288258ac4c4de7c868.e3iSbxaKaheRe34Qc38TbN0Nb41ynknvrkLOlQzNp65In0 HTTP/1.1" 200 2
156.59.198.136 - - [27/Dec/2023:08:55:43 -0500] "GET /BLA/resoluciones/RESOLUCIONES%202009/2428.pdf HTTP/1.0" 200 416381
156.59.198.135 - - [27/Dec/2023:08:56:07 -0500] "GET /BLA/resoluciones/RESOLUCIONES%202018/2601.pdf HTTP/1.0" 200 267989
179.19.70.142 - - [27/Dec/2023:08:56:08 -0500] "GET /appsia/controlador HTTP/1.1" 200 4799
179.19.70.142 - - [27/Dec/2023:08:56:09 -0500] "GET /appsia/css/estilos.css HTTP/1.1" 200 4804
179.19.70.142 - - [27/Dec/2023:08:56:09 -0500] "GET /appsia/scripts/validarIngreso.js HTTP/1.1" 200 851
179.19.70.142 - - [27/Dec/2023:08:56:09 -0500] "GET /appsia/images/logo_bogota_p.png HTTP/1.1" 200 14951
179.19.70.142 - - [27/Dec/2023:08:56:09 -0500] "GET /appsia/images/cabezoteHojaVida.png HTTP/1.1" 200 32493
179.19.70.142 - - [27/Dec/2023:08:56:09 -0500] "GET /favicon.ico HTTP/1.1" 200 7782
172.22.2.4 - - [27/Dec/2023:08:54:37 -0500] "GET /BLA/boletinlegal/ HTTP/1.1" 200 58172
179.19.70.142 - - [27/Dec/2023:08:56:28 -0500] "POST /appsia/controlador HTTP/1.1" 200 5437
179.19.70.142 - - [27/Dec/2023:08:56:32 -0500] "POST /appsia/controlador HTTP/1.1" 200 7731
179.19.70.142 - - [27/Dec/2023:08:56:32 -0500] "GET /appsia/images/logo_escudo.png HTTP/1.1" 200 36965
156.59.198.135 - - [27/Dec/2023:08:56:32 -0500] "GET /BLA/resoluciones/RESOLUCIONES%202007/RES%202007%203801%20AL%203900/RESOLUCION%203842%20DE%202007.pdf HTTP/1.0" 200 699833
201.245.192.253 - - [27/Dec/2023:08:56:38 -0500] "POST /kwsrmcab/Wsrmcab  HTTP/1.1" 200 36330
216.245.221.92 - - [27/Dec/2023:08:56:46 -0500] "HEAD / HTTP/1.1" 200 -
179.19.70.142 - - [27/Dec/2023:08:56:51 -0500] "POST /appsia/controlador HTTP/1.1" 200 5437
179.19.70.142 - - [27/Dec/2023:08:56:53 -0500] "POST /appsia/controlador HTTP/1.1" 200 4799
156.59.198.136 - - [27/Dec/2023:08:56:56 -0500] "GET /BLA/resoluciones/RESOLUCIONES%202007/RES%202007%201301%20AL%201400/RESOLUCION%201377%20DE%202007.pdf HTTP/1.0" 200 228138
179.19.70.142 - - [27/Dec/2023:08:56:58 -0500] "GET /appsia/controlador HTTP/1.1" 200 4799
156.59.198.136 - - [27/Dec/2023:08:57:19 -0500] "GET /BLA/resoluciones/RESOLUCIONES%202008/2997.pdf HTTP/1.0" 200 2580713
201.245.192.253 - - [27/Dec/2023:08:57:33 -0500] "POST /forms/lservlet;jsessionid=ac16012b30d6ac84fb743cb8490d9168fad49a174d06.e3iSbxaKaheRe34Qc38TbN0Nb41ynknvrkLOlQzNp65In0 HTTP/1.1" 200 2
201.245.192.253 - - [27/Dec/2023:08:57:36 -0500] "POST /forms/lservlet;jsessionid=ac16012b30d608a3c74dabe741288258ac4c4de7c868.e3iSbxaKaheRe34Qc38TbN0Nb41ynknvrkLOlQzNp65In0 HTTP/1.1" 200 2
156.59.198.135 - - [27/Dec/2023:08:57:44 -0500] "GET /BLA/resoluciones/RESOLUCIONES%202018/3576.pdf HTTP/1.0" 200 350972
191.156.177.104 - - [27/Dec/2023:08:57:45 -0500] "POST /sipse/faces/autenticacion.xhtml HTTP/1.1" 200 2219
191.156.177.104 - - [27/Dec/2023:08:57:45 -0500] "GET /sipse/faces/javax.faces.resource/messages/messages.png?ln=primefaces&v=4.0 HTTP/1.1" 304 -
191.156.177.104 - - [27/Dec/2023:08:57:46 -0500] "POST /sipse/faces/autenticacion.xhtml HTTP/1.1" 200 16467
191.156.177.104 - - [27/Dec/2023:08:57:46 -0500] "GET /sipse/css/custom_css_sg_prime.css HTTP/1.1" 304 -
191.156.177.156 - - [27/Dec/2023:08:57:46 -0500] "GET /sipse/faces/javax.faces.resource/theme.css?ln=primefaces-sipse HTTP/1.1" 304 -
191.156.186.5 - - [27/Dec/2023:08:57:46 -0500] "GET /sipse/js/jquery.min.js HTTP/1.1" 304 -
191.156.182.95 - - [27/Dec/2023:08:57:46 -0500] "GET /sipse/faces/javax.faces.resource/primefaces.css?ln=primefaces&v=4.0 HTTP/1.1" 304 -
191.156.177.104 - - [27/Dec/2023:08:57:46 -0500] "GET /sipse/faces/javax.faces.resource/layout/layout.css?ln=primefaces&v=4.0 HTTP/1.1" 304 -
191.156.177.104 - - [27/Dec/2023:08:57:46 -0500] "GET /sipse/faces/javax.faces.resource/jquery/jquery.js?ln=primefaces&v=4.0 HTTP/1.1" 304 -
191.156.177.104 - - [27/Dec/2023:08:57:47 -0500] "GET /sipse/faces/javax.faces.resource/jquery/jquery-plugins.js?ln=primefaces&v=4.0 HTTP/1.1" 304 -
191.156.177.104 - - [27/Dec/2023:08:57:47 -0500] "GET /sipse/faces/javax.faces.resource/primefaces.js?ln=primefaces&v=4.0 HTTP/1.1" 304 -
191.156.177.104 - - [27/Dec/2023:08:57:47 -0500] "GET /sipse/faces/javax.faces.resource/layout/layout.js?ln=primefaces&v=4.0 HTTP/1.1" 304 -
191.156.177.104 - - [27/Dec/2023:08:57:47 -0500] "GET /sipse/imagenes/cargando.gif HTTP/1.1" 304 -
191.156.177.104 - - [27/Dec/2023:08:57:47 -0500] "GET /sipse/imagenes/logoAplicacion.jpg HTTP/1.1" 304 -
191.156.182.95 - - [27/Dec/2023:08:57:47 -0500] "GET /sipse/css/v_mergente.css HTTP/1.1" 304 -
191.156.177.156 - - [27/Dec/2023:08:57:47 -0500] "GET /sipse/css/imagen/contrasena.png HTTP/1.1" 404 383
172.22.2.4 - - [27/Dec/2023:08:57:55 -0500] "GET /BLA/boletinlegal/robots.txt HTTP/1.1" 404 1038
172.22.2.4 - - [27/Dec/2023:08:57:55 -0500] "GET /BLA/boletinlegal/images/screen_2.png HTTP/1.1" 304 -
156.59.198.136 - - [27/Dec/2023:08:58:08 -0500] "GET /BLA/resoluciones/RESOLUCIONES%202008/1741.pdf HTTP/1.0" 200 313627
201.245.192.253 - - [27/Dec/2023:08:58:09 -0500] "GET /BLA/resoluciones/index.php?dir=RESOLUCIONES+2011%2F HTTP/1.1" 200 747162
156.59.198.135 - - [27/Dec/2023:08:58:33 -0500] "GET /BLA/resoluciones/RESOLUCIONES%202008/4428.pdf HTTP/1.0" 200 551577
201.245.192.253 - - [27/Dec/2023:08:58:44 -0500] "GET /BLA/resoluciones/RESOLUCIONES%202011/5313.pdf HTTP/1.1" 200 421053
201.245.192.253 - - [27/Dec/2023:08:58:50 -0500] "GET /BLA/resoluciones/RESOLUCIONES%202011/5315.pdf HTTP/1.1" 200 291483
156.59.198.136 - - [27/Dec/2023:08:58:57 -0500] "GET /BLA/resoluciones/RESOLUCIONES%202008/2137.pdf HTTP/1.0" 200 597040
181.53.12.6 - - [27/Dec/2023:08:59:17 -0500] "POST /sipse/faces/presentacion/financiero/solicitudProceso/consultar.xhtml HTTP/1.1" 200 12948
156.59.198.135 - - [27/Dec/2023:08:59:21 -0500] "GET /BLA/resoluciones/RESOLUCIONES%202009/4087.pdf HTTP/1.0" 200 843238
181.53.12.6 - - [27/Dec/2023:08:59:27 -0500] "POST /sipse/faces/presentacion/financiero/solicitudProceso/consultar.xhtml HTTP/1.1" 200 109828
181.53.12.6 - - [27/Dec/2023:08:59:29 -0500] "GET /sipse/faces/javax.faces.resource/theme.css?ln=primefaces-sipse HTTP/1.1" 304 -
181.53.12.6 - - [27/Dec/2023:08:59:29 -0500] "GET /sipse/faces/javax.faces.resource/primefaces.css?ln=primefaces&v=4.0 HTTP/1.1" 304 -
181.53.12.6 - - [27/Dec/2023:08:59:29 -0500] "GET /sipse/faces/javax.faces.resource/layout/layout.css?ln=primefaces&v=4.0 HTTP/1.1" 304 -
181.53.12.6 - - [27/Dec/2023:08:59:29 -0500] "GET /sipse/css/imagen/contrasena.png HTTP/1.1" 404 383
181.53.12.6 - - [27/Dec/2023:08:59:29 -0500] "GET /sipse/faces/javax.faces.resource/jquery/jquery.js?ln=primefaces&v=4.0 HTTP/1.1" 304 -
181.53.12.6 - - [27/Dec/2023:08:59:29 -0500] "GET /sipse/faces/javax.faces.resource/jquery/jquery-plugins.js?ln=primefaces&v=4.0 HTTP/1.1" 304 -
181.53.12.6 - - [27/Dec/2023:08:59:29 -0500] "GET /sipse/faces/javax.faces.resource/primefaces.js?ln=primefaces&v=4.0 HTTP/1.1" 304 -
181.53.12.6 - - [27/Dec/2023:08:59:29 -0500] "GET /sipse/faces/javax.faces.resource/layout/layout.js?ln=primefaces&v=4.0 HTTP/1.1" 304 -
181.53.12.6 - - [27/Dec/2023:08:59:30 -0500] "GET /sipse/faces/javax.faces.resource/dynamiccontent.properties?ln=primefaces&pfdrid=XjOR5%2F%2FfPAZAuY9TpWQeCiM0BhlXxYRBGKi%2FQcXXfeA%3D&pfdrid_c=false HTTP/1.1" 500 383
201.245.192.253 - - [27/Dec/2023:08:59:33 -0500] "POST /forms/lservlet;jsessionid=ac16012b30d6ac84fb743cb8490d9168fad49a174d06.e3iSbxaKaheRe34Qc38TbN0Nb41ynknvrkLOlQzNp65In0 HTTP/1.1" 200 2
201.245.192.253 - - [27/Dec/2023:08:59:36 -0500] "POST /forms/lservlet;jsessionid=ac16012b30d608a3c74dabe741288258ac4c4de7c868.e3iSbxaKaheRe34Qc38TbN0Nb41ynknvrkLOlQzNp65In0 HTTP/1.1" 200 2
156.59.198.136 - - [27/Dec/2023:08:59:45 -0500] "GET /BLA/resoluciones/RESOLUCIONES%202007/RES%202007%201801%20AL%201900/RESOLUCION%201864%20DE%202007.pdf HTTP/1.0" 200 125198
181.53.12.6 - - [27/Dec/2023:08:59:53 -0500] "POST /sipse/faces/presentacion/financiero/solicitudProceso/consultarSolicitudProceso.xhtml HTTP/1.1" 200 32380
181.53.12.6 - - [27/Dec/2023:08:59:54 -0500] "GET /sipse/faces/javax.faces.resource/theme.css?ln=primefaces-sipse HTTP/1.1" 304 -
181.53.12.6 - - [27/Dec/2023:08:59:54 -0500] "GET /sipse/faces/javax.faces.resource/primefaces.css?ln=primefaces&v=4.0 HTTP/1.1" 304 -
181.53.12.6 - - [27/Dec/2023:08:59:54 -0500] "GET /sipse/faces/javax.faces.resource/layout/layout.css?ln=primefaces&v=4.0 HTTP/1.1" 304 -
181.53.12.6 - - [27/Dec/2023:08:59:54 -0500] "GET /sipse/faces/javax.faces.resource/jquery/jquery.js?ln=primefaces&v=4.0 HTTP/1.1" 304 -
181.53.12.6 - - [27/Dec/2023:08:59:54 -0500] "GET /sipse/faces/javax.faces.resource/jquery/jquery-plugins.js?ln=primefaces&v=4.0 HTTP/1.1" 304 -
181.53.12.6 - - [27/Dec/2023:08:59:54 -0500] "GET /sipse/faces/javax.faces.resource/layout/layout.js?ln=primefaces&v=4.0 HTTP/1.1" 304 -
181.53.12.6 - - [27/Dec/2023:08:59:54 -0500] "GET /sipse/faces/javax.faces.resource/primefaces.js?ln=primefaces&v=4.0 HTTP/1.1" 304 -
181.53.12.6 - - [27/Dec/2023:08:59:54 -0500] "GET /sipse/css/imagen/contrasena.png HTTP/1.1" 404 383
181.53.12.6 - - [27/Dec/2023:08:59:54 -0500] "GET /sipse/faces/javax.faces.resource/images/ui-icons_898989_256x240.png?ln=primefaces-aristo HTTP/1.1" 304 -
156.59.198.135 - - [27/Dec/2023:09:00:09 -0500] "GET /BLA/resoluciones/RESOLUCIONES%202018/2081.pdf HTTP/1.0" 200 286238
156.59.198.135 - - [27/Dec/2023:09:00:33 -0500] "GET /BLA/resoluciones/RESOLUCIONES%202008/3844.pdf HTTP/1.0" 200 310016
156.59.198.135 - - [27/Dec/2023:09:00:57 -0500] "GET /BLA/resoluciones/AUTOS%202015/5445.pdf HTTP/1.0" 200 394466
172.22.2.4 - - [27/Dec/2023:08:59:37 -0500] "HEAD /BLA/boletinlegal/ HTTP/1.1" 200 -
156.59.198.136 - - [27/Dec/2023:09:01:22 -0500] "GET /BLA/resoluciones/RESOLUCIONES%202018/2532.pdf HTTP/1.0" 200 358096
201.245.192.253 - - [27/Dec/2023:09:01:33 -0500] "POST /forms/lservlet;jsessionid=ac16012b30d6ac84fb743cb8490d9168fad49a174d06.e3iSbxaKaheRe34Qc38TbN0Nb41ynknvrkLOlQzNp65In0 HTTP/1.1" 200 2
201.245.192.253 - - [27/Dec/2023:09:01:36 -0500] "POST /forms/lservlet;jsessionid=ac16012b30d608a3c74dabe741288258ac4c4de7c868.e3iSbxaKaheRe34Qc38TbN0Nb41ynknvrkLOlQzNp65In0 HTTP/1.1" 200 2
201.245.192.253 - - [27/Dec/2023:09:01:37 -0500] "POST /kwsrmcab/Wsrmcab  HTTP/1.1" 200 36330
216.245.221.92 - - [27/Dec/2023:09:01:45 -0500] "HEAD / HTTP/1.1" 200 -
156.59.198.136 - - [27/Dec/2023:09:01:46 -0500] "GET /BLA/resoluciones/RESOLUCIONES%202007/RES%202007%201801%20AL%201900/RESOLUCION%201886%20DE%202007.pdf HTTP/1.0" 200 244616
201.245.192.253 - - [27/Dec/2023:09:01:50 -0500] "GET /BLA/resoluciones/index.php?dir=RESOLUCIONES+2017%2F HTTP/1.1" 200 287001
201.245.166.34 - - [27/Dec/2023:09:02:03 -0500] "GET /jardin-botanico-lanza-antologia-de-cronicas-de-huerteras-y-huerteros-de-bogota.html HTTP/1.1" 200 821
201.245.192.253 - - [27/Dec/2023:09:02:05 -0500] "GET /BLA/resoluciones/RESOLUCIONES%202017/3509.pdf HTTP/1.1" 200 309978
190.25.170.29 - - [27/Dec/2023:09:02:05 -0500] "GET /distrito-exalto-a-246-empresas-de-bogota-por-su-alto-desempeno-y-responsabilidad-ambiental-durante-2023.html HTTP/1.1" 200 1039
172.22.2.4 - - [27/Dec/2023:09:00:27 -0500] "GET /BLA/boletinlegal/ HTTP/1.1" 200 58567
156.59.198.136 - - [27/Dec/2023:09:02:10 -0500] "GET /BLA/resoluciones/RESOLUCIONES%202007/RES%202007%202501%20AL%202600/RESOLUCION%202571%20DE%202007.pdf HTTP/1.0" 200 475838
181.53.12.6 - - [27/Dec/2023:09:02:30 -0500] "GET /sipse/faces/javax.faces.resource/theme.css?ln=primefaces-sipse HTTP/1.1" 304 -
181.53.12.6 - - [27/Dec/2023:09:02:30 -0500] "GET /sipse/faces/javax.faces.resource/primefaces.css?ln=primefaces&v=4.0 HTTP/1.1" 304 -
181.53.12.6 - - [27/Dec/2023:09:02:30 -0500] "GET /sipse/faces/javax.faces.resource/layout/layout.css?ln=primefaces&v=4.0 HTTP/1.1" 304 -
181.53.12.6 - - [27/Dec/2023:09:02:30 -0500] "GET /sipse/faces/javax.faces.resource/jquery/jquery.js?ln=primefaces&v=4.0 HTTP/1.1" 304 -
181.53.12.6 - - [27/Dec/2023:09:02:30 -0500] "GET /sipse/faces/javax.faces.resource/jquery/jquery-plugins.js?ln=primefaces&v=4.0 HTTP/1.1" 304 -
181.53.12.6 - - [27/Dec/2023:09:02:30 -0500] "GET /sipse/faces/javax.faces.resource/primefaces.js?ln=primefaces&v=4.0 HTTP/1.1" 304 -
181.53.12.6 - - [27/Dec/2023:09:02:30 -0500] "GET /sipse/faces/javax.faces.resource/layout/layout.js?ln=primefaces&v=4.0 HTTP/1.1" 304 -
181.53.12.6 - - [27/Dec/2023:09:02:30 -0500] "GET /sipse/css/imagen/contrasena.png HTTP/1.1" 404 383
181.53.12.6 - - [27/Dec/2023:09:02:30 -0500] "GET /sipse/faces/javax.faces.resource/images/ui-icons_898989_256x240.png?ln=primefaces-aristo HTTP/1.1" 304 -
181.53.12.6 - - [27/Dec/2023:09:02:29 -0500] "POST /sipse/faces/presentacion/financiero/solicitudProceso/consultarHistorialSolProceso.xhtml HTTP/1.1" 200 154758
181.53.12.6 - - [27/Dec/2023:09:02:30 -0500] "GET /sipse/faces/javax.faces.resource/dynamiccontent.properties?ln=primefaces&pfdrid=XjOR5%2F%2FfPAZAuY9TpWQeCiM0BhlXxYRBGKi%2FQcXXfeA%3D&pfdrid_c=false HTTP/1.1" 500 383
156.59.198.135 - - [27/Dec/2023:09:02:34 -0500] "GET /BLA/resoluciones/RESOLUCIONES%202009/4404.pdf HTTP/1.0" 200 92811
181.53.12.6 - - [27/Dec/2023:09:02:44 -0500] "GET /sipse/faces/javax.faces.resource/images/ui-bg_flat_0_2d5972_40x100.png?ln=primefaces-aristo HTTP/1.1" 304 -
181.53.12.6 - - [27/Dec/2023:09:02:44 -0500] "POST /sipse/faces/presentacion/financiero/solicitudProceso/consultarSolicitudProceso.xhtml HTTP/1.1" 200 42254
181.53.12.6 - - [27/Dec/2023:09:02:44 -0500] "GET /sipse/faces/javax.faces.resource/theme.css?ln=primefaces-sipse HTTP/1.1" 304 -
181.53.12.6 - - [27/Dec/2023:09:02:44 -0500] "GET /sipse/faces/javax.faces.resource/layout/layout.css?ln=primefaces&v=4.0 HTTP/1.1" 304 -
181.53.12.6 - - [27/Dec/2023:09:02:44 -0500] "GET /sipse/faces/javax.faces.resource/primefaces.css?ln=primefaces&v=4.0 HTTP/1.1" 304 -
181.53.12.6 - - [27/Dec/2023:09:02:44 -0500] "GET /sipse/faces/javax.faces.resource/jquery/jquery.js?ln=primefaces&v=4.0 HTTP/1.1" 304 -
181.53.12.6 - - [27/Dec/2023:09:02:44 -0500] "GET /sipse/faces/javax.faces.resource/jquery/jquery-plugins.js?ln=primefaces&v=4.0 HTTP/1.1" 304 -
181.53.12.6 - - [27/Dec/2023:09:02:44 -0500] "GET /sipse/faces/javax.faces.resource/primefaces.js?ln=primefaces&v=4.0 HTTP/1.1" 304 -
181.53.12.6 - - [27/Dec/2023:09:02:44 -0500] "GET /sipse/faces/javax.faces.resource/layout/layout.js?ln=primefaces&v=4.0 HTTP/1.1" 304 -
181.53.12.6 - - [27/Dec/2023:09:02:48 -0500] "POST /sipse/faces/presentacion/financiero/solicitudProceso/consultar.xhtml HTTP/1.1" 200 12948
40.77.167.247 - - [27/Dec/2023:09:02:52 -0500] "GET /BLA/resoluciones/RESOLUCIONES%202023/2241.pdf HTTP/1.1" 200 469696
181.53.12.6 - - [27/Dec/2023:09:02:54 -0500] "POST /sipse/faces/presentacion/financiero/solicitudProceso/consultar.xhtml HTTP/1.1" 200 111593
181.53.12.6 - - [27/Dec/2023:09:02:57 -0500] "GET /sipse/faces/javax.faces.resource/layout/layout.css?ln=primefaces&v=4.0 HTTP/1.1" 304 -
181.53.12.6 - - [27/Dec/2023:09:02:57 -0500] "GET /sipse/faces/javax.faces.resource/theme.css?ln=primefaces-sipse HTTP/1.1" 304 -
181.53.12.6 - - [27/Dec/2023:09:02:57 -0500] "GET /sipse/faces/javax.faces.resource/primefaces.css?ln=primefaces&v=4.0 HTTP/1.1" 304 -
181.53.12.6 - - [27/Dec/2023:09:02:57 -0500] "GET /sipse/faces/javax.faces.resource/jquery/jquery.js?ln=primefaces&v=4.0 HTTP/1.1" 304 -
181.53.12.6 - - [27/Dec/2023:09:02:57 -0500] "GET /sipse/faces/javax.faces.resource/jquery/jquery-plugins.js?ln=primefaces&v=4.0 HTTP/1.1" 304 -
181.53.12.6 - - [27/Dec/2023:09:02:57 -0500] "GET /sipse/faces/javax.faces.resource/primefaces.js?ln=primefaces&v=4.0 HTTP/1.1" 304 -
181.53.12.6 - - [27/Dec/2023:09:02:57 -0500] "GET /sipse/faces/javax.faces.resource/layout/layout.js?ln=primefaces&v=4.0 HTTP/1.1" 304 -
172.22.2.4 - - [27/Dec/2023:09:02:57 -0500] "GET /BLA/boletinlegal/actos.php HTTP/1.1" 200 9682
181.53.12.6 - - [27/Dec/2023:09:02:57 -0500] "GET /sipse/faces/javax.faces.resource/dynamiccontent.properties?ln=primefaces&pfdrid=XjOR5%2F%2FfPAZAuY9TpWQeCiM0BhlXxYRBGKi%2FQcXXfeA%3D&pfdrid_c=false HTTP/1.1" 500 383
172.22.2.4 - - [27/Dec/2023:09:02:58 -0500] "GET /BLA/boletinlegal/favicon.ico HTTP/1.1" 404 1326
156.59.198.135 - - [27/Dec/2023:09:02:59 -0500] "GET /BLA/resoluciones/RESOLUCIONES%202007/RES%202007%202801%20AL%202900/RESOLUCION%202829%20DE%202007.pdf HTTP/1.0" 200 26030
156.59.198.136 - - [27/Dec/2023:09:03:23 -0500] "GET /BLA/resoluciones/RESOLUCIONES%202018/1820.pdf HTTP/1.0" 200 284508
172.22.2.4 - - [27/Dec/2023:09:03:25 -0500] "GET /BLA/boletinlegal/consulta_actos.php?tipo=resoluciones&no=3111&usuario=&sector=&fecha=2019&resuelve= HTTP/1.1" 200 1155
172.22.2.4 - - [27/Dec/2023:09:02:54 -0500] "GET /BLA/boletinlegal/ HTTP/1.1" 200 24523
191.156.52.189 - - [27/Dec/2023:09:03:29 -0500] "GET /BLA/resoluciones/RESOLUCIONES%202019/3111.pdf HTTP/1.1" 200 583489
201.245.192.253 - - [27/Dec/2023:09:03:33 -0500] "POST /forms/lservlet;jsessionid=ac16012b30d6ac84fb743cb8490d9168fad49a174d06.e3iSbxaKaheRe34Qc38TbN0Nb41ynknvrkLOlQzNp65In0 HTTP/1.1" 200 2
201.245.192.253 - - [27/Dec/2023:09:03:36 -0500] "POST /forms/lservlet;jsessionid=ac16012b30d608a3c74dabe741288258ac4c4de7c868.e3iSbxaKaheRe34Qc38TbN0Nb41ynknvrkLOlQzNp65In0 HTTP/1.1" 200 2
181.53.12.6 - - [27/Dec/2023:09:03:38 -0500] "GET /sipse/faces/javax.faces.resource/theme.css?ln=primefaces-sipse HTTP/1.1" 304 -
181.53.12.6 - - [27/Dec/2023:09:03:35 -0500] "POST /sipse/faces/presentacion/financiero/solicitudProceso/consultarSolicitudProceso.xhtml HTTP/1.1" 200 33298
181.53.12.6 - - [27/Dec/2023:09:03:38 -0500] "GET /sipse/faces/javax.faces.resource/primefaces.css?ln=primefaces&v=4.0 HTTP/1.1" 304 -
181.53.12.6 - - [27/Dec/2023:09:03:38 -0500] "GET /sipse/faces/javax.faces.resource/layout/layout.css?ln=primefaces&v=4.0 HTTP/1.1" 304 -
181.53.12.6 - - [27/Dec/2023:09:03:38 -0500] "GET /sipse/faces/javax.faces.resource/jquery/jquery.js?ln=primefaces&v=4.0 HTTP/1.1" 304 -
181.53.12.6 - - [27/Dec/2023:09:03:38 -0500] "GET /sipse/faces/javax.faces.resource/jquery/jquery-plugins.js?ln=primefaces&v=4.0 HTTP/1.1" 304 -
181.53.12.6 - - [27/Dec/2023:09:03:38 -0500] "GET /sipse/faces/javax.faces.resource/primefaces.js?ln=primefaces&v=4.0 HTTP/1.1" 304 -
181.53.12.6 - - [27/Dec/2023:09:03:38 -0500] "GET /sipse/faces/javax.faces.resource/layout/layout.js?ln=primefaces&v=4.0 HTTP/1.1" 304 -
156.59.198.135 - - [27/Dec/2023:09:03:48 -0500] "GET /BLA/resoluciones/RESOLUCIONES%202009/4344.pdf HTTP/1.0" 200 470756
66.249.66.193 - - [27/Dec/2023:09:04:00 -0500] "GET /las-tres-caminatas-para-cerrar-el-ano-entre-la-naturaleza.html HTTP/1.1" 304 -
156.59.198.136 - - [27/Dec/2023:09:04:11 -0500] "GET /BLA/resoluciones/RESOLUCIONES%202007/RES%202007%203001%20AL%203100/RESOLUCION%203012%20DE%202007.pdf HTTP/1.0" 200 493936
181.53.12.6 - - [27/Dec/2023:09:03:18 -0500] "POST /sipse/faces/presentacion/financiero/solicitudProceso/consultarSolicitudProceso.xhtml HTTP/1.1" 200 23702
181.53.12.6 - - [27/Dec/2023:09:03:22 -0500] "POST /sipse/faces/presentacion/financiero/solicitudProceso/consultarSolicitudProceso.xhtml HTTP/1.1" 200 19248
181.53.12.6 - - [27/Dec/2023:09:04:31 -0500] "GET /sipse/faces/javax.faces.resource/theme.css?ln=primefaces-sipse HTTP/1.1" 304 -
181.53.12.6 - - [27/Dec/2023:09:04:31 -0500] "GET /sipse/faces/javax.faces.resource/primefaces.css?ln=primefaces&v=4.0 HTTP/1.1" 304 -
181.53.12.6 - - [27/Dec/2023:09:04:31 -0500] "GET /sipse/faces/javax.faces.resource/jquery/jquery-plugins.js?ln=primefaces&v=4.0 HTTP/1.1" 304 -
181.53.12.6 - - [27/Dec/2023:09:04:31 -0500] "GET /sipse/faces/javax.faces.resource/jquery/jquery.js?ln=primefaces&v=4.0 HTTP/1.1" 304 -
181.53.12.6 - - [27/Dec/2023:09:04:31 -0500] "GET /sipse/faces/javax.faces.resource/layout/layout.css?ln=primefaces&v=4.0 HTTP/1.1" 304 -
181.53.12.6 - - [27/Dec/2023:09:04:31 -0500] "GET /sipse/faces/javax.faces.resource/primefaces.js?ln=primefaces&v=4.0 HTTP/1.1" 304 -
181.53.12.6 - - [27/Dec/2023:09:04:31 -0500] "GET /sipse/faces/javax.faces.resource/layout/layout.js?ln=primefaces&v=4.0 HTTP/1.1" 304 -
181.53.12.6 - - [27/Dec/2023:09:04:30 -0500] "POST /sipse/faces/presentacion/financiero/solicitudProceso/consultarHistorialSolProceso.xhtml HTTP/1.1" 200 156523
181.53.12.6 - - [27/Dec/2023:09:04:31 -0500] "GET /sipse/faces/javax.faces.resource/dynamiccontent.properties?ln=primefaces&pfdrid=XjOR5%2F%2FfPAZAuY9TpWQeCiM0BhlXxYRBGKi%2FQcXXfeA%3D&pfdrid_c=false HTTP/1.1" 500 383
181.53.12.6 - - [27/Dec/2023:09:04:35 -0500] "POST /sipse/faces/presentacion/financiero/solicitudProceso/consultarSolicitudProceso.xhtml HTTP/1.1" 200 42254
181.53.12.6 - - [27/Dec/2023:09:04:35 -0500] "GET /sipse/faces/javax.faces.resource/theme.css?ln=primefaces-sipse HTTP/1.1" 304 -
181.53.12.6 - - [27/Dec/2023:09:04:35 -0500] "GET /sipse/faces/javax.faces.resource/primefaces.css?ln=primefaces&v=4.0 HTTP/1.1" 304 -
181.53.12.6 - - [27/Dec/2023:09:04:35 -0500] "GET /sipse/faces/javax.faces.resource/layout/layout.css?ln=primefaces&v=4.0 HTTP/1.1" 304 -
181.53.12.6 - - [27/Dec/2023:09:04:35 -0500] "GET /sipse/faces/javax.faces.resource/jquery/jquery.js?ln=primefaces&v=4.0 HTTP/1.1" 304 -
181.53.12.6 - - [27/Dec/2023:09:04:35 -0500] "GET /sipse/faces/javax.faces.resource/jquery/jquery-plugins.js?ln=primefaces&v=4.0 HTTP/1.1" 304 -
181.53.12.6 - - [27/Dec/2023:09:04:35 -0500] "GET /sipse/faces/javax.faces.resource/primefaces.js?ln=primefaces&v=4.0 HTTP/1.1" 304 -
181.53.12.6 - - [27/Dec/2023:09:04:35 -0500] "GET /sipse/faces/javax.faces.resource/layout/layout.js?ln=primefaces&v=4.0 HTTP/1.1" 304 -
156.59.198.135 - - [27/Dec/2023:09:04:36 -0500] "GET /BLA/resoluciones/RESOLUCIONES%202008/5015.pdf HTTP/1.0" 200 332955
156.59.198.136 - - [27/Dec/2023:09:05:00 -0500] "GET /BLA/resoluciones/RESOLUCIONES%202009/3010.pdf HTTP/1.0" 200 607922
156.59.198.136 - - [27/Dec/2023:09:05:24 -0500] "GET /BLA/resoluciones/RESOLUCIONES%202009/2892.pdf HTTP/1.0" 200 469960
181.53.12.6 - - [27/Dec/2023:09:05:25 -0500] "POST /sipse/faces/presentacion/financiero/solicitudProceso/consultar.xhtml HTTP/1.1" 200 13047
201.245.192.253 - - [27/Dec/2023:09:05:33 -0500] "POST /forms/lservlet;jsessionid=ac16012b30d6ac84fb743cb8490d9168fad49a174d06.e3iSbxaKaheRe34Qc38TbN0Nb41ynknvrkLOlQzNp65In0 HTTP/1.1" 200 2
201.245.192.253 - - [27/Dec/2023:09:05:36 -0500] "POST /forms/lservlet;jsessionid=ac16012b30d608a3c74dabe741288258ac4c4de7c868.e3iSbxaKaheRe34Qc38TbN0Nb41ynknvrkLOlQzNp65In0 HTTP/1.1" 200 2
156.59.198.136 - - [27/Dec/2023:09:05:48 -0500] "GET /BLA/resoluciones/RESOLUCIONES%202007/RES%202007%202701%20AL%202800/RESOLUCION%202782%20DE%202007.pdf HTTP/1.0" 200 806288
181.53.12.6 - - [27/Dec/2023:09:05:55 -0500] "POST /sipse/faces/presentacion/financiero/solicitudProceso/consultar.xhtml HTTP/1.1" 200 111628
181.53.12.6 - - [27/Dec/2023:09:05:57 -0500] "GET /sipse/faces/javax.faces.resource/theme.css?ln=primefaces-sipse HTTP/1.1" 304 -
181.53.12.6 - - [27/Dec/2023:09:05:57 -0500] "GET /sipse/faces/javax.faces.resource/primefaces.css?ln=primefaces&v=4.0 HTTP/1.1" 304 -
181.53.12.6 - - [27/Dec/2023:09:05:57 -0500] "GET /sipse/faces/javax.faces.resource/jquery/jquery.js?ln=primefaces&v=4.0 HTTP/1.1" 304 -
181.53.12.6 - - [27/Dec/2023:09:05:57 -0500] "GET /sipse/faces/javax.faces.resource/jquery/jquery-plugins.js?ln=primefaces&v=4.0 HTTP/1.1" 304 -
181.53.12.6 - - [27/Dec/2023:09:05:57 -0500] "GET /sipse/faces/javax.faces.resource/primefaces.js?ln=primefaces&v=4.0 HTTP/1.1" 304 -
181.53.12.6 - - [27/Dec/2023:09:05:58 -0500] "GET /sipse/faces/javax.faces.resource/layout/layout.js?ln=primefaces&v=4.0 HTTP/1.1" 304 -
181.53.12.6 - - [27/Dec/2023:09:05:58 -0500] "GET /sipse/faces/javax.faces.resource/layout/layout.css?ln=primefaces&v=4.0 HTTP/1.1" 304 -
181.53.12.6 - - [27/Dec/2023:09:05:58 -0500] "GET /sipse/faces/javax.faces.resource/dynamiccontent.properties?ln=primefaces&pfdrid=XjOR5%2F%2FfPAZAuY9TpWQeCiM0BhlXxYRBGKi%2FQcXXfeA%3D&pfdrid_c=false HTTP/1.1" 500 383
181.53.12.6 - - [27/Dec/2023:09:06:06 -0500] "GET /sipse/faces/javax.faces.resource/theme.css?ln=primefaces-sipse HTTP/1.1" 304 -
181.53.12.6 - - [27/Dec/2023:09:06:05 -0500] "POST /sipse/faces/presentacion/financiero/solicitudProceso/consultarSolicitudProceso.xhtml HTTP/1.1" 200 33265
181.53.12.6 - - [27/Dec/2023:09:06:06 -0500] "GET /sipse/faces/javax.faces.resource/primefaces.css?ln=primefaces&v=4.0 HTTP/1.1" 304 -
181.53.12.6 - - [27/Dec/2023:09:06:06 -0500] "GET /sipse/faces/javax.faces.resource/jquery/jquery.js?ln=primefaces&v=4.0 HTTP/1.1" 304 -
181.53.12.6 - - [27/Dec/2023:09:06:06 -0500] "GET /sipse/faces/javax.faces.resource/layout/layout.css?ln=primefaces&v=4.0 HTTP/1.1" 304 -
181.53.12.6 - - [27/Dec/2023:09:06:06 -0500] "GET /sipse/faces/javax.faces.resource/jquery/jquery-plugins.js?ln=primefaces&v=4.0 HTTP/1.1" 304 -
181.53.12.6 - - [27/Dec/2023:09:06:06 -0500] "GET /sipse/faces/javax.faces.resource/primefaces.js?ln=primefaces&v=4.0 HTTP/1.1" 304 -
181.53.12.6 - - [27/Dec/2023:09:06:06 -0500] "GET /sipse/faces/javax.faces.resource/layout/layout.js?ln=primefaces&v=4.0 HTTP/1.1" 304 -
156.59.198.135 - - [27/Dec/2023:09:06:13 -0500] "GET /BLA/resoluciones/RESOLUCIONES%202009/3736.pdf HTTP/1.0" 200 118835
201.245.192.253 - - [27/Dec/2023:09:06:34 -0500] "POST /kwsrmcab/Wsrmcab  HTTP/1.1" 200 36330
156.59.198.135 - - [27/Dec/2023:09:06:38 -0500] "GET /BLA/resoluciones/RESOLUCIONES%202018/2394.pdf HTTP/1.0" 200 315112
216.245.221.92 - - [27/Dec/2023:09:06:46 -0500] "HEAD / HTTP/1.1" 200 -
156.59.198.136 - - [27/Dec/2023:09:07:02 -0500] "GET /BLA/resoluciones/RESOLUCIONES%202008/2319.pdf HTTP/1.0" 200 354068
172.22.2.4 - - [27/Dec/2023:09:05:27 -0500] "HEAD /BLA/boletinlegal/ HTTP/1.1" 200 -
190.27.57.161 - - [27/Dec/2023:09:07:15 -0500] "GET /sipse/faces/index.xhtml HTTP/1.1" 200 677
190.27.57.161 - - [27/Dec/2023:09:07:16 -0500] "GET /sipse/faces/javax.faces.resource/theme.css?ln=primefaces-sipse HTTP/1.1" 304 -
190.27.57.161 - - [27/Dec/2023:09:07:17 -0500] "GET /sipse/faces/faces/autenticacion.xhtml HTTP/1.1" 200 12410
190.27.57.161 - - [27/Dec/2023:09:07:21 -0500] "GET /sipse/js/disable_browser_buttons.js HTTP/1.1" 304 -
190.27.57.161 - - [27/Dec/2023:09:07:21 -0500] "GET /sipse/js/funciones.js HTTP/1.1" 304 -
190.27.57.161 - - [27/Dec/2023:09:07:21 -0500] "GET /sipse/css/custom_css_sg_prime_login.css HTTP/1.1" 304 -
190.27.57.161 - - [27/Dec/2023:09:07:21 -0500] "GET /sipse/css/custom_css_sg.css HTTP/1.1" 304 -
190.27.57.161 - - [27/Dec/2023:09:07:21 -0500] "GET /sipse/faces/javax.faces.resource/theme.css?ln=primefaces-sipse HTTP/1.1" 304 -
190.27.57.161 - - [27/Dec/2023:09:07:21 -0500] "GET /sipse/faces/javax.faces.resource/primefaces.css?ln=primefaces&v=4.0 HTTP/1.1" 304 -
190.27.57.161 - - [27/Dec/2023:09:07:21 -0500] "GET /sipse/faces/javax.faces.resource/layout/layout.css?ln=primefaces&v=4.0 HTTP/1.1" 304 -
190.27.57.161 - - [27/Dec/2023:09:07:21 -0500] "GET /sipse/faces/javax.faces.resource/jquery/jquery.js?ln=primefaces&v=4.0 HTTP/1.1" 304 -
190.27.57.161 - - [27/Dec/2023:09:07:21 -0500] "GET /sipse/faces/javax.faces.resource/primefaces.js?ln=primefaces&v=4.0 HTTP/1.1" 304 -
190.27.57.161 - - [27/Dec/2023:09:07:21 -0500] "GET /sipse/faces/javax.faces.resource/jquery/jquery-plugins.js?ln=primefaces&v=4.0 HTTP/1.1" 304 -
190.27.57.161 - - [27/Dec/2023:09:07:21 -0500] "GET /sipse/faces/javax.faces.resource/layout/layout.js?ln=primefaces&v=4.0 HTTP/1.1" 304 -
190.27.57.161 - - [27/Dec/2023:09:07:22 -0500] "GET /sipse/css/imagen/logoSDG.png HTTP/1.1" 304 -
190.27.57.161 - - [27/Dec/2023:09:07:22 -0500] "GET /sipse/css/imagen/loginimg.png HTTP/1.1" 304 -
190.27.57.161 - - [27/Dec/2023:09:07:22 -0500] "GET /sipse/faces/javax.faces.resource/images/ui-icons_898989_256x240.png?ln=primefaces-aristo HTTP/1.1" 304 -
156.59.198.136 - - [27/Dec/2023:09:07:27 -0500] "GET /BLA/resoluciones/RESOLUCIONES%202007/RES%202007%204101%20AL%204200/RESOLUCION%204155%20DE%202007.pdf HTTP/1.0" 200 651341
201.245.192.253 - - [27/Dec/2023:09:07:33 -0500] "POST /forms/lservlet;jsessionid=ac16012b30d6ac84fb743cb8490d9168fad49a174d06.e3iSbxaKaheRe34Qc38TbN0Nb41ynknvrkLOlQzNp65In0 HTTP/1.1" 200 2
201.245.192.253 - - [27/Dec/2023:09:07:36 -0500] "POST /forms/lservlet;jsessionid=ac16012b30d608a3c74dabe741288258ac4c4de7c868.e3iSbxaKaheRe34Qc38TbN0Nb41ynknvrkLOlQzNp65In0 HTTP/1.1" 200 2
156.59.198.136 - - [27/Dec/2023:09:07:51 -0500] "GET /BLA/resoluciones/RESOLUCIONES%202008/4246.pdf HTTP/1.0" 200 592071
190.27.57.161 - - [27/Dec/2023:09:07:53 -0500] "POST /sipse/faces/autenticacion.xhtml HTTP/1.1" 200 16293
190.27.57.161 - - [27/Dec/2023:09:07:54 -0500] "GET /sipse/css/custom_css_sg_prime.css HTTP/1.1" 304 -
190.27.57.161 - - [27/Dec/2023:09:07:54 -0500] "GET /sipse/faces/javax.faces.resource/primefaces.css?ln=primefaces&v=4.0 HTTP/1.1" 304 -
190.27.57.161 - - [27/Dec/2023:09:07:54 -0500] "GET /sipse/faces/javax.faces.resource/theme.css?ln=primefaces-sipse HTTP/1.1" 304 -
190.27.57.161 - - [27/Dec/2023:09:07:54 -0500] "GET /sipse/faces/javax.faces.resource/layout/layout.css?ln=primefaces&v=4.0 HTTP/1.1" 304 -
190.27.57.161 - - [27/Dec/2023:09:07:54 -0500] "GET /sipse/js/jquery.min.js HTTP/1.1" 304 -
190.27.57.161 - - [27/Dec/2023:09:07:54 -0500] "GET /sipse/faces/javax.faces.resource/jquery/jquery.js?ln=primefaces&v=4.0 HTTP/1.1" 304 -
190.27.57.161 - - [27/Dec/2023:09:07:54 -0500] "GET /sipse/faces/javax.faces.resource/jquery/jquery-plugins.js?ln=primefaces&v=4.0 HTTP/1.1" 304 -
190.27.57.161 - - [27/Dec/2023:09:07:54 -0500] "GET /sipse/faces/javax.faces.resource/primefaces.js?ln=primefaces&v=4.0 HTTP/1.1" 304 -
190.27.57.161 - - [27/Dec/2023:09:07:54 -0500] "GET /sipse/faces/javax.faces.resource/layout/layout.js?ln=primefaces&v=4.0 HTTP/1.1" 304 -
190.27.57.161 - - [27/Dec/2023:09:07:54 -0500] "GET /sipse/css/v_mergente.css HTTP/1.1" 304 -
190.27.57.161 - - [27/Dec/2023:09:07:54 -0500] "GET /sipse/imagenes/cargando.gif HTTP/1.1" 304 -
190.27.57.161 - - [27/Dec/2023:09:07:54 -0500] "GET /sipse/imagenes/logoAplicacion.jpg HTTP/1.1" 304 -
190.27.57.161 - - [27/Dec/2023:09:07:55 -0500] "GET /sipse/css/imagen/contrasena.png HTTP/1.1" 404 383
190.27.57.161 - - [27/Dec/2023:09:07:55 -0500] "GET /sipse/faces/javax.faces.resource/messages/messages.png?ln=primefaces&v=4.0 HTTP/1.1" 304 -
172.22.2.4 - - [27/Dec/2023:09:06:17 -0500] "GET /BLA/boletinlegal/ HTTP/1.1" 200 60910
181.53.12.6 - - [27/Dec/2023:09:08:10 -0500] "GET /sipse/faces/javax.faces.resource/theme.css?ln=primefaces-sipse HTTP/1.1" 304 -
181.53.12.6 - - [27/Dec/2023:09:08:10 -0500] "GET /sipse/faces/javax.faces.resource/primefaces.css?ln=primefaces&v=4.0 HTTP/1.1" 304 -
181.53.12.6 - - [27/Dec/2023:09:08:10 -0500] "GET /sipse/faces/javax.faces.resource/layout/layout.css?ln=primefaces&v=4.0 HTTP/1.1" 304 -
181.53.12.6 - - [27/Dec/2023:09:08:10 -0500] "GET /sipse/faces/javax.faces.resource/jquery/jquery.js?ln=primefaces&v=4.0 HTTP/1.1" 304 -
181.53.12.6 - - [27/Dec/2023:09:08:10 -0500] "GET /sipse/faces/javax.faces.resource/jquery/jquery-plugins.js?ln=primefaces&v=4.0 HTTP/1.1" 304 -
181.53.12.6 - - [27/Dec/2023:09:08:10 -0500] "GET /sipse/faces/javax.faces.resource/primefaces.js?ln=primefaces&v=4.0 HTTP/1.1" 304 -
181.53.12.6 - - [27/Dec/2023:09:08:10 -0500] "GET /sipse/faces/javax.faces.resource/layout/layout.js?ln=primefaces&v=4.0 HTTP/1.1" 304 -
181.53.12.6 - - [27/Dec/2023:09:08:09 -0500] "POST /sipse/faces/presentacion/financiero/solicitudProceso/consultarHistorialSolProceso.xhtml HTTP/1.1" 200 156558
181.53.12.6 - - [27/Dec/2023:09:08:10 -0500] "GET /sipse/faces/javax.faces.resource/dynamiccontent.properties?ln=primefaces&pfdrid=XjOR5%2F%2FfPAZAuY9TpWQeCiM0BhlXxYRBGKi%2FQcXXfeA%3D&pfdrid_c=false HTTP/1.1" 500 383
156.59.198.136 - - [27/Dec/2023:09:08:15 -0500] "GET /BLA/resoluciones/AUTOS%202010/5708.pdf HTTP/1.0" 200 205953
181.53.12.6 - - [27/Dec/2023:09:08:16 -0500] "POST /sipse/faces/presentacion/financiero/solicitudProceso/consultarSolicitudProceso.xhtml HTTP/1.1" 200 42353
181.53.12.6 - - [27/Dec/2023:09:08:16 -0500] "GET /sipse/faces/javax.faces.resource/primefaces.css?ln=primefaces&v=4.0 HTTP/1.1" 304 -
181.53.12.6 - - [27/Dec/2023:09:08:16 -0500] "GET /sipse/faces/javax.faces.resource/layout/layout.css?ln=primefaces&v=4.0 HTTP/1.1" 304 -
181.53.12.6 - - [27/Dec/2023:09:08:16 -0500] "GET /sipse/faces/javax.faces.resource/theme.css?ln=primefaces-sipse HTTP/1.1" 304 -
181.53.12.6 - - [27/Dec/2023:09:08:16 -0500] "GET /sipse/faces/javax.faces.resource/jquery/jquery.js?ln=primefaces&v=4.0 HTTP/1.1" 304 -
181.53.12.6 - - [27/Dec/2023:09:08:16 -0500] "GET /sipse/faces/javax.faces.resource/jquery/jquery-plugins.js?ln=primefaces&v=4.0 HTTP/1.1" 304 -
181.53.12.6 - - [27/Dec/2023:09:08:16 -0500] "GET /sipse/faces/javax.faces.resource/primefaces.js?ln=primefaces&v=4.0 HTTP/1.1" 304 -
181.53.12.6 - - [27/Dec/2023:09:08:17 -0500] "GET /sipse/faces/javax.faces.resource/layout/layout.js?ln=primefaces&v=4.0 HTTP/1.1" 304 -
181.53.12.6 - - [27/Dec/2023:09:08:39 -0500] "POST /sipse/faces/presentacion/financiero/solicitudProceso/consultar.xhtml HTTP/1.1" 200 12948
156.59.198.136 - - [27/Dec/2023:09:08:39 -0500] "GET /BLA/resoluciones/RESOLUCIONES%202018/1738.pdf HTTP/1.0" 200 3112873
181.53.12.6 - - [27/Dec/2023:09:08:42 -0500] "POST /sipse/faces/presentacion/financiero/solicitudProceso/consultar.xhtml HTTP/1.1" 200 109759
181.53.12.6 - - [27/Dec/2023:09:08:44 -0500] "GET /sipse/faces/javax.faces.resource/theme.css?ln=primefaces-sipse HTTP/1.1" 304 -
181.53.12.6 - - [27/Dec/2023:09:08:44 -0500] "GET /sipse/faces/javax.faces.resource/primefaces.css?ln=primefaces&v=4.0 HTTP/1.1" 304 -
181.53.12.6 - - [27/Dec/2023:09:08:44 -0500] "GET /sipse/faces/javax.faces.resource/layout/layout.css?ln=primefaces&v=4.0 HTTP/1.1" 304 -
181.53.12.6 - - [27/Dec/2023:09:08:44 -0500] "GET /sipse/faces/javax.faces.resource/jquery/jquery.js?ln=primefaces&v=4.0 HTTP/1.1" 304 -
181.53.12.6 - - [27/Dec/2023:09:08:44 -0500] "GET /sipse/faces/javax.faces.resource/jquery/jquery-plugins.js?ln=primefaces&v=4.0 HTTP/1.1" 304 -
181.53.12.6 - - [27/Dec/2023:09:08:44 -0500] "GET /sipse/faces/javax.faces.resource/primefaces.js?ln=primefaces&v=4.0 HTTP/1.1" 304 -
181.53.12.6 - - [27/Dec/2023:09:08:44 -0500] "GET /sipse/faces/javax.faces.resource/layout/layout.js?ln=primefaces&v=4.0 HTTP/1.1" 304 -
181.53.12.6 - - [27/Dec/2023:09:08:45 -0500] "GET /sipse/faces/javax.faces.resource/dynamiccontent.properties?ln=primefaces&pfdrid=XjOR5%2F%2FfPAZAuY9TpWQeCiM0BhlXxYRBGKi%2FQcXXfeA%3D&pfdrid_c=false HTTP/1.1" 500 383
181.53.12.6 - - [27/Dec/2023:09:08:49 -0500] "GET /sipse/faces/javax.faces.resource/theme.css?ln=primefaces-sipse HTTP/1.1" 304 -
181.53.12.6 - - [27/Dec/2023:09:08:48 -0500] "POST /sipse/faces/presentacion/financiero/solicitudProceso/consultarSolicitudProceso.xhtml HTTP/1.1" 200 33265
181.53.12.6 - - [27/Dec/2023:09:08:49 -0500] "GET /sipse/faces/javax.faces.resource/primefaces.css?ln=primefaces&v=4.0 HTTP/1.1" 304 -
181.53.12.6 - - [27/Dec/2023:09:08:49 -0500] "GET /sipse/faces/javax.faces.resource/layout/layout.css?ln=primefaces&v=4.0 HTTP/1.1" 304 -
181.53.12.6 - - [27/Dec/2023:09:08:49 -0500] "GET /sipse/faces/javax.faces.resource/jquery/jquery-plugins.js?ln=primefaces&v=4.0 HTTP/1.1" 304 -
181.53.12.6 - - [27/Dec/2023:09:08:49 -0500] "GET /sipse/faces/javax.faces.resource/jquery/jquery.js?ln=primefaces&v=4.0 HTTP/1.1" 304 -
181.53.12.6 - - [27/Dec/2023:09:08:49 -0500] "GET /sipse/faces/javax.faces.resource/layout/layout.js?ln=primefaces&v=4.0 HTTP/1.1" 304 -
181.53.12.6 - - [27/Dec/2023:09:08:49 -0500] "GET /sipse/faces/javax.faces.resource/primefaces.js?ln=primefaces&v=4.0 HTTP/1.1" 304 -
190.27.57.161 - - [27/Dec/2023:09:09:02 -0500] "GET /sipse/faces/javax.faces.resource/images/ui-bg_flat_0_2d5972_40x100.png?ln=primefaces-aristo HTTP/1.1" 304 -
190.27.57.161 - - [27/Dec/2023:09:09:02 -0500] "POST /sipse/faces/bienvenido.xhtml HTTP/1.1" 200 1471
156.59.198.136 - - [27/Dec/2023:09:09:04 -0500] "GET /BLA/resoluciones/RESOLUCIONES%202008/1924.pdf HTTP/1.0" 200 660518
190.27.57.161 - - [27/Dec/2023:09:09:04 -0500] "POST /sipse/faces/bienvenido.xhtml HTTP/1.1" 200 40209
190.27.57.161 - - [27/Dec/2023:09:09:05 -0500] "GET /sipse/faces/javax.faces.resource/theme.css?ln=primefaces-sipse HTTP/1.1" 304 -
190.27.57.161 - - [27/Dec/2023:09:09:05 -0500] "GET /sipse/faces/javax.faces.resource/primefaces.css?ln=primefaces&v=4.0 HTTP/1.1" 304 -
190.27.57.161 - - [27/Dec/2023:09:09:05 -0500] "GET /sipse/faces/javax.faces.resource/layout/layout.css?ln=primefaces&v=4.0 HTTP/1.1" 304 -
190.27.57.161 - - [27/Dec/2023:09:09:05 -0500] "GET /sipse/faces/javax.faces.resource/jquery/jquery.js?ln=primefaces&v=4.0 HTTP/1.1" 304 -
190.27.57.161 - - [27/Dec/2023:09:09:05 -0500] "GET /sipse/faces/javax.faces.resource/jquery/jquery-plugins.js?ln=primefaces&v=4.0 HTTP/1.1" 304 -
190.27.57.161 - - [27/Dec/2023:09:09:05 -0500] "GET /sipse/faces/javax.faces.resource/primefaces.js?ln=primefaces&v=4.0 HTTP/1.1" 304 -
190.27.57.161 - - [27/Dec/2023:09:09:05 -0500] "GET /sipse/faces/javax.faces.resource/layout/layout.js?ln=primefaces&v=4.0 HTTP/1.1" 304 -
190.27.57.161 - - [27/Dec/2023:09:09:05 -0500] "POST /sipse/faces/presentacion/financiero/solicitudProceso/listarSolicitudProceso.xhtml HTTP/1.1" 200 1440
190.27.57.161 - - [27/Dec/2023:09:09:13 -0500] "POST /sipse/faces/presentacion/financiero/solicitudProceso/listarSolicitudProceso.xhtml HTTP/1.1" 200 137160
190.27.57.161 - - [27/Dec/2023:09:09:16 -0500] "GET /sipse/faces/javax.faces.resource/primefaces.css?ln=primefaces&v=4.0 HTTP/1.1" 304 -
190.27.57.161 - - [27/Dec/2023:09:09:16 -0500] "GET /sipse/faces/javax.faces.resource/theme.css?ln=primefaces-sipse HTTP/1.1" 304 -
190.27.57.161 - - [27/Dec/2023:09:09:16 -0500] "GET /sipse/faces/javax.faces.resource/layout/layout.css?ln=primefaces&v=4.0 HTTP/1.1" 304 -
190.27.57.161 - - [27/Dec/2023:09:09:16 -0500] "GET /sipse/faces/javax.faces.resource/jquery/jquery.js?ln=primefaces&v=4.0 HTTP/1.1" 304 -
190.27.57.161 - - [27/Dec/2023:09:09:16 -0500] "GET /sipse/faces/javax.faces.resource/jquery/jquery-plugins.js?ln=primefaces&v=4.0 HTTP/1.1" 304 -
190.27.57.161 - - [27/Dec/2023:09:09:16 -0500] "GET /sipse/faces/javax.faces.resource/primefaces.js?ln=primefaces&v=4.0 HTTP/1.1" 304 -
190.27.57.161 - - [27/Dec/2023:09:09:16 -0500] "GET /sipse/faces/javax.faces.resource/layout/layout.js?ln=primefaces&v=4.0 HTTP/1.1" 304 -
190.27.57.161 - - [27/Dec/2023:09:09:17 -0500] "GET /sipse/faces/javax.faces.resource/dynamiccontent.properties?ln=primefaces&pfdrid=XjOR5%2F%2FfPAZAuY9TpWQeCiM0BhlXxYRBGKi%2FQcXXfeA%3D&pfdrid_c=false HTTP/1.1" 500 383
191.156.183.79 - - [27/Dec/2023:09:09:18 -0500] "GET /sipse/faces/javax.faces.resource/images/ui-bg_flat_0_2d5972_40x100.png?ln=primefaces-aristo HTTP/1.1" 304 -
191.156.186.138 - - [27/Dec/2023:09:09:18 -0500] "POST /sipse/faces/bienvenido.xhtml HTTP/1.1" 200 2073
191.156.186.138 - - [27/Dec/2023:09:09:19 -0500] "POST /sipse/faces/bienvenido.xhtml HTTP/1.1" 200 39094
191.156.183.79 - - [27/Dec/2023:09:09:19 -0500] "GET /sipse/faces/javax.faces.resource/primefaces.css?ln=primefaces&v=4.0 HTTP/1.1" 304 -
191.156.186.138 - - [27/Dec/2023:09:09:19 -0500] "GET /sipse/faces/javax.faces.resource/theme.css?ln=primefaces-sipse HTTP/1.1" 304 -
191.156.181.26 - - [27/Dec/2023:09:09:19 -0500] "GET /sipse/faces/javax.faces.resource/jquery/jquery.js?ln=primefaces&v=4.0 HTTP/1.1" 304 -
191.156.186.138 - - [27/Dec/2023:09:09:19 -0500] "GET /sipse/faces/javax.faces.resource/layout/layout.css?ln=primefaces&v=4.0 HTTP/1.1" 304 -
191.156.186.138 - - [27/Dec/2023:09:09:20 -0500] "GET /sipse/faces/javax.faces.resource/jquery/jquery-plugins.js?ln=primefaces&v=4.0 HTTP/1.1" 304 -
191.156.186.138 - - [27/Dec/2023:09:09:20 -0500] "GET /sipse/faces/javax.faces.resource/primefaces.js?ln=primefaces&v=4.0 HTTP/1.1" 304 -
191.156.186.138 - - [27/Dec/2023:09:09:20 -0500] "GET /sipse/faces/javax.faces.resource/layout/layout.js?ln=primefaces&v=4.0 HTTP/1.1" 304 -
191.156.186.138 - - [27/Dec/2023:09:09:20 -0500] "GET /sipse/css/imagen/contrasena.png HTTP/1.1" 404 383
190.27.57.161 - - [27/Dec/2023:09:09:21 -0500] "POST /sipse/faces/presentacion/financiero/solicitudProceso/consultarSolicitudProceso.xhtml HTTP/1.1" 200 19429
190.27.57.161 - - [27/Dec/2023:09:09:21 -0500] "GET /sipse/faces/javax.faces.resource/theme.css?ln=primefaces-sipse HTTP/1.1" 304 -
190.27.57.161 - - [27/Dec/2023:09:09:21 -0500] "GET /sipse/faces/javax.faces.resource/primefaces.css?ln=primefaces&v=4.0 HTTP/1.1" 304 -
190.27.57.161 - - [27/Dec/2023:09:09:21 -0500] "GET /sipse/faces/javax.faces.resource/layout/layout.css?ln=primefaces&v=4.0 HTTP/1.1" 304 -
190.27.57.161 - - [27/Dec/2023:09:09:21 -0500] "GET /sipse/faces/javax.faces.resource/fileupload/fileupload.css?ln=primefaces&v=4.0 HTTP/1.1" 304 -
190.27.57.161 - - [27/Dec/2023:09:09:21 -0500] "GET /sipse/faces/javax.faces.resource/jquery/jquery.js?ln=primefaces&v=4.0 HTTP/1.1" 304 -
190.27.57.161 - - [27/Dec/2023:09:09:21 -0500] "GET /sipse/faces/javax.faces.resource/jquery/jquery-plugins.js?ln=primefaces&v=4.0 HTTP/1.1" 304 -
190.27.57.161 - - [27/Dec/2023:09:09:21 -0500] "GET /sipse/faces/javax.faces.resource/primefaces.js?ln=primefaces&v=4.0 HTTP/1.1" 304 -
190.27.57.161 - - [27/Dec/2023:09:09:21 -0500] "GET /sipse/faces/javax.faces.resource/layout/layout.js?ln=primefaces&v=4.0 HTTP/1.1" 304 -
190.27.57.161 - - [27/Dec/2023:09:09:21 -0500] "GET /sipse/faces/javax.faces.resource/fileupload/fileupload.js?ln=primefaces&v=4.0 HTTP/1.1" 304 -
181.62.53.72 - - [27/Dec/2023:09:09:21 -0500] "GET /distrito-exalto-a-246-empresas-de-bogota-por-su-alto-desempeno-y-responsabilidad-ambiental-durante-2023.html HTTP/1.1" 200 1039
191.156.186.138 - - [27/Dec/2023:09:09:22 -0500] "POST /sipse/faces/presentacion/financiero/solicitudProceso/consultar.xhtml HTTP/1.1" 200 12864
156.59.198.136 - - [27/Dec/2023:09:09:29 -0500] "GET /BLA/resoluciones/RESOLUCIONES%202009/2953.pdf HTTP/1.0" 200 463353
191.156.186.138 - - [27/Dec/2023:09:09:30 -0500] "POST /sipse/faces/presentacion/financiero/solicitudProceso/consultar.xhtml HTTP/1.1" 200 12872
201.245.192.253 - - [27/Dec/2023:09:09:33 -0500] "POST /forms/lservlet;jsessionid=ac16012b30d6ac84fb743cb8490d9168fad49a174d06.e3iSbxaKaheRe34Qc38TbN0Nb41ynknvrkLOlQzNp65In0 HTTP/1.1" 200 2
201.245.192.253 - - [27/Dec/2023:09:09:36 -0500] "POST /forms/lservlet;jsessionid=ac16012b30d608a3c74dabe741288258ac4c4de7c868.e3iSbxaKaheRe34Qc38TbN0Nb41ynknvrkLOlQzNp65In0 HTTP/1.1" 200 2
191.156.186.138 - - [27/Dec/2023:09:09:38 -0500] "POST /sipse/faces/presentacion/financiero/solicitudProceso/consultar.xhtml HTTP/1.1" 200 12881
191.156.186.138 - - [27/Dec/2023:09:09:47 -0500] "POST /sipse/faces/presentacion/financiero/solicitudProceso/consultar.xhtml HTTP/1.1" 200 12878
190.27.57.161 - - [27/Dec/2023:09:09:49 -0500] "GET /sipse/faces/javax.faces.resource/theme.css?ln=primefaces-sipse HTTP/1.1" 304 -
190.27.57.161 - - [27/Dec/2023:09:09:49 -0500] "GET /sipse/faces/javax.faces.resource/primefaces.css?ln=primefaces&v=4.0 HTTP/1.1" 304 -
190.27.57.161 - - [27/Dec/2023:09:09:49 -0500] "GET /sipse/faces/javax.faces.resource/layout/layout.css?ln=primefaces&v=4.0 HTTP/1.1" 304 -
190.27.57.161 - - [27/Dec/2023:09:09:49 -0500] "GET /sipse/faces/javax.faces.resource/jquery/jquery.js?ln=primefaces&v=4.0 HTTP/1.1" 304 -
190.27.57.161 - - [27/Dec/2023:09:09:49 -0500] "GET /sipse/faces/javax.faces.resource/jquery/jquery-plugins.js?ln=primefaces&v=4.0 HTTP/1.1" 304 -
190.27.57.161 - - [27/Dec/2023:09:09:49 -0500] "GET /sipse/faces/javax.faces.resource/primefaces.js?ln=primefaces&v=4.0 HTTP/1.1" 304 -
190.27.57.161 - - [27/Dec/2023:09:09:49 -0500] "GET /sipse/faces/javax.faces.resource/layout/layout.js?ln=primefaces&v=4.0 HTTP/1.1" 304 -
190.27.57.161 - - [27/Dec/2023:09:09:45 -0500] "POST /sipse/faces/presentacion/sistema/anexos/cargarAnexoSolicitudProceso.xhtml HTTP/1.1" 200 184689
181.53.12.6 - - [27/Dec/2023:09:09:50 -0500] "GET /sipse/faces/javax.faces.resource/theme.css?ln=primefaces-sipse HTTP/1.1" 304 -
181.53.12.6 - - [27/Dec/2023:09:09:50 -0500] "GET /sipse/faces/javax.faces.resource/primefaces.js?ln=primefaces&v=4.0 HTTP/1.1" 304 -
181.53.12.6 - - [27/Dec/2023:09:09:50 -0500] "GET /sipse/faces/javax.faces.resource/primefaces.css?ln=primefaces&v=4.0 HTTP/1.1" 304 -
181.53.12.6 - - [27/Dec/2023:09:09:50 -0500] "GET /sipse/faces/javax.faces.resource/layout/layout.css?ln=primefaces&v=4.0 HTTP/1.1" 304 -
181.53.12.6 - - [27/Dec/2023:09:09:50 -0500] "GET /sipse/faces/javax.faces.resource/jquery/jquery.js?ln=primefaces&v=4.0 HTTP/1.1" 304 -
181.53.12.6 - - [27/Dec/2023:09:09:50 -0500] "GET /sipse/faces/javax.faces.resource/jquery/jquery-plugins.js?ln=primefaces&v=4.0 HTTP/1.1" 304 -
181.53.12.6 - - [27/Dec/2023:09:09:50 -0500] "GET /sipse/faces/javax.faces.resource/layout/layout.js?ln=primefaces&v=4.0 HTTP/1.1" 304 -
181.53.12.6 - - [27/Dec/2023:09:09:49 -0500] "POST /sipse/faces/presentacion/financiero/solicitudProceso/consultarHistorialSolProceso.xhtml HTTP/1.1" 200 154689
181.53.12.6 - - [27/Dec/2023:09:09:50 -0500] "GET /sipse/faces/javax.faces.resource/dynamiccontent.properties?ln=primefaces&pfdrid=XjOR5%2F%2FfPAZAuY9TpWQeCiM0BhlXxYRBGKi%2FQcXXfeA%3D&pfdrid_c=false HTTP/1.1" 500 383
190.27.57.161 - - [27/Dec/2023:09:09:51 -0500] "GET /sipse/faces/javax.faces.resource/dynamiccontent.properties?ln=primefaces&pfdrid=XjOR5%2F%2FfPAZAuY9TpWQeCiM0BhlXxYRBGKi%2FQcXXfeA%3D&pfdrid_c=false HTTP/1.1" 500 383
156.59.198.135 - - [27/Dec/2023:09:09:53 -0500] "GET /BLA/resoluciones/Notificaciones/AUTOS%202020/2089.pdf HTTP/1.0" 200 327091
181.53.12.6 - - [27/Dec/2023:09:09:53 -0500] "POST /sipse/faces/presentacion/financiero/solicitudProceso/consultarSolicitudProceso.xhtml HTTP/1.1" 200 42254
181.53.12.6 - - [27/Dec/2023:09:09:53 -0500] "GET /sipse/faces/javax.faces.resource/theme.css?ln=primefaces-sipse HTTP/1.1" 304 -
181.53.12.6 - - [27/Dec/2023:09:09:53 -0500] "GET /sipse/faces/javax.faces.resource/primefaces.css?ln=primefaces&v=4.0 HTTP/1.1" 304 -
181.53.12.6 - - [27/Dec/2023:09:09:53 -0500] "GET /sipse/faces/javax.faces.resource/layout/layout.css?ln=primefaces&v=4.0 HTTP/1.1" 304 -
181.53.12.6 - - [27/Dec/2023:09:09:53 -0500] "GET /sipse/faces/javax.faces.resource/jquery/jquery.js?ln=primefaces&v=4.0 HTTP/1.1" 304 -
181.53.12.6 - - [27/Dec/2023:09:09:53 -0500] "GET /sipse/faces/javax.faces.resource/jquery/jquery-plugins.js?ln=primefaces&v=4.0 HTTP/1.1" 304 -
181.53.12.6 - - [27/Dec/2023:09:09:53 -0500] "GET /sipse/faces/javax.faces.resource/primefaces.js?ln=primefaces&v=4.0 HTTP/1.1" 304 -
181.53.12.6 - - [27/Dec/2023:09:09:54 -0500] "GET /sipse/faces/javax.faces.resource/layout/layout.js?ln=primefaces&v=4.0 HTTP/1.1" 304 -
