156.59.198.135 - - [27/Dec/2023:07:42:26 -0500] "GET /BLA/resoluciones/RESOLUCIONES%202008/1169.pdf HTTP/1.0" 200 284657
156.59.198.136 - - [27/Dec/2023:07:42:50 -0500] "GET /BLA/resoluciones/RESOLUCIONES%202009/2219.pdf HTTP/1.0" 200 609273
156.59.198.135 - - [27/Dec/2023:07:43:15 -0500] "GET /BLA/resoluciones/RESOLUCIONES%202008/3087.pdf HTTP/1.0" 200 329813
201.245.192.253 - - [27/Dec/2023:07:43:32 -0500] "POST /forms/lservlet;jsessionid=ac16012b30d6ac84fb743cb8490d9168fad49a174d06.e3iSbxaKaheRe34Qc38TbN0Nb41ynknvrkLOlQzNp65In0 HTTP/1.1" 200 2
201.245.192.253 - - [27/Dec/2023:07:43:36 -0500] "POST /forms/lservlet;jsessionid=ac16012b30d608a3c74dabe741288258ac4c4de7c868.e3iSbxaKaheRe34Qc38TbN0Nb41ynknvrkLOlQzNp65In0 HTTP/1.1" 200 2
186.102.85.97 - - [27/Dec/2023:07:43:37 -0500] "OPTIONS /kwssiamovil/sm/setfile/f? HTTP/1.1" 200 13
66.249.73.36 - - [27/Dec/2023:07:43:39 -0500] "GET /BLA/resoluciones/RESOLUCIONES%202014/0128.pdf HTTP/1.1" 200 763232
156.59.198.136 - - [27/Dec/2023:07:43:39 -0500] "GET /BLA/resoluciones/RESOLUCIONES%202009/3159.pdf HTTP/1.0" 200 480285
66.249.73.36 - - [27/Dec/2023:07:43:40 -0500] "GET /BLA/resoluciones/AUTOS%202016/1698.pdf HTTP/1.1" 200 683717
186.102.85.97 - - [27/Dec/2023:07:43:37 -0500] "POST /kwssiamovil/sm/setfile/f? HTTP/1.1" 200 381
66.249.73.36 - - [27/Dec/2023:07:43:40 -0500] "GET /BLA/resoluciones/AUTOS%202012/1397.pdf HTTP/1.1" 200 280860
66.249.73.36 - - [27/Dec/2023:07:43:41 -0500] "GET /BLA/resoluciones/AUTOS%202016/2606.pdf HTTP/1.1" 200 402681
66.249.73.38 - - [27/Dec/2023:07:43:41 -0500] "GET /BLA/resoluciones/RESOLUCIONES%202007/RES%202007%202601%20AL%202700/RESOLUCION%202631%20DE%202007.pdf HTTP/1.1" 200 617596
69.63.184.116 - - [27/Dec/2023:07:43:46 -0500] "GET /images/Aves%20SDA.jpeg HTTP/1.1" 200 75104
186.102.85.97 - - [27/Dec/2023:07:43:48 -0500] "GET /kwssiamovil/sm/acme/a?s=U2FsdGVkX181iXZsEre5MgjDdCAzbjEO9Dhik81AKFbUVwoHEkb5UQHDrxseFQZD8DUXGcnSvozNJ39iMRSVqkKZYP5S0ddTNWitiJDMoNJ+wyUqZx6FWmX384AdIti0LTdMLd1KEdnhwT0cW7xdGD4sjKEQ8N1C8TMGpGEhMBhW06lgQviUnxKGLwZj98fzSvExw42SJD+gdf3CNp/pZ7v0PTZEVcKKbgV3+zkYq50l+OViNZwKtvrGebpJd4LGuj48oZqjU01KJKgZO83QDA==&u=U2FsdGVkX19IBL4+w2j76/V0bDGNinjt4f7vaZiQORh4aj0HIeAf0E0Nl4a24CtR&y=U2FsdGVkX18vAUmhMS09L+QMYFQI4ZZiTJG548T0+cjziR6Il12NnlBYNJ6Z+Bd/ HTTP/1.1" 200 26
186.102.85.97 - - [27/Dec/2023:07:43:48 -0500] "GET /kwssiamovil/sm/acme/a?s=U2FsdGVkX1+XHMioE/Vv88XmxJE7hvOBOm9wMLsLwCKIVmyrbXYxCgvIvxrdDJsDOoEkDtHtZIUdO48J0WxDWVfA3RuSeULTLjOz0/sdQfRg/lLcgY7H9VtDsr5g8ZQJUcOCveOrZHh57aW0+7Pdly82yXfbRhnVe+WYCH4d8+viPrPbXXCfStllvnWmGV2YcQx4UndeuAHijv2y4SEYqFf68tA4TAWUAM1E1eXxWzuyigx+I3M6sM1Q2zEfoSwAf3nQ9hZ/c9Wsxa/fn6Ogap7NoUeWaBqazXKrQcMNAzPY5zjOlm7dnCx6DcUWmeWlJaizqPg99u0vKuNoF7A7A4Y1ufchflEE61ckabSIdXM3lswuCimJSA21UZdC9N4SkjQiWZ+3JRBJrXy3p8W+M07bMkiya3F2mNKE9vTPTYPjDcwVEBhXNVo59Omyau2a9YqFxM3WUyDI2uXdvR0/TB0z9V2+nlcuokM2oC3L1TOAUPC8qRdGHBUVkeHz9N7XvmoxHtfnS9KuMTQ4FllC9/X0e9WlvUi1W6ylzFHEwkhPP/jMSzX+NCLREqGknaS0f/jkHIk6qw6zihQWxlc/VpzJaEM+qSL3LOYlXnpcrBTCUlI+kpgirbTtMqFWrH++uTWeN9MT1oIluPiHoxEaaJPSKwnZBWJF48b+oV9LD6VF1+vILoRih8yZ8Mp+2htdgBrn6UOUuppGj0WC/tCspO/qrRicdebjJ6/mgFeVWrFOmxgYiVNcDrWQ4MMZZBi+J9eACjLscv2tmd9E+Ge4bdszFShaSSXG5kdZQSKMPRTT4IsI6g58tNsZ5dZQvPgPUhrIecV45L398KJi6sRnCRP999/A7MXw19quXnSyCNlnKkUMH2dE0CpIyFslRZRqxvfcpN2bq33amFcwbvnQMflWxlRWEN99bK/IXD/oEI73qNQzl6vM8/1vuaTepbQveWILWdDM8khdrJJv8W8ObQPtE5W+SY06B2ML4sPURaNwE1rPvX+oblVUDQ8k3FbwlAkvbpgvBPPx5C+MdIjoIO3mMpmYNbFyjOGJUHqe6mEsLHFDgBx/NV/X8lLnrSA9KpLYX4fnacCXQncihG7MTYOkCdXAKBRZOI8uYJ+vY+TPDz4Ift0MpXbmkeV2CQCoW5I0pjzkyx7IAmtjDcazXrOiRR6R4y8o9cMIMpXLmYFPy93a9/zF/49BjjsN8sqbmx7l6l4T+2X0biZyOCbi/DbSMwR/gDuBq2jzE0qcC8IH+Zv4dph7bi4Pc049713e8XPeyIKJXEXLIm8CBH0B8srH7RGVrOO0VRxt0BrNqM0rtctO3bHibyXiahrD6CsEdpKqyy49028jjNGJ+dMitvAiwunCM1cEkIQm3mbI9DSbsXlsiBpD5/Zh3XqQQPoVtyGuiAgDlSSmBg4nfsurpgma+o4PGTh6QgN9OXQmUC+BTPofQahcScOGorgy0aUStFUe9/Z88tuP7swEBdo3g2ZFUzf1gFmXwF6LmEiQeHx4AAS3OV+CztrNv4awzMEV0PL7j8RgvFaFU+8XsX79i7i6pZJIqFfuS3Q9ffL/ftwyM1HwBbvnCkZOYDt5zwOUDtnWNothmEHX4D/Dq7B6gQ==&u=U2FsdGVkX19IBL4+w2j76/V0bDGNinjt4f7vaZiQORh4aj0HIeAf0E0Nl4a24CtR&y=U2FsdGVkX18vAUmhMS09L+QMYFQI4ZZiTJG548T0+cjziR6Il12NnlBYNJ6Z+Bd/ HTTP/1.1" 200 26
186.102.85.97 - - [27/Dec/2023:07:43:49 -0500] "GET /kwssiamovil/sm/acme/a?s=U2FsdGVkX1/n2RBBz1R51vuhYiUfgEWT89t3sAXZY9hbCYpr0Wruv7EeQcHzj5Qa8YqQIUxalplJVMn0UjoD0oSX5DY33ef8xQFX4XlfdrSJTbhK363MTb+6APL4004/RxaqfIqWj0TTRu4fYmmk/c8mKYQ+xkKuiX+GXHzjkRE=&u=U2FsdGVkX19IBL4+w2j76/V0bDGNinjt4f7vaZiQORh4aj0HIeAf0E0Nl4a24CtR&y=U2FsdGVkX18vAUmhMS09L+QMYFQI4ZZiTJG548T0+cjziR6Il12NnlBYNJ6Z+Bd/ HTTP/1.1" 200 26
186.102.85.97 - - [27/Dec/2023:07:43:49 -0500] "GET /kwssiamovil/sm/acme/a?s=U2FsdGVkX1/XLXHTfnF2mCpDIYsdHW5nuhjZTDDd2coAiDRRX8wazL7eIWnWzkf3BOpeKuRxh1fGE1SK+FZSqOQUHiTMLTc9wr3n2IzpSk2tjhVmqJUodFeu9jIljlMBYH96VrFXGwpQcCdWViBE62XQrU4+Xt+RqlELO46SOZY=&u=U2FsdGVkX19IBL4+w2j76/V0bDGNinjt4f7vaZiQORh4aj0HIeAf0E0Nl4a24CtR&y=U2FsdGVkX18vAUmhMS09L+QMYFQI4ZZiTJG548T0+cjziR6Il12NnlBYNJ6Z+Bd/ HTTP/1.1" 200 26
186.102.85.97 - - [27/Dec/2023:07:43:49 -0500] "GET /kwssiamovil/sm/acme/a?s=U2FsdGVkX1+fxn+2SdFvExHot+6d62AXc3ienKRmDD5npfRaNczQl8BmOIM4hofEss+6I5bLCu0RsDZP32bTNDtH++syOCOcy0DYzHNBAbmdK2vcKK3l4a3hjpuuTLS2jpxkyWzDwrFauRge6gSx7DRyYl82N1p4XRJlWWL8JBY=&u=U2FsdGVkX19IBL4+w2j76/V0bDGNinjt4f7vaZiQORh4aj0HIeAf0E0Nl4a24CtR&y=U2FsdGVkX18vAUmhMS09L+QMYFQI4ZZiTJG548T0+cjziR6Il12NnlBYNJ6Z+Bd/ HTTP/1.1" 200 26
186.102.85.97 - - [27/Dec/2023:07:43:50 -0500] "GET /kwssiamovil/sm/acme/a?s=U2FsdGVkX1+8e3JIZIKjDVW+AlJR8KrURQwO05ydEAhRPEUPwr7NUgjCqVR5uyF95PnhJ4s5pzA7aN1pze+Kr0UnZtTykBc9q7JecjpWSEkJwZry5IQX3jw9J6XbltB8j0f6B1ACd14YY1NTCuiRFmJcaYzMSL27k1vJk97MsDrQU4Gy86gSNmrHbKkIUawT7WA//rye8pBb70u6dRtCPQ==&u=U2FsdGVkX19IBL4+w2j76/V0bDGNinjt4f7vaZiQORh4aj0HIeAf0E0Nl4a24CtR&y=U2FsdGVkX18vAUmhMS09L+QMYFQI4ZZiTJG548T0+cjziR6Il12NnlBYNJ6Z+Bd/ HTTP/1.1" 200 26
186.102.85.97 - - [27/Dec/2023:07:43:50 -0500] "GET /kwssiamovil/sm/acme/a?s=U2FsdGVkX1/ZZ/HFGAqoRoMyWerQXO9Gst9kOOKuR2kgafKxur+hEv/Of03wpqMhfdxbBsV2fJLdEJxA2mmE45E8NFcuD4g4UFMKNbMMKEWx9SPFroRpe4AlqtQzLf4jHMEhJ6bp766HcgqSTfW7Cd21/JU3B/XK6vQR1e3Qbf1b+KL3tiTuR3aLTrCYkNeNRlMgZ9lKFB4+RA6gz3BUeMwGwkkeWvEItqhu293zXDZQ0NKXFDfskl9uoNol31Pnf77l2LFBJBAJOiYVw0NWO08clw5/Bg73eS1DzVVBMh1+A8owwc9GnV/gc3flgJaMvH4G98ELY+ymDC5yqw8Su6+gj1JCx/M1Q+GgZSCRp2KaNKmJxACiG5R33BCkO7GwL7ZG4coNmPk3PY0F2Oy7Nm6lMLRqUPsPuzjVoSUeHvRk2D/0h8gvSPzN2kknkaxjNYj81LsU2D59DuOFGyBd7JL3HijOi5HQyRWhIHRBV6tV4QaVXtge43FZ/ULxEUeGxLSuB9J1PfEzFfMNQ91Tiw==&u=U2FsdGVkX19IBL4+w2j76/V0bDGNinjt4f7vaZiQORh4aj0HIeAf0E0Nl4a24CtR&y=U2FsdGVkX18vAUmhMS09L+QMYFQI4ZZiTJG548T0+cjziR6Il12NnlBYNJ6Z+Bd/ HTTP/1.1" 200 25
186.102.85.97 - - [27/Dec/2023:07:43:50 -0500] "GET /kwssiamovil/sm/acme/a?s=U2FsdGVkX1+HtG8mEXA9ihT8NpkVehFytgeumL/F0RpGsBQsALqpS3TPKeNr2Qi37bXoO+NtREIUUgdisl8Tj7poy59W3Pk8FeAE+u6K8T+nHPNPCF4Rtjnv0TthItUYdNMG9Z3x4i8IpFPnalw0n16d/S6LKvC/3dbZ1PdR4Gd2LHJ5WrwhCmyhQK0KsRgrL+O0cu+opHv74//4nTsUJl0thuyiaNPKZjeDQED+2q463wABCJmagWznXk9N8xZRs7JjG0gXwEZDMXngYwtf+QV8Soueq6f40XH1/qchpmYoUeln9dAN7Lqtai42cVC8V1fu0WmEqbK2yHTUK0SSwgiF2jAZfXJ4309FNOsak/QajadXXpLd/Ca74RxjJi0ZtHZaVTl4sD2jt+hCu6ZbfqO49ufAT8iiNE1dhm9BCFyWOPNLtnTejvXyzMsJi47d7+EhDJMVaETRv4W3t49CbAP5ZPnnJUymg6/kp/XHiARwBNufUnwYgUrvdZxR4gHV&u=U2FsdGVkX19IBL4+w2j76/V0bDGNinjt4f7vaZiQORh4aj0HIeAf0E0Nl4a24CtR&y=U2FsdGVkX18vAUmhMS09L+QMYFQI4ZZiTJG548T0+cjziR6Il12NnlBYNJ6Z+Bd/ HTTP/1.1" 200 26
47.128.118.210 - - [27/Dec/2023:07:44:04 -0500] "GET /BLA/resoluciones/index.php?dir=RESOLUCIONES%202007%2FRES%202007%203001%20AL%203100%2F&order=asc&sort=name HTTP/1.1" 200 26891
47.128.118.210 - - [27/Dec/2023:07:44:05 -0500] "GET /BLA/resoluciones/dlf/dirup.png HTTP/1.1" 200 644
47.128.118.210 - - [27/Dec/2023:07:44:05 -0500] "GET /BLA/resoluciones/dlf/pdf.gif HTTP/1.1" 200 272
66.249.73.36 - - [27/Dec/2023:07:44:06 -0500] "GET /BLA/resoluciones/AUTOS%202015/0710.pdf HTTP/1.1" 200 535673
156.59.198.136 - - [27/Dec/2023:07:44:27 -0500] "GET /BLA/resoluciones/RESOLUCIONES%202008/2700.pdf HTTP/1.0" 200 325073
156.59.198.135 - - [27/Dec/2023:07:44:51 -0500] "GET /BLA/resoluciones/RESOLUCIONES%202007/RES%202007%202201%20AL%202300/RESOLUCION%202292%20DE%202007.pdf HTTP/1.0" 200 888165
173.252.107.6 - - [27/Dec/2023:07:44:59 -0500] "GET /cumpleanos-485-de-bogota-inscribete-a-las-jornadas-de-monitoreo-a-la-biodiversidad.html HTTP/1.1" 200 847
173.252.95.18 - - [27/Dec/2023:07:44:59 -0500] "GET /images/avistamiento-aves.jpg HTTP/1.1" 200 104313
156.59.198.135 - - [27/Dec/2023:07:45:16 -0500] "GET /BLA/resoluciones/RESOLUCIONES%202007/RES%202007%201301%20AL%201400/RESOLUCION%201374%20DE%202007.pdf HTTP/1.0" 200 375518
181.235.77.69 - - [27/Dec/2023:07:45:26 -0500] "GET /distrito-exalto-a-246-empresas-de-bogota-por-su-alto-desempeno-y-responsabilidad-ambiental-durante-2023.html HTTP/1.1" 200 1039
172.22.2.4 - - [27/Dec/2023:07:43:47 -0500] "HEAD /BLA/boletinlegal/ HTTP/1.1" 200 -
201.245.192.253 - - [27/Dec/2023:07:45:32 -0500] "POST /forms/lservlet;jsessionid=ac16012b30d6ac84fb743cb8490d9168fad49a174d06.e3iSbxaKaheRe34Qc38TbN0Nb41ynknvrkLOlQzNp65In0 HTTP/1.1" 200 2
201.245.192.253 - - [27/Dec/2023:07:45:36 -0500] "POST /forms/lservlet;jsessionid=ac16012b30d608a3c74dabe741288258ac4c4de7c868.e3iSbxaKaheRe34Qc38TbN0Nb41ynknvrkLOlQzNp65In0 HTTP/1.1" 200 2
173.252.127.17 - - [27/Dec/2023:07:45:38 -0500] "GET /cumpleanos-485-de-bogota-inscribete-a-las-jornadas-de-monitoreo-a-la-biodiversidad.html HTTP/1.1" 200 847
156.59.198.136 - - [27/Dec/2023:07:45:41 -0500] "GET /BLA/resoluciones/RESOLUCIONES%202009/2742.pdf HTTP/1.0" 200 492519
156.59.198.135 - - [27/Dec/2023:07:46:05 -0500] "GET /BLA/resoluciones/RESOLUCIONES%202009/3289.pdf HTTP/1.0" 200 658524
172.22.2.4 - - [27/Dec/2023:07:44:38 -0500] "GET /BLA/boletinlegal/ HTTP/1.1" 200 58567
156.59.198.136 - - [27/Dec/2023:07:46:29 -0500] "GET /BLA/resoluciones/RESOLUCIONES%202008/2322.pdf HTTP/1.0" 200 358587
216.245.221.92 - - [27/Dec/2023:07:46:46 -0500] "HEAD / HTTP/1.1" 200 -
156.59.198.135 - - [27/Dec/2023:07:46:54 -0500] "GET /BLA/resoluciones/RESOLUCIONES%202008/4111.pdf HTTP/1.0" 200 351669
201.245.192.253 - - [27/Dec/2023:07:46:54 -0500] "POST /kwsrmcab/Wsrmcab  HTTP/1.1" 200 36330
156.59.198.135 - - [27/Dec/2023:07:47:18 -0500] "GET /BLA/resoluciones/RESOLUCIONES%202009/1848.pdf HTTP/1.0" 200 484172
201.245.192.253 - - [27/Dec/2023:07:47:32 -0500] "POST /forms/lservlet;jsessionid=ac16012b30d6ac84fb743cb8490d9168fad49a174d06.e3iSbxaKaheRe34Qc38TbN0Nb41ynknvrkLOlQzNp65In0 HTTP/1.1" 200 2
201.245.192.253 - - [27/Dec/2023:07:47:36 -0500] "POST /forms/lservlet;jsessionid=ac16012b30d608a3c74dabe741288258ac4c4de7c868.e3iSbxaKaheRe34Qc38TbN0Nb41ynknvrkLOlQzNp65In0 HTTP/1.1" 200 2
156.59.198.136 - - [27/Dec/2023:07:47:42 -0500] "GET /BLA/resoluciones/RESOLUCIONES%202009/2010.pdf HTTP/1.0" 200 461113
156.59.198.136 - - [27/Dec/2023:07:48:06 -0500] "GET /BLA/resoluciones/RESOLUCIONES%202009/4380.pdf HTTP/1.0" 200 262613
156.59.198.135 - - [27/Dec/2023:07:48:30 -0500] "GET /BLA/resoluciones/RESOLUCIONES%202009/1426.pdf HTTP/1.0" 200 418274
156.59.198.136 - - [27/Dec/2023:07:48:54 -0500] "GET /BLA/resoluciones/Notificaciones/AUTOS%202020/04094.pdf HTTP/1.0" 200 355435
156.59.198.136 - - [27/Dec/2023:07:49:18 -0500] "GET /BLA/resoluciones/RESOLUCIONES%202018/3119.pdf HTTP/1.0" 200 286788
201.245.192.253 - - [27/Dec/2023:07:49:32 -0500] "POST /forms/lservlet;jsessionid=ac16012b30d6ac84fb743cb8490d9168fad49a174d06.e3iSbxaKaheRe34Qc38TbN0Nb41ynknvrkLOlQzNp65In0 HTTP/1.1" 200 2
201.245.192.253 - - [27/Dec/2023:07:49:36 -0500] "POST /forms/lservlet;jsessionid=ac16012b30d608a3c74dabe741288258ac4c4de7c868.e3iSbxaKaheRe34Qc38TbN0Nb41ynknvrkLOlQzNp65In0 HTTP/1.1" 200 2
156.59.198.135 - - [27/Dec/2023:07:49:43 -0500] "GET /BLA/resoluciones/RESOLUCIONES%202018/4313.pdf HTTP/1.0" 200 322442
156.59.198.135 - - [27/Dec/2023:07:50:07 -0500] "GET /BLA/resoluciones/RESOLUCIONES%202007/RES%202007%202201%20AL%202300/RESOLUCION%202290%20DE%202007.pdf HTTP/1.0" 200 1053960
156.59.198.136 - - [27/Dec/2023:07:50:31 -0500] "GET /BLA/resoluciones/AUTOS%202016/3186.pdf HTTP/1.0" 200 617805
156.59.198.135 - - [27/Dec/2023:07:50:55 -0500] "GET /BLA/resoluciones/RESOLUCIONES%202007/RES%202007%201801%20AL%201900/RESOLUCION%201877%20DE%202007.pdf HTTP/1.0" 200 346935
172.22.2.4 - - [27/Dec/2023:07:49:37 -0500] "HEAD /BLA/boletinlegal/ HTTP/1.1" 200 -
156.59.198.135 - - [27/Dec/2023:07:51:19 -0500] "GET /BLA/resoluciones/RESOLUCIONES%202009/2456.pdf HTTP/1.0" 200 364975
172.22.2.4 - - [27/Dec/2023:07:51:24 -0500] "GET /BLA/boletinlegal/robots.txt HTTP/1.1" 404 1038
172.22.2.4 - - [27/Dec/2023:07:51:25 -0500] "GET /BLA/boletinlegal/Circulares/2012/Circular%20No.%206%20del%2025%20de%20Mayo%20de%202012.pdf HTTP/1.1" 200 387391
190.71.143.11 - - [27/Dec/2023:07:51:28 -0500] "GET /distrito-exalto-a-246-empresas-de-bogota-por-su-alto-desempeno-y-responsabilidad-ambiental-durante-2023.html HTTP/1.1" 200 1039
201.245.192.253 - - [27/Dec/2023:07:51:32 -0500] "POST /forms/lservlet;jsessionid=ac16012b30d6ac84fb743cb8490d9168fad49a174d06.e3iSbxaKaheRe34Qc38TbN0Nb41ynknvrkLOlQzNp65In0 HTTP/1.1" 200 2
201.245.192.253 - - [27/Dec/2023:07:51:36 -0500] "POST /forms/lservlet;jsessionid=ac16012b30d608a3c74dabe741288258ac4c4de7c868.e3iSbxaKaheRe34Qc38TbN0Nb41ynknvrkLOlQzNp65In0 HTTP/1.1" 200 2
156.59.198.135 - - [27/Dec/2023:07:51:44 -0500] "GET /BLA/resoluciones/RESOLUCIONES%202018/2754.pdf HTTP/1.0" 200 340639
181.62.150.221 - - [27/Dec/2023:07:51:45 -0500] "GET /distrito-exalto-a-246-empresas-de-bogota-por-su-alto-desempeno-y-responsabilidad-ambiental-durante-2023.html HTTP/1.1" 200 1039
216.245.221.92 - - [27/Dec/2023:07:51:46 -0500] "HEAD / HTTP/1.1" 200 -
201.245.192.253 - - [27/Dec/2023:07:51:53 -0500] "POST /kwsrmcab/Wsrmcab  HTTP/1.1" 200 36330
156.59.198.135 - - [27/Dec/2023:07:52:07 -0500] "GET /BLA/resoluciones/RESOLUCIONES%202009/3027.pdf HTTP/1.0" 200 613582
172.22.2.4 - - [27/Dec/2023:07:50:28 -0500] "GET /BLA/boletinlegal/ HTTP/1.1" 200 58567
156.59.198.135 - - [27/Dec/2023:07:52:31 -0500] "GET /BLA/resoluciones/RESOLUCIONES%202009/4374.pdf HTTP/1.0" 200 1126149
156.59.198.136 - - [27/Dec/2023:07:52:57 -0500] "GET /BLA/resoluciones/Notificaciones/AUTOS%202023/447.pdf HTTP/1.0" 200 392117
156.59.198.136 - - [27/Dec/2023:07:53:27 -0500] "GET /BLA/resoluciones/RESOLUCIONES%202009/3869.pdf HTTP/1.0" 200 895357
201.245.192.253 - - [27/Dec/2023:07:53:32 -0500] "POST /forms/lservlet;jsessionid=ac16012b30d6ac84fb743cb8490d9168fad49a174d06.e3iSbxaKaheRe34Qc38TbN0Nb41ynknvrkLOlQzNp65In0 HTTP/1.1" 200 2
201.245.192.253 - - [27/Dec/2023:07:53:36 -0500] "POST /forms/lservlet;jsessionid=ac16012b30d608a3c74dabe741288258ac4c4de7c868.e3iSbxaKaheRe34Qc38TbN0Nb41ynknvrkLOlQzNp65In0 HTTP/1.1" 200 2
47.128.113.130 - - [27/Dec/2023:07:53:46 -0500] "GET /BLA/resoluciones/index.php?dir=RESOLUCIONES%202003%2FRES%202003%202051-2100%2F&order=desc&sort=size HTTP/1.1" 200 12151
47.128.113.130 - - [27/Dec/2023:07:53:47 -0500] "GET /BLA/resoluciones/dlf/dirup.png HTTP/1.1" 200 644
47.128.113.130 - - [27/Dec/2023:07:53:47 -0500] "GET /BLA/resoluciones/dlf/unknown.png HTTP/1.1" 200 266
156.59.198.135 - - [27/Dec/2023:07:54:09 -0500] "GET /BLA/resoluciones/Notificaciones/AUTOS%202020/4055.pdf HTTP/1.0" 200 366468
156.59.198.135 - - [27/Dec/2023:07:54:33 -0500] "GET /BLA/resoluciones/Notificaciones/AUTOS%202023/6073.pdf HTTP/1.0" 200 384824
156.59.198.136 - - [27/Dec/2023:07:54:57 -0500] "GET /BLA/resoluciones/Notificaciones/AUTOS%202020/0554.pdf HTTP/1.0" 200 713458
156.59.198.135 - - [27/Dec/2023:07:55:21 -0500] "GET /BLA/resoluciones/Notificaciones/REGISTROS%202022/01692.pdf HTTP/1.0" 200 277449
201.245.192.253 - - [27/Dec/2023:07:55:32 -0500] "POST /forms/lservlet;jsessionid=ac16012b30d6ac84fb743cb8490d9168fad49a174d06.e3iSbxaKaheRe34Qc38TbN0Nb41ynknvrkLOlQzNp65In0 HTTP/1.1" 200 2
201.245.192.253 - - [27/Dec/2023:07:55:36 -0500] "POST /forms/lservlet;jsessionid=ac16012b30d608a3c74dabe741288258ac4c4de7c868.e3iSbxaKaheRe34Qc38TbN0Nb41ynknvrkLOlQzNp65In0 HTTP/1.1" 200 2
156.59.198.136 - - [27/Dec/2023:07:55:46 -0500] "GET /BLA/resoluciones/RESOLUCIONES%202018/3218.pdf HTTP/1.0" 200 272515
186.102.84.109 - - [27/Dec/2023:07:56:07 -0500] "GET /kwssiamovil/sm/ldap/au?x=U2FsdGVkX181PfkMynN9QVNX/dnDPkhX2TfMmnMe6IT2UNMUOQ3ic1UazhHImQDo&y=U2FsdGVkX1/mVHqOl+Vi86oDIIakIxwOz6HjXnCfazexwmilq3+66TK6Jy6G9moK HTTP/1.1" 200 30
186.102.84.109 - - [27/Dec/2023:07:56:07 -0500] "GET /kwssiamovil/sm/acme/s?s=U2FsdGVkX1+sJ590eJBYs59UvDZ4VGpkbPRA3ZWp3WN6ZPGMb++Bku9cqe7kouIToaNch3rtjcAL2wa186sgqCkaA6Ws1GV3SqY9R4KSrGQ=&u=U2FsdGVkX18sl2cLmxw81nhmZN8OuXzDNmk9kdVXpAw=&y=U2FsdGVkX1/mVHqOl+Vi86oDIIakIxwOz6HjXnCfazexwmilq3+66TK6Jy6G9moK HTTP/1.1" 200 97
186.102.84.109 - - [27/Dec/2023:07:56:07 -0500] "GET /kwssiamovil/sm/acme/s?s=U2FsdGVkX18Q8We83pWfi8/2hvzqU83hR7zukEfQc7VzbRqhtjv+HMWm9SB/GJHhJQzj0tJj9/q2PgVF+SSBwhF4zS6DxTzBD0CTmXhh8A9qp7d6AIKzkWla31U4wmyTgJyepx0SANchQG15CL1wDGxABCuG7I74eoqa7Irn7IEaHH/s7D6JRoiV4a3zkX9O8NFwztxzc7qCuy0vxqbl3Bs/eHUMKPRl2fNLRc2z8ixYqbolR8zDfHFl6v5165TkKYhBfSfwHRAkafkxIIgw4cstKsso8iiuCRmCnPqELdZAwHIepNLxEJ+E3jXXgaie1jC3tqe8usHL/qzVi+IvvSsFd1nIwScZMB9rYFC6MFRPOmxAze8Txq1TB0Y8dFZCBD/5aPl2nkRKITPRNCiSUVpwAsrb7uqFdRj0ShUzhXGyVX3LOpps9OfBPeSfjmMwDf6ldWyUEv+GH7JU2w7NHK7yoCPDm9s6W4XEk4H1dA2V0sVz+1m+QKe/xpJEmryn12Nl3M7VSxNelbpbD95/7vSTOYJDOI9ZntUcwSn+67z76S/UgMNZQ8ysfgS1YVFVhffniZcqL1HuM74tK++GnC/KqrFpPPHXF9UoT0jmTJam1qIJmdelJ0jo/C1Dkt8a/+n1ztskUY1FqHgZoa7coHsAtVKZFhA8eNDgKe+LbDMaho4XIyNT/4XzioaYh86f1LD8uIUmPiaQvyUZctRkeGLCqqLD4Ch5TmPgemJJ+h27UDSsgDmJEbAAHmnhFFGPAsuKIrR5PMDKG+nyT3weIi7+Q08x+bLzgk8Tl/RseXMO8/eBwEE0olWdc1q0N6Uw7sLHG90ycq3SPMiANREoGThjGnJ9+Gi9knCrpHiCwb+5K7ARY5D+qTKFDoygxXAyn+aLii1uRo1CPaZrvoWR2suqJgR5kS1hKG2e4EK/HE/c0GsYlfl0myHuMLw3fwxxaw1H19nmCzY7AujbU7GTnnrwq1VecFA9NKVtQTyuMqY3texUYLtwa2ko2KT9DlSu+bLuf4Bd3epAM6EXJtGVFRvtElFlkTYuzY94kW+OfEijM7FYegSzQ06d0N1rC3yXBjjt11UirYNiWzbsaMdtHc7a7Qu3sG7S8zVAw67G9UN0AxBMC7rvEI/XtazmBjEGYyKgBEHSc2pkba3mA8ZndBn1cmJocTw1p4lb7UilUFvH8qWDq0j47HrIyrnIQHamKFYFCrzWwlYWQ1LxZAucxIErzAI/TAmZ+hxPRb88QWf1NJGeDMpBEOsFG7RwYgKMDEMLHgtTd3BpNBzukCno9y+9YCJgS7O/e2aECV8TXHMki+mOvCQeZ+cImTcBKhzmxeZ6E/u3kiBm3j6XKjd6G1OxMHxIHz1gPko6yIzDOSwch6x7+IAq2IDKdbkx96PqF4AR/9KOy+M8ozqVn5SC4+diB08lAiMKZjcrTEvk6j3cNbFI3a1ov/6TD/NNfndCuTxZNvGJCvJUC1Bmw8aQro1gIns3Ti20MYY915TnAyzBBptZNUieBoJeIhKCzOLkmxN5atL87mj2jLZm7KlvI06/icKwgYb4/26YwTz96x8nnbHer8OKsxeFiZONt/hBF/7311wSgeEVOOOVEjf/Z3luk9D1iy0QbsmSwgxH4tdMivG+OCxIZNYiQ9JGXXAH0+9/kWiMHuq7fZuQRU5DPeTA+F4PBzZ+ZDNZmhAK2JFpTXgZ4ugPbvQkESFilcux0M70LYD1PFWwAJ3WKxveLwQKsIuhoO22Kib3mP4YwKs=&u=U2FsdGVkX18sl2cLmxw81nhmZN8OuXzDNmk9kdVXpAw=&y=U2FsdGVkX1/mVHqOl+Vi86oDIIakIxwOz6HjXnCfazexwmilq3+66TK6Jy6G9moK HTTP/1.1" 200 4560
186.102.84.109 - - [27/Dec/2023:07:56:07 -0500] "GET /kwssiamovil/sm/acme/s?s=U2FsdGVkX1++wZJDsDwpAmGrsERYPSvaJwigSSt54fcQqi8HBYSFD+2MLNkaoRjicg1aTykRozL932V2oKe8qjfGx43QmIWYA/TUhcftZREg1eNPjXlrhhnW7D7zkDc7/I6bjmqpgUubusa4oTBmDMnH5AVsG7W575TyjSyjQchuQs3BdZHMrvZG43VhxWtfJhSS2HjCef2pSJbfe3rH0tb11u0uR9Ou5zxDZuvB5+o3ZobMo97El4Wnygf4LsCDtbt//wLZlkeodduj0SQjNW6rFoYLLwga5JEq95h80sn12DrXNTdydwVA60oN51WDQ2RtWgBr0hPPW00i8XRCsHVBR+uQ6tjMUf6WEOnnWqF5gazxU//8JTyxDXfP+qxConWyHZLmTvcdj+oU7S1waBlxW5JZu6MowgSUU3FnuitEgnICp5vuQcnK8pHJgFIhGvuS4vXcCUPQSkcr46twCbd5vZy/6ipuXAuj9ZbJBxsDUE8S8dUKaHHR0RrLxph3O2MXuoXh6q84XITQxJJKS8bM1k4PCiijcCLmO/HgFbEfphp1AKLytoWlzXhF/bMNxhNz74SxTlfMYkJzMvZPi37bppJKxwSDZw9a9AWGS7SvorcekgzZIp9C8xMGqpLtoCTU5M3MH64oxz7Scgo5oOVQ2AlGcJHT9LYov/AL1ck0MRReVGhFJYZNdciQAqnfwAI0ASSuPnlyjLOqHEyZu4t5Q+v9tz0jc7A5GrcnTvdSH+ryODbSW0JcBAM7Kxoj&u=U2FsdGVkX18sl2cLmxw81nhmZN8OuXzDNmk9kdVXpAw=&y=U2FsdGVkX1/mVHqOl+Vi86oDIIakIxwOz6HjXnCfazexwmilq3+66TK6Jy6G9moK HTTP/1.1" 200 208
186.102.84.109 - - [27/Dec/2023:07:56:07 -0500] "GET /kwssiamovil/sm/cjson/pre?f=1&x=U2FsdGVkX181PfkMynN9QVNX/dnDPkhX2TfMmnMe6IT2UNMUOQ3ic1UazhHImQDo HTTP/1.1" 200 31032
156.59.198.136 - - [27/Dec/2023:07:56:10 -0500] "GET /BLA/resoluciones/RESOLUCIONES%202009/2199.pdf HTTP/1.0" 200 631932
156.59.198.136 - - [27/Dec/2023:07:56:36 -0500] "GET /BLA/resoluciones/RESOLUCIONES%202008/4002.pdf HTTP/1.0" 200 657834
199.16.157.182 - - [27/Dec/2023:07:56:39 -0500] "GET /images/pl%C3%A1sticos%20foto%201..jpg HTTP/1.1" 404 1034
216.245.221.92 - - [27/Dec/2023:07:56:46 -0500] "HEAD / HTTP/1.1" 200 -
201.245.192.253 - - [27/Dec/2023:07:56:51 -0500] "POST /kwsrmcab/Wsrmcab  HTTP/1.1" 200 36330
172.22.2.4 - - [27/Dec/2023:07:55:27 -0500] "HEAD /BLA/boletinlegal/ HTTP/1.1" 200 -
156.59.198.135 - - [27/Dec/2023:07:57:08 -0500] "GET /BLA/resoluciones/RESOLUCIONES%202018/4314.pdf HTTP/1.0" 200 301352
156.59.198.135 - - [27/Dec/2023:07:57:24 -0500] "GET /BLA/resoluciones/RESOLUCIONES%202018/1729.pdf HTTP/1.0" 200 286976
201.245.192.253 - - [27/Dec/2023:07:57:32 -0500] "POST /forms/lservlet;jsessionid=ac16012b30d6ac84fb743cb8490d9168fad49a174d06.e3iSbxaKaheRe34Qc38TbN0Nb41ynknvrkLOlQzNp65In0 HTTP/1.1" 200 2
201.245.192.253 - - [27/Dec/2023:07:57:36 -0500] "POST /forms/lservlet;jsessionid=ac16012b30d608a3c74dabe741288258ac4c4de7c868.e3iSbxaKaheRe34Qc38TbN0Nb41ynknvrkLOlQzNp65In0 HTTP/1.1" 200 2
156.59.198.135 - - [27/Dec/2023:07:57:48 -0500] "GET /BLA/resoluciones/RESOLUCIONES%202018/2141.pdf HTTP/1.0" 200 282377
172.22.2.4 - - [27/Dec/2023:07:56:18 -0500] "GET /BLA/boletinlegal/ HTTP/1.1" 200 58567
156.59.198.136 - - [27/Dec/2023:07:58:12 -0500] "GET /BLA/resoluciones/RESOLUCIONES%202008/4031.pdf HTTP/1.0" 200 747688
156.59.198.136 - - [27/Dec/2023:07:58:36 -0500] "GET /BLA/resoluciones/RESOLUCIONES%202007/RES%202007%202701%20AL%202800/RESOLUCION%202792%20DE%202007.pdf HTTP/1.0" 200 2887504
156.59.198.136 - - [27/Dec/2023:07:59:00 -0500] "GET /BLA/resoluciones/RESOLUCIONES%202009/2709.pdf HTTP/1.0" 200 659308
156.59.198.136 - - [27/Dec/2023:07:59:24 -0500] "GET /BLA/resoluciones/RESOLUCIONES%202009/3911.pdf HTTP/1.0" 200 388276
201.245.192.253 - - [27/Dec/2023:07:59:32 -0500] "POST /forms/lservlet;jsessionid=ac16012b30d6ac84fb743cb8490d9168fad49a174d06.e3iSbxaKaheRe34Qc38TbN0Nb41ynknvrkLOlQzNp65In0 HTTP/1.1" 200 2
201.245.192.253 - - [27/Dec/2023:07:59:36 -0500] "POST /forms/lservlet;jsessionid=ac16012b30d608a3c74dabe741288258ac4c4de7c868.e3iSbxaKaheRe34Qc38TbN0Nb41ynknvrkLOlQzNp65In0 HTTP/1.1" 200 2
156.59.198.136 - - [27/Dec/2023:07:59:48 -0500] "GET /BLA/resoluciones/RESOLUCIONES%202008/1514.pdf HTTP/1.0" 200 339737
173.252.79.116 - - [27/Dec/2023:08:00:08 -0500] "GET /alcaldia-de-bogota-y-fundacion-exito-entregaron-en-ciudad-bolivar-la-primera-terraza-verde-de-la-capital.html HTTP/1.1" 200 852
31.13.103.9 - - [27/Dec/2023:08:00:08 -0500] "GET /alcaldia-de-bogota-y-fundacion-exito-entregaron-en-ciudad-bolivar-la-primera-terraza-verde-de-la-capital.html HTTP/1.1" 200 852
156.59.198.135 - - [27/Dec/2023:08:00:13 -0500] "GET /BLA/resoluciones/RESOLUCIONES%202008/4432.pdf HTTP/1.0" 200 509584
201.245.192.253 - - [27/Dec/2023:08:00:14 -0500] "GET / HTTP/1.1" 200 319
201.245.192.253 - - [27/Dec/2023:08:00:14 -0500] "GET /favicon.ico HTTP/1.1" 200 7782
156.59.198.135 - - [27/Dec/2023:08:00:38 -0500] "GET /BLA/resoluciones/RESOLUCIONES%202009/3784.pdf HTTP/1.0" 200 392754
156.59.198.136 - - [27/Dec/2023:08:01:02 -0500] "GET /BLA/resoluciones/RESOLUCIONES%202009/3117.pdf HTTP/1.0" 200 474233
156.59.198.135 - - [27/Dec/2023:08:01:27 -0500] "GET /BLA/resoluciones/Notificaciones/REGISTROS%202022/01762.pdf HTTP/1.0" 200 406967
201.245.192.253 - - [27/Dec/2023:08:01:32 -0500] "POST /forms/lservlet;jsessionid=ac16012b30d6ac84fb743cb8490d9168fad49a174d06.e3iSbxaKaheRe34Qc38TbN0Nb41ynknvrkLOlQzNp65In0 HTTP/1.1" 200 2
201.245.192.253 - - [27/Dec/2023:08:01:36 -0500] "POST /forms/lservlet;jsessionid=ac16012b30d608a3c74dabe741288258ac4c4de7c868.e3iSbxaKaheRe34Qc38TbN0Nb41ynknvrkLOlQzNp65In0 HTTP/1.1" 200 2
216.245.221.92 - - [27/Dec/2023:08:01:46 -0500] "HEAD / HTTP/1.1" 200 -
156.59.198.135 - - [27/Dec/2023:08:01:51 -0500] "GET /BLA/resoluciones/AUTOS%202010/3594.pdf HTTP/1.0" 200 335830
201.245.192.253 - - [27/Dec/2023:08:01:51 -0500] "POST /kwsrmcab/Wsrmcab  HTTP/1.1" 200 36330
156.59.198.135 - - [27/Dec/2023:08:02:17 -0500] "GET /BLA/resoluciones/RESOLUCIONES%202008/2879.pdf HTTP/1.0" 200 585512
156.59.198.135 - - [27/Dec/2023:08:02:41 -0500] "GET /BLA/resoluciones/RESOLUCIONES%202009/3665.pdf HTTP/1.0" 200 462803
172.22.2.4 - - [27/Dec/2023:08:01:17 -0500] "HEAD /BLA/boletinlegal/ HTTP/1.1" 200 -
156.59.198.135 - - [27/Dec/2023:08:03:04 -0500] "GET /BLA/resoluciones/RESOLUCIONES%202007/RES%202007%203401%20AL%203500/RESOLUCION%203434%20DE%202007.pdf HTTP/1.0" 200 44117
156.59.198.135 - - [27/Dec/2023:08:03:28 -0500] "GET /BLA/resoluciones/AUTOS%202016/2918.pdf HTTP/1.0" 200 351647
201.245.192.253 - - [27/Dec/2023:08:03:32 -0500] "POST /forms/lservlet;jsessionid=ac16012b30d6ac84fb743cb8490d9168fad49a174d06.e3iSbxaKaheRe34Qc38TbN0Nb41ynknvrkLOlQzNp65In0 HTTP/1.1" 200 2
201.245.192.253 - - [27/Dec/2023:08:03:36 -0500] "POST /forms/lservlet;jsessionid=ac16012b30d608a3c74dabe741288258ac4c4de7c868.e3iSbxaKaheRe34Qc38TbN0Nb41ynknvrkLOlQzNp65In0 HTTP/1.1" 200 2
172.22.2.4 - - [27/Dec/2023:08:02:08 -0500] "GET /BLA/boletinlegal/ HTTP/1.1" 200 58567
156.59.198.135 - - [27/Dec/2023:08:03:52 -0500] "GET /BLA/resoluciones/RESOLUCIONES%202009/1334.pdf HTTP/1.0" 200 532184
156.59.198.135 - - [27/Dec/2023:08:04:16 -0500] "GET /BLA/resoluciones/RESOLUCIONES%202009/2244.pdf HTTP/1.0" 200 323718
162.55.175.24 - - [27/Dec/2023:08:04:32 -0500] "GET / HTTP/1.1" 200 319
162.55.175.24 - - [27/Dec/2023:08:04:35 -0500] "GET / HTTP/1.1" 200 4720
156.59.198.135 - - [27/Dec/2023:08:04:41 -0500] "GET /BLA/resoluciones/RESOLUCIONES%202007/RES%202007%201301%20AL%201400/RESOLUCION%201388%20DE%202007.pdf HTTP/1.0" 200 203479
190.27.3.55 - - [27/Dec/2023:08:04:46 -0500] "GET /catalogoisis/ HTTP/1.1" 200 8575
190.27.3.55 - - [27/Dec/2023:08:04:46 -0500] "GET /catalogoisis/Css/Busqueda.css HTTP/1.1" 200 1995
190.27.3.55 - - [27/Dec/2023:08:04:46 -0500] "GET /catalogoisis/Js/Remote.js HTTP/1.1" 200 436
190.27.3.55 - - [27/Dec/2023:08:04:46 -0500] "GET /catalogoisis/Js/CriterioCombinada.js HTTP/1.1" 200 1843
190.27.3.55 - - [27/Dec/2023:08:04:46 -0500] "GET /catalogoisis/Js/Cookies.js HTTP/1.1" 200 1369
190.27.3.55 - - [27/Dec/2023:08:04:46 -0500] "GET /catalogoisis/Js/Numero.js HTTP/1.1" 200 398
190.27.3.55 - - [27/Dec/2023:08:04:46 -0500] "GET /catalogoisis/Js/Enter.js HTTP/1.1" 200 1208
190.27.3.55 - - [27/Dec/2023:08:04:46 -0500] "GET /catalogoisis/Js/AceptarLimpiar.js HTTP/1.1" 200 331
190.27.3.55 - - [27/Dec/2023:08:04:46 -0500] "GET /catalogoisis/Js/Go.js HTTP/1.1" 200 364
190.27.3.55 - - [27/Dec/2023:08:04:46 -0500] "GET /catalogoisis/Js/LimpiarCombinada.js HTTP/1.1" 200 207
190.27.3.55 - - [27/Dec/2023:08:04:46 -0500] "GET /catalogoisis/imagenes/br1c1.gif HTTP/1.1" 200 172
190.27.3.55 - - [27/Dec/2023:08:04:46 -0500] "GET /catalogoisis/imagenes/Turnbo1.gif HTTP/1.1" 200 227
190.27.3.55 - - [27/Dec/2023:08:04:46 -0500] "GET /catalogoisis/imagenes/br3c1.gif HTTP/1.1" 200 177
190.27.3.55 - - [27/Dec/2023:08:04:46 -0500] "GET /catalogoisis/imagenes/br1c3.gif HTTP/1.1" 200 302
190.27.3.55 - - [27/Dec/2023:08:04:46 -0500] "GET /catalogoisis/imagenes/limpiar1.gif HTTP/1.1" 200 606
190.27.3.55 - - [27/Dec/2023:08:04:46 -0500] "GET /catalogoisis/imagenes/aceptar1.gif HTTP/1.1" 200 604
190.27.3.55 - - [27/Dec/2023:08:04:46 -0500] "GET /catalogoisis/imagenes/br3c3.gif HTTP/1.1" 200 186
190.27.3.55 - - [27/Dec/2023:08:04:46 -0500] "GET /catalogoisis/imagenes/br2c1.gif HTTP/1.1" 200 297
190.27.3.55 - - [27/Dec/2023:08:04:46 -0500] "GET /catalogoisis/imagenes/br2c2.gif HTTP/1.1" 200 302
190.27.3.55 - - [27/Dec/2023:08:04:46 -0500] "GET /catalogoisis/imagenes/br1c2.gif HTTP/1.1" 200 297
190.27.3.55 - - [27/Dec/2023:08:04:46 -0500] "GET /catalogoisis/imagenes/br3c2.gif HTTP/1.1" 200 285
190.27.3.55 - - [27/Dec/2023:08:04:46 -0500] "GET /catalogoisis/imagenes/br2c3.gif HTTP/1.1" 200 416
190.27.3.55 - - [27/Dec/2023:08:04:46 -0500] "GET /catalogoisis/imagenes/Header.gif HTTP/1.1" 200 27040
190.27.3.55 - - [27/Dec/2023:08:04:46 -0500] "GET /favicon.ico HTTP/1.1" 200 7782
66.249.73.38 - - [27/Dec/2023:08:04:51 -0500] "GET /BLA/resoluciones/AUTOS%202021/0481.pdf HTTP/1.1" 200 603165
156.59.198.135 - - [27/Dec/2023:08:05:05 -0500] "GET /BLA/resoluciones/RESOLUCIONES%202008/1197.pdf HTTP/1.0" 200 749734
156.59.198.136 - - [27/Dec/2023:08:05:29 -0500] "GET /BLA/resoluciones/RESOLUCIONES%202008/4782.pdf HTTP/1.0" 200 293426
201.245.192.253 - - [27/Dec/2023:08:05:32 -0500] "POST /forms/lservlet;jsessionid=ac16012b30d6ac84fb743cb8490d9168fad49a174d06.e3iSbxaKaheRe34Qc38TbN0Nb41ynknvrkLOlQzNp65In0 HTTP/1.1" 200 2
201.245.192.253 - - [27/Dec/2023:08:05:36 -0500] "POST /forms/lservlet;jsessionid=ac16012b30d608a3c74dabe741288258ac4c4de7c868.e3iSbxaKaheRe34Qc38TbN0Nb41ynknvrkLOlQzNp65In0 HTTP/1.1" 200 2
156.59.198.135 - - [27/Dec/2023:08:05:53 -0500] "GET /BLA/resoluciones/RESOLUCIONES%202007/RES%202007%201901%20AL%202000/RESOLUCION%201952%20DE%202007.pdf HTTP/1.0" 200 195478
156.59.198.136 - - [27/Dec/2023:08:06:17 -0500] "GET /BLA/resoluciones/RESOLUCIONES%202007/RES%202007%203001%20AL%203100/RESOLUCION%203082%20DE%202007.pdf HTTP/1.0" 200 354039
186.102.85.97 - - [27/Dec/2023:08:06:18 -0500] "OPTIONS /kwssiamovil/sm/setfile/f? HTTP/1.1" 200 13
186.102.85.97 - - [27/Dec/2023:08:06:18 -0500] "POST /kwssiamovil/sm/setfile/f? HTTP/1.1" 200 381
186.102.85.97 - - [27/Dec/2023:08:06:30 -0500] "GET /kwssiamovil/sm/acme/a?s=U2FsdGVkX1+P66Kt1cw65CyuoPpzgQzlsHQw0GNEs8qDaRXdC4vlS3ee/aprkOnykjCe20oLbn9wrqhVIBzHpYKfnbpD23+KJx112+lQug4JQcwDTed/6PJSBVLamRjBXHxnXDBVotzeVjEBdubRRbxlv50SU3uJWz1JwLEJRYBr6cqqG/t0YTNOOPv7GGFx5HUCrOvqwm3oFXSpCPwczWJtGcA6obyyr8BG7zYXMz3qZMl7DHk2n8hyrFrgxSGfA4LM/3ZFjEt7zN+Xj06dyQ==&u=U2FsdGVkX19IBL4+w2j76/V0bDGNinjt4f7vaZiQORh4aj0HIeAf0E0Nl4a24CtR&y=U2FsdGVkX18vAUmhMS09L+QMYFQI4ZZiTJG548T0+cjziR6Il12NnlBYNJ6Z+Bd/ HTTP/1.1" 200 26
186.102.85.97 - - [27/Dec/2023:08:06:31 -0500] "GET /kwssiamovil/sm/acme/a?s=U2FsdGVkX1/WdA/vGduy6RSOthDmMQQQ8Eq8dFBGc5phlo6JMWzj2cqsRqCcLgYSAJNYQB2dGarpz39wd1T6hRkuglf+hanwZqlAfI2qJz2dcykeTujCO6vh8C7f/kZWdtPsVOJBuEcTR9zAynPz/6FR1bNbUmI2KhkNHFq65SNsEBUa5lLthOc/D9/6x/lVKOXvmhpwU0qBkMFq4Ld9wP/fK4Q6cRBenLa4ltTnL+DnSW6Q8Cn0RZDHEYplPX6cFhEjAZJPCwhh8zM0AQbPGFiMZyh9DRhcLbBrFvLO2JK0nSCoKrgF3WVPxN6beEXYsR2x0mSPPSPyxIu2GBc5KgifRhhtItMsenjNZDwR98QDCAfGvqeyCTI3lWbanNs2daVH9xT8un92gwqBkefjsM5VjIlwyBVcS5QGeFwLb2dpL0KTvvqGD1+cCkgDGLXWSCOZ3b1l5tccgFuvQOWjqTzBOzaA8SwOaAPaacBMeRmeIAxfJN8E1KslH3dWI3J2vPG+rboVO1c/7vFRDDBc4PLoyKmuhW57QuwITMeplm8PKdYXavewn9R7dR1WXOGQCAnYsDdVR4TLT0hkuNH6AJEkyxuxBzqU52+mzHIU0HROl/Xe8Fd3MJOV0nDeMxBlYVQEg/9gTVndEHi9zemcvh8Xn56aKAlRlIbGjazdk8OrWn40nsX2mXpPA351Rq79Ge7n34aMR78tIZl2eZZdqyTHS2DivJ6SlgcLsMAK8NZKqasc+Ql9z5Ze8bgkXeADLOEHPOPh9lc67jwOkI97R2STWKhdd3JHVTAqj/WsaYmkiuC41oBxwDAnEVIPawJ5uNXRmbKm4n2SOWA91EuMUmya6tmshTMUXy/UfvAaTLVNlHDR7YqU/4uUKMRqghuAMH+3O6PLh0pZAzwW3fc9D05JL10zTc9/p22UJdayLtW6S59jFWFjfOatBHQmsz4urO5Kcr5H5zI0CIme2kG6zNjBX1q4HLg9nRh6EKBHQJf6x60Yk5Fn2erjeZU5amksvjSVtBS3z1+uYdECz/Q4pS9utCxfPe0AjQT/QlbaTFYc+Zo3zGdYGpR1ODHAzCo6M5ioI8I5TaCRO2rT3ZCRWqkYyxMHu5mqztxn/zzniByrONVdowd285rypAaGFcqpCgx825A18eurb/fFi4/jwQyjaKOg1zxzVrkn8VsL/E6OawAa5c8i88639RwoFDCHZliH1lER5I6e+rokH6QWExL9myXTh8tTCjl4JE4VKXLopjFmeqrbdaqDofUSF0+C+JLAscQuMPxIwG3BIVBXq+LzzC9LWQsgYnAmP2rAp9a3FrMlgYOmPdX1EiXndwSUXp/ZrxOtJbiE6UJlU/G/6ltt7zTt8eAU+sIxY6/7jKR2vxUABawa5/M+krmzxHhgSx4arNEP5rdVfraAXDgbEbAYvS2+LUMBlPc1XetxoCbmtAyS/vdkkWKSHGmiqBc6n/UAFQljJOO7Ah9tbmNr/mocjP8XEhSTbT13mYfB0RlOdJnLRmrIqGOMIgXp+NjkDAsM+7oGb44mWUGxHO95uFiwq2HV6vuNNlpXaa0cpK53WN4gIg/gqlAoLxWwxVzqnEpQ2JBKxjt0Uy42rl5NAWSRgZLlV09rBT/54yJvxepxVlfc0wLe4OqATtzIOwUEQ+M4dGKjRsvd1qPu6AalNcUR+xo4Mth+01WtlDU2Op8V1NTCVj9u2drsWpKmsrShKtKinXVSg3W5t7u0E7MnAD8UKfTWaLtBZhPfKWf9Zlq4A0rsPT99NJ29nxixX14AdJiMutNm5ofTAnjf2ulnvcT7jbWaVxycS5wovo4E0nxmCnxhUcg2EquuncYVWnz8ZQrY9UtzrjjVMKOMEVYGzQT6tvZp3R3RBe0Zkx6kIs4VmtmBv6YvFok8ECkgZ1Hzh9l7SsUjrq/U1X6LrR1xkTiexDE24P6nv+DI9fdKbPeaPzMYQsbxF769sErbvhGCGRBf39QObsRpxHTNdLa0NCyI6tabNEoKn3sGSqJ/8OEixgT1XoS0eu2ZiyMhmHX/&u=U2FsdGVkX19IBL4+w2j76/V0bDGNinjt4f7vaZiQORh4aj0HIeAf0E0Nl4a24CtR&y=U2FsdGVkX18vAUmhMS09L+QMYFQI4ZZiTJG548T0+cjziR6Il12NnlBYNJ6Z+Bd/ HTTP/1.1" 200 26
186.102.85.97 - - [27/Dec/2023:08:06:31 -0500] "GET /kwssiamovil/sm/acme/a?s=U2FsdGVkX195YMAxbx0eCqDs2nIEH9k2dQSEadbYuOS5Z5FeEP0WWrHXuKS7nRtJznggXCs2sTTnS0DBL3+IT5sJm4R/rMxKcSoLGiuotJ5jMWvgvpI8H5Z12FiPhL+xljwdx3TOIpqPwZF55ogsEZaPxb+5/DhUAcw1sbTLBSs=&u=U2FsdGVkX19IBL4+w2j76/V0bDGNinjt4f7vaZiQORh4aj0HIeAf0E0Nl4a24CtR&y=U2FsdGVkX18vAUmhMS09L+QMYFQI4ZZiTJG548T0+cjziR6Il12NnlBYNJ6Z+Bd/ HTTP/1.1" 200 26
186.102.85.97 - - [27/Dec/2023:08:06:32 -0500] "GET /kwssiamovil/sm/acme/a?s=U2FsdGVkX18nlSgligW+N3PoaA5FHcBfnl7y798MD4oRJvGw9t0DV79w0RlIQNdz7l7u/fyV7DfqW4r5xoUbG1w9+7puFbf+/wAc95ZAnFAk1bRgGdC5TO0Ll8J0Mz7azeUvTc4NfZTm0n2L5Ls8ckQuodyTzvLLV/uhGR9rD+Q=&u=U2FsdGVkX19IBL4+w2j76/V0bDGNinjt4f7vaZiQORh4aj0HIeAf0E0Nl4a24CtR&y=U2FsdGVkX18vAUmhMS09L+QMYFQI4ZZiTJG548T0+cjziR6Il12NnlBYNJ6Z+Bd/ HTTP/1.1" 200 26
186.102.85.97 - - [27/Dec/2023:08:06:32 -0500] "GET /kwssiamovil/sm/acme/a?s=U2FsdGVkX18MLSSh8TSG58CAz85MZVxDkR6KWURLf1SWBvher4OEdbOtlLAmBX0OXQmmakb/N2ycQyCmdAWqFc25aiM5QWJ9BXzO9omOUu0FkxSJVtXotw21w5kheSBHjJOdI3m+kJL/xdbQxxQybky2BuynUNCFoDxplAvFN7k=&u=U2FsdGVkX19IBL4+w2j76/V0bDGNinjt4f7vaZiQORh4aj0HIeAf0E0Nl4a24CtR&y=U2FsdGVkX18vAUmhMS09L+QMYFQI4ZZiTJG548T0+cjziR6Il12NnlBYNJ6Z+Bd/ HTTP/1.1" 200 26
186.102.85.97 - - [27/Dec/2023:08:06:32 -0500] "GET /kwssiamovil/sm/acme/a?s=U2FsdGVkX1+XNHXdsl7v8hg7f2qlS6IacXKUQ2mDuyooV4LZMA4fdAMim9QfVWOwOQLg/UNQMxLebpNv9voXJrqiXbhEZUXdGhiZJYdv/fsg5WuN2WLfj+osVtqKV3eoWf/UYVxSLwBxohqNWA9i9UEd/6zSpxlanoXi3n173/4aXWKnSnHovR3fhG0WGdrbx0XZQPT6igc/wuYO7/qAzA==&u=U2FsdGVkX19IBL4+w2j76/V0bDGNinjt4f7vaZiQORh4aj0HIeAf0E0Nl4a24CtR&y=U2FsdGVkX18vAUmhMS09L+QMYFQI4ZZiTJG548T0+cjziR6Il12NnlBYNJ6Z+Bd/ HTTP/1.1" 200 26
186.102.85.97 - - [27/Dec/2023:08:06:32 -0500] "GET /kwssiamovil/sm/acme/a?s=U2FsdGVkX1/KEkeNk4AWBOh1ljoVH2c0TBL3+wIfgvjgPENqbiTRG4BrwyDWv36AM2CWGwQ1hs4yrwQWH41HUdsjMC3CrG3G46H8oMHra12Lm6xSdLGZK8Owawwe/cvuHFpcZDl9aEogV2E9v7tr5+YzQDuh/cF99/Uv7ECNOpuNow36tqAIfBIKV6s6MTPevqRmJLk91LRkyKXrvvTs1ApZj2FUxaFbco4QRA8W9yzv0SOmDmWmzsebP9YHrx4/7mcjX536Sr6EshU2wD93eS+XJxybNcxr2Wv5IRFvn39hkHUEcGsIuMqrwVxaG45RQsA5TyenBuSAu+kDwsEY8c2RAuDoZq90YRajJizWY2bh1i9nEGrK9z5DMwWMB5kMZa4f0LGixh9B9Tp+XPoornlk71/Y3gSOSgKNlrPvo+CKQzXXtGXVIk77E33LiE6kijiRp/HAs4R30wow0enHlSfx8Ur79KeZxa/oMs8KDPwH3wq4uwIV/Dq887Fvk/gq0utUW1OZklvL0aF4k71DKA==&u=U2FsdGVkX19IBL4+w2j76/V0bDGNinjt4f7vaZiQORh4aj0HIeAf0E0Nl4a24CtR&y=U2FsdGVkX18vAUmhMS09L+QMYFQI4ZZiTJG548T0+cjziR6Il12NnlBYNJ6Z+Bd/ HTTP/1.1" 200 25
186.102.85.97 - - [27/Dec/2023:08:06:33 -0500] "GET /kwssiamovil/sm/acme/a?s=U2FsdGVkX19JHx3ION70t1xRgvB82Ul8tW5GPIVg4OYsLI+Si1xxp8pV/HZQtp4g2UWUYJDo4oPAtINTIOU0V5BtIohW61lKqVUUMza64cDnlcTKVRvydzpN0u+KafooW1UWfrEA5/wIpV56KOKVL5lvgx7/guKw5V22Rav4xc94vrDMN1fPeAhr8pFetxaVNWoSHGy1JQhdNFLQJR/o0pyVVAJph26UYEQ4B1JPpkKSvphPChlfO9YJdETh8S/9ZUFJmD3giFMIZoo0sg+oYUSUtJ07DTzFrUTVYGWE4fMP80cOjN1Bbr6+yhBvSJR2ViwZapXlHMe9ILmvhu53EXUbTQcpQID6uoo3kHtFQzjDXvtLL2cQhMlMzAxalAk/ujE3JOpBdXZbmMTSXOzlTldAu8mcYOXDdyknXN/GxDCtUVQ2UXTiDkwbVocLYNO6mkSwwUkcaFrG3YtyLmF0aGkRPU0R8fMrOd9lC7rPVaI=&u=U2FsdGVkX19IBL4+w2j76/V0bDGNinjt4f7vaZiQORh4aj0HIeAf0E0Nl4a24CtR&y=U2FsdGVkX18vAUmhMS09L+QMYFQI4ZZiTJG548T0+cjziR6Il12NnlBYNJ6Z+Bd/ HTTP/1.1" 200 26
156.59.198.136 - - [27/Dec/2023:08:06:42 -0500] "GET /BLA/resoluciones/RESOLUCIONES%202009/3644.pdf HTTP/1.0" 200 45748
216.245.221.92 - - [27/Dec/2023:08:06:46 -0500] "HEAD / HTTP/1.1" 200 -
201.245.192.253 - - [27/Dec/2023:08:06:50 -0500] "POST /kwsrmcab/Wsrmcab  HTTP/1.1" 200 36330
156.59.198.136 - - [27/Dec/2023:08:07:06 -0500] "GET /BLA/resoluciones/RESOLUCIONES%202007/RES%202007%20301%20AL%20400/RESOLUCION%200393%20DE%202007.pdf HTTP/1.0" 200 1011723
156.59.198.135 - - [27/Dec/2023:08:07:31 -0500] "GET /BLA/resoluciones/Notificaciones/AUTOS%202020/3600.pdf HTTP/1.0" 200 349487
201.245.192.253 - - [27/Dec/2023:08:07:32 -0500] "POST /forms/lservlet;jsessionid=ac16012b30d6ac84fb743cb8490d9168fad49a174d06.e3iSbxaKaheRe34Qc38TbN0Nb41ynknvrkLOlQzNp65In0 HTTP/1.1" 200 2
201.245.192.253 - - [27/Dec/2023:08:07:36 -0500] "POST /forms/lservlet;jsessionid=ac16012b30d608a3c74dabe741288258ac4c4de7c868.e3iSbxaKaheRe34Qc38TbN0Nb41ynknvrkLOlQzNp65In0 HTTP/1.1" 200 2
156.59.198.135 - - [27/Dec/2023:08:07:55 -0500] "GET /BLA/resoluciones/RESOLUCIONES%202009/3148.pdf HTTP/1.0" 200 473169
156.59.198.135 - - [27/Dec/2023:08:08:19 -0500] "GET /BLA/resoluciones/RESOLUCIONES%202009/3266.pdf HTTP/1.0" 200 702216
156.59.198.135 - - [27/Dec/2023:08:08:43 -0500] "GET /BLA/resoluciones/RESOLUCIONES%202009/4216.pdf HTTP/1.0" 200 1233524
172.22.2.4 - - [27/Dec/2023:08:07:07 -0500] "HEAD /BLA/boletinlegal/ HTTP/1.1" 200 -
156.59.198.135 - - [27/Dec/2023:08:09:08 -0500] "GET /BLA/resoluciones/Notificaciones/AUTOS%202020/5025.pdf HTTP/1.0" 200 331486
52.167.144.222 - - [27/Dec/2023:08:09:28 -0500] "GET /BLA/resoluciones/RESOLUCIONES%202023/2784.pdf HTTP/1.1" 200 503908
156.59.198.135 - - [27/Dec/2023:08:09:31 -0500] "GET /BLA/resoluciones/RESOLUCIONES%202009/4231.pdf HTTP/1.0" 200 637292
201.245.192.253 - - [27/Dec/2023:08:09:32 -0500] "POST /forms/lservlet;jsessionid=ac16012b30d6ac84fb743cb8490d9168fad49a174d06.e3iSbxaKaheRe34Qc38TbN0Nb41ynknvrkLOlQzNp65In0 HTTP/1.1" 200 2
52.167.144.222 - - [27/Dec/2023:08:09:36 -0500] "GET /Publicaciones/2023EE270848.pdf HTTP/1.1" 404 228
201.245.192.253 - - [27/Dec/2023:08:09:36 -0500] "POST /forms/lservlet;jsessionid=ac16012b30d608a3c74dabe741288258ac4c4de7c868.e3iSbxaKaheRe34Qc38TbN0Nb41ynknvrkLOlQzNp65In0 HTTP/1.1" 200 2
172.22.2.4 - - [27/Dec/2023:08:07:57 -0500] "GET /BLA/boletinlegal/ HTTP/1.1" 200 60502
156.59.198.135 - - [27/Dec/2023:08:09:56 -0500] "GET /BLA/resoluciones/RESOLUCIONES%202008/5235.pdf HTTP/1.0" 200 331218
179.32.53.102 - - [27/Dec/2023:08:10:10 -0500] "GET /appsia/controlador HTTP/1.1" 200 4799
156.59.198.136 - - [27/Dec/2023:08:10:20 -0500] "GET /BLA/resoluciones/RESOLUCIONES%202008/1391.pdf HTTP/1.0" 200 300234
179.32.53.102 - - [27/Dec/2023:08:10:32 -0500] "POST /appsia/controlador HTTP/1.1" 200 5437
179.32.53.102 - - [27/Dec/2023:08:10:36 -0500] "POST /appsia/controlador HTTP/1.1" 200 7732
156.59.198.135 - - [27/Dec/2023:08:10:44 -0500] "GET /BLA/resoluciones/Notificaciones/AUTOS%202020/762.pdf HTTP/1.0" 200 258573
191.156.47.6 - - [27/Dec/2023:08:10:49 -0500] "GET /sipse/faces/index.xhtml HTTP/1.1" 200 677
191.156.47.6 - - [27/Dec/2023:08:10:50 -0500] "GET /sipse/faces/javax.faces.resource/theme.css?ln=primefaces-sipse HTTP/1.1" 304 -
191.156.47.6 - - [27/Dec/2023:08:10:50 -0500] "GET /sipse/faces/faces/autenticacion.xhtml HTTP/1.1" 200 12410
191.156.47.6 - - [27/Dec/2023:08:10:50 -0500] "GET /sipse/css/custom_css_sg.css HTTP/1.1" 304 -
191.156.32.254 - - [27/Dec/2023:08:10:50 -0500] "GET /sipse/css/custom_css_sg_prime_login.css HTTP/1.1" 304 -
191.156.41.230 - - [27/Dec/2023:08:10:50 -0500] "GET /sipse/faces/javax.faces.resource/theme.css?ln=primefaces-sipse HTTP/1.1" 304 -
191.156.32.254 - - [27/Dec/2023:08:10:50 -0500] "GET /sipse/faces/javax.faces.resource/primefaces.css?ln=primefaces&v=4.0 HTTP/1.1" 304 -
191.156.34.166 - - [27/Dec/2023:08:10:50 -0500] "GET /sipse/faces/javax.faces.resource/layout/layout.css?ln=primefaces&v=4.0 HTTP/1.1" 304 -
191.156.45.123 - - [27/Dec/2023:08:10:50 -0500] "GET /sipse/js/disable_browser_buttons.js HTTP/1.1" 304 -
191.156.47.6 - - [27/Dec/2023:08:10:50 -0500] "GET /sipse/js/funciones.js HTTP/1.1" 304 -
191.156.32.254 - - [27/Dec/2023:08:10:50 -0500] "GET /sipse/faces/javax.faces.resource/jquery/jquery.js?ln=primefaces&v=4.0 HTTP/1.1" 304 -
191.156.34.166 - - [27/Dec/2023:08:10:50 -0500] "GET /sipse/faces/javax.faces.resource/layout/layout.js?ln=primefaces&v=4.0 HTTP/1.1" 304 -
191.156.32.254 - - [27/Dec/2023:08:10:50 -0500] "GET /sipse/faces/javax.faces.resource/jquery/jquery-plugins.js?ln=primefaces&v=4.0 HTTP/1.1" 304 -
191.156.41.230 - - [27/Dec/2023:08:10:50 -0500] "GET /sipse/faces/javax.faces.resource/primefaces.js?ln=primefaces&v=4.0 HTTP/1.1" 304 -
191.156.41.230 - - [27/Dec/2023:08:10:50 -0500] "GET /sipse/css/imagen/logoSDG.png HTTP/1.1" 304 -
191.156.32.254 - - [27/Dec/2023:08:10:50 -0500] "GET /sipse/css/imagen/loginimg.png HTTP/1.1" 304 -
191.156.34.166 - - [27/Dec/2023:08:10:50 -0500] "GET /sipse/faces/javax.faces.resource/images/ui-icons_898989_256x240.png?ln=primefaces-aristo HTTP/1.1" 304 -
201.245.192.253 - - [27/Dec/2023:08:10:54 -0500] "GET /sipse/faces/autenticacion.xhtml HTTP/1.1" 200 12410
201.245.192.253 - - [27/Dec/2023:08:10:55 -0500] "GET /sipse/js/disable_browser_buttons.js HTTP/1.1" 200 3230
201.245.192.253 - - [27/Dec/2023:08:10:55 -0500] "GET /sipse/js/funciones.js HTTP/1.1" 200 12592
201.245.192.253 - - [27/Dec/2023:08:10:56 -0500] "GET /sipse/css/custom_css_sg_prime_login.css HTTP/1.1" 200 443
201.245.192.253 - - [27/Dec/2023:08:10:56 -0500] "GET /sipse/css/custom_css_sg.css HTTP/1.1" 200 9694
201.245.192.253 - - [27/Dec/2023:08:10:56 -0500] "GET /sipse/faces/javax.faces.resource/layout/layout.css?ln=primefaces&v=4.0 HTTP/1.1" 200 542
201.245.192.253 - - [27/Dec/2023:08:10:56 -0500] "GET /sipse/faces/javax.faces.resource/primefaces.css?ln=primefaces&v=4.0 HTTP/1.1" 200 53295
201.245.192.253 - - [27/Dec/2023:08:10:56 -0500] "GET /sipse/faces/javax.faces.resource/theme.css?ln=primefaces-sipse HTTP/1.1" 200 50058
201.245.192.253 - - [27/Dec/2023:08:10:56 -0500] "GET /sipse/faces/javax.faces.resource/jquery/jquery.js?ln=primefaces&v=4.0 HTTP/1.1" 200 105384
201.245.192.253 - - [27/Dec/2023:08:10:56 -0500] "GET /sipse/faces/javax.faces.resource/jquery/jquery-plugins.js?ln=primefaces&v=4.0 HTTP/1.1" 200 220526
201.245.192.253 - - [27/Dec/2023:08:10:56 -0500] "GET /sipse/faces/javax.faces.resource/layout/layout.js?ln=primefaces&v=4.0 HTTP/1.1" 200 87560
201.245.192.253 - - [27/Dec/2023:08:10:56 -0500] "GET /sipse/faces/javax.faces.resource/primefaces.js?ln=primefaces&v=4.0 HTTP/1.1" 200 276924
201.245.192.253 - - [27/Dec/2023:08:10:58 -0500] "GET /sipse/faces/javax.faces.resource/images/ui-icons_898989_256x240.png?ln=primefaces-aristo HTTP/1.1" 200 5355
201.245.192.253 - - [27/Dec/2023:08:10:58 -0500] "GET /sipse/css/imagen/logoSDG.png HTTP/1.1" 200 53064
201.245.192.253 - - [27/Dec/2023:08:10:58 -0500] "GET /sipse/css/imagen/loginimg.png HTTP/1.1" 200 71635
201.245.192.253 - - [27/Dec/2023:08:10:58 -0500] "GET /sipse/faces/index.xhtml HTTP/1.1" 200 677
201.245.192.253 - - [27/Dec/2023:08:10:59 -0500] "GET /sipse/faces/javax.faces.resource/theme.css?ln=primefaces-sipse HTTP/1.1" 304 -
201.245.192.253 - - [27/Dec/2023:08:10:59 -0500] "GET /favicon.ico HTTP/1.1" 200 7782
201.245.192.253 - - [27/Dec/2023:08:10:59 -0500] "GET /sipse/faces/faces/autenticacion.xhtml HTTP/1.1" 200 12410
201.245.192.253 - - [27/Dec/2023:08:11:00 -0500] "GET /sipse/faces/javax.faces.resource/jquery/jquery.js?ln=primefaces&v=4.0 HTTP/1.1" 304 -
201.245.192.253 - - [27/Dec/2023:08:11:00 -0500] "GET /sipse/faces/javax.faces.resource/layout/layout.css?ln=primefaces&v=4.0 HTTP/1.1" 304 -
201.245.192.253 - - [27/Dec/2023:08:11:00 -0500] "GET /sipse/faces/javax.faces.resource/theme.css?ln=primefaces-sipse HTTP/1.1" 304 -
201.245.192.253 - - [27/Dec/2023:08:11:00 -0500] "GET /sipse/faces/javax.faces.resource/jquery/jquery-plugins.js?ln=primefaces&v=4.0 HTTP/1.1" 304 -
201.245.192.253 - - [27/Dec/2023:08:11:00 -0500] "GET /sipse/faces/javax.faces.resource/primefaces.css?ln=primefaces&v=4.0 HTTP/1.1" 304 -
201.245.192.253 - - [27/Dec/2023:08:11:00 -0500] "GET /sipse/faces/javax.faces.resource/primefaces.js?ln=primefaces&v=4.0 HTTP/1.1" 304 -
201.245.192.253 - - [27/Dec/2023:08:11:00 -0500] "GET /sipse/faces/javax.faces.resource/layout/layout.js?ln=primefaces&v=4.0 HTTP/1.1" 304 -
156.59.198.135 - - [27/Dec/2023:08:11:09 -0500] "GET /BLA/resoluciones/AUTOS%202010/1944.pdf HTTP/1.0" 200 320516
207.46.13.78 - - [27/Dec/2023:08:11:25 -0500] "GET /Publicaciones/2023EE276440.pdf HTTP/1.1" 404 228
207.46.13.78 - - [27/Dec/2023:08:11:25 -0500] "GET /BLA/resoluciones/AUTOS%202023/3895.pdf HTTP/1.1" 200 969072
201.245.192.253 - - [27/Dec/2023:08:11:32 -0500] "POST /forms/lservlet;jsessionid=ac16012b30d6ac84fb743cb8490d9168fad49a174d06.e3iSbxaKaheRe34Qc38TbN0Nb41ynknvrkLOlQzNp65In0 HTTP/1.1" 200 2
156.59.198.135 - - [27/Dec/2023:08:11:33 -0500] "GET /BLA/resoluciones/RESOLUCIONES%202008/1439.pdf HTTP/1.0" 200 301807
191.156.32.254 - - [27/Dec/2023:08:11:35 -0500] "POST /sipse/faces/autenticacion.xhtml HTTP/1.1" 200 16890
201.245.192.253 - - [27/Dec/2023:08:11:36 -0500] "POST /forms/lservlet;jsessionid=ac16012b30d608a3c74dabe741288258ac4c4de7c868.e3iSbxaKaheRe34Qc38TbN0Nb41ynknvrkLOlQzNp65In0 HTTP/1.1" 200 2
191.156.32.254 - - [27/Dec/2023:08:11:36 -0500] "GET /sipse/js/jquery.min.js HTTP/1.1" 304 -
191.156.32.254 - - [27/Dec/2023:08:11:36 -0500] "GET /sipse/faces/javax.faces.resource/theme.css?ln=primefaces-sipse HTTP/1.1" 304 -
191.156.37.5 - - [27/Dec/2023:08:11:36 -0500] "GET /sipse/faces/javax.faces.resource/primefaces.css?ln=primefaces&v=4.0 HTTP/1.1" 304 -
191.156.34.166 - - [27/Dec/2023:08:11:36 -0500] "GET /sipse/faces/javax.faces.resource/layout/layout.css?ln=primefaces&v=4.0 HTTP/1.1" 304 -
191.156.38.89 - - [27/Dec/2023:08:11:36 -0500] "GET /sipse/css/custom_css_sg_prime.css HTTP/1.1" 304 -
191.156.38.89 - - [27/Dec/2023:08:11:36 -0500] "GET /sipse/faces/javax.faces.resource/jquery/jquery.js?ln=primefaces&v=4.0 HTTP/1.1" 304 -
191.156.38.89 - - [27/Dec/2023:08:11:36 -0500] "GET /sipse/faces/javax.faces.resource/jquery/jquery-plugins.js?ln=primefaces&v=4.0 HTTP/1.1" 304 -
191.156.38.89 - - [27/Dec/2023:08:11:36 -0500] "GET /sipse/faces/javax.faces.resource/primefaces.js?ln=primefaces&v=4.0 HTTP/1.1" 304 -
191.156.38.89 - - [27/Dec/2023:08:11:36 -0500] "GET /sipse/faces/javax.faces.resource/layout/layout.js?ln=primefaces&v=4.0 HTTP/1.1" 304 -
191.156.38.89 - - [27/Dec/2023:08:11:37 -0500] "GET /sipse/css/v_mergente.css HTTP/1.1" 304 -
191.156.38.89 - - [27/Dec/2023:08:11:37 -0500] "GET /sipse/imagenes/cargando.gif HTTP/1.1" 304 -
191.156.37.5 - - [27/Dec/2023:08:11:37 -0500] "GET /sipse/imagenes/logoAplicacion.jpg HTTP/1.1" 304 -
191.156.34.166 - - [27/Dec/2023:08:11:37 -0500] "GET /sipse/css/imagen/contrasena.png HTTP/1.1" 404 383
191.156.32.254 - - [27/Dec/2023:08:11:37 -0500] "GET /sipse/faces/javax.faces.resource/messages/messages.png?ln=primefaces&v=4.0 HTTP/1.1" 304 -
191.156.32.254 - - [27/Dec/2023:08:11:45 -0500] "GET /sipse/faces/javax.faces.resource/images/ui-bg_flat_0_2d5972_40x100.png?ln=primefaces-aristo HTTP/1.1" 304 -
191.156.34.166 - - [27/Dec/2023:08:11:45 -0500] "POST /sipse/faces/bienvenido.xhtml HTTP/1.1" 200 2073
216.245.221.92 - - [27/Dec/2023:08:11:46 -0500] "HEAD / HTTP/1.1" 200 -
191.156.34.166 - - [27/Dec/2023:08:11:46 -0500] "POST /sipse/faces/bienvenido.xhtml HTTP/1.1" 200 39077
191.156.34.166 - - [27/Dec/2023:08:11:46 -0500] "GET /sipse/faces/javax.faces.resource/theme.css?ln=primefaces-sipse HTTP/1.1" 304 -
191.156.32.254 - - [27/Dec/2023:08:11:46 -0500] "GET /sipse/faces/javax.faces.resource/primefaces.css?ln=primefaces&v=4.0 HTTP/1.1" 304 -
191.156.37.5 - - [27/Dec/2023:08:11:46 -0500] "GET /sipse/faces/javax.faces.resource/layout/layout.css?ln=primefaces&v=4.0 HTTP/1.1" 304 -
191.156.37.5 - - [27/Dec/2023:08:11:46 -0500] "GET /sipse/faces/javax.faces.resource/jquery/jquery.js?ln=primefaces&v=4.0 HTTP/1.1" 304 -
191.156.37.5 - - [27/Dec/2023:08:11:47 -0500] "GET /sipse/faces/javax.faces.resource/jquery/jquery-plugins.js?ln=primefaces&v=4.0 HTTP/1.1" 304 -
191.156.37.5 - - [27/Dec/2023:08:11:47 -0500] "GET /sipse/faces/javax.faces.resource/primefaces.js?ln=primefaces&v=4.0 HTTP/1.1" 304 -
191.156.37.5 - - [27/Dec/2023:08:11:47 -0500] "GET /sipse/faces/javax.faces.resource/layout/layout.js?ln=primefaces&v=4.0 HTTP/1.1" 304 -
201.245.192.253 - - [27/Dec/2023:08:11:49 -0500] "POST /kwsrmcab/Wsrmcab  HTTP/1.1" 200 36330
156.59.198.135 - - [27/Dec/2023:08:11:57 -0500] "GET /BLA/resoluciones/RESOLUCIONES%202009/2164.pdf HTTP/1.0" 200 775810
191.156.37.5 - - [27/Dec/2023:08:12:01 -0500] "POST /sipse/faces/presentacion/financiero/solicitudProceso/consultar.xhtml HTTP/1.1" 200 12948
156.59.198.135 - - [27/Dec/2023:08:12:22 -0500] "GET /BLA/resoluciones/RESOLUCIONES%202008/2347.pdf HTTP/1.0" 200 293564
181.53.14.167 - - [27/Dec/2023:08:12:36 -0500] "GET /sipse/faces/index.xhtml HTTP/1.1" 200 677
181.53.14.167 - - [27/Dec/2023:08:12:36 -0500] "GET /sipse/faces/javax.faces.resource/theme.css?ln=primefaces-sipse HTTP/1.1" 304 -
181.53.14.167 - - [27/Dec/2023:08:12:36 -0500] "GET /sipse/faces/faces/autenticacion.xhtml HTTP/1.1" 200 12410
181.53.14.167 - - [27/Dec/2023:08:12:37 -0500] "GET /sipse/faces/javax.faces.resource/theme.css?ln=primefaces-sipse HTTP/1.1" 304 -
181.53.14.167 - - [27/Dec/2023:08:12:37 -0500] "GET /sipse/css/custom_css_sg.css HTTP/1.1" 304 -
181.53.14.167 - - [27/Dec/2023:08:12:37 -0500] "GET /sipse/css/custom_css_sg_prime_login.css HTTP/1.1" 304 -
181.53.14.167 - - [27/Dec/2023:08:12:37 -0500] "GET /sipse/js/disable_browser_buttons.js HTTP/1.1" 304 -
181.53.14.167 - - [27/Dec/2023:08:12:37 -0500] "GET /sipse/faces/javax.faces.resource/layout/layout.css?ln=primefaces&v=4.0 HTTP/1.1" 304 -
181.53.14.167 - - [27/Dec/2023:08:12:37 -0500] "GET /sipse/faces/javax.faces.resource/jquery/jquery-plugins.js?ln=primefaces&v=4.0 HTTP/1.1" 304 -
181.53.14.167 - - [27/Dec/2023:08:12:37 -0500] "GET /sipse/faces/javax.faces.resource/primefaces.css?ln=primefaces&v=4.0 HTTP/1.1" 304 -
181.53.14.167 - - [27/Dec/2023:08:12:37 -0500] "GET /sipse/js/funciones.js HTTP/1.1" 304 -
181.53.14.167 - - [27/Dec/2023:08:12:37 -0500] "GET /sipse/faces/javax.faces.resource/primefaces.js?ln=primefaces&v=4.0 HTTP/1.1" 304 -
181.53.14.167 - - [27/Dec/2023:08:12:37 -0500] "GET /sipse/faces/javax.faces.resource/layout/layout.js?ln=primefaces&v=4.0 HTTP/1.1" 304 -
181.53.14.167 - - [27/Dec/2023:08:12:37 -0500] "GET /sipse/faces/javax.faces.resource/jquery/jquery.js?ln=primefaces&v=4.0 HTTP/1.1" 304 -
181.53.14.167 - - [27/Dec/2023:08:12:37 -0500] "GET /sipse/css/imagen/logoSDG.png HTTP/1.1" 304 -
181.53.14.167 - - [27/Dec/2023:08:12:37 -0500] "GET /sipse/css/imagen/loginimg.png HTTP/1.1" 304 -
