172.22.2.4 - - [27/Dec/2023:05:46:53 -0500] "GET /BLA/boletinlegal/images/green-yellow-blue-pink-th.png HTTP/1.1" 200 7394
172.22.2.4 - - [27/Dec/2023:05:46:53 -0500] "GET /BLA/boletinlegal/images/tel.png HTTP/1.1" 200 14477
172.22.2.4 - - [27/Dec/2023:05:46:53 -0500] "GET /BLA/boletinlegal/images/icono-email.png HTTP/1.1" 200 5544
172.22.2.4 - - [27/Dec/2023:05:46:53 -0500] "GET /BLA/boletinlegal/images/body_bg.jpg HTTP/1.1" 200 1601
172.22.2.4 - - [27/Dec/2023:05:46:53 -0500] "GET /BLA/boletinlegal/images/menu_lft.gif HTTP/1.1" 200 1713
172.22.2.4 - - [27/Dec/2023:05:46:53 -0500] "GET /BLA/boletinlegal/images/menu_rght.gif HTTP/1.1" 200 1627
172.22.2.4 - - [27/Dec/2023:05:46:53 -0500] "GET /BLA/boletinlegal/images/bg_top.jpg HTTP/1.1" 200 522
172.22.2.4 - - [27/Dec/2023:05:46:53 -0500] "GET /BLA/boletinlegal/images/menu_bg.jpg HTTP/1.1" 200 620
172.22.2.4 - - [27/Dec/2023:05:46:53 -0500] "GET /BLA/boletinlegal/images/text.jpg HTTP/1.1" 200 568
172.22.2.4 - - [27/Dec/2023:05:46:53 -0500] "GET /BLA/boletinlegal/images/hover.jpg HTTP/1.1" 200 640
172.22.2.4 - - [27/Dec/2023:05:46:53 -0500] "GET /BLA/boletinlegal/images/footer_bg.jpg HTTP/1.1" 200 586
172.22.2.4 - - [27/Dec/2023:05:46:53 -0500] "GET /BLA/boletinlegal/images/footer_bg_l.jpg HTTP/1.1" 200 776
172.22.2.4 - - [27/Dec/2023:05:46:53 -0500] "GET /BLA/boletinlegal/favicon.ico HTTP/1.1" 404 1326
172.22.2.4 - - [27/Dec/2023:05:46:53 -0500] "GET /BLA/boletinlegal/img/0.png HTTP/1.1" 200 110
172.22.2.4 - - [27/Dec/2023:05:46:53 -0500] "GET /BLA/boletinlegal/img/button.png HTTP/1.1" 200 43241
172.22.2.4 - - [27/Dec/2023:05:46:53 -0500] "GET /BLA/boletinlegal/img/select-left.png HTTP/1.1" 200 263
172.22.2.4 - - [27/Dec/2023:05:46:53 -0500] "GET /BLA/boletinlegal/img/select-right.png HTTP/1.1" 200 44019
172.22.2.4 - - [27/Dec/2023:05:46:53 -0500] "GET /BLA/boletinlegal/img/button-left.png HTTP/1.1" 200 57071
172.22.2.4 - - [27/Dec/2023:05:46:53 -0500] "GET /BLA/boletinlegal/img/button-right.png HTTP/1.1" 200 57878
172.22.2.4 - - [27/Dec/2023:05:47:00 -0500] "GET /BLA/boletinlegal/consulta_actos.php?tipo=resoluciones&no=1412&usuario=&sector=&fecha=2023&resuelve= HTTP/1.1" 200 1363
172.22.2.4 - - [27/Dec/2023:05:47:00 -0500] "GET /BLA/boletinlegal/images/pdf.gif HTTP/1.1" 200 567
201.245.231.18 - - [27/Dec/2023:05:47:04 -0500] "GET /BLA/resoluciones/RESOLUCIONES%202023/1412.pdf HTTP/1.1" 200 374041
201.245.231.18 - - [27/Dec/2023:05:47:04 -0500] "GET /favicon.ico HTTP/1.1" 200 7782
156.59.198.135 - - [27/Dec/2023:05:47:04 -0500] "GET /BLA/resoluciones/RESOLUCIONES%202008/5237.pdf HTTP/1.0" 200 333611
156.59.198.135 - - [27/Dec/2023:05:47:28 -0500] "GET /BLA/resoluciones/RESOLUCIONES%202009/1718.pdf HTTP/1.0" 200 976985
201.245.192.253 - - [27/Dec/2023:05:47:29 -0500] "POST /kwsrmcab/Wsrmcab  HTTP/1.1" 200 36330
201.245.192.253 - - [27/Dec/2023:05:47:32 -0500] "POST /forms/lservlet;jsessionid=ac16012b30d6ac84fb743cb8490d9168fad49a174d06.e3iSbxaKaheRe34Qc38TbN0Nb41ynknvrkLOlQzNp65In0 HTTP/1.1" 200 2
201.245.192.253 - - [27/Dec/2023:05:47:36 -0500] "POST /forms/lservlet;jsessionid=ac16012b30d608a3c74dabe741288258ac4c4de7c868.e3iSbxaKaheRe34Qc38TbN0Nb41ynknvrkLOlQzNp65In0 HTTP/1.1" 200 2
156.59.198.135 - - [27/Dec/2023:05:47:53 -0500] "GET /BLA/resoluciones/RESOLUCIONES%202009/1861.pdf HTTP/1.0" 200 420231
156.59.198.136 - - [27/Dec/2023:05:48:17 -0500] "GET /BLA/resoluciones/RESOLUCIONES%202008/1575.pdf HTTP/1.0" 200 304089
156.59.198.136 - - [27/Dec/2023:05:48:41 -0500] "GET /BLA/resoluciones/RESOLUCIONES%202007/RES%202007%202501%20AL%202600/RESOLUCION%202528%20DE%202007.pdf HTTP/1.0" 200 170283
172.22.2.4 - - [27/Dec/2023:05:47:06 -0500] "HEAD /BLA/boletinlegal/ HTTP/1.1" 200 -
156.59.198.135 - - [27/Dec/2023:05:49:06 -0500] "GET /BLA/resoluciones/RESOLUCIONES%202009/2518.pdf HTTP/1.0" 200 428073
156.59.198.135 - - [27/Dec/2023:05:49:30 -0500] "GET /BLA/resoluciones/RESOLUCIONES%202009/3952.pdf HTTP/1.0" 200 142286
201.245.192.253 - - [27/Dec/2023:05:49:32 -0500] "POST /forms/lservlet;jsessionid=ac16012b30d6ac84fb743cb8490d9168fad49a174d06.e3iSbxaKaheRe34Qc38TbN0Nb41ynknvrkLOlQzNp65In0 HTTP/1.1" 200 2
201.245.192.253 - - [27/Dec/2023:05:49:36 -0500] "POST /forms/lservlet;jsessionid=ac16012b30d608a3c74dabe741288258ac4c4de7c868.e3iSbxaKaheRe34Qc38TbN0Nb41ynknvrkLOlQzNp65In0 HTTP/1.1" 200 2
172.22.2.4 - - [27/Dec/2023:05:47:57 -0500] "GET /BLA/boletinlegal/ HTTP/1.1" 200 60910
156.59.198.136 - - [27/Dec/2023:05:49:54 -0500] "GET /BLA/resoluciones/RESOLUCIONES%202018/2120.pdf HTTP/1.0" 200 266994
156.59.198.136 - - [27/Dec/2023:05:50:18 -0500] "GET /BLA/resoluciones/RESOLUCIONES%202009/1920.pdf HTTP/1.0" 200 433179
179.42.173.2 - - [27/Dec/2023:05:50:36 -0500] "GET /distrito-exalto-a-246-empresas-de-bogota-por-su-alto-desempeno-y-responsabilidad-ambiental-durante-2023.html HTTP/1.1" 200 1039
179.42.173.2 - - [27/Dec/2023:05:50:41 -0500] "GET /distrito-exalto-a-246-empresas-de-bogota-por-su-alto-desempeno-y-responsabilidad-ambiental-durante-2023.html HTTP/1.1" 200 1039
156.59.198.136 - - [27/Dec/2023:05:50:42 -0500] "GET /BLA/resoluciones/RESOLUCIONES%202009/2629.pdf HTTP/1.0" 200 878415
69.171.231.119 - - [27/Dec/2023:05:50:43 -0500] "GET /mis-de-50-aves-silvestres-fueron-recuperadas-en-la-localidad-de-tunjuelito.html HTTP/1.1" 200 806
31.13.127.120 - - [27/Dec/2023:05:50:45 -0500] "GET /mis-de-50-aves-silvestres-fueron-recuperadas-en-la-localidad-de-tunjuelito.html HTTP/1.1" 200 806
31.13.127.8 - - [27/Dec/2023:05:50:45 -0500] "GET /mis-de-50-aves-silvestres-fueron-recuperadas-en-la-localidad-de-tunjuelito.html HTTP/1.1" 200 806
31.13.127.14 - - [27/Dec/2023:05:50:46 -0500] "GET /mis-de-50-aves-silvestres-fueron-recuperadas-en-la-localidad-de-tunjuelito.html HTTP/1.1" 200 806
156.59.198.136 - - [27/Dec/2023:05:51:06 -0500] "GET /BLA/resoluciones/RESOLUCIONES%202008/3508.pdf HTTP/1.0" 200 359520
156.59.198.135 - - [27/Dec/2023:05:51:30 -0500] "GET /BLA/resoluciones/RESOLUCIONES%202018/1894.pdf HTTP/1.0" 200 268322
201.245.192.253 - - [27/Dec/2023:05:51:32 -0500] "POST /forms/lservlet;jsessionid=ac16012b30d6ac84fb743cb8490d9168fad49a174d06.e3iSbxaKaheRe34Qc38TbN0Nb41ynknvrkLOlQzNp65In0 HTTP/1.1" 200 2
201.245.192.253 - - [27/Dec/2023:05:51:36 -0500] "POST /forms/lservlet;jsessionid=ac16012b30d608a3c74dabe741288258ac4c4de7c868.e3iSbxaKaheRe34Qc38TbN0Nb41ynknvrkLOlQzNp65In0 HTTP/1.1" 200 2
216.245.221.92 - - [27/Dec/2023:05:51:46 -0500] "HEAD / HTTP/1.1" 200 -
156.59.198.136 - - [27/Dec/2023:05:51:55 -0500] "GET /BLA/resoluciones/RESOLUCIONES%202007/RES%202007%202301%20AL%202400/RESOLUCION%202338%20DE%202007.pdf HTTP/1.0" 200 325645
156.59.198.135 - - [27/Dec/2023:05:52:19 -0500] "GET /BLA/resoluciones/RESOLUCIONES%202007/RES%202007%201901%20AL%202000/RESOLUCION%201924%20DE%202007.pdf HTTP/1.0" 200 705388
201.245.192.253 - - [27/Dec/2023:05:52:27 -0500] "POST /kwsrmcab/Wsrmcab  HTTP/1.1" 200 36330
156.59.198.135 - - [27/Dec/2023:05:52:44 -0500] "GET /BLA/resoluciones/RESOLUCIONES%202009/2668.pdf HTTP/1.0" 200 395432
156.59.198.136 - - [27/Dec/2023:05:53:08 -0500] "GET /BLA/resoluciones/RESOLUCIONES%202009/2914.pdf HTTP/1.0" 200 1314969
201.245.192.253 - - [27/Dec/2023:05:53:32 -0500] "POST /forms/lservlet;jsessionid=ac16012b30d6ac84fb743cb8490d9168fad49a174d06.e3iSbxaKaheRe34Qc38TbN0Nb41ynknvrkLOlQzNp65In0 HTTP/1.1" 200 2
156.59.198.136 - - [27/Dec/2023:05:53:32 -0500] "GET /BLA/resoluciones/RESOLUCIONES%202009/4153.pdf HTTP/1.0" 200 780888
190.7.155.82 - - [27/Dec/2023:05:53:35 -0500] "GET /distrito-exalto-a-246-empresas-de-bogota-por-su-alto-desempeno-y-responsabilidad-ambiental-durante-2023.html HTTP/1.1" 200 1039
201.245.192.253 - - [27/Dec/2023:05:53:36 -0500] "POST /forms/lservlet;jsessionid=ac16012b30d608a3c74dabe741288258ac4c4de7c868.e3iSbxaKaheRe34Qc38TbN0Nb41ynknvrkLOlQzNp65In0 HTTP/1.1" 200 2
156.59.198.135 - - [27/Dec/2023:05:53:56 -0500] "GET /BLA/resoluciones/RESOLUCIONES%202008/4198.pdf HTTP/1.0" 200 514193
156.59.198.135 - - [27/Dec/2023:05:54:20 -0500] "GET /BLA/resoluciones/AUTOS%202015/6327.pdf HTTP/1.0" 200 344861
172.22.2.4 - - [27/Dec/2023:05:52:56 -0500] "HEAD /BLA/boletinlegal/ HTTP/1.1" 200 -
156.59.198.136 - - [27/Dec/2023:05:54:44 -0500] "GET /BLA/resoluciones/RESOLUCIONES%202009/3042.pdf HTTP/1.0" 200 418972
186.84.90.134 - - [27/Dec/2023:05:55:02 -0500] "GET /distrito-exalto-a-246-empresas-de-bogota-por-su-alto-desempeno-y-responsabilidad-ambiental-durante-2023.html HTTP/1.1" 200 1039
186.84.90.134 - - [27/Dec/2023:05:55:02 -0500] "GET /favicon.ico HTTP/1.1" 404 1510
156.59.198.136 - - [27/Dec/2023:05:55:09 -0500] "GET /BLA/resoluciones/RESOLUCIONES%202007/RES%202007%202501%20AL%202600/RESOLUCION%202595%20DE%202007.pdf HTTP/1.0" 200 624721
172.22.2.4 - - [27/Dec/2023:05:53:47 -0500] "GET /BLA/boletinlegal/ HTTP/1.1" 200 60910
201.245.192.253 - - [27/Dec/2023:05:55:32 -0500] "POST /forms/lservlet;jsessionid=ac16012b30d6ac84fb743cb8490d9168fad49a174d06.e3iSbxaKaheRe34Qc38TbN0Nb41ynknvrkLOlQzNp65In0 HTTP/1.1" 200 2
156.59.198.135 - - [27/Dec/2023:05:55:34 -0500] "GET /BLA/resoluciones/RESOLUCIONES%202018/2566.pdf HTTP/1.0" 200 291217
201.245.192.253 - - [27/Dec/2023:05:55:36 -0500] "POST /forms/lservlet;jsessionid=ac16012b30d608a3c74dabe741288258ac4c4de7c868.e3iSbxaKaheRe34Qc38TbN0Nb41ynknvrkLOlQzNp65In0 HTTP/1.1" 200 2
156.59.198.136 - - [27/Dec/2023:05:55:58 -0500] "GET /BLA/resoluciones/RESOLUCIONES%202008/4781.pdf HTTP/1.0" 200 349146
156.59.198.135 - - [27/Dec/2023:05:56:21 -0500] "GET /BLA/resoluciones/RESOLUCIONES%202009/3360.pdf HTTP/1.0" 200 541915
216.245.221.92 - - [27/Dec/2023:05:56:46 -0500] "HEAD / HTTP/1.1" 200 -
156.59.198.136 - - [27/Dec/2023:05:56:46 -0500] "GET /BLA/resoluciones/RESOLUCIONES%202018/1687.pdf HTTP/1.0" 200 268509
156.59.198.135 - - [27/Dec/2023:05:57:11 -0500] "GET /BLA/resoluciones/RESOLUCIONES%202007/RES%202007%201801%20AL%201900/RESOLUCION%201832%20DE%202007.pdf HTTP/1.0" 200 26552
172.22.2.4 - - [27/Dec/2023:05:57:19 -0500] "GET /BLA/boletinlegal/robots.txt HTTP/1.1" 404 1038
201.245.192.253 - - [27/Dec/2023:05:57:26 -0500] "POST /kwsrmcab/Wsrmcab  HTTP/1.1" 200 36330
201.245.192.253 - - [27/Dec/2023:05:57:32 -0500] "POST /forms/lservlet;jsessionid=ac16012b30d6ac84fb743cb8490d9168fad49a174d06.e3iSbxaKaheRe34Qc38TbN0Nb41ynknvrkLOlQzNp65In0 HTTP/1.1" 200 2
201.245.192.253 - - [27/Dec/2023:05:57:36 -0500] "POST /forms/lservlet;jsessionid=ac16012b30d608a3c74dabe741288258ac4c4de7c868.e3iSbxaKaheRe34Qc38TbN0Nb41ynknvrkLOlQzNp65In0 HTTP/1.1" 200 2
156.59.198.136 - - [27/Dec/2023:05:57:36 -0500] "GET /BLA/resoluciones/RESOLUCIONES%202008/2987.pdf HTTP/1.0" 200 318090
156.59.198.135 - - [27/Dec/2023:05:58:00 -0500] "GET /BLA/resoluciones/RESOLUCIONES%202008/4000.pdf HTTP/1.0" 200 394616
156.59.198.136 - - [27/Dec/2023:05:58:24 -0500] "GET /BLA/resoluciones/AUTOS%202010/3855.pdf HTTP/1.0" 200 168361
156.59.198.135 - - [27/Dec/2023:05:58:48 -0500] "GET /BLA/resoluciones/RESOLUCIONES%202007/RES%202007%202701%20AL%202800/RESOLUCION%202733%20DE%202007.pdf HTTP/1.0" 200 853737
172.22.2.4 - - [27/Dec/2023:05:57:21 -0500] "GET /BLA/boletinlegal/index.php HTTP/1.1" 200 62055
156.59.198.136 - - [27/Dec/2023:05:59:13 -0500] "GET /BLA/resoluciones/RESOLUCIONES%202007/RES%202007%201801%20AL%201900/RESOLUCION%201897%20DE%202007.pdf HTTP/1.0" 200 586602
201.245.192.253 - - [27/Dec/2023:05:59:32 -0500] "POST /forms/lservlet;jsessionid=ac16012b30d6ac84fb743cb8490d9168fad49a174d06.e3iSbxaKaheRe34Qc38TbN0Nb41ynknvrkLOlQzNp65In0 HTTP/1.1" 200 2
201.245.192.253 - - [27/Dec/2023:05:59:36 -0500] "POST /forms/lservlet;jsessionid=ac16012b30d608a3c74dabe741288258ac4c4de7c868.e3iSbxaKaheRe34Qc38TbN0Nb41ynknvrkLOlQzNp65In0 HTTP/1.1" 200 2
156.59.198.136 - - [27/Dec/2023:05:59:37 -0500] "GET /BLA/resoluciones/Notificaciones/AUTOS%202023/1872.pdf HTTP/1.0" 200 380753
156.59.198.136 - - [27/Dec/2023:06:00:01 -0500] "GET /BLA/resoluciones/RESOLUCIONES%202007/RES%202007%203001%20AL%203100/RESOLUCION%203066%20DE%202007.pdf HTTP/1.0" 200 591449
156.59.198.136 - - [27/Dec/2023:06:00:25 -0500] "GET /BLA/resoluciones/RESOLUCIONES%202009/2404.pdf HTTP/1.0" 200 130810
172.22.2.4 - - [27/Dec/2023:05:58:46 -0500] "HEAD /BLA/boletinlegal/ HTTP/1.1" 200 -
156.59.198.135 - - [27/Dec/2023:06:00:49 -0500] "GET /BLA/resoluciones/RESOLUCIONES%202007/RES%202007%203801%20AL%203900/RESOLUCION%203816%20DE%202007.pdf HTTP/1.0" 200 464743
156.59.198.135 - - [27/Dec/2023:06:01:13 -0500] "GET /BLA/resoluciones/RESOLUCIONES%202009/1389.pdf HTTP/1.0" 200 383785
172.22.2.4 - - [27/Dec/2023:05:59:37 -0500] "GET /BLA/boletinlegal/ HTTP/1.1" 200 58567
181.55.23.170 - - [27/Dec/2023:06:01:20 -0500] "GET /distrito-exalto-a-246-empresas-de-bogota-por-su-alto-desempeno-y-responsabilidad-ambiental-durante-2023.html HTTP/1.1" 200 1039
201.245.192.253 - - [27/Dec/2023:06:01:32 -0500] "POST /forms/lservlet;jsessionid=ac16012b30d6ac84fb743cb8490d9168fad49a174d06.e3iSbxaKaheRe34Qc38TbN0Nb41ynknvrkLOlQzNp65In0 HTTP/1.1" 200 2
201.245.192.253 - - [27/Dec/2023:06:01:36 -0500] "POST /forms/lservlet;jsessionid=ac16012b30d608a3c74dabe741288258ac4c4de7c868.e3iSbxaKaheRe34Qc38TbN0Nb41ynknvrkLOlQzNp65In0 HTTP/1.1" 200 2
156.59.198.135 - - [27/Dec/2023:06:01:38 -0500] "GET /BLA/resoluciones/RESOLUCIONES%202007/RES%202007%201901%20AL%202000/RESOLUCION%201920_DE2007.pdf HTTP/1.0" 200 330294
216.245.221.92 - - [27/Dec/2023:06:01:46 -0500] "HEAD / HTTP/1.1" 200 -
156.59.198.135 - - [27/Dec/2023:06:02:02 -0500] "GET /BLA/resoluciones/RESOLUCIONES%202008/2772.pdf HTTP/1.0" 200 337410
156.59.198.135 - - [27/Dec/2023:06:02:26 -0500] "GET /BLA/resoluciones/Notificaciones/AUTOS%202023/618.pdf HTTP/1.0" 200 445279
201.245.192.253 - - [27/Dec/2023:06:02:25 -0500] "POST /kwsrmcab/Wsrmcab  HTTP/1.1" 200 36330
156.59.198.136 - - [27/Dec/2023:06:02:51 -0500] "GET /BLA/resoluciones/Notificaciones/AUTOS%202023/619.pdf HTTP/1.0" 200 355708
156.59.198.135 - - [27/Dec/2023:06:03:15 -0500] "GET /BLA/resoluciones/Notificaciones/AUTOS%202023/1534.pdf HTTP/1.0" 200 385407
201.245.192.253 - - [27/Dec/2023:06:03:32 -0500] "POST /forms/lservlet;jsessionid=ac16012b30d6ac84fb743cb8490d9168fad49a174d06.e3iSbxaKaheRe34Qc38TbN0Nb41ynknvrkLOlQzNp65In0 HTTP/1.1" 200 2
201.245.192.253 - - [27/Dec/2023:06:03:36 -0500] "POST /forms/lservlet;jsessionid=ac16012b30d608a3c74dabe741288258ac4c4de7c868.e3iSbxaKaheRe34Qc38TbN0Nb41ynknvrkLOlQzNp65In0 HTTP/1.1" 200 2
156.59.198.136 - - [27/Dec/2023:06:03:39 -0500] "GET /BLA/resoluciones/RESOLUCIONES%202008/4683.pdf HTTP/1.0" 200 329973
156.59.198.135 - - [27/Dec/2023:06:04:03 -0500] "GET /BLA/resoluciones/RESOLUCIONES%202018/3742.pdf HTTP/1.0" 200 365059
156.59.198.136 - - [27/Dec/2023:06:04:28 -0500] "GET /BLA/resoluciones/RESOLUCIONES%202008/1857.pdf HTTP/1.0" 200 281128
156.59.198.135 - - [27/Dec/2023:06:04:53 -0500] "GET /BLA/resoluciones/RESOLUCIONES%202009/1966.pdf HTTP/1.0" 200 528226
156.59.198.136 - - [27/Dec/2023:06:05:18 -0500] "GET /BLA/resoluciones/RESOLUCIONES%202008/1251.pdf HTTP/1.0" 200 664236
201.245.192.253 - - [27/Dec/2023:06:05:32 -0500] "POST /forms/lservlet;jsessionid=ac16012b30d6ac84fb743cb8490d9168fad49a174d06.e3iSbxaKaheRe34Qc38TbN0Nb41ynknvrkLOlQzNp65In0 HTTP/1.1" 200 2
201.245.192.253 - - [27/Dec/2023:06:05:36 -0500] "POST /forms/lservlet;jsessionid=ac16012b30d608a3c74dabe741288258ac4c4de7c868.e3iSbxaKaheRe34Qc38TbN0Nb41ynknvrkLOlQzNp65In0 HTTP/1.1" 200 2
156.59.198.136 - - [27/Dec/2023:06:05:43 -0500] "GET /BLA/resoluciones/RESOLUCIONES%202018/1565.pdf HTTP/1.0" 200 414191
156.59.198.136 - - [27/Dec/2023:06:06:08 -0500] "GET /BLA/resoluciones/RESOLUCIONES%202008/1548.pdf HTTP/1.0" 200 325607
172.22.2.4 - - [27/Dec/2023:06:04:36 -0500] "HEAD /BLA/boletinlegal/ HTTP/1.1" 200 -
156.59.198.136 - - [27/Dec/2023:06:06:33 -0500] "GET /BLA/resoluciones/RESOLUCIONES%202018/2414.PDF HTTP/1.0" 200 9736284
216.245.221.92 - - [27/Dec/2023:06:06:46 -0500] "HEAD / HTTP/1.1" 200 -
156.59.198.136 - - [27/Dec/2023:06:06:58 -0500] "GET /BLA/resoluciones/Notificaciones/AUTOS%202023/1158.pdf HTTP/1.0" 200 395288
172.22.2.4 - - [27/Dec/2023:06:05:27 -0500] "GET /BLA/boletinlegal/ HTTP/1.1" 200 60502
156.59.198.136 - - [27/Dec/2023:06:07:22 -0500] "GET /BLA/resoluciones/RESOLUCIONES%202008/5009.pdf HTTP/1.0" 200 343680
201.245.192.253 - - [27/Dec/2023:06:07:24 -0500] "POST /kwsrmcab/Wsrmcab  HTTP/1.1" 200 36330
201.245.192.253 - - [27/Dec/2023:06:07:32 -0500] "POST /forms/lservlet;jsessionid=ac16012b30d6ac84fb743cb8490d9168fad49a174d06.e3iSbxaKaheRe34Qc38TbN0Nb41ynknvrkLOlQzNp65In0 HTTP/1.1" 200 2
201.245.192.253 - - [27/Dec/2023:06:07:36 -0500] "POST /forms/lservlet;jsessionid=ac16012b30d608a3c74dabe741288258ac4c4de7c868.e3iSbxaKaheRe34Qc38TbN0Nb41ynknvrkLOlQzNp65In0 HTTP/1.1" 200 2
186.154.183.64 - - [27/Dec/2023:06:07:39 -0500] "GET /sipse/faces/faces/autenticacion.xhtml HTTP/1.1" 200 12410
186.154.183.64 - - [27/Dec/2023:06:07:39 -0500] "GET /sipse/js/disable_browser_buttons.js HTTP/1.1" 304 -
186.154.183.64 - - [27/Dec/2023:06:07:39 -0500] "GET /sipse/js/funciones.js HTTP/1.1" 304 -
186.154.183.64 - - [27/Dec/2023:06:07:39 -0500] "GET /sipse/css/custom_css_sg.css HTTP/1.1" 304 -
186.154.183.64 - - [27/Dec/2023:06:07:39 -0500] "GET /sipse/css/custom_css_sg_prime_login.css HTTP/1.1" 304 -
186.154.183.64 - - [27/Dec/2023:06:07:39 -0500] "GET /sipse/faces/javax.faces.resource/theme.css?ln=primefaces-sipse HTTP/1.1" 304 -
186.154.183.64 - - [27/Dec/2023:06:07:39 -0500] "GET /sipse/faces/javax.faces.resource/primefaces.css?ln=primefaces&v=4.0 HTTP/1.1" 304 -
186.154.183.64 - - [27/Dec/2023:06:07:39 -0500] "GET /sipse/faces/javax.faces.resource/layout/layout.css?ln=primefaces&v=4.0 HTTP/1.1" 304 -
186.154.183.64 - - [27/Dec/2023:06:07:39 -0500] "GET /sipse/faces/javax.faces.resource/jquery/jquery.js?ln=primefaces&v=4.0 HTTP/1.1" 304 -
186.154.183.64 - - [27/Dec/2023:06:07:39 -0500] "GET /sipse/faces/javax.faces.resource/jquery/jquery-plugins.js?ln=primefaces&v=4.0 HTTP/1.1" 304 -
186.154.183.64 - - [27/Dec/2023:06:07:39 -0500] "GET /sipse/faces/javax.faces.resource/primefaces.js?ln=primefaces&v=4.0 HTTP/1.1" 304 -
186.154.183.64 - - [27/Dec/2023:06:07:39 -0500] "GET /sipse/faces/javax.faces.resource/layout/layout.js?ln=primefaces&v=4.0 HTTP/1.1" 304 -
186.154.183.64 - - [27/Dec/2023:06:07:40 -0500] "GET /sipse/css/imagen/logoSDG.png HTTP/1.1" 304 -
186.154.183.64 - - [27/Dec/2023:06:07:40 -0500] "GET /sipse/css/imagen/loginimg.png HTTP/1.1" 304 -
186.154.183.64 - - [27/Dec/2023:06:07:40 -0500] "GET /sipse/faces/javax.faces.resource/images/ui-icons_898989_256x240.png?ln=primefaces-aristo HTTP/1.1" 304 -
186.154.183.64 - - [27/Dec/2023:06:07:40 -0500] "GET /sipse/faces/faces/index.xhtml HTTP/1.1" 200 677
186.154.183.64 - - [27/Dec/2023:06:07:40 -0500] "GET /sipse/faces/javax.faces.resource/theme.css?ln=primefaces-sipse HTTP/1.1" 304 -
186.154.183.64 - - [27/Dec/2023:06:07:41 -0500] "GET /sipse/faces/faces/faces/autenticacion.xhtml HTTP/1.1" 200 12410
186.154.183.64 - - [27/Dec/2023:06:07:41 -0500] "GET /sipse/faces/javax.faces.resource/theme.css?ln=primefaces-sipse HTTP/1.1" 304 -
186.154.183.64 - - [27/Dec/2023:06:07:41 -0500] "GET /sipse/faces/javax.faces.resource/primefaces.css?ln=primefaces&v=4.0 HTTP/1.1" 304 -
186.154.183.64 - - [27/Dec/2023:06:07:41 -0500] "GET /sipse/faces/javax.faces.resource/layout/layout.css?ln=primefaces&v=4.0 HTTP/1.1" 304 -
186.154.183.64 - - [27/Dec/2023:06:07:41 -0500] "GET /sipse/faces/javax.faces.resource/jquery/jquery.js?ln=primefaces&v=4.0 HTTP/1.1" 304 -
186.154.183.64 - - [27/Dec/2023:06:07:41 -0500] "GET /sipse/faces/javax.faces.resource/jquery/jquery-plugins.js?ln=primefaces&v=4.0 HTTP/1.1" 304 -
186.154.183.64 - - [27/Dec/2023:06:07:41 -0500] "GET /sipse/faces/javax.faces.resource/primefaces.js?ln=primefaces&v=4.0 HTTP/1.1" 304 -
186.154.183.64 - - [27/Dec/2023:06:07:41 -0500] "GET /sipse/faces/javax.faces.resource/layout/layout.js?ln=primefaces&v=4.0 HTTP/1.1" 304 -
186.154.183.64 - - [27/Dec/2023:06:07:41 -0500] "GET /sipse/faces/javax.faces.resource/images/ui-icons_898989_256x240.png?ln=primefaces-aristo HTTP/1.1" 304 -
186.154.183.64 - - [27/Dec/2023:06:07:44 -0500] "POST /sipse/faces/autenticacion.xhtml HTTP/1.1" 200 16906
186.154.183.64 - - [27/Dec/2023:06:07:45 -0500] "GET /sipse/css/custom_css_sg_prime.css HTTP/1.1" 304 -
186.154.183.64 - - [27/Dec/2023:06:07:45 -0500] "GET /sipse/js/jquery.min.js HTTP/1.1" 304 -
186.154.183.64 - - [27/Dec/2023:06:07:45 -0500] "GET /sipse/faces/javax.faces.resource/jquery/jquery.js?ln=primefaces&v=4.0 HTTP/1.1" 304 -
186.154.183.64 - - [27/Dec/2023:06:07:45 -0500] "GET /sipse/faces/javax.faces.resource/jquery/jquery-plugins.js?ln=primefaces&v=4.0 HTTP/1.1" 304 -
186.154.183.64 - - [27/Dec/2023:06:07:45 -0500] "GET /sipse/faces/javax.faces.resource/primefaces.js?ln=primefaces&v=4.0 HTTP/1.1" 304 -
186.154.183.64 - - [27/Dec/2023:06:07:46 -0500] "GET /sipse/faces/javax.faces.resource/layout/layout.js?ln=primefaces&v=4.0 HTTP/1.1" 304 -
186.154.183.64 - - [27/Dec/2023:06:07:46 -0500] "GET /sipse/imagenes/cargando.gif HTTP/1.1" 304 -
186.154.183.64 - - [27/Dec/2023:06:07:46 -0500] "GET /sipse/imagenes/logoAplicacion.jpg HTTP/1.1" 304 -
186.154.183.64 - - [27/Dec/2023:06:07:46 -0500] "GET /sipse/css/v_mergente.css HTTP/1.1" 304 -
186.154.183.64 - - [27/Dec/2023:06:07:46 -0500] "GET /sipse/css/imagen/contrasena.png HTTP/1.1" 404 383
186.154.183.64 - - [27/Dec/2023:06:07:46 -0500] "GET /sipse/faces/javax.faces.resource/messages/messages.png?ln=primefaces&v=4.0 HTTP/1.1" 304 -
156.59.198.136 - - [27/Dec/2023:06:07:47 -0500] "GET /BLA/resoluciones/Notificaciones/AUTOS%202023/2388.pdf HTTP/1.0" 200 384646
186.154.183.64 - - [27/Dec/2023:06:07:47 -0500] "GET /sipse/faces/javax.faces.resource/images/ui-bg_flat_0_2d5972_40x100.png?ln=primefaces-aristo HTTP/1.1" 304 -
186.154.183.64 - - [27/Dec/2023:06:07:47 -0500] "POST /sipse/faces/bienvenido.xhtml HTTP/1.1" 200 1471
186.154.183.64 - - [27/Dec/2023:06:07:48 -0500] "POST /sipse/faces/bienvenido.xhtml HTTP/1.1" 200 35019
186.154.183.64 - - [27/Dec/2023:06:07:49 -0500] "GET /sipse/faces/javax.faces.resource/jquery/jquery.js?ln=primefaces&v=4.0 HTTP/1.1" 304 -
186.154.183.64 - - [27/Dec/2023:06:07:49 -0500] "GET /sipse/faces/javax.faces.resource/jquery/jquery-plugins.js?ln=primefaces&v=4.0 HTTP/1.1" 304 -
186.154.183.64 - - [27/Dec/2023:06:07:49 -0500] "GET /sipse/faces/javax.faces.resource/primefaces.js?ln=primefaces&v=4.0 HTTP/1.1" 304 -
186.154.183.64 - - [27/Dec/2023:06:07:49 -0500] "GET /sipse/faces/javax.faces.resource/layout/layout.js?ln=primefaces&v=4.0 HTTP/1.1" 304 -
186.154.183.64 - - [27/Dec/2023:06:07:49 -0500] "POST /sipse/faces/presentacion/financiero/solicitudProceso/listarSolicitudProceso.xhtml HTTP/1.1" 200 1396
186.154.183.64 - - [27/Dec/2023:06:07:55 -0500] "POST /sipse/faces/presentacion/financiero/solicitudProceso/listarSolicitudProceso.xhtml HTTP/1.1" 200 115525
186.154.183.64 - - [27/Dec/2023:06:07:57 -0500] "GET /sipse/faces/javax.faces.resource/jquery/jquery.js?ln=primefaces&v=4.0 HTTP/1.1" 304 -
186.154.183.64 - - [27/Dec/2023:06:07:57 -0500] "GET /sipse/faces/javax.faces.resource/jquery/jquery-plugins.js?ln=primefaces&v=4.0 HTTP/1.1" 304 -
186.154.183.64 - - [27/Dec/2023:06:07:57 -0500] "GET /sipse/faces/javax.faces.resource/primefaces.js?ln=primefaces&v=4.0 HTTP/1.1" 304 -
186.154.183.64 - - [27/Dec/2023:06:07:57 -0500] "GET /sipse/faces/javax.faces.resource/layout/layout.js?ln=primefaces&v=4.0 HTTP/1.1" 304 -
186.154.183.64 - - [27/Dec/2023:06:07:57 -0500] "GET /sipse/faces/javax.faces.resource/dynamiccontent.properties?ln=primefaces&pfdrid=XjOR5%2F%2FfPAZAuY9TpWQeCiM0BhlXxYRBGKi%2FQcXXfeA%3D&pfdrid_c=false HTTP/1.1" 500 383
156.59.198.135 - - [27/Dec/2023:06:08:10 -0500] "GET /BLA/resoluciones/RESOLUCIONES%202018/2674.pdf HTTP/1.0" 200 273105
186.154.183.64 - - [27/Dec/2023:06:08:10 -0500] "POST /sipse/faces/presentacion/financiero/solicitudProceso/consultarSolicitudProceso.xhtml HTTP/1.1" 200 316606
156.59.198.135 - - [27/Dec/2023:06:08:35 -0500] "GET /BLA/resoluciones/RESOLUCIONES%202008/4376.pdf HTTP/1.0" 200 427598
185.142.236.41 - - [27/Dec/2023:06:08:35 -0500] "GET / HTTP/1.1" 200 319
185.142.236.41 - - [27/Dec/2023:06:08:36 -0500] "GET /robots.txt HTTP/1.1" 404 1018
185.142.236.41 - - [27/Dec/2023:06:08:39 -0500] "GET /sitemap.xml HTTP/1.1" 404 1018
185.142.236.41 - - [27/Dec/2023:06:08:47 -0500] "GET /.well-known/security.txt HTTP/1.1" 404 1018
185.142.236.41 - - [27/Dec/2023:06:08:51 -0500] "GET /favicon.ico HTTP/1.1" 200 7782
156.59.198.136 - - [27/Dec/2023:06:08:59 -0500] "GET /BLA/resoluciones/AUTOS%202015/0865.pdf HTTP/1.0" 200 307681
156.59.198.135 - - [27/Dec/2023:06:09:23 -0500] "GET /BLA/resoluciones/RESOLUCIONES%202009/2724.pdf HTTP/1.0" 200 409265
201.245.192.253 - - [27/Dec/2023:06:09:32 -0500] "POST /forms/lservlet;jsessionid=ac16012b30d6ac84fb743cb8490d9168fad49a174d06.e3iSbxaKaheRe34Qc38TbN0Nb41ynknvrkLOlQzNp65In0 HTTP/1.1" 200 2
201.245.192.253 - - [27/Dec/2023:06:09:36 -0500] "POST /forms/lservlet;jsessionid=ac16012b30d608a3c74dabe741288258ac4c4de7c868.e3iSbxaKaheRe34Qc38TbN0Nb41ynknvrkLOlQzNp65In0 HTTP/1.1" 200 2
156.59.198.136 - - [27/Dec/2023:06:09:47 -0500] "GET /BLA/resoluciones/RESOLUCIONES%202008/3987.pdf HTTP/1.0" 200 296092
156.59.198.135 - - [27/Dec/2023:06:10:11 -0500] "GET /BLA/resoluciones/RESOLUCIONES%202018/3074.pdf HTTP/1.0" 200 1467254
156.59.198.135 - - [27/Dec/2023:06:10:36 -0500] "GET /BLA/resoluciones/RESOLUCIONES%202008/3802.pdf HTTP/1.0" 200 453209
156.59.198.136 - - [27/Dec/2023:06:11:00 -0500] "GET /BLA/resoluciones/RESOLUCIONES%202018/1673.pdf HTTP/1.0" 200 357800
186.154.183.64 - - [27/Dec/2023:06:11:18 -0500] "POST /sipse/faces/presentacion/financiero/solicitudProceso/listarSolicitudProceso.xhtml HTTP/1.1" 200 2092
186.154.183.64 - - [27/Dec/2023:06:11:19 -0500] "POST /sipse/faces/presentacion/financiero/solicitudProceso/listarSolicitudProceso.xhtml HTTP/1.1" 200 31150
186.154.183.64 - - [27/Dec/2023:06:11:19 -0500] "GET /sipse/faces/javax.faces.resource/jquery/jquery.js?ln=primefaces&v=4.0 HTTP/1.1" 304 -
186.154.183.64 - - [27/Dec/2023:06:11:19 -0500] "GET /sipse/faces/javax.faces.resource/jquery/jquery-plugins.js?ln=primefaces&v=4.0 HTTP/1.1" 304 -
186.154.183.64 - - [27/Dec/2023:06:11:19 -0500] "GET /sipse/faces/javax.faces.resource/primefaces.js?ln=primefaces&v=4.0 HTTP/1.1" 304 -
186.154.183.64 - - [27/Dec/2023:06:11:20 -0500] "GET /sipse/faces/javax.faces.resource/layout/layout.js?ln=primefaces&v=4.0 HTTP/1.1" 304 -
186.154.183.64 - - [27/Dec/2023:06:11:20 -0500] "POST /sipse/faces/presentacion/workflow/reasignarReenrutar.xhtml HTTP/1.1" 200 24457
186.154.183.64 - - [27/Dec/2023:06:11:20 -0500] "POST /sipse/faces/presentacion/workflow/reasignarReenrutar.xhtml HTTP/1.1" 200 24457
186.154.183.64 - - [27/Dec/2023:06:11:20 -0500] "POST /sipse/faces/presentacion/workflow/reasignarReenrutar.xhtml HTTP/1.1" 200 24457
186.154.183.64 - - [27/Dec/2023:06:11:20 -0500] "POST /sipse/faces/presentacion/workflow/reasignarReenrutar.xhtml HTTP/1.1" 200 24457
186.154.183.64 - - [27/Dec/2023:06:11:21 -0500] "POST /sipse/faces/presentacion/workflow/reasignarReenrutar.xhtml HTTP/1.1" 200 24457
186.154.183.64 - - [27/Dec/2023:06:11:23 -0500] "POST /sipse/faces/presentacion/workflow/reasignarReenrutar.xhtml HTTP/1.1" 200 24457
186.154.183.64 - - [27/Dec/2023:06:11:24 -0500] "POST /sipse/faces/presentacion/workflow/reasignarReenrutar.xhtml HTTP/1.1" 200 24457
186.154.183.64 - - [27/Dec/2023:06:11:24 -0500] "POST /sipse/faces/presentacion/workflow/reasignarReenrutar.xhtml HTTP/1.1" 200 24457
156.59.198.135 - - [27/Dec/2023:06:11:25 -0500] "GET /BLA/resoluciones/Notificaciones/AUTOS%202023/958.pdf HTTP/1.0" 200 472914
186.154.183.64 - - [27/Dec/2023:06:11:24 -0500] "POST /sipse/faces/presentacion/workflow/reasignarReenrutar.xhtml HTTP/1.1" 200 24457
186.154.183.64 - - [27/Dec/2023:06:11:26 -0500] "POST /sipse/faces/presentacion/workflow/reasignarReenrutar.xhtml HTTP/1.1" 200 24457
186.154.183.64 - - [27/Dec/2023:06:11:27 -0500] "POST /sipse/faces/presentacion/workflow/reasignarReenrutar.xhtml HTTP/1.1" 200 24457
186.154.183.64 - - [27/Dec/2023:06:11:27 -0500] "POST /sipse/faces/presentacion/workflow/reasignarReenrutar.xhtml HTTP/1.1" 200 24457
186.154.183.64 - - [27/Dec/2023:06:11:27 -0500] "POST /sipse/faces/presentacion/workflow/reasignarReenrutar.xhtml HTTP/1.1" 200 24457
186.154.183.64 - - [27/Dec/2023:06:11:28 -0500] "POST /sipse/faces/presentacion/workflow/reasignarReenrutar.xhtml HTTP/1.1" 200 24457
186.154.183.64 - - [27/Dec/2023:06:11:28 -0500] "POST /sipse/faces/presentacion/workflow/reasignarReenrutar.xhtml HTTP/1.1" 200 24457
186.154.183.64 - - [27/Dec/2023:06:11:29 -0500] "POST /sipse/faces/presentacion/workflow/reasignarReenrutar.xhtml HTTP/1.1" 200 24457
201.245.192.253 - - [27/Dec/2023:06:11:32 -0500] "POST /forms/lservlet;jsessionid=ac16012b30d6ac84fb743cb8490d9168fad49a174d06.e3iSbxaKaheRe34Qc38TbN0Nb41ynknvrkLOlQzNp65In0 HTTP/1.1" 200 2
186.154.183.64 - - [27/Dec/2023:06:11:32 -0500] "POST /sipse/faces/presentacion/workflow/reasignarReenrutar.xhtml HTTP/1.1" 200 15533
186.154.183.64 - - [27/Dec/2023:06:11:34 -0500] "POST /sipse/faces/presentacion/workflow/reasignarReenrutar.xhtml HTTP/1.1" 200 15626
201.245.192.253 - - [27/Dec/2023:06:11:36 -0500] "POST /forms/lservlet;jsessionid=ac16012b30d608a3c74dabe741288258ac4c4de7c868.e3iSbxaKaheRe34Qc38TbN0Nb41ynknvrkLOlQzNp65In0 HTTP/1.1" 200 2
186.154.183.64 - - [27/Dec/2023:06:11:40 -0500] "POST /sipse/faces/presentacion/workflow/reasignarReenrutar.xhtml HTTP/1.1" 200 57578
216.245.221.92 - - [27/Dec/2023:06:11:46 -0500] "HEAD / HTTP/1.1" 200 -
156.59.198.136 - - [27/Dec/2023:06:11:49 -0500] "GET /BLA/resoluciones/Notificaciones/AUTOS%202023/712.pdf HTTP/1.0" 200 371179
186.154.183.64 - - [27/Dec/2023:06:11:54 -0500] "POST /sipse/faces/presentacion/workflow/reasignarReenrutar.xhtml HTTP/1.1" 200 57630
186.154.183.64 - - [27/Dec/2023:06:12:04 -0500] "POST /sipse/faces/presentacion/workflow/reasignarReenrutar.xhtml HTTP/1.1" 200 58169
172.22.2.4 - - [27/Dec/2023:06:10:26 -0500] "HEAD /BLA/boletinlegal/ HTTP/1.1" 200 -
156.59.198.136 - - [27/Dec/2023:06:12:13 -0500] "GET /BLA/resoluciones/RESOLUCIONES%202009/3376.pdf HTTP/1.0" 200 475857
186.154.183.64 - - [27/Dec/2023:06:12:15 -0500] "POST /sipse/faces/presentacion/workflow/reasignarReenrutar.xhtml HTTP/1.1" 200 4973
186.154.183.64 - - [27/Dec/2023:06:12:16 -0500] "POST /sipse/faces/presentacion/workflow/reasignarReenrutar.xhtml HTTP/1.1" 200 4664
186.154.183.64 - - [27/Dec/2023:06:12:18 -0500] "POST /sipse/faces/presentacion/workflow/reasignarReenrutar.xhtml HTTP/1.1" 200 35591
186.154.183.64 - - [27/Dec/2023:06:12:19 -0500] "GET /sipse/faces/javax.faces.resource/jquery/jquery.js?ln=primefaces&v=4.0 HTTP/1.1" 304 -
186.154.183.64 - - [27/Dec/2023:06:12:19 -0500] "GET /sipse/faces/javax.faces.resource/jquery/jquery-plugins.js?ln=primefaces&v=4.0 HTTP/1.1" 304 -
186.154.183.64 - - [27/Dec/2023:06:12:19 -0500] "GET /sipse/faces/javax.faces.resource/primefaces.js?ln=primefaces&v=4.0 HTTP/1.1" 304 -
186.154.183.64 - - [27/Dec/2023:06:12:19 -0500] "GET /sipse/faces/javax.faces.resource/layout/layout.js?ln=primefaces&v=4.0 HTTP/1.1" 304 -
186.154.183.64 - - [27/Dec/2023:06:12:19 -0500] "POST /sipse/faces/presentacion/financiero/solicitudProceso/listarSolicitudProceso.xhtml HTTP/1.1" 200 28852
186.154.183.64 - - [27/Dec/2023:06:12:19 -0500] "POST /sipse/faces/presentacion/financiero/solicitudProceso/listarSolicitudProceso.xhtml HTTP/1.1" 200 28852
186.154.183.64 - - [27/Dec/2023:06:12:20 -0500] "POST /sipse/faces/presentacion/financiero/solicitudProceso/listarSolicitudProceso.xhtml HTTP/1.1" 200 28852
186.154.183.64 - - [27/Dec/2023:06:12:20 -0500] "POST /sipse/faces/presentacion/financiero/solicitudProceso/listarSolicitudProceso.xhtml HTTP/1.1" 200 28852
186.154.183.64 - - [27/Dec/2023:06:12:21 -0500] "POST /sipse/faces/presentacion/financiero/solicitudProceso/listarSolicitudProceso.xhtml HTTP/1.1" 200 28852
186.154.183.64 - - [27/Dec/2023:06:12:21 -0500] "POST /sipse/faces/presentacion/financiero/solicitudProceso/listarSolicitudProceso.xhtml HTTP/1.1" 200 28852
186.154.183.64 - - [27/Dec/2023:06:12:22 -0500] "POST /sipse/faces/presentacion/financiero/solicitudProceso/listarSolicitudProceso.xhtml HTTP/1.1" 200 28852
186.154.183.64 - - [27/Dec/2023:06:12:22 -0500] "POST /sipse/faces/presentacion/financiero/solicitudProceso/listarSolicitudProceso.xhtml HTTP/1.1" 200 28852
186.154.183.64 - - [27/Dec/2023:06:12:23 -0500] "POST /sipse/faces/presentacion/financiero/solicitudProceso/listarSolicitudProceso.xhtml HTTP/1.1" 200 28852
186.154.183.64 - - [27/Dec/2023:06:12:23 -0500] "POST /sipse/faces/presentacion/financiero/solicitudProceso/listarSolicitudProceso.xhtml HTTP/1.1" 200 28852
186.154.183.64 - - [27/Dec/2023:06:12:24 -0500] "POST /sipse/faces/presentacion/financiero/solicitudProceso/listarSolicitudProceso.xhtml HTTP/1.1" 200 28852
201.245.192.253 - - [27/Dec/2023:06:12:22 -0500] "POST /kwsrmcab/Wsrmcab  HTTP/1.1" 200 36330
186.154.183.64 - - [27/Dec/2023:06:12:25 -0500] "POST /sipse/faces/presentacion/financiero/solicitudProceso/listarSolicitudProceso.xhtml HTTP/1.1" 200 28852
186.154.183.64 - - [27/Dec/2023:06:12:25 -0500] "POST /sipse/faces/presentacion/financiero/solicitudProceso/listarSolicitudProceso.xhtml HTTP/1.1" 200 28852
186.154.183.64 - - [27/Dec/2023:06:12:26 -0500] "POST /sipse/faces/presentacion/financiero/solicitudProceso/listarSolicitudProceso.xhtml HTTP/1.1" 200 28852
186.154.183.64 - - [27/Dec/2023:06:12:26 -0500] "POST /sipse/faces/presentacion/financiero/solicitudProceso/listarSolicitudProceso.xhtml HTTP/1.1" 200 28852
186.154.183.64 - - [27/Dec/2023:06:12:27 -0500] "POST /sipse/faces/presentacion/financiero/solicitudProceso/listarSolicitudProceso.xhtml HTTP/1.1" 200 28852
186.154.183.64 - - [27/Dec/2023:06:12:28 -0500] "POST /sipse/faces/presentacion/financiero/solicitudProceso/listarSolicitudProceso.xhtml HTTP/1.1" 200 28852
186.154.183.64 - - [27/Dec/2023:06:12:28 -0500] "POST /sipse/faces/presentacion/financiero/solicitudProceso/listarSolicitudProceso.xhtml HTTP/1.1" 200 1396
186.154.183.64 - - [27/Dec/2023:06:12:28 -0500] "POST /sipse/faces/presentacion/financiero/solicitudProceso/listarSolicitudProceso.xhtml HTTP/1.1" 200 1388
186.154.183.64 - - [27/Dec/2023:06:12:29 -0500] "POST /sipse/faces/presentacion/financiero/solicitudProceso/listarSolicitudProceso.xhtml HTTP/1.1" 200 1400
186.154.183.64 - - [27/Dec/2023:06:12:29 -0500] "POST /sipse/faces/presentacion/financiero/solicitudProceso/listarSolicitudProceso.xhtml HTTP/1.1" 200 1388
186.154.183.64 - - [27/Dec/2023:06:12:29 -0500] "POST /sipse/faces/presentacion/financiero/solicitudProceso/listarSolicitudProceso.xhtml HTTP/1.1" 200 1400
186.154.183.64 - - [27/Dec/2023:06:12:29 -0500] "POST /sipse/faces/presentacion/financiero/solicitudProceso/listarSolicitudProceso.xhtml HTTP/1.1" 200 1384
186.154.183.64 - - [27/Dec/2023:06:12:29 -0500] "POST /sipse/faces/presentacion/financiero/solicitudProceso/listarSolicitudProceso.xhtml HTTP/1.1" 200 1400
186.154.183.64 - - [27/Dec/2023:06:12:29 -0500] "POST /sipse/faces/presentacion/financiero/solicitudProceso/listarSolicitudProceso.xhtml HTTP/1.1" 200 1388
186.154.183.64 - - [27/Dec/2023:06:12:29 -0500] "POST /sipse/faces/presentacion/financiero/solicitudProceso/listarSolicitudProceso.xhtml HTTP/1.1" 200 1400
186.154.183.64 - - [27/Dec/2023:06:12:30 -0500] "POST /sipse/faces/presentacion/financiero/solicitudProceso/listarSolicitudProceso.xhtml HTTP/1.1" 200 1388
186.154.183.64 - - [27/Dec/2023:06:12:30 -0500] "POST /sipse/faces/presentacion/financiero/solicitudProceso/listarSolicitudProceso.xhtml HTTP/1.1" 200 1400
186.154.183.64 - - [27/Dec/2023:06:12:30 -0500] "POST /sipse/faces/presentacion/financiero/solicitudProceso/listarSolicitudProceso.xhtml HTTP/1.1" 200 1384
186.154.183.64 - - [27/Dec/2023:06:12:30 -0500] "POST /sipse/faces/presentacion/financiero/solicitudProceso/listarSolicitudProceso.xhtml HTTP/1.1" 200 1400
186.154.183.64 - - [27/Dec/2023:06:12:30 -0500] "POST /sipse/faces/presentacion/financiero/solicitudProceso/listarSolicitudProceso.xhtml HTTP/1.1" 200 1384
186.154.183.64 - - [27/Dec/2023:06:12:30 -0500] "POST /sipse/faces/presentacion/financiero/solicitudProceso/listarSolicitudProceso.xhtml HTTP/1.1" 200 1400
186.154.183.64 - - [27/Dec/2023:06:12:30 -0500] "POST /sipse/faces/presentacion/financiero/solicitudProceso/listarSolicitudProceso.xhtml HTTP/1.1" 200 1388
186.154.183.64 - - [27/Dec/2023:06:12:31 -0500] "POST /sipse/faces/presentacion/financiero/solicitudProceso/listarSolicitudProceso.xhtml HTTP/1.1" 200 1400
186.154.183.64 - - [27/Dec/2023:06:12:31 -0500] "POST /sipse/faces/presentacion/financiero/solicitudProceso/listarSolicitudProceso.xhtml HTTP/1.1" 200 1384
156.59.198.136 - - [27/Dec/2023:06:12:38 -0500] "GET /BLA/resoluciones/Notificaciones/AUTOS%202023/3967.pdf HTTP/1.0" 200 444276
172.22.2.4 - - [27/Dec/2023:06:11:17 -0500] "GET /BLA/boletinlegal/ HTTP/1.1" 200 60910
156.59.198.135 - - [27/Dec/2023:06:13:02 -0500] "GET /BLA/resoluciones/RESOLUCIONES%202007/RES%202007%203301%20AL%203400/RESOLUCION%203353%20DE%202007.pdf HTTP/1.0" 200 788098
156.59.198.135 - - [27/Dec/2023:06:13:26 -0500] "GET /BLA/resoluciones/RESOLUCIONES%202009/3824.pdf HTTP/1.0" 200 412884
201.245.192.253 - - [27/Dec/2023:06:13:32 -0500] "POST /forms/lservlet;jsessionid=ac16012b30d6ac84fb743cb8490d9168fad49a174d06.e3iSbxaKaheRe34Qc38TbN0Nb41ynknvrkLOlQzNp65In0 HTTP/1.1" 200 2
201.245.192.253 - - [27/Dec/2023:06:13:36 -0500] "POST /forms/lservlet;jsessionid=ac16012b30d608a3c74dabe741288258ac4c4de7c868.e3iSbxaKaheRe34Qc38TbN0Nb41ynknvrkLOlQzNp65In0 HTTP/1.1" 200 2
186.154.183.64 - - [27/Dec/2023:06:13:46 -0500] "POST /sipse/faces/presentacion/financiero/solicitudProceso/listarSolicitudProceso.xhtml HTTP/1.1" 200 116097
186.154.183.64 - - [27/Dec/2023:06:13:49 -0500] "GET /sipse/faces/javax.faces.resource/jquery/jquery.js?ln=primefaces&v=4.0 HTTP/1.1" 304 -
186.154.183.64 - - [27/Dec/2023:06:13:49 -0500] "GET /sipse/faces/javax.faces.resource/jquery/jquery-plugins.js?ln=primefaces&v=4.0 HTTP/1.1" 304 -
186.154.183.64 - - [27/Dec/2023:06:13:49 -0500] "GET /sipse/faces/javax.faces.resource/primefaces.js?ln=primefaces&v=4.0 HTTP/1.1" 304 -
186.154.183.64 - - [27/Dec/2023:06:13:49 -0500] "GET /sipse/faces/javax.faces.resource/layout/layout.js?ln=primefaces&v=4.0 HTTP/1.1" 304 -
186.154.183.64 - - [27/Dec/2023:06:13:49 -0500] "GET /sipse/faces/javax.faces.resource/dynamiccontent.properties?ln=primefaces&pfdrid=XjOR5%2F%2FfPAZAuY9TpWQeCiM0BhlXxYRBGKi%2FQcXXfeA%3D&pfdrid_c=false HTTP/1.1" 500 383
156.59.198.136 - - [27/Dec/2023:06:13:51 -0500] "GET /BLA/resoluciones/RESOLUCIONES%202007/RES%202007%203001%20AL%203100/RESOLUCION%203011%20DE%202007.pdf HTTP/1.0" 200 861521
186.154.183.64 - - [27/Dec/2023:06:13:56 -0500] "POST /sipse/faces/presentacion/financiero/solicitudProceso/consultarSolicitudProceso.xhtml HTTP/1.1" 200 30902
186.154.183.64 - - [27/Dec/2023:06:13:56 -0500] "GET /sipse/faces/javax.faces.resource/jquery/jquery.js?ln=primefaces&v=4.0 HTTP/1.1" 304 -
186.154.183.64 - - [27/Dec/2023:06:13:57 -0500] "GET /sipse/faces/javax.faces.resource/jquery/jquery-plugins.js?ln=primefaces&v=4.0 HTTP/1.1" 304 -
186.154.183.64 - - [27/Dec/2023:06:13:57 -0500] "GET /sipse/faces/javax.faces.resource/primefaces.js?ln=primefaces&v=4.0 HTTP/1.1" 304 -
186.154.183.64 - - [27/Dec/2023:06:13:57 -0500] "GET /sipse/faces/javax.faces.resource/layout/layout.js?ln=primefaces&v=4.0 HTTP/1.1" 304 -
179.19.200.227 - - [27/Dec/2023:06:14:01 -0500] "GET /distrito-exalto-a-246-empresas-de-bogota-por-su-alto-desempeno-y-responsabilidad-ambiental-durante-2023.html HTTP/1.1" 200 1039
156.59.198.136 - - [27/Dec/2023:06:14:15 -0500] "GET /BLA/resoluciones/RESOLUCIONES%202007/RES%202007%203401%20AL%203500/RESOLUCION%203499%20DE%202007.pdf HTTP/1.0" 200 1166826
186.154.183.64 - - [27/Dec/2023:06:14:15 -0500] "POST /sipse/faces/presentacion/financiero/solicitudProceso/asignarContratacion.xhtml HTTP/1.1" 200 33060
186.154.183.64 - - [27/Dec/2023:06:14:17 -0500] "GET /sipse/faces/javax.faces.resource/jquery/jquery.js?ln=primefaces&v=4.0 HTTP/1.1" 304 -
186.154.183.64 - - [27/Dec/2023:06:14:17 -0500] "GET /sipse/faces/javax.faces.resource/jquery/jquery-plugins.js?ln=primefaces&v=4.0 HTTP/1.1" 304 -
186.154.183.64 - - [27/Dec/2023:06:14:17 -0500] "GET /sipse/faces/javax.faces.resource/primefaces.js?ln=primefaces&v=4.0 HTTP/1.1" 304 -
186.154.183.64 - - [27/Dec/2023:06:14:17 -0500] "GET /sipse/faces/javax.faces.resource/layout/layout.js?ln=primefaces&v=4.0 HTTP/1.1" 304 -
186.154.183.64 - - [27/Dec/2023:06:14:18 -0500] "POST /sipse/faces/presentacion/financiero/solicitudProceso/listarSolicitudProceso.xhtml HTTP/1.1" 200 1376
190.14.252.16 - - [27/Dec/2023:06:14:32 -0500] "GET /distrito-exalto-a-246-empresas-de-bogota-por-su-alto-desempeno-y-responsabilidad-ambiental-durante-2023.html HTTP/1.1" 200 1039
156.59.198.135 - - [27/Dec/2023:06:14:39 -0500] "GET /BLA/resoluciones/RESOLUCIONES%202009/4102.pdf HTTP/1.0" 200 1629421
156.59.198.136 - - [27/Dec/2023:06:15:03 -0500] "GET /BLA/resoluciones/RESOLUCIONES%202008/1178.pdf HTTP/1.0" 200 709354
52.167.144.145 - - [27/Dec/2023:06:15:11 -0500] "GET /portaldeninos/aula-ambiental-artistica-itinerante-auambari/ HTTP/1.1" 200 89306
156.59.198.136 - - [27/Dec/2023:06:15:29 -0500] "GET /BLA/resoluciones/RESOLUCIONES%202009/1488.pdf HTTP/1.0" 200 458022
201.245.192.253 - - [27/Dec/2023:06:15:32 -0500] "POST /forms/lservlet;jsessionid=ac16012b30d6ac84fb743cb8490d9168fad49a174d06.e3iSbxaKaheRe34Qc38TbN0Nb41ynknvrkLOlQzNp65In0 HTTP/1.1" 200 2
201.245.192.253 - - [27/Dec/2023:06:15:36 -0500] "POST /forms/lservlet;jsessionid=ac16012b30d608a3c74dabe741288258ac4c4de7c868.e3iSbxaKaheRe34Qc38TbN0Nb41ynknvrkLOlQzNp65In0 HTTP/1.1" 200 2
156.59.198.136 - - [27/Dec/2023:06:15:53 -0500] "GET /BLA/resoluciones/RESOLUCIONES%202009/3835.pdf HTTP/1.0" 200 721919
201.245.192.253 - - [27/Dec/2023:06:16:02 -0500] "POST /kwsrmcab/Wsrmcab HTTP/1.1" 200 36657
201.245.192.253 - - [27/Dec/2023:06:16:05 -0500] "POST /kwsrmcab/Wsrmcab HTTP/1.1" 200 36639
69.63.184.6 - - [27/Dec/2023:06:16:15 -0500] "GET /images/Aves%20SDA.jpeg HTTP/1.1" 200 75104
156.59.198.135 - - [27/Dec/2023:06:16:18 -0500] "GET /BLA/resoluciones/RESOLUCIONES%202018/4134.pdf HTTP/1.0" 200 232619
66.249.66.21 - - [27/Dec/2023:06:16:24 -0500] "GET /BLA/resoluciones/RESOLUCIONES%202009/0228.pdf HTTP/1.1" 200 240848
156.59.198.136 - - [27/Dec/2023:06:16:41 -0500] "GET /BLA/resoluciones/Notificaciones/AUTOS%202023/275.pdf HTTP/1.0" 200 378654
216.245.221.92 - - [27/Dec/2023:06:16:46 -0500] "HEAD / HTTP/1.1" 200 -
156.59.198.135 - - [27/Dec/2023:06:17:06 -0500] "GET /BLA/resoluciones/RESOLUCIONES%202007/RES%202007%203701%20AL%203800/RESOLUCION%203750%20DE%202007.pdf HTTP/1.0" 200 875468
201.245.192.253 - - [27/Dec/2023:06:17:21 -0500] "POST /kwsrmcab/Wsrmcab  HTTP/1.1" 200 36330
156.59.198.136 - - [27/Dec/2023:06:17:30 -0500] "GET /BLA/resoluciones/Notificaciones/AUTOS%202023/05456.pdf HTTP/1.0" 200 414977
201.245.192.253 - - [27/Dec/2023:06:17:32 -0500] "POST /forms/lservlet;jsessionid=ac16012b30d6ac84fb743cb8490d9168fad49a174d06.e3iSbxaKaheRe34Qc38TbN0Nb41ynknvrkLOlQzNp65In0 HTTP/1.1" 200 2
201.245.192.253 - - [27/Dec/2023:06:17:36 -0500] "POST /forms/lservlet;jsessionid=ac16012b30d608a3c74dabe741288258ac4c4de7c868.e3iSbxaKaheRe34Qc38TbN0Nb41ynknvrkLOlQzNp65In0 HTTP/1.1" 200 2
156.59.198.136 - - [27/Dec/2023:06:17:54 -0500] "GET /BLA/resoluciones/Notificaciones/AUTOS%202020/3326.pdf HTTP/1.0" 200 330238
172.22.2.4 - - [27/Dec/2023:06:16:16 -0500] "HEAD /BLA/boletinlegal/ HTTP/1.1" 200 -
156.59.198.136 - - [27/Dec/2023:06:18:19 -0500] "GET /BLA/resoluciones/RESOLUCIONES%202009/2923.pdf HTTP/1.0" 200 492634
156.59.198.136 - - [27/Dec/2023:06:18:44 -0500] "GET /BLA/resoluciones/Notificaciones/AUTOS%202020/3831.pdf HTTP/1.0" 200 359020
172.22.2.4 - - [27/Dec/2023:06:17:07 -0500] "GET /BLA/boletinlegal/ HTTP/1.1" 200 60910
156.59.198.136 - - [27/Dec/2023:06:19:07 -0500] "GET /BLA/resoluciones/RESOLUCIONES%202008/2316.pdf HTTP/1.0" 200 354487
201.245.192.253 - - [27/Dec/2023:06:19:32 -0500] "POST /forms/lservlet;jsessionid=ac16012b30d6ac84fb743cb8490d9168fad49a174d06.e3iSbxaKaheRe34Qc38TbN0Nb41ynknvrkLOlQzNp65In0 HTTP/1.1" 200 2
156.59.198.135 - - [27/Dec/2023:06:19:32 -0500] "GET /BLA/resoluciones/RESOLUCIONES%202007/RES%202007%202201%20AL%202300/RESOLUCION%202243%20DE%202007.pdf HTTP/1.0" 200 924084
201.245.192.253 - - [27/Dec/2023:06:19:36 -0500] "POST /forms/lservlet;jsessionid=ac16012b30d608a3c74dabe741288258ac4c4de7c868.e3iSbxaKaheRe34Qc38TbN0Nb41ynknvrkLOlQzNp65In0 HTTP/1.1" 200 2
156.59.198.135 - - [27/Dec/2023:06:19:55 -0500] "GET /BLA/resoluciones/RESOLUCIONES%202008/3824.pdf HTTP/1.0" 200 601591
201.245.192.253 - - [27/Dec/2023:06:20:04 -0500] "POST /kwsrmcab/Wsrmcab HTTP/1.1" 200 36657
201.245.192.253 - - [27/Dec/2023:06:20:09 -0500] "POST /kwsrmcab/Wsrmcab HTTP/1.1" 200 36639
156.59.198.135 - - [27/Dec/2023:06:20:20 -0500] "GET /BLA/resoluciones/RESOLUCIONES%202008/3808.pdf HTTP/1.0" 200 500475
156.59.198.136 - - [27/Dec/2023:06:20:44 -0500] "GET /BLA/resoluciones/RESOLUCIONES%202008/1777.pdf HTTP/1.0" 200 1656041
156.59.198.135 - - [27/Dec/2023:06:21:09 -0500] "GET /BLA/resoluciones/RESOLUCIONES%202008/4301.pdf HTTP/1.0" 200 398099
201.245.192.253 - - [27/Dec/2023:06:21:32 -0500] "POST /forms/lservlet;jsessionid=ac16012b30d6ac84fb743cb8490d9168fad49a174d06.e3iSbxaKaheRe34Qc38TbN0Nb41ynknvrkLOlQzNp65In0 HTTP/1.1" 200 2
156.59.198.136 - - [27/Dec/2023:06:21:33 -0500] "GET /BLA/resoluciones/Notificaciones/AUTOS%202023/3023.pdf HTTP/1.0" 200 398429
201.245.192.253 - - [27/Dec/2023:06:21:36 -0500] "POST /forms/lservlet;jsessionid=ac16012b30d608a3c74dabe741288258ac4c4de7c868.e3iSbxaKaheRe34Qc38TbN0Nb41ynknvrkLOlQzNp65In0 HTTP/1.1" 200 2
216.245.221.92 - - [27/Dec/2023:06:21:46 -0500] "HEAD / HTTP/1.1" 200 -
156.59.198.135 - - [27/Dec/2023:06:21:57 -0500] "GET /BLA/resoluciones/RESOLUCIONES%202009/1437.pdf HTTP/1.0" 200 612332
156.59.198.136 - - [27/Dec/2023:06:22:22 -0500] "GET /BLA/resoluciones/RESOLUCIONES%202007/RES%202007%203701%20AL%203800/RESOLUCION%203755%20DE%202007.pdf HTTP/1.0" 200 45775
201.245.192.253 - - [27/Dec/2023:06:22:20 -0500] "POST /kwsrmcab/Wsrmcab  HTTP/1.1" 200 36330
156.59.198.135 - - [27/Dec/2023:06:22:48 -0500] "GET /BLA/resoluciones/RESOLUCIONES%202009/1869.pdf HTTP/1.0" 200 294396
156.59.198.135 - - [27/Dec/2023:06:23:12 -0500] "GET /BLA/resoluciones/RESOLUCIONES%202007/RES%202007%203701%20AL%203800/RESOLUCION%203757%20DE%202007.pdf HTTP/1.0" 200 77370
201.245.192.253 - - [27/Dec/2023:06:23:32 -0500] "POST /forms/lservlet;jsessionid=ac16012b30d6ac84fb743cb8490d9168fad49a174d06.e3iSbxaKaheRe34Qc38TbN0Nb41ynknvrkLOlQzNp65In0 HTTP/1.1" 200 2
201.245.192.253 - - [27/Dec/2023:06:23:36 -0500] "POST /forms/lservlet;jsessionid=ac16012b30d608a3c74dabe741288258ac4c4de7c868.e3iSbxaKaheRe34Qc38TbN0Nb41ynknvrkLOlQzNp65In0 HTTP/1.1" 200 2
156.59.198.136 - - [27/Dec/2023:06:23:36 -0500] "GET /BLA/resoluciones/Notificaciones/REGISTROS%202022/01240.pdf HTTP/1.0" 200 416708
172.22.2.4 - - [27/Dec/2023:06:22:06 -0500] "HEAD /BLA/boletinlegal/ HTTP/1.1" 200 -
181.53.13.93 - - [27/Dec/2023:06:23:57 -0500] "GET /sipse/faces/javax.faces.resource/theme.css?ln=primefaces-sipse HTTP/1.1" 304 -
181.53.13.93 - - [27/Dec/2023:06:23:58 -0500] "GET /sipse/faces/faces/autenticacion.xhtml HTTP/1.1" 200 12410
181.53.13.93 - - [27/Dec/2023:06:23:58 -0500] "GET /sipse/js/disable_browser_buttons.js HTTP/1.1" 304 -
181.53.13.93 - - [27/Dec/2023:06:23:58 -0500] "GET /sipse/js/funciones.js HTTP/1.1" 304 -
181.53.13.93 - - [27/Dec/2023:06:23:58 -0500] "GET /sipse/css/custom_css_sg.css HTTP/1.1" 304 -
181.53.13.93 - - [27/Dec/2023:06:23:58 -0500] "GET /sipse/css/custom_css_sg_prime_login.css HTTP/1.1" 304 -
181.53.13.93 - - [27/Dec/2023:06:23:58 -0500] "GET /sipse/faces/javax.faces.resource/theme.css?ln=primefaces-sipse HTTP/1.1" 304 -
181.53.13.93 - - [27/Dec/2023:06:23:58 -0500] "GET /sipse/faces/javax.faces.resource/primefaces.css?ln=primefaces&v=4.0 HTTP/1.1" 304 -
181.53.13.93 - - [27/Dec/2023:06:23:58 -0500] "GET /sipse/faces/javax.faces.resource/layout/layout.css?ln=primefaces&v=4.0 HTTP/1.1" 304 -
181.53.13.93 - - [27/Dec/2023:06:23:58 -0500] "GET /sipse/faces/javax.faces.resource/jquery/jquery.js?ln=primefaces&v=4.0 HTTP/1.1" 304 -
181.53.13.93 - - [27/Dec/2023:06:23:58 -0500] "GET /sipse/faces/javax.faces.resource/jquery/jquery-plugins.js?ln=primefaces&v=4.0 HTTP/1.1" 304 -
181.53.13.93 - - [27/Dec/2023:06:23:58 -0500] "GET /sipse/faces/javax.faces.resource/primefaces.js?ln=primefaces&v=4.0 HTTP/1.1" 304 -
181.53.13.93 - - [27/Dec/2023:06:23:58 -0500] "GET /sipse/faces/javax.faces.resource/layout/layout.js?ln=primefaces&v=4.0 HTTP/1.1" 304 -
181.53.13.93 - - [27/Dec/2023:06:23:58 -0500] "GET /sipse/css/imagen/logoSDG.png HTTP/1.1" 304 -
181.53.13.93 - - [27/Dec/2023:06:23:58 -0500] "GET /sipse/css/imagen/loginimg.png HTTP/1.1" 304 -
181.53.13.93 - - [27/Dec/2023:06:23:58 -0500] "GET /sipse/faces/javax.faces.resource/images/ui-icons_898989_256x240.png?ln=primefaces-aristo HTTP/1.1" 304 -
156.59.198.136 - - [27/Dec/2023:06:24:00 -0500] "GET /BLA/resoluciones/RESOLUCIONES%202009/3845.pdf HTTP/1.0" 200 648640
156.59.198.136 - - [27/Dec/2023:06:24:25 -0500] "GET /BLA/resoluciones/Notificaciones/AUTOS%202020/03974.pdf HTTP/1.0" 200 368485
172.22.2.4 - - [27/Dec/2023:06:22:57 -0500] "GET /BLA/boletinlegal/ HTTP/1.1" 200 60502
156.59.198.136 - - [27/Dec/2023:06:24:49 -0500] "GET /BLA/resoluciones/RESOLUCIONES%202008/3971.pdf HTTP/1.0" 200 724910
161.18.161.116 - - [27/Dec/2023:06:24:54 -0500] "GET /appsia/controlador HTTP/1.1" 200 4799
161.18.161.116 - - [27/Dec/2023:06:24:55 -0500] "GET /appsia/scripts/validarIngreso.js HTTP/1.1" 200 851
161.18.161.116 - - [27/Dec/2023:06:24:55 -0500] "GET /appsia/css/estilos.css HTTP/1.1" 200 4804
161.18.161.116 - - [27/Dec/2023:06:24:55 -0500] "GET /appsia/images/logo_bogota_p.png HTTP/1.1" 200 14951
161.18.161.116 - - [27/Dec/2023:06:24:55 -0500] "GET /appsia/images/cabezoteHojaVida.png HTTP/1.1" 200 32493
