172.22.2.4 - - [27/Dec/2023:09:32:33 -0500] "GET /BLA/boletinlegal/normativa.php HTTP/1.1" 200 8343
190.60.36.2 - - [27/Dec/2023:09:32:32 -0500] "POST /sipse/faces/presentacion/financiero/solicitudProceso/listarSolicitudProceso.xhtml HTTP/1.1" 200 116613
190.60.36.2 - - [27/Dec/2023:09:32:35 -0500] "GET /sipse/faces/javax.faces.resource/theme.css?ln=primefaces-sipse HTTP/1.1" 304 -
190.60.36.2 - - [27/Dec/2023:09:32:35 -0500] "GET /sipse/faces/javax.faces.resource/primefaces.css?ln=primefaces&v=4.0 HTTP/1.1" 304 -
190.60.36.2 - - [27/Dec/2023:09:32:35 -0500] "GET /sipse/faces/javax.faces.resource/layout/layout.css?ln=primefaces&v=4.0 HTTP/1.1" 304 -
190.60.36.2 - - [27/Dec/2023:09:32:35 -0500] "GET /sipse/faces/javax.faces.resource/jquery/jquery.js?ln=primefaces&v=4.0 HTTP/1.1" 304 -
190.60.36.2 - - [27/Dec/2023:09:32:35 -0500] "GET /sipse/faces/javax.faces.resource/jquery/jquery-plugins.js?ln=primefaces&v=4.0 HTTP/1.1" 304 -
190.60.36.2 - - [27/Dec/2023:09:32:35 -0500] "GET /sipse/faces/javax.faces.resource/primefaces.js?ln=primefaces&v=4.0 HTTP/1.1" 304 -
190.60.36.2 - - [27/Dec/2023:09:32:35 -0500] "GET /sipse/faces/javax.faces.resource/layout/layout.js?ln=primefaces&v=4.0 HTTP/1.1" 304 -
190.60.36.2 - - [27/Dec/2023:09:32:35 -0500] "GET /sipse/faces/javax.faces.resource/dynamiccontent.properties?ln=primefaces&pfdrid=XjOR5%2F%2FfPAZAuY9TpWQeCiM0BhlXxYRBGKi%2FQcXXfeA%3D&pfdrid_c=false HTTP/1.1" 500 383
156.59.198.136 - - [27/Dec/2023:09:32:35 -0500] "GET /BLA/resoluciones/Notificaciones/AUTOS%202023/39.pdf HTTP/1.0" 200 416058
172.22.2.4 - - [27/Dec/2023:09:32:40 -0500] "GET /BLA/boletinlegal/consulta_normativa.php?tipo=Decreto&sector=Aire&ano=2022&resuelve=gas HTTP/1.1" 200 454
172.22.2.4 - - [27/Dec/2023:09:32:41 -0500] "GET /BLA/boletinlegal/consulta_normativa.php?tipo=Decreto&sector=Aire&ano=2022&resuelve=gas HTTP/1.1" 200 454
190.60.36.2 - - [27/Dec/2023:09:32:40 -0500] "POST /sipse/faces/presentacion/financiero/solicitudProceso/consultarSolicitudProceso.xhtml HTTP/1.1" 200 217021
190.60.36.2 - - [27/Dec/2023:09:32:48 -0500] "POST /sipse/faces/presentacion/financiero/solicitudProceso/consultarSolicitudProceso.xhtml HTTP/1.1" 200 41159
190.60.36.2 - - [27/Dec/2023:09:32:49 -0500] "GET /sipse/faces/javax.faces.resource/theme.css?ln=primefaces-sipse HTTP/1.1" 304 -
190.60.36.2 - - [27/Dec/2023:09:32:49 -0500] "GET /sipse/faces/javax.faces.resource/primefaces.css?ln=primefaces&v=4.0 HTTP/1.1" 304 -
190.60.36.2 - - [27/Dec/2023:09:32:49 -0500] "GET /sipse/faces/javax.faces.resource/layout/layout.css?ln=primefaces&v=4.0 HTTP/1.1" 304 -
190.60.36.2 - - [27/Dec/2023:09:32:49 -0500] "GET /sipse/faces/javax.faces.resource/jquery/jquery.js?ln=primefaces&v=4.0 HTTP/1.1" 304 -
190.60.36.2 - - [27/Dec/2023:09:32:49 -0500] "GET /sipse/faces/javax.faces.resource/jquery/jquery-plugins.js?ln=primefaces&v=4.0 HTTP/1.1" 304 -
190.60.36.2 - - [27/Dec/2023:09:32:49 -0500] "GET /sipse/faces/javax.faces.resource/primefaces.js?ln=primefaces&v=4.0 HTTP/1.1" 304 -
190.60.36.2 - - [27/Dec/2023:09:32:49 -0500] "GET /sipse/faces/javax.faces.resource/layout/layout.js?ln=primefaces&v=4.0 HTTP/1.1" 304 -
201.190.81.42 - - [27/Dec/2023:09:32:46 -0500] "POST /sipse/faces/presentacion/financiero/solicitudProceso/consultar.xhtml HTTP/1.1" 200 110202
201.190.81.42 - - [27/Dec/2023:09:32:49 -0500] "GET /sipse/faces/javax.faces.resource/theme.css?ln=primefaces-sipse HTTP/1.1" 304 -
201.190.81.42 - - [27/Dec/2023:09:32:49 -0500] "GET /sipse/faces/javax.faces.resource/jquery/jquery.js?ln=primefaces&v=4.0 HTTP/1.1" 304 -
201.190.81.42 - - [27/Dec/2023:09:32:49 -0500] "GET /sipse/faces/javax.faces.resource/primefaces.css?ln=primefaces&v=4.0 HTTP/1.1" 304 -
201.190.81.42 - - [27/Dec/2023:09:32:49 -0500] "GET /sipse/faces/javax.faces.resource/layout/layout.css?ln=primefaces&v=4.0 HTTP/1.1" 304 -
201.190.81.42 - - [27/Dec/2023:09:32:49 -0500] "GET /sipse/faces/javax.faces.resource/jquery/jquery-plugins.js?ln=primefaces&v=4.0 HTTP/1.1" 304 -
201.190.81.42 - - [27/Dec/2023:09:32:49 -0500] "GET /sipse/faces/javax.faces.resource/primefaces.js?ln=primefaces&v=4.0 HTTP/1.1" 304 -
201.190.81.42 - - [27/Dec/2023:09:32:49 -0500] "GET /sipse/faces/javax.faces.resource/layout/layout.js?ln=primefaces&v=4.0 HTTP/1.1" 304 -
201.190.81.42 - - [27/Dec/2023:09:32:49 -0500] "GET /sipse/faces/javax.faces.resource/dynamiccontent.properties?ln=primefaces&pfdrid=XjOR5%2F%2FfPAZAuY9TpWQeCiM0BhlXxYRBGKi%2FQcXXfeA%3D&pfdrid_c=false HTTP/1.1" 500 383
172.22.2.4 - - [27/Dec/2023:09:32:54 -0500] "GET /BLA/boletinlegal/consulta_normativa.php?tipo=Decreto&sector=competencia-estructura&ano=2022&resuelve=gas HTTP/1.1" 200 454
40.77.167.132 - - [27/Dec/2023:09:32:54 -0500] "GET /BLA/resoluciones/AUTOS%202017/3574.pdf HTTP/1.1" 200 277305
156.59.198.135 - - [27/Dec/2023:09:33:00 -0500] "GET /BLA/resoluciones/RESOLUCIONES%202018/2060.pdf HTTP/1.0" 200 288667
172.22.2.4 - - [27/Dec/2023:09:33:01 -0500] "GET /BLA/boletinlegal/consulta_normativa.php?tipo=Decreto&sector=concesion&ano=2022&resuelve=gas HTTP/1.1" 200 454
172.22.2.4 - - [27/Dec/2023:09:33:04 -0500] "GET /BLA/boletinlegal/consulta_normativa.php?tipo=Decreto&sector=concesion&ano=2022&resuelve=gas HTTP/1.1" 200 454
172.22.2.4 - - [27/Dec/2023:09:33:12 -0500] "GET /BLA/boletinlegal/consulta_normativa.php?tipo=Decreto&sector=emisiones&ano=2022&resuelve=gas HTTP/1.1" 200 454
201.245.192.253 - - [27/Dec/2023:09:33:14 -0500] "POST /sipse/faces/presentacion/financiero/solicitudProceso/listarSolicitudProceso.xhtml HTTP/1.1" 200 41560
201.245.192.253 - - [27/Dec/2023:09:33:16 -0500] "GET /sipse/faces/javax.faces.resource/primefaces.css?ln=primefaces&v=4.0 HTTP/1.1" 304 -
201.245.192.253 - - [27/Dec/2023:09:33:16 -0500] "GET /sipse/faces/javax.faces.resource/layout/layout.css?ln=primefaces&v=4.0 HTTP/1.1" 304 -
201.245.192.253 - - [27/Dec/2023:09:33:16 -0500] "GET /sipse/faces/javax.faces.resource/theme.css?ln=primefaces-sipse HTTP/1.1" 304 -
201.245.192.253 - - [27/Dec/2023:09:33:16 -0500] "GET /sipse/faces/javax.faces.resource/jquery/jquery.js?ln=primefaces&v=4.0 HTTP/1.1" 304 -
201.245.192.253 - - [27/Dec/2023:09:33:16 -0500] "GET /sipse/faces/javax.faces.resource/jquery/jquery-plugins.js?ln=primefaces&v=4.0 HTTP/1.1" 304 -
201.245.192.253 - - [27/Dec/2023:09:33:16 -0500] "GET /sipse/faces/javax.faces.resource/primefaces.js?ln=primefaces&v=4.0 HTTP/1.1" 304 -
201.245.192.253 - - [27/Dec/2023:09:33:16 -0500] "GET /sipse/faces/javax.faces.resource/layout/layout.js?ln=primefaces&v=4.0 HTTP/1.1" 304 -
201.245.192.253 - - [27/Dec/2023:09:33:16 -0500] "POST /sipse/faces/presentacion/financiero/solicitudProceso/consultar.xhtml HTTP/1.1" 200 34855
172.22.2.4 - - [27/Dec/2023:09:33:23 -0500] "GET /BLA/boletinlegal/consulta_normativa.php?tipo=Decreto&sector=fauna&ano=2022&resuelve=gas HTTP/1.1" 200 454
201.245.192.253 - - [27/Dec/2023:09:33:21 -0500] "POST /sipse/faces/presentacion/financiero/solicitudProceso/consultar.xhtml HTTP/1.1" 200 12885
172.22.2.4 - - [27/Dec/2023:09:33:24 -0500] "GET /BLA/boletinlegal/consulta_normativa.php?tipo=Decreto&sector=fauna&ano=2022&resuelve=gas HTTP/1.1" 200 454
156.59.198.135 - - [27/Dec/2023:09:33:24 -0500] "GET /BLA/resoluciones/RESOLUCIONES%202007/RES%202007%20301%20AL%20400/RESOLUCION%200380%20DE%202007.pdf HTTP/1.0" 200 315416
201.245.192.253 - - [27/Dec/2023:09:33:33 -0500] "POST /forms/lservlet;jsessionid=ac16012b30d6ac84fb743cb8490d9168fad49a174d06.e3iSbxaKaheRe34Qc38TbN0Nb41ynknvrkLOlQzNp65In0 HTTP/1.1" 200 2
201.245.192.253 - - [27/Dec/2023:09:33:28 -0500] "POST /sipse/faces/presentacion/financiero/solicitudProceso/consultar.xhtml HTTP/1.1" 200 13123
201.245.192.253 - - [27/Dec/2023:09:33:36 -0500] "POST /forms/lservlet;jsessionid=ac16012b30d608a3c74dabe741288258ac4c4de7c868.e3iSbxaKaheRe34Qc38TbN0Nb41ynknvrkLOlQzNp65In0 HTTP/1.1" 200 2
172.22.2.4 - - [27/Dec/2023:09:33:41 -0500] "GET /BLA/boletinlegal/consulta_normativa.php?tipo=Decreto&sector=flora&ano=2022&resuelve=gas HTTP/1.1" 200 454
156.59.198.135 - - [27/Dec/2023:09:33:48 -0500] "GET /BLA/resoluciones/Notificaciones/AUTOS%202020/4788.pdf HTTP/1.0" 200 1554089
201.190.81.42 - - [27/Dec/2023:09:33:52 -0500] "POST /sipse/faces/presentacion/financiero/solicitudProceso/consultarSolicitudProceso.xhtml HTTP/1.1" 200 42223
201.190.81.42 - - [27/Dec/2023:09:34:00 -0500] "GET /sipse/faces/javax.faces.resource/theme.css?ln=primefaces-sipse HTTP/1.1" 304 -
201.190.81.42 - - [27/Dec/2023:09:34:00 -0500] "GET /sipse/faces/javax.faces.resource/primefaces.css?ln=primefaces&v=4.0 HTTP/1.1" 304 -
201.190.81.42 - - [27/Dec/2023:09:34:00 -0500] "GET /sipse/faces/javax.faces.resource/jquery/jquery.js?ln=primefaces&v=4.0 HTTP/1.1" 304 -
201.190.81.42 - - [27/Dec/2023:09:34:00 -0500] "GET /sipse/faces/javax.faces.resource/layout/layout.css?ln=primefaces&v=4.0 HTTP/1.1" 304 -
201.190.81.42 - - [27/Dec/2023:09:34:00 -0500] "GET /sipse/faces/javax.faces.resource/jquery/jquery-plugins.js?ln=primefaces&v=4.0 HTTP/1.1" 304 -
201.190.81.42 - - [27/Dec/2023:09:34:01 -0500] "GET /sipse/faces/javax.faces.resource/primefaces.js?ln=primefaces&v=4.0 HTTP/1.1" 304 -
201.190.81.42 - - [27/Dec/2023:09:34:01 -0500] "GET /sipse/faces/javax.faces.resource/layout/layout.js?ln=primefaces&v=4.0 HTTP/1.1" 304 -
172.22.2.4 - - [27/Dec/2023:09:34:02 -0500] "GET /BLA/boletinlegal/consulta_normativa.php?tipo=Decreto&sector=humedales&ano=2022&resuelve=gas HTTP/1.1" 200 454
172.22.2.4 - - [27/Dec/2023:09:34:04 -0500] "GET /BLA/boletinlegal/consulta_normativa.php?tipo=Decreto&sector=humedales&ano=2022&resuelve=gas HTTP/1.1" 200 454
201.245.192.253 - - [27/Dec/2023:09:33:57 -0500] "POST /sipse/faces/presentacion/financiero/solicitudProceso/consultar.xhtml HTTP/1.1" 200 59245
201.245.192.253 - - [27/Dec/2023:09:34:05 -0500] "GET /sipse/faces/javax.faces.resource/theme.css?ln=primefaces-sipse HTTP/1.1" 304 -
201.245.192.253 - - [27/Dec/2023:09:34:05 -0500] "GET /sipse/faces/javax.faces.resource/primefaces.css?ln=primefaces&v=4.0 HTTP/1.1" 304 -
201.245.192.253 - - [27/Dec/2023:09:34:05 -0500] "GET /sipse/faces/javax.faces.resource/jquery/jquery.js?ln=primefaces&v=4.0 HTTP/1.1" 304 -
201.245.192.253 - - [27/Dec/2023:09:34:05 -0500] "GET /sipse/faces/javax.faces.resource/jquery/jquery-plugins.js?ln=primefaces&v=4.0 HTTP/1.1" 304 -
201.245.192.253 - - [27/Dec/2023:09:34:05 -0500] "GET /sipse/faces/javax.faces.resource/primefaces.js?ln=primefaces&v=4.0 HTTP/1.1" 304 -
201.245.192.253 - - [27/Dec/2023:09:34:05 -0500] "GET /sipse/faces/javax.faces.resource/layout/layout.js?ln=primefaces&v=4.0 HTTP/1.1" 304 -
201.245.192.253 - - [27/Dec/2023:09:34:05 -0500] "GET /sipse/faces/javax.faces.resource/layout/layout.css?ln=primefaces&v=4.0 HTTP/1.1" 304 -
201.190.81.42 - - [27/Dec/2023:09:34:01 -0500] "POST /sipse/faces/presentacion/financiero/solicitudProceso/consultar.xhtml HTTP/1.1" 200 35525
201.245.192.253 - - [27/Dec/2023:09:34:05 -0500] "POST /sipse/faces/presentacion/financiero/solicitudProceso/listarSolicitudProceso.xhtml HTTP/1.1" 200 52514
156.59.198.135 - - [27/Dec/2023:09:34:12 -0500] "GET /BLA/resoluciones/Notificaciones/AUTOS%202023/4808.pdf HTTP/1.0" 200 326986
201.190.81.42 - - [27/Dec/2023:09:34:07 -0500] "POST /sipse/faces/presentacion/financiero/solicitudProceso/consultar.xhtml HTTP/1.1" 200 35525
201.190.81.42 - - [27/Dec/2023:09:34:13 -0500] "POST /sipse/faces/presentacion/financiero/solicitudProceso/consultar.xhtml HTTP/1.1" 200 35525
201.245.192.253 - - [27/Dec/2023:09:34:12 -0500] "POST /sipse/faces/presentacion/financiero/solicitudProceso/listarSolicitudProceso.xhtml HTTP/1.1" 200 52514
201.245.192.253 - - [27/Dec/2023:09:34:18 -0500] "POST /sipse/faces/presentacion/financiero/solicitudProceso/listarSolicitudProceso.xhtml HTTP/1.1" 200 1564
201.245.192.253 - - [27/Dec/2023:09:34:20 -0500] "GET /appsia/controlador HTTP/1.1" 200 4799
201.245.192.253 - - [27/Dec/2023:09:34:20 -0500] "GET /appsia/css/estilos.css HTTP/1.1" 304 -
201.245.192.253 - - [27/Dec/2023:09:34:20 -0500] "GET /appsia/scripts/validarIngreso.js HTTP/1.1" 304 -
201.245.192.253 - - [27/Dec/2023:09:34:20 -0500] "GET /appsia/images/cabezoteHojaVida.png HTTP/1.1" 304 -
201.245.192.253 - - [27/Dec/2023:09:34:20 -0500] "GET /appsia/images/logo_bogota_p.png HTTP/1.1" 304 -
172.22.2.4 - - [27/Dec/2023:09:34:20 -0500] "GET /BLA/boletinlegal/jurisprudencia/analisis/AnalisisC-035-16.docx HTTP/1.1" 200 25011
201.245.192.253 - - [27/Dec/2023:09:34:20 -0500] "POST /sipse/faces/presentacion/financiero/solicitudProceso/listarSolicitudProceso.xhtml HTTP/1.1" 200 1552
201.190.81.42 - - [27/Dec/2023:09:34:17 -0500] "POST /sipse/faces/presentacion/financiero/solicitudProceso/consultar.xhtml HTTP/1.1" 200 35525
172.22.2.4 - - [27/Dec/2023:09:34:23 -0500] "GET /BLA/boletinlegal/consulta_normativa.php?tipo=Decreto&sector=licencia&ano=2022&resuelve=gas HTTP/1.1" 200 454
201.245.192.253 - - [27/Dec/2023:09:34:21 -0500] "POST /sipse/faces/presentacion/financiero/solicitudProceso/listarSolicitudProceso.xhtml HTTP/1.1" 200 1568
172.22.2.4 - - [27/Dec/2023:09:34:23 -0500] "GET /BLA/boletinlegal/consulta_normativa.php?tipo=Decreto&sector=licencia&ano=2022&resuelve=gas HTTP/1.1" 200 454
201.190.81.42 - - [27/Dec/2023:09:34:22 -0500] "POST /sipse/faces/presentacion/financiero/solicitudProceso/consultar.xhtml HTTP/1.1" 200 35525
201.190.81.42 - - [27/Dec/2023:09:34:25 -0500] "POST /sipse/faces/presentacion/financiero/solicitudProceso/consultar.xhtml HTTP/1.1" 200 35525
172.22.2.4 - - [27/Dec/2023:09:34:32 -0500] "GET /BLA/boletinlegal/consulta_normativa.php?tipo=Decreto&sector=mineria&ano=2022&resuelve=gas HTTP/1.1" 200 454
172.22.2.4 - - [27/Dec/2023:09:34:33 -0500] "GET /BLA/boletinlegal/consulta_normativa.php?tipo=Decreto&sector=mineria&ano=2022&resuelve=gas HTTP/1.1" 200 454
172.22.2.4 - - [27/Dec/2023:09:34:33 -0500] "GET /BLA/boletinlegal/consulta_normativa.php?tipo=Decreto&sector=mineria&ano=2022&resuelve=gas HTTP/1.1" 200 454
201.245.192.253 - - [27/Dec/2023:09:34:34 -0500] "POST /appsia/controlador HTTP/1.1" 200 3596
201.245.192.253 - - [27/Dec/2023:09:34:34 -0500] "GET /appsia/jscripts/validarSolicitud.js HTTP/1.1" 404 68
190.60.36.2 - - [27/Dec/2023:09:34:22 -0500] "POST /sipse/faces/presentacion/financiero/modificacionContrato/cargarModifiacion.xhtml HTTP/1.1" 200 119761
156.59.198.135 - - [27/Dec/2023:09:34:36 -0500] "GET /BLA/resoluciones/RESOLUCIONES%202009/1744.pdf HTTP/1.0" 200 502919
190.60.36.2 - - [27/Dec/2023:09:34:36 -0500] "GET /sipse/faces/javax.faces.resource/theme.css?ln=primefaces-sipse HTTP/1.1" 304 -
190.60.36.2 - - [27/Dec/2023:09:34:36 -0500] "GET /sipse/faces/javax.faces.resource/layout/layout.css?ln=primefaces&v=4.0 HTTP/1.1" 304 -
190.60.36.2 - - [27/Dec/2023:09:34:36 -0500] "GET /sipse/faces/javax.faces.resource/primefaces.css?ln=primefaces&v=4.0 HTTP/1.1" 304 -
190.60.36.2 - - [27/Dec/2023:09:34:36 -0500] "GET /sipse/faces/javax.faces.resource/jquery/jquery.js?ln=primefaces&v=4.0 HTTP/1.1" 304 -
190.60.36.2 - - [27/Dec/2023:09:34:36 -0500] "GET /sipse/faces/javax.faces.resource/jquery/jquery-plugins.js?ln=primefaces&v=4.0 HTTP/1.1" 304 -
190.60.36.2 - - [27/Dec/2023:09:34:36 -0500] "GET /sipse/faces/javax.faces.resource/primefaces.js?ln=primefaces&v=4.0 HTTP/1.1" 304 -
190.60.36.2 - - [27/Dec/2023:09:34:36 -0500] "GET /sipse/faces/javax.faces.resource/layout/layout.js?ln=primefaces&v=4.0 HTTP/1.1" 304 -
190.60.36.2 - - [27/Dec/2023:09:34:37 -0500] "GET /sipse/faces/javax.faces.resource/dynamiccontent.properties?ln=primefaces&pfdrid=XjOR5%2F%2FfPAZAuY9TpWQeCiM0BhlXxYRBGKi%2FQcXXfeA%3D&pfdrid_c=false HTTP/1.1" 500 383
190.60.36.2 - - [27/Dec/2023:09:34:43 -0500] "POST /sipse/faces/presentacion/financiero/solicitudProceso/consultarSolicitudProceso.xhtml HTTP/1.1" 200 35702
190.60.36.2 - - [27/Dec/2023:09:34:46 -0500] "GET /sipse/faces/javax.faces.resource/layout/layout.css?ln=primefaces&v=4.0 HTTP/1.1" 304 -
190.60.36.2 - - [27/Dec/2023:09:34:46 -0500] "GET /sipse/faces/javax.faces.resource/theme.css?ln=primefaces-sipse HTTP/1.1" 304 -
190.60.36.2 - - [27/Dec/2023:09:34:46 -0500] "GET /sipse/faces/javax.faces.resource/primefaces.css?ln=primefaces&v=4.0 HTTP/1.1" 304 -
190.60.36.2 - - [27/Dec/2023:09:34:46 -0500] "GET /sipse/faces/javax.faces.resource/jquery/jquery.js?ln=primefaces&v=4.0 HTTP/1.1" 304 -
190.60.36.2 - - [27/Dec/2023:09:34:46 -0500] "GET /sipse/faces/javax.faces.resource/jquery/jquery-plugins.js?ln=primefaces&v=4.0 HTTP/1.1" 304 -
190.60.36.2 - - [27/Dec/2023:09:34:46 -0500] "GET /sipse/faces/javax.faces.resource/primefaces.js?ln=primefaces&v=4.0 HTTP/1.1" 304 -
190.60.36.2 - - [27/Dec/2023:09:34:46 -0500] "GET /sipse/faces/javax.faces.resource/layout/layout.js?ln=primefaces&v=4.0 HTTP/1.1" 304 -
190.60.36.2 - - [27/Dec/2023:09:34:46 -0500] "POST /sipse/faces/presentacion/financiero/solicitudProceso/listarSolicitudProceso.xhtml HTTP/1.1" 200 1396
172.22.2.4 - - [27/Dec/2023:09:34:51 -0500] "GET /BLA/boletinlegal/actos.php HTTP/1.1" 200 9682
172.22.2.4 - - [27/Dec/2023:09:34:52 -0500] "GET /BLA/boletinlegal/favicon.ico HTTP/1.1" 404 1326
190.60.36.2 - - [27/Dec/2023:09:34:55 -0500] "POST /sipse/faces/presentacion/financiero/solicitudProceso/listarSolicitudProceso.xhtml HTTP/1.1" 200 32177
190.60.36.2 - - [27/Dec/2023:09:34:55 -0500] "POST /sipse/faces/presentacion/financiero/solicitudProceso/listarSolicitudProceso.xhtml HTTP/1.1" 200 45093
190.60.36.2 - - [27/Dec/2023:09:34:56 -0500] "POST /sipse/faces/presentacion/financiero/solicitudProceso/listarSolicitudProceso.xhtml HTTP/1.1" 200 32173
156.59.198.136 - - [27/Dec/2023:09:35:01 -0500] "GET /BLA/resoluciones/RESOLUCIONES%202007/RES%202007%201901%20AL%202000/RESOLUCION%201917%20DE%202007.pdf HTTP/1.0" 200 26863
201.190.81.42 - - [27/Dec/2023:09:35:04 -0500] "POST /sipse/faces/presentacion/financiero/solicitudProceso/consultar.xhtml HTTP/1.1" 200 110202
201.190.81.42 - - [27/Dec/2023:09:35:06 -0500] "GET /sipse/faces/javax.faces.resource/theme.css?ln=primefaces-sipse HTTP/1.1" 304 -
201.190.81.42 - - [27/Dec/2023:09:35:06 -0500] "GET /sipse/faces/javax.faces.resource/primefaces.css?ln=primefaces&v=4.0 HTTP/1.1" 304 -
201.190.81.42 - - [27/Dec/2023:09:35:06 -0500] "GET /sipse/faces/javax.faces.resource/layout/layout.css?ln=primefaces&v=4.0 HTTP/1.1" 304 -
201.190.81.42 - - [27/Dec/2023:09:35:06 -0500] "GET /sipse/faces/javax.faces.resource/jquery/jquery.js?ln=primefaces&v=4.0 HTTP/1.1" 304 -
201.190.81.42 - - [27/Dec/2023:09:35:06 -0500] "GET /sipse/faces/javax.faces.resource/jquery/jquery-plugins.js?ln=primefaces&v=4.0 HTTP/1.1" 304 -
201.190.81.42 - - [27/Dec/2023:09:35:06 -0500] "GET /sipse/faces/javax.faces.resource/primefaces.js?ln=primefaces&v=4.0 HTTP/1.1" 304 -
201.190.81.42 - - [27/Dec/2023:09:35:06 -0500] "GET /sipse/faces/javax.faces.resource/layout/layout.js?ln=primefaces&v=4.0 HTTP/1.1" 304 -
201.190.81.42 - - [27/Dec/2023:09:35:07 -0500] "GET /sipse/faces/javax.faces.resource/dynamiccontent.properties?ln=primefaces&pfdrid=XjOR5%2F%2FfPAZAuY9TpWQeCiM0BhlXxYRBGKi%2FQcXXfeA%3D&pfdrid_c=false HTTP/1.1" 500 383
172.22.2.4 - - [27/Dec/2023:09:35:09 -0500] "GET /BLA/boletinlegal/normativa.php HTTP/1.1" 200 8343
190.60.36.2 - - [27/Dec/2023:09:35:10 -0500] "POST /sipse/faces/presentacion/financiero/solicitudProceso/listarSolicitudProceso.xhtml HTTP/1.1" 200 9119
181.58.175.82 - - [27/Dec/2023:09:35:16 -0500] "GET /appsia/controlador HTTP/1.1" 200 4799
181.58.175.82 - - [27/Dec/2023:09:35:16 -0500] "GET /appsia/scripts/validarIngreso.js HTTP/1.1" 200 851
181.58.175.82 - - [27/Dec/2023:09:35:16 -0500] "GET /appsia/css/estilos.css HTTP/1.1" 200 4804
181.58.175.82 - - [27/Dec/2023:09:35:16 -0500] "GET /appsia/images/logo_bogota_p.png HTTP/1.1" 200 14951
181.58.175.82 - - [27/Dec/2023:09:35:16 -0500] "GET /appsia/images/cabezoteHojaVida.png HTTP/1.1" 200 32493
181.58.175.82 - - [27/Dec/2023:09:35:16 -0500] "GET /favicon.ico HTTP/1.1" 200 7782
190.26.199.250 - - [27/Dec/2023:09:35:17 -0500] "GET /sipse/faces/index.xhtml HTTP/1.1" 200 677
190.26.199.250 - - [27/Dec/2023:09:35:18 -0500] "GET /sipse/faces/javax.faces.resource/theme.css?ln=primefaces-sipse HTTP/1.1" 304 -
190.26.199.250 - - [27/Dec/2023:09:35:18 -0500] "GET /sipse/faces/faces/autenticacion.xhtml HTTP/1.1" 200 12410
190.26.199.250 - - [27/Dec/2023:09:35:18 -0500] "GET /sipse/js/disable_browser_buttons.js HTTP/1.1" 304 -
190.26.199.250 - - [27/Dec/2023:09:35:18 -0500] "GET /sipse/js/funciones.js HTTP/1.1" 304 -
190.26.199.250 - - [27/Dec/2023:09:35:18 -0500] "GET /sipse/css/custom_css_sg.css HTTP/1.1" 304 -
190.26.199.250 - - [27/Dec/2023:09:35:18 -0500] "GET /sipse/css/custom_css_sg_prime_login.css HTTP/1.1" 304 -
190.26.199.250 - - [27/Dec/2023:09:35:18 -0500] "GET /sipse/faces/javax.faces.resource/primefaces.css?ln=primefaces&v=4.0 HTTP/1.1" 304 -
190.26.199.250 - - [27/Dec/2023:09:35:18 -0500] "GET /sipse/faces/javax.faces.resource/theme.css?ln=primefaces-sipse HTTP/1.1" 304 -
190.26.199.250 - - [27/Dec/2023:09:35:18 -0500] "GET /sipse/faces/javax.faces.resource/jquery/jquery.js?ln=primefaces&v=4.0 HTTP/1.1" 304 -
190.26.199.250 - - [27/Dec/2023:09:35:18 -0500] "GET /sipse/faces/javax.faces.resource/layout/layout.css?ln=primefaces&v=4.0 HTTP/1.1" 304 -
190.26.199.250 - - [27/Dec/2023:09:35:18 -0500] "GET /sipse/faces/javax.faces.resource/jquery/jquery-plugins.js?ln=primefaces&v=4.0 HTTP/1.1" 304 -
190.26.199.250 - - [27/Dec/2023:09:35:18 -0500] "GET /sipse/faces/javax.faces.resource/primefaces.js?ln=primefaces&v=4.0 HTTP/1.1" 304 -
190.26.199.250 - - [27/Dec/2023:09:35:18 -0500] "GET /sipse/faces/javax.faces.resource/layout/layout.js?ln=primefaces&v=4.0 HTTP/1.1" 304 -
190.26.199.250 - - [27/Dec/2023:09:35:18 -0500] "GET /sipse/css/imagen/loginimg.png HTTP/1.1" 304 -
190.26.199.250 - - [27/Dec/2023:09:35:18 -0500] "GET /sipse/css/imagen/logoSDG.png HTTP/1.1" 304 -
190.26.199.250 - - [27/Dec/2023:09:35:18 -0500] "GET /sipse/faces/javax.faces.resource/images/ui-icons_898989_256x240.png?ln=primefaces-aristo HTTP/1.1" 304 -
190.26.199.250 - - [27/Dec/2023:09:35:20 -0500] "POST /sipse/faces/autenticacion.xhtml HTTP/1.1" 200 2221
190.26.199.250 - - [27/Dec/2023:09:35:21 -0500] "GET /sipse/faces/javax.faces.resource/messages/messages.png?ln=primefaces&v=4.0 HTTP/1.1" 304 -
190.26.199.250 - - [27/Dec/2023:09:35:21 -0500] "POST /sipse/faces/autenticacion.xhtml HTTP/1.1" 200 16465
190.26.199.250 - - [27/Dec/2023:09:35:22 -0500] "GET /sipse/css/custom_css_sg_prime.css HTTP/1.1" 304 -
190.26.199.250 - - [27/Dec/2023:09:35:22 -0500] "GET /sipse/js/jquery.min.js HTTP/1.1" 304 -
190.26.199.250 - - [27/Dec/2023:09:35:22 -0500] "GET /sipse/faces/javax.faces.resource/theme.css?ln=primefaces-sipse HTTP/1.1" 304 -
190.26.199.250 - - [27/Dec/2023:09:35:22 -0500] "GET /sipse/faces/javax.faces.resource/primefaces.css?ln=primefaces&v=4.0 HTTP/1.1" 304 -
190.26.199.250 - - [27/Dec/2023:09:35:22 -0500] "GET /sipse/faces/javax.faces.resource/layout/layout.css?ln=primefaces&v=4.0 HTTP/1.1" 304 -
190.26.199.250 - - [27/Dec/2023:09:35:22 -0500] "GET /sipse/faces/javax.faces.resource/jquery/jquery.js?ln=primefaces&v=4.0 HTTP/1.1" 304 -
190.26.199.250 - - [27/Dec/2023:09:35:22 -0500] "GET /sipse/faces/javax.faces.resource/jquery/jquery-plugins.js?ln=primefaces&v=4.0 HTTP/1.1" 304 -
190.26.199.250 - - [27/Dec/2023:09:35:22 -0500] "GET /sipse/faces/javax.faces.resource/primefaces.js?ln=primefaces&v=4.0 HTTP/1.1" 304 -
190.26.199.250 - - [27/Dec/2023:09:35:22 -0500] "GET /sipse/faces/javax.faces.resource/layout/layout.js?ln=primefaces&v=4.0 HTTP/1.1" 304 -
190.26.199.250 - - [27/Dec/2023:09:35:22 -0500] "GET /sipse/css/v_mergente.css HTTP/1.1" 304 -
190.26.199.250 - - [27/Dec/2023:09:35:22 -0500] "GET /sipse/css/imagen/contrasena.png HTTP/1.1" 404 383
190.26.199.250 - - [27/Dec/2023:09:35:22 -0500] "GET /sipse/imagenes/logoAplicacion.jpg HTTP/1.1" 304 -
190.26.199.250 - - [27/Dec/2023:09:35:22 -0500] "GET /sipse/imagenes/cargando.gif HTTP/1.1" 304 -
190.26.199.250 - - [27/Dec/2023:09:35:23 -0500] "GET /sipse/faces/javax.faces.resource/images/ui-bg_flat_0_2d5972_40x100.png?ln=primefaces-aristo HTTP/1.1" 304 -
190.26.199.250 - - [27/Dec/2023:09:35:23 -0500] "POST /sipse/faces/bienvenido.xhtml HTTP/1.1" 200 2658
190.60.36.2 - - [27/Dec/2023:09:35:22 -0500] "POST /sipse/faces/presentacion/financiero/solicitudProceso/listarSolicitudProceso.xhtml HTTP/1.1" 200 117758
156.59.198.136 - - [27/Dec/2023:09:35:25 -0500] "GET /BLA/resoluciones/RESOLUCIONES%202009/3542.pdf HTTP/1.0" 200 632637
190.60.36.2 - - [27/Dec/2023:09:35:25 -0500] "GET /sipse/faces/javax.faces.resource/primefaces.css?ln=primefaces&v=4.0 HTTP/1.1" 304 -
190.60.36.2 - - [27/Dec/2023:09:35:25 -0500] "GET /sipse/faces/javax.faces.resource/theme.css?ln=primefaces-sipse HTTP/1.1" 304 -
190.60.36.2 - - [27/Dec/2023:09:35:25 -0500] "GET /sipse/faces/javax.faces.resource/layout/layout.css?ln=primefaces&v=4.0 HTTP/1.1" 304 -
190.60.36.2 - - [27/Dec/2023:09:35:25 -0500] "GET /sipse/faces/javax.faces.resource/jquery/jquery.js?ln=primefaces&v=4.0 HTTP/1.1" 304 -
190.60.36.2 - - [27/Dec/2023:09:35:25 -0500] "GET /sipse/faces/javax.faces.resource/jquery/jquery-plugins.js?ln=primefaces&v=4.0 HTTP/1.1" 304 -
190.60.36.2 - - [27/Dec/2023:09:35:25 -0500] "GET /sipse/faces/javax.faces.resource/primefaces.js?ln=primefaces&v=4.0 HTTP/1.1" 304 -
190.60.36.2 - - [27/Dec/2023:09:35:25 -0500] "GET /sipse/faces/javax.faces.resource/layout/layout.js?ln=primefaces&v=4.0 HTTP/1.1" 304 -
190.60.36.2 - - [27/Dec/2023:09:35:25 -0500] "GET /sipse/faces/javax.faces.resource/dynamiccontent.properties?ln=primefaces&pfdrid=XjOR5%2F%2FfPAZAuY9TpWQeCiM0BhlXxYRBGKi%2FQcXXfeA%3D&pfdrid_c=false HTTP/1.1" 500 383
190.26.199.250 - - [27/Dec/2023:09:35:25 -0500] "POST /sipse/faces/bienvenido.xhtml HTTP/1.1" 200 64053
190.26.199.250 - - [27/Dec/2023:09:35:26 -0500] "GET /sipse/faces/javax.faces.resource/layout/layout.css?ln=primefaces&v=4.0 HTTP/1.1" 304 -
190.26.199.250 - - [27/Dec/2023:09:35:26 -0500] "GET /sipse/faces/javax.faces.resource/theme.css?ln=primefaces-sipse HTTP/1.1" 304 -
190.26.199.250 - - [27/Dec/2023:09:35:26 -0500] "GET /sipse/faces/javax.faces.resource/primefaces.css?ln=primefaces&v=4.0 HTTP/1.1" 304 -
190.26.199.250 - - [27/Dec/2023:09:35:26 -0500] "GET /sipse/faces/javax.faces.resource/jquery/jquery.js?ln=primefaces&v=4.0 HTTP/1.1" 304 -
190.26.199.250 - - [27/Dec/2023:09:35:26 -0500] "GET /sipse/faces/javax.faces.resource/jquery/jquery-plugins.js?ln=primefaces&v=4.0 HTTP/1.1" 304 -
190.26.199.250 - - [27/Dec/2023:09:35:26 -0500] "GET /sipse/faces/javax.faces.resource/primefaces.js?ln=primefaces&v=4.0 HTTP/1.1" 304 -
190.26.199.250 - - [27/Dec/2023:09:35:26 -0500] "GET /sipse/faces/javax.faces.resource/layout/layout.js?ln=primefaces&v=4.0 HTTP/1.1" 304 -
190.26.199.250 - - [27/Dec/2023:09:35:26 -0500] "POST /sipse/faces/presentacion/financiero/solicitudProceso/listarSolicitudProceso.xhtml HTTP/1.1" 200 1564
190.60.36.2 - - [27/Dec/2023:09:35:28 -0500] "POST /sipse/faces/presentacion/financiero/solicitudProceso/consultarSolicitudProceso.xhtml HTTP/1.1" 200 366908
201.245.192.253 - - [27/Dec/2023:09:35:32 -0500] "POST /appsia/controlador HTTP/1.1" 200 4799
173.252.95.16 - - [27/Dec/2023:09:35:32 -0500] "GET /mis-de-50-aves-silvestres-fueron-recuperadas-en-la-localidad-de-tunjuelito.html HTTP/1.1" 200 806
181.58.175.82 - - [27/Dec/2023:09:35:32 -0500] "POST /appsia/controlador HTTP/1.1" 200 5437
201.245.192.253 - - [27/Dec/2023:09:35:33 -0500] "POST /forms/lservlet;jsessionid=ac16012b30d6ac84fb743cb8490d9168fad49a174d06.e3iSbxaKaheRe34Qc38TbN0Nb41ynknvrkLOlQzNp65In0 HTTP/1.1" 200 2
190.60.36.2 - - [27/Dec/2023:09:35:34 -0500] "POST /sipse/faces/presentacion/financiero/solicitudProceso/consultarSolicitudProceso.xhtml HTTP/1.1" 200 40766
190.60.36.2 - - [27/Dec/2023:09:35:35 -0500] "GET /sipse/faces/javax.faces.resource/theme.css?ln=primefaces-sipse HTTP/1.1" 304 -
190.60.36.2 - - [27/Dec/2023:09:35:35 -0500] "GET /sipse/faces/javax.faces.resource/layout/layout.css?ln=primefaces&v=4.0 HTTP/1.1" 304 -
190.60.36.2 - - [27/Dec/2023:09:35:35 -0500] "GET /sipse/faces/javax.faces.resource/primefaces.css?ln=primefaces&v=4.0 HTTP/1.1" 304 -
190.60.36.2 - - [27/Dec/2023:09:35:35 -0500] "GET /sipse/faces/javax.faces.resource/jquery/jquery.js?ln=primefaces&v=4.0 HTTP/1.1" 304 -
190.60.36.2 - - [27/Dec/2023:09:35:35 -0500] "GET /sipse/faces/javax.faces.resource/jquery/jquery-plugins.js?ln=primefaces&v=4.0 HTTP/1.1" 304 -
190.60.36.2 - - [27/Dec/2023:09:35:35 -0500] "GET /sipse/faces/javax.faces.resource/primefaces.js?ln=primefaces&v=4.0 HTTP/1.1" 304 -
190.60.36.2 - - [27/Dec/2023:09:35:35 -0500] "GET /sipse/faces/javax.faces.resource/layout/layout.js?ln=primefaces&v=4.0 HTTP/1.1" 304 -
201.245.192.253 - - [27/Dec/2023:09:35:36 -0500] "POST /forms/lservlet;jsessionid=ac16012b30d608a3c74dabe741288258ac4c4de7c868.e3iSbxaKaheRe34Qc38TbN0Nb41ynknvrkLOlQzNp65In0 HTTP/1.1" 200 2
190.26.199.250 - - [27/Dec/2023:09:35:41 -0500] "POST /sipse/faces/presentacion/financiero/solicitudProceso/listarSolicitudProceso.xhtml HTTP/1.1" 200 33209
190.26.199.250 - - [27/Dec/2023:09:35:43 -0500] "POST /sipse/faces/presentacion/financiero/solicitudProceso/listarSolicitudProceso.xhtml HTTP/1.1" 200 23729
190.26.199.250 - - [27/Dec/2023:09:35:45 -0500] "POST /sipse/faces/presentacion/financiero/solicitudProceso/listarSolicitudProceso.xhtml HTTP/1.1" 200 33816
201.190.81.42 - - [27/Dec/2023:09:35:48 -0500] "GET /sipse/faces/javax.faces.resource/theme.css?ln=primefaces-sipse HTTP/1.1" 304 -
201.190.81.42 - - [27/Dec/2023:09:35:48 -0500] "GET /sipse/faces/javax.faces.resource/primefaces.css?ln=primefaces&v=4.0 HTTP/1.1" 304 -
201.190.81.42 - - [27/Dec/2023:09:35:48 -0500] "GET /sipse/faces/javax.faces.resource/layout/layout.css?ln=primefaces&v=4.0 HTTP/1.1" 304 -
201.190.81.42 - - [27/Dec/2023:09:35:47 -0500] "POST /sipse/faces/presentacion/financiero/solicitudProceso/consultarSolicitudProceso.xhtml HTTP/1.1" 200 32512
201.190.81.42 - - [27/Dec/2023:09:35:48 -0500] "GET /sipse/faces/javax.faces.resource/jquery/jquery-plugins.js?ln=primefaces&v=4.0 HTTP/1.1" 304 -
201.190.81.42 - - [27/Dec/2023:09:35:48 -0500] "GET /sipse/faces/javax.faces.resource/jquery/jquery.js?ln=primefaces&v=4.0 HTTP/1.1" 304 -
201.190.81.42 - - [27/Dec/2023:09:35:48 -0500] "GET /sipse/faces/javax.faces.resource/primefaces.js?ln=primefaces&v=4.0 HTTP/1.1" 304 -
201.190.81.42 - - [27/Dec/2023:09:35:48 -0500] "GET /sipse/faces/javax.faces.resource/layout/layout.js?ln=primefaces&v=4.0 HTTP/1.1" 304 -
181.58.175.82 - - [27/Dec/2023:09:35:48 -0500] "GET /appsia/controlador HTTP/1.1" 200 5437
190.26.199.250 - - [27/Dec/2023:09:35:49 -0500] "POST /sipse/faces/presentacion/financiero/solicitudProceso/listarSolicitudProceso.xhtml HTTP/1.1" 200 33557
156.59.198.136 - - [27/Dec/2023:09:35:49 -0500] "GET /BLA/resoluciones/RESOLUCIONES%202009/3666.pdf HTTP/1.0" 200 61768
201.245.192.253 - - [27/Dec/2023:09:35:54 -0500] "POST /appsia/controlador HTTP/1.1" 200 3600
201.245.192.253 - - [27/Dec/2023:09:35:54 -0500] "GET /appsia/jscripts/validarSolicitud.js HTTP/1.1" 404 68
98.64.96.22 - - [27/Dec/2023:09:35:57 -0500] "GET /Publicaciones/2023EE275970.pdf HTTP/1.1" 404 228
186.102.87.38 - - [27/Dec/2023:09:36:02 -0500] "GET /kwssiamovil/sm/ldap/au?x=U2FsdGVkX19qRVriSh2VWSpBP1G5bndc7ZNn3rVJQes0pBgaOSOTQFcsLSSJj9WQ&y=U2FsdGVkX1/Bu6F4OHOwP+O2i8G5JHGd/cguJOEkeeSq3kZESxkSO+8mEnq4VHEQ HTTP/1.1" 200 31
201.245.192.253 - - [27/Dec/2023:09:36:01 -0500] "POST /kwsrmcab/Wsrmcab HTTP/1.1" 200 36671
201.245.192.253 - - [27/Dec/2023:09:36:04 -0500] "POST /kwsrmcab/Wsrmcab HTTP/1.1" 200 35926
190.26.199.250 - - [27/Dec/2023:09:36:11 -0500] "POST /sipse/faces/presentacion/financiero/solicitudProceso/listarSolicitudProceso.xhtml HTTP/1.1" 200 32020
200.69.84.134 - - [27/Dec/2023:09:36:13 -0500] "POST /sipsepre/faces/presentacion/proyectos/proyecto/proyecto.xhtml HTTP/1.1" 200 12853
200.69.84.134 - - [27/Dec/2023:09:36:13 -0500] "GET /sipsepre/faces/javax.faces.resource/spacer/dot_clear.gif?ln=primefaces&v=4.0 HTTP/1.1" 304 -
156.59.198.135 - - [27/Dec/2023:09:36:13 -0500] "GET /BLA/resoluciones/RESOLUCIONES%202008/1246.pdf HTTP/1.0" 200 997530
172.22.2.4 - - [27/Dec/2023:09:34:37 -0500] "HEAD /BLA/boletinlegal/ HTTP/1.1" 200 -
186.102.87.38 - - [27/Dec/2023:09:36:20 -0500] "GET /kwssiamovil/sm/ldap/au?x=U2FsdGVkX1/5FiRW9NKd4CimXPN6EFGbTZU9SDqMlFdB18FeZqSZ2wgs8WNgPqb4&y=U2FsdGVkX1/LbVqCXA1KIuzUkji2pzOohDDgwgfsWq2PWtUQTGjB41njklbnjKNt HTTP/1.1" 200 30
186.102.87.38 - - [27/Dec/2023:09:36:20 -0500] "GET /kwssiamovil/sm/acme/s?s=U2FsdGVkX1/25KBiB1+SU3MjbnioFE6V1+TZzgHJHctvrhJMs7W+w0St9cAgEzRN4uw3iv/HeUY9KAKySdhtbIQjuFvyWfkb57eDRXxFClw=&u=U2FsdGVkX19c3Q+i74LfgqnJhs3dCIcA9bJc+RR/7Js=&y=U2FsdGVkX1/LbVqCXA1KIuzUkji2pzOohDDgwgfsWq2PWtUQTGjB41njklbnjKNt HTTP/1.1" 200 97
186.102.87.38 - - [27/Dec/2023:09:36:20 -0500] "GET /kwssiamovil/sm/acme/s?s=U2FsdGVkX18bpPbvSbNvGjyHQhWoKSyd6w9L4mXudnM5SM1BK718Lp9BUlejnJmjiDwHyHQ1tHkMscrfulFTkj/mEtBqIB4pVkxYLK9d4XuuMrwnDwvTMHWXf7aXZZCZVXmsrVVXLd4jZQKw53/Gd51M7vdyBt/cCU7lOnkARSXPAzVeU8uu9UkAjjpeHxCTVW7zD8XQwaPgpX6aBiJfAicLmh50r1Sq/Zd+CvwL26XCUWhhYtvP54c6ItxzRitxwgy9hpmiN/t6idro3B31Y00xEtK6HoAqvmZlKbVtO2J6urWhXu1n+D0Oa3b6IuaFLzPhC0kRettxGEfYVw/IMTAYHEk4Ex2wWa77KWrIpKlwZzv+pHl+enebDDM1plak4m5xkBwxt4xFiX9qqhFXVNXwu8T7ucKn3V1+02Chr/QV6W8wQ5O3tuabjBpxwEtajXSZTEc1tcCUkrqdHX4UkOymBb1f2WulA0mnlZrBCCmK3l7zJ9qZp18RLXl9vqFgs5MLnT58do3md1AlenjikvsBijpyGHjYbCL5tskX5n/Xo0eSisVa/m82AOvuZClQtwh2HcmozH4gqP3ymW9MOnQxaLfFDpckn+T51DeJ0oRTYLPA/9Wkc6W7/tA2R36GKJuYJ6jfTRL+aHxWykRKV0lQoVg0d/4Mb8T8S7Iymy6ZgqAHGlILneeNUd7Ddzwg/1oLdmHS+okSBPKEGoc9ivCAowIgvbDeKd3b954vu6lRiA9Of6n2ZaU9hS2qSp/8gOgS2UVRcAru8FBCzs/9xkE5NGXfqjlx0iAQAXtAKOOuIrevuhaFkQzJb53RxSvB9gVdnJdBRt3NoUE8d51TGymSR+qCCe2KVYUzpwtmE0b0UEfwmS2MYxTXkS0L9uKgx63XZ7LIlw8K9JovI+3McH1N2qrFy1nIiadiHvEu4t4sT0i/aWbCNiPVqLs0l+3bB1FxKONo0F013E8nrl/1nQwXGiwd1z0bWKWYek7mx4HbEtv2FVsdcXMxWGN8j2sfr54g+i/J42fAevOK7nFpofK/+Db0eQQiu8VixOLFmK7LPTzS4m8JtscXWqRrwJyLBGB7uMyrs8oEakeMbw2B/fIrS/TcA6DNaLxXH8wuRCoQeLob5FLmd4Rm0YwGgt7w7skkrH6gEUSS+MO6yMfie/ENxQaQJPOz+IvQr31nTvVHknTs6mNP7DeUGtOnINAY7Qlwu0KUwo9ckmx+DawrCe/s0bbrquA2LDcxrMlYOYTNGBjXcG5IhkEBr3tdIPg9egtDima6vyzMzEodZcaQRTrtDmC80+v+vM6m09b11BObCxhHqDjyW2+ZzRPzpF4JURgKwisGPyOaGKkL3+LyxGzx7SvsJx4a0+VRacmEVTf1P3fr4K59tIOiLssEG0BlzicyU5p5geKEQOh6hDXkzHIbo2JYYpGVKfLobgfCA+C9U1iEKJZ6zTbD5VyA4fYxw5xseCn7owTD2yusPo7O7w5Apb8YxjGUPc2wIoLXzWZ2xlVDW5T0MYalvU21ievxTYiAVsgZmBtdRCKdsrcLmwh7aYitrJC03F/PP4RStLStzLeizMz3WbWlF5QQ0tNb/DLgVyBaRTAll1bwjrGQWZknmSpCqLPE/lClPTARpa8HvZXl+DRObxsi0Lp4xGR3Br6Zy9fGcPz4toIROzeO7EHSDNUR6eSiLUqYD6yEeB5Bgu0L/3m1S2w6NPLkzrECai94vlJSVpQ1LOCK7mv36sSeQ4L3QK50X3PYdSG2U3I=&u=U2FsdGVkX19c3Q+i74LfgqnJhs3dCIcA9bJc+RR/7Js=&y=U2FsdGVkX1/LbVqCXA1KIuzUkji2pzOohDDgwgfsWq2PWtUQTGjB41njklbnjKNt HTTP/1.1" 200 1696
200.69.84.134 - - [27/Dec/2023:09:36:14 -0500] "POST /sipsepre/faces/presentacion/proyectos/proyecto/proyecto.xhtml HTTP/1.1" 200 133126
200.69.84.134 - - [27/Dec/2023:09:36:20 -0500] "GET /sipsepre/faces/javax.faces.resource/theme.css?ln=primefaces-sipse HTTP/1.1" 304 -
200.69.84.134 - - [27/Dec/2023:09:36:20 -0500] "GET /sipsepre/faces/javax.faces.resource/primefaces.css?ln=primefaces&v=4.0 HTTP/1.1" 304 -
200.69.84.134 - - [27/Dec/2023:09:36:20 -0500] "GET /sipsepre/faces/javax.faces.resource/layout/layout.css?ln=primefaces&v=4.0 HTTP/1.1" 304 -
186.102.87.38 - - [27/Dec/2023:09:36:21 -0500] "GET /kwssiamovil/sm/acme/s?s=U2FsdGVkX1/2sT/8qsYVOgta40T+jDnJR8IwZGXD2b9MmdwSJIqNvKAmKYk443i9EuQnDBfoQZtII9GuGIjAypP6xpMYrjepfwlb/vSgmMpvX06Xzu99xfc2UWB63hiwr8eX+i5NvKb54Hci+sqUnrZ2TX1UoNfQYsSBeC6JPGKHFE8Ve2gzdY2zsQZhjtUrMw4QJzFAJB3GgQKlK6QOAwrYZOBzYB+yAq3+HZ5skFqznFX2/xIOse57njCl8l1lBtcB/ZeArV0PxlEFym004426dbOJggjbxs0Ns4T6uHFsWtGXFqe0AadD5qJny5ymLHHZ5Z8leAc7qPMTUEPbauLEl31hgeZItUL/0rETEA3K9qGbUjgeNOKDgEo9h1OBuEa49tCy6cQCHOHnzk+2EtMCdwsU5gJ1Q/CoSET+xNsFLCvVmXtNFWa/rX8W4L5SyjWUpze++4YcgLHgdlhF7TjSWurGWERZa8I4yMDUCpedFuW68ZleNOB7E/7n7Kn2RI16BhV/A2VDeMhZbZbkgneyHHyPXRjt5ZoPqWZYIRUsWs0VBfJxfScm01j8OF5CMlxGDNspnfUowoDQdW19uD45WqHIOCYbvACWY+isWgvLvdt9GGFrLMqOVQFxEeSjKiudy8QC6xvsKtRT2zs/Jz+eRqe/B+adK4qLhs/B7wZb0+zMMiNK5KtXxuKhBNnCyaK0/BNnhEuE2Kbq6YimxBg9Mrwg+YDeJHYeQUX7ouWR5nhN49a5rZNWUd1B/mcC&u=U2FsdGVkX19c3Q+i74LfgqnJhs3dCIcA9bJc+RR/7Js=&y=U2FsdGVkX1/LbVqCXA1KIuzUkji2pzOohDDgwgfsWq2PWtUQTGjB41njklbnjKNt HTTP/1.1" 200 208
200.69.84.134 - - [27/Dec/2023:09:36:21 -0500] "GET /sipsepre/faces/javax.faces.resource/jquery/jquery.js?ln=primefaces&v=4.0 HTTP/1.1" 304 -
200.69.84.134 - - [27/Dec/2023:09:36:21 -0500] "GET /sipsepre/faces/javax.faces.resource/jquery/jquery-plugins.js?ln=primefaces&v=4.0 HTTP/1.1" 304 -
200.69.84.134 - - [27/Dec/2023:09:36:21 -0500] "GET /sipsepre/faces/javax.faces.resource/primefaces.js?ln=primefaces&v=4.0 HTTP/1.1" 304 -
200.69.84.134 - - [27/Dec/2023:09:36:21 -0500] "GET /sipsepre/faces/javax.faces.resource/layout/layout.js?ln=primefaces&v=4.0 HTTP/1.1" 304 -
186.102.87.38 - - [27/Dec/2023:09:36:21 -0500] "GET /kwssiamovil/sm/cjson/pre?f=1&x=U2FsdGVkX1/5FiRW9NKd4CimXPN6EFGbTZU9SDqMlFdB18FeZqSZ2wgs8WNgPqb4 HTTP/1.1" 200 31032
201.245.192.253 - - [27/Dec/2023:09:36:26 -0500] "GET /sipse/faces/faces/faces/autenticacion.xhtml HTTP/1.1" 200 12732
201.245.192.253 - - [27/Dec/2023:09:36:26 -0500] "GET /sipse/js/disable_browser_buttons.js HTTP/1.1" 304 -
201.245.192.253 - - [27/Dec/2023:09:36:26 -0500] "GET /sipse/js/funciones.js HTTP/1.1" 304 -
201.245.192.253 - - [27/Dec/2023:09:36:26 -0500] "GET /sipse/css/custom_css_sg.css HTTP/1.1" 200 9694
201.245.192.253 - - [27/Dec/2023:09:36:26 -0500] "GET /sipse/css/custom_css_sg_prime_login.css HTTP/1.1" 200 443
201.245.192.253 - - [27/Dec/2023:09:36:26 -0500] "GET /sipse/faces/javax.faces.resource/layout/layout.css;jsessionid=iIYvQAKgnXsgJZJoya5RnwWq.undefined?ln=primefaces&v=4.0 HTTP/1.1" 200 542
201.245.192.253 - - [27/Dec/2023:09:36:26 -0500] "GET /sipse/faces/javax.faces.resource/jquery/jquery.js;jsessionid=iIYvQAKgnXsgJZJoya5RnwWq.undefined?ln=primefaces&v=4.0 HTTP/1.1" 200 105384
201.245.192.253 - - [27/Dec/2023:09:36:26 -0500] "GET /sipse/faces/javax.faces.resource/layout/layout.js;jsessionid=iIYvQAKgnXsgJZJoya5RnwWq.undefined?ln=primefaces&v=4.0 HTTP/1.1" 200 87560
201.245.192.253 - - [27/Dec/2023:09:36:26 -0500] "GET /sipse/faces/javax.faces.resource/primefaces.css;jsessionid=iIYvQAKgnXsgJZJoya5RnwWq.undefined?ln=primefaces&v=4.0 HTTP/1.1" 200 53295
201.245.192.253 - - [27/Dec/2023:09:36:26 -0500] "GET /sipse/faces/javax.faces.resource/primefaces.js;jsessionid=iIYvQAKgnXsgJZJoya5RnwWq.undefined?ln=primefaces&v=4.0 HTTP/1.1" 200 276924
201.245.192.253 - - [27/Dec/2023:09:36:26 -0500] "GET /sipse/faces/javax.faces.resource/theme.css?ln=primefaces-sipse HTTP/1.1" 200 50058
201.245.192.253 - - [27/Dec/2023:09:36:26 -0500] "GET /sipse/faces/javax.faces.resource/jquery/jquery-plugins.js;jsessionid=iIYvQAKgnXsgJZJoya5RnwWq.undefined?ln=primefaces&v=4.0 HTTP/1.1" 200 220526
201.245.192.253 - - [27/Dec/2023:09:36:26 -0500] "GET /sipse/faces/javax.faces.resource/images/ui-icons_898989_256x240.png?ln=primefaces-aristo HTTP/1.1" 200 5355
201.245.192.253 - - [27/Dec/2023:09:36:26 -0500] "GET /sipse/css/imagen/loginimg.png HTTP/1.1" 200 71635
201.245.192.253 - - [27/Dec/2023:09:36:26 -0500] "GET /sipse/css/imagen/logoSDG.png HTTP/1.1" 200 53064
201.245.192.253 - - [27/Dec/2023:09:36:26 -0500] "GET /favicon.ico HTTP/1.1" 200 7782
201.245.192.253 - - [27/Dec/2023:09:36:26 -0500] "GET /sipse/faces/faces/faces/index.xhtml HTTP/1.1" 200 677
201.245.192.253 - - [27/Dec/2023:09:36:26 -0500] "GET /sipse/faces/javax.faces.resource/theme.css?ln=primefaces-sipse HTTP/1.1" 304 -
201.245.192.253 - - [27/Dec/2023:09:36:27 -0500] "GET /sipse/faces/faces/faces/faces/autenticacion.xhtml HTTP/1.1" 200 12410
201.245.192.253 - - [27/Dec/2023:09:36:27 -0500] "GET /sipse/faces/javax.faces.resource/theme.css?ln=primefaces-sipse HTTP/1.1" 304 -
201.245.192.253 - - [27/Dec/2023:09:36:27 -0500] "GET /sipse/faces/javax.faces.resource/layout/layout.css?ln=primefaces&v=4.0 HTTP/1.1" 200 542
201.245.192.253 - - [27/Dec/2023:09:36:27 -0500] "GET /sipse/faces/javax.faces.resource/primefaces.css?ln=primefaces&v=4.0 HTTP/1.1" 200 53295
201.245.192.253 - - [27/Dec/2023:09:36:27 -0500] "GET /sipse/faces/javax.faces.resource/jquery/jquery-plugins.js?ln=primefaces&v=4.0 HTTP/1.1" 304 -
201.245.192.253 - - [27/Dec/2023:09:36:27 -0500] "GET /sipse/faces/javax.faces.resource/jquery/jquery.js?ln=primefaces&v=4.0 HTTP/1.1" 304 -
201.245.192.253 - - [27/Dec/2023:09:36:27 -0500] "GET /sipse/faces/javax.faces.resource/layout/layout.js?ln=primefaces&v=4.0 HTTP/1.1" 304 -
201.245.192.253 - - [27/Dec/2023:09:36:27 -0500] "GET /sipse/faces/javax.faces.resource/primefaces.js?ln=primefaces&v=4.0 HTTP/1.1" 304 -
201.245.192.253 - - [27/Dec/2023:09:36:27 -0500] "GET /sipse/faces/javax.faces.resource/images/ui-icons_898989_256x240.png?ln=primefaces-aristo HTTP/1.1" 304 -
201.245.192.253 - - [27/Dec/2023:09:36:29 -0500] "POST /sipse/faces/autenticacion.xhtml HTTP/1.1" 200 11239
201.245.192.253 - - [27/Dec/2023:09:36:29 -0500] "GET /sipse/css/custom_css_sg_prime.css HTTP/1.1" 200 5201
201.245.192.253 - - [27/Dec/2023:09:36:29 -0500] "GET /sipse/faces/javax.faces.resource/jquery/jquery.js?ln=primefaces&v=4.0 HTTP/1.1" 304 -
201.245.192.253 - - [27/Dec/2023:09:36:29 -0500] "GET /sipse/faces/javax.faces.resource/jquery/jquery-plugins.js?ln=primefaces&v=4.0 HTTP/1.1" 304 -
201.245.192.253 - - [27/Dec/2023:09:36:29 -0500] "GET /sipse/faces/javax.faces.resource/primefaces.js?ln=primefaces&v=4.0 HTTP/1.1" 304 -
201.245.192.253 - - [27/Dec/2023:09:36:29 -0500] "GET /sipse/faces/javax.faces.resource/layout/layout.js?ln=primefaces&v=4.0 HTTP/1.1" 304 -
201.245.192.253 - - [27/Dec/2023:09:36:29 -0500] "GET /sipse/faces/javax.faces.resource/messages/messages.png?ln=primefaces&v=4.0 HTTP/1.1" 200 27209
201.245.192.253 - - [27/Dec/2023:09:36:28 -0500] "POST /kwsrmcab/Wsrmcab  HTTP/1.1" 200 36330
201.245.192.253 - - [27/Dec/2023:09:36:32 -0500] "POST /sipse/faces/presentacion/sistema/seguridad/seleccionRol.xhtml HTTP/1.1" 200 5600
201.245.192.253 - - [27/Dec/2023:09:36:33 -0500] "POST /sipse/faces/presentacion/sistema/seguridad/seleccionRol.xhtml HTTP/1.1" 200 17682
201.245.192.253 - - [27/Dec/2023:09:36:34 -0500] "GET /sipse/js/jquery.min.js HTTP/1.1" 304 -
201.245.192.253 - - [27/Dec/2023:09:36:34 -0500] "GET /sipse/faces/javax.faces.resource/jquery/jquery.js?ln=primefaces&v=4.0 HTTP/1.1" 304 -
201.245.192.253 - - [27/Dec/2023:09:36:34 -0500] "GET /sipse/faces/javax.faces.resource/jquery/jquery-plugins.js?ln=primefaces&v=4.0 HTTP/1.1" 304 -
201.245.192.253 - - [27/Dec/2023:09:36:34 -0500] "GET /sipse/faces/javax.faces.resource/primefaces.js?ln=primefaces&v=4.0 HTTP/1.1" 304 -
201.245.192.253 - - [27/Dec/2023:09:36:34 -0500] "GET /sipse/faces/javax.faces.resource/layout/layout.js?ln=primefaces&v=4.0 HTTP/1.1" 304 -
201.245.192.253 - - [27/Dec/2023:09:36:34 -0500] "GET /sipse/css/v_mergente.css HTTP/1.1" 200 1505
201.245.192.253 - - [27/Dec/2023:09:36:34 -0500] "GET /sipse/imagenes/cargando.gif HTTP/1.1" 200 36959
201.245.192.253 - - [27/Dec/2023:09:36:34 -0500] "GET /sipse/css/imagen/contrasena.png HTTP/1.1" 404 383
201.245.192.253 - - [27/Dec/2023:09:36:34 -0500] "GET /sipse/imagenes/logoAplicacion.jpg HTTP/1.1" 200 155084
201.245.192.253 - - [27/Dec/2023:09:36:37 -0500] "GET /sipse/faces/javax.faces.resource/images/ui-bg_flat_0_2d5972_40x100.png?ln=primefaces-aristo HTTP/1.1" 200 183
201.245.192.253 - - [27/Dec/2023:09:36:37 -0500] "POST /sipse/faces/bienvenido.xhtml HTTP/1.1" 200 5029
156.59.198.136 - - [27/Dec/2023:09:36:38 -0500] "GET /BLA/resoluciones/RESOLUCIONES%202009/1483.pdf HTTP/1.0" 200 434568
201.245.192.253 - - [27/Dec/2023:09:36:38 -0500] "POST /sipse/faces/bienvenido.xhtml HTTP/1.1" 200 193
201.245.192.253 - - [27/Dec/2023:09:36:38 -0500] "GET /sipse/faces/presentacion/financiero/solicitudAnulacion/consultarSolicitudAnulacion.xhtml HTTP/1.1" 200 39540
201.245.192.253 - - [27/Dec/2023:09:36:38 -0500] "GET /sipse/faces/javax.faces.resource/theme.css?ln=primefaces-sipse HTTP/1.1" 304 -
201.245.192.253 - - [27/Dec/2023:09:36:38 -0500] "GET /sipse/faces/javax.faces.resource/jquery/jquery.js?ln=primefaces&v=4.0 HTTP/1.1" 304 -
201.245.192.253 - - [27/Dec/2023:09:36:38 -0500] "GET /sipse/faces/javax.faces.resource/jquery/jquery-plugins.js?ln=primefaces&v=4.0 HTTP/1.1" 304 -
201.245.192.253 - - [27/Dec/2023:09:36:38 -0500] "GET /sipse/faces/javax.faces.resource/primefaces.js?ln=primefaces&v=4.0 HTTP/1.1" 304 -
201.245.192.253 - - [27/Dec/2023:09:36:38 -0500] "GET /sipse/faces/javax.faces.resource/primefaces.css?ln=primefaces&v=4.0 HTTP/1.1" 304 -
201.245.192.253 - - [27/Dec/2023:09:36:38 -0500] "GET /sipse/faces/javax.faces.resource/layout/layout.js?ln=primefaces&v=4.0 HTTP/1.1" 304 -
201.245.192.253 - - [27/Dec/2023:09:36:38 -0500] "GET /sipse/faces/javax.faces.resource/layout/layout.css?ln=primefaces&v=4.0 HTTP/1.1" 304 -
201.245.192.253 - - [27/Dec/2023:09:36:39 -0500] "GET /sipse/faces/javax.faces.resource/images/ui-icons_898989_256x240.png?ln=primefaces-aristo HTTP/1.1" 304 -
201.245.192.253 - - [27/Dec/2023:09:36:39 -0500] "GET /sipse/faces/javax.faces.resource/images/ui-bg_flat_0_2d5972_40x100.png?ln=primefaces-aristo HTTP/1.1" 304 -
201.245.192.253 - - [27/Dec/2023:09:36:39 -0500] "POST /sipse/faces/presentacion/financiero/solicitudAnulacion/consultarSolicitudAnulacion.xhtml HTTP/1.1" 200 10624
190.27.57.161 - - [27/Dec/2023:09:36:43 -0500] "POST /sipse/faces/presentacion/financiero/solicitudProceso/consultarSolicitudProceso.xhtml HTTP/1.1" 200 35306
190.27.57.161 - - [27/Dec/2023:09:36:43 -0500] "GET /sipse/faces/javax.faces.resource/theme.css?ln=primefaces-sipse HTTP/1.1" 304 -
190.27.57.161 - - [27/Dec/2023:09:36:43 -0500] "GET /sipse/faces/javax.faces.resource/layout/layout.css?ln=primefaces&v=4.0 HTTP/1.1" 304 -
190.27.57.161 - - [27/Dec/2023:09:36:43 -0500] "GET /sipse/faces/javax.faces.resource/primefaces.css?ln=primefaces&v=4.0 HTTP/1.1" 304 -
190.27.57.161 - - [27/Dec/2023:09:36:43 -0500] "GET /sipse/css/imagen/contrasena.png HTTP/1.1" 404 383
190.27.57.161 - - [27/Dec/2023:09:36:43 -0500] "GET /sipse/faces/javax.faces.resource/jquery/jquery.js?ln=primefaces&v=4.0 HTTP/1.1" 304 -
190.27.57.161 - - [27/Dec/2023:09:36:43 -0500] "GET /sipse/faces/javax.faces.resource/jquery/jquery-plugins.js?ln=primefaces&v=4.0 HTTP/1.1" 304 -
190.27.57.161 - - [27/Dec/2023:09:36:43 -0500] "GET /sipse/faces/javax.faces.resource/primefaces.js?ln=primefaces&v=4.0 HTTP/1.1" 304 -
190.27.57.161 - - [27/Dec/2023:09:36:43 -0500] "GET /sipse/faces/javax.faces.resource/layout/layout.js?ln=primefaces&v=4.0 HTTP/1.1" 304 -
190.27.57.161 - - [27/Dec/2023:09:36:44 -0500] "POST /sipse/faces/presentacion/financiero/solicitudProceso/listarSolicitudProceso.xhtml HTTP/1.1" 200 28575
190.27.57.161 - - [27/Dec/2023:09:36:44 -0500] "POST /sipse/faces/presentacion/financiero/solicitudProceso/listarSolicitudProceso.xhtml HTTP/1.1" 200 28575
201.245.192.253 - - [27/Dec/2023:09:36:44 -0500] "POST /sipse/faces/presentacion/financiero/solicitudAnulacion/consultarSolicitudAnulacion.xhtml HTTP/1.1" 200 17024
190.27.57.161 - - [27/Dec/2023:09:36:45 -0500] "POST /sipse/faces/presentacion/financiero/solicitudProceso/listarSolicitudProceso.xhtml HTTP/1.1" 200 28575
190.27.57.161 - - [27/Dec/2023:09:36:45 -0500] "POST /sipse/faces/presentacion/financiero/solicitudProceso/listarSolicitudProceso.xhtml HTTP/1.1" 200 28575
216.245.221.92 - - [27/Dec/2023:09:36:45 -0500] "HEAD / HTTP/1.1" 200 -
190.27.57.161 - - [27/Dec/2023:09:36:45 -0500] "POST /sipse/faces/presentacion/financiero/solicitudProceso/listarSolicitudProceso.xhtml HTTP/1.1" 200 1396
190.27.57.161 - - [27/Dec/2023:09:36:46 -0500] "POST /sipse/faces/presentacion/financiero/solicitudProceso/listarSolicitudProceso.xhtml HTTP/1.1" 200 1388
190.27.57.161 - - [27/Dec/2023:09:36:46 -0500] "POST /sipse/faces/presentacion/financiero/solicitudProceso/listarSolicitudProceso.xhtml HTTP/1.1" 200 1400
190.27.57.161 - - [27/Dec/2023:09:36:46 -0500] "POST /sipse/faces/presentacion/financiero/solicitudProceso/listarSolicitudProceso.xhtml HTTP/1.1" 200 1388
190.27.57.161 - - [27/Dec/2023:09:36:46 -0500] "POST /sipse/faces/presentacion/financiero/solicitudProceso/listarSolicitudProceso.xhtml HTTP/1.1" 200 1400
190.27.57.161 - - [27/Dec/2023:09:36:48 -0500] "POST /sipse/faces/presentacion/financiero/solicitudProceso/listarSolicitudProceso.xhtml HTTP/1.1" 200 4892
201.245.192.253 - - [27/Dec/2023:09:36:47 -0500] "POST /sipse/faces/presentacion/financiero/solicitudAnulacion/consultarSolicitudAnulacion.xhtml HTTP/1.1" 200 45008
201.245.192.253 - - [27/Dec/2023:09:36:48 -0500] "GET /sipse/faces/javax.faces.resource/fileupload/fileupload.css?ln=primefaces&v=4.0 HTTP/1.1" 200 1330
201.245.192.253 - - [27/Dec/2023:09:36:48 -0500] "GET /sipse/faces/javax.faces.resource/jquery/jquery.js?ln=primefaces&v=4.0 HTTP/1.1" 304 -
201.245.192.253 - - [27/Dec/2023:09:36:48 -0500] "GET /sipse/faces/javax.faces.resource/jquery/jquery-plugins.js?ln=primefaces&v=4.0 HTTP/1.1" 304 -
201.245.192.253 - - [27/Dec/2023:09:36:48 -0500] "GET /sipse/faces/javax.faces.resource/primefaces.js?ln=primefaces&v=4.0 HTTP/1.1" 304 -
201.245.192.253 - - [27/Dec/2023:09:36:49 -0500] "GET /sipse/faces/javax.faces.resource/layout/layout.js?ln=primefaces&v=4.0 HTTP/1.1" 304 -
201.245.192.253 - - [27/Dec/2023:09:36:49 -0500] "GET /sipse/faces/javax.faces.resource/fileupload/fileupload.js?ln=primefaces&v=4.0 HTTP/1.1" 304 -
190.27.57.161 - - [27/Dec/2023:09:36:52 -0500] "POST /sipse/faces/presentacion/financiero/solicitudProceso/listarSolicitudProceso.xhtml HTTP/1.1" 200 116240
190.27.57.161 - - [27/Dec/2023:09:36:55 -0500] "GET /sipse/faces/javax.faces.resource/theme.css?ln=primefaces-sipse HTTP/1.1" 304 -
190.27.57.161 - - [27/Dec/2023:09:36:55 -0500] "GET /sipse/faces/javax.faces.resource/primefaces.css?ln=primefaces&v=4.0 HTTP/1.1" 304 -
190.27.57.161 - - [27/Dec/2023:09:36:55 -0500] "GET /sipse/faces/javax.faces.resource/layout/layout.css?ln=primefaces&v=4.0 HTTP/1.1" 304 -
190.27.57.161 - - [27/Dec/2023:09:36:55 -0500] "GET /sipse/faces/javax.faces.resource/jquery/jquery.js?ln=primefaces&v=4.0 HTTP/1.1" 304 -
