201.245.192.253 - - [27/Dec/2023:00:29:35 -0500] "POST /forms/lservlet;jsessionid=ac16012b30d608a3c74dabe741288258ac4c4de7c868.e3iSbxaKaheRe34Qc38TbN0Nb41ynknvrkLOlQzNp65In0 HTTP/1.1" 200 2
156.59.198.135 - - [27/Dec/2023:00:29:56 -0500] "GET /BLA/resoluciones/RESOLUCIONES%202008/2358.pdf HTTP/1.0" 200 289021
201.245.192.253 - - [27/Dec/2023:00:30:05 -0500] "POST /kwsrmcab/Wsrmcab HTTP/1.1" 200 36797
201.245.192.253 - - [27/Dec/2023:00:30:10 -0500] "POST /kwsrmcab/Wsrmcab HTTP/1.1" 200 36805
216.245.221.92 - - [27/Dec/2023:00:30:13 -0500] "HEAD / HTTP/1.1" 200 -
201.245.192.253 - - [27/Dec/2023:00:30:16 -0500] "POST /kwsrmcab/Wsrmcab HTTP/1.1" 200 36797
156.59.198.136 - - [27/Dec/2023:00:30:20 -0500] "GET /BLA/resoluciones/RESOLUCIONES%202009/2315.pdf HTTP/1.0" 200 457733
201.245.192.253 - - [27/Dec/2023:00:30:22 -0500] "POST /kwsrmcab/Wsrmcab HTTP/1.1" 200 36805
172.22.2.4 - - [27/Dec/2023:00:30:40 -0500] "GET /BLA/boletinlegal/favicon.ico HTTP/1.1" 404 1018
172.22.2.4 - - [27/Dec/2023:00:30:41 -0500] "GET /BLA/boletinlegal/robots.txt HTTP/1.1" 404 1018
172.22.2.4 - - [27/Dec/2023:00:30:42 -0500] "GET /BLA/boletinlegal/sitemap.xml HTTP/1.1" 404 1018
156.59.198.135 - - [27/Dec/2023:00:30:44 -0500] "GET /BLA/resoluciones/RESOLUCIONES%202009/3149.pdf HTTP/1.0" 200 483739
216.244.66.195 - - [27/Dec/2023:00:30:53 -0500] "GET /robots.txt HTTP/1.1" 404 1018
172.22.2.4 - - [27/Dec/2023:00:29:54 -0500] "GET /BLA/boletinlegal/ HTTP/1.1" 200 40907
156.59.198.135 - - [27/Dec/2023:00:31:09 -0500] "GET /BLA/resoluciones/RESOLUCIONES%202007/RES%202007%203301%20AL%203400/RESOLUCION%203379%20DE%202007.pdf HTTP/1.0" 200 1041998
172.22.2.4 - - [27/Dec/2023:00:30:19 -0500] "GET /BLA/boletinlegal/ HTTP/1.1" 200 36811
201.245.192.253 - - [27/Dec/2023:00:31:30 -0500] "POST /forms/lservlet;jsessionid=ac16012b30d6ac84fb743cb8490d9168fad49a174d06.e3iSbxaKaheRe34Qc38TbN0Nb41ynknvrkLOlQzNp65In0 HTTP/1.1" 200 2
156.59.198.135 - - [27/Dec/2023:00:31:34 -0500] "GET /BLA/resoluciones/RESOLUCIONES%202007/RES%202007%201901%20AL%202000/RESOLUCION%201981%20%20DE%202007.pdf HTTP/1.0" 200 1384059
201.245.192.253 - - [27/Dec/2023:00:31:35 -0500] "POST /forms/lservlet;jsessionid=ac16012b30d608a3c74dabe741288258ac4c4de7c868.e3iSbxaKaheRe34Qc38TbN0Nb41ynknvrkLOlQzNp65In0 HTTP/1.1" 200 2
201.245.192.253 - - [27/Dec/2023:00:31:50 -0500] "POST /kwsrmcab/Wsrmcab  HTTP/1.1" 200 36330
156.59.198.136 - - [27/Dec/2023:00:31:59 -0500] "GET /BLA/resoluciones/RESOLUCIONES%202007/RES%202007%201601%20AL%201725/RESOLUCION%201611%20DE%202007.pdf HTTP/1.0" 200 723750
156.59.198.136 - - [27/Dec/2023:00:32:23 -0500] "GET /BLA/resoluciones/RESOLUCIONES%202009/3102.pdf HTTP/1.0" 200 474281
156.59.198.135 - - [27/Dec/2023:00:32:49 -0500] "GET /BLA/resoluciones/RESOLUCIONES%202009/3364.pdf HTTP/1.0" 200 559695
66.249.66.21 - - [27/Dec/2023:00:32:54 -0500] "GET /BLA/resoluciones/RESOLUCIONES%202011/3340.pdf HTTP/1.1" 200 613208
172.22.2.4 - - [27/Dec/2023:00:31:29 -0500] "HEAD /BLA/boletinlegal/ HTTP/1.1" 200 -
156.59.198.135 - - [27/Dec/2023:00:33:11 -0500] "GET /BLA/resoluciones/RESOLUCIONES%202008/2548.pdf HTTP/1.0" 200 305865
201.245.192.253 - - [27/Dec/2023:00:33:30 -0500] "POST /forms/lservlet;jsessionid=ac16012b30d6ac84fb743cb8490d9168fad49a174d06.e3iSbxaKaheRe34Qc38TbN0Nb41ynknvrkLOlQzNp65In0 HTTP/1.1" 200 2
201.245.192.253 - - [27/Dec/2023:00:33:35 -0500] "POST /forms/lservlet;jsessionid=ac16012b30d608a3c74dabe741288258ac4c4de7c868.e3iSbxaKaheRe34Qc38TbN0Nb41ynknvrkLOlQzNp65In0 HTTP/1.1" 200 2
156.59.198.135 - - [27/Dec/2023:00:33:36 -0500] "GET /BLA/resoluciones/Notificaciones/AUTOS%202023/2346.pdf HTTP/1.0" 200 1086076
156.59.198.136 - - [27/Dec/2023:00:34:00 -0500] "GET /BLA/resoluciones/Notificaciones/AUTOS%202023/2899.pdf HTTP/1.0" 200 472633
172.22.2.4 - - [27/Dec/2023:00:32:20 -0500] "GET /BLA/boletinlegal/ HTTP/1.1" 200 60502
156.59.198.136 - - [27/Dec/2023:00:34:24 -0500] "GET /BLA/resoluciones/RESOLUCIONES%202008/1991.pdf HTTP/1.0" 200 396433
66.249.66.19 - - [27/Dec/2023:00:34:27 -0500] "GET /BLA/resoluciones/RESOLUCIONES%202009/4482.pdf HTTP/1.1" 200 125284
156.59.198.136 - - [27/Dec/2023:00:34:48 -0500] "GET /BLA/resoluciones/Notificaciones/AUTOS%202020/4152.pdf HTTP/1.0" 200 419158
156.59.198.136 - - [27/Dec/2023:00:35:13 -0500] "GET /BLA/resoluciones/RESOLUCIONES%202008/1394.pdf HTTP/1.0" 200 301836
216.245.221.92 - - [27/Dec/2023:00:35:13 -0500] "HEAD / HTTP/1.1" 200 -
201.245.192.253 - - [27/Dec/2023:00:35:30 -0500] "POST /forms/lservlet;jsessionid=ac16012b30d6ac84fb743cb8490d9168fad49a174d06.e3iSbxaKaheRe34Qc38TbN0Nb41ynknvrkLOlQzNp65In0 HTTP/1.1" 200 2
201.245.192.253 - - [27/Dec/2023:00:35:35 -0500] "POST /forms/lservlet;jsessionid=ac16012b30d608a3c74dabe741288258ac4c4de7c868.e3iSbxaKaheRe34Qc38TbN0Nb41ynknvrkLOlQzNp65In0 HTTP/1.1" 200 2
156.59.198.135 - - [27/Dec/2023:00:35:38 -0500] "GET /BLA/resoluciones/Notificaciones/AUTOS%202023/1762.pdf HTTP/1.0" 200 527793
156.59.198.135 - - [27/Dec/2023:00:36:02 -0500] "GET /BLA/resoluciones/RESOLUCIONES%202009/4041.pdf HTTP/1.0" 200 7628101
201.245.192.253 - - [27/Dec/2023:00:36:04 -0500] "POST /kwsrmcab/Wsrmcab HTTP/1.1" 200 36797
201.245.192.253 - - [27/Dec/2023:00:36:08 -0500] "POST /kwsrmcab/Wsrmcab HTTP/1.1" 200 36805
156.59.198.135 - - [27/Dec/2023:00:36:26 -0500] "GET /BLA/resoluciones/RESOLUCIONES%202007/RES%202007%20301%20AL%20400/RESOLUCION%200376%20DE%202007.pdf HTTP/1.0" 200 657157
201.245.192.253 - - [27/Dec/2023:00:36:49 -0500] "POST /kwsrmcab/Wsrmcab  HTTP/1.1" 200 36330
156.59.198.135 - - [27/Dec/2023:00:36:52 -0500] "GET /BLA/resoluciones/RESOLUCIONES%202009/2721.pdf HTTP/1.0" 200 774825
156.59.198.135 - - [27/Dec/2023:00:37:17 -0500] "GET /BLA/resoluciones/RESOLUCIONES%202008/2579.pdf HTTP/1.0" 200 292200
201.245.192.253 - - [27/Dec/2023:00:37:30 -0500] "POST /forms/lservlet;jsessionid=ac16012b30d6ac84fb743cb8490d9168fad49a174d06.e3iSbxaKaheRe34Qc38TbN0Nb41ynknvrkLOlQzNp65In0 HTTP/1.1" 200 2
201.245.192.253 - - [27/Dec/2023:00:37:35 -0500] "POST /forms/lservlet;jsessionid=ac16012b30d608a3c74dabe741288258ac4c4de7c868.e3iSbxaKaheRe34Qc38TbN0Nb41ynknvrkLOlQzNp65In0 HTTP/1.1" 200 2
156.59.198.136 - - [27/Dec/2023:00:37:41 -0500] "GET /BLA/resoluciones/RESOLUCIONES%202008/2068.pdf HTTP/1.0" 200 3125593
156.59.198.135 - - [27/Dec/2023:00:38:04 -0500] "GET /BLA/resoluciones/RESOLUCIONES%202009/3552.pdf HTTP/1.0" 200 709994
156.59.198.135 - - [27/Dec/2023:00:38:30 -0500] "GET /BLA/resoluciones/RESOLUCIONES%202009/4156.pdf HTTP/1.0" 200 661806
156.59.198.136 - - [27/Dec/2023:00:38:53 -0500] "GET /BLA/resoluciones/RESOLUCIONES%202007/RES%202007%20301%20AL%20400/RESOLUCION%200347%20DE%202007.pdf HTTP/1.0" 200 208141
172.22.2.4 - - [27/Dec/2023:00:37:19 -0500] "HEAD /BLA/boletinlegal/ HTTP/1.1" 200 -
156.59.198.135 - - [27/Dec/2023:00:39:18 -0500] "GET /BLA/resoluciones/RESOLUCIONES%202009/2652.pdf HTTP/1.0" 200 680384
201.245.192.253 - - [27/Dec/2023:00:39:30 -0500] "POST /forms/lservlet;jsessionid=ac16012b30d6ac84fb743cb8490d9168fad49a174d06.e3iSbxaKaheRe34Qc38TbN0Nb41ynknvrkLOlQzNp65In0 HTTP/1.1" 200 2
201.245.192.253 - - [27/Dec/2023:00:39:35 -0500] "POST /forms/lservlet;jsessionid=ac16012b30d608a3c74dabe741288258ac4c4de7c868.e3iSbxaKaheRe34Qc38TbN0Nb41ynknvrkLOlQzNp65In0 HTTP/1.1" 200 2
156.59.198.136 - - [27/Dec/2023:00:39:42 -0500] "GET /BLA/resoluciones/RESOLUCIONES%202009/2890.pdf HTTP/1.0" 200 494666
172.22.2.4 - - [27/Dec/2023:00:38:10 -0500] "GET /BLA/boletinlegal/ HTTP/1.1" 200 60910
156.59.198.136 - - [27/Dec/2023:00:40:07 -0500] "GET /BLA/resoluciones/RESOLUCIONES%202009/3884.pdf HTTP/1.0" 200 540853
201.245.192.253 - - [27/Dec/2023:00:40:05 -0500] "POST /kwsrmcab/Wsrmcab HTTP/1.1" 200 36797
201.245.192.253 - - [27/Dec/2023:00:40:10 -0500] "POST /kwsrmcab/Wsrmcab HTTP/1.1" 200 36805
216.245.221.92 - - [27/Dec/2023:00:40:13 -0500] "HEAD / HTTP/1.1" 200 -
156.59.198.135 - - [27/Dec/2023:00:40:30 -0500] "GET /BLA/resoluciones/RESOLUCIONES%202007/RES%202007%202701%20AL%202800/RESOLUCION%202767%20DE%202007.pdf HTTP/1.0" 200 688013
156.59.198.135 - - [27/Dec/2023:00:40:55 -0500] "GET /BLA/resoluciones/RESOLUCIONES%202008/3020.pdf HTTP/1.0" 200 677077
156.59.198.135 - - [27/Dec/2023:00:41:19 -0500] "GET /BLA/resoluciones/RESOLUCIONES%202007/RES%202007%201301%20AL%201400/RESOLUCION%201324%20DE%202007.pdf HTTP/1.0" 200 237963
185.132.12.28 - - [27/Dec/2023:00:41:22 -0500] "GET /distrito-exalto-a-246-empresas-de-bogota-por-su-alto-desempeno-y-responsabilidad-ambiental-durante-2023.html HTTP/1.1" 200 1039
201.245.192.253 - - [27/Dec/2023:00:41:30 -0500] "POST /forms/lservlet;jsessionid=ac16012b30d6ac84fb743cb8490d9168fad49a174d06.e3iSbxaKaheRe34Qc38TbN0Nb41ynknvrkLOlQzNp65In0 HTTP/1.1" 200 2
201.245.192.253 - - [27/Dec/2023:00:41:35 -0500] "POST /forms/lservlet;jsessionid=ac16012b30d608a3c74dabe741288258ac4c4de7c868.e3iSbxaKaheRe34Qc38TbN0Nb41ynknvrkLOlQzNp65In0 HTTP/1.1" 200 2
156.59.198.135 - - [27/Dec/2023:00:41:44 -0500] "GET /BLA/resoluciones/Notificaciones/AUTOS%202020/1830.pdf HTTP/1.0" 200 320941
201.245.192.253 - - [27/Dec/2023:00:41:47 -0500] "POST /kwsrmcab/Wsrmcab  HTTP/1.1" 200 36330
156.59.198.135 - - [27/Dec/2023:00:42:08 -0500] "GET /BLA/resoluciones/RESOLUCIONES%202009/4140.pdf HTTP/1.0" 200 750997
156.59.198.136 - - [27/Dec/2023:00:42:32 -0500] "GET /BLA/resoluciones/RESOLUCIONES%202009/2409.pdf HTTP/1.0" 200 411477
66.249.66.20 - - [27/Dec/2023:00:42:50 -0500] "GET /BLA/resoluciones/Notificaciones/AUTOS%202023/6008.pdf HTTP/1.1" 304 -
156.59.198.136 - - [27/Dec/2023:00:42:56 -0500] "GET /BLA/resoluciones/RESOLUCIONES%202007/RES%202007%201301%20AL%201400/RESOLUCION%201346%20DE%202007.pdf HTTP/1.0" 200 26579
156.59.198.135 - - [27/Dec/2023:00:43:20 -0500] "GET /BLA/resoluciones/RESOLUCIONES%202009/4001.pdf HTTP/1.0" 200 484369
201.245.192.253 - - [27/Dec/2023:00:43:30 -0500] "POST /forms/lservlet;jsessionid=ac16012b30d6ac84fb743cb8490d9168fad49a174d06.e3iSbxaKaheRe34Qc38TbN0Nb41ynknvrkLOlQzNp65In0 HTTP/1.1" 200 2
201.245.192.253 - - [27/Dec/2023:00:43:35 -0500] "POST /forms/lservlet;jsessionid=ac16012b30d608a3c74dabe741288258ac4c4de7c868.e3iSbxaKaheRe34Qc38TbN0Nb41ynknvrkLOlQzNp65In0 HTTP/1.1" 200 2
172.22.2.4 - - [27/Dec/2023:00:41:56 -0500] "GET /BLA/boletinlegal/index.php HTTP/1.1" 200 61309
156.59.198.136 - - [27/Dec/2023:00:43:45 -0500] "GET /BLA/resoluciones/RESOLUCIONES%202008/1240.pdf HTTP/1.0" 200 618711
156.59.198.135 - - [27/Dec/2023:00:44:10 -0500] "GET /BLA/resoluciones/Notificaciones/AUTOS%202023/2565.pdf HTTP/1.0" 200 1034790
156.59.198.135 - - [27/Dec/2023:00:44:33 -0500] "GET /BLA/resoluciones/RESOLUCIONES%202008/3056.pdf HTTP/1.0" 200 299250
66.249.66.20 - - [27/Dec/2023:00:44:36 -0500] "GET /Publicaciones/2023EE73007.pdf HTTP/1.1" 404 227
172.22.2.4 - - [27/Dec/2023:00:43:09 -0500] "HEAD /BLA/boletinlegal/ HTTP/1.1" 200 -
156.59.198.135 - - [27/Dec/2023:00:44:58 -0500] "GET /BLA/resoluciones/RESOLUCIONES%202009/3859.pdf HTTP/1.0" 200 985716
185.132.12.92 - - [27/Dec/2023:00:45:03 -0500] "GET /distrito-exalto-a-246-empresas-de-bogota-por-su-alto-desempeno-y-responsabilidad-ambiental-durante-2023.html HTTP/1.1" 200 1039
216.245.221.92 - - [27/Dec/2023:00:45:13 -0500] "HEAD / HTTP/1.1" 200 -
172.22.2.4 - - [27/Dec/2023:00:45:15 -0500] "GET /BLA/boletinlegal/robots.txt HTTP/1.1" 404 1038
156.59.198.136 - - [27/Dec/2023:00:45:22 -0500] "GET /BLA/resoluciones/RESOLUCIONES%202009/2112.pdf HTTP/1.0" 200 290529
201.245.192.253 - - [27/Dec/2023:00:45:30 -0500] "POST /forms/lservlet;jsessionid=ac16012b30d6ac84fb743cb8490d9168fad49a174d06.e3iSbxaKaheRe34Qc38TbN0Nb41ynknvrkLOlQzNp65In0 HTTP/1.1" 200 2
201.245.192.253 - - [27/Dec/2023:00:45:35 -0500] "POST /forms/lservlet;jsessionid=ac16012b30d608a3c74dabe741288258ac4c4de7c868.e3iSbxaKaheRe34Qc38TbN0Nb41ynknvrkLOlQzNp65In0 HTTP/1.1" 200 2
172.22.2.4 - - [27/Dec/2023:00:44:00 -0500] "GET /BLA/boletinlegal/ HTTP/1.1" 200 57683
156.59.198.136 - - [27/Dec/2023:00:45:46 -0500] "GET /BLA/resoluciones/RESOLUCIONES%202009/2466.pdf HTTP/1.0" 200 297631
156.59.198.136 - - [27/Dec/2023:00:46:11 -0500] "GET /BLA/resoluciones/RESOLUCIONES%202009/3416.pdf HTTP/1.0" 200 479767
66.249.66.19 - - [27/Dec/2023:00:46:30 -0500] "GET /BLA/resoluciones/AUTOS%202014/3854.pdf HTTP/1.1" 304 -
156.59.198.135 - - [27/Dec/2023:00:46:34 -0500] "GET /BLA/resoluciones/RESOLUCIONES%202009/3454.pdf HTTP/1.0" 200 1860020
66.249.66.19 - - [27/Dec/2023:00:46:42 -0500] "GET /BLA/resoluciones/RESOLUCIONES%202010/4055.pdf HTTP/1.1" 200 490101
201.245.192.253 - - [27/Dec/2023:00:46:45 -0500] "POST /kwsrmcab/Wsrmcab  HTTP/1.1" 200 36330
172.22.2.4 - - [27/Dec/2023:00:45:17 -0500] "GET /BLA/boletinlegal/ HTTP/1.1" 200 62055
156.59.198.135 - - [27/Dec/2023:00:47:00 -0500] "GET /BLA/resoluciones/RESOLUCIONES%202009/3169.pdf HTTP/1.0" 200 477601
52.167.144.190 - - [27/Dec/2023:00:47:04 -0500] "GET /Publicaciones/2023EE276404.pdf HTTP/1.1" 404 228
156.59.198.136 - - [27/Dec/2023:00:47:23 -0500] "GET /BLA/resoluciones/RESOLUCIONES%202009/3469.pdf HTTP/1.0" 200 648389
201.245.192.253 - - [27/Dec/2023:00:47:30 -0500] "POST /forms/lservlet;jsessionid=ac16012b30d6ac84fb743cb8490d9168fad49a174d06.e3iSbxaKaheRe34Qc38TbN0Nb41ynknvrkLOlQzNp65In0 HTTP/1.1" 200 2
173.252.79.7 - - [27/Dec/2023:00:47:30 -0500] "GET /images/reconocimiento%20practicas%20ambientales.jpg HTTP/1.1" 200 63397
201.245.192.253 - - [27/Dec/2023:00:47:35 -0500] "POST /forms/lservlet;jsessionid=ac16012b30d608a3c74dabe741288258ac4c4de7c868.e3iSbxaKaheRe34Qc38TbN0Nb41ynknvrkLOlQzNp65In0 HTTP/1.1" 200 2
190.27.57.161 - - [27/Dec/2023:00:47:45 -0500] "POST /sipse/faces/presentacion/financiero/solicitudProceso/consultarSolicitudProceso.xhtml HTTP/1.1" 200 34722
190.27.57.161 - - [27/Dec/2023:00:47:46 -0500] "GET /sipse/faces/javax.faces.resource/theme.css?ln=primefaces-sipse HTTP/1.1" 304 -
190.27.57.161 - - [27/Dec/2023:00:47:46 -0500] "GET /sipse/faces/javax.faces.resource/layout/layout.css?ln=primefaces&v=4.0 HTTP/1.1" 304 -
190.27.57.161 - - [27/Dec/2023:00:47:46 -0500] "GET /sipse/faces/javax.faces.resource/primefaces.css?ln=primefaces&v=4.0 HTTP/1.1" 304 -
190.27.57.161 - - [27/Dec/2023:00:47:46 -0500] "GET /sipse/css/imagen/contrasena.png HTTP/1.1" 404 383
190.27.57.161 - - [27/Dec/2023:00:47:46 -0500] "GET /sipse/faces/javax.faces.resource/jquery/jquery.js?ln=primefaces&v=4.0 HTTP/1.1" 304 -
190.27.57.161 - - [27/Dec/2023:00:47:46 -0500] "GET /sipse/faces/javax.faces.resource/jquery/jquery-plugins.js?ln=primefaces&v=4.0 HTTP/1.1" 304 -
190.27.57.161 - - [27/Dec/2023:00:47:46 -0500] "GET /sipse/faces/javax.faces.resource/primefaces.js?ln=primefaces&v=4.0 HTTP/1.1" 304 -
190.27.57.161 - - [27/Dec/2023:00:47:46 -0500] "GET /sipse/faces/javax.faces.resource/layout/layout.js?ln=primefaces&v=4.0 HTTP/1.1" 304 -
190.27.57.161 - - [27/Dec/2023:00:47:46 -0500] "POST /sipse/faces/presentacion/financiero/solicitudProceso/listarSolicitudProceso.xhtml HTTP/1.1" 200 27991
156.59.198.136 - - [27/Dec/2023:00:47:47 -0500] "GET /BLA/resoluciones/RESOLUCIONES%202009/3484.pdf HTTP/1.0" 200 625237
190.27.57.161 - - [27/Dec/2023:00:47:47 -0500] "POST /sipse/faces/presentacion/financiero/solicitudProceso/listarSolicitudProceso.xhtml HTTP/1.1" 200 27991
190.27.57.161 - - [27/Dec/2023:00:47:48 -0500] "POST /sipse/faces/presentacion/financiero/solicitudProceso/listarSolicitudProceso.xhtml HTTP/1.1" 200 1396
190.27.57.161 - - [27/Dec/2023:00:47:48 -0500] "POST /sipse/faces/presentacion/financiero/solicitudProceso/listarSolicitudProceso.xhtml HTTP/1.1" 200 1388
190.27.57.161 - - [27/Dec/2023:00:47:48 -0500] "POST /sipse/faces/presentacion/financiero/solicitudProceso/listarSolicitudProceso.xhtml HTTP/1.1" 200 1400
190.27.57.161 - - [27/Dec/2023:00:47:49 -0500] "POST /sipse/faces/presentacion/financiero/solicitudProceso/listarSolicitudProceso.xhtml HTTP/1.1" 200 4821
190.27.57.161 - - [27/Dec/2023:00:47:52 -0500] "POST /sipse/faces/presentacion/financiero/solicitudProceso/listarSolicitudProceso.xhtml HTTP/1.1" 200 113654
190.27.57.161 - - [27/Dec/2023:00:47:55 -0500] "GET /sipse/faces/javax.faces.resource/theme.css?ln=primefaces-sipse HTTP/1.1" 304 -
190.27.57.161 - - [27/Dec/2023:00:47:55 -0500] "GET /sipse/faces/javax.faces.resource/primefaces.css?ln=primefaces&v=4.0 HTTP/1.1" 304 -
190.27.57.161 - - [27/Dec/2023:00:47:55 -0500] "GET /sipse/faces/javax.faces.resource/layout/layout.css?ln=primefaces&v=4.0 HTTP/1.1" 304 -
190.27.57.161 - - [27/Dec/2023:00:47:55 -0500] "GET /sipse/faces/javax.faces.resource/jquery/jquery.js?ln=primefaces&v=4.0 HTTP/1.1" 304 -
190.27.57.161 - - [27/Dec/2023:00:47:55 -0500] "GET /sipse/faces/javax.faces.resource/jquery/jquery-plugins.js?ln=primefaces&v=4.0 HTTP/1.1" 304 -
190.27.57.161 - - [27/Dec/2023:00:47:55 -0500] "GET /sipse/faces/javax.faces.resource/primefaces.js?ln=primefaces&v=4.0 HTTP/1.1" 304 -
190.27.57.161 - - [27/Dec/2023:00:47:55 -0500] "GET /sipse/faces/javax.faces.resource/layout/layout.js?ln=primefaces&v=4.0 HTTP/1.1" 304 -
190.27.57.161 - - [27/Dec/2023:00:47:56 -0500] "GET /sipse/css/imagen/contrasena.png HTTP/1.1" 404 383
190.27.57.161 - - [27/Dec/2023:00:47:56 -0500] "GET /sipse/faces/javax.faces.resource/dynamiccontent.properties?ln=primefaces&pfdrid=XjOR5%2F%2FfPAZAuY9TpWQeCiM0BhlXxYRBGKi%2FQcXXfeA%3D&pfdrid_c=false HTTP/1.1" 500 383
190.27.57.161 - - [27/Dec/2023:00:48:05 -0500] "POST /sipse/faces/presentacion/financiero/solicitudProceso/consultarSolicitudProceso.xhtml HTTP/1.1" 200 153544
20.15.133.185 - - [27/Dec/2023:00:48:07 -0500] "GET /BLA/resoluciones/AUTOS%202023/5288.pdf HTTP/1.1" 200 2255606
216.244.66.195 - - [27/Dec/2023:00:48:08 -0500] "GET /BLA/resoluciones/AUTOS%202008/0919.pdf HTTP/1.1" 200 78401
156.59.198.136 - - [27/Dec/2023:00:48:12 -0500] "GET /BLA/resoluciones/RESOLUCIONES%202009/2558.pdf HTTP/1.0" 200 398816
190.27.57.161 - - [27/Dec/2023:00:48:15 -0500] "POST /sipse/faces/presentacion/financiero/solicitudProceso/consultarSolicitudProceso.xhtml HTTP/1.1" 200 2592103
190.27.57.161 - - [27/Dec/2023:00:48:20 -0500] "POST /sipse/faces/presentacion/financiero/solicitudProceso/consultarSolicitudProceso.xhtml HTTP/1.1" 200 2215938
216.244.66.195 - - [27/Dec/2023:00:48:22 -0500] "GET /BLA/resoluciones/AUTOS%202008/1654.pdf HTTP/1.1" 200 91028
190.27.57.161 - - [27/Dec/2023:00:48:33 -0500] "POST /sipse/faces/presentacion/financiero/solicitudProceso/consultarSolicitudProceso.xhtml HTTP/1.1" 200 5457
190.27.57.161 - - [27/Dec/2023:00:48:33 -0500] "GET /sipse/faces/javax.faces.resource/dynamiccontent.properties?ln=primefaces&pfdrid=XjOR5%2F%2FfPAZAuY9TpWQeCiM0BhlXxYRBGKi%2FQcXXfeA%3D&pfdrid_c=false HTTP/1.1" 200 117407
156.59.198.135 - - [27/Dec/2023:00:48:37 -0500] "GET /BLA/resoluciones/RESOLUCIONES%202009/3635.pdf HTTP/1.0" 200 226302
216.244.66.195 - - [27/Dec/2023:00:48:39 -0500] "GET /BLA/resoluciones/AUTOS%202013/0027.pdf HTTP/1.1" 200 1786297
35.234.169.209 - - [27/Dec/2023:00:48:40 -0500] "GET /distrito-exalto-a-246-empresas-de-bogota-por-su-alto-desempeno-y-responsabilidad-ambiental-durante-2023.html HTTP/1.1" 200 1039
156.59.198.136 - - [27/Dec/2023:00:49:00 -0500] "GET /BLA/resoluciones/RESOLUCIONES%202009/2471.pdf HTTP/1.0" 200 453601
216.244.66.195 - - [27/Dec/2023:00:49:24 -0500] "GET /BLA/resoluciones/AUTOS%202013/1660.pdf HTTP/1.1" 200 176051
156.59.198.136 - - [27/Dec/2023:00:49:24 -0500] "GET /BLA/resoluciones/RESOLUCIONES%202009/2354.pdf HTTP/1.0" 200 497140
201.245.192.253 - - [27/Dec/2023:00:49:30 -0500] "POST /forms/lservlet;jsessionid=ac16012b30d6ac84fb743cb8490d9168fad49a174d06.e3iSbxaKaheRe34Qc38TbN0Nb41ynknvrkLOlQzNp65In0 HTTP/1.1" 200 2
201.245.192.253 - - [27/Dec/2023:00:49:35 -0500] "POST /forms/lservlet;jsessionid=ac16012b30d608a3c74dabe741288258ac4c4de7c868.e3iSbxaKaheRe34Qc38TbN0Nb41ynknvrkLOlQzNp65In0 HTTP/1.1" 200 2
156.59.198.136 - - [27/Dec/2023:00:49:49 -0500] "GET /BLA/resoluciones/RESOLUCIONES%202009/4112.pdf HTTP/1.0" 200 156846
216.244.66.195 - - [27/Dec/2023:00:50:05 -0500] "GET /BLA/resoluciones/AUTOS%202014/0893.pdf HTTP/1.1" 200 531501
216.245.221.92 - - [27/Dec/2023:00:50:13 -0500] "HEAD / HTTP/1.1" 200 -
156.59.198.135 - - [27/Dec/2023:00:50:14 -0500] "GET /BLA/resoluciones/RESOLUCIONES%202009/3210.pdf HTTP/1.0" 200 482230
156.59.198.135 - - [27/Dec/2023:00:50:37 -0500] "GET /BLA/resoluciones/RESOLUCIONES%202009/2931.pdf HTTP/1.0" 200 409091
172.22.2.4 - - [27/Dec/2023:00:48:59 -0500] "HEAD /BLA/boletinlegal/ HTTP/1.1" 200 -
216.244.66.195 - - [27/Dec/2023:00:50:56 -0500] "GET /BLA/resoluciones/AUTOS%202015/0036.pdf HTTP/1.1" 200 690050
156.59.198.135 - - [27/Dec/2023:00:51:02 -0500] "GET /BLA/resoluciones/RESOLUCIONES%202009/4392.pdf HTTP/1.0" 200 470328
190.27.57.161 - - [27/Dec/2023:00:51:10 -0500] "POST /sipse/faces/presentacion/financiero/solicitudProceso/consultarSolicitudProceso.xhtml HTTP/1.1" 200 2215938
156.59.198.136 - - [27/Dec/2023:00:51:26 -0500] "GET /BLA/resoluciones/RESOLUCIONES%202009/3341.pdf HTTP/1.0" 200 633966
172.22.2.4 - - [27/Dec/2023:00:49:50 -0500] "GET /BLA/boletinlegal/ HTTP/1.1" 200 60910
201.245.192.253 - - [27/Dec/2023:00:51:30 -0500] "POST /forms/lservlet;jsessionid=ac16012b30d6ac84fb743cb8490d9168fad49a174d06.e3iSbxaKaheRe34Qc38TbN0Nb41ynknvrkLOlQzNp65In0 HTTP/1.1" 200 2
201.245.192.253 - - [27/Dec/2023:00:51:35 -0500] "POST /forms/lservlet;jsessionid=ac16012b30d608a3c74dabe741288258ac4c4de7c868.e3iSbxaKaheRe34Qc38TbN0Nb41ynknvrkLOlQzNp65In0 HTTP/1.1" 200 2
216.244.66.195 - - [27/Dec/2023:00:51:46 -0500] "GET /BLA/resoluciones/AUTOS%202015/0121.pdf HTTP/1.1" 200 619661
201.245.192.253 - - [27/Dec/2023:00:51:44 -0500] "POST /kwsrmcab/Wsrmcab  HTTP/1.1" 200 36330
190.27.57.161 - - [27/Dec/2023:00:51:48 -0500] "POST /sipse/faces/presentacion/financiero/solicitudProceso/consultarSolicitudProceso.xhtml HTTP/1.1" 200 35175
190.27.57.161 - - [27/Dec/2023:00:51:50 -0500] "GET /sipse/faces/javax.faces.resource/theme.css?ln=primefaces-sipse HTTP/1.1" 304 -
190.27.57.161 - - [27/Dec/2023:00:51:50 -0500] "GET /sipse/faces/javax.faces.resource/layout/layout.css?ln=primefaces&v=4.0 HTTP/1.1" 304 -
190.27.57.161 - - [27/Dec/2023:00:51:50 -0500] "GET /sipse/faces/javax.faces.resource/primefaces.css?ln=primefaces&v=4.0 HTTP/1.1" 304 -
190.27.57.161 - - [27/Dec/2023:00:51:50 -0500] "GET /sipse/faces/javax.faces.resource/jquery/jquery.js?ln=primefaces&v=4.0 HTTP/1.1" 304 -
190.27.57.161 - - [27/Dec/2023:00:51:50 -0500] "GET /sipse/faces/javax.faces.resource/jquery/jquery-plugins.js?ln=primefaces&v=4.0 HTTP/1.1" 304 -
190.27.57.161 - - [27/Dec/2023:00:51:50 -0500] "GET /sipse/faces/javax.faces.resource/primefaces.js?ln=primefaces&v=4.0 HTTP/1.1" 304 -
190.27.57.161 - - [27/Dec/2023:00:51:50 -0500] "GET /sipse/faces/javax.faces.resource/layout/layout.js?ln=primefaces&v=4.0 HTTP/1.1" 304 -
190.27.57.161 - - [27/Dec/2023:00:51:50 -0500] "GET /sipse/css/imagen/contrasena.png HTTP/1.1" 404 383
190.27.57.161 - - [27/Dec/2023:00:51:50 -0500] "GET /sipse/faces/javax.faces.resource/messages/messages.png?ln=primefaces&v=4.0 HTTP/1.1" 304 -
190.27.57.161 - - [27/Dec/2023:00:51:50 -0500] "POST /sipse/faces/presentacion/financiero/solicitudProceso/listarSolicitudProceso.xhtml HTTP/1.1" 200 1396
156.59.198.135 - - [27/Dec/2023:00:51:51 -0500] "GET /BLA/resoluciones/RESOLUCIONES%202009/3767.pdf HTTP/1.0" 200 823922
190.27.57.161 - - [27/Dec/2023:00:51:55 -0500] "POST /sipse/faces/presentacion/financiero/solicitudProceso/listarSolicitudProceso.xhtml HTTP/1.1" 200 17243
156.59.198.135 - - [27/Dec/2023:00:52:16 -0500] "GET /BLA/resoluciones/RESOLUCIONES%202009/3320.pdf HTTP/1.0" 200 629017
216.244.66.195 - - [27/Dec/2023:00:52:39 -0500] "GET /BLA/resoluciones/AUTOS%202015/0432.pdf HTTP/1.1" 200 343153
156.59.198.136 - - [27/Dec/2023:00:52:39 -0500] "GET /BLA/resoluciones/RESOLUCIONES%202009/3966.pdf HTTP/1.0" 200 415882
156.59.198.136 - - [27/Dec/2023:00:53:04 -0500] "GET /BLA/resoluciones/RESOLUCIONES%202009/3271.pdf HTTP/1.0" 200 599895
216.244.66.195 - - [27/Dec/2023:00:53:22 -0500] "GET /BLA/resoluciones/AUTOS%202015/1949.pdf HTTP/1.1" 200 676419
156.59.198.135 - - [27/Dec/2023:00:53:28 -0500] "GET /BLA/resoluciones/RESOLUCIONES%202009/3319.pdf HTTP/1.0" 200 616383
201.245.192.253 - - [27/Dec/2023:00:53:30 -0500] "POST /forms/lservlet;jsessionid=ac16012b30d6ac84fb743cb8490d9168fad49a174d06.e3iSbxaKaheRe34Qc38TbN0Nb41ynknvrkLOlQzNp65In0 HTTP/1.1" 200 2
199.16.157.183 - - [27/Dec/2023:00:53:33 -0500] "GET /ascenso-tecnologico-distrito-firma-decreto-que-permitira-renovar-parte-de-los-vehiculos-de-carga-y-asi-reducir-emisiones-contaminantes.html HTTP/1.1" 200 1058
199.16.157.180 - - [27/Dec/2023:00:53:34 -0500] "GET /images/Secretarias%20Fondo%20carga%206%20de%20febrero.jpeg HTTP/1.1" 200 55460
201.245.192.253 - - [27/Dec/2023:00:53:35 -0500] "POST /forms/lservlet;jsessionid=ac16012b30d608a3c74dabe741288258ac4c4de7c868.e3iSbxaKaheRe34Qc38TbN0Nb41ynknvrkLOlQzNp65In0 HTTP/1.1" 200 2
156.59.198.135 - - [27/Dec/2023:00:53:53 -0500] "GET /BLA/resoluciones/RESOLUCIONES%202009/3485.pdf HTTP/1.0" 200 680212
190.27.57.161 - - [27/Dec/2023:00:54:02 -0500] "POST /sipse/faces/presentacion/financiero/solicitudProceso/listarSolicitudProceso.xhtml HTTP/1.1" 200 4837
66.249.66.19 - - [27/Dec/2023:00:54:04 -0500] "GET /BLA/resoluciones/AUTOS%202013/2813.pdf HTTP/1.1" 200 259542
190.27.57.161 - - [27/Dec/2023:00:54:06 -0500] "POST /sipse/faces/presentacion/financiero/solicitudProceso/listarSolicitudProceso.xhtml HTTP/1.1" 200 115632
190.27.57.161 - - [27/Dec/2023:00:54:09 -0500] "GET /sipse/faces/javax.faces.resource/theme.css?ln=primefaces-sipse HTTP/1.1" 304 -
190.27.57.161 - - [27/Dec/2023:00:54:09 -0500] "GET /sipse/faces/javax.faces.resource/jquery/jquery.js?ln=primefaces&v=4.0 HTTP/1.1" 304 -
190.27.57.161 - - [27/Dec/2023:00:54:09 -0500] "GET /sipse/faces/javax.faces.resource/jquery/jquery-plugins.js?ln=primefaces&v=4.0 HTTP/1.1" 304 -
190.27.57.161 - - [27/Dec/2023:00:54:09 -0500] "GET /sipse/faces/javax.faces.resource/primefaces.js?ln=primefaces&v=4.0 HTTP/1.1" 304 -
190.27.57.161 - - [27/Dec/2023:00:54:09 -0500] "GET /sipse/faces/javax.faces.resource/layout/layout.js?ln=primefaces&v=4.0 HTTP/1.1" 304 -
190.27.57.161 - - [27/Dec/2023:00:54:09 -0500] "GET /sipse/faces/javax.faces.resource/primefaces.css?ln=primefaces&v=4.0 HTTP/1.1" 304 -
190.27.57.161 - - [27/Dec/2023:00:54:09 -0500] "GET /sipse/faces/javax.faces.resource/layout/layout.css?ln=primefaces&v=4.0 HTTP/1.1" 304 -
190.27.57.161 - - [27/Dec/2023:00:54:09 -0500] "GET /sipse/css/imagen/contrasena.png HTTP/1.1" 404 383
190.27.57.161 - - [27/Dec/2023:00:54:10 -0500] "GET /sipse/faces/javax.faces.resource/dynamiccontent.properties?ln=primefaces&pfdrid=XjOR5%2F%2FfPAZAuY9TpWQeCiM0BhlXxYRBGKi%2FQcXXfeA%3D&pfdrid_c=false HTTP/1.1" 500 383
216.244.66.195 - - [27/Dec/2023:00:54:12 -0500] "GET /BLA/resoluciones/AUTOS%202015/3427.pdf HTTP/1.1" 200 502332
66.249.66.20 - - [27/Dec/2023:00:54:13 -0500] "GET /BLA/resoluciones/RESOLUCIONES%202013/2315.pdf HTTP/1.1" 200 688475
156.59.198.135 - - [27/Dec/2023:00:54:16 -0500] "GET /BLA/resoluciones/RESOLUCIONES%202009/2495.pdf HTTP/1.0" 200 530014
66.249.66.19 - - [27/Dec/2023:00:54:20 -0500] "GET /BLA/resoluciones/RESOLUCIONES%202009/6970.pdf HTTP/1.1" 200 756900
190.27.57.161 - - [27/Dec/2023:00:54:33 -0500] "POST /sipse/faces/presentacion/financiero/solicitudProceso/consultarSolicitudProceso.xhtml HTTP/1.1" 200 149806
156.59.198.136 - - [27/Dec/2023:00:54:40 -0500] "GET /BLA/resoluciones/RESOLUCIONES%202009/3652.pdf HTTP/1.0" 200 84055
190.27.57.161 - - [27/Dec/2023:00:54:43 -0500] "POST /sipse/faces/presentacion/financiero/solicitudProceso/consultarSolicitudProceso.xhtml HTTP/1.1" 200 1237423
190.27.57.161 - - [27/Dec/2023:00:54:48 -0500] "POST /sipse/faces/presentacion/financiero/solicitudProceso/consultarSolicitudProceso.xhtml HTTP/1.1" 200 614718
190.27.57.161 - - [27/Dec/2023:00:54:53 -0500] "POST /sipse/faces/presentacion/financiero/solicitudProceso/consultarSolicitudProceso.xhtml HTTP/1.1" 200 2216188
216.244.66.195 - - [27/Dec/2023:00:55:02 -0500] "GET /BLA/resoluciones/AUTOS%202019/4276.pdf HTTP/1.1" 200 6869174
156.59.198.136 - - [27/Dec/2023:00:55:05 -0500] "GET /BLA/resoluciones/RESOLUCIONES%202009/2667.pdf HTTP/1.0" 200 498972
190.27.57.161 - - [27/Dec/2023:00:55:12 -0500] "GET /sipse/faces/javax.faces.resource/images/ui-bg_flat_0_2d5972_40x100.png?ln=primefaces-aristo HTTP/1.1" 304 -
190.27.57.161 - - [27/Dec/2023:00:55:12 -0500] "POST /sipse/faces/presentacion/financiero/solicitudProceso/consultarSolicitudProceso.xhtml HTTP/1.1" 200 5457
190.27.57.161 - - [27/Dec/2023:00:55:12 -0500] "GET /sipse/faces/javax.faces.resource/dynamiccontent.properties?ln=primefaces&pfdrid=XjOR5%2F%2FfPAZAuY9TpWQeCiM0BhlXxYRBGKi%2FQcXXfeA%3D&pfdrid_c=false HTTP/1.1" 200 117408
216.245.221.92 - - [27/Dec/2023:00:55:13 -0500] "HEAD / HTTP/1.1" 200 -
156.59.198.136 - - [27/Dec/2023:00:55:29 -0500] "GET /BLA/resoluciones/RESOLUCIONES%202009/3227.pdf HTTP/1.0" 200 812366
201.245.192.253 - - [27/Dec/2023:00:55:30 -0500] "POST /forms/lservlet;jsessionid=ac16012b30d6ac84fb743cb8490d9168fad49a174d06.e3iSbxaKaheRe34Qc38TbN0Nb41ynknvrkLOlQzNp65In0 HTTP/1.1" 200 2
201.245.192.253 - - [27/Dec/2023:00:55:35 -0500] "POST /forms/lservlet;jsessionid=ac16012b30d608a3c74dabe741288258ac4c4de7c868.e3iSbxaKaheRe34Qc38TbN0Nb41ynknvrkLOlQzNp65In0 HTTP/1.1" 200 2
216.244.66.195 - - [27/Dec/2023:00:55:52 -0500] "GET /BLA/resoluciones/RESOLUCIONES%202011/0508.pdf HTTP/1.1" 200 507896
156.59.198.136 - - [27/Dec/2023:00:55:54 -0500] "GET /BLA/resoluciones/RESOLUCIONES%202009/3727.pdf HTTP/1.0" 200 509842
156.59.198.136 - - [27/Dec/2023:00:56:17 -0500] "GET /BLA/resoluciones/RESOLUCIONES%202009/2885.pdf HTTP/1.0" 200 445192
172.22.2.4 - - [27/Dec/2023:00:54:49 -0500] "HEAD /BLA/boletinlegal/ HTTP/1.1" 200 -
216.244.66.195 - - [27/Dec/2023:00:56:39 -0500] "GET /BLA/resoluciones/RESOLUCIONES%202011/0776.pdf HTTP/1.1" 200 797192
156.59.198.135 - - [27/Dec/2023:00:56:42 -0500] "GET /BLA/resoluciones/RESOLUCIONES%202009/4379.pdf HTTP/1.0" 200 302495
201.245.192.253 - - [27/Dec/2023:00:56:44 -0500] "POST /kwsrmcab/Wsrmcab  HTTP/1.1" 200 36330
156.59.198.135 - - [27/Dec/2023:00:57:07 -0500] "GET /BLA/resoluciones/RESOLUCIONES%202009/3843.pdf HTTP/1.0" 200 431261
172.22.2.4 - - [27/Dec/2023:00:55:40 -0500] "GET /BLA/boletinlegal/ HTTP/1.1" 200 56873
216.244.66.195 - - [27/Dec/2023:00:57:29 -0500] "GET /BLA/resoluciones/RESOLUCIONES%202011/1147.pdf HTTP/1.1" 200 458070
201.245.192.253 - - [27/Dec/2023:00:57:30 -0500] "POST /forms/lservlet;jsessionid=ac16012b30d6ac84fb743cb8490d9168fad49a174d06.e3iSbxaKaheRe34Qc38TbN0Nb41ynknvrkLOlQzNp65In0 HTTP/1.1" 200 2
156.59.198.136 - - [27/Dec/2023:00:57:31 -0500] "GET /BLA/resoluciones/RESOLUCIONES%202009/4242.pdf HTTP/1.0" 200 812600
201.245.192.253 - - [27/Dec/2023:00:57:35 -0500] "POST /forms/lservlet;jsessionid=ac16012b30d608a3c74dabe741288258ac4c4de7c868.e3iSbxaKaheRe34Qc38TbN0Nb41ynknvrkLOlQzNp65In0 HTTP/1.1" 200 2
156.59.198.136 - - [27/Dec/2023:00:57:56 -0500] "GET /BLA/resoluciones/RESOLUCIONES%202009/3411.pdf HTTP/1.0" 200 484225
216.244.66.195 - - [27/Dec/2023:00:58:15 -0500] "GET /BLA/resoluciones/RESOLUCIONES%202011/1889.pdf HTTP/1.1" 200 514212
156.59.198.136 - - [27/Dec/2023:00:58:20 -0500] "GET /BLA/resoluciones/RESOLUCIONES%202009/3696.pdf HTTP/1.0" 200 152084
156.59.198.136 - - [27/Dec/2023:00:58:44 -0500] "GET /BLA/resoluciones/RESOLUCIONES%202009/4423.pdf HTTP/1.0" 200 267031
66.249.66.19 - - [27/Dec/2023:00:58:48 -0500] "GET /BLA/resoluciones/AUTOS%202011/5059.pdf HTTP/1.1" 200 170774
216.244.66.195 - - [27/Dec/2023:00:58:58 -0500] "GET /BLA/resoluciones/RESOLUCIONES%202011/2303.pdf HTTP/1.1" 200 482720
156.59.198.135 - - [27/Dec/2023:00:59:08 -0500] "GET /BLA/resoluciones/RESOLUCIONES%202009/4092.pdf HTTP/1.0" 200 850622
201.245.192.253 - - [27/Dec/2023:00:59:30 -0500] "POST /forms/lservlet;jsessionid=ac16012b30d6ac84fb743cb8490d9168fad49a174d06.e3iSbxaKaheRe34Qc38TbN0Nb41ynknvrkLOlQzNp65In0 HTTP/1.1" 200 2
156.59.198.135 - - [27/Dec/2023:00:59:32 -0500] "GET /BLA/resoluciones/RESOLUCIONES%202009/2910.pdf HTTP/1.0" 200 1216724
201.245.192.253 - - [27/Dec/2023:00:59:35 -0500] "POST /forms/lservlet;jsessionid=ac16012b30d608a3c74dabe741288258ac4c4de7c868.e3iSbxaKaheRe34Qc38TbN0Nb41ynknvrkLOlQzNp65In0 HTTP/1.1" 200 2
216.244.66.195 - - [27/Dec/2023:00:59:49 -0500] "GET /BLA/resoluciones/RESOLUCIONES%202018/0031.pdf HTTP/1.1" 200 351034
156.59.198.136 - - [27/Dec/2023:00:59:57 -0500] "GET /BLA/resoluciones/RESOLUCIONES%202009/4129.pdf HTTP/1.0" 200 750881
216.245.221.92 - - [27/Dec/2023:01:00:13 -0500] "HEAD / HTTP/1.1" 200 -
156.59.198.136 - - [27/Dec/2023:01:00:21 -0500] "GET /BLA/resoluciones/RESOLUCIONES%202009/2990.pdf HTTP/1.0" 200 605288
216.244.66.195 - - [27/Dec/2023:01:00:36 -0500] "GET /BLA/resoluciones/RESOLUCIONES%202018/1614.pdf HTTP/1.1" 200 8938388
156.59.198.135 - - [27/Dec/2023:01:00:46 -0500] "GET /BLA/resoluciones/RESOLUCIONES%202009/4062.pdf HTTP/1.0" 200 584105
156.59.198.136 - - [27/Dec/2023:01:01:11 -0500] "GET /BLA/resoluciones/RESOLUCIONES%202009/3704.pdf HTTP/1.0" 200 53408
216.244.66.195 - - [27/Dec/2023:01:01:26 -0500] "GET /BLA/resoluciones/RESOLUCIONES%202018/2039.pdf HTTP/1.1" 200 331364
201.245.192.253 - - [27/Dec/2023:01:01:30 -0500] "POST /forms/lservlet;jsessionid=ac16012b30d6ac84fb743cb8490d9168fad49a174d06.e3iSbxaKaheRe34Qc38TbN0Nb41ynknvrkLOlQzNp65In0 HTTP/1.1" 200 2
40.77.167.18 - - [27/Dec/2023:01:01:31 -0500] "GET /Publicaciones/2023EE278710.pdf HTTP/1.1" 404 228
156.59.198.136 - - [27/Dec/2023:01:01:34 -0500] "GET /BLA/resoluciones/RESOLUCIONES%202009/4256.pdf HTTP/1.0" 200 501613
201.245.192.253 - - [27/Dec/2023:01:01:35 -0500] "POST /forms/lservlet;jsessionid=ac16012b30d608a3c74dabe741288258ac4c4de7c868.e3iSbxaKaheRe34Qc38TbN0Nb41ynknvrkLOlQzNp65In0 HTTP/1.1" 200 2
52.167.144.186 - - [27/Dec/2023:01:01:36 -0500] "GET /Publicaciones/2023EE271389.pdf HTTP/1.1" 404 228
201.245.192.253 - - [27/Dec/2023:01:01:42 -0500] "POST /kwsrmcab/Wsrmcab  HTTP/1.1" 200 36330
156.59.198.136 - - [27/Dec/2023:01:01:58 -0500] "GET /BLA/resoluciones/RESOLUCIONES%202009/2570.pdf HTTP/1.0" 200 505755
216.244.66.195 - - [27/Dec/2023:01:02:04 -0500] "GET /BLA/resoluciones/RESOLUCIONES%202018/3099.pdf HTTP/1.1" 200 234975
172.22.2.4 - - [27/Dec/2023:01:00:39 -0500] "HEAD /BLA/boletinlegal/ HTTP/1.1" 200 -
156.59.198.136 - - [27/Dec/2023:01:02:22 -0500] "GET /BLA/resoluciones/RESOLUCIONES%202009/3613.pdf HTTP/1.0" 200 58654
156.59.198.135 - - [27/Dec/2023:01:02:46 -0500] "GET /BLA/resoluciones/RESOLUCIONES%202009/4420.pdf HTTP/1.0" 200 669963
172.22.2.4 - - [27/Dec/2023:01:01:29 -0500] "GET /BLA/boletinlegal/ HTTP/1.1" 200 58567
156.59.198.136 - - [27/Dec/2023:01:03:10 -0500] "GET /BLA/resoluciones/RESOLUCIONES%202009/2107.pdf HTTP/1.0" 200 626504
201.245.192.253 - - [27/Dec/2023:01:03:30 -0500] "POST /forms/lservlet;jsessionid=ac16012b30d6ac84fb743cb8490d9168fad49a174d06.e3iSbxaKaheRe34Qc38TbN0Nb41ynknvrkLOlQzNp65In0 HTTP/1.1" 200 2
201.245.192.253 - - [27/Dec/2023:01:03:35 -0500] "POST /forms/lservlet;jsessionid=ac16012b30d608a3c74dabe741288258ac4c4de7c868.e3iSbxaKaheRe34Qc38TbN0Nb41ynknvrkLOlQzNp65In0 HTTP/1.1" 200 2
156.59.198.136 - - [27/Dec/2023:01:03:36 -0500] "GET /BLA/resoluciones/RESOLUCIONES%202009/2379.pdf HTTP/1.0" 200 426094
66.249.66.20 - - [27/Dec/2023:01:03:39 -0500] "GET /BLA/resoluciones/RESOLUCIONES%202008/2720.pdf HTTP/1.1" 200 340165
156.59.198.136 - - [27/Dec/2023:01:03:59 -0500] "GET /BLA/resoluciones/RESOLUCIONES%202009/4359.pdf HTTP/1.0" 200 121810
156.59.198.135 - - [27/Dec/2023:01:04:24 -0500] "GET /BLA/resoluciones/RESOLUCIONES%202009/2830.pdf HTTP/1.0" 200 384304
177.253.39.194 - - [27/Dec/2023:01:04:31 -0500] "GET /distrito-exalto-a-246-empresas-de-bogota-por-su-alto-desempeno-y-responsabilidad-ambiental-durante-2023.html HTTP/1.1" 200 1039
66.249.66.21 - - [27/Dec/2023:01:04:35 -0500] "GET /BLA/resoluciones/RESOLUCIONES%202012/0648.pdf HTTP/1.1" 200 553008
66.249.77.69 - - [27/Dec/2023:01:04:42 -0500] "GET /mas-de-70-aves-de-corral-y-de-especies-no-convencionales-encontraron-un-hogar.html HTTP/1.1" 200 847
156.59.198.135 - - [27/Dec/2023:01:04:48 -0500] "GET /BLA/resoluciones/RESOLUCIONES%202009/3611.pdf HTTP/1.0" 200 110172
156.59.198.135 - - [27/Dec/2023:01:05:13 -0500] "GET /BLA/resoluciones/RESOLUCIONES%202009/3543.pdf HTTP/1.0" 200 617683
216.245.221.92 - - [27/Dec/2023:01:05:13 -0500] "HEAD / HTTP/1.1" 200 -
186.154.168.51 - - [27/Dec/2023:01:05:27 -0500] "GET /distrito-exalto-a-246-empresas-de-bogota-por-su-alto-desempeno-y-responsabilidad-ambiental-durante-2023.html HTTP/1.1" 200 1039
201.245.192.253 - - [27/Dec/2023:01:05:30 -0500] "POST /forms/lservlet;jsessionid=ac16012b30d6ac84fb743cb8490d9168fad49a174d06.e3iSbxaKaheRe34Qc38TbN0Nb41ynknvrkLOlQzNp65In0 HTTP/1.1" 200 2
201.245.192.253 - - [27/Dec/2023:01:05:35 -0500] "POST /forms/lservlet;jsessionid=ac16012b30d608a3c74dabe741288258ac4c4de7c868.e3iSbxaKaheRe34Qc38TbN0Nb41ynknvrkLOlQzNp65In0 HTTP/1.1" 200 2
156.59.198.136 - - [27/Dec/2023:01:05:36 -0500] "GET /BLA/resoluciones/RESOLUCIONES%202009/3711.pdf HTTP/1.0" 200 52410
156.59.198.135 - - [27/Dec/2023:01:06:01 -0500] "GET /BLA/resoluciones/RESOLUCIONES%202009/2205.pdf HTTP/1.0" 200 636326
156.59.198.135 - - [27/Dec/2023:01:06:25 -0500] "GET /BLA/resoluciones/RESOLUCIONES%202009/3226.pdf HTTP/1.0" 200 520724
201.245.192.253 - - [27/Dec/2023:01:06:41 -0500] "POST /kwsrmcab/Wsrmcab  HTTP/1.1" 200 36330
156.59.198.135 - - [27/Dec/2023:01:06:49 -0500] "GET /BLA/resoluciones/RESOLUCIONES%202009/2500.pdf HTTP/1.0" 200 527259
66.249.66.20 - - [27/Dec/2023:01:06:51 -0500] "GET /BLA/resoluciones/RESOLUCIONES%202013/1619.pdf HTTP/1.1" 200 643986
190.84.119.249 - - [27/Dec/2023:01:07:03 -0500] "GET /distrito-exalto-a-246-empresas-de-bogota-por-su-alto-desempeno-y-responsabilidad-ambiental-durante-2023.html HTTP/1.1" 200 1039
156.59.198.136 - - [27/Dec/2023:01:07:14 -0500] "GET /BLA/resoluciones/RESOLUCIONES%202009/2568.pdf HTTP/1.0" 200 442846
191.95.35.140 - - [27/Dec/2023:01:07:21 -0500] "GET /distrito-exalto-a-246-empresas-de-bogota-por-su-alto-desempeno-y-responsabilidad-ambiental-durante-2023.html HTTP/1.1" 200 1039
66.249.83.2 - - [27/Dec/2023:01:07:22 -0500] "GET /distrito-exalto-a-246-empresas-de-bogota-por-su-alto-desempeno-y-responsabilidad-ambiental-durante-2023.html HTTP/1.1" 200 1039
201.245.192.253 - - [27/Dec/2023:01:07:30 -0500] "POST /forms/lservlet;jsessionid=ac16012b30d6ac84fb743cb8490d9168fad49a174d06.e3iSbxaKaheRe34Qc38TbN0Nb41ynknvrkLOlQzNp65In0 HTTP/1.1" 200 2
201.245.192.253 - - [27/Dec/2023:01:07:35 -0500] "POST /forms/lservlet;jsessionid=ac16012b30d608a3c74dabe741288258ac4c4de7c868.e3iSbxaKaheRe34Qc38TbN0Nb41ynknvrkLOlQzNp65In0 HTTP/1.1" 200 2
156.59.198.135 - - [27/Dec/2023:01:07:38 -0500] "GET /BLA/resoluciones/RESOLUCIONES%202009/3708.pdf HTTP/1.0" 200 54970
156.59.198.136 - - [27/Dec/2023:01:08:03 -0500] "GET /BLA/resoluciones/RESOLUCIONES%202009/4227.pdf HTTP/1.0" 200 446885
172.22.2.4 - - [27/Dec/2023:01:06:29 -0500] "HEAD /BLA/boletinlegal/ HTTP/1.1" 200 -
66.249.66.20 - - [27/Dec/2023:01:08:19 -0500] "GET /BLA/resoluciones/RESOLUCIONES%202009/5011.pdf HTTP/1.1" 200 652419
156.59.198.135 - - [27/Dec/2023:01:08:27 -0500] "GET /BLA/resoluciones/RESOLUCIONES%202009/2756.pdf HTTP/1.0" 200 448888
156.59.198.135 - - [27/Dec/2023:01:08:52 -0500] "GET /BLA/resoluciones/RESOLUCIONES%202009/4091.pdf HTTP/1.0" 200 715297
172.22.2.4 - - [27/Dec/2023:01:07:20 -0500] "GET /BLA/boletinlegal/ HTTP/1.1" 200 60502
191.109.176.5 - - [27/Dec/2023:01:09:10 -0500] "GET /POT-2013/Cartografia/Anexo01_Sistema_Hidrico.pdf HTTP/1.1" 200 5860035
191.109.176.5 - - [27/Dec/2023:01:09:10 -0500] "GET /favicon.ico HTTP/1.1" 200 7782
156.59.198.136 - - [27/Dec/2023:01:09:17 -0500] "GET /BLA/resoluciones/RESOLUCIONES%202009/3918.pdf HTTP/1.0" 200 930034
201.245.192.253 - - [27/Dec/2023:01:09:30 -0500] "POST /forms/lservlet;jsessionid=ac16012b30d6ac84fb743cb8490d9168fad49a174d06.e3iSbxaKaheRe34Qc38TbN0Nb41ynknvrkLOlQzNp65In0 HTTP/1.1" 200 2
201.245.192.253 - - [27/Dec/2023:01:09:35 -0500] "POST /forms/lservlet;jsessionid=ac16012b30d608a3c74dabe741288258ac4c4de7c868.e3iSbxaKaheRe34Qc38TbN0Nb41ynknvrkLOlQzNp65In0 HTTP/1.1" 200 2
52.167.144.187 - - [27/Dec/2023:01:09:38 -0500] "GET /BLA/resoluciones/AUTOS%202022/7573.pdf HTTP/1.1" 200 394188
156.59.198.135 - - [27/Dec/2023:01:09:41 -0500] "GET /BLA/resoluciones/RESOLUCIONES%202009/3181.pdf HTTP/1.0" 200 780548
156.59.198.136 - - [27/Dec/2023:01:10:05 -0500] "GET /BLA/resoluciones/RESOLUCIONES%202009/3892.pdf HTTP/1.0" 200 544319
216.245.221.92 - - [27/Dec/2023:01:10:13 -0500] "HEAD / HTTP/1.1" 200 -
156.59.198.135 - - [27/Dec/2023:01:10:30 -0500] "GET /BLA/resoluciones/RESOLUCIONES%202009/2865.pdf HTTP/1.0" 200 586986
156.59.198.136 - - [27/Dec/2023:01:10:53 -0500] "GET /BLA/resoluciones/RESOLUCIONES%202009/2118.pdf HTTP/1.0" 200 542895
156.59.198.135 - - [27/Dec/2023:01:11:18 -0500] "GET /BLA/resoluciones/RESOLUCIONES%202009/2273.pdf HTTP/1.0" 200 484657
201.245.192.253 - - [27/Dec/2023:01:11:30 -0500] "POST /forms/lservlet;jsessionid=ac16012b30d6ac84fb743cb8490d9168fad49a174d06.e3iSbxaKaheRe34Qc38TbN0Nb41ynknvrkLOlQzNp65In0 HTTP/1.1" 200 2
201.245.192.253 - - [27/Dec/2023:01:11:35 -0500] "POST /forms/lservlet;jsessionid=ac16012b30d608a3c74dabe741288258ac4c4de7c868.e3iSbxaKaheRe34Qc38TbN0Nb41ynknvrkLOlQzNp65In0 HTTP/1.1" 200 2
156.59.198.136 - - [27/Dec/2023:01:11:42 -0500] "GET /BLA/resoluciones/RESOLUCIONES%202009/2534.pdf HTTP/1.0" 200 487202
201.245.192.253 - - [27/Dec/2023:01:11:40 -0500] "POST /kwsrmcab/Wsrmcab  HTTP/1.1" 200 36330
156.59.198.135 - - [27/Dec/2023:01:12:06 -0500] "GET /BLA/resoluciones/RESOLUCIONES%202009/4194.pdf HTTP/1.0" 200 1045446
156.59.198.135 - - [27/Dec/2023:01:12:30 -0500] "GET /BLA/resoluciones/RESOLUCIONES%202009/2821.pdf HTTP/1.0" 200 332822
156.59.198.135 - - [27/Dec/2023:01:12:55 -0500] "GET /BLA/resoluciones/RESOLUCIONES%202009/2468.pdf HTTP/1.0" 200 417680
156.59.198.135 - - [27/Dec/2023:01:13:19 -0500] "GET /BLA/resoluciones/RESOLUCIONES%202009/3979.pdf HTTP/1.0" 200 506513
201.245.192.253 - - [27/Dec/2023:01:13:30 -0500] "POST /forms/lservlet;jsessionid=ac16012b30d6ac84fb743cb8490d9168fad49a174d06.e3iSbxaKaheRe34Qc38TbN0Nb41ynknvrkLOlQzNp65In0 HTTP/1.1" 200 2
201.245.192.253 - - [27/Dec/2023:01:13:35 -0500] "POST /forms/lservlet;jsessionid=ac16012b30d608a3c74dabe741288258ac4c4de7c868.e3iSbxaKaheRe34Qc38TbN0Nb41ynknvrkLOlQzNp65In0 HTTP/1.1" 200 2
156.59.198.135 - - [27/Dec/2023:01:13:44 -0500] "GET /BLA/resoluciones/RESOLUCIONES%202009/3526.pdf HTTP/1.0" 200 552271
172.22.2.4 - - [27/Dec/2023:01:12:19 -0500] "HEAD /BLA/boletinlegal/ HTTP/1.1" 200 -
173.252.79.7 - - [27/Dec/2023:01:14:04 -0500] "GET /images/reconocimiento%20practicas%20ambientales.jpg HTTP/1.1" 200 63397
156.59.198.135 - - [27/Dec/2023:01:14:09 -0500] "GET /BLA/resoluciones/RESOLUCIONES%202009/4429.pdf HTTP/1.0" 200 351810
156.59.198.135 - - [27/Dec/2023:01:14:33 -0500] "GET /BLA/resoluciones/RESOLUCIONES%202009/3713.pdf HTTP/1.0" 200 189363
172.22.2.4 - - [27/Dec/2023:01:13:09 -0500] "GET /BLA/boletinlegal/ HTTP/1.1" 200 58567
156.59.198.136 - - [27/Dec/2023:01:14:58 -0500] "GET /BLA/resoluciones/RESOLUCIONES%202009/3712.pdf HTTP/1.0" 200 109490
216.245.221.92 - - [27/Dec/2023:01:15:13 -0500] "HEAD / HTTP/1.1" 200 -
156.59.198.136 - - [27/Dec/2023:01:15:23 -0500] "GET /BLA/resoluciones/RESOLUCIONES%202009/2323.pdf HTTP/1.0" 200 428671
201.245.192.253 - - [27/Dec/2023:01:15:30 -0500] "POST /forms/lservlet;jsessionid=ac16012b30d6ac84fb743cb8490d9168fad49a174d06.e3iSbxaKaheRe34Qc38TbN0Nb41ynknvrkLOlQzNp65In0 HTTP/1.1" 200 2
201.245.192.253 - - [27/Dec/2023:01:15:35 -0500] "POST /forms/lservlet;jsessionid=ac16012b30d608a3c74dabe741288258ac4c4de7c868.e3iSbxaKaheRe34Qc38TbN0Nb41ynknvrkLOlQzNp65In0 HTTP/1.1" 200 2
156.59.198.135 - - [27/Dec/2023:01:15:48 -0500] "GET /BLA/resoluciones/RESOLUCIONES%202009/2255.pdf HTTP/1.0" 200 524695
201.245.192.253 - - [27/Dec/2023:01:16:03 -0500] "POST /kwsrmcab/Wsrmcab HTTP/1.1" 200 36793
201.245.192.253 - - [27/Dec/2023:01:16:07 -0500] "POST /kwsrmcab/Wsrmcab HTTP/1.1" 200 36634
156.59.198.135 - - [27/Dec/2023:01:16:12 -0500] "GET /BLA/resoluciones/RESOLUCIONES%202009/3828.pdf HTTP/1.0" 200 748430
152.61.192.232 - - [27/Dec/2023:01:16:21 -0500] "GET / HTTP/1.1" 200 319
156.59.198.135 - - [27/Dec/2023:01:16:37 -0500] "GET /BLA/resoluciones/RESOLUCIONES%202009/2503.pdf HTTP/1.0" 200 420574
201.245.192.253 - - [27/Dec/2023:01:16:39 -0500] "POST /kwsrmcab/Wsrmcab  HTTP/1.1" 200 36330
156.59.198.136 - - [27/Dec/2023:01:17:02 -0500] "GET /BLA/resoluciones/RESOLUCIONES%202009/3101.pdf HTTP/1.0" 200 475699
156.59.198.136 - - [27/Dec/2023:01:17:26 -0500] "GET /BLA/resoluciones/RESOLUCIONES%202009/3659.pdf HTTP/1.0" 200 147444
201.245.192.253 - - [27/Dec/2023:01:17:30 -0500] "POST /forms/lservlet;jsessionid=ac16012b30d6ac84fb743cb8490d9168fad49a174d06.e3iSbxaKaheRe34Qc38TbN0Nb41ynknvrkLOlQzNp65In0 HTTP/1.1" 200 2
201.245.192.253 - - [27/Dec/2023:01:17:35 -0500] "POST /forms/lservlet;jsessionid=ac16012b30d608a3c74dabe741288258ac4c4de7c868.e3iSbxaKaheRe34Qc38TbN0Nb41ynknvrkLOlQzNp65In0 HTTP/1.1" 200 2
156.59.198.136 - - [27/Dec/2023:01:17:50 -0500] "GET /BLA/resoluciones/RESOLUCIONES%202009/3349.pdf HTTP/1.0" 200 549077
156.59.198.135 - - [27/Dec/2023:01:18:14 -0500] "GET /BLA/resoluciones/RESOLUCIONES%202009/2889.pdf HTTP/1.0" 200 378711
156.59.198.135 - - [27/Dec/2023:01:18:39 -0500] "GET /BLA/resoluciones/RESOLUCIONES%202009/3531.pdf HTTP/1.0" 200 649027
156.59.198.136 - - [27/Dec/2023:01:19:02 -0500] "GET /BLA/resoluciones/RESOLUCIONES%202009/2868.pdf HTTP/1.0" 200 419478
156.59.198.135 - - [27/Dec/2023:01:19:27 -0500] "GET /BLA/resoluciones/RESOLUCIONES%202009/2414.pdf HTTP/1.0" 200 333132
201.245.192.253 - - [27/Dec/2023:01:19:30 -0500] "POST /forms/lservlet;jsessionid=ac16012b30d6ac84fb743cb8490d9168fad49a174d06.e3iSbxaKaheRe34Qc38TbN0Nb41ynknvrkLOlQzNp65In0 HTTP/1.1" 200 2
201.245.192.253 - - [27/Dec/2023:01:19:35 -0500] "POST /forms/lservlet;jsessionid=ac16012b30d608a3c74dabe741288258ac4c4de7c868.e3iSbxaKaheRe34Qc38TbN0Nb41ynknvrkLOlQzNp65In0 HTTP/1.1" 200 2
172.22.2.4 - - [27/Dec/2023:01:18:09 -0500] "HEAD /BLA/boletinlegal/ HTTP/1.1" 200 -
156.59.198.135 - - [27/Dec/2023:01:19:51 -0500] "GET /BLA/resoluciones/RESOLUCIONES%202009/4386.pdf HTTP/1.0" 200 736038
201.245.192.253 - - [27/Dec/2023:01:20:05 -0500] "POST /kwsrmcab/Wsrmcab HTTP/1.1" 200 36793
216.245.221.92 - - [27/Dec/2023:01:20:13 -0500] "HEAD / HTTP/1.1" 200 -
201.245.192.253 - - [27/Dec/2023:01:20:11 -0500] "POST /kwsrmcab/Wsrmcab HTTP/1.1" 200 36634
156.59.198.136 - - [27/Dec/2023:01:20:16 -0500] "GET /BLA/resoluciones/RESOLUCIONES%202009/2333.pdf HTTP/1.0" 200 564658
172.22.2.4 - - [27/Dec/2023:01:18:59 -0500] "GET /BLA/boletinlegal/ HTTP/1.1" 200 58172
156.59.198.135 - - [27/Dec/2023:01:20:40 -0500] "GET /BLA/resoluciones/RESOLUCIONES%202009/3702.pdf HTTP/1.0" 200 53476
156.59.198.135 - - [27/Dec/2023:01:21:04 -0500] "GET /BLA/resoluciones/RESOLUCIONES%202009/4149.pdf HTTP/1.0" 200 773398
156.59.198.135 - - [27/Dec/2023:01:21:28 -0500] "GET /BLA/resoluciones/RESOLUCIONES%202009/3009.pdf HTTP/1.0" 200 613164
201.245.192.253 - - [27/Dec/2023:01:21:31 -0500] "POST /forms/lservlet;jsessionid=ac16012b30d6ac84fb743cb8490d9168fad49a174d06.e3iSbxaKaheRe34Qc38TbN0Nb41ynknvrkLOlQzNp65In0 HTTP/1.1" 200 2
201.245.192.253 - - [27/Dec/2023:01:21:35 -0500] "POST /forms/lservlet;jsessionid=ac16012b30d608a3c74dabe741288258ac4c4de7c868.e3iSbxaKaheRe34Qc38TbN0Nb41ynknvrkLOlQzNp65In0 HTTP/1.1" 200 2
201.245.192.253 - - [27/Dec/2023:01:21:37 -0500] "POST /kwsrmcab/Wsrmcab  HTTP/1.1" 200 36330
66.249.66.19 - - [27/Dec/2023:01:21:53 -0500] "GET /BLA/resoluciones/RESOLUCIONES%202009/4053.pdf HTTP/1.1" 200 717496
156.59.198.135 - - [27/Dec/2023:01:21:53 -0500] "GET /BLA/resoluciones/RESOLUCIONES%202009/4148.pdf HTTP/1.0" 200 649982
156.59.198.136 - - [27/Dec/2023:01:22:19 -0500] "GET /BLA/resoluciones/RESOLUCIONES%202009/3175.pdf HTTP/1.0" 200 244557
156.59.198.135 - - [27/Dec/2023:01:22:43 -0500] "GET /BLA/resoluciones/RESOLUCIONES%202009/4177.pdf HTTP/1.0" 200 52390
156.59.198.135 - - [27/Dec/2023:01:23:08 -0500] "GET /BLA/resoluciones/RESOLUCIONES%202009/3596.pdf HTTP/1.0" 200 132124
201.245.192.253 - - [27/Dec/2023:01:23:31 -0500] "POST /forms/lservlet;jsessionid=ac16012b30d6ac84fb743cb8490d9168fad49a174d06.e3iSbxaKaheRe34Qc38TbN0Nb41ynknvrkLOlQzNp65In0 HTTP/1.1" 200 2
156.59.198.135 - - [27/Dec/2023:01:23:32 -0500] "GET /BLA/resoluciones/RESOLUCIONES%202009/3286.pdf HTTP/1.0" 200 644557
201.245.192.253 - - [27/Dec/2023:01:23:35 -0500] "POST /forms/lservlet;jsessionid=ac16012b30d608a3c74dabe741288258ac4c4de7c868.e3iSbxaKaheRe34Qc38TbN0Nb41ynknvrkLOlQzNp65In0 HTTP/1.1" 200 2
156.59.198.135 - - [27/Dec/2023:01:23:57 -0500] "GET /BLA/resoluciones/RESOLUCIONES%202009/2937.pdf HTTP/1.0" 200 541541
156.59.198.135 - - [27/Dec/2023:01:24:20 -0500] "GET /BLA/resoluciones/RESOLUCIONES%202009/2142.pdf HTTP/1.0" 200 475015
156.59.198.135 - - [27/Dec/2023:01:24:45 -0500] "GET /BLA/resoluciones/RESOLUCIONES%202009/4202.pdf HTTP/1.0" 200 1383067
156.59.198.135 - - [27/Dec/2023:01:25:08 -0500] "GET /BLA/resoluciones/RESOLUCIONES%202009/4401.pdf HTTP/1.0" 200 526053
66.249.66.21 - - [27/Dec/2023:01:25:10 -0500] "GET /BLA/resoluciones/RESOLUCIONES%202008/3722.pdf HTTP/1.1" 200 408764
216.245.221.92 - - [27/Dec/2023:01:25:13 -0500] "HEAD / HTTP/1.1" 200 -
201.245.192.253 - - [27/Dec/2023:01:25:31 -0500] "POST /forms/lservlet;jsessionid=ac16012b30d6ac84fb743cb8490d9168fad49a174d06.e3iSbxaKaheRe34Qc38TbN0Nb41ynknvrkLOlQzNp65In0 HTTP/1.1" 200 2
156.59.198.136 - - [27/Dec/2023:01:25:34 -0500] "GET /BLA/resoluciones/RESOLUCIONES%202009/2802.pdf HTTP/1.0" 200 602937
201.245.192.253 - - [27/Dec/2023:01:25:35 -0500] "POST /forms/lservlet;jsessionid=ac16012b30d608a3c74dabe741288258ac4c4de7c868.e3iSbxaKaheRe34Qc38TbN0Nb41ynknvrkLOlQzNp65In0 HTTP/1.1" 200 2
172.22.2.4 - - [27/Dec/2023:01:23:59 -0500] "HEAD /BLA/boletinlegal/ HTTP/1.1" 200 -
156.59.198.135 - - [27/Dec/2023:01:25:57 -0500] "GET /BLA/resoluciones/RESOLUCIONES%202009/3393.pdf HTTP/1.0" 200 473919
