156.59.198.136 - - [27/Dec/2023:11:06:23 -0500] "GET /BLA/resoluciones/RESOLUCIONES%202009/1388.pdf HTTP/1.0" 200 1034709
216.245.221.92 - - [27/Dec/2023:11:06:45 -0500] "HEAD / HTTP/1.1" 200 -
156.59.198.135 - - [27/Dec/2023:11:06:48 -0500] "GET /BLA/resoluciones/RESOLUCIONES%202018/3405.pdf HTTP/1.0" 200 274168
156.59.198.135 - - [27/Dec/2023:11:07:13 -0500] "GET /BLA/resoluciones/RESOLUCIONES%202008/4086.pdf HTTP/1.0" 200 340175
201.245.192.253 - - [27/Dec/2023:11:07:34 -0500] "POST /forms/lservlet;jsessionid=ac16012b30d6ac84fb743cb8490d9168fad49a174d06.e3iSbxaKaheRe34Qc38TbN0Nb41ynknvrkLOlQzNp65In0 HTTP/1.1" 200 2
156.59.198.135 - - [27/Dec/2023:11:07:36 -0500] "GET /BLA/resoluciones/RESOLUCIONES%202008/4400.pdf HTTP/1.0" 200 612095
201.245.192.253 - - [27/Dec/2023:11:07:37 -0500] "POST /forms/lservlet;jsessionid=ac16012b30d608a3c74dabe741288258ac4c4de7c868.e3iSbxaKaheRe34Qc38TbN0Nb41ynknvrkLOlQzNp65In0 HTTP/1.1" 200 2
190.71.156.2 - - [27/Dec/2023:11:07:56 -0500] "GET /sipse/faces/faces/autenticacion.xhtml HTTP/1.1" 200 12420
190.71.156.2 - - [27/Dec/2023:11:07:57 -0500] "GET /sipse/faces/javax.faces.resource/theme.css?ln=primefaces-sipse HTTP/1.1" 304 -
190.71.156.2 - - [27/Dec/2023:11:07:57 -0500] "GET /sipse/faces/javax.faces.resource/primefaces.js?ln=primefaces&v=4.0 HTTP/1.1" 304 -
190.71.156.2 - - [27/Dec/2023:11:07:57 -0500] "GET /sipse/faces/javax.faces.resource/primefaces.css?ln=primefaces&v=4.0 HTTP/1.1" 304 -
190.71.156.2 - - [27/Dec/2023:11:07:57 -0500] "GET /sipse/faces/javax.faces.resource/jquery/jquery.js?ln=primefaces&v=4.0 HTTP/1.1" 304 -
190.71.156.2 - - [27/Dec/2023:11:07:57 -0500] "GET /sipse/faces/javax.faces.resource/layout/layout.css?ln=primefaces&v=4.0 HTTP/1.1" 304 -
190.71.156.2 - - [27/Dec/2023:11:07:57 -0500] "GET /sipse/faces/javax.faces.resource/layout/layout.js?ln=primefaces&v=4.0 HTTP/1.1" 304 -
190.71.156.2 - - [27/Dec/2023:11:07:57 -0500] "GET /sipse/faces/javax.faces.resource/jquery/jquery-plugins.js?ln=primefaces&v=4.0 HTTP/1.1" 304 -
190.71.156.2 - - [27/Dec/2023:11:07:57 -0500] "GET /sipse/faces/javax.faces.resource/images/ui-icons_898989_256x240.png?ln=primefaces-aristo HTTP/1.1" 200 5355
190.71.156.2 - - [27/Dec/2023:11:07:57 -0500] "GET /favicon.ico HTTP/1.1" 200 7782
190.71.156.2 - - [27/Dec/2023:11:07:57 -0500] "GET /sipse/faces/faces/index.xhtml HTTP/1.1" 200 677
190.71.156.2 - - [27/Dec/2023:11:07:57 -0500] "GET /sipse/faces/javax.faces.resource/theme.css?ln=primefaces-sipse HTTP/1.1" 304 -
190.71.156.2 - - [27/Dec/2023:11:07:57 -0500] "GET /sipse/faces/faces/faces/autenticacion.xhtml HTTP/1.1" 200 12420
190.71.156.2 - - [27/Dec/2023:11:07:58 -0500] "GET /sipse/faces/javax.faces.resource/jquery/jquery.js?ln=primefaces&v=4.0 HTTP/1.1" 304 -
190.71.156.2 - - [27/Dec/2023:11:07:58 -0500] "GET /sipse/faces/javax.faces.resource/theme.css?ln=primefaces-sipse HTTP/1.1" 304 -
190.71.156.2 - - [27/Dec/2023:11:07:58 -0500] "GET /sipse/faces/javax.faces.resource/layout/layout.css?ln=primefaces&v=4.0 HTTP/1.1" 304 -
190.71.156.2 - - [27/Dec/2023:11:07:58 -0500] "GET /sipse/faces/javax.faces.resource/primefaces.css?ln=primefaces&v=4.0 HTTP/1.1" 304 -
190.71.156.2 - - [27/Dec/2023:11:07:58 -0500] "GET /sipse/faces/javax.faces.resource/jquery/jquery-plugins.js?ln=primefaces&v=4.0 HTTP/1.1" 304 -
190.71.156.2 - - [27/Dec/2023:11:07:58 -0500] "GET /sipse/faces/javax.faces.resource/primefaces.js?ln=primefaces&v=4.0 HTTP/1.1" 304 -
190.71.156.2 - - [27/Dec/2023:11:07:58 -0500] "GET /sipse/faces/javax.faces.resource/layout/layout.js?ln=primefaces&v=4.0 HTTP/1.1" 304 -
190.71.156.2 - - [27/Dec/2023:11:07:58 -0500] "GET /favicon.ico HTTP/1.1" 200 7782
190.71.156.2 - - [27/Dec/2023:11:07:58 -0500] "GET /sipse/faces/javax.faces.resource/images/ui-icons_898989_256x240.png?ln=primefaces-aristo HTTP/1.1" 200 5355
190.71.156.2 - - [27/Dec/2023:11:08:00 -0500] "POST /sipse/faces/autenticacion.xhtml HTTP/1.1" 200 2221
190.71.156.2 - - [27/Dec/2023:11:08:01 -0500] "GET /sipse/faces/javax.faces.resource/messages/messages.png?ln=primefaces&v=4.0 HTTP/1.1" 304 -
156.59.198.135 - - [27/Dec/2023:11:08:01 -0500] "GET /BLA/resoluciones/RESOLUCIONES%202009/1397.pdf HTTP/1.0" 200 4816691
190.71.156.2 - - [27/Dec/2023:11:08:02 -0500] "POST /sipse/faces/autenticacion.xhtml HTTP/1.1" 200 16500
190.71.156.2 - - [27/Dec/2023:11:08:03 -0500] "GET /sipse/faces/javax.faces.resource/jquery/jquery.js?ln=primefaces&v=4.0 HTTP/1.1" 304 -
190.71.156.2 - - [27/Dec/2023:11:08:03 -0500] "GET /sipse/faces/javax.faces.resource/jquery/jquery-plugins.js?ln=primefaces&v=4.0 HTTP/1.1" 304 -
190.71.156.2 - - [27/Dec/2023:11:08:03 -0500] "GET /sipse/faces/javax.faces.resource/primefaces.js?ln=primefaces&v=4.0 HTTP/1.1" 304 -
190.71.156.2 - - [27/Dec/2023:11:08:03 -0500] "GET /sipse/faces/javax.faces.resource/layout/layout.js?ln=primefaces&v=4.0 HTTP/1.1" 304 -
190.71.156.2 - - [27/Dec/2023:11:08:05 -0500] "GET /sipse/faces/javax.faces.resource/images/ui-bg_flat_0_2d5972_40x100.png?ln=primefaces-aristo HTTP/1.1" 304 -
190.71.156.2 - - [27/Dec/2023:11:08:05 -0500] "POST /sipse/faces/bienvenido.xhtml HTTP/1.1" 200 2658
190.71.156.2 - - [27/Dec/2023:11:08:06 -0500] "POST /sipse/faces/bienvenido.xhtml HTTP/1.1" 200 63495
190.71.156.2 - - [27/Dec/2023:11:08:09 -0500] "GET /sipse/faces/javax.faces.resource/jquery/jquery.js?ln=primefaces&v=4.0 HTTP/1.1" 304 -
190.71.156.2 - - [27/Dec/2023:11:08:09 -0500] "GET /sipse/faces/javax.faces.resource/jquery/jquery-plugins.js?ln=primefaces&v=4.0 HTTP/1.1" 304 -
190.71.156.2 - - [27/Dec/2023:11:08:09 -0500] "GET /sipse/faces/javax.faces.resource/primefaces.js?ln=primefaces&v=4.0 HTTP/1.1" 304 -
190.71.156.2 - - [27/Dec/2023:11:08:09 -0500] "GET /sipse/faces/javax.faces.resource/layout/layout.js?ln=primefaces&v=4.0 HTTP/1.1" 304 -
190.71.156.2 - - [27/Dec/2023:11:08:09 -0500] "POST /sipse/faces/presentacion/financiero/solicitudProceso/listarSolicitudProceso.xhtml HTTP/1.1" 200 1564
190.71.156.2 - - [27/Dec/2023:11:08:13 -0500] "POST /sipse/faces/presentacion/financiero/solicitudProceso/listarSolicitudProceso.xhtml HTTP/1.1" 200 31797
192.168.172.47 - - [27/Dec/2023:11:08:23 -0500] "GET /BLA/boletinlegal/consulta_actos.php?tipo=autos&no=2528&usuario=&sector=&fecha=2023&resuelve= HTTP/1.1" 200 1070
156.59.198.135 - - [27/Dec/2023:11:08:25 -0500] "GET /BLA/resoluciones/RESOLUCIONES%202008/3055.pdf HTTP/1.0" 200 432609
190.71.156.2 - - [27/Dec/2023:11:08:21 -0500] "POST /sipse/faces/presentacion/financiero/solicitudProceso/listarSolicitudProceso.xhtml HTTP/1.1" 200 108960
190.71.156.2 - - [27/Dec/2023:11:08:32 -0500] "GET /sipse/faces/javax.faces.resource/jquery/jquery.js?ln=primefaces&v=4.0 HTTP/1.1" 304 -
190.71.156.2 - - [27/Dec/2023:11:08:32 -0500] "GET /sipse/faces/javax.faces.resource/jquery/jquery-plugins.js?ln=primefaces&v=4.0 HTTP/1.1" 304 -
190.71.156.2 - - [27/Dec/2023:11:08:32 -0500] "GET /sipse/faces/javax.faces.resource/primefaces.js?ln=primefaces&v=4.0 HTTP/1.1" 304 -
190.71.156.2 - - [27/Dec/2023:11:08:32 -0500] "GET /sipse/faces/javax.faces.resource/layout/layout.js?ln=primefaces&v=4.0 HTTP/1.1" 304 -
190.71.156.2 - - [27/Dec/2023:11:08:32 -0500] "GET /sipse/faces/javax.faces.resource/dynamiccontent.properties?ln=primefaces&pfdrid=XjOR5%2F%2FfPAZAuY9TpWQeCiM0BhlXxYRBGKi%2FQcXXfeA%3D&pfdrid_c=false HTTP/1.1" 500 383
201.245.192.253 - - [27/Dec/2023:11:08:37 -0500] "GET /BLA/resoluciones/AUTOS%202023/2528.pdf HTTP/1.1" 200 817527
190.71.156.2 - - [27/Dec/2023:11:08:36 -0500] "POST /sipse/faces/presentacion/financiero/solicitudProceso/consultarSolicitudProceso.xhtml HTTP/1.1" 200 21234
190.71.156.2 - - [27/Dec/2023:11:08:37 -0500] "GET /sipse/faces/javax.faces.resource/theme.css?ln=primefaces-sipse HTTP/1.1" 304 -
190.71.156.2 - - [27/Dec/2023:11:08:37 -0500] "GET /sipse/faces/javax.faces.resource/layout/layout.js?ln=primefaces&v=4.0 HTTP/1.1" 304 -
190.71.156.2 - - [27/Dec/2023:11:08:37 -0500] "GET /sipse/faces/javax.faces.resource/jquery/jquery.js?ln=primefaces&v=4.0 HTTP/1.1" 304 -
190.71.156.2 - - [27/Dec/2023:11:08:37 -0500] "GET /sipse/faces/javax.faces.resource/jquery/jquery-plugins.js?ln=primefaces&v=4.0 HTTP/1.1" 304 -
190.71.156.2 - - [27/Dec/2023:11:08:37 -0500] "GET /sipse/faces/javax.faces.resource/primefaces.js?ln=primefaces&v=4.0 HTTP/1.1" 304 -
190.71.156.2 - - [27/Dec/2023:11:08:37 -0500] "GET /sipse/faces/javax.faces.resource/primefaces.css?ln=primefaces&v=4.0 HTTP/1.1" 304 -
190.71.156.2 - - [27/Dec/2023:11:08:37 -0500] "GET /sipse/faces/javax.faces.resource/layout/layout.css?ln=primefaces&v=4.0 HTTP/1.1" 304 -
190.71.156.2 - - [27/Dec/2023:11:08:37 -0500] "GET /sipse/faces/javax.faces.resource/fileupload/fileupload.css?ln=primefaces&v=4.0 HTTP/1.1" 304 -
190.71.156.2 - - [27/Dec/2023:11:08:37 -0500] "GET /sipse/faces/javax.faces.resource/fileupload/fileupload.js?ln=primefaces&v=4.0 HTTP/1.1" 304 -
190.71.156.2 - - [27/Dec/2023:11:08:37 -0500] "GET /sipse/faces/javax.faces.resource/images/ui-icons_898989_256x240.png?ln=primefaces-aristo HTTP/1.1" 200 5355
190.71.156.2 - - [27/Dec/2023:11:08:37 -0500] "GET /favicon.ico HTTP/1.1" 200 7782
192.168.172.47 - - [27/Dec/2023:11:08:46 -0500] "GET /BLA/boletinlegal/consulta_actos.php?tipo=resoluciones&no=2528&usuario=&sector=&fecha=2023&resuelve= HTTP/1.1" 200 626
156.59.198.135 - - [27/Dec/2023:11:08:49 -0500] "GET /BLA/resoluciones/RESOLUCIONES%202007/RES%202007%202301%20AL%202400/RESOLUCION%202400%20DE%202007.pdf HTTP/1.0" 200 3422475
18.171.192.160 - - [27/Dec/2023:11:08:53 -0500] "\x16\x03\x01" 400 226
190.71.156.2 - - [27/Dec/2023:11:08:55 -0500] "POST /sipse/faces/presentacion/sistema/anexos/cargarAnexoSolicitudProceso.xhtml HTTP/1.1" 200 156104
190.71.156.2 - - [27/Dec/2023:11:08:59 -0500] "GET /sipse/faces/javax.faces.resource/theme.css?ln=primefaces-sipse HTTP/1.1" 304 -
190.71.156.2 - - [27/Dec/2023:11:08:59 -0500] "GET /sipse/faces/javax.faces.resource/primefaces.css?ln=primefaces&v=4.0 HTTP/1.1" 304 -
190.71.156.2 - - [27/Dec/2023:11:08:59 -0500] "GET /sipse/faces/javax.faces.resource/layout/layout.css?ln=primefaces&v=4.0 HTTP/1.1" 304 -
190.71.156.2 - - [27/Dec/2023:11:08:59 -0500] "GET /sipse/faces/javax.faces.resource/jquery/jquery.js?ln=primefaces&v=4.0 HTTP/1.1" 304 -
190.71.156.2 - - [27/Dec/2023:11:08:59 -0500] "GET /sipse/faces/javax.faces.resource/primefaces.js?ln=primefaces&v=4.0 HTTP/1.1" 304 -
190.71.156.2 - - [27/Dec/2023:11:08:59 -0500] "GET /sipse/faces/javax.faces.resource/jquery/jquery-plugins.js?ln=primefaces&v=4.0 HTTP/1.1" 304 -
190.71.156.2 - - [27/Dec/2023:11:08:59 -0500] "GET /sipse/faces/javax.faces.resource/layout/layout.js?ln=primefaces&v=4.0 HTTP/1.1" 304 -
190.71.156.2 - - [27/Dec/2023:11:08:59 -0500] "GET /sipse/faces/javax.faces.resource/images/ui-icons_898989_256x240.png?ln=primefaces-aristo HTTP/1.1" 304 -
190.71.156.2 - - [27/Dec/2023:11:08:59 -0500] "GET /sipse/faces/javax.faces.resource/dynamiccontent.properties?ln=primefaces&pfdrid=XjOR5%2F%2FfPAZAuY9TpWQeCiM0BhlXxYRBGKi%2FQcXXfeA%3D&pfdrid_c=false HTTP/1.1" 500 383
201.245.192.253 - - [27/Dec/2023:11:09:06 -0500] "POST /sipse/faces/presentacion/contratacion/contrato/consultarContrato.xhtml HTTP/1.1" 200 6115
190.71.156.2 - - [27/Dec/2023:11:09:07 -0500] "GET /sipse/faces/javax.faces.resource/images/ui-bg_flat_0_2d5972_40x100.png?ln=primefaces-aristo HTTP/1.1" 304 -
201.245.192.253 - - [27/Dec/2023:11:09:07 -0500] "POST /sipse/faces/presentacion/contratacion/contrato/consultarContrato.xhtml HTTP/1.1" 200 45097
201.245.192.253 - - [27/Dec/2023:11:09:09 -0500] "GET /sipse/faces/javax.faces.resource/jquery/jquery.js?ln=primefaces&v=4.0 HTTP/1.1" 304 -
201.245.192.253 - - [27/Dec/2023:11:09:09 -0500] "GET /sipse/faces/javax.faces.resource/jquery/jquery-plugins.js?ln=primefaces&v=4.0 HTTP/1.1" 304 -
201.245.192.253 - - [27/Dec/2023:11:09:09 -0500] "GET /sipse/faces/javax.faces.resource/primefaces.js?ln=primefaces&v=4.0 HTTP/1.1" 304 -
201.245.192.253 - - [27/Dec/2023:11:09:09 -0500] "GET /sipse/faces/javax.faces.resource/layout/layout.js?ln=primefaces&v=4.0 HTTP/1.1" 304 -
201.245.192.253 - - [27/Dec/2023:11:09:09 -0500] "POST /sipse/faces/presentacion/financiero/solicitudProceso/consultar.xhtml HTTP/1.1" 200 38389
201.245.192.253 - - [27/Dec/2023:11:09:10 -0500] "POST /sipse/faces/presentacion/financiero/solicitudProceso/consultar.xhtml HTTP/1.1" 200 38389
190.71.156.2 - - [27/Dec/2023:11:09:07 -0500] "POST /sipse/faces/presentacion/financiero/solicitudProceso/consultarSolicitudProceso.xhtml HTTP/1.1" 200 63869
190.71.156.2 - - [27/Dec/2023:11:09:12 -0500] "GET /sipse/faces/javax.faces.resource/jquery/jquery.js?ln=primefaces&v=4.0 HTTP/1.1" 304 -
190.71.156.2 - - [27/Dec/2023:11:09:12 -0500] "GET /sipse/faces/javax.faces.resource/jquery/jquery-plugins.js?ln=primefaces&v=4.0 HTTP/1.1" 304 -
190.71.156.2 - - [27/Dec/2023:11:09:12 -0500] "GET /sipse/faces/javax.faces.resource/primefaces.js?ln=primefaces&v=4.0 HTTP/1.1" 304 -
190.71.156.2 - - [27/Dec/2023:11:09:12 -0500] "GET /sipse/faces/javax.faces.resource/layout/layout.js?ln=primefaces&v=4.0 HTTP/1.1" 304 -
201.245.192.253 - - [27/Dec/2023:11:09:11 -0500] "POST /sipse/faces/presentacion/financiero/solicitudProceso/consultar.xhtml HTTP/1.1" 200 38389
190.71.156.2 - - [27/Dec/2023:11:09:13 -0500] "GET /sipse/faces/javax.faces.resource/messages/messages.png?ln=primefaces&v=4.0 HTTP/1.1" 304 -
156.59.198.135 - - [27/Dec/2023:11:09:13 -0500] "GET /BLA/resoluciones/RESOLUCIONES%202018/3718.pdf HTTP/1.0" 200 275430
201.245.192.253 - - [27/Dec/2023:11:09:13 -0500] "POST /sipse/faces/presentacion/financiero/solicitudProceso/consultar.xhtml HTTP/1.1" 200 38389
190.71.156.2 - - [27/Dec/2023:11:09:13 -0500] "POST /sipse/faces/presentacion/financiero/solicitudProceso/listarSolicitudProceso.xhtml HTTP/1.1" 200 1564
201.245.192.253 - - [27/Dec/2023:11:09:16 -0500] "POST /sipse/faces/presentacion/financiero/solicitudProceso/consultar.xhtml HTTP/1.1" 200 12775
190.71.156.2 - - [27/Dec/2023:11:09:17 -0500] "POST /sipse/faces/presentacion/financiero/solicitudProceso/listarSolicitudProceso.xhtml HTTP/1.1" 200 31785
201.245.192.253 - - [27/Dec/2023:11:09:20 -0500] "POST /sipse/faces/presentacion/financiero/solicitudProceso/consultar.xhtml HTTP/1.1" 200 124427
201.245.192.253 - - [27/Dec/2023:11:09:33 -0500] "GET /sipse/faces/javax.faces.resource/jquery/jquery.js?ln=primefaces&v=4.0 HTTP/1.1" 304 -
201.245.192.253 - - [27/Dec/2023:11:09:33 -0500] "GET /sipse/faces/javax.faces.resource/jquery/jquery-plugins.js?ln=primefaces&v=4.0 HTTP/1.1" 304 -
201.245.192.253 - - [27/Dec/2023:11:09:33 -0500] "GET /sipse/faces/javax.faces.resource/primefaces.js?ln=primefaces&v=4.0 HTTP/1.1" 304 -
201.245.192.253 - - [27/Dec/2023:11:09:33 -0500] "GET /sipse/faces/javax.faces.resource/layout/layout.js?ln=primefaces&v=4.0 HTTP/1.1" 304 -
201.245.192.253 - - [27/Dec/2023:11:09:33 -0500] "GET /sipse/faces/javax.faces.resource/dynamiccontent.properties?ln=primefaces&pfdrid=XjOR5%2F%2FfPAZAuY9TpWQeCiM0BhlXxYRBGKi%2FQcXXfeA%3D&pfdrid_c=false HTTP/1.1" 500 383
201.245.192.253 - - [27/Dec/2023:11:09:34 -0500] "POST /forms/lservlet;jsessionid=ac16012b30d6ac84fb743cb8490d9168fad49a174d06.e3iSbxaKaheRe34Qc38TbN0Nb41ynknvrkLOlQzNp65In0 HTTP/1.1" 200 2
190.71.156.2 - - [27/Dec/2023:11:09:22 -0500] "POST /sipse/faces/presentacion/financiero/solicitudProceso/listarSolicitudProceso.xhtml HTTP/1.1" 200 108021
190.71.156.2 - - [27/Dec/2023:11:09:35 -0500] "GET /sipse/faces/javax.faces.resource/jquery/jquery.js?ln=primefaces&v=4.0 HTTP/1.1" 304 -
190.71.156.2 - - [27/Dec/2023:11:09:35 -0500] "GET /sipse/faces/javax.faces.resource/jquery/jquery-plugins.js?ln=primefaces&v=4.0 HTTP/1.1" 304 -
190.71.156.2 - - [27/Dec/2023:11:09:35 -0500] "GET /sipse/faces/javax.faces.resource/primefaces.js?ln=primefaces&v=4.0 HTTP/1.1" 304 -
190.71.156.2 - - [27/Dec/2023:11:09:35 -0500] "GET /sipse/faces/javax.faces.resource/layout/layout.js?ln=primefaces&v=4.0 HTTP/1.1" 304 -
190.71.156.2 - - [27/Dec/2023:11:09:35 -0500] "GET /sipse/faces/javax.faces.resource/dynamiccontent.properties?ln=primefaces&pfdrid=XjOR5%2F%2FfPAZAuY9TpWQeCiM0BhlXxYRBGKi%2FQcXXfeA%3D&pfdrid_c=false HTTP/1.1" 500 383
172.22.2.4 - - [27/Dec/2023:11:07:56 -0500] "HEAD /BLA/boletinlegal/ HTTP/1.1" 200 -
201.245.192.253 - - [27/Dec/2023:11:09:37 -0500] "POST /forms/lservlet;jsessionid=ac16012b30d608a3c74dabe741288258ac4c4de7c868.e3iSbxaKaheRe34Qc38TbN0Nb41ynknvrkLOlQzNp65In0 HTTP/1.1" 200 2
156.59.198.136 - - [27/Dec/2023:11:09:39 -0500] "GET /BLA/resoluciones/RESOLUCIONES%202009/2210.pdf HTTP/1.0" 200 619151
190.71.156.2 - - [27/Dec/2023:11:09:42 -0500] "POST /sipse/faces/presentacion/financiero/solicitudProceso/consultarSolicitudProceso.xhtml HTTP/1.1" 200 21234
190.71.156.2 - - [27/Dec/2023:11:09:43 -0500] "GET /sipse/faces/javax.faces.resource/primefaces.css?ln=primefaces&v=4.0 HTTP/1.1" 304 -
190.71.156.2 - - [27/Dec/2023:11:09:43 -0500] "GET /sipse/faces/javax.faces.resource/theme.css?ln=primefaces-sipse HTTP/1.1" 304 -
190.71.156.2 - - [27/Dec/2023:11:09:43 -0500] "GET /sipse/faces/javax.faces.resource/primefaces.js?ln=primefaces&v=4.0 HTTP/1.1" 304 -
190.71.156.2 - - [27/Dec/2023:11:09:43 -0500] "GET /sipse/faces/javax.faces.resource/jquery/jquery.js?ln=primefaces&v=4.0 HTTP/1.1" 304 -
190.71.156.2 - - [27/Dec/2023:11:09:43 -0500] "GET /sipse/faces/javax.faces.resource/layout/layout.css?ln=primefaces&v=4.0 HTTP/1.1" 304 -
190.71.156.2 - - [27/Dec/2023:11:09:43 -0500] "GET /sipse/faces/javax.faces.resource/jquery/jquery-plugins.js?ln=primefaces&v=4.0 HTTP/1.1" 304 -
190.71.156.2 - - [27/Dec/2023:11:09:43 -0500] "GET /sipse/faces/javax.faces.resource/layout/layout.js?ln=primefaces&v=4.0 HTTP/1.1" 304 -
190.71.156.2 - - [27/Dec/2023:11:09:43 -0500] "GET /sipse/faces/javax.faces.resource/fileupload/fileupload.css?ln=primefaces&v=4.0 HTTP/1.1" 304 -
190.71.156.2 - - [27/Dec/2023:11:09:43 -0500] "GET /sipse/faces/javax.faces.resource/fileupload/fileupload.js?ln=primefaces&v=4.0 HTTP/1.1" 304 -
190.71.156.2 - - [27/Dec/2023:11:09:43 -0500] "GET /sipse/faces/javax.faces.resource/images/ui-icons_898989_256x240.png?ln=primefaces-aristo HTTP/1.1" 304 -
18.171.192.160 - - [27/Dec/2023:11:09:51 -0500] "GET /+CSCOE+/logon.html HTTP/1.1" 404 1018
191.156.51.194 - - [27/Dec/2023:11:09:57 -0500] "GET /BLA/resoluciones/RESOLUCIONES%202019/3093.pdf HTTP/1.1" 200 292489
191.156.51.255 - - [27/Dec/2023:11:09:57 -0500] "GET /favicon.ico HTTP/1.1" 200 7782
190.71.156.2 - - [27/Dec/2023:11:09:53 -0500] "POST /sipse/faces/presentacion/sistema/anexos/cargarAnexoSolicitudProceso.xhtml HTTP/1.1" 200 154781
190.71.156.2 - - [27/Dec/2023:11:09:58 -0500] "GET /sipse/faces/javax.faces.resource/theme.css?ln=primefaces-sipse HTTP/1.1" 304 -
190.71.156.2 - - [27/Dec/2023:11:09:58 -0500] "GET /sipse/faces/javax.faces.resource/primefaces.css?ln=primefaces&v=4.0 HTTP/1.1" 304 -
190.71.156.2 - - [27/Dec/2023:11:09:58 -0500] "GET /sipse/faces/javax.faces.resource/layout/layout.css?ln=primefaces&v=4.0 HTTP/1.1" 304 -
190.71.156.2 - - [27/Dec/2023:11:09:58 -0500] "GET /sipse/faces/javax.faces.resource/jquery/jquery-plugins.js?ln=primefaces&v=4.0 HTTP/1.1" 304 -
190.71.156.2 - - [27/Dec/2023:11:09:58 -0500] "GET /sipse/faces/javax.faces.resource/jquery/jquery.js?ln=primefaces&v=4.0 HTTP/1.1" 304 -
190.71.156.2 - - [27/Dec/2023:11:09:58 -0500] "GET /sipse/faces/javax.faces.resource/primefaces.js?ln=primefaces&v=4.0 HTTP/1.1" 304 -
190.71.156.2 - - [27/Dec/2023:11:09:58 -0500] "GET /sipse/faces/javax.faces.resource/layout/layout.js?ln=primefaces&v=4.0 HTTP/1.1" 304 -
190.71.156.2 - - [27/Dec/2023:11:09:58 -0500] "GET /sipse/faces/javax.faces.resource/images/ui-icons_898989_256x240.png?ln=primefaces-aristo HTTP/1.1" 304 -
190.71.156.2 - - [27/Dec/2023:11:09:58 -0500] "GET /sipse/faces/javax.faces.resource/dynamiccontent.properties?ln=primefaces&pfdrid=XjOR5%2F%2FfPAZAuY9TpWQeCiM0BhlXxYRBGKi%2FQcXXfeA%3D&pfdrid_c=false HTTP/1.1" 500 383
190.71.156.2 - - [27/Dec/2023:11:10:02 -0500] "GET /sipse/faces/javax.faces.resource/images/ui-bg_flat_0_2d5972_40x100.png?ln=primefaces-aristo HTTP/1.1" 304 -
156.59.198.136 - - [27/Dec/2023:11:10:03 -0500] "GET /BLA/resoluciones/RESOLUCIONES%202009/3938.pdf HTTP/1.0" 200 783472
191.95.16.107 - - [27/Dec/2023:11:10:05 -0500] "POST /sipse/faces/presentacion/financiero/solicitudProceso/consultar.xhtml HTTP/1.1" 200 184
191.95.16.107 - - [27/Dec/2023:11:10:05 -0500] "POST /sipse/faces/presentacion/financiero/solicitudProceso/consultar.xhtml HTTP/1.1" 200 184
191.95.16.107 - - [27/Dec/2023:11:10:05 -0500] "POST /sipse/faces/presentacion/financiero/solicitudProceso/consultar.xhtml HTTP/1.1" 200 184
191.95.16.107 - - [27/Dec/2023:11:10:05 -0500] "GET /sipse/faces/presentacion/financiero/solicitudAnulacion/solicitudAnulacion.xhtml HTTP/1.1" 200 16132
190.71.156.2 - - [27/Dec/2023:11:10:02 -0500] "POST /sipse/faces/presentacion/financiero/solicitudProceso/consultarSolicitudProceso.xhtml HTTP/1.1" 200 63561
190.71.156.2 - - [27/Dec/2023:11:10:06 -0500] "GET /sipse/faces/javax.faces.resource/jquery/jquery.js?ln=primefaces&v=4.0 HTTP/1.1" 304 -
191.95.16.107 - - [27/Dec/2023:11:10:05 -0500] "GET /sipse/faces/presentacion/financiero/solicitudAnulacion/solicitudAnulacion.xhtml HTTP/1.1" 200 16132
190.71.156.2 - - [27/Dec/2023:11:10:06 -0500] "GET /sipse/faces/javax.faces.resource/jquery/jquery-plugins.js?ln=primefaces&v=4.0 HTTP/1.1" 304 -
190.71.156.2 - - [27/Dec/2023:11:10:06 -0500] "GET /sipse/faces/javax.faces.resource/primefaces.js?ln=primefaces&v=4.0 HTTP/1.1" 304 -
190.71.156.2 - - [27/Dec/2023:11:10:06 -0500] "GET /sipse/faces/javax.faces.resource/layout/layout.js?ln=primefaces&v=4.0 HTTP/1.1" 304 -
191.95.16.107 - - [27/Dec/2023:11:10:06 -0500] "GET /sipse/faces/javax.faces.resource/theme.css?ln=primefaces-sipse HTTP/1.1" 304 -
190.71.156.2 - - [27/Dec/2023:11:10:06 -0500] "GET /sipse/faces/javax.faces.resource/messages/messages.png?ln=primefaces&v=4.0 HTTP/1.1" 304 -
191.95.16.107 - - [27/Dec/2023:11:10:06 -0500] "GET /sipse/faces/javax.faces.resource/primefaces.css?ln=primefaces&v=4.0 HTTP/1.1" 304 -
191.95.16.107 - - [27/Dec/2023:11:10:06 -0500] "GET /sipse/faces/javax.faces.resource/jquery/jquery-plugins.js?ln=primefaces&v=4.0 HTTP/1.1" 304 -
191.95.16.107 - - [27/Dec/2023:11:10:06 -0500] "GET /sipse/faces/javax.faces.resource/layout/layout.css?ln=primefaces&v=4.0 HTTP/1.1" 304 -
191.95.16.107 - - [27/Dec/2023:11:10:06 -0500] "GET /sipse/faces/javax.faces.resource/jquery/jquery.js?ln=primefaces&v=4.0 HTTP/1.1" 304 -
191.95.16.107 - - [27/Dec/2023:11:10:06 -0500] "GET /sipse/faces/javax.faces.resource/primefaces.js?ln=primefaces&v=4.0 HTTP/1.1" 304 -
191.95.16.107 - - [27/Dec/2023:11:10:05 -0500] "GET /sipse/faces/presentacion/financiero/solicitudAnulacion/solicitudAnulacion.xhtml HTTP/1.1" 200 36512
191.95.16.107 - - [27/Dec/2023:11:10:07 -0500] "GET /sipse/faces/javax.faces.resource/layout/layout.js?ln=primefaces&v=4.0 HTTP/1.1" 304 -
191.95.16.107 - - [27/Dec/2023:11:10:07 -0500] "GET /sipse/css/imagen/contrasena.png HTTP/1.1" 404 383
191.95.16.107 - - [27/Dec/2023:11:10:07 -0500] "GET /sipse/faces/javax.faces.resource/images/ui-bg_flat_0_2d5972_40x100.png?ln=primefaces-aristo HTTP/1.1" 304 -
191.95.16.107 - - [27/Dec/2023:11:10:07 -0500] "GET /sipse/faces/javax.faces.resource/images/ui-icons_898989_256x240.png?ln=primefaces-aristo HTTP/1.1" 304 -
190.71.156.2 - - [27/Dec/2023:11:10:06 -0500] "POST /sipse/faces/presentacion/financiero/solicitudProceso/listarSolicitudProceso.xhtml HTTP/1.1" 200 1564
191.95.16.107 - - [27/Dec/2023:11:10:07 -0500] "POST /sipse/faces/presentacion/financiero/solicitudAnulacion/solicitudAnulacion.xhtml HTTP/1.1" 200 14772
190.71.156.2 - - [27/Dec/2023:11:10:09 -0500] "POST /sipse/faces/presentacion/financiero/solicitudProceso/listarSolicitudProceso.xhtml HTTP/1.1" 200 56318
190.71.156.2 - - [27/Dec/2023:11:10:10 -0500] "POST /sipse/faces/presentacion/financiero/solicitudProceso/listarSolicitudProceso.xhtml HTTP/1.1" 200 56318
190.71.156.2 - - [27/Dec/2023:11:10:12 -0500] "POST /sipse/faces/presentacion/financiero/solicitudProceso/listarSolicitudProceso.xhtml HTTP/1.1" 200 1564
190.71.156.2 - - [27/Dec/2023:11:10:13 -0500] "POST /sipse/faces/presentacion/financiero/solicitudProceso/listarSolicitudProceso.xhtml HTTP/1.1" 200 1552
201.245.192.253 - - [27/Dec/2023:11:10:14 -0500] "POST /sipse/faces/presentacion/financiero/solicitudProceso/consultarSolicitudProceso.xhtml HTTP/1.1" 200 40210
201.245.192.253 - - [27/Dec/2023:11:10:18 -0500] "GET /sipse/faces/javax.faces.resource/theme.css?ln=primefaces-sipse HTTP/1.1" 304 -
201.245.192.253 - - [27/Dec/2023:11:10:18 -0500] "GET /sipse/faces/javax.faces.resource/primefaces.css?ln=primefaces&v=4.0 HTTP/1.1" 304 -
201.245.192.253 - - [27/Dec/2023:11:10:18 -0500] "GET /sipse/faces/javax.faces.resource/jquery/jquery.js?ln=primefaces&v=4.0 HTTP/1.1" 304 -
201.245.192.253 - - [27/Dec/2023:11:10:18 -0500] "GET /sipse/faces/javax.faces.resource/jquery/jquery-plugins.js?ln=primefaces&v=4.0 HTTP/1.1" 304 -
201.245.192.253 - - [27/Dec/2023:11:10:18 -0500] "GET /sipse/faces/javax.faces.resource/layout/layout.css?ln=primefaces&v=4.0 HTTP/1.1" 304 -
201.245.192.253 - - [27/Dec/2023:11:10:18 -0500] "GET /sipse/faces/javax.faces.resource/primefaces.js?ln=primefaces&v=4.0 HTTP/1.1" 304 -
201.245.192.253 - - [27/Dec/2023:11:10:18 -0500] "GET /sipse/faces/javax.faces.resource/layout/layout.js?ln=primefaces&v=4.0 HTTP/1.1" 304 -
201.245.192.253 - - [27/Dec/2023:11:10:18 -0500] "GET /favicon.ico HTTP/1.1" 200 7782
201.245.192.253 - - [27/Dec/2023:11:10:18 -0500] "GET /sipse/faces/javax.faces.resource/images/ui-icons_898989_256x240.png?ln=primefaces-aristo HTTP/1.1" 200 5355
190.71.156.2 - - [27/Dec/2023:11:10:18 -0500] "POST /sipse/faces/presentacion/financiero/solicitudProceso/listarSolicitudProceso.xhtml HTTP/1.1" 200 31781
201.245.192.253 - - [27/Dec/2023:11:10:22 -0500] "GET /appsia/controlador HTTP/1.1" 200 4799
201.245.192.253 - - [27/Dec/2023:11:10:22 -0500] "GET /appsia/css/estilos.css HTTP/1.1" 200 4804
201.245.192.253 - - [27/Dec/2023:11:10:22 -0500] "GET /appsia/scripts/validarIngreso.js HTTP/1.1" 200 851
201.245.192.253 - - [27/Dec/2023:11:10:22 -0500] "GET /appsia/images/logo_bogota_p.png HTTP/1.1" 200 14951
201.245.192.253 - - [27/Dec/2023:11:10:22 -0500] "GET /appsia/images/cabezoteHojaVida.png HTTP/1.1" 200 32493
201.245.192.253 - - [27/Dec/2023:11:10:23 -0500] "GET /favicon.ico HTTP/1.1" 200 7782
172.22.2.4 - - [27/Dec/2023:11:08:47 -0500] "GET /BLA/boletinlegal/ HTTP/1.1" 200 60910
156.59.198.135 - - [27/Dec/2023:11:10:27 -0500] "GET /BLA/resoluciones/RESOLUCIONES%202008/2480.pdf HTTP/1.0" 200 739606
201.245.192.253 - - [27/Dec/2023:11:10:30 -0500] "POST /appsia/controlador HTTP/1.1" 200 3597
201.245.192.253 - - [27/Dec/2023:11:10:30 -0500] "GET /appsia/jscripts/validarSolicitud.js HTTP/1.1" 404 68
201.245.192.253 - - [27/Dec/2023:11:10:32 -0500] "POST /appsia/controlador HTTP/1.1" 200 4799
201.245.192.253 - - [27/Dec/2023:11:10:29 -0500] "POST /sipse/faces/presentacion/financiero/solicitudProceso/consultarHistorialSolProceso.xhtml HTTP/1.1" 200 169405
201.245.192.253 - - [27/Dec/2023:11:10:34 -0500] "GET /sipse/faces/javax.faces.resource/jquery/jquery.js?ln=primefaces&v=4.0 HTTP/1.1" 304 -
201.245.192.253 - - [27/Dec/2023:11:10:34 -0500] "GET /sipse/faces/javax.faces.resource/primefaces.js?ln=primefaces&v=4.0 HTTP/1.1" 304 -
201.245.192.253 - - [27/Dec/2023:11:10:34 -0500] "GET /sipse/faces/javax.faces.resource/jquery/jquery-plugins.js?ln=primefaces&v=4.0 HTTP/1.1" 304 -
201.245.192.253 - - [27/Dec/2023:11:10:34 -0500] "GET /sipse/faces/javax.faces.resource/layout/layout.css?ln=primefaces&v=4.0 HTTP/1.1" 200 542
201.245.192.253 - - [27/Dec/2023:11:10:34 -0500] "GET /sipse/faces/javax.faces.resource/layout/layout.js?ln=primefaces&v=4.0 HTTP/1.1" 304 -
201.245.192.253 - - [27/Dec/2023:11:10:34 -0500] "GET /sipse/faces/javax.faces.resource/primefaces.css?ln=primefaces&v=4.0 HTTP/1.1" 200 53295
201.245.192.253 - - [27/Dec/2023:11:10:34 -0500] "GET /sipse/faces/javax.faces.resource/theme.css?ln=primefaces-sipse HTTP/1.1" 200 50058
201.245.192.253 - - [27/Dec/2023:11:10:34 -0500] "GET /sipse/faces/javax.faces.resource/images/ui-icons_898989_256x240.png?ln=primefaces-aristo HTTP/1.1" 200 5355
201.245.192.253 - - [27/Dec/2023:11:10:34 -0500] "GET /sipse/faces/javax.faces.resource/dynamiccontent.properties?ln=primefaces&pfdrid=XjOR5%2F%2FfPAZAuY9TpWQeCiM0BhlXxYRBGKi%2FQcXXfeA%3D&pfdrid_c=false HTTP/1.1" 500 383
201.245.192.253 - - [27/Dec/2023:11:10:34 -0500] "GET /favicon.ico HTTP/1.1" 200 7782
190.71.156.2 - - [27/Dec/2023:11:10:23 -0500] "POST /sipse/faces/presentacion/financiero/solicitudProceso/listarSolicitudProceso.xhtml HTTP/1.1" 200 107930
190.71.156.2 - - [27/Dec/2023:11:10:34 -0500] "GET /sipse/faces/javax.faces.resource/jquery/jquery.js?ln=primefaces&v=4.0 HTTP/1.1" 304 -
190.71.156.2 - - [27/Dec/2023:11:10:34 -0500] "GET /sipse/faces/javax.faces.resource/jquery/jquery-plugins.js?ln=primefaces&v=4.0 HTTP/1.1" 304 -
190.71.156.2 - - [27/Dec/2023:11:10:34 -0500] "GET /sipse/faces/javax.faces.resource/primefaces.js?ln=primefaces&v=4.0 HTTP/1.1" 304 -
190.71.156.2 - - [27/Dec/2023:11:10:34 -0500] "GET /sipse/faces/javax.faces.resource/layout/layout.js?ln=primefaces&v=4.0 HTTP/1.1" 304 -
190.71.156.2 - - [27/Dec/2023:11:10:34 -0500] "GET /sipse/faces/javax.faces.resource/dynamiccontent.properties?ln=primefaces&pfdrid=XjOR5%2F%2FfPAZAuY9TpWQeCiM0BhlXxYRBGKi%2FQcXXfeA%3D&pfdrid_c=false HTTP/1.1" 500 383
190.71.156.2 - - [27/Dec/2023:11:10:38 -0500] "POST /sipse/faces/presentacion/financiero/solicitudProceso/consultarSolicitudProceso.xhtml HTTP/1.1" 200 21234
190.71.156.2 - - [27/Dec/2023:11:10:39 -0500] "GET /sipse/faces/javax.faces.resource/theme.css?ln=primefaces-sipse HTTP/1.1" 304 -
190.71.156.2 - - [27/Dec/2023:11:10:39 -0500] "GET /sipse/faces/javax.faces.resource/layout/layout.css?ln=primefaces&v=4.0 HTTP/1.1" 304 -
190.71.156.2 - - [27/Dec/2023:11:10:39 -0500] "GET /sipse/faces/javax.faces.resource/primefaces.css?ln=primefaces&v=4.0 HTTP/1.1" 304 -
190.71.156.2 - - [27/Dec/2023:11:10:39 -0500] "GET /sipse/faces/javax.faces.resource/jquery/jquery-plugins.js?ln=primefaces&v=4.0 HTTP/1.1" 304 -
190.71.156.2 - - [27/Dec/2023:11:10:39 -0500] "GET /sipse/faces/javax.faces.resource/jquery/jquery.js?ln=primefaces&v=4.0 HTTP/1.1" 304 -
190.71.156.2 - - [27/Dec/2023:11:10:39 -0500] "GET /sipse/faces/javax.faces.resource/layout/layout.js?ln=primefaces&v=4.0 HTTP/1.1" 304 -
190.71.156.2 - - [27/Dec/2023:11:10:39 -0500] "GET /sipse/faces/javax.faces.resource/primefaces.js?ln=primefaces&v=4.0 HTTP/1.1" 304 -
190.71.156.2 - - [27/Dec/2023:11:10:39 -0500] "GET /sipse/faces/javax.faces.resource/fileupload/fileupload.css?ln=primefaces&v=4.0 HTTP/1.1" 304 -
190.71.156.2 - - [27/Dec/2023:11:10:39 -0500] "GET /sipse/faces/javax.faces.resource/fileupload/fileupload.js?ln=primefaces&v=4.0 HTTP/1.1" 304 -
190.71.156.2 - - [27/Dec/2023:11:10:39 -0500] "GET /sipse/faces/javax.faces.resource/images/ui-icons_898989_256x240.png?ln=primefaces-aristo HTTP/1.1" 304 -
201.245.192.253 - - [27/Dec/2023:11:10:47 -0500] "POST /appsia/controlador HTTP/1.1" 200 3597
201.245.192.253 - - [27/Dec/2023:11:10:47 -0500] "GET /appsia/jscripts/validarSolicitud.js HTTP/1.1" 404 68
201.245.192.253 - - [27/Dec/2023:11:10:51 -0500] "POST /appsia/controlador HTTP/1.1" 200 4799
156.59.198.136 - - [27/Dec/2023:11:10:51 -0500] "GET /BLA/resoluciones/RESOLUCIONES%202008/3709.pdf HTTP/1.0" 200 286105
192.168.172.47 - - [27/Dec/2023:11:10:53 -0500] "POST /BLA/boletinlegal/admin/actos/ingresar.php HTTP/1.1" 200 7303
190.71.156.2 - - [27/Dec/2023:11:10:49 -0500] "POST /sipse/faces/presentacion/sistema/anexos/cargarAnexoSolicitudProceso.xhtml HTTP/1.1" 200 154690
190.71.156.2 - - [27/Dec/2023:11:10:54 -0500] "GET /sipse/faces/javax.faces.resource/theme.css?ln=primefaces-sipse HTTP/1.1" 304 -
190.71.156.2 - - [27/Dec/2023:11:10:54 -0500] "GET /sipse/faces/javax.faces.resource/primefaces.css?ln=primefaces&v=4.0 HTTP/1.1" 304 -
190.71.156.2 - - [27/Dec/2023:11:10:54 -0500] "GET /sipse/faces/javax.faces.resource/jquery/jquery.js?ln=primefaces&v=4.0 HTTP/1.1" 304 -
190.71.156.2 - - [27/Dec/2023:11:10:54 -0500] "GET /sipse/faces/javax.faces.resource/layout/layout.css?ln=primefaces&v=4.0 HTTP/1.1" 304 -
190.71.156.2 - - [27/Dec/2023:11:10:54 -0500] "GET /sipse/faces/javax.faces.resource/jquery/jquery-plugins.js?ln=primefaces&v=4.0 HTTP/1.1" 304 -
190.71.156.2 - - [27/Dec/2023:11:10:54 -0500] "GET /sipse/faces/javax.faces.resource/primefaces.js?ln=primefaces&v=4.0 HTTP/1.1" 304 -
190.71.156.2 - - [27/Dec/2023:11:10:54 -0500] "GET /sipse/faces/javax.faces.resource/layout/layout.js?ln=primefaces&v=4.0 HTTP/1.1" 304 -
190.71.156.2 - - [27/Dec/2023:11:10:54 -0500] "GET /sipse/faces/javax.faces.resource/images/ui-icons_898989_256x240.png?ln=primefaces-aristo HTTP/1.1" 304 -
190.71.156.2 - - [27/Dec/2023:11:10:54 -0500] "GET /sipse/faces/javax.faces.resource/dynamiccontent.properties?ln=primefaces&pfdrid=XjOR5%2F%2FfPAZAuY9TpWQeCiM0BhlXxYRBGKi%2FQcXXfeA%3D&pfdrid_c=false HTTP/1.1" 500 383
192.168.172.47 - - [27/Dec/2023:11:10:56 -0500] "GET /BLA/boletinlegal/consulta_actos.php?tipo=resoluciones&no=2528&usuario=&sector=&fecha=2023&resuelve= HTTP/1.1" 200 1120
190.71.156.2 - - [27/Dec/2023:11:10:58 -0500] "GET /sipse/faces/javax.faces.resource/images/ui-bg_flat_0_2d5972_40x100.png?ln=primefaces-aristo HTTP/1.1" 304 -
52.167.144.201 - - [27/Dec/2023:11:10:59 -0500] "GET /BLA/resoluciones/RESOLUCIONES%202023/0767.pdf HTTP/1.1" 304 -
190.71.156.2 - - [27/Dec/2023:11:10:58 -0500] "POST /sipse/faces/presentacion/financiero/solicitudProceso/consultarSolicitudProceso.xhtml HTTP/1.1" 200 63743
190.71.156.2 - - [27/Dec/2023:11:11:02 -0500] "GET /sipse/faces/javax.faces.resource/jquery/jquery.js?ln=primefaces&v=4.0 HTTP/1.1" 304 -
190.71.156.2 - - [27/Dec/2023:11:11:02 -0500] "GET /sipse/faces/javax.faces.resource/jquery/jquery-plugins.js?ln=primefaces&v=4.0 HTTP/1.1" 304 -
190.71.156.2 - - [27/Dec/2023:11:11:02 -0500] "GET /sipse/faces/javax.faces.resource/primefaces.js?ln=primefaces&v=4.0 HTTP/1.1" 304 -
190.71.156.2 - - [27/Dec/2023:11:11:02 -0500] "GET /sipse/faces/javax.faces.resource/layout/layout.js?ln=primefaces&v=4.0 HTTP/1.1" 304 -
190.71.156.2 - - [27/Dec/2023:11:11:02 -0500] "GET /sipse/faces/javax.faces.resource/messages/messages.png?ln=primefaces&v=4.0 HTTP/1.1" 304 -
190.71.156.2 - - [27/Dec/2023:11:11:02 -0500] "POST /sipse/faces/presentacion/financiero/solicitudProceso/listarSolicitudProceso.xhtml HTTP/1.1" 200 1564
201.245.192.253 - - [27/Dec/2023:11:11:04 -0500] "GET /appsia/controlador HTTP/1.1" 200 4799
201.245.192.253 - - [27/Dec/2023:11:11:02 -0500] "POST /kwsrmcab/Wsrmcab  HTTP/1.1" 200 36178
190.71.156.2 - - [27/Dec/2023:11:11:06 -0500] "POST /sipse/faces/presentacion/financiero/solicitudProceso/listarSolicitudProceso.xhtml HTTP/1.1" 200 31761
201.245.192.253 - - [27/Dec/2023:11:11:14 -0500] "POST /appsia/controlador HTTP/1.1" 200 5437
201.245.192.253 - - [27/Dec/2023:11:11:15 -0500] "POST /appsia/controlador HTTP/1.1" 200 7777
156.59.198.135 - - [27/Dec/2023:11:11:16 -0500] "GET /BLA/resoluciones/RESOLUCIONES%202009/2574.pdf HTTP/1.0" 200 463014
201.245.192.253 - - [27/Dec/2023:11:11:20 -0500] "POST /appsia/controlador HTTP/1.1" 200 6642
201.245.192.253 - - [27/Dec/2023:11:11:21 -0500] "POST /appsia/controlador HTTP/1.1" 200 11390
201.245.192.253 - - [27/Dec/2023:11:11:34 -0500] "POST /forms/lservlet;jsessionid=ac16012b30d6ac84fb743cb8490d9168fad49a174d06.e3iSbxaKaheRe34Qc38TbN0Nb41ynknvrkLOlQzNp65In0 HTTP/1.1" 200 2
201.245.192.253 - - [27/Dec/2023:11:11:38 -0500] "POST /forms/lservlet;jsessionid=ac16012b30d608a3c74dabe741288258ac4c4de7c868.e3iSbxaKaheRe34Qc38TbN0Nb41ynknvrkLOlQzNp65In0 HTTP/1.1" 200 2
201.245.192.253 - - [27/Dec/2023:11:11:39 -0500] "POST /appsia/controlador HTTP/1.1" 200 11390
156.59.198.136 - - [27/Dec/2023:11:11:41 -0500] "GET /BLA/resoluciones/RESOLUCIONES%202009/1336.pdf HTTP/1.0" 200 535372
216.245.221.92 - - [27/Dec/2023:11:11:45 -0500] "HEAD / HTTP/1.1" 200 -
201.245.192.253 - - [27/Dec/2023:11:11:48 -0500] "POST /appsia/controlador HTTP/1.1" 200 11390
66.249.73.38 - - [27/Dec/2023:11:11:57 -0500] "GET /BLA/resoluciones/RESOLUCIONES%202010/5769.pdf HTTP/1.1" 200 106229
172.22.2.4 - - [27/Dec/2023:11:12:03 -0500] "GET /BLA/boletinlegal/consulta_actos.php?tipo=resoluciones&no=&usuario=&sector=&fecha=2023&resuelve=master HTTP/1.1" 200 626
172.22.2.4 - - [27/Dec/2023:11:12:04 -0500] "GET /BLA/boletinlegal/consulta_actos.php?tipo=resoluciones&no=&usuario=&sector=&fecha=2023&resuelve=master HTTP/1.1" 200 626
201.245.192.253 - - [27/Dec/2023:11:12:02 -0500] "POST /appsia/controlador HTTP/1.1" 200 75935
156.59.198.135 - - [27/Dec/2023:11:12:05 -0500] "GET /BLA/resoluciones/RESOLUCIONES%202007/RES%202007%201801%20AL%201900/RESOLUCION%201869%20DE%202007.pdf HTTP/1.0" 200 210328
172.22.2.4 - - [27/Dec/2023:11:12:11 -0500] "GET /BLA/boletinlegal/consulta_actos.php?tipo=resoluciones&no=&usuario=&sector=&fecha=2023&resuelve= HTTP/1.1" 200 402236
201.245.192.253 - - [27/Dec/2023:11:12:14 -0500] "GET /appsia/controlador HTTP/1.1" 200 4799
201.245.192.253 - - [27/Dec/2023:11:12:14 -0500] "GET /appsia/css/estilos.css HTTP/1.1" 200 4804
201.245.192.253 - - [27/Dec/2023:11:12:14 -0500] "GET /appsia/scripts/validarIngreso.js HTTP/1.1" 200 851
201.245.192.253 - - [27/Dec/2023:11:12:14 -0500] "GET /appsia/images/logo_bogota_p.png HTTP/1.1" 200 14951
201.245.192.253 - - [27/Dec/2023:11:12:14 -0500] "GET /appsia/images/cabezoteHojaVida.png HTTP/1.1" 200 32493
156.59.198.136 - - [27/Dec/2023:11:12:30 -0500] "GET /BLA/resoluciones/RESOLUCIONES%202008/3912.pdf HTTP/1.0" 200 464386
201.245.192.253 - - [27/Dec/2023:11:12:38 -0500] "POST /appsia/controlador HTTP/1.1" 200 11390
18.171.192.160 - - [27/Dec/2023:11:12:52 -0500] "\x16\x03\x01" 400 226
156.59.198.136 - - [27/Dec/2023:11:12:54 -0500] "GET /BLA/resoluciones/RESOLUCIONES%202009/1454.pdf HTTP/1.0" 200 928320
201.245.192.253 - - [27/Dec/2023:11:13:03 -0500] "POST /appsia/controlador HTTP/1.1" 200 6642
201.245.192.253 - - [27/Dec/2023:11:13:04 -0500] "POST /appsia/controlador HTTP/1.1" 200 10223
201.245.192.253 - - [27/Dec/2023:11:13:16 -0500] "POST /appsia/controlador HTTP/1.1" 200 75803
156.59.198.136 - - [27/Dec/2023:11:13:19 -0500] "GET /BLA/resoluciones/Notificaciones/AUTOS%202023/4403.pdf HTTP/1.0" 200 512982
191.156.53.225 - - [27/Dec/2023:11:13:27 -0500] "POST /sipse/faces/presentacion/financiero/solicitudProceso/consultarSolicitudProceso.xhtml HTTP/1.1" 200 43739
201.245.192.253 - - [27/Dec/2023:11:13:34 -0500] "POST /forms/lservlet;jsessionid=ac16012b30d6ac84fb743cb8490d9168fad49a174d06.e3iSbxaKaheRe34Qc38TbN0Nb41ynknvrkLOlQzNp65In0 HTTP/1.1" 200 2
191.156.53.225 - - [27/Dec/2023:11:13:35 -0500] "GET /sipse/faces/javax.faces.resource/theme.css?ln=primefaces-sipse HTTP/1.1" 304 -
191.156.58.8 - - [27/Dec/2023:11:13:35 -0500] "GET /sipse/faces/javax.faces.resource/primefaces.css?ln=primefaces&v=4.0 HTTP/1.1" 304 -
191.156.60.97 - - [27/Dec/2023:11:13:35 -0500] "GET /sipse/faces/javax.faces.resource/jquery/jquery.js?ln=primefaces&v=4.0 HTTP/1.1" 304 -
191.156.55.205 - - [27/Dec/2023:11:13:35 -0500] "GET /sipse/faces/javax.faces.resource/layout/layout.css?ln=primefaces&v=4.0 HTTP/1.1" 304 -
186.116.219.184 - - [27/Dec/2023:11:13:35 -0500] "GET /sipse/faces/faces/autenticacion.xhtml HTTP/1.1" 200 12732
191.156.55.205 - - [27/Dec/2023:11:13:35 -0500] "GET /sipse/faces/javax.faces.resource/jquery/jquery-plugins.js?ln=primefaces&v=4.0 HTTP/1.1" 304 -
186.116.219.184 - - [27/Dec/2023:11:13:35 -0500] "GET /sipse/faces/faces/autenticacion.xhtml HTTP/1.1" 200 12732
191.156.55.205 - - [27/Dec/2023:11:13:36 -0500] "GET /sipse/faces/javax.faces.resource/primefaces.js?ln=primefaces&v=4.0 HTTP/1.1" 304 -
186.116.219.184 - - [27/Dec/2023:11:13:36 -0500] "GET /sipse/js/funciones.js HTTP/1.1" 200 12592
186.116.219.184 - - [27/Dec/2023:11:13:36 -0500] "GET /sipse/js/disable_browser_buttons.js HTTP/1.1" 200 3230
186.116.219.184 - - [27/Dec/2023:11:13:36 -0500] "GET /sipse/css/custom_css_sg.css HTTP/1.1" 200 9694
186.116.219.184 - - [27/Dec/2023:11:13:36 -0500] "GET /sipse/css/custom_css_sg_prime_login.css HTTP/1.1" 200 443
186.116.219.184 - - [27/Dec/2023:11:13:36 -0500] "GET /sipse/faces/javax.faces.resource/layout/layout.css;jsessionid=0rwvGDtEgAhE3RsVss1cBAMt.undefined?ln=primefaces&v=4.0 HTTP/1.1" 200 542
186.116.219.184 - - [27/Dec/2023:11:13:36 -0500] "GET /sipse/faces/javax.faces.resource/primefaces.css;jsessionid=0rwvGDtEgAhE3RsVss1cBAMt.undefined?ln=primefaces&v=4.0 HTTP/1.1" 200 53295
186.116.219.184 - - [27/Dec/2023:11:13:36 -0500] "GET /sipse/faces/javax.faces.resource/theme.css?ln=primefaces-sipse HTTP/1.1" 200 50058
186.116.219.184 - - [27/Dec/2023:11:13:36 -0500] "GET /sipse/faces/javax.faces.resource/jquery/jquery.js;jsessionid=0rwvGDtEgAhE3RsVss1cBAMt.undefined?ln=primefaces&v=4.0 HTTP/1.1" 200 105384
191.156.55.205 - - [27/Dec/2023:11:13:36 -0500] "GET /sipse/faces/javax.faces.resource/layout/layout.js?ln=primefaces&v=4.0 HTTP/1.1" 304 -
186.116.219.184 - - [27/Dec/2023:11:13:36 -0500] "GET /sipse/faces/javax.faces.resource/primefaces.js;jsessionid=0rwvGDtEgAhE3RsVss1cBAMt.undefined?ln=primefaces&v=4.0 HTTP/1.1" 200 276924
186.116.219.184 - - [27/Dec/2023:11:13:36 -0500] "GET /sipse/faces/javax.faces.resource/layout/layout.js;jsessionid=0rwvGDtEgAhE3RsVss1cBAMt.undefined?ln=primefaces&v=4.0 HTTP/1.1" 200 87560
186.116.219.184 - - [27/Dec/2023:11:13:36 -0500] "GET /sipse/faces/javax.faces.resource/jquery/jquery-plugins.js;jsessionid=0rwvGDtEgAhE3RsVss1cBAMt.undefined?ln=primefaces&v=4.0 HTTP/1.1" 200 220526
191.156.60.97 - - [27/Dec/2023:11:13:36 -0500] "GET /sipse/css/imagen/contrasena.png HTTP/1.1" 404 383
186.116.219.184 - - [27/Dec/2023:11:13:36 -0500] "GET /sipse/css/imagen/logoSDG.png HTTP/1.1" 200 53064
186.116.219.184 - - [27/Dec/2023:11:13:36 -0500] "GET /sipse/css/imagen/loginimg.png HTTP/1.1" 200 71635
186.116.219.184 - - [27/Dec/2023:11:13:36 -0500] "GET /sipse/faces/javax.faces.resource/images/ui-icons_898989_256x240.png?ln=primefaces-aristo HTTP/1.1" 304 -
186.116.219.184 - - [27/Dec/2023:11:13:36 -0500] "GET /sipse/faces/faces/index.xhtml HTTP/1.1" 200 677
186.116.219.184 - - [27/Dec/2023:11:13:36 -0500] "GET /sipse/faces/javax.faces.resource/theme.css?ln=primefaces-sipse HTTP/1.1" 304 -
186.116.219.184 - - [27/Dec/2023:11:13:36 -0500] "GET /sipse/faces/faces/faces/autenticacion.xhtml HTTP/1.1" 200 12410
186.116.219.184 - - [27/Dec/2023:11:13:37 -0500] "GET /sipse/faces/javax.faces.resource/theme.css?ln=primefaces-sipse HTTP/1.1" 304 -
186.116.219.184 - - [27/Dec/2023:11:13:37 -0500] "GET /sipse/faces/javax.faces.resource/primefaces.css?ln=primefaces&v=4.0 HTTP/1.1" 304 -
186.116.219.184 - - [27/Dec/2023:11:13:37 -0500] "GET /sipse/faces/javax.faces.resource/layout/layout.css?ln=primefaces&v=4.0 HTTP/1.1" 304 -
186.116.219.184 - - [27/Dec/2023:11:13:37 -0500] "GET /sipse/faces/javax.faces.resource/jquery/jquery.js?ln=primefaces&v=4.0 HTTP/1.1" 304 -
186.116.219.184 - - [27/Dec/2023:11:13:37 -0500] "GET /sipse/faces/javax.faces.resource/jquery/jquery-plugins.js?ln=primefaces&v=4.0 HTTP/1.1" 304 -
186.116.219.184 - - [27/Dec/2023:11:13:37 -0500] "GET /sipse/faces/javax.faces.resource/primefaces.js?ln=primefaces&v=4.0 HTTP/1.1" 304 -
186.116.219.184 - - [27/Dec/2023:11:13:37 -0500] "GET /sipse/faces/javax.faces.resource/layout/layout.js?ln=primefaces&v=4.0 HTTP/1.1" 304 -
186.116.219.184 - - [27/Dec/2023:11:13:37 -0500] "GET /sipse/faces/javax.faces.resource/images/ui-icons_898989_256x240.png?ln=primefaces-aristo HTTP/1.1" 304 -
201.245.192.253 - - [27/Dec/2023:11:13:38 -0500] "POST /forms/lservlet;jsessionid=ac16012b30d608a3c74dabe741288258ac4c4de7c868.e3iSbxaKaheRe34Qc38TbN0Nb41ynknvrkLOlQzNp65In0 HTTP/1.1" 200 2
191.156.55.205 - - [27/Dec/2023:11:13:36 -0500] "POST /sipse/faces/presentacion/financiero/solicitudProceso/consultar.xhtml HTTP/1.1" 200 37024
191.156.55.205 - - [27/Dec/2023:11:13:39 -0500] "POST /sipse/faces/presentacion/financiero/solicitudProceso/consultar.xhtml HTTP/1.1" 200 37024
186.116.219.184 - - [27/Dec/2023:11:13:40 -0500] "POST /sipse/faces/autenticacion.xhtml HTTP/1.1" 200 2219
186.116.219.184 - - [27/Dec/2023:11:13:40 -0500] "GET /sipse/faces/javax.faces.resource/messages/messages.png?ln=primefaces&v=4.0 HTTP/1.1" 304 -
186.116.219.184 - - [27/Dec/2023:11:13:42 -0500] "POST /sipse/faces/autenticacion.xhtml HTTP/1.1" 200 16472
186.116.219.184 - - [27/Dec/2023:11:13:43 -0500] "GET /sipse/css/custom_css_sg_prime.css HTTP/1.1" 304 -
186.116.219.184 - - [27/Dec/2023:11:13:43 -0500] "GET /sipse/js/jquery.min.js HTTP/1.1" 304 -
186.116.219.184 - - [27/Dec/2023:11:13:43 -0500] "GET /sipse/faces/javax.faces.resource/jquery/jquery.js?ln=primefaces&v=4.0 HTTP/1.1" 304 -
186.116.219.184 - - [27/Dec/2023:11:13:43 -0500] "GET /sipse/faces/javax.faces.resource/jquery/jquery-plugins.js?ln=primefaces&v=4.0 HTTP/1.1" 304 -
186.116.219.184 - - [27/Dec/2023:11:13:43 -0500] "GET /sipse/faces/javax.faces.resource/primefaces.js?ln=primefaces&v=4.0 HTTP/1.1" 304 -
186.116.219.184 - - [27/Dec/2023:11:13:43 -0500] "GET /sipse/faces/javax.faces.resource/layout/layout.js?ln=primefaces&v=4.0 HTTP/1.1" 304 -
186.116.219.184 - - [27/Dec/2023:11:13:43 -0500] "GET /sipse/imagenes/cargando.gif HTTP/1.1" 304 -
186.116.219.184 - - [27/Dec/2023:11:13:43 -0500] "GET /sipse/css/v_mergente.css HTTP/1.1" 304 -
186.116.219.184 - - [27/Dec/2023:11:13:43 -0500] "GET /sipse/imagenes/logoAplicacion.jpg HTTP/1.1" 304 -
186.116.219.184 - - [27/Dec/2023:11:13:43 -0500] "GET /sipse/css/imagen/contrasena.png HTTP/1.1" 404 383
156.59.198.136 - - [27/Dec/2023:11:13:44 -0500] "GET /BLA/resoluciones/RESOLUCIONES%202009/2646.pdf HTTP/1.0" 200 218553
191.156.55.205 - - [27/Dec/2023:11:13:40 -0500] "POST /sipse/faces/presentacion/financiero/solicitudProceso/consultar.xhtml HTTP/1.1" 200 37024
186.116.219.184 - - [27/Dec/2023:11:13:46 -0500] "GET /sipse/faces/javax.faces.resource/images/ui-bg_flat_0_2d5972_40x100.png?ln=primefaces-aristo HTTP/1.1" 200 183
186.116.219.184 - - [27/Dec/2023:11:13:46 -0500] "POST /sipse/faces/bienvenido.xhtml HTTP/1.1" 200 2073
186.116.219.184 - - [27/Dec/2023:11:13:47 -0500] "POST /sipse/faces/bienvenido.xhtml HTTP/1.1" 200 39099
186.116.219.184 - - [27/Dec/2023:11:13:48 -0500] "GET /sipse/faces/javax.faces.resource/jquery/jquery.js?ln=primefaces&v=4.0 HTTP/1.1" 304 -
186.116.219.184 - - [27/Dec/2023:11:13:48 -0500] "GET /sipse/faces/javax.faces.resource/jquery/jquery-plugins.js?ln=primefaces&v=4.0 HTTP/1.1" 304 -
186.116.219.184 - - [27/Dec/2023:11:13:48 -0500] "GET /sipse/faces/javax.faces.resource/primefaces.js?ln=primefaces&v=4.0 HTTP/1.1" 304 -
186.116.219.184 - - [27/Dec/2023:11:13:48 -0500] "GET /sipse/faces/javax.faces.resource/layout/layout.js?ln=primefaces&v=4.0 HTTP/1.1" 304 -
191.156.55.205 - - [27/Dec/2023:11:13:46 -0500] "POST /sipse/faces/presentacion/financiero/solicitudProceso/consultar.xhtml HTTP/1.1" 200 37024
172.22.2.4 - - [27/Dec/2023:11:13:51 -0500] "GET /BLA/boletinlegal/actos.php HTTP/1.1" 200 9682
18.171.192.160 - - [27/Dec/2023:11:13:52 -0500] "GET /cgi-bin/login.cgi HTTP/1.1" 404 1018
186.116.219.184 - - [27/Dec/2023:11:13:54 -0500] "POST /sipse/faces/presentacion/financiero/solicitudProceso/consultar.xhtml HTTP/1.1" 200 12780
172.22.2.4 - - [27/Dec/2023:11:13:55 -0500] "GET /BLA/boletinlegal/favicon.ico HTTP/1.1" 404 1326
191.156.55.205 - - [27/Dec/2023:11:13:55 -0500] "POST /sipse/faces/presentacion/financiero/solicitudProceso/consultar.xhtml HTTP/1.1" 200 37024
191.156.55.205 - - [27/Dec/2023:11:14:02 -0500] "POST /sipse/faces/presentacion/financiero/solicitudProceso/consultar.xhtml HTTP/1.1" 200 37024
191.156.55.205 - - [27/Dec/2023:11:14:04 -0500] "POST /sipse/faces/presentacion/financiero/solicitudProceso/consultar.xhtml HTTP/1.1" 200 37024
191.156.55.205 - - [27/Dec/2023:11:14:05 -0500] "POST /sipse/faces/presentacion/financiero/solicitudProceso/consultar.xhtml HTTP/1.1" 200 37024
156.59.198.135 - - [27/Dec/2023:11:14:07 -0500] "GET /BLA/resoluciones/RESOLUCIONES%202007/RES%202007%201801%20AL%201900/RESOLUCION%201846%20DE%202007.pdf HTTP/1.0" 200 848323
186.116.219.184 - - [27/Dec/2023:11:14:00 -0500] "POST /sipse/faces/presentacion/financiero/solicitudProceso/consultar.xhtml HTTP/1.1" 200 118067
186.116.219.184 - - [27/Dec/2023:11:14:13 -0500] "GET /sipse/faces/javax.faces.resource/jquery/jquery.js?ln=primefaces&v=4.0 HTTP/1.1" 304 -
186.116.219.184 - - [27/Dec/2023:11:14:13 -0500] "GET /sipse/faces/javax.faces.resource/jquery/jquery-plugins.js?ln=primefaces&v=4.0 HTTP/1.1" 304 -
186.116.219.184 - - [27/Dec/2023:11:14:13 -0500] "GET /sipse/faces/javax.faces.resource/primefaces.js?ln=primefaces&v=4.0 HTTP/1.1" 304 -
186.116.219.184 - - [27/Dec/2023:11:14:13 -0500] "GET /sipse/faces/javax.faces.resource/layout/layout.js?ln=primefaces&v=4.0 HTTP/1.1" 304 -
186.116.219.184 - - [27/Dec/2023:11:14:13 -0500] "GET /sipse/faces/javax.faces.resource/dynamiccontent.properties?ln=primefaces&pfdrid=XjOR5%2F%2FfPAZAuY9TpWQeCiM0BhlXxYRBGKi%2FQcXXfeA%3D&pfdrid_c=false HTTP/1.1" 500 383
186.116.219.184 - - [27/Dec/2023:11:14:22 -0500] "POST /sipse/faces/presentacion/financiero/solicitudProceso/consultarSolicitudProceso.xhtml HTTP/1.1" 200 227375
156.59.198.136 - - [27/Dec/2023:11:14:32 -0500] "GET /BLA/resoluciones/RESOLUCIONES%202007/RES%202007%201301%20AL%201400/RESOLUCION%201371%20DE%202007.pdf HTTP/1.0" 200 243715
191.156.55.205 - - [27/Dec/2023:11:14:43 -0500] "POST /sipse/faces/presentacion/financiero/solicitudProceso/consultar.xhtml HTTP/1.1" 200 40637
191.156.55.205 - - [27/Dec/2023:11:14:48 -0500] "GET /sipse/faces/javax.faces.resource/theme.css?ln=primefaces-sipse HTTP/1.1" 304 -
191.156.55.205 - - [27/Dec/2023:11:14:48 -0500] "GET /sipse/faces/javax.faces.resource/jquery/jquery.js?ln=primefaces&v=4.0 HTTP/1.1" 304 -
191.156.55.205 - - [27/Dec/2023:11:14:48 -0500] "GET /sipse/faces/javax.faces.resource/primefaces.css?ln=primefaces&v=4.0 HTTP/1.1" 304 -
191.156.53.30 - - [27/Dec/2023:11:14:48 -0500] "GET /sipse/faces/javax.faces.resource/jquery/jquery-plugins.js?ln=primefaces&v=4.0 HTTP/1.1" 304 -
