201.245.192.253 - - [27/Dec/2023:08:29:10 -0500] "POST /forms/lservlet;jsessionid=ac16012b30d6ac84fb743cb8490d9168fad49a174d06.e3iSbxaKaheRe34Qc38TbN0Nb41ynknvrkLOlQzNp65In0 HTTP/1.1" 200 90
191.156.53.239 - - [27/Dec/2023:08:29:13 -0500] "GET /appsia/controlador HTTP/1.1" 200 4799
156.59.198.135 - - [27/Dec/2023:08:29:21 -0500] "GET /BLA/resoluciones/RESOLUCIONES%202008/3384.pdf HTTP/1.0" 200 297526
191.156.53.239 - - [27/Dec/2023:08:29:22 -0500] "GET /appsia/controlador HTTP/1.1" 200 4799
185.132.12.92 - - [27/Dec/2023:08:29:27 -0500] "GET /distrito-exalto-a-246-empresas-de-bogota-por-su-alto-desempeno-y-responsabilidad-ambiental-durante-2023.html HTTP/1.1" 200 1039
201.245.192.253 - - [27/Dec/2023:08:29:32 -0500] "POST /forms/lservlet;jsessionid=ac16012b30d6ac84fb743cb8490d9168fad49a174d06.e3iSbxaKaheRe34Qc38TbN0Nb41ynknvrkLOlQzNp65In0 HTTP/1.1" 200 2
201.245.192.253 - - [27/Dec/2023:08:29:36 -0500] "POST /forms/lservlet;jsessionid=ac16012b30d608a3c74dabe741288258ac4c4de7c868.e3iSbxaKaheRe34Qc38TbN0Nb41ynknvrkLOlQzNp65In0 HTTP/1.1" 200 2
201.245.192.253 - - [27/Dec/2023:08:29:38 -0500] "POST /forms/lservlet;jsessionid=ac16012b30d6ac84fb743cb8490d9168fad49a174d06.e3iSbxaKaheRe34Qc38TbN0Nb41ynknvrkLOlQzNp65In0 HTTP/1.1" 200 2
201.245.192.253 - - [27/Dec/2023:08:29:38 -0500] "POST /forms/lservlet;jsessionid=ac16012b30d6ac84fb743cb8490d9168fad49a174d06.e3iSbxaKaheRe34Qc38TbN0Nb41ynknvrkLOlQzNp65In0 HTTP/1.1" 200 1553
201.245.192.253 - - [27/Dec/2023:08:29:39 -0500] "POST /forms/lservlet;jsessionid=ac16012b30d6ac84fb743cb8490d9168fad49a174d06.e3iSbxaKaheRe34Qc38TbN0Nb41ynknvrkLOlQzNp65In0 HTTP/1.1" 200 11
201.245.192.253 - - [27/Dec/2023:08:29:40 -0500] "POST /forms/lservlet;jsessionid=ac16012b30d6ac84fb743cb8490d9168fad49a174d06.e3iSbxaKaheRe34Qc38TbN0Nb41ynknvrkLOlQzNp65In0 HTTP/1.1" 200 2
201.245.192.253 - - [27/Dec/2023:08:29:40 -0500] "POST /forms/lservlet;jsessionid=ac16012b30d6ac84fb743cb8490d9168fad49a174d06.e3iSbxaKaheRe34Qc38TbN0Nb41ynknvrkLOlQzNp65In0 HTTP/1.1" 200 119
201.245.192.253 - - [27/Dec/2023:08:29:40 -0500] "POST /forms/lservlet;jsessionid=ac16012b30d6ac84fb743cb8490d9168fad49a174d06.e3iSbxaKaheRe34Qc38TbN0Nb41ynknvrkLOlQzNp65In0 HTTP/1.1" 200 10
201.245.192.253 - - [27/Dec/2023:08:29:41 -0500] "POST /forms/lservlet;jsessionid=ac16012b30d6ac84fb743cb8490d9168fad49a174d06.e3iSbxaKaheRe34Qc38TbN0Nb41ynknvrkLOlQzNp65In0 HTTP/1.1" 200 2
201.245.192.253 - - [27/Dec/2023:08:29:42 -0500] "POST /forms/lservlet;jsessionid=ac16012b30d6ac84fb743cb8490d9168fad49a174d06.e3iSbxaKaheRe34Qc38TbN0Nb41ynknvrkLOlQzNp65In0 HTTP/1.1" 200 26
201.245.192.253 - - [27/Dec/2023:08:29:43 -0500] "POST /forms/lservlet;jsessionid=ac16012b30d6ac84fb743cb8490d9168fad49a174d06.e3iSbxaKaheRe34Qc38TbN0Nb41ynknvrkLOlQzNp65In0 HTTP/1.1" 200 2
201.245.192.253 - - [27/Dec/2023:08:29:43 -0500] "POST /forms/lservlet;jsessionid=ac16012b30d6ac84fb743cb8490d9168fad49a174d06.e3iSbxaKaheRe34Qc38TbN0Nb41ynknvrkLOlQzNp65In0 HTTP/1.1" 200 123
201.245.192.253 - - [27/Dec/2023:08:29:44 -0500] "POST /forms/lservlet;jsessionid=ac16012b30d6ac84fb743cb8490d9168fad49a174d06.e3iSbxaKaheRe34Qc38TbN0Nb41ynknvrkLOlQzNp65In0 HTTP/1.1" 200 2
181.53.14.167 - - [27/Dec/2023:08:29:44 -0500] "POST /sipse/faces/presentacion/financiero/solicitudProceso/listarSolicitudProceso.xhtml HTTP/1.1" 200 23545
156.59.198.136 - - [27/Dec/2023:08:29:44 -0500] "GET /BLA/resoluciones/RESOLUCIONES%202008/3937.pdf HTTP/1.0" 200 498550
201.245.192.253 - - [27/Dec/2023:08:29:45 -0500] "POST /forms/lservlet;jsessionid=ac16012b30d6ac84fb743cb8490d9168fad49a174d06.e3iSbxaKaheRe34Qc38TbN0Nb41ynknvrkLOlQzNp65In0 HTTP/1.1" 200 2
181.53.14.167 - - [27/Dec/2023:08:29:47 -0500] "POST /sipse/faces/presentacion/financiero/solicitudProceso/listarSolicitudProceso.xhtml HTTP/1.1" 200 33648
191.156.52.100 - - [27/Dec/2023:08:29:58 -0500] "POST /appsia/controlador HTTP/1.1" 200 5437
191.156.52.100 - - [27/Dec/2023:08:30:02 -0500] "POST /appsia/controlador HTTP/1.1" 200 7732
201.245.192.253 - - [27/Dec/2023:08:30:04 -0500] "POST /kwsrmcab/Wsrmcab HTTP/1.1" 200 36658
156.59.198.135 - - [27/Dec/2023:08:30:09 -0500] "GET /BLA/resoluciones/RESOLUCIONES%202009/3302.pdf HTTP/1.0" 200 622847
201.245.192.253 - - [27/Dec/2023:08:30:09 -0500] "POST /kwsrmcab/Wsrmcab HTTP/1.1" 200 36821
156.59.198.136 - - [27/Dec/2023:08:30:33 -0500] "GET /BLA/resoluciones/RESOLUCIONES%202007/RES%202007%201801%20AL%201900/RESOLUCION%201878%20DE%202007.pdf HTTP/1.0" 200 234528
65.154.226.167 - - [27/Dec/2023:08:30:43 -0500] "GET /distrito-exalto-a-246-empresas-de-bogota-por-su-alto-desempeno-y-responsabilidad-ambiental-durante-2023.html HTTP/1.1" 200 1039
156.59.198.136 - - [27/Dec/2023:08:30:57 -0500] "GET /BLA/resoluciones/Notificaciones/AUTOS%202023/4776.pdf HTTP/1.0" 200 961388
201.245.192.253 - - [27/Dec/2023:08:31:19 -0500] "GET /BLA/resoluciones/ HTTP/1.1" 200 13696
156.59.198.136 - - [27/Dec/2023:08:31:21 -0500] "GET /BLA/resoluciones/Notificaciones/AUTOS%202023/3543.pdf HTTP/1.0" 200 835855
201.245.192.253 - - [27/Dec/2023:08:31:22 -0500] "GET /BLA/resoluciones/index.php?dir=RESOLUCIONES+2022%2F HTTP/1.1" 200 324879
201.245.192.253 - - [27/Dec/2023:08:31:30 -0500] "GET /BLA/resoluciones/RESOLUCIONES%202022/2968.pdf HTTP/1.1" 200 446480
201.245.192.253 - - [27/Dec/2023:08:31:32 -0500] "POST /forms/lservlet;jsessionid=ac16012b30d6ac84fb743cb8490d9168fad49a174d06.e3iSbxaKaheRe34Qc38TbN0Nb41ynknvrkLOlQzNp65In0 HTTP/1.1" 200 2
201.245.192.253 - - [27/Dec/2023:08:31:36 -0500] "POST /forms/lservlet;jsessionid=ac16012b30d608a3c74dabe741288258ac4c4de7c868.e3iSbxaKaheRe34Qc38TbN0Nb41ynknvrkLOlQzNp65In0 HTTP/1.1" 200 2
201.245.192.253 - - [27/Dec/2023:08:31:43 -0500] "POST /kwsrmcab/Wsrmcab  HTTP/1.1" 200 36330
216.245.221.92 - - [27/Dec/2023:08:31:46 -0500] "HEAD / HTTP/1.1" 200 -
156.59.198.135 - - [27/Dec/2023:08:31:46 -0500] "GET /BLA/resoluciones/RESOLUCIONES%202007/RES%202007%202201%20AL%202300/RESOLUCION%202213%20DE%202007.pdf HTTP/1.0" 200 1147672
191.95.60.191 - - [27/Dec/2023:08:31:54 -0500] "GET /appsia/controlador HTTP/1.1" 200 4799
191.95.60.191 - - [27/Dec/2023:08:31:55 -0500] "GET /appsia/css/estilos.css HTTP/1.1" 200 4804
191.95.60.191 - - [27/Dec/2023:08:31:55 -0500] "GET /appsia/scripts/validarIngreso.js HTTP/1.1" 200 851
191.95.60.191 - - [27/Dec/2023:08:31:55 -0500] "GET /appsia/images/logo_bogota_p.png HTTP/1.1" 200 14951
191.95.60.191 - - [27/Dec/2023:08:31:55 -0500] "GET /appsia/images/cabezoteHojaVida.png HTTP/1.1" 200 32493
191.95.60.191 - - [27/Dec/2023:08:31:55 -0500] "GET /favicon.ico HTTP/1.1" 200 7782
172.22.2.4 - - [27/Dec/2023:08:30:27 -0500] "HEAD /BLA/boletinlegal/ HTTP/1.1" 200 -
191.95.60.191 - - [27/Dec/2023:08:32:08 -0500] "GET /appsia/controlador HTTP/1.1" 200 4799
156.59.198.135 - - [27/Dec/2023:08:32:11 -0500] "GET /BLA/resoluciones/RESOLUCIONES%202009/3546.pdf HTTP/1.0" 200 701755
156.59.198.136 - - [27/Dec/2023:08:32:35 -0500] "GET /BLA/resoluciones/RESOLUCIONES%202009/3637.pdf HTTP/1.0" 200 233271
172.22.2.4 - - [27/Dec/2023:08:31:17 -0500] "GET /BLA/boletinlegal/ HTTP/1.1" 200 58567
156.59.198.135 - - [27/Dec/2023:08:32:59 -0500] "GET /BLA/resoluciones/RESOLUCIONES%202018/2031.pdf HTTP/1.0" 200 274502
156.59.198.135 - - [27/Dec/2023:08:33:24 -0500] "GET /BLA/resoluciones/RESOLUCIONES%202018/3990.pdf HTTP/1.0" 200 282617
191.95.60.191 - - [27/Dec/2023:08:33:25 -0500] "POST /appsia/controlador HTTP/1.1" 200 3603
191.95.60.191 - - [27/Dec/2023:08:33:25 -0500] "GET /appsia/jscripts/validarSolicitud.js HTTP/1.1" 404 68
201.245.192.253 - - [27/Dec/2023:08:33:32 -0500] "POST /forms/lservlet;jsessionid=ac16012b30d6ac84fb743cb8490d9168fad49a174d06.e3iSbxaKaheRe34Qc38TbN0Nb41ynknvrkLOlQzNp65In0 HTTP/1.1" 200 2
191.95.60.191 - - [27/Dec/2023:08:33:33 -0500] "POST /appsia/controlador HTTP/1.1" 200 4799
201.245.192.253 - - [27/Dec/2023:08:33:36 -0500] "POST /forms/lservlet;jsessionid=ac16012b30d608a3c74dabe741288258ac4c4de7c868.e3iSbxaKaheRe34Qc38TbN0Nb41ynknvrkLOlQzNp65In0 HTTP/1.1" 200 2
172.22.2.4 - - [27/Dec/2023:08:33:40 -0500] "GET /BLA/boletinlegal/jurisprudencia/analisis/analisis%20sentencia%20C%20401%20de%202010.doc HTTP/1.1" 200 34816
156.59.198.136 - - [27/Dec/2023:08:33:48 -0500] "GET /BLA/resoluciones/RESOLUCIONES%202008/2301.pdf HTTP/1.0" 200 366465
156.59.198.135 - - [27/Dec/2023:08:34:12 -0500] "GET /BLA/resoluciones/RESOLUCIONES%202009/3896.pdf HTTP/1.0" 200 56944
191.95.60.191 - - [27/Dec/2023:08:34:32 -0500] "POST /appsia/controlador HTTP/1.1" 200 5437
156.59.198.136 - - [27/Dec/2023:08:34:36 -0500] "GET /BLA/resoluciones/RESOLUCIONES%202007/RES%202007%203701%20AL%203800/RESOLUCION%203714%20DE%202007.pdf HTTP/1.0" 200 542550
66.249.73.38 - - [27/Dec/2023:08:34:52 -0500] "GET /Publicaciones/2023EE235293.pdf HTTP/1.1" 404 228
156.59.198.136 - - [27/Dec/2023:08:35:01 -0500] "GET /BLA/resoluciones/Notificaciones/AUTOS%202023/2893.pdf HTTP/1.0" 200 388518
207.46.13.78 - - [27/Dec/2023:08:35:21 -0500] "GET /BLA/resoluciones/RESOLUCIONES%202023/1816.pdf HTTP/1.1" 200 474366
207.46.13.78 - - [27/Dec/2023:08:35:23 -0500] "GET /BLA/resoluciones/AUTOS%202018/6669.pdf HTTP/1.1" 304 -
156.59.198.136 - - [27/Dec/2023:08:35:25 -0500] "GET /BLA/resoluciones/RESOLUCIONES%202018/3022.PDF HTTP/1.0" 200 8673206
179.19.105.38 - - [27/Dec/2023:08:35:31 -0500] "GET /kwssiamovil/sm/ldap/au?x=U2FsdGVkX19tDBAH2nn1YqDGcFFtgZPe+Amj03J68S0fRZyTDI7DuFd4q2Mg3rs5&y=U2FsdGVkX185zs5O8c2qhDbAEezLvoZwsafpl+ZRlhLI+bLGD0MIpk3H8Dp6bU4f HTTP/1.1" 200 30
179.19.105.38 - - [27/Dec/2023:08:35:32 -0500] "GET /kwssiamovil/sm/acme/s?s=U2FsdGVkX1862vAGkeMgPiBMgt8LZwaC9Jyqsn/2p8wK7edpp9iLsAhInYLvBv2Xt0hfb9l6FkHUiafA7kZhmuKydY+IlJuU7zW4BqpE52Q=&u=U2FsdGVkX18AM8f0+5YupfxwlW55rkeTGwOD2s12ncc=&y=U2FsdGVkX185zs5O8c2qhDbAEezLvoZwsafpl+ZRlhLI+bLGD0MIpk3H8Dp6bU4f HTTP/1.1" 200 97
179.19.105.38 - - [27/Dec/2023:08:35:32 -0500] "GET /kwssiamovil/sm/acme/s?s=U2FsdGVkX18U7UTko4Uv+QAq4VZlzhWWs0g8izh67x/iT9xB+RE+nNBeIpRr8TxLdmMrYX5JHFMZVshTJNdoU3LWv8eUtIgRrzKQgfmbg9RAoameY9Cu78ChpMVXLjvefip1ORkx4qKgp0xufMkwk61Vl0YeY+bTKXK0RJ3mFiX7BtHW2UsQBrdAi0xLJQhzwMTQqhVs7SMR19MB5f1KxA8AwP085dmnvZ/5mpEALQGjK7xXBnqwnjlH0Sl4UXrwSTT1mY5YYt638sybRgERxXULidOYOK/VQP6wuQjY/woJC+hB0KXfB5mw6xZp4XnLfiKFwI8EbftwMgkvI5WjK9P5MgeTDo8Cl/NbGTnLOYaX4f/e9X7f5xhuUW4YLcdLaEr7IHl3UbgTaisKQ7xInpMoPFYi8s3KukbJASN6dnThCRSkJ3ZseuELzUI81rDGpZZnHhQ4RjGgkyr72txUHTa10kOo7pdiGB+TBU+c3un0tYVfOCCFApHUMLp6mjROa6xjiJw0AMjS+QOjSFq4iarf8FAcjHBoaujSSL/OKQwIKlJYvOM3H1JlDu1824wBLBc0ptSXK/L+kvGyrTZEhVstwa4zAGus8x4WY3haXdOyxza3Wojdi3IFJTBViNAY7e3a6MdYmnsLeiwe4/tll0zvOMb0T5wTaTecn3xEWrCaki3+//QHwhlGGgFfy/LpQwB0L45RLhu5bZ8woTb7lB+WjOx+1byIOHE1VxXeaAVxqAcHd5zwmJK7DFNFt29RYbLvKSW/8HNb9F4+y3brHkngyPeLM3aJDnJhWKyWwiF/9ZFpm0nqyFyY9Mtd0rit2zultWNFQpMkhR4GU+kyj+grXBHZnMOiKVWJ4G8XO0bCzzY1Ajj4sRBj9ur8Dh820wAbwVh4BQZ7S3DFCRprMSSdNbi62K/dnUNuRaeorgF73o+8+XZimS9KFtQVirpfcYIOEuDCoWuKAsCN/I1naDMhXjOxw+oFmS2W4EcnM7GrWtlph2OfzMDa0tbUF5QIdaMS3nn9Pz3FYBdtC0bpBTSYTEF3nF9iPZueEj1EjR6eLHipDgQV56ysgkuyfJOzCh5KZcUSatzwiNzUPZkdAzmVj+OZsAZZSIQbkJnitXNPnAQMhp4a4dilDSQQff67VI040qFnpNrTCg9dk2+RMD9QG5fH/gzlgw7flR4tn0ha9mtPqQ/vb5pnxgGcopmorErFrOz3+xN0yRa+yImIqzvsVdXc1BbWGeNd485nPO/uAQf4a/P7bawQkyUI7pOy3iwpAhVhenR4YhnNvjkdGt0Ql9gWs5vy7kGNHivy2IdMvNZG46ml9Ajm9x3O68UtE/ujdv0otWmPmb5KFYnGjgvA2XdgsTsqOinu7uKJ+cVENadXHx41ln3I+mhZuaYu1iWHjF85Y6mIpyPSgg7vfqVkzMjgmQ5v9FOqicdKVuycfk96/y4UWdvo72tfTvjGDmbRiww0iIufyx3N8AtZ25h84aHMSxP0MIQzI0GdxsQDXz3u+INwzpjSJWKHnUJoSbeccOjPbf9F85bV2Rs1ExgdJhczHyjljchM+1jVhXs1eXE4QG2YkRSrS32M8TY7zjfljeIC0Ts/oS0brmxvfJCUxYZdKx2y/spGiGVaaDbLqrdMIO8g3TFQ5oTR+W8N2DEfnq4oDqcfWEKSBTSMfAb0UDe8G1l/GPTaNeB+KtjPYkA2FyAkzwh4avd64thSxPCu96UaQecC7gXwvRBYpD2vozq85OawlQInJxIgQBM=&u=U2FsdGVkX18AM8f0+5YupfxwlW55rkeTGwOD2s12ncc=&y=U2FsdGVkX185zs5O8c2qhDbAEezLvoZwsafpl+ZRlhLI+bLGD0MIpk3H8Dp6bU4f HTTP/1.1" 200 5927
201.245.192.253 - - [27/Dec/2023:08:35:32 -0500] "POST /forms/lservlet;jsessionid=ac16012b30d6ac84fb743cb8490d9168fad49a174d06.e3iSbxaKaheRe34Qc38TbN0Nb41ynknvrkLOlQzNp65In0 HTTP/1.1" 200 2
179.19.105.38 - - [27/Dec/2023:08:35:32 -0500] "GET /kwssiamovil/sm/acme/s?s=U2FsdGVkX1+05r4alU9kjF2lYwWJlPnuP2I9C26LWv6KtTY4MOPpe6BOJothzp3MaXDSICP5lpvW/iaRKYaCB90rkdsx9BWxnXmwhlUbJK5VyEN1Fl0AuMsDG4GgnwiYkTsBJquR955d8sGc0O+poh9G7EWE15K1wvO7bmEqWmWJ22RptpN/9cQ63SvqRYPtCezuEVX7Ri+GLraeFwn52hhSQ0B7ZT1cIlH07dzNNVtQusRmGHFXsyH+ND7JGDKqaMzeU2EX8mQiYvsHWdM4SZutKuXTrdUQmnnwHdfSPMqKW9Nhw+T1pdm1jMj5EqEk4wvo4mHia0QH0C8DpiU2i3Fl08ZhP7VBSa1TCYHeQ7YaJwIWaw/FW04V6I3Y57Cfq8f8+5bSWnIdOrAuEWn/srlN3REqgwSuyaX6YTyAqce2ZoCdgHUaJsSqowt8X+CQ28kZcPMhK9udgRd7YWPliTSB/MvBwUxIekIW7s02UiFXnGm8Zr6pJ3dHNJLAc0WDrokkQxGovMaYi52NEGQjFD6XHAbVZsb7okYxBYHTLPxOp81bCXH8YEdJUy96X/vq+TMK/oYRkSQXILDdJRPHBqqQ+XpOiaGv/+Ivm/GoJ8V9LjNdEiYhQ34NoQzMyQcLJSxadMql3lrI+Vmu+8qe6x9CkCb/ENTbNT10k9xfYIRrVuSNCqc83/I9RXKmg+7/bV438Wtae255y5S1op7O42dpMWETMImdQZI7pqb1fjY5l77qwDLFrzuI1NcJtnpd&u=U2FsdGVkX18AM8f0+5YupfxwlW55rkeTGwOD2s12ncc=&y=U2FsdGVkX185zs5O8c2qhDbAEezLvoZwsafpl+ZRlhLI+bLGD0MIpk3H8Dp6bU4f HTTP/1.1" 200 208
179.19.105.38 - - [27/Dec/2023:08:35:35 -0500] "GET /kwssiamovil/sm/cjson/pre?f=1&x=U2FsdGVkX19tDBAH2nn1YqDGcFFtgZPe+Amj03J68S0fRZyTDI7DuFd4q2Mg3rs5 HTTP/1.1" 200 31032
201.245.192.253 - - [27/Dec/2023:08:35:36 -0500] "POST /forms/lservlet;jsessionid=ac16012b30d608a3c74dabe741288258ac4c4de7c868.e3iSbxaKaheRe34Qc38TbN0Nb41ynknvrkLOlQzNp65In0 HTTP/1.1" 200 2
156.59.198.136 - - [27/Dec/2023:08:35:50 -0500] "GET /BLA/resoluciones/RESOLUCIONES%202009/2942.pdf HTTP/1.0" 200 657938
201.245.192.253 - - [27/Dec/2023:08:36:02 -0500] "POST /kwsrmcab/Wsrmcab HTTP/1.1" 200 36658
201.245.192.253 - - [27/Dec/2023:08:36:05 -0500] "POST /kwsrmcab/Wsrmcab HTTP/1.1" 200 36821
156.59.198.135 - - [27/Dec/2023:08:36:14 -0500] "GET /BLA/resoluciones/RESOLUCIONES%202009/3005.pdf HTTP/1.0" 200 480123
156.59.198.136 - - [27/Dec/2023:08:36:38 -0500] "GET /BLA/resoluciones/RESOLUCIONES%202009/2804.pdf HTTP/1.0" 200 401535
201.245.192.253 - - [27/Dec/2023:08:36:43 -0500] "POST /kwsrmcab/Wsrmcab  HTTP/1.1" 200 36330
216.245.221.92 - - [27/Dec/2023:08:36:46 -0500] "HEAD / HTTP/1.1" 200 -
66.220.149.15 - - [27/Dec/2023:08:36:55 -0500] "GET /images/Aves%20SDA.jpeg HTTP/1.1" 200 75104
156.59.198.136 - - [27/Dec/2023:08:37:03 -0500] "GET /BLA/resoluciones/RESOLUCIONES%202007/RES%202007%201301%20AL%201400/RESOLUCION%201380%20DE%202007.pdf HTTP/1.0" 200 214470
186.102.84.109 - - [27/Dec/2023:08:37:21 -0500] "GET /kwssiamovil/sm/ldap/au?x=U2FsdGVkX18x2vtt+m1emNTldbXdn1LhrMeD7UbPEmSNnstr119ipuKiistowcYv&y=U2FsdGVkX19XCWQsTVb0/yZfvyGr+NnqvtjRx8ufVLtkxtxBp5I6w2FuqQoDB4Ro HTTP/1.1" 200 30
186.102.84.109 - - [27/Dec/2023:08:37:21 -0500] "GET /kwssiamovil/sm/acme/s?s=U2FsdGVkX19db9AYjtGC2cBMfwPFaLIZNqHd99k8PweLUCam60adIu2j/hbvqTvxR2B3CUGQpoNmsUIsERhsrjv6Bc0D4JAqBKfRrFzMwkE=&u=U2FsdGVkX189mtDgPcoIFtmn59AsVpM+2WSrQAODLPw=&y=U2FsdGVkX19XCWQsTVb0/yZfvyGr+NnqvtjRx8ufVLtkxtxBp5I6w2FuqQoDB4Ro HTTP/1.1" 200 97
186.102.84.109 - - [27/Dec/2023:08:37:21 -0500] "GET /kwssiamovil/sm/acme/s?s=U2FsdGVkX19jYzOkxthXTuc+CXakO30tQ/Y7L85dTlxu+0DSdQZm2Dpue6NX1d3gcHbwPWkHwKenfMaSKyFKCWETHI/ZL7dWHnNRrT2eZ660nsByT30Dmmd79+3MPr0NaUnl94my9nw8nv0z16WRTwBLlQTn65IQ7H+zIQTeXxVc59hpqfF6CM+sc6QagmzYO3vjBdtT+/gnhPhJWAp8JiAZ/iCUlzCLdUqJg02z+1R7xD+eOEDNjFyfMu7mD+aVJveESsRVczNO5y5tu3g8by4X8tAsbzcVTQdescl8B0JOfz8TtMNwkWdNdbDxjzJd/f8kdnFhRm2UN591f1u2TgVePkJxI2EFm9qWhzocWOHh/wBgM1H1q/rD4HuBB5QS06Bu6gNdOOL9rPMu0EDRB+ybqSSe++JDB6Zv1K0UrOTcX0A1xNkAIVKl5zahQm5ptBWruD3uDGpw0qnZLrUHlb0lgoSFkANy1IW1YKnuSllhRWAMxw1ohaVdgRRNPd9xONGmitUklQuSo9kC/yrues/Xx/9gyD6TYtSs+0V7E8K8kySnmjc1dGuWTlpWZJ3YZnj/B/YlLjohHG23iB18c7JRWAt33Cab0y7Hpb5GqlOtcxJQn1bC6Urm9vhm8XXlW7iiax/8IXLEJXQZ+T47ZloBPPsb3XuaVhejREWqe/FvrOHxFgxYfH9+ctwQqyRGeI1093F6uIkFdoQrB5F9Zb3ZrQfm/Nyp7zauzgQizzOrqWOw+kgIpiszXdnN2pj037kATKCJprCU/vdFdQ181yCndV1Fpb9gk/LKYWiJ7hJ6TdvTq0yGNhpjV84m7vurJLOWJr6VQmhQ1MWmfze1E5ibSDfYUrrVYpmHKR27BIoX3YYUVWFAPVSzBiLupw3Lm9i2SMparQmKhYzsKDDUNV8q3odIQB60y51SsloGH2UBIRGBv6/B5nkuHGIU25NOWB8FcV+th0PeMn+7TKY4KB/OEn2BxVVFZKFTicuLF6HBGI8KUqpazi7ek1o9UMVE1XI5YhDPVtrF08wXN+Yt6NPLDkvIxDxaEx5kzlihzQ+tbxIuTrAUIzrQOOzxgbIuAVpHsrnMtcgMBS8vKTaJEsq/99MdBTDQ6/Dc01yXE4/DfT0ip47ldghiyPV4baA2/Eop6zU8/vm28ySOlY+cC56d0qAxW2zx8oPalLr/AnYLbNFqN3vIYl+2F9V4RtnwmvXMZlsEb4x5fDcJRzy4vb+IyCunHjuWY/Hj/+/9AWfaIeJ9vYPjx2bUE9DtV4tgbIVWmb0e3CMR+j50cJFF4GcfcPsi49BGDjRzMhrRWNlHmCAZl/e9pyWAQiMXjkVatCY3oDyxmv8OLd0a1aIKY+Cgptz11smCSN6/zCDaCa+uzLhD+20/JS8ox7TRae5dlj5gW236SYzcg+PiMJNzWhGBQK/8BwEDtSixOUxFO7H3BBljEWRmo2eZhUQDFiORf8hhFJI1dje2SXg/DgD8je3Izq4+qZ5yZ6JNPWRabN0oIEqf3t6R5xywJ8PmI4ZlQ4CAPkYVQmBL9xu6W80WqgM8ggszq+QNpWVO4nYeApEQBkNmSFcriO4x4xAk+MvBnIQVu0R9m8jcBqcKUiNOXL5gk42Vk+M55+0efPIRsaJcuECKaklp8D06bH/bIjpcdQjgP5bH9b+cxYM6hD7Oky5bNNQrLyZgty4MilE6xH9Tc/0HtKQwekmrWD0TbA+1efOr3gFone8cNZe0A9CYcVCoMq9O1uM4l/ongXX5FX4=&u=U2FsdGVkX189mtDgPcoIFtmn59AsVpM+2WSrQAODLPw=&y=U2FsdGVkX19XCWQsTVb0/yZfvyGr+NnqvtjRx8ufVLtkxtxBp5I6w2FuqQoDB4Ro HTTP/1.1" 200 4560
186.102.84.109 - - [27/Dec/2023:08:37:22 -0500] "GET /kwssiamovil/sm/acme/s?s=U2FsdGVkX1/SMR83azUt0Uo61WvQv3vVNlitUmHNHpaIT1N4a//X+RZmZwM4o7XH/SkmKFgpCkaB6Z1Ti2qmyuvl8hw65nTlGBqI8RScol6b0G62vITzoQpPAB5LS3+r1PTTH9zpbQ+SkOFHBcYIjh/Y8dSIVfZjek5v6Hhg1bqWZuzVBOEh7wt9kojl9y7gvkdAhdxoe7icjoqPfhdW1yJLcv+olp0E1RKvBAJgN60lgLjKeuQvAjfMA37AAYPLjBA/enKl3ZqcrlhGB3EF/FPg/yu9hWqZeXQsbRJkLxNtC21dlJZ6pmezU6DiJWg6IwcFhYy6qaH9S5pKmOfsB9/knfCJlB8OjG/+yfm0cJZclrA8N/SdxCwIrxfLFVDitewJPRjXgTZvN2YUio9O5Kh9qH+T5xLAGOgYd5GhUVRf/eAUjx2Lz89T9mw4qkZ9Sc36nTlmxdOLym0pn0rMabBG2IxkXDttqAitpGGnwwdnq0t4p7eyO4Rxm56h/kneIXvVPjKg1t1/AZd58bRTjTi7miFjKaVgvYVtF+QNelUvRagX8gYVYfGJJUkG1C1U5iYqTYJ8O/HR/ra19V0c7ASPeRT/9NhoG4M3TryxwManjRt36T971y8Y+jJHlLfgWP56HDFd+hBd9p8ivUVyL8LPOOTc1vJDBhG9RKtecpH/pIyktyWgVGuj/6tsuYVkBejVIhllyl7vM+Oq7EZl7cvCRvCdH9JJQvlC+yHyGvk5xxONQfmpBXOFzFtS0Yqd&u=U2FsdGVkX189mtDgPcoIFtmn59AsVpM+2WSrQAODLPw=&y=U2FsdGVkX19XCWQsTVb0/yZfvyGr+NnqvtjRx8ufVLtkxtxBp5I6w2FuqQoDB4Ro HTTP/1.1" 200 208
186.102.84.109 - - [27/Dec/2023:08:37:22 -0500] "GET /kwssiamovil/sm/cjson/pre?f=1&x=U2FsdGVkX18x2vtt+m1emNTldbXdn1LhrMeD7UbPEmSNnstr119ipuKiistowcYv HTTP/1.1" 200 31032
156.59.198.135 - - [27/Dec/2023:08:37:27 -0500] "GET /BLA/resoluciones/RESOLUCIONES%202009/3987.pdf HTTP/1.0" 200 402428
201.245.192.253 - - [27/Dec/2023:08:37:32 -0500] "POST /forms/lservlet;jsessionid=ac16012b30d6ac84fb743cb8490d9168fad49a174d06.e3iSbxaKaheRe34Qc38TbN0Nb41ynknvrkLOlQzNp65In0 HTTP/1.1" 200 2
201.245.192.253 - - [27/Dec/2023:08:37:36 -0500] "POST /forms/lservlet;jsessionid=ac16012b30d608a3c74dabe741288258ac4c4de7c868.e3iSbxaKaheRe34Qc38TbN0Nb41ynknvrkLOlQzNp65In0 HTTP/1.1" 200 2
156.59.198.135 - - [27/Dec/2023:08:37:51 -0500] "GET /BLA/resoluciones/RESOLUCIONES%202009/4441.pdf HTTP/1.0" 200 516739
172.22.2.4 - - [27/Dec/2023:08:36:17 -0500] "HEAD /BLA/boletinlegal/ HTTP/1.1" 200 -
191.95.60.191 - - [27/Dec/2023:08:37:59 -0500] "POST /appsia/controlador HTTP/1.1" 200 7734
191.95.60.191 - - [27/Dec/2023:08:38:00 -0500] "GET /appsia/images/logo_escudo.png HTTP/1.1" 200 36965
156.59.198.136 - - [27/Dec/2023:08:38:16 -0500] "GET /BLA/resoluciones/RESOLUCIONES%202018/2321.PDF HTTP/1.0" 200 8372799
156.59.198.135 - - [27/Dec/2023:08:38:41 -0500] "GET /BLA/resoluciones/RESOLUCIONES%202007/RES%202007%203001%20AL%203100/RESOLUCION%203032%20DE%202007.pdf HTTP/1.0" 200 1118222
172.22.2.4 - - [27/Dec/2023:08:37:08 -0500] "GET /BLA/boletinlegal/ HTTP/1.1" 200 58567
201.245.192.253 - - [27/Dec/2023:08:38:48 -0500] "GET /BLA/resoluciones/ HTTP/1.1" 200 13696
181.61.157.160 - - [27/Dec/2023:08:38:54 -0500] "POST /sipse/faces/presentacion/financiero/solicitudProceso/consultarSolicitudProceso.xhtml HTTP/1.1" 200 62479
181.61.157.160 - - [27/Dec/2023:08:38:55 -0500] "GET /sipse/faces/javax.faces.resource/theme.css?ln=primefaces-sipse HTTP/1.1" 304 -
181.61.157.160 - - [27/Dec/2023:08:38:55 -0500] "GET /sipse/faces/javax.faces.resource/layout/layout.css?ln=primefaces&v=4.0 HTTP/1.1" 304 -
181.61.157.160 - - [27/Dec/2023:08:38:55 -0500] "GET /sipse/faces/javax.faces.resource/primefaces.css?ln=primefaces&v=4.0 HTTP/1.1" 304 -
181.61.157.160 - - [27/Dec/2023:08:38:55 -0500] "GET /sipse/faces/javax.faces.resource/jquery/jquery.js?ln=primefaces&v=4.0 HTTP/1.1" 304 -
181.61.157.160 - - [27/Dec/2023:08:38:55 -0500] "GET /sipse/faces/javax.faces.resource/jquery/jquery-plugins.js?ln=primefaces&v=4.0 HTTP/1.1" 304 -
181.61.157.160 - - [27/Dec/2023:08:38:55 -0500] "GET /sipse/faces/javax.faces.resource/primefaces.js?ln=primefaces&v=4.0 HTTP/1.1" 304 -
181.61.157.160 - - [27/Dec/2023:08:38:55 -0500] "GET /sipse/faces/javax.faces.resource/layout/layout.js?ln=primefaces&v=4.0 HTTP/1.1" 304 -
181.61.157.160 - - [27/Dec/2023:08:38:56 -0500] "GET /sipse/css/imagen/contrasena.png HTTP/1.1" 404 383
181.61.157.160 - - [27/Dec/2023:08:38:56 -0500] "POST /sipse/faces/presentacion/financiero/solicitudProceso/listarSolicitudProceso.xhtml HTTP/1.1" 200 55747
181.61.157.160 - - [27/Dec/2023:08:38:56 -0500] "POST /sipse/faces/presentacion/financiero/solicitudProceso/listarSolicitudProceso.xhtml HTTP/1.1" 200 55747
181.61.157.160 - - [27/Dec/2023:08:38:57 -0500] "POST /sipse/faces/presentacion/financiero/solicitudProceso/listarSolicitudProceso.xhtml HTTP/1.1" 200 55747
181.61.157.160 - - [27/Dec/2023:08:38:58 -0500] "POST /sipse/faces/presentacion/financiero/solicitudProceso/listarSolicitudProceso.xhtml HTTP/1.1" 200 55747
181.61.157.160 - - [27/Dec/2023:08:38:58 -0500] "POST /sipse/faces/presentacion/financiero/solicitudProceso/listarSolicitudProceso.xhtml HTTP/1.1" 200 55747
181.61.157.160 - - [27/Dec/2023:08:38:59 -0500] "POST /sipse/faces/presentacion/financiero/solicitudProceso/listarSolicitudProceso.xhtml HTTP/1.1" 200 55747
201.245.192.253 - - [27/Dec/2023:08:39:00 -0500] "GET /BLA/resoluciones/index.php?dir=RESOLUCIONES+2011%2F HTTP/1.1" 200 747162
181.61.157.160 - - [27/Dec/2023:08:39:00 -0500] "POST /sipse/faces/presentacion/financiero/solicitudProceso/listarSolicitudProceso.xhtml HTTP/1.1" 200 1564
181.61.157.160 - - [27/Dec/2023:08:39:01 -0500] "POST /sipse/faces/presentacion/financiero/solicitudProceso/listarSolicitudProceso.xhtml HTTP/1.1" 200 1552
181.61.157.160 - - [27/Dec/2023:08:39:01 -0500] "POST /sipse/faces/presentacion/financiero/solicitudProceso/listarSolicitudProceso.xhtml HTTP/1.1" 200 1568
181.61.157.160 - - [27/Dec/2023:08:39:02 -0500] "POST /sipse/faces/presentacion/financiero/solicitudProceso/listarSolicitudProceso.xhtml HTTP/1.1" 200 1552
181.61.157.160 - - [27/Dec/2023:08:39:02 -0500] "POST /sipse/faces/presentacion/financiero/solicitudProceso/listarSolicitudProceso.xhtml HTTP/1.1" 200 1568
181.61.157.160 - - [27/Dec/2023:08:39:03 -0500] "POST /sipse/faces/presentacion/financiero/solicitudProceso/listarSolicitudProceso.xhtml HTTP/1.1" 200 1552
181.61.157.160 - - [27/Dec/2023:08:39:04 -0500] "POST /sipse/faces/presentacion/financiero/solicitudProceso/listarSolicitudProceso.xhtml HTTP/1.1" 200 1564
156.59.198.135 - - [27/Dec/2023:08:39:05 -0500] "GET /BLA/resoluciones/RESOLUCIONES%202008/1739.pdf HTTP/1.0" 200 294517
181.61.157.160 - - [27/Dec/2023:08:39:16 -0500] "POST /sipse/faces/presentacion/financiero/solicitudProceso/listarSolicitudProceso.xhtml HTTP/1.1" 200 115907
181.61.157.160 - - [27/Dec/2023:08:39:21 -0500] "GET /sipse/faces/javax.faces.resource/theme.css?ln=primefaces-sipse HTTP/1.1" 304 -
181.61.157.160 - - [27/Dec/2023:08:39:21 -0500] "GET /sipse/faces/javax.faces.resource/layout/layout.css?ln=primefaces&v=4.0 HTTP/1.1" 304 -
181.61.157.160 - - [27/Dec/2023:08:39:21 -0500] "GET /sipse/faces/javax.faces.resource/jquery/jquery.js?ln=primefaces&v=4.0 HTTP/1.1" 304 -
181.61.157.160 - - [27/Dec/2023:08:39:21 -0500] "GET /sipse/faces/javax.faces.resource/primefaces.css?ln=primefaces&v=4.0 HTTP/1.1" 304 -
181.61.157.160 - - [27/Dec/2023:08:39:21 -0500] "GET /sipse/faces/javax.faces.resource/jquery/jquery-plugins.js?ln=primefaces&v=4.0 HTTP/1.1" 304 -
181.61.157.160 - - [27/Dec/2023:08:39:21 -0500] "GET /sipse/faces/javax.faces.resource/primefaces.js?ln=primefaces&v=4.0 HTTP/1.1" 304 -
181.61.157.160 - - [27/Dec/2023:08:39:21 -0500] "GET /sipse/faces/javax.faces.resource/layout/layout.js?ln=primefaces&v=4.0 HTTP/1.1" 304 -
181.61.157.160 - - [27/Dec/2023:08:39:21 -0500] "GET /sipse/css/imagen/contrasena.png HTTP/1.1" 404 383
181.61.157.160 - - [27/Dec/2023:08:39:22 -0500] "GET /sipse/faces/javax.faces.resource/dynamiccontent.properties?ln=primefaces&pfdrid=XjOR5%2F%2FfPAZAuY9TpWQeCiM0BhlXxYRBGKi%2FQcXXfeA%3D&pfdrid_c=false HTTP/1.1" 500 383
156.59.198.136 - - [27/Dec/2023:08:39:29 -0500] "GET /BLA/resoluciones/RESOLUCIONES%202008/3152.pdf HTTP/1.0" 200 1132215
201.245.192.253 - - [27/Dec/2023:08:39:32 -0500] "POST /forms/lservlet;jsessionid=ac16012b30d6ac84fb743cb8490d9168fad49a174d06.e3iSbxaKaheRe34Qc38TbN0Nb41ynknvrkLOlQzNp65In0 HTTP/1.1" 200 2
201.245.192.253 - - [27/Dec/2023:08:39:36 -0500] "POST /forms/lservlet;jsessionid=ac16012b30d608a3c74dabe741288258ac4c4de7c868.e3iSbxaKaheRe34Qc38TbN0Nb41ynknvrkLOlQzNp65In0 HTTP/1.1" 200 2
181.61.157.160 - - [27/Dec/2023:08:39:35 -0500] "POST /sipse/faces/presentacion/financiero/solicitudProceso/consultarSolicitudProceso.xhtml HTTP/1.1" 200 1437009
181.54.236.238 - - [27/Dec/2023:08:39:32 -0500] "GET /BLA/boletinlegal/admin/ HTTP/1.1" 200 15891
181.54.236.238 - - [27/Dec/2023:08:39:49 -0500] "GET /BLA/boletinlegal/admin/index_files/index_files/tback.gif HTTP/1.1" 404 1334
156.59.198.135 - - [27/Dec/2023:08:39:53 -0500] "GET /BLA/resoluciones/RESOLUCIONES%202008/1601.pdf HTTP/1.0" 200 521131
201.245.192.253 - - [27/Dec/2023:08:39:53 -0500] "GET /BLA/resoluciones/index.php?dir=RESOLUCIONES+2007%2F HTTP/1.1" 200 37998
201.245.192.253 - - [27/Dec/2023:08:40:04 -0500] "POST /kwsrmcab/Wsrmcab HTTP/1.1" 200 36658
201.245.192.253 - - [27/Dec/2023:08:40:10 -0500] "GET /BLA/resoluciones/index.php?dir=RESOLUCIONES+2007%2FRES+2007+3601+AL+3700%2F HTTP/1.1" 200 26855
201.245.192.253 - - [27/Dec/2023:08:40:09 -0500] "POST /kwsrmcab/Wsrmcab HTTP/1.1" 200 36821
201.245.192.253 - - [27/Dec/2023:08:40:13 -0500] "GET /BLA/resoluciones/RESOLUCIONES%202007/RES%202007%203601%20AL%203700/RESOLUCION%203613%20DE%202007.pdf HTTP/1.1" 200 401493
156.59.198.135 - - [27/Dec/2023:08:40:17 -0500] "GET /BLA/resoluciones/Notificaciones/AUTOS%202023/03799.pdf HTTP/1.0" 200 8279867
186.102.45.119 - - [27/Dec/2023:08:40:29 -0500] "-" 408 -
181.234.189.241 - - [27/Dec/2023:08:40:32 -0500] "GET /BLA/resoluciones/ HTTP/1.1" 200 13696
186.86.120.156 - - [27/Dec/2023:08:40:33 -0500] "GET /distrito-exalto-a-246-empresas-de-bogota-por-su-alto-desempeno-y-responsabilidad-ambiental-durante-2023.html HTTP/1.1" 200 1039
156.59.198.136 - - [27/Dec/2023:08:40:43 -0500] "GET /BLA/resoluciones/RESOLUCIONES%202007/RES%202007%202801%20AL%202900/RESOLUCION%202822%20DE%202007.pdf HTTP/1.0" 200 466491
181.234.189.241 - - [27/Dec/2023:08:40:39 -0500] "GET /BLA/resoluciones/index.php?dir=AUTOS+2018%2F HTTP/1.1" 200 468890
181.54.236.238 - - [27/Dec/2023:08:40:45 -0500] "GET /BLA/boletinlegal/admin/actos/ingresar.php HTTP/1.1" 200 7209
181.54.236.238 - - [27/Dec/2023:08:40:45 -0500] "GET /BLA/boletinlegal/admin/img/h1.png HTTP/1.1" 200 3227
181.54.236.238 - - [27/Dec/2023:08:40:45 -0500] "GET /BLA/boletinlegal/admin/img/overlay.png HTTP/1.1" 200 984
181.54.236.238 - - [27/Dec/2023:08:40:46 -0500] "GET /BLA/boletinlegal/images/favicon.ico HTTP/1.1" 404 1328
172.22.2.4 - - [27/Dec/2023:08:41:05 -0500] "GET /BLA/boletinlegal/actos.php HTTP/1.1" 200 9682
172.22.2.4 - - [27/Dec/2023:08:41:05 -0500] "GET /BLA/boletinlegal/js/ajax_actos.js HTTP/1.1" 200 1322
172.22.2.4 - - [27/Dec/2023:08:41:05 -0500] "GET /BLA/boletinlegal/niceforms.js HTTP/1.1" 200 22876
172.22.2.4 - - [27/Dec/2023:08:41:05 -0500] "GET /BLA/boletinlegal/js/lib.js HTTP/1.1" 200 6474
172.22.2.4 - - [27/Dec/2023:08:41:05 -0500] "GET /BLA/boletinlegal/js/popup.js HTTP/1.1" 200 1270
172.22.2.4 - - [27/Dec/2023:08:41:05 -0500] "GET /BLA/boletinlegal/js/jquery1.js HTTP/1.1" 200 29846
172.22.2.4 - - [27/Dec/2023:08:41:05 -0500] "GET /BLA/boletinlegal/images/green-yellow-blue-pink-th.png HTTP/1.1" 200 7394
172.22.2.4 - - [27/Dec/2023:08:41:05 -0500] "GET /BLA/boletinlegal/images/tel.png HTTP/1.1" 200 14477
172.22.2.4 - - [27/Dec/2023:08:41:05 -0500] "GET /BLA/boletinlegal/images/icono-email.png HTTP/1.1" 200 5544
172.22.2.4 - - [27/Dec/2023:08:41:05 -0500] "GET /BLA/boletinlegal/images/footer_bg_l.jpg HTTP/1.1" 200 776
172.22.2.4 - - [27/Dec/2023:08:41:05 -0500] "GET /BLA/boletinlegal/img/select-right.png HTTP/1.1" 200 44019
172.22.2.4 - - [27/Dec/2023:08:41:05 -0500] "GET /BLA/boletinlegal/img/select-left.png HTTP/1.1" 200 263
172.22.2.4 - - [27/Dec/2023:08:41:05 -0500] "GET /BLA/boletinlegal/img/0.png HTTP/1.1" 200 110
172.22.2.4 - - [27/Dec/2023:08:41:05 -0500] "GET /BLA/boletinlegal/img/button-left.png HTTP/1.1" 200 57071
172.22.2.4 - - [27/Dec/2023:08:41:05 -0500] "GET /BLA/boletinlegal/img/button.png HTTP/1.1" 200 43241
172.22.2.4 - - [27/Dec/2023:08:41:05 -0500] "GET /BLA/boletinlegal/img/button-right.png HTTP/1.1" 200 57878
172.22.2.4 - - [27/Dec/2023:08:41:05 -0500] "GET /BLA/boletinlegal/favicon.ico HTTP/1.1" 404 1326
156.59.198.135 - - [27/Dec/2023:08:41:07 -0500] "GET /BLA/resoluciones/RESOLUCIONES%202009/4402.pdf HTTP/1.0" 200 462263
201.245.192.253 - - [27/Dec/2023:08:41:08 -0500] "GET /sipse/faces/javax.faces.resource/theme.css?ln=primefaces-sipse HTTP/1.1" 304 -
201.245.192.253 - - [27/Dec/2023:08:41:08 -0500] "GET /favicon.ico HTTP/1.1" 200 7782
201.245.192.253 - - [27/Dec/2023:08:41:08 -0500] "GET /sipse/faces/faces/autenticacion.xhtml HTTP/1.1" 200 12410
201.245.192.253 - - [27/Dec/2023:08:41:08 -0500] "GET /sipse/js/disable_browser_buttons.js HTTP/1.1" 304 -
201.245.192.253 - - [27/Dec/2023:08:41:08 -0500] "GET /sipse/js/funciones.js HTTP/1.1" 304 -
201.245.192.253 - - [27/Dec/2023:08:41:08 -0500] "GET /sipse/css/custom_css_sg_prime_login.css HTTP/1.1" 304 -
201.245.192.253 - - [27/Dec/2023:08:41:08 -0500] "GET /sipse/faces/javax.faces.resource/theme.css?ln=primefaces-sipse HTTP/1.1" 304 -
201.245.192.253 - - [27/Dec/2023:08:41:08 -0500] "GET /sipse/faces/javax.faces.resource/primefaces.css?ln=primefaces&v=4.0 HTTP/1.1" 304 -
201.245.192.253 - - [27/Dec/2023:08:41:08 -0500] "GET /sipse/css/custom_css_sg.css HTTP/1.1" 304 -
201.245.192.253 - - [27/Dec/2023:08:41:08 -0500] "GET /sipse/faces/javax.faces.resource/layout/layout.css?ln=primefaces&v=4.0 HTTP/1.1" 304 -
201.245.192.253 - - [27/Dec/2023:08:41:08 -0500] "GET /sipse/faces/javax.faces.resource/jquery/jquery-plugins.js?ln=primefaces&v=4.0 HTTP/1.1" 304 -
201.245.192.253 - - [27/Dec/2023:08:41:08 -0500] "GET /sipse/faces/javax.faces.resource/layout/layout.js?ln=primefaces&v=4.0 HTTP/1.1" 304 -
201.245.192.253 - - [27/Dec/2023:08:41:08 -0500] "GET /sipse/faces/javax.faces.resource/primefaces.js?ln=primefaces&v=4.0 HTTP/1.1" 304 -
201.245.192.253 - - [27/Dec/2023:08:41:08 -0500] "GET /sipse/faces/javax.faces.resource/jquery/jquery.js?ln=primefaces&v=4.0 HTTP/1.1" 304 -
201.245.192.253 - - [27/Dec/2023:08:41:09 -0500] "GET /sipse/css/imagen/loginimg.png HTTP/1.1" 304 -
201.245.192.253 - - [27/Dec/2023:08:41:09 -0500] "GET /sipse/css/imagen/logoSDG.png HTTP/1.1" 304 -
201.245.192.253 - - [27/Dec/2023:08:41:09 -0500] "GET /sipse/faces/javax.faces.resource/images/ui-icons_898989_256x240.png?ln=primefaces-aristo HTTP/1.1" 304 -
201.245.192.253 - - [27/Dec/2023:08:41:13 -0500] "POST /sipse/faces/autenticacion.xhtml HTTP/1.1" 200 16301
201.245.192.253 - - [27/Dec/2023:08:41:13 -0500] "GET /sipse/css/custom_css_sg_prime.css HTTP/1.1" 304 -
201.245.192.253 - - [27/Dec/2023:08:41:13 -0500] "GET /sipse/js/jquery.min.js HTTP/1.1" 304 -
201.245.192.253 - - [27/Dec/2023:08:41:13 -0500] "GET /sipse/faces/javax.faces.resource/primefaces.css?ln=primefaces&v=4.0 HTTP/1.1" 304 -
201.245.192.253 - - [27/Dec/2023:08:41:13 -0500] "GET /sipse/faces/javax.faces.resource/layout/layout.css?ln=primefaces&v=4.0 HTTP/1.1" 304 -
201.245.192.253 - - [27/Dec/2023:08:41:13 -0500] "GET /sipse/faces/javax.faces.resource/theme.css?ln=primefaces-sipse HTTP/1.1" 304 -
201.245.192.253 - - [27/Dec/2023:08:41:13 -0500] "GET /sipse/faces/javax.faces.resource/jquery/jquery.js?ln=primefaces&v=4.0 HTTP/1.1" 304 -
201.245.192.253 - - [27/Dec/2023:08:41:13 -0500] "GET /sipse/faces/javax.faces.resource/jquery/jquery-plugins.js?ln=primefaces&v=4.0 HTTP/1.1" 304 -
201.245.192.253 - - [27/Dec/2023:08:41:13 -0500] "GET /sipse/faces/javax.faces.resource/primefaces.js?ln=primefaces&v=4.0 HTTP/1.1" 304 -
201.245.192.253 - - [27/Dec/2023:08:41:13 -0500] "GET /sipse/faces/javax.faces.resource/layout/layout.js?ln=primefaces&v=4.0 HTTP/1.1" 304 -
201.245.192.253 - - [27/Dec/2023:08:41:13 -0500] "GET /sipse/css/v_mergente.css HTTP/1.1" 304 -
201.245.192.253 - - [27/Dec/2023:08:41:13 -0500] "GET /sipse/imagenes/cargando.gif HTTP/1.1" 304 -
201.245.192.253 - - [27/Dec/2023:08:41:13 -0500] "GET /sipse/imagenes/logoAplicacion.jpg HTTP/1.1" 304 -
201.245.192.253 - - [27/Dec/2023:08:41:13 -0500] "GET /sipse/css/imagen/contrasena.png HTTP/1.1" 404 383
201.245.192.253 - - [27/Dec/2023:08:41:13 -0500] "GET /sipse/faces/javax.faces.resource/messages/messages.png?ln=primefaces&v=4.0 HTTP/1.1" 304 -
172.22.2.4 - - [27/Dec/2023:08:41:15 -0500] "GET /BLA/boletinlegal/consulta_actos.php?tipo=resoluciones&no=0250&usuario=&sector=&fecha=1997&resuelve= HTTP/1.1" 200 1088
156.59.198.136 - - [27/Dec/2023:08:41:32 -0500] "GET /BLA/resoluciones/RESOLUCIONES%202008/1784.pdf HTTP/1.0" 200 350302
201.245.192.253 - - [27/Dec/2023:08:41:33 -0500] "POST /forms/lservlet;jsessionid=ac16012b30d6ac84fb743cb8490d9168fad49a174d06.e3iSbxaKaheRe34Qc38TbN0Nb41ynknvrkLOlQzNp65In0 HTTP/1.1" 200 2
201.245.192.253 - - [27/Dec/2023:08:41:36 -0500] "POST /forms/lservlet;jsessionid=ac16012b30d608a3c74dabe741288258ac4c4de7c868.e3iSbxaKaheRe34Qc38TbN0Nb41ynknvrkLOlQzNp65In0 HTTP/1.1" 200 2
172.22.2.4 - - [27/Dec/2023:08:41:04 -0500] "GET /BLA/boletinlegal/ HTTP/1.1" 200 24523
66.249.73.37 - - [27/Dec/2023:08:41:41 -0500] "GET /BLA/resoluciones/Notificaciones/RESOLUCIONES%202022/05511.pdf HTTP/1.1" 200 2393976
201.245.192.253 - - [27/Dec/2023:08:41:41 -0500] "POST /kwsrmcab/Wsrmcab  HTTP/1.1" 200 36330
216.245.221.92 - - [27/Dec/2023:08:41:46 -0500] "HEAD / HTTP/1.1" 200 -
201.245.192.253 - - [27/Dec/2023:08:41:56 -0500] "GET /sipse/faces/javax.faces.resource/images/ui-bg_flat_0_2d5972_40x100.png?ln=primefaces-aristo HTTP/1.1" 304 -
201.245.192.253 - - [27/Dec/2023:08:41:56 -0500] "POST /sipse/faces/bienvenido.xhtml HTTP/1.1" 200 9243
156.59.198.135 - - [27/Dec/2023:08:41:57 -0500] "GET /BLA/resoluciones/RESOLUCIONES%202008/3687.pdf HTTP/1.0" 200 375442
201.245.192.253 - - [27/Dec/2023:08:41:58 -0500] "POST /sipse/faces/bienvenido.xhtml HTTP/1.1" 200 1473
201.245.192.253 - - [27/Dec/2023:08:41:58 -0500] "POST /sipse/faces/bienvenido.xhtml HTTP/1.1" 200 37886
201.245.192.253 - - [27/Dec/2023:08:41:59 -0500] "GET /sipse/faces/javax.faces.resource/primefaces.css?ln=primefaces&v=4.0 HTTP/1.1" 304 -
201.245.192.253 - - [27/Dec/2023:08:41:59 -0500] "GET /sipse/faces/javax.faces.resource/theme.css?ln=primefaces-sipse HTTP/1.1" 304 -
201.245.192.253 - - [27/Dec/2023:08:41:59 -0500] "GET /sipse/faces/javax.faces.resource/layout/layout.css?ln=primefaces&v=4.0 HTTP/1.1" 304 -
201.245.192.253 - - [27/Dec/2023:08:41:59 -0500] "GET /sipse/faces/javax.faces.resource/jquery/jquery.js?ln=primefaces&v=4.0 HTTP/1.1" 304 -
201.245.192.253 - - [27/Dec/2023:08:41:59 -0500] "GET /sipse/faces/javax.faces.resource/jquery/jquery-plugins.js?ln=primefaces&v=4.0 HTTP/1.1" 304 -
201.245.192.253 - - [27/Dec/2023:08:41:59 -0500] "GET /sipse/faces/javax.faces.resource/primefaces.js?ln=primefaces&v=4.0 HTTP/1.1" 304 -
201.245.192.253 - - [27/Dec/2023:08:41:59 -0500] "GET /sipse/faces/javax.faces.resource/layout/layout.js?ln=primefaces&v=4.0 HTTP/1.1" 304 -
201.245.192.253 - - [27/Dec/2023:08:42:02 -0500] "POST /sipse/faces/presentacion/financiero/solicitudProceso/consultar.xhtml HTTP/1.1" 200 12793
201.245.192.253 - - [27/Dec/2023:08:42:09 -0500] "POST /sipse/faces/presentacion/financiero/solicitudProceso/consultar.xhtml HTTP/1.1" 200 162827
201.245.192.253 - - [27/Dec/2023:08:42:12 -0500] "GET /sipse/faces/javax.faces.resource/layout/layout.css?ln=primefaces&v=4.0 HTTP/1.1" 304 -
201.245.192.253 - - [27/Dec/2023:08:42:12 -0500] "GET /sipse/faces/javax.faces.resource/theme.css?ln=primefaces-sipse HTTP/1.1" 304 -
201.245.192.253 - - [27/Dec/2023:08:42:12 -0500] "GET /sipse/faces/javax.faces.resource/primefaces.css?ln=primefaces&v=4.0 HTTP/1.1" 304 -
201.245.192.253 - - [27/Dec/2023:08:42:12 -0500] "GET /sipse/faces/javax.faces.resource/jquery/jquery.js?ln=primefaces&v=4.0 HTTP/1.1" 304 -
201.245.192.253 - - [27/Dec/2023:08:42:12 -0500] "GET /sipse/faces/javax.faces.resource/jquery/jquery-plugins.js?ln=primefaces&v=4.0 HTTP/1.1" 304 -
201.245.192.253 - - [27/Dec/2023:08:42:12 -0500] "GET /sipse/faces/javax.faces.resource/primefaces.js?ln=primefaces&v=4.0 HTTP/1.1" 304 -
201.245.192.253 - - [27/Dec/2023:08:42:12 -0500] "GET /sipse/faces/javax.faces.resource/layout/layout.js?ln=primefaces&v=4.0 HTTP/1.1" 304 -
201.245.192.253 - - [27/Dec/2023:08:42:12 -0500] "GET /sipse/faces/javax.faces.resource/dynamiccontent.properties?ln=primefaces&pfdrid=XjOR5%2F%2FfPAZAuY9TpWQeCiM0BhlXxYRBGKi%2FQcXXfeA%3D&pfdrid_c=false HTTP/1.1" 500 383
181.54.236.238 - - [27/Dec/2023:08:42:20 -0500] "POST /BLA/boletinlegal/admin/actos/ingresar.php HTTP/1.1" 200 7302
156.59.198.135 - - [27/Dec/2023:08:42:21 -0500] "GET /BLA/resoluciones/RESOLUCIONES%202009/2048.pdf HTTP/1.0" 200 616915
201.245.192.253 - - [27/Dec/2023:08:42:20 -0500] "POST /sipse/faces/presentacion/financiero/solicitudProceso/consultarSolicitudProceso.xhtml HTTP/1.1" 200 49612
201.245.192.253 - - [27/Dec/2023:08:42:22 -0500] "GET /sipse/faces/javax.faces.resource/primefaces.css?ln=primefaces&v=4.0 HTTP/1.1" 304 -
201.245.192.253 - - [27/Dec/2023:08:42:22 -0500] "GET /sipse/faces/javax.faces.resource/theme.css?ln=primefaces-sipse HTTP/1.1" 304 -
201.245.192.253 - - [27/Dec/2023:08:42:22 -0500] "GET /sipse/faces/javax.faces.resource/primefaces.js?ln=primefaces&v=4.0 HTTP/1.1" 304 -
201.245.192.253 - - [27/Dec/2023:08:42:22 -0500] "GET /sipse/faces/javax.faces.resource/jquery/jquery-plugins.js?ln=primefaces&v=4.0 HTTP/1.1" 304 -
201.245.192.253 - - [27/Dec/2023:08:42:22 -0500] "GET /sipse/faces/javax.faces.resource/jquery/jquery.js?ln=primefaces&v=4.0 HTTP/1.1" 304 -
201.245.192.253 - - [27/Dec/2023:08:42:22 -0500] "GET /sipse/faces/javax.faces.resource/layout/layout.css?ln=primefaces&v=4.0 HTTP/1.1" 304 -
201.245.192.253 - - [27/Dec/2023:08:42:22 -0500] "GET /sipse/faces/javax.faces.resource/layout/layout.js?ln=primefaces&v=4.0 HTTP/1.1" 304 -
156.59.198.136 - - [27/Dec/2023:08:42:45 -0500] "GET /BLA/resoluciones/AUTOS%202010/3740.pdf HTTP/1.0" 200 218025
181.53.12.6 - - [27/Dec/2023:08:43:02 -0500] "GET /sipse/faces/index.xhtml HTTP/1.1" 200 677
181.53.12.6 - - [27/Dec/2023:08:43:02 -0500] "GET /sipse/faces/javax.faces.resource/theme.css?ln=primefaces-sipse HTTP/1.1" 304 -
181.53.12.6 - - [27/Dec/2023:08:43:03 -0500] "GET /sipse/faces/faces/autenticacion.xhtml HTTP/1.1" 200 12410
181.53.12.6 - - [27/Dec/2023:08:43:03 -0500] "GET /sipse/js/disable_browser_buttons.js HTTP/1.1" 304 -
181.53.12.6 - - [27/Dec/2023:08:43:03 -0500] "GET /sipse/css/custom_css_sg.css HTTP/1.1" 304 -
181.53.12.6 - - [27/Dec/2023:08:43:03 -0500] "GET /sipse/css/custom_css_sg_prime_login.css HTTP/1.1" 304 -
181.53.12.6 - - [27/Dec/2023:08:43:03 -0500] "GET /sipse/faces/javax.faces.resource/theme.css?ln=primefaces-sipse HTTP/1.1" 304 -
181.53.12.6 - - [27/Dec/2023:08:43:03 -0500] "GET /sipse/js/funciones.js HTTP/1.1" 304 -
181.53.12.6 - - [27/Dec/2023:08:43:03 -0500] "GET /sipse/faces/javax.faces.resource/layout/layout.css?ln=primefaces&v=4.0 HTTP/1.1" 304 -
181.53.12.6 - - [27/Dec/2023:08:43:03 -0500] "GET /sipse/faces/javax.faces.resource/primefaces.css?ln=primefaces&v=4.0 HTTP/1.1" 304 -
181.53.12.6 - - [27/Dec/2023:08:43:03 -0500] "GET /sipse/faces/javax.faces.resource/primefaces.js?ln=primefaces&v=4.0 HTTP/1.1" 304 -
181.53.12.6 - - [27/Dec/2023:08:43:03 -0500] "GET /sipse/faces/javax.faces.resource/jquery/jquery.js?ln=primefaces&v=4.0 HTTP/1.1" 304 -
181.53.12.6 - - [27/Dec/2023:08:43:03 -0500] "GET /sipse/faces/javax.faces.resource/jquery/jquery-plugins.js?ln=primefaces&v=4.0 HTTP/1.1" 304 -
181.53.12.6 - - [27/Dec/2023:08:43:03 -0500] "GET /sipse/faces/javax.faces.resource/layout/layout.js?ln=primefaces&v=4.0 HTTP/1.1" 304 -
181.53.12.6 - - [27/Dec/2023:08:43:03 -0500] "GET /sipse/css/imagen/logoSDG.png HTTP/1.1" 304 -
181.53.12.6 - - [27/Dec/2023:08:43:03 -0500] "GET /sipse/css/imagen/loginimg.png HTTP/1.1" 304 -
181.53.12.6 - - [27/Dec/2023:08:43:03 -0500] "GET /sipse/faces/javax.faces.resource/images/ui-icons_898989_256x240.png?ln=primefaces-aristo HTTP/1.1" 304 -
156.59.198.135 - - [27/Dec/2023:08:43:09 -0500] "GET /BLA/resoluciones/RESOLUCIONES%202009/3362.pdf HTTP/1.0" 200 554727
191.95.60.191 - - [27/Dec/2023:08:43:14 -0500] "POST /appsia/controlador HTTP/1.1" 200 5437
191.95.60.191 - - [27/Dec/2023:08:43:18 -0500] "POST /appsia/controlador HTTP/1.1" 200 3238
191.95.60.191 - - [27/Dec/2023:08:43:18 -0500] "GET /appsia/jscripts/validarSolicitud.js HTTP/1.1" 404 68
191.95.60.191 - - [27/Dec/2023:08:43:23 -0500] "POST /appsia/controlador HTTP/1.1" 200 5437
191.95.60.191 - - [27/Dec/2023:08:43:24 -0500] "POST /appsia/controlador HTTP/1.1" 200 4799
201.245.192.253 - - [27/Dec/2023:08:43:33 -0500] "POST /forms/lservlet;jsessionid=ac16012b30d6ac84fb743cb8490d9168fad49a174d06.e3iSbxaKaheRe34Qc38TbN0Nb41ynknvrkLOlQzNp65In0 HTTP/1.1" 200 2
156.59.198.136 - - [27/Dec/2023:08:43:34 -0500] "GET /BLA/resoluciones/RESOLUCIONES%202008/3678.pdf HTTP/1.0" 200 846155
201.245.192.253 - - [27/Dec/2023:08:43:36 -0500] "POST /forms/lservlet;jsessionid=ac16012b30d608a3c74dabe741288258ac4c4de7c868.e3iSbxaKaheRe34Qc38TbN0Nb41ynknvrkLOlQzNp65In0 HTTP/1.1" 200 2
172.22.2.4 - - [27/Dec/2023:08:42:07 -0500] "HEAD /BLA/boletinlegal/ HTTP/1.1" 200 -
181.53.12.6 - - [27/Dec/2023:08:43:48 -0500] "POST /sipse/faces/autenticacion.xhtml HTTP/1.1" 200 16890
181.53.12.6 - - [27/Dec/2023:08:43:49 -0500] "GET /sipse/css/custom_css_sg_prime.css HTTP/1.1" 304 -
181.53.12.6 - - [27/Dec/2023:08:43:49 -0500] "GET /sipse/faces/javax.faces.resource/primefaces.css?ln=primefaces&v=4.0 HTTP/1.1" 304 -
181.53.12.6 - - [27/Dec/2023:08:43:49 -0500] "GET /sipse/faces/javax.faces.resource/theme.css?ln=primefaces-sipse HTTP/1.1" 304 -
181.53.12.6 - - [27/Dec/2023:08:43:49 -0500] "GET /sipse/js/jquery.min.js HTTP/1.1" 304 -
181.53.12.6 - - [27/Dec/2023:08:43:49 -0500] "GET /sipse/faces/javax.faces.resource/layout/layout.css?ln=primefaces&v=4.0 HTTP/1.1" 304 -
181.53.12.6 - - [27/Dec/2023:08:43:49 -0500] "GET /sipse/faces/javax.faces.resource/jquery/jquery.js?ln=primefaces&v=4.0 HTTP/1.1" 304 -
181.53.12.6 - - [27/Dec/2023:08:43:49 -0500] "GET /sipse/faces/javax.faces.resource/jquery/jquery-plugins.js?ln=primefaces&v=4.0 HTTP/1.1" 304 -
181.53.12.6 - - [27/Dec/2023:08:43:49 -0500] "GET /sipse/faces/javax.faces.resource/primefaces.js?ln=primefaces&v=4.0 HTTP/1.1" 304 -
181.53.12.6 - - [27/Dec/2023:08:43:49 -0500] "GET /sipse/faces/javax.faces.resource/layout/layout.js?ln=primefaces&v=4.0 HTTP/1.1" 304 -
181.53.12.6 - - [27/Dec/2023:08:43:49 -0500] "GET /sipse/css/v_mergente.css HTTP/1.1" 304 -
181.53.12.6 - - [27/Dec/2023:08:43:49 -0500] "GET /sipse/imagenes/cargando.gif HTTP/1.1" 304 -
181.53.12.6 - - [27/Dec/2023:08:43:49 -0500] "GET /sipse/imagenes/logoAplicacion.jpg HTTP/1.1" 304 -
181.53.12.6 - - [27/Dec/2023:08:43:49 -0500] "GET /sipse/css/imagen/contrasena.png HTTP/1.1" 404 383
181.53.12.6 - - [27/Dec/2023:08:43:49 -0500] "GET /sipse/faces/javax.faces.resource/messages/messages.png?ln=primefaces&v=4.0 HTTP/1.1" 304 -
181.53.12.6 - - [27/Dec/2023:08:43:51 -0500] "GET /sipse/faces/javax.faces.resource/images/ui-bg_flat_0_2d5972_40x100.png?ln=primefaces-aristo HTTP/1.1" 304 -
181.53.12.6 - - [27/Dec/2023:08:43:51 -0500] "POST /sipse/faces/bienvenido.xhtml HTTP/1.1" 200 9852
181.53.12.6 - - [27/Dec/2023:08:43:56 -0500] "POST /sipse/faces/bienvenido.xhtml HTTP/1.1" 200 2073
156.59.198.135 - - [27/Dec/2023:08:43:58 -0500] "GET /BLA/resoluciones/RESOLUCIONES%202009/2829.pdf HTTP/1.0" 200 388406
181.53.12.6 - - [27/Dec/2023:08:43:59 -0500] "POST /sipse/faces/bienvenido.xhtml HTTP/1.1" 200 39077
181.53.12.6 - - [27/Dec/2023:08:43:59 -0500] "GET /sipse/faces/javax.faces.resource/theme.css?ln=primefaces-sipse HTTP/1.1" 304 -
181.53.12.6 - - [27/Dec/2023:08:43:59 -0500] "GET /sipse/faces/javax.faces.resource/primefaces.css?ln=primefaces&v=4.0 HTTP/1.1" 304 -
181.53.12.6 - - [27/Dec/2023:08:43:59 -0500] "GET /sipse/faces/javax.faces.resource/layout/layout.css?ln=primefaces&v=4.0 HTTP/1.1" 304 -
181.53.12.6 - - [27/Dec/2023:08:43:59 -0500] "GET /sipse/faces/javax.faces.resource/jquery/jquery.js?ln=primefaces&v=4.0 HTTP/1.1" 304 -
181.53.12.6 - - [27/Dec/2023:08:43:59 -0500] "GET /sipse/faces/javax.faces.resource/jquery/jquery-plugins.js?ln=primefaces&v=4.0 HTTP/1.1" 304 -
181.53.12.6 - - [27/Dec/2023:08:43:59 -0500] "GET /sipse/faces/javax.faces.resource/primefaces.js?ln=primefaces&v=4.0 HTTP/1.1" 304 -
181.53.12.6 - - [27/Dec/2023:08:43:59 -0500] "GET /sipse/faces/javax.faces.resource/layout/layout.js?ln=primefaces&v=4.0 HTTP/1.1" 304 -
156.59.198.136 - - [27/Dec/2023:08:44:22 -0500] "GET /BLA/resoluciones/RESOLUCIONES%202008/2186.pdf HTTP/1.0" 200 430109
172.22.2.4 - - [27/Dec/2023:08:42:57 -0500] "GET /BLA/boletinlegal/ HTTP/1.1" 200 58172
156.59.198.135 - - [27/Dec/2023:08:44:46 -0500] "GET /BLA/resoluciones/RESOLUCIONES%202018/1765.pdf HTTP/1.0" 200 284443
156.59.198.136 - - [27/Dec/2023:08:45:10 -0500] "GET /BLA/resoluciones/RESOLUCIONES%202007/RES%202007%203301%20AL%203400/RESOLUCION%203357%20DE%202007.pdf HTTP/1.0" 200 443500
201.245.192.253 - - [27/Dec/2023:08:45:33 -0500] "POST /forms/lservlet;jsessionid=ac16012b30d6ac84fb743cb8490d9168fad49a174d06.e3iSbxaKaheRe34Qc38TbN0Nb41ynknvrkLOlQzNp65In0 HTTP/1.1" 200 2
156.59.198.136 - - [27/Dec/2023:08:45:36 -0500] "GET /BLA/resoluciones/RESOLUCIONES%202007/RES%202007%203401%20AL%203500/RESOLUCION%203474%20DE%202007.pdf HTTP/1.0" 200 919818
201.245.192.253 - - [27/Dec/2023:08:45:36 -0500] "POST /forms/lservlet;jsessionid=ac16012b30d608a3c74dabe741288258ac4c4de7c868.e3iSbxaKaheRe34Qc38TbN0Nb41ynknvrkLOlQzNp65In0 HTTP/1.1" 200 2
200.13.252.62 - - [27/Dec/2023:08:45:42 -0500] "GET /distrito-exalto-a-246-empresas-de-bogota-por-su-alto-desempeno-y-responsabilidad-ambiental-durante-2023.html HTTP/1.1" 200 1039
66.249.66.193 - - [27/Dec/2023:08:46:00 -0500] "GET /caminatas-ecologicas-un-plan-imperdible-para-octubre.html HTTP/1.1" 200 747
156.59.198.135 - - [27/Dec/2023:08:46:01 -0500] "GET /BLA/resoluciones/RESOLUCIONES%202009/4157.pdf HTTP/1.0" 200 667408
172.22.2.4 - - [27/Dec/2023:08:46:01 -0500] "GET /BLA/boletinlegal/actos.php HTTP/1.1" 200 9682
172.22.2.4 - - [27/Dec/2023:08:46:03 -0500] "GET /BLA/boletinlegal/styles2.css HTTP/1.1" 200 1838
172.22.2.4 - - [27/Dec/2023:08:46:03 -0500] "GET /BLA/boletinlegal/js/ajax_actos.js HTTP/1.1" 200 1322
172.22.2.4 - - [27/Dec/2023:08:46:03 -0500] "GET /BLA/boletinlegal/niceforms-default.css HTTP/1.1" 200 6694
172.22.2.4 - - [27/Dec/2023:08:46:04 -0500] "GET /BLA/boletinlegal/niceforms.js HTTP/1.1" 200 22876
172.22.2.4 - - [27/Dec/2023:08:46:04 -0500] "GET /BLA/boletinlegal/js/lib.js HTTP/1.1" 200 6474
172.22.2.4 - - [27/Dec/2023:08:46:04 -0500] "GET /BLA/boletinlegal/style.css HTTP/1.1" 200 9406
172.22.2.4 - - [27/Dec/2023:08:46:05 -0500] "GET /BLA/boletinlegal/js/popup.js HTTP/1.1" 200 1270
172.22.2.4 - - [27/Dec/2023:08:46:05 -0500] "GET /BLA/boletinlegal/js/jquery1.js HTTP/1.1" 200 29846
172.22.2.4 - - [27/Dec/2023:08:46:05 -0500] "GET /BLA/boletinlegal/images/cabezote%20BLEGAL.jpg HTTP/1.1" 200 118164
172.22.2.4 - - [27/Dec/2023:08:46:08 -0500] "GET /BLA/boletinlegal/images/subscribe-icon-big.png HTTP/1.1" 200 47702
172.22.2.4 - - [27/Dec/2023:08:46:09 -0500] "GET /BLA/boletinlegal/images/registro-usuarios.png HTTP/1.1" 200 8106
172.22.2.4 - - [27/Dec/2023:08:46:09 -0500] "GET /BLA/boletinlegal/images/green-yellow-blue-pink-th.png HTTP/1.1" 200 7394
172.22.2.4 - - [27/Dec/2023:08:46:09 -0500] "GET /BLA/boletinlegal/images/historia.png HTTP/1.1" 200 52775
172.22.2.4 - - [27/Dec/2023:08:46:09 -0500] "GET /BLA/boletinlegal/images/body_bg.jpg HTTP/1.1" 200 1601
172.22.2.4 - - [27/Dec/2023:08:46:09 -0500] "GET /BLA/boletinlegal/images/footer_bg.jpg HTTP/1.1" 200 586
172.22.2.4 - - [27/Dec/2023:08:46:09 -0500] "GET /BLA/boletinlegal/images/menu_lft.gif HTTP/1.1" 200 1713
172.22.2.4 - - [27/Dec/2023:08:46:10 -0500] "GET /BLA/boletinlegal/images/menu_rght.gif HTTP/1.1" 200 1627
172.22.2.4 - - [27/Dec/2023:08:46:10 -0500] "GET /BLA/boletinlegal/images/bg_top.jpg HTTP/1.1" 200 522
172.22.2.4 - - [27/Dec/2023:08:46:10 -0500] "GET /BLA/boletinlegal/images/menu_bg.jpg HTTP/1.1" 200 620
172.22.2.4 - - [27/Dec/2023:08:46:10 -0500] "GET /BLA/boletinlegal/images/hover.jpg HTTP/1.1" 200 640
172.22.2.4 - - [27/Dec/2023:08:46:10 -0500] "GET /BLA/boletinlegal/images/text.jpg HTTP/1.1" 200 568
172.22.2.4 - - [27/Dec/2023:08:46:10 -0500] "GET /BLA/boletinlegal/images/tel.png HTTP/1.1" 200 14477
172.22.2.4 - - [27/Dec/2023:08:46:10 -0500] "GET /BLA/boletinlegal/images/footer_bg_l.jpg HTTP/1.1" 200 776
172.22.2.4 - - [27/Dec/2023:08:46:10 -0500] "GET /BLA/boletinlegal/images/icono-email.png HTTP/1.1" 200 5544
172.22.2.4 - - [27/Dec/2023:08:46:12 -0500] "GET /BLA/boletinlegal/img/select-left.png HTTP/1.1" 200 263
172.22.2.4 - - [27/Dec/2023:08:46:12 -0500] "GET /BLA/boletinlegal/img/select-right.png HTTP/1.1" 200 44019
172.22.2.4 - - [27/Dec/2023:08:46:12 -0500] "GET /BLA/boletinlegal/img/0.png HTTP/1.1" 200 110
172.22.2.4 - - [27/Dec/2023:08:46:12 -0500] "GET /BLA/boletinlegal/favicon.ico HTTP/1.1" 404 1326
172.22.2.4 - - [27/Dec/2023:08:46:13 -0500] "GET /BLA/boletinlegal/img/button-left.png HTTP/1.1" 200 57071
172.22.2.4 - - [27/Dec/2023:08:46:13 -0500] "GET /BLA/boletinlegal/img/button.png HTTP/1.1" 200 43241
172.22.2.4 - - [27/Dec/2023:08:46:13 -0500] "GET /BLA/boletinlegal/img/button-right.png HTTP/1.1" 200 57878
