!C99Shell v. 1.0 pre-release build #13!

Software: Apache. PHP/5.5.15 

uname -a: Windows NT SVR-DMZ 6.1 build 7600 (Windows Server 2008 R2 Enterprise Edition) i586 

SYSTEM 

Safe-mode: OFF (not secure)

E:\nuevo\apache\logs\   drwxrwxrwx
Free 8.02 GB of 239.26 GB (3.35%)
Detected drives: [ a ] [ c ] [ d ] [ e ] [ f ]
Home    Back    Forward    UPDIR    Refresh    Search    Buffer    Encoder    Tools    Proc.    FTP brute    Sec.    SQL    PHP-code    Update    Feedback    Self remove    Logout    


Viewing file:     access.2023.12.28.log (7.11 MB)      -rw-rw-rw-
Select action/file-type:
(+) | (+) | (+) | Code (+) | Session (+) | (+) | SDB (+) | (+) | (+) | (+) | (+) | (+) |
156.59.198.135 - - [28/Dec/2023:00:00:13 -0500] "GET /BLA/resoluciones/RESOLUCIONES%202009/3536.pdf HTTP/1.0" 200 598717
172.22.2.4 - - [27/Dec/2023:23:58:54 -0500] "GET /BLA/boletinlegal/ HTTP/1.1" 200 58567
156.59.198.135 - - [28/Dec/2023:00:00:37 -0500] "GET /BLA/resoluciones/RESOLUCIONES%202009/2433.pdf HTTP/1.0" 200 570941
156.59.198.135 - - [28/Dec/2023:00:01:01 -0500] "GET /BLA/resoluciones/RESOLUCIONES%202009/1382.pdf HTTP/1.0" 200 99147
156.59.198.136 - - [28/Dec/2023:00:01:26 -0500] "GET /BLA/resoluciones/RESOLUCIONES%202009/0685.pdf HTTP/1.0" 200 425734
216.245.221.92 - - [28/Dec/2023:00:01:43 -0500] "HEAD / HTTP/1.1" 200 -
156.59.198.136 - - [28/Dec/2023:00:01:49 -0500] "GET /BLA/resoluciones/RESOLUCIONES%202009/2174.pdf HTTP/1.0" 200 646617
47.128.125.133 - - [28/Dec/2023:00:02:16 -0500] "GET /BLA/resoluciones/index.php?dir=RESOLUCIONES%202005%2FRES%202005%202451-2500%2F&order=desc&sort=size HTTP/1.1" 200 12369
47.128.125.133 - - [28/Dec/2023:00:02:17 -0500] "GET /BLA/resoluciones/dlf/unknown.png HTTP/1.1" 200 266
47.128.125.133 - - [28/Dec/2023:00:02:17 -0500] "GET /BLA/resoluciones/dlf/dirup.png HTTP/1.1" 200 644
190.66.241.120 - - [28/Dec/2023:00:02:33 -0500] "POST /sipse/faces/presentacion/financiero/solicitudProceso/consultarSolicitudProceso.xhtml HTTP/1.1" 200 911
190.66.241.120 - - [28/Dec/2023:00:02:37 -0500] "GET /sipse/faces/presentacion/financiero/solicitudProceso/faces/autenticacion HTTP/1.1" 302 -
190.66.241.120 - - [28/Dec/2023:00:02:37 -0500] "GET /sipse/faces/autenticacion.xhtml HTTP/1.1" 200 12414
201.245.192.253 - - [28/Dec/2023:00:02:35 -0500] "POST /kwsrmcab/Wsrmcab  HTTP/1.1" 200 36178
156.59.198.136 - - [28/Dec/2023:00:02:38 -0500] "GET /BLA/resoluciones/RESOLUCIONES%202009/0078.pdf HTTP/1.0" 200 212627
190.66.241.120 - - [28/Dec/2023:00:02:38 -0500] "GET /sipse/css/custom_css_sg_prime_login.css HTTP/1.1" 304 -
190.66.241.120 - - [28/Dec/2023:00:02:38 -0500] "GET /sipse/faces/javax.faces.resource/theme.css?ln=primefaces-sipse HTTP/1.1" 304 -
190.66.241.120 - - [28/Dec/2023:00:02:38 -0500] "GET /sipse/faces/javax.faces.resource/primefaces.css?ln=primefaces&v=4.0 HTTP/1.1" 304 -
190.66.241.120 - - [28/Dec/2023:00:02:38 -0500] "GET /sipse/faces/javax.faces.resource/layout/layout.css?ln=primefaces&v=4.0 HTTP/1.1" 304 -
190.66.241.120 - - [28/Dec/2023:00:02:38 -0500] "GET /sipse/faces/javax.faces.resource/jquery/jquery-plugins.js?ln=primefaces&v=4.0 HTTP/1.1" 304 -
190.66.241.120 - - [28/Dec/2023:00:02:38 -0500] "GET /sipse/faces/javax.faces.resource/jquery/jquery.js?ln=primefaces&v=4.0 HTTP/1.1" 304 -
190.66.241.120 - - [28/Dec/2023:00:02:38 -0500] "GET /sipse/faces/javax.faces.resource/primefaces.js?ln=primefaces&v=4.0 HTTP/1.1" 304 -
190.66.241.120 - - [28/Dec/2023:00:02:38 -0500] "GET /sipse/faces/javax.faces.resource/layout/layout.js?ln=primefaces&v=4.0 HTTP/1.1" 304 -
190.66.241.120 - - [28/Dec/2023:00:02:38 -0500] "GET /sipse/css/imagen/loginimg.png HTTP/1.1" 304 -
190.66.241.120 - - [28/Dec/2023:00:02:38 -0500] "GET /sipse/faces/javax.faces.resource/images/ui-icons_898989_256x240.png?ln=primefaces-aristo HTTP/1.1" 304 -
66.249.73.36 - - [28/Dec/2023:00:02:43 -0500] "GET /sipse/faces/faces/index.xhtml HTTP/1.1" 200 677
190.66.241.120 - - [28/Dec/2023:00:02:48 -0500] "POST /sipse/faces/autenticacion.xhtml HTTP/1.1" 200 16282
190.66.241.120 - - [28/Dec/2023:00:02:48 -0500] "GET /sipse/faces/javax.faces.resource/theme.css?ln=primefaces-sipse HTTP/1.1" 304 -
190.66.241.120 - - [28/Dec/2023:00:02:48 -0500] "GET /sipse/faces/javax.faces.resource/primefaces.css?ln=primefaces&v=4.0 HTTP/1.1" 304 -
190.66.241.120 - - [28/Dec/2023:00:02:48 -0500] "GET /sipse/faces/javax.faces.resource/layout/layout.css?ln=primefaces&v=4.0 HTTP/1.1" 304 -
190.66.241.120 - - [28/Dec/2023:00:02:48 -0500] "GET /sipse/faces/javax.faces.resource/jquery/jquery.js?ln=primefaces&v=4.0 HTTP/1.1" 304 -
190.66.241.120 - - [28/Dec/2023:00:02:48 -0500] "GET /sipse/faces/javax.faces.resource/jquery/jquery-plugins.js?ln=primefaces&v=4.0 HTTP/1.1" 304 -
190.66.241.120 - - [28/Dec/2023:00:02:48 -0500] "GET /sipse/faces/javax.faces.resource/primefaces.js?ln=primefaces&v=4.0 HTTP/1.1" 304 -
190.66.241.120 - - [28/Dec/2023:00:02:48 -0500] "GET /sipse/faces/javax.faces.resource/layout/layout.js?ln=primefaces&v=4.0 HTTP/1.1" 304 -
190.66.241.120 - - [28/Dec/2023:00:02:48 -0500] "GET /sipse/imagenes/cargando.gif HTTP/1.1" 304 -
190.66.241.120 - - [28/Dec/2023:00:02:48 -0500] "GET /sipse/imagenes/logoAplicacion.jpg HTTP/1.1" 304 -
190.66.241.120 - - [28/Dec/2023:00:02:48 -0500] "GET /sipse/css/v_mergente.css HTTP/1.1" 304 -
190.66.241.120 - - [28/Dec/2023:00:02:48 -0500] "GET /sipse/css/imagen/contrasena.png HTTP/1.1" 404 383
190.66.241.120 - - [28/Dec/2023:00:02:48 -0500] "GET /sipse/faces/javax.faces.resource/messages/messages.png?ln=primefaces&v=4.0 HTTP/1.1" 304 -
190.66.241.120 - - [28/Dec/2023:00:02:56 -0500] "GET /sipse/faces/javax.faces.resource/images/ui-bg_flat_0_2d5972_40x100.png?ln=primefaces-aristo HTTP/1.1" 304 -
190.66.241.120 - - [28/Dec/2023:00:02:56 -0500] "POST /sipse/faces/bienvenido.xhtml HTTP/1.1" 200 1471
190.66.241.120 - - [28/Dec/2023:00:02:57 -0500] "POST /sipse/faces/bienvenido.xhtml HTTP/1.1" 200 61551
190.66.241.120 - - [28/Dec/2023:00:02:57 -0500] "GET /sipse/faces/javax.faces.resource/theme.css?ln=primefaces-sipse HTTP/1.1" 304 -
190.66.241.120 - - [28/Dec/2023:00:02:57 -0500] "GET /sipse/faces/javax.faces.resource/layout/layout.css?ln=primefaces&v=4.0 HTTP/1.1" 304 -
190.66.241.120 - - [28/Dec/2023:00:02:57 -0500] "GET /sipse/faces/javax.faces.resource/primefaces.css?ln=primefaces&v=4.0 HTTP/1.1" 304 -
190.66.241.120 - - [28/Dec/2023:00:02:58 -0500] "GET /sipse/faces/javax.faces.resource/jquery/jquery.js?ln=primefaces&v=4.0 HTTP/1.1" 304 -
190.66.241.120 - - [28/Dec/2023:00:02:58 -0500] "GET /sipse/faces/javax.faces.resource/jquery/jquery-plugins.js?ln=primefaces&v=4.0 HTTP/1.1" 304 -
190.66.241.120 - - [28/Dec/2023:00:02:58 -0500] "GET /sipse/faces/javax.faces.resource/primefaces.js?ln=primefaces&v=4.0 HTTP/1.1" 304 -
190.66.241.120 - - [28/Dec/2023:00:02:58 -0500] "GET /sipse/faces/javax.faces.resource/layout/layout.js?ln=primefaces&v=4.0 HTTP/1.1" 304 -
190.66.241.120 - - [28/Dec/2023:00:02:58 -0500] "POST /sipse/faces/presentacion/financiero/solicitudProceso/listarSolicitudProceso.xhtml HTTP/1.1" 200 1564
156.59.198.135 - - [28/Dec/2023:00:03:03 -0500] "GET /BLA/resoluciones/RESOLUCIONES%202009/4336.pdf HTTP/1.0" 200 117932
190.66.241.120 - - [28/Dec/2023:00:03:08 -0500] "POST /sipse/faces/presentacion/financiero/solicitudProceso/listarSolicitudProceso.xhtml HTTP/1.1" 200 32099
190.66.241.120 - - [28/Dec/2023:00:03:13 -0500] "POST /sipse/faces/presentacion/financiero/solicitudProceso/listarSolicitudProceso.xhtml HTTP/1.1" 200 11136
172.22.2.4 - - [28/Dec/2023:00:02:53 -0500] "GET /BLA/boletinlegal/ HTTP/1.1" 200 24523
156.59.198.136 - - [28/Dec/2023:00:03:27 -0500] "GET /BLA/resoluciones/RESOLUCIONES%202009/1520.pdf HTTP/1.0" 200 446898
156.59.198.136 - - [28/Dec/2023:00:03:51 -0500] "GET /BLA/resoluciones/RESOLUCIONES%202009/2993.pdf HTTP/1.0" 200 613340
156.59.198.135 - - [28/Dec/2023:00:04:16 -0500] "GET /BLA/resoluciones/RESOLUCIONES%202009/2846.pdf HTTP/1.0" 200 298847
156.59.198.135 - - [28/Dec/2023:00:04:40 -0500] "GET /BLA/resoluciones/RESOLUCIONES%202009/1004.pdf HTTP/1.0" 200 208543
190.66.241.120 - - [28/Dec/2023:00:04:56 -0500] "POST /sipse/faces/presentacion/financiero/solicitudProceso/listarSolicitudProceso.xhtml HTTP/1.1" 200 31264
190.66.241.120 - - [28/Dec/2023:00:04:59 -0500] "POST /sipse/faces/presentacion/financiero/solicitudProceso/listarSolicitudProceso.xhtml HTTP/1.1" 200 114672
190.66.241.120 - - [28/Dec/2023:00:05:00 -0500] "GET /sipse/faces/javax.faces.resource/theme.css?ln=primefaces-sipse HTTP/1.1" 304 -
190.66.241.120 - - [28/Dec/2023:00:05:00 -0500] "GET /sipse/faces/javax.faces.resource/primefaces.css?ln=primefaces&v=4.0 HTTP/1.1" 304 -
190.66.241.120 - - [28/Dec/2023:00:05:00 -0500] "GET /sipse/faces/javax.faces.resource/layout/layout.css?ln=primefaces&v=4.0 HTTP/1.1" 304 -
190.66.241.120 - - [28/Dec/2023:00:05:00 -0500] "GET /sipse/faces/javax.faces.resource/jquery/jquery.js?ln=primefaces&v=4.0 HTTP/1.1" 304 -
190.66.241.120 - - [28/Dec/2023:00:05:00 -0500] "GET /sipse/faces/javax.faces.resource/jquery/jquery-plugins.js?ln=primefaces&v=4.0 HTTP/1.1" 304 -
190.66.241.120 - - [28/Dec/2023:00:05:00 -0500] "GET /sipse/faces/javax.faces.resource/primefaces.js?ln=primefaces&v=4.0 HTTP/1.1" 304 -
190.66.241.120 - - [28/Dec/2023:00:05:00 -0500] "GET /sipse/faces/javax.faces.resource/layout/layout.js?ln=primefaces&v=4.0 HTTP/1.1" 304 -
156.59.198.136 - - [28/Dec/2023:00:05:04 -0500] "GET /BLA/resoluciones/Notificaciones/REGISTROS%202015/0464.doc HTTP/1.0" 200 201216
190.66.241.120 - - [28/Dec/2023:00:05:05 -0500] "POST /sipse/faces/presentacion/financiero/solicitudProceso/consultarSolicitudProceso.xhtml HTTP/1.1" 200 19422
190.66.241.120 - - [28/Dec/2023:00:05:06 -0500] "GET /sipse/faces/javax.faces.resource/theme.css?ln=primefaces-sipse HTTP/1.1" 304 -
190.66.241.120 - - [28/Dec/2023:00:05:06 -0500] "GET /sipse/faces/javax.faces.resource/primefaces.css?ln=primefaces&v=4.0 HTTP/1.1" 304 -
190.66.241.120 - - [28/Dec/2023:00:05:06 -0500] "GET /sipse/faces/javax.faces.resource/layout/layout.css?ln=primefaces&v=4.0 HTTP/1.1" 304 -
190.66.241.120 - - [28/Dec/2023:00:05:06 -0500] "GET /sipse/faces/javax.faces.resource/fileupload/fileupload.css?ln=primefaces&v=4.0 HTTP/1.1" 304 -
190.66.241.120 - - [28/Dec/2023:00:05:06 -0500] "GET /sipse/faces/javax.faces.resource/jquery/jquery-plugins.js?ln=primefaces&v=4.0 HTTP/1.1" 304 -
190.66.241.120 - - [28/Dec/2023:00:05:06 -0500] "GET /sipse/faces/javax.faces.resource/jquery/jquery.js?ln=primefaces&v=4.0 HTTP/1.1" 304 -
190.66.241.120 - - [28/Dec/2023:00:05:06 -0500] "GET /sipse/faces/javax.faces.resource/primefaces.js?ln=primefaces&v=4.0 HTTP/1.1" 304 -
190.66.241.120 - - [28/Dec/2023:00:05:06 -0500] "GET /sipse/faces/javax.faces.resource/layout/layout.js?ln=primefaces&v=4.0 HTTP/1.1" 304 -
190.66.241.120 - - [28/Dec/2023:00:05:06 -0500] "GET /sipse/faces/javax.faces.resource/fileupload/fileupload.js?ln=primefaces&v=4.0 HTTP/1.1" 304 -
190.66.241.120 - - [28/Dec/2023:00:05:16 -0500] "POST /sipse/faces/presentacion/sistema/anexos/cargarAnexoSolicitudProceso.xhtml HTTP/1.1" 200 162114
190.66.241.120 - - [28/Dec/2023:00:05:17 -0500] "GET /sipse/faces/javax.faces.resource/theme.css?ln=primefaces-sipse HTTP/1.1" 304 -
190.66.241.120 - - [28/Dec/2023:00:05:17 -0500] "GET /sipse/faces/javax.faces.resource/primefaces.css?ln=primefaces&v=4.0 HTTP/1.1" 304 -
190.66.241.120 - - [28/Dec/2023:00:05:17 -0500] "GET /sipse/faces/javax.faces.resource/jquery/jquery.js?ln=primefaces&v=4.0 HTTP/1.1" 304 -
190.66.241.120 - - [28/Dec/2023:00:05:17 -0500] "GET /sipse/faces/javax.faces.resource/layout/layout.css?ln=primefaces&v=4.0 HTTP/1.1" 304 -
190.66.241.120 - - [28/Dec/2023:00:05:17 -0500] "GET /sipse/faces/javax.faces.resource/jquery/jquery-plugins.js?ln=primefaces&v=4.0 HTTP/1.1" 304 -
190.66.241.120 - - [28/Dec/2023:00:05:17 -0500] "GET /sipse/faces/javax.faces.resource/primefaces.js?ln=primefaces&v=4.0 HTTP/1.1" 304 -
190.66.241.120 - - [28/Dec/2023:00:05:17 -0500] "GET /sipse/faces/javax.faces.resource/layout/layout.js?ln=primefaces&v=4.0 HTTP/1.1" 304 -
190.66.241.120 - - [28/Dec/2023:00:05:22 -0500] "GET /sipse/faces/javax.faces.resource/theme.css?ln=primefaces-sipse HTTP/1.1" 304 -
190.66.241.120 - - [28/Dec/2023:00:05:22 -0500] "GET /sipse/faces/javax.faces.resource/primefaces.css?ln=primefaces&v=4.0 HTTP/1.1" 304 -
190.66.241.120 - - [28/Dec/2023:00:05:22 -0500] "GET /sipse/faces/javax.faces.resource/layout/layout.css?ln=primefaces&v=4.0 HTTP/1.1" 304 -
190.66.241.120 - - [28/Dec/2023:00:05:22 -0500] "GET /sipse/faces/javax.faces.resource/jquery/jquery.js?ln=primefaces&v=4.0 HTTP/1.1" 304 -
190.66.241.120 - - [28/Dec/2023:00:05:22 -0500] "POST /sipse/faces/presentacion/financiero/solicitudProceso/consultarSolicitudProceso.xhtml HTTP/1.1" 200 162772
190.66.241.120 - - [28/Dec/2023:00:05:22 -0500] "GET /sipse/faces/javax.faces.resource/jquery/jquery-plugins.js?ln=primefaces&v=4.0 HTTP/1.1" 304 -
190.66.241.120 - - [28/Dec/2023:00:05:22 -0500] "GET /sipse/faces/javax.faces.resource/primefaces.js?ln=primefaces&v=4.0 HTTP/1.1" 304 -
190.66.241.120 - - [28/Dec/2023:00:05:22 -0500] "GET /sipse/faces/javax.faces.resource/layout/layout.js?ln=primefaces&v=4.0 HTTP/1.1" 304 -
156.59.198.135 - - [28/Dec/2023:00:05:28 -0500] "GET /BLA/resoluciones/RESOLUCIONES%202009/2170.pdf HTTP/1.0" 200 509559
190.66.241.120 - - [28/Dec/2023:00:05:28 -0500] "POST /sipse/faces/presentacion/financiero/solicitudProceso/consultarSolicitudProceso.xhtml HTTP/1.1" 200 62002
190.66.241.120 - - [28/Dec/2023:00:05:30 -0500] "GET /sipse/faces/javax.faces.resource/primefaces.css?ln=primefaces&v=4.0 HTTP/1.1" 304 -
190.66.241.120 - - [28/Dec/2023:00:05:30 -0500] "GET /sipse/faces/javax.faces.resource/theme.css?ln=primefaces-sipse HTTP/1.1" 304 -
190.66.241.120 - - [28/Dec/2023:00:05:30 -0500] "GET /sipse/faces/javax.faces.resource/layout/layout.css?ln=primefaces&v=4.0 HTTP/1.1" 304 -
190.66.241.120 - - [28/Dec/2023:00:05:30 -0500] "GET /sipse/faces/javax.faces.resource/jquery/jquery.js?ln=primefaces&v=4.0 HTTP/1.1" 304 -
190.66.241.120 - - [28/Dec/2023:00:05:30 -0500] "GET /sipse/faces/javax.faces.resource/jquery/jquery-plugins.js?ln=primefaces&v=4.0 HTTP/1.1" 304 -
190.66.241.120 - - [28/Dec/2023:00:05:30 -0500] "GET /sipse/faces/javax.faces.resource/primefaces.js?ln=primefaces&v=4.0 HTTP/1.1" 304 -
190.66.241.120 - - [28/Dec/2023:00:05:30 -0500] "GET /sipse/faces/javax.faces.resource/layout/layout.js?ln=primefaces&v=4.0 HTTP/1.1" 304 -
190.66.241.120 - - [28/Dec/2023:00:05:30 -0500] "POST /sipse/faces/presentacion/financiero/solicitudProceso/listarSolicitudProceso.xhtml HTTP/1.1" 200 1564
190.66.241.120 - - [28/Dec/2023:00:05:32 -0500] "POST /sipse/faces/presentacion/financiero/solicitudProceso/listarSolicitudProceso.xhtml HTTP/1.1" 200 31281
190.66.241.120 - - [28/Dec/2023:00:05:32 -0500] "POST /sipse/faces/presentacion/financiero/solicitudProceso/listarSolicitudProceso.xhtml HTTP/1.1" 200 43469
172.22.2.4 - - [28/Dec/2023:00:03:53 -0500] "HEAD /BLA/boletinlegal/ HTTP/1.1" 200 -
190.66.241.120 - - [28/Dec/2023:00:05:40 -0500] "POST /sipse/faces/presentacion/financiero/solicitudProceso/listarSolicitudProceso.xhtml HTTP/1.1" 200 16767
156.59.198.136 - - [28/Dec/2023:00:05:52 -0500] "GET /BLA/resoluciones/RESOLUCIONES%202009/3571.pdf HTTP/1.0" 200 816298
156.59.198.136 - - [28/Dec/2023:00:06:20 -0500] "GET /BLA/resoluciones/RESOLUCIONES%202009/3518.pdf HTTP/1.0" 200 753800
172.22.2.4 - - [28/Dec/2023:00:04:45 -0500] "GET /BLA/boletinlegal/ HTTP/1.1" 200 60910
172.22.2.4 - - [28/Dec/2023:00:06:30 -0500] "GET /BLA/boletinlegal/actos.php HTTP/1.1" 200 9648
172.22.2.4 - - [28/Dec/2023:00:06:31 -0500] "GET /BLA/boletinlegal/styles2.css HTTP/1.1" 200 1838
172.22.2.4 - - [28/Dec/2023:00:06:31 -0500] "GET /BLA/boletinlegal/js/ajax_actos.js HTTP/1.1" 200 1322
172.22.2.4 - - [28/Dec/2023:00:06:31 -0500] "GET /BLA/boletinlegal/niceforms-default.css HTTP/1.1" 200 6694
172.22.2.4 - - [28/Dec/2023:00:06:31 -0500] "GET /BLA/boletinlegal/niceforms.js HTTP/1.1" 200 22876
172.22.2.4 - - [28/Dec/2023:00:06:31 -0500] "GET /BLA/boletinlegal/style.css HTTP/1.1" 200 9406
172.22.2.4 - - [28/Dec/2023:00:06:31 -0500] "GET /BLA/boletinlegal/js/lib.js HTTP/1.1" 200 6474
172.22.2.4 - - [28/Dec/2023:00:06:31 -0500] "GET /BLA/boletinlegal/js/popup.js HTTP/1.1" 200 1270
172.22.2.4 - - [28/Dec/2023:00:06:31 -0500] "GET /BLA/boletinlegal/js/jquery1.js HTTP/1.1" 200 29846
172.22.2.4 - - [28/Dec/2023:00:06:31 -0500] "GET /BLA/boletinlegal/images/cabezote%20BLEGAL.jpg HTTP/1.1" 200 118164
172.22.2.4 - - [28/Dec/2023:00:06:31 -0500] "GET /BLA/boletinlegal/images/subscribe-icon-big.png HTTP/1.1" 200 47702
172.22.2.4 - - [28/Dec/2023:00:06:31 -0500] "GET /BLA/boletinlegal/images/registro-usuarios.png HTTP/1.1" 200 8106
172.22.2.4 - - [28/Dec/2023:00:06:31 -0500] "GET /BLA/boletinlegal/images/tel.png HTTP/1.1" 200 14477
172.22.2.4 - - [28/Dec/2023:00:06:31 -0500] "GET /BLA/boletinlegal/images/green-yellow-blue-pink-th.png HTTP/1.1" 200 7394
172.22.2.4 - - [28/Dec/2023:00:06:31 -0500] "GET /BLA/boletinlegal/images/historia.png HTTP/1.1" 200 52775
172.22.2.4 - - [28/Dec/2023:00:06:31 -0500] "GET /BLA/boletinlegal/images/icono-email.png HTTP/1.1" 200 5544
172.22.2.4 - - [28/Dec/2023:00:06:31 -0500] "GET /BLA/boletinlegal/images/body_bg.jpg HTTP/1.1" 200 1601
172.22.2.4 - - [28/Dec/2023:00:06:31 -0500] "GET /BLA/boletinlegal/images/menu_lft.gif HTTP/1.1" 200 1713
172.22.2.4 - - [28/Dec/2023:00:06:31 -0500] "GET /BLA/boletinlegal/images/menu_rght.gif HTTP/1.1" 200 1627
172.22.2.4 - - [28/Dec/2023:00:06:31 -0500] "GET /BLA/boletinlegal/images/bg_top.jpg HTTP/1.1" 200 522
172.22.2.4 - - [28/Dec/2023:00:06:31 -0500] "GET /BLA/boletinlegal/images/menu_bg.jpg HTTP/1.1" 200 620
172.22.2.4 - - [28/Dec/2023:00:06:31 -0500] "GET /BLA/boletinlegal/images/hover.jpg HTTP/1.1" 200 640
172.22.2.4 - - [28/Dec/2023:00:06:31 -0500] "GET /BLA/boletinlegal/images/footer_bg.jpg HTTP/1.1" 200 586
172.22.2.4 - - [28/Dec/2023:00:06:31 -0500] "GET /BLA/boletinlegal/images/text.jpg HTTP/1.1" 200 568
172.22.2.4 - - [28/Dec/2023:00:06:31 -0500] "GET /BLA/boletinlegal/images/footer_bg_l.jpg HTTP/1.1" 200 776
172.22.2.4 - - [28/Dec/2023:00:06:31 -0500] "GET /BLA/boletinlegal/img/0.png HTTP/1.1" 200 110
172.22.2.4 - - [28/Dec/2023:00:06:31 -0500] "GET /BLA/boletinlegal/img/button-left.png HTTP/1.1" 200 57071
172.22.2.4 - - [28/Dec/2023:00:06:31 -0500] "GET /BLA/boletinlegal/img/select-left.png HTTP/1.1" 200 263
172.22.2.4 - - [28/Dec/2023:00:06:31 -0500] "GET /BLA/boletinlegal/img/button.png HTTP/1.1" 200 43241
172.22.2.4 - - [28/Dec/2023:00:06:31 -0500] "GET /BLA/boletinlegal/img/button-right.png HTTP/1.1" 200 57878
172.22.2.4 - - [28/Dec/2023:00:06:31 -0500] "GET /BLA/boletinlegal/img/select-right.png HTTP/1.1" 200 44019
172.22.2.4 - - [28/Dec/2023:00:06:31 -0500] "GET /BLA/boletinlegal/favicon.ico HTTP/1.1" 404 1326
216.245.221.92 - - [28/Dec/2023:00:06:43 -0500] "HEAD / HTTP/1.1" 200 -
156.59.198.135 - - [28/Dec/2023:00:06:43 -0500] "GET /BLA/resoluciones/RESOLUCIONES%202009/4080.pdf HTTP/1.0" 200 599012
156.59.198.135 - - [28/Dec/2023:00:07:08 -0500] "GET /BLA/resoluciones/RESOLUCIONES%202009/3934.pdf HTTP/1.0" 200 384883
190.66.241.120 - - [28/Dec/2023:00:07:11 -0500] "POST /sipse/faces/presentacion/financiero/solicitudProceso/listarSolicitudProceso.xhtml HTTP/1.1" 200 26497
172.22.2.4 - - [28/Dec/2023:00:07:18 -0500] "GET /BLA/boletinlegal/consulta_actos.php?tipo=resoluciones&no=&usuario=&sector=COMPETENCIA&fecha=2023&resuelve= HTTP/1.1" 200 37909
172.22.2.4 - - [28/Dec/2023:00:07:18 -0500] "GET /BLA/boletinlegal/images/pdf.gif HTTP/1.1" 200 567
172.22.2.4 - - [28/Dec/2023:00:07:18 -0500] "GET /BLA/boletinlegal/images/background.gif HTTP/1.1" 200 -
181.236.74.1 - - [28/Dec/2023:00:07:25 -0500] "GET /distrito-exalto-a-246-empresas-de-bogota-por-su-alto-desempeno-y-responsabilidad-ambiental-durante-2023.html HTTP/1.1" 200 1039
156.59.198.135 - - [28/Dec/2023:00:07:32 -0500] "GET /BLA/resoluciones/RESOLUCIONES%202009/0264.pdf HTTP/1.0" 200 172212
201.245.192.253 - - [28/Dec/2023:00:07:33 -0500] "POST /kwsrmcab/Wsrmcab  HTTP/1.1" 200 36178
156.59.198.136 - - [28/Dec/2023:00:07:57 -0500] "GET /BLA/resoluciones/RESOLUCIONES%202009/1926.pdf HTTP/1.0" 200 613423
172.22.2.4 - - [28/Dec/2023:00:08:02 -0500] "GET /BLA/boletinlegal/consulta_actos.php?tipo=resoluciones&no=&usuario=&sector=&fecha=2023&resuelve= HTTP/1.1" 200 406118
156.59.198.135 - - [28/Dec/2023:00:08:21 -0500] "GET /BLA/resoluciones/RESOLUCIONES%202009/3449.pdf HTTP/1.0" 200 458060
156.59.198.136 - - [28/Dec/2023:00:08:44 -0500] "GET /BLA/resoluciones/RESOLUCIONES%202009/3626.pdf HTTP/1.0" 200 109645
156.59.198.135 - - [28/Dec/2023:00:09:09 -0500] "GET /BLA/resoluciones/RESOLUCIONES%202009/1305.pdf HTTP/1.0" 200 507604
156.59.198.135 - - [28/Dec/2023:00:09:33 -0500] "GET /BLA/resoluciones/RESOLUCIONES%202009/2395.pdf HTTP/1.0" 200 416010
156.59.198.135 - - [28/Dec/2023:00:09:58 -0500] "GET /BLA/resoluciones/RESOLUCIONES%202009/2032.pdf HTTP/1.0" 200 1082543
66.249.73.38 - - [28/Dec/2023:00:10:10 -0500] "GET /BLA/resoluciones/AUTOS%202014/0447.pdf HTTP/1.1" 200 452564
190.27.57.161 - - [28/Dec/2023:00:10:18 -0500] "GET /sipse/faces/index.xhtml HTTP/1.1" 200 677
190.27.57.161 - - [28/Dec/2023:00:10:18 -0500] "GET /sipse/faces/javax.faces.resource/theme.css?ln=primefaces-sipse HTTP/1.1" 304 -
190.27.57.161 - - [28/Dec/2023:00:10:18 -0500] "GET /sipse/faces/faces/autenticacion.xhtml HTTP/1.1" 200 12414
190.27.57.161 - - [28/Dec/2023:00:10:19 -0500] "GET /sipse/js/disable_browser_buttons.js HTTP/1.1" 200 3230
190.27.57.161 - - [28/Dec/2023:00:10:19 -0500] "GET /sipse/css/custom_css_sg.css HTTP/1.1" 200 9694
190.27.57.161 - - [28/Dec/2023:00:10:19 -0500] "GET /sipse/css/custom_css_sg_prime_login.css HTTP/1.1" 200 443
190.27.57.161 - - [28/Dec/2023:00:10:19 -0500] "GET /sipse/js/funciones.js HTTP/1.1" 200 12592
190.27.57.161 - - [28/Dec/2023:00:10:19 -0500] "GET /sipse/faces/javax.faces.resource/theme.css?ln=primefaces-sipse HTTP/1.1" 304 -
190.27.57.161 - - [28/Dec/2023:00:10:19 -0500] "GET /sipse/faces/javax.faces.resource/primefaces.css?ln=primefaces&v=4.0 HTTP/1.1" 304 -
190.27.57.161 - - [28/Dec/2023:00:10:19 -0500] "GET /sipse/faces/javax.faces.resource/layout/layout.css?ln=primefaces&v=4.0 HTTP/1.1" 304 -
190.27.57.161 - - [28/Dec/2023:00:10:19 -0500] "GET /sipse/faces/javax.faces.resource/jquery/jquery-plugins.js?ln=primefaces&v=4.0 HTTP/1.1" 304 -
190.27.57.161 - - [28/Dec/2023:00:10:19 -0500] "GET /sipse/faces/javax.faces.resource/jquery/jquery.js?ln=primefaces&v=4.0 HTTP/1.1" 304 -
190.27.57.161 - - [28/Dec/2023:00:10:19 -0500] "GET /sipse/faces/javax.faces.resource/primefaces.js?ln=primefaces&v=4.0 HTTP/1.1" 304 -
190.27.57.161 - - [28/Dec/2023:00:10:19 -0500] "GET /sipse/faces/javax.faces.resource/layout/layout.js?ln=primefaces&v=4.0 HTTP/1.1" 304 -
190.27.57.161 - - [28/Dec/2023:00:10:19 -0500] "GET /sipse/css/imagen/logoSDG.png HTTP/1.1" 200 53064
190.27.57.161 - - [28/Dec/2023:00:10:19 -0500] "GET /sipse/css/imagen/loginimg.png HTTP/1.1" 200 71635
190.27.57.161 - - [28/Dec/2023:00:10:19 -0500] "GET /sipse/faces/javax.faces.resource/images/ui-icons_898989_256x240.png?ln=primefaces-aristo HTTP/1.1" 304 -
156.59.198.135 - - [28/Dec/2023:00:10:22 -0500] "GET /BLA/resoluciones/RESOLUCIONES%202009/2063.pdf HTTP/1.0" 200 1010299
190.27.57.161 - - [28/Dec/2023:00:10:24 -0500] "POST /sipse/faces/autenticacion.xhtml HTTP/1.1" 200 16292
190.27.57.161 - - [28/Dec/2023:00:10:24 -0500] "GET /sipse/css/custom_css_sg_prime.css HTTP/1.1" 200 5201
190.27.57.161 - - [28/Dec/2023:00:10:24 -0500] "GET /sipse/faces/javax.faces.resource/theme.css?ln=primefaces-sipse HTTP/1.1" 304 -
190.27.57.161 - - [28/Dec/2023:00:10:24 -0500] "GET /sipse/faces/javax.faces.resource/primefaces.css?ln=primefaces&v=4.0 HTTP/1.1" 304 -
190.27.57.161 - - [28/Dec/2023:00:10:24 -0500] "GET /sipse/faces/javax.faces.resource/layout/layout.css?ln=primefaces&v=4.0 HTTP/1.1" 304 -
190.27.57.161 - - [28/Dec/2023:00:10:24 -0500] "GET /sipse/js/jquery.min.js HTTP/1.1" 200 85582
190.27.57.161 - - [28/Dec/2023:00:10:24 -0500] "GET /sipse/faces/javax.faces.resource/jquery/jquery.js?ln=primefaces&v=4.0 HTTP/1.1" 304 -
190.27.57.161 - - [28/Dec/2023:00:10:24 -0500] "GET /sipse/faces/javax.faces.resource/jquery/jquery-plugins.js?ln=primefaces&v=4.0 HTTP/1.1" 304 -
190.27.57.161 - - [28/Dec/2023:00:10:25 -0500] "GET /sipse/faces/javax.faces.resource/primefaces.js?ln=primefaces&v=4.0 HTTP/1.1" 304 -
190.27.57.161 - - [28/Dec/2023:00:10:25 -0500] "GET /sipse/faces/javax.faces.resource/layout/layout.js?ln=primefaces&v=4.0 HTTP/1.1" 304 -
190.27.57.161 - - [28/Dec/2023:00:10:25 -0500] "GET /sipse/css/v_mergente.css HTTP/1.1" 200 1505
190.27.57.161 - - [28/Dec/2023:00:10:25 -0500] "GET /sipse/css/imagen/contrasena.png HTTP/1.1" 404 383
190.27.57.161 - - [28/Dec/2023:00:10:25 -0500] "GET /sipse/imagenes/cargando.gif HTTP/1.1" 200 36959
190.27.57.161 - - [28/Dec/2023:00:10:25 -0500] "GET /sipse/faces/javax.faces.resource/messages/messages.png?ln=primefaces&v=4.0 HTTP/1.1" 304 -
190.27.57.161 - - [28/Dec/2023:00:10:25 -0500] "GET /sipse/imagenes/logoAplicacion.jpg HTTP/1.1" 200 155084
172.22.2.4 - - [28/Dec/2023:00:10:26 -0500] "GET /BLA/boletinlegal/consulta_actos.php?tipo=resoluciones&no=&usuario=&sector=&fecha=2023&resuelve=honorarios HTTP/1.1" 200 626
190.27.57.161 - - [28/Dec/2023:00:10:28 -0500] "GET /sipse/faces/javax.faces.resource/images/ui-bg_flat_0_2d5972_40x100.png?ln=primefaces-aristo HTTP/1.1" 304 -
190.27.57.161 - - [28/Dec/2023:00:10:28 -0500] "POST /sipse/faces/bienvenido.xhtml HTTP/1.1" 200 1471
190.27.57.161 - - [28/Dec/2023:00:10:28 -0500] "POST /sipse/faces/bienvenido.xhtml HTTP/1.1" 200 62416
190.27.57.161 - - [28/Dec/2023:00:10:29 -0500] "GET /sipse/faces/javax.faces.resource/theme.css?ln=primefaces-sipse HTTP/1.1" 304 -
190.27.57.161 - - [28/Dec/2023:00:10:29 -0500] "GET /sipse/faces/javax.faces.resource/primefaces.css?ln=primefaces&v=4.0 HTTP/1.1" 304 -
190.27.57.161 - - [28/Dec/2023:00:10:29 -0500] "GET /sipse/faces/javax.faces.resource/layout/layout.css?ln=primefaces&v=4.0 HTTP/1.1" 304 -
190.27.57.161 - - [28/Dec/2023:00:10:29 -0500] "GET /sipse/faces/javax.faces.resource/jquery/jquery.js?ln=primefaces&v=4.0 HTTP/1.1" 304 -
190.27.57.161 - - [28/Dec/2023:00:10:29 -0500] "GET /sipse/faces/javax.faces.resource/jquery/jquery-plugins.js?ln=primefaces&v=4.0 HTTP/1.1" 304 -
190.27.57.161 - - [28/Dec/2023:00:10:29 -0500] "GET /sipse/faces/javax.faces.resource/primefaces.js?ln=primefaces&v=4.0 HTTP/1.1" 304 -
190.27.57.161 - - [28/Dec/2023:00:10:29 -0500] "GET /sipse/faces/javax.faces.resource/layout/layout.js?ln=primefaces&v=4.0 HTTP/1.1" 304 -
172.22.2.4 - - [28/Dec/2023:00:10:29 -0500] "GET /BLA/boletinlegal/consulta_actos.php?tipo=resoluciones&no=&usuario=&sector=&fecha=2023&resuelve=honorario HTTP/1.1" 200 626
190.27.57.161 - - [28/Dec/2023:00:10:30 -0500] "POST /sipse/faces/presentacion/financiero/solicitudProceso/listarSolicitudProceso.xhtml HTTP/1.1" 200 1564
172.22.2.4 - - [28/Dec/2023:00:10:34 -0500] "GET /BLA/boletinlegal/consulta_actos.php?tipo=resoluciones&no=&usuario=&sector=&fecha=2023&resuelve=escala HTTP/1.1" 200 626
172.22.2.4 - - [28/Dec/2023:00:10:36 -0500] "GET /BLA/boletinlegal/consulta_actos.php?tipo=resoluciones&no=&usuario=&sector=&fecha=2023&resuelve=escala HTTP/1.1" 200 626
172.22.2.4 - - [28/Dec/2023:00:10:38 -0500] "GET /BLA/boletinlegal/consulta_actos.php?tipo=resoluciones&no=&usuario=&sector=&fecha=2023&resuelve=escala HTTP/1.1" 200 626
172.22.2.4 - - [28/Dec/2023:00:10:38 -0500] "GET /BLA/boletinlegal/consulta_actos.php?tipo=resoluciones&no=&usuario=&sector=&fecha=2023&resuelve=escala HTTP/1.1" 200 626
190.27.57.161 - - [28/Dec/2023:00:10:44 -0500] "POST /sipse/faces/presentacion/financiero/solicitudProceso/listarSolicitudProceso.xhtml HTTP/1.1" 200 1969
156.59.198.135 - - [28/Dec/2023:00:10:46 -0500] "GET /BLA/resoluciones/RESOLUCIONES%202009/0842.pdf HTTP/1.0" 200 325047
156.59.198.135 - - [28/Dec/2023:00:11:10 -0500] "GET /BLA/resoluciones/RESOLUCIONES%202009/4124.pdf HTTP/1.0" 200 778753
172.22.2.4 - - [28/Dec/2023:00:09:44 -0500] "HEAD /BLA/boletinlegal/ HTTP/1.1" 200 -
156.59.198.135 - - [28/Dec/2023:00:11:34 -0500] "GET /BLA/resoluciones/RESOLUCIONES%202009/2547.pdf HTTP/1.0" 200 496116
216.245.221.92 - - [28/Dec/2023:00:11:43 -0500] "HEAD / HTTP/1.1" 200 -
190.27.57.161 - - [28/Dec/2023:00:11:46 -0500] "POST /sipse/faces/presentacion/financiero/solicitudProceso/listarSolicitudProceso.xhtml HTTP/1.1" 200 2421
190.27.57.161 - - [28/Dec/2023:00:11:47 -0500] "POST /sipse/faces/presentacion/financiero/solicitudProceso/listarSolicitudProceso.xhtml HTTP/1.1" 200 38458
190.27.57.161 - - [28/Dec/2023:00:11:47 -0500] "GET /sipse/faces/javax.faces.resource/theme.css?ln=primefaces-sipse HTTP/1.1" 304 -
190.27.57.161 - - [28/Dec/2023:00:11:47 -0500] "GET /sipse/faces/javax.faces.resource/layout/layout.css?ln=primefaces&v=4.0 HTTP/1.1" 304 -
190.27.57.161 - - [28/Dec/2023:00:11:47 -0500] "GET /sipse/faces/javax.faces.resource/primefaces.css?ln=primefaces&v=4.0 HTTP/1.1" 304 -
190.27.57.161 - - [28/Dec/2023:00:11:47 -0500] "GET /sipse/faces/javax.faces.resource/jquery/jquery.js?ln=primefaces&v=4.0 HTTP/1.1" 304 -
190.27.57.161 - - [28/Dec/2023:00:11:47 -0500] "GET /sipse/faces/javax.faces.resource/jquery/jquery-plugins.js?ln=primefaces&v=4.0 HTTP/1.1" 304 -
190.27.57.161 - - [28/Dec/2023:00:11:47 -0500] "GET /sipse/faces/javax.faces.resource/primefaces.js?ln=primefaces&v=4.0 HTTP/1.1" 304 -
190.27.57.161 - - [28/Dec/2023:00:11:47 -0500] "GET /sipse/faces/javax.faces.resource/layout/layout.js?ln=primefaces&v=4.0 HTTP/1.1" 304 -
190.27.57.161 - - [28/Dec/2023:00:11:48 -0500] "POST /sipse/faces/presentacion/financiero/solicitudProceso/consultar.xhtml HTTP/1.1" 200 31753
190.27.57.161 - - [28/Dec/2023:00:11:50 -0500] "POST /sipse/faces/presentacion/financiero/solicitudProceso/consultar.xhtml HTTP/1.1" 200 13109
156.59.198.135 - - [28/Dec/2023:00:12:00 -0500] "GET /BLA/resoluciones/RESOLUCIONES%202009/4158.pdf HTTP/1.0" 200 664956
172.22.2.4 - - [28/Dec/2023:00:10:35 -0500] "GET /BLA/boletinlegal/ HTTP/1.1" 200 59330
156.59.198.135 - - [28/Dec/2023:00:12:23 -0500] "GET /BLA/resoluciones/RESOLUCIONES%202009/0425.pdf HTTP/1.0" 200 200781
201.245.192.253 - - [28/Dec/2023:00:12:32 -0500] "POST /kwsrmcab/Wsrmcab  HTTP/1.1" 200 36178
190.27.57.161 - - [28/Dec/2023:00:12:37 -0500] "POST /sipse/faces/presentacion/financiero/solicitudProceso/consultar.xhtml HTTP/1.1" 200 12901
156.59.198.136 - - [28/Dec/2023:00:12:48 -0500] "GET /BLA/resoluciones/RESOLUCIONES%202009/2614.pdf HTTP/1.0" 200 340824
156.59.198.135 - - [28/Dec/2023:00:13:13 -0500] "GET /BLA/resoluciones/RESOLUCIONES%202009/4172.pdf HTTP/1.0" 200 509845
172.22.2.4 - - [28/Dec/2023:00:13:28 -0500] "GET /BLA/boletinlegal/robots.txt HTTP/1.1" 404 1038
172.22.2.4 - - [28/Dec/2023:00:13:29 -0500] "GET /BLA/boletinlegal/Circulares/2017/Circular%20No.%2007%20del%2028%20de%20Abril%20de%202017.pdf HTTP/1.1" 200 309906
156.59.198.136 - - [28/Dec/2023:00:13:37 -0500] "GET /BLA/resoluciones/RESOLUCIONES%202009/2682.pdf HTTP/1.0" 200 458449
157.90.251.233 - - [28/Dec/2023:00:13:52 -0500] "GET / HTTP/1.1" 200 319
157.90.251.233 - - [28/Dec/2023:00:13:53 -0500] "GET / HTTP/1.1" 200 4720
156.59.198.136 - - [28/Dec/2023:00:14:01 -0500] "GET /BLA/resoluciones/Notificaciones/REGISTROS%202015/0768.doc HTTP/1.0" 200 208384
156.59.198.136 - - [28/Dec/2023:00:14:26 -0500] "GET /BLA/resoluciones/RESOLUCIONES%202009/2391.pdf HTTP/1.0" 200 400893
156.59.198.135 - - [28/Dec/2023:00:14:50 -0500] "GET /BLA/resoluciones/RESOLUCIONES%202009/1729.pdf HTTP/1.0" 200 600347
156.59.198.135 - - [28/Dec/2023:00:15:14 -0500] "GET /BLA/resoluciones/RESOLUCIONES%202009/0887.pdf HTTP/1.0" 200 173247
162.55.37.179 - - [28/Dec/2023:00:15:28 -0500] "GET / HTTP/1.1" 200 319
162.55.37.179 - - [28/Dec/2023:00:15:28 -0500] "GET / HTTP/1.1" 200 4720
156.59.198.136 - - [28/Dec/2023:00:15:39 -0500] "GET /BLA/resoluciones/RESOLUCIONES%202009/0384.pdf HTTP/1.0" 200 360052
201.245.192.253 - - [28/Dec/2023:00:15:58 -0500] "POST /kwsrmcab/Wsrmcab HTTP/1.1" 200 36323
156.59.198.135 - - [28/Dec/2023:00:16:03 -0500] "GET /BLA/resoluciones/RESOLUCIONES%202009/0773.pdf HTTP/1.0" 200 484011
201.245.192.253 - - [28/Dec/2023:00:16:01 -0500] "POST /kwsrmcab/Wsrmcab HTTP/1.1" 200 36800
190.27.57.161 - - [28/Dec/2023:00:16:23 -0500] "GET /sipse/faces/index.xhtml HTTP/1.1" 200 677
190.27.57.161 - - [28/Dec/2023:00:16:23 -0500] "GET /sipse/faces/javax.faces.resource/theme.css?ln=primefaces-sipse HTTP/1.1" 304 -
190.27.57.161 - - [28/Dec/2023:00:16:23 -0500] "GET /sipse/faces/faces/autenticacion.xhtml HTTP/1.1" 200 12424
190.27.57.161 - - [28/Dec/2023:00:16:24 -0500] "GET /sipse/faces/javax.faces.resource/theme.css?ln=primefaces-sipse HTTP/1.1" 304 -
190.27.57.161 - - [28/Dec/2023:00:16:24 -0500] "GET /sipse/faces/javax.faces.resource/primefaces.css?ln=primefaces&v=4.0 HTTP/1.1" 304 -
190.27.57.161 - - [28/Dec/2023:00:16:24 -0500] "GET /sipse/faces/javax.faces.resource/primefaces.js?ln=primefaces&v=4.0 HTTP/1.1" 304 -
190.27.57.161 - - [28/Dec/2023:00:16:24 -0500] "GET /sipse/faces/javax.faces.resource/layout/layout.css?ln=primefaces&v=4.0 HTTP/1.1" 304 -
190.27.57.161 - - [28/Dec/2023:00:16:24 -0500] "GET /sipse/faces/javax.faces.resource/jquery/jquery-plugins.js?ln=primefaces&v=4.0 HTTP/1.1" 304 -
190.27.57.161 - - [28/Dec/2023:00:16:24 -0500] "GET /sipse/faces/javax.faces.resource/layout/layout.js?ln=primefaces&v=4.0 HTTP/1.1" 304 -
190.27.57.161 - - [28/Dec/2023:00:16:24 -0500] "GET /sipse/faces/javax.faces.resource/jquery/jquery.js?ln=primefaces&v=4.0 HTTP/1.1" 304 -
190.27.57.161 - - [28/Dec/2023:00:16:24 -0500] "GET /sipse/faces/javax.faces.resource/images/ui-icons_898989_256x240.png?ln=primefaces-aristo HTTP/1.1" 304 -
156.59.198.135 - - [28/Dec/2023:00:16:27 -0500] "GET /BLA/resoluciones/RESOLUCIONES%202009/3471.pdf HTTP/1.0" 200 639705
190.27.57.161 - - [28/Dec/2023:00:16:29 -0500] "POST /sipse/faces/autenticacion.xhtml HTTP/1.1" 200 16319
190.27.57.161 - - [28/Dec/2023:00:16:30 -0500] "GET /sipse/faces/javax.faces.resource/theme.css?ln=primefaces-sipse HTTP/1.1" 304 -
190.27.57.161 - - [28/Dec/2023:00:16:30 -0500] "GET /sipse/faces/javax.faces.resource/layout/layout.css?ln=primefaces&v=4.0 HTTP/1.1" 304 -
190.27.57.161 - - [28/Dec/2023:00:16:30 -0500] "GET /sipse/faces/javax.faces.resource/primefaces.css?ln=primefaces&v=4.0 HTTP/1.1" 304 -
190.27.57.161 - - [28/Dec/2023:00:16:30 -0500] "GET /sipse/faces/javax.faces.resource/jquery/jquery.js?ln=primefaces&v=4.0 HTTP/1.1" 304 -
190.27.57.161 - - [28/Dec/2023:00:16:30 -0500] "GET /sipse/faces/javax.faces.resource/jquery/jquery-plugins.js?ln=primefaces&v=4.0 HTTP/1.1" 304 -
190.27.57.161 - - [28/Dec/2023:00:16:30 -0500] "GET /sipse/faces/javax.faces.resource/primefaces.js?ln=primefaces&v=4.0 HTTP/1.1" 304 -
190.27.57.161 - - [28/Dec/2023:00:16:30 -0500] "GET /sipse/faces/javax.faces.resource/layout/layout.js?ln=primefaces&v=4.0 HTTP/1.1" 304 -
199.16.157.180 - - [28/Dec/2023:00:16:30 -0500] "GET /robots.txt HTTP/1.1" 404 1034
190.27.57.161 - - [28/Dec/2023:00:16:30 -0500] "GET /sipse/css/imagen/contrasena.png HTTP/1.1" 404 383
190.27.57.161 - - [28/Dec/2023:00:16:30 -0500] "GET /sipse/faces/javax.faces.resource/messages/messages.png?ln=primefaces&v=4.0 HTTP/1.1" 304 -
199.16.157.180 - - [28/Dec/2023:00:16:30 -0500] "GET /images/participacion%2019-12-23.jpg HTTP/1.1" 200 73861
216.245.221.92 - - [28/Dec/2023:00:16:43 -0500] "HEAD / HTTP/1.1" 200 -
156.59.198.135 - - [28/Dec/2023:00:16:52 -0500] "GET /BLA/resoluciones/Notificaciones/REGISTROS%202014/3275.doc HTTP/1.0" 200 199680
172.22.2.4 - - [28/Dec/2023:00:15:34 -0500] "HEAD /BLA/boletinlegal/ HTTP/1.1" 200 -
156.59.198.136 - - [28/Dec/2023:00:17:17 -0500] "GET /BLA/resoluciones/RESOLUCIONES%202009/3752.pdf HTTP/1.0" 200 434908
201.245.192.253 - - [28/Dec/2023:00:17:29 -0500] "POST /kwsrmcab/Wsrmcab  HTTP/1.1" 200 36178
156.59.198.136 - - [28/Dec/2023:00:17:42 -0500] "GET /BLA/resoluciones/Notificaciones/REGISTROS%202014/2191.doc HTTP/1.0" 200 206848
156.59.198.135 - - [28/Dec/2023:00:18:04 -0500] "GET /BLA/resoluciones/RESOLUCIONES%202009/4204.pdf HTTP/1.0" 200 699442
172.22.2.4 - - [28/Dec/2023:00:16:25 -0500] "GET /BLA/boletinlegal/ HTTP/1.1" 200 60910
156.59.198.135 - - [28/Dec/2023:00:18:29 -0500] "GET /BLA/resoluciones/RESOLUCIONES%202009/2270.pdf HTTP/1.0" 200 342785
156.59.198.136 - - [28/Dec/2023:00:18:53 -0500] "GET /BLA/resoluciones/Notificaciones/REGISTROS%202014/01419.doc HTTP/1.0" 200 166912
40.77.167.52 - - [28/Dec/2023:00:18:57 -0500] "GET /BLA/resoluciones/RESOLUCIONES%202022/3485.pdf HTTP/1.1" 200 375186
156.59.198.136 - - [28/Dec/2023:00:19:18 -0500] "GET /BLA/resoluciones/Notificaciones/REGISTROS%202014/01123.doc HTTP/1.0" 200 150528
156.59.198.135 - - [28/Dec/2023:00:19:43 -0500] "GET /BLA/resoluciones/Notificaciones/REGISTROS%202015/1004.doc HTTP/1.0" 200 199168
201.245.192.253 - - [28/Dec/2023:00:20:02 -0500] "POST /kwsrmcab/Wsrmcab HTTP/1.1" 200 36323
156.59.198.135 - - [28/Dec/2023:00:20:08 -0500] "GET /BLA/resoluciones/Notificaciones/REGISTROS%202014/01420.doc HTTP/1.0" 200 166912
52.167.144.184 - - [28/Dec/2023:00:20:09 -0500] "GET /BLA/resoluciones/RESOLUCIONES%202023/0502.pdf HTTP/1.1" 304 -
201.245.192.253 - - [28/Dec/2023:00:20:08 -0500] "POST /kwsrmcab/Wsrmcab HTTP/1.1" 200 36800
156.59.198.136 - - [28/Dec/2023:00:20:32 -0500] "GET /BLA/resoluciones/Notificaciones/REGISTROS%202014/2472.doc HTTP/1.0" 200 200192
156.59.198.135 - - [28/Dec/2023:00:20:57 -0500] "GET /BLA/resoluciones/RESOLUCIONES%202009/2228.pdf HTTP/1.0" 200 469413
156.59.198.136 - - [28/Dec/2023:00:21:22 -0500] "GET /BLA/resoluciones/Notificaciones/REGISTROS%202015/0594.doc HTTP/1.0" 200 206848
216.245.221.92 - - [28/Dec/2023:00:21:43 -0500] "HEAD / HTTP/1.1" 200 -
156.59.198.136 - - [28/Dec/2023:00:21:46 -0500] "GET /BLA/resoluciones/Notificaciones/REGISTROS%202014/2360.doc HTTP/1.0" 200 201728
66.249.73.38 - - [28/Dec/2023:00:21:56 -0500] "GET /BLA/resoluciones/AUTOS%202008/1748.pdf HTTP/1.1" 200 186219
156.59.198.135 - - [28/Dec/2023:00:22:10 -0500] "GET /BLA/resoluciones/RESOLUCIONES%202009/3418.pdf HTTP/1.0" 200 474121
201.245.192.253 - - [28/Dec/2023:00:22:28 -0500] "POST /kwsrmcab/Wsrmcab  HTTP/1.1" 200 36178
156.59.198.135 - - [28/Dec/2023:00:22:35 -0500] "GET /BLA/resoluciones/RESOLUCIONES%202009/2554.pdf HTTP/1.0" 200 388818
188.225.73.213 - - [28/Dec/2023:00:22:57 -0500] "GET /style.php?sig=rename HTTP/1.1" 404 1049
66.249.73.37 - - [28/Dec/2023:00:22:58 -0500] "GET /BLA/resoluciones/RESOLUCIONES%202008/2939.pdf HTTP/1.1" 200 228608
156.59.198.135 - - [28/Dec/2023:00:22:58 -0500] "GET /BLA/resoluciones/Notificaciones/REGISTROS%202014/2466.doc HTTP/1.0" 200 199680
172.22.2.4 - - [28/Dec/2023:00:21:24 -0500] "HEAD /BLA/boletinlegal/ HTTP/1.1" 200 -
156.59.198.136 - - [28/Dec/2023:00:23:22 -0500] "GET /BLA/resoluciones/Notificaciones/REGISTROS%202015/0770.doc HTTP/1.0" 200 203776
156.59.198.135 - - [28/Dec/2023:00:23:47 -0500] "GET /BLA/resoluciones/Notificaciones/REGISTROS%202015/1749.doc HTTP/1.0" 200 202240
172.22.2.4 - - [28/Dec/2023:00:22:15 -0500] "GET /BLA/boletinlegal/ HTTP/1.1" 200 60910
156.59.198.135 - - [28/Dec/2023:00:24:13 -0500] "GET /BLA/resoluciones/RESOLUCIONES%202009/2609.pdf HTTP/1.0" 200 309369
156.59.198.136 - - [28/Dec/2023:00:24:36 -0500] "GET /BLA/resoluciones/RESOLUCIONES%202009/2758.pdf HTTP/1.0" 200 432153
66.249.73.36 - - [28/Dec/2023:00:24:45 -0500] "GET /BLA/resoluciones/RESOLUCIONES%202009/5987.pdf HTTP/1.1" 200 676602
156.59.198.135 - - [28/Dec/2023:00:25:00 -0500] "GET /BLA/resoluciones/RESOLUCIONES%202009/4139.pdf HTTP/1.0" 200 650240
156.59.198.135 - - [28/Dec/2023:00:25:25 -0500] "GET /BLA/resoluciones/Notificaciones/RESOLUCIONES%202015/0820.doc HTTP/1.0" 200 181248
136.243.228.194 - - [28/Dec/2023:00:25:42 -0500] "GET /robots.txt HTTP/1.1" 404 1034
136.243.228.194 - - [28/Dec/2023:00:25:44 -0500] "GET /robots.txt HTTP/1.1" 404 1034
136.243.228.194 - - [28/Dec/2023:00:25:44 -0500] "GET /atrapamoscas-coronidorado-ave-austral-que-se-registro-en-el-humedal-cordoba.html HTTP/1.1" 200 991
136.243.228.194 - - [28/Dec/2023:00:25:45 -0500] "GET /sitemap.xml HTTP/1.1" 404 1034
156.59.198.135 - - [28/Dec/2023:00:25:49 -0500] "GET /BLA/resoluciones/Notificaciones/RESOLUCIONES%202015/02353.doc HTTP/1.0" 200 133463
201.245.192.253 - - [28/Dec/2023:00:25:59 -0500] "POST /kwsrmcab/Wsrmcab HTTP/1.1" 200 36323
201.245.192.253 - - [28/Dec/2023:00:26:03 -0500] "POST /kwsrmcab/Wsrmcab HTTP/1.1" 200 36800
66.249.73.38 - - [28/Dec/2023:00:26:09 -0500] "GET /BLA/resoluciones/AUTOS%202007/1919.pdf HTTP/1.1" 200 90400
156.59.198.136 - - [28/Dec/2023:00:26:13 -0500] "GET /BLA/resoluciones/Notificaciones/REGISTROS%202014/1569.doc HTTP/1.0" 200 159744
191.156.238.112 - - [28/Dec/2023:00:26:18 -0500] "-" 408 -
191.156.238.112 - - [28/Dec/2023:00:26:18 -0500] "-" 408 -
66.249.73.37 - - [28/Dec/2023:00:26:26 -0500] "GET /BLA/resoluciones/AUTOS%202008/2573.pdf HTTP/1.1" 200 99682
156.59.198.135 - - [28/Dec/2023:00:26:38 -0500] "GET /BLA/resoluciones/RESOLUCIONES%202009/1879.pdf HTTP/1.0" 200 352066
216.245.221.92 - - [28/Dec/2023:00:26:43 -0500] "HEAD / HTTP/1.1" 200 -
156.59.198.135 - - [28/Dec/2023:00:27:02 -0500] "GET /BLA/resoluciones/RESOLUCIONES%202009/4077.pdf HTTP/1.0" 200 777812
156.59.198.135 - - [28/Dec/2023:00:27:27 -0500] "GET /BLA/resoluciones/RESOLUCIONES%202009/1441.pdf HTTP/1.0" 200 729785
201.245.192.253 - - [28/Dec/2023:00:27:28 -0500] "POST /kwsrmcab/Wsrmcab  HTTP/1.1" 200 36178
156.59.198.136 - - [28/Dec/2023:00:27:50 -0500] "GET /BLA/resoluciones/Notificaciones/RESOLUCIONES%202015/0966.doc HTTP/1.0" 200 165376
156.59.198.136 - - [28/Dec/2023:00:28:15 -0500] "GET /BLA/resoluciones/RESOLUCIONES%202009/1134.pdf HTTP/1.0" 200 2413169
156.59.198.136 - - [28/Dec/2023:00:28:39 -0500] "GET /BLA/resoluciones/Notificaciones/REGISTROS%202015/0315.doc HTTP/1.0" 200 199680
172.22.2.4 - - [28/Dec/2023:00:27:14 -0500] "HEAD /BLA/boletinlegal/ HTTP/1.1" 200 -
156.59.198.135 - - [28/Dec/2023:00:29:04 -0500] "GET /BLA/resoluciones/Notificaciones/REGISTROS%202015/2292.doc HTTP/1.0" 200 203776
66.249.66.77 - - [28/Dec/2023:00:29:15 -0500] "GET /portaldeninos/humedal-torca-y-guaymaral-2/ HTTP/1.1" 200 88086
172.22.2.4 - - [28/Dec/2023:00:29:18 -0500] "GET /BLA/boletinlegal/favicon.ico HTTP/1.1" 404 1018
66.249.66.76 - - [28/Dec/2023:00:29:21 -0500] "GET /portaldeninos/wp-content/themes/betheme/css/shortcodes.css?ver=20.9.6 HTTP/1.1" 200 138889
66.249.66.76 - - [28/Dec/2023:00:29:22 -0500] "GET /portaldeninos/wp-includes/js/jquery/ui/mouse.min.js?ver=1.11.4 HTTP/1.1" 200 3148
156.59.198.135 - - [28/Dec/2023:00:29:28 -0500] "GET /BLA/resoluciones/Notificaciones/REGISTROS%202015/1834.doc HTTP/1.0" 200 206336
172.22.2.4 - - [28/Dec/2023:00:28:59 -0500] "GET /BLA/boletinlegal/ HTTP/1.1" 200 20427
172.22.2.4 - - [28/Dec/2023:00:28:05 -0500] "GET /BLA/boletinlegal/ HTTP/1.1" 200 52008
156.59.198.135 - - [28/Dec/2023:00:29:52 -0500] "GET /BLA/resoluciones/Notificaciones/RESOLUCIONES%202015/1316.doc HTTP/1.0" 200 185344
172.22.2.4 - - [28/Dec/2023:00:29:02 -0500] "GET /BLA/boletinlegal/ HTTP/1.1" 200 32715
201.245.192.253 - - [28/Dec/2023:00:30:01 -0500] "POST /kwsrmcab/Wsrmcab HTTP/1.1" 200 36323
201.245.192.253 - - [28/Dec/2023:00:30:08 -0500] "POST /kwsrmcab/Wsrmcab HTTP/1.1" 200 36800
66.249.73.37 - - [28/Dec/2023:00:30:15 -0500] "GET /BLA/resoluciones/RESOLUCIONES%202010/6869.pdf HTTP/1.1" 200 188608
156.59.198.136 - - [28/Dec/2023:00:30:17 -0500] "GET /BLA/resoluciones/RESOLUCIONES%202009/2051.pdf HTTP/1.0" 200 598437
156.59.198.135 - - [28/Dec/2023:00:30:41 -0500] "GET /BLA/resoluciones/RESOLUCIONES%202009/2862.pdf HTTP/1.0" 200 543781
156.59.198.136 - - [28/Dec/2023:00:31:05 -0500] "GET /BLA/resoluciones/Notificaciones/REGISTROS%202015/0752.doc HTTP/1.0" 200 206336
156.59.198.136 - - [28/Dec/2023:00:31:29 -0500] "GET /BLA/resoluciones/Notificaciones/RESOLUCIONES%202015/0937.doc HTTP/1.0" 200 339968
216.245.221.92 - - [28/Dec/2023:00:31:43 -0500] "HEAD / HTTP/1.1" 200 -
156.59.198.136 - - [28/Dec/2023:00:31:54 -0500] "GET /BLA/resoluciones/RESOLUCIONES%202009/3944.pdf HTTP/1.0" 200 601897
156.59.198.136 - - [28/Dec/2023:00:32:18 -0500] "GET /BLA/resoluciones/Notificaciones/REGISTROS%202015/1594.doc HTTP/1.0" 200 211968
201.245.192.253 - - [28/Dec/2023:00:32:26 -0500] "POST /kwsrmcab/Wsrmcab  HTTP/1.1" 200 36178
156.59.198.135 - - [28/Dec/2023:00:32:42 -0500] "GET /BLA/resoluciones/Notificaciones/REGISTROS%202015/0032.doc HTTP/1.0" 200 199680
156.59.198.136 - - [28/Dec/2023:00:33:07 -0500] "GET /BLA/resoluciones/RESOLUCIONES%202009/2013.pdf HTTP/1.0" 200 684062
156.59.198.136 - - [28/Dec/2023:00:33:30 -0500] "GET /BLA/resoluciones/Notificaciones/REGISTROS%202015/1953.doc HTTP/1.0" 200 200192
156.59.198.135 - - [28/Dec/2023:00:33:55 -0500] "GET /BLA/resoluciones/Notificaciones/REGISTROS%202014/3363.doc HTTP/1.0" 200 199680
156.59.198.136 - - [28/Dec/2023:00:34:19 -0500] "GET /BLA/resoluciones/RESOLUCIONES%202009/1369.pdf HTTP/1.0" 200 503092
156.59.198.136 - - [28/Dec/2023:00:34:44 -0500] "GET /BLA/resoluciones/Notificaciones/REGISTROS%202015/0726.doc HTTP/1.0" 200 206848
172.22.2.4 - - [28/Dec/2023:00:33:04 -0500] "HEAD /BLA/boletinlegal/ HTTP/1.1" 200 -
156.59.198.135 - - [28/Dec/2023:00:35:08 -0500] "GET /BLA/resoluciones/Notificaciones/REGISTROS%202015/02502.doc HTTP/1.0" 200 155318
66.249.73.38 - - [28/Dec/2023:00:35:27 -0500] "GET /BLA/resoluciones/RESOLUCIONES%202009/4085.pdf HTTP/1.1" 200 678938
156.59.198.135 - - [28/Dec/2023:00:35:33 -0500] "GET /BLA/resoluciones/Notificaciones/REGISTROS%202015/1068.doc HTTP/1.0" 200 203776
172.22.2.4 - - [28/Dec/2023:00:33:55 -0500] "GET /BLA/boletinlegal/ HTTP/1.1" 200 58567
156.59.198.136 - - [28/Dec/2023:00:35:56 -0500] "GET /BLA/resoluciones/RESOLUCIONES%202009/1157.pdf HTTP/1.0" 200 37679
201.245.192.253 - - [28/Dec/2023:00:35:59 -0500] "POST /kwsrmcab/Wsrmcab HTTP/1.1" 200 36323
201.245.192.253 - - [28/Dec/2023:00:36:02 -0500] "POST /kwsrmcab/Wsrmcab HTTP/1.1" 200 36800
156.59.198.136 - - [28/Dec/2023:00:36:21 -0500] "GET /BLA/resoluciones/Notificaciones/RESOLUCIONES%202015/2782.pdf HTTP/1.0" 200 155024
216.245.221.92 - - [28/Dec/2023:00:36:43 -0500] "HEAD / HTTP/1.1" 200 -
156.59.198.136 - - [28/Dec/2023:00:36:44 -0500] "GET /BLA/resoluciones/Notificaciones/REGISTROS%202014/3004.doc HTTP/1.0" 200 199168
156.59.198.136 - - [28/Dec/2023:00:37:09 -0500] "GET /BLA/resoluciones/Notificaciones/REGISTROS%202014/2147.doc HTTP/1.0" 200 200704
66.249.73.36 - - [28/Dec/2023:00:37:10 -0500] "GET /resoluciones/RESOLUCIONES%202009/4846.pdf HTTP/1.1" 404 1018
201.245.192.253 - - [28/Dec/2023:00:37:26 -0500] "POST /kwsrmcab/Wsrmcab  HTTP/1.1" 200 36178
156.59.198.135 - - [28/Dec/2023:00:37:34 -0500] "GET /BLA/resoluciones/RESOLUCIONES%202009/0904.pdf HTTP/1.0" 200 403713
66.249.73.37 - - [28/Dec/2023:00:37:44 -0500] "GET /BLA/resoluciones/RESOLUCIONES%202011/3772.pdf HTTP/1.1" 200 688124
156.59.198.135 - - [28/Dec/2023:00:37:58 -0500] "GET /BLA/resoluciones/Notificaciones/REGISTROS%202014/1562.doc HTTP/1.0" 200 159744
156.59.198.135 - - [28/Dec/2023:00:38:23 -0500] "GET /BLA/resoluciones/Notificaciones/REGISTROS%202015/0737.doc HTTP/1.0" 200 208896
66.249.73.36 - - [28/Dec/2023:00:38:45 -0500] "GET /BLA/resoluciones/RESOLUCIONES%202009/4718.pdf HTTP/1.1" 200 359298
156.59.198.136 - - [28/Dec/2023:00:38:46 -0500] "GET /BLA/resoluciones/Notificaciones/REGISTROS%202014/3412.doc HTTP/1.0" 200 205824
156.59.198.135 - - [28/Dec/2023:00:39:10 -0500] "GET /BLA/resoluciones/RESOLUCIONES%202009/3494.pdf HTTP/1.0" 200 683030
156.59.198.136 - - [28/Dec/2023:00:39:35 -0500] "GET /BLA/resoluciones/Notificaciones/RESOLUCIONES%202015/1742.doc HTTP/1.0" 200 161792
156.59.198.136 - - [28/Dec/2023:00:39:59 -0500] "GET /BLA/resoluciones/Notificaciones/REGISTROS%202015/1440.doc HTTP/1.0" 200 201216
201.245.192.253 - - [28/Dec/2023:00:40:01 -0500] "POST /kwsrmcab/Wsrmcab HTTP/1.1" 200 36323
201.245.192.253 - - [28/Dec/2023:00:40:06 -0500] "POST /kwsrmcab/Wsrmcab HTTP/1.1" 200 36800
66.249.73.38 - - [28/Dec/2023:00:40:11 -0500] "GET /resoluciones/RESOLUCIONES%202009/7465.pdf HTTP/1.1" 404 1018
156.59.198.135 - - [28/Dec/2023:00:40:23 -0500] "GET /BLA/resoluciones/RESOLUCIONES%202009/1059.pdf HTTP/1.0" 200 203864
172.22.2.4 - - [28/Dec/2023:00:38:54 -0500] "HEAD /BLA/boletinlegal/ HTTP/1.1" 200 -
156.59.198.135 - - [28/Dec/2023:00:40:47 -0500] "GET /BLA/resoluciones/Notificaciones/REGISTROS%202015/0103.doc HTTP/1.0" 200 199680
186.168.155.60 - - [28/Dec/2023:00:40:57 -0500] "GET /distrito-exalto-a-246-empresas-de-bogota-por-su-alto-desempeno-y-responsabilidad-ambiental-durante-2023.html HTTP/1.1" 200 1039
156.59.198.135 - - [28/Dec/2023:00:41:11 -0500] "GET /BLA/resoluciones/Notificaciones/REGISTROS%202014/3761.doc HTTP/1.0" 200 202240
172.22.2.4 - - [28/Dec/2023:00:39:45 -0500] "GET /BLA/boletinlegal/ HTTP/1.1" 200 58567
156.59.198.136 - - [28/Dec/2023:00:41:35 -0500] "GET /BLA/resoluciones/RESOLUCIONES%202009/1836.pdf HTTP/1.0" 200 505189
216.245.221.92 - - [28/Dec/2023:00:41:43 -0500] "HEAD / HTTP/1.1" 200 -
156.59.198.135 - - [28/Dec/2023:00:41:59 -0500] "GET /BLA/resoluciones/RESOLUCIONES%202009/2237.pdf HTTP/1.0" 200 461978
156.59.198.135 - - [28/Dec/2023:00:42:23 -0500] "GET /BLA/resoluciones/Notificaciones/RESOLUCIONES%202015/06601.doc HTTP/1.0" 200 232184
201.245.192.253 - - [28/Dec/2023:00:42:25 -0500] "POST /kwsrmcab/Wsrmcab  HTTP/1.1" 200 36178
156.59.198.136 - - [28/Dec/2023:00:42:47 -0500] "GET /BLA/resoluciones/Notificaciones/REGISTROS%202014/2889.doc HTTP/1.0" 200 163328
156.59.198.135 - - [28/Dec/2023:00:43:12 -0500] "GET /BLA/resoluciones/RESOLUCIONES%202009/0860.pdf HTTP/1.0" 200 309608
66.249.73.37 - - [28/Dec/2023:00:43:30 -0500] "GET /BLA/resoluciones/Autos%202008/1412.pdf HTTP/1.1" 200 340105
156.59.198.136 - - [28/Dec/2023:00:43:36 -0500] "GET /BLA/resoluciones/Notificaciones/REGISTROS%202015/0537.doc HTTP/1.0" 200 199168
