172.22.2.4 - - [29/Dec/2023:06:10:53 -0500] "GET /BLA/boletinlegal/ HTTP/1.1" 200 58567
156.59.198.135 - - [29/Dec/2023:06:12:46 -0500] "GET /BLA/resoluciones/Notificaciones/REGISTROS%202020/00739.pdf HTTP/1.0" 200 268171
201.245.192.253 - - [29/Dec/2023:06:12:59 -0500] "POST /forms/lservlet;jsessionid=ac16012b30d60a65f47120164194bbc39b7c0db64418.e3iSbxaKaheRe34Qc38TbN0Nb41ynknvrkLOlQzNp65In0 HTTP/1.1" 200 2
156.59.198.135 - - [29/Dec/2023:06:13:10 -0500] "GET /BLA/resoluciones/Notificaciones/AUTOS%202018/00705.pdf HTTP/1.0" 200 284241
181.61.157.160 - - [29/Dec/2023:06:13:11 -0500] "GET /sipse/faces/faces/ HTTP/1.1" 302 -
181.61.157.160 - - [29/Dec/2023:06:13:11 -0500] "GET /sipse/faces/autenticacion.xhtml HTTP/1.1" 200 12415
181.61.157.160 - - [29/Dec/2023:06:13:11 -0500] "GET /sipse/js/disable_browser_buttons.js HTTP/1.1" 304 -
181.61.157.160 - - [29/Dec/2023:06:13:11 -0500] "GET /sipse/css/custom_css_sg_prime_login.css HTTP/1.1" 304 -
181.61.157.160 - - [29/Dec/2023:06:13:11 -0500] "GET /sipse/css/custom_css_sg.css HTTP/1.1" 304 -
181.61.157.160 - - [29/Dec/2023:06:13:11 -0500] "GET /sipse/faces/javax.faces.resource/primefaces.css?ln=primefaces&v=4.0 HTTP/1.1" 304 -
181.61.157.160 - - [29/Dec/2023:06:13:11 -0500] "GET /sipse/faces/javax.faces.resource/theme.css?ln=primefaces-sipse HTTP/1.1" 304 -
181.61.157.160 - - [29/Dec/2023:06:13:11 -0500] "GET /sipse/faces/javax.faces.resource/jquery/jquery-plugins.js?ln=primefaces&v=4.0 HTTP/1.1" 304 -
181.61.157.160 - - [29/Dec/2023:06:13:11 -0500] "GET /sipse/js/funciones.js HTTP/1.1" 304 -
181.61.157.160 - - [29/Dec/2023:06:13:11 -0500] "GET /sipse/faces/javax.faces.resource/layout/layout.css?ln=primefaces&v=4.0 HTTP/1.1" 304 -
181.61.157.160 - - [29/Dec/2023:06:13:11 -0500] "GET /sipse/faces/javax.faces.resource/jquery/jquery.js?ln=primefaces&v=4.0 HTTP/1.1" 304 -
181.61.157.160 - - [29/Dec/2023:06:13:11 -0500] "GET /sipse/faces/javax.faces.resource/primefaces.js?ln=primefaces&v=4.0 HTTP/1.1" 304 -
181.61.157.160 - - [29/Dec/2023:06:13:11 -0500] "GET /sipse/faces/javax.faces.resource/layout/layout.js?ln=primefaces&v=4.0 HTTP/1.1" 304 -
181.61.157.160 - - [29/Dec/2023:06:13:11 -0500] "GET /sipse/css/imagen/logoSDG.png HTTP/1.1" 304 -
181.61.157.160 - - [29/Dec/2023:06:13:11 -0500] "GET /sipse/css/imagen/loginimg.png HTTP/1.1" 304 -
181.61.157.160 - - [29/Dec/2023:06:13:11 -0500] "GET /sipse/faces/javax.faces.resource/images/ui-icons_898989_256x240.png?ln=primefaces-aristo HTTP/1.1" 304 -
181.61.157.160 - - [29/Dec/2023:06:13:11 -0500] "GET /sipse/faces/index.xhtml HTTP/1.1" 200 677
181.61.157.160 - - [29/Dec/2023:06:13:12 -0500] "GET /sipse/faces/javax.faces.resource/theme.css?ln=primefaces-sipse HTTP/1.1" 304 -
181.61.157.160 - - [29/Dec/2023:06:13:12 -0500] "GET /sipse/faces/faces/autenticacion.xhtml HTTP/1.1" 200 12415
181.61.157.160 - - [29/Dec/2023:06:13:12 -0500] "GET /sipse/faces/javax.faces.resource/theme.css?ln=primefaces-sipse HTTP/1.1" 304 -
181.61.157.160 - - [29/Dec/2023:06:13:12 -0500] "GET /sipse/faces/javax.faces.resource/primefaces.css?ln=primefaces&v=4.0 HTTP/1.1" 304 -
181.61.157.160 - - [29/Dec/2023:06:13:12 -0500] "GET /sipse/faces/javax.faces.resource/layout/layout.css?ln=primefaces&v=4.0 HTTP/1.1" 304 -
181.61.157.160 - - [29/Dec/2023:06:13:12 -0500] "GET /sipse/faces/javax.faces.resource/jquery/jquery.js?ln=primefaces&v=4.0 HTTP/1.1" 304 -
181.61.157.160 - - [29/Dec/2023:06:13:12 -0500] "GET /sipse/faces/javax.faces.resource/primefaces.js?ln=primefaces&v=4.0 HTTP/1.1" 304 -
181.61.157.160 - - [29/Dec/2023:06:13:12 -0500] "GET /sipse/faces/javax.faces.resource/jquery/jquery-plugins.js?ln=primefaces&v=4.0 HTTP/1.1" 304 -
181.61.157.160 - - [29/Dec/2023:06:13:12 -0500] "GET /sipse/faces/javax.faces.resource/layout/layout.js?ln=primefaces&v=4.0 HTTP/1.1" 304 -
181.61.157.160 - - [29/Dec/2023:06:13:15 -0500] "POST /sipse/faces/autenticacion.xhtml HTTP/1.1" 200 16287
181.61.157.160 - - [29/Dec/2023:06:13:15 -0500] "GET /sipse/faces/javax.faces.resource/theme.css?ln=primefaces-sipse HTTP/1.1" 304 -
181.61.157.160 - - [29/Dec/2023:06:13:15 -0500] "GET /sipse/js/jquery.min.js HTTP/1.1" 304 -
181.61.157.160 - - [29/Dec/2023:06:13:15 -0500] "GET /sipse/css/custom_css_sg_prime.css HTTP/1.1" 304 -
181.61.157.160 - - [29/Dec/2023:06:13:15 -0500] "GET /sipse/faces/javax.faces.resource/primefaces.css?ln=primefaces&v=4.0 HTTP/1.1" 304 -
181.61.157.160 - - [29/Dec/2023:06:13:15 -0500] "GET /sipse/faces/javax.faces.resource/layout/layout.css?ln=primefaces&v=4.0 HTTP/1.1" 304 -
181.61.157.160 - - [29/Dec/2023:06:13:15 -0500] "GET /sipse/faces/javax.faces.resource/jquery/jquery.js?ln=primefaces&v=4.0 HTTP/1.1" 304 -
181.61.157.160 - - [29/Dec/2023:06:13:15 -0500] "GET /sipse/faces/javax.faces.resource/jquery/jquery-plugins.js?ln=primefaces&v=4.0 HTTP/1.1" 304 -
181.61.157.160 - - [29/Dec/2023:06:13:16 -0500] "GET /sipse/faces/javax.faces.resource/primefaces.js?ln=primefaces&v=4.0 HTTP/1.1" 304 -
181.61.157.160 - - [29/Dec/2023:06:13:16 -0500] "GET /sipse/faces/javax.faces.resource/layout/layout.js?ln=primefaces&v=4.0 HTTP/1.1" 304 -
181.61.157.160 - - [29/Dec/2023:06:13:16 -0500] "GET /sipse/css/v_mergente.css HTTP/1.1" 304 -
181.61.157.160 - - [29/Dec/2023:06:13:16 -0500] "GET /sipse/imagenes/cargando.gif HTTP/1.1" 304 -
181.61.157.160 - - [29/Dec/2023:06:13:17 -0500] "GET /sipse/css/imagen/contrasena.png HTTP/1.1" 404 383
181.61.157.160 - - [29/Dec/2023:06:13:17 -0500] "GET /sipse/imagenes/logoAplicacion.jpg HTTP/1.1" 304 -
181.61.157.160 - - [29/Dec/2023:06:13:17 -0500] "GET /sipse/faces/javax.faces.resource/messages/messages.png?ln=primefaces&v=4.0 HTTP/1.1" 304 -
181.61.157.160 - - [29/Dec/2023:06:13:19 -0500] "GET /sipse/faces/javax.faces.resource/images/ui-bg_flat_0_2d5972_40x100.png?ln=primefaces-aristo HTTP/1.1" 304 -
181.61.157.160 - - [29/Dec/2023:06:13:19 -0500] "POST /sipse/faces/bienvenido.xhtml HTTP/1.1" 200 1471
181.61.157.160 - - [29/Dec/2023:06:13:20 -0500] "POST /sipse/faces/bienvenido.xhtml HTTP/1.1" 200 61586
181.61.157.160 - - [29/Dec/2023:06:13:20 -0500] "GET /sipse/faces/javax.faces.resource/theme.css?ln=primefaces-sipse HTTP/1.1" 304 -
181.61.157.160 - - [29/Dec/2023:06:13:20 -0500] "GET /sipse/faces/javax.faces.resource/primefaces.css?ln=primefaces&v=4.0 HTTP/1.1" 304 -
181.61.157.160 - - [29/Dec/2023:06:13:20 -0500] "GET /sipse/faces/javax.faces.resource/layout/layout.css?ln=primefaces&v=4.0 HTTP/1.1" 304 -
181.61.157.160 - - [29/Dec/2023:06:13:20 -0500] "GET /sipse/faces/javax.faces.resource/jquery/jquery.js?ln=primefaces&v=4.0 HTTP/1.1" 304 -
181.61.157.160 - - [29/Dec/2023:06:13:20 -0500] "GET /sipse/faces/javax.faces.resource/jquery/jquery-plugins.js?ln=primefaces&v=4.0 HTTP/1.1" 304 -
181.61.157.160 - - [29/Dec/2023:06:13:20 -0500] "GET /sipse/faces/javax.faces.resource/primefaces.js?ln=primefaces&v=4.0 HTTP/1.1" 304 -
181.61.157.160 - - [29/Dec/2023:06:13:20 -0500] "GET /sipse/faces/javax.faces.resource/layout/layout.js?ln=primefaces&v=4.0 HTTP/1.1" 304 -
181.61.157.160 - - [29/Dec/2023:06:13:21 -0500] "POST /sipse/faces/presentacion/financiero/solicitudProceso/listarSolicitudProceso.xhtml HTTP/1.1" 200 1564
181.61.157.160 - - [29/Dec/2023:06:13:26 -0500] "GET /sipse/faces/javax.faces.resource/images/ui-icons_898989_256x240.png?ln=primefaces-aristo HTTP/1.1" 304 -
181.61.157.160 - - [29/Dec/2023:06:13:27 -0500] "POST /sipse/faces/presentacion/financiero/solicitudProceso/listarSolicitudProceso.xhtml HTTP/1.1" 200 105319
181.61.157.160 - - [29/Dec/2023:06:13:27 -0500] "GET /sipse/faces/javax.faces.resource/theme.css?ln=primefaces-sipse HTTP/1.1" 304 -
181.61.157.160 - - [29/Dec/2023:06:13:27 -0500] "GET /sipse/faces/javax.faces.resource/primefaces.css?ln=primefaces&v=4.0 HTTP/1.1" 304 -
181.61.157.160 - - [29/Dec/2023:06:13:27 -0500] "GET /sipse/faces/javax.faces.resource/layout/layout.css?ln=primefaces&v=4.0 HTTP/1.1" 304 -
181.61.157.160 - - [29/Dec/2023:06:13:27 -0500] "GET /sipse/faces/javax.faces.resource/jquery/jquery.js?ln=primefaces&v=4.0 HTTP/1.1" 304 -
181.61.157.160 - - [29/Dec/2023:06:13:27 -0500] "GET /sipse/faces/javax.faces.resource/jquery/jquery-plugins.js?ln=primefaces&v=4.0 HTTP/1.1" 304 -
181.61.157.160 - - [29/Dec/2023:06:13:27 -0500] "GET /sipse/faces/javax.faces.resource/primefaces.js?ln=primefaces&v=4.0 HTTP/1.1" 304 -
181.61.157.160 - - [29/Dec/2023:06:13:27 -0500] "GET /sipse/faces/javax.faces.resource/layout/layout.js?ln=primefaces&v=4.0 HTTP/1.1" 304 -
156.59.198.135 - - [29/Dec/2023:06:13:34 -0500] "GET /BLA/resoluciones/Notificaciones/REGISTROS%202020/0583.pdf HTTP/1.0" 200 304089
66.249.66.21 - - [29/Dec/2023:06:13:36 -0500] "GET /BLA/resoluciones/RESOLUCIONES%202009/0297.pdf HTTP/1.1" 200 465269
201.245.192.253 - - [29/Dec/2023:06:13:53 -0500] "POST /forms/lservlet;jsessionid=ac16012b30d69fc638daa8814864b22e81b914d62a46.e3iSbxaKaheRe34Qc38TbN0Nb41ynknvrkLOlQzNp65In0 HTTP/1.1" 200 2
181.61.157.160 - - [29/Dec/2023:06:13:50 -0500] "POST /sipse/faces/presentacion/financiero/solicitudProceso/consultarSolicitudProceso.xhtml HTTP/1.1" 200 3277414
181.61.157.160 - - [29/Dec/2023:06:13:54 -0500] "POST /sipse/faces/presentacion/financiero/solicitudProceso/consultarSolicitudProceso.xhtml HTTP/1.1" 200 115239
156.59.198.135 - - [29/Dec/2023:06:13:58 -0500] "GET /BLA/resoluciones/Notificaciones/AUTOS%202018/3865.pdf HTTP/1.0" 200 335662
185.132.12.47 - - [29/Dec/2023:06:13:59 -0500] "GET /distrito-exalto-a-246-empresas-de-bogota-por-su-alto-desempeno-y-responsabilidad-ambiental-durante-2023.html HTTP/1.1" 200 1039
52.167.144.212 - - [29/Dec/2023:06:14:21 -0500] "GET /BLA/resoluciones/RESOLUCIONES%202023/1832.pdf HTTP/1.1" 200 366696
156.59.198.136 - - [29/Dec/2023:06:14:23 -0500] "GET /BLA/resoluciones/Notificaciones/AUTOS%202013/1530.doc HTTP/1.0" 200 253440
156.59.198.136 - - [29/Dec/2023:06:14:47 -0500] "GET /BLA/resoluciones/Notificaciones/AUTOS%202018/6180.pdf HTTP/1.0" 200 265909
201.245.192.253 - - [29/Dec/2023:06:14:59 -0500] "POST /forms/lservlet;jsessionid=ac16012b30d60a65f47120164194bbc39b7c0db64418.e3iSbxaKaheRe34Qc38TbN0Nb41ynknvrkLOlQzNp65In0 HTTP/1.1" 200 2
179.1.200.6 - - [29/Dec/2023:06:15:14 -0500] "GET /distrito-exalto-a-246-empresas-de-bogota-por-su-alto-desempeno-y-responsabilidad-ambiental-durante-2023.html HTTP/1.1" 200 1039
47.128.44.159 - - [29/Dec/2023:06:15:13 -0500] "GET /BLA/resoluciones/index.php?dir=RESOLUCIONES%202003%2FRES%202003%201751-1800%2F&order=asc&sort=size HTTP/1.1" 200 12151
47.128.44.159 - - [29/Dec/2023:06:15:14 -0500] "GET /BLA/resoluciones/dlf/dirup.png HTTP/1.1" 200 644
47.128.44.159 - - [29/Dec/2023:06:15:14 -0500] "GET /BLA/resoluciones/dlf/unknown.png HTTP/1.1" 200 266
156.59.198.136 - - [29/Dec/2023:06:15:35 -0500] "GET /BLA/resoluciones/Notificaciones/AUTOS%202018/6285.pdf HTTP/1.0" 200 257159
201.245.192.253 - - [29/Dec/2023:06:15:53 -0500] "POST /forms/lservlet;jsessionid=ac16012b30d69fc638daa8814864b22e81b914d62a46.e3iSbxaKaheRe34Qc38TbN0Nb41ynknvrkLOlQzNp65In0 HTTP/1.1" 200 2
201.245.192.253 - - [29/Dec/2023:06:15:52 -0500] "POST /kwsrmcab/Wsrmcab HTTP/1.1" 200 36193
201.245.192.253 - - [29/Dec/2023:06:15:55 -0500] "POST /kwsrmcab/Wsrmcab HTTP/1.1" 200 36803
156.59.198.135 - - [29/Dec/2023:06:16:00 -0500] "GET /BLA/resoluciones/Notificaciones/AUTOS%202013/2073.doc HTTP/1.0" 200 865280
216.245.221.92 - - [29/Dec/2023:06:16:06 -0500] "HEAD / HTTP/1.1" 200 -
156.59.198.135 - - [29/Dec/2023:06:16:23 -0500] "GET /BLA/resoluciones/Notificaciones/AUTOS%202013/2457.doc HTTP/1.0" 200 227328
156.59.198.136 - - [29/Dec/2023:06:16:47 -0500] "GET /BLA/resoluciones/Notificaciones/AUTOS%202018/00523.pdf HTTP/1.0" 200 291721
201.245.192.253 - - [29/Dec/2023:06:16:54 -0500] "POST /kwsrmcab/Wsrmcab  HTTP/1.1" 200 36178
201.245.192.253 - - [29/Dec/2023:06:16:59 -0500] "POST /forms/lservlet;jsessionid=ac16012b30d60a65f47120164194bbc39b7c0db64418.e3iSbxaKaheRe34Qc38TbN0Nb41ynknvrkLOlQzNp65In0 HTTP/1.1" 200 2
156.59.198.136 - - [29/Dec/2023:06:17:12 -0500] "GET /BLA/resoluciones/Notificaciones/AUTOS%202018/03091.pdf HTTP/1.0" 200 282150
66.249.66.20 - - [29/Dec/2023:06:17:30 -0500] "GET /BLA/resoluciones/RESOLUCIONES%202009/5475.pdf HTTP/1.1" 200 497155
172.22.2.4 - - [29/Dec/2023:06:15:52 -0500] "HEAD /BLA/boletinlegal/ HTTP/1.1" 200 -
156.59.198.135 - - [29/Dec/2023:06:17:37 -0500] "GET /BLA/resoluciones/Notificaciones/AUTOS%202018/5874.pdf HTTP/1.0" 200 332624
201.245.192.253 - - [29/Dec/2023:06:17:53 -0500] "POST /forms/lservlet;jsessionid=ac16012b30d69fc638daa8814864b22e81b914d62a46.e3iSbxaKaheRe34Qc38TbN0Nb41ynknvrkLOlQzNp65In0 HTTP/1.1" 200 2
66.249.66.20 - - [29/Dec/2023:06:17:57 -0500] "GET /BLA/resoluciones/RESOLUCIONES%202009/6047.pdf HTTP/1.1" 200 494067
156.59.198.136 - - [29/Dec/2023:06:18:01 -0500] "GET /BLA/resoluciones/Notificaciones/AUTOS%202018/6754.pdf HTTP/1.0" 200 387230
172.22.2.4 - - [29/Dec/2023:06:16:43 -0500] "GET /BLA/boletinlegal/ HTTP/1.1" 200 58567
156.59.198.136 - - [29/Dec/2023:06:18:25 -0500] "GET /BLA/resoluciones/Notificaciones/AUTOS%202013/3331.doc HTTP/1.0" 200 227328
156.59.198.135 - - [29/Dec/2023:06:18:49 -0500] "GET /BLA/resoluciones/Notificaciones/AUTOS%202018/6017.pdf HTTP/1.0" 200 291288
201.245.192.253 - - [29/Dec/2023:06:18:59 -0500] "POST /forms/lservlet;jsessionid=ac16012b30d60a65f47120164194bbc39b7c0db64418.e3iSbxaKaheRe34Qc38TbN0Nb41ynknvrkLOlQzNp65In0 HTTP/1.1" 200 2
167.172.120.69 - - [29/Dec/2023:06:19:08 -0500] "\x16\x03\x01" 400 226
167.172.120.69 - - [29/Dec/2023:06:19:08 -0500] "\x16\x03\x01" 400 226
167.172.120.69 - - [29/Dec/2023:06:19:08 -0500] "GET / HTTP/1.1" 200 319
167.172.120.69 - - [29/Dec/2023:06:19:08 -0500] "GET /form.html HTTP/1.1" 404 1018
167.172.120.69 - - [29/Dec/2023:06:19:09 -0500] "GET /upl.php HTTP/1.1" 404 1018
167.172.120.69 - - [29/Dec/2023:06:19:09 -0500] "\x16\x03\x01" 400 226
167.172.120.69 - - [29/Dec/2023:06:19:09 -0500] "GET /geoip/ HTTP/1.1" 404 1018
179.19.222.38 - - [29/Dec/2023:06:19:09 -0500] "GET /distrito-exalto-a-246-empresas-de-bogota-por-su-alto-desempeno-y-responsabilidad-ambiental-durante-2023.html HTTP/1.1" 200 1039
179.19.222.38 - - [29/Dec/2023:06:19:09 -0500] "GET /favicon.ico HTTP/1.1" 404 1510
167.172.120.69 - - [29/Dec/2023:06:19:10 -0500] "GET /favicon.ico HTTP/1.1" 200 7782
167.172.120.69 - - [29/Dec/2023:06:19:10 -0500] "GET /1.php HTTP/1.1" 404 1018
167.172.120.69 - - [29/Dec/2023:06:19:10 -0500] "GET /bundle.js HTTP/1.1" 404 1018
167.172.120.69 - - [29/Dec/2023:06:19:11 -0500] "GET /files/ HTTP/1.1" 404 1018
167.172.120.69 - - [29/Dec/2023:06:19:11 -0500] "GET /systembc/password.php HTTP/1.1" 404 1018
167.172.120.69 - - [29/Dec/2023:06:19:11 -0500] "GET /password.php HTTP/1.1" 404 1018
167.172.120.69 - - [29/Dec/2023:06:19:11 -0500] "GET /info.php HTTP/1.1" 404 1018
156.59.198.136 - - [29/Dec/2023:06:19:13 -0500] "GET /BLA/resoluciones/Notificaciones/AUTOS%202013/3322.doc HTTP/1.0" 200 227840
66.249.66.21 - - [29/Dec/2023:06:19:14 -0500] "GET /resoluciones/RESOLUCIONES%202009/1260.pdf HTTP/1.1" 404 1018
156.59.198.136 - - [29/Dec/2023:06:19:38 -0500] "GET /BLA/resoluciones/Notificaciones/AUTOS%202018/02227.pdf HTTP/1.0" 200 234362
201.245.192.253 - - [29/Dec/2023:06:19:53 -0500] "POST /forms/lservlet;jsessionid=ac16012b30d69fc638daa8814864b22e81b914d62a46.e3iSbxaKaheRe34Qc38TbN0Nb41ynknvrkLOlQzNp65In0 HTTP/1.1" 200 2
201.245.192.253 - - [29/Dec/2023:06:19:57 -0500] "POST /kwsrmcab/Wsrmcab HTTP/1.1" 200 36193
156.59.198.135 - - [29/Dec/2023:06:20:02 -0500] "GET /BLA/resoluciones/Notificaciones/REGISTROS%202020/0806.pdf HTTP/1.0" 200 276982
201.245.192.253 - - [29/Dec/2023:06:20:01 -0500] "POST /kwsrmcab/Wsrmcab HTTP/1.1" 200 36803
156.59.198.136 - - [29/Dec/2023:06:20:27 -0500] "GET /BLA/resoluciones/Notificaciones/AUTOS%202018/5702.pdf HTTP/1.0" 200 280839
156.59.198.135 - - [29/Dec/2023:06:20:50 -0500] "GET /BLA/resoluciones/Notificaciones/AUTOS%202013/03257.doc HTTP/1.0" 200 226816
201.245.192.253 - - [29/Dec/2023:06:20:59 -0500] "POST /forms/lservlet;jsessionid=ac16012b30d60a65f47120164194bbc39b7c0db64418.e3iSbxaKaheRe34Qc38TbN0Nb41ynknvrkLOlQzNp65In0 HTTP/1.1" 200 2
216.245.221.92 - - [29/Dec/2023:06:21:06 -0500] "HEAD / HTTP/1.1" 200 -
40.77.167.52 - - [29/Dec/2023:06:21:13 -0500] "GET /BLA/resoluciones/RESOLUCIONES%202021/2978.pdf HTTP/1.1" 200 374810
156.59.198.136 - - [29/Dec/2023:06:21:16 -0500] "GET /BLA/resoluciones/Notificaciones/REGISTROS%202020/0658.pdf HTTP/1.0" 200 280991
156.59.198.135 - - [29/Dec/2023:06:21:40 -0500] "GET /BLA/resoluciones/Notificaciones/AUTOS%202018/2332.pdf HTTP/1.0" 200 272001
201.245.192.253 - - [29/Dec/2023:06:21:53 -0500] "POST /forms/lservlet;jsessionid=ac16012b30d69fc638daa8814864b22e81b914d62a46.e3iSbxaKaheRe34Qc38TbN0Nb41ynknvrkLOlQzNp65In0 HTTP/1.1" 200 2
201.245.192.253 - - [29/Dec/2023:06:21:52 -0500] "POST /kwsrmcab/Wsrmcab  HTTP/1.1" 200 36178
156.59.198.135 - - [29/Dec/2023:06:22:04 -0500] "GET /BLA/resoluciones/Notificaciones/AUTOS%202018/2331.pdf HTTP/1.0" 200 270390
156.59.198.135 - - [29/Dec/2023:06:22:28 -0500] "GET /BLA/resoluciones/Notificaciones/AUTOS%202018/5004.pdf HTTP/1.0" 200 257610
156.59.198.136 - - [29/Dec/2023:06:22:53 -0500] "GET /BLA/resoluciones/Notificaciones/AUTOS%202018/01168.pdf HTTP/1.0" 200 258880
201.245.192.253 - - [29/Dec/2023:06:22:59 -0500] "POST /forms/lservlet;jsessionid=ac16012b30d60a65f47120164194bbc39b7c0db64418.e3iSbxaKaheRe34Qc38TbN0Nb41ynknvrkLOlQzNp65In0 HTTP/1.1" 200 2
40.77.190.148 - - [29/Dec/2023:06:23:01 -0500] "GET /sipse/faces/javax.faces.resource/layout/layout.css;jsessionid=6hhjNKckA1yHhz+T5YozV6Qb.undefined?ln=primefaces&v=4.0 HTTP/1.1" 200 542
40.77.190.101 - - [29/Dec/2023:06:23:01 -0500] "GET /sipse/faces/javax.faces.resource/primefaces.css;jsessionid=6hhjNKckA1yHhz+T5YozV6Qb.undefined?ln=primefaces&v=4.0 HTTP/1.1" 200 53295
40.77.190.191 - - [29/Dec/2023:06:23:01 -0500] "GET /sipse/faces/javax.faces.resource/layout/layout.js;jsessionid=6hhjNKckA1yHhz+T5YozV6Qb.undefined?ln=primefaces&v=4.0 HTTP/1.1" 200 87560
40.77.190.232 - - [29/Dec/2023:06:23:01 -0500] "GET /sipse/faces/javax.faces.resource/primefaces.js;jsessionid=6hhjNKckA1yHhz+T5YozV6Qb.undefined?ln=primefaces&v=4.0 HTTP/1.1" 200 276924
40.77.188.186 - - [29/Dec/2023:06:23:03 -0500] "GET /sipse/faces/index.xhtml HTTP/1.1" 200 677
156.59.198.136 - - [29/Dec/2023:06:23:16 -0500] "GET /BLA/resoluciones/Notificaciones/REGISTROS%202020/01029.pdf HTTP/1.0" 200 203713
172.22.2.4 - - [29/Dec/2023:06:21:42 -0500] "HEAD /BLA/boletinlegal/ HTTP/1.1" 200 -
173.252.107.120 - - [29/Dec/2023:06:23:24 -0500] "GET /images/arbol%20centro.jpg HTTP/1.1" 200 69467
173.252.107.10 - - [29/Dec/2023:06:23:24 -0500] "GET /images/PREAD%20SDA%201.jpeg HTTP/1.1" 200 65620
173.252.107.2 - - [29/Dec/2023:06:23:24 -0500] "GET /images/participacion%2019-12-23.jpg HTTP/1.1" 200 73861
173.252.107.8 - - [29/Dec/2023:06:23:24 -0500] "GET /images/agua%20bogota.jpg HTTP/1.1" 200 74348
173.252.107.116 - - [29/Dec/2023:06:23:28 -0500] "GET /images/Musgo%2017%20-%2012%20-%202023.jpeg HTTP/1.1" 200 66238
173.252.107.8 - - [29/Dec/2023:06:23:32 -0500] "GET /images/calidad-aire.jpg HTTP/1.1" 200 42421
156.59.198.135 - - [29/Dec/2023:06:23:41 -0500] "GET /BLA/resoluciones/Notificaciones/AUTOS%201985/0882.doc HTTP/1.0" 200 171520
201.245.192.253 - - [29/Dec/2023:06:23:53 -0500] "POST /forms/lservlet;jsessionid=ac16012b30d69fc638daa8814864b22e81b914d62a46.e3iSbxaKaheRe34Qc38TbN0Nb41ynknvrkLOlQzNp65In0 HTTP/1.1" 200 2
156.59.198.136 - - [29/Dec/2023:06:24:05 -0500] "GET /BLA/resoluciones/Notificaciones/AUTOS%202014/6557.doc HTTP/1.0" 200 157696
172.22.2.4 - - [29/Dec/2023:06:22:33 -0500] "GET /BLA/boletinlegal/ HTTP/1.1" 200 52418
66.249.66.21 - - [29/Dec/2023:06:24:28 -0500] "GET /BLA/resoluciones/RESOLUCIONES%202007/RES%202007%201801%20AL%201900/RESOLUCION%201884%20DE%202007.pdf HTTP/1.1" 200 399948
156.59.198.136 - - [29/Dec/2023:06:24:29 -0500] "GET /BLA/resoluciones/Notificaciones/AUTOS%202014/0246.doc HTTP/1.0" 200 225792
156.59.198.136 - - [29/Dec/2023:06:24:56 -0500] "GET /BLA/resoluciones/Notificaciones/AUTOS%202014/4524.doc HTTP/1.0" 200 96256
201.245.192.253 - - [29/Dec/2023:06:24:59 -0500] "POST /forms/lservlet;jsessionid=ac16012b30d60a65f47120164194bbc39b7c0db64418.e3iSbxaKaheRe34Qc38TbN0Nb41ynknvrkLOlQzNp65In0 HTTP/1.1" 200 2
156.59.198.135 - - [29/Dec/2023:06:25:19 -0500] "GET /BLA/resoluciones/Notificaciones/REGISTROS%202021/00187.pdf HTTP/1.0" 200 371505
156.59.198.135 - - [29/Dec/2023:06:25:43 -0500] "GET /BLA/resoluciones/Notificaciones/AUTOS%202014/4932.doc HTTP/1.0" 200 95744
201.245.192.253 - - [29/Dec/2023:06:25:53 -0500] "POST /forms/lservlet;jsessionid=ac16012b30d69fc638daa8814864b22e81b914d62a46.e3iSbxaKaheRe34Qc38TbN0Nb41ynknvrkLOlQzNp65In0 HTTP/1.1" 200 2
201.245.192.253 - - [29/Dec/2023:06:25:53 -0500] "POST /kwsrmcab/Wsrmcab HTTP/1.1" 200 36193
201.245.192.253 - - [29/Dec/2023:06:25:56 -0500] "POST /kwsrmcab/Wsrmcab HTTP/1.1" 200 36803
216.245.221.92 - - [29/Dec/2023:06:26:06 -0500] "HEAD / HTTP/1.1" 200 -
156.59.198.135 - - [29/Dec/2023:06:26:09 -0500] "GET /BLA/resoluciones/Notificaciones/AUTOS%202014/5494.doc HTTP/1.0" 200 99328
69.171.249.119 - - [29/Dec/2023:06:26:12 -0500] "GET /secretaria-de-ambiente-reconocio-entidades-por-sus-buenas-practicas-ambientales.html HTTP/1.1" 200 892
173.252.79.1 - - [29/Dec/2023:06:26:16 -0500] "GET /bogota-y-cundinamarca-consolidan-pagos-por-servicios-ambientales-con-nueva-firma-para-la-proteccion-del-agua.html HTTP/1.1" 200 821
173.252.79.6 - - [29/Dec/2023:06:26:16 -0500] "GET /bogota-y-cundinamarca-consolidan-pagos-por-servicios-ambientales-con-nueva-firma-para-la-proteccion-del-agua.html HTTP/1.1" 200 821
66.249.66.21 - - [29/Dec/2023:06:26:18 -0500] "GET /portel_dama/libreria/php/2006/ECOSISTEMAS%20FINAL%20web_mz27/restauracion/sitio/22_proye/xtras_in/4.pdf HTTP/1.1" 404 1018
186.154.35.165 - - [29/Dec/2023:06:26:25 -0500] "GET /secretaria-de-ambiente-reconocio-entidades-por-sus-buenas-practicas-ambientales.html?fbclid=IwAR35eFWhXI6yGnCJOJP6qATj78vpw_6jYcxsgn_SDvLPUNs8XAw2crzCx40 HTTP/1.1" 200 892
66.249.66.19 - - [29/Dec/2023:06:26:26 -0500] "GET /resoluciones/RESOLUCIONES%202009/0410.pdf HTTP/1.1" 404 1018
156.59.198.136 - - [29/Dec/2023:06:26:32 -0500] "GET /BLA/resoluciones/Notificaciones/AUTOS%202014/3263.doc HTTP/1.0" 200 99328
172.22.2.4 - - [29/Dec/2023:06:26:44 -0500] "GET /BLA/boletinlegal/favicon.ico HTTP/1.1" 404 1326
201.245.192.253 - - [29/Dec/2023:06:26:52 -0500] "POST /kwsrmcab/Wsrmcab  HTTP/1.1" 200 36178
156.59.198.135 - - [29/Dec/2023:06:26:57 -0500] "GET /BLA/resoluciones/Notificaciones/REGISTROS%202021/01084.pdf HTTP/1.0" 200 377036
201.245.192.253 - - [29/Dec/2023:06:26:59 -0500] "POST /forms/lservlet;jsessionid=ac16012b30d60a65f47120164194bbc39b7c0db64418.e3iSbxaKaheRe34Qc38TbN0Nb41ynknvrkLOlQzNp65In0 HTTP/1.1" 200 2
66.220.149.15 - - [29/Dec/2023:06:27:01 -0500] "GET /images/Musgo%2017%20-%2012%20-%202023.jpeg HTTP/1.1" 200 66238
173.252.127.8 - - [29/Dec/2023:06:27:11 -0500] "GET /distrito-recupera-mas-de-20-kilogramos-de-musgo-y-dos-aves-silvestres.html HTTP/1.1" 200 857
156.59.198.135 - - [29/Dec/2023:06:27:21 -0500] "GET /BLA/resoluciones/Notificaciones/REGISTROS%202018/01745.pdf HTTP/1.0" 200 261328
156.59.198.135 - - [29/Dec/2023:06:27:46 -0500] "GET /BLA/resoluciones/Notificaciones/AUTOS%202018/00295.pdf HTTP/1.0" 200 1942635
201.245.192.253 - - [29/Dec/2023:06:27:53 -0500] "POST /forms/lservlet;jsessionid=ac16012b30d69fc638daa8814864b22e81b914d62a46.e3iSbxaKaheRe34Qc38TbN0Nb41ynknvrkLOlQzNp65In0 HTTP/1.1" 200 2
52.167.144.166 - - [29/Dec/2023:06:28:04 -0500] "GET /Publicaciones/2023EE214590.pdf HTTP/1.1" 404 228
156.59.198.136 - - [29/Dec/2023:06:28:10 -0500] "GET /BLA/resoluciones/Notificaciones/AUTOS%202014/5741.doc HTTP/1.0" 200 160256
156.59.198.136 - - [29/Dec/2023:06:28:34 -0500] "GET /BLA/resoluciones/Notificaciones/RESOLUCIONES%202021/1762.pdf HTTP/1.0" 200 365131
156.59.198.136 - - [29/Dec/2023:06:28:58 -0500] "GET /BLA/resoluciones/Notificaciones/AUTOS%202014/5732.doc HTTP/1.0" 200 152576
201.245.192.253 - - [29/Dec/2023:06:28:59 -0500] "POST /forms/lservlet;jsessionid=ac16012b30d60a65f47120164194bbc39b7c0db64418.e3iSbxaKaheRe34Qc38TbN0Nb41ynknvrkLOlQzNp65In0 HTTP/1.1" 200 2
172.22.2.4 - - [29/Dec/2023:06:27:32 -0500] "HEAD /BLA/boletinlegal/ HTTP/1.1" 200 -
156.59.198.136 - - [29/Dec/2023:06:29:47 -0500] "GET /BLA/resoluciones/Notificaciones/RESOLUCIONES%202021/1009.pdf HTTP/1.0" 200 403847
201.245.192.253 - - [29/Dec/2023:06:29:53 -0500] "POST /forms/lservlet;jsessionid=ac16012b30d69fc638daa8814864b22e81b914d62a46.e3iSbxaKaheRe34Qc38TbN0Nb41ynknvrkLOlQzNp65In0 HTTP/1.1" 200 2
201.245.192.253 - - [29/Dec/2023:06:29:57 -0500] "POST /kwsrmcab/Wsrmcab HTTP/1.1" 200 36193
172.22.2.4 - - [29/Dec/2023:06:28:23 -0500] "GET /BLA/boletinlegal/ HTTP/1.1" 200 58567
201.245.192.253 - - [29/Dec/2023:06:30:01 -0500] "POST /kwsrmcab/Wsrmcab HTTP/1.1" 200 36803
156.59.198.135 - - [29/Dec/2023:06:30:11 -0500] "GET /BLA/resoluciones/Notificaciones/AUTOS%202014/4104.doc HTTP/1.0" 200 94208
156.59.198.135 - - [29/Dec/2023:06:30:35 -0500] "GET /BLA/resoluciones/Notificaciones/AUTOS%202014/6367.doc HTTP/1.0" 200 169984
201.245.192.253 - - [29/Dec/2023:06:30:59 -0500] "POST /forms/lservlet;jsessionid=ac16012b30d60a65f47120164194bbc39b7c0db64418.e3iSbxaKaheRe34Qc38TbN0Nb41ynknvrkLOlQzNp65In0 HTTP/1.1" 200 2
156.59.198.135 - - [29/Dec/2023:06:31:00 -0500] "GET /BLA/resoluciones/Notificaciones/AUTOS%202018/04085.pdf HTTP/1.0" 200 221595
172.22.2.4 - - [29/Dec/2023:06:31:00 -0500] "GET /BLA/boletinlegal/robots.txt HTTP/1.1" 404 1038
216.245.221.92 - - [29/Dec/2023:06:31:06 -0500] "HEAD / HTTP/1.1" 200 -
156.59.198.136 - - [29/Dec/2023:06:31:24 -0500] "GET /BLA/resoluciones/Notificaciones/AUTOS%202014/2592.doc HTTP/1.0" 200 228352
191.95.53.104 - - [29/Dec/2023:06:31:46 -0500] "GET /appsia/controlador HTTP/1.1" 200 4799
191.95.53.104 - - [29/Dec/2023:06:31:46 -0500] "GET /appsia/css/estilos.css HTTP/1.1" 200 4804
191.95.53.104 - - [29/Dec/2023:06:31:46 -0500] "GET /appsia/scripts/validarIngreso.js HTTP/1.1" 200 851
191.95.53.104 - - [29/Dec/2023:06:31:46 -0500] "GET /appsia/images/logo_bogota_p.png HTTP/1.1" 200 14951
191.95.53.104 - - [29/Dec/2023:06:31:46 -0500] "GET /appsia/images/cabezoteHojaVida.png HTTP/1.1" 200 32493
191.95.53.104 - - [29/Dec/2023:06:31:47 -0500] "GET /favicon.ico HTTP/1.1" 200 7782
156.59.198.135 - - [29/Dec/2023:06:31:48 -0500] "GET /BLA/resoluciones/Notificaciones/RESOLUCIONES%202022/4565.pdf HTTP/1.0" 200 375467
201.245.192.253 - - [29/Dec/2023:06:31:50 -0500] "POST /kwsrmcab/Wsrmcab  HTTP/1.1" 200 36178
201.245.192.253 - - [29/Dec/2023:06:31:53 -0500] "POST /forms/lservlet;jsessionid=ac16012b30d69fc638daa8814864b22e81b914d62a46.e3iSbxaKaheRe34Qc38TbN0Nb41ynknvrkLOlQzNp65In0 HTTP/1.1" 200 2
191.95.53.104 - - [29/Dec/2023:06:32:00 -0500] "POST /appsia/controlador HTTP/1.1" 200 4621
191.95.53.104 - - [29/Dec/2023:06:32:02 -0500] "POST /appsia/controlador HTTP/1.1" 200 7731
191.95.53.104 - - [29/Dec/2023:06:32:02 -0500] "GET /appsia/images/logo_escudo.png HTTP/1.1" 200 36965
200.29.113.39 - - [29/Dec/2023:06:32:03 -0500] "GET /appsia/controlador HTTP/1.1" 200 4799
200.29.113.39 - - [29/Dec/2023:06:32:03 -0500] "GET /appsia/css/estilos.css HTTP/1.1" 200 4804
200.29.113.39 - - [29/Dec/2023:06:32:03 -0500] "GET /appsia/scripts/validarIngreso.js HTTP/1.1" 200 851
200.29.113.39 - - [29/Dec/2023:06:32:04 -0500] "GET /appsia/images/logo_bogota_p.png HTTP/1.1" 200 14951
200.29.113.39 - - [29/Dec/2023:06:32:04 -0500] "GET /appsia/images/cabezoteHojaVida.png HTTP/1.1" 200 32493
156.59.198.135 - - [29/Dec/2023:06:32:11 -0500] "GET /BLA/resoluciones/Notificaciones/AUTOS%202014/2255.doc HTTP/1.0" 200 99840
156.59.198.135 - - [29/Dec/2023:06:32:36 -0500] "GET /BLA/resoluciones/Notificaciones/AUTOS%202014/3914.doc HTTP/1.0" 200 136704
172.22.2.4 - - [29/Dec/2023:06:31:00 -0500] "GET /BLA/boletinlegal/ HTTP/1.1" 200 63054
201.245.192.253 - - [29/Dec/2023:06:32:59 -0500] "POST /forms/lservlet;jsessionid=ac16012b30d60a65f47120164194bbc39b7c0db64418.e3iSbxaKaheRe34Qc38TbN0Nb41ynknvrkLOlQzNp65In0 HTTP/1.1" 200 2
156.59.198.135 - - [29/Dec/2023:06:33:00 -0500] "GET /BLA/resoluciones/Notificaciones/AUTOS%202018/5018.pdf HTTP/1.0" 200 255927
156.59.198.136 - - [29/Dec/2023:06:33:24 -0500] "GET /BLA/resoluciones/Notificaciones/AUTOS%202014/5723.doc HTTP/1.0" 200 155136
66.249.66.19 - - [29/Dec/2023:06:33:30 -0500] "GET /BLA/resoluciones/RESOLUCIONES%202018/1466.pdf HTTP/1.1" 200 339441
156.59.198.136 - - [29/Dec/2023:06:33:49 -0500] "GET /BLA/resoluciones/Notificaciones/RESOLUCIONES%202022/5124.pdf HTTP/1.0" 200 604380
201.245.192.253 - - [29/Dec/2023:06:33:53 -0500] "POST /forms/lservlet;jsessionid=ac16012b30d69fc638daa8814864b22e81b914d62a46.e3iSbxaKaheRe34Qc38TbN0Nb41ynknvrkLOlQzNp65In0 HTTP/1.1" 200 2
156.59.198.136 - - [29/Dec/2023:06:34:14 -0500] "GET /BLA/resoluciones/Notificaciones/AUTOS%202014/3302.doc HTTP/1.0" 200 102400
156.59.198.136 - - [29/Dec/2023:06:34:38 -0500] "GET /BLA/resoluciones/Notificaciones/AUTOS%202015/06181.doc HTTP/1.0" 200 89564
201.245.192.253 - - [29/Dec/2023:06:34:59 -0500] "POST /forms/lservlet;jsessionid=ac16012b30d60a65f47120164194bbc39b7c0db64418.e3iSbxaKaheRe34Qc38TbN0Nb41ynknvrkLOlQzNp65In0 HTTP/1.1" 200 2
172.22.2.4 - - [29/Dec/2023:06:33:22 -0500] "HEAD /BLA/boletinlegal/ HTTP/1.1" 200 -
156.59.198.136 - - [29/Dec/2023:06:35:02 -0500] "GET /BLA/resoluciones/Notificaciones/RESOLUCIONES%202022/3034.pdf HTTP/1.0" 200 893909
156.59.198.135 - - [29/Dec/2023:06:35:26 -0500] "GET /BLA/resoluciones/Notificaciones/REGISTROS%202016/01612.doc HTTP/1.0" 200 590844
156.59.198.136 - - [29/Dec/2023:06:35:51 -0500] "GET /BLA/resoluciones/Notificaciones/AUTOS%202013/2568.doc HTTP/1.0" 200 916992
201.245.192.253 - - [29/Dec/2023:06:35:53 -0500] "POST /forms/lservlet;jsessionid=ac16012b30d69fc638daa8814864b22e81b914d62a46.e3iSbxaKaheRe34Qc38TbN0Nb41ynknvrkLOlQzNp65In0 HTTP/1.1" 200 2
172.22.2.4 - - [29/Dec/2023:06:34:13 -0500] "GET /BLA/boletinlegal/ HTTP/1.1" 200 57309
201.245.192.253 - - [29/Dec/2023:06:35:53 -0500] "POST /kwsrmcab/Wsrmcab HTTP/1.1" 200 36193
201.245.192.253 - - [29/Dec/2023:06:35:56 -0500] "POST /kwsrmcab/Wsrmcab HTTP/1.1" 200 36803
216.245.221.92 - - [29/Dec/2023:06:36:06 -0500] "HEAD / HTTP/1.1" 200 -
156.59.198.135 - - [29/Dec/2023:06:36:15 -0500] "GET /BLA/resoluciones/Notificaciones/AUTOS%202014/3437.doc HTTP/1.0" 200 98304
156.59.198.135 - - [29/Dec/2023:06:36:39 -0500] "GET /BLA/resoluciones/Notificaciones/RESOLUCIONES%202022/99.pdf HTTP/1.0" 200 393614
201.245.192.253 - - [29/Dec/2023:06:36:49 -0500] "POST /kwsrmcab/Wsrmcab  HTTP/1.1" 200 36178
201.245.192.253 - - [29/Dec/2023:06:36:59 -0500] "POST /forms/lservlet;jsessionid=ac16012b30d60a65f47120164194bbc39b7c0db64418.e3iSbxaKaheRe34Qc38TbN0Nb41ynknvrkLOlQzNp65In0 HTTP/1.1" 200 2
156.59.198.135 - - [29/Dec/2023:06:37:04 -0500] "GET /BLA/resoluciones/Notificaciones/REGISTROS%202021/0095.pdf HTTP/1.0" 200 261973
156.59.198.136 - - [29/Dec/2023:06:37:28 -0500] "GET /BLA/resoluciones/Notificaciones/AUTOS%202018/00929.pdf HTTP/1.0" 200 314735
156.59.198.135 - - [29/Dec/2023:06:37:51 -0500] "GET /BLA/resoluciones/Notificaciones/AUTOS%202014/2776.doc HTTP/1.0" 200 259584
201.245.192.253 - - [29/Dec/2023:06:37:53 -0500] "POST /forms/lservlet;jsessionid=ac16012b30d69fc638daa8814864b22e81b914d62a46.e3iSbxaKaheRe34Qc38TbN0Nb41ynknvrkLOlQzNp65In0 HTTP/1.1" 200 2
156.59.198.135 - - [29/Dec/2023:06:38:16 -0500] "GET /BLA/resoluciones/Notificaciones/AUTOS%202014/6660.doc HTTP/1.0" 200 152576
156.59.198.136 - - [29/Dec/2023:06:38:40 -0500] "GET /BLA/resoluciones/Notificaciones/AUTOS%202014/6328.doc HTTP/1.0" 200 157184
201.245.192.253 - - [29/Dec/2023:06:38:59 -0500] "POST /forms/lservlet;jsessionid=ac16012b30d60a65f47120164194bbc39b7c0db64418.e3iSbxaKaheRe34Qc38TbN0Nb41ynknvrkLOlQzNp65In0 HTTP/1.1" 200 2
156.59.198.136 - - [29/Dec/2023:06:39:05 -0500] "GET /BLA/resoluciones/Notificaciones/AUTOS%202014/4783.doc HTTP/1.0" 200 97280
195.43.7.205 - - [29/Dec/2023:06:39:25 -0500] "GET /sites/all/libraries/elfinder/connectors/php/connector.php HTTP/1.1" 404 1165
156.59.198.135 - - [29/Dec/2023:06:39:29 -0500] "GET /BLA/resoluciones/Notificaciones/RESOLUCIONES%202022/1496.pdf HTTP/1.0" 200 2319960
201.245.192.253 - - [29/Dec/2023:06:39:53 -0500] "POST /forms/lservlet;jsessionid=ac16012b30d69fc638daa8814864b22e81b914d62a46.e3iSbxaKaheRe34Qc38TbN0Nb41ynknvrkLOlQzNp65In0 HTTP/1.1" 200 2
47.128.59.250 - - [29/Dec/2023:06:39:56 -0500] "GET /BLA/resoluciones/dlf/dirup.png HTTP/1.1" 200 644
47.128.59.250 - - [29/Dec/2023:06:39:56 -0500] "GET /BLA/resoluciones/dlf/pdf.gif HTTP/1.1" 200 272
47.128.59.250 - - [29/Dec/2023:06:39:55 -0500] "GET /BLA/resoluciones/index.php?dir=RESOLUCIONES%202007%2FRES%202007%202801%20AL%202900%2F&order=asc&sort=date HTTP/1.1" 200 26859
201.245.192.253 - - [29/Dec/2023:06:39:56 -0500] "POST /kwsrmcab/Wsrmcab HTTP/1.1" 200 36193
201.245.192.253 - - [29/Dec/2023:06:40:01 -0500] "POST /kwsrmcab/Wsrmcab HTTP/1.1" 200 36803
156.59.198.135 - - [29/Dec/2023:06:40:18 -0500] "GET /BLA/resoluciones/Notificaciones/AUTOS%202013/3286.pdf HTTP/1.0" 200 339408
156.59.198.135 - - [29/Dec/2023:06:40:42 -0500] "GET /BLA/resoluciones/Notificaciones/RESOLUCIONES%202022/2722.pdf HTTP/1.0" 200 406243
172.22.2.4 - - [29/Dec/2023:06:39:12 -0500] "HEAD /BLA/boletinlegal/ HTTP/1.1" 200 -
201.245.192.253 - - [29/Dec/2023:06:40:59 -0500] "POST /forms/lservlet;jsessionid=ac16012b30d60a65f47120164194bbc39b7c0db64418.e3iSbxaKaheRe34Qc38TbN0Nb41ynknvrkLOlQzNp65In0 HTTP/1.1" 200 2
216.245.221.92 - - [29/Dec/2023:06:41:06 -0500] "HEAD / HTTP/1.1" 200 -
156.59.198.136 - - [29/Dec/2023:06:41:07 -0500] "GET /BLA/resoluciones/Notificaciones/RESOLUCIONES%202021/1490.pdf HTTP/1.0" 200 349814
156.59.198.136 - - [29/Dec/2023:06:41:31 -0500] "GET /BLA/resoluciones/Notificaciones/AUTOS%202018/01366.pdf HTTP/1.0" 200 275851
172.22.2.4 - - [29/Dec/2023:06:40:03 -0500] "GET /BLA/boletinlegal/ HTTP/1.1" 200 56478
201.245.192.253 - - [29/Dec/2023:06:41:48 -0500] "POST /kwsrmcab/Wsrmcab  HTTP/1.1" 200 36178
201.245.192.253 - - [29/Dec/2023:06:41:53 -0500] "POST /forms/lservlet;jsessionid=ac16012b30d69fc638daa8814864b22e81b914d62a46.e3iSbxaKaheRe34Qc38TbN0Nb41ynknvrkLOlQzNp65In0 HTTP/1.1" 200 2
156.59.198.135 - - [29/Dec/2023:06:41:55 -0500] "GET /BLA/resoluciones/Notificaciones/AUTOS%202015/2372.doc HTTP/1.0" 200 197120
52.167.144.186 - - [29/Dec/2023:06:42:14 -0500] "GET /BLA/resoluciones/RESOLUCIONES%202023/1892.pdf HTTP/1.1" 200 480383
156.59.198.136 - - [29/Dec/2023:06:42:19 -0500] "GET /BLA/resoluciones/Notificaciones/RESOLUCIONES%202023/1593.pdf HTTP/1.0" 200 7444615
156.59.198.136 - - [29/Dec/2023:06:42:43 -0500] "GET /BLA/resoluciones/Notificaciones/RESOLUCIONES%202023/914.pdf HTTP/1.0" 200 424110
201.245.192.253 - - [29/Dec/2023:06:42:59 -0500] "POST /forms/lservlet;jsessionid=ac16012b30d60a65f47120164194bbc39b7c0db64418.e3iSbxaKaheRe34Qc38TbN0Nb41ynknvrkLOlQzNp65In0 HTTP/1.1" 200 2
156.59.198.136 - - [29/Dec/2023:06:43:08 -0500] "GET /BLA/resoluciones/Notificaciones/AUTOS%202014/4288.doc HTTP/1.0" 200 95744
156.59.198.136 - - [29/Dec/2023:06:43:33 -0500] "GET /BLA/resoluciones/Notificaciones/AUTOS%202014/5801.doc HTTP/1.0" 200 155648
201.245.192.253 - - [29/Dec/2023:06:43:53 -0500] "POST /forms/lservlet;jsessionid=ac16012b30d69fc638daa8814864b22e81b914d62a46.e3iSbxaKaheRe34Qc38TbN0Nb41ynknvrkLOlQzNp65In0 HTTP/1.1" 200 2
156.59.198.136 - - [29/Dec/2023:06:43:58 -0500] "GET /BLA/resoluciones/Notificaciones/RESOLUCIONES%202022/1842.pdf HTTP/1.0" 200 1091563
156.59.198.135 - - [29/Dec/2023:06:44:22 -0500] "GET /BLA/resoluciones/Notificaciones/AUTOS%202014/1385.doc HTTP/1.0" 200 232448
66.249.66.19 - - [29/Dec/2023:06:44:29 -0500] "GET /BLA/resoluciones/RESOLUCIONES%202007/RES%202007%203801%20AL%203900/RESOLUCION%203870%20DE%202007.pdf HTTP/1.1" 200 308289
156.59.198.135 - - [29/Dec/2023:06:44:45 -0500] "GET /BLA/resoluciones/Notificaciones/REGISTROS%202016/01226.pdf HTTP/1.0" 200 592127
201.245.192.253 - - [29/Dec/2023:06:44:59 -0500] "POST /forms/lservlet;jsessionid=ac16012b30d60a65f47120164194bbc39b7c0db64418.e3iSbxaKaheRe34Qc38TbN0Nb41ynknvrkLOlQzNp65In0 HTTP/1.1" 200 2
156.59.198.135 - - [29/Dec/2023:06:45:10 -0500] "GET /BLA/resoluciones/Notificaciones/AUTOS%202014/4689.doc HTTP/1.0" 200 94720
156.59.198.135 - - [29/Dec/2023:06:45:34 -0500] "GET /BLA/resoluciones/RESOLUCIONES%202007/RES%202007%201%20AL%20100/RESOLUCION%200040%20%20DE%202007.pdf HTTP/1.0" 200 79686
201.245.192.253 - - [29/Dec/2023:06:45:53 -0500] "POST /forms/lservlet;jsessionid=ac16012b30d69fc638daa8814864b22e81b914d62a46.e3iSbxaKaheRe34Qc38TbN0Nb41ynknvrkLOlQzNp65In0 HTTP/1.1" 200 2
47.128.124.53 - - [29/Dec/2023:06:45:59 -0500] "GET /BLA/resoluciones/index.php?dir=AUTOS%202006%2F&order=asc&sort=size HTTP/1.1" 200 9681
47.128.124.53 - - [29/Dec/2023:06:46:00 -0500] "GET /BLA/resoluciones/dlf/dirup.png HTTP/1.1" 200 644
47.128.124.53 - - [29/Dec/2023:06:46:00 -0500] "GET /BLA/resoluciones/dlf/folder.png HTTP/1.1" 200 410
47.128.124.53 - - [29/Dec/2023:06:46:00 -0500] "GET /BLA/resoluciones/dlf/pdf.gif HTTP/1.1" 200 272
216.245.221.92 - - [29/Dec/2023:06:46:06 -0500] "HEAD / HTTP/1.1" 200 -
52.167.144.167 - - [29/Dec/2023:06:46:09 -0500] "GET /reporte-calidad-del-aire-15-de-agosto.html HTTP/1.1" 200 745
156.59.198.136 - - [29/Dec/2023:06:46:23 -0500] "GET /BLA/resoluciones/Notificaciones/AUTOS%202014/0256.doc HTTP/1.0" 200 229376
172.22.2.4 - - [29/Dec/2023:06:45:02 -0500] "HEAD /BLA/boletinlegal/ HTTP/1.1" 200 -
156.59.198.136 - - [29/Dec/2023:06:46:47 -0500] "GET /BLA/resoluciones/RESOLUCIONES%202007/RES%202007%203601%20AL%203700/RESOLUCION%203691%20DE%202007.pdf HTTP/1.0" 200 156282
201.245.192.253 - - [29/Dec/2023:06:46:46 -0500] "POST /kwsrmcab/Wsrmcab  HTTP/1.1" 200 36178
201.245.192.253 - - [29/Dec/2023:06:46:59 -0500] "POST /forms/lservlet;jsessionid=ac16012b30d60a65f47120164194bbc39b7c0db64418.e3iSbxaKaheRe34Qc38TbN0Nb41ynknvrkLOlQzNp65In0 HTTP/1.1" 200 2
156.59.198.136 - - [29/Dec/2023:06:47:11 -0500] "GET /BLA/resoluciones/RESOLUCIONES%202007/RES%202007%203601%20AL%203700/RESOLUCION%203617%20DE%202007.pdf HTTP/1.0" 200 400257
172.22.2.4 - - [29/Dec/2023:06:45:53 -0500] "GET /BLA/boletinlegal/ HTTP/1.1" 200 60502
156.59.198.135 - - [29/Dec/2023:06:47:35 -0500] "GET /BLA/resoluciones/Notificaciones/AUTOS%202014/4286.doc HTTP/1.0" 200 93696
201.245.192.253 - - [29/Dec/2023:06:47:53 -0500] "POST /forms/lservlet;jsessionid=ac16012b30d69fc638daa8814864b22e81b914d62a46.e3iSbxaKaheRe34Qc38TbN0Nb41ynknvrkLOlQzNp65In0 HTTP/1.1" 200 2
156.59.198.136 - - [29/Dec/2023:06:47:59 -0500] "GET /BLA/resoluciones/Notificaciones/RESOLUCIONES%202021/1601.pdf HTTP/1.0" 200 349066
156.59.198.136 - - [29/Dec/2023:06:48:25 -0500] "GET /BLA/resoluciones/Notificaciones/AUTOS%202014/4644.doc HTTP/1.0" 200 96768
156.59.198.136 - - [29/Dec/2023:06:48:49 -0500] "GET /BLA/resoluciones/Notificaciones/RESOLUCIONES%202022/1371.pdf HTTP/1.0" 200 513051
201.245.192.253 - - [29/Dec/2023:06:48:59 -0500] "POST /forms/lservlet;jsessionid=ac16012b30d60a65f47120164194bbc39b7c0db64418.e3iSbxaKaheRe34Qc38TbN0Nb41ynknvrkLOlQzNp65In0 HTTP/1.1" 200 2
156.59.198.136 - - [29/Dec/2023:06:49:14 -0500] "GET /BLA/resoluciones/Notificaciones/AUTOS%202015/3582.doc HTTP/1.0" 200 166400
66.249.66.20 - - [29/Dec/2023:06:49:23 -0500] "GET /BLA/resoluciones/RESOLUCIONES%202012/0717.pdf HTTP/1.1" 200 176594
156.59.198.136 - - [29/Dec/2023:06:49:39 -0500] "GET /BLA/resoluciones/RESOLUCIONES%202007/RES%202007%203601%20AL%203700/RESOLUCION%203648%20DE%202007.pdf HTTP/1.0" 200 298700
201.245.192.253 - - [29/Dec/2023:06:49:53 -0500] "POST /forms/lservlet;jsessionid=ac16012b30d69fc638daa8814864b22e81b914d62a46.e3iSbxaKaheRe34Qc38TbN0Nb41ynknvrkLOlQzNp65In0 HTTP/1.1" 200 2
156.59.198.136 - - [29/Dec/2023:06:50:03 -0500] "GET /BLA/resoluciones/Notificaciones/AUTOS%202018/04848.pdf HTTP/1.0" 200 226555
156.59.198.136 - - [29/Dec/2023:06:50:26 -0500] "GET /BLA/resoluciones/Notificaciones/AUTOS%202018/1295.pdf HTTP/1.0" 200 278812
156.59.198.135 - - [29/Dec/2023:06:50:51 -0500] "GET /BLA/resoluciones/Notificaciones/AUTOS%202014/3253.doc HTTP/1.0" 200 101376
201.245.192.253 - - [29/Dec/2023:06:50:59 -0500] "POST /forms/lservlet;jsessionid=ac16012b30d60a65f47120164194bbc39b7c0db64418.e3iSbxaKaheRe34Qc38TbN0Nb41ynknvrkLOlQzNp65In0 HTTP/1.1" 200 2
216.245.221.92 - - [29/Dec/2023:06:51:06 -0500] "HEAD / HTTP/1.1" 200 -
156.59.198.136 - - [29/Dec/2023:06:51:15 -0500] "GET /BLA/resoluciones/Notificaciones/AUTOS%202015/06966.doc HTTP/1.0" 200 143581
103.38.182.146 - - [29/Dec/2023:06:51:16 -0500] "GET / HTTP/1.1" 200 319
156.59.198.136 - - [29/Dec/2023:06:51:39 -0500] "GET /BLA/resoluciones/Notificaciones/AUTOS%202014/4356.doc HTTP/1.0" 200 98304
201.245.192.253 - - [29/Dec/2023:06:51:45 -0500] "POST /kwsrmcab/Wsrmcab  HTTP/1.1" 200 36178
201.245.192.253 - - [29/Dec/2023:06:51:53 -0500] "POST /forms/lservlet;jsessionid=ac16012b30d69fc638daa8814864b22e81b914d62a46.e3iSbxaKaheRe34Qc38TbN0Nb41ynknvrkLOlQzNp65In0 HTTP/1.1" 200 2
156.59.198.135 - - [29/Dec/2023:06:52:03 -0500] "GET /BLA/resoluciones/Notificaciones/AUTOS%202015/3978.doc HTTP/1.0" 200 161792
186.1.185.14 - - [29/Dec/2023:06:52:26 -0500] "GET /distrito-exalto-a-246-empresas-de-bogota-por-su-alto-desempeno-y-responsabilidad-ambiental-durante-2023.html HTTP/1.1" 200 1039
156.59.198.136 - - [29/Dec/2023:06:52:28 -0500] "GET /BLA/resoluciones/Notificaciones/REGISTROS%202021/01701.pdf HTTP/1.0" 200 404457
172.22.2.4 - - [29/Dec/2023:06:50:52 -0500] "HEAD /BLA/boletinlegal/ HTTP/1.1" 200 -
156.59.198.136 - - [29/Dec/2023:06:52:52 -0500] "GET /BLA/resoluciones/Notificaciones/AUTOS%202015/5170.doc HTTP/1.0" 200 96768
201.245.192.253 - - [29/Dec/2023:06:52:59 -0500] "POST /forms/lservlet;jsessionid=ac16012b30d60a65f47120164194bbc39b7c0db64418.e3iSbxaKaheRe34Qc38TbN0Nb41ynknvrkLOlQzNp65In0 HTTP/1.1" 200 2
156.59.198.136 - - [29/Dec/2023:06:53:16 -0500] "GET /BLA/resoluciones/Notificaciones/AUTOS%202014/4610.doc HTTP/1.0" 200 116224
172.22.2.4 - - [29/Dec/2023:06:51:43 -0500] "GET /BLA/boletinlegal/ HTTP/1.1" 200 58567
47.128.62.160 - - [29/Dec/2023:06:53:41 -0500] "GET /BLA/resoluciones/index.php?dir=RESOLUCIONES%202003%2FRES%202003%201051-1100%2F&order=asc&sort=size HTTP/1.1" 200 11571
47.128.62.160 - - [29/Dec/2023:06:53:42 -0500] "GET /BLA/resoluciones/dlf/dirup.png HTTP/1.1" 200 644
47.128.62.160 - - [29/Dec/2023:06:53:42 -0500] "GET /BLA/resoluciones/dlf/unknown.png HTTP/1.1" 200 266
201.245.192.253 - - [29/Dec/2023:06:53:53 -0500] "POST /forms/lservlet;jsessionid=ac16012b30d69fc638daa8814864b22e81b914d62a46.e3iSbxaKaheRe34Qc38TbN0Nb41ynknvrkLOlQzNp65In0 HTTP/1.1" 200 2
156.59.198.135 - - [29/Dec/2023:06:54:04 -0500] "GET /BLA/resoluciones/Notificaciones/RESOLUCIONES%202021/5665.pdf HTTP/1.0" 200 369947
156.59.198.136 - - [29/Dec/2023:06:54:29 -0500] "GET /BLA/resoluciones/Notificaciones/AUTOS%202015/2248.doc HTTP/1.0" 200 262144
156.59.198.136 - - [29/Dec/2023:06:54:53 -0500] "GET /BLA/resoluciones/Notificaciones/RESOLUCIONES%202021/3392.pdf HTTP/1.0" 200 568165
201.245.192.253 - - [29/Dec/2023:06:54:59 -0500] "POST /forms/lservlet;jsessionid=ac16012b30d60a65f47120164194bbc39b7c0db64418.e3iSbxaKaheRe34Qc38TbN0Nb41ynknvrkLOlQzNp65In0 HTTP/1.1" 200 2
186.144.236.44 - - [29/Dec/2023:06:55:15 -0500] "GET /BLA/resoluciones/ HTTP/1.1" 200 13696
156.59.198.136 - - [29/Dec/2023:06:55:17 -0500] "GET /BLA/resoluciones/Notificaciones/AUTOS%202015/4769.doc HTTP/1.0" 200 173056
186.144.236.44 - - [29/Dec/2023:06:55:19 -0500] "GET /BLA/resoluciones/index.php?dir=RESOLUCIONES+2019%2F HTTP/1.1" 200 262433
156.59.198.136 - - [29/Dec/2023:06:55:42 -0500] "GET /BLA/resoluciones/Notificaciones/RESOLUCIONES%202023/01147.pdf HTTP/1.0" 200 370706
186.144.236.44 - - [29/Dec/2023:06:55:48 -0500] "GET /BLA/resoluciones/RESOLUCIONES%202019/3806.pdf HTTP/1.1" 200 1318068
201.245.192.253 - - [29/Dec/2023:06:55:53 -0500] "POST /forms/lservlet;jsessionid=ac16012b30d69fc638daa8814864b22e81b914d62a46.e3iSbxaKaheRe34Qc38TbN0Nb41ynknvrkLOlQzNp65In0 HTTP/1.1" 200 2
216.245.221.92 - - [29/Dec/2023:06:56:06 -0500] "HEAD / HTTP/1.1" 200 -
156.59.198.135 - - [29/Dec/2023:06:56:06 -0500] "GET /BLA/resoluciones/Notificaciones/RESOLUCIONES%202021/0799.pdf HTTP/1.0" 200 409136
156.59.198.135 - - [29/Dec/2023:06:56:30 -0500] "GET /BLA/resoluciones/Notificaciones/REGISTROS%202016/01921.pdf HTTP/1.0" 200 496912
201.245.192.253 - - [29/Dec/2023:06:56:44 -0500] "POST /kwsrmcab/Wsrmcab  HTTP/1.1" 200 36178
156.59.198.135 - - [29/Dec/2023:06:56:54 -0500] "GET /BLA/resoluciones/RESOLUCIONES%202007/RES%202007%201%20AL%20100/RESOLUCION%200083%20DE%202007.pdf HTTP/1.0" 200 75817
201.245.192.253 - - [29/Dec/2023:06:56:59 -0500] "POST /forms/lservlet;jsessionid=ac16012b30d60a65f47120164194bbc39b7c0db64418.e3iSbxaKaheRe34Qc38TbN0Nb41ynknvrkLOlQzNp65In0 HTTP/1.1" 200 2
172.22.2.4 - - [29/Dec/2023:06:57:13 -0500] "GET /BLA/boletinlegal/adminer.php HTTP/1.1" 404 1038
156.59.198.136 - - [29/Dec/2023:06:57:20 -0500] "GET /BLA/resoluciones/RESOLUCIONES%202007/RES%202007%201%20AL%20100/RESOLUCION%200043%20DE%202007.pdf HTTP/1.0" 200 349284
156.59.198.135 - - [29/Dec/2023:06:57:43 -0500] "GET /BLA/resoluciones/RESOLUCIONES%202007/RES%202007%201%20AL%20100/RESOLUCION%200093%20DE%202007.pdf HTTP/1.0" 200 462070
52.167.144.211 - - [29/Dec/2023:06:57:47 -0500] "GET /distrito-exalto-a-246-empresas-de-bogota-por-su-alto-desempeno-y-responsabilidad-ambiental-durante-2023.html HTTP/1.1" 200 1039
201.245.192.253 - - [29/Dec/2023:06:57:53 -0500] "POST /forms/lservlet;jsessionid=ac16012b30d69fc638daa8814864b22e81b914d62a46.e3iSbxaKaheRe34Qc38TbN0Nb41ynknvrkLOlQzNp65In0 HTTP/1.1" 200 2
181.61.209.39 - - [29/Dec/2023:06:57:59 -0500] "GET /distrito-exalto-a-246-empresas-de-bogota-por-su-alto-desempeno-y-responsabilidad-ambiental-durante-2023.html HTTP/1.1" 200 1039
156.59.198.135 - - [29/Dec/2023:06:58:07 -0500] "GET /BLA/resoluciones/RESOLUCIONES%202007/RES%202007%203601%20AL%203700/RESOLUCION%203658%20DE%202007.pdf HTTP/1.0" 200 1139557
104.28.92.31 - - [29/Dec/2023:06:58:09 -0500] "GET /distrito-exalto-a-246-empresas-de-bogota-por-su-alto-desempeno-y-responsabilidad-ambiental-durante-2023.html HTTP/1.1" 200 1039
172.22.2.4 - - [29/Dec/2023:06:56:42 -0500] "HEAD /BLA/boletinlegal/ HTTP/1.1" 200 -
156.59.198.136 - - [29/Dec/2023:06:58:32 -0500] "GET /BLA/resoluciones/RESOLUCIONES%202007/RES%202007%203601%20AL%203700/RESOLUCION%203697%20DE%202007.pdf HTTP/1.0" 200 640315
156.59.198.136 - - [29/Dec/2023:06:58:57 -0500] "GET /BLA/resoluciones/RESOLUCIONES%202007/RES%202007%201%20AL%20100/RESOLUCION%200068%20DE%202007.pdf HTTP/1.0" 200 1598693
201.245.192.253 - - [29/Dec/2023:06:58:59 -0500] "POST /forms/lservlet;jsessionid=ac16012b30d60a65f47120164194bbc39b7c0db64418.e3iSbxaKaheRe34Qc38TbN0Nb41ynknvrkLOlQzNp65In0 HTTP/1.1" 200 2
172.22.2.4 - - [29/Dec/2023:06:57:33 -0500] "GET /BLA/boletinlegal/ HTTP/1.1" 200 60502
156.59.198.136 - - [29/Dec/2023:06:59:22 -0500] "GET /BLA/resoluciones/RESOLUCIONES%202007/RES%202007%201%20AL%20100/RESOLUCION%200054%20DE%202007.pdf HTTP/1.0" 200 231622
156.59.198.136 - - [29/Dec/2023:06:59:48 -0500] "GET /BLA/resoluciones/RESOLUCIONES%202007/RES%202007%201%20AL%20100/RESOLUCION%200098%20DE%202007.pdf HTTP/1.0" 200 481990
201.245.192.253 - - [29/Dec/2023:06:59:53 -0500] "POST /forms/lservlet;jsessionid=ac16012b30d69fc638daa8814864b22e81b914d62a46.e3iSbxaKaheRe34Qc38TbN0Nb41ynknvrkLOlQzNp65In0 HTTP/1.1" 200 2
156.59.198.136 - - [29/Dec/2023:07:00:12 -0500] "GET /BLA/resoluciones/RESOLUCIONES%202007/RES%202007%203601%20AL%203700/RESOLUCION%203630%20DE%202007.pdf HTTP/1.0" 200 1286579
156.59.198.136 - - [29/Dec/2023:07:00:36 -0500] "GET /BLA/resoluciones/RESOLUCIONES%202007/RES%202007%201%20AL%20100/RESOLUCION%200016%20DE%202007.pdf HTTP/1.0" 200 36237
47.99.136.156 - - [29/Dec/2023:07:00:59 -0500] "GET http://190.27.245.106:80/phpMyAdmin/scripts/setup.php HTTP/1.0" 403 1165
47.99.136.156 - - [29/Dec/2023:07:00:59 -0500] "GET http://190.27.245.106:80/phpmyadmin/scripts/setup.php HTTP/1.0" 403 1165
201.245.192.253 - - [29/Dec/2023:07:00:59 -0500] "POST /forms/lservlet;jsessionid=ac16012b30d60a65f47120164194bbc39b7c0db64418.e3iSbxaKaheRe34Qc38TbN0Nb41ynknvrkLOlQzNp65In0 HTTP/1.1" 200 2
47.99.136.156 - - [29/Dec/2023:07:01:00 -0500] "GET http://190.27.245.106:80/phpMyAdmin-2.11.4/scripts/setup.php HTTP/1.0" 403 1165
47.99.136.156 - - [29/Dec/2023:07:01:00 -0500] "GET http://190.27.245.106:80/phpMyAdmin-2.11.3/scripts/setup.php HTTP/1.0" 403 1165
47.99.136.156 - - [29/Dec/2023:07:01:01 -0500] "GET http://190.27.245.106:80/phpMyAdmin-2.10.0.2/scripts/setup.php HTTP/1.0" 403 1165
156.59.198.136 - - [29/Dec/2023:07:01:01 -0500] "GET /BLA/resoluciones/RESOLUCIONES%202007/RES%202007%201%20AL%20100/RESOLUCION%200092%20DE%202007.pdf HTTP/1.0" 200 25059
47.99.136.156 - - [29/Dec/2023:07:01:01 -0500] "GET http://190.27.245.106:80/phpMyAdmin-2.10.3/scripts/setup.php HTTP/1.0" 403 1165
47.99.136.156 - - [29/Dec/2023:07:01:02 -0500] "GET http://190.27.245.106:80/phpMyAdmin-2.8.0.2/scripts/setup.php HTTP/1.0" 403 1165
47.99.136.156 - - [29/Dec/2023:07:01:02 -0500] "GET http://190.27.245.106:80/phpMyAdmin-2.10.2/scripts/setup.php HTTP/1.0" 403 1165
47.99.136.156 - - [29/Dec/2023:07:01:03 -0500] "GET http://190.27.245.106:80/phpMyAdmin-2.11.9.2/scripts/setup.php HTTP/1.0" 403 1165
47.99.136.156 - - [29/Dec/2023:07:01:04 -0500] "GET http://190.27.245.106:80/phpMyAdmin-2.11.0/scripts/setup.php HTTP/1.0" 403 1165
47.99.136.156 - - [29/Dec/2023:07:01:04 -0500] "GET http://190.27.245.106:80/phpMyAdmin-2.11.7/scripts/setup.php HTTP/1.0" 403 1165
47.99.136.156 - - [29/Dec/2023:07:01:05 -0500] "GET http://190.27.245.106:80/phpMyAdmin-2.11.1.2/scripts/setup.php HTTP/1.0" 403 1165
47.99.136.156 - - [29/Dec/2023:07:01:05 -0500] "GET http://190.27.245.106:80/pma/scripts/setup.php HTTP/1.0" 404 1018
47.99.136.156 - - [29/Dec/2023:07:01:06 -0500] "GET http://190.27.245.106:80/phpMyAdmin3/scripts/setup.php HTTP/1.0" 403 1165
216.245.221.92 - - [29/Dec/2023:07:01:06 -0500] "HEAD / HTTP/1.1" 200 -
