!C99Shell v. 1.0 pre-release build #13!

Software: Apache. PHP/5.5.15 

uname -a: Windows NT SVR-DMZ 6.1 build 7600 (Windows Server 2008 R2 Enterprise Edition) i586 

SYSTEM 

Safe-mode: OFF (not secure)

E:\nuevo\apache\logs\   drwxrwxrwx
Free 5.02 GB of 239.26 GB (2.1%)
Detected drives: [ a ] [ c ] [ d ] [ e ] [ f ]
Home    Back    Forward    UPDIR    Refresh    Search    Buffer    Encoder    Tools    Proc.    FTP brute    Sec.    SQL    PHP-code    Update    Feedback    Self remove    Logout    


Viewing file:     access.2023.12.29.log (4.68 MB)      -rw-rw-rw-
Select action/file-type:
(+) | (+) | (+) | Code (+) | Session (+) | (+) | SDB (+) | (+) | (+) | (+) | (+) | (+) |
181.52.137.141 - - [29/Dec/2023:00:00:08 -0500] "POST /BLA/boletinlegal/admin/actos/ingresar.php HTTP/1.1" 200 7303
216.244.66.195 - - [29/Dec/2023:00:00:33 -0500] "GET /BLA/resoluciones/RESOLUCIONES%202016/1031.pdf HTTP/1.1" 200 653000
201.245.192.253 - - [29/Dec/2023:00:00:55 -0500] "POST /forms/lservlet;jsessionid=ac16012b30d60a65f47120164194bbc39b7c0db64418.e3iSbxaKaheRe34Qc38TbN0Nb41ynknvrkLOlQzNp65In0 HTTP/1.1" 200 2
216.245.221.92 - - [29/Dec/2023:00:01:07 -0500] "HEAD / HTTP/1.1" 200 -
216.244.66.195 - - [29/Dec/2023:00:01:17 -0500] "GET /BLA/resoluciones/RESOLUCIONES%202016/1654.pdf HTTP/1.1" 200 519557
201.245.192.253 - - [29/Dec/2023:00:01:26 -0500] "POST /kwsrmcab/Wsrmcab  HTTP/1.1" 200 36178
66.249.66.20 - - [29/Dec/2023:00:01:33 -0500] "GET /BLA/resoluciones/RESOLUCIONES%202011/0185.pdf HTTP/1.1" 200 285634
201.245.192.253 - - [29/Dec/2023:00:01:50 -0500] "POST /forms/lservlet;jsessionid=ac16012b30d69fc638daa8814864b22e81b914d62a46.e3iSbxaKaheRe34Qc38TbN0Nb41ynknvrkLOlQzNp65In0 HTTP/1.1" 200 2
216.244.66.195 - - [29/Dec/2023:00:02:06 -0500] "GET /BLA/resoluciones/RESOLUCIONES%202016/1806.pdf HTTP/1.1" 200 291838
66.249.66.21 - - [29/Dec/2023:00:02:42 -0500] "GET /BLA/resoluciones/Notificaciones/REGISTROS%202020/01575.pdf HTTP/1.1" 200 273408
216.244.66.195 - - [29/Dec/2023:00:02:45 -0500] "GET /BLA/resoluciones/RESOLUCIONES%202016/2487.pdf HTTP/1.1" 200 423791
201.245.192.253 - - [29/Dec/2023:00:02:55 -0500] "POST /forms/lservlet;jsessionid=ac16012b30d60a65f47120164194bbc39b7c0db64418.e3iSbxaKaheRe34Qc38TbN0Nb41ynknvrkLOlQzNp65In0 HTTP/1.1" 200 2
138.121.203.22 - - [29/Dec/2023:00:02:58 -0500] "GET /distrito-exalto-a-246-empresas-de-bogota-por-su-alto-desempeno-y-responsabilidad-ambiental-durante-2023.html HTTP/1.1" 200 1039
216.244.66.195 - - [29/Dec/2023:00:03:27 -0500] "GET /BLA/resoluciones/RESOLUCIONES%202016/2538.pdf HTTP/1.1" 200 1248176
181.52.137.141 - - [29/Dec/2023:00:03:48 -0500] "POST /BLA/boletinlegal/admin/actos/ingresar.php HTTP/1.1" 200 7303
201.245.192.253 - - [29/Dec/2023:00:03:50 -0500] "POST /forms/lservlet;jsessionid=ac16012b30d69fc638daa8814864b22e81b914d62a46.e3iSbxaKaheRe34Qc38TbN0Nb41ynknvrkLOlQzNp65In0 HTTP/1.1" 200 2
186.102.69.15 - - [29/Dec/2023:00:04:01 -0500] "GET /distrito-exalto-a-246-empresas-de-bogota-por-su-alto-desempeno-y-responsabilidad-ambiental-durante-2023.html HTTP/1.1" 200 1039
172.22.2.4 - - [29/Dec/2023:00:02:24 -0500] "HEAD /BLA/boletinlegal/ HTTP/1.1" 200 -
216.244.66.195 - - [29/Dec/2023:00:04:18 -0500] "GET /BLA/resoluciones/RESOLUCIONES%202017/0211.pdf HTTP/1.1" 200 261562
40.77.167.254 - - [29/Dec/2023:00:04:31 -0500] "GET /BLA/resoluciones/Notificaciones/REGISTROS%202020/0411.pdf HTTP/1.1" 200 255997
138.121.203.22 - - [29/Dec/2023:00:04:32 -0500] "GET /distrito-exalto-a-246-empresas-de-bogota-por-su-alto-desempeno-y-responsabilidad-ambiental-durante-2023.html HTTP/1.1" 200 1039
40.77.167.45 - - [29/Dec/2023:00:04:39 -0500] "GET /BLA/resoluciones/Notificaciones/REGISTROS%202020/00739.pdf HTTP/1.1" 200 268171
216.244.66.195 - - [29/Dec/2023:00:04:53 -0500] "GET /BLA/resoluciones/RESOLUCIONES%202017/0828.pdf HTTP/1.1" 200 299605
66.249.66.21 - - [29/Dec/2023:00:04:55 -0500] "GET /BLA/resoluciones/Notificaciones/AUTOS%202023/5835.pdf HTTP/1.1" 200 395463
172.22.2.4 - - [29/Dec/2023:00:03:15 -0500] "GET /BLA/boletinlegal/ HTTP/1.1" 200 60910
201.245.192.253 - - [29/Dec/2023:00:04:55 -0500] "POST /forms/lservlet;jsessionid=ac16012b30d60a65f47120164194bbc39b7c0db64418.e3iSbxaKaheRe34Qc38TbN0Nb41ynknvrkLOlQzNp65In0 HTTP/1.1" 200 2
66.249.66.21 - - [29/Dec/2023:00:05:32 -0500] "GET /BLA/resoluciones/RESOLUCIONES%202009/6191.pdf HTTP/1.1" 200 661736
216.244.66.195 - - [29/Dec/2023:00:05:33 -0500] "GET /BLA/resoluciones/RESOLUCIONES%202017/0953.pdf HTTP/1.1" 200 591128
201.245.192.253 - - [29/Dec/2023:00:05:50 -0500] "POST /forms/lservlet;jsessionid=ac16012b30d69fc638daa8814864b22e81b914d62a46.e3iSbxaKaheRe34Qc38TbN0Nb41ynknvrkLOlQzNp65In0 HTTP/1.1" 200 2
216.245.221.92 - - [29/Dec/2023:00:06:07 -0500] "HEAD / HTTP/1.1" 200 -
216.244.66.195 - - [29/Dec/2023:00:06:20 -0500] "GET /BLA/resoluciones/RESOLUCIONES%202017/1196.pdf HTTP/1.1" 200 1386267
181.52.137.141 - - [29/Dec/2023:00:06:22 -0500] "POST /BLA/boletinlegal/admin/actos/ingresar.php HTTP/1.1" 200 7303
201.245.192.253 - - [29/Dec/2023:00:06:24 -0500] "POST /kwsrmcab/Wsrmcab  HTTP/1.1" 200 36178
138.121.203.22 - - [29/Dec/2023:00:06:32 -0500] "GET /distrito-exalto-a-246-empresas-de-bogota-por-su-alto-desempeno-y-responsabilidad-ambiental-durante-2023.html HTTP/1.1" 200 1039
201.245.192.253 - - [29/Dec/2023:00:06:55 -0500] "POST /forms/lservlet;jsessionid=ac16012b30d60a65f47120164194bbc39b7c0db64418.e3iSbxaKaheRe34Qc38TbN0Nb41ynknvrkLOlQzNp65In0 HTTP/1.1" 200 2
216.244.66.195 - - [29/Dec/2023:00:07:10 -0500] "GET /BLA/resoluciones/RESOLUCIONES%202017/1269.pdf HTTP/1.1" 200 264612
216.244.66.195 - - [29/Dec/2023:00:07:42 -0500] "GET /BLA/resoluciones/RESOLUCIONES%202017/1857.pdf HTTP/1.1" 200 340450
201.245.192.253 - - [29/Dec/2023:00:07:50 -0500] "POST /forms/lservlet;jsessionid=ac16012b30d69fc638daa8814864b22e81b914d62a46.e3iSbxaKaheRe34Qc38TbN0Nb41ynknvrkLOlQzNp65In0 HTTP/1.1" 200 2
138.121.203.22 - - [29/Dec/2023:00:07:58 -0500] "GET /distrito-exalto-a-246-empresas-de-bogota-por-su-alto-desempeno-y-responsabilidad-ambiental-durante-2023.html HTTP/1.1" 200 1039
52.167.144.219 - - [29/Dec/2023:00:08:00 -0500] "GET /portaldeninos/2021/05/16/1772/ HTTP/1.1" 404 75240
216.244.66.195 - - [29/Dec/2023:00:08:17 -0500] "GET /BLA/resoluciones/RESOLUCIONES%202017/2556.pdf HTTP/1.1" 200 304996
216.244.66.195 - - [29/Dec/2023:00:08:45 -0500] "GET /BLA/resoluciones/RESOLUCIONES%202017/2587.pdf HTTP/1.1" 200 1869546
181.52.137.141 - - [29/Dec/2023:00:08:45 -0500] "POST /BLA/boletinlegal/admin/actos/ingresar.php HTTP/1.1" 200 7303
201.245.192.253 - - [29/Dec/2023:00:08:55 -0500] "POST /forms/lservlet;jsessionid=ac16012b30d60a65f47120164194bbc39b7c0db64418.e3iSbxaKaheRe34Qc38TbN0Nb41ynknvrkLOlQzNp65In0 HTTP/1.1" 200 2
69.63.189.118 - - [29/Dec/2023:00:09:09 -0500] "GET /con-camaras-trampa-y-otras-metodologias-secretaria-de-ambiente-evalua-la-fauna-y-flora-de-bogota.html HTTP/1.1" 200 1096
152.202.85.222 - - [29/Dec/2023:00:09:21 -0500] "GET /kwssiamovil/sm/ldap/au?x=U2FsdGVkX18bWJkCtU+8ciEJDlaeTED/eQSq5vxM4TP5oHA+EPZqi6pSgHhWats3&y=U2FsdGVkX185KwWkf69Du7qleYOwOi2MCdXPVzj2YGWO20kP2BRzqFJG9+l8kyp0 HTTP/1.1" 200 30
152.202.85.222 - - [29/Dec/2023:00:09:21 -0500] "GET /kwssiamovil/sm/acme/s?s=U2FsdGVkX18uBQXOxrWH70ayfEqRL/GvNEQvF9c9qL5hrt5Cr6KR5RgDxsOU8rZG8bsoq3QssUjk08H17URiJot28nWXs/3wWz8N1qQRdvk=&u=U2FsdGVkX1+93jq16bOn/H/q+l4xH8Wur+x1DwaCzkvU2L7k6Uy1KRq1C6Em9/7k&y=U2FsdGVkX185KwWkf69Du7qleYOwOi2MCdXPVzj2YGWO20kP2BRzqFJG9+l8kyp0 HTTP/1.1" 200 97
152.202.85.222 - - [29/Dec/2023:00:09:21 -0500] "GET /kwssiamovil/sm/acme/s?s=U2FsdGVkX198DPGOsVw5126QIHbjZi1s3ab0CULOyVL7Nu8cIcRjqo8dmZjezakJcGpGybvuENsX1UHa7mt+IWV0DmfXrS9ZjvceKzVhYHUg9gZTwBdFXJJ4l+hvhyYxaqED3YyM8cl0k56SFyiULt6Kfice4RoXcHWOVFelfBdQ6GF66zp3kyEijoCdnPze7k5mO17seLtJvJ6p4fPYnu7dRS3iCWhCBwQY3fvELbsqv1KnbjJ7mOX0BSqgDctQPGMHjGqGYYxKDRRkuXOh13h+KjLrRnyRuS/jJ97xmP1UtIh+f4AGC85zpwBPqD6IONttdL+KJ/dZTL3K2GI9j6C6VmYNq62AF1qw8ZqifH38Cg3wyqHYkT1HXoCtLrwBE3r80G2SBfc8TMgCOLEsnVzIOoodFTdKQsM0KYurptTnuesWV86eYAgzYzd5C8j4uCGeYGzOA18UbviTN3hGH5uL9CDw6H0DLn+UdPYAWHT97atboErVo4LleKP6xo5AP0AtB/p/4eSC11KPoaDf1abOpfGxYcRYWuPEep5WjNj+sCWCLU5g130Dr97PRKNmsBnn1gySTVWZjpcsmzUrrMkxjNM7MSNKBMJcRQ/0SeW7LTV3xCI+H8DDJXFZchsBNk7BhWt+rA86hLc6fkn2Pd+YhkokbxeYE/yKhKsHeVWzj4OhO2V/qSpvZPQt7Wp95XbXU8BRbfApx3GwZbuOBCyJJ2eCbjzW+pQBvThMDdmrbo8qcUlYHu1JNxlB6XRKSPY3SZdVNRM5q8WRA75jWot2Njm8utVfBQZJOj8EDsI29CV1EmI5ghdN4qo3rsjl7T+xI7W2wUxkGOy1KbK7lnYKgbOvp4ie/4bmCcW8SFeSNSHfz4hj0y/Q536/ZSWiH0OsWchhIh8xdXXFcTCj63Uh6nflGO+6bGd6i8PNmUXjyqsx+as+Zbofv5zhVzAzge7au6yEb0g1cwWhm7AVbM4u+Y6aIU4i4Y0HE9ljoj+u2f2OsbywC2hH1g2HSTScJswayMB0zQUD8P/YCC0Owsqci6hJuOUE+rMhlOv/9/QO6eeJhKH2yGdU1NrOb8S/RiVzg0O/jAO0mFVmS8bk4D/xwHt9U51gyqoGm4XaI0nnNyOmkoB6w8xA9VACgFq2Am/yBighHCea8UYnAx9SSP2qbObeO9QfQ7sXv9tcy3P6Kn0U8/8l3hdX387GIcgfwvxvCQuiPpWj+KRfN+mpTXu9MRO9WIIOAqbiTe4Mjm/z8V41u9UP6/KK+Ius0Pf9rBwJJ5577kudy6qCu71ZjkQPtc+403Lib5qPZWXfE5v02w5ber66P8b+5PB1Y+Dr7+/NQbYlFUQibxh6/P8hNu5B9UXQ8aqMuWyarCn98i15dAks2oPo3C+km5ZPb5maiGkdOa4E4uEUH6I8uViKpOV/oDEEp1rr772O05RXDUAdi5bjC7SxKKf9Gaxi/+ED3TkA6ExQBc2qhEevgwSqNbkufMnf+waCsVr629gmaZRTdBuP5tzERWp+CTI6m7j4XLliBKu7PqK1zb10WAYuIuEOZiL8IMVktyD00y6lQRV77CHnVLu9YWAf3Jwi3SCHOFNDqvke1MfESB+dqWpYVXhN+8cxPh00qgzhTSCxmDcNmrTW9rxiOhuF/7DLtNXYBQno4hKADvgu/S6eNwJYqE7aM+U+8V7QKus6J7yAQ7ECZ88YyZSce6RYfFqYWACmqMPY7BYES7b9qwhgE6d1gUbr0cCV3cdJWtIe8pD29jAuP4wdvMmoW5YS4BMSrhB1&u=U2FsdGVkX1+93jq16bOn/H/q+l4xH8Wur+x1DwaCzkvU2L7k6Uy1KRq1C6Em9/7k&y=U2FsdGVkX185KwWkf69Du7qleYOwOi2MCdXPVzj2YGWO20kP2BRzqFJG9+l8kyp0 HTTP/1.1" 200 1716
152.202.85.222 - - [29/Dec/2023:00:09:21 -0500] "GET /kwssiamovil/sm/acme/s?s=U2FsdGVkX1+y0HcQED2t55ACdWuKNe2C/Ite/pNX1tgzX3vEBX5JPSy4HhdNHzKjf43UqRJzIO2LQwX0K16aXCdOQkbwFk+tePJH8h0U9NofUeKmkqOVYFevxCtS08dgnD9xZmWgP9B8q/OGrMZeTr9Gnzec42C+QWoesAN0NO5uKowlemnCTSdrm7PUE+Y+LXEMPlTSlsW2YStLqqe4gVCPtDo+PQ+ov9bBW6msczCfncGcmM8G7VDaeQFU2LKPnfR1xTLaYjwODSNmhbmHBcZUd2tbpr2oHVUQbFRnjRAybT+TvTNduF5KmSqQQKtvXVnxm6G3cwl3n5yDWyGYXKuNvdf6M//dvd/AnHOEyJfaNxJBrZkuMailxnqZEIn/DWxGOt3pQTieU+UW1A/+/JqiA+TEw8mvp0SDhN0bjDkp0jDlxlmFjSMD0Tp1/dNwtV3ByfGfcrFscWjGeSX6LvXwqZALmTid5HWzFSgh32zxZDDDhsyGoXn+M+eZEeBNI2siju6qU07KBBCOjJRZttWiGVrbOXS2U8e8K9qP5JqSBTtmPmKM/8atRR2MG0oRqxTSlK7NPOb+4G/jBzJsxhX4sw30lxzU8Ke3FbnuWgPExyYo3pBzL9WBtvfkocgbD7oYPvzx/dncOQ4Qkjyrb+/SPaEdof587r/jShy4KCggDzPzVEPb8nGh0hgEu/8JpwkjELZKY3bNTltI6sYJ4g5rEz5SspC6QUxTaqKln9diFuAUDVNE9bnor5VjcCfS&u=U2FsdGVkX1+93jq16bOn/H/q+l4xH8Wur+x1DwaCzkvU2L7k6Uy1KRq1C6Em9/7k&y=U2FsdGVkX185KwWkf69Du7qleYOwOi2MCdXPVzj2YGWO20kP2BRzqFJG9+l8kyp0 HTTP/1.1" 200 208
152.202.85.222 - - [29/Dec/2023:00:09:21 -0500] "GET /kwssiamovil/sm/cjson/pre?f=1&x=U2FsdGVkX18bWJkCtU+8ciEJDlaeTED/eQSq5vxM4TP5oHA+EPZqi6pSgHhWats3 HTTP/1.1" 200 31032
216.244.66.195 - - [29/Dec/2023:00:09:38 -0500] "GET /BLA/resoluciones/RESOLUCIONES%202017/3017.pdf HTTP/1.1" 200 2447747
201.245.192.253 - - [29/Dec/2023:00:09:50 -0500] "POST /forms/lservlet;jsessionid=ac16012b30d69fc638daa8814864b22e81b914d62a46.e3iSbxaKaheRe34Qc38TbN0Nb41ynknvrkLOlQzNp65In0 HTTP/1.1" 200 2
172.22.2.4 - - [29/Dec/2023:00:08:14 -0500] "HEAD /BLA/boletinlegal/ HTTP/1.1" 200 -
69.63.189.2 - - [29/Dec/2023:00:09:55 -0500] "GET /portaldeninos/wp-content/uploads/2021/06/titulo-cabezote-ni\xc3\xb1os.png HTTP/1.1" 200 64425
216.244.66.195 - - [29/Dec/2023:00:10:23 -0500] "GET /BLA/resoluciones/RESOLUCIONES%202017/3119.pdf HTTP/1.1" 200 306141
181.52.137.141 - - [29/Dec/2023:00:10:25 -0500] "POST /BLA/boletinlegal/admin/actos/ingresar.php HTTP/1.1" 200 7303
172.22.2.4 - - [29/Dec/2023:00:09:05 -0500] "GET /BLA/boletinlegal/ HTTP/1.1" 200 58567
216.244.66.195 - - [29/Dec/2023:00:10:54 -0500] "GET /BLA/resoluciones/RESOLUCIONES%202017/3157.pdf HTTP/1.1" 200 278023
201.245.192.253 - - [29/Dec/2023:00:10:55 -0500] "POST /forms/lservlet;jsessionid=ac16012b30d60a65f47120164194bbc39b7c0db64418.e3iSbxaKaheRe34Qc38TbN0Nb41ynknvrkLOlQzNp65In0 HTTP/1.1" 200 2
216.245.221.92 - - [29/Dec/2023:00:11:07 -0500] "HEAD / HTTP/1.1" 200 -
216.244.66.195 - - [29/Dec/2023:00:11:23 -0500] "GET /BLA/resoluciones/RESOLUCIONES%202017/3389.pdf HTTP/1.1" 200 468511
201.245.192.253 - - [29/Dec/2023:00:11:21 -0500] "POST /kwsrmcab/Wsrmcab  HTTP/1.1" 200 36178
104.194.9.224 - - [29/Dec/2023:00:11:30 -0500] "GET /portaldeninos/index.rss HTTP/1.1" 404 75240
66.249.66.21 - - [29/Dec/2023:00:11:35 -0500] "GET /BLA/resoluciones/Notificaciones/REGISTROS%202023/00495.pdf HTTP/1.1" 200 283651
201.245.192.253 - - [29/Dec/2023:00:11:50 -0500] "POST /forms/lservlet;jsessionid=ac16012b30d69fc638daa8814864b22e81b914d62a46.e3iSbxaKaheRe34Qc38TbN0Nb41ynknvrkLOlQzNp65In0 HTTP/1.1" 200 2
216.244.66.195 - - [29/Dec/2023:00:11:53 -0500] "GET /BLA/resoluciones/RESOLUCIONES%202017/3522.pdf HTTP/1.1" 200 316671
216.244.66.195 - - [29/Dec/2023:00:12:20 -0500] "GET /BLA/resoluciones/RESOLUCIONES%202017/3555.pdf HTTP/1.1" 200 2450045
47.128.115.188 - - [29/Dec/2023:00:12:25 -0500] "GET /BLA/resoluciones/index.php?dir=RESOLUCIONES%202002%2FRES%202002%20551-600%2F&order=asc&sort=size HTTP/1.1" 200 12948
47.128.115.188 - - [29/Dec/2023:00:12:26 -0500] "GET /BLA/resoluciones/dlf/pdf.gif HTTP/1.1" 200 272
47.128.115.188 - - [29/Dec/2023:00:12:26 -0500] "GET /BLA/resoluciones/dlf/dirup.png HTTP/1.1" 200 644
47.128.115.188 - - [29/Dec/2023:00:12:26 -0500] "GET /BLA/resoluciones/dlf/unknown.png HTTP/1.1" 200 266
104.194.9.224 - - [29/Dec/2023:00:12:32 -0500] "GET / HTTP/1.1" 200 319
47.128.98.9 - - [29/Dec/2023:00:12:39 -0500] "GET /BLA/resoluciones/index.php?dir=RESOLUCIONES%202006%2FRES%202006%2051-100%2F&order=asc&sort=size HTTP/1.1" 200 11996
47.128.98.9 - - [29/Dec/2023:00:12:40 -0500] "GET /BLA/resoluciones/dlf/dirup.png HTTP/1.1" 200 644
47.128.98.9 - - [29/Dec/2023:00:12:40 -0500] "GET /BLA/resoluciones/dlf/unknown.png HTTP/1.1" 200 266
181.52.137.141 - - [29/Dec/2023:00:12:53 -0500] "POST /BLA/boletinlegal/admin/actos/ingresar.php HTTP/1.1" 200 7303
201.245.192.253 - - [29/Dec/2023:00:12:55 -0500] "POST /forms/lservlet;jsessionid=ac16012b30d60a65f47120164194bbc39b7c0db64418.e3iSbxaKaheRe34Qc38TbN0Nb41ynknvrkLOlQzNp65In0 HTTP/1.1" 200 2
216.244.66.195 - - [29/Dec/2023:00:13:03 -0500] "GET /BLA/resoluciones/RESOLUCIONES%202019/0134.pdf HTTP/1.1" 200 281718
47.128.17.67 - - [29/Dec/2023:00:13:12 -0500] "GET /BLA/resoluciones/dlf/dirup.png HTTP/1.1" 200 644
47.128.17.67 - - [29/Dec/2023:00:13:12 -0500] "GET /BLA/resoluciones/dlf/unknown.png HTTP/1.1" 200 266
47.128.17.67 - - [29/Dec/2023:00:13:11 -0500] "GET /BLA/resoluciones/index.php?dir=RESOLUCIONES%202006%2FRES%202006%20501-550%2F&order=asc&sort=size HTTP/1.1" 200 12241
216.244.66.195 - - [29/Dec/2023:00:13:33 -0500] "GET /BLA/resoluciones/RESOLUCIONES%202019/0255.pdf HTTP/1.1" 200 346606
47.128.20.233 - - [29/Dec/2023:00:13:50 -0500] "GET /BLA/resoluciones/dlf/dirup.png HTTP/1.1" 200 644
47.128.20.233 - - [29/Dec/2023:00:13:50 -0500] "GET /BLA/resoluciones/dlf/pdf.gif HTTP/1.1" 200 272
201.245.192.253 - - [29/Dec/2023:00:13:50 -0500] "POST /forms/lservlet;jsessionid=ac16012b30d69fc638daa8814864b22e81b914d62a46.e3iSbxaKaheRe34Qc38TbN0Nb41ynknvrkLOlQzNp65In0 HTTP/1.1" 200 2
47.128.20.233 - - [29/Dec/2023:00:13:49 -0500] "GET /BLA/resoluciones/index.php?dir=RESOLUCIONES%202007%2FRES%202007%203401%20AL%203500%2F&order=desc&sort=name HTTP/1.1" 200 26617
66.249.66.21 - - [29/Dec/2023:00:13:58 -0500] "GET /resoluciones/RESOLUCIONES%202008/2836.pdf HTTP/1.1" 404 1018
216.244.66.195 - - [29/Dec/2023:00:14:02 -0500] "GET /BLA/resoluciones/RESOLUCIONES%202019/0640.pdf HTTP/1.1" 200 361312
66.249.66.20 - - [29/Dec/2023:00:14:16 -0500] "GET /BLA/resoluciones/RESOLUCIONES%202010/7096.pdf HTTP/1.1" 200 267721
216.244.66.195 - - [29/Dec/2023:00:14:31 -0500] "GET /BLA/resoluciones/RESOLUCIONES%202019/1135.pdf HTTP/1.1" 200 393505
172.22.2.4 - - [29/Dec/2023:00:14:46 -0500] "GET /BLA/boletinlegal/consulta_actos.php?tipo=autos&no=5395&usuario=&sector=&fecha=2023&resuelve= HTTP/1.1" 200 1035
47.128.97.208 - - [29/Dec/2023:00:14:50 -0500] "GET /BLA/resoluciones/index.php?dir=RESOLUCIONES%202006%2FRES%202006%202751-2800%2F&order=asc&sort=date HTTP/1.1" 200 12358
47.128.97.208 - - [29/Dec/2023:00:14:51 -0500] "GET /BLA/resoluciones/dlf/unknown.png HTTP/1.1" 200 266
47.128.97.208 - - [29/Dec/2023:00:14:51 -0500] "GET /BLA/resoluciones/dlf/dirup.png HTTP/1.1" 200 644
201.245.192.253 - - [29/Dec/2023:00:14:55 -0500] "POST /forms/lservlet;jsessionid=ac16012b30d60a65f47120164194bbc39b7c0db64418.e3iSbxaKaheRe34Qc38TbN0Nb41ynknvrkLOlQzNp65In0 HTTP/1.1" 200 2
216.244.66.195 - - [29/Dec/2023:00:14:58 -0500] "GET /BLA/resoluciones/RESOLUCIONES%202019/2258.pdf HTTP/1.1" 200 320592
66.249.66.20 - - [29/Dec/2023:00:15:04 -0500] "GET /BLA/resoluciones/Notificaciones/AUTOS%202023/5864.pdf HTTP/1.1" 200 423203
216.244.66.195 - - [29/Dec/2023:00:15:24 -0500] "GET /BLA/resoluciones/AUTOS%202007/0078.pdf HTTP/1.1" 200 108666
47.128.124.123 - - [29/Dec/2023:00:15:26 -0500] "GET /BLA/resoluciones/index.php?dir=RESOLUCIONES%202005%2FRES%202005%202301-2350%2F&order=asc&sort=date HTTP/1.1" 200 12369
47.128.124.123 - - [29/Dec/2023:00:15:27 -0500] "GET /BLA/resoluciones/dlf/dirup.png HTTP/1.1" 200 644
47.128.124.123 - - [29/Dec/2023:00:15:27 -0500] "GET /BLA/resoluciones/dlf/unknown.png HTTP/1.1" 200 266
172.22.2.4 - - [29/Dec/2023:00:14:04 -0500] "HEAD /BLA/boletinlegal/ HTTP/1.1" 200 -
216.244.66.195 - - [29/Dec/2023:00:15:49 -0500] "GET /BLA/resoluciones/AUTOS%202007/0307.pdf HTTP/1.1" 200 122927
201.245.192.253 - - [29/Dec/2023:00:15:50 -0500] "POST /forms/lservlet;jsessionid=ac16012b30d69fc638daa8814864b22e81b914d62a46.e3iSbxaKaheRe34Qc38TbN0Nb41ynknvrkLOlQzNp65In0 HTTP/1.1" 200 2
201.245.192.253 - - [29/Dec/2023:00:15:54 -0500] "POST /kwsrmcab/Wsrmcab HTTP/1.1" 200 36333
201.245.192.253 - - [29/Dec/2023:00:15:57 -0500] "POST /kwsrmcab/Wsrmcab HTTP/1.1" 200 36634
216.245.221.92 - - [29/Dec/2023:00:16:07 -0500] "HEAD / HTTP/1.1" 200 -
216.244.66.195 - - [29/Dec/2023:00:16:13 -0500] "GET /BLA/resoluciones/AUTOS%202007/0461.pdf HTTP/1.1" 200 18231
201.245.192.253 - - [29/Dec/2023:00:16:20 -0500] "POST /kwsrmcab/Wsrmcab  HTTP/1.1" 200 36178
172.22.2.4 - - [29/Dec/2023:00:14:55 -0500] "GET /BLA/boletinlegal/ HTTP/1.1" 200 58969
66.249.66.21 - - [29/Dec/2023:00:16:36 -0500] "GET /BLA/resoluciones/RESOLUCIONES%202011/4989.pdf HTTP/1.1" 200 349843
216.244.66.195 - - [29/Dec/2023:00:16:36 -0500] "GET /BLA/resoluciones/AUTOS%202007/0586.pdf HTTP/1.1" 200 124209
66.249.66.20 - - [29/Dec/2023:00:16:48 -0500] "GET /BLA/resoluciones/AUTOS%202009/1322.pdf HTTP/1.1" 200 128388
201.245.192.253 - - [29/Dec/2023:00:16:55 -0500] "POST /forms/lservlet;jsessionid=ac16012b30d60a65f47120164194bbc39b7c0db64418.e3iSbxaKaheRe34Qc38TbN0Nb41ynknvrkLOlQzNp65In0 HTTP/1.1" 200 2
216.244.66.195 - - [29/Dec/2023:00:16:58 -0500] "GET /BLA/resoluciones/AUTOS%202007/0618.pdf HTTP/1.1" 200 123244
216.244.66.195 - - [29/Dec/2023:00:17:19 -0500] "GET /BLA/resoluciones/AUTOS%202007/0707.pdf HTTP/1.1" 200 47104
216.244.66.195 - - [29/Dec/2023:00:17:40 -0500] "GET /BLA/resoluciones/AUTOS%202007/0887.pdf HTTP/1.1" 200 271806
201.245.192.253 - - [29/Dec/2023:00:17:50 -0500] "POST /forms/lservlet;jsessionid=ac16012b30d69fc638daa8814864b22e81b914d62a46.e3iSbxaKaheRe34Qc38TbN0Nb41ynknvrkLOlQzNp65In0 HTTP/1.1" 200 2
216.244.66.195 - - [29/Dec/2023:00:17:59 -0500] "GET /BLA/resoluciones/AUTOS%202007/0968.pdf HTTP/1.1" 200 162858
181.52.137.141 - - [29/Dec/2023:00:18:03 -0500] "POST /BLA/boletinlegal/admin/actos/ingresar.php HTTP/1.1" 200 7303
216.244.66.195 - - [29/Dec/2023:00:18:17 -0500] "GET /BLA/resoluciones/AUTOS%202007/1296.pdf HTTP/1.1" 200 56865
216.244.66.195 - - [29/Dec/2023:00:18:34 -0500] "GET /BLA/resoluciones/AUTOS%202007/1496.pdf HTTP/1.1" 200 24794
31.13.127.118 - - [29/Dec/2023:00:18:44 -0500] "GET /en-esta-navidad-bogota-esta-mejorando-con-mas-espacios-verdes-para-el-disfrute-de-la-ciudadania.html HTTP/1.1" 200 1114
216.244.66.195 - - [29/Dec/2023:00:18:49 -0500] "GET /BLA/resoluciones/AUTOS%202007/1640.pdf HTTP/1.1" 200 128207
201.245.192.253 - - [29/Dec/2023:00:18:55 -0500] "POST /forms/lservlet;jsessionid=ac16012b30d60a65f47120164194bbc39b7c0db64418.e3iSbxaKaheRe34Qc38TbN0Nb41ynknvrkLOlQzNp65In0 HTTP/1.1" 200 2
185.132.12.60 - - [29/Dec/2023:00:18:56 -0500] "GET /distrito-exalto-a-246-empresas-de-bogota-por-su-alto-desempeno-y-responsabilidad-ambiental-durante-2023.html HTTP/1.1" 200 1039
216.244.66.195 - - [29/Dec/2023:00:19:05 -0500] "GET /BLA/resoluciones/AUTOS%202007/1749.pdf HTTP/1.1" 200 41371
216.244.66.195 - - [29/Dec/2023:00:19:19 -0500] "GET /BLA/resoluciones/AUTOS%202007/1812.pdf HTTP/1.1" 200 31121
216.244.66.195 - - [29/Dec/2023:00:19:32 -0500] "GET /BLA/resoluciones/AUTOS%202009/0732.pdf HTTP/1.1" 200 109775
216.244.66.195 - - [29/Dec/2023:00:19:44 -0500] "GET /BLA/resoluciones/AUTOS%202009/1073.pdf HTTP/1.1" 200 143655
201.245.192.253 - - [29/Dec/2023:00:19:50 -0500] "POST /forms/lservlet;jsessionid=ac16012b30d69fc638daa8814864b22e81b914d62a46.e3iSbxaKaheRe34Qc38TbN0Nb41ynknvrkLOlQzNp65In0 HTTP/1.1" 200 2
216.244.66.195 - - [29/Dec/2023:00:19:55 -0500] "GET /BLA/resoluciones/AUTOS%202009/1092.pdf HTTP/1.1" 200 97492
201.245.192.253 - - [29/Dec/2023:00:19:57 -0500] "POST /kwsrmcab/Wsrmcab HTTP/1.1" 200 36333
201.245.192.253 - - [29/Dec/2023:00:20:02 -0500] "POST /kwsrmcab/Wsrmcab HTTP/1.1" 200 36634
216.244.66.195 - - [29/Dec/2023:00:20:05 -0500] "GET /BLA/resoluciones/AUTOS%202009/1341.pdf HTTP/1.1" 200 90849
185.132.12.252 - - [29/Dec/2023:00:20:11 -0500] "GET /distrito-exalto-a-246-empresas-de-bogota-por-su-alto-desempeno-y-responsabilidad-ambiental-durante-2023.html HTTP/1.1" 200 1039
216.244.66.195 - - [29/Dec/2023:00:20:14 -0500] "GET /BLA/resoluciones/AUTOS%202009/1406.pdf HTTP/1.1" 200 188164
216.244.66.195 - - [29/Dec/2023:00:20:22 -0500] "GET /BLA/resoluciones/AUTOS%202009/1596.pdf HTTP/1.1" 200 125644
216.244.66.195 - - [29/Dec/2023:00:20:29 -0500] "GET /BLA/resoluciones/AUTOS%202009/1835.pdf HTTP/1.1" 200 102215
216.244.66.195 - - [29/Dec/2023:00:20:35 -0500] "GET /BLA/resoluciones/AUTOS%202009/1846.pdf HTTP/1.1" 200 101617
216.244.66.195 - - [29/Dec/2023:00:20:41 -0500] "GET /BLA/resoluciones/AUTOS%202009/1896.pdf HTTP/1.1" 200 197438
216.244.66.195 - - [29/Dec/2023:00:20:45 -0500] "GET /BLA/resoluciones/AUTOS%202009/1933.pdf HTTP/1.1" 200 180019
216.244.66.195 - - [29/Dec/2023:00:20:50 -0500] "GET /BLA/resoluciones/AUTOS%202009/1935.pdf HTTP/1.1" 200 181356
216.244.66.195 - - [29/Dec/2023:00:20:53 -0500] "GET /BLA/resoluciones/AUTOS%202009/2052.pdf HTTP/1.1" 200 103129
201.245.192.253 - - [29/Dec/2023:00:20:56 -0500] "POST /forms/lservlet;jsessionid=ac16012b30d60a65f47120164194bbc39b7c0db64418.e3iSbxaKaheRe34Qc38TbN0Nb41ynknvrkLOlQzNp65In0 HTTP/1.1" 200 2
216.244.66.195 - - [29/Dec/2023:00:20:56 -0500] "GET /BLA/resoluciones/AUTOS%202009/2147.pdf HTTP/1.1" 200 85946
216.244.66.195 - - [29/Dec/2023:00:20:59 -0500] "GET /BLA/resoluciones/AUTOS%202009/2181.pdf HTTP/1.1" 200 100913
216.244.66.195 - - [29/Dec/2023:00:21:02 -0500] "GET /BLA/resoluciones/AUTOS%202009/2295.pdf HTTP/1.1" 200 114333
216.244.66.195 - - [29/Dec/2023:00:21:04 -0500] "GET /BLA/resoluciones/AUTOS%202009/2387.pdf HTTP/1.1" 200 326420
216.244.66.195 - - [29/Dec/2023:00:21:06 -0500] "GET /BLA/resoluciones/AUTOS%202009/2602.pdf HTTP/1.1" 200 104111
216.245.221.92 - - [29/Dec/2023:00:21:07 -0500] "HEAD / HTTP/1.1" 200 -
216.244.66.195 - - [29/Dec/2023:00:21:09 -0500] "GET /BLA/resoluciones/AUTOS%202019/4103.pdf HTTP/1.1" 200 256016
216.244.66.195 - - [29/Dec/2023:00:21:14 -0500] "GET /BLA/resoluciones/RESOLUCIONES%202018/0526.pdf HTTP/1.1" 200 282220
181.52.137.141 - - [29/Dec/2023:00:21:17 -0500] "POST /BLA/boletinlegal/admin/actos/ingresar.php HTTP/1.1" 200 7303
201.245.192.253 - - [29/Dec/2023:00:21:18 -0500] "POST /kwsrmcab/Wsrmcab  HTTP/1.1" 200 36178
66.249.66.20 - - [29/Dec/2023:00:21:26 -0500] "GET /BLA/resoluciones/RESOLUCIONES%202010/7788.pdf HTTP/1.1" 200 99697
216.244.66.195 - - [29/Dec/2023:00:21:26 -0500] "GET /BLA/resoluciones/RESOLUCIONES%202018/4016.pdf HTTP/1.1" 200 300421
172.22.2.4 - - [29/Dec/2023:00:19:54 -0500] "HEAD /BLA/boletinlegal/ HTTP/1.1" 200 -
201.245.192.253 - - [29/Dec/2023:00:21:50 -0500] "POST /forms/lservlet;jsessionid=ac16012b30d69fc638daa8814864b22e81b914d62a46.e3iSbxaKaheRe34Qc38TbN0Nb41ynknvrkLOlQzNp65In0 HTTP/1.1" 200 2
178.62.1.86 - - [29/Dec/2023:00:21:51 -0500] "\x16\x03\x01\x01\xfd\x01" 400 226
172.22.2.4 - - [29/Dec/2023:00:20:45 -0500] "GET /BLA/boletinlegal/ HTTP/1.1" 200 60910
201.245.192.253 - - [29/Dec/2023:00:22:56 -0500] "POST /forms/lservlet;jsessionid=ac16012b30d60a65f47120164194bbc39b7c0db64418.e3iSbxaKaheRe34Qc38TbN0Nb41ynknvrkLOlQzNp65In0 HTTP/1.1" 200 2
66.249.66.20 - - [29/Dec/2023:00:22:58 -0500] "GET /BLA/resoluciones/Notificaciones/AUTOS%202023/5909.pdf HTTP/1.1" 200 1031842
201.245.192.253 - - [29/Dec/2023:00:23:50 -0500] "POST /forms/lservlet;jsessionid=ac16012b30d69fc638daa8814864b22e81b914d62a46.e3iSbxaKaheRe34Qc38TbN0Nb41ynknvrkLOlQzNp65In0 HTTP/1.1" 200 2
185.132.12.239 - - [29/Dec/2023:00:23:52 -0500] "GET /distrito-exalto-a-246-empresas-de-bogota-por-su-alto-desempeno-y-responsabilidad-ambiental-durante-2023.html HTTP/1.1" 200 1039
47.128.59.214 - - [29/Dec/2023:00:23:54 -0500] "GET /BLA/resoluciones/dlf/pdf.gif HTTP/1.1" 200 272
47.128.59.214 - - [29/Dec/2023:00:23:54 -0500] "GET /BLA/resoluciones/dlf/dirup.png HTTP/1.1" 200 644
47.128.59.214 - - [29/Dec/2023:00:23:53 -0500] "GET /BLA/resoluciones/index.php?dir=RESOLUCIONES%202007%2FRES%202007%20301%20AL%20400%2F&order=asc&sort=size HTTP/1.1" 200 26381
47.128.44.177 - - [29/Dec/2023:00:24:17 -0500] "GET /BLA/resoluciones/index.php?dir=RESOLUCIONES%202006%2FRES%202006%201151-1200%2F&order=asc&sort=date HTTP/1.1" 200 12365
47.128.44.177 - - [29/Dec/2023:00:24:18 -0500] "GET /BLA/resoluciones/dlf/dirup.png HTTP/1.1" 200 644
47.128.44.177 - - [29/Dec/2023:00:24:18 -0500] "GET /BLA/resoluciones/dlf/unknown.png HTTP/1.1" 200 266
181.52.137.141 - - [29/Dec/2023:00:24:29 -0500] "POST /BLA/boletinlegal/admin/actos/ingresar.php HTTP/1.1" 200 7303
47.128.111.206 - - [29/Dec/2023:00:24:43 -0500] "GET /BLA/resoluciones/dlf/dirup.png HTTP/1.1" 200 644
47.128.111.206 - - [29/Dec/2023:00:24:43 -0500] "GET /BLA/resoluciones/dlf/unknown.png HTTP/1.1" 200 266
47.128.111.206 - - [29/Dec/2023:00:24:42 -0500] "GET /BLA/resoluciones/index.php?dir=AUTOS%202006%2FAUTOS%202006%202901%20-%203000%2F&order=asc&sort=date HTTP/1.1" 200 22191
186.119.106.203 - - [29/Dec/2023:00:24:48 -0500] "GET /distrito-exalto-a-246-empresas-de-bogota-por-su-alto-desempeno-y-responsabilidad-ambiental-durante-2023.html HTTP/1.1" 200 1039
201.245.192.253 - - [29/Dec/2023:00:24:56 -0500] "POST /forms/lservlet;jsessionid=ac16012b30d60a65f47120164194bbc39b7c0db64418.e3iSbxaKaheRe34Qc38TbN0Nb41ynknvrkLOlQzNp65In0 HTTP/1.1" 200 2
40.77.167.19 - - [29/Dec/2023:00:25:42 -0500] "GET /ascenso-tecnologico-distrito-firma-decreto-que-permitira-renovar-parte-de-los-vehiculos-de-carga-y-asi-reducir-emisiones-contaminantes.html HTTP/1.1" 200 1058
45.95.147.236 - - [29/Dec/2023:00:25:42 -0500] "GET / HTTP/1.1" 200 319
201.245.192.253 - - [29/Dec/2023:00:25:50 -0500] "POST /forms/lservlet;jsessionid=ac16012b30d69fc638daa8814864b22e81b914d62a46.e3iSbxaKaheRe34Qc38TbN0Nb41ynknvrkLOlQzNp65In0 HTTP/1.1" 200 2
201.245.192.253 - - [29/Dec/2023:00:25:54 -0500] "POST /kwsrmcab/Wsrmcab HTTP/1.1" 200 36333
201.245.192.253 - - [29/Dec/2023:00:25:57 -0500] "POST /kwsrmcab/Wsrmcab HTTP/1.1" 200 36634
216.245.221.92 - - [29/Dec/2023:00:26:07 -0500] "HEAD / HTTP/1.1" 200 -
201.245.192.253 - - [29/Dec/2023:00:26:17 -0500] "POST /kwsrmcab/Wsrmcab  HTTP/1.1" 200 36178
181.52.137.141 - - [29/Dec/2023:00:26:27 -0500] "POST /BLA/boletinlegal/admin/actos/ingresar.php HTTP/1.1" 200 7303
201.245.192.253 - - [29/Dec/2023:00:26:56 -0500] "POST /forms/lservlet;jsessionid=ac16012b30d60a65f47120164194bbc39b7c0db64418.e3iSbxaKaheRe34Qc38TbN0Nb41ynknvrkLOlQzNp65In0 HTTP/1.1" 200 2
216.244.66.195 - - [29/Dec/2023:00:27:08 -0500] "GET /robots.txt HTTP/1.1" 404 1018
172.22.2.4 - - [29/Dec/2023:00:25:44 -0500] "HEAD /BLA/boletinlegal/ HTTP/1.1" 200 -
201.245.192.253 - - [29/Dec/2023:00:27:50 -0500] "POST /forms/lservlet;jsessionid=ac16012b30d69fc638daa8814864b22e81b914d62a46.e3iSbxaKaheRe34Qc38TbN0Nb41ynknvrkLOlQzNp65In0 HTTP/1.1" 200 2
185.132.12.238 - - [29/Dec/2023:00:27:52 -0500] "GET /distrito-exalto-a-246-empresas-de-bogota-por-su-alto-desempeno-y-responsabilidad-ambiental-durante-2023.html HTTP/1.1" 200 1039
66.249.66.20 - - [29/Dec/2023:00:28:12 -0500] "GET /BLA/resoluciones/RESOLUCIONES%202009/9510.pdf HTTP/1.1" 200 304609
172.22.2.4 - - [29/Dec/2023:00:26:35 -0500] "GET /BLA/boletinlegal/ HTTP/1.1" 200 57309
181.52.137.141 - - [29/Dec/2023:00:28:17 -0500] "POST /BLA/boletinlegal/admin/actos/ingresar.php HTTP/1.1" 200 7303
172.22.2.4 - - [29/Dec/2023:00:28:53 -0500] "GET /BLA/boletinlegal/consulta_actos.php?tipo=autos&no=3820&usuario=&sector=&fecha=2023&resuelve= HTTP/1.1" 200 1038
201.245.192.253 - - [29/Dec/2023:00:28:56 -0500] "POST /forms/lservlet;jsessionid=ac16012b30d60a65f47120164194bbc39b7c0db64418.e3iSbxaKaheRe34Qc38TbN0Nb41ynknvrkLOlQzNp65In0 HTTP/1.1" 200 2
172.22.2.4 - - [29/Dec/2023:00:29:16 -0500] "GET /BLA/boletinlegal/consulta_actos.php?tipo=autos&no=4085&usuario=&sector=&fecha=2023&resuelve= HTTP/1.1" 200 1040
201.245.192.253 - - [29/Dec/2023:00:29:50 -0500] "POST /forms/lservlet;jsessionid=ac16012b30d69fc638daa8814864b22e81b914d62a46.e3iSbxaKaheRe34Qc38TbN0Nb41ynknvrkLOlQzNp65In0 HTTP/1.1" 200 2
201.245.192.253 - - [29/Dec/2023:00:29:57 -0500] "POST /kwsrmcab/Wsrmcab HTTP/1.1" 200 36333
201.245.192.253 - - [29/Dec/2023:00:30:02 -0500] "POST /kwsrmcab/Wsrmcab HTTP/1.1" 200 36634
52.167.144.234 - - [29/Dec/2023:00:30:16 -0500] "GET /el-plan-de-accion-climatica-de-bogota-inspirador-para-otras-ciudades-del-mundo.html HTTP/1.1" 200 876
201.245.192.253 - - [29/Dec/2023:00:30:56 -0500] "POST /forms/lservlet;jsessionid=ac16012b30d60a65f47120164194bbc39b7c0db64418.e3iSbxaKaheRe34Qc38TbN0Nb41ynknvrkLOlQzNp65In0 HTTP/1.1" 200 2
186.29.252.86 - - [29/Dec/2023:00:31:04 -0500] "GET /distrito-exalto-a-246-empresas-de-bogota-por-su-alto-desempeno-y-responsabilidad-ambiental-durante-2023.html HTTP/1.1" 200 1039
216.245.221.92 - - [29/Dec/2023:00:31:07 -0500] "HEAD / HTTP/1.1" 200 -
201.245.192.253 - - [29/Dec/2023:00:31:16 -0500] "POST /kwsrmcab/Wsrmcab  HTTP/1.1" 200 36178
185.132.12.238 - - [29/Dec/2023:00:31:40 -0500] "GET /distrito-exalto-a-246-empresas-de-bogota-por-su-alto-desempeno-y-responsabilidad-ambiental-durante-2023.html HTTP/1.1" 200 1039
201.245.192.253 - - [29/Dec/2023:00:31:50 -0500] "POST /forms/lservlet;jsessionid=ac16012b30d69fc638daa8814864b22e81b914d62a46.e3iSbxaKaheRe34Qc38TbN0Nb41ynknvrkLOlQzNp65In0 HTTP/1.1" 200 2
172.22.2.4 - - [29/Dec/2023:00:32:03 -0500] "GET /BLA/boletinlegal/consulta_actos.php?tipo=autos&no=2321&usuario=&sector=&fecha=2023&resuelve= HTTP/1.1" 200 1116
201.245.192.253 - - [29/Dec/2023:00:32:56 -0500] "POST /forms/lservlet;jsessionid=ac16012b30d60a65f47120164194bbc39b7c0db64418.e3iSbxaKaheRe34Qc38TbN0Nb41ynknvrkLOlQzNp65In0 HTTP/1.1" 200 2
172.22.2.4 - - [29/Dec/2023:00:31:35 -0500] "HEAD /BLA/boletinlegal/ HTTP/1.1" 200 -
201.245.192.253 - - [29/Dec/2023:00:33:50 -0500] "POST /forms/lservlet;jsessionid=ac16012b30d69fc638daa8814864b22e81b914d62a46.e3iSbxaKaheRe34Qc38TbN0Nb41ynknvrkLOlQzNp65In0 HTTP/1.1" 200 2
172.22.2.4 - - [29/Dec/2023:00:32:26 -0500] "GET /BLA/boletinlegal/ HTTP/1.1" 200 55725
201.245.192.253 - - [29/Dec/2023:00:34:56 -0500] "POST /forms/lservlet;jsessionid=ac16012b30d60a65f47120164194bbc39b7c0db64418.e3iSbxaKaheRe34Qc38TbN0Nb41ynknvrkLOlQzNp65In0 HTTP/1.1" 200 2
181.52.137.141 - - [29/Dec/2023:00:35:06 -0500] "GET /BLA/resoluciones/AUTOS%202023/2321.pdf HTTP/1.1" 200 405310
52.167.144.226 - - [29/Dec/2023:00:35:34 -0500] "GET /secretaria-de-ambiente-unidos-por-un-nuevo-aire.html HTTP/1.1" 200 792
201.245.192.253 - - [29/Dec/2023:00:35:50 -0500] "POST /forms/lservlet;jsessionid=ac16012b30d69fc638daa8814864b22e81b914d62a46.e3iSbxaKaheRe34Qc38TbN0Nb41ynknvrkLOlQzNp65In0 HTTP/1.1" 200 2
201.245.192.253 - - [29/Dec/2023:00:35:54 -0500] "POST /kwsrmcab/Wsrmcab HTTP/1.1" 200 36333
201.245.192.253 - - [29/Dec/2023:00:35:57 -0500] "POST /kwsrmcab/Wsrmcab HTTP/1.1" 200 36634
216.245.221.92 - - [29/Dec/2023:00:36:07 -0500] "HEAD / HTTP/1.1" 200 -
172.22.2.4 - - [29/Dec/2023:00:36:11 -0500] "GET /BLA/boletinlegal/consulta_actos.php?tipo=resoluciones&no=2321&usuario=&sector=&fecha=2023&resuelve= HTTP/1.1" 200 1078
201.245.192.253 - - [29/Dec/2023:00:36:15 -0500] "POST /kwsrmcab/Wsrmcab  HTTP/1.1" 200 36178
172.22.2.4 - - [29/Dec/2023:00:36:36 -0500] "GET /BLA/boletinlegal/consulta_actos.php?tipo=resoluciones&no=2323&usuario=&sector=&fecha=2023&resuelve= HTTP/1.1" 200 1081
172.22.2.4 - - [29/Dec/2023:00:36:39 -0500] "GET /BLA/boletinlegal/consulta_actos.php?tipo=resoluciones&no=2323&usuario=&sector=&fecha=2023&resuelve= HTTP/1.1" 200 1081
201.245.192.253 - - [29/Dec/2023:00:36:56 -0500] "POST /forms/lservlet;jsessionid=ac16012b30d60a65f47120164194bbc39b7c0db64418.e3iSbxaKaheRe34Qc38TbN0Nb41ynknvrkLOlQzNp65In0 HTTP/1.1" 200 2
181.52.137.141 - - [29/Dec/2023:00:36:57 -0500] "GET /BLA/resoluciones/RESOLUCIONES%202023/2323.pdf HTTP/1.1" 200 1862018
172.22.2.4 - - [29/Dec/2023:00:37:16 -0500] "GET /BLA/boletinlegal/consulta_actos.php?tipo=resoluciones&no=2322&usuario=&sector=&fecha=2023&resuelve= HTTP/1.1" 200 1106
201.245.192.253 - - [29/Dec/2023:00:37:50 -0500] "POST /forms/lservlet;jsessionid=ac16012b30d69fc638daa8814864b22e81b914d62a46.e3iSbxaKaheRe34Qc38TbN0Nb41ynknvrkLOlQzNp65In0 HTTP/1.1" 200 2
40.77.167.76 - - [29/Dec/2023:00:38:27 -0500] "GET /BLA/resoluciones/RESOLUCIONES%202023/2488.pdf HTTP/1.1" 200 319212
201.245.192.253 - - [29/Dec/2023:00:38:56 -0500] "POST /forms/lservlet;jsessionid=ac16012b30d60a65f47120164194bbc39b7c0db64418.e3iSbxaKaheRe34Qc38TbN0Nb41ynknvrkLOlQzNp65In0 HTTP/1.1" 200 2
172.22.2.4 - - [29/Dec/2023:00:37:25 -0500] "HEAD /BLA/boletinlegal/ HTTP/1.1" 200 -
172.22.2.4 - - [29/Dec/2023:00:39:19 -0500] "GET /BLA/boletinlegal/consulta_actos.php?tipo=resoluciones&no=435&usuario=&sector=&fecha=2020&resuelve= HTTP/1.1" 200 626
172.22.2.4 - - [29/Dec/2023:00:39:20 -0500] "GET /BLA/boletinlegal/consulta_actos.php?tipo=resoluciones&no=435&usuario=&sector=&fecha=2020&resuelve= HTTP/1.1" 200 626
201.245.192.253 - - [29/Dec/2023:00:39:50 -0500] "POST /forms/lservlet;jsessionid=ac16012b30d69fc638daa8814864b22e81b914d62a46.e3iSbxaKaheRe34Qc38TbN0Nb41ynknvrkLOlQzNp65In0 HTTP/1.1" 200 2
172.22.2.4 - - [29/Dec/2023:00:38:16 -0500] "GET /BLA/boletinlegal/ HTTP/1.1" 200 58567
201.245.192.253 - - [29/Dec/2023:00:39:58 -0500] "POST /kwsrmcab/Wsrmcab HTTP/1.1" 200 36333
201.245.192.253 - - [29/Dec/2023:00:40:02 -0500] "POST /kwsrmcab/Wsrmcab HTTP/1.1" 200 36634
201.245.192.253 - - [29/Dec/2023:00:40:56 -0500] "POST /forms/lservlet;jsessionid=ac16012b30d60a65f47120164194bbc39b7c0db64418.e3iSbxaKaheRe34Qc38TbN0Nb41ynknvrkLOlQzNp65In0 HTTP/1.1" 200 2
216.245.221.92 - - [29/Dec/2023:00:41:07 -0500] "HEAD / HTTP/1.1" 200 -
181.52.137.141 - - [29/Dec/2023:00:41:11 -0500] "POST /BLA/boletinlegal/admin/actos/ingresar.php HTTP/1.1" 200 7303
201.245.192.253 - - [29/Dec/2023:00:41:13 -0500] "POST /kwsrmcab/Wsrmcab  HTTP/1.1" 200 36178
201.245.192.253 - - [29/Dec/2023:00:41:50 -0500] "POST /forms/lservlet;jsessionid=ac16012b30d69fc638daa8814864b22e81b914d62a46.e3iSbxaKaheRe34Qc38TbN0Nb41ynknvrkLOlQzNp65In0 HTTP/1.1" 200 2
216.244.66.195 - - [29/Dec/2023:00:42:02 -0500] "GET /BLA/resoluciones/RESOLUCIONES%202017/0749.pdf HTTP/1.1" 200 330354
167.0.173.121 - - [29/Dec/2023:00:42:41 -0500] "GET /distrito-exalto-a-246-empresas-de-bogota-por-su-alto-desempeno-y-responsabilidad-ambiental-durante-2023.html HTTP/1.1" 200 1039
167.0.173.121 - - [29/Dec/2023:00:42:41 -0500] "GET /images/PREAD%20SDA%201.jpeg HTTP/1.1" 200 65620
216.244.66.195 - - [29/Dec/2023:00:42:47 -0500] "GET /BLA/resoluciones/RESOLUCIONES%202017/1242.pdf HTTP/1.1" 200 5423629
201.245.192.253 - - [29/Dec/2023:00:42:56 -0500] "POST /forms/lservlet;jsessionid=ac16012b30d60a65f47120164194bbc39b7c0db64418.e3iSbxaKaheRe34Qc38TbN0Nb41ynknvrkLOlQzNp65In0 HTTP/1.1" 200 2
172.22.2.4 - - [29/Dec/2023:00:43:09 -0500] "GET /BLA/boletinlegal/consulta_actos.php?tipo=resoluciones&no=1699&usuario=&sector=&fecha=2023&resuelve= HTTP/1.1" 200 626
172.22.2.4 - - [29/Dec/2023:00:43:10 -0500] "GET /BLA/boletinlegal/consulta_actos.php?tipo=resoluciones&no=1699&usuario=&sector=&fecha=2023&resuelve= HTTP/1.1" 200 626
216.244.66.195 - - [29/Dec/2023:00:43:37 -0500] "GET /BLA/resoluciones/RESOLUCIONES%202017/1305.pdf HTTP/1.1" 200 358979
201.245.192.253 - - [29/Dec/2023:00:43:50 -0500] "POST /forms/lservlet;jsessionid=ac16012b30d69fc638daa8814864b22e81b914d62a46.e3iSbxaKaheRe34Qc38TbN0Nb41ynknvrkLOlQzNp65In0 HTTP/1.1" 200 2
216.244.66.195 - - [29/Dec/2023:00:44:25 -0500] "GET /BLA/resoluciones/RESOLUCIONES%202017/1644.pdf HTTP/1.1" 200 2973769
20.26.44.166 - - [29/Dec/2023:00:44:53 -0500] "GET /portaldeninos/2021/05/16/1772/ HTTP/1.1" 404 75240
172.22.2.4 - - [29/Dec/2023:00:43:15 -0500] "HEAD /BLA/boletinlegal/ HTTP/1.1" 200 -
201.245.192.253 - - [29/Dec/2023:00:44:56 -0500] "POST /forms/lservlet;jsessionid=ac16012b30d60a65f47120164194bbc39b7c0db64418.e3iSbxaKaheRe34Qc38TbN0Nb41ynknvrkLOlQzNp65In0 HTTP/1.1" 200 2
181.52.137.141 - - [29/Dec/2023:00:45:08 -0500] "POST /BLA/boletinlegal/admin/actos/ingresar.php HTTP/1.1" 200 7303
216.244.66.195 - - [29/Dec/2023:00:45:16 -0500] "GET /BLA/resoluciones/RESOLUCIONES%202017/1792.pdf HTTP/1.1" 200 551423
172.22.2.4 - - [29/Dec/2023:00:44:06 -0500] "GET /BLA/boletinlegal/ HTTP/1.1" 200 60910
201.245.192.253 - - [29/Dec/2023:00:45:50 -0500] "POST /forms/lservlet;jsessionid=ac16012b30d69fc638daa8814864b22e81b914d62a46.e3iSbxaKaheRe34Qc38TbN0Nb41ynknvrkLOlQzNp65In0 HTTP/1.1" 200 2
216.244.66.195 - - [29/Dec/2023:00:46:01 -0500] "GET /BLA/resoluciones/RESOLUCIONES%202017/1947.pdf HTTP/1.1" 200 305654
216.245.221.92 - - [29/Dec/2023:00:46:07 -0500] "HEAD / HTTP/1.1" 200 -
201.245.192.253 - - [29/Dec/2023:00:46:11 -0500] "POST /kwsrmcab/Wsrmcab  HTTP/1.1" 200 36178
216.244.66.195 - - [29/Dec/2023:00:46:41 -0500] "GET /BLA/resoluciones/RESOLUCIONES%202017/1977.pdf HTTP/1.1" 200 406500
191.156.231.117 - - [29/Dec/2023:00:46:42 -0500] "GET /distrito-exalto-a-246-empresas-de-bogota-por-su-alto-desempeno-y-responsabilidad-ambiental-durante-2023.html HTTP/1.1" 200 1039
201.245.192.253 - - [29/Dec/2023:00:46:56 -0500] "POST /forms/lservlet;jsessionid=ac16012b30d60a65f47120164194bbc39b7c0db64418.e3iSbxaKaheRe34Qc38TbN0Nb41ynknvrkLOlQzNp65In0 HTTP/1.1" 200 2
216.244.66.195 - - [29/Dec/2023:00:47:22 -0500] "GET /BLA/resoluciones/RESOLUCIONES%202017/2077.pdf HTTP/1.1" 200 367284
201.245.192.253 - - [29/Dec/2023:00:47:50 -0500] "POST /forms/lservlet;jsessionid=ac16012b30d69fc638daa8814864b22e81b914d62a46.e3iSbxaKaheRe34Qc38TbN0Nb41ynknvrkLOlQzNp65In0 HTTP/1.1" 200 2
216.244.66.195 - - [29/Dec/2023:00:48:13 -0500] "GET /BLA/resoluciones/AUTOS%202019/1830.pdf HTTP/1.1" 200 281694
216.244.66.195 - - [29/Dec/2023:00:48:49 -0500] "GET /BLA/resoluciones/AUTOS%202019/1863.pdf HTTP/1.1" 200 238671
181.52.137.141 - - [29/Dec/2023:00:48:50 -0500] "POST /BLA/boletinlegal/admin/actos/ingresar.php HTTP/1.1" 200 7303
201.245.192.253 - - [29/Dec/2023:00:48:56 -0500] "POST /forms/lservlet;jsessionid=ac16012b30d60a65f47120164194bbc39b7c0db64418.e3iSbxaKaheRe34Qc38TbN0Nb41ynknvrkLOlQzNp65In0 HTTP/1.1" 200 2
216.244.66.195 - - [29/Dec/2023:00:49:20 -0500] "GET /BLA/resoluciones/AUTOS%202019/2098.pdf HTTP/1.1" 200 324681
201.245.192.253 - - [29/Dec/2023:00:49:50 -0500] "POST /forms/lservlet;jsessionid=ac16012b30d69fc638daa8814864b22e81b914d62a46.e3iSbxaKaheRe34Qc38TbN0Nb41ynknvrkLOlQzNp65In0 HTTP/1.1" 200 2
172.22.2.4 - - [29/Dec/2023:00:49:51 -0500] "GET /BLA/boletinlegal/consulta_actos.php?tipo=resoluciones&no=1710&usuario=&sector=&fecha=2023&resuelve= HTTP/1.1" 200 626
172.22.2.4 - - [29/Dec/2023:00:49:52 -0500] "GET /BLA/boletinlegal/consulta_actos.php?tipo=resoluciones&no=1710&usuario=&sector=&fecha=2023&resuelve= HTTP/1.1" 200 626
216.244.66.195 - - [29/Dec/2023:00:49:59 -0500] "GET /BLA/resoluciones/AUTOS%202019/2170.pdf HTTP/1.1" 200 255532
216.244.66.195 - - [29/Dec/2023:00:50:33 -0500] "GET /BLA/resoluciones/AUTOS%202019/2223.pdf HTTP/1.1" 200 341360
20.15.133.188 - - [29/Dec/2023:00:50:34 -0500] "GET /robots.txt HTTP/1.1" 404 1035
20.15.133.170 - - [29/Dec/2023:00:50:40 -0500] "GET /portaldeninos/2021/05/30/gestion-del-riesgo/ HTTP/1.1" 200 94036
172.22.2.4 - - [29/Dec/2023:00:49:05 -0500] "HEAD /BLA/boletinlegal/ HTTP/1.1" 200 -
201.245.192.253 - - [29/Dec/2023:00:50:56 -0500] "POST /forms/lservlet;jsessionid=ac16012b30d60a65f47120164194bbc39b7c0db64418.e3iSbxaKaheRe34Qc38TbN0Nb41ynknvrkLOlQzNp65In0 HTTP/1.1" 200 2
216.245.221.92 - - [29/Dec/2023:00:51:07 -0500] "HEAD / HTTP/1.1" 200 -
201.245.192.253 - - [29/Dec/2023:00:51:10 -0500] "POST /kwsrmcab/Wsrmcab  HTTP/1.1" 200 36178
216.244.66.195 - - [29/Dec/2023:00:51:14 -0500] "GET /BLA/resoluciones/AUTOS%202019/2542.pdf HTTP/1.1" 200 257581
172.22.2.4 - - [29/Dec/2023:00:49:56 -0500] "GET /BLA/boletinlegal/ HTTP/1.1" 200 58567
181.52.137.141 - - [29/Dec/2023:00:51:39 -0500] "POST /BLA/boletinlegal/admin/actos/ingresar.php HTTP/1.1" 200 7303
216.244.66.195 - - [29/Dec/2023:00:51:45 -0500] "GET /BLA/resoluciones/AUTOS%202019/2781.pdf HTTP/1.1" 200 338763
201.245.192.253 - - [29/Dec/2023:00:51:50 -0500] "POST /forms/lservlet;jsessionid=ac16012b30d69fc638daa8814864b22e81b914d62a46.e3iSbxaKaheRe34Qc38TbN0Nb41ynknvrkLOlQzNp65In0 HTTP/1.1" 200 2
216.244.66.195 - - [29/Dec/2023:00:52:17 -0500] "GET /BLA/resoluciones/AUTOS%202019/3475.pdf HTTP/1.1" 200 236535
216.244.66.195 - - [29/Dec/2023:00:52:46 -0500] "GET /BLA/resoluciones/AUTOS%202019/3848.pdf HTTP/1.1" 200 282184
201.245.192.253 - - [29/Dec/2023:00:52:56 -0500] "POST /forms/lservlet;jsessionid=ac16012b30d60a65f47120164194bbc39b7c0db64418.e3iSbxaKaheRe34Qc38TbN0Nb41ynknvrkLOlQzNp65In0 HTTP/1.1" 200 2
216.244.66.195 - - [29/Dec/2023:00:53:13 -0500] "GET /BLA/resoluciones/AUTOS%202019/3880.pdf HTTP/1.1" 200 351308
172.22.2.4 - - [29/Dec/2023:00:53:22 -0500] "GET /BLA/boletinlegal/actos.php HTTP/1.1" 200 9648
216.244.66.195 - - [29/Dec/2023:00:53:41 -0500] "GET /BLA/resoluciones/AUTOS%202019/3888.pdf HTTP/1.1" 200 218568
201.245.192.253 - - [29/Dec/2023:00:53:50 -0500] "POST /forms/lservlet;jsessionid=ac16012b30d69fc638daa8814864b22e81b914d62a46.e3iSbxaKaheRe34Qc38TbN0Nb41ynknvrkLOlQzNp65In0 HTTP/1.1" 200 2
54.39.177.48 - - [29/Dec/2023:00:53:52 -0500] "GET /pagos-por-servicios-ambientales-y-acuerdos-de-conservacion-estrategias-para-proteger-areas-de-importancia-ambiental.html HTTP/1.1" 200 893
54.39.177.48 - - [29/Dec/2023:00:53:55 -0500] "GET /mas-de-23-000-animales-silvestres-fueron-recuperados-durante-la-admini HTTP/1.1" 404 1034
69.171.251.11 - - [29/Dec/2023:00:53:56 -0500] "GET /mis-de-50-aves-silvestres-fueron-recuperadas-en-la-localidad-de-tunjuelito.html HTTP/1.1" 200 806
69.171.251.5 - - [29/Dec/2023:00:53:56 -0500] "GET /mis-de-50-aves-silvestres-fueron-recuperadas-en-la-localidad-de-tunjuelito.html HTTP/1.1" 200 806
172.22.2.4 - - [29/Dec/2023:00:54:01 -0500] "GET /BLA/boletinlegal/consulta_actos.php?tipo=resoluciones&no=2373&usuario=&sector=&fecha=2023&resuelve= HTTP/1.1" 200 1108
216.244.66.195 - - [29/Dec/2023:00:54:07 -0500] "GET /BLA/resoluciones/AUTOS%202019/4173.pdf HTTP/1.1" 200 282453
191.156.47.81 - - [29/Dec/2023:00:54:23 -0500] "GET /distrito-exalto-a-246-empresas-de-bogota-por-su-alto-desempeno-y-responsabilidad-ambiental-durante-2023.html HTTP/1.1" 200 1039
216.244.66.195 - - [29/Dec/2023:00:54:31 -0500] "GET /BLA/resoluciones/AUTOS%202019/4501.pdf HTTP/1.1" 200 306177
201.245.192.253 - - [29/Dec/2023:00:54:56 -0500] "POST /forms/lservlet;jsessionid=ac16012b30d60a65f47120164194bbc39b7c0db64418.e3iSbxaKaheRe34Qc38TbN0Nb41ynknvrkLOlQzNp65In0 HTTP/1.1" 200 2
54.36.149.66 - - [29/Dec/2023:00:55:27 -0500] "GET /catalogoisis/ HTTP/1.1" 200 8575
201.245.192.253 - - [29/Dec/2023:00:55:50 -0500] "POST /forms/lservlet;jsessionid=ac16012b30d69fc638daa8814864b22e81b914d62a46.e3iSbxaKaheRe34Qc38TbN0Nb41ynknvrkLOlQzNp65In0 HTTP/1.1" 200 2
216.245.221.92 - - [29/Dec/2023:00:56:07 -0500] "HEAD / HTTP/1.1" 200 -
201.245.192.253 - - [29/Dec/2023:00:56:08 -0500] "POST /kwsrmcab/Wsrmcab  HTTP/1.1" 200 36178
172.22.2.4 - - [29/Dec/2023:00:54:55 -0500] "HEAD /BLA/boletinlegal/ HTTP/1.1" 200 -
201.245.192.253 - - [29/Dec/2023:00:56:56 -0500] "POST /forms/lservlet;jsessionid=ac16012b30d60a65f47120164194bbc39b7c0db64418.e3iSbxaKaheRe34Qc38TbN0Nb41ynknvrkLOlQzNp65In0 HTTP/1.1" 200 2
40.77.167.50 - - [29/Dec/2023:00:57:19 -0500] "GET /BLA/resoluciones/RESOLUCIONES%202021/5262.pdf HTTP/1.1" 304 -
172.22.2.4 - - [29/Dec/2023:00:55:46 -0500] "GET /BLA/boletinlegal/ HTTP/1.1" 200 58567
201.245.192.253 - - [29/Dec/2023:00:57:50 -0500] "POST /forms/lservlet;jsessionid=ac16012b30d69fc638daa8814864b22e81b914d62a46.e3iSbxaKaheRe34Qc38TbN0Nb41ynknvrkLOlQzNp65In0 HTTP/1.1" 200 2
201.245.192.253 - - [29/Dec/2023:00:58:56 -0500] "POST /forms/lservlet;jsessionid=ac16012b30d60a65f47120164194bbc39b7c0db64418.e3iSbxaKaheRe34Qc38TbN0Nb41ynknvrkLOlQzNp65In0 HTTP/1.1" 200 2
181.52.137.141 - - [29/Dec/2023:00:59:35 -0500] "POST /BLA/boletinlegal/admin/actos/ingresar.php HTTP/1.1" 200 7303
201.245.192.253 - - [29/Dec/2023:00:59:50 -0500] "POST /forms/lservlet;jsessionid=ac16012b30d69fc638daa8814864b22e81b914d62a46.e3iSbxaKaheRe34Qc38TbN0Nb41ynknvrkLOlQzNp65In0 HTTP/1.1" 200 2
181.52.137.141 - - [29/Dec/2023:01:00:43 -0500] "GET /BLA/boletinlegal/admin/admin.php HTTP/1.1" 302 -
201.245.192.253 - - [29/Dec/2023:01:00:56 -0500] "POST /forms/lservlet;jsessionid=ac16012b30d60a65f47120164194bbc39b7c0db64418.e3iSbxaKaheRe34Qc38TbN0Nb41ynknvrkLOlQzNp65In0 HTTP/1.1" 200 2
181.52.137.141 - - [29/Dec/2023:01:00:43 -0500] "GET /BLA/boletinlegal/admin/index.php HTTP/1.1" 200 5482
216.245.221.92 - - [29/Dec/2023:01:01:07 -0500] "HEAD / HTTP/1.1" 200 -
201.245.192.253 - - [29/Dec/2023:01:01:07 -0500] "POST /kwsrmcab/Wsrmcab  HTTP/1.1" 200 36178
40.77.167.50 - - [29/Dec/2023:01:01:11 -0500] "GET /BLA/resoluciones/RESOLUCIONES%202022/4150.pdf HTTP/1.1" 200 3230336
201.245.192.253 - - [29/Dec/2023:01:01:50 -0500] "POST /forms/lservlet;jsessionid=ac16012b30d69fc638daa8814864b22e81b914d62a46.e3iSbxaKaheRe34Qc38TbN0Nb41ynknvrkLOlQzNp65In0 HTTP/1.1" 200 2
172.22.2.4 - - [29/Dec/2023:01:00:45 -0500] "HEAD /BLA/boletinlegal/ HTTP/1.1" 200 -
201.245.192.253 - - [29/Dec/2023:01:02:56 -0500] "POST /forms/lservlet;jsessionid=ac16012b30d60a65f47120164194bbc39b7c0db64418.e3iSbxaKaheRe34Qc38TbN0Nb41ynknvrkLOlQzNp65In0 HTTP/1.1" 200 2
172.22.2.4 - - [29/Dec/2023:01:01:36 -0500] "GET /BLA/boletinlegal/ HTTP/1.1" 200 60910
192.225.162.55 - - [29/Dec/2023:01:03:40 -0500] "GET /mas-de-23-000-animales-silvestres-fueron-recuperados-durante-la-admini HTTP/1.1" 404 1034
201.245.192.253 - - [29/Dec/2023:01:03:50 -0500] "POST /forms/lservlet;jsessionid=ac16012b30d69fc638daa8814864b22e81b914d62a46.e3iSbxaKaheRe34Qc38TbN0Nb41ynknvrkLOlQzNp65In0 HTTP/1.1" 200 2
201.245.192.253 - - [29/Dec/2023:01:04:56 -0500] "POST /forms/lservlet;jsessionid=ac16012b30d60a65f47120164194bbc39b7c0db64418.e3iSbxaKaheRe34Qc38TbN0Nb41ynknvrkLOlQzNp65In0 HTTP/1.1" 200 2
201.245.192.253 - - [29/Dec/2023:01:05:50 -0500] "POST /forms/lservlet;jsessionid=ac16012b30d69fc638daa8814864b22e81b914d62a46.e3iSbxaKaheRe34Qc38TbN0Nb41ynknvrkLOlQzNp65In0 HTTP/1.1" 200 2
216.245.221.92 - - [29/Dec/2023:01:06:07 -0500] "HEAD / HTTP/1.1" 200 -
201.245.192.253 - - [29/Dec/2023:01:06:06 -0500] "POST /kwsrmcab/Wsrmcab  HTTP/1.1" 200 36178
179.19.5.253 - - [29/Dec/2023:01:06:47 -0500] "GET /distrito-exalto-a-246-empresas-de-bogota-por-su-alto-desempeno-y-responsabilidad-ambiental-durante-2023.html HTTP/1.1" 200 1039
201.245.192.253 - - [29/Dec/2023:01:06:56 -0500] "POST /forms/lservlet;jsessionid=ac16012b30d60a65f47120164194bbc39b7c0db64418.e3iSbxaKaheRe34Qc38TbN0Nb41ynknvrkLOlQzNp65In0 HTTP/1.1" 200 2
47.128.22.80 - - [29/Dec/2023:01:07:18 -0500] "GET /BLA/resoluciones/dlf/dirup.png HTTP/1.1" 200 644
47.128.22.80 - - [29/Dec/2023:01:07:18 -0500] "GET /BLA/resoluciones/dlf/unknown.png HTTP/1.1" 200 266
47.128.22.80 - - [29/Dec/2023:01:07:17 -0500] "GET /BLA/resoluciones/index.php?dir=RESOLUCIONES%202006%2FRES%202006%201651-1700%2F&order=asc&sort=date HTTP/1.1" 200 12354
186.168.137.239 - - [29/Dec/2023:01:07:29 -0500] "GET /distrito-exalto-a-246-empresas-de-bogota-por-su-alto-desempeno-y-responsabilidad-ambiental-durante-2023.html HTTP/1.1" 200 1039
201.245.192.253 - - [29/Dec/2023:01:07:50 -0500] "POST /forms/lservlet;jsessionid=ac16012b30d69fc638daa8814864b22e81b914d62a46.e3iSbxaKaheRe34Qc38TbN0Nb41ynknvrkLOlQzNp65In0 HTTP/1.1" 200 2
172.22.2.4 - - [29/Dec/2023:01:06:35 -0500] "HEAD /BLA/boletinlegal/ HTTP/1.1" 200 -
47.128.62.111 - - [29/Dec/2023:01:08:46 -0500] "GET /BLA/resoluciones/index.php?dir=Notificaciones%2F&order=desc&sort=name HTTP/1.1" 200 12303
47.128.62.111 - - [29/Dec/2023:01:08:47 -0500] "GET /BLA/resoluciones/dlf/folder.png HTTP/1.1" 200 410
47.128.62.111 - - [29/Dec/2023:01:08:47 -0500] "GET /BLA/resoluciones/dlf/dirup.png HTTP/1.1" 200 644
179.19.15.127 - - [29/Dec/2023:01:08:50 -0500] "GET /distrito-exalto-a-246-empresas-de-bogota-por-su-alto-desempeno-y-responsabilidad-ambiental-durante-2023.html HTTP/1.1" 200 1039
201.245.192.253 - - [29/Dec/2023:01:08:56 -0500] "POST /forms/lservlet;jsessionid=ac16012b30d60a65f47120164194bbc39b7c0db64418.e3iSbxaKaheRe34Qc38TbN0Nb41ynknvrkLOlQzNp65In0 HTTP/1.1" 200 2
172.22.2.4 - - [29/Dec/2023:01:07:26 -0500] "GET /BLA/boletinlegal/ HTTP/1.1" 200 58567
47.128.44.124 - - [29/Dec/2023:01:09:12 -0500] "GET /robots.txt HTTP/1.1" 404 1034
47.128.126.117 - - [29/Dec/2023:01:09:22 -0500] "GET /secretaria-de-ambiente-invita-al-conversatorio-sobre-publicidad-exterior-electoral.html HTTP/1.1" 200 822
74.91.58.238 - - [29/Dec/2023:01:09:46 -0500] "GET /mas-de-23-000-animales-silvestres-fueron-recuperados-durante-la-admini HTTP/1.1" 404 1034
