201.245.192.253 - - [29/Dec/2023:08:28:50 -0500] "GET /catalogoisis/Css/Busqueda.css HTTP/1.1" 200 1995
201.245.192.253 - - [29/Dec/2023:08:28:50 -0500] "GET /catalogoisis/Js/CriterioCombinada.js HTTP/1.1" 200 1843
201.245.192.253 - - [29/Dec/2023:08:28:50 -0500] "GET /catalogoisis/Js/AceptarLimpiar.js HTTP/1.1" 200 331
201.245.192.253 - - [29/Dec/2023:08:28:50 -0500] "GET /catalogoisis/Js/Cookies.js HTTP/1.1" 200 1369
201.245.192.253 - - [29/Dec/2023:08:28:50 -0500] "GET /catalogoisis/Js/LimpiarCombinada.js HTTP/1.1" 200 207
201.245.192.253 - - [29/Dec/2023:08:28:50 -0500] "GET /catalogoisis/Js/Numero.js HTTP/1.1" 200 398
201.245.192.253 - - [29/Dec/2023:08:28:50 -0500] "GET /catalogoisis/Js/Remote.js HTTP/1.1" 200 436
201.245.192.253 - - [29/Dec/2023:08:28:50 -0500] "GET /catalogoisis/Js/Go.js HTTP/1.1" 200 364
201.245.192.253 - - [29/Dec/2023:08:28:50 -0500] "GET /catalogoisis/Js/Enter.js HTTP/1.1" 200 1208
201.245.192.253 - - [29/Dec/2023:08:28:50 -0500] "GET /catalogoisis/imagenes/br1c1.gif HTTP/1.1" 200 172
201.245.192.253 - - [29/Dec/2023:08:28:50 -0500] "GET /catalogoisis/imagenes/Header.gif HTTP/1.1" 200 27040
201.245.192.253 - - [29/Dec/2023:08:28:50 -0500] "GET /catalogoisis/imagenes/br1c3.gif HTTP/1.1" 200 302
201.245.192.253 - - [29/Dec/2023:08:28:50 -0500] "GET /catalogoisis/imagenes/br3c1.gif HTTP/1.1" 200 177
201.245.192.253 - - [29/Dec/2023:08:28:50 -0500] "GET /catalogoisis/imagenes/aceptar1.gif HTTP/1.1" 200 604
201.245.192.253 - - [29/Dec/2023:08:28:50 -0500] "GET /catalogoisis/imagenes/limpiar1.gif HTTP/1.1" 200 606
201.245.192.253 - - [29/Dec/2023:08:28:50 -0500] "GET /catalogoisis/imagenes/Turnbo1.gif HTTP/1.1" 200 227
201.245.192.253 - - [29/Dec/2023:08:28:50 -0500] "GET /catalogoisis/imagenes/br3c2.gif HTTP/1.1" 200 285
201.245.192.253 - - [29/Dec/2023:08:28:50 -0500] "GET /catalogoisis/imagenes/br3c3.gif HTTP/1.1" 200 186
201.245.192.253 - - [29/Dec/2023:08:28:50 -0500] "GET /catalogoisis/imagenes/br1c2.gif HTTP/1.1" 200 297
201.245.192.253 - - [29/Dec/2023:08:28:50 -0500] "GET /catalogoisis/imagenes/br2c2.gif HTTP/1.1" 200 302
201.245.192.253 - - [29/Dec/2023:08:28:50 -0500] "GET /catalogoisis/imagenes/br2c1.gif HTTP/1.1" 200 297
201.245.192.253 - - [29/Dec/2023:08:28:50 -0500] "GET /catalogoisis/imagenes/br2c3.gif HTTP/1.1" 200 416
201.245.192.253 - - [29/Dec/2023:08:28:50 -0500] "GET /favicon.ico HTTP/1.1" 200 7782
201.245.192.253 - - [29/Dec/2023:08:29:00 -0500] "POST /forms/lservlet;jsessionid=ac16012b30d60a65f47120164194bbc39b7c0db64418.e3iSbxaKaheRe34Qc38TbN0Nb41ynknvrkLOlQzNp65In0 HTTP/1.1" 200 2
156.59.198.135 - - [29/Dec/2023:08:29:04 -0500] "GET /BLA/resoluciones/Notificaciones/AUTOS%202017/01347.pdf HTTP/1.0" 200 227114
201.245.192.253 - - [29/Dec/2023:08:29:05 -0500] "GET /catalogoisis/Css/Pft.css HTTP/1.1" 200 3933
201.245.192.253 - - [29/Dec/2023:08:29:05 -0500] "GET /catalogoisis/imagenes/ar1c1.gif HTTP/1.1" 200 251
201.245.192.253 - - [29/Dec/2023:08:29:05 -0500] "GET /catalogoisis/Js/Marcados.js HTTP/1.1" 200 1327
201.245.192.253 - - [29/Dec/2023:08:29:05 -0500] "GET /catalogoisis/imagenes/estado.gif HTTP/1.1" 200 580
201.245.192.253 - - [29/Dec/2023:08:29:05 -0500] "GET /catalogoisis/imagenes/ar1c3.gif HTTP/1.1" 200 296
201.245.192.253 - - [29/Dec/2023:08:29:05 -0500] "GET /catalogoisis/imagenes/ar3c1.gif HTTP/1.1" 200 277
201.245.192.253 - - [29/Dec/2023:08:29:05 -0500] "GET /catalogoisis/imagenes/ar3c3.gif HTTP/1.1" 200 314
201.245.192.253 - - [29/Dec/2023:08:29:05 -0500] "GET /catalogoisis/imagenes/next.gif HTTP/1.1" 200 82
201.245.192.253 - - [29/Dec/2023:08:29:05 -0500] "GET /catalogoisis/imagenes/ar2c1.gif HTTP/1.1" 200 366
201.245.192.253 - - [29/Dec/2023:08:29:05 -0500] "GET /catalogoisis/imagenes/ar1c2.gif HTTP/1.1" 200 276
201.245.192.253 - - [29/Dec/2023:08:29:05 -0500] "GET /catalogoisis/imagenes/ar3c2.gif HTTP/1.1" 200 383
201.245.192.253 - - [29/Dec/2023:08:29:05 -0500] "GET /catalogoisis/imagenes/ar2c2.gif HTTP/1.1" 200 305
201.245.192.253 - - [29/Dec/2023:08:29:05 -0500] "GET /catalogoisis/imagenes/ar2c3.gif HTTP/1.1" 200 469
201.245.192.253 - - [29/Dec/2023:08:29:05 -0500] "GET /catalogoisis/imagenes/fonest4.gif HTTP/1.1" 404 1402
201.245.192.253 - - [29/Dec/2023:08:29:04 -0500] "POST /catalogoisis/comb.php HTTP/1.1" 200 32037
201.245.192.253 - - [29/Dec/2023:08:29:05 -0500] "GET /catalogoisis/imagenes/home.gif HTTP/1.1" 200 923
201.245.192.253 - - [29/Dec/2023:08:29:05 -0500] "GET /catalogoisis/imagenes/selecc.gif HTTP/1.1" 200 784
201.245.192.253 - - [29/Dec/2023:08:29:05 -0500] "GET /catalogoisis/imagenes/correo.gif HTTP/1.1" 200 525
201.245.192.253 - - [29/Dec/2023:08:29:05 -0500] "GET /catalogoisis/imagenes/back.gif HTTP/1.1" 200 666
201.245.192.253 - - [29/Dec/2023:08:29:05 -0500] "GET /catalogoisis/imagenes/print.gif HTTP/1.1" 200 916
201.245.192.253 - - [29/Dec/2023:08:29:05 -0500] "GET /catalogoisis/imagenes/up.gif HTTP/1.1" 200 669
156.59.198.135 - - [29/Dec/2023:08:29:28 -0500] "GET /BLA/resoluciones/Notificaciones/AUTOS%202021/5523.pdf HTTP/1.0" 200 1870349
201.245.192.253 - - [29/Dec/2023:08:29:30 -0500] "POST /catalogoisis/both.php HTTP/1.1" 200 33088
201.245.192.253 - - [29/Dec/2023:08:29:40 -0500] "POST /catalogoisis/both.php HTTP/1.1" 200 31704
201.245.192.253 - - [29/Dec/2023:08:29:52 -0500] "POST /catalogoisis/both.php HTTP/1.1" 200 30237
156.59.198.136 - - [29/Dec/2023:08:29:52 -0500] "GET /BLA/resoluciones/Notificaciones/AUTOS%202021/4629.pdf HTTP/1.0" 200 374494
201.245.192.253 - - [29/Dec/2023:08:29:53 -0500] "POST /forms/lservlet;jsessionid=ac16012b30d69fc638daa8814864b22e81b914d62a46.e3iSbxaKaheRe34Qc38TbN0Nb41ynknvrkLOlQzNp65In0 HTTP/1.1" 200 2
201.245.192.253 - - [29/Dec/2023:08:29:56 -0500] "POST /kwsrmcab/Wsrmcab HTTP/1.1" 200 36660
201.245.192.253 - - [29/Dec/2023:08:30:00 -0500] "POST /kwsrmcab/Wsrmcab HTTP/1.1" 200 36824
201.245.192.253 - - [29/Dec/2023:08:30:08 -0500] "POST /catalogoisis/both.php HTTP/1.1" 200 30048
156.59.198.136 - - [29/Dec/2023:08:30:16 -0500] "GET /BLA/resoluciones/Notificaciones/AUTOS%202019/3394.pdf HTTP/1.0" 200 279092
201.245.192.253 - - [29/Dec/2023:08:30:17 -0500] "POST /catalogoisis/both.php HTTP/1.1" 200 30853
181.56.171.197 - - [29/Dec/2023:08:30:19 -0500] "POST /sipse/faces/presentacion/financiero/solicitudProceso/consultarSolicitudProceso.xhtml HTTP/1.1" 200 115239
201.245.192.253 - - [29/Dec/2023:08:30:27 -0500] "GET /catalogoisis/index.php HTTP/1.1" 200 8575
156.59.198.135 - - [29/Dec/2023:08:30:41 -0500] "GET /BLA/resoluciones/Notificaciones/AUTOS%202019/1784.pdf HTTP/1.0" 200 276059
201.245.192.253 - - [29/Dec/2023:08:30:41 -0500] "GET /catalogoisis/imagenes/fonest4.gif HTTP/1.1" 404 1402
201.245.192.253 - - [29/Dec/2023:08:30:41 -0500] "POST /catalogoisis/comb.php HTTP/1.1" 200 7417
201.245.192.253 - - [29/Dec/2023:08:31:00 -0500] "POST /forms/lservlet;jsessionid=ac16012b30d60a65f47120164194bbc39b7c0db64418.e3iSbxaKaheRe34Qc38TbN0Nb41ynknvrkLOlQzNp65In0 HTTP/1.1" 200 2
201.245.192.253 - - [29/Dec/2023:08:31:02 -0500] "GET /catalogoisis/index.php HTTP/1.1" 200 8575
216.245.221.92 - - [29/Dec/2023:08:31:06 -0500] "HEAD / HTTP/1.1" 200 -
156.59.198.135 - - [29/Dec/2023:08:31:06 -0500] "GET /BLA/resoluciones/Notificaciones/AUTOS%202019/2304.pdf HTTP/1.0" 200 242105
201.245.192.253 - - [29/Dec/2023:08:31:14 -0500] "POST /sipse/faces/presentacion/financiero/solicitudProceso/consultarSolicitudProceso.xhtml HTTP/1.1" 302 -
201.245.192.253 - - [29/Dec/2023:08:31:14 -0500] "GET /sipse/faces/autenticacion.xhtml HTTP/1.1" 200 1099
201.245.192.253 - - [29/Dec/2023:08:31:14 -0500] "POST /sipse/faces/presentacion/financiero/solicitudProceso/consultarSolicitudProceso.xhtml HTTP/1.1" 302 -
201.245.192.253 - - [29/Dec/2023:08:31:14 -0500] "GET /sipse/faces/autenticacion.xhtml HTTP/1.1" 200 1099
201.245.192.253 - - [29/Dec/2023:08:31:14 -0500] "POST /sipse/faces/presentacion/financiero/solicitudProceso/consultarSolicitudProceso.xhtml HTTP/1.1" 302 -
201.245.192.253 - - [29/Dec/2023:08:31:14 -0500] "GET /sipse/faces/autenticacion.xhtml HTTP/1.1" 200 1099
201.245.192.253 - - [29/Dec/2023:08:31:14 -0500] "POST /sipse/faces/presentacion/financiero/solicitudProceso/consultarSolicitudProceso.xhtml HTTP/1.1" 302 -
201.245.192.253 - - [29/Dec/2023:08:31:14 -0500] "GET /sipse/faces/autenticacion.xhtml HTTP/1.1" 200 1099
201.245.192.253 - - [29/Dec/2023:08:31:14 -0500] "POST /sipse/faces/presentacion/financiero/solicitudProceso/consultarSolicitudProceso.xhtml HTTP/1.1" 302 -
201.245.192.253 - - [29/Dec/2023:08:31:14 -0500] "GET /sipse/faces/autenticacion.xhtml HTTP/1.1" 200 1099
201.245.192.253 - - [29/Dec/2023:08:31:14 -0500] "POST /sipse/faces/presentacion/financiero/solicitudProceso/consultarSolicitudProceso.xhtml HTTP/1.1" 302 -
201.245.192.253 - - [29/Dec/2023:08:31:14 -0500] "GET /sipse/faces/autenticacion.xhtml HTTP/1.1" 200 1099
201.245.192.253 - - [29/Dec/2023:08:31:14 -0500] "POST /sipse/faces/presentacion/financiero/solicitudProceso/consultarSolicitudProceso.xhtml HTTP/1.1" 302 -
201.245.192.253 - - [29/Dec/2023:08:31:14 -0500] "GET /sipse/faces/autenticacion.xhtml HTTP/1.1" 200 1099
201.245.192.253 - - [29/Dec/2023:08:31:14 -0500] "POST /sipse/faces/presentacion/financiero/solicitudProceso/consultarSolicitudProceso.xhtml HTTP/1.1" 302 -
201.245.192.253 - - [29/Dec/2023:08:31:14 -0500] "GET /sipse/faces/autenticacion.xhtml HTTP/1.1" 200 1099
201.245.192.253 - - [29/Dec/2023:08:31:14 -0500] "POST /sipse/faces/presentacion/financiero/solicitudProceso/consultarSolicitudProceso.xhtml HTTP/1.1" 302 -
201.245.192.253 - - [29/Dec/2023:08:31:14 -0500] "GET /sipse/faces/autenticacion.xhtml HTTP/1.1" 200 1099
201.245.192.253 - - [29/Dec/2023:08:31:14 -0500] "POST /sipse/faces/presentacion/financiero/solicitudProceso/consultarSolicitudProceso.xhtml HTTP/1.1" 302 -
201.245.192.253 - - [29/Dec/2023:08:31:14 -0500] "GET /sipse/faces/autenticacion.xhtml HTTP/1.1" 200 1099
201.245.192.253 - - [29/Dec/2023:08:31:14 -0500] "POST /sipse/faces/presentacion/financiero/solicitudProceso/consultarSolicitudProceso.xhtml HTTP/1.1" 302 -
201.245.192.253 - - [29/Dec/2023:08:31:14 -0500] "GET /sipse/faces/autenticacion.xhtml HTTP/1.1" 200 1099
201.245.192.253 - - [29/Dec/2023:08:31:20 -0500] "POST /kwsrmcab/Wsrmcab  HTTP/1.1" 200 36178
156.59.198.136 - - [29/Dec/2023:08:31:29 -0500] "GET /BLA/resoluciones/Notificaciones/AUTOS%202021/0520.pdf HTTP/1.0" 200 693330
172.22.2.4 - - [29/Dec/2023:08:30:02 -0500] "HEAD /BLA/boletinlegal/ HTTP/1.1" 200 -
201.245.192.253 - - [29/Dec/2023:08:31:50 -0500] "GET /catalogoisis/index.php HTTP/1.1" 200 8575
201.245.192.253 - - [29/Dec/2023:08:31:53 -0500] "POST /forms/lservlet;jsessionid=ac16012b30d69fc638daa8814864b22e81b914d62a46.e3iSbxaKaheRe34Qc38TbN0Nb41ynknvrkLOlQzNp65In0 HTTP/1.1" 200 2
156.59.198.135 - - [29/Dec/2023:08:31:55 -0500] "GET /BLA/resoluciones/Notificaciones/AUTOS%202021/2945.pdf HTTP/1.0" 200 324369
201.245.192.253 - - [29/Dec/2023:08:32:01 -0500] "POST /catalogoisis/comb.php HTTP/1.1" 200 7417
156.59.198.135 - - [29/Dec/2023:08:32:19 -0500] "GET /BLA/resoluciones/Notificaciones/AUTOS%202021/4866.pdf HTTP/1.0" 200 314959
191.95.31.119 - - [29/Dec/2023:08:32:19 -0500] "POST /sipse/faces/presentacion/financiero/solicitudAnulacion/registrarSolicitudAnulacion.xhtml HTTP/1.1" 200 27090
172.22.2.4 - - [29/Dec/2023:08:30:53 -0500] "GET /BLA/boletinlegal/ HTTP/1.1" 200 58567
156.59.198.135 - - [29/Dec/2023:08:32:44 -0500] "GET /BLA/resoluciones/Notificaciones/AUTOS%202017/1332.pdf HTTP/1.0" 200 309642
201.245.192.253 - - [29/Dec/2023:08:32:57 -0500] "POST /sipse/faces/presentacion/financiero/solicitudProceso/consultarSolicitudProceso.xhtml HTTP/1.1" 302 -
201.245.192.253 - - [29/Dec/2023:08:32:57 -0500] "GET /sipse/faces/autenticacion.xhtml HTTP/1.1" 200 1099
201.245.192.253 - - [29/Dec/2023:08:32:57 -0500] "POST /sipse/faces/presentacion/financiero/solicitudProceso/consultarSolicitudProceso.xhtml HTTP/1.1" 302 -
201.245.192.253 - - [29/Dec/2023:08:32:57 -0500] "GET /sipse/faces/autenticacion.xhtml HTTP/1.1" 200 1099
201.245.192.253 - - [29/Dec/2023:08:32:57 -0500] "POST /sipse/faces/presentacion/financiero/solicitudProceso/consultarSolicitudProceso.xhtml HTTP/1.1" 302 -
201.245.192.253 - - [29/Dec/2023:08:32:57 -0500] "GET /sipse/faces/autenticacion.xhtml HTTP/1.1" 200 1099
201.245.192.253 - - [29/Dec/2023:08:32:57 -0500] "POST /sipse/faces/presentacion/financiero/solicitudProceso/consultarSolicitudProceso.xhtml HTTP/1.1" 302 -
201.245.192.253 - - [29/Dec/2023:08:32:57 -0500] "GET /sipse/faces/autenticacion.xhtml HTTP/1.1" 200 1099
201.245.192.253 - - [29/Dec/2023:08:32:57 -0500] "POST /sipse/faces/presentacion/financiero/solicitudProceso/consultarSolicitudProceso.xhtml HTTP/1.1" 302 -
201.245.192.253 - - [29/Dec/2023:08:32:57 -0500] "GET /sipse/faces/autenticacion.xhtml HTTP/1.1" 200 1099
201.245.192.253 - - [29/Dec/2023:08:32:57 -0500] "POST /sipse/faces/presentacion/financiero/solicitudProceso/consultarSolicitudProceso.xhtml HTTP/1.1" 302 -
201.245.192.253 - - [29/Dec/2023:08:32:57 -0500] "GET /sipse/faces/autenticacion.xhtml HTTP/1.1" 200 1099
201.245.192.253 - - [29/Dec/2023:08:32:57 -0500] "POST /sipse/faces/presentacion/financiero/solicitudProceso/consultarSolicitudProceso.xhtml HTTP/1.1" 302 -
201.245.192.253 - - [29/Dec/2023:08:32:57 -0500] "GET /sipse/faces/autenticacion.xhtml HTTP/1.1" 200 1099
201.245.192.253 - - [29/Dec/2023:08:32:57 -0500] "POST /sipse/faces/presentacion/financiero/solicitudProceso/consultarSolicitudProceso.xhtml HTTP/1.1" 302 -
201.245.192.253 - - [29/Dec/2023:08:32:57 -0500] "GET /sipse/faces/autenticacion.xhtml HTTP/1.1" 200 1099
201.245.192.253 - - [29/Dec/2023:08:32:57 -0500] "POST /sipse/faces/presentacion/financiero/solicitudProceso/consultarSolicitudProceso.xhtml HTTP/1.1" 302 -
201.245.192.253 - - [29/Dec/2023:08:32:57 -0500] "GET /sipse/faces/autenticacion.xhtml HTTP/1.1" 200 1099
201.245.192.253 - - [29/Dec/2023:08:32:57 -0500] "POST /sipse/faces/presentacion/financiero/solicitudProceso/consultarSolicitudProceso.xhtml HTTP/1.1" 302 -
201.245.192.253 - - [29/Dec/2023:08:32:57 -0500] "GET /sipse/faces/autenticacion.xhtml HTTP/1.1" 200 1099
201.245.192.253 - - [29/Dec/2023:08:32:57 -0500] "POST /sipse/faces/presentacion/financiero/solicitudProceso/consultarSolicitudProceso.xhtml HTTP/1.1" 302 -
201.245.192.253 - - [29/Dec/2023:08:32:57 -0500] "GET /sipse/faces/autenticacion.xhtml HTTP/1.1" 200 1099
139.59.30.93 - - [29/Dec/2023:08:32:59 -0500] "HEAD /password.txt HTTP/1.1" 404 -
201.245.192.253 - - [29/Dec/2023:08:32:59 -0500] "POST /sipse/faces/presentacion/financiero/solicitudProceso/consultarSolicitudProceso.xhtml HTTP/1.1" 302 -
201.245.192.253 - - [29/Dec/2023:08:32:59 -0500] "GET /sipse/faces/autenticacion.xhtml HTTP/1.1" 200 1099
201.245.192.253 - - [29/Dec/2023:08:32:59 -0500] "POST /sipse/faces/presentacion/financiero/solicitudProceso/consultarSolicitudProceso.xhtml HTTP/1.1" 302 -
201.245.192.253 - - [29/Dec/2023:08:32:59 -0500] "GET /sipse/faces/autenticacion.xhtml HTTP/1.1" 200 1099
201.245.192.253 - - [29/Dec/2023:08:32:59 -0500] "POST /sipse/faces/presentacion/financiero/solicitudProceso/consultarSolicitudProceso.xhtml HTTP/1.1" 302 -
201.245.192.253 - - [29/Dec/2023:08:32:59 -0500] "GET /sipse/faces/autenticacion.xhtml HTTP/1.1" 200 1099
201.245.192.253 - - [29/Dec/2023:08:32:59 -0500] "POST /sipse/faces/presentacion/financiero/solicitudProceso/consultarSolicitudProceso.xhtml HTTP/1.1" 302 -
201.245.192.253 - - [29/Dec/2023:08:32:59 -0500] "GET /sipse/faces/autenticacion.xhtml HTTP/1.1" 200 1099
201.245.192.253 - - [29/Dec/2023:08:32:59 -0500] "POST /sipse/faces/presentacion/financiero/solicitudProceso/consultarSolicitudProceso.xhtml HTTP/1.1" 302 -
201.245.192.253 - - [29/Dec/2023:08:32:59 -0500] "GET /sipse/faces/autenticacion.xhtml HTTP/1.1" 200 1099
201.245.192.253 - - [29/Dec/2023:08:32:59 -0500] "POST /sipse/faces/presentacion/financiero/solicitudProceso/consultarSolicitudProceso.xhtml HTTP/1.1" 302 -
201.245.192.253 - - [29/Dec/2023:08:32:59 -0500] "GET /sipse/faces/autenticacion.xhtml HTTP/1.1" 200 1099
201.245.192.253 - - [29/Dec/2023:08:32:59 -0500] "POST /sipse/faces/presentacion/financiero/solicitudProceso/consultarSolicitudProceso.xhtml HTTP/1.1" 302 -
201.245.192.253 - - [29/Dec/2023:08:32:59 -0500] "GET /sipse/faces/autenticacion.xhtml HTTP/1.1" 200 1099
201.245.192.253 - - [29/Dec/2023:08:32:59 -0500] "POST /sipse/faces/presentacion/financiero/solicitudProceso/consultarSolicitudProceso.xhtml HTTP/1.1" 302 -
201.245.192.253 - - [29/Dec/2023:08:32:59 -0500] "GET /sipse/faces/autenticacion.xhtml HTTP/1.1" 200 1099
139.59.30.93 - - [29/Dec/2023:08:32:59 -0500] "HEAD /passwords.txt HTTP/1.1" 404 -
201.245.192.253 - - [29/Dec/2023:08:32:59 -0500] "POST /sipse/faces/presentacion/financiero/solicitudProceso/consultarSolicitudProceso.xhtml HTTP/1.1" 302 -
201.245.192.253 - - [29/Dec/2023:08:32:59 -0500] "GET /sipse/faces/autenticacion.xhtml HTTP/1.1" 200 1099
201.245.192.253 - - [29/Dec/2023:08:32:59 -0500] "POST /sipse/faces/presentacion/financiero/solicitudProceso/consultarSolicitudProceso.xhtml HTTP/1.1" 302 -
201.245.192.253 - - [29/Dec/2023:08:32:59 -0500] "GET /sipse/faces/autenticacion.xhtml HTTP/1.1" 200 1099
201.245.192.253 - - [29/Dec/2023:08:32:59 -0500] "POST /sipse/faces/presentacion/financiero/solicitudProceso/consultarSolicitudProceso.xhtml HTTP/1.1" 302 -
201.245.192.253 - - [29/Dec/2023:08:32:59 -0500] "GET /sipse/faces/autenticacion.xhtml HTTP/1.1" 200 1099
201.245.192.253 - - [29/Dec/2023:08:33:00 -0500] "POST /forms/lservlet;jsessionid=ac16012b30d60a65f47120164194bbc39b7c0db64418.e3iSbxaKaheRe34Qc38TbN0Nb41ynknvrkLOlQzNp65In0 HTTP/1.1" 200 2
201.245.192.253 - - [29/Dec/2023:08:33:03 -0500] "GET /sipse/faces/index.xhtml HTTP/1.1" 200 677
201.245.192.253 - - [29/Dec/2023:08:33:04 -0500] "GET /sipse/faces/javax.faces.resource/theme.css?ln=primefaces-sipse HTTP/1.1" 304 -
201.245.192.253 - - [29/Dec/2023:08:33:04 -0500] "GET /sipse/faces/faces/autenticacion.xhtml HTTP/1.1" 200 12415
201.245.192.253 - - [29/Dec/2023:08:33:04 -0500] "GET /sipse/js/disable_browser_buttons.js HTTP/1.1" 304 -
201.245.192.253 - - [29/Dec/2023:08:33:04 -0500] "GET /sipse/js/funciones.js HTTP/1.1" 304 -
201.245.192.253 - - [29/Dec/2023:08:33:04 -0500] "GET /sipse/css/custom_css_sg.css HTTP/1.1" 304 -
201.245.192.253 - - [29/Dec/2023:08:33:04 -0500] "GET /sipse/css/custom_css_sg_prime_login.css HTTP/1.1" 304 -
201.245.192.253 - - [29/Dec/2023:08:33:04 -0500] "GET /sipse/faces/javax.faces.resource/layout/layout.css?ln=primefaces&v=4.0 HTTP/1.1" 304 -
201.245.192.253 - - [29/Dec/2023:08:33:04 -0500] "GET /sipse/faces/javax.faces.resource/jquery/jquery.js?ln=primefaces&v=4.0 HTTP/1.1" 304 -
201.245.192.253 - - [29/Dec/2023:08:33:04 -0500] "GET /sipse/faces/javax.faces.resource/theme.css?ln=primefaces-sipse HTTP/1.1" 304 -
201.245.192.253 - - [29/Dec/2023:08:33:04 -0500] "GET /sipse/faces/javax.faces.resource/primefaces.css?ln=primefaces&v=4.0 HTTP/1.1" 304 -
201.245.192.253 - - [29/Dec/2023:08:33:04 -0500] "GET /sipse/faces/javax.faces.resource/primefaces.js?ln=primefaces&v=4.0 HTTP/1.1" 304 -
201.245.192.253 - - [29/Dec/2023:08:33:04 -0500] "GET /sipse/faces/javax.faces.resource/layout/layout.js?ln=primefaces&v=4.0 HTTP/1.1" 304 -
201.245.192.253 - - [29/Dec/2023:08:33:04 -0500] "GET /sipse/faces/javax.faces.resource/jquery/jquery-plugins.js?ln=primefaces&v=4.0 HTTP/1.1" 304 -
201.245.192.253 - - [29/Dec/2023:08:33:04 -0500] "GET /sipse/css/imagen/logoSDG.png HTTP/1.1" 304 -
201.245.192.253 - - [29/Dec/2023:08:33:04 -0500] "GET /sipse/css/imagen/loginimg.png HTTP/1.1" 304 -
201.245.192.253 - - [29/Dec/2023:08:33:04 -0500] "GET /sipse/faces/javax.faces.resource/images/ui-icons_898989_256x240.png?ln=primefaces-aristo HTTP/1.1" 304 -
156.59.198.136 - - [29/Dec/2023:08:33:08 -0500] "GET /BLA/resoluciones/Notificaciones/AUTOS%202021/1626.pdf HTTP/1.0" 200 366834
201.245.192.253 - - [29/Dec/2023:08:33:10 -0500] "POST /sipse/faces/autenticacion.xhtml HTTP/1.1" 200 16286
201.245.192.253 - - [29/Dec/2023:08:33:10 -0500] "GET /sipse/css/custom_css_sg_prime.css HTTP/1.1" 304 -
201.245.192.253 - - [29/Dec/2023:08:33:10 -0500] "GET /sipse/faces/javax.faces.resource/theme.css?ln=primefaces-sipse HTTP/1.1" 304 -
201.245.192.253 - - [29/Dec/2023:08:33:10 -0500] "GET /sipse/faces/javax.faces.resource/primefaces.css?ln=primefaces&v=4.0 HTTP/1.1" 304 -
201.245.192.253 - - [29/Dec/2023:08:33:10 -0500] "GET /sipse/faces/javax.faces.resource/layout/layout.css?ln=primefaces&v=4.0 HTTP/1.1" 304 -
201.245.192.253 - - [29/Dec/2023:08:33:10 -0500] "GET /sipse/js/jquery.min.js HTTP/1.1" 304 -
201.245.192.253 - - [29/Dec/2023:08:33:10 -0500] "GET /sipse/faces/javax.faces.resource/jquery/jquery.js?ln=primefaces&v=4.0 HTTP/1.1" 304 -
201.245.192.253 - - [29/Dec/2023:08:33:10 -0500] "GET /sipse/faces/javax.faces.resource/jquery/jquery-plugins.js?ln=primefaces&v=4.0 HTTP/1.1" 304 -
201.245.192.253 - - [29/Dec/2023:08:33:10 -0500] "GET /sipse/faces/javax.faces.resource/primefaces.js?ln=primefaces&v=4.0 HTTP/1.1" 304 -
201.245.192.253 - - [29/Dec/2023:08:33:10 -0500] "GET /sipse/faces/javax.faces.resource/layout/layout.js?ln=primefaces&v=4.0 HTTP/1.1" 304 -
201.245.192.253 - - [29/Dec/2023:08:33:10 -0500] "GET /sipse/css/v_mergente.css HTTP/1.1" 304 -
201.245.192.253 - - [29/Dec/2023:08:33:10 -0500] "GET /sipse/imagenes/cargando.gif HTTP/1.1" 304 -
201.245.192.253 - - [29/Dec/2023:08:33:10 -0500] "GET /sipse/imagenes/logoAplicacion.jpg HTTP/1.1" 304 -
201.245.192.253 - - [29/Dec/2023:08:33:10 -0500] "GET /sipse/css/imagen/contrasena.png HTTP/1.1" 404 383
201.245.192.253 - - [29/Dec/2023:08:33:10 -0500] "GET /sipse/faces/javax.faces.resource/messages/messages.png?ln=primefaces&v=4.0 HTTP/1.1" 304 -
201.245.192.253 - - [29/Dec/2023:08:33:12 -0500] "GET /sipse/faces/javax.faces.resource/images/ui-bg_flat_0_2d5972_40x100.png?ln=primefaces-aristo HTTP/1.1" 304 -
201.245.192.253 - - [29/Dec/2023:08:33:12 -0500] "POST /sipse/faces/bienvenido.xhtml HTTP/1.1" 200 1471
201.245.192.253 - - [29/Dec/2023:08:33:13 -0500] "POST /sipse/faces/bienvenido.xhtml HTTP/1.1" 200 37387
201.245.192.253 - - [29/Dec/2023:08:33:14 -0500] "GET /sipse/faces/javax.faces.resource/layout/layout.css?ln=primefaces&v=4.0 HTTP/1.1" 304 -
201.245.192.253 - - [29/Dec/2023:08:33:14 -0500] "GET /sipse/faces/javax.faces.resource/theme.css?ln=primefaces-sipse HTTP/1.1" 304 -
201.245.192.253 - - [29/Dec/2023:08:33:14 -0500] "GET /sipse/faces/javax.faces.resource/primefaces.css?ln=primefaces&v=4.0 HTTP/1.1" 304 -
201.245.192.253 - - [29/Dec/2023:08:33:14 -0500] "GET /sipse/faces/javax.faces.resource/jquery/jquery.js?ln=primefaces&v=4.0 HTTP/1.1" 304 -
201.245.192.253 - - [29/Dec/2023:08:33:14 -0500] "GET /sipse/faces/javax.faces.resource/jquery/jquery-plugins.js?ln=primefaces&v=4.0 HTTP/1.1" 304 -
201.245.192.253 - - [29/Dec/2023:08:33:14 -0500] "GET /sipse/faces/javax.faces.resource/primefaces.js?ln=primefaces&v=4.0 HTTP/1.1" 304 -
201.245.192.253 - - [29/Dec/2023:08:33:14 -0500] "GET /sipse/faces/javax.faces.resource/layout/layout.js?ln=primefaces&v=4.0 HTTP/1.1" 304 -
201.245.192.253 - - [29/Dec/2023:08:33:14 -0500] "POST /sipse/faces/presentacion/financiero/solicitudProceso/listarSolicitudProceso.xhtml HTTP/1.1" 200 1420
201.245.192.253 - - [29/Dec/2023:08:33:18 -0500] "POST /forms/lservlet;jsessionid=ac16012b30d69fc638daa8814864b22e81b914d62a46.e3iSbxaKaheRe34Qc38TbN0Nb41ynknvrkLOlQzNp65In0 HTTP/1.1" 200 122
201.245.192.253 - - [29/Dec/2023:08:33:18 -0500] "POST /forms/lservlet;jsessionid=ac16012b30d69fc638daa8814864b22e81b914d62a46.e3iSbxaKaheRe34Qc38TbN0Nb41ynknvrkLOlQzNp65In0 HTTP/1.1" 200 7
201.245.192.253 - - [29/Dec/2023:08:33:21 -0500] "POST /forms/lservlet;jsessionid=ac16012b30d69fc638daa8814864b22e81b914d62a46.e3iSbxaKaheRe34Qc38TbN0Nb41ynknvrkLOlQzNp65In0 HTTP/1.1" 200 13
201.245.192.253 - - [29/Dec/2023:08:33:22 -0500] "POST /forms/lservlet;jsessionid=ac16012b30d69fc638daa8814864b22e81b914d62a46.e3iSbxaKaheRe34Qc38TbN0Nb41ynknvrkLOlQzNp65In0 HTTP/1.1" 200 28
201.245.192.253 - - [29/Dec/2023:08:33:26 -0500] "POST /forms/lservlet;jsessionid=ac16012b30d69fc638daa8814864b22e81b914d62a46.e3iSbxaKaheRe34Qc38TbN0Nb41ynknvrkLOlQzNp65In0 HTTP/1.1" 200 2305
156.59.198.136 - - [29/Dec/2023:08:33:32 -0500] "GET /BLA/resoluciones/Notificaciones/AUTOS%202017/02858.pdf HTTP/1.0" 200 617601
201.245.192.253 - - [29/Dec/2023:08:33:32 -0500] "POST /sipse/faces/presentacion/financiero/solicitudProceso/listarSolicitudProceso.xhtml HTTP/1.1" 200 117845
201.245.192.253 - - [29/Dec/2023:08:33:32 -0500] "GET /sipse/faces/javax.faces.resource/theme.css?ln=primefaces-sipse HTTP/1.1" 304 -
201.245.192.253 - - [29/Dec/2023:08:33:32 -0500] "GET /sipse/faces/javax.faces.resource/layout/layout.css?ln=primefaces&v=4.0 HTTP/1.1" 304 -
201.245.192.253 - - [29/Dec/2023:08:33:32 -0500] "GET /sipse/faces/javax.faces.resource/primefaces.css?ln=primefaces&v=4.0 HTTP/1.1" 304 -
201.245.192.253 - - [29/Dec/2023:08:33:32 -0500] "GET /sipse/faces/javax.faces.resource/jquery/jquery.js?ln=primefaces&v=4.0 HTTP/1.1" 304 -
201.245.192.253 - - [29/Dec/2023:08:33:32 -0500] "GET /sipse/faces/javax.faces.resource/jquery/jquery-plugins.js?ln=primefaces&v=4.0 HTTP/1.1" 304 -
201.245.192.253 - - [29/Dec/2023:08:33:32 -0500] "GET /sipse/faces/javax.faces.resource/primefaces.js?ln=primefaces&v=4.0 HTTP/1.1" 304 -
201.245.192.253 - - [29/Dec/2023:08:33:32 -0500] "GET /sipse/faces/javax.faces.resource/layout/layout.js?ln=primefaces&v=4.0 HTTP/1.1" 304 -
201.245.192.253 - - [29/Dec/2023:08:33:38 -0500] "POST /sipse/faces/presentacion/financiero/solicitudProceso/consultarSolicitudProceso.xhtml HTTP/1.1" 200 163187
201.245.192.253 - - [29/Dec/2023:08:33:38 -0500] "GET /sipse/faces/javax.faces.resource/layout/layout.css?ln=primefaces&v=4.0 HTTP/1.1" 304 -
201.245.192.253 - - [29/Dec/2023:08:33:38 -0500] "GET /sipse/faces/javax.faces.resource/primefaces.css?ln=primefaces&v=4.0 HTTP/1.1" 304 -
201.245.192.253 - - [29/Dec/2023:08:33:38 -0500] "GET /sipse/faces/javax.faces.resource/jquery/jquery-plugins.js?ln=primefaces&v=4.0 HTTP/1.1" 304 -
201.245.192.253 - - [29/Dec/2023:08:33:38 -0500] "GET /sipse/faces/javax.faces.resource/primefaces.js?ln=primefaces&v=4.0 HTTP/1.1" 304 -
201.245.192.253 - - [29/Dec/2023:08:33:38 -0500] "GET /sipse/faces/javax.faces.resource/theme.css?ln=primefaces-sipse HTTP/1.1" 304 -
201.245.192.253 - - [29/Dec/2023:08:33:38 -0500] "GET /sipse/faces/javax.faces.resource/jquery/jquery.js?ln=primefaces&v=4.0 HTTP/1.1" 304 -
201.245.192.253 - - [29/Dec/2023:08:33:38 -0500] "GET /sipse/faces/javax.faces.resource/layout/layout.js?ln=primefaces&v=4.0 HTTP/1.1" 304 -
201.245.192.253 - - [29/Dec/2023:08:33:41 -0500] "POST /forms/lservlet;jsessionid=ac16012b30d69fc638daa8814864b22e81b914d62a46.e3iSbxaKaheRe34Qc38TbN0Nb41ynknvrkLOlQzNp65In0 HTTP/1.1" 200 13
201.245.192.253 - - [29/Dec/2023:08:33:53 -0500] "POST /forms/lservlet;jsessionid=ac16012b30d69fc638daa8814864b22e81b914d62a46.e3iSbxaKaheRe34Qc38TbN0Nb41ynknvrkLOlQzNp65In0 HTTP/1.1" 200 2
156.59.198.135 - - [29/Dec/2023:08:33:57 -0500] "GET /BLA/resoluciones/Notificaciones/AUTOS%202017/4529.pdf HTTP/1.0" 200 270502
201.245.192.253 - - [29/Dec/2023:08:34:02 -0500] "POST /sipse/faces/presentacion/financiero/solicitudProceso/consultarSolicitudProceso.xhtml HTTP/1.1" 200 19424
201.245.192.253 - - [29/Dec/2023:08:34:02 -0500] "GET /sipse/faces/javax.faces.resource/primefaces.css?ln=primefaces&v=4.0 HTTP/1.1" 304 -
201.245.192.253 - - [29/Dec/2023:08:34:02 -0500] "GET /sipse/faces/javax.faces.resource/theme.css?ln=primefaces-sipse HTTP/1.1" 304 -
201.245.192.253 - - [29/Dec/2023:08:34:02 -0500] "GET /sipse/faces/javax.faces.resource/jquery/jquery-plugins.js?ln=primefaces&v=4.0 HTTP/1.1" 304 -
201.245.192.253 - - [29/Dec/2023:08:34:02 -0500] "GET /sipse/faces/javax.faces.resource/jquery/jquery.js?ln=primefaces&v=4.0 HTTP/1.1" 304 -
201.245.192.253 - - [29/Dec/2023:08:34:02 -0500] "GET /sipse/faces/javax.faces.resource/fileupload/fileupload.css?ln=primefaces&v=4.0 HTTP/1.1" 304 -
201.245.192.253 - - [29/Dec/2023:08:34:02 -0500] "GET /sipse/faces/javax.faces.resource/layout/layout.css?ln=primefaces&v=4.0 HTTP/1.1" 304 -
201.245.192.253 - - [29/Dec/2023:08:34:02 -0500] "GET /sipse/faces/javax.faces.resource/primefaces.js?ln=primefaces&v=4.0 HTTP/1.1" 304 -
201.245.192.253 - - [29/Dec/2023:08:34:02 -0500] "GET /sipse/faces/javax.faces.resource/layout/layout.js?ln=primefaces&v=4.0 HTTP/1.1" 304 -
201.245.192.253 - - [29/Dec/2023:08:34:02 -0500] "GET /sipse/faces/javax.faces.resource/fileupload/fileupload.js?ln=primefaces&v=4.0 HTTP/1.1" 304 -
168.119.52.80 - - [29/Dec/2023:08:34:07 -0500] "GET / HTTP/1.1" 200 319
201.245.192.253 - - [29/Dec/2023:08:34:09 -0500] "GET /sipse/faces/javax.faces.resource/layout/layout.css?ln=primefaces&v=4.0 HTTP/1.1" 304 -
201.245.192.253 - - [29/Dec/2023:08:34:09 -0500] "GET /sipse/faces/javax.faces.resource/theme.css?ln=primefaces-sipse HTTP/1.1" 304 -
201.245.192.253 - - [29/Dec/2023:08:34:09 -0500] "GET /sipse/faces/javax.faces.resource/primefaces.css?ln=primefaces&v=4.0 HTTP/1.1" 304 -
201.245.192.253 - - [29/Dec/2023:08:34:09 -0500] "GET /sipse/faces/javax.faces.resource/jquery/jquery.js?ln=primefaces&v=4.0 HTTP/1.1" 304 -
201.245.192.253 - - [29/Dec/2023:08:34:09 -0500] "GET /sipse/faces/javax.faces.resource/jquery/jquery-plugins.js?ln=primefaces&v=4.0 HTTP/1.1" 304 -
201.245.192.253 - - [29/Dec/2023:08:34:09 -0500] "GET /sipse/faces/javax.faces.resource/layout/layout.js?ln=primefaces&v=4.0 HTTP/1.1" 304 -
201.245.192.253 - - [29/Dec/2023:08:34:09 -0500] "GET /sipse/faces/javax.faces.resource/primefaces.js?ln=primefaces&v=4.0 HTTP/1.1" 304 -
201.245.192.253 - - [29/Dec/2023:08:34:09 -0500] "POST /sipse/faces/presentacion/sistema/anexos/cargarAnexoSolicitudProceso.xhtml HTTP/1.1" 200 164892
168.119.52.80 - - [29/Dec/2023:08:34:11 -0500] "GET / HTTP/1.1" 200 4720
201.245.192.253 - - [29/Dec/2023:08:34:16 -0500] "POST /sipse/faces/presentacion/financiero/solicitudProceso/consultarSolicitudProceso.xhtml HTTP/1.1" 200 34839
201.245.192.253 - - [29/Dec/2023:08:34:18 -0500] "GET /sipse/faces/javax.faces.resource/theme.css?ln=primefaces-sipse HTTP/1.1" 304 -
201.245.192.253 - - [29/Dec/2023:08:34:18 -0500] "GET /sipse/faces/javax.faces.resource/primefaces.css?ln=primefaces&v=4.0 HTTP/1.1" 304 -
201.245.192.253 - - [29/Dec/2023:08:34:18 -0500] "GET /sipse/faces/javax.faces.resource/layout/layout.css?ln=primefaces&v=4.0 HTTP/1.1" 304 -
201.245.192.253 - - [29/Dec/2023:08:34:19 -0500] "GET /sipse/faces/javax.faces.resource/jquery/jquery.js?ln=primefaces&v=4.0 HTTP/1.1" 304 -
201.245.192.253 - - [29/Dec/2023:08:34:21 -0500] "GET /sipse/faces/javax.faces.resource/jquery/jquery-plugins.js?ln=primefaces&v=4.0 HTTP/1.1" 304 -
201.245.192.253 - - [29/Dec/2023:08:34:21 -0500] "GET /sipse/faces/javax.faces.resource/primefaces.js?ln=primefaces&v=4.0 HTTP/1.1" 304 -
201.245.192.253 - - [29/Dec/2023:08:34:21 -0500] "GET /sipse/faces/javax.faces.resource/layout/layout.js?ln=primefaces&v=4.0 HTTP/1.1" 304 -
201.245.192.253 - - [29/Dec/2023:08:34:21 -0500] "POST /sipse/faces/presentacion/financiero/solicitudProceso/listarSolicitudProceso.xhtml HTTP/1.1" 200 1396
156.59.198.135 - - [29/Dec/2023:08:34:22 -0500] "GET /BLA/resoluciones/Notificaciones/AUTOS%202017/00298.doc HTTP/1.0" 200 918598
201.245.192.253 - - [29/Dec/2023:08:34:26 -0500] "POST /sipse/faces/presentacion/financiero/solicitudProceso/listarSolicitudProceso.xhtml HTTP/1.1" 200 2097
201.245.192.253 - - [29/Dec/2023:08:34:27 -0500] "POST /sipse/faces/presentacion/financiero/solicitudProceso/listarSolicitudProceso.xhtml HTTP/1.1" 200 38455
201.245.192.253 - - [29/Dec/2023:08:34:27 -0500] "GET /sipse/faces/javax.faces.resource/jquery/jquery.js?ln=primefaces&v=4.0 HTTP/1.1" 304 -
201.245.192.253 - - [29/Dec/2023:08:34:27 -0500] "GET /sipse/faces/javax.faces.resource/jquery/jquery-plugins.js?ln=primefaces&v=4.0 HTTP/1.1" 304 -
201.245.192.253 - - [29/Dec/2023:08:34:27 -0500] "GET /sipse/faces/javax.faces.resource/primefaces.js?ln=primefaces&v=4.0 HTTP/1.1" 304 -
201.245.192.253 - - [29/Dec/2023:08:34:27 -0500] "GET /sipse/faces/javax.faces.resource/layout/layout.js?ln=primefaces&v=4.0 HTTP/1.1" 304 -
201.245.192.253 - - [29/Dec/2023:08:34:27 -0500] "POST /sipse/faces/presentacion/financiero/solicitudProceso/consultar.xhtml HTTP/1.1" 200 31753
201.245.192.253 - - [29/Dec/2023:08:34:27 -0500] "GET /sipse/faces/javax.faces.resource/theme.css?ln=primefaces-sipse HTTP/1.1" 304 -
201.245.192.253 - - [29/Dec/2023:08:34:27 -0500] "GET /sipse/faces/javax.faces.resource/layout/layout.css?ln=primefaces&v=4.0 HTTP/1.1" 304 -
201.245.192.253 - - [29/Dec/2023:08:34:27 -0500] "GET /sipse/faces/javax.faces.resource/primefaces.css?ln=primefaces&v=4.0 HTTP/1.1" 304 -
201.245.192.253 - - [29/Dec/2023:08:34:30 -0500] "POST /sipse/faces/presentacion/financiero/solicitudProceso/consultar.xhtml HTTP/1.1" 200 12782
201.245.192.253 - - [29/Dec/2023:08:34:33 -0500] "POST /sipse/faces/presentacion/financiero/solicitudProceso/consultar.xhtml HTTP/1.1" 200 115567
201.245.192.253 - - [29/Dec/2023:08:34:34 -0500] "GET /sipse/faces/javax.faces.resource/theme.css?ln=primefaces-sipse HTTP/1.1" 304 -
201.245.192.253 - - [29/Dec/2023:08:34:34 -0500] "GET /sipse/faces/javax.faces.resource/primefaces.css?ln=primefaces&v=4.0 HTTP/1.1" 304 -
201.245.192.253 - - [29/Dec/2023:08:34:34 -0500] "GET /sipse/faces/javax.faces.resource/layout/layout.css?ln=primefaces&v=4.0 HTTP/1.1" 304 -
201.245.192.253 - - [29/Dec/2023:08:34:34 -0500] "GET /sipse/faces/javax.faces.resource/jquery/jquery.js?ln=primefaces&v=4.0 HTTP/1.1" 304 -
201.245.192.253 - - [29/Dec/2023:08:34:34 -0500] "GET /sipse/faces/javax.faces.resource/jquery/jquery-plugins.js?ln=primefaces&v=4.0 HTTP/1.1" 304 -
201.245.192.253 - - [29/Dec/2023:08:34:34 -0500] "GET /sipse/faces/javax.faces.resource/primefaces.js?ln=primefaces&v=4.0 HTTP/1.1" 304 -
201.245.192.253 - - [29/Dec/2023:08:34:34 -0500] "GET /sipse/faces/javax.faces.resource/layout/layout.js?ln=primefaces&v=4.0 HTTP/1.1" 304 -
69.171.249.2 - - [29/Dec/2023:08:34:37 -0500] "GET /agendate-con-la-feria-ambiental-de-servicios-a-la-ciudadania-2023.html HTTP/1.1" 200 743
156.59.198.135 - - [29/Dec/2023:08:34:45 -0500] "GET /BLA/resoluciones/Notificaciones/AUTOS%202021/6206.pdf HTTP/1.0" 200 354838
201.245.192.253 - - [29/Dec/2023:08:35:00 -0500] "POST /forms/lservlet;jsessionid=ac16012b30d60a65f47120164194bbc39b7c0db64418.e3iSbxaKaheRe34Qc38TbN0Nb41ynknvrkLOlQzNp65In0 HTTP/1.1" 200 2
156.59.198.136 - - [29/Dec/2023:08:35:11 -0500] "GET /BLA/resoluciones/Notificaciones/AUTOS%202017/1131.pdf HTTP/1.0" 200 276111
156.59.198.136 - - [29/Dec/2023:08:35:34 -0500] "GET /BLA/resoluciones/Notificaciones/AUTOS%202017/01189.pdf HTTP/1.0" 200 381928
172.22.2.4 - - [29/Dec/2023:08:35:47 -0500] "GET /BLA/boletinlegal/actos.php HTTP/1.1" 200 9648
172.22.2.4 - - [29/Dec/2023:08:35:47 -0500] "GET /BLA/boletinlegal/styles2.css HTTP/1.1" 200 1838
172.22.2.4 - - [29/Dec/2023:08:35:47 -0500] "GET /BLA/boletinlegal/js/ajax_actos.js HTTP/1.1" 200 1322
172.22.2.4 - - [29/Dec/2023:08:35:47 -0500] "GET /BLA/boletinlegal/niceforms-default.css HTTP/1.1" 200 6694
172.22.2.4 - - [29/Dec/2023:08:35:47 -0500] "GET /BLA/boletinlegal/style.css HTTP/1.1" 200 9406
172.22.2.4 - - [29/Dec/2023:08:35:47 -0500] "GET /BLA/boletinlegal/niceforms.js HTTP/1.1" 200 22876
172.22.2.4 - - [29/Dec/2023:08:35:47 -0500] "GET /BLA/boletinlegal/js/popup.js HTTP/1.1" 200 1270
172.22.2.4 - - [29/Dec/2023:08:35:47 -0500] "GET /BLA/boletinlegal/js/lib.js HTTP/1.1" 200 6474
172.22.2.4 - - [29/Dec/2023:08:35:47 -0500] "GET /BLA/boletinlegal/js/jquery1.js HTTP/1.1" 200 29846
172.22.2.4 - - [29/Dec/2023:08:35:47 -0500] "GET /BLA/boletinlegal/images/cabezote%20BLEGAL.jpg HTTP/1.1" 200 118164
172.22.2.4 - - [29/Dec/2023:08:35:47 -0500] "GET /BLA/boletinlegal/images/subscribe-icon-big.png HTTP/1.1" 200 47702
172.22.2.4 - - [29/Dec/2023:08:35:47 -0500] "GET /BLA/boletinlegal/images/green-yellow-blue-pink-th.png HTTP/1.1" 200 7394
172.22.2.4 - - [29/Dec/2023:08:35:47 -0500] "GET /BLA/boletinlegal/images/historia.png HTTP/1.1" 200 52775
172.22.2.4 - - [29/Dec/2023:08:35:47 -0500] "GET /BLA/boletinlegal/images/registro-usuarios.png HTTP/1.1" 200 8106
172.22.2.4 - - [29/Dec/2023:08:35:47 -0500] "GET /BLA/boletinlegal/images/tel.png HTTP/1.1" 200 14477
172.22.2.4 - - [29/Dec/2023:08:35:47 -0500] "GET /BLA/boletinlegal/images/icono-email.png HTTP/1.1" 200 5544
172.22.2.4 - - [29/Dec/2023:08:35:47 -0500] "GET /BLA/boletinlegal/images/body_bg.jpg HTTP/1.1" 200 1601
172.22.2.4 - - [29/Dec/2023:08:35:47 -0500] "GET /BLA/boletinlegal/images/menu_lft.gif HTTP/1.1" 200 1713
172.22.2.4 - - [29/Dec/2023:08:35:47 -0500] "GET /BLA/boletinlegal/images/footer_bg.jpg HTTP/1.1" 200 586
172.22.2.4 - - [29/Dec/2023:08:35:47 -0500] "GET /BLA/boletinlegal/images/menu_rght.gif HTTP/1.1" 200 1627
172.22.2.4 - - [29/Dec/2023:08:35:47 -0500] "GET /BLA/boletinlegal/images/bg_top.jpg HTTP/1.1" 200 522
172.22.2.4 - - [29/Dec/2023:08:35:47 -0500] "GET /BLA/boletinlegal/images/menu_bg.jpg HTTP/1.1" 200 620
172.22.2.4 - - [29/Dec/2023:08:35:47 -0500] "GET /BLA/boletinlegal/images/text.jpg HTTP/1.1" 200 568
172.22.2.4 - - [29/Dec/2023:08:35:47 -0500] "GET /BLA/boletinlegal/images/hover.jpg HTTP/1.1" 200 640
172.22.2.4 - - [29/Dec/2023:08:35:48 -0500] "GET /BLA/boletinlegal/images/footer_bg_l.jpg HTTP/1.1" 200 776
172.22.2.4 - - [29/Dec/2023:08:35:48 -0500] "GET /BLA/boletinlegal/img/0.png HTTP/1.1" 200 110
172.22.2.4 - - [29/Dec/2023:08:35:48 -0500] "GET /BLA/boletinlegal/img/button-right.png HTTP/1.1" 200 57878
172.22.2.4 - - [29/Dec/2023:08:35:48 -0500] "GET /BLA/boletinlegal/img/button-left.png HTTP/1.1" 200 57071
172.22.2.4 - - [29/Dec/2023:08:35:48 -0500] "GET /BLA/boletinlegal/img/button.png HTTP/1.1" 200 43241
172.22.2.4 - - [29/Dec/2023:08:35:48 -0500] "GET /BLA/boletinlegal/img/select-right.png HTTP/1.1" 200 44019
172.22.2.4 - - [29/Dec/2023:08:35:48 -0500] "GET /BLA/boletinlegal/img/select-left.png HTTP/1.1" 200 263
172.22.2.4 - - [29/Dec/2023:08:35:48 -0500] "GET /BLA/boletinlegal/favicon.ico HTTP/1.1" 404 1326
192.168.172.47 - - [29/Dec/2023:08:35:49 -0500] "GET /BLA/boletinlegal/admin/notificaciones/ingresar.php HTTP/1.1" 200 30074
192.168.172.47 - - [29/Dec/2023:08:35:49 -0500] "GET /BLA/boletinlegal/images/cabezote%20BLEGAL.jpg HTTP/1.1" 200 118164
192.168.172.47 - - [29/Dec/2023:08:35:49 -0500] "GET /BLA/boletinlegal/admin/images/calendario.png HTTP/1.1" 200 4380
192.168.172.47 - - [29/Dec/2023:08:35:49 -0500] "GET /css/global/buttons.css HTTP/1.1" 404 1312
201.245.192.253 - - [29/Dec/2023:08:35:53 -0500] "POST /forms/lservlet;jsessionid=ac16012b30d69fc638daa8814864b22e81b914d62a46.e3iSbxaKaheRe34Qc38TbN0Nb41ynknvrkLOlQzNp65In0 HTTP/1.1" 200 2
201.245.192.253 - - [29/Dec/2023:08:35:53 -0500] "POST /kwsrmcab/Wsrmcab HTTP/1.1" 200 36660
201.245.192.253 - - [29/Dec/2023:08:35:56 -0500] "POST /kwsrmcab/Wsrmcab HTTP/1.1" 200 36824
156.59.198.136 - - [29/Dec/2023:08:35:58 -0500] "GET /BLA/resoluciones/Notificaciones/AUTOS%202017/4442.pdf HTTP/1.0" 200 279702
191.95.31.119 - - [29/Dec/2023:08:35:59 -0500] "POST /sipse/faces/presentacion/financiero/solicitudAnulacion/registrarSolicitudAnulacion.xhtml HTTP/1.1" 200 54316
216.245.221.92 - - [29/Dec/2023:08:36:06 -0500] "HEAD / HTTP/1.1" 200 -
201.245.192.253 - - [29/Dec/2023:08:36:18 -0500] "POST /kwsrmcab/Wsrmcab  HTTP/1.1" 200 36178
156.59.198.136 - - [29/Dec/2023:08:36:23 -0500] "GET /BLA/resoluciones/Notificaciones/AUTOS%202021/3745.pdf HTTP/1.0" 200 345373
192.168.172.47 - - [29/Dec/2023:08:36:32 -0500] "GET /BLA/boletinlegal/admin/notificaciones/setvaluef.php?month=12&year=2023 HTTP/1.1" 200 3212
156.59.198.135 - - [29/Dec/2023:08:36:47 -0500] "GET /BLA/resoluciones/Notificaciones/AUTOS%202017/2455.pdf HTTP/1.0" 200 274576
172.22.2.4 - - [29/Dec/2023:08:36:52 -0500] "GET /BLA/boletinlegal/actos.php HTTP/1.1" 200 9648
172.22.2.4 - - [29/Dec/2023:08:36:53 -0500] "GET /BLA/boletinlegal/favicon.ico HTTP/1.1" 404 1326
191.108.145.199 - - [29/Dec/2023:08:36:59 -0500] "GET /BLA/resoluciones/ HTTP/1.1" 200 13696
191.108.145.199 - - [29/Dec/2023:08:36:59 -0500] "GET /BLA/resoluciones/dlf/styles.css HTTP/1.1" 200 3049
191.108.145.199 - - [29/Dec/2023:08:36:59 -0500] "GET /BLA/resoluciones/dlf/folder.png HTTP/1.1" 200 410
191.108.145.199 - - [29/Dec/2023:08:37:00 -0500] "GET /BLA/resoluciones/dlf/bg.gif HTTP/1.1" 200 54
191.108.145.199 - - [29/Dec/2023:08:37:00 -0500] "GET /favicon.ico HTTP/1.1" 200 7782
201.245.192.253 - - [29/Dec/2023:08:37:00 -0500] "POST /forms/lservlet;jsessionid=ac16012b30d60a65f47120164194bbc39b7c0db64418.e3iSbxaKaheRe34Qc38TbN0Nb41ynknvrkLOlQzNp65In0 HTTP/1.1" 200 2
172.22.2.4 - - [29/Dec/2023:08:37:10 -0500] "GET /BLA/boletinlegal/consulta_actos.php?tipo=resoluciones&no=5619&usuario=&sector=&fecha=2023&resuelve= HTTP/1.1" 200 626
156.59.198.136 - - [29/Dec/2023:08:37:12 -0500] "GET /BLA/resoluciones/Notificaciones/AUTOS%202021/0152.pdf HTTP/1.0" 200 394249
191.108.145.199 - - [29/Dec/2023:08:37:23 -0500] "GET /BLA/resoluciones/dlf/dirup.png HTTP/1.1" 200 644
191.108.145.199 - - [29/Dec/2023:08:37:23 -0500] "GET /BLA/resoluciones/dlf/pdf.gif HTTP/1.1" 200 272
191.108.145.199 - - [29/Dec/2023:08:37:22 -0500] "GET /BLA/resoluciones/index.php?dir=RESOLUCIONES+2014%2F HTTP/1.1" 200 334529
191.108.145.199 - - [29/Dec/2023:08:37:24 -0500] "GET /BLA/resoluciones/dlf/unknown.png HTTP/1.1" 200 266
172.22.2.4 - - [29/Dec/2023:08:35:52 -0500] "HEAD /BLA/boletinlegal/ HTTP/1.1" 200 -
172.22.2.4 - - [29/Dec/2023:08:37:32 -0500] "GET /BLA/boletinlegal/consulta_actos.php?tipo=resoluciones&no=5619&usuario=&sector=&fecha=2022&resuelve= HTTP/1.1" 200 1113
172.22.2.4 - - [29/Dec/2023:08:35:52 -0500] "HEAD /BLA/boletinlegal/ HTTP/1.1" 200 -
156.59.198.135 - - [29/Dec/2023:08:37:36 -0500] "GET /BLA/resoluciones/Notificaciones/AUTOS%202021/3909.pdf HTTP/1.0" 200 360041
69.171.251.13 - - [29/Dec/2023:08:37:44 -0500] "GET /secretaria-de-ambiente-reconocio-entidades-por-sus-buenas-practicas-ambientales.html HTTP/1.1" 200 892
69.171.251.117 - - [29/Dec/2023:08:37:44 -0500] "GET /secretaria-de-ambiente-reconocio-entidades-por-sus-buenas-practicas-ambientales.html HTTP/1.1" 200 892
172.22.2.4 - - [29/Dec/2023:08:36:51 -0500] "GET /BLA/boletinlegal/ HTTP/1.1" 200 24523
201.245.192.253 - - [29/Dec/2023:08:37:53 -0500] "POST /forms/lservlet;jsessionid=ac16012b30d69fc638daa8814864b22e81b914d62a46.e3iSbxaKaheRe34Qc38TbN0Nb41ynknvrkLOlQzNp65In0 HTTP/1.1" 200 2
156.59.198.135 - - [29/Dec/2023:08:38:00 -0500] "GET /BLA/resoluciones/Notificaciones/AUTOS%202017/1104.pdf HTTP/1.0" 200 276303
172.22.2.4 - - [29/Dec/2023:08:36:42 -0500] "GET /BLA/boletinlegal/ HTTP/1.1" 200 47813
156.59.198.135 - - [29/Dec/2023:08:38:24 -0500] "GET /BLA/resoluciones/Notificaciones/AUTOS%202021/2714.pdf HTTP/1.0" 200 317956
156.59.198.136 - - [29/Dec/2023:08:38:50 -0500] "GET /BLA/resoluciones/Notificaciones/AUTOS%202017/03621.pdf HTTP/1.0" 200 272426
201.245.192.253 - - [29/Dec/2023:08:39:00 -0500] "POST /forms/lservlet;jsessionid=ac16012b30d60a65f47120164194bbc39b7c0db64418.e3iSbxaKaheRe34Qc38TbN0Nb41ynknvrkLOlQzNp65In0 HTTP/1.1" 200 2
156.59.198.135 - - [29/Dec/2023:08:39:14 -0500] "GET /BLA/resoluciones/Notificaciones/AUTOS%202017/00941.doc HTTP/1.0" 200 397040
192.168.172.47 - - [29/Dec/2023:08:39:23 -0500] "POST /BLA/boletinlegal/admin/notificaciones/ingresar.php HTTP/1.1" 200 30167
192.168.172.47 - - [29/Dec/2023:08:39:23 -0500] "GET /css/global/buttons.css HTTP/1.1" 404 1312
156.59.198.136 - - [29/Dec/2023:08:39:38 -0500] "GET /BLA/resoluciones/Notificaciones/AUTOS%202019/4518.pdf HTTP/1.0" 200 666422
201.245.192.253 - - [29/Dec/2023:08:39:53 -0500] "POST /forms/lservlet;jsessionid=ac16012b30d69fc638daa8814864b22e81b914d62a46.e3iSbxaKaheRe34Qc38TbN0Nb41ynknvrkLOlQzNp65In0 HTTP/1.1" 200 2
201.245.192.253 - - [29/Dec/2023:08:39:57 -0500] "POST /kwsrmcab/Wsrmcab HTTP/1.1" 200 36660
156.59.198.135 - - [29/Dec/2023:08:40:02 -0500] "GET /BLA/resoluciones/Notificaciones/AUTOS%202021/4038.pdf HTTP/1.0" 200 308430
201.245.192.253 - - [29/Dec/2023:08:40:02 -0500] "POST /kwsrmcab/Wsrmcab HTTP/1.1" 200 36824
156.59.198.136 - - [29/Dec/2023:08:40:26 -0500] "GET /BLA/resoluciones/Notificaciones/AUTOS%202017/4173.pdf HTTP/1.0" 200 262520
156.59.198.135 - - [29/Dec/2023:08:40:51 -0500] "GET /BLA/resoluciones/Notificaciones/AUTOS%202019/05355.pdf HTTP/1.0" 200 346475
201.245.192.253 - - [29/Dec/2023:08:41:00 -0500] "POST /forms/lservlet;jsessionid=ac16012b30d60a65f47120164194bbc39b7c0db64418.e3iSbxaKaheRe34Qc38TbN0Nb41ynknvrkLOlQzNp65In0 HTTP/1.1" 200 2
216.245.221.92 - - [29/Dec/2023:08:41:06 -0500] "HEAD / HTTP/1.1" 200 -
156.59.198.136 - - [29/Dec/2023:08:41:16 -0500] "GET /BLA/resoluciones/Notificaciones/AUTOS%202017/05304.pdf HTTP/1.0" 200 1188569
201.245.192.253 - - [29/Dec/2023:08:41:17 -0500] "POST /kwsrmcab/Wsrmcab  HTTP/1.1" 200 36178
156.59.198.135 - - [29/Dec/2023:08:41:41 -0500] "GET /BLA/resoluciones/Notificaciones/AUTOS%202021/2312.pdf HTTP/1.0" 200 346773
201.245.192.253 - - [29/Dec/2023:08:41:53 -0500] "POST /forms/lservlet;jsessionid=ac16012b30d69fc638daa8814864b22e81b914d62a46.e3iSbxaKaheRe34Qc38TbN0Nb41ynknvrkLOlQzNp65In0 HTTP/1.1" 200 2
156.59.198.136 - - [29/Dec/2023:08:42:03 -0500] "GET /BLA/resoluciones/Notificaciones/AUTOS%202017/2906.doc HTTP/1.0" 200 725350
156.59.198.135 - - [29/Dec/2023:08:42:28 -0500] "GET /BLA/resoluciones/Notificaciones/AUTOS%202017/01109.doc HTTP/1.0" 200 289755
156.59.198.136 - - [29/Dec/2023:08:42:52 -0500] "GET /BLA/resoluciones/Notificaciones/AUTOS%202017/03719.pdf HTTP/1.0" 200 2043253
201.245.192.253 - - [29/Dec/2023:08:43:00 -0500] "POST /forms/lservlet;jsessionid=ac16012b30d60a65f47120164194bbc39b7c0db64418.e3iSbxaKaheRe34Qc38TbN0Nb41ynknvrkLOlQzNp65In0 HTTP/1.1" 200 2
201.245.192.253 - - [29/Dec/2023:08:43:12 -0500] "POST /forms/lservlet;jsessionid=ac16012b30d69fc638daa8814864b22e81b914d62a46.e3iSbxaKaheRe34Qc38TbN0Nb41ynknvrkLOlQzNp65In0 HTTP/1.1" 200 93
201.245.192.253 - - [29/Dec/2023:08:43:13 -0500] "POST /forms/lservlet;jsessionid=ac16012b30d69fc638daa8814864b22e81b914d62a46.e3iSbxaKaheRe34Qc38TbN0Nb41ynknvrkLOlQzNp65In0 HTTP/1.1" 200 1323
201.245.192.253 - - [29/Dec/2023:08:43:13 -0500] "POST /forms/lservlet;jsessionid=ac16012b30d69fc638daa8814864b22e81b914d62a46.e3iSbxaKaheRe34Qc38TbN0Nb41ynknvrkLOlQzNp65In0 HTTP/1.1" 200 10
201.245.192.253 - - [29/Dec/2023:08:43:14 -0500] "POST /forms/lservlet;jsessionid=ac16012b30d69fc638daa8814864b22e81b914d62a46.e3iSbxaKaheRe34Qc38TbN0Nb41ynknvrkLOlQzNp65In0 HTTP/1.1" 200 13
201.245.192.253 - - [29/Dec/2023:08:43:15 -0500] "POST /forms/lservlet;jsessionid=ac16012b30d69fc638daa8814864b22e81b914d62a46.e3iSbxaKaheRe34Qc38TbN0Nb41ynknvrkLOlQzNp65In0 HTTP/1.1" 200 89
201.245.192.253 - - [29/Dec/2023:08:43:15 -0500] "POST /forms/lservlet;jsessionid=ac16012b30d69fc638daa8814864b22e81b914d62a46.e3iSbxaKaheRe34Qc38TbN0Nb41ynknvrkLOlQzNp65In0 HTTP/1.1" 200 21
201.245.192.253 - - [29/Dec/2023:08:43:15 -0500] "POST /forms/lservlet;jsessionid=ac16012b30d69fc638daa8814864b22e81b914d62a46.e3iSbxaKaheRe34Qc38TbN0Nb41ynknvrkLOlQzNp65In0 HTTP/1.1" 200 7
201.245.192.253 - - [29/Dec/2023:08:43:15 -0500] "POST /forms/lservlet;jsessionid=ac16012b30d69fc638daa8814864b22e81b914d62a46.e3iSbxaKaheRe34Qc38TbN0Nb41ynknvrkLOlQzNp65In0 HTTP/1.1" 200 105
201.245.192.253 - - [29/Dec/2023:08:43:16 -0500] "POST /forms/lservlet;jsessionid=ac16012b30d69fc638daa8814864b22e81b914d62a46.e3iSbxaKaheRe34Qc38TbN0Nb41ynknvrkLOlQzNp65In0 HTTP/1.1" 200 2
156.59.198.136 - - [29/Dec/2023:08:43:17 -0500] "GET /BLA/resoluciones/Notificaciones/AUTOS%202021/04254.pdf HTTP/1.0" 200 336255
146.70.15.42 - - [29/Dec/2023:08:43:21 -0500] "GET /.env HTTP/1.1" 404 1018
172.22.2.4 - - [29/Dec/2023:08:41:42 -0500] "HEAD /BLA/boletinlegal/ HTTP/1.1" 200 -
201.245.192.253 - - [29/Dec/2023:08:43:23 -0500] "POST /forms/lservlet;jsessionid=ac16012b30d69fc638daa8814864b22e81b914d62a46.e3iSbxaKaheRe34Qc38TbN0Nb41ynknvrkLOlQzNp65In0 HTTP/1.1" 200 28
201.245.192.253 - - [29/Dec/2023:08:43:31 -0500] "POST /forms/lservlet;jsessionid=ac16012b30d69fc638daa8814864b22e81b914d62a46.e3iSbxaKaheRe34Qc38TbN0Nb41ynknvrkLOlQzNp65In0 HTTP/1.1" 200 86
201.245.192.253 - - [29/Dec/2023:08:43:31 -0500] "POST /forms/lservlet;jsessionid=ac16012b30d69fc638daa8814864b22e81b914d62a46.e3iSbxaKaheRe34Qc38TbN0Nb41ynknvrkLOlQzNp65In0 HTTP/1.1" 200 54
201.245.192.253 - - [29/Dec/2023:08:43:32 -0500] "POST /forms/lservlet;jsessionid=ac16012b30d69fc638daa8814864b22e81b914d62a46.e3iSbxaKaheRe34Qc38TbN0Nb41ynknvrkLOlQzNp65In0 HTTP/1.1" 200 2
201.245.192.253 - - [29/Dec/2023:08:43:32 -0500] "POST /forms/lservlet;jsessionid=ac16012b30d69fc638daa8814864b22e81b914d62a46.e3iSbxaKaheRe34Qc38TbN0Nb41ynknvrkLOlQzNp65In0 HTTP/1.1" 200 78
201.245.192.253 - - [29/Dec/2023:08:43:33 -0500] "POST /forms/lservlet;jsessionid=ac16012b30d69fc638daa8814864b22e81b914d62a46.e3iSbxaKaheRe34Qc38TbN0Nb41ynknvrkLOlQzNp65In0 HTTP/1.1" 200 2551
201.245.192.253 - - [29/Dec/2023:08:43:35 -0500] "POST /forms/lservlet;jsessionid=ac16012b30d69fc638daa8814864b22e81b914d62a46.e3iSbxaKaheRe34Qc38TbN0Nb41ynknvrkLOlQzNp65In0 HTTP/1.1" 200 2
201.245.192.253 - - [29/Dec/2023:08:43:35 -0500] "POST /forms/lservlet;jsessionid=ac16012b30d69fc638daa8814864b22e81b914d62a46.e3iSbxaKaheRe34Qc38TbN0Nb41ynknvrkLOlQzNp65In0 HTTP/1.1" 200 301
201.245.192.253 - - [29/Dec/2023:08:43:36 -0500] "POST /forms/lservlet;jsessionid=ac16012b30d69fc638daa8814864b22e81b914d62a46.e3iSbxaKaheRe34Qc38TbN0Nb41ynknvrkLOlQzNp65In0 HTTP/1.1" 200 10
201.245.192.253 - - [29/Dec/2023:08:43:37 -0500] "POST /forms/lservlet;jsessionid=ac16012b30d69fc638daa8814864b22e81b914d62a46.e3iSbxaKaheRe34Qc38TbN0Nb41ynknvrkLOlQzNp65In0 HTTP/1.1" 200 2
201.245.192.253 - - [29/Dec/2023:08:43:38 -0500] "POST /forms/lservlet;jsessionid=ac16012b30d69fc638daa8814864b22e81b914d62a46.e3iSbxaKaheRe34Qc38TbN0Nb41ynknvrkLOlQzNp65In0 HTTP/1.1" 200 249
201.245.192.253 - - [29/Dec/2023:08:43:38 -0500] "POST /forms/lservlet;jsessionid=ac16012b30d69fc638daa8814864b22e81b914d62a46.e3iSbxaKaheRe34Qc38TbN0Nb41ynknvrkLOlQzNp65In0 HTTP/1.1" 200 11
