201.245.192.253 - - [29/Dec/2023:08:43:39 -0500] "POST /forms/lservlet;jsessionid=ac16012b30d69fc638daa8814864b22e81b914d62a46.e3iSbxaKaheRe34Qc38TbN0Nb41ynknvrkLOlQzNp65In0 HTTP/1.1" 200 2
156.59.198.135 - - [29/Dec/2023:08:43:40 -0500] "GET /BLA/resoluciones/Notificaciones/AUTOS%202017/2908.doc HTTP/1.0" 200 336655
201.245.192.253 - - [29/Dec/2023:08:43:39 -0500] "POST /forms/lservlet;jsessionid=ac16012b30d69fc638daa8814864b22e81b914d62a46.e3iSbxaKaheRe34Qc38TbN0Nb41ynknvrkLOlQzNp65In0 HTTP/1.1" 200 14
201.245.192.253 - - [29/Dec/2023:08:43:40 -0500] "POST /forms/lservlet;jsessionid=ac16012b30d69fc638daa8814864b22e81b914d62a46.e3iSbxaKaheRe34Qc38TbN0Nb41ynknvrkLOlQzNp65In0 HTTP/1.1" 200 14
201.245.192.253 - - [29/Dec/2023:08:43:41 -0500] "POST /forms/lservlet;jsessionid=ac16012b30d69fc638daa8814864b22e81b914d62a46.e3iSbxaKaheRe34Qc38TbN0Nb41ynknvrkLOlQzNp65In0 HTTP/1.1" 200 239
201.245.192.253 - - [29/Dec/2023:08:43:42 -0500] "POST /forms/lservlet;jsessionid=ac16012b30d69fc638daa8814864b22e81b914d62a46.e3iSbxaKaheRe34Qc38TbN0Nb41ynknvrkLOlQzNp65In0 HTTP/1.1" 200 7
191.95.31.119 - - [29/Dec/2023:08:43:43 -0500] "GET /sipse/faces/javax.faces.resource/theme.css?ln=primefaces-sipse HTTP/1.1" 304 -
191.95.31.119 - - [29/Dec/2023:08:43:43 -0500] "GET /sipse/faces/javax.faces.resource/primefaces.css?ln=primefaces&v=4.0 HTTP/1.1" 304 -
191.95.31.119 - - [29/Dec/2023:08:43:43 -0500] "GET /sipse/faces/javax.faces.resource/layout/layout.css?ln=primefaces&v=4.0 HTTP/1.1" 304 -
191.95.31.119 - - [29/Dec/2023:08:43:43 -0500] "GET /sipse/faces/javax.faces.resource/fileupload/fileupload.css?ln=primefaces&v=4.0 HTTP/1.1" 304 -
191.95.31.119 - - [29/Dec/2023:08:43:43 -0500] "GET /sipse/faces/javax.faces.resource/jquery/jquery.js?ln=primefaces&v=4.0 HTTP/1.1" 304 -
191.95.31.119 - - [29/Dec/2023:08:43:43 -0500] "GET /sipse/faces/javax.faces.resource/jquery/jquery-plugins.js?ln=primefaces&v=4.0 HTTP/1.1" 304 -
191.95.31.119 - - [29/Dec/2023:08:43:43 -0500] "GET /sipse/faces/javax.faces.resource/primefaces.js?ln=primefaces&v=4.0 HTTP/1.1" 304 -
191.95.31.119 - - [29/Dec/2023:08:43:43 -0500] "GET /sipse/faces/javax.faces.resource/layout/layout.js?ln=primefaces&v=4.0 HTTP/1.1" 304 -
191.95.31.119 - - [29/Dec/2023:08:43:43 -0500] "GET /sipse/faces/javax.faces.resource/fileupload/fileupload.js?ln=primefaces&v=4.0 HTTP/1.1" 304 -
191.95.31.119 - - [29/Dec/2023:08:43:43 -0500] "GET /sipse/css/imagen/contrasena.png HTTP/1.1" 404 383
191.95.31.119 - - [29/Dec/2023:08:43:43 -0500] "GET /sipse/faces/javax.faces.resource/images/ui-icons_898989_256x240.png?ln=primefaces-aristo HTTP/1.1" 304 -
191.95.31.119 - - [29/Dec/2023:08:43:42 -0500] "POST /sipse/faces/presentacion/financiero/solicitudAnulacion/registrarSolicitudAnulacion.xhtml HTTP/1.1" 200 123228
201.245.192.253 - - [29/Dec/2023:08:43:44 -0500] "GET /reports/rwservlet/getjobid=91543?server=repnomi HTTP/1.1" 200 28565
201.245.192.253 - - [29/Dec/2023:08:43:53 -0500] "POST /forms/lservlet;jsessionid=ac16012b30d69fc638daa8814864b22e81b914d62a46.e3iSbxaKaheRe34Qc38TbN0Nb41ynknvrkLOlQzNp65In0 HTTP/1.1" 200 2
156.59.198.136 - - [29/Dec/2023:08:44:04 -0500] "GET /BLA/resoluciones/Notificaciones/AUTOS%202017/3394.pdf HTTP/1.0" 200 282702
172.22.2.4 - - [29/Dec/2023:08:42:33 -0500] "GET /BLA/boletinlegal/ HTTP/1.1" 200 58567
156.59.198.135 - - [29/Dec/2023:08:44:29 -0500] "GET /BLA/resoluciones/Notificaciones/AUTOS%202019/4418.pdf HTTP/1.0" 200 286329
156.59.198.135 - - [29/Dec/2023:08:44:53 -0500] "GET /BLA/resoluciones/Notificaciones/AUTOS%202019/3295.pdf HTTP/1.0" 200 232872
201.245.192.253 - - [29/Dec/2023:08:45:00 -0500] "POST /forms/lservlet;jsessionid=ac16012b30d60a65f47120164194bbc39b7c0db64418.e3iSbxaKaheRe34Qc38TbN0Nb41ynknvrkLOlQzNp65In0 HTTP/1.1" 200 2
156.59.198.135 - - [29/Dec/2023:08:45:17 -0500] "GET /BLA/resoluciones/Notificaciones/AUTOS%202017/03359.pdf HTTP/1.0" 200 266441
156.59.198.135 - - [29/Dec/2023:08:45:41 -0500] "GET /BLA/resoluciones/Notificaciones/AUTOS%202019/2027.pdf HTTP/1.0" 200 335797
191.95.31.119 - - [29/Dec/2023:08:45:50 -0500] "GET /sipse/faces/javax.faces.resource/images/ui-bg_flat_0_2d5972_40x100.png?ln=primefaces-aristo HTTP/1.1" 304 -
191.95.31.119 - - [29/Dec/2023:08:45:50 -0500] "POST /sipse/faces/presentacion/financiero/solicitudAnulacion/registrarSolicitudAnulacion.xhtml HTTP/1.1" 200 3761
191.95.31.119 - - [29/Dec/2023:08:45:51 -0500] "GET /sipse/faces/javax.faces.resource/messages/messages.png?ln=primefaces&v=4.0 HTTP/1.1" 304 -
201.245.192.253 - - [29/Dec/2023:08:45:53 -0500] "POST /forms/lservlet;jsessionid=ac16012b30d69fc638daa8814864b22e81b914d62a46.e3iSbxaKaheRe34Qc38TbN0Nb41ynknvrkLOlQzNp65In0 HTTP/1.1" 200 2
216.245.221.92 - - [29/Dec/2023:08:46:06 -0500] "HEAD / HTTP/1.1" 200 -
156.59.198.136 - - [29/Dec/2023:08:46:06 -0500] "GET /BLA/resoluciones/Notificaciones/AUTOS%202017/1668.pdf HTTP/1.0" 200 296665
201.245.192.253 - - [29/Dec/2023:08:46:15 -0500] "POST /kwsrmcab/Wsrmcab  HTTP/1.1" 200 36178
191.95.31.119 - - [29/Dec/2023:08:46:20 -0500] "POST /sipse/faces/presentacion/financiero/solicitudAnulacion/registrarSolicitudAnulacion.xhtml HTTP/1.1" 200 3757
181.237.2.3 - - [29/Dec/2023:08:46:29 -0500] "GET /appsia/controlador HTTP/1.1" 200 4799
156.59.198.136 - - [29/Dec/2023:08:46:30 -0500] "GET /BLA/resoluciones/Notificaciones/AUTOS%202021/2787.pdf HTTP/1.0" 200 380053
191.95.31.119 - - [29/Dec/2023:08:46:29 -0500] "POST /sipse/faces/presentacion/financiero/solicitudAnulacion/registrarSolicitudAnulacion.xhtml HTTP/1.1" 200 38116
191.95.31.119 - - [29/Dec/2023:08:46:30 -0500] "GET /sipse/faces/javax.faces.resource/layout/layout.css?ln=primefaces&v=4.0 HTTP/1.1" 304 -
191.95.31.119 - - [29/Dec/2023:08:46:30 -0500] "GET /sipse/faces/javax.faces.resource/primefaces.css?ln=primefaces&v=4.0 HTTP/1.1" 304 -
191.95.31.119 - - [29/Dec/2023:08:46:30 -0500] "GET /sipse/faces/javax.faces.resource/theme.css?ln=primefaces-sipse HTTP/1.1" 304 -
191.95.31.119 - - [29/Dec/2023:08:46:30 -0500] "GET /sipse/faces/javax.faces.resource/jquery/jquery.js?ln=primefaces&v=4.0 HTTP/1.1" 304 -
191.95.31.119 - - [29/Dec/2023:08:46:30 -0500] "GET /sipse/faces/javax.faces.resource/jquery/jquery-plugins.js?ln=primefaces&v=4.0 HTTP/1.1" 304 -
191.95.31.119 - - [29/Dec/2023:08:46:30 -0500] "GET /sipse/faces/javax.faces.resource/primefaces.js?ln=primefaces&v=4.0 HTTP/1.1" 304 -
191.95.31.119 - - [29/Dec/2023:08:46:31 -0500] "GET /sipse/faces/javax.faces.resource/layout/layout.js?ln=primefaces&v=4.0 HTTP/1.1" 304 -
191.95.31.119 - - [29/Dec/2023:08:46:31 -0500] "POST /sipse/faces/presentacion/financiero/solicitudAnulacion/solicitudAnulacion.xhtml HTTP/1.1" 200 19359
191.95.31.119 - - [29/Dec/2023:08:46:35 -0500] "POST /sipse/faces/presentacion/financiero/solicitudAnulacion/solicitudAnulacion.xhtml HTTP/1.1" 200 36186
191.95.31.119 - - [29/Dec/2023:08:46:35 -0500] "GET /sipse/faces/javax.faces.resource/theme.css?ln=primefaces-sipse HTTP/1.1" 304 -
191.95.31.119 - - [29/Dec/2023:08:46:35 -0500] "GET /sipse/faces/javax.faces.resource/jquery/jquery.js?ln=primefaces&v=4.0 HTTP/1.1" 304 -
191.95.31.119 - - [29/Dec/2023:08:46:35 -0500] "GET /sipse/faces/javax.faces.resource/layout/layout.css?ln=primefaces&v=4.0 HTTP/1.1" 304 -
191.95.31.119 - - [29/Dec/2023:08:46:35 -0500] "GET /sipse/faces/javax.faces.resource/fileupload/fileupload.css?ln=primefaces&v=4.0 HTTP/1.1" 304 -
191.95.31.119 - - [29/Dec/2023:08:46:35 -0500] "GET /sipse/faces/javax.faces.resource/primefaces.css?ln=primefaces&v=4.0 HTTP/1.1" 304 -
191.95.31.119 - - [29/Dec/2023:08:46:35 -0500] "GET /sipse/faces/javax.faces.resource/jquery/jquery-plugins.js?ln=primefaces&v=4.0 HTTP/1.1" 304 -
191.95.31.119 - - [29/Dec/2023:08:46:35 -0500] "GET /sipse/faces/javax.faces.resource/primefaces.js?ln=primefaces&v=4.0 HTTP/1.1" 304 -
191.95.31.119 - - [29/Dec/2023:08:46:35 -0500] "GET /sipse/faces/javax.faces.resource/layout/layout.js?ln=primefaces&v=4.0 HTTP/1.1" 304 -
191.95.31.119 - - [29/Dec/2023:08:46:36 -0500] "GET /sipse/faces/javax.faces.resource/fileupload/fileupload.js?ln=primefaces&v=4.0 HTTP/1.1" 304 -
156.59.198.135 - - [29/Dec/2023:08:46:54 -0500] "GET /BLA/resoluciones/Notificaciones/AUTOS%202017/01106.doc HTTP/1.0" 200 287144
156.59.198.136 - - [29/Dec/2023:08:47:19 -0500] "GET /BLA/resoluciones/Notificaciones/AUTOS%202017/01591.pdf HTTP/1.0" 200 321245
201.245.192.253 - - [29/Dec/2023:08:47:20 -0500] "GET /appsia/controlador HTTP/1.1" 200 4799
201.245.192.253 - - [29/Dec/2023:08:47:20 -0500] "GET /appsia/css/estilos.css HTTP/1.1" 200 4804
201.245.192.253 - - [29/Dec/2023:08:47:20 -0500] "GET /appsia/scripts/validarIngreso.js HTTP/1.1" 200 851
201.245.192.253 - - [29/Dec/2023:08:47:20 -0500] "GET /appsia/images/logo_bogota_p.png HTTP/1.1" 200 14951
201.245.192.253 - - [29/Dec/2023:08:47:20 -0500] "GET /appsia/images/cabezoteHojaVida.png HTTP/1.1" 200 32493
201.245.192.253 - - [29/Dec/2023:08:47:20 -0500] "GET /favicon.ico HTTP/1.1" 200 7782
201.245.192.253 - - [29/Dec/2023:08:47:30 -0500] "POST /appsia/controlador HTTP/1.1" 200 5437
201.245.192.253 - - [29/Dec/2023:08:47:32 -0500] "POST /appsia/controlador HTTP/1.1" 200 7732
201.245.192.253 - - [29/Dec/2023:08:47:32 -0500] "GET /appsia/images/logo_escudo.png HTTP/1.1" 200 36965
156.59.198.135 - - [29/Dec/2023:08:47:43 -0500] "GET /BLA/resoluciones/Notificaciones/AUTOS%202019/04551.pdf HTTP/1.0" 200 342407
156.59.198.135 - - [29/Dec/2023:08:48:07 -0500] "GET /BLA/resoluciones/Notificaciones/AUTOS%202021/6038.pdf HTTP/1.0" 200 361847
156.59.198.136 - - [29/Dec/2023:08:48:31 -0500] "GET /BLA/resoluciones/Notificaciones/AUTOS%202017/01754.pdf HTTP/1.0" 200 286725
52.167.144.176 - - [29/Dec/2023:08:48:37 -0500] "GET /BLA/resoluciones/RESOLUCIONES%202023/1965.pdf HTTP/1.1" 200 1034032
172.22.2.4 - - [29/Dec/2023:08:46:58 -0500] "GET /BLA/boletinlegal/ HTTP/1.1" 200 56085
200.118.145.132 - - [29/Dec/2023:08:48:43 -0500] "GET /sipse/faces/autenticacion.xhtml HTTP/1.1" 200 12415
200.118.145.132 - - [29/Dec/2023:08:48:44 -0500] "GET /sipse/js/disable_browser_buttons.js HTTP/1.1" 304 -
200.118.145.132 - - [29/Dec/2023:08:48:44 -0500] "GET /sipse/css/custom_css_sg_prime_login.css HTTP/1.1" 304 -
200.118.145.132 - - [29/Dec/2023:08:48:44 -0500] "GET /sipse/css/custom_css_sg.css HTTP/1.1" 304 -
200.118.145.132 - - [29/Dec/2023:08:48:44 -0500] "GET /sipse/js/funciones.js HTTP/1.1" 304 -
200.118.145.132 - - [29/Dec/2023:08:48:44 -0500] "GET /sipse/faces/javax.faces.resource/primefaces.css?ln=primefaces&v=4.0 HTTP/1.1" 304 -
200.118.145.132 - - [29/Dec/2023:08:48:44 -0500] "GET /sipse/faces/javax.faces.resource/jquery/jquery-plugins.js?ln=primefaces&v=4.0 HTTP/1.1" 304 -
200.118.145.132 - - [29/Dec/2023:08:48:44 -0500] "GET /sipse/faces/javax.faces.resource/theme.css?ln=primefaces-sipse HTTP/1.1" 304 -
200.118.145.132 - - [29/Dec/2023:08:48:44 -0500] "GET /sipse/faces/javax.faces.resource/layout/layout.css?ln=primefaces&v=4.0 HTTP/1.1" 304 -
200.118.145.132 - - [29/Dec/2023:08:48:44 -0500] "GET /sipse/faces/javax.faces.resource/layout/layout.js?ln=primefaces&v=4.0 HTTP/1.1" 304 -
200.118.145.132 - - [29/Dec/2023:08:48:44 -0500] "GET /sipse/faces/javax.faces.resource/primefaces.js?ln=primefaces&v=4.0 HTTP/1.1" 304 -
200.118.145.132 - - [29/Dec/2023:08:48:44 -0500] "GET /sipse/faces/javax.faces.resource/jquery/jquery.js?ln=primefaces&v=4.0 HTTP/1.1" 304 -
200.118.145.132 - - [29/Dec/2023:08:48:44 -0500] "GET /sipse/css/imagen/logoSDG.png HTTP/1.1" 304 -
200.118.145.132 - - [29/Dec/2023:08:48:44 -0500] "GET /sipse/css/imagen/loginimg.png HTTP/1.1" 304 -
200.118.145.132 - - [29/Dec/2023:08:48:44 -0500] "GET /sipse/faces/javax.faces.resource/images/ui-icons_898989_256x240.png?ln=primefaces-aristo HTTP/1.1" 304 -
200.118.145.132 - - [29/Dec/2023:08:48:44 -0500] "GET /sipse/faces/index.xhtml HTTP/1.1" 200 677
200.118.145.132 - - [29/Dec/2023:08:48:44 -0500] "GET /sipse/faces/javax.faces.resource/theme.css?ln=primefaces-sipse HTTP/1.1" 304 -
200.118.145.132 - - [29/Dec/2023:08:48:44 -0500] "GET /sipse/faces/faces/autenticacion.xhtml HTTP/1.1" 200 12415
200.118.145.132 - - [29/Dec/2023:08:48:45 -0500] "GET /sipse/faces/javax.faces.resource/primefaces.css?ln=primefaces&v=4.0 HTTP/1.1" 304 -
200.118.145.132 - - [29/Dec/2023:08:48:45 -0500] "GET /sipse/faces/javax.faces.resource/theme.css?ln=primefaces-sipse HTTP/1.1" 304 -
200.118.145.132 - - [29/Dec/2023:08:48:45 -0500] "GET /sipse/faces/javax.faces.resource/layout/layout.css?ln=primefaces&v=4.0 HTTP/1.1" 304 -
200.118.145.132 - - [29/Dec/2023:08:48:45 -0500] "GET /sipse/faces/javax.faces.resource/jquery/jquery.js?ln=primefaces&v=4.0 HTTP/1.1" 304 -
200.118.145.132 - - [29/Dec/2023:08:48:45 -0500] "GET /sipse/faces/javax.faces.resource/jquery/jquery-plugins.js?ln=primefaces&v=4.0 HTTP/1.1" 304 -
200.118.145.132 - - [29/Dec/2023:08:48:45 -0500] "GET /sipse/faces/javax.faces.resource/primefaces.js?ln=primefaces&v=4.0 HTTP/1.1" 304 -
200.118.145.132 - - [29/Dec/2023:08:48:45 -0500] "GET /sipse/faces/javax.faces.resource/layout/layout.js?ln=primefaces&v=4.0 HTTP/1.1" 304 -
200.118.145.132 - - [29/Dec/2023:08:48:55 -0500] "POST /sipse/faces/autenticacion.xhtml HTTP/1.1" 200 2224
200.118.145.132 - - [29/Dec/2023:08:48:55 -0500] "GET /sipse/faces/javax.faces.resource/messages/messages.png?ln=primefaces&v=4.0 HTTP/1.1" 304 -
156.59.198.135 - - [29/Dec/2023:08:48:56 -0500] "GET /BLA/resoluciones/Notificaciones/AUTOS%202021/3558.pdf HTTP/1.0" 200 318653
200.118.145.132 - - [29/Dec/2023:08:48:56 -0500] "GET /sipse/faces/javax.faces.resource/images/ui-icons_898989_256x240.png?ln=primefaces-aristo HTTP/1.1" 304 -
200.118.145.132 - - [29/Dec/2023:08:48:57 -0500] "POST /sipse/faces/autenticacion.xhtml HTTP/1.1" 200 16475
200.118.145.132 - - [29/Dec/2023:08:48:57 -0500] "GET /sipse/faces/javax.faces.resource/theme.css?ln=primefaces-sipse HTTP/1.1" 304 -
200.118.145.132 - - [29/Dec/2023:08:48:57 -0500] "GET /sipse/faces/javax.faces.resource/primefaces.css?ln=primefaces&v=4.0 HTTP/1.1" 304 -
200.118.145.132 - - [29/Dec/2023:08:48:57 -0500] "GET /sipse/faces/javax.faces.resource/layout/layout.css?ln=primefaces&v=4.0 HTTP/1.1" 304 -
200.118.145.132 - - [29/Dec/2023:08:48:57 -0500] "GET /sipse/css/custom_css_sg_prime.css HTTP/1.1" 304 -
200.118.145.132 - - [29/Dec/2023:08:48:57 -0500] "GET /sipse/js/jquery.min.js HTTP/1.1" 304 -
200.118.145.132 - - [29/Dec/2023:08:48:57 -0500] "GET /sipse/faces/javax.faces.resource/jquery/jquery.js?ln=primefaces&v=4.0 HTTP/1.1" 304 -
200.118.145.132 - - [29/Dec/2023:08:48:57 -0500] "GET /sipse/faces/javax.faces.resource/jquery/jquery-plugins.js?ln=primefaces&v=4.0 HTTP/1.1" 304 -
200.118.145.132 - - [29/Dec/2023:08:48:58 -0500] "GET /sipse/faces/javax.faces.resource/primefaces.js?ln=primefaces&v=4.0 HTTP/1.1" 304 -
200.118.145.132 - - [29/Dec/2023:08:48:58 -0500] "GET /sipse/faces/javax.faces.resource/layout/layout.js?ln=primefaces&v=4.0 HTTP/1.1" 304 -
200.118.145.132 - - [29/Dec/2023:08:48:58 -0500] "GET /sipse/css/v_mergente.css HTTP/1.1" 304 -
200.118.145.132 - - [29/Dec/2023:08:48:58 -0500] "GET /sipse/css/imagen/contrasena.png HTTP/1.1" 404 383
200.118.145.132 - - [29/Dec/2023:08:48:58 -0500] "GET /sipse/imagenes/cargando.gif HTTP/1.1" 304 -
200.118.145.132 - - [29/Dec/2023:08:48:58 -0500] "GET /sipse/imagenes/logoAplicacion.jpg HTTP/1.1" 304 -
172.22.2.4 - - [29/Dec/2023:08:47:32 -0500] "HEAD /BLA/boletinlegal/ HTTP/1.1" 200 -
172.22.2.4 - - [29/Dec/2023:08:49:12 -0500] "GET /BLA/boletinlegal/style.css HTTP/1.1" 200 9406
172.22.2.4 - - [29/Dec/2023:08:49:12 -0500] "GET /BLA/boletinlegal/styles2.css HTTP/1.1" 200 1838
172.22.2.4 - - [29/Dec/2023:08:49:12 -0500] "GET /BLA/boletinlegal/js/jquery.js HTTP/1.1" 200 57254
172.22.2.4 - - [29/Dec/2023:08:49:12 -0500] "GET /BLA/boletinlegal/js/jquery.scrollTo-min.js HTTP/1.1" 200 1150
172.22.2.4 - - [29/Dec/2023:08:49:12 -0500] "GET /BLA/boletinlegal/js/jquery.scrollShow.js HTTP/1.1" 200 4586
172.22.2.4 - - [29/Dec/2023:08:49:12 -0500] "GET /BLA/boletinlegal/images/cabezote%20BLEGAL.jpg HTTP/1.1" 200 118164
172.22.2.4 - - [29/Dec/2023:08:49:12 -0500] "GET /BLA/boletinlegal/images/screen_1.png HTTP/1.1" 200 202547
172.22.2.4 - - [29/Dec/2023:08:49:12 -0500] "GET /BLA/boletinlegal/images/subscribe-icon-big.png HTTP/1.1" 200 47702
172.22.2.4 - - [29/Dec/2023:08:49:12 -0500] "GET /BLA/boletinlegal/images/historia.png HTTP/1.1" 200 52775
172.22.2.4 - - [29/Dec/2023:08:49:12 -0500] "GET /BLA/boletinlegal/images/registro-usuarios.png HTTP/1.1" 200 8106
172.22.2.4 - - [29/Dec/2023:08:49:12 -0500] "GET /BLA/boletinlegal/images/body_bg.jpg HTTP/1.1" 200 1601
172.22.2.4 - - [29/Dec/2023:08:49:12 -0500] "GET /BLA/boletinlegal/images/menu_lft.gif HTTP/1.1" 200 1713
172.22.2.4 - - [29/Dec/2023:08:49:12 -0500] "GET /BLA/boletinlegal/images/menu_rght.gif HTTP/1.1" 200 1627
172.22.2.4 - - [29/Dec/2023:08:49:12 -0500] "GET /BLA/boletinlegal/images/bg_top.jpg HTTP/1.1" 200 522
172.22.2.4 - - [29/Dec/2023:08:49:12 -0500] "GET /BLA/boletinlegal/images/menu_bg.jpg HTTP/1.1" 200 620
172.22.2.4 - - [29/Dec/2023:08:49:12 -0500] "GET /BLA/boletinlegal/images/text.jpg HTTP/1.1" 200 568
172.22.2.4 - - [29/Dec/2023:08:49:12 -0500] "GET /BLA/boletinlegal/images/launch.jpg HTTP/1.1" 200 14577
172.22.2.4 - - [29/Dec/2023:08:49:12 -0500] "GET /BLA/boletinlegal/images/hover.jpg HTTP/1.1" 200 640
172.22.2.4 - - [29/Dec/2023:08:49:12 -0500] "GET /BLA/boletinlegal/images/arr_l.jpg HTTP/1.1" 200 1979
172.22.2.4 - - [29/Dec/2023:08:49:15 -0500] "GET /BLA/boletinlegal/normativa.php HTTP/1.1" 200 8343
172.22.2.4 - - [29/Dec/2023:08:49:15 -0500] "GET /BLA/boletinlegal/js/ajax_normativa.js HTTP/1.1" 200 1154
172.22.2.4 - - [29/Dec/2023:08:49:15 -0500] "GET /BLA/boletinlegal/niceforms.js HTTP/1.1" 200 22876
172.22.2.4 - - [29/Dec/2023:08:49:15 -0500] "GET /BLA/boletinlegal/niceforms-default.css HTTP/1.1" 200 6694
172.22.2.4 - - [29/Dec/2023:08:49:15 -0500] "GET /BLA/boletinlegal/images/tel.png HTTP/1.1" 200 14477
172.22.2.4 - - [29/Dec/2023:08:49:15 -0500] "GET /BLA/boletinlegal/images/footer_bg.jpg HTTP/1.1" 200 586
172.22.2.4 - - [29/Dec/2023:08:49:15 -0500] "GET /BLA/boletinlegal/images/icono-email.png HTTP/1.1" 200 5544
172.22.2.4 - - [29/Dec/2023:08:49:15 -0500] "GET /BLA/boletinlegal/images/footer_bg_l.jpg HTTP/1.1" 200 776
172.22.2.4 - - [29/Dec/2023:08:49:16 -0500] "GET /BLA/boletinlegal/img/0.png HTTP/1.1" 200 110
172.22.2.4 - - [29/Dec/2023:08:49:16 -0500] "GET /BLA/boletinlegal/img/select-left.png HTTP/1.1" 200 263
172.22.2.4 - - [29/Dec/2023:08:49:16 -0500] "GET /BLA/boletinlegal/img/button-left.png HTTP/1.1" 200 57071
172.22.2.4 - - [29/Dec/2023:08:49:16 -0500] "GET /BLA/boletinlegal/img/select-right.png HTTP/1.1" 200 44019
172.22.2.4 - - [29/Dec/2023:08:49:16 -0500] "GET /BLA/boletinlegal/img/button.png HTTP/1.1" 200 43241
172.22.2.4 - - [29/Dec/2023:08:49:16 -0500] "GET /BLA/boletinlegal/img/button-right.png HTTP/1.1" 200 57878
172.22.2.4 - - [29/Dec/2023:08:49:16 -0500] "GET /BLA/boletinlegal/favicon.ico HTTP/1.1" 404 1334
52.167.144.176 - - [29/Dec/2023:08:49:16 -0500] "GET /Publicaciones/2023EE202214.pdf HTTP/1.1" 404 228
156.59.198.136 - - [29/Dec/2023:08:49:21 -0500] "GET /BLA/resoluciones/Notificaciones/AUTOS%202017/05226.pdf HTTP/1.0" 200 404042
172.22.2.4 - - [29/Dec/2023:08:49:24 -0500] "GET /BLA/boletinlegal/consulta_normativa.php?tipo=&sector=Aire&ano=2022&resuelve= HTTP/1.1" 200 454
200.118.145.132 - - [29/Dec/2023:08:49:26 -0500] "POST /sipse/faces/bienvenido.xhtml HTTP/1.1" 200 2658
200.118.145.132 - - [29/Dec/2023:08:49:26 -0500] "GET /sipse/faces/javax.faces.resource/images/ui-bg_flat_0_2d5972_40x100.png?ln=primefaces-aristo HTTP/1.1" 304 -
200.118.145.132 - - [29/Dec/2023:08:49:27 -0500] "POST /sipse/faces/bienvenido.xhtml HTTP/1.1" 200 65683
200.118.145.132 - - [29/Dec/2023:08:49:29 -0500] "GET /sipse/faces/javax.faces.resource/primefaces.css?ln=primefaces&v=4.0 HTTP/1.1" 304 -
200.118.145.132 - - [29/Dec/2023:08:49:29 -0500] "GET /sipse/faces/javax.faces.resource/theme.css?ln=primefaces-sipse HTTP/1.1" 304 -
200.118.145.132 - - [29/Dec/2023:08:49:29 -0500] "GET /sipse/faces/javax.faces.resource/layout/layout.css?ln=primefaces&v=4.0 HTTP/1.1" 304 -
200.118.145.132 - - [29/Dec/2023:08:49:29 -0500] "GET /sipse/faces/javax.faces.resource/jquery/jquery.js?ln=primefaces&v=4.0 HTTP/1.1" 304 -
200.118.145.132 - - [29/Dec/2023:08:49:29 -0500] "GET /sipse/faces/javax.faces.resource/jquery/jquery-plugins.js?ln=primefaces&v=4.0 HTTP/1.1" 304 -
200.118.145.132 - - [29/Dec/2023:08:49:29 -0500] "GET /sipse/faces/javax.faces.resource/primefaces.js?ln=primefaces&v=4.0 HTTP/1.1" 304 -
200.118.145.132 - - [29/Dec/2023:08:49:30 -0500] "GET /sipse/faces/javax.faces.resource/layout/layout.js?ln=primefaces&v=4.0 HTTP/1.1" 304 -
172.22.2.4 - - [29/Dec/2023:08:49:29 -0500] "GET /BLA/boletinlegal/consulta_normativa.php?tipo=&sector=competencia-estructura&ano=2022&resuelve= HTTP/1.1" 200 454
200.118.145.132 - - [29/Dec/2023:08:49:30 -0500] "POST /sipse/faces/presentacion/financiero/solicitudProceso/listarSolicitudProceso.xhtml HTTP/1.1" 200 1564
172.22.2.4 - - [29/Dec/2023:08:49:31 -0500] "GET /BLA/boletinlegal/consulta_normativa.php?tipo=&sector=competencia-estructura&ano=2022&resuelve= HTTP/1.1" 200 454
172.22.2.4 - - [29/Dec/2023:08:49:32 -0500] "GET /BLA/boletinlegal/consulta_normativa.php?tipo=&sector=competencia-estructura&ano=2022&resuelve= HTTP/1.1" 200 454
172.22.2.4 - - [29/Dec/2023:08:49:32 -0500] "GET /BLA/boletinlegal/consulta_normativa.php?tipo=&sector=competencia-estructura&ano=2022&resuelve= HTTP/1.1" 200 454
172.22.2.4 - - [29/Dec/2023:08:49:34 -0500] "GET /BLA/boletinlegal/consulta_normativa.php?tipo=&sector=concesion&ano=2022&resuelve= HTTP/1.1" 200 454
200.118.145.132 - - [29/Dec/2023:08:49:34 -0500] "POST /sipse/faces/presentacion/financiero/solicitudProceso/listarSolicitudProceso.xhtml HTTP/1.1" 200 18313
172.22.2.4 - - [29/Dec/2023:08:49:36 -0500] "GET /BLA/boletinlegal/consulta_normativa.php?tipo=&sector=emisiones&ano=2022&resuelve= HTTP/1.1" 200 454
172.22.2.4 - - [29/Dec/2023:08:49:38 -0500] "GET /BLA/boletinlegal/consulta_normativa.php?tipo=&sector=fauna&ano=2022&resuelve= HTTP/1.1" 200 454
200.118.145.132 - - [29/Dec/2023:08:49:39 -0500] "POST /sipse/faces/presentacion/financiero/solicitudProceso/listarSolicitudProceso.xhtml HTTP/1.1" 200 118775
200.118.145.132 - - [29/Dec/2023:08:49:40 -0500] "GET /sipse/faces/javax.faces.resource/theme.css?ln=primefaces-sipse HTTP/1.1" 304 -
200.118.145.132 - - [29/Dec/2023:08:49:40 -0500] "GET /sipse/faces/javax.faces.resource/primefaces.css?ln=primefaces&v=4.0 HTTP/1.1" 304 -
200.118.145.132 - - [29/Dec/2023:08:49:40 -0500] "GET /sipse/faces/javax.faces.resource/layout/layout.css?ln=primefaces&v=4.0 HTTP/1.1" 304 -
200.118.145.132 - - [29/Dec/2023:08:49:40 -0500] "GET /sipse/faces/javax.faces.resource/jquery/jquery.js?ln=primefaces&v=4.0 HTTP/1.1" 304 -
200.118.145.132 - - [29/Dec/2023:08:49:40 -0500] "GET /sipse/faces/javax.faces.resource/jquery/jquery-plugins.js?ln=primefaces&v=4.0 HTTP/1.1" 304 -
200.118.145.132 - - [29/Dec/2023:08:49:40 -0500] "GET /sipse/faces/javax.faces.resource/primefaces.js?ln=primefaces&v=4.0 HTTP/1.1" 304 -
200.118.145.132 - - [29/Dec/2023:08:49:40 -0500] "GET /sipse/faces/javax.faces.resource/layout/layout.js?ln=primefaces&v=4.0 HTTP/1.1" 304 -
172.22.2.4 - - [29/Dec/2023:08:49:41 -0500] "GET /BLA/boletinlegal/consulta_normativa.php?tipo=&sector=hidrocarburos&ano=2022&resuelve= HTTP/1.1" 200 454
172.22.2.4 - - [29/Dec/2023:08:49:41 -0500] "GET /BLA/boletinlegal/consulta_normativa.php?tipo=&sector=hidrocarburos&ano=2022&resuelve= HTTP/1.1" 200 454
156.59.198.136 - - [29/Dec/2023:08:49:45 -0500] "GET /BLA/resoluciones/Notificaciones/AUTOS%202017/04035.pdf HTTP/1.0" 200 272630
200.118.145.132 - - [29/Dec/2023:08:49:48 -0500] "POST /sipse/faces/presentacion/financiero/solicitudProceso/consultarSolicitudProceso.xhtml HTTP/1.1" 200 40183
200.118.145.132 - - [29/Dec/2023:08:49:48 -0500] "GET /sipse/faces/javax.faces.resource/theme.css?ln=primefaces-sipse HTTP/1.1" 304 -
200.118.145.132 - - [29/Dec/2023:08:49:48 -0500] "GET /sipse/faces/javax.faces.resource/primefaces.css?ln=primefaces&v=4.0 HTTP/1.1" 304 -
200.118.145.132 - - [29/Dec/2023:08:49:48 -0500] "GET /sipse/faces/javax.faces.resource/layout/layout.css?ln=primefaces&v=4.0 HTTP/1.1" 304 -
200.118.145.132 - - [29/Dec/2023:08:49:48 -0500] "GET /sipse/faces/javax.faces.resource/primefaces.js?ln=primefaces&v=4.0 HTTP/1.1" 304 -
200.118.145.132 - - [29/Dec/2023:08:49:48 -0500] "GET /sipse/faces/javax.faces.resource/jquery/jquery.js?ln=primefaces&v=4.0 HTTP/1.1" 304 -
200.118.145.132 - - [29/Dec/2023:08:49:48 -0500] "GET /sipse/faces/javax.faces.resource/jquery/jquery-plugins.js?ln=primefaces&v=4.0 HTTP/1.1" 304 -
200.118.145.132 - - [29/Dec/2023:08:49:48 -0500] "GET /sipse/faces/javax.faces.resource/layout/layout.js?ln=primefaces&v=4.0 HTTP/1.1" 304 -
172.22.2.4 - - [29/Dec/2023:08:49:12 -0500] "GET /BLA/boletinlegal/ HTTP/1.1" 200 24523
172.22.2.4 - - [29/Dec/2023:08:48:22 -0500] "GET /BLA/boletinlegal/ HTTP/1.1" 200 53513
156.59.198.136 - - [29/Dec/2023:08:50:09 -0500] "GET /BLA/resoluciones/Notificaciones/AUTOS%202017/01150.pdf HTTP/1.0" 200 283431
172.22.2.4 - - [29/Dec/2023:08:49:43 -0500] "GET /BLA/boletinlegal/ HTTP/1.1" 200 24523
156.59.198.136 - - [29/Dec/2023:08:50:34 -0500] "GET /BLA/resoluciones/Notificaciones/AUTOS%202019/0835.pdf HTTP/1.0" 200 317571
156.59.198.136 - - [29/Dec/2023:08:50:58 -0500] "GET /BLA/resoluciones/Notificaciones/AUTOS%202019/4801.pdf HTTP/1.0" 200 648377
216.245.221.92 - - [29/Dec/2023:08:51:06 -0500] "HEAD / HTTP/1.1" 200 -
201.245.192.253 - - [29/Dec/2023:08:51:14 -0500] "POST /kwsrmcab/Wsrmcab  HTTP/1.1" 200 36178
156.59.198.135 - - [29/Dec/2023:08:51:22 -0500] "GET /BLA/resoluciones/Notificaciones/AUTOS%202021/2368.pdf HTTP/1.0" 200 337009
156.59.198.135 - - [29/Dec/2023:08:51:47 -0500] "GET /BLA/resoluciones/Notificaciones/AUTOS%202021/0966.pdf HTTP/1.0" 200 357752
156.59.198.136 - - [29/Dec/2023:08:52:11 -0500] "GET /BLA/resoluciones/Notificaciones/AUTOS%202021/2451.pdf HTTP/1.0" 200 314944
156.59.198.136 - - [29/Dec/2023:08:52:35 -0500] "GET /BLA/resoluciones/Notificaciones/AUTOS%202017/1161.pdf HTTP/1.0" 200 287468
116.203.250.97 - - [29/Dec/2023:08:52:58 -0500] "GET / HTTP/1.1" 200 4720
116.203.250.97 - - [29/Dec/2023:08:52:58 -0500] "GET / HTTP/1.1" 200 319
156.59.198.136 - - [29/Dec/2023:08:52:59 -0500] "GET /BLA/resoluciones/Notificaciones/AUTOS%202019/2531.pdf HTTP/1.0" 200 476806
52.167.144.176 - - [29/Dec/2023:08:53:00 -0500] "GET /BLA/resoluciones/RESOLUCIONES%202021/5620.pdf HTTP/1.1" 200 470741
156.59.198.136 - - [29/Dec/2023:08:53:24 -0500] "GET /BLA/resoluciones/Notificaciones/AUTOS%202017/02318.pdf HTTP/1.0" 200 319456
156.59.198.135 - - [29/Dec/2023:08:53:48 -0500] "GET /BLA/resoluciones/Notificaciones/AUTOS%202019/1864.pdf HTTP/1.0" 200 303702
156.59.198.135 - - [29/Dec/2023:08:54:14 -0500] "GET /BLA/resoluciones/Notificaciones/AUTOS%202017/5054.pdf HTTP/1.0" 200 289063
156.59.198.135 - - [29/Dec/2023:08:54:37 -0500] "GET /BLA/resoluciones/Notificaciones/AUTOS%202017/03322.pdf HTTP/1.0" 200 316537
200.118.145.132 - - [29/Dec/2023:08:54:50 -0500] "GET /sipse/faces/javax.faces.resource/theme.css?ln=primefaces-sipse HTTP/1.1" 304 -
200.118.145.132 - - [29/Dec/2023:08:54:50 -0500] "GET /sipse/faces/javax.faces.resource/primefaces.css?ln=primefaces&v=4.0 HTTP/1.1" 304 -
200.118.145.132 - - [29/Dec/2023:08:54:50 -0500] "GET /sipse/faces/javax.faces.resource/jquery/jquery-plugins.js?ln=primefaces&v=4.0 HTTP/1.1" 304 -
200.118.145.132 - - [29/Dec/2023:08:54:50 -0500] "GET /sipse/faces/javax.faces.resource/layout/layout.css?ln=primefaces&v=4.0 HTTP/1.1" 304 -
200.118.145.132 - - [29/Dec/2023:08:54:50 -0500] "GET /sipse/faces/javax.faces.resource/jquery/jquery.js?ln=primefaces&v=4.0 HTTP/1.1" 304 -
200.118.145.132 - - [29/Dec/2023:08:54:50 -0500] "GET /sipse/faces/javax.faces.resource/primefaces.js?ln=primefaces&v=4.0 HTTP/1.1" 304 -
200.118.145.132 - - [29/Dec/2023:08:54:50 -0500] "GET /sipse/faces/javax.faces.resource/layout/layout.js?ln=primefaces&v=4.0 HTTP/1.1" 304 -
200.118.145.132 - - [29/Dec/2023:08:54:50 -0500] "GET /sipse/faces/javax.faces.resource/images/ui-icons_898989_256x240.png?ln=primefaces-aristo HTTP/1.1" 304 -
200.118.145.132 - - [29/Dec/2023:08:54:50 -0500] "GET /sipse/css/imagen/contrasena.png HTTP/1.1" 404 383
200.118.145.132 - - [29/Dec/2023:08:54:49 -0500] "POST /sipse/faces/presentacion/financiero/solicitudProceso/consultarHistorialSolProceso.xhtml HTTP/1.1" 200 163705
156.59.198.136 - - [29/Dec/2023:08:55:02 -0500] "GET /BLA/resoluciones/Notificaciones/AUTOS%202021/3742.pdf HTTP/1.0" 200 352508
172.22.2.4 - - [29/Dec/2023:08:53:22 -0500] "HEAD /BLA/boletinlegal/ HTTP/1.1" 200 -
66.249.66.20 - - [29/Dec/2023:08:55:22 -0500] "GET /silvicultura/1.pdf HTTP/1.1" 200 334952
156.59.198.136 - - [29/Dec/2023:08:55:26 -0500] "GET /BLA/resoluciones/Notificaciones/AUTOS%202019/4321.pdf HTTP/1.0" 200 242526
190.66.241.120 - - [29/Dec/2023:08:55:50 -0500] "GET /sipse/faces/faces/index.xhtml HTTP/1.1" 200 677
190.66.241.120 - - [29/Dec/2023:08:55:50 -0500] "GET /sipse/faces/javax.faces.resource/theme.css?ln=primefaces-sipse HTTP/1.1" 304 -
156.59.198.136 - - [29/Dec/2023:08:55:50 -0500] "GET /BLA/resoluciones/Notificaciones/AUTOS%202021/0921.pdf HTTP/1.0" 200 363637
190.66.241.120 - - [29/Dec/2023:08:55:50 -0500] "GET /sipse/faces/faces/faces/autenticacion.xhtml HTTP/1.1" 200 12415
190.66.241.120 - - [29/Dec/2023:08:55:51 -0500] "GET /sipse/js/disable_browser_buttons.js HTTP/1.1" 304 -
190.66.241.120 - - [29/Dec/2023:08:55:51 -0500] "GET /sipse/js/funciones.js HTTP/1.1" 304 -
190.66.241.120 - - [29/Dec/2023:08:55:51 -0500] "GET /sipse/css/custom_css_sg.css HTTP/1.1" 304 -
190.66.241.120 - - [29/Dec/2023:08:55:51 -0500] "GET /sipse/css/custom_css_sg_prime_login.css HTTP/1.1" 304 -
190.66.241.120 - - [29/Dec/2023:08:55:51 -0500] "GET /sipse/faces/javax.faces.resource/theme.css?ln=primefaces-sipse HTTP/1.1" 304 -
190.66.241.120 - - [29/Dec/2023:08:55:51 -0500] "GET /sipse/faces/javax.faces.resource/layout/layout.css?ln=primefaces&v=4.0 HTTP/1.1" 304 -
190.66.241.120 - - [29/Dec/2023:08:55:51 -0500] "GET /sipse/faces/javax.faces.resource/jquery/jquery.js?ln=primefaces&v=4.0 HTTP/1.1" 304 -
190.66.241.120 - - [29/Dec/2023:08:55:51 -0500] "GET /sipse/faces/javax.faces.resource/primefaces.css?ln=primefaces&v=4.0 HTTP/1.1" 304 -
190.66.241.120 - - [29/Dec/2023:08:55:51 -0500] "GET /sipse/faces/javax.faces.resource/jquery/jquery-plugins.js?ln=primefaces&v=4.0 HTTP/1.1" 304 -
190.66.241.120 - - [29/Dec/2023:08:55:51 -0500] "GET /sipse/faces/javax.faces.resource/primefaces.js?ln=primefaces&v=4.0 HTTP/1.1" 304 -
190.66.241.120 - - [29/Dec/2023:08:55:51 -0500] "GET /sipse/faces/javax.faces.resource/layout/layout.js?ln=primefaces&v=4.0 HTTP/1.1" 304 -
190.66.241.120 - - [29/Dec/2023:08:55:51 -0500] "GET /sipse/css/imagen/logoSDG.png HTTP/1.1" 304 -
190.66.241.120 - - [29/Dec/2023:08:55:51 -0500] "GET /sipse/css/imagen/loginimg.png HTTP/1.1" 304 -
190.66.241.120 - - [29/Dec/2023:08:55:51 -0500] "GET /sipse/faces/javax.faces.resource/images/ui-icons_898989_256x240.png?ln=primefaces-aristo HTTP/1.1" 304 -
172.22.2.4 - - [29/Dec/2023:08:54:12 -0500] "GET /BLA/boletinlegal/ HTTP/1.1" 200 58567
216.245.221.92 - - [29/Dec/2023:08:56:06 -0500] "HEAD / HTTP/1.1" 200 -
156.59.198.135 - - [29/Dec/2023:08:56:14 -0500] "GET /BLA/resoluciones/Notificaciones/AUTOS%202017/04172.pdf HTTP/1.0" 200 262920
201.245.192.253 - - [29/Dec/2023:08:56:13 -0500] "POST /kwsrmcab/Wsrmcab  HTTP/1.1" 200 36178
156.59.198.135 - - [29/Dec/2023:08:56:39 -0500] "GET /BLA/resoluciones/Notificaciones/AUTOS%202019/1340.pdf HTTP/1.0" 200 258544
191.95.31.119 - - [29/Dec/2023:08:56:50 -0500] "POST /sipse/faces/presentacion/financiero/solicitudAnulacion/registrarSolicitudAnulacion.xhtml HTTP/1.1" 200 19439
191.95.31.119 - - [29/Dec/2023:08:56:52 -0500] "POST /sipse/faces/presentacion/financiero/solicitudAnulacion/registrarSolicitudAnulacion.xhtml HTTP/1.1" 200 19457
200.118.145.132 - - [29/Dec/2023:08:56:52 -0500] "POST /sipse/faces/presentacion/financiero/solicitudProceso/consultarSolicitudProceso.xhtml HTTP/1.1" 200 536924
191.95.31.119 - - [29/Dec/2023:08:56:55 -0500] "POST /sipse/faces/presentacion/financiero/solicitudAnulacion/registrarSolicitudAnulacion.xhtml HTTP/1.1" 200 4222
191.95.31.119 - - [29/Dec/2023:08:57:00 -0500] "POST /sipse/faces/presentacion/financiero/solicitudAnulacion/registrarSolicitudAnulacion.xhtml HTTP/1.1" 200 40881
191.95.31.119 - - [29/Dec/2023:08:57:01 -0500] "GET /sipse/faces/javax.faces.resource/theme.css?ln=primefaces-sipse HTTP/1.1" 304 -
191.95.31.119 - - [29/Dec/2023:08:57:01 -0500] "GET /sipse/faces/javax.faces.resource/jquery/jquery.js?ln=primefaces&v=4.0 HTTP/1.1" 304 -
191.95.31.119 - - [29/Dec/2023:08:57:01 -0500] "GET /sipse/faces/javax.faces.resource/primefaces.css?ln=primefaces&v=4.0 HTTP/1.1" 304 -
191.95.31.119 - - [29/Dec/2023:08:57:01 -0500] "GET /sipse/faces/javax.faces.resource/layout/layout.css?ln=primefaces&v=4.0 HTTP/1.1" 304 -
191.95.31.119 - - [29/Dec/2023:08:57:01 -0500] "GET /sipse/faces/javax.faces.resource/jquery/jquery-plugins.js?ln=primefaces&v=4.0 HTTP/1.1" 304 -
191.95.31.119 - - [29/Dec/2023:08:57:01 -0500] "GET /sipse/faces/javax.faces.resource/primefaces.js?ln=primefaces&v=4.0 HTTP/1.1" 304 -
191.95.31.119 - - [29/Dec/2023:08:57:01 -0500] "GET /sipse/faces/javax.faces.resource/layout/layout.js?ln=primefaces&v=4.0 HTTP/1.1" 304 -
156.59.198.135 - - [29/Dec/2023:08:57:03 -0500] "GET /BLA/resoluciones/Notificaciones/AUTOS%202017/01194.doc HTTP/1.0" 200 321632
190.66.241.120 - - [29/Dec/2023:08:57:09 -0500] "POST /sipse/faces/autenticacion.xhtml HTTP/1.1" 200 16293
190.66.241.120 - - [29/Dec/2023:08:57:09 -0500] "GET /sipse/css/custom_css_sg_prime.css HTTP/1.1" 304 -
190.66.241.120 - - [29/Dec/2023:08:57:09 -0500] "GET /sipse/faces/javax.faces.resource/primefaces.css?ln=primefaces&v=4.0 HTTP/1.1" 304 -
190.66.241.120 - - [29/Dec/2023:08:57:09 -0500] "GET /sipse/faces/javax.faces.resource/theme.css?ln=primefaces-sipse HTTP/1.1" 304 -
190.66.241.120 - - [29/Dec/2023:08:57:09 -0500] "GET /sipse/js/jquery.min.js HTTP/1.1" 304 -
190.66.241.120 - - [29/Dec/2023:08:57:09 -0500] "GET /sipse/faces/javax.faces.resource/layout/layout.css?ln=primefaces&v=4.0 HTTP/1.1" 304 -
190.66.241.120 - - [29/Dec/2023:08:57:09 -0500] "GET /sipse/faces/javax.faces.resource/jquery/jquery.js?ln=primefaces&v=4.0 HTTP/1.1" 304 -
190.66.241.120 - - [29/Dec/2023:08:57:09 -0500] "GET /sipse/faces/javax.faces.resource/jquery/jquery-plugins.js?ln=primefaces&v=4.0 HTTP/1.1" 304 -
190.66.241.120 - - [29/Dec/2023:08:57:09 -0500] "GET /sipse/faces/javax.faces.resource/primefaces.js?ln=primefaces&v=4.0 HTTP/1.1" 304 -
190.66.241.120 - - [29/Dec/2023:08:57:09 -0500] "GET /sipse/faces/javax.faces.resource/layout/layout.js?ln=primefaces&v=4.0 HTTP/1.1" 304 -
190.66.241.120 - - [29/Dec/2023:08:57:09 -0500] "GET /sipse/css/v_mergente.css HTTP/1.1" 304 -
190.66.241.120 - - [29/Dec/2023:08:57:09 -0500] "GET /sipse/imagenes/cargando.gif HTTP/1.1" 304 -
190.66.241.120 - - [29/Dec/2023:08:57:09 -0500] "GET /sipse/imagenes/logoAplicacion.jpg HTTP/1.1" 304 -
190.66.241.120 - - [29/Dec/2023:08:57:10 -0500] "GET /sipse/css/imagen/contrasena.png HTTP/1.1" 404 383
190.66.241.120 - - [29/Dec/2023:08:57:10 -0500] "GET /sipse/faces/javax.faces.resource/messages/messages.png?ln=primefaces&v=4.0 HTTP/1.1" 304 -
190.66.241.120 - - [29/Dec/2023:08:57:19 -0500] "GET /sipse/faces/javax.faces.resource/images/ui-bg_flat_0_2d5972_40x100.png?ln=primefaces-aristo HTTP/1.1" 304 -
190.66.241.120 - - [29/Dec/2023:08:57:19 -0500] "POST /sipse/faces/bienvenido.xhtml HTTP/1.1" 200 1471
191.95.31.119 - - [29/Dec/2023:08:57:20 -0500] "POST /sipse/faces/presentacion/financiero/solicitudProceso/consultar.xhtml HTTP/1.1" 200 10254
191.95.31.119 - - [29/Dec/2023:08:57:20 -0500] "GET /sipse/faces/javax.faces.resource/messages/messages.png?ln=primefaces&v=4.0 HTTP/1.1" 304 -
190.66.241.120 - - [29/Dec/2023:08:57:20 -0500] "POST /sipse/faces/bienvenido.xhtml HTTP/1.1" 200 55869
190.66.241.120 - - [29/Dec/2023:08:57:21 -0500] "GET /sipse/faces/javax.faces.resource/theme.css?ln=primefaces-sipse HTTP/1.1" 304 -
190.66.241.120 - - [29/Dec/2023:08:57:21 -0500] "GET /sipse/faces/javax.faces.resource/primefaces.css?ln=primefaces&v=4.0 HTTP/1.1" 304 -
190.66.241.120 - - [29/Dec/2023:08:57:21 -0500] "GET /sipse/faces/javax.faces.resource/layout/layout.css?ln=primefaces&v=4.0 HTTP/1.1" 304 -
190.66.241.120 - - [29/Dec/2023:08:57:21 -0500] "GET /sipse/faces/javax.faces.resource/jquery/jquery.js?ln=primefaces&v=4.0 HTTP/1.1" 304 -
190.66.241.120 - - [29/Dec/2023:08:57:21 -0500] "GET /sipse/faces/javax.faces.resource/jquery/jquery-plugins.js?ln=primefaces&v=4.0 HTTP/1.1" 304 -
190.66.241.120 - - [29/Dec/2023:08:57:21 -0500] "GET /sipse/faces/javax.faces.resource/primefaces.js?ln=primefaces&v=4.0 HTTP/1.1" 304 -
190.66.241.120 - - [29/Dec/2023:08:57:21 -0500] "GET /sipse/faces/javax.faces.resource/layout/layout.js?ln=primefaces&v=4.0 HTTP/1.1" 304 -
190.66.241.120 - - [29/Dec/2023:08:57:22 -0500] "POST /sipse/faces/presentacion/financiero/solicitudProceso/listarSolicitudProceso.xhtml HTTP/1.1" 200 1544
191.95.31.119 - - [29/Dec/2023:08:57:24 -0500] "POST /sipse/faces/presentacion/financiero/solicitudProceso/consultar.xhtml HTTP/1.1" 200 36452
191.95.31.119 - - [29/Dec/2023:08:57:25 -0500] "GET /sipse/faces/javax.faces.resource/theme.css?ln=primefaces-sipse HTTP/1.1" 304 -
191.95.31.119 - - [29/Dec/2023:08:57:25 -0500] "GET /sipse/faces/javax.faces.resource/layout/layout.css?ln=primefaces&v=4.0 HTTP/1.1" 304 -
191.95.31.119 - - [29/Dec/2023:08:57:25 -0500] "GET /sipse/faces/javax.faces.resource/jquery/jquery.js?ln=primefaces&v=4.0 HTTP/1.1" 304 -
191.95.31.119 - - [29/Dec/2023:08:57:25 -0500] "GET /sipse/faces/javax.faces.resource/fileupload/fileupload.css?ln=primefaces&v=4.0 HTTP/1.1" 304 -
191.95.31.119 - - [29/Dec/2023:08:57:25 -0500] "GET /sipse/faces/javax.faces.resource/primefaces.css?ln=primefaces&v=4.0 HTTP/1.1" 304 -
191.95.31.119 - - [29/Dec/2023:08:57:25 -0500] "GET /sipse/faces/javax.faces.resource/jquery/jquery-plugins.js?ln=primefaces&v=4.0 HTTP/1.1" 304 -
191.95.31.119 - - [29/Dec/2023:08:57:25 -0500] "GET /sipse/faces/javax.faces.resource/primefaces.js?ln=primefaces&v=4.0 HTTP/1.1" 304 -
191.95.31.119 - - [29/Dec/2023:08:57:25 -0500] "GET /sipse/faces/javax.faces.resource/layout/layout.js?ln=primefaces&v=4.0 HTTP/1.1" 304 -
191.95.31.119 - - [29/Dec/2023:08:57:26 -0500] "GET /sipse/faces/javax.faces.resource/fileupload/fileupload.js?ln=primefaces&v=4.0 HTTP/1.1" 304 -
156.59.198.135 - - [29/Dec/2023:08:57:28 -0500] "GET /BLA/resoluciones/Notificaciones/AUTOS%202021/3276.pdf HTTP/1.0" 200 326923
191.95.31.119 - - [29/Dec/2023:08:57:28 -0500] "POST /sipse/faces/presentacion/financiero/solicitudAnulacion/registrarSolicitudAnulacion.xhtml HTTP/1.1" 200 184
191.95.31.119 - - [29/Dec/2023:08:57:28 -0500] "POST /sipse/faces/presentacion/financiero/solicitudAnulacion/registrarSolicitudAnulacion.xhtml HTTP/1.1" 200 184
191.95.31.119 - - [29/Dec/2023:08:57:28 -0500] "GET /sipse/faces/javax.faces.resource/layout/layout.css?ln=primefaces&v=4.0 HTTP/1.1" 304 -
191.95.31.119 - - [29/Dec/2023:08:57:28 -0500] "GET /sipse/faces/javax.faces.resource/primefaces.css?ln=primefaces&v=4.0 HTTP/1.1" 304 -
191.95.31.119 - - [29/Dec/2023:08:57:28 -0500] "GET /sipse/faces/javax.faces.resource/theme.css?ln=primefaces-sipse HTTP/1.1" 304 -
191.95.31.119 - - [29/Dec/2023:08:57:28 -0500] "GET /sipse/faces/javax.faces.resource/jquery/jquery.js?ln=primefaces&v=4.0 HTTP/1.1" 304 -
191.95.31.119 - - [29/Dec/2023:08:57:28 -0500] "GET /sipse/faces/javax.faces.resource/jquery/jquery-plugins.js?ln=primefaces&v=4.0 HTTP/1.1" 304 -
191.95.31.119 - - [29/Dec/2023:08:57:28 -0500] "GET /sipse/faces/javax.faces.resource/primefaces.js?ln=primefaces&v=4.0 HTTP/1.1" 304 -
191.95.31.119 - - [29/Dec/2023:08:57:28 -0500] "GET /sipse/faces/javax.faces.resource/layout/layout.js?ln=primefaces&v=4.0 HTTP/1.1" 304 -
191.95.31.119 - - [29/Dec/2023:08:57:28 -0500] "GET /sipse/faces/presentacion/financiero/solicitudAnulacion/solicitudAnulacion.xhtml HTTP/1.1" 200 41136
191.95.31.119 - - [29/Dec/2023:08:57:29 -0500] "POST /sipse/faces/presentacion/financiero/solicitudAnulacion/solicitudAnulacion.xhtml HTTP/1.1" 200 19359
190.66.241.120 - - [29/Dec/2023:08:57:34 -0500] "POST /sipse/faces/presentacion/financiero/solicitudProceso/listarSolicitudProceso.xhtml HTTP/1.1" 200 120384
190.66.241.120 - - [29/Dec/2023:08:57:35 -0500] "GET /sipse/faces/javax.faces.resource/theme.css?ln=primefaces-sipse HTTP/1.1" 304 -
190.66.241.120 - - [29/Dec/2023:08:57:35 -0500] "GET /sipse/faces/javax.faces.resource/primefaces.css?ln=primefaces&v=4.0 HTTP/1.1" 304 -
190.66.241.120 - - [29/Dec/2023:08:57:35 -0500] "GET /sipse/faces/javax.faces.resource/layout/layout.css?ln=primefaces&v=4.0 HTTP/1.1" 304 -
190.66.241.120 - - [29/Dec/2023:08:57:36 -0500] "GET /sipse/faces/javax.faces.resource/jquery/jquery.js?ln=primefaces&v=4.0 HTTP/1.1" 304 -
190.66.241.120 - - [29/Dec/2023:08:57:36 -0500] "GET /sipse/faces/javax.faces.resource/jquery/jquery-plugins.js?ln=primefaces&v=4.0 HTTP/1.1" 304 -
190.66.241.120 - - [29/Dec/2023:08:57:36 -0500] "GET /sipse/faces/javax.faces.resource/primefaces.js?ln=primefaces&v=4.0 HTTP/1.1" 304 -
190.66.241.120 - - [29/Dec/2023:08:57:36 -0500] "GET /sipse/faces/javax.faces.resource/layout/layout.js?ln=primefaces&v=4.0 HTTP/1.1" 304 -
190.66.241.120 - - [29/Dec/2023:08:57:47 -0500] "POST /sipse/faces/presentacion/financiero/solicitudProceso/consultarSolicitudProceso.xhtml HTTP/1.1" 200 200155
156.59.198.136 - - [29/Dec/2023:08:57:52 -0500] "GET /BLA/resoluciones/Notificaciones/AUTOS%202021/4169.pdf HTTP/1.0" 200 352156
52.167.144.223 - - [29/Dec/2023:08:58:08 -0500] "GET /distrito-exalto-a-246-empresas-de-bogota-por-su-alto-desempeno-y-responsabilidad-ambiental-durante-2023.html HTTP/1.1" 200 1039
190.66.241.120 - - [29/Dec/2023:08:58:08 -0500] "POST /sipse/faces/presentacion/financiero/solicitudProceso/consultarSolicitudProceso.xhtml HTTP/1.1" 200 364184
190.66.241.120 - - [29/Dec/2023:08:58:16 -0500] "POST /sipse/faces/presentacion/financiero/solicitudProceso/consultarSolicitudProceso.xhtml HTTP/1.1" 200 38513
156.59.198.136 - - [29/Dec/2023:08:58:16 -0500] "GET /BLA/resoluciones/Notificaciones/AUTOS%202017/3362.pdf HTTP/1.0" 200 261730
190.66.241.120 - - [29/Dec/2023:08:58:25 -0500] "POST /sipse/faces/presentacion/financiero/solicitudProceso/consultarSolicitudProceso.xhtml HTTP/1.1" 200 200430
190.66.241.120 - - [29/Dec/2023:08:58:32 -0500] "POST /sipse/faces/presentacion/financiero/solicitudProceso/consultarSolicitudProceso.xhtml HTTP/1.1" 200 200438
156.59.198.136 - - [29/Dec/2023:08:58:40 -0500] "GET /BLA/resoluciones/Notificaciones/AUTOS%202021/2716.pdf HTTP/1.0" 200 326689
190.66.241.120 - - [29/Dec/2023:08:58:44 -0500] "POST /sipse/faces/presentacion/financiero/solicitudProceso/consultarSolicitudProceso.xhtml HTTP/1.1" 200 5457
190.66.241.120 - - [29/Dec/2023:08:58:44 -0500] "GET /sipse/faces/javax.faces.resource/dynamiccontent.properties?ln=primefaces&pfdrid=XjOR5%2F%2FfPAZAuY9TpWQeCiM0BhlXxYRBGKi%2FQcXXfeA%3D&pfdrid_c=false HTTP/1.1" 200 117362
190.66.241.120 - - [29/Dec/2023:08:58:44 -0500] "POST /sipse/faces/presentacion/financiero/solicitudProceso/consultarSolicitudProceso.xhtml HTTP/1.1" 200 5461
190.66.241.120 - - [29/Dec/2023:08:58:44 -0500] "GET /sipse/faces/javax.faces.resource/dynamiccontent.properties?ln=primefaces&pfdrid=XjOR5%2F%2FfPAZAuY9TpWQeCiM0BhlXxYRBGKi%2FQcXXfeA%3D&pfdrid_c=false HTTP/1.1" 200 117362
156.59.198.136 - - [29/Dec/2023:08:59:05 -0500] "GET /BLA/resoluciones/Notificaciones/AUTOS%202021/1560.pdf HTTP/1.0" 200 378843
156.59.198.135 - - [29/Dec/2023:08:59:29 -0500] "GET /BLA/resoluciones/Notificaciones/AUTOS%202017/04928.pdf HTTP/1.0" 200 292008
156.59.198.135 - - [29/Dec/2023:08:59:53 -0500] "GET /BLA/resoluciones/Notificaciones/AUTOS%202017/04919.pdf HTTP/1.0" 200 276473
156.59.198.136 - - [29/Dec/2023:09:00:17 -0500] "GET /BLA/resoluciones/Notificaciones/AUTOS%202017/04585.pdf HTTP/1.0" 200 327875
156.59.198.135 - - [29/Dec/2023:09:00:42 -0500] "GET /BLA/resoluciones/Notificaciones/AUTOS%202021/1655.pdf HTTP/1.0" 200 356702
172.22.2.4 - - [29/Dec/2023:08:59:12 -0500] "HEAD /BLA/boletinlegal/ HTTP/1.1" 200 -
216.245.221.92 - - [29/Dec/2023:09:01:06 -0500] "HEAD / HTTP/1.1" 200 -
156.59.198.135 - - [29/Dec/2023:09:01:06 -0500] "GET /BLA/resoluciones/Notificaciones/AUTOS%202019/2008.pdf HTTP/1.0" 200 330872
191.95.48.164 - - [29/Dec/2023:09:01:07 -0500] "GET /sipse/faces/index.xhtml HTTP/1.1" 200 677
191.95.48.164 - - [29/Dec/2023:09:01:08 -0500] "GET /sipse/faces/javax.faces.resource/theme.css?ln=primefaces-sipse HTTP/1.1" 304 -
191.95.48.164 - - [29/Dec/2023:09:01:09 -0500] "GET /sipse/faces/faces/autenticacion.xhtml HTTP/1.1" 200 12415
191.95.48.164 - - [29/Dec/2023:09:01:09 -0500] "GET /sipse/faces/javax.faces.resource/theme.css?ln=primefaces-sipse HTTP/1.1" 304 -
191.95.48.164 - - [29/Dec/2023:09:01:09 -0500] "GET /sipse/css/custom_css_sg.css HTTP/1.1" 304 -
191.95.48.164 - - [29/Dec/2023:09:01:09 -0500] "GET /sipse/faces/javax.faces.resource/layout/layout.css?ln=primefaces&v=4.0 HTTP/1.1" 304 -
191.95.48.164 - - [29/Dec/2023:09:01:09 -0500] "GET /sipse/faces/javax.faces.resource/primefaces.css?ln=primefaces&v=4.0 HTTP/1.1" 304 -
191.95.48.164 - - [29/Dec/2023:09:01:09 -0500] "GET /sipse/css/custom_css_sg_prime_login.css HTTP/1.1" 304 -
191.95.48.164 - - [29/Dec/2023:09:01:09 -0500] "GET /sipse/js/disable_browser_buttons.js HTTP/1.1" 304 -
191.95.48.164 - - [29/Dec/2023:09:01:09 -0500] "GET /sipse/faces/javax.faces.resource/jquery/jquery.js?ln=primefaces&v=4.0 HTTP/1.1" 304 -
191.95.48.164 - - [29/Dec/2023:09:01:09 -0500] "GET /sipse/js/funciones.js HTTP/1.1" 304 -
191.95.48.164 - - [29/Dec/2023:09:01:09 -0500] "GET /sipse/faces/javax.faces.resource/jquery/jquery-plugins.js?ln=primefaces&v=4.0 HTTP/1.1" 304 -
191.95.48.164 - - [29/Dec/2023:09:01:09 -0500] "GET /sipse/faces/javax.faces.resource/primefaces.js?ln=primefaces&v=4.0 HTTP/1.1" 304 -
191.95.48.164 - - [29/Dec/2023:09:01:09 -0500] "GET /sipse/faces/javax.faces.resource/layout/layout.js?ln=primefaces&v=4.0 HTTP/1.1" 304 -
191.95.48.164 - - [29/Dec/2023:09:01:09 -0500] "GET /sipse/css/imagen/logoSDG.png HTTP/1.1" 304 -
191.95.48.164 - - [29/Dec/2023:09:01:10 -0500] "GET /sipse/faces/javax.faces.resource/images/ui-icons_898989_256x240.png?ln=primefaces-aristo HTTP/1.1" 200 5355
191.95.48.164 - - [29/Dec/2023:09:01:10 -0500] "GET /sipse/css/imagen/loginimg.png HTTP/1.1" 304 -
201.245.192.253 - - [29/Dec/2023:09:01:12 -0500] "POST /kwsrmcab/Wsrmcab  HTTP/1.1" 200 36178
191.95.48.164 - - [29/Dec/2023:09:01:14 -0500] "POST /sipse/faces/autenticacion.xhtml HTTP/1.1" 200 2224
191.95.48.164 - - [29/Dec/2023:09:01:14 -0500] "GET /sipse/faces/javax.faces.resource/messages/messages.png?ln=primefaces&v=4.0 HTTP/1.1" 304 -
191.95.48.164 - - [29/Dec/2023:09:01:15 -0500] "POST /sipse/faces/autenticacion.xhtml HTTP/1.1" 200 16475
191.95.48.164 - - [29/Dec/2023:09:01:16 -0500] "GET /sipse/faces/javax.faces.resource/theme.css?ln=primefaces-sipse HTTP/1.1" 304 -
191.95.48.164 - - [29/Dec/2023:09:01:16 -0500] "GET /sipse/js/jquery.min.js HTTP/1.1" 304 -
191.95.48.164 - - [29/Dec/2023:09:01:16 -0500] "GET /sipse/css/custom_css_sg_prime.css HTTP/1.1" 304 -
191.95.48.164 - - [29/Dec/2023:09:01:16 -0500] "GET /sipse/faces/javax.faces.resource/primefaces.css?ln=primefaces&v=4.0 HTTP/1.1" 304 -
191.95.48.164 - - [29/Dec/2023:09:01:16 -0500] "GET /sipse/faces/javax.faces.resource/layout/layout.css?ln=primefaces&v=4.0 HTTP/1.1" 304 -
191.95.48.164 - - [29/Dec/2023:09:01:16 -0500] "GET /sipse/faces/javax.faces.resource/jquery/jquery.js?ln=primefaces&v=4.0 HTTP/1.1" 304 -
191.95.48.164 - - [29/Dec/2023:09:01:16 -0500] "GET /sipse/faces/javax.faces.resource/jquery/jquery-plugins.js?ln=primefaces&v=4.0 HTTP/1.1" 304 -
191.95.48.164 - - [29/Dec/2023:09:01:16 -0500] "GET /sipse/faces/javax.faces.resource/primefaces.js?ln=primefaces&v=4.0 HTTP/1.1" 304 -
191.95.48.164 - - [29/Dec/2023:09:01:17 -0500] "GET /sipse/faces/javax.faces.resource/layout/layout.js?ln=primefaces&v=4.0 HTTP/1.1" 304 -
191.95.48.164 - - [29/Dec/2023:09:01:17 -0500] "GET /sipse/css/v_mergente.css HTTP/1.1" 304 -
191.95.48.164 - - [29/Dec/2023:09:01:17 -0500] "GET /sipse/css/imagen/contrasena.png HTTP/1.1" 404 383
191.95.48.164 - - [29/Dec/2023:09:01:17 -0500] "GET /sipse/imagenes/logoAplicacion.jpg HTTP/1.1" 304 -
191.95.48.164 - - [29/Dec/2023:09:01:17 -0500] "GET /sipse/imagenes/cargando.gif HTTP/1.1" 304 -
191.95.48.164 - - [29/Dec/2023:09:01:19 -0500] "GET /sipse/faces/javax.faces.resource/images/ui-bg_flat_0_2d5972_40x100.png?ln=primefaces-aristo HTTP/1.1" 304 -
191.95.48.164 - - [29/Dec/2023:09:01:19 -0500] "POST /sipse/faces/bienvenido.xhtml HTTP/1.1" 200 2658
191.95.48.164 - - [29/Dec/2023:09:01:20 -0500] "POST /sipse/faces/bienvenido.xhtml HTTP/1.1" 200 65683
191.95.48.164 - - [29/Dec/2023:09:01:23 -0500] "GET /sipse/faces/javax.faces.resource/theme.css?ln=primefaces-sipse HTTP/1.1" 304 -
191.95.48.164 - - [29/Dec/2023:09:01:23 -0500] "GET /sipse/faces/javax.faces.resource/primefaces.css?ln=primefaces&v=4.0 HTTP/1.1" 304 -
191.95.48.164 - - [29/Dec/2023:09:01:23 -0500] "GET /sipse/faces/javax.faces.resource/jquery/jquery.js?ln=primefaces&v=4.0 HTTP/1.1" 304 -
191.95.48.164 - - [29/Dec/2023:09:01:23 -0500] "GET /sipse/faces/javax.faces.resource/layout/layout.css?ln=primefaces&v=4.0 HTTP/1.1" 304 -
191.95.48.164 - - [29/Dec/2023:09:01:23 -0500] "GET /sipse/faces/javax.faces.resource/jquery/jquery-plugins.js?ln=primefaces&v=4.0 HTTP/1.1" 304 -
191.95.48.164 - - [29/Dec/2023:09:01:23 -0500] "GET /sipse/faces/javax.faces.resource/primefaces.js?ln=primefaces&v=4.0 HTTP/1.1" 304 -
191.95.48.164 - - [29/Dec/2023:09:01:23 -0500] "GET /sipse/faces/javax.faces.resource/layout/layout.js?ln=primefaces&v=4.0 HTTP/1.1" 304 -
