47.99.136.156 - - [29/Dec/2023:07:01:06 -0500] "GET http://190.27.245.106:80/myadmin/scripts/setup.php HTTP/1.0" 404 1018
47.99.136.156 - - [29/Dec/2023:07:01:07 -0500] "GET http://190.27.245.106:80/MyAdmin/scripts/setup.php HTTP/1.0" 404 1018
47.99.136.156 - - [29/Dec/2023:07:01:08 -0500] "GET http://190.27.245.106:80/PHPMYADMIN/scripts/setup.php HTTP/1.0" 403 1165
47.99.136.156 - - [29/Dec/2023:07:01:08 -0500] "GET http://190.27.245.106:80/mysqladmin/scripts/setup.php HTTP/1.0" 404 1018
47.99.136.156 - - [29/Dec/2023:07:01:09 -0500] "GET http://190.27.245.106:80/SQL/scripts/setup.php HTTP/1.0" 404 1018
47.99.136.156 - - [29/Dec/2023:07:01:09 -0500] "GET http://190.27.245.106:80/phpMyAdmin-2.5.5-pl1/scripts/setup.php HTTP/1.0" 403 1165
47.99.136.156 - - [29/Dec/2023:07:01:10 -0500] "GET http://190.27.245.106:80/phpMyAdmin-2.5.5/scripts/setup.php HTTP/1.0" 403 1165
47.99.136.156 - - [29/Dec/2023:07:01:10 -0500] "GET http://190.27.245.106:80/phpMyAdmin-2.5.4/scripts/setup.php HTTP/1.0" 403 1165
47.99.136.156 - - [29/Dec/2023:07:01:11 -0500] "GET http://190.27.245.106:80/phpMyAdmin-2.5.7-pl1/scripts/setup.php HTTP/1.0" 403 1165
47.99.136.156 - - [29/Dec/2023:07:01:11 -0500] "GET http://190.27.245.106:80/admin/pma/scripts/setup.php HTTP/1.0" 404 1018
47.99.136.156 - - [29/Dec/2023:07:01:12 -0500] "GET http://190.27.245.106:80/phpMyAdmin-2/scripts/setup.php HTTP/1.0" 403 1165
47.99.136.156 - - [29/Dec/2023:07:01:13 -0500] "GET http://190.27.245.106:80/web/phpMyAdmin/scripts/setup.php HTTP/1.0" 404 1018
47.99.136.156 - - [29/Dec/2023:07:01:13 -0500] "GET http://190.27.245.106:80/webadmin/scripts/setup.php HTTP/1.0" 404 1018
47.99.136.156 - - [29/Dec/2023:07:01:14 -0500] "GET http://190.27.245.106:80/admin/scripts/setup.php HTTP/1.0" 404 1018
47.99.136.156 - - [29/Dec/2023:07:01:14 -0500] "GET http://190.27.245.106:80/dbadmin/scripts/setup.php HTTP/1.0" 404 1018
47.99.136.156 - - [29/Dec/2023:07:01:15 -0500] "GET http://190.27.245.106:80/mysql/scripts/setup.php HTTP/1.0" 404 1018
47.99.136.156 - - [29/Dec/2023:07:01:15 -0500] "GET http://190.27.245.106:80/phpMyAdmin2/scripts/setup.php HTTP/1.0" 403 1165
47.99.136.156 - - [29/Dec/2023:07:01:16 -0500] "GET http://190.27.245.106:80/phpma/scripts/setup.php HTTP/1.0" 404 1018
47.99.136.156 - - [29/Dec/2023:07:01:17 -0500] "GET http://190.27.245.106:80/sqlweb/scripts/setup.php HTTP/1.0" 404 1018
47.99.136.156 - - [29/Dec/2023:07:01:17 -0500] "GET http://190.27.245.106:80/webdb/scripts/setup.php HTTP/1.0" 404 1018
47.99.136.156 - - [29/Dec/2023:07:01:18 -0500] "GET http://190.27.245.106:80/websql/scripts/setup.php HTTP/1.0" 404 1018
47.99.136.156 - - [29/Dec/2023:07:01:18 -0500] "GET http://190.27.245.106:80/_phpMyAdmin/scripts/setup.php HTTP/1.0" 404 1018
47.99.136.156 - - [29/Dec/2023:07:01:19 -0500] "GET http://190.27.245.106:80/php/scripts/setup.php HTTP/1.0" 404 1018
47.99.136.156 - - [29/Dec/2023:07:01:19 -0500] "GET http://190.27.245.106:80/admin/phpmyadmin/scripts/setup.txt HTTP/1.0" 404 1018
47.99.136.156 - - [29/Dec/2023:07:01:20 -0500] "GET http://190.27.245.106:80/db/scripts/setup.php HTTP/1.0" 404 1018
47.99.136.156 - - [29/Dec/2023:07:01:21 -0500] "GET http://190.27.245.106:80/sqlmanager/scripts/setup.php HTTP/1.0" 404 1018
47.99.136.156 - - [29/Dec/2023:07:01:21 -0500] "GET http://190.27.245.106:80/mysqlmanager/scripts/setup.php HTTP/1.0" 404 1018
47.99.136.156 - - [29/Dec/2023:07:01:22 -0500] "GET http://190.27.245.106:80/phpmanager/scripts/setup.php HTTP/1.0" 404 1018
47.99.136.156 - - [29/Dec/2023:07:01:22 -0500] "GET http://190.27.245.106:80/php-myadmin/scripts/setup.php HTTP/1.0" 404 1018
47.99.136.156 - - [29/Dec/2023:07:01:23 -0500] "GET http://190.27.245.106:80/phpmy-admin/scripts/setup.php HTTP/1.0" 404 1018
47.99.136.156 - - [29/Dec/2023:07:01:23 -0500] "GET http://190.27.245.106:80/mysql-admin/scripts/setup.php HTTP/1.0" 404 1018
156.59.198.136 - - [29/Dec/2023:07:01:26 -0500] "GET /BLA/resoluciones/RESOLUCIONES%202007/RES%202007%203601%20AL%203700/RESOLUCION%203683%20DE%202007.pdf HTTP/1.0" 200 732518
201.245.192.253 - - [29/Dec/2023:07:01:42 -0500] "POST /kwsrmcab/Wsrmcab  HTTP/1.1" 200 36178
156.59.198.135 - - [29/Dec/2023:07:01:49 -0500] "GET /BLA/resoluciones/RESOLUCIONES%202007/RES%202007%203601%20AL%203700/RESOLUCION%203604%20DE%202007.pdf HTTP/1.0" 200 610578
201.245.192.253 - - [29/Dec/2023:07:01:53 -0500] "POST /forms/lservlet;jsessionid=ac16012b30d69fc638daa8814864b22e81b914d62a46.e3iSbxaKaheRe34Qc38TbN0Nb41ynknvrkLOlQzNp65In0 HTTP/1.1" 200 2
156.59.198.136 - - [29/Dec/2023:07:02:14 -0500] "GET /BLA/resoluciones/RESOLUCIONES%202007/RES%202007%203601%20AL%203700/RESOLUCION%203685%20DE%202007.pdf HTTP/1.0" 200 787898
156.59.198.136 - - [29/Dec/2023:07:02:38 -0500] "GET /BLA/resoluciones/RESOLUCIONES%202007/RES%202007%201%20AL%20100/RESOLUCION%200030%20%20DE%202007.pdf HTTP/1.0" 200 200228
201.245.192.253 - - [29/Dec/2023:07:02:59 -0500] "POST /forms/lservlet;jsessionid=ac16012b30d60a65f47120164194bbc39b7c0db64418.e3iSbxaKaheRe34Qc38TbN0Nb41ynknvrkLOlQzNp65In0 HTTP/1.1" 200 2
156.59.198.135 - - [29/Dec/2023:07:03:02 -0500] "GET /BLA/resoluciones/RESOLUCIONES%202007/RES%202007%201%20AL%20100/RESOLUCION%200079%20DE%202007.pdf HTTP/1.0" 200 137133
156.59.198.135 - - [29/Dec/2023:07:03:26 -0500] "GET /BLA/resoluciones/RESOLUCIONES%202007/RES%202007%203601%20AL%203700/RESOLUCION%203625%20DE%202007.pdf HTTP/1.0" 200 640070
156.59.198.136 - - [29/Dec/2023:07:03:51 -0500] "GET /BLA/resoluciones/RESOLUCIONES%202007/RES%202007%201%20AL%20100/RESOLUCION%200013%20DE%202007.pdf HTTP/1.0" 200 200891
201.245.192.253 - - [29/Dec/2023:07:03:53 -0500] "POST /forms/lservlet;jsessionid=ac16012b30d69fc638daa8814864b22e81b914d62a46.e3iSbxaKaheRe34Qc38TbN0Nb41ynknvrkLOlQzNp65In0 HTTP/1.1" 200 2
172.22.2.4 - - [29/Dec/2023:07:02:32 -0500] "HEAD /BLA/boletinlegal/ HTTP/1.1" 200 -
156.59.198.136 - - [29/Dec/2023:07:04:14 -0500] "GET /BLA/resoluciones/RESOLUCIONES%202007/RES%202007%201%20AL%20100/RESOLUCION%200077%20DE%202007.pdf HTTP/1.0" 200 1502776
40.77.167.247 - - [29/Dec/2023:07:04:16 -0500] "GET /BLA/resoluciones/RESOLUCIONES%202023/1423.pdf HTTP/1.1" 200 398367
156.59.198.136 - - [29/Dec/2023:07:04:40 -0500] "GET /BLA/resoluciones/RESOLUCIONES%202007/RES%202007%201%20AL%20100/RESOLUCION%200055%20DE%202007.pdf HTTP/1.0" 200 233786
201.245.192.253 - - [29/Dec/2023:07:04:59 -0500] "POST /forms/lservlet;jsessionid=ac16012b30d60a65f47120164194bbc39b7c0db64418.e3iSbxaKaheRe34Qc38TbN0Nb41ynknvrkLOlQzNp65In0 HTTP/1.1" 200 2
172.22.2.4 - - [29/Dec/2023:07:03:23 -0500] "GET /BLA/boletinlegal/ HTTP/1.1" 200 60910
156.59.198.135 - - [29/Dec/2023:07:05:04 -0500] "GET /BLA/resoluciones/RESOLUCIONES%202007/RES%202007%201%20AL%20100/RESOLUCION%200024%20DE%202007.pdf HTTP/1.0" 200 143390
156.59.198.135 - - [29/Dec/2023:07:05:28 -0500] "GET /BLA/resoluciones/RESOLUCIONES%202007/RES%202007%203601%20AL%203700/RESOLUCION%203668%20DE%202007.pdf HTTP/1.0" 200 168732
156.59.198.135 - - [29/Dec/2023:07:05:52 -0500] "GET /BLA/resoluciones/RESOLUCIONES%202007/RES%202007%203601%20AL%203700/RESOLUCION%203624%20DE%202007.pdf HTTP/1.0" 200 1415046
201.245.192.253 - - [29/Dec/2023:07:05:53 -0500] "POST /forms/lservlet;jsessionid=ac16012b30d69fc638daa8814864b22e81b914d62a46.e3iSbxaKaheRe34Qc38TbN0Nb41ynknvrkLOlQzNp65In0 HTTP/1.1" 200 2
216.245.221.92 - - [29/Dec/2023:07:06:06 -0500] "HEAD / HTTP/1.1" 200 -
156.59.198.135 - - [29/Dec/2023:07:06:16 -0500] "GET /BLA/resoluciones/RESOLUCIONES%202007/RES%202007%203601%20AL%203700/RESOLUCION%203642%20DE%202007.pdf HTTP/1.0" 200 385783
156.59.198.136 - - [29/Dec/2023:07:06:41 -0500] "GET /BLA/resoluciones/RESOLUCIONES%202007/RES%202007%203601%20AL%203700/RESOLUCION%203611%20DE%202007.pdf HTTP/1.0" 200 1457761
201.245.192.253 - - [29/Dec/2023:07:06:42 -0500] "POST /kwsrmcab/Wsrmcab  HTTP/1.1" 200 36178
201.245.192.253 - - [29/Dec/2023:07:06:59 -0500] "POST /forms/lservlet;jsessionid=ac16012b30d60a65f47120164194bbc39b7c0db64418.e3iSbxaKaheRe34Qc38TbN0Nb41ynknvrkLOlQzNp65In0 HTTP/1.1" 200 2
156.59.198.136 - - [29/Dec/2023:07:07:05 -0500] "GET /BLA/resoluciones/RESOLUCIONES%202007/RES%202007%203601%20AL%203700/RESOLUCION%203629%20DE%202007.pdf HTTP/1.0" 200 705947
156.59.198.136 - - [29/Dec/2023:07:07:28 -0500] "GET /BLA/resoluciones/RESOLUCIONES%202007/RES%202007%201%20AL%20100/RESOLUCION%200037%20%20DE%202007.pdf HTTP/1.0" 200 384970
201.245.192.253 - - [29/Dec/2023:07:07:53 -0500] "POST /forms/lservlet;jsessionid=ac16012b30d69fc638daa8814864b22e81b914d62a46.e3iSbxaKaheRe34Qc38TbN0Nb41ynknvrkLOlQzNp65In0 HTTP/1.1" 200 2
156.59.198.136 - - [29/Dec/2023:07:07:53 -0500] "GET /BLA/resoluciones/RESOLUCIONES%202007/RES%202007%201%20AL%20100/RESOLUCION%200053%20DE%202007.pdf HTTP/1.0" 200 231342
156.59.198.135 - - [29/Dec/2023:07:08:18 -0500] "GET /BLA/resoluciones/RESOLUCIONES%202007/RES%202007%201%20AL%20100/RESOLUCION%200031%20%20DE%202007.pdf HTTP/1.0" 200 83284
156.59.198.135 - - [29/Dec/2023:07:08:42 -0500] "GET /BLA/resoluciones/RESOLUCIONES%202007/RES%202007%203601%20AL%203700/RESOLUCION%203654%20DE%202007.pdf HTTP/1.0" 200 339337
201.245.192.253 - - [29/Dec/2023:07:08:59 -0500] "POST /forms/lservlet;jsessionid=ac16012b30d60a65f47120164194bbc39b7c0db64418.e3iSbxaKaheRe34Qc38TbN0Nb41ynknvrkLOlQzNp65In0 HTTP/1.1" 200 2
156.59.198.135 - - [29/Dec/2023:07:09:06 -0500] "GET /BLA/resoluciones/RESOLUCIONES%202007/RES%202007%201%20AL%20100/RESOLUCION%200085%20DE%202007.pdf HTTP/1.0" 200 262740
156.59.198.136 - - [29/Dec/2023:07:09:31 -0500] "GET /BLA/resoluciones/RESOLUCIONES%202007/RES%202007%203601%20AL%203700/RESOLUCION%203649%20DE%202007.pdf HTTP/1.0" 200 560133
201.245.192.253 - - [29/Dec/2023:07:09:53 -0500] "POST /forms/lservlet;jsessionid=ac16012b30d69fc638daa8814864b22e81b914d62a46.e3iSbxaKaheRe34Qc38TbN0Nb41ynknvrkLOlQzNp65In0 HTTP/1.1" 200 2
156.59.198.136 - - [29/Dec/2023:07:09:54 -0500] "GET /BLA/resoluciones/RESOLUCIONES%202007/RES%202007%203601%20AL%203700/RESOLUCION%203656%20DE%202007.pdf HTTP/1.0" 200 613712
172.22.2.4 - - [29/Dec/2023:07:08:22 -0500] "HEAD /BLA/boletinlegal/ HTTP/1.1" 200 -
156.59.198.135 - - [29/Dec/2023:07:10:19 -0500] "GET /BLA/resoluciones/RESOLUCIONES%202007/RES%202007%201%20AL%20100/RESOLUCION%200039%20DE%202007.pdf HTTP/1.0" 200 54376
156.59.198.135 - - [29/Dec/2023:07:10:44 -0500] "GET /BLA/resoluciones/RESOLUCIONES%202007/RES%202007%201%20AL%20100/RESOLUCION%200051%20DE%202007.pdf HTTP/1.0" 200 235851
172.22.2.4 - - [29/Dec/2023:07:09:13 -0500] "GET /BLA/boletinlegal/ HTTP/1.1" 200 60502
201.245.192.253 - - [29/Dec/2023:07:10:59 -0500] "POST /forms/lservlet;jsessionid=ac16012b30d60a65f47120164194bbc39b7c0db64418.e3iSbxaKaheRe34Qc38TbN0Nb41ynknvrkLOlQzNp65In0 HTTP/1.1" 200 2
216.245.221.92 - - [29/Dec/2023:07:11:06 -0500] "HEAD / HTTP/1.1" 200 -
156.59.198.136 - - [29/Dec/2023:07:11:08 -0500] "GET /BLA/resoluciones/RESOLUCIONES%202007/RES%202007%201%20AL%20100/RESOLUCION%200036%20%20DE%202007.pdf HTTP/1.0" 200 389396
156.59.198.136 - - [29/Dec/2023:07:11:32 -0500] "GET /BLA/resoluciones/RESOLUCIONES%202007/RES%202007%203601%20AL%203700/RESOLUCION%203667%20DE%202007.pdf HTTP/1.0" 200 189982
173.252.107.6 - - [29/Dec/2023:07:11:37 -0500] "GET /primer-festival-de-la-papa-nativa-en-el-jardin-botanico-conozca-pruebe-y-disfrute-estos-manjares-criollos-y-saludables.html HTTP/1.1" 200 1116
201.245.192.253 - - [29/Dec/2023:07:11:40 -0500] "POST /kwsrmcab/Wsrmcab  HTTP/1.1" 200 36178
201.245.192.253 - - [29/Dec/2023:07:11:53 -0500] "POST /forms/lservlet;jsessionid=ac16012b30d69fc638daa8814864b22e81b914d62a46.e3iSbxaKaheRe34Qc38TbN0Nb41ynknvrkLOlQzNp65In0 HTTP/1.1" 200 2
156.59.198.136 - - [29/Dec/2023:07:11:57 -0500] "GET /BLA/resoluciones/RESOLUCIONES%202007/RES%202007%201%20AL%20100/RESOLUCION%200007DE%202007.pdf HTTP/1.0" 200 164907
156.59.198.136 - - [29/Dec/2023:07:12:21 -0500] "GET /BLA/resoluciones/RESOLUCIONES%202007/RES%202007%203601%20AL%203700/RESOLUCION%203659%20DE%202007.pdf HTTP/1.0" 200 709579
172.22.2.4 - - [29/Dec/2023:07:11:54 -0500] "GET /BLA/boletinlegal/ HTTP/1.1" 200 36811
54.36.148.58 - - [29/Dec/2023:07:12:44 -0500] "GET /robots.txt HTTP/1.1" 404 1018
156.59.198.135 - - [29/Dec/2023:07:12:45 -0500] "GET /BLA/resoluciones/RESOLUCIONES%202007/RES%202007%203601%20AL%203700/RESOLUCION%203640%20DE%202007.pdf HTTP/1.0" 200 188992
201.245.192.253 - - [29/Dec/2023:07:12:59 -0500] "POST /forms/lservlet;jsessionid=ac16012b30d60a65f47120164194bbc39b7c0db64418.e3iSbxaKaheRe34Qc38TbN0Nb41ynknvrkLOlQzNp65In0 HTTP/1.1" 200 2
156.59.198.135 - - [29/Dec/2023:07:13:09 -0500] "GET /BLA/resoluciones/RESOLUCIONES%202007/RES%202007%203601%20AL%203700/RESOLUCION%203646%20DE%202007.pdf HTTP/1.0" 200 200559
156.59.198.136 - - [29/Dec/2023:07:13:33 -0500] "GET /BLA/resoluciones/RESOLUCIONES%202007/RES%202007%201%20AL%20100/RESOLUCION%200033%20DE%202007.pdf HTTP/1.0" 200 50476
201.245.192.253 - - [29/Dec/2023:07:13:53 -0500] "POST /forms/lservlet;jsessionid=ac16012b30d69fc638daa8814864b22e81b914d62a46.e3iSbxaKaheRe34Qc38TbN0Nb41ynknvrkLOlQzNp65In0 HTTP/1.1" 200 2
156.59.198.136 - - [29/Dec/2023:07:13:58 -0500] "GET /BLA/resoluciones/RESOLUCIONES%202007/RES%202007%203601%20AL%203700/RESOLUCION%203687%20DE%202007.pdf HTTP/1.0" 200 547942
172.22.2.4 - - [29/Dec/2023:07:14:02 -0500] "GET /BLA/boletinlegal/jurisprudencia.php HTTP/1.1" 200 17583
156.59.198.136 - - [29/Dec/2023:07:14:22 -0500] "GET /BLA/resoluciones/RESOLUCIONES%202007/RES%202007%201%20AL%20100/RESOLUCION%200009%20DE%202007.pdf HTTP/1.0" 200 24040
186.102.101.184 - - [29/Dec/2023:07:14:39 -0500] "GET /kwssiamovil/sm/ldap/au?x=U2FsdGVkX1939U5iJw0O6bHVSU9HmLBMElfnkZ2+su60HDWvDinPelVs02JgguRz&y=U2FsdGVkX1/aYJODs8KfLTFl26XibaHyeMSQzE+Iuxa3U8063O4py12XeJgDghYx HTTP/1.1" 200 30
186.102.101.184 - - [29/Dec/2023:07:14:39 -0500] "GET /kwssiamovil/sm/acme/s?s=U2FsdGVkX19QFcqGF+GekLG/BkzOjg1S6h0VUQWq6gj90+Hn2fhsRDkHjvcmu4+dZmPXp74L1vcS7S3Fisuj+QsR9GrrmZXC+2qPhpwwls0=&u=U2FsdGVkX18ytZmWOH6aKs+ZdXAQEfyz3ts4uouLbi0G7TeGtz3Bc+02/E6k8/X6&y=U2FsdGVkX1/aYJODs8KfLTFl26XibaHyeMSQzE+Iuxa3U8063O4py12XeJgDghYx HTTP/1.1" 200 97
186.102.101.184 - - [29/Dec/2023:07:14:39 -0500] "GET /kwssiamovil/sm/acme/s?s=U2FsdGVkX18aEyffIGijIsAC0p6kQ/w4PKK7k72KC7rSALcOX+EpNB1BDokqhhvSJO2n80IYOBTwb+AU0zVmlTiNP7X+EC9LHOFUje/Ry0vtc9pk5Anl7zsy5ATDN+JXQwR/xkOAq9XJsBVp1i1kRI7XaUlCy+hiARC+J6hsmPw5NVR+RR0PWTpnGJahEmXLAvkC9nA7AsfIJVlVrCME7K2HYDP1t3+BOsWUp6DnX51JMcunoFWVN1PVEeNiq4qKQfe5U4QAWxJR8sMIaLvk5c9J9nzcyUIzRnl5QzAvNibNOCkerAdTmVXSSBSN+/vC9AfloBVNtg17/8qedj3hLHnCVu5n5I9RP90IhWL5dNqK7TJ2zjjQzsVUcvy36JMB6ai1NFGmj83jvMw1LGewFFwzN713KQWVGRvfQjNOYCg3ZRPOFJQ3gzPq0++4IOx6cEDFX29SRPr4bKBoAuNovAFia5ltv2wXP3p7IFmwIrXQH371C9MbRT2VIKN7lpl9K5wnxBhY7Wcm3o3gQGS3u6/5AFgAbA7csBna1+DVsYBwChq/rLd1aKPL1WOivVZZGJ3E3TxFJLtFFUrdfKAyYmKovRC8Y9DNYWHmeqrDK+/Oiyc4Am7tFlI2ynnpT/3Q7Mfp72JM4YyhGwUhG0JfTiIAAEhGaAkAs/wq2YlJuRVwf8aN4hfdIqlfUWIXTOnteWMDMUluI7idvuCk7DR9zn5XfdrCs+rIQaPaNB2pBwkzK8LD53iv0Zs6fKb/KyaNnGxL4/Pv1TVF5EXFu0Bj52myopCk+b0nZzallxzHgGOpNl/SWgxWU1EPWZwLssjMmgZX36zGy5fiT0kl9bng8mIAAfUJZhDC/ETNDXfgDBdI2xWmWFdZwjUvP6rA+e5q5QWCVGyPV8GazU8CZ1KdaYQc+XDhbToTfvmssExeYHbvB+x7N32ve5fCD8r2rGTTuWEEx5ATUE8ZjaDTj6AdMWsUj+QK2JWR02emhwaFtBBUaC2/UZLKRbFnbROWCCKx1iAWpZ4QD1UBuVY6yaStFaPIVKvaNAu7XfC/Po/h3f/wisa9W5L8pf1fKbMqUibCP0HwEh9YerYtpo/JtkV1oZ84PYgHi8dIrONGmIr2987IFMRHsSeE4yFPqgjBVAOhgUVCS45Zxm2sV6xtZbwNUyPMap3xynXCwvQ5gKzz51zvbqeDv68UzQAB6J2Fiil5euOk68EOGYJ8RRglCDby5r9gPH03b++sUdCVfcD8Cnssd9JZYjUWH1N5D3hIGhX6U0e5xjNvnkhT/xPgTlCjioSovtO6GoeVZ5KjsZvmFcEmutqB+4hFX0kZzWb4FBzOthVwkmY2m0PbALQZwcyvuRbCDPjSv705NJQlxgENcoZGBzOw36DxnQf728PvLfaOEnqGdHOFOnIJeOxnIQi/S0esdDiT2xk6Nwx9YKqOp0M=&u=U2FsdGVkX18ytZmWOH6aKs+ZdXAQEfyz3ts4uouLbi0G7TeGtz3Bc+02/E6k8/X6&y=U2FsdGVkX1/aYJODs8KfLTFl26XibaHyeMSQzE+Iuxa3U8063O4py12XeJgDghYx HTTP/1.1" 200 2679
186.102.101.184 - - [29/Dec/2023:07:14:39 -0500] "GET /kwssiamovil/sm/acme/s?s=U2FsdGVkX197uoogRTRcozZ+FvNbRqXWf9+BS+AtidmC97dFZ3bFvdtxbzgkrJnf8h2qfspqtNwIZ+Zj8eLLfdbChGtRb3pQDj55XJZxlmSZT4OPIRGq+Wpzd9TDpHaLUdYdhEKoODIsXqK3BnAbzagsK6RDdvSke2oHWEdV50nW5bIkbZPpzeqv0PotuWlsQJnzJmslS/DDGfn5lf5ZTgFo8u29BxlLYciY2z0R89vo/unPeov3+P1itxyhJlzvnrRP+O4MAxwv2nHSHeON7A8DfiqwpVz/+xlUFR6ckh54C/AtWTy/LsyI2IoGWHsupKWIjLe20o0t+A6LQYdLGOLCcrF1GFJWHX8YOcnYnCs=&u=U2FsdGVkX18ytZmWOH6aKs+ZdXAQEfyz3ts4uouLbi0G7TeGtz3Bc+02/E6k8/X6&y=U2FsdGVkX1/aYJODs8KfLTFl26XibaHyeMSQzE+Iuxa3U8063O4py12XeJgDghYx HTTP/1.1" 200 196
186.102.101.184 - - [29/Dec/2023:07:14:40 -0500] "GET /kwssiamovil/sm/cjson/pre?f=1&x=U2FsdGVkX1939U5iJw0O6bHVSU9HmLBMElfnkZ2+su60HDWvDinPelVs02JgguRz HTTP/1.1" 200 31032
156.59.198.136 - - [29/Dec/2023:07:14:46 -0500] "GET /BLA/resoluciones/RESOLUCIONES%202007/RES%202007%201%20AL%20100/RESOLUCION%200080%20DE%202007.pdf HTTP/1.0" 200 135878
172.22.2.4 - - [29/Dec/2023:07:14:52 -0500] "GET /BLA/boletinlegal/robots.txt HTTP/1.1" 404 1038
201.245.192.253 - - [29/Dec/2023:07:14:59 -0500] "POST /forms/lservlet;jsessionid=ac16012b30d60a65f47120164194bbc39b7c0db64418.e3iSbxaKaheRe34Qc38TbN0Nb41ynknvrkLOlQzNp65In0 HTTP/1.1" 200 2
156.59.198.136 - - [29/Dec/2023:07:15:10 -0500] "GET /BLA/resoluciones/RESOLUCIONES%202007/RES%202007%203601%20AL%203700/RESOLUCION%203679%20DE%202007.pdf HTTP/1.0" 200 197043
156.59.198.136 - - [29/Dec/2023:07:15:34 -0500] "GET /BLA/resoluciones/RESOLUCIONES%202007/RES%202007%203601%20AL%203700/RESOLUCION%203602%20DE%202007.pdf HTTP/1.0" 200 1333499
172.22.2.4 - - [29/Dec/2023:07:14:12 -0500] "HEAD /BLA/boletinlegal/ HTTP/1.1" 200 -
201.245.192.253 - - [29/Dec/2023:07:15:53 -0500] "POST /forms/lservlet;jsessionid=ac16012b30d69fc638daa8814864b22e81b914d62a46.e3iSbxaKaheRe34Qc38TbN0Nb41ynknvrkLOlQzNp65In0 HTTP/1.1" 200 2
201.245.192.253 - - [29/Dec/2023:07:15:52 -0500] "POST /kwsrmcab/Wsrmcab HTTP/1.1" 200 36350
201.245.192.253 - - [29/Dec/2023:07:15:55 -0500] "POST /kwsrmcab/Wsrmcab HTTP/1.1" 200 36823
156.59.198.135 - - [29/Dec/2023:07:15:59 -0500] "GET /BLA/resoluciones/RESOLUCIONES%202007/RES%202007%201%20AL%20100/RESOLUCION%200045%20DE%202007.pdf HTTP/1.0" 200 229556
216.245.221.92 - - [29/Dec/2023:07:16:06 -0500] "HEAD / HTTP/1.1" 200 -
156.59.198.135 - - [29/Dec/2023:07:16:25 -0500] "GET /BLA/resoluciones/RESOLUCIONES%202007/RES%202007%203601%20AL%203700/RESOLUCION%203676%20DE%202007.pdf HTTP/1.0" 200 90953
172.22.2.4 - - [29/Dec/2023:07:14:55 -0500] "GET /BLA/boletinlegal/index.php HTTP/1.1" 200 42955
186.86.33.245 - - [29/Dec/2023:07:16:37 -0500] "GET /sipse/faces/index.xhtml HTTP/1.1" 200 677
186.86.33.245 - - [29/Dec/2023:07:16:37 -0500] "GET /sipse/faces/javax.faces.resource/theme.css?ln=primefaces-sipse HTTP/1.1" 304 -
186.86.33.245 - - [29/Dec/2023:07:16:37 -0500] "GET /sipse/faces/faces/autenticacion.xhtml HTTP/1.1" 200 12415
186.86.33.245 - - [29/Dec/2023:07:16:37 -0500] "GET /sipse/faces/javax.faces.resource/theme.css?ln=primefaces-sipse HTTP/1.1" 304 -
186.86.33.245 - - [29/Dec/2023:07:16:37 -0500] "GET /sipse/css/custom_css_sg.css HTTP/1.1" 304 -
186.86.33.245 - - [29/Dec/2023:07:16:37 -0500] "GET /sipse/css/custom_css_sg_prime_login.css HTTP/1.1" 304 -
186.86.33.245 - - [29/Dec/2023:07:16:37 -0500] "GET /sipse/faces/javax.faces.resource/jquery/jquery.js?ln=primefaces&v=4.0 HTTP/1.1" 304 -
186.86.33.245 - - [29/Dec/2023:07:16:37 -0500] "GET /sipse/faces/javax.faces.resource/layout/layout.css?ln=primefaces&v=4.0 HTTP/1.1" 304 -
186.86.33.245 - - [29/Dec/2023:07:16:37 -0500] "GET /sipse/faces/javax.faces.resource/primefaces.css?ln=primefaces&v=4.0 HTTP/1.1" 304 -
186.86.33.245 - - [29/Dec/2023:07:16:37 -0500] "GET /sipse/faces/javax.faces.resource/jquery/jquery-plugins.js?ln=primefaces&v=4.0 HTTP/1.1" 304 -
186.86.33.245 - - [29/Dec/2023:07:16:37 -0500] "GET /sipse/js/disable_browser_buttons.js HTTP/1.1" 304 -
186.86.33.245 - - [29/Dec/2023:07:16:37 -0500] "GET /sipse/js/funciones.js HTTP/1.1" 304 -
186.86.33.245 - - [29/Dec/2023:07:16:37 -0500] "GET /sipse/faces/javax.faces.resource/primefaces.js?ln=primefaces&v=4.0 HTTP/1.1" 304 -
186.86.33.245 - - [29/Dec/2023:07:16:37 -0500] "GET /sipse/faces/javax.faces.resource/layout/layout.js?ln=primefaces&v=4.0 HTTP/1.1" 304 -
186.86.33.245 - - [29/Dec/2023:07:16:37 -0500] "GET /sipse/faces/javax.faces.resource/images/ui-icons_898989_256x240.png?ln=primefaces-aristo HTTP/1.1" 200 5355
186.86.33.245 - - [29/Dec/2023:07:16:37 -0500] "GET /sipse/css/imagen/loginimg.png HTTP/1.1" 200 71635
186.86.33.245 - - [29/Dec/2023:07:16:37 -0500] "GET /sipse/css/imagen/logoSDG.png HTTP/1.1" 200 53064
186.86.33.245 - - [29/Dec/2023:07:16:40 -0500] "POST /sipse/faces/autenticacion.xhtml HTTP/1.1" 200 16286
186.86.33.245 - - [29/Dec/2023:07:16:40 -0500] "GET /sipse/css/custom_css_sg_prime.css HTTP/1.1" 304 -
186.86.33.245 - - [29/Dec/2023:07:16:40 -0500] "GET /sipse/js/jquery.min.js HTTP/1.1" 304 -
186.86.33.245 - - [29/Dec/2023:07:16:40 -0500] "GET /sipse/faces/javax.faces.resource/jquery/jquery.js?ln=primefaces&v=4.0 HTTP/1.1" 304 -
186.86.33.245 - - [29/Dec/2023:07:16:40 -0500] "GET /sipse/faces/javax.faces.resource/jquery/jquery-plugins.js?ln=primefaces&v=4.0 HTTP/1.1" 304 -
186.86.33.245 - - [29/Dec/2023:07:16:40 -0500] "GET /sipse/faces/javax.faces.resource/primefaces.js?ln=primefaces&v=4.0 HTTP/1.1" 304 -
186.86.33.245 - - [29/Dec/2023:07:16:40 -0500] "GET /sipse/faces/javax.faces.resource/layout/layout.js?ln=primefaces&v=4.0 HTTP/1.1" 304 -
186.86.33.245 - - [29/Dec/2023:07:16:40 -0500] "GET /sipse/css/v_mergente.css HTTP/1.1" 304 -
186.86.33.245 - - [29/Dec/2023:07:16:40 -0500] "GET /sipse/imagenes/cargando.gif HTTP/1.1" 304 -
186.86.33.245 - - [29/Dec/2023:07:16:40 -0500] "GET /sipse/imagenes/logoAplicacion.jpg HTTP/1.1" 304 -
186.86.33.245 - - [29/Dec/2023:07:16:40 -0500] "GET /sipse/css/imagen/contrasena.png HTTP/1.1" 404 383
186.86.33.245 - - [29/Dec/2023:07:16:40 -0500] "GET /sipse/faces/javax.faces.resource/messages/messages.png?ln=primefaces&v=4.0 HTTP/1.1" 200 27209
201.245.192.253 - - [29/Dec/2023:07:16:38 -0500] "POST /kwsrmcab/Wsrmcab  HTTP/1.1" 200 36178
172.22.2.4 - - [29/Dec/2023:07:15:03 -0500] "GET /BLA/boletinlegal/ HTTP/1.1" 200 43326
156.59.198.135 - - [29/Dec/2023:07:16:48 -0500] "GET /BLA/resoluciones/Notificaciones/REGISTROS%202016/02143.doc HTTP/1.0" 200 592693
201.245.192.253 - - [29/Dec/2023:07:16:59 -0500] "POST /forms/lservlet;jsessionid=ac16012b30d60a65f47120164194bbc39b7c0db64418.e3iSbxaKaheRe34Qc38TbN0Nb41ynknvrkLOlQzNp65In0 HTTP/1.1" 200 2
156.59.198.135 - - [29/Dec/2023:07:17:12 -0500] "GET /BLA/resoluciones/Notificaciones/AUTOS%202014/1911.doc HTTP/1.0" 200 230400
186.86.33.245 - - [29/Dec/2023:07:17:31 -0500] "GET /sipse/faces/javax.faces.resource/images/ui-bg_flat_0_2d5972_40x100.png?ln=primefaces-aristo HTTP/1.1" 304 -
186.86.33.245 - - [29/Dec/2023:07:17:31 -0500] "POST /sipse/faces/bienvenido.xhtml HTTP/1.1" 200 1471
186.86.33.245 - - [29/Dec/2023:07:17:32 -0500] "POST /sipse/faces/bienvenido.xhtml HTTP/1.1" 200 34410
186.86.33.245 - - [29/Dec/2023:07:17:32 -0500] "GET /sipse/faces/javax.faces.resource/jquery/jquery.js?ln=primefaces&v=4.0 HTTP/1.1" 304 -
186.86.33.245 - - [29/Dec/2023:07:17:32 -0500] "GET /sipse/faces/javax.faces.resource/jquery/jquery-plugins.js?ln=primefaces&v=4.0 HTTP/1.1" 304 -
186.86.33.245 - - [29/Dec/2023:07:17:32 -0500] "GET /sipse/faces/javax.faces.resource/primefaces.js?ln=primefaces&v=4.0 HTTP/1.1" 304 -
186.86.33.245 - - [29/Dec/2023:07:17:32 -0500] "GET /sipse/faces/javax.faces.resource/layout/layout.js?ln=primefaces&v=4.0 HTTP/1.1" 304 -
186.86.33.245 - - [29/Dec/2023:07:17:32 -0500] "POST /sipse/faces/presentacion/financiero/solicitudProceso/listarSolicitudProceso.xhtml HTTP/1.1" 200 1396
156.59.198.136 - - [29/Dec/2023:07:17:36 -0500] "GET /BLA/resoluciones/Notificaciones/RESOLUCIONES%202021/3883.pdf HTTP/1.0" 200 734214
201.245.192.253 - - [29/Dec/2023:07:17:53 -0500] "POST /forms/lservlet;jsessionid=ac16012b30d69fc638daa8814864b22e81b914d62a46.e3iSbxaKaheRe34Qc38TbN0Nb41ynknvrkLOlQzNp65In0 HTTP/1.1" 200 2
156.59.198.136 - - [29/Dec/2023:07:18:01 -0500] "GET /BLA/resoluciones/Notificaciones/RESOLUCIONES%202017/00993.doc HTTP/1.0" 200 294041
156.59.198.135 - - [29/Dec/2023:07:18:25 -0500] "GET /BLA/resoluciones/Notificaciones/AUTOS%202015/1340.doc HTTP/1.0" 200 130048
172.22.2.4 - - [29/Dec/2023:07:18:35 -0500] "GET /BLA/boletinlegal/js/jquery.scrollTo-min.js HTTP/1.1" 200 1150
186.102.101.184 - - [29/Dec/2023:07:18:45 -0500] "GET /kwssiamovil/sm/ldap/au?x=U2FsdGVkX1+IWr/K+Sn9aBIpe/BB5YeumuHbaP+1NPUlwhBR317ke17c1eRPiWWQ&y=U2FsdGVkX1+oKOaw5CImFf5exum6lPDtbavDpmU2y61rD9nN+DLRdGu7Xr5EPLKp HTTP/1.1" 200 30
186.102.101.184 - - [29/Dec/2023:07:18:45 -0500] "GET /kwssiamovil/sm/acme/s?s=U2FsdGVkX1+awd3/lVK6ZbRJnUWbOUHCuYdQfYzK2mfMjW3WCp5ee1skrXL+amthtUGop/+SjuHe0s6b0Ahmoso6NxofrFMCnxeb/cZ1te4=&u=U2FsdGVkX1/tQqTUZejG0/5jlu94eNcyqKd2u+FTsT4/+We5lhjY1EFSfoj3uF9k&y=U2FsdGVkX1+oKOaw5CImFf5exum6lPDtbavDpmU2y61rD9nN+DLRdGu7Xr5EPLKp HTTP/1.1" 200 97
186.102.101.184 - - [29/Dec/2023:07:18:46 -0500] "GET /kwssiamovil/sm/acme/s?s=U2FsdGVkX18p+BTLVBoIYlMwI5esVSXP+2DzhS4cAvh6ThJMcus06EMNR8wMw1Ts8kBJ8kK2rThRwZ3nb1mELL3P4r3Qp0z+3upXAHS5//pDB0XrUf5KMnaX6Nc5pyQBYFnh1Qry6IkcEiS85LBHQAo2FiTAh+pR4eunOZUjLxCgQhkduBA7ahma/bgVdbHc8O6VckmiX1+MudV8R8JGtIBhPV745srb6odCJu8E/X49bTTN0dMv/NBbOBzk0ba39T11NuIrUJ9Q/dTn1xdC4CbCQqDj8GGEN3TihOsfqerPRl+RXJxAng+kUW+bYTH3A4g4G85UlqkjBKU0CLJQwvPMrFsoEwAssyZSGXPKW1RKfRcAJK4mskz0CDRQvzDoBqprxZx6g+7wsZmM3hVVXUe0IbefIwOykSwzNLgn5S1+uw6SqopVd2Z+xfOr+OLmsnTuxy2+Q+9wVJn4UC3V6EEqhOZy7Cu21URQVUezDs7Q5jJTieXU73V6hOeeMRdUFJOfzAni134ipumhJYHr4iHBjTJq3qWrOVrapPT5aYUC/H8kAK0U6aElXSKpPEsWNhDg7Woay/i28PLdpSefFuLpRydGk4Ygw72H2xvhO3OTOhtqG0te1Xk45Z/nqj3PJlb5U9c+N63ufqobfTV2QMsVEwPcCZ4pOUuprIjK1ZDieGQkwYiLKu9TEkd0ok2qX1wOHJCCyVvlHTeHqZQjJr1DIG6MQ6wVrKBhg6gvqmBQPg0vN8fpFS8sOeUftDmp1H4z3X2UYw8bKSwpi6a920csKnDPFKQ2lY4e7XN8fDSSzZqxk7G8v/IIiUVFqOI1QYnlB4nmh7B6/aGYq1VOM1ovmx/jX+NQOhxReIzqdnPclkzasNcQqToAprSzJMuYyModxvTbdwMsjf8Jf7751Dnv0keg0Z2HQ3myNWoWzwtX8fbLQgZZlAm7w6ny2N+RNn1S5+IEfHt+Z2nlkPgQ7KVyCkT7GRel4hepc2ITow10bI5gTP5f6ybFWcIeEngsxfL6sPg67KvHmWgf31qVED1M+bM6hQTgb11ESWZv30nZDIw4xnWL0jAkcBIXt5CHl2tiITv2P1Y6lswn4GguR+DMCPcBuN/tKpzoXMMWtE5h1HsmiWrke6RmKg2IJ1J75iiSJF9RShM5uXnCojC42rlZbJlMWfQrABSzZi935fPd+XYToCPfGTU1Y0D2T1TkIJndQzK4XvA5u9ogPa+49bjs6Hh3Rxc2YaJ0atXv7R63cHqCBW5xVrpTxZrk6nVBi+IEfhQJJUyDUe9ZC9vFNtB2GDcLzBPFqbXrkYkljoG6LmD7CAVngWexhn5DcwKlyz9plaZ4bzvcAT9y5/SBM3CUiRYU1ol1yhNE3TbOJnB3NT0eqrfeDwkF8t7xQQuh8GAAE2LXcbucPvO9/Uve9eIJtFtg4ns9gVEirim5Wo8=&u=U2FsdGVkX1/tQqTUZejG0/5jlu94eNcyqKd2u+FTsT4/+We5lhjY1EFSfoj3uF9k&y=U2FsdGVkX1+oKOaw5CImFf5exum6lPDtbavDpmU2y61rD9nN+DLRdGu7Xr5EPLKp HTTP/1.1" 200 2974
186.102.101.184 - - [29/Dec/2023:07:18:46 -0500] "GET /kwssiamovil/sm/acme/s?s=U2FsdGVkX19+UEyALGzxL0HafQi3KmIkYYW/RAfgdQSeuXBZCwYg3ORfWNxWymlyKf+RZMkCo/V0yJWpPv+AVLEYFyl+eXHc2PcfxKWh5y46mG7Y4pjd15GjRkj42zg1uWJHzhI/C86fyR5cJv6SE+RDMz4wLtQubJTaZbw0dqt61sMa0UfQmbCSkHS/62qOt1sCTL1jsH/j6Xv1XR0TwButgNcRk5NEPv3fLfa5uwBneMOxe+p1a5ukRBBdEmXZcy9f5yd8yEsra3uSGG8uJzxEH3wCEQqI9wJypx7B0faUvpzxqHZBTbtRYpevT06jHXG1cl27cLno8uIbmFeceT2VCrQ4qPINL84TCmBmTzA=&u=U2FsdGVkX1/tQqTUZejG0/5jlu94eNcyqKd2u+FTsT4/+We5lhjY1EFSfoj3uF9k&y=U2FsdGVkX1+oKOaw5CImFf5exum6lPDtbavDpmU2y61rD9nN+DLRdGu7Xr5EPLKp HTTP/1.1" 200 196
186.102.101.184 - - [29/Dec/2023:07:18:46 -0500] "GET /kwssiamovil/sm/cjson/pre?f=1&x=U2FsdGVkX1+IWr/K+Sn9aBIpe/BB5YeumuHbaP+1NPUlwhBR317ke17c1eRPiWWQ HTTP/1.1" 200 31032
156.59.198.135 - - [29/Dec/2023:07:18:49 -0500] "GET /BLA/resoluciones/Notificaciones/REGISTROS%202020/0716.pdf HTTP/1.0" 200 267958
201.245.192.253 - - [29/Dec/2023:07:18:59 -0500] "POST /forms/lservlet;jsessionid=ac16012b30d60a65f47120164194bbc39b7c0db64418.e3iSbxaKaheRe34Qc38TbN0Nb41ynknvrkLOlQzNp65In0 HTTP/1.1" 200 2
156.59.198.135 - - [29/Dec/2023:07:19:14 -0500] "GET /BLA/resoluciones/Notificaciones/AUTOS%202014/2672.doc HTTP/1.0" 200 228352
156.59.198.136 - - [29/Dec/2023:07:19:38 -0500] "GET /BLA/resoluciones/Notificaciones/AUTOS%202015/06676.doc HTTP/1.0" 200 141245
201.245.192.253 - - [29/Dec/2023:07:19:53 -0500] "POST /forms/lservlet;jsessionid=ac16012b30d69fc638daa8814864b22e81b914d62a46.e3iSbxaKaheRe34Qc38TbN0Nb41ynknvrkLOlQzNp65In0 HTTP/1.1" 200 2
201.245.192.253 - - [29/Dec/2023:07:19:57 -0500] "POST /kwsrmcab/Wsrmcab HTTP/1.1" 200 36350
156.59.198.136 - - [29/Dec/2023:07:20:03 -0500] "GET /BLA/resoluciones/Notificaciones/REGISTROS%202016/01184.pdf HTTP/1.0" 200 590968
201.245.192.253 - - [29/Dec/2023:07:20:02 -0500] "POST /kwsrmcab/Wsrmcab HTTP/1.1" 200 36823
156.59.198.135 - - [29/Dec/2023:07:20:28 -0500] "GET /BLA/resoluciones/Notificaciones/RESOLUCIONES%202021/00451.pdf HTTP/1.0" 200 680991
156.59.198.135 - - [29/Dec/2023:07:20:51 -0500] "GET /BLA/resoluciones/Notificaciones/AUTOS%202018/01882.pdf HTTP/1.0" 200 308242
201.245.192.253 - - [29/Dec/2023:07:21:00 -0500] "POST /forms/lservlet;jsessionid=ac16012b30d60a65f47120164194bbc39b7c0db64418.e3iSbxaKaheRe34Qc38TbN0Nb41ynknvrkLOlQzNp65In0 HTTP/1.1" 200 2
216.245.221.92 - - [29/Dec/2023:07:21:06 -0500] "HEAD / HTTP/1.1" 200 -
156.59.198.136 - - [29/Dec/2023:07:21:17 -0500] "GET /BLA/resoluciones/Notificaciones/AUTOS%202015/0064.doc HTTP/1.0" 200 204800
69.63.189.5 - - [29/Dec/2023:07:21:29 -0500] "GET /images/Musgo%2017%20-%2012%20-%202023.jpeg HTTP/1.1" 200 66238
201.245.192.253 - - [29/Dec/2023:07:21:37 -0500] "POST /kwsrmcab/Wsrmcab  HTTP/1.1" 200 36178
156.59.198.136 - - [29/Dec/2023:07:21:40 -0500] "GET /BLA/resoluciones/Notificaciones/RESOLUCIONES%202021/5561.pdf HTTP/1.0" 200 535625
172.22.2.4 - - [29/Dec/2023:07:20:02 -0500] "HEAD /BLA/boletinlegal/ HTTP/1.1" 200 -
201.245.192.253 - - [29/Dec/2023:07:21:53 -0500] "POST /forms/lservlet;jsessionid=ac16012b30d69fc638daa8814864b22e81b914d62a46.e3iSbxaKaheRe34Qc38TbN0Nb41ynknvrkLOlQzNp65In0 HTTP/1.1" 200 2
156.59.198.135 - - [29/Dec/2023:07:22:05 -0500] "GET /BLA/resoluciones/Notificaciones/REGISTROS%202016/1363.pdf HTTP/1.0" 200 591765
156.59.198.136 - - [29/Dec/2023:07:22:29 -0500] "GET /BLA/resoluciones/Notificaciones/REGISTROS%202020/01736.pdf HTTP/1.0" 200 370512
172.22.2.4 - - [29/Dec/2023:07:20:53 -0500] "GET /BLA/boletinlegal/ HTTP/1.1" 200 58567
156.59.198.135 - - [29/Dec/2023:07:22:53 -0500] "GET /BLA/resoluciones/Notificaciones/AUTOS%202014/5380.doc HTTP/1.0" 200 118272
201.245.192.253 - - [29/Dec/2023:07:23:00 -0500] "POST /forms/lservlet;jsessionid=ac16012b30d60a65f47120164194bbc39b7c0db64418.e3iSbxaKaheRe34Qc38TbN0Nb41ynknvrkLOlQzNp65In0 HTTP/1.1" 200 2
156.59.198.136 - - [29/Dec/2023:07:23:18 -0500] "GET /BLA/resoluciones/Notificaciones/RESOLUCIONES%202022/2917.pdf HTTP/1.0" 200 536794
156.59.198.135 - - [29/Dec/2023:07:23:42 -0500] "GET /BLA/resoluciones/Notificaciones/RESOLUCIONES%202022/2367.pdf HTTP/1.0" 200 385192
201.245.192.253 - - [29/Dec/2023:07:23:53 -0500] "POST /forms/lservlet;jsessionid=ac16012b30d69fc638daa8814864b22e81b914d62a46.e3iSbxaKaheRe34Qc38TbN0Nb41ynknvrkLOlQzNp65In0 HTTP/1.1" 200 2
156.59.198.136 - - [29/Dec/2023:07:24:06 -0500] "GET /BLA/resoluciones/Notificaciones/AUTOS%202015/02877.doc HTTP/1.0" 200 149296
156.59.198.135 - - [29/Dec/2023:07:24:31 -0500] "GET /BLA/resoluciones/Notificaciones/REGISTROS%202021/0108.pdf HTTP/1.0" 200 369814
190.24.57.210 - - [29/Dec/2023:07:24:31 -0500] "GET /distrito-exalto-a-246-empresas-de-bogota-por-su-alto-desempeno-y-responsabilidad-ambiental-durante-2023.html HTTP/1.1" 200 1039
156.59.198.135 - - [29/Dec/2023:07:24:55 -0500] "GET /BLA/resoluciones/Notificaciones/AUTOS%202014/3940.doc HTTP/1.0" 200 140288
172.22.2.4 - - [29/Dec/2023:07:24:59 -0500] "GET /BLA/boletinlegal/Circulares/2020/Circular%2000010%20del%2027%20de%20julio%20de%202020.pdf HTTP/1.1" 304 -
201.245.192.253 - - [29/Dec/2023:07:25:00 -0500] "POST /forms/lservlet;jsessionid=ac16012b30d60a65f47120164194bbc39b7c0db64418.e3iSbxaKaheRe34Qc38TbN0Nb41ynknvrkLOlQzNp65In0 HTTP/1.1" 200 2
40.77.167.143 - - [29/Dec/2023:07:25:12 -0500] "GET /BLA/resoluciones/RESOLUCIONES%202017/3232.pdf HTTP/1.1" 200 549444
156.59.198.135 - - [29/Dec/2023:07:25:19 -0500] "GET /BLA/resoluciones/Notificaciones/RESOLUCIONES%202022/2092.pdf HTTP/1.0" 200 396669
186.84.88.100 - - [29/Dec/2023:07:25:23 -0500] "GET /distrito-exalto-a-246-empresas-de-bogota-por-su-alto-desempeno-y-responsabilidad-ambiental-durante-2023.html HTTP/1.1" 200 1039
54.38.47.219 - - [29/Dec/2023:07:25:38 -0500] "GET /wp-json/acf/v3/options/a?id=wp_mail&field=smtp HTTP/1.1" 404 1018
156.59.198.136 - - [29/Dec/2023:07:25:43 -0500] "GET /BLA/resoluciones/Notificaciones/REGISTROS%202019/2295.pdf HTTP/1.0" 200 263109
201.245.192.253 - - [29/Dec/2023:07:25:53 -0500] "POST /forms/lservlet;jsessionid=ac16012b30d69fc638daa8814864b22e81b914d62a46.e3iSbxaKaheRe34Qc38TbN0Nb41ynknvrkLOlQzNp65In0 HTTP/1.1" 200 2
201.245.192.253 - - [29/Dec/2023:07:25:53 -0500] "POST /kwsrmcab/Wsrmcab HTTP/1.1" 200 36350
201.245.192.253 - - [29/Dec/2023:07:25:56 -0500] "POST /kwsrmcab/Wsrmcab HTTP/1.1" 200 36823
216.245.221.92 - - [29/Dec/2023:07:26:06 -0500] "HEAD / HTTP/1.1" 200 -
156.59.198.135 - - [29/Dec/2023:07:26:08 -0500] "GET /BLA/resoluciones/Notificaciones/REGISTROS%202018/00929.pdf HTTP/1.0" 200 266630
156.59.198.136 - - [29/Dec/2023:07:26:33 -0500] "GET /BLA/resoluciones/Notificaciones/RESOLUCIONES%202021/1572.pdf HTTP/1.0" 200 345185
201.245.192.253 - - [29/Dec/2023:07:26:36 -0500] "POST /kwsrmcab/Wsrmcab  HTTP/1.1" 200 36178
156.59.198.136 - - [29/Dec/2023:07:26:57 -0500] "GET /BLA/resoluciones/Notificaciones/RESOLUCIONES%202021/3421.pdf HTTP/1.0" 200 345525
201.245.192.253 - - [29/Dec/2023:07:27:00 -0500] "POST /forms/lservlet;jsessionid=ac16012b30d60a65f47120164194bbc39b7c0db64418.e3iSbxaKaheRe34Qc38TbN0Nb41ynknvrkLOlQzNp65In0 HTTP/1.1" 200 2
156.59.198.135 - - [29/Dec/2023:07:27:22 -0500] "GET /BLA/resoluciones/Notificaciones/AUTOS%202018/03213.pdf HTTP/1.0" 200 296187
172.22.2.4 - - [29/Dec/2023:07:25:52 -0500] "HEAD /BLA/boletinlegal/ HTTP/1.1" 200 -
156.59.198.136 - - [29/Dec/2023:07:27:46 -0500] "GET /BLA/resoluciones/Notificaciones/RESOLUCIONES%202021/1769.pdf HTTP/1.0" 200 373524
201.245.192.253 - - [29/Dec/2023:07:27:53 -0500] "POST /forms/lservlet;jsessionid=ac16012b30d69fc638daa8814864b22e81b914d62a46.e3iSbxaKaheRe34Qc38TbN0Nb41ynknvrkLOlQzNp65In0 HTTP/1.1" 200 2
156.59.198.135 - - [29/Dec/2023:07:28:10 -0500] "GET /BLA/resoluciones/Notificaciones/AUTOS%202021/0953.pdf HTTP/1.0" 200 352838
172.22.2.4 - - [29/Dec/2023:07:26:43 -0500] "GET /BLA/boletinlegal/ HTTP/1.1" 200 58567
156.59.198.136 - - [29/Dec/2023:07:28:34 -0500] "GET /BLA/resoluciones/Notificaciones/RESOLUCIONES%202023/1078.pdf HTTP/1.0" 200 446549
156.59.198.136 - - [29/Dec/2023:07:28:59 -0500] "GET /BLA/resoluciones/Notificaciones/AUTOS%202021/4633.pdf HTTP/1.0" 200 395312
201.245.192.253 - - [29/Dec/2023:07:29:00 -0500] "POST /forms/lservlet;jsessionid=ac16012b30d60a65f47120164194bbc39b7c0db64418.e3iSbxaKaheRe34Qc38TbN0Nb41ynknvrkLOlQzNp65In0 HTTP/1.1" 200 2
156.59.198.135 - - [29/Dec/2023:07:29:23 -0500] "GET /BLA/resoluciones/Notificaciones/AUTOS%202014/2884.doc HTTP/1.0" 200 236032
156.59.198.135 - - [29/Dec/2023:07:29:47 -0500] "GET /BLA/resoluciones/Notificaciones/RESOLUCIONES%202022/2639.pdf HTTP/1.0" 200 400842
201.245.192.253 - - [29/Dec/2023:07:29:53 -0500] "POST /forms/lservlet;jsessionid=ac16012b30d69fc638daa8814864b22e81b914d62a46.e3iSbxaKaheRe34Qc38TbN0Nb41ynknvrkLOlQzNp65In0 HTTP/1.1" 200 2
201.245.192.253 - - [29/Dec/2023:07:29:57 -0500] "POST /kwsrmcab/Wsrmcab HTTP/1.1" 200 36350
201.245.192.253 - - [29/Dec/2023:07:30:01 -0500] "POST /kwsrmcab/Wsrmcab HTTP/1.1" 200 36823
156.59.198.136 - - [29/Dec/2023:07:30:11 -0500] "GET /BLA/resoluciones/Notificaciones/AUTOS%202015/3538.doc HTTP/1.0" 200 164864
156.59.198.135 - - [29/Dec/2023:07:30:36 -0500] "GET /BLA/resoluciones/Notificaciones/AUTOS%202021/4811.pdf HTTP/1.0" 200 357010
172.22.2.4 - - [29/Dec/2023:07:30:39 -0500] "GET /BLA/boletinlegal/style.css HTTP/1.1" 200 9406
201.245.192.253 - - [29/Dec/2023:07:31:00 -0500] "POST /forms/lservlet;jsessionid=ac16012b30d60a65f47120164194bbc39b7c0db64418.e3iSbxaKaheRe34Qc38TbN0Nb41ynknvrkLOlQzNp65In0 HTTP/1.1" 200 2
156.59.198.135 - - [29/Dec/2023:07:31:00 -0500] "GET /BLA/resoluciones/Notificaciones/RESOLUCIONES%202022/1005.pdf HTTP/1.0" 200 480158
216.245.221.92 - - [29/Dec/2023:07:31:06 -0500] "HEAD / HTTP/1.1" 200 -
156.59.198.136 - - [29/Dec/2023:07:31:24 -0500] "GET /BLA/resoluciones/Notificaciones/AUTOS%202014/5007.doc HTTP/1.0" 200 752128
201.245.192.253 - - [29/Dec/2023:07:31:34 -0500] "POST /kwsrmcab/Wsrmcab  HTTP/1.1" 200 36178
172.22.2.4 - - [29/Dec/2023:07:31:47 -0500] "GET /BLA/boletinlegal/jurisprudencia/analisis/AnalisisC-746-12.docx HTTP/1.1" 200 22637
156.59.198.135 - - [29/Dec/2023:07:31:48 -0500] "GET /BLA/resoluciones/Notificaciones/AUTOS%202018/3215.pdf HTTP/1.0" 200 293842
201.245.192.253 - - [29/Dec/2023:07:31:53 -0500] "POST /forms/lservlet;jsessionid=ac16012b30d69fc638daa8814864b22e81b914d62a46.e3iSbxaKaheRe34Qc38TbN0Nb41ynknvrkLOlQzNp65In0 HTTP/1.1" 200 2
199.16.157.180 - - [29/Dec/2023:07:32:02 -0500] "GET /images/Acuerdos%2001%20(1)%20(1).jpeg HTTP/1.1" 200 32884
156.59.198.136 - - [29/Dec/2023:07:32:13 -0500] "GET /BLA/resoluciones/Notificaciones/AUTOS%202015/05572.doc HTTP/1.0" 200 116174
156.59.198.135 - - [29/Dec/2023:07:32:38 -0500] "GET /BLA/resoluciones/Notificaciones/RESOLUCIONES%202021/3322.pdf HTTP/1.0" 200 350492
66.249.66.20 - - [29/Dec/2023:07:32:46 -0500] "GET /Publicaciones/2023EE221737.pdf HTTP/1.1" 404 228
201.245.192.253 - - [29/Dec/2023:07:33:00 -0500] "POST /forms/lservlet;jsessionid=ac16012b30d60a65f47120164194bbc39b7c0db64418.e3iSbxaKaheRe34Qc38TbN0Nb41ynknvrkLOlQzNp65In0 HTTP/1.1" 200 2
156.59.198.136 - - [29/Dec/2023:07:33:02 -0500] "GET /BLA/resoluciones/Notificaciones/AUTOS%202021/1591.pdf HTTP/1.0" 200 343080
172.22.2.4 - - [29/Dec/2023:07:31:42 -0500] "HEAD /BLA/boletinlegal/ HTTP/1.1" 200 -
156.59.198.136 - - [29/Dec/2023:07:33:26 -0500] "GET /BLA/resoluciones/Notificaciones/RESOLUCIONES%202022/3032.pdf HTTP/1.0" 200 436356
156.59.198.136 - - [29/Dec/2023:07:33:50 -0500] "GET /BLA/resoluciones/Notificaciones/AUTOS%202014/5800.doc HTTP/1.0" 200 153600
201.245.192.253 - - [29/Dec/2023:07:33:53 -0500] "POST /forms/lservlet;jsessionid=ac16012b30d69fc638daa8814864b22e81b914d62a46.e3iSbxaKaheRe34Qc38TbN0Nb41ynknvrkLOlQzNp65In0 HTTP/1.1" 200 2
172.22.2.4 - - [29/Dec/2023:07:32:33 -0500] "GET /BLA/boletinlegal/ HTTP/1.1" 200 60502
156.59.198.135 - - [29/Dec/2023:07:34:15 -0500] "GET /BLA/resoluciones/Notificaciones/RESOLUCIONES%202021/3205.pdf HTTP/1.0" 200 422160
156.59.198.135 - - [29/Dec/2023:07:34:40 -0500] "GET /BLA/resoluciones/Notificaciones/AUTOS%202021/3527.pdf HTTP/1.0" 200 355230
201.245.192.253 - - [29/Dec/2023:07:35:00 -0500] "POST /forms/lservlet;jsessionid=ac16012b30d60a65f47120164194bbc39b7c0db64418.e3iSbxaKaheRe34Qc38TbN0Nb41ynknvrkLOlQzNp65In0 HTTP/1.1" 200 2
156.59.198.136 - - [29/Dec/2023:07:35:04 -0500] "GET /BLA/resoluciones/Notificaciones/RESOLUCIONES%202022/4734.pdf HTTP/1.0" 200 376027
156.59.198.135 - - [29/Dec/2023:07:35:28 -0500] "GET /BLA/resoluciones/Notificaciones/RESOLUCIONES%202021/2071.pdf HTTP/1.0" 200 352699
156.59.198.136 - - [29/Dec/2023:07:35:52 -0500] "GET /BLA/resoluciones/Notificaciones/AUTOS%202018/6281.pdf HTTP/1.0" 200 256111
201.245.192.253 - - [29/Dec/2023:07:35:53 -0500] "POST /forms/lservlet;jsessionid=ac16012b30d69fc638daa8814864b22e81b914d62a46.e3iSbxaKaheRe34Qc38TbN0Nb41ynknvrkLOlQzNp65In0 HTTP/1.1" 200 2
201.245.192.253 - - [29/Dec/2023:07:35:53 -0500] "POST /kwsrmcab/Wsrmcab HTTP/1.1" 200 36350
201.245.192.253 - - [29/Dec/2023:07:35:56 -0500] "POST /kwsrmcab/Wsrmcab HTTP/1.1" 200 36823
216.245.221.92 - - [29/Dec/2023:07:36:06 -0500] "HEAD / HTTP/1.1" 200 -
156.59.198.136 - - [29/Dec/2023:07:36:18 -0500] "GET /BLA/resoluciones/Notificaciones/AUTOS%202021/5613.pdf HTTP/1.0" 200 371716
201.245.192.253 - - [29/Dec/2023:07:36:33 -0500] "POST /kwsrmcab/Wsrmcab  HTTP/1.1" 200 36178
156.59.198.135 - - [29/Dec/2023:07:36:43 -0500] "GET /BLA/resoluciones/Notificaciones/AUTOS%202014/1509.doc HTTP/1.0" 200 254976
201.245.192.253 - - [29/Dec/2023:07:37:00 -0500] "POST /forms/lservlet;jsessionid=ac16012b30d60a65f47120164194bbc39b7c0db64418.e3iSbxaKaheRe34Qc38TbN0Nb41ynknvrkLOlQzNp65In0 HTTP/1.1" 200 2
156.59.198.136 - - [29/Dec/2023:07:37:07 -0500] "GET /BLA/resoluciones/Notificaciones/AUTOS%202018/5825.pdf HTTP/1.0" 200 248721
156.59.198.135 - - [29/Dec/2023:07:37:31 -0500] "GET /BLA/resoluciones/Notificaciones/RESOLUCIONES%202021/1808.pdf HTTP/1.0" 200 345965
201.245.192.253 - - [29/Dec/2023:07:37:53 -0500] "POST /forms/lservlet;jsessionid=ac16012b30d69fc638daa8814864b22e81b914d62a46.e3iSbxaKaheRe34Qc38TbN0Nb41ynknvrkLOlQzNp65In0 HTTP/1.1" 200 2
156.59.198.135 - - [29/Dec/2023:07:37:55 -0500] "GET /BLA/resoluciones/Notificaciones/AUTOS%202014/5730.doc HTTP/1.0" 200 155136
190.60.36.2 - - [29/Dec/2023:07:38:05 -0500] "GET /sipse/faces/index.xhtml HTTP/1.1" 200 677
190.60.36.2 - - [29/Dec/2023:07:38:06 -0500] "GET /sipse/faces/javax.faces.resource/theme.css?ln=primefaces-sipse HTTP/1.1" 200 50058
190.60.36.2 - - [29/Dec/2023:07:38:10 -0500] "GET /favicon.ico HTTP/1.1" 200 7782
190.60.36.2 - - [29/Dec/2023:07:38:10 -0500] "GET /sipse/faces/faces/autenticacion.xhtml HTTP/1.1" 200 12415
190.60.36.2 - - [29/Dec/2023:07:38:10 -0500] "GET /sipse/css/custom_css_sg.css HTTP/1.1" 200 9694
190.60.36.2 - - [29/Dec/2023:07:38:10 -0500] "GET /sipse/css/custom_css_sg_prime_login.css HTTP/1.1" 200 443
190.60.36.2 - - [29/Dec/2023:07:38:10 -0500] "GET /sipse/faces/javax.faces.resource/layout/layout.css?ln=primefaces&v=4.0 HTTP/1.1" 200 542
190.60.36.2 - - [29/Dec/2023:07:38:10 -0500] "GET /sipse/faces/javax.faces.resource/theme.css?ln=primefaces-sipse HTTP/1.1" 304 -
190.60.36.2 - - [29/Dec/2023:07:38:10 -0500] "GET /sipse/js/disable_browser_buttons.js HTTP/1.1" 200 3230
190.60.36.2 - - [29/Dec/2023:07:38:10 -0500] "GET /sipse/js/funciones.js HTTP/1.1" 200 12592
190.60.36.2 - - [29/Dec/2023:07:38:11 -0500] "GET /sipse/faces/javax.faces.resource/jquery/jquery.js?ln=primefaces&v=4.0 HTTP/1.1" 200 105384
190.60.36.2 - - [29/Dec/2023:07:38:13 -0500] "GET /sipse/faces/javax.faces.resource/layout/layout.js?ln=primefaces&v=4.0 HTTP/1.1" 200 87560
190.60.36.2 - - [29/Dec/2023:07:38:10 -0500] "GET /sipse/faces/javax.faces.resource/primefaces.css?ln=primefaces&v=4.0 HTTP/1.1" 200 53295
190.60.36.2 - - [29/Dec/2023:07:38:11 -0500] "GET /sipse/faces/javax.faces.resource/jquery/jquery-plugins.js?ln=primefaces&v=4.0 HTTP/1.1" 200 220526
156.59.198.136 - - [29/Dec/2023:07:38:19 -0500] "GET /BLA/resoluciones/Notificaciones/AUTOS%202015/0062.doc HTTP/1.0" 200 205824
190.60.36.2 - - [29/Dec/2023:07:38:12 -0500] "GET /sipse/faces/javax.faces.resource/primefaces.js?ln=primefaces&v=4.0 HTTP/1.1" 200 276924
190.60.36.2 - - [29/Dec/2023:07:38:23 -0500] "GET /sipse/faces/javax.faces.resource/images/ui-icons_898989_256x240.png?ln=primefaces-aristo HTTP/1.1" 200 5355
190.60.36.2 - - [29/Dec/2023:07:38:23 -0500] "GET /sipse/css/imagen/loginimg.png HTTP/1.1" 200 71635
190.60.36.2 - - [29/Dec/2023:07:38:23 -0500] "GET /sipse/css/imagen/logoSDG.png HTTP/1.1" 200 53064
190.60.36.2 - - [29/Dec/2023:07:38:27 -0500] "POST /sipse/faces/autenticacion.xhtml HTTP/1.1" 200 11436
190.60.36.2 - - [29/Dec/2023:07:38:27 -0500] "GET /sipse/css/custom_css_sg_prime.css HTTP/1.1" 200 5201
190.60.36.2 - - [29/Dec/2023:07:38:27 -0500] "GET /sipse/faces/javax.faces.resource/primefaces.css?ln=primefaces&v=4.0 HTTP/1.1" 304 -
190.60.36.2 - - [29/Dec/2023:07:38:27 -0500] "GET /sipse/faces/javax.faces.resource/theme.css?ln=primefaces-sipse HTTP/1.1" 304 -
190.60.36.2 - - [29/Dec/2023:07:38:27 -0500] "GET /sipse/faces/javax.faces.resource/jquery/jquery.js?ln=primefaces&v=4.0 HTTP/1.1" 304 -
190.60.36.2 - - [29/Dec/2023:07:38:27 -0500] "GET /sipse/faces/javax.faces.resource/layout/layout.css?ln=primefaces&v=4.0 HTTP/1.1" 304 -
190.60.36.2 - - [29/Dec/2023:07:38:27 -0500] "GET /sipse/faces/javax.faces.resource/jquery/jquery-plugins.js?ln=primefaces&v=4.0 HTTP/1.1" 304 -
190.60.36.2 - - [29/Dec/2023:07:38:27 -0500] "GET /sipse/faces/javax.faces.resource/primefaces.js?ln=primefaces&v=4.0 HTTP/1.1" 304 -
190.60.36.2 - - [29/Dec/2023:07:38:27 -0500] "GET /sipse/faces/javax.faces.resource/layout/layout.js?ln=primefaces&v=4.0 HTTP/1.1" 304 -
190.60.36.2 - - [29/Dec/2023:07:38:27 -0500] "GET /sipse/faces/javax.faces.resource/messages/messages.png?ln=primefaces&v=4.0 HTTP/1.1" 200 27209
190.60.36.2 - - [29/Dec/2023:07:38:31 -0500] "POST /sipse/faces/presentacion/sistema/seguridad/seleccionRol.xhtml HTTP/1.1" 200 5801
190.60.36.2 - - [29/Dec/2023:07:38:32 -0500] "POST /sipse/faces/presentacion/sistema/seguridad/seleccionRol.xhtml HTTP/1.1" 200 16463
190.60.36.2 - - [29/Dec/2023:07:38:32 -0500] "GET /sipse/faces/javax.faces.resource/layout/layout.css?ln=primefaces&v=4.0 HTTP/1.1" 304 -
190.60.36.2 - - [29/Dec/2023:07:38:32 -0500] "GET /sipse/faces/javax.faces.resource/primefaces.css?ln=primefaces&v=4.0 HTTP/1.1" 304 -
190.60.36.2 - - [29/Dec/2023:07:38:32 -0500] "GET /sipse/faces/javax.faces.resource/theme.css?ln=primefaces-sipse HTTP/1.1" 304 -
190.60.36.2 - - [29/Dec/2023:07:38:32 -0500] "GET /sipse/js/jquery.min.js HTTP/1.1" 200 85582
190.60.36.2 - - [29/Dec/2023:07:38:33 -0500] "GET /sipse/faces/javax.faces.resource/jquery/jquery.js?ln=primefaces&v=4.0 HTTP/1.1" 304 -
190.60.36.2 - - [29/Dec/2023:07:38:33 -0500] "GET /sipse/faces/javax.faces.resource/jquery/jquery-plugins.js?ln=primefaces&v=4.0 HTTP/1.1" 304 -
190.60.36.2 - - [29/Dec/2023:07:38:33 -0500] "GET /sipse/faces/javax.faces.resource/primefaces.js?ln=primefaces&v=4.0 HTTP/1.1" 304 -
190.60.36.2 - - [29/Dec/2023:07:38:33 -0500] "GET /sipse/faces/javax.faces.resource/layout/layout.js?ln=primefaces&v=4.0 HTTP/1.1" 304 -
190.60.36.2 - - [29/Dec/2023:07:38:33 -0500] "GET /sipse/css/v_mergente.css HTTP/1.1" 200 1505
190.60.36.2 - - [29/Dec/2023:07:38:33 -0500] "GET /sipse/css/imagen/contrasena.png HTTP/1.1" 404 383
190.60.36.2 - - [29/Dec/2023:07:38:33 -0500] "GET /sipse/imagenes/cargando.gif HTTP/1.1" 200 36959
190.60.36.2 - - [29/Dec/2023:07:38:33 -0500] "GET /sipse/imagenes/logoAplicacion.jpg HTTP/1.1" 200 155084
190.60.36.2 - - [29/Dec/2023:07:38:38 -0500] "POST /sipse/faces/bienvenido.xhtml HTTP/1.1" 200 1471
190.60.36.2 - - [29/Dec/2023:07:38:38 -0500] "GET /sipse/faces/javax.faces.resource/images/ui-bg_flat_0_2d5972_40x100.png?ln=primefaces-aristo HTTP/1.1" 200 183
190.60.36.2 - - [29/Dec/2023:07:38:39 -0500] "POST /sipse/faces/bienvenido.xhtml HTTP/1.1" 200 63097
190.60.36.2 - - [29/Dec/2023:07:38:40 -0500] "GET /sipse/faces/javax.faces.resource/theme.css?ln=primefaces-sipse HTTP/1.1" 304 -
190.60.36.2 - - [29/Dec/2023:07:38:40 -0500] "GET /sipse/faces/javax.faces.resource/primefaces.css?ln=primefaces&v=4.0 HTTP/1.1" 304 -
190.60.36.2 - - [29/Dec/2023:07:38:40 -0500] "GET /sipse/faces/javax.faces.resource/layout/layout.css?ln=primefaces&v=4.0 HTTP/1.1" 304 -
190.60.36.2 - - [29/Dec/2023:07:38:40 -0500] "GET /sipse/faces/javax.faces.resource/jquery/jquery.js?ln=primefaces&v=4.0 HTTP/1.1" 304 -
190.60.36.2 - - [29/Dec/2023:07:38:40 -0500] "GET /sipse/faces/javax.faces.resource/jquery/jquery-plugins.js?ln=primefaces&v=4.0 HTTP/1.1" 304 -
190.60.36.2 - - [29/Dec/2023:07:38:40 -0500] "GET /sipse/faces/javax.faces.resource/primefaces.js?ln=primefaces&v=4.0 HTTP/1.1" 304 -
190.60.36.2 - - [29/Dec/2023:07:38:40 -0500] "GET /sipse/faces/javax.faces.resource/layout/layout.js?ln=primefaces&v=4.0 HTTP/1.1" 304 -
190.60.36.2 - - [29/Dec/2023:07:38:40 -0500] "POST /sipse/faces/presentacion/financiero/solicitudProceso/listarSolicitudProceso.xhtml HTTP/1.1" 200 1564
156.59.198.135 - - [29/Dec/2023:07:38:44 -0500] "GET /BLA/resoluciones/Notificaciones/AUTOS%202018/01883.pdf HTTP/1.0" 200 283310
192.177.44.181 - - [29/Dec/2023:07:38:46 -0500] "GET /distrito-exalto-a-246-empresas-de-bogota-por-su-alto-desempeno-y-responsabilidad-ambiental-durante-2023.html HTTP/1.1" 200 1039
192.177.44.181 - - [29/Dec/2023:07:38:47 -0500] "GET /favicon.ico HTTP/1.1" 404 1136
66.249.66.21 - - [29/Dec/2023:07:38:48 -0500] "GET /Publicaciones/2023EE78761.pdf HTTP/1.1" 404 227
201.245.192.253 - - [29/Dec/2023:07:38:59 -0500] "GET /reportes_sipse/jsp/inicio.jsp HTTP/1.1" 200 2935
201.245.192.253 - - [29/Dec/2023:07:38:59 -0500] "GET /reportes_sipse/css/estilos.css HTTP/1.1" 304 -
201.245.192.253 - - [29/Dec/2023:07:38:59 -0500] "GET /reportes_sipse/imagenes/logoAplicacion.jpg HTTP/1.1" 304 -
201.245.192.253 - - [29/Dec/2023:07:39:00 -0500] "GET /reportes_sipse/imagenes/fondo.jpg HTTP/1.1" 304 -
201.245.192.253 - - [29/Dec/2023:07:39:00 -0500] "POST /forms/lservlet;jsessionid=ac16012b30d60a65f47120164194bbc39b7c0db64418.e3iSbxaKaheRe34Qc38TbN0Nb41ynknvrkLOlQzNp65In0 HTTP/1.1" 200 2
201.245.192.253 - - [29/Dec/2023:07:39:03 -0500] "POST /reportes_sipse/sdg/ServletReporte?adquisiciones_sipse_detallado& HTTP/1.1" 200 6273
201.245.192.253 - - [29/Dec/2023:07:39:03 -0500] "GET /reportes_sipse/js/funciones.js HTTP/1.1" 304 -
201.245.192.253 - - [29/Dec/2023:07:39:03 -0500] "GET /reportes_sipse/js/date-picker.js HTTP/1.1" 304 -
201.245.192.253 - - [29/Dec/2023:07:39:03 -0500] "GET /reportes_sipse/imagenes/calendario.gif HTTP/1.1" 304 -
201.245.192.253 - - [29/Dec/2023:07:39:03 -0500] "GET /reportes_sipse/imagenes/pdf.gif HTTP/1.1" 304 -
201.245.192.253 - - [29/Dec/2023:07:39:03 -0500] "GET /reportes_sipse/imagenes/excel.gif HTTP/1.1" 304 -
201.245.192.253 - - [29/Dec/2023:07:39:06 -0500] "GET /reportes_sipse/imagenes/retrocedeMes.gif HTTP/1.1" 304 -
201.245.192.253 - - [29/Dec/2023:07:39:06 -0500] "GET /reportes_sipse/imagenes/retrocedeAgno.gif HTTP/1.1" 304 -
201.245.192.253 - - [29/Dec/2023:07:39:06 -0500] "GET /reportes_sipse/imagenes/avanzaAgno.gif HTTP/1.1" 304 -
201.245.192.253 - - [29/Dec/2023:07:39:06 -0500] "GET /reportes_sipse/imagenes/avanzaMes.gif HTTP/1.1" 304 -
156.59.198.136 - - [29/Dec/2023:07:39:08 -0500] "GET /BLA/resoluciones/Notificaciones/AUTOS%202015/2181.doc HTTP/1.0" 200 162304
172.22.2.4 - - [29/Dec/2023:07:37:32 -0500] "HEAD /BLA/boletinlegal/ HTTP/1.1" 200 -
156.59.198.135 - - [29/Dec/2023:07:39:32 -0500] "GET /BLA/resoluciones/Notificaciones/AUTOS%202018/0702.pdf HTTP/1.0" 200 277774
