172.22.2.4 - - [29/Dec/2023:12:19:04 -0500] "GET /BLA/boletinlegal/img/select-left.png HTTP/1.1" 200 263
172.22.2.4 - - [29/Dec/2023:12:19:04 -0500] "GET /BLA/boletinlegal/img/select-right.png HTTP/1.1" 200 44019
172.22.2.4 - - [29/Dec/2023:12:19:04 -0500] "GET /BLA/boletinlegal/img/button-left.png HTTP/1.1" 200 57071
172.22.2.4 - - [29/Dec/2023:12:19:04 -0500] "GET /BLA/boletinlegal/img/button.png HTTP/1.1" 200 43241
172.22.2.4 - - [29/Dec/2023:12:19:04 -0500] "GET /BLA/boletinlegal/img/button-right.png HTTP/1.1" 200 57878
172.22.2.4 - - [29/Dec/2023:12:19:05 -0500] "GET /BLA/boletinlegal/favicon.ico HTTP/1.1" 404 1326
172.22.2.4 - - [29/Dec/2023:12:17:34 -0500] "HEAD /BLA/boletinlegal/ HTTP/1.1" 200 -
191.156.186.5 - - [29/Dec/2023:12:19:16 -0500] "POST /sipse/faces/presentacion/financiero/solicitudProceso/listarSolicitudProceso.xhtml HTTP/1.1" 200 6073
156.59.198.136 - - [29/Dec/2023:12:19:20 -0500] "GET /BLA/resoluciones/Notificaciones/RESOLUCIONES%202021/3461.pdf HTTP/1.0" 200 463115
191.156.186.5 - - [29/Dec/2023:12:19:26 -0500] "POST /sipse/faces/presentacion/financiero/solicitudProceso/listarSolicitudProceso.xhtml HTTP/1.1" 200 6109
172.22.2.4 - - [29/Dec/2023:12:19:29 -0500] "GET /BLA/boletinlegal/consulta_actos.php?tipo=resoluciones&no=&usuario=EDUCACION&sector=SILVICULTURA&fecha=2020&resuelve= HTTP/1.1" 200 2158
172.22.2.4 - - [29/Dec/2023:12:19:29 -0500] "GET /BLA/boletinlegal/images/background.gif HTTP/1.1" 200 -
191.156.186.5 - - [29/Dec/2023:12:19:34 -0500] "POST /sipse/faces/presentacion/financiero/solicitudProceso/listarSolicitudProceso.xhtml HTTP/1.1" 200 6091
191.156.232.117 - - [29/Dec/2023:12:19:36 -0500] "GET /sipse/faces/index.xhtml HTTP/1.1" 200 677
191.156.232.117 - - [29/Dec/2023:12:19:38 -0500] "GET /sipse/faces/javax.faces.resource/theme.css?ln=primefaces-sipse HTTP/1.1" 304 -
191.156.232.117 - - [29/Dec/2023:12:19:39 -0500] "GET /sipse/faces/faces/autenticacion.xhtml HTTP/1.1" 200 12415
201.245.192.253 - - [29/Dec/2023:12:19:39 -0500] "POST /forms/lservlet;jsessionid=ac16012b30d6d409ac978d0745f995b9e9393282f11e.e3iSbxaKaheRe34Rb3eTbx8LaNb0n6jAmljGr5XDqQLvpAe HTTP/1.1" 200 13
191.156.232.117 - - [29/Dec/2023:12:19:39 -0500] "GET /sipse/css/custom_css_sg.css HTTP/1.1" 304 -
191.156.232.117 - - [29/Dec/2023:12:19:39 -0500] "GET /sipse/css/custom_css_sg_prime_login.css HTTP/1.1" 304 -
191.156.232.117 - - [29/Dec/2023:12:19:39 -0500] "GET /sipse/faces/javax.faces.resource/theme.css?ln=primefaces-sipse HTTP/1.1" 304 -
191.156.232.117 - - [29/Dec/2023:12:19:39 -0500] "GET /sipse/faces/javax.faces.resource/primefaces.css?ln=primefaces&v=4.0 HTTP/1.1" 304 -
191.156.232.117 - - [29/Dec/2023:12:19:39 -0500] "GET /sipse/faces/javax.faces.resource/layout/layout.css?ln=primefaces&v=4.0 HTTP/1.1" 304 -
191.156.232.117 - - [29/Dec/2023:12:19:39 -0500] "GET /sipse/js/disable_browser_buttons.js HTTP/1.1" 304 -
191.156.232.117 - - [29/Dec/2023:12:19:39 -0500] "GET /sipse/js/funciones.js HTTP/1.1" 304 -
191.156.232.117 - - [29/Dec/2023:12:19:39 -0500] "GET /sipse/faces/javax.faces.resource/jquery/jquery.js?ln=primefaces&v=4.0 HTTP/1.1" 304 -
191.156.232.117 - - [29/Dec/2023:12:19:39 -0500] "GET /sipse/faces/javax.faces.resource/jquery/jquery-plugins.js?ln=primefaces&v=4.0 HTTP/1.1" 304 -
191.156.232.117 - - [29/Dec/2023:12:19:39 -0500] "GET /sipse/faces/javax.faces.resource/primefaces.js?ln=primefaces&v=4.0 HTTP/1.1" 304 -
191.156.232.117 - - [29/Dec/2023:12:19:39 -0500] "GET /sipse/faces/javax.faces.resource/layout/layout.js?ln=primefaces&v=4.0 HTTP/1.1" 304 -
191.156.232.117 - - [29/Dec/2023:12:19:40 -0500] "GET /sipse/css/imagen/logoSDG.png HTTP/1.1" 304 -
191.156.232.117 - - [29/Dec/2023:12:19:40 -0500] "GET /sipse/css/imagen/loginimg.png HTTP/1.1" 304 -
191.156.232.117 - - [29/Dec/2023:12:19:40 -0500] "GET /sipse/faces/javax.faces.resource/images/ui-icons_898989_256x240.png?ln=primefaces-aristo HTTP/1.1" 304 -
201.245.192.253 - - [29/Dec/2023:12:19:40 -0500] "POST /forms/lservlet;jsessionid=ac16012b30d6d409ac978d0745f995b9e9393282f11e.e3iSbxaKaheRe34Rb3eTbx8LaNb0n6jAmljGr5XDqQLvpAe HTTP/1.1" 200 1832
201.245.192.253 - - [29/Dec/2023:12:19:40 -0500] "POST /forms/lservlet;jsessionid=ac16012b30d6d409ac978d0745f995b9e9393282f11e.e3iSbxaKaheRe34Rb3eTbx8LaNb0n6jAmljGr5XDqQLvpAe HTTP/1.1" 200 10
201.245.192.253 - - [29/Dec/2023:12:19:40 -0500] "POST /forms/lservlet;jsessionid=ac16012b30d6d409ac978d0745f995b9e9393282f11e.e3iSbxaKaheRe34Rb3eTbx8LaNb0n6jAmljGr5XDqQLvpAe HTTP/1.1" 200 24
186.86.32.26 - - [29/Dec/2023:12:19:41 -0500] "GET /BLA/resoluciones/RESOLUCIONES%202020/1779.pdf HTTP/1.1" 200 435701
186.86.32.26 - - [29/Dec/2023:12:19:42 -0500] "GET /favicon.ico HTTP/1.1" 200 7782
191.156.232.117 - - [29/Dec/2023:12:19:42 -0500] "POST /sipse/faces/autenticacion.xhtml HTTP/1.1" 200 16291
191.156.232.117 - - [29/Dec/2023:12:19:43 -0500] "GET /sipse/css/custom_css_sg_prime.css HTTP/1.1" 304 -
191.156.232.117 - - [29/Dec/2023:12:19:43 -0500] "GET /sipse/faces/javax.faces.resource/theme.css?ln=primefaces-sipse HTTP/1.1" 304 -
191.156.232.117 - - [29/Dec/2023:12:19:43 -0500] "GET /sipse/faces/javax.faces.resource/primefaces.css?ln=primefaces&v=4.0 HTTP/1.1" 304 -
191.156.232.117 - - [29/Dec/2023:12:19:43 -0500] "GET /sipse/faces/javax.faces.resource/layout/layout.css?ln=primefaces&v=4.0 HTTP/1.1" 304 -
191.156.232.117 - - [29/Dec/2023:12:19:43 -0500] "GET /sipse/js/jquery.min.js HTTP/1.1" 304 -
191.156.232.117 - - [29/Dec/2023:12:19:43 -0500] "GET /sipse/faces/javax.faces.resource/jquery/jquery.js?ln=primefaces&v=4.0 HTTP/1.1" 304 -
191.156.232.117 - - [29/Dec/2023:12:19:43 -0500] "GET /sipse/faces/javax.faces.resource/jquery/jquery-plugins.js?ln=primefaces&v=4.0 HTTP/1.1" 304 -
191.156.232.117 - - [29/Dec/2023:12:19:43 -0500] "GET /sipse/faces/javax.faces.resource/primefaces.js?ln=primefaces&v=4.0 HTTP/1.1" 304 -
191.156.232.117 - - [29/Dec/2023:12:19:43 -0500] "GET /sipse/faces/javax.faces.resource/layout/layout.js?ln=primefaces&v=4.0 HTTP/1.1" 304 -
191.156.232.117 - - [29/Dec/2023:12:19:43 -0500] "GET /sipse/css/v_mergente.css HTTP/1.1" 304 -
191.156.232.117 - - [29/Dec/2023:12:19:43 -0500] "GET /sipse/css/imagen/contrasena.png HTTP/1.1" 404 383
191.156.232.117 - - [29/Dec/2023:12:19:43 -0500] "GET /sipse/imagenes/cargando.gif HTTP/1.1" 304 -
191.156.232.117 - - [29/Dec/2023:12:19:43 -0500] "GET /sipse/imagenes/logoAplicacion.jpg HTTP/1.1" 304 -
191.156.232.117 - - [29/Dec/2023:12:19:43 -0500] "GET /sipse/faces/javax.faces.resource/messages/messages.png?ln=primefaces&v=4.0 HTTP/1.1" 304 -
156.59.198.135 - - [29/Dec/2023:12:19:45 -0500] "GET /BLA/resoluciones/Notificaciones/AUTOS%202021/5810.pdf HTTP/1.0" 200 400654
52.167.144.182 - - [29/Dec/2023:12:19:46 -0500] "GET /autoliquidacion2020/Licencia%20Ambiental/PM04-PR99-M1Lista%20proyectos%20obras%20actividades%20sujetas%20a%20licenciamiento%20ambiental.doc HTTP/1.1" 200 73216
201.245.192.253 - - [29/Dec/2023:12:19:47 -0500] "POST /forms/lservlet;jsessionid=ac16012b30d6d409ac978d0745f995b9e9393282f11e.e3iSbxaKaheRe34Rb3eTbx8LaNb0n6jAmljGr5XDqQLvpAe HTTP/1.1" 200 2314
191.156.232.117 - - [29/Dec/2023:12:19:47 -0500] "GET /sipse/faces/javax.faces.resource/images/ui-bg_flat_0_2d5972_40x100.png?ln=primefaces-aristo HTTP/1.1" 304 -
191.156.232.117 - - [29/Dec/2023:12:19:47 -0500] "POST /sipse/faces/bienvenido.xhtml HTTP/1.1" 200 9243
191.156.232.117 - - [29/Dec/2023:12:19:49 -0500] "POST /sipse/faces/bienvenido.xhtml HTTP/1.1" 200 1471
191.156.232.117 - - [29/Dec/2023:12:19:50 -0500] "POST /sipse/faces/bienvenido.xhtml HTTP/1.1" 200 49527
191.156.232.117 - - [29/Dec/2023:12:19:51 -0500] "GET /sipse/faces/javax.faces.resource/primefaces.css?ln=primefaces&v=4.0 HTTP/1.1" 304 -
191.156.232.117 - - [29/Dec/2023:12:19:51 -0500] "GET /sipse/faces/javax.faces.resource/layout/layout.css?ln=primefaces&v=4.0 HTTP/1.1" 304 -
191.156.232.117 - - [29/Dec/2023:12:19:51 -0500] "GET /sipse/faces/javax.faces.resource/theme.css?ln=primefaces-sipse HTTP/1.1" 304 -
191.156.232.117 - - [29/Dec/2023:12:19:51 -0500] "GET /sipse/faces/javax.faces.resource/jquery/jquery.js?ln=primefaces&v=4.0 HTTP/1.1" 304 -
191.156.232.117 - - [29/Dec/2023:12:19:51 -0500] "GET /sipse/faces/javax.faces.resource/jquery/jquery-plugins.js?ln=primefaces&v=4.0 HTTP/1.1" 304 -
191.156.232.117 - - [29/Dec/2023:12:19:51 -0500] "GET /sipse/faces/javax.faces.resource/primefaces.js?ln=primefaces&v=4.0 HTTP/1.1" 304 -
191.156.232.117 - - [29/Dec/2023:12:19:51 -0500] "GET /sipse/faces/javax.faces.resource/layout/layout.js?ln=primefaces&v=4.0 HTTP/1.1" 304 -
191.156.232.117 - - [29/Dec/2023:12:19:52 -0500] "POST /sipse/faces/presentacion/financiero/solicitudProceso/listarSolicitudProceso.xhtml HTTP/1.1" 200 1496
172.22.2.4 - - [29/Dec/2023:12:18:22 -0500] "GET /BLA/boletinlegal/ HTTP/1.1" 200 36811
201.245.192.253 - - [29/Dec/2023:12:19:55 -0500] "POST /kwsrmcab/Wsrmcab HTTP/1.1" 200 36452
186.86.32.26 - - [29/Dec/2023:12:19:59 -0500] "GET /BLA/resoluciones/RESOLUCIONES%202020/1611.pdf HTTP/1.1" 200 427489
201.245.192.253 - - [29/Dec/2023:12:20:00 -0500] "POST /kwsrmcab/Wsrmcab HTTP/1.1" 200 36900
172.22.2.4 - - [29/Dec/2023:12:18:24 -0500] "GET /BLA/boletinlegal/ HTTP/1.1" 200 39649
172.22.2.4 - - [29/Dec/2023:12:18:25 -0500] "GET /BLA/boletinlegal/ HTTP/1.1" 200 39649
191.156.232.117 - - [29/Dec/2023:12:20:05 -0500] "POST /sipse/faces/presentacion/financiero/solicitudProceso/listarSolicitudProceso.xhtml HTTP/1.1" 200 146509
191.156.232.117 - - [29/Dec/2023:12:20:07 -0500] "GET /sipse/faces/javax.faces.resource/theme.css?ln=primefaces-sipse HTTP/1.1" 304 -
191.156.232.117 - - [29/Dec/2023:12:20:07 -0500] "GET /sipse/faces/javax.faces.resource/primefaces.css?ln=primefaces&v=4.0 HTTP/1.1" 304 -
191.156.232.117 - - [29/Dec/2023:12:20:07 -0500] "GET /sipse/faces/javax.faces.resource/layout/layout.css?ln=primefaces&v=4.0 HTTP/1.1" 304 -
191.156.232.117 - - [29/Dec/2023:12:20:07 -0500] "GET /sipse/faces/javax.faces.resource/jquery/jquery.js?ln=primefaces&v=4.0 HTTP/1.1" 304 -
191.156.232.117 - - [29/Dec/2023:12:20:07 -0500] "GET /sipse/faces/javax.faces.resource/jquery/jquery-plugins.js?ln=primefaces&v=4.0 HTTP/1.1" 304 -
191.156.232.117 - - [29/Dec/2023:12:20:07 -0500] "GET /sipse/faces/javax.faces.resource/primefaces.js?ln=primefaces&v=4.0 HTTP/1.1" 304 -
191.156.232.117 - - [29/Dec/2023:12:20:08 -0500] "GET /sipse/faces/javax.faces.resource/layout/layout.js?ln=primefaces&v=4.0 HTTP/1.1" 304 -
156.59.198.136 - - [29/Dec/2023:12:20:09 -0500] "GET /BLA/resoluciones/Notificaciones/AUTOS%202022/1355.pdf HTTP/1.0" 200 352026
190.146.110.33 - - [29/Dec/2023:12:20:11 -0500] "GET /sipse/faces/faces/index.xhtml HTTP/1.1" 200 677
190.146.110.33 - - [29/Dec/2023:12:20:11 -0500] "GET /sipse/faces/javax.faces.resource/theme.css?ln=primefaces-sipse HTTP/1.1" 304 -
190.146.110.33 - - [29/Dec/2023:12:20:12 -0500] "GET /sipse/faces/faces/faces/autenticacion.xhtml HTTP/1.1" 200 12421
190.146.110.33 - - [29/Dec/2023:12:20:12 -0500] "GET /sipse/faces/javax.faces.resource/theme.css?ln=primefaces-sipse HTTP/1.1" 304 -
190.146.110.33 - - [29/Dec/2023:12:20:12 -0500] "GET /sipse/faces/javax.faces.resource/primefaces.css?ln=primefaces&v=4.0 HTTP/1.1" 304 -
190.146.110.33 - - [29/Dec/2023:12:20:12 -0500] "GET /sipse/faces/javax.faces.resource/layout/layout.css?ln=primefaces&v=4.0 HTTP/1.1" 304 -
190.146.110.33 - - [29/Dec/2023:12:20:12 -0500] "GET /sipse/faces/javax.faces.resource/primefaces.js?ln=primefaces&v=4.0 HTTP/1.1" 304 -
190.146.110.33 - - [29/Dec/2023:12:20:12 -0500] "GET /sipse/faces/javax.faces.resource/jquery/jquery.js?ln=primefaces&v=4.0 HTTP/1.1" 304 -
190.146.110.33 - - [29/Dec/2023:12:20:12 -0500] "GET /sipse/faces/javax.faces.resource/jquery/jquery-plugins.js?ln=primefaces&v=4.0 HTTP/1.1" 304 -
190.146.110.33 - - [29/Dec/2023:12:20:12 -0500] "GET /sipse/faces/javax.faces.resource/layout/layout.js?ln=primefaces&v=4.0 HTTP/1.1" 304 -
190.146.110.33 - - [29/Dec/2023:12:20:12 -0500] "GET /sipse/faces/javax.faces.resource/images/ui-icons_898989_256x240.png?ln=primefaces-aristo HTTP/1.1" 304 -
191.156.232.117 - - [29/Dec/2023:12:20:15 -0500] "POST /sipse/faces/presentacion/financiero/solicitudProceso/consultarSolicitudProceso.xhtml HTTP/1.1" 200 138853
172.22.2.4 - - [29/Dec/2023:12:19:10 -0500] "GET /BLA/boletinlegal/ HTTP/1.1" 200 32715
201.245.192.253 - - [29/Dec/2023:12:20:17 -0500] "POST /forms/lservlet;jsessionid=ac16012b30d6d409ac978d0745f995b9e9393282f11e.e3iSbxaKaheRe34Rb3eTbx8LaNb0n6jAmljGr5XDqQLvpAe HTTP/1.1" 200 2
172.22.2.4 - - [29/Dec/2023:12:20:18 -0500] "GET /BLA/boletinlegal/consulta_actos.php?tipo=resoluciones&no=&usuario=EDUCACION&sector=SILVICULTURA&fecha=2021&resuelve= HTTP/1.1" 200 2591
190.146.110.33 - - [29/Dec/2023:12:20:18 -0500] "POST /sipse/faces/autenticacion.xhtml HTTP/1.1" 200 11260
190.146.110.33 - - [29/Dec/2023:12:20:18 -0500] "GET /sipse/faces/javax.faces.resource/primefaces.css?ln=primefaces&v=4.0 HTTP/1.1" 304 -
190.146.110.33 - - [29/Dec/2023:12:20:18 -0500] "GET /sipse/faces/javax.faces.resource/layout/layout.css?ln=primefaces&v=4.0 HTTP/1.1" 304 -
190.146.110.33 - - [29/Dec/2023:12:20:18 -0500] "GET /sipse/faces/javax.faces.resource/jquery/jquery.js?ln=primefaces&v=4.0 HTTP/1.1" 304 -
190.146.110.33 - - [29/Dec/2023:12:20:18 -0500] "GET /sipse/faces/javax.faces.resource/theme.css?ln=primefaces-sipse HTTP/1.1" 304 -
190.146.110.33 - - [29/Dec/2023:12:20:19 -0500] "GET /sipse/faces/javax.faces.resource/jquery/jquery-plugins.js?ln=primefaces&v=4.0 HTTP/1.1" 304 -
190.146.110.33 - - [29/Dec/2023:12:20:19 -0500] "GET /sipse/faces/javax.faces.resource/primefaces.js?ln=primefaces&v=4.0 HTTP/1.1" 304 -
190.146.110.33 - - [29/Dec/2023:12:20:19 -0500] "GET /sipse/faces/javax.faces.resource/layout/layout.js?ln=primefaces&v=4.0 HTTP/1.1" 304 -
190.146.110.33 - - [29/Dec/2023:12:20:19 -0500] "GET /sipse/faces/javax.faces.resource/messages/messages.png?ln=primefaces&v=4.0 HTTP/1.1" 304 -
186.86.32.26 - - [29/Dec/2023:12:20:22 -0500] "GET /BLA/resoluciones/RESOLUCIONES%202021/1947.pdf HTTP/1.1" 200 473413
201.245.192.253 - - [29/Dec/2023:12:20:21 -0500] "POST /kwsrmcab/Wsrmcab  HTTP/1.1" 200 36178
152.203.52.199 - - [29/Dec/2023:12:20:29 -0500] "OPTIONS /kwssiamovil/sm/setfile/f? HTTP/1.1" 200 13
152.203.52.199 - - [29/Dec/2023:12:20:29 -0500] "POST /kwssiamovil/sm/setfile/f? HTTP/1.1" 200 381
152.203.52.199 - - [29/Dec/2023:12:20:33 -0500] "OPTIONS /kwssiamovil/sm/setfile/f? HTTP/1.1" 200 13
156.59.198.135 - - [29/Dec/2023:12:20:33 -0500] "GET /BLA/resoluciones/RESOLUCIONES%202007/RES%202007%201%20AL%20100/RESOLUCION%200067%20DE%202007.pdf HTTP/1.0" 200 1197923
152.203.52.199 - - [29/Dec/2023:12:20:33 -0500] "POST /kwssiamovil/sm/setfile/f? HTTP/1.1" 200 381
186.29.79.208 - - [29/Dec/2023:12:20:36 -0500] "POST /appsia/controlador HTTP/1.1" 200 5437
152.203.52.199 - - [29/Dec/2023:12:20:36 -0500] "OPTIONS /kwssiamovil/sm/setfile/f? HTTP/1.1" 200 13
152.203.52.199 - - [29/Dec/2023:12:20:36 -0500] "POST /kwssiamovil/sm/setfile/f? HTTP/1.1" 200 381
152.203.52.199 - - [29/Dec/2023:12:20:39 -0500] "OPTIONS /kwssiamovil/sm/setfile/f? HTTP/1.1" 200 13
191.156.232.117 - - [29/Dec/2023:12:20:40 -0500] "GET /sipse/faces/javax.faces.resource/theme.css?ln=primefaces-sipse HTTP/1.1" 304 -
191.156.232.117 - - [29/Dec/2023:12:20:41 -0500] "GET /sipse/faces/javax.faces.resource/jquery/jquery.js?ln=primefaces&v=4.0 HTTP/1.1" 304 -
191.156.232.117 - - [29/Dec/2023:12:20:41 -0500] "GET /sipse/faces/javax.faces.resource/primefaces.css?ln=primefaces&v=4.0 HTTP/1.1" 304 -
191.156.232.117 - - [29/Dec/2023:12:20:41 -0500] "GET /sipse/faces/javax.faces.resource/layout/layout.css?ln=primefaces&v=4.0 HTTP/1.1" 304 -
191.156.232.117 - - [29/Dec/2023:12:20:41 -0500] "GET /sipse/faces/javax.faces.resource/jquery/jquery-plugins.js?ln=primefaces&v=4.0 HTTP/1.1" 304 -
191.156.232.117 - - [29/Dec/2023:12:20:41 -0500] "GET /sipse/faces/javax.faces.resource/primefaces.js?ln=primefaces&v=4.0 HTTP/1.1" 304 -
191.156.232.117 - - [29/Dec/2023:12:20:41 -0500] "GET /sipse/faces/javax.faces.resource/layout/layout.js?ln=primefaces&v=4.0 HTTP/1.1" 304 -
191.156.232.117 - - [29/Dec/2023:12:20:41 -0500] "GET /sipse/css/imagen/contrasena.png HTTP/1.1" 404 383
191.156.232.117 - - [29/Dec/2023:12:20:41 -0500] "GET /sipse/faces/javax.faces.resource/images/ui-icons_898989_256x240.png?ln=primefaces-aristo HTTP/1.1" 304 -
191.156.232.117 - - [29/Dec/2023:12:20:40 -0500] "POST /sipse/faces/presentacion/financiero/solicitudProceso/consultarSolicitudProceso.xhtml HTTP/1.1" 200 193103
190.146.110.33 - - [29/Dec/2023:12:20:41 -0500] "POST /sipse/faces/presentacion/sistema/seguridad/seleccionRol.xhtml HTTP/1.1" 200 15288
152.203.52.199 - - [29/Dec/2023:12:20:39 -0500] "POST /kwssiamovil/sm/setfile/f? HTTP/1.1" 200 381
190.146.110.33 - - [29/Dec/2023:12:20:42 -0500] "GET /sipse/faces/javax.faces.resource/theme.css?ln=primefaces-sipse HTTP/1.1" 304 -
190.146.110.33 - - [29/Dec/2023:12:20:42 -0500] "GET /sipse/faces/javax.faces.resource/jquery/jquery.js?ln=primefaces&v=4.0 HTTP/1.1" 304 -
190.146.110.33 - - [29/Dec/2023:12:20:42 -0500] "GET /sipse/faces/javax.faces.resource/layout/layout.css?ln=primefaces&v=4.0 HTTP/1.1" 304 -
190.146.110.33 - - [29/Dec/2023:12:20:42 -0500] "GET /sipse/faces/javax.faces.resource/primefaces.css?ln=primefaces&v=4.0 HTTP/1.1" 304 -
190.146.110.33 - - [29/Dec/2023:12:20:42 -0500] "GET /sipse/faces/javax.faces.resource/jquery/jquery-plugins.js?ln=primefaces&v=4.0 HTTP/1.1" 304 -
190.146.110.33 - - [29/Dec/2023:12:20:42 -0500] "GET /sipse/faces/javax.faces.resource/primefaces.js?ln=primefaces&v=4.0 HTTP/1.1" 304 -
190.146.110.33 - - [29/Dec/2023:12:20:42 -0500] "GET /sipse/faces/javax.faces.resource/layout/layout.js?ln=primefaces&v=4.0 HTTP/1.1" 304 -
190.146.110.33 - - [29/Dec/2023:12:20:43 -0500] "GET /sipse/css/imagen/contrasena.png HTTP/1.1" 404 383
190.146.110.33 - - [29/Dec/2023:12:20:46 -0500] "GET /sipse/faces/javax.faces.resource/images/ui-bg_flat_0_2d5972_40x100.png?ln=primefaces-aristo HTTP/1.1" 304 -
190.146.110.33 - - [29/Dec/2023:12:20:46 -0500] "POST /sipse/faces/bienvenido.xhtml HTTP/1.1" 200 911
191.156.232.117 - - [29/Dec/2023:12:20:46 -0500] "GET /sipse/faces/javax.faces.resource/images/ui-bg_flat_0_2d5972_40x100.png?ln=primefaces-aristo HTTP/1.1" 304 -
191.156.232.117 - - [29/Dec/2023:12:20:46 -0500] "POST /sipse/faces/presentacion/financiero/solicitudProceso/consultarSolicitudProceso.xhtml HTTP/1.1" 200 47013
186.29.79.208 - - [29/Dec/2023:12:20:48 -0500] "POST /appsia/controlador HTTP/1.1" 200 7718
186.29.79.208 - - [29/Dec/2023:12:20:48 -0500] "GET /appsia/images/logo_escudo.png HTTP/1.1" 200 36965
191.156.232.117 - - [29/Dec/2023:12:20:48 -0500] "GET /sipse/faces/javax.faces.resource/theme.css?ln=primefaces-sipse HTTP/1.1" 304 -
191.156.232.117 - - [29/Dec/2023:12:20:48 -0500] "GET /sipse/faces/javax.faces.resource/primefaces.css?ln=primefaces&v=4.0 HTTP/1.1" 304 -
191.156.232.117 - - [29/Dec/2023:12:20:48 -0500] "GET /sipse/faces/javax.faces.resource/layout/layout.css?ln=primefaces&v=4.0 HTTP/1.1" 304 -
191.156.232.117 - - [29/Dec/2023:12:20:48 -0500] "GET /sipse/faces/javax.faces.resource/jquery/jquery.js?ln=primefaces&v=4.0 HTTP/1.1" 304 -
191.156.232.117 - - [29/Dec/2023:12:20:49 -0500] "GET /sipse/faces/javax.faces.resource/jquery/jquery-plugins.js?ln=primefaces&v=4.0 HTTP/1.1" 304 -
191.156.232.117 - - [29/Dec/2023:12:20:49 -0500] "GET /sipse/faces/javax.faces.resource/primefaces.js?ln=primefaces&v=4.0 HTTP/1.1" 304 -
191.156.232.117 - - [29/Dec/2023:12:20:49 -0500] "GET /sipse/faces/javax.faces.resource/layout/layout.js?ln=primefaces&v=4.0 HTTP/1.1" 304 -
191.156.232.117 - - [29/Dec/2023:12:20:49 -0500] "GET /sipse/faces/javax.faces.resource/messages/messages.png?ln=primefaces&v=4.0 HTTP/1.1" 304 -
191.156.232.117 - - [29/Dec/2023:12:20:49 -0500] "POST /sipse/faces/presentacion/financiero/solicitudProceso/listarSolicitudProceso.xhtml HTTP/1.1" 200 1480
190.66.241.120 - - [29/Dec/2023:12:20:52 -0500] "POST /sipse/faces/presentacion/financiero/solicitudProceso/consultarSolicitudProceso.xhtml HTTP/1.1" 200 63527
190.66.241.120 - - [29/Dec/2023:12:20:52 -0500] "GET /sipse/faces/javax.faces.resource/theme.css?ln=primefaces-sipse HTTP/1.1" 304 -
190.66.241.120 - - [29/Dec/2023:12:20:52 -0500] "GET /sipse/faces/javax.faces.resource/primefaces.css?ln=primefaces&v=4.0 HTTP/1.1" 304 -
191.156.232.117 - - [29/Dec/2023:12:20:52 -0500] "POST /sipse/faces/presentacion/financiero/solicitudProceso/listarSolicitudProceso.xhtml HTTP/1.1" 200 16516
190.66.241.120 - - [29/Dec/2023:12:20:52 -0500] "GET /sipse/faces/javax.faces.resource/jquery/jquery.js?ln=primefaces&v=4.0 HTTP/1.1" 304 -
190.66.241.120 - - [29/Dec/2023:12:20:52 -0500] "GET /sipse/faces/javax.faces.resource/layout/layout.css?ln=primefaces&v=4.0 HTTP/1.1" 304 -
190.66.241.120 - - [29/Dec/2023:12:20:52 -0500] "GET /sipse/faces/javax.faces.resource/primefaces.js?ln=primefaces&v=4.0 HTTP/1.1" 304 -
190.66.241.120 - - [29/Dec/2023:12:20:52 -0500] "GET /sipse/faces/javax.faces.resource/jquery/jquery-plugins.js?ln=primefaces&v=4.0 HTTP/1.1" 304 -
190.66.241.120 - - [29/Dec/2023:12:20:52 -0500] "GET /sipse/faces/javax.faces.resource/layout/layout.js?ln=primefaces&v=4.0 HTTP/1.1" 304 -
191.156.232.117 - - [29/Dec/2023:12:20:52 -0500] "POST /sipse/faces/presentacion/financiero/solicitudProceso/listarSolicitudProceso.xhtml HTTP/1.1" 200 28229
190.66.241.120 - - [29/Dec/2023:12:20:53 -0500] "POST /sipse/faces/presentacion/financiero/solicitudProceso/listarSolicitudProceso.xhtml HTTP/1.1" 200 1564
190.146.110.33 - - [29/Dec/2023:12:20:53 -0500] "GET /sipse/faces/faces/faces/faces/autenticacion HTTP/1.1" 302 -
190.146.110.33 - - [29/Dec/2023:12:20:53 -0500] "GET /sipse/faces/autenticacion.xhtml HTTP/1.1" 200 12415
190.66.241.120 - - [29/Dec/2023:12:20:53 -0500] "POST /sipse/faces/presentacion/financiero/solicitudProceso/listarSolicitudProceso.xhtml HTTP/1.1" 200 1556
190.146.110.33 - - [29/Dec/2023:12:20:53 -0500] "GET /sipse/faces/javax.faces.resource/layout/layout.css?ln=primefaces&v=4.0 HTTP/1.1" 304 -
190.146.110.33 - - [29/Dec/2023:12:20:53 -0500] "GET /sipse/faces/javax.faces.resource/theme.css?ln=primefaces-sipse HTTP/1.1" 304 -
190.146.110.33 - - [29/Dec/2023:12:20:53 -0500] "GET /sipse/faces/javax.faces.resource/primefaces.css?ln=primefaces&v=4.0 HTTP/1.1" 304 -
190.146.110.33 - - [29/Dec/2023:12:20:53 -0500] "GET /sipse/faces/javax.faces.resource/jquery/jquery.js?ln=primefaces&v=4.0 HTTP/1.1" 304 -
190.146.110.33 - - [29/Dec/2023:12:20:53 -0500] "GET /sipse/faces/javax.faces.resource/jquery/jquery-plugins.js?ln=primefaces&v=4.0 HTTP/1.1" 304 -
190.146.110.33 - - [29/Dec/2023:12:20:53 -0500] "GET /sipse/faces/javax.faces.resource/primefaces.js?ln=primefaces&v=4.0 HTTP/1.1" 304 -
190.146.110.33 - - [29/Dec/2023:12:20:54 -0500] "GET /sipse/faces/javax.faces.resource/layout/layout.js?ln=primefaces&v=4.0 HTTP/1.1" 304 -
152.203.52.199 - - [29/Dec/2023:12:20:55 -0500] "GET /kwssiamovil/sm/acme/a?s=U2FsdGVkX1+9k3hd2oX1gI5Wq9x6B0TrXwj4Q/LBmyUtp85g8c0O9uZlX42DRNtCg68SvmqxZg2tzwcbjuQHJcHwJmrvIhN1lX8W9jxzK2lOhx3tutMoU9WdcT8u6KqkX/3E3cwGfjGEAYNbdy0z3vdF+kXqagdUeG6VinfqOx+/hQLtikz4wcjOstP/Dp4sbMIE8mKZvZDijkQgKB1+KFfJSpsTxjO0dQKsrQ+wVgasNPG+snJZ3gzzlTApsifpn7TAmTct8pOj4YPEWHs54A==&u=U2FsdGVkX1/LyvHCNWLBFW1hJTJeTPsVrpuK85XHcmmSqDFKlX7A17LZ1fOFaksa&y=U2FsdGVkX19+U+DtWphhFfvrNRX+88Jh2Lz+wc5mQL4SVH1m3Hkx86LkJDhVHh9A HTTP/1.1" 200 26
152.203.52.199 - - [29/Dec/2023:12:20:56 -0500] "GET /kwssiamovil/sm/acme/a?s=U2FsdGVkX1+mle+htFp7ZA5uKEHVQIARfX/AzUsTPaOa6OW0r4uHQr/hPSZdua28y6430X04DiCqUh93hW2MDk+192UxI+KorJ08piNUsetN8voaxrpOtyDRxiOi7doqJj5BexfQynK7KfSH8Hp5LPgwtPypmJ7V0D3lv8UQZ2iJRtLfiaHqt8BblctiEGyBZ26qNu6W3niTLqYIEcOCU/voH8vGi4weXCiFMEqxa1nl4K3DNQUVjw2ZpnfIAIRhtp1WAdoDipDSUlibjMx4s0rmL/P9ZQL689THy6KBdeiUpbT+S2/hnqQPhK3vogkbCqur0ZyycS/I09+vB+He7ugXEzmQ3oTn0bWT5kIE+gLeHJzvo4B13Wq5sAbbWhHwd0RrgxGp1ycY+znoMH7/YLAfb5Z/Us/Mgo7y5UWWys8XY9X1i+9rsLby+qO21GSOlnrdX4DxXDqKVoleQLvGVH4cWBcKylP3VYxJ0yHag2nnxKVWtOj9A8veCeCqyTbcHfXViw6uyY3MAdtZY4BEJw+VpfNFaWRZE3ODCseoq1BtXQr0YejxTME/bl+Mdpw0q6yeZ5+fgebDuXsmvpzv/IXjWd85Q2TPm+HoFLkgIOE3nClU6279hKHpRUJ/pkHDaDnAomT89RxGfpndsvGmZUz/LDwq40A5BsLmer57pdqtxAju+H3Zb/OI8kmhrnv1BM2z+X2K0XSxsvcxV0GGYQ2DdHFcojqdKtvV9wDjT4YV1Okpzzn3E2xuIMqqHkhLvgbyDfxjJ9+JA4TMEqzalCYPjWESJ/XZwbGNPb+OO6I5XVYHr0/6kA1OhKjRzlGKMgp1jmGwhBtL0jS7YQRKdHPpXUeqXroxdR34WzgSyB9anncUmMmBnzwv9+EtbnyyoZygKP1bM3OKJM3ltEYOBY5AwZxXQWF+eCzcrUauMSA/b2LJmlVa0ZWnR8AReiR753kUbCYgvOjQCoWquQrG7PTSRRWr3wPb5ZlFTggokt7X3rIIkIevO/VZT05Kl+uEfEdXDJHP1/ZvfTHtXxRqlbkC+xejsdl20ScRPTyrNFjkDssyVjigvlT36TBMLl7pzALk21a0OrPBVgBHEJWcsaYFdTdAM0sOzy8DqmoQBX8BW35dakN61+6s1W1Fc3BhXEfhXNHdryWLWxW+6jJPRwZzrbTDfChEDOsHd5ERm99OxiyLpQlOEhcbOHZD0ievjk6YyOIPsNYunncQ6NpiEx6bJaClW4pUp+bJ6FF2aNRq3r0U4VIaXKZAlR3OBKeS&u=U2FsdGVkX1/LyvHCNWLBFW1hJTJeTPsVrpuK85XHcmmSqDFKlX7A17LZ1fOFaksa&y=U2FsdGVkX19+U+DtWphhFfvrNRX+88Jh2Lz+wc5mQL4SVH1m3Hkx86LkJDhVHh9A HTTP/1.1" 200 26
152.203.52.199 - - [29/Dec/2023:12:20:57 -0500] "GET /kwssiamovil/sm/acme/a?s=U2FsdGVkX18ObEysGNpOgtAaMtAhS1decFDX1Cz8FDv5B11mUDXm8ABpUDUFMcHkD04FJp8ipxJRg34VzOCmYv+XVziE6QhfaggUOBb3mbLdGMy/wnwtPKGhayLAgigjfI86BnyzSNGOVp4Ap6Mxxl1JotMUDLpkVUwnyiUbgNI=&u=U2FsdGVkX1/LyvHCNWLBFW1hJTJeTPsVrpuK85XHcmmSqDFKlX7A17LZ1fOFaksa&y=U2FsdGVkX19+U+DtWphhFfvrNRX+88Jh2Lz+wc5mQL4SVH1m3Hkx86LkJDhVHh9A HTTP/1.1" 200 26
152.203.52.199 - - [29/Dec/2023:12:20:57 -0500] "GET /kwssiamovil/sm/acme/a?s=U2FsdGVkX18RxbcquV8hvjVSB+tM+EdUM7BGVsqHboU31IlOiNqZcAuQHM/BIbC7Xs1Ph4lMRYK8bMlSeYGqzNajR4nZN+iaVKrwR2oNxT6gk8jFpr3yIeEtSJJgb+ZkXOOvUFt6xZJW8b1DPjFynfBxNuc6vl/y14paPOhXLkA=&u=U2FsdGVkX1/LyvHCNWLBFW1hJTJeTPsVrpuK85XHcmmSqDFKlX7A17LZ1fOFaksa&y=U2FsdGVkX19+U+DtWphhFfvrNRX+88Jh2Lz+wc5mQL4SVH1m3Hkx86LkJDhVHh9A HTTP/1.1" 200 26
190.146.110.33 - - [29/Dec/2023:12:20:57 -0500] "POST /sipse/faces/autenticacion.xhtml HTTP/1.1" 200 15678
190.146.110.33 - - [29/Dec/2023:12:20:57 -0500] "GET /sipse/faces/javax.faces.resource/primefaces.css?ln=primefaces&v=4.0 HTTP/1.1" 304 -
190.146.110.33 - - [29/Dec/2023:12:20:57 -0500] "GET /sipse/faces/javax.faces.resource/layout/layout.css?ln=primefaces&v=4.0 HTTP/1.1" 304 -
190.146.110.33 - - [29/Dec/2023:12:20:57 -0500] "GET /sipse/faces/javax.faces.resource/theme.css?ln=primefaces-sipse HTTP/1.1" 304 -
190.146.110.33 - - [29/Dec/2023:12:20:57 -0500] "GET /sipse/faces/javax.faces.resource/jquery/jquery.js?ln=primefaces&v=4.0 HTTP/1.1" 304 -
190.146.110.33 - - [29/Dec/2023:12:20:57 -0500] "GET /sipse/faces/javax.faces.resource/jquery/jquery-plugins.js?ln=primefaces&v=4.0 HTTP/1.1" 304 -
190.146.110.33 - - [29/Dec/2023:12:20:57 -0500] "GET /sipse/faces/javax.faces.resource/primefaces.js?ln=primefaces&v=4.0 HTTP/1.1" 304 -
190.146.110.33 - - [29/Dec/2023:12:20:57 -0500] "GET /sipse/faces/javax.faces.resource/layout/layout.js?ln=primefaces&v=4.0 HTTP/1.1" 304 -
152.203.52.199 - - [29/Dec/2023:12:20:57 -0500] "GET /kwssiamovil/sm/acme/a?s=U2FsdGVkX18sCi9RIdZWfSHJX8IGzxbDC5RK68O3uvGzuxH751li+p3IBZmWbCcQOq82FcPWfzNVcnQecTww4FJxtD1ZT7Vnn1VvajO5zW8lvJbrURypV4NE63d46OqL9V0nOSc62Gqfp1B8E6mmvc/2Gf4fy5bxy2wQ/IAUxSc=&u=U2FsdGVkX1/LyvHCNWLBFW1hJTJeTPsVrpuK85XHcmmSqDFKlX7A17LZ1fOFaksa&y=U2FsdGVkX19+U+DtWphhFfvrNRX+88Jh2Lz+wc5mQL4SVH1m3Hkx86LkJDhVHh9A HTTP/1.1" 200 26
190.66.241.120 - - [29/Dec/2023:12:20:57 -0500] "POST /sipse/faces/presentacion/financiero/solicitudProceso/listarSolicitudProceso.xhtml HTTP/1.1" 200 31606
152.203.52.199 - - [29/Dec/2023:12:20:58 -0500] "GET /kwssiamovil/sm/acme/a?s=U2FsdGVkX197zBEE9tqpTyJA2QiHvlQ37VGd5zyaK7cR2OccqpKogEnXDGMfjNItywwWc05cG7Bb99Y2EMEnQib2ohuuNDy4PVKNhtt+5v6+YkFijFSlGp43NW97kINy6NUADPUoow1fNsd+adZUGzYwi0ax8IF9xdGlt3I0HWvUwYSjJbmXS9ulOqBUYpryWFGa7IW8t7KKMhYgxyg5aw==&u=U2FsdGVkX1/LyvHCNWLBFW1hJTJeTPsVrpuK85XHcmmSqDFKlX7A17LZ1fOFaksa&y=U2FsdGVkX19+U+DtWphhFfvrNRX+88Jh2Lz+wc5mQL4SVH1m3Hkx86LkJDhVHh9A HTTP/1.1" 200 26
190.66.241.120 - - [29/Dec/2023:12:20:58 -0500] "POST /sipse/faces/presentacion/financiero/solicitudProceso/listarSolicitudProceso.xhtml HTTP/1.1" 200 43747
152.203.52.199 - - [29/Dec/2023:12:20:58 -0500] "GET /kwssiamovil/sm/acme/a?s=U2FsdGVkX1+60iRAvjWSeEMkAUOatYJtHBvV6ye9uaAny7sz3QTyTs1q+AL23aSYgprzizPgt5gVpZRHEwx+X0A88hMsreaADEVLcxpqZmrxsELCja5r3cBGdyxcN38EnsshlABwnjy2B2lTj/CgZzQ7odbn1OGgKeiL/vjXCnQNtOXwafcGQfv7Up7QFcDiWFFjwjikhIyrE6A5gbOYXw==&u=U2FsdGVkX1/LyvHCNWLBFW1hJTJeTPsVrpuK85XHcmmSqDFKlX7A17LZ1fOFaksa&y=U2FsdGVkX19+U+DtWphhFfvrNRX+88Jh2Lz+wc5mQL4SVH1m3Hkx86LkJDhVHh9A HTTP/1.1" 200 26
156.59.198.135 - - [29/Dec/2023:12:20:58 -0500] "GET /BLA/resoluciones/Notificaciones/AUTOS%202021/5212.pdf HTTP/1.0" 200 348851
152.203.52.199 - - [29/Dec/2023:12:20:58 -0500] "GET /kwssiamovil/sm/acme/a?s=U2FsdGVkX1+FhGZIOqAq+VBboqR7y8KCNGyHE6PD00qZJDDlkpDwZgI7YW0lClDYsPyiTEQ+v71qpjTDyJxipMZM8Y5PpAv6zY7xsNhIC9msEIi1t3yH5jTLiH/iCvVOCWiXkT6IKGCEnYqecjJ/mYuNqVyf6oecLYbyvBh2F3BJ5fShWPTTS7g3u1OafMqr&u=U2FsdGVkX1/LyvHCNWLBFW1hJTJeTPsVrpuK85XHcmmSqDFKlX7A17LZ1fOFaksa&y=U2FsdGVkX19+U+DtWphhFfvrNRX+88Jh2Lz+wc5mQL4SVH1m3Hkx86LkJDhVHh9A HTTP/1.1" 200 26
152.203.52.199 - - [29/Dec/2023:12:20:58 -0500] "GET /kwssiamovil/sm/acme/a?s=U2FsdGVkX18bTgvyF8cY+wn6fwS1C5bt0xZCIBJjeoMNvfEw7dp9NgjgoqLfSvsk8PduOaZyBpmYA7IHKpKvsbCIuhkZB5GXHUe6M4JuIkqelwW1u3W5U4NAZKjHY5RXD+b09sOTP8el/Ux4AtmRtfy6kYxNfGuLneF8Sjv7JumzGaqlEM8NM/0T99aGiXkrJGJs6wHwqbC/jm4plCb43g==&u=U2FsdGVkX1/LyvHCNWLBFW1hJTJeTPsVrpuK85XHcmmSqDFKlX7A17LZ1fOFaksa&y=U2FsdGVkX19+U+DtWphhFfvrNRX+88Jh2Lz+wc5mQL4SVH1m3Hkx86LkJDhVHh9A HTTP/1.1" 200 26
152.203.52.199 - - [29/Dec/2023:12:20:59 -0500] "GET /kwssiamovil/sm/acme/a?s=U2FsdGVkX1/AMF9KoqL76wJ75pp7s+hdnSnuFIyYO4kZIs1kNDOX338o8CMPhTk/85KDVWXgEV1TYQwklb6CfYZWxmibUQyfUcT7oEbQSwTwtxlWeGIEUC3AGSMbT6+qXYaeafDqDDPxB3NApmuLq+V8KwcwrymVgEBb5nHRY2MLbOM6rsdVj9V1xUTjafA8&u=U2FsdGVkX1/LyvHCNWLBFW1hJTJeTPsVrpuK85XHcmmSqDFKlX7A17LZ1fOFaksa&y=U2FsdGVkX19+U+DtWphhFfvrNRX+88Jh2Lz+wc5mQL4SVH1m3Hkx86LkJDhVHh9A HTTP/1.1" 200 26
190.146.110.33 - - [29/Dec/2023:12:20:59 -0500] "POST /sipse/faces/bienvenido.xhtml HTTP/1.1" 200 3246
152.203.52.199 - - [29/Dec/2023:12:20:59 -0500] "GET /kwssiamovil/sm/acme/a?s=U2FsdGVkX1+4tKfRk8bbHnOnliGAu2i37rQrvKPwFJOuMt/Bm2yLBjCTKt/BOs00v1tbxvSYgK+yskrkQsy0b0oYMWehovbsLJjXq3wQwR4rJqNMHW7hg6Y6or1OZcQxzoqwDVO6GjB9qCWKF+9oCkxQMO6sodm1lgUICMSXb68XppRFg+h8B6Pw2MTZ/nAoBSAKo7ID4BTYPa41ZVXSxA==&u=U2FsdGVkX1/LyvHCNWLBFW1hJTJeTPsVrpuK85XHcmmSqDFKlX7A17LZ1fOFaksa&y=U2FsdGVkX19+U+DtWphhFfvrNRX+88Jh2Lz+wc5mQL4SVH1m3Hkx86LkJDhVHh9A HTTP/1.1" 200 26
152.203.52.199 - - [29/Dec/2023:12:20:59 -0500] "GET /kwssiamovil/sm/acme/a?s=U2FsdGVkX18sZnQylKnuy0RreypvnN9YzUn5wKn4z6ZtmkDXWaRroHn72JSXbIbcKEID30QsBnu57R93HI+/80AUwcYnRHzrCZA4p5e8f1t3o03Bxcx9DSZsGdJFjk8Q6as5qp4ylNb42vBbn/c19tOnK0XtvbyZs373R3SBj1hQP9RbHuvRWHicHOFBwNJT&u=U2FsdGVkX1/LyvHCNWLBFW1hJTJeTPsVrpuK85XHcmmSqDFKlX7A17LZ1fOFaksa&y=U2FsdGVkX19+U+DtWphhFfvrNRX+88Jh2Lz+wc5mQL4SVH1m3Hkx86LkJDhVHh9A HTTP/1.1" 200 26
152.203.52.199 - - [29/Dec/2023:12:20:59 -0500] "GET /kwssiamovil/sm/acme/a?s=U2FsdGVkX1/ewv5kvUe+yDohhKTizwnL7JqKlF6olsJ60bkGCq9VVAm8Tv57E7dKuTy6kP8O1rearJlH5IxtUy6TKAztpMf4YCcyZC/x5Ug84LAMamNtiAcJCAxLOuxhuFNN1qiNF1uR0An5lsFaJGPGzDbHZXqQyg2ebf3pNTmomZhL5qlpxet4RNN6Hdw2FBS0vLAgjcZBWrJGHwDbSQ==&u=U2FsdGVkX1/LyvHCNWLBFW1hJTJeTPsVrpuK85XHcmmSqDFKlX7A17LZ1fOFaksa&y=U2FsdGVkX19+U+DtWphhFfvrNRX+88Jh2Lz+wc5mQL4SVH1m3Hkx86LkJDhVHh9A HTTP/1.1" 200 26
152.203.52.199 - - [29/Dec/2023:12:20:59 -0500] "GET /kwssiamovil/sm/acme/a?s=U2FsdGVkX1/NzfctAaACudK0h7mT0fCSOnN3agNKdfYn8KRkARYXue8SpLW5u1AMMcE5ecE6jmmShNFD8tK4R2pWQHGKd/lQsEvRHfr+e2hXFuvCrY5YFvLj/AgakVaTYbFoSl3WF1/iNunslAEFDS+Osoe/awf0+X0XZ89pjrDjwDYzRI0pL049TGyyPMscjogpmT6FDL5LxS6WRgFUNA==&u=U2FsdGVkX1/LyvHCNWLBFW1hJTJeTPsVrpuK85XHcmmSqDFKlX7A17LZ1fOFaksa&y=U2FsdGVkX19+U+DtWphhFfvrNRX+88Jh2Lz+wc5mQL4SVH1m3Hkx86LkJDhVHh9A HTTP/1.1" 200 26
190.146.110.33 - - [29/Dec/2023:12:21:00 -0500] "POST /sipse/faces/bienvenido.xhtml HTTP/1.1" 200 56993
190.146.110.33 - - [29/Dec/2023:12:21:00 -0500] "GET /sipse/faces/javax.faces.resource/theme.css?ln=primefaces-sipse HTTP/1.1" 304 -
190.146.110.33 - - [29/Dec/2023:12:21:00 -0500] "GET /sipse/faces/javax.faces.resource/primefaces.css?ln=primefaces&v=4.0 HTTP/1.1" 304 -
190.146.110.33 - - [29/Dec/2023:12:21:00 -0500] "GET /sipse/faces/javax.faces.resource/layout/layout.css?ln=primefaces&v=4.0 HTTP/1.1" 304 -
190.146.110.33 - - [29/Dec/2023:12:21:00 -0500] "GET /sipse/faces/javax.faces.resource/jquery/jquery.js?ln=primefaces&v=4.0 HTTP/1.1" 304 -
190.146.110.33 - - [29/Dec/2023:12:21:00 -0500] "GET /sipse/faces/javax.faces.resource/jquery/jquery-plugins.js?ln=primefaces&v=4.0 HTTP/1.1" 304 -
190.146.110.33 - - [29/Dec/2023:12:21:00 -0500] "GET /sipse/faces/javax.faces.resource/primefaces.js?ln=primefaces&v=4.0 HTTP/1.1" 304 -
190.146.110.33 - - [29/Dec/2023:12:21:00 -0500] "GET /sipse/faces/javax.faces.resource/layout/layout.js?ln=primefaces&v=4.0 HTTP/1.1" 304 -
190.146.110.33 - - [29/Dec/2023:12:21:00 -0500] "POST /sipse/faces/presentacion/financiero/solicitudProceso/listarSolicitudProceso.xhtml HTTP/1.1" 200 1544
190.146.110.33 - - [29/Dec/2023:12:21:01 -0500] "POST /sipse/faces/presentacion/financiero/solicitudProceso/listarSolicitudProceso.xhtml HTTP/1.1" 200 39952
168.119.101.10 - - [29/Dec/2023:12:21:02 -0500] "GET / HTTP/1.1" 200 4720
190.146.110.33 - - [29/Dec/2023:12:21:02 -0500] "POST /sipse/faces/presentacion/financiero/solicitudProceso/listarSolicitudProceso.xhtml HTTP/1.1" 200 1544
190.146.110.33 - - [29/Dec/2023:12:21:03 -0500] "POST /sipse/faces/presentacion/financiero/solicitudProceso/listarSolicitudProceso.xhtml HTTP/1.1" 200 25901
190.146.110.33 - - [29/Dec/2023:12:21:03 -0500] "POST /sipse/faces/presentacion/financiero/solicitudProceso/listarSolicitudProceso.xhtml HTTP/1.1" 200 37632
168.119.101.10 - - [29/Dec/2023:12:21:04 -0500] "GET / HTTP/1.1" 200 319
216.245.221.92 - - [29/Dec/2023:12:21:05 -0500] "HEAD / HTTP/1.1" 200 -
190.66.241.120 - - [29/Dec/2023:12:21:13 -0500] "POST /sipse/faces/presentacion/financiero/solicitudProceso/listarSolicitudProceso.xhtml HTTP/1.1" 200 32456
190.66.241.120 - - [29/Dec/2023:12:21:20 -0500] "POST /sipse/faces/presentacion/financiero/solicitudProceso/listarSolicitudProceso.xhtml HTTP/1.1" 200 7910
156.59.198.135 - - [29/Dec/2023:12:21:22 -0500] "GET /BLA/resoluciones/Notificaciones/AUTOS%202021/3971.pdf HTTP/1.0" 200 320503
66.249.66.19 - - [29/Dec/2023:12:21:25 -0500] "HEAD /BLA/resoluciones/RESOLUCIONES%202019/0347.pdf HTTP/1.1" 200 -
66.249.66.20 - - [29/Dec/2023:12:21:26 -0500] "HEAD /BLA/resoluciones/RESOLUCIONES%25202019/0347.pdf HTTP/1.1" 404 -
186.102.110.120 - - [29/Dec/2023:12:21:29 -0500] "GET /kwssiamovil/sm/ldap/au?x=U2FsdGVkX192Xr+/PwI0ALxFvnhz4DNDb/77a4l7CeVR9Z+DdWfwY03EMmmOqnRFtmuskB0hNzbKDIIhKQqP5w==&y=U2FsdGVkX1+BJLTcw9HNiyon1yJG01pPy8Rh4WwmEyUKJ4OfuRBiWhuLTRhtwd6i HTTP/1.1" 200 30
186.86.32.26 - - [29/Dec/2023:12:21:30 -0500] "GET /BLA/resoluciones/RESOLUCIONES%202021/0931.pdf HTTP/1.1" 200 489990
186.102.110.120 - - [29/Dec/2023:12:21:30 -0500] "GET /kwssiamovil/sm/acme/s?s=U2FsdGVkX1+Ku9oxBgytSgCCKCLRlM4taseR5xr16/g22WftB9+QJ1HnHSLVQOLtbXWwEon9ZkIYWiGAqbU6mXKSpgHXGTjdunt0VREr+CU=&u=U2FsdGVkX19xhWbL5q4o7vg8CJfxf6OyLyDmAok9gyG1CbBzFIdmFfMkAtT7rdFt&y=U2FsdGVkX1+BJLTcw9HNiyon1yJG01pPy8Rh4WwmEyUKJ4OfuRBiWhuLTRhtwd6i HTTP/1.1" 200 97
186.102.110.120 - - [29/Dec/2023:12:21:30 -0500] "GET /kwssiamovil/sm/acme/s?s=U2FsdGVkX19lmE3Ko6DeJuNrZXT6W6P8bBtUz7vGsIulbsAgGQQKJCfZgZWkvM0fCAqKjqXsWFsb3wBz0whAL+viuESvbiXkZgwOp9YRX4oMQMeUl7xjBfhSZFyDu6ZnXL9uM8HWTmsVBpcjhkb9EEt0fb6jstew0Xw5j/yyWn/4hPNUQ03wTTPVpf5l+XjdHHAEQEgDxK036T+WSdukqLi4ibNimShLwniYDvnrDr5fmdVKvu1PProw3cLhp0V2G1LtujexhbbUBhWnwB4HxPMPg0on8LupDescHaV5ZxlH1te11ZkLh9MXUa3nwvpXNig1dFboYdCM2p7CiwpPyMh3KNr+AJi6aYrjK1pTYurGxRQaCWl5q6tOzaPwb0KF/XkXf7gxYNDJWuoWivizZg/bzhe8OxU3zcYhM+9qhtKS12/rLKLuTnqn/hg0odCfszaCgcJvVkpaGgQAvyrFVc0sLosJm2bmOA7EPElNF5uvo3QT4kxdP9I8iOCChOwJC1k1rrfMDoPrs4oBNfeJg0Z5gDE3zFSu2DNi/MGNu2ToRCbpoMMCWJ3wIlGyhecIvDO7ueOuMOUbHfj6gYOuT/4rf0vGKUUcHt3IYrdCeZJ5dAaaaO9cj/vfNibfk6rwYSLoaH095+cKvcAbBCyu+KDe7HJC5wvjbrbI8ta7K468zwJBp2o31ShXurKuhLqXfL9eTiSzj2TPqqZRUIbvE5JiIjf60/HiiRMiMfgdPExPnTPCU3GOrpOpboSIIDV2nMAdoPo4K4aqhll0kGON0y6qIYduCEFonj+nkeS2z3NwzY4m+ljLfJyJXJgSCGeatzBNHcKZn7hzdKqo+2sITReG2OKUFoDUFLWzN3paNmoEYVYHEklgXLo0M05vAFxb6yqXjLIWHMqvLUQDu7eKO7ixhUTB6ZuqyexT9oWgJwgJLtzXnQFJDj81fkVxtZimxMQjcnErVeq7j4qsvtCuN4ZFhXNeTcNjVx2Kq5j87nukucmueY4y7CcDiLPtzEUquMEo1JUvzOgfS73QILHBRkcAEBPdhmimkXYLfl/5Hu/4aUFGjluodRLnapM2Qlwdj1wpaAz/LD/DMB5jbmOQi47JRuxFsqm4ApGYrFo5Hyp0F8pE90kE8DR/c5VHAwzt4/P6a7su4uh/2KtZzsZlrBCuR0MTqCOuUnVFaKzgfsU8ZbS55heJ5K0YOn6osHOxrJsQ2PH3DZtfPifzJriVjPFRjTTBBHF9jnifktvJwOYPk+iquJOTSMzbC5nrXyX+j08D9WIE64/D27NWthwAJuC9cCsJnohKN5N8gcI36OMy3cPPe7JfXPhiVDcH3Akc9ImIMnFZ7O8pDU8Uq4YV13oj71a2IP4Sq3DJ6yFezgq/AmISXZa9wFJPCEGYn0FIl679nx8skYIcJsUzVwxNryrOIudoYHWDs+GarjucqzU=&u=U2FsdGVkX19xhWbL5q4o7vg8CJfxf6OyLyDmAok9gyG1CbBzFIdmFfMkAtT7rdFt&y=U2FsdGVkX1+BJLTcw9HNiyon1yJG01pPy8Rh4WwmEyUKJ4OfuRBiWhuLTRhtwd6i HTTP/1.1" 200 2329
186.102.110.120 - - [29/Dec/2023:12:21:30 -0500] "GET /kwssiamovil/sm/acme/s?s=U2FsdGVkX1+VoccQQkuPg/AAvT+F5EU+yMyuqK5u57FoQ9+ijt5pKsGfCVtnCzDjt84znsoR9tva7yJkkQfY5V5nYggWRvYtT4zrjT8W0Vw/+/O0QFIor/WR93+lyNoXAkHBJE6HWi7b5AzfU5jB1s260Yft/H/Lb25rqBfydGT0leJuAHJ+SQyYI5XnKV7N2tO3m4oJ1l37o/p/BSrGOQ6H7l6GstCAno+3UW5/yOngZUIBUqr1DUsRPYCrwNyO1upCruWZ4zuCIj7P3NyR30BJT3gD76mq2kZewV/egwnp27xeik2y6r8ZPH73QjdfQU46i6bjZt875NPk6QjrbQgbZwXgkv2IT1ytyWsX9+M=&u=U2FsdGVkX19xhWbL5q4o7vg8CJfxf6OyLyDmAok9gyG1CbBzFIdmFfMkAtT7rdFt&y=U2FsdGVkX1+BJLTcw9HNiyon1yJG01pPy8Rh4WwmEyUKJ4OfuRBiWhuLTRhtwd6i HTTP/1.1" 200 196
186.102.110.120 - - [29/Dec/2023:12:21:30 -0500] "GET /kwssiamovil/sm/cjson/pre?f=1&x=U2FsdGVkX192Xr+/PwI0ALxFvnhz4DNDb/77a4l7CeVR9Z+DdWfwY03EMmmOqnRFtmuskB0hNzbKDIIhKQqP5w== HTTP/1.1" 200 31032
20.15.133.188 - - [29/Dec/2023:12:21:38 -0500] "GET /robots.txt HTTP/1.1" 404 1034
201.245.192.253 - - [29/Dec/2023:12:21:41 -0500] "POST /sipse/faces/presentacion/financiero/solicitudProceso/consultarHistorialSolProceso.xhtml HTTP/1.1" 200 57533
201.245.192.253 - - [29/Dec/2023:12:21:42 -0500] "GET /sipse/faces/javax.faces.resource/theme.css?ln=primefaces-sipse HTTP/1.1" 304 -
201.245.192.253 - - [29/Dec/2023:12:21:42 -0500] "GET /sipse/faces/javax.faces.resource/layout/layout.css?ln=primefaces&v=4.0 HTTP/1.1" 304 -
201.245.192.253 - - [29/Dec/2023:12:21:42 -0500] "GET /sipse/faces/javax.faces.resource/primefaces.css?ln=primefaces&v=4.0 HTTP/1.1" 304 -
201.245.192.253 - - [29/Dec/2023:12:21:42 -0500] "GET /sipse/css/imagen/contrasena.png HTTP/1.1" 404 383
201.245.192.253 - - [29/Dec/2023:12:21:42 -0500] "GET /sipse/faces/javax.faces.resource/jquery/jquery.js?ln=primefaces&v=4.0 HTTP/1.1" 304 -
201.245.192.253 - - [29/Dec/2023:12:21:42 -0500] "GET /sipse/faces/javax.faces.resource/jquery/jquery-plugins.js?ln=primefaces&v=4.0 HTTP/1.1" 304 -
201.245.192.253 - - [29/Dec/2023:12:21:42 -0500] "GET /sipse/faces/javax.faces.resource/primefaces.js?ln=primefaces&v=4.0 HTTP/1.1" 304 -
201.245.192.253 - - [29/Dec/2023:12:21:42 -0500] "GET /sipse/faces/javax.faces.resource/layout/layout.js?ln=primefaces&v=4.0 HTTP/1.1" 304 -
201.245.192.253 - - [29/Dec/2023:12:21:42 -0500] "POST /sipse/faces/presentacion/financiero/solicitudProceso/solicitudProcesoOtrosPagos.xhtml HTTP/1.1" 200 50778
201.245.192.253 - - [29/Dec/2023:12:21:43 -0500] "POST /sipse/faces/presentacion/financiero/solicitudProceso/solicitudProcesoOtrosPagos.xhtml HTTP/1.1" 200 50778
201.245.192.253 - - [29/Dec/2023:12:21:43 -0500] "POST /sipse/faces/presentacion/financiero/solicitudProceso/solicitudProcesoOtrosPagos.xhtml HTTP/1.1" 200 50778
156.59.198.135 - - [29/Dec/2023:12:21:46 -0500] "GET /BLA/resoluciones/Notificaciones/AUTOS%202014/4885.doc HTTP/1.0" 200 95744
186.86.32.26 - - [29/Dec/2023:12:21:46 -0500] "GET /BLA/resoluciones/RESOLUCIONES%202021/0224.pdf HTTP/1.1" 200 504786
20.15.133.185 - - [29/Dec/2023:12:21:47 -0500] "GET /alcaldesa-claudia-lopez-les-dio-la-bienvenida-a-las-sembradoras-por-la-reactivaccion.html HTTP/1.1" 200 1264
201.245.192.253 - - [29/Dec/2023:12:21:59 -0500] "POST /sipse/faces/presentacion/financiero/solicitudProceso/solicitudProcesoOtrosPagos.xhtml HTTP/1.1" 200 4773
201.245.192.253 - - [29/Dec/2023:12:21:59 -0500] "POST /sipse/faces/presentacion/financiero/solicitudProceso/solicitudProcesoOtrosPagos.xhtml HTTP/1.1" 200 4777
66.249.66.76 - - [29/Dec/2023:12:22:08 -0500] "GET /robots.txt HTTP/1.1" 404 1035
66.249.66.77 - - [29/Dec/2023:12:22:08 -0500] "GET /portaldeninos/2020/10/06/agua/feed/ HTTP/1.1" 200 997
156.59.198.135 - - [29/Dec/2023:12:22:10 -0500] "GET /BLA/resoluciones/AUTOS%202023/0748.pdf HTTP/1.0" 200 371570
172.22.2.4 - - [29/Dec/2023:12:22:13 -0500] "GET /BLA/boletinlegal/consulta_actos.php?tipo=resoluciones&no=&usuario=EDUCACION&sector=SILVICULTURA&fecha=2022&resuelve= HTTP/1.1" 200 1577
186.86.32.26 - - [29/Dec/2023:12:22:15 -0500] "GET /BLA/resoluciones/RESOLUCIONES%202022/0702.pdf HTTP/1.1" 200 346732
201.245.192.253 - - [29/Dec/2023:12:22:17 -0500] "POST /forms/lservlet;jsessionid=ac16012b30d6d409ac978d0745f995b9e9393282f11e.e3iSbxaKaheRe34Rb3eTbx8LaNb0n6jAmljGr5XDqQLvpAe HTTP/1.1" 200 2
156.59.198.136 - - [29/Dec/2023:12:22:36 -0500] "GET /BLA/resoluciones/Notificaciones/AUTOS%202021/2992.pdf HTTP/1.0" 200 358704
200.118.145.137 - - [29/Dec/2023:12:22:36 -0500] "GET /BLA/resoluciones/index.php?dir= HTTP/1.1" 200 13696
186.86.32.26 - - [29/Dec/2023:12:22:38 -0500] "GET /BLA/resoluciones/RESOLUCIONES%202022/0701.pdf HTTP/1.1" 200 346166
200.118.145.137 - - [29/Dec/2023:12:22:39 -0500] "GET /BLA/resoluciones/index.php?dir=AUTOS+2021%2F HTTP/1.1" 200 399364
172.22.2.4 - - [29/Dec/2023:12:22:51 -0500] "GET /BLA/boletinlegal/consulta_actos.php?tipo=resoluciones&no=&usuario=EDUCACION&sector=SILVICULTURA&fecha=2023&resuelve= HTTP/1.1" 200 626
191.95.22.33 - - [29/Dec/2023:12:22:53 -0500] "GET /sipse/js/disable_browser_buttons.js HTTP/1.1" 304 -
191.95.22.33 - - [29/Dec/2023:12:22:53 -0500] "GET /sipse/css/custom_css_sg.css HTTP/1.1" 304 -
191.95.22.33 - - [29/Dec/2023:12:22:53 -0500] "GET /sipse/css/custom_css_sg_prime.css HTTP/1.1" 304 -
191.95.22.33 - - [29/Dec/2023:12:22:53 -0500] "GET /sipse/faces/javax.faces.resource/theme.css?ln=primefaces-sipse HTTP/1.1" 304 -
191.95.22.33 - - [29/Dec/2023:12:22:53 -0500] "GET /sipse/faces/javax.faces.resource/primefaces.css?ln=primefaces&v=4.0 HTTP/1.1" 304 -
191.95.22.33 - - [29/Dec/2023:12:22:53 -0500] "GET /sipse/faces/javax.faces.resource/layout/layout.css?ln=primefaces&v=4.0 HTTP/1.1" 304 -
191.95.22.33 - - [29/Dec/2023:12:22:53 -0500] "GET /sipse/js/jquery.min.js HTTP/1.1" 304 -
191.95.22.33 - - [29/Dec/2023:12:22:53 -0500] "GET /sipse/js/funciones.js HTTP/1.1" 304 -
191.95.22.33 - - [29/Dec/2023:12:22:53 -0500] "GET /sipse/faces/javax.faces.resource/jquery/jquery.js?ln=primefaces&v=4.0 HTTP/1.1" 304 -
191.95.22.33 - - [29/Dec/2023:12:22:53 -0500] "GET /sipse/faces/javax.faces.resource/primefaces.js?ln=primefaces&v=4.0 HTTP/1.1" 304 -
191.95.22.33 - - [29/Dec/2023:12:22:53 -0500] "GET /sipse/faces/javax.faces.resource/jquery/jquery-plugins.js?ln=primefaces&v=4.0 HTTP/1.1" 304 -
191.95.22.33 - - [29/Dec/2023:12:22:52 -0500] "GET /sipse/faces/presentacion/financiero/solicitudAnulacion/solicitudAnulacion.xhtml HTTP/1.1" 200 41142
191.95.22.33 - - [29/Dec/2023:12:22:53 -0500] "GET /sipse/imagenes/cargando.gif HTTP/1.1" 304 -
191.95.22.33 - - [29/Dec/2023:12:22:53 -0500] "GET /sipse/faces/javax.faces.resource/layout/layout.js?ln=primefaces&v=4.0 HTTP/1.1" 304 -
191.95.22.33 - - [29/Dec/2023:12:22:53 -0500] "GET /sipse/css/imagen/logoSDG.png HTTP/1.1" 304 -
191.95.22.33 - - [29/Dec/2023:12:22:53 -0500] "GET /sipse/css/imagen/contrasena.png HTTP/1.1" 404 383
191.95.22.33 - - [29/Dec/2023:12:22:53 -0500] "GET /sipse/faces/javax.faces.resource/images/ui-icons_898989_256x240.png?ln=primefaces-aristo HTTP/1.1" 304 -
191.95.22.33 - - [29/Dec/2023:12:22:53 -0500] "GET /sipse/faces/javax.faces.resource/images/ui-bg_flat_0_2d5972_40x100.png?ln=primefaces-aristo HTTP/1.1" 304 -
191.95.22.33 - - [29/Dec/2023:12:22:53 -0500] "POST /sipse/faces/presentacion/financiero/solicitudAnulacion/solicitudAnulacion.xhtml HTTP/1.1" 200 19365
191.95.22.33 - - [29/Dec/2023:12:22:57 -0500] "GET /sipse/faces/javax.faces.resource/theme.css?ln=primefaces-sipse HTTP/1.1" 304 -
191.95.22.33 - - [29/Dec/2023:12:22:57 -0500] "GET /sipse/faces/javax.faces.resource/primefaces.css?ln=primefaces&v=4.0 HTTP/1.1" 304 -
191.95.22.33 - - [29/Dec/2023:12:22:57 -0500] "GET /sipse/faces/javax.faces.resource/primefaces.js?ln=primefaces&v=4.0 HTTP/1.1" 304 -
191.95.22.33 - - [29/Dec/2023:12:22:57 -0500] "GET /sipse/faces/javax.faces.resource/layout/layout.css?ln=primefaces&v=4.0 HTTP/1.1" 304 -
191.95.22.33 - - [29/Dec/2023:12:22:57 -0500] "GET /sipse/faces/javax.faces.resource/jquery/jquery.js?ln=primefaces&v=4.0 HTTP/1.1" 304 -
191.95.22.33 - - [29/Dec/2023:12:22:57 -0500] "GET /sipse/faces/javax.faces.resource/jquery/jquery-plugins.js?ln=primefaces&v=4.0 HTTP/1.1" 304 -
191.95.22.33 - - [29/Dec/2023:12:22:57 -0500] "GET /sipse/faces/javax.faces.resource/layout/layout.js?ln=primefaces&v=4.0 HTTP/1.1" 304 -
191.95.22.33 - - [29/Dec/2023:12:22:57 -0500] "GET /sipse/faces/presentacion/financiero/solicitudAnulacion/solicitudAnulacion.xhtml HTTP/1.1" 200 41142
191.95.22.33 - - [29/Dec/2023:12:22:58 -0500] "POST /sipse/faces/presentacion/financiero/solicitudAnulacion/solicitudAnulacion.xhtml HTTP/1.1" 200 19365
156.59.198.135 - - [29/Dec/2023:12:22:59 -0500] "GET /BLA/resoluciones/Notificaciones/RESOLUCIONES%202021/4390.pdf HTTP/1.0" 200 368612
191.95.22.33 - - [29/Dec/2023:12:23:00 -0500] "GET /sipse/faces/javax.faces.resource/primefaces.css?ln=primefaces&v=4.0 HTTP/1.1" 304 -
191.95.22.33 - - [29/Dec/2023:12:23:00 -0500] "GET /sipse/faces/javax.faces.resource/theme.css?ln=primefaces-sipse HTTP/1.1" 304 -
191.95.22.33 - - [29/Dec/2023:12:23:00 -0500] "GET /sipse/faces/javax.faces.resource/layout/layout.css?ln=primefaces&v=4.0 HTTP/1.1" 304 -
191.95.22.33 - - [29/Dec/2023:12:23:00 -0500] "GET /sipse/faces/javax.faces.resource/jquery/jquery.js?ln=primefaces&v=4.0 HTTP/1.1" 304 -
191.95.22.33 - - [29/Dec/2023:12:23:00 -0500] "GET /sipse/faces/javax.faces.resource/jquery/jquery-plugins.js?ln=primefaces&v=4.0 HTTP/1.1" 304 -
191.95.22.33 - - [29/Dec/2023:12:23:00 -0500] "GET /sipse/faces/javax.faces.resource/primefaces.js?ln=primefaces&v=4.0 HTTP/1.1" 304 -
191.95.22.33 - - [29/Dec/2023:12:23:00 -0500] "GET /sipse/faces/javax.faces.resource/layout/layout.js?ln=primefaces&v=4.0 HTTP/1.1" 304 -
191.95.22.33 - - [29/Dec/2023:12:23:00 -0500] "GET /sipse/faces/presentacion/financiero/solicitudAnulacion/solicitudAnulacion.xhtml HTTP/1.1" 200 41142
172.22.2.4 - - [29/Dec/2023:12:23:03 -0500] "GET /BLA/boletinlegal/actos.php HTTP/1.1" 200 9648
191.95.22.33 - - [29/Dec/2023:12:23:03 -0500] "POST /sipse/faces/presentacion/financiero/solicitudAnulacion/solicitudAnulacion.xhtml HTTP/1.1" 200 19365
172.22.2.4 - - [29/Dec/2023:12:23:10 -0500] "GET /BLA/boletinlegal/consulta_actos.php?tipo=resoluciones&no=&usuario=EDUCACION&sector=SILVICULTURA&fecha=2023&resuelve= HTTP/1.1" 200 626
172.22.2.4 - - [29/Dec/2023:12:23:10 -0500] "GET /BLA/boletinlegal/images/screen_2.png HTTP/1.1" 200 362502
172.22.2.4 - - [29/Dec/2023:12:23:10 -0500] "GET /BLA/boletinlegal/images/screen_3.png HTTP/1.1" 200 210620
172.22.2.4 - - [29/Dec/2023:12:23:10 -0500] "GET /BLA/boletinlegal/images/screen_5.png HTTP/1.1" 200 368876
172.22.2.4 - - [29/Dec/2023:12:23:10 -0500] "GET /BLA/boletinlegal/images/arr_r.jpg HTTP/1.1" 200 1998
172.22.2.4 - - [29/Dec/2023:12:23:11 -0500] "GET /BLA/boletinlegal/consulta_actos.php?tipo=resoluciones&no=&usuario=EDUCACION&sector=SILVICULTURA&fecha=2023&resuelve= HTTP/1.1" 200 626
172.22.2.4 - - [29/Dec/2023:12:23:17 -0500] "GET /BLA/boletinlegal/consulta_actos.php?tipo=resoluciones&no=&usuario=EDUCACI%D3N&sector=SILVICULTURA&fecha=2023&resuelve= HTTP/1.1" 200 626
172.22.2.4 - - [29/Dec/2023:12:23:17 -0500] "GET /BLA/boletinlegal/consulta_actos.php?tipo=resoluciones&no=&usuario=&sector=&fecha=2023&resuelve=Parques%20Distritales HTTP/1.1" 200 626
172.22.2.4 - - [29/Dec/2023:12:23:18 -0500] "GET /BLA/boletinlegal/consulta_actos.php?tipo=resoluciones&no=&usuario=EDUCACI%D3N&sector=SILVICULTURA&fecha=2023&resuelve= HTTP/1.1" 200 626
172.22.2.4 - - [29/Dec/2023:12:23:18 -0500] "GET /BLA/boletinlegal/consulta_actos.php?tipo=resoluciones&no=&usuario=EDUCACI%D3N&sector=SILVICULTURA&fecha=2023&resuelve= HTTP/1.1" 200 626
172.22.2.4 - - [29/Dec/2023:12:23:20 -0500] "GET /BLA/boletinlegal/consulta_actos.php?tipo=resoluciones&no=&usuario=EDUCACI%D3N&sector=SILVICULTURA&fecha=2023&resuelve= HTTP/1.1" 200 626
172.22.2.4 - - [29/Dec/2023:12:23:21 -0500] "GET /BLA/boletinlegal/consulta_actos.php?tipo=resoluciones&no=&usuario=EDUCACI%D3N&sector=SILVICULTURA&fecha=2023&resuelve= HTTP/1.1" 200 626
172.22.2.4 - - [29/Dec/2023:12:23:21 -0500] "GET /BLA/boletinlegal/consulta_actos.php?tipo=resoluciones&no=&usuario=EDUCACI%D3N&sector=SILVICULTURA&fecha=2023&resuelve= HTTP/1.1" 200 626
172.22.2.4 - - [29/Dec/2023:12:23:21 -0500] "GET /BLA/boletinlegal/consulta_actos.php?tipo=resoluciones&no=&usuario=EDUCACI%D3N&sector=SILVICULTURA&fecha=2023&resuelve= HTTP/1.1" 200 626
156.59.198.135 - - [29/Dec/2023:12:23:24 -0500] "GET /BLA/resoluciones/Notificaciones/AUTOS%202014/4353.doc HTTP/1.0" 200 97280
40.77.167.67 - - [29/Dec/2023:12:23:25 -0500] "GET /BLA/resoluciones/index.php?dir=AUTOS+2023%2F HTTP/1.1" 200 479272
172.22.2.4 - - [29/Dec/2023:12:23:27 -0500] "GET /BLA/boletinlegal/consulta_actos.php?tipo=resoluciones&no=&usuario=&sector=SILVICULTURA&fecha=2023&resuelve= HTTP/1.1" 200 176049
201.245.192.253 - - [29/Dec/2023:12:23:48 -0500] "GET /sipse/faces/index.xhtml HTTP/1.1" 200 677
201.245.192.253 - - [29/Dec/2023:12:23:48 -0500] "GET /sipse/faces/javax.faces.resource/theme.css?ln=primefaces-sipse HTTP/1.1" 304 -
201.245.192.253 - - [29/Dec/2023:12:23:48 -0500] "GET /sipse/faces/faces/autenticacion.xhtml HTTP/1.1" 200 12415
172.22.2.4 - - [29/Dec/2023:12:23:01 -0500] "GET /BLA/boletinlegal/ HTTP/1.1" 200 24523
201.245.192.253 - - [29/Dec/2023:12:23:48 -0500] "GET /sipse/js/disable_browser_buttons.js HTTP/1.1" 304 -
