156.59.198.136 - - [31/Dec/2023:19:35:50 -0500] "GET /BLA/resoluciones/AUTOS%202022/6074.pdf HTTP/1.0" 200 584094
216.245.221.92 - - [31/Dec/2023:19:35:57 -0500] "HEAD / HTTP/1.1" 200 -
216.244.66.195 - - [31/Dec/2023:19:36:03 -0500] "GET /BLA/resoluciones/RESOLUCIONES%201997/RESOLUCION%20578%20DE%201997.pdf HTTP/1.1" 200 46876
156.59.198.135 - - [31/Dec/2023:19:36:14 -0500] "GET /BLA/resoluciones/AUTOS%202022/0432.pdf HTTP/1.0" 200 1462094
156.59.198.135 - - [31/Dec/2023:19:36:39 -0500] "GET /BLA/resoluciones/AUTOS%202022/7934.pdf HTTP/1.0" 200 476826
172.22.2.4 - - [31/Dec/2023:19:36:47 -0500] "GET /BLA/boletinlegal/Circulares/2019/.pdf HTTP/1.1" 404 1218
156.59.198.135 - - [31/Dec/2023:19:37:04 -0500] "GET /BLA/resoluciones/AUTOS%202022/4915.pdf HTTP/1.0" 200 2029233
156.59.198.136 - - [31/Dec/2023:19:37:27 -0500] "GET /BLA/resoluciones/AUTOS%202022/7509.pdf HTTP/1.0" 200 436038
156.59.198.135 - - [31/Dec/2023:19:37:52 -0500] "GET /BLA/resoluciones/RESOLUCIONES%202011/0853.pdf HTTP/1.0" 200 360582
156.59.198.136 - - [31/Dec/2023:19:38:15 -0500] "GET /BLA/resoluciones/AUTOS%202022/4684.pdf HTTP/1.0" 200 2900687
201.245.192.253 - - [31/Dec/2023:19:38:34 -0500] "POST /kwsrmcab/Wsrmcab  HTTP/1.1" 200 36178
156.59.198.136 - - [31/Dec/2023:19:38:40 -0500] "GET /BLA/resoluciones/RESOLUCIONES%202011/0536.pdf HTTP/1.0" 200 807854
216.244.66.195 - - [31/Dec/2023:19:38:44 -0500] "GET /BLA/resoluciones/AUTOS%202007/0188.pdf HTTP/1.1" 200 128310
216.244.66.195 - - [31/Dec/2023:19:38:48 -0500] "GET /BLA/resoluciones/AUTOS%202007/0204.pdf HTTP/1.1" 200 65810
216.244.66.195 - - [31/Dec/2023:19:38:52 -0500] "GET /BLA/resoluciones/AUTOS%202007/0238.pdf HTTP/1.1" 200 26944
216.244.66.195 - - [31/Dec/2023:19:38:55 -0500] "GET /BLA/resoluciones/AUTOS%202007/0275.pdf HTTP/1.1" 200 221084
216.244.66.195 - - [31/Dec/2023:19:38:58 -0500] "GET /BLA/resoluciones/AUTOS%202007/0322.pdf HTTP/1.1" 200 120957
156.59.198.135 - - [31/Dec/2023:19:39:05 -0500] "GET /BLA/resoluciones/AUTOS%202022/8615.pdf HTTP/1.0" 200 1216078
172.22.2.4 - - [31/Dec/2023:19:37:29 -0500] "HEAD /BLA/boletinlegal/ HTTP/1.1" 200 -
216.244.66.195 - - [31/Dec/2023:19:39:10 -0500] "GET /BLA/resoluciones/AUTOS%202007/0558.pdf HTTP/1.1" 200 317715
216.244.66.195 - - [31/Dec/2023:19:39:19 -0500] "GET /BLA/resoluciones/AUTOS%202007/0853.pdf HTTP/1.1" 200 235195
40.77.167.2 - - [31/Dec/2023:19:39:20 -0500] "GET /BLA/resoluciones/AUTOS%202023/5951.pdf HTTP/1.1" 200 419889
216.244.66.195 - - [31/Dec/2023:19:39:26 -0500] "GET /BLA/resoluciones/AUTOS%202007/1122.pdf HTTP/1.1" 200 26423
156.59.198.136 - - [31/Dec/2023:19:39:29 -0500] "GET /BLA/resoluciones/AUTOS%202022/7111.pdf HTTP/1.0" 200 449548
216.244.66.195 - - [31/Dec/2023:19:39:32 -0500] "GET /BLA/resoluciones/AUTOS%202007/1212.pdf HTTP/1.1" 200 112395
216.244.66.195 - - [31/Dec/2023:19:39:37 -0500] "GET /BLA/resoluciones/AUTOS%202007/1413.pdf HTTP/1.1" 200 41968
216.244.66.195 - - [31/Dec/2023:19:39:41 -0500] "GET /BLA/resoluciones/AUTOS%202007/1495.pdf HTTP/1.1" 200 48719
216.244.66.195 - - [31/Dec/2023:19:39:46 -0500] "GET /BLA/resoluciones/AUTOS%202007/1554.pdf HTTP/1.1" 200 31495
201.245.192.253 - - [31/Dec/2023:19:39:47 -0500] "POST /kwsrmcab/Wsrmcab HTTP/1.1" 200 37032
216.244.66.195 - - [31/Dec/2023:19:39:50 -0500] "GET /BLA/resoluciones/AUTOS%202007/1681.pdf HTTP/1.1" 200 224439
201.245.192.253 - - [31/Dec/2023:19:39:51 -0500] "POST /kwsrmcab/Wsrmcab HTTP/1.1" 200 37009
156.59.198.136 - - [31/Dec/2023:19:39:54 -0500] "GET /BLA/resoluciones/AUTOS%202022/8498.pdf HTTP/1.0" 200 490658
172.22.2.4 - - [31/Dec/2023:19:38:20 -0500] "GET /BLA/boletinlegal/ HTTP/1.1" 200 60910
216.244.66.195 - - [31/Dec/2023:19:40:07 -0500] "GET /BLA/resoluciones/AUTOS%202009/0831.pdf HTTP/1.1" 200 77897
156.59.198.136 - - [31/Dec/2023:19:40:18 -0500] "GET /BLA/resoluciones/RESOLUCIONES%202007/RES%202007%201801%20AL%201900/RESOLUCION%201820%20DE%202007.pdf HTTP/1.0" 200 634039
216.244.66.195 - - [31/Dec/2023:19:40:23 -0500] "GET /BLA/resoluciones/AUTOS%202009/0862.pdf HTTP/1.1" 200 90134
216.244.66.195 - - [31/Dec/2023:19:40:40 -0500] "GET /BLA/resoluciones/AUTOS%202009/0983.pdf HTTP/1.1" 200 192948
156.59.198.135 - - [31/Dec/2023:19:40:42 -0500] "GET /BLA/resoluciones/AUTOS%202022/6739.pdf HTTP/1.0" 200 437832
216.244.66.195 - - [31/Dec/2023:19:40:53 -0500] "GET /BLA/resoluciones/AUTOS%202019/0035.pdf HTTP/1.1" 200 285630
216.245.221.92 - - [31/Dec/2023:19:40:57 -0500] "HEAD / HTTP/1.1" 200 -
216.244.66.195 - - [31/Dec/2023:19:41:05 -0500] "GET /BLA/resoluciones/AUTOS%202019/0228.pdf HTTP/1.1" 200 251168
156.59.198.135 - - [31/Dec/2023:19:41:07 -0500] "GET /BLA/resoluciones/Notificaciones/REGISTROS%202018/1080.pdf HTTP/1.0" 200 264068
216.244.66.195 - - [31/Dec/2023:19:41:16 -0500] "GET /BLA/resoluciones/AUTOS%202019/1648.pdf HTTP/1.1" 200 265892
216.244.66.195 - - [31/Dec/2023:19:41:26 -0500] "GET /BLA/resoluciones/AUTOS%202019/1914.pdf HTTP/1.1" 200 267321
156.59.198.135 - - [31/Dec/2023:19:41:30 -0500] "GET /BLA/resoluciones/RESOLUCIONES%202011/0862.pdf HTTP/1.0" 200 213082
216.244.66.195 - - [31/Dec/2023:19:41:35 -0500] "GET /BLA/resoluciones/AUTOS%202019/2803.pdf HTTP/1.1" 200 311426
216.244.66.195 - - [31/Dec/2023:19:41:51 -0500] "GET /BLA/resoluciones/AUTOS%202019/3071.pdf HTTP/1.1" 200 263700
156.59.198.136 - - [31/Dec/2023:19:41:56 -0500] "GET /BLA/resoluciones/Notificaciones/REGISTROS%202018/01159.pdf HTTP/1.0" 200 265833
216.244.66.195 - - [31/Dec/2023:19:42:03 -0500] "GET /BLA/resoluciones/AUTOS%202019/3076.pdf HTTP/1.1" 200 255033
216.244.66.195 - - [31/Dec/2023:19:42:17 -0500] "GET /BLA/resoluciones/AUTOS%202019/3100.pdf HTTP/1.1" 200 248165
156.59.198.136 - - [31/Dec/2023:19:42:19 -0500] "GET /BLA/resoluciones/RESOLUCIONES%202011/0437.pdf HTTP/1.0" 200 65577
216.244.66.195 - - [31/Dec/2023:19:42:28 -0500] "GET /BLA/resoluciones/AUTOS%202019/3230.pdf HTTP/1.1" 200 341170
216.244.66.195 - - [31/Dec/2023:19:42:40 -0500] "GET /BLA/resoluciones/AUTOS%202019/3331.pdf HTTP/1.1" 200 307083
156.59.198.135 - - [31/Dec/2023:19:42:43 -0500] "GET /BLA/resoluciones/AUTOS%202022/7279.pdf HTTP/1.0" 200 432316
216.244.66.195 - - [31/Dec/2023:19:42:50 -0500] "GET /BLA/resoluciones/AUTOS%202019/3684.pdf HTTP/1.1" 200 214609
216.244.66.195 - - [31/Dec/2023:19:43:00 -0500] "GET /BLA/resoluciones/AUTOS%202019/3851.pdf HTTP/1.1" 200 181237
156.59.198.136 - - [31/Dec/2023:19:43:07 -0500] "GET /BLA/resoluciones/AUTOS%202022/7709.pdf HTTP/1.0" 200 443188
156.59.198.135 - - [31/Dec/2023:19:43:32 -0500] "GET /BLA/resoluciones/RESOLUCIONES%202011/0335.pdf HTTP/1.0" 200 82031
201.245.192.253 - - [31/Dec/2023:19:43:33 -0500] "POST /kwsrmcab/Wsrmcab  HTTP/1.1" 200 36178
156.59.198.136 - - [31/Dec/2023:19:43:57 -0500] "GET /BLA/resoluciones/RESOLUCIONES%202011/0848.pdf HTTP/1.0" 200 271024
156.59.198.135 - - [31/Dec/2023:19:44:20 -0500] "GET /BLA/resoluciones/AUTOS%202022/2790.pdf HTTP/1.0" 200 2034476
156.59.198.135 - - [31/Dec/2023:19:44:44 -0500] "GET /BLA/resoluciones/Notificaciones/REGISTROS%202018/0105.pdf HTTP/1.0" 200 267071
172.22.2.4 - - [31/Dec/2023:19:43:19 -0500] "HEAD /BLA/boletinlegal/ HTTP/1.1" 200 -
156.59.198.136 - - [31/Dec/2023:19:45:09 -0500] "GET /BLA/resoluciones/AUTOS%202022/5767.pdf HTTP/1.0" 200 814544
156.59.198.136 - - [31/Dec/2023:19:45:33 -0500] "GET /BLA/resoluciones/RESOLUCIONES%202011/0371.pdf HTTP/1.0" 200 66487
172.22.2.4 - - [31/Dec/2023:19:44:11 -0500] "GET /BLA/boletinlegal/ HTTP/1.1" 200 58172
216.245.221.92 - - [31/Dec/2023:19:45:57 -0500] "HEAD / HTTP/1.1" 200 -
156.59.198.136 - - [31/Dec/2023:19:45:57 -0500] "GET /BLA/resoluciones/RESOLUCIONES%202011/1360.pdf HTTP/1.0" 200 71723
156.59.198.136 - - [31/Dec/2023:19:46:21 -0500] "GET /BLA/resoluciones/RESOLUCIONES%202007/RES%202007%201801%20AL%201900/RESOLUCION%201849%20DE%202007.pdf HTTP/1.0" 200 193023
173.252.79.116 - - [31/Dec/2023:19:46:29 -0500] "GET /images/mujeres-reverdecen-humedales-2-febrero.jpg HTTP/1.1" 200 47327
156.59.198.136 - - [31/Dec/2023:19:46:46 -0500] "GET /BLA/resoluciones/RESOLUCIONES%202011/1830.pdf HTTP/1.0" 200 503190
156.59.198.136 - - [31/Dec/2023:19:47:11 -0500] "GET /BLA/resoluciones/AUTOS%202022/1916.pdf HTTP/1.0" 200 1085709
156.59.198.135 - - [31/Dec/2023:19:47:36 -0500] "GET /BLA/resoluciones/AUTOS%202022/8561.pdf HTTP/1.0" 200 708485
205.210.31.99 - - [31/Dec/2023:19:47:57 -0500] "GET / HTTP/1.0" 200 319
156.59.198.136 - - [31/Dec/2023:19:48:00 -0500] "GET /BLA/resoluciones/RESOLUCIONES%202011/1086.pdf HTTP/1.0" 200 265626
52.167.144.229 - - [31/Dec/2023:19:48:01 -0500] "GET /BLA/resoluciones/AUTOS%202023/5705.pdf HTTP/1.1" 200 494591
156.59.198.136 - - [31/Dec/2023:19:48:24 -0500] "GET /BLA/resoluciones/AUTOS%202022/7756.pdf HTTP/1.0" 200 461686
201.245.192.253 - - [31/Dec/2023:19:48:31 -0500] "POST /kwsrmcab/Wsrmcab  HTTP/1.1" 200 36178
156.59.198.135 - - [31/Dec/2023:19:48:50 -0500] "GET /BLA/resoluciones/AUTOS%202022/4768.pdf HTTP/1.0" 200 437910
156.59.198.135 - - [31/Dec/2023:19:49:13 -0500] "GET /BLA/resoluciones/RESOLUCIONES%202011/0402.pdf HTTP/1.0" 200 264164
156.59.198.135 - - [31/Dec/2023:19:49:37 -0500] "GET /BLA/resoluciones/AUTOS%202022/1860.pdf HTTP/1.0" 200 434133
156.59.198.135 - - [31/Dec/2023:19:50:02 -0500] "GET /BLA/resoluciones/AUTOS%202022/4517.pdf HTTP/1.0" 200 477217
156.59.198.135 - - [31/Dec/2023:19:50:26 -0500] "GET /BLA/resoluciones/RESOLUCIONES%202007/RES%202007%202501%20AL%202600/RESOLUCION%202548%20DE%202007.pdf HTTP/1.0" 200 400497
172.22.2.4 - - [31/Dec/2023:19:49:10 -0500] "HEAD /BLA/boletinlegal/ HTTP/1.1" 200 -
156.59.198.136 - - [31/Dec/2023:19:50:50 -0500] "GET /BLA/resoluciones/AUTOS%202022/2443.pdf HTTP/1.0" 200 498343
216.245.221.92 - - [31/Dec/2023:19:50:57 -0500] "HEAD / HTTP/1.1" 200 -
156.59.198.135 - - [31/Dec/2023:19:51:13 -0500] "GET /BLA/resoluciones/AUTOS%202022/3657.pdf HTTP/1.0" 200 454685
156.59.198.135 - - [31/Dec/2023:19:51:38 -0500] "GET /BLA/resoluciones/AUTOS%202022/3700.pdf HTTP/1.0" 200 772853
172.22.2.4 - - [31/Dec/2023:19:50:01 -0500] "GET /BLA/boletinlegal/ HTTP/1.1" 200 60502
156.59.198.135 - - [31/Dec/2023:19:52:02 -0500] "GET /BLA/resoluciones/RESOLUCIONES%202011/1788.pdf HTTP/1.0" 200 81523
128.14.136.18 - - [31/Dec/2023:19:52:16 -0500] "GET / HTTP/1.1" 200 319
156.59.198.136 - - [31/Dec/2023:19:52:26 -0500] "GET /BLA/resoluciones/AUTOS%202022/7585.pdf HTTP/1.0" 200 444099
156.59.198.135 - - [31/Dec/2023:19:52:50 -0500] "GET /BLA/resoluciones/AUTOS%202022/4429.pdf HTTP/1.0" 200 882392
156.59.198.136 - - [31/Dec/2023:19:53:14 -0500] "GET /BLA/resoluciones/AUTOS%202022/6891.pdf HTTP/1.0" 200 592437
201.245.192.253 - - [31/Dec/2023:19:53:29 -0500] "POST /kwsrmcab/Wsrmcab  HTTP/1.1" 200 36178
156.59.198.135 - - [31/Dec/2023:19:53:39 -0500] "GET /BLA/resoluciones/RESOLUCIONES%202011/1695.pdf HTTP/1.0" 200 67879
156.59.198.136 - - [31/Dec/2023:19:54:04 -0500] "GET /BLA/resoluciones/RESOLUCIONES%202011/0426.pdf HTTP/1.0" 200 553379
156.59.198.135 - - [31/Dec/2023:19:54:28 -0500] "GET /BLA/resoluciones/AUTOS%202022/6964.pdf HTTP/1.0" 200 504837
156.59.198.136 - - [31/Dec/2023:19:54:53 -0500] "GET /BLA/resoluciones/RESOLUCIONES%202011/0267.pdf HTTP/1.0" 200 70201
156.59.198.135 - - [31/Dec/2023:19:55:17 -0500] "GET /BLA/resoluciones/RESOLUCIONES%202011/0587.pdf HTTP/1.0" 200 413936
156.59.198.135 - - [31/Dec/2023:19:55:42 -0500] "GET /BLA/resoluciones/RESOLUCIONES%202011/0519.pdf HTTP/1.0" 200 338822
216.245.221.92 - - [31/Dec/2023:19:55:57 -0500] "HEAD / HTTP/1.1" 200 -
156.59.198.135 - - [31/Dec/2023:19:56:07 -0500] "GET /BLA/resoluciones/RESOLUCIONES%202011/0091.pdf HTTP/1.0" 200 348356
156.59.198.136 - - [31/Dec/2023:19:56:31 -0500] "GET /BLA/resoluciones/RESOLUCIONES%202007/RES%202007%203701%20AL%203800/RESOLUCION%203787%20DE%202007.pdf HTTP/1.0" 200 57931
172.22.2.4 - - [31/Dec/2023:19:55:00 -0500] "HEAD /BLA/boletinlegal/ HTTP/1.1" 200 -
156.59.198.135 - - [31/Dec/2023:19:56:55 -0500] "GET /BLA/resoluciones/RESOLUCIONES%202011/1102.pdf HTTP/1.0" 200 331866
156.59.198.135 - - [31/Dec/2023:19:57:20 -0500] "GET /BLA/resoluciones/RESOLUCIONES%202011/1238.pdf HTTP/1.0" 200 475533
172.22.2.4 - - [31/Dec/2023:19:55:51 -0500] "GET /BLA/boletinlegal/ HTTP/1.1" 200 60910
156.59.198.136 - - [31/Dec/2023:19:57:44 -0500] "GET /BLA/resoluciones/AUTOS%202022/1537.pdf HTTP/1.0" 200 621332
156.59.198.136 - - [31/Dec/2023:19:58:09 -0500] "GET /BLA/resoluciones/RESOLUCIONES%202011/1407.pdf HTTP/1.0" 200 73857
201.245.192.253 - - [31/Dec/2023:19:58:28 -0500] "POST /kwsrmcab/Wsrmcab  HTTP/1.1" 200 36178
156.59.198.136 - - [31/Dec/2023:19:58:34 -0500] "GET /BLA/resoluciones/AUTOS%202022/6780.pdf HTTP/1.0" 200 444351
156.59.198.135 - - [31/Dec/2023:19:58:58 -0500] "GET /BLA/resoluciones/AUTOS%202022/7784.pdf HTTP/1.0" 200 444145
156.59.198.135 - - [31/Dec/2023:19:59:21 -0500] "GET /BLA/resoluciones/AUTOS%202022/3247.pdf HTTP/1.0" 200 861759
156.59.198.135 - - [31/Dec/2023:19:59:46 -0500] "GET /BLA/resoluciones/AUTOS%202022/5467.pdf HTTP/1.0" 200 514419
156.59.198.136 - - [31/Dec/2023:20:00:10 -0500] "GET /BLA/resoluciones/AUTOS%202022/5999.pdf HTTP/1.0" 200 455241
156.59.198.135 - - [31/Dec/2023:20:00:35 -0500] "GET /BLA/resoluciones/AUTOS%202022/2127.pdf HTTP/1.0" 200 1812162
216.245.221.92 - - [31/Dec/2023:20:00:57 -0500] "HEAD / HTTP/1.1" 200 -
156.59.198.135 - - [31/Dec/2023:20:00:58 -0500] "GET /BLA/resoluciones/Notificaciones/REGISTROS%202018/0361.pdf HTTP/1.0" 200 266998
156.59.198.136 - - [31/Dec/2023:20:01:22 -0500] "GET /BLA/resoluciones/RESOLUCIONES%202011/0111.pdf HTTP/1.0" 200 507490
156.59.198.136 - - [31/Dec/2023:20:01:49 -0500] "GET /BLA/resoluciones/AUTOS%202022/4326.pdf HTTP/1.0" 200 1282778
156.59.198.135 - - [31/Dec/2023:20:02:12 -0500] "GET /BLA/resoluciones/RESOLUCIONES%202011/1350.pdf HTTP/1.0" 200 69817
52.167.144.201 - - [31/Dec/2023:20:02:25 -0500] "GET /BLA/resoluciones/AUTOS%202023/5806.pdf HTTP/1.1" 200 393006
172.22.2.4 - - [31/Dec/2023:20:00:50 -0500] "HEAD /BLA/boletinlegal/ HTTP/1.1" 200 -
156.59.198.136 - - [31/Dec/2023:20:02:35 -0500] "GET /BLA/resoluciones/RESOLUCIONES%202011/0652.pdf HTTP/1.0" 200 536801
156.59.198.135 - - [31/Dec/2023:20:03:00 -0500] "GET /BLA/resoluciones/AUTOS%202022/1505.pdf HTTP/1.0" 200 436126
172.22.2.4 - - [31/Dec/2023:20:01:41 -0500] "GET /BLA/boletinlegal/ HTTP/1.1" 200 58567
156.59.198.135 - - [31/Dec/2023:20:03:24 -0500] "GET /BLA/resoluciones/AUTOS%202022/8538.pdf HTTP/1.0" 200 634354
201.245.192.253 - - [31/Dec/2023:20:03:26 -0500] "POST /kwsrmcab/Wsrmcab  HTTP/1.1" 200 36178
162.55.170.174 - - [31/Dec/2023:20:03:47 -0500] "GET / HTTP/1.1" 200 319
162.55.170.174 - - [31/Dec/2023:20:03:48 -0500] "GET / HTTP/1.1" 200 4720
156.59.198.135 - - [31/Dec/2023:20:03:49 -0500] "GET /BLA/resoluciones/RESOLUCIONES%202011/0912.pdf HTTP/1.0" 200 74655
69.63.189.3 - - [31/Dec/2023:20:04:10 -0500] "GET /images/PREAD%20SDA%201.jpeg HTTP/1.1" 200 65620
69.63.189.118 - - [31/Dec/2023:20:04:10 -0500] "GET /images/Aves%20SDA.jpeg HTTP/1.1" 200 75104
69.63.189.4 - - [31/Dec/2023:20:04:10 -0500] "GET /images/arbol%20centro.jpg HTTP/1.1" 200 69467
69.63.189.118 - - [31/Dec/2023:20:04:10 -0500] "GET /images/terrazas%20verdes.jpg HTTP/1.1" 200 63951
69.63.189.9 - - [31/Dec/2023:20:04:10 -0500] "GET /images/agua%20bogota.jpg HTTP/1.1" 200 74348
69.63.189.119 - - [31/Dec/2023:20:04:13 -0500] "GET /images/reconocimiento%20practicas%20ambientales.jpg HTTP/1.1" 200 63397
69.63.189.119 - - [31/Dec/2023:20:04:13 -0500] "GET /images/Musgo%2017%20-%2012%20-%202023.jpeg HTTP/1.1" 200 66238
69.63.189.10 - - [31/Dec/2023:20:04:13 -0500] "GET /images/participacion%2019-12-23.jpg HTTP/1.1" 200 73861
156.59.198.135 - - [31/Dec/2023:20:04:14 -0500] "GET /BLA/resoluciones/AUTOS%202022/5746.pdf HTTP/1.0" 200 803100
69.63.189.120 - - [31/Dec/2023:20:04:15 -0500] "GET /images/calidad-aire.jpg HTTP/1.1" 200 42421
156.59.198.136 - - [31/Dec/2023:20:04:37 -0500] "GET /BLA/resoluciones/RESOLUCIONES%202011/1276.pdf HTTP/1.0" 200 353690
156.59.198.136 - - [31/Dec/2023:20:05:01 -0500] "GET /BLA/resoluciones/RESOLUCIONES%202011/1857.pdf HTTP/1.0" 200 515207
156.59.198.136 - - [31/Dec/2023:20:05:27 -0500] "GET /BLA/resoluciones/RESOLUCIONES%202011/1126.pdf HTTP/1.0" 200 303858
156.59.198.135 - - [31/Dec/2023:20:05:51 -0500] "GET /BLA/resoluciones/RESOLUCIONES%202011/0858.pdf HTTP/1.0" 200 370566
216.245.221.92 - - [31/Dec/2023:20:05:57 -0500] "HEAD / HTTP/1.1" 200 -
156.59.198.136 - - [31/Dec/2023:20:06:16 -0500] "GET /BLA/resoluciones/AUTOS%202022/6354.pdf HTTP/1.0" 200 947395
156.59.198.136 - - [31/Dec/2023:20:06:41 -0500] "GET /BLA/resoluciones/AUTOS%202022/8575.pdf HTTP/1.0" 200 579073
156.59.198.135 - - [31/Dec/2023:20:07:05 -0500] "GET /BLA/resoluciones/RESOLUCIONES%202011/0555.pdf HTTP/1.0" 200 86049
156.59.198.135 - - [31/Dec/2023:20:07:28 -0500] "GET /BLA/resoluciones/AUTOS%202022/7300.pdf HTTP/1.0" 200 438020
156.59.198.136 - - [31/Dec/2023:20:07:53 -0500] "GET /BLA/resoluciones/RESOLUCIONES%202007/RES%202007%203701%20AL%203800/RESOLUCION%203737%20DE%202007.pdf HTTP/1.0" 200 245439
156.59.198.135 - - [31/Dec/2023:20:08:19 -0500] "GET /BLA/resoluciones/RESOLUCIONES%202011/1190.pdf HTTP/1.0" 200 252614
172.22.2.4 - - [31/Dec/2023:20:06:40 -0500] "HEAD /BLA/boletinlegal/ HTTP/1.1" 200 -
201.245.192.253 - - [31/Dec/2023:20:08:25 -0500] "POST /kwsrmcab/Wsrmcab  HTTP/1.1" 200 36178
156.59.198.136 - - [31/Dec/2023:20:08:42 -0500] "GET /BLA/resoluciones/AUTOS%202022/2564.pdf HTTP/1.0" 200 501724
156.59.198.135 - - [31/Dec/2023:20:09:06 -0500] "GET /BLA/resoluciones/AUTOS%202022/4484.pdf HTTP/1.0" 200 447529
172.22.2.4 - - [31/Dec/2023:20:07:31 -0500] "GET /BLA/boletinlegal/ HTTP/1.1" 200 58567
40.77.167.126 - - [31/Dec/2023:20:09:26 -0500] "GET /BLA/resoluciones/AUTOS%202023/05444.pdf HTTP/1.1" 200 418562
156.59.198.136 - - [31/Dec/2023:20:09:32 -0500] "GET /BLA/resoluciones/AUTOS%202022/2454.pdf HTTP/1.0" 200 496011
71.6.232.28 - - [31/Dec/2023:20:09:33 -0500] "GET / HTTP/1.1" 200 319
156.59.198.135 - - [31/Dec/2023:20:09:56 -0500] "GET /BLA/resoluciones/RESOLUCIONES%202011/0864.pdf HTTP/1.0" 200 264657
156.59.198.136 - - [31/Dec/2023:20:10:21 -0500] "GET /BLA/resoluciones/Notificaciones/REGISTROS%202018/01826.pdf HTTP/1.0" 200 256910
156.59.198.136 - - [31/Dec/2023:20:10:45 -0500] "GET /BLA/resoluciones/RESOLUCIONES%202011/1866.pdf HTTP/1.0" 200 517576
216.245.221.92 - - [31/Dec/2023:20:10:57 -0500] "HEAD / HTTP/1.1" 200 -
156.59.198.135 - - [31/Dec/2023:20:11:09 -0500] "GET /BLA/resoluciones/RESOLUCIONES%202011/1096.pdf HTTP/1.0" 200 369813
172.22.2.4 - - [31/Dec/2023:20:10:50 -0500] "GET /BLA/boletinlegal/ HTTP/1.1" 200 20427
156.59.198.135 - - [31/Dec/2023:20:11:34 -0500] "GET /BLA/resoluciones/AUTOS%202022/6291.pdf HTTP/1.0" 200 455039
156.59.198.135 - - [31/Dec/2023:20:11:59 -0500] "GET /BLA/resoluciones/RESOLUCIONES%202011/1698.pdf HTTP/1.0" 200 72417
191.111.16.3 - - [31/Dec/2023:20:12:20 -0500] "GET /appsia/controlador HTTP/1.1" 200 4799
191.111.16.3 - - [31/Dec/2023:20:12:20 -0500] "GET /appsia/css/estilos.css HTTP/1.1" 200 4804
191.111.16.3 - - [31/Dec/2023:20:12:20 -0500] "GET /appsia/scripts/validarIngreso.js HTTP/1.1" 200 851
191.111.16.3 - - [31/Dec/2023:20:12:20 -0500] "GET /appsia/images/cabezoteHojaVida.png HTTP/1.1" 200 32493
191.111.16.3 - - [31/Dec/2023:20:12:20 -0500] "GET /appsia/images/logo_bogota_p.png HTTP/1.1" 200 14951
191.111.16.3 - - [31/Dec/2023:20:12:20 -0500] "GET /favicon.ico HTTP/1.1" 200 7782
156.59.198.135 - - [31/Dec/2023:20:12:23 -0500] "GET /BLA/resoluciones/AUTOS%202022/4586.pdf HTTP/1.0" 200 974740
156.59.198.136 - - [31/Dec/2023:20:12:46 -0500] "GET /BLA/resoluciones/RESOLUCIONES%202011/1263.pdf HTTP/1.0" 200 366146
54.221.61.250 - - [31/Dec/2023:20:12:57 -0500] "GET / HTTP/1.1" 200 319
31.13.127.18 - - [31/Dec/2023:20:13:01 -0500] "GET /distrito-declara-alerta-preventiva-en-el-suroccidente-de-la-ciudad-por-mala-calidad-del-aire.html HTTP/1.1" 200 1065
156.59.198.135 - - [31/Dec/2023:20:13:10 -0500] "GET /BLA/resoluciones/RESOLUCIONES%202011/1376.pdf HTTP/1.0" 200 64663
201.245.192.253 - - [31/Dec/2023:20:13:23 -0500] "POST /kwsrmcab/Wsrmcab  HTTP/1.1" 200 36178
156.59.198.136 - - [31/Dec/2023:20:13:35 -0500] "GET /BLA/resoluciones/RESOLUCIONES%202011/0074.pdf HTTP/1.0" 200 334827
156.59.198.135 - - [31/Dec/2023:20:14:00 -0500] "GET /BLA/resoluciones/Notificaciones/REGISTROS%202018/0395.pdf HTTP/1.0" 200 268095
66.249.66.20 - - [31/Dec/2023:20:14:06 -0500] "GET /Publicaciones/2023EE230588.pdf HTTP/1.1" 404 228
172.22.2.4 - - [31/Dec/2023:20:12:30 -0500] "HEAD /BLA/boletinlegal/ HTTP/1.1" 200 -
156.59.198.136 - - [31/Dec/2023:20:14:25 -0500] "GET /BLA/resoluciones/AUTOS%202022/1116.pdf HTTP/1.0" 200 973394
52.167.144.220 - - [31/Dec/2023:20:14:47 -0500] "GET /BLA/resoluciones/RESOLUCIONES%202010/2687.pdf HTTP/1.1" 200 384330
156.59.198.135 - - [31/Dec/2023:20:14:48 -0500] "GET /BLA/resoluciones/AUTOS%202022/7686.pdf HTTP/1.0" 200 422934
172.22.2.4 - - [31/Dec/2023:20:13:21 -0500] "GET /BLA/boletinlegal/ HTTP/1.1" 200 58567
156.59.198.136 - - [31/Dec/2023:20:15:13 -0500] "GET /BLA/resoluciones/RESOLUCIONES%202007/RES%202007%201301%20AL%201400/RESOLUCION%201399%20DE%202007.pdf HTTP/1.0" 200 168716
191.111.16.3 - - [31/Dec/2023:20:15:20 -0500] "POST /appsia/controlador HTTP/1.1" 200 3604
191.111.16.3 - - [31/Dec/2023:20:15:20 -0500] "GET /appsia/jscripts/validarSolicitud.js HTTP/1.1" 404 68
66.249.66.20 - - [31/Dec/2023:20:15:20 -0500] "GET /Publicaciones/2023EE307980.pdf HTTP/1.1" 200 1906096
191.111.16.3 - - [31/Dec/2023:20:15:24 -0500] "POST /appsia/controlador HTTP/1.1" 200 4799
191.111.16.3 - - [31/Dec/2023:20:15:31 -0500] "POST /appsia/controlador HTTP/1.1" 200 5437
156.59.198.136 - - [31/Dec/2023:20:15:37 -0500] "GET /BLA/resoluciones/AUTOS%202022/3347.pdf HTTP/1.0" 200 449172
201.245.192.253 - - [31/Dec/2023:20:15:41 -0500] "POST /kwsrmcab/Wsrmcab HTTP/1.1" 200 37033
191.111.16.3 - - [31/Dec/2023:20:15:45 -0500] "POST /appsia/controlador HTTP/1.1" 200 7734
191.111.16.3 - - [31/Dec/2023:20:15:45 -0500] "GET /appsia/images/logo_escudo.png HTTP/1.1" 200 36965
201.245.192.253 - - [31/Dec/2023:20:15:44 -0500] "POST /kwsrmcab/Wsrmcab HTTP/1.1" 200 36856
216.245.221.92 - - [31/Dec/2023:20:15:57 -0500] "HEAD / HTTP/1.1" 200 -
156.59.198.135 - - [31/Dec/2023:20:16:01 -0500] "GET /BLA/resoluciones/AUTOS%202022/4320.pdf HTTP/1.0" 200 699745
40.77.167.15 - - [31/Dec/2023:20:16:24 -0500] "GET /BLA/resoluciones/AUTOS%202023/1841.pdf HTTP/1.1" 200 327282
156.59.198.136 - - [31/Dec/2023:20:16:25 -0500] "GET /BLA/resoluciones/AUTOS%202022/6975.pdf HTTP/1.0" 200 530551
156.59.198.135 - - [31/Dec/2023:20:16:49 -0500] "GET /BLA/resoluciones/RESOLUCIONES%202011/0893.pdf HTTP/1.0" 200 813958
156.59.198.135 - - [31/Dec/2023:20:17:15 -0500] "GET /BLA/resoluciones/AUTOS%202022/7358.pdf HTTP/1.0" 200 964091
156.59.198.136 - - [31/Dec/2023:20:17:39 -0500] "GET /BLA/resoluciones/AUTOS%202022/1498.pdf HTTP/1.0" 200 608391
156.59.198.136 - - [31/Dec/2023:20:18:02 -0500] "GET /BLA/resoluciones/RESOLUCIONES%202011/1362.pdf HTTP/1.0" 200 65433
201.245.192.253 - - [31/Dec/2023:20:18:22 -0500] "POST /kwsrmcab/Wsrmcab  HTTP/1.1" 200 36178
156.59.198.135 - - [31/Dec/2023:20:18:27 -0500] "GET /BLA/resoluciones/RESOLUCIONES%202011/0280.pdf HTTP/1.0" 200 85667
156.59.198.136 - - [31/Dec/2023:20:18:52 -0500] "GET /BLA/resoluciones/RESOLUCIONES%202007/RES%202007%201301%20AL%201400/RESOLUCION%201385%20DE%202007.pdf HTTP/1.0" 200 261338
156.59.198.136 - - [31/Dec/2023:20:19:15 -0500] "GET /BLA/resoluciones/RESOLUCIONES%202007/RES%202007%201301%20AL%201400/RESOLUCION%201348%20DE%202007.pdf HTTP/1.0" 200 26469
156.59.198.136 - - [31/Dec/2023:20:19:40 -0500] "GET /BLA/resoluciones/RESOLUCIONES%202007/RES%202007%201301%20AL%201400/RESOLUCION%201311%20DE%202007.pdf HTTP/1.0" 200 137481
201.245.192.253 - - [31/Dec/2023:20:19:46 -0500] "POST /kwsrmcab/Wsrmcab HTTP/1.1" 200 37033
201.245.192.253 - - [31/Dec/2023:20:19:51 -0500] "POST /kwsrmcab/Wsrmcab HTTP/1.1" 200 36856
172.22.2.4 - - [31/Dec/2023:20:18:20 -0500] "HEAD /BLA/boletinlegal/ HTTP/1.1" 200 -
156.59.198.136 - - [31/Dec/2023:20:20:04 -0500] "GET /BLA/resoluciones/Notificaciones/REGISTROS%202018/01694.pdf HTTP/1.0" 200 269554
156.59.198.136 - - [31/Dec/2023:20:20:28 -0500] "GET /BLA/resoluciones/RESOLUCIONES%202011/1338.pdf HTTP/1.0" 200 66111
172.22.2.4 - - [31/Dec/2023:20:19:11 -0500] "GET /BLA/boletinlegal/ HTTP/1.1" 200 60502
156.59.198.135 - - [31/Dec/2023:20:20:53 -0500] "GET /BLA/resoluciones/RESOLUCIONES%202007/RES%202007%201301%20AL%201400/RESOLUCION%201321%20DE%202007.pdf HTTP/1.0" 200 326217
216.245.221.92 - - [31/Dec/2023:20:20:57 -0500] "HEAD / HTTP/1.1" 200 -
156.59.198.136 - - [31/Dec/2023:20:21:17 -0500] "GET /BLA/resoluciones/RESOLUCIONES%202007/RES%202007%201301%20AL%201400/RESOLUCION%201362%20DE%202007.pdf HTTP/1.0" 200 70170
156.59.198.136 - - [31/Dec/2023:20:21:41 -0500] "GET /BLA/resoluciones/RESOLUCIONES%202007/RES%202007%201301%20AL%201400/RESOLUCION%201313%20DE%202007.pdf HTTP/1.0" 200 307512
156.59.198.135 - - [31/Dec/2023:20:22:05 -0500] "GET /BLA/resoluciones/RESOLUCIONES%202007/RES%202007%201301%20AL%201400/RESOLUCION%201376%20DE%202007.pdf HTTP/1.0" 200 432890
156.59.198.135 - - [31/Dec/2023:20:22:30 -0500] "GET /BLA/resoluciones/RESOLUCIONES%202007/RES%202007%201301%20AL%201400/RESOLUCION%201397%20DE%202007.pdf HTTP/1.0" 200 352405
199.16.157.181 - - [31/Dec/2023:20:22:30 -0500] "GET /images/pl%C3%A1sticos%20foto%201..jpg HTTP/1.1" 404 1034
156.59.198.135 - - [31/Dec/2023:20:22:54 -0500] "GET /BLA/resoluciones/RESOLUCIONES%202007/RES%202007%201301%20AL%201400/RESOLUCION%201302%20DE%202007.pdf HTTP/1.0" 200 389529
156.59.198.135 - - [31/Dec/2023:20:23:18 -0500] "GET /BLA/resoluciones/RESOLUCIONES%202007/RES%202007%201301%20AL%201400/RESOLUCION%201349%20DE%202007.pdf HTTP/1.0" 200 26078
201.245.192.253 - - [31/Dec/2023:20:23:21 -0500] "POST /kwsrmcab/Wsrmcab  HTTP/1.1" 200 36178
156.59.198.135 - - [31/Dec/2023:20:23:42 -0500] "GET /BLA/resoluciones/RESOLUCIONES%202007/RES%202007%201301%20AL%201400/RESOLUCION%201304%20DE%202007.pdf HTTP/1.0" 200 61586
156.59.198.135 - - [31/Dec/2023:20:24:07 -0500] "GET /BLA/resoluciones/RESOLUCIONES%202007/RES%202007%201301%20AL%201400/RESOLUCION%201342%20DE%202007.pdf HTTP/1.0" 200 27702
156.59.198.135 - - [31/Dec/2023:20:24:31 -0500] "GET /BLA/resoluciones/RESOLUCIONES%202007/RES%202007%201301%20AL%201400/RESOLUCION%201383%20DE%202007.pdf HTTP/1.0" 200 258665
156.59.198.136 - - [31/Dec/2023:20:24:55 -0500] "GET /BLA/resoluciones/RESOLUCIONES%202007/RES%202007%201301%20AL%201400/RESOLUCION%201301%20DE%202007.pdf HTTP/1.0" 200 409934
207.46.13.64 - - [31/Dec/2023:20:25:00 -0500] "GET /portaldeninos/parque-ecologico-distrital-humedal-santa-maria-del-lago/ HTTP/1.1" 200 90199
156.59.198.135 - - [31/Dec/2023:20:25:19 -0500] "GET /BLA/resoluciones/RESOLUCIONES%202007/RES%202007%201301%20AL%201400/RESOLUCION%201368%20DE%202007.pdf HTTP/1.0" 200 349951
201.245.192.253 - - [31/Dec/2023:20:25:41 -0500] "POST /kwsrmcab/Wsrmcab HTTP/1.1" 200 37033
156.59.198.136 - - [31/Dec/2023:20:25:44 -0500] "GET /BLA/resoluciones/RESOLUCIONES%202007/RES%202007%201301%20AL%201400/RESOLUCION%201372%20DE%202007.pdf HTTP/1.0" 200 236864
201.245.192.253 - - [31/Dec/2023:20:25:43 -0500] "POST /kwsrmcab/Wsrmcab HTTP/1.1" 200 36856
172.22.2.4 - - [31/Dec/2023:20:24:10 -0500] "HEAD /BLA/boletinlegal/ HTTP/1.1" 200 -
216.245.221.92 - - [31/Dec/2023:20:25:57 -0500] "HEAD / HTTP/1.1" 200 -
47.128.48.127 - - [31/Dec/2023:20:26:09 -0500] "GET /BLA/resoluciones/index.php?dir=Acuerdos%2F&order=desc&sort=size HTTP/1.1" 200 3395
47.128.48.127 - - [31/Dec/2023:20:26:09 -0500] "GET /BLA/resoluciones/dlf/dirup.png HTTP/1.1" 200 644
47.128.48.127 - - [31/Dec/2023:20:26:09 -0500] "GET /BLA/resoluciones/dlf/pdf.gif HTTP/1.1" 200 272
40.77.167.38 - - [31/Dec/2023:20:26:24 -0500] "GET /BLA/resoluciones/AUTOS%202023/05876.pdf HTTP/1.1" 200 399835
47.128.26.173 - - [31/Dec/2023:20:26:34 -0500] "GET /BLA/resoluciones/dlf/dirup.png HTTP/1.1" 200 644
47.128.26.173 - - [31/Dec/2023:20:26:34 -0500] "GET /BLA/resoluciones/dlf/pdf.gif HTTP/1.1" 200 272
47.128.26.173 - - [31/Dec/2023:20:26:33 -0500] "GET /BLA/resoluciones/index.php?dir=Notificaciones%2FAUTOS%202020%2F&order=asc&sort=name HTTP/1.1" 200 119693
172.22.2.4 - - [31/Dec/2023:20:25:01 -0500] "GET /BLA/boletinlegal/ HTTP/1.1" 200 60502
47.128.113.35 - - [31/Dec/2023:20:26:57 -0500] "GET /BLA/resoluciones/index.php?dir=RESOLUCIONES+1996%2F HTTP/1.1" 200 9137
47.128.113.35 - - [31/Dec/2023:20:26:58 -0500] "GET /BLA/resoluciones/dlf/dirup.png HTTP/1.1" 200 644
47.128.113.35 - - [31/Dec/2023:20:26:58 -0500] "GET /BLA/resoluciones/dlf/pdf.gif HTTP/1.1" 200 272
47.128.46.94 - - [31/Dec/2023:20:27:21 -0500] "GET /BLA/resoluciones/index.php?dir=RESOLUCIONES%202005%2FRES%202005%201401-1450%2F&order=desc&sort=name HTTP/1.1" 200 12364
47.128.46.94 - - [31/Dec/2023:20:27:21 -0500] "GET /BLA/resoluciones/dlf/unknown.png HTTP/1.1" 200 266
47.128.46.94 - - [31/Dec/2023:20:27:21 -0500] "GET /BLA/resoluciones/dlf/dirup.png HTTP/1.1" 200 644
156.59.198.135 - - [31/Dec/2023:20:27:43 -0500] "GET /BLA/resoluciones/RESOLUCIONES%202007/RES%202007%201301%20AL%201400/RESOLUCION%201357%20DE%202007.pdf HTTP/1.0" 200 188970
47.128.123.42 - - [31/Dec/2023:20:28:09 -0500] "GET /BLA/resoluciones/index.php?dir=RESOLUCIONES%202005%2FRES%202005%201551-1600%2F&order=desc&sort=date HTTP/1.1" 200 12363
47.128.123.42 - - [31/Dec/2023:20:28:10 -0500] "GET /BLA/resoluciones/dlf/unknown.png HTTP/1.1" 200 266
47.128.123.42 - - [31/Dec/2023:20:28:10 -0500] "GET /BLA/resoluciones/dlf/dirup.png HTTP/1.1" 200 644
172.22.2.4 - - [31/Dec/2023:20:28:16 -0500] "GET /BLA/boletinlegal/.env HTTP/1.1" 404 1018
201.245.192.253 - - [31/Dec/2023:20:28:20 -0500] "POST /kwsrmcab/Wsrmcab  HTTP/1.1" 200 36178
47.128.24.176 - - [31/Dec/2023:20:28:34 -0500] "GET /BLA/resoluciones/dlf/dirup.png HTTP/1.1" 200 644
47.128.24.176 - - [31/Dec/2023:20:28:34 -0500] "GET /BLA/resoluciones/dlf/unknown.png HTTP/1.1" 200 266
47.128.24.176 - - [31/Dec/2023:20:28:34 -0500] "GET /BLA/resoluciones/dlf/pdf.gif HTTP/1.1" 200 272
47.128.24.176 - - [31/Dec/2023:20:28:33 -0500] "GET /BLA/resoluciones/index.php?dir=RESOLUCIONES%202002%2FRES%202002%20951-1000%2F&order=asc&sort=size HTTP/1.1" 200 12521
172.22.2.4 - - [31/Dec/2023:20:28:17 -0500] "POST /BLA/boletinlegal/ HTTP/1.1" 200 24523
47.128.21.40 - - [31/Dec/2023:20:29:10 -0500] "GET /BLA/resoluciones/dlf/dirup.png HTTP/1.1" 200 644
47.128.21.40 - - [31/Dec/2023:20:29:10 -0500] "GET /BLA/resoluciones/dlf/unknown.png HTTP/1.1" 200 266
47.128.21.40 - - [31/Dec/2023:20:29:09 -0500] "GET /BLA/resoluciones/index.php?dir=RESOLUCIONES%202006%2FRES%202006%201701-1751%2F&order=asc&sort=size HTTP/1.1" 200 12369
47.128.24.230 - - [31/Dec/2023:20:29:22 -0500] "GET /BLA/resoluciones/index.php?dir=RESOLUCIONES%202003%2FRES%202003%202001-2051%2F&order=desc&sort=name HTTP/1.1" 200 12158
47.128.24.230 - - [31/Dec/2023:20:29:24 -0500] "GET /BLA/resoluciones/dlf/unknown.png HTTP/1.1" 200 266
47.128.24.230 - - [31/Dec/2023:20:29:24 -0500] "GET /BLA/resoluciones/dlf/dirup.png HTTP/1.1" 200 644
47.128.24.164 - - [31/Dec/2023:20:29:45 -0500] "GET /BLA/resoluciones/index.php?dir=RESOLUCIONES+2005%2FRES+2005+601-650%2F HTTP/1.1" 200 12246
47.128.24.164 - - [31/Dec/2023:20:29:46 -0500] "GET /BLA/resoluciones/dlf/unknown.png HTTP/1.1" 200 266
47.128.24.164 - - [31/Dec/2023:20:29:46 -0500] "GET /BLA/resoluciones/dlf/dirup.png HTTP/1.1" 200 644
201.245.192.253 - - [31/Dec/2023:20:29:46 -0500] "POST /kwsrmcab/Wsrmcab HTTP/1.1" 200 37033
201.245.192.253 - - [31/Dec/2023:20:29:51 -0500] "POST /kwsrmcab/Wsrmcab HTTP/1.1" 200 36856
47.128.58.133 - - [31/Dec/2023:20:30:09 -0500] "GET /BLA/resoluciones/index.php?dir=RESOLUCIONES%202004%2FRES%202004%20101-150%2F&order=asc&sort=date HTTP/1.1" 200 12033
47.128.58.133 - - [31/Dec/2023:20:30:09 -0500] "GET /BLA/resoluciones/dlf/unknown.png HTTP/1.1" 200 266
47.128.58.133 - - [31/Dec/2023:20:30:09 -0500] "GET /BLA/resoluciones/dlf/dirup.png HTTP/1.1" 200 644
47.128.60.47 - - [31/Dec/2023:20:30:33 -0500] "GET /BLA/resoluciones/index.php?dir=RESOLUCIONES+2003%2FRES+2003+101-150%2F HTTP/1.1" 200 12355
47.128.60.47 - - [31/Dec/2023:20:30:33 -0500] "GET /BLA/resoluciones/dlf/unknown.png HTTP/1.1" 200 266
47.128.60.47 - - [31/Dec/2023:20:30:33 -0500] "GET /BLA/resoluciones/dlf/dirup.png HTTP/1.1" 200 644
216.245.221.92 - - [31/Dec/2023:20:30:57 -0500] "HEAD / HTTP/1.1" 200 -
47.128.120.99 - - [31/Dec/2023:20:30:59 -0500] "GET /BLA/resoluciones/dlf/dirup.png HTTP/1.1" 200 644
47.128.120.99 - - [31/Dec/2023:20:30:59 -0500] "GET /BLA/resoluciones/dlf/pdf.gif HTTP/1.1" 200 272
47.128.120.99 - - [31/Dec/2023:20:30:58 -0500] "GET /BLA/resoluciones/index.php?dir=RESOLUCIONES+1998%2F HTTP/1.1" 200 14920
47.128.120.217 - - [31/Dec/2023:20:31:25 -0500] "GET /BLA/resoluciones/dlf/unknown.png HTTP/1.1" 200 266
47.128.120.217 - - [31/Dec/2023:20:31:25 -0500] "GET /BLA/resoluciones/dlf/dirup.png HTTP/1.1" 200 644
47.128.120.217 - - [31/Dec/2023:20:31:24 -0500] "GET /BLA/resoluciones/index.php?dir=RESOLUCIONES%202006%2FRES%202006%201401-1450%2F&order=asc&sort=name HTTP/1.1" 200 12367
172.22.2.4 - - [31/Dec/2023:20:30:00 -0500] "HEAD /BLA/boletinlegal/ HTTP/1.1" 200 -
156.59.198.135 - - [31/Dec/2023:20:31:45 -0500] "GET /BLA/resoluciones/RESOLUCIONES%202007/RES%202007%201301%20AL%201400/RESOLUCION%201382%20DE%202007.pdf HTTP/1.0" 200 209072
40.77.167.64 - - [31/Dec/2023:20:31:48 -0500] "GET /BLA/resoluciones/RESOLUCIONES%202019/0311.pdf HTTP/1.1" 200 419407
47.128.54.109 - - [31/Dec/2023:20:32:10 -0500] "GET /BLA/resoluciones/index.php?dir=RESOLUCIONES%202004%2FRES%202004%20801-850%2F&order=asc&sort=size HTTP/1.1" 200 12048
47.128.54.109 - - [31/Dec/2023:20:32:11 -0500] "GET /BLA/resoluciones/dlf/unknown.png HTTP/1.1" 200 266
47.128.54.109 - - [31/Dec/2023:20:32:11 -0500] "GET /BLA/resoluciones/dlf/dirup.png HTTP/1.1" 200 644
172.22.2.4 - - [31/Dec/2023:20:30:51 -0500] "GET /BLA/boletinlegal/ HTTP/1.1" 200 58969
66.249.66.20 - - [31/Dec/2023:20:32:33 -0500] "GET /Publicaciones/2023EE225876.pdf HTTP/1.1" 404 228
47.128.48.131 - - [31/Dec/2023:20:32:34 -0500] "GET /BLA/resoluciones/index.php?dir=RESOLUCIONES%202004%2FRES%202004%202101-2150%2F&order=asc&sort=size HTTP/1.1" 200 12359
47.128.48.131 - - [31/Dec/2023:20:32:35 -0500] "GET /BLA/resoluciones/dlf/unknown.png HTTP/1.1" 200 266
47.128.48.131 - - [31/Dec/2023:20:32:35 -0500] "GET /BLA/resoluciones/dlf/dirup.png HTTP/1.1" 200 644
54.201.162.161 - - [31/Dec/2023:20:32:50 -0500] "OPTIONS / HTTP/1.1" 200 -
201.245.192.253 - - [31/Dec/2023:20:33:18 -0500] "POST /kwsrmcab/Wsrmcab  HTTP/1.1" 200 36178
172.22.2.4 - - [31/Dec/2023:20:33:06 -0500] "GET /BLA/boletinlegal/ HTTP/1.1" 200 63054
201.245.192.253 - - [31/Dec/2023:20:35:40 -0500] "POST /kwsrmcab/Wsrmcab HTTP/1.1" 200 37033
201.245.192.253 - - [31/Dec/2023:20:35:43 -0500] "POST /kwsrmcab/Wsrmcab HTTP/1.1" 200 36856
216.245.221.92 - - [31/Dec/2023:20:35:57 -0500] "HEAD / HTTP/1.1" 200 -
172.22.2.4 - - [31/Dec/2023:20:37:05 -0500] "GET /BLA/boletinlegal/Circulares/2019/.pdf HTTP/1.1" 404 1218
172.22.2.4 - - [31/Dec/2023:20:37:15 -0500] "GET /BLA/boletinlegal/Circulares/2012/Circular%20No.%2010%20del%2026%20de%20Enero%20de%202012.pdf HTTP/1.1" 404 1218
172.22.2.4 - - [31/Dec/2023:20:35:50 -0500] "HEAD /BLA/boletinlegal/ HTTP/1.1" 200 -
172.22.2.4 - - [31/Dec/2023:20:36:41 -0500] "GET /BLA/boletinlegal/ HTTP/1.1" 200 60502
201.245.192.253 - - [31/Dec/2023:20:38:17 -0500] "POST /kwsrmcab/Wsrmcab  HTTP/1.1" 200 36178
52.167.144.191 - - [31/Dec/2023:20:39:45 -0500] "GET /BLA/resoluciones/AUTOS%202023/5885.pdf HTTP/1.1" 200 421096
201.245.192.253 - - [31/Dec/2023:20:39:46 -0500] "POST /kwsrmcab/Wsrmcab HTTP/1.1" 200 37033
201.245.192.253 - - [31/Dec/2023:20:39:51 -0500] "POST /kwsrmcab/Wsrmcab HTTP/1.1" 200 36856
216.245.221.92 - - [31/Dec/2023:20:40:57 -0500] "HEAD / HTTP/1.1" 200 -
201.245.192.253 - - [31/Dec/2023:20:43:16 -0500] "POST /kwsrmcab/Wsrmcab  HTTP/1.1" 200 36178
172.22.2.4 - - [31/Dec/2023:20:41:40 -0500] "HEAD /BLA/boletinlegal/ HTTP/1.1" 200 -
172.22.2.4 - - [31/Dec/2023:20:42:31 -0500] "GET /BLA/boletinlegal/ HTTP/1.1" 200 60502
216.245.221.92 - - [31/Dec/2023:20:45:57 -0500] "HEAD / HTTP/1.1" 200 -
201.245.192.253 - - [31/Dec/2023:20:48:15 -0500] "POST /kwsrmcab/Wsrmcab  HTTP/1.1" 200 36178
52.167.144.219 - - [31/Dec/2023:20:48:56 -0500] "GET /BLA/resoluciones/AUTOS%202023/5790.pdf HTTP/1.1" 200 434690
172.22.2.4 - - [31/Dec/2023:20:47:30 -0500] "HEAD /BLA/boletinlegal/ HTTP/1.1" 200 -
52.167.144.209 - - [31/Dec/2023:20:49:26 -0500] "GET /BLA/resoluciones/AUTOS%202023/07658.pdf HTTP/1.1" 200 409022
156.59.198.135 - - [31/Dec/2023:20:49:31 -0500] "GET /BLA/resoluciones/RESOLUCIONES%202007/RES%202007%203301%20AL%203400/RESOLUCION%203397%20DE%202007.pdf HTTP/1.0" 200 526483
156.59.198.136 - - [31/Dec/2023:20:49:56 -0500] "GET /BLA/resoluciones/RESOLUCIONES%202007/RES%202007%203301%20AL%203400/RESOLUCION%203400%20DE%202007.pdf HTTP/1.0" 200 669605
172.22.2.4 - - [31/Dec/2023:20:48:21 -0500] "GET /BLA/boletinlegal/ HTTP/1.1" 200 60910
91.92.243.232 - - [31/Dec/2023:20:50:18 -0500] "GET / HTTP/1.1" 200 319
156.59.198.135 - - [31/Dec/2023:20:50:20 -0500] "GET /BLA/resoluciones/RESOLUCIONES%202007/RES%202007%203301%20AL%203400/RESOLUCION%203301%20DE%202007.pdf HTTP/1.0" 200 400574
91.92.243.232 - - [31/Dec/2023:20:50:21 -0500] "GET ../../proc/ HTTP" 400 946
156.59.198.136 - - [31/Dec/2023:20:50:43 -0500] "GET /BLA/resoluciones/RESOLUCIONES%202007/RES%202007%203301%20AL%203400/RESOLUCION%203323%20DE%202007.pdf HTTP/1.0" 200 637126
216.245.221.92 - - [31/Dec/2023:20:50:57 -0500] "HEAD / HTTP/1.1" 200 -
156.59.198.136 - - [31/Dec/2023:20:51:08 -0500] "GET /BLA/resoluciones/RESOLUCIONES%202007/RES%202007%203301%20AL%203400/RESOLUCION%203349%20DE%202007.pdf HTTP/1.0" 200 595717
156.59.198.136 - - [31/Dec/2023:20:51:33 -0500] "GET /BLA/resoluciones/RESOLUCIONES%202007/RES%202007%203301%20AL%203400/RESOLUCION%203375%20DE%202007.pdf HTTP/1.0" 200 1095806
156.59.198.136 - - [31/Dec/2023:20:51:57 -0500] "GET /BLA/resoluciones/RESOLUCIONES%202007/RES%202007%203301%20AL%203400/RESOLUCION%203387%20DE%202007.pdf HTTP/1.0" 200 588817
156.59.198.135 - - [31/Dec/2023:20:52:22 -0500] "GET /BLA/resoluciones/RESOLUCIONES%202007/RES%202007%203301%20AL%203400/RESOLUCION%203393%20DE%202007.pdf HTTP/1.0" 200 992145
40.77.167.255 - - [31/Dec/2023:20:52:29 -0500] "GET /BLA/resoluciones/AUTOS%202013/1656.pdf HTTP/1.1" 200 217653
156.59.198.136 - - [31/Dec/2023:20:52:47 -0500] "GET /BLA/resoluciones/RESOLUCIONES%202007/RES%202007%203301%20AL%203400/RESOLUCION%203322%20DE%202007.pdf HTTP/1.0" 200 241192
156.59.198.135 - - [31/Dec/2023:20:53:11 -0500] "GET /BLA/resoluciones/RESOLUCIONES%202007/RES%202007%203301%20AL%203400/RESOLUCION%203339%20DE%202007.pdf HTTP/1.0" 200 575691
201.245.192.253 - - [31/Dec/2023:20:53:14 -0500] "POST /kwsrmcab/Wsrmcab  HTTP/1.1" 200 36178
156.59.198.136 - - [31/Dec/2023:20:53:35 -0500] "GET /BLA/resoluciones/RESOLUCIONES%202007/RES%202007%203301%20AL%203400/RESOLUCION%203382%20DE%202007.pdf HTTP/1.0" 200 1171537
47.128.41.120 - - [31/Dec/2023:20:54:01 -0500] "GET /BLA/resoluciones/index.php?dir=RESOLUCIONES%202005%2FRES%202005%20651-700%2F&order=desc&sort=date HTTP/1.1" 200 12231
47.128.41.120 - - [31/Dec/2023:20:54:02 -0500] "GET /BLA/resoluciones/dlf/unknown.png HTTP/1.1" 200 266
47.128.41.120 - - [31/Dec/2023:20:54:02 -0500] "GET /BLA/resoluciones/dlf/dirup.png HTTP/1.1" 200 644
156.59.198.136 - - [31/Dec/2023:20:54:24 -0500] "GET /BLA/resoluciones/RESOLUCIONES%202007/RES%202007%203301%20AL%203400/RESOLUCION%203358%20DE%202007.pdf HTTP/1.0" 200 445168
216.244.66.195 - - [31/Dec/2023:20:54:46 -0500] "GET /robots.txt HTTP/1.1" 404 1018
156.59.198.135 - - [31/Dec/2023:20:54:48 -0500] "GET /BLA/resoluciones/RESOLUCIONES%202007/RES%202007%203301%20AL%203400/RESOLUCION%203385%20DE%202007.pdf HTTP/1.0" 200 383583
172.22.2.4 - - [31/Dec/2023:20:53:20 -0500] "HEAD /BLA/boletinlegal/ HTTP/1.1" 200 -
156.59.198.136 - - [31/Dec/2023:20:55:12 -0500] "GET /BLA/resoluciones/RESOLUCIONES%202007/RES%202007%203301%20AL%203400/RESOLUCION%203308%20DE%202007.pdf HTTP/1.0" 200 426523
156.59.198.135 - - [31/Dec/2023:20:55:36 -0500] "GET /BLA/resoluciones/RESOLUCIONES%202007/RES%202007%203301%20AL%203400/RESOLUCION%203348%20DE%202007.pdf HTTP/1.0" 200 97047
172.22.2.4 - - [31/Dec/2023:20:54:11 -0500] "GET /BLA/boletinlegal/ HTTP/1.1" 200 58172
216.245.221.92 - - [31/Dec/2023:20:55:57 -0500] "HEAD / HTTP/1.1" 200 -
156.59.198.135 - - [31/Dec/2023:20:56:02 -0500] "GET /BLA/resoluciones/RESOLUCIONES%202007/RES%202007%203301%20AL%203400/RESOLUCION%203366%20DE%202007.pdf HTTP/1.0" 200 249803
156.59.198.136 - - [31/Dec/2023:20:56:24 -0500] "GET /BLA/resoluciones/RESOLUCIONES%202007/RES%202007%203301%20AL%203400/RESOLUCION%203390%20DE%202007.pdf HTTP/1.0" 200 911072
156.59.198.136 - - [31/Dec/2023:20:56:49 -0500] "GET /BLA/resoluciones/RESOLUCIONES%202007/RES%202007%203301%20AL%203400/RESOLUCION%203391%20DE%202007.pdf HTTP/1.0" 200 443841
156.59.198.135 - - [31/Dec/2023:20:57:15 -0500] "GET /BLA/resoluciones/RESOLUCIONES%202007/RES%202007%203301%20AL%203400/RESOLUCION%203325%20DE%202007.pdf HTTP/1.0" 200 1025635
156.59.198.135 - - [31/Dec/2023:20:57:38 -0500] "GET /BLA/resoluciones/RESOLUCIONES%202007/RES%202007%203301%20AL%203400/RESOLUCION%203333%20DE%202007.pdf HTTP/1.0" 200 61235690
156.59.198.136 - - [31/Dec/2023:20:58:02 -0500] "GET /BLA/resoluciones/RESOLUCIONES%202007/RES%202007%203301%20AL%203400/RESOLUCION%203313%20DE%202007.pdf HTTP/1.0" 200 545124
201.245.192.253 - - [31/Dec/2023:20:58:14 -0500] "POST /kwsrmcab/Wsrmcab  HTTP/1.1" 200 36178
156.59.198.136 - - [31/Dec/2023:20:58:27 -0500] "GET /BLA/resoluciones/RESOLUCIONES%202007/RES%202007%203301%20AL%203400/RESOLUCION%203328%20DE%202007.pdf HTTP/1.0" 200 972921
156.59.198.135 - - [31/Dec/2023:20:58:51 -0500] "GET /BLA/resoluciones/RESOLUCIONES%202007/RES%202007%203301%20AL%203400/RESOLUCION%203371%20DE%202007.pdf HTTP/1.0" 200 1143277
156.59.198.135 - - [31/Dec/2023:20:59:15 -0500] "GET /BLA/resoluciones/RESOLUCIONES%202007/RES%202007%203301%20AL%203400/RESOLUCION%203372%20DE%202007.pdf HTTP/1.0" 200 668771
156.59.198.136 - - [31/Dec/2023:20:59:40 -0500] "GET /BLA/resoluciones/RESOLUCIONES%202007/RES%202007%203301%20AL%203400/RESOLUCION%203314%20DE%202007.pdf HTTP/1.0" 200 218290
156.59.198.136 - - [31/Dec/2023:21:00:04 -0500] "GET /BLA/resoluciones/RESOLUCIONES%202007/RES%202007%203301%20AL%203400/RESOLUCION%203380%20DE%202007.pdf HTTP/1.0" 200 503690
156.59.198.135 - - [31/Dec/2023:21:00:28 -0500] "GET /BLA/resoluciones/RESOLUCIONES%202007/RES%202007%203301%20AL%203400/RESOLUCION%203317%20DE%202007.pdf HTTP/1.0" 200 805691
172.22.2.4 - - [31/Dec/2023:20:59:10 -0500] "HEAD /BLA/boletinlegal/ HTTP/1.1" 200 -
156.59.198.136 - - [31/Dec/2023:21:00:54 -0500] "GET /BLA/resoluciones/RESOLUCIONES%202007/RES%202007%203301%20AL%203400/RESOLUCION%203315%20DE%202007.pdf HTTP/1.0" 200 633813
216.245.221.92 - - [31/Dec/2023:21:00:57 -0500] "HEAD / HTTP/1.1" 200 -
156.59.198.135 - - [31/Dec/2023:21:01:18 -0500] "GET /BLA/resoluciones/RESOLUCIONES%202007/RES%202007%203301%20AL%203400/RESOLUCION%203316%20DE%202007.pdf HTTP/1.0" 200 380151
172.22.2.4 - - [31/Dec/2023:21:00:01 -0500] "GET /BLA/boletinlegal/ HTTP/1.1" 200 60910
156.59.198.135 - - [31/Dec/2023:21:01:42 -0500] "GET /BLA/resoluciones/RESOLUCIONES%202007/RES%202007%203301%20AL%203400/RESOLUCION%203318%20DE%202007.pdf HTTP/1.0" 200 269640
156.59.198.136 - - [31/Dec/2023:21:02:06 -0500] "GET /BLA/resoluciones/RESOLUCIONES%202007/RES%202007%203301%20AL%203400/RESOLUCION%203388%20DE%202007.pdf HTTP/1.0" 200 493204
156.59.198.135 - - [31/Dec/2023:21:02:31 -0500] "GET /BLA/resoluciones/RESOLUCIONES%202007/RES%202007%203301%20AL%203400/RESOLUCION%203310%20DE%202007.pdf HTTP/1.0" 200 1022344
156.59.198.136 - - [31/Dec/2023:21:02:55 -0500] "GET /BLA/resoluciones/RESOLUCIONES%202007/RES%202007%203301%20AL%203400/RESOLUCION%203347%20DE%202007.pdf HTTP/1.0" 200 69319
201.245.192.253 - - [31/Dec/2023:21:03:13 -0500] "POST /kwsrmcab/Wsrmcab  HTTP/1.1" 200 36178
40.77.167.45 - - [31/Dec/2023:21:03:18 -0500] "GET /BLA/resoluciones/AUTOS%202023/5901.pdf HTTP/1.1" 200 910503
156.59.198.135 - - [31/Dec/2023:21:03:19 -0500] "GET /BLA/resoluciones/RESOLUCIONES%202007/RES%202007%203301%20AL%203400/RESOLUCION%203359%20DE%202007.pdf HTTP/1.0" 200 308345
156.59.198.136 - - [31/Dec/2023:21:03:44 -0500] "GET /BLA/resoluciones/RESOLUCIONES%202007/RES%202007%203301%20AL%203400/RESOLUCION%203360%20DE%202007.pdf HTTP/1.0" 200 412265
156.59.198.136 - - [31/Dec/2023:21:04:07 -0500] "GET /BLA/resoluciones/RESOLUCIONES%202007/RES%202007%203301%20AL%203400/RESOLUCION%203352%20DE%202007.pdf HTTP/1.0" 200 1046142
156.59.198.136 - - [31/Dec/2023:21:04:32 -0500] "GET /BLA/resoluciones/RESOLUCIONES%202007/RES%202007%203301%20AL%203400/RESOLUCION%203365%20DE%202007.pdf HTTP/1.0" 200 278462
156.59.198.135 - - [31/Dec/2023:21:04:56 -0500] "GET /BLA/resoluciones/RESOLUCIONES%202007/RES%202007%203301%20AL%203400/RESOLUCION%203368%20DE%202007.pdf HTTP/1.0" 200 1103500
156.59.198.136 - - [31/Dec/2023:21:05:21 -0500] "GET /BLA/resoluciones/RESOLUCIONES%202007/RES%202007%203301%20AL%203400/RESOLUCION%203312%20DE%202007.pdf HTTP/1.0" 200 3029388
156.59.198.135 - - [31/Dec/2023:21:05:45 -0500] "GET /BLA/resoluciones/RESOLUCIONES%202007/RES%202007%203301%20AL%203400/RESOLUCION%203364%20DE%202007.pdf HTTP/1.0" 200 904628
216.245.221.92 - - [31/Dec/2023:21:05:57 -0500] "HEAD / HTTP/1.1" 200 -
156.59.198.136 - - [31/Dec/2023:21:06:09 -0500] "GET /BLA/resoluciones/RESOLUCIONES%202007/RES%202007%203301%20AL%203400/RESOLUCION%203386%20DE%202007.pdf HTTP/1.0" 200 1096241
172.22.2.4 - - [31/Dec/2023:21:05:00 -0500] "HEAD /BLA/boletinlegal/ HTTP/1.1" 200 -
172.22.2.4 - - [31/Dec/2023:21:05:51 -0500] "GET /BLA/boletinlegal/ HTTP/1.1" 200 60502
201.245.192.253 - - [31/Dec/2023:21:08:11 -0500] "POST /kwsrmcab/Wsrmcab  HTTP/1.1" 200 36178
40.77.167.41 - - [31/Dec/2023:21:08:19 -0500] "GET /BLA/resoluciones/AUTOS%202023/05864.pdf HTTP/1.1" 200 423203
172.22.2.4 - - [31/Dec/2023:21:07:56 -0500] "HEAD /BLA/boletinlegal/ HTTP/1.1" 200 -
216.245.221.92 - - [31/Dec/2023:21:10:57 -0500] "HEAD / HTTP/1.1" 200 -
52.167.144.201 - - [31/Dec/2023:21:12:11 -0500] "GET /BLA/resoluciones/AUTOS%202023/5750.pdf HTTP/1.1" 200 502438
52.167.144.200 - - [31/Dec/2023:21:12:22 -0500] "GET /participa-del-panel-progreso-hacia-un-aire-limpio.html HTTP/1.1" 200 906
172.22.2.4 - - [31/Dec/2023:21:10:50 -0500] "HEAD /BLA/boletinlegal/ HTTP/1.1" 200 -
40.77.167.41 - - [31/Dec/2023:21:13:08 -0500] "GET /BLA/resoluciones/AUTOS%202023/05417.pdf HTTP/1.1" 200 410229
201.245.192.253 - - [31/Dec/2023:21:13:10 -0500] "POST /kwsrmcab/Wsrmcab  HTTP/1.1" 200 36178
52.167.144.222 - - [31/Dec/2023:21:13:13 -0500] "GET /BLA/resoluciones/AUTOS%202023/05961.pdf HTTP/1.1" 200 446745
172.22.2.4 - - [31/Dec/2023:21:11:41 -0500] "GET /BLA/boletinlegal/ HTTP/1.1" 200 59330
201.245.192.253 - - [31/Dec/2023:21:15:40 -0500] "POST /kwsrmcab/Wsrmcab HTTP/1.1" 200 36873
201.245.192.253 - - [31/Dec/2023:21:15:43 -0500] "POST /kwsrmcab/Wsrmcab HTTP/1.1" 200 36840
216.245.221.92 - - [31/Dec/2023:21:15:57 -0500] "HEAD / HTTP/1.1" 200 -
201.245.192.253 - - [31/Dec/2023:21:18:09 -0500] "POST /kwsrmcab/Wsrmcab  HTTP/1.1" 200 36178
172.22.2.4 - - [31/Dec/2023:21:16:40 -0500] "HEAD /BLA/boletinlegal/ HTTP/1.1" 200 -
172.22.2.4 - - [31/Dec/2023:21:17:31 -0500] "GET /BLA/boletinlegal/ HTTP/1.1" 200 60502
69.171.231.1 - - [31/Dec/2023:21:19:29 -0500] "GET /distrito-exalta-48-arboles-patrimoniales-y-15-de-interes-publico-en-bogota.html HTTP/1.1" 200 816
46.248.173.39 - - [31/Dec/2023:21:19:34 -0500] "GET /robots.txt HTTP/1.1" 404 1034
5.153.237.134 - - [31/Dec/2023:21:19:34 -0500] "GET /distrito-exalto-a-246-empresas-de-bogota-por-su-alto-desempeno-y-responsabilidad-ambiental-durante-2023.html HTTP/1.1" 200 1039
173.252.83.5 - - [31/Dec/2023:21:19:36 -0500] "GET /distrito-exalta-48-arboles-patrimoniales-y-15-de-interes-publico-en-bogota.html HTTP/1.1" 200 816
173.252.83.120 - - [31/Dec/2023:21:19:37 -0500] "GET /distrito-exalta-48-arboles-patrimoniales-y-15-de-interes-publico-en-bogota.html HTTP/1.1" 200 816
201.245.192.253 - - [31/Dec/2023:21:19:46 -0500] "POST /kwsrmcab/Wsrmcab HTTP/1.1" 200 36873
201.245.192.253 - - [31/Dec/2023:21:19:51 -0500] "POST /kwsrmcab/Wsrmcab HTTP/1.1" 200 36840
216.245.221.92 - - [31/Dec/2023:21:20:57 -0500] "HEAD / HTTP/1.1" 200 -
51.222.253.7 - - [31/Dec/2023:21:21:50 -0500] "GET /galeria/galeria/jquery.fancybox.css?v=2.1.5 HTTP/1.1" 200 4895
47.128.62.23 - - [31/Dec/2023:21:22:41 -0500] "GET /BLA/resoluciones/index.php?dir=Notificaciones%2FRESOLUCIONES%202020%2F&order=asc&sort=date HTTP/1.1" 200 54667
47.128.62.23 - - [31/Dec/2023:21:22:42 -0500] "GET /BLA/resoluciones/dlf/dirup.png HTTP/1.1" 200 644
47.128.62.23 - - [31/Dec/2023:21:22:42 -0500] "GET /BLA/resoluciones/dlf/pdf.gif HTTP/1.1" 200 272
35.204.211.112 - - [31/Dec/2023:21:23:04 -0500] "GET /distrito-exalto-a-246-empresas-de-bogota-por-su-alto-desempeno-y-responsabilidad-ambiental-durante-2023.html HTTP/1.1" 200 1039
201.245.192.253 - - [31/Dec/2023:21:23:07 -0500] "POST /kwsrmcab/Wsrmcab  HTTP/1.1" 200 36178
172.22.2.4 - - [31/Dec/2023:21:22:30 -0500] "HEAD /BLA/boletinlegal/ HTTP/1.1" 200 -
45.33.87.154 - - [31/Dec/2023:21:24:51 -0500] "GET / HTTP/1.1" 200 319
172.22.2.4 - - [31/Dec/2023:21:23:21 -0500] "GET /BLA/boletinlegal/ HTTP/1.1" 200 58172
34.90.178.153 - - [31/Dec/2023:21:25:02 -0500] "GET /las-tres-caminatas-para-cerrar-el-ano-entre-la-naturaleza.html HTTP/1.1" 200 776
201.245.192.253 - - [31/Dec/2023:21:25:40 -0500] "POST /kwsrmcab/Wsrmcab HTTP/1.1" 200 36873
201.245.192.253 - - [31/Dec/2023:21:25:43 -0500] "POST /kwsrmcab/Wsrmcab HTTP/1.1" 200 36840
216.245.221.92 - - [31/Dec/2023:21:25:57 -0500] "HEAD / HTTP/1.1" 200 -
52.167.144.175 - - [31/Dec/2023:21:26:13 -0500] "GET /BLA/resoluciones/AUTOS%202023/3243.pdf HTTP/1.1" 200 341007
40.77.167.38 - - [31/Dec/2023:21:27:20 -0500] "GET /BLA/resoluciones/AUTOS%202023/05424.pdf HTTP/1.1" 200 432613
