186.102.83.24 - - [31/Dec/2023:14:37:42 -0500] "GET /kwssiamovil/sm/acme/a?s=U2FsdGVkX1+83HLMYxNC7WVyVfCwUWBwgDoeBFWQ8dVWXNcw44a4baDx9GuzRjTXDIBc1RMtfvQqBQOY68MI9lgXlrxpXv4XymB/Bbi8ij2Ke6o90L+WBLSVIw7gXsjXdNNGselYeAcvRApCzSRc/alNVJeXuqk1ljM0Fg2kWFsfT+TKCxi93EJmFbjaMoYLga8f6sKvGSUYID9FFw/bar/49KYVTGKRUJkazQOQRGLtOM0ThT8xJASN+D/RL2ww/NQFykG3TEAah0hIP+qHhvMXkgRQTaCF1D1sPXCMeAvjXKhj6uq3Qyw7PVY/Jxt1pgAcG3lzmVdPhnnaXNbyYxUMefE9jkwRZrk3Z7rM+f+it7hWAUs8dTP6P/Kr0icpxruf3OxFenzPVFug7NG399KDDr2m6xBtW7stoLev6dA=&u=U2FsdGVkX1/NFcQsGQUr74cMSRzYS6C8eT9ckszO8OsmF3a515xkN4x6IL6mqqp2&y=U2FsdGVkX1/tBFstN42BC4NBS9Xsvci09L0qpDq5OpBVlYboI1DuaE+RzGfDxvjP HTTP/1.1" 200 26
156.59.198.136 - - [31/Dec/2023:14:37:45 -0500] "GET /BLA/resoluciones/Notificaciones/RESOLUCIONES%202014/3809.doc HTTP/1.0" 200 172544
47.128.58.77 - - [31/Dec/2023:14:38:11 -0500] "GET /BLA/resoluciones/index.php?dir=Notificaciones%2FDISCIPLINARIOS%202019%2F&order=desc&sort=date HTTP/1.1" 200 3552
47.128.58.77 - - [31/Dec/2023:14:38:13 -0500] "GET /BLA/resoluciones/dlf/dirup.png HTTP/1.1" 200 644
47.128.58.77 - - [31/Dec/2023:14:38:13 -0500] "GET /BLA/resoluciones/dlf/pdf.gif HTTP/1.1" 200 272
156.59.198.135 - - [31/Dec/2023:14:38:33 -0500] "GET /BLA/resoluciones/Notificaciones/REGISTROS%202018/0468.pdf HTTP/1.0" 200 268942
156.59.198.135 - - [31/Dec/2023:14:38:57 -0500] "GET /BLA/resoluciones/Notificaciones/RESOLUCIONES%202014/3117.doc HTTP/1.0" 200 169984
156.59.198.135 - - [31/Dec/2023:14:39:22 -0500] "GET /BLA/resoluciones/Notificaciones/RESOLUCIONES%202014/02234.doc HTTP/1.0" 200 86084
156.59.198.136 - - [31/Dec/2023:14:39:47 -0500] "GET /BLA/resoluciones/RESOLUCIONES%202011/1643.pdf HTTP/1.0" 200 291558
201.245.192.253 - - [31/Dec/2023:14:39:48 -0500] "POST /kwsrmcab/Wsrmcab HTTP/1.1" 200 37043
201.245.192.253 - - [31/Dec/2023:14:39:52 -0500] "POST /kwsrmcab/Wsrmcab HTTP/1.1" 200 37057
201.245.192.253 - - [31/Dec/2023:14:39:57 -0500] "POST /kwsrmcab/Wsrmcab  HTTP/1.1" 200 36178
156.59.198.135 - - [31/Dec/2023:14:40:12 -0500] "GET /BLA/resoluciones/RESOLUCIONES%202011/1249.pdf HTTP/1.0" 200 219533
156.59.198.136 - - [31/Dec/2023:14:40:36 -0500] "GET /BLA/resoluciones/RESOLUCIONES%202011/1130.pdf HTTP/1.0" 200 716146
216.245.221.92 - - [31/Dec/2023:14:40:58 -0500] "HEAD / HTTP/1.1" 200 -
156.59.198.135 - - [31/Dec/2023:14:41:01 -0500] "GET /BLA/resoluciones/RESOLUCIONES%202011/0338.pdf HTTP/1.0" 200 72505
156.59.198.135 - - [31/Dec/2023:14:41:25 -0500] "GET /BLA/resoluciones/RESOLUCIONES%202011/0802.pdf HTTP/1.0" 200 517926
172.22.2.4 - - [31/Dec/2023:14:39:58 -0500] "HEAD /BLA/boletinlegal/ HTTP/1.1" 200 -
156.59.198.135 - - [31/Dec/2023:14:41:50 -0500] "GET /BLA/resoluciones/RESOLUCIONES%202011/1057.pdf HTTP/1.0" 200 281393
156.59.198.136 - - [31/Dec/2023:14:42:14 -0500] "GET /BLA/resoluciones/RESOLUCIONES%202011/1860.pdf HTTP/1.0" 200 514169
172.22.2.4 - - [31/Dec/2023:14:40:49 -0500] "GET /BLA/boletinlegal/ HTTP/1.1" 200 53513
156.59.198.135 - - [31/Dec/2023:14:42:38 -0500] "GET /BLA/resoluciones/RESOLUCIONES%202011/1827.pdf HTTP/1.0" 200 500722
156.59.198.135 - - [31/Dec/2023:14:43:03 -0500] "GET /BLA/resoluciones/Notificaciones/RESOLUCIONES%202014/0079.doc HTTP/1.0" 200 252416
172.22.2.4 - - [31/Dec/2023:14:43:13 -0500] "GET /BLA/boletinlegal/robots.txt HTTP/1.1" 404 1038
156.59.198.136 - - [31/Dec/2023:14:43:27 -0500] "GET /BLA/resoluciones/Notificaciones/RESOLUCIONES%202014/03058.doc HTTP/1.0" 200 102541
156.59.198.135 - - [31/Dec/2023:14:43:52 -0500] "GET /BLA/resoluciones/RESOLUCIONES%202011/0356.pdf HTTP/1.0" 200 81037
156.59.198.135 - - [31/Dec/2023:14:44:16 -0500] "GET /BLA/resoluciones/RESOLUCIONES%202011/0505.pdf HTTP/1.0" 200 89815
156.59.198.135 - - [31/Dec/2023:14:44:40 -0500] "GET /BLA/resoluciones/RESOLUCIONES%202011/0776.pdf HTTP/1.0" 200 797192
172.22.2.4 - - [31/Dec/2023:14:43:15 -0500] "GET /BLA/boletinlegal/index.php HTTP/1.1" 200 62422
201.245.192.253 - - [31/Dec/2023:14:44:56 -0500] "POST /kwsrmcab/Wsrmcab  HTTP/1.1" 200 36178
156.59.198.136 - - [31/Dec/2023:14:45:04 -0500] "GET /BLA/resoluciones/RESOLUCIONES%202011/0772.pdf HTTP/1.0" 200 66105
156.59.198.135 - - [31/Dec/2023:14:45:28 -0500] "GET /BLA/resoluciones/RESOLUCIONES%202011/1617.pdf HTTP/1.0" 200 92771
156.59.198.136 - - [31/Dec/2023:14:45:52 -0500] "GET /BLA/resoluciones/RESOLUCIONES%202011/1554.pdf HTTP/1.0" 200 265293
216.245.221.92 - - [31/Dec/2023:14:45:58 -0500] "HEAD / HTTP/1.1" 200 -
156.59.198.135 - - [31/Dec/2023:14:46:17 -0500] "GET /BLA/resoluciones/Notificaciones/REGISTROS%202018/11785.pdf HTTP/1.0" 200 269255
156.59.198.135 - - [31/Dec/2023:14:46:41 -0500] "GET /BLA/resoluciones/RESOLUCIONES%202011/1356.pdf HTTP/1.0" 200 67545
156.59.198.136 - - [31/Dec/2023:14:47:06 -0500] "GET /BLA/resoluciones/RESOLUCIONES%202011/0918.pdf HTTP/1.0" 200 77901
172.22.2.4 - - [31/Dec/2023:14:45:48 -0500] "HEAD /BLA/boletinlegal/ HTTP/1.1" 200 -
156.59.198.135 - - [31/Dec/2023:14:47:30 -0500] "GET /BLA/resoluciones/RESOLUCIONES%202011/0977.pdf HTTP/1.0" 200 81927
156.59.198.135 - - [31/Dec/2023:14:47:55 -0500] "GET /BLA/resoluciones/RESOLUCIONES%202011/1494.pdf HTTP/1.0" 200 70945
172.22.2.4 - - [31/Dec/2023:14:46:39 -0500] "GET /BLA/boletinlegal/ HTTP/1.1" 200 60502
156.59.198.136 - - [31/Dec/2023:14:48:19 -0500] "GET /BLA/resoluciones/Notificaciones/RESOLUCIONES%202014/2535.doc HTTP/1.0" 200 291328
156.59.198.135 - - [31/Dec/2023:14:48:43 -0500] "GET /BLA/resoluciones/RESOLUCIONES%202011/1239.pdf HTTP/1.0" 200 147215
156.59.198.136 - - [31/Dec/2023:14:49:07 -0500] "GET /BLA/resoluciones/RESOLUCIONES%202011/1284.pdf HTTP/1.0" 200 371768
162.55.175.138 - - [31/Dec/2023:14:49:08 -0500] "GET / HTTP/1.1" 200 319
162.55.175.138 - - [31/Dec/2023:14:49:08 -0500] "GET / HTTP/1.1" 200 4720
156.59.198.135 - - [31/Dec/2023:14:49:32 -0500] "GET /BLA/resoluciones/RESOLUCIONES%202011/1281.pdf HTTP/1.0" 200 364172
156.59.198.136 - - [31/Dec/2023:14:49:55 -0500] "GET /BLA/resoluciones/RESOLUCIONES%202011/1865.pdf HTTP/1.0" 200 515381
201.245.192.253 - - [31/Dec/2023:14:49:54 -0500] "POST /kwsrmcab/Wsrmcab  HTTP/1.1" 200 36178
156.59.198.135 - - [31/Dec/2023:14:50:19 -0500] "GET /BLA/resoluciones/RESOLUCIONES%202011/1242.pdf HTTP/1.0" 200 175705
156.59.198.136 - - [31/Dec/2023:14:50:44 -0500] "GET /BLA/resoluciones/RESOLUCIONES%202011/1028.pdf HTTP/1.0" 200 68417
216.245.221.92 - - [31/Dec/2023:14:50:58 -0500] "HEAD / HTTP/1.1" 200 -
156.59.198.135 - - [31/Dec/2023:14:51:08 -0500] "GET /BLA/resoluciones/RESOLUCIONES%202011/0581.pdf HTTP/1.0" 200 77913
156.59.198.136 - - [31/Dec/2023:14:51:33 -0500] "GET /BLA/resoluciones/RESOLUCIONES%202011/1381.pdf HTTP/1.0" 200 73583
156.59.198.135 - - [31/Dec/2023:14:51:57 -0500] "GET /BLA/resoluciones/RESOLUCIONES%202011/1508.pdf HTTP/1.0" 200 78225
156.59.198.136 - - [31/Dec/2023:14:52:21 -0500] "GET /BLA/resoluciones/RESOLUCIONES%202011/0140.pdf HTTP/1.0" 200 363766
156.59.198.135 - - [31/Dec/2023:14:52:46 -0500] "GET /BLA/resoluciones/RESOLUCIONES%202011/1802.pdf HTTP/1.0" 200 516782
156.59.198.136 - - [31/Dec/2023:14:53:10 -0500] "GET /BLA/resoluciones/RESOLUCIONES%202011/1675.pdf HTTP/1.0" 200 71573
172.22.2.4 - - [31/Dec/2023:14:51:38 -0500] "HEAD /BLA/boletinlegal/ HTTP/1.1" 200 -
156.59.198.135 - - [31/Dec/2023:14:53:34 -0500] "GET /BLA/resoluciones/RESOLUCIONES%202011/1295.pdf HTTP/1.0" 200 272282
156.59.198.136 - - [31/Dec/2023:14:53:58 -0500] "GET /BLA/resoluciones/RESOLUCIONES%202011/0942.pdf HTTP/1.0" 200 276354
172.22.2.4 - - [31/Dec/2023:14:52:29 -0500] "GET /BLA/boletinlegal/ HTTP/1.1" 200 58172
156.59.198.136 - - [31/Dec/2023:14:54:22 -0500] "GET /BLA/resoluciones/Notificaciones/RESOLUCIONES%202014/2231.doc HTTP/1.0" 200 118784
156.59.198.136 - - [31/Dec/2023:14:54:47 -0500] "GET /BLA/resoluciones/RESOLUCIONES%202011/1229.pdf HTTP/1.0" 200 420978
201.245.192.253 - - [31/Dec/2023:14:54:53 -0500] "POST /kwsrmcab/Wsrmcab  HTTP/1.1" 200 36178
157.55.39.204 - - [31/Dec/2023:14:55:04 -0500] "GET /68-de-ejecucion-lleva-el-plan-de-accion-para-las-familias-de-bogota-que-va-del-2021-al-2025.html HTTP/1.1" 200 811
156.59.198.135 - - [31/Dec/2023:14:55:12 -0500] "GET /BLA/resoluciones/RESOLUCIONES%202011/1574.pdf HTTP/1.0" 200 67521
66.249.69.133 - - [31/Dec/2023:14:55:18 -0500] "GET /portaldeninos/que-es-cambio-climatico HTTP/1.1" 301 -
66.249.69.135 - - [31/Dec/2023:14:55:18 -0500] "GET /portaldeninos/que-es-cambio-climatico/ HTTP/1.1" 200 86727
66.249.69.133 - - [31/Dec/2023:14:55:21 -0500] "GET /portaldeninos/wp-includes/js/jquery/jquery-migrate.min.js?ver=1.4.1 HTTP/1.1" 200 10056
66.249.69.134 - - [31/Dec/2023:14:55:21 -0500] "GET /portaldeninos/wp-content/plugins/google-analytics-for-wordpress/assets/js/frontend-gtag.min.js?ver=8.5.0 HTTP/1.1" 200 11801
156.59.198.135 - - [31/Dec/2023:14:55:36 -0500] "GET /BLA/resoluciones/RESOLUCIONES%202011/0398.pdf HTTP/1.0" 200 312272
216.244.66.195 - - [31/Dec/2023:14:55:37 -0500] "GET /robots.txt HTTP/1.1" 404 1018
216.245.221.92 - - [31/Dec/2023:14:55:58 -0500] "HEAD / HTTP/1.1" 200 -
156.59.198.136 - - [31/Dec/2023:14:56:00 -0500] "GET /BLA/resoluciones/RESOLUCIONES%202011/1347.pdf HTTP/1.0" 200 69723
156.59.198.135 - - [31/Dec/2023:14:56:25 -0500] "GET /BLA/resoluciones/RESOLUCIONES%202011/0065.pdf HTTP/1.0" 200 397712
156.59.198.136 - - [31/Dec/2023:14:56:49 -0500] "GET /BLA/resoluciones/Notificaciones/REGISTROS%202018/1662.pdf HTTP/1.0" 200 269897
156.59.198.136 - - [31/Dec/2023:14:57:13 -0500] "GET /BLA/resoluciones/RESOLUCIONES%202011/1579.pdf HTTP/1.0" 200 66585
52.167.144.232 - - [31/Dec/2023:14:57:24 -0500] "GET /BLA/resoluciones/index.php?dir=RESOLUCIONES+2016%2F HTTP/1.1" 200 172327
156.59.198.136 - - [31/Dec/2023:14:57:38 -0500] "GET /BLA/resoluciones/Notificaciones/REGISTROS%202018/1156.pdf HTTP/1.0" 200 269684
156.59.198.136 - - [31/Dec/2023:14:58:01 -0500] "GET /BLA/resoluciones/Notificaciones/REGISTROS%202018/01831.pdf HTTP/1.0" 200 258020
156.59.198.135 - - [31/Dec/2023:14:58:26 -0500] "GET /BLA/resoluciones/RESOLUCIONES%202011/1499.pdf HTTP/1.0" 200 65993
156.59.198.135 - - [31/Dec/2023:14:58:50 -0500] "GET /BLA/resoluciones/RESOLUCIONES%202011/1697.pdf HTTP/1.0" 200 66807
172.22.2.4 - - [31/Dec/2023:14:57:28 -0500] "HEAD /BLA/boletinlegal/ HTTP/1.1" 200 -
156.59.198.135 - - [31/Dec/2023:14:59:15 -0500] "GET /BLA/resoluciones/RESOLUCIONES%202011/1371.pdf HTTP/1.0" 200 519061
156.59.198.136 - - [31/Dec/2023:14:59:39 -0500] "GET /BLA/resoluciones/RESOLUCIONES%202011/0294.pdf HTTP/1.0" 200 564346
201.245.192.253 - - [31/Dec/2023:14:59:51 -0500] "POST /kwsrmcab/Wsrmcab  HTTP/1.1" 200 36178
172.22.2.4 - - [31/Dec/2023:14:58:19 -0500] "GET /BLA/boletinlegal/ HTTP/1.1" 200 58172
194.113.236.177 - - [31/Dec/2023:15:00:02 -0500] "GET / HTTP/1.1" 200 319
156.59.198.136 - - [31/Dec/2023:15:00:04 -0500] "GET /BLA/resoluciones/RESOLUCIONES%202011/0724.pdf HTTP/1.0" 200 244872
156.59.198.135 - - [31/Dec/2023:15:00:28 -0500] "GET /BLA/resoluciones/RESOLUCIONES%202011/1845.pdf HTTP/1.0" 200 518070
156.59.198.135 - - [31/Dec/2023:15:00:54 -0500] "GET /BLA/resoluciones/RESOLUCIONES%202011/0694.pdf HTTP/1.0" 200 282879
216.245.221.92 - - [31/Dec/2023:15:00:58 -0500] "HEAD / HTTP/1.1" 200 -
156.59.198.135 - - [31/Dec/2023:15:01:19 -0500] "GET /BLA/resoluciones/RESOLUCIONES%202011/0768.pdf HTTP/1.0" 200 60847
156.59.198.135 - - [31/Dec/2023:15:01:43 -0500] "GET /BLA/resoluciones/RESOLUCIONES%202011/0026.pdf HTTP/1.0" 200 256531
173.252.111.15 - - [31/Dec/2023:15:02:03 -0500] "GET /images/agua%20bogota.jpg HTTP/1.1" 200 74348
173.252.111.10 - - [31/Dec/2023:15:02:03 -0500] "GET /images/Aves%20SDA.jpeg HTTP/1.1" 200 75104
173.252.111.9 - - [31/Dec/2023:15:02:03 -0500] "GET /images/arbol%20centro.jpg HTTP/1.1" 200 69467
173.252.111.14 - - [31/Dec/2023:15:02:03 -0500] "GET /images/terrazas%20verdes.jpg HTTP/1.1" 200 63951
173.252.111.5 - - [31/Dec/2023:15:02:07 -0500] "GET /images/Musgo%2017%20-%2012%20-%202023.jpeg HTTP/1.1" 200 66238
156.59.198.135 - - [31/Dec/2023:15:02:09 -0500] "GET /BLA/resoluciones/RESOLUCIONES%202011/1132.pdf HTTP/1.0" 200 260966
173.252.111.2 - - [31/Dec/2023:15:02:10 -0500] "GET /images/calidad-aire.jpg HTTP/1.1" 200 42421
52.167.144.18 - - [31/Dec/2023:15:02:30 -0500] "GET /BLA/resoluciones/AUTOS%202017/0313.pdf HTTP/1.1" 304 -
156.59.198.136 - - [31/Dec/2023:15:02:33 -0500] "GET /BLA/resoluciones/RESOLUCIONES%202011/1664.pdf HTTP/1.0" 200 69119
156.59.198.136 - - [31/Dec/2023:15:02:57 -0500] "GET /BLA/resoluciones/RESOLUCIONES%202011/1408.pdf HTTP/1.0" 200 71873
156.59.198.135 - - [31/Dec/2023:15:03:21 -0500] "GET /BLA/resoluciones/RESOLUCIONES%202011/0616.pdf HTTP/1.0" 200 74453
156.59.198.136 - - [31/Dec/2023:15:03:45 -0500] "GET /BLA/resoluciones/RESOLUCIONES%202011/1747.pdf HTTP/1.0" 200 516118
156.59.198.135 - - [31/Dec/2023:15:04:10 -0500] "GET /BLA/resoluciones/RESOLUCIONES%202011/1244.pdf HTTP/1.0" 200 534755
156.59.198.135 - - [31/Dec/2023:15:04:33 -0500] "GET /BLA/resoluciones/RESOLUCIONES%202011/1108.pdf HTTP/1.0" 200 424844
201.245.192.253 - - [31/Dec/2023:15:04:49 -0500] "POST /kwsrmcab/Wsrmcab  HTTP/1.1" 200 36178
172.22.2.4 - - [31/Dec/2023:15:03:18 -0500] "HEAD /BLA/boletinlegal/ HTTP/1.1" 200 -
156.59.198.136 - - [31/Dec/2023:15:04:59 -0500] "GET /BLA/resoluciones/RESOLUCIONES%202011/0442.pdf HTTP/1.0" 200 75389
156.59.198.136 - - [31/Dec/2023:15:05:23 -0500] "GET /BLA/resoluciones/RESOLUCIONES%202011/0496.pdf HTTP/1.0" 200 76413
156.59.198.136 - - [31/Dec/2023:15:05:47 -0500] "GET /BLA/resoluciones/RESOLUCIONES%202011/1154.pdf HTTP/1.0" 200 525194
172.22.2.4 - - [31/Dec/2023:15:04:09 -0500] "GET /BLA/boletinlegal/ HTTP/1.1" 200 58172
216.245.221.92 - - [31/Dec/2023:15:05:58 -0500] "HEAD / HTTP/1.1" 200 -
156.59.198.135 - - [31/Dec/2023:15:06:11 -0500] "GET /BLA/resoluciones/RESOLUCIONES%202011/1209.pdf HTTP/1.0" 200 341927
156.59.198.135 - - [31/Dec/2023:15:06:36 -0500] "GET /BLA/resoluciones/RESOLUCIONES%202011/0429.pdf HTTP/1.0" 200 66579
156.59.198.136 - - [31/Dec/2023:15:07:01 -0500] "GET /BLA/resoluciones/RESOLUCIONES%202011/1694.pdf HTTP/1.0" 200 74875
156.59.198.135 - - [31/Dec/2023:15:07:25 -0500] "GET /BLA/resoluciones/Notificaciones/REGISTROS%202018/1921.pdf HTTP/1.0" 200 261452
156.59.198.136 - - [31/Dec/2023:15:07:49 -0500] "GET /BLA/resoluciones/RESOLUCIONES%202011/0928.pdf HTTP/1.0" 200 69139
156.59.198.136 - - [31/Dec/2023:15:08:13 -0500] "GET /BLA/resoluciones/RESOLUCIONES%202011/0449.pdf HTTP/1.0" 200 78569
156.59.198.135 - - [31/Dec/2023:15:08:38 -0500] "GET /BLA/resoluciones/RESOLUCIONES%202011/1049.pdf HTTP/1.0" 200 389634
156.59.198.135 - - [31/Dec/2023:15:09:02 -0500] "GET /BLA/resoluciones/RESOLUCIONES%202011/1004.pdf HTTP/1.0" 200 65541
186.102.83.24 - - [31/Dec/2023:15:09:15 -0500] "OPTIONS /kwssiamovil/sm/setfile/f? HTTP/1.1" 200 13
186.102.83.24 - - [31/Dec/2023:15:09:15 -0500] "POST /kwssiamovil/sm/setfile/f? HTTP/1.1" 200 381
156.59.198.136 - - [31/Dec/2023:15:09:26 -0500] "GET /BLA/resoluciones/RESOLUCIONES%202011/1684.pdf HTTP/1.0" 200 273015
186.102.83.24 - - [31/Dec/2023:15:09:35 -0500] "GET /kwssiamovil/sm/acme/a?s=U2FsdGVkX18JK856suoTWilUsTl6IhVFaoi5DRnO7nYmZIPM/tDqzve3+7hTD77ta4tS4UE7olyumEMRfVxPFzzUw1G0WfAAoQ7lQNeB1G8Dlorrg3KUd/eRlA9dGOK2EzoiY2Km+vgeo7ZBRB3mnla/7x+sNgD+0E6b6oVDTOW00rFPHXpr/aNjpi/gkZ0o2XfdnMAjBpLFoEw1ya4R9hsHEmDF/NJPED64X7B6+/4NnYX/uifsS9UzIw0g8DM/ylheVlaa3OFOZZRh4iEOcw==&u=U2FsdGVkX1/NFcQsGQUr74cMSRzYS6C8eT9ckszO8OsmF3a515xkN4x6IL6mqqp2&y=U2FsdGVkX1/tBFstN42BC4NBS9Xsvci09L0qpDq5OpBVlYboI1DuaE+RzGfDxvjP HTTP/1.1" 200 26
186.102.83.24 - - [31/Dec/2023:15:09:36 -0500] "GET /kwssiamovil/sm/acme/a?s=U2FsdGVkX1+llr3/3JilBeS2b9xvdJ8kHTu385C622rqoi6dKvALYBTN1fnYRv9t9EqBIKvYT97+cB3i0L2V3jqVor64yLBJL3GgpaRN59gSu6l7lQoueNxwEKVfo02Wndt+3qJrRM+8K2tg25AT2ahde1lzBBCoeXGwlEKVUa476ucwccCJeFuv+Qyfz0+uX2iFZ3mlmsVk06YpZnHiGA6UqwyFbfjhPGroEwWtpHKR622D+fp8amzj2Q3VFqy22rrxlH6ZwsQd/dmoej+7EPhayWgIKud/rYGdvR6ZNDfAEBLR/wpejkZ1gB9K4asCqKe36gakvZWif9t+07oQVmyABrgd0fHxO4GxzSmsvAQlYuYxE421IKpx5FyQ9QJXT7JZBydpSkDt22OXDUwNBRc1eYgpudRbm5La+lXyGhg8kxyBL0gN1X3QJcl0fyPgMK941DUjWt+pTCqv4BSoYOWC18b4A7DpJeli8e8yACNaY5IdMQLk4xzr8XMYfthQx4Yu5vgJrwh379te3R6JtZ6rI+uHMLmuqcFqqplJaV3dVGqGmPJNs5L4F41Wx4pj98qCQHYO7mFlhGq/+fb3grIhqOAEq9KCueNWjNDzDgCThtuK5xkdwN4b9AhM+9/thLKkVnlh+rzzVj/KVtIN1s3VOHzRcBXDmnXUhJyIMqMobgWhQkjU8XQJKVL+lbmMMebmse1uaYVlzvI4QOUqt8djCaL8DV9b9u6N3BecyvEXEZHiK6cUS+ZQOgCUeg+Yzz82SGdkn4FUW3gu0HL+6GBf7y2IDRMnWShpXvZ3AftlelrT2TgsOuslFTtHRq4vxtc0bBepf3oAnpAXIgvYIdAsCnLlff/yva9GvYlj+9ttTZP5ec/H4gLxT3A2dBtZTD1atGFjfDxf4oGUSnAoEJv1giQxHWfFPYhFI3xcMtNHe4X1UkiXxoP/geStUswxTnFoeVgA2474Df3SkJurVbZw9BsoZEpt4NL9zfFycRfB3MmIscJqxiYG4GClwTCJ6xjNpL78FgiQIe6SXPgpfOVyaCkE5t2ONtMq73vIO17b9n2FgzpiotDUtqFLWUkDxz0X0Kty2cppz/ZAV2cQAiGr5fvzcDSHN7Z/I66Ll14bY6iylidsoPvCY0NvL+Q6CkJGWczwKLCNnp/L+8iclcxgRRuCy50aKyH3I61JTcSuyV8fC79DLckImfQOKjxVkHVB+WJ38LIkolMbmF54zvppOPpZS49Uv7AMp74odCvK3QZt3468vR0CXtYRYJxRhUudfHxGOoeiuefVNjzC5VRa4fj1AmIwF1Eq9fZRzsoSUk/rTTY4JYb4bEKNryiijaboV7eD9EOTkM2OzKiISLfHRtAxcLRSL32kp+rpKHOaF50cIJzQHQ0T+nBhLFQu9EOpUwOEI9hkKQGyXSVMgvE9CFKDU848tz+sPmd4OhQWADvGmOfbwOEaNPY1i8PCkhl0/6iU50WBqGU2EF+6IE0UARDxJjpPYTvE0htos4TLkYyk1KcrZ6xGWD266EHXWEDM1YfvVWMLLH5meCc/xJ3dvz7CNQuhmAHLDB5M6NadM+HZsG7oB95lbrloJHYtgr6XFUmmNH8LBeQrVeQxgEL0kLt0bqjCR0YPoHMomULnSj4gmkRmKG/Lp46mRySsYioAOVqLj7gc7yWaXxUcpPzE5HhR41eIfWWQx0b3QabGh8BUZqWuaZryOKXH1i9hYlRQABgOked2q1+Nz6ADYPjLY70pZuXF7c3TgWpqNJXjAh4VzPN7AP61flnbtfvSUBmCUiOigV9Ed+2BlBwKlTl/WHWR3On4gPeKdcFGM49rcJ+ev9XGuZuIgro7R4pyT8AK2MuzqyjVQmt2sFSMjnjAxL4axUetO2B5+i7jv4SqJt0hhjusU5r3efQO1SI3&u=U2FsdGVkX1/NFcQsGQUr74cMSRzYS6C8eT9ckszO8OsmF3a515xkN4x6IL6mqqp2&y=U2FsdGVkX1/tBFstN42BC4NBS9Xsvci09L0qpDq5OpBVlYboI1DuaE+RzGfDxvjP HTTP/1.1" 200 26
186.102.83.24 - - [31/Dec/2023:15:09:37 -0500] "GET /kwssiamovil/sm/acme/a?s=U2FsdGVkX19Jegek/TjDCSsSOqkqtxGKDXTJC/bRaBx5GGom3O+sK/ckb+JUzwxHYPGtTlLdbqyT1xxkPduS5JoQo7EeiXeG2DecdtRvs33Gf+ur6dck8E4aKcE/1JH3azphMxDWI6IVkhAZSJEAcBq9COVHGUgMI5rFk1dNy9M=&u=U2FsdGVkX1/NFcQsGQUr74cMSRzYS6C8eT9ckszO8OsmF3a515xkN4x6IL6mqqp2&y=U2FsdGVkX1/tBFstN42BC4NBS9Xsvci09L0qpDq5OpBVlYboI1DuaE+RzGfDxvjP HTTP/1.1" 200 26
186.102.83.24 - - [31/Dec/2023:15:09:37 -0500] "GET /kwssiamovil/sm/acme/a?s=U2FsdGVkX1+8JZg8LUtf8UYH8sXKg5obD7WhPZkRftLbdeVQUiGGGPOAarb1Ob52ZSADBybp1p//6uhTT1vrPhTEzqZohFlfdKA/H0jKXoaR/9zsQF7kC0gcpcqmMGtnR0Q+oqbH0Y7o7cZHXI9JlVmBDd5hUZcNibganp8c2cQ=&u=U2FsdGVkX1/NFcQsGQUr74cMSRzYS6C8eT9ckszO8OsmF3a515xkN4x6IL6mqqp2&y=U2FsdGVkX1/tBFstN42BC4NBS9Xsvci09L0qpDq5OpBVlYboI1DuaE+RzGfDxvjP HTTP/1.1" 200 26
186.102.83.24 - - [31/Dec/2023:15:09:37 -0500] "GET /kwssiamovil/sm/acme/a?s=U2FsdGVkX184zh2wcXLDiWVsubzh8kn+LFEkeoI6sIOgjkN3US/Plqm836vRLw4vCB/Hf1sO7wrcFERDq0ub9hwe1IfJexWslBnLbCF8YJzfDGODlPjXBc2XPi1fntzj30noOG6eV/c+vrTfJeltxTN37QnrlyOoDJ3qn8Th/Jk=&u=U2FsdGVkX1/NFcQsGQUr74cMSRzYS6C8eT9ckszO8OsmF3a515xkN4x6IL6mqqp2&y=U2FsdGVkX1/tBFstN42BC4NBS9Xsvci09L0qpDq5OpBVlYboI1DuaE+RzGfDxvjP HTTP/1.1" 200 26
186.102.83.24 - - [31/Dec/2023:15:09:38 -0500] "GET /kwssiamovil/sm/acme/a?s=U2FsdGVkX187yEpj2qbhVonsGOiuGMcKEVVeSXNziDZUrVoqRFYkAE6uaCDy6dkyHN/9G7Gcx4StmvO7GFG40cGZLqxCecg1CqInUBVcynAeCMOEsPboVsycTeLfpi+YSKfr6YdszZGG+9ixgDGWkAbeQITX45glAMhnQ8Ip/OQx3c13U2AR5iFhIB1Ek36xpSJRKdl97SjFoDmXB/GwSA==&u=U2FsdGVkX1/NFcQsGQUr74cMSRzYS6C8eT9ckszO8OsmF3a515xkN4x6IL6mqqp2&y=U2FsdGVkX1/tBFstN42BC4NBS9Xsvci09L0qpDq5OpBVlYboI1DuaE+RzGfDxvjP HTTP/1.1" 200 26
186.102.83.24 - - [31/Dec/2023:15:09:38 -0500] "GET /kwssiamovil/sm/acme/a?s=U2FsdGVkX18mm0TohhFUYBbUQaKHe8Vt9zUArc9++TYbcQ9OyU8a7rQEl03JbIqou9tRo+/9R6BZDpmWQfSxgm9Tf+7inCY7qIgY5A3Zv4FmBvEjgJ63S8ZCvxZzUXXSTzvWedQ/IC1BfxFXgxfm++upg+ANgBOKp6BAefb95nOAYcA1NZE0HSwM/CpCcQlyyY3aaGGGBNz03+4FnT5muWirn7AgujfGfDdUSRijR0meKpt71/AmeoiPomhPeg9o3uYcryNzmL33j4Az6jLBdVBN2huL7IKoKXP6ZAejVaWwYV7v10h07w9exjnzuYE4Yc6CPIqmzX+f/d871MZDCZUxeXY/C6m8CxXo9AIBMYc8HfnlFfWZ6s6yz2QrP9rkyWOm2tBWk9w0do0gVij06O/y0bQAjwq5qzo5T2f8bHb3tRIWqnEX+cWWHVdBW5C/Vee5bI3LfkqNdzxem1xWuPU0bojpe9sG2LXUWuqGK2g=&u=U2FsdGVkX1/NFcQsGQUr74cMSRzYS6C8eT9ckszO8OsmF3a515xkN4x6IL6mqqp2&y=U2FsdGVkX1/tBFstN42BC4NBS9Xsvci09L0qpDq5OpBVlYboI1DuaE+RzGfDxvjP HTTP/1.1" 200 25
186.102.83.24 - - [31/Dec/2023:15:09:38 -0500] "GET /kwssiamovil/sm/acme/a?s=U2FsdGVkX19UyFWmNLm4dwYrsmABXaL1GNQmZT4RAuTzKjx+AeCFHCailE+q25mVLrYwpP4ROzfOW10hajyCvWGgZQRc3VhtG7wJq1uVVcon66yUVqMmkVsPiFs5s/bU4Nk47UVF00eLUsaZNxx3wWxO7kmokyMv6RGobENZT9pYrXWEIjmDxArpreM0juGzBydie/4ZuimlHb/EXTWFoNhqaEHgbsmIHQRp90AwIL8cmuLoDSI9Ttdl6ir+eZFY4ZFY/677olwcs9pk2syk9f8SsGT3ZQnF0MgFx6/d/w4pRsXaxRdy/nnvyWHqtwWiT9O9K1AHVHdCWPeXZ7TMRwZn2F91XRxcsT8ELBaU64HVuVxBxU8XNwo40DSXkI8aokQCem2+rUnbFHvR3ebo9KQHVjOZXS0NqgcVBfyOAF0Ku7q6kkY+CTh1HUeKWm15OMYXPZLSBYHngL85CEWj5A==&u=U2FsdGVkX1/NFcQsGQUr74cMSRzYS6C8eT9ckszO8OsmF3a515xkN4x6IL6mqqp2&y=U2FsdGVkX1/tBFstN42BC4NBS9Xsvci09L0qpDq5OpBVlYboI1DuaE+RzGfDxvjP HTTP/1.1" 200 26
201.245.192.253 - - [31/Dec/2023:15:09:48 -0500] "POST /kwsrmcab/Wsrmcab  HTTP/1.1" 200 36178
156.59.198.136 - - [31/Dec/2023:15:09:51 -0500] "GET /BLA/resoluciones/Notificaciones/REGISTROS%202018/0140.pdf HTTP/1.0" 200 267338
156.59.198.135 - - [31/Dec/2023:15:10:15 -0500] "GET /BLA/resoluciones/RESOLUCIONES%202011/0224.pdf HTTP/1.0" 200 74553
156.59.198.135 - - [31/Dec/2023:15:10:39 -0500] "GET /BLA/resoluciones/RESOLUCIONES%202011/1854.pdf HTTP/1.0" 200 1083677
172.22.2.4 - - [31/Dec/2023:15:09:08 -0500] "HEAD /BLA/boletinlegal/ HTTP/1.1" 200 -
216.245.221.92 - - [31/Dec/2023:15:10:58 -0500] "HEAD / HTTP/1.1" 200 -
156.59.198.135 - - [31/Dec/2023:15:11:04 -0500] "GET /BLA/resoluciones/Notificaciones/REGISTROS%202018/1487.pdf HTTP/1.0" 200 266370
172.22.2.4 - - [31/Dec/2023:15:11:06 -0500] "GET /BLA/boletinlegal/actos.php HTTP/1.1" 200 9648
172.22.2.4 - - [31/Dec/2023:15:11:23 -0500] "GET /BLA/boletinlegal/favicon.ico HTTP/1.1" 404 1326
156.59.198.136 - - [31/Dec/2023:15:11:27 -0500] "GET /BLA/resoluciones/RESOLUCIONES%202011/1781.pdf HTTP/1.0" 200 434726
172.22.2.4 - - [31/Dec/2023:15:09:59 -0500] "GET /BLA/boletinlegal/ HTTP/1.1" 200 58172
156.59.198.136 - - [31/Dec/2023:15:11:52 -0500] "GET /BLA/resoluciones/RESOLUCIONES%202011/1526.pdf HTTP/1.0" 200 344696
156.59.198.135 - - [31/Dec/2023:15:12:17 -0500] "GET /BLA/resoluciones/RESOLUCIONES%202011/0226.pdf HTTP/1.0" 200 77759
156.59.198.136 - - [31/Dec/2023:15:12:42 -0500] "GET /BLA/resoluciones/RESOLUCIONES%202011/1622.pdf HTTP/1.0" 200 75697
186.102.83.24 - - [31/Dec/2023:15:12:43 -0500] "-" 408 -
156.59.198.135 - - [31/Dec/2023:15:13:05 -0500] "GET /BLA/resoluciones/RESOLUCIONES%202011/1621.pdf HTTP/1.0" 200 69271
156.59.198.136 - - [31/Dec/2023:15:13:30 -0500] "GET /BLA/resoluciones/RESOLUCIONES%202011/0451.pdf HTTP/1.0" 200 68259
156.59.198.135 - - [31/Dec/2023:15:13:54 -0500] "GET /BLA/resoluciones/RESOLUCIONES%202011/0066.pdf HTTP/1.0" 200 374253
156.59.198.135 - - [31/Dec/2023:15:14:18 -0500] "GET /BLA/resoluciones/RESOLUCIONES%202011/0388.pdf HTTP/1.0" 200 70329
156.59.198.136 - - [31/Dec/2023:15:14:43 -0500] "GET /BLA/resoluciones/RESOLUCIONES%202011/0353.pdf HTTP/1.0" 200 74577
201.245.192.253 - - [31/Dec/2023:15:14:46 -0500] "POST /kwsrmcab/Wsrmcab  HTTP/1.1" 200 36178
156.59.198.135 - - [31/Dec/2023:15:15:07 -0500] "GET /BLA/resoluciones/RESOLUCIONES%202011/0435.pdf HTTP/1.0" 200 73641
156.59.198.136 - - [31/Dec/2023:15:15:31 -0500] "GET /BLA/resoluciones/RESOLUCIONES%202011/1268.pdf HTTP/1.0" 200 271466
201.245.192.253 - - [31/Dec/2023:15:15:41 -0500] "POST /kwsrmcab/Wsrmcab HTTP/1.1" 200 37033
201.245.192.253 - - [31/Dec/2023:15:15:44 -0500] "POST /kwsrmcab/Wsrmcab HTTP/1.1" 200 37069
216.244.66.195 - - [31/Dec/2023:15:15:52 -0500] "GET /BLA/resoluciones/AUTOS%202011/0139.pdf HTTP/1.1" 200 207207
156.59.198.135 - - [31/Dec/2023:15:15:55 -0500] "GET /BLA/resoluciones/RESOLUCIONES%202011/0277.pdf HTTP/1.0" 200 270929
216.244.66.195 - - [31/Dec/2023:15:15:57 -0500] "GET /BLA/resoluciones/AUTOS%202011/0333.pdf HTTP/1.1" 200 231514
216.245.221.92 - - [31/Dec/2023:15:15:58 -0500] "HEAD / HTTP/1.1" 200 -
216.244.66.195 - - [31/Dec/2023:15:16:02 -0500] "GET /BLA/resoluciones/AUTOS%202011/0812.pdf HTTP/1.1" 200 154179
216.244.66.195 - - [31/Dec/2023:15:16:06 -0500] "GET /BLA/resoluciones/AUTOS%202011/1622.pdf HTTP/1.1" 200 248903
216.244.66.195 - - [31/Dec/2023:15:16:10 -0500] "GET /BLA/resoluciones/AUTOS%202011/1634.pdf HTTP/1.1" 200 97391
216.244.66.195 - - [31/Dec/2023:15:16:13 -0500] "GET /BLA/resoluciones/AUTOS%202011/1887.pdf HTTP/1.1" 200 56687
216.244.66.195 - - [31/Dec/2023:15:16:16 -0500] "GET /BLA/resoluciones/AUTOS%202011/1966.pdf HTTP/1.1" 200 111180
216.244.66.195 - - [31/Dec/2023:15:16:18 -0500] "GET /BLA/resoluciones/AUTOS%202011/1968.pdf HTTP/1.1" 200 525331
156.59.198.136 - - [31/Dec/2023:15:16:20 -0500] "GET /BLA/resoluciones/RESOLUCIONES%202011/0806.pdf HTTP/1.0" 200 797494
216.244.66.195 - - [31/Dec/2023:15:16:22 -0500] "GET /BLA/resoluciones/AUTOS%202011/2058.pdf HTTP/1.1" 200 160611
216.244.66.195 - - [31/Dec/2023:15:16:25 -0500] "GET /BLA/resoluciones/AUTOS%202011/2176.pdf HTTP/1.1" 200 265442
52.167.144.235 - - [31/Dec/2023:15:16:27 -0500] "GET /BLA/resoluciones/AUTOS%202023/05835.pdf HTTP/1.1" 200 395463
216.244.66.195 - - [31/Dec/2023:15:16:28 -0500] "GET /BLA/resoluciones/AUTOS%202011/2448.pdf HTTP/1.1" 200 160769
216.244.66.195 - - [31/Dec/2023:15:16:35 -0500] "GET /BLA/resoluciones/AUTOS%202011/2687.pdf HTTP/1.1" 200 148869
172.22.2.4 - - [31/Dec/2023:15:14:58 -0500] "HEAD /BLA/boletinlegal/ HTTP/1.1" 200 -
156.59.198.135 - - [31/Dec/2023:15:16:44 -0500] "GET /BLA/resoluciones/RESOLUCIONES%202011/1532.pdf HTTP/1.0" 200 71193
216.244.66.195 - - [31/Dec/2023:15:16:47 -0500] "GET /BLA/resoluciones/AUTOS%202011/2688.pdf HTTP/1.1" 200 58569
216.244.66.195 - - [31/Dec/2023:15:16:56 -0500] "GET /BLA/resoluciones/AUTOS%202011/2731.pdf HTTP/1.1" 200 260525
216.244.66.195 - - [31/Dec/2023:15:17:04 -0500] "GET /BLA/resoluciones/AUTOS%202011/2888.pdf HTTP/1.1" 200 322761
156.59.198.136 - - [31/Dec/2023:15:17:09 -0500] "GET /BLA/resoluciones/RESOLUCIONES%202011/1778.pdf HTTP/1.0" 200 436337
216.244.66.195 - - [31/Dec/2023:15:17:11 -0500] "GET /BLA/resoluciones/AUTOS%202011/2945.pdf HTTP/1.1" 200 512616
216.244.66.195 - - [31/Dec/2023:15:17:23 -0500] "GET /BLA/resoluciones/AUTOS%202011/2974.pdf HTTP/1.1" 200 52560
172.22.2.4 - - [31/Dec/2023:15:15:49 -0500] "GET /BLA/boletinlegal/ HTTP/1.1" 200 60910
216.244.66.195 - - [31/Dec/2023:15:17:32 -0500] "GET /BLA/resoluciones/AUTOS%202011/2977.pdf HTTP/1.1" 200 143461
156.59.198.136 - - [31/Dec/2023:15:17:34 -0500] "GET /BLA/resoluciones/RESOLUCIONES%202011/1620.pdf HTTP/1.0" 200 66239
216.244.66.195 - - [31/Dec/2023:15:17:46 -0500] "GET /BLA/resoluciones/AUTOS%202011/2988.pdf HTTP/1.1" 200 214507
156.59.198.136 - - [31/Dec/2023:15:17:58 -0500] "GET /BLA/resoluciones/Notificaciones/RESOLUCIONES%202014/2517.doc HTTP/1.0" 200 113152
172.22.2.4 - - [31/Dec/2023:15:18:12 -0500] "GET /BLA/boletinlegal/jurisprudencia/analisis/AnalisisT-606-15.docx HTTP/1.1" 200 26698
172.22.2.4 - - [31/Dec/2023:15:18:12 -0500] "GET /BLA/boletinlegal/apple-touch-icon-120x120-precomposed.png HTTP/1.1" 404 1140
172.22.2.4 - - [31/Dec/2023:15:18:12 -0500] "GET /BLA/boletinlegal/apple-touch-icon-120x120.png HTTP/1.1" 404 1140
172.22.2.4 - - [31/Dec/2023:15:18:13 -0500] "GET /BLA/boletinlegal/apple-touch-icon-precomposed.png HTTP/1.1" 404 1140
172.22.2.4 - - [31/Dec/2023:15:18:13 -0500] "GET /BLA/boletinlegal/apple-touch-icon.png HTTP/1.1" 404 1140
172.22.2.4 - - [31/Dec/2023:15:18:13 -0500] "GET /BLA/boletinlegal/favicon.ico HTTP/1.1" 404 1140
172.22.2.4 - - [31/Dec/2023:15:18:13 -0500] "GET /BLA/boletinlegal/apple-touch-icon-120x120-precomposed.png HTTP/1.1" 404 1140
172.22.2.4 - - [31/Dec/2023:15:18:13 -0500] "GET /BLA/boletinlegal/apple-touch-icon-120x120.png HTTP/1.1" 404 1140
172.22.2.4 - - [31/Dec/2023:15:18:13 -0500] "GET /BLA/boletinlegal/apple-touch-icon-precomposed.png HTTP/1.1" 404 1140
172.22.2.4 - - [31/Dec/2023:15:18:13 -0500] "GET /BLA/boletinlegal/apple-touch-icon.png HTTP/1.1" 404 1140
172.22.2.4 - - [31/Dec/2023:15:18:13 -0500] "GET /BLA/boletinlegal/favicon.ico HTTP/1.1" 404 1140
216.244.66.195 - - [31/Dec/2023:15:18:20 -0500] "GET /BLA/resoluciones/AUTOS%202012/0102.pdf HTTP/1.1" 200 153686
156.59.198.135 - - [31/Dec/2023:15:18:22 -0500] "GET /BLA/resoluciones/RESOLUCIONES%202011/0110.pdf HTTP/1.0" 200 349155
52.167.144.217 - - [31/Dec/2023:15:18:31 -0500] "GET /BLA/resoluciones/index.php?dir=AUTOS+2018%2F HTTP/1.1" 200 469056
156.59.198.136 - - [31/Dec/2023:15:18:46 -0500] "GET /BLA/resoluciones/RESOLUCIONES%202011/0937.pdf HTTP/1.0" 200 74705
216.244.66.195 - - [31/Dec/2023:15:18:48 -0500] "GET /BLA/resoluciones/AUTOS%202012/0343.pdf HTTP/1.1" 200 329341
156.59.198.136 - - [31/Dec/2023:15:19:10 -0500] "GET /BLA/resoluciones/RESOLUCIONES%202011/0309.pdf HTTP/1.0" 200 85183
216.244.66.195 - - [31/Dec/2023:15:19:15 -0500] "GET /BLA/resoluciones/AUTOS%202012/0450.pdf HTTP/1.1" 200 371871
156.59.198.136 - - [31/Dec/2023:15:19:35 -0500] "GET /BLA/resoluciones/RESOLUCIONES%202011/1056.pdf HTTP/1.0" 200 284827
201.245.192.253 - - [31/Dec/2023:15:19:44 -0500] "POST /kwsrmcab/Wsrmcab  HTTP/1.1" 200 36178
201.245.192.253 - - [31/Dec/2023:15:19:48 -0500] "POST /kwsrmcab/Wsrmcab HTTP/1.1" 200 37033
201.245.192.253 - - [31/Dec/2023:15:19:53 -0500] "POST /kwsrmcab/Wsrmcab HTTP/1.1" 200 37069
216.244.66.195 - - [31/Dec/2023:15:19:57 -0500] "GET /BLA/resoluciones/AUTOS%202012/0490.pdf HTTP/1.1" 200 428772
156.59.198.135 - - [31/Dec/2023:15:19:59 -0500] "GET /BLA/resoluciones/RESOLUCIONES%202011/0446.pdf HTTP/1.0" 200 63077
156.59.198.136 - - [31/Dec/2023:15:20:24 -0500] "GET /BLA/resoluciones/Notificaciones/REGISTROS%202018/00797.pdf HTTP/1.0" 200 266767
216.244.66.195 - - [31/Dec/2023:15:20:36 -0500] "GET /BLA/resoluciones/AUTOS%202012/0503.pdf HTTP/1.1" 200 450410
156.59.198.136 - - [31/Dec/2023:15:20:49 -0500] "GET /BLA/resoluciones/Notificaciones/REGISTROS%202018/00488.pdf HTTP/1.0" 200 269185
216.245.221.92 - - [31/Dec/2023:15:20:58 -0500] "HEAD / HTTP/1.1" 200 -
40.77.167.132 - - [31/Dec/2023:15:21:04 -0500] "GET /BLA/resoluciones/AUTOS%202018/04141.pdf HTTP/1.1" 200 207930
156.59.198.135 - - [31/Dec/2023:15:21:13 -0500] "GET /BLA/resoluciones/RESOLUCIONES%202011/1737.pdf HTTP/1.0" 200 511313
40.77.167.132 - - [31/Dec/2023:15:21:14 -0500] "GET /BLA/resoluciones/AUTOS%202018/3347.pdf HTTP/1.1" 200 277768
216.244.66.195 - - [31/Dec/2023:15:21:14 -0500] "GET /BLA/resoluciones/AUTOS%202012/0517.pdf HTTP/1.1" 200 373742
52.167.144.218 - - [31/Dec/2023:15:21:19 -0500] "GET /BLA/resoluciones/AUTOS%202018/5021.pdf HTTP/1.1" 200 277089
156.59.198.135 - - [31/Dec/2023:15:21:37 -0500] "GET /BLA/resoluciones/RESOLUCIONES%202011/0786.pdf HTTP/1.0" 200 66125
66.220.149.7 - - [31/Dec/2023:15:21:46 -0500] "GET /parque-distrital-ecologico-de-montana-cerro-seco-tiene-su-plan-de-manejo-ambiental-que-le-asegura-la-conservacion.html HTTP/1.1" 200 839
216.244.66.195 - - [31/Dec/2023:15:22:00 -0500] "GET /BLA/resoluciones/AUTOS%202012/0735.pdf HTTP/1.1" 200 138288
156.59.198.136 - - [31/Dec/2023:15:22:01 -0500] "GET /BLA/resoluciones/RESOLUCIONES%202011/0229.pdf HTTP/1.0" 200 65005
156.59.198.135 - - [31/Dec/2023:15:22:25 -0500] "GET /BLA/resoluciones/RESOLUCIONES%202011/0631.pdf HTTP/1.0" 200 521026
172.22.2.4 - - [31/Dec/2023:15:20:48 -0500] "HEAD /BLA/boletinlegal/ HTTP/1.1" 200 -
216.244.66.195 - - [31/Dec/2023:15:22:35 -0500] "GET /BLA/resoluciones/AUTOS%202012/1125.pdf HTTP/1.1" 200 178902
156.59.198.135 - - [31/Dec/2023:15:22:50 -0500] "GET /BLA/resoluciones/RESOLUCIONES%202011/0934.pdf HTTP/1.0" 200 71843
216.244.66.195 - - [31/Dec/2023:15:23:10 -0500] "GET /BLA/resoluciones/AUTOS%202012/1148.pdf HTTP/1.1" 200 159896
156.59.198.135 - - [31/Dec/2023:15:23:15 -0500] "GET /BLA/resoluciones/Notificaciones/REGISTROS%202018/01634.pdf HTTP/1.0" 200 267449
172.22.2.4 - - [31/Dec/2023:15:21:39 -0500] "GET /BLA/boletinlegal/ HTTP/1.1" 200 58172
156.59.198.136 - - [31/Dec/2023:15:23:39 -0500] "GET /BLA/resoluciones/RESOLUCIONES%202011/1485.pdf HTTP/1.0" 200 78553
216.244.66.195 - - [31/Dec/2023:15:23:43 -0500] "GET /BLA/resoluciones/AUTOS%202012/1184.pdf HTTP/1.1" 200 153534
156.59.198.136 - - [31/Dec/2023:15:24:03 -0500] "GET /BLA/resoluciones/RESOLUCIONES%202011/1282.pdf HTTP/1.0" 200 193027
216.244.66.195 - - [31/Dec/2023:15:24:12 -0500] "GET /BLA/resoluciones/AUTOS%202012/1355.pdf HTTP/1.1" 200 158745
173.252.127.20 - - [31/Dec/2023:15:24:23 -0500] "GET /images/Senderos1.jpeg HTTP/1.1" 200 172777
156.59.198.136 - - [31/Dec/2023:15:24:27 -0500] "GET /BLA/resoluciones/RESOLUCIONES%202011/0273.pdf HTTP/1.0" 200 70839
216.244.66.195 - - [31/Dec/2023:15:24:39 -0500] "GET /BLA/resoluciones/AUTOS%202012/1502.pdf HTTP/1.1" 200 376080
201.245.192.253 - - [31/Dec/2023:15:24:43 -0500] "POST /kwsrmcab/Wsrmcab  HTTP/1.1" 200 36178
156.59.198.135 - - [31/Dec/2023:15:24:51 -0500] "GET /BLA/resoluciones/RESOLUCIONES%202011/1186.pdf HTTP/1.0" 200 305382
156.59.198.136 - - [31/Dec/2023:15:25:16 -0500] "GET /BLA/resoluciones/Notificaciones/REGISTROS%202018/01802.pdf HTTP/1.0" 200 260978
216.244.66.195 - - [31/Dec/2023:15:25:18 -0500] "GET /BLA/resoluciones/AUTOS%202012/1524.pdf HTTP/1.1" 200 625264
156.59.198.135 - - [31/Dec/2023:15:25:39 -0500] "GET /BLA/resoluciones/RESOLUCIONES%202011/1047.pdf HTTP/1.0" 200 81479
201.245.192.253 - - [31/Dec/2023:15:25:41 -0500] "POST /kwsrmcab/Wsrmcab HTTP/1.1" 200 37033
201.245.192.253 - - [31/Dec/2023:15:25:44 -0500] "POST /kwsrmcab/Wsrmcab HTTP/1.1" 200 37069
216.245.221.92 - - [31/Dec/2023:15:25:58 -0500] "HEAD / HTTP/1.1" 200 -
216.244.66.195 - - [31/Dec/2023:15:26:04 -0500] "GET /BLA/resoluciones/AUTOS%202012/1560.pdf HTTP/1.1" 200 302291
156.59.198.135 - - [31/Dec/2023:15:26:04 -0500] "GET /BLA/resoluciones/RESOLUCIONES%202011/0860.pdf HTTP/1.0" 200 111563
156.59.198.135 - - [31/Dec/2023:15:26:28 -0500] "GET /BLA/resoluciones/Notificaciones/REGISTROS%202018/0159.pdf HTTP/1.0" 200 266551
216.244.66.195 - - [31/Dec/2023:15:26:37 -0500] "GET /BLA/resoluciones/AUTOS%202012/1768.pdf HTTP/1.1" 200 294118
156.59.198.135 - - [31/Dec/2023:15:26:52 -0500] "GET /BLA/resoluciones/RESOLUCIONES%202011/1219.pdf HTTP/1.0" 200 516730
216.244.66.195 - - [31/Dec/2023:15:27:14 -0500] "GET /BLA/resoluciones/AUTOS%202012/1801.pdf HTTP/1.1" 200 272299
156.59.198.136 - - [31/Dec/2023:15:27:17 -0500] "GET /BLA/resoluciones/RESOLUCIONES%202011/1234.pdf HTTP/1.0" 200 274383
156.59.198.136 - - [31/Dec/2023:15:27:41 -0500] "GET /BLA/resoluciones/RESOLUCIONES%202011/0124.pdf HTTP/1.0" 200 515931
216.244.66.195 - - [31/Dec/2023:15:27:45 -0500] "GET /BLA/resoluciones/AUTOS%202012/2537.pdf HTTP/1.1" 200 1784875
54.36.148.160 - - [31/Dec/2023:15:27:55 -0500] "GET /robots.txt HTTP/1.1" 404 1018
156.59.198.136 - - [31/Dec/2023:15:28:05 -0500] "GET /BLA/resoluciones/RESOLUCIONES%202011/1084.pdf HTTP/1.0" 200 267984
172.22.2.4 - - [31/Dec/2023:15:26:38 -0500] "HEAD /BLA/boletinlegal/ HTTP/1.1" 200 -
156.59.198.135 - - [31/Dec/2023:15:28:30 -0500] "GET /BLA/resoluciones/RESOLUCIONES%202011/1540.pdf HTTP/1.0" 200 76683
216.244.66.195 - - [31/Dec/2023:15:28:33 -0500] "GET /BLA/resoluciones/AUTOS%202012/2539.pdf HTTP/1.1" 200 1853581
157.55.39.204 - - [31/Dec/2023:15:28:40 -0500] "GET / HTTP/1.1" 200 4720
156.59.198.136 - - [31/Dec/2023:15:28:54 -0500] "GET /BLA/resoluciones/RESOLUCIONES%202011/1306.pdf HTTP/1.0" 200 68435
216.244.66.195 - - [31/Dec/2023:15:29:08 -0500] "GET /BLA/resoluciones/AUTOS%202012/2617.pdf HTTP/1.1" 200 228646
172.22.2.4 - - [31/Dec/2023:15:27:29 -0500] "GET /BLA/boletinlegal/ HTTP/1.1" 200 60502
52.167.144.200 - - [31/Dec/2023:15:29:17 -0500] "GET /BLA/resoluciones/AUTOS%202023/05922.pdf HTTP/1.1" 200 993343
156.59.198.135 - - [31/Dec/2023:15:29:18 -0500] "GET /BLA/resoluciones/Notificaciones/REGISTROS%202018/0183.pdf HTTP/1.0" 200 264044
156.59.198.135 - - [31/Dec/2023:15:29:42 -0500] "GET /BLA/resoluciones/RESOLUCIONES%202011/0512.pdf HTTP/1.0" 200 427834
216.244.66.195 - - [31/Dec/2023:15:29:43 -0500] "GET /BLA/resoluciones/AUTOS%202012/2676.pdf HTTP/1.1" 200 344500
201.245.192.253 - - [31/Dec/2023:15:29:42 -0500] "POST /kwsrmcab/Wsrmcab  HTTP/1.1" 200 36178
201.245.192.253 - - [31/Dec/2023:15:29:48 -0500] "POST /kwsrmcab/Wsrmcab HTTP/1.1" 200 37033
201.245.192.253 - - [31/Dec/2023:15:29:52 -0500] "POST /kwsrmcab/Wsrmcab HTTP/1.1" 200 37069
156.59.198.135 - - [31/Dec/2023:15:30:08 -0500] "GET /BLA/resoluciones/RESOLUCIONES%202011/1026.pdf HTTP/1.0" 200 80397
216.244.66.195 - - [31/Dec/2023:15:30:11 -0500] "GET /BLA/resoluciones/AUTOS%202012/6836.pdf HTTP/1.1" 200 466480
156.59.198.135 - - [31/Dec/2023:15:30:32 -0500] "GET /BLA/resoluciones/RESOLUCIONES%202011/1492.pdf HTTP/1.0" 200 69033
216.244.66.195 - - [31/Dec/2023:15:30:39 -0500] "GET /BLA/resoluciones/AUTOS%202013/0105.pdf HTTP/1.1" 200 1284414
156.59.198.135 - - [31/Dec/2023:15:30:56 -0500] "GET /BLA/resoluciones/RESOLUCIONES%202011/0993.pdf HTTP/1.0" 200 77535
216.245.221.92 - - [31/Dec/2023:15:30:58 -0500] "HEAD / HTTP/1.1" 200 -
216.244.66.195 - - [31/Dec/2023:15:31:19 -0500] "GET /BLA/resoluciones/AUTOS%202013/0617.pdf HTTP/1.1" 200 1074584
156.59.198.136 - - [31/Dec/2023:15:31:21 -0500] "GET /BLA/resoluciones/RESOLUCIONES%202011/0258.pdf HTTP/1.0" 200 292609
156.59.198.136 - - [31/Dec/2023:15:31:45 -0500] "GET /BLA/resoluciones/RESOLUCIONES%202011/1304.pdf HTTP/1.0" 200 77507
216.244.66.195 - - [31/Dec/2023:15:32:03 -0500] "GET /BLA/resoluciones/AUTOS%202013/1095.pdf HTTP/1.1" 200 803154
52.167.144.218 - - [31/Dec/2023:15:32:06 -0500] "GET /forest/ HTTP/1.1" 200 12041
156.59.198.135 - - [31/Dec/2023:15:32:09 -0500] "GET /BLA/resoluciones/RESOLUCIONES%202011/0620.pdf HTTP/1.0" 200 72155
156.59.198.135 - - [31/Dec/2023:15:32:34 -0500] "GET /BLA/resoluciones/RESOLUCIONES%202011/0640.pdf HTTP/1.0" 200 347361
216.244.66.195 - - [31/Dec/2023:15:32:34 -0500] "GET /BLA/resoluciones/AUTOS%202013/1208.pdf HTTP/1.1" 200 613737
156.59.198.135 - - [31/Dec/2023:15:32:58 -0500] "GET /BLA/resoluciones/RESOLUCIONES%202011/1696.pdf HTTP/1.0" 200 66713
216.244.66.195 - - [31/Dec/2023:15:33:10 -0500] "GET /BLA/resoluciones/AUTOS%202013/1324.pdf HTTP/1.1" 200 471970
156.59.198.136 - - [31/Dec/2023:15:33:22 -0500] "GET /BLA/resoluciones/RESOLUCIONES%202011/1211.pdf HTTP/1.0" 200 428962
216.244.66.195 - - [31/Dec/2023:15:33:43 -0500] "GET /BLA/resoluciones/AUTOS%202013/1387.pdf HTTP/1.1" 200 665170
156.59.198.136 - - [31/Dec/2023:15:33:47 -0500] "GET /BLA/resoluciones/RESOLUCIONES%202011/0857.pdf HTTP/1.0" 200 605590
172.22.2.4 - - [31/Dec/2023:15:32:28 -0500] "HEAD /BLA/boletinlegal/ HTTP/1.1" 200 -
156.59.198.136 - - [31/Dec/2023:15:34:11 -0500] "GET /BLA/resoluciones/Notificaciones/REGISTROS%202018/1801.pdf HTTP/1.0" 200 260896
216.244.66.195 - - [31/Dec/2023:15:34:22 -0500] "GET /BLA/resoluciones/AUTOS%202013/1528.pdf HTTP/1.1" 200 648157
172.22.2.4 - - [31/Dec/2023:15:32:46 -0500] "GET /BLA/boletinlegal/ HTTP/1.1" 200 47025
156.59.198.135 - - [31/Dec/2023:15:34:35 -0500] "GET /BLA/resoluciones/RESOLUCIONES%202011/0461.pdf HTTP/1.0" 200 833913
201.245.192.253 - - [31/Dec/2023:15:34:40 -0500] "POST /kwsrmcab/Wsrmcab  HTTP/1.1" 200 36178
216.244.66.195 - - [31/Dec/2023:15:34:56 -0500] "GET /BLA/resoluciones/AUTOS%202013/2135.pdf HTTP/1.1" 200 390778
172.22.2.4 - - [31/Dec/2023:15:33:19 -0500] "GET /BLA/boletinlegal/ HTTP/1.1" 200 48892
156.59.198.136 - - [31/Dec/2023:15:34:59 -0500] "GET /BLA/resoluciones/RESOLUCIONES%202011/1762.pdf HTTP/1.0" 200 521802
156.59.198.136 - - [31/Dec/2023:15:35:24 -0500] "GET /BLA/resoluciones/RESOLUCIONES%202011/1039.pdf HTTP/1.0" 200 75599
216.244.66.195 - - [31/Dec/2023:15:35:25 -0500] "GET /BLA/resoluciones/AUTOS%202013/2208.pdf HTTP/1.1" 200 455506
201.245.192.253 - - [31/Dec/2023:15:35:41 -0500] "POST /kwsrmcab/Wsrmcab HTTP/1.1" 200 37033
201.245.192.253 - - [31/Dec/2023:15:35:44 -0500] "POST /kwsrmcab/Wsrmcab HTTP/1.1" 200 37069
156.59.198.136 - - [31/Dec/2023:15:35:48 -0500] "GET /BLA/resoluciones/RESOLUCIONES%202011/1682.pdf HTTP/1.0" 200 214281
216.244.66.195 - - [31/Dec/2023:15:35:56 -0500] "GET /BLA/resoluciones/AUTOS%202013/2209.pdf HTTP/1.1" 200 461792
216.245.221.92 - - [31/Dec/2023:15:35:58 -0500] "HEAD / HTTP/1.1" 200 -
156.59.198.136 - - [31/Dec/2023:15:36:12 -0500] "GET /BLA/resoluciones/RESOLUCIONES%202011/1714.pdf HTTP/1.0" 200 466309
216.244.66.195 - - [31/Dec/2023:15:36:31 -0500] "GET /BLA/resoluciones/AUTOS%202013/2567.pdf HTTP/1.1" 200 780141
156.59.198.136 - - [31/Dec/2023:15:36:37 -0500] "GET /BLA/resoluciones/RESOLUCIONES%202011/0545.pdf HTTP/1.0" 200 67455
172.22.2.4 - - [31/Dec/2023:15:36:40 -0500] "GET /BLA/boletinlegal/Circulares/2019/.pdf HTTP/1.1" 404 1218
216.244.66.195 - - [31/Dec/2023:15:37:00 -0500] "GET /BLA/resoluciones/AUTOS%202013/2678.pdf HTTP/1.1" 200 228387
156.59.198.135 - - [31/Dec/2023:15:37:01 -0500] "GET /BLA/resoluciones/RESOLUCIONES%202011/1230.pdf HTTP/1.0" 200 841732
156.59.198.136 - - [31/Dec/2023:15:37:26 -0500] "GET /BLA/resoluciones/RESOLUCIONES%202011/1476.pdf HTTP/1.0" 200 71353
216.244.66.195 - - [31/Dec/2023:15:37:29 -0500] "GET /BLA/resoluciones/AUTOS%202013/2862.pdf HTTP/1.1" 200 747955
156.59.198.135 - - [31/Dec/2023:15:37:50 -0500] "GET /BLA/resoluciones/RESOLUCIONES%202011/0354.pdf HTTP/1.0" 200 70433
216.244.66.195 - - [31/Dec/2023:15:37:57 -0500] "GET /BLA/resoluciones/AUTOS%202013/2911.pdf HTTP/1.1" 200 512969
156.59.198.136 - - [31/Dec/2023:15:38:14 -0500] "GET /BLA/resoluciones/RESOLUCIONES%202011/1422.pdf HTTP/1.0" 200 79257
156.59.198.135 - - [31/Dec/2023:15:38:38 -0500] "GET /BLA/resoluciones/RESOLUCIONES%202011/0295.pdf HTTP/1.0" 200 539885
156.59.198.135 - - [31/Dec/2023:15:39:04 -0500] "GET /BLA/resoluciones/RESOLUCIONES%202011/0577.pdf HTTP/1.0" 200 76607
40.77.167.79 - - [31/Dec/2023:15:39:19 -0500] "GET /BLA/resoluciones/AUTOS%202023/5873.pdf HTTP/1.1" 200 423036
156.59.198.135 - - [31/Dec/2023:15:39:28 -0500] "GET /BLA/resoluciones/RESOLUCIONES%202011/1636.pdf HTTP/1.0" 200 302702
201.245.192.253 - - [31/Dec/2023:15:39:39 -0500] "POST /kwsrmcab/Wsrmcab  HTTP/1.1" 200 36178
201.245.192.253 - - [31/Dec/2023:15:39:48 -0500] "POST /kwsrmcab/Wsrmcab HTTP/1.1" 200 37033
156.59.198.136 - - [31/Dec/2023:15:39:52 -0500] "GET /BLA/resoluciones/RESOLUCIONES%202011/1582.pdf HTTP/1.0" 200 67951
201.245.192.253 - - [31/Dec/2023:15:39:52 -0500] "POST /kwsrmcab/Wsrmcab HTTP/1.1" 200 37069
172.22.2.4 - - [31/Dec/2023:15:38:18 -0500] "HEAD /BLA/boletinlegal/ HTTP/1.1" 200 -
156.59.198.135 - - [31/Dec/2023:15:40:17 -0500] "GET /BLA/resoluciones/RESOLUCIONES%202011/0763.pdf HTTP/1.0" 200 797204
179.33.116.222 - - [31/Dec/2023:15:40:39 -0500] "GET /sipse/faces/faces/autenticacion.xhtml HTTP/1.1" 200 12737
179.33.116.222 - - [31/Dec/2023:15:40:39 -0500] "GET /sipse/css/custom_css_sg.css HTTP/1.1" 200 9694
179.33.116.222 - - [31/Dec/2023:15:40:39 -0500] "GET /sipse/css/custom_css_sg_prime_login.css HTTP/1.1" 200 443
179.33.116.222 - - [31/Dec/2023:15:40:39 -0500] "GET /sipse/faces/javax.faces.resource/layout/layout.css;jsessionid=j3xA69XxfIVeRIJtuiX1ckuV.undefined?ln=primefaces&v=4.0 HTTP/1.1" 200 542
179.33.116.222 - - [31/Dec/2023:15:40:39 -0500] "GET /sipse/faces/javax.faces.resource/jquery/jquery-plugins.js;jsessionid=j3xA69XxfIVeRIJtuiX1ckuV.undefined?ln=primefaces&v=4.0 HTTP/1.1" 200 220526
179.33.116.222 - - [31/Dec/2023:15:40:39 -0500] "GET /sipse/faces/javax.faces.resource/theme.css?ln=primefaces-sipse HTTP/1.1" 200 50058
179.33.116.222 - - [31/Dec/2023:15:40:39 -0500] "GET /sipse/faces/javax.faces.resource/primefaces.css;jsessionid=j3xA69XxfIVeRIJtuiX1ckuV.undefined?ln=primefaces&v=4.0 HTTP/1.1" 200 53295
179.33.116.222 - - [31/Dec/2023:15:40:39 -0500] "GET /sipse/js/disable_browser_buttons.js HTTP/1.1" 304 -
179.33.116.222 - - [31/Dec/2023:15:40:39 -0500] "GET /sipse/faces/javax.faces.resource/layout/layout.js;jsessionid=j3xA69XxfIVeRIJtuiX1ckuV.undefined?ln=primefaces&v=4.0 HTTP/1.1" 200 87560
179.33.116.222 - - [31/Dec/2023:15:40:39 -0500] "GET /sipse/faces/javax.faces.resource/jquery/jquery.js;jsessionid=j3xA69XxfIVeRIJtuiX1ckuV.undefined?ln=primefaces&v=4.0 HTTP/1.1" 200 105384
179.33.116.222 - - [31/Dec/2023:15:40:39 -0500] "GET /sipse/js/funciones.js HTTP/1.1" 304 -
179.33.116.222 - - [31/Dec/2023:15:40:39 -0500] "GET /sipse/faces/javax.faces.resource/primefaces.js;jsessionid=j3xA69XxfIVeRIJtuiX1ckuV.undefined?ln=primefaces&v=4.0 HTTP/1.1" 200 276924
179.33.116.222 - - [31/Dec/2023:15:40:39 -0500] "GET /sipse/faces/javax.faces.resource/images/ui-icons_898989_256x240.png?ln=primefaces-aristo HTTP/1.1" 200 5355
179.33.116.222 - - [31/Dec/2023:15:40:39 -0500] "GET /sipse/css/imagen/loginimg.png HTTP/1.1" 200 71635
179.33.116.222 - - [31/Dec/2023:15:40:39 -0500] "GET /sipse/css/imagen/logoSDG.png HTTP/1.1" 200 53064
179.33.116.222 - - [31/Dec/2023:15:40:39 -0500] "GET /favicon.ico HTTP/1.1" 200 7782
179.33.116.222 - - [31/Dec/2023:15:40:39 -0500] "GET /sipse/faces/faces/index.xhtml HTTP/1.1" 200 677
179.33.116.222 - - [31/Dec/2023:15:40:39 -0500] "GET /sipse/faces/javax.faces.resource/theme.css?ln=primefaces-sipse HTTP/1.1" 304 -
179.33.116.222 - - [31/Dec/2023:15:40:39 -0500] "GET /sipse/faces/faces/faces/autenticacion.xhtml HTTP/1.1" 200 12415
179.33.116.222 - - [31/Dec/2023:15:40:39 -0500] "GET /sipse/faces/javax.faces.resource/theme.css?ln=primefaces-sipse HTTP/1.1" 304 -
179.33.116.222 - - [31/Dec/2023:15:40:40 -0500] "GET /sipse/faces/javax.faces.resource/primefaces.css?ln=primefaces&v=4.0 HTTP/1.1" 304 -
179.33.116.222 - - [31/Dec/2023:15:40:40 -0500] "GET /sipse/faces/javax.faces.resource/layout/layout.css?ln=primefaces&v=4.0 HTTP/1.1" 304 -
179.33.116.222 - - [31/Dec/2023:15:40:40 -0500] "GET /sipse/faces/javax.faces.resource/jquery/jquery.js?ln=primefaces&v=4.0 HTTP/1.1" 304 -
179.33.116.222 - - [31/Dec/2023:15:40:40 -0500] "GET /sipse/faces/javax.faces.resource/jquery/jquery-plugins.js?ln=primefaces&v=4.0 HTTP/1.1" 304 -
179.33.116.222 - - [31/Dec/2023:15:40:40 -0500] "GET /sipse/faces/javax.faces.resource/primefaces.js?ln=primefaces&v=4.0 HTTP/1.1" 304 -
179.33.116.222 - - [31/Dec/2023:15:40:40 -0500] "GET /sipse/faces/javax.faces.resource/layout/layout.js?ln=primefaces&v=4.0 HTTP/1.1" 304 -
179.33.116.222 - - [31/Dec/2023:15:40:40 -0500] "GET /sipse/faces/javax.faces.resource/images/ui-icons_898989_256x240.png?ln=primefaces-aristo HTTP/1.1" 304 -
156.59.198.135 - - [31/Dec/2023:15:40:40 -0500] "GET /BLA/resoluciones/RESOLUCIONES%202011/0543.pdf HTTP/1.0" 200 71405
172.22.2.4 - - [31/Dec/2023:15:39:09 -0500] "GET /BLA/boletinlegal/ HTTP/1.1" 200 58567
216.245.221.92 - - [31/Dec/2023:15:40:58 -0500] "HEAD / HTTP/1.1" 200 -
156.59.198.136 - - [31/Dec/2023:15:41:05 -0500] "GET /BLA/resoluciones/RESOLUCIONES%202011/0227.pdf HTTP/1.0" 200 78693
172.22.2.4 - - [31/Dec/2023:15:41:26 -0500] "GET /BLA/boletinlegal/robots.txt HTTP/1.1" 404 1038
172.22.2.4 - - [31/Dec/2023:15:41:26 -0500] "GET /BLA/boletinlegal/images/screen_3.png HTTP/1.1" 304 -
156.59.198.135 - - [31/Dec/2023:15:41:30 -0500] "GET /BLA/resoluciones/RESOLUCIONES%202011/1805.pdf HTTP/1.0" 200 514764
156.59.198.136 - - [31/Dec/2023:15:41:54 -0500] "GET /BLA/resoluciones/RESOLUCIONES%202011/1807.pdf HTTP/1.0" 200 518462
186.179.103.130 - - [31/Dec/2023:15:41:54 -0500] "GET /appsia/controlador HTTP/1.1" 200 4799
186.179.103.130 - - [31/Dec/2023:15:41:54 -0500] "GET /appsia/css/estilos.css HTTP/1.1" 200 4804
186.179.103.130 - - [31/Dec/2023:15:41:54 -0500] "GET /appsia/scripts/validarIngreso.js HTTP/1.1" 200 851
186.179.103.130 - - [31/Dec/2023:15:41:54 -0500] "GET /appsia/images/logo_bogota_p.png HTTP/1.1" 200 14951
186.179.103.130 - - [31/Dec/2023:15:41:54 -0500] "GET /appsia/images/cabezoteHojaVida.png HTTP/1.1" 200 32493
186.179.103.130 - - [31/Dec/2023:15:41:55 -0500] "GET /favicon.ico HTTP/1.1" 200 7782
186.179.103.130 - - [31/Dec/2023:15:41:55 -0500] "GET /cart.json HTTP/1.1" 404 1120
186.179.103.130 - - [31/Dec/2023:15:42:06 -0500] "POST /appsia/controlador HTTP/1.1" 200 4621
186.179.103.130 - - [31/Dec/2023:15:42:09 -0500] "GET /cart.json HTTP/1.1" 404 1120
186.179.103.130 - - [31/Dec/2023:15:42:13 -0500] "POST /appsia/controlador HTTP/1.1" 200 7728
186.179.103.130 - - [31/Dec/2023:15:42:13 -0500] "GET /cart.json HTTP/1.1" 404 1120
186.179.103.130 - - [31/Dec/2023:15:42:13 -0500] "GET /appsia/images/logo_escudo.png HTTP/1.1" 200 36965
186.179.103.130 - - [31/Dec/2023:15:42:18 -0500] "GET /cart.json HTTP/1.1" 404 1120
156.59.198.135 - - [31/Dec/2023:15:42:18 -0500] "GET /BLA/resoluciones/RESOLUCIONES%202011/0804.pdf HTTP/1.0" 200 788138
156.59.198.135 - - [31/Dec/2023:15:42:43 -0500] "GET /BLA/resoluciones/RESOLUCIONES%202011/0753.pdf HTTP/1.0" 200 405652
156.59.198.136 - - [31/Dec/2023:15:43:08 -0500] "GET /BLA/resoluciones/RESOLUCIONES%202011/0811.pdf HTTP/1.0" 200 443918
156.59.198.135 - - [31/Dec/2023:15:43:32 -0500] "GET /BLA/resoluciones/RESOLUCIONES%202011/1538.pdf HTTP/1.0" 200 74649
186.30.72.108 - - [31/Dec/2023:15:43:36 -0500] "GET /parque-distrital-ecologico-de-montana-cerro-seco-tiene-su-plan-de-manejo-ambiental-que-le-asegura-la-conservacion.html?fbclid=IwAR1ix1fiDEVLgkrh4wtBSywK8ZaFFxk2APjNcDI9oEt68B-MzC81yrqs4rg HTTP/1.1" 200 839
156.59.198.136 - - [31/Dec/2023:15:43:57 -0500] "GET /BLA/resoluciones/RESOLUCIONES%202011/0490.pdf HTTP/1.0" 200 94999
156.59.198.136 - - [31/Dec/2023:15:44:22 -0500] "GET /BLA/resoluciones/RESOLUCIONES%202011/0878.pdf HTTP/1.0" 200 282079
201.245.192.253 - - [31/Dec/2023:15:44:38 -0500] "POST /kwsrmcab/Wsrmcab  HTTP/1.1" 200 36178
156.59.198.136 - - [31/Dec/2023:15:44:45 -0500] "GET /BLA/resoluciones/RESOLUCIONES%202011/1820.pdf HTTP/1.0" 200 518620
66.220.149.113 - - [31/Dec/2023:15:45:06 -0500] "GET /images/Aves%20SDA.jpeg HTTP/1.1" 200 75104
173.252.95.16 - - [31/Dec/2023:15:45:09 -0500] "GET /images/agua%20bogota.jpg HTTP/1.1" 200 74348
156.59.198.136 - - [31/Dec/2023:15:45:09 -0500] "GET /BLA/resoluciones/RESOLUCIONES%202011/1748.pdf HTTP/1.0" 200 515540
173.252.79.119 - - [31/Dec/2023:15:45:15 -0500] "GET /images/participacion%2019-12-23.jpg HTTP/1.1" 200 73861
156.59.198.135 - - [31/Dec/2023:15:45:34 -0500] "GET /BLA/resoluciones/RESOLUCIONES%202011/1354.pdf HTTP/1.0" 200 65763
186.179.103.130 - - [31/Dec/2023:15:45:41 -0500] "POST /appsia/controlador HTTP/1.1" 200 4799
