156.59.198.136 - - [31/Dec/2023:18:03:55 -0500] "GET /BLA/resoluciones/RESOLUCIONES%202011/0423.pdf HTTP/1.0" 200 1045703
201.245.192.253 - - [31/Dec/2023:18:04:00 -0500] "POST /kwsrmcab/Wsrmcab  HTTP/1.1" 200 36178
216.244.66.195 - - [31/Dec/2023:18:04:10 -0500] "GET /BLA/resoluciones/AUTOS%202007/0507.pdf HTTP/1.1" 200 23256
156.59.198.136 - - [31/Dec/2023:18:04:19 -0500] "GET /BLA/resoluciones/AUTOS%202022/3249.pdf HTTP/1.0" 200 1269838
216.244.66.195 - - [31/Dec/2023:18:04:38 -0500] "GET /BLA/resoluciones/AUTOS%202007/0668.pdf HTTP/1.1" 200 66247
156.59.198.135 - - [31/Dec/2023:18:04:44 -0500] "GET /BLA/resoluciones/RESOLUCIONES%202011/1597.pdf HTTP/1.0" 200 84449
216.244.66.195 - - [31/Dec/2023:18:05:05 -0500] "GET /BLA/resoluciones/AUTOS%202007/0959.pdf HTTP/1.1" 200 151538
156.59.198.136 - - [31/Dec/2023:18:05:08 -0500] "GET /BLA/resoluciones/AUTOS%202022/5742.pdf HTTP/1.0" 200 838618
156.59.198.135 - - [31/Dec/2023:18:05:33 -0500] "GET /BLA/resoluciones/RESOLUCIONES%202011/1821.pdf HTTP/1.0" 200 519906
216.244.66.195 - - [31/Dec/2023:18:05:33 -0500] "GET /BLA/resoluciones/AUTOS%202007/1059.pdf HTTP/1.1" 200 89443
172.22.2.4 - - [31/Dec/2023:18:04:09 -0500] "HEAD /BLA/boletinlegal/ HTTP/1.1" 200 -
216.245.221.92 - - [31/Dec/2023:18:05:57 -0500] "HEAD / HTTP/1.1" 200 -
156.59.198.135 - - [31/Dec/2023:18:05:58 -0500] "GET /BLA/resoluciones/AUTOS%202022/4435.pdf HTTP/1.0" 200 1979512
216.244.66.195 - - [31/Dec/2023:18:06:01 -0500] "GET /BLA/resoluciones/AUTOS%202007/1075.pdf HTTP/1.1" 200 23035
156.59.198.135 - - [31/Dec/2023:18:06:22 -0500] "GET /BLA/resoluciones/AUTOS%202022/7299.pdf HTTP/1.0" 200 476472
216.244.66.195 - - [31/Dec/2023:18:06:25 -0500] "GET /BLA/resoluciones/AUTOS%202007/1330.pdf HTTP/1.1" 200 32293
172.22.2.4 - - [31/Dec/2023:18:05:00 -0500] "GET /BLA/boletinlegal/ HTTP/1.1" 200 58172
156.59.198.136 - - [31/Dec/2023:18:06:46 -0500] "GET /BLA/resoluciones/AUTOS%202022/8488.pdf HTTP/1.0" 200 429947
216.244.66.195 - - [31/Dec/2023:18:06:48 -0500] "GET /BLA/resoluciones/AUTOS%202007/1449.pdf HTTP/1.1" 200 24710
172.22.2.4 - - [31/Dec/2023:18:06:57 -0500] "GET /BLA/boletinlegal/Circulares/2011/Circular%20No.%202%20del%2031%20de%20Mayo%20de%202011.pdf HTTP/1.1" 200 496778
216.244.66.195 - - [31/Dec/2023:18:07:10 -0500] "GET /BLA/resoluciones/AUTOS%202007/1754.pdf HTTP/1.1" 200 26447
156.59.198.136 - - [31/Dec/2023:18:07:10 -0500] "GET /BLA/resoluciones/RESOLUCIONES%202011/1509.pdf HTTP/1.0" 200 69183
212.235.15.140 - - [31/Dec/2023:18:07:25 -0500] "GET /robots.txt HTTP/1.1" 404 1035
212.235.15.140 - - [31/Dec/2023:18:07:26 -0500] "GET / HTTP/1.1" 200 319
212.235.15.136 - - [31/Dec/2023:18:07:31 -0500] "GET /robots.txt HTTP/1.1" 404 1034
212.235.15.136 - - [31/Dec/2023:18:07:31 -0500] "GET / HTTP/1.1" 200 4720
216.244.66.195 - - [31/Dec/2023:18:07:34 -0500] "GET /BLA/resoluciones/AUTOS%202007/1860.pdf HTTP/1.1" 200 63600
156.59.198.135 - - [31/Dec/2023:18:07:35 -0500] "GET /BLA/resoluciones/AUTOS%202022/4917.pdf HTTP/1.0" 200 497973
216.244.66.195 - - [31/Dec/2023:18:07:54 -0500] "GET /BLA/resoluciones/AUTOS%202009/0710.pdf HTTP/1.1" 200 96587
156.59.198.136 - - [31/Dec/2023:18:08:00 -0500] "GET /BLA/resoluciones/RESOLUCIONES%202011/1500.pdf HTTP/1.0" 200 83923
216.244.66.195 - - [31/Dec/2023:18:08:14 -0500] "GET /BLA/resoluciones/AUTOS%202009/0860.pdf HTTP/1.1" 200 68943
190.27.84.53 - - [31/Dec/2023:18:08:18 -0500] "OPTIONS /kwssiamovil/sm/setfile/f? HTTP/1.1" 200 13
190.27.84.53 - - [31/Dec/2023:18:08:18 -0500] "POST /kwssiamovil/sm/setfile/f? HTTP/1.1" 200 381
190.27.84.53 - - [31/Dec/2023:18:08:27 -0500] "GET /kwssiamovil/sm/acme/a?s=U2FsdGVkX19v79c4sMP/OAolGGcEBhQIcROE3h38ur7V5nsCFsub7pix2owZowCclxOPJIVZGY9yL/4aNcBZrTK3vEe3Gul0bfqUtPrML6D+v/yhMalO1Sko00//6H6JYCtcym/hwiLORHBWjXI89PrO1XGXU4JHwTIHwcZJK3IXO6rshxJMCV4TYoo5uMVJ2VTTR8N7cPKsNWPAxFnouW85Uc4K/ppsOOkgp2CRusItmUJGL9wwVMZvtbQXje/6+n1rlNBLP7xXzZGTAhsL0Q==&u=U2FsdGVkX18e33RQw65lVbxp0oT/mFrT871RccUjhaY=&y=U2FsdGVkX1/jT4kJb9PP60DMrMaKSX95k1cEajcnues= HTTP/1.1" 200 26
190.27.84.53 - - [31/Dec/2023:18:08:27 -0500] "GET /kwssiamovil/sm/acme/a?s=U2FsdGVkX18gkNWtt9Hhvnle4EGFMmbt//W+Bvf2Br23LDTErvDnZ+eDsVmfwejbejATfj+diDpIEfa2Pkc9I3ChR4jdo/u2TQsOx2TUSg2r1Nei4D904WMipSj5GY+Otm5xW71G3Lbm6vOIE0NP0947F/X7Nktablce59DpkxPwzv1ebfRaJMWEwFv2kIua5gjpD2GbPjCb2l0rJPOrum/8KD4GF3TNsYTz6vS6AJlQf8Qxcg2B0M68DJkLEp2VA3/GM6fPv7kLXl61m+5J4+TQk/Nqv6cZQI+H+J27kVfzoIkcIDPriEJc9YCCp2CEfqzNfEc9V4obHfg1hY9lmtsqLWrelBVXdUxTe084pY/3cWuPyQI8B+drUOL3aB+csKpdrHsL2q87Pv3uXYnO3Sew80Db0yh9tCHp6eMWFCt3VPLZ05xR2T4yAZGwKhGmMn9EdzfEjLBwHKA1p+9Sw7319Cdwe2OMz6sqdIrhP7unZXAeVS8cOJrJdqSnF9bRma5/uiM7HHMUcpFxlORpY8LS9EL3P13CSOu4stmVzQqRS+4de6QetVZ1gKB9gIo1jEQq8GSGCC2VfzK/ykUnSkOA5SfTf6ISKtfJoaGkgI0uJP+ORHrtvpiVxhAJSqgdIKC0pvuy7u6KigQyt4OmHpBTiVe6mt0nU4bSv0nQerKMigxuDl2LGrZ3oefXkwY/8GygcKuRq/1PkgyH8RlZBi9hS8MDZOOa3b0ZNb0do8Z0Z3+0GKFYakIX4NguIvhoRRashm23UYcdBXNVRomZE3Imz4Tp/72fIkZnD3jO9LSmFbpJ1XnKQj/kmxO3+b0wHBqxHzN52XP2MnoLuh93x3heTy3hcOyU3qpP/AGNaBhFOSQkn5ahPSYS4IzXASj20lzOt8ErmV23wIBpZFN7nWWBDAcQFrtOTYTBulKyPt1eqUSRGjVu3elKYtUOUZEEPOJhBQcVfyx+2B8rwOE7ffJ1vBI8he1Sc/WETUGjbcztc+dm+sCrjAVd3SsiKItCEXh8s2w3Lp9wO955ixK8uGjMIHaeQJkxM8CVG9qPmT8UoGzlAtN47ZC0qL6tFsofNEl4SnzDDpASIa7zV8qKM7Mf2wlVU7K0Bzgc1LKxxVdlxWWqZjIGAkaxeZHrcTNpdD/8XSsxa7aVvfAOx80+W75594fotvNr9/0uzT6msCsFW+DcV2ZGh+kg7FKTXbqe/lYgk6XD+76gNViQfufFLRJ1MaR3UDTY2Sz87fPAeLy8zPiB12GI6zSRRkvBd/YOXCeQXlEXP/zPyn6n017KtrlagSStlNpfDZzYHkTf1XVkC96femL9pysg4RqV8t0d/iKir9f9ybwY3iZu563neRiPPHeZ/QZsDtk2uXjxtrwlR+uYrE19KhK93DwoRRBdsHbol6pCwB6ho9KhABe9VaIXLUFEeeOpW66jHCNwuq0DdJzGjqgKEhqmM000LqF4qXAH8mX8ms5wOao76QT0aexelhKAALYhgXamjMK4PCWDYrq2LFXYx+lnssGRvbwKJ7YyjnIyNcJvoCI0ZuTwiTrlwcoLVccZ3yJoGEeR5CnC/k3vyLpXyoNUsY8BY8pokAcvA31xd9CvKmDYtX9aOe2WRBNMoEIbjCpPCIak7PExX8BrZYKz0d0VKx0pQ0XRH6/wJmXGnklcneZiuM/E5A==&u=U2FsdGVkX18e33RQw65lVbxp0oT/mFrT871RccUjhaY=&y=U2FsdGVkX1/jT4kJb9PP60DMrMaKSX95k1cEajcnues= HTTP/1.1" 200 26
190.27.84.53 - - [31/Dec/2023:18:08:27 -0500] "GET /kwssiamovil/sm/acme/a?s=U2FsdGVkX18N4IYemq2WfN86TO0mfXGKbKGmjJYDLFwxz5LrUmSCbSzF9WN5zSx/NVx8SHfS4oUfVF3xRe4CqLWGJJ88z9ONRPvEl4pc+jLLam3iYrVbliTyBiYaPI11Rf/e9RnpDpXcUXpkXUY+WtbOVoboy8Pt3W0pEzMoWnk=&u=U2FsdGVkX18e33RQw65lVbxp0oT/mFrT871RccUjhaY=&y=U2FsdGVkX1/jT4kJb9PP60DMrMaKSX95k1cEajcnues= HTTP/1.1" 200 26
190.27.84.53 - - [31/Dec/2023:18:08:27 -0500] "GET /kwssiamovil/sm/acme/a?s=U2FsdGVkX19qo9iwCyaMytLvdVe6UGe5ZvbeyDqkBk86hx2QaKHx9mZAsAcHQ5el5UdBCKCG3wglLaqN1bZMphrBkvVF27Lgk1qJ6C+uHhmXfwFfADPohtSfEOGnssw6EjYdFp+UqxSxUtMaIxSv3UrDYpIxLdrIpJ84vW6w5PU=&u=U2FsdGVkX18e33RQw65lVbxp0oT/mFrT871RccUjhaY=&y=U2FsdGVkX1/jT4kJb9PP60DMrMaKSX95k1cEajcnues= HTTP/1.1" 200 26
190.27.84.53 - - [31/Dec/2023:18:08:28 -0500] "GET /kwssiamovil/sm/acme/a?s=U2FsdGVkX1+7VTzyywhs8R1rOAWio8GNTFiSQuBM5VcnPI5aCgiBie4e6o1XVWqJ1mrCpiohRoFUmjEjk9Qu1B8mIwJoLhlXtjBzeRCwqMjn81ONh7a79jUjnpSK8kG7iYMBFe8jKhh4+6dIz1BFOGfjdlFY3KkAfahqNK+B/VA=&u=U2FsdGVkX18e33RQw65lVbxp0oT/mFrT871RccUjhaY=&y=U2FsdGVkX1/jT4kJb9PP60DMrMaKSX95k1cEajcnues= HTTP/1.1" 200 26
190.27.84.53 - - [31/Dec/2023:18:08:28 -0500] "GET /kwssiamovil/sm/acme/a?s=U2FsdGVkX1+Bes/SzwUWtfUAD7zU1RcXJn5VGdHHZbWy2JWE8YIRKTw/O55828HwPD6EATri2H2qMzSsIkONzmmSkOtBwANhWsK5JMsiMwD3Me+Uu1tciQtftvYwNDPDhGD/3q8ArudEA6YzU4a3aw+OVQfr4HueIB1BJkuCZPSZQSSTgK9V/6SHkp64BFcC&u=U2FsdGVkX18e33RQw65lVbxp0oT/mFrT871RccUjhaY=&y=U2FsdGVkX1/jT4kJb9PP60DMrMaKSX95k1cEajcnues= HTTP/1.1" 200 26
190.27.84.53 - - [31/Dec/2023:18:08:28 -0500] "GET /kwssiamovil/sm/acme/a?s=U2FsdGVkX1/tRDls8BPX4vlEWUu5R1vRgpoXmODOsL7xxk2jVxfsA+O7iyZ7HnA1fugdM3bnPSKb+A5jVsO85lrtaWrh2s1eb1Vzpzw2mlDMqSkuQnHCTsak/yMkfo+/cfYiow+rnXSUm9p410lDqlNVezlC1B0Blkb3bLZBERKgNEG9ZHKHuziCNh0luYplaTxlgl6Ztc9iqvLlPviUMXSFwRCqENrbtblD520lKYg=&u=U2FsdGVkX18e33RQw65lVbxp0oT/mFrT871RccUjhaY=&y=U2FsdGVkX1/jT4kJb9PP60DMrMaKSX95k1cEajcnues= HTTP/1.1" 200 26
190.27.84.53 - - [31/Dec/2023:18:08:28 -0500] "GET /kwssiamovil/sm/acme/a?s=U2FsdGVkX1/oaRaVfqdX0HfYaM6YDsldWR5Kw58UHD9AQButgwFrDEpU4YBdCrrgSci32By5FtrosIEoxe84Lcy6Sc8mcOLKp6jZP6Mxalz0/e9C28g223eCDeRcl2Z8O4FAAPlSyVRz4Lahqa8S1pGDhZv94m3kzGZH/h2qmBDNPGbMv46rbjqrP8iPPJ/YTHn6hxWqBqTinvSNJ7FQcQ==&u=U2FsdGVkX18e33RQw65lVbxp0oT/mFrT871RccUjhaY=&y=U2FsdGVkX1/jT4kJb9PP60DMrMaKSX95k1cEajcnues= HTTP/1.1" 200 26
156.59.198.136 - - [31/Dec/2023:18:08:32 -0500] "GET /BLA/resoluciones/AUTOS%202022/0167.pdf HTTP/1.0" 200 512955
156.59.198.136 - - [31/Dec/2023:18:08:48 -0500] "GET /BLA/resoluciones/AUTOS%202022/5432.pdf HTTP/1.0" 200 450594
201.245.192.253 - - [31/Dec/2023:18:08:59 -0500] "POST /kwsrmcab/Wsrmcab  HTTP/1.1" 200 36178
156.59.198.136 - - [31/Dec/2023:18:09:13 -0500] "GET /BLA/resoluciones/RESOLUCIONES%202011/1246.pdf HTTP/1.0" 200 277777
156.59.198.136 - - [31/Dec/2023:18:09:19 -0500] "GET /BLA/resoluciones/RESOLUCIONES%202011/1500.pdf HTTP/1.0" 206 75973
172.22.2.4 - - [31/Dec/2023:18:09:27 -0500] "GET /BLA/boletinlegal/conceptos/2020/46.pdf HTTP/1.1" 304 -
156.59.198.136 - - [31/Dec/2023:18:09:37 -0500] "GET /BLA/resoluciones/AUTOS%202022/2399.pdf HTTP/1.0" 200 731515
156.59.198.136 - - [31/Dec/2023:18:10:01 -0500] "GET /BLA/resoluciones/AUTOS%202022/5040.pdf HTTP/1.0" 200 689932
156.59.198.136 - - [31/Dec/2023:18:10:26 -0500] "GET /BLA/resoluciones/AUTOS%202022/0121.pdf HTTP/1.0" 200 667097
156.59.198.136 - - [31/Dec/2023:18:10:50 -0500] "GET /BLA/resoluciones/RESOLUCIONES%202011/1074.pdf HTTP/1.0" 200 378491
216.245.221.92 - - [31/Dec/2023:18:10:57 -0500] "HEAD / HTTP/1.1" 200 -
40.77.167.50 - - [31/Dec/2023:18:11:10 -0500] "GET /BLA/resoluciones/AUTOS%202023/07027.pdf HTTP/1.1" 200 390275
156.59.198.136 - - [31/Dec/2023:18:11:13 -0500] "GET /BLA/resoluciones/RESOLUCIONES%202011/0818.pdf HTTP/1.0" 200 643574
156.59.198.135 - - [31/Dec/2023:18:11:38 -0500] "GET /BLA/resoluciones/RESOLUCIONES%202011/1817.pdf HTTP/1.0" 200 520598
172.22.2.4 - - [31/Dec/2023:18:09:59 -0500] "HEAD /BLA/boletinlegal/ HTTP/1.1" 200 -
156.59.198.135 - - [31/Dec/2023:18:12:02 -0500] "GET /BLA/resoluciones/AUTOS%202022/8589.pdf HTTP/1.0" 200 453914
156.59.198.136 - - [31/Dec/2023:18:12:26 -0500] "GET /BLA/resoluciones/RESOLUCIONES%202011/0799.pdf HTTP/1.0" 200 795328
172.22.2.4 - - [31/Dec/2023:18:10:50 -0500] "GET /BLA/boletinlegal/ HTTP/1.1" 200 60502
156.59.198.135 - - [31/Dec/2023:18:12:51 -0500] "GET /BLA/resoluciones/RESOLUCIONES%202011/1648.pdf HTTP/1.0" 200 65447
156.59.198.136 - - [31/Dec/2023:18:13:15 -0500] "GET /BLA/resoluciones/AUTOS%202022/1428.pdf HTTP/1.0" 200 658450
156.59.198.136 - - [31/Dec/2023:18:13:40 -0500] "GET /BLA/resoluciones/RESOLUCIONES%202011/0389.pdf HTTP/1.0" 200 86129
40.77.167.52 - - [31/Dec/2023:18:13:53 -0500] "GET /BLA/resoluciones/AUTOS%202023/05415.pdf HTTP/1.1" 200 437928
201.245.192.253 - - [31/Dec/2023:18:13:58 -0500] "POST /kwsrmcab/Wsrmcab  HTTP/1.1" 200 36178
156.59.198.135 - - [31/Dec/2023:18:14:04 -0500] "GET /BLA/resoluciones/AUTOS%202022/3333.pdf HTTP/1.0" 200 515655
156.59.198.135 - - [31/Dec/2023:18:14:28 -0500] "GET /BLA/resoluciones/RESOLUCIONES%202011/0318.pdf HTTP/1.0" 200 337581
156.59.198.135 - - [31/Dec/2023:18:14:54 -0500] "GET /BLA/resoluciones/AUTOS%202022/6263.pdf HTTP/1.0" 200 922411
156.59.198.135 - - [31/Dec/2023:18:15:19 -0500] "GET /BLA/resoluciones/AUTOS%202022/7526.pdf HTTP/1.0" 200 739343
201.245.192.253 - - [31/Dec/2023:18:15:41 -0500] "POST /kwsrmcab/Wsrmcab HTTP/1.1" 200 37056
156.59.198.135 - - [31/Dec/2023:18:15:43 -0500] "GET /BLA/resoluciones/RESOLUCIONES%202011/0355.pdf HTTP/1.0" 200 76603
201.245.192.253 - - [31/Dec/2023:18:15:44 -0500] "POST /kwsrmcab/Wsrmcab HTTP/1.1" 200 36887
216.245.221.92 - - [31/Dec/2023:18:15:57 -0500] "HEAD / HTTP/1.1" 200 -
156.59.198.135 - - [31/Dec/2023:18:16:07 -0500] "GET /BLA/resoluciones/RESOLUCIONES%202011/1136.pdf HTTP/1.0" 200 297034
156.59.198.136 - - [31/Dec/2023:18:16:33 -0500] "GET /BLA/resoluciones/RESOLUCIONES%202011/0563.pdf HTTP/1.0" 200 71451
156.59.198.136 - - [31/Dec/2023:18:16:57 -0500] "GET /BLA/resoluciones/RESOLUCIONES%202011/1757.pdf HTTP/1.0" 200 520128
156.59.198.136 - - [31/Dec/2023:18:17:20 -0500] "GET /BLA/resoluciones/AUTOS%202022/2736.pdf HTTP/1.0" 200 4569249
52.167.144.210 - - [31/Dec/2023:18:17:23 -0500] "GET /BLA/resoluciones/AUTOS%202023/5854.pdf HTTP/1.1" 200 395809
172.22.2.4 - - [31/Dec/2023:18:15:49 -0500] "HEAD /BLA/boletinlegal/ HTTP/1.1" 200 -
156.59.198.135 - - [31/Dec/2023:18:17:44 -0500] "GET /BLA/resoluciones/AUTOS%202022/4696.pdf HTTP/1.0" 200 1042092
156.59.198.135 - - [31/Dec/2023:18:18:09 -0500] "GET /BLA/resoluciones/RESOLUCIONES%202011/0311.pdf HTTP/1.0" 200 69989
172.22.2.4 - - [31/Dec/2023:18:16:40 -0500] "GET /BLA/boletinlegal/ HTTP/1.1" 200 60502
156.59.198.136 - - [31/Dec/2023:18:18:34 -0500] "GET /BLA/resoluciones/RESOLUCIONES%202011/0034.pdf HTTP/1.0" 200 280415
201.245.192.253 - - [31/Dec/2023:18:18:56 -0500] "POST /kwsrmcab/Wsrmcab  HTTP/1.1" 200 36178
156.59.198.135 - - [31/Dec/2023:18:18:58 -0500] "GET /BLA/resoluciones/AUTOS%202022/7424.pdf HTTP/1.0" 200 1131569
156.59.198.136 - - [31/Dec/2023:18:19:23 -0500] "GET /BLA/resoluciones/AUTOS%202022/1500.pdf HTTP/1.0" 200 582630
52.167.144.210 - - [31/Dec/2023:18:19:23 -0500] "GET /BLA/resoluciones/RESOLUCIONES%202023/0652.pdf HTTP/1.1" 200 487078
156.59.198.136 - - [31/Dec/2023:18:19:48 -0500] "GET /BLA/resoluciones/AUTOS%202022/3339.pdf HTTP/1.0" 200 517167
201.245.192.253 - - [31/Dec/2023:18:19:47 -0500] "POST /kwsrmcab/Wsrmcab HTTP/1.1" 200 37056
201.245.192.253 - - [31/Dec/2023:18:19:52 -0500] "POST /kwsrmcab/Wsrmcab HTTP/1.1" 200 36887
156.59.198.136 - - [31/Dec/2023:18:20:12 -0500] "GET /BLA/resoluciones/RESOLUCIONES%202011/0296.pdf HTTP/1.0" 200 550790
156.59.198.135 - - [31/Dec/2023:18:20:37 -0500] "GET /BLA/resoluciones/AUTOS%202022/7280.pdf HTTP/1.0" 200 441310
216.245.221.92 - - [31/Dec/2023:18:20:57 -0500] "HEAD / HTTP/1.1" 200 -
156.59.198.135 - - [31/Dec/2023:18:21:01 -0500] "GET /BLA/resoluciones/RESOLUCIONES%202011/0808.pdf HTTP/1.0" 200 429184
156.59.198.136 - - [31/Dec/2023:18:21:25 -0500] "GET /BLA/resoluciones/RESOLUCIONES%202011/1836.pdf HTTP/1.0" 200 507046
156.59.198.136 - - [31/Dec/2023:18:21:50 -0500] "GET /BLA/resoluciones/RESOLUCIONES%202011/0256.pdf HTTP/1.0" 200 306093
156.59.198.136 - - [31/Dec/2023:18:22:14 -0500] "GET /BLA/resoluciones/AUTOS%202022/3433.pdf HTTP/1.0" 200 419438
156.59.198.136 - - [31/Dec/2023:18:22:38 -0500] "GET /BLA/resoluciones/AUTOS%202022/6051.pdf HTTP/1.0" 200 466423
156.59.198.135 - - [31/Dec/2023:18:23:02 -0500] "GET /BLA/resoluciones/AUTOS%202022/2100.pdf HTTP/1.0" 200 1595319
172.22.2.4 - - [31/Dec/2023:18:21:39 -0500] "HEAD /BLA/boletinlegal/ HTTP/1.1" 200 -
156.59.198.135 - - [31/Dec/2023:18:23:28 -0500] "GET /BLA/resoluciones/AUTOS%202022/2737.pdf HTTP/1.0" 200 4577004
156.59.198.135 - - [31/Dec/2023:18:23:51 -0500] "GET /BLA/resoluciones/Notificaciones/RESOLUCIONES%202014/03066.doc HTTP/1.0" 200 102349
201.245.192.253 - - [31/Dec/2023:18:23:54 -0500] "POST /kwsrmcab/Wsrmcab  HTTP/1.1" 200 36178
172.22.2.4 - - [31/Dec/2023:18:22:30 -0500] "GET /BLA/boletinlegal/ HTTP/1.1" 200 60502
156.59.198.135 - - [31/Dec/2023:18:24:15 -0500] "GET /BLA/resoluciones/AUTOS%202022/7171.pdf HTTP/1.0" 200 474115
156.59.198.135 - - [31/Dec/2023:18:24:39 -0500] "GET /BLA/resoluciones/AUTOS%202022/6024.pdf HTTP/1.0" 200 439429
156.59.198.136 - - [31/Dec/2023:18:25:04 -0500] "GET /BLA/resoluciones/Notificaciones/RESOLUCIONES%202014/2887.doc HTTP/1.0" 200 166400
156.59.198.135 - - [31/Dec/2023:18:25:28 -0500] "GET /BLA/resoluciones/AUTOS%202022/1294.pdf HTTP/1.0" 200 8262463
201.245.192.253 - - [31/Dec/2023:18:25:41 -0500] "POST /kwsrmcab/Wsrmcab HTTP/1.1" 200 37056
201.245.192.253 - - [31/Dec/2023:18:25:43 -0500] "POST /kwsrmcab/Wsrmcab HTTP/1.1" 200 36887
156.59.198.136 - - [31/Dec/2023:18:25:52 -0500] "GET /BLA/resoluciones/AUTOS%202022/5772.pdf HTTP/1.0" 200 439944
216.245.221.92 - - [31/Dec/2023:18:25:57 -0500] "HEAD / HTTP/1.1" 200 -
156.59.198.135 - - [31/Dec/2023:18:26:16 -0500] "GET /BLA/resoluciones/AUTOS%202022/7974.pdf HTTP/1.0" 200 568690
156.59.198.136 - - [31/Dec/2023:18:26:40 -0500] "GET /BLA/resoluciones/RESOLUCIONES%202007/RES%202007%201801%20AL%201900/RESOLUCION%201856%20DE%202007.pdf HTTP/1.0" 200 916026
156.59.198.136 - - [31/Dec/2023:18:27:04 -0500] "GET /BLA/resoluciones/AUTOS%202022/1344.pdf HTTP/1.0" 200 915939
156.59.198.135 - - [31/Dec/2023:18:27:28 -0500] "GET /BLA/resoluciones/AUTOS%202022/7173.pdf HTTP/1.0" 200 626578
156.59.198.136 - - [31/Dec/2023:18:27:52 -0500] "GET /BLA/resoluciones/AUTOS%202022/7387.pdf HTTP/1.0" 200 435960
156.59.198.135 - - [31/Dec/2023:18:28:17 -0500] "GET /BLA/resoluciones/AUTOS%202022/7768.pdf HTTP/1.0" 200 442511
156.59.198.136 - - [31/Dec/2023:18:28:41 -0500] "GET /BLA/resoluciones/AUTOS%202022/3475.pdf HTTP/1.0" 200 1438288
201.245.192.253 - - [31/Dec/2023:18:28:54 -0500] "POST /kwsrmcab/Wsrmcab  HTTP/1.1" 200 36178
156.59.198.135 - - [31/Dec/2023:18:29:05 -0500] "GET /BLA/resoluciones/AUTOS%202022/4181.pdf HTTP/1.0" 200 460622
172.22.2.4 - - [31/Dec/2023:18:27:29 -0500] "HEAD /BLA/boletinlegal/ HTTP/1.1" 200 -
156.59.198.135 - - [31/Dec/2023:18:29:29 -0500] "GET /BLA/resoluciones/AUTOS%202022/6942.pdf HTTP/1.0" 200 594537
52.167.144.203 - - [31/Dec/2023:18:29:34 -0500] "GET /BLA/resoluciones/AUTOS%202023/5758.pdf HTTP/1.1" 200 476883
201.245.192.253 - - [31/Dec/2023:18:29:47 -0500] "POST /kwsrmcab/Wsrmcab HTTP/1.1" 200 37056
156.59.198.135 - - [31/Dec/2023:18:29:53 -0500] "GET /BLA/resoluciones/AUTOS%202022/3480.pdf HTTP/1.0" 200 1296493
201.245.192.253 - - [31/Dec/2023:18:29:52 -0500] "POST /kwsrmcab/Wsrmcab HTTP/1.1" 200 36887
172.22.2.4 - - [31/Dec/2023:18:28:20 -0500] "GET /BLA/boletinlegal/ HTTP/1.1" 200 58567
156.59.198.136 - - [31/Dec/2023:18:30:17 -0500] "GET /BLA/resoluciones/AUTOS%202022/7818.pdf HTTP/1.0" 200 428943
156.59.198.135 - - [31/Dec/2023:18:30:42 -0500] "GET /BLA/resoluciones/AUTOS%202022/4094.pdf HTTP/1.0" 200 744975
216.245.221.92 - - [31/Dec/2023:18:30:57 -0500] "HEAD / HTTP/1.1" 200 -
156.59.198.136 - - [31/Dec/2023:18:31:07 -0500] "GET /BLA/resoluciones/AUTOS%202022/3447.pdf HTTP/1.0" 200 451617
156.59.198.136 - - [31/Dec/2023:18:31:31 -0500] "GET /BLA/resoluciones/AUTOS%202022/2774.pdf HTTP/1.0" 200 443253
156.59.198.135 - - [31/Dec/2023:18:31:54 -0500] "GET /BLA/resoluciones/AUTOS%202022/6996.pdf HTTP/1.0" 200 449531
156.59.198.136 - - [31/Dec/2023:18:32:19 -0500] "GET /BLA/resoluciones/AUTOS%202022/2070.pdf HTTP/1.0" 200 426735
156.59.198.136 - - [31/Dec/2023:18:32:43 -0500] "GET /BLA/resoluciones/AUTOS%202022/7670.pdf HTTP/1.0" 200 446943
40.77.167.126 - - [31/Dec/2023:18:32:55 -0500] "GET /BLA/resoluciones/AUTOS%202023/05915.pdf HTTP/1.1" 200 931066
156.59.198.135 - - [31/Dec/2023:18:33:07 -0500] "GET /BLA/resoluciones/AUTOS%202022/1850.pdf HTTP/1.0" 200 442651
156.59.198.135 - - [31/Dec/2023:18:33:33 -0500] "GET /BLA/resoluciones/AUTOS%202022/2040.pdf HTTP/1.0" 200 1411270
201.245.192.253 - - [31/Dec/2023:18:33:52 -0500] "POST /kwsrmcab/Wsrmcab  HTTP/1.1" 200 36178
156.59.198.135 - - [31/Dec/2023:18:33:57 -0500] "GET /BLA/resoluciones/AUTOS%202022/4113.pdf HTTP/1.0" 200 737603
156.59.198.136 - - [31/Dec/2023:18:34:21 -0500] "GET /BLA/resoluciones/AUTOS%202022/4521.pdf HTTP/1.0" 200 1508755
172.22.2.4 - - [31/Dec/2023:18:32:51 -0500] "GET /BLA/boletinlegal/ HTTP/1.1" 200 47813
156.59.198.136 - - [31/Dec/2023:18:34:46 -0500] "GET /BLA/resoluciones/AUTOS%202022/1023.pdf HTTP/1.0" 200 426221
172.22.2.4 - - [31/Dec/2023:18:33:19 -0500] "HEAD /BLA/boletinlegal/ HTTP/1.1" 200 -
156.59.198.135 - - [31/Dec/2023:18:35:10 -0500] "GET /BLA/resoluciones/AUTOS%202022/5010.pdf HTTP/1.0" 200 549561
156.59.198.136 - - [31/Dec/2023:18:35:34 -0500] "GET /BLA/resoluciones/AUTOS%202022/7767.pdf HTTP/1.0" 200 622892
201.245.192.253 - - [31/Dec/2023:18:35:41 -0500] "POST /kwsrmcab/Wsrmcab HTTP/1.1" 200 37056
201.245.192.253 - - [31/Dec/2023:18:35:44 -0500] "POST /kwsrmcab/Wsrmcab HTTP/1.1" 200 36887
172.22.2.4 - - [31/Dec/2023:18:34:10 -0500] "GET /BLA/boletinlegal/ HTTP/1.1" 200 56873
216.245.221.92 - - [31/Dec/2023:18:35:57 -0500] "HEAD / HTTP/1.1" 200 -
156.59.198.136 - - [31/Dec/2023:18:35:59 -0500] "GET /BLA/resoluciones/AUTOS%202022/7563.pdf HTTP/1.0" 200 537928
156.59.198.135 - - [31/Dec/2023:18:36:22 -0500] "GET /BLA/resoluciones/AUTOS%202022/6384.pdf HTTP/1.0" 200 563798
172.22.2.4 - - [31/Dec/2023:18:36:46 -0500] "GET /BLA/boletinlegal/Circulares/2019/.pdf HTTP/1.1" 404 1218
156.59.198.136 - - [31/Dec/2023:18:36:46 -0500] "GET /BLA/resoluciones/AUTOS%202022/3611.pdf HTTP/1.0" 200 3118024
52.167.144.12 - - [31/Dec/2023:18:36:58 -0500] "GET /BLA/resoluciones/AUTOS%202023/05914.pdf HTTP/1.1" 200 899342
52.167.144.238 - - [31/Dec/2023:18:37:04 -0500] "GET /BLA/resoluciones/AUTOS%202023/05869.pdf HTTP/1.1" 200 399726
156.59.198.135 - - [31/Dec/2023:18:37:11 -0500] "GET /BLA/resoluciones/AUTOS%202022/7837.pdf HTTP/1.0" 200 460812
156.59.198.135 - - [31/Dec/2023:18:37:35 -0500] "GET /BLA/resoluciones/AUTOS%202022/2036.pdf HTTP/1.0" 200 689752
156.59.198.136 - - [31/Dec/2023:18:37:59 -0500] "GET /BLA/resoluciones/AUTOS%202022/0438.pdf HTTP/1.0" 200 1401714
156.59.198.136 - - [31/Dec/2023:18:38:24 -0500] "GET /BLA/resoluciones/AUTOS%202022/1430.pdf HTTP/1.0" 200 423515
156.59.198.136 - - [31/Dec/2023:18:38:47 -0500] "GET /BLA/resoluciones/AUTOS%202022/3705.pdf HTTP/1.0" 200 1462460
201.245.192.253 - - [31/Dec/2023:18:38:51 -0500] "POST /kwsrmcab/Wsrmcab  HTTP/1.1" 200 36178
156.59.198.136 - - [31/Dec/2023:18:39:12 -0500] "GET /BLA/resoluciones/AUTOS%202022/3135.pdf HTTP/1.0" 200 1562392
156.59.198.136 - - [31/Dec/2023:18:39:36 -0500] "GET /BLA/resoluciones/AUTOS%202022/6516.pdf HTTP/1.0" 200 607481
31.13.115.118 - - [31/Dec/2023:18:39:41 -0500] "GET /mis-de-50-aves-silvestres-fueron-recuperadas-en-la-localidad-de-tunjuelito.html HTTP/1.1" 200 806
173.252.95.8 - - [31/Dec/2023:18:39:49 -0500] "GET /mis-de-50-aves-silvestres-fueron-recuperadas-en-la-localidad-de-tunjuelito.html HTTP/1.1" 206 806
173.252.95.10 - - [31/Dec/2023:18:39:49 -0500] "GET /mis-de-50-aves-silvestres-fueron-recuperadas-en-la-localidad-de-tunjuelito.html HTTP/1.1" 200 806
173.252.95.4 - - [31/Dec/2023:18:39:49 -0500] "GET /mis-de-50-aves-silvestres-fueron-recuperadas-en-la-localidad-de-tunjuelito.html HTTP/1.1" 200 806
173.252.95.2 - - [31/Dec/2023:18:39:49 -0500] "GET /mis-de-50-aves-silvestres-fueron-recuperadas-en-la-localidad-de-tunjuelito.html HTTP/1.1" 200 806
201.245.192.253 - - [31/Dec/2023:18:39:47 -0500] "POST /kwsrmcab/Wsrmcab HTTP/1.1" 200 37056
201.245.192.253 - - [31/Dec/2023:18:39:52 -0500] "POST /kwsrmcab/Wsrmcab HTTP/1.1" 200 36887
173.252.95.5 - - [31/Dec/2023:18:39:56 -0500] "GET /mis-de-50-aves-silvestres-fueron-recuperadas-en-la-localidad-de-tunjuelito.html HTTP/1.1" 200 806
156.59.198.135 - - [31/Dec/2023:18:40:01 -0500] "GET /BLA/resoluciones/RESOLUCIONES%202007/RES%202007%201801%20AL%201900/RESOLUCION%201855%20DE%202007.pdf HTTP/1.0" 200 1120317
156.59.198.135 - - [31/Dec/2023:18:40:25 -0500] "GET /BLA/resoluciones/RESOLUCIONES%202007/RES%202007%201801%20AL%201900/RESOLUCION%201875%20DE%202007.pdf HTTP/1.0" 200 705906
172.22.2.4 - - [31/Dec/2023:18:39:09 -0500] "HEAD /BLA/boletinlegal/ HTTP/1.1" 200 -
156.59.198.135 - - [31/Dec/2023:18:40:50 -0500] "GET /BLA/resoluciones/RESOLUCIONES%202007/RES%202007%202501%20AL%202600/RESOLUCION%202519%20DE%202007.pdf HTTP/1.0" 200 253794
173.252.111.2 - - [31/Dec/2023:18:40:51 -0500] "GET /bogota-y-cundinamarca-consolidan-pagos-por-servicios-ambientales-con-nueva-firma-para-la-proteccion-del-agua.html HTTP/1.1" 200 821
216.245.221.92 - - [31/Dec/2023:18:40:57 -0500] "HEAD / HTTP/1.1" 200 -
31.13.103.9 - - [31/Dec/2023:18:40:59 -0500] "GET /bogota-y-cundinamarca-consolidan-pagos-por-servicios-ambientales-con-nueva-firma-para-la-proteccion-del-agua.html HTTP/1.1" 200 821
31.13.103.116 - - [31/Dec/2023:18:40:59 -0500] "GET /bogota-y-cundinamarca-consolidan-pagos-por-servicios-ambientales-con-nueva-firma-para-la-proteccion-del-agua.html HTTP/1.1" 200 821
31.13.103.7 - - [31/Dec/2023:18:40:59 -0500] "GET /bogota-y-cundinamarca-consolidan-pagos-por-servicios-ambientales-con-nueva-firma-para-la-proteccion-del-agua.html HTTP/1.1" 200 821
40.77.167.25 - - [31/Dec/2023:18:41:08 -0500] "GET /BLA/resoluciones/AUTOS%202023/05783.pdf HTTP/1.1" 200 420517
156.59.198.136 - - [31/Dec/2023:18:41:14 -0500] "GET /BLA/resoluciones/RESOLUCIONES%202007/RES%202007%201801%20AL%201900/RESOLUCION%201898%20DE%202007.pdf HTTP/1.0" 200 733905
156.59.198.135 - - [31/Dec/2023:18:41:39 -0500] "GET /BLA/resoluciones/RESOLUCIONES%202007/RES%202007%202501%20AL%202600/RESOLUCION%202532%20%20DE%202007.pdf HTTP/1.0" 200 73912
172.22.2.4 - - [31/Dec/2023:18:40:00 -0500] "GET /BLA/boletinlegal/ HTTP/1.1" 200 58567
156.59.198.136 - - [31/Dec/2023:18:42:03 -0500] "GET /BLA/resoluciones/RESOLUCIONES%202007/RES%202007%202501%20AL%202600/RESOLUCION%202593%20DE%202007.pdf HTTP/1.0" 200 216727
156.59.198.135 - - [31/Dec/2023:18:42:27 -0500] "GET /BLA/resoluciones/AUTOS%202022/2069.pdf HTTP/1.0" 200 444072
156.59.198.136 - - [31/Dec/2023:18:42:52 -0500] "GET /BLA/resoluciones/AUTOS%202022/1832.pdf HTTP/1.0" 200 430993
156.59.198.136 - - [31/Dec/2023:18:43:15 -0500] "GET /BLA/resoluciones/AUTOS%202022/3441.pdf HTTP/1.0" 200 502651
156.59.198.136 - - [31/Dec/2023:18:43:40 -0500] "GET /BLA/resoluciones/AUTOS%202022/5265.pdf HTTP/1.0" 200 432650
201.245.192.253 - - [31/Dec/2023:18:43:49 -0500] "POST /kwsrmcab/Wsrmcab  HTTP/1.1" 200 36178
156.59.198.136 - - [31/Dec/2023:18:44:03 -0500] "GET /BLA/resoluciones/Notificaciones/REGISTROS%202018/0502.pdf HTTP/1.0" 200 268907
157.55.39.205 - - [31/Dec/2023:18:44:20 -0500] "GET /portaldeninos/parque-ecologico-distrital-humedal-santa-maria-del-lago/ HTTP/1.1" 200 90199
156.59.198.135 - - [31/Dec/2023:18:44:28 -0500] "GET /BLA/resoluciones/AUTOS%202022/8496.pdf HTTP/1.0" 200 653391
156.59.198.135 - - [31/Dec/2023:18:44:53 -0500] "GET /BLA/resoluciones/AUTOS%202022/3380.pdf HTTP/1.0" 200 1131181
156.59.198.135 - - [31/Dec/2023:18:45:17 -0500] "GET /BLA/resoluciones/AUTOS%202022/1621.pdf HTTP/1.0" 200 586587
156.59.198.136 - - [31/Dec/2023:18:45:41 -0500] "GET /BLA/resoluciones/RESOLUCIONES%202011/0903.pdf HTTP/1.0" 200 793732
216.245.221.92 - - [31/Dec/2023:18:45:57 -0500] "HEAD / HTTP/1.1" 200 -
156.59.198.135 - - [31/Dec/2023:18:46:06 -0500] "GET /BLA/resoluciones/AUTOS%202022/7616.pdf HTTP/1.0" 200 430346
156.59.198.136 - - [31/Dec/2023:18:46:29 -0500] "GET /BLA/resoluciones/RESOLUCIONES%202011/1105.pdf HTTP/1.0" 200 351141
172.22.2.4 - - [31/Dec/2023:18:44:59 -0500] "HEAD /BLA/boletinlegal/ HTTP/1.1" 200 -
156.59.198.136 - - [31/Dec/2023:18:46:54 -0500] "GET /BLA/resoluciones/RESOLUCIONES%202011/0095.pdf HTTP/1.0" 200 648470
66.249.66.21 - - [31/Dec/2023:18:47:06 -0500] "GET /BLA/resoluciones/Notificaciones/AUTOS%202023/165.pdf HTTP/1.1" 304 -
66.249.66.20 - - [31/Dec/2023:18:47:07 -0500] "GET /Publicaciones/2023EE233230.pdf HTTP/1.1" 404 228
66.249.66.19 - - [31/Dec/2023:18:47:09 -0500] "GET /BLA/resoluciones/Notificaciones/AUTOS%202023/6073.pdf HTTP/1.1" 304 -
157.55.39.205 - - [31/Dec/2023:18:47:10 -0500] "GET /portaldeninos/parque-ecologico-distrital-humedal-santa-maria-del-lago/ HTTP/1.1" 200 90199
156.59.198.136 - - [31/Dec/2023:18:47:18 -0500] "GET /BLA/resoluciones/RESOLUCIONES%202007/RES%202007%202501%20AL%202600/RESOLUCION%202504%20DE%202007.pdf HTTP/1.0" 200 15359
172.22.2.4 - - [31/Dec/2023:18:45:50 -0500] "GET /BLA/boletinlegal/ HTTP/1.1" 200 60502
47.128.32.185 - - [31/Dec/2023:18:47:45 -0500] "GET /robots.txt HTTP/1.1" 404 1018
40.77.167.22 - - [31/Dec/2023:18:47:48 -0500] "GET /BLA/resoluciones/AUTOS%202023/5986.pdf HTTP/1.1" 200 431332
156.59.198.135 - - [31/Dec/2023:18:48:06 -0500] "GET /BLA/resoluciones/RESOLUCIONES%202011/1505.pdf HTTP/1.0" 200 74061
156.59.198.135 - - [31/Dec/2023:18:48:30 -0500] "GET /BLA/resoluciones/AUTOS%202022/1825.pdf HTTP/1.0" 200 847755
201.245.192.253 - - [31/Dec/2023:18:48:47 -0500] "POST /kwsrmcab/Wsrmcab  HTTP/1.1" 200 36178
156.59.198.136 - - [31/Dec/2023:18:48:54 -0500] "GET /BLA/resoluciones/RESOLUCIONES%202011/0700.pdf HTTP/1.0" 200 76001
156.59.198.135 - - [31/Dec/2023:18:49:19 -0500] "GET /BLA/resoluciones/RESOLUCIONES%202011/0896.pdf HTTP/1.0" 200 346533
156.59.198.135 - - [31/Dec/2023:18:49:43 -0500] "GET /BLA/resoluciones/AUTOS%202022/2753.pdf HTTP/1.0" 200 517249
191.102.207.217 - - [31/Dec/2023:18:50:04 -0500] "POST /appsia/controlador HTTP/1.1" 200 4799
191.102.207.217 - - [31/Dec/2023:18:50:04 -0500] "GET /appsia/css/estilos.css HTTP/1.1" 200 4804
191.102.207.217 - - [31/Dec/2023:18:50:04 -0500] "GET /appsia/scripts/validarIngreso.js HTTP/1.1" 200 851
191.102.207.217 - - [31/Dec/2023:18:50:04 -0500] "GET /appsia/images/cabezoteHojaVida.png HTTP/1.1" 200 32493
191.102.207.217 - - [31/Dec/2023:18:50:04 -0500] "GET /appsia/images/logo_bogota_p.png HTTP/1.1" 200 14951
191.102.207.217 - - [31/Dec/2023:18:50:04 -0500] "GET /favicon.ico HTTP/1.1" 200 7782
191.102.207.217 - - [31/Dec/2023:18:50:06 -0500] "POST /appsia/controlador HTTP/1.1" 200 5437
156.59.198.135 - - [31/Dec/2023:18:50:07 -0500] "GET /BLA/resoluciones/RESOLUCIONES%202011/1484.pdf HTTP/1.0" 200 69801
191.102.207.217 - - [31/Dec/2023:18:50:08 -0500] "POST /appsia/controlador HTTP/1.1" 200 7773
191.102.207.217 - - [31/Dec/2023:18:50:10 -0500] "POST /appsia/controlador HTTP/1.1" 200 8044
191.102.207.217 - - [31/Dec/2023:18:50:12 -0500] "POST /appsia/controlador HTTP/1.1" 200 8390
191.102.207.217 - - [31/Dec/2023:18:50:24 -0500] "POST /appsia/controlador HTTP/1.1" 200 75478
156.59.198.136 - - [31/Dec/2023:18:50:32 -0500] "GET /BLA/resoluciones/AUTOS%202022/4189.pdf HTTP/1.0" 200 464178
40.77.167.22 - - [31/Dec/2023:18:50:56 -0500] "GET /BLA/resoluciones/AUTOS%202021/4182.pdf HTTP/1.1" 200 359696
156.59.198.136 - - [31/Dec/2023:18:50:56 -0500] "GET /BLA/resoluciones/AUTOS%202022/7984.pdf HTTP/1.0" 200 443558
216.245.221.92 - - [31/Dec/2023:18:50:57 -0500] "HEAD / HTTP/1.1" 200 -
156.59.198.136 - - [31/Dec/2023:18:51:19 -0500] "GET /BLA/resoluciones/Notificaciones/RESOLUCIONES%202014/1586.doc HTTP/1.0" 200 108544
156.59.198.136 - - [31/Dec/2023:18:51:43 -0500] "GET /BLA/resoluciones/AUTOS%202022/1745.pdf HTTP/1.0" 200 2375295
156.59.198.136 - - [31/Dec/2023:18:52:07 -0500] "GET /BLA/resoluciones/RESOLUCIONES%202011/1301.pdf HTTP/1.0" 200 69707
172.22.2.4 - - [31/Dec/2023:18:50:49 -0500] "HEAD /BLA/boletinlegal/ HTTP/1.1" 200 -
156.59.198.136 - - [31/Dec/2023:18:52:32 -0500] "GET /BLA/resoluciones/RESOLUCIONES%202011/0372.pdf HTTP/1.0" 200 70977
156.59.198.135 - - [31/Dec/2023:18:52:56 -0500] "GET /BLA/resoluciones/RESOLUCIONES%202011/1342.pdf HTTP/1.0" 200 66585
172.22.2.4 - - [31/Dec/2023:18:51:40 -0500] "GET /BLA/boletinlegal/ HTTP/1.1" 200 60910
156.59.198.136 - - [31/Dec/2023:18:53:20 -0500] "GET /BLA/resoluciones/RESOLUCIONES%202007/RES%202007%201801%20AL%201900/RESOLUCION%201881%20DE%202007.pdf HTTP/1.0" 200 384746
40.77.167.241 - - [31/Dec/2023:18:53:32 -0500] "GET /BLA/resoluciones/AUTOS%202023/7221.pdf HTTP/1.1" 200 396051
156.59.198.135 - - [31/Dec/2023:18:53:45 -0500] "GET /BLA/resoluciones/RESOLUCIONES%202007/RES%202007%201801%20AL%201900/RESOLUCION%201839%20DE%202007.pdf HTTP/1.0" 200 181789
201.245.192.253 - - [31/Dec/2023:18:53:46 -0500] "POST /kwsrmcab/Wsrmcab  HTTP/1.1" 200 36178
156.59.198.136 - - [31/Dec/2023:18:54:08 -0500] "GET /BLA/resoluciones/RESOLUCIONES%202011/1080.pdf HTTP/1.0" 200 69373
156.59.198.136 - - [31/Dec/2023:18:54:32 -0500] "GET /BLA/resoluciones/RESOLUCIONES%202011/1488.pdf HTTP/1.0" 200 70807
156.59.198.135 - - [31/Dec/2023:18:54:57 -0500] "GET /BLA/resoluciones/RESOLUCIONES%202011/1197.pdf HTTP/1.0" 200 356174
156.59.198.136 - - [31/Dec/2023:18:55:21 -0500] "GET /BLA/resoluciones/RESOLUCIONES%202011/0495.pdf HTTP/1.0" 200 79377
156.59.198.135 - - [31/Dec/2023:18:55:45 -0500] "GET /BLA/resoluciones/AUTOS%202022/8562.pdf HTTP/1.0" 200 984942
216.245.221.92 - - [31/Dec/2023:18:55:57 -0500] "HEAD / HTTP/1.1" 200 -
156.59.198.135 - - [31/Dec/2023:18:56:10 -0500] "GET /BLA/resoluciones/RESOLUCIONES%202007/RES%202007%203701%20AL%203800/RESOLUCION%203781%20DE%202007.pdf HTTP/1.0" 200 28307
156.59.198.136 - - [31/Dec/2023:18:56:35 -0500] "GET /BLA/resoluciones/AUTOS%202022/3152.pdf HTTP/1.0" 200 763105
156.59.198.135 - - [31/Dec/2023:18:56:58 -0500] "GET /BLA/resoluciones/RESOLUCIONES%202011/0199.pdf HTTP/1.0" 200 67243
52.167.144.174 - - [31/Dec/2023:18:57:17 -0500] "GET /BLA/resoluciones/RESOLUCIONES%202021/1113.pdf HTTP/1.1" 200 453105
156.59.198.135 - - [31/Dec/2023:18:57:22 -0500] "GET /BLA/resoluciones/Notificaciones/RESOLUCIONES%202014/3639.doc HTTP/1.0" 200 154112
66.249.66.19 - - [31/Dec/2023:18:57:34 -0500] "GET /Residuos/pinturas/pinturas.html HTTP/1.1" 200 1959
156.59.198.135 - - [31/Dec/2023:18:57:47 -0500] "GET /BLA/resoluciones/RESOLUCIONES%202011/0173.pdf HTTP/1.0" 200 166669
156.59.198.135 - - [31/Dec/2023:18:58:11 -0500] "GET /BLA/resoluciones/AUTOS%202022/1193.pdf HTTP/1.0" 200 435305
172.22.2.4 - - [31/Dec/2023:18:56:39 -0500] "HEAD /BLA/boletinlegal/ HTTP/1.1" 200 -
52.167.144.233 - - [31/Dec/2023:18:58:28 -0500] "GET /BLA/resoluciones/AUTOS%202023/05431.pdf HTTP/1.1" 200 368579
156.59.198.136 - - [31/Dec/2023:18:58:35 -0500] "GET /BLA/resoluciones/RESOLUCIONES%202011/1241.pdf HTTP/1.0" 200 317102
201.245.192.253 - - [31/Dec/2023:18:58:44 -0500] "POST /kwsrmcab/Wsrmcab  HTTP/1.1" 200 36178
156.59.198.136 - - [31/Dec/2023:18:58:59 -0500] "GET /BLA/resoluciones/AUTOS%202022/2481.pdf HTTP/1.0" 200 489099
172.22.2.4 - - [31/Dec/2023:18:57:30 -0500] "GET /BLA/boletinlegal/ HTTP/1.1" 200 58969
156.59.198.135 - - [31/Dec/2023:18:59:23 -0500] "GET /BLA/resoluciones/AUTOS%202022/7683.pdf HTTP/1.0" 200 545004
52.167.144.234 - - [31/Dec/2023:18:59:29 -0500] "GET /BLA/resoluciones/RESOLUCIONES%202007/RES%202007%20701%20AL%20800/RESOLUCION%200735%20DE%202007.pdf HTTP/1.1" 200 221969
156.59.198.136 - - [31/Dec/2023:18:59:49 -0500] "GET /BLA/resoluciones/AUTOS%202022/8328.pdf HTTP/1.0" 200 2244080
156.59.198.135 - - [31/Dec/2023:19:00:12 -0500] "GET /BLA/resoluciones/RESOLUCIONES%202011/0901.pdf HTTP/1.0" 200 514319
156.59.198.136 - - [31/Dec/2023:19:00:38 -0500] "GET /BLA/resoluciones/RESOLUCIONES%202011/0055.pdf HTTP/1.0" 200 356113
216.245.221.92 - - [31/Dec/2023:19:00:57 -0500] "HEAD / HTTP/1.1" 200 -
156.59.198.136 - - [31/Dec/2023:19:01:02 -0500] "GET /BLA/resoluciones/AUTOS%202022/4180.pdf HTTP/1.0" 200 451920
156.59.198.135 - - [31/Dec/2023:19:01:26 -0500] "GET /BLA/resoluciones/AUTOS%202022/4812.pdf HTTP/1.0" 200 2808606
156.59.198.135 - - [31/Dec/2023:19:01:49 -0500] "GET /BLA/resoluciones/RESOLUCIONES%202011/0213.pdf HTTP/1.0" 200 302279
156.59.198.136 - - [31/Dec/2023:19:02:15 -0500] "GET /BLA/resoluciones/RESOLUCIONES%202011/0122.pdf HTTP/1.0" 200 271319
156.59.198.135 - - [31/Dec/2023:19:02:38 -0500] "GET /BLA/resoluciones/RESOLUCIONES%202011/1310.pdf HTTP/1.0" 200 64049
156.59.198.136 - - [31/Dec/2023:19:03:02 -0500] "GET /BLA/resoluciones/AUTOS%202022/0437.pdf HTTP/1.0" 200 680071
156.59.198.135 - - [31/Dec/2023:19:03:27 -0500] "GET /BLA/resoluciones/RESOLUCIONES%202011/0336.pdf HTTP/1.0" 200 80407
201.245.192.253 - - [31/Dec/2023:19:03:42 -0500] "POST /kwsrmcab/Wsrmcab  HTTP/1.1" 200 36178
156.59.198.136 - - [31/Dec/2023:19:03:51 -0500] "GET /BLA/resoluciones/RESOLUCIONES%202011/1672.pdf HTTP/1.0" 200 66987
172.22.2.4 - - [31/Dec/2023:19:02:29 -0500] "HEAD /BLA/boletinlegal/ HTTP/1.1" 200 -
156.59.198.135 - - [31/Dec/2023:19:04:14 -0500] "GET /BLA/resoluciones/RESOLUCIONES%202011/1770.pdf HTTP/1.0" 200 521558
156.59.198.136 - - [31/Dec/2023:19:04:39 -0500] "GET /BLA/resoluciones/RESOLUCIONES%202011/1441.pdf HTTP/1.0" 200 62911
172.22.2.4 - - [31/Dec/2023:19:03:20 -0500] "GET /BLA/boletinlegal/ HTTP/1.1" 200 55379
156.59.198.136 - - [31/Dec/2023:19:05:02 -0500] "GET /BLA/resoluciones/AUTOS%202022/0561.pdf HTTP/1.0" 200 438997
156.59.198.136 - - [31/Dec/2023:19:05:27 -0500] "GET /BLA/resoluciones/RESOLUCIONES%202011/1486.pdf HTTP/1.0" 200 174637
156.59.198.135 - - [31/Dec/2023:19:05:51 -0500] "GET /BLA/resoluciones/Notificaciones/REGISTROS%202018/01430.pdf HTTP/1.0" 200 266267
216.245.221.92 - - [31/Dec/2023:19:05:57 -0500] "HEAD / HTTP/1.1" 200 -
156.59.198.135 - - [31/Dec/2023:19:06:19 -0500] "GET /BLA/resoluciones/RESOLUCIONES%202011/1373.pdf HTTP/1.0" 200 74007
156.59.198.136 - - [31/Dec/2023:19:06:40 -0500] "GET /BLA/resoluciones/RESOLUCIONES%202011/1189.pdf HTTP/1.0" 200 575214
156.59.198.136 - - [31/Dec/2023:19:07:04 -0500] "GET /BLA/resoluciones/AUTOS%202022/0813.pdf HTTP/1.0" 200 3683321
156.59.198.136 - - [31/Dec/2023:19:07:28 -0500] "GET /BLA/resoluciones/RESOLUCIONES%202011/1609.pdf HTTP/1.0" 200 73697
156.59.198.136 - - [31/Dec/2023:19:07:52 -0500] "GET /BLA/resoluciones/RESOLUCIONES%202011/1391.pdf HTTP/1.0" 200 69981
156.59.198.136 - - [31/Dec/2023:19:08:16 -0500] "GET /BLA/resoluciones/RESOLUCIONES%202011/1312.pdf HTTP/1.0" 200 71379
156.59.198.135 - - [31/Dec/2023:19:08:41 -0500] "GET /BLA/resoluciones/RESOLUCIONES%202007/RES%202007%202501%20AL%202600/RESOLUCION%202513%20DE%202007.pdf HTTP/1.0" 200 643778
201.245.192.253 - - [31/Dec/2023:19:08:41 -0500] "POST /kwsrmcab/Wsrmcab  HTTP/1.1" 200 36178
156.59.198.136 - - [31/Dec/2023:19:09:05 -0500] "GET /BLA/resoluciones/RESOLUCIONES%202011/1365.pdf HTTP/1.0" 200 67769
156.59.198.136 - - [31/Dec/2023:19:09:30 -0500] "GET /BLA/resoluciones/RESOLUCIONES%202011/0621.pdf HTTP/1.0" 200 74979
156.59.198.135 - - [31/Dec/2023:19:09:54 -0500] "GET /BLA/resoluciones/AUTOS%202022/1186.pdf HTTP/1.0" 200 448282
216.244.66.195 - - [31/Dec/2023:19:09:59 -0500] "GET /robots.txt HTTP/1.1" 404 1018
172.22.2.4 - - [31/Dec/2023:19:08:19 -0500] "HEAD /BLA/boletinlegal/ HTTP/1.1" 200 -
156.59.198.135 - - [31/Dec/2023:19:10:19 -0500] "GET /BLA/resoluciones/AUTOS%202022/5769.pdf HTTP/1.0" 200 425968
156.59.198.136 - - [31/Dec/2023:19:10:42 -0500] "GET /BLA/resoluciones/AUTOS%202022/2885.pdf HTTP/1.0" 200 955482
172.22.2.4 - - [31/Dec/2023:19:09:10 -0500] "GET /BLA/boletinlegal/ HTTP/1.1" 200 58172
216.245.221.92 - - [31/Dec/2023:19:10:57 -0500] "HEAD / HTTP/1.1" 200 -
156.59.198.136 - - [31/Dec/2023:19:11:06 -0500] "GET /BLA/resoluciones/RESOLUCIONES%202007/RES%202007%202501%20AL%202600/RESOLUCION%202553%20DE%202007.pdf HTTP/1.0" 200 1204847
156.59.198.136 - - [31/Dec/2023:19:11:31 -0500] "GET /BLA/resoluciones/AUTOS%202022/6927.pdf HTTP/1.0" 200 479417
156.59.198.136 - - [31/Dec/2023:19:11:55 -0500] "GET /BLA/resoluciones/RESOLUCIONES%202011/1071.pdf HTTP/1.0" 200 387488
156.59.198.135 - - [31/Dec/2023:19:12:19 -0500] "GET /BLA/resoluciones/RESOLUCIONES%202007/RES%202007%202501%20AL%202600/RESOLUCION%202597%20DE%202007.pdf HTTP/1.0" 200 419011
156.59.198.136 - - [31/Dec/2023:19:12:43 -0500] "GET /BLA/resoluciones/AUTOS%202022/4075.pdf HTTP/1.0" 200 436739
52.167.144.186 - - [31/Dec/2023:19:13:07 -0500] "GET /BLA/resoluciones/AUTOS%202023/5752.pdf HTTP/1.1" 200 480922
156.59.198.136 - - [31/Dec/2023:19:13:08 -0500] "GET /BLA/resoluciones/RESOLUCIONES%202007/RES%202007%203701%20AL%203800/RESOLUCION%203778%20DE%202007.pdf HTTP/1.0" 200 27851
52.167.144.187 - - [31/Dec/2023:19:13:12 -0500] "GET /BLA/resoluciones/AUTOS%202023/05909.pdf HTTP/1.1" 200 1031842
52.167.144.187 - - [31/Dec/2023:19:13:13 -0500] "GET /BLA/resoluciones/AUTOS%202023/07681.pdf HTTP/1.1" 200 306934
47.128.59.230 - - [31/Dec/2023:19:13:33 -0500] "GET /BLA/resoluciones/index.php?dir=RESOLUCIONES%202004%2FRES%202004%20351-400%2F&order=asc&sort=size HTTP/1.1" 200 12050
47.128.59.230 - - [31/Dec/2023:19:13:34 -0500] "GET /BLA/resoluciones/dlf/dirup.png HTTP/1.1" 200 644
47.128.59.230 - - [31/Dec/2023:19:13:34 -0500] "GET /BLA/resoluciones/dlf/unknown.png HTTP/1.1" 200 266
201.245.192.253 - - [31/Dec/2023:19:13:40 -0500] "POST /kwsrmcab/Wsrmcab  HTTP/1.1" 200 36178
156.59.198.136 - - [31/Dec/2023:19:13:56 -0500] "GET /BLA/resoluciones/RESOLUCIONES%202011/0856.pdf HTTP/1.0" 200 352985
156.59.198.136 - - [31/Dec/2023:19:14:20 -0500] "GET /BLA/resoluciones/RESOLUCIONES%202011/0298.pdf HTTP/1.0" 200 83299
156.59.198.135 - - [31/Dec/2023:19:14:44 -0500] "GET /BLA/resoluciones/RESOLUCIONES%202011/1155.pdf HTTP/1.0" 200 326805
156.59.198.136 - - [31/Dec/2023:19:15:09 -0500] "GET /BLA/resoluciones/AUTOS%202022/6381.pdf HTTP/1.0" 200 461526
156.59.198.136 - - [31/Dec/2023:19:15:33 -0500] "GET /BLA/resoluciones/AUTOS%202022/2030.pdf HTTP/1.0" 200 1000521
201.245.192.253 - - [31/Dec/2023:19:15:41 -0500] "POST /kwsrmcab/Wsrmcab HTTP/1.1" 200 37032
201.245.192.253 - - [31/Dec/2023:19:15:44 -0500] "POST /kwsrmcab/Wsrmcab HTTP/1.1" 200 37009
172.22.2.4 - - [31/Dec/2023:19:14:09 -0500] "HEAD /BLA/boletinlegal/ HTTP/1.1" 200 -
216.245.221.92 - - [31/Dec/2023:19:15:57 -0500] "HEAD / HTTP/1.1" 200 -
156.59.198.136 - - [31/Dec/2023:19:15:58 -0500] "GET /BLA/resoluciones/RESOLUCIONES%202011/1387.pdf HTTP/1.0" 200 75771
156.59.198.135 - - [31/Dec/2023:19:16:22 -0500] "GET /BLA/resoluciones/AUTOS%202022/0436.pdf HTTP/1.0" 200 1220605
172.22.2.4 - - [31/Dec/2023:19:15:00 -0500] "GET /BLA/boletinlegal/ HTTP/1.1" 200 58567
156.59.198.135 - - [31/Dec/2023:19:16:46 -0500] "GET /BLA/resoluciones/AUTOS%202022/1295.pdf HTTP/1.0" 200 974186
156.59.198.136 - - [31/Dec/2023:19:17:10 -0500] "GET /BLA/resoluciones/RESOLUCIONES%202011/0201.pdf HTTP/1.0" 200 192898
40.77.167.13 - - [31/Dec/2023:19:17:26 -0500] "GET /sipse/faces/faces/autenticacion.xhtml HTTP/1.1" 200 12737
156.59.198.135 - - [31/Dec/2023:19:17:34 -0500] "GET /BLA/resoluciones/AUTOS%202022/4074.pdf HTTP/1.0" 200 1539364
156.59.198.135 - - [31/Dec/2023:19:17:58 -0500] "GET /BLA/resoluciones/RESOLUCIONES%202011/0974.pdf HTTP/1.0" 200 70939
156.59.198.136 - - [31/Dec/2023:19:18:23 -0500] "GET /BLA/resoluciones/AUTOS%202022/5364.pdf HTTP/1.0" 200 423809
192.241.237.51 - - [31/Dec/2023:19:18:31 -0500] "GET / HTTP/1.1" 200 319
201.245.192.253 - - [31/Dec/2023:19:18:40 -0500] "POST /kwsrmcab/Wsrmcab  HTTP/1.1" 200 36178
156.59.198.135 - - [31/Dec/2023:19:18:48 -0500] "GET /BLA/resoluciones/AUTOS%202022/2859.pdf HTTP/1.0" 200 3638055
156.59.198.136 - - [31/Dec/2023:19:19:12 -0500] "GET /BLA/resoluciones/Notificaciones/REGISTROS%202018/01369.pdf HTTP/1.0" 200 266491
156.59.198.136 - - [31/Dec/2023:19:19:36 -0500] "GET /BLA/resoluciones/AUTOS%202022/7672.pdf HTTP/1.0" 200 422710
201.245.192.253 - - [31/Dec/2023:19:19:47 -0500] "POST /kwsrmcab/Wsrmcab HTTP/1.1" 200 37032
201.245.192.253 - - [31/Dec/2023:19:19:52 -0500] "POST /kwsrmcab/Wsrmcab HTTP/1.1" 200 37009
156.59.198.135 - - [31/Dec/2023:19:20:01 -0500] "GET /BLA/resoluciones/AUTOS%202022/2400.pdf HTTP/1.0" 200 531144
156.59.198.135 - - [31/Dec/2023:19:20:26 -0500] "GET /BLA/resoluciones/AUTOS%202022/2799.pdf HTTP/1.0" 200 772631
156.59.198.136 - - [31/Dec/2023:19:20:50 -0500] "GET /BLA/resoluciones/Notificaciones/REGISTROS%202018/0470.pdf HTTP/1.0" 200 268447
216.245.221.92 - - [31/Dec/2023:19:20:57 -0500] "HEAD / HTTP/1.1" 200 -
156.59.198.135 - - [31/Dec/2023:19:21:14 -0500] "GET /BLA/resoluciones/AUTOS%202022/5752.pdf HTTP/1.0" 200 805977
156.59.198.136 - - [31/Dec/2023:19:21:39 -0500] "GET /BLA/resoluciones/AUTOS%202022/0993.pdf HTTP/1.0" 200 437619
172.22.2.4 - - [31/Dec/2023:19:19:59 -0500] "HEAD /BLA/boletinlegal/ HTTP/1.1" 200 -
156.59.198.135 - - [31/Dec/2023:19:22:02 -0500] "GET /BLA/resoluciones/RESOLUCIONES%202011/0623.pdf HTTP/1.0" 200 75702
156.59.198.135 - - [31/Dec/2023:19:22:28 -0500] "GET /BLA/resoluciones/AUTOS%202022/7763.pdf HTTP/1.0" 200 904545
172.22.2.4 - - [31/Dec/2023:19:20:50 -0500] "GET /BLA/boletinlegal/ HTTP/1.1" 200 58567
40.77.167.132 - - [31/Dec/2023:19:22:38 -0500] "GET /BLA/resoluciones/Notificaciones/REGISTROS%202020/0810.pdf HTTP/1.1" 200 269880
52.167.144.211 - - [31/Dec/2023:19:22:43 -0500] "GET /BLA/resoluciones/RESOLUCIONES%202021/3235.pdf HTTP/1.1" 200 593894
156.59.198.136 - - [31/Dec/2023:19:22:53 -0500] "GET /BLA/resoluciones/AUTOS%202022/7297.pdf HTTP/1.0" 200 750335
156.59.198.136 - - [31/Dec/2023:19:23:17 -0500] "GET /BLA/resoluciones/AUTOS%202022/1132.pdf HTTP/1.0" 200 1134192
201.245.192.253 - - [31/Dec/2023:19:23:38 -0500] "POST /kwsrmcab/Wsrmcab  HTTP/1.1" 200 36178
156.59.198.136 - - [31/Dec/2023:19:23:42 -0500] "GET /BLA/resoluciones/AUTOS%202022/3618.pdf HTTP/1.0" 200 1053432
156.59.198.136 - - [31/Dec/2023:19:24:05 -0500] "GET /BLA/resoluciones/RESOLUCIONES%202011/0292.pdf HTTP/1.0" 200 532142
156.59.198.135 - - [31/Dec/2023:19:24:29 -0500] "GET /BLA/resoluciones/RESOLUCIONES%202011/0015.pdf HTTP/1.0" 200 293115
156.59.198.136 - - [31/Dec/2023:19:24:54 -0500] "GET /BLA/resoluciones/Notificaciones/RESOLUCIONES%202014/2018.doc HTTP/1.0" 200 138984
156.59.198.136 - - [31/Dec/2023:19:25:17 -0500] "GET /BLA/resoluciones/Notificaciones/RESOLUCIONES%202014/0608.doc HTTP/1.0" 200 240640
156.59.198.136 - - [31/Dec/2023:19:25:42 -0500] "GET /BLA/resoluciones/RESOLUCIONES%202011/0784.pdf HTTP/1.0" 200 76367
201.245.192.253 - - [31/Dec/2023:19:25:41 -0500] "POST /kwsrmcab/Wsrmcab HTTP/1.1" 200 37032
201.245.192.253 - - [31/Dec/2023:19:25:43 -0500] "POST /kwsrmcab/Wsrmcab HTTP/1.1" 200 37009
52.167.144.211 - - [31/Dec/2023:19:25:48 -0500] "GET /BLA/resoluciones/AUTOS%202023/07659.pdf HTTP/1.1" 200 407191
216.245.221.92 - - [31/Dec/2023:19:25:57 -0500] "HEAD / HTTP/1.1" 200 -
156.59.198.135 - - [31/Dec/2023:19:26:06 -0500] "GET /BLA/resoluciones/AUTOS%202022/7374.pdf HTTP/1.0" 200 425134
47.128.121.87 - - [31/Dec/2023:19:26:31 -0500] "GET /BLA/resoluciones/index.php?dir=RESOLUCIONES%202003%2FRES%202003%20951-1000%2F&order=asc&sort=size HTTP/1.1" 200 11179
47.128.121.87 - - [31/Dec/2023:19:26:32 -0500] "GET /BLA/resoluciones/dlf/unknown.png HTTP/1.1" 200 266
47.128.121.87 - - [31/Dec/2023:19:26:32 -0500] "GET /BLA/resoluciones/dlf/dirup.png HTTP/1.1" 200 644
156.59.198.135 - - [31/Dec/2023:19:26:54 -0500] "GET /BLA/resoluciones/RESOLUCIONES%202011/0556.pdf HTTP/1.0" 200 89085
156.59.198.135 - - [31/Dec/2023:19:27:19 -0500] "GET /BLA/resoluciones/AUTOS%202022/3410.pdf HTTP/1.0" 200 1393425
172.22.2.4 - - [31/Dec/2023:19:25:49 -0500] "HEAD /BLA/boletinlegal/ HTTP/1.1" 200 -
156.59.198.135 - - [31/Dec/2023:19:27:42 -0500] "GET /BLA/resoluciones/RESOLUCIONES%202011/0812.pdf HTTP/1.0" 200 602362
156.59.198.136 - - [31/Dec/2023:19:28:07 -0500] "GET /BLA/resoluciones/RESOLUCIONES%202011/1372.pdf HTTP/1.0" 200 65863
172.22.2.4 - - [31/Dec/2023:19:26:40 -0500] "GET /BLA/boletinlegal/ HTTP/1.1" 200 55725
40.77.167.126 - - [31/Dec/2023:19:28:22 -0500] "GET /BLA/resoluciones/AUTOS%202023/5756.pdf HTTP/1.1" 200 480057
156.59.198.135 - - [31/Dec/2023:19:28:31 -0500] "GET /BLA/resoluciones/AUTOS%202022/3278.pdf HTTP/1.0" 200 489137
201.245.192.253 - - [31/Dec/2023:19:28:37 -0500] "POST /kwsrmcab/Wsrmcab  HTTP/1.1" 200 36178
156.59.198.136 - - [31/Dec/2023:19:28:55 -0500] "GET /BLA/resoluciones/AUTOS%202022/3018.pdf HTTP/1.0" 200 654509
156.59.198.136 - - [31/Dec/2023:19:29:20 -0500] "GET /BLA/resoluciones/AUTOS%202022/7434.pdf HTTP/1.0" 200 1512913
156.59.198.136 - - [31/Dec/2023:19:29:45 -0500] "GET /BLA/resoluciones/RESOLUCIONES%202007/RES%202007%202501%20AL%202600/RESOLUCION%202568%20DE%202007.pdf HTTP/1.0" 200 881404
201.245.192.253 - - [31/Dec/2023:19:29:48 -0500] "POST /kwsrmcab/Wsrmcab HTTP/1.1" 200 37032
201.245.192.253 - - [31/Dec/2023:19:29:52 -0500] "POST /kwsrmcab/Wsrmcab HTTP/1.1" 200 37009
156.59.198.135 - - [31/Dec/2023:19:30:09 -0500] "GET /BLA/resoluciones/AUTOS%202022/8597.pdf HTTP/1.0" 200 691902
156.59.198.136 - - [31/Dec/2023:19:30:33 -0500] "GET /BLA/resoluciones/AUTOS%202022/3504.pdf HTTP/1.0" 200 2084490
216.245.221.92 - - [31/Dec/2023:19:30:57 -0500] "HEAD / HTTP/1.1" 200 -
156.59.198.136 - - [31/Dec/2023:19:30:57 -0500] "GET /BLA/resoluciones/AUTOS%202022/2842.pdf HTTP/1.0" 200 2125940
156.59.198.136 - - [31/Dec/2023:19:31:21 -0500] "GET /BLA/resoluciones/RESOLUCIONES%202007/RES%202007%202501%20AL%202600/RESOLUCION%202575%20DE%202007.pdf HTTP/1.0" 200 935349
156.59.198.135 - - [31/Dec/2023:19:31:45 -0500] "GET /BLA/resoluciones/AUTOS%202022/3601.pdf HTTP/1.0" 200 791948
156.59.198.136 - - [31/Dec/2023:19:32:09 -0500] "GET /BLA/resoluciones/RESOLUCIONES%202011/0041.pdf HTTP/1.0" 200 433238
156.59.198.135 - - [31/Dec/2023:19:32:34 -0500] "GET /BLA/resoluciones/AUTOS%202022/3059.pdf HTTP/1.0" 200 2263055
216.244.66.195 - - [31/Dec/2023:19:32:39 -0500] "GET /BLA/resoluciones/RESOLUCIONES%202019/4330.pdf HTTP/1.1" 200 359176
156.59.198.136 - - [31/Dec/2023:19:32:58 -0500] "GET /BLA/resoluciones/AUTOS%202022/5526.pdf HTTP/1.0" 200 771984
172.22.2.4 - - [31/Dec/2023:19:31:39 -0500] "HEAD /BLA/boletinlegal/ HTTP/1.1" 200 -
156.59.198.136 - - [31/Dec/2023:19:33:22 -0500] "GET /BLA/resoluciones/RESOLUCIONES%202007/RES%202007%201801%20AL%201900/RESOLUCION%201830%20DE%202007.pdf HTTP/1.0" 200 212816
201.245.192.253 - - [31/Dec/2023:19:33:35 -0500] "POST /kwsrmcab/Wsrmcab  HTTP/1.1" 200 36178
156.59.198.135 - - [31/Dec/2023:19:33:48 -0500] "GET /BLA/resoluciones/Notificaciones/RESOLUCIONES%202014/2109.doc HTTP/1.0" 200 113664
172.22.2.4 - - [31/Dec/2023:19:32:30 -0500] "GET /BLA/boletinlegal/ HTTP/1.1" 200 45448
156.59.198.136 - - [31/Dec/2023:19:34:13 -0500] "GET /BLA/resoluciones/RESOLUCIONES%202007/RES%202007%203701%20AL%203800/RESOLUCION%203774%20DE%202007.pdf HTTP/1.0" 200 29820
191.102.207.217 - - [31/Dec/2023:19:34:28 -0500] "POST /appsia/controlador HTTP/1.1" 200 7773
191.102.207.217 - - [31/Dec/2023:19:34:30 -0500] "POST /appsia/controlador HTTP/1.1" 200 8044
172.22.2.4 - - [31/Dec/2023:19:32:52 -0500] "GET /BLA/boletinlegal/ HTTP/1.1" 200 45856
191.102.207.217 - - [31/Dec/2023:19:34:33 -0500] "POST /appsia/controlador HTTP/1.1" 200 10957
156.59.198.135 - - [31/Dec/2023:19:34:38 -0500] "GET /BLA/resoluciones/AUTOS%202022/7515.pdf HTTP/1.0" 200 421348
156.59.198.135 - - [31/Dec/2023:19:35:02 -0500] "GET /BLA/resoluciones/AUTOS%202022/5847.pdf HTTP/1.0" 200 568332
156.59.198.135 - - [31/Dec/2023:19:35:26 -0500] "GET /BLA/resoluciones/AUTOS%202022/3268.pdf HTTP/1.0" 200 476157
201.245.192.253 - - [31/Dec/2023:19:35:41 -0500] "POST /kwsrmcab/Wsrmcab HTTP/1.1" 200 37032
201.245.192.253 - - [31/Dec/2023:19:35:44 -0500] "POST /kwsrmcab/Wsrmcab HTTP/1.1" 200 37009
