172.22.2.4 - - [31/Dec/2023:12:20:48 -0500] "GET /BLA/boletinlegal/ HTTP/1.1" 200 60910
64.110.107.201 - - [31/Dec/2023:12:22:29 -0500] "GET /wp-includes/pomo/ HTTP/1.1" 404 1165
64.110.107.201 - - [31/Dec/2023:12:22:41 -0500] "GET /wp-includes/rest-api/ HTTP/1.1" 404 1165
64.110.107.201 - - [31/Dec/2023:12:22:53 -0500] "GET /wp-includes/widgets/ HTTP/1.1" 404 1165
64.110.107.201 - - [31/Dec/2023:12:23:05 -0500] "GET /wp-admin/css/ HTTP/1.1" 404 1165
64.110.107.201 - - [31/Dec/2023:12:23:16 -0500] "GET /wp-admin/images/ HTTP/1.1" 404 1165
64.110.107.201 - - [31/Dec/2023:12:23:28 -0500] "GET /wp-admin/maint/ HTTP/1.1" 404 1165
64.110.107.201 - - [31/Dec/2023:12:23:40 -0500] "GET /wp-admin/meta/ HTTP/1.1" 404 1165
64.110.107.201 - - [31/Dec/2023:12:23:52 -0500] "GET /wp-admin/network/ HTTP/1.1" 404 1165
64.110.107.201 - - [31/Dec/2023:12:24:04 -0500] "GET /wp-admin/user/ HTTP/1.1" 404 1165
64.110.107.201 - - [31/Dec/2023:12:24:15 -0500] "GET /wp-content/ HTTP/1.1" 404 1165
64.110.107.201 - - [31/Dec/2023:12:24:26 -0500] "GET /wp-content/plugins/ HTTP/1.1" 404 1165
40.77.167.13 - - [31/Dec/2023:12:24:34 -0500] "GET /BLA/resoluciones/AUTOS%202023/5903.pdf HTTP/1.1" 200 919646
64.110.107.201 - - [31/Dec/2023:12:24:38 -0500] "GET /wp-content/themes/ HTTP/1.1" 404 1165
64.110.107.201 - - [31/Dec/2023:12:24:50 -0500] "GET /wp-admin/includes/ HTTP/1.1" 404 1165
64.110.107.201 - - [31/Dec/2023:12:25:02 -0500] "GET /wp-admin/ HTTP/1.1" 404 1165
64.110.107.201 - - [31/Dec/2023:12:25:14 -0500] "GET /wp-content/upgrade/ HTTP/1.1" 404 1165
201.245.192.253 - - [31/Dec/2023:12:25:30 -0500] "POST /kwsrmcab/Wsrmcab  HTTP/1.1" 200 36178
201.245.192.253 - - [31/Dec/2023:12:25:42 -0500] "POST /kwsrmcab/Wsrmcab HTTP/1.1" 200 36903
201.245.192.253 - - [31/Dec/2023:12:25:45 -0500] "POST /kwsrmcab/Wsrmcab HTTP/1.1" 200 36754
216.245.221.92 - - [31/Dec/2023:12:25:58 -0500] "HEAD / HTTP/1.1" 200 -
162.55.38.160 - - [31/Dec/2023:12:26:01 -0500] "GET / HTTP/1.1" 200 319
162.55.38.160 - - [31/Dec/2023:12:26:03 -0500] "GET / HTTP/1.1" 200 4720
186.102.61.13 - - [31/Dec/2023:12:26:54 -0500] "GET /kwssiamovil/sm/ldap/au?x=U2FsdGVkX181gFYQ6e7JpVe8u1uWcZ+9NSgFHqi2MgTrQliTgTWcg8fsM3fSk0WP&y=U2FsdGVkX1+sm8Sehqn+X08xm3etshIu7aMDF6e3GVpMjA+Vbodc49df4w2PZkbl HTTP/1.1" 200 30
186.102.61.13 - - [31/Dec/2023:12:26:54 -0500] "GET /kwssiamovil/sm/acme/s?s=U2FsdGVkX19yt8Q2W5VT949edvr+MXUQgrwVoSdnsx3Cf7nkJVQ8ubC7C9j9bcr73GOdIFoiV4vMqwpCWfKb8IyBTJmimqRWE40M+IXWseQ=&u=U2FsdGVkX1+A2aRrp81IpvNF2I9x9/rkZtbGdoJP0c4=&y=U2FsdGVkX1+sm8Sehqn+X08xm3etshIu7aMDF6e3GVpMjA+Vbodc49df4w2PZkbl HTTP/1.1" 200 97
186.102.61.13 - - [31/Dec/2023:12:26:54 -0500] "GET /kwssiamovil/sm/acme/s?s=U2FsdGVkX1/eKsUvNMDNzxt/SSmmu4a2eGTkQhaaKV0SiZCdmTVZDrjcRCHo7wgJT7WJeMkSp/wbKRva5Pg544ZDZ6uZA4CW9UXh5DTeq+nFduhAnyWTSF/hsSU+TbGjS6e3lqhrzaujcqTi1wYkPMFSqY1HBbKOlSCgqYw+DOkifAyK+h01D084o2tJmyqAechsuvxJvXUp4GPYscwQNHpfRWlkjdeKDjZaDXzi7HIOCBxQ/lAB1s0VeBs+WzKzPnxCvgMJBW9idjnnYKM8gn8+tZob2cRM0abUD2PJ7mFO/lwCwe6ou7wjB4vljL2ptXSwhfQnH9uDIcAg1lPKeZB1wHEvnYsNZ/T34tejueteHM4pdE5ZV9mzZE4JqPj4CQbPV/pa7BlWK+7qdzyOijTS1r9KDBOLGp5Td2oocLxwEzCozul6/IkWMMU8WbPx9s2S9XrJ1AuI6AbOeDatK6Dq17qb/EcfLVvoaaG6Ql294EswOADJHIirb7DES8qjl8d/ZseYeV/RgrDsB/O/yNV66uq4birqHMcB1e8XoujpXPts9Aic09R7ZmsO6cp1CQKOUnbkiN3Qmc90ycirrAtCqj3HWEbzL25rT5oAD7hfAI46XwTfxpxr+OXE+h/LUtZeaV8gSJDgWdIw5taz5H6eyCLmnb/FTBSARUDjrW26uj1+5s2By3fmJfdniKPuz1qfF1Iq6pSOmqsCDlR8PlIcAD4JqOkkTUB0TXYLlw8BMgrtpgYS0Gl2f1hh9HM6Jj+tRql8y9wdIr+twjAU9iIZr7lnvifMmYkDiTV2Tb/i27kJp3F6dScFi/LliLSD2JN2hAQFxX7AGDP13fVMxfQe1mSoxF+TknHQfUClXOQYJyMLHoXp6q8lILJ3Ke1nZRYpuUosPYPSYzf3pky4wpg/R5DP86At14/5/RHuJSZLRiUw/d2HT07ado61PaD6irmMmpHDzyXMjpHoYdufMKZ+hiW1jzEx45SQrrR9+GAi/dup7Ruv85+8BovPWLP6qdTfoEtThVA5Xy4+h7YXfy8+JbaFF6hoKO6pEE43t168xwNmmWjFnZEoz/8Z7YdkeVTNlufrQ4YFv25lN20NbejzF9tepGIkEK8vwZlRTVYB+kEPP1XukEmqRryDgWQxsFSSin19YwRnavsKt8PPglILhnY+sPqyd3IbiDKap6Ozk0PjWXx0IWgKp3Ck/oW6eET8uHJv/M+lasUTDY4D0+AYlvxQOhkTJgfS8koveh5EmVDDXVVc7igQGs6oczdnndLUUf6Gb00zrZCGTciaLrl0aAuINb9dMoI5DOKFb7cs2h008ELsfPLEq1kT09kICQnnzA9zI9+dJ/lAgAP+lzN1H49XWfxd8iezNPcJMqo5p1bGxU8O/aKmOjj4yBOdIT5iZNu0+kgQA86D2hy/hU2uSOEIXzDdheLlEah23Czjd0F3hyvUutckTrY/cdILMBpxTBBvp1OP0M4kz/Alwl3AkKdIzf5Rqnd65H8Lbe9bi3xKFvMbwGaC0SjAs7nuG1+XTcb02AKRT+tXnbpPSymvUyYykiKDR2fF6kyP1+kMjMlGnaHAVjNBBOu69ewxXxwNcaUljHz/UR1t9RVEbL6cVxbz4wlHVp05xHRujNm622gzqGYVQTXS5u1fDKmoQOt8o/ZOsURPCceKWbfuNzc2C1iLWUN5x5q1dfKUQ1xrlxdYOwdxSlUuIUrz3pagT7zQ3Jz0EgOZsn7ND94pZPMyCrHwOHGWtShHRCGBUuE=&u=U2FsdGVkX1+A2aRrp81IpvNF2I9x9/rkZtbGdoJP0c4=&y=U2FsdGVkX1+sm8Sehqn+X08xm3etshIu7aMDF6e3GVpMjA+Vbodc49df4w2PZkbl HTTP/1.1" 200 2344
186.102.61.13 - - [31/Dec/2023:12:26:54 -0500] "GET /kwssiamovil/sm/acme/s?s=U2FsdGVkX1/btwVYaMM7BVPcZsnyqWjHfv3/eZ1zzq1Y7yMsHDF7rtlIza/7BlNQI6hhCi3E9qE9azX8EHB2MdN3EbEmK5C1ohgUS62K/+47yWh1bllB3ojAsZLY/6ea7iaZjbx72UrN428I+124S/qPex3JLvySk8yAtaVytdxo+OnhCZmMJ2Ww7KmJRSsyWxijvYoZH/2PG0j0cyvTDKAB7v/ua45uw/5Z054KGCfOUpvPE8ZSq5kBb6vVUxXxxY77pjtSd82YN8eho4YM0cihdgu3Y8A8tw+ammtwc12s54NsrkvcUIMIr26lSIAdUSsIjtCiF2XUPDSzKTA6bClwKPa2EpKhteko/EVxwa2aJUdMkI9xPXWEXSecCl6G6+i5JNMQrjkoYZs3gxDdZ/qi+F/Kq3xeRSeHsdT4CM8hKpkpDkAe8wpP8vCpqLxy1K14z0+207v4Eh7/udkjZ5qM8GS4/+tKXkhQIWeghgnusmkbza6vdHhCl2uumyomEdE4Lblt8oMhE9ku92RoTI/TWcUK5UjrQTG4x8RSld0yJYLcuUPy9P76NmgxJqv8qP4GabjFwBI7BYxsNTRgu4uMuJ6rjGMtT5igtUd7efZhmXIrrIfB7TMm+3Z7imMGJqa5x21mSdBqao3ek2YHEoszaUnNZqn5VL9Bp2MwuwAfVucEqotZ7aWqx+Gs0d+PdLp/b9u0BU994EO+ROuQ7c+tXrB5/CCSKO57DA5PfhN0y4ecgDvWjUmDi5UYkFlY&u=U2FsdGVkX1+A2aRrp81IpvNF2I9x9/rkZtbGdoJP0c4=&y=U2FsdGVkX1+sm8Sehqn+X08xm3etshIu7aMDF6e3GVpMjA+Vbodc49df4w2PZkbl HTTP/1.1" 200 208
186.102.61.13 - - [31/Dec/2023:12:26:54 -0500] "GET /kwssiamovil/sm/cjson/pre?f=1&x=U2FsdGVkX181gFYQ6e7JpVe8u1uWcZ+9NSgFHqi2MgTrQliTgTWcg8fsM3fSk0WP HTTP/1.1" 200 31032
172.22.2.4 - - [31/Dec/2023:12:25:47 -0500] "HEAD /BLA/boletinlegal/ HTTP/1.1" 200 -
172.22.2.4 - - [31/Dec/2023:12:26:38 -0500] "GET /BLA/boletinlegal/ HTTP/1.1" 200 58567
190.27.22.102 - - [31/Dec/2023:12:29:36 -0500] "GET /parque-distrital-ecologico-de-montana-cerro-seco-tiene-su-plan-de-manejo-ambiental-que-le-asegura-la-conservacion.html HTTP/1.1" 200 839
173.252.127.5 - - [31/Dec/2023:12:29:37 -0500] "GET /parque-distrital-ecologico-de-montana-cerro-seco-tiene-su-plan-de-manejo-ambiental-que-le-asegura-la-conservacion.html HTTP/1.1" 206 839
173.252.127.22 - - [31/Dec/2023:12:29:38 -0500] "GET /parque-distrital-ecologico-de-montana-cerro-seco-tiene-su-plan-de-manejo-ambiental-que-le-asegura-la-conservacion.html HTTP/1.1" 200 839
173.252.127.27 - - [31/Dec/2023:12:29:38 -0500] "GET /parque-distrital-ecologico-de-montana-cerro-seco-tiene-su-plan-de-manejo-ambiental-que-le-asegura-la-conservacion.html HTTP/1.1" 200 839
201.245.192.253 - - [31/Dec/2023:12:29:48 -0500] "POST /kwsrmcab/Wsrmcab HTTP/1.1" 200 36903
201.245.192.253 - - [31/Dec/2023:12:29:52 -0500] "POST /kwsrmcab/Wsrmcab HTTP/1.1" 200 36754
201.245.192.253 - - [31/Dec/2023:12:30:29 -0500] "POST /kwsrmcab/Wsrmcab  HTTP/1.1" 200 36178
216.245.221.92 - - [31/Dec/2023:12:30:58 -0500] "HEAD / HTTP/1.1" 200 -
172.22.2.4 - - [31/Dec/2023:12:31:37 -0500] "HEAD /BLA/boletinlegal/ HTTP/1.1" 200 -
40.77.167.15 - - [31/Dec/2023:12:34:00 -0500] "GET /BLA/resoluciones/AUTOS%202023/5816.pdf HTTP/1.1" 200 393090
172.22.2.4 - - [31/Dec/2023:12:32:28 -0500] "GET /BLA/boletinlegal/ HTTP/1.1" 200 60502
40.77.167.19 - - [31/Dec/2023:12:35:22 -0500] "GET /portaldeninos/aulas-ambientales/aula-ambiental-sorotama/ HTTP/1.1" 200 89596
201.245.192.253 - - [31/Dec/2023:12:35:28 -0500] "POST /kwsrmcab/Wsrmcab  HTTP/1.1" 200 36178
157.55.39.54 - - [31/Dec/2023:12:35:38 -0500] "GET /portaldeninos/wp-content/themes/betheme/assets/animations/animations.min.js?ver=20.9.6 HTTP/1.1" 200 1896
157.55.39.54 - - [31/Dec/2023:12:35:39 -0500] "GET /portaldeninos/wp-content/themes/betheme/assets/jplayer/jplayer.min.js?ver=20.9.6 HTTP/1.1" 200 52702
157.55.39.54 - - [31/Dec/2023:12:35:40 -0500] "GET /portaldeninos/wp-content/themes/betheme/css/shortcodes.css?ver=20.9.6 HTTP/1.1" 200 138889
157.55.39.54 - - [31/Dec/2023:12:35:41 -0500] "GET /portaldeninos/wp-content/themes/betheme/js/plugins.js?ver=20.9.6 HTTP/1.1" 200 197151
157.55.39.54 - - [31/Dec/2023:12:35:42 -0500] "GET /portaldeninos/wp-content/themes/betheme/style.css?ver=20.9.6 HTTP/1.1" 200 287
157.55.39.54 - - [31/Dec/2023:12:35:42 -0500] "GET /portaldeninos/wp-includes/js/jquery/ui/core.min.js?ver=1.11.4 HTTP/1.1" 200 4000
157.55.39.54 - - [31/Dec/2023:12:35:43 -0500] "GET /portaldeninos/wp-includes/js/jquery/ui/sortable.min.js?ver=1.11.4 HTTP/1.1" 200 24899
157.55.39.54 - - [31/Dec/2023:12:35:43 -0500] "GET /portaldeninos/wp-includes/js/wp-emoji-release.min.js?ver=4.9.8 HTTP/1.1" 200 12026
201.245.192.253 - - [31/Dec/2023:12:35:42 -0500] "POST /kwsrmcab/Wsrmcab HTTP/1.1" 200 36903
40.77.167.52 - - [31/Dec/2023:12:35:45 -0500] "GET /portaldeninos/wp-content/plugins/gallery-videos/CSS/Total-Soft-Gallery-Video-Widget.css?ver=4.9.8 HTTP/1.1" 200 51554
40.77.167.52 - - [31/Dec/2023:12:35:46 -0500] "GET /portaldeninos/wp-content/plugins/gallery-videos/CSS/totalsoft.css?ver=4.9.8 HTTP/1.1" 200 40622
40.77.167.52 - - [31/Dec/2023:12:35:46 -0500] "GET /portaldeninos/wp-content/plugins/gallery-videos/JS/modernizr.custom.js?ver=4.9.8 HTTP/1.1" 200 9019
40.77.167.52 - - [31/Dec/2023:12:35:47 -0500] "GET /portaldeninos/wp-content/themes/betheme/assets/jplayer/css/jplayer.blue.monday.css?ver=20.9.6 HTTP/1.1" 200 9834
40.77.167.52 - - [31/Dec/2023:12:35:47 -0500] "GET /portaldeninos/wp-content/themes/betheme/assets/ui/jquery.ui.all.css?ver=20.9.6 HTTP/1.1" 200 18765
201.245.192.253 - - [31/Dec/2023:12:35:45 -0500] "POST /kwsrmcab/Wsrmcab HTTP/1.1" 200 36754
40.77.167.52 - - [31/Dec/2023:12:35:47 -0500] "GET /portaldeninos/wp-content/themes/betheme/css/base.css?ver=20.9.6 HTTP/1.1" 200 57283
40.77.167.52 - - [31/Dec/2023:12:35:47 -0500] "GET /portaldeninos/wp-content/themes/betheme/css/layout.css?ver=20.9.6 HTTP/1.1" 200 116639
40.77.167.52 - - [31/Dec/2023:12:35:48 -0500] "GET /portaldeninos/wp-content/themes/betheme/css/responsive.css?ver=20.9.6 HTTP/1.1" 200 55740
40.77.167.52 - - [31/Dec/2023:12:35:48 -0500] "GET /portaldeninos/wp-content/themes/betheme/js/scripts.js?ver=20.9.6 HTTP/1.1" 200 77162
40.77.167.52 - - [31/Dec/2023:12:35:49 -0500] "GET /portaldeninos/wp-content/uploads/useanyfont/uaf.css?ver=1589905315 HTTP/1.1" 200 408
40.77.167.52 - - [31/Dec/2023:12:35:49 -0500] "GET /portaldeninos/wp-includes/js/jquery/jquery-migrate.min.js?ver=1.4.1 HTTP/1.1" 200 10056
40.77.167.52 - - [31/Dec/2023:12:35:49 -0500] "GET /portaldeninos/wp-includes/js/jquery/jquery.js?ver=1.12.4 HTTP/1.1" 200 97184
40.77.167.19 - - [31/Dec/2023:12:35:58 -0500] "GET /portaldeninos/wp-content/plugins/gallery-videos/JS/Total-Soft-Gallery-Video-Widget.js?ver=4.9.8 HTTP/1.1" 200 80264
216.245.221.92 - - [31/Dec/2023:12:35:58 -0500] "HEAD / HTTP/1.1" 200 -
40.77.167.19 - - [31/Dec/2023:12:35:58 -0500] "GET /portaldeninos/wp-content/themes/betheme/assets/animations/animations.min.css?ver=20.9.6 HTTP/1.1" 200 58508
40.77.167.19 - - [31/Dec/2023:12:35:59 -0500] "GET /portaldeninos/wp-content/themes/betheme/js/menu.js?ver=20.9.6 HTTP/1.1" 200 2449
40.77.167.15 - - [31/Dec/2023:12:36:01 -0500] "GET /BLA/resoluciones/AUTOS%202023/9499.pdf HTTP/1.1" 200 513319
40.77.167.19 - - [31/Dec/2023:12:35:59 -0500] "GET /portaldeninos/wp-content/uploads/2021/07/Recorrido-virtual-Aula-Soratama.mp4 HTTP/1.1" 200 5687960
40.77.167.19 - - [31/Dec/2023:12:36:06 -0500] "GET /portaldeninos/wp-includes/js/jquery/ui/accordion.min.js?ver=1.11.4 HTTP/1.1" 200 8584
40.77.167.19 - - [31/Dec/2023:12:36:06 -0500] "GET /portaldeninos/wp-includes/js/jquery/ui/mouse.min.js?ver=1.11.4 HTTP/1.1" 200 3148
40.77.167.19 - - [31/Dec/2023:12:36:07 -0500] "GET /portaldeninos/wp-includes/js/jquery/ui/tabs.min.js?ver=1.11.4 HTTP/1.1" 200 12110
40.77.167.19 - - [31/Dec/2023:12:36:07 -0500] "GET /portaldeninos/wp-includes/js/jquery/ui/widget.min.js?ver=1.11.4 HTTP/1.1" 200 6908
40.77.167.19 - - [31/Dec/2023:12:36:07 -0500] "GET /portaldeninos/wp-includes/js/wp-embed.min.js?ver=4.9.8 HTTP/1.1" 200 1398
152.202.31.95 - - [31/Dec/2023:12:36:59 -0500] "GET /parque-distrital-ecologico-de-montana-cerro-seco-tiene-su-plan-de-manejo-ambiental-que-le-asegura-la-conservacion.html?fbclid=IwAR1vUk4r53HGp8qeqlPfzPALhMemW_oYw5X0pCdje0d2ITTYiL370W68KKw HTTP/1.1" 200 839
172.22.2.4 - - [31/Dec/2023:12:37:27 -0500] "HEAD /BLA/boletinlegal/ HTTP/1.1" 200 -
201.245.192.253 - - [31/Dec/2023:12:39:48 -0500] "POST /kwsrmcab/Wsrmcab HTTP/1.1" 200 36903
201.245.192.253 - - [31/Dec/2023:12:39:52 -0500] "POST /kwsrmcab/Wsrmcab HTTP/1.1" 200 36754
172.22.2.4 - - [31/Dec/2023:12:38:18 -0500] "GET /BLA/boletinlegal/ HTTP/1.1" 200 60910
201.245.192.253 - - [31/Dec/2023:12:40:27 -0500] "POST /kwsrmcab/Wsrmcab  HTTP/1.1" 200 36178
216.245.221.92 - - [31/Dec/2023:12:40:58 -0500] "HEAD / HTTP/1.1" 200 -
172.22.2.4 - - [31/Dec/2023:12:41:22 -0500] "GET /BLA/boletinlegal/ HTTP/1.1" 200 20427
40.77.167.50 - - [31/Dec/2023:12:43:02 -0500] "GET /BLA/resoluciones/AUTOS%202023/05823.pdf HTTP/1.1" 200 379256
172.22.2.4 - - [31/Dec/2023:12:43:17 -0500] "HEAD /BLA/boletinlegal/ HTTP/1.1" 200 -
201.245.192.253 - - [31/Dec/2023:12:45:25 -0500] "POST /kwsrmcab/Wsrmcab  HTTP/1.1" 200 36178
172.22.2.4 - - [31/Dec/2023:12:44:08 -0500] "GET /BLA/boletinlegal/ HTTP/1.1" 200 58567
216.245.221.92 - - [31/Dec/2023:12:45:58 -0500] "HEAD / HTTP/1.1" 200 -
66.249.77.68 - - [31/Dec/2023:12:47:18 -0500] "GET /el-agua-recurso-vital-para-la-conservacion-de-los-ecosistemas.html HTTP/1.1" 200 870
216.244.66.195 - - [31/Dec/2023:12:48:42 -0500] "GET /robots.txt HTTP/1.1" 404 1018
173.252.87.118 - - [31/Dec/2023:12:49:36 -0500] "GET /aprende-a-conocer-el-boletin-legal-ambiental.html HTTP/1.1" 200 892
173.252.87.11 - - [31/Dec/2023:12:49:37 -0500] "GET /images/pieza-grafica-noviembre-17.jpg HTTP/1.1" 200 48558
201.245.192.253 - - [31/Dec/2023:12:50:24 -0500] "POST /kwsrmcab/Wsrmcab  HTTP/1.1" 200 36178
172.22.2.4 - - [31/Dec/2023:12:49:07 -0500] "HEAD /BLA/boletinlegal/ HTTP/1.1" 200 -
216.245.221.92 - - [31/Dec/2023:12:50:58 -0500] "HEAD / HTTP/1.1" 200 -
40.77.202.1 - - [31/Dec/2023:12:51:35 -0500] "GET /portaldeninos/wp-content/themes/betheme/fonts/mfn-icons.woff?93978679 HTTP/1.1" 200 80932
172.22.2.4 - - [31/Dec/2023:12:49:58 -0500] "GET /BLA/boletinlegal/ HTTP/1.1" 200 60502
52.167.144.224 - - [31/Dec/2023:12:55:16 -0500] "GET /BLA/resoluciones/AUTOS%202023/9294.pdf HTTP/1.1" 200 506627
201.245.192.253 - - [31/Dec/2023:12:55:22 -0500] "POST /kwsrmcab/Wsrmcab  HTTP/1.1" 200 36178
216.245.221.92 - - [31/Dec/2023:12:55:58 -0500] "HEAD / HTTP/1.1" 200 -
172.22.2.4 - - [31/Dec/2023:12:54:57 -0500] "HEAD /BLA/boletinlegal/ HTTP/1.1" 200 -
172.22.2.4 - - [31/Dec/2023:12:55:48 -0500] "GET /BLA/boletinlegal/ HTTP/1.1" 200 60910
173.252.87.5 - - [31/Dec/2023:12:58:24 -0500] "GET /parque-distrital-ecologico-de-montana-cerro-seco-tiene-su-plan-de-manejo-ambiental-que-le-asegura-la-conservacion.html HTTP/1.1" 200 839
40.77.167.132 - - [31/Dec/2023:12:59:13 -0500] "GET /BLA/resoluciones/AUTOS%202023/05035.pdf HTTP/1.1" 200 473286
47.88.94.28 - - [31/Dec/2023:12:59:18 -0500] "GET / HTTP/1.1" 200 319
47.251.14.232 - - [31/Dec/2023:12:59:19 -0500] "GET /Public/home/js/check.js HTTP/1.1" 404 1018
47.88.78.6 - - [31/Dec/2023:12:59:20 -0500] "GET /static/admin/javascript/hetong.js HTTP/1.1" 404 1018
201.245.192.253 - - [31/Dec/2023:13:00:21 -0500] "POST /kwsrmcab/Wsrmcab  HTTP/1.1" 200 36178
216.245.221.92 - - [31/Dec/2023:13:00:58 -0500] "HEAD / HTTP/1.1" 200 -
172.22.2.4 - - [31/Dec/2023:13:01:42 -0500] "GET /BLA/boletinlegal/ab2g HTTP/1.1" 404 1018
172.22.2.4 - - [31/Dec/2023:13:01:42 -0500] "GET /BLA/boletinlegal/ab2h HTTP/1.1" 404 1018
172.22.2.4 - - [31/Dec/2023:13:01:43 -0500] "GET /BLA/boletinlegal/alive.php HTTP/1.1" 404 1018
173.252.95.12 - - [31/Dec/2023:13:01:57 -0500] "GET /parque-distrital-ecologico-de-montana-cerro-seco-tiene-su-plan-de-manejo-ambiental-que-le-asegura-la-conservacion.html HTTP/1.1" 200 839
172.22.2.4 - - [31/Dec/2023:13:02:08 -0500] "GET /BLA/boletinlegal/t4 HTTP/1.1" 404 1018
172.22.2.4 - - [31/Dec/2023:13:02:19 -0500] "GET /BLA/boletinlegal/favicon.ico HTTP/1.1" 404 1018
172.22.2.4 - - [31/Dec/2023:13:00:47 -0500] "HEAD /BLA/boletinlegal/ HTTP/1.1" 200 -
172.22.2.4 - - [31/Dec/2023:13:02:30 -0500] "GET /BLA/boletinlegal/teorema505?t=1 HTTP/1.1" 404 1018
47.128.98.183 - - [31/Dec/2023:13:02:29 -0500] "GET /BLA/resoluciones/index.php?dir=RESOLUCIONES%202004%2FRES%202004%202351-2401%2F&order=asc&sort=size HTTP/1.1" 200 12572
47.128.98.183 - - [31/Dec/2023:13:02:30 -0500] "GET /BLA/resoluciones/dlf/dirup.png HTTP/1.1" 200 644
47.128.98.183 - - [31/Dec/2023:13:02:30 -0500] "GET /BLA/resoluciones/dlf/unknown.png HTTP/1.1" 200 266
172.22.2.4 - - [31/Dec/2023:13:01:47 -0500] "GET /BLA/boletinlegal/ HTTP/1.1" 200 24523
172.22.2.4 - - [31/Dec/2023:13:02:20 -0500] "GET /BLA/boletinlegal/ HTTP/1.1" 200 24523
172.22.2.4 - - [31/Dec/2023:13:01:39 -0500] "GET /BLA/boletinlegal/ HTTP/1.1" 200 42193
186.102.61.13 - - [31/Dec/2023:13:03:42 -0500] "GET /kwssiamovil/sm/ldap/au?x=U2FsdGVkX19XIJP7LktKAa7UbEttNnCeIJLlCFWX7GCFgCSNXGKAhPuFtVI+if6r&y=U2FsdGVkX1/ll+JnWaf0DxfxnixHqbSvWepvo1Iz9R9lpKWdh4RsBq+Pl9GeT42h HTTP/1.1" 200 30
186.102.61.13 - - [31/Dec/2023:13:03:42 -0500] "GET /kwssiamovil/sm/acme/s?s=U2FsdGVkX19L0OQWoz3mxP7h+iIq6ErgjKNhoJ22DhfALRG9HctH0NIY9/Ra6tD6tTBV6NjdN3hIjJNikMaMs8dgfANtjeAAyg2Dx0fdKfk=&u=U2FsdGVkX1/ScesEdnMFeuUGSx6PacquqB+cGkh/nkk=&y=U2FsdGVkX1/ll+JnWaf0DxfxnixHqbSvWepvo1Iz9R9lpKWdh4RsBq+Pl9GeT42h HTTP/1.1" 200 70
186.102.61.13 - - [31/Dec/2023:13:03:42 -0500] "GET /kwssiamovil/sm/acme/s?s=U2FsdGVkX18S8AU3ZLG8nirGtaFp26rzuZiJ3yxnSipVqUbrbY+fBR1FaGn08IHvmDYDYqhdvHDCwITsugvqWGkp9t+GacUWy63ZdHGvlmIa8+w/zu8sJXrvU+t6U+QcUrCOkxo3kZOdBUVLx+9Tlsj9t1POAD9++AtrP/0SlKm0Bfr3pzior3Whf2oQiDk6HFXbQG40kOhlfG2AHGimOoEcf8Vrq3y6x/Wg7OMwwds5uwGSPhejhUx9k+ssfgbWjjSPPbIu9FtyB6JteFiq26dUmXZNl+3tgsLXH5hTdqffAFH/ayHz7cGcYzlyOpJ9BISasR72qs+0t1xAHSnRVjIfqXk1pUJ8jAr9gCcNAMhiQlp/k80YlzgZcMVn4xJoQsnEM1VIXMFBzNV2WjNSY2juIZbJYlW2LMRJ0WH5yHRdVWOxs92HK8+dXn+mAOPy0Ub2zTX03Ib7DHi2S0b9v4/uCPRJe7FiIN7/jhjbz/VU/nAnaB8ddd/oG1CugCYyhE9NRvfrytpF+qw5QSstvm+6ezXeaS8SgXeKaDbdJMeKj7WFYo/l1EHnrM8xN8CiszXcbPfwHiFU8CREDwgIr27mVrYYjwgKe3iwi6IBhUzdQZQ7K1mU8cv5B7cbCJXHLnHi3k9DlU2FIZy+IXMVqPanQkFCNbvpvS2IeQYp2mI2plEAbha6vVxslaRiXCN1f3Em+0qzBZC532eHsxq7ZpggrGslaUaBsz4RaJ896R3rCmU8/ZGSCOIZeFOQedLkkfRxSCgIyJ+wwRuMt5eZGlaN9438XdDIed4A0p/KwKuq5VMaSRtVSrZ61MEotkWntV/LXtm1K5UwWypfRPoleCcRmxA0mDCTxXjNeLIlWpr4p9a1rqXgSH4/oGov0LppNJ31Y6f2c7Ci4TptgbNaFLkQaTI4N/ANU+XaJp3u9hNCJpOtjvPNIQHLaCuzfYRQ5K7tTGrbPbM78JzwqBD0K0FzwWKUVC8nEKAHwJd+YISTYlOngrEohh6TZFShl8/QXERVH+WteEyQkTfv9f9xuqQSGaTDAakdjT/Ywm8GW/PyQUriFPhRGqIUA0q4WE6mUFyLzElUkXQSz7MhA8jXramZrU4BQtB4ujHt7/raXdnYlfJZDWzNJnYTkJ0dC3zLXLEjsw31gZK/dgO2sr+zniYjEQezYDCd/sB2QEQRC27NeuMNv1e97FOjFPM3rtSZwbzWNwFVgLCPPowj90wRifMMTfQ70G4+AHNp08ICmAjuva5fczbAitni3KRiShcfKpIMb58Rzr5C58MSMIzV12x5G6aO+r3HGhw6Of33A32iWSs4nuC3U6uqfFQDBe509jnqT+kBTO8VbChBmOMIAVHoVY5E8ZNSW5QrrlXyRUyr/Nb2ALeTB9Dv+T4kACEzYnPwl13hnWtBMr/yPZTfdPMdQdWqLzj7P78h1hLhznlWN6RlFqNh2x71+w72Vs7OYJQaS+SCR2uOXcd/6IwpeIoChkynhftz/ZrrxRF9Qj1fKmj3uTqPhE+jcULkeCUnc6G21aUaTgbX97FTqfpeTQGanZXiRQoyczNOuflHiRrPBSyZZD/YkAHBCxAKf5mwG0XPMNict+BBWZp+vGW8x73sbKgiQPq1NtIJqfIQCMsVfVRWv79d2KBmtR20S/87Ad7/atN6dRIWfd6+kue4zzEfjLgh6Xuvbdf4NFRoGCGwMYZpPXmLTOCbPkbtngHFIfrHSV8P1QSinETH95Nz8RG5/ybMMfSW/LsfM3WM9sw=&u=U2FsdGVkX1/ScesEdnMFeuUGSx6PacquqB+cGkh/nkk=&y=U2FsdGVkX1/ll+JnWaf0DxfxnixHqbSvWepvo1Iz9R9lpKWdh4RsBq+Pl9GeT42h HTTP/1.1" 200 2344
186.102.61.13 - - [31/Dec/2023:13:03:43 -0500] "GET /kwssiamovil/sm/acme/s?s=U2FsdGVkX196Cna7qpBIMAv49dfMbo8mY99d/bGY66OyPY/k1UGPDFvAniSuwHxVgmHqeDnnaH1i7+PpetOZs3IaOAW4/6kPvxuNIUFICtOw+P28bExyoGFhX9lIx4HsxRC1f1eqWQ7YEqgjvq81ErBPeROnokM60jMEZsdR3WVG79mx9sXR3Rz15+5xkf11a0GaoyshjGhwO2pHSAyWJm2zbCRQzCrfjZ/NPRI10MeJvc/cUMZ3zlqUupjcAc/sDqoMFP4RHF9oeOVoPrlNVHxThXtUvZuC7AU1NfTUEtl+vQU6YSczQGoFOlBLwSPN5LJELc5oXAoSO0khTmN8u0+4o+8UF6gThYRzDkcR7FP0JQkezH1d2Dh7Nupojau4uWsTcrHP9qhmSQmVh7fe6SU/fDpjJPpPwtx66HjO3O8aOUUQX/4rVAAQ98CS73MbjyV6t5GJGwbAZiONe7MAojtF0r6mrcmx0rRb+k30cuW8UqOuK+11fE/QaagEEoG4NDg34TfrvucvX0Mt/skftB9QoMjHLRTYfoURF3F1H87GWcVCYpo80FwuMakQAq0b2igqYdyYqreUuP/RwgExEubOcYq73hIPqVl6rTOCq8Q9V/CeJZpHFEBrlnNZP5Itg9G5wX75tT8ENvDhIqDJy5iRGlS+nuijzRxdbBthXiKKLWQM+iicGUVpPYmHrEMv/AEoIWgikmPa3KY+B9FKOL0LI3hlI38QECS4twcX4ybjDZ8p6SU6+w00js5I2LPG&u=U2FsdGVkX1/ScesEdnMFeuUGSx6PacquqB+cGkh/nkk=&y=U2FsdGVkX1/ll+JnWaf0DxfxnixHqbSvWepvo1Iz9R9lpKWdh4RsBq+Pl9GeT42h HTTP/1.1" 200 208
186.102.61.13 - - [31/Dec/2023:13:03:43 -0500] "GET /kwssiamovil/sm/cjson/pre?f=1&x=U2FsdGVkX19XIJP7LktKAa7UbEttNnCeIJLlCFWX7GCFgCSNXGKAhPuFtVI+if6r HTTP/1.1" 200 31032
201.245.192.253 - - [31/Dec/2023:13:05:20 -0500] "POST /kwsrmcab/Wsrmcab  HTTP/1.1" 200 36178
34.90.255.32 - - [31/Dec/2023:13:05:56 -0500] "GET /distrito-exalto-a-246-empresas-de-bogota-por-su-alto-desempeno-y-responsabilidad-ambiental-durante-2023.html HTTP/1.1" 200 1039
216.245.221.92 - - [31/Dec/2023:13:05:58 -0500] "HEAD / HTTP/1.1" 200 -
34.90.178.153 - - [31/Dec/2023:13:06:36 -0500] "GET /las-tres-caminatas-para-cerrar-el-ano-entre-la-naturaleza.html HTTP/1.1" 200 776
181.61.220.18 - - [31/Dec/2023:13:07:01 -0500] "GET /appsia/controlador HTTP/1.1" 206 4799
181.61.220.18 - - [31/Dec/2023:13:07:11 -0500] "GET /appsia/controlador HTTP/1.1" 200 4799
181.61.220.18 - - [31/Dec/2023:13:07:11 -0500] "GET /appsia/css/estilos.css HTTP/1.1" 200 4804
181.61.220.18 - - [31/Dec/2023:13:07:11 -0500] "GET /appsia/scripts/validarIngreso.js HTTP/1.1" 200 851
181.61.220.18 - - [31/Dec/2023:13:07:11 -0500] "GET /appsia/images/cabezoteHojaVida.png HTTP/1.1" 200 32493
181.61.220.18 - - [31/Dec/2023:13:07:11 -0500] "GET /appsia/images/logo_bogota_p.png HTTP/1.1" 200 14951
181.61.220.18 - - [31/Dec/2023:13:07:13 -0500] "GET /favicon.ico HTTP/1.1" 200 7782
181.61.220.18 - - [31/Dec/2023:13:07:53 -0500] "GET /appsia/controlador HTTP/1.1" 200 4799
181.61.220.18 - - [31/Dec/2023:13:07:53 -0500] "GET /appsia/css/estilos.css HTTP/1.1" 200 4804
181.61.220.18 - - [31/Dec/2023:13:07:53 -0500] "GET /appsia/scripts/validarIngreso.js HTTP/1.1" 200 851
181.61.220.18 - - [31/Dec/2023:13:07:53 -0500] "GET /appsia/images/logo_bogota_p.png HTTP/1.1" 200 14951
181.61.220.18 - - [31/Dec/2023:13:07:53 -0500] "GET /appsia/images/cabezoteHojaVida.png HTTP/1.1" 200 32493
181.61.220.18 - - [31/Dec/2023:13:07:53 -0500] "GET /favicon.ico HTTP/1.1" 200 7782
52.167.144.25 - - [31/Dec/2023:13:07:54 -0500] "GET /BLA/resoluciones/RESOLUCIONES%202021/1265.pdf HTTP/1.1" 200 439958
181.61.220.18 - - [31/Dec/2023:13:08:02 -0500] "POST /appsia/controlador HTTP/1.1" 200 4621
181.48.255.196 - - [31/Dec/2023:13:08:05 -0500] "GET /appsia/controlador HTTP/1.1" 200 4799
181.48.255.196 - - [31/Dec/2023:13:08:05 -0500] "GET /appsia/scripts/validarIngreso.js HTTP/1.1" 200 851
181.48.255.196 - - [31/Dec/2023:13:08:05 -0500] "GET /appsia/css/estilos.css HTTP/1.1" 200 4804
181.48.255.196 - - [31/Dec/2023:13:08:05 -0500] "GET /appsia/images/logo_bogota_p.png HTTP/1.1" 200 14951
181.48.255.196 - - [31/Dec/2023:13:08:05 -0500] "GET /appsia/images/cabezoteHojaVida.png HTTP/1.1" 200 32493
181.61.220.18 - - [31/Dec/2023:13:08:08 -0500] "POST /appsia/controlador HTTP/1.1" 200 7732
181.61.220.18 - - [31/Dec/2023:13:08:08 -0500] "GET /appsia/images/logo_escudo.png HTTP/1.1" 200 36965
172.22.2.4 - - [31/Dec/2023:13:06:37 -0500] "HEAD /BLA/boletinlegal/ HTTP/1.1" 200 -
172.22.2.4 - - [31/Dec/2023:13:07:28 -0500] "GET /BLA/boletinlegal/ HTTP/1.1" 200 60502
201.245.192.253 - - [31/Dec/2023:13:10:20 -0500] "POST /kwsrmcab/Wsrmcab  HTTP/1.1" 200 36178
216.245.221.92 - - [31/Dec/2023:13:10:58 -0500] "HEAD / HTTP/1.1" 200 -
52.167.144.211 - - [31/Dec/2023:13:11:24 -0500] "GET /Publicaciones/2023EE211588.pdf HTTP/1.1" 404 228
156.59.198.136 - - [31/Dec/2023:13:13:55 -0500] "GET /BLA/resoluciones/RESOLUCIONES%202007/RES%202007%203701%20AL%203800/RESOLUCION%203723%20DE%202007.pdf HTTP/1.0" 200 509034
172.22.2.4 - - [31/Dec/2023:13:12:27 -0500] "HEAD /BLA/boletinlegal/ HTTP/1.1" 200 -
156.59.198.135 - - [31/Dec/2023:13:14:18 -0500] "GET /BLA/resoluciones/RESOLUCIONES%202007/RES%202007%203701%20AL%203800/RESOLUCION%203793%20DE%202007.pdf HTTP/1.0" 200 261473
156.59.198.135 - - [31/Dec/2023:13:14:42 -0500] "GET /BLA/resoluciones/RESOLUCIONES%202007/RES%202007%203701%20AL%203800/RESOLUCION%203738%20%20DE%202007.pdf HTTP/1.0" 200 2316796
172.22.2.4 - - [31/Dec/2023:13:13:18 -0500] "GET /BLA/boletinlegal/ HTTP/1.1" 200 58567
156.59.198.136 - - [31/Dec/2023:13:15:06 -0500] "GET /BLA/resoluciones/RESOLUCIONES%202007/RES%202007%203701%20AL%203800/RESOLUCION%203763%20DE%202007.pdf HTTP/1.0" 200 66635
201.245.192.253 - - [31/Dec/2023:13:15:19 -0500] "POST /kwsrmcab/Wsrmcab  HTTP/1.1" 200 36178
156.59.198.136 - - [31/Dec/2023:13:15:31 -0500] "GET /BLA/resoluciones/RESOLUCIONES%202007/RES%202007%203701%20AL%203800/RESOLUCION%203788%20DE%202007.pdf HTTP/1.0" 200 504061
201.245.192.253 - - [31/Dec/2023:13:15:42 -0500] "POST /kwsrmcab/Wsrmcab HTTP/1.1" 200 37054
201.245.192.253 - - [31/Dec/2023:13:15:45 -0500] "POST /kwsrmcab/Wsrmcab HTTP/1.1" 200 37043
156.59.198.135 - - [31/Dec/2023:13:15:54 -0500] "GET /BLA/resoluciones/RESOLUCIONES%202007/RES%202007%203701%20AL%203800/RESOLUCION%203766%20DE%202007.pdf HTTP/1.0" 200 32556
216.245.221.92 - - [31/Dec/2023:13:15:58 -0500] "HEAD / HTTP/1.1" 200 -
156.59.198.136 - - [31/Dec/2023:13:16:19 -0500] "GET /BLA/resoluciones/RESOLUCIONES%202007/RES%202007%203701%20AL%203800/RESOLUCION%203785%20DE%202007.pdf HTTP/1.0" 200 53634
156.59.198.136 - - [31/Dec/2023:13:16:43 -0500] "GET /BLA/resoluciones/RESOLUCIONES%202007/RES%202007%203701%20AL%203800/RESOLUCION%203765%20DE%202007.pdf HTTP/1.0" 200 27951
156.59.198.136 - - [31/Dec/2023:13:17:07 -0500] "GET /BLA/resoluciones/RESOLUCIONES%202007/RES%202007%203701%20AL%203800/RESOLUCION%203715%20DE%202007.pdf HTTP/1.0" 200 550008
156.59.198.135 - - [31/Dec/2023:13:17:32 -0500] "GET /BLA/resoluciones/RESOLUCIONES%202007/RES%202007%203701%20AL%203800/RESOLUCION%203770%20DE%202007.pdf HTTP/1.0" 200 27968
156.59.198.135 - - [31/Dec/2023:13:17:57 -0500] "GET /BLA/resoluciones/RESOLUCIONES%202007/RES%202007%203701%20AL%203800/RESOLUCION%203760%20DE%202007.pdf HTTP/1.0" 200 545316
156.59.198.135 - - [31/Dec/2023:13:18:22 -0500] "GET /BLA/resoluciones/Notificaciones/REGISTROS%202018/0469.pdf HTTP/1.0" 200 266833
156.59.198.136 - - [31/Dec/2023:13:18:45 -0500] "GET /BLA/resoluciones/RESOLUCIONES%202007/RES%202007%203701%20AL%203800/RESOLUCION%203709%20DE%202007.pdf HTTP/1.0" 200 663168
156.59.198.136 - - [31/Dec/2023:13:19:10 -0500] "GET /BLA/resoluciones/Notificaciones/REGISTROS%202018/1450.pdf HTTP/1.0" 200 266382
156.59.198.136 - - [31/Dec/2023:13:19:35 -0500] "GET /BLA/resoluciones/Notificaciones/REGISTROS%202018/N.pdf HTTP/1.0" 200 279577
201.245.192.253 - - [31/Dec/2023:13:19:48 -0500] "POST /kwsrmcab/Wsrmcab HTTP/1.1" 200 37054
52.167.144.171 - - [31/Dec/2023:13:19:51 -0500] "GET /BLA/resoluciones/AUTOS%202023/05440.pdf HTTP/1.1" 200 416472
201.245.192.253 - - [31/Dec/2023:13:19:52 -0500] "POST /kwsrmcab/Wsrmcab HTTP/1.1" 200 37043
172.22.2.4 - - [31/Dec/2023:13:18:17 -0500] "HEAD /BLA/boletinlegal/ HTTP/1.1" 200 -
156.59.198.136 - - [31/Dec/2023:13:19:59 -0500] "GET /BLA/resoluciones/Notificaciones/REGISTROS%202018/00760.pdf HTTP/1.0" 200 267547
201.245.192.253 - - [31/Dec/2023:13:20:18 -0500] "POST /kwsrmcab/Wsrmcab  HTTP/1.1" 200 36178
156.59.198.136 - - [31/Dec/2023:13:20:24 -0500] "GET /BLA/resoluciones/Notificaciones/REGISTROS%202018/0365.pdf HTTP/1.0" 200 268227
40.77.167.8 - - [31/Dec/2023:13:20:24 -0500] "GET /portaldeninos/?s=2024 HTTP/1.1" 200 85855
156.59.198.135 - - [31/Dec/2023:13:20:47 -0500] "GET /BLA/resoluciones/Notificaciones/REGISTROS%202018/00982.pdf HTTP/1.0" 200 266322
172.22.2.4 - - [31/Dec/2023:13:19:08 -0500] "GET /BLA/boletinlegal/ HTTP/1.1" 200 58567
216.245.221.92 - - [31/Dec/2023:13:20:58 -0500] "HEAD / HTTP/1.1" 200 -
156.59.198.136 - - [31/Dec/2023:13:21:12 -0500] "GET /BLA/resoluciones/Notificaciones/REGISTROS%202018/01064.pdf HTTP/1.0" 200 265140
52.167.144.140 - - [31/Dec/2023:13:21:14 -0500] "GET /BLA/boletinlegal/js/jquery.scrollShow.js HTTP/1.1" 200 4586
156.59.198.135 - - [31/Dec/2023:13:21:35 -0500] "GET /BLA/resoluciones/RESOLUCIONES%202007/RES%202007%203701%20AL%203800/RESOLUCION%203797%20DE%202007.pdf HTTP/1.0" 200 403443
156.59.198.136 - - [31/Dec/2023:13:22:00 -0500] "GET /BLA/resoluciones/RESOLUCIONES%202007/RES%202007%203701%20AL%203800/RESOLUCION%203733%20%20DE%202007.pdf HTTP/1.0" 200 605343
156.59.198.135 - - [31/Dec/2023:13:22:24 -0500] "GET /BLA/resoluciones/RESOLUCIONES%202007/RES%202007%203701%20AL%203800/RESOLUCION%203749%20DE%202007.pdf HTTP/1.0" 200 963501
156.59.198.136 - - [31/Dec/2023:13:22:49 -0500] "GET /BLA/resoluciones/Notificaciones/REGISTROS%202018/0333.pdf HTTP/1.0" 200 267457
216.244.66.195 - - [31/Dec/2023:13:23:03 -0500] "GET /BLA/resoluciones/RESOLUCIONES%202019/0356.pdf HTTP/1.1" 200 253523
216.244.66.195 - - [31/Dec/2023:13:23:08 -0500] "GET /BLA/resoluciones/RESOLUCIONES%202019/0641.pdf HTTP/1.1" 200 353018
156.59.198.136 - - [31/Dec/2023:13:23:13 -0500] "GET /BLA/resoluciones/RESOLUCIONES%202007/RES%202007%203701%20AL%203800/RESOLUCION%203791%20DE%202007.pdf HTTP/1.0" 200 430119
156.59.198.136 - - [31/Dec/2023:13:23:37 -0500] "GET /BLA/resoluciones/Notificaciones/REGISTROS%202018/01568.pdf HTTP/1.0" 200 269316
156.59.198.136 - - [31/Dec/2023:13:24:01 -0500] "GET /BLA/resoluciones/RESOLUCIONES%202007/RES%202007%203701%20AL%203800/RESOLUCION%203767%20DE%202007.pdf HTTP/1.0" 200 52530
156.59.198.135 - - [31/Dec/2023:13:24:26 -0500] "GET /BLA/resoluciones/RESOLUCIONES%202007/RES%202007%203701%20AL%203800/RESOLUCION%203710%20DE%202007.pdf HTTP/1.0" 200 274151
156.59.198.135 - - [31/Dec/2023:13:24:51 -0500] "GET /BLA/resoluciones/RESOLUCIONES%202007/RES%202007%203701%20AL%203800/RESOLUCION%203800%20DE%202007.pdf HTTP/1.0" 200 486730
186.102.110.74 - - [31/Dec/2023:13:25:10 -0500] "GET /mesa/contrasena.pdf HTTP/1.1" 200 443199
186.102.110.74 - - [31/Dec/2023:13:25:12 -0500] "GET /mesa/contrasena.pdf HTTP/1.1" 200 443199
156.59.198.136 - - [31/Dec/2023:13:25:14 -0500] "GET /BLA/resoluciones/Notificaciones/REGISTROS%202018/R.PEV.pdf HTTP/1.0" 200 264944
201.245.192.253 - - [31/Dec/2023:13:25:16 -0500] "POST /kwsrmcab/Wsrmcab  HTTP/1.1" 200 36178
156.59.198.135 - - [31/Dec/2023:13:25:39 -0500] "GET /BLA/resoluciones/RESOLUCIONES%202007/RES%202007%203701%20AL%203800/RESOLUCION%203722%20DE%202007.pdf HTTP/1.0" 200 248511
201.245.192.253 - - [31/Dec/2023:13:25:41 -0500] "POST /kwsrmcab/Wsrmcab HTTP/1.1" 200 37054
199.16.157.182 - - [31/Dec/2023:13:25:44 -0500] "GET /images/cronica-mujer-biodiveridad-30-noviembre.jpg HTTP/1.1" 200 63270
199.16.157.182 - - [31/Dec/2023:13:25:45 -0500] "GET /con-pinceles-y-acuarelas-veronica-martinez-protege-la-biodiversidad.html HTTP/1.1" 200 990
201.245.192.253 - - [31/Dec/2023:13:25:44 -0500] "POST /kwsrmcab/Wsrmcab HTTP/1.1" 200 37043
172.22.2.4 - - [31/Dec/2023:13:24:07 -0500] "HEAD /BLA/boletinlegal/ HTTP/1.1" 200 -
216.245.221.92 - - [31/Dec/2023:13:25:58 -0500] "HEAD / HTTP/1.1" 200 -
156.59.198.135 - - [31/Dec/2023:13:26:03 -0500] "GET /BLA/resoluciones/RESOLUCIONES%202007/RES%202007%203701%20AL%203800/RESOLUCION%203731%20DE%202007.pdf HTTP/1.0" 200 166462
156.59.198.136 - - [31/Dec/2023:13:26:27 -0500] "GET /BLA/resoluciones/Notificaciones/REGISTROS%202018/01662.pdf HTTP/1.0" 200 269897
52.167.144.166 - - [31/Dec/2023:13:26:35 -0500] "GET /BLA/resoluciones/RESOLUCIONES%202018/1796.pdf HTTP/1.1" 200 3287103
172.22.2.4 - - [31/Dec/2023:13:24:58 -0500] "GET /BLA/boletinlegal/ HTTP/1.1" 200 56478
156.59.198.136 - - [31/Dec/2023:13:26:53 -0500] "GET /BLA/resoluciones/Notificaciones/REGISTROS%202018/0501.pdf HTTP/1.0" 200 269022
156.59.198.136 - - [31/Dec/2023:13:27:16 -0500] "GET /BLA/resoluciones/Notificaciones/REGISTROS%202018/01175.pdf HTTP/1.0" 200 269255
156.59.198.135 - - [31/Dec/2023:13:27:41 -0500] "GET /BLA/resoluciones/RESOLUCIONES%202007/RES%202007%203701%20AL%203800/RESOLUCION%203762%20DE%202007.pdf HTTP/1.0" 200 68019
156.59.198.135 - - [31/Dec/2023:13:28:06 -0500] "GET /BLA/resoluciones/RESOLUCIONES%202011/0693.pdf HTTP/1.0" 200 334457
156.59.198.136 - - [31/Dec/2023:13:28:30 -0500] "GET /BLA/resoluciones/RESOLUCIONES%202011/0958.pdf HTTP/1.0" 200 77145
156.59.198.135 - - [31/Dec/2023:13:28:54 -0500] "GET /BLA/resoluciones/Notificaciones/REGISTROS%202018/0103.pdf HTTP/1.0" 200 266817
156.59.198.135 - - [31/Dec/2023:13:29:18 -0500] "GET /BLA/resoluciones/RESOLUCIONES%202011/0039.pdf HTTP/1.0" 200 555426
156.59.198.136 - - [31/Dec/2023:13:29:43 -0500] "GET /BLA/resoluciones/RESOLUCIONES%202011/0961.pdf HTTP/1.0" 200 71421
201.245.192.253 - - [31/Dec/2023:13:29:47 -0500] "POST /kwsrmcab/Wsrmcab HTTP/1.1" 200 37054
201.245.192.253 - - [31/Dec/2023:13:29:52 -0500] "POST /kwsrmcab/Wsrmcab HTTP/1.1" 200 37043
156.59.198.135 - - [31/Dec/2023:13:30:08 -0500] "GET /BLA/resoluciones/RESOLUCIONES%202011/1878.pdf HTTP/1.0" 200 514919
201.245.192.253 - - [31/Dec/2023:13:30:14 -0500] "POST /kwsrmcab/Wsrmcab  HTTP/1.1" 200 36178
156.59.198.136 - - [31/Dec/2023:13:30:32 -0500] "GET /BLA/resoluciones/RESOLUCIONES%202011/1270.pdf HTTP/1.0" 200 410608
156.59.198.135 - - [31/Dec/2023:13:30:56 -0500] "GET /BLA/resoluciones/RESOLUCIONES%202011/0684.pdf HTTP/1.0" 200 72427
216.245.221.92 - - [31/Dec/2023:13:30:58 -0500] "HEAD / HTTP/1.1" 200 -
156.59.198.135 - - [31/Dec/2023:13:31:21 -0500] "GET /BLA/resoluciones/Notificaciones/REGISTROS%202018/1885.pdf HTTP/1.0" 200 259224
52.167.144.219 - - [31/Dec/2023:13:31:27 -0500] "GET /BLA/resoluciones/RESOLUCIONES%202021/5620.pdf HTTP/1.1" 200 470741
52.167.144.18 - - [31/Dec/2023:13:31:31 -0500] "GET /BLA/resoluciones/AUTOS%202023/9267.pdf HTTP/1.1" 200 511710
172.22.2.4 - - [31/Dec/2023:13:29:57 -0500] "HEAD /BLA/boletinlegal/ HTTP/1.1" 200 -
156.59.198.136 - - [31/Dec/2023:13:31:44 -0500] "GET /BLA/resoluciones/RESOLUCIONES%202007/RES%202007%203701%20AL%203800/RESOLUCION%203758%20DE%202007.pdf HTTP/1.0" 200 121754
156.59.198.136 - - [31/Dec/2023:13:32:08 -0500] "GET /BLA/resoluciones/RESOLUCIONES%202011/0348%20.PDF HTTP/1.0" 200 62074
172.22.2.4 - - [31/Dec/2023:13:30:48 -0500] "GET /BLA/boletinlegal/ HTTP/1.1" 200 60910
156.59.198.135 - - [31/Dec/2023:13:32:33 -0500] "GET /BLA/resoluciones/RESOLUCIONES%202007/RES%202007%203701%20AL%203800/RESOLUCION%203761%20DE%202007.pdf HTTP/1.0" 200 855722
186.102.83.24 - - [31/Dec/2023:13:32:42 -0500] "GET /kwssiamovil/sm/acme/a?s=U2FsdGVkX195oFq++pkswngjTqcyR7ShgRxsbE2v8ABZR1L5bw3eY8i9P1aBT9wi77seNE/Z82ifPi+qIGhW3nvtW//7tPWv0FLEk4pWHEIhiuoTXmWuES3rro4BaNTqfRuye8zKKslBDUtrXmovmlHKcOypiTUuXatUc2kcSW1M+gvP7K1H6rA0ddqOclipJB5p9AGUmIxtOVdFUbqXIulqe6b2hYA4NnTKQxcFJsTwrRiau0w0IgBTxZp9FHmJx+4Q5kLYWkc+HYFlrUNf1Q==&u=U2FsdGVkX1/NFcQsGQUr74cMSRzYS6C8eT9ckszO8OsmF3a515xkN4x6IL6mqqp2&y=U2FsdGVkX1/tBFstN42BC4NBS9Xsvci09L0qpDq5OpBVlYboI1DuaE+RzGfDxvjP HTTP/1.1" 200 26
186.102.83.24 - - [31/Dec/2023:13:32:43 -0500] "GET /kwssiamovil/sm/acme/a?s=U2FsdGVkX18NjbsK49EOo4Exty6XB6UY2IslRiPH/M02KPbxBbtgJvYeNSlzj+W25LX6rKyP68cxjTG9uOHotCWAgHXK+wzppuGBhO4WyOguwLGHIwIaOMFVnGz+D++iJqXBPk03WMiye6aKNdYqtBvnYffVIIHrHAgX15uishoIMq1lBPlzMncbUUzu5o3awjxo0C7+DYvcl2OAxNSGBjmgOPfqprTdEgFEnvSbaqaNOFW8ec+Iffh/VmKJO5TR+1McF8m2S8wswb9ADEm9QOuojcrBjlIwraQ81ZqEuj/NN5S8WPdMZuraTcinv2xrpT1HCa6uo4V6/qA7qYkHaGccESYF/WsP5qKBdjmzXw0zoE1kEA5EowRag5zUC4x85/88UK+qyQbrrqG6tAaN+wGZhHgh1imHxyV6XvSN7FoDiozz3L6TPnHJ9UB4h2GUnn5qSpHb90cFLSh9ofirQUDvRCn8cqyz5F1lto38EX1D65nh9RcGFMCPi1mMlqWIgYwDJYmyvbDT2UJZkRa59F2VPkGPh4ImiiG2/QDxK09YuIPPNBo2vk6Yx3qhuBTV/9IYTsA51YPnrqMh7V+XENJQQVripYfRYCcsEcT9VE3zwgJCUutSN0dlMI9Fnl9phldgUNmkPAliDf/p+eT8/L0YYJ48AYC1fk6yCXzeU1Ph2U2qikieuLGwNhZGsoKe1T+RJnZt/6rwvoIGwGiEryorCtAf9zEKYi6q1aYBhMCZTAHrOItuNf/U148rgcMquH7k0uofRgxV0hEk8fYnEpwDiZ79EPSaHlq2S47Zw1FnN4caqAlO0/I5W2KwjR1nJS9Hwq0xPXyF23LECOy0M1eVY7MLOwqL9nBUkOaYVzNZAmPphIL4jxNz1+CeYtH3eALoObuvz2rfn0XWejarWnzQrMCLg5ZVkYlMMagYRfZv/5RyaVbOH5cQRA3KDbesqKGdEISBjSi4yH6VkQqu4R3tGsbfOptuKPWCZJjRwJR2kkrImuCRKKqYDEt1vRMyC8hVvEXRHV9yPcYADL6qUDyVBQNztIWutGYLJUKWFr4vfnMfkoUALzkUQAr8LQmPMWTQVYIsbX5orIbQwZKfImTAASefZ/dsJKAX0qRGsPozAUcCUjSC2AI9WGjhGE89G4V6j5fXcc02xFWuRLkUhbVOhzuwxD9m1/dcscl4geTrBLf8SPBKq5na1qX4mrhhnmIQQFCRWwTSwmgulduqnmqiJUE9sTcZOEDaR4ijPdYYZcEsGpqaksWyptkQsL+LW2LDtcw5KqT2kOoDIVarpGjCZQf/HaUtqEKcJKDTnK0ncdKTx6JO9PdcrPuguHMi5qgrMsyba/lVqNTSPvN85HHKpHGwNThDM2Ja4AyoQExaKRP7b0L7qAfo7hBWk/GgykteLQO0I757vXMpl1r7mtOGXBseHJ2fUxpnflZufysGHZet5kkC5xPHBaCxvoPOygWhnsA9MbniwuLmf3HJ1lauUaUf7Vzj2a3ThGi3iJGEsz+V9PzqKvo4IeNVPFGnntgPcRAz0bjTpUNxz3izrO89pg0tHFFvSyfRs+EGcZrtSvQeAREsk9OgjVKyuJAN9SfOSmOEsYRfMMW5SzZHdk84/UXDtvW/La8g3iPPE0ngtyWcda+dT0usUfT1i9gIyAawXbRgeRs++kenqGXvrntxPTajiG/wZIeLLJ4H3/GlB/zhszL/a8ZHH1MJhm0mQmVS4cwhUmYYZi2h/U2eqrUyosK6KJvyjB2XJTSl9nweec2obmHCSFG1OMQe72+4l0uqBYaCaJJktTOFUx1W08PEsoRPhV+P8SWjovetbcm0bMj+f6RelvMzrrfMU5E/TG+1KqP8QQZYl4EDIRgqEDaAR+bz0m6ohw7EyVkqca3eXSQmctoA+16BD8SrUTFXDryrWH9+Y6a8X5QR+4hNwMhZiIl203y3ANKz0Ytih0VZKOJEFbPwUeZVD0QYmBEJBo0ryii6DQtb0ZB3YFbCGJej/hdjxNKrL2p/fQpAtJ5yiItTTxQMQDScMCngi+fcZN1vIbTMWmogbfYSr+e31p3WlSzav5UQC6OxsWa1FJ0S57+qZzQgVmpgKimAdWFeMQOm2k3RfNlITax+xu/NXedc9PSnETJJo6gZegnzthGUltl+3senTlbsOcj2npCWfqkETTkWmyAfQRqr5cCufhKOBFmdRpSfKi7N2L6Q9yDxUMkXe6PamjL2Iw5qe6AUCR2tniWOxovbdy7g0udNRmnSzNaqd9zupURU5Vitm0QmY+keVJ4PXC+3FGcJQsj7&u=U2FsdGVkX1/NFcQsGQUr74cMSRzYS6C8eT9ckszO8OsmF3a515xkN4x6IL6mqqp2&y=U2FsdGVkX1/tBFstN42BC4NBS9Xsvci09L0qpDq5OpBVlYboI1DuaE+RzGfDxvjP HTTP/1.1" 200 26
186.102.83.24 - - [31/Dec/2023:13:32:43 -0500] "GET /kwssiamovil/sm/acme/a?s=U2FsdGVkX19HxfAfQ05e11ElFTpKgFG7Mh4OVMZKIJnPP3fTCap0JrGZ2Qf5TtScH5N1Vo1tuBx8WhmhnPM6fcX2rRr/uaQ+/BcDoXLIwcHIbHv/eklgTxW8d9XN5TYfvKcqB0N1IOmBguYlbFN1KVeQ2AlCP1glfWMEnH/Qwyg=&u=U2FsdGVkX1/NFcQsGQUr74cMSRzYS6C8eT9ckszO8OsmF3a515xkN4x6IL6mqqp2&y=U2FsdGVkX1/tBFstN42BC4NBS9Xsvci09L0qpDq5OpBVlYboI1DuaE+RzGfDxvjP HTTP/1.1" 200 26
186.102.83.24 - - [31/Dec/2023:13:32:43 -0500] "GET /kwssiamovil/sm/acme/a?s=U2FsdGVkX1+w6qlB+RO6ueIxqb8HmsZnrfYLUOB5HM1v7dIDxWfHwz7aaq7uUiH28MRxEeZEvYcUsOlYOY7nzB5ESf3WVOK9Uq/gz9PcCOYrf40MjLAYhwHzn4m6jrfx9w6UwxmsHXXQxvudDS+RwymxGomjIF0tAw0WXpyocww=&u=U2FsdGVkX1/NFcQsGQUr74cMSRzYS6C8eT9ckszO8OsmF3a515xkN4x6IL6mqqp2&y=U2FsdGVkX1/tBFstN42BC4NBS9Xsvci09L0qpDq5OpBVlYboI1DuaE+RzGfDxvjP HTTP/1.1" 200 26
186.102.83.24 - - [31/Dec/2023:13:32:44 -0500] "GET /kwssiamovil/sm/acme/a?s=U2FsdGVkX18wQmsLbvxtk9Xt79Y8qSNRfFxBjVfvh/ECTvx6ygupXJZKmq1OZqEqGZqIoKIr1Je1PJxRAc1UHeQdYDnCK+iP/gZiI044wUmgsHkd0IcZTJ7U855vM9uKoSCLZMtG83GrQrdBtt4BmRfBtT/0xSI/xaaPeZ0+QQE=&u=U2FsdGVkX1/NFcQsGQUr74cMSRzYS6C8eT9ckszO8OsmF3a515xkN4x6IL6mqqp2&y=U2FsdGVkX1/tBFstN42BC4NBS9Xsvci09L0qpDq5OpBVlYboI1DuaE+RzGfDxvjP HTTP/1.1" 200 26
186.102.83.24 - - [31/Dec/2023:13:32:44 -0500] "GET /kwssiamovil/sm/acme/a?s=U2FsdGVkX1/xToj06dxgTeeEHruCiU18EHOzHkdp/pHmRyQi32VhcjLpF88ivQtOzwIaskbyj0HrhpTPQg07bpPRmM2ZWzlb0Wzzdxo9ObCrKDLdaPAWxC9ZcYP7RZkfb9aS3Hnf0fEKItEfmB+IiRrf8Q0xkZ0dTt/d/G1xMlhTvMAIpxsfVzwaCRRUTj451sZxX84JShVYgpCyRDhb9Q==&u=U2FsdGVkX1/NFcQsGQUr74cMSRzYS6C8eT9ckszO8OsmF3a515xkN4x6IL6mqqp2&y=U2FsdGVkX1/tBFstN42BC4NBS9Xsvci09L0qpDq5OpBVlYboI1DuaE+RzGfDxvjP HTTP/1.1" 200 26
156.59.198.135 - - [31/Dec/2023:13:32:57 -0500] "GET /BLA/resoluciones/RESOLUCIONES%202011/0735.pdf HTTP/1.0" 200 259112
156.59.198.136 - - [31/Dec/2023:13:33:22 -0500] "GET /BLA/resoluciones/RESOLUCIONES%202011/0421.pdf HTTP/1.0" 200 71783
156.59.198.135 - - [31/Dec/2023:13:33:47 -0500] "GET /BLA/resoluciones/RESOLUCIONES%202011/1524.pdf HTTP/1.0" 200 232726
156.59.198.135 - - [31/Dec/2023:13:34:11 -0500] "GET /BLA/resoluciones/RESOLUCIONES%202011/0333.pdf HTTP/1.0" 200 89709
156.59.198.136 - - [31/Dec/2023:13:34:35 -0500] "GET /BLA/resoluciones/RESOLUCIONES%202011/1109.pdf HTTP/1.0" 200 262443
156.59.198.136 - - [31/Dec/2023:13:35:00 -0500] "GET /BLA/resoluciones/RESOLUCIONES%202011/1868.pdf HTTP/1.0" 200 513716
201.245.192.253 - - [31/Dec/2023:13:35:14 -0500] "POST /kwsrmcab/Wsrmcab  HTTP/1.1" 200 36178
156.59.198.135 - - [31/Dec/2023:13:35:24 -0500] "GET /BLA/resoluciones/RESOLUCIONES%202011/1831.pdf HTTP/1.0" 200 496390
201.245.192.253 - - [31/Dec/2023:13:35:41 -0500] "POST /kwsrmcab/Wsrmcab HTTP/1.1" 200 37054
201.245.192.253 - - [31/Dec/2023:13:35:44 -0500] "POST /kwsrmcab/Wsrmcab HTTP/1.1" 200 37043
156.59.198.135 - - [31/Dec/2023:13:35:49 -0500] "GET /BLA/resoluciones/RESOLUCIONES%202011/0304.pdf HTTP/1.0" 200 72597
216.245.221.92 - - [31/Dec/2023:13:35:58 -0500] "HEAD / HTTP/1.1" 200 -
156.59.198.136 - - [31/Dec/2023:13:36:13 -0500] "GET /BLA/resoluciones/RESOLUCIONES%202011/0541.pdf HTTP/1.0" 200 71373
156.59.198.135 - - [31/Dec/2023:13:36:38 -0500] "GET /BLA/resoluciones/RESOLUCIONES%202011/0445.pdf HTTP/1.0" 200 86513
156.59.198.135 - - [31/Dec/2023:13:37:01 -0500] "GET /BLA/resoluciones/RESOLUCIONES%202011/0483.pdf HTTP/1.0" 200 693544
40.77.167.64 - - [31/Dec/2023:13:37:07 -0500] "GET /BLA/resoluciones/RESOLUCIONES%202023/1674.pdf HTTP/1.1" 200 328040
156.59.198.135 - - [31/Dec/2023:13:37:25 -0500] "GET /BLA/resoluciones/RESOLUCIONES%202011/0479.pdf HTTP/1.0" 200 370985
172.22.2.4 - - [31/Dec/2023:13:35:47 -0500] "HEAD /BLA/boletinlegal/ HTTP/1.1" 200 -
40.77.167.44 - - [31/Dec/2023:13:37:31 -0500] "GET /BLA/resoluciones/index.php?dir=AUTOS+2023%2F HTTP/1.1" 200 480435
156.59.198.136 - - [31/Dec/2023:13:37:51 -0500] "GET /BLA/resoluciones/RESOLUCIONES%202011/0434.pdf HTTP/1.0" 200 70497
156.59.198.136 - - [31/Dec/2023:13:38:15 -0500] "GET /BLA/resoluciones/AUTOS%202022/2853.pdf HTTP/1.0" 200 2638416
172.22.2.4 - - [31/Dec/2023:13:36:39 -0500] "GET /BLA/boletinlegal/ HTTP/1.1" 200 60502
156.59.198.135 - - [31/Dec/2023:13:38:39 -0500] "GET /BLA/resoluciones/AUTOS%202022/6414.pdf HTTP/1.0" 200 481567
156.59.198.135 - - [31/Dec/2023:13:39:04 -0500] "GET /BLA/resoluciones/AUTOS%202022/7703.pdf HTTP/1.0" 200 520275
156.59.198.136 - - [31/Dec/2023:13:39:28 -0500] "GET /BLA/resoluciones/AUTOS%202022/8541.pdf HTTP/1.0" 200 456787
201.245.192.253 - - [31/Dec/2023:13:39:47 -0500] "POST /kwsrmcab/Wsrmcab HTTP/1.1" 200 37054
156.59.198.136 - - [31/Dec/2023:13:39:52 -0500] "GET /BLA/resoluciones/RESOLUCIONES%202011/1814.pdf HTTP/1.0" 200 517290
201.245.192.253 - - [31/Dec/2023:13:39:52 -0500] "POST /kwsrmcab/Wsrmcab HTTP/1.1" 200 37043
40.77.167.67 - - [31/Dec/2023:13:39:55 -0500] "GET /BLA/resoluciones/AUTOS%202023/05913.pdf HTTP/1.1" 200 985212
40.77.167.76 - - [31/Dec/2023:13:40:00 -0500] "GET /BLA/resoluciones/AUTOS%202023/05965.pdf HTTP/1.1" 200 439055
40.77.167.76 - - [31/Dec/2023:13:40:00 -0500] "GET /BLA/resoluciones/AUTOS%202023/05933.pdf HTTP/1.1" 200 429617
40.77.167.76 - - [31/Dec/2023:13:40:01 -0500] "GET /BLA/resoluciones/AUTOS%202023/05566.pdf HTTP/1.1" 200 2658429
40.77.167.76 - - [31/Dec/2023:13:40:03 -0500] "GET /BLA/resoluciones/AUTOS%202023/5694.pdf HTTP/1.1" 200 422091
40.77.167.76 - - [31/Dec/2023:13:40:04 -0500] "GET /BLA/resoluciones/AUTOS%202023/05921.pdf HTTP/1.1" 200 986288
40.77.167.76 - - [31/Dec/2023:13:40:05 -0500] "GET /BLA/resoluciones/AUTOS%202023/05935.pdf HTTP/1.1" 200 425439
201.245.192.253 - - [31/Dec/2023:13:40:13 -0500] "POST /kwsrmcab/Wsrmcab  HTTP/1.1" 200 36178
156.59.198.135 - - [31/Dec/2023:13:40:17 -0500] "GET /BLA/resoluciones/AUTOS%202022/7530.pdf HTTP/1.0" 200 1829475
156.59.198.136 - - [31/Dec/2023:13:40:41 -0500] "GET /BLA/resoluciones/AUTOS%202022/4539.pdf HTTP/1.0" 200 1114976
216.245.221.92 - - [31/Dec/2023:13:40:58 -0500] "HEAD / HTTP/1.1" 200 -
156.59.198.135 - - [31/Dec/2023:13:41:06 -0500] "GET /BLA/resoluciones/RESOLUCIONES%202011/0680.pdf HTTP/1.0" 200 66557
156.59.198.136 - - [31/Dec/2023:13:41:30 -0500] "GET /BLA/resoluciones/AUTOS%202022/4877.pdf HTTP/1.0" 200 801325
156.59.198.136 - - [31/Dec/2023:13:41:53 -0500] "GET /BLA/resoluciones/RESOLUCIONES%202011/1758.pdf HTTP/1.0" 200 519882
156.59.198.135 - - [31/Dec/2023:13:42:18 -0500] "GET /BLA/resoluciones/Notificaciones/REGISTROS%202018/1502.pdf HTTP/1.0" 200 265879
40.77.167.64 - - [31/Dec/2023:13:42:29 -0500] "GET /BLA/resoluciones/AUTOS%202023/05840.pdf HTTP/1.1" 200 398670
156.59.198.135 - - [31/Dec/2023:13:42:42 -0500] "GET /BLA/resoluciones/AUTOS%202022/8126.pdf HTTP/1.0" 200 428191
156.59.198.135 - - [31/Dec/2023:13:43:06 -0500] "GET /BLA/resoluciones/RESOLUCIONES%202011/1598.pdf HTTP/1.0" 200 90729
40.77.167.67 - - [31/Dec/2023:13:43:08 -0500] "GET /BLA/resoluciones/AUTOS%202023/6008.pdf HTTP/1.1" 200 434014
66.249.77.67 - - [31/Dec/2023:13:43:18 -0500] "GET /cuales-son-los-tramites-ambientales-mas-solicitados-de-bogota.html HTTP/1.1" 200 840
172.22.2.4 - - [31/Dec/2023:13:41:38 -0500] "HEAD /BLA/boletinlegal/ HTTP/1.1" 200 -
156.59.198.135 - - [31/Dec/2023:13:43:30 -0500] "GET /BLA/resoluciones/AUTOS%202022/6367.pdf HTTP/1.0" 200 440141
156.59.198.136 - - [31/Dec/2023:13:43:55 -0500] "GET /BLA/resoluciones/AUTOS%202022/6372.pdf HTTP/1.0" 200 2253061
172.22.2.4 - - [31/Dec/2023:13:42:29 -0500] "GET /BLA/boletinlegal/ HTTP/1.1" 200 60502
156.59.198.135 - - [31/Dec/2023:13:44:19 -0500] "GET /BLA/resoluciones/AUTOS%202022/3662.pdf HTTP/1.0" 200 464026
156.59.198.135 - - [31/Dec/2023:13:44:43 -0500] "GET /BLA/resoluciones/RESOLUCIONES%202011/0601.pdf HTTP/1.0" 200 74671
162.55.175.142 - - [31/Dec/2023:13:44:53 -0500] "GET / HTTP/1.1" 200 319
162.55.175.142 - - [31/Dec/2023:13:44:53 -0500] "GET / HTTP/1.1" 200 4720
190.27.189.117 - - [31/Dec/2023:13:45:04 -0500] "GET /sipse/faces/index.xhtml HTTP/1.1" 200 677
190.27.189.117 - - [31/Dec/2023:13:45:04 -0500] "GET /sipse/faces/javax.faces.resource/theme.css?ln=primefaces-sipse HTTP/1.1" 304 -
190.27.189.117 - - [31/Dec/2023:13:45:04 -0500] "GET /sipse/faces/faces/autenticacion.xhtml HTTP/1.1" 200 12415
190.27.189.117 - - [31/Dec/2023:13:45:04 -0500] "GET /sipse/js/disable_browser_buttons.js HTTP/1.1" 304 -
190.27.189.117 - - [31/Dec/2023:13:45:04 -0500] "GET /sipse/js/funciones.js HTTP/1.1" 304 -
190.27.189.117 - - [31/Dec/2023:13:45:04 -0500] "GET /sipse/css/custom_css_sg.css HTTP/1.1" 304 -
190.27.189.117 - - [31/Dec/2023:13:45:04 -0500] "GET /sipse/faces/javax.faces.resource/theme.css?ln=primefaces-sipse HTTP/1.1" 304 -
190.27.189.117 - - [31/Dec/2023:13:45:04 -0500] "GET /sipse/faces/javax.faces.resource/primefaces.css?ln=primefaces&v=4.0 HTTP/1.1" 304 -
190.27.189.117 - - [31/Dec/2023:13:45:04 -0500] "GET /sipse/css/custom_css_sg_prime_login.css HTTP/1.1" 304 -
190.27.189.117 - - [31/Dec/2023:13:45:04 -0500] "GET /sipse/faces/javax.faces.resource/primefaces.js?ln=primefaces&v=4.0 HTTP/1.1" 304 -
190.27.189.117 - - [31/Dec/2023:13:45:04 -0500] "GET /sipse/faces/javax.faces.resource/layout/layout.css?ln=primefaces&v=4.0 HTTP/1.1" 304 -
190.27.189.117 - - [31/Dec/2023:13:45:04 -0500] "GET /sipse/faces/javax.faces.resource/jquery/jquery.js?ln=primefaces&v=4.0 HTTP/1.1" 304 -
190.27.189.117 - - [31/Dec/2023:13:45:04 -0500] "GET /sipse/faces/javax.faces.resource/jquery/jquery-plugins.js?ln=primefaces&v=4.0 HTTP/1.1" 304 -
190.27.189.117 - - [31/Dec/2023:13:45:04 -0500] "GET /sipse/faces/javax.faces.resource/layout/layout.js?ln=primefaces&v=4.0 HTTP/1.1" 304 -
190.27.189.117 - - [31/Dec/2023:13:45:04 -0500] "GET /sipse/css/imagen/loginimg.png HTTP/1.1" 304 -
190.27.189.117 - - [31/Dec/2023:13:45:04 -0500] "GET /sipse/css/imagen/logoSDG.png HTTP/1.1" 304 -
190.27.189.117 - - [31/Dec/2023:13:45:04 -0500] "GET /sipse/faces/javax.faces.resource/images/ui-icons_898989_256x240.png?ln=primefaces-aristo HTTP/1.1" 304 -
190.27.189.117 - - [31/Dec/2023:13:45:07 -0500] "POST /sipse/faces/autenticacion.xhtml HTTP/1.1" 200 12860
190.27.189.117 - - [31/Dec/2023:13:45:08 -0500] "GET /sipse/css/custom_css_sg_prime.css HTTP/1.1" 304 -
190.27.189.117 - - [31/Dec/2023:13:45:08 -0500] "GET /sipse/faces/javax.faces.resource/theme.css?ln=primefaces-sipse HTTP/1.1" 304 -
190.27.189.117 - - [31/Dec/2023:13:45:08 -0500] "GET /sipse/faces/javax.faces.resource/jquery/jquery.js?ln=primefaces&v=4.0 HTTP/1.1" 304 -
190.27.189.117 - - [31/Dec/2023:13:45:08 -0500] "GET /sipse/faces/javax.faces.resource/primefaces.css?ln=primefaces&v=4.0 HTTP/1.1" 304 -
190.27.189.117 - - [31/Dec/2023:13:45:08 -0500] "GET /sipse/faces/javax.faces.resource/layout/layout.css?ln=primefaces&v=4.0 HTTP/1.1" 304 -
190.27.189.117 - - [31/Dec/2023:13:45:08 -0500] "GET /sipse/faces/javax.faces.resource/jquery/jquery-plugins.js?ln=primefaces&v=4.0 HTTP/1.1" 304 -
190.27.189.117 - - [31/Dec/2023:13:45:08 -0500] "GET /sipse/faces/javax.faces.resource/primefaces.js?ln=primefaces&v=4.0 HTTP/1.1" 304 -
190.27.189.117 - - [31/Dec/2023:13:45:08 -0500] "GET /sipse/faces/javax.faces.resource/layout/layout.js?ln=primefaces&v=4.0 HTTP/1.1" 304 -
190.27.189.117 - - [31/Dec/2023:13:45:08 -0500] "GET /sipse/faces/javax.faces.resource/messages/messages.png?ln=primefaces&v=4.0 HTTP/1.1" 304 -
156.59.198.135 - - [31/Dec/2023:13:45:08 -0500] "GET /BLA/resoluciones/RESOLUCIONES%202011/0125.pdf HTTP/1.0" 200 512687
190.27.189.117 - - [31/Dec/2023:13:45:11 -0500] "POST /sipse/faces/presentacion/sistema/seguridad/seleccionRol.xhtml HTTP/1.1" 200 7225
190.27.189.117 - - [31/Dec/2023:13:45:12 -0500] "POST /sipse/faces/presentacion/sistema/seguridad/seleccionRol.xhtml HTTP/1.1" 200 17696
190.27.189.117 - - [31/Dec/2023:13:45:12 -0500] "GET /sipse/faces/javax.faces.resource/theme.css?ln=primefaces-sipse HTTP/1.1" 304 -
190.27.189.117 - - [31/Dec/2023:13:45:12 -0500] "GET /sipse/faces/javax.faces.resource/layout/layout.css?ln=primefaces&v=4.0 HTTP/1.1" 304 -
190.27.189.117 - - [31/Dec/2023:13:45:12 -0500] "GET /sipse/faces/javax.faces.resource/primefaces.css?ln=primefaces&v=4.0 HTTP/1.1" 304 -
190.27.189.117 - - [31/Dec/2023:13:45:12 -0500] "GET /sipse/js/jquery.min.js HTTP/1.1" 304 -
190.27.189.117 - - [31/Dec/2023:13:45:12 -0500] "GET /sipse/faces/javax.faces.resource/jquery/jquery.js?ln=primefaces&v=4.0 HTTP/1.1" 304 -
190.27.189.117 - - [31/Dec/2023:13:45:12 -0500] "GET /sipse/faces/javax.faces.resource/jquery/jquery-plugins.js?ln=primefaces&v=4.0 HTTP/1.1" 304 -
190.27.189.117 - - [31/Dec/2023:13:45:12 -0500] "GET /sipse/faces/javax.faces.resource/primefaces.js?ln=primefaces&v=4.0 HTTP/1.1" 304 -
