40.77.167.13 - - [02/Jan/2024:20:12:14 -0500] "GET /BLA/resoluciones/AUTOS%202023/5942.pdf HTTP/1.1" 200 516277
156.59.198.135 - - [02/Jan/2024:20:12:23 -0500] "GET /BLA/resoluciones/RESOLUCIONES%202012/0896.pdf HTTP/1.0" 200 342700
201.245.192.253 - - [02/Jan/2024:20:12:37 -0500] "POST /kwsrmcab/Wsrmcab  HTTP/1.1" 200 40331
216.244.66.195 - - [02/Jan/2024:20:12:46 -0500] "GET /robots.txt HTTP/1.1" 404 1018
156.59.198.136 - - [02/Jan/2024:20:12:48 -0500] "GET /BLA/resoluciones/RESOLUCIONES%202012/1562.pdf HTTP/1.0" 200 1158287
156.59.198.136 - - [02/Jan/2024:20:13:12 -0500] "GET /BLA/resoluciones/RESOLUCIONES%202012/0532.pdf HTTP/1.0" 200 339706
156.59.198.136 - - [02/Jan/2024:20:13:37 -0500] "GET /BLA/resoluciones/RESOLUCIONES%202012/0624.pdf HTTP/1.0" 200 424492
156.59.198.135 - - [02/Jan/2024:20:14:01 -0500] "GET /BLA/resoluciones/RESOLUCIONES%202012/1913.pdf HTTP/1.0" 200 422045
156.59.198.136 - - [02/Jan/2024:20:14:24 -0500] "GET /BLA/resoluciones/RESOLUCIONES%202012/0934.pdf HTTP/1.0" 200 465139
156.59.198.135 - - [02/Jan/2024:20:14:49 -0500] "GET /BLA/resoluciones/RESOLUCIONES%202012/1262.pdf HTTP/1.0" 200 914571
156.59.198.135 - - [02/Jan/2024:20:15:13 -0500] "GET /BLA/resoluciones/RESOLUCIONES%202012/0675.pdf HTTP/1.0" 200 437244
172.22.2.4 - - [02/Jan/2024:20:15:17 -0500] "GET /BLA/boletinlegal/nmaplowercheck1704244507 HTTP/1.1" 404 1018
172.22.2.4 - - [02/Jan/2024:20:15:17 -0500] "POST /BLA/boletinlegal/sdk HTTP/1.1" 404 1018
172.22.2.4 - - [02/Jan/2024:20:15:19 -0500] "GET /BLA/boletinlegal/evox/about HTTP/1.1" 404 1018
172.22.2.4 - - [02/Jan/2024:20:15:19 -0500] "GET /BLA/boletinlegal/HNAP1 HTTP/1.1" 404 1018
200.69.84.134 - - [02/Jan/2024:20:15:24 -0500] "GET /sipse/faces/index.xhtml HTTP/1.1" 200 677
200.69.84.134 - - [02/Jan/2024:20:15:24 -0500] "GET /sipse/faces/javax.faces.resource/theme.css?ln=primefaces-sipse HTTP/1.1" 304 -
200.69.84.134 - - [02/Jan/2024:20:15:24 -0500] "GET /sipse/faces/faces/autenticacion.xhtml HTTP/1.1" 200 12409
200.69.84.134 - - [02/Jan/2024:20:15:24 -0500] "GET /favicon.ico HTTP/1.1" 200 7782
200.69.84.134 - - [02/Jan/2024:20:15:24 -0500] "GET /sipse/faces/javax.faces.resource/theme.css?ln=primefaces-sipse HTTP/1.1" 304 -
200.69.84.134 - - [02/Jan/2024:20:15:24 -0500] "GET /sipse/faces/javax.faces.resource/primefaces.css?ln=primefaces&v=4.0 HTTP/1.1" 304 -
200.69.84.134 - - [02/Jan/2024:20:15:24 -0500] "GET /sipse/faces/javax.faces.resource/layout/layout.css?ln=primefaces&v=4.0 HTTP/1.1" 304 -
200.69.84.134 - - [02/Jan/2024:20:15:24 -0500] "GET /sipse/faces/javax.faces.resource/jquery/jquery.js?ln=primefaces&v=4.0 HTTP/1.1" 304 -
200.69.84.134 - - [02/Jan/2024:20:15:24 -0500] "GET /sipse/faces/javax.faces.resource/primefaces.js?ln=primefaces&v=4.0 HTTP/1.1" 304 -
200.69.84.134 - - [02/Jan/2024:20:15:24 -0500] "GET /sipse/faces/javax.faces.resource/jquery/jquery-plugins.js?ln=primefaces&v=4.0 HTTP/1.1" 304 -
200.69.84.134 - - [02/Jan/2024:20:15:24 -0500] "GET /sipse/faces/javax.faces.resource/layout/layout.js?ln=primefaces&v=4.0 HTTP/1.1" 304 -
200.69.84.134 - - [02/Jan/2024:20:15:26 -0500] "GET /sipse/faces/javax.faces.resource/images/ui-icons_898989_256x240.png?ln=primefaces-aristo HTTP/1.1" 304 -
200.69.84.134 - - [02/Jan/2024:20:15:29 -0500] "POST /sipse/faces/autenticacion.xhtml HTTP/1.1" 200 12854
200.69.84.134 - - [02/Jan/2024:20:15:29 -0500] "GET /sipse/faces/javax.faces.resource/theme.css?ln=primefaces-sipse HTTP/1.1" 304 -
200.69.84.134 - - [02/Jan/2024:20:15:29 -0500] "GET /sipse/faces/javax.faces.resource/layout/layout.css?ln=primefaces&v=4.0 HTTP/1.1" 304 -
200.69.84.134 - - [02/Jan/2024:20:15:29 -0500] "GET /sipse/faces/javax.faces.resource/jquery/jquery.js?ln=primefaces&v=4.0 HTTP/1.1" 304 -
200.69.84.134 - - [02/Jan/2024:20:15:29 -0500] "GET /sipse/faces/javax.faces.resource/primefaces.css?ln=primefaces&v=4.0 HTTP/1.1" 304 -
200.69.84.134 - - [02/Jan/2024:20:15:29 -0500] "GET /sipse/faces/javax.faces.resource/jquery/jquery-plugins.js?ln=primefaces&v=4.0 HTTP/1.1" 304 -
200.69.84.134 - - [02/Jan/2024:20:15:29 -0500] "GET /sipse/faces/javax.faces.resource/primefaces.js?ln=primefaces&v=4.0 HTTP/1.1" 304 -
200.69.84.134 - - [02/Jan/2024:20:15:29 -0500] "GET /sipse/faces/javax.faces.resource/layout/layout.js?ln=primefaces&v=4.0 HTTP/1.1" 304 -
200.69.84.134 - - [02/Jan/2024:20:15:29 -0500] "GET /sipse/faces/javax.faces.resource/messages/messages.png?ln=primefaces&v=4.0 HTTP/1.1" 304 -
201.245.192.253 - - [02/Jan/2024:20:15:31 -0500] "POST /kwsrmcab/Wsrmcab HTTP/1.1" 200 41203
200.69.84.134 - - [02/Jan/2024:20:15:34 -0500] "POST /sipse/faces/presentacion/sistema/seguridad/seleccionRol.xhtml HTTP/1.1" 200 7225
200.69.84.134 - - [02/Jan/2024:20:15:35 -0500] "POST /sipse/faces/presentacion/sistema/seguridad/seleccionRol.xhtml HTTP/1.1" 200 16459
200.69.84.134 - - [02/Jan/2024:20:15:35 -0500] "GET /sipse/faces/javax.faces.resource/theme.css?ln=primefaces-sipse HTTP/1.1" 304 -
200.69.84.134 - - [02/Jan/2024:20:15:35 -0500] "GET /sipse/faces/javax.faces.resource/primefaces.css?ln=primefaces&v=4.0 HTTP/1.1" 304 -
200.69.84.134 - - [02/Jan/2024:20:15:35 -0500] "GET /sipse/faces/javax.faces.resource/layout/layout.css?ln=primefaces&v=4.0 HTTP/1.1" 304 -
200.69.84.134 - - [02/Jan/2024:20:15:35 -0500] "GET /sipse/faces/javax.faces.resource/jquery/jquery.js?ln=primefaces&v=4.0 HTTP/1.1" 304 -
200.69.84.134 - - [02/Jan/2024:20:15:35 -0500] "GET /sipse/faces/javax.faces.resource/jquery/jquery-plugins.js?ln=primefaces&v=4.0 HTTP/1.1" 304 -
200.69.84.134 - - [02/Jan/2024:20:15:35 -0500] "GET /sipse/faces/javax.faces.resource/primefaces.js?ln=primefaces&v=4.0 HTTP/1.1" 304 -
200.69.84.134 - - [02/Jan/2024:20:15:35 -0500] "GET /sipse/faces/javax.faces.resource/layout/layout.js?ln=primefaces&v=4.0 HTTP/1.1" 304 -
200.69.84.134 - - [02/Jan/2024:20:15:36 -0500] "GET /sipse/css/imagen/contrasena.png HTTP/1.1" 404 383
201.245.192.253 - - [02/Jan/2024:20:15:34 -0500] "POST /kwsrmcab/Wsrmcab HTTP/1.1" 200 34829
200.69.84.134 - - [02/Jan/2024:20:15:37 -0500] "GET /sipse/faces/javax.faces.resource/images/ui-bg_flat_0_2d5972_40x100.png?ln=primefaces-aristo HTTP/1.1" 304 -
200.69.84.134 - - [02/Jan/2024:20:15:37 -0500] "POST /sipse/faces/bienvenido.xhtml HTTP/1.1" 200 2073
156.59.198.136 - - [02/Jan/2024:20:15:37 -0500] "GET /BLA/resoluciones/RESOLUCIONES%202012/1877.pdf HTTP/1.0" 200 647929
200.69.84.134 - - [02/Jan/2024:20:15:38 -0500] "POST /sipse/faces/bienvenido.xhtml HTTP/1.1" 200 39098
200.69.84.134 - - [02/Jan/2024:20:15:38 -0500] "GET /sipse/faces/javax.faces.resource/theme.css?ln=primefaces-sipse HTTP/1.1" 304 -
200.69.84.134 - - [02/Jan/2024:20:15:38 -0500] "GET /sipse/faces/javax.faces.resource/primefaces.css?ln=primefaces&v=4.0 HTTP/1.1" 304 -
200.69.84.134 - - [02/Jan/2024:20:15:38 -0500] "GET /sipse/faces/javax.faces.resource/layout/layout.css?ln=primefaces&v=4.0 HTTP/1.1" 304 -
200.69.84.134 - - [02/Jan/2024:20:15:39 -0500] "GET /sipse/faces/javax.faces.resource/jquery/jquery.js?ln=primefaces&v=4.0 HTTP/1.1" 304 -
200.69.84.134 - - [02/Jan/2024:20:15:39 -0500] "GET /sipse/faces/javax.faces.resource/jquery/jquery-plugins.js?ln=primefaces&v=4.0 HTTP/1.1" 304 -
200.69.84.134 - - [02/Jan/2024:20:15:39 -0500] "GET /sipse/faces/javax.faces.resource/primefaces.js?ln=primefaces&v=4.0 HTTP/1.1" 304 -
200.69.84.134 - - [02/Jan/2024:20:15:39 -0500] "GET /sipse/faces/javax.faces.resource/layout/layout.js?ln=primefaces&v=4.0 HTTP/1.1" 304 -
172.22.2.4 - - [02/Jan/2024:20:15:43 -0500] "GET /BLA/boletinlegal/favicon.ico HTTP/1.1" 404 1018
172.22.2.4 - - [02/Jan/2024:20:14:39 -0500] "GET /BLA/boletinlegal/ HTTP/1.1" 200 24523
216.245.221.92 - - [02/Jan/2024:20:15:50 -0500] "HEAD / HTTP/1.1" 200 -
172.22.2.4 - - [02/Jan/2024:20:14:20 -0500] "HEAD /BLA/boletinlegal/ HTTP/1.1" 200 -
156.59.198.135 - - [02/Jan/2024:20:16:02 -0500] "GET /BLA/resoluciones/RESOLUCIONES%202012/0381.pdf HTTP/1.0" 200 1867317
172.22.2.4 - - [02/Jan/2024:20:15:21 -0500] "GET /BLA/boletinlegal/ HTTP/1.1" 200 20427
172.22.2.4 - - [02/Jan/2024:20:15:20 -0500] "GET /BLA/boletinlegal/ HTTP/1.1" 200 20427
156.59.198.135 - - [02/Jan/2024:20:16:26 -0500] "GET /BLA/resoluciones/RESOLUCIONES%202012/1029.pdf HTTP/1.0" 200 657371
172.22.2.4 - - [02/Jan/2024:20:15:16 -0500] "GET /BLA/boletinlegal/ HTTP/1.1" 200 20427
172.22.2.4 - - [02/Jan/2024:20:15:23 -0500] "GET /BLA/boletinlegal/ HTTP/1.1" 200 24523
172.22.2.4 - - [02/Jan/2024:20:15:22 -0500] "POST /BLA/boletinlegal/ HTTP/1.1" 200 24523
40.77.167.13 - - [02/Jan/2024:20:16:44 -0500] "GET /BLA/resoluciones/AUTOS%202023/5947.pdf HTTP/1.1" 200 561006
172.22.2.4 - - [02/Jan/2024:20:15:11 -0500] "GET /BLA/boletinlegal/ HTTP/1.1" 200 32715
156.59.198.136 - - [02/Jan/2024:20:16:50 -0500] "GET /BLA/resoluciones/RESOLUCIONES%202012/1499.pdf HTTP/1.0" 200 1849765
172.22.2.4 - - [02/Jan/2024:20:15:19 -0500] "GET /BLA/boletinlegal/ HTTP/1.1" 200 36166
200.69.82.62 - - [02/Jan/2024:20:17:00 -0500] "GET /appsia/controlador HTTP/1.1" 200 4799
200.69.82.62 - - [02/Jan/2024:20:17:00 -0500] "GET /appsia/css/estilos.css HTTP/1.1" 200 4804
200.69.82.62 - - [02/Jan/2024:20:17:00 -0500] "GET /appsia/scripts/validarIngreso.js HTTP/1.1" 200 851
200.69.82.62 - - [02/Jan/2024:20:17:00 -0500] "GET /appsia/images/logo_bogota_p.png HTTP/1.1" 200 14951
200.69.82.62 - - [02/Jan/2024:20:17:00 -0500] "GET /appsia/images/cabezoteHojaVida.png HTTP/1.1" 200 32493
200.69.82.62 - - [02/Jan/2024:20:17:01 -0500] "GET /favicon.ico HTTP/1.1" 200 7782
156.59.198.135 - - [02/Jan/2024:20:17:15 -0500] "GET /BLA/resoluciones/Acuerdos/Acuerdo%20No.%20735%20del%2009%20de%20enero%20de%202019.pdf HTTP/1.0" 200 8685487
200.69.82.62 - - [02/Jan/2024:20:17:18 -0500] "POST /appsia/controlador HTTP/1.1" 200 5437
40.77.167.10 - - [02/Jan/2024:20:17:19 -0500] "GET /BLA/resoluciones/RESOLUCIONES%202022/0783.pdf HTTP/1.1" 200 338006
201.245.192.253 - - [02/Jan/2024:20:17:35 -0500] "POST /kwsrmcab/Wsrmcab  HTTP/1.1" 200 40331
156.59.198.136 - - [02/Jan/2024:20:17:39 -0500] "GET /BLA/resoluciones/RESOLUCIONES%202012/1721.pdf HTTP/1.0" 200 1208192
40.77.167.13 - - [02/Jan/2024:20:17:45 -0500] "GET /Publicaciones/2023EE301181.pdf HTTP/1.1" 404 228
156.59.198.135 - - [02/Jan/2024:20:18:03 -0500] "GET /BLA/resoluciones/RESOLUCIONES%202012/1465.pdf HTTP/1.0" 200 1122371
40.77.167.13 - - [02/Jan/2024:20:18:04 -0500] "GET /BLA/resoluciones/AUTOS%202023/05436.pdf HTTP/1.1" 200 353044
172.22.2.4 - - [02/Jan/2024:20:16:41 -0500] "GET /BLA/boletinlegal/ HTTP/1.1" 200 52889
172.22.2.4 - - [02/Jan/2024:20:16:41 -0500] "GET /BLA/boletinlegal/ HTTP/1.1" 200 52889
156.59.198.136 - - [02/Jan/2024:20:18:28 -0500] "GET /BLA/resoluciones/RESOLUCIONES%202012/0057.pdf HTTP/1.0" 200 9472671
201.245.192.253 - - [02/Jan/2024:20:18:47 -0500] "GET /sipse/faces/index.xhtml HTTP/1.1" 200 677
201.245.192.253 - - [02/Jan/2024:20:18:47 -0500] "GET /sipse/faces/javax.faces.resource/theme.css?ln=primefaces-sipse HTTP/1.1" 304 -
201.245.192.253 - - [02/Jan/2024:20:18:47 -0500] "GET /sipse/faces/faces/autenticacion.xhtml HTTP/1.1" 200 12413
201.245.192.253 - - [02/Jan/2024:20:18:47 -0500] "GET /sipse/faces/javax.faces.resource/theme.css?ln=primefaces-sipse HTTP/1.1" 304 -
201.245.192.253 - - [02/Jan/2024:20:18:47 -0500] "GET /sipse/faces/javax.faces.resource/jquery/jquery.js?ln=primefaces&v=4.0 HTTP/1.1" 304 -
201.245.192.253 - - [02/Jan/2024:20:18:47 -0500] "GET /sipse/faces/javax.faces.resource/layout/layout.css?ln=primefaces&v=4.0 HTTP/1.1" 304 -
201.245.192.253 - - [02/Jan/2024:20:18:47 -0500] "GET /sipse/faces/javax.faces.resource/primefaces.css?ln=primefaces&v=4.0 HTTP/1.1" 304 -
201.245.192.253 - - [02/Jan/2024:20:18:47 -0500] "GET /sipse/faces/javax.faces.resource/primefaces.js?ln=primefaces&v=4.0 HTTP/1.1" 304 -
201.245.192.253 - - [02/Jan/2024:20:18:47 -0500] "GET /sipse/faces/javax.faces.resource/jquery/jquery-plugins.js?ln=primefaces&v=4.0 HTTP/1.1" 304 -
201.245.192.253 - - [02/Jan/2024:20:18:47 -0500] "GET /sipse/faces/javax.faces.resource/layout/layout.js?ln=primefaces&v=4.0 HTTP/1.1" 304 -
201.245.192.253 - - [02/Jan/2024:20:18:47 -0500] "GET /sipse/faces/javax.faces.resource/images/ui-icons_898989_256x240.png?ln=primefaces-aristo HTTP/1.1" 304 -
201.245.192.253 - - [02/Jan/2024:20:18:50 -0500] "POST /sipse/faces/autenticacion.xhtml HTTP/1.1" 200 11385
201.245.192.253 - - [02/Jan/2024:20:18:50 -0500] "GET /sipse/faces/javax.faces.resource/primefaces.css?ln=primefaces&v=4.0 HTTP/1.1" 304 -
201.245.192.253 - - [02/Jan/2024:20:18:50 -0500] "GET /sipse/faces/javax.faces.resource/theme.css?ln=primefaces-sipse HTTP/1.1" 304 -
201.245.192.253 - - [02/Jan/2024:20:18:50 -0500] "GET /sipse/faces/javax.faces.resource/jquery/jquery.js?ln=primefaces&v=4.0 HTTP/1.1" 304 -
201.245.192.253 - - [02/Jan/2024:20:18:50 -0500] "GET /sipse/faces/javax.faces.resource/layout/layout.css?ln=primefaces&v=4.0 HTTP/1.1" 304 -
201.245.192.253 - - [02/Jan/2024:20:18:50 -0500] "GET /sipse/faces/javax.faces.resource/jquery/jquery-plugins.js?ln=primefaces&v=4.0 HTTP/1.1" 304 -
201.245.192.253 - - [02/Jan/2024:20:18:50 -0500] "GET /sipse/faces/javax.faces.resource/primefaces.js?ln=primefaces&v=4.0 HTTP/1.1" 304 -
201.245.192.253 - - [02/Jan/2024:20:18:50 -0500] "GET /sipse/faces/javax.faces.resource/layout/layout.js?ln=primefaces&v=4.0 HTTP/1.1" 304 -
201.245.192.253 - - [02/Jan/2024:20:18:50 -0500] "GET /sipse/faces/javax.faces.resource/messages/messages.png?ln=primefaces&v=4.0 HTTP/1.1" 304 -
201.245.192.253 - - [02/Jan/2024:20:18:52 -0500] "POST /sipse/faces/presentacion/sistema/seguridad/seleccionRol.xhtml HTTP/1.1" 200 16491
201.245.192.253 - - [02/Jan/2024:20:18:52 -0500] "GET /sipse/faces/javax.faces.resource/theme.css?ln=primefaces-sipse HTTP/1.1" 304 -
201.245.192.253 - - [02/Jan/2024:20:18:52 -0500] "GET /sipse/faces/javax.faces.resource/layout/layout.css?ln=primefaces&v=4.0 HTTP/1.1" 304 -
201.245.192.253 - - [02/Jan/2024:20:18:52 -0500] "GET /sipse/faces/javax.faces.resource/primefaces.css?ln=primefaces&v=4.0 HTTP/1.1" 304 -
201.245.192.253 - - [02/Jan/2024:20:18:52 -0500] "GET /sipse/faces/javax.faces.resource/jquery/jquery.js?ln=primefaces&v=4.0 HTTP/1.1" 304 -
201.245.192.253 - - [02/Jan/2024:20:18:52 -0500] "GET /sipse/faces/javax.faces.resource/jquery/jquery-plugins.js?ln=primefaces&v=4.0 HTTP/1.1" 304 -
201.245.192.253 - - [02/Jan/2024:20:18:52 -0500] "GET /sipse/faces/javax.faces.resource/primefaces.js?ln=primefaces&v=4.0 HTTP/1.1" 304 -
201.245.192.253 - - [02/Jan/2024:20:18:52 -0500] "GET /sipse/faces/javax.faces.resource/layout/layout.js?ln=primefaces&v=4.0 HTTP/1.1" 304 -
201.245.192.253 - - [02/Jan/2024:20:18:52 -0500] "GET /sipse/css/imagen/contrasena.png HTTP/1.1" 404 383
156.59.198.135 - - [02/Jan/2024:20:18:53 -0500] "GET /BLA/resoluciones/RESOLUCIONES%202012/1312.pdf HTTP/1.0" 200 1167773
201.245.192.253 - - [02/Jan/2024:20:18:53 -0500] "GET /sipse/faces/javax.faces.resource/images/ui-bg_flat_0_2d5972_40x100.png?ln=primefaces-aristo HTTP/1.1" 304 -
201.245.192.253 - - [02/Jan/2024:20:18:53 -0500] "POST /sipse/faces/bienvenido.xhtml HTTP/1.1" 200 2658
201.245.192.253 - - [02/Jan/2024:20:18:54 -0500] "POST /sipse/faces/bienvenido.xhtml HTTP/1.1" 200 33149
201.245.192.253 - - [02/Jan/2024:20:18:54 -0500] "GET /sipse/faces/javax.faces.resource/theme.css?ln=primefaces-sipse HTTP/1.1" 304 -
201.245.192.253 - - [02/Jan/2024:20:18:54 -0500] "GET /sipse/faces/javax.faces.resource/primefaces.css?ln=primefaces&v=4.0 HTTP/1.1" 304 -
201.245.192.253 - - [02/Jan/2024:20:18:54 -0500] "GET /sipse/faces/javax.faces.resource/layout/layout.css?ln=primefaces&v=4.0 HTTP/1.1" 304 -
201.245.192.253 - - [02/Jan/2024:20:18:54 -0500] "GET /sipse/faces/javax.faces.resource/jquery/jquery.js?ln=primefaces&v=4.0 HTTP/1.1" 304 -
201.245.192.253 - - [02/Jan/2024:20:18:54 -0500] "GET /sipse/faces/javax.faces.resource/jquery/jquery-plugins.js?ln=primefaces&v=4.0 HTTP/1.1" 304 -
201.245.192.253 - - [02/Jan/2024:20:18:54 -0500] "GET /sipse/faces/javax.faces.resource/primefaces.js?ln=primefaces&v=4.0 HTTP/1.1" 304 -
201.245.192.253 - - [02/Jan/2024:20:18:54 -0500] "GET /sipse/faces/javax.faces.resource/layout/layout.js?ln=primefaces&v=4.0 HTTP/1.1" 304 -
201.245.192.253 - - [02/Jan/2024:20:18:54 -0500] "POST /sipse/faces/presentacion/financiero/solicitudProceso/listarSolicitudProceso.xhtml HTTP/1.1" 200 1376
201.245.192.253 - - [02/Jan/2024:20:18:55 -0500] "POST /sipse/faces/presentacion/financiero/solicitudProceso/listarSolicitudProceso.xhtml HTTP/1.1" 200 184
201.245.192.253 - - [02/Jan/2024:20:18:55 -0500] "POST /sipse/faces/presentacion/financiero/solicitudProceso/listarSolicitudProceso.xhtml HTTP/1.1" 200 184
201.245.192.253 - - [02/Jan/2024:20:18:55 -0500] "GET /sipse/faces/presentacion/financiero/solicitudAnulacion/solicitudAnulacion.xhtml HTTP/1.1" 200 29664
201.245.192.253 - - [02/Jan/2024:20:18:55 -0500] "GET /sipse/faces/presentacion/financiero/solicitudAnulacion/solicitudAnulacion.xhtml HTTP/1.1" 200 31257
201.245.192.253 - - [02/Jan/2024:20:18:55 -0500] "GET /sipse/faces/javax.faces.resource/theme.css?ln=primefaces-sipse HTTP/1.1" 304 -
201.245.192.253 - - [02/Jan/2024:20:18:55 -0500] "GET /sipse/faces/javax.faces.resource/layout/layout.css?ln=primefaces&v=4.0 HTTP/1.1" 304 -
201.245.192.253 - - [02/Jan/2024:20:18:55 -0500] "GET /sipse/faces/javax.faces.resource/jquery/jquery.js?ln=primefaces&v=4.0 HTTP/1.1" 304 -
201.245.192.253 - - [02/Jan/2024:20:18:55 -0500] "GET /sipse/faces/javax.faces.resource/jquery/jquery-plugins.js?ln=primefaces&v=4.0 HTTP/1.1" 304 -
201.245.192.253 - - [02/Jan/2024:20:18:55 -0500] "GET /sipse/faces/javax.faces.resource/primefaces.css?ln=primefaces&v=4.0 HTTP/1.1" 304 -
201.245.192.253 - - [02/Jan/2024:20:18:55 -0500] "GET /sipse/faces/javax.faces.resource/primefaces.js?ln=primefaces&v=4.0 HTTP/1.1" 304 -
201.245.192.253 - - [02/Jan/2024:20:18:55 -0500] "GET /sipse/faces/javax.faces.resource/layout/layout.js?ln=primefaces&v=4.0 HTTP/1.1" 304 -
201.245.192.253 - - [02/Jan/2024:20:18:55 -0500] "POST /sipse/faces/presentacion/financiero/solicitudAnulacion/solicitudAnulacion.xhtml HTTP/1.1" 200 10468
201.245.192.253 - - [02/Jan/2024:20:18:56 -0500] "POST /sipse/faces/presentacion/financiero/solicitudAnulacion/solicitudAnulacion.xhtml HTTP/1.1" 200 27952
201.245.192.253 - - [02/Jan/2024:20:18:56 -0500] "GET /sipse/faces/javax.faces.resource/theme.css?ln=primefaces-sipse HTTP/1.1" 304 -
201.245.192.253 - - [02/Jan/2024:20:18:56 -0500] "GET /sipse/faces/javax.faces.resource/primefaces.css?ln=primefaces&v=4.0 HTTP/1.1" 304 -
201.245.192.253 - - [02/Jan/2024:20:18:56 -0500] "GET /sipse/faces/javax.faces.resource/layout/layout.css?ln=primefaces&v=4.0 HTTP/1.1" 304 -
201.245.192.253 - - [02/Jan/2024:20:18:56 -0500] "GET /sipse/faces/javax.faces.resource/jquery/jquery.js?ln=primefaces&v=4.0 HTTP/1.1" 304 -
201.245.192.253 - - [02/Jan/2024:20:18:57 -0500] "GET /sipse/faces/javax.faces.resource/jquery/jquery-plugins.js?ln=primefaces&v=4.0 HTTP/1.1" 304 -
201.245.192.253 - - [02/Jan/2024:20:18:57 -0500] "GET /sipse/faces/javax.faces.resource/primefaces.js?ln=primefaces&v=4.0 HTTP/1.1" 304 -
201.245.192.253 - - [02/Jan/2024:20:18:57 -0500] "GET /sipse/faces/javax.faces.resource/layout/layout.js?ln=primefaces&v=4.0 HTTP/1.1" 304 -
200.69.82.62 - - [02/Jan/2024:20:19:03 -0500] "POST /appsia/controlador HTTP/1.1" 200 7731
200.69.82.62 - - [02/Jan/2024:20:19:04 -0500] "GET /appsia/images/logo_escudo.png HTTP/1.1" 200 36965
156.59.198.136 - - [02/Jan/2024:20:19:17 -0500] "GET /BLA/resoluciones/RESOLUCIONES%202012/1856.pdf HTTP/1.0" 200 488901
201.245.192.253 - - [02/Jan/2024:20:19:38 -0500] "POST /kwsrmcab/Wsrmcab HTTP/1.1" 200 41203
156.59.198.135 - - [02/Jan/2024:20:19:42 -0500] "GET /BLA/resoluciones/RESOLUCIONES%202012/0676.pdf HTTP/1.0" 200 1397011
201.245.192.253 - - [02/Jan/2024:20:19:44 -0500] "POST /kwsrmcab/Wsrmcab HTTP/1.1" 200 34829
200.69.82.62 - - [02/Jan/2024:20:19:58 -0500] "POST /appsia/controlador HTTP/1.1" 200 5437
156.59.198.135 - - [02/Jan/2024:20:20:06 -0500] "GET /BLA/resoluciones/RESOLUCIONES%202012/1826.pdf HTTP/1.0" 200 446755
156.59.198.135 - - [02/Jan/2024:20:20:30 -0500] "GET /BLA/resoluciones/RESOLUCIONES%202012/1188.pdf HTTP/1.0" 200 1472650
216.245.221.92 - - [02/Jan/2024:20:20:50 -0500] "HEAD / HTTP/1.1" 200 -
156.59.198.135 - - [02/Jan/2024:20:20:54 -0500] "GET /BLA/resoluciones/RESOLUCIONES%202012/0636.pdf HTTP/1.0" 200 541211
156.59.198.136 - - [02/Jan/2024:20:21:19 -0500] "GET /BLA/resoluciones/RESOLUCIONES%202012/1098.pdf HTTP/1.0" 200 535475
156.59.198.136 - - [02/Jan/2024:20:21:43 -0500] "GET /BLA/resoluciones/RESOLUCIONES%202012/1585.pdf HTTP/1.0" 200 3208530
172.22.2.4 - - [02/Jan/2024:20:20:10 -0500] "HEAD /BLA/boletinlegal/ HTTP/1.1" 200 -
156.59.198.135 - - [02/Jan/2024:20:22:07 -0500] "GET /BLA/resoluciones/RESOLUCIONES%202012/1323.pdf HTTP/1.0" 200 449613
200.118.145.137 - - [02/Jan/2024:20:22:27 -0500] "GET /BLA/resoluciones/index.php?dir=AUTOS+2021%2F HTTP/1.1" 200 399364
156.59.198.135 - - [02/Jan/2024:20:22:33 -0500] "GET /BLA/resoluciones/RESOLUCIONES%202012/1820.pdf HTTP/1.0" 200 416785
201.245.192.253 - - [02/Jan/2024:20:22:33 -0500] "POST /kwsrmcab/Wsrmcab  HTTP/1.1" 200 40331
172.22.2.4 - - [02/Jan/2024:20:21:01 -0500] "GET /BLA/boletinlegal/ HTTP/1.1" 200 60502
156.59.198.136 - - [02/Jan/2024:20:22:56 -0500] "GET /BLA/resoluciones/RESOLUCIONES%202012/1251.pdf HTTP/1.0" 200 160941
156.59.198.136 - - [02/Jan/2024:20:23:20 -0500] "GET /BLA/resoluciones/RESOLUCIONES%202012/0484.pdf HTTP/1.0" 200 867805
156.59.198.135 - - [02/Jan/2024:20:23:44 -0500] "GET /BLA/resoluciones/RESOLUCIONES%202012/1685.pdf HTTP/1.0" 200 4140008
156.59.198.136 - - [02/Jan/2024:20:24:08 -0500] "GET /BLA/resoluciones/RESOLUCIONES%202012/1887.pdf HTTP/1.0" 200 1979362
172.22.2.4 - - [02/Jan/2024:20:24:28 -0500] "GET /BLA/boletinlegal/.env HTTP/1.1" 404 1038
156.59.198.136 - - [02/Jan/2024:20:24:32 -0500] "GET /BLA/resoluciones/RESOLUCIONES%202012/0664.pdf HTTP/1.0" 200 302460
40.77.167.16 - - [02/Jan/2024:20:24:40 -0500] "GET /siipev/Diseno%20de%20Elementos%20de%20Mobiliario%20Urbano/Diseno%20pertenecientes%20al%20mobiliario%20urbano%20M10-M160/PARTE%20A/Dise%C3%B1o%20de%20Elementos%20M-160.pdf HTTP/1.1" 304 -
156.59.198.135 - - [02/Jan/2024:20:24:57 -0500] "GET /BLA/resoluciones/RESOLUCIONES%202012/1214.pdf HTTP/1.0" 200 744477
172.22.2.4 - - [02/Jan/2024:20:24:29 -0500] "POST /BLA/boletinlegal/ HTTP/1.1" 200 24523
156.59.198.135 - - [02/Jan/2024:20:25:21 -0500] "GET /BLA/resoluciones/RESOLUCIONES%202012/1823.pdf HTTP/1.0" 200 519318
201.245.192.253 - - [02/Jan/2024:20:25:31 -0500] "POST /kwsrmcab/Wsrmcab HTTP/1.1" 200 41203
201.245.192.253 - - [02/Jan/2024:20:25:34 -0500] "POST /kwsrmcab/Wsrmcab HTTP/1.1" 200 34829
156.59.198.135 - - [02/Jan/2024:20:25:45 -0500] "GET /BLA/resoluciones/RESOLUCIONES%202012/1320.pdf HTTP/1.0" 200 289703
216.245.221.92 - - [02/Jan/2024:20:25:50 -0500] "HEAD / HTTP/1.1" 200 -
172.22.2.4 - - [02/Jan/2024:20:26:05 -0500] "GET /BLA/boletinlegal/jurisprudencia/analisis/AnalisisT-606-15.docx HTTP/1.1" 200 26698
172.22.2.4 - - [02/Jan/2024:20:26:05 -0500] "GET /BLA/boletinlegal/apple-touch-icon-120x120-precomposed.png HTTP/1.1" 404 1140
172.22.2.4 - - [02/Jan/2024:20:26:06 -0500] "GET /BLA/boletinlegal/apple-touch-icon-120x120.png HTTP/1.1" 404 1140
172.22.2.4 - - [02/Jan/2024:20:26:06 -0500] "GET /BLA/boletinlegal/apple-touch-icon-precomposed.png HTTP/1.1" 404 1140
172.22.2.4 - - [02/Jan/2024:20:26:06 -0500] "GET /BLA/boletinlegal/apple-touch-icon.png HTTP/1.1" 404 1140
172.22.2.4 - - [02/Jan/2024:20:26:06 -0500] "GET /BLA/boletinlegal/favicon.ico HTTP/1.1" 404 1140
172.22.2.4 - - [02/Jan/2024:20:26:06 -0500] "GET /BLA/boletinlegal/apple-touch-icon-120x120-precomposed.png HTTP/1.1" 404 1140
172.22.2.4 - - [02/Jan/2024:20:26:06 -0500] "GET /BLA/boletinlegal/apple-touch-icon-120x120.png HTTP/1.1" 404 1140
172.22.2.4 - - [02/Jan/2024:20:26:06 -0500] "GET /BLA/boletinlegal/apple-touch-icon-precomposed.png HTTP/1.1" 404 1140
172.22.2.4 - - [02/Jan/2024:20:26:06 -0500] "GET /BLA/boletinlegal/apple-touch-icon.png HTTP/1.1" 404 1140
172.22.2.4 - - [02/Jan/2024:20:26:06 -0500] "GET /BLA/boletinlegal/favicon.ico HTTP/1.1" 404 1140
156.59.198.135 - - [02/Jan/2024:20:26:09 -0500] "GET /BLA/resoluciones/Acuerdos/Acuerdo%20N%C2%B01.pdf HTTP/1.0" 200 168986
156.59.198.135 - - [02/Jan/2024:20:26:33 -0500] "GET /BLA/resoluciones/RESOLUCIONES%202012/1108.pdf HTTP/1.0" 200 1429006
156.59.198.136 - - [02/Jan/2024:20:26:58 -0500] "GET /BLA/resoluciones/RESOLUCIONES%202012/0423.pdf HTTP/1.0" 200 303024
156.59.198.135 - - [02/Jan/2024:20:27:22 -0500] "GET /BLA/resoluciones/RESOLUCIONES%202012/1865.pdf HTTP/1.0" 200 547021
40.77.167.16 - - [02/Jan/2024:20:27:31 -0500] "GET /Publicaciones/2023EE300344.pdf HTTP/1.1" 404 228
201.245.192.253 - - [02/Jan/2024:20:27:33 -0500] "POST /kwsrmcab/Wsrmcab  HTTP/1.1" 200 40331
172.22.2.4 - - [02/Jan/2024:20:26:00 -0500] "HEAD /BLA/boletinlegal/ HTTP/1.1" 200 -
40.77.167.45 - - [02/Jan/2024:20:27:42 -0500] "GET /Publicaciones/2023EE312828.pdf HTTP/1.1" 200 232203
156.59.198.136 - - [02/Jan/2024:20:27:46 -0500] "GET /BLA/resoluciones/RESOLUCIONES%202012/0323.pdf HTTP/1.0" 200 315543
156.59.198.135 - - [02/Jan/2024:20:28:10 -0500] "GET /BLA/resoluciones/RESOLUCIONES%202012/0938.pdf HTTP/1.0" 200 572000
172.22.2.4 - - [02/Jan/2024:20:26:51 -0500] "GET /BLA/boletinlegal/ HTTP/1.1" 200 60502
156.59.198.135 - - [02/Jan/2024:20:28:36 -0500] "GET /BLA/resoluciones/RESOLUCIONES%202012/1718.pdf HTTP/1.0" 200 947927
156.59.198.135 - - [02/Jan/2024:20:29:00 -0500] "GET /BLA/resoluciones/RESOLUCIONES%202012/0866.pdf HTTP/1.0" 200 483150
208.100.26.247 - - [02/Jan/2024:20:29:12 -0500] "GET / HTTP/1.1" 200 319
156.59.198.136 - - [02/Jan/2024:20:29:25 -0500] "GET /BLA/resoluciones/RESOLUCIONES%202012/1015.pdf HTTP/1.0" 200 560924
201.245.192.253 - - [02/Jan/2024:20:29:38 -0500] "POST /kwsrmcab/Wsrmcab HTTP/1.1" 200 41203
201.245.192.253 - - [02/Jan/2024:20:29:43 -0500] "POST /kwsrmcab/Wsrmcab HTTP/1.1" 200 34829
156.59.198.135 - - [02/Jan/2024:20:29:49 -0500] "GET /BLA/resoluciones/RESOLUCIONES%202012/1781.pdf HTTP/1.0" 200 441587
156.59.198.136 - - [02/Jan/2024:20:30:14 -0500] "GET /BLA/resoluciones/RESOLUCIONES%202012/1031.pdf HTTP/1.0" 200 585390
156.59.198.135 - - [02/Jan/2024:20:30:38 -0500] "GET /BLA/resoluciones/RESOLUCIONES%202012/1908.pdf HTTP/1.0" 200 2395489
216.245.221.92 - - [02/Jan/2024:20:30:50 -0500] "HEAD / HTTP/1.1" 200 -
156.59.198.136 - - [02/Jan/2024:20:31:03 -0500] "GET /BLA/resoluciones/RESOLUCIONES%202012/1370.pdf HTTP/1.0" 200 962967
156.59.198.135 - - [02/Jan/2024:20:31:27 -0500] "GET /BLA/resoluciones/RESOLUCIONES%202012/0388.pdf HTTP/1.0" 200 321623
156.59.198.135 - - [02/Jan/2024:20:31:51 -0500] "GET /BLA/resoluciones/RESOLUCIONES%202012/1556.pdf HTTP/1.0" 200 3312756
156.59.198.136 - - [02/Jan/2024:20:32:16 -0500] "GET /BLA/resoluciones/RESOLUCIONES%202012/1573.pdf HTTP/1.0" 200 3146810
201.245.192.253 - - [02/Jan/2024:20:32:31 -0500] "POST /kwsrmcab/Wsrmcab  HTTP/1.1" 200 40331
156.59.198.135 - - [02/Jan/2024:20:32:40 -0500] "GET /BLA/resoluciones/RESOLUCIONES%202012/0823.pdf HTTP/1.0" 200 417485
156.59.198.135 - - [02/Jan/2024:20:33:04 -0500] "GET /BLA/resoluciones/RESOLUCIONES%202012/0327.pdf HTTP/1.0" 200 215453
172.22.2.4 - - [02/Jan/2024:20:31:50 -0500] "HEAD /BLA/boletinlegal/ HTTP/1.1" 200 -
156.59.198.135 - - [02/Jan/2024:20:33:31 -0500] "GET /BLA/resoluciones/RESOLUCIONES%202012/1311.pdf HTTP/1.0" 200 1612140
156.59.198.135 - - [02/Jan/2024:20:33:55 -0500] "GET /BLA/resoluciones/RESOLUCIONES%202012/1769.pdf HTTP/1.0" 200 422832
40.77.167.254 - - [02/Jan/2024:20:34:02 -0500] "GET /BLA/resoluciones/AUTOS%202023/05566.pdf HTTP/1.1" 200 2658429
156.59.198.135 - - [02/Jan/2024:20:34:18 -0500] "GET /BLA/resoluciones/RESOLUCIONES%202012/0677.pdf HTTP/1.0" 200 1100092
172.22.2.4 - - [02/Jan/2024:20:32:41 -0500] "GET /BLA/boletinlegal/ HTTP/1.1" 200 57683
157.55.39.48 - - [02/Jan/2024:20:34:31 -0500] "GET /BLA/resoluciones/AUTOS%202023/9499.pdf HTTP/1.1" 200 513319
156.59.198.136 - - [02/Jan/2024:20:34:43 -0500] "GET /BLA/resoluciones/RESOLUCIONES%202012/1283.pdf HTTP/1.0" 200 943626
156.59.198.136 - - [02/Jan/2024:20:35:08 -0500] "GET /BLA/resoluciones/RESOLUCIONES%202012/1132.pdf HTTP/1.0" 200 363833
172.22.2.4 - - [02/Jan/2024:20:33:50 -0500] "GET /BLA/boletinlegal/ HTTP/1.1" 200 60046
156.59.198.135 - - [02/Jan/2024:20:35:32 -0500] "GET /BLA/resoluciones/RESOLUCIONES%202012/0638.pdf HTTP/1.0" 200 812260
201.245.192.253 - - [02/Jan/2024:20:35:31 -0500] "POST /kwsrmcab/Wsrmcab HTTP/1.1" 200 41203
201.245.192.253 - - [02/Jan/2024:20:35:34 -0500] "POST /kwsrmcab/Wsrmcab HTTP/1.1" 200 34829
216.245.221.92 - - [02/Jan/2024:20:35:50 -0500] "HEAD / HTTP/1.1" 200 -
156.59.198.135 - - [02/Jan/2024:20:35:56 -0500] "GET /BLA/resoluciones/RESOLUCIONES%202012/1369.pdf HTTP/1.0" 200 6649147
34.168.215.0 - - [02/Jan/2024:20:36:07 -0500] "GET / HTTP/1.1" 200 319
34.168.215.0 - - [02/Jan/2024:20:36:07 -0500] "GET /favicon.ico HTTP/1.1" 200 7782
156.59.198.135 - - [02/Jan/2024:20:36:20 -0500] "GET /BLA/resoluciones/RESOLUCIONES%202012/0733.pdf HTTP/1.0" 200 280118
156.59.198.135 - - [02/Jan/2024:20:36:45 -0500] "GET /BLA/resoluciones/RESOLUCIONES%202012/0589.pdf HTTP/1.0" 200 1204178
156.59.198.136 - - [02/Jan/2024:20:37:09 -0500] "GET /BLA/resoluciones/RESOLUCIONES%202012/1170.pdf HTTP/1.0" 200 242501
201.245.192.253 - - [02/Jan/2024:20:37:30 -0500] "POST /kwsrmcab/Wsrmcab  HTTP/1.1" 200 40331
156.59.198.136 - - [02/Jan/2024:20:37:34 -0500] "GET /BLA/resoluciones/RESOLUCIONES%202012/0209.pdf HTTP/1.0" 200 182153
172.22.2.4 - - [02/Jan/2024:20:37:53 -0500] "GET /BLA/boletinlegal/Circulares/2019/.pdf HTTP/1.1" 404 1218
156.59.198.136 - - [02/Jan/2024:20:37:58 -0500] "GET /BLA/resoluciones/RESOLUCIONES%202012/1819.pdf HTTP/1.0" 200 423730
156.59.198.136 - - [02/Jan/2024:20:38:23 -0500] "GET /BLA/resoluciones/RESOLUCIONES%202012/0293.pdf HTTP/1.0" 200 1362825
156.59.198.135 - - [02/Jan/2024:20:38:49 -0500] "GET /BLA/resoluciones/RESOLUCIONES%202012/0539.pdf HTTP/1.0" 200 408270
156.59.198.135 - - [02/Jan/2024:20:39:12 -0500] "GET /BLA/resoluciones/RESOLUCIONES%202012/0717.pdf HTTP/1.0" 200 176594
172.22.2.4 - - [02/Jan/2024:20:37:40 -0500] "HEAD /BLA/boletinlegal/ HTTP/1.1" 200 -
156.59.198.135 - - [02/Jan/2024:20:39:36 -0500] "GET /BLA/resoluciones/RESOLUCIONES%202012/0252.pdf HTTP/1.0" 200 120648
201.245.192.253 - - [02/Jan/2024:20:39:39 -0500] "POST /kwsrmcab/Wsrmcab HTTP/1.1" 200 41203
201.245.192.253 - - [02/Jan/2024:20:39:43 -0500] "POST /kwsrmcab/Wsrmcab HTTP/1.1" 200 34829
156.59.198.135 - - [02/Jan/2024:20:40:01 -0500] "GET /BLA/resoluciones/RESOLUCIONES%202012/0913.pdf HTTP/1.0" 200 442327
172.22.2.4 - - [02/Jan/2024:20:38:31 -0500] "GET /BLA/boletinlegal/ HTTP/1.1" 200 58567
156.59.198.135 - - [02/Jan/2024:20:40:24 -0500] "GET /BLA/resoluciones/RESOLUCIONES%202012/0579.pdf HTTP/1.0" 200 218789
156.59.198.136 - - [02/Jan/2024:20:40:49 -0500] "GET /BLA/resoluciones/RESOLUCIONES%202012/0948.pdf HTTP/1.0" 200 871067
216.245.221.92 - - [02/Jan/2024:20:40:50 -0500] "HEAD / HTTP/1.1" 200 -
156.59.198.135 - - [02/Jan/2024:20:41:13 -0500] "GET /BLA/resoluciones/RESOLUCIONES%202012/1189.pdf HTTP/1.0" 200 558127
156.59.198.136 - - [02/Jan/2024:20:41:37 -0500] "GET /BLA/resoluciones/RESOLUCIONES%202012/1848.pdf HTTP/1.0" 200 534833
156.59.198.135 - - [02/Jan/2024:20:42:01 -0500] "GET /BLA/resoluciones/RESOLUCIONES%202012/0283.pdf HTTP/1.0" 200 332266
156.59.198.135 - - [02/Jan/2024:20:42:25 -0500] "GET /BLA/resoluciones/RESOLUCIONES%202012/0656.pdf HTTP/1.0" 200 447586
201.245.192.253 - - [02/Jan/2024:20:42:28 -0500] "POST /kwsrmcab/Wsrmcab  HTTP/1.1" 200 40331
156.59.198.136 - - [02/Jan/2024:20:42:50 -0500] "GET /BLA/resoluciones/RESOLUCIONES%202012/0255.pdf HTTP/1.0" 200 119706
156.59.198.135 - - [02/Jan/2024:20:43:13 -0500] "GET /BLA/resoluciones/RESOLUCIONES%202012/1500.pdf HTTP/1.0" 200 1049918
156.59.198.136 - - [02/Jan/2024:20:43:38 -0500] "GET /BLA/resoluciones/RESOLUCIONES%202012/0966.pdf HTTP/1.0" 200 507300
156.59.198.135 - - [02/Jan/2024:20:44:03 -0500] "GET /BLA/resoluciones/RESOLUCIONES%202012/1701.pdf HTTP/1.0" 200 1204648
156.59.198.135 - - [02/Jan/2024:20:44:26 -0500] "GET /BLA/resoluciones/RESOLUCIONES%202012/1431.pdf HTTP/1.0" 200 388891
156.59.198.135 - - [02/Jan/2024:20:44:51 -0500] "GET /BLA/resoluciones/RESOLUCIONES%202012/1274.pdf HTTP/1.0" 200 903899
172.22.2.4 - - [02/Jan/2024:20:43:30 -0500] "HEAD /BLA/boletinlegal/ HTTP/1.1" 200 -
156.59.198.135 - - [02/Jan/2024:20:45:15 -0500] "GET /BLA/resoluciones/RESOLUCIONES%202012/1569.pdf HTTP/1.0" 200 602043
156.59.198.135 - - [02/Jan/2024:20:45:39 -0500] "GET /BLA/resoluciones/RESOLUCIONES%202012/0207.pdf HTTP/1.0" 200 1032007
186.29.181.135 - - [02/Jan/2024:20:45:42 -0500] "POST /sipse/faces/presentacion/financiero/solicitudProceso/consultar.xhtml HTTP/1.1" 302 -
186.29.181.135 - - [02/Jan/2024:20:45:42 -0500] "GET /sipse/faces/autenticacion.xhtml HTTP/1.1" 200 1099
216.245.221.92 - - [02/Jan/2024:20:45:50 -0500] "HEAD / HTTP/1.1" 200 -
207.46.13.155 - - [02/Jan/2024:20:45:51 -0500] "GET /BLA/resoluciones/AUTOS%202023/05430.pdf HTTP/1.1" 200 396738
172.22.2.4 - - [02/Jan/2024:20:44:21 -0500] "GET /BLA/boletinlegal/ HTTP/1.1" 200 58172
156.59.198.136 - - [02/Jan/2024:20:46:03 -0500] "GET /BLA/resoluciones/RESOLUCIONES%202012/1347.pdf HTTP/1.0" 200 1280470
156.59.198.136 - - [02/Jan/2024:20:46:27 -0500] "GET /BLA/resoluciones/RESOLUCIONES%202012/0652.pdf HTTP/1.0" 200 401742
186.29.181.135 - - [02/Jan/2024:20:46:29 -0500] "GET /sipse/faces/javax.faces.resource/theme.css?ln=primefaces-sipse HTTP/1.1" 304 -
186.29.181.135 - - [02/Jan/2024:20:46:30 -0500] "GET /sipse/faces/faces/autenticacion.xhtml HTTP/1.1" 200 12409
186.29.181.135 - - [02/Jan/2024:20:46:31 -0500] "GET /sipse/faces/javax.faces.resource/theme.css?ln=primefaces-sipse HTTP/1.1" 304 -
186.29.181.135 - - [02/Jan/2024:20:46:31 -0500] "GET /sipse/faces/javax.faces.resource/primefaces.css?ln=primefaces&v=4.0 HTTP/1.1" 304 -
186.29.181.135 - - [02/Jan/2024:20:46:31 -0500] "GET /sipse/faces/javax.faces.resource/layout/layout.css?ln=primefaces&v=4.0 HTTP/1.1" 304 -
186.29.181.135 - - [02/Jan/2024:20:46:31 -0500] "GET /sipse/faces/javax.faces.resource/primefaces.js?ln=primefaces&v=4.0 HTTP/1.1" 304 -
186.29.181.135 - - [02/Jan/2024:20:46:31 -0500] "GET /sipse/faces/javax.faces.resource/jquery/jquery.js?ln=primefaces&v=4.0 HTTP/1.1" 304 -
186.29.181.135 - - [02/Jan/2024:20:46:31 -0500] "GET /sipse/faces/javax.faces.resource/jquery/jquery-plugins.js?ln=primefaces&v=4.0 HTTP/1.1" 304 -
186.29.181.135 - - [02/Jan/2024:20:46:31 -0500] "GET /sipse/faces/javax.faces.resource/layout/layout.js?ln=primefaces&v=4.0 HTTP/1.1" 304 -
186.29.181.135 - - [02/Jan/2024:20:46:31 -0500] "GET /sipse/faces/javax.faces.resource/images/ui-icons_898989_256x240.png?ln=primefaces-aristo HTTP/1.1" 304 -
186.29.181.135 - - [02/Jan/2024:20:46:42 -0500] "POST /sipse/faces/autenticacion.xhtml HTTP/1.1" 200 2246
186.29.181.135 - - [02/Jan/2024:20:46:42 -0500] "GET /sipse/faces/javax.faces.resource/messages/messages.png?ln=primefaces&v=4.0 HTTP/1.1" 304 -
156.59.198.136 - - [02/Jan/2024:20:46:51 -0500] "GET /BLA/resoluciones/RESOLUCIONES%202012/1545.pdf HTTP/1.0" 200 8715331
186.29.181.135 - - [02/Jan/2024:20:46:53 -0500] "POST /sipse/faces/autenticacion.xhtml HTTP/1.1" 200 16883
186.29.181.135 - - [02/Jan/2024:20:46:54 -0500] "GET /sipse/faces/javax.faces.resource/theme.css?ln=primefaces-sipse HTTP/1.1" 304 -
186.29.181.135 - - [02/Jan/2024:20:46:54 -0500] "GET /sipse/faces/javax.faces.resource/primefaces.css?ln=primefaces&v=4.0 HTTP/1.1" 304 -
186.29.181.135 - - [02/Jan/2024:20:46:54 -0500] "GET /sipse/faces/javax.faces.resource/layout/layout.css?ln=primefaces&v=4.0 HTTP/1.1" 304 -
186.29.181.135 - - [02/Jan/2024:20:46:54 -0500] "GET /sipse/faces/javax.faces.resource/jquery/jquery.js?ln=primefaces&v=4.0 HTTP/1.1" 304 -
186.29.181.135 - - [02/Jan/2024:20:46:54 -0500] "GET /sipse/faces/javax.faces.resource/jquery/jquery-plugins.js?ln=primefaces&v=4.0 HTTP/1.1" 304 -
186.29.181.135 - - [02/Jan/2024:20:46:54 -0500] "GET /sipse/faces/javax.faces.resource/primefaces.js?ln=primefaces&v=4.0 HTTP/1.1" 304 -
186.29.181.135 - - [02/Jan/2024:20:46:54 -0500] "GET /sipse/faces/javax.faces.resource/layout/layout.js?ln=primefaces&v=4.0 HTTP/1.1" 304 -
186.29.181.135 - - [02/Jan/2024:20:46:54 -0500] "GET /sipse/css/imagen/contrasena.png HTTP/1.1" 404 383
186.29.181.135 - - [02/Jan/2024:20:46:57 -0500] "GET /sipse/faces/javax.faces.resource/images/ui-bg_flat_0_2d5972_40x100.png?ln=primefaces-aristo HTTP/1.1" 304 -
186.29.181.135 - - [02/Jan/2024:20:46:57 -0500] "POST /sipse/faces/bienvenido.xhtml HTTP/1.1" 200 2073
186.29.181.135 - - [02/Jan/2024:20:46:58 -0500] "POST /sipse/faces/bienvenido.xhtml HTTP/1.1" 200 39081
186.29.181.135 - - [02/Jan/2024:20:46:59 -0500] "GET /sipse/faces/javax.faces.resource/layout/layout.css?ln=primefaces&v=4.0 HTTP/1.1" 304 -
186.29.181.135 - - [02/Jan/2024:20:46:59 -0500] "GET /sipse/faces/javax.faces.resource/primefaces.css?ln=primefaces&v=4.0 HTTP/1.1" 304 -
186.29.181.135 - - [02/Jan/2024:20:46:59 -0500] "GET /sipse/faces/javax.faces.resource/theme.css?ln=primefaces-sipse HTTP/1.1" 304 -
186.29.181.135 - - [02/Jan/2024:20:46:59 -0500] "GET /sipse/faces/javax.faces.resource/jquery/jquery.js?ln=primefaces&v=4.0 HTTP/1.1" 304 -
186.29.181.135 - - [02/Jan/2024:20:46:59 -0500] "GET /sipse/faces/javax.faces.resource/jquery/jquery-plugins.js?ln=primefaces&v=4.0 HTTP/1.1" 304 -
186.29.181.135 - - [02/Jan/2024:20:46:59 -0500] "GET /sipse/faces/javax.faces.resource/primefaces.js?ln=primefaces&v=4.0 HTTP/1.1" 304 -
186.29.181.135 - - [02/Jan/2024:20:46:59 -0500] "GET /sipse/faces/javax.faces.resource/layout/layout.js?ln=primefaces&v=4.0 HTTP/1.1" 304 -
186.29.181.135 - - [02/Jan/2024:20:47:02 -0500] "POST /sipse/faces/presentacion/financiero/solicitudProceso/consultar.xhtml HTTP/1.1" 200 12843
186.29.181.135 - - [02/Jan/2024:20:47:08 -0500] "POST /sipse/faces/presentacion/financiero/solicitudProceso/consultar.xhtml HTTP/1.1" 200 178145
186.29.181.135 - - [02/Jan/2024:20:47:09 -0500] "GET /sipse/faces/javax.faces.resource/theme.css?ln=primefaces-sipse HTTP/1.1" 304 -
186.29.181.135 - - [02/Jan/2024:20:47:09 -0500] "GET /sipse/faces/javax.faces.resource/primefaces.css?ln=primefaces&v=4.0 HTTP/1.1" 304 -
186.29.181.135 - - [02/Jan/2024:20:47:09 -0500] "GET /sipse/faces/javax.faces.resource/layout/layout.css?ln=primefaces&v=4.0 HTTP/1.1" 304 -
186.29.181.135 - - [02/Jan/2024:20:47:10 -0500] "GET /sipse/faces/javax.faces.resource/jquery/jquery.js?ln=primefaces&v=4.0 HTTP/1.1" 304 -
186.29.181.135 - - [02/Jan/2024:20:47:10 -0500] "GET /sipse/faces/javax.faces.resource/jquery/jquery-plugins.js?ln=primefaces&v=4.0 HTTP/1.1" 304 -
186.29.181.135 - - [02/Jan/2024:20:47:10 -0500] "GET /sipse/faces/javax.faces.resource/primefaces.js?ln=primefaces&v=4.0 HTTP/1.1" 304 -
186.29.181.135 - - [02/Jan/2024:20:47:10 -0500] "GET /sipse/faces/javax.faces.resource/layout/layout.js?ln=primefaces&v=4.0 HTTP/1.1" 304 -
156.59.198.135 - - [02/Jan/2024:20:47:16 -0500] "GET /BLA/resoluciones/RESOLUCIONES%202012/1355.pdf HTTP/1.0" 200 291015
186.29.181.135 - - [02/Jan/2024:20:47:16 -0500] "POST /sipse/faces/presentacion/financiero/solicitudProceso/consultarSolicitudProceso.xhtml HTTP/1.1" 200 82674
201.245.192.253 - - [02/Jan/2024:20:47:26 -0500] "POST /kwsrmcab/Wsrmcab  HTTP/1.1" 200 40331
156.59.198.135 - - [02/Jan/2024:20:47:40 -0500] "GET /BLA/resoluciones/RESOLUCIONES%202012/0578.pdf HTTP/1.0" 200 365881
156.59.198.135 - - [02/Jan/2024:20:48:05 -0500] "GET /BLA/resoluciones/RESOLUCIONES%202012/0221.pdf HTTP/1.0" 200 317489
186.29.181.135 - - [02/Jan/2024:20:48:09 -0500] "POST /sipse/faces/presentacion/financiero/solicitudProceso/consultarSolicitudProceso.xhtml HTTP/1.1" 200 283922
156.59.198.136 - - [02/Jan/2024:20:48:28 -0500] "GET /BLA/resoluciones/RESOLUCIONES%202012/1154.pdf HTTP/1.0" 200 375546
52.167.144.198 - - [02/Jan/2024:20:48:32 -0500] "GET /BLA/resoluciones/AUTOS%202023/9504.pdf HTTP/1.1" 200 332597
52.167.144.198 - - [02/Jan/2024:20:48:33 -0500] "GET /Publicaciones/2023EE309849.pdf HTTP/1.1" 200 231965
207.46.13.155 - - [02/Jan/2024:20:48:42 -0500] "GET /BLA/resoluciones/AUTOS%202023/5873.pdf HTTP/1.1" 200 423036
156.59.198.135 - - [02/Jan/2024:20:48:54 -0500] "GET /BLA/resoluciones/RESOLUCIONES%202012/1825.pdf HTTP/1.0" 200 394427
156.59.198.135 - - [02/Jan/2024:20:49:17 -0500] "GET /BLA/resoluciones/RESOLUCIONES%202012/0967.pdf HTTP/1.0" 200 382213
179.33.77.94 - - [02/Jan/2024:20:49:19 -0500] "GET /kwssiamovil/sm/acme/a?s=U2FsdGVkX1+KFvE7wv5eDL/JpPk6gTwGpE7ibMvv7vvG33CKDvm3gUA6d5ZXy8y8EWooAR4gdu/cHrEz/el+TfcjBSMSArZbsUvgGSx4MYHFJ/15U6tXjxJZ5tQDSxDOfPNmXr0LB5JgykAhhWbluB6QLPVsqdESFeVbXZ4TVEiNIZe5Tuaepc/KD64GiONgHFWS7sE60nBWbZh9UCJsRBOW8MY8qemrQC17zC475GESdEsKhKUSNajdaJQEEor6Kozq+oITzDzsy5NT39SNSg==&u=U2FsdGVkX1+dJxZlUPucmJbEiMSYxcr3tJy/9JouUCs=&y=U2FsdGVkX1/8FQ6NU4dP5kHq7ZvRvQaFuJkEdZyI1rWSbkO2S6ISJ2qGL2/p2MSm HTTP/1.1" 200 26
179.33.77.94 - - [02/Jan/2024:20:49:21 -0500] "GET /kwssiamovil/sm/acme/a?s=U2FsdGVkX1+uIztEeVClGgca+M8O0zLwSRmdfm+6ed7HPydUn/PalR0geZY75RRr7NPmEU+pDYK7bLyR3W8JGVDFMwzMfYbzd7GRhGXdLdKaQs64QEl5jYXWXxKTDhG7PJ3n7fNmiyyoD68lp/mcAot3ln33ljoGWfZFF8dxpkaolQ/sf3s++qdYRDc6oPsJ9sJH7RY+uhVEVxoz85rNu1ziEpecpRVzoC5o7qHs3c13nbwuIQCsSGQUOHqgb7JTF3Sv5Xkl4LF72m1oCMFpmgQdFkCjwbWUSBWv8Gu7SRYwukck0uJxOfPlyGaJvvhyeosA7bPAsxvvjAunkqR2i2Glc1uLdYVyDE5KG07s+PERcww3w7VxZIvsOm+HBI2CidmBxwriI1bsUB9a/l3Lyq3qFmHNEZGo7I687fW9OEqIxJWVkoLSNun0g94tWoEGNXEdOA9c7aYQteP8ctC1XpA9Ei4zba4F+Hy9dmhSYDn6rB41mFvyJaKm+I0EnYv+pFLiyDo1kvzNmxCGkH84P2WoJc+QrXc1VuQWfUfIPV97LZ/tNnxRTffMS+faurIfhjumeOL8zUU57nEC+XvWIoEw1O5pSFyRxCPGB1a0E+S9Bv8ZkqfmLR4UH3nNoC+x7oalsH/DJePF8oD5in9/kgOdQ7GOEXdohH5bV84jWsNfOatnllmvjlx9X6f4TKrE+6U4CWp+gUEL2k5IgdyVOmW65eGxQCOEj6jDJXLeZZHQ69DRSWuKEk8p1HuNZ4huMJ0FK8+MUnTzx6h35FlXkLMlAWDIZxbUGvXQ99Ps6D13NkH41hNnujxsuLc18mTiah9ZNJlRn1blGpY9SBdpgZdRrbmU5tHjUaCC1jnt5CpVBuyfYk/sH/XD5+8eZejOepgHI6Z7pX0bkotM8b0cThHVKaP4ibqgHNwHsgY559/0H7cf9jj/k8VgFHOIMihCHLMND4kfooA/xIgETk6FuHEEvVF8+ldQ+B7CMlj8IdVrFamH30GlbPDaYgfESaMIZbMj0wyPs3WMBhAdUU6GM3BDSxsysu7uGO+KqfDsufgnkNj6hIvsLUPLbqEb3sQGCM+fsb7OcNn8ugUmwKqlWePTIf9tkbghWGN7YgC73kQjIvZ8CeSNWtinc7cKIK3LFFEI6PG25dF/LfBzxqJrXwLrndHf0SwRiOlLZeCc1BBC6zU4pcgU0BCjYNlH3ikcbRK1mtmN5Q0s8zqPoX0tun8+p5uZoyqakHJIY69LfymHOl//w20rkKCqhSpqTz15QTARtTAZBcHU+d+Q3RJceELAUDeULkN/xhq0T2WsppBCBrfBAiixbEM6Z6CuKQiYcpzLh2h3VESBi4CEzN7casoc2ePldBKT7qQygtzrg6ImRoXuCR46Mlpbaq/xG9QeVV5TlJCm6yyV638FFhO69yEtaPuFhhN5k1DElScUiq6ucT+oKicmGk+1SCe/ZRqY2u3ogCEdaxJyNVYnNjecDg==&u=U2FsdGVkX1+dJxZlUPucmJbEiMSYxcr3tJy/9JouUCs=&y=U2FsdGVkX1/8FQ6NU4dP5kHq7ZvRvQaFuJkEdZyI1rWSbkO2S6ISJ2qGL2/p2MSm HTTP/1.1" 200 26
179.33.77.94 - - [02/Jan/2024:20:49:21 -0500] "GET /kwssiamovil/sm/acme/a?s=U2FsdGVkX19dPpmc7QZa2r7LKNQtVcHJ/C2f529/zz7q74t8oC3Rpy8RpYA/pod3AzL/MeiK9b7p47eEyppFog+VTNsRj4Iy+KT/eqckKBxe5rc6sHZK2aBn1SXr0dMTtwK85UBkwvIvFxRtMn2oFnuo/SLpFK8U4kF2mBnNN1E=&u=U2FsdGVkX1+dJxZlUPucmJbEiMSYxcr3tJy/9JouUCs=&y=U2FsdGVkX1/8FQ6NU4dP5kHq7ZvRvQaFuJkEdZyI1rWSbkO2S6ISJ2qGL2/p2MSm HTTP/1.1" 200 26
179.33.77.94 - - [02/Jan/2024:20:49:22 -0500] "GET /kwssiamovil/sm/acme/a?s=U2FsdGVkX19Thr1XEzNeIkdvTa8WM7m5X62/7yjv8qxmOtfs6gT0NXknVkCs2EN/ivTz4aHi0NIrit1vlX5/0Bs4YKmpgEckSFn2v/RVMAUwXtklnu12xtEeJ/IfVPs9OOqNLS8e7YWS0oTZqaY19iyB2PK35g/1oWsWu7bugh0=&u=U2FsdGVkX1+dJxZlUPucmJbEiMSYxcr3tJy/9JouUCs=&y=U2FsdGVkX1/8FQ6NU4dP5kHq7ZvRvQaFuJkEdZyI1rWSbkO2S6ISJ2qGL2/p2MSm HTTP/1.1" 200 26
179.33.77.94 - - [02/Jan/2024:20:49:22 -0500] "GET /kwssiamovil/sm/acme/a?s=U2FsdGVkX1/oZPqIiO89rQI/u1TkZbqFSYEe0+DfShpQOXaGELgOvRHgu3twdOlaDxzPOSYmQ2T/BhSmP0YiIARfY4J0Bv0YghgCZMORqButlPYX2LJ3y76hdGHNt5uOmaOGf6XxyMAsdaUc+WBKgKl1RKehn558/StHU4PFmBc=&u=U2FsdGVkX1+dJxZlUPucmJbEiMSYxcr3tJy/9JouUCs=&y=U2FsdGVkX1/8FQ6NU4dP5kHq7ZvRvQaFuJkEdZyI1rWSbkO2S6ISJ2qGL2/p2MSm HTTP/1.1" 200 26
179.33.77.94 - - [02/Jan/2024:20:49:22 -0500] "GET /kwssiamovil/sm/acme/a?s=U2FsdGVkX1+WgRSlSaoaNeq20UvhxCEPa6Yv5UjdCkrz4QLTEDB5jm+2FWwo5/6c2SXfhgO3DbrDZglodDnv6LJ3rmhErNSvVnh6+LAZ0ywaYX+nErpCONpyL9KGtvl45VyfrKdRQlJOH4WTkkIcbS/FUsDs6GP8SfaZrm1obE2ohx6czbO4jiIAB9UUyJFW0v1zweLETRMyf+budOq9eA==&u=U2FsdGVkX1+dJxZlUPucmJbEiMSYxcr3tJy/9JouUCs=&y=U2FsdGVkX1/8FQ6NU4dP5kHq7ZvRvQaFuJkEdZyI1rWSbkO2S6ISJ2qGL2/p2MSm HTTP/1.1" 200 26
200.118.145.137 - - [02/Jan/2024:20:49:29 -0500] "GET /BLA/resoluciones/index.php?dir=AUTOS+2021%2F HTTP/1.1" 200 399364
156.59.198.135 - - [02/Jan/2024:20:49:41 -0500] "GET /BLA/resoluciones/RESOLUCIONES%202012/1142.pdf HTTP/1.0" 200 682270
156.59.198.136 - - [02/Jan/2024:20:50:05 -0500] "GET /BLA/resoluciones/RESOLUCIONES%202012/1576.pdf HTTP/1.0" 200 435402
156.59.198.135 - - [02/Jan/2024:20:50:29 -0500] "GET /BLA/resoluciones/RESOLUCIONES%202012/1860.pdf HTTP/1.0" 200 506087
216.245.221.92 - - [02/Jan/2024:20:50:50 -0500] "HEAD / HTTP/1.1" 200 -
156.59.198.136 - - [02/Jan/2024:20:50:54 -0500] "GET /BLA/resoluciones/RESOLUCIONES%202012/0385.pdf HTTP/1.0" 200 379666
172.22.2.4 - - [02/Jan/2024:20:49:20 -0500] "HEAD /BLA/boletinlegal/ HTTP/1.1" 200 -
186.114.109.186 - - [02/Jan/2024:20:51:02 -0500] "GET /favicon.ico HTTP/1.1" 200 7782
186.114.109.186 - - [02/Jan/2024:20:51:02 -0500] "GET /Publicaciones/2023EE310577.pdf HTTP/1.1" 200 868474
156.59.198.135 - - [02/Jan/2024:20:51:19 -0500] "GET /BLA/resoluciones/RESOLUCIONES%202012/0208.pdf HTTP/1.0" 200 176030
156.59.198.136 - - [02/Jan/2024:20:51:43 -0500] "GET /BLA/resoluciones/RESOLUCIONES%202012/1016.pdf HTTP/1.0" 200 402060
172.22.2.4 - - [02/Jan/2024:20:50:11 -0500] "GET /BLA/boletinlegal/ HTTP/1.1" 200 56478
156.59.198.135 - - [02/Jan/2024:20:52:09 -0500] "GET /BLA/resoluciones/RESOLUCIONES%202012/1811.pdf HTTP/1.0" 200 1161409
201.245.192.253 - - [02/Jan/2024:20:52:24 -0500] "POST /kwsrmcab/Wsrmcab  HTTP/1.1" 200 40331
156.59.198.135 - - [02/Jan/2024:20:52:32 -0500] "GET /BLA/resoluciones/RESOLUCIONES%202012/1367.pdf HTTP/1.0" 200 7116223
156.59.198.135 - - [02/Jan/2024:20:52:56 -0500] "GET /BLA/resoluciones/RESOLUCIONES%202012/1715.pdf HTTP/1.0" 200 506378
216.244.66.195 - - [02/Jan/2024:20:53:17 -0500] "GET /BLA/resoluciones/AUTOS%202004/1121.pdf HTTP/1.1" 200 89314
156.59.198.135 - - [02/Jan/2024:20:53:21 -0500] "GET /BLA/resoluciones/RESOLUCIONES%202012/0511.pdf HTTP/1.0" 200 234497
216.244.66.195 - - [02/Jan/2024:20:53:22 -0500] "GET /BLA/resoluciones/AUTOS%202007/1620.pdf HTTP/1.1" 200 94899
216.244.66.195 - - [02/Jan/2024:20:53:31 -0500] "GET /BLA/resoluciones/AUTOS%202007/1956.pdf HTTP/1.1" 200 154910
156.59.198.136 - - [02/Jan/2024:20:53:45 -0500] "GET /BLA/resoluciones/RESOLUCIONES%202012/0650.pdf HTTP/1.0" 200 378000
216.244.66.195 - - [02/Jan/2024:20:54:06 -0500] "GET /BLA/resoluciones/AUTOS%202007/2001.pdf HTTP/1.1" 200 47372
156.59.198.135 - - [02/Jan/2024:20:54:10 -0500] "GET /BLA/resoluciones/RESOLUCIONES%202012/1068.pdf HTTP/1.0" 200 12607219
156.59.198.136 - - [02/Jan/2024:20:54:33 -0500] "GET /BLA/resoluciones/RESOLUCIONES%202012/0619.pdf HTTP/1.0" 200 443982
216.244.66.195 - - [02/Jan/2024:20:54:37 -0500] "GET /BLA/resoluciones/AUTOS%202010/0109.pdf HTTP/1.1" 200 385267
156.59.198.135 - - [02/Jan/2024:20:54:58 -0500] "GET /BLA/resoluciones/RESOLUCIONES%202012/1915.pdf HTTP/1.0" 200 493639
216.244.66.195 - - [02/Jan/2024:20:55:21 -0500] "GET /BLA/resoluciones/AUTOS%202010/0116.pdf HTTP/1.1" 200 271783
156.59.198.135 - - [02/Jan/2024:20:55:22 -0500] "GET /BLA/resoluciones/RESOLUCIONES%202012/0702.pdf HTTP/1.0" 200 424188
156.59.198.135 - - [02/Jan/2024:20:55:47 -0500] "GET /BLA/resoluciones/RESOLUCIONES%202012/0902.pdf HTTP/1.0" 200 511503
216.245.221.92 - - [02/Jan/2024:20:55:50 -0500] "HEAD / HTTP/1.1" 200 -
156.59.198.136 - - [02/Jan/2024:20:56:11 -0500] "GET /BLA/resoluciones/RESOLUCIONES%202012/1473.pdf HTTP/1.0" 200 1427546
156.59.198.135 - - [02/Jan/2024:20:56:36 -0500] "GET /BLA/resoluciones/RESOLUCIONES%202012/0981.pdf HTTP/1.0" 200 213028
172.22.2.4 - - [02/Jan/2024:20:55:10 -0500] "HEAD /BLA/boletinlegal/ HTTP/1.1" 200 -
47.128.18.150 - - [02/Jan/2024:20:57:01 -0500] "GET /BLA/resoluciones/index.php?dir=RESOLUCIONES%202002%2FRES%202002%2051-100%2F&order=desc&sort=name HTTP/1.1" 200 12119
47.128.18.150 - - [02/Jan/2024:20:57:02 -0500] "GET /BLA/resoluciones/dlf/dirup.png HTTP/1.1" 200 644
47.128.18.150 - - [02/Jan/2024:20:57:02 -0500] "GET /BLA/resoluciones/dlf/unknown.png HTTP/1.1" 200 266
172.22.2.4 - - [02/Jan/2024:20:57:20 -0500] "GET /BLA/boletinlegal/jurisprudencia/analisis/AnalisisT-606-15.docx HTTP/1.1" 200 26698
172.22.2.4 - - [02/Jan/2024:20:57:20 -0500] "GET /BLA/boletinlegal/apple-touch-icon-120x120-precomposed.png HTTP/1.1" 404 1140
172.22.2.4 - - [02/Jan/2024:20:57:20 -0500] "GET /BLA/boletinlegal/apple-touch-icon-120x120.png HTTP/1.1" 404 1140
172.22.2.4 - - [02/Jan/2024:20:57:20 -0500] "GET /BLA/boletinlegal/apple-touch-icon-precomposed.png HTTP/1.1" 404 1140
172.22.2.4 - - [02/Jan/2024:20:57:20 -0500] "GET /BLA/boletinlegal/apple-touch-icon.png HTTP/1.1" 404 1140
172.22.2.4 - - [02/Jan/2024:20:57:20 -0500] "GET /BLA/boletinlegal/favicon.ico HTTP/1.1" 404 1140
172.22.2.4 - - [02/Jan/2024:20:57:20 -0500] "GET /BLA/boletinlegal/apple-touch-icon-120x120-precomposed.png HTTP/1.1" 404 1140
172.22.2.4 - - [02/Jan/2024:20:57:20 -0500] "GET /BLA/boletinlegal/apple-touch-icon-120x120.png HTTP/1.1" 404 1140
172.22.2.4 - - [02/Jan/2024:20:57:21 -0500] "GET /BLA/boletinlegal/apple-touch-icon-precomposed.png HTTP/1.1" 404 1140
172.22.2.4 - - [02/Jan/2024:20:57:21 -0500] "GET /BLA/boletinlegal/apple-touch-icon.png HTTP/1.1" 404 1140
172.22.2.4 - - [02/Jan/2024:20:57:21 -0500] "GET /BLA/boletinlegal/favicon.ico HTTP/1.1" 404 1140
156.59.198.135 - - [02/Jan/2024:20:57:24 -0500] "GET /BLA/resoluciones/RESOLUCIONES%202012/1898.pdf HTTP/1.0" 200 2832821
201.245.192.253 - - [02/Jan/2024:20:57:23 -0500] "POST /kwsrmcab/Wsrmcab  HTTP/1.1" 200 40331
34.32.202.240 - - [02/Jan/2024:20:57:29 -0500] "GET /las-tres-caminatas-para-cerrar-el-ano-entre-la-naturaleza.html HTTP/1.1" 200 776
