8.242.188.130 - - [02/Jan/2024:14:47:22 -0500] "GET /sipse/faces/javax.faces.resource/primefaces.css?ln=primefaces&v=4.0 HTTP/1.1" 304 -
8.242.188.130 - - [02/Jan/2024:14:47:22 -0500] "GET /sipse/faces/javax.faces.resource/jquery/jquery.js?ln=primefaces&v=4.0 HTTP/1.1" 304 -
8.242.188.130 - - [02/Jan/2024:14:47:22 -0500] "GET /sipse/faces/javax.faces.resource/jquery/jquery-plugins.js?ln=primefaces&v=4.0 HTTP/1.1" 304 -
8.242.188.130 - - [02/Jan/2024:14:47:22 -0500] "GET /sipse/faces/javax.faces.resource/primefaces.js?ln=primefaces&v=4.0 HTTP/1.1" 304 -
8.242.188.130 - - [02/Jan/2024:14:47:22 -0500] "GET /sipse/faces/javax.faces.resource/layout/layout.js?ln=primefaces&v=4.0 HTTP/1.1" 304 -
8.242.188.130 - - [02/Jan/2024:14:47:22 -0500] "GET /sipse/faces/javax.faces.resource/images/ui-icons_898989_256x240.png?ln=primefaces-aristo HTTP/1.1" 304 -
8.242.188.130 - - [02/Jan/2024:14:47:23 -0500] "GET /sipse/faces/javax.faces.resource/images/ui-bg_flat_0_2d5972_40x100.png?ln=primefaces-aristo HTTP/1.1" 304 -
8.242.188.130 - - [02/Jan/2024:14:47:23 -0500] "POST /sipse/faces/presentacion/financiero/solicitudProceso/consultar.xhtml HTTP/1.1" 200 23077
8.242.188.130 - - [02/Jan/2024:14:47:26 -0500] "POST /sipse/faces/presentacion/financiero/solicitudProceso/consultar.xhtml HTTP/1.1" 200 13193
8.242.188.130 - - [02/Jan/2024:14:47:31 -0500] "POST /sipse/faces/presentacion/financiero/solicitudProceso/consultar.xhtml HTTP/1.1" 200 125763
8.242.188.130 - - [02/Jan/2024:14:47:32 -0500] "GET /sipse/faces/javax.faces.resource/jquery/jquery.js?ln=primefaces&v=4.0 HTTP/1.1" 304 -
8.242.188.130 - - [02/Jan/2024:14:47:32 -0500] "GET /sipse/faces/javax.faces.resource/jquery/jquery-plugins.js?ln=primefaces&v=4.0 HTTP/1.1" 304 -
8.242.188.130 - - [02/Jan/2024:14:47:32 -0500] "GET /sipse/faces/javax.faces.resource/primefaces.js?ln=primefaces&v=4.0 HTTP/1.1" 304 -
8.242.188.130 - - [02/Jan/2024:14:47:32 -0500] "GET /sipse/faces/javax.faces.resource/layout/layout.js?ln=primefaces&v=4.0 HTTP/1.1" 304 -
156.59.198.136 - - [02/Jan/2024:14:47:33 -0500] "GET /BLA/resoluciones/RESOLUCIONES%202011/3795.pdf HTTP/1.0" 200 986342
156.59.198.135 - - [02/Jan/2024:14:47:57 -0500] "GET /BLA/resoluciones/RESOLUCIONES%202011/4484.pdf HTTP/1.0" 200 722911
45.70.171.82 - - [02/Jan/2024:14:48:00 -0500] "GET /kwssiamovil/sm/ldap/au?x=U2FsdGVkX18lpIuthwfIf43VsH0mv6dGsi2mHMpxC0iMZoUZD5onOs5zXbYmcGqE&y=U2FsdGVkX1+CX9pzEQ4KLYRfFv0b5Cj/tk/JlOY1YYM= HTTP/1.1" 200 30
45.70.171.82 - - [02/Jan/2024:14:48:00 -0500] "GET /kwssiamovil/sm/acme/s?s=U2FsdGVkX180BVT7lQcF/GlxwaZ9p/94AoQ1KQNgWx1/xNZBg8fhW36pkK+eGQ0xVf6U1P2VpivuVrZgExejkQvZZcgTtXStDix+7gpY288=&u=U2FsdGVkX1/icu03qHrNmQmDLq64HiwX9fNF8JmNlkk=&y=U2FsdGVkX1+CX9pzEQ4KLYRfFv0b5Cj/tk/JlOY1YYM= HTTP/1.1" 200 97
45.70.171.82 - - [02/Jan/2024:14:48:00 -0500] "GET /kwssiamovil/sm/acme/s?s=U2FsdGVkX1/Wf7GCZVcg2iqQkN6VrdJmQuY2UE1YQPeMydxuNo73mZOw27XXEGqobm4qj+3x6HMpKkdC4q1dGvDwzKwusHsKV+7omKCb459lTSLfX40NBb6OX/rUHYtvDso9Mc7gEgNzWr15MUP0qRsghcguT8RaLbvHqK3oN0E35b151riHvM1p58YGpJofVmQJKGHb0qENdzG7CFgEdQYhtNuZKfYVlacBFowuk5fZxh9WM0dzW5Pax/NkLASUvWMMuxGGFj12DVzuG5xV1E/tgu2AeQTDxDGqM7ZkfF+IitwapbY0tiA2l9VpvuqaqySaWDvmTAJ8cnJuI1MoB9K9wA8HPI2NXGER1y+wSBeDjhSFBBM/1flXridsCy4kXYO9fyGIeQNRsj+bFRpGRmHqHKSZmMUBZO/cphcCOmDHc6qGLhoS8mJdJWG+h/eYqlc52ZUs7UTxASpVBEw0pnXIEKXoYPfvPV3FEubaC+z++LwUs1bM3WOoFXf4h9nSQf1Jnx3Iw93Xe3TkwULSpPDUrImFj9L3mcdc2VVqvlft35/Ft7x9PJaHqK7K77A7lvgzC2096ZK9AWyRG5120sD7JfIyKBHpRR3Alpf+E3lOLcC5MhzarWf3wk6aTYHJbKzHhou5MdsDGKa4H9Z4Bw5NjuwadXo0FeeoP1G7TFm75kPDvEyS97tB4zf2PLEFCpA6yWt6h5NaiFDJ871TI5xtk2ZbQI6TDZSV47CmsTEWIXNBeWMxYserBB62i3UYm5Rr3eU4IVkNLB4ier00U2Z4dIr9XcOBMAz6q0t+QdM13bfRS3DN/2Is+HITSMa8ZOUN7pffEp6+qpxmGwn8amq9isuu2rLXPGliAL2z+nQ1B3HjsY4bZQRl5GSXrB2arunJPnXgmpRI96fa00bKCmy+VhB6CkjoAhEF9cK52mDiRqi8/4r8MCGs89Mgb8ZvinK1+opLj3IHqlEJsnNdtqWvRQvtLHYN1rSzW0Wr+vHZz15O9ebPFzU8SFpbwxaEPnL+IW74cL6f+TBMTRbm95cDP/KMtxdrC9HsgwDHwDKI9qvnxZjig1e5D2wt92zlXFMAWO3bINQ7YbxkWopGycmzXLeXnExgzpObdoh8gpNXJk4sEhmGXN6VfI9tm5w4OpPcfeVYA4B7kC+dZc/tDL7LyblRsc7QcQ/+DFaIUxx6NfuBsxXC/keHYnJl3NKhtTlKCF6nC/RhutFSWggCyXevUJYdUpxcecFxNLikEjmxy0x6fffYvRBjNxt2roR4QKXNBgPnhQo/QtUFz7ul6JQcz1Z358I973uSDqB+7LXiuzQyutJnSaV2e63JxJPiHU7cuHveyUq5PrSXLlAFCc/9qT64bRZJCBcrbAwBA3rxZjADI1m6WzWbYSer/8MNA0FkPnKZINKzWlCqzOAhkNhqXPt2YcEFwWMpj/5FQSA=&u=U2FsdGVkX1/icu03qHrNmQmDLq64HiwX9fNF8JmNlkk=&y=U2FsdGVkX1+CX9pzEQ4KLYRfFv0b5Cj/tk/JlOY1YYM= HTTP/1.1" 200 3133
45.70.171.82 - - [02/Jan/2024:14:48:00 -0500] "GET /kwssiamovil/sm/acme/s?s=U2FsdGVkX19atkYSUuTBNF6deHk0MyEHmJcw9m8NPlQNCQ++PFCkc+Ff66k1hALfypnpxZ8VdTwz8jO3RzZcmG7hI5CKq9WpKE8c6c2VcOz5fIpGKKmEMaAbMk4dTgEco4l+HCOR9AYwLuIEy9WXmnhu46YjB62RtGwhMyxuUMGLhW+HHZ4p3RJdqiZH8ku6vn8IEshq/mObldsj4iZ0+GonPeb+9zfJy6ngpRKT50IuQU8CZKpDsMBwnxtLT9Z1PiAkSqyieuWdEkFzblcZOf1wWosxL566dErhpAxY4wj18P600wT3b4rHJs3WWJXld+N68tpfMzx/PErCX8cLDQ==&u=U2FsdGVkX1/icu03qHrNmQmDLq64HiwX9fNF8JmNlkk=&y=U2FsdGVkX1+CX9pzEQ4KLYRfFv0b5Cj/tk/JlOY1YYM= HTTP/1.1" 200 196
45.70.171.82 - - [02/Jan/2024:14:48:00 -0500] "GET /kwssiamovil/sm/cjson/pre?f=1&x=U2FsdGVkX18lpIuthwfIf43VsH0mv6dGsi2mHMpxC0iMZoUZD5onOs5zXbYmcGqE HTTP/1.1" 200 31032
52.167.144.201 - - [02/Jan/2024:14:48:10 -0500] "GET /BLA/resoluciones/AUTOS%202023/9294.pdf HTTP/1.1" 200 506627
156.59.198.136 - - [02/Jan/2024:14:48:21 -0500] "GET /BLA/resoluciones/RESOLUCIONES%202011/4964.pdf HTTP/1.0" 200 952882
156.59.198.135 - - [02/Jan/2024:14:48:46 -0500] "GET /BLA/resoluciones/RESOLUCIONES%202011/6309.pdf HTTP/1.0" 200 277607
191.156.46.246 - - [02/Jan/2024:14:49:00 -0500] "POST /sipse/faces/presentacion/financiero/solicitudProceso/consultarSolicitudProceso.xhtml HTTP/1.1" 200 42092
191.156.46.246 - - [02/Jan/2024:14:49:03 -0500] "GET /sipse/faces/javax.faces.resource/theme.css?ln=primefaces-sipse HTTP/1.1" 304 -
191.156.46.246 - - [02/Jan/2024:14:49:03 -0500] "GET /sipse/faces/javax.faces.resource/jquery/jquery.js?ln=primefaces&v=4.0 HTTP/1.1" 304 -
191.156.46.246 - - [02/Jan/2024:14:49:03 -0500] "GET /sipse/faces/javax.faces.resource/layout/layout.css?ln=primefaces&v=4.0 HTTP/1.1" 304 -
191.156.32.254 - - [02/Jan/2024:14:49:04 -0500] "GET /sipse/faces/javax.faces.resource/jquery/jquery-plugins.js?ln=primefaces&v=4.0 HTTP/1.1" 304 -
191.156.32.254 - - [02/Jan/2024:14:49:04 -0500] "GET /sipse/faces/javax.faces.resource/primefaces.css?ln=primefaces&v=4.0 HTTP/1.1" 304 -
191.156.32.254 - - [02/Jan/2024:14:49:04 -0500] "GET /sipse/faces/javax.faces.resource/primefaces.js?ln=primefaces&v=4.0 HTTP/1.1" 304 -
191.156.32.254 - - [02/Jan/2024:14:49:04 -0500] "GET /sipse/faces/javax.faces.resource/layout/layout.js?ln=primefaces&v=4.0 HTTP/1.1" 304 -
191.156.32.254 - - [02/Jan/2024:14:49:05 -0500] "GET /sipse/css/imagen/contrasena.png HTTP/1.1" 404 383
191.156.32.254 - - [02/Jan/2024:14:49:04 -0500] "POST /sipse/faces/presentacion/financiero/solicitudProceso/consultar.xhtml HTTP/1.1" 200 35386
191.156.32.254 - - [02/Jan/2024:14:49:06 -0500] "POST /sipse/faces/presentacion/financiero/solicitudProceso/consultar.xhtml HTTP/1.1" 200 35386
191.156.32.254 - - [02/Jan/2024:14:49:07 -0500] "POST /sipse/faces/presentacion/financiero/solicitudProceso/consultar.xhtml HTTP/1.1" 200 35386
191.156.32.254 - - [02/Jan/2024:14:49:08 -0500] "POST /sipse/faces/presentacion/financiero/solicitudProceso/consultar.xhtml HTTP/1.1" 200 35386
191.156.32.254 - - [02/Jan/2024:14:49:08 -0500] "POST /sipse/faces/presentacion/financiero/solicitudProceso/consultar.xhtml HTTP/1.1" 200 35386
201.245.192.253 - - [02/Jan/2024:14:49:07 -0500] "POST /kwsrmcab/Wsrmcab  HTTP/1.1" 200 40793
156.59.198.136 - - [02/Jan/2024:14:49:09 -0500] "GET /BLA/resoluciones/RESOLUCIONES%202011/3809.pdf HTTP/1.0" 200 731618
191.156.32.254 - - [02/Jan/2024:14:49:09 -0500] "POST /sipse/faces/presentacion/financiero/solicitudProceso/consultar.xhtml HTTP/1.1" 200 35386
191.156.32.254 - - [02/Jan/2024:14:49:11 -0500] "POST /sipse/faces/presentacion/financiero/solicitudProceso/consultar.xhtml HTTP/1.1" 200 35386
191.156.32.254 - - [02/Jan/2024:14:49:13 -0500] "POST /sipse/faces/presentacion/financiero/solicitudProceso/consultar.xhtml HTTP/1.1" 200 35386
191.156.32.254 - - [02/Jan/2024:14:49:16 -0500] "POST /sipse/faces/presentacion/financiero/solicitudProceso/consultar.xhtml HTTP/1.1" 200 35386
191.156.32.254 - - [02/Jan/2024:14:49:19 -0500] "POST /sipse/faces/presentacion/financiero/solicitudProceso/consultar.xhtml HTTP/1.1" 200 35386
172.22.2.4 - - [02/Jan/2024:14:47:41 -0500] "HEAD /BLA/boletinlegal/ HTTP/1.1" 200 -
191.156.32.254 - - [02/Jan/2024:14:49:21 -0500] "POST /sipse/faces/presentacion/financiero/solicitudProceso/consultar.xhtml HTTP/1.1" 200 35386
191.156.32.254 - - [02/Jan/2024:14:49:22 -0500] "POST /sipse/faces/presentacion/financiero/solicitudProceso/consultar.xhtml HTTP/1.1" 200 35386
191.156.32.254 - - [02/Jan/2024:14:49:28 -0500] "POST /sipse/faces/presentacion/financiero/solicitudProceso/consultar.xhtml HTTP/1.1" 200 12799
156.59.198.136 - - [02/Jan/2024:14:49:34 -0500] "GET /BLA/resoluciones/RESOLUCIONES%202011/5423.pdf HTTP/1.0" 200 490219
191.156.32.254 - - [02/Jan/2024:14:49:32 -0500] "POST /sipse/faces/presentacion/financiero/solicitudProceso/consultar.xhtml HTTP/1.1" 200 154127
191.156.32.254 - - [02/Jan/2024:14:49:38 -0500] "GET /sipse/faces/javax.faces.resource/theme.css?ln=primefaces-sipse HTTP/1.1" 304 -
191.156.32.254 - - [02/Jan/2024:14:49:38 -0500] "GET /sipse/faces/javax.faces.resource/primefaces.css?ln=primefaces&v=4.0 HTTP/1.1" 304 -
191.156.32.254 - - [02/Jan/2024:14:49:38 -0500] "GET /sipse/faces/javax.faces.resource/layout/layout.css?ln=primefaces&v=4.0 HTTP/1.1" 304 -
191.156.46.255 - - [02/Jan/2024:14:49:38 -0500] "GET /sipse/faces/javax.faces.resource/jquery/jquery.js?ln=primefaces&v=4.0 HTTP/1.1" 304 -
191.156.46.255 - - [02/Jan/2024:14:49:38 -0500] "GET /sipse/faces/javax.faces.resource/jquery/jquery-plugins.js?ln=primefaces&v=4.0 HTTP/1.1" 304 -
191.156.46.255 - - [02/Jan/2024:14:49:39 -0500] "GET /sipse/faces/javax.faces.resource/primefaces.js?ln=primefaces&v=4.0 HTTP/1.1" 304 -
191.156.46.255 - - [02/Jan/2024:14:49:39 -0500] "GET /sipse/faces/javax.faces.resource/layout/layout.js?ln=primefaces&v=4.0 HTTP/1.1" 304 -
191.156.46.255 - - [02/Jan/2024:14:49:40 -0500] "GET /sipse/css/imagen/contrasena.png HTTP/1.1" 404 383
191.156.46.255 - - [02/Jan/2024:14:49:44 -0500] "POST /sipse/faces/presentacion/financiero/solicitudProceso/consultarSolicitudProceso.xhtml HTTP/1.1" 200 81728
156.59.198.136 - - [02/Jan/2024:14:49:58 -0500] "GET /BLA/resoluciones/RESOLUCIONES%202011/4711.pdf HTTP/1.0" 200 444725
52.167.144.171 - - [02/Jan/2024:14:50:09 -0500] "GET /BLA/resoluciones/AUTOS%202017/2289.pdf HTTP/1.1" 304 -
172.22.2.4 - - [02/Jan/2024:14:48:32 -0500] "GET /BLA/boletinlegal/ HTTP/1.1" 200 58567
156.59.198.135 - - [02/Jan/2024:14:50:22 -0500] "GET /BLA/resoluciones/RESOLUCIONES%202011/5337.pdf HTTP/1.0" 200 555152
172.22.2.4 - - [02/Jan/2024:14:50:25 -0500] "GET /BLA/boletinlegal/style.css HTTP/1.1" 200 9406
172.22.2.4 - - [02/Jan/2024:14:50:25 -0500] "GET /BLA/boletinlegal/styles2.css HTTP/1.1" 200 1838
172.22.2.4 - - [02/Jan/2024:14:50:25 -0500] "GET /BLA/boletinlegal/js/jquery.scrollShow.js HTTP/1.1" 200 4586
172.22.2.4 - - [02/Jan/2024:14:50:25 -0500] "GET /BLA/boletinlegal/js/jquery.scrollTo-min.js HTTP/1.1" 200 1150
172.22.2.4 - - [02/Jan/2024:14:50:25 -0500] "GET /BLA/boletinlegal/js/jquery.js HTTP/1.1" 200 57254
172.22.2.4 - - [02/Jan/2024:14:50:25 -0500] "GET /BLA/boletinlegal/images/cabezote%20BLEGAL.jpg HTTP/1.1" 200 118164
172.22.2.4 - - [02/Jan/2024:14:50:25 -0500] "GET /BLA/boletinlegal/images/screen_1.png HTTP/1.1" 200 202547
172.22.2.4 - - [02/Jan/2024:14:50:25 -0500] "GET /BLA/boletinlegal/images/subscribe-icon-big.png HTTP/1.1" 200 47702
172.22.2.4 - - [02/Jan/2024:14:50:25 -0500] "GET /BLA/boletinlegal/images/historia.png HTTP/1.1" 200 52775
172.22.2.4 - - [02/Jan/2024:14:50:25 -0500] "GET /BLA/boletinlegal/images/registro-usuarios.png HTTP/1.1" 200 8106
172.22.2.4 - - [02/Jan/2024:14:50:25 -0500] "GET /BLA/boletinlegal/images/arr_l.jpg HTTP/1.1" 200 1979
172.22.2.4 - - [02/Jan/2024:14:50:25 -0500] "GET /BLA/boletinlegal/images/launch.jpg HTTP/1.1" 200 14577
172.22.2.4 - - [02/Jan/2024:14:50:25 -0500] "GET /BLA/boletinlegal/images/body_bg.jpg HTTP/1.1" 200 1601
172.22.2.4 - - [02/Jan/2024:14:50:25 -0500] "GET /BLA/boletinlegal/images/menu_lft.gif HTTP/1.1" 200 1713
172.22.2.4 - - [02/Jan/2024:14:50:25 -0500] "GET /BLA/boletinlegal/images/menu_rght.gif HTTP/1.1" 200 1627
172.22.2.4 - - [02/Jan/2024:14:50:25 -0500] "GET /BLA/boletinlegal/images/bg_top.jpg HTTP/1.1" 200 522
172.22.2.4 - - [02/Jan/2024:14:50:25 -0500] "GET /BLA/boletinlegal/images/menu_bg.jpg HTTP/1.1" 200 620
172.22.2.4 - - [02/Jan/2024:14:50:25 -0500] "GET /BLA/boletinlegal/images/hover.jpg HTTP/1.1" 200 640
172.22.2.4 - - [02/Jan/2024:14:50:25 -0500] "GET /BLA/boletinlegal/images/text.jpg HTTP/1.1" 200 568
172.22.2.4 - - [02/Jan/2024:14:50:28 -0500] "GET /BLA/boletinlegal/actos.php HTTP/1.1" 200 9648
172.22.2.4 - - [02/Jan/2024:14:50:28 -0500] "GET /BLA/boletinlegal/niceforms.js HTTP/1.1" 200 22876
172.22.2.4 - - [02/Jan/2024:14:50:28 -0500] "GET /BLA/boletinlegal/niceforms-default.css HTTP/1.1" 200 6694
172.22.2.4 - - [02/Jan/2024:14:50:28 -0500] "GET /BLA/boletinlegal/js/ajax_actos.js HTTP/1.1" 200 1322
172.22.2.4 - - [02/Jan/2024:14:50:28 -0500] "GET /BLA/boletinlegal/js/lib.js HTTP/1.1" 200 6474
172.22.2.4 - - [02/Jan/2024:14:50:28 -0500] "GET /BLA/boletinlegal/js/popup.js HTTP/1.1" 200 1270
172.22.2.4 - - [02/Jan/2024:14:50:28 -0500] "GET /BLA/boletinlegal/js/jquery1.js HTTP/1.1" 200 29846
172.22.2.4 - - [02/Jan/2024:14:50:28 -0500] "GET /BLA/boletinlegal/images/green-yellow-blue-pink-th.png HTTP/1.1" 200 7394
172.22.2.4 - - [02/Jan/2024:14:50:28 -0500] "GET /BLA/boletinlegal/images/tel.png HTTP/1.1" 200 14477
172.22.2.4 - - [02/Jan/2024:14:50:28 -0500] "GET /BLA/boletinlegal/images/icono-email.png HTTP/1.1" 200 5544
172.22.2.4 - - [02/Jan/2024:14:50:28 -0500] "GET /BLA/boletinlegal/images/footer_bg.jpg HTTP/1.1" 200 586
172.22.2.4 - - [02/Jan/2024:14:50:28 -0500] "GET /BLA/boletinlegal/images/footer_bg_l.jpg HTTP/1.1" 200 776
172.22.2.4 - - [02/Jan/2024:14:50:28 -0500] "GET /BLA/boletinlegal/img/0.png HTTP/1.1" 200 110
172.22.2.4 - - [02/Jan/2024:14:50:28 -0500] "GET /BLA/boletinlegal/img/select-left.png HTTP/1.1" 200 263
172.22.2.4 - - [02/Jan/2024:14:50:28 -0500] "GET /BLA/boletinlegal/img/select-right.png HTTP/1.1" 200 44019
172.22.2.4 - - [02/Jan/2024:14:50:28 -0500] "GET /BLA/boletinlegal/img/button-left.png HTTP/1.1" 200 57071
172.22.2.4 - - [02/Jan/2024:14:50:28 -0500] "GET /BLA/boletinlegal/img/button.png HTTP/1.1" 200 43241
172.22.2.4 - - [02/Jan/2024:14:50:28 -0500] "GET /BLA/boletinlegal/img/button-right.png HTTP/1.1" 200 57878
172.22.2.4 - - [02/Jan/2024:14:50:28 -0500] "GET /BLA/boletinlegal/favicon.ico HTTP/1.1" 404 1326
156.59.198.135 - - [02/Jan/2024:14:50:47 -0500] "GET /BLA/resoluciones/RESOLUCIONES%202011/6701.pdf HTTP/1.0" 200 1515936
216.245.221.92 - - [02/Jan/2024:14:50:51 -0500] "HEAD / HTTP/1.1" 200 -
172.22.2.4 - - [02/Jan/2024:14:50:25 -0500] "GET /BLA/boletinlegal/ HTTP/1.1" 200 24523
172.22.2.4 - - [02/Jan/2024:14:51:07 -0500] "GET /BLA/boletinlegal/actos.php HTTP/1.1" 200 9648
156.59.198.135 - - [02/Jan/2024:14:51:12 -0500] "GET /BLA/resoluciones/RESOLUCIONES%202011/5555.pdf HTTP/1.0" 200 516421
172.22.2.4 - - [02/Jan/2024:14:51:14 -0500] "GET /BLA/boletinlegal/actos.php HTTP/1.1" 200 9648
172.22.2.4 - - [02/Jan/2024:14:51:15 -0500] "GET /BLA/boletinlegal/styles2.css HTTP/1.1" 200 1838
172.22.2.4 - - [02/Jan/2024:14:51:15 -0500] "GET /BLA/boletinlegal/js/ajax_actos.js HTTP/1.1" 200 1322
172.22.2.4 - - [02/Jan/2024:14:51:15 -0500] "GET /BLA/boletinlegal/niceforms-default.css HTTP/1.1" 200 6694
172.22.2.4 - - [02/Jan/2024:14:51:15 -0500] "GET /BLA/boletinlegal/style.css HTTP/1.1" 200 9406
172.22.2.4 - - [02/Jan/2024:14:51:15 -0500] "GET /BLA/boletinlegal/niceforms.js HTTP/1.1" 200 22876
172.22.2.4 - - [02/Jan/2024:14:51:15 -0500] "GET /BLA/boletinlegal/js/lib.js HTTP/1.1" 200 6474
172.22.2.4 - - [02/Jan/2024:14:51:15 -0500] "GET /BLA/boletinlegal/js/popup.js HTTP/1.1" 200 1270
172.22.2.4 - - [02/Jan/2024:14:51:15 -0500] "GET /BLA/boletinlegal/js/jquery1.js HTTP/1.1" 200 29846
172.22.2.4 - - [02/Jan/2024:14:51:15 -0500] "GET /BLA/boletinlegal/images/cabezote%20BLEGAL.jpg HTTP/1.1" 200 118164
172.22.2.4 - - [02/Jan/2024:14:51:15 -0500] "GET /BLA/boletinlegal/images/subscribe-icon-big.png HTTP/1.1" 200 47702
172.22.2.4 - - [02/Jan/2024:14:51:15 -0500] "GET /BLA/boletinlegal/images/historia.png HTTP/1.1" 200 52775
172.22.2.4 - - [02/Jan/2024:14:51:15 -0500] "GET /BLA/boletinlegal/images/registro-usuarios.png HTTP/1.1" 200 8106
172.22.2.4 - - [02/Jan/2024:14:51:15 -0500] "GET /BLA/boletinlegal/images/green-yellow-blue-pink-th.png HTTP/1.1" 200 7394
172.22.2.4 - - [02/Jan/2024:14:51:15 -0500] "GET /BLA/boletinlegal/images/tel.png HTTP/1.1" 200 14477
172.22.2.4 - - [02/Jan/2024:14:51:15 -0500] "GET /BLA/boletinlegal/images/icono-email.png HTTP/1.1" 200 5544
172.22.2.4 - - [02/Jan/2024:14:51:15 -0500] "GET /BLA/boletinlegal/images/body_bg.jpg HTTP/1.1" 200 1601
172.22.2.4 - - [02/Jan/2024:14:51:16 -0500] "GET /BLA/boletinlegal/images/menu_lft.gif HTTP/1.1" 200 1713
172.22.2.4 - - [02/Jan/2024:14:51:16 -0500] "GET /BLA/boletinlegal/images/menu_rght.gif HTTP/1.1" 200 1627
172.22.2.4 - - [02/Jan/2024:14:51:16 -0500] "GET /BLA/boletinlegal/images/text.jpg HTTP/1.1" 200 568
172.22.2.4 - - [02/Jan/2024:14:51:16 -0500] "GET /BLA/boletinlegal/images/menu_bg.jpg HTTP/1.1" 200 620
172.22.2.4 - - [02/Jan/2024:14:51:16 -0500] "GET /BLA/boletinlegal/images/bg_top.jpg HTTP/1.1" 200 522
172.22.2.4 - - [02/Jan/2024:14:51:16 -0500] "GET /BLA/boletinlegal/images/hover.jpg HTTP/1.1" 200 640
172.22.2.4 - - [02/Jan/2024:14:51:16 -0500] "GET /BLA/boletinlegal/images/footer_bg.jpg HTTP/1.1" 200 586
172.22.2.4 - - [02/Jan/2024:14:51:16 -0500] "GET /BLA/boletinlegal/images/footer_bg_l.jpg HTTP/1.1" 200 776
172.22.2.4 - - [02/Jan/2024:14:51:16 -0500] "GET /BLA/boletinlegal/img/0.png HTTP/1.1" 200 110
172.22.2.4 - - [02/Jan/2024:14:51:16 -0500] "GET /BLA/boletinlegal/img/select-left.png HTTP/1.1" 200 263
172.22.2.4 - - [02/Jan/2024:14:51:16 -0500] "GET /BLA/boletinlegal/img/select-right.png HTTP/1.1" 200 44019
172.22.2.4 - - [02/Jan/2024:14:51:16 -0500] "GET /BLA/boletinlegal/img/button.png HTTP/1.1" 200 43241
172.22.2.4 - - [02/Jan/2024:14:51:16 -0500] "GET /BLA/boletinlegal/img/button-right.png HTTP/1.1" 200 57878
172.22.2.4 - - [02/Jan/2024:14:51:16 -0500] "GET /BLA/boletinlegal/img/button-left.png HTTP/1.1" 200 57071
172.22.2.4 - - [02/Jan/2024:14:51:16 -0500] "GET /BLA/boletinlegal/favicon.ico HTTP/1.1" 404 1326
172.22.2.4 - - [02/Jan/2024:14:51:25 -0500] "GET /BLA/boletinlegal/actos.php HTTP/1.1" 200 9648
156.59.198.135 - - [02/Jan/2024:14:51:36 -0500] "GET /BLA/resoluciones/RESOLUCIONES%202011/5881.pdf HTTP/1.0" 200 450923
191.156.46.246 - - [02/Jan/2024:14:51:35 -0500] "POST /sipse/faces/presentacion/financiero/solicitudProceso/consultarSolicitudProceso.xhtml HTTP/1.1" 200 42125
191.156.46.246 - - [02/Jan/2024:14:51:37 -0500] "GET /sipse/faces/javax.faces.resource/theme.css?ln=primefaces-sipse HTTP/1.1" 304 -
191.156.34.163 - - [02/Jan/2024:14:51:38 -0500] "GET /sipse/faces/javax.faces.resource/primefaces.css?ln=primefaces&v=4.0 HTTP/1.1" 304 -
191.156.32.254 - - [02/Jan/2024:14:51:38 -0500] "GET /sipse/faces/javax.faces.resource/jquery/jquery.js?ln=primefaces&v=4.0 HTTP/1.1" 304 -
191.156.34.163 - - [02/Jan/2024:14:51:38 -0500] "GET /sipse/faces/javax.faces.resource/layout/layout.css?ln=primefaces&v=4.0 HTTP/1.1" 304 -
191.156.34.163 - - [02/Jan/2024:14:51:38 -0500] "GET /sipse/faces/javax.faces.resource/jquery/jquery-plugins.js?ln=primefaces&v=4.0 HTTP/1.1" 304 -
191.156.34.163 - - [02/Jan/2024:14:51:39 -0500] "GET /sipse/faces/javax.faces.resource/primefaces.js?ln=primefaces&v=4.0 HTTP/1.1" 304 -
191.156.34.163 - - [02/Jan/2024:14:51:39 -0500] "GET /sipse/faces/javax.faces.resource/layout/layout.js?ln=primefaces&v=4.0 HTTP/1.1" 304 -
191.156.34.163 - - [02/Jan/2024:14:51:39 -0500] "POST /sipse/faces/presentacion/financiero/solicitudProceso/consultar.xhtml HTTP/1.1" 200 35419
191.156.34.163 - - [02/Jan/2024:14:51:41 -0500] "POST /sipse/faces/presentacion/financiero/solicitudProceso/consultar.xhtml HTTP/1.1" 200 35419
172.22.2.4 - - [02/Jan/2024:14:51:43 -0500] "GET /BLA/boletinlegal/consulta_actos.php?tipo=resoluciones&no=2222&usuario=sean.leguizamon&sector=&fecha=2023&resuelve= HTTP/1.1" 200 626
191.156.34.163 - - [02/Jan/2024:14:51:43 -0500] "POST /sipse/faces/presentacion/financiero/solicitudProceso/consultar.xhtml HTTP/1.1" 200 35419
191.156.34.163 - - [02/Jan/2024:14:51:51 -0500] "POST /sipse/faces/presentacion/financiero/solicitudProceso/consultar.xhtml HTTP/1.1" 200 35419
8.242.188.130 - - [02/Jan/2024:14:51:53 -0500] "POST /sipse/faces/presentacion/financiero/solicitudProceso/consultarSolicitudProceso.xhtml HTTP/1.1" 200 47778
8.242.188.130 - - [02/Jan/2024:14:51:54 -0500] "GET /sipse/faces/javax.faces.resource/theme.css?ln=primefaces-sipse HTTP/1.1" 304 -
8.242.188.130 - - [02/Jan/2024:14:51:54 -0500] "GET /sipse/faces/javax.faces.resource/primefaces.css?ln=primefaces&v=4.0 HTTP/1.1" 304 -
8.242.188.130 - - [02/Jan/2024:14:51:54 -0500] "GET /sipse/faces/javax.faces.resource/layout/layout.css?ln=primefaces&v=4.0 HTTP/1.1" 304 -
8.242.188.130 - - [02/Jan/2024:14:51:54 -0500] "GET /sipse/faces/javax.faces.resource/jquery/jquery.js?ln=primefaces&v=4.0 HTTP/1.1" 304 -
8.242.188.130 - - [02/Jan/2024:14:51:54 -0500] "GET /sipse/faces/javax.faces.resource/primefaces.js?ln=primefaces&v=4.0 HTTP/1.1" 304 -
8.242.188.130 - - [02/Jan/2024:14:51:54 -0500] "GET /sipse/faces/javax.faces.resource/layout/layout.js?ln=primefaces&v=4.0 HTTP/1.1" 304 -
8.242.188.130 - - [02/Jan/2024:14:51:54 -0500] "GET /sipse/faces/javax.faces.resource/jquery/jquery-plugins.js?ln=primefaces&v=4.0 HTTP/1.1" 304 -
8.242.188.130 - - [02/Jan/2024:14:51:54 -0500] "GET /sipse/faces/javax.faces.resource/images/ui-icons_898989_256x240.png?ln=primefaces-aristo HTTP/1.1" 304 -
8.242.188.130 - - [02/Jan/2024:14:51:55 -0500] "GET /sipse/faces/javax.faces.resource/images/ui-bg_flat_0_2d5972_40x100.png?ln=primefaces-aristo HTTP/1.1" 304 -
8.242.188.130 - - [02/Jan/2024:14:51:55 -0500] "POST /sipse/faces/presentacion/financiero/solicitudProceso/consultar.xhtml HTTP/1.1" 200 23077
8.242.188.130 - - [02/Jan/2024:14:51:58 -0500] "POST /sipse/faces/presentacion/financiero/solicitudProceso/consultar.xhtml HTTP/1.1" 200 12907
191.156.34.163 - - [02/Jan/2024:14:51:54 -0500] "POST /sipse/faces/presentacion/financiero/solicitudProceso/consultar.xhtml HTTP/1.1" 200 35419
156.59.198.135 - - [02/Jan/2024:14:51:59 -0500] "GET /BLA/resoluciones/RESOLUCIONES%202011/5783.pdf HTTP/1.0" 200 760324
8.242.188.130 - - [02/Jan/2024:14:52:00 -0500] "POST /sipse/faces/presentacion/financiero/solicitudProceso/consultar.xhtml HTTP/1.1" 200 126938
8.242.188.130 - - [02/Jan/2024:14:52:02 -0500] "GET /sipse/faces/javax.faces.resource/jquery/jquery.js?ln=primefaces&v=4.0 HTTP/1.1" 304 -
8.242.188.130 - - [02/Jan/2024:14:52:02 -0500] "GET /sipse/faces/javax.faces.resource/jquery/jquery-plugins.js?ln=primefaces&v=4.0 HTTP/1.1" 304 -
8.242.188.130 - - [02/Jan/2024:14:52:03 -0500] "GET /sipse/faces/javax.faces.resource/primefaces.js?ln=primefaces&v=4.0 HTTP/1.1" 304 -
8.242.188.130 - - [02/Jan/2024:14:52:03 -0500] "GET /sipse/faces/javax.faces.resource/layout/layout.js?ln=primefaces&v=4.0 HTTP/1.1" 304 -
191.156.34.163 - - [02/Jan/2024:14:52:01 -0500] "POST /sipse/faces/presentacion/financiero/solicitudProceso/consultar.xhtml HTTP/1.1" 200 35419
172.22.2.4 - - [02/Jan/2024:14:52:08 -0500] "GET /BLA/boletinlegal/consulta_actos.php?tipo=resoluciones&no=2222&usuario=sean.leguizamon&sector=RESIDUOS&fecha=2023&resuelve= HTTP/1.1" 200 626
191.156.34.163 - - [02/Jan/2024:14:52:08 -0500] "POST /sipse/faces/presentacion/financiero/solicitudProceso/consultar.xhtml HTTP/1.1" 200 35419
191.156.34.163 - - [02/Jan/2024:14:52:12 -0500] "POST /sipse/faces/presentacion/financiero/solicitudProceso/consultar.xhtml HTTP/1.1" 200 35419
172.22.2.4 - - [02/Jan/2024:14:52:13 -0500] "GET /BLA/boletinlegal/actos.php HTTP/1.1" 200 9648
191.156.34.163 - - [02/Jan/2024:14:52:13 -0500] "POST /sipse/faces/presentacion/financiero/solicitudProceso/consultar.xhtml HTTP/1.1" 200 35419
191.156.34.163 - - [02/Jan/2024:14:52:18 -0500] "POST /sipse/faces/presentacion/financiero/solicitudProceso/consultar.xhtml HTTP/1.1" 200 35419
191.156.34.163 - - [02/Jan/2024:14:52:21 -0500] "POST /sipse/faces/presentacion/financiero/solicitudProceso/consultar.xhtml HTTP/1.1" 200 35419
156.59.198.136 - - [02/Jan/2024:14:52:24 -0500] "GET /BLA/resoluciones/RESOLUCIONES%202011/5405.pdf HTTP/1.0" 200 482992
191.156.34.163 - - [02/Jan/2024:14:52:23 -0500] "POST /sipse/faces/presentacion/financiero/solicitudProceso/consultar.xhtml HTTP/1.1" 200 35419
191.156.34.163 - - [02/Jan/2024:14:52:25 -0500] "POST /sipse/faces/presentacion/financiero/solicitudProceso/consultar.xhtml HTTP/1.1" 200 35419
191.156.34.163 - - [02/Jan/2024:14:52:31 -0500] "POST /sipse/faces/presentacion/financiero/solicitudProceso/consultar.xhtml HTTP/1.1" 200 35419
172.22.2.4 - - [02/Jan/2024:14:52:39 -0500] "GET /BLA/boletinlegal/consulta_actos.php?tipo=resoluciones&no=2222&usuario=sean.leguizamon&sector=&fecha=2007&resuelve= HTTP/1.1" 200 626
191.156.34.163 - - [02/Jan/2024:14:52:39 -0500] "POST /sipse/faces/presentacion/financiero/solicitudProceso/consultar.xhtml HTTP/1.1" 200 12784
191.156.34.163 - - [02/Jan/2024:14:52:44 -0500] "POST /sipse/faces/presentacion/financiero/solicitudProceso/consultar.xhtml HTTP/1.1" 200 12796
172.22.2.4 - - [02/Jan/2024:14:52:48 -0500] "GET /BLA/boletinlegal/consulta_actos.php?tipo=resoluciones&no=2222&usuario=sean.leguizamon&sector=RESIDUOS&fecha=2007&resuelve= HTTP/1.1" 200 626
172.22.2.4 - - [02/Jan/2024:14:52:49 -0500] "GET /BLA/boletinlegal/consulta_actos.php?tipo=resoluciones&no=2222&usuario=sean.leguizamon&sector=RESIDUOS&fecha=2007&resuelve= HTTP/1.1" 200 626
172.22.2.4 - - [02/Jan/2024:14:52:49 -0500] "GET /BLA/boletinlegal/actos.php HTTP/1.1" 200 9648
172.22.2.4 - - [02/Jan/2024:14:52:49 -0500] "GET /BLA/boletinlegal/consulta_actos.php?tipo=resoluciones&no=2222&usuario=sean.leguizamon&sector=RESIDUOS&fecha=2007&resuelve= HTTP/1.1" 200 626
172.22.2.4 - - [02/Jan/2024:14:52:49 -0500] "GET /BLA/boletinlegal/consulta_actos.php?tipo=resoluciones&no=2222&usuario=sean.leguizamon&sector=RESIDUOS&fecha=2007&resuelve= HTTP/1.1" 200 626
172.22.2.4 - - [02/Jan/2024:14:52:49 -0500] "GET /BLA/boletinlegal/consulta_actos.php?tipo=resoluciones&no=2222&usuario=sean.leguizamon&sector=RESIDUOS&fecha=2007&resuelve= HTTP/1.1" 200 626
172.22.2.4 - - [02/Jan/2024:14:52:50 -0500] "GET /BLA/boletinlegal/consulta_actos.php?tipo=resoluciones&no=2222&usuario=sean.leguizamon&sector=RESIDUOS&fecha=2007&resuelve= HTTP/1.1" 200 626
156.59.198.135 - - [02/Jan/2024:14:52:50 -0500] "GET /BLA/resoluciones/RESOLUCIONES%202011/3698.pdf HTTP/1.0" 200 554344
172.22.2.4 - - [02/Jan/2024:14:52:50 -0500] "GET /BLA/boletinlegal/consulta_actos.php?tipo=resoluciones&no=2222&usuario=sean.leguizamon&sector=RESIDUOS&fecha=2007&resuelve= HTTP/1.1" 200 626
172.22.2.4 - - [02/Jan/2024:14:52:50 -0500] "GET /BLA/boletinlegal/consulta_actos.php?tipo=resoluciones&no=2222&usuario=sean.leguizamon&sector=RESIDUOS&fecha=2007&resuelve= HTTP/1.1" 200 626
172.22.2.4 - - [02/Jan/2024:14:52:50 -0500] "GET /BLA/boletinlegal/consulta_actos.php?tipo=resoluciones&no=2222&usuario=sean.leguizamon&sector=RESIDUOS&fecha=2007&resuelve= HTTP/1.1" 200 626
172.22.2.4 - - [02/Jan/2024:14:52:51 -0500] "GET /BLA/boletinlegal/styles2.css HTTP/1.1" 200 1838
172.22.2.4 - - [02/Jan/2024:14:52:51 -0500] "GET /BLA/boletinlegal/js/ajax_actos.js HTTP/1.1" 200 1322
172.22.2.4 - - [02/Jan/2024:14:52:51 -0500] "GET /BLA/boletinlegal/niceforms-default.css HTTP/1.1" 200 6694
172.22.2.4 - - [02/Jan/2024:14:52:51 -0500] "GET /BLA/boletinlegal/style.css HTTP/1.1" 200 9406
172.22.2.4 - - [02/Jan/2024:14:52:51 -0500] "GET /BLA/boletinlegal/niceforms.js HTTP/1.1" 200 22876
172.22.2.4 - - [02/Jan/2024:14:52:51 -0500] "GET /BLA/boletinlegal/js/lib.js HTTP/1.1" 200 6474
172.22.2.4 - - [02/Jan/2024:14:52:51 -0500] "GET /BLA/boletinlegal/js/jquery1.js HTTP/1.1" 200 29846
172.22.2.4 - - [02/Jan/2024:14:52:51 -0500] "GET /BLA/boletinlegal/js/popup.js HTTP/1.1" 200 1270
172.22.2.4 - - [02/Jan/2024:14:52:51 -0500] "GET /BLA/boletinlegal/images/cabezote%20BLEGAL.jpg HTTP/1.1" 200 118164
172.22.2.4 - - [02/Jan/2024:14:52:52 -0500] "GET /BLA/boletinlegal/images/green-yellow-blue-pink-th.png HTTP/1.1" 200 7394
172.22.2.4 - - [02/Jan/2024:14:52:52 -0500] "GET /BLA/boletinlegal/images/registro-usuarios.png HTTP/1.1" 200 8106
172.22.2.4 - - [02/Jan/2024:14:52:52 -0500] "GET /BLA/boletinlegal/images/historia.png HTTP/1.1" 200 52775
172.22.2.4 - - [02/Jan/2024:14:52:52 -0500] "GET /BLA/boletinlegal/images/tel.png HTTP/1.1" 200 14477
172.22.2.4 - - [02/Jan/2024:14:52:52 -0500] "GET /BLA/boletinlegal/images/subscribe-icon-big.png HTTP/1.1" 200 47702
191.156.34.163 - - [02/Jan/2024:14:52:45 -0500] "POST /sipse/faces/presentacion/financiero/solicitudProceso/consultar.xhtml HTTP/1.1" 200 148655
190.24.132.250 - - [02/Jan/2024:14:52:53 -0500] "GET /BLA/resoluciones/ HTTP/1.1" 200 13696
190.24.132.250 - - [02/Jan/2024:14:52:53 -0500] "GET /BLA/resoluciones/dlf/styles.css HTTP/1.1" 200 3049
190.24.132.250 - - [02/Jan/2024:14:52:53 -0500] "GET /BLA/resoluciones/dlf/folder.png HTTP/1.1" 200 410
190.24.132.250 - - [02/Jan/2024:14:52:54 -0500] "GET /BLA/resoluciones/dlf/bg.gif HTTP/1.1" 200 54
190.24.132.250 - - [02/Jan/2024:14:52:54 -0500] "GET /favicon.ico HTTP/1.1" 200 7782
191.156.34.163 - - [02/Jan/2024:14:52:54 -0500] "GET /sipse/faces/javax.faces.resource/theme.css?ln=primefaces-sipse HTTP/1.1" 304 -
172.22.2.4 - - [02/Jan/2024:14:52:55 -0500] "GET /BLA/boletinlegal/images/body_bg.jpg HTTP/1.1" 200 1601
191.156.35.23 - - [02/Jan/2024:14:52:55 -0500] "GET /sipse/faces/javax.faces.resource/jquery/jquery.js?ln=primefaces&v=4.0 HTTP/1.1" 304 -
191.156.34.17 - - [02/Jan/2024:14:52:55 -0500] "GET /sipse/faces/javax.faces.resource/primefaces.css?ln=primefaces&v=4.0 HTTP/1.1" 304 -
191.156.34.17 - - [02/Jan/2024:14:52:55 -0500] "GET /sipse/faces/javax.faces.resource/jquery/jquery-plugins.js?ln=primefaces&v=4.0 HTTP/1.1" 304 -
191.156.34.17 - - [02/Jan/2024:14:52:55 -0500] "GET /sipse/faces/javax.faces.resource/primefaces.js?ln=primefaces&v=4.0 HTTP/1.1" 304 -
191.156.34.17 - - [02/Jan/2024:14:52:55 -0500] "GET /sipse/faces/javax.faces.resource/layout/layout.js?ln=primefaces&v=4.0 HTTP/1.1" 304 -
172.22.2.4 - - [02/Jan/2024:14:52:55 -0500] "GET /BLA/boletinlegal/images/footer_bg.jpg HTTP/1.1" 200 586
172.22.2.4 - - [02/Jan/2024:14:52:55 -0500] "GET /BLA/boletinlegal/images/bg_top.jpg HTTP/1.1" 200 522
172.22.2.4 - - [02/Jan/2024:14:52:55 -0500] "GET /BLA/boletinlegal/images/menu_lft.gif HTTP/1.1" 200 1713
191.156.34.17 - - [02/Jan/2024:14:52:55 -0500] "GET /sipse/faces/javax.faces.resource/layout/layout.css?ln=primefaces&v=4.0 HTTP/1.1" 304 -
172.22.2.4 - - [02/Jan/2024:14:52:55 -0500] "GET /BLA/boletinlegal/images/menu_rght.gif HTTP/1.1" 200 1627
172.22.2.4 - - [02/Jan/2024:14:52:55 -0500] "GET /BLA/boletinlegal/images/menu_bg.jpg HTTP/1.1" 200 620
172.22.2.4 - - [02/Jan/2024:14:52:56 -0500] "GET /BLA/boletinlegal/images/text.jpg HTTP/1.1" 200 568
172.22.2.4 - - [02/Jan/2024:14:52:56 -0500] "GET /BLA/boletinlegal/images/hover.jpg HTTP/1.1" 200 640
172.22.2.4 - - [02/Jan/2024:14:52:56 -0500] "GET /BLA/boletinlegal/images/icono-email.png HTTP/1.1" 200 5544
172.22.2.4 - - [02/Jan/2024:14:52:56 -0500] "GET /BLA/boletinlegal/images/footer_bg_l.jpg HTTP/1.1" 200 776
172.22.2.4 - - [02/Jan/2024:14:52:56 -0500] "GET /BLA/boletinlegal/img/0.png HTTP/1.1" 200 110
172.22.2.4 - - [02/Jan/2024:14:52:56 -0500] "GET /BLA/boletinlegal/img/select-left.png HTTP/1.1" 200 263
172.22.2.4 - - [02/Jan/2024:14:52:56 -0500] "GET /BLA/boletinlegal/img/button.png HTTP/1.1" 200 43241
172.22.2.4 - - [02/Jan/2024:14:52:56 -0500] "GET /BLA/boletinlegal/img/select-right.png HTTP/1.1" 200 44019
172.22.2.4 - - [02/Jan/2024:14:52:56 -0500] "GET /BLA/boletinlegal/img/button-left.png HTTP/1.1" 200 57071
172.22.2.4 - - [02/Jan/2024:14:52:56 -0500] "GET /BLA/boletinlegal/img/button-right.png HTTP/1.1" 200 57878
172.22.2.4 - - [02/Jan/2024:14:52:56 -0500] "GET /BLA/boletinlegal/favicon.ico HTTP/1.1" 404 1326
190.24.132.250 - - [02/Jan/2024:14:52:58 -0500] "GET /BLA/resoluciones/index.php?dir=RESOLUCIONES+2007%2F HTTP/1.1" 200 37998
190.24.132.250 - - [02/Jan/2024:14:52:58 -0500] "GET /BLA/resoluciones/dlf/dirup.png HTTP/1.1" 200 644
190.24.132.250 - - [02/Jan/2024:14:52:58 -0500] "GET /BLA/resoluciones/dlf/pdf.gif HTTP/1.1" 200 272
190.24.132.250 - - [02/Jan/2024:14:53:07 -0500] "GET /BLA/resoluciones/index.php?dir=RESOLUCIONES+2007%2FRES+2007+2201+AL+2300%2F HTTP/1.1" 200 27114
191.156.34.17 - - [02/Jan/2024:14:53:06 -0500] "POST /sipse/faces/presentacion/financiero/solicitudProceso/consultarSolicitudProceso.xhtml HTTP/1.1" 200 81370
190.24.132.250 - - [02/Jan/2024:14:53:10 -0500] "GET /BLA/resoluciones/RESOLUCIONES%202007/RES%202007%202201%20AL%202300/RESOLUCION%202222%20DE%202007.pdf HTTP/1.1" 200 1645105
156.59.198.136 - - [02/Jan/2024:14:53:15 -0500] "GET /BLA/resoluciones/RESOLUCIONES%202011/3776.pdf HTTP/1.0" 200 710023
156.59.198.135 - - [02/Jan/2024:14:53:40 -0500] "GET /BLA/resoluciones/RESOLUCIONES%202011/3703.pdf HTTP/1.0" 200 539366
190.24.132.250 - - [02/Jan/2024:14:53:51 -0500] "GET /BLA/resoluciones/index.php?dir=RESOLUCIONES+2007%2F HTTP/1.1" 200 37998
190.24.132.250 - - [02/Jan/2024:14:53:53 -0500] "GET /BLA/resoluciones/index.php?dir=RESOLUCIONES+2007%2FRES+2007+1+AL+100%2F HTTP/1.1" 200 26175
190.24.132.250 - - [02/Jan/2024:14:53:55 -0500] "GET /BLA/resoluciones/RESOLUCIONES%202007/RES%202007%201%20AL%20100/RESOLUCION%200095%20DE%202007.pdf HTTP/1.1" 200 428153
156.59.198.135 - - [02/Jan/2024:14:54:04 -0500] "GET /BLA/resoluciones/RESOLUCIONES%202011/5020.pdf HTTP/1.0" 200 695824
201.245.192.253 - - [02/Jan/2024:14:54:07 -0500] "POST /kwsrmcab/Wsrmcab  HTTP/1.1" 200 40793
172.22.2.4 - - [02/Jan/2024:14:54:20 -0500] "GET /BLA/boletinlegal/consulta_actos.php?tipo=resoluciones&no=095&usuario=&sector=&fecha=2007&resuelve= HTTP/1.1" 200 626
156.59.198.136 - - [02/Jan/2024:14:54:28 -0500] "GET /BLA/resoluciones/RESOLUCIONES%202011/5607.pdf HTTP/1.0" 200 619020
172.22.2.4 - - [02/Jan/2024:14:54:31 -0500] "GET /BLA/boletinlegal/consulta_actos.php?tipo=resoluciones&no=095&usuario=&sector=MINERIA&fecha=2007&resuelve= HTTP/1.1" 200 626
190.24.132.250 - - [02/Jan/2024:14:54:43 -0500] "GET /BLA/resoluciones/index.php?dir=RESOLUCIONES+2007%2F HTTP/1.1" 200 37998
190.24.132.250 - - [02/Jan/2024:14:54:46 -0500] "GET /BLA/resoluciones/index.php?dir= HTTP/1.1" 200 13696
190.24.132.250 - - [02/Jan/2024:14:54:49 -0500] "GET /BLA/resoluciones/index.php?dir=RESOLUCIONES+2003%2F HTTP/1.1" 200 34282
190.24.132.250 - - [02/Jan/2024:14:54:50 -0500] "GET /BLA/resoluciones/dlf/unknown.png HTTP/1.1" 200 266
156.59.198.135 - - [02/Jan/2024:14:54:53 -0500] "GET /BLA/resoluciones/RESOLUCIONES%202011/5158.PDF HTTP/1.0" 200 130423
190.24.132.250 - - [02/Jan/2024:14:55:03 -0500] "GET /BLA/resoluciones/index.php?dir=RESOLUCIONES+2003%2FRES+2003+1751-1800%2F HTTP/1.1" 200 12151
190.24.132.250 - - [02/Jan/2024:14:55:09 -0500] "GET /BLA/resoluciones/RESOLUCIONES%202003/RES%202003%201751-1800/20031771.tif HTTP/1.1" 200 268328
172.22.2.4 - - [02/Jan/2024:14:53:31 -0500] "HEAD /BLA/boletinlegal/ HTTP/1.1" 200 -
156.59.198.135 - - [02/Jan/2024:14:55:18 -0500] "GET /BLA/resoluciones/RESOLUCIONES%202011/5195.pdf HTTP/1.0" 200 631246
190.24.132.250 - - [02/Jan/2024:14:55:21 -0500] "GET /BLA/resoluciones/index.php?dir=RESOLUCIONES+2003%2F HTTP/1.1" 200 34282
190.24.132.250 - - [02/Jan/2024:14:55:23 -0500] "GET /BLA/resoluciones/index.php?dir= HTTP/1.1" 200 13696
190.24.132.250 - - [02/Jan/2024:14:55:27 -0500] "GET /BLA/resoluciones/index.php?dir=RESOLUCIONES+2007%2F HTTP/1.1" 200 37998
40.77.167.26 - - [02/Jan/2024:14:55:38 -0500] "GET /Publicaciones/2023EE216516.pdf HTTP/1.1" 404 228
190.24.132.250 - - [02/Jan/2024:14:55:40 -0500] "GET /BLA/resoluciones/index.php?dir=RESOLUCIONES+2007%2FRES+2007+1+AL+100%2F HTTP/1.1" 200 26175
156.59.198.136 - - [02/Jan/2024:14:55:43 -0500] "GET /BLA/resoluciones/RESOLUCIONES%202011/4608.pdf HTTP/1.0" 200 1295889
190.24.132.250 - - [02/Jan/2024:14:55:43 -0500] "GET /BLA/resoluciones/RESOLUCIONES%202007/RES%202007%201%20AL%20100/RESOLUCION%200096%20DE%202007.pdf HTTP/1.1" 200 364000
216.245.221.92 - - [02/Jan/2024:14:55:51 -0500] "HEAD / HTTP/1.1" 200 -
191.156.177.178 - - [02/Jan/2024:14:55:56 -0500] "GET /sipse/faces/presentacion/financiero/solicitudProceso/consultarSolicitudProceso.xhtml HTTP/1.1" 302 -
191.156.177.178 - - [02/Jan/2024:14:55:56 -0500] "GET /sipse/faces/autenticacion.xhtml HTTP/1.1" 200 12409
191.156.177.178 - - [02/Jan/2024:14:55:57 -0500] "GET /sipse/js/disable_browser_buttons.js HTTP/1.1" 304 -
191.156.181.221 - - [02/Jan/2024:14:55:57 -0500] "GET /sipse/js/funciones.js HTTP/1.1" 304 -
191.156.177.178 - - [02/Jan/2024:14:55:57 -0500] "GET /sipse/faces/javax.faces.resource/layout/layout.css?ln=primefaces&v=4.0 HTTP/1.1" 304 -
191.156.188.6 - - [02/Jan/2024:14:55:57 -0500] "GET /sipse/css/custom_css_sg_prime_login.css HTTP/1.1" 304 -
191.156.183.147 - - [02/Jan/2024:14:55:57 -0500] "GET /sipse/css/custom_css_sg.css HTTP/1.1" 304 -
191.156.180.201 - - [02/Jan/2024:14:55:57 -0500] "GET /sipse/faces/javax.faces.resource/primefaces.css?ln=primefaces&v=4.0 HTTP/1.1" 304 -
191.156.180.201 - - [02/Jan/2024:14:55:57 -0500] "GET /sipse/faces/javax.faces.resource/theme.css?ln=primefaces-sipse HTTP/1.1" 304 -
191.156.181.221 - - [02/Jan/2024:14:55:57 -0500] "GET /sipse/faces/javax.faces.resource/jquery/jquery-plugins.js?ln=primefaces&v=4.0 HTTP/1.1" 304 -
191.156.188.6 - - [02/Jan/2024:14:55:57 -0500] "GET /sipse/faces/javax.faces.resource/jquery/jquery.js?ln=primefaces&v=4.0 HTTP/1.1" 304 -
191.156.183.147 - - [02/Jan/2024:14:55:57 -0500] "GET /sipse/faces/javax.faces.resource/primefaces.js?ln=primefaces&v=4.0 HTTP/1.1" 304 -
191.156.177.178 - - [02/Jan/2024:14:55:57 -0500] "GET /sipse/faces/javax.faces.resource/layout/layout.js?ln=primefaces&v=4.0 HTTP/1.1" 304 -
191.156.177.178 - - [02/Jan/2024:14:55:57 -0500] "GET /sipse/css/imagen/logoSDG.png HTTP/1.1" 304 -
191.156.181.221 - - [02/Jan/2024:14:55:57 -0500] "GET /sipse/css/imagen/loginimg.png HTTP/1.1" 304 -
191.156.183.147 - - [02/Jan/2024:14:55:57 -0500] "GET /sipse/faces/javax.faces.resource/images/ui-icons_898989_256x240.png?ln=primefaces-aristo HTTP/1.1" 304 -
191.156.177.178 - - [02/Jan/2024:14:55:58 -0500] "GET /sipse/faces/index.xhtml HTTP/1.1" 200 677
191.156.177.178 - - [02/Jan/2024:14:55:58 -0500] "GET /sipse/faces/javax.faces.resource/theme.css?ln=primefaces-sipse HTTP/1.1" 304 -
191.156.177.178 - - [02/Jan/2024:14:55:58 -0500] "GET /sipse/faces/faces/autenticacion.xhtml HTTP/1.1" 200 12409
191.156.188.6 - - [02/Jan/2024:14:55:58 -0500] "GET /sipse/faces/javax.faces.resource/jquery/jquery.js?ln=primefaces&v=4.0 HTTP/1.1" 304 -
191.156.180.201 - - [02/Jan/2024:14:55:58 -0500] "GET /sipse/faces/javax.faces.resource/jquery/jquery-plugins.js?ln=primefaces&v=4.0 HTTP/1.1" 304 -
191.156.183.147 - - [02/Jan/2024:14:55:58 -0500] "GET /sipse/faces/javax.faces.resource/layout/layout.css?ln=primefaces&v=4.0 HTTP/1.1" 304 -
191.156.180.201 - - [02/Jan/2024:14:55:58 -0500] "GET /sipse/faces/javax.faces.resource/primefaces.js?ln=primefaces&v=4.0 HTTP/1.1" 304 -
191.156.181.221 - - [02/Jan/2024:14:55:58 -0500] "GET /sipse/faces/javax.faces.resource/primefaces.css?ln=primefaces&v=4.0 HTTP/1.1" 304 -
191.156.177.178 - - [02/Jan/2024:14:55:58 -0500] "GET /sipse/faces/javax.faces.resource/theme.css?ln=primefaces-sipse HTTP/1.1" 304 -
191.156.188.6 - - [02/Jan/2024:14:55:58 -0500] "GET /sipse/faces/javax.faces.resource/layout/layout.js?ln=primefaces&v=4.0 HTTP/1.1" 304 -
191.156.177.178 - - [02/Jan/2024:14:55:58 -0500] "GET /sipse/faces/javax.faces.resource/images/ui-icons_898989_256x240.png?ln=primefaces-aristo HTTP/1.1" 304 -
172.22.2.4 - - [02/Jan/2024:14:54:22 -0500] "GET /BLA/boletinlegal/ HTTP/1.1" 200 60502
191.156.182.226 - - [02/Jan/2024:14:56:07 -0500] "POST /sipse/faces/autenticacion.xhtml HTTP/1.1" 200 2221
156.59.198.136 - - [02/Jan/2024:14:56:07 -0500] "GET /BLA/resoluciones/RESOLUCIONES%202011/2544.pdf HTTP/1.0" 200 720463
191.156.182.226 - - [02/Jan/2024:14:56:07 -0500] "GET /sipse/faces/javax.faces.resource/messages/messages.png?ln=primefaces&v=4.0 HTTP/1.1" 304 -
191.156.182.226 - - [02/Jan/2024:14:56:09 -0500] "GET /sipse/faces/javax.faces.resource/images/ui-icons_898989_256x240.png?ln=primefaces-aristo HTTP/1.1" 304 -
191.156.186.5 - - [02/Jan/2024:14:56:09 -0500] "POST /sipse/faces/autenticacion.xhtml HTTP/1.1" 200 16462
191.156.182.226 - - [02/Jan/2024:14:56:09 -0500] "GET /sipse/faces/javax.faces.resource/theme.css?ln=primefaces-sipse HTTP/1.1" 304 -
191.156.186.5 - - [02/Jan/2024:14:56:09 -0500] "GET /sipse/faces/javax.faces.resource/primefaces.css?ln=primefaces&v=4.0 HTTP/1.1" 304 -
191.156.183.147 - - [02/Jan/2024:14:56:10 -0500] "GET /sipse/css/custom_css_sg_prime.css HTTP/1.1" 304 -
191.156.181.26 - - [02/Jan/2024:14:56:10 -0500] "GET /sipse/js/jquery.min.js HTTP/1.1" 304 -
191.156.182.226 - - [02/Jan/2024:14:56:10 -0500] "GET /sipse/faces/javax.faces.resource/layout/layout.css?ln=primefaces&v=4.0 HTTP/1.1" 304 -
191.156.182.226 - - [02/Jan/2024:14:56:10 -0500] "GET /sipse/faces/javax.faces.resource/jquery/jquery.js?ln=primefaces&v=4.0 HTTP/1.1" 304 -
191.156.182.226 - - [02/Jan/2024:14:56:10 -0500] "GET /sipse/faces/javax.faces.resource/jquery/jquery-plugins.js?ln=primefaces&v=4.0 HTTP/1.1" 304 -
191.156.182.226 - - [02/Jan/2024:14:56:10 -0500] "GET /sipse/faces/javax.faces.resource/primefaces.js?ln=primefaces&v=4.0 HTTP/1.1" 304 -
191.156.182.226 - - [02/Jan/2024:14:56:10 -0500] "GET /sipse/faces/javax.faces.resource/layout/layout.js?ln=primefaces&v=4.0 HTTP/1.1" 304 -
191.156.182.226 - - [02/Jan/2024:14:56:10 -0500] "GET /sipse/css/v_mergente.css HTTP/1.1" 304 -
191.156.182.226 - - [02/Jan/2024:14:56:10 -0500] "GET /sipse/imagenes/logoAplicacion.jpg HTTP/1.1" 304 -
191.156.186.5 - - [02/Jan/2024:14:56:10 -0500] "GET /sipse/imagenes/cargando.gif HTTP/1.1" 304 -
191.156.183.147 - - [02/Jan/2024:14:56:10 -0500] "GET /sipse/css/imagen/contrasena.png HTTP/1.1" 304 -
191.156.182.226 - - [02/Jan/2024:14:56:10 -0500] "GET /sipse/faces/javax.faces.resource/images/ui-icons_898989_256x240.png?ln=primefaces-aristo HTTP/1.1" 304 -
191.156.34.17 - - [02/Jan/2024:14:56:09 -0500] "POST /sipse/faces/presentacion/financiero/solicitudProceso/consultarSolicitudProceso.xhtml HTTP/1.1" 200 42110
191.156.34.17 - - [02/Jan/2024:14:56:16 -0500] "GET /sipse/faces/javax.faces.resource/theme.css?ln=primefaces-sipse HTTP/1.1" 304 -
191.156.35.23 - - [02/Jan/2024:14:56:16 -0500] "GET /sipse/faces/javax.faces.resource/primefaces.css?ln=primefaces&v=4.0 HTTP/1.1" 304 -
191.156.40.216 - - [02/Jan/2024:14:56:16 -0500] "GET /sipse/faces/javax.faces.resource/jquery/jquery.js?ln=primefaces&v=4.0 HTTP/1.1" 304 -
191.156.46.246 - - [02/Jan/2024:14:56:16 -0500] "GET /sipse/faces/javax.faces.resource/layout/layout.css?ln=primefaces&v=4.0 HTTP/1.1" 304 -
191.156.40.216 - - [02/Jan/2024:14:56:17 -0500] "GET /sipse/faces/javax.faces.resource/jquery/jquery-plugins.js?ln=primefaces&v=4.0 HTTP/1.1" 304 -
191.156.40.216 - - [02/Jan/2024:14:56:17 -0500] "GET /sipse/faces/javax.faces.resource/primefaces.js?ln=primefaces&v=4.0 HTTP/1.1" 304 -
191.156.40.216 - - [02/Jan/2024:14:56:18 -0500] "GET /sipse/faces/javax.faces.resource/layout/layout.js?ln=primefaces&v=4.0 HTTP/1.1" 304 -
191.156.40.216 - - [02/Jan/2024:14:56:19 -0500] "POST /sipse/faces/presentacion/financiero/solicitudProceso/consultar.xhtml HTTP/1.1" 200 35404
191.156.181.221 - - [02/Jan/2024:14:56:21 -0500] "GET /sipse/faces/javax.faces.resource/images/ui-bg_flat_0_2d5972_40x100.png?ln=primefaces-aristo HTTP/1.1" 304 -
191.156.186.5 - - [02/Jan/2024:14:56:21 -0500] "POST /sipse/faces/bienvenido.xhtml HTTP/1.1" 200 2658
191.156.181.221 - - [02/Jan/2024:14:56:23 -0500] "POST /sipse/faces/bienvenido.xhtml HTTP/1.1" 200 64069
191.156.181.221 - - [02/Jan/2024:14:56:24 -0500] "GET /sipse/faces/javax.faces.resource/theme.css?ln=primefaces-sipse HTTP/1.1" 304 -
191.156.188.6 - - [02/Jan/2024:14:56:24 -0500] "GET /sipse/faces/javax.faces.resource/layout/layout.css?ln=primefaces&v=4.0 HTTP/1.1" 304 -
191.156.186.5 - - [02/Jan/2024:14:56:24 -0500] "GET /sipse/faces/javax.faces.resource/primefaces.css?ln=primefaces&v=4.0 HTTP/1.1" 304 -
191.156.190.242 - - [02/Jan/2024:14:56:24 -0500] "GET /sipse/faces/javax.faces.resource/jquery/jquery.js?ln=primefaces&v=4.0 HTTP/1.1" 304 -
191.156.181.221 - - [02/Jan/2024:14:56:24 -0500] "GET /sipse/faces/javax.faces.resource/jquery/jquery-plugins.js?ln=primefaces&v=4.0 HTTP/1.1" 304 -
191.156.181.221 - - [02/Jan/2024:14:56:24 -0500] "GET /sipse/faces/javax.faces.resource/primefaces.js?ln=primefaces&v=4.0 HTTP/1.1" 304 -
191.156.181.221 - - [02/Jan/2024:14:56:24 -0500] "GET /sipse/faces/javax.faces.resource/layout/layout.js?ln=primefaces&v=4.0 HTTP/1.1" 304 -
191.156.181.221 - - [02/Jan/2024:14:56:24 -0500] "GET /sipse/faces/javax.faces.resource/images/ui-icons_898989_256x240.png?ln=primefaces-aristo HTTP/1.1" 304 -
191.156.186.5 - - [02/Jan/2024:14:56:24 -0500] "POST /sipse/faces/presentacion/financiero/solicitudProceso/listarSolicitudProceso.xhtml HTTP/1.1" 200 1564
191.156.40.216 - - [02/Jan/2024:14:56:25 -0500] "POST /sipse/faces/presentacion/financiero/solicitudProceso/consultar.xhtml HTTP/1.1" 200 35404
191.156.40.216 - - [02/Jan/2024:14:56:30 -0500] "POST /sipse/faces/presentacion/financiero/solicitudProceso/consultar.xhtml HTTP/1.1" 200 35404
156.59.198.136 - - [02/Jan/2024:14:56:32 -0500] "GET /BLA/resoluciones/RESOLUCIONES%202011/5890.pdf HTTP/1.0" 200 662796
191.156.40.216 - - [02/Jan/2024:14:56:31 -0500] "POST /sipse/faces/presentacion/financiero/solicitudProceso/consultar.xhtml HTTP/1.1" 200 35404
191.156.40.216 - - [02/Jan/2024:14:56:33 -0500] "POST /sipse/faces/presentacion/financiero/solicitudProceso/consultar.xhtml HTTP/1.1" 200 35404
191.156.40.216 - - [02/Jan/2024:14:56:35 -0500] "POST /sipse/faces/presentacion/financiero/solicitudProceso/consultar.xhtml HTTP/1.1" 200 35404
191.156.40.216 - - [02/Jan/2024:14:56:37 -0500] "POST /sipse/faces/presentacion/financiero/solicitudProceso/consultar.xhtml HTTP/1.1" 200 35404
191.156.40.216 - - [02/Jan/2024:14:56:39 -0500] "POST /sipse/faces/presentacion/financiero/solicitudProceso/consultar.xhtml HTTP/1.1" 200 35404
191.156.40.216 - - [02/Jan/2024:14:56:41 -0500] "POST /sipse/faces/presentacion/financiero/solicitudProceso/consultar.xhtml HTTP/1.1" 200 35404
191.156.40.216 - - [02/Jan/2024:14:56:43 -0500] "POST /sipse/faces/presentacion/financiero/solicitudProceso/consultar.xhtml HTTP/1.1" 200 35404
191.156.40.216 - - [02/Jan/2024:14:56:44 -0500] "POST /sipse/faces/presentacion/financiero/solicitudProceso/consultar.xhtml HTTP/1.1" 200 35404
157.55.39.10 - - [02/Jan/2024:14:56:47 -0500] "GET /alcaldia-de-bogota-y-fundacion-exito-entregaron-en-ciudad-bolivar-la-primera-terraza-verde-de-la-capital.html HTTP/1.1" 200 852
191.156.40.216 - - [02/Jan/2024:14:56:47 -0500] "POST /sipse/faces/presentacion/financiero/solicitudProceso/consultar.xhtml HTTP/1.1" 200 35404
8.242.188.130 - - [02/Jan/2024:14:56:49 -0500] "GET /sipse/faces/javax.faces.resource/theme.css?ln=primefaces-sipse HTTP/1.1" 304 -
8.242.188.130 - - [02/Jan/2024:14:56:49 -0500] "GET /sipse/faces/javax.faces.resource/primefaces.css?ln=primefaces&v=4.0 HTTP/1.1" 304 -
8.242.188.130 - - [02/Jan/2024:14:56:49 -0500] "GET /sipse/faces/javax.faces.resource/jquery/jquery.js?ln=primefaces&v=4.0 HTTP/1.1" 304 -
8.242.188.130 - - [02/Jan/2024:14:56:49 -0500] "GET /sipse/faces/javax.faces.resource/layout/layout.css?ln=primefaces&v=4.0 HTTP/1.1" 304 -
8.242.188.130 - - [02/Jan/2024:14:56:49 -0500] "GET /sipse/faces/javax.faces.resource/layout/layout.js?ln=primefaces&v=4.0 HTTP/1.1" 304 -
8.242.188.130 - - [02/Jan/2024:14:56:49 -0500] "GET /sipse/faces/javax.faces.resource/jquery/jquery-plugins.js?ln=primefaces&v=4.0 HTTP/1.1" 304 -
8.242.188.130 - - [02/Jan/2024:14:56:49 -0500] "GET /sipse/faces/javax.faces.resource/primefaces.js?ln=primefaces&v=4.0 HTTP/1.1" 304 -
8.242.188.130 - - [02/Jan/2024:14:56:48 -0500] "POST /sipse/faces/presentacion/financiero/solicitudProceso/consultarSolicitudProceso.xhtml HTTP/1.1" 200 47492
8.242.188.130 - - [02/Jan/2024:14:56:49 -0500] "GET /sipse/faces/javax.faces.resource/images/ui-icons_898989_256x240.png?ln=primefaces-aristo HTTP/1.1" 304 -
191.156.40.216 - - [02/Jan/2024:14:56:49 -0500] "POST /sipse/faces/presentacion/financiero/solicitudProceso/consultar.xhtml HTTP/1.1" 200 35404
191.156.40.216 - - [02/Jan/2024:14:56:50 -0500] "POST /sipse/faces/presentacion/financiero/solicitudProceso/consultar.xhtml HTTP/1.1" 200 35404
8.242.188.130 - - [02/Jan/2024:14:56:54 -0500] "GET /sipse/faces/javax.faces.resource/images/ui-bg_flat_0_2d5972_40x100.png?ln=primefaces-aristo HTTP/1.1" 304 -
8.242.188.130 - - [02/Jan/2024:14:56:54 -0500] "POST /sipse/faces/presentacion/financiero/solicitudProceso/consultar.xhtml HTTP/1.1" 200 23077
156.59.198.136 - - [02/Jan/2024:14:56:56 -0500] "GET /BLA/resoluciones/RESOLUCIONES%202011/5646.pdf HTTP/1.0" 200 1085332
191.156.40.216 - - [02/Jan/2024:14:56:54 -0500] "POST /sipse/faces/presentacion/financiero/solicitudProceso/consultar.xhtml HTTP/1.1" 200 35404
8.242.188.130 - - [02/Jan/2024:14:56:57 -0500] "POST /sipse/faces/presentacion/financiero/solicitudProceso/consultar.xhtml HTTP/1.1" 200 13066
191.156.40.216 - - [02/Jan/2024:14:56:57 -0500] "POST /sipse/faces/presentacion/financiero/solicitudProceso/consultar.xhtml HTTP/1.1" 200 35404
