45.70.171.82 - - [02/Jan/2024:15:16:37 -0500] "GET /kwssiamovil/sm/acme/s?s=U2FsdGVkX1+Duas84OC/7xqVgU5fn0drBlvtp6L8O1NRrscBKOPmo3hYPuRnispOYaFre0UeVZ13e8a0I29RRNTdvmejG4ahZ+QxsagfBqwxPo3tzfQY+LZissyigAjiSylgbhtmwAQr/CReZxSSji2YLBN9O6RplgROoYBJ73CuSrZOgc2seFl95PL7xBDgQZytVuhZCZT7wPP/DBBebMOTbxYrpk1K+d6+xZgocn0S1V4irEsnaJOnuUJGDGsrPSU0HWxapL6+UKzmiRvGkGpCIUKRvlQCQ877oPVVVmhZ/4uAys2/cEvvpfwGf2UsF9bHu9evHDB1hD6X7AoABdUXTs8O9hgLBfGNFDqZk+qOdkaovDMb5pe03KVGynR3R9oB0oY436uke2sEeHjtDsX/YSsckQ587tdhyFv/fAxEx02Im2FOfpWtKq9yfPdCBq3ZuikFoBZAS/+1h5SqlBkulea0zgyqMnn/8j4xDKX1e2TGsPKKWnURoGlnXTUu9tC+gE5a0Ke++jflw3MEF5hIoLk/+EOcz1sPoDZkypMy94myIuIhb9ZksY6g4rnGwyV9LE7fi+A8V1u1H38cZYuSb39DM8F7792Ie+XV6ON/X3Chuj5Rpi8qvm0lLYPyytLndsDvrZ7W81suUx5DBmpQ2hwDln2ZORd0OsVluq64AeXKP0A/IG5lTbSjzv1B1GZfg41eETZbX+gjVpi4g8C+cnIPk3zTPRnxhPfV0osspkTYsvZKW0+lN9t4V1UeZOmCgifwPI+Tj/0k2ZDsDzKi3XNXWP2M5zHpaNRxZ9zDNQvB1sSSYNipcVTTXE+AbJ6PhUpNbBwJG5HdI1NWyHaj0sZkHvRxOCefoi0XOc5AgFZaeBxXmNyxhfEseelVSxJgDGJcMKhywyMXknbqRXNoE71YxDqlkBNmKJUI5X7uLgUryOaH+Bfbke0YUN48++Tn0l4e1JgpwmRB5aa61WIutcva5LlmjyITRjAn9N7/xiEl9xDA+kUMeL+YZAkjDIuWDmKsmamIsNRbtDuPUiULDb0bvLZZnuh+sR9VbE6n7ebSauHvgvbkdWoX+4Cf+KO9iEnLpWgcD592eYZDjxKf0G0t0t76ubY3vozIqGu2vsEKC+H8YPC3DWv3X5DbAtwZW6WeYXfYn4tXWb7NrAw6Xo9QGFuiATRVrPi59KTkP0B2H5XGftiu3Ri6tHtyIzkzr1ZQ9dBEPHayQ4fiwta9EXrGVgEJ8ytIWncH1gvF6NWmf12TBOFSlEVyWvNwvo13NAEcsPLLytghbCYBNt1uzy3iM0hisryvc6YgbtxlgcrsSem1xmMYbcGtWrRPAL9G45+evNtqNk8lhntqaKe/IbR8p4MrRE5FW0yf244s9pAQ0Y6OGj2EE2wxkUPH4W6vStA1euj/kQuDY/B12FqttbYgcebK3cyGJch1xDM=&u=U2FsdGVkX1+hSZr4jHGZZnAYlZ93I8B+pIjEhP4GjnY=&y=U2FsdGVkX1+NDrg7J/lkk2Pr3xCs6dD/gEgaPUTMqFY= HTTP/1.1" 200 3133
45.70.171.82 - - [02/Jan/2024:15:16:38 -0500] "GET /kwssiamovil/sm/acme/s?s=U2FsdGVkX1/gAlVxVHu1FjhaYmIhGqgh3Vz+nDIenpD56b6rhMHV2OB1TMCyYKQQclCoBw0J+PKLSg9q2VSUoHeF/eY6BoPzeL1i6Bh9hgCgkXmgxpZKqmtlw40jPVKMe/9UUB4HyRCTZODsVRSZIAEOpDecdKteYxFsf9Q/bCSImP+CzW9q0y2BrJUXJkHphkkQULQq86Te/xlLgwWipCzkusbiBQvp+hBnJIfG0YV+j49hwEsgpY6uj65NdHHbDUQD+HwwbfX3Ja7QWApRgh06fIqftI+26I4P9hTMvje5ORtr+tSsXf2f2C8CL0gvrOqNLNnVDFsbIwkDQb+B9g==&u=U2FsdGVkX1+hSZr4jHGZZnAYlZ93I8B+pIjEhP4GjnY=&y=U2FsdGVkX1+NDrg7J/lkk2Pr3xCs6dD/gEgaPUTMqFY= HTTP/1.1" 200 196
45.70.171.82 - - [02/Jan/2024:15:16:38 -0500] "GET /kwssiamovil/sm/cjson/pre?f=1&x=U2FsdGVkX1+5kWaTFNiD9Co8vchi64eKa9XU5uJTlJGBxV/xmC/Ztoxu1odimgAO HTTP/1.1" 200 31032
191.156.186.138 - - [02/Jan/2024:15:16:39 -0500] "POST /sipse/faces/presentacion/financiero/solicitudProceso/listarSolicitudProceso.xhtml HTTP/1.1" 200 59149
191.156.186.138 - - [02/Jan/2024:15:16:40 -0500] "GET /sipse/faces/javax.faces.resource/theme.css?ln=primefaces-sipse HTTP/1.1" 304 -
191.156.186.138 - - [02/Jan/2024:15:16:40 -0500] "GET /sipse/faces/javax.faces.resource/primefaces.css?ln=primefaces&v=4.0 HTTP/1.1" 304 -
191.156.183.141 - - [02/Jan/2024:15:16:40 -0500] "GET /sipse/faces/javax.faces.resource/layout/layout.css?ln=primefaces&v=4.0 HTTP/1.1" 304 -
191.156.183.141 - - [02/Jan/2024:15:16:40 -0500] "GET /sipse/faces/javax.faces.resource/jquery/jquery.js?ln=primefaces&v=4.0 HTTP/1.1" 304 -
191.156.186.138 - - [02/Jan/2024:15:16:40 -0500] "GET /sipse/faces/javax.faces.resource/jquery/jquery-plugins.js?ln=primefaces&v=4.0 HTTP/1.1" 304 -
191.156.186.138 - - [02/Jan/2024:15:16:40 -0500] "GET /sipse/faces/javax.faces.resource/primefaces.js?ln=primefaces&v=4.0 HTTP/1.1" 304 -
191.156.186.138 - - [02/Jan/2024:15:16:40 -0500] "GET /sipse/faces/javax.faces.resource/layout/layout.js?ln=primefaces&v=4.0 HTTP/1.1" 304 -
156.59.198.136 - - [02/Jan/2024:15:16:49 -0500] "GET /BLA/resoluciones/RESOLUCIONES%202011/4199.pdf HTTP/1.0" 200 788002
191.156.186.138 - - [02/Jan/2024:15:16:53 -0500] "POST /sipse/faces/presentacion/financiero/solicitudProceso/crearModificarSolicitudProceso.xhtml HTTP/1.1" 200 26624
156.59.198.135 - - [02/Jan/2024:15:17:13 -0500] "GET /BLA/resoluciones/RESOLUCIONES%202011/5455.pdf HTTP/1.0" 200 579774
191.156.35.23 - - [02/Jan/2024:15:17:13 -0500] "POST /sipse/faces/presentacion/financiero/solicitudProceso/consultarSolicitudProceso.xhtml HTTP/1.1" 200 42038
191.156.35.23 - - [02/Jan/2024:15:17:15 -0500] "GET /sipse/faces/javax.faces.resource/theme.css?ln=primefaces-sipse HTTP/1.1" 304 -
191.156.34.163 - - [02/Jan/2024:15:17:15 -0500] "GET /sipse/faces/javax.faces.resource/primefaces.css?ln=primefaces&v=4.0 HTTP/1.1" 304 -
191.156.34.17 - - [02/Jan/2024:15:17:15 -0500] "GET /sipse/faces/javax.faces.resource/jquery/jquery.js?ln=primefaces&v=4.0 HTTP/1.1" 304 -
191.156.46.255 - - [02/Jan/2024:15:17:15 -0500] "GET /sipse/faces/javax.faces.resource/layout/layout.css?ln=primefaces&v=4.0 HTTP/1.1" 304 -
191.156.46.255 - - [02/Jan/2024:15:17:15 -0500] "GET /sipse/faces/javax.faces.resource/jquery/jquery-plugins.js?ln=primefaces&v=4.0 HTTP/1.1" 304 -
191.156.46.255 - - [02/Jan/2024:15:17:15 -0500] "GET /sipse/faces/javax.faces.resource/primefaces.js?ln=primefaces&v=4.0 HTTP/1.1" 304 -
191.156.46.255 - - [02/Jan/2024:15:17:16 -0500] "GET /sipse/faces/javax.faces.resource/layout/layout.js?ln=primefaces&v=4.0 HTTP/1.1" 304 -
191.156.46.255 - - [02/Jan/2024:15:17:17 -0500] "POST /sipse/faces/presentacion/financiero/solicitudProceso/consultar.xhtml HTTP/1.1" 200 35332
191.156.46.255 - - [02/Jan/2024:15:17:19 -0500] "POST /sipse/faces/presentacion/financiero/solicitudProceso/consultar.xhtml HTTP/1.1" 200 35332
191.156.46.255 - - [02/Jan/2024:15:17:20 -0500] "POST /sipse/faces/presentacion/financiero/solicitudProceso/consultar.xhtml HTTP/1.1" 200 35332
201.245.179.194 - - [02/Jan/2024:15:17:22 -0500] "GET /portaldeninos/wp-content/uploads/2023/08/Infografia-Web-Infantil.mp4 HTTP/1.1" 206 446464
191.156.46.255 - - [02/Jan/2024:15:17:22 -0500] "POST /sipse/faces/presentacion/financiero/solicitudProceso/consultar.xhtml HTTP/1.1" 200 35332
191.156.46.255 - - [02/Jan/2024:15:17:23 -0500] "POST /sipse/faces/presentacion/financiero/solicitudProceso/consultar.xhtml HTTP/1.1" 200 35332
191.156.46.255 - - [02/Jan/2024:15:17:23 -0500] "POST /sipse/faces/presentacion/financiero/solicitudProceso/consultar.xhtml HTTP/1.1" 200 35332
201.245.179.194 - - [02/Jan/2024:15:17:23 -0500] "GET /portaldeninos/agua-y-estructura-ecologica-principal HTTP/1.1" 301 -
191.156.46.255 - - [02/Jan/2024:15:17:24 -0500] "POST /sipse/faces/presentacion/financiero/solicitudProceso/consultar.xhtml HTTP/1.1" 200 35332
201.245.179.194 - - [02/Jan/2024:15:17:24 -0500] "GET /portaldeninos/agua-y-estructura-ecologica-principal/ HTTP/1.1" 200 87488
201.245.179.194 - - [02/Jan/2024:15:17:25 -0500] "GET /portaldeninos/wp-content/uploads/2021/07/inforgrafia-agua.jpg HTTP/1.1" 200 420578
191.156.46.255 - - [02/Jan/2024:15:17:25 -0500] "POST /sipse/faces/presentacion/financiero/solicitudProceso/consultar.xhtml HTTP/1.1" 200 35332
191.156.46.255 - - [02/Jan/2024:15:17:25 -0500] "POST /sipse/faces/presentacion/financiero/solicitudProceso/consultar.xhtml HTTP/1.1" 200 35332
191.156.46.255 - - [02/Jan/2024:15:17:26 -0500] "POST /sipse/faces/presentacion/financiero/solicitudProceso/consultar.xhtml HTTP/1.1" 200 35332
191.156.46.255 - - [02/Jan/2024:15:17:26 -0500] "POST /sipse/faces/presentacion/financiero/solicitudProceso/consultar.xhtml HTTP/1.1" 200 35332
191.156.46.255 - - [02/Jan/2024:15:17:27 -0500] "POST /sipse/faces/presentacion/financiero/solicitudProceso/consultar.xhtml HTTP/1.1" 200 35332
191.156.46.255 - - [02/Jan/2024:15:17:28 -0500] "POST /sipse/faces/presentacion/financiero/solicitudProceso/consultar.xhtml HTTP/1.1" 200 35332
191.156.46.255 - - [02/Jan/2024:15:17:29 -0500] "POST /sipse/faces/presentacion/financiero/solicitudProceso/consultar.xhtml HTTP/1.1" 200 35332
191.156.46.255 - - [02/Jan/2024:15:17:31 -0500] "POST /sipse/faces/presentacion/financiero/solicitudProceso/consultar.xhtml HTTP/1.1" 200 35332
191.156.46.255 - - [02/Jan/2024:15:17:32 -0500] "POST /sipse/faces/presentacion/financiero/solicitudProceso/consultar.xhtml HTTP/1.1" 200 35332
191.156.46.255 - - [02/Jan/2024:15:17:34 -0500] "POST /sipse/faces/presentacion/financiero/solicitudProceso/consultar.xhtml HTTP/1.1" 200 35332
191.156.46.255 - - [02/Jan/2024:15:17:35 -0500] "POST /sipse/faces/presentacion/financiero/solicitudProceso/consultar.xhtml HTTP/1.1" 200 35332
191.156.46.255 - - [02/Jan/2024:15:17:36 -0500] "POST /sipse/faces/presentacion/financiero/solicitudProceso/consultar.xhtml HTTP/1.1" 200 35332
191.156.46.255 - - [02/Jan/2024:15:17:37 -0500] "POST /sipse/faces/presentacion/financiero/solicitudProceso/consultar.xhtml HTTP/1.1" 200 35332
156.59.198.135 - - [02/Jan/2024:15:17:38 -0500] "GET /BLA/resoluciones/RESOLUCIONES%202011/6908.pdf HTTP/1.0" 200 548113
191.156.46.255 - - [02/Jan/2024:15:17:38 -0500] "POST /sipse/faces/presentacion/financiero/solicitudProceso/consultar.xhtml HTTP/1.1" 200 35332
191.156.46.255 - - [02/Jan/2024:15:17:38 -0500] "POST /sipse/faces/presentacion/financiero/solicitudProceso/consultar.xhtml HTTP/1.1" 200 35332
191.156.46.255 - - [02/Jan/2024:15:17:39 -0500] "POST /sipse/faces/presentacion/financiero/solicitudProceso/consultar.xhtml HTTP/1.1" 200 35332
191.156.46.255 - - [02/Jan/2024:15:17:39 -0500] "POST /sipse/faces/presentacion/financiero/solicitudProceso/consultar.xhtml HTTP/1.1" 200 35332
191.156.46.255 - - [02/Jan/2024:15:17:40 -0500] "POST /sipse/faces/presentacion/financiero/solicitudProceso/consultar.xhtml HTTP/1.1" 200 35332
191.156.46.255 - - [02/Jan/2024:15:17:40 -0500] "POST /sipse/faces/presentacion/financiero/solicitudProceso/consultar.xhtml HTTP/1.1" 200 35332
191.156.46.255 - - [02/Jan/2024:15:17:41 -0500] "POST /sipse/faces/presentacion/financiero/solicitudProceso/consultar.xhtml HTTP/1.1" 200 35332
191.156.46.255 - - [02/Jan/2024:15:17:43 -0500] "POST /sipse/faces/presentacion/financiero/solicitudProceso/consultar.xhtml HTTP/1.1" 200 35332
191.156.46.255 - - [02/Jan/2024:15:17:52 -0500] "POST /sipse/faces/presentacion/financiero/solicitudProceso/consultar.xhtml HTTP/1.1" 200 12700
172.22.2.4 - - [02/Jan/2024:15:16:53 -0500] "GET /BLA/boletinlegal/ HTTP/1.1" 200 32715
191.156.46.255 - - [02/Jan/2024:15:17:55 -0500] "POST /sipse/faces/presentacion/financiero/solicitudProceso/consultar.xhtml HTTP/1.1" 200 153880
191.156.46.255 - - [02/Jan/2024:15:18:01 -0500] "GET /sipse/faces/javax.faces.resource/theme.css?ln=primefaces-sipse HTTP/1.1" 304 -
191.156.40.216 - - [02/Jan/2024:15:18:02 -0500] "GET /sipse/faces/javax.faces.resource/primefaces.css?ln=primefaces&v=4.0 HTTP/1.1" 304 -
191.156.32.254 - - [02/Jan/2024:15:18:02 -0500] "GET /sipse/faces/javax.faces.resource/jquery/jquery.js?ln=primefaces&v=4.0 HTTP/1.1" 304 -
191.156.32.254 - - [02/Jan/2024:15:18:02 -0500] "GET /sipse/faces/javax.faces.resource/layout/layout.css?ln=primefaces&v=4.0 HTTP/1.1" 304 -
191.156.32.254 - - [02/Jan/2024:15:18:02 -0500] "GET /sipse/faces/javax.faces.resource/jquery/jquery-plugins.js?ln=primefaces&v=4.0 HTTP/1.1" 304 -
191.156.32.254 - - [02/Jan/2024:15:18:02 -0500] "GET /sipse/faces/javax.faces.resource/primefaces.js?ln=primefaces&v=4.0 HTTP/1.1" 304 -
156.59.198.135 - - [02/Jan/2024:15:18:02 -0500] "GET /BLA/resoluciones/RESOLUCIONES%202011/4897.pdf HTTP/1.0" 200 487871
191.156.32.254 - - [02/Jan/2024:15:18:04 -0500] "GET /sipse/faces/javax.faces.resource/layout/layout.js?ln=primefaces&v=4.0 HTTP/1.1" 304 -
191.156.32.254 - - [02/Jan/2024:15:18:09 -0500] "POST /sipse/faces/presentacion/financiero/solicitudProceso/consultarSolicitudProceso.xhtml HTTP/1.1" 200 84300
201.245.179.194 - - [02/Jan/2024:15:18:00 -0500] "GET /portaldeninos/wp-content/uploads/2023/08/Infografia-Web-Infantil.mp4 HTTP/1.1" 206 2220098
191.156.184.139 - - [02/Jan/2024:15:18:17 -0500] "POST /sipse/faces/presentacion/financiero/solicitudProceso/crearModificarSolicitudProceso.xhtml HTTP/1.1" 200 9374
156.59.198.136 - - [02/Jan/2024:15:18:27 -0500] "GET /BLA/resoluciones/RESOLUCIONES%202011/4669.pdf HTTP/1.0" 200 150238
172.22.2.4 - - [02/Jan/2024:15:16:51 -0500] "HEAD /BLA/boletinlegal/ HTTP/1.1" 200 -
156.59.198.136 - - [02/Jan/2024:15:18:51 -0500] "GET /BLA/resoluciones/RESOLUCIONES%202011/3261.pdf HTTP/1.0" 200 903652
151.0.49.224 - - [02/Jan/2024:15:18:52 -0500] "GET /appsia/controlador HTTP/1.1" 200 4799
191.156.182.223 - - [02/Jan/2024:15:18:56 -0500] "GET /sipse/faces/javax.faces.resource/theme.css?ln=primefaces-sipse HTTP/1.1" 304 -
191.156.182.223 - - [02/Jan/2024:15:18:56 -0500] "GET /sipse/faces/javax.faces.resource/primefaces.css?ln=primefaces&v=4.0 HTTP/1.1" 304 -
191.156.183.141 - - [02/Jan/2024:15:18:56 -0500] "GET /sipse/faces/javax.faces.resource/layout/layout.css?ln=primefaces&v=4.0 HTTP/1.1" 304 -
191.156.183.141 - - [02/Jan/2024:15:18:56 -0500] "GET /sipse/faces/javax.faces.resource/jquery/jquery.js?ln=primefaces&v=4.0 HTTP/1.1" 304 -
191.156.183.141 - - [02/Jan/2024:15:18:56 -0500] "GET /sipse/faces/javax.faces.resource/jquery/jquery-plugins.js?ln=primefaces&v=4.0 HTTP/1.1" 304 -
191.156.182.223 - - [02/Jan/2024:15:18:56 -0500] "GET /sipse/faces/javax.faces.resource/primefaces.js?ln=primefaces&v=4.0 HTTP/1.1" 304 -
191.156.182.223 - - [02/Jan/2024:15:18:56 -0500] "GET /sipse/faces/javax.faces.resource/layout/layout.js?ln=primefaces&v=4.0 HTTP/1.1" 304 -
191.156.177.199 - - [02/Jan/2024:15:18:56 -0500] "POST /sipse/faces/presentacion/financiero/solicitudProceso/crearModificarSolicitudProceso.xhtml HTTP/1.1" 200 24674
191.156.177.199 - - [02/Jan/2024:15:19:03 -0500] "POST /sipse/faces/presentacion/financiero/solicitudProyectoActividad/asociarProyectoSolicitud.xhtml HTTP/1.1" 200 6549
201.245.192.253 - - [02/Jan/2024:15:19:01 -0500] "POST /kwsrmcab/Wsrmcab  HTTP/1.1" 200 40636
191.156.177.199 - - [02/Jan/2024:15:19:05 -0500] "POST /sipse/faces/presentacion/financiero/solicitudProyectoActividad/asociarProyectoSolicitud.xhtml HTTP/1.1" 200 1696
191.156.177.199 - - [02/Jan/2024:15:19:07 -0500] "POST /sipse/faces/presentacion/financiero/solicitudProyectoActividad/asociarProyectoSolicitud.xhtml HTTP/1.1" 200 42682
191.156.182.223 - - [02/Jan/2024:15:19:08 -0500] "GET /sipse/faces/javax.faces.resource/layout/layout.css?ln=primefaces&v=4.0 HTTP/1.1" 304 -
191.156.177.199 - - [02/Jan/2024:15:19:08 -0500] "GET /sipse/faces/javax.faces.resource/theme.css?ln=primefaces-sipse HTTP/1.1" 304 -
191.156.183.141 - - [02/Jan/2024:15:19:08 -0500] "GET /sipse/faces/javax.faces.resource/jquery/jquery.js?ln=primefaces&v=4.0 HTTP/1.1" 304 -
191.156.182.223 - - [02/Jan/2024:15:19:08 -0500] "GET /sipse/faces/javax.faces.resource/primefaces.css?ln=primefaces&v=4.0 HTTP/1.1" 304 -
191.156.182.223 - - [02/Jan/2024:15:19:09 -0500] "GET /sipse/faces/javax.faces.resource/jquery/jquery-plugins.js?ln=primefaces&v=4.0 HTTP/1.1" 304 -
191.156.182.223 - - [02/Jan/2024:15:19:09 -0500] "GET /sipse/faces/javax.faces.resource/primefaces.js?ln=primefaces&v=4.0 HTTP/1.1" 304 -
191.156.182.223 - - [02/Jan/2024:15:19:09 -0500] "GET /sipse/faces/javax.faces.resource/layout/layout.js?ln=primefaces&v=4.0 HTTP/1.1" 304 -
156.59.198.136 - - [02/Jan/2024:15:19:15 -0500] "GET /BLA/resoluciones/RESOLUCIONES%202011/5716.pdf HTTP/1.0" 200 632000
172.22.2.4 - - [02/Jan/2024:15:17:42 -0500] "GET /BLA/boletinlegal/ HTTP/1.1" 200 52889
191.156.182.223 - - [02/Jan/2024:15:19:22 -0500] "POST /sipse/faces/presentacion/financiero/solicitudProyectoActividad/asociarActividadSolicitud.xhtml HTTP/1.1" 200 23390
191.156.182.223 - - [02/Jan/2024:15:19:23 -0500] "GET /sipse/faces/javax.faces.resource/theme.css?ln=primefaces-sipse HTTP/1.1" 304 -
191.156.183.141 - - [02/Jan/2024:15:19:23 -0500] "GET /sipse/faces/javax.faces.resource/primefaces.css?ln=primefaces&v=4.0 HTTP/1.1" 304 -
191.156.177.199 - - [02/Jan/2024:15:19:23 -0500] "GET /sipse/faces/javax.faces.resource/layout/layout.css?ln=primefaces&v=4.0 HTTP/1.1" 304 -
191.156.182.223 - - [02/Jan/2024:15:19:23 -0500] "GET /sipse/faces/javax.faces.resource/jquery/jquery.js?ln=primefaces&v=4.0 HTTP/1.1" 304 -
191.156.177.199 - - [02/Jan/2024:15:19:23 -0500] "GET /sipse/faces/javax.faces.resource/jquery/jquery-plugins.js?ln=primefaces&v=4.0 HTTP/1.1" 304 -
191.156.177.199 - - [02/Jan/2024:15:19:23 -0500] "GET /sipse/faces/javax.faces.resource/primefaces.js?ln=primefaces&v=4.0 HTTP/1.1" 304 -
191.156.177.199 - - [02/Jan/2024:15:19:23 -0500] "GET /sipse/faces/javax.faces.resource/layout/layout.js?ln=primefaces&v=4.0 HTTP/1.1" 304 -
191.156.177.199 - - [02/Jan/2024:15:19:29 -0500] "POST /sipse/faces/presentacion/financiero/solicitudProyectoActividad/asociarProyectoSolicitud.xhtml HTTP/1.1" 200 6549
191.156.177.199 - - [02/Jan/2024:15:19:31 -0500] "POST /sipse/faces/presentacion/financiero/solicitudProyectoActividad/asociarProyectoSolicitud.xhtml HTTP/1.1" 200 1696
191.156.177.199 - - [02/Jan/2024:15:19:32 -0500] "POST /sipse/faces/presentacion/financiero/solicitudProyectoActividad/asociarProyectoSolicitud.xhtml HTTP/1.1" 200 42682
191.156.182.223 - - [02/Jan/2024:15:19:33 -0500] "GET /sipse/faces/javax.faces.resource/jquery/jquery.js?ln=primefaces&v=4.0 HTTP/1.1" 304 -
191.156.177.199 - - [02/Jan/2024:15:19:33 -0500] "GET /sipse/faces/javax.faces.resource/theme.css?ln=primefaces-sipse HTTP/1.1" 304 -
191.156.182.223 - - [02/Jan/2024:15:19:33 -0500] "GET /sipse/faces/javax.faces.resource/primefaces.css?ln=primefaces&v=4.0 HTTP/1.1" 304 -
191.156.183.141 - - [02/Jan/2024:15:19:33 -0500] "GET /sipse/faces/javax.faces.resource/layout/layout.css?ln=primefaces&v=4.0 HTTP/1.1" 304 -
191.156.182.223 - - [02/Jan/2024:15:19:33 -0500] "GET /sipse/faces/javax.faces.resource/jquery/jquery-plugins.js?ln=primefaces&v=4.0 HTTP/1.1" 304 -
191.156.182.223 - - [02/Jan/2024:15:19:33 -0500] "GET /sipse/faces/javax.faces.resource/primefaces.js?ln=primefaces&v=4.0 HTTP/1.1" 304 -
191.156.182.223 - - [02/Jan/2024:15:19:33 -0500] "GET /sipse/faces/javax.faces.resource/layout/layout.js?ln=primefaces&v=4.0 HTTP/1.1" 304 -
156.59.198.136 - - [02/Jan/2024:15:19:39 -0500] "GET /BLA/resoluciones/RESOLUCIONES%202011/6970.pdf HTTP/1.0" 200 721941
201.245.192.253 - - [02/Jan/2024:15:19:40 -0500] "POST /kwsrmcab/Wsrmcab HTTP/1.1" 200 41400
201.245.192.253 - - [02/Jan/2024:15:19:45 -0500] "POST /kwsrmcab/Wsrmcab HTTP/1.1" 200 34852
191.156.177.178 - - [02/Jan/2024:15:19:59 -0500] "POST /sipse/faces/presentacion/financiero/solicitudProyectoActividad/asociarActividadSolicitud.xhtml HTTP/1.1" 200 23390
191.156.177.178 - - [02/Jan/2024:15:20:00 -0500] "GET /sipse/faces/javax.faces.resource/theme.css?ln=primefaces-sipse HTTP/1.1" 304 -
191.156.181.26 - - [02/Jan/2024:15:20:00 -0500] "GET /sipse/faces/javax.faces.resource/jquery/jquery.js?ln=primefaces&v=4.0 HTTP/1.1" 304 -
191.156.177.104 - - [02/Jan/2024:15:20:00 -0500] "GET /sipse/faces/javax.faces.resource/primefaces.css?ln=primefaces&v=4.0 HTTP/1.1" 304 -
191.156.177.178 - - [02/Jan/2024:15:20:00 -0500] "GET /sipse/faces/javax.faces.resource/layout/layout.css?ln=primefaces&v=4.0 HTTP/1.1" 304 -
191.156.177.104 - - [02/Jan/2024:15:20:00 -0500] "GET /sipse/faces/javax.faces.resource/jquery/jquery-plugins.js?ln=primefaces&v=4.0 HTTP/1.1" 304 -
191.156.177.104 - - [02/Jan/2024:15:20:00 -0500] "GET /sipse/faces/javax.faces.resource/primefaces.js?ln=primefaces&v=4.0 HTTP/1.1" 304 -
191.156.177.104 - - [02/Jan/2024:15:20:00 -0500] "GET /sipse/faces/javax.faces.resource/layout/layout.js?ln=primefaces&v=4.0 HTTP/1.1" 304 -
156.59.198.135 - - [02/Jan/2024:15:20:04 -0500] "GET /BLA/resoluciones/RESOLUCIONES%202011/5511.pdf HTTP/1.0" 200 418022
191.156.177.104 - - [02/Jan/2024:15:20:07 -0500] "POST /sipse/faces/presentacion/financiero/solicitudProyectoActividad/asociarProyectoSolicitud.xhtml HTTP/1.1" 200 6549
191.156.177.104 - - [02/Jan/2024:15:20:09 -0500] "POST /sipse/faces/presentacion/financiero/solicitudProyectoActividad/asociarProyectoSolicitud.xhtml HTTP/1.1" 200 2158
191.156.177.104 - - [02/Jan/2024:15:20:09 -0500] "GET /sipse/faces/javax.faces.resource/messages/messages.png?ln=primefaces&v=4.0 HTTP/1.1" 304 -
191.156.177.104 - - [02/Jan/2024:15:20:10 -0500] "POST /sipse/faces/presentacion/financiero/solicitudProyectoActividad/asociarProyectoSolicitud.xhtml HTTP/1.1" 200 1760
191.156.177.104 - - [02/Jan/2024:15:20:10 -0500] "POST /sipse/faces/presentacion/financiero/solicitudProyectoActividad/asociarProyectoSolicitud.xhtml HTTP/1.1" 200 42682
191.156.181.26 - - [02/Jan/2024:15:20:11 -0500] "GET /sipse/faces/javax.faces.resource/layout/layout.css?ln=primefaces&v=4.0 HTTP/1.1" 304 -
191.156.177.104 - - [02/Jan/2024:15:20:11 -0500] "GET /sipse/faces/javax.faces.resource/theme.css?ln=primefaces-sipse HTTP/1.1" 304 -
191.156.177.178 - - [02/Jan/2024:15:20:11 -0500] "GET /sipse/faces/javax.faces.resource/primefaces.css?ln=primefaces&v=4.0 HTTP/1.1" 304 -
191.156.183.141 - - [02/Jan/2024:15:20:11 -0500] "GET /sipse/faces/javax.faces.resource/jquery/jquery.js?ln=primefaces&v=4.0 HTTP/1.1" 304 -
191.156.177.104 - - [02/Jan/2024:15:20:11 -0500] "GET /sipse/faces/javax.faces.resource/jquery/jquery-plugins.js?ln=primefaces&v=4.0 HTTP/1.1" 304 -
191.156.177.104 - - [02/Jan/2024:15:20:11 -0500] "GET /sipse/faces/javax.faces.resource/primefaces.js?ln=primefaces&v=4.0 HTTP/1.1" 304 -
191.156.177.104 - - [02/Jan/2024:15:20:11 -0500] "GET /sipse/faces/javax.faces.resource/layout/layout.js?ln=primefaces&v=4.0 HTTP/1.1" 304 -
191.156.40.216 - - [02/Jan/2024:15:20:20 -0500] "POST /sipse/faces/presentacion/financiero/solicitudProceso/consultarSolicitudProceso.xhtml HTTP/1.1" 200 42026
191.156.40.216 - - [02/Jan/2024:15:20:22 -0500] "GET /sipse/faces/javax.faces.resource/theme.css?ln=primefaces-sipse HTTP/1.1" 304 -
191.156.40.216 - - [02/Jan/2024:15:20:22 -0500] "GET /sipse/faces/javax.faces.resource/primefaces.css?ln=primefaces&v=4.0 HTTP/1.1" 304 -
191.156.35.23 - - [02/Jan/2024:15:20:22 -0500] "GET /sipse/faces/javax.faces.resource/layout/layout.css?ln=primefaces&v=4.0 HTTP/1.1" 304 -
191.156.32.254 - - [02/Jan/2024:15:20:22 -0500] "GET /sipse/faces/javax.faces.resource/jquery/jquery.js?ln=primefaces&v=4.0 HTTP/1.1" 304 -
191.156.32.254 - - [02/Jan/2024:15:20:23 -0500] "GET /sipse/faces/javax.faces.resource/jquery/jquery-plugins.js?ln=primefaces&v=4.0 HTTP/1.1" 304 -
191.156.32.254 - - [02/Jan/2024:15:20:23 -0500] "GET /sipse/faces/javax.faces.resource/primefaces.js?ln=primefaces&v=4.0 HTTP/1.1" 304 -
191.156.32.254 - - [02/Jan/2024:15:20:23 -0500] "GET /sipse/faces/javax.faces.resource/layout/layout.js?ln=primefaces&v=4.0 HTTP/1.1" 304 -
191.156.32.254 - - [02/Jan/2024:15:20:23 -0500] "POST /sipse/faces/presentacion/financiero/solicitudProceso/consultar.xhtml HTTP/1.1" 200 35320
191.156.32.254 - - [02/Jan/2024:15:20:24 -0500] "POST /sipse/faces/presentacion/financiero/solicitudProceso/consultar.xhtml HTTP/1.1" 200 35320
191.156.32.254 - - [02/Jan/2024:15:20:25 -0500] "POST /sipse/faces/presentacion/financiero/solicitudProceso/consultar.xhtml HTTP/1.1" 200 35320
191.156.40.216 - - [02/Jan/2024:15:20:26 -0500] "POST /sipse/faces/presentacion/financiero/solicitudProceso/consultar.xhtml HTTP/1.1" 200 35320
191.156.186.5 - - [02/Jan/2024:15:20:27 -0500] "GET /sipse/faces/javax.faces.resource/images/ui-icons_898989_256x240.png?ln=primefaces-aristo HTTP/1.1" 304 -
191.156.40.216 - - [02/Jan/2024:15:20:27 -0500] "POST /sipse/faces/presentacion/financiero/solicitudProceso/consultar.xhtml HTTP/1.1" 200 35320
156.59.198.135 - - [02/Jan/2024:15:20:28 -0500] "GET /BLA/resoluciones/RESOLUCIONES%202011/4247.pdf HTTP/1.0" 200 648374
191.156.40.216 - - [02/Jan/2024:15:20:28 -0500] "POST /sipse/faces/presentacion/financiero/solicitudProceso/consultar.xhtml HTTP/1.1" 200 35320
191.156.186.5 - - [02/Jan/2024:15:20:29 -0500] "POST /sipse/faces/presentacion/financiero/solicitudProyectoActividad/asociarActividadSolicitud.xhtml HTTP/1.1" 200 59299
191.156.186.5 - - [02/Jan/2024:15:20:30 -0500] "GET /sipse/faces/javax.faces.resource/theme.css?ln=primefaces-sipse HTTP/1.1" 304 -
191.156.186.5 - - [02/Jan/2024:15:20:30 -0500] "GET /sipse/faces/javax.faces.resource/layout/layout.css?ln=primefaces&v=4.0 HTTP/1.1" 304 -
191.156.177.178 - - [02/Jan/2024:15:20:30 -0500] "GET /sipse/faces/javax.faces.resource/jquery/jquery.js?ln=primefaces&v=4.0 HTTP/1.1" 304 -
191.156.182.223 - - [02/Jan/2024:15:20:30 -0500] "GET /sipse/faces/javax.faces.resource/primefaces.css?ln=primefaces&v=4.0 HTTP/1.1" 304 -
191.156.182.223 - - [02/Jan/2024:15:20:30 -0500] "GET /sipse/faces/javax.faces.resource/jquery/jquery-plugins.js?ln=primefaces&v=4.0 HTTP/1.1" 304 -
191.156.182.223 - - [02/Jan/2024:15:20:30 -0500] "GET /sipse/faces/javax.faces.resource/primefaces.js?ln=primefaces&v=4.0 HTTP/1.1" 304 -
191.156.182.223 - - [02/Jan/2024:15:20:30 -0500] "GET /sipse/faces/javax.faces.resource/layout/layout.js?ln=primefaces&v=4.0 HTTP/1.1" 304 -
191.156.40.216 - - [02/Jan/2024:15:20:29 -0500] "POST /sipse/faces/presentacion/financiero/solicitudProceso/consultar.xhtml HTTP/1.1" 200 35320
191.156.40.216 - - [02/Jan/2024:15:20:31 -0500] "POST /sipse/faces/presentacion/financiero/solicitudProceso/consultar.xhtml HTTP/1.1" 200 35320
191.156.40.216 - - [02/Jan/2024:15:20:33 -0500] "POST /sipse/faces/presentacion/financiero/solicitudProceso/consultar.xhtml HTTP/1.1" 200 35320
191.156.40.216 - - [02/Jan/2024:15:20:34 -0500] "POST /sipse/faces/presentacion/financiero/solicitudProceso/consultar.xhtml HTTP/1.1" 200 35320
191.156.177.178 - - [02/Jan/2024:15:20:36 -0500] "GET /sipse/faces/javax.faces.resource/fileupload/fileupload.css?ln=primefaces&v=4.0 HTTP/1.1" 200 1330
191.156.186.5 - - [02/Jan/2024:15:20:36 -0500] "GET /sipse/faces/javax.faces.resource/theme.css?ln=primefaces-sipse HTTP/1.1" 304 -
191.156.182.223 - - [02/Jan/2024:15:20:35 -0500] "POST /sipse/faces/presentacion/financiero/solicitudProceso/crearModificarSolicitudProceso.xhtml HTTP/1.1" 200 21228
191.156.177.178 - - [02/Jan/2024:15:20:36 -0500] "GET /sipse/faces/javax.faces.resource/primefaces.css?ln=primefaces&v=4.0 HTTP/1.1" 304 -
191.156.181.26 - - [02/Jan/2024:15:20:36 -0500] "GET /sipse/faces/javax.faces.resource/layout/layout.css?ln=primefaces&v=4.0 HTTP/1.1" 304 -
191.156.177.178 - - [02/Jan/2024:15:20:36 -0500] "GET /sipse/faces/javax.faces.resource/jquery/jquery.js?ln=primefaces&v=4.0 HTTP/1.1" 304 -
191.156.186.5 - - [02/Jan/2024:15:20:36 -0500] "GET /sipse/faces/javax.faces.resource/jquery/jquery-plugins.js?ln=primefaces&v=4.0 HTTP/1.1" 304 -
191.156.186.5 - - [02/Jan/2024:15:20:36 -0500] "GET /sipse/faces/javax.faces.resource/fileupload/fileupload.js?ln=primefaces&v=4.0 HTTP/1.1" 200 28091
191.156.182.223 - - [02/Jan/2024:15:20:36 -0500] "GET /sipse/faces/javax.faces.resource/primefaces.js?ln=primefaces&v=4.0 HTTP/1.1" 304 -
191.156.177.178 - - [02/Jan/2024:15:20:36 -0500] "GET /sipse/faces/javax.faces.resource/layout/layout.js?ln=primefaces&v=4.0 HTTP/1.1" 304 -
191.156.40.216 - - [02/Jan/2024:15:20:37 -0500] "POST /sipse/faces/presentacion/financiero/solicitudProceso/consultar.xhtml HTTP/1.1" 200 35320
191.156.40.216 - - [02/Jan/2024:15:20:39 -0500] "POST /sipse/faces/presentacion/financiero/solicitudProceso/consultar.xhtml HTTP/1.1" 200 35320
191.156.40.216 - - [02/Jan/2024:15:20:40 -0500] "POST /sipse/faces/presentacion/financiero/solicitudProceso/consultar.xhtml HTTP/1.1" 200 35320
191.156.40.216 - - [02/Jan/2024:15:20:42 -0500] "POST /sipse/faces/presentacion/financiero/solicitudProceso/consultar.xhtml HTTP/1.1" 200 35320
191.156.40.216 - - [02/Jan/2024:15:20:43 -0500] "POST /sipse/faces/presentacion/financiero/solicitudProceso/consultar.xhtml HTTP/1.1" 200 35320
191.156.182.223 - - [02/Jan/2024:15:20:44 -0500] "GET /sipse/faces/javax.faces.resource/theme.css?ln=primefaces-sipse HTTP/1.1" 304 -
191.156.186.5 - - [02/Jan/2024:15:20:44 -0500] "GET /sipse/faces/javax.faces.resource/primefaces.css?ln=primefaces&v=4.0 HTTP/1.1" 304 -
191.156.186.5 - - [02/Jan/2024:15:20:44 -0500] "GET /sipse/faces/javax.faces.resource/layout/layout.css?ln=primefaces&v=4.0 HTTP/1.1" 304 -
191.156.177.178 - - [02/Jan/2024:15:20:44 -0500] "GET /sipse/faces/javax.faces.resource/jquery/jquery.js?ln=primefaces&v=4.0 HTTP/1.1" 304 -
191.156.181.26 - - [02/Jan/2024:15:20:44 -0500] "GET /sipse/faces/javax.faces.resource/jquery/jquery-plugins.js?ln=primefaces&v=4.0 HTTP/1.1" 304 -
191.156.186.5 - - [02/Jan/2024:15:20:44 -0500] "GET /sipse/faces/javax.faces.resource/primefaces.js?ln=primefaces&v=4.0 HTTP/1.1" 304 -
191.156.182.223 - - [02/Jan/2024:15:20:44 -0500] "GET /sipse/faces/javax.faces.resource/layout/layout.js?ln=primefaces&v=4.0 HTTP/1.1" 304 -
191.156.177.178 - - [02/Jan/2024:15:20:43 -0500] "POST /sipse/faces/presentacion/sistema/anexos/cargarAnexoSolicitudProceso.xhtml HTTP/1.1" 200 65084
191.156.40.216 - - [02/Jan/2024:15:20:44 -0500] "POST /sipse/faces/presentacion/financiero/solicitudProceso/consultar.xhtml HTTP/1.1" 200 35320
191.156.40.216 - - [02/Jan/2024:15:20:45 -0500] "POST /sipse/faces/presentacion/financiero/solicitudProceso/consultar.xhtml HTTP/1.1" 200 35320
191.156.40.216 - - [02/Jan/2024:15:20:47 -0500] "POST /sipse/faces/presentacion/financiero/solicitudProceso/consultar.xhtml HTTP/1.1" 200 35320
216.245.221.92 - - [02/Jan/2024:15:20:51 -0500] "HEAD / HTTP/1.1" 200 -
156.59.198.136 - - [02/Jan/2024:15:20:52 -0500] "GET /BLA/resoluciones/RESOLUCIONES%202011/5425.pdf HTTP/1.0" 200 243825
191.156.40.216 - - [02/Jan/2024:15:20:51 -0500] "POST /sipse/faces/presentacion/financiero/solicitudProceso/consultar.xhtml HTTP/1.1" 200 35320
191.156.40.216 - - [02/Jan/2024:15:20:52 -0500] "POST /sipse/faces/presentacion/financiero/solicitudProceso/consultar.xhtml HTTP/1.1" 200 35320
191.156.40.216 - - [02/Jan/2024:15:20:54 -0500] "POST /sipse/faces/presentacion/financiero/solicitudProceso/consultar.xhtml HTTP/1.1" 200 35320
191.156.40.216 - - [02/Jan/2024:15:20:57 -0500] "POST /sipse/faces/presentacion/financiero/solicitudProceso/consultar.xhtml HTTP/1.1" 200 35320
191.156.40.216 - - [02/Jan/2024:15:20:58 -0500] "POST /sipse/faces/presentacion/financiero/solicitudProceso/consultar.xhtml HTTP/1.1" 200 35320
191.156.40.216 - - [02/Jan/2024:15:20:59 -0500] "POST /sipse/faces/presentacion/financiero/solicitudProceso/consultar.xhtml HTTP/1.1" 200 35320
191.156.40.216 - - [02/Jan/2024:15:21:00 -0500] "POST /sipse/faces/presentacion/financiero/solicitudProceso/consultar.xhtml HTTP/1.1" 200 35320
191.156.40.216 - - [02/Jan/2024:15:21:02 -0500] "POST /sipse/faces/presentacion/financiero/solicitudProceso/consultar.xhtml HTTP/1.1" 200 35320
191.156.40.216 - - [02/Jan/2024:15:21:04 -0500] "POST /sipse/faces/presentacion/financiero/solicitudProceso/consultar.xhtml HTTP/1.1" 200 35320
191.156.40.216 - - [02/Jan/2024:15:21:05 -0500] "POST /sipse/faces/presentacion/financiero/solicitudProceso/consultar.xhtml HTTP/1.1" 200 35320
191.156.40.216 - - [02/Jan/2024:15:21:06 -0500] "POST /sipse/faces/presentacion/financiero/solicitudProceso/consultar.xhtml HTTP/1.1" 200 35320
191.156.40.216 - - [02/Jan/2024:15:21:07 -0500] "POST /sipse/faces/presentacion/financiero/solicitudProceso/consultar.xhtml HTTP/1.1" 200 35320
156.59.198.136 - - [02/Jan/2024:15:21:18 -0500] "GET /BLA/resoluciones/RESOLUCIONES%202011/4763.PDF HTTP/1.0" 200 39571
191.156.40.216 - - [02/Jan/2024:15:21:22 -0500] "POST /sipse/faces/presentacion/financiero/solicitudProceso/consultar.xhtml HTTP/1.1" 200 12715
152.201.206.134 - - [02/Jan/2024:15:21:22 -0500] "GET /appsia/controlador HTTP/1.1" 200 4799
152.201.206.134 - - [02/Jan/2024:15:21:23 -0500] "GET /appsia/scripts/validarIngreso.js HTTP/1.1" 200 851
152.201.206.134 - - [02/Jan/2024:15:21:23 -0500] "GET /appsia/css/estilos.css HTTP/1.1" 200 4804
152.201.206.134 - - [02/Jan/2024:15:21:23 -0500] "GET /appsia/images/logo_bogota_p.png HTTP/1.1" 200 14951
152.201.206.134 - - [02/Jan/2024:15:21:23 -0500] "GET /appsia/images/cabezoteHojaVida.png HTTP/1.1" 200 32493
191.156.40.216 - - [02/Jan/2024:15:21:24 -0500] "POST /sipse/faces/presentacion/financiero/solicitudProceso/consultar.xhtml HTTP/1.1" 200 154024
191.156.40.216 - - [02/Jan/2024:15:21:27 -0500] "GET /sipse/faces/javax.faces.resource/theme.css?ln=primefaces-sipse HTTP/1.1" 304 -
191.156.46.246 - - [02/Jan/2024:15:21:27 -0500] "GET /sipse/faces/javax.faces.resource/primefaces.css?ln=primefaces&v=4.0 HTTP/1.1" 304 -
191.156.42.120 - - [02/Jan/2024:15:21:27 -0500] "GET /sipse/faces/javax.faces.resource/jquery/jquery.js?ln=primefaces&v=4.0 HTTP/1.1" 304 -
191.156.40.216 - - [02/Jan/2024:15:21:27 -0500] "GET /sipse/faces/javax.faces.resource/layout/layout.css?ln=primefaces&v=4.0 HTTP/1.1" 304 -
191.156.42.120 - - [02/Jan/2024:15:21:27 -0500] "GET /sipse/faces/javax.faces.resource/jquery/jquery-plugins.js?ln=primefaces&v=4.0 HTTP/1.1" 304 -
191.156.42.120 - - [02/Jan/2024:15:21:28 -0500] "GET /sipse/faces/javax.faces.resource/primefaces.js?ln=primefaces&v=4.0 HTTP/1.1" 304 -
191.156.42.120 - - [02/Jan/2024:15:21:28 -0500] "GET /sipse/faces/javax.faces.resource/layout/layout.js?ln=primefaces&v=4.0 HTTP/1.1" 304 -
152.201.206.134 - - [02/Jan/2024:15:21:28 -0500] "GET /appsia/controlador HTTP/1.1" 200 4799
191.156.42.120 - - [02/Jan/2024:15:21:33 -0500] "POST /sipse/faces/presentacion/financiero/solicitudProceso/consultarSolicitudProceso.xhtml HTTP/1.1" 200 85220
152.201.206.134 - - [02/Jan/2024:15:21:33 -0500] "GET /appsia/controlador HTTP/1.1" 200 4799
191.156.186.5 - - [02/Jan/2024:15:21:38 -0500] "GET /sipse/faces/javax.faces.resource/theme.css?ln=primefaces-sipse HTTP/1.1" 304 -
191.156.190.242 - - [02/Jan/2024:15:21:38 -0500] "GET /sipse/faces/javax.faces.resource/jquery/jquery.js?ln=primefaces&v=4.0 HTTP/1.1" 304 -
191.156.181.214 - - [02/Jan/2024:15:21:38 -0500] "GET /sipse/faces/javax.faces.resource/layout/layout.css?ln=primefaces&v=4.0 HTTP/1.1" 304 -
191.156.177.199 - - [02/Jan/2024:15:21:38 -0500] "GET /sipse/faces/javax.faces.resource/primefaces.css?ln=primefaces&v=4.0 HTTP/1.1" 304 -
191.156.182.223 - - [02/Jan/2024:15:21:38 -0500] "GET /sipse/faces/javax.faces.resource/jquery/jquery-plugins.js?ln=primefaces&v=4.0 HTTP/1.1" 304 -
191.156.186.5 - - [02/Jan/2024:15:21:38 -0500] "GET /sipse/faces/javax.faces.resource/primefaces.js?ln=primefaces&v=4.0 HTTP/1.1" 304 -
191.156.190.242 - - [02/Jan/2024:15:21:38 -0500] "GET /sipse/faces/javax.faces.resource/layout/layout.js?ln=primefaces&v=4.0 HTTP/1.1" 304 -
191.156.177.199 - - [02/Jan/2024:15:21:32 -0500] "POST /sipse/faces/presentacion/financiero/solicitudProceso/crearModificarSolicitudProceso.xhtml HTTP/1.1" 200 44693
156.59.198.136 - - [02/Jan/2024:15:21:42 -0500] "GET /BLA/resoluciones/RESOLUCIONES%202011/3237.pdf HTTP/1.0" 200 471250
191.156.177.199 - - [02/Jan/2024:15:21:41 -0500] "POST /sipse/faces/presentacion/financiero/contrato/consultarContratosSolicitudProceso.xhtml HTTP/1.1" 200 61222
181.61.204.253 - - [02/Jan/2024:15:22:03 -0500] "POST /appsia/controlador HTTP/1.1" 404 68
156.59.198.135 - - [02/Jan/2024:15:22:06 -0500] "GET /BLA/resoluciones/RESOLUCIONES%202011/6263.pdf HTTP/1.0" 200 1463431
152.201.206.134 - - [02/Jan/2024:15:22:13 -0500] "POST /appsia/controlador HTTP/1.1" 200 3602
181.61.204.253 - - [02/Jan/2024:15:22:13 -0500] "POST /appsia/controlador HTTP/1.1" 404 68
152.201.206.134 - - [02/Jan/2024:15:22:13 -0500] "GET /appsia/jscripts/validarSolicitud.js HTTP/1.1" 404 68
152.201.206.134 - - [02/Jan/2024:15:22:15 -0500] "GET /appsia/controlador HTTP/1.1" 200 4799
201.245.192.253 - - [02/Jan/2024:15:22:17 -0500] "POST /appsia/controlador HTTP/1.1" 200 5437
152.201.206.134 - - [02/Jan/2024:15:22:21 -0500] "GET /appsia/controlador HTTP/1.1" 200 4799
156.59.198.136 - - [02/Jan/2024:15:22:31 -0500] "GET /BLA/resoluciones/RESOLUCIONES%202011/4315.pdf HTTP/1.0" 200 428553
201.245.192.253 - - [02/Jan/2024:15:22:31 -0500] "POST /appsia/controlador HTTP/1.1" 200 3238
201.245.192.253 - - [02/Jan/2024:15:22:31 -0500] "GET /appsia/jscripts/validarSolicitud.js HTTP/1.1" 404 68
201.245.192.253 - - [02/Jan/2024:15:22:33 -0500] "POST /appsia/controlador HTTP/1.1" 200 5437
181.61.204.253 - - [02/Jan/2024:15:22:37 -0500] "GET /appsia/controlador HTTP/1.1" 200 4799
156.59.198.135 - - [02/Jan/2024:15:22:56 -0500] "GET /BLA/resoluciones/RESOLUCIONES%202011/6299.pdf HTTP/1.0" 200 986380
191.156.177.178 - - [02/Jan/2024:15:22:57 -0500] "POST /sipse/faces/presentacion/financiero/contrato/consultarContratosSolicitudProceso.xhtml HTTP/1.1" 200 74825
191.156.34.163 - - [02/Jan/2024:15:23:00 -0500] "POST /sipse/faces/presentacion/financiero/solicitudProceso/consultarSolicitudProceso.xhtml HTTP/1.1" 200 42041
191.156.34.163 - - [02/Jan/2024:15:23:01 -0500] "GET /sipse/faces/javax.faces.resource/theme.css?ln=primefaces-sipse HTTP/1.1" 304 -
191.156.33.242 - - [02/Jan/2024:15:23:02 -0500] "GET /sipse/faces/javax.faces.resource/jquery/jquery.js?ln=primefaces&v=4.0 HTTP/1.1" 304 -
191.156.45.138 - - [02/Jan/2024:15:23:02 -0500] "GET /sipse/faces/javax.faces.resource/primefaces.css?ln=primefaces&v=4.0 HTTP/1.1" 304 -
191.156.34.163 - - [02/Jan/2024:15:23:02 -0500] "GET /sipse/faces/javax.faces.resource/layout/layout.css?ln=primefaces&v=4.0 HTTP/1.1" 304 -
191.156.45.138 - - [02/Jan/2024:15:23:02 -0500] "GET /sipse/faces/javax.faces.resource/jquery/jquery-plugins.js?ln=primefaces&v=4.0 HTTP/1.1" 304 -
186.179.103.130 - - [02/Jan/2024:15:23:02 -0500] "GET /appsia/controlador HTTP/1.1" 200 4799
191.156.45.138 - - [02/Jan/2024:15:23:02 -0500] "GET /sipse/faces/javax.faces.resource/primefaces.js?ln=primefaces&v=4.0 HTTP/1.1" 304 -
191.156.45.138 - - [02/Jan/2024:15:23:02 -0500] "GET /sipse/faces/javax.faces.resource/layout/layout.js?ln=primefaces&v=4.0 HTTP/1.1" 304 -
186.179.103.130 - - [02/Jan/2024:15:23:02 -0500] "GET /appsia/css/estilos.css HTTP/1.1" 200 4804
186.179.103.130 - - [02/Jan/2024:15:23:02 -0500] "GET /appsia/scripts/validarIngreso.js HTTP/1.1" 200 851
191.156.45.138 - - [02/Jan/2024:15:23:02 -0500] "POST /sipse/faces/presentacion/financiero/solicitudProceso/consultar.xhtml HTTP/1.1" 200 35335
186.179.103.130 - - [02/Jan/2024:15:23:02 -0500] "GET /appsia/images/logo_bogota_p.png HTTP/1.1" 200 14951
186.179.103.130 - - [02/Jan/2024:15:23:02 -0500] "GET /appsia/images/cabezoteHojaVida.png HTTP/1.1" 200 32493
191.156.45.138 - - [02/Jan/2024:15:23:03 -0500] "POST /sipse/faces/presentacion/financiero/solicitudProceso/consultar.xhtml HTTP/1.1" 200 35335
186.179.103.130 - - [02/Jan/2024:15:23:03 -0500] "GET /cart.json HTTP/1.1" 404 1120
191.156.45.138 - - [02/Jan/2024:15:23:03 -0500] "POST /sipse/faces/presentacion/financiero/solicitudProceso/consultar.xhtml HTTP/1.1" 200 35335
191.156.45.138 - - [02/Jan/2024:15:23:04 -0500] "POST /sipse/faces/presentacion/financiero/solicitudProceso/consultar.xhtml HTTP/1.1" 200 35335
191.156.45.138 - - [02/Jan/2024:15:23:04 -0500] "POST /sipse/faces/presentacion/financiero/solicitudProceso/consultar.xhtml HTTP/1.1" 200 35335
191.156.45.138 - - [02/Jan/2024:15:23:05 -0500] "POST /sipse/faces/presentacion/financiero/solicitudProceso/consultar.xhtml HTTP/1.1" 200 35335
191.156.45.138 - - [02/Jan/2024:15:23:06 -0500] "POST /sipse/faces/presentacion/financiero/solicitudProceso/consultar.xhtml HTTP/1.1" 200 35335
191.156.45.138 - - [02/Jan/2024:15:23:06 -0500] "POST /sipse/faces/presentacion/financiero/solicitudProceso/consultar.xhtml HTTP/1.1" 200 35335
191.156.177.178 - - [02/Jan/2024:15:23:03 -0500] "POST /sipse/faces/presentacion/financiero/contrato/consultarContratosSolicitudProceso.xhtml HTTP/1.1" 200 74817
191.156.45.138 - - [02/Jan/2024:15:23:07 -0500] "POST /sipse/faces/presentacion/financiero/solicitudProceso/consultar.xhtml HTTP/1.1" 200 35335
191.156.45.138 - - [02/Jan/2024:15:23:09 -0500] "POST /sipse/faces/presentacion/financiero/solicitudProceso/consultar.xhtml HTTP/1.1" 200 35335
191.156.45.138 - - [02/Jan/2024:15:23:10 -0500] "POST /sipse/faces/presentacion/financiero/solicitudProceso/consultar.xhtml HTTP/1.1" 200 35335
191.156.45.138 - - [02/Jan/2024:15:23:10 -0500] "POST /sipse/faces/presentacion/financiero/solicitudProceso/consultar.xhtml HTTP/1.1" 200 35335
191.156.45.138 - - [02/Jan/2024:15:23:11 -0500] "POST /sipse/faces/presentacion/financiero/solicitudProceso/consultar.xhtml HTTP/1.1" 200 35335
191.156.45.138 - - [02/Jan/2024:15:23:13 -0500] "POST /sipse/faces/presentacion/financiero/solicitudProceso/consultar.xhtml HTTP/1.1" 200 35335
191.156.45.138 - - [02/Jan/2024:15:23:13 -0500] "POST /sipse/faces/presentacion/financiero/solicitudProceso/consultar.xhtml HTTP/1.1" 200 35335
191.156.45.138 - - [02/Jan/2024:15:23:14 -0500] "POST /sipse/faces/presentacion/financiero/solicitudProceso/consultar.xhtml HTTP/1.1" 200 35335
191.156.45.138 - - [02/Jan/2024:15:23:14 -0500] "POST /sipse/faces/presentacion/financiero/solicitudProceso/consultar.xhtml HTTP/1.1" 200 35335
186.179.103.130 - - [02/Jan/2024:15:23:15 -0500] "POST /appsia/controlador HTTP/1.1" 200 5437
191.156.45.138 - - [02/Jan/2024:15:23:15 -0500] "POST /sipse/faces/presentacion/financiero/solicitudProceso/consultar.xhtml HTTP/1.1" 200 35335
186.179.103.130 - - [02/Jan/2024:15:23:15 -0500] "GET /cart.json HTTP/1.1" 404 1120
191.156.45.138 - - [02/Jan/2024:15:23:15 -0500] "POST /sipse/faces/presentacion/financiero/solicitudProceso/consultar.xhtml HTTP/1.1" 200 35335
191.156.45.138 - - [02/Jan/2024:15:23:16 -0500] "POST /sipse/faces/presentacion/financiero/solicitudProceso/consultar.xhtml HTTP/1.1" 200 35335
191.156.45.138 - - [02/Jan/2024:15:23:16 -0500] "POST /sipse/faces/presentacion/financiero/solicitudProceso/consultar.xhtml HTTP/1.1" 200 35335
191.156.177.178 - - [02/Jan/2024:15:23:15 -0500] "POST /sipse/faces/presentacion/financiero/contrato/consultarContratosSolicitudProceso.xhtml HTTP/1.1" 200 60642
191.156.45.138 - - [02/Jan/2024:15:23:17 -0500] "POST /sipse/faces/presentacion/financiero/solicitudProceso/consultar.xhtml HTTP/1.1" 200 35335
191.156.177.178 - - [02/Jan/2024:15:23:18 -0500] "GET /sipse/faces/javax.faces.resource/theme.css?ln=primefaces-sipse HTTP/1.1" 304 -
191.156.190.242 - - [02/Jan/2024:15:23:18 -0500] "GET /sipse/faces/javax.faces.resource/primefaces.css?ln=primefaces&v=4.0 HTTP/1.1" 304 -
191.156.177.104 - - [02/Jan/2024:15:23:18 -0500] "GET /sipse/faces/javax.faces.resource/jquery/jquery.js?ln=primefaces&v=4.0 HTTP/1.1" 304 -
191.156.177.178 - - [02/Jan/2024:15:23:18 -0500] "GET /sipse/faces/javax.faces.resource/layout/layout.css?ln=primefaces&v=4.0 HTTP/1.1" 304 -
191.156.45.138 - - [02/Jan/2024:15:23:18 -0500] "POST /sipse/faces/presentacion/financiero/solicitudProceso/consultar.xhtml HTTP/1.1" 200 35335
191.156.177.178 - - [02/Jan/2024:15:23:19 -0500] "GET /sipse/faces/javax.faces.resource/jquery/jquery-plugins.js?ln=primefaces&v=4.0 HTTP/1.1" 304 -
191.156.177.178 - - [02/Jan/2024:15:23:19 -0500] "GET /sipse/faces/javax.faces.resource/primefaces.js?ln=primefaces&v=4.0 HTTP/1.1" 304 -
191.156.177.178 - - [02/Jan/2024:15:23:19 -0500] "GET /sipse/faces/javax.faces.resource/layout/layout.js?ln=primefaces&v=4.0 HTTP/1.1" 304 -
191.156.45.138 - - [02/Jan/2024:15:23:19 -0500] "POST /sipse/faces/presentacion/financiero/solicitudProceso/consultar.xhtml HTTP/1.1" 200 35335
191.156.45.138 - - [02/Jan/2024:15:23:19 -0500] "POST /sipse/faces/presentacion/financiero/solicitudProceso/consultar.xhtml HTTP/1.1" 200 35335
191.156.45.138 - - [02/Jan/2024:15:23:20 -0500] "POST /sipse/faces/presentacion/financiero/solicitudProceso/consultar.xhtml HTTP/1.1" 200 35335
156.59.198.135 - - [02/Jan/2024:15:23:20 -0500] "GET /BLA/resoluciones/RESOLUCIONES%202011/4935.pdf HTTP/1.0" 200 355833
191.156.45.138 - - [02/Jan/2024:15:23:20 -0500] "POST /sipse/faces/presentacion/financiero/solicitudProceso/consultar.xhtml HTTP/1.1" 200 35335
191.156.45.138 - - [02/Jan/2024:15:23:21 -0500] "POST /sipse/faces/presentacion/financiero/solicitudProceso/consultar.xhtml HTTP/1.1" 200 35335
191.156.45.138 - - [02/Jan/2024:15:23:21 -0500] "POST /sipse/faces/presentacion/financiero/solicitudProceso/consultar.xhtml HTTP/1.1" 200 35335
191.156.45.138 - - [02/Jan/2024:15:23:22 -0500] "POST /sipse/faces/presentacion/financiero/solicitudProceso/consultar.xhtml HTTP/1.1" 200 35335
191.156.45.138 - - [02/Jan/2024:15:23:22 -0500] "POST /sipse/faces/presentacion/financiero/solicitudProceso/consultar.xhtml HTTP/1.1" 200 35335
191.156.45.138 - - [02/Jan/2024:15:23:23 -0500] "POST /sipse/faces/presentacion/financiero/solicitudProceso/consultar.xhtml HTTP/1.1" 200 35335
191.156.45.138 - - [02/Jan/2024:15:23:29 -0500] "POST /sipse/faces/presentacion/financiero/solicitudProceso/consultar.xhtml HTTP/1.1" 200 12714
191.156.177.178 - - [02/Jan/2024:15:23:30 -0500] "POST /sipse/faces/presentacion/financiero/solicitudProceso/crearModificarSolicitudProceso.xhtml HTTP/1.1" 200 64524
191.156.177.178 - - [02/Jan/2024:15:23:35 -0500] "GET /sipse/faces/javax.faces.resource/theme.css?ln=primefaces-sipse HTTP/1.1" 304 -
191.156.183.141 - - [02/Jan/2024:15:23:35 -0500] "GET /sipse/faces/javax.faces.resource/primefaces.css?ln=primefaces&v=4.0 HTTP/1.1" 304 -
191.156.190.242 - - [02/Jan/2024:15:23:35 -0500] "GET /sipse/faces/javax.faces.resource/jquery/jquery.js?ln=primefaces&v=4.0 HTTP/1.1" 304 -
191.156.184.139 - - [02/Jan/2024:15:23:35 -0500] "GET /sipse/faces/javax.faces.resource/layout/layout.css?ln=primefaces&v=4.0 HTTP/1.1" 304 -
191.156.190.242 - - [02/Jan/2024:15:23:35 -0500] "GET /sipse/faces/javax.faces.resource/jquery/jquery-plugins.js?ln=primefaces&v=4.0 HTTP/1.1" 304 -
191.156.190.242 - - [02/Jan/2024:15:23:35 -0500] "GET /sipse/faces/javax.faces.resource/primefaces.js?ln=primefaces&v=4.0 HTTP/1.1" 304 -
191.156.190.242 - - [02/Jan/2024:15:23:35 -0500] "GET /sipse/faces/javax.faces.resource/layout/layout.js?ln=primefaces&v=4.0 HTTP/1.1" 304 -
191.156.190.242 - - [02/Jan/2024:15:23:35 -0500] "POST /sipse/faces/presentacion/financiero/solicitudProceso/listarSolicitudProceso.xhtml HTTP/1.1" 200 1564
191.156.190.242 - - [02/Jan/2024:15:23:39 -0500] "POST /sipse/faces/presentacion/financiero/solicitudProceso/listarSolicitudProceso.xhtml HTTP/1.1" 200 46331
201.245.192.253 - - [02/Jan/2024:15:23:40 -0500] "HEAD /appsia/controlador HTTP/1.1" 200 -
201.245.192.253 - - [02/Jan/2024:15:23:40 -0500] "GET /appsia/controlador HTTP/1.1" 200 4799
201.245.192.253 - - [02/Jan/2024:15:23:40 -0500] "GET /appsia/controlador HTTP/1.1" 200 5437
191.156.190.242 - - [02/Jan/2024:15:23:40 -0500] "POST /sipse/faces/presentacion/financiero/solicitudProceso/listarSolicitudProceso.xhtml HTTP/1.1" 200 1564
191.156.190.242 - - [02/Jan/2024:15:23:41 -0500] "POST /sipse/faces/presentacion/financiero/solicitudProceso/listarSolicitudProceso.xhtml HTTP/1.1" 200 30707
191.156.190.242 - - [02/Jan/2024:15:23:42 -0500] "POST /sipse/faces/presentacion/financiero/solicitudProceso/listarSolicitudProceso.xhtml HTTP/1.1" 200 42763
156.59.198.135 - - [02/Jan/2024:15:23:44 -0500] "GET /BLA/resoluciones/RESOLUCIONES%202011/6207.pdf HTTP/1.0" 200 692681
191.156.190.242 - - [02/Jan/2024:15:23:45 -0500] "POST /sipse/faces/presentacion/financiero/solicitudProceso/listarSolicitudProceso.xhtml HTTP/1.1" 200 10417
191.156.45.138 - - [02/Jan/2024:15:23:42 -0500] "POST /sipse/faces/presentacion/financiero/solicitudProceso/consultar.xhtml HTTP/1.1" 200 154129
191.156.45.138 - - [02/Jan/2024:15:23:47 -0500] "GET /sipse/faces/javax.faces.resource/theme.css?ln=primefaces-sipse HTTP/1.1" 304 -
191.156.35.23 - - [02/Jan/2024:15:23:48 -0500] "GET /sipse/faces/javax.faces.resource/primefaces.css?ln=primefaces&v=4.0 HTTP/1.1" 304 -
191.156.33.242 - - [02/Jan/2024:15:23:48 -0500] "GET /sipse/faces/javax.faces.resource/jquery/jquery.js?ln=primefaces&v=4.0 HTTP/1.1" 304 -
191.156.42.107 - - [02/Jan/2024:15:23:48 -0500] "GET /sipse/faces/javax.faces.resource/layout/layout.css?ln=primefaces&v=4.0 HTTP/1.1" 304 -
191.156.33.242 - - [02/Jan/2024:15:23:48 -0500] "GET /sipse/faces/javax.faces.resource/jquery/jquery-plugins.js?ln=primefaces&v=4.0 HTTP/1.1" 304 -
201.245.192.253 - - [02/Jan/2024:15:23:48 -0500] "GET /BLA/resoluciones/ HTTP/1.1" 200 13696
191.156.33.242 - - [02/Jan/2024:15:23:48 -0500] "GET /sipse/faces/javax.faces.resource/primefaces.js?ln=primefaces&v=4.0 HTTP/1.1" 304 -
191.156.33.242 - - [02/Jan/2024:15:23:49 -0500] "GET /sipse/faces/javax.faces.resource/layout/layout.js?ln=primefaces&v=4.0 HTTP/1.1" 304 -
201.245.192.253 - - [02/Jan/2024:15:23:50 -0500] "GET /BLA/resoluciones/index.php?dir=RESOLUCIONES+2023%2F HTTP/1.1" 200 129188
191.156.190.242 - - [02/Jan/2024:15:23:49 -0500] "POST /sipse/faces/presentacion/financiero/solicitudProceso/listarSolicitudProceso.xhtml HTTP/1.1" 200 105981
191.156.190.242 - - [02/Jan/2024:15:23:53 -0500] "GET /sipse/faces/javax.faces.resource/theme.css?ln=primefaces-sipse HTTP/1.1" 304 -
191.156.177.199 - - [02/Jan/2024:15:23:53 -0500] "GET /sipse/faces/javax.faces.resource/jquery/jquery.js?ln=primefaces&v=4.0 HTTP/1.1" 304 -
191.156.177.199 - - [02/Jan/2024:15:23:53 -0500] "GET /sipse/faces/javax.faces.resource/primefaces.css?ln=primefaces&v=4.0 HTTP/1.1" 304 -
191.156.190.242 - - [02/Jan/2024:15:23:53 -0500] "GET /sipse/faces/javax.faces.resource/layout/layout.css?ln=primefaces&v=4.0 HTTP/1.1" 304 -
191.156.177.199 - - [02/Jan/2024:15:23:53 -0500] "GET /sipse/faces/javax.faces.resource/jquery/jquery-plugins.js?ln=primefaces&v=4.0 HTTP/1.1" 304 -
191.156.33.242 - - [02/Jan/2024:15:23:53 -0500] "POST /sipse/faces/presentacion/financiero/solicitudProceso/consultarSolicitudProceso.xhtml HTTP/1.1" 200 85729
191.156.177.199 - - [02/Jan/2024:15:23:53 -0500] "GET /sipse/faces/javax.faces.resource/primefaces.js?ln=primefaces&v=4.0 HTTP/1.1" 304 -
191.156.177.199 - - [02/Jan/2024:15:23:53 -0500] "GET /sipse/faces/javax.faces.resource/layout/layout.js?ln=primefaces&v=4.0 HTTP/1.1" 304 -
201.245.192.253 - - [02/Jan/2024:15:23:59 -0500] "POST /kwsrmcab/Wsrmcab  HTTP/1.1" 200 40636
201.245.192.253 - - [02/Jan/2024:15:24:02 -0500] "GET /appsia/controlador HTTP/1.1" 200 5437
201.245.192.253 - - [02/Jan/2024:15:24:07 -0500] "POST /appsia/controlador HTTP/1.1" 200 11545
156.59.198.135 - - [02/Jan/2024:15:24:08 -0500] "GET /BLA/resoluciones/RESOLUCIONES%202011/6713.pdf HTTP/1.0" 200 262052
201.245.192.253 - - [02/Jan/2024:15:24:09 -0500] "GET /appsia/controlador HTTP/1.1" 200 5437
191.156.186.138 - - [02/Jan/2024:15:24:11 -0500] "POST /sipse/faces/presentacion/financiero/solicitudProceso/consultarSolicitudProceso.xhtml HTTP/1.1" 200 63345
191.156.186.138 - - [02/Jan/2024:15:24:14 -0500] "GET /sipse/faces/javax.faces.resource/theme.css?ln=primefaces-sipse HTTP/1.1" 304 -
