191.156.40.216 - - [02/Jan/2024:14:56:59 -0500] "POST /sipse/faces/presentacion/financiero/solicitudProceso/consultar.xhtml HTTP/1.1" 200 12784
8.242.188.130 - - [02/Jan/2024:14:57:00 -0500] "POST /sipse/faces/presentacion/financiero/solicitudProceso/consultar.xhtml HTTP/1.1" 200 125280
8.242.188.130 - - [02/Jan/2024:14:57:01 -0500] "GET /sipse/faces/javax.faces.resource/jquery/jquery.js?ln=primefaces&v=4.0 HTTP/1.1" 304 -
8.242.188.130 - - [02/Jan/2024:14:57:01 -0500] "GET /sipse/faces/javax.faces.resource/jquery/jquery-plugins.js?ln=primefaces&v=4.0 HTTP/1.1" 304 -
8.242.188.130 - - [02/Jan/2024:14:57:01 -0500] "GET /sipse/faces/javax.faces.resource/primefaces.js?ln=primefaces&v=4.0 HTTP/1.1" 304 -
8.242.188.130 - - [02/Jan/2024:14:57:02 -0500] "GET /sipse/faces/javax.faces.resource/layout/layout.js?ln=primefaces&v=4.0 HTTP/1.1" 304 -
191.156.40.216 - - [02/Jan/2024:14:57:05 -0500] "POST /sipse/faces/presentacion/financiero/solicitudProceso/consultar.xhtml HTTP/1.1" 200 12811
191.156.40.216 - - [02/Jan/2024:14:57:12 -0500] "POST /sipse/faces/presentacion/financiero/solicitudProceso/consultar.xhtml HTTP/1.1" 200 154057
191.156.40.216 - - [02/Jan/2024:14:57:16 -0500] "GET /sipse/faces/javax.faces.resource/theme.css?ln=primefaces-sipse HTTP/1.1" 304 -
191.156.33.242 - - [02/Jan/2024:14:57:16 -0500] "GET /sipse/faces/javax.faces.resource/jquery/jquery.js?ln=primefaces&v=4.0 HTTP/1.1" 304 -
191.156.34.163 - - [02/Jan/2024:14:57:17 -0500] "GET /sipse/faces/javax.faces.resource/layout/layout.css?ln=primefaces&v=4.0 HTTP/1.1" 304 -
191.156.40.216 - - [02/Jan/2024:14:57:17 -0500] "GET /sipse/faces/javax.faces.resource/primefaces.css?ln=primefaces&v=4.0 HTTP/1.1" 304 -
191.156.40.216 - - [02/Jan/2024:14:57:17 -0500] "GET /sipse/faces/javax.faces.resource/jquery/jquery-plugins.js?ln=primefaces&v=4.0 HTTP/1.1" 304 -
191.156.40.216 - - [02/Jan/2024:14:57:17 -0500] "GET /sipse/faces/javax.faces.resource/primefaces.js?ln=primefaces&v=4.0 HTTP/1.1" 304 -
191.156.40.216 - - [02/Jan/2024:14:57:17 -0500] "GET /sipse/faces/javax.faces.resource/layout/layout.js?ln=primefaces&v=4.0 HTTP/1.1" 304 -
156.59.198.135 - - [02/Jan/2024:14:57:19 -0500] "GET /BLA/resoluciones/RESOLUCIONES%202011/3966.pdf HTTP/1.0" 200 771470
191.156.40.216 - - [02/Jan/2024:14:57:22 -0500] "POST /sipse/faces/presentacion/financiero/solicitudProceso/consultarSolicitudProceso.xhtml HTTP/1.1" 200 81687
172.22.2.4 - - [02/Jan/2024:14:57:43 -0500] "GET /BLA/boletinlegal/actos.php HTTP/1.1" 200 9648
172.22.2.4 - - [02/Jan/2024:14:57:44 -0500] "GET /BLA/boletinlegal/styles2.css HTTP/1.1" 200 1838
156.59.198.136 - - [02/Jan/2024:14:57:44 -0500] "GET /BLA/resoluciones/RESOLUCIONES%202011/5180.pdf HTTP/1.0" 200 343553
172.22.2.4 - - [02/Jan/2024:14:57:44 -0500] "GET /BLA/boletinlegal/js/ajax_actos.js HTTP/1.1" 200 1322
172.22.2.4 - - [02/Jan/2024:14:57:44 -0500] "GET /BLA/boletinlegal/niceforms-default.css HTTP/1.1" 200 6694
172.22.2.4 - - [02/Jan/2024:14:57:44 -0500] "GET /BLA/boletinlegal/style.css HTTP/1.1" 200 9406
172.22.2.4 - - [02/Jan/2024:14:57:44 -0500] "GET /BLA/boletinlegal/niceforms.js HTTP/1.1" 200 22876
172.22.2.4 - - [02/Jan/2024:14:57:44 -0500] "GET /BLA/boletinlegal/js/lib.js HTTP/1.1" 200 6474
172.22.2.4 - - [02/Jan/2024:14:57:44 -0500] "GET /BLA/boletinlegal/js/popup.js HTTP/1.1" 200 1270
172.22.2.4 - - [02/Jan/2024:14:57:44 -0500] "GET /BLA/boletinlegal/js/jquery1.js HTTP/1.1" 200 29846
172.22.2.4 - - [02/Jan/2024:14:57:44 -0500] "GET /BLA/boletinlegal/images/cabezote%20BLEGAL.jpg HTTP/1.1" 200 118164
172.22.2.4 - - [02/Jan/2024:14:57:45 -0500] "GET /BLA/boletinlegal/images/subscribe-icon-big.png HTTP/1.1" 200 47702
172.22.2.4 - - [02/Jan/2024:14:57:45 -0500] "GET /BLA/boletinlegal/images/historia.png HTTP/1.1" 200 52775
172.22.2.4 - - [02/Jan/2024:14:57:45 -0500] "GET /BLA/boletinlegal/images/registro-usuarios.png HTTP/1.1" 200 8106
172.22.2.4 - - [02/Jan/2024:14:57:45 -0500] "GET /BLA/boletinlegal/images/green-yellow-blue-pink-th.png HTTP/1.1" 200 7394
172.22.2.4 - - [02/Jan/2024:14:57:45 -0500] "GET /BLA/boletinlegal/images/tel.png HTTP/1.1" 200 14477
172.22.2.4 - - [02/Jan/2024:14:57:45 -0500] "GET /BLA/boletinlegal/images/icono-email.png HTTP/1.1" 200 5544
172.22.2.4 - - [02/Jan/2024:14:57:45 -0500] "GET /BLA/boletinlegal/images/body_bg.jpg HTTP/1.1" 200 1601
172.22.2.4 - - [02/Jan/2024:14:57:45 -0500] "GET /BLA/boletinlegal/images/menu_lft.gif HTTP/1.1" 200 1713
172.22.2.4 - - [02/Jan/2024:14:57:45 -0500] "GET /BLA/boletinlegal/images/menu_rght.gif HTTP/1.1" 200 1627
172.22.2.4 - - [02/Jan/2024:14:57:45 -0500] "GET /BLA/boletinlegal/images/bg_top.jpg HTTP/1.1" 200 522
172.22.2.4 - - [02/Jan/2024:14:57:45 -0500] "GET /BLA/boletinlegal/images/menu_bg.jpg HTTP/1.1" 200 620
172.22.2.4 - - [02/Jan/2024:14:57:45 -0500] "GET /BLA/boletinlegal/images/hover.jpg HTTP/1.1" 200 640
172.22.2.4 - - [02/Jan/2024:14:57:45 -0500] "GET /BLA/boletinlegal/images/footer_bg.jpg HTTP/1.1" 200 586
172.22.2.4 - - [02/Jan/2024:14:57:45 -0500] "GET /BLA/boletinlegal/images/text.jpg HTTP/1.1" 200 568
172.22.2.4 - - [02/Jan/2024:14:57:45 -0500] "GET /BLA/boletinlegal/images/footer_bg_l.jpg HTTP/1.1" 200 776
172.22.2.4 - - [02/Jan/2024:14:57:46 -0500] "GET /BLA/boletinlegal/img/0.png HTTP/1.1" 200 110
172.22.2.4 - - [02/Jan/2024:14:57:46 -0500] "GET /BLA/boletinlegal/img/select-left.png HTTP/1.1" 200 263
172.22.2.4 - - [02/Jan/2024:14:57:46 -0500] "GET /BLA/boletinlegal/img/select-right.png HTTP/1.1" 200 44019
172.22.2.4 - - [02/Jan/2024:14:57:46 -0500] "GET /BLA/boletinlegal/img/button-left.png HTTP/1.1" 200 57071
172.22.2.4 - - [02/Jan/2024:14:57:46 -0500] "GET /BLA/boletinlegal/img/button.png HTTP/1.1" 200 43241
172.22.2.4 - - [02/Jan/2024:14:57:46 -0500] "GET /BLA/boletinlegal/img/button-right.png HTTP/1.1" 200 57878
172.22.2.4 - - [02/Jan/2024:14:57:46 -0500] "GET /BLA/boletinlegal/favicon.ico HTTP/1.1" 404 1326
186.29.181.135 - - [02/Jan/2024:14:57:51 -0500] "GET /BLA/resoluciones/ HTTP/1.1" 200 13696
186.29.181.135 - - [02/Jan/2024:14:57:52 -0500] "GET /BLA/resoluciones/dlf/styles.css HTTP/1.1" 200 3049
186.29.181.135 - - [02/Jan/2024:14:57:52 -0500] "GET /BLA/resoluciones/dlf/folder.png HTTP/1.1" 200 410
186.29.181.135 - - [02/Jan/2024:14:57:53 -0500] "GET /BLA/resoluciones/dlf/bg.gif HTTP/1.1" 200 54
186.29.181.135 - - [02/Jan/2024:14:57:57 -0500] "GET /BLA/resoluciones/index.php?dir=RESOLUCIONES+2022%2F HTTP/1.1" 200 324879
186.29.181.135 - - [02/Jan/2024:14:57:57 -0500] "GET /BLA/resoluciones/index.php?dir=RESOLUCIONES+2022%2F HTTP/1.1" 200 324879
186.29.181.135 - - [02/Jan/2024:14:58:01 -0500] "GET /BLA/resoluciones/dlf/dirup.png HTTP/1.1" 200 644
186.29.181.135 - - [02/Jan/2024:14:58:01 -0500] "GET /BLA/resoluciones/dlf/pdf.gif HTTP/1.1" 200 272
186.29.181.135 - - [02/Jan/2024:14:58:01 -0500] "GET /BLA/resoluciones/dlf/archive.png HTTP/1.1" 200 632
156.59.198.135 - - [02/Jan/2024:14:58:09 -0500] "GET /BLA/resoluciones/RESOLUCIONES%202011/4142.pdf HTTP/1.0" 200 560916
201.245.192.253 - - [02/Jan/2024:14:58:15 -0500] "GET /sipse/faces/index.xhtml HTTP/1.1" 200 677
201.245.192.253 - - [02/Jan/2024:14:58:15 -0500] "GET /sipse/faces/javax.faces.resource/theme.css?ln=primefaces-sipse HTTP/1.1" 304 -
186.29.181.135 - - [02/Jan/2024:14:58:23 -0500] "GET /BLA/resoluciones/RESOLUCIONES%202022/5597.pdf HTTP/1.1" 200 460253
156.59.198.135 - - [02/Jan/2024:14:58:32 -0500] "GET /BLA/resoluciones/RESOLUCIONES%202011/5421.pdf HTTP/1.0" 200 371334
201.245.192.253 - - [02/Jan/2024:14:58:33 -0500] "GET /sipse/faces/index.xhtml HTTP/1.1" 200 677
201.245.192.253 - - [02/Jan/2024:14:58:33 -0500] "GET /sipse/faces/javax.faces.resource/theme.css?ln=primefaces-sipse HTTP/1.1" 304 -
201.245.192.253 - - [02/Jan/2024:14:58:33 -0500] "GET /sipse/faces/faces/autenticacion.xhtml HTTP/1.1" 200 12409
201.245.192.253 - - [02/Jan/2024:14:58:33 -0500] "GET /sipse/js/disable_browser_buttons.js HTTP/1.1" 200 3230
201.245.192.253 - - [02/Jan/2024:14:58:33 -0500] "GET /sipse/js/funciones.js HTTP/1.1" 200 12592
201.245.192.253 - - [02/Jan/2024:14:58:33 -0500] "GET /sipse/css/custom_css_sg_prime_login.css HTTP/1.1" 200 443
201.245.192.253 - - [02/Jan/2024:14:58:33 -0500] "GET /sipse/css/custom_css_sg.css HTTP/1.1" 200 9694
201.245.192.253 - - [02/Jan/2024:14:58:33 -0500] "GET /sipse/faces/javax.faces.resource/layout/layout.css?ln=primefaces&v=4.0 HTTP/1.1" 200 542
201.245.192.253 - - [02/Jan/2024:14:58:33 -0500] "GET /sipse/faces/javax.faces.resource/theme.css?ln=primefaces-sipse HTTP/1.1" 304 -
201.245.192.253 - - [02/Jan/2024:14:58:33 -0500] "GET /sipse/faces/javax.faces.resource/jquery/jquery.js?ln=primefaces&v=4.0 HTTP/1.1" 200 105384
201.245.192.253 - - [02/Jan/2024:14:58:33 -0500] "GET /sipse/faces/javax.faces.resource/layout/layout.js?ln=primefaces&v=4.0 HTTP/1.1" 200 87560
201.245.192.253 - - [02/Jan/2024:14:58:33 -0500] "GET /sipse/faces/javax.faces.resource/primefaces.js?ln=primefaces&v=4.0 HTTP/1.1" 200 276924
201.245.192.253 - - [02/Jan/2024:14:58:33 -0500] "GET /sipse/faces/javax.faces.resource/primefaces.css?ln=primefaces&v=4.0 HTTP/1.1" 200 53295
201.245.192.253 - - [02/Jan/2024:14:58:33 -0500] "GET /sipse/faces/javax.faces.resource/jquery/jquery-plugins.js?ln=primefaces&v=4.0 HTTP/1.1" 200 220526
201.245.192.253 - - [02/Jan/2024:14:58:33 -0500] "GET /sipse/faces/javax.faces.resource/images/ui-icons_898989_256x240.png?ln=primefaces-aristo HTTP/1.1" 200 5355
201.245.192.253 - - [02/Jan/2024:14:58:33 -0500] "GET /sipse/css/imagen/loginimg.png HTTP/1.1" 200 71635
201.245.192.253 - - [02/Jan/2024:14:58:33 -0500] "GET /sipse/css/imagen/logoSDG.png HTTP/1.1" 200 53064
186.29.181.135 - - [02/Jan/2024:14:58:34 -0500] "GET /BLA/resoluciones/RESOLUCIONES%202022/5599.pdf HTTP/1.1" 200 515662
201.245.192.253 - - [02/Jan/2024:14:58:45 -0500] "POST /sipse/faces/autenticacion.xhtml HTTP/1.1" 200 2246
201.245.192.253 - - [02/Jan/2024:14:58:45 -0500] "GET /sipse/faces/javax.faces.resource/messages/messages.png?ln=primefaces&v=4.0 HTTP/1.1" 200 27209
66.249.66.21 - - [02/Jan/2024:14:58:55 -0500] "GET /Residuos/quimicos/files/guia_quimicos.pdf HTTP/1.1" 200 15440844
191.156.33.242 - - [02/Jan/2024:14:58:53 -0500] "POST /sipse/faces/presentacion/financiero/solicitudProceso/consultarSolicitudProceso.xhtml HTTP/1.1" 200 42125
156.59.198.136 - - [02/Jan/2024:14:58:56 -0500] "GET /BLA/resoluciones/RESOLUCIONES%202011/6029.pdf HTTP/1.0" 200 1390922
191.156.35.23 - - [02/Jan/2024:14:58:57 -0500] "GET /sipse/faces/javax.faces.resource/primefaces.css?ln=primefaces&v=4.0 HTTP/1.1" 304 -
191.156.33.242 - - [02/Jan/2024:14:58:57 -0500] "GET /sipse/faces/javax.faces.resource/theme.css?ln=primefaces-sipse HTTP/1.1" 304 -
191.156.42.120 - - [02/Jan/2024:14:58:58 -0500] "GET /sipse/faces/javax.faces.resource/jquery/jquery.js?ln=primefaces&v=4.0 HTTP/1.1" 304 -
191.156.33.242 - - [02/Jan/2024:14:58:58 -0500] "GET /sipse/faces/javax.faces.resource/layout/layout.css?ln=primefaces&v=4.0 HTTP/1.1" 304 -
191.156.42.120 - - [02/Jan/2024:14:58:58 -0500] "GET /sipse/faces/javax.faces.resource/jquery/jquery-plugins.js?ln=primefaces&v=4.0 HTTP/1.1" 304 -
191.156.42.120 - - [02/Jan/2024:14:58:58 -0500] "GET /sipse/faces/javax.faces.resource/primefaces.js?ln=primefaces&v=4.0 HTTP/1.1" 304 -
191.156.42.120 - - [02/Jan/2024:14:58:59 -0500] "GET /sipse/faces/javax.faces.resource/layout/layout.js?ln=primefaces&v=4.0 HTTP/1.1" 304 -
201.245.192.253 - - [02/Jan/2024:14:59:00 -0500] "POST /sipse/faces/autenticacion.xhtml HTTP/1.1" 200 2187
191.156.42.120 - - [02/Jan/2024:14:59:00 -0500] "POST /sipse/faces/presentacion/financiero/solicitudProceso/consultar.xhtml HTTP/1.1" 200 35419
191.156.42.120 - - [02/Jan/2024:14:59:00 -0500] "POST /sipse/faces/presentacion/financiero/solicitudProceso/consultar.xhtml HTTP/1.1" 200 35419
191.156.42.120 - - [02/Jan/2024:14:59:01 -0500] "POST /sipse/faces/presentacion/financiero/solicitudProceso/consultar.xhtml HTTP/1.1" 200 35419
191.156.42.120 - - [02/Jan/2024:14:59:03 -0500] "POST /sipse/faces/presentacion/financiero/solicitudProceso/consultar.xhtml HTTP/1.1" 200 35419
201.245.192.253 - - [02/Jan/2024:14:59:04 -0500] "POST /kwsrmcab/Wsrmcab  HTTP/1.1" 200 40793
191.156.42.120 - - [02/Jan/2024:14:59:05 -0500] "POST /sipse/faces/presentacion/financiero/solicitudProceso/consultar.xhtml HTTP/1.1" 200 35419
191.156.42.120 - - [02/Jan/2024:14:59:07 -0500] "POST /sipse/faces/presentacion/financiero/solicitudProceso/consultar.xhtml HTTP/1.1" 200 35419
191.156.42.120 - - [02/Jan/2024:14:59:08 -0500] "POST /sipse/faces/presentacion/financiero/solicitudProceso/consultar.xhtml HTTP/1.1" 200 35419
191.156.42.120 - - [02/Jan/2024:14:59:11 -0500] "POST /sipse/faces/presentacion/financiero/solicitudProceso/consultar.xhtml HTTP/1.1" 200 35419
191.156.42.120 - - [02/Jan/2024:14:59:12 -0500] "POST /sipse/faces/presentacion/financiero/solicitudProceso/consultar.xhtml HTTP/1.1" 200 35419
191.156.42.120 - - [02/Jan/2024:14:59:14 -0500] "POST /sipse/faces/presentacion/financiero/solicitudProceso/consultar.xhtml HTTP/1.1" 200 35419
191.156.42.120 - - [02/Jan/2024:14:59:15 -0500] "POST /sipse/faces/presentacion/financiero/solicitudProceso/consultar.xhtml HTTP/1.1" 200 35419
191.156.42.120 - - [02/Jan/2024:14:59:16 -0500] "POST /sipse/faces/presentacion/financiero/solicitudProceso/consultar.xhtml HTTP/1.1" 200 35419
191.156.42.120 - - [02/Jan/2024:14:59:16 -0500] "POST /sipse/faces/presentacion/financiero/solicitudProceso/consultar.xhtml HTTP/1.1" 200 35419
191.156.42.120 - - [02/Jan/2024:14:59:17 -0500] "POST /sipse/faces/presentacion/financiero/solicitudProceso/consultar.xhtml HTTP/1.1" 200 35419
191.156.42.120 - - [02/Jan/2024:14:59:18 -0500] "POST /sipse/faces/presentacion/financiero/solicitudProceso/consultar.xhtml HTTP/1.1" 200 35419
191.156.42.120 - - [02/Jan/2024:14:59:18 -0500] "POST /sipse/faces/presentacion/financiero/solicitudProceso/consultar.xhtml HTTP/1.1" 200 35419
191.156.42.120 - - [02/Jan/2024:14:59:19 -0500] "POST /sipse/faces/presentacion/financiero/solicitudProceso/consultar.xhtml HTTP/1.1" 200 35419
191.156.42.120 - - [02/Jan/2024:14:59:20 -0500] "POST /sipse/faces/presentacion/financiero/solicitudProceso/consultar.xhtml HTTP/1.1" 200 35419
156.59.198.135 - - [02/Jan/2024:14:59:20 -0500] "GET /BLA/resoluciones/RESOLUCIONES%202011/5611.pdf HTTP/1.0" 200 416468
191.156.42.120 - - [02/Jan/2024:14:59:26 -0500] "POST /sipse/faces/presentacion/financiero/solicitudProceso/consultar.xhtml HTTP/1.1" 200 12799
191.156.42.120 - - [02/Jan/2024:14:59:29 -0500] "POST /sipse/faces/presentacion/financiero/solicitudProceso/consultar.xhtml HTTP/1.1" 200 152315
191.156.42.120 - - [02/Jan/2024:14:59:35 -0500] "GET /sipse/faces/javax.faces.resource/theme.css?ln=primefaces-sipse HTTP/1.1" 304 -
191.156.42.120 - - [02/Jan/2024:14:59:36 -0500] "GET /sipse/faces/javax.faces.resource/primefaces.css?ln=primefaces&v=4.0 HTTP/1.1" 304 -
191.156.45.138 - - [02/Jan/2024:14:59:36 -0500] "GET /sipse/faces/javax.faces.resource/jquery/jquery.js?ln=primefaces&v=4.0 HTTP/1.1" 304 -
191.156.45.138 - - [02/Jan/2024:14:59:36 -0500] "GET /sipse/faces/javax.faces.resource/layout/layout.css?ln=primefaces&v=4.0 HTTP/1.1" 304 -
191.156.42.120 - - [02/Jan/2024:14:59:36 -0500] "GET /sipse/faces/javax.faces.resource/jquery/jquery-plugins.js?ln=primefaces&v=4.0 HTTP/1.1" 304 -
191.156.42.120 - - [02/Jan/2024:14:59:36 -0500] "GET /sipse/faces/javax.faces.resource/primefaces.js?ln=primefaces&v=4.0 HTTP/1.1" 304 -
191.156.42.120 - - [02/Jan/2024:14:59:37 -0500] "GET /sipse/faces/javax.faces.resource/layout/layout.js?ln=primefaces&v=4.0 HTTP/1.1" 304 -
201.245.192.253 - - [02/Jan/2024:14:59:43 -0500] "GET /appsia/controlador HTTP/1.1" 200 4799
191.156.42.120 - - [02/Jan/2024:14:59:44 -0500] "POST /sipse/faces/presentacion/financiero/solicitudProceso/consultarSolicitudProceso.xhtml HTTP/1.1" 200 82932
156.59.198.135 - - [02/Jan/2024:14:59:46 -0500] "GET /BLA/resoluciones/RESOLUCIONES%202011/5480.pdf HTTP/1.0" 200 575020
201.245.192.253 - - [02/Jan/2024:15:00:07 -0500] "POST /appsia/controlador HTTP/1.1" 200 5437
201.245.192.253 - - [02/Jan/2024:15:00:08 -0500] "POST /appsia/controlador HTTP/1.1" 200 10115
156.59.198.136 - - [02/Jan/2024:15:00:10 -0500] "GET /BLA/resoluciones/RESOLUCIONES%202011/3668.pdf HTTP/1.0" 200 541070
45.70.171.82 - - [02/Jan/2024:15:00:18 -0500] "GET /kwssiamovil/sm/ldap/au?x=U2FsdGVkX1/pTaBQOggFx/sEOcabjOV93/GAYJEdbmvnxSFFZm6Hvk9S51+IFCY+&y=U2FsdGVkX19DHB/rKFbomZ5PWXAG3CAl/XS+DfF5KMU= HTTP/1.1" 200 30
45.70.171.82 - - [02/Jan/2024:15:00:18 -0500] "GET /kwssiamovil/sm/acme/s?s=U2FsdGVkX1/2T75PpGNi/bkabjPF93W7uRdxvYZT/JSufhJdy/9lK2s59ZocYDq7ln7A/sJZfS4vmJ7UOLu0cvJND+q4ohozK4ftA1E+psA=&u=U2FsdGVkX19ezgj/z6HDa63uKXBoeccu2LTa4An50m8=&y=U2FsdGVkX19DHB/rKFbomZ5PWXAG3CAl/XS+DfF5KMU= HTTP/1.1" 200 97
45.70.171.82 - - [02/Jan/2024:15:00:18 -0500] "GET /kwssiamovil/sm/acme/s?s=U2FsdGVkX19Fgk57c2HyHRekTojQmgMqOkc9uj3zd5bZsQOii9damDX9i11B8joL0YKIqEyNuDnVa6BrC08Qn+c8w5PTXpMGOVumQCCpJspH+yty6QbtaT0lFRxOGgAoV2k/J5278Py1ULJ57X6FSXkVerKdO7TUc3XkA3T6LFQq74tnqdTFDB8EDnWnNrS4lwVpoj+7MgIf19xsPCuQ/OKDHv0wtSB5oVSMsfG+emKKeZCRULTborsOfcmKXbp5OTAguRyjvgQ2jt7Mrknc35FIf0fZ0az+fFF8PNcW/0685MLqVY7GD7A/r045gQN483uz3DusrMB1mwffMNaquMgGeVG1Ja8VdQf9uwJqkWU8YbilpXKkvXxHk6RTyM9VZKbsSqZ+w3hbZ72bAW6ckCUHRhLjCs4xLtaXezbFPsSCcj/skaPg30qJwEdIqdQTOd0pgLSP+GvRJng1PDFHbYIdUsoNWPzfj1WjWILdUFlfOVwWTSrqm4N5tCceOxVGzqdln6SFXh04pORY9Aa4G8LeTKfgaJDPDzkHNl1Q6rQzahXWvNgkM0AcT7Gt8oZ4mSXrnhysacz7bImerrQn7dkYsrdV4PX06GBff/rLDvTjmVZgOeDyeNT+mK8Cfh/gKdOd+H3pKWj/37CCQ/1t9O/Ac0ns3abEN/miwtR2d0K9IH8GooaWS0Terk/3It/aaMb3oTU0g8C8QccyVDQaxKz4WmX0/1rkz/nCo2j1BnAfk5ZZVhYBBWX9HZ2qXgAySv4Kr0lr5U7QKc1mTl0/N916ly31is0cO9G4yaSjsuoqg1vSWKLcEMM0aTtvcG2hhTISFEKvsGUbAgTiW5QCtyxUsSxZua+N5iNUYZcf18icA3OCf0QbJXwdXCu2AOOIHP0pFO3O4dNmvbeqtOMkQhSFM/HJuh5GF4uTc3GfpC9PAEAQESMaZBdW5TthXNi5O5FLL5V45+bM0jMIHq+Q3qPSuEhcO+o52QYIIDKXRz47q3Fv0GX1Utr1XoRwOTp5l8MZDNWJyhHW+cx93k5JWbZ3m8RCMjp6Boyoy57BjK07Nys/5lvyle/OyaY1gBWPn1NaIL1GHCW5xPk3/kbtf3ZBimEUP2lX16DnLk7+cDwvkBaZiPPJrmCJvpO+RIioFyGLkYWNUrB/iK5iD3I9yHZjfNe0SmIi2Ct7UabCFxi/ctijS/2SusM3QTAqmPwfIVDjfczEhRo8rVtWdD69+hUd7HV7QP2BQBFynaN/5WBL/W7MbG53i0dwh9of3NZPoVrwM3zLS0vBEKDzqxcPXStvXT7IECADQl9BjfFHFhC6DJCdwb6La9frYw0HqHae0I7EjMahMyFW5WbpCQ/fgrV9QrrvdFHtFspLZJvlytHHp5gTFZ2vrHp+sHzJ+Bv+2F/ecg3nuOt7huobGere5iTlZI8yS4/QDlG3if3RSfE=&u=U2FsdGVkX19ezgj/z6HDa63uKXBoeccu2LTa4An50m8=&y=U2FsdGVkX19DHB/rKFbomZ5PWXAG3CAl/XS+DfF5KMU= HTTP/1.1" 200 3133
45.70.171.82 - - [02/Jan/2024:15:00:19 -0500] "GET /kwssiamovil/sm/acme/s?s=U2FsdGVkX1+lBtqOFeaz/K8X2hkOjfhI+m3cgNEqsmiPNo4UyTxZDi90Qs9s9J2vZNQGYG77PEDxz7N+Yv0YkPyA8u4virY6Ep13kIufhhPDBRdi/Jhb+S9aDm86PUc9BnOj0mgdFmLv+UWYP9arcdabtZvjHL08jMuTU3pv9OXi0n9W1JjI3to/cFuWcCLD44rDQOQhcjd2aASnGpey87kDmVAfIk7jAsKLa2s27VqAQAjpfu41cnzjWu3yTbI6jmcAnc44eBleP6YKwHur8/iJTvHbRbCKrjNFFNBImtwDMrWCIEf+R+SZ7mCdeSD8ZZXKWnNQ0rq/eMV8Z7rOMg==&u=U2FsdGVkX19ezgj/z6HDa63uKXBoeccu2LTa4An50m8=&y=U2FsdGVkX19DHB/rKFbomZ5PWXAG3CAl/XS+DfF5KMU= HTTP/1.1" 200 196
45.70.171.82 - - [02/Jan/2024:15:00:19 -0500] "GET /kwssiamovil/sm/cjson/pre?f=1&x=U2FsdGVkX1/pTaBQOggFx/sEOcabjOV93/GAYJEdbmvnxSFFZm6Hvk9S51+IFCY+ HTTP/1.1" 200 31032
191.156.42.120 - - [02/Jan/2024:15:00:24 -0500] "POST /sipse/faces/presentacion/financiero/solicitudProceso/consultarSolicitudProceso.xhtml HTTP/1.1" 200 82932
66.249.79.133 - - [02/Jan/2024:15:00:31 -0500] "GET /el-agua-recurso-vital-para-la-conservacion-de-los-ecosistemas.html HTTP/1.1" 200 870
156.59.198.135 - - [02/Jan/2024:15:00:34 -0500] "GET /BLA/resoluciones/RESOLUCIONES%202011/3359.pdf HTTP/1.0" 200 526211
8.242.188.130 - - [02/Jan/2024:15:00:34 -0500] "POST /sipse/faces/presentacion/financiero/solicitudProceso/consultarSolicitudProceso.xhtml HTTP/1.1" 200 47651
8.242.188.130 - - [02/Jan/2024:15:00:35 -0500] "GET /sipse/faces/javax.faces.resource/theme.css?ln=primefaces-sipse HTTP/1.1" 304 -
8.242.188.130 - - [02/Jan/2024:15:00:35 -0500] "GET /sipse/faces/javax.faces.resource/primefaces.css?ln=primefaces&v=4.0 HTTP/1.1" 304 -
8.242.188.130 - - [02/Jan/2024:15:00:35 -0500] "GET /sipse/faces/javax.faces.resource/layout/layout.css?ln=primefaces&v=4.0 HTTP/1.1" 304 -
8.242.188.130 - - [02/Jan/2024:15:00:35 -0500] "GET /sipse/faces/javax.faces.resource/jquery/jquery.js?ln=primefaces&v=4.0 HTTP/1.1" 304 -
8.242.188.130 - - [02/Jan/2024:15:00:35 -0500] "GET /sipse/faces/javax.faces.resource/jquery/jquery-plugins.js?ln=primefaces&v=4.0 HTTP/1.1" 304 -
8.242.188.130 - - [02/Jan/2024:15:00:35 -0500] "GET /sipse/faces/javax.faces.resource/primefaces.js?ln=primefaces&v=4.0 HTTP/1.1" 304 -
8.242.188.130 - - [02/Jan/2024:15:00:35 -0500] "GET /sipse/faces/javax.faces.resource/layout/layout.js?ln=primefaces&v=4.0 HTTP/1.1" 304 -
8.242.188.130 - - [02/Jan/2024:15:00:35 -0500] "GET /sipse/faces/javax.faces.resource/images/ui-icons_898989_256x240.png?ln=primefaces-aristo HTTP/1.1" 304 -
8.242.188.130 - - [02/Jan/2024:15:00:36 -0500] "GET /sipse/faces/javax.faces.resource/images/ui-bg_flat_0_2d5972_40x100.png?ln=primefaces-aristo HTTP/1.1" 304 -
8.242.188.130 - - [02/Jan/2024:15:00:36 -0500] "POST /sipse/faces/presentacion/financiero/solicitudProceso/consultar.xhtml HTTP/1.1" 200 23077
191.156.42.120 - - [02/Jan/2024:15:00:34 -0500] "POST /sipse/faces/presentacion/financiero/solicitudProceso/consultarSolicitudProceso.xhtml HTTP/1.1" 200 120621
8.242.188.130 - - [02/Jan/2024:15:00:39 -0500] "POST /sipse/faces/presentacion/financiero/solicitudProceso/consultar.xhtml HTTP/1.1" 200 13037
8.242.188.130 - - [02/Jan/2024:15:00:42 -0500] "POST /sipse/faces/presentacion/financiero/solicitudProceso/consultar.xhtml HTTP/1.1" 200 124805
8.242.188.130 - - [02/Jan/2024:15:00:42 -0500] "GET /sipse/faces/javax.faces.resource/jquery/jquery.js?ln=primefaces&v=4.0 HTTP/1.1" 304 -
8.242.188.130 - - [02/Jan/2024:15:00:43 -0500] "GET /sipse/faces/javax.faces.resource/jquery/jquery-plugins.js?ln=primefaces&v=4.0 HTTP/1.1" 304 -
8.242.188.130 - - [02/Jan/2024:15:00:43 -0500] "GET /sipse/faces/javax.faces.resource/primefaces.js?ln=primefaces&v=4.0 HTTP/1.1" 304 -
8.242.188.130 - - [02/Jan/2024:15:00:43 -0500] "GET /sipse/faces/javax.faces.resource/layout/layout.js?ln=primefaces&v=4.0 HTTP/1.1" 304 -
191.156.45.138 - - [02/Jan/2024:15:00:36 -0500] "POST /sipse/faces/presentacion/financiero/solicitudProceso/consultarSolicitudProceso.xhtml HTTP/1.1" 200 120621
216.245.221.92 - - [02/Jan/2024:15:00:51 -0500] "HEAD / HTTP/1.1" 200 -
172.22.2.4 - - [02/Jan/2024:14:59:21 -0500] "HEAD /BLA/boletinlegal/ HTTP/1.1" 200 -
156.59.198.136 - - [02/Jan/2024:15:01:02 -0500] "GET /BLA/resoluciones/RESOLUCIONES%202011/3731.pdf HTTP/1.0" 200 601179
156.59.198.135 - - [02/Jan/2024:15:01:24 -0500] "GET /BLA/resoluciones/RESOLUCIONES%202011/5274.pdf HTTP/1.0" 200 512867
156.59.198.136 - - [02/Jan/2024:15:01:48 -0500] "GET /BLA/resoluciones/RESOLUCIONES%202011/4557.pdf HTTP/1.0" 200 115363
172.22.2.4 - - [02/Jan/2024:15:00:12 -0500] "GET /BLA/boletinlegal/ HTTP/1.1" 200 58567
156.59.198.135 - - [02/Jan/2024:15:02:12 -0500] "GET /BLA/resoluciones/RESOLUCIONES%202011/2605.PDF HTTP/1.0" 200 63958
172.22.2.4 - - [02/Jan/2024:15:02:24 -0500] "GET /BLA/boletinlegal/robots.txt HTTP/1.1" 404 1038
8.242.188.130 - - [02/Jan/2024:15:02:36 -0500] "POST /sipse/faces/presentacion/financiero/solicitudProceso/consultarSolicitudProceso.xhtml HTTP/1.1" 200 47622
8.242.188.130 - - [02/Jan/2024:15:02:37 -0500] "GET /sipse/faces/javax.faces.resource/theme.css?ln=primefaces-sipse HTTP/1.1" 304 -
8.242.188.130 - - [02/Jan/2024:15:02:37 -0500] "GET /sipse/faces/javax.faces.resource/primefaces.css?ln=primefaces&v=4.0 HTTP/1.1" 304 -
8.242.188.130 - - [02/Jan/2024:15:02:37 -0500] "GET /sipse/faces/javax.faces.resource/layout/layout.css?ln=primefaces&v=4.0 HTTP/1.1" 304 -
8.242.188.130 - - [02/Jan/2024:15:02:37 -0500] "GET /sipse/faces/javax.faces.resource/primefaces.js?ln=primefaces&v=4.0 HTTP/1.1" 304 -
8.242.188.130 - - [02/Jan/2024:15:02:37 -0500] "GET /sipse/faces/javax.faces.resource/jquery/jquery.js?ln=primefaces&v=4.0 HTTP/1.1" 304 -
8.242.188.130 - - [02/Jan/2024:15:02:37 -0500] "GET /sipse/faces/javax.faces.resource/jquery/jquery-plugins.js?ln=primefaces&v=4.0 HTTP/1.1" 304 -
8.242.188.130 - - [02/Jan/2024:15:02:37 -0500] "GET /sipse/faces/javax.faces.resource/layout/layout.js?ln=primefaces&v=4.0 HTTP/1.1" 304 -
8.242.188.130 - - [02/Jan/2024:15:02:37 -0500] "GET /sipse/faces/javax.faces.resource/images/ui-icons_898989_256x240.png?ln=primefaces-aristo HTTP/1.1" 304 -
156.59.198.136 - - [02/Jan/2024:15:02:38 -0500] "GET /BLA/resoluciones/RESOLUCIONES%202011/4264.pdf HTTP/1.0" 200 1018028
8.242.188.130 - - [02/Jan/2024:15:02:38 -0500] "GET /sipse/faces/javax.faces.resource/images/ui-bg_flat_0_2d5972_40x100.png?ln=primefaces-aristo HTTP/1.1" 304 -
8.242.188.130 - - [02/Jan/2024:15:02:38 -0500] "POST /sipse/faces/presentacion/financiero/solicitudProceso/consultar.xhtml HTTP/1.1" 200 23077
8.242.188.130 - - [02/Jan/2024:15:02:41 -0500] "POST /sipse/faces/presentacion/financiero/solicitudProceso/consultar.xhtml HTTP/1.1" 200 13135
8.242.188.130 - - [02/Jan/2024:15:02:43 -0500] "POST /sipse/faces/presentacion/financiero/solicitudProceso/consultar.xhtml HTTP/1.1" 200 123557
8.242.188.130 - - [02/Jan/2024:15:02:45 -0500] "GET /sipse/faces/javax.faces.resource/jquery/jquery.js?ln=primefaces&v=4.0 HTTP/1.1" 304 -
8.242.188.130 - - [02/Jan/2024:15:02:45 -0500] "GET /sipse/faces/javax.faces.resource/jquery/jquery-plugins.js?ln=primefaces&v=4.0 HTTP/1.1" 304 -
8.242.188.130 - - [02/Jan/2024:15:02:45 -0500] "GET /sipse/faces/javax.faces.resource/primefaces.js?ln=primefaces&v=4.0 HTTP/1.1" 304 -
8.242.188.130 - - [02/Jan/2024:15:02:45 -0500] "GET /sipse/faces/javax.faces.resource/layout/layout.js?ln=primefaces&v=4.0 HTTP/1.1" 304 -
156.59.198.136 - - [02/Jan/2024:15:03:02 -0500] "GET /BLA/resoluciones/RESOLUCIONES%202011/4901.pdf HTTP/1.0" 200 455201
191.156.35.23 - - [02/Jan/2024:15:03:09 -0500] "POST /sipse/faces/presentacion/financiero/solicitudProceso/consultarSolicitudProceso.xhtml HTTP/1.1" 200 42125
191.156.46.246 - - [02/Jan/2024:15:03:13 -0500] "GET /sipse/faces/javax.faces.resource/primefaces.css?ln=primefaces&v=4.0 HTTP/1.1" 304 -
191.156.35.23 - - [02/Jan/2024:15:03:13 -0500] "GET /sipse/faces/javax.faces.resource/theme.css?ln=primefaces-sipse HTTP/1.1" 304 -
191.156.46.255 - - [02/Jan/2024:15:03:13 -0500] "GET /sipse/faces/javax.faces.resource/jquery/jquery.js?ln=primefaces&v=4.0 HTTP/1.1" 304 -
191.156.45.138 - - [02/Jan/2024:15:03:13 -0500] "GET /sipse/faces/javax.faces.resource/layout/layout.css?ln=primefaces&v=4.0 HTTP/1.1" 304 -
191.156.45.138 - - [02/Jan/2024:15:03:13 -0500] "GET /sipse/faces/javax.faces.resource/jquery/jquery-plugins.js?ln=primefaces&v=4.0 HTTP/1.1" 304 -
191.156.45.138 - - [02/Jan/2024:15:03:14 -0500] "GET /sipse/faces/javax.faces.resource/primefaces.js?ln=primefaces&v=4.0 HTTP/1.1" 304 -
191.156.45.138 - - [02/Jan/2024:15:03:14 -0500] "GET /sipse/faces/javax.faces.resource/layout/layout.js?ln=primefaces&v=4.0 HTTP/1.1" 304 -
191.156.45.138 - - [02/Jan/2024:15:03:14 -0500] "POST /sipse/faces/presentacion/financiero/solicitudProceso/consultar.xhtml HTTP/1.1" 200 35419
45.79.181.223 - - [02/Jan/2024:15:03:15 -0500] "GET / HTTP/1.1" 200 319
191.156.45.138 - - [02/Jan/2024:15:03:15 -0500] "POST /sipse/faces/presentacion/financiero/solicitudProceso/consultar.xhtml HTTP/1.1" 200 35419
191.156.45.138 - - [02/Jan/2024:15:03:16 -0500] "POST /sipse/faces/presentacion/financiero/solicitudProceso/consultar.xhtml HTTP/1.1" 200 35419
191.156.45.138 - - [02/Jan/2024:15:03:17 -0500] "POST /sipse/faces/presentacion/financiero/solicitudProceso/consultar.xhtml HTTP/1.1" 200 35419
191.156.45.138 - - [02/Jan/2024:15:03:18 -0500] "POST /sipse/faces/presentacion/financiero/solicitudProceso/consultar.xhtml HTTP/1.1" 200 35419
191.156.45.138 - - [02/Jan/2024:15:03:19 -0500] "POST /sipse/faces/presentacion/financiero/solicitudProceso/consultar.xhtml HTTP/1.1" 200 35419
201.245.192.253 - - [02/Jan/2024:15:03:23 -0500] "GET /appsia/controlador HTTP/1.1" 200 4799
201.245.192.253 - - [02/Jan/2024:15:03:23 -0500] "GET /appsia/css/estilos.css HTTP/1.1" 200 4804
201.245.192.253 - - [02/Jan/2024:15:03:23 -0500] "GET /appsia/scripts/validarIngreso.js HTTP/1.1" 200 851
201.245.192.253 - - [02/Jan/2024:15:03:23 -0500] "GET /appsia/images/cabezoteHojaVida.png HTTP/1.1" 200 32493
201.245.192.253 - - [02/Jan/2024:15:03:23 -0500] "GET /appsia/images/logo_bogota_p.png HTTP/1.1" 200 14951
201.245.192.253 - - [02/Jan/2024:15:03:23 -0500] "GET /favicon.ico HTTP/1.1" 200 7782
191.156.45.138 - - [02/Jan/2024:15:03:21 -0500] "POST /sipse/faces/presentacion/financiero/solicitudProceso/consultar.xhtml HTTP/1.1" 200 35419
156.59.198.135 - - [02/Jan/2024:15:03:27 -0500] "GET /BLA/resoluciones/RESOLUCIONES%202011/3967.pdf HTTP/1.0" 200 814430
52.167.144.203 - - [02/Jan/2024:15:03:28 -0500] "GET /Publicaciones/2023EE183212.pdf HTTP/1.1" 404 228
191.156.45.138 - - [02/Jan/2024:15:03:25 -0500] "POST /sipse/faces/presentacion/financiero/solicitudProceso/consultar.xhtml HTTP/1.1" 200 35419
191.156.45.138 - - [02/Jan/2024:15:03:31 -0500] "POST /sipse/faces/presentacion/financiero/solicitudProceso/consultar.xhtml HTTP/1.1" 200 35419
191.156.45.138 - - [02/Jan/2024:15:03:33 -0500] "POST /sipse/faces/presentacion/financiero/solicitudProceso/consultar.xhtml HTTP/1.1" 200 35419
191.156.45.138 - - [02/Jan/2024:15:03:36 -0500] "POST /sipse/faces/presentacion/financiero/solicitudProceso/consultar.xhtml HTTP/1.1" 200 35419
191.156.45.138 - - [02/Jan/2024:15:03:43 -0500] "POST /sipse/faces/presentacion/financiero/solicitudProceso/consultar.xhtml HTTP/1.1" 200 35419
191.156.45.138 - - [02/Jan/2024:15:03:44 -0500] "POST /sipse/faces/presentacion/financiero/solicitudProceso/consultar.xhtml HTTP/1.1" 200 35419
191.156.45.138 - - [02/Jan/2024:15:03:46 -0500] "POST /sipse/faces/presentacion/financiero/solicitudProceso/consultar.xhtml HTTP/1.1" 200 35419
191.156.45.138 - - [02/Jan/2024:15:03:46 -0500] "POST /sipse/faces/presentacion/financiero/solicitudProceso/consultar.xhtml HTTP/1.1" 200 35419
191.156.45.138 - - [02/Jan/2024:15:03:47 -0500] "POST /sipse/faces/presentacion/financiero/solicitudProceso/consultar.xhtml HTTP/1.1" 200 35419
191.156.45.138 - - [02/Jan/2024:15:03:49 -0500] "POST /sipse/faces/presentacion/financiero/solicitudProceso/consultar.xhtml HTTP/1.1" 200 35419
191.156.45.138 - - [02/Jan/2024:15:03:50 -0500] "POST /sipse/faces/presentacion/financiero/solicitudProceso/consultar.xhtml HTTP/1.1" 200 35419
191.156.45.138 - - [02/Jan/2024:15:03:50 -0500] "POST /sipse/faces/presentacion/financiero/solicitudProceso/consultar.xhtml HTTP/1.1" 200 35419
156.59.198.135 - - [02/Jan/2024:15:03:51 -0500] "GET /BLA/resoluciones/RESOLUCIONES%202011/5751.pdf HTTP/1.0" 200 314151
191.156.45.138 - - [02/Jan/2024:15:03:51 -0500] "POST /sipse/faces/presentacion/financiero/solicitudProceso/consultar.xhtml HTTP/1.1" 200 35419
172.22.2.4 - - [02/Jan/2024:15:02:25 -0500] "GET /BLA/boletinlegal/ HTTP/1.1" 200 63054
201.245.192.253 - - [02/Jan/2024:15:04:03 -0500] "POST /kwsrmcab/Wsrmcab  HTTP/1.1" 200 40636
156.59.198.135 - - [02/Jan/2024:15:04:16 -0500] "GET /BLA/resoluciones/RESOLUCIONES%202011/3663.pdf HTTP/1.0" 200 533690
191.156.34.17 - - [02/Jan/2024:15:04:20 -0500] "POST /sipse/faces/presentacion/financiero/solicitudProceso/consultar.xhtml HTTP/1.1" 200 12799
191.156.34.17 - - [02/Jan/2024:15:04:26 -0500] "POST /sipse/faces/presentacion/financiero/solicitudProceso/consultar.xhtml HTTP/1.1" 200 154034
191.156.34.17 - - [02/Jan/2024:15:04:29 -0500] "GET /sipse/faces/javax.faces.resource/theme.css?ln=primefaces-sipse HTTP/1.1" 304 -
191.156.34.17 - - [02/Jan/2024:15:04:29 -0500] "GET /sipse/faces/javax.faces.resource/primefaces.css?ln=primefaces&v=4.0 HTTP/1.1" 304 -
191.156.35.23 - - [02/Jan/2024:15:04:30 -0500] "GET /sipse/faces/javax.faces.resource/jquery/jquery.js?ln=primefaces&v=4.0 HTTP/1.1" 304 -
191.156.35.23 - - [02/Jan/2024:15:04:31 -0500] "GET /sipse/faces/javax.faces.resource/jquery/jquery-plugins.js?ln=primefaces&v=4.0 HTTP/1.1" 304 -
191.156.35.23 - - [02/Jan/2024:15:04:31 -0500] "GET /sipse/faces/javax.faces.resource/primefaces.js?ln=primefaces&v=4.0 HTTP/1.1" 304 -
191.156.35.23 - - [02/Jan/2024:15:04:31 -0500] "GET /sipse/faces/javax.faces.resource/layout/layout.js?ln=primefaces&v=4.0 HTTP/1.1" 304 -
191.156.35.23 - - [02/Jan/2024:15:04:32 -0500] "GET /sipse/faces/javax.faces.resource/layout/layout.css?ln=primefaces&v=4.0 HTTP/1.1" 304 -
201.245.192.253 - - [02/Jan/2024:15:04:38 -0500] "GET /appsia/controlador HTTP/1.1" 200 5437
156.59.198.135 - - [02/Jan/2024:15:04:40 -0500] "GET /BLA/resoluciones/RESOLUCIONES%202011/5876.pdf HTTP/1.0" 200 510419
191.156.35.23 - - [02/Jan/2024:15:04:39 -0500] "POST /sipse/faces/presentacion/financiero/solicitudProceso/consultarSolicitudProceso.xhtml HTTP/1.1" 200 82118
191.95.102.157 - - [02/Jan/2024:15:04:48 -0500] "GET /appsia/controlador HTTP/1.1" 200 4799
8.242.188.130 - - [02/Jan/2024:15:04:48 -0500] "GET /sipse/faces/javax.faces.resource/theme.css?ln=primefaces-sipse HTTP/1.1" 304 -
8.242.188.130 - - [02/Jan/2024:15:04:48 -0500] "GET /sipse/faces/javax.faces.resource/primefaces.css?ln=primefaces&v=4.0 HTTP/1.1" 304 -
8.242.188.130 - - [02/Jan/2024:15:04:48 -0500] "POST /sipse/faces/presentacion/financiero/solicitudProceso/consultarSolicitudProceso.xhtml HTTP/1.1" 200 47720
8.242.188.130 - - [02/Jan/2024:15:04:48 -0500] "GET /sipse/faces/javax.faces.resource/layout/layout.css?ln=primefaces&v=4.0 HTTP/1.1" 304 -
8.242.188.130 - - [02/Jan/2024:15:04:48 -0500] "GET /sipse/faces/javax.faces.resource/layout/layout.js?ln=primefaces&v=4.0 HTTP/1.1" 304 -
8.242.188.130 - - [02/Jan/2024:15:04:48 -0500] "GET /sipse/faces/javax.faces.resource/jquery/jquery.js?ln=primefaces&v=4.0 HTTP/1.1" 304 -
8.242.188.130 - - [02/Jan/2024:15:04:48 -0500] "GET /sipse/faces/javax.faces.resource/jquery/jquery-plugins.js?ln=primefaces&v=4.0 HTTP/1.1" 304 -
8.242.188.130 - - [02/Jan/2024:15:04:48 -0500] "GET /sipse/faces/javax.faces.resource/primefaces.js?ln=primefaces&v=4.0 HTTP/1.1" 304 -
8.242.188.130 - - [02/Jan/2024:15:04:49 -0500] "GET /sipse/faces/javax.faces.resource/images/ui-icons_898989_256x240.png?ln=primefaces-aristo HTTP/1.1" 304 -
8.242.188.130 - - [02/Jan/2024:15:04:49 -0500] "GET /sipse/faces/javax.faces.resource/images/ui-bg_flat_0_2d5972_40x100.png?ln=primefaces-aristo HTTP/1.1" 304 -
8.242.188.130 - - [02/Jan/2024:15:04:49 -0500] "POST /sipse/faces/presentacion/financiero/solicitudProceso/consultar.xhtml HTTP/1.1" 200 23077
191.95.102.157 - - [02/Jan/2024:15:04:50 -0500] "GET /appsia/css/estilos.css HTTP/1.1" 200 4804
191.95.102.157 - - [02/Jan/2024:15:04:50 -0500] "GET /appsia/scripts/validarIngreso.js HTTP/1.1" 200 851
8.242.188.130 - - [02/Jan/2024:15:04:52 -0500] "POST /sipse/faces/presentacion/financiero/solicitudProceso/consultar.xhtml HTTP/1.1" 200 12930
8.242.188.130 - - [02/Jan/2024:15:04:54 -0500] "POST /sipse/faces/presentacion/financiero/solicitudProceso/consultar.xhtml HTTP/1.1" 200 123172
8.242.188.130 - - [02/Jan/2024:15:04:55 -0500] "GET /sipse/faces/javax.faces.resource/jquery/jquery.js?ln=primefaces&v=4.0 HTTP/1.1" 304 -
8.242.188.130 - - [02/Jan/2024:15:04:55 -0500] "GET /sipse/faces/javax.faces.resource/jquery/jquery-plugins.js?ln=primefaces&v=4.0 HTTP/1.1" 304 -
8.242.188.130 - - [02/Jan/2024:15:04:55 -0500] "GET /sipse/faces/javax.faces.resource/primefaces.js?ln=primefaces&v=4.0 HTTP/1.1" 304 -
8.242.188.130 - - [02/Jan/2024:15:04:55 -0500] "GET /sipse/faces/javax.faces.resource/layout/layout.js?ln=primefaces&v=4.0 HTTP/1.1" 304 -
191.95.102.157 - - [02/Jan/2024:15:04:58 -0500] "GET /appsia/images/logo_bogota_p.png HTTP/1.1" 200 14951
191.95.102.157 - - [02/Jan/2024:15:04:54 -0500] "GET /appsia/images/cabezoteHojaVida.png HTTP/1.1" 200 32493
191.95.102.157 - - [02/Jan/2024:15:05:03 -0500] "GET /favicon.ico HTTP/1.1" 200 7782
156.59.198.136 - - [02/Jan/2024:15:05:05 -0500] "GET /BLA/resoluciones/RESOLUCIONES%202011/5281.pdf HTTP/1.0" 200 590372
156.59.198.135 - - [02/Jan/2024:15:05:29 -0500] "GET /BLA/resoluciones/RESOLUCIONES%202011/6804.pdf HTTP/1.0" 200 1078027
201.245.192.253 - - [02/Jan/2024:15:05:37 -0500] "GET /appsia/controlador HTTP/1.1" 200 4799
201.245.192.253 - - [02/Jan/2024:15:05:40 -0500] "POST /appsia/controlador HTTP/1.1" 200 5437
201.245.192.253 - - [02/Jan/2024:15:05:47 -0500] "GET /appsia/controlador HTTP/1.1" 200 5437
201.245.192.253 - - [02/Jan/2024:15:05:50 -0500] "POST /appsia/controlador HTTP/1.1" 200 4799
216.245.221.92 - - [02/Jan/2024:15:05:51 -0500] "HEAD / HTTP/1.1" 200 -
156.59.198.136 - - [02/Jan/2024:15:05:53 -0500] "GET /BLA/resoluciones/RESOLUCIONES%202011/5495.pdf HTTP/1.0" 200 505923
201.245.192.253 - - [02/Jan/2024:15:05:53 -0500] "POST /appsia/controlador HTTP/1.1" 200 3599
201.245.192.253 - - [02/Jan/2024:15:05:53 -0500] "GET /appsia/jscripts/validarSolicitud.js HTTP/1.1" 404 68
191.156.46.255 - - [02/Jan/2024:15:05:50 -0500] "POST /sipse/faces/presentacion/financiero/solicitudProceso/consultarSolicitudProceso.xhtml HTTP/1.1" 200 42125
191.156.46.255 - - [02/Jan/2024:15:05:53 -0500] "GET /sipse/faces/javax.faces.resource/theme.css?ln=primefaces-sipse HTTP/1.1" 304 -
191.156.33.242 - - [02/Jan/2024:15:05:53 -0500] "GET /sipse/faces/javax.faces.resource/primefaces.css?ln=primefaces&v=4.0 HTTP/1.1" 304 -
191.156.34.163 - - [02/Jan/2024:15:05:54 -0500] "GET /sipse/faces/javax.faces.resource/jquery/jquery.js?ln=primefaces&v=4.0 HTTP/1.1" 304 -
191.156.45.138 - - [02/Jan/2024:15:05:54 -0500] "GET /sipse/faces/javax.faces.resource/layout/layout.css?ln=primefaces&v=4.0 HTTP/1.1" 304 -
191.156.45.138 - - [02/Jan/2024:15:05:54 -0500] "GET /sipse/faces/javax.faces.resource/jquery/jquery-plugins.js?ln=primefaces&v=4.0 HTTP/1.1" 304 -
191.156.45.138 - - [02/Jan/2024:15:05:54 -0500] "GET /sipse/faces/javax.faces.resource/primefaces.js?ln=primefaces&v=4.0 HTTP/1.1" 304 -
191.156.45.138 - - [02/Jan/2024:15:05:54 -0500] "GET /sipse/faces/javax.faces.resource/layout/layout.js?ln=primefaces&v=4.0 HTTP/1.1" 304 -
201.245.192.253 - - [02/Jan/2024:15:05:54 -0500] "POST /appsia/controlador HTTP/1.1" 200 4799
191.156.45.138 - - [02/Jan/2024:15:05:54 -0500] "POST /sipse/faces/presentacion/financiero/solicitudProceso/consultar.xhtml HTTP/1.1" 200 35419
201.245.192.253 - - [02/Jan/2024:15:06:02 -0500] "POST /appsia/controlador HTTP/1.1" 200 3599
201.245.192.253 - - [02/Jan/2024:15:06:02 -0500] "GET /appsia/jscripts/validarSolicitud.js HTTP/1.1" 404 68
201.245.192.253 - - [02/Jan/2024:15:06:04 -0500] "POST /appsia/controlador HTTP/1.1" 200 4799
191.156.45.138 - - [02/Jan/2024:15:05:57 -0500] "POST /sipse/faces/presentacion/financiero/solicitudProceso/consultar.xhtml HTTP/1.1" 200 35419
45.70.171.82 - - [02/Jan/2024:15:06:06 -0500] "GET /kwssiamovil/sm/ldap/au?x=U2FsdGVkX1/sPxGB2y9w07q2G3ivgkg2Ad29fTPFCJv/xNU9oWsMbYk7lKUsGBCb&y=U2FsdGVkX19I46fhX74cyK12BDHr74Yp+JZtXJU/P5Y= HTTP/1.1" 200 30
45.70.171.82 - - [02/Jan/2024:15:06:06 -0500] "GET /kwssiamovil/sm/acme/s?s=U2FsdGVkX19et7C0sWekhQhA5Urt0JvFXuLppRlatlbMvY0a6zaYGAh3aMApoR/akntNas4Zjv7gyKEVWCvCv/Q33rCbIV6HTm68RqO6B54=&u=U2FsdGVkX19C1CLcmxBYbB5yMO5YbkhU4r/ZNNLAICE=&y=U2FsdGVkX19I46fhX74cyK12BDHr74Yp+JZtXJU/P5Y= HTTP/1.1" 200 97
45.70.171.82 - - [02/Jan/2024:15:06:06 -0500] "GET /kwssiamovil/sm/acme/s?s=U2FsdGVkX1+tlD/1A8MryFvwJKKhgY3ptPN8oi4ZtC3OA2S3BzJaQMTlYy6V3eNKhRbulmAbY8fZZODeVX+SkEOExD6V9KoMsLKR4SWO0dlbV01qSmmZH8xLahyOc4N5Fgdni1pSa1KYgMRcFltFUKZyq7d6BbC4ntVAe3wl7GUaLQLoZKZqAX0ZXUJLf3ZD7l+1tKq+yxnq9UpJ+WG9mKvTmpp6ipyu8QgZ/37GgIlnY0jhV/CPS4k+uJb1CDcUa2kWJchzSxhOegEEypsrzn2MBmVgLv6tI3mI0VdKj95Q1hKbreIKCK6Da0ozVeVQQkF2W8vcKsp4jCIUrpYW6imK9a2i1VLqGe1XprCk4aTHE4w+sBA/JozwStZxqB+11YuzDOr+Dms2rVgiRjRm1DfpEZtGDzbroS1DW2kGudmMUkBctYjfoNxEfdBzI4lyymA5E1raUAmNalMfjxxSEfoG/7jWj0s6QHEdgZA8niQfWJWM5ApEHEihPjxx0lMbkejDLMwln4jSb2x1u1O7tpsurUYOhsfSWPdm7w17t0hiBXdUSzOC3zRwOb7FQyxifwP0/mHfwZLMs9RokUIpqiL9in9qKmB64UrPRIQMDYXXKh/AFhy+WtDhc5wNMqUtt8XbZ6FefJsaSdo4AB8//gl9VMMwJUfi2a2/MGErWQVYd9lzAb962tBUrc0gssUqpAak6XpJSbA0FxQsgT7BDvZZGXQ24dVTB4aZ98cClpSVxbYx2Xu8No6BlsvZeo8eS3Uc/2r+fJuIdPkhr7xcKSxkuBkTsA6oDQaB9BMxu9dAO6/OGh4NF1Qk8tJbKZZNa7Y7wRLyaWxbOJ6Y9FIrlnS4vV3ja+9UshvIUQG9mlWRo+F6oMCHI+xFFecQECyRbL+HAN5kw6LrwFZWmz7VGsPmPuhIZ75VBz0IA+78+8DOro2dtsXXfVIsNbeSr9VzSJG+qc1HvU9J9rmmBASBRLPL1sXG7EKppxjY91y/FTkuHLzeCwHkYYXiaC3n2kibxl6Iod23IcpXiJV73bPOKxhvauGG7asrpkgR4RlsoszIHZLkWYPYHisokAl5cLhyRn/Msk2XrnJHhXboFWKZiQP0U2gQagphcUPr3d/DGrQ2QvUckbmQtmTZMeFc2JffCy3D/FLAGDrjLzeUZuJfu1ZM5F4tcDOu4pykZtEmVZAuBlvRmm9SrU4jH/deos8gaKTAoLlhOBYbdpcvJvaianWV4x7VCOJsA4Mq54KpLoRcAIidIUand81RFFn06E602jRXvtN8k9ZJn8JJ+tRNtGNfDdDCsBBPuRx0hTRbgkpgikJiumnUvseYf1mfdSJ5Mcj5YoBAgp1H4R3uelLLgXTitWZFX+NqqIEjCr3iOIAvzfBjxQKOleK5jdzx9L8oXMIZ868QUM09l75zIXhqB+xQSmllMq7oYtiqP+L4TzM=&u=U2FsdGVkX19C1CLcmxBYbB5yMO5YbkhU4r/ZNNLAICE=&y=U2FsdGVkX19I46fhX74cyK12BDHr74Yp+JZtXJU/P5Y= HTTP/1.1" 200 3133
45.70.171.82 - - [02/Jan/2024:15:06:06 -0500] "GET /kwssiamovil/sm/acme/s?s=U2FsdGVkX19Pd3HS25ZPoP9pDUMqQTnVSl32nVHfdgjnrX4Yty/4/RvaV3s1PnRtyZ4ISPpxj5UPJvxluIgelktUWms5BBrLdQz5BjtBsF0/qLoqlnE+vto/7+L5x0zTW9fF6OXP0yfaM0P2VYwkD24lklB5AHZc6UtFUmwouIb2saWcMw1wOYK/6CVh0GJ+xb8GrdX+9J/E4/WreNutQWjVAWEjTDxJRglrNCKBt4qRwE8wQ+TEq2lh2yLKkuhTpUa+drpFzZJUHYFQVpvUBWbwtmKoULFTaaxI6THaNHiVUq55AwYb1ASWWYcZ0e7hPrtXCay56Nj9q7Z7n7CRIg==&u=U2FsdGVkX19C1CLcmxBYbB5yMO5YbkhU4r/ZNNLAICE=&y=U2FsdGVkX19I46fhX74cyK12BDHr74Yp+JZtXJU/P5Y= HTTP/1.1" 200 196
45.70.171.82 - - [02/Jan/2024:15:06:06 -0500] "GET /kwssiamovil/sm/cjson/pre?f=1&x=U2FsdGVkX1/sPxGB2y9w07q2G3ivgkg2Ad29fTPFCJv/xNU9oWsMbYk7lKUsGBCb HTTP/1.1" 200 31032
191.156.45.138 - - [02/Jan/2024:15:06:05 -0500] "POST /sipse/faces/presentacion/financiero/solicitudProceso/consultar.xhtml HTTP/1.1" 200 35419
191.156.45.138 - - [02/Jan/2024:15:06:08 -0500] "POST /sipse/faces/presentacion/financiero/solicitudProceso/consultar.xhtml HTTP/1.1" 200 35419
191.156.45.138 - - [02/Jan/2024:15:06:11 -0500] "POST /sipse/faces/presentacion/financiero/solicitudProceso/consultar.xhtml HTTP/1.1" 200 35419
191.156.45.138 - - [02/Jan/2024:15:06:13 -0500] "POST /sipse/faces/presentacion/financiero/solicitudProceso/consultar.xhtml HTTP/1.1" 200 35419
156.59.198.136 - - [02/Jan/2024:15:06:17 -0500] "GET /BLA/resoluciones/RESOLUCIONES%202011/3920.pdf HTTP/1.0" 200 546350
191.156.45.138 - - [02/Jan/2024:15:06:16 -0500] "POST /sipse/faces/presentacion/financiero/solicitudProceso/consultar.xhtml HTTP/1.1" 200 35419
191.156.45.138 - - [02/Jan/2024:15:06:18 -0500] "POST /sipse/faces/presentacion/financiero/solicitudProceso/consultar.xhtml HTTP/1.1" 200 35419
191.156.45.138 - - [02/Jan/2024:15:06:19 -0500] "POST /sipse/faces/presentacion/financiero/solicitudProceso/consultar.xhtml HTTP/1.1" 200 35419
201.245.192.253 - - [02/Jan/2024:15:06:23 -0500] "GET /appsia/controlador HTTP/1.1" 200 4799
201.245.192.253 - - [02/Jan/2024:15:06:23 -0500] "GET /appsia/css/estilos.css HTTP/1.1" 200 4804
201.245.192.253 - - [02/Jan/2024:15:06:23 -0500] "GET /appsia/scripts/validarIngreso.js HTTP/1.1" 200 851
201.245.192.253 - - [02/Jan/2024:15:06:23 -0500] "GET /appsia/images/logo_bogota_p.png HTTP/1.1" 200 14951
201.245.192.253 - - [02/Jan/2024:15:06:23 -0500] "GET /appsia/images/cabezoteHojaVida.png HTTP/1.1" 200 32493
201.245.192.253 - - [02/Jan/2024:15:06:23 -0500] "GET /favicon.ico HTTP/1.1" 200 7782
191.156.45.138 - - [02/Jan/2024:15:06:22 -0500] "POST /sipse/faces/presentacion/financiero/solicitudProceso/consultar.xhtml HTTP/1.1" 200 35419
191.156.45.138 - - [02/Jan/2024:15:06:26 -0500] "POST /sipse/faces/presentacion/financiero/solicitudProceso/consultar.xhtml HTTP/1.1" 200 35419
201.245.192.253 - - [02/Jan/2024:15:06:30 -0500] "POST /appsia/controlador HTTP/1.1" 200 5437
191.156.45.138 - - [02/Jan/2024:15:06:30 -0500] "POST /sipse/faces/presentacion/financiero/solicitudProceso/consultar.xhtml HTTP/1.1" 200 35419
191.156.45.138 - - [02/Jan/2024:15:06:32 -0500] "POST /sipse/faces/presentacion/financiero/solicitudProceso/consultar.xhtml HTTP/1.1" 200 35419
201.245.192.253 - - [02/Jan/2024:15:06:35 -0500] "POST /appsia/controlador HTTP/1.1" 200 7734
191.156.45.138 - - [02/Jan/2024:15:06:33 -0500] "POST /sipse/faces/presentacion/financiero/solicitudProceso/consultar.xhtml HTTP/1.1" 200 35419
191.156.45.138 - - [02/Jan/2024:15:06:35 -0500] "POST /sipse/faces/presentacion/financiero/solicitudProceso/consultar.xhtml HTTP/1.1" 200 35419
191.156.45.138 - - [02/Jan/2024:15:06:37 -0500] "POST /sipse/faces/presentacion/financiero/solicitudProceso/consultar.xhtml HTTP/1.1" 200 35419
8.242.188.130 - - [02/Jan/2024:15:06:39 -0500] "POST /sipse/faces/presentacion/financiero/solicitudProceso/consultarSolicitudProceso.xhtml HTTP/1.1" 200 47515
8.242.188.130 - - [02/Jan/2024:15:06:39 -0500] "GET /sipse/faces/javax.faces.resource/theme.css?ln=primefaces-sipse HTTP/1.1" 304 -
8.242.188.130 - - [02/Jan/2024:15:06:40 -0500] "GET /sipse/faces/javax.faces.resource/jquery/jquery.js?ln=primefaces&v=4.0 HTTP/1.1" 304 -
8.242.188.130 - - [02/Jan/2024:15:06:40 -0500] "GET /sipse/faces/javax.faces.resource/primefaces.js?ln=primefaces&v=4.0 HTTP/1.1" 304 -
8.242.188.130 - - [02/Jan/2024:15:06:40 -0500] "GET /sipse/faces/javax.faces.resource/layout/layout.js?ln=primefaces&v=4.0 HTTP/1.1" 304 -
8.242.188.130 - - [02/Jan/2024:15:06:40 -0500] "GET /sipse/faces/javax.faces.resource/jquery/jquery-plugins.js?ln=primefaces&v=4.0 HTTP/1.1" 304 -
8.242.188.130 - - [02/Jan/2024:15:06:40 -0500] "GET /sipse/faces/javax.faces.resource/primefaces.css?ln=primefaces&v=4.0 HTTP/1.1" 304 -
8.242.188.130 - - [02/Jan/2024:15:06:40 -0500] "GET /sipse/faces/javax.faces.resource/layout/layout.css?ln=primefaces&v=4.0 HTTP/1.1" 304 -
8.242.188.130 - - [02/Jan/2024:15:06:40 -0500] "GET /sipse/faces/javax.faces.resource/images/ui-icons_898989_256x240.png?ln=primefaces-aristo HTTP/1.1" 304 -
191.156.45.138 - - [02/Jan/2024:15:06:39 -0500] "POST /sipse/faces/presentacion/financiero/solicitudProceso/consultar.xhtml HTTP/1.1" 200 35419
8.242.188.130 - - [02/Jan/2024:15:06:41 -0500] "GET /sipse/faces/javax.faces.resource/images/ui-bg_flat_0_2d5972_40x100.png?ln=primefaces-aristo HTTP/1.1" 304 -
8.242.188.130 - - [02/Jan/2024:15:06:41 -0500] "POST /sipse/faces/presentacion/financiero/solicitudProceso/consultar.xhtml HTTP/1.1" 200 23077
156.59.198.135 - - [02/Jan/2024:15:06:42 -0500] "GET /BLA/resoluciones/RESOLUCIONES%202011/4360.pdf HTTP/1.0" 200 630564
8.242.188.130 - - [02/Jan/2024:15:06:44 -0500] "POST /sipse/faces/presentacion/financiero/solicitudProceso/consultar.xhtml HTTP/1.1" 200 12920
191.156.45.138 - - [02/Jan/2024:15:06:42 -0500] "POST /sipse/faces/presentacion/financiero/solicitudProceso/consultar.xhtml HTTP/1.1" 200 35419
40.77.167.54 - - [02/Jan/2024:15:06:45 -0500] "GET /Publicaciones/2023EE300483.pdf HTTP/1.1" 404 228
201.245.192.253 - - [02/Jan/2024:15:06:47 -0500] "POST /appsia/controlador HTTP/1.1" 200 5437
8.242.188.130 - - [02/Jan/2024:15:06:46 -0500] "POST /sipse/faces/presentacion/financiero/solicitudProceso/consultar.xhtml HTTP/1.1" 200 123165
191.156.45.138 - - [02/Jan/2024:15:06:47 -0500] "POST /sipse/faces/presentacion/financiero/solicitudProceso/consultar.xhtml HTTP/1.1" 200 35419
8.242.188.130 - - [02/Jan/2024:15:06:48 -0500] "GET /sipse/faces/javax.faces.resource/jquery/jquery.js?ln=primefaces&v=4.0 HTTP/1.1" 304 -
8.242.188.130 - - [02/Jan/2024:15:06:48 -0500] "GET /sipse/faces/javax.faces.resource/jquery/jquery-plugins.js?ln=primefaces&v=4.0 HTTP/1.1" 304 -
8.242.188.130 - - [02/Jan/2024:15:06:48 -0500] "GET /sipse/faces/javax.faces.resource/primefaces.js?ln=primefaces&v=4.0 HTTP/1.1" 304 -
8.242.188.130 - - [02/Jan/2024:15:06:48 -0500] "GET /sipse/faces/javax.faces.resource/layout/layout.js?ln=primefaces&v=4.0 HTTP/1.1" 304 -
191.156.45.138 - - [02/Jan/2024:15:06:49 -0500] "POST /sipse/faces/presentacion/financiero/solicitudProceso/consultar.xhtml HTTP/1.1" 200 35419
172.22.2.4 - - [02/Jan/2024:15:05:11 -0500] "HEAD /BLA/boletinlegal/ HTTP/1.1" 200 -
201.245.192.253 - - [02/Jan/2024:15:06:53 -0500] "POST /appsia/controlador HTTP/1.1" 200 7732
201.245.192.253 - - [02/Jan/2024:15:06:53 -0500] "GET /appsia/images/logo_escudo.png HTTP/1.1" 200 36965
191.156.45.138 - - [02/Jan/2024:15:06:51 -0500] "POST /sipse/faces/presentacion/financiero/solicitudProceso/consultar.xhtml HTTP/1.1" 200 35419
191.156.45.138 - - [02/Jan/2024:15:06:55 -0500] "POST /sipse/faces/presentacion/financiero/solicitudProceso/consultar.xhtml HTTP/1.1" 200 35419
172.22.2.4 - - [02/Jan/2024:15:06:57 -0500] "GET /BLA/boletinlegal/jurisprudencia.php HTTP/1.1" 200 17583
172.22.2.4 - - [02/Jan/2024:15:07:00 -0500] "GET /BLA/boletinlegal/documentos-importantes.php HTTP/1.1" 200 4829
172.22.2.4 - - [02/Jan/2024:15:07:02 -0500] "GET /BLA/boletinlegal/normativa.php HTTP/1.1" 200 8343
172.22.2.4 - - [02/Jan/2024:15:07:04 -0500] "GET /BLA/boletinlegal/doctrina.php HTTP/1.1" 200 5614
191.156.45.138 - - [02/Jan/2024:15:07:06 -0500] "POST /sipse/faces/presentacion/financiero/solicitudProceso/consultar.xhtml HTTP/1.1" 200 12834
172.22.2.4 - - [02/Jan/2024:15:07:06 -0500] "GET /BLA/boletinlegal/conceptos.php HTTP/1.1" 200 7496
156.59.198.135 - - [02/Jan/2024:15:07:06 -0500] "GET /BLA/resoluciones/RESOLUCIONES%202011/6811.pdf HTTP/1.0" 200 342282
172.22.2.4 - - [02/Jan/2024:15:07:08 -0500] "GET /BLA/boletinlegal/sugerencias.php HTTP/1.1" 200 8615
172.22.2.4 - - [02/Jan/2024:15:07:10 -0500] "GET /BLA/boletinlegal/actos.php HTTP/1.1" 200 9648
191.156.45.138 - - [02/Jan/2024:15:07:09 -0500] "POST /sipse/faces/presentacion/financiero/solicitudProceso/consultar.xhtml HTTP/1.1" 200 152238
191.156.45.138 - - [02/Jan/2024:15:07:15 -0500] "GET /sipse/faces/javax.faces.resource/theme.css?ln=primefaces-sipse HTTP/1.1" 304 -
191.156.34.17 - - [02/Jan/2024:15:07:16 -0500] "GET /sipse/faces/javax.faces.resource/primefaces.css?ln=primefaces&v=4.0 HTTP/1.1" 304 -
191.156.35.23 - - [02/Jan/2024:15:07:16 -0500] "GET /sipse/faces/javax.faces.resource/jquery/jquery.js?ln=primefaces&v=4.0 HTTP/1.1" 304 -
191.156.45.138 - - [02/Jan/2024:15:07:16 -0500] "GET /sipse/faces/javax.faces.resource/layout/layout.css?ln=primefaces&v=4.0 HTTP/1.1" 304 -
