186.84.91.103 - - [02/Jan/2024:16:36:56 -0500] "GET /BLA/resoluciones/dlf/folder.png HTTP/1.1" 200 410
186.84.91.103 - - [02/Jan/2024:16:36:56 -0500] "GET /BLA/resoluciones/dlf/bg.gif HTTP/1.1" 200 54
186.84.91.103 - - [02/Jan/2024:16:36:56 -0500] "GET /favicon.ico HTTP/1.1" 200 7782
156.59.198.136 - - [02/Jan/2024:16:36:56 -0500] "GET /BLA/resoluciones/RESOLUCIONES%202011/5459.pdf HTTP/1.0" 200 590922
186.84.91.103 - - [02/Jan/2024:16:37:00 -0500] "GET /BLA/resoluciones/dlf/pdf.gif HTTP/1.1" 200 272
186.84.91.103 - - [02/Jan/2024:16:37:00 -0500] "GET /BLA/resoluciones/dlf/dirup.png HTTP/1.1" 200 644
186.84.91.103 - - [02/Jan/2024:16:37:00 -0500] "GET /BLA/resoluciones/dlf/archive.png HTTP/1.1" 200 632
186.84.91.103 - - [02/Jan/2024:16:37:00 -0500] "GET /BLA/resoluciones/index.php?dir=RESOLUCIONES+2019%2F HTTP/1.1" 200 262433
186.84.91.103 - - [02/Jan/2024:16:37:06 -0500] "GET /BLA/resoluciones/RESOLUCIONES%202019/3112.pdf HTTP/1.1" 200 676599
200.118.16.147 - - [02/Jan/2024:16:37:06 -0500] "POST /sipse/faces/autenticacion.xhtml HTTP/1.1" 200 2254
156.59.198.135 - - [02/Jan/2024:16:37:20 -0500] "GET /BLA/resoluciones/RESOLUCIONES%202011/7134.pdf HTTP/1.0" 200 1045562
201.245.192.253 - - [02/Jan/2024:16:37:22 -0500] "GET /sipse/faces/index.xhtml HTTP/1.1" 200 677
201.245.192.253 - - [02/Jan/2024:16:37:22 -0500] "GET /sipse/faces/javax.faces.resource/theme.css?ln=primefaces-sipse HTTP/1.1" 304 -
201.245.192.253 - - [02/Jan/2024:16:37:22 -0500] "GET /sipse/faces/faces/autenticacion.xhtml HTTP/1.1" 200 12409
201.245.192.253 - - [02/Jan/2024:16:37:22 -0500] "GET /sipse/faces/javax.faces.resource/theme.css?ln=primefaces-sipse HTTP/1.1" 304 -
201.245.192.253 - - [02/Jan/2024:16:37:22 -0500] "GET /sipse/faces/javax.faces.resource/layout/layout.css?ln=primefaces&v=4.0 HTTP/1.1" 304 -
201.245.192.253 - - [02/Jan/2024:16:37:22 -0500] "GET /sipse/faces/javax.faces.resource/primefaces.css?ln=primefaces&v=4.0 HTTP/1.1" 304 -
201.245.192.253 - - [02/Jan/2024:16:37:22 -0500] "GET /sipse/faces/javax.faces.resource/jquery/jquery.js?ln=primefaces&v=4.0 HTTP/1.1" 304 -
201.245.192.253 - - [02/Jan/2024:16:37:22 -0500] "GET /sipse/faces/javax.faces.resource/jquery/jquery-plugins.js?ln=primefaces&v=4.0 HTTP/1.1" 304 -
201.245.192.253 - - [02/Jan/2024:16:37:22 -0500] "GET /sipse/faces/javax.faces.resource/primefaces.js?ln=primefaces&v=4.0 HTTP/1.1" 304 -
201.245.192.253 - - [02/Jan/2024:16:37:22 -0500] "GET /sipse/faces/javax.faces.resource/layout/layout.js?ln=primefaces&v=4.0 HTTP/1.1" 304 -
201.245.192.253 - - [02/Jan/2024:16:37:22 -0500] "GET /sipse/faces/javax.faces.resource/images/ui-icons_898989_256x240.png?ln=primefaces-aristo HTTP/1.1" 304 -
201.245.192.253 - - [02/Jan/2024:16:37:25 -0500] "POST /sipse/faces/autenticacion.xhtml HTTP/1.1" 200 11432
201.245.192.253 - - [02/Jan/2024:16:37:25 -0500] "GET /sipse/faces/javax.faces.resource/layout/layout.css?ln=primefaces&v=4.0 HTTP/1.1" 304 -
201.245.192.253 - - [02/Jan/2024:16:37:25 -0500] "GET /sipse/faces/javax.faces.resource/primefaces.css?ln=primefaces&v=4.0 HTTP/1.1" 304 -
201.245.192.253 - - [02/Jan/2024:16:37:25 -0500] "GET /sipse/faces/javax.faces.resource/theme.css?ln=primefaces-sipse HTTP/1.1" 304 -
201.245.192.253 - - [02/Jan/2024:16:37:25 -0500] "GET /sipse/faces/javax.faces.resource/jquery/jquery.js?ln=primefaces&v=4.0 HTTP/1.1" 304 -
201.245.192.253 - - [02/Jan/2024:16:37:25 -0500] "GET /sipse/faces/javax.faces.resource/jquery/jquery-plugins.js?ln=primefaces&v=4.0 HTTP/1.1" 304 -
201.245.192.253 - - [02/Jan/2024:16:37:25 -0500] "GET /sipse/faces/javax.faces.resource/primefaces.js?ln=primefaces&v=4.0 HTTP/1.1" 304 -
201.245.192.253 - - [02/Jan/2024:16:37:25 -0500] "GET /sipse/faces/javax.faces.resource/layout/layout.js?ln=primefaces&v=4.0 HTTP/1.1" 304 -
201.245.192.253 - - [02/Jan/2024:16:37:25 -0500] "GET /sipse/faces/javax.faces.resource/messages/messages.png?ln=primefaces&v=4.0 HTTP/1.1" 304 -
172.22.2.4 - - [02/Jan/2024:16:37:26 -0500] "GET /BLA/boletinlegal/Circulares/2019/.pdf HTTP/1.1" 404 1218
201.245.192.253 - - [02/Jan/2024:16:37:27 -0500] "POST /sipse/faces/presentacion/sistema/seguridad/seleccionRol.xhtml HTTP/1.1" 200 5801
201.245.192.253 - - [02/Jan/2024:16:37:28 -0500] "POST /sipse/faces/presentacion/sistema/seguridad/seleccionRol.xhtml HTTP/1.1" 200 16456
201.245.192.253 - - [02/Jan/2024:16:37:28 -0500] "GET /sipse/faces/javax.faces.resource/primefaces.css?ln=primefaces&v=4.0 HTTP/1.1" 304 -
201.245.192.253 - - [02/Jan/2024:16:37:28 -0500] "GET /sipse/faces/javax.faces.resource/jquery/jquery.js?ln=primefaces&v=4.0 HTTP/1.1" 304 -
201.245.192.253 - - [02/Jan/2024:16:37:28 -0500] "GET /sipse/faces/javax.faces.resource/theme.css?ln=primefaces-sipse HTTP/1.1" 304 -
201.245.192.253 - - [02/Jan/2024:16:37:28 -0500] "GET /sipse/faces/javax.faces.resource/layout/layout.css?ln=primefaces&v=4.0 HTTP/1.1" 304 -
201.245.192.253 - - [02/Jan/2024:16:37:28 -0500] "GET /sipse/faces/javax.faces.resource/jquery/jquery-plugins.js?ln=primefaces&v=4.0 HTTP/1.1" 304 -
201.245.192.253 - - [02/Jan/2024:16:37:28 -0500] "GET /sipse/faces/javax.faces.resource/primefaces.js?ln=primefaces&v=4.0 HTTP/1.1" 304 -
201.245.192.253 - - [02/Jan/2024:16:37:28 -0500] "GET /sipse/faces/javax.faces.resource/layout/layout.js?ln=primefaces&v=4.0 HTTP/1.1" 304 -
201.245.192.253 - - [02/Jan/2024:16:37:28 -0500] "GET /sipse/css/imagen/contrasena.png HTTP/1.1" 404 383
201.245.192.253 - - [02/Jan/2024:16:37:32 -0500] "GET /sipse/faces/javax.faces.resource/images/ui-bg_flat_0_2d5972_40x100.png?ln=primefaces-aristo HTTP/1.1" 304 -
201.245.192.253 - - [02/Jan/2024:16:37:32 -0500] "POST /sipse/faces/bienvenido.xhtml HTTP/1.1" 200 1473
201.245.192.253 - - [02/Jan/2024:16:37:32 -0500] "POST /sipse/faces/bienvenido.xhtml HTTP/1.1" 200 38495
201.245.192.253 - - [02/Jan/2024:16:37:33 -0500] "GET /sipse/faces/javax.faces.resource/layout/layout.css?ln=primefaces&v=4.0 HTTP/1.1" 304 -
201.245.192.253 - - [02/Jan/2024:16:37:33 -0500] "GET /sipse/faces/javax.faces.resource/theme.css?ln=primefaces-sipse HTTP/1.1" 304 -
201.245.192.253 - - [02/Jan/2024:16:37:33 -0500] "GET /sipse/faces/javax.faces.resource/primefaces.css?ln=primefaces&v=4.0 HTTP/1.1" 304 -
201.245.192.253 - - [02/Jan/2024:16:37:33 -0500] "GET /sipse/faces/javax.faces.resource/jquery/jquery.js?ln=primefaces&v=4.0 HTTP/1.1" 304 -
201.245.192.253 - - [02/Jan/2024:16:37:33 -0500] "GET /sipse/faces/javax.faces.resource/jquery/jquery-plugins.js?ln=primefaces&v=4.0 HTTP/1.1" 304 -
201.245.192.253 - - [02/Jan/2024:16:37:33 -0500] "GET /sipse/faces/javax.faces.resource/primefaces.js?ln=primefaces&v=4.0 HTTP/1.1" 304 -
201.245.192.253 - - [02/Jan/2024:16:37:33 -0500] "GET /sipse/faces/javax.faces.resource/layout/layout.js?ln=primefaces&v=4.0 HTTP/1.1" 304 -
200.118.16.147 - - [02/Jan/2024:16:37:35 -0500] "POST /sipse/faces/autenticacion.xhtml HTTP/1.1" 200 2250
200.118.16.147 - - [02/Jan/2024:16:37:35 -0500] "POST /sipse/faces/autenticacion.xhtml HTTP/1.1" 200 2254
201.245.192.253 - - [02/Jan/2024:16:37:36 -0500] "POST /sipse/faces/presentacion/financiero/solicitudProceso/consultar.xhtml HTTP/1.1" 200 12835
156.59.198.135 - - [02/Jan/2024:16:37:44 -0500] "GET /BLA/resoluciones/RESOLUCIONES%202011/3964.pdf HTTP/1.0" 200 781028
201.245.192.253 - - [02/Jan/2024:16:37:56 -0500] "POST /sipse/faces/presentacion/financiero/solicitudProceso/consultar.xhtml HTTP/1.1" 200 12864
156.59.198.135 - - [02/Jan/2024:16:38:08 -0500] "GET /BLA/resoluciones/RESOLUCIONES%202011/2206.pdf HTTP/1.0" 200 752082
201.245.192.253 - - [02/Jan/2024:16:38:12 -0500] "POST /sipse/faces/presentacion/financiero/solicitudProceso/consultar.xhtml HTTP/1.1" 200 12986
191.156.181.214 - - [02/Jan/2024:16:38:13 -0500] "POST /sipse/faces/presentacion/financiero/solicitudProceso/consultarSolicitudProceso.xhtml HTTP/1.1" 200 42078
191.156.181.214 - - [02/Jan/2024:16:38:13 -0500] "GET /sipse/faces/javax.faces.resource/theme.css?ln=primefaces-sipse HTTP/1.1" 304 -
191.156.177.200 - - [02/Jan/2024:16:38:13 -0500] "GET /sipse/faces/javax.faces.resource/primefaces.css?ln=primefaces&v=4.0 HTTP/1.1" 304 -
191.156.186.5 - - [02/Jan/2024:16:38:13 -0500] "GET /sipse/faces/javax.faces.resource/jquery/jquery.js?ln=primefaces&v=4.0 HTTP/1.1" 304 -
191.156.181.214 - - [02/Jan/2024:16:38:13 -0500] "GET /sipse/faces/javax.faces.resource/layout/layout.css?ln=primefaces&v=4.0 HTTP/1.1" 304 -
191.156.177.200 - - [02/Jan/2024:16:38:13 -0500] "GET /sipse/faces/javax.faces.resource/jquery/jquery-plugins.js?ln=primefaces&v=4.0 HTTP/1.1" 304 -
191.156.177.200 - - [02/Jan/2024:16:38:13 -0500] "GET /sipse/faces/javax.faces.resource/primefaces.js?ln=primefaces&v=4.0 HTTP/1.1" 304 -
191.156.177.200 - - [02/Jan/2024:16:38:13 -0500] "GET /sipse/faces/javax.faces.resource/layout/layout.js?ln=primefaces&v=4.0 HTTP/1.1" 304 -
191.156.177.200 - - [02/Jan/2024:16:38:14 -0500] "POST /sipse/faces/presentacion/financiero/solicitudProceso/consultar.xhtml HTTP/1.1" 200 35372
191.156.177.200 - - [02/Jan/2024:16:38:14 -0500] "POST /sipse/faces/presentacion/financiero/solicitudProceso/consultar.xhtml HTTP/1.1" 200 35372
191.156.177.200 - - [02/Jan/2024:16:38:16 -0500] "POST /sipse/faces/presentacion/financiero/solicitudProceso/consultar.xhtml HTTP/1.1" 200 12751
191.156.177.200 - - [02/Jan/2024:16:38:18 -0500] "POST /sipse/faces/presentacion/financiero/solicitudProceso/consultar.xhtml HTTP/1.1" 200 118333
191.156.186.5 - - [02/Jan/2024:16:38:19 -0500] "GET /sipse/faces/javax.faces.resource/layout/layout.css?ln=primefaces&v=4.0 HTTP/1.1" 304 -
191.156.181.214 - - [02/Jan/2024:16:38:19 -0500] "GET /sipse/faces/javax.faces.resource/primefaces.css?ln=primefaces&v=4.0 HTTP/1.1" 304 -
191.156.177.200 - - [02/Jan/2024:16:38:19 -0500] "GET /sipse/faces/javax.faces.resource/theme.css?ln=primefaces-sipse HTTP/1.1" 304 -
191.156.186.138 - - [02/Jan/2024:16:38:19 -0500] "GET /sipse/faces/javax.faces.resource/jquery/jquery.js?ln=primefaces&v=4.0 HTTP/1.1" 304 -
191.156.186.138 - - [02/Jan/2024:16:38:20 -0500] "GET /sipse/faces/javax.faces.resource/jquery/jquery-plugins.js?ln=primefaces&v=4.0 HTTP/1.1" 304 -
191.156.186.138 - - [02/Jan/2024:16:38:20 -0500] "GET /sipse/faces/javax.faces.resource/primefaces.js?ln=primefaces&v=4.0 HTTP/1.1" 304 -
191.156.186.138 - - [02/Jan/2024:16:38:20 -0500] "GET /sipse/faces/javax.faces.resource/layout/layout.js?ln=primefaces&v=4.0 HTTP/1.1" 304 -
173.252.95.6 - - [02/Jan/2024:16:38:21 -0500] "GET /mujeres-que-reverdecen-secretaria-de-ambiente-anuncia-el-inicio-de-la-tercera-fase.html HTTP/1.1" 200 954
201.245.192.253 - - [02/Jan/2024:16:38:22 -0500] "POST /sipse/faces/presentacion/financiero/solicitudProceso/consultar.xhtml HTTP/1.1" 200 12975
191.156.186.138 - - [02/Jan/2024:16:38:26 -0500] "POST /sipse/faces/presentacion/financiero/solicitudProceso/consultarSolicitudProceso.xhtml HTTP/1.1" 200 131695
201.245.192.253 - - [02/Jan/2024:16:38:27 -0500] "POST /sipse/faces/presentacion/financiero/solicitudProceso/consultar.xhtml HTTP/1.1" 200 150436
201.245.192.253 - - [02/Jan/2024:16:38:28 -0500] "GET /sipse/faces/javax.faces.resource/theme.css?ln=primefaces-sipse HTTP/1.1" 304 -
201.245.192.253 - - [02/Jan/2024:16:38:28 -0500] "GET /sipse/faces/javax.faces.resource/layout/layout.css?ln=primefaces&v=4.0 HTTP/1.1" 304 -
201.245.192.253 - - [02/Jan/2024:16:38:28 -0500] "GET /sipse/faces/javax.faces.resource/primefaces.css?ln=primefaces&v=4.0 HTTP/1.1" 304 -
201.245.192.253 - - [02/Jan/2024:16:38:28 -0500] "GET /sipse/faces/javax.faces.resource/jquery/jquery.js?ln=primefaces&v=4.0 HTTP/1.1" 304 -
201.245.192.253 - - [02/Jan/2024:16:38:28 -0500] "GET /sipse/faces/javax.faces.resource/jquery/jquery-plugins.js?ln=primefaces&v=4.0 HTTP/1.1" 304 -
201.245.192.253 - - [02/Jan/2024:16:38:28 -0500] "GET /sipse/faces/javax.faces.resource/primefaces.js?ln=primefaces&v=4.0 HTTP/1.1" 304 -
201.245.192.253 - - [02/Jan/2024:16:38:28 -0500] "GET /sipse/faces/javax.faces.resource/layout/layout.js?ln=primefaces&v=4.0 HTTP/1.1" 304 -
156.59.198.136 - - [02/Jan/2024:16:38:32 -0500] "GET /BLA/resoluciones/RESOLUCIONES%202011/5252.pdf HTTP/1.0" 200 549706
201.245.192.253 - - [02/Jan/2024:16:38:32 -0500] "POST /sipse/faces/presentacion/financiero/solicitudProceso/consultarSolicitudProceso.xhtml HTTP/1.1" 200 41582
201.245.192.253 - - [02/Jan/2024:16:38:33 -0500] "GET /sipse/faces/javax.faces.resource/primefaces.css?ln=primefaces&v=4.0 HTTP/1.1" 304 -
201.245.192.253 - - [02/Jan/2024:16:38:33 -0500] "GET /sipse/faces/javax.faces.resource/theme.css?ln=primefaces-sipse HTTP/1.1" 304 -
201.245.192.253 - - [02/Jan/2024:16:38:33 -0500] "GET /sipse/faces/javax.faces.resource/layout/layout.css?ln=primefaces&v=4.0 HTTP/1.1" 304 -
201.245.192.253 - - [02/Jan/2024:16:38:33 -0500] "GET /sipse/faces/javax.faces.resource/jquery/jquery.js?ln=primefaces&v=4.0 HTTP/1.1" 304 -
201.245.192.253 - - [02/Jan/2024:16:38:33 -0500] "GET /sipse/faces/javax.faces.resource/primefaces.js?ln=primefaces&v=4.0 HTTP/1.1" 304 -
201.245.192.253 - - [02/Jan/2024:16:38:33 -0500] "GET /sipse/faces/javax.faces.resource/jquery/jquery-plugins.js?ln=primefaces&v=4.0 HTTP/1.1" 304 -
201.245.192.253 - - [02/Jan/2024:16:38:33 -0500] "GET /sipse/faces/javax.faces.resource/layout/layout.js?ln=primefaces&v=4.0 HTTP/1.1" 304 -
201.245.192.253 - - [02/Jan/2024:16:38:38 -0500] "POST /kwsrmcab/Wsrmcab  HTTP/1.1" 200 40636
191.156.186.138 - - [02/Jan/2024:16:38:31 -0500] "POST /sipse/faces/presentacion/financiero/solicitudProceso/consultarSolicitudProceso.xhtml HTTP/1.1" 200 966112
156.59.198.136 - - [02/Jan/2024:16:38:57 -0500] "GET /BLA/resoluciones/RESOLUCIONES%202011/5330.pdf HTTP/1.0" 200 537690
156.59.198.136 - - [02/Jan/2024:16:39:22 -0500] "GET /BLA/resoluciones/RESOLUCIONES%202011/6841.PDF HTTP/1.0" 200 72879
201.245.192.253 - - [02/Jan/2024:16:39:32 -0500] "POST /sipse/faces/presentacion/financiero/solicitudProceso/consultarHistorialSolProceso.xhtml HTTP/1.1" 200 41687
201.245.192.253 - - [02/Jan/2024:16:39:32 -0500] "GET /sipse/faces/javax.faces.resource/theme.css?ln=primefaces-sipse HTTP/1.1" 304 -
201.245.192.253 - - [02/Jan/2024:16:39:32 -0500] "GET /sipse/faces/javax.faces.resource/primefaces.css?ln=primefaces&v=4.0 HTTP/1.1" 304 -
201.245.192.253 - - [02/Jan/2024:16:39:32 -0500] "GET /sipse/faces/javax.faces.resource/layout/layout.css?ln=primefaces&v=4.0 HTTP/1.1" 304 -
201.245.192.253 - - [02/Jan/2024:16:39:32 -0500] "GET /sipse/faces/javax.faces.resource/jquery/jquery.js?ln=primefaces&v=4.0 HTTP/1.1" 304 -
201.245.192.253 - - [02/Jan/2024:16:39:32 -0500] "GET /sipse/faces/javax.faces.resource/jquery/jquery-plugins.js?ln=primefaces&v=4.0 HTTP/1.1" 304 -
201.245.192.253 - - [02/Jan/2024:16:39:32 -0500] "GET /sipse/faces/javax.faces.resource/primefaces.js?ln=primefaces&v=4.0 HTTP/1.1" 304 -
201.245.192.253 - - [02/Jan/2024:16:39:32 -0500] "GET /sipse/faces/javax.faces.resource/layout/layout.js?ln=primefaces&v=4.0 HTTP/1.1" 304 -
201.245.192.253 - - [02/Jan/2024:16:39:38 -0500] "POST /sipse/faces/presentacion/financiero/solicitudProceso/consultar.xhtml HTTP/1.1" 200 12820
201.245.192.253 - - [02/Jan/2024:16:39:40 -0500] "POST /kwsrmcab/Wsrmcab HTTP/1.1" 200 41391
156.59.198.136 - - [02/Jan/2024:16:39:45 -0500] "GET /BLA/resoluciones/RESOLUCIONES%202011/5565.pdf HTTP/1.0" 200 717946
200.118.16.147 - - [02/Jan/2024:16:39:45 -0500] "POST /sipse/faces/autenticacion.xhtml HTTP/1.1" 200 2250
200.118.16.147 - - [02/Jan/2024:16:39:46 -0500] "POST /sipse/faces/autenticacion.xhtml HTTP/1.1" 200 2254
201.245.192.253 - - [02/Jan/2024:16:39:44 -0500] "POST /kwsrmcab/Wsrmcab HTTP/1.1" 200 34858
201.245.192.253 - - [02/Jan/2024:16:39:48 -0500] "POST /sipse/faces/presentacion/financiero/solicitudProceso/consultar.xhtml HTTP/1.1" 200 12830
201.245.192.253 - - [02/Jan/2024:16:39:49 -0500] "POST /sipse/faces/presentacion/financiero/solicitudProceso/consultar.xhtml HTTP/1.1" 200 152355
201.245.192.253 - - [02/Jan/2024:16:39:50 -0500] "GET /sipse/faces/javax.faces.resource/theme.css?ln=primefaces-sipse HTTP/1.1" 304 -
201.245.192.253 - - [02/Jan/2024:16:39:50 -0500] "GET /sipse/faces/javax.faces.resource/layout/layout.css?ln=primefaces&v=4.0 HTTP/1.1" 304 -
201.245.192.253 - - [02/Jan/2024:16:39:50 -0500] "GET /sipse/faces/javax.faces.resource/primefaces.css?ln=primefaces&v=4.0 HTTP/1.1" 304 -
201.245.192.253 - - [02/Jan/2024:16:39:50 -0500] "GET /sipse/faces/javax.faces.resource/jquery/jquery.js?ln=primefaces&v=4.0 HTTP/1.1" 304 -
201.245.192.253 - - [02/Jan/2024:16:39:50 -0500] "GET /sipse/faces/javax.faces.resource/jquery/jquery-plugins.js?ln=primefaces&v=4.0 HTTP/1.1" 304 -
201.245.192.253 - - [02/Jan/2024:16:39:50 -0500] "GET /sipse/faces/javax.faces.resource/primefaces.js?ln=primefaces&v=4.0 HTTP/1.1" 304 -
201.245.192.253 - - [02/Jan/2024:16:39:50 -0500] "GET /sipse/faces/javax.faces.resource/layout/layout.js?ln=primefaces&v=4.0 HTTP/1.1" 304 -
201.245.192.253 - - [02/Jan/2024:16:39:55 -0500] "POST /sipse/faces/presentacion/financiero/solicitudProceso/consultarSolicitudProceso.xhtml HTTP/1.1" 200 39280
201.245.192.253 - - [02/Jan/2024:16:39:55 -0500] "GET /sipse/faces/javax.faces.resource/theme.css?ln=primefaces-sipse HTTP/1.1" 304 -
201.245.192.253 - - [02/Jan/2024:16:39:55 -0500] "GET /sipse/faces/javax.faces.resource/primefaces.css?ln=primefaces&v=4.0 HTTP/1.1" 304 -
201.245.192.253 - - [02/Jan/2024:16:39:55 -0500] "GET /sipse/faces/javax.faces.resource/layout/layout.css?ln=primefaces&v=4.0 HTTP/1.1" 304 -
201.245.192.253 - - [02/Jan/2024:16:39:55 -0500] "GET /sipse/faces/javax.faces.resource/jquery/jquery.js?ln=primefaces&v=4.0 HTTP/1.1" 304 -
201.245.192.253 - - [02/Jan/2024:16:39:55 -0500] "GET /sipse/faces/javax.faces.resource/jquery/jquery-plugins.js?ln=primefaces&v=4.0 HTTP/1.1" 304 -
201.245.192.253 - - [02/Jan/2024:16:39:55 -0500] "GET /sipse/faces/javax.faces.resource/primefaces.js?ln=primefaces&v=4.0 HTTP/1.1" 304 -
201.245.192.253 - - [02/Jan/2024:16:39:55 -0500] "GET /sipse/faces/javax.faces.resource/layout/layout.js?ln=primefaces&v=4.0 HTTP/1.1" 304 -
201.245.192.253 - - [02/Jan/2024:16:40:07 -0500] "POST /sipse/faces/presentacion/financiero/solicitudProceso/consultarHistorialSolProceso.xhtml HTTP/1.1" 200 41542
201.245.192.253 - - [02/Jan/2024:16:40:07 -0500] "GET /sipse/faces/javax.faces.resource/layout/layout.css?ln=primefaces&v=4.0 HTTP/1.1" 304 -
201.245.192.253 - - [02/Jan/2024:16:40:07 -0500] "GET /sipse/faces/javax.faces.resource/theme.css?ln=primefaces-sipse HTTP/1.1" 304 -
201.245.192.253 - - [02/Jan/2024:16:40:07 -0500] "GET /sipse/faces/javax.faces.resource/primefaces.css?ln=primefaces&v=4.0 HTTP/1.1" 304 -
201.245.192.253 - - [02/Jan/2024:16:40:07 -0500] "GET /sipse/faces/javax.faces.resource/jquery/jquery.js?ln=primefaces&v=4.0 HTTP/1.1" 304 -
201.245.192.253 - - [02/Jan/2024:16:40:07 -0500] "GET /sipse/faces/javax.faces.resource/jquery/jquery-plugins.js?ln=primefaces&v=4.0 HTTP/1.1" 304 -
201.245.192.253 - - [02/Jan/2024:16:40:07 -0500] "GET /sipse/faces/javax.faces.resource/primefaces.js?ln=primefaces&v=4.0 HTTP/1.1" 304 -
201.245.192.253 - - [02/Jan/2024:16:40:07 -0500] "GET /sipse/faces/javax.faces.resource/layout/layout.js?ln=primefaces&v=4.0 HTTP/1.1" 304 -
156.59.198.135 - - [02/Jan/2024:16:40:09 -0500] "GET /BLA/resoluciones/RESOLUCIONES%202011/6125.pdf HTTP/1.0" 200 516465
201.245.192.253 - - [02/Jan/2024:16:40:10 -0500] "POST /sipse/faces/presentacion/financiero/solicitudProceso/consultar.xhtml HTTP/1.1" 200 12874
172.22.2.4 - - [02/Jan/2024:16:38:31 -0500] "HEAD /BLA/boletinlegal/ HTTP/1.1" 200 -
201.245.192.253 - - [02/Jan/2024:16:40:12 -0500] "POST /sipse/faces/presentacion/financiero/solicitudProceso/consultar.xhtml HTTP/1.1" 200 187649
201.245.192.253 - - [02/Jan/2024:16:40:12 -0500] "GET /sipse/faces/javax.faces.resource/primefaces.css?ln=primefaces&v=4.0 HTTP/1.1" 304 -
201.245.192.253 - - [02/Jan/2024:16:40:12 -0500] "GET /sipse/faces/javax.faces.resource/theme.css?ln=primefaces-sipse HTTP/1.1" 304 -
201.245.192.253 - - [02/Jan/2024:16:40:12 -0500] "GET /sipse/faces/javax.faces.resource/layout/layout.css?ln=primefaces&v=4.0 HTTP/1.1" 304 -
201.245.192.253 - - [02/Jan/2024:16:40:12 -0500] "GET /sipse/faces/javax.faces.resource/jquery/jquery.js?ln=primefaces&v=4.0 HTTP/1.1" 304 -
201.245.192.253 - - [02/Jan/2024:16:40:12 -0500] "GET /sipse/faces/javax.faces.resource/jquery/jquery-plugins.js?ln=primefaces&v=4.0 HTTP/1.1" 304 -
201.245.192.253 - - [02/Jan/2024:16:40:12 -0500] "GET /sipse/faces/javax.faces.resource/primefaces.js?ln=primefaces&v=4.0 HTTP/1.1" 304 -
201.245.192.253 - - [02/Jan/2024:16:40:12 -0500] "GET /sipse/faces/javax.faces.resource/layout/layout.js?ln=primefaces&v=4.0 HTTP/1.1" 304 -
201.245.192.253 - - [02/Jan/2024:16:40:19 -0500] "POST /sipse/faces/presentacion/financiero/solicitudProceso/consultarSolicitudProceso.xhtml HTTP/1.1" 200 55090
201.245.192.253 - - [02/Jan/2024:16:40:20 -0500] "GET /sipse/faces/javax.faces.resource/primefaces.css?ln=primefaces&v=4.0 HTTP/1.1" 304 -
201.245.192.253 - - [02/Jan/2024:16:40:20 -0500] "GET /sipse/faces/javax.faces.resource/theme.css?ln=primefaces-sipse HTTP/1.1" 304 -
201.245.192.253 - - [02/Jan/2024:16:40:20 -0500] "GET /sipse/faces/javax.faces.resource/jquery/jquery.js?ln=primefaces&v=4.0 HTTP/1.1" 304 -
201.245.192.253 - - [02/Jan/2024:16:40:20 -0500] "GET /sipse/faces/javax.faces.resource/layout/layout.css?ln=primefaces&v=4.0 HTTP/1.1" 304 -
201.245.192.253 - - [02/Jan/2024:16:40:20 -0500] "GET /sipse/faces/javax.faces.resource/primefaces.js?ln=primefaces&v=4.0 HTTP/1.1" 304 -
201.245.192.253 - - [02/Jan/2024:16:40:20 -0500] "GET /sipse/faces/javax.faces.resource/jquery/jquery-plugins.js?ln=primefaces&v=4.0 HTTP/1.1" 304 -
201.245.192.253 - - [02/Jan/2024:16:40:20 -0500] "GET /sipse/faces/javax.faces.resource/layout/layout.js?ln=primefaces&v=4.0 HTTP/1.1" 304 -
156.59.198.135 - - [02/Jan/2024:16:40:34 -0500] "GET /BLA/resoluciones/RESOLUCIONES%202011/4376.pdf HTTP/1.0" 200 1063323
201.245.192.253 - - [02/Jan/2024:16:40:37 -0500] "POST /sipse/faces/presentacion/financiero/solicitudProceso/consultarHistorialSolProceso.xhtml HTTP/1.1" 200 41598
201.245.192.253 - - [02/Jan/2024:16:40:38 -0500] "GET /sipse/faces/javax.faces.resource/theme.css?ln=primefaces-sipse HTTP/1.1" 304 -
201.245.192.253 - - [02/Jan/2024:16:40:38 -0500] "GET /sipse/faces/javax.faces.resource/primefaces.css?ln=primefaces&v=4.0 HTTP/1.1" 304 -
201.245.192.253 - - [02/Jan/2024:16:40:38 -0500] "GET /sipse/faces/javax.faces.resource/layout/layout.css?ln=primefaces&v=4.0 HTTP/1.1" 304 -
201.245.192.253 - - [02/Jan/2024:16:40:38 -0500] "GET /sipse/faces/javax.faces.resource/jquery/jquery.js?ln=primefaces&v=4.0 HTTP/1.1" 304 -
201.245.192.253 - - [02/Jan/2024:16:40:38 -0500] "GET /sipse/faces/javax.faces.resource/jquery/jquery-plugins.js?ln=primefaces&v=4.0 HTTP/1.1" 304 -
201.245.192.253 - - [02/Jan/2024:16:40:38 -0500] "GET /sipse/faces/javax.faces.resource/primefaces.js?ln=primefaces&v=4.0 HTTP/1.1" 304 -
201.245.192.253 - - [02/Jan/2024:16:40:38 -0500] "GET /sipse/faces/javax.faces.resource/layout/layout.js?ln=primefaces&v=4.0 HTTP/1.1" 304 -
201.245.192.253 - - [02/Jan/2024:16:40:40 -0500] "POST /sipse/faces/presentacion/financiero/solicitudProceso/consultar.xhtml HTTP/1.1" 200 12765
201.245.192.253 - - [02/Jan/2024:16:40:42 -0500] "POST /sipse/faces/presentacion/financiero/solicitudProceso/consultar.xhtml HTTP/1.1" 200 152270
201.245.192.253 - - [02/Jan/2024:16:40:43 -0500] "GET /sipse/faces/javax.faces.resource/theme.css?ln=primefaces-sipse HTTP/1.1" 304 -
201.245.192.253 - - [02/Jan/2024:16:40:43 -0500] "GET /sipse/faces/javax.faces.resource/primefaces.css?ln=primefaces&v=4.0 HTTP/1.1" 304 -
201.245.192.253 - - [02/Jan/2024:16:40:43 -0500] "GET /sipse/faces/javax.faces.resource/layout/layout.css?ln=primefaces&v=4.0 HTTP/1.1" 304 -
201.245.192.253 - - [02/Jan/2024:16:40:43 -0500] "GET /sipse/faces/javax.faces.resource/jquery/jquery.js?ln=primefaces&v=4.0 HTTP/1.1" 304 -
201.245.192.253 - - [02/Jan/2024:16:40:43 -0500] "GET /sipse/faces/javax.faces.resource/jquery/jquery-plugins.js?ln=primefaces&v=4.0 HTTP/1.1" 304 -
201.245.192.253 - - [02/Jan/2024:16:40:43 -0500] "GET /sipse/faces/javax.faces.resource/primefaces.js?ln=primefaces&v=4.0 HTTP/1.1" 304 -
201.245.192.253 - - [02/Jan/2024:16:40:43 -0500] "GET /sipse/faces/javax.faces.resource/layout/layout.js?ln=primefaces&v=4.0 HTTP/1.1" 304 -
201.245.192.253 - - [02/Jan/2024:16:40:48 -0500] "POST /sipse/faces/presentacion/financiero/solicitudProceso/consultarSolicitudProceso.xhtml HTTP/1.1" 200 48948
201.245.192.253 - - [02/Jan/2024:16:40:49 -0500] "GET /sipse/faces/javax.faces.resource/layout/layout.css?ln=primefaces&v=4.0 HTTP/1.1" 304 -
201.245.192.253 - - [02/Jan/2024:16:40:49 -0500] "GET /sipse/faces/javax.faces.resource/primefaces.css?ln=primefaces&v=4.0 HTTP/1.1" 304 -
201.245.192.253 - - [02/Jan/2024:16:40:49 -0500] "GET /sipse/faces/javax.faces.resource/jquery/jquery-plugins.js?ln=primefaces&v=4.0 HTTP/1.1" 304 -
201.245.192.253 - - [02/Jan/2024:16:40:49 -0500] "GET /sipse/faces/javax.faces.resource/theme.css?ln=primefaces-sipse HTTP/1.1" 304 -
201.245.192.253 - - [02/Jan/2024:16:40:49 -0500] "GET /sipse/faces/javax.faces.resource/primefaces.js?ln=primefaces&v=4.0 HTTP/1.1" 304 -
201.245.192.253 - - [02/Jan/2024:16:40:49 -0500] "GET /sipse/faces/javax.faces.resource/jquery/jquery.js?ln=primefaces&v=4.0 HTTP/1.1" 304 -
201.245.192.253 - - [02/Jan/2024:16:40:49 -0500] "GET /sipse/faces/javax.faces.resource/layout/layout.js?ln=primefaces&v=4.0 HTTP/1.1" 304 -
216.245.221.92 - - [02/Jan/2024:16:40:51 -0500] "HEAD / HTTP/1.1" 200 -
156.59.198.135 - - [02/Jan/2024:16:40:57 -0500] "GET /BLA/resoluciones/RESOLUCIONES%202011/4395.pdf HTTP/1.0" 200 864663
201.245.192.253 - - [02/Jan/2024:16:40:58 -0500] "GET /sipse/faces/javax.faces.resource/primefaces.css?ln=primefaces&v=4.0 HTTP/1.1" 304 -
201.245.192.253 - - [02/Jan/2024:16:40:58 -0500] "GET /sipse/faces/javax.faces.resource/layout/layout.css?ln=primefaces&v=4.0 HTTP/1.1" 304 -
201.245.192.253 - - [02/Jan/2024:16:40:58 -0500] "GET /sipse/faces/javax.faces.resource/theme.css?ln=primefaces-sipse HTTP/1.1" 304 -
201.245.192.253 - - [02/Jan/2024:16:40:58 -0500] "GET /sipse/faces/javax.faces.resource/jquery/jquery-plugins.js?ln=primefaces&v=4.0 HTTP/1.1" 304 -
201.245.192.253 - - [02/Jan/2024:16:40:58 -0500] "GET /sipse/faces/javax.faces.resource/jquery/jquery.js?ln=primefaces&v=4.0 HTTP/1.1" 304 -
201.245.192.253 - - [02/Jan/2024:16:40:58 -0500] "GET /sipse/faces/javax.faces.resource/primefaces.js?ln=primefaces&v=4.0 HTTP/1.1" 304 -
201.245.192.253 - - [02/Jan/2024:16:40:58 -0500] "GET /sipse/faces/javax.faces.resource/layout/layout.js?ln=primefaces&v=4.0 HTTP/1.1" 304 -
201.245.192.253 - - [02/Jan/2024:16:40:57 -0500] "POST /sipse/faces/presentacion/financiero/solicitudProceso/consultarHistorialSolProceso.xhtml HTTP/1.1" 200 198064
172.22.2.4 - - [02/Jan/2024:16:39:21 -0500] "GET /BLA/boletinlegal/ HTTP/1.1" 200 60502
156.59.198.136 - - [02/Jan/2024:16:41:22 -0500] "GET /BLA/resoluciones/RESOLUCIONES%202011/5226.pdf HTTP/1.0" 200 634006
156.59.198.136 - - [02/Jan/2024:16:41:46 -0500] "GET /BLA/resoluciones/RESOLUCIONES%202011/4808.pdf HTTP/1.0" 200 1069729
66.249.66.19 - - [02/Jan/2024:16:42:09 -0500] "GET /BLA/resoluciones/RESOLUCIONES%202010/7034.pdf HTTP/1.1" 200 1311550
156.59.198.135 - - [02/Jan/2024:16:42:11 -0500] "GET /BLA/resoluciones/RESOLUCIONES%202011/5667.pdf HTTP/1.0" 200 620026
156.59.198.136 - - [02/Jan/2024:16:42:35 -0500] "GET /BLA/resoluciones/RESOLUCIONES%202011/5648.pdf HTTP/1.0" 200 656194
156.59.198.136 - - [02/Jan/2024:16:42:59 -0500] "GET /BLA/resoluciones/RESOLUCIONES%202011/4228.pdf HTTP/1.0" 200 538262
156.59.198.135 - - [02/Jan/2024:16:43:23 -0500] "GET /BLA/resoluciones/RESOLUCIONES%202011/6916.pdf HTTP/1.0" 200 387382
66.249.66.21 - - [02/Jan/2024:16:43:29 -0500] "GET /BLA/resoluciones/AUTOS%202008/1027.pdf HTTP/1.1" 200 165474
201.245.192.253 - - [02/Jan/2024:16:43:37 -0500] "POST /kwsrmcab/Wsrmcab  HTTP/1.1" 200 40636
156.59.198.136 - - [02/Jan/2024:16:43:48 -0500] "GET /BLA/resoluciones/RESOLUCIONES%202011/4320.pdf HTTP/1.0" 200 1497863
156.59.198.135 - - [02/Jan/2024:16:44:11 -0500] "GET /BLA/resoluciones/RESOLUCIONES%202011/4947.pdf HTTP/1.0" 200 358349
156.59.198.136 - - [02/Jan/2024:16:44:36 -0500] "GET /BLA/resoluciones/RESOLUCIONES%202011/6010.pdf HTTP/1.0" 200 1983212
172.22.2.4 - - [02/Jan/2024:16:44:10 -0500] "GET /BLA/boletinlegal/ HTTP/1.1" 200 24523
156.59.198.136 - - [02/Jan/2024:16:44:59 -0500] "GET /BLA/resoluciones/RESOLUCIONES%202011/2580.pdf HTTP/1.0" 200 760745
156.59.198.135 - - [02/Jan/2024:16:45:24 -0500] "GET /BLA/resoluciones/RESOLUCIONES%202011/5743.pdf HTTP/1.0" 200 900285
156.59.198.135 - - [02/Jan/2024:16:45:48 -0500] "GET /BLA/resoluciones/RESOLUCIONES%202011/4412.pdf HTTP/1.0" 200 951340
216.245.221.92 - - [02/Jan/2024:16:45:51 -0500] "HEAD / HTTP/1.1" 200 -
172.22.2.4 - - [02/Jan/2024:16:44:21 -0500] "HEAD /BLA/boletinlegal/ HTTP/1.1" 200 -
156.59.198.135 - - [02/Jan/2024:16:46:13 -0500] "GET /BLA/resoluciones/RESOLUCIONES%202011/3994.pdf HTTP/1.0" 200 486039
186.103.48.39 - - [02/Jan/2024:16:46:33 -0500] "POST /appsia/controlador HTTP/1.1" 200 3227
186.103.48.39 - - [02/Jan/2024:16:46:33 -0500] "GET /appsia/jscripts/validarSolicitud.js HTTP/1.1" 404 68
186.103.48.39 - - [02/Jan/2024:16:46:34 -0500] "POST /appsia/controlador HTTP/1.1" 200 4799
156.59.198.136 - - [02/Jan/2024:16:46:37 -0500] "GET /BLA/resoluciones/RESOLUCIONES%202011/2628.pdf HTTP/1.0" 200 747443
186.103.48.39 - - [02/Jan/2024:16:46:37 -0500] "POST /appsia/controlador HTTP/1.1" 200 5437
186.103.48.39 - - [02/Jan/2024:16:46:38 -0500] "POST /appsia/controlador HTTP/1.1" 200 23887
186.103.48.39 - - [02/Jan/2024:16:46:41 -0500] "POST /appsia/controlador HTTP/1.1" 200 5437
66.249.66.21 - - [02/Jan/2024:16:46:45 -0500] "GET /BLA/resoluciones/AUTOS%202011/5753.pdf HTTP/1.1" 200 201036
172.22.2.4 - - [02/Jan/2024:16:45:11 -0500] "GET /BLA/boletinlegal/ HTTP/1.1" 200 60910
156.59.198.135 - - [02/Jan/2024:16:47:00 -0500] "GET /BLA/resoluciones/RESOLUCIONES%202011/6237.pdf HTTP/1.0" 200 4986235
156.59.198.136 - - [02/Jan/2024:16:47:25 -0500] "GET /BLA/resoluciones/RESOLUCIONES%202011/3724.pdf HTTP/1.0" 200 862277
156.59.198.136 - - [02/Jan/2024:16:47:49 -0500] "GET /BLA/resoluciones/RESOLUCIONES%202011/4696.pdf HTTP/1.0" 200 81322
156.59.198.135 - - [02/Jan/2024:16:48:14 -0500] "GET /BLA/resoluciones/RESOLUCIONES%202011/6693.pdf HTTP/1.0" 200 751014
201.245.192.253 - - [02/Jan/2024:16:48:34 -0500] "POST /kwsrmcab/Wsrmcab  HTTP/1.1" 200 40331
156.59.198.135 - - [02/Jan/2024:16:48:38 -0500] "GET /BLA/resoluciones/RESOLUCIONES%202011/4831.pdf HTTP/1.0" 200 885068
66.249.66.21 - - [02/Jan/2024:16:48:49 -0500] "GET /resoluciones/RESOLUCIONES%202008/4024.pdf HTTP/1.1" 404 1018
200.118.145.137 - - [02/Jan/2024:16:48:59 -0500] "GET /BLA/resoluciones/index.php?dir=AUTOS+2021%2F HTTP/1.1" 200 399364
156.59.198.135 - - [02/Jan/2024:16:49:02 -0500] "GET /BLA/resoluciones/RESOLUCIONES%202011/4260.pdf HTTP/1.0" 200 452253
40.77.167.13 - - [02/Jan/2024:16:49:11 -0500] "GET /Publicaciones/2023EE312879.pdf HTTP/1.1" 200 231921
156.59.198.135 - - [02/Jan/2024:16:49:26 -0500] "GET /BLA/resoluciones/RESOLUCIONES%202011/3677.pdf HTTP/1.0" 200 548592
186.102.105.252 - - [02/Jan/2024:16:49:46 -0500] "GET /kwssiamovil/sm/ldap/au?x=U2FsdGVkX19yL5mX64BeybjfDS3D2vAHBVmbULbEA7ss0yPLzLcKTV5CsS80L9KY&y=U2FsdGVkX18k1iGH0wXQe6mk95/kKiy5Mv9gMkSNYKJXAKVEv+ozjuACiIDVcE+7 HTTP/1.1" 200 30
186.102.105.252 - - [02/Jan/2024:16:49:46 -0500] "GET /kwssiamovil/sm/acme/s?s=U2FsdGVkX1/W+lrByvL9x+f6QShCur8aECTuoZ6qhYcZoRSuzzMDozOVJZ9P/50s0Ibw85VF0Vg9O7seC88TSfWR+ml0xZFC3G1afMvaLcA=&u=U2FsdGVkX1/GEDp0qgsIRGtkzBBG4D2M543AfxMiR28=&y=U2FsdGVkX18k1iGH0wXQe6mk95/kKiy5Mv9gMkSNYKJXAKVEv+ozjuACiIDVcE+7 HTTP/1.1" 200 97
186.102.105.252 - - [02/Jan/2024:16:49:46 -0500] "GET /kwssiamovil/sm/acme/s?s=U2FsdGVkX1/4govKX7qlP8xNn5SKv9zsXcBVicX0gJcTQW+tTVjjehNp5Y/FRAs8OoT1pAclP/jOAbkHAnnRYmNYm2cJbDMoFcRK6g6u8d3xyE7lIXZLQvRp3kXk1gz/CwLAgT8f7AEJ2U4yw7hGD+GgHPo+YwqXWKRd+gRNVFaaLj8auWOFAuNDwocnr6SyN8kVgL4Ozh5FjquFIx8BzloyerZyuoaZ8o03KIH4bvRICza1lVw4Uf3w6KzYRe81XiJXXtLxvmlJ2UkB7dgHBh5dZA415c3uRzpCnV6iy0lzRUQDZaVs4itN4IHjNPZiqPVZtm7qwlMmjsmrhKgkdytwq2/cf3TV64C485ooQoZ5I/ZFxP7v6Ay9L70iMb7zBxX35t0qO+sLR+cTNem+2WZRs3PFBNYYENn1uzV7Cfi1AYmYpvm7PfqBkrPSsDjYxsoU0M4UvSI4zBAD1+P3gFoAd3SwgfkcXFSWXhULTPKEDQnrcXuukCHA3/L6i4q6my9G0tw4CC67EQFfb/qBBvbHWLSYncpnkcjfALisccex8k/vIg7s7wQHRAR6AqVxprmcJIT2XHJX9Fez6AhqeCBj8BPFYHq2VL1LOi8+9ExD+pgxMrSaw8z21V0zmHaVsUuM23QSP4yf0oUubQf52Mrei2BIFGBTmnBLgAQh4xA7PLxtnHBTQqV7KWqra5EzftN3ehO5lJTSGMTh4wIQfB0v7yNcQhQtxukG3TJkeUeQmwAmGc3VyFiuS+rzTlaRgbAaVuPHcHaMvt94J4eguti12cZA687l5zvJQzFYJSyzxeWs33cogF2aPBrinOyFviUby9g9dwPJKA3BCl03KptDuWVVCZQs/xqXFSK3OCTG0bAs7lAwBcCo8s2QUPQFlaGma9EpPk2OlLKCHPS7GSsBfEhUqdtoXsWsrawLk2QAxFumAME8SZJTxJzHeMLfJs3aCAq149abLfhJgnorbvDZ/OwV5dAflSJyJBiL80yLMvfNz4hhQ7jZEo2ciUnLgrkZvJdO47LFD63nzR4OWxk9BlxpOagx/5UdIyov4GYb5pHEp1IS4188qYk6hL4A0kaxkINAqFicOD9K7URzEdeVEgU3GqnqAspLroegqTFJ/05VG4g2VtmZxpTES/QWd2xrvAH3otdg+sqeZfP665/axCfpOeBdU9Gl9sSQRkJUfyv6ED48VKPcqEPlF/3aIfZVtDh2qg4GLdft76ctURTnm/+9FW2N9rEGCPI8STpevvqjmsYFZJTYpAnu+0et1pBB9oSDmwT3tYBXbkVe2nzvUJyv2TL99CE5STufvRHfY2N0AV0uYbs9K0YfXyo2wxuyqTN6V1yHRuqsyVCpYyCUogOZVNqXukBNyJ2LImvEb9QCTfFj3ellYnoolFjAjoA0f/IUalRZ9BcSedW6jL4H5lCtAr99qAqDL2OzVV2cL8eZVPbjwn/v/O+d8ZkgtjcI+lXczF3bhtwXYIFEA7RZv/s6YfikV1cNKaVaeJj4n689onst6OmC9OKc04rBD20SvjUnLP/1kUP1eGoxfgQ7QwacC2RHvHtQv1ilefFrEerLYSZOECf4k3ud/GJkcgR+H57UPZTdKfrRy8IxvwgwwUg1dXipV1TDWEcyIp5vsrtMcL6pU/6pReqJLnpivzNAvBnrjITMa6GVUX2uu7f+r1ubLZ1GBcvAI4Zm3KSwfWb3k2c0nFAdnfeX+dBghjObeIBophpEnhAfOMVBEPFj27jYSn7QTAudmKQNvs4=&u=U2FsdGVkX1/GEDp0qgsIRGtkzBBG4D2M543AfxMiR28=&y=U2FsdGVkX18k1iGH0wXQe6mk95/kKiy5Mv9gMkSNYKJXAKVEv+ozjuACiIDVcE+7 HTTP/1.1" 200 1093
186.102.105.252 - - [02/Jan/2024:16:49:46 -0500] "GET /kwssiamovil/sm/acme/s?s=U2FsdGVkX1/DY489WpWbKGla47nRCZTAK2zCBPj8FUR6KuVyIAACYyEpFjLLzb3uMwJQPDYqmqe3luUAzGb1VoXnu6MF/RDlyjCApGnYUGlQA+7AHk5zqvlXWxWavCL39KBNu5cAKAAGcjTDBEO20it/mAG4qOfiBEJW4GQIlcZRR5SnRKAt9W4NwuhZbYxYrT6C2AEdjdNWjc/jj4Tqk24m272nNk7TxtIYvIZkHfODWAHcW2f7FCsgMoBxFeE6TQ2hJYIdzcSjXse3NeTi2aR1aRLIuYKsekVbrGBtkAsjf5Zc3vERddImILUOXig8xz1y7xD57uj+Gi3w3lGuaKzXmkYGUrymBgi8G03jTu1BZA+xMnV3+5uWFb2V7hB8xV2VZ6GQTh5Ziuq0JaSIIDt4I666DIptZBqT25w8xmxXlw7gYK5VNpHIOL1dUl3jkp0Y6lmfz9HBMLeCmE/at14/gf6U/9C1CpemoRpvPhvb5y/LlIQS3xlGmbFisR/FlYeWREvBijwNtTTimpdY6pHp3LXXsumb4OwvqI1EHoVLcyCYzPwi0Px1MqVKOJEXNB4kaYUTozCP3dOGwBwzUh7lwAXCTeVMB32UnF4Og3ZUPcX9ahnzKeayrHeomAQsSz+2+F5r2EvNt9LYKhWja+lOkZH1rlLUbpTmTu/U1etbwJ30ACRpQLeT61atsqH/9u3egT+kHtnt3TdJWZXYPDvhH+Ane8tfOVOXvSnuwWiFQHu6h6zvOibf80sz4+dX&u=U2FsdGVkX1/GEDp0qgsIRGtkzBBG4D2M543AfxMiR28=&y=U2FsdGVkX18k1iGH0wXQe6mk95/kKiy5Mv9gMkSNYKJXAKVEv+ozjuACiIDVcE+7 HTTP/1.1" 200 208
186.102.105.252 - - [02/Jan/2024:16:49:46 -0500] "GET /kwssiamovil/sm/cjson/pre?f=1&x=U2FsdGVkX19yL5mX64BeybjfDS3D2vAHBVmbULbEA7ss0yPLzLcKTV5CsS80L9KY HTTP/1.1" 200 31032
156.59.198.135 - - [02/Jan/2024:16:49:51 -0500] "GET /BLA/resoluciones/RESOLUCIONES%202011/6097.pdf HTTP/1.0" 200 1015929
51.159.111.112 - - [02/Jan/2024:16:49:52 -0500] "HEAD / HTTP/1.1" 200 -
51.159.111.112 - - [02/Jan/2024:16:49:54 -0500] "GET / HTTP/1.1" 200 319
51.159.111.112 - - [02/Jan/2024:16:49:54 -0500] "GET /favicon.ico HTTP/1.1" 200 7782
156.59.198.135 - - [02/Jan/2024:16:50:14 -0500] "GET /BLA/resoluciones/RESOLUCIONES%202011/6192.pdf HTTP/1.0" 200 956355
200.118.16.147 - - [02/Jan/2024:16:50:16 -0500] "POST /sipse/faces/autenticacion.xhtml HTTP/1.1" 200 2228
181.61.39.98 - - [02/Jan/2024:16:50:16 -0500] "GET /sipse/faces/javax.faces.resource/theme.css?ln=primefaces-sipse HTTP/1.1" 304 -
181.61.39.98 - - [02/Jan/2024:16:50:16 -0500] "GET /sipse/faces/javax.faces.resource/primefaces.css?ln=primefaces&v=4.0 HTTP/1.1" 304 -
181.61.39.98 - - [02/Jan/2024:16:50:16 -0500] "GET /sipse/faces/javax.faces.resource/layout/layout.css?ln=primefaces&v=4.0 HTTP/1.1" 304 -
181.61.39.98 - - [02/Jan/2024:16:50:16 -0500] "GET /sipse/faces/javax.faces.resource/jquery/jquery.js?ln=primefaces&v=4.0 HTTP/1.1" 304 -
181.61.39.98 - - [02/Jan/2024:16:50:16 -0500] "GET /sipse/faces/javax.faces.resource/jquery/jquery-plugins.js?ln=primefaces&v=4.0 HTTP/1.1" 304 -
181.61.39.98 - - [02/Jan/2024:16:50:16 -0500] "GET /sipse/faces/javax.faces.resource/primefaces.js?ln=primefaces&v=4.0 HTTP/1.1" 304 -
181.61.39.98 - - [02/Jan/2024:16:50:16 -0500] "GET /sipse/faces/javax.faces.resource/layout/layout.js?ln=primefaces&v=4.0 HTTP/1.1" 304 -
181.61.39.98 - - [02/Jan/2024:16:50:16 -0500] "GET /sipse/faces/javax.faces.resource/images/ui-icons_898989_256x240.png?ln=primefaces-aristo HTTP/1.1" 304 -
181.61.39.98 - - [02/Jan/2024:16:50:17 -0500] "GET /sipse/faces/faces/index.xhtml HTTP/1.1" 200 677
181.61.39.98 - - [02/Jan/2024:16:50:17 -0500] "GET /sipse/faces/javax.faces.resource/theme.css?ln=primefaces-sipse HTTP/1.1" 304 -
181.61.39.98 - - [02/Jan/2024:16:50:17 -0500] "GET /sipse/faces/faces/faces/autenticacion.xhtml HTTP/1.1" 200 12409
181.61.39.98 - - [02/Jan/2024:16:50:17 -0500] "GET /sipse/faces/javax.faces.resource/theme.css?ln=primefaces-sipse HTTP/1.1" 304 -
181.61.39.98 - - [02/Jan/2024:16:50:17 -0500] "GET /sipse/faces/javax.faces.resource/jquery/jquery.js?ln=primefaces&v=4.0 HTTP/1.1" 304 -
181.61.39.98 - - [02/Jan/2024:16:50:17 -0500] "GET /sipse/faces/javax.faces.resource/layout/layout.css?ln=primefaces&v=4.0 HTTP/1.1" 304 -
181.61.39.98 - - [02/Jan/2024:16:50:17 -0500] "GET /sipse/faces/javax.faces.resource/jquery/jquery-plugins.js?ln=primefaces&v=4.0 HTTP/1.1" 304 -
181.61.39.98 - - [02/Jan/2024:16:50:17 -0500] "GET /sipse/faces/javax.faces.resource/primefaces.css?ln=primefaces&v=4.0 HTTP/1.1" 304 -
181.61.39.98 - - [02/Jan/2024:16:50:17 -0500] "GET /sipse/faces/javax.faces.resource/primefaces.js?ln=primefaces&v=4.0 HTTP/1.1" 304 -
181.61.39.98 - - [02/Jan/2024:16:50:17 -0500] "GET /sipse/faces/javax.faces.resource/layout/layout.js?ln=primefaces&v=4.0 HTTP/1.1" 304 -
200.118.16.147 - - [02/Jan/2024:16:50:17 -0500] "POST /sipse/faces/autenticacion.xhtml HTTP/1.1" 200 16492
200.118.16.147 - - [02/Jan/2024:16:50:18 -0500] "GET /sipse/faces/javax.faces.resource/theme.css?ln=primefaces-sipse HTTP/1.1" 304 -
200.118.16.147 - - [02/Jan/2024:16:50:18 -0500] "GET /sipse/faces/javax.faces.resource/layout/layout.css?ln=primefaces&v=4.0 HTTP/1.1" 304 -
200.118.16.147 - - [02/Jan/2024:16:50:18 -0500] "GET /sipse/faces/javax.faces.resource/primefaces.css?ln=primefaces&v=4.0 HTTP/1.1" 304 -
200.118.16.147 - - [02/Jan/2024:16:50:18 -0500] "GET /sipse/faces/javax.faces.resource/jquery/jquery.js?ln=primefaces&v=4.0 HTTP/1.1" 304 -
200.118.16.147 - - [02/Jan/2024:16:50:18 -0500] "GET /sipse/faces/javax.faces.resource/jquery/jquery-plugins.js?ln=primefaces&v=4.0 HTTP/1.1" 304 -
200.118.16.147 - - [02/Jan/2024:16:50:18 -0500] "GET /sipse/faces/javax.faces.resource/primefaces.js?ln=primefaces&v=4.0 HTTP/1.1" 304 -
200.118.16.147 - - [02/Jan/2024:16:50:18 -0500] "GET /sipse/faces/javax.faces.resource/layout/layout.js?ln=primefaces&v=4.0 HTTP/1.1" 304 -
200.118.16.147 - - [02/Jan/2024:16:50:18 -0500] "GET /sipse/css/imagen/contrasena.png HTTP/1.1" 404 383
200.118.16.147 - - [02/Jan/2024:16:50:20 -0500] "GET /sipse/faces/javax.faces.resource/images/ui-bg_flat_0_2d5972_40x100.png?ln=primefaces-aristo HTTP/1.1" 304 -
200.118.16.147 - - [02/Jan/2024:16:50:20 -0500] "POST /sipse/faces/bienvenido.xhtml HTTP/1.1" 200 2073
200.118.16.147 - - [02/Jan/2024:16:50:21 -0500] "POST /sipse/faces/bienvenido.xhtml HTTP/1.1" 200 39097
200.118.16.147 - - [02/Jan/2024:16:50:22 -0500] "GET /sipse/faces/javax.faces.resource/theme.css?ln=primefaces-sipse HTTP/1.1" 304 -
200.118.16.147 - - [02/Jan/2024:16:50:22 -0500] "GET /sipse/faces/javax.faces.resource/primefaces.css?ln=primefaces&v=4.0 HTTP/1.1" 304 -
200.118.16.147 - - [02/Jan/2024:16:50:22 -0500] "GET /sipse/faces/javax.faces.resource/layout/layout.css?ln=primefaces&v=4.0 HTTP/1.1" 304 -
200.118.16.147 - - [02/Jan/2024:16:50:22 -0500] "GET /sipse/faces/javax.faces.resource/jquery/jquery.js?ln=primefaces&v=4.0 HTTP/1.1" 304 -
200.118.16.147 - - [02/Jan/2024:16:50:22 -0500] "GET /sipse/faces/javax.faces.resource/jquery/jquery-plugins.js?ln=primefaces&v=4.0 HTTP/1.1" 304 -
200.118.16.147 - - [02/Jan/2024:16:50:22 -0500] "GET /sipse/faces/javax.faces.resource/primefaces.js?ln=primefaces&v=4.0 HTTP/1.1" 304 -
200.118.16.147 - - [02/Jan/2024:16:50:22 -0500] "GET /sipse/faces/javax.faces.resource/layout/layout.js?ln=primefaces&v=4.0 HTTP/1.1" 304 -
201.245.192.253 - - [02/Jan/2024:16:50:22 -0500] "GET /appsia/controlador HTTP/1.1" 200 4799
201.245.192.253 - - [02/Jan/2024:16:50:22 -0500] "GET /appsia/css/estilos.css HTTP/1.1" 200 4804
201.245.192.253 - - [02/Jan/2024:16:50:22 -0500] "GET /appsia/scripts/validarIngreso.js HTTP/1.1" 200 851
201.245.192.253 - - [02/Jan/2024:16:50:22 -0500] "GET /appsia/images/logo_bogota_p.png HTTP/1.1" 200 14951
201.245.192.253 - - [02/Jan/2024:16:50:22 -0500] "GET /appsia/images/cabezoteHojaVida.png HTTP/1.1" 200 32493
201.245.192.253 - - [02/Jan/2024:16:50:27 -0500] "POST /appsia/controlador HTTP/1.1" 200 3599
201.245.192.253 - - [02/Jan/2024:16:50:27 -0500] "GET /appsia/jscripts/validarSolicitud.js HTTP/1.1" 404 68
201.245.192.253 - - [02/Jan/2024:16:50:30 -0500] "POST /appsia/controlador HTTP/1.1" 200 4799
200.118.16.147 - - [02/Jan/2024:16:50:34 -0500] "POST /sipse/faces/presentacion/financiero/solicitudProceso/consultar.xhtml HTTP/1.1" 200 12884
201.245.192.253 - - [02/Jan/2024:16:50:36 -0500] "POST /appsia/controlador HTTP/1.1" 200 5437
201.245.192.253 - - [02/Jan/2024:16:50:38 -0500] "POST /appsia/controlador HTTP/1.1" 200 5437
156.59.198.135 - - [02/Jan/2024:16:50:39 -0500] "GET /BLA/resoluciones/RESOLUCIONES%202011/4656.pdf HTTP/1.0" 200 598654
201.245.192.253 - - [02/Jan/2024:16:50:42 -0500] "POST /appsia/controlador HTTP/1.1" 200 3238
201.245.192.253 - - [02/Jan/2024:16:50:42 -0500] "GET /appsia/jscripts/validarSolicitud.js HTTP/1.1" 404 68
186.31.20.32 - - [02/Jan/2024:16:50:44 -0500] "GET /kwssiamovil/sm/acme/a?s=U2FsdGVkX1/cxJAOtzJGhTe2FjZtEj/8jnnZVx3zFRbWXiffWjistr4uf0ZB6jgxQs3XwjPik/8qsiESpIhr6k3MjL39aNirQLyF+YywFjhOjuSdZPyDH1cp/3LPf+PLMGTq9zB89XbS7s+n23yAz9db9NK1uFHhM29VlfR/EGm7GSdifu8WLkw+0w2McuuB3YKTAymsJQvK0MipMw4OTPx9oO2MnhtLqqAh7yTOvogz37hdzUvfst6QVnrKyXrhhskMgJSxzDPYCErtowbdYQ==&u=U2FsdGVkX18yOn9roLhFmdLd4xkKh3ZEhYCnbMISpjY5h/mPIPDH07PWvzjtFGL9&y=U2FsdGVkX1+RfKvh9Klkm1KQoe13/cdt8ha720M4Gh+PnQwter/JmEEOdsoXeoSj HTTP/1.1" 200 26
186.31.20.32 - - [02/Jan/2024:16:50:44 -0500] "GET /kwssiamovil/sm/acme/a?s=U2FsdGVkX1+gOWoIt5fN0m/YVy+nyZ6h0BWT6TjTNIYl66ONhFDhtiiscP17VJP+cFZXYkabbR0QYxasd190Ihf0hy/Fw/BMHzNTTxp7GabeQZKba2NUGGLCu+xrSUdomqHVUd64TY3qOum/UfHxAa8yO+1xKn8HqllUxTiLZXrn1yxYu0On0nvOElsxdgpmdG1x1mDi6A0zJssscxJjKuZW3DoIZ2FsJVcEse0zN4IY45CeSBxjy2fC75iuy3IlZjLTp1Seqdt51Io8wOxjnMcBok6T2PYDDW76EhxCeQ/GXjm17OIerAZqLtpjVYPdC50fSj/UX9EESqYic0LA14pvReAj/WzzY/r+5Z2nyWJA1EBpEZg8E8ZA/kJwfwqGbwEnKGgmnj7ozNSgkyrb34E6yVaStTS0ueGduMu253C8mFUkaJzNAmXJLHuayMwRZ0MEeDVvoK+0+lfiF0PrbA6R6cCpb1VHoUp5fMZ+qF73pCQSsa4v2INEq1Z5yvbfc06CMOW1vFk7sWJOD17A48aGvdKIyp64Yapi1gSbBl7w1H2lypMVP8acFF0VZWCbRcfIPeegI0tUOgGdSArsnBbe/qQQpmMjzwBn00ZMOEO1D/AVQCMGYLUN3d6NWqoqfOd33fkSm1j84RQYn7BupKsXoyEQaizJGvzzkIZOpL9zoQ0wsQCj90H34QXxQlW9254LolCpiRY9sxfvov0MZAoSVs0/T9uVePJenRoF9rZ+13pb7rqwjmgE3RzI+xhpaLXD9xkoZp8J/f6qq3Ebfl+C6hS9ypTkWiLHiItyo+EG0fMLHYhx1piin0uMFIeLu1bifl6xwqCh+V85jfj5i6/uYXV2bet4GI+IehyBQLULNqH3j41Ym/RJV4cQVBpgObZQUaE408qnXvrWCV24ewxrF5cQ4qgan+tsJ0RgFGzsLqX7ub5HSBvhNyxsSdxW3pVIFakogGNO0TzFY0Q5rOKOe0XbDjvPqrj9bpP7O3reTCQFRRFK71olbZ5MU3OVz8FgIEx1ne7XVosIOQTZVGn9+rz/dIBBj3MUOz7e81VPHaj/VpZ5urDT/hqmqUoDQenZmMulkFS98aV61dB3QlRF93ZAEot7cnEaLdeMdGtysBwl8y/kSZG6bZ0DIWSSGXk95MAQHF+TjB6HQXaO75lWeYCSN+72SZ+vnS3k2YYL0j0uvHx4JqG4xjsIeV02CZAf+EQ+KyJZaYQRUiCmylQtPtB2SbOCGeYXn7CjSBgv+GtOCVwHwzodt6aNeAFLAkzqZ581Np+1VKBcN6AQD1ag7Wb+Y10+LoPtRJwoQ5i+dkWMp6Z7441fEdj5D4AE3X1XvVmB+jB8mc20ZLCLsXTW+kLvkli9k1oofFu40AOlWSN6DBcSwjRSpHhiJWDYcICTXC+YUdyNxcDAG+ILMfVFOBpafrU4GjWOAhb2h+JLilnTwScJM0TOVbg7Mxgbz+E+L5qR5eqqcVIsikym/7MfPK0Xakws8+ZCl6h4C1uxyVH8OLNMsvvclegvxiHh55T6N8moNnOZkes+cun97DjiLOhHcpA+2/QqMm6manrTjjdoy4vLc8Rrx9rYu3CHOBZ9YD47fzw3pqhldOYIvdVUVHbCo9s1F0QNrTgXr8M=&u=U2FsdGVkX18yOn9roLhFmdLd4xkKh3ZEhYCnbMISpjY5h/mPIPDH07PWvzjtFGL9&y=U2FsdGVkX1+RfKvh9Klkm1KQoe13/cdt8ha720M4Gh+PnQwter/JmEEOdsoXeoSj HTTP/1.1" 200 26
186.31.20.32 - - [02/Jan/2024:16:50:44 -0500] "GET /kwssiamovil/sm/acme/a?s=U2FsdGVkX18Ny3U8cJ+MxT6IZ2sWef0q1ktkacxKnUUOMLjqeBVjxNvtMAen3kh/KiKtoCOGyHb0NPf0pJJES20dzM/E/ga06dBjfWXnvTBi6xqEsVqglurmofuQSz9GhWXgkiPNaDtLTfACajct8MUM+lORoaMJhv0kZZMZzic=&u=U2FsdGVkX18yOn9roLhFmdLd4xkKh3ZEhYCnbMISpjY5h/mPIPDH07PWvzjtFGL9&y=U2FsdGVkX1+RfKvh9Klkm1KQoe13/cdt8ha720M4Gh+PnQwter/JmEEOdsoXeoSj HTTP/1.1" 200 26
186.31.20.32 - - [02/Jan/2024:16:50:45 -0500] "GET /kwssiamovil/sm/acme/a?s=U2FsdGVkX1+RDg5/HYI4wOvDGe53m4yb9wXayq8TUbBvexIxgfGErfsi67X/gJVLLQdqIqRhC1j6h+CtckUpckLvy695RatVmkOrW4yM34b/iFDuFjFPfjlXmfAbN7mUaDb1nzTmFXLpjiEa8N3quvLxmVeQcGfGF2v7oot2vdE=&u=U2FsdGVkX18yOn9roLhFmdLd4xkKh3ZEhYCnbMISpjY5h/mPIPDH07PWvzjtFGL9&y=U2FsdGVkX1+RfKvh9Klkm1KQoe13/cdt8ha720M4Gh+PnQwter/JmEEOdsoXeoSj HTTP/1.1" 200 26
186.31.20.32 - - [02/Jan/2024:16:50:45 -0500] "GET /kwssiamovil/sm/acme/a?s=U2FsdGVkX1/cKGAiPhQFaIFV7FVma/B2MeUHWL2FuZVucpPH2wauky4EEDslFNCKi1efRVgZVpOgJvW4bCU8xEIKpxW1ahio3JgcO91iRNzp99asnyWv5eW7xDUWOV/OCb9edqMBWmhJSpecsWVjTvzlA5GIVD9HMhLCcaWz2sU=&u=U2FsdGVkX18yOn9roLhFmdLd4xkKh3ZEhYCnbMISpjY5h/mPIPDH07PWvzjtFGL9&y=U2FsdGVkX1+RfKvh9Klkm1KQoe13/cdt8ha720M4Gh+PnQwter/JmEEOdsoXeoSj HTTP/1.1" 200 26
201.245.192.253 - - [02/Jan/2024:16:50:45 -0500] "POST /appsia/controlador HTTP/1.1" 200 7724
201.245.192.253 - - [02/Jan/2024:16:50:45 -0500] "GET /appsia/images/logo_escudo.png HTTP/1.1" 200 36965
186.31.20.32 - - [02/Jan/2024:16:50:45 -0500] "GET /kwssiamovil/sm/acme/a?s=U2FsdGVkX18XLqbkhong/mrgJFkEwqJjxn1syIMWFnPiEuDB4TdJDtGiSuvs3ProbbiuMlbG46JB4CAkK3vt2Pf8JYY1IBjSzjbktjHnT0gPfdPeu4we+g62zKXyJ5UFOgQpaCP76MeGlrDF1Gz7sA/0ZrO55qieYDikpQngreRe2Bs1HEPGlzcnLzc65YYqFXgPvfQumNgMMCzH596RNQ==&u=U2FsdGVkX18yOn9roLhFmdLd4xkKh3ZEhYCnbMISpjY5h/mPIPDH07PWvzjtFGL9&y=U2FsdGVkX1+RfKvh9Klkm1KQoe13/cdt8ha720M4Gh+PnQwter/JmEEOdsoXeoSj HTTP/1.1" 200 26
186.31.20.32 - - [02/Jan/2024:16:50:45 -0500] "GET /kwssiamovil/sm/acme/a?s=U2FsdGVkX18mcyz0x/5KLbTzgkGco47a1HcKUxe/2ptveH1nmJxN31d2wRsqpnnuB0yXcNYwLAgusbHMWHIPdb6WI6iaECy0TGiMmSpELzbrx9A4EV2OTVPZWh/L7jeGK2k1RXW1slafkjwH9fFuOsx4xzkh2qG39Dvf2RKCJxOu+qtrpNfKKXI5ONpLF1eqVauMzsA7EQaRMRjnPZq4qw==&u=U2FsdGVkX18yOn9roLhFmdLd4xkKh3ZEhYCnbMISpjY5h/mPIPDH07PWvzjtFGL9&y=U2FsdGVkX1+RfKvh9Klkm1KQoe13/cdt8ha720M4Gh+PnQwter/JmEEOdsoXeoSj HTTP/1.1" 200 26
186.31.20.32 - - [02/Jan/2024:16:50:45 -0500] "GET /kwssiamovil/sm/acme/a?s=U2FsdGVkX19rvqu0XHpvRd/PNK/ipkGmnGNO6HFoSKIFvikKg3qfVSb3VGZwjs9C770zvmiQaSex1iMfsLqlyVGQ844U3OlyRr6RwlVSKIrIbrP/smQTdMwm4ttjQL7nDm78hOqKtxzYoPyJXSKXSgTEWygJ07DwGq+3/Ln2UQReLeWIIgyrLd2Djlr23yeG&u=U2FsdGVkX18yOn9roLhFmdLd4xkKh3ZEhYCnbMISpjY5h/mPIPDH07PWvzjtFGL9&y=U2FsdGVkX1+RfKvh9Klkm1KQoe13/cdt8ha720M4Gh+PnQwter/JmEEOdsoXeoSj HTTP/1.1" 200 26
216.245.221.92 - - [02/Jan/2024:16:50:51 -0500] "HEAD / HTTP/1.1" 200 -
200.118.16.147 - - [02/Jan/2024:16:50:59 -0500] "POST /sipse/faces/presentacion/financiero/solicitudProceso/consultar.xhtml HTTP/1.1" 200 12683
156.59.198.135 - - [02/Jan/2024:16:51:04 -0500] "GET /BLA/resoluciones/RESOLUCIONES%202011/5758.pdf HTTP/1.0" 200 573493
200.118.16.147 - - [02/Jan/2024:16:51:12 -0500] "POST /sipse/faces/presentacion/financiero/solicitudProceso/consultar.xhtml HTTP/1.1" 200 2334
200.118.16.147 - - [02/Jan/2024:16:51:14 -0500] "POST /sipse/faces/presentacion/financiero/solicitudProceso/consultar.xhtml HTTP/1.1" 200 2338
200.118.16.147 - - [02/Jan/2024:16:51:15 -0500] "POST /sipse/faces/presentacion/financiero/solicitudProceso/consultar.xhtml HTTP/1.1" 200 2334
200.118.16.147 - - [02/Jan/2024:16:51:16 -0500] "POST /sipse/faces/presentacion/financiero/solicitudProceso/consultar.xhtml HTTP/1.1" 200 2338
200.118.16.147 - - [02/Jan/2024:16:51:17 -0500] "POST /sipse/faces/presentacion/financiero/solicitudProceso/consultar.xhtml HTTP/1.1" 200 2334
200.118.16.147 - - [02/Jan/2024:16:51:17 -0500] "POST /sipse/faces/presentacion/financiero/solicitudProceso/consultar.xhtml HTTP/1.1" 200 2342
200.118.16.147 - - [02/Jan/2024:16:51:17 -0500] "POST /sipse/faces/presentacion/financiero/solicitudProceso/consultar.xhtml HTTP/1.1" 200 2338
200.118.16.147 - - [02/Jan/2024:16:51:18 -0500] "POST /sipse/faces/presentacion/financiero/solicitudProceso/consultar.xhtml HTTP/1.1" 200 2346
156.59.198.135 - - [02/Jan/2024:16:51:27 -0500] "GET /BLA/resoluciones/RESOLUCIONES%202011/5655.pdf HTTP/1.0" 200 316707
200.118.16.147 - - [02/Jan/2024:16:51:25 -0500] "POST /sipse/faces/presentacion/financiero/solicitudProceso/consultar.xhtml HTTP/1.1" 200 10848
200.118.16.147 - - [02/Jan/2024:16:51:34 -0500] "POST /sipse/faces/presentacion/financiero/solicitudProceso/consultar.xhtml HTTP/1.1" 200 30671
172.22.2.4 - - [02/Jan/2024:16:50:11 -0500] "HEAD /BLA/boletinlegal/ HTTP/1.1" 200 -
156.59.198.136 - - [02/Jan/2024:16:51:51 -0500] "GET /BLA/resoluciones/RESOLUCIONES%202011/4229.pdf HTTP/1.0" 200 484245
200.118.16.147 - - [02/Jan/2024:16:51:52 -0500] "POST /sipse/faces/presentacion/financiero/solicitudProceso/consultar.xhtml HTTP/1.1" 200 3406
200.118.16.147 - - [02/Jan/2024:16:51:54 -0500] "POST /sipse/faces/presentacion/financiero/solicitudProceso/consultar.xhtml HTTP/1.1" 200 3414
200.118.16.147 - - [02/Jan/2024:16:51:54 -0500] "POST /sipse/faces/presentacion/financiero/solicitudProceso/consultar.xhtml HTTP/1.1" 200 3406
200.118.16.147 - - [02/Jan/2024:16:51:56 -0500] "POST /sipse/faces/presentacion/financiero/solicitudProceso/consultar.xhtml HTTP/1.1" 200 11918
200.118.16.147 - - [02/Jan/2024:16:52:00 -0500] "POST /sipse/faces/presentacion/financiero/solicitudProceso/consultar.xhtml HTTP/1.1" 200 3410
156.59.198.135 - - [02/Jan/2024:16:52:16 -0500] "GET /BLA/resoluciones/RESOLUCIONES%202011/5621.pdf HTTP/1.0" 200 690038
200.118.16.147 - - [02/Jan/2024:16:52:16 -0500] "POST /sipse/faces/presentacion/financiero/solicitudProceso/consultar.xhtml HTTP/1.1" 200 11116
