156.59.198.135 - - [02/Jan/2024:06:33:23 -0500] "GET /BLA/resoluciones/Notificaciones/AUTOS%202015/05352.doc HTTP/1.0" 200 130997
172.22.2.4 - - [02/Jan/2024:06:31:48 -0500] "HEAD /BLA/boletinlegal/ HTTP/1.1" 200 -
156.59.198.135 - - [02/Jan/2024:06:33:47 -0500] "GET /BLA/resoluciones/Notificaciones/AUTOS%202015/04073.doc HTTP/1.0" 200 148664
156.59.198.135 - - [02/Jan/2024:06:34:11 -0500] "GET /BLA/resoluciones/Notificaciones/AUTOS%202015/0548.doc HTTP/1.0" 200 154624
172.22.2.4 - - [02/Jan/2024:06:32:39 -0500] "GET /BLA/boletinlegal/ HTTP/1.1" 200 58172
156.59.198.136 - - [02/Jan/2024:06:34:36 -0500] "GET /BLA/resoluciones/Notificaciones/AUTOS%202015/2596.doc HTTP/1.0" 200 201728
156.59.198.136 - - [02/Jan/2024:06:35:01 -0500] "GET /BLA/resoluciones/Notificaciones/AUTOS%202015/04384.doc HTTP/1.0" 200 143176
156.59.198.135 - - [02/Jan/2024:06:35:25 -0500] "GET /BLA/resoluciones/Notificaciones/AUTOS%202015/06518.doc HTTP/1.0" 200 99052
201.245.192.253 - - [02/Jan/2024:06:35:34 -0500] "POST /kwsrmcab/Wsrmcab HTTP/1.1" 200 36642
201.245.192.253 - - [02/Jan/2024:06:35:37 -0500] "POST /kwsrmcab/Wsrmcab HTTP/1.1" 200 36793
156.59.198.135 - - [02/Jan/2024:06:35:49 -0500] "GET /BLA/resoluciones/Notificaciones/AUTOS%202015/04612.doc HTTP/1.0" 200 88118
216.245.221.92 - - [02/Jan/2024:06:35:52 -0500] "HEAD / HTTP/1.1" 200 -
172.22.2.4 - - [02/Jan/2024:06:36:05 -0500] "GET /BLA/boletinlegal/normativa.php HTTP/1.1" 200 8343
172.22.2.4 - - [02/Jan/2024:06:36:05 -0500] "GET /BLA/boletinlegal/styles2.css HTTP/1.1" 200 1838
172.22.2.4 - - [02/Jan/2024:06:36:05 -0500] "GET /BLA/boletinlegal/niceforms-default.css HTTP/1.1" 200 6694
172.22.2.4 - - [02/Jan/2024:06:36:05 -0500] "GET /BLA/boletinlegal/js/ajax_normativa.js HTTP/1.1" 200 1154
172.22.2.4 - - [02/Jan/2024:06:36:06 -0500] "GET /BLA/boletinlegal/images/cabezote%20BLEGAL.jpg HTTP/1.1" 200 118164
172.22.2.4 - - [02/Jan/2024:06:36:06 -0500] "GET /BLA/boletinlegal/style.css HTTP/1.1" 200 9406
172.22.2.4 - - [02/Jan/2024:06:36:06 -0500] "GET /BLA/boletinlegal/niceforms.js HTTP/1.1" 200 22876
172.22.2.4 - - [02/Jan/2024:06:36:06 -0500] "GET /BLA/boletinlegal/images/subscribe-icon-big.png HTTP/1.1" 200 47702
172.22.2.4 - - [02/Jan/2024:06:36:06 -0500] "GET /BLA/boletinlegal/images/historia.png HTTP/1.1" 200 52775
172.22.2.4 - - [02/Jan/2024:06:36:06 -0500] "GET /BLA/boletinlegal/images/registro-usuarios.png HTTP/1.1" 200 8106
172.22.2.4 - - [02/Jan/2024:06:36:06 -0500] "GET /BLA/boletinlegal/images/menu_lft.gif HTTP/1.1" 200 1713
172.22.2.4 - - [02/Jan/2024:06:36:06 -0500] "GET /BLA/boletinlegal/images/footer_bg.jpg HTTP/1.1" 200 586
172.22.2.4 - - [02/Jan/2024:06:36:06 -0500] "GET /BLA/boletinlegal/images/body_bg.jpg HTTP/1.1" 200 1601
172.22.2.4 - - [02/Jan/2024:06:36:06 -0500] "GET /BLA/boletinlegal/images/bg_top.jpg HTTP/1.1" 200 522
172.22.2.4 - - [02/Jan/2024:06:36:06 -0500] "GET /BLA/boletinlegal/images/text.jpg HTTP/1.1" 200 568
172.22.2.4 - - [02/Jan/2024:06:36:06 -0500] "GET /BLA/boletinlegal/images/hover.jpg HTTP/1.1" 200 640
172.22.2.4 - - [02/Jan/2024:06:36:06 -0500] "GET /BLA/boletinlegal/images/menu_rght.gif HTTP/1.1" 200 1627
172.22.2.4 - - [02/Jan/2024:06:36:06 -0500] "GET /BLA/boletinlegal/images/menu_bg.jpg HTTP/1.1" 200 620
172.22.2.4 - - [02/Jan/2024:06:36:06 -0500] "GET /BLA/boletinlegal/images/tel.png HTTP/1.1" 200 14477
172.22.2.4 - - [02/Jan/2024:06:36:06 -0500] "GET /BLA/boletinlegal/images/icono-email.png HTTP/1.1" 200 5544
172.22.2.4 - - [02/Jan/2024:06:36:06 -0500] "GET /BLA/boletinlegal/images/footer_bg_l.jpg HTTP/1.1" 200 776
172.22.2.4 - - [02/Jan/2024:06:36:06 -0500] "GET /BLA/boletinlegal/img/0.png HTTP/1.1" 200 110
172.22.2.4 - - [02/Jan/2024:06:36:06 -0500] "GET /BLA/boletinlegal/img/select-left.png HTTP/1.1" 200 263
172.22.2.4 - - [02/Jan/2024:06:36:06 -0500] "GET /BLA/boletinlegal/img/select-right.png HTTP/1.1" 200 44019
172.22.2.4 - - [02/Jan/2024:06:36:06 -0500] "GET /BLA/boletinlegal/img/button-left.png HTTP/1.1" 200 57071
172.22.2.4 - - [02/Jan/2024:06:36:06 -0500] "GET /BLA/boletinlegal/img/button.png HTTP/1.1" 200 43241
172.22.2.4 - - [02/Jan/2024:06:36:06 -0500] "GET /BLA/boletinlegal/img/button-right.png HTTP/1.1" 200 57878
172.22.2.4 - - [02/Jan/2024:06:36:06 -0500] "GET /BLA/boletinlegal/favicon.ico HTTP/1.1" 404 1334
172.22.2.4 - - [02/Jan/2024:06:36:13 -0500] "GET /BLA/boletinlegal/normativa.php HTTP/1.1" 200 8343
172.22.2.4 - - [02/Jan/2024:06:36:13 -0500] "GET /BLA/boletinlegal/js/ajax_normativa.js HTTP/1.1" 200 1154
172.22.2.4 - - [02/Jan/2024:06:36:13 -0500] "GET /BLA/boletinlegal/niceforms-default.css HTTP/1.1" 200 6694
172.22.2.4 - - [02/Jan/2024:06:36:13 -0500] "GET /BLA/boletinlegal/styles2.css HTTP/1.1" 200 1838
172.22.2.4 - - [02/Jan/2024:06:36:13 -0500] "GET /BLA/boletinlegal/style.css HTTP/1.1" 200 9406
172.22.2.4 - - [02/Jan/2024:06:36:13 -0500] "GET /BLA/boletinlegal/niceforms.js HTTP/1.1" 200 22876
172.22.2.4 - - [02/Jan/2024:06:36:13 -0500] "GET /BLA/boletinlegal/images/cabezote%20BLEGAL.jpg HTTP/1.1" 200 118164
172.22.2.4 - - [02/Jan/2024:06:36:13 -0500] "GET /BLA/boletinlegal/images/subscribe-icon-big.png HTTP/1.1" 200 47702
172.22.2.4 - - [02/Jan/2024:06:36:13 -0500] "GET /BLA/boletinlegal/images/historia.png HTTP/1.1" 200 52775
172.22.2.4 - - [02/Jan/2024:06:36:13 -0500] "GET /BLA/boletinlegal/images/registro-usuarios.png HTTP/1.1" 200 8106
172.22.2.4 - - [02/Jan/2024:06:36:13 -0500] "GET /BLA/boletinlegal/images/tel.png HTTP/1.1" 200 14477
172.22.2.4 - - [02/Jan/2024:06:36:13 -0500] "GET /BLA/boletinlegal/images/icono-email.png HTTP/1.1" 200 5544
172.22.2.4 - - [02/Jan/2024:06:36:13 -0500] "GET /BLA/boletinlegal/images/body_bg.jpg HTTP/1.1" 200 1601
172.22.2.4 - - [02/Jan/2024:06:36:13 -0500] "GET /BLA/boletinlegal/images/menu_lft.gif HTTP/1.1" 200 1713
172.22.2.4 - - [02/Jan/2024:06:36:13 -0500] "GET /BLA/boletinlegal/images/menu_rght.gif HTTP/1.1" 200 1627
172.22.2.4 - - [02/Jan/2024:06:36:13 -0500] "GET /BLA/boletinlegal/images/bg_top.jpg HTTP/1.1" 200 522
172.22.2.4 - - [02/Jan/2024:06:36:13 -0500] "GET /BLA/boletinlegal/images/menu_bg.jpg HTTP/1.1" 200 620
172.22.2.4 - - [02/Jan/2024:06:36:13 -0500] "GET /BLA/boletinlegal/images/hover.jpg HTTP/1.1" 200 640
172.22.2.4 - - [02/Jan/2024:06:36:13 -0500] "GET /BLA/boletinlegal/images/text.jpg HTTP/1.1" 200 568
172.22.2.4 - - [02/Jan/2024:06:36:13 -0500] "GET /BLA/boletinlegal/images/footer_bg.jpg HTTP/1.1" 200 586
172.22.2.4 - - [02/Jan/2024:06:36:13 -0500] "GET /BLA/boletinlegal/images/footer_bg_l.jpg HTTP/1.1" 200 776
172.22.2.4 - - [02/Jan/2024:06:36:13 -0500] "GET /BLA/boletinlegal/img/select-left.png HTTP/1.1" 200 263
172.22.2.4 - - [02/Jan/2024:06:36:13 -0500] "GET /BLA/boletinlegal/img/0.png HTTP/1.1" 200 110
172.22.2.4 - - [02/Jan/2024:06:36:13 -0500] "GET /BLA/boletinlegal/img/select-right.png HTTP/1.1" 200 44019
172.22.2.4 - - [02/Jan/2024:06:36:13 -0500] "GET /BLA/boletinlegal/img/button-left.png HTTP/1.1" 200 57071
172.22.2.4 - - [02/Jan/2024:06:36:13 -0500] "GET /BLA/boletinlegal/img/button.png HTTP/1.1" 200 43241
172.22.2.4 - - [02/Jan/2024:06:36:13 -0500] "GET /BLA/boletinlegal/img/button-right.png HTTP/1.1" 200 57878
172.22.2.4 - - [02/Jan/2024:06:36:13 -0500] "GET /BLA/boletinlegal/favicon.ico HTTP/1.1" 404 1334
156.59.198.135 - - [02/Jan/2024:06:36:14 -0500] "GET /BLA/resoluciones/Notificaciones/AUTOS%202015/05422.doc HTTP/1.0" 200 91028
201.245.192.253 - - [02/Jan/2024:06:36:20 -0500] "POST /kwsrmcab/Wsrmcab  HTTP/1.1" 200 36178
156.59.198.136 - - [02/Jan/2024:06:36:38 -0500] "GET /BLA/resoluciones/Notificaciones/AUTOS%202015/4198.doc HTTP/1.0" 200 216576
156.59.198.135 - - [02/Jan/2024:06:37:03 -0500] "GET /BLA/resoluciones/Notificaciones/AUTOS%202015/0915.doc HTTP/1.0" 200 155648
156.59.198.135 - - [02/Jan/2024:06:37:27 -0500] "GET /BLA/resoluciones/Notificaciones/AUTOS%202015/4006.doc HTTP/1.0" 200 174080
156.59.198.136 - - [02/Jan/2024:06:37:52 -0500] "GET /BLA/resoluciones/Notificaciones/AUTOS%202015/1054.doc HTTP/1.0" 200 162816
156.59.198.136 - - [02/Jan/2024:06:38:15 -0500] "GET /BLA/resoluciones/Notificaciones/AUTOS%202015/05547.doc HTTP/1.0" 200 143019
40.77.167.247 - - [02/Jan/2024:06:38:29 -0500] "GET /portaldeninos/humedal-el-tunjo/ HTTP/1.1" 200 87661
156.59.198.136 - - [02/Jan/2024:06:38:39 -0500] "GET /BLA/resoluciones/Notificaciones/AUTOS%202015/2555.doc HTTP/1.0" 200 187904
156.59.198.135 - - [02/Jan/2024:06:39:04 -0500] "GET /BLA/resoluciones/Notificaciones/AUTOS%202015/0600.doc HTTP/1.0" 200 154624
172.22.2.4 - - [02/Jan/2024:06:37:38 -0500] "HEAD /BLA/boletinlegal/ HTTP/1.1" 200 -
156.59.198.135 - - [02/Jan/2024:06:39:27 -0500] "GET /BLA/resoluciones/Notificaciones/AUTOS%202015/0144.doc HTTP/1.0" 200 204800
201.245.192.253 - - [02/Jan/2024:06:39:41 -0500] "POST /kwsrmcab/Wsrmcab HTTP/1.1" 200 36642
201.245.192.253 - - [02/Jan/2024:06:39:46 -0500] "POST /kwsrmcab/Wsrmcab HTTP/1.1" 200 36793
156.59.198.136 - - [02/Jan/2024:06:39:52 -0500] "GET /BLA/resoluciones/Notificaciones/AUTOS%202015/2282.doc HTTP/1.0" 200 197120
172.22.2.4 - - [02/Jan/2024:06:38:29 -0500] "GET /BLA/boletinlegal/ HTTP/1.1" 200 60910
66.249.66.19 - - [02/Jan/2024:06:40:13 -0500] "GET /resoluciones/RESOLUCIONES%202009/1584.pdf HTTP/1.1" 404 1018
156.59.198.136 - - [02/Jan/2024:06:40:17 -0500] "GET /BLA/resoluciones/Notificaciones/AUTOS%202015/1294.doc HTTP/1.0" 200 128512
173.252.79.9 - - [02/Jan/2024:06:40:25 -0500] "GET /images/negocios-verdes-mayo-2022.jpg HTTP/1.1" 200 48000
156.59.198.136 - - [02/Jan/2024:06:40:42 -0500] "GET /BLA/resoluciones/Notificaciones/AUTOS%202015/0791.doc HTTP/1.0" 200 168448
216.245.221.92 - - [02/Jan/2024:06:40:52 -0500] "HEAD / HTTP/1.1" 200 -
156.59.198.135 - - [02/Jan/2024:06:41:06 -0500] "GET /BLA/resoluciones/Notificaciones/AUTOS%202015/0202.doc HTTP/1.0" 200 155136
201.245.192.253 - - [02/Jan/2024:06:41:20 -0500] "POST /kwsrmcab/Wsrmcab  HTTP/1.1" 200 36178
156.59.198.136 - - [02/Jan/2024:06:41:30 -0500] "GET /BLA/resoluciones/Notificaciones/AUTOS%202015/0549.doc HTTP/1.0" 200 157184
173.252.107.8 - - [02/Jan/2024:06:41:40 -0500] "GET /bogota-ya-cuenta-mas-de-70-negocios-verdes-verificados.html HTTP/1.1" 200 992
156.59.198.135 - - [02/Jan/2024:06:41:54 -0500] "GET /BLA/resoluciones/Notificaciones/AUTOS%202015/0210.doc HTTP/1.0" 200 155648
156.59.198.136 - - [02/Jan/2024:06:42:18 -0500] "GET /BLA/resoluciones/Notificaciones/AUTOS%202015/5776.doc HTTP/1.0" 200 208896
156.59.198.136 - - [02/Jan/2024:06:42:42 -0500] "GET /BLA/resoluciones/Notificaciones/AUTOS%202015/07047.doc HTTP/1.0" 200 136190
156.59.198.136 - - [02/Jan/2024:06:43:06 -0500] "GET /BLA/resoluciones/Notificaciones/AUTOS%202015/06603.doc HTTP/1.0" 200 107999
156.59.198.135 - - [02/Jan/2024:06:43:31 -0500] "GET /BLA/resoluciones/Notificaciones/AUTOS%202015/03759.doc HTTP/1.0" 200 145029
102.129.252.160 - - [02/Jan/2024:06:43:39 -0500] "GET / HTTP/1.1" 200 319
94.102.61.10 - - [02/Jan/2024:06:43:39 -0500] "GET / HTTP/1.1" 200 319
156.59.198.135 - - [02/Jan/2024:06:43:55 -0500] "GET /BLA/resoluciones/Notificaciones/AUTOS%202015/0569.doc HTTP/1.0" 200 159744
156.59.198.136 - - [02/Jan/2024:06:44:19 -0500] "GET /BLA/resoluciones/Notificaciones/AUTOS%202015/06513.doc HTTP/1.0" 200 153856
156.59.198.136 - - [02/Jan/2024:06:44:44 -0500] "GET /BLA/resoluciones/Notificaciones/AUTOS%202015/06285.doc HTTP/1.0" 200 91709
52.167.144.140 - - [02/Jan/2024:06:45:05 -0500] "GET /Publicaciones/2023EE301423.pdf HTTP/1.1" 200 232112
172.22.2.4 - - [02/Jan/2024:06:43:28 -0500] "HEAD /BLA/boletinlegal/ HTTP/1.1" 200 -
156.59.198.135 - - [02/Jan/2024:06:45:09 -0500] "GET /BLA/resoluciones/Notificaciones/AUTOS%202015/3939.doc HTTP/1.0" 200 207360
156.59.198.136 - - [02/Jan/2024:06:45:32 -0500] "GET /BLA/resoluciones/Notificaciones/AUTOS%202015/1963.doc HTTP/1.0" 200 162816
216.245.221.92 - - [02/Jan/2024:06:45:52 -0500] "HEAD / HTTP/1.1" 200 -
156.59.198.136 - - [02/Jan/2024:06:45:57 -0500] "GET /BLA/resoluciones/Notificaciones/AUTOS%202015/04613.doc HTTP/1.0" 200 197397
172.22.2.4 - - [02/Jan/2024:06:44:19 -0500] "GET /BLA/boletinlegal/ HTTP/1.1" 200 58969
201.245.192.253 - - [02/Jan/2024:06:46:18 -0500] "POST /kwsrmcab/Wsrmcab  HTTP/1.1" 200 36178
156.59.198.135 - - [02/Jan/2024:06:46:21 -0500] "GET /BLA/resoluciones/Notificaciones/AUTOS%202015/06965.doc HTTP/1.0" 200 142680
47.128.19.93 - - [02/Jan/2024:06:46:48 -0500] "GET /BLA/resoluciones/dlf/unknown.png HTTP/1.1" 200 266
47.128.19.93 - - [02/Jan/2024:06:46:48 -0500] "GET /BLA/resoluciones/dlf/dirup.png HTTP/1.1" 200 644
47.128.19.93 - - [02/Jan/2024:06:46:47 -0500] "GET /BLA/resoluciones/index.php?dir=AUTOS%202006%2FAUTOS%202006%201301-1400%2F&order=desc&sort=date HTTP/1.1" 200 22001
172.22.2.4 - - [02/Jan/2024:06:46:16 -0500] "GET /BLA/boletinlegal/ HTTP/1.1" 200 24523
156.59.198.136 - - [02/Jan/2024:06:47:10 -0500] "GET /BLA/resoluciones/Notificaciones/AUTOS%202015/04987.doc HTTP/1.0" 200 88865
156.59.198.136 - - [02/Jan/2024:06:47:34 -0500] "GET /BLA/resoluciones/Notificaciones/AUTOS%202015/06952.doc HTTP/1.0" 200 137576
181.53.14.143 - - [02/Jan/2024:06:47:42 -0500] "POST /appsia/controlador HTTP/1.1" 200 4799
156.59.198.135 - - [02/Jan/2024:06:47:59 -0500] "GET /BLA/resoluciones/Notificaciones/AUTOS%202015/06786.doc HTTP/1.0" 200 150940
66.249.79.103 - - [02/Jan/2024:06:48:03 -0500] "GET /robots.txt HTTP/1.1" 404 1035
66.249.79.103 - - [02/Jan/2024:06:48:03 -0500] "GET /portaldeninos/2018/06/06/hola-mundo-3-2-2/feed/ HTTP/1.1" 200 958
40.77.167.10 - - [02/Jan/2024:06:48:06 -0500] "GET /BLA/resoluciones/AUTOS%202023/5756.pdf HTTP/1.1" 200 480057
156.59.198.136 - - [02/Jan/2024:06:48:22 -0500] "GET /BLA/resoluciones/Notificaciones/AUTOS%202015/3023.doc HTTP/1.0" 200 166912
156.59.198.135 - - [02/Jan/2024:06:48:47 -0500] "GET /BLA/resoluciones/Notificaciones/AUTOS%202015/05443.doc HTTP/1.0" 200 133187
156.59.198.135 - - [02/Jan/2024:06:49:13 -0500] "GET /BLA/resoluciones/Notificaciones/AUTOS%202015/06155.doc HTTP/1.0" 200 89272
45.66.60.13 - - [02/Jan/2024:06:49:25 -0500] "GET /BLA/boletinlegal/admin/index.php HTTP/1.1" 200 2324
67.63.189.51 - - [02/Jan/2024:06:49:29 -0500] "GET /BLA/boletinlegal/admin/index.php HTTP/1.1" 200 2324
156.59.198.135 - - [02/Jan/2024:06:49:36 -0500] "GET /BLA/resoluciones/Notificaciones/AUTOS%202015/0779.doc HTTP/1.0" 200 156672
156.59.198.135 - - [02/Jan/2024:06:50:00 -0500] "GET /BLA/resoluciones/Notificaciones/AUTOS%202015/3971.doc HTTP/1.0" 200 219136
156.59.198.135 - - [02/Jan/2024:06:50:26 -0500] "GET /BLA/resoluciones/Notificaciones/AUTOS%202015/06609.doc HTTP/1.0" 200 139486
156.59.198.136 - - [02/Jan/2024:06:50:49 -0500] "GET /BLA/resoluciones/Notificaciones/AUTOS%202015/0209.doc HTTP/1.0" 200 156160
216.245.221.92 - - [02/Jan/2024:06:50:52 -0500] "HEAD / HTTP/1.1" 200 -
172.22.2.4 - - [02/Jan/2024:06:49:18 -0500] "HEAD /BLA/boletinlegal/ HTTP/1.1" 200 -
156.59.198.135 - - [02/Jan/2024:06:51:13 -0500] "GET /BLA/resoluciones/Notificaciones/AUTOS%202015/06053.doc HTTP/1.0" 200 91977
201.245.192.253 - - [02/Jan/2024:06:51:16 -0500] "POST /kwsrmcab/Wsrmcab  HTTP/1.1" 200 36178
156.59.198.135 - - [02/Jan/2024:06:51:38 -0500] "GET /BLA/resoluciones/Notificaciones/AUTOS%202015/0950.doc HTTP/1.0" 200 189952
172.22.2.4 - - [02/Jan/2024:06:50:09 -0500] "GET /BLA/boletinlegal/ HTTP/1.1" 200 58172
156.59.198.135 - - [02/Jan/2024:06:52:02 -0500] "GET /BLA/resoluciones/Notificaciones/AUTOS%202015/0354.doc HTTP/1.0" 200 169472
52.167.144.219 - - [02/Jan/2024:06:52:07 -0500] "GET /BLA/resoluciones/AUTOS%202023/05921.pdf HTTP/1.1" 200 986288
156.59.198.135 - - [02/Jan/2024:06:52:27 -0500] "GET /BLA/resoluciones/Notificaciones/AUTOS%202015/03987.doc HTTP/1.0" 200 148276
156.59.198.135 - - [02/Jan/2024:06:52:50 -0500] "GET /BLA/resoluciones/Notificaciones/AUTOS%202015/1639.doc HTTP/1.0" 200 174592
156.59.198.136 - - [02/Jan/2024:06:53:14 -0500] "GET /BLA/resoluciones/Notificaciones/AUTOS%202015/0596.doc HTTP/1.0" 200 155136
156.59.198.135 - - [02/Jan/2024:06:53:38 -0500] "GET /BLA/resoluciones/Notificaciones/AUTOS%202015/0539.doc HTTP/1.0" 200 160256
156.59.198.136 - - [02/Jan/2024:06:54:05 -0500] "GET /BLA/resoluciones/Notificaciones/AUTOS%202015/04968.doc HTTP/1.0" 200 92817
156.59.198.136 - - [02/Jan/2024:06:54:28 -0500] "GET /BLA/resoluciones/Notificaciones/AUTOS%202015/05465.doc HTTP/1.0" 200 85754
156.59.198.135 - - [02/Jan/2024:06:54:52 -0500] "GET /BLA/resoluciones/Notificaciones/AUTOS%202015/3554.doc HTTP/1.0" 200 200192
156.59.198.136 - - [02/Jan/2024:06:55:16 -0500] "GET /BLA/resoluciones/Notificaciones/AUTOS%202015/1454.doc HTTP/1.0" 200 104448
156.59.198.136 - - [02/Jan/2024:06:55:41 -0500] "GET /BLA/resoluciones/Notificaciones/AUTOS%202015/0977.doc HTTP/1.0" 200 200704
216.245.221.92 - - [02/Jan/2024:06:55:52 -0500] "HEAD / HTTP/1.1" 200 -
182.56.241.47 - - [02/Jan/2024:06:55:57 -0500] "GET / HTTP/1.1" 200 319
182.56.241.47 - - [02/Jan/2024:06:55:57 -0500] "GET / HTTP/1.1" 200 319
156.59.198.136 - - [02/Jan/2024:06:56:05 -0500] "GET /BLA/resoluciones/Notificaciones/AUTOS%202015/05464.doc HTTP/1.0" 200 141893
201.245.192.253 - - [02/Jan/2024:06:56:15 -0500] "POST /kwsrmcab/Wsrmcab  HTTP/1.1" 200 36178
156.59.198.136 - - [02/Jan/2024:06:56:29 -0500] "GET /BLA/resoluciones/Notificaciones/AUTOS%202015/06599.doc HTTP/1.0" 200 115424
172.22.2.4 - - [02/Jan/2024:06:55:08 -0500] "HEAD /BLA/boletinlegal/ HTTP/1.1" 200 -
156.59.198.135 - - [02/Jan/2024:06:56:53 -0500] "GET /BLA/resoluciones/Notificaciones/AUTOS%202015/04013.doc HTTP/1.0" 200 156194
51.222.253.20 - - [02/Jan/2024:06:57:14 -0500] "GET /robots.txt HTTP/1.1" 404 1018
156.59.198.136 - - [02/Jan/2024:06:57:17 -0500] "GET /BLA/resoluciones/Notificaciones/AUTOS%202015/0750.doc HTTP/1.0" 200 163328
66.249.66.19 - - [02/Jan/2024:06:57:35 -0500] "GET /Publicaciones/2023EE204828.pdf HTTP/1.1" 404 228
172.22.2.4 - - [02/Jan/2024:06:55:59 -0500] "GET /BLA/boletinlegal/ HTTP/1.1" 200 60910
156.59.198.136 - - [02/Jan/2024:06:57:41 -0500] "GET /BLA/resoluciones/Notificaciones/AUTOS%202015/3274.doc HTTP/1.0" 200 168448
156.59.198.135 - - [02/Jan/2024:06:58:06 -0500] "GET /BLA/resoluciones/Notificaciones/AUTOS%202015/0136.doc HTTP/1.0" 200 195072
156.59.198.135 - - [02/Jan/2024:06:58:29 -0500] "GET /BLA/resoluciones/Notificaciones/AUTOS%202015/07075.doc HTTP/1.0" 200 137502
156.59.198.136 - - [02/Jan/2024:06:58:54 -0500] "GET /BLA/resoluciones/Notificaciones/AUTOS%202015/06607.doc HTTP/1.0" 200 112446
156.59.198.135 - - [02/Jan/2024:06:59:19 -0500] "GET /BLA/resoluciones/Notificaciones/AUTOS%202015/1638.doc HTTP/1.0" 200 168960
156.59.198.136 - - [02/Jan/2024:06:59:43 -0500] "GET /BLA/resoluciones/Notificaciones/AUTOS%202015/1394.doc HTTP/1.0" 200 148992
156.59.198.135 - - [02/Jan/2024:07:00:07 -0500] "GET /BLA/resoluciones/Notificaciones/AUTOS%202015/1399.doc HTTP/1.0" 200 150528
156.59.198.136 - - [02/Jan/2024:07:00:32 -0500] "GET /BLA/resoluciones/Notificaciones/AUTOS%202015/2592.doc HTTP/1.0" 200 166400
216.245.221.92 - - [02/Jan/2024:07:00:52 -0500] "HEAD / HTTP/1.1" 200 -
156.59.198.135 - - [02/Jan/2024:07:00:56 -0500] "GET /BLA/resoluciones/Notificaciones/AUTOS%202015/2556.doc HTTP/1.0" 200 190464
201.245.192.253 - - [02/Jan/2024:07:01:14 -0500] "POST /kwsrmcab/Wsrmcab  HTTP/1.1" 200 36178
156.59.198.135 - - [02/Jan/2024:07:01:21 -0500] "GET /BLA/resoluciones/Notificaciones/AUTOS%202015/0428.doc HTTP/1.0" 200 160768
156.59.198.135 - - [02/Jan/2024:07:01:45 -0500] "GET /BLA/resoluciones/Notificaciones/AUTOS%202015/06947.doc HTTP/1.0" 200 111234
207.46.13.130 - - [02/Jan/2024:07:01:44 -0500] "GET /portaldeninos/?s=2023 HTTP/1.1" 200 87105
156.59.198.135 - - [02/Jan/2024:07:02:09 -0500] "GET /BLA/resoluciones/Notificaciones/AUTOS%202015/4749.doc HTTP/1.0" 200 169472
156.59.198.136 - - [02/Jan/2024:07:02:34 -0500] "GET /BLA/resoluciones/Notificaciones/AUTOS%202015/05673.doc HTTP/1.0" 200 101509
172.22.2.4 - - [02/Jan/2024:07:00:58 -0500] "HEAD /BLA/boletinlegal/ HTTP/1.1" 200 -
159.69.179.16 - - [02/Jan/2024:07:02:45 -0500] "GET / HTTP/1.1" 200 319
159.69.179.16 - - [02/Jan/2024:07:02:46 -0500] "GET / HTTP/1.1" 200 4720
156.59.198.135 - - [02/Jan/2024:07:02:58 -0500] "GET /BLA/resoluciones/Notificaciones/AUTOS%202015/1934.doc HTTP/1.0" 200 167424
156.59.198.136 - - [02/Jan/2024:07:03:22 -0500] "GET /BLA/resoluciones/Notificaciones/AUTOS%202015/0205.doc HTTP/1.0" 200 155136
172.22.2.4 - - [02/Jan/2024:07:01:49 -0500] "GET /BLA/boletinlegal/ HTTP/1.1" 200 58172
156.59.198.136 - - [02/Jan/2024:07:03:46 -0500] "GET /BLA/resoluciones/Notificaciones/AUTOS%202015/06183.doc HTTP/1.0" 200 89818
40.77.167.53 - - [02/Jan/2024:07:03:46 -0500] "GET /BLA/resoluciones/AUTOS%202023/09178.pdf HTTP/1.1" 200 349595
156.59.198.135 - - [02/Jan/2024:07:04:11 -0500] "GET /BLA/resoluciones/Notificaciones/AUTOS%202015/3597.doc HTTP/1.0" 200 174592
156.59.198.135 - - [02/Jan/2024:07:04:35 -0500] "GET /BLA/resoluciones/Notificaciones/AUTOS%202015/04948.doc HTTP/1.0" 200 100151
156.59.198.135 - - [02/Jan/2024:07:05:00 -0500] "GET /BLA/resoluciones/Notificaciones/AUTOS%202015/06949.pdf HTTP/1.0" 200 327055
172.22.2.4 - - [02/Jan/2024:07:05:09 -0500] "GET /BLA/boletinlegal/normativa.php HTTP/1.1" 200 8343
172.22.2.4 - - [02/Jan/2024:07:05:09 -0500] "GET /BLA/boletinlegal/styles2.css HTTP/1.1" 200 1838
172.22.2.4 - - [02/Jan/2024:07:05:09 -0500] "GET /BLA/boletinlegal/js/ajax_normativa.js HTTP/1.1" 200 1154
172.22.2.4 - - [02/Jan/2024:07:05:10 -0500] "GET /BLA/boletinlegal/niceforms-default.css HTTP/1.1" 200 6694
172.22.2.4 - - [02/Jan/2024:07:05:10 -0500] "GET /BLA/boletinlegal/style.css HTTP/1.1" 200 9406
172.22.2.4 - - [02/Jan/2024:07:05:10 -0500] "GET /BLA/boletinlegal/niceforms.js HTTP/1.1" 200 22876
172.22.2.4 - - [02/Jan/2024:07:05:10 -0500] "GET /BLA/boletinlegal/images/cabezote%20BLEGAL.jpg HTTP/1.1" 200 118164
172.22.2.4 - - [02/Jan/2024:07:05:10 -0500] "GET /BLA/boletinlegal/images/subscribe-icon-big.png HTTP/1.1" 200 47702
172.22.2.4 - - [02/Jan/2024:07:05:10 -0500] "GET /BLA/boletinlegal/images/historia.png HTTP/1.1" 200 52775
172.22.2.4 - - [02/Jan/2024:07:05:10 -0500] "GET /BLA/boletinlegal/images/registro-usuarios.png HTTP/1.1" 200 8106
172.22.2.4 - - [02/Jan/2024:07:05:10 -0500] "GET /BLA/boletinlegal/images/tel.png HTTP/1.1" 200 14477
172.22.2.4 - - [02/Jan/2024:07:05:10 -0500] "GET /BLA/boletinlegal/images/body_bg.jpg HTTP/1.1" 200 1601
172.22.2.4 - - [02/Jan/2024:07:05:11 -0500] "GET /BLA/boletinlegal/images/menu_rght.gif HTTP/1.1" 200 1627
172.22.2.4 - - [02/Jan/2024:07:05:11 -0500] "GET /BLA/boletinlegal/images/menu_lft.gif HTTP/1.1" 200 1713
172.22.2.4 - - [02/Jan/2024:07:05:11 -0500] "GET /BLA/boletinlegal/images/bg_top.jpg HTTP/1.1" 200 522
172.22.2.4 - - [02/Jan/2024:07:05:12 -0500] "GET /BLA/boletinlegal/images/footer_bg.jpg HTTP/1.1" 200 586
172.22.2.4 - - [02/Jan/2024:07:05:12 -0500] "GET /BLA/boletinlegal/images/menu_bg.jpg HTTP/1.1" 200 620
172.22.2.4 - - [02/Jan/2024:07:05:12 -0500] "GET /BLA/boletinlegal/images/text.jpg HTTP/1.1" 200 568
172.22.2.4 - - [02/Jan/2024:07:05:12 -0500] "GET /BLA/boletinlegal/images/footer_bg_l.jpg HTTP/1.1" 200 776
172.22.2.4 - - [02/Jan/2024:07:05:12 -0500] "GET /BLA/boletinlegal/images/hover.jpg HTTP/1.1" 200 640
156.59.198.136 - - [02/Jan/2024:07:05:24 -0500] "GET /BLA/resoluciones/Notificaciones/AUTOS%202015/2726.doc HTTP/1.0" 200 184832
156.59.198.135 - - [02/Jan/2024:07:05:48 -0500] "GET /BLA/resoluciones/Notificaciones/AUTOS%202015/4302.doc HTTP/1.0" 200 194560
216.245.221.92 - - [02/Jan/2024:07:05:52 -0500] "HEAD / HTTP/1.1" 200 -
156.59.198.136 - - [02/Jan/2024:07:06:12 -0500] "GET /BLA/resoluciones/Notificaciones/AUTOS%202015/4072.doc HTTP/1.0" 200 178176
201.245.192.253 - - [02/Jan/2024:07:06:13 -0500] "POST /kwsrmcab/Wsrmcab  HTTP/1.1" 200 36178
156.59.198.135 - - [02/Jan/2024:07:06:37 -0500] "GET /BLA/resoluciones/Notificaciones/AUTOS%202015/2517.doc HTTP/1.0" 200 166912
156.59.198.136 - - [02/Jan/2024:07:07:02 -0500] "GET /BLA/resoluciones/Notificaciones/AUTOS%202015/07035.doc HTTP/1.0" 200 136392
156.59.198.135 - - [02/Jan/2024:07:07:26 -0500] "GET /BLA/resoluciones/Notificaciones/AUTOS%202015/5744.doc HTTP/1.0" 200 201216
40.77.167.53 - - [02/Jan/2024:07:07:37 -0500] "GET /Publicaciones/2023EE303529.pdf HTTP/1.1" 200 232008
156.59.198.135 - - [02/Jan/2024:07:07:50 -0500] "GET /BLA/resoluciones/Notificaciones/AUTOS%202015/04988.doc HTTP/1.0" 200 88342
156.59.198.135 - - [02/Jan/2024:07:08:15 -0500] "GET /BLA/resoluciones/Notificaciones/AUTOS%202015/0812.doc HTTP/1.0" 200 155648
172.22.2.4 - - [02/Jan/2024:07:06:48 -0500] "HEAD /BLA/boletinlegal/ HTTP/1.1" 200 -
156.59.198.136 - - [02/Jan/2024:07:08:38 -0500] "GET /BLA/resoluciones/Notificaciones/AUTOS%202015/03028.doc HTTP/1.0" 200 140296
207.46.13.150 - - [02/Jan/2024:07:08:48 -0500] "GET /BLA/resoluciones/RESOLUCIONES%202023/1423.pdf HTTP/1.1" 200 398367
156.59.198.135 - - [02/Jan/2024:07:09:03 -0500] "GET /BLA/resoluciones/Notificaciones/AUTOS%202015/05454.doc HTTP/1.0" 200 147371
172.22.2.4 - - [02/Jan/2024:07:07:39 -0500] "GET /BLA/boletinlegal/ HTTP/1.1" 200 58172
156.59.198.136 - - [02/Jan/2024:07:09:28 -0500] "GET /BLA/resoluciones/Notificaciones/AUTOS%202015/05049.doc HTTP/1.0" 200 134668
156.59.198.136 - - [02/Jan/2024:07:09:51 -0500] "GET /BLA/resoluciones/Notificaciones/AUTOS%202015/07062.doc HTTP/1.0" 200 137308
156.59.198.135 - - [02/Jan/2024:07:10:16 -0500] "GET /BLA/resoluciones/Notificaciones/AUTOS%202015/4754.doc HTTP/1.0" 200 182784
156.59.198.136 - - [02/Jan/2024:07:10:41 -0500] "GET /BLA/resoluciones/Notificaciones/AUTOS%202015/1467.doc HTTP/1.0" 200 158208
216.245.221.92 - - [02/Jan/2024:07:10:52 -0500] "HEAD / HTTP/1.1" 200 -
66.249.66.21 - - [02/Jan/2024:07:10:59 -0500] "GET /Residuos/maderas/files/guia_maderas.pdf HTTP/1.1" 200 14225972
156.59.198.136 - - [02/Jan/2024:07:11:04 -0500] "GET /BLA/resoluciones/Notificaciones/AUTOS%202015/1286.doc HTTP/1.0" 200 106496
201.245.192.253 - - [02/Jan/2024:07:11:12 -0500] "POST /kwsrmcab/Wsrmcab  HTTP/1.1" 200 36178
156.59.198.135 - - [02/Jan/2024:07:11:28 -0500] "GET /BLA/resoluciones/Notificaciones/AUTOS%202015/06578.doc HTTP/1.0" 200 98993
156.59.198.135 - - [02/Jan/2024:07:11:52 -0500] "GET /BLA/resoluciones/Notificaciones/AUTOS%202015/06983.doc HTTP/1.0" 200 136293
156.59.198.136 - - [02/Jan/2024:07:12:17 -0500] "GET /BLA/resoluciones/Notificaciones/AUTOS%202015/05707.doc HTTP/1.0" 200 92287
66.249.66.19 - - [02/Jan/2024:07:12:42 -0500] "GET /BLA/resoluciones/Notificaciones/AUTOS%202023/3234.pdf HTTP/1.1" 304 -
172.22.2.4 - - [02/Jan/2024:07:12:38 -0500] "HEAD /BLA/boletinlegal/ HTTP/1.1" 200 -
172.22.2.4 - - [02/Jan/2024:07:13:29 -0500] "GET /BLA/boletinlegal/ HTTP/1.1" 200 56478
201.245.192.253 - - [02/Jan/2024:07:15:33 -0500] "POST /kwsrmcab/Wsrmcab HTTP/1.1" 200 36663
201.245.192.253 - - [02/Jan/2024:07:15:36 -0500] "POST /kwsrmcab/Wsrmcab HTTP/1.1" 200 36827
5.196.102.66 - - [02/Jan/2024:07:15:46 -0500] "GET /favicon.ico HTTP/1.1" 200 7782
172.22.2.4 - - [02/Jan/2024:07:14:22 -0500] "GET /BLA/boletinlegal/ HTTP/1.1" 200 53195
216.245.221.92 - - [02/Jan/2024:07:15:52 -0500] "HEAD / HTTP/1.1" 200 -
201.245.192.253 - - [02/Jan/2024:07:16:11 -0500] "POST /kwsrmcab/Wsrmcab  HTTP/1.1" 200 36178
61.219.11.155 - - [02/Jan/2024:07:16:58 -0500] "\x07\x86S\xda\xebq\x8b\x98\x89\\\xc5DN{\xa3\xa3\xac\xbe2\xbc\x96\x92\xa5B\xf2\xdd\x1a\xca\x8ay \xef_\x98D[x\xed/\xca\x197\x95F\x0ey\xcd\x04\x18\xdc\x1a*\x99\x1c\xfb\x13\xed\x98Y\xf7" 400 946
201.245.192.253 - - [02/Jan/2024:07:19:42 -0500] "POST /kwsrmcab/Wsrmcab HTTP/1.1" 200 36663
201.245.192.253 - - [02/Jan/2024:07:19:46 -0500] "POST /kwsrmcab/Wsrmcab HTTP/1.1" 200 36827
172.22.2.4 - - [02/Jan/2024:07:18:28 -0500] "HEAD /BLA/boletinlegal/ HTTP/1.1" 200 -
216.245.221.92 - - [02/Jan/2024:07:20:52 -0500] "HEAD / HTTP/1.1" 200 -
172.22.2.4 - - [02/Jan/2024:07:19:19 -0500] "GET /BLA/boletinlegal/ HTTP/1.1" 200 60502
201.245.192.253 - - [02/Jan/2024:07:21:09 -0500] "POST /kwsrmcab/Wsrmcab  HTTP/1.1" 200 36178
172.22.2.4 - - [02/Jan/2024:07:22:48 -0500] "GET /BLA/boletinlegal/actos.php HTTP/1.1" 200 9648
172.22.2.4 - - [02/Jan/2024:07:22:48 -0500] "GET /BLA/boletinlegal/styles2.css HTTP/1.1" 200 1838
172.22.2.4 - - [02/Jan/2024:07:22:48 -0500] "GET /BLA/boletinlegal/js/ajax_actos.js HTTP/1.1" 200 1322
172.22.2.4 - - [02/Jan/2024:07:22:48 -0500] "GET /BLA/boletinlegal/style.css HTTP/1.1" 200 9406
172.22.2.4 - - [02/Jan/2024:07:22:48 -0500] "GET /BLA/boletinlegal/niceforms-default.css HTTP/1.1" 200 6694
172.22.2.4 - - [02/Jan/2024:07:22:48 -0500] "GET /BLA/boletinlegal/niceforms.js HTTP/1.1" 200 22876
172.22.2.4 - - [02/Jan/2024:07:22:48 -0500] "GET /BLA/boletinlegal/js/lib.js HTTP/1.1" 200 6474
172.22.2.4 - - [02/Jan/2024:07:22:48 -0500] "GET /BLA/boletinlegal/js/popup.js HTTP/1.1" 200 1270
172.22.2.4 - - [02/Jan/2024:07:22:48 -0500] "GET /BLA/boletinlegal/js/jquery1.js HTTP/1.1" 200 29846
172.22.2.4 - - [02/Jan/2024:07:22:48 -0500] "GET /BLA/boletinlegal/images/cabezote%20BLEGAL.jpg HTTP/1.1" 200 118164
172.22.2.4 - - [02/Jan/2024:07:22:48 -0500] "GET /BLA/boletinlegal/images/subscribe-icon-big.png HTTP/1.1" 200 47702
172.22.2.4 - - [02/Jan/2024:07:22:48 -0500] "GET /BLA/boletinlegal/images/historia.png HTTP/1.1" 200 52775
172.22.2.4 - - [02/Jan/2024:07:22:48 -0500] "GET /BLA/boletinlegal/images/registro-usuarios.png HTTP/1.1" 200 8106
172.22.2.4 - - [02/Jan/2024:07:22:48 -0500] "GET /BLA/boletinlegal/images/green-yellow-blue-pink-th.png HTTP/1.1" 200 7394
172.22.2.4 - - [02/Jan/2024:07:22:48 -0500] "GET /BLA/boletinlegal/images/tel.png HTTP/1.1" 200 14477
172.22.2.4 - - [02/Jan/2024:07:22:48 -0500] "GET /BLA/boletinlegal/images/icono-email.png HTTP/1.1" 200 5544
172.22.2.4 - - [02/Jan/2024:07:22:48 -0500] "GET /BLA/boletinlegal/images/body_bg.jpg HTTP/1.1" 200 1601
172.22.2.4 - - [02/Jan/2024:07:22:48 -0500] "GET /BLA/boletinlegal/images/menu_lft.gif HTTP/1.1" 200 1713
172.22.2.4 - - [02/Jan/2024:07:22:48 -0500] "GET /BLA/boletinlegal/images/menu_rght.gif HTTP/1.1" 200 1627
172.22.2.4 - - [02/Jan/2024:07:22:48 -0500] "GET /BLA/boletinlegal/images/bg_top.jpg HTTP/1.1" 200 522
172.22.2.4 - - [02/Jan/2024:07:22:48 -0500] "GET /BLA/boletinlegal/images/footer_bg.jpg HTTP/1.1" 200 586
172.22.2.4 - - [02/Jan/2024:07:22:48 -0500] "GET /BLA/boletinlegal/images/menu_bg.jpg HTTP/1.1" 200 620
172.22.2.4 - - [02/Jan/2024:07:22:48 -0500] "GET /BLA/boletinlegal/images/text.jpg HTTP/1.1" 200 568
172.22.2.4 - - [02/Jan/2024:07:22:48 -0500] "GET /BLA/boletinlegal/images/hover.jpg HTTP/1.1" 200 640
172.22.2.4 - - [02/Jan/2024:07:22:48 -0500] "GET /BLA/boletinlegal/images/footer_bg_l.jpg HTTP/1.1" 200 776
172.22.2.4 - - [02/Jan/2024:07:22:48 -0500] "GET /BLA/boletinlegal/img/0.png HTTP/1.1" 200 110
172.22.2.4 - - [02/Jan/2024:07:22:48 -0500] "GET /BLA/boletinlegal/img/select-left.png HTTP/1.1" 200 263
172.22.2.4 - - [02/Jan/2024:07:22:48 -0500] "GET /BLA/boletinlegal/img/select-right.png HTTP/1.1" 200 44019
172.22.2.4 - - [02/Jan/2024:07:22:48 -0500] "GET /BLA/boletinlegal/img/button-left.png HTTP/1.1" 200 57071
172.22.2.4 - - [02/Jan/2024:07:22:48 -0500] "GET /BLA/boletinlegal/img/button.png HTTP/1.1" 200 43241
172.22.2.4 - - [02/Jan/2024:07:22:48 -0500] "GET /BLA/boletinlegal/img/button-right.png HTTP/1.1" 200 57878
172.22.2.4 - - [02/Jan/2024:07:22:48 -0500] "GET /BLA/boletinlegal/favicon.ico HTTP/1.1" 404 1326
52.167.144.232 - - [02/Jan/2024:07:22:48 -0500] "GET /Publicaciones/2023EE300927.pdf HTTP/1.1" 200 376804
40.77.167.101 - - [02/Jan/2024:07:25:30 -0500] "GET /robots.txt HTTP/1.1" 404 1034
157.55.39.204 - - [02/Jan/2024:07:25:35 -0500] "GET /camaras-trampa-de-la-secretaria-de-ambiente-registran-fauna-en-cerros-orientales-en-areas-donde-tenemos-acuerdos-de-conservacion.html HTTP/1.1" 200 982
201.245.192.253 - - [02/Jan/2024:07:25:33 -0500] "POST /kwsrmcab/Wsrmcab HTTP/1.1" 200 36663
172.22.2.4 - - [02/Jan/2024:07:25:36 -0500] "GET /BLA/boletinlegal/logger-1.min.js HTTP/1.1" 404 1022
52.167.144.232 - - [02/Jan/2024:07:25:38 -0500] "GET /BLA/resoluciones/AUTOS%202023/05412.pdf HTTP/1.1" 200 415112
201.245.192.253 - - [02/Jan/2024:07:25:36 -0500] "POST /kwsrmcab/Wsrmcab HTTP/1.1" 200 36827
52.167.144.218 - - [02/Jan/2024:07:25:42 -0500] "GET /Publicaciones/2023EE312828.pdf HTTP/1.1" 200 232203
216.245.221.92 - - [02/Jan/2024:07:25:52 -0500] "HEAD / HTTP/1.1" 200 -
172.22.2.4 - - [02/Jan/2024:07:24:18 -0500] "HEAD /BLA/boletinlegal/ HTTP/1.1" 200 -
201.245.192.253 - - [02/Jan/2024:07:26:08 -0500] "POST /kwsrmcab/Wsrmcab  HTTP/1.1" 200 36178
172.22.2.4 - - [02/Jan/2024:07:25:09 -0500] "GET /BLA/boletinlegal/ HTTP/1.1" 200 57683
216.244.66.195 - - [02/Jan/2024:07:27:55 -0500] "GET /robots.txt HTTP/1.1" 404 1018
201.245.192.253 - - [02/Jan/2024:07:29:41 -0500] "POST /kwsrmcab/Wsrmcab HTTP/1.1" 200 36663
201.245.192.253 - - [02/Jan/2024:07:29:46 -0500] "POST /kwsrmcab/Wsrmcab HTTP/1.1" 200 36827
216.245.221.92 - - [02/Jan/2024:07:30:52 -0500] "HEAD / HTTP/1.1" 200 -
201.245.192.253 - - [02/Jan/2024:07:31:07 -0500] "POST /kwsrmcab/Wsrmcab  HTTP/1.1" 200 36178
40.77.167.36 - - [02/Jan/2024:07:31:11 -0500] "GET /BLA/resoluciones/index.php?dir=Notificaciones%2FRESOLUCIONES+2023%2F HTTP/1.1" 200 41589
172.22.2.4 - - [02/Jan/2024:07:30:08 -0500] "HEAD /BLA/boletinlegal/ HTTP/1.1" 200 -
172.22.2.4 - - [02/Jan/2024:07:30:59 -0500] "GET /BLA/boletinlegal/ HTTP/1.1" 200 58567
66.249.66.21 - - [02/Jan/2024:07:33:46 -0500] "GET /BLA/resoluciones/AUTOS%202011/7745.pdf HTTP/1.1" 200 235673
157.55.39.49 - - [02/Jan/2024:07:34:09 -0500] "GET /secretaria-de-ambiente-realizo-jornada-de-sensibilizacion-y-control-al-ruido-en-varias-zonas-de-chapinero.html HTTP/1.1" 200 1060
201.245.192.253 - - [02/Jan/2024:07:35:33 -0500] "POST /kwsrmcab/Wsrmcab HTTP/1.1" 200 36663
201.245.192.253 - - [02/Jan/2024:07:35:36 -0500] "POST /kwsrmcab/Wsrmcab HTTP/1.1" 200 36827
216.245.221.92 - - [02/Jan/2024:07:35:52 -0500] "HEAD / HTTP/1.1" 200 -
201.245.192.253 - - [02/Jan/2024:07:36:06 -0500] "POST /kwsrmcab/Wsrmcab  HTTP/1.1" 200 36178
186.102.88.18 - - [02/Jan/2024:07:37:02 -0500] "GET /kwssiamovil/sm/ldap/au?x=U2FsdGVkX1+6Q63JpwzI8SwR9QBX0kObx+7ALeEnCQVy6iGO2C6cDVmVw5Akkdzv&y=U2FsdGVkX1+c04mLzEsuBHxuFIfaBXaZdL7/E27OjODvidnXaorVMwfdJ9fiM8Tl HTTP/1.1" 200 31
186.102.88.18 - - [02/Jan/2024:07:37:21 -0500] "GET /kwssiamovil/sm/ldap/au?x=U2FsdGVkX19QKUWG4b3nJiJ2YUekRXozddHuJBiyqXDhOvwI0dVD8nGoJmgEI1Y0&y=U2FsdGVkX18IQfIJHocYMOhtCQXobhm1RXpBOIuFmArcVCVO4J7PQrjylVMl7Ucn HTTP/1.1" 200 30
186.102.88.18 - - [02/Jan/2024:07:37:21 -0500] "GET /kwssiamovil/sm/acme/s?s=U2FsdGVkX1+CekYHJUcfeL56og+3IZd4SZ0ACIQDTLzA0C2y8Dq1Smdqe7qZPK6lEoEDn75aIW2Cf1+/6ALYFSkJXJM3w7CtUF52c+znics=&u=U2FsdGVkX1+4kuevVXGI+16p+IadQCYUK5zVIBjapxkUgKnIJyO3g/rvG/dh0qMv&y=U2FsdGVkX18IQfIJHocYMOhtCQXobhm1RXpBOIuFmArcVCVO4J7PQrjylVMl7Ucn HTTP/1.1" 200 97
186.102.88.18 - - [02/Jan/2024:07:37:21 -0500] "GET /kwssiamovil/sm/acme/s?s=U2FsdGVkX18xVLHDUk6jrz8lKkgdp9mQHHz9qlCeg6HCLcxhf8mLfk4Cecltb59E3+Hd2mo7wb6er9EvAVcW4SUl9ehxV54460lenOLesrVcAgbGdPGg6LUQ5D8hW7fPiKl9UVU49xD9CAQpzbEk6OiF7i4HSUpAAILara0K17of3LdDNJcGG5cJJZJCK1ETjd9ZSjgTH2es+SPqIVoLjcCA73/YeDUAqpfJS/F7DchDmOBak2phI1lvNBAdSBAyIg7m2VtH91Hy6QKqs8kGRw/8xKFJXssLZGj8zsx31uG5aMFZH/MkHJKXWT5BeDpiNgY4gU1IpMksjtO4eEAjJySsz5x04V9KRLhgLdnTghcOag3fE4EMKYYctsoXe9Bp225QjWBUt7D0VRmPGwRqhKwqi0SYcaRPPWMTIlIyfPLd2b/qPy19VE1ggh/yIr0LWBPhZDhr8OlH8sUri6/2pgnTGpkR2JYwyekLgaUdOVTFEys3jwY2VDDaUMXSu3LQP0LHgAK+fAB/jR2WagODFQSLl3Y03F5DuF/54YHpmDDfiCw+av5f6tuAVcQNp+XbkE/Iii5SjHWqk1pHvdrd7mQyGoOsZyFgYtItcYo4FR1sJQG9GoTk8DsEObpiMJ+H5K5D226CTwqTDbYqxcJLZvrQgGADgJFdq47cInuG+HdO1cXlAVeQWVgo8xUsAg8iENPu+xERVp91Jyhri7WMWGW4ndCjmFhF0eUV7lCNlVwsWBrVecx5UriEgGtvGWFO546VlZQNnBjy8KnRgQkLSJs7f05tb+O8ScdSaLY6MrakiTd4mJfMxjaP+tY6gSr1vTtndjs/FW5nUPFIArGHDIUNx3pY8lPTRuzmkUaR6go7SL9MjskWkVwRxOw/R9lsHaPUNdbuISWjsWb5UdLpVIRWwEvcXekf439auR3aQc3Kne6vYbSUMV8y2O/4PfsCAd7TuRQYcpSYEiImhwX5QM2UgWhlJPygaS0Ncym50DGK9YX30Y+WRXwCDlW8/hLQItq7F0NSd3dTvE2HLYYLQmFuJ4CID3vwe27tiqsOztyaZ/dMHf/vOP2qiZGy+4oifLuY1W9ADW/vqli8fkquAZ6zdpK7NQEiuvEQCIF3God83hHevxdXPY8cWhan3z4dNmvUd+WQ345hSl6bNNcqGc53UrQRL8/6v5Chgboeer7awdw8NeTLhhgKWHaeEP7/vXid7TmJfNLgkPGa2vHA0+U++17XD3OTk6LKFIUcOqm40TGbth+gaWdKohfVQJ276BzuedeTRLaGjfdPHmAYHrXHAuaY29LnmMsd1WbIu6mGqjpDez/Xn3kHffIudQxDE1R5fgZIfWECcchhS+cku+JYlaAYAv3rO2kx3P/BrQtxK5fwVpVJpfcTRZmuMfa/hl0KLGVRGXTVhzt0Zy/DsZcu0tdcPOGaUDSY0sv6yzcKmWJ4+Yd17YuwQfQGCMA2nxBj9kiSxZhUz2yekgnovBDzs0cmIHqJJQ77H4OG4OIrcYlf/PIvjB3I6xYvkIMZxqnENgVj1N7vlViJBgviuJ9ttF+2fbgbH+yroKSl97YwdKywA4rVNyxUS0MwkNS6wOgEUeWDmB+5yoJTdSlx5nVWvpZSFadraV1gMkh4e3aFcDgfhikNBViTDdqjtJH5DlDqbtPIK1k1/avmGapIbca94KyruLJiYyZHI2gQ9vSe3nNyvTq2D+08KmTMnf2TDBpDkRmD56x5Tueo7HA/uX2KaSbnpVqJb3JpN/qvW0RxauYcidAV/ewGNFNXjd2S&u=U2FsdGVkX1+4kuevVXGI+16p+IadQCYUK5zVIBjapxkUgKnIJyO3g/rvG/dh0qMv&y=U2FsdGVkX18IQfIJHocYMOhtCQXobhm1RXpBOIuFmArcVCVO4J7PQrjylVMl7Ucn HTTP/1.1" 200 1716
186.102.88.18 - - [02/Jan/2024:07:37:21 -0500] "GET /kwssiamovil/sm/acme/s?s=U2FsdGVkX1/k0yZwSfisyp/ecKULrfc/XgFWA+jBSh6YC4K9HqeS8rZ2cABhPU0L7ZvmogIod6gkriDgtLYXlh4oa94Z4A2i19E8wUJqecwOeZenTVtpRHPDOFqsexpIL7CbdmUJJ8g4FgGbwmtMSZV1738WRZQ9A1u9QhdQLmM8O3J6y7oMKlR0w6P8v7b8iIjUcG7YZG44W1KqofCplRi5IFJRl1l2bRqeBf9qKmausGy/yEPMpHgrZuqo+MopIYtx2KYCjt2beur5tGg48UFie+4ZxCY6ICVeBvvxvcKZM3WuA1gHpqIyReTy61QomWMtlh7VoBCpkh8pwBHvBypTC/ai4UGLopF5lHo7agRcty6phTq9bpSfRgEr+nCnAY9GBGnaAky9TtzQZeGnSURn61swgwHWO7Pgp77qh6XpIe4Ugdm3L/sjhn2g9jNJwnx/I8A/QuLuuowNhP0pHMas4woW2cgscDq1dNwpCPjYn8YoeIFQ7BxDH364ekTOHxUDdUVE8tuAwdX3g/tD4uQCKThoT5SPPA2WV2XX2npJaXxZMNvhlyyPdUBHrGYeFjh8n/tZKLxEy/opVSaYCtT/EoTzPOMG+NGHUapr9JYrT97oWhZ5b98JZ3YgSE9dnQpI3AVtjH+P7uGfGG48rAL6jM6PNwJjNwA/UjFRCHJmzfDrfMblafxi/IhussV+TBEgu0sPeQyKWLadvvIk3ywgP8FeICuUuTOwOmZS6w0sqgueXkDauH7jT52Pchky&u=U2FsdGVkX1+4kuevVXGI+16p+IadQCYUK5zVIBjapxkUgKnIJyO3g/rvG/dh0qMv&y=U2FsdGVkX18IQfIJHocYMOhtCQXobhm1RXpBOIuFmArcVCVO4J7PQrjylVMl7Ucn HTTP/1.1" 200 208
186.102.88.18 - - [02/Jan/2024:07:37:22 -0500] "GET /kwssiamovil/sm/cjson/pre?f=1&x=U2FsdGVkX19QKUWG4b3nJiJ2YUekRXozddHuJBiyqXDhOvwI0dVD8nGoJmgEI1Y0 HTTP/1.1" 200 31032
162.55.43.55 - - [02/Jan/2024:07:37:31 -0500] "GET / HTTP/1.1" 200 4720
162.55.43.55 - - [02/Jan/2024:07:37:32 -0500] "GET / HTTP/1.1" 200 319
172.22.2.4 - - [02/Jan/2024:07:35:58 -0500] "HEAD /BLA/boletinlegal/ HTTP/1.1" 200 -
172.22.2.4 - - [02/Jan/2024:07:36:49 -0500] "GET /BLA/boletinlegal/ HTTP/1.1" 200 55725
201.245.192.253 - - [02/Jan/2024:07:39:41 -0500] "POST /kwsrmcab/Wsrmcab HTTP/1.1" 200 36663
201.245.192.253 - - [02/Jan/2024:07:39:46 -0500] "POST /kwsrmcab/Wsrmcab HTTP/1.1" 200 36827
66.249.66.21 - - [02/Jan/2024:07:40:35 -0500] "GET /BLA/resoluciones/AUTOS%202014/0441.pdf HTTP/1.1" 200 357658
216.245.221.92 - - [02/Jan/2024:07:40:52 -0500] "HEAD / HTTP/1.1" 200 -
201.245.192.253 - - [02/Jan/2024:07:41:05 -0500] "POST /kwsrmcab/Wsrmcab  HTTP/1.1" 200 36178
66.249.66.19 - - [02/Jan/2024:07:42:35 -0500] "GET /Publicaciones/2023EE235633.pdf HTTP/1.1" 404 228
172.22.2.4 - - [02/Jan/2024:07:41:48 -0500] "HEAD /BLA/boletinlegal/ HTTP/1.1" 200 -
201.245.192.253 - - [02/Jan/2024:07:43:31 -0500] "GET /appsia/controlador HTTP/1.1" 200 4799
201.245.192.253 - - [02/Jan/2024:07:43:31 -0500] "GET /appsia/scripts/validarIngreso.js HTTP/1.1" 200 851
201.245.192.253 - - [02/Jan/2024:07:43:31 -0500] "GET /appsia/css/estilos.css HTTP/1.1" 200 4804
201.245.192.253 - - [02/Jan/2024:07:43:31 -0500] "GET /appsia/images/logo_bogota_p.png HTTP/1.1" 200 14951
201.245.192.253 - - [02/Jan/2024:07:43:31 -0500] "GET /appsia/images/cabezoteHojaVida.png HTTP/1.1" 200 32493
201.245.192.253 - - [02/Jan/2024:07:43:36 -0500] "POST /appsia/controlador HTTP/1.1" 200 5437
201.245.192.253 - - [02/Jan/2024:07:43:38 -0500] "POST /appsia/controlador HTTP/1.1" 200 5437
201.245.192.253 - - [02/Jan/2024:07:43:40 -0500] "POST /appsia/controlador HTTP/1.1" 200 7787
201.245.192.253 - - [02/Jan/2024:07:43:45 -0500] "POST /appsia/controlador HTTP/1.1" 200 5252
201.245.192.253 - - [02/Jan/2024:07:43:48 -0500] "GET /appsia/controlador?comando=regresar&id=1095922057&funcionario=JUDITH+LORENA+MEDINA+ARAQUE&desde=1095922057&hasta=1095922057&version=1095922057 HTTP/1.1" 200 7787
201.245.192.253 - - [02/Jan/2024:07:43:54 -0500] "POST /appsia/controlador HTTP/1.1" 200 8068
207.46.13.126 - - [02/Jan/2024:07:43:57 -0500] "GET /BLA/resoluciones/AUTOS%202023/05428.pdf HTTP/1.1" 200 374723
201.245.192.253 - - [02/Jan/2024:07:43:57 -0500] "POST /appsia/controlador HTTP/1.1" 200 8370
201.245.192.253 - - [02/Jan/2024:07:43:59 -0500] "POST /appsia/controlador HTTP/1.1" 200 14379
201.245.192.253 - - [02/Jan/2024:07:43:59 -0500] "POST /appsia/controlador HTTP/1.1" 200 75454
172.22.2.4 - - [02/Jan/2024:07:42:39 -0500] "GET /BLA/boletinlegal/ HTTP/1.1" 200 56478
201.245.192.253 - - [02/Jan/2024:07:44:27 -0500] "POST /appsia/controlador HTTP/1.1" 200 7787
162.55.175.138 - - [02/Jan/2024:07:44:33 -0500] "GET / HTTP/1.1" 200 319
162.55.175.138 - - [02/Jan/2024:07:44:33 -0500] "GET / HTTP/1.1" 200 4720
201.245.192.253 - - [02/Jan/2024:07:44:43 -0500] "POST /appsia/controlador HTTP/1.1" 200 8068
201.245.192.253 - - [02/Jan/2024:07:44:45 -0500] "POST /appsia/controlador HTTP/1.1" 200 11725
207.46.13.126 - - [02/Jan/2024:07:44:47 -0500] "GET /Publicaciones/2023EE312724.pdf HTTP/1.1" 200 764022
201.245.192.253 - - [02/Jan/2024:07:45:05 -0500] "POST /appsia/controlador HTTP/1.1" 200 76000
201.245.192.253 - - [02/Jan/2024:07:45:24 -0500] "GET /sipse/faces/index.xhtml HTTP/1.1" 200 677
201.245.192.253 - - [02/Jan/2024:07:45:24 -0500] "GET /sipse/faces/javax.faces.resource/theme.css?ln=primefaces-sipse HTTP/1.1" 200 50058
201.245.192.253 - - [02/Jan/2024:07:45:25 -0500] "GET /sipse/faces/faces/autenticacion.xhtml HTTP/1.1" 200 12409
201.245.192.253 - - [02/Jan/2024:07:45:25 -0500] "GET /sipse/js/disable_browser_buttons.js HTTP/1.1" 200 3230
201.245.192.253 - - [02/Jan/2024:07:45:25 -0500] "GET /sipse/js/funciones.js HTTP/1.1" 200 12592
201.245.192.253 - - [02/Jan/2024:07:45:25 -0500] "GET /sipse/css/custom_css_sg.css HTTP/1.1" 200 9694
201.245.192.253 - - [02/Jan/2024:07:45:25 -0500] "GET /sipse/css/custom_css_sg_prime_login.css HTTP/1.1" 200 443
201.245.192.253 - - [02/Jan/2024:07:45:25 -0500] "GET /sipse/faces/javax.faces.resource/theme.css?ln=primefaces-sipse HTTP/1.1" 304 -
201.245.192.253 - - [02/Jan/2024:07:45:25 -0500] "GET /sipse/faces/javax.faces.resource/layout/layout.css?ln=primefaces&v=4.0 HTTP/1.1" 200 542
201.245.192.253 - - [02/Jan/2024:07:45:25 -0500] "GET /sipse/faces/javax.faces.resource/jquery/jquery.js?ln=primefaces&v=4.0 HTTP/1.1" 200 105384
201.245.192.253 - - [02/Jan/2024:07:45:25 -0500] "GET /sipse/faces/javax.faces.resource/layout/layout.js?ln=primefaces&v=4.0 HTTP/1.1" 200 87560
201.245.192.253 - - [02/Jan/2024:07:45:25 -0500] "GET /sipse/faces/javax.faces.resource/jquery/jquery-plugins.js?ln=primefaces&v=4.0 HTTP/1.1" 200 220526
201.245.192.253 - - [02/Jan/2024:07:45:25 -0500] "GET /sipse/faces/javax.faces.resource/primefaces.js?ln=primefaces&v=4.0 HTTP/1.1" 200 276924
201.245.192.253 - - [02/Jan/2024:07:45:25 -0500] "GET /sipse/faces/javax.faces.resource/primefaces.css?ln=primefaces&v=4.0 HTTP/1.1" 200 53295
201.245.192.253 - - [02/Jan/2024:07:45:25 -0500] "GET /sipse/css/imagen/logoSDG.png HTTP/1.1" 200 53064
201.245.192.253 - - [02/Jan/2024:07:45:25 -0500] "GET /sipse/faces/javax.faces.resource/images/ui-icons_898989_256x240.png?ln=primefaces-aristo HTTP/1.1" 200 5355
201.245.192.253 - - [02/Jan/2024:07:45:25 -0500] "GET /sipse/css/imagen/loginimg.png HTTP/1.1" 200 71635
201.245.192.253 - - [02/Jan/2024:07:45:28 -0500] "POST /sipse/faces/autenticacion.xhtml HTTP/1.1" 200 2212
201.245.192.253 - - [02/Jan/2024:07:45:28 -0500] "GET /sipse/faces/javax.faces.resource/messages/messages.png?ln=primefaces&v=4.0 HTTP/1.1" 200 27209
201.245.192.253 - - [02/Jan/2024:07:45:28 -0500] "POST /appsia/controlador HTTP/1.1" 200 7787
201.245.192.253 - - [02/Jan/2024:07:45:31 -0500] "POST /sipse/faces/autenticacion.xhtml HTTP/1.1" 200 12854
201.245.192.253 - - [02/Jan/2024:07:45:31 -0500] "GET /sipse/css/custom_css_sg_prime.css HTTP/1.1" 200 5201
201.245.192.253 - - [02/Jan/2024:07:45:31 -0500] "GET /sipse/faces/javax.faces.resource/theme.css?ln=primefaces-sipse HTTP/1.1" 304 -
201.245.192.253 - - [02/Jan/2024:07:45:31 -0500] "GET /sipse/faces/javax.faces.resource/primefaces.css?ln=primefaces&v=4.0 HTTP/1.1" 304 -
201.245.192.253 - - [02/Jan/2024:07:45:31 -0500] "GET /sipse/faces/javax.faces.resource/layout/layout.css?ln=primefaces&v=4.0 HTTP/1.1" 304 -
201.245.192.253 - - [02/Jan/2024:07:45:31 -0500] "GET /sipse/faces/javax.faces.resource/jquery/jquery.js?ln=primefaces&v=4.0 HTTP/1.1" 304 -
201.245.192.253 - - [02/Jan/2024:07:45:31 -0500] "GET /sipse/faces/javax.faces.resource/jquery/jquery-plugins.js?ln=primefaces&v=4.0 HTTP/1.1" 304 -
201.245.192.253 - - [02/Jan/2024:07:45:31 -0500] "GET /sipse/faces/javax.faces.resource/primefaces.js?ln=primefaces&v=4.0 HTTP/1.1" 304 -
201.245.192.253 - - [02/Jan/2024:07:45:31 -0500] "GET /sipse/faces/javax.faces.resource/layout/layout.js?ln=primefaces&v=4.0 HTTP/1.1" 304 -
201.245.192.253 - - [02/Jan/2024:07:45:32 -0500] "POST /appsia/controlador HTTP/1.1" 200 6660
201.245.192.253 - - [02/Jan/2024:07:45:33 -0500] "POST /appsia/controlador HTTP/1.1" 200 10945
201.245.192.253 - - [02/Jan/2024:07:45:34 -0500] "POST /appsia/controlador HTTP/1.1" 200 75906
201.245.192.253 - - [02/Jan/2024:07:45:52 -0500] "POST /sipse/faces/presentacion/sistema/seguridad/seleccionRol.xhtml HTTP/1.1" 200 7225
216.245.221.92 - - [02/Jan/2024:07:45:52 -0500] "HEAD / HTTP/1.1" 200 -
201.245.192.253 - - [02/Jan/2024:07:45:52 -0500] "POST /sipse/faces/presentacion/sistema/seguridad/seleccionRol.xhtml HTTP/1.1" 200 16459
201.245.192.253 - - [02/Jan/2024:07:45:52 -0500] "GET /sipse/faces/javax.faces.resource/theme.css?ln=primefaces-sipse HTTP/1.1" 304 -
201.245.192.253 - - [02/Jan/2024:07:45:52 -0500] "GET /sipse/faces/javax.faces.resource/primefaces.css?ln=primefaces&v=4.0 HTTP/1.1" 304 -
201.245.192.253 - - [02/Jan/2024:07:45:52 -0500] "GET /sipse/faces/javax.faces.resource/layout/layout.css?ln=primefaces&v=4.0 HTTP/1.1" 304 -
201.245.192.253 - - [02/Jan/2024:07:45:52 -0500] "GET /sipse/js/jquery.min.js HTTP/1.1" 200 85582
201.245.192.253 - - [02/Jan/2024:07:45:52 -0500] "GET /sipse/faces/javax.faces.resource/jquery/jquery.js?ln=primefaces&v=4.0 HTTP/1.1" 304 -
201.245.192.253 - - [02/Jan/2024:07:45:52 -0500] "GET /sipse/faces/javax.faces.resource/jquery/jquery-plugins.js?ln=primefaces&v=4.0 HTTP/1.1" 304 -
201.245.192.253 - - [02/Jan/2024:07:45:53 -0500] "GET /sipse/faces/javax.faces.resource/primefaces.js?ln=primefaces&v=4.0 HTTP/1.1" 304 -
201.245.192.253 - - [02/Jan/2024:07:45:53 -0500] "GET /sipse/faces/javax.faces.resource/layout/layout.js?ln=primefaces&v=4.0 HTTP/1.1" 304 -
201.245.192.253 - - [02/Jan/2024:07:45:53 -0500] "GET /sipse/css/v_mergente.css HTTP/1.1" 200 1505
201.245.192.253 - - [02/Jan/2024:07:45:53 -0500] "GET /sipse/css/imagen/contrasena.png HTTP/1.1" 404 383
201.245.192.253 - - [02/Jan/2024:07:45:53 -0500] "GET /sipse/imagenes/cargando.gif HTTP/1.1" 200 36959
201.245.192.253 - - [02/Jan/2024:07:45:53 -0500] "GET /sipse/imagenes/logoAplicacion.jpg HTTP/1.1" 200 155084
201.245.192.253 - - [02/Jan/2024:07:45:57 -0500] "POST /appsia/controlador HTTP/1.1" 200 7787
201.245.192.253 - - [02/Jan/2024:07:46:04 -0500] "POST /appsia/controlador HTTP/1.1" 200 6660
201.245.192.253 - - [02/Jan/2024:07:46:05 -0500] "POST /appsia/controlador HTTP/1.1" 200 10945
201.245.192.253 - - [02/Jan/2024:07:46:05 -0500] "POST /kwsrmcab/Wsrmcab  HTTP/1.1" 200 36178
201.245.192.253 - - [02/Jan/2024:07:46:07 -0500] "POST /appsia/controlador HTTP/1.1" 200 75905
49.36.168.179 - - [02/Jan/2024:07:46:21 -0500] "GET /portaldeninos/wp-content/uploads/2020/01/Fauna-gif.gif HTTP/1.1" 200 25013
201.245.192.253 - - [02/Jan/2024:07:46:25 -0500] "GET /sipse/faces/javax.faces.resource/images/ui-bg_flat_0_2d5972_40x100.png?ln=primefaces-aristo HTTP/1.1" 200 183
201.245.192.253 - - [02/Jan/2024:07:46:25 -0500] "POST /sipse/faces/bienvenido.xhtml HTTP/1.1" 200 2073
201.245.192.253 - - [02/Jan/2024:07:46:26 -0500] "POST /sipse/faces/bienvenido.xhtml HTTP/1.1" 200 39098
201.245.192.253 - - [02/Jan/2024:07:46:26 -0500] "GET /sipse/faces/javax.faces.resource/theme.css?ln=primefaces-sipse HTTP/1.1" 304 -
201.245.192.253 - - [02/Jan/2024:07:46:26 -0500] "GET /sipse/faces/javax.faces.resource/primefaces.css?ln=primefaces&v=4.0 HTTP/1.1" 304 -
201.245.192.253 - - [02/Jan/2024:07:46:26 -0500] "GET /sipse/faces/javax.faces.resource/layout/layout.css?ln=primefaces&v=4.0 HTTP/1.1" 304 -
201.245.192.253 - - [02/Jan/2024:07:46:26 -0500] "GET /sipse/faces/javax.faces.resource/jquery/jquery.js?ln=primefaces&v=4.0 HTTP/1.1" 304 -
201.245.192.253 - - [02/Jan/2024:07:46:26 -0500] "GET /sipse/faces/javax.faces.resource/jquery/jquery-plugins.js?ln=primefaces&v=4.0 HTTP/1.1" 304 -
201.245.192.253 - - [02/Jan/2024:07:46:26 -0500] "GET /sipse/faces/javax.faces.resource/primefaces.js?ln=primefaces&v=4.0 HTTP/1.1" 304 -
201.245.192.253 - - [02/Jan/2024:07:46:26 -0500] "GET /sipse/faces/javax.faces.resource/layout/layout.js?ln=primefaces&v=4.0 HTTP/1.1" 304 -
201.245.192.253 - - [02/Jan/2024:07:46:30 -0500] "POST /sipse/faces/presentacion/financiero/solicitudProceso/consultar.xhtml HTTP/1.1" 200 12900
201.245.192.253 - - [02/Jan/2024:07:46:34 -0500] "POST /sipse/faces/presentacion/financiero/solicitudProceso/consultar.xhtml HTTP/1.1" 200 119025
201.245.192.253 - - [02/Jan/2024:07:46:35 -0500] "GET /sipse/faces/javax.faces.resource/theme.css?ln=primefaces-sipse HTTP/1.1" 304 -
201.245.192.253 - - [02/Jan/2024:07:46:35 -0500] "GET /sipse/faces/javax.faces.resource/layout/layout.css?ln=primefaces&v=4.0 HTTP/1.1" 304 -
201.245.192.253 - - [02/Jan/2024:07:46:35 -0500] "GET /sipse/faces/javax.faces.resource/primefaces.css?ln=primefaces&v=4.0 HTTP/1.1" 304 -
201.245.192.253 - - [02/Jan/2024:07:46:35 -0500] "GET /sipse/faces/javax.faces.resource/jquery/jquery.js?ln=primefaces&v=4.0 HTTP/1.1" 304 -
201.245.192.253 - - [02/Jan/2024:07:46:35 -0500] "GET /sipse/faces/javax.faces.resource/jquery/jquery-plugins.js?ln=primefaces&v=4.0 HTTP/1.1" 304 -
201.245.192.253 - - [02/Jan/2024:07:46:35 -0500] "GET /sipse/faces/javax.faces.resource/primefaces.js?ln=primefaces&v=4.0 HTTP/1.1" 304 -
