201.245.192.253 - - [02/Jan/2024:15:48:48 -0500] "GET /BLA/resoluciones/RESOLUCIONES%202018/1193.pdf HTTP/1.1" 200 895511
201.245.192.253 - - [02/Jan/2024:15:48:53 -0500] "POST /kwsrmcab/Wsrmcab  HTTP/1.1" 200 40636
156.59.198.136 - - [02/Jan/2024:15:49:00 -0500] "GET /BLA/resoluciones/RESOLUCIONES%202011/5155.pdf HTTP/1.0" 200 318065
201.245.192.253 - - [02/Jan/2024:15:49:06 -0500] "GET /sipse/faces/index.xhtml HTTP/1.1" 200 677
201.245.192.253 - - [02/Jan/2024:15:49:07 -0500] "GET /sipse/faces/javax.faces.resource/theme.css?ln=primefaces-sipse HTTP/1.1" 200 50058
201.245.192.253 - - [02/Jan/2024:15:49:07 -0500] "GET /favicon.ico HTTP/1.1" 200 7782
201.245.192.253 - - [02/Jan/2024:15:49:15 -0500] "GET /sipse/faces/index.xhtml HTTP/1.1" 200 677
201.245.192.253 - - [02/Jan/2024:15:49:15 -0500] "GET /sipse/faces/javax.faces.resource/theme.css?ln=primefaces-sipse HTTP/1.1" 304 -
156.59.198.136 - - [02/Jan/2024:15:49:25 -0500] "GET /BLA/resoluciones/RESOLUCIONES%202011/4382.pdf HTTP/1.0" 200 1001666
201.245.192.253 - - [02/Jan/2024:15:49:27 -0500] "GET /sipse/faces/index.xhtml HTTP/1.1" 200 677
201.245.192.253 - - [02/Jan/2024:15:49:27 -0500] "GET /sipse/faces/javax.faces.resource/theme.css?ln=primefaces-sipse HTTP/1.1" 304 -
201.245.192.253 - - [02/Jan/2024:15:49:45 -0500] "GET /sipse/faces/index.xhtml HTTP/1.1" 200 677
201.245.192.253 - - [02/Jan/2024:15:49:45 -0500] "GET /sipse/faces/javax.faces.resource/theme.css?ln=primefaces-sipse HTTP/1.1" 304 -
156.59.198.135 - - [02/Jan/2024:15:49:48 -0500] "GET /BLA/resoluciones/RESOLUCIONES%202011/5289.pdf HTTP/1.0" 200 400394
191.156.42.120 - - [02/Jan/2024:15:50:01 -0500] "POST /sipse/faces/presentacion/financiero/solicitudProceso/consultarSolicitudProceso.xhtml HTTP/1.1" 200 911
156.59.198.135 - - [02/Jan/2024:15:50:13 -0500] "GET /BLA/resoluciones/RESOLUCIONES%202011/4856.pdf HTTP/1.0" 200 1020779
156.59.198.136 - - [02/Jan/2024:15:50:37 -0500] "GET /BLA/resoluciones/RESOLUCIONES%202011/4003.pdf HTTP/1.0" 200 682099
201.245.192.253 - - [02/Jan/2024:15:50:47 -0500] "POST /sipse/faces/presentacion/financiero/solicitudProceso/consultarSolicitudProceso.xhtml HTTP/1.1" 200 42520
201.245.192.253 - - [02/Jan/2024:15:50:47 -0500] "GET /sipse/faces/javax.faces.resource/theme.css?ln=primefaces-sipse HTTP/1.1" 304 -
201.245.192.253 - - [02/Jan/2024:15:50:47 -0500] "GET /sipse/faces/javax.faces.resource/layout/layout.css?ln=primefaces&v=4.0 HTTP/1.1" 304 -
201.245.192.253 - - [02/Jan/2024:15:50:47 -0500] "GET /sipse/faces/javax.faces.resource/primefaces.css?ln=primefaces&v=4.0 HTTP/1.1" 304 -
201.245.192.253 - - [02/Jan/2024:15:50:47 -0500] "GET /sipse/css/imagen/contrasena.png HTTP/1.1" 404 383
201.245.192.253 - - [02/Jan/2024:15:50:47 -0500] "GET /sipse/faces/javax.faces.resource/jquery/jquery.js?ln=primefaces&v=4.0 HTTP/1.1" 304 -
201.245.192.253 - - [02/Jan/2024:15:50:47 -0500] "GET /sipse/faces/javax.faces.resource/jquery/jquery-plugins.js?ln=primefaces&v=4.0 HTTP/1.1" 304 -
201.245.192.253 - - [02/Jan/2024:15:50:47 -0500] "GET /sipse/faces/javax.faces.resource/primefaces.js?ln=primefaces&v=4.0 HTTP/1.1" 304 -
201.245.192.253 - - [02/Jan/2024:15:50:47 -0500] "GET /sipse/faces/javax.faces.resource/layout/layout.js?ln=primefaces&v=4.0 HTTP/1.1" 304 -
201.245.192.253 - - [02/Jan/2024:15:50:47 -0500] "POST /sipse/faces/presentacion/financiero/solicitudProceso/listarSolicitudProceso.xhtml HTTP/1.1" 200 35790
201.245.192.253 - - [02/Jan/2024:15:50:47 -0500] "POST /sipse/faces/presentacion/financiero/solicitudProceso/listarSolicitudProceso.xhtml HTTP/1.1" 200 35790
201.245.192.253 - - [02/Jan/2024:15:50:48 -0500] "POST /sipse/faces/presentacion/financiero/solicitudProceso/listarSolicitudProceso.xhtml HTTP/1.1" 200 35790
201.245.192.253 - - [02/Jan/2024:15:50:48 -0500] "POST /sipse/faces/presentacion/financiero/solicitudProceso/listarSolicitudProceso.xhtml HTTP/1.1" 200 35790
201.245.192.253 - - [02/Jan/2024:15:50:48 -0500] "POST /sipse/faces/presentacion/financiero/solicitudProceso/listarSolicitudProceso.xhtml HTTP/1.1" 200 35790
201.245.192.253 - - [02/Jan/2024:15:50:48 -0500] "POST /sipse/faces/presentacion/financiero/solicitudProceso/listarSolicitudProceso.xhtml HTTP/1.1" 200 1396
201.245.192.253 - - [02/Jan/2024:15:50:48 -0500] "POST /sipse/faces/presentacion/financiero/solicitudProceso/listarSolicitudProceso.xhtml HTTP/1.1" 200 1392
201.245.192.253 - - [02/Jan/2024:15:50:49 -0500] "POST /sipse/faces/presentacion/financiero/solicitudProceso/listarSolicitudProceso.xhtml HTTP/1.1" 200 1400
201.245.192.253 - - [02/Jan/2024:15:50:49 -0500] "POST /sipse/faces/presentacion/financiero/solicitudProceso/listarSolicitudProceso.xhtml HTTP/1.1" 200 1392
201.245.192.253 - - [02/Jan/2024:15:50:49 -0500] "POST /sipse/faces/presentacion/financiero/solicitudProceso/listarSolicitudProceso.xhtml HTTP/1.1" 200 1400
201.245.192.253 - - [02/Jan/2024:15:50:49 -0500] "POST /sipse/faces/presentacion/financiero/solicitudProceso/listarSolicitudProceso.xhtml HTTP/1.1" 200 1392
201.245.192.253 - - [02/Jan/2024:15:50:50 -0500] "POST /sipse/faces/presentacion/financiero/solicitudProceso/listarSolicitudProceso.xhtml HTTP/1.1" 200 1400
216.245.221.92 - - [02/Jan/2024:15:50:51 -0500] "HEAD / HTTP/1.1" 200 -
201.245.192.253 - - [02/Jan/2024:15:50:54 -0500] "POST /sipse/faces/presentacion/financiero/solicitudProceso/listarSolicitudProceso.xhtml HTTP/1.1" 200 46070
201.245.192.253 - - [02/Jan/2024:15:50:54 -0500] "GET /sipse/faces/javax.faces.resource/theme.css?ln=primefaces-sipse HTTP/1.1" 304 -
201.245.192.253 - - [02/Jan/2024:15:50:54 -0500] "GET /sipse/faces/javax.faces.resource/primefaces.css?ln=primefaces&v=4.0 HTTP/1.1" 304 -
201.245.192.253 - - [02/Jan/2024:15:50:54 -0500] "GET /sipse/faces/javax.faces.resource/layout/layout.css?ln=primefaces&v=4.0 HTTP/1.1" 304 -
201.245.192.253 - - [02/Jan/2024:15:50:54 -0500] "GET /sipse/faces/javax.faces.resource/jquery/jquery.js?ln=primefaces&v=4.0 HTTP/1.1" 304 -
201.245.192.253 - - [02/Jan/2024:15:50:54 -0500] "GET /sipse/faces/javax.faces.resource/jquery/jquery-plugins.js?ln=primefaces&v=4.0 HTTP/1.1" 304 -
201.245.192.253 - - [02/Jan/2024:15:50:54 -0500] "GET /sipse/faces/javax.faces.resource/primefaces.js?ln=primefaces&v=4.0 HTTP/1.1" 304 -
201.245.192.253 - - [02/Jan/2024:15:50:54 -0500] "GET /sipse/faces/javax.faces.resource/layout/layout.js?ln=primefaces&v=4.0 HTTP/1.1" 304 -
201.245.192.253 - - [02/Jan/2024:15:50:54 -0500] "GET /sipse/css/imagen/contrasena.png HTTP/1.1" 404 383
201.245.192.253 - - [02/Jan/2024:15:50:54 -0500] "POST /sipse/faces/presentacion/financiero/solicitudProceso/consultar.xhtml HTTP/1.1" 200 39366
201.245.192.253 - - [02/Jan/2024:15:50:54 -0500] "POST /sipse/faces/presentacion/financiero/solicitudProceso/consultar.xhtml HTTP/1.1" 200 39366
201.245.192.253 - - [02/Jan/2024:15:50:54 -0500] "POST /sipse/faces/presentacion/financiero/solicitudProceso/consultar.xhtml HTTP/1.1" 200 39366
201.245.192.253 - - [02/Jan/2024:15:50:54 -0500] "POST /sipse/faces/presentacion/financiero/solicitudProceso/consultar.xhtml HTTP/1.1" 200 39366
201.245.192.253 - - [02/Jan/2024:15:50:55 -0500] "POST /sipse/faces/presentacion/financiero/solicitudProceso/consultar.xhtml HTTP/1.1" 200 39366
201.245.192.253 - - [02/Jan/2024:15:50:55 -0500] "POST /sipse/faces/presentacion/financiero/solicitudProceso/consultar.xhtml HTTP/1.1" 200 39366
172.22.2.4 - - [02/Jan/2024:15:50:57 -0500] "GET /BLA/boletinlegal/jurisprudencia.php HTTP/1.1" 200 17583
201.245.192.253 - - [02/Jan/2024:15:50:58 -0500] "POST /sipse/faces/presentacion/financiero/solicitudProceso/consultar.xhtml HTTP/1.1" 200 12740
156.59.198.136 - - [02/Jan/2024:15:51:01 -0500] "GET /BLA/resoluciones/RESOLUCIONES%202011/5975.pdf HTTP/1.0" 200 523287
172.22.2.4 - - [02/Jan/2024:15:51:26 -0500] "GET /BLA/boletinlegal/js/lib.js HTTP/1.1" 200 6474
156.59.198.135 - - [02/Jan/2024:15:51:26 -0500] "GET /BLA/resoluciones/RESOLUCIONES%202011/4755.pdf HTTP/1.0" 200 584480
172.22.2.4 - - [02/Jan/2024:15:51:32 -0500] "GET /BLA/boletinlegal/js/jquery1.js HTTP/1.1" 200 29846
172.22.2.4 - - [02/Jan/2024:15:51:32 -0500] "GET /BLA/boletinlegal/js/popup.js HTTP/1.1" 200 1270
40.77.167.235 - - [02/Jan/2024:15:51:47 -0500] "GET /Publicaciones/2023EE311563.pdf HTTP/1.1" 200 375529
156.59.198.136 - - [02/Jan/2024:15:51:50 -0500] "GET /BLA/resoluciones/RESOLUCIONES%202011/3983.pdf HTTP/1.0" 200 820648
156.59.198.135 - - [02/Jan/2024:15:52:15 -0500] "GET /BLA/resoluciones/RESOLUCIONES%202011/6044.pdf HTTP/1.0" 200 739894
156.59.198.136 - - [02/Jan/2024:15:52:39 -0500] "GET /BLA/resoluciones/RESOLUCIONES%202011/4641.pdf HTTP/1.0" 200 584680
173.252.95.13 - - [02/Jan/2024:15:52:55 -0500] "GET /images/arbol%20centro.jpg HTTP/1.1" 200 69467
173.252.95.15 - - [02/Jan/2024:15:52:55 -0500] "GET /images/terrazas%20verdes.jpg HTTP/1.1" 200 63951
173.252.95.3 - - [02/Jan/2024:15:52:55 -0500] "GET /images/Aves%20SDA.jpeg HTTP/1.1" 200 75104
173.252.95.1 - - [02/Jan/2024:15:52:57 -0500] "GET /images/agua%20bogota.jpg HTTP/1.1" 200 74348
173.252.95.3 - - [02/Jan/2024:15:52:57 -0500] "GET /images/Musgo%2017%20-%2012%20-%202023.jpeg HTTP/1.1" 200 66238
173.252.95.6 - - [02/Jan/2024:15:52:57 -0500] "GET /images/participacion%2019-12-23.jpg HTTP/1.1" 200 73861
173.252.95.15 - - [02/Jan/2024:15:52:57 -0500] "GET /images/PREAD%20SDA%201.jpeg HTTP/1.1" 200 65620
173.252.95.10 - - [02/Jan/2024:15:52:57 -0500] "GET /images/reconocimiento%20practicas%20ambientales.jpg HTTP/1.1" 200 63397
173.252.95.10 - - [02/Jan/2024:15:52:58 -0500] "GET /images/calidad-aire.jpg HTTP/1.1" 200 42421
173.252.95.117 - - [02/Jan/2024:15:53:02 -0500] "GET /images/Zorro%20cangrejero.jpg HTTP/1.1" 200 40050
156.59.198.136 - - [02/Jan/2024:15:53:03 -0500] "GET /BLA/resoluciones/RESOLUCIONES%202011/4775.pdf HTTP/1.0" 200 548102
8.242.188.130 - - [02/Jan/2024:15:53:07 -0500] "POST /sipse/faces/presentacion/financiero/solicitudProceso/consultarSolicitudProceso.xhtml HTTP/1.1" 200 193
8.242.188.130 - - [02/Jan/2024:15:53:07 -0500] "POST /sipse/faces/presentacion/financiero/solicitudProceso/consultarSolicitudProceso.xhtml HTTP/1.1" 200 193
8.242.188.130 - - [02/Jan/2024:15:53:07 -0500] "GET /sipse/faces/presentacion/financiero/solicitudAnulacion/consultarSolicitudAnulacion.xhtml HTTP/1.1" 200 16132
8.242.188.130 - - [02/Jan/2024:15:53:07 -0500] "GET /sipse/faces/presentacion/financiero/solicitudAnulacion/consultarSolicitudAnulacion.xhtml HTTP/1.1" 200 35385
8.242.188.130 - - [02/Jan/2024:15:53:08 -0500] "POST /sipse/faces/presentacion/financiero/solicitudProceso/consultarSolicitudProceso.xhtml HTTP/1.1" 200 193
8.242.188.130 - - [02/Jan/2024:15:53:08 -0500] "GET /sipse/faces/javax.faces.resource/theme.css?ln=primefaces-sipse HTTP/1.1" 304 -
8.242.188.130 - - [02/Jan/2024:15:53:08 -0500] "GET /sipse/faces/javax.faces.resource/primefaces.css?ln=primefaces&v=4.0 HTTP/1.1" 304 -
8.242.188.130 - - [02/Jan/2024:15:53:08 -0500] "GET /sipse/faces/javax.faces.resource/jquery/jquery.js?ln=primefaces&v=4.0 HTTP/1.1" 304 -
8.242.188.130 - - [02/Jan/2024:15:53:08 -0500] "GET /sipse/faces/javax.faces.resource/layout/layout.css?ln=primefaces&v=4.0 HTTP/1.1" 304 -
8.242.188.130 - - [02/Jan/2024:15:53:08 -0500] "GET /sipse/faces/javax.faces.resource/jquery/jquery-plugins.js?ln=primefaces&v=4.0 HTTP/1.1" 304 -
8.242.188.130 - - [02/Jan/2024:15:53:08 -0500] "GET /sipse/faces/javax.faces.resource/primefaces.js?ln=primefaces&v=4.0 HTTP/1.1" 304 -
8.242.188.130 - - [02/Jan/2024:15:53:08 -0500] "GET /sipse/faces/javax.faces.resource/layout/layout.js?ln=primefaces&v=4.0 HTTP/1.1" 304 -
8.242.188.130 - - [02/Jan/2024:15:53:08 -0500] "GET /sipse/faces/javax.faces.resource/images/ui-icons_898989_256x240.png?ln=primefaces-aristo HTTP/1.1" 304 -
173.252.95.1 - - [02/Jan/2024:15:53:08 -0500] "GET /images/cuerpos%20de%20agua%20en%20humedales-19-10.jpg HTTP/1.1" 200 73528
8.242.188.130 - - [02/Jan/2024:15:53:08 -0500] "GET /sipse/faces/javax.faces.resource/images/ui-bg_flat_0_2d5972_40x100.png?ln=primefaces-aristo HTTP/1.1" 304 -
8.242.188.130 - - [02/Jan/2024:15:53:08 -0500] "POST /sipse/faces/presentacion/financiero/solicitudAnulacion/consultarSolicitudAnulacion.xhtml HTTP/1.1" 200 10620
8.242.188.130 - - [02/Jan/2024:15:53:11 -0500] "POST /sipse/faces/presentacion/financiero/solicitudAnulacion/consultarSolicitudAnulacion.xhtml HTTP/1.1" 200 16989
8.242.188.130 - - [02/Jan/2024:15:53:13 -0500] "POST /sipse/faces/presentacion/financiero/solicitudAnulacion/consultarSolicitudAnulacion.xhtml HTTP/1.1" 200 39392
8.242.188.130 - - [02/Jan/2024:15:53:13 -0500] "GET /sipse/faces/javax.faces.resource/fileupload/fileupload.css?ln=primefaces&v=4.0 HTTP/1.1" 304 -
8.242.188.130 - - [02/Jan/2024:15:53:13 -0500] "GET /sipse/faces/javax.faces.resource/jquery/jquery.js?ln=primefaces&v=4.0 HTTP/1.1" 304 -
8.242.188.130 - - [02/Jan/2024:15:53:13 -0500] "GET /sipse/faces/javax.faces.resource/jquery/jquery-plugins.js?ln=primefaces&v=4.0 HTTP/1.1" 304 -
8.242.188.130 - - [02/Jan/2024:15:53:13 -0500] "GET /sipse/faces/javax.faces.resource/primefaces.js?ln=primefaces&v=4.0 HTTP/1.1" 304 -
8.242.188.130 - - [02/Jan/2024:15:53:13 -0500] "GET /sipse/faces/javax.faces.resource/layout/layout.js?ln=primefaces&v=4.0 HTTP/1.1" 304 -
8.242.188.130 - - [02/Jan/2024:15:53:13 -0500] "GET /sipse/faces/javax.faces.resource/fileupload/fileupload.js?ln=primefaces&v=4.0 HTTP/1.1" 304 -
156.59.198.136 - - [02/Jan/2024:15:53:28 -0500] "GET /BLA/resoluciones/RESOLUCIONES%202011/5246.pdf HTTP/1.0" 200 617684
172.22.2.4 - - [02/Jan/2024:15:51:51 -0500] "HEAD /BLA/boletinlegal/ HTTP/1.1" 200 -
156.59.198.135 - - [02/Jan/2024:15:53:52 -0500] "GET /BLA/resoluciones/RESOLUCIONES%202011/5940.pdf HTTP/1.0" 200 1254664
201.245.192.253 - - [02/Jan/2024:15:53:52 -0500] "POST /kwsrmcab/Wsrmcab  HTTP/1.1" 200 40636
172.22.2.4 - - [02/Jan/2024:15:54:02 -0500] "GET /BLA/boletinlegal/favicon.ico HTTP/1.1" 404 1350
156.59.198.136 - - [02/Jan/2024:15:54:17 -0500] "GET /BLA/resoluciones/RESOLUCIONES%202011/3919.pdf HTTP/1.0" 200 518158
172.22.2.4 - - [02/Jan/2024:15:52:42 -0500] "GET /BLA/boletinlegal/ HTTP/1.1" 200 58567
156.59.198.136 - - [02/Jan/2024:15:54:41 -0500] "GET /BLA/resoluciones/RESOLUCIONES%202011/4235.pdf HTTP/1.0" 200 617928
156.59.198.136 - - [02/Jan/2024:15:55:05 -0500] "GET /BLA/resoluciones/RESOLUCIONES%202011/5211.pdf HTTP/1.0" 200 356329
186.28.198.117 - - [02/Jan/2024:15:55:22 -0500] "GET /catalogoisis/ HTTP/1.1" 200 8575
186.28.198.117 - - [02/Jan/2024:15:55:22 -0500] "GET /catalogoisis/Css/Busqueda.css HTTP/1.1" 200 1995
186.28.198.117 - - [02/Jan/2024:15:55:22 -0500] "GET /catalogoisis/Js/AceptarLimpiar.js HTTP/1.1" 200 331
186.28.198.117 - - [02/Jan/2024:15:55:22 -0500] "GET /catalogoisis/Js/LimpiarCombinada.js HTTP/1.1" 200 207
186.28.198.117 - - [02/Jan/2024:15:55:22 -0500] "GET /catalogoisis/Js/CriterioCombinada.js HTTP/1.1" 200 1843
186.28.198.117 - - [02/Jan/2024:15:55:22 -0500] "GET /catalogoisis/Js/Cookies.js HTTP/1.1" 200 1369
186.28.198.117 - - [02/Jan/2024:15:55:22 -0500] "GET /catalogoisis/Js/Numero.js HTTP/1.1" 200 398
186.28.198.117 - - [02/Jan/2024:15:55:22 -0500] "GET /catalogoisis/Js/Go.js HTTP/1.1" 200 364
186.28.198.117 - - [02/Jan/2024:15:55:22 -0500] "GET /catalogoisis/Js/Remote.js HTTP/1.1" 200 436
186.28.198.117 - - [02/Jan/2024:15:55:22 -0500] "GET /catalogoisis/Js/Enter.js HTTP/1.1" 200 1208
186.28.198.117 - - [02/Jan/2024:15:55:22 -0500] "GET /catalogoisis/imagenes/br1c1.gif HTTP/1.1" 200 172
186.28.198.117 - - [02/Jan/2024:15:55:22 -0500] "GET /catalogoisis/imagenes/br1c3.gif HTTP/1.1" 200 302
186.28.198.117 - - [02/Jan/2024:15:55:22 -0500] "GET /catalogoisis/imagenes/Turnbo1.gif HTTP/1.1" 200 227
186.28.198.117 - - [02/Jan/2024:15:55:22 -0500] "GET /catalogoisis/imagenes/aceptar1.gif HTTP/1.1" 200 604
186.28.198.117 - - [02/Jan/2024:15:55:22 -0500] "GET /catalogoisis/imagenes/limpiar1.gif HTTP/1.1" 200 606
186.28.198.117 - - [02/Jan/2024:15:55:22 -0500] "GET /catalogoisis/imagenes/br3c1.gif HTTP/1.1" 200 177
186.28.198.117 - - [02/Jan/2024:15:55:22 -0500] "GET /catalogoisis/imagenes/br3c2.gif HTTP/1.1" 200 285
186.28.198.117 - - [02/Jan/2024:15:55:22 -0500] "GET /catalogoisis/imagenes/br3c3.gif HTTP/1.1" 200 186
186.28.198.117 - - [02/Jan/2024:15:55:22 -0500] "GET /catalogoisis/imagenes/br2c1.gif HTTP/1.1" 200 297
186.28.198.117 - - [02/Jan/2024:15:55:22 -0500] "GET /catalogoisis/imagenes/br2c2.gif HTTP/1.1" 200 302
186.28.198.117 - - [02/Jan/2024:15:55:22 -0500] "GET /catalogoisis/imagenes/br1c2.gif HTTP/1.1" 200 297
186.28.198.117 - - [02/Jan/2024:15:55:22 -0500] "GET /catalogoisis/imagenes/br2c3.gif HTTP/1.1" 200 416
186.28.198.117 - - [02/Jan/2024:15:55:22 -0500] "GET /catalogoisis/imagenes/Header.gif HTTP/1.1" 200 27040
186.28.198.117 - - [02/Jan/2024:15:55:22 -0500] "GET /favicon.ico HTTP/1.1" 200 7782
186.28.198.117 - - [02/Jan/2024:15:55:23 -0500] "GET /catalogoisis/imagenes/limpiar2.gif HTTP/1.1" 200 589
156.59.198.136 - - [02/Jan/2024:15:55:29 -0500] "GET /BLA/resoluciones/RESOLUCIONES%202011/5321.pdf HTTP/1.0" 200 561066
201.245.192.253 - - [02/Jan/2024:15:55:36 -0500] "GET /appsia/controlador HTTP/1.1" 200 4799
45.70.171.82 - - [02/Jan/2024:15:55:44 -0500] "GET /kwssiamovil/sm/ldap/au?x=U2FsdGVkX1/QHdsPa5aT8H3jANwChjifuyOZcwGEUMywz1Iw7cuIiM7j1q/bPvbu&y=U2FsdGVkX1/OetrTNAOYfqJYegK287qFFrmFwsrZJmU= HTTP/1.1" 200 30
45.70.171.82 - - [02/Jan/2024:15:55:45 -0500] "GET /kwssiamovil/sm/acme/s?s=U2FsdGVkX1+niitKVxezFN6819D4ioWpoAwDuv9b6WMapmijXbmAgk4DeUpgifauvAeQdGAXa3D0a7V/2+svWRQBKIuSxqrttVc04zZBp0A=&u=U2FsdGVkX1/CwA5qhDN/LbB5G6JC3KO9vvtUbRwDEhE=&y=U2FsdGVkX1/OetrTNAOYfqJYegK287qFFrmFwsrZJmU= HTTP/1.1" 200 97
45.70.171.82 - - [02/Jan/2024:15:55:45 -0500] "GET /kwssiamovil/sm/acme/s?s=U2FsdGVkX1+g2/vx4F3+3rdi+lUt/XdzsC2CMjqKG6VHXgbtCLJsYec72uzzImgpURTsuwsem2dOfdgSrJLqYaUNz3NmO+UC/GcQwKHEg0g5bQXszlMiCIiQ0pqMz00YoXnx5mkmwglO6+T9AWU5qYDM5K5aOm4e3ZhwO8gI1iNmaMRbBqVC2qdWP7Dz3mVIBs0FNx63Pic9nOfaH9dHTxfUxp15zI2p450UopFlpXfLZH5GPhKC4/9CcpRpRbwS3f8Pwf6jRJcLPm5DnU63QjzWJgs/MenLzLURvb+y/lBuV3dyrQsOrcTJe4rn+lbSYTUoKyrluFaBzoXaalg18Z+iaCq05tACAhBecaCzGZDwJm0liOHNkgru6llc/0XWGSgVGfXdGGtWF6iRKIEaDgu/uwsdaYcVJ8UYppd6putAOJvf5/uS0pagmQ5n7K33VLRQzVaAdYLbAiIeZYPkedYSXgJHqFtbvUf+PkLtm0CaZmAC42SK6dmIB5WIeBmGxQxfjBORxxybiL63rLeAIl2A5W+PsF8SmG6qzENuraeHvq9nPUXyLAl2n904ibsCU26som8Ue7VsvJYT+Yz1PkwTFvTEowPiS3Gkiw7xtN9DchTi15WKk/lDt+m+pRbTOB27xUYFzFgSMhXqG8JrBujjupIGUmD9AWpRBJgz+qH/3lre5hsMsLOVEFXdfP9iS/Fzwx1ysoS65aQ51jym5u+NZupicfDNhkhsE7PJVuzkbVX1YWS1fFXZI62HzYwbXzXbrt+lnzpukgtoU7UvL7RGt3Wc9XxpOr/rLObP6akFJQutb4iMuM+OPZhBk0iBfcq7vfyv/Fvcz/4nt4BC0IK/LuCg4xcvLaN5YI2fnADn5S8tI7lXjWufvur6pHx4KQD9Y3LwREpzDUcvt7clbXM0hK1T/U5MSAxaDHNw/BVEMDrHHSuETYfO9ZuskI7pd6BbxC7RmxBMHlf7c/T7rdmyzL5plw/S1eDnaQJxzF/hcADYOSnQ2gxaH5QUbf2pa3LHJd3++HI0gEKYY/DUINqlsTdXYW5cjTBVQlBgGJD/sbpxVFsvKJMECHxZ67IlD2kF6ajPgZsVaA/Ulp5WCQEolMCU8rkTjpnoV9Pg48YBiiGQFr9e7inRRM0E2qUL+3S6sYwt8qJErHBlJ4E9VpqEU6C7Q4zbdT2eVV1QfqcvTtQDMXnqwn/zBXI1H8EQHdd4dxxFtGLQW2arSRbURST2Blwr46hNXUM/f+pcdylCQmP4440nPddrq2fWVl5qPt30Dk/89oyacqi6OFP83MG71jbEA4DSox52E0s9wi/P3kbqF889NmEVBdnWhtAQPEQQKfHMVb0RkNHyRuI6zsTkHQdOK3GFy4q7mVDASiWcmI85JGMEQeuyU6FK6iNopdq+Ze060MSZOOr55cCGW8otFmWmTCBp5m0GVJgm+Fs=&u=U2FsdGVkX1/CwA5qhDN/LbB5G6JC3KO9vvtUbRwDEhE=&y=U2FsdGVkX1/OetrTNAOYfqJYegK287qFFrmFwsrZJmU= HTTP/1.1" 200 3133
45.70.171.82 - - [02/Jan/2024:15:55:45 -0500] "GET /kwssiamovil/sm/acme/s?s=U2FsdGVkX18gBZx44v++iBdJMRspL2RbwLT9zs0cE8AD0RLnhPlw8jMNxzDHogFM+LjKJbLYKDR0wZGb4RKhPgVxyPaGJaLTL8ENVYxqvFiHcNwhEDamW3spVTDKWEwc5ihpQKMeSt7bgrZoPUdTWAQpTfLcTNVbjGNKEDYEwR4WTUDL86uklsybdke/Tynkw0PjGMO1VFtL2gsMWUFrF5CLHOvsRnlmV4qPsPzLLeveqYrDdG5pouJDVnMjdOHTEP4VF+ifhuJkUk9ycpI8J+BZwoVRA4fo+Xq3sWmhdiabReaMoRsFKhnp3rxZn1iCb/c66vhKFhYhGxbMuQ0/QA==&u=U2FsdGVkX1/CwA5qhDN/LbB5G6JC3KO9vvtUbRwDEhE=&y=U2FsdGVkX1/OetrTNAOYfqJYegK287qFFrmFwsrZJmU= HTTP/1.1" 200 196
45.70.171.82 - - [02/Jan/2024:15:55:45 -0500] "GET /kwssiamovil/sm/cjson/pre?f=1&x=U2FsdGVkX1/QHdsPa5aT8H3jANwChjifuyOZcwGEUMywz1Iw7cuIiM7j1q/bPvbu HTTP/1.1" 200 31032
201.245.192.253 - - [02/Jan/2024:15:55:48 -0500] "POST /appsia/controlador HTTP/1.1" 200 5437
201.245.192.253 - - [02/Jan/2024:15:55:49 -0500] "POST /appsia/controlador HTTP/1.1" 200 82864
216.245.221.92 - - [02/Jan/2024:15:55:51 -0500] "HEAD / HTTP/1.1" 200 -
156.59.198.135 - - [02/Jan/2024:15:55:53 -0500] "GET /BLA/resoluciones/RESOLUCIONES%202011/4865.pdf HTTP/1.0" 200 569586
156.59.198.135 - - [02/Jan/2024:15:56:18 -0500] "GET /BLA/resoluciones/RESOLUCIONES%202011/3675.pdf HTTP/1.0" 200 550388
156.59.198.135 - - [02/Jan/2024:15:56:42 -0500] "GET /BLA/resoluciones/RESOLUCIONES%202011/5976.pdf HTTP/1.0" 200 514190
191.95.52.183 - - [02/Jan/2024:15:56:55 -0500] "GET /sipse/faces/faces/index.xhtml HTTP/1.1" 200 677
191.95.52.183 - - [02/Jan/2024:15:56:56 -0500] "GET /sipse/faces/javax.faces.resource/theme.css?ln=primefaces-sipse HTTP/1.1" 304 -
191.95.52.183 - - [02/Jan/2024:15:56:56 -0500] "GET /sipse/faces/faces/faces/autenticacion.xhtml HTTP/1.1" 200 12409
191.95.52.183 - - [02/Jan/2024:15:56:56 -0500] "GET /sipse/js/disable_browser_buttons.js HTTP/1.1" 304 -
191.95.52.183 - - [02/Jan/2024:15:56:56 -0500] "GET /sipse/faces/javax.faces.resource/theme.css?ln=primefaces-sipse HTTP/1.1" 304 -
191.95.52.183 - - [02/Jan/2024:15:56:56 -0500] "GET /sipse/faces/javax.faces.resource/primefaces.css?ln=primefaces&v=4.0 HTTP/1.1" 304 -
191.95.52.183 - - [02/Jan/2024:15:56:56 -0500] "GET /sipse/js/funciones.js HTTP/1.1" 304 -
191.95.52.183 - - [02/Jan/2024:15:56:56 -0500] "GET /sipse/css/custom_css_sg.css HTTP/1.1" 304 -
191.95.52.183 - - [02/Jan/2024:15:56:56 -0500] "GET /sipse/css/custom_css_sg_prime_login.css HTTP/1.1" 304 -
191.95.52.183 - - [02/Jan/2024:15:56:56 -0500] "GET /sipse/faces/javax.faces.resource/layout/layout.css?ln=primefaces&v=4.0 HTTP/1.1" 304 -
191.95.52.183 - - [02/Jan/2024:15:56:56 -0500] "GET /sipse/faces/javax.faces.resource/primefaces.js?ln=primefaces&v=4.0 HTTP/1.1" 304 -
191.95.52.183 - - [02/Jan/2024:15:56:56 -0500] "GET /sipse/faces/javax.faces.resource/layout/layout.js?ln=primefaces&v=4.0 HTTP/1.1" 304 -
191.95.52.183 - - [02/Jan/2024:15:56:56 -0500] "GET /sipse/faces/javax.faces.resource/jquery/jquery-plugins.js?ln=primefaces&v=4.0 HTTP/1.1" 304 -
191.95.52.183 - - [02/Jan/2024:15:56:56 -0500] "GET /sipse/faces/javax.faces.resource/jquery/jquery.js?ln=primefaces&v=4.0 HTTP/1.1" 304 -
191.95.52.183 - - [02/Jan/2024:15:56:56 -0500] "GET /sipse/css/imagen/logoSDG.png HTTP/1.1" 304 -
191.95.52.183 - - [02/Jan/2024:15:56:56 -0500] "GET /sipse/css/imagen/loginimg.png HTTP/1.1" 304 -
191.95.52.183 - - [02/Jan/2024:15:56:56 -0500] "GET /sipse/faces/javax.faces.resource/images/ui-icons_898989_256x240.png?ln=primefaces-aristo HTTP/1.1" 304 -
191.95.52.183 - - [02/Jan/2024:15:57:06 -0500] "POST /sipse/faces/autenticacion.xhtml HTTP/1.1" 200 16282
191.95.52.183 - - [02/Jan/2024:15:57:06 -0500] "GET /sipse/faces/javax.faces.resource/primefaces.css?ln=primefaces&v=4.0 HTTP/1.1" 304 -
191.95.52.183 - - [02/Jan/2024:15:57:06 -0500] "GET /sipse/faces/javax.faces.resource/layout/layout.css?ln=primefaces&v=4.0 HTTP/1.1" 304 -
191.95.52.183 - - [02/Jan/2024:15:57:06 -0500] "GET /sipse/faces/javax.faces.resource/theme.css?ln=primefaces-sipse HTTP/1.1" 304 -
191.95.52.183 - - [02/Jan/2024:15:57:06 -0500] "GET /sipse/css/custom_css_sg_prime.css HTTP/1.1" 304 -
191.95.52.183 - - [02/Jan/2024:15:57:06 -0500] "GET /sipse/js/jquery.min.js HTTP/1.1" 304 -
191.95.52.183 - - [02/Jan/2024:15:57:06 -0500] "GET /sipse/faces/javax.faces.resource/jquery/jquery.js?ln=primefaces&v=4.0 HTTP/1.1" 304 -
191.95.52.183 - - [02/Jan/2024:15:57:06 -0500] "GET /sipse/faces/javax.faces.resource/jquery/jquery-plugins.js?ln=primefaces&v=4.0 HTTP/1.1" 304 -
156.59.198.136 - - [02/Jan/2024:15:57:06 -0500] "GET /BLA/resoluciones/RESOLUCIONES%202011/3751.pdf HTTP/1.0" 200 457149
191.95.52.183 - - [02/Jan/2024:15:57:06 -0500] "GET /sipse/faces/javax.faces.resource/primefaces.js?ln=primefaces&v=4.0 HTTP/1.1" 304 -
191.95.52.183 - - [02/Jan/2024:15:57:06 -0500] "GET /sipse/faces/javax.faces.resource/layout/layout.js?ln=primefaces&v=4.0 HTTP/1.1" 304 -
191.95.52.183 - - [02/Jan/2024:15:57:06 -0500] "GET /sipse/css/v_mergente.css HTTP/1.1" 304 -
191.95.52.183 - - [02/Jan/2024:15:57:06 -0500] "GET /sipse/imagenes/logoAplicacion.jpg HTTP/1.1" 304 -
191.95.52.183 - - [02/Jan/2024:15:57:06 -0500] "GET /sipse/imagenes/cargando.gif HTTP/1.1" 304 -
191.95.52.183 - - [02/Jan/2024:15:57:06 -0500] "GET /sipse/css/imagen/contrasena.png HTTP/1.1" 304 -
191.95.52.183 - - [02/Jan/2024:15:57:06 -0500] "GET /sipse/faces/javax.faces.resource/images/ui-icons_898989_256x240.png?ln=primefaces-aristo HTTP/1.1" 304 -
191.95.52.183 - - [02/Jan/2024:15:57:06 -0500] "GET /sipse/faces/javax.faces.resource/messages/messages.png?ln=primefaces&v=4.0 HTTP/1.1" 304 -
156.59.198.135 - - [02/Jan/2024:15:57:30 -0500] "GET /BLA/resoluciones/RESOLUCIONES%202011/3501.pdf HTTP/1.0" 200 720866
156.59.198.136 - - [02/Jan/2024:15:57:56 -0500] "GET /BLA/resoluciones/RESOLUCIONES%202011/5707.pdf HTTP/1.0" 200 706527
156.59.198.135 - - [02/Jan/2024:15:58:19 -0500] "GET /BLA/resoluciones/RESOLUCIONES%202011/6050.pdf HTTP/1.0" 200 302148
191.156.177.178 - - [02/Jan/2024:15:58:40 -0500] "GET /sipse/faces/index.xhtml HTTP/1.1" 200 677
191.156.177.178 - - [02/Jan/2024:15:58:40 -0500] "GET /sipse/faces/javax.faces.resource/theme.css?ln=primefaces-sipse HTTP/1.1" 304 -
191.156.177.178 - - [02/Jan/2024:15:58:40 -0500] "GET /sipse/faces/faces/autenticacion.xhtml HTTP/1.1" 200 12418
191.156.177.178 - - [02/Jan/2024:15:58:40 -0500] "GET /sipse/faces/javax.faces.resource/theme.css?ln=primefaces-sipse HTTP/1.1" 304 -
191.156.186.5 - - [02/Jan/2024:15:58:40 -0500] "GET /sipse/faces/javax.faces.resource/primefaces.css?ln=primefaces&v=4.0 HTTP/1.1" 304 -
191.156.177.178 - - [02/Jan/2024:15:58:41 -0500] "GET /sipse/faces/javax.faces.resource/layout/layout.css?ln=primefaces&v=4.0 HTTP/1.1" 304 -
191.156.181.41 - - [02/Jan/2024:15:58:41 -0500] "GET /sipse/faces/javax.faces.resource/jquery/jquery.js?ln=primefaces&v=4.0 HTTP/1.1" 304 -
191.156.181.214 - - [02/Jan/2024:15:58:41 -0500] "GET /sipse/faces/javax.faces.resource/primefaces.js?ln=primefaces&v=4.0 HTTP/1.1" 304 -
191.156.186.5 - - [02/Jan/2024:15:58:41 -0500] "GET /sipse/faces/javax.faces.resource/jquery/jquery-plugins.js?ln=primefaces&v=4.0 HTTP/1.1" 304 -
191.156.183.140 - - [02/Jan/2024:15:58:41 -0500] "GET /sipse/faces/javax.faces.resource/layout/layout.js?ln=primefaces&v=4.0 HTTP/1.1" 304 -
191.156.183.140 - - [02/Jan/2024:15:58:41 -0500] "GET /sipse/faces/javax.faces.resource/images/ui-icons_898989_256x240.png?ln=primefaces-aristo HTTP/1.1" 304 -
156.59.198.135 - - [02/Jan/2024:15:58:43 -0500] "GET /BLA/resoluciones/RESOLUCIONES%202011/4525.pdf HTTP/1.0" 200 618376
201.245.192.253 - - [02/Jan/2024:15:58:49 -0500] "POST /kwsrmcab/Wsrmcab  HTTP/1.1" 200 40636
5.161.69.95 - - [02/Jan/2024:15:58:51 -0500] "GET /portaldeninos/2021/05/18/mas-alla-de-tus-pies-aprende-a-reconocer-algunas-flores-en-humedales-para-que-tambien-las-protejas/ HTTP/1.1" 200 104516
192.168.169.26 - - [02/Jan/2024:15:59:04 -0500] "GET /distrito-exalto-a-246-empresas-de-bogota-por-su-alto-desempeno-y-responsabilidad-ambiental-durante-2023.html HTTP/1.1" 200 1039
191.156.181.41 - - [02/Jan/2024:15:59:09 -0500] "POST /sipse/faces/autenticacion.xhtml HTTP/1.1" 200 2224
191.156.181.41 - - [02/Jan/2024:15:59:09 -0500] "GET /sipse/faces/javax.faces.resource/messages/messages.png?ln=primefaces&v=4.0 HTTP/1.1" 304 -
156.59.198.136 - - [02/Jan/2024:15:59:09 -0500] "GET /BLA/resoluciones/RESOLUCIONES%202011/5116.pdf HTTP/1.0" 200 338165
191.156.181.41 - - [02/Jan/2024:15:59:11 -0500] "POST /sipse/faces/autenticacion.xhtml HTTP/1.1" 200 16492
191.156.181.41 - - [02/Jan/2024:15:59:11 -0500] "GET /sipse/faces/javax.faces.resource/theme.css?ln=primefaces-sipse HTTP/1.1" 304 -
191.156.181.214 - - [02/Jan/2024:15:59:11 -0500] "GET /sipse/faces/javax.faces.resource/jquery/jquery.js?ln=primefaces&v=4.0 HTTP/1.1" 304 -
191.156.181.41 - - [02/Jan/2024:15:59:11 -0500] "GET /sipse/faces/javax.faces.resource/primefaces.css?ln=primefaces&v=4.0 HTTP/1.1" 304 -
191.156.181.41 - - [02/Jan/2024:15:59:11 -0500] "GET /sipse/faces/javax.faces.resource/layout/layout.css?ln=primefaces&v=4.0 HTTP/1.1" 304 -
191.156.181.41 - - [02/Jan/2024:15:59:11 -0500] "GET /sipse/faces/javax.faces.resource/jquery/jquery-plugins.js?ln=primefaces&v=4.0 HTTP/1.1" 304 -
191.156.181.41 - - [02/Jan/2024:15:59:11 -0500] "GET /sipse/faces/javax.faces.resource/primefaces.js?ln=primefaces&v=4.0 HTTP/1.1" 304 -
191.156.181.41 - - [02/Jan/2024:15:59:12 -0500] "GET /sipse/faces/javax.faces.resource/layout/layout.js?ln=primefaces&v=4.0 HTTP/1.1" 304 -
191.156.181.41 - - [02/Jan/2024:15:59:12 -0500] "GET /sipse/css/imagen/contrasena.png HTTP/1.1" 404 383
172.22.2.4 - - [02/Jan/2024:15:57:41 -0500] "HEAD /BLA/boletinlegal/ HTTP/1.1" 200 -
191.156.181.41 - - [02/Jan/2024:15:59:23 -0500] "GET /sipse/faces/javax.faces.resource/images/ui-bg_flat_0_2d5972_40x100.png?ln=primefaces-aristo HTTP/1.1" 304 -
191.156.181.41 - - [02/Jan/2024:15:59:23 -0500] "POST /sipse/faces/bienvenido.xhtml HTTP/1.1" 200 2658
191.95.52.183 - - [02/Jan/2024:15:59:27 -0500] "GET /sipse/faces/javax.faces.resource/images/ui-bg_flat_0_2d5972_40x100.png?ln=primefaces-aristo HTTP/1.1" 304 -
191.95.52.183 - - [02/Jan/2024:15:59:27 -0500] "POST /sipse/faces/bienvenido.xhtml HTTP/1.1" 200 1471
191.95.52.183 - - [02/Jan/2024:15:59:32 -0500] "POST /sipse/faces/bienvenido.xhtml HTTP/1.1" 200 34446
156.59.198.135 - - [02/Jan/2024:15:59:32 -0500] "GET /BLA/resoluciones/RESOLUCIONES%202011/4514.pdf HTTP/1.0" 200 442265
191.95.52.183 - - [02/Jan/2024:15:59:32 -0500] "GET /sipse/faces/javax.faces.resource/theme.css?ln=primefaces-sipse HTTP/1.1" 304 -
191.95.52.183 - - [02/Jan/2024:15:59:33 -0500] "GET /sipse/faces/javax.faces.resource/layout/layout.css?ln=primefaces&v=4.0 HTTP/1.1" 304 -
191.95.52.183 - - [02/Jan/2024:15:59:33 -0500] "GET /sipse/faces/javax.faces.resource/primefaces.css?ln=primefaces&v=4.0 HTTP/1.1" 304 -
191.95.52.183 - - [02/Jan/2024:15:59:33 -0500] "GET /sipse/faces/javax.faces.resource/jquery/jquery.js?ln=primefaces&v=4.0 HTTP/1.1" 304 -
191.95.52.183 - - [02/Jan/2024:15:59:33 -0500] "GET /sipse/faces/javax.faces.resource/jquery/jquery-plugins.js?ln=primefaces&v=4.0 HTTP/1.1" 304 -
191.95.52.183 - - [02/Jan/2024:15:59:33 -0500] "GET /sipse/faces/javax.faces.resource/primefaces.js?ln=primefaces&v=4.0 HTTP/1.1" 304 -
191.95.52.183 - - [02/Jan/2024:15:59:33 -0500] "GET /sipse/faces/javax.faces.resource/layout/layout.js?ln=primefaces&v=4.0 HTTP/1.1" 304 -
191.95.52.183 - - [02/Jan/2024:15:59:33 -0500] "GET /sipse/faces/javax.faces.resource/images/ui-icons_898989_256x240.png?ln=primefaces-aristo HTTP/1.1" 304 -
191.95.52.183 - - [02/Jan/2024:15:59:33 -0500] "POST /sipse/faces/presentacion/financiero/solicitudProceso/listarSolicitudProceso.xhtml HTTP/1.1" 200 1396
191.156.181.41 - - [02/Jan/2024:15:59:38 -0500] "POST /sipse/faces/bienvenido.xhtml HTTP/1.1" 200 64722
191.156.181.41 - - [02/Jan/2024:15:59:39 -0500] "GET /sipse/faces/javax.faces.resource/theme.css?ln=primefaces-sipse HTTP/1.1" 304 -
191.156.181.41 - - [02/Jan/2024:15:59:39 -0500] "GET /sipse/faces/javax.faces.resource/primefaces.css?ln=primefaces&v=4.0 HTTP/1.1" 304 -
191.156.191.25 - - [02/Jan/2024:15:59:39 -0500] "GET /sipse/faces/javax.faces.resource/layout/layout.css?ln=primefaces&v=4.0 HTTP/1.1" 304 -
191.156.181.41 - - [02/Jan/2024:15:59:39 -0500] "GET /sipse/faces/javax.faces.resource/jquery/jquery.js?ln=primefaces&v=4.0 HTTP/1.1" 304 -
191.156.181.41 - - [02/Jan/2024:15:59:39 -0500] "GET /sipse/faces/javax.faces.resource/jquery/jquery-plugins.js?ln=primefaces&v=4.0 HTTP/1.1" 304 -
191.156.181.41 - - [02/Jan/2024:15:59:39 -0500] "GET /sipse/faces/javax.faces.resource/primefaces.js?ln=primefaces&v=4.0 HTTP/1.1" 304 -
191.156.181.41 - - [02/Jan/2024:15:59:39 -0500] "GET /sipse/faces/javax.faces.resource/layout/layout.js?ln=primefaces&v=4.0 HTTP/1.1" 304 -
191.156.181.41 - - [02/Jan/2024:15:59:39 -0500] "POST /sipse/faces/presentacion/financiero/solicitudProceso/listarSolicitudProceso.xhtml HTTP/1.1" 200 1564
156.59.198.136 - - [02/Jan/2024:15:59:57 -0500] "GET /BLA/resoluciones/RESOLUCIONES%202011/5048.pdf HTTP/1.0" 200 453493
172.22.2.4 - - [02/Jan/2024:15:58:32 -0500] "GET /BLA/boletinlegal/ HTTP/1.1" 200 60502
47.128.113.143 - - [02/Jan/2024:16:00:24 -0500] "GET /BLA/resoluciones/dlf/dirup.png HTTP/1.1" 200 644
47.128.113.143 - - [02/Jan/2024:16:00:24 -0500] "GET /BLA/resoluciones/dlf/unknown.png HTTP/1.1" 200 266
47.128.113.143 - - [02/Jan/2024:16:00:23 -0500] "GET /BLA/resoluciones/index.php?dir=RESOLUCIONES%202005%2FRES%202005%203101-3150%2F&order=desc&sort=size HTTP/1.1" 200 12366
156.59.198.136 - - [02/Jan/2024:16:00:47 -0500] "GET /BLA/resoluciones/RESOLUCIONES%202011/6145.pdf HTTP/1.0" 200 373865
216.245.221.92 - - [02/Jan/2024:16:00:51 -0500] "HEAD / HTTP/1.1" 200 -
156.59.198.136 - - [02/Jan/2024:16:01:10 -0500] "GET /BLA/resoluciones/RESOLUCIONES%202011/6810.pdf HTTP/1.0" 200 1714239
191.156.183.140 - - [02/Jan/2024:16:01:15 -0500] "POST /sipse/faces/presentacion/financiero/solicitudProceso/listarSolicitudProceso.xhtml HTTP/1.1" 200 56289
191.156.183.140 - - [02/Jan/2024:16:01:16 -0500] "POST /sipse/faces/presentacion/financiero/solicitudProceso/listarSolicitudProceso.xhtml HTTP/1.1" 200 56301
191.156.183.140 - - [02/Jan/2024:16:01:16 -0500] "POST /sipse/faces/presentacion/financiero/solicitudProceso/listarSolicitudProceso.xhtml HTTP/1.1" 200 1596
191.156.183.140 - - [02/Jan/2024:16:01:17 -0500] "POST /sipse/faces/presentacion/financiero/solicitudProceso/listarSolicitudProceso.xhtml HTTP/1.1" 200 1608
191.156.183.140 - - [02/Jan/2024:16:01:19 -0500] "POST /sipse/faces/presentacion/financiero/solicitudProceso/listarSolicitudProceso.xhtml HTTP/1.1" 200 2849
191.156.183.140 - - [02/Jan/2024:16:01:23 -0500] "POST /sipse/faces/presentacion/financiero/solicitudProceso/listarSolicitudProceso.xhtml HTTP/1.1" 200 39097
191.156.183.140 - - [02/Jan/2024:16:01:23 -0500] "GET /sipse/faces/javax.faces.resource/theme.css?ln=primefaces-sipse HTTP/1.1" 304 -
191.156.181.214 - - [02/Jan/2024:16:01:23 -0500] "GET /sipse/faces/javax.faces.resource/jquery/jquery.js?ln=primefaces&v=4.0 HTTP/1.1" 304 -
191.156.186.5 - - [02/Jan/2024:16:01:23 -0500] "GET /sipse/faces/javax.faces.resource/primefaces.css?ln=primefaces&v=4.0 HTTP/1.1" 304 -
191.156.183.140 - - [02/Jan/2024:16:01:23 -0500] "GET /sipse/faces/javax.faces.resource/layout/layout.css?ln=primefaces&v=4.0 HTTP/1.1" 304 -
191.156.181.214 - - [02/Jan/2024:16:01:23 -0500] "GET /sipse/faces/javax.faces.resource/jquery/jquery-plugins.js?ln=primefaces&v=4.0 HTTP/1.1" 304 -
191.156.181.214 - - [02/Jan/2024:16:01:23 -0500] "GET /sipse/faces/javax.faces.resource/primefaces.js?ln=primefaces&v=4.0 HTTP/1.1" 304 -
191.156.181.214 - - [02/Jan/2024:16:01:23 -0500] "GET /sipse/faces/javax.faces.resource/layout/layout.js?ln=primefaces&v=4.0 HTTP/1.1" 304 -
191.156.181.214 - - [02/Jan/2024:16:01:23 -0500] "POST /sipse/faces/presentacion/financiero/solicitudProceso/consultar.xhtml HTTP/1.1" 200 32391
181.59.3.208 - - [02/Jan/2024:16:01:26 -0500] "GET /appsia/controlador HTTP/1.1" 200 4799
181.59.3.208 - - [02/Jan/2024:16:01:26 -0500] "GET /appsia/css/estilos.css HTTP/1.1" 200 4804
181.59.3.208 - - [02/Jan/2024:16:01:26 -0500] "GET /appsia/scripts/validarIngreso.js HTTP/1.1" 200 851
181.59.3.208 - - [02/Jan/2024:16:01:26 -0500] "GET /appsia/images/cabezoteHojaVida.png HTTP/1.1" 200 32493
181.59.3.208 - - [02/Jan/2024:16:01:26 -0500] "GET /appsia/images/logo_bogota_p.png HTTP/1.1" 200 14951
181.59.3.208 - - [02/Jan/2024:16:01:28 -0500] "GET /favicon.ico HTTP/1.1" 200 7782
156.59.198.135 - - [02/Jan/2024:16:01:34 -0500] "GET /BLA/resoluciones/RESOLUCIONES%202011/6376.pdf HTTP/1.0" 200 460712
8.242.188.130 - - [02/Jan/2024:16:01:38 -0500] "POST /sipse/faces/presentacion/financiero/solicitudAnulacion/registrarSolicitudAnulacion.xhtml HTTP/1.1" 200 42249
8.242.188.130 - - [02/Jan/2024:16:01:44 -0500] "GET /sipse/faces/javax.faces.resource/jquery/jquery.js?ln=primefaces&v=4.0 HTTP/1.1" 304 -
191.156.177.200 - - [02/Jan/2024:16:01:56 -0500] "POST /sipse/faces/presentacion/financiero/solicitudProceso/consultar.xhtml HTTP/1.1" 200 12866
181.59.3.208 - - [02/Jan/2024:16:01:56 -0500] "GET /appsia/controlador HTTP/1.1" 200 4799
156.59.198.135 - - [02/Jan/2024:16:01:58 -0500] "GET /BLA/resoluciones/RESOLUCIONES%202011/3978.pdf HTTP/1.0" 200 793304
8.242.188.130 - - [02/Jan/2024:16:02:01 -0500] "GET /sipse/faces/javax.faces.resource/jquery/jquery-plugins.js?ln=primefaces&v=4.0 HTTP/1.1" 304 -
8.242.188.130 - - [02/Jan/2024:16:02:04 -0500] "GET /sipse/faces/faces/index.xhtml HTTP/1.1" 200 677
8.242.188.130 - - [02/Jan/2024:16:02:04 -0500] "GET /sipse/faces/javax.faces.resource/theme.css?ln=primefaces-sipse HTTP/1.1" 304 -
8.242.188.130 - - [02/Jan/2024:16:02:05 -0500] "GET /sipse/faces/faces/faces/autenticacion.xhtml HTTP/1.1" 200 12418
8.242.188.130 - - [02/Jan/2024:16:02:05 -0500] "GET /sipse/faces/javax.faces.resource/theme.css?ln=primefaces-sipse HTTP/1.1" 304 -
8.242.188.130 - - [02/Jan/2024:16:02:05 -0500] "GET /sipse/faces/javax.faces.resource/primefaces.css?ln=primefaces&v=4.0 HTTP/1.1" 304 -
8.242.188.130 - - [02/Jan/2024:16:02:05 -0500] "GET /sipse/faces/javax.faces.resource/layout/layout.css?ln=primefaces&v=4.0 HTTP/1.1" 304 -
8.242.188.130 - - [02/Jan/2024:16:02:05 -0500] "GET /sipse/faces/javax.faces.resource/jquery/jquery-plugins.js?ln=primefaces&v=4.0 HTTP/1.1" 304 -
8.242.188.130 - - [02/Jan/2024:16:02:05 -0500] "GET /sipse/faces/javax.faces.resource/jquery/jquery.js?ln=primefaces&v=4.0 HTTP/1.1" 304 -
8.242.188.130 - - [02/Jan/2024:16:02:05 -0500] "GET /sipse/faces/javax.faces.resource/primefaces.js?ln=primefaces&v=4.0 HTTP/1.1" 304 -
8.242.188.130 - - [02/Jan/2024:16:02:05 -0500] "GET /sipse/faces/javax.faces.resource/layout/layout.js?ln=primefaces&v=4.0 HTTP/1.1" 304 -
8.242.188.130 - - [02/Jan/2024:16:02:05 -0500] "GET /sipse/faces/javax.faces.resource/images/ui-icons_898989_256x240.png?ln=primefaces-aristo HTTP/1.1" 304 -
8.242.188.130 - - [02/Jan/2024:16:02:09 -0500] "POST /sipse/faces/autenticacion.xhtml HTTP/1.1" 200 2224
8.242.188.130 - - [02/Jan/2024:16:02:09 -0500] "GET /sipse/faces/javax.faces.resource/messages/messages.png?ln=primefaces&v=4.0 HTTP/1.1" 304 -
191.156.177.200 - - [02/Jan/2024:16:02:09 -0500] "POST /sipse/faces/presentacion/financiero/solicitudProceso/consultar.xhtml HTTP/1.1" 200 159921
191.156.177.200 - - [02/Jan/2024:16:02:10 -0500] "GET /sipse/faces/javax.faces.resource/theme.css?ln=primefaces-sipse HTTP/1.1" 304 -
191.156.183.140 - - [02/Jan/2024:16:02:10 -0500] "GET /sipse/faces/javax.faces.resource/primefaces.css?ln=primefaces&v=4.0 HTTP/1.1" 304 -
191.156.177.200 - - [02/Jan/2024:16:02:10 -0500] "GET /sipse/faces/javax.faces.resource/layout/layout.css?ln=primefaces&v=4.0 HTTP/1.1" 304 -
191.156.183.140 - - [02/Jan/2024:16:02:10 -0500] "GET /sipse/faces/javax.faces.resource/jquery/jquery.js?ln=primefaces&v=4.0 HTTP/1.1" 304 -
191.156.183.140 - - [02/Jan/2024:16:02:10 -0500] "GET /sipse/faces/javax.faces.resource/jquery/jquery-plugins.js?ln=primefaces&v=4.0 HTTP/1.1" 304 -
191.156.183.140 - - [02/Jan/2024:16:02:11 -0500] "GET /sipse/faces/javax.faces.resource/primefaces.js?ln=primefaces&v=4.0 HTTP/1.1" 304 -
191.156.183.140 - - [02/Jan/2024:16:02:11 -0500] "GET /sipse/faces/javax.faces.resource/layout/layout.js?ln=primefaces&v=4.0 HTTP/1.1" 304 -
8.242.188.130 - - [02/Jan/2024:16:02:14 -0500] "POST /sipse/faces/autenticacion.xhtml HTTP/1.1" 200 16505
8.242.188.130 - - [02/Jan/2024:16:02:14 -0500] "GET /sipse/faces/javax.faces.resource/jquery/jquery.js?ln=primefaces&v=4.0 HTTP/1.1" 304 -
8.242.188.130 - - [02/Jan/2024:16:02:14 -0500] "GET /sipse/faces/javax.faces.resource/jquery/jquery-plugins.js?ln=primefaces&v=4.0 HTTP/1.1" 304 -
8.242.188.130 - - [02/Jan/2024:16:02:14 -0500] "GET /sipse/faces/javax.faces.resource/primefaces.js?ln=primefaces&v=4.0 HTTP/1.1" 304 -
8.242.188.130 - - [02/Jan/2024:16:02:14 -0500] "GET /sipse/faces/javax.faces.resource/layout/layout.js?ln=primefaces&v=4.0 HTTP/1.1" 304 -
181.59.3.208 - - [02/Jan/2024:16:02:17 -0500] "POST /appsia/controlador HTTP/1.1" 200 3602
181.59.3.208 - - [02/Jan/2024:16:02:17 -0500] "GET /appsia/jscripts/validarSolicitud.js HTTP/1.1" 404 68
8.242.188.130 - - [02/Jan/2024:16:02:17 -0500] "GET /sipse/faces/javax.faces.resource/images/ui-bg_flat_0_2d5972_40x100.png?ln=primefaces-aristo HTTP/1.1" 304 -
8.242.188.130 - - [02/Jan/2024:16:02:17 -0500] "POST /sipse/faces/bienvenido.xhtml HTTP/1.1" 200 2658
8.242.188.130 - - [02/Jan/2024:16:02:19 -0500] "POST /sipse/faces/bienvenido.xhtml HTTP/1.1" 200 2073
8.242.188.130 - - [02/Jan/2024:16:02:19 -0500] "POST /sipse/faces/bienvenido.xhtml HTTP/1.1" 200 40868
8.242.188.130 - - [02/Jan/2024:16:02:20 -0500] "GET /sipse/faces/javax.faces.resource/jquery/jquery.js?ln=primefaces&v=4.0 HTTP/1.1" 304 -
8.242.188.130 - - [02/Jan/2024:16:02:20 -0500] "GET /sipse/faces/javax.faces.resource/jquery/jquery-plugins.js?ln=primefaces&v=4.0 HTTP/1.1" 304 -
8.242.188.130 - - [02/Jan/2024:16:02:20 -0500] "GET /sipse/faces/javax.faces.resource/primefaces.js?ln=primefaces&v=4.0 HTTP/1.1" 304 -
8.242.188.130 - - [02/Jan/2024:16:02:20 -0500] "GET /sipse/faces/javax.faces.resource/layout/layout.js?ln=primefaces&v=4.0 HTTP/1.1" 304 -
156.59.198.136 - - [02/Jan/2024:16:02:24 -0500] "GET /BLA/resoluciones/RESOLUCIONES%202011/4329.pdf HTTP/1.0" 200 750454
8.242.188.130 - - [02/Jan/2024:16:02:24 -0500] "POST /sipse/faces/presentacion/financiero/solicitudProceso/consultar.xhtml HTTP/1.1" 200 13099
8.242.188.130 - - [02/Jan/2024:16:02:27 -0500] "POST /sipse/faces/presentacion/financiero/solicitudProceso/consultar.xhtml HTTP/1.1" 200 125869
8.242.188.130 - - [02/Jan/2024:16:02:29 -0500] "GET /sipse/faces/javax.faces.resource/jquery/jquery.js?ln=primefaces&v=4.0 HTTP/1.1" 304 -
8.242.188.130 - - [02/Jan/2024:16:02:29 -0500] "GET /sipse/faces/javax.faces.resource/jquery/jquery-plugins.js?ln=primefaces&v=4.0 HTTP/1.1" 304 -
8.242.188.130 - - [02/Jan/2024:16:02:29 -0500] "GET /sipse/faces/javax.faces.resource/primefaces.js?ln=primefaces&v=4.0 HTTP/1.1" 304 -
8.242.188.130 - - [02/Jan/2024:16:02:29 -0500] "GET /sipse/faces/javax.faces.resource/layout/layout.js?ln=primefaces&v=4.0 HTTP/1.1" 304 -
66.249.79.133 - - [02/Jan/2024:16:02:40 -0500] "GET /red-de-calidad-hidrica-de-bogota-una-herramienta-para-monitorear-la-calidad-del-agua.html HTTP/1.1" 200 817
181.59.3.208 - - [02/Jan/2024:16:02:42 -0500] "POST /appsia/controlador HTTP/1.1" 200 4799
156.59.198.136 - - [02/Jan/2024:16:02:48 -0500] "GET /BLA/resoluciones/RESOLUCIONES%202011/6760.pdf HTTP/1.0" 200 547549
181.59.3.208 - - [02/Jan/2024:16:03:02 -0500] "POST /appsia/controlador HTTP/1.1" 200 3602
181.59.3.208 - - [02/Jan/2024:16:03:02 -0500] "GET /appsia/jscripts/validarSolicitud.js HTTP/1.1" 404 68
156.59.198.136 - - [02/Jan/2024:16:03:11 -0500] "GET /BLA/resoluciones/RESOLUCIONES%202011/5380.pdf HTTP/1.0" 200 623969
201.245.192.253 - - [02/Jan/2024:16:03:14 -0500] "GET /appsia/controlador HTTP/1.1" 200 4799
181.59.3.208 - - [02/Jan/2024:16:03:17 -0500] "GET /appsia/controlador HTTP/1.1" 200 4799
191.156.181.41 - - [02/Jan/2024:16:03:18 -0500] "POST /sipse/faces/presentacion/financiero/solicitudProceso/consultarSolicitudProceso.xhtml HTTP/1.1" 200 5514
201.245.192.253 - - [02/Jan/2024:16:03:21 -0500] "POST /appsia/controlador HTTP/1.1" 200 5437
201.245.192.253 - - [02/Jan/2024:16:03:23 -0500] "POST /appsia/controlador HTTP/1.1" 200 7779
201.245.192.253 - - [02/Jan/2024:16:03:29 -0500] "POST /appsia/controlador HTTP/1.1" 200 8050
201.245.192.253 - - [02/Jan/2024:16:03:30 -0500] "POST /appsia/controlador HTTP/1.1" 200 8398
181.59.3.208 - - [02/Jan/2024:16:03:32 -0500] "POST /appsia/controlador HTTP/1.1" 200 3602
181.59.3.208 - - [02/Jan/2024:16:03:32 -0500] "GET /appsia/jscripts/validarSolicitud.js HTTP/1.1" 404 68
181.59.3.208 - - [02/Jan/2024:16:03:35 -0500] "POST /appsia/controlador HTTP/1.1" 200 4799
156.59.198.135 - - [02/Jan/2024:16:03:35 -0500] "GET /BLA/resoluciones/RESOLUCIONES%202011/1948.pdf HTTP/1.0" 200 498871
181.59.3.208 - - [02/Jan/2024:16:03:48 -0500] "POST /appsia/controlador HTTP/1.1" 200 3602
181.59.3.208 - - [02/Jan/2024:16:03:48 -0500] "GET /appsia/jscripts/validarSolicitud.js HTTP/1.1" 404 68
201.245.192.253 - - [02/Jan/2024:16:03:47 -0500] "POST /kwsrmcab/Wsrmcab  HTTP/1.1" 200 40636
52.167.144.167 - - [02/Jan/2024:16:03:56 -0500] "GET /BLA/resoluciones/AUTOS%202023/07027.pdf HTTP/1.1" 200 390275
181.59.3.208 - - [02/Jan/2024:16:04:00 -0500] "POST /appsia/controlador HTTP/1.1" 200 4799
156.59.198.136 - - [02/Jan/2024:16:04:00 -0500] "GET /BLA/resoluciones/RESOLUCIONES%202011/5561.pdf HTTP/1.0" 200 868780
191.95.52.90 - - [02/Jan/2024:16:04:05 -0500] "GET /sipse/faces/javax.faces.resource/images/ui-icons_898989_256x240.png?ln=primefaces-aristo HTTP/1.1" 304 -
191.95.52.90 - - [02/Jan/2024:16:04:05 -0500] "POST /sipse/faces/presentacion/financiero/solicitudProceso/listarSolicitudProceso.xhtml HTTP/1.1" 200 102915
191.95.52.90 - - [02/Jan/2024:16:04:06 -0500] "GET /sipse/faces/javax.faces.resource/theme.css?ln=primefaces-sipse HTTP/1.1" 304 -
191.95.52.90 - - [02/Jan/2024:16:04:06 -0500] "GET /sipse/faces/javax.faces.resource/primefaces.css?ln=primefaces&v=4.0 HTTP/1.1" 304 -
191.95.52.90 - - [02/Jan/2024:16:04:06 -0500] "GET /sipse/faces/javax.faces.resource/layout/layout.css?ln=primefaces&v=4.0 HTTP/1.1" 304 -
191.95.52.90 - - [02/Jan/2024:16:04:06 -0500] "GET /sipse/faces/javax.faces.resource/jquery/jquery.js?ln=primefaces&v=4.0 HTTP/1.1" 304 -
191.95.52.90 - - [02/Jan/2024:16:04:06 -0500] "GET /sipse/faces/javax.faces.resource/jquery/jquery-plugins.js?ln=primefaces&v=4.0 HTTP/1.1" 304 -
191.95.52.90 - - [02/Jan/2024:16:04:06 -0500] "GET /sipse/faces/javax.faces.resource/primefaces.js?ln=primefaces&v=4.0 HTTP/1.1" 304 -
191.95.52.90 - - [02/Jan/2024:16:04:06 -0500] "GET /sipse/faces/javax.faces.resource/layout/layout.js?ln=primefaces&v=4.0 HTTP/1.1" 304 -
191.95.52.90 - - [02/Jan/2024:16:04:07 -0500] "GET /sipse/faces/javax.faces.resource/images/ui-icons_898989_256x240.png?ln=primefaces-aristo HTTP/1.1" 304 -
181.59.3.208 - - [02/Jan/2024:16:04:08 -0500] "POST /appsia/controlador HTTP/1.1" 200 3602
181.59.3.208 - - [02/Jan/2024:16:04:08 -0500] "GET /appsia/jscripts/validarSolicitud.js HTTP/1.1" 404 68
156.59.198.135 - - [02/Jan/2024:16:04:24 -0500] "GET /BLA/resoluciones/RESOLUCIONES%202011/4908.pdf HTTP/1.0" 200 676490
191.95.52.90 - - [02/Jan/2024:16:04:18 -0500] "POST /sipse/faces/presentacion/financiero/solicitudProceso/consultarSolicitudProceso.xhtml HTTP/1.1" 200 310318
181.59.3.208 - - [02/Jan/2024:16:04:46 -0500] "POST /appsia/controlador HTTP/1.1" 200 4799
156.59.198.136 - - [02/Jan/2024:16:04:48 -0500] "GET /BLA/resoluciones/RESOLUCIONES%202011/4823.pdf HTTP/1.0" 200 706854
191.156.178.215 - - [02/Jan/2024:16:04:57 -0500] "POST /sipse/faces/presentacion/financiero/solicitudProceso/consultarSolicitudProceso.xhtml HTTP/1.1" 200 5518
172.22.2.4 - - [02/Jan/2024:16:03:31 -0500] "HEAD /BLA/boletinlegal/ HTTP/1.1" 200 -
156.59.198.136 - - [02/Jan/2024:16:05:12 -0500] "GET /BLA/resoluciones/RESOLUCIONES%202011/5015.pdf HTTP/1.0" 200 596974
172.22.2.4 - - [02/Jan/2024:16:04:22 -0500] "GET /BLA/boletinlegal/ HTTP/1.1" 200 24523
156.59.198.136 - - [02/Jan/2024:16:05:36 -0500] "GET /BLA/resoluciones/RESOLUCIONES%202011/5903.pdf HTTP/1.0" 200 488479
191.156.181.41 - - [02/Jan/2024:16:05:40 -0500] "POST /sipse/faces/presentacion/financiero/solicitudProceso/consultarSolicitudProceso.xhtml HTTP/1.1" 200 6014
191.156.181.41 - - [02/Jan/2024:16:05:42 -0500] "POST /sipse/faces/presentacion/financiero/solicitudProceso/consultarSolicitudProceso.xhtml HTTP/1.1" 200 65895
191.156.181.41 - - [02/Jan/2024:16:05:42 -0500] "GET /sipse/faces/javax.faces.resource/theme.css?ln=primefaces-sipse HTTP/1.1" 304 -
191.156.179.141 - - [02/Jan/2024:16:05:42 -0500] "GET /sipse/faces/javax.faces.resource/primefaces.css?ln=primefaces&v=4.0 HTTP/1.1" 304 -
191.156.181.41 - - [02/Jan/2024:16:05:42 -0500] "GET /sipse/faces/javax.faces.resource/layout/layout.css?ln=primefaces&v=4.0 HTTP/1.1" 304 -
191.156.177.200 - - [02/Jan/2024:16:05:42 -0500] "GET /sipse/faces/javax.faces.resource/jquery/jquery.js?ln=primefaces&v=4.0 HTTP/1.1" 304 -
191.156.177.200 - - [02/Jan/2024:16:05:42 -0500] "GET /sipse/faces/javax.faces.resource/jquery/jquery-plugins.js?ln=primefaces&v=4.0 HTTP/1.1" 304 -
191.156.177.200 - - [02/Jan/2024:16:05:42 -0500] "GET /sipse/faces/javax.faces.resource/primefaces.js?ln=primefaces&v=4.0 HTTP/1.1" 304 -
191.156.177.200 - - [02/Jan/2024:16:05:42 -0500] "GET /sipse/faces/javax.faces.resource/layout/layout.js?ln=primefaces&v=4.0 HTTP/1.1" 304 -
191.156.177.200 - - [02/Jan/2024:16:05:42 -0500] "POST /sipse/faces/presentacion/financiero/solicitudProceso/listarSolicitudProceso.xhtml HTTP/1.1" 200 59163
191.156.177.200 - - [02/Jan/2024:16:05:43 -0500] "POST /sipse/faces/presentacion/financiero/solicitudProceso/listarSolicitudProceso.xhtml HTTP/1.1" 200 59163
191.156.177.200 - - [02/Jan/2024:16:05:44 -0500] "POST /sipse/faces/presentacion/financiero/solicitudProceso/listarSolicitudProceso.xhtml HTTP/1.1" 200 59163
191.156.177.200 - - [02/Jan/2024:16:05:45 -0500] "POST /sipse/faces/presentacion/financiero/solicitudProceso/listarSolicitudProceso.xhtml HTTP/1.1" 200 1564
191.156.177.200 - - [02/Jan/2024:16:05:45 -0500] "POST /sipse/faces/presentacion/financiero/solicitudProceso/listarSolicitudProceso.xhtml HTTP/1.1" 200 1556
191.156.177.200 - - [02/Jan/2024:16:05:45 -0500] "POST /sipse/faces/presentacion/financiero/solicitudProceso/listarSolicitudProceso.xhtml HTTP/1.1" 200 1568
191.156.177.200 - - [02/Jan/2024:16:05:45 -0500] "POST /sipse/faces/presentacion/financiero/solicitudProceso/listarSolicitudProceso.xhtml HTTP/1.1" 200 1556
216.245.221.92 - - [02/Jan/2024:16:05:51 -0500] "HEAD / HTTP/1.1" 200 -
181.59.3.208 - - [02/Jan/2024:16:05:59 -0500] "GET /appsia/controlador HTTP/1.1" 200 4799
