201.245.192.253 - - [02/Jan/2024:17:24:16 -0500] "GET /sipse/faces/javax.faces.resource/layout/layout.js?ln=primefaces&v=4.0 HTTP/1.1" 304 -
201.245.192.253 - - [02/Jan/2024:17:24:16 -0500] "POST /sipse/faces/presentacion/financiero/solicitudProceso/listarSolicitudProceso.xhtml HTTP/1.1" 200 1376
156.59.198.136 - - [02/Jan/2024:17:24:18 -0500] "GET /BLA/resoluciones/RESOLUCIONES%202011/5721.pdf HTTP/1.0" 200 1040772
172.22.2.4 - - [02/Jan/2024:17:24:31 -0500] "GET /BLA/boletinlegal/main.js HTTP/1.1" 404 1019
156.59.198.135 - - [02/Jan/2024:17:24:42 -0500] "GET /BLA/resoluciones/RESOLUCIONES%202011/4273.pdf HTTP/1.0" 200 417628
200.118.145.137 - - [02/Jan/2024:17:24:52 -0500] "GET /BLA/resoluciones/index.php?dir=AUTOS+2021%2F HTTP/1.1" 200 399364
156.59.198.135 - - [02/Jan/2024:17:25:06 -0500] "GET /BLA/resoluciones/RESOLUCIONES%202011/4517.pdf HTTP/1.0" 200 49012
156.59.198.136 - - [02/Jan/2024:17:25:30 -0500] "GET /BLA/resoluciones/RESOLUCIONES%202011/4682.pdf HTTP/1.0" 200 728639
66.240.205.34 - - [02/Jan/2024:17:25:30 -0500] "Gh0st\xad" 400 226
201.245.192.253 - - [02/Jan/2024:17:25:31 -0500] "POST /kwsrmcab/Wsrmcab HTTP/1.1" 200 41206
201.245.192.253 - - [02/Jan/2024:17:25:34 -0500] "POST /kwsrmcab/Wsrmcab HTTP/1.1" 200 34849
216.245.221.92 - - [02/Jan/2024:17:25:51 -0500] "HEAD / HTTP/1.1" 200 -
156.59.198.136 - - [02/Jan/2024:17:25:55 -0500] "GET /BLA/resoluciones/RESOLUCIONES%202011/4217.pdf HTTP/1.0" 200 602731
156.59.198.135 - - [02/Jan/2024:17:26:20 -0500] "GET /BLA/resoluciones/RESOLUCIONES%202011/6141.pdf HTTP/1.0" 200 471313
66.249.66.20 - - [02/Jan/2024:17:26:36 -0500] "GET /portel_dama/libreria/php/2006/ECOSISTEMAS%20FINAL%20web_mz27/x%20restauracion/sitio/22_proye/xtras_in/3a.pdf HTTP/1.1" 404 1018
156.59.198.136 - - [02/Jan/2024:17:26:45 -0500] "GET /BLA/resoluciones/RESOLUCIONES%202011/6069.pdf HTTP/1.0" 200 394908
172.22.2.4 - - [02/Jan/2024:17:25:11 -0500] "HEAD /BLA/boletinlegal/ HTTP/1.1" 200 -
186.102.77.113 - - [02/Jan/2024:17:26:58 -0500] "GET /kwssiamovil/sm/acme/a?s=U2FsdGVkX19Rcepic2Prp3/hyJ0Aye72gztKeMrT4UrahP3ypiBXpAQDjg6UfiKqkkOviQRd3VMqoQ7gq+o1eibBrqhFcRnN+MLxiv0NGs5KacTM/j+rM7CZx0xiXR9g0JhOFuMRkflP2NLSwFxKzt5l+ULlnwChXQK4GjkCnJpQWn9L0Hg0N8q1pGb0XuyxMz0ks+kPDF5WCl61fxz4X52b2jqmh6IRqdu6r4qjSYgxolG6I7/dYZngQGUUzrpPRx9AugB4+fDhHTRfUdcp/w==&u=U2FsdGVkX1+eOSZJ5blIJyBMAwcTd4X/4vnV3tS5MFk=&y=U2FsdGVkX19zkdaOoNd5SbJktK1auCAgL/QNJw7p6/KLsuQScqUJGsVG1RbTGJnB HTTP/1.1" 200 26
186.102.77.113 - - [02/Jan/2024:17:26:58 -0500] "GET /kwssiamovil/sm/acme/a?s=U2FsdGVkX1+7WGeGcIM9oE49FAztbTWZrul/iDZrFjIo3qFgnWQRPA4YzacQE8wISmUBifYT+1zdPGWO9oO5/TAk1pOPKKcndeSSnPVSznpv24uiCgc3b8aSqcduYL9ZJF5gs0yE8cj+4vLE1lhIhqFEDoDVBxXBGBwoLhhHYv+olMW62orEd0EWvDV87/jm87eerWvhsRH3UOQZW82CBRJJLyK1tD/8yiGjaLS61DhDz2G51F8xYAdxaELCfbaVnjUr+ddHpkci83yBRyR3eaiSSmw3iaqR3f2W2AzaB5zWWXi4CVEreU+0cU1yGea5r/ZoVPNVPQ6x0eG078dtV7F0pA8539/GWjuvGntXxDffS0O2ZG0adY5ijJX+FF7M7Uu/mec5G6lRiVmWIdQ8uwJeIfQbMHpMYPNqKtA2NtIum41fDZyaUmlFr4cfZfOSS61Rwf0CAY/gwvdy7qFvqPDnSlbXPywTNN0TFaMpgDMy0Xkk3T5MRg04eNfkh5LEvncarnThaWXQkcGD4yl8Z6pMxY/9asXIlIF1B7I1KVhj1GlacYGOPArwkf6B8vBFilqv0QSc0S1KRLOdjRiGHurX+z0KYka0/77CbA8Fpt1kixGX2gZDy7GIE2aTxNXHkx1cBCQOfPPVD/7eplEaBXWrZyXtcjOmeXobmuNQfXzGo1ld73FfR1MboHWrHO9fm8744sD4YwWN5RHyY0KMu3S6CD4Fe0U2jhs3FYe0Rc/7++5IW1fKQkWDRQTSciT7uDcX3RyGGxTWal4LkyTVmTlQajxjBBvciXPN4frwUX8/Ov+NuiuBSaDoA+/4JXA9Hhxz8OjEnTp96xkiwql8EzinXr7EfythNp1G1wcOdfnmpIa3EkOWoEXEJnxerBPqu1HRmOBJKaUtaiqOHMYbrpBF1tAJcB1URp3a/M2Yg/9bYfY0931zm1jhR0M2usU36mXcPZpXuAawsIIVILOBQxcZkLohRATtPkWGRlI7am2qdF9a+C5OpcicPNqaxLmteKDxPQDrTFej0Y12fZoAWEppWuWNq53D7avFILt2/yEYgk/08YuqRBF1YWVHKgkq0TWxd0tlBLNQQzn7GgbxaFrX3ImK4XWimOEI+lZB0BkBoBwC3RQBr7vxoLYC2I/q4pcQZ4XiTwVP3vhbRYHpu03fxm+hVb7kODf2h6j9XRihdOQFUN/ZcVeC3AubvOvJatRA9p4/Hu12IFTtpyWPfrGZHlpdVXFh6W+IV2e1r6ll3pUuo7nz4BDSuPFGGGSC15XwmrUkT3z4VMET5ci7bNzw1m2p2g/sW4RcMUpfm8Catf069NEDDkLjJc3NyxPei7n7qMNKUZKTyLp9AJCxGEtatJquKnRMglZOWnFx6XnXOlHJkTNPvrlnlM0xA3JphoOzvm61xVcB9ve1AzKPlhk4npHSQ3kOINRFgjwanwxBSOFsdhD0UI2QpPgnkjJbCYFmFHllzT6cSc3JXBWP+WirFrrsp0meRe08NV4/1Y8Uj+QyUdOnSWpiwG5W2ZhrribnoGe5Yiu7xdcnE3VIN5TaH2Yk3rFaoaRnZGhcidMkMGsmUZBxUffYbdgTK4bCEosL3r9N2ez4XD5iLTdXFwJZQqjz9CzQCdB942XkcYKCIPfKV1rYGXPgs750kqP98FJu4U1xo9BJvp0YS3/qbrCxFhFq+7oE1doIqhMapRw=&u=U2FsdGVkX1+eOSZJ5blIJyBMAwcTd4X/4vnV3tS5MFk=&y=U2FsdGVkX19zkdaOoNd5SbJktK1auCAgL/QNJw7p6/KLsuQScqUJGsVG1RbTGJnB HTTP/1.1" 200 26
186.102.77.113 - - [02/Jan/2024:17:26:58 -0500] "GET /kwssiamovil/sm/acme/a?s=U2FsdGVkX1/Eb/rtfDHTAUhOTSt0g3Ggq8zXJ88zj9gHDxvRMcxqIPKVM/da9NuTdK56QUySHbmhhwiydDOHKVgM6pIbuwwUoSV1MhC7udGslnlvOAWLEBBUZNqTKtvKpHu6MUrwyWl6nmflfbKzvTNe0VM0FGlkK1gAJ/Geu6g=&u=U2FsdGVkX1+eOSZJ5blIJyBMAwcTd4X/4vnV3tS5MFk=&y=U2FsdGVkX19zkdaOoNd5SbJktK1auCAgL/QNJw7p6/KLsuQScqUJGsVG1RbTGJnB HTTP/1.1" 200 26
186.102.77.113 - - [02/Jan/2024:17:26:59 -0500] "GET /kwssiamovil/sm/acme/a?s=U2FsdGVkX1/3gxNXzqFG8FJraVOHJ8+HKt+7rbqXCrrksYSxHJVp6gc1nIeKgQU0ECBYPvNkfH8w9eZ4h65WLitw2ugjnV/E9mOy+jBOD+Xn+E//VisGEAXEU5OHolWByF1nCr6DyqugtVwxYChikljO5Gnj9+ASjl2jobJ/5zM=&u=U2FsdGVkX1+eOSZJ5blIJyBMAwcTd4X/4vnV3tS5MFk=&y=U2FsdGVkX19zkdaOoNd5SbJktK1auCAgL/QNJw7p6/KLsuQScqUJGsVG1RbTGJnB HTTP/1.1" 200 26
186.102.77.113 - - [02/Jan/2024:17:26:59 -0500] "GET /kwssiamovil/sm/acme/a?s=U2FsdGVkX19gdtOeSBjMrksD84JUKQaeoINj54sZY0uWz9sYBiOkjmwvO67iGXYbtO6tXG0Kj5zhX/Vsvtgfgk6H20/OQDfDYyjldZRs/5/guGlUiC8pmrF0i4TnA5zX7y9vvoLM0YZ5e5l0DHXeTBVjH2Mck5D6CU0OtGv36S0=&u=U2FsdGVkX1+eOSZJ5blIJyBMAwcTd4X/4vnV3tS5MFk=&y=U2FsdGVkX19zkdaOoNd5SbJktK1auCAgL/QNJw7p6/KLsuQScqUJGsVG1RbTGJnB HTTP/1.1" 200 26
186.102.77.113 - - [02/Jan/2024:17:26:59 -0500] "GET /kwssiamovil/sm/acme/a?s=U2FsdGVkX18/lrySHuCBqqAlgpnyBdTEPKXbBEVrlkPUTtM+XIhm+xztL+lhHrveuKtgRw61sz/5Pl/f42++wGmtDqxdVt0t4boMbt6sYH0BFH2G+hFxkvITmLakVXdP21tyWFmhq8hugqx6MQqxerT2qbRPLCMb4ythdD7DLnyhF29KAwz5JrIpQYzSe5onyBZKecM65H8jKwZ64INmSg==&u=U2FsdGVkX1+eOSZJ5blIJyBMAwcTd4X/4vnV3tS5MFk=&y=U2FsdGVkX19zkdaOoNd5SbJktK1auCAgL/QNJw7p6/KLsuQScqUJGsVG1RbTGJnB HTTP/1.1" 200 26
156.59.198.136 - - [02/Jan/2024:17:27:10 -0500] "GET /BLA/resoluciones/RESOLUCIONES%202011/4646.pdf HTTP/1.0" 200 628826
66.249.66.19 - - [02/Jan/2024:17:27:25 -0500] "GET /BLA/resoluciones/RESOLUCIONES%202009/4572.pdf HTTP/1.1" 200 146244
156.59.198.135 - - [02/Jan/2024:17:27:33 -0500] "GET /BLA/resoluciones/RESOLUCIONES%202011/4323.pdf HTTP/1.0" 200 326753
172.22.2.4 - - [02/Jan/2024:17:26:01 -0500] "GET /BLA/boletinlegal/ HTTP/1.1" 200 58172
156.59.198.135 - - [02/Jan/2024:17:27:57 -0500] "GET /BLA/resoluciones/RESOLUCIONES%202011/5538.pdf HTTP/1.0" 200 1147008
156.59.198.135 - - [02/Jan/2024:17:28:21 -0500] "GET /BLA/resoluciones/RESOLUCIONES%202011/4953.pdf HTTP/1.0" 200 352933
201.245.192.253 - - [02/Jan/2024:17:28:23 -0500] "POST /kwsrmcab/Wsrmcab  HTTP/1.1" 200 40331
156.59.198.135 - - [02/Jan/2024:17:28:45 -0500] "GET /BLA/resoluciones/RESOLUCIONES%202011/6762.pdf HTTP/1.0" 200 520722
156.59.198.136 - - [02/Jan/2024:17:29:10 -0500] "GET /BLA/resoluciones/RESOLUCIONES%202011/4674.pdf HTTP/1.0" 200 557312
156.59.198.135 - - [02/Jan/2024:17:29:33 -0500] "GET /BLA/resoluciones/RESOLUCIONES%202011/5624.pdf HTTP/1.0" 200 485409
201.245.192.253 - - [02/Jan/2024:17:29:39 -0500] "POST /kwsrmcab/Wsrmcab HTTP/1.1" 200 41206
201.245.192.253 - - [02/Jan/2024:17:29:44 -0500] "POST /kwsrmcab/Wsrmcab HTTP/1.1" 200 34849
156.59.198.136 - - [02/Jan/2024:17:29:57 -0500] "GET /BLA/resoluciones/RESOLUCIONES%202011/2212.pdf HTTP/1.0" 200 533540
156.59.198.135 - - [02/Jan/2024:17:30:22 -0500] "GET /BLA/resoluciones/RESOLUCIONES%202011/5011.pdf HTTP/1.0" 200 352061
156.59.198.135 - - [02/Jan/2024:17:30:48 -0500] "GET /BLA/resoluciones/RESOLUCIONES%202011/3737.pdf HTTP/1.0" 200 629559
216.245.221.92 - - [02/Jan/2024:17:30:50 -0500] "HEAD / HTTP/1.1" 200 -
156.59.198.136 - - [02/Jan/2024:17:31:11 -0500] "GET /BLA/resoluciones/RESOLUCIONES%202011/4965.pdf HTTP/1.0" 200 678808
156.59.198.135 - - [02/Jan/2024:17:31:36 -0500] "GET /BLA/resoluciones/RESOLUCIONES%202011/3718.pdf HTTP/1.0" 200 556541
66.249.66.20 - - [02/Jan/2024:17:31:42 -0500] "GET /BLA/resoluciones/Autos%202008/0941.pdf HTTP/1.1" 200 110340
156.59.198.136 - - [02/Jan/2024:17:32:00 -0500] "GET /BLA/resoluciones/RESOLUCIONES%202011/5570.pdf HTTP/1.0" 200 450695
156.59.198.135 - - [02/Jan/2024:17:32:24 -0500] "GET /BLA/resoluciones/RESOLUCIONES%202011/5867.pdf HTTP/1.0" 200 1311504
157.55.39.202 - - [02/Jan/2024:17:32:32 -0500] "GET /BLA/resoluciones/AUTOS%202023/8587.pdf HTTP/1.1" 200 494024
172.22.2.4 - - [02/Jan/2024:17:31:01 -0500] "HEAD /BLA/boletinlegal/ HTTP/1.1" 200 -
156.59.198.135 - - [02/Jan/2024:17:32:48 -0500] "GET /BLA/resoluciones/RESOLUCIONES%202011/4997.pdf HTTP/1.0" 200 348969
156.59.198.135 - - [02/Jan/2024:17:33:13 -0500] "GET /BLA/resoluciones/RESOLUCIONES%202011/6183.pdf HTTP/1.0" 200 557145
201.245.192.253 - - [02/Jan/2024:17:33:21 -0500] "POST /kwsrmcab/Wsrmcab  HTTP/1.1" 200 40331
172.22.2.4 - - [02/Jan/2024:17:31:52 -0500] "GET /BLA/boletinlegal/ HTTP/1.1" 200 60910
156.59.198.136 - - [02/Jan/2024:17:33:37 -0500] "GET /BLA/resoluciones/RESOLUCIONES%202011/4694.pdf HTTP/1.0" 200 275031
156.59.198.135 - - [02/Jan/2024:17:34:02 -0500] "GET /BLA/resoluciones/RESOLUCIONES%202011/6037.pdf HTTP/1.0" 200 284830
156.59.198.136 - - [02/Jan/2024:17:34:27 -0500] "GET /BLA/resoluciones/RESOLUCIONES%202011/4940.pdf HTTP/1.0" 200 357363
156.59.198.135 - - [02/Jan/2024:17:34:50 -0500] "GET /BLA/resoluciones/RESOLUCIONES%202011/4939.pdf HTTP/1.0" 200 350983
156.59.198.135 - - [02/Jan/2024:17:35:14 -0500] "GET /BLA/resoluciones/RESOLUCIONES%202011/3969.pdf HTTP/1.0" 200 783204
157.55.39.49 - - [02/Jan/2024:17:35:20 -0500] "GET /BLA/resoluciones/RESOLUCIONES%202023/1625.pdf HTTP/1.1" 200 515263
172.22.2.4 - - [02/Jan/2024:17:33:42 -0500] "GET /BLA/boletinlegal/ HTTP/1.1" 200 63054
201.245.192.253 - - [02/Jan/2024:17:35:31 -0500] "POST /kwsrmcab/Wsrmcab HTTP/1.1" 200 41206
201.245.192.253 - - [02/Jan/2024:17:35:34 -0500] "POST /kwsrmcab/Wsrmcab HTTP/1.1" 200 34849
156.59.198.135 - - [02/Jan/2024:17:35:39 -0500] "GET /BLA/resoluciones/RESOLUCIONES%202011/3506.pdf HTTP/1.0" 200 301559
216.245.221.92 - - [02/Jan/2024:17:35:50 -0500] "HEAD / HTTP/1.1" 200 -
156.59.198.135 - - [02/Jan/2024:17:36:03 -0500] "GET /BLA/resoluciones/RESOLUCIONES%202011/5585.pdf HTTP/1.0" 200 432198
190.60.40.178 - - [02/Jan/2024:17:36:15 -0500] "GET /sipse/faces/faces/autenticacion.xhtml HTTP/1.1" 200 12731
190.60.40.178 - - [02/Jan/2024:17:36:16 -0500] "GET /sipse/js/disable_browser_buttons.js HTTP/1.1" 304 -
190.60.40.178 - - [02/Jan/2024:17:36:16 -0500] "GET /sipse/js/funciones.js HTTP/1.1" 304 -
190.60.40.178 - - [02/Jan/2024:17:36:16 -0500] "GET /sipse/css/custom_css_sg.css HTTP/1.1" 304 -
190.60.40.178 - - [02/Jan/2024:17:36:16 -0500] "GET /sipse/css/custom_css_sg_prime_login.css HTTP/1.1" 304 -
190.60.40.178 - - [02/Jan/2024:17:36:16 -0500] "GET /sipse/faces/javax.faces.resource/layout/layout.css;jsessionid=dmwCgsCI5-az79DpEWSxaBrA.undefined?ln=primefaces&v=4.0 HTTP/1.1" 200 542
190.60.40.178 - - [02/Jan/2024:17:36:16 -0500] "GET /sipse/faces/javax.faces.resource/theme.css?ln=primefaces-sipse HTTP/1.1" 304 -
190.60.40.178 - - [02/Jan/2024:17:36:16 -0500] "GET /sipse/faces/javax.faces.resource/primefaces.css;jsessionid=dmwCgsCI5-az79DpEWSxaBrA.undefined?ln=primefaces&v=4.0 HTTP/1.1" 200 53295
190.60.40.178 - - [02/Jan/2024:17:36:16 -0500] "GET /sipse/faces/javax.faces.resource/layout/layout.js;jsessionid=dmwCgsCI5-az79DpEWSxaBrA.undefined?ln=primefaces&v=4.0 HTTP/1.1" 200 87560
190.60.40.178 - - [02/Jan/2024:17:36:16 -0500] "GET /sipse/faces/javax.faces.resource/jquery/jquery.js;jsessionid=dmwCgsCI5-az79DpEWSxaBrA.undefined?ln=primefaces&v=4.0 HTTP/1.1" 200 105384
190.60.40.178 - - [02/Jan/2024:17:36:16 -0500] "GET /sipse/faces/javax.faces.resource/primefaces.js;jsessionid=dmwCgsCI5-az79DpEWSxaBrA.undefined?ln=primefaces&v=4.0 HTTP/1.1" 200 276924
190.60.40.178 - - [02/Jan/2024:17:36:16 -0500] "GET /sipse/faces/javax.faces.resource/jquery/jquery-plugins.js;jsessionid=dmwCgsCI5-az79DpEWSxaBrA.undefined?ln=primefaces&v=4.0 HTTP/1.1" 200 220526
190.60.40.178 - - [02/Jan/2024:17:36:16 -0500] "GET /sipse/css/imagen/logoSDG.png HTTP/1.1" 304 -
190.60.40.178 - - [02/Jan/2024:17:36:16 -0500] "GET /sipse/css/imagen/loginimg.png HTTP/1.1" 304 -
190.60.40.178 - - [02/Jan/2024:17:36:16 -0500] "GET /sipse/faces/javax.faces.resource/images/ui-icons_898989_256x240.png?ln=primefaces-aristo HTTP/1.1" 304 -
190.60.40.178 - - [02/Jan/2024:17:36:17 -0500] "GET /sipse/faces/faces/index.xhtml HTTP/1.1" 200 677
190.60.40.178 - - [02/Jan/2024:17:36:17 -0500] "GET /sipse/faces/javax.faces.resource/theme.css?ln=primefaces-sipse HTTP/1.1" 304 -
190.60.40.178 - - [02/Jan/2024:17:36:18 -0500] "GET /sipse/faces/faces/faces/autenticacion.xhtml HTTP/1.1" 200 12409
190.60.40.178 - - [02/Jan/2024:17:36:18 -0500] "GET /sipse/faces/javax.faces.resource/primefaces.css?ln=primefaces&v=4.0 HTTP/1.1" 304 -
190.60.40.178 - - [02/Jan/2024:17:36:18 -0500] "GET /sipse/faces/javax.faces.resource/theme.css?ln=primefaces-sipse HTTP/1.1" 304 -
190.60.40.178 - - [02/Jan/2024:17:36:18 -0500] "GET /sipse/faces/javax.faces.resource/layout/layout.css?ln=primefaces&v=4.0 HTTP/1.1" 304 -
190.60.40.178 - - [02/Jan/2024:17:36:18 -0500] "GET /sipse/faces/javax.faces.resource/jquery/jquery-plugins.js?ln=primefaces&v=4.0 HTTP/1.1" 304 -
190.60.40.178 - - [02/Jan/2024:17:36:18 -0500] "GET /sipse/faces/javax.faces.resource/jquery/jquery.js?ln=primefaces&v=4.0 HTTP/1.1" 304 -
190.60.40.178 - - [02/Jan/2024:17:36:18 -0500] "GET /sipse/faces/javax.faces.resource/primefaces.js?ln=primefaces&v=4.0 HTTP/1.1" 304 -
190.60.40.178 - - [02/Jan/2024:17:36:18 -0500] "GET /sipse/faces/javax.faces.resource/layout/layout.js?ln=primefaces&v=4.0 HTTP/1.1" 304 -
190.60.40.178 - - [02/Jan/2024:17:36:18 -0500] "GET /sipse/faces/javax.faces.resource/images/ui-icons_898989_256x240.png?ln=primefaces-aristo HTTP/1.1" 304 -
190.60.40.178 - - [02/Jan/2024:17:36:23 -0500] "POST /sipse/faces/autenticacion.xhtml HTTP/1.1" 200 2220
190.60.40.178 - - [02/Jan/2024:17:36:23 -0500] "GET /sipse/faces/javax.faces.resource/messages/messages.png?ln=primefaces&v=4.0 HTTP/1.1" 200 27209
190.60.40.178 - - [02/Jan/2024:17:36:26 -0500] "POST /sipse/faces/autenticacion.xhtml HTTP/1.1" 200 16459
190.60.40.178 - - [02/Jan/2024:17:36:27 -0500] "GET /sipse/css/custom_css_sg_prime.css HTTP/1.1" 200 5201
156.59.198.135 - - [02/Jan/2024:17:36:28 -0500] "GET /BLA/resoluciones/RESOLUCIONES%202011/4834.pdf HTTP/1.0" 200 1490606
190.60.40.178 - - [02/Jan/2024:17:36:27 -0500] "GET /sipse/js/jquery.min.js HTTP/1.1" 200 85582
190.60.40.178 - - [02/Jan/2024:17:36:28 -0500] "GET /sipse/faces/javax.faces.resource/jquery/jquery.js?ln=primefaces&v=4.0 HTTP/1.1" 304 -
190.60.40.178 - - [02/Jan/2024:17:36:28 -0500] "GET /sipse/faces/javax.faces.resource/jquery/jquery-plugins.js?ln=primefaces&v=4.0 HTTP/1.1" 304 -
190.60.40.178 - - [02/Jan/2024:17:36:28 -0500] "GET /sipse/faces/javax.faces.resource/primefaces.js?ln=primefaces&v=4.0 HTTP/1.1" 304 -
190.60.40.178 - - [02/Jan/2024:17:36:28 -0500] "GET /sipse/faces/javax.faces.resource/layout/layout.js?ln=primefaces&v=4.0 HTTP/1.1" 304 -
190.60.40.178 - - [02/Jan/2024:17:36:29 -0500] "GET /sipse/css/v_mergente.css HTTP/1.1" 304 -
190.60.40.178 - - [02/Jan/2024:17:36:29 -0500] "GET /sipse/imagenes/cargando.gif HTTP/1.1" 200 36959
190.60.40.178 - - [02/Jan/2024:17:36:29 -0500] "GET /sipse/imagenes/logoAplicacion.jpg HTTP/1.1" 304 -
190.60.40.178 - - [02/Jan/2024:17:36:29 -0500] "GET /sipse/css/imagen/contrasena.png HTTP/1.1" 404 383
190.60.40.178 - - [02/Jan/2024:17:36:31 -0500] "GET /sipse/faces/javax.faces.resource/images/ui-bg_flat_0_2d5972_40x100.png?ln=primefaces-aristo HTTP/1.1" 304 -
190.60.40.178 - - [02/Jan/2024:17:36:31 -0500] "POST /sipse/faces/bienvenido.xhtml HTTP/1.1" 200 9852
190.60.40.178 - - [02/Jan/2024:17:36:36 -0500] "POST /sipse/faces/bienvenido.xhtml HTTP/1.1" 200 6185
200.118.16.147 - - [02/Jan/2024:17:36:37 -0500] "POST /sipse/faces/presentacion/financiero/solicitudProceso/consultar.xhtml HTTP/1.1" 200 12737
181.136.141.28 - - [02/Jan/2024:17:36:38 -0500] "GET /appsia/controlador HTTP/1.1" 200 4799
181.136.141.28 - - [02/Jan/2024:17:36:38 -0500] "GET /appsia/css/estilos.css HTTP/1.1" 200 4804
181.136.141.28 - - [02/Jan/2024:17:36:38 -0500] "GET /appsia/scripts/validarIngreso.js HTTP/1.1" 200 851
181.136.141.28 - - [02/Jan/2024:17:36:38 -0500] "GET /appsia/images/logo_bogota_p.png HTTP/1.1" 200 14951
181.136.141.28 - - [02/Jan/2024:17:36:38 -0500] "GET /appsia/images/cabezoteHojaVida.png HTTP/1.1" 200 32493
181.136.141.28 - - [02/Jan/2024:17:36:39 -0500] "GET /favicon.ico HTTP/1.1" 200 7782
190.60.40.178 - - [02/Jan/2024:17:36:43 -0500] "POST /sipse/faces/bienvenido.xhtml HTTP/1.1" 200 27112
190.60.40.178 - - [02/Jan/2024:17:36:44 -0500] "GET /sipse/faces/javax.faces.resource/jquery/jquery.js?ln=primefaces&v=4.0 HTTP/1.1" 304 -
190.60.40.178 - - [02/Jan/2024:17:36:44 -0500] "GET /sipse/faces/javax.faces.resource/jquery/jquery-plugins.js?ln=primefaces&v=4.0 HTTP/1.1" 304 -
190.60.40.178 - - [02/Jan/2024:17:36:44 -0500] "GET /sipse/faces/javax.faces.resource/primefaces.js?ln=primefaces&v=4.0 HTTP/1.1" 304 -
190.60.40.178 - - [02/Jan/2024:17:36:44 -0500] "GET /sipse/faces/javax.faces.resource/layout/layout.js?ln=primefaces&v=4.0 HTTP/1.1" 304 -
156.59.198.135 - - [02/Jan/2024:17:36:52 -0500] "GET /BLA/resoluciones/RESOLUCIONES%202011/5379.pdf HTTP/1.0" 200 574042
200.118.16.147 - - [02/Jan/2024:17:37:03 -0500] "POST /sipse/faces/presentacion/financiero/solicitudProceso/consultar.xhtml HTTP/1.1" 200 12892
190.60.40.178 - - [02/Jan/2024:17:37:08 -0500] "POST /sipse/faces/presentacion/sistema/reporte/listarReportes.xhtml HTTP/1.1" 200 22432
190.60.40.178 - - [02/Jan/2024:17:37:09 -0500] "GET /sipse/faces/javax.faces.resource/theme.css?ln=primefaces-sipse HTTP/1.1" 304 -
190.60.40.178 - - [02/Jan/2024:17:37:09 -0500] "GET /sipse/faces/javax.faces.resource/primefaces.css?ln=primefaces&v=4.0 HTTP/1.1" 304 -
190.60.40.178 - - [02/Jan/2024:17:37:09 -0500] "GET /sipse/faces/javax.faces.resource/primefaces.js?ln=primefaces&v=4.0 HTTP/1.1" 304 -
190.60.40.178 - - [02/Jan/2024:17:37:09 -0500] "GET /sipse/faces/javax.faces.resource/layout/layout.js?ln=primefaces&v=4.0 HTTP/1.1" 304 -
190.60.40.178 - - [02/Jan/2024:17:37:09 -0500] "GET /sipse/faces/javax.faces.resource/jquery/jquery-plugins.js?ln=primefaces&v=4.0 HTTP/1.1" 304 -
190.60.40.178 - - [02/Jan/2024:17:37:09 -0500] "GET /sipse/faces/javax.faces.resource/jquery/jquery.js?ln=primefaces&v=4.0 HTTP/1.1" 304 -
190.60.40.178 - - [02/Jan/2024:17:37:09 -0500] "GET /sipse/faces/javax.faces.resource/layout/layout.css?ln=primefaces&v=4.0 HTTP/1.1" 304 -
190.60.40.178 - - [02/Jan/2024:17:37:09 -0500] "GET /sipse/faces/javax.faces.resource/images/ui-icons_898989_256x240.png?ln=primefaces-aristo HTTP/1.1" 304 -
181.136.141.28 - - [02/Jan/2024:17:37:11 -0500] "POST /appsia/controlador HTTP/1.1" 200 5437
200.118.16.147 - - [02/Jan/2024:17:37:11 -0500] "POST /sipse/faces/presentacion/financiero/solicitudProceso/consultar.xhtml HTTP/1.1" 200 128171
200.118.16.147 - - [02/Jan/2024:17:37:12 -0500] "GET /sipse/faces/javax.faces.resource/theme.css?ln=primefaces-sipse HTTP/1.1" 304 -
200.118.16.147 - - [02/Jan/2024:17:37:12 -0500] "GET /sipse/faces/javax.faces.resource/primefaces.css?ln=primefaces&v=4.0 HTTP/1.1" 304 -
200.118.16.147 - - [02/Jan/2024:17:37:12 -0500] "GET /sipse/faces/javax.faces.resource/layout/layout.css?ln=primefaces&v=4.0 HTTP/1.1" 304 -
200.118.16.147 - - [02/Jan/2024:17:37:12 -0500] "GET /sipse/css/imagen/contrasena.png HTTP/1.1" 404 383
200.118.16.147 - - [02/Jan/2024:17:37:12 -0500] "GET /sipse/faces/javax.faces.resource/jquery/jquery.js?ln=primefaces&v=4.0 HTTP/1.1" 304 -
200.118.16.147 - - [02/Jan/2024:17:37:12 -0500] "GET /sipse/faces/javax.faces.resource/jquery/jquery-plugins.js?ln=primefaces&v=4.0 HTTP/1.1" 304 -
200.118.16.147 - - [02/Jan/2024:17:37:12 -0500] "GET /sipse/faces/javax.faces.resource/primefaces.js?ln=primefaces&v=4.0 HTTP/1.1" 304 -
200.118.16.147 - - [02/Jan/2024:17:37:12 -0500] "GET /sipse/faces/javax.faces.resource/layout/layout.js?ln=primefaces&v=4.0 HTTP/1.1" 304 -
156.59.198.136 - - [02/Jan/2024:17:37:16 -0500] "GET /BLA/resoluciones/RESOLUCIONES%202011/5439.pdf HTTP/1.0" 200 572206
181.136.141.28 - - [02/Jan/2024:17:37:17 -0500] "POST /appsia/controlador HTTP/1.1" 200 3238
181.136.141.28 - - [02/Jan/2024:17:37:17 -0500] "GET /appsia/jscripts/validarSolicitud.js HTTP/1.1" 404 68
181.136.141.28 - - [02/Jan/2024:17:37:21 -0500] "POST /appsia/controlador HTTP/1.1" 200 5437
181.136.141.28 - - [02/Jan/2024:17:37:25 -0500] "POST /appsia/controlador HTTP/1.1" 200 3238
181.136.141.28 - - [02/Jan/2024:17:37:25 -0500] "GET /appsia/jscripts/validarSolicitud.js HTTP/1.1" 404 68
181.136.141.28 - - [02/Jan/2024:17:37:31 -0500] "POST /appsia/controlador HTTP/1.1" 200 5437
156.59.198.135 - - [02/Jan/2024:17:37:41 -0500] "GET /BLA/resoluciones/RESOLUCIONES%202011/3939.pdf HTTP/1.0" 200 765115
172.22.2.4 - - [02/Jan/2024:17:37:47 -0500] "GET /BLA/boletinlegal/Circulares/2019/.pdf HTTP/1.1" 404 1218
172.22.2.4 - - [02/Jan/2024:17:37:58 -0500] "GET /BLA/boletinlegal/Circulares/2012/Circular%20No.%2010%20del%2026%20de%20Enero%20de%202012.pdf HTTP/1.1" 404 1218
66.249.66.21 - - [02/Jan/2024:17:38:00 -0500] "GET /BLA/resoluciones/RESOLUCIONES%202008/4158.pdf HTTP/1.1" 200 509016
156.59.198.135 - - [02/Jan/2024:17:38:05 -0500] "GET /BLA/resoluciones/RESOLUCIONES%202011/4418.pdf HTTP/1.0" 200 889093
201.245.192.253 - - [02/Jan/2024:17:38:19 -0500] "POST /kwsrmcab/Wsrmcab  HTTP/1.1" 200 40331
156.59.198.136 - - [02/Jan/2024:17:38:29 -0500] "GET /BLA/resoluciones/RESOLUCIONES%202011/4362.pdf HTTP/1.0" 200 603882
172.22.2.4 - - [02/Jan/2024:17:36:51 -0500] "HEAD /BLA/boletinlegal/ HTTP/1.1" 200 -
181.136.141.28 - - [02/Jan/2024:17:38:32 -0500] "POST /appsia/controlador HTTP/1.1" 200 4799
172.22.2.4 - - [02/Jan/2024:17:38:48 -0500] "GET /BLA/boletinlegal/actos.php HTTP/1.1" 200 9648
156.59.198.135 - - [02/Jan/2024:17:38:53 -0500] "GET /BLA/resoluciones/RESOLUCIONES%202011/6054.pdf HTTP/1.0" 200 941082
156.59.198.135 - - [02/Jan/2024:17:39:18 -0500] "GET /BLA/resoluciones/RESOLUCIONES%202011/3523.pdf HTTP/1.0" 200 701898
172.22.2.4 - - [02/Jan/2024:17:37:41 -0500] "GET /BLA/boletinlegal/ HTTP/1.1" 200 56085
157.55.39.53 - - [02/Jan/2024:17:39:34 -0500] "GET /BLA/resoluciones/AUTOS%202023/05876.pdf HTTP/1.1" 200 399835
66.249.66.21 - - [02/Jan/2024:17:39:36 -0500] "GET /BLA/resoluciones/RESOLUCIONES%202011/5715.pdf HTTP/1.1" 200 591366
201.245.192.253 - - [02/Jan/2024:17:39:39 -0500] "POST /kwsrmcab/Wsrmcab HTTP/1.1" 200 41206
156.59.198.135 - - [02/Jan/2024:17:39:42 -0500] "GET /BLA/resoluciones/RESOLUCIONES%202011/4276.pdf HTTP/1.0" 200 607712
201.245.192.253 - - [02/Jan/2024:17:39:44 -0500] "POST /kwsrmcab/Wsrmcab HTTP/1.1" 200 34849
191.156.181.214 - - [02/Jan/2024:17:39:57 -0500] "POST /sipse/faces/presentacion/financiero/solicitudProceso/consultarSolicitudProceso.xhtml HTTP/1.1" 200 42077
191.156.181.214 - - [02/Jan/2024:17:39:58 -0500] "GET /sipse/faces/javax.faces.resource/theme.css?ln=primefaces-sipse HTTP/1.1" 304 -
191.156.181.40 - - [02/Jan/2024:17:39:58 -0500] "GET /sipse/faces/javax.faces.resource/jquery/jquery.js?ln=primefaces&v=4.0 HTTP/1.1" 304 -
191.156.191.43 - - [02/Jan/2024:17:39:58 -0500] "GET /sipse/faces/javax.faces.resource/primefaces.css?ln=primefaces&v=4.0 HTTP/1.1" 304 -
191.156.181.214 - - [02/Jan/2024:17:39:58 -0500] "GET /sipse/faces/javax.faces.resource/layout/layout.css?ln=primefaces&v=4.0 HTTP/1.1" 304 -
191.156.181.214 - - [02/Jan/2024:17:39:58 -0500] "GET /sipse/faces/javax.faces.resource/jquery/jquery-plugins.js?ln=primefaces&v=4.0 HTTP/1.1" 304 -
191.156.181.214 - - [02/Jan/2024:17:39:58 -0500] "GET /sipse/faces/javax.faces.resource/primefaces.js?ln=primefaces&v=4.0 HTTP/1.1" 304 -
191.156.181.214 - - [02/Jan/2024:17:39:58 -0500] "GET /sipse/faces/javax.faces.resource/layout/layout.js?ln=primefaces&v=4.0 HTTP/1.1" 304 -
191.156.181.40 - - [02/Jan/2024:17:39:58 -0500] "GET /sipse/css/imagen/contrasena.png HTTP/1.1" 404 383
191.156.181.214 - - [02/Jan/2024:17:39:58 -0500] "POST /sipse/faces/presentacion/financiero/solicitudProceso/consultar.xhtml HTTP/1.1" 200 35371
191.156.181.214 - - [02/Jan/2024:17:39:58 -0500] "POST /sipse/faces/presentacion/financiero/solicitudProceso/consultar.xhtml HTTP/1.1" 200 35371
191.156.181.214 - - [02/Jan/2024:17:39:59 -0500] "POST /sipse/faces/presentacion/financiero/solicitudProceso/consultar.xhtml HTTP/1.1" 200 35371
191.156.181.214 - - [02/Jan/2024:17:39:59 -0500] "POST /sipse/faces/presentacion/financiero/solicitudProceso/consultar.xhtml HTTP/1.1" 200 35371
191.156.181.214 - - [02/Jan/2024:17:40:02 -0500] "POST /sipse/faces/presentacion/financiero/solicitudProceso/consultar.xhtml HTTP/1.1" 200 12854
191.156.181.214 - - [02/Jan/2024:17:40:04 -0500] "POST /sipse/faces/presentacion/financiero/solicitudProceso/consultar.xhtml HTTP/1.1" 200 165419
191.156.181.214 - - [02/Jan/2024:17:40:06 -0500] "GET /sipse/faces/javax.faces.resource/theme.css?ln=primefaces-sipse HTTP/1.1" 304 -
191.156.181.40 - - [02/Jan/2024:17:40:06 -0500] "GET /sipse/faces/javax.faces.resource/primefaces.css?ln=primefaces&v=4.0 HTTP/1.1" 304 -
191.156.191.43 - - [02/Jan/2024:17:40:06 -0500] "GET /sipse/faces/javax.faces.resource/layout/layout.css?ln=primefaces&v=4.0 HTTP/1.1" 304 -
191.156.191.25 - - [02/Jan/2024:17:40:06 -0500] "GET /sipse/faces/javax.faces.resource/jquery/jquery.js?ln=primefaces&v=4.0 HTTP/1.1" 304 -
191.156.191.25 - - [02/Jan/2024:17:40:06 -0500] "GET /sipse/faces/javax.faces.resource/jquery/jquery-plugins.js?ln=primefaces&v=4.0 HTTP/1.1" 304 -
191.156.191.25 - - [02/Jan/2024:17:40:06 -0500] "GET /sipse/faces/javax.faces.resource/primefaces.js?ln=primefaces&v=4.0 HTTP/1.1" 304 -
191.156.191.25 - - [02/Jan/2024:17:40:06 -0500] "GET /sipse/faces/javax.faces.resource/layout/layout.js?ln=primefaces&v=4.0 HTTP/1.1" 304 -
156.59.198.136 - - [02/Jan/2024:17:40:06 -0500] "GET /BLA/resoluciones/RESOLUCIONES%202011/5112.pdf HTTP/1.0" 200 1167084
191.156.191.25 - - [02/Jan/2024:17:40:06 -0500] "GET /sipse/css/imagen/contrasena.png HTTP/1.1" 404 383
191.156.191.25 - - [02/Jan/2024:17:40:12 -0500] "POST /sipse/faces/presentacion/financiero/solicitudProceso/consultarSolicitudProceso.xhtml HTTP/1.1" 200 100751
156.59.198.135 - - [02/Jan/2024:17:40:35 -0500] "GET /BLA/resoluciones/RESOLUCIONES%202011/3741.pdf HTTP/1.0" 200 718057
216.245.221.92 - - [02/Jan/2024:17:40:51 -0500] "HEAD / HTTP/1.1" 200 -
156.59.198.136 - - [02/Jan/2024:17:40:57 -0500] "GET /BLA/resoluciones/RESOLUCIONES%202011/5972.pdf HTTP/1.0" 200 489799
191.156.181.40 - - [02/Jan/2024:17:41:04 -0500] "POST /sipse/faces/presentacion/financiero/solicitudProceso/consultarSolicitudProceso.xhtml HTTP/1.1" 200 42180
191.156.181.40 - - [02/Jan/2024:17:41:04 -0500] "GET /sipse/faces/javax.faces.resource/theme.css?ln=primefaces-sipse HTTP/1.1" 304 -
191.156.186.5 - - [02/Jan/2024:17:41:04 -0500] "GET /sipse/faces/javax.faces.resource/jquery/jquery.js?ln=primefaces&v=4.0 HTTP/1.1" 304 -
191.156.186.5 - - [02/Jan/2024:17:41:04 -0500] "GET /sipse/faces/javax.faces.resource/primefaces.css?ln=primefaces&v=4.0 HTTP/1.1" 304 -
191.156.186.5 - - [02/Jan/2024:17:41:04 -0500] "GET /sipse/faces/javax.faces.resource/layout/layout.css?ln=primefaces&v=4.0 HTTP/1.1" 304 -
191.156.186.5 - - [02/Jan/2024:17:41:05 -0500] "GET /sipse/faces/javax.faces.resource/jquery/jquery-plugins.js?ln=primefaces&v=4.0 HTTP/1.1" 304 -
191.156.186.5 - - [02/Jan/2024:17:41:05 -0500] "GET /sipse/faces/javax.faces.resource/primefaces.js?ln=primefaces&v=4.0 HTTP/1.1" 304 -
191.156.186.5 - - [02/Jan/2024:17:41:05 -0500] "GET /sipse/faces/javax.faces.resource/layout/layout.js?ln=primefaces&v=4.0 HTTP/1.1" 304 -
191.156.186.5 - - [02/Jan/2024:17:41:05 -0500] "GET /sipse/css/imagen/contrasena.png HTTP/1.1" 404 383
191.156.186.5 - - [02/Jan/2024:17:41:05 -0500] "POST /sipse/faces/presentacion/financiero/solicitudProceso/consultar.xhtml HTTP/1.1" 200 35474
191.156.186.5 - - [02/Jan/2024:17:41:05 -0500] "POST /sipse/faces/presentacion/financiero/solicitudProceso/consultar.xhtml HTTP/1.1" 200 35474
191.156.186.5 - - [02/Jan/2024:17:41:06 -0500] "POST /sipse/faces/presentacion/financiero/solicitudProceso/consultar.xhtml HTTP/1.1" 200 35474
191.156.186.5 - - [02/Jan/2024:17:41:06 -0500] "POST /sipse/faces/presentacion/financiero/solicitudProceso/consultar.xhtml HTTP/1.1" 200 35474
191.156.186.5 - - [02/Jan/2024:17:41:06 -0500] "POST /sipse/faces/presentacion/financiero/solicitudProceso/consultar.xhtml HTTP/1.1" 200 35474
191.156.186.5 - - [02/Jan/2024:17:41:07 -0500] "POST /sipse/faces/presentacion/financiero/solicitudProceso/consultar.xhtml HTTP/1.1" 200 35474
191.156.186.5 - - [02/Jan/2024:17:41:09 -0500] "POST /sipse/faces/presentacion/financiero/solicitudProceso/consultar.xhtml HTTP/1.1" 200 12852
179.19.111.36 - - [02/Jan/2024:17:41:16 -0500] "GET /kwssiamovil/sm/acme/a?s=U2FsdGVkX1+rU14lNApY95tNOc1X4ZK07KEFzK2BaIIvuHSrCbuCFvdtgBI7hWnwFq2j3v7O/HYPGl0ewSodtdtsKTbAr1AiYt4wtE8lL+SR9SJJ/Lh2zk5DgQhVJEUEXXFn41mb9ad1VKixmi/HpkU+a1amUSZWYhVgBNQtxLAbsYkGwAhy1OnrJGZp9XsuSbWnT5xDLNVSGRGtDoj+bA1nFzaRfqp33G+LipA2LnacFR4NWq4WfXGxZyuYdstDe0QBPyL3eziUg2lbR2LE2w==&u=U2FsdGVkX19WgTubGhp1VqVEGcdeYtoPovS8mcGUpvo=&y=U2FsdGVkX1/ECACJOfT5tp9FSfzBhnxyGcMGzrSYRyIuDTXQ6BnewC2Fu2Q0AYUU HTTP/1.1" 200 26
179.19.111.36 - - [02/Jan/2024:17:41:16 -0500] "GET /kwssiamovil/sm/acme/a?s=U2FsdGVkX1+1uSctoCRxH68qN180JVRBJ5sGMcsclonD5Qiic0Rss8uco6/PdbMRNN65buG+6kXXj9C2XR/fSCdZm5vk+w8HMFZFdYdCu4bGXcgaPDoAxjghuqqq7DGpOAv5c3MT/4JuPwXtZhxdH4fqBRZ0pKsVhonlQz827LaUSHjiROEp8d+UbjaPKxmMB+trhcposNtGpspWzWfetMkZ4ww7N+s0cp2zuWAluNp/GTib3TBnITkP/7GH4fGbUt38ldWb9CIiYIr90UuGeVgbLzL4a1gwMEBApw7ufMqbfsLqOkvFeNTSurcMlUKgxXuWunyCztzVBNHaoCwpMQFGM2mG2hK5kzilWUZR0pay24roydZM3XPaadCOVyawnVdZ53wGBM90agsryR15yvpe1VbyMvyRsMjRtLcgrXgzweNLsZDcWEqdIeA//iN8r5iMTcP6rU55yBvU77053VM0czdin0glSfBdC+M+sc4KWoSQMTeN9xHsAiQkl+AMdH9ACObsrH2z64c1HFj84vwq8nWkppVtWxVOXZ0eqC8X4dncPfpSz6vORpmpX+JKQey7fOpfID2iTvZz6mbIpWR5NK6PwO7DVUAXvVwQ887Ya8uYSPmCZujFypD1C5x5FXWfP9E6/BDmbs/QWEU4XsaxZIdQEJ1GfBwBbQXe/53jEWKd0AetykZA6AB4Z5SzvHg+VpB56FEuxrL+WAyvjP6BNHDKeU1UROUPco7g1yT5tAFuiwQPHkHix+PvXjsy8ykkGjLzH9iQHw6LowVemwsGI0lpFNo6TdztPOEiRXsgLoT7QXkOK0OEAa5+Rz3xUo3MEkuDzuSaE65MluAXozxJwRAA9LEq9G7XA2A2k1866ciem6/2c6hgQZVbtyJRsf+GVLZc1XdDcOsyJrcrAzEqD+JO2h+SQOIFDzrnRp95UtXKwa1Ztyh1S/rncFGUdOm1RRm7Tcguwit2hJyV76g0duR77a8Ru465zl70hzVArPlwiErtApiEgTnVLdMUM7RF97F8iAcb9PlNKTgcDru+wjvxr6yb4dkQjPPgpE8NP8/MA5sKMrCnC8C4dduJxYfs15KqxL9kHSQ52HHiSLLymlVj5Z97/9WHS4oT7BCstH9BdH6qiBPneXlN8ikhjThLD5Sy6rvmaCHglzDlduXOgfvSVmlQKbiRwEWJ1BeXvMJUrC2UkKpEzYBVCoRemK8JjU3JLOAXzahfKtTxPjpxygXRfZflW/AlOy7o3wab5z9OY1mjd7690J9LyVkyDHd1ja33qKq/1jI0XUj6E8/C5cd8BPwBOka++as7u9WV29pbCRIH+2mGQ/vzlxszsjzBWkzCS5gosanupcOlySri45Z93Dg60r2KoToP0AueRtrHoaLBGE3SzojBQOzWVXUYQa1ECfM75boVp+qoaLmYMvGPVYXEy+nheDCdlA02N/86Zsb+G9i4pxgtITVJ1pLnPGlgYQE8x7IX0jDBjftdqLlOjeAJ0O18BaUxtgUWUcVafjjCaIgNRy35mr5emJSdyItPe0pOaMh9Ime861z5aNcRKucm2kOmLSsvBHj1qp49N7y91s10vTtLXxtKFrmDPbpdzpSO+aImukc/+4K7IDOs6HX4X/l6TxJkcUtaPMRw4VVcdROCs9VEdnMwwjTVtuTpAM00bMxesDepBWSUe6Pilyij3yoq6HHp0kHkjSKZKaUY4rj4fR3Q0gBuC4OYQUjgmNK++rc7a/7Jr5GCWKQOmPRel4ft/pyz+NGLrWrRasTqpuvLx/RdzRbzV/mrEzkWi8gvdSy34I18wHtSarsKrLymt4q9KbGQuSOxLyL9PCsgUeAr4z3X8L8zp36pQyjAxEFE0d7BgYGD5AyntgTVVuZKSwLMMsCUVvcG//4TvAu4PHHsR0VkSSo1jbcNkS0zrMgIYSwKJhssFiECZHeMJc2eHE89R/lLFzjeC5T86CoMrgNZrYcwa7FG8PP844F6KRtb3SbddH0et9EVN0raJmy0drDmyPfMnCpNe7QMwlR8aD6RsVXQZ5BFTDzb/a5lP+CNMaubYfQLDK0UftHXPFuM65cjqOnUhiY9AhbnFsTXgHyhjk+NPkI+C1yAhuD1Z4Nm6p86k3CR8xL0LqnJTbBL3YoxsymEQYSulLvifgw8SaWR0gOfg+k7Wa1fK1lB2nntZ8bqmhiCsSzxpSTFoLSyo6FtcLYXirnj98YE5HUsx253DlkgLfLYFdLSZrtoTmrZFIHWOuvcufE7tRw72d6zY+jtW1WdN+2e4985I8QRR6X58QDOuXC9kcIJQWMK40jVCOV4qtw12m91e5ZpR70otgTe+/gFUQZ2RQarnZaD/m2raq2x0Idd52ZnjWgJz0kffYxf1UAzrA==&u=U2FsdGVkX19WgTubGhp1VqVEGcdeYtoPovS8mcGUpvo=&y=U2FsdGVkX1/ECACJOfT5tp9FSfzBhnxyGcMGzrSYRyIuDTXQ6BnewC2Fu2Q0AYUU HTTP/1.1" 200 26
179.19.111.36 - - [02/Jan/2024:17:41:17 -0500] "GET /kwssiamovil/sm/acme/a?s=U2FsdGVkX1+SaJ0tn8GuOLaK+e7SDRfe1XbLD9VeMVkRgQyrDFQqcWalPFO296jNAEfCQDk9a+uYS2uJOfqBNanj/b7QofAXVVJUnilzLmax+EcIpqa6pSQsp+2Z2BGtB+plOOfiCj54RLBDyjt+JKvJ/+94szLodlhYFSelulA=&u=U2FsdGVkX19WgTubGhp1VqVEGcdeYtoPovS8mcGUpvo=&y=U2FsdGVkX1/ECACJOfT5tp9FSfzBhnxyGcMGzrSYRyIuDTXQ6BnewC2Fu2Q0AYUU HTTP/1.1" 200 26
179.19.111.36 - - [02/Jan/2024:17:41:17 -0500] "GET /kwssiamovil/sm/acme/a?s=U2FsdGVkX18rdXhKLtv1KzHUKHE+HjV91ACrJnPtdnMD0ifnty4wODWdh9sjaHM6HduhRACzUg1XG6CowkvpS4Pirv6SLO7xA0vNeMAnCCHhSfYx/MYuMZebEjT9z6Y/sgWs/j6CKqB3uBOTRILXHH5NacctMNa+iKLzrexA/Gw=&u=U2FsdGVkX19WgTubGhp1VqVEGcdeYtoPovS8mcGUpvo=&y=U2FsdGVkX1/ECACJOfT5tp9FSfzBhnxyGcMGzrSYRyIuDTXQ6BnewC2Fu2Q0AYUU HTTP/1.1" 200 26
179.19.111.36 - - [02/Jan/2024:17:41:17 -0500] "GET /kwssiamovil/sm/acme/a?s=U2FsdGVkX1+62b6hgZNjTCuWX/RPNuu5aBhRPcLjMvlQpxb7L8lnKYs4CD+Wr9HhMrYu4u5fOTFJSHStOotkSoxMU3cKkjV5n4gEwUDKg3cmMSTQevqU6wrmI10/3UlPdRJbm7YBkOb/y7gmS5CZlPdfUSU16VTzKsWc5wks/24=&u=U2FsdGVkX19WgTubGhp1VqVEGcdeYtoPovS8mcGUpvo=&y=U2FsdGVkX1/ECACJOfT5tp9FSfzBhnxyGcMGzrSYRyIuDTXQ6BnewC2Fu2Q0AYUU HTTP/1.1" 200 26
191.156.186.5 - - [02/Jan/2024:17:41:16 -0500] "POST /sipse/faces/presentacion/financiero/solicitudProceso/consultar.xhtml HTTP/1.1" 200 160276
191.156.186.5 - - [02/Jan/2024:17:41:17 -0500] "GET /sipse/faces/javax.faces.resource/primefaces.css?ln=primefaces&v=4.0 HTTP/1.1" 304 -
191.156.186.5 - - [02/Jan/2024:17:41:17 -0500] "GET /sipse/faces/javax.faces.resource/theme.css?ln=primefaces-sipse HTTP/1.1" 304 -
191.156.186.5 - - [02/Jan/2024:17:41:17 -0500] "GET /sipse/faces/javax.faces.resource/layout/layout.css?ln=primefaces&v=4.0 HTTP/1.1" 304 -
191.156.181.40 - - [02/Jan/2024:17:41:17 -0500] "GET /sipse/faces/javax.faces.resource/jquery/jquery.js?ln=primefaces&v=4.0 HTTP/1.1" 304 -
191.156.181.40 - - [02/Jan/2024:17:41:17 -0500] "GET /sipse/faces/javax.faces.resource/jquery/jquery-plugins.js?ln=primefaces&v=4.0 HTTP/1.1" 304 -
191.156.181.40 - - [02/Jan/2024:17:41:17 -0500] "GET /sipse/faces/javax.faces.resource/primefaces.js?ln=primefaces&v=4.0 HTTP/1.1" 304 -
179.19.111.36 - - [02/Jan/2024:17:41:17 -0500] "GET /kwssiamovil/sm/acme/a?s=U2FsdGVkX185D+gf2Ud0FXs3N3hmQ4oEdeJKsqKOoIBE8QVjkEHfv169ElEIXjfItkcXCFp1rYksMN3061JbUkwXNzu2XzexI6vSW+RhgMZhkBpbBCBnxqRlRiML0W6cJ8dl02KKRUxveug348FSwKci0/7D4y4ttVGojj+gwqR9kcTSQaT7vO3Rc/CosAgxB9cNAn9kcwQe+nsjRMA3Mw==&u=U2FsdGVkX19WgTubGhp1VqVEGcdeYtoPovS8mcGUpvo=&y=U2FsdGVkX1/ECACJOfT5tp9FSfzBhnxyGcMGzrSYRyIuDTXQ6BnewC2Fu2Q0AYUU HTTP/1.1" 200 26
191.156.181.40 - - [02/Jan/2024:17:41:17 -0500] "GET /sipse/faces/javax.faces.resource/layout/layout.js?ln=primefaces&v=4.0 HTTP/1.1" 304 -
191.156.181.40 - - [02/Jan/2024:17:41:18 -0500] "GET /sipse/css/imagen/contrasena.png HTTP/1.1" 404 383
156.59.198.135 - - [02/Jan/2024:17:41:20 -0500] "GET /BLA/resoluciones/RESOLUCIONES%202011/3502.pdf HTTP/1.0" 200 532396
191.156.181.40 - - [02/Jan/2024:17:41:24 -0500] "POST /sipse/faces/presentacion/financiero/solicitudProceso/consultarSolicitudProceso.xhtml HTTP/1.1" 200 100752
156.59.198.135 - - [02/Jan/2024:17:41:45 -0500] "GET /BLA/resoluciones/RESOLUCIONES%202011/4946.pdf HTTP/1.0" 200 189127
191.156.177.156 - - [02/Jan/2024:17:41:47 -0500] "POST /sipse/faces/presentacion/financiero/solicitudProceso/consultarSolicitudProceso.xhtml HTTP/1.1" 200 193
191.156.177.156 - - [02/Jan/2024:17:41:47 -0500] "POST /sipse/faces/presentacion/financiero/solicitudProceso/consultarSolicitudProceso.xhtml HTTP/1.1" 200 193
191.156.177.156 - - [02/Jan/2024:17:41:48 -0500] "POST /sipse/faces/presentacion/financiero/solicitudProceso/consultarSolicitudProceso.xhtml HTTP/1.1" 200 193
191.156.181.214 - - [02/Jan/2024:17:41:48 -0500] "GET /sipse/faces/presentacion/financiero/solicitudAnulacion/consultarSolicitudAnulacion.xhtml HTTP/1.1" 200 19248
191.156.177.156 - - [02/Jan/2024:17:41:48 -0500] "POST /sipse/faces/presentacion/financiero/solicitudProceso/consultarSolicitudProceso.xhtml HTTP/1.1" 200 193
191.156.177.199 - - [02/Jan/2024:17:41:48 -0500] "GET /sipse/faces/presentacion/financiero/solicitudAnulacion/consultarSolicitudAnulacion.xhtml HTTP/1.1" 200 16132
191.156.177.156 - - [02/Jan/2024:17:41:48 -0500] "POST /sipse/faces/presentacion/financiero/solicitudProceso/consultarSolicitudProceso.xhtml HTTP/1.1" 200 193
191.156.181.214 - - [02/Jan/2024:17:41:48 -0500] "GET /sipse/faces/presentacion/financiero/solicitudAnulacion/consultarSolicitudAnulacion.xhtml HTTP/1.1" 200 25192
191.156.181.214 - - [02/Jan/2024:17:41:48 -0500] "GET /sipse/faces/presentacion/financiero/solicitudAnulacion/consultarSolicitudAnulacion.xhtml HTTP/1.1" 200 26832
191.156.177.156 - - [02/Jan/2024:17:41:48 -0500] "POST /sipse/faces/presentacion/financiero/solicitudProceso/consultarSolicitudProceso.xhtml HTTP/1.1" 200 193
191.156.191.43 - - [02/Jan/2024:17:41:48 -0500] "GET /sipse/faces/presentacion/financiero/solicitudAnulacion/consultarSolicitudAnulacion.xhtml HTTP/1.1" 200 16132
191.156.177.156 - - [02/Jan/2024:17:41:48 -0500] "POST /sipse/faces/presentacion/financiero/solicitudProceso/consultarSolicitudProceso.xhtml HTTP/1.1" 200 193
191.156.181.214 - - [02/Jan/2024:17:41:48 -0500] "GET /sipse/faces/presentacion/financiero/solicitudAnulacion/consultarSolicitudAnulacion.xhtml HTTP/1.1" 200 16132
191.156.177.156 - - [02/Jan/2024:17:41:48 -0500] "POST /sipse/faces/presentacion/financiero/solicitudProceso/consultarSolicitudProceso.xhtml HTTP/1.1" 200 193
191.156.186.5 - - [02/Jan/2024:17:41:49 -0500] "GET /sipse/faces/presentacion/financiero/solicitudAnulacion/consultarSolicitudAnulacion.xhtml HTTP/1.1" 200 16132
191.156.177.156 - - [02/Jan/2024:17:41:49 -0500] "POST /sipse/faces/presentacion/financiero/solicitudProceso/consultarSolicitudProceso.xhtml HTTP/1.1" 200 193
191.156.177.156 - - [02/Jan/2024:17:41:49 -0500] "GET /sipse/faces/presentacion/financiero/solicitudAnulacion/consultarSolicitudAnulacion.xhtml HTTP/1.1" 200 16132
191.156.177.156 - - [02/Jan/2024:17:41:49 -0500] "GET /sipse/faces/presentacion/financiero/solicitudAnulacion/consultarSolicitudAnulacion.xhtml HTTP/1.1" 200 40517
191.156.191.43 - - [02/Jan/2024:17:41:49 -0500] "GET /sipse/faces/javax.faces.resource/theme.css?ln=primefaces-sipse HTTP/1.1" 304 -
191.156.177.199 - - [02/Jan/2024:17:41:49 -0500] "GET /sipse/faces/javax.faces.resource/primefaces.css?ln=primefaces&v=4.0 HTTP/1.1" 304 -
191.156.181.214 - - [02/Jan/2024:17:41:49 -0500] "GET /sipse/faces/javax.faces.resource/layout/layout.css?ln=primefaces&v=4.0 HTTP/1.1" 304 -
191.156.191.43 - - [02/Jan/2024:17:41:49 -0500] "GET /sipse/faces/javax.faces.resource/jquery/jquery-plugins.js?ln=primefaces&v=4.0 HTTP/1.1" 304 -
191.156.181.40 - - [02/Jan/2024:17:41:49 -0500] "GET /sipse/faces/javax.faces.resource/jquery/jquery.js?ln=primefaces&v=4.0 HTTP/1.1" 304 -
191.156.181.40 - - [02/Jan/2024:17:41:49 -0500] "GET /sipse/faces/javax.faces.resource/primefaces.js?ln=primefaces&v=4.0 HTTP/1.1" 304 -
191.156.177.156 - - [02/Jan/2024:17:41:49 -0500] "GET /sipse/faces/javax.faces.resource/layout/layout.js?ln=primefaces&v=4.0 HTTP/1.1" 304 -
191.156.177.156 - - [02/Jan/2024:17:41:49 -0500] "GET /sipse/css/imagen/contrasena.png HTTP/1.1" 404 383
191.156.191.43 - - [02/Jan/2024:17:41:49 -0500] "GET /sipse/faces/javax.faces.resource/images/ui-icons_898989_256x240.png?ln=primefaces-aristo HTTP/1.1" 304 -
191.156.181.40 - - [02/Jan/2024:17:41:49 -0500] "GET /sipse/faces/javax.faces.resource/images/ui-bg_flat_0_2d5972_40x100.png?ln=primefaces-aristo HTTP/1.1" 304 -
191.156.181.40 - - [02/Jan/2024:17:41:49 -0500] "POST /sipse/faces/presentacion/financiero/solicitudAnulacion/consultarSolicitudAnulacion.xhtml HTTP/1.1" 200 10636
191.156.181.40 - - [02/Jan/2024:17:41:51 -0500] "POST /sipse/faces/presentacion/financiero/solicitudAnulacion/consultarSolicitudAnulacion.xhtml HTTP/1.1" 200 42178
191.156.181.40 - - [02/Jan/2024:17:41:51 -0500] "GET /sipse/faces/javax.faces.resource/theme.css?ln=primefaces-sipse HTTP/1.1" 304 -
191.156.181.40 - - [02/Jan/2024:17:41:51 -0500] "GET /sipse/faces/javax.faces.resource/primefaces.css?ln=primefaces&v=4.0 HTTP/1.1" 304 -
191.156.177.156 - - [02/Jan/2024:17:41:51 -0500] "GET /sipse/faces/javax.faces.resource/layout/layout.css?ln=primefaces&v=4.0 HTTP/1.1" 304 -
191.156.191.43 - - [02/Jan/2024:17:41:51 -0500] "GET /sipse/faces/javax.faces.resource/jquery/jquery.js?ln=primefaces&v=4.0 HTTP/1.1" 304 -
191.156.191.43 - - [02/Jan/2024:17:41:51 -0500] "GET /sipse/faces/javax.faces.resource/jquery/jquery-plugins.js?ln=primefaces&v=4.0 HTTP/1.1" 304 -
191.156.191.43 - - [02/Jan/2024:17:41:51 -0500] "GET /sipse/faces/javax.faces.resource/primefaces.js?ln=primefaces&v=4.0 HTTP/1.1" 304 -
191.156.191.43 - - [02/Jan/2024:17:41:51 -0500] "GET /sipse/faces/javax.faces.resource/layout/layout.js?ln=primefaces&v=4.0 HTTP/1.1" 304 -
191.156.191.43 - - [02/Jan/2024:17:41:54 -0500] "POST /sipse/faces/presentacion/financiero/solicitudProceso/consultar.xhtml HTTP/1.1" 200 12852
191.156.191.43 - - [02/Jan/2024:17:41:56 -0500] "POST /sipse/faces/presentacion/financiero/solicitudProceso/consultar.xhtml HTTP/1.1" 200 163712
191.156.177.156 - - [02/Jan/2024:17:41:57 -0500] "GET /sipse/faces/javax.faces.resource/primefaces.css?ln=primefaces&v=4.0 HTTP/1.1" 304 -
191.156.191.43 - - [02/Jan/2024:17:41:57 -0500] "GET /sipse/faces/javax.faces.resource/theme.css?ln=primefaces-sipse HTTP/1.1" 304 -
191.156.181.40 - - [02/Jan/2024:17:41:57 -0500] "GET /sipse/faces/javax.faces.resource/layout/layout.css?ln=primefaces&v=4.0 HTTP/1.1" 304 -
191.156.181.40 - - [02/Jan/2024:17:41:58 -0500] "GET /sipse/faces/javax.faces.resource/jquery/jquery.js?ln=primefaces&v=4.0 HTTP/1.1" 304 -
191.156.181.40 - - [02/Jan/2024:17:41:58 -0500] "GET /sipse/faces/javax.faces.resource/jquery/jquery-plugins.js?ln=primefaces&v=4.0 HTTP/1.1" 304 -
191.156.181.40 - - [02/Jan/2024:17:41:58 -0500] "GET /sipse/faces/javax.faces.resource/primefaces.js?ln=primefaces&v=4.0 HTTP/1.1" 304 -
191.156.181.40 - - [02/Jan/2024:17:41:58 -0500] "GET /sipse/faces/javax.faces.resource/layout/layout.js?ln=primefaces&v=4.0 HTTP/1.1" 304 -
191.156.181.40 - - [02/Jan/2024:17:42:06 -0500] "POST /sipse/faces/presentacion/financiero/solicitudProceso/consultarSolicitudProceso.xhtml HTTP/1.1" 200 100744
156.59.198.136 - - [02/Jan/2024:17:42:10 -0500] "GET /BLA/resoluciones/RESOLUCIONES%202011/4550.pdf HTTP/1.0" 200 987196
156.59.198.136 - - [02/Jan/2024:17:42:34 -0500] "GET /BLA/resoluciones/RESOLUCIONES%202011/4911.pdf HTTP/1.0" 200 888592
191.156.177.156 - - [02/Jan/2024:17:42:34 -0500] "POST /sipse/faces/presentacion/financiero/solicitudProceso/consultarSolicitudProceso.xhtml HTTP/1.1" 200 42178
191.156.177.156 - - [02/Jan/2024:17:42:35 -0500] "GET /sipse/faces/javax.faces.resource/theme.css?ln=primefaces-sipse HTTP/1.1" 304 -
191.156.177.104 - - [02/Jan/2024:17:42:35 -0500] "GET /sipse/faces/javax.faces.resource/primefaces.css?ln=primefaces&v=4.0 HTTP/1.1" 304 -
191.156.177.156 - - [02/Jan/2024:17:42:35 -0500] "GET /sipse/faces/javax.faces.resource/layout/layout.css?ln=primefaces&v=4.0 HTTP/1.1" 304 -
191.156.177.104 - - [02/Jan/2024:17:42:35 -0500] "GET /sipse/faces/javax.faces.resource/jquery/jquery.js?ln=primefaces&v=4.0 HTTP/1.1" 304 -
191.156.177.104 - - [02/Jan/2024:17:42:35 -0500] "GET /sipse/faces/javax.faces.resource/jquery/jquery-plugins.js?ln=primefaces&v=4.0 HTTP/1.1" 304 -
191.156.177.104 - - [02/Jan/2024:17:42:35 -0500] "GET /sipse/faces/javax.faces.resource/primefaces.js?ln=primefaces&v=4.0 HTTP/1.1" 304 -
191.156.177.104 - - [02/Jan/2024:17:42:36 -0500] "GET /sipse/faces/javax.faces.resource/layout/layout.js?ln=primefaces&v=4.0 HTTP/1.1" 304 -
191.156.177.104 - - [02/Jan/2024:17:42:36 -0500] "POST /sipse/faces/presentacion/financiero/solicitudProceso/consultar.xhtml HTTP/1.1" 200 35472
191.156.177.104 - - [02/Jan/2024:17:42:36 -0500] "POST /sipse/faces/presentacion/financiero/solicitudProceso/consultar.xhtml HTTP/1.1" 200 35472
191.156.177.104 - - [02/Jan/2024:17:42:38 -0500] "POST /sipse/faces/presentacion/financiero/solicitudProceso/consultar.xhtml HTTP/1.1" 200 12852
191.156.177.104 - - [02/Jan/2024:17:42:41 -0500] "POST /sipse/faces/presentacion/financiero/solicitudProceso/consultar.xhtml HTTP/1.1" 200 161915
191.156.177.104 - - [02/Jan/2024:17:42:42 -0500] "GET /sipse/faces/javax.faces.resource/theme.css?ln=primefaces-sipse HTTP/1.1" 304 -
191.156.177.104 - - [02/Jan/2024:17:42:42 -0500] "GET /sipse/faces/javax.faces.resource/primefaces.css?ln=primefaces&v=4.0 HTTP/1.1" 304 -
191.156.177.156 - - [02/Jan/2024:17:42:42 -0500] "GET /sipse/faces/javax.faces.resource/layout/layout.css?ln=primefaces&v=4.0 HTTP/1.1" 304 -
191.156.186.138 - - [02/Jan/2024:17:42:42 -0500] "GET /sipse/faces/javax.faces.resource/jquery/jquery.js?ln=primefaces&v=4.0 HTTP/1.1" 304 -
191.156.186.138 - - [02/Jan/2024:17:42:42 -0500] "GET /sipse/faces/javax.faces.resource/jquery/jquery-plugins.js?ln=primefaces&v=4.0 HTTP/1.1" 304 -
191.156.186.138 - - [02/Jan/2024:17:42:42 -0500] "GET /sipse/faces/javax.faces.resource/primefaces.js?ln=primefaces&v=4.0 HTTP/1.1" 304 -
191.156.186.138 - - [02/Jan/2024:17:42:43 -0500] "GET /sipse/faces/javax.faces.resource/layout/layout.js?ln=primefaces&v=4.0 HTTP/1.1" 304 -
40.77.167.67 - - [02/Jan/2024:17:42:46 -0500] "GET /Publicaciones/2023EE303212.pdf HTTP/1.1" 404 228
191.156.186.138 - - [02/Jan/2024:17:42:48 -0500] "POST /sipse/faces/presentacion/financiero/solicitudProceso/consultarSolicitudProceso.xhtml HTTP/1.1" 200 100752
156.59.198.135 - - [02/Jan/2024:17:42:59 -0500] "GET /BLA/resoluciones/RESOLUCIONES%202011/5279.pdf HTTP/1.0" 200 305429
201.245.192.253 - - [02/Jan/2024:17:43:19 -0500] "POST /kwsrmcab/Wsrmcab  HTTP/1.1" 200 40331
156.59.198.135 - - [02/Jan/2024:17:43:23 -0500] "GET /BLA/resoluciones/RESOLUCIONES%202011/4424.pdf HTTP/1.0" 200 520755
156.59.198.135 - - [02/Jan/2024:17:43:48 -0500] "GET /BLA/resoluciones/RESOLUCIONES%202011/5858.pdf HTTP/1.0" 200 422185
191.156.181.214 - - [02/Jan/2024:17:44:09 -0500] "POST /sipse/faces/presentacion/financiero/solicitudProceso/consultarSolicitudProceso.xhtml HTTP/1.1" 200 42178
191.156.181.214 - - [02/Jan/2024:17:44:10 -0500] "GET /sipse/faces/javax.faces.resource/theme.css?ln=primefaces-sipse HTTP/1.1" 304 -
191.156.177.199 - - [02/Jan/2024:17:44:10 -0500] "GET /sipse/faces/javax.faces.resource/jquery/jquery.js?ln=primefaces&v=4.0 HTTP/1.1" 304 -
191.156.181.214 - - [02/Jan/2024:17:44:10 -0500] "GET /sipse/faces/javax.faces.resource/primefaces.css?ln=primefaces&v=4.0 HTTP/1.1" 304 -
191.156.177.199 - - [02/Jan/2024:17:44:10 -0500] "GET /sipse/faces/javax.faces.resource/layout/layout.css?ln=primefaces&v=4.0 HTTP/1.1" 304 -
191.156.181.214 - - [02/Jan/2024:17:44:10 -0500] "GET /sipse/faces/javax.faces.resource/jquery/jquery-plugins.js?ln=primefaces&v=4.0 HTTP/1.1" 304 -
191.156.177.199 - - [02/Jan/2024:17:44:10 -0500] "GET /sipse/faces/javax.faces.resource/primefaces.js?ln=primefaces&v=4.0 HTTP/1.1" 304 -
191.156.177.199 - - [02/Jan/2024:17:44:10 -0500] "GET /sipse/faces/javax.faces.resource/layout/layout.js?ln=primefaces&v=4.0 HTTP/1.1" 304 -
191.156.177.199 - - [02/Jan/2024:17:44:10 -0500] "POST /sipse/faces/presentacion/financiero/solicitudProceso/consultar.xhtml HTTP/1.1" 200 35472
191.156.177.199 - - [02/Jan/2024:17:44:10 -0500] "POST /sipse/faces/presentacion/financiero/solicitudProceso/consultar.xhtml HTTP/1.1" 200 35472
191.156.177.199 - - [02/Jan/2024:17:44:11 -0500] "POST /sipse/faces/presentacion/financiero/solicitudProceso/consultar.xhtml HTTP/1.1" 200 35472
191.156.177.199 - - [02/Jan/2024:17:44:11 -0500] "POST /sipse/faces/presentacion/financiero/solicitudProceso/consultar.xhtml HTTP/1.1" 200 35472
156.59.198.136 - - [02/Jan/2024:17:44:13 -0500] "GET /BLA/resoluciones/RESOLUCIONES%202011/4585.pdf HTTP/1.0" 200 436843
191.156.177.199 - - [02/Jan/2024:17:44:13 -0500] "POST /sipse/faces/presentacion/financiero/solicitudProceso/consultar.xhtml HTTP/1.1" 200 12826
191.156.177.199 - - [02/Jan/2024:17:44:16 -0500] "POST /sipse/faces/presentacion/financiero/solicitudProceso/consultar.xhtml HTTP/1.1" 200 117960
191.156.181.214 - - [02/Jan/2024:17:44:17 -0500] "GET /sipse/faces/javax.faces.resource/primefaces.css?ln=primefaces&v=4.0 HTTP/1.1" 304 -
191.156.177.199 - - [02/Jan/2024:17:44:17 -0500] "GET /sipse/faces/javax.faces.resource/theme.css?ln=primefaces-sipse HTTP/1.1" 304 -
191.156.191.25 - - [02/Jan/2024:17:44:17 -0500] "GET /sipse/faces/javax.faces.resource/layout/layout.css?ln=primefaces&v=4.0 HTTP/1.1" 304 -
191.156.177.199 - - [02/Jan/2024:17:44:17 -0500] "GET /sipse/faces/javax.faces.resource/jquery/jquery.js?ln=primefaces&v=4.0 HTTP/1.1" 304 -
191.156.177.199 - - [02/Jan/2024:17:44:17 -0500] "GET /sipse/faces/javax.faces.resource/jquery/jquery-plugins.js?ln=primefaces&v=4.0 HTTP/1.1" 304 -
191.156.177.199 - - [02/Jan/2024:17:44:17 -0500] "GET /sipse/faces/javax.faces.resource/primefaces.js?ln=primefaces&v=4.0 HTTP/1.1" 304 -
191.156.177.199 - - [02/Jan/2024:17:44:17 -0500] "GET /sipse/faces/javax.faces.resource/layout/layout.js?ln=primefaces&v=4.0 HTTP/1.1" 304 -
172.22.2.4 - - [02/Jan/2024:17:42:41 -0500] "HEAD /BLA/boletinlegal/ HTTP/1.1" 200 -
191.156.177.199 - - [02/Jan/2024:17:44:23 -0500] "POST /sipse/faces/presentacion/financiero/solicitudProceso/consultarSolicitudProceso.xhtml HTTP/1.1" 200 189682
156.59.198.136 - - [02/Jan/2024:17:44:38 -0500] "GET /BLA/resoluciones/RESOLUCIONES%202011/5302.pdf HTTP/1.0" 200 283345
156.59.198.135 - - [02/Jan/2024:17:45:02 -0500] "GET /BLA/resoluciones/RESOLUCIONES%202011/5472.pdf HTTP/1.0" 200 584428
168.119.253.85 - - [02/Jan/2024:17:45:11 -0500] "GET / HTTP/1.1" 200 4720
172.22.2.4 - - [02/Jan/2024:17:43:31 -0500] "GET /BLA/boletinlegal/ HTTP/1.1" 200 57309
168.119.253.85 - - [02/Jan/2024:17:45:14 -0500] "GET / HTTP/1.1" 200 319
156.59.198.135 - - [02/Jan/2024:17:45:26 -0500] "GET /BLA/resoluciones/RESOLUCIONES%202011/3765.pdf HTTP/1.0" 200 997940
216.245.221.92 - - [02/Jan/2024:17:45:50 -0500] "HEAD / HTTP/1.1" 200 -
156.59.198.136 - - [02/Jan/2024:17:45:51 -0500] "GET /BLA/resoluciones/RESOLUCIONES%202011/3912.pdf HTTP/1.0" 200 542992
