191.156.231.193 - - [03/Jan/2024:13:27:34 -0500] "GET /catalogoisis/imagenes/br1c1.gif HTTP/1.1" 200 172
191.156.231.193 - - [03/Jan/2024:13:27:34 -0500] "GET /catalogoisis/Js/Numero.js HTTP/1.1" 200 398
191.156.231.193 - - [03/Jan/2024:13:27:34 -0500] "GET /catalogoisis/imagenes/br1c3.gif HTTP/1.1" 200 302
191.156.231.193 - - [03/Jan/2024:13:27:34 -0500] "GET /catalogoisis/imagenes/br3c1.gif HTTP/1.1" 200 177
191.156.231.193 - - [03/Jan/2024:13:27:34 -0500] "GET /catalogoisis/imagenes/limpiar1.gif HTTP/1.1" 200 606
191.156.231.193 - - [03/Jan/2024:13:27:34 -0500] "GET /catalogoisis/imagenes/aceptar1.gif HTTP/1.1" 200 604
191.156.231.193 - - [03/Jan/2024:13:27:34 -0500] "GET /catalogoisis/imagenes/Turnbo1.gif HTTP/1.1" 200 227
191.156.231.193 - - [03/Jan/2024:13:27:34 -0500] "GET /catalogoisis/imagenes/Header.gif HTTP/1.1" 200 27040
191.156.231.193 - - [03/Jan/2024:13:27:34 -0500] "GET /catalogoisis/imagenes/br2c1.gif HTTP/1.1" 200 297
191.156.231.193 - - [03/Jan/2024:13:27:34 -0500] "GET /catalogoisis/imagenes/br2c2.gif HTTP/1.1" 200 302
191.156.231.193 - - [03/Jan/2024:13:27:34 -0500] "GET /catalogoisis/imagenes/br1c2.gif HTTP/1.1" 200 297
191.156.231.193 - - [03/Jan/2024:13:27:34 -0500] "GET /catalogoisis/imagenes/br2c3.gif HTTP/1.1" 200 416
191.156.231.193 - - [03/Jan/2024:13:27:34 -0500] "GET /catalogoisis/imagenes/br3c2.gif HTTP/1.1" 200 285
191.156.231.193 - - [03/Jan/2024:13:27:34 -0500] "GET /catalogoisis/imagenes/br3c3.gif HTTP/1.1" 200 186
191.156.231.193 - - [03/Jan/2024:13:27:34 -0500] "GET /favicon.ico HTTP/1.1" 200 7782
181.53.96.30 - - [03/Jan/2024:13:27:47 -0500] "POST /appsia/controlador HTTP/1.1" 200 5437
192.168.181.37 - - [03/Jan/2024:13:28:00 -0500] "GET /investigadores-del-jardin-botanico-de-bogota-descubren-primera-especie-de-cedro-endemica-de-colombia.html HTTP/1.1" 206 1003
47.128.61.167 - - [03/Jan/2024:13:28:22 -0500] "GET /BLA/resoluciones/index.php?dir=RESOLUCIONES+2005%2FRES+2005+2101-2150%2F HTTP/1.1" 200 12346
47.128.61.167 - - [03/Jan/2024:13:28:23 -0500] "GET /BLA/resoluciones/dlf/dirup.png HTTP/1.1" 200 644
47.128.61.167 - - [03/Jan/2024:13:28:23 -0500] "GET /BLA/resoluciones/dlf/unknown.png HTTP/1.1" 200 266
172.22.2.4 - - [03/Jan/2024:13:26:50 -0500] "HEAD /BLA/boletinlegal/ HTTP/1.1" 200 -
47.128.61.190 - - [03/Jan/2024:13:28:50 -0500] "GET /BLA/resoluciones/index.php?dir=RESOLUCIONES+2004%2FRES+2004+801-850%2F HTTP/1.1" 200 12048
47.128.61.190 - - [03/Jan/2024:13:28:51 -0500] "GET /BLA/resoluciones/dlf/unknown.png HTTP/1.1" 200 266
47.128.61.190 - - [03/Jan/2024:13:28:51 -0500] "GET /BLA/resoluciones/dlf/dirup.png HTTP/1.1" 200 644
66.249.66.20 - - [03/Jan/2024:13:28:53 -0500] "GET /BLA/resoluciones/RESOLUCIONES%202009/5354.pdf HTTP/1.1" 200 428652
172.22.2.4 - - [03/Jan/2024:13:27:41 -0500] "GET /BLA/boletinlegal/ HTTP/1.1" 200 58567
201.245.192.253 - - [03/Jan/2024:13:29:36 -0500] "POST /kwsrmcab/Wsrmcab HTTP/1.1" 200 41247
201.245.192.253 - - [03/Jan/2024:13:29:41 -0500] "POST /kwsrmcab/Wsrmcab HTTP/1.1" 200 36431
201.245.192.253 - - [03/Jan/2024:13:29:44 -0500] "POST /kwsrmcab/Wsrmcab  HTTP/1.1" 200 40331
201.245.192.253 - - [03/Jan/2024:13:30:37 -0500] "GET /sipsesda/ HTTP/1.1" 302 201
216.245.221.92 - - [03/Jan/2024:13:30:48 -0500] "HEAD / HTTP/1.1" 200 -
47.128.27.138 - - [03/Jan/2024:13:31:10 -0500] "GET /BLA/resoluciones/index.php?dir=Notificaciones%2FREGISTROS%202016%2F&order=desc&sort=date HTTP/1.1" 200 17178
47.128.27.138 - - [03/Jan/2024:13:31:11 -0500] "GET /BLA/resoluciones/dlf/dirup.png HTTP/1.1" 200 644
47.128.27.138 - - [03/Jan/2024:13:31:12 -0500] "GET /BLA/resoluciones/dlf/pdf.gif HTTP/1.1" 200 272
47.128.27.138 - - [03/Jan/2024:13:31:12 -0500] "GET /BLA/resoluciones/dlf/doc.gif HTTP/1.1" 200 1079
181.53.12.211 - - [03/Jan/2024:13:31:42 -0500] "GET /appsia/controlador HTTP/1.1" 200 4799
181.53.12.211 - - [03/Jan/2024:13:31:42 -0500] "GET /appsia/css/estilos.css HTTP/1.1" 200 4804
181.53.12.211 - - [03/Jan/2024:13:31:42 -0500] "GET /appsia/scripts/validarIngreso.js HTTP/1.1" 200 851
181.53.12.211 - - [03/Jan/2024:13:31:42 -0500] "GET /appsia/images/cabezoteHojaVida.png HTTP/1.1" 200 32493
181.53.12.211 - - [03/Jan/2024:13:31:42 -0500] "GET /appsia/images/logo_bogota_p.png HTTP/1.1" 200 14951
181.53.12.211 - - [03/Jan/2024:13:31:42 -0500] "GET /favicon.ico HTTP/1.1" 200 7782
140.228.21.54 - - [03/Jan/2024:13:32:37 -0500] "GET /wp-login.php HTTP/1.1" 404 1018
47.128.98.232 - - [03/Jan/2024:13:33:04 -0500] "GET /BLA/resoluciones/index.php?dir=RESOLUCIONES%202004%2FRES%202004%20201-250%2F&order=desc&sort=name HTTP/1.1" 200 12049
47.128.98.232 - - [03/Jan/2024:13:33:05 -0500] "GET /BLA/resoluciones/dlf/unknown.png HTTP/1.1" 200 266
47.128.98.232 - - [03/Jan/2024:13:33:05 -0500] "GET /BLA/resoluciones/dlf/dirup.png HTTP/1.1" 200 644
66.249.66.20 - - [03/Jan/2024:13:33:39 -0500] "GET /BLA/resoluciones/RESOLUCIONES%202009/7991.pdf HTTP/1.1" 200 514162
172.22.2.4 - - [03/Jan/2024:13:32:40 -0500] "HEAD /BLA/boletinlegal/ HTTP/1.1" 200 -
181.53.12.211 - - [03/Jan/2024:13:34:31 -0500] "POST /appsia/controlador HTTP/1.1" 200 5437
181.53.12.211 - - [03/Jan/2024:13:34:36 -0500] "POST /appsia/controlador HTTP/1.1" 200 7735
181.53.12.211 - - [03/Jan/2024:13:34:36 -0500] "GET /appsia/images/logo_escudo.png HTTP/1.1" 200 36965
201.245.192.253 - - [03/Jan/2024:13:34:43 -0500] "POST /kwsrmcab/Wsrmcab  HTTP/1.1" 200 40331
172.22.2.4 - - [03/Jan/2024:13:33:30 -0500] "GET /BLA/boletinlegal/ HTTP/1.1" 200 56478
66.249.66.21 - - [03/Jan/2024:13:35:15 -0500] "GET /BLA/resoluciones/AUTOS%202007/3632.pdf HTTP/1.1" 200 235649
201.245.192.253 - - [03/Jan/2024:13:35:28 -0500] "POST /kwsrmcab/Wsrmcab HTTP/1.1" 200 41247
201.245.192.253 - - [03/Jan/2024:13:35:31 -0500] "POST /kwsrmcab/Wsrmcab HTTP/1.1" 200 36431
216.245.221.92 - - [03/Jan/2024:13:35:48 -0500] "HEAD / HTTP/1.1" 200 -
181.53.12.211 - - [03/Jan/2024:13:36:16 -0500] "POST /appsia/controlador HTTP/1.1" 200 5437
47.128.126.166 - - [03/Jan/2024:13:37:04 -0500] "GET /BLA/resoluciones/dlf/dirup.png HTTP/1.1" 200 644
47.128.126.166 - - [03/Jan/2024:13:37:04 -0500] "GET /BLA/resoluciones/dlf/pdf.gif HTTP/1.1" 200 272
66.249.66.21 - - [03/Jan/2024:13:37:11 -0500] "GET /BLA/resoluciones/AUTOS%202014/5668.pdf HTTP/1.1" 200 228818
199.16.157.183 - - [03/Jan/2024:13:37:23 -0500] "GET /investigadores-del-jardin-botanico-de-bogota-descubren-primera-especie-de-cedro-endemica-de-colombia.html HTTP/1.1" 200 1003
199.16.157.181 - - [03/Jan/2024:13:37:24 -0500] "GET /images/Roble%20JBB1.jpeg HTTP/1.1" 200 83540
47.128.63.54 - - [03/Jan/2024:13:37:27 -0500] "GET /BLA/resoluciones/index.php?dir=RESOLUCIONES%202003%2FRES%202003%20001-050%2F&order=asc&sort=date HTTP/1.1" 200 12161
47.128.63.54 - - [03/Jan/2024:13:37:28 -0500] "GET /BLA/resoluciones/dlf/unknown.png HTTP/1.1" 200 266
47.128.63.54 - - [03/Jan/2024:13:37:28 -0500] "GET /BLA/resoluciones/dlf/dirup.png HTTP/1.1" 200 644
47.128.126.166 - - [03/Jan/2024:13:37:02 -0500] "GET /BLA/resoluciones/index.php?dir=RESOLUCIONES%202008%2F&order=asc&sort=date HTTP/1.1" 200 389067
216.244.66.195 - - [03/Jan/2024:13:37:42 -0500] "GET /BLA/resoluciones/RESOLUCIONES%202001/2001%20250-299.TIF HTTP/1.1" 200 9212960
47.128.123.210 - - [03/Jan/2024:13:37:49 -0500] "GET /BLA/resoluciones/dlf/unknown.png HTTP/1.1" 200 266
47.128.123.210 - - [03/Jan/2024:13:37:49 -0500] "GET /BLA/resoluciones/dlf/dirup.png HTTP/1.1" 200 644
47.128.123.210 - - [03/Jan/2024:13:37:48 -0500] "GET /BLA/resoluciones/index.php?dir=RESOLUCIONES%202006%2FRES%202006%20401-450%2F&order=asc&sort=size HTTP/1.1" 200 12245
216.244.66.195 - - [03/Jan/2024:13:38:15 -0500] "GET /BLA/resoluciones/RESOLUCIONES%202017/2383.pdf HTTP/1.1" 200 288729
40.77.167.36 - - [03/Jan/2024:13:38:17 -0500] "GET /Publicaciones/2023EE300488.pdf HTTP/1.1" 404 228
66.249.66.21 - - [03/Jan/2024:13:38:17 -0500] "GET /BLA/resoluciones/RESOLUCIONES%202008/0392.pdf HTTP/1.1" 200 273552
47.128.23.127 - - [03/Jan/2024:13:38:26 -0500] "GET /BLA/resoluciones/index.php?dir=RESOLUCIONES+2002%2FRES+2002+401-450%2F HTTP/1.1" 200 12024
47.128.23.127 - - [03/Jan/2024:13:38:27 -0500] "GET /BLA/resoluciones/dlf/unknown.png HTTP/1.1" 200 266
47.128.23.127 - - [03/Jan/2024:13:38:27 -0500] "GET /BLA/resoluciones/dlf/dirup.png HTTP/1.1" 200 644
216.244.66.195 - - [03/Jan/2024:13:38:33 -0500] "GET /BLA/resoluciones/RESOLUCIONES%202017/2713.pdf HTTP/1.1" 200 542671
47.128.23.186 - - [03/Jan/2024:13:38:37 -0500] "GET /BLA/resoluciones/index.php?dir=RESOLUCIONES%202004%2FRES%202004%2001-%2050%2F&order=asc&sort=date HTTP/1.1" 200 11966
47.128.23.186 - - [03/Jan/2024:13:38:38 -0500] "GET /BLA/resoluciones/dlf/unknown.png HTTP/1.1" 200 266
47.128.23.186 - - [03/Jan/2024:13:38:38 -0500] "GET /BLA/resoluciones/dlf/dirup.png HTTP/1.1" 200 644
157.55.39.49 - - [03/Jan/2024:13:38:42 -0500] "GET / HTTP/1.1" 200 4720
20.110.58.60 - - [03/Jan/2024:13:38:43 -0500] "GET / HTTP/1.1" 200 4720
40.77.167.54 - - [03/Jan/2024:13:38:43 -0500] "GET /favicon.ico HTTP/1.1" 404 1034
20.110.58.60 - - [03/Jan/2024:13:38:44 -0500] "GET /favicon.ico HTTP/1.1" 404 1034
157.55.39.49 - - [03/Jan/2024:13:38:44 -0500] "GET / HTTP/1.1" 200 4720
20.110.58.60 - - [03/Jan/2024:13:38:45 -0500] "GET / HTTP/1.1" 200 4720
40.77.167.54 - - [03/Jan/2024:13:38:45 -0500] "GET /favicon.ico HTTP/1.1" 404 1034
216.244.66.195 - - [03/Jan/2024:13:39:11 -0500] "GET /BLA/resoluciones/RESOLUCIONES%202017/2947.pdf HTTP/1.1" 200 306063
191.95.30.113 - - [03/Jan/2024:13:39:14 -0500] "GET /investigadores-del-jardin-botanico-de-bogota-descubren-primera-especie-de-cedro-endemica-de-colombia.html HTTP/1.1" 200 1003
201.245.192.253 - - [03/Jan/2024:13:39:36 -0500] "POST /kwsrmcab/Wsrmcab HTTP/1.1" 200 41247
216.244.66.195 - - [03/Jan/2024:13:39:42 -0500] "GET /BLA/resoluciones/RESOLUCIONES%202017/2984.pdf HTTP/1.1" 200 260940
201.245.192.253 - - [03/Jan/2024:13:39:41 -0500] "POST /kwsrmcab/Wsrmcab HTTP/1.1" 200 36431
201.245.192.253 - - [03/Jan/2024:13:39:42 -0500] "POST /kwsrmcab/Wsrmcab  HTTP/1.1" 200 40331
172.22.2.4 - - [03/Jan/2024:13:38:30 -0500] "HEAD /BLA/boletinlegal/ HTTP/1.1" 200 -
216.244.66.195 - - [03/Jan/2024:13:40:14 -0500] "GET /BLA/resoluciones/RESOLUCIONES%202017/3008.pdf HTTP/1.1" 200 306751
216.244.66.195 - - [03/Jan/2024:13:40:42 -0500] "GET /BLA/resoluciones/RESOLUCIONES%202017/3733.pdf HTTP/1.1" 200 285169
216.245.221.92 - - [03/Jan/2024:13:40:48 -0500] "HEAD / HTTP/1.1" 200 -
172.22.2.4 - - [03/Jan/2024:13:39:20 -0500] "GET /BLA/boletinlegal/ HTTP/1.1" 200 58567
216.244.66.195 - - [03/Jan/2024:13:41:14 -0500] "GET /BLA/resoluciones/RESOLUCIONES%202019/0480.pdf HTTP/1.1" 200 418481
216.244.66.195 - - [03/Jan/2024:13:41:40 -0500] "GET /BLA/resoluciones/RESOLUCIONES%202019/0545.pdf HTTP/1.1" 200 267757
66.249.66.21 - - [03/Jan/2024:13:41:54 -0500] "GET /BLA/resoluciones/RESOLUCIONES%202008/0621.pdf HTTP/1.1" 200 219315
216.244.66.195 - - [03/Jan/2024:13:42:05 -0500] "GET /BLA/resoluciones/RESOLUCIONES%202019/1598.pdf HTTP/1.1" 200 293554
216.244.66.195 - - [03/Jan/2024:13:42:30 -0500] "GET /BLA/resoluciones/RESOLUCIONES%202019/1918.pdf HTTP/1.1" 200 614506
201.245.192.253 - - [03/Jan/2024:13:42:30 -0500] "GET /sipse/faces/javax.faces.resource/images/ui-bg_flat_0_2d5972_40x100.png?ln=primefaces-aristo HTTP/1.1" 304 -
201.245.192.253 - - [03/Jan/2024:13:42:30 -0500] "POST /sipse/faces/presentacion/financiero/solicitudProceso/consultarHistorialSolProceso.xhtml HTTP/1.1" 200 9391
201.245.192.253 - - [03/Jan/2024:13:42:34 -0500] "POST /sipse/faces/presentacion/financiero/solicitudProceso/consultarHistorialSolProceso.xhtml HTTP/1.1" 200 2703
201.245.192.253 - - [03/Jan/2024:13:42:35 -0500] "POST /sipse/faces/presentacion/financiero/solicitudProceso/consultarHistorialSolProceso.xhtml HTTP/1.1" 200 93686
201.245.192.253 - - [03/Jan/2024:13:42:37 -0500] "GET /sipse/js/disable_browser_buttons.js HTTP/1.1" 304 -
201.245.192.253 - - [03/Jan/2024:13:42:37 -0500] "GET /sipse/js/jquery.min.js HTTP/1.1" 304 -
201.245.192.253 - - [03/Jan/2024:13:42:37 -0500] "GET /sipse/js/funciones.js HTTP/1.1" 200 12592
201.245.192.253 - - [03/Jan/2024:13:42:37 -0500] "GET /sipse/faces/javax.faces.resource/jquery/jquery.js?ln=primefaces&v=4.0 HTTP/1.1" 304 -
201.245.192.253 - - [03/Jan/2024:13:42:37 -0500] "GET /sipse/faces/javax.faces.resource/jquery/jquery-plugins.js?ln=primefaces&v=4.0 HTTP/1.1" 304 -
201.245.192.253 - - [03/Jan/2024:13:42:37 -0500] "GET /sipse/faces/javax.faces.resource/primefaces.js?ln=primefaces&v=4.0 HTTP/1.1" 304 -
201.245.192.253 - - [03/Jan/2024:13:42:38 -0500] "GET /sipse/faces/javax.faces.resource/layout/layout.js?ln=primefaces&v=4.0 HTTP/1.1" 304 -
201.245.192.253 - - [03/Jan/2024:13:42:38 -0500] "GET /sipse/imagenes/cargando.gif HTTP/1.1" 200 36959
216.244.66.195 - - [03/Jan/2024:13:42:53 -0500] "GET /BLA/resoluciones/RESOLUCIONES%202019/2951.pdf HTTP/1.1" 200 355336
216.244.66.195 - - [03/Jan/2024:13:43:16 -0500] "GET /BLA/resoluciones/RESOLUCIONES%202019/3131.pdf HTTP/1.1" 200 340536
66.249.66.19 - - [03/Jan/2024:13:43:17 -0500] "GET /BLA/resoluciones/Notificaciones/REGISTROS%202017/135.pdf HTTP/1.1" 200 305165
216.244.66.195 - - [03/Jan/2024:13:43:38 -0500] "GET /BLA/resoluciones/RESOLUCIONES%201997/RESOLUCION%201285%20DE%201997.pdf HTTP/1.1" 200 85416
66.249.66.20 - - [03/Jan/2024:13:43:48 -0500] "GET /BLA/resoluciones/AUTOS%202014/1124.pdf HTTP/1.1" 200 362344
199.16.157.183 - - [03/Jan/2024:13:44:00 -0500] "GET /images/Roble%20JBB1.jpeg HTTP/1.1" 200 83540
201.245.192.253 - - [03/Jan/2024:13:44:40 -0500] "POST /kwsrmcab/Wsrmcab  HTTP/1.1" 200 40331
216.244.66.195 - - [03/Jan/2024:13:45:06 -0500] "GET /BLA/resoluciones/AUTOS%202007/0056.pdf HTTP/1.1" 200 47530
216.244.66.195 - - [03/Jan/2024:13:45:25 -0500] "GET /BLA/resoluciones/AUTOS%202007/0073.pdf HTTP/1.1" 200 45966
216.244.66.195 - - [03/Jan/2024:13:45:43 -0500] "GET /BLA/resoluciones/AUTOS%202007/0252.pdf HTTP/1.1" 200 99400
216.245.221.92 - - [03/Jan/2024:13:45:48 -0500] "HEAD / HTTP/1.1" 200 -
172.22.2.4 - - [03/Jan/2024:13:44:20 -0500] "HEAD /BLA/boletinlegal/ HTTP/1.1" 200 -
216.244.66.195 - - [03/Jan/2024:13:46:01 -0500] "GET /BLA/resoluciones/AUTOS%202007/0363.pdf HTTP/1.1" 200 191558
216.244.66.195 - - [03/Jan/2024:13:46:17 -0500] "GET /BLA/resoluciones/AUTOS%202007/0364.pdf HTTP/1.1" 200 193739
216.244.66.195 - - [03/Jan/2024:13:46:32 -0500] "GET /BLA/resoluciones/AUTOS%202007/0431.pdf HTTP/1.1" 200 15810
216.244.66.195 - - [03/Jan/2024:13:46:46 -0500] "GET /BLA/resoluciones/AUTOS%202007/0683.pdf HTTP/1.1" 200 636494
172.22.2.4 - - [03/Jan/2024:13:45:10 -0500] "GET /BLA/boletinlegal/ HTTP/1.1" 200 58969
216.244.66.195 - - [03/Jan/2024:13:47:25 -0500] "GET /BLA/resoluciones/AUTOS%202007/0920.pdf HTTP/1.1" 200 528851
216.244.66.195 - - [03/Jan/2024:13:47:56 -0500] "GET /BLA/resoluciones/AUTOS%202007/1050.pdf HTTP/1.1" 200 46642
192.168.172.47 - - [03/Jan/2024:13:47:59 -0500] "POST /BLA/boletinlegal/admin/actos/ingresar.php HTTP/1.1" 200 7303
192.168.172.47 - - [03/Jan/2024:13:48:10 -0500] "GET /BLA/boletinlegal/consulta_actos.php?tipo=resoluciones&no=2243&usuario=&sector=&fecha=2023&resuelve= HTTP/1.1" 200 1141
216.244.66.195 - - [03/Jan/2024:13:48:25 -0500] "GET /BLA/resoluciones/AUTOS%202007/1338.pdf HTTP/1.1" 200 33882
186.155.16.235 - - [03/Jan/2024:13:48:28 -0500] "GET /appsia/controlador HTTP/1.1" 200 4799
186.155.16.235 - - [03/Jan/2024:13:48:47 -0500] "POST /appsia/controlador HTTP/1.1" 200 5437
186.155.16.235 - - [03/Jan/2024:13:48:49 -0500] "POST /appsia/controlador HTTP/1.1" 200 7730
186.155.16.235 - - [03/Jan/2024:13:48:49 -0500] "GET /appsia/images/logo_escudo.png HTTP/1.1" 200 36965
216.244.66.195 - - [03/Jan/2024:13:48:53 -0500] "GET /BLA/resoluciones/AUTOS%202007/1489.pdf HTTP/1.1" 200 46889
66.249.66.19 - - [03/Jan/2024:13:49:14 -0500] "GET /BLA/resoluciones/RESOLUCIONES%202009/3470.pdf HTTP/1.1" 200 335508
216.244.66.195 - - [03/Jan/2024:13:49:20 -0500] "GET /BLA/resoluciones/AUTOS%202007/1545.pdf HTTP/1.1" 200 65773
47.128.45.242 - - [03/Jan/2024:13:49:25 -0500] "GET /BLA/resoluciones/index.php?dir=RESOLUCIONES%202003%2FRES%202003%20651-700%2F&order=desc&sort=name HTTP/1.1" 200 11299
47.128.45.242 - - [03/Jan/2024:13:49:26 -0500] "GET /BLA/resoluciones/dlf/dirup.png HTTP/1.1" 200 644
47.128.45.242 - - [03/Jan/2024:13:49:26 -0500] "GET /BLA/resoluciones/dlf/unknown.png HTTP/1.1" 200 266
192.168.172.19 - - [03/Jan/2024:13:49:32 -0500] "GET /investigadores-del-jardin-botanico-de-bogota-descubren-primera-especie-de-cedro-endemica-de-colombia.html HTTP/1.1" 200 1003
201.245.192.253 - - [03/Jan/2024:13:49:38 -0500] "POST /kwsrmcab/Wsrmcab  HTTP/1.1" 200 40331
216.244.66.195 - - [03/Jan/2024:13:49:46 -0500] "GET /BLA/resoluciones/AUTOS%202007/1638.pdf HTTP/1.1" 200 395959
40.77.167.45 - - [03/Jan/2024:13:49:45 -0500] "GET /Publicaciones/2023EE308354.pdf HTTP/1.1" 200 1170560
216.244.66.195 - - [03/Jan/2024:13:50:13 -0500] "GET /BLA/resoluciones/AUTOS%202007/1669.pdf HTTP/1.1" 200 112316
47.128.19.81 - - [03/Jan/2024:13:50:23 -0500] "GET /BLA/resoluciones/index.php?dir=RESOLUCIONES%202006%2FRES%202006%201301-1350%2F&order=asc&sort=name HTTP/1.1" 200 12365
47.128.19.81 - - [03/Jan/2024:13:50:23 -0500] "GET /BLA/resoluciones/dlf/unknown.png HTTP/1.1" 200 266
47.128.19.81 - - [03/Jan/2024:13:50:23 -0500] "GET /BLA/resoluciones/dlf/dirup.png HTTP/1.1" 200 644
216.244.66.195 - - [03/Jan/2024:13:50:37 -0500] "GET /BLA/resoluciones/AUTOS%202007/1696.pdf HTTP/1.1" 200 173888
216.245.221.92 - - [03/Jan/2024:13:50:48 -0500] "HEAD / HTTP/1.1" 200 -
172.22.2.4 - - [03/Jan/2024:13:50:50 -0500] "GET /BLA/boletinlegal/style.css HTTP/1.1" 200 9406
172.22.2.4 - - [03/Jan/2024:13:50:50 -0500] "GET /BLA/boletinlegal/styles2.css HTTP/1.1" 200 1838
172.22.2.4 - - [03/Jan/2024:13:50:50 -0500] "GET /BLA/boletinlegal/js/jquery.js HTTP/1.1" 200 57254
172.22.2.4 - - [03/Jan/2024:13:50:50 -0500] "GET /BLA/boletinlegal/js/jquery.scrollShow.js HTTP/1.1" 200 4586
172.22.2.4 - - [03/Jan/2024:13:50:50 -0500] "GET /BLA/boletinlegal/images/cabezote%20BLEGAL.jpg HTTP/1.1" 200 118164
172.22.2.4 - - [03/Jan/2024:13:50:50 -0500] "GET /BLA/boletinlegal/js/jquery.scrollTo-min.js HTTP/1.1" 200 1150
172.22.2.4 - - [03/Jan/2024:13:50:50 -0500] "GET /BLA/boletinlegal/images/screen_1.png HTTP/1.1" 200 202547
172.22.2.4 - - [03/Jan/2024:13:50:50 -0500] "GET /BLA/boletinlegal/images/subscribe-icon-big.png HTTP/1.1" 200 47702
172.22.2.4 - - [03/Jan/2024:13:50:50 -0500] "GET /BLA/boletinlegal/images/registro-usuarios.png HTTP/1.1" 200 8106
172.22.2.4 - - [03/Jan/2024:13:50:50 -0500] "GET /BLA/boletinlegal/images/historia.png HTTP/1.1" 200 52775
172.22.2.4 - - [03/Jan/2024:13:50:50 -0500] "GET /BLA/boletinlegal/images/arr_l.jpg HTTP/1.1" 200 1979
172.22.2.4 - - [03/Jan/2024:13:50:50 -0500] "GET /BLA/boletinlegal/images/launch.jpg HTTP/1.1" 200 14577
172.22.2.4 - - [03/Jan/2024:13:50:50 -0500] "GET /BLA/boletinlegal/images/body_bg.jpg HTTP/1.1" 200 1601
172.22.2.4 - - [03/Jan/2024:13:50:50 -0500] "GET /BLA/boletinlegal/images/menu_lft.gif HTTP/1.1" 200 1713
172.22.2.4 - - [03/Jan/2024:13:50:50 -0500] "GET /BLA/boletinlegal/images/menu_rght.gif HTTP/1.1" 200 1627
172.22.2.4 - - [03/Jan/2024:13:50:50 -0500] "GET /BLA/boletinlegal/images/bg_top.jpg HTTP/1.1" 200 522
172.22.2.4 - - [03/Jan/2024:13:50:50 -0500] "GET /BLA/boletinlegal/images/menu_bg.jpg HTTP/1.1" 200 620
172.22.2.4 - - [03/Jan/2024:13:50:50 -0500] "GET /BLA/boletinlegal/images/hover.jpg HTTP/1.1" 200 640
172.22.2.4 - - [03/Jan/2024:13:50:50 -0500] "GET /BLA/boletinlegal/images/text.jpg HTTP/1.1" 200 568
172.22.2.4 - - [03/Jan/2024:13:50:53 -0500] "GET /BLA/boletinlegal/actos.php HTTP/1.1" 200 9648
172.22.2.4 - - [03/Jan/2024:13:50:54 -0500] "GET /BLA/boletinlegal/niceforms.js HTTP/1.1" 200 22876
172.22.2.4 - - [03/Jan/2024:13:50:54 -0500] "GET /BLA/boletinlegal/js/lib.js HTTP/1.1" 200 6474
172.22.2.4 - - [03/Jan/2024:13:50:54 -0500] "GET /BLA/boletinlegal/niceforms-default.css HTTP/1.1" 200 6694
172.22.2.4 - - [03/Jan/2024:13:50:54 -0500] "GET /BLA/boletinlegal/js/popup.js HTTP/1.1" 200 1270
172.22.2.4 - - [03/Jan/2024:13:50:54 -0500] "GET /BLA/boletinlegal/js/jquery1.js HTTP/1.1" 200 29846
172.22.2.4 - - [03/Jan/2024:13:50:54 -0500] "GET /BLA/boletinlegal/images/green-yellow-blue-pink-th.png HTTP/1.1" 200 7394
172.22.2.4 - - [03/Jan/2024:13:50:54 -0500] "GET /BLA/boletinlegal/images/tel.png HTTP/1.1" 200 14477
172.22.2.4 - - [03/Jan/2024:13:50:54 -0500] "GET /BLA/boletinlegal/images/icono-email.png HTTP/1.1" 200 5544
172.22.2.4 - - [03/Jan/2024:13:50:54 -0500] "GET /BLA/boletinlegal/js/ajax_actos.js HTTP/1.1" 200 1322
172.22.2.4 - - [03/Jan/2024:13:50:54 -0500] "GET /BLA/boletinlegal/images/footer_bg.jpg HTTP/1.1" 200 586
172.22.2.4 - - [03/Jan/2024:13:50:54 -0500] "GET /BLA/boletinlegal/images/footer_bg_l.jpg HTTP/1.1" 200 776
172.22.2.4 - - [03/Jan/2024:13:50:54 -0500] "GET /BLA/boletinlegal/img/0.png HTTP/1.1" 200 110
172.22.2.4 - - [03/Jan/2024:13:50:54 -0500] "GET /BLA/boletinlegal/img/select-left.png HTTP/1.1" 200 263
172.22.2.4 - - [03/Jan/2024:13:50:54 -0500] "GET /BLA/boletinlegal/img/select-right.png HTTP/1.1" 200 44019
172.22.2.4 - - [03/Jan/2024:13:50:54 -0500] "GET /BLA/boletinlegal/img/button-left.png HTTP/1.1" 200 57071
172.22.2.4 - - [03/Jan/2024:13:50:54 -0500] "GET /BLA/boletinlegal/img/button.png HTTP/1.1" 200 43241
172.22.2.4 - - [03/Jan/2024:13:50:54 -0500] "GET /BLA/boletinlegal/img/button-right.png HTTP/1.1" 200 57878
172.22.2.4 - - [03/Jan/2024:13:50:54 -0500] "GET /BLA/boletinlegal/favicon.ico HTTP/1.1" 404 1326
201.245.192.253 - - [03/Jan/2024:13:50:56 -0500] "GET /BLA/resoluciones/dlf/styles.css HTTP/1.1" 200 3049
201.245.192.253 - - [03/Jan/2024:13:50:56 -0500] "GET /BLA/resoluciones/dlf/folder.png HTTP/1.1" 200 410
201.245.192.253 - - [03/Jan/2024:13:50:56 -0500] "GET /BLA/resoluciones/ HTTP/1.1" 200 13696
201.245.192.253 - - [03/Jan/2024:13:50:56 -0500] "GET /BLA/resoluciones/dlf/bg.gif HTTP/1.1" 200 54
216.244.66.195 - - [03/Jan/2024:13:51:00 -0500] "GET /BLA/resoluciones/AUTOS%202007/1738.pdf HTTP/1.1" 200 35605
172.22.2.4 - - [03/Jan/2024:13:51:09 -0500] "GET /BLA/boletinlegal/normativa.php HTTP/1.1" 200 8343
216.244.66.195 - - [03/Jan/2024:13:51:22 -0500] "GET /BLA/resoluciones/AUTOS%202007/1753.pdf HTTP/1.1" 200 31350
172.22.2.4 - - [03/Jan/2024:13:50:50 -0500] "GET /BLA/boletinlegal/ HTTP/1.1" 200 24523
216.244.66.195 - - [03/Jan/2024:13:51:43 -0500] "GET /BLA/resoluciones/AUTOS%202007/1798.pdf HTTP/1.1" 200 31466
172.22.2.4 - - [03/Jan/2024:13:50:10 -0500] "HEAD /BLA/boletinlegal/ HTTP/1.1" 200 -
216.244.66.195 - - [03/Jan/2024:13:52:02 -0500] "GET /BLA/resoluciones/AUTOS%202009/0773.pdf HTTP/1.1" 200 161556
216.244.66.195 - - [03/Jan/2024:13:52:22 -0500] "GET /BLA/resoluciones/AUTOS%202009/0917.pdf HTTP/1.1" 200 120609
172.22.2.4 - - [03/Jan/2024:13:51:00 -0500] "GET /BLA/boletinlegal/ HTTP/1.1" 200 55725
216.244.66.195 - - [03/Jan/2024:13:52:42 -0500] "GET /BLA/resoluciones/AUTOS%202009/1089.pdf HTTP/1.1" 200 97695
216.244.66.195 - - [03/Jan/2024:13:52:59 -0500] "GET /BLA/resoluciones/AUTOS%202009/1421.pdf HTTP/1.1" 200 108886
216.244.66.195 - - [03/Jan/2024:13:53:15 -0500] "GET /BLA/resoluciones/AUTOS%202009/1462.pdf HTTP/1.1" 200 219168
216.244.66.195 - - [03/Jan/2024:13:53:32 -0500] "GET /BLA/resoluciones/AUTOS%202009/1673.pdf HTTP/1.1" 200 124650
173.252.83.1 - - [03/Jan/2024:13:53:44 -0500] "GET /investigadores-del-jardin-botanico-de-bogota-descubren-primera-especie-de-cedro-endemica-de-colombia.html HTTP/1.1" 200 1003
216.244.66.195 - - [03/Jan/2024:13:53:46 -0500] "GET /BLA/resoluciones/AUTOS%202009/1804.pdf HTTP/1.1" 200 240292
173.252.83.3 - - [03/Jan/2024:13:53:48 -0500] "GET /investigadores-del-jardin-botanico-de-bogota-descubren-primera-especie-de-cedro-endemica-de-colombia.html HTTP/1.1" 200 1003
69.171.249.116 - - [03/Jan/2024:13:53:49 -0500] "GET /investigadores-del-jardin-botanico-de-bogota-descubren-primera-especie-de-cedro-endemica-de-colombia.html HTTP/1.1" 206 1003
69.171.249.8 - - [03/Jan/2024:13:53:50 -0500] "GET /images/Roble%20JBB1.jpeg HTTP/1.1" 200 83540
69.171.249.6 - - [03/Jan/2024:13:53:51 -0500] "GET /images/Roble%20JBB1.jpeg HTTP/1.1" 200 83540
69.171.249.8 - - [03/Jan/2024:13:53:51 -0500] "GET /investigadores-del-jardin-botanico-de-bogota-descubren-primera-especie-de-cedro-endemica-de-colombia.html HTTP/1.1" 200 1003
173.252.79.5 - - [03/Jan/2024:13:53:52 -0500] "GET /images/Roble%20JBB1.jpeg HTTP/1.1" 200 83540
216.244.66.195 - - [03/Jan/2024:13:53:59 -0500] "GET /BLA/resoluciones/AUTOS%202009/1842.pdf HTTP/1.1" 200 98384
216.244.66.195 - - [03/Jan/2024:13:54:11 -0500] "GET /BLA/resoluciones/AUTOS%202009/1872.pdf HTTP/1.1" 200 100445
201.245.192.253 - - [03/Jan/2024:13:54:12 -0500] "GET /BLA/resoluciones/index.php?dir=RESOLUCIONES+2023%2F HTTP/1.1" 200 129880
201.245.192.253 - - [03/Jan/2024:13:54:22 -0500] "GET /BLA/resoluciones/RESOLUCIONES%202023/03179.pdf HTTP/1.1" 200 762694
216.244.66.195 - - [03/Jan/2024:13:54:22 -0500] "GET /BLA/resoluciones/AUTOS%202009/1926.pdf HTTP/1.1" 200 191352
173.252.87.6 - - [03/Jan/2024:13:54:22 -0500] "GET /investigadores-del-jardin-botanico-de-bogota-descubren-primera-especie-de-cedro-endemica-de-colombia.html HTTP/1.1" 200 1003
201.245.192.253 - - [03/Jan/2024:13:54:25 -0500] "GET /BLA/resoluciones/RESOLUCIONES%202023/03177.pdf HTTP/1.1" 200 2469647
201.245.192.253 - - [03/Jan/2024:13:54:28 -0500] "GET /BLA/resoluciones/RESOLUCIONES%202023/03234.pdf HTTP/1.1" 200 975006
216.244.66.195 - - [03/Jan/2024:13:54:32 -0500] "GET /BLA/resoluciones/AUTOS%202009/1943.pdf HTTP/1.1" 200 273738
201.245.192.253 - - [03/Jan/2024:13:54:36 -0500] "POST /kwsrmcab/Wsrmcab  HTTP/1.1" 200 40331
201.245.192.253 - - [03/Jan/2024:13:54:41 -0500] "GET /BLA/resoluciones/RESOLUCIONES%202023/03156.pdf HTTP/1.1" 200 405188
216.244.66.195 - - [03/Jan/2024:13:54:41 -0500] "GET /BLA/resoluciones/AUTOS%202009/2223.pdf HTTP/1.1" 200 124736
216.244.66.195 - - [03/Jan/2024:13:54:49 -0500] "GET /BLA/resoluciones/AUTOS%202011/0261.pdf HTTP/1.1" 200 154321
201.245.192.253 - - [03/Jan/2024:13:54:51 -0500] "GET /BLA/resoluciones/RESOLUCIONES%202023/3034.pdf HTTP/1.1" 200 3148044
201.245.192.253 - - [03/Jan/2024:13:54:54 -0500] "GET /BLA/resoluciones/RESOLUCIONES%202023/2925.pdf HTTP/1.1" 200 453182
191.102.224.198 - - [03/Jan/2024:13:54:55 -0500] "GET /BLA/resoluciones/RESOLUCIONES%202023/2925.pdf HTTP/1.1" 200 453182
216.244.66.195 - - [03/Jan/2024:13:54:56 -0500] "GET /BLA/resoluciones/AUTOS%202011/0877.pdf HTTP/1.1" 200 100642
216.244.66.195 - - [03/Jan/2024:13:55:02 -0500] "GET /BLA/resoluciones/AUTOS%202011/0942.pdf HTTP/1.1" 200 158669
216.244.66.195 - - [03/Jan/2024:13:55:08 -0500] "GET /BLA/resoluciones/AUTOS%202011/1133.pdf HTTP/1.1" 200 255088
216.244.66.195 - - [03/Jan/2024:13:55:13 -0500] "GET /BLA/resoluciones/AUTOS%202011/1296.pdf HTTP/1.1" 200 127020
216.244.66.195 - - [03/Jan/2024:13:55:17 -0500] "GET /BLA/resoluciones/AUTOS%202011/1303.pdf HTTP/1.1" 200 245511
216.244.66.195 - - [03/Jan/2024:13:55:21 -0500] "GET /BLA/resoluciones/AUTOS%202011/1427.pdf HTTP/1.1" 200 21900
216.244.66.195 - - [03/Jan/2024:13:55:23 -0500] "GET /BLA/resoluciones/AUTOS%202011/1880.pdf HTTP/1.1" 200 146579
216.244.66.195 - - [03/Jan/2024:13:55:26 -0500] "GET /BLA/resoluciones/AUTOS%202011/2471.pdf HTTP/1.1" 200 113880
216.244.66.195 - - [03/Jan/2024:13:55:29 -0500] "GET /BLA/resoluciones/AUTOS%202011/2915.pdf HTTP/1.1" 200 135913
216.244.66.195 - - [03/Jan/2024:13:55:31 -0500] "GET /BLA/resoluciones/AUTOS%202011/2942.pdf HTTP/1.1" 200 488661
216.244.66.195 - - [03/Jan/2024:13:55:34 -0500] "GET /BLA/resoluciones/AUTOS%202011/3069.pdf HTTP/1.1" 200 248671
216.244.66.195 - - [03/Jan/2024:13:55:37 -0500] "GET /BLA/resoluciones/AUTOS%202011/3203.pdf HTTP/1.1" 200 305387
216.244.66.195 - - [03/Jan/2024:13:55:39 -0500] "GET /BLA/resoluciones/AUTOS%202011/3257.pdf HTTP/1.1" 200 298823
201.245.192.253 - - [03/Jan/2024:13:55:47 -0500] "GET /BLA/resoluciones/dlf/dirup.png HTTP/1.1" 200 644
201.245.192.253 - - [03/Jan/2024:13:55:47 -0500] "GET /BLA/resoluciones/dlf/pdf.gif HTTP/1.1" 200 272
216.245.221.92 - - [03/Jan/2024:13:55:48 -0500] "HEAD / HTTP/1.1" 200 -
201.245.192.253 - - [03/Jan/2024:13:55:47 -0500] "GET /BLA/resoluciones/index.php?dir=AUTOS+2014%2F HTTP/1.1" 200 891340
201.245.192.253 - - [03/Jan/2024:13:55:48 -0500] "GET /BLA/resoluciones/dlf/unknown.png HTTP/1.1" 200 266
216.244.66.195 - - [03/Jan/2024:13:55:51 -0500] "GET /BLA/resoluciones/AUTOS%202011/3737.pdf HTTP/1.1" 200 243519
201.245.192.253 - - [03/Jan/2024:13:55:56 -0500] "GET /BLA/resoluciones/AUTOS%202014/0825.pdf HTTP/1.1" 200 602964
216.244.66.195 - - [03/Jan/2024:13:56:02 -0500] "GET /BLA/resoluciones/AUTOS%202012/0288.pdf HTTP/1.1" 200 479581
216.244.66.195 - - [03/Jan/2024:13:56:19 -0500] "GET /BLA/resoluciones/AUTOS%202012/0448.pdf HTTP/1.1" 200 230962
216.244.66.195 - - [03/Jan/2024:13:56:34 -0500] "GET /BLA/resoluciones/AUTOS%202012/0474.pdf HTTP/1.1" 200 196025
216.244.66.195 - - [03/Jan/2024:13:56:47 -0500] "GET /BLA/resoluciones/AUTOS%202012/0734.pdf HTTP/1.1" 200 163936
172.22.2.4 - - [03/Jan/2024:13:56:56 -0500] "GET /BLA/boletinlegal/js/jquery.js HTTP/1.1" 200 57254
172.22.2.4 - - [03/Jan/2024:13:56:56 -0500] "GET /BLA/boletinlegal/styles2.css HTTP/1.1" 200 1838
172.22.2.4 - - [03/Jan/2024:13:56:56 -0500] "GET /BLA/boletinlegal/js/jquery.scrollShow.js HTTP/1.1" 200 4586
172.22.2.4 - - [03/Jan/2024:13:56:56 -0500] "GET /BLA/boletinlegal/js/jquery.scrollTo-min.js HTTP/1.1" 200 1150
172.22.2.4 - - [03/Jan/2024:13:56:56 -0500] "GET /BLA/boletinlegal/style.css HTTP/1.1" 200 9406
172.22.2.4 - - [03/Jan/2024:13:56:56 -0500] "GET /BLA/boletinlegal/images/historia.png HTTP/1.1" 200 52775
172.22.2.4 - - [03/Jan/2024:13:56:56 -0500] "GET /BLA/boletinlegal/images/subscribe-icon-big.png HTTP/1.1" 200 47702
172.22.2.4 - - [03/Jan/2024:13:56:56 -0500] "GET /BLA/boletinlegal/images/registro-usuarios.png HTTP/1.1" 200 8106
172.22.2.4 - - [03/Jan/2024:13:56:56 -0500] "GET /BLA/boletinlegal/images/cabezote%20BLEGAL.jpg HTTP/1.1" 200 118164
172.22.2.4 - - [03/Jan/2024:13:56:56 -0500] "GET /BLA/boletinlegal/images/arr_l.jpg HTTP/1.1" 200 1979
172.22.2.4 - - [03/Jan/2024:13:56:56 -0500] "GET /BLA/boletinlegal/images/screen_1.png HTTP/1.1" 200 202547
172.22.2.4 - - [03/Jan/2024:13:56:56 -0500] "GET /BLA/boletinlegal/images/launch.jpg HTTP/1.1" 200 14577
172.22.2.4 - - [03/Jan/2024:13:56:57 -0500] "GET /BLA/boletinlegal/actos.php HTTP/1.1" 200 9648
172.22.2.4 - - [03/Jan/2024:13:56:57 -0500] "GET /BLA/boletinlegal/js/ajax_actos.js HTTP/1.1" 200 1322
172.22.2.4 - - [03/Jan/2024:13:56:57 -0500] "GET /BLA/boletinlegal/niceforms.js HTTP/1.1" 200 22876
172.22.2.4 - - [03/Jan/2024:13:56:57 -0500] "GET /BLA/boletinlegal/js/jquery1.js HTTP/1.1" 200 29846
172.22.2.4 - - [03/Jan/2024:13:56:57 -0500] "GET /BLA/boletinlegal/js/popup.js HTTP/1.1" 200 1270
172.22.2.4 - - [03/Jan/2024:13:56:57 -0500] "GET /BLA/boletinlegal/niceforms-default.css HTTP/1.1" 200 6694
172.22.2.4 - - [03/Jan/2024:13:56:57 -0500] "GET /BLA/boletinlegal/js/lib.js HTTP/1.1" 200 6474
172.22.2.4 - - [03/Jan/2024:13:56:57 -0500] "GET /BLA/boletinlegal/images/tel.png HTTP/1.1" 200 14477
172.22.2.4 - - [03/Jan/2024:13:56:57 -0500] "GET /BLA/boletinlegal/images/green-yellow-blue-pink-th.png HTTP/1.1" 200 7394
172.22.2.4 - - [03/Jan/2024:13:56:57 -0500] "GET /BLA/boletinlegal/images/icono-email.png HTTP/1.1" 200 5544
172.22.2.4 - - [03/Jan/2024:13:56:57 -0500] "GET /BLA/boletinlegal/images/body_bg.jpg HTTP/1.1" 200 1601
172.22.2.4 - - [03/Jan/2024:13:56:57 -0500] "GET /BLA/boletinlegal/images/menu_lft.gif HTTP/1.1" 200 1713
172.22.2.4 - - [03/Jan/2024:13:56:57 -0500] "GET /BLA/boletinlegal/images/bg_top.jpg HTTP/1.1" 200 522
172.22.2.4 - - [03/Jan/2024:13:56:57 -0500] "GET /BLA/boletinlegal/images/menu_rght.gif HTTP/1.1" 200 1627
172.22.2.4 - - [03/Jan/2024:13:56:57 -0500] "GET /BLA/boletinlegal/images/menu_bg.jpg HTTP/1.1" 200 620
172.22.2.4 - - [03/Jan/2024:13:56:57 -0500] "GET /BLA/boletinlegal/images/hover.jpg HTTP/1.1" 200 640
172.22.2.4 - - [03/Jan/2024:13:56:57 -0500] "GET /BLA/boletinlegal/images/text.jpg HTTP/1.1" 200 568
172.22.2.4 - - [03/Jan/2024:13:56:57 -0500] "GET /BLA/boletinlegal/images/footer_bg.jpg HTTP/1.1" 200 586
172.22.2.4 - - [03/Jan/2024:13:56:57 -0500] "GET /BLA/boletinlegal/images/footer_bg_l.jpg HTTP/1.1" 200 776
172.22.2.4 - - [03/Jan/2024:13:56:57 -0500] "GET /BLA/boletinlegal/img/0.png HTTP/1.1" 200 110
172.22.2.4 - - [03/Jan/2024:13:56:57 -0500] "GET /BLA/boletinlegal/img/select-left.png HTTP/1.1" 200 263
172.22.2.4 - - [03/Jan/2024:13:56:57 -0500] "GET /BLA/boletinlegal/img/button-left.png HTTP/1.1" 200 57071
172.22.2.4 - - [03/Jan/2024:13:56:57 -0500] "GET /BLA/boletinlegal/img/select-right.png HTTP/1.1" 200 44019
172.22.2.4 - - [03/Jan/2024:13:56:57 -0500] "GET /BLA/boletinlegal/img/button.png HTTP/1.1" 200 43241
172.22.2.4 - - [03/Jan/2024:13:56:57 -0500] "GET /BLA/boletinlegal/img/button-right.png HTTP/1.1" 200 57878
216.244.66.195 - - [03/Jan/2024:13:57:01 -0500] "GET /BLA/resoluciones/AUTOS%202012/0908.pdf HTTP/1.1" 200 386674
172.22.2.4 - - [03/Jan/2024:13:57:07 -0500] "GET /BLA/boletinlegal/images/screen_2.png HTTP/1.1" 200 362502
172.22.2.4 - - [03/Jan/2024:13:57:07 -0500] "GET /BLA/boletinlegal/images/screen_3.png HTTP/1.1" 200 210620
172.22.2.4 - - [03/Jan/2024:13:57:07 -0500] "GET /BLA/boletinlegal/images/screen_5.png HTTP/1.1" 200 368876
172.22.2.4 - - [03/Jan/2024:13:57:07 -0500] "GET /BLA/boletinlegal/images/arr_r.jpg HTTP/1.1" 200 1998
172.22.2.4 - - [03/Jan/2024:13:57:08 -0500] "GET /BLA/boletinlegal/consulta_actos.php?tipo=resoluciones&no=2624&usuario=&sector=&fecha=2019&resuelve= HTTP/1.1" 200 1114
172.22.2.4 - - [03/Jan/2024:13:57:08 -0500] "GET /BLA/boletinlegal/images/pdf.gif HTTP/1.1" 200 567
157.55.39.225 - - [03/Jan/2024:13:57:13 -0500] "GET /robots.txt HTTP/1.1" 404 1018
216.244.66.195 - - [03/Jan/2024:13:57:13 -0500] "GET /BLA/resoluciones/AUTOS%202012/1059.pdf HTTP/1.1" 200 283483
201.245.192.253 - - [03/Jan/2024:13:57:14 -0500] "GET /BLA/resoluciones/RESOLUCIONES%202019/2624.pdf HTTP/1.1" 200 509612
201.245.192.253 - - [03/Jan/2024:13:57:14 -0500] "GET /favicon.ico HTTP/1.1" 200 7782
157.55.39.49 - - [03/Jan/2024:13:57:22 -0500] "GET /Publicaciones/2023EE309857.pdf HTTP/1.1" 200 234475
216.244.66.195 - - [03/Jan/2024:13:57:26 -0500] "GET /BLA/resoluciones/AUTOS%202012/1210.pdf HTTP/1.1" 200 176201
216.244.66.195 - - [03/Jan/2024:13:57:37 -0500] "GET /BLA/resoluciones/AUTOS%202012/1481.pdf HTTP/1.1" 200 217790
172.22.2.4 - - [03/Jan/2024:13:56:00 -0500] "HEAD /BLA/boletinlegal/ HTTP/1.1" 200 -
201.245.192.253 - - [03/Jan/2024:13:57:46 -0500] "GET /sipse/faces/index.xhtml HTTP/1.1" 200 677
201.245.192.253 - - [03/Jan/2024:13:57:46 -0500] "GET /sipse/faces/javax.faces.resource/theme.css?ln=primefaces-sipse HTTP/1.1" 304 -
201.245.192.253 - - [03/Jan/2024:13:57:46 -0500] "GET /sipse/faces/faces/autenticacion.xhtml HTTP/1.1" 200 12405
201.245.192.253 - - [03/Jan/2024:13:57:46 -0500] "GET /sipse/js/disable_browser_buttons.js HTTP/1.1" 200 3230
201.245.192.253 - - [03/Jan/2024:13:57:46 -0500] "GET /sipse/js/funciones.js HTTP/1.1" 200 12592
201.245.192.253 - - [03/Jan/2024:13:57:46 -0500] "GET /sipse/css/custom_css_sg.css HTTP/1.1" 200 9694
201.245.192.253 - - [03/Jan/2024:13:57:46 -0500] "GET /sipse/css/custom_css_sg_prime_login.css HTTP/1.1" 200 443
201.245.192.253 - - [03/Jan/2024:13:57:46 -0500] "GET /sipse/faces/javax.faces.resource/primefaces.css?ln=primefaces&v=4.0 HTTP/1.1" 304 -
201.245.192.253 - - [03/Jan/2024:13:57:46 -0500] "GET /sipse/faces/javax.faces.resource/theme.css?ln=primefaces-sipse HTTP/1.1" 304 -
201.245.192.253 - - [03/Jan/2024:13:57:46 -0500] "GET /sipse/faces/javax.faces.resource/jquery/jquery.js?ln=primefaces&v=4.0 HTTP/1.1" 304 -
201.245.192.253 - - [03/Jan/2024:13:57:46 -0500] "GET /sipse/faces/javax.faces.resource/layout/layout.css?ln=primefaces&v=4.0 HTTP/1.1" 304 -
201.245.192.253 - - [03/Jan/2024:13:57:46 -0500] "GET /sipse/faces/javax.faces.resource/jquery/jquery-plugins.js?ln=primefaces&v=4.0 HTTP/1.1" 304 -
201.245.192.253 - - [03/Jan/2024:13:57:46 -0500] "GET /sipse/faces/javax.faces.resource/primefaces.js?ln=primefaces&v=4.0 HTTP/1.1" 304 -
201.245.192.253 - - [03/Jan/2024:13:57:46 -0500] "GET /sipse/faces/javax.faces.resource/layout/layout.js?ln=primefaces&v=4.0 HTTP/1.1" 304 -
201.245.192.253 - - [03/Jan/2024:13:57:46 -0500] "GET /sipse/css/imagen/logoSDG.png HTTP/1.1" 200 53064
201.245.192.253 - - [03/Jan/2024:13:57:46 -0500] "GET /sipse/faces/javax.faces.resource/images/ui-icons_898989_256x240.png?ln=primefaces-aristo HTTP/1.1" 304 -
201.245.192.253 - - [03/Jan/2024:13:57:46 -0500] "GET /sipse/css/imagen/loginimg.png HTTP/1.1" 200 71635
216.244.66.195 - - [03/Jan/2024:13:57:55 -0500] "GET /BLA/resoluciones/AUTOS%202012/1518.pdf HTTP/1.1" 200 606173
173.252.95.19 - - [03/Jan/2024:13:57:55 -0500] "GET /investigadores-del-jardin-botanico-de-bogota-descubren-primera-especie-de-cedro-endemica-de-colombia.html HTTP/1.1" 200 1003
69.171.251.117 - - [03/Jan/2024:13:58:01 -0500] "GET /investigadores-del-jardin-botanico-de-bogota-descubren-primera-especie-de-cedro-endemica-de-colombia.html HTTP/1.1" 200 1003
216.244.66.195 - - [03/Jan/2024:13:58:09 -0500] "GET /BLA/resoluciones/AUTOS%202012/1773.pdf HTTP/1.1" 200 295714
66.220.149.116 - - [03/Jan/2024:13:58:15 -0500] "GET /investigadores-del-jardin-botanico-de-bogota-descubren-primera-especie-de-cedro-endemica-de-colombia.html?fbclid=IwAR0gkS8WpQbDZ57GSyHfWob4UOXAUJnNk-9UupKvDHTTFjq7EShJFqjeUbo HTTP/1.1" 200 1003
216.244.66.195 - - [03/Jan/2024:13:58:21 -0500] "GET /BLA/resoluciones/AUTOS%202012/1818.pdf HTTP/1.1" 200 289078
172.22.2.4 - - [03/Jan/2024:13:56:50 -0500] "GET /BLA/boletinlegal/ HTTP/1.1" 200 47813
216.244.66.195 - - [03/Jan/2024:13:58:33 -0500] "GET /BLA/resoluciones/AUTOS%202012/1833.pdf HTTP/1.1" 200 305361
172.22.2.4 - - [03/Jan/2024:13:56:56 -0500] "GET /BLA/boletinlegal/ HTTP/1.1" 200 48394
216.244.66.195 - - [03/Jan/2024:13:58:50 -0500] "GET /BLA/resoluciones/AUTOS%202012/1844.pdf HTTP/1.1" 200 634085
173.252.127.1 - - [03/Jan/2024:13:59:13 -0500] "GET /investigadores-del-jardin-botanico-de-bogota-descubren-primera-especie-de-cedro-endemica-de-colombia.html HTTP/1.1" 200 1003
201.245.192.253 - - [03/Jan/2024:13:59:35 -0500] "POST /kwsrmcab/Wsrmcab  HTTP/1.1" 200 40331
216.245.221.92 - - [03/Jan/2024:14:00:48 -0500] "HEAD / HTTP/1.1" 200 -
201.245.192.253 - - [03/Jan/2024:14:01:26 -0500] "POST /sipse/faces/autenticacion.xhtml HTTP/1.1" 200 11369
201.245.192.253 - - [03/Jan/2024:14:01:26 -0500] "GET /sipse/css/custom_css_sg_prime.css HTTP/1.1" 200 5201
201.245.192.253 - - [03/Jan/2024:14:01:26 -0500] "GET /sipse/faces/javax.faces.resource/primefaces.css?ln=primefaces&v=4.0 HTTP/1.1" 304 -
201.245.192.253 - - [03/Jan/2024:14:01:26 -0500] "GET /sipse/faces/javax.faces.resource/jquery/jquery.js?ln=primefaces&v=4.0 HTTP/1.1" 304 -
201.245.192.253 - - [03/Jan/2024:14:01:26 -0500] "GET /sipse/faces/javax.faces.resource/theme.css?ln=primefaces-sipse HTTP/1.1" 304 -
201.245.192.253 - - [03/Jan/2024:14:01:26 -0500] "GET /sipse/faces/javax.faces.resource/layout/layout.css?ln=primefaces&v=4.0 HTTP/1.1" 304 -
201.245.192.253 - - [03/Jan/2024:14:01:26 -0500] "GET /sipse/faces/javax.faces.resource/jquery/jquery-plugins.js?ln=primefaces&v=4.0 HTTP/1.1" 304 -
201.245.192.253 - - [03/Jan/2024:14:01:26 -0500] "GET /sipse/faces/javax.faces.resource/primefaces.js?ln=primefaces&v=4.0 HTTP/1.1" 304 -
201.245.192.253 - - [03/Jan/2024:14:01:26 -0500] "GET /sipse/faces/javax.faces.resource/layout/layout.js?ln=primefaces&v=4.0 HTTP/1.1" 304 -
201.245.192.253 - - [03/Jan/2024:14:01:26 -0500] "GET /sipse/faces/javax.faces.resource/messages/messages.png?ln=primefaces&v=4.0 HTTP/1.1" 304 -
201.245.192.253 - - [03/Jan/2024:14:01:38 -0500] "POST /sipse/faces/presentacion/sistema/seguridad/seleccionRol.xhtml HTTP/1.1" 200 5801
201.245.192.253 - - [03/Jan/2024:14:01:38 -0500] "POST /sipse/faces/presentacion/sistema/seguridad/seleccionRol.xhtml HTTP/1.1" 200 16393
201.245.192.253 - - [03/Jan/2024:14:01:38 -0500] "GET /sipse/faces/javax.faces.resource/layout/layout.css?ln=primefaces&v=4.0 HTTP/1.1" 304 -
201.245.192.253 - - [03/Jan/2024:14:01:38 -0500] "GET /sipse/faces/javax.faces.resource/primefaces.css?ln=primefaces&v=4.0 HTTP/1.1" 304 -
201.245.192.253 - - [03/Jan/2024:14:01:38 -0500] "GET /sipse/faces/javax.faces.resource/theme.css?ln=primefaces-sipse HTTP/1.1" 304 -
201.245.192.253 - - [03/Jan/2024:14:01:38 -0500] "GET /sipse/js/jquery.min.js HTTP/1.1" 200 85582
201.245.192.253 - - [03/Jan/2024:14:01:38 -0500] "GET /sipse/faces/javax.faces.resource/jquery/jquery.js?ln=primefaces&v=4.0 HTTP/1.1" 304 -
201.245.192.253 - - [03/Jan/2024:14:01:38 -0500] "GET /sipse/faces/javax.faces.resource/jquery/jquery-plugins.js?ln=primefaces&v=4.0 HTTP/1.1" 304 -
201.245.192.253 - - [03/Jan/2024:14:01:38 -0500] "GET /sipse/faces/javax.faces.resource/primefaces.js?ln=primefaces&v=4.0 HTTP/1.1" 304 -
201.245.192.253 - - [03/Jan/2024:14:01:38 -0500] "GET /sipse/faces/javax.faces.resource/layout/layout.js?ln=primefaces&v=4.0 HTTP/1.1" 304 -
201.245.192.253 - - [03/Jan/2024:14:01:38 -0500] "GET /sipse/css/v_mergente.css HTTP/1.1" 200 1505
201.245.192.253 - - [03/Jan/2024:14:01:38 -0500] "GET /sipse/css/imagen/contrasena.png HTTP/1.1" 404 383
201.245.192.253 - - [03/Jan/2024:14:01:38 -0500] "GET /sipse/imagenes/cargando.gif HTTP/1.1" 200 36959
201.245.192.253 - - [03/Jan/2024:14:01:38 -0500] "GET /sipse/imagenes/logoAplicacion.jpg HTTP/1.1" 200 155084
201.245.192.253 - - [03/Jan/2024:14:01:40 -0500] "GET /sipse/faces/javax.faces.resource/images/ui-bg_flat_0_2d5972_40x100.png?ln=primefaces-aristo HTTP/1.1" 304 -
201.245.192.253 - - [03/Jan/2024:14:01:40 -0500] "POST /sipse/faces/bienvenido.xhtml HTTP/1.1" 200 1471
201.245.192.253 - - [03/Jan/2024:14:01:41 -0500] "POST /sipse/faces/bienvenido.xhtml HTTP/1.1" 200 62906
201.245.192.253 - - [03/Jan/2024:14:01:42 -0500] "GET /sipse/faces/javax.faces.resource/primefaces.css?ln=primefaces&v=4.0 HTTP/1.1" 304 -
201.245.192.253 - - [03/Jan/2024:14:01:42 -0500] "GET /sipse/faces/javax.faces.resource/layout/layout.css?ln=primefaces&v=4.0 HTTP/1.1" 304 -
201.245.192.253 - - [03/Jan/2024:14:01:42 -0500] "GET /sipse/faces/javax.faces.resource/theme.css?ln=primefaces-sipse HTTP/1.1" 304 -
201.245.192.253 - - [03/Jan/2024:14:01:42 -0500] "GET /sipse/faces/javax.faces.resource/jquery/jquery.js?ln=primefaces&v=4.0 HTTP/1.1" 304 -
201.245.192.253 - - [03/Jan/2024:14:01:42 -0500] "GET /sipse/faces/javax.faces.resource/jquery/jquery-plugins.js?ln=primefaces&v=4.0 HTTP/1.1" 304 -
201.245.192.253 - - [03/Jan/2024:14:01:42 -0500] "GET /sipse/faces/javax.faces.resource/primefaces.js?ln=primefaces&v=4.0 HTTP/1.1" 304 -
201.245.192.253 - - [03/Jan/2024:14:01:42 -0500] "GET /sipse/faces/javax.faces.resource/layout/layout.js?ln=primefaces&v=4.0 HTTP/1.1" 304 -
201.245.192.253 - - [03/Jan/2024:14:01:42 -0500] "POST /sipse/faces/presentacion/financiero/solicitudProceso/listarSolicitudProceso.xhtml HTTP/1.1" 200 1556
181.59.47.173 - - [03/Jan/2024:14:01:43 -0500] "GET /distrito-exalto-a-246-empresas-de-bogota-por-su-alto-desempeno-y-responsabilidad-ambiental-durante-2023.html HTTP/1.1" 200 1039
201.245.192.253 - - [03/Jan/2024:14:01:51 -0500] "POST /sipse/faces/presentacion/financiero/solicitudProceso/listarSolicitudProceso.xhtml HTTP/1.1" 200 32745
201.245.192.253 - - [03/Jan/2024:14:02:13 -0500] "POST /sipse/faces/presentacion/financiero/solicitudProceso/listarSolicitudProceso.xhtml HTTP/1.1" 200 119058
201.245.192.253 - - [03/Jan/2024:14:02:13 -0500] "GET /sipse/faces/javax.faces.resource/theme.css?ln=primefaces-sipse HTTP/1.1" 304 -
201.245.192.253 - - [03/Jan/2024:14:02:13 -0500] "GET /sipse/faces/javax.faces.resource/layout/layout.css?ln=primefaces&v=4.0 HTTP/1.1" 304 -
201.245.192.253 - - [03/Jan/2024:14:02:13 -0500] "GET /sipse/faces/javax.faces.resource/primefaces.css?ln=primefaces&v=4.0 HTTP/1.1" 304 -
201.245.192.253 - - [03/Jan/2024:14:02:13 -0500] "GET /sipse/faces/javax.faces.resource/jquery/jquery.js?ln=primefaces&v=4.0 HTTP/1.1" 304 -
201.245.192.253 - - [03/Jan/2024:14:02:13 -0500] "GET /sipse/faces/javax.faces.resource/jquery/jquery-plugins.js?ln=primefaces&v=4.0 HTTP/1.1" 304 -
201.245.192.253 - - [03/Jan/2024:14:02:13 -0500] "GET /sipse/faces/javax.faces.resource/primefaces.js?ln=primefaces&v=4.0 HTTP/1.1" 304 -
201.245.192.253 - - [03/Jan/2024:14:02:13 -0500] "GET /sipse/faces/javax.faces.resource/layout/layout.js?ln=primefaces&v=4.0 HTTP/1.1" 304 -
201.245.192.253 - - [03/Jan/2024:14:02:30 -0500] "POST /sipse/faces/presentacion/financiero/solicitudProceso/consultarSolicitudProceso.xhtml HTTP/1.1" 200 159722
31.13.127.116 - - [03/Jan/2024:14:02:47 -0500] "GET /en-2021-aumentaron-en-un-45-los-negocios-verdes-verificados-por-la-secretaria-de-ambiente-frente-a-2020.html HTTP/1.1" 200 1042
31.13.127.117 - - [03/Jan/2024:14:03:17 -0500] "GET /del-22-al-26-de-noviembre-se-realizara-la-semana-ecoempresarial-en-bogota.html HTTP/1.1" 200 860
172.22.2.4 - - [03/Jan/2024:14:01:50 -0500] "HEAD /BLA/boletinlegal/ HTTP/1.1" 200 -
172.22.2.4 - - [03/Jan/2024:14:03:30 -0500] "GET /BLA/boletinlegal/style.css HTTP/1.1" 200 9406
172.22.2.4 - - [03/Jan/2024:14:03:30 -0500] "GET /BLA/boletinlegal/styles2.css HTTP/1.1" 200 1838
172.22.2.4 - - [03/Jan/2024:14:03:30 -0500] "GET /BLA/boletinlegal/js/jquery.js HTTP/1.1" 200 57254
172.22.2.4 - - [03/Jan/2024:14:03:30 -0500] "GET /BLA/boletinlegal/js/jquery.scrollTo-min.js HTTP/1.1" 200 1150
172.22.2.4 - - [03/Jan/2024:14:03:30 -0500] "GET /BLA/boletinlegal/js/jquery.scrollShow.js HTTP/1.1" 200 4586
172.22.2.4 - - [03/Jan/2024:14:03:31 -0500] "GET /BLA/boletinlegal/images/registro-usuarios.png HTTP/1.1" 200 8106
172.22.2.4 - - [03/Jan/2024:14:03:31 -0500] "GET /BLA/boletinlegal/images/cabezote%20BLEGAL.jpg HTTP/1.1" 200 118164
172.22.2.4 - - [03/Jan/2024:14:03:31 -0500] "GET /BLA/boletinlegal/images/historia.png HTTP/1.1" 200 52775
172.22.2.4 - - [03/Jan/2024:14:03:31 -0500] "GET /BLA/boletinlegal/images/subscribe-icon-big.png HTTP/1.1" 200 47702
172.22.2.4 - - [03/Jan/2024:14:03:31 -0500] "GET /BLA/boletinlegal/images/arr_l.jpg HTTP/1.1" 200 1979
172.22.2.4 - - [03/Jan/2024:14:03:31 -0500] "GET /BLA/boletinlegal/images/launch.jpg HTTP/1.1" 200 14577
172.22.2.4 - - [03/Jan/2024:14:03:31 -0500] "GET /BLA/boletinlegal/images/screen_1.png HTTP/1.1" 200 202547
172.22.2.4 - - [03/Jan/2024:14:03:31 -0500] "GET /BLA/boletinlegal/images/body_bg.jpg HTTP/1.1" 200 1601
172.22.2.4 - - [03/Jan/2024:14:03:31 -0500] "GET /BLA/boletinlegal/images/menu_lft.gif HTTP/1.1" 200 1713
172.22.2.4 - - [03/Jan/2024:14:03:31 -0500] "GET /BLA/boletinlegal/images/menu_rght.gif HTTP/1.1" 200 1627
172.22.2.4 - - [03/Jan/2024:14:03:31 -0500] "GET /BLA/boletinlegal/images/menu_bg.jpg HTTP/1.1" 200 620
172.22.2.4 - - [03/Jan/2024:14:03:31 -0500] "GET /BLA/boletinlegal/images/bg_top.jpg HTTP/1.1" 200 522
172.22.2.4 - - [03/Jan/2024:14:03:31 -0500] "GET /BLA/boletinlegal/images/text.jpg HTTP/1.1" 200 568
172.22.2.4 - - [03/Jan/2024:14:03:31 -0500] "GET /BLA/boletinlegal/images/hover.jpg HTTP/1.1" 200 640
40.77.167.20 - - [03/Jan/2024:14:03:31 -0500] "GET /portaldeninos/?s= HTTP/1.1" 200 85920
201.245.192.253 - - [03/Jan/2024:14:03:36 -0500] "POST /sipse/faces/presentacion/financiero/solicitudProceso/consultarSolicitudProceso.xhtml HTTP/1.1" 200 157099
172.22.2.4 - - [03/Jan/2024:14:03:39 -0500] "GET /BLA/boletinlegal/images/screen_3.png HTTP/1.1" 200 210620
172.22.2.4 - - [03/Jan/2024:14:03:39 -0500] "GET /BLA/boletinlegal/images/screen_2.png HTTP/1.1" 200 362502
172.22.2.4 - - [03/Jan/2024:14:03:39 -0500] "GET /BLA/boletinlegal/images/arr_r.jpg HTTP/1.1" 200 1998
172.22.2.4 - - [03/Jan/2024:14:03:39 -0500] "GET /BLA/boletinlegal/images/screen_5.png HTTP/1.1" 200 368876
172.22.2.4 - - [03/Jan/2024:14:03:40 -0500] "GET /BLA/boletinlegal/images/footer_bg.jpg HTTP/1.1" 200 586
172.22.2.4 - - [03/Jan/2024:14:03:42 -0500] "GET /BLA/boletinlegal/favicon.ico HTTP/1.1" 404 1140
172.22.2.4 - - [03/Jan/2024:14:03:42 -0500] "GET /BLA/boletinlegal/normativa.php HTTP/1.1" 200 8343
172.22.2.4 - - [03/Jan/2024:14:03:43 -0500] "GET /BLA/boletinlegal/js/ajax_normativa.js HTTP/1.1" 200 1154
172.22.2.4 - - [03/Jan/2024:14:03:43 -0500] "GET /BLA/boletinlegal/niceforms.js HTTP/1.1" 200 22876
172.22.2.4 - - [03/Jan/2024:14:03:43 -0500] "GET /BLA/boletinlegal/niceforms-default.css HTTP/1.1" 200 6694
172.22.2.4 - - [03/Jan/2024:14:03:43 -0500] "GET /BLA/boletinlegal/images/tel.png HTTP/1.1" 200 14477
172.22.2.4 - - [03/Jan/2024:14:03:43 -0500] "GET /BLA/boletinlegal/images/icono-email.png HTTP/1.1" 200 5544
172.22.2.4 - - [03/Jan/2024:14:03:43 -0500] "GET /BLA/boletinlegal/images/footer_bg_l.jpg HTTP/1.1" 200 776
66.249.66.19 - - [03/Jan/2024:14:03:45 -0500] "GET /BLA/resoluciones/RESOLUCIONES%202009/3348.pdf HTTP/1.1" 200 552729
172.22.2.4 - - [03/Jan/2024:14:03:47 -0500] "GET /BLA/boletinlegal/img/0.png HTTP/1.1" 200 110
172.22.2.4 - - [03/Jan/2024:14:03:47 -0500] "GET /BLA/boletinlegal/img/select-left.png HTTP/1.1" 200 263
172.22.2.4 - - [03/Jan/2024:14:03:47 -0500] "GET /BLA/boletinlegal/img/select-right.png HTTP/1.1" 200 44019
172.22.2.4 - - [03/Jan/2024:14:03:47 -0500] "GET /BLA/boletinlegal/img/button-left.png HTTP/1.1" 200 57071
172.22.2.4 - - [03/Jan/2024:14:03:47 -0500] "GET /BLA/boletinlegal/img/button-right.png HTTP/1.1" 200 57878
201.245.192.253 - - [03/Jan/2024:14:03:47 -0500] "GET /BLA/resoluciones/index.php?dir=AUTOS%202014/&sort=name&order=desc HTTP/1.1" 200 891339
172.22.2.4 - - [03/Jan/2024:14:03:48 -0500] "GET /BLA/boletinlegal/img/button.png HTTP/1.1" 200 43241
201.245.192.253 - - [03/Jan/2024:14:03:49 -0500] "GET /BLA/resoluciones/index.php?dir= HTTP/1.1" 200 13696
201.245.192.253 - - [03/Jan/2024:14:03:51 -0500] "GET /BLA/resoluciones/index.php?dir=AUTOS+2013%2F HTTP/1.1" 200 407754
201.245.192.253 - - [03/Jan/2024:14:03:56 -0500] "GET /BLA/resoluciones/AUTOS%202013/3204.pdf HTTP/1.1" 200 617862
201.245.192.253 - - [03/Jan/2024:14:04:12 -0500] "POST /sipse/faces/presentacion/financiero/solicitudProceso/consultarSolicitudProceso.xhtml HTTP/1.1" 200 159722
