201.245.192.253 - - [03/Jan/2024:16:47:20 -0500] "GET /sipse/faces/javax.faces.resource/primefaces.js?ln=primefaces&v=4.0 HTTP/1.1" 304 -
201.245.192.253 - - [03/Jan/2024:16:47:20 -0500] "GET /sipse/faces/javax.faces.resource/layout/layout.js?ln=primefaces&v=4.0 HTTP/1.1" 304 -
201.245.192.253 - - [03/Jan/2024:16:47:20 -0500] "POST /sipse/faces/presentacion/financiero/solicitudProceso/listarSolicitudProceso.xhtml HTTP/1.1" 200 1556
201.245.192.253 - - [03/Jan/2024:16:47:22 -0500] "POST /sipse/faces/presentacion/financiero/solicitudProceso/listarSolicitudProceso.xhtml HTTP/1.1" 200 13874
201.245.192.253 - - [03/Jan/2024:16:47:25 -0500] "POST /sipse/faces/presentacion/financiero/solicitudProceso/listarSolicitudProceso.xhtml HTTP/1.1" 200 119851
201.245.192.253 - - [03/Jan/2024:16:47:26 -0500] "GET /sipse/faces/javax.faces.resource/theme.css?ln=primefaces-sipse HTTP/1.1" 304 -
201.245.192.253 - - [03/Jan/2024:16:47:26 -0500] "GET /sipse/faces/javax.faces.resource/layout/layout.css?ln=primefaces&v=4.0 HTTP/1.1" 304 -
201.245.192.253 - - [03/Jan/2024:16:47:26 -0500] "GET /sipse/faces/javax.faces.resource/primefaces.css?ln=primefaces&v=4.0 HTTP/1.1" 304 -
201.245.192.253 - - [03/Jan/2024:16:47:26 -0500] "GET /sipse/faces/javax.faces.resource/jquery/jquery.js?ln=primefaces&v=4.0 HTTP/1.1" 304 -
201.245.192.253 - - [03/Jan/2024:16:47:26 -0500] "GET /sipse/faces/javax.faces.resource/jquery/jquery-plugins.js?ln=primefaces&v=4.0 HTTP/1.1" 304 -
201.245.192.253 - - [03/Jan/2024:16:47:26 -0500] "GET /sipse/faces/javax.faces.resource/primefaces.js?ln=primefaces&v=4.0 HTTP/1.1" 304 -
201.245.192.253 - - [03/Jan/2024:16:47:26 -0500] "GET /sipse/faces/javax.faces.resource/layout/layout.js?ln=primefaces&v=4.0 HTTP/1.1" 304 -
201.245.192.253 - - [03/Jan/2024:16:47:28 -0500] "POST /sipse/faces/presentacion/financiero/solicitudProceso/consultarSolicitudProceso.xhtml HTTP/1.1" 200 41704
201.245.192.253 - - [03/Jan/2024:16:47:28 -0500] "GET /sipse/faces/javax.faces.resource/theme.css?ln=primefaces-sipse HTTP/1.1" 304 -
201.245.192.253 - - [03/Jan/2024:16:47:28 -0500] "GET /sipse/faces/javax.faces.resource/layout/layout.css?ln=primefaces&v=4.0 HTTP/1.1" 304 -
201.245.192.253 - - [03/Jan/2024:16:47:28 -0500] "GET /sipse/faces/javax.faces.resource/primefaces.css?ln=primefaces&v=4.0 HTTP/1.1" 304 -
201.245.192.253 - - [03/Jan/2024:16:47:28 -0500] "GET /sipse/faces/javax.faces.resource/jquery/jquery.js?ln=primefaces&v=4.0 HTTP/1.1" 304 -
201.245.192.253 - - [03/Jan/2024:16:47:28 -0500] "GET /sipse/faces/javax.faces.resource/jquery/jquery-plugins.js?ln=primefaces&v=4.0 HTTP/1.1" 304 -
201.245.192.253 - - [03/Jan/2024:16:47:28 -0500] "GET /sipse/faces/javax.faces.resource/primefaces.js?ln=primefaces&v=4.0 HTTP/1.1" 304 -
201.245.192.253 - - [03/Jan/2024:16:47:28 -0500] "GET /sipse/faces/javax.faces.resource/layout/layout.js?ln=primefaces&v=4.0 HTTP/1.1" 304 -
156.59.198.136 - - [03/Jan/2024:16:47:35 -0500] "GET /BLA/resoluciones/RESOLUCIONES%202007/RES%202007%201901%20AL%202000/RESOLUCION%201908%20DE%202007.pdf HTTP/1.0" 200 27733
186.84.128.123 - - [03/Jan/2024:16:47:36 -0500] "GET /BLA/resoluciones/RESOLUCIONES%202023/1206.pdf HTTP/1.1" 200 388324
186.84.90.58 - - [03/Jan/2024:16:47:37 -0500] "GET /las-tres-caminatas-para-cerrar-el-ano-entre-la-naturaleza.html HTTP/1.1" 200 776
172.22.2.4 - - [03/Jan/2024:16:46:00 -0500] "GET /BLA/boletinlegal/ HTTP/1.1" 200 60502
186.84.128.123 - - [03/Jan/2024:16:47:48 -0500] "GET /BLA/resoluciones/RESOLUCIONES%202023/1099.pdf HTTP/1.1" 200 340233
156.59.198.136 - - [03/Jan/2024:16:47:59 -0500] "GET /BLA/resoluciones/RESOLUCIONES%202007/RES%202007%201901%20AL%202000/RESOLUCION%201911%20DE%202007.pdf HTTP/1.0" 200 27802
156.59.198.135 - - [03/Jan/2024:16:48:24 -0500] "GET /BLA/resoluciones/RESOLUCIONES%202007/RES%202007%201901%20AL%202000/RESOLUCION%201977%20DE%202007.pdf HTTP/1.0" 200 95876
156.59.198.135 - - [03/Jan/2024:16:48:48 -0500] "GET /BLA/resoluciones/RESOLUCIONES%202007/RES%202007%201901%20AL%202000/RESOLUCION%201993%20DE%202007.pdf HTTP/1.0" 200 396673
201.245.192.253 - - [03/Jan/2024:16:48:48 -0500] "POST /kwsrmcab/Wsrmcab  HTTP/1.1" 200 40331
186.84.128.123 - - [03/Jan/2024:16:49:03 -0500] "GET /BLA/resoluciones/RESOLUCIONES%202023/01229.pdf HTTP/1.1" 200 375661
156.59.198.135 - - [03/Jan/2024:16:49:13 -0500] "GET /BLA/resoluciones/RESOLUCIONES%202007/RES%202007%201901%20AL%202000/RESOLUCION%201950%20DE%202007.pdf HTTP/1.0" 200 41236
156.59.198.136 - - [03/Jan/2024:16:49:36 -0500] "GET /BLA/resoluciones/RESOLUCIONES%202007/RES%202007%201901%20AL%202000/RESOLUCION%201945%20DE%202007.pdf HTTP/1.0" 200 604120
34.147.69.122 - - [03/Jan/2024:16:49:39 -0500] "GET /distrito-exalto-a-246-empresas-de-bogota-por-su-alto-desempeno-y-responsabilidad-ambiental-durante-2023.html HTTP/1.1" 200 1039
186.84.128.123 - - [03/Jan/2024:16:49:45 -0500] "GET /BLA/resoluciones/RESOLUCIONES%202023/1236.pdf HTTP/1.1" 200 374134
156.59.198.136 - - [03/Jan/2024:16:50:00 -0500] "GET /BLA/resoluciones/RESOLUCIONES%202007/RES%202007%201901%20AL%202000/RESOLUCION%201939%20DE%202007.pdf HTTP/1.0" 200 760843
186.84.128.123 - - [03/Jan/2024:16:50:04 -0500] "GET /BLA/resoluciones/RESOLUCIONES%202023/0844.pdf HTTP/1.1" 200 367798
156.59.198.135 - - [03/Jan/2024:16:50:24 -0500] "GET /BLA/resoluciones/RESOLUCIONES%202007/RES%202007%201901%20AL%202000/RESOLUCION%201923%20DE%202007.pdf HTTP/1.0" 200 147954
216.245.221.92 - - [03/Jan/2024:16:50:47 -0500] "HEAD / HTTP/1.1" 200 -
156.59.198.135 - - [03/Jan/2024:16:50:49 -0500] "GET /BLA/resoluciones/RESOLUCIONES%202007/RES%202007%201901%20AL%202000/RESOLUCION%201987%20DE%202007.pdf HTTP/1.0" 200 473920
186.84.128.123 - - [03/Jan/2024:16:50:59 -0500] "GET /BLA/resoluciones/RESOLUCIONES%202023/0628.pdf HTTP/1.1" 200 379364
200.118.80.110 - - [03/Jan/2024:16:51:00 -0500] "GET /sipse/faces/index.xhtml HTTP/1.1" 200 677
200.118.80.110 - - [03/Jan/2024:16:51:00 -0500] "GET /sipse/faces/javax.faces.resource/theme.css?ln=primefaces-sipse HTTP/1.1" 304 -
200.118.80.110 - - [03/Jan/2024:16:51:01 -0500] "GET /favicon.ico HTTP/1.1" 200 7782
200.118.80.110 - - [03/Jan/2024:16:51:01 -0500] "GET /sipse/faces/faces/autenticacion.xhtml HTTP/1.1" 200 12405
200.118.80.110 - - [03/Jan/2024:16:51:01 -0500] "GET /sipse/js/disable_browser_buttons.js HTTP/1.1" 200 3230
200.118.80.110 - - [03/Jan/2024:16:51:01 -0500] "GET /sipse/css/custom_css_sg.css HTTP/1.1" 200 9694
200.118.80.110 - - [03/Jan/2024:16:51:01 -0500] "GET /sipse/faces/javax.faces.resource/theme.css?ln=primefaces-sipse HTTP/1.1" 304 -
200.118.80.110 - - [03/Jan/2024:16:51:01 -0500] "GET /sipse/css/custom_css_sg_prime_login.css HTTP/1.1" 200 443
200.118.80.110 - - [03/Jan/2024:16:51:01 -0500] "GET /sipse/faces/javax.faces.resource/primefaces.css?ln=primefaces&v=4.0 HTTP/1.1" 304 -
200.118.80.110 - - [03/Jan/2024:16:51:01 -0500] "GET /sipse/js/funciones.js HTTP/1.1" 200 12592
200.118.80.110 - - [03/Jan/2024:16:51:01 -0500] "GET /sipse/faces/javax.faces.resource/jquery/jquery.js?ln=primefaces&v=4.0 HTTP/1.1" 304 -
200.118.80.110 - - [03/Jan/2024:16:51:01 -0500] "GET /sipse/faces/javax.faces.resource/layout/layout.css?ln=primefaces&v=4.0 HTTP/1.1" 304 -
200.118.80.110 - - [03/Jan/2024:16:51:01 -0500] "GET /sipse/faces/javax.faces.resource/jquery/jquery-plugins.js?ln=primefaces&v=4.0 HTTP/1.1" 304 -
200.118.80.110 - - [03/Jan/2024:16:51:01 -0500] "GET /sipse/faces/javax.faces.resource/primefaces.js?ln=primefaces&v=4.0 HTTP/1.1" 304 -
200.118.80.110 - - [03/Jan/2024:16:51:01 -0500] "GET /sipse/faces/javax.faces.resource/layout/layout.js?ln=primefaces&v=4.0 HTTP/1.1" 304 -
200.118.80.110 - - [03/Jan/2024:16:51:01 -0500] "GET /sipse/css/imagen/logoSDG.png HTTP/1.1" 200 53064
200.118.80.110 - - [03/Jan/2024:16:51:01 -0500] "GET /sipse/css/imagen/loginimg.png HTTP/1.1" 200 71635
200.118.80.110 - - [03/Jan/2024:16:51:01 -0500] "GET /sipse/faces/javax.faces.resource/images/ui-icons_898989_256x240.png?ln=primefaces-aristo HTTP/1.1" 304 -
200.118.80.110 - - [03/Jan/2024:16:51:04 -0500] "POST /sipse/faces/autenticacion.xhtml HTTP/1.1" 200 2224
200.118.80.110 - - [03/Jan/2024:16:51:04 -0500] "GET /sipse/faces/javax.faces.resource/messages/messages.png?ln=primefaces&v=4.0 HTTP/1.1" 304 -
200.118.80.110 - - [03/Jan/2024:16:51:06 -0500] "POST /sipse/faces/autenticacion.xhtml HTTP/1.1" 200 16406
200.118.80.110 - - [03/Jan/2024:16:51:06 -0500] "GET /sipse/css/custom_css_sg_prime.css HTTP/1.1" 200 5201
200.118.80.110 - - [03/Jan/2024:16:51:06 -0500] "GET /sipse/faces/javax.faces.resource/primefaces.css?ln=primefaces&v=4.0 HTTP/1.1" 304 -
200.118.80.110 - - [03/Jan/2024:16:51:06 -0500] "GET /sipse/faces/javax.faces.resource/theme.css?ln=primefaces-sipse HTTP/1.1" 304 -
200.118.80.110 - - [03/Jan/2024:16:51:06 -0500] "GET /sipse/faces/javax.faces.resource/layout/layout.css?ln=primefaces&v=4.0 HTTP/1.1" 304 -
200.118.80.110 - - [03/Jan/2024:16:51:06 -0500] "GET /sipse/js/jquery.min.js HTTP/1.1" 200 85582
200.118.80.110 - - [03/Jan/2024:16:51:06 -0500] "GET /sipse/faces/javax.faces.resource/jquery/jquery.js?ln=primefaces&v=4.0 HTTP/1.1" 304 -
200.118.80.110 - - [03/Jan/2024:16:51:06 -0500] "GET /sipse/faces/javax.faces.resource/jquery/jquery-plugins.js?ln=primefaces&v=4.0 HTTP/1.1" 304 -
200.118.80.110 - - [03/Jan/2024:16:51:06 -0500] "GET /sipse/faces/javax.faces.resource/primefaces.js?ln=primefaces&v=4.0 HTTP/1.1" 304 -
200.118.80.110 - - [03/Jan/2024:16:51:06 -0500] "GET /sipse/faces/javax.faces.resource/layout/layout.js?ln=primefaces&v=4.0 HTTP/1.1" 304 -
200.118.80.110 - - [03/Jan/2024:16:51:06 -0500] "GET /sipse/css/v_mergente.css HTTP/1.1" 200 1505
200.118.80.110 - - [03/Jan/2024:16:51:06 -0500] "GET /sipse/css/imagen/contrasena.png HTTP/1.1" 404 383
200.118.80.110 - - [03/Jan/2024:16:51:06 -0500] "GET /sipse/imagenes/cargando.gif HTTP/1.1" 200 36959
200.118.80.110 - - [03/Jan/2024:16:51:06 -0500] "GET /sipse/imagenes/logoAplicacion.jpg HTTP/1.1" 200 155084
200.118.80.110 - - [03/Jan/2024:16:51:09 -0500] "GET /sipse/faces/javax.faces.resource/images/ui-bg_flat_0_2d5972_40x100.png?ln=primefaces-aristo HTTP/1.1" 304 -
200.118.80.110 - - [03/Jan/2024:16:51:09 -0500] "POST /sipse/faces/bienvenido.xhtml HTTP/1.1" 200 2658
200.118.80.110 - - [03/Jan/2024:16:51:10 -0500] "POST /sipse/faces/bienvenido.xhtml HTTP/1.1" 200 65127
200.118.80.110 - - [03/Jan/2024:16:51:11 -0500] "GET /sipse/faces/javax.faces.resource/theme.css?ln=primefaces-sipse HTTP/1.1" 304 -
200.118.80.110 - - [03/Jan/2024:16:51:11 -0500] "GET /sipse/faces/javax.faces.resource/primefaces.css?ln=primefaces&v=4.0 HTTP/1.1" 304 -
200.118.80.110 - - [03/Jan/2024:16:51:11 -0500] "GET /sipse/faces/javax.faces.resource/layout/layout.css?ln=primefaces&v=4.0 HTTP/1.1" 304 -
200.118.80.110 - - [03/Jan/2024:16:51:11 -0500] "GET /sipse/faces/javax.faces.resource/jquery/jquery.js?ln=primefaces&v=4.0 HTTP/1.1" 304 -
200.118.80.110 - - [03/Jan/2024:16:51:11 -0500] "GET /sipse/faces/javax.faces.resource/jquery/jquery-plugins.js?ln=primefaces&v=4.0 HTTP/1.1" 304 -
200.118.80.110 - - [03/Jan/2024:16:51:11 -0500] "GET /sipse/faces/javax.faces.resource/primefaces.js?ln=primefaces&v=4.0 HTTP/1.1" 304 -
200.118.80.110 - - [03/Jan/2024:16:51:11 -0500] "GET /sipse/faces/javax.faces.resource/layout/layout.js?ln=primefaces&v=4.0 HTTP/1.1" 304 -
200.118.80.110 - - [03/Jan/2024:16:51:12 -0500] "POST /sipse/faces/presentacion/financiero/solicitudProceso/listarSolicitudProceso.xhtml HTTP/1.1" 200 1556
156.59.198.135 - - [03/Jan/2024:16:51:13 -0500] "GET /BLA/resoluciones/RESOLUCIONES%202007/RES%202007%201901%20AL%202000/RESOLUCION%201991%20%20DE%202007.pdf HTTP/1.0" 200 84713
200.118.80.110 - - [03/Jan/2024:16:51:15 -0500] "POST /sipse/faces/presentacion/financiero/solicitudProceso/listarSolicitudProceso.xhtml HTTP/1.1" 200 23698
200.118.80.110 - - [03/Jan/2024:16:51:15 -0500] "POST /sipse/faces/presentacion/financiero/solicitudProceso/listarSolicitudProceso.xhtml HTTP/1.1" 200 23686
200.118.80.110 - - [03/Jan/2024:16:51:17 -0500] "POST /sipse/faces/presentacion/financiero/solicitudProceso/listarSolicitudProceso.xhtml HTTP/1.1" 200 17941
200.118.80.110 - - [03/Jan/2024:16:51:19 -0500] "POST /sipse/faces/presentacion/financiero/solicitudProceso/listarSolicitudProceso.xhtml HTTP/1.1" 200 23686
200.118.80.110 - - [03/Jan/2024:16:51:21 -0500] "POST /sipse/faces/presentacion/financiero/solicitudProceso/listarSolicitudProceso.xhtml HTTP/1.1" 200 17994
200.118.80.110 - - [03/Jan/2024:16:51:23 -0500] "POST /sipse/faces/presentacion/financiero/solicitudProceso/listarSolicitudProceso.xhtml HTTP/1.1" 200 23686
200.118.80.110 - - [03/Jan/2024:16:51:27 -0500] "POST /sipse/faces/presentacion/financiero/solicitudProceso/listarSolicitudProceso.xhtml HTTP/1.1" 200 45307
200.118.80.110 - - [03/Jan/2024:16:51:30 -0500] "POST /sipse/faces/presentacion/financiero/solicitudProceso/listarSolicitudProceso.xhtml HTTP/1.1" 200 18039
156.59.198.136 - - [03/Jan/2024:16:51:37 -0500] "GET /BLA/resoluciones/RESOLUCIONES%202007/RES%202007%201901%20AL%202000/RESOLUCION%201986%20DE%202007.pdf HTTP/1.0" 200 85629
157.55.39.204 - - [03/Jan/2024:16:51:49 -0500] "GET /portaldeninos/wp-content/uploads/2020/11/Pieza-3-B_-1-50x28.jpg HTTP/1.1" 200 1280
186.84.128.123 - - [03/Jan/2024:16:51:50 -0500] "GET /BLA/resoluciones/RESOLUCIONES%202023/1718.pdf HTTP/1.1" 200 393727
186.28.92.243 - - [03/Jan/2024:16:52:00 -0500] "OPTIONS /kwssiamovil/sm/setfile/f? HTTP/1.1" 200 13
186.28.92.243 - - [03/Jan/2024:16:52:00 -0500] "POST /kwssiamovil/sm/setfile/f? HTTP/1.1" 200 381
152.202.85.141 - - [03/Jan/2024:16:52:02 -0500] "GET /kwssiamovil/sm/ldap/au?x=U2FsdGVkX19uaoto185yowAvTF5eEXFLdJWn+uSGELiwpDK/HxS2NSVouz5gYF5f&y=U2FsdGVkX1921TxQui+41xUenBPxGxsU8LnIH4mf9ggv5wPPOAmMGl+AEdSl22kG HTTP/1.1" 200 30
152.202.85.141 - - [03/Jan/2024:16:52:02 -0500] "GET /kwssiamovil/sm/acme/s?s=U2FsdGVkX19GxKfIDvleJMcNyAXFdisBlosRSyJKg8wnjdPwZPjFvC0E4cuycpDJ3hdbOsWxiGmeZgFV35M5tzYG8sLJB9NEXRsxllajTFg=&u=U2FsdGVkX1/rgBEVzIQHjVm50WAGssrwCQQhmvmSjYfUqVFzJPMeIAwrAlrx4yTG&y=U2FsdGVkX1921TxQui+41xUenBPxGxsU8LnIH4mf9ggv5wPPOAmMGl+AEdSl22kG HTTP/1.1" 200 97
152.202.85.141 - - [03/Jan/2024:16:52:02 -0500] "GET /kwssiamovil/sm/acme/s?s=U2FsdGVkX1/PPXodd/hexmqNTSQt2PWOeBnWlT1f4oA8OivmfdfNyU9KNiSL2wbXk1hrg/y7GI0Nt8LHS0PvPzcfrWMaQu2PNvkB7PXJF837hSqzdIeeNiSMP1j3V7ZqbuBBsfZK1sPT1nSne97r7kswkQnpIc0XKUMeMeAXR/l8zmFM6Yu3IflLLJk1/BUcnu6cf5qWhOTWTjcitXqzS76QMjHgkwm40HRsHkpLx/86xLxQykE7njxA4x7z4Zcd9bqxcWMOmYd9IhksbT58LqUntppx3o1ZaxheSQifutt0bpG2dF4Nh//dcerbayp/q9um2CTVambX0s/zxe2TEMS90a3OGC6tqDkqHPAaYb9R4+G74z8GRsXatzlCB+lnctSHMQkbT/tUSPwGadwXBz1jqKxVqMyvVHNk7Q0q2us/t/MX7JugVxk30TFNVMRwHRPeNRM9OvM79xSnuPYm+ycURyTSSlgA6l0S0F+u4xYDd88GuO9mCl/gZLA27l0XZosshBZ/TYtbgnhFgfTTVRz4Jq1wahu5F+EixzP0vN3ZwfJKVvZ9lhH+p0V1vfS69wvUhltBWQIP96RhMcNlmC3xTxOMquFkd2aLZQWwypcKP8woLdxqWjCfMJAAHU6+t5yIV4efECsSa65kdeMubhWJ9jPk9+1KbnI06OgvyS2Sp55+07EjUQM2fD4lLK9U6nkI0Vams6tMgoS9NBBzqRMphgu5tMNTRO5eBI75OKiV62n7sCYDmVtIDiO9Fpr2cJXPT6DL3pRtDdbb+nVpeiLfoA2Gj4X06t/62Zf1MttcrT+h54k95kuWTbI9msF/1Hc6NINV97ASuxv8UMqYzQtDv+SM4/IsqmmgZLWJ6LwgJFrGmq6NwtDlXklHtseHQQWnpQwVdDB7sb3QewED8vFL7YoX3fCNg09iFhQA2Yg8p3iaSjA2ZKXOiGxuHR5aGpPYy3AL8ncgbzjQR/fI1f8pgNag8ob4eeV/u2GTRuGoYRBZmQb3qx3YyZjOjJ1LfvhCt2xtg8IyOwAw3IejPUXj1RWDi4TRMmpFvMxz0nBH15uCqmZt8ZtoGVna4XBM7v9K2A6UhZ7xCW3TfCnB+QpA2sS6CtYfpb0SpNwlHuOoa447vVcfrZdbqWVYMW6w9qdtpupuKRS2Hyxr8h1MqBg/Co7Sn5zkSoXUUUCCJe0ijddDnSzek/5M74v2VRRiP5TMRssv2Oul9193BK6S2RmLsn7MTRefUcpy7J8ZoRtcL67WGylV3OUXic7GAS52iCcg4OnNYvmJb6oz3d9MOH1V1pcOU+D1kH6te2Nnhj/uKfquGYJ++9E10LtKJc3cgQA9Tb2QlDpTgvT8Mdha7fgaMGQ8Nk2DmID6WwK8XointE1Rnq1cE5BPPWP2YwK2PK3nR/ppy6F6fPLy+I/inqTwR/IYiz44DJ3tOlNXPFh0Oqfd1DGdX3cg9UART/7DUy4YgCijry8xOpD+A7qYOpgViHiZna/Bq8BWS0J4jwHn9Gji+eIy16iQtl0wZGogYAy7JF3kslfy10IPCQqjmgAFKiP/sWbSNS2jK9LGH1eNPYw/Twu+8jeKx+WDtoM3LD2uVLY5752I/zBrKn91KgXJWBUsxE1+y+o2C4cdxZggzH9lpJjDUsLpg5nIabARxuT1gqzpRb0R3shMbNj13OQ2HIAJWYm/6eSPjJaK9fRFS0QQ7UAHjvgSWNOo+L64ihKkX4CgUiLcJWi3bLCpcW2b1swx3qygdoSpP4rz/IwvCJfIBItfoP4l52oC2DEi&u=U2FsdGVkX1/rgBEVzIQHjVm50WAGssrwCQQhmvmSjYfUqVFzJPMeIAwrAlrx4yTG&y=U2FsdGVkX1921TxQui+41xUenBPxGxsU8LnIH4mf9ggv5wPPOAmMGl+AEdSl22kG HTTP/1.1" 200 1385
152.202.85.141 - - [03/Jan/2024:16:52:03 -0500] "GET /kwssiamovil/sm/acme/s?s=U2FsdGVkX19vN8XmboiYkGjzpwc562WF8Uc6fnqfqG4L7dJTZXGttbwIQsYJSlGtfHOA1WwRkv+bIxP9zogbWeLYwN2ut8yUoYUIEOodHjLYIA6ZxlTqn5xSpwtRcZTZx14OEKg91SDRlto/fxIiY14Rini61AUKbr7LbSNIqcYB/Dd5RsfR+V5m750Sf+zao3oNzyF6cSYksusQ3n4TjxgSbeJxeDLE5tjR0kiVMNfMwpXpDVt9c9q82MIl+UNzapWg/DKOrdjWeWOYPlSn/bNPbV7nsAWYsxxQEd5U4rxMFFnrvoDN9mz1/V92UCKpmp7FlgU9ncpJNVo0Bwl4XxwK3VE1zthYe8SV5T1lk+6ntQrnqVTPeMOKEXDb5kmtfuNID3maoOOzp08DmWapIJ7MEZR1Zfx+wVI4RQlfoqgoLkEYFxF4wu932Oe0xZYRkJ9s0Sbz6UDUMDmFT/Yv5xSMyc08LacBIquSuH56+hnp+FfTyHkKTb6Rba5WY+OgVW/RusvNlXKybPRRiP006OjjBCAv9HSGtDRA1q+2+oED0KCtCgIuIC1h+K3BHuokWTmLUbDP+GrhduGq27Wz6FGCVv4Tc3smpb5+1offEPj895SagilbeqHj7oyEtxgYotzvHS6QPkQliLnd0VVfYICgFaDQAfVvoKd3K82xvLJeFMbSwcZZiO8wD2d/p/pcbaBg95vICQ9EtdN61JEhw0/YIDFgfAOJPHGd3x5B7nK+Zj0aEj+UFKHsGnz+pi5j&u=U2FsdGVkX1/rgBEVzIQHjVm50WAGssrwCQQhmvmSjYfUqVFzJPMeIAwrAlrx4yTG&y=U2FsdGVkX1921TxQui+41xUenBPxGxsU8LnIH4mf9ggv5wPPOAmMGl+AEdSl22kG HTTP/1.1" 200 208
156.59.198.135 - - [03/Jan/2024:16:52:03 -0500] "GET /BLA/resoluciones/RESOLUCIONES%202007/RES%202007%201901%20AL%202000/RESOLUCION%201925%20DE%202007.pdf HTTP/1.0" 200 1527467
186.84.128.123 - - [03/Jan/2024:16:52:04 -0500] "GET /BLA/resoluciones/RESOLUCIONES%202023/1833.pdf HTTP/1.1" 200 487734
152.202.85.141 - - [03/Jan/2024:16:52:03 -0500] "GET /kwssiamovil/sm/cjson/pre?f=1&x=U2FsdGVkX19uaoto185yowAvTF5eEXFLdJWn+uSGELiwpDK/HxS2NSVouz5gYF5f HTTP/1.1" 200 31032
186.28.92.243 - - [03/Jan/2024:16:52:08 -0500] "GET /kwssiamovil/sm/acme/a?s=U2FsdGVkX19plyTDBv6kfQBysegD/IwqkLp8oYklF+PL8quZjAtXpVGgCj1KkyIWmOZAiB6k2OuYf78ohvPFiZBCmXXZZOdXi/AV7lfw15+C+ForHbG1n7Fp3OV1Y1qkgFFdrDvPgGoMpLuP2mrZtnCau8+550Yzg/RBYXZMklNHSXPcJJodmcxkNP2wDML4Y9Hi/0OqvBK4S/JCJewHfh+oWyBvO2NXytvQYVKUBxAfoLfgM0HCEZsVE/+LRnjhVBh2TL816sMUzDIEnePrlw==&u=U2FsdGVkX1/HSiwvVnvl4w6FJQkzdra0XlzznRwghy8=&y=U2FsdGVkX1+n7/Mo1zR5vA2iqNX/QlmUfV8NrFjS8yI= HTTP/1.1" 200 26
186.28.92.243 - - [03/Jan/2024:16:52:09 -0500] "GET /kwssiamovil/sm/acme/a?s=U2FsdGVkX1+PCj8BiGUGS2ixSykLcR5SpBvEZM+TmU9Hm6ipbGLM+eURtPu0BPEtRLB/UpZluDQHdNRJ6MIxIM8CMjgnMZnDLvUARyXRtHyNx51lXmLfMzpqo2BAURcl+pbAux5/OKUILy1zuNAnU4OxqG2QF+DZii2Tk/Jproi/TowSbqxtemjVmglFjBl3WLzVZHvwLV4VR+KLMwKWLOn38d91ba6wFtOb5KmvEbarfQuhtHnSGs5pKzaNjwnbKMBK8+FLbfXqzJMt9Eh2rwDxaSN4JDK9f21IFU/BDF42wzcxNx8tPTuBGU9uSFgB/vUNTl1MxqhFMXkY/Y1zFylbv0JIHYt5UFgkWOUL0+yCUueCPIVjdXtJ5vXi+Vowpg+grhPCFdry8Ba4O5TDgXiiEleKLt1n1lbMKQq2UDi12lOkO8Zc9vhFWrycEUqH3KGBO5OhuUdTh/jIUurs9OO61CULhHipsSjihO6gTbHwRJ1R48SbZXWaCcN/8ljsjVGKOkphGWQetNaIbo0jlJzxn614QEQYj/QCY7R/lGr1MSUfEB0gjNWhhdl+UCTsEkLYL55hrl77wJVo0cufOc6rRAyZCznvurdwJy6aDVBOtrTG+FblvpIB2Qdu9DilaGplfiM7ddPhoJTr0HfvnEr6kgbhgoK9gp+i/AXOatL63YudMnNHsxM2EOx8VaBkq5e43Gpj+kLJrtpM/nIU76SnrckwHuwavSJHH3Poa4K+VZljNHY6HeA0wbmDrfwKamdgZeyseMD5uhVh2djtMHsNzNn6C1L8FxrsrR+iEPtADjsON5cPqdP2fXEi1Ow5F7ruXqUk4siLgSV07BGy3ZYIiwD5CJl157441Desl45CkekmGBg8OgvSNKwEeNfb70LMg5OKmA7zq/xCe1P/K3+PVStBw+9ZhKVjScLV2oATW1waBeNbI0cdB+TsaWSyN3xzp1VwqCKjtKILT8kYx6OrSZyVOgGxiNQn1dV1sl12KCDMsl/9FyoYX+XEmKs69g0ZSaMJ1yFpsLuCf9pLZULqpbAhnHul4c7ATvi5iMR42rB57GPOSLOJ7zJWJ1AAzkYc2S27wAsuw3bzfdM6H6XUZk9zfN7b3p8BhPC3I82C0M2BSdgrOyGbcmC4p48KU+GtG1AkkvSEgTm/Cmb27XVtV/tPiVOORjDy9q6RK6ceM12Wwq/h6MnOMm1F6NXASlPHy/FvSSkctLkEnkcPX2WvzfBItxa9Tg1AqTwv6V373e/DIPR7RiCFLpdgKV4cxO8hWLwnxgpmNbQGDBNm1f/TO+Fo3Cc6An0j5uLJJQ/MaqVKi6IOW65xC5t86ZcMUAG5gmuOMDVF6w1zC6Fbuemw96eZXvGg6ALg/J85xaFcOQ7/u4O4nGyfxLfP+y/O4qe7wSIez3WlFdV4mVdbYGkaNSbIR8GFMSfl9wmnbPa7Huq1z1KwQ9GPgz1R5Zo+7k6MKcRr5M7X4bdpJLHZ6gBREuC0dx7Ua5oH34U785+t2K1EmdF7kesHjKYVj4MtKmZyCOUoHPSUUcFlarkMMXQjzuX/opkxYK95dPOO0lv/PvLdkyjFeviYGnjrXZHm8SCxGRArdMEPjF2wWvfxf2+xW8/CpseDnNJVoDFBpiTnu44KHsEzgzL3xel7poSCRScsnHaxA6W8kug1xh88LaFy73H3NrpG2xGBFfWYGo8N+BNw03ATTlTeawEJANgsUBGtS3/bdzWXEsLPVuicp+wr03nNNd5/9OZo2kQlqicEQzcMVDceLKfT3HbNkvYdVbLEp9qIgcxqwiKgKqDWezBgtctO+YDcL98WK54oXrmVDYf9sqb/MgMgArl0/tpgctMjrW96kPkBaVlCVG8s1TxYZaj2CN1eEtuyherEqa0gLn+HwB4OMC4nvF0XDFCR250nHU5DWgaGuKP6C//n2TBqbV2GwOzOu5q514YZzxu7pupwPEzWMdBPkfkIN19EsY620E0sY5F0QPt40LFewcPU09XQa8VzSQcEcWhX5oL5I7GgyiDF9VeVS27phAAOqqnV8TV5f67MGVAiRL2fdcug45bwqpY7KKPS3KTvfvF9K16bG1mD/8RHu5bkU2g+PmHAauCErMlNSdj/ENAfFvTKGngWRRT0PgJR69v38KRqEDwo+zhtUcvbOhYn8ihww4th0617KesHpT/2F8qP7nJSdCGnBJ+T/blHUN7kyVv6wwP9S0FtlBS8qz/PO2tL6MUjvmejh1CSKkGCr3sCKNUPRIT/xLkmc6TfyEdaj4peDtjUqIgLeweF34YQDufKn6fv0VZzCm9dQFfI74ArSLQ5NHgtDQ4Q3dc0dixQTejBGsae9vpDkTjsGgWtg6HJ1gZljcRvzr2YC/1+mm//5MfS47+4BXEkz3gcch98lKmqy3akh1qW1STiZic01SWs8eHHI0XCKT2s1/fcHfW1taClv8XaNLSF/YynASYYg4a+ihBDZmjHtdVUEaGlTdzkwHI0tdw8PwKPTGPmUhB2+kma6Yp3KYJeTzw0SA6m9eLPsCDKPnQCyf638gR7MJULlgDsJ9nN9Y7/KpZ0uB2rBZ4qBH6T+oz/v7cnar6q9zYAPE7fkF4Yik+w/8oGAio+TD6ds1znI8upj+dC+wK5f2+dBs8LJzmWePkMR8UNMh2aag/2lnf8f1SjcGGvNG2kPVYESd6HHthH+wk1C7VIthK4gDFgstzlJVfJ2/O34olqIBczCKJ8bBQfIeXV5g+v0dsim1h1kPQJdzOwCpwLfEz04WzFsOlziDNqPnFMMtQEyRbyoWS25YqqKw7aJ/Jx6QI5zsSgoBsUfDZGKcsh8LXSm7Hb/gzsyH4huDU09CIKhHy9kgPN7NtjJiFqeGZbI+gebcELoo7mLzWBLN73WXXZg7e2Ux6lVSuILt8rYW5hrPoufd76VyauZjF0KR0wgOLn/FDPz2ISuS/lfFOVe45KxzNSrKoEtxElo/ay3vvphRShEfQ6zzd7VrQoMFif0ZVbeMQVYzpil81TYZKcZKOhV8qdmyCvGkZcjgnWu1uYgOOWaXt3L5Avsp0Yl/tC31nGW1Q7FyoUkrUVn0aLvdK9OYxlOc5nuYW7w4CVQixcz7FDlhOHwsy4op6ESuLGeWuM5xymAeUq+mJHRSaEX/69VzshQt1bs4nX2d1Sm3K5UjtSAdYgh3AEQpunYxZWtNR0Hq5QWLuk5ZO4dQq/3iLXHFnVLQtD6X8OPHtWk19FbC1Q6Dmeqxrw4dQ8wOWD&u=U2FsdGVkX1/HSiwvVnvl4w6FJQkzdra0XlzznRwghy8=&y=U2FsdGVkX1+n7/Mo1zR5vA2iqNX/QlmUfV8NrFjS8yI= HTTP/1.1" 200 26
186.28.92.243 - - [03/Jan/2024:16:52:09 -0500] "GET /kwssiamovil/sm/acme/a?s=U2FsdGVkX1+FsNnoslptcsQH3bZ0WuAdRh7qjwNLVcqEQi9eu26vlKpHK0yLJMe6hhjUyJmeA+Br0gN7SUfxySH0WTdwAzWUNwJjcQKwhuuvVA4CjzAlJrOOxG6oe4Fu5U7cVjxaX9ZeqqItlwdMeUPv/WXioxClUBADL0T/KoI=&u=U2FsdGVkX1/HSiwvVnvl4w6FJQkzdra0XlzznRwghy8=&y=U2FsdGVkX1+n7/Mo1zR5vA2iqNX/QlmUfV8NrFjS8yI= HTTP/1.1" 200 26
186.28.92.243 - - [03/Jan/2024:16:52:09 -0500] "GET /kwssiamovil/sm/acme/a?s=U2FsdGVkX19fjJd6fwvV1tisHoWAWYn04kueLSD7lJMserBSZVgMKdBGJtnYP9GiJ0lmPL0trGS2kp4QxsOpz1I+RVvS+35Vo9snQKnNTaGyDaov0T3wIBNceV1GXqg/23wf7hr9ZHlbGsRnicLDOEyXcXYxltZzDyjp4G5CUm4=&u=U2FsdGVkX1/HSiwvVnvl4w6FJQkzdra0XlzznRwghy8=&y=U2FsdGVkX1+n7/Mo1zR5vA2iqNX/QlmUfV8NrFjS8yI= HTTP/1.1" 200 26
186.28.92.243 - - [03/Jan/2024:16:52:09 -0500] "GET /kwssiamovil/sm/acme/a?s=U2FsdGVkX19Bc08PJ/ffkmUqrK+tR8LO99SBHCWT5jS46Rbkzmh7o4mdhqmqMjicUinVUAqRROny8NmEiyBeWjehbhpbatfk7xVBO8NS/KB1fTwNLlMWdsEMqeCnC/QASUSZtLqqPwW47KG7SEwg7iWN1+2/si+ONBWlRXv/9wA=&u=U2FsdGVkX1/HSiwvVnvl4w6FJQkzdra0XlzznRwghy8=&y=U2FsdGVkX1+n7/Mo1zR5vA2iqNX/QlmUfV8NrFjS8yI= HTTP/1.1" 200 26
186.28.92.243 - - [03/Jan/2024:16:52:10 -0500] "GET /kwssiamovil/sm/acme/a?s=U2FsdGVkX1+DHwbH8zO1ov5t8xEAcrHk0vAGtsICkFezxPrJuiFRoNOib3mkpEW7XaP7vA7+CPSH3noGxDzmnuVeYnY3r7oFq40VPlHpIP0TScdqAwyJFW0pJo8Ct4iT7pVIx5PtVZz/EyYBcGNuwlEX8RhTaXsd+4GZW7tgLE1Q0VbGGos3v1x2j2PxLfLm&u=U2FsdGVkX1/HSiwvVnvl4w6FJQkzdra0XlzznRwghy8=&y=U2FsdGVkX1+n7/Mo1zR5vA2iqNX/QlmUfV8NrFjS8yI= HTTP/1.1" 200 26
186.28.92.243 - - [03/Jan/2024:16:52:10 -0500] "GET /kwssiamovil/sm/acme/a?s=U2FsdGVkX19qzYkBu8RIQYXkANJctruAigdQprIjRerM2Wci9Dian6Vy6ACNVF/8ZAzceFAaBvjV9DjOlIfNmlqvSgqSI92aOP02odQCZv/zXw/C+sEGZOpCnif9lOhbsYRn4bn4sibjJmhOeW6bt0gtBtHPh0hmp6yjjRRo86b12H/Yt4CBZSYvQUnYfLqU9XKDqap84u5o/BB3IaNYqqGjs9134YNX3xniUj4ljzE=&u=U2FsdGVkX1/HSiwvVnvl4w6FJQkzdra0XlzznRwghy8=&y=U2FsdGVkX1+n7/Mo1zR5vA2iqNX/QlmUfV8NrFjS8yI= HTTP/1.1" 200 26
186.28.92.243 - - [03/Jan/2024:16:52:10 -0500] "GET /kwssiamovil/sm/acme/a?s=U2FsdGVkX1/CDudH+RWhaGCp0Ht/F/MIJ7sMu7Pi7W9EPlCcowNvlvX0fcUtafnMiqkQ0MR0x788nC2c8sSTi7g6/fegVQZGLN749XrWgA46ywb0oYvK6TZUxujVUKIRokCe1WMEFYIImw5LCDh5zFH5qj56WAHaRNo1CdCdjSOcDSmBW2zP5J+J/R2wXDkuadSfl1NHhJ0IaC18KNtIUw==&u=U2FsdGVkX1/HSiwvVnvl4w6FJQkzdra0XlzznRwghy8=&y=U2FsdGVkX1+n7/Mo1zR5vA2iqNX/QlmUfV8NrFjS8yI= HTTP/1.1" 200 26
186.84.128.123 - - [03/Jan/2024:16:52:20 -0500] "GET /BLA/resoluciones/RESOLUCIONES%202023/02359.pdf HTTP/1.1" 200 516850
156.59.198.136 - - [03/Jan/2024:16:52:26 -0500] "GET /BLA/resoluciones/RESOLUCIONES%202007/RES%202007%201901%20AL%202000/RESOLUCION%201984%20DE%202007.pdf HTTP/1.0" 200 192636
186.84.128.123 - - [03/Jan/2024:16:52:27 -0500] "GET /BLA/resoluciones/RESOLUCIONES%202023/3035.pdf HTTP/1.1" 200 880467
172.22.2.4 - - [03/Jan/2024:16:50:59 -0500] "HEAD /BLA/boletinlegal/ HTTP/1.1" 200 -
156.59.198.136 - - [03/Jan/2024:16:52:51 -0500] "GET /BLA/resoluciones/RESOLUCIONES%202007/RES%202007%201901%20AL%202000/RESOLUCION%201973%20%20DE%202007.pdf HTTP/1.0" 200 138566
172.22.2.4 - - [03/Jan/2024:16:53:02 -0500] "GET /BLA/boletinlegal/style.css HTTP/1.1" 200 9406
172.22.2.4 - - [03/Jan/2024:16:53:02 -0500] "GET /BLA/boletinlegal/styles2.css HTTP/1.1" 200 1838
172.22.2.4 - - [03/Jan/2024:16:53:02 -0500] "GET /BLA/boletinlegal/js/jquery.js HTTP/1.1" 200 57254
172.22.2.4 - - [03/Jan/2024:16:53:02 -0500] "GET /BLA/boletinlegal/js/jquery.scrollTo-min.js HTTP/1.1" 200 1150
172.22.2.4 - - [03/Jan/2024:16:53:02 -0500] "GET /BLA/boletinlegal/js/jquery.scrollShow.js HTTP/1.1" 200 4586
172.22.2.4 - - [03/Jan/2024:16:53:02 -0500] "GET /BLA/boletinlegal/images/cabezote%20BLEGAL.jpg HTTP/1.1" 200 118164
172.22.2.4 - - [03/Jan/2024:16:53:02 -0500] "GET /BLA/boletinlegal/images/screen_1.png HTTP/1.1" 200 202547
172.22.2.4 - - [03/Jan/2024:16:53:02 -0500] "GET /BLA/boletinlegal/images/subscribe-icon-big.png HTTP/1.1" 200 47702
172.22.2.4 - - [03/Jan/2024:16:53:02 -0500] "GET /BLA/boletinlegal/images/historia.png HTTP/1.1" 200 52775
172.22.2.4 - - [03/Jan/2024:16:53:02 -0500] "GET /BLA/boletinlegal/images/registro-usuarios.png HTTP/1.1" 200 8106
172.22.2.4 - - [03/Jan/2024:16:53:02 -0500] "GET /BLA/boletinlegal/images/launch.jpg HTTP/1.1" 200 14577
172.22.2.4 - - [03/Jan/2024:16:53:02 -0500] "GET /BLA/boletinlegal/images/arr_l.jpg HTTP/1.1" 200 1979
172.22.2.4 - - [03/Jan/2024:16:53:02 -0500] "GET /BLA/boletinlegal/images/body_bg.jpg HTTP/1.1" 200 1601
172.22.2.4 - - [03/Jan/2024:16:53:02 -0500] "GET /BLA/boletinlegal/images/menu_lft.gif HTTP/1.1" 200 1713
172.22.2.4 - - [03/Jan/2024:16:53:02 -0500] "GET /BLA/boletinlegal/images/menu_rght.gif HTTP/1.1" 200 1627
172.22.2.4 - - [03/Jan/2024:16:53:02 -0500] "GET /BLA/boletinlegal/images/bg_top.jpg HTTP/1.1" 200 522
172.22.2.4 - - [03/Jan/2024:16:53:02 -0500] "GET /BLA/boletinlegal/images/menu_bg.jpg HTTP/1.1" 200 620
172.22.2.4 - - [03/Jan/2024:16:53:02 -0500] "GET /BLA/boletinlegal/images/text.jpg HTTP/1.1" 200 568
172.22.2.4 - - [03/Jan/2024:16:53:02 -0500] "GET /BLA/boletinlegal/images/hover.jpg HTTP/1.1" 200 640
186.84.128.123 - - [03/Jan/2024:16:53:03 -0500] "GET /BLA/resoluciones/RESOLUCIONES%202023/03234.pdf HTTP/1.1" 200 975006
172.22.2.4 - - [03/Jan/2024:16:53:04 -0500] "GET /BLA/boletinlegal/actos.php HTTP/1.1" 200 9648
172.22.2.4 - - [03/Jan/2024:16:53:04 -0500] "GET /BLA/boletinlegal/js/ajax_actos.js HTTP/1.1" 200 1322
172.22.2.4 - - [03/Jan/2024:16:53:04 -0500] "GET /BLA/boletinlegal/niceforms.js HTTP/1.1" 200 22876
172.22.2.4 - - [03/Jan/2024:16:53:04 -0500] "GET /BLA/boletinlegal/niceforms-default.css HTTP/1.1" 200 6694
172.22.2.4 - - [03/Jan/2024:16:53:04 -0500] "GET /BLA/boletinlegal/js/popup.js HTTP/1.1" 200 1270
172.22.2.4 - - [03/Jan/2024:16:53:04 -0500] "GET /BLA/boletinlegal/js/lib.js HTTP/1.1" 200 6474
172.22.2.4 - - [03/Jan/2024:16:53:04 -0500] "GET /BLA/boletinlegal/js/jquery1.js HTTP/1.1" 200 29846
172.22.2.4 - - [03/Jan/2024:16:53:04 -0500] "GET /BLA/boletinlegal/images/green-yellow-blue-pink-th.png HTTP/1.1" 200 7394
172.22.2.4 - - [03/Jan/2024:16:53:04 -0500] "GET /BLA/boletinlegal/images/tel.png HTTP/1.1" 200 14477
172.22.2.4 - - [03/Jan/2024:16:53:04 -0500] "GET /BLA/boletinlegal/images/icono-email.png HTTP/1.1" 200 5544
172.22.2.4 - - [03/Jan/2024:16:53:04 -0500] "GET /BLA/boletinlegal/images/footer_bg.jpg HTTP/1.1" 200 586
172.22.2.4 - - [03/Jan/2024:16:53:04 -0500] "GET /BLA/boletinlegal/images/footer_bg_l.jpg HTTP/1.1" 200 776
172.22.2.4 - - [03/Jan/2024:16:53:04 -0500] "GET /BLA/boletinlegal/img/select-left.png HTTP/1.1" 200 263
172.22.2.4 - - [03/Jan/2024:16:53:04 -0500] "GET /BLA/boletinlegal/img/0.png HTTP/1.1" 200 110
172.22.2.4 - - [03/Jan/2024:16:53:04 -0500] "GET /BLA/boletinlegal/img/select-right.png HTTP/1.1" 200 44019
172.22.2.4 - - [03/Jan/2024:16:53:04 -0500] "GET /BLA/boletinlegal/img/button-left.png HTTP/1.1" 200 57071
172.22.2.4 - - [03/Jan/2024:16:53:04 -0500] "GET /BLA/boletinlegal/img/button-right.png HTTP/1.1" 200 57878
172.22.2.4 - - [03/Jan/2024:16:53:04 -0500] "GET /BLA/boletinlegal/img/button.png HTTP/1.1" 200 43241
172.22.2.4 - - [03/Jan/2024:16:53:04 -0500] "GET /BLA/boletinlegal/favicon.ico HTTP/1.1" 404 1326
156.59.198.136 - - [03/Jan/2024:16:53:15 -0500] "GET /BLA/resoluciones/RESOLUCIONES%202007/RES%202007%201901%20AL%202000/RESOLUCION%201969%20DE%202007.pdf HTTP/1.0" 200 145128
172.22.2.4 - - [03/Jan/2024:16:53:17 -0500] "GET /BLA/boletinlegal/consulta_actos.php?tipo=resoluciones&no=496&usuario=&sector=&fecha=2013&resuelve= HTTP/1.1" 200 626
172.22.2.4 - - [03/Jan/2024:16:53:25 -0500] "GET /BLA/boletinlegal/consulta_actos.php?tipo=resoluciones&no=813&usuario=&sector=&fecha=2013&resuelve= HTTP/1.1" 200 1498
172.22.2.4 - - [03/Jan/2024:16:53:25 -0500] "GET /BLA/boletinlegal/images/pdf.gif HTTP/1.1" 200 567
172.22.2.4 - - [03/Jan/2024:16:53:25 -0500] "GET /BLA/boletinlegal/images/background.gif HTTP/1.1" 200 -
172.22.2.4 - - [03/Jan/2024:16:51:50 -0500] "GET /BLA/boletinlegal/ HTTP/1.1" 200 58172
161.10.199.0 - - [03/Jan/2024:16:53:35 -0500] "GET /BLA/resoluciones/RESOLUCIONES%202013/0813.pdf HTTP/1.1" 200 3640781
161.10.199.0 - - [03/Jan/2024:16:53:35 -0500] "GET /favicon.ico HTTP/1.1" 200 7782
157.55.39.53 - - [03/Jan/2024:16:53:38 -0500] "GET /BLA/resoluciones/AUTOS%202023/05913.pdf HTTP/1.1" 200 985212
156.59.198.136 - - [03/Jan/2024:16:53:40 -0500] "GET /BLA/resoluciones/RESOLUCIONES%202007/RES%202007%201901%20AL%202000/RESOLUCION%201955%20DE%202007.pdf HTTP/1.0" 200 492385
172.22.2.4 - - [03/Jan/2024:16:53:02 -0500] "GET /BLA/boletinlegal/ HTTP/1.1" 200 24523
172.22.2.4 - - [03/Jan/2024:16:53:43 -0500] "GET /BLA/boletinlegal/consulta_actos.php?tipo=resoluciones&no=496&usuario=&sector=&fecha=2013&resuelve= HTTP/1.1" 200 626
201.245.192.253 - - [03/Jan/2024:16:53:47 -0500] "POST /kwsrmcab/Wsrmcab  HTTP/1.1" 200 40331
156.59.198.136 - - [03/Jan/2024:16:54:05 -0500] "GET /BLA/resoluciones/RESOLUCIONES%202007/RES%202007%201901%20AL%202000/RESOLUCION%201998%20%20DE%202007.pdf HTTP/1.0" 200 427363
40.77.167.10 - - [03/Jan/2024:16:54:22 -0500] "GET /Publicaciones/2023EE309226.pdf HTTP/1.1" 200 546746
52.167.144.181 - - [03/Jan/2024:16:54:26 -0500] "GET /Publicaciones/2023EE303555.pdf HTTP/1.1" 404 228
156.59.198.135 - - [03/Jan/2024:16:54:29 -0500] "GET /BLA/resoluciones/RESOLUCIONES%202007/RES%202007%201901%20AL%202000/RESOLUCION%201916%20DE%202007.pdf HTTP/1.0" 200 140519
186.84.128.123 - - [03/Jan/2024:16:54:41 -0500] "GET /BLA/resoluciones/RESOLUCIONES%202023/03156.pdf HTTP/1.1" 200 405188
156.59.198.136 - - [03/Jan/2024:16:54:53 -0500] "GET /BLA/resoluciones/RESOLUCIONES%202007/RES%202007%201901%20AL%202000/RESOLUCION%201999%20DE%202007.pdf HTTP/1.0" 200 400488
66.249.66.192 - - [03/Jan/2024:16:54:54 -0500] "HEAD /serpiente-sabanera-pone-huevos-en-area-protegida-de-bogota.html HTTP/1.1" 200 -
186.84.128.123 - - [03/Jan/2024:16:55:16 -0500] "GET /BLA/resoluciones/RESOLUCIONES%202023/3034.pdf HTTP/1.1" 200 3148044
156.59.198.136 - - [03/Jan/2024:16:55:17 -0500] "GET /BLA/resoluciones/RESOLUCIONES%202007/RES%202007%201901%20AL%202000/RESOLUCION%201914%20DE%202007.pdf HTTP/1.0" 200 27166
156.59.198.135 - - [03/Jan/2024:16:55:42 -0500] "GET /BLA/resoluciones/RESOLUCIONES%202007/RES%202007%201901%20AL%202000/RESOLUCION%201951%20DE%202007.pdf HTTP/1.0" 200 1107925
216.245.221.92 - - [03/Jan/2024:16:55:47 -0500] "HEAD / HTTP/1.1" 200 -
186.84.128.123 - - [03/Jan/2024:16:55:52 -0500] "GET /BLA/resoluciones/RESOLUCIONES%202023/2695.pdf HTTP/1.1" 200 410320
216.244.66.246 - - [03/Jan/2024:16:56:05 -0500] "GET /alcaldesa-claudia-lopez-inicio-plantacion-de-300-nuevos-arboles-en-el-humedal-torca-guaymaral-y-libero-49-animales-silvestres.html HTTP/1.1" 200 916
156.59.198.136 - - [03/Jan/2024:16:56:06 -0500] "GET /BLA/resoluciones/RESOLUCIONES%202007/RES%202007%201901%20AL%202000/RESOLUCION%201921%20DE%202007.pdf HTTP/1.0" 200 324660
156.59.198.135 - - [03/Jan/2024:16:56:31 -0500] "GET /BLA/resoluciones/RESOLUCIONES%202007/RES%202007%201901%20AL%202000/RESOLUCION%201953%20DE%202007.pdf HTTP/1.0" 200 186123
201.245.192.253 - - [03/Jan/2024:16:56:34 -0500] "GET /appsia/controlador HTTP/1.1" 200 5437
201.245.192.253 - - [03/Jan/2024:16:56:37 -0500] "POST /appsia/controlador HTTP/1.1" 200 4799
201.245.192.253 - - [03/Jan/2024:16:56:53 -0500] "POST /appsia/controlador HTTP/1.1" 200 5437
156.59.198.136 - - [03/Jan/2024:16:56:56 -0500] "GET /BLA/resoluciones/RESOLUCIONES%202007/RES%202007%201901%20AL%202000/RESOLUCION%201918%20DE%202007.pdf HTTP/1.0" 200 336940
201.245.192.253 - - [03/Jan/2024:16:56:56 -0500] "POST /appsia/controlador HTTP/1.1" 200 9161
156.59.198.135 - - [03/Jan/2024:16:57:20 -0500] "GET /BLA/resoluciones/RESOLUCIONES%202007/RES%202007%201901%20AL%202000/RESOLUCION%201996%20DE%202007.pdf HTTP/1.0" 200 862154
201.245.192.253 - - [03/Jan/2024:16:57:25 -0500] "POST /appsia/controlador HTTP/1.1" 200 5437
201.245.192.253 - - [03/Jan/2024:16:57:26 -0500] "POST /appsia/controlador HTTP/1.1" 200 4799
156.59.198.135 - - [03/Jan/2024:16:57:44 -0500] "GET /BLA/resoluciones/RESOLUCIONES%202007/RES%202007%201901%20AL%202000/RESOLUCION%201985%20DE%202007.pdf HTTP/1.0" 200 85629
156.59.198.135 - - [03/Jan/2024:16:58:08 -0500] "GET /BLA/resoluciones/RESOLUCIONES%202007/RES%202007%201901%20AL%202000/RESOLUCION%201937%20DE%202007.pdf HTTP/1.0" 200 596293
172.22.2.4 - - [03/Jan/2024:16:56:49 -0500] "HEAD /BLA/boletinlegal/ HTTP/1.1" 200 -
156.59.198.136 - - [03/Jan/2024:16:58:33 -0500] "GET /BLA/resoluciones/RESOLUCIONES%202007/RES%202007%201901%20AL%202000/RESOLUCION%201967%20DE%202007.pdf HTTP/1.0" 200 219548
52.167.144.181 - - [03/Jan/2024:16:58:36 -0500] "GET /BLA/resoluciones/AUTOS%202013/2810.pdf HTTP/1.1" 200 346045
201.245.192.253 - - [03/Jan/2024:16:58:45 -0500] "POST /kwsrmcab/Wsrmcab  HTTP/1.1" 200 40331
200.118.80.110 - - [03/Jan/2024:16:58:56 -0500] "POST /sipse/faces/presentacion/financiero/solicitudProceso/listarSolicitudProceso.xhtml HTTP/1.1" 200 156167
200.118.80.110 - - [03/Jan/2024:16:58:56 -0500] "GET /sipse/faces/javax.faces.resource/theme.css?ln=primefaces-sipse HTTP/1.1" 304 -
200.118.80.110 - - [03/Jan/2024:16:58:56 -0500] "GET /sipse/faces/javax.faces.resource/primefaces.css?ln=primefaces&v=4.0 HTTP/1.1" 304 -
200.118.80.110 - - [03/Jan/2024:16:58:56 -0500] "GET /sipse/faces/javax.faces.resource/layout/layout.css?ln=primefaces&v=4.0 HTTP/1.1" 304 -
200.118.80.110 - - [03/Jan/2024:16:58:56 -0500] "GET /sipse/css/imagen/contrasena.png HTTP/1.1" 404 383
200.118.80.110 - - [03/Jan/2024:16:58:56 -0500] "GET /sipse/faces/javax.faces.resource/jquery/jquery.js?ln=primefaces&v=4.0 HTTP/1.1" 304 -
200.118.80.110 - - [03/Jan/2024:16:58:56 -0500] "GET /sipse/faces/javax.faces.resource/jquery/jquery-plugins.js?ln=primefaces&v=4.0 HTTP/1.1" 304 -
200.118.80.110 - - [03/Jan/2024:16:58:56 -0500] "GET /sipse/faces/javax.faces.resource/primefaces.js?ln=primefaces&v=4.0 HTTP/1.1" 304 -
200.118.80.110 - - [03/Jan/2024:16:58:56 -0500] "GET /sipse/faces/javax.faces.resource/layout/layout.js?ln=primefaces&v=4.0 HTTP/1.1" 304 -
156.59.198.135 - - [03/Jan/2024:16:58:57 -0500] "GET /BLA/resoluciones/RESOLUCIONES%202007/RES%202007%201901%20AL%202000/RESOLUCION%201928%20DE%202007.pdf HTTP/1.0" 200 869029
172.22.2.4 - - [03/Jan/2024:16:57:40 -0500] "GET /BLA/boletinlegal/ HTTP/1.1" 200 58567
156.59.198.135 - - [03/Jan/2024:16:59:21 -0500] "GET /BLA/resoluciones/RESOLUCIONES%202007/RES%202007%201901%20AL%202000/RESOLUCION%201915%20DE%202007.pdf HTTP/1.0" 200 138541
161.10.27.237 - - [03/Jan/2024:16:59:22 -0500] "GET /appsia/controlador HTTP/1.1" 200 4799
161.10.27.237 - - [03/Jan/2024:16:59:22 -0500] "GET /appsia/css/estilos.css HTTP/1.1" 200 4804
161.10.27.237 - - [03/Jan/2024:16:59:22 -0500] "GET /appsia/scripts/validarIngreso.js HTTP/1.1" 200 851
161.10.27.237 - - [03/Jan/2024:16:59:22 -0500] "GET /appsia/images/logo_bogota_p.png HTTP/1.1" 200 14951
161.10.27.237 - - [03/Jan/2024:16:59:22 -0500] "GET /appsia/images/cabezoteHojaVida.png HTTP/1.1" 200 32493
161.10.27.237 - - [03/Jan/2024:16:59:23 -0500] "GET /favicon.ico HTTP/1.1" 200 7782
156.59.198.136 - - [03/Jan/2024:16:59:45 -0500] "GET /BLA/resoluciones/RESOLUCIONES%202007/RES%202007%201901%20AL%202000/RESOLUCION%201931%20DE%202007.pdf HTTP/1.0" 200 132159
156.59.198.135 - - [03/Jan/2024:17:00:11 -0500] "GET /BLA/resoluciones/RESOLUCIONES%202007/RES%202007%201901%20AL%202000/RESOLUCION%201989%20DE%202007.pdf HTTP/1.0" 200 201805
156.59.198.135 - - [03/Jan/2024:17:00:34 -0500] "GET /BLA/resoluciones/RESOLUCIONES%202007/RES%202007%201901%20AL%202000/RESOLUCION%201995%20DE%202007.pdf HTTP/1.0" 200 147084
161.10.27.237 - - [03/Jan/2024:17:00:42 -0500] "POST /appsia/controlador HTTP/1.1" 200 5437
161.10.27.237 - - [03/Jan/2024:17:00:44 -0500] "POST /appsia/controlador HTTP/1.1" 200 7730
161.10.27.237 - - [03/Jan/2024:17:00:44 -0500] "GET /appsia/images/logo_escudo.png HTTP/1.1" 200 36965
191.102.224.197 - - [03/Jan/2024:17:00:46 -0500] "GET /appsia/controlador HTTP/1.1" 200 4799
191.102.224.197 - - [03/Jan/2024:17:00:46 -0500] "GET /appsia/scripts/validarIngreso.js HTTP/1.1" 200 851
191.102.224.197 - - [03/Jan/2024:17:00:46 -0500] "GET /appsia/css/estilos.css HTTP/1.1" 200 4804
191.102.224.197 - - [03/Jan/2024:17:00:47 -0500] "GET /appsia/images/logo_bogota_p.png HTTP/1.1" 200 14951
191.102.224.197 - - [03/Jan/2024:17:00:47 -0500] "GET /appsia/images/cabezoteHojaVida.png HTTP/1.1" 200 32493
216.245.221.92 - - [03/Jan/2024:17:00:47 -0500] "HEAD / HTTP/1.1" 200 -
156.59.198.135 - - [03/Jan/2024:17:00:59 -0500] "GET /BLA/resoluciones/RESOLUCIONES%202007/RES%202007%201901%20AL%202000/RESOLUCION%201922%20DE%202007.pdf HTTP/1.0" 200 101892
156.59.198.136 - - [03/Jan/2024:17:01:24 -0500] "GET /BLA/resoluciones/RESOLUCIONES%202007/RES%202007%201901%20AL%202000/RESOLUCION%201963%20DE%202007.pdf HTTP/1.0" 200 279332
156.59.198.135 - - [03/Jan/2024:17:01:48 -0500] "GET /BLA/resoluciones/RESOLUCIONES%202007/RES%202007%201901%20AL%202000/RESOLUCION%201932%20DE%202007.pdf HTTP/1.0" 200 146347
172.22.2.4 - - [03/Jan/2024:17:01:10 -0500] "GET /BLA/boletinlegal/ HTTP/1.1" 200 24523
172.22.2.4 - - [03/Jan/2024:17:01:12 -0500] "GET /BLA/boletinlegal/ HTTP/1.1" 200 24523
156.59.198.135 - - [03/Jan/2024:17:02:13 -0500] "GET /BLA/resoluciones/RESOLUCIONES%202007/RES%202007%201901%20AL%202000/RESOLUCION%201956%20DE%202007.pdf HTTP/1.0" 200 536128
47.128.63.49 - - [03/Jan/2024:17:03:02 -0500] "GET /BLA/resoluciones/index.php?dir=RESOLUCIONES%202007%2FRES%202007%20301%20AL%20400%2F&order=asc&sort=size HTTP/1.1" 200 26381
47.128.63.49 - - [03/Jan/2024:17:03:03 -0500] "GET /BLA/resoluciones/dlf/pdf.gif HTTP/1.1" 200 272
47.128.63.49 - - [03/Jan/2024:17:03:03 -0500] "GET /BLA/resoluciones/dlf/dirup.png HTTP/1.1" 200 644
47.128.58.121 - - [03/Jan/2024:17:03:25 -0500] "GET /BLA/resoluciones/dlf/dirup.png HTTP/1.1" 200 644
47.128.58.121 - - [03/Jan/2024:17:03:25 -0500] "GET /BLA/resoluciones/dlf/unknown.png HTTP/1.1" 200 266
47.128.58.121 - - [03/Jan/2024:17:03:24 -0500] "GET /BLA/resoluciones/index.php?dir=RESOLUCIONES%202005%2FRES%202005%202051-2100%2F&order=asc&sort=size HTTP/1.1" 200 12352
47.128.48.198 - - [03/Jan/2024:17:03:27 -0500] "GET /BLA/resoluciones/dlf/doc.gif HTTP/1.1" 200 1079
47.128.48.198 - - [03/Jan/2024:17:03:27 -0500] "GET /BLA/resoluciones/dlf/dirup.png HTTP/1.1" 200 644
47.128.48.198 - - [03/Jan/2024:17:03:27 -0500] "GET /BLA/resoluciones/dlf/pdf.gif HTTP/1.1" 200 272
47.128.48.198 - - [03/Jan/2024:17:03:26 -0500] "GET /BLA/resoluciones/index.php?dir=Notificaciones%2FAUTOS%202015%2F&order=asc&sort=size HTTP/1.1" 200 102197
201.245.192.253 - - [03/Jan/2024:17:03:44 -0500] "POST /kwsrmcab/Wsrmcab  HTTP/1.1" 200 40331
47.128.24.203 - - [03/Jan/2024:17:03:50 -0500] "GET /BLA/resoluciones/dlf/pdf.gif HTTP/1.1" 200 272
47.128.24.203 - - [03/Jan/2024:17:03:50 -0500] "GET /BLA/resoluciones/dlf/dirup.png HTTP/1.1" 200 644
47.128.24.203 - - [03/Jan/2024:17:03:50 -0500] "GET /BLA/resoluciones/dlf/doc.gif HTTP/1.1" 200 1079
47.128.24.203 - - [03/Jan/2024:17:03:49 -0500] "GET /BLA/resoluciones/index.php?dir=Notificaciones%2FAUTOS+2017%2F HTTP/1.1" 200 140025
52.167.144.161 - - [03/Jan/2024:17:04:02 -0500] "GET /investigadores-del-jardin-botanico-de-bogota-descubren-primera-especie-de-cedro-endemica-de-colombia.html HTTP/1.1" 200 1003
172.22.2.4 - - [03/Jan/2024:17:02:39 -0500] "HEAD /BLA/boletinlegal/ HTTP/1.1" 200 -
47.128.21.241 - - [03/Jan/2024:17:04:24 -0500] "GET /BLA/resoluciones/index.php?dir=RESOLUCIONES%202006%2FRES%202006%201001-1050%2F&order=asc&sort=size HTTP/1.1" 200 12341
47.128.21.241 - - [03/Jan/2024:17:04:25 -0500] "GET /BLA/resoluciones/dlf/unknown.png HTTP/1.1" 200 266
47.128.21.241 - - [03/Jan/2024:17:04:25 -0500] "GET /BLA/resoluciones/dlf/dirup.png HTTP/1.1" 200 644
47.128.40.120 - - [03/Jan/2024:17:04:46 -0500] "GET /BLA/resoluciones/dlf/pdf.gif HTTP/1.1" 200 272
47.128.40.120 - - [03/Jan/2024:17:04:46 -0500] "GET /BLA/resoluciones/dlf/dirup.png HTTP/1.1" 200 644
47.128.40.120 - - [03/Jan/2024:17:04:45 -0500] "GET /BLA/resoluciones/index.php?dir=Notificaciones%2FAUTOS%202019%2F&order=desc&sort=name HTTP/1.1" 200 109819
66.249.66.19 - - [03/Jan/2024:17:04:56 -0500] "GET /portel_dama/libreria/php/2006/restauracion/22_proye/xtras_in/4.pdf HTTP/1.1" 404 1018
66.249.66.19 - - [03/Jan/2024:17:04:58 -0500] "GET /BLA/resoluciones/RESOLUCIONES%202009/1584.pdf HTTP/1.1" 200 522515
47.128.40.115 - - [03/Jan/2024:17:05:02 -0500] "GET /BLA/resoluciones/index.php?dir=Decretos%2F&order=asc&sort=date HTTP/1.1" 200 6804
47.128.40.115 - - [03/Jan/2024:17:05:03 -0500] "GET /BLA/resoluciones/dlf/dirup.png HTTP/1.1" 200 644
47.128.40.115 - - [03/Jan/2024:17:05:03 -0500] "GET /BLA/resoluciones/dlf/pdf.gif HTTP/1.1" 200 272
172.22.2.4 - - [03/Jan/2024:17:03:30 -0500] "GET /BLA/boletinlegal/ HTTP/1.1" 200 58969
47.128.26.77 - - [03/Jan/2024:17:05:26 -0500] "GET /BLA/resoluciones/dlf/dirup.png HTTP/1.1" 200 644
47.128.26.77 - - [03/Jan/2024:17:05:26 -0500] "GET /BLA/resoluciones/dlf/unknown.png HTTP/1.1" 200 266
47.128.26.77 - - [03/Jan/2024:17:05:25 -0500] "GET /BLA/resoluciones/index.php?dir=RESOLUCIONES+2004%2FRES+2004+1351-1400%2F HTTP/1.1" 200 12359
157.55.39.204 - - [03/Jan/2024:17:05:31 -0500] "GET /images/Roble%20JBB1.jpeg HTTP/1.1" 200 83540
216.245.221.92 - - [03/Jan/2024:17:05:47 -0500] "HEAD / HTTP/1.1" 200 -
47.128.34.59 - - [03/Jan/2024:17:05:49 -0500] "GET /BLA/resoluciones/index.php?dir=RESOLUCIONES%202002%2FRES%202002%201951-1971%2F&order=asc&sort=size HTTP/1.1" 200 6225
47.128.34.59 - - [03/Jan/2024:17:05:50 -0500] "GET /BLA/resoluciones/dlf/unknown.png HTTP/1.1" 200 266
47.128.34.59 - - [03/Jan/2024:17:05:50 -0500] "GET /BLA/resoluciones/dlf/dirup.png HTTP/1.1" 200 644
47.128.37.251 - - [03/Jan/2024:17:06:14 -0500] "GET /BLA/resoluciones/dlf/pdf.gif HTTP/1.1" 200 272
47.128.37.251 - - [03/Jan/2024:17:06:14 -0500] "GET /BLA/resoluciones/dlf/dirup.png HTTP/1.1" 200 644
47.128.37.251 - - [03/Jan/2024:17:06:13 -0500] "GET /BLA/resoluciones/index.php?dir=RESOLUCIONES%202007%2FRES%202007%20701%20AL%20800%2F&order=asc&sort=size HTTP/1.1" 200 26639
47.128.22.251 - - [03/Jan/2024:17:06:39 -0500] "GET /BLA/resoluciones/dlf/dirup.png HTTP/1.1" 200 644
47.128.22.251 - - [03/Jan/2024:17:06:39 -0500] "GET /BLA/resoluciones/dlf/unknown.png HTTP/1.1" 200 266
47.128.22.251 - - [03/Jan/2024:17:06:38 -0500] "GET /BLA/resoluciones/index.php?dir=AUTOS+2006%2FAUTOS+2006+501-600%2F HTTP/1.1" 200 21780
47.128.37.35 - - [03/Jan/2024:17:07:03 -0500] "GET /BLA/resoluciones/dlf/dirup.png HTTP/1.1" 200 644
47.128.37.35 - - [03/Jan/2024:17:07:03 -0500] "GET /BLA/resoluciones/dlf/unknown.png HTTP/1.1" 200 266
47.128.37.35 - - [03/Jan/2024:17:07:02 -0500] "GET /BLA/resoluciones/index.php?dir=RESOLUCIONES%202006%2FRES%202006%201851-1900%2F&order=desc&sort=name HTTP/1.1" 200 12363
47.128.42.24 - - [03/Jan/2024:17:07:26 -0500] "GET /BLA/resoluciones/dlf/dirup.png HTTP/1.1" 200 644
47.128.42.24 - - [03/Jan/2024:17:07:26 -0500] "GET /BLA/resoluciones/dlf/pdf.gif HTTP/1.1" 200 272
47.128.42.24 - - [03/Jan/2024:17:07:30 -0500] "GET /BLA/resoluciones/dlf/archive.png HTTP/1.1" 200 632
47.128.42.24 - - [03/Jan/2024:17:07:25 -0500] "GET /BLA/resoluciones/index.php?dir=RESOLUCIONES+2020%2F HTTP/1.1" 200 170259
47.128.22.89 - - [03/Jan/2024:17:08:04 -0500] "GET /BLA/resoluciones/dlf/dirup.png HTTP/1.1" 200 644
47.128.22.89 - - [03/Jan/2024:17:08:03 -0500] "GET /BLA/resoluciones/index.php?dir=RESOLUCIONES+2005%2FRES+2005+301-351%2F HTTP/1.1" 200 12252
47.128.22.89 - - [03/Jan/2024:17:08:05 -0500] "GET /BLA/resoluciones/dlf/unknown.png HTTP/1.1" 200 266
47.128.50.9 - - [03/Jan/2024:17:08:14 -0500] "GET /BLA/resoluciones/dlf/unknown.png HTTP/1.1" 200 266
47.128.50.9 - - [03/Jan/2024:17:08:14 -0500] "GET /BLA/resoluciones/dlf/dirup.png HTTP/1.1" 200 644
47.128.50.9 - - [03/Jan/2024:17:08:13 -0500] "GET /BLA/resoluciones/index.php?dir=RESOLUCIONES%202005%2FRES%202005%201451-1500%2F&order=asc&sort=size HTTP/1.1" 200 12368
172.22.2.4 - - [03/Jan/2024:17:08:17 -0500] "GET /BLA/boletinlegal/jurisprudencia/analisis/AnalisisT-606-15.docx HTTP/1.1" 200 26698
172.22.2.4 - - [03/Jan/2024:17:08:17 -0500] "GET /BLA/boletinlegal/apple-touch-icon-120x120-precomposed.png HTTP/1.1" 404 1140
172.22.2.4 - - [03/Jan/2024:17:08:17 -0500] "GET /BLA/boletinlegal/apple-touch-icon-120x120.png HTTP/1.1" 404 1140
172.22.2.4 - - [03/Jan/2024:17:08:17 -0500] "GET /BLA/boletinlegal/apple-touch-icon-precomposed.png HTTP/1.1" 404 1140
172.22.2.4 - - [03/Jan/2024:17:08:17 -0500] "GET /BLA/boletinlegal/apple-touch-icon.png HTTP/1.1" 404 1140
172.22.2.4 - - [03/Jan/2024:17:08:17 -0500] "GET /BLA/boletinlegal/favicon.ico HTTP/1.1" 404 1140
172.22.2.4 - - [03/Jan/2024:17:08:17 -0500] "GET /BLA/boletinlegal/apple-touch-icon-120x120-precomposed.png HTTP/1.1" 404 1140
172.22.2.4 - - [03/Jan/2024:17:08:17 -0500] "GET /BLA/boletinlegal/apple-touch-icon-120x120.png HTTP/1.1" 404 1140
172.22.2.4 - - [03/Jan/2024:17:08:17 -0500] "GET /BLA/boletinlegal/apple-touch-icon-precomposed.png HTTP/1.1" 404 1140
172.22.2.4 - - [03/Jan/2024:17:08:17 -0500] "GET /BLA/boletinlegal/apple-touch-icon.png HTTP/1.1" 404 1140
172.22.2.4 - - [03/Jan/2024:17:08:17 -0500] "GET /BLA/boletinlegal/favicon.ico HTTP/1.1" 404 1140
207.46.13.128 - - [03/Jan/2024:17:08:30 -0500] "GET /Publicaciones/2023EE300477.pdf HTTP/1.1" 404 228
66.249.66.20 - - [03/Jan/2024:17:08:32 -0500] "GET /BLA/resoluciones/RESOLUCIONES%202011/3340.pdf HTTP/1.1" 200 613208
47.128.63.180 - - [03/Jan/2024:17:08:38 -0500] "GET /BLA/resoluciones/index.php?dir=RESOLUCIONES%202004%2FRES%202004%201351-1400%2F&order=asc&sort=date HTTP/1.1" 200 12359
47.128.63.180 - - [03/Jan/2024:17:08:39 -0500] "GET /BLA/resoluciones/dlf/unknown.png HTTP/1.1" 200 266
47.128.63.180 - - [03/Jan/2024:17:08:39 -0500] "GET /BLA/resoluciones/dlf/dirup.png HTTP/1.1" 200 644
201.245.192.253 - - [03/Jan/2024:17:08:42 -0500] "POST /kwsrmcab/Wsrmcab  HTTP/1.1" 200 40331
47.128.59.5 - - [03/Jan/2024:17:09:02 -0500] "GET /BLA/resoluciones/index.php?dir=Notificaciones%2FRESOLUCIONES%202017%2F&order=asc&sort=size HTTP/1.1" 200 13655
47.128.59.5 - - [03/Jan/2024:17:09:03 -0500] "GET /BLA/resoluciones/dlf/dirup.png HTTP/1.1" 200 644
47.128.59.5 - - [03/Jan/2024:17:09:03 -0500] "GET /BLA/resoluciones/dlf/doc.gif HTTP/1.1" 200 1079
47.128.59.5 - - [03/Jan/2024:17:09:03 -0500] "GET /BLA/resoluciones/dlf/pdf.gif HTTP/1.1" 200 272
47.128.112.206 - - [03/Jan/2024:17:09:29 -0500] "GET /BLA/resoluciones/index.php?dir=RESOLUCIONES%202006%2FRES%202006%20701-750%2F&order=desc&sort=name HTTP/1.1" 200 12250
47.128.112.206 - - [03/Jan/2024:17:09:30 -0500] "GET /BLA/resoluciones/dlf/unknown.png HTTP/1.1" 200 266
47.128.112.206 - - [03/Jan/2024:17:09:30 -0500] "GET /BLA/resoluciones/dlf/dirup.png HTTP/1.1" 200 644
47.128.63.227 - - [03/Jan/2024:17:09:50 -0500] "GET /BLA/resoluciones/index.php?dir=RESOLUCIONES+2003%2FRES+2003+1151-1200%2F HTTP/1.1" 200 11570
47.128.63.227 - - [03/Jan/2024:17:09:51 -0500] "GET /BLA/resoluciones/dlf/unknown.png HTTP/1.1" 200 266
47.128.63.227 - - [03/Jan/2024:17:09:51 -0500] "GET /BLA/resoluciones/dlf/dirup.png HTTP/1.1" 200 644
66.249.66.21 - - [03/Jan/2024:17:10:09 -0500] "GET /BLA/resoluciones/RESOLUCIONES%202012/0648.pdf HTTP/1.1" 200 553008
172.22.2.4 - - [03/Jan/2024:17:08:29 -0500] "HEAD /BLA/boletinlegal/ HTTP/1.1" 200 -
47.128.114.231 - - [03/Jan/2024:17:10:21 -0500] "GET /BLA/resoluciones/index.php?dir=RESOLUCIONES%202006%2FRES%202006%20%202801-2850%2F&order=asc&sort=size HTTP/1.1" 200 12415
47.128.114.231 - - [03/Jan/2024:17:10:23 -0500] "GET /BLA/resoluciones/dlf/dirup.png HTTP/1.1" 200 644
47.128.114.231 - - [03/Jan/2024:17:10:23 -0500] "GET /BLA/resoluciones/dlf/unknown.png HTTP/1.1" 200 266
216.245.221.92 - - [03/Jan/2024:17:10:47 -0500] "HEAD / HTTP/1.1" 200 -
47.128.30.6 - - [03/Jan/2024:17:10:58 -0500] "GET /BLA/resoluciones/index.php?dir=AUTOS%202006%2FAUTOS%202006%202501%20-%202600%2F&order=asc&sort=date HTTP/1.1" 200 22209
47.128.30.6 - - [03/Jan/2024:17:11:00 -0500] "GET /BLA/resoluciones/dlf/unknown.png HTTP/1.1" 200 266
47.128.30.6 - - [03/Jan/2024:17:11:00 -0500] "GET /BLA/resoluciones/dlf/dirup.png HTTP/1.1" 200 644
172.22.2.4 - - [03/Jan/2024:17:09:20 -0500] "GET /BLA/boletinlegal/ HTTP/1.1" 200 60910
172.22.2.4 - - [03/Jan/2024:17:11:00 -0500] "GET /BLA/boletinlegal/robots.txt HTTP/1.1" 404 1038
172.22.2.4 - - [03/Jan/2024:17:11:01 -0500] "GET /BLA/boletinlegal/Circulares/2020/Circular%2000010%20del%2027%20de%20julio%20de%202020.pdf HTTP/1.1" 200 422655
47.128.47.182 - - [03/Jan/2024:17:11:25 -0500] "GET /BLA/resoluciones/index.php?dir=RESOLUCIONES+2004%2FRES+2004+2051-2100%2F HTTP/1.1" 200 12370
