172.22.2.4 - - [03/Jan/2024:17:38:30 -0500] "GET /BLA/boletinlegal/ HTTP/1.1" 200 60910
216.245.221.92 - - [03/Jan/2024:17:40:47 -0500] "HEAD / HTTP/1.1" 200 -
66.249.66.19 - - [03/Jan/2024:17:40:50 -0500] "GET /BLA/resoluciones/RESOLUCIONES%202008/2720.pdf HTTP/1.1" 200 340165
157.55.39.59 - - [03/Jan/2024:17:42:02 -0500] "GET /Publicaciones/2023EE312874.pdf HTTP/1.1" 200 232291
201.245.192.253 - - [03/Jan/2024:17:43:35 -0500] "POST /kwsrmcab/Wsrmcab  HTTP/1.1" 200 40331
172.22.2.4 - - [03/Jan/2024:17:45:05 -0500] "GET /BLA/boletinlegal/actos.php HTTP/1.1" 200 9648
172.22.2.4 - - [03/Jan/2024:17:45:06 -0500] "GET /BLA/boletinlegal/favicon.ico HTTP/1.1" 404 1326
172.22.2.4 - - [03/Jan/2024:17:43:29 -0500] "HEAD /BLA/boletinlegal/ HTTP/1.1" 200 -
52.167.144.184 - - [03/Jan/2024:17:45:27 -0500] "GET /Publicaciones/2023EE301449.pdf HTTP/1.1" 404 228
47.128.50.158 - - [03/Jan/2024:17:45:38 -0500] "GET /BLA/resoluciones/index.php?dir=Notificaciones%2FRESOLUCIONES%202013%2F&order=desc&sort=name HTTP/1.1" 200 2816
47.128.50.158 - - [03/Jan/2024:17:45:39 -0500] "GET /BLA/resoluciones/dlf/doc.gif HTTP/1.1" 200 1079
47.128.50.158 - - [03/Jan/2024:17:45:39 -0500] "GET /BLA/resoluciones/dlf/dirup.png HTTP/1.1" 200 644
47.128.50.158 - - [03/Jan/2024:17:45:39 -0500] "GET /BLA/resoluciones/dlf/pdf.gif HTTP/1.1" 200 272
216.245.221.92 - - [03/Jan/2024:17:45:47 -0500] "HEAD / HTTP/1.1" 200 -
172.22.2.4 - - [03/Jan/2024:17:44:20 -0500] "GET /BLA/boletinlegal/ HTTP/1.1" 200 60910
47.128.124.62 - - [03/Jan/2024:17:46:08 -0500] "GET /BLA/resoluciones/dlf/pdf.gif HTTP/1.1" 200 272
47.128.124.62 - - [03/Jan/2024:17:46:08 -0500] "GET /BLA/resoluciones/dlf/dirup.png HTTP/1.1" 200 644
47.128.124.62 - - [03/Jan/2024:17:46:07 -0500] "GET /BLA/resoluciones/index.php?dir=RESOLUCIONES%202007%2FRES%202007%20401%20AL%20500%2F&order=desc&sort=size HTTP/1.1" 200 26641
40.77.202.39 - - [03/Jan/2024:17:46:55 -0500] "GET /portaldeninos/wp-content/themes/betheme/fonts/mfn-icons.woff?93978679 HTTP/1.1" 200 80932
201.245.192.253 - - [03/Jan/2024:17:48:34 -0500] "POST /kwsrmcab/Wsrmcab  HTTP/1.1" 200 40331
47.128.18.26 - - [03/Jan/2024:17:50:40 -0500] "GET /BLA/resoluciones/index.php?dir=RESOLUCIONES%202005%2FRES%202005%201901-1950%2F&order=asc&sort=date HTTP/1.1" 200 12364
47.128.18.26 - - [03/Jan/2024:17:50:41 -0500] "GET /BLA/resoluciones/dlf/dirup.png HTTP/1.1" 200 644
47.128.18.26 - - [03/Jan/2024:17:50:41 -0500] "GET /BLA/resoluciones/dlf/unknown.png HTTP/1.1" 200 266
216.245.221.92 - - [03/Jan/2024:17:50:47 -0500] "HEAD / HTTP/1.1" 200 -
172.22.2.4 - - [03/Jan/2024:17:49:19 -0500] "HEAD /BLA/boletinlegal/ HTTP/1.1" 200 -
47.128.41.222 - - [03/Jan/2024:17:51:04 -0500] "GET /BLA/resoluciones/index.php?dir=RESOLUCIONES%202006%2F&order=asc&sort=size HTTP/1.1" 200 40916
47.128.41.222 - - [03/Jan/2024:17:51:06 -0500] "GET /BLA/resoluciones/dlf/dirup.png HTTP/1.1" 200 644
47.128.41.222 - - [03/Jan/2024:17:51:06 -0500] "GET /BLA/resoluciones/dlf/folder.png HTTP/1.1" 200 410
47.128.41.222 - - [03/Jan/2024:17:51:07 -0500] "GET /BLA/resoluciones/dlf/pdf.gif HTTP/1.1" 200 272
47.128.41.222 - - [03/Jan/2024:17:51:08 -0500] "GET /BLA/resoluciones/dlf/unknown.png HTTP/1.1" 200 266
47.128.41.244 - - [03/Jan/2024:17:51:27 -0500] "GET /BLA/resoluciones/index.php?dir=RESOLUCIONES+2004%2FRES+2004+701-750%2F HTTP/1.1" 200 12059
47.128.41.244 - - [03/Jan/2024:17:51:28 -0500] "GET /BLA/resoluciones/dlf/dirup.png HTTP/1.1" 200 644
47.128.41.244 - - [03/Jan/2024:17:51:28 -0500] "GET /BLA/resoluciones/dlf/unknown.png HTTP/1.1" 200 266
172.22.2.4 - - [03/Jan/2024:17:50:10 -0500] "GET /BLA/boletinlegal/ HTTP/1.1" 200 58567
47.128.39.187 - - [03/Jan/2024:17:51:58 -0500] "GET /BLA/resoluciones/dlf/unknown.png HTTP/1.1" 200 266
47.128.39.187 - - [03/Jan/2024:17:51:58 -0500] "GET /BLA/resoluciones/dlf/dirup.png HTTP/1.1" 200 644
47.128.39.187 - - [03/Jan/2024:17:51:57 -0500] "GET /BLA/resoluciones/index.php?dir=RESOLUCIONES+2005%2FRES+2005+1501-1550%2F HTTP/1.1" 200 12365
181.53.12.90 - - [03/Jan/2024:17:52:04 -0500] "GET /sipse/faces/index.xhtml HTTP/1.1" 200 677
181.53.12.90 - - [03/Jan/2024:17:52:04 -0500] "GET /sipse/faces/javax.faces.resource/theme.css?ln=primefaces-sipse HTTP/1.1" 200 50058
181.53.12.90 - - [03/Jan/2024:17:52:04 -0500] "GET /sipse/faces/faces/autenticacion.xhtml HTTP/1.1" 200 12405
181.53.12.90 - - [03/Jan/2024:17:52:04 -0500] "GET /favicon.ico HTTP/1.1" 200 7782
181.53.12.90 - - [03/Jan/2024:17:52:04 -0500] "GET /sipse/js/disable_browser_buttons.js HTTP/1.1" 200 3230
181.53.12.90 - - [03/Jan/2024:17:52:04 -0500] "GET /sipse/css/custom_css_sg.css HTTP/1.1" 200 9694
181.53.12.90 - - [03/Jan/2024:17:52:04 -0500] "GET /sipse/css/custom_css_sg_prime_login.css HTTP/1.1" 200 443
181.53.12.90 - - [03/Jan/2024:17:52:04 -0500] "GET /sipse/faces/javax.faces.resource/layout/layout.css?ln=primefaces&v=4.0 HTTP/1.1" 200 542
181.53.12.90 - - [03/Jan/2024:17:52:04 -0500] "GET /sipse/faces/javax.faces.resource/primefaces.css?ln=primefaces&v=4.0 HTTP/1.1" 200 53295
181.53.12.90 - - [03/Jan/2024:17:52:04 -0500] "GET /sipse/faces/javax.faces.resource/theme.css?ln=primefaces-sipse HTTP/1.1" 304 -
181.53.12.90 - - [03/Jan/2024:17:52:04 -0500] "GET /sipse/js/funciones.js HTTP/1.1" 200 12592
181.53.12.90 - - [03/Jan/2024:17:52:04 -0500] "GET /sipse/faces/javax.faces.resource/jquery/jquery.js?ln=primefaces&v=4.0 HTTP/1.1" 200 105384
181.53.12.90 - - [03/Jan/2024:17:52:05 -0500] "GET /sipse/faces/javax.faces.resource/layout/layout.js?ln=primefaces&v=4.0 HTTP/1.1" 200 87560
181.53.12.90 - - [03/Jan/2024:17:52:04 -0500] "GET /sipse/faces/javax.faces.resource/jquery/jquery-plugins.js?ln=primefaces&v=4.0 HTTP/1.1" 200 220526
181.53.12.90 - - [03/Jan/2024:17:52:05 -0500] "GET /sipse/faces/javax.faces.resource/primefaces.js?ln=primefaces&v=4.0 HTTP/1.1" 200 276924
181.53.12.90 - - [03/Jan/2024:17:52:07 -0500] "GET /sipse/faces/javax.faces.resource/images/ui-icons_898989_256x240.png?ln=primefaces-aristo HTTP/1.1" 200 5355
181.53.12.90 - - [03/Jan/2024:17:52:07 -0500] "GET /sipse/css/imagen/loginimg.png HTTP/1.1" 200 71635
181.53.12.90 - - [03/Jan/2024:17:52:07 -0500] "GET /sipse/css/imagen/logoSDG.png HTTP/1.1" 200 53064
181.53.12.90 - - [03/Jan/2024:17:52:11 -0500] "POST /sipse/faces/autenticacion.xhtml HTTP/1.1" 200 16228
181.53.12.90 - - [03/Jan/2024:17:52:11 -0500] "GET /sipse/css/custom_css_sg_prime.css HTTP/1.1" 200 5201
181.53.12.90 - - [03/Jan/2024:17:52:11 -0500] "GET /sipse/faces/javax.faces.resource/primefaces.css?ln=primefaces&v=4.0 HTTP/1.1" 304 -
181.53.12.90 - - [03/Jan/2024:17:52:11 -0500] "GET /sipse/faces/javax.faces.resource/theme.css?ln=primefaces-sipse HTTP/1.1" 304 -
181.53.12.90 - - [03/Jan/2024:17:52:11 -0500] "GET /sipse/faces/javax.faces.resource/layout/layout.css?ln=primefaces&v=4.0 HTTP/1.1" 304 -
181.53.12.90 - - [03/Jan/2024:17:52:11 -0500] "GET /sipse/js/jquery.min.js HTTP/1.1" 200 85582
181.53.12.90 - - [03/Jan/2024:17:52:12 -0500] "GET /sipse/faces/javax.faces.resource/jquery/jquery.js?ln=primefaces&v=4.0 HTTP/1.1" 304 -
181.53.12.90 - - [03/Jan/2024:17:52:12 -0500] "GET /sipse/faces/javax.faces.resource/jquery/jquery-plugins.js?ln=primefaces&v=4.0 HTTP/1.1" 304 -
181.53.12.90 - - [03/Jan/2024:17:52:12 -0500] "GET /sipse/faces/javax.faces.resource/primefaces.js?ln=primefaces&v=4.0 HTTP/1.1" 304 -
181.53.12.90 - - [03/Jan/2024:17:52:12 -0500] "GET /sipse/faces/javax.faces.resource/layout/layout.js?ln=primefaces&v=4.0 HTTP/1.1" 304 -
181.53.12.90 - - [03/Jan/2024:17:52:13 -0500] "GET /sipse/css/imagen/contrasena.png HTTP/1.1" 404 383
181.53.12.90 - - [03/Jan/2024:17:52:13 -0500] "GET /sipse/css/v_mergente.css HTTP/1.1" 200 1505
181.53.12.90 - - [03/Jan/2024:17:52:13 -0500] "GET /sipse/faces/javax.faces.resource/messages/messages.png?ln=primefaces&v=4.0 HTTP/1.1" 200 27209
181.53.12.90 - - [03/Jan/2024:17:52:13 -0500] "GET /sipse/imagenes/cargando.gif HTTP/1.1" 200 36959
181.53.12.90 - - [03/Jan/2024:17:52:13 -0500] "GET /sipse/imagenes/logoAplicacion.jpg HTTP/1.1" 200 155084
47.128.23.50 - - [03/Jan/2024:17:52:20 -0500] "GET /BLA/resoluciones/index.php?dir=RESOLUCIONES%202003%2FRES%202003%20401-450%2F&order=asc&sort=size HTTP/1.1" 200 11312
47.128.23.50 - - [03/Jan/2024:17:52:21 -0500] "GET /BLA/resoluciones/dlf/dirup.png HTTP/1.1" 200 644
47.128.23.50 - - [03/Jan/2024:17:52:21 -0500] "GET /BLA/resoluciones/dlf/unknown.png HTTP/1.1" 200 266
47.128.39.101 - - [03/Jan/2024:17:52:45 -0500] "GET /BLA/resoluciones/dlf/dirup.png HTTP/1.1" 200 644
47.128.39.101 - - [03/Jan/2024:17:52:45 -0500] "GET /BLA/resoluciones/dlf/pdf.gif HTTP/1.1" 200 272
47.128.39.101 - - [03/Jan/2024:17:52:44 -0500] "GET /BLA/resoluciones/index.php?dir=AUTOS+2010%2F HTTP/1.1" 200 281515
47.128.30.195 - - [03/Jan/2024:17:53:07 -0500] "GET /BLA/resoluciones/index.php?dir=AUTOS%202006%2FAUTOS%202006%201901%20-%202000%2F&order=asc&sort=date HTTP/1.1" 200 22186
47.128.30.195 - - [03/Jan/2024:17:53:09 -0500] "GET /BLA/resoluciones/dlf/dirup.png HTTP/1.1" 200 644
47.128.30.195 - - [03/Jan/2024:17:53:09 -0500] "GET /BLA/resoluciones/dlf/unknown.png HTTP/1.1" 200 266
173.252.87.6 - - [03/Jan/2024:17:53:21 -0500] "GET /andrea-murcia-la-creadora-del-primer-hogar-de-paso-para-perros-y-gatos-en-un-colegio.html HTTP/1.1" 200 973
201.245.192.253 - - [03/Jan/2024:17:53:32 -0500] "POST /kwsrmcab/Wsrmcab  HTTP/1.1" 200 40331
47.128.124.254 - - [03/Jan/2024:17:53:42 -0500] "GET /BLA/resoluciones/index.php?dir=AUTOS+2002%2F HTTP/1.1" 200 1813
47.128.124.254 - - [03/Jan/2024:17:53:43 -0500] "GET /BLA/resoluciones/dlf/dirup.png HTTP/1.1" 200 644
47.128.124.254 - - [03/Jan/2024:17:53:43 -0500] "GET /BLA/resoluciones/dlf/pdf.gif HTTP/1.1" 200 272
40.77.167.28 - - [03/Jan/2024:17:54:08 -0500] "GET /BLA/resoluciones/index.php?dir=AUTOS+2018%2F HTTP/1.1" 200 469056
66.249.66.194 - - [03/Jan/2024:17:54:26 -0500] "GET /semana-bogota-reverdece-135-nuevos-arboles-para-el-humedal-la-conejera.html HTTP/1.1" 304 -
186.114.101.109 - - [03/Jan/2024:17:54:45 -0500] "GET /BLA/resoluciones/index.php HTTP/1.1" 200 13696
186.114.101.109 - - [03/Jan/2024:17:54:51 -0500] "GET /BLA/resoluciones/index.php?dir=RESOLUCIONES+2013%2F HTTP/1.1" 200 238278
186.114.101.109 - - [03/Jan/2024:17:54:52 -0500] "GET /BLA/resoluciones/dlf/doc.gif HTTP/1.1" 200 1079
216.245.221.92 - - [03/Jan/2024:17:55:47 -0500] "HEAD / HTTP/1.1" 200 -
47.128.42.52 - - [03/Jan/2024:17:56:02 -0500] "GET /BLA/resoluciones/index.php?dir=RESOLUCIONES%202006%2FRES%202006%20251-300%2F&order=desc&sort=size HTTP/1.1" 200 12235
47.128.42.52 - - [03/Jan/2024:17:56:02 -0500] "GET /BLA/resoluciones/dlf/dirup.png HTTP/1.1" 200 644
47.128.42.52 - - [03/Jan/2024:17:56:02 -0500] "GET /BLA/resoluciones/dlf/unknown.png HTTP/1.1" 200 266
172.22.2.4 - - [03/Jan/2024:17:55:09 -0500] "HEAD /BLA/boletinlegal/ HTTP/1.1" 200 -
71.6.232.23 - - [03/Jan/2024:17:57:12 -0500] "GET / HTTP/1.1" 200 319
207.46.13.151 - - [03/Jan/2024:17:57:14 -0500] "GET /BLA/resoluciones/AUTOS%202013/3143.pdf HTTP/1.1" 304 -
172.22.2.4 - - [03/Jan/2024:17:56:00 -0500] "GET /BLA/boletinlegal/ HTTP/1.1" 200 60910
201.245.192.253 - - [03/Jan/2024:17:58:31 -0500] "POST /kwsrmcab/Wsrmcab  HTTP/1.1" 200 40331
47.128.35.164 - - [03/Jan/2024:17:59:27 -0500] "GET /BLA/resoluciones/dlf/dirup.png HTTP/1.1" 200 644
47.128.35.164 - - [03/Jan/2024:17:59:27 -0500] "GET /BLA/resoluciones/dlf/unknown.png HTTP/1.1" 200 266
47.128.35.164 - - [03/Jan/2024:17:59:26 -0500] "GET /BLA/resoluciones/index.php?dir=RESOLUCIONES%202005%2FRES%202005%202051-2100%2F&order=asc&sort=name HTTP/1.1" 200 12352
212.29.221.106 - - [03/Jan/2024:17:59:39 -0500] "GET /robots.txt HTTP/1.1" 404 1035
212.29.221.106 - - [03/Jan/2024:17:59:39 -0500] "GET / HTTP/1.1" 200 319
52.167.144.229 - - [03/Jan/2024:17:59:49 -0500] "GET /Publicaciones/2023EE309831.pdf HTTP/1.1" 200 231862
200.118.145.137 - - [03/Jan/2024:17:59:58 -0500] "GET /BLA/resoluciones/index.php?dir=AUTOS+2021%2F HTTP/1.1" 200 399364
212.235.15.142 - - [03/Jan/2024:18:00:01 -0500] "GET /robots.txt HTTP/1.1" 404 1034
212.235.15.142 - - [03/Jan/2024:18:00:04 -0500] "GET / HTTP/1.1" 200 4720
216.245.221.92 - - [03/Jan/2024:18:00:47 -0500] "HEAD / HTTP/1.1" 200 -
40.77.167.60 - - [03/Jan/2024:18:01:11 -0500] "GET /BLA/resoluciones/AUTOS%202021/0821.pdf HTTP/1.1" 304 -
108.174.5.112 - - [03/Jan/2024:18:01:49 -0500] "GET /images/acuerdos%20deconser.jpeg HTTP/1.1" 200 56470
47.128.36.173 - - [03/Jan/2024:18:02:01 -0500] "GET /BLA/resoluciones/dlf/pdf.gif HTTP/1.1" 200 272
47.128.36.173 - - [03/Jan/2024:18:02:01 -0500] "GET /BLA/resoluciones/dlf/dirup.png HTTP/1.1" 200 644
47.128.36.173 - - [03/Jan/2024:18:02:00 -0500] "GET /BLA/resoluciones/index.php?dir=Notificaciones%2FRESOLUCIONES+2019%2F HTTP/1.1" 200 40760
47.128.124.133 - - [03/Jan/2024:18:02:08 -0500] "GET /BLA/resoluciones/dlf/dirup.png HTTP/1.1" 200 644
47.128.124.133 - - [03/Jan/2024:18:02:08 -0500] "GET /BLA/resoluciones/dlf/unknown.png HTTP/1.1" 200 266
47.128.124.133 - - [03/Jan/2024:18:02:07 -0500] "GET /BLA/resoluciones/index.php?dir=RESOLUCIONES%202006%2FRES%202006%201901-1950%2F&order=asc&sort=date HTTP/1.1" 200 12360
172.22.2.4 - - [03/Jan/2024:18:00:59 -0500] "HEAD /BLA/boletinlegal/ HTTP/1.1" 200 -
40.77.167.60 - - [03/Jan/2024:18:03:21 -0500] "GET /Publicaciones/2023EE300490.pdf HTTP/1.1" 404 228
172.22.2.4 - - [03/Jan/2024:18:01:50 -0500] "GET /BLA/boletinlegal/ HTTP/1.1" 200 58172
201.245.192.253 - - [03/Jan/2024:18:03:29 -0500] "POST /kwsrmcab/Wsrmcab  HTTP/1.1" 200 40331
47.128.115.197 - - [03/Jan/2024:18:03:34 -0500] "GET /BLA/resoluciones/index.php?dir=RESOLUCIONES%202005%2FRES%202005%202001-2050%2F&order=asc&sort=size HTTP/1.1" 200 12358
47.128.115.197 - - [03/Jan/2024:18:03:34 -0500] "GET /BLA/resoluciones/dlf/unknown.png HTTP/1.1" 200 266
47.128.115.197 - - [03/Jan/2024:18:03:34 -0500] "GET /BLA/resoluciones/dlf/dirup.png HTTP/1.1" 200 644
47.128.124.107 - - [03/Jan/2024:18:03:57 -0500] "GET /BLA/resoluciones/index.php?dir=RESOLUCIONES%202005%2FRES%202005%201051-1100%2F&order=asc&sort=size HTTP/1.1" 200 3976
47.128.124.107 - - [03/Jan/2024:18:03:58 -0500] "GET /BLA/resoluciones/dlf/unknown.png HTTP/1.1" 200 266
47.128.124.107 - - [03/Jan/2024:18:03:58 -0500] "GET /BLA/resoluciones/dlf/dirup.png HTTP/1.1" 200 644
47.128.43.46 - - [03/Jan/2024:18:04:21 -0500] "GET /BLA/resoluciones/index.php?dir=RESOLUCIONES+2002%2FRES+2002+1151-1200%2F HTTP/1.1" 200 12144
47.128.43.46 - - [03/Jan/2024:18:04:22 -0500] "GET /BLA/resoluciones/dlf/unknown.png HTTP/1.1" 200 266
47.128.43.46 - - [03/Jan/2024:18:04:22 -0500] "GET /BLA/resoluciones/dlf/dirup.png HTTP/1.1" 200 644
47.128.30.201 - - [03/Jan/2024:18:04:43 -0500] "GET /BLA/resoluciones/index.php?dir=Notificaciones%2FRESOLUCIONES+2014%2F HTTP/1.1" 200 13932
47.128.30.201 - - [03/Jan/2024:18:04:44 -0500] "GET /BLA/resoluciones/dlf/doc.gif HTTP/1.1" 200 1079
47.128.30.201 - - [03/Jan/2024:18:04:44 -0500] "GET /BLA/resoluciones/dlf/dirup.png HTTP/1.1" 200 644
47.128.30.201 - - [03/Jan/2024:18:04:45 -0500] "GET /BLA/resoluciones/dlf/pdf.gif HTTP/1.1" 200 272
66.249.66.21 - - [03/Jan/2024:18:04:54 -0500] "GET /BLA/resoluciones/Notificaciones/RESOLUCIONES%202023/0388.pdf HTTP/1.1" 304 -
47.128.121.26 - - [03/Jan/2024:18:05:07 -0500] "GET /BLA/resoluciones/index.php?dir=RESOLUCIONES+2007%2FRES+2007+1201+AL+1300%2F HTTP/1.1" 200 26864
47.128.121.26 - - [03/Jan/2024:18:05:08 -0500] "GET /BLA/resoluciones/dlf/dirup.png HTTP/1.1" 200 644
47.128.121.26 - - [03/Jan/2024:18:05:08 -0500] "GET /BLA/resoluciones/dlf/pdf.gif HTTP/1.1" 200 272
216.245.221.92 - - [03/Jan/2024:18:05:47 -0500] "HEAD / HTTP/1.1" 200 -
40.77.167.25 - - [03/Jan/2024:18:06:01 -0500] "GET /Publicaciones/2023EE301424.pdf HTTP/1.1" 404 228
172.22.2.4 - - [03/Jan/2024:18:06:49 -0500] "HEAD /BLA/boletinlegal/ HTTP/1.1" 200 -
201.245.192.253 - - [03/Jan/2024:18:08:29 -0500] "POST /kwsrmcab/Wsrmcab  HTTP/1.1" 200 40331
172.22.2.4 - - [03/Jan/2024:18:07:40 -0500] "GET /BLA/boletinlegal/ HTTP/1.1" 200 60910
157.55.39.205 - - [03/Jan/2024:18:10:03 -0500] "GET /BLA/resoluciones/index.php?dir=RESOLUCIONES+2013%2F HTTP/1.1" 200 238278
216.245.221.92 - - [03/Jan/2024:18:10:47 -0500] "HEAD / HTTP/1.1" 200 -
168.119.251.242 - - [03/Jan/2024:18:12:18 -0500] "GET / HTTP/1.1" 200 319
168.119.251.242 - - [03/Jan/2024:18:12:21 -0500] "GET / HTTP/1.1" 200 4720
191.156.63.176 - - [03/Jan/2024:18:12:53 -0500] "GET /galeria/nivo-slider/demo/escuadron.mp4 HTTP/1.1" 206 2
191.156.63.176 - - [03/Jan/2024:18:12:54 -0500] "GET /galeria/nivo-slider/demo/escuadron.mp4 HTTP/1.1" 206 141917477
191.156.56.14 - - [03/Jan/2024:18:12:59 -0500] "GET /galeria/nivo-slider/demo/escuadron.mp4 HTTP/1.1" 206 141916478
191.156.51.57 - - [03/Jan/2024:18:13:03 -0500] "GET /galeria/nivo-slider/demo/escuadron.mp4 HTTP/1.1" 206 6153
40.77.167.247 - - [03/Jan/2024:18:13:18 -0500] "GET /BLA/resoluciones/dlf/pdf.gif HTTP/1.1" 200 272
40.77.167.67 - - [03/Jan/2024:18:13:22 -0500] "GET /BLA/resoluciones/dlf/dirup.png HTTP/1.1" 200 644
201.245.192.253 - - [03/Jan/2024:18:13:26 -0500] "POST /kwsrmcab/Wsrmcab  HTTP/1.1" 200 40331
191.156.52.48 - - [03/Jan/2024:18:12:57 -0500] "GET /galeria/nivo-slider/demo/escuadron.mp4 HTTP/1.1" 206 141851941
191.156.54.171 - - [03/Jan/2024:18:13:46 -0500] "GET /galeria/nivo-slider/demo/escuadron.mp4 HTTP/1.1" 206 2
191.156.54.171 - - [03/Jan/2024:18:13:47 -0500] "GET /galeria/nivo-slider/demo/escuadron.mp4 HTTP/1.1" 206 131072
191.156.48.44 - - [03/Jan/2024:18:13:47 -0500] "GET /galeria/nivo-slider/demo/escuadron.mp4 HTTP/1.1" 206 99974437
191.156.51.57 - - [03/Jan/2024:18:13:48 -0500] "GET /galeria/nivo-slider/demo/escuadron.mp4 HTTP/1.1" 206 99319077
191.156.54.171 - - [03/Jan/2024:18:13:48 -0500] "GET /galeria/nivo-slider/demo/escuadron.mp4 HTTP/1.1" 206 99253541
191.156.50.118 - - [03/Jan/2024:18:13:03 -0500] "GET /galeria/nivo-slider/demo/escuadron.mp4 HTTP/1.1" 206 141655333
172.22.2.4 - - [03/Jan/2024:18:12:40 -0500] "HEAD /BLA/boletinlegal/ HTTP/1.1" 200 -
173.252.107.6 - - [03/Jan/2024:18:14:34 -0500] "GET /investigadores-del-jardin-botanico-de-bogota-descubren-primera-especie-de-cedro-endemica-de-colombia.html HTTP/1.1" 200 1003
34.90.9.105 - - [03/Jan/2024:18:14:45 -0500] "GET /distrito-exalto-a-246-empresas-de-bogota-por-su-alto-desempeno-y-responsabilidad-ambiental-durante-2023.html HTTP/1.1" 200 1039
172.22.2.4 - - [03/Jan/2024:18:13:33 -0500] "GET /BLA/boletinlegal/ HTTP/1.1" 200 58567
35.204.204.9 - - [03/Jan/2024:18:15:26 -0500] "GET /las-tres-caminatas-para-cerrar-el-ano-entre-la-naturaleza.html HTTP/1.1" 200 776
201.245.192.253 - - [03/Jan/2024:18:15:26 -0500] "POST /kwsrmcab/Wsrmcab HTTP/1.1" 200 40945
201.245.192.253 - - [03/Jan/2024:18:15:29 -0500] "POST /kwsrmcab/Wsrmcab HTTP/1.1" 200 37037
216.245.221.92 - - [03/Jan/2024:18:15:47 -0500] "HEAD / HTTP/1.1" 200 -
47.128.121.57 - - [03/Jan/2024:18:17:02 -0500] "GET /BLA/resoluciones/index.php?dir=RESOLUCIONES%202005%2FRES%202005%202001-2050%2F&order=asc&sort=date HTTP/1.1" 200 12358
47.128.121.57 - - [03/Jan/2024:18:17:03 -0500] "GET /BLA/resoluciones/dlf/dirup.png HTTP/1.1" 200 644
47.128.121.57 - - [03/Jan/2024:18:17:03 -0500] "GET /BLA/resoluciones/dlf/unknown.png HTTP/1.1" 200 266
47.128.99.51 - - [03/Jan/2024:18:17:26 -0500] "GET /BLA/resoluciones/index.php?dir=RESOLUCIONES%202006%2FRES%202006%20751-800%2F&order=asc&sort=date HTTP/1.1" 200 12235
47.128.99.51 - - [03/Jan/2024:18:17:27 -0500] "GET /BLA/resoluciones/dlf/dirup.png HTTP/1.1" 200 644
47.128.99.51 - - [03/Jan/2024:18:17:27 -0500] "GET /BLA/resoluciones/dlf/unknown.png HTTP/1.1" 200 266
47.128.121.69 - - [03/Jan/2024:18:17:50 -0500] "GET /BLA/resoluciones/index.php?dir=RESOLUCIONES+2005%2FRES+2005+2601-2650%2F HTTP/1.1" 200 12161
47.128.121.69 - - [03/Jan/2024:18:17:51 -0500] "GET /BLA/resoluciones/dlf/unknown.png HTTP/1.1" 200 266
47.128.121.69 - - [03/Jan/2024:18:17:51 -0500] "GET /BLA/resoluciones/dlf/dirup.png HTTP/1.1" 200 644
191.156.229.159 - - [03/Jan/2024:18:18:00 -0500] "GET /el-distrito-inicio-la-implementacion-de-los-paisajes-sostenibles-una-estrategia-de-cuidado-ambiental-con-enfoque-agroecologico.html HTTP/1.1" 206 935
47.128.54.1 - - [03/Jan/2024:18:18:15 -0500] "GET /BLA/resoluciones/dlf/unknown.png HTTP/1.1" 200 266
47.128.54.1 - - [03/Jan/2024:18:18:15 -0500] "GET /BLA/resoluciones/dlf/dirup.png HTTP/1.1" 200 644
47.128.54.1 - - [03/Jan/2024:18:18:14 -0500] "GET /BLA/resoluciones/index.php?dir=RESOLUCIONES%202006%2FRES%202006%202251-2300%2F&order=desc&sort=name HTTP/1.1" 200 12360
201.245.192.253 - - [03/Jan/2024:18:18:26 -0500] "POST /kwsrmcab/Wsrmcab  HTTP/1.1" 200 40331
47.128.37.119 - - [03/Jan/2024:18:18:49 -0500] "GET /BLA/resoluciones/dlf/dirup.png HTTP/1.1" 200 644
47.128.37.119 - - [03/Jan/2024:18:18:49 -0500] "GET /BLA/resoluciones/dlf/unknown.png HTTP/1.1" 200 266
47.128.37.119 - - [03/Jan/2024:18:18:48 -0500] "GET /BLA/resoluciones/index.php?dir=RESOLUCIONES%202006%2FRES%202006%20951-1000%2F&order=asc&sort=date HTTP/1.1" 200 12308
47.128.119.184 - - [03/Jan/2024:18:19:06 -0500] "GET /BLA/resoluciones/dlf/pdf.gif HTTP/1.1" 200 272
47.128.119.184 - - [03/Jan/2024:18:19:06 -0500] "GET /BLA/resoluciones/dlf/dirup.png HTTP/1.1" 200 644
47.128.119.184 - - [03/Jan/2024:18:19:05 -0500] "GET /BLA/resoluciones/index.php?dir=RESOLUCIONES%201995%2F&order=asc&sort=size HTTP/1.1" 200 12497
47.128.119.198 - - [03/Jan/2024:18:19:27 -0500] "GET /BLA/resoluciones/index.php?dir=RESOLUCIONES+2004%2FRES+2004+1151-1200%2F HTTP/1.1" 200 12176
47.128.119.198 - - [03/Jan/2024:18:19:28 -0500] "GET /BLA/resoluciones/dlf/dirup.png HTTP/1.1" 200 644
47.128.119.198 - - [03/Jan/2024:18:19:28 -0500] "GET /BLA/resoluciones/dlf/unknown.png HTTP/1.1" 200 266
201.245.192.253 - - [03/Jan/2024:18:19:36 -0500] "POST /kwsrmcab/Wsrmcab HTTP/1.1" 200 40945
201.245.192.253 - - [03/Jan/2024:18:19:40 -0500] "POST /kwsrmcab/Wsrmcab HTTP/1.1" 200 37037
47.128.96.39 - - [03/Jan/2024:18:19:50 -0500] "GET /BLA/resoluciones/index.php?dir=RESOLUCIONES+2007%2FRES+2007+1801+AL+1900%2F HTTP/1.1" 200 26857
47.128.96.39 - - [03/Jan/2024:18:19:51 -0500] "GET /BLA/resoluciones/dlf/pdf.gif HTTP/1.1" 200 272
47.128.96.39 - - [03/Jan/2024:18:19:51 -0500] "GET /BLA/resoluciones/dlf/dirup.png HTTP/1.1" 200 644
172.22.2.4 - - [03/Jan/2024:18:18:24 -0500] "GET /BLA/boletinlegal/index.php HTTP/1.1" 200 51383
172.22.2.4 - - [03/Jan/2024:18:18:30 -0500] "HEAD /BLA/boletinlegal/ HTTP/1.1" 200 -
47.128.96.20 - - [03/Jan/2024:18:20:22 -0500] "GET /BLA/resoluciones/dlf/dirup.png HTTP/1.1" 200 644
47.128.96.20 - - [03/Jan/2024:18:20:22 -0500] "GET /BLA/resoluciones/dlf/unknown.png HTTP/1.1" 200 266
47.128.96.20 - - [03/Jan/2024:18:20:21 -0500] "GET /BLA/resoluciones/index.php?dir=RESOLUCIONES%202004%2FRES%202004%201601-1650%2F&order=asc&sort=date HTTP/1.1" 200 12359
216.245.221.92 - - [03/Jan/2024:18:20:47 -0500] "HEAD / HTTP/1.1" 200 -
172.22.2.4 - - [03/Jan/2024:18:19:21 -0500] "GET /BLA/boletinlegal/ HTTP/1.1" 200 54780
186.28.21.2 - - [03/Jan/2024:18:21:45 -0500] "GET /BLA/resoluciones/ HTTP/1.1" 200 13696
186.28.21.2 - - [03/Jan/2024:18:21:45 -0500] "GET /BLA/resoluciones/dlf/folder.png HTTP/1.1" 200 410
66.249.66.21 - - [03/Jan/2024:18:21:53 -0500] "GET /BLA/resoluciones/RESOLUCIONES%202015/0819.pdf HTTP/1.1" 200 6424033
186.28.21.2 - - [03/Jan/2024:18:22:59 -0500] "GET /BLA/resoluciones/index.php?dir=AUTOS+2015%2F HTTP/1.1" 200 584820
47.128.48.124 - - [03/Jan/2024:18:23:05 -0500] "GET /BLA/resoluciones/index.php?dir=RESOLUCIONES%202006%2FRES%202006%201401-1450%2F&order=desc&sort=name HTTP/1.1" 200 12366
47.128.48.124 - - [03/Jan/2024:18:23:06 -0500] "GET /BLA/resoluciones/dlf/dirup.png HTTP/1.1" 200 644
47.128.48.124 - - [03/Jan/2024:18:23:06 -0500] "GET /BLA/resoluciones/dlf/unknown.png HTTP/1.1" 200 266
186.28.21.2 - - [03/Jan/2024:18:23:26 -0500] "GET /BLA/resoluciones/AUTOS%202015/2178.pdf HTTP/1.1" 200 522398
201.245.192.253 - - [03/Jan/2024:18:23:25 -0500] "POST /kwsrmcab/Wsrmcab  HTTP/1.1" 200 40331
47.128.44.217 - - [03/Jan/2024:18:24:16 -0500] "GET /BLA/resoluciones/index.php?dir=RESOLUCIONES+2004%2FRES+2004+951-1000%2F HTTP/1.1" 200 12101
47.128.44.217 - - [03/Jan/2024:18:24:17 -0500] "GET /BLA/resoluciones/dlf/dirup.png HTTP/1.1" 200 644
47.128.44.217 - - [03/Jan/2024:18:24:17 -0500] "GET /BLA/resoluciones/dlf/unknown.png HTTP/1.1" 200 266
47.128.118.32 - - [03/Jan/2024:18:24:39 -0500] "GET /BLA/resoluciones/index.php?dir=RESOLUCIONES%202003%2FRES%202003%201001-1050%2F&order=asc&sort=name HTTP/1.1" 200 11566
47.128.118.32 - - [03/Jan/2024:18:24:40 -0500] "GET /BLA/resoluciones/dlf/dirup.png HTTP/1.1" 200 644
47.128.118.32 - - [03/Jan/2024:18:24:40 -0500] "GET /BLA/resoluciones/dlf/unknown.png HTTP/1.1" 200 266
172.22.2.4 - - [03/Jan/2024:18:24:53 -0500] "GET /BLA/boletinlegal/actos.php HTTP/1.1" 200 9648
181.61.204.215 - - [03/Jan/2024:18:24:54 -0500] "GET /BLA/resoluciones/ HTTP/1.1" 200 13696
181.61.204.215 - - [03/Jan/2024:18:24:56 -0500] "GET /BLA/resoluciones/index.php?dir=AUTOS+2011%2F HTTP/1.1" 200 637403
201.245.192.253 - - [03/Jan/2024:18:25:26 -0500] "POST /kwsrmcab/Wsrmcab HTTP/1.1" 200 40945
201.245.192.253 - - [03/Jan/2024:18:25:29 -0500] "POST /kwsrmcab/Wsrmcab HTTP/1.1" 200 37037
216.245.221.92 - - [03/Jan/2024:18:25:47 -0500] "HEAD / HTTP/1.1" 200 -
172.22.2.4 - - [03/Jan/2024:18:24:20 -0500] "HEAD /BLA/boletinlegal/ HTTP/1.1" 200 -
66.249.66.194 - - [03/Jan/2024:18:26:24 -0500] "GET /las-tres-caminatas-para-cerrar-el-ano-entre-la-naturaleza.html HTTP/1.1" 304 -
172.22.2.4 - - [03/Jan/2024:18:24:51 -0500] "GET /BLA/boletinlegal/ HTTP/1.1" 200 45233
172.22.2.4 - - [03/Jan/2024:18:25:11 -0500] "GET /BLA/boletinlegal/ HTTP/1.1" 200 48394
47.128.49.26 - - [03/Jan/2024:18:27:09 -0500] "GET /BLA/resoluciones/index.php?dir=RESOLUCIONES%202006%2FRES%202006%20301-350%2F&order=asc&sort=date HTTP/1.1" 200 12249
47.128.49.26 - - [03/Jan/2024:18:27:10 -0500] "GET /BLA/resoluciones/dlf/dirup.png HTTP/1.1" 200 644
47.128.49.26 - - [03/Jan/2024:18:27:10 -0500] "GET /BLA/resoluciones/dlf/unknown.png HTTP/1.1" 200 266
47.128.99.104 - - [03/Jan/2024:18:27:33 -0500] "GET /BLA/resoluciones/index.php?dir=Notificaciones%2FRESOLUCIONES%202012%2F&order=asc&sort=date HTTP/1.1" 200 2077
47.128.99.104 - - [03/Jan/2024:18:27:34 -0500] "GET /BLA/resoluciones/dlf/dirup.png HTTP/1.1" 200 644
47.128.99.104 - - [03/Jan/2024:18:27:34 -0500] "GET /BLA/resoluciones/dlf/doc.gif HTTP/1.1" 200 1079
191.102.197.108 - - [03/Jan/2024:18:27:35 -0500] "GET /appsia/controlador HTTP/1.1" 200 4799
191.102.197.108 - - [03/Jan/2024:18:27:35 -0500] "GET /appsia/scripts/validarIngreso.js HTTP/1.1" 200 851
191.102.197.108 - - [03/Jan/2024:18:27:35 -0500] "GET /appsia/css/estilos.css HTTP/1.1" 200 4804
191.102.197.108 - - [03/Jan/2024:18:27:35 -0500] "GET /appsia/images/logo_bogota_p.png HTTP/1.1" 200 14951
191.102.197.108 - - [03/Jan/2024:18:27:35 -0500] "GET /appsia/images/cabezoteHojaVida.png HTTP/1.1" 200 32493
47.128.38.187 - - [03/Jan/2024:18:27:58 -0500] "GET /BLA/resoluciones/dlf/unknown.png HTTP/1.1" 200 266
47.128.38.187 - - [03/Jan/2024:18:27:58 -0500] "GET /BLA/resoluciones/dlf/dirup.png HTTP/1.1" 200 644
47.128.38.187 - - [03/Jan/2024:18:27:57 -0500] "GET /BLA/resoluciones/index.php?dir=RESOLUCIONES%202006%2FRES%202006%20351-400%2F&order=asc&sort=size HTTP/1.1" 200 12234
47.128.49.76 - - [03/Jan/2024:18:28:22 -0500] "GET /BLA/resoluciones/index.php?dir=RESOLUCIONES%202004%2FRES%202004%20201-250%2F&order=asc&sort=date HTTP/1.1" 200 12050
47.128.49.76 - - [03/Jan/2024:18:28:23 -0500] "GET /BLA/resoluciones/dlf/unknown.png HTTP/1.1" 200 266
47.128.49.76 - - [03/Jan/2024:18:28:23 -0500] "GET /BLA/resoluciones/dlf/dirup.png HTTP/1.1" 200 644
201.245.192.253 - - [03/Jan/2024:18:28:22 -0500] "POST /kwsrmcab/Wsrmcab  HTTP/1.1" 200 40331
191.102.197.108 - - [03/Jan/2024:18:28:33 -0500] "GET /appsia/controlador HTTP/1.1" 200 4799
191.102.197.108 - - [03/Jan/2024:18:28:56 -0500] "POST /appsia/controlador HTTP/1.1" 200 3601
191.102.197.108 - - [03/Jan/2024:18:28:56 -0500] "GET /appsia/jscripts/validarSolicitud.js HTTP/1.1" 404 68
191.102.197.108 - - [03/Jan/2024:18:29:01 -0500] "POST /appsia/controlador HTTP/1.1" 200 4799
191.102.197.108 - - [03/Jan/2024:18:29:24 -0500] "POST /appsia/controlador HTTP/1.1" 200 3601
191.102.197.108 - - [03/Jan/2024:18:29:27 -0500] "GET /appsia/jscripts/validarSolicitud.js HTTP/1.1" 404 68
191.102.197.108 - - [03/Jan/2024:18:29:35 -0500] "POST /appsia/controlador HTTP/1.1" 200 4799
201.245.192.253 - - [03/Jan/2024:18:29:36 -0500] "POST /kwsrmcab/Wsrmcab HTTP/1.1" 200 40945
216.244.66.195 - - [03/Jan/2024:18:29:40 -0500] "GET /robots.txt HTTP/1.1" 404 1018
201.245.192.253 - - [03/Jan/2024:18:29:40 -0500] "POST /kwsrmcab/Wsrmcab HTTP/1.1" 200 37037
191.102.197.108 - - [03/Jan/2024:18:30:06 -0500] "POST /appsia/controlador HTTP/1.1" 200 3601
191.102.197.108 - - [03/Jan/2024:18:30:06 -0500] "GET /appsia/jscripts/validarSolicitud.js HTTP/1.1" 404 68
191.102.197.108 - - [03/Jan/2024:18:30:15 -0500] "POST /appsia/controlador HTTP/1.1" 200 4799
191.102.197.108 - - [03/Jan/2024:18:30:33 -0500] "POST /appsia/controlador HTTP/1.1" 200 3601
191.102.197.108 - - [03/Jan/2024:18:30:33 -0500] "GET /appsia/jscripts/validarSolicitud.js HTTP/1.1" 404 68
216.245.221.92 - - [03/Jan/2024:18:30:47 -0500] "HEAD / HTTP/1.1" 200 -
172.22.2.4 - - [03/Jan/2024:18:31:03 -0500] "GET /BLA/boletinlegal/jurisprudencia/analisis/AnalisisT-606-15.docx HTTP/1.1" 200 26698
172.22.2.4 - - [03/Jan/2024:18:31:04 -0500] "GET /BLA/boletinlegal/apple-touch-icon-120x120-precomposed.png HTTP/1.1" 404 1140
172.22.2.4 - - [03/Jan/2024:18:31:04 -0500] "GET /BLA/boletinlegal/apple-touch-icon-120x120.png HTTP/1.1" 404 1140
172.22.2.4 - - [03/Jan/2024:18:31:04 -0500] "GET /BLA/boletinlegal/apple-touch-icon-precomposed.png HTTP/1.1" 404 1140
172.22.2.4 - - [03/Jan/2024:18:31:04 -0500] "GET /BLA/boletinlegal/apple-touch-icon.png HTTP/1.1" 404 1140
172.22.2.4 - - [03/Jan/2024:18:31:04 -0500] "GET /BLA/boletinlegal/favicon.ico HTTP/1.1" 404 1140
172.22.2.4 - - [03/Jan/2024:18:31:04 -0500] "GET /BLA/boletinlegal/apple-touch-icon-120x120-precomposed.png HTTP/1.1" 404 1140
172.22.2.4 - - [03/Jan/2024:18:31:04 -0500] "GET /BLA/boletinlegal/apple-touch-icon-120x120.png HTTP/1.1" 404 1140
172.22.2.4 - - [03/Jan/2024:18:31:04 -0500] "GET /BLA/boletinlegal/apple-touch-icon-precomposed.png HTTP/1.1" 404 1140
172.22.2.4 - - [03/Jan/2024:18:31:04 -0500] "GET /BLA/boletinlegal/apple-touch-icon.png HTTP/1.1" 404 1140
172.22.2.4 - - [03/Jan/2024:18:31:04 -0500] "GET /BLA/boletinlegal/favicon.ico HTTP/1.1" 404 1140
179.33.77.94 - - [03/Jan/2024:18:31:41 -0500] "GET /kwssiamovil/sm/ldap/au?x=U2FsdGVkX1/HlS+YRo+GzbVis7OiZjD+EbPKA5u1GwI1XAEYqjrBdWdnrt/uGVd+&y=U2FsdGVkX1+GaxxGD+TcZeTfTlIB3naBh1ExNPekiMnI8jyHO54DuV5lwh65ZjX1 HTTP/1.1" 200 30
179.33.77.94 - - [03/Jan/2024:18:31:42 -0500] "GET /kwssiamovil/sm/acme/s?s=U2FsdGVkX1/pca5jJSnmsSitpysQbK4KPywew9221aZ7NZtmQ0DMVyxq6egCadpRLMawxObgignelDhxhQMpyBQWijvh080r9Sjdf1hi9P4=&u=U2FsdGVkX184aVUSQGWvTpWkpAQRKdcLEguKdYMQh/g=&y=U2FsdGVkX1+GaxxGD+TcZeTfTlIB3naBh1ExNPekiMnI8jyHO54DuV5lwh65ZjX1 HTTP/1.1" 200 97
179.33.77.94 - - [03/Jan/2024:18:31:42 -0500] "GET /kwssiamovil/sm/acme/s?s=U2FsdGVkX1+4l9YsbwEG+DcJbqDSwdwA1xpQCoLOXk8be8rDNTOBHsMclvVO8p1HGPM7CEZa7cKu1qOK9MJ/xOjZgj/Mmtyah3W17YpJ+yqQYNsMTimF8wONeiGGN2DCxsx7t4zSvG+9K4UusYo2fvliNKb0JB4VGjYHpnylaQilTBHaONUsvaqfQXR8Pu7oKrmW6QNkpeHxkwfPbh2fqEOgxe1pSidcey4wSDyUfgOVkpCT1pZa5eri52oSb2OWNNJmGNP/9z1YkaAVc3Ru/N9MGuEPy5uuqB6cK1BW361obubZpZxEpqb2f8VPx4qtS6bWhxJen5mkOnRcf7q0cop05w7PWvkZlCDDBx8/K4y4IY/MDmNyqRKiHigRN5VmHuhRQpc6VEoaXVbLbm2772irbdi5hZttu5lrbBEvIdPrXKuACantxov6hwy5uYTTQyFDVl3+ToQ+8ik4UsrhZyLlbpoQ9NH+SOrXgJMqY3pt+mBkYhZ0XUGGMvJQAOByK5U/loGN09xJ3w65J6MzG2ZKnvbAiL7ZGZ7F/g+ODE++2u0ehsRAwTu3kaffWlq9F5f/bu5FUsiPZwBd6MwmrTxoZ41n+8ldRp+GTuqmaIa4SNCHVrWCVszQx29lcXNrSCrW40ejNFp+mEsyl+ivoDA0EqZtCfXsq8dcD93V4NRjBkkGb1aw7BtjN97R2TpBKBvZ1Z1bCpmr3t0GrH36gWUO0OwWN6D41Tt/rm+zL5x736qMzgkz+eUh5N8c1hTlzV09ZVx5WwJNKz4r9u+KsJTss4SIYTVB36npk6irhBhmg2kPApwezvASJBwAHDJ+oN514lWxb+To4Pk2iGW5hcKwmJOVd1C/FinQLwWVWTddBIOK/N+4vWFmRpZfK67GSHa84mi8QxGDxh5h90jZxQNcl5YdiqG1n4e1rxRyST6RUz9MnqKHmfq+l+0f2Cr9+e0sV13/YF3CYXqBCLLCvs+hB3Bb7HhefbpvCEtYPcxhJFGCf1zuOUmYcPa4dDsKpouXS49z8F+vwkzlPRgLHE3XwYPS5ZSgRDMTWlLzEFmYqM6QRzxamwhiOxx/hht9pAHEmnM42UgKIIYDjarZbJcDQS3l4MGNHjuaLGGlEfQTWojXMcCPsBechVsrVUEkK+24lhxt1pFUezlSbZ8pUtvtjptnTlmdTZHoBRcK2Pw4j9hV+2q+SYuTcFASGSf0CiP7/s7KbYQWxbzh4afIzgW7D0E/mxhAQJHOcC+xTebr29DTnpPxaTjrWkvR8h/8q12yJTD+IvfRpEcdZ9bsEt3Kij9KgGcz9wM1mp5JIiHgUU7C32sSDg4PxRMculm70R1EIfR0j4eBB8CzAnz/sT1CUIWPoA2cHNA8LsVkTeckNQ06SYuY0seRlg58Nbwk5cR3whtTMXPinS2ODtys2uKiyjWHs0WG3GuSTkUt9HE7a9/sdip+POHvtKj5025qBMAZivoPFdsPL6uCwvdrjHS6fAWXz5z5zSAR4EzQ12HBPMnqXB1rGPDNFteS7s2c9fnEWSkM5GbwNj1hl5WYiDdhzTh5NWsjy7jnHdLB2i6EoI+RN/1tmRaW7VdaanaGuKuZozNzHCOcMyyTpFD373YBR/t5fenxcdrKa3qJ8X3fxGTP2RxfzHcjD6SYrpoVP9DCuLNGCezTKEi1g2yQRyDeHR2/4utgRJP5E1nsR2EtSAuDoGs+hzOThAt7/fbf7GmQ1bMxUChOdqCOLvYKEA63wPrqp83HCkoC/QCEYRU=&u=U2FsdGVkX184aVUSQGWvTpWkpAQRKdcLEguKdYMQh/g=&y=U2FsdGVkX1+GaxxGD+TcZeTfTlIB3naBh1ExNPekiMnI8jyHO54DuV5lwh65ZjX1 HTTP/1.1" 200 1164
179.33.77.94 - - [03/Jan/2024:18:31:42 -0500] "GET /kwssiamovil/sm/acme/s?s=U2FsdGVkX1/JHUJ92ieidKWUDb0M48fQvV2yLy4KDY7/IxDa5yGE5i3buB5Dqd6jOWaA9o6+nuoUkqGifLnKpVDBdDedrv+GMjbHzI/k2s7qu0rdoE23V2NvFq4BzR/FuFVZOPYYu9rwxyYwoBtL+6Y8OyT8u0LOsWJRWM8PSqn4nxvvSA6Tdzi+rXyCs57AaeO786nUeyIdQ629iH8vw/+jEiwB+LrV3Nx4Iz1GHzVJWqRJhxVskeVoGtGn71CIkZWAe2Bax4ny7QxQ49fIbQEgSQ1LuZd3Y7QLbEPagF2ial7f70YwxRuF510CdAGVDD5Jr1YuaTnc/rgDTvCWITDXHTko4W7NTD6PIpKRTYgFcwv3/EG4GtZGLn8JBpiToRjJijQBpRrRBdj5G/ALWMti6Ly/416lh65tTO1l+tQdMMOyM9kmw7EUgpfFbC9x5uo8NA2whzk6UOnOmesxPTjgDeyf0HalbkgmuH7L9L5OArhkfTfP6Mjp+RN4FXoUYpagzyKXBC7Ae5jrcES7U2lgW+A/gkNl37ndukSWY8b4q2m9as5n3C1/gz5oyJKLLt/qOsl3Iv1b7a9GVwcOIE5VFB2kJfRVsw8fTVpACYCLC/+PMAbqsw9O9IrJzNRbagjXcJ7m8ZIpIIfrIWfpV3q+YwWvTy5aMwmTA3MsUXZslrH2LO8t4rAQ5QM2nPAwZZwdjXdjxnSnVdRUVq7kg5Mx+4GHZNMXcXDbzipCFX7TeSVNxtODu3vQz9iMBqo+&u=U2FsdGVkX184aVUSQGWvTpWkpAQRKdcLEguKdYMQh/g=&y=U2FsdGVkX1+GaxxGD+TcZeTfTlIB3naBh1ExNPekiMnI8jyHO54DuV5lwh65ZjX1 HTTP/1.1" 200 208
179.33.77.94 - - [03/Jan/2024:18:31:42 -0500] "GET /kwssiamovil/sm/cjson/pre?f=1&x=U2FsdGVkX1/HlS+YRo+GzbVis7OiZjD+EbPKA5u1GwI1XAEYqjrBdWdnrt/uGVd+ HTTP/1.1" 200 31032
172.22.2.4 - - [03/Jan/2024:18:30:10 -0500] "HEAD /BLA/boletinlegal/ HTTP/1.1" 200 -
172.22.2.4 - - [03/Jan/2024:18:31:01 -0500] "GET /BLA/boletinlegal/ HTTP/1.1" 200 58969
201.245.192.253 - - [03/Jan/2024:18:33:21 -0500] "POST /kwsrmcab/Wsrmcab  HTTP/1.1" 200 40331
201.245.192.253 - - [03/Jan/2024:18:35:26 -0500] "POST /kwsrmcab/Wsrmcab HTTP/1.1" 200 40945
201.245.192.253 - - [03/Jan/2024:18:35:29 -0500] "POST /kwsrmcab/Wsrmcab HTTP/1.1" 200 37037
172.22.2.4 - - [03/Jan/2024:18:33:55 -0500] "GET /BLA/boletinlegal/ HTTP/1.1" 200 62422
216.245.221.92 - - [03/Jan/2024:18:35:47 -0500] "HEAD / HTTP/1.1" 200 -
162.55.175.144 - - [03/Jan/2024:18:36:05 -0500] "GET / HTTP/1.1" 200 4720
162.55.175.144 - - [03/Jan/2024:18:36:07 -0500] "GET / HTTP/1.1" 200 319
200.118.145.137 - - [03/Jan/2024:18:36:19 -0500] "GET /BLA/resoluciones/index.php?dir=AUTOS+2021%2F HTTP/1.1" 200 399364
172.22.2.4 - - [03/Jan/2024:18:36:00 -0500] "HEAD /BLA/boletinlegal/ HTTP/1.1" 200 -
217.182.175.162 - - [03/Jan/2024:18:37:46 -0500] "HEAD /investigadores-del-jardin-botanico-de-bogota-descubren-primera-especie-de-cedro-endemica-de-colombia.html HTTP/1.1" 200 -
172.22.2.4 - - [03/Jan/2024:18:37:57 -0500] "GET /BLA/boletinlegal/Circulares/2019/.pdf HTTP/1.1" 404 1218
172.22.2.4 - - [03/Jan/2024:18:38:06 -0500] "GET /BLA/boletinlegal/Circulares/2012/Circular%20No.%2010%20del%2026%20de%20Enero%20de%202012.pdf HTTP/1.1" 404 1218
201.245.192.253 - - [03/Jan/2024:18:38:20 -0500] "POST /kwsrmcab/Wsrmcab  HTTP/1.1" 200 40331
172.22.2.4 - - [03/Jan/2024:18:36:51 -0500] "GET /BLA/boletinlegal/ HTTP/1.1" 200 58567
179.33.77.94 - - [03/Jan/2024:18:38:49 -0500] "GET /kwssiamovil/sm/acme/a?s=U2FsdGVkX19QYkcs7+hMiehJe8+FsYfK7P63ueh/xS3cDKs06PPqnA4Im5QoTtpecAGzntZdjHA3e2EsiU/Vqjf/NBItubhpNr2kvcLUkIufPbQikAUCJqRb8i5I6E3Q4ZtVVHvZp5doi8DI5NTmtRYGEJBdurrwi9x4vFFvsUALiOQ5FYlVgvJxn2MnZI24j8bbaeZbrupfeSMRYgtAEEAZyZ3GLLmGe16ePbt+3aspVmhsJi976WM5jxG4Ju+hiGl1HcIkj8Q67abLuG3fhg==&u=U2FsdGVkX184aVUSQGWvTpWkpAQRKdcLEguKdYMQh/g=&y=U2FsdGVkX1+GaxxGD+TcZeTfTlIB3naBh1ExNPekiMnI8jyHO54DuV5lwh65ZjX1 HTTP/1.1" 200 26
179.33.77.94 - - [03/Jan/2024:18:38:50 -0500] "GET /kwssiamovil/sm/acme/a?s=U2FsdGVkX19z4HERFHKKa+zkeLGkTL7F/Wg0Hd5vYdNgBP5Dhgl4XkwsCzyPGVbX1bm7dcCqjJ9Fh8kAuRyucIsieplODz9PS3IiGjqtiztoRRuRTu+uxOqh2AyeriZ/gLScaKv5AnO/KVFFXesuUcebZFNhu6r3n8qV3yvwyBS/1ZHzPiawbpXsXqJj50mONPBtZujnzxKlyjU/7RU5/7hafEafw+jnaCIB1SvyPKJYxWrbpTE1rYQ1kcv9jWjLY30H7cHWXLiJxBf0PJQJw1J/jzAiD9IKU+spptRtG0dXmFj7WtP4hUHNhmupLpm0UMzz+KkJcx77T8hoLy5J5cvlkmd5U8x3UOBKTxv8D03WlWyEnB1sm7P1sI2FkW0JvZ+bMeEV3hMF97u5XlKLDlyH9H7eaZvNxsGoYeNCYX9QR8l9zkuXC8vDM6K4apAc/6IAPBrC98wjz+FqnHxgSQ2KPt8riGXULelc5RYGxUlwxxVfb7+gIb7WiXrW4BbOfoORF5CG6Ne2PuoEvv7SIrf7NohSlezRicF2SZVErnR9AI5PE/U9DhkOu5iB4JEF4z7k9fiZ60/l5zfQk5MRNbToxYCeqiUsGzs2lkPCrdmPeqyXBJMWmtBS1p/X/q4uY59kbwLcaC/OxeQKQLcAHyp5eG3c94MESR3dZUEOAHsD1Vi3gKwKbMtR46EguNlD0+UTmB4xO04GBBVCKS/n/0TcDMFrJOgCxkzlpRzQn+GZa+meeUjyX4F7duEj+7UfH20pVdrSnG5uZMaLZXE08z7KNJN4WST20nyMezk3NU9jHCyjCZXupmqXU4Z6y1zgvNYbbsVqDRE16fwxw8HOqW6I8pcrSEnYMCihBSukU+KJkczGLMyoq0SEQaEngaISABJnd/l0wSNaJCPtgcxOCrcorsoqB1UlhsSLTU/AYQOwkwpo21KZ14An5980VRM79vnwvHiPpTNxOruTMYTHBZL8lB1KeviRqi/5yOY5gaCT3uigtlKvDfvJz/hRQcuMcWAoNryD2JhMmHtnHq/dBPPT36DoqSdnwXmdO9+8BV/FWYnpzozHqCHlVDNyN9hO+rTgd+42aDbkwX67/FeeiFFk9CFu8wc4DYu/sxMl65SGLKvXBf5sPpWASnV+YXFnMbGlb8QQbUx6CJUGhKWXqCQ64jnlLsMsxfFmisg2mqmldElaBZiIANiTG0XsCIIhEnCIp3G6QfAaDAhn4VQm1/bXq0x2jiZ/KBSw4u4Q7vqKOcdoUxxO48kFi56zp3RrrVnzMx6vt2HX5NzwCuklFw==&u=U2FsdGVkX184aVUSQGWvTpWkpAQRKdcLEguKdYMQh/g=&y=U2FsdGVkX1+GaxxGD+TcZeTfTlIB3naBh1ExNPekiMnI8jyHO54DuV5lwh65ZjX1 HTTP/1.1" 200 26
179.33.77.94 - - [03/Jan/2024:18:38:50 -0500] "GET /kwssiamovil/sm/acme/a?s=U2FsdGVkX1/ZwS69Ft7YIJpbo6riSrtqYHHOereHN/fFsv3CT6BAIJoYHS4ssfYjDraJsPrHt6JpfUEopGk9zTOcri46OBr0U1JOzkedZCeD2eLike1JfRgwV6y5bpekERbGasb3zjFhL8/wczsvFLIdtj1smpfHA7J559+Di4s=&u=U2FsdGVkX184aVUSQGWvTpWkpAQRKdcLEguKdYMQh/g=&y=U2FsdGVkX1+GaxxGD+TcZeTfTlIB3naBh1ExNPekiMnI8jyHO54DuV5lwh65ZjX1 HTTP/1.1" 200 26
179.33.77.94 - - [03/Jan/2024:18:38:50 -0500] "GET /kwssiamovil/sm/acme/a?s=U2FsdGVkX1/GCPj+gRUw6vph15/i73jaTlld5Pp6ECQ5GMQQgg7u/nuOn9MiYSQ9M0xaywapNOm24ZCNKHEWbpH5sBCnGJADZ+TA/zsRPwUi4xVHtKgKt6Xz8R53iKzqLHdkK4Ew1mSGQxmR3Ng3KszDJCXUUgzz35AP7IoCa0Y=&u=U2FsdGVkX184aVUSQGWvTpWkpAQRKdcLEguKdYMQh/g=&y=U2FsdGVkX1+GaxxGD+TcZeTfTlIB3naBh1ExNPekiMnI8jyHO54DuV5lwh65ZjX1 HTTP/1.1" 200 26
179.33.77.94 - - [03/Jan/2024:18:38:51 -0500] "GET /kwssiamovil/sm/acme/a?s=U2FsdGVkX1+Ns2rLRSanB3k/YOMrPoCw6yq6kQzDcCTCHIOvg8ar5Ry3BLEcOuPCt4vazHNkZCLnhF2AYaQ+OF5iGpZCuEeAutAiLpn3/DV/GH+D2fmoo9m/492D9ZURafnXNHlbxD8N2rB9CxLB3ZRwSyOUxnopQUTlCHSxZic=&u=U2FsdGVkX184aVUSQGWvTpWkpAQRKdcLEguKdYMQh/g=&y=U2FsdGVkX1+GaxxGD+TcZeTfTlIB3naBh1ExNPekiMnI8jyHO54DuV5lwh65ZjX1 HTTP/1.1" 200 26
179.33.77.94 - - [03/Jan/2024:18:38:51 -0500] "GET /kwssiamovil/sm/acme/a?s=U2FsdGVkX1+FW3IbDEgbOjTxABRllplq1UHrR1gkz/zz8wUHl9eghB+6HAZmlyo6AxoSWL4eYkew7vkR6+FlEi6rkROLrWErAwOZ0u/uVmL35k4lF0s5VPdguXo1VmvHgsGcBL3XfTqReJQQiWzX/XHUReiqmTISaxnueT6lchKNv0XcplRYcoRhrV9Dyoxbp6fxhSMXQm/SfqqGcBuDlQ==&u=U2FsdGVkX184aVUSQGWvTpWkpAQRKdcLEguKdYMQh/g=&y=U2FsdGVkX1+GaxxGD+TcZeTfTlIB3naBh1ExNPekiMnI8jyHO54DuV5lwh65ZjX1 HTTP/1.1" 200 26
191.156.60.222 - - [03/Jan/2024:18:39:09 -0500] "GET /sipse/faces/javax.faces.resource/theme.css?ln=primefaces-sipse HTTP/1.1" 304 -
201.245.192.253 - - [03/Jan/2024:18:39:36 -0500] "POST /kwsrmcab/Wsrmcab HTTP/1.1" 200 40945
201.245.192.253 - - [03/Jan/2024:18:39:40 -0500] "POST /kwsrmcab/Wsrmcab HTTP/1.1" 200 37037
199.16.157.182 - - [03/Jan/2024:18:39:47 -0500] "GET /images/secretaria-de-ambiente-carolina-urrutia-manos-reparadoras.jpg HTTP/1.1" 200 46600
216.245.221.92 - - [03/Jan/2024:18:40:47 -0500] "HEAD / HTTP/1.1" 200 -
172.22.2.4 - - [03/Jan/2024:18:42:30 -0500] "GET /BLA/boletinlegal/conceptos.php HTTP/1.1" 200 7496
172.22.2.4 - - [03/Jan/2024:18:43:05 -0500] "GET /BLA/boletinlegal/actos.php HTTP/1.1" 200 9648
172.22.2.4 - - [03/Jan/2024:18:43:06 -0500] "GET /BLA/boletinlegal/favicon.ico HTTP/1.1" 404 1326
191.95.53.99 - - [03/Jan/2024:18:43:08 -0500] "GET /BLA/resoluciones/ HTTP/1.1" 200 13696
191.95.53.99 - - [03/Jan/2024:18:43:09 -0500] "GET /favicon.ico HTTP/1.1" 200 7782
201.245.192.253 - - [03/Jan/2024:18:43:19 -0500] "POST /kwsrmcab/Wsrmcab  HTTP/1.1" 200 40331
172.22.2.4 - - [03/Jan/2024:18:41:50 -0500] "HEAD /BLA/boletinlegal/ HTTP/1.1" 200 -
172.22.2.4 - - [03/Jan/2024:18:42:57 -0500] "GET /BLA/boletinlegal/ HTTP/1.1" 200 24523
172.22.2.4 - - [03/Jan/2024:18:42:41 -0500] "GET /BLA/boletinlegal/ HTTP/1.1" 200 53513
216.245.221.92 - - [03/Jan/2024:18:45:47 -0500] "HEAD / HTTP/1.1" 200 -
191.95.53.99 - - [03/Jan/2024:18:45:07 -0500] "GET /BLA/resoluciones/index.php?dir=AUTOS+2015%2F HTTP/1.1" 200 584820
66.249.66.20 - - [03/Jan/2024:18:46:41 -0500] "GET /resoluciones/RESOLUCIONES%202009/0082.pdf HTTP/1.1" 404 1018
181.59.148.3 - - [03/Jan/2024:18:46:56 -0500] "GET /appsia/controlador HTTP/1.1" 200 4799
216.244.66.195 - - [03/Jan/2024:18:47:04 -0500] "GET /galeria/galeria/fotos/mirador3G.jpg HTTP/1.1" 200 131992
201.245.192.253 - - [03/Jan/2024:18:48:16 -0500] "POST /kwsrmcab/Wsrmcab  HTTP/1.1" 200 40331
201.245.192.253 - - [03/Jan/2024:18:48:24 -0500] "POST /sipse/faces/presentacion/financiero/solicitudProceso/listarSolicitudProceso.xhtml HTTP/1.1" 302 -
201.245.192.253 - - [03/Jan/2024:18:48:24 -0500] "GET /sipse/faces/autenticacion.xhtml HTTP/1.1" 200 1099
201.245.192.253 - - [03/Jan/2024:18:48:24 -0500] "POST /sipse/faces/presentacion/financiero/solicitudProceso/listarSolicitudProceso.xhtml HTTP/1.1" 302 -
201.245.192.253 - - [03/Jan/2024:18:48:24 -0500] "GET /sipse/faces/autenticacion.xhtml HTTP/1.1" 200 1099
66.249.66.193 - - [03/Jan/2024:18:48:58 -0500] "GET /ciudadanos-pueden-enviar-comentarios-y-propuestas-al-proyecto-de-decreto-para-reducir-la-utilizacion-de-plasticos-de-un-solo-uso-en-las-entidades-del-distrito.html HTTP/1.1" 200 1170
31.13.127.2 - - [03/Jan/2024:18:49:00 -0500] "GET /moda-circular-manos-reparadoras-la-estrategia-del-distrito-para-restaurar-prendas-usadas.html HTTP/1.1" 200 901
172.22.2.4 - - [03/Jan/2024:18:47:40 -0500] "HEAD /BLA/boletinlegal/ HTTP/1.1" 200 -
216.244.66.195 - - [03/Jan/2024:18:49:54 -0500] "GET /BLA/resoluciones/AUTOS%202010/5428.pdf HTTP/1.1" 200 380648
216.244.66.195 - - [03/Jan/2024:18:50:02 -0500] "GET /BLA/resoluciones/AUTOS%202010/6649.pdf HTTP/1.1" 200 156049
216.244.66.195 - - [03/Jan/2024:18:50:08 -0500] "GET /BLA/resoluciones/AUTOS%202011/3866.pdf HTTP/1.1" 200 1079655
172.22.2.4 - - [03/Jan/2024:18:48:31 -0500] "GET /BLA/boletinlegal/ HTTP/1.1" 200 58567
216.244.66.195 - - [03/Jan/2024:18:50:19 -0500] "GET /BLA/resoluciones/RESOLUCIONES%202016/0433.pdf HTTP/1.1" 200 945909
216.245.221.92 - - [03/Jan/2024:18:50:47 -0500] "HEAD / HTTP/1.1" 200 -
216.244.66.195 - - [03/Jan/2024:18:51:01 -0500] "GET /BLA/resoluciones/RESOLUCIONES%202016/0704.pdf HTTP/1.1" 200 569389
216.244.66.195 - - [03/Jan/2024:18:51:32 -0500] "GET /BLA/resoluciones/RESOLUCIONES%202016/1274.pdf HTTP/1.1" 200 572033
216.244.66.195 - - [03/Jan/2024:18:52:06 -0500] "GET /BLA/resoluciones/RESOLUCIONES%202016/1510.pdf HTTP/1.1" 200 802374
157.55.39.202 - - [03/Jan/2024:18:52:21 -0500] "GET /Publicaciones/2023EE305231.pdf HTTP/1.1" 200 397451
216.244.66.195 - - [03/Jan/2024:18:52:38 -0500] "GET /BLA/resoluciones/RESOLUCIONES%202016/1562.pdf HTTP/1.1" 200 547885
216.244.66.195 - - [03/Jan/2024:18:53:05 -0500] "GET /BLA/resoluciones/RESOLUCIONES%202016/1631.pdf HTTP/1.1" 200 605147
201.245.192.253 - - [03/Jan/2024:18:53:15 -0500] "POST /kwsrmcab/Wsrmcab  HTTP/1.1" 200 40331
216.244.66.195 - - [03/Jan/2024:18:53:32 -0500] "GET /BLA/resoluciones/RESOLUCIONES%202016/1814.pdf HTTP/1.1" 200 522412
216.244.66.195 - - [03/Jan/2024:18:54:03 -0500] "GET /BLA/resoluciones/RESOLUCIONES%202016/1860.pdf HTTP/1.1" 200 806146
172.22.2.4 - - [03/Jan/2024:18:52:39 -0500] "GET /BLA/boletinlegal/ HTTP/1.1" 200 60910
216.244.66.195 - - [03/Jan/2024:18:54:41 -0500] "GET /BLA/resoluciones/RESOLUCIONES%202016/1910.pdf HTTP/1.1" 200 361515
172.22.2.4 - - [03/Jan/2024:18:53:30 -0500] "HEAD /BLA/boletinlegal/ HTTP/1.1" 200 -
5.9.157.141 - - [03/Jan/2024:18:55:11 -0500] "GET /las-tres-caminatas-para-cerrar-el-ano-entre-la-naturaleza.html HTTP/1.1" 200 776
216.244.66.195 - - [03/Jan/2024:18:55:11 -0500] "GET /BLA/resoluciones/RESOLUCIONES%202016/2199.pdf HTTP/1.1" 200 1718207
66.249.66.19 - - [03/Jan/2024:18:55:28 -0500] "GET /BLA/resoluciones/RESOLUCIONES%202009/4482.pdf HTTP/1.1" 200 125284
66.249.66.19 - - [03/Jan/2024:18:55:32 -0500] "GET /BLA/resoluciones/RESOLUCIONES%202009/3671.pdf HTTP/1.1" 200 145984
216.244.66.195 - - [03/Jan/2024:18:55:43 -0500] "GET /BLA/resoluciones/RESOLUCIONES%202016/2304.pdf HTTP/1.1" 200 365776
173.252.111.118 - - [03/Jan/2024:18:55:46 -0500] "GET /images/reunion-planta-termovalorizacion-11-mayo.jpg HTTP/1.1" 200 34782
216.245.221.92 - - [03/Jan/2024:18:55:47 -0500] "HEAD / HTTP/1.1" 200 -
172.22.2.4 - - [03/Jan/2024:18:54:21 -0500] "GET /BLA/boletinlegal/ HTTP/1.1" 200 58567
216.244.66.195 - - [03/Jan/2024:18:56:17 -0500] "GET /BLA/resoluciones/RESOLUCIONES%202016/2470.pdf HTTP/1.1" 200 423474
40.77.167.254 - - [03/Jan/2024:18:56:41 -0500] "GET /secretaria-de-ambiente-unidos-por-un-nuevo-aire.html HTTP/1.1" 200 792
216.244.66.195 - - [03/Jan/2024:18:56:57 -0500] "GET /BLA/resoluciones/RESOLUCIONES%202017/0129.pdf HTTP/1.1" 200 464241
191.156.181.26 - - [03/Jan/2024:18:57:10 -0500] "GET /appsia/controlador HTTP/1.1" 200 4799
191.156.181.214 - - [03/Jan/2024:18:57:10 -0500] "GET /appsia/scripts/validarIngreso.js HTTP/1.1" 200 851
191.156.186.138 - - [03/Jan/2024:18:57:10 -0500] "GET /appsia/css/estilos.css HTTP/1.1" 200 4804
191.156.181.26 - - [03/Jan/2024:18:57:10 -0500] "GET /appsia/images/cabezoteHojaVida.png HTTP/1.1" 200 32493
191.156.181.26 - - [03/Jan/2024:18:57:11 -0500] "GET /appsia/images/logo_bogota_p.png HTTP/1.1" 200 14951
191.156.186.138 - - [03/Jan/2024:18:57:11 -0500] "GET /favicon.ico HTTP/1.1" 200 7782
216.244.66.195 - - [03/Jan/2024:18:57:28 -0500] "GET /BLA/resoluciones/RESOLUCIONES%202017/0947.pdf HTTP/1.1" 200 746305
207.46.13.64 - - [03/Jan/2024:18:57:29 -0500] "GET /Publicaciones/2023EE309844.pdf HTTP/1.1" 200 229604
47.128.58.94 - - [03/Jan/2024:18:57:38 -0500] "GET /BLA/resoluciones/dlf/dirup.png HTTP/1.1" 200 644
47.128.58.94 - - [03/Jan/2024:18:57:38 -0500] "GET /BLA/resoluciones/dlf/unknown.png HTTP/1.1" 200 266
47.128.58.94 - - [03/Jan/2024:18:57:37 -0500] "GET /BLA/resoluciones/index.php?dir=RESOLUCIONES%202006%2FRES%202006%201851-1900%2F&order=asc&sort=date HTTP/1.1" 200 12364
216.244.66.195 - - [03/Jan/2024:18:57:59 -0500] "GET /BLA/resoluciones/RESOLUCIONES%202017/1690.pdf HTTP/1.1" 200 289983
47.128.116.69 - - [03/Jan/2024:18:58:01 -0500] "GET /BLA/resoluciones/index.php?dir=AUTOS+2003%2F HTTP/1.1" 200 1813
47.128.116.69 - - [03/Jan/2024:18:58:02 -0500] "GET /BLA/resoluciones/dlf/dirup.png HTTP/1.1" 200 644
47.128.116.69 - - [03/Jan/2024:18:58:02 -0500] "GET /BLA/resoluciones/dlf/pdf.gif HTTP/1.1" 200 272
201.245.192.253 - - [03/Jan/2024:18:58:14 -0500] "POST /kwsrmcab/Wsrmcab  HTTP/1.1" 200 40331
47.128.49.177 - - [03/Jan/2024:18:58:26 -0500] "GET /BLA/resoluciones/index.php?dir=RESOLUCIONES%202005%2FRES%202005%201501-1550%2F&order=desc&sort=name HTTP/1.1" 200 12364
47.128.49.177 - - [03/Jan/2024:18:58:27 -0500] "GET /BLA/resoluciones/dlf/unknown.png HTTP/1.1" 200 266
47.128.49.177 - - [03/Jan/2024:18:58:27 -0500] "GET /BLA/resoluciones/dlf/dirup.png HTTP/1.1" 200 644
216.244.66.195 - - [03/Jan/2024:18:58:32 -0500] "GET /BLA/resoluciones/RESOLUCIONES%202017/1710.pdf HTTP/1.1" 200 442014
47.128.50.213 - - [03/Jan/2024:18:58:51 -0500] "GET /BLA/resoluciones/dlf/dirup.png HTTP/1.1" 200 644
47.128.50.213 - - [03/Jan/2024:18:58:51 -0500] "GET /BLA/resoluciones/dlf/pdf.gif HTTP/1.1" 200 272
47.128.50.213 - - [03/Jan/2024:18:58:51 -0500] "GET /BLA/resoluciones/dlf/doc.gif HTTP/1.1" 200 1079
47.128.50.213 - - [03/Jan/2024:18:58:50 -0500] "GET /BLA/resoluciones/index.php?dir=Notificaciones%2FAUTOS%202017%2F&order=asc&sort=size HTTP/1.1" 200 140025
216.244.66.195 - - [03/Jan/2024:18:59:00 -0500] "GET /BLA/resoluciones/RESOLUCIONES%202017/2055.pdf HTTP/1.1" 200 322534
47.128.56.78 - - [03/Jan/2024:18:59:14 -0500] "GET /BLA/resoluciones/index.php?dir=RESOLUCIONES+2003%2FRES+2003+651-700%2F HTTP/1.1" 200 11300
47.128.56.78 - - [03/Jan/2024:18:59:15 -0500] "GET /BLA/resoluciones/dlf/dirup.png HTTP/1.1" 200 644
47.128.56.78 - - [03/Jan/2024:18:59:15 -0500] "GET /BLA/resoluciones/dlf/unknown.png HTTP/1.1" 200 266
216.244.66.195 - - [03/Jan/2024:18:59:26 -0500] "GET /BLA/resoluciones/RESOLUCIONES%202001/RESOLUCION%201115%20DE%202001.pdf HTTP/1.1" 200 104281
47.128.58.84 - - [03/Jan/2024:18:59:48 -0500] "GET /BLA/resoluciones/index.php?dir=Notificaciones%2FREGISTROS%202021%2F&order=desc&sort=name HTTP/1.1" 200 23529
47.128.58.84 - - [03/Jan/2024:18:59:49 -0500] "GET /BLA/resoluciones/dlf/dirup.png HTTP/1.1" 200 644
47.128.58.84 - - [03/Jan/2024:18:59:49 -0500] "GET /BLA/resoluciones/dlf/pdf.gif HTTP/1.1" 200 272
216.244.66.195 - - [03/Jan/2024:18:59:51 -0500] "GET /BLA/resoluciones/RESOLUCIONES%202001/RESOLUCION%201592%20DE%202001.pdf HTTP/1.1" 200 53548
47.128.61.251 - - [03/Jan/2024:19:00:11 -0500] "GET /BLA/resoluciones/index.php?dir=RESOLUCIONES+2002%2FRES+2002+1751-1800%2F HTTP/1.1" 200 12156
47.128.61.251 - - [03/Jan/2024:19:00:12 -0500] "GET /BLA/resoluciones/dlf/unknown.png HTTP/1.1" 200 266
47.128.61.251 - - [03/Jan/2024:19:00:12 -0500] "GET /BLA/resoluciones/dlf/dirup.png HTTP/1.1" 200 644
216.244.66.195 - - [03/Jan/2024:19:00:15 -0500] "GET /BLA/resoluciones/AUTOS%202007/0184.pdf HTTP/1.1" 200 89569
66.249.66.21 - - [03/Jan/2024:19:00:31 -0500] "GET /BLA/resoluciones/RESOLUCIONES%202008/2937.pdf HTTP/1.1" 200 201702
47.128.57.144 - - [03/Jan/2024:19:00:37 -0500] "GET /BLA/resoluciones/index.php?dir=RESOLUCIONES%202002%2FRES%202002%20451-500%2F&order=asc&sort=size HTTP/1.1" 200 12051
