172.22.2.4 - - [04/Jan/2024:16:42:38 -0500] "GET /BLA/boletinlegal/admin/.svn/entries HTTP/1.1" 404 1018
66.249.66.20 - - [04/Jan/2024:16:42:53 -0500] "GET /BLA/resoluciones/RESOLUCIONES%202009/5987.pdf HTTP/1.1" 200 676602
172.22.2.4 - - [04/Jan/2024:16:41:14 -0500] "GET /BLA/boletinlegal/ HTTP/1.1" 200 58172
201.245.192.253 - - [04/Jan/2024:16:43:01 -0500] "GET /appsia/controlador HTTP/1.1" 200 4799
201.245.192.253 - - [04/Jan/2024:16:43:01 -0500] "GET /appsia/css/estilos.css HTTP/1.1" 200 4804
201.245.192.253 - - [04/Jan/2024:16:43:01 -0500] "GET /appsia/scripts/validarIngreso.js HTTP/1.1" 200 851
201.245.192.253 - - [04/Jan/2024:16:43:01 -0500] "GET /appsia/images/cabezoteHojaVida.png HTTP/1.1" 200 32493
201.245.192.253 - - [04/Jan/2024:16:43:01 -0500] "GET /appsia/images/logo_bogota_p.png HTTP/1.1" 200 14951
201.245.192.253 - - [04/Jan/2024:16:43:01 -0500] "GET /favicon.ico HTTP/1.1" 200 7782
216.244.66.195 - - [04/Jan/2024:16:43:02 -0500] "GET /BLA/resoluciones/AUTOS%202015/0977.pdf HTTP/1.1" 200 765691
201.245.192.253 - - [04/Jan/2024:16:43:18 -0500] "GET /appsia/controlador HTTP/1.1" 200 4799
201.245.192.253 - - [04/Jan/2024:16:43:18 -0500] "GET /appsia/css/estilos.css HTTP/1.1" 200 4804
216.244.66.195 - - [04/Jan/2024:16:43:32 -0500] "GET /BLA/resoluciones/AUTOS%202017/5228.pdf HTTP/1.1" 200 360410
201.245.192.253 - - [04/Jan/2024:16:43:45 -0500] "POST /sipse/faces/presentacion/financiero/solicitudProceso/listarSolicitudProceso.xhtml HTTP/1.1" 200 911
201.245.192.253 - - [04/Jan/2024:16:43:53 -0500] "POST /kwsrmcab/Wsrmcab  HTTP/1.1" 200 36937
216.244.66.195 - - [04/Jan/2024:16:44:02 -0500] "GET /BLA/resoluciones/AUTOS%202019/3447.pdf HTTP/1.1" 200 459837
216.244.66.195 - - [04/Jan/2024:16:44:25 -0500] "GET /BLA/resoluciones/RESOLUCIONES%202018/2065.pdf HTTP/1.1" 200 288314
181.53.96.154 - - [04/Jan/2024:16:44:33 -0500] "POST /appsia/controlador HTTP/1.1" 200 4799
181.53.96.154 - - [04/Jan/2024:16:44:38 -0500] "GET /appsia/controlador HTTP/1.1" 200 4799
216.244.66.195 - - [04/Jan/2024:16:44:49 -0500] "GET /BLA/resoluciones/RESOLUCIONES%202018/3620.pdf HTTP/1.1" 200 284730
181.53.96.154 - - [04/Jan/2024:16:44:50 -0500] "POST /appsia/controlador HTTP/1.1" 200 3603
181.53.96.154 - - [04/Jan/2024:16:44:50 -0500] "GET /appsia/jscripts/validarSolicitud.js HTTP/1.1" 404 68
181.53.96.154 - - [04/Jan/2024:16:44:53 -0500] "POST /appsia/controlador HTTP/1.1" 200 4799
201.245.192.253 - - [04/Jan/2024:16:44:56 -0500] "POST /appsia/controlador HTTP/1.1" 200 5437
201.245.192.253 - - [04/Jan/2024:16:44:58 -0500] "POST /appsia/controlador HTTP/1.1" 200 7726
201.245.192.253 - - [04/Jan/2024:16:44:58 -0500] "GET /appsia/images/logo_escudo.png HTTP/1.1" 200 36965
181.53.96.154 - - [04/Jan/2024:16:45:00 -0500] "POST /appsia/controlador HTTP/1.1" 200 3603
181.53.96.154 - - [04/Jan/2024:16:45:00 -0500] "GET /appsia/jscripts/validarSolicitud.js HTTP/1.1" 404 68
181.53.96.154 - - [04/Jan/2024:16:45:05 -0500] "POST /appsia/controlador HTTP/1.1" 200 4799
40.122.48.156 - - [04/Jan/2024:16:45:12 -0500] "GET /robots.txt HTTP/1.1" 404 1049
216.245.221.92 - - [04/Jan/2024:16:45:44 -0500] "HEAD / HTTP/1.1" 200 -
66.249.66.19 - - [04/Jan/2024:16:45:47 -0500] "GET /BLA/resoluciones/AUTOS%202007/1919.pdf HTTP/1.1" 200 90400
181.53.96.154 - - [04/Jan/2024:16:46:00 -0500] "POST /appsia/controlador HTTP/1.1" 200 4799
181.53.96.154 - - [04/Jan/2024:16:46:31 -0500] "GET /sipse/faces/index.xhtml HTTP/1.1" 200 677
181.53.96.154 - - [04/Jan/2024:16:46:31 -0500] "GET /sipse/faces/javax.faces.resource/theme.css?ln=primefaces-sipse HTTP/1.1" 200 50058
181.53.96.154 - - [04/Jan/2024:16:46:40 -0500] "GET /sipse/faces/index.xhtml HTTP/1.1" 200 677
181.53.96.154 - - [04/Jan/2024:16:46:40 -0500] "GET /sipse/faces/javax.faces.resource/theme.css?ln=primefaces-sipse HTTP/1.1" 304 -
181.53.96.154 - - [04/Jan/2024:16:46:40 -0500] "GET /sipse/faces/faces/autenticacion.xhtml HTTP/1.1" 200 12401
181.53.96.154 - - [04/Jan/2024:16:46:40 -0500] "GET /sipse/js/disable_browser_buttons.js HTTP/1.1" 200 3230
181.53.96.154 - - [04/Jan/2024:16:46:40 -0500] "GET /sipse/js/funciones.js HTTP/1.1" 200 12592
181.53.96.154 - - [04/Jan/2024:16:46:40 -0500] "GET /sipse/css/custom_css_sg.css HTTP/1.1" 200 9694
181.53.96.154 - - [04/Jan/2024:16:46:40 -0500] "GET /sipse/css/custom_css_sg_prime_login.css HTTP/1.1" 200 443
181.53.96.154 - - [04/Jan/2024:16:46:40 -0500] "GET /sipse/faces/javax.faces.resource/layout/layout.css?ln=primefaces&v=4.0 HTTP/1.1" 200 542
181.53.96.154 - - [04/Jan/2024:16:46:40 -0500] "GET /sipse/faces/javax.faces.resource/theme.css?ln=primefaces-sipse HTTP/1.1" 304 -
181.53.96.154 - - [04/Jan/2024:16:46:40 -0500] "GET /sipse/faces/javax.faces.resource/primefaces.css?ln=primefaces&v=4.0 HTTP/1.1" 200 53295
181.53.96.154 - - [04/Jan/2024:16:46:40 -0500] "GET /sipse/faces/javax.faces.resource/jquery/jquery.js?ln=primefaces&v=4.0 HTTP/1.1" 200 105384
181.53.96.154 - - [04/Jan/2024:16:46:41 -0500] "GET /sipse/faces/javax.faces.resource/layout/layout.js?ln=primefaces&v=4.0 HTTP/1.1" 200 87560
181.53.96.154 - - [04/Jan/2024:16:46:41 -0500] "GET /sipse/faces/javax.faces.resource/primefaces.js?ln=primefaces&v=4.0 HTTP/1.1" 200 276924
181.53.96.154 - - [04/Jan/2024:16:46:41 -0500] "GET /sipse/faces/javax.faces.resource/jquery/jquery-plugins.js?ln=primefaces&v=4.0 HTTP/1.1" 200 220526
181.53.96.154 - - [04/Jan/2024:16:46:42 -0500] "GET /sipse/faces/javax.faces.resource/images/ui-icons_898989_256x240.png?ln=primefaces-aristo HTTP/1.1" 200 5355
181.53.96.154 - - [04/Jan/2024:16:46:42 -0500] "GET /sipse/css/imagen/loginimg.png HTTP/1.1" 200 71635
181.53.96.154 - - [04/Jan/2024:16:46:42 -0500] "GET /sipse/css/imagen/logoSDG.png HTTP/1.1" 200 53064
172.22.2.4 - - [04/Jan/2024:16:47:07 -0500] "GET /BLA/boletinlegal/favicon.ico HTTP/1.1" 404 1018
172.22.2.4 - - [04/Jan/2024:16:46:13 -0500] "HEAD /BLA/boletinlegal/ HTTP/1.1" 200 -
52.167.144.167 - - [04/Jan/2024:16:48:38 -0500] "GET /BLA/resoluciones/RESOLUCIONES%202023/02499.pdf HTTP/1.1" 200 439837
52.167.144.219 - - [04/Jan/2024:16:48:42 -0500] "GET /BLA/resoluciones/index.php?dir=RESOLUCIONES+2018%2F HTTP/1.1" 200 281469
52.167.144.219 - - [04/Jan/2024:16:48:43 -0500] "GET /BLA/resoluciones/index.php?dir=AUTOS+2016%2F HTTP/1.1" 200 331625
172.22.2.4 - - [04/Jan/2024:16:47:04 -0500] "GET /BLA/boletinlegal/ HTTP/1.1" 200 58567
179.1.207.37 - - [04/Jan/2024:16:48:45 -0500] "POST /appsia/controlador HTTP/1.1" 200 5437
66.249.66.193 - - [04/Jan/2024:16:48:49 -0500] "GET /un-respiro-para-el-ambiente-durante-la-jornada-de-dia-sin-carro-y-sin-moto.html HTTP/1.1" 304 -
201.245.192.253 - - [04/Jan/2024:16:48:50 -0500] "POST /kwsrmcab/Wsrmcab  HTTP/1.1" 200 36937
181.53.96.154 - - [04/Jan/2024:16:49:54 -0500] "POST /appsia/controlador HTTP/1.1" 200 3603
181.53.96.154 - - [04/Jan/2024:16:49:54 -0500] "GET /appsia/jscripts/validarSolicitud.js HTTP/1.1" 404 68
181.53.96.154 - - [04/Jan/2024:16:49:58 -0500] "POST /appsia/controlador HTTP/1.1" 200 4799
181.53.96.154 - - [04/Jan/2024:16:50:00 -0500] "POST /appsia/controlador HTTP/1.1" 200 4799
181.53.96.154 - - [04/Jan/2024:16:50:07 -0500] "POST /appsia/controlador HTTP/1.1" 200 3603
181.53.96.154 - - [04/Jan/2024:16:50:07 -0500] "GET /appsia/jscripts/validarSolicitud.js HTTP/1.1" 404 68
181.53.96.154 - - [04/Jan/2024:16:50:09 -0500] "POST /appsia/controlador HTTP/1.1" 200 4799
52.167.144.229 - - [04/Jan/2024:16:50:21 -0500] "GET /BLA/resoluciones/AUTOS%202020/1310.pdf HTTP/1.1" 200 333120
181.53.96.154 - - [04/Jan/2024:16:50:35 -0500] "POST /appsia/controlador HTTP/1.1" 200 4799
172.22.2.4 - - [04/Jan/2024:16:50:36 -0500] "GET /BLA/boletinlegal/favicon.ico HTTP/1.1" 404 1018
181.56.53.228 - - [04/Jan/2024:16:50:39 -0500] "GET /las-tres-caminatas-para-cerrar-el-ano-entre-la-naturaleza.html HTTP/1.1" 200 776
216.245.221.92 - - [04/Jan/2024:16:50:44 -0500] "HEAD / HTTP/1.1" 200 -
181.53.96.154 - - [04/Jan/2024:16:50:44 -0500] "POST /appsia/controlador HTTP/1.1" 200 3603
181.53.96.154 - - [04/Jan/2024:16:50:44 -0500] "GET /appsia/jscripts/validarSolicitud.js HTTP/1.1" 404 68
181.53.96.154 - - [04/Jan/2024:16:51:00 -0500] "POST /appsia/controlador HTTP/1.1" 200 4799
66.249.66.20 - - [04/Jan/2024:16:51:01 -0500] "GET /BLA/resoluciones/RESOLUCIONES%202011/4462.pdf HTTP/1.1" 200 554832
52.167.144.167 - - [04/Jan/2024:16:51:05 -0500] "GET /BLA/resoluciones/RESOLUCIONES%202018/3082.pdf HTTP/1.1" 200 350421
52.167.144.167 - - [04/Jan/2024:16:51:05 -0500] "GET /BLA/resoluciones/RESOLUCIONES%202018/3799.pdf HTTP/1.1" 200 272652
52.167.144.187 - - [04/Jan/2024:16:51:09 -0500] "GET /BLA/resoluciones/RESOLUCIONES%202018/4277.pdf HTTP/1.1" 200 2214578
52.167.144.187 - - [04/Jan/2024:16:51:10 -0500] "GET /BLA/resoluciones/RESOLUCIONES%202018/3772.pdf HTTP/1.1" 200 777305
5.9.158.40 - - [04/Jan/2024:16:51:33 -0500] "GET /portaldeninos/humedal-tibanica-2/ HTTP/1.1" 200 87771
181.53.96.154 - - [04/Jan/2024:16:51:42 -0500] "GET /appsia/controlador HTTP/1.1" 200 4799
181.53.96.154 - - [04/Jan/2024:16:51:42 -0500] "GET /appsia/scripts/validarIngreso.js HTTP/1.1" 200 851
181.53.96.154 - - [04/Jan/2024:16:51:42 -0500] "GET /appsia/css/estilos.css HTTP/1.1" 200 4804
181.53.96.154 - - [04/Jan/2024:16:51:42 -0500] "GET /appsia/images/cabezoteHojaVida.png HTTP/1.1" 200 32493
181.53.96.154 - - [04/Jan/2024:16:51:42 -0500] "GET /appsia/images/logo_bogota_p.png HTTP/1.1" 200 14951
181.53.96.154 - - [04/Jan/2024:16:51:43 -0500] "GET /favicon.ico HTTP/1.1" 200 7782
40.77.167.235 - - [04/Jan/2024:16:51:44 -0500] "GET /BLA/resoluciones/index.php?dir=RESOLUCIONES+2019%2F HTTP/1.1" 200 262433
181.53.96.154 - - [04/Jan/2024:16:51:53 -0500] "POST /appsia/controlador HTTP/1.1" 200 3603
181.53.96.154 - - [04/Jan/2024:16:51:53 -0500] "GET /appsia/jscripts/validarSolicitud.js HTTP/1.1" 404 68
40.77.167.235 - - [04/Jan/2024:16:51:55 -0500] "GET /BLA/resoluciones/AUTOS%202020/4714.pdf HTTP/1.1" 200 348181
181.53.96.154 - - [04/Jan/2024:16:51:56 -0500] "POST /appsia/controlador HTTP/1.1" 200 4799
181.53.96.154 - - [04/Jan/2024:16:52:03 -0500] "POST /appsia/controlador HTTP/1.1" 200 3603
181.53.96.154 - - [04/Jan/2024:16:52:03 -0500] "GET /appsia/jscripts/validarSolicitud.js HTTP/1.1" 404 68
181.53.96.154 - - [04/Jan/2024:16:52:05 -0500] "POST /appsia/controlador HTTP/1.1" 200 4799
181.53.96.154 - - [04/Jan/2024:16:52:12 -0500] "POST /appsia/controlador HTTP/1.1" 200 3603
181.53.96.154 - - [04/Jan/2024:16:52:13 -0500] "GET /appsia/jscripts/validarSolicitud.js HTTP/1.1" 404 68
181.53.96.154 - - [04/Jan/2024:16:52:16 -0500] "POST /appsia/controlador HTTP/1.1" 200 4799
181.206.80.162 - - [04/Jan/2024:16:52:44 -0500] "GET /appsia/controladorvalid HTTP/1.1" 404 68
181.206.80.162 - - [04/Jan/2024:16:52:45 -0500] "GET /favicon.ico HTTP/1.1" 200 7782
172.22.2.4 - - [04/Jan/2024:16:53:39 -0500] "GET /BLA/boletinlegal/manage/account/login HTTP/1.1" 404 1018
172.22.2.4 - - [04/Jan/2024:16:52:03 -0500] "HEAD /BLA/boletinlegal/ HTTP/1.1" 200 -
65.108.31.123 - - [04/Jan/2024:16:53:44 -0500] "GET /portaldeninos/parque-mirador-de-los-nevados/ HTTP/1.1" 200 89855
201.245.192.253 - - [04/Jan/2024:16:53:49 -0500] "POST /kwsrmcab/Wsrmcab  HTTP/1.1" 200 36937
181.206.80.162 - - [04/Jan/2024:16:54:09 -0500] "GET /appsia/controladorvalid HTTP/1.1" 404 68
172.22.2.4 - - [04/Jan/2024:16:52:54 -0500] "GET /BLA/boletinlegal/ HTTP/1.1" 200 58969
191.156.49.222 - - [04/Jan/2024:16:55:42 -0500] "GET /appsia/controlador HTTP/1.1" 200 4799
191.156.49.222 - - [04/Jan/2024:16:55:42 -0500] "GET /appsia/css/estilos.css HTTP/1.1" 200 4804
191.156.50.46 - - [04/Jan/2024:16:55:42 -0500] "GET /appsia/scripts/validarIngreso.js HTTP/1.1" 200 851
191.156.52.163 - - [04/Jan/2024:16:55:42 -0500] "GET /appsia/images/logo_bogota_p.png HTTP/1.1" 200 14951
191.156.50.46 - - [04/Jan/2024:16:55:42 -0500] "GET /appsia/images/cabezoteHojaVida.png HTTP/1.1" 200 32493
216.245.221.92 - - [04/Jan/2024:16:55:44 -0500] "HEAD / HTTP/1.1" 200 -
172.22.2.4 - - [04/Jan/2024:16:55:45 -0500] "GET /BLA/boletinlegal/bin/.git/config HTTP/1.1" 404 1018
181.206.80.162 - - [04/Jan/2024:16:56:38 -0500] "GET /appsia/controlador. HTTP/1.1" 404 68
181.206.80.162 - - [04/Jan/2024:16:56:46 -0500] "GET /appsia/controlador HTTP/1.1" 200 4799
181.206.80.162 - - [04/Jan/2024:16:56:47 -0500] "GET /appsia/scripts/validarIngreso.js HTTP/1.1" 200 851
181.206.80.162 - - [04/Jan/2024:16:56:47 -0500] "GET /appsia/css/estilos.css HTTP/1.1" 200 4804
181.206.80.162 - - [04/Jan/2024:16:56:47 -0500] "GET /appsia/images/logo_bogota_p.png HTTP/1.1" 200 14951
181.206.80.162 - - [04/Jan/2024:16:56:47 -0500] "GET /appsia/images/cabezoteHojaVida.png HTTP/1.1" 200 32493
181.53.96.154 - - [04/Jan/2024:16:57:06 -0500] "GET /catalogoisis/ HTTP/1.1" 200 8575
181.53.96.154 - - [04/Jan/2024:16:57:06 -0500] "GET /catalogoisis/Css/Busqueda.css HTTP/1.1" 200 1995
181.53.96.154 - - [04/Jan/2024:16:57:06 -0500] "GET /catalogoisis/Js/AceptarLimpiar.js HTTP/1.1" 200 331
181.53.96.154 - - [04/Jan/2024:16:57:06 -0500] "GET /catalogoisis/Js/Go.js HTTP/1.1" 200 364
181.53.96.154 - - [04/Jan/2024:16:57:06 -0500] "GET /catalogoisis/Js/Numero.js HTTP/1.1" 200 398
181.53.96.154 - - [04/Jan/2024:16:57:06 -0500] "GET /catalogoisis/Js/Cookies.js HTTP/1.1" 200 1369
181.53.96.154 - - [04/Jan/2024:16:57:06 -0500] "GET /catalogoisis/Js/Remote.js HTTP/1.1" 200 436
181.53.96.154 - - [04/Jan/2024:16:57:06 -0500] "GET /catalogoisis/Js/CriterioCombinada.js HTTP/1.1" 200 1843
181.53.96.154 - - [04/Jan/2024:16:57:06 -0500] "GET /catalogoisis/Js/LimpiarCombinada.js HTTP/1.1" 200 207
181.53.96.154 - - [04/Jan/2024:16:57:06 -0500] "GET /catalogoisis/Js/Enter.js HTTP/1.1" 200 1208
181.53.96.154 - - [04/Jan/2024:16:57:06 -0500] "GET /catalogoisis/imagenes/br1c1.gif HTTP/1.1" 200 172
181.53.96.154 - - [04/Jan/2024:16:57:06 -0500] "GET /catalogoisis/imagenes/aceptar1.gif HTTP/1.1" 200 604
181.53.96.154 - - [04/Jan/2024:16:57:06 -0500] "GET /catalogoisis/imagenes/Turnbo1.gif HTTP/1.1" 200 227
181.53.96.154 - - [04/Jan/2024:16:57:06 -0500] "GET /catalogoisis/imagenes/br1c3.gif HTTP/1.1" 200 302
181.53.96.154 - - [04/Jan/2024:16:57:06 -0500] "GET /catalogoisis/imagenes/limpiar1.gif HTTP/1.1" 200 606
181.53.96.154 - - [04/Jan/2024:16:57:06 -0500] "GET /catalogoisis/imagenes/br3c1.gif HTTP/1.1" 200 177
181.53.96.154 - - [04/Jan/2024:16:57:06 -0500] "GET /catalogoisis/imagenes/Header.gif HTTP/1.1" 200 27040
181.53.96.154 - - [04/Jan/2024:16:57:06 -0500] "GET /catalogoisis/imagenes/br3c2.gif HTTP/1.1" 200 285
181.53.96.154 - - [04/Jan/2024:16:57:06 -0500] "GET /catalogoisis/imagenes/br3c3.gif HTTP/1.1" 200 186
181.53.96.154 - - [04/Jan/2024:16:57:06 -0500] "GET /catalogoisis/imagenes/br2c2.gif HTTP/1.1" 200 302
181.53.96.154 - - [04/Jan/2024:16:57:06 -0500] "GET /catalogoisis/imagenes/br1c2.gif HTTP/1.1" 200 297
181.53.96.154 - - [04/Jan/2024:16:57:06 -0500] "GET /catalogoisis/imagenes/br2c3.gif HTTP/1.1" 200 416
181.53.96.154 - - [04/Jan/2024:16:57:06 -0500] "GET /catalogoisis/imagenes/br2c1.gif HTTP/1.1" 200 297
181.206.80.162 - - [04/Jan/2024:16:57:12 -0500] "POST /appsia/controlador HTTP/1.1" 200 3603
181.206.80.162 - - [04/Jan/2024:16:57:12 -0500] "GET /appsia/jscripts/validarSolicitud.js HTTP/1.1" 404 68
52.167.144.187 - - [04/Jan/2024:16:57:21 -0500] "GET /BLA/resoluciones/AUTOS%202020/4602.pdf HTTP/1.1" 200 348760
181.206.80.162 - - [04/Jan/2024:16:57:29 -0500] "POST /appsia/controlador HTTP/1.1" 200 4799
181.206.80.162 - - [04/Jan/2024:16:57:44 -0500] "POST /appsia/controlador HTTP/1.1" 200 3603
181.206.80.162 - - [04/Jan/2024:16:57:44 -0500] "GET /appsia/jscripts/validarSolicitud.js HTTP/1.1" 404 68
69.171.231.120 - - [04/Jan/2024:16:57:50 -0500] "GET /arelis-salgado-sanando-heridas-y-mirando-la-vida-con-esperanza-de-la-mano-de-las-mujeres-que-reverdecen.html HTTP/1.1" 200 915
172.22.2.4 - - [04/Jan/2024:16:57:53 -0500] "GET /BLA/boletinlegal/manage/account/login HTTP/1.1" 404 1018
52.167.144.145 - - [04/Jan/2024:16:57:57 -0500] "GET /BLA/resoluciones/AUTOS%202020/3880.pdf HTTP/1.1" 200 358471
181.206.80.162 - - [04/Jan/2024:16:58:03 -0500] "POST /appsia/controlador HTTP/1.1" 200 4799
181.206.80.162 - - [04/Jan/2024:16:58:24 -0500] "POST /appsia/controlador HTTP/1.1" 200 3603
181.206.80.162 - - [04/Jan/2024:16:58:24 -0500] "GET /appsia/jscripts/validarSolicitud.js HTTP/1.1" 404 68
181.206.80.162 - - [04/Jan/2024:16:58:25 -0500] "POST /appsia/controlador HTTP/1.1" 200 4799
201.245.192.253 - - [04/Jan/2024:16:58:47 -0500] "POST /kwsrmcab/Wsrmcab  HTTP/1.1" 200 36937
181.57.120.177 - - [04/Jan/2024:16:58:51 -0500] "GET /las-tres-caminatas-para-cerrar-el-ano-entre-la-naturaleza.html HTTP/1.1" 200 776
172.22.2.4 - - [04/Jan/2024:16:57:53 -0500] "HEAD /BLA/boletinlegal/ HTTP/1.1" 200 -
181.206.80.162 - - [04/Jan/2024:16:59:43 -0500] "GET /appsia/controladorvalid HTTP/1.1" 404 68
181.53.96.154 - - [04/Jan/2024:16:59:43 -0500] "GET /sipse/faces/index.xhtml HTTP/1.1" 200 677
181.53.96.154 - - [04/Jan/2024:16:59:44 -0500] "GET /sipse/faces/javax.faces.resource/theme.css?ln=primefaces-sipse HTTP/1.1" 304 -
181.53.96.154 - - [04/Jan/2024:16:59:45 -0500] "GET /sipse/faces/javax.faces.resource/theme.css?ln=primefaces-sipse HTTP/1.1" 304 -
181.53.96.154 - - [04/Jan/2024:16:59:45 -0500] "GET /sipse/faces/javax.faces.resource/primefaces.css?ln=primefaces&v=4.0 HTTP/1.1" 304 -
181.53.96.154 - - [04/Jan/2024:16:59:46 -0500] "GET /sipse/faces/javax.faces.resource/jquery/jquery.js?ln=primefaces&v=4.0 HTTP/1.1" 304 -
181.53.96.154 - - [04/Jan/2024:16:59:46 -0500] "GET /sipse/faces/javax.faces.resource/layout/layout.css?ln=primefaces&v=4.0 HTTP/1.1" 304 -
181.53.96.154 - - [04/Jan/2024:16:59:47 -0500] "GET /sipse/faces/javax.faces.resource/jquery/jquery-plugins.js?ln=primefaces&v=4.0 HTTP/1.1" 304 -
181.53.96.154 - - [04/Jan/2024:16:59:47 -0500] "GET /sipse/faces/javax.faces.resource/layout/layout.js?ln=primefaces&v=4.0 HTTP/1.1" 304 -
181.53.96.154 - - [04/Jan/2024:16:59:44 -0500] "GET /sipse/faces/faces/autenticacion.xhtml HTTP/1.1" 200 12401
181.53.96.154 - - [04/Jan/2024:16:59:49 -0500] "GET /sipse/faces/javax.faces.resource/primefaces.js?ln=primefaces&v=4.0 HTTP/1.1" 304 -
181.206.80.162 - - [04/Jan/2024:16:59:50 -0500] "GET /appsia/controlador HTTP/1.1" 200 4799
181.53.96.154 - - [04/Jan/2024:16:59:53 -0500] "GET /sipse/faces/javax.faces.resource/images/ui-icons_898989_256x240.png?ln=primefaces-aristo HTTP/1.1" 304 -
186.144.243.212 - - [04/Jan/2024:16:59:54 -0500] "GET /mesa/contrasena.pdf HTTP/1.1" 200 443199
186.144.243.212 - - [04/Jan/2024:16:59:55 -0500] "GET /mesa/contrasena.pdf HTTP/1.1" 206 1
186.144.243.212 - - [04/Jan/2024:16:59:55 -0500] "GET /mesa/contrasena.pdf HTTP/1.1" 206 262227
181.53.96.154 - - [04/Jan/2024:16:59:57 -0500] "POST /sipse/faces/autenticacion.xhtml HTTP/1.1" 200 2183
181.53.96.154 - - [04/Jan/2024:16:59:58 -0500] "GET /sipse/faces/javax.faces.resource/messages/messages.png?ln=primefaces&v=4.0 HTTP/1.1" 200 27209
181.206.80.162 - - [04/Jan/2024:17:00:05 -0500] "POST /appsia/controlador HTTP/1.1" 200 3603
181.206.80.162 - - [04/Jan/2024:17:00:05 -0500] "GET /appsia/jscripts/validarSolicitud.js HTTP/1.1" 404 68
181.53.96.154 - - [04/Jan/2024:17:00:12 -0500] "POST /sipse/faces/autenticacion.xhtml HTTP/1.1" 200 2187
172.22.2.4 - - [04/Jan/2024:17:00:13 -0500] "GET /BLA/boletinlegal/api/.git/config HTTP/1.1" 404 1018
181.53.96.154 - - [04/Jan/2024:17:00:14 -0500] "POST /sipse/faces/autenticacion.xhtml HTTP/1.1" 200 2187
181.206.80.162 - - [04/Jan/2024:17:00:16 -0500] "GET /appsia/controlador HTTP/1.1" 200 4799
156.59.198.135 - - [04/Jan/2024:17:00:19 -0500] "GET /BLA/resoluciones/Notificaciones/REGISTROS%202021/01757.pdf HTTP/1.0" 200 413335
172.22.2.4 - - [04/Jan/2024:16:58:44 -0500] "GET /BLA/boletinlegal/ HTTP/1.1" 200 58969
181.206.80.162 - - [04/Jan/2024:17:00:30 -0500] "POST /appsia/controlador HTTP/1.1" 200 5437
165.154.172.159 - - [04/Jan/2024:17:00:33 -0500] "GET / HTTP/1.1" 200 319
165.154.172.159 - - [04/Jan/2024:17:00:34 -0500] "\x16\x03\x01" 400 226
165.154.172.159 - - [04/Jan/2024:17:00:35 -0500] "t3 12.1.2" 400 946
181.206.80.162 - - [04/Jan/2024:17:00:35 -0500] "POST /appsia/controlador HTTP/1.1" 200 7732
181.206.80.162 - - [04/Jan/2024:17:00:35 -0500] "GET /appsia/images/logo_escudo.png HTTP/1.1" 200 36965
152.32.170.230 - - [04/Jan/2024:17:00:36 -0500] "GET / HTTP/1.1" 200 319
152.32.170.230 - - [04/Jan/2024:17:00:37 -0500] "GET /favicon.ico HTTP/1.1" 200 7782
152.32.170.230 - - [04/Jan/2024:17:00:38 -0500] "GET /robots.txt HTTP/1.1" 404 1018
152.32.170.230 - - [04/Jan/2024:17:00:38 -0500] "GET /sitemap.xml HTTP/1.1" 404 1018
152.32.170.230 - - [04/Jan/2024:17:00:39 -0500] "GET /axis2-admin/ HTTP/1.1" 404 1018
152.32.170.230 - - [04/Jan/2024:17:00:39 -0500] "GET /axis2/ HTTP/1.1" 404 1018
152.32.170.230 - - [04/Jan/2024:17:00:40 -0500] "GET /axis2/axis2-admin/ HTTP/1.1" 404 1018
156.59.198.136 - - [04/Jan/2024:17:00:43 -0500] "GET /BLA/resoluciones/Notificaciones/REGISTROS%202021/0598.pdf HTTP/1.0" 200 367597
216.245.221.92 - - [04/Jan/2024:17:00:44 -0500] "HEAD / HTTP/1.1" 200 -
181.206.80.162 - - [04/Jan/2024:17:00:54 -0500] "POST /appsia/controlador HTTP/1.1" 200 5437
181.206.80.162 - - [04/Jan/2024:17:00:56 -0500] "POST /appsia/controlador HTTP/1.1" 200 3238
181.206.80.162 - - [04/Jan/2024:17:00:56 -0500] "GET /appsia/jscripts/validarSolicitud.js HTTP/1.1" 404 68
201.245.192.253 - - [04/Jan/2024:17:01:00 -0500] "POST /sipse/faces/presentacion/financiero/solicitudProceso/listarSolicitudProceso.xhtml HTTP/1.1" 200 53768
181.206.80.162 - - [04/Jan/2024:17:01:00 -0500] "POST /appsia/controlador HTTP/1.1" 200 5437
201.245.192.253 - - [04/Jan/2024:17:01:00 -0500] "POST /sipse/faces/presentacion/financiero/solicitudProceso/listarSolicitudProceso.xhtml HTTP/1.1" 200 53768
201.245.192.253 - - [04/Jan/2024:17:01:01 -0500] "POST /sipse/faces/presentacion/financiero/solicitudProceso/listarSolicitudProceso.xhtml HTTP/1.1" 200 1556
201.245.192.253 - - [04/Jan/2024:17:01:01 -0500] "POST /sipse/faces/presentacion/financiero/solicitudProceso/listarSolicitudProceso.xhtml HTTP/1.1" 200 1552
156.59.198.135 - - [04/Jan/2024:17:01:08 -0500] "GET /BLA/resoluciones/Notificaciones/REGISTROS%202021/0090.pdf HTTP/1.0" 200 258431
156.59.198.136 - - [04/Jan/2024:17:01:32 -0500] "GET /BLA/resoluciones/Notificaciones/REGISTROS%202021/0107.pdf HTTP/1.0" 200 373327
66.249.66.21 - - [04/Jan/2024:17:01:33 -0500] "GET /BLA/resoluciones/RESOLUCIONES%202009/4718.pdf HTTP/1.1" 200 359298
156.59.198.136 - - [04/Jan/2024:17:01:58 -0500] "GET /BLA/resoluciones/Notificaciones/REGISTROS%202021/01973.pdf HTTP/1.0" 200 414049
156.59.198.136 - - [04/Jan/2024:17:02:22 -0500] "GET /BLA/resoluciones/Notificaciones/REGISTROS%202021/1445.pdf HTTP/1.0" 200 269694
172.22.2.4 - - [04/Jan/2024:17:02:29 -0500] "GET /BLA/boletinlegal/admin/index.html HTTP/1.1" 200 1692
156.59.198.136 - - [04/Jan/2024:17:02:47 -0500] "GET /BLA/resoluciones/Notificaciones/REGISTROS%202021/01741.pdf HTTP/1.0" 200 401968
66.249.66.19 - - [04/Jan/2024:17:02:59 -0500] "GET /resoluciones/RESOLUCIONES%202008/1187.pdf HTTP/1.1" 404 1018
156.59.198.135 - - [04/Jan/2024:17:03:10 -0500] "GET /BLA/resoluciones/Notificaciones/REGISTROS%202021/01693.pdf HTTP/1.0" 200 264375
156.59.198.135 - - [04/Jan/2024:17:03:35 -0500] "GET /BLA/resoluciones/Notificaciones/REGISTROS%202021/2372.pdf HTTP/1.0" 200 267338
131.72.137.226 - - [04/Jan/2024:17:03:40 -0500] "GET /BLA/boletinlegal/admin/actos/ingresar.php HTTP/1.1" 200 7210
201.245.192.253 - - [04/Jan/2024:17:03:46 -0500] "POST /kwsrmcab/Wsrmcab  HTTP/1.1" 200 36937
156.59.198.136 - - [04/Jan/2024:17:03:59 -0500] "GET /BLA/resoluciones/Notificaciones/REGISTROS%202021/00121.pdf HTTP/1.0" 200 372528
186.112.110.63 - - [04/Jan/2024:17:04:00 -0500] "GET /kwssiamovil/sm/acme/a?s=U2FsdGVkX19FIHJRorjeOOs98lgfTww0vS138iD5e+NtHnbIYviIu9GdVLaCyCQjrCRmp5+MMDjwz5bF8Z2RRFkX8UAMGegfGQCVCNqmF3B4f21BWjYNl5/+gZNTl6ZR2IEVQv+yJWqCqsWNFXfAZ66+DA1cVekeRuhLgW4RaOvdrbiCupNzWmRXdmzGP+yx313nN2sb3s3y3X+9BFOPzyV/SU5NGSRZv2bfZWwILwLjlFEhMX2uvvCbHbxj9e/CwpEUaA11pRUS4zBwzqprtg==&u=U2FsdGVkX1+cG8n6jRogmVlVQ6BH4ES4qgT2nQXC3685gUuFukQR9rYQuqru9Dsu&y=U2FsdGVkX1/qna01YsFDGO1URcOs0lzg8803lpCphkUtNvuOsDZVprNyY+OvSRMc HTTP/1.1" 200 26
186.112.110.63 - - [04/Jan/2024:17:04:01 -0500] "GET /kwssiamovil/sm/acme/a?s=U2FsdGVkX1/kbqbO5LdQCJoJzySw6T1ls6ZeuwGgDWQrX7TM4A+EjBG2kzaGLAU3LYQzMqgYkwm0d7J/ZNzralvi/u22RLpBDtPJIPksLFVlo98FiqFuZDIdi9mC0BDj2iqnaF2mVnyNtR8c3ScpkiU0gWMLqMLsCmI4hnNk25bVBGfw2LXb6XGVGiDQkik88qnRitsT9Lctnxn5loIQ1pGYo/g832Dm7T9lol+CLojNvoA9+Zbolyb3S5hkiXL8VV4M2z1oCtum/LLqT7X0Yvg+5iXs5M7/t8RwF2LvNF10AUtlY0ap2YMirfvTD9a7dW1GbaKU+CrDHTHON3u56J32Jf9ND9f0G7sdTwmKSTl9JpTmIpDoDrMIwHaq7a2cILi1u5EqmT/xXLMyf1dWk3hpF48/VmVd2AbAFqPiQ2dFt985Yh4EgNZxaexMzA1X3OsTMSVJW8082Ae4I36X0ZKdRken49UiTrxbKRXxsCTU/hwYblLAZ3mHYmT+AyW+Ze3qIC7CbIuEURHfop2cljM8gjfuF2bzXRk3kmhQ8w1OVhJ2F7U8/NnhXoaxwusDB04qBnoudmF2K40VbAtWBUjuM/so/k+aVxEk6Vp7NxKFkMLKD04NG89Q0t/FwkaYg1CdF/cMK1cKkK89E0/Tqvo8QLeoZhfcpxPs9YBp3Bigz7KODKC+gQ1ZtwNuxqcfgois/klIQ/ilXHuPDA1mkfF7sqYtBuuNMhoknMGL0xpGRYw0kptqJoVH+c7Z9a4OmXp+va0RPwJ6ZCrNepjDgaoIWYHyptSymvEIBy+IX5nxEy43taWslOippHh8UUGPJgccCozfj13Dbz0cgjWygxcr6QNvpzFGR45ptQrTEQDFfCQpmowQrdMFuACmn6GSKHj8RenaowtppUVrxxKFsVNnJi9z1bsAZobiLc91obzvz10ZMCs5p0vkpCAwsAmSc3/61vOLsVfg8d6RFtW9jDjRzbpkboUXhV2yodDcwYg7+aEfdjaqfTEkKO/tZBKRW8jKyjUOadAY8xSQ99OoI3SgMrp2WS9a0JlmtMz/BWBPTmgSOl/vwE8LY4rnoUt5HtntzFIqRa1n8+2q0ZIhpe4VApNvOi+ZfpbnVymj+yDgn7Dp9gsuBRJNM/zSVDjfhm/7abl4lD1g3DiBRsVfPItpdLifwOVzBL8Zik7S/mo8pvsMcC1/j6WAbj9de44E6q3clfmD1tF2xotDa1poVmpym8lHUK0iFnBDR92L8FeaFiQ8T0/AFy+iFVURxyecntbSxH+Cwal9Qi9wGVkT2Mnu3FY9f6fXMh1FwrSCS03r95mGwliHrEoUSmtxeIM/ETCGhgKqXQeiF/Osr9CHYpz6zfXSLNsMmCxo2f5ohRAxhIG8l5u1sE9tFAq8zqJlugL0FPBImV0KXwCaSdvjA/u5WePQfucgGnNzEhTztW0oaTBbFJnSlMwvK7bY/VrQK8PEwNMap8euk+6ZZhjvp2VLRY7b7AMruLS0zPOBanWhrghWSMHpmISy6EnOGx7/aMAhDO/45t7eRnfvByxPYSRxMUvRb4P4BCZ844Q7ylmLiKMAV2qFnx33ejCPwrCWbO0dW2HHGybLBJbSzrRsPVI4YFOC5rHsLZ0ye8IF04uL2zcS6VH9wwMOFfKnTlS/l/uCFW0BQNwb3N1jj3dgk+2cfUHl5kCk60TWPNQ9Mq21oxMb7/f7vt8BMWfPtcfQXlMyOHQNq6LJprlQoDF5TKnsPJ15sl/Y4L7S68KZq3ANZS1xBHJJXuR1qxgzNPxDZfPAQAgKuxSMsBwA2UpxE2BH4blrkPma4ydcNaubVmpQGzDaGUqVHaZcn7y4UQ9Dl64Gn0qy8Nvt8ThmYXzBBvqOL1B4s4Py9pnICeBRDKBy1wzyIya/l3BpQXhdC/mTumjSPj01gAyVhukqSkyHvP6qQxF6/M/L/a7C0SMPPczJG42UgYK5upenx+PG9LKbBEY0VYpdQ7pb2Q5W4HR9ZQOVctDKz3BIXJgogT2zhLu+Lqo54Bu91M7et3Q6q+tOkNAoNvAP97+qQG56uxTgxUkkYtFatzmy54SZ2VI+XLipnbqxGPK784K7f5o8l+ycKmnYkIEW43xwuYNW1TQJmaK1cfvrIYBOMFbHHYYaa8L+hsLpe8dZrEyvqLIPSFfU00AFHBXJJGtO4UTK2CCcbNkeA1pj2c2oxlDLeBNj9VVostp2uJ7khgEUzhh2zcQ4yex4v0wJ3UnhSPmoorPnSuoWgpAj3pTEYZpsTz5YBHZ3Bv6ZhVc2KNNWEMBqtRyyPeCnCnmcI0MgghuJ7uR7NDt3B1FA2Bi0Gxr6OsSmgTMUdoDwh7+pFSvf+h+alKthksz+xbpsJXjpStnmYe1toETR7Upz43xo7Bo1Pf+0ydp+dsg6mMjz+Z0Kgl72OtgP&u=U2FsdGVkX1+cG8n6jRogmVlVQ6BH4ES4qgT2nQXC3685gUuFukQR9rYQuqru9Dsu&y=U2FsdGVkX1/qna01YsFDGO1URcOs0lzg8803lpCphkUtNvuOsDZVprNyY+OvSRMc HTTP/1.1" 200 26
186.112.110.63 - - [04/Jan/2024:17:04:01 -0500] "GET /kwssiamovil/sm/acme/a?s=U2FsdGVkX185RpyLqBJt1O4Qu4uBeyESUacPU+ixAReYMB0LsHyIWq7emTL2EBgKs66MIpRtRw1DzmQzHr6rh3dwLpWzuOPEZFyzQmVisH7GKXG8DwED1rdGVzIw3KE/imUUNfp30jsLjQRAiTx68Y69Bi8cYIWADQw4t2xIUWI=&u=U2FsdGVkX1+cG8n6jRogmVlVQ6BH4ES4qgT2nQXC3685gUuFukQR9rYQuqru9Dsu&y=U2FsdGVkX1/qna01YsFDGO1URcOs0lzg8803lpCphkUtNvuOsDZVprNyY+OvSRMc HTTP/1.1" 200 26
186.112.110.63 - - [04/Jan/2024:17:04:02 -0500] "GET /kwssiamovil/sm/acme/a?s=U2FsdGVkX1+VmNMYc1pUKCp9b6XTnoANAhdF78lC7gsMQliyLNdSqPfKF6d1D12kyXL8IjVoq5pGRZUmRHmIy11jXTfj/iT5eaxPvC1iWfdMBGoMG75d9qIAyY5H3YzciTPu2MS2RNMI9RK3R/Az43LaWSr1wy1Z2KOrCpjnlO8=&u=U2FsdGVkX1+cG8n6jRogmVlVQ6BH4ES4qgT2nQXC3685gUuFukQR9rYQuqru9Dsu&y=U2FsdGVkX1/qna01YsFDGO1URcOs0lzg8803lpCphkUtNvuOsDZVprNyY+OvSRMc HTTP/1.1" 200 26
186.112.110.63 - - [04/Jan/2024:17:04:02 -0500] "GET /kwssiamovil/sm/acme/a?s=U2FsdGVkX1+oaL/5zRWmMrbjH7aXgIh5dYa/qPym6n7SzgsVxeDI7YYgRwrpq5n1xzrJMi5Nlm+Xp6lt3Hotg0YY5/UmDx9NtPTEcJb0mDWO1fokbTSrci+MnKN72ulbaqyT3YexbZ+yqGHRsZo/6rQiM6PNWSaQ3B8A9QYCyxg=&u=U2FsdGVkX1+cG8n6jRogmVlVQ6BH4ES4qgT2nQXC3685gUuFukQR9rYQuqru9Dsu&y=U2FsdGVkX1/qna01YsFDGO1URcOs0lzg8803lpCphkUtNvuOsDZVprNyY+OvSRMc HTTP/1.1" 200 26
186.112.110.63 - - [04/Jan/2024:17:04:02 -0500] "GET /kwssiamovil/sm/acme/a?s=U2FsdGVkX1/rLxQhTwRYG6Yk4X0DkDrSaCVcJmoff6//ll4otFzXjcCx6GfXyE2wJtWI8l7p8BYIyxK6JAWtX9p5puPtt7Qhyt+LNHBdgSOyf+urJo9oExcSGRWsJpHIAY7yIeextUu+TdY6bAeccgqRW90eKNnZqPm6cwWHiOVAjbaSH5eksF/HPOH2zO1JK2iVHtObDdSUdaGJsQae5w==&u=U2FsdGVkX1+cG8n6jRogmVlVQ6BH4ES4qgT2nQXC3685gUuFukQR9rYQuqru9Dsu&y=U2FsdGVkX1/qna01YsFDGO1URcOs0lzg8803lpCphkUtNvuOsDZVprNyY+OvSRMc HTTP/1.1" 200 26
156.59.198.136 - - [04/Jan/2024:17:04:23 -0500] "GET /BLA/resoluciones/Notificaciones/REGISTROS%202021/02008.pdf HTTP/1.0" 200 416369
181.206.80.162 - - [04/Jan/2024:17:04:28 -0500] "POST /appsia/controlador HTTP/1.1" 200 7732
40.77.167.8 - - [04/Jan/2024:17:04:47 -0500] "GET /BLA/resoluciones/AUTOS%202020/3630.pdf HTTP/1.1" 200 448100
156.59.198.136 - - [04/Jan/2024:17:04:48 -0500] "GET /BLA/resoluciones/Notificaciones/REGISTROS%202021/0872.pdf HTTP/1.0" 200 374316
181.206.80.162 - - [04/Jan/2024:17:05:07 -0500] "POST /appsia/controlador HTTP/1.1" 200 5437
181.206.80.162 - - [04/Jan/2024:17:05:09 -0500] "POST /appsia/controlador HTTP/1.1" 200 4799
156.59.198.136 - - [04/Jan/2024:17:05:12 -0500] "GET /BLA/resoluciones/Notificaciones/REGISTROS%202021/00278.pdf HTTP/1.0" 200 371492
172.22.2.4 - - [04/Jan/2024:17:03:43 -0500] "HEAD /BLA/boletinlegal/ HTTP/1.1" 200 -
156.59.198.135 - - [04/Jan/2024:17:05:37 -0500] "GET /BLA/resoluciones/Notificaciones/REGISTROS%202021/0885.pdf HTTP/1.0" 200 373457
216.245.221.92 - - [04/Jan/2024:17:05:44 -0500] "HEAD / HTTP/1.1" 200 -
156.59.198.135 - - [04/Jan/2024:17:06:02 -0500] "GET /BLA/resoluciones/Notificaciones/REGISTROS%202021/0278.pdf HTTP/1.0" 200 371492
172.22.2.4 - - [04/Jan/2024:17:04:34 -0500] "GET /BLA/boletinlegal/ HTTP/1.1" 200 58567
156.59.198.135 - - [04/Jan/2024:17:06:25 -0500] "GET /BLA/resoluciones/Notificaciones/REGISTROS%202021/00068.pdf HTTP/1.0" 200 258497
172.22.2.4 - - [04/Jan/2024:17:06:28 -0500] "GET /BLA/boletinlegal/admin/index.html HTTP/1.1" 200 1692
40.77.167.15 - - [04/Jan/2024:17:06:44 -0500] "GET /forest/ HTTP/1.1" 200 12041
156.59.198.135 - - [04/Jan/2024:17:06:50 -0500] "GET /BLA/resoluciones/Notificaciones/REGISTROS%202021/1082.pdf HTTP/1.0" 200 375567
173.252.107.4 - - [04/Jan/2024:17:07:10 -0500] "GET /distrito-exalta-48-arboles-patrimoniales-y-15-de-interes-publico-en-bogota.html HTTP/1.1" 206 816
173.252.107.1 - - [04/Jan/2024:17:07:10 -0500] "GET /distrito-exalta-48-arboles-patrimoniales-y-15-de-interes-publico-en-bogota.html HTTP/1.1" 206 816
173.252.107.1 - - [04/Jan/2024:17:07:10 -0500] "GET /distrito-exalta-48-arboles-patrimoniales-y-15-de-interes-publico-en-bogota.html HTTP/1.1" 206 816
173.252.107.5 - - [04/Jan/2024:17:07:10 -0500] "GET /distrito-exalta-48-arboles-patrimoniales-y-15-de-interes-publico-en-bogota.html HTTP/1.1" 206 816
173.252.107.116 - - [04/Jan/2024:17:07:10 -0500] "GET /distrito-exalta-48-arboles-patrimoniales-y-15-de-interes-publico-en-bogota.html HTTP/1.1" 200 816
173.252.107.1 - - [04/Jan/2024:17:07:11 -0500] "GET /distrito-exalta-48-arboles-patrimoniales-y-15-de-interes-publico-en-bogota.html HTTP/1.1" 200 816
173.252.107.4 - - [04/Jan/2024:17:07:14 -0500] "GET /distrito-exalta-48-arboles-patrimoniales-y-15-de-interes-publico-en-bogota.html HTTP/1.1" 200 816
156.59.198.136 - - [04/Jan/2024:17:07:15 -0500] "GET /BLA/resoluciones/Notificaciones/REGISTROS%202021/02174.pdf HTTP/1.0" 200 404263
156.59.198.135 - - [04/Jan/2024:17:07:38 -0500] "GET /BLA/resoluciones/Notificaciones/REGISTROS%202021/01842.pdf HTTP/1.0" 200 376101
216.244.66.195 - - [04/Jan/2024:17:07:43 -0500] "GET /robots.txt HTTP/1.1" 404 1018
156.59.198.136 - - [04/Jan/2024:17:08:03 -0500] "GET /BLA/resoluciones/Notificaciones/REGISTROS%202021/02542.pdf HTTP/1.0" 200 273711
156.59.198.136 - - [04/Jan/2024:17:08:27 -0500] "GET /BLA/resoluciones/Notificaciones/REGISTROS%202021/01797.pdf HTTP/1.0" 200 378190
52.167.144.229 - - [04/Jan/2024:17:08:30 -0500] "GET /BLA/resoluciones/AUTOS%202020/3533.pdf HTTP/1.1" 200 333715
201.245.192.253 - - [04/Jan/2024:17:08:45 -0500] "POST /kwsrmcab/Wsrmcab  HTTP/1.1" 200 36937
156.59.198.135 - - [04/Jan/2024:17:08:51 -0500] "GET /BLA/resoluciones/Notificaciones/REGISTROS%202021/0557.pdf HTTP/1.0" 200 365914
156.59.198.135 - - [04/Jan/2024:17:09:17 -0500] "GET /BLA/resoluciones/Notificaciones/REGISTROS%202021/00063.pdf HTTP/1.0" 200 257689
156.59.198.136 - - [04/Jan/2024:17:09:41 -0500] "GET /BLA/resoluciones/Notificaciones/REGISTROS%202021/01083.pdf HTTP/1.0" 200 377216
156.59.198.135 - - [04/Jan/2024:17:10:04 -0500] "GET /BLA/resoluciones/Notificaciones/REGISTROS%202021/00909.pdf HTTP/1.0" 200 372834
156.59.198.135 - - [04/Jan/2024:17:10:28 -0500] "GET /BLA/resoluciones/Notificaciones/REGISTROS%202021/01932.pdf HTTP/1.0" 200 423316
40.77.167.247 - - [04/Jan/2024:17:10:42 -0500] "GET /BLA/resoluciones/AUTOS%202020/3250.pdf HTTP/1.1" 200 350133
216.245.221.92 - - [04/Jan/2024:17:10:44 -0500] "HEAD / HTTP/1.1" 200 -
172.22.2.4 - - [04/Jan/2024:17:10:52 -0500] "GET /BLA/boletinlegal/index.html HTTP/1.1" 404 1018
156.59.198.135 - - [04/Jan/2024:17:10:53 -0500] "GET /BLA/resoluciones/Notificaciones/REGISTROS%202021/1112.pdf HTTP/1.0" 200 275231
5.9.158.8 - - [04/Jan/2024:17:11:01 -0500] "GET /portaldeninos/humedal-capellania-2/ HTTP/1.1" 200 87949
172.22.2.4 - - [04/Jan/2024:17:09:33 -0500] "HEAD /BLA/boletinlegal/ HTTP/1.1" 200 -
156.59.198.135 - - [04/Jan/2024:17:11:18 -0500] "GET /BLA/resoluciones/Notificaciones/REGISTROS%202021/00269.pdf HTTP/1.0" 200 376151
156.59.198.136 - - [04/Jan/2024:17:11:42 -0500] "GET /BLA/resoluciones/Notificaciones/REGISTROS%202021/01127.pdf HTTP/1.0" 200 272810
40.77.167.247 - - [04/Jan/2024:17:11:42 -0500] "GET /BLA/resoluciones/AUTOS%202020/3760.pdf HTTP/1.1" 200 1237866
172.22.2.4 - - [04/Jan/2024:17:10:23 -0500] "GET /BLA/boletinlegal/ HTTP/1.1" 200 60910
156.59.198.135 - - [04/Jan/2024:17:12:06 -0500] "GET /BLA/resoluciones/Notificaciones/REGISTROS%202021/01243.pdf HTTP/1.0" 200 408334
156.59.198.136 - - [04/Jan/2024:17:12:30 -0500] "GET /BLA/resoluciones/Notificaciones/REGISTROS%202021/0231.pdf HTTP/1.0" 200 372881
131.72.137.226 - - [04/Jan/2024:17:12:33 -0500] "POST /BLA/boletinlegal/admin/actos/ingresar.php HTTP/1.1" 200 7303
156.59.198.136 - - [04/Jan/2024:17:12:55 -0500] "GET /BLA/resoluciones/Notificaciones/REGISTROS%202021/00241.pdf HTTP/1.0" 200 372113
156.59.198.135 - - [04/Jan/2024:17:13:19 -0500] "GET /BLA/resoluciones/Notificaciones/REGISTROS%202021/01849.pdf HTTP/1.0" 200 378348
52.167.144.229 - - [04/Jan/2024:17:13:30 -0500] "GET /BLA/resoluciones/index.php?dir=AUTOS+2018%2F HTTP/1.1" 200 469056
156.59.198.136 - - [04/Jan/2024:17:13:45 -0500] "GET /BLA/resoluciones/Notificaciones/REGISTROS%202021/01465.pdf HTTP/1.0" 200 275650
201.245.192.253 - - [04/Jan/2024:17:13:44 -0500] "POST /kwsrmcab/Wsrmcab  HTTP/1.1" 200 36937
181.53.96.154 - - [04/Jan/2024:17:14:04 -0500] "GET /appsia/controlador HTTP/1.1" 200 4799
156.59.198.136 - - [04/Jan/2024:17:14:08 -0500] "GET /BLA/resoluciones/Notificaciones/REGISTROS%202021/02217.pdf HTTP/1.0" 200 407365
172.22.2.4 - - [04/Jan/2024:17:14:21 -0500] "GET /BLA/boletinlegal/index.html HTTP/1.1" 404 1018
181.53.96.154 - - [04/Jan/2024:17:14:22 -0500] "POST /appsia/controlador HTTP/1.1" 200 3603
181.53.96.154 - - [04/Jan/2024:17:14:22 -0500] "GET /appsia/jscripts/validarSolicitud.js HTTP/1.1" 404 68
181.53.96.154 - - [04/Jan/2024:17:14:26 -0500] "POST /appsia/controlador HTTP/1.1" 200 4799
181.53.96.154 - - [04/Jan/2024:17:14:33 -0500] "POST /appsia/controlador HTTP/1.1" 200 3603
181.53.96.154 - - [04/Jan/2024:17:14:33 -0500] "GET /appsia/jscripts/validarSolicitud.js HTTP/1.1" 404 68
156.59.198.135 - - [04/Jan/2024:17:14:33 -0500] "GET /BLA/resoluciones/Notificaciones/REGISTROS%202021/01119.pdf HTTP/1.0" 200 272637
181.53.96.154 - - [04/Jan/2024:17:14:36 -0500] "POST /appsia/controlador HTTP/1.1" 200 4799
181.53.96.154 - - [04/Jan/2024:17:14:44 -0500] "POST /appsia/controlador HTTP/1.1" 200 3603
181.53.96.154 - - [04/Jan/2024:17:14:44 -0500] "GET /appsia/jscripts/validarSolicitud.js HTTP/1.1" 404 68
181.53.96.154 - - [04/Jan/2024:17:14:46 -0500] "POST /appsia/controlador HTTP/1.1" 200 4799
181.53.96.154 - - [04/Jan/2024:17:14:52 -0500] "GET /appsia HTTP/1.1" 404 1120
186.84.89.238 - - [04/Jan/2024:17:14:55 -0500] "GET /sipse/faces/javax.faces.resource/images/ui-bg_flat_0_2d5972_40x100.png?ln=primefaces-aristo HTTP/1.1" 304 -
186.84.89.238 - - [04/Jan/2024:17:14:55 -0500] "POST /sipse/faces/presentacion/financiero/solicitudProceso/consultarSolicitudProceso.xhtml HTTP/1.1" 200 42123
186.84.89.238 - - [04/Jan/2024:17:14:55 -0500] "GET /sipse/faces/javax.faces.resource/primefaces.css?ln=primefaces&v=4.0 HTTP/1.1" 304 -
186.84.89.238 - - [04/Jan/2024:17:14:55 -0500] "GET /sipse/faces/javax.faces.resource/theme.css?ln=primefaces-sipse HTTP/1.1" 304 -
186.84.89.238 - - [04/Jan/2024:17:14:55 -0500] "GET /sipse/faces/javax.faces.resource/layout/layout.css?ln=primefaces&v=4.0 HTTP/1.1" 304 -
186.84.89.238 - - [04/Jan/2024:17:14:55 -0500] "GET /sipse/faces/javax.faces.resource/jquery/jquery.js?ln=primefaces&v=4.0 HTTP/1.1" 304 -
186.84.89.238 - - [04/Jan/2024:17:14:55 -0500] "GET /sipse/faces/javax.faces.resource/jquery/jquery-plugins.js?ln=primefaces&v=4.0 HTTP/1.1" 304 -
186.84.89.238 - - [04/Jan/2024:17:14:55 -0500] "GET /sipse/faces/javax.faces.resource/primefaces.js?ln=primefaces&v=4.0 HTTP/1.1" 304 -
186.84.89.238 - - [04/Jan/2024:17:14:55 -0500] "GET /sipse/faces/javax.faces.resource/layout/layout.js?ln=primefaces&v=4.0 HTTP/1.1" 304 -
186.84.89.238 - - [04/Jan/2024:17:14:55 -0500] "GET /sipse/css/imagen/contrasena.png HTTP/1.1" 404 383
186.84.89.238 - - [04/Jan/2024:17:14:55 -0500] "POST /sipse/faces/presentacion/financiero/solicitudProceso/consultar.xhtml HTTP/1.1" 200 35484
186.84.89.238 - - [04/Jan/2024:17:14:55 -0500] "POST /sipse/faces/presentacion/financiero/solicitudProceso/consultar.xhtml HTTP/1.1" 200 35484
186.84.89.238 - - [04/Jan/2024:17:14:55 -0500] "POST /sipse/faces/presentacion/financiero/solicitudProceso/consultar.xhtml HTTP/1.1" 200 35484
186.84.89.238 - - [04/Jan/2024:17:14:55 -0500] "POST /sipse/faces/presentacion/financiero/solicitudProceso/consultar.xhtml HTTP/1.1" 200 35484
186.84.89.238 - - [04/Jan/2024:17:14:55 -0500] "POST /sipse/faces/presentacion/financiero/solicitudProceso/consultar.xhtml HTTP/1.1" 200 35484
156.59.198.135 - - [04/Jan/2024:17:14:57 -0500] "GET /BLA/resoluciones/Notificaciones/REGISTROS%202021/00575.pdf HTTP/1.0" 200 367493
186.84.89.238 - - [04/Jan/2024:17:14:58 -0500] "POST /sipse/faces/presentacion/financiero/solicitudProceso/consultar.xhtml HTTP/1.1" 200 12910
181.53.96.154 - - [04/Jan/2024:17:14:59 -0500] "GET / HTTP/1.1" 200 319
186.84.89.238 - - [04/Jan/2024:17:15:01 -0500] "POST /sipse/faces/presentacion/financiero/solicitudProceso/consultar.xhtml HTTP/1.1" 200 151226
186.84.89.238 - - [04/Jan/2024:17:15:01 -0500] "GET /sipse/faces/javax.faces.resource/primefaces.css?ln=primefaces&v=4.0 HTTP/1.1" 304 -
186.84.89.238 - - [04/Jan/2024:17:15:01 -0500] "GET /sipse/faces/javax.faces.resource/theme.css?ln=primefaces-sipse HTTP/1.1" 304 -
186.84.89.238 - - [04/Jan/2024:17:15:01 -0500] "GET /sipse/faces/javax.faces.resource/layout/layout.css?ln=primefaces&v=4.0 HTTP/1.1" 304 -
186.84.89.238 - - [04/Jan/2024:17:15:01 -0500] "GET /sipse/faces/javax.faces.resource/jquery/jquery.js?ln=primefaces&v=4.0 HTTP/1.1" 304 -
186.84.89.238 - - [04/Jan/2024:17:15:01 -0500] "GET /sipse/faces/javax.faces.resource/jquery/jquery-plugins.js?ln=primefaces&v=4.0 HTTP/1.1" 304 -
186.84.89.238 - - [04/Jan/2024:17:15:01 -0500] "GET /sipse/faces/javax.faces.resource/primefaces.js?ln=primefaces&v=4.0 HTTP/1.1" 304 -
186.84.89.238 - - [04/Jan/2024:17:15:01 -0500] "GET /sipse/faces/javax.faces.resource/layout/layout.js?ln=primefaces&v=4.0 HTTP/1.1" 304 -
186.84.89.238 - - [04/Jan/2024:17:15:01 -0500] "GET /sipse/css/imagen/contrasena.png HTTP/1.1" 404 383
181.53.96.154 - - [04/Jan/2024:17:15:07 -0500] "GET / HTTP/1.1" 304 -
181.53.96.154 - - [04/Jan/2024:17:15:13 -0500] "GET /sipse/faces/index.xhtml HTTP/1.1" 200 677
186.84.89.238 - - [04/Jan/2024:17:15:13 -0500] "POST /sipse/faces/presentacion/financiero/solicitudProceso/consultarSolicitudProceso.xhtml HTTP/1.1" 200 114774
181.53.96.154 - - [04/Jan/2024:17:15:13 -0500] "GET /sipse/faces/javax.faces.resource/theme.css?ln=primefaces-sipse HTTP/1.1" 304 -
181.53.96.154 - - [04/Jan/2024:17:15:14 -0500] "GET /sipse/faces/javax.faces.resource/theme.css?ln=primefaces-sipse HTTP/1.1" 304 -
181.53.96.154 - - [04/Jan/2024:17:15:14 -0500] "GET /sipse/faces/javax.faces.resource/primefaces.css?ln=primefaces&v=4.0 HTTP/1.1" 304 -
181.53.96.154 - - [04/Jan/2024:17:15:14 -0500] "GET /sipse/faces/javax.faces.resource/layout/layout.css?ln=primefaces&v=4.0 HTTP/1.1" 304 -
181.53.96.154 - - [04/Jan/2024:17:15:14 -0500] "GET /sipse/faces/javax.faces.resource/jquery/jquery.js?ln=primefaces&v=4.0 HTTP/1.1" 304 -
181.53.96.154 - - [04/Jan/2024:17:15:14 -0500] "GET /sipse/faces/javax.faces.resource/jquery/jquery-plugins.js?ln=primefaces&v=4.0 HTTP/1.1" 304 -
181.53.96.154 - - [04/Jan/2024:17:15:15 -0500] "GET /sipse/faces/javax.faces.resource/primefaces.js?ln=primefaces&v=4.0 HTTP/1.1" 304 -
181.53.96.154 - - [04/Jan/2024:17:15:15 -0500] "GET /sipse/faces/javax.faces.resource/layout/layout.js?ln=primefaces&v=4.0 HTTP/1.1" 304 -
181.53.96.154 - - [04/Jan/2024:17:15:13 -0500] "GET /sipse/faces/faces/autenticacion.xhtml HTTP/1.1" 200 12403
181.53.96.154 - - [04/Jan/2024:17:15:16 -0500] "GET /sipse/faces/javax.faces.resource/images/ui-icons_898989_256x240.png?ln=primefaces-aristo HTTP/1.1" 304 -
156.59.198.135 - - [04/Jan/2024:17:15:21 -0500] "GET /BLA/resoluciones/Notificaciones/REGISTROS%202021/0474.pdf HTTP/1.0" 200 370398
201.245.192.253 - - [04/Jan/2024:17:15:21 -0500] "POST /kwsrmcab/Wsrmcab HTTP/1.1" 200 40479
201.245.192.253 - - [04/Jan/2024:17:15:24 -0500] "POST /kwsrmcab/Wsrmcab HTTP/1.1" 200 37044
181.53.96.154 - - [04/Jan/2024:17:15:28 -0500] "GET /sipse/faces/javax.faces.resource/theme.css?ln=primefaces-sipse HTTP/1.1" 304 -
181.53.96.154 - - [04/Jan/2024:17:15:28 -0500] "GET /sipse/faces/javax.faces.resource/primefaces.css?ln=primefaces&v=4.0 HTTP/1.1" 304 -
181.53.96.154 - - [04/Jan/2024:17:15:28 -0500] "GET /sipse/faces/javax.faces.resource/layout/layout.css?ln=primefaces&v=4.0 HTTP/1.1" 304 -
181.53.96.154 - - [04/Jan/2024:17:15:28 -0500] "GET /sipse/faces/javax.faces.resource/jquery/jquery-plugins.js?ln=primefaces&v=4.0 HTTP/1.1" 304 -
181.53.96.154 - - [04/Jan/2024:17:15:28 -0500] "GET /sipse/faces/javax.faces.resource/jquery/jquery.js?ln=primefaces&v=4.0 HTTP/1.1" 304 -
181.53.96.154 - - [04/Jan/2024:17:15:30 -0500] "GET /sipse/faces/javax.faces.resource/primefaces.js?ln=primefaces&v=4.0 HTTP/1.1" 304 -
181.53.96.154 - - [04/Jan/2024:17:15:24 -0500] "GET /sipse/faces/faces/autenticacion.xhtml HTTP/1.1" 200 12403
181.53.96.154 - - [04/Jan/2024:17:15:30 -0500] "GET /sipse/faces/javax.faces.resource/layout/layout.js?ln=primefaces&v=4.0 HTTP/1.1" 304 -
181.53.96.154 - - [04/Jan/2024:17:15:31 -0500] "GET /sipse/faces/faces/index.xhtml HTTP/1.1" 200 677
181.53.96.154 - - [04/Jan/2024:17:15:31 -0500] "GET /sipse/faces/javax.faces.resource/theme.css?ln=primefaces-sipse HTTP/1.1" 304 -
181.53.96.154 - - [04/Jan/2024:17:15:32 -0500] "GET /sipse/faces/javax.faces.resource/theme.css?ln=primefaces-sipse HTTP/1.1" 304 -
181.53.96.154 - - [04/Jan/2024:17:15:32 -0500] "GET /sipse/faces/javax.faces.resource/primefaces.css?ln=primefaces&v=4.0 HTTP/1.1" 304 -
181.53.96.154 - - [04/Jan/2024:17:15:32 -0500] "GET /sipse/faces/javax.faces.resource/layout/layout.css?ln=primefaces&v=4.0 HTTP/1.1" 304 -
181.53.96.154 - - [04/Jan/2024:17:15:32 -0500] "GET /sipse/faces/javax.faces.resource/jquery/jquery.js?ln=primefaces&v=4.0 HTTP/1.1" 304 -
181.53.96.154 - - [04/Jan/2024:17:15:32 -0500] "GET /sipse/faces/javax.faces.resource/jquery/jquery-plugins.js?ln=primefaces&v=4.0 HTTP/1.1" 304 -
181.53.96.154 - - [04/Jan/2024:17:15:32 -0500] "GET /sipse/faces/javax.faces.resource/layout/layout.js?ln=primefaces&v=4.0 HTTP/1.1" 304 -
181.53.96.154 - - [04/Jan/2024:17:15:32 -0500] "GET /sipse/faces/javax.faces.resource/primefaces.js?ln=primefaces&v=4.0 HTTP/1.1" 304 -
181.53.96.154 - - [04/Jan/2024:17:15:31 -0500] "GET /sipse/faces/faces/faces/autenticacion.xhtml HTTP/1.1" 200 12403
216.245.221.92 - - [04/Jan/2024:17:15:44 -0500] "HEAD / HTTP/1.1" 200 -
156.59.198.136 - - [04/Jan/2024:17:15:46 -0500] "GET /BLA/resoluciones/Notificaciones/REGISTROS%202021/01825.pdf HTTP/1.0" 200 377848
181.53.96.154 - - [04/Jan/2024:17:15:46 -0500] "GET /sipse/faces/faces/faces/recuperarclave.xhtml HTTP/1.1" 200 9082
181.53.96.154 - - [04/Jan/2024:17:15:46 -0500] "GET /sipse/faces/javax.faces.resource/theme.css?ln=primefaces-sipse HTTP/1.1" 304 -
181.53.96.154 - - [04/Jan/2024:17:15:47 -0500] "GET /sipse/faces/javax.faces.resource/primefaces.css?ln=primefaces&v=4.0 HTTP/1.1" 304 -
181.53.96.154 - - [04/Jan/2024:17:15:47 -0500] "GET /sipse/faces/javax.faces.resource/layout/layout.css?ln=primefaces&v=4.0 HTTP/1.1" 304 -
181.53.96.154 - - [04/Jan/2024:17:15:47 -0500] "GET /sipse/css/v_recuperar_clave.css HTTP/1.1" 200 1199
181.53.96.154 - - [04/Jan/2024:17:15:47 -0500] "GET /sipse/faces/javax.faces.resource/jquery/jquery.js?ln=primefaces&v=4.0 HTTP/1.1" 304 -
181.53.96.154 - - [04/Jan/2024:17:15:47 -0500] "GET /sipse/faces/javax.faces.resource/jquery/jquery-plugins.js?ln=primefaces&v=4.0 HTTP/1.1" 304 -
181.53.96.154 - - [04/Jan/2024:17:15:47 -0500] "GET /sipse/faces/javax.faces.resource/primefaces.js?ln=primefaces&v=4.0 HTTP/1.1" 304 -
181.53.96.154 - - [04/Jan/2024:17:15:47 -0500] "GET /sipse/faces/javax.faces.resource/layout/layout.js?ln=primefaces&v=4.0 HTTP/1.1" 304 -
181.53.96.154 - - [04/Jan/2024:17:15:47 -0500] "GET /sipse/css/imagen/clave.png HTTP/1.1" 200 12376
181.53.96.154 - - [04/Jan/2024:17:15:47 -0500] "GET /sipse/css/imagen/cargandoC.gif HTTP/1.1" 200 36959
181.53.96.154 - - [04/Jan/2024:17:16:02 -0500] "GET /sipse/faces/javax.faces.resource/images/ui-bg_flat_0_2d5972_40x100.png?ln=primefaces-aristo HTTP/1.1" 200 183
181.53.96.154 - - [04/Jan/2024:17:16:02 -0500] "POST /sipse/faces/recuperarclave.xhtml HTTP/1.1" 200 2158
181.53.96.154 - - [04/Jan/2024:17:16:02 -0500] "GET /sipse/faces/javax.faces.resource/messages/messages.png?ln=primefaces&v=4.0 HTTP/1.1" 304 -
181.53.96.154 - - [04/Jan/2024:17:16:06 -0500] "POST /sipse/faces/recuperarclave.xhtml HTTP/1.1" 200 123
181.53.96.154 - - [04/Jan/2024:17:16:06 -0500] "GET /sipse/faces/faces/faces/autenticacion.xhtml HTTP/1.1" 200 12403
181.53.96.154 - - [04/Jan/2024:17:16:06 -0500] "GET /sipse/faces/javax.faces.resource/theme.css?ln=primefaces-sipse HTTP/1.1" 304 -
181.53.96.154 - - [04/Jan/2024:17:16:06 -0500] "GET /sipse/faces/javax.faces.resource/primefaces.css?ln=primefaces&v=4.0 HTTP/1.1" 304 -
181.53.96.154 - - [04/Jan/2024:17:16:06 -0500] "GET /sipse/faces/javax.faces.resource/jquery/jquery-plugins.js?ln=primefaces&v=4.0 HTTP/1.1" 304 -
181.53.96.154 - - [04/Jan/2024:17:16:06 -0500] "GET /sipse/faces/javax.faces.resource/primefaces.js?ln=primefaces&v=4.0 HTTP/1.1" 304 -
181.53.96.154 - - [04/Jan/2024:17:16:06 -0500] "GET /sipse/faces/javax.faces.resource/layout/layout.css?ln=primefaces&v=4.0 HTTP/1.1" 304 -
181.53.96.154 - - [04/Jan/2024:17:16:06 -0500] "GET /sipse/faces/javax.faces.resource/jquery/jquery.js?ln=primefaces&v=4.0 HTTP/1.1" 304 -
181.53.96.154 - - [04/Jan/2024:17:16:06 -0500] "GET /sipse/faces/javax.faces.resource/layout/layout.js?ln=primefaces&v=4.0 HTTP/1.1" 304 -
156.59.198.135 - - [04/Jan/2024:17:16:10 -0500] "GET /BLA/resoluciones/Notificaciones/REGISTROS%202021/1091.pdf HTTP/1.0" 200 369878
181.53.96.154 - - [04/Jan/2024:17:16:17 -0500] "GET /appsia/controlador HTTP/1.1" 200 4799
172.22.2.4 - - [04/Jan/2024:17:14:40 -0500] "HEAD /BLA/boletinlegal/ HTTP/1.1" 200 -
181.53.96.154 - - [04/Jan/2024:17:16:32 -0500] "POST /appsia/controlador HTTP/1.1" 200 3625
181.53.96.154 - - [04/Jan/2024:17:16:32 -0500] "GET /appsia/jscripts/validarSolicitud.js HTTP/1.1" 404 68
156.59.198.135 - - [04/Jan/2024:17:16:35 -0500] "GET /BLA/resoluciones/Notificaciones/REGISTROS%202021/0364.pdf HTTP/1.0" 200 367768
181.53.96.154 - - [04/Jan/2024:17:16:36 -0500] "POST /appsia/controlador HTTP/1.1" 200 4799
181.53.96.154 - - [04/Jan/2024:17:16:43 -0500] "POST /appsia/controlador HTTP/1.1" 200 3603
181.53.96.154 - - [04/Jan/2024:17:16:43 -0500] "GET /appsia/jscripts/validarSolicitud.js HTTP/1.1" 404 68
181.53.96.154 - - [04/Jan/2024:17:16:44 -0500] "POST /appsia/controlador HTTP/1.1" 200 4799
66.249.66.20 - - [04/Jan/2024:17:16:45 -0500] "GET /BLA/resoluciones/RESOLUCIONES%202009/4627.pdf HTTP/1.1" 200 644165
181.53.96.154 - - [04/Jan/2024:17:16:49 -0500] "POST /appsia/controlador HTTP/1.1" 200 3603
181.53.96.154 - - [04/Jan/2024:17:16:49 -0500] "GET /appsia/jscripts/validarSolicitud.js HTTP/1.1" 404 68
181.53.96.154 - - [04/Jan/2024:17:16:52 -0500] "POST /appsia/controlador HTTP/1.1" 200 4799
156.59.198.136 - - [04/Jan/2024:17:16:58 -0500] "GET /BLA/resoluciones/Notificaciones/REGISTROS%202021/00061.pdf HTTP/1.0" 200 259099
181.53.96.154 - - [04/Jan/2024:17:16:59 -0500] "POST /appsia/controlador HTTP/1.1" 200 3603
181.53.96.154 - - [04/Jan/2024:17:16:59 -0500] "GET /appsia/jscripts/validarSolicitud.js HTTP/1.1" 404 68
181.53.96.154 - - [04/Jan/2024:17:17:01 -0500] "POST /appsia/controlador HTTP/1.1" 200 4799
172.22.2.4 - - [04/Jan/2024:17:17:02 -0500] "GET /BLA/boletinlegal/+CSCOE+/logon.html HTTP/1.1" 404 1018
172.22.2.4 - - [04/Jan/2024:17:15:23 -0500] "HEAD /BLA/boletinlegal/ HTTP/1.1" 200 -
181.53.96.154 - - [04/Jan/2024:17:17:13 -0500] "POST /appsia/controlador HTTP/1.1" 200 3603
181.53.96.154 - - [04/Jan/2024:17:17:13 -0500] "GET /appsia/jscripts/validarSolicitud.js HTTP/1.1" 404 68
66.249.66.19 - - [04/Jan/2024:17:17:21 -0500] "GET /BLA/resoluciones/RESOLUCIONES%202011/3772.pdf HTTP/1.1" 200 688124
156.59.198.135 - - [04/Jan/2024:17:17:23 -0500] "GET /BLA/resoluciones/Notificaciones/REGISTROS%202021/02166.pdf HTTP/1.0" 200 404578
