216.244.66.195 - - [04/Jan/2024:20:11:36 -0500] "GET /BLA/resoluciones/AUTOS%202019/3470.pdf HTTP/1.1" 200 433680
216.244.66.195 - - [04/Jan/2024:20:11:45 -0500] "GET /BLA/resoluciones/AUTOS%202019/3483.pdf HTTP/1.1" 200 558333
156.59.198.135 - - [04/Jan/2024:20:11:50 -0500] "GET /BLA/resoluciones/AUTOS%202017/3852.pdf HTTP/1.0" 200 291206
199.16.157.182 - - [04/Jan/2024:20:11:56 -0500] "GET /secretaria-de-ambiente-y-universidad-de-la-salle-firman-acuerdo-de-conservacion-en-17-hectareas.html HTTP/1.1" 200 990
199.16.157.182 - - [04/Jan/2024:20:11:57 -0500] "GET /images/Acuerdos%2001%20(1)%20(1).jpeg HTTP/1.1" 200 32884
172.22.2.4 - - [04/Jan/2024:20:10:24 -0500] "HEAD /BLA/boletinlegal/ HTTP/1.1" 200 -
156.59.198.136 - - [04/Jan/2024:20:12:14 -0500] "GET /BLA/resoluciones/AUTOS%202017/3638.pdf HTTP/1.0" 200 308044
181.225.101.131 - - [04/Jan/2024:20:12:21 -0500] "GET /forms/frmservlet?config=sai HTTP/1.1" 200 4134
181.225.101.131 - - [04/Jan/2024:20:12:21 -0500] "GET /favicon.ico HTTP/1.1" 200 7782
216.244.66.195 - - [04/Jan/2024:20:12:23 -0500] "GET /BLA/resoluciones/AUTOS%202019/3887.pdf HTTP/1.1" 200 276932
181.225.101.131 - - [04/Jan/2024:20:12:29 -0500] "GET /forms/frmservlet?config=sai HTTP/1.1" 200 4042
181.225.101.131 - - [04/Jan/2024:20:12:32 -0500] "GET /forms/java/frmall_jinit.jar HTTP/1.1" 304 -
181.225.101.131 - - [04/Jan/2024:20:12:33 -0500] "GET /forms/java/icons.jar HTTP/1.1" 304 -
181.225.101.131 - - [04/Jan/2024:20:12:33 -0500] "GET /forms/java/java/awt/KeyboardFocusManager.class HTTP/1.1" 404 352
181.225.101.131 - - [04/Jan/2024:20:12:33 -0500] "GET /forms/java/java/awt/KeyboardFocusManager.class HTTP/1.1" 404 352
181.225.101.131 - - [04/Jan/2024:20:12:33 -0500] "GET /favicon.ico HTTP/1.1" 200 7782
181.225.101.131 - - [04/Jan/2024:20:12:33 -0500] "GET /favicon.ico HTTP/1.1" 200 7782
181.225.101.131 - - [04/Jan/2024:20:12:33 -0500] "GET /forms/java/java/awt/event/MouseWheelListener.class HTTP/1.1" 404 356
181.225.101.131 - - [04/Jan/2024:20:12:33 -0500] "GET /forms/java/java/awt/event/MouseWheelListener.class HTTP/1.1" 404 356
181.225.101.131 - - [04/Jan/2024:20:12:34 -0500] "GET /forms/java/oracle/forms/registry/Registry.dat HTTP/1.1" 200 4213
181.225.101.131 - - [04/Jan/2024:20:12:34 -0500] "GET /forms/java/oracle/forms/registry/default.dat HTTP/1.1" 404 350
181.225.101.131 - - [04/Jan/2024:20:12:34 -0500] "GET /forms/frmservlet?config=sai&acceptLanguage=es-CO,es;q=0.5&ifcmd=startsession HTTP/1.1" 200 119
181.225.101.131 - - [04/Jan/2024:20:12:34 -0500] "GET /forms/lservlet;jsessionid=ac16012b30d62fd51b9039ef476d965fc518335accf6.e3iSbxaKaheRe34Rb3eTbx8LaNb0n6jAmljGr5XDqQLvpAe?ifcmd=getinfo&ifhost=A3DGCAC0JM8&ifip=192.168.0.107 HTTP/1.1" 200 8
181.225.101.131 - - [04/Jan/2024:20:12:34 -0500] "POST /forms/lservlet;jsessionid=ac16012b30d62fd51b9039ef476d965fc518335accf6.e3iSbxaKaheRe34Rb3eTbx8LaNb0n6jAmljGr5XDqQLvpAe HTTP/1.1" 200 8
181.225.101.131 - - [04/Jan/2024:20:12:35 -0500] "GET /forms/java/oracle/forms/engine/RunformBundle_es_CO.class HTTP/1.1" 404 362
181.225.101.131 - - [04/Jan/2024:20:12:35 -0500] "GET /forms/java/oracle/forms/engine/RunformBundle_es_CO.class HTTP/1.1" 404 362
181.225.101.131 - - [04/Jan/2024:20:12:35 -0500] "GET /forms/java/oracle/forms/engine/RunformBundle_es_CO.properties HTTP/1.1" 404 367
181.225.101.131 - - [04/Jan/2024:20:12:35 -0500] "POST /forms/lservlet;jsessionid=ac16012b30d62fd51b9039ef476d965fc518335accf6.e3iSbxaKaheRe34Rb3eTbx8LaNb0n6jAmljGr5XDqQLvpAe HTTP/1.1" 200 2728
181.225.101.131 - - [04/Jan/2024:20:12:36 -0500] "POST /forms/lservlet;jsessionid=ac16012b30d62fd51b9039ef476d965fc518335accf6.e3iSbxaKaheRe34Rb3eTbx8LaNb0n6jAmljGr5XDqQLvpAe HTTP/1.1" 200 2
181.225.101.131 - - [04/Jan/2024:20:12:36 -0500] "POST /forms/lservlet;jsessionid=ac16012b30d62fd51b9039ef476d965fc518335accf6.e3iSbxaKaheRe34Rb3eTbx8LaNb0n6jAmljGr5XDqQLvpAe HTTP/1.1" 200 2
156.59.198.135 - - [04/Jan/2024:20:12:39 -0500] "GET /BLA/resoluciones/AUTOS%202017/0700.pdf HTTP/1.0" 200 493606
181.225.101.131 - - [04/Jan/2024:20:12:43 -0500] "POST /forms/lservlet;jsessionid=ac16012b30d62fd51b9039ef476d965fc518335accf6.e3iSbxaKaheRe34Rb3eTbx8LaNb0n6jAmljGr5XDqQLvpAe HTTP/1.1" 200 102
181.225.101.131 - - [04/Jan/2024:20:12:45 -0500] "POST /forms/lservlet;jsessionid=ac16012b30d62fd51b9039ef476d965fc518335accf6.e3iSbxaKaheRe34Rb3eTbx8LaNb0n6jAmljGr5XDqQLvpAe HTTP/1.1" 200 3396
181.225.101.131 - - [04/Jan/2024:20:12:45 -0500] "HEAD /imagenes/rt_pset.gif HTTP/1.1" 200 -
181.225.101.131 - - [04/Jan/2024:20:12:45 -0500] "HEAD /imagenes/rt_exit.gif HTTP/1.1" 200 -
181.225.101.131 - - [04/Jan/2024:20:12:46 -0500] "HEAD /imagenes/rt_help.gif HTTP/1.1" 200 -
181.225.101.131 - - [04/Jan/2024:20:12:46 -0500] "GET /imagenes/rt_exit.gif HTTP/1.1" 200 916
181.225.101.131 - - [04/Jan/2024:20:12:46 -0500] "POST /forms/lservlet;jsessionid=ac16012b30d62fd51b9039ef476d965fc518335accf6.e3iSbxaKaheRe34Rb3eTbx8LaNb0n6jAmljGr5XDqQLvpAe HTTP/1.1" 200 7
181.225.101.131 - - [04/Jan/2024:20:12:46 -0500] "POST /forms/lservlet;jsessionid=ac16012b30d62fd51b9039ef476d965fc518335accf6.e3iSbxaKaheRe34Rb3eTbx8LaNb0n6jAmljGr5XDqQLvpAe HTTP/1.1" 200 2
181.225.101.131 - - [04/Jan/2024:20:12:50 -0500] "POST /forms/lservlet;jsessionid=ac16012b30d62fd51b9039ef476d965fc518335accf6.e3iSbxaKaheRe34Rb3eTbx8LaNb0n6jAmljGr5XDqQLvpAe HTTP/1.1" 200 20042
181.225.101.131 - - [04/Jan/2024:20:12:50 -0500] "HEAD /imagenes/rt_quer1.gif HTTP/1.1" 200 -
181.225.101.131 - - [04/Jan/2024:20:12:50 -0500] "HEAD /imagenes/rt_quer2.gif HTTP/1.1" 200 -
181.225.101.131 - - [04/Jan/2024:20:12:53 -0500] "HEAD /imagenes/rt_quer3.gif HTTP/1.1" 200 -
181.225.101.131 - - [04/Jan/2024:20:12:53 -0500] "HEAD /imagenes/rt_radd.gif HTTP/1.1" 200 -
181.225.101.131 - - [04/Jan/2024:20:12:53 -0500] "HEAD /imagenes/rt_rdel.gif HTTP/1.1" 200 -
181.225.101.131 - - [04/Jan/2024:20:12:53 -0500] "HEAD /imagenes/rt_rec1.gif HTTP/1.1" 200 -
181.225.101.131 - - [04/Jan/2024:20:12:53 -0500] "HEAD /imagenes/rt_rec4.gif HTTP/1.1" 200 -
181.225.101.131 - - [04/Jan/2024:20:12:53 -0500] "HEAD /imagenes/rt_save.gif HTTP/1.1" 200 -
181.225.101.131 - - [04/Jan/2024:20:12:53 -0500] "HEAD /imagenes/rt_print.gif HTTP/1.1" 200 -
181.225.101.131 - - [04/Jan/2024:20:12:53 -0500] "HEAD /imagenes/listval.gif HTTP/1.1" 200 -
181.225.101.131 - - [04/Jan/2024:20:12:54 -0500] "GET /imagenes/rt_quer1.gif HTTP/1.1" 200 930
181.225.101.131 - - [04/Jan/2024:20:12:54 -0500] "GET /imagenes/rt_quer2.gif HTTP/1.1" 200 936
181.225.101.131 - - [04/Jan/2024:20:12:54 -0500] "GET /imagenes/rt_quer3.gif HTTP/1.1" 200 939
181.225.101.131 - - [04/Jan/2024:20:12:54 -0500] "GET /imagenes/rt_radd.gif HTTP/1.1" 200 907
181.225.101.131 - - [04/Jan/2024:20:12:54 -0500] "GET /imagenes/rt_rdel.gif HTTP/1.1" 200 899
181.225.101.131 - - [04/Jan/2024:20:12:54 -0500] "GET /imagenes/rt_rec1.gif HTTP/1.1" 200 867
181.225.101.131 - - [04/Jan/2024:20:12:54 -0500] "GET /imagenes/rt_rec4.gif HTTP/1.1" 200 865
181.225.101.131 - - [04/Jan/2024:20:12:54 -0500] "GET /imagenes/rt_save.gif HTTP/1.1" 200 903
181.225.101.131 - - [04/Jan/2024:20:12:54 -0500] "GET /imagenes/rt_print.gif HTTP/1.1" 200 916
181.225.101.131 - - [04/Jan/2024:20:12:54 -0500] "GET /imagenes/listval.gif HTTP/1.1" 200 905
181.225.101.131 - - [04/Jan/2024:20:12:54 -0500] "POST /forms/lservlet;jsessionid=ac16012b30d62fd51b9039ef476d965fc518335accf6.e3iSbxaKaheRe34Rb3eTbx8LaNb0n6jAmljGr5XDqQLvpAe HTTP/1.1" 200 10
172.22.2.4 - - [04/Jan/2024:20:11:15 -0500] "GET /BLA/boletinlegal/ HTTP/1.1" 200 58567
216.244.66.195 - - [04/Jan/2024:20:12:56 -0500] "GET /BLA/resoluciones/AUTOS%202019/3910.pdf HTTP/1.1" 200 -
181.225.101.131 - - [04/Jan/2024:20:12:59 -0500] "POST /forms/lservlet;jsessionid=ac16012b30d62fd51b9039ef476d965fc518335accf6.e3iSbxaKaheRe34Rb3eTbx8LaNb0n6jAmljGr5XDqQLvpAe HTTP/1.1" 200 13
181.225.101.131 - - [04/Jan/2024:20:13:00 -0500] "POST /forms/lservlet;jsessionid=ac16012b30d62fd51b9039ef476d965fc518335accf6.e3iSbxaKaheRe34Rb3eTbx8LaNb0n6jAmljGr5XDqQLvpAe HTTP/1.1" 200 207
181.225.101.131 - - [04/Jan/2024:20:13:00 -0500] "POST /forms/lservlet;jsessionid=ac16012b30d62fd51b9039ef476d965fc518335accf6.e3iSbxaKaheRe34Rb3eTbx8LaNb0n6jAmljGr5XDqQLvpAe HTTP/1.1" 200 21
181.225.101.131 - - [04/Jan/2024:20:13:01 -0500] "POST /forms/lservlet;jsessionid=ac16012b30d62fd51b9039ef476d965fc518335accf6.e3iSbxaKaheRe34Rb3eTbx8LaNb0n6jAmljGr5XDqQLvpAe HTTP/1.1" 200 7
181.225.101.131 - - [04/Jan/2024:20:13:01 -0500] "POST /forms/lservlet;jsessionid=ac16012b30d62fd51b9039ef476d965fc518335accf6.e3iSbxaKaheRe34Rb3eTbx8LaNb0n6jAmljGr5XDqQLvpAe HTTP/1.1" 200 97
181.225.101.131 - - [04/Jan/2024:20:13:02 -0500] "POST /forms/lservlet;jsessionid=ac16012b30d62fd51b9039ef476d965fc518335accf6.e3iSbxaKaheRe34Rb3eTbx8LaNb0n6jAmljGr5XDqQLvpAe HTTP/1.1" 200 2
201.245.192.253 - - [04/Jan/2024:20:13:00 -0500] "POST /kwsrmcab/Wsrmcab  HTTP/1.1" 200 36937
156.59.198.136 - - [04/Jan/2024:20:13:03 -0500] "GET /BLA/resoluciones/AUTOS%202017/0569.pdf HTTP/1.0" 200 608852
181.225.101.131 - - [04/Jan/2024:20:13:04 -0500] "POST /forms/lservlet;jsessionid=ac16012b30d62fd51b9039ef476d965fc518335accf6.e3iSbxaKaheRe34Rb3eTbx8LaNb0n6jAmljGr5XDqQLvpAe HTTP/1.1" 200 32
181.225.101.131 - - [04/Jan/2024:20:13:10 -0500] "POST /forms/lservlet;jsessionid=ac16012b30d62fd51b9039ef476d965fc518335accf6.e3iSbxaKaheRe34Rb3eTbx8LaNb0n6jAmljGr5XDqQLvpAe HTTP/1.1" 200 30
181.225.101.131 - - [04/Jan/2024:20:13:13 -0500] "POST /forms/lservlet;jsessionid=ac16012b30d62fd51b9039ef476d965fc518335accf6.e3iSbxaKaheRe34Rb3eTbx8LaNb0n6jAmljGr5XDqQLvpAe HTTP/1.1" 200 20
216.244.66.195 - - [04/Jan/2024:20:13:25 -0500] "GET /BLA/resoluciones/AUTOS%202019/4231.pdf HTTP/1.1" 200 325820
156.59.198.135 - - [04/Jan/2024:20:13:27 -0500] "GET /BLA/resoluciones/AUTOS%202017/0272.pdf HTTP/1.0" 200 393384
179.60.242.67 - - [04/Jan/2024:20:13:43 -0500] "GET /appsia/controlador HTTP/1.1" 200 4799
179.60.242.67 - - [04/Jan/2024:20:13:43 -0500] "GET /appsia/css/estilos.css HTTP/1.1" 200 4804
179.60.242.67 - - [04/Jan/2024:20:13:43 -0500] "GET /appsia/scripts/validarIngreso.js HTTP/1.1" 200 851
179.60.242.67 - - [04/Jan/2024:20:13:43 -0500] "GET /appsia/images/logo_bogota_p.png HTTP/1.1" 200 14951
179.60.242.67 - - [04/Jan/2024:20:13:43 -0500] "GET /appsia/images/cabezoteHojaVida.png HTTP/1.1" 200 32493
179.60.242.67 - - [04/Jan/2024:20:13:44 -0500] "GET /favicon.ico HTTP/1.1" 200 7782
156.59.198.135 - - [04/Jan/2024:20:13:53 -0500] "GET /BLA/resoluciones/AUTOS%202017/4061.pdf HTTP/1.0" 200 260947
216.244.66.195 - - [04/Jan/2024:20:13:53 -0500] "GET /BLA/resoluciones/AUTOS%202019/4383.pdf HTTP/1.1" 200 322984
179.60.242.67 - - [04/Jan/2024:20:13:53 -0500] "POST /appsia/controlador HTTP/1.1" 200 5437
179.60.242.67 - - [04/Jan/2024:20:14:00 -0500] "POST /appsia/controlador HTTP/1.1" 200 7793
179.60.242.67 - - [04/Jan/2024:20:14:09 -0500] "POST /appsia/controlador HTTP/1.1" 200 6666
179.60.242.67 - - [04/Jan/2024:20:14:11 -0500] "POST /appsia/controlador HTTP/1.1" 200 10197
156.59.198.136 - - [04/Jan/2024:20:14:17 -0500] "GET /BLA/resoluciones/AUTOS%202017/3267.pdf HTTP/1.0" 200 280366
181.225.101.131 - - [04/Jan/2024:20:14:35 -0500] "POST /forms/lservlet;jsessionid=ac16012b30d62fd51b9039ef476d965fc518335accf6.e3iSbxaKaheRe34Rb3eTbx8LaNb0n6jAmljGr5XDqQLvpAe HTTP/1.1" 200 2
156.59.198.135 - - [04/Jan/2024:20:14:41 -0500] "GET /BLA/resoluciones/AUTOS%202017/0065.pdf HTTP/1.0" 200 438100
179.60.242.67 - - [04/Jan/2024:20:14:46 -0500] "POST /appsia/controlador HTTP/1.1" 200 7793
179.60.242.67 - - [04/Jan/2024:20:15:02 -0500] "POST /appsia/controlador HTTP/1.1" 200 6666
179.60.242.67 - - [04/Jan/2024:20:15:04 -0500] "POST /appsia/controlador HTTP/1.1" 200 9851
156.59.198.135 - - [04/Jan/2024:20:15:05 -0500] "GET /BLA/resoluciones/AUTOS%202017/0325.pdf HTTP/1.0" 200 300743
179.60.242.67 - - [04/Jan/2024:20:15:14 -0500] "POST /appsia/controlador HTTP/1.1" 200 7793
201.245.192.253 - - [04/Jan/2024:20:15:21 -0500] "POST /kwsrmcab/Wsrmcab HTTP/1.1" 200 40113
179.60.242.67 - - [04/Jan/2024:20:15:23 -0500] "POST /appsia/controlador HTTP/1.1" 200 6666
179.60.242.67 - - [04/Jan/2024:20:15:24 -0500] "POST /appsia/controlador HTTP/1.1" 200 10581
201.245.192.253 - - [04/Jan/2024:20:15:23 -0500] "POST /kwsrmcab/Wsrmcab HTTP/1.1" 200 36875
156.59.198.135 - - [04/Jan/2024:20:15:30 -0500] "GET /BLA/resoluciones/AUTOS%202017/4257.pdf HTTP/1.0" 200 840442
216.245.221.92 - - [04/Jan/2024:20:15:43 -0500] "HEAD / HTTP/1.1" 200 -
172.22.2.4 - - [04/Jan/2024:20:14:08 -0500] "GET /BLA/boletinlegal/ HTTP/1.1" 200 57291
156.59.198.136 - - [04/Jan/2024:20:15:55 -0500] "GET /BLA/resoluciones/AUTOS%202017/0551.pdf HTTP/1.0" 200 1128868
156.59.198.136 - - [04/Jan/2024:20:16:20 -0500] "GET /BLA/resoluciones/AUTOS%202017/2798.pdf HTTP/1.0" 200 3789298
172.22.2.4 - - [04/Jan/2024:20:15:15 -0500] "GET /BLA/boletinlegal/ HTTP/1.1" 200 40907
181.225.101.131 - - [04/Jan/2024:20:16:35 -0500] "POST /forms/lservlet;jsessionid=ac16012b30d62fd51b9039ef476d965fc518335accf6.e3iSbxaKaheRe34Rb3eTbx8LaNb0n6jAmljGr5XDqQLvpAe HTTP/1.1" 200 2
114.119.144.226 - - [04/Jan/2024:20:16:40 -0500] "GET /BLA/resoluciones/index.php?dir=AUTOS%2B2020/&sort=date&order=asc HTTP/1.1" 200 13882
156.59.198.136 - - [04/Jan/2024:20:16:45 -0500] "GET /BLA/resoluciones/AUTOS%202017/0693.pdf HTTP/1.0" 200 514471
152.203.254.57 - - [04/Jan/2024:20:16:49 -0500] "GET /kwssiamovil/sm/ldap/au?x=U2FsdGVkX18I/YIRyNVV8RIKpy5qp17oB2FJQQAK09ymIVAhd8U5m3FQy42mvNco&y=U2FsdGVkX1/bfPQ3swNv2G/mYVGUYRRUkWMQViJmovoNMYFxktA5dWKv3aaivgke HTTP/1.1" 200 30
207.46.13.130 - - [04/Jan/2024:20:17:16 -0500] "GET /portaldeninos/wp-content/uploads/2021/11/pieza-dia-abejas-ambiente-20-mayo-960x720.jpg HTTP/1.1" 200 105537
47.128.39.220 - - [04/Jan/2024:20:17:29 -0500] "GET /BLA/resoluciones/dlf/folder.png HTTP/1.1" 200 410
47.128.39.220 - - [04/Jan/2024:20:17:29 -0500] "GET /BLA/resoluciones/dlf/dirup.png HTTP/1.1" 200 644
47.128.39.220 - - [04/Jan/2024:20:17:28 -0500] "GET /BLA/resoluciones/index.php?dir=RESOLUCIONES%202002%2F&order=asc&sort=size HTTP/1.1" 200 26096
47.128.39.220 - - [04/Jan/2024:20:17:30 -0500] "GET /BLA/resoluciones/dlf/pdf.gif HTTP/1.1" 200 272
156.59.198.135 - - [04/Jan/2024:20:17:33 -0500] "GET /BLA/resoluciones/AUTOS%202017/4001.pdf HTTP/1.0" 200 825354
152.203.254.57 - - [04/Jan/2024:20:17:35 -0500] "GET /kwssiamovil/sm/ldap/au?x=U2FsdGVkX18D/yK/8kl3iXljcpXpJW4jeIxBzegtbNNFSuDEGOYafky4tedq2jd0&y=U2FsdGVkX193YQoy6DwKOjUROnmgXMRlNyCBQbpC93caWE6NJjZRN/58Jw26HlUi HTTP/1.1" 200 30
152.203.254.57 - - [04/Jan/2024:20:17:35 -0500] "GET /kwssiamovil/sm/acme/s?s=U2FsdGVkX1+TIBuno772PPguMVSIvm4BVY7jnlnSV7MuWKn0AEmj2bGEiHqcrMPHBor/vh/2dUo/jz1YMePu4aFoQxG4QUq6EiZ38b6BXoQ=&u=U2FsdGVkX1/U7+la9a/DKCNeq8OJ9VeUtjWEnhLSCVR14DrT7iwKw295fwLVdzXG&y=U2FsdGVkX193YQoy6DwKOjUROnmgXMRlNyCBQbpC93caWE6NJjZRN/58Jw26HlUi HTTP/1.1" 200 97
172.22.2.4 - - [04/Jan/2024:20:15:55 -0500] "GET /BLA/boletinlegal/ HTTP/1.1" 200 43704
152.203.254.57 - - [04/Jan/2024:20:17:36 -0500] "GET /kwssiamovil/sm/acme/s?s=U2FsdGVkX1+0io6VVzvk7VE6PEJ0hGzURxbo6+l7oWsdTsLIgF8ljTVEAryX8jjE/M0wt/SbAOE8z2uC8y0YX4L1VlzdlhiI5jl3ho6k3vP+NrMVXG9LHM/n1MBv7yq1a+T1C9Q4ToF1/I7gEgV+OmG5C+1ubsYfZMOtL128xBYKlE+vX/V1Pjtm3sSG0ZfxTS9QE+afz1xUlCmmHPxWnX1SjurdOHEDDLkeCyBpBjpQ0Cioznh/WBXIBFW0McMqJHDONRvlvtYQj+Shs5NXYYrYsMMugtYJo0CNLL+OaUFhKiD1cUwfqsffZ1IGfmloVVEcEQsE9w3cZHW1S8EDRSnPyckeaW2D3IrJ4cwTeRM8eeOalDPrkWqcmvo7tkRWfSTnVuW4Xagz5Zdz2KEvJCQmEAXZvF83Vs6uwfdmF3XMi9i8dPSowYYPqUX8jI63F+IK8a8PWftrSOm7r9WYKvajF0hylr3cbdTPSWuUm48GZpXePHJKqn1JtcaYPKqiReIbE3QSGOIxzV/RNI8ZbHbD2smGrlZmm6jqOTlPlt49/2gETyNqMcw7znaBFmPIR3feT2S0t6BsY5MEnF7nQBHIkPalr2UyElh1F0pblzS/d+QKmXGfkVNWgPK3VP/uB+Oki+X/2h2elLGIzIuW1wv8tc2CRQi9+zW4dswG/m0W9Vw2Ebg1hQFSh8qDxeb1ayENBRsW1dvgdpBFs+chATuyJqnTSPoBKVc1fKyOyBRHsROno1UpzWhezylX1nlbZVeqtij51fVOROBAbsmnYHUXPY9FFt4h+xhDleJSJAFIJw6qepj2puYS7e/xVynyBahTZZDaA9lVJEGuHYHSu7vnFdHuPNLuWcKZaCAW0pIOcB6TiwF1i/iwPorbFVfwRfkmQLynnsuCHmjji7kJr+KDfKg7ETBdhVXmh3RQtWHQCc85HmwyR9ABZXGyppzWUKD+n1VAjN+xkPTfiyqrUS7VAPgigGJHH803V5chjHYbBrvsKFnLJZpjUMLrsBQPa50sahGybFD9IKBR+dUzSkPJ2VnyfKD7I/5ZwArjTFb3wLAcpTpwBqX/PGwCFUEs1oizWQnX65hiwhqALhEAiBrekLc71H/KdDF90jPWH4pFVB+tXs/fXEcbYXmfuL9kmnvBuKfDbxSpLnsoE0sOgKQDD5b2YP/pONK+lcj62Db6i897hPmot/nAusI9aVMZHnLCdhlZ1FrIksWlOMXXD9nQ/YVQ6ApIIWqn1goe0jeK9Qsw2qx8mW1FMqZaJv7bPUf0Cu/dyZHZCTw0xgEo66BlZaW+O48ohB9xDPrK/+6bTK9uGVZxdyOmek6kC3MqnD/5Uxz/MafClSDyix0JKe0D5tVxDUkDjnU+EzG3CpUJxAgtRMFjV8u1KqoLDMM6QflHzpqGJvF21fyAUG4P4Xb91dappYOVRUo7kMQUtkPRfNLo11fdFghyvtx42tKdSEDDKRf912J374gtl6Y8b6IPEl1tqLHGusHEZMALYv8/MdIGxnJT6VGVDDqCYK2ovaE2M3Sy846EHgrc0XIllZXNCn4jdWpD2zWdwlHujqo5Qhm5UZZjOls7roQ1FYX2sFihQ8Vbyy+SUBhsoRPtOCNb97eTl/llosM2GFHY8N5tmjGZAnoF5ld8bFOAugUsNFoaBugvWtlgSFnLmpU0Iqeqx9fR53OxioSaMcIpnXIdsJx611UDUzLDjro604lD9uWTqwYoh3n/sAZXCxotidkom7y0ymknnEdXOfyFwTLcEUAA1RFcPnWqaV+ztLQs&u=U2FsdGVkX1/U7+la9a/DKCNeq8OJ9VeUtjWEnhLSCVR14DrT7iwKw295fwLVdzXG&y=U2FsdGVkX193YQoy6DwKOjUROnmgXMRlNyCBQbpC93caWE6NJjZRN/58Jw26HlUi HTTP/1.1" 200 905
152.203.254.57 - - [04/Jan/2024:20:17:36 -0500] "GET /kwssiamovil/sm/acme/s?s=U2FsdGVkX1+Jd2RWTq5s/QLl9joxSM40zo1gTj39hODe1BYVmbNkqHpDntHMhn4xPFQGCGuwbUF2bjs3XLqDnZisT+FCHdtiCF7TXHcK7YcyKEKabVyJYc/GkaxCcWqQ5U0AS2Tew1y963C5AUHk0Q==&u=U2FsdGVkX1/U7+la9a/DKCNeq8OJ9VeUtjWEnhLSCVR14DrT7iwKw295fwLVdzXG&y=U2FsdGVkX193YQoy6DwKOjUROnmgXMRlNyCBQbpC93caWE6NJjZRN/58Jw26HlUi HTTP/1.1" 200 92
152.203.254.57 - - [04/Jan/2024:20:17:36 -0500] "GET /kwssiamovil/sm/acme/s?s=U2FsdGVkX1+omwe0fpREW4K/Ph4jO05SWhJoXSemH1K5YY0/csSfHDjINyCRHStyDEO9mta+1Hg18b1wQbA3FLjABL7M1krzZ+EehiOAorqhg3jVksbpE7HH+tTpsHEx1yIuO9Puv/eJg8xsepEqJ4NzmIZ8QKVGZPPGH33wPqNLTMH1S+7Nj42BxKwNaC6jk0B8TGcSHueJ81YRME40mDN/R8QzE2IrNlm1pcfjJyqzsDIqCYwzW4cd1dLQ1PxqSsVxQJeTNtlZaGtvvRZYOxcCunEPXUydSVMCh72WhnEBZGDk+wVpXblSW0Tz9EGXPfGtgtH0+c3v2IHKKicwPqIvB9FTEHZb70a8L1FEnHg09Cwue0Yt9EVWYQWCJiUV+/ZcCr+OXM+PoAfHT0EYnFNM0RNmzb4SFv0YbiGuJwZV+tz8KgLlLi2FFL1Dd7LlAhhAEhBvwqEsjwgLxnkOdPxaKg9UqY8c9RhZiT/qWbcLnzcsebUH2lkACI/WaqR2gmAXQZyaQw9Yhpv0b8f6wunYa0DJSvhTRA8JOWI6nAICYmDWkYrvM4I+Uwji66X2G2PR3FtwX0LNl5xRyrygvjJaX1ReT/0Q1phLpfMyiDdLRYyAvkpC1GbrMJoBSKz9iEsmWGxXN1JXFca1sccLyXnzuAt/iOZ9j4aPE68t+o2j2qdjM3M5blXUcXE9Ititn/CbQ55txynDxzgipD0wBsrOGKsZb8Hfzx+f3QXGtdUXRP6ZUN+O38WJefTv9PPwxdA2Mxsx80zirTahtuA6ug==&u=U2FsdGVkX1/U7+la9a/DKCNeq8OJ9VeUtjWEnhLSCVR14DrT7iwKw295fwLVdzXG&y=U2FsdGVkX193YQoy6DwKOjUROnmgXMRlNyCBQbpC93caWE6NJjZRN/58Jw26HlUi HTTP/1.1" 200 1095
152.203.254.57 - - [04/Jan/2024:20:17:36 -0500] "GET /kwssiamovil/sm/cjson/pre?f=17&x=U2FsdGVkX18D/yK/8kl3iXljcpXpJW4jeIxBzegtbNNFSuDEGOYafky4tedq2jd0 HTTP/1.1" 200 12747
152.203.254.57 - - [04/Jan/2024:20:17:36 -0500] "GET /kwssiamovil/sm/cjson/pre?f=4&x=U2FsdGVkX18D/yK/8kl3iXljcpXpJW4jeIxBzegtbNNFSuDEGOYafky4tedq2jd0 HTTP/1.1" 200 33589
152.203.254.57 - - [04/Jan/2024:20:17:36 -0500] "GET /kwssiamovil/sm/cjson/pre?f=6&x=U2FsdGVkX18D/yK/8kl3iXljcpXpJW4jeIxBzegtbNNFSuDEGOYafky4tedq2jd0 HTTP/1.1" 200 34953
152.203.254.57 - - [04/Jan/2024:20:17:37 -0500] "GET /kwssiamovil/sm/cjson/pre?f=8&x=U2FsdGVkX18D/yK/8kl3iXljcpXpJW4jeIxBzegtbNNFSuDEGOYafky4tedq2jd0 HTTP/1.1" 200 36010
152.203.254.57 - - [04/Jan/2024:20:17:36 -0500] "GET /kwssiamovil/sm/cjson/pre?f=7&x=U2FsdGVkX18D/yK/8kl3iXljcpXpJW4jeIxBzegtbNNFSuDEGOYafky4tedq2jd0 HTTP/1.1" 200 93332
152.203.254.57 - - [04/Jan/2024:20:17:36 -0500] "GET /kwssiamovil/sm/cjson/pre?f=3&x=U2FsdGVkX18D/yK/8kl3iXljcpXpJW4jeIxBzegtbNNFSuDEGOYafky4tedq2jd0 HTTP/1.1" 200 94843
152.203.254.57 - - [04/Jan/2024:20:17:36 -0500] "GET /kwssiamovil/sm/cjson/pre?f=5&x=U2FsdGVkX18D/yK/8kl3iXljcpXpJW4jeIxBzegtbNNFSuDEGOYafky4tedq2jd0 HTTP/1.1" 200 96431
172.22.2.4 - - [04/Jan/2024:20:16:14 -0500] "HEAD /BLA/boletinlegal/ HTTP/1.1" 200 -
156.59.198.135 - - [04/Jan/2024:20:17:56 -0500] "GET /BLA/resoluciones/AUTOS%202017/4717.pdf HTTP/1.0" 200 275688
201.245.192.253 - - [04/Jan/2024:20:17:58 -0500] "POST /kwsrmcab/Wsrmcab  HTTP/1.1" 200 36937
152.203.254.57 - - [04/Jan/2024:20:18:04 -0500] "GET /kwssiamovil/sm/ldap/au?x=U2FsdGVkX1/ffQ2Nkv0vCgVlmcFIXaeVBdHFT0qrdnrV/Yu/gI48LL3vzJj7InLG&y=U2FsdGVkX18X91+wqvhzzg1FDVuHrx2yJgYiYVr/G+jWtp9S5wlL4jhulepbE0vM HTTP/1.1" 200 30
156.59.198.135 - - [04/Jan/2024:20:18:21 -0500] "GET /BLA/resoluciones/AUTOS%202017/3332.pdf HTTP/1.0" 200 316537
181.225.101.131 - - [04/Jan/2024:20:18:35 -0500] "POST /forms/lservlet;jsessionid=ac16012b30d62fd51b9039ef476d965fc518335accf6.e3iSbxaKaheRe34Rb3eTbx8LaNb0n6jAmljGr5XDqQLvpAe HTTP/1.1" 200 2
45.95.147.251 - - [04/Jan/2024:20:18:45 -0500] "GET / HTTP/1.1" 200 319
172.22.2.4 - - [04/Jan/2024:20:17:05 -0500] "GET /BLA/boletinlegal/ HTTP/1.1" 200 52889
156.59.198.136 - - [04/Jan/2024:20:18:45 -0500] "GET /BLA/resoluciones/AUTOS%202017/0625.pdf HTTP/1.0" 200 1697713
213.186.1.245 - - [04/Jan/2024:20:18:57 -0500] "GET /en-este-puente-de-reyes-evita-movilizar-comercializar-o-traer-animales-silvestres-a-bogota.html HTTP/1.1" 200 859
156.59.198.135 - - [04/Jan/2024:20:19:10 -0500] "GET /BLA/resoluciones/AUTOS%202017/2182.pdf HTTP/1.0" 200 287389
201.245.192.253 - - [04/Jan/2024:20:19:31 -0500] "POST /kwsrmcab/Wsrmcab HTTP/1.1" 200 40113
156.59.198.136 - - [04/Jan/2024:20:19:35 -0500] "GET /BLA/resoluciones/AUTOS%202017/1517.pdf HTTP/1.0" 200 391693
156.59.198.136 - - [04/Jan/2024:20:19:58 -0500] "GET /BLA/resoluciones/AUTOS%202017/2672.pdf HTTP/1.0" 200 1072727
201.245.192.253 - - [04/Jan/2024:20:20:11 -0500] "POST /kwsrmcab/Wsrmcab HTTP/1.1" 200 36875
156.59.198.135 - - [04/Jan/2024:20:20:23 -0500] "GET /BLA/resoluciones/RESOLUCIONES%202007/RES%202007%202801%20AL%202900/RESOLUCION%202851%20DE%202007.pdf HTTP/1.0" 200 69413
181.225.101.131 - - [04/Jan/2024:20:20:35 -0500] "POST /forms/lservlet;jsessionid=ac16012b30d62fd51b9039ef476d965fc518335accf6.e3iSbxaKaheRe34Rb3eTbx8LaNb0n6jAmljGr5XDqQLvpAe HTTP/1.1" 200 2
216.245.221.92 - - [04/Jan/2024:20:20:43 -0500] "HEAD / HTTP/1.1" 200 -
156.59.198.135 - - [04/Jan/2024:20:20:46 -0500] "GET /BLA/resoluciones/AUTOS%202017/3391.pdf HTTP/1.0" 200 302983
156.59.198.135 - - [04/Jan/2024:20:21:10 -0500] "GET /BLA/resoluciones/AUTOS%202017/5260.pdf HTTP/1.0" 200 1721721
156.59.198.136 - - [04/Jan/2024:20:21:36 -0500] "GET /BLA/resoluciones/AUTOS%202017/5299.pdf HTTP/1.0" 200 522659
191.156.190.242 - - [04/Jan/2024:20:21:46 -0500] "GET /sipse/faces/index.xhtml HTTP/1.1" 200 677
191.156.190.242 - - [04/Jan/2024:20:21:47 -0500] "GET /sipse/faces/javax.faces.resource/theme.css?ln=primefaces-sipse HTTP/1.1" 304 -
191.156.190.242 - - [04/Jan/2024:20:21:47 -0500] "GET /sipse/faces/faces/autenticacion.xhtml HTTP/1.1" 200 12401
191.156.182.94 - - [04/Jan/2024:20:21:47 -0500] "GET /sipse/css/custom_css_sg.css HTTP/1.1" 304 -
191.156.190.242 - - [04/Jan/2024:20:21:47 -0500] "GET /sipse/css/custom_css_sg_prime_login.css HTTP/1.1" 304 -
191.156.181.214 - - [04/Jan/2024:20:21:47 -0500] "GET /sipse/faces/javax.faces.resource/primefaces.css?ln=primefaces&v=4.0 HTTP/1.1" 304 -
191.156.191.43 - - [04/Jan/2024:20:21:47 -0500] "GET /sipse/faces/javax.faces.resource/layout/layout.css?ln=primefaces&v=4.0 HTTP/1.1" 304 -
191.156.191.43 - - [04/Jan/2024:20:21:47 -0500] "GET /sipse/faces/javax.faces.resource/theme.css?ln=primefaces-sipse HTTP/1.1" 304 -
191.156.182.94 - - [04/Jan/2024:20:21:47 -0500] "GET /sipse/js/disable_browser_buttons.js HTTP/1.1" 304 -
191.156.190.242 - - [04/Jan/2024:20:21:47 -0500] "GET /sipse/js/funciones.js HTTP/1.1" 304 -
191.156.181.214 - - [04/Jan/2024:20:21:47 -0500] "GET /sipse/faces/javax.faces.resource/jquery/jquery.js?ln=primefaces&v=4.0 HTTP/1.1" 304 -
191.156.191.43 - - [04/Jan/2024:20:21:47 -0500] "GET /sipse/faces/javax.faces.resource/primefaces.js?ln=primefaces&v=4.0 HTTP/1.1" 304 -
191.156.191.43 - - [04/Jan/2024:20:21:47 -0500] "GET /sipse/faces/javax.faces.resource/jquery/jquery-plugins.js?ln=primefaces&v=4.0 HTTP/1.1" 304 -
191.156.182.94 - - [04/Jan/2024:20:21:47 -0500] "GET /sipse/faces/javax.faces.resource/layout/layout.js?ln=primefaces&v=4.0 HTTP/1.1" 304 -
191.156.182.94 - - [04/Jan/2024:20:21:47 -0500] "GET /sipse/css/imagen/loginimg.png HTTP/1.1" 304 -
191.156.191.43 - - [04/Jan/2024:20:21:47 -0500] "GET /sipse/css/imagen/logoSDG.png HTTP/1.1" 304 -
191.156.181.214 - - [04/Jan/2024:20:21:47 -0500] "GET /sipse/faces/javax.faces.resource/images/ui-icons_898989_256x240.png?ln=primefaces-aristo HTTP/1.1" 304 -
156.59.198.135 - - [04/Jan/2024:20:21:59 -0500] "GET /BLA/resoluciones/AUTOS%202017/0076.pdf HTTP/1.0" 200 517172
156.59.198.136 - - [04/Jan/2024:20:22:24 -0500] "GET /BLA/resoluciones/AUTOS%202017/0817.pdf HTTP/1.0" 200 325616
181.225.101.131 - - [04/Jan/2024:20:22:35 -0500] "POST /forms/lservlet;jsessionid=ac16012b30d62fd51b9039ef476d965fc518335accf6.e3iSbxaKaheRe34Rb3eTbx8LaNb0n6jAmljGr5XDqQLvpAe HTTP/1.1" 200 2
156.59.198.136 - - [04/Jan/2024:20:22:48 -0500] "GET /BLA/resoluciones/AUTOS%202017/2706.pdf HTTP/1.0" 200 288522
201.245.192.253 - - [04/Jan/2024:20:22:57 -0500] "POST /kwsrmcab/Wsrmcab  HTTP/1.1" 200 36937
156.59.198.136 - - [04/Jan/2024:20:23:12 -0500] "GET /BLA/resoluciones/AUTOS%202017/2639.pdf HTTP/1.0" 200 278116
152.203.254.57 - - [04/Jan/2024:20:23:29 -0500] "GET /kwssiamovil/sm/ldap/au?x=U2FsdGVkX1/KRPgFDnv7nevcbvW8pHOLAfIce4hphNGHeMfrz4qhqzkgI9gIqRQQ&y=U2FsdGVkX19Vz3YIRykHCQ5Gz8LiNaojn3zqwTm1EY2eETjUmBGFGPplJxIpZzEq HTTP/1.1" 200 30
152.203.254.57 - - [04/Jan/2024:20:23:29 -0500] "GET /kwssiamovil/sm/acme/s?s=U2FsdGVkX198ufr4zoF09HjpUyP4A1Tt5ejElo++iF38xGurFaP0/AKdnblTmhxtY0EbEVDjDbE8chGP2G44eZHdr7GukqMZ81v58wEu8zQ=&u=U2FsdGVkX19RDpRGmgZRHCJrqkas5MKbWs09g+zDJgmg930MEniqkKqm9QcwH2K8&y=U2FsdGVkX19Vz3YIRykHCQ5Gz8LiNaojn3zqwTm1EY2eETjUmBGFGPplJxIpZzEq HTTP/1.1" 200 97
152.203.254.57 - - [04/Jan/2024:20:23:29 -0500] "GET /kwssiamovil/sm/acme/s?s=U2FsdGVkX1/KddmBI85dux+/sIoyZQnJ4nTTDZdupOP/1JPtm/Rk8VH6HlyfXrxBzMRe7Uf8oM6YDyst443KaT5rNzzxDg3TFPRAXsK9ST8xlVVXUPNniG1Khg0DQ7d/qnBGxf5u+waQRQDRYpvxxQ898MDsbH+laVAIW2l6dtz6BT73filpTRLvi23V1iBf36/47sTNNiuQ8B8GPff6Go/k3dF4/7je1R85K1QjAQ1gr/ncfKhTNpqXYBQgQF4GDFkR9guAo/9/Ypb0f+OUWTHDzDgHesYwx99o9qsoCcxAGmd02AhOqv94jYyV6NuliUUekaEMkwSDVtoG/XQIjC41CRHbeGWz9/4J3yXZXH5hlCFpOpcQFJ93gkQZNBLBEO7ORZkNG3w/C6YytM4efZIDQo44FYATG1koZCOTGzZ3oAloviGHjaVg2qbmo/bDUjrr1iXGfUd7V2fQDH6fWw/WaLg6146+VuiBtU/tkwrkLQR9Eq4f8SG2hSbr+vCeGxDj3qjIccDQXMU6KGPSYjKYZx1vn0NLkVG44vpz8gpqkU5drLfoRLNV97QQzJyutc/XIDJfpUrdfqaVq6roLy2QwxRiUZQFeyfTIY4XAyU2jBW9Yudg+eUfsk7xK0n7jbMb8gFmPbkKFSdNNQ208S8vvx7hYcTwZFhtI7/9/KlS9uaH3EAfiKn/jlMtno0ctpu+yOGlSQMpgpuMY+w8B7XYGTN49XT6TGAKw8fI5BxvTLiXEroItyDG4i+zIZ8vNJR4giZMjPsxPkVEf3BlYqnARy9lk9xgnDsC/2NKAlvwzBP2fNW/rfyX68El2S6Xp/gWYWnLsXA1eETUMubWcqCBzsouKSITgBQ9/1sEl3BMAcVUVbcGpqH9A6yjtWhO7y8ggcPkbAnZZwZPTv0+wBzYAx55Aq0W65mEVB5C8eA0HmRXOMVHZY2lrAsQpz3l2WPgbSIQJWI8Yv3I/zWQCYabWmbOQ89bFZ4Nm/PPMplJ/dzXxnN6yXiuY7IbfSf5dVG5qGG+rruYVpe1wHm5bXsOpgZDBltlzcJy47uHKEiRgN8KSZtZItI7FZkzWTiqYGXLFhqfCS2d4V8zCCMFG+VSa1UB4KSLYMEVuqkmfq2S0hPXCwKtCSz2GAfUHO8C67lSssAhfs+pSSoF8H6Hv4FaW6lA7UUi/zFV9Clt65ONoHNjVphoeU3h/boKcgM/MdWTkVFRYThpsS+fWT8DQf7FTq1YbpK1ihhoVhBcWv3jHW0Nap4YkaF8GN6qScCCXFKcajUBsXmJSTIYQb4X4fUbUg67ob95RtWQYqOZ+UuW6CsVV6ofdR/LcF0/suvOXXfhnUqzUaV/tN2rMqtYeLSWq8K5JraHVy55q7F6f5pC/8tyGLks63CrIPy7716OPwv6LeV8VEHK55jMSCt+sdR7gZy3OmNATZ2jaNvosR3cfbMOnvIhYYiwHjDp2ueRtH3T6amyj5XITswI85bYHTuYyX1QzdtiruPtqt5vgSjeqiqK/KUdhyTC/JNQNPyULRiPREY1Fjp7miDUn7oocYW9CTec/3hTh1e2cSaCp8Mp1jV+wZ4wvsSmdQL2gx6WVRh87bB7Bh6KO7ErbG2KwHM3/GZyXB2n2l+NQWnf+M/qsyS/iiFPI2zJpBUng6U65nm8+pHbEBtyC3W6coq+5JS9a1SJyK3y66Y+miInH2gvCbl4+dmU4VTHSHeeew3LsewKAB6Q+JkbT405+2Taspuw7WNm1BiUrSZnLgorvlMJkK9IATekQ9JAzEoidc53&u=U2FsdGVkX19RDpRGmgZRHCJrqkas5MKbWs09g+zDJgmg930MEniqkKqm9QcwH2K8&y=U2FsdGVkX19Vz3YIRykHCQ5Gz8LiNaojn3zqwTm1EY2eETjUmBGFGPplJxIpZzEq HTTP/1.1" 200 905
152.203.254.57 - - [04/Jan/2024:20:23:29 -0500] "GET /kwssiamovil/sm/acme/s?s=U2FsdGVkX1/57JB1ykK9oALInliW4ij6s830NdkdnUNOrXLQbLkzfEkRy/ABjW98tSBh4DeP+7uLYGVGnZXAwF+HrLFCk61c/4y2/3QHp2QUnmWN+VE4846L8nbvxwGKzi9ITcSSqL6krCI6e2OWeQ==&u=U2FsdGVkX19RDpRGmgZRHCJrqkas5MKbWs09g+zDJgmg930MEniqkKqm9QcwH2K8&y=U2FsdGVkX19Vz3YIRykHCQ5Gz8LiNaojn3zqwTm1EY2eETjUmBGFGPplJxIpZzEq HTTP/1.1" 200 92
152.203.254.57 - - [04/Jan/2024:20:23:29 -0500] "GET /kwssiamovil/sm/acme/s?s=U2FsdGVkX19f2lh93S4btB2qISRWnVwjpeQnLy8S9XTrJuzB8+taqWSrNLn3P7GkabX/ATPPokVuY5TvVk/TzCam5A0v7KBpfUVaQL4f2jYalDErE/LE+8LQqMmHl8Ms+HsS63tC2e+Um8cCHhv46tfoD8hEJcTeXhYlm0DAMB40QHp1Dk+J/BA8yJV958i/CGmTOEOtwRKqnzdf2mXg6gpEZNLl02/81yvujsdJ5B6IAFQtNewqBnuRDFkTI5fr7Ev7x7WBqu7FAziVR4jYIxgk632K8ra+yo49xgIIoLB63InpAXdcR5qR/AlTyaHBrpXYtod9bvjNArVq3GlaTMeEJWiAz/WwLhhawa/qcMgNwsXONK2hH4vnkAKF7fYc/Rld8nA14f667zN/gjlTo2dvEZx9SO+BlGTSvgqoV7cmW3FAHmv07k8I1iZ1oEVY7E5cSZ8ak/TNxeILo9Hz7r8fy8Pbl3ILzJq0P++HuAFagkinBhzMSavFr9FMzdE5r8h3xGfyHXnyIoc1SDDLZbL9/OcZebNGUUnTSypHwWgHjlcJyy1H8JTvBpnHHUQF6icWvYHF/BeEHElwxn91TiiuOTAjgDDiDuDLQzZmiQYRWzSoy45SeAixq5gE2fX7jdIHPprQfFwDNKyfHn8i7QCb+2dnsxGuZyVfeu3xAr7aI/ilanwde4lTPzSJU5AWpfPUeq4Ufd1xu6uQLHcnnOnWqFlI3YS2sZ2FSYv9dliKpWP17LMGenvnqDIQQ3tmcj1Zo6mQsEiyIFFTuwjZfg==&u=U2FsdGVkX19RDpRGmgZRHCJrqkas5MKbWs09g+zDJgmg930MEniqkKqm9QcwH2K8&y=U2FsdGVkX19Vz3YIRykHCQ5Gz8LiNaojn3zqwTm1EY2eETjUmBGFGPplJxIpZzEq HTTP/1.1" 200 1095
152.203.254.57 - - [04/Jan/2024:20:23:29 -0500] "GET /kwssiamovil/sm/cjson/pre?f=17&x=U2FsdGVkX1/KRPgFDnv7nevcbvW8pHOLAfIce4hphNGHeMfrz4qhqzkgI9gIqRQQ HTTP/1.1" 200 12747
152.203.254.57 - - [04/Jan/2024:20:23:30 -0500] "GET /kwssiamovil/sm/cjson/pre?f=6&x=U2FsdGVkX1/KRPgFDnv7nevcbvW8pHOLAfIce4hphNGHeMfrz4qhqzkgI9gIqRQQ HTTP/1.1" 200 34953
152.203.254.57 - - [04/Jan/2024:20:23:30 -0500] "GET /kwssiamovil/sm/cjson/pre?f=4&x=U2FsdGVkX1/KRPgFDnv7nevcbvW8pHOLAfIce4hphNGHeMfrz4qhqzkgI9gIqRQQ HTTP/1.1" 200 33589
152.203.254.57 - - [04/Jan/2024:20:23:30 -0500] "GET /kwssiamovil/sm/cjson/pre?f=8&x=U2FsdGVkX1/KRPgFDnv7nevcbvW8pHOLAfIce4hphNGHeMfrz4qhqzkgI9gIqRQQ HTTP/1.1" 200 36010
152.203.254.57 - - [04/Jan/2024:20:23:30 -0500] "GET /kwssiamovil/sm/cjson/pre?f=7&x=U2FsdGVkX1/KRPgFDnv7nevcbvW8pHOLAfIce4hphNGHeMfrz4qhqzkgI9gIqRQQ HTTP/1.1" 200 93332
152.203.254.57 - - [04/Jan/2024:20:23:30 -0500] "GET /kwssiamovil/sm/cjson/pre?f=3&x=U2FsdGVkX1/KRPgFDnv7nevcbvW8pHOLAfIce4hphNGHeMfrz4qhqzkgI9gIqRQQ HTTP/1.1" 200 94843
152.203.254.57 - - [04/Jan/2024:20:23:30 -0500] "GET /kwssiamovil/sm/cjson/pre?f=5&x=U2FsdGVkX1/KRPgFDnv7nevcbvW8pHOLAfIce4hphNGHeMfrz4qhqzkgI9gIqRQQ HTTP/1.1" 200 96431
156.59.198.135 - - [04/Jan/2024:20:23:36 -0500] "GET /BLA/resoluciones/AUTOS%202017/2392.pdf HTTP/1.0" 200 286094
186.84.90.178 - - [04/Jan/2024:20:23:38 -0500] "GET /appsia/controlador HTTP/1.1" 200 4799
172.22.2.4 - - [04/Jan/2024:20:22:04 -0500] "HEAD /BLA/boletinlegal/ HTTP/1.1" 200 -
186.84.90.178 - - [04/Jan/2024:20:23:56 -0500] "POST /appsia/controlador HTTP/1.1" 200 5437
186.84.90.178 - - [04/Jan/2024:20:23:58 -0500] "POST /appsia/controlador HTTP/1.1" 200 9435
186.84.90.178 - - [04/Jan/2024:20:24:01 -0500] "POST /appsia/controlador HTTP/1.1" 200 5437
156.59.198.135 - - [04/Jan/2024:20:24:01 -0500] "GET /BLA/resoluciones/AUTOS%202017/0210.pdf HTTP/1.0" 200 490388
156.59.198.136 - - [04/Jan/2024:20:24:26 -0500] "GET /BLA/resoluciones/AUTOS%202017/1425.pdf HTTP/1.0" 200 353087
172.22.2.4 - - [04/Jan/2024:20:22:55 -0500] "GET /BLA/boletinlegal/ HTTP/1.1" 200 60502
181.225.101.131 - - [04/Jan/2024:20:24:35 -0500] "POST /forms/lservlet;jsessionid=ac16012b30d62fd51b9039ef476d965fc518335accf6.e3iSbxaKaheRe34Rb3eTbx8LaNb0n6jAmljGr5XDqQLvpAe HTTP/1.1" 200 2
40.77.167.26 - - [04/Jan/2024:20:24:35 -0500] "GET /BLA/resoluciones/index.php?dir=RESOLUCIONES+2010%2F HTTP/1.1" 200 1307967
40.77.167.76 - - [04/Jan/2024:20:24:40 -0500] "GET /BLA/resoluciones/AUTOS%202020/3611.pdf HTTP/1.1" 200 430414
156.59.198.135 - - [04/Jan/2024:20:24:50 -0500] "GET /BLA/resoluciones/AUTOS%202017/4541.pdf HTTP/1.0" 200 282427
156.59.198.135 - - [04/Jan/2024:20:25:14 -0500] "GET /BLA/resoluciones/AUTOS%202017/2529.pdf HTTP/1.0" 200 352273
201.245.192.253 - - [04/Jan/2024:20:25:21 -0500] "POST /kwsrmcab/Wsrmcab HTTP/1.1" 200 40113
201.245.192.253 - - [04/Jan/2024:20:25:23 -0500] "POST /kwsrmcab/Wsrmcab HTTP/1.1" 200 36875
156.59.198.136 - - [04/Jan/2024:20:25:39 -0500] "GET /BLA/resoluciones/AUTOS%202017/2023.pdf HTTP/1.0" 200 361796
216.245.221.92 - - [04/Jan/2024:20:25:43 -0500] "HEAD / HTTP/1.1" 200 -
156.59.198.135 - - [04/Jan/2024:20:26:03 -0500] "GET /BLA/resoluciones/AUTOS%202017/0140.pdf HTTP/1.0" 200 277717
156.59.198.136 - - [04/Jan/2024:20:26:27 -0500] "GET /BLA/resoluciones/AUTOS%202017/5194.pdf HTTP/1.0" 200 291153
181.225.101.131 - - [04/Jan/2024:20:26:35 -0500] "POST /forms/lservlet;jsessionid=ac16012b30d62fd51b9039ef476d965fc518335accf6.e3iSbxaKaheRe34Rb3eTbx8LaNb0n6jAmljGr5XDqQLvpAe HTTP/1.1" 200 2
45.33.87.154 - - [04/Jan/2024:20:26:37 -0500] "GET / HTTP/1.1" 200 319
156.59.198.136 - - [04/Jan/2024:20:26:52 -0500] "GET /BLA/resoluciones/AUTOS%202017/2385.pdf HTTP/1.0" 200 311514
156.59.198.135 - - [04/Jan/2024:20:27:15 -0500] "GET /BLA/resoluciones/AUTOS%202017/3818.pdf HTTP/1.0" 200 279690
156.59.198.135 - - [04/Jan/2024:20:27:41 -0500] "GET /BLA/resoluciones/AUTOS%202017/0317.pdf HTTP/1.0" 200 737873
201.245.192.253 - - [04/Jan/2024:20:27:54 -0500] "POST /kwsrmcab/Wsrmcab  HTTP/1.1" 200 36937
186.154.14.106 - - [04/Jan/2024:20:28:05 -0500] "GET /appsia/controlador HTTP/1.1" 200 4799
186.154.14.106 - - [04/Jan/2024:20:28:05 -0500] "GET /appsia/scripts/validarIngreso.js HTTP/1.1" 200 851
186.154.14.106 - - [04/Jan/2024:20:28:05 -0500] "GET /appsia/css/estilos.css HTTP/1.1" 200 4804
186.154.14.106 - - [04/Jan/2024:20:28:05 -0500] "GET /appsia/images/logo_bogota_p.png HTTP/1.1" 200 14951
186.154.14.106 - - [04/Jan/2024:20:28:05 -0500] "GET /appsia/images/cabezoteHojaVida.png HTTP/1.1" 200 32493
186.154.14.106 - - [04/Jan/2024:20:28:05 -0500] "GET /favicon.ico HTTP/1.1" 200 7782
156.59.198.135 - - [04/Jan/2024:20:28:05 -0500] "GET /BLA/resoluciones/AUTOS%202017/2622.pdf HTTP/1.0" 200 267610
186.154.14.106 - - [04/Jan/2024:20:28:08 -0500] "POST /appsia/controlador HTTP/1.1" 200 5437
186.154.14.106 - - [04/Jan/2024:20:28:10 -0500] "POST /appsia/controlador HTTP/1.1" 200 7775
186.154.14.106 - - [04/Jan/2024:20:28:13 -0500] "POST /appsia/controlador HTTP/1.1" 200 6640
186.154.14.106 - - [04/Jan/2024:20:28:14 -0500] "POST /appsia/controlador HTTP/1.1" 200 12050
156.59.198.136 - - [04/Jan/2024:20:28:30 -0500] "GET /BLA/resoluciones/AUTOS%202017/1523.pdf HTTP/1.0" 200 284749
181.225.101.131 - - [04/Jan/2024:20:28:35 -0500] "POST /forms/lservlet;jsessionid=ac16012b30d62fd51b9039ef476d965fc518335accf6.e3iSbxaKaheRe34Rb3eTbx8LaNb0n6jAmljGr5XDqQLvpAe HTTP/1.1" 200 2
156.59.198.135 - - [04/Jan/2024:20:28:55 -0500] "GET /BLA/resoluciones/AUTOS%202017/2686.pdf HTTP/1.0" 200 293180
156.59.198.136 - - [04/Jan/2024:20:29:19 -0500] "GET /BLA/resoluciones/AUTOS%202017/3062.pdf HTTP/1.0" 200 288525
201.245.192.253 - - [04/Jan/2024:20:29:31 -0500] "POST /kwsrmcab/Wsrmcab HTTP/1.1" 200 40113
172.22.2.4 - - [04/Jan/2024:20:27:54 -0500] "HEAD /BLA/boletinlegal/ HTTP/1.1" 200 -
156.59.198.136 - - [04/Jan/2024:20:29:44 -0500] "GET /BLA/resoluciones/AUTOS%202017/3981.pdf HTTP/1.0" 200 279975
156.59.198.136 - - [04/Jan/2024:20:30:09 -0500] "GET /BLA/resoluciones/AUTOS%202017/5397.pdf HTTP/1.0" 200 267053
186.154.69.82 - - [04/Jan/2024:20:30:12 -0500] "GET /en-este-puente-de-reyes-evita-movilizar-comercializar-o-traer-animales-silvestres-a-bogota.html HTTP/1.1" 200 859
201.245.192.253 - - [04/Jan/2024:20:30:10 -0500] "POST /kwsrmcab/Wsrmcab HTTP/1.1" 200 36875
191.102.224.200 - - [04/Jan/2024:20:30:19 -0500] "GET /en-este-puente-de-reyes-evita-movilizar-comercializar-o-traer-animales-silvestres-a-bogota.html HTTP/1.1" 200 859
172.22.2.4 - - [04/Jan/2024:20:30:24 -0500] "GET /BLA/boletinlegal/includes/.git/config HTTP/1.1" 404 1018
172.22.2.4 - - [04/Jan/2024:20:28:45 -0500] "GET /BLA/boletinlegal/ HTTP/1.1" 200 58567
66.249.66.193 - - [04/Jan/2024:20:30:25 -0500] "GET /un-arbol-por-cada-ano-de-bogota-asi-se-siguen-celebrando-los-485-anos-de-la-ciudad.html HTTP/1.1" 200 892
156.59.198.135 - - [04/Jan/2024:20:30:33 -0500] "GET /BLA/resoluciones/AUTOS%202017/1042.pdf HTTP/1.0" 200 345725
181.225.101.131 - - [04/Jan/2024:20:30:35 -0500] "POST /forms/lservlet;jsessionid=ac16012b30d62fd51b9039ef476d965fc518335accf6.e3iSbxaKaheRe34Rb3eTbx8LaNb0n6jAmljGr5XDqQLvpAe HTTP/1.1" 200 2
216.245.221.92 - - [04/Jan/2024:20:30:43 -0500] "HEAD / HTTP/1.1" 200 -
156.59.198.135 - - [04/Jan/2024:20:30:57 -0500] "GET /BLA/resoluciones/AUTOS%202017/3414.pdf HTTP/1.0" 200 3454964
172.22.2.4 - - [04/Jan/2024:20:30:57 -0500] "GET /BLA/boletinlegal/.git/config HTTP/1.1" 404 1038
156.59.198.135 - - [04/Jan/2024:20:31:22 -0500] "GET /BLA/resoluciones/RESOLUCIONES%202007/RES%202007%202801%20AL%202900/RESOLUCION%202885%20DE%202007.pdf HTTP/1.0" 200 31150
156.59.198.136 - - [04/Jan/2024:20:31:46 -0500] "GET /BLA/resoluciones/AUTOS%202017/3675.pdf HTTP/1.0" 200 276304
52.167.144.233 - - [04/Jan/2024:20:31:50 -0500] "GET /BLA/resoluciones/AUTOS%202020/4423.pdf HTTP/1.1" 200 407731
156.59.198.136 - - [04/Jan/2024:20:32:11 -0500] "GET /BLA/resoluciones/AUTOS%202017/0078.pdf HTTP/1.0" 200 431277
156.59.198.135 - - [04/Jan/2024:20:32:35 -0500] "GET /BLA/resoluciones/AUTOS%202017/1188.pdf HTTP/1.0" 200 281360
181.225.101.131 - - [04/Jan/2024:20:32:35 -0500] "POST /forms/lservlet;jsessionid=ac16012b30d62fd51b9039ef476d965fc518335accf6.e3iSbxaKaheRe34Rb3eTbx8LaNb0n6jAmljGr5XDqQLvpAe HTTP/1.1" 200 2
172.105.128.13 - - [04/Jan/2024:20:32:44 -0500] "GET / HTTP/1.1" 200 319
179.60.242.67 - - [04/Jan/2024:20:32:49 -0500] "POST /appsia/controlador HTTP/1.1" 200 3226
179.60.242.67 - - [04/Jan/2024:20:32:49 -0500] "GET /appsia/jscripts/validarSolicitud.js HTTP/1.1" 404 68
179.60.242.67 - - [04/Jan/2024:20:32:51 -0500] "POST /appsia/controlador HTTP/1.1" 200 4799
201.245.192.253 - - [04/Jan/2024:20:32:54 -0500] "POST /kwsrmcab/Wsrmcab  HTTP/1.1" 200 36937
156.59.198.136 - - [04/Jan/2024:20:33:00 -0500] "GET /BLA/resoluciones/AUTOS%202017/2604.pdf HTTP/1.0" 200 285708
179.60.242.67 - - [04/Jan/2024:20:33:02 -0500] "POST /appsia/controlador HTTP/1.1" 200 3600
179.60.242.67 - - [04/Jan/2024:20:33:02 -0500] "GET /appsia/jscripts/validarSolicitud.js HTTP/1.1" 404 68
179.60.242.67 - - [04/Jan/2024:20:33:03 -0500] "POST /appsia/controlador HTTP/1.1" 200 4799
179.60.242.67 - - [04/Jan/2024:20:33:12 -0500] "POST /appsia/controlador HTTP/1.1" 200 5437
179.60.242.67 - - [04/Jan/2024:20:33:15 -0500] "POST /appsia/controlador HTTP/1.1" 200 7793
179.60.242.67 - - [04/Jan/2024:20:33:24 -0500] "POST /appsia/controlador HTTP/1.1" 200 6666
156.59.198.135 - - [04/Jan/2024:20:33:24 -0500] "GET /BLA/resoluciones/RESOLUCIONES%202007/RES%202007%202801%20AL%202900/RESOLUCION%202869%20DE%202007.pdf HTTP/1.0" 200 608768
179.60.242.67 - - [04/Jan/2024:20:33:25 -0500] "POST /appsia/controlador HTTP/1.1" 200 10197
156.59.198.136 - - [04/Jan/2024:20:33:48 -0500] "GET /BLA/resoluciones/AUTOS%202017/4618.pdf HTTP/1.0" 200 264256
156.59.198.135 - - [04/Jan/2024:20:34:13 -0500] "GET /BLA/resoluciones/AUTOS%202017/3598.pdf HTTP/1.0" 200 278853
181.225.101.131 - - [04/Jan/2024:20:34:35 -0500] "POST /forms/lservlet;jsessionid=ac16012b30d62fd51b9039ef476d965fc518335accf6.e3iSbxaKaheRe34Rb3eTbx8LaNb0n6jAmljGr5XDqQLvpAe HTTP/1.1" 200 2
156.59.198.136 - - [04/Jan/2024:20:34:37 -0500] "GET /BLA/resoluciones/AUTOS%202017/2691.pdf HTTP/1.0" 200 290166
156.59.198.135 - - [04/Jan/2024:20:35:01 -0500] "GET /BLA/resoluciones/AUTOS%202017/3454.pdf HTTP/1.0" 200 278724
172.22.2.4 - - [04/Jan/2024:20:33:34 -0500] "GET /BLA/boletinlegal/ HTTP/1.1" 200 48892
201.245.192.253 - - [04/Jan/2024:20:35:22 -0500] "POST /kwsrmcab/Wsrmcab HTTP/1.1" 200 40113
172.22.2.4 - - [04/Jan/2024:20:33:44 -0500] "HEAD /BLA/boletinlegal/ HTTP/1.1" 200 -
201.245.192.253 - - [04/Jan/2024:20:35:24 -0500] "POST /kwsrmcab/Wsrmcab HTTP/1.1" 200 36875
156.59.198.136 - - [04/Jan/2024:20:35:28 -0500] "GET /BLA/resoluciones/AUTOS%202017/2074.pdf HTTP/1.0" 200 457258
216.245.221.92 - - [04/Jan/2024:20:35:43 -0500] "HEAD / HTTP/1.1" 200 -
156.59.198.136 - - [04/Jan/2024:20:35:52 -0500] "GET /BLA/resoluciones/AUTOS%202017/3372.pdf HTTP/1.0" 200 309560
172.22.2.4 - - [04/Jan/2024:20:34:35 -0500] "GET /BLA/boletinlegal/ HTTP/1.1" 200 54423
156.59.198.136 - - [04/Jan/2024:20:36:16 -0500] "GET /BLA/resoluciones/AUTOS%202017/0267.pdf HTTP/1.0" 200 294244
181.225.101.131 - - [04/Jan/2024:20:36:35 -0500] "POST /forms/lservlet;jsessionid=ac16012b30d62fd51b9039ef476d965fc518335accf6.e3iSbxaKaheRe34Rb3eTbx8LaNb0n6jAmljGr5XDqQLvpAe HTTP/1.1" 200 2
156.59.198.135 - - [04/Jan/2024:20:36:41 -0500] "GET /BLA/resoluciones/AUTOS%202017/4944.pdf HTTP/1.0" 200 2029736
156.59.198.135 - - [04/Jan/2024:20:37:05 -0500] "GET /BLA/resoluciones/AUTOS%202017/1932.pdf HTTP/1.0" 200 496987
156.59.198.135 - - [04/Jan/2024:20:37:29 -0500] "GET /BLA/resoluciones/AUTOS%202017/1079.pdf HTTP/1.0" 200 323821
172.22.2.4 - - [04/Jan/2024:20:37:35 -0500] "GET /BLA/boletinlegal/Circulares/2019/.pdf HTTP/1.1" 404 1218
156.59.198.136 - - [04/Jan/2024:20:37:53 -0500] "GET /BLA/resoluciones/AUTOS%202017/4867.pdf HTTP/1.0" 200 285250
201.245.192.253 - - [04/Jan/2024:20:37:52 -0500] "POST /kwsrmcab/Wsrmcab  HTTP/1.1" 200 36937
156.59.198.136 - - [04/Jan/2024:20:38:18 -0500] "GET /BLA/resoluciones/AUTOS%202017/2008.pdf HTTP/1.0" 200 393759
181.225.101.131 - - [04/Jan/2024:20:38:35 -0500] "POST /forms/lservlet;jsessionid=ac16012b30d62fd51b9039ef476d965fc518335accf6.e3iSbxaKaheRe34Rb3eTbx8LaNb0n6jAmljGr5XDqQLvpAe HTTP/1.1" 200 2
156.59.198.135 - - [04/Jan/2024:20:38:42 -0500] "GET /BLA/resoluciones/AUTOS%202017/2554.pdf HTTP/1.0" 200 278455
156.59.198.136 - - [04/Jan/2024:20:39:07 -0500] "GET /BLA/resoluciones/AUTOS%202017/2061.pdf HTTP/1.0" 200 566177
156.59.198.136 - - [04/Jan/2024:20:39:31 -0500] "GET /BLA/resoluciones/AUTOS%202017/2147.pdf HTTP/1.0" 200 2028584
201.245.192.253 - - [04/Jan/2024:20:39:31 -0500] "POST /kwsrmcab/Wsrmcab HTTP/1.1" 200 40113
156.59.198.135 - - [04/Jan/2024:20:39:55 -0500] "GET /BLA/resoluciones/AUTOS%202017/3848.pdf HTTP/1.0" 200 278023
201.245.192.253 - - [04/Jan/2024:20:40:10 -0500] "POST /kwsrmcab/Wsrmcab HTTP/1.1" 200 36875
156.59.198.135 - - [04/Jan/2024:20:40:19 -0500] "GET /BLA/resoluciones/AUTOS%202017/1348.pdf HTTP/1.0" 200 553907
66.249.66.77 - - [04/Jan/2024:20:40:34 -0500] "GET /portaldeninos/wp-content/themes/betheme/css/responsive.css?ver=20.9.6 HTTP/1.1" 200 55740
181.225.101.131 - - [04/Jan/2024:20:40:35 -0500] "POST /forms/lservlet;jsessionid=ac16012b30d62fd51b9039ef476d965fc518335accf6.e3iSbxaKaheRe34Rb3eTbx8LaNb0n6jAmljGr5XDqQLvpAe HTTP/1.1" 200 2
216.245.221.92 - - [04/Jan/2024:20:40:43 -0500] "HEAD / HTTP/1.1" 200 -
156.59.198.135 - - [04/Jan/2024:20:40:44 -0500] "GET /BLA/resoluciones/AUTOS%202017/0408.pdf HTTP/1.0" 200 308037
156.59.198.136 - - [04/Jan/2024:20:41:07 -0500] "GET /BLA/resoluciones/AUTOS%202017/2727.pdf HTTP/1.0" 200 277425
172.22.2.4 - - [04/Jan/2024:20:39:34 -0500] "HEAD /BLA/boletinlegal/ HTTP/1.1" 200 -
156.59.198.135 - - [04/Jan/2024:20:41:32 -0500] "GET /BLA/resoluciones/AUTOS%202017/1756.pdf HTTP/1.0" 200 292052
181.54.124.57 - - [04/Jan/2024:20:41:54 -0500] "GET /mesa/contrasena.pdf HTTP/1.1" 200 443199
181.54.124.57 - - [04/Jan/2024:20:41:54 -0500] "GET /favicon.ico HTTP/1.1" 200 7782
156.59.198.136 - - [04/Jan/2024:20:41:56 -0500] "GET /BLA/resoluciones/AUTOS%202017/4904.pdf HTTP/1.0" 200 746771
172.22.2.4 - - [04/Jan/2024:20:40:25 -0500] "GET /BLA/boletinlegal/ HTTP/1.1" 200 58567
156.59.198.136 - - [04/Jan/2024:20:42:20 -0500] "GET /BLA/resoluciones/AUTOS%202017/2632.pdf HTTP/1.0" 200 262254
181.225.101.131 - - [04/Jan/2024:20:42:35 -0500] "POST /forms/lservlet;jsessionid=ac16012b30d62fd51b9039ef476d965fc518335accf6.e3iSbxaKaheRe34Rb3eTbx8LaNb0n6jAmljGr5XDqQLvpAe HTTP/1.1" 200 2
156.59.198.135 - - [04/Jan/2024:20:42:44 -0500] "GET /BLA/resoluciones/AUTOS%202017/2213.pdf HTTP/1.0" 200 724271
201.245.192.253 - - [04/Jan/2024:20:42:51 -0500] "POST /kwsrmcab/Wsrmcab  HTTP/1.1" 200 36937
156.59.198.136 - - [04/Jan/2024:20:43:08 -0500] "GET /BLA/resoluciones/AUTOS%202017/2119.pdf HTTP/1.0" 200 1238185
181.53.13.164 - - [04/Jan/2024:20:43:12 -0500] "GET /appsia/controlador HTTP/1.1" 200 4799
181.53.13.164 - - [04/Jan/2024:20:43:12 -0500] "GET /appsia/css/estilos.css HTTP/1.1" 200 4804
181.53.13.164 - - [04/Jan/2024:20:43:12 -0500] "GET /appsia/scripts/validarIngreso.js HTTP/1.1" 200 851
181.53.13.164 - - [04/Jan/2024:20:43:12 -0500] "GET /appsia/images/logo_bogota_p.png HTTP/1.1" 200 14951
181.53.13.164 - - [04/Jan/2024:20:43:12 -0500] "GET /appsia/images/cabezoteHojaVida.png HTTP/1.1" 200 32493
181.53.13.164 - - [04/Jan/2024:20:43:12 -0500] "GET /favicon.ico HTTP/1.1" 200 7782
186.102.21.240 - - [04/Jan/2024:20:43:19 -0500] "OPTIONS /kwssiamovil/sm/setfile/f? HTTP/1.1" 200 13
186.102.21.240 - - [04/Jan/2024:20:43:19 -0500] "POST /kwssiamovil/sm/setfile/f? HTTP/1.1" 200 381
156.59.198.136 - - [04/Jan/2024:20:43:33 -0500] "GET /BLA/resoluciones/AUTOS%202017/1552.pdf HTTP/1.0" 200 299586
181.53.13.164 - - [04/Jan/2024:20:43:33 -0500] "POST /appsia/controlador HTTP/1.1" 200 5437
186.102.21.240 - - [04/Jan/2024:20:43:36 -0500] "GET /kwssiamovil/sm/acme/a?s=U2FsdGVkX1/buVUtRwT8xcRJAPMBesZxJ+lzk1t7eX6oCVkNU407ACC9tdytymayTcVNLy7JLDHIAVBzJGdhaKmLrkjEuh/RJOPfHtMnpIDwWMv+idp57+++WViNgxvqvqrXwwQWFO2LPSf/kEvoQ8Oz2xCVNs5ZwEVDCooLdplULMEs0devR5u4B9o8p8u9ujVz/PBNUwEq63M+tB5u6LLNbcSmtY6ccSCfAnXmLWhYVKW0nMEelB/DZBSqsjpvJZST1BF4u+jOzEEpM4dxDw==&u=U2FsdGVkX1+Yjj3XU5VPPgw+OH3uYYiuwmuR0t9GbfPgwzdeTETOU7fn4Lq1l7ru&y=U2FsdGVkX19oE6f2uiAhI+i/nSW84ySpoAG6/rGB8K/972Err8z+Yaj3CCXthHBw HTTP/1.1" 200 26
181.53.13.164 - - [04/Jan/2024:20:43:36 -0500] "POST /appsia/controlador HTTP/1.1" 200 5437
186.102.21.240 - - [04/Jan/2024:20:43:36 -0500] "GET /kwssiamovil/sm/acme/a?s=U2FsdGVkX19/0R8QksMVnR7AjJIkYmqFOKJW8LM3EssGitokv0A7gOQz6Y/42Qi8t+1RDk9m7b8rANlm5/O4WUCgVScMxqmVRyqM4d1SxtJU6odeDSQBIg3XGSd9ilquj3LxraU42Bt64z7qKftFolafsawy27HfRpKWMDuyWHHxRX8qST1japeHZ5QNsyeyvSRZWMiNnNSZIeWSSg0iblZeDyDYkO3u6i5/cB4UKhMOSw//1/YWSJpKJuBOYp0Fcu2F28ONtqiu84fpBd53yC6ym3efQxqHZOWHoI8QvnV5Vpsf5w/k1qrlcaoxpJvtfxJZydvRnVSurIIzAFTKZQnHj2loroILd/fVvqPwfnWr72RJfqtcMW3eufw/u8zgV5iq3QPg763rLp16qepMKuYe4H3a/JtKweZ5xxP2HyXpWePnYBwoMMDUpARPJaQ5wPDoA+otqrfvAuOUtXzY0q+UlL7WZxnBBv11IVuOSKRklQNYexyEqOl2qZNYIDYAFa5/3uikmcxnrxYuT/5zmtM7eE0UTd+TieSYwin9pSy9bFXP09/bHk/ebEc8wAVJ7g0p2GrflKcMkK2lP3tVVqyIBXU94LJ3yDgCpBu7GYpabFBkhM6L9PIeRuUa1YjyejHBv4+xxAwL69pKODwYQ7djzA7Cfnge57XsMnlSXFnITKDKWTKwkG6sKrIWJvl7fe/P1uQBzCyCLqZdcLhm0rcvXlg/7qlA7NmmK7ydngaY/v7xJhhgg5P+ks65VVDPEVSOFdCTVFPhiIbQYcU0kq1z6LGyYCRg6EwKMwA17oyAAhR4VXQcmHlotmoPWpza+hRnTX3/b5BiBGfhnUgt948MNnF2T80Eqsfw+rrQwj5YLnTsi1Jp2sSbai6AU51UDk1GqnpUxGt+C4snX286ByHYL56EONr5U0Ov9SRXx/vtuCGrXZcXL5DxScRVDSt/ZvDOKx4syEOjrvd3tNGxFqWLmUEpbftBom3o7bHN44oSJQ2lWvsx6NMdvHfDM8ORtdXcbZjNX3wZc2Og+/hSGxxknoFwNsJXw6ChssTe3EBwEo5W4aG9Ldj7AN8P4gkSuC0vIaEqZuqUVjhsti4HqylGTk4OLCNXD1nxu8qWUuSluE5rXUO3ruwq+7SWGyVBwpOQjqElrnJREop7kjQeGVn0zIoWJmTjpl5AczEw8UJfAAAkMpM8UtsB50Sfli4PrIWpvKOtFmxJMhFQ7GL4FCTw6ko3yIvapndU3GRkudGnJaLi3nf8lugl8bZiuaN5wk2LkK70W+Y0bCzYB0NquMi5V3EeEiYl6qfxsa34R5DlQ96zyjs9OXZvc9llZr9pqCjLc5Drav8ReK6kqv10/xAmM2eCkXRlPbnhUfM7yGBcuuLtezDsJxmBcwODeF2DyGwyu47LaqOhj/d0L8R6Tw/J6BQhsNvXVGz0DVgrP4kRQwYtKaeHO62elKADR6uJ8+w04nbernlq208QzHXKX/OL1RXyFyQWX4VIV4zE3L4GGqDc6BGrxblzv4+YJtnGemBemlg6Ym+q6lc94s+/HjdvLsmhZfUZmc9a9B0QG2vtYyQr7MNXcgE4UneAs47GEy+2NJ2jaPiF2nucGxns7Fqr5ezBguIaQcrVmKu9G3ysx8p2FAHWrSHYyFxk/HpW0GhKKiND8gAcfynYxRjR6O0OMHkys0WIov777dtNokb4FMt2PpP1hXeNkdGtVtTOWv2eqCmVWr4wp1u9o+NNJyfcvLJht5qA/WUwdrMPR08N3bdhIa8qDdQJFaTZD+SZady1fCt0aefOGVgG0ZeSYIuCnIRwFawnOJ9dRo1rmS23B9/gCOvx6cfM2Z2ubfuWnogRoujM+pr4EJQWw9cfyj5YlMskIkMcSuSeRcigR9yQ3YdRlcalFnnawqSYSfN95Lb8dIGtaezPVDgJI6dUxIPKaYmBOVojGKOFIi/EWPrUqXeJhBUPExfsjFzlakx4rR3BHzPkuc4WjuAKd6Kx1WmdeDoJpmVEd0QOQD6V7AqoTvzE6qEQVUHP2DlJxPY+Cii07zhcND/umpJWodJN0VrJwAe48LAk0pqtyfCVEUDC9NX2icYZuqc8wqi88SNqmIAWWueC8rxM5d+bYdINCnjpzhLkRObxMemVcFU0eCNPDAl4bhArfcw8OKKORuj8Wkk30NQfG+NpaTxx5CKi5AHyb8CKreDkqlvbdk+ty6aPcr3N5m5Pn6op/6su+ZOsds0CD7dSk04PQr7mhGYEgVV4ZVDSdJs2rlGYgvZIHAdFMEYxAQqbpjeNnRKMOZmjqooecGtXL1H/dFRcPC/4W5LF73zs6//m6hDG6KVmyLy5CK3Cho9KnawwVMd7QKVc519njaBaUU0S39bfD9nohimKArCdS3hDLC8xWFrWImD2tyJ6PMPVf/I7T8AVANnipgwbB0EM1z360po0tzii4g==&u=U2FsdGVkX1+Yjj3XU5VPPgw+OH3uYYiuwmuR0t9GbfPgwzdeTETOU7fn4Lq1l7ru&y=U2FsdGVkX19oE6f2uiAhI+i/nSW84ySpoAG6/rGB8K/972Err8z+Yaj3CCXthHBw HTTP/1.1" 200 26
186.102.21.240 - - [04/Jan/2024:20:43:36 -0500] "GET /kwssiamovil/sm/acme/a?s=U2FsdGVkX19bUpry3zskiuiwsjl2FRdgsX+2MntpPCKVTKi071W+t8JrVFSxzb4+1U60Rs1oTKQP98PlXoMBK2PwB+Z27t36TDbbdpoU3A4SqnXz70uEdJjSXVqz/l2DO32okD6mum2codIZYpa58r3ZA8dnBtjxzhHljMtqao8=&u=U2FsdGVkX1+Yjj3XU5VPPgw+OH3uYYiuwmuR0t9GbfPgwzdeTETOU7fn4Lq1l7ru&y=U2FsdGVkX19oE6f2uiAhI+i/nSW84ySpoAG6/rGB8K/972Err8z+Yaj3CCXthHBw HTTP/1.1" 200 26
186.102.21.240 - - [04/Jan/2024:20:43:37 -0500] "GET /kwssiamovil/sm/acme/a?s=U2FsdGVkX1+qEVWhomEJI4gOuIvZzybU8wJWOHftlrzUL3RpN0CSDAvNviaVCPNdn+HF/JhckZRyruZAZOJf5uvD/0oCHkM34AnME0HWiDQ0abCfdIjKxChMqiXJztULhiWHZtg+2maNfZmJDcgHSbhcBk/15by9jJE/UTlXA5k=&u=U2FsdGVkX1+Yjj3XU5VPPgw+OH3uYYiuwmuR0t9GbfPgwzdeTETOU7fn4Lq1l7ru&y=U2FsdGVkX19oE6f2uiAhI+i/nSW84ySpoAG6/rGB8K/972Err8z+Yaj3CCXthHBw HTTP/1.1" 200 26
186.102.21.240 - - [04/Jan/2024:20:43:37 -0500] "GET /kwssiamovil/sm/acme/a?s=U2FsdGVkX1+QfEtCXn/tpOdCz0JlLgmHabBDBJK+GgZO01Lp/AhcnT3iyDmPe6ODuHC4Vsnbj33XQ152iNw1VkCx3qpYgnbh/YuHYDddG3t4ZYhBhBaFnKjJHxkwLe/+gIKVgOtXSEFyL9t4D4Sc2Kl4JZLgPjvEeltgzA+MV8w=&u=U2FsdGVkX1+Yjj3XU5VPPgw+OH3uYYiuwmuR0t9GbfPgwzdeTETOU7fn4Lq1l7ru&y=U2FsdGVkX19oE6f2uiAhI+i/nSW84ySpoAG6/rGB8K/972Err8z+Yaj3CCXthHBw HTTP/1.1" 200 26
186.102.21.240 - - [04/Jan/2024:20:43:37 -0500] "GET /kwssiamovil/sm/acme/a?s=U2FsdGVkX19rN0lsmQ4ruVwNU1SxyYO39w+rVRW6J5uYnyZo9TfPvSCxzgmaGds8Kxiad2jigmXOAjdwSt0+Y1ymNVze+lWBpNEMQhuGl1HZkC9Yb1CjGJ8pqLqLDVKNfMX94SAKI+gJ5uYY0Euev7VMv3WCgeKnDlDWohbCGTrzBvNy/MXUhihtvj/DaTj5pslO0sBFgOnt5rtZJamVSw==&u=U2FsdGVkX1+Yjj3XU5VPPgw+OH3uYYiuwmuR0t9GbfPgwzdeTETOU7fn4Lq1l7ru&y=U2FsdGVkX19oE6f2uiAhI+i/nSW84ySpoAG6/rGB8K/972Err8z+Yaj3CCXthHBw HTTP/1.1" 200 26
