186.102.1.200 - - [04/Jan/2024:13:11:55 -0500] "GET /kwssiamovil/sm/cjson/pre?f=1&x=U2FsdGVkX1/IeTjsE2YbxzZk/5EkJHYyKxU0AtjJ5l+ZQlFiuR7oF7ppeZ06zaRr HTTP/1.1" 200 31032
172.22.2.4 - - [04/Jan/2024:13:10:16 -0500] "HEAD /BLA/boletinlegal/ HTTP/1.1" 200 -
216.244.66.195 - - [04/Jan/2024:13:12:00 -0500] "GET /BLA/resoluciones/AUTOS%202013/0518.pdf HTTP/1.1" 200 200395
216.244.66.195 - - [04/Jan/2024:13:12:29 -0500] "GET /BLA/resoluciones/AUTOS%202013/0652.pdf HTTP/1.1" 200 926312
172.22.2.4 - - [04/Jan/2024:13:11:07 -0500] "GET /BLA/boletinlegal/ HTTP/1.1" 200 58567
14.103.41.171 - - [04/Jan/2024:13:12:57 -0500] "GET http://190.27.245.106:80/web/phpMyAdmin/scripts/setup.php HTTP/1.0" 404 1018
216.244.66.195 - - [04/Jan/2024:13:12:57 -0500] "GET /BLA/resoluciones/AUTOS%202013/0733.pdf HTTP/1.1" 200 1084921
216.244.66.195 - - [04/Jan/2024:13:13:22 -0500] "GET /BLA/resoluciones/AUTOS%202013/0775.pdf HTTP/1.1" 200 979549
201.245.192.253 - - [04/Jan/2024:13:13:40 -0500] "GET /kwsrmcab/Wsrsmcab?wsdl HTTP/1.1" 404 68
201.245.192.253 - - [04/Jan/2024:13:13:40 -0500] "GET /kwsrmcab/Wsrsmcab?wsdl HTTP/1.1" 404 68
40.77.167.35 - - [04/Jan/2024:13:13:45 -0500] "GET /BLA/resoluciones/RESOLUCIONES%202023/1733.pdf HTTP/1.1" 200 1141373
216.244.66.195 - - [04/Jan/2024:13:14:04 -0500] "GET /BLA/resoluciones/AUTOS%202013/1057.pdf HTTP/1.1" 200 377536
216.244.66.195 - - [04/Jan/2024:13:14:34 -0500] "GET /BLA/resoluciones/AUTOS%202013/1150.pdf HTTP/1.1" 200 256152
201.245.192.253 - - [04/Jan/2024:13:14:49 -0500] "POST /kwsrmcab/Wsrmcab  HTTP/1.1" 200 36937
216.244.66.195 - - [04/Jan/2024:13:15:03 -0500] "GET /BLA/resoluciones/AUTOS%202013/1282.pdf HTTP/1.1" 200 1619026
66.249.66.20 - - [04/Jan/2024:13:15:15 -0500] "GET /BLA/resoluciones/RESOLUCIONES%202009/4772.pdf HTTP/1.1" 200 812239
66.249.66.19 - - [04/Jan/2024:13:15:21 -0500] "GET /BLA/resoluciones/RESOLUCIONES%202009/1734.pdf HTTP/1.1" 200 238398
201.245.192.253 - - [04/Jan/2024:13:15:23 -0500] "POST /kwsrmcab/Wsrmcab HTTP/1.1" 200 40372
201.245.192.253 - - [04/Jan/2024:13:15:25 -0500] "POST /kwsrmcab/Wsrmcab HTTP/1.1" 200 36569
216.244.66.195 - - [04/Jan/2024:13:15:42 -0500] "GET /BLA/resoluciones/AUTOS%202013/1440.pdf HTTP/1.1" 200 434138
216.245.221.92 - - [04/Jan/2024:13:15:44 -0500] "HEAD / HTTP/1.1" 200 -
52.167.144.166 - - [04/Jan/2024:13:15:56 -0500] "GET /BLA/resoluciones/index.php?dir=AUTOS+2010%2F HTTP/1.1" 200 281515
216.244.66.195 - - [04/Jan/2024:13:16:13 -0500] "GET /BLA/resoluciones/AUTOS%202013/2115.pdf HTTP/1.1" 200 535888
216.244.66.195 - - [04/Jan/2024:13:16:42 -0500] "GET /BLA/resoluciones/AUTOS%202013/2261.pdf HTTP/1.1" 200 554759
66.249.66.19 - - [04/Jan/2024:13:17:00 -0500] "GET /resoluciones/RESOLUCIONES%202008/2978.pdf HTTP/1.1" 404 1018
216.244.66.195 - - [04/Jan/2024:13:17:11 -0500] "GET /BLA/resoluciones/AUTOS%202013/2328.pdf HTTP/1.1" 200 807440
66.249.66.21 - - [04/Jan/2024:13:17:45 -0500] "GET /BLA/resoluciones/RESOLUCIONES%202009/1800.pdf HTTP/1.1" 200 770609
172.22.2.4 - - [04/Jan/2024:13:16:06 -0500] "HEAD /BLA/boletinlegal/ HTTP/1.1" 200 -
186.84.90.178 - - [04/Jan/2024:13:17:50 -0500] "POST /appsia/controlador HTTP/1.1" 200 3598
186.84.90.178 - - [04/Jan/2024:13:17:50 -0500] "GET /appsia/jscripts/validarSolicitud.js HTTP/1.1" 404 68
216.244.66.195 - - [04/Jan/2024:13:17:50 -0500] "GET /BLA/resoluciones/AUTOS%202013/2576.pdf HTTP/1.1" 200 207848
186.84.90.178 - - [04/Jan/2024:13:17:56 -0500] "POST /appsia/controlador HTTP/1.1" 200 4799
66.249.66.20 - - [04/Jan/2024:13:17:59 -0500] "GET /BLA/resoluciones/RESOLUCIONES%202009/1148.pdf HTTP/1.1" 200 438707
40.77.167.2 - - [04/Jan/2024:13:18:04 -0500] "GET /BLA/resoluciones/AUTOS%202010/4511.pdf HTTP/1.1" 200 235819
40.77.167.2 - - [04/Jan/2024:13:18:07 -0500] "GET /BLA/resoluciones/AUTOS%202010/5931.pdf HTTP/1.1" 200 344312
40.77.167.67 - - [04/Jan/2024:13:18:08 -0500] "GET /BLA/resoluciones/AUTOS%202010/1944.pdf HTTP/1.1" 200 320516
186.84.90.178 - - [04/Jan/2024:13:18:10 -0500] "POST /appsia/controlador HTTP/1.1" 200 5437
186.84.90.178 - - [04/Jan/2024:13:18:13 -0500] "POST /appsia/controlador HTTP/1.1" 200 9435
186.84.90.178 - - [04/Jan/2024:13:18:16 -0500] "POST /appsia/controlador HTTP/1.1" 200 5437
216.244.66.195 - - [04/Jan/2024:13:18:21 -0500] "GET /BLA/resoluciones/AUTOS%202014/0646.pdf HTTP/1.1" 200 274529
172.22.2.4 - - [04/Jan/2024:13:16:57 -0500] "GET /BLA/boletinlegal/ HTTP/1.1" 200 60502
216.244.66.195 - - [04/Jan/2024:13:18:50 -0500] "GET /BLA/resoluciones/AUTOS%202014/0823.pdf HTTP/1.1" 200 286237
52.167.144.166 - - [04/Jan/2024:13:19:04 -0500] "GET /BLA/resoluciones/index.php?dir=AUTOS+2020%2F HTTP/1.1" 200 332687
186.29.164.212 - - [04/Jan/2024:13:19:06 -0500] "GET /si-tienes-ropa-y-calzado-que-ya-no-usas-aca-te-presentamos-seis-puntos-a-donde-los-puedes-llevar.html HTTP/1.1" 200 872
216.244.66.195 - - [04/Jan/2024:13:19:21 -0500] "GET /BLA/resoluciones/AUTOS%202014/0832.pdf HTTP/1.1" 200 309898
201.245.192.253 - - [04/Jan/2024:13:19:32 -0500] "POST /kwsrmcab/Wsrmcab HTTP/1.1" 200 40372
201.245.192.253 - - [04/Jan/2024:13:19:37 -0500] "POST /kwsrmcab/Wsrmcab HTTP/1.1" 200 36569
216.244.66.195 - - [04/Jan/2024:13:19:49 -0500] "GET /BLA/resoluciones/AUTOS%202014/1112.pdf HTTP/1.1" 200 480040
66.249.66.20 - - [04/Jan/2024:13:19:50 -0500] "GET /resoluciones/RESOLUCIONES%202008/3167.pdf HTTP/1.1" 404 1018
201.245.192.253 - - [04/Jan/2024:13:19:49 -0500] "POST /kwsrmcab/Wsrmcab  HTTP/1.1" 200 36937
216.244.66.195 - - [04/Jan/2024:13:20:16 -0500] "GET /BLA/resoluciones/AUTOS%202014/1295.pdf HTTP/1.1" 200 160807
216.244.66.195 - - [04/Jan/2024:13:20:41 -0500] "GET /BLA/resoluciones/AUTOS%202019/0048.pdf HTTP/1.1" 200 258096
216.245.221.92 - - [04/Jan/2024:13:20:44 -0500] "HEAD / HTTP/1.1" 200 -
216.244.66.195 - - [04/Jan/2024:13:21:08 -0500] "GET /BLA/resoluciones/AUTOS%202019/0627.pdf HTTP/1.1" 200 257357
216.244.66.195 - - [04/Jan/2024:13:21:31 -0500] "GET /BLA/resoluciones/AUTOS%202019/1453.pdf HTTP/1.1" 200 260614
52.167.144.7 - - [04/Jan/2024:13:21:57 -0500] "GET /BLA/resoluciones/AUTOS%202020/1553.pdf HTTP/1.1" 200 1263839
34.147.52.199 - - [04/Jan/2024:13:22:12 -0500] "GET /distrito-exalto-a-246-empresas-de-bogota-por-su-alto-desempeno-y-responsabilidad-ambiental-durante-2023.html HTTP/1.1" 200 1039
40.77.167.53 - - [04/Jan/2024:13:22:18 -0500] "GET /BLA/resoluciones/RESOLUCIONES%202023/2695.pdf HTTP/1.1" 200 410320
66.249.66.19 - - [04/Jan/2024:13:22:41 -0500] "GET /sipse/faces/faces/autenticacion.xhtml HTTP/1.1" 200 12723
156.59.198.136 - - [04/Jan/2024:13:23:05 -0500] "GET /BLA/resoluciones/Notificaciones/REGISTROS%202019/01081.pdf HTTP/1.0" 200 260115
156.59.198.135 - - [04/Jan/2024:13:23:31 -0500] "GET /BLA/resoluciones/Notificaciones/REGISTROS%202019/01975.pdf HTTP/1.0" 200 267148
172.22.2.4 - - [04/Jan/2024:13:21:56 -0500] "HEAD /BLA/boletinlegal/ HTTP/1.1" 200 -
156.59.198.136 - - [04/Jan/2024:13:23:54 -0500] "GET /BLA/resoluciones/Notificaciones/REGISTROS%202019/01786.pdf HTTP/1.0" 200 259267
156.59.198.136 - - [04/Jan/2024:13:24:18 -0500] "GET /BLA/resoluciones/Notificaciones/REGISTROS%202019/02580.pdf HTTP/1.0" 200 263602
172.22.2.4 - - [04/Jan/2024:13:22:47 -0500] "GET /BLA/boletinlegal/ HTTP/1.1" 200 58969
156.59.198.136 - - [04/Jan/2024:13:24:43 -0500] "GET /BLA/resoluciones/Notificaciones/REGISTROS%202019/01991.pdf HTTP/1.0" 200 258249
201.245.192.253 - - [04/Jan/2024:13:24:47 -0500] "POST /kwsrmcab/Wsrmcab  HTTP/1.1" 200 36937
156.59.198.136 - - [04/Jan/2024:13:25:06 -0500] "GET /BLA/resoluciones/Notificaciones/REGISTROS%202019/2057.pdf HTTP/1.0" 200 257889
191.95.48.159 - - [04/Jan/2024:13:25:12 -0500] "GET /sipse/faces/autenticacion.xhtml HTTP/1.1" 200 12723
191.95.48.159 - - [04/Jan/2024:13:25:13 -0500] "GET /sipse/js/disable_browser_buttons.js HTTP/1.1" 304 -
191.95.48.159 - - [04/Jan/2024:13:25:13 -0500] "GET /sipse/css/custom_css_sg.css HTTP/1.1" 304 -
191.95.48.159 - - [04/Jan/2024:13:25:13 -0500] "GET /sipse/css/custom_css_sg_prime_login.css HTTP/1.1" 304 -
191.95.48.159 - - [04/Jan/2024:13:25:13 -0500] "GET /sipse/faces/javax.faces.resource/theme.css?ln=primefaces-sipse HTTP/1.1" 304 -
191.95.48.159 - - [04/Jan/2024:13:25:13 -0500] "GET /sipse/faces/javax.faces.resource/layout/layout.css;jsessionid=TT+FEfNgpDJEP-R3YiKofytE.undefined?ln=primefaces&v=4.0 HTTP/1.1" 200 542
191.95.48.159 - - [04/Jan/2024:13:25:13 -0500] "GET /sipse/js/funciones.js HTTP/1.1" 304 -
191.95.48.159 - - [04/Jan/2024:13:25:13 -0500] "GET /sipse/faces/javax.faces.resource/jquery/jquery.js;jsessionid=TT+FEfNgpDJEP-R3YiKofytE.undefined?ln=primefaces&v=4.0 HTTP/1.1" 200 105384
191.95.48.159 - - [04/Jan/2024:13:25:13 -0500] "GET /sipse/faces/javax.faces.resource/primefaces.css;jsessionid=TT+FEfNgpDJEP-R3YiKofytE.undefined?ln=primefaces&v=4.0 HTTP/1.1" 200 53295
191.95.48.159 - - [04/Jan/2024:13:25:13 -0500] "GET /sipse/faces/javax.faces.resource/primefaces.js;jsessionid=TT+FEfNgpDJEP-R3YiKofytE.undefined?ln=primefaces&v=4.0 HTTP/1.1" 200 276924
191.95.48.159 - - [04/Jan/2024:13:25:13 -0500] "GET /sipse/faces/javax.faces.resource/layout/layout.js;jsessionid=TT+FEfNgpDJEP-R3YiKofytE.undefined?ln=primefaces&v=4.0 HTTP/1.1" 200 87560
191.95.48.159 - - [04/Jan/2024:13:25:13 -0500] "GET /sipse/faces/javax.faces.resource/jquery/jquery-plugins.js;jsessionid=TT+FEfNgpDJEP-R3YiKofytE.undefined?ln=primefaces&v=4.0 HTTP/1.1" 200 220526
191.95.48.159 - - [04/Jan/2024:13:25:13 -0500] "GET /sipse/css/imagen/logoSDG.png HTTP/1.1" 304 -
191.95.48.159 - - [04/Jan/2024:13:25:13 -0500] "GET /sipse/css/imagen/loginimg.png HTTP/1.1" 304 -
191.95.48.159 - - [04/Jan/2024:13:25:13 -0500] "GET /sipse/faces/javax.faces.resource/images/ui-icons_898989_256x240.png?ln=primefaces-aristo HTTP/1.1" 304 -
191.95.48.159 - - [04/Jan/2024:13:25:14 -0500] "GET /sipse/faces/index.xhtml HTTP/1.1" 200 677
191.95.48.159 - - [04/Jan/2024:13:25:14 -0500] "GET /sipse/faces/javax.faces.resource/theme.css?ln=primefaces-sipse HTTP/1.1" 304 -
191.95.48.159 - - [04/Jan/2024:13:25:14 -0500] "GET /sipse/faces/faces/autenticacion.xhtml HTTP/1.1" 200 12401
191.95.48.159 - - [04/Jan/2024:13:25:15 -0500] "GET /sipse/faces/javax.faces.resource/theme.css?ln=primefaces-sipse HTTP/1.1" 304 -
191.95.48.159 - - [04/Jan/2024:13:25:15 -0500] "GET /sipse/faces/javax.faces.resource/primefaces.css?ln=primefaces&v=4.0 HTTP/1.1" 304 -
191.95.48.159 - - [04/Jan/2024:13:25:15 -0500] "GET /sipse/faces/javax.faces.resource/layout/layout.css?ln=primefaces&v=4.0 HTTP/1.1" 304 -
191.95.48.159 - - [04/Jan/2024:13:25:15 -0500] "GET /sipse/faces/javax.faces.resource/jquery/jquery.js?ln=primefaces&v=4.0 HTTP/1.1" 304 -
191.95.48.159 - - [04/Jan/2024:13:25:15 -0500] "GET /sipse/faces/javax.faces.resource/jquery/jquery-plugins.js?ln=primefaces&v=4.0 HTTP/1.1" 304 -
191.95.48.159 - - [04/Jan/2024:13:25:15 -0500] "GET /sipse/faces/javax.faces.resource/primefaces.js?ln=primefaces&v=4.0 HTTP/1.1" 304 -
191.95.48.159 - - [04/Jan/2024:13:25:15 -0500] "GET /sipse/faces/javax.faces.resource/layout/layout.js?ln=primefaces&v=4.0 HTTP/1.1" 304 -
201.245.192.253 - - [04/Jan/2024:13:25:22 -0500] "POST /kwsrmcab/Wsrmcab HTTP/1.1" 200 40372
201.245.192.253 - - [04/Jan/2024:13:25:25 -0500] "POST /kwsrmcab/Wsrmcab HTTP/1.1" 200 36569
156.59.198.136 - - [04/Jan/2024:13:25:33 -0500] "GET /BLA/resoluciones/Notificaciones/REGISTROS%202019/00958.pdf HTTP/1.0" 200 260084
216.245.221.92 - - [04/Jan/2024:13:25:44 -0500] "HEAD / HTTP/1.1" 200 -
40.77.167.8 - - [04/Jan/2024:13:25:47 -0500] "GET /BLA/resoluciones/AUTOS%202020/2199.pdf HTTP/1.1" 200 389716
191.95.48.159 - - [04/Jan/2024:13:25:52 -0500] "POST /sipse/faces/autenticacion.xhtml HTTP/1.1" 200 2224
191.95.48.159 - - [04/Jan/2024:13:25:52 -0500] "GET /sipse/faces/javax.faces.resource/messages/messages.png?ln=primefaces&v=4.0 HTTP/1.1" 304 -
191.95.48.159 - - [04/Jan/2024:13:25:53 -0500] "GET /sipse/faces/javax.faces.resource/images/ui-icons_898989_256x240.png?ln=primefaces-aristo HTTP/1.1" 304 -
191.95.48.159 - - [04/Jan/2024:13:25:54 -0500] "POST /sipse/faces/autenticacion.xhtml HTTP/1.1" 200 16402
191.95.48.159 - - [04/Jan/2024:13:25:54 -0500] "GET /sipse/css/custom_css_sg_prime.css HTTP/1.1" 304 -
191.95.48.159 - - [04/Jan/2024:13:25:54 -0500] "GET /sipse/js/jquery.min.js HTTP/1.1" 304 -
191.95.48.159 - - [04/Jan/2024:13:25:54 -0500] "GET /sipse/faces/javax.faces.resource/theme.css?ln=primefaces-sipse HTTP/1.1" 304 -
191.95.48.159 - - [04/Jan/2024:13:25:54 -0500] "GET /sipse/faces/javax.faces.resource/layout/layout.css?ln=primefaces&v=4.0 HTTP/1.1" 304 -
191.95.48.159 - - [04/Jan/2024:13:25:54 -0500] "GET /sipse/faces/javax.faces.resource/primefaces.css?ln=primefaces&v=4.0 HTTP/1.1" 304 -
191.95.48.159 - - [04/Jan/2024:13:25:54 -0500] "GET /sipse/faces/javax.faces.resource/jquery/jquery.js?ln=primefaces&v=4.0 HTTP/1.1" 304 -
191.95.48.159 - - [04/Jan/2024:13:25:54 -0500] "GET /sipse/faces/javax.faces.resource/jquery/jquery-plugins.js?ln=primefaces&v=4.0 HTTP/1.1" 304 -
191.95.48.159 - - [04/Jan/2024:13:25:55 -0500] "GET /sipse/faces/javax.faces.resource/primefaces.js?ln=primefaces&v=4.0 HTTP/1.1" 304 -
191.95.48.159 - - [04/Jan/2024:13:25:55 -0500] "GET /sipse/faces/javax.faces.resource/layout/layout.js?ln=primefaces&v=4.0 HTTP/1.1" 304 -
191.95.48.159 - - [04/Jan/2024:13:25:55 -0500] "GET /sipse/css/v_mergente.css HTTP/1.1" 304 -
191.95.48.159 - - [04/Jan/2024:13:25:55 -0500] "GET /sipse/css/imagen/contrasena.png HTTP/1.1" 404 383
191.95.48.159 - - [04/Jan/2024:13:25:55 -0500] "GET /sipse/imagenes/cargando.gif HTTP/1.1" 304 -
191.95.48.159 - - [04/Jan/2024:13:25:55 -0500] "GET /sipse/imagenes/logoAplicacion.jpg HTTP/1.1" 304 -
156.59.198.136 - - [04/Jan/2024:13:25:57 -0500] "GET /BLA/resoluciones/Notificaciones/REGISTROS%202019/2462.pdf HTTP/1.0" 200 263108
191.95.48.159 - - [04/Jan/2024:13:25:59 -0500] "GET /sipse/faces/javax.faces.resource/images/ui-bg_flat_0_2d5972_40x100.png?ln=primefaces-aristo HTTP/1.1" 304 -
191.95.48.159 - - [04/Jan/2024:13:25:59 -0500] "POST /sipse/faces/bienvenido.xhtml HTTP/1.1" 200 2658
191.95.48.159 - - [04/Jan/2024:13:26:00 -0500] "POST /sipse/faces/bienvenido.xhtml HTTP/1.1" 200 65123
191.95.48.159 - - [04/Jan/2024:13:26:01 -0500] "GET /sipse/faces/javax.faces.resource/theme.css?ln=primefaces-sipse HTTP/1.1" 304 -
191.95.48.159 - - [04/Jan/2024:13:26:01 -0500] "GET /sipse/faces/javax.faces.resource/layout/layout.css?ln=primefaces&v=4.0 HTTP/1.1" 304 -
191.95.48.159 - - [04/Jan/2024:13:26:01 -0500] "GET /sipse/faces/javax.faces.resource/primefaces.css?ln=primefaces&v=4.0 HTTP/1.1" 304 -
191.95.48.159 - - [04/Jan/2024:13:26:01 -0500] "GET /sipse/faces/javax.faces.resource/jquery/jquery.js?ln=primefaces&v=4.0 HTTP/1.1" 304 -
191.95.48.159 - - [04/Jan/2024:13:26:01 -0500] "GET /sipse/faces/javax.faces.resource/jquery/jquery-plugins.js?ln=primefaces&v=4.0 HTTP/1.1" 304 -
191.95.48.159 - - [04/Jan/2024:13:26:02 -0500] "GET /sipse/faces/javax.faces.resource/primefaces.js?ln=primefaces&v=4.0 HTTP/1.1" 304 -
191.95.48.159 - - [04/Jan/2024:13:26:02 -0500] "GET /sipse/faces/javax.faces.resource/layout/layout.js?ln=primefaces&v=4.0 HTTP/1.1" 304 -
191.95.48.159 - - [04/Jan/2024:13:26:02 -0500] "POST /sipse/faces/presentacion/financiero/solicitudProceso/listarSolicitudProceso.xhtml HTTP/1.1" 200 1556
191.95.48.159 - - [04/Jan/2024:13:26:12 -0500] "POST /sipse/faces/presentacion/financiero/solicitudProceso/listarSolicitudProceso.xhtml HTTP/1.1" 200 45287
191.95.48.159 - - [04/Jan/2024:13:26:13 -0500] "POST /sipse/faces/presentacion/financiero/solicitudProceso/listarSolicitudProceso.xhtml HTTP/1.1" 200 17989
191.95.48.159 - - [04/Jan/2024:13:26:15 -0500] "POST /sipse/faces/presentacion/financiero/solicitudProceso/listarSolicitudProceso.xhtml HTTP/1.1" 200 17997
191.95.48.159 - - [04/Jan/2024:13:26:17 -0500] "POST /sipse/faces/presentacion/financiero/solicitudProceso/listarSolicitudProceso.xhtml HTTP/1.1" 200 161588
191.95.48.159 - - [04/Jan/2024:13:26:18 -0500] "GET /sipse/faces/javax.faces.resource/theme.css?ln=primefaces-sipse HTTP/1.1" 304 -
191.95.48.159 - - [04/Jan/2024:13:26:18 -0500] "GET /sipse/faces/javax.faces.resource/jquery/jquery.js?ln=primefaces&v=4.0 HTTP/1.1" 304 -
191.95.48.159 - - [04/Jan/2024:13:26:18 -0500] "GET /sipse/faces/javax.faces.resource/primefaces.css?ln=primefaces&v=4.0 HTTP/1.1" 304 -
191.95.48.159 - - [04/Jan/2024:13:26:18 -0500] "GET /sipse/faces/javax.faces.resource/layout/layout.css?ln=primefaces&v=4.0 HTTP/1.1" 304 -
191.95.48.159 - - [04/Jan/2024:13:26:18 -0500] "GET /sipse/faces/javax.faces.resource/jquery/jquery-plugins.js?ln=primefaces&v=4.0 HTTP/1.1" 304 -
191.95.48.159 - - [04/Jan/2024:13:26:18 -0500] "GET /sipse/faces/javax.faces.resource/primefaces.js?ln=primefaces&v=4.0 HTTP/1.1" 304 -
191.95.48.159 - - [04/Jan/2024:13:26:18 -0500] "GET /sipse/faces/javax.faces.resource/layout/layout.js?ln=primefaces&v=4.0 HTTP/1.1" 304 -
156.59.198.135 - - [04/Jan/2024:13:26:22 -0500] "GET /BLA/resoluciones/Notificaciones/REGISTROS%202019/01290.pdf HTTP/1.0" 200 258302
191.95.48.159 - - [04/Jan/2024:13:26:24 -0500] "POST /sipse/faces/presentacion/financiero/solicitudProceso/consultarSolicitudProceso.xhtml HTTP/1.1" 200 2136390
52.167.144.181 - - [04/Jan/2024:13:26:29 -0500] "GET /sipse/faces/autenticacion.xhtml HTTP/1.1" 200 12723
156.59.198.136 - - [04/Jan/2024:13:26:48 -0500] "GET /BLA/resoluciones/Notificaciones/REGISTROS%202019/01917.pdf HTTP/1.0" 200 259602
156.59.198.136 - - [04/Jan/2024:13:27:10 -0500] "GET /BLA/resoluciones/Notificaciones/REGISTROS%202019/01968.pdf HTTP/1.0" 200 258112
156.59.198.136 - - [04/Jan/2024:13:27:35 -0500] "GET /BLA/resoluciones/Notificaciones/REGISTROS%202019/02059.pdf HTTP/1.0" 200 258788
66.249.66.77 - - [04/Jan/2024:13:27:53 -0500] "GET /portaldeninos/2021/06/10/ganadores-del-concurso-a-vuelo-de-pajaro-recibieron-reconocimientos-de-la-secretaria-de-ambiente/feed/ HTTP/1.1" 200 1257
156.59.198.135 - - [04/Jan/2024:13:27:59 -0500] "GET /BLA/resoluciones/Notificaciones/REGISTROS%202019/0958.pdf HTTP/1.0" 200 260084
156.59.198.135 - - [04/Jan/2024:13:28:27 -0500] "GET /BLA/resoluciones/Notificaciones/REGISTROS%202019/2268.pdf HTTP/1.0" 200 261111
156.59.198.135 - - [04/Jan/2024:13:28:48 -0500] "GET /BLA/resoluciones/Notificaciones/REGISTROS%202019/01234.pdf HTTP/1.0" 200 261430
156.59.198.135 - - [04/Jan/2024:13:29:22 -0500] "GET /BLA/resoluciones/Notificaciones/REGISTROS%202019/00339.pdf HTTP/1.0" 200 257849
172.22.2.4 - - [04/Jan/2024:13:27:46 -0500] "HEAD /BLA/boletinlegal/ HTTP/1.1" 200 -
201.245.192.253 - - [04/Jan/2024:13:29:33 -0500] "POST /kwsrmcab/Wsrmcab HTTP/1.1" 200 40372
156.59.198.135 - - [04/Jan/2024:13:29:37 -0500] "GET /BLA/resoluciones/Notificaciones/REGISTROS%202019/01068.pdf HTTP/1.0" 200 258893
156.59.198.136 - - [04/Jan/2024:13:29:38 -0500] "GET /BLA/resoluciones/Notificaciones/REGISTROS%202019/2268.pdf HTTP/1.0" 206 257258
201.245.192.253 - - [04/Jan/2024:13:29:37 -0500] "POST /kwsrmcab/Wsrmcab HTTP/1.1" 200 36569
201.245.192.253 - - [04/Jan/2024:13:29:45 -0500] "POST /kwsrmcab/Wsrmcab  HTTP/1.1" 200 36937
156.59.198.135 - - [04/Jan/2024:13:30:01 -0500] "GET /BLA/resoluciones/Notificaciones/REGISTROS%202019/02563.pdf HTTP/1.0" 200 265591
186.84.91.41 - - [04/Jan/2024:13:30:02 -0500] "GET /BLA/boletinlegal/actos.php HTTP/1.1" 200 9648
186.84.91.41 - - [04/Jan/2024:13:30:02 -0500] "GET /BLA/boletinlegal/styles2.css HTTP/1.1" 200 1838
186.84.91.41 - - [04/Jan/2024:13:30:02 -0500] "GET /BLA/boletinlegal/niceforms-default.css HTTP/1.1" 200 6694
186.84.91.41 - - [04/Jan/2024:13:30:02 -0500] "GET /BLA/boletinlegal/js/ajax_actos.js HTTP/1.1" 200 1322
186.84.91.41 - - [04/Jan/2024:13:30:02 -0500] "GET /BLA/boletinlegal/style.css HTTP/1.1" 200 9406
186.84.91.41 - - [04/Jan/2024:13:30:02 -0500] "GET /BLA/boletinlegal/niceforms.js HTTP/1.1" 200 22876
186.84.91.41 - - [04/Jan/2024:13:30:02 -0500] "GET /BLA/boletinlegal/js/lib.js HTTP/1.1" 200 6474
186.84.91.41 - - [04/Jan/2024:13:30:03 -0500] "GET /BLA/boletinlegal/js/popup.js HTTP/1.1" 200 1270
186.84.91.41 - - [04/Jan/2024:13:30:03 -0500] "GET /BLA/boletinlegal/js/jquery1.js HTTP/1.1" 200 29846
186.84.91.41 - - [04/Jan/2024:13:30:03 -0500] "GET /BLA/boletinlegal/images/cabezote%20BLEGAL.jpg HTTP/1.1" 200 118164
186.84.91.41 - - [04/Jan/2024:13:30:03 -0500] "GET /BLA/boletinlegal/images/historia.png HTTP/1.1" 200 52775
186.84.91.41 - - [04/Jan/2024:13:30:03 -0500] "GET /BLA/boletinlegal/images/subscribe-icon-big.png HTTP/1.1" 200 47702
186.84.91.41 - - [04/Jan/2024:13:30:03 -0500] "GET /BLA/boletinlegal/images/registro-usuarios.png HTTP/1.1" 200 8106
186.84.91.41 - - [04/Jan/2024:13:30:03 -0500] "GET /BLA/boletinlegal/images/green-yellow-blue-pink-th.png HTTP/1.1" 200 7394
186.84.91.41 - - [04/Jan/2024:13:30:03 -0500] "GET /BLA/boletinlegal/images/tel.png HTTP/1.1" 200 14477
186.84.91.41 - - [04/Jan/2024:13:30:03 -0500] "GET /BLA/boletinlegal/images/icono-email.png HTTP/1.1" 200 5544
186.84.91.41 - - [04/Jan/2024:13:30:03 -0500] "GET /BLA/boletinlegal/images/body_bg.jpg HTTP/1.1" 200 1601
186.84.91.41 - - [04/Jan/2024:13:30:03 -0500] "GET /BLA/boletinlegal/images/menu_lft.gif HTTP/1.1" 200 1713
186.84.91.41 - - [04/Jan/2024:13:30:03 -0500] "GET /BLA/boletinlegal/images/menu_rght.gif HTTP/1.1" 200 1627
186.84.91.41 - - [04/Jan/2024:13:30:03 -0500] "GET /BLA/boletinlegal/images/bg_top.jpg HTTP/1.1" 200 522
186.84.91.41 - - [04/Jan/2024:13:30:03 -0500] "GET /BLA/boletinlegal/images/menu_bg.jpg HTTP/1.1" 200 620
186.84.91.41 - - [04/Jan/2024:13:30:03 -0500] "GET /BLA/boletinlegal/images/text.jpg HTTP/1.1" 200 568
186.84.91.41 - - [04/Jan/2024:13:30:03 -0500] "GET /BLA/boletinlegal/images/hover.jpg HTTP/1.1" 200 640
186.84.91.41 - - [04/Jan/2024:13:30:03 -0500] "GET /BLA/boletinlegal/images/footer_bg.jpg HTTP/1.1" 200 586
186.84.91.41 - - [04/Jan/2024:13:30:03 -0500] "GET /BLA/boletinlegal/images/footer_bg_l.jpg HTTP/1.1" 200 776
186.84.91.41 - - [04/Jan/2024:13:30:04 -0500] "GET /BLA/boletinlegal/img/0.png HTTP/1.1" 200 110
186.84.91.41 - - [04/Jan/2024:13:30:04 -0500] "GET /BLA/boletinlegal/img/select-right.png HTTP/1.1" 200 44019
186.84.91.41 - - [04/Jan/2024:13:30:04 -0500] "GET /BLA/boletinlegal/img/select-left.png HTTP/1.1" 200 263
186.84.91.41 - - [04/Jan/2024:13:30:04 -0500] "GET /BLA/boletinlegal/img/button-right.png HTTP/1.1" 200 57878
186.84.91.41 - - [04/Jan/2024:13:30:04 -0500] "GET /BLA/boletinlegal/img/button.png HTTP/1.1" 200 43241
186.84.91.41 - - [04/Jan/2024:13:30:04 -0500] "GET /BLA/boletinlegal/img/button-left.png HTTP/1.1" 200 57071
186.84.91.41 - - [04/Jan/2024:13:30:04 -0500] "GET /favicon.ico HTTP/1.1" 200 7782
14.103.41.171 - - [04/Jan/2024:13:30:08 -0500] "GET http://190.27.245.106:80/phpma/scripts/setup.php HTTP/1.0" 404 1018
14.103.41.171 - - [04/Jan/2024:13:30:09 -0500] "GET http://190.27.245.106:80/sqlweb/scripts/setup.php HTTP/1.0" 404 1018
172.22.2.4 - - [04/Jan/2024:13:28:37 -0500] "GET /BLA/boletinlegal/ HTTP/1.1" 200 60910
156.59.198.136 - - [04/Jan/2024:13:30:26 -0500] "GET /BLA/resoluciones/Notificaciones/REGISTROS%202019/01209.pdf HTTP/1.0" 200 258697
186.84.91.41 - - [04/Jan/2024:13:30:26 -0500] "GET /BLA/boletinlegal/consulta_actos.php?tipo=resoluciones&no=458&usuario=&sector=&fecha=2019&resuelve= HTTP/1.1" 200 626
186.84.91.41 - - [04/Jan/2024:13:30:30 -0500] "GET /BLA/resoluciones/ HTTP/1.1" 200 13696
186.84.91.41 - - [04/Jan/2024:13:30:30 -0500] "GET /BLA/resoluciones/dlf/styles.css HTTP/1.1" 200 3049
186.84.91.41 - - [04/Jan/2024:13:30:30 -0500] "GET /BLA/resoluciones/dlf/folder.png HTTP/1.1" 200 410
186.84.91.41 - - [04/Jan/2024:13:30:30 -0500] "GET /BLA/resoluciones/dlf/bg.gif HTTP/1.1" 200 54
191.95.48.159 - - [04/Jan/2024:13:30:26 -0500] "POST /sipse/faces/presentacion/financiero/solicitudProceso/consultarSolicitudProceso.xhtml HTTP/1.1" 200 2136390
186.84.91.41 - - [04/Jan/2024:13:30:33 -0500] "GET /BLA/resoluciones/dlf/dirup.png HTTP/1.1" 200 644
186.84.91.41 - - [04/Jan/2024:13:30:33 -0500] "GET /BLA/resoluciones/dlf/pdf.gif HTTP/1.1" 200 272
186.84.91.41 - - [04/Jan/2024:13:30:33 -0500] "GET /BLA/resoluciones/dlf/archive.png HTTP/1.1" 200 632
186.84.91.41 - - [04/Jan/2024:13:30:33 -0500] "GET /BLA/resoluciones/index.php?dir=RESOLUCIONES+2019%2F HTTP/1.1" 200 262433
216.245.221.92 - - [04/Jan/2024:13:30:44 -0500] "HEAD / HTTP/1.1" 200 -
156.59.198.135 - - [04/Jan/2024:13:30:50 -0500] "GET /BLA/resoluciones/Notificaciones/REGISTROS%202019/01123.pdf HTTP/1.0" 200 257998
156.59.198.136 - - [04/Jan/2024:13:31:14 -0500] "GET /BLA/resoluciones/Notificaciones/REGISTROS%202019/02007.pdf HTTP/1.0" 200 259275
156.59.198.136 - - [04/Jan/2024:13:31:38 -0500] "GET /BLA/resoluciones/Notificaciones/REGISTROS%202019/1734.pdf HTTP/1.0" 200 259474
156.59.198.136 - - [04/Jan/2024:13:32:03 -0500] "GET /BLA/resoluciones/Notificaciones/REGISTROS%202019/1893.pdf HTTP/1.0" 200 259296
14.103.41.171 - - [04/Jan/2024:13:32:13 -0500] "GET http://190.27.245.106:80/phpmanager/scripts/setup.php HTTP/1.0" 404 1018
186.102.47.62 - - [04/Jan/2024:13:32:15 -0500] "-" 408 -
14.103.41.171 - - [04/Jan/2024:13:32:16 -0500] "GET http://190.27.245.106:80/php-myadmin/scripts/setup.php HTTP/1.0" 404 1018
14.103.41.171 - - [04/Jan/2024:13:32:17 -0500] "GET http://190.27.245.106:80/phpmy-admin/scripts/setup.php HTTP/1.0" 404 1018
156.59.198.136 - - [04/Jan/2024:13:32:28 -0500] "GET /BLA/resoluciones/Notificaciones/REGISTROS%202019/1241.pdf HTTP/1.0" 200 256672
14.103.41.171 - - [04/Jan/2024:13:32:39 -0500] "GET http://190.27.245.106:80/mysql-admin/scripts/setup.php HTTP/1.0" 404 1018
156.59.198.136 - - [04/Jan/2024:13:32:52 -0500] "GET /BLA/resoluciones/Notificaciones/REGISTROS%202019/0199.pdf HTTP/1.0" 200 258118
216.244.66.195 - - [04/Jan/2024:13:32:58 -0500] "GET /robots.txt HTTP/1.1" 404 1018
156.59.198.135 - - [04/Jan/2024:13:33:16 -0500] "GET /BLA/resoluciones/Notificaciones/REGISTROS%202019/01091.pdf HTTP/1.0" 200 258472
156.59.198.135 - - [04/Jan/2024:13:33:40 -0500] "GET /BLA/resoluciones/Notificaciones/REGISTROS%202019/02110.pdf HTTP/1.0" 200 221319
40.77.167.152 - - [04/Jan/2024:13:33:45 -0500] "GET /BLA/resoluciones/AUTOS%202020/3251.pdf HTTP/1.1" 200 500783
156.59.198.136 - - [04/Jan/2024:13:34:05 -0500] "GET /BLA/resoluciones/Notificaciones/REGISTROS%202019/02084.pdf HTTP/1.0" 200 258076
156.59.198.136 - - [04/Jan/2024:13:34:28 -0500] "GET /BLA/resoluciones/Notificaciones/REGISTROS%202019/01893.pdf HTTP/1.0" 200 259296
66.249.66.21 - - [04/Jan/2024:13:34:40 -0500] "GET /BLA/resoluciones/AUTOS%202008/3180.pdf HTTP/1.1" 200 205045
201.245.192.253 - - [04/Jan/2024:13:34:44 -0500] "POST /kwsrmcab/Wsrmcab  HTTP/1.1" 200 36937
156.59.198.135 - - [04/Jan/2024:13:34:53 -0500] "GET /BLA/resoluciones/Notificaciones/REGISTROS%202019/01225.pdf HTTP/1.0" 200 259634
172.22.2.4 - - [04/Jan/2024:13:33:36 -0500] "HEAD /BLA/boletinlegal/ HTTP/1.1" 200 -
156.59.198.135 - - [04/Jan/2024:13:35:17 -0500] "GET /BLA/resoluciones/Notificaciones/REGISTROS%202019/0221.pdf HTTP/1.0" 200 258609
201.245.192.253 - - [04/Jan/2024:13:35:22 -0500] "POST /kwsrmcab/Wsrmcab HTTP/1.1" 200 40372
201.245.192.253 - - [04/Jan/2024:13:35:25 -0500] "POST /kwsrmcab/Wsrmcab HTTP/1.1" 200 36569
172.22.2.4 - - [04/Jan/2024:13:35:35 -0500] "GET /BLA/boletinlegal/actos.php HTTP/1.1" 200 9648
172.22.2.4 - - [04/Jan/2024:13:35:35 -0500] "GET /BLA/boletinlegal/styles2.css HTTP/1.1" 200 1838
172.22.2.4 - - [04/Jan/2024:13:35:35 -0500] "GET /BLA/boletinlegal/js/ajax_actos.js HTTP/1.1" 200 1322
172.22.2.4 - - [04/Jan/2024:13:35:35 -0500] "GET /BLA/boletinlegal/niceforms.js HTTP/1.1" 200 22876
172.22.2.4 - - [04/Jan/2024:13:35:35 -0500] "GET /BLA/boletinlegal/niceforms-default.css HTTP/1.1" 200 6694
172.22.2.4 - - [04/Jan/2024:13:35:35 -0500] "GET /BLA/boletinlegal/style.css HTTP/1.1" 200 9406
172.22.2.4 - - [04/Jan/2024:13:35:35 -0500] "GET /BLA/boletinlegal/js/lib.js HTTP/1.1" 200 6474
172.22.2.4 - - [04/Jan/2024:13:35:35 -0500] "GET /BLA/boletinlegal/js/popup.js HTTP/1.1" 200 1270
172.22.2.4 - - [04/Jan/2024:13:35:35 -0500] "GET /BLA/boletinlegal/images/cabezote%20BLEGAL.jpg HTTP/1.1" 200 118164
172.22.2.4 - - [04/Jan/2024:13:35:35 -0500] "GET /BLA/boletinlegal/js/jquery1.js HTTP/1.1" 200 29846
172.22.2.4 - - [04/Jan/2024:13:35:35 -0500] "GET /BLA/boletinlegal/images/subscribe-icon-big.png HTTP/1.1" 200 47702
172.22.2.4 - - [04/Jan/2024:13:35:35 -0500] "GET /BLA/boletinlegal/images/green-yellow-blue-pink-th.png HTTP/1.1" 200 7394
172.22.2.4 - - [04/Jan/2024:13:35:35 -0500] "GET /BLA/boletinlegal/images/registro-usuarios.png HTTP/1.1" 200 8106
172.22.2.4 - - [04/Jan/2024:13:35:35 -0500] "GET /BLA/boletinlegal/images/tel.png HTTP/1.1" 200 14477
172.22.2.4 - - [04/Jan/2024:13:35:35 -0500] "GET /BLA/boletinlegal/images/historia.png HTTP/1.1" 200 52775
172.22.2.4 - - [04/Jan/2024:13:35:35 -0500] "GET /BLA/boletinlegal/images/icono-email.png HTTP/1.1" 200 5544
172.22.2.4 - - [04/Jan/2024:13:35:35 -0500] "GET /BLA/boletinlegal/images/footer_bg.jpg HTTP/1.1" 200 586
172.22.2.4 - - [04/Jan/2024:13:35:35 -0500] "GET /BLA/boletinlegal/images/body_bg.jpg HTTP/1.1" 200 1601
172.22.2.4 - - [04/Jan/2024:13:35:35 -0500] "GET /BLA/boletinlegal/images/menu_rght.gif HTTP/1.1" 200 1627
172.22.2.4 - - [04/Jan/2024:13:35:36 -0500] "GET /BLA/boletinlegal/images/menu_lft.gif HTTP/1.1" 200 1713
172.22.2.4 - - [04/Jan/2024:13:35:36 -0500] "GET /BLA/boletinlegal/images/bg_top.jpg HTTP/1.1" 200 522
172.22.2.4 - - [04/Jan/2024:13:35:36 -0500] "GET /BLA/boletinlegal/images/text.jpg HTTP/1.1" 200 568
172.22.2.4 - - [04/Jan/2024:13:35:36 -0500] "GET /BLA/boletinlegal/images/menu_bg.jpg HTTP/1.1" 200 620
172.22.2.4 - - [04/Jan/2024:13:35:36 -0500] "GET /BLA/boletinlegal/images/hover.jpg HTTP/1.1" 200 640
172.22.2.4 - - [04/Jan/2024:13:35:36 -0500] "GET /BLA/boletinlegal/images/footer_bg_l.jpg HTTP/1.1" 200 776
172.22.2.4 - - [04/Jan/2024:13:35:36 -0500] "GET /BLA/boletinlegal/img/0.png HTTP/1.1" 200 110
172.22.2.4 - - [04/Jan/2024:13:35:36 -0500] "GET /BLA/boletinlegal/img/select-left.png HTTP/1.1" 200 263
172.22.2.4 - - [04/Jan/2024:13:35:36 -0500] "GET /BLA/boletinlegal/img/button-right.png HTTP/1.1" 200 57878
172.22.2.4 - - [04/Jan/2024:13:35:36 -0500] "GET /BLA/boletinlegal/img/select-right.png HTTP/1.1" 200 44019
172.22.2.4 - - [04/Jan/2024:13:35:36 -0500] "GET /BLA/boletinlegal/img/button-left.png HTTP/1.1" 200 57071
172.22.2.4 - - [04/Jan/2024:13:35:36 -0500] "GET /BLA/boletinlegal/img/button.png HTTP/1.1" 200 43241
172.22.2.4 - - [04/Jan/2024:13:35:36 -0500] "GET /BLA/boletinlegal/favicon.ico HTTP/1.1" 404 1326
156.59.198.136 - - [04/Jan/2024:13:35:42 -0500] "GET /BLA/resoluciones/Notificaciones/REGISTROS%202019/01957.pdf HTTP/1.0" 200 259609
216.245.221.92 - - [04/Jan/2024:13:35:44 -0500] "HEAD / HTTP/1.1" 200 -
172.22.2.4 - - [04/Jan/2024:13:35:45 -0500] "GET /BLA/boletinlegal/conceptos.php HTTP/1.1" 200 7496
172.22.2.4 - - [04/Jan/2024:13:35:45 -0500] "GET /BLA/boletinlegal/js/ajax_conceptos.js HTTP/1.1" 200 1326
172.22.2.4 - - [04/Jan/2024:13:35:49 -0500] "GET /BLA/boletinlegal/consulta_conceptos.php?no=&solicitante=&radicado_entrada=&fecha_concepto=2023&objeto= HTTP/1.1" 200 29481
172.22.2.4 - - [04/Jan/2024:13:35:49 -0500] "GET /BLA/boletinlegal/images/background.gif HTTP/1.1" 200 -
172.22.2.4 - - [04/Jan/2024:13:35:49 -0500] "GET /BLA/boletinlegal/images/pdf.gif HTTP/1.1" 200 567
201.245.192.253 - - [04/Jan/2024:13:35:50 -0500] "GET /sipsesda/faces/faces/index.jsp HTTP/1.1" 200 1477
201.245.192.253 - - [04/Jan/2024:13:35:50 -0500] "GET /sipsesda/faces/css/segobdis.css HTTP/1.1" 200 12415
201.245.192.253 - - [04/Jan/2024:13:35:50 -0500] "GET /sipsesda/faces/faces/faces/login.jspx HTTP/1.1" 200 6860
201.245.192.253 - - [04/Jan/2024:13:35:50 -0500] "GET /sipsesda/imagenes/encabezado.jpg HTTP/1.1" 200 18018
201.245.192.253 - - [04/Jan/2024:13:35:50 -0500] "GET /sipsesda/adf/styles/cache/segobdis16-desktop-10_1_3_4_0-gecko.css HTTP/1.1" 200 57778
172.22.2.4 - - [04/Jan/2024:13:34:27 -0500] "GET /BLA/boletinlegal/ HTTP/1.1" 200 60910
201.245.192.253 - - [04/Jan/2024:13:36:08 -0500] "POST /sipsesda/faces/login.jspx HTTP/1.1" 200 10905
201.245.192.253 - - [04/Jan/2024:13:36:08 -0500] "GET /sipsesda/imagenes/logoAplicacion.jpg HTTP/1.1" 200 24558
201.245.192.253 - - [04/Jan/2024:13:36:09 -0500] "GET /sipsesda/faces/imagenes/vinetaAbajo.gif HTTP/1.1" 200 72
156.59.198.135 - - [04/Jan/2024:13:36:09 -0500] "GET /BLA/resoluciones/Notificaciones/REGISTROS%202019/0942.pdf HTTP/1.0" 200 259488
201.245.192.253 - - [04/Jan/2024:13:36:10 -0500] "GET /sipsesda/faces/vista/sistema/cargarMenu.jspx?accionMenu=listarContrato&menuID=96 HTTP/1.1" 200 11112
201.245.192.253 - - [04/Jan/2024:13:36:10 -0500] "GET /sipsesda/imagenes/cargando.gif HTTP/1.1" 200 1287
201.245.192.253 - - [04/Jan/2024:13:36:10 -0500] "POST /sipsesda/faces/vista/sistema/cargarMenu.jspx HTTP/1.1" 200 18437
201.245.192.253 - - [04/Jan/2024:13:36:11 -0500] "GET /sipsesda/adf/jsLibs/resources/LocaleElements_es_CO10_1_3_4_0.js HTTP/1.1" 200 824
201.245.192.253 - - [04/Jan/2024:13:36:11 -0500] "GET /sipsesda/adf/images/dfb.gif HTTP/1.1" 200 194
201.245.192.253 - - [04/Jan/2024:13:36:14 -0500] "GET /sipsesda/faces/vista/sistema/cargarMenu.jspx?accionMenu=listadoConsultaSolicitudProceso&menuID=121 HTTP/1.1" 200 11207
201.245.192.253 - - [04/Jan/2024:13:36:14 -0500] "POST /sipsesda/faces/vista/sistema/cargarMenu.jspx HTTP/1.1" 200 18958
201.245.192.253 - - [04/Jan/2024:13:36:17 -0500] "POST /sipsesda/faces/vista/financiero/solicitudProceso/listadoConsultaSolicitudProceso.jspx HTTP/1.1" 200 20251
156.59.198.136 - - [04/Jan/2024:13:36:32 -0500] "GET /BLA/resoluciones/Notificaciones/REGISTROS%202019/1182.pdf HTTP/1.0" 200 259117
201.245.192.253 - - [04/Jan/2024:13:36:33 -0500] "POST /sipsesda/faces/vista/financiero/solicitudProceso/listadoConsultaSolicitudProceso.jspx HTTP/1.1" 200 32686
156.59.198.135 - - [04/Jan/2024:13:36:56 -0500] "GET /BLA/resoluciones/Notificaciones/REGISTROS%202019/01106.pdf HTTP/1.0" 200 257942
66.249.66.19 - - [04/Jan/2024:13:36:58 -0500] "GET /BLA/resoluciones/AUTOS%202014/5640.pdf HTTP/1.1" 200 206044
156.59.198.135 - - [04/Jan/2024:13:37:20 -0500] "GET /BLA/resoluciones/Notificaciones/REGISTROS%202019/00214.pdf HTTP/1.0" 200 258533
156.59.198.135 - - [04/Jan/2024:13:37:44 -0500] "GET /BLA/resoluciones/Notificaciones/REGISTROS%202019/02054.pdf HTTP/1.0" 200 258400
156.59.198.135 - - [04/Jan/2024:13:38:09 -0500] "GET /BLA/resoluciones/Notificaciones/REGISTROS%202019/0338.pdf HTTP/1.0" 200 267815
156.59.198.135 - - [04/Jan/2024:13:38:33 -0500] "GET /BLA/resoluciones/Notificaciones/REGISTROS%202019/0936.pdf HTTP/1.0" 200 258241
156.59.198.136 - - [04/Jan/2024:13:38:57 -0500] "GET /BLA/resoluciones/Notificaciones/REGISTROS%202019/2296.pdf HTTP/1.0" 200 263136
47.128.17.179 - - [04/Jan/2024:13:39:23 -0500] "GET /BLA/resoluciones/index.php?dir=RESOLUCIONES%202004%2FRES%202004%20401-450%2F&order=desc&sort=size HTTP/1.1" 200 12038
47.128.17.179 - - [04/Jan/2024:13:39:23 -0500] "GET /BLA/resoluciones/dlf/unknown.png HTTP/1.1" 200 266
47.128.17.179 - - [04/Jan/2024:13:39:23 -0500] "GET /BLA/resoluciones/dlf/dirup.png HTTP/1.1" 200 644
201.245.192.253 - - [04/Jan/2024:13:39:32 -0500] "POST /kwsrmcab/Wsrmcab HTTP/1.1" 200 40372
201.245.192.253 - - [04/Jan/2024:13:39:37 -0500] "POST /kwsrmcab/Wsrmcab HTTP/1.1" 200 36569
201.245.192.253 - - [04/Jan/2024:13:39:42 -0500] "POST /kwsrmcab/Wsrmcab  HTTP/1.1" 200 36937
156.59.198.136 - - [04/Jan/2024:13:39:46 -0500] "GET /BLA/resoluciones/Notificaciones/REGISTROS%202019/2313.pdf HTTP/1.0" 200 265446
66.249.66.19 - - [04/Jan/2024:13:40:09 -0500] "GET /portel_dama/libreria/php/2006/ECOSISTEMAS%20FINAL%20web_mz27/x%20restauracion/sitio/22_proye/xtras_in/4.pdf HTTP/1.1" 404 1018
156.59.198.135 - - [04/Jan/2024:13:40:11 -0500] "GET /BLA/resoluciones/Notificaciones/REGISTROS%202019/01831.pdf HTTP/1.0" 200 257882
66.249.66.19 - - [04/Jan/2024:13:40:23 -0500] "GET /resoluciones/RESOLUCIONES%202007/RES%202007%20201%20AL%20300/RESOLUCION%200202%20DE%202007.pdf HTTP/1.1" 404 1018
47.128.97.73 - - [04/Jan/2024:13:40:40 -0500] "GET /BLA/resoluciones/dlf/archive.png HTTP/1.1" 200 632
47.128.97.73 - - [04/Jan/2024:13:40:40 -0500] "GET /BLA/resoluciones/dlf/unknown.png HTTP/1.1" 200 266
47.128.97.73 - - [04/Jan/2024:13:40:40 -0500] "GET /BLA/resoluciones/dlf/pdf.gif HTTP/1.1" 200 272
47.128.97.73 - - [04/Jan/2024:13:40:40 -0500] "GET /BLA/resoluciones/dlf/dirup.png HTTP/1.1" 200 644
216.245.221.92 - - [04/Jan/2024:13:40:44 -0500] "HEAD / HTTP/1.1" 200 -
207.46.13.92 - - [04/Jan/2024:13:41:03 -0500] "GET /portaldeninos/2021/05/30/agua-3/feed/ HTTP/1.1" 200 879
47.128.30.228 - - [04/Jan/2024:13:41:06 -0500] "GET /BLA/resoluciones/index.php?dir=AUTOS%202005%2F&order=asc&sort=size HTTP/1.1" 200 2791
172.22.2.4 - - [04/Jan/2024:13:39:26 -0500] "HEAD /BLA/boletinlegal/ HTTP/1.1" 200 -
47.128.30.228 - - [04/Jan/2024:13:41:07 -0500] "GET /BLA/resoluciones/dlf/dirup.png HTTP/1.1" 200 644
47.128.30.228 - - [04/Jan/2024:13:41:07 -0500] "GET /BLA/resoluciones/dlf/pdf.gif HTTP/1.1" 200 272
47.128.97.73 - - [04/Jan/2024:13:40:39 -0500] "GET /BLA/resoluciones/index.php?dir=AUTOS%202021%2F&order=asc&sort=size HTTP/1.1" 200 298955
47.128.116.93 - - [04/Jan/2024:13:41:41 -0500] "GET /BLA/resoluciones/dlf/dirup.png HTTP/1.1" 200 644
47.128.116.93 - - [04/Jan/2024:13:41:41 -0500] "GET /BLA/resoluciones/dlf/pdf.gif HTTP/1.1" 200 272
47.128.116.93 - - [04/Jan/2024:13:41:42 -0500] "GET /BLA/resoluciones/dlf/archive.png HTTP/1.1" 200 632
47.128.116.93 - - [04/Jan/2024:13:41:40 -0500] "GET /BLA/resoluciones/index.php?dir=RESOLUCIONES%202023%2F&order=desc&sort=name HTTP/1.1" 200 130398
47.128.116.60 - - [04/Jan/2024:13:41:48 -0500] "GET /BLA/resoluciones/index.php?dir=RESOLUCIONES%202007/RES%202007%20101%20AL%20200/&sort=name&order=desc HTTP/1.1" 200 26930
47.128.116.60 - - [04/Jan/2024:13:41:49 -0500] "GET /BLA/resoluciones/dlf/pdf.gif HTTP/1.1" 200 272
47.128.116.60 - - [04/Jan/2024:13:41:49 -0500] "GET /BLA/resoluciones/dlf/dirup.png HTTP/1.1" 200 644
186.145.174.22 - - [04/Jan/2024:13:41:55 -0500] "GET /appsia/controlador HTTP/1.1" 200 4799
186.145.174.22 - - [04/Jan/2024:13:41:55 -0500] "GET /appsia/css/estilos.css HTTP/1.1" 200 4804
186.145.174.22 - - [04/Jan/2024:13:41:55 -0500] "GET /appsia/scripts/validarIngreso.js HTTP/1.1" 200 851
186.145.174.22 - - [04/Jan/2024:13:41:55 -0500] "GET /appsia/images/cabezoteHojaVida.png HTTP/1.1" 200 32493
186.145.174.22 - - [04/Jan/2024:13:41:55 -0500] "GET /appsia/images/logo_bogota_p.png HTTP/1.1" 200 14951
186.145.174.22 - - [04/Jan/2024:13:41:55 -0500] "GET /favicon.ico HTTP/1.1" 200 7782
172.22.2.4 - - [04/Jan/2024:13:40:17 -0500] "GET /BLA/boletinlegal/ HTTP/1.1" 200 60910
186.145.174.22 - - [04/Jan/2024:13:42:10 -0500] "POST /appsia/controlador HTTP/1.1" 200 3293
186.145.174.22 - - [04/Jan/2024:13:42:11 -0500] "GET /appsia/jscripts/validarSolicitud.js HTTP/1.1" 404 68
186.145.174.22 - - [04/Jan/2024:13:42:18 -0500] "POST /appsia/controlador HTTP/1.1" 200 4799
40.77.167.28 - - [04/Jan/2024:13:43:08 -0500] "GET /BLA/resoluciones/AUTOS%202020/4187.pdf HTTP/1.1" 200 333978
200.118.145.137 - - [04/Jan/2024:13:43:58 -0500] "GET /BLA/resoluciones/index.php?dir=AUTOS+2021%2F HTTP/1.1" 200 399364
52.167.144.229 - - [04/Jan/2024:13:44:26 -0500] "GET /BLA/resoluciones/AUTOS%202020/2754.pdf HTTP/1.1" 200 355180
201.245.192.253 - - [04/Jan/2024:13:44:41 -0500] "POST /kwsrmcab/Wsrmcab  HTTP/1.1" 200 36937
52.167.144.167 - - [04/Jan/2024:13:44:47 -0500] "GET /BLA/resoluciones/AUTOS%202010/3106.pdf HTTP/1.1" 200 420467
186.145.174.22 - - [04/Jan/2024:13:45:38 -0500] "POST /appsia/controlador HTTP/1.1" 200 3293
186.145.174.22 - - [04/Jan/2024:13:45:38 -0500] "GET /appsia/jscripts/validarSolicitud.js HTTP/1.1" 404 68
216.245.221.92 - - [04/Jan/2024:13:45:44 -0500] "HEAD / HTTP/1.1" 200 -
66.249.66.19 - - [04/Jan/2024:13:46:01 -0500] "GET /BLA/resoluciones/RESOLUCIONES%202009/9330.pdf HTTP/1.1" 200 1169569
172.22.2.4 - - [04/Jan/2024:13:45:16 -0500] "HEAD /BLA/boletinlegal/ HTTP/1.1" 200 -
65.109.155.162 - - [04/Jan/2024:13:47:19 -0500] "GET /portaldeninos/humedal-santa-maria-del-lago/ HTTP/1.1" 200 88988
186.29.181.135 - - [04/Jan/2024:13:47:40 -0500] "GET /sipse/faces/index.xhtml HTTP/1.1" 200 677
186.29.181.135 - - [04/Jan/2024:13:47:42 -0500] "GET /sipse/faces/javax.faces.resource/theme.css?ln=primefaces-sipse HTTP/1.1" 200 50058
186.29.181.135 - - [04/Jan/2024:13:47:42 -0500] "GET /sipse/faces/faces/autenticacion.xhtml HTTP/1.1" 200 12401
186.29.181.135 - - [04/Jan/2024:13:47:42 -0500] "GET /sipse/js/disable_browser_buttons.js HTTP/1.1" 200 3230
186.29.181.135 - - [04/Jan/2024:13:47:42 -0500] "GET /sipse/css/custom_css_sg_prime_login.css HTTP/1.1" 200 443
186.29.181.135 - - [04/Jan/2024:13:47:42 -0500] "GET /sipse/css/custom_css_sg.css HTTP/1.1" 200 9694
186.29.181.135 - - [04/Jan/2024:13:47:42 -0500] "GET /sipse/faces/javax.faces.resource/layout/layout.css?ln=primefaces&v=4.0 HTTP/1.1" 200 542
186.29.181.135 - - [04/Jan/2024:13:47:42 -0500] "GET /sipse/faces/javax.faces.resource/theme.css?ln=primefaces-sipse HTTP/1.1" 304 -
186.29.181.135 - - [04/Jan/2024:13:47:42 -0500] "GET /sipse/js/funciones.js HTTP/1.1" 200 12592
186.29.181.135 - - [04/Jan/2024:13:47:42 -0500] "GET /sipse/faces/javax.faces.resource/jquery/jquery.js?ln=primefaces&v=4.0 HTTP/1.1" 200 105384
186.29.181.135 - - [04/Jan/2024:13:47:42 -0500] "GET /sipse/faces/javax.faces.resource/primefaces.css?ln=primefaces&v=4.0 HTTP/1.1" 200 53295
186.29.181.135 - - [04/Jan/2024:13:47:42 -0500] "GET /sipse/faces/javax.faces.resource/layout/layout.js?ln=primefaces&v=4.0 HTTP/1.1" 200 87560
186.29.181.135 - - [04/Jan/2024:13:47:42 -0500] "GET /sipse/faces/javax.faces.resource/jquery/jquery-plugins.js?ln=primefaces&v=4.0 HTTP/1.1" 200 220526
186.29.181.135 - - [04/Jan/2024:13:47:42 -0500] "GET /sipse/faces/javax.faces.resource/primefaces.js?ln=primefaces&v=4.0 HTTP/1.1" 200 276924
186.29.181.135 - - [04/Jan/2024:13:47:43 -0500] "GET /sipse/faces/javax.faces.resource/images/ui-icons_898989_256x240.png?ln=primefaces-aristo HTTP/1.1" 200 5355
186.29.181.135 - - [04/Jan/2024:13:47:43 -0500] "GET /sipse/css/imagen/logoSDG.png HTTP/1.1" 200 53064
186.29.181.135 - - [04/Jan/2024:13:47:43 -0500] "GET /sipse/css/imagen/loginimg.png HTTP/1.1" 200 71635
172.22.2.4 - - [04/Jan/2024:13:46:07 -0500] "GET /BLA/boletinlegal/ HTTP/1.1" 200 58969
186.29.181.135 - - [04/Jan/2024:13:47:52 -0500] "POST /sipse/faces/autenticacion.xhtml HTTP/1.1" 200 2224
186.29.181.135 - - [04/Jan/2024:13:47:52 -0500] "GET /sipse/faces/javax.faces.resource/messages/messages.png?ln=primefaces&v=4.0 HTTP/1.1" 200 27209
186.29.181.135 - - [04/Jan/2024:13:47:53 -0500] "POST /sipse/faces/autenticacion.xhtml HTTP/1.1" 200 16388
186.29.181.135 - - [04/Jan/2024:13:47:54 -0500] "GET /sipse/css/custom_css_sg_prime.css HTTP/1.1" 200 5201
186.29.181.135 - - [04/Jan/2024:13:47:54 -0500] "GET /sipse/faces/javax.faces.resource/theme.css?ln=primefaces-sipse HTTP/1.1" 304 -
186.29.181.135 - - [04/Jan/2024:13:47:54 -0500] "GET /sipse/faces/javax.faces.resource/primefaces.css?ln=primefaces&v=4.0 HTTP/1.1" 304 -
186.29.181.135 - - [04/Jan/2024:13:47:54 -0500] "GET /sipse/faces/javax.faces.resource/layout/layout.css?ln=primefaces&v=4.0 HTTP/1.1" 304 -
186.29.181.135 - - [04/Jan/2024:13:47:54 -0500] "GET /sipse/js/jquery.min.js HTTP/1.1" 200 85582
186.29.181.135 - - [04/Jan/2024:13:47:54 -0500] "GET /sipse/faces/javax.faces.resource/jquery/jquery.js?ln=primefaces&v=4.0 HTTP/1.1" 304 -
186.29.181.135 - - [04/Jan/2024:13:47:54 -0500] "GET /sipse/faces/javax.faces.resource/jquery/jquery-plugins.js?ln=primefaces&v=4.0 HTTP/1.1" 304 -
186.29.181.135 - - [04/Jan/2024:13:47:54 -0500] "GET /sipse/faces/javax.faces.resource/primefaces.js?ln=primefaces&v=4.0 HTTP/1.1" 304 -
186.29.181.135 - - [04/Jan/2024:13:47:54 -0500] "GET /sipse/faces/javax.faces.resource/layout/layout.js?ln=primefaces&v=4.0 HTTP/1.1" 304 -
186.29.181.135 - - [04/Jan/2024:13:47:54 -0500] "GET /sipse/css/v_mergente.css HTTP/1.1" 200 1505
186.29.181.135 - - [04/Jan/2024:13:47:54 -0500] "GET /sipse/css/imagen/contrasena.png HTTP/1.1" 404 383
186.29.181.135 - - [04/Jan/2024:13:47:54 -0500] "GET /sipse/imagenes/cargando.gif HTTP/1.1" 200 36959
186.29.181.135 - - [04/Jan/2024:13:47:54 -0500] "GET /sipse/imagenes/logoAplicacion.jpg HTTP/1.1" 200 155084
181.49.182.135 - - [04/Jan/2024:13:47:56 -0500] "GET /sipse/faces/faces/autenticacion.xhtml HTTP/1.1" 200 12723
181.49.182.135 - - [04/Jan/2024:13:47:56 -0500] "GET /sipse/js/disable_browser_buttons.js HTTP/1.1" 200 3230
181.49.182.135 - - [04/Jan/2024:13:47:56 -0500] "GET /sipse/css/custom_css_sg_prime_login.css HTTP/1.1" 200 443
181.49.182.135 - - [04/Jan/2024:13:47:56 -0500] "GET /sipse/css/custom_css_sg.css HTTP/1.1" 200 9694
181.49.182.135 - - [04/Jan/2024:13:47:56 -0500] "GET /sipse/js/funciones.js HTTP/1.1" 200 12592
181.49.182.135 - - [04/Jan/2024:13:47:56 -0500] "GET /sipse/faces/javax.faces.resource/primefaces.css;jsessionid=UAHT8SXRqasXZs0YFaqtZ1Iu.undefined?ln=primefaces&v=4.0 HTTP/1.1" 200 53295
181.49.182.135 - - [04/Jan/2024:13:47:56 -0500] "GET /sipse/faces/javax.faces.resource/theme.css?ln=primefaces-sipse HTTP/1.1" 200 50058
181.49.182.135 - - [04/Jan/2024:13:47:56 -0500] "GET /sipse/faces/javax.faces.resource/layout/layout.css;jsessionid=UAHT8SXRqasXZs0YFaqtZ1Iu.undefined?ln=primefaces&v=4.0 HTTP/1.1" 200 542
181.49.182.135 - - [04/Jan/2024:13:47:56 -0500] "GET /sipse/faces/javax.faces.resource/jquery/jquery-plugins.js;jsessionid=UAHT8SXRqasXZs0YFaqtZ1Iu.undefined?ln=primefaces&v=4.0 HTTP/1.1" 200 220526
181.49.182.135 - - [04/Jan/2024:13:47:56 -0500] "GET /sipse/faces/javax.faces.resource/jquery/jquery.js;jsessionid=UAHT8SXRqasXZs0YFaqtZ1Iu.undefined?ln=primefaces&v=4.0 HTTP/1.1" 200 105384
181.49.182.135 - - [04/Jan/2024:13:47:56 -0500] "GET /sipse/faces/javax.faces.resource/layout/layout.js;jsessionid=UAHT8SXRqasXZs0YFaqtZ1Iu.undefined?ln=primefaces&v=4.0 HTTP/1.1" 200 87560
181.49.182.135 - - [04/Jan/2024:13:47:56 -0500] "GET /sipse/faces/javax.faces.resource/primefaces.js;jsessionid=UAHT8SXRqasXZs0YFaqtZ1Iu.undefined?ln=primefaces&v=4.0 HTTP/1.1" 200 276924
181.49.182.135 - - [04/Jan/2024:13:47:57 -0500] "GET /sipse/css/imagen/logoSDG.png HTTP/1.1" 200 53064
181.49.182.135 - - [04/Jan/2024:13:47:57 -0500] "GET /sipse/css/imagen/loginimg.png HTTP/1.1" 200 71635
181.49.182.135 - - [04/Jan/2024:13:47:57 -0500] "GET /sipse/faces/javax.faces.resource/images/ui-icons_898989_256x240.png?ln=primefaces-aristo HTTP/1.1" 200 5355
181.49.182.135 - - [04/Jan/2024:13:47:57 -0500] "GET /sipse/faces/faces/index.xhtml HTTP/1.1" 200 677
66.249.66.20 - - [04/Jan/2024:13:47:57 -0500] "GET /ial/sitio/MEMORIAS%20SIMAH/Auditorio/Viernes%20AM/Sesion%205%20830%201000/4%20Anne%20Chung%20Japon.pdf HTTP/1.1" 404 1018
181.49.182.135 - - [04/Jan/2024:13:47:57 -0500] "GET /sipse/faces/javax.faces.resource/theme.css?ln=primefaces-sipse HTTP/1.1" 304 -
181.49.182.135 - - [04/Jan/2024:13:47:58 -0500] "GET /sipse/faces/faces/faces/autenticacion.xhtml HTTP/1.1" 200 12401
181.49.182.135 - - [04/Jan/2024:13:47:58 -0500] "GET /sipse/faces/javax.faces.resource/theme.css?ln=primefaces-sipse HTTP/1.1" 304 -
181.49.182.135 - - [04/Jan/2024:13:47:58 -0500] "GET /sipse/faces/javax.faces.resource/layout/layout.css?ln=primefaces&v=4.0 HTTP/1.1" 200 542
181.49.182.135 - - [04/Jan/2024:13:47:58 -0500] "GET /sipse/faces/javax.faces.resource/jquery/jquery.js?ln=primefaces&v=4.0 HTTP/1.1" 200 105384
181.49.182.135 - - [04/Jan/2024:13:47:58 -0500] "GET /sipse/faces/javax.faces.resource/primefaces.css?ln=primefaces&v=4.0 HTTP/1.1" 200 53295
181.49.182.135 - - [04/Jan/2024:13:47:58 -0500] "GET /sipse/faces/javax.faces.resource/jquery/jquery-plugins.js?ln=primefaces&v=4.0 HTTP/1.1" 200 220526
181.49.182.135 - - [04/Jan/2024:13:47:58 -0500] "GET /sipse/faces/javax.faces.resource/primefaces.js?ln=primefaces&v=4.0 HTTP/1.1" 200 276924
181.49.182.135 - - [04/Jan/2024:13:47:58 -0500] "GET /sipse/faces/javax.faces.resource/layout/layout.js?ln=primefaces&v=4.0 HTTP/1.1" 200 87560
181.49.182.135 - - [04/Jan/2024:13:47:59 -0500] "GET /sipse/faces/faces/faces/index.xhtml HTTP/1.1" 200 677
181.49.182.135 - - [04/Jan/2024:13:47:59 -0500] "GET /sipse/faces/javax.faces.resource/theme.css?ln=primefaces-sipse HTTP/1.1" 304 -
181.49.182.135 - - [04/Jan/2024:13:48:00 -0500] "GET /sipse/faces/faces/faces/faces/autenticacion.xhtml HTTP/1.1" 200 12401
181.49.182.135 - - [04/Jan/2024:13:48:00 -0500] "GET /sipse/faces/javax.faces.resource/primefaces.js?ln=primefaces&v=4.0 HTTP/1.1" 304 -
181.49.182.135 - - [04/Jan/2024:13:48:00 -0500] "GET /sipse/faces/javax.faces.resource/layout/layout.js?ln=primefaces&v=4.0 HTTP/1.1" 304 -
181.49.182.135 - - [04/Jan/2024:13:48:00 -0500] "GET /sipse/faces/javax.faces.resource/theme.css?ln=primefaces-sipse HTTP/1.1" 304 -
181.49.182.135 - - [04/Jan/2024:13:48:01 -0500] "GET /sipse/faces/faces/faces/faces/index.xhtml HTTP/1.1" 200 677
181.49.182.135 - - [04/Jan/2024:13:48:01 -0500] "GET /sipse/faces/javax.faces.resource/theme.css?ln=primefaces-sipse HTTP/1.1" 304 -
181.49.182.135 - - [04/Jan/2024:13:48:01 -0500] "GET /sipse/faces/faces/faces/faces/faces/autenticacion.xhtml HTTP/1.1" 200 12401
181.49.182.135 - - [04/Jan/2024:13:48:02 -0500] "GET /sipse/faces/javax.faces.resource/primefaces.js?ln=primefaces&v=4.0 HTTP/1.1" 304 -
181.49.182.135 - - [04/Jan/2024:13:48:02 -0500] "GET /sipse/faces/javax.faces.resource/theme.css?ln=primefaces-sipse HTTP/1.1" 304 -
181.49.182.135 - - [04/Jan/2024:13:48:02 -0500] "GET /sipse/faces/javax.faces.resource/layout/layout.js?ln=primefaces&v=4.0 HTTP/1.1" 304 -
181.49.182.135 - - [04/Jan/2024:13:48:02 -0500] "GET /sipse/faces/faces/faces/faces/faces/index.xhtml HTTP/1.1" 200 677
181.49.182.135 - - [04/Jan/2024:13:48:02 -0500] "GET /sipse/faces/javax.faces.resource/theme.css?ln=primefaces-sipse HTTP/1.1" 304 -
181.49.182.135 - - [04/Jan/2024:13:48:03 -0500] "GET /sipse/faces/faces/faces/faces/faces/faces/autenticacion.xhtml HTTP/1.1" 200 12401
181.49.182.135 - - [04/Jan/2024:13:48:03 -0500] "GET /sipse/faces/javax.faces.resource/primefaces.js?ln=primefaces&v=4.0 HTTP/1.1" 304 -
