172.22.2.4 - - [04/Jan/2024:05:41:54 -0500] "GET /BLA/boletinlegal/ HTTP/1.1" 200 58969
216.245.221.92 - - [04/Jan/2024:05:45:45 -0500] "HEAD / HTTP/1.1" 200 -
216.244.66.195 - - [04/Jan/2024:05:48:31 -0500] "GET /robots.txt HTTP/1.1" 404 1018
172.22.2.4 - - [04/Jan/2024:05:46:53 -0500] "HEAD /BLA/boletinlegal/ HTTP/1.1" 200 -
172.22.2.4 - - [04/Jan/2024:05:47:44 -0500] "GET /BLA/boletinlegal/ HTTP/1.1" 200 58567
66.249.66.21 - - [04/Jan/2024:05:50:38 -0500] "GET /BLA/resoluciones/RESOLUCIONES%202009/4239.pdf HTTP/1.1" 200 412022
216.245.221.92 - - [04/Jan/2024:05:50:45 -0500] "HEAD / HTTP/1.1" 200 -
172.22.2.4 - - [04/Jan/2024:05:52:43 -0500] "HEAD /BLA/boletinlegal/ HTTP/1.1" 200 -
52.167.144.24 - - [04/Jan/2024:05:54:34 -0500] "GET /Publicaciones/2023EE308073.pdf HTTP/1.1" 200 379115
172.22.2.4 - - [04/Jan/2024:05:53:34 -0500] "GET /BLA/boletinlegal/ HTTP/1.1" 200 57309
172.22.2.4 - - [04/Jan/2024:05:54:55 -0500] "GET /BLA/boletinlegal/ HTTP/1.1" 200 20427
216.245.221.92 - - [04/Jan/2024:05:55:45 -0500] "HEAD / HTTP/1.1" 200 -
173.252.107.1 - - [04/Jan/2024:05:56:13 -0500] "GET /dia-mundial-del-agua-2023-programate-para-participar-en-estas-actividades-de-educacion-ambiental.html HTTP/1.1" 200 903
191.95.59.229 - - [04/Jan/2024:05:56:22 -0500] "GET /appsia/controlador HTTP/1.1" 200 4799
191.95.59.229 - - [04/Jan/2024:05:56:22 -0500] "GET /appsia/images/logo_bogota_p.png HTTP/1.1" 200 14951
191.95.59.229 - - [04/Jan/2024:05:56:22 -0500] "GET /appsia/images/cabezoteHojaVida.png HTTP/1.1" 200 32493
191.95.59.229 - - [04/Jan/2024:05:56:47 -0500] "POST /appsia/controlador HTTP/1.1" 200 4621
191.95.59.229 - - [04/Jan/2024:05:56:56 -0500] "POST /appsia/controlador HTTP/1.1" 200 7729
191.95.59.229 - - [04/Jan/2024:05:56:56 -0500] "GET /appsia/images/logo_escudo.png HTTP/1.1" 200 36965
40.77.167.235 - - [04/Jan/2024:05:58:17 -0500] "GET /BLA/resoluciones/AUTOS%202021/0757.pdf HTTP/1.1" 304 -
172.22.2.4 - - [04/Jan/2024:05:58:33 -0500] "HEAD /BLA/boletinlegal/ HTTP/1.1" 200 -
172.22.2.4 - - [04/Jan/2024:06:00:32 -0500] "GET /BLA/boletinlegal/Circulares/2023/CIRCULAR%20No.%2000005%20DEL%2013%20DE%20JUNIO%20DEL%202023.pdf HTTP/1.1" 200 3638854
216.245.221.92 - - [04/Jan/2024:06:00:45 -0500] "HEAD / HTTP/1.1" 200 -
172.22.2.4 - - [04/Jan/2024:05:59:24 -0500] "GET /BLA/boletinlegal/ HTTP/1.1" 200 58567
216.244.66.195 - - [04/Jan/2024:06:02:34 -0500] "GET /BLA/resoluciones/RESOLUCIONES%202017/2822.pdf HTTP/1.1" 200 281093
216.244.66.195 - - [04/Jan/2024:06:02:40 -0500] "GET /BLA/resoluciones/RESOLUCIONES%202017/3339.pdf HTTP/1.1" 200 2413661
191.95.55.190 - - [04/Jan/2024:06:03:09 -0500] "GET /sipse/faces/faces/autenticacion.xhtml HTTP/1.1" 200 12401
191.95.55.190 - - [04/Jan/2024:06:03:09 -0500] "GET /sipse/js/disable_browser_buttons.js HTTP/1.1" 200 3230
191.95.55.190 - - [04/Jan/2024:06:03:09 -0500] "GET /sipse/css/custom_css_sg.css HTTP/1.1" 200 9694
191.95.55.190 - - [04/Jan/2024:06:03:09 -0500] "GET /sipse/js/funciones.js HTTP/1.1" 200 12592
191.95.55.190 - - [04/Jan/2024:06:03:09 -0500] "GET /sipse/css/custom_css_sg_prime_login.css HTTP/1.1" 200 443
191.95.55.190 - - [04/Jan/2024:06:03:09 -0500] "GET /sipse/faces/javax.faces.resource/theme.css?ln=primefaces-sipse HTTP/1.1" 304 -
191.95.55.190 - - [04/Jan/2024:06:03:09 -0500] "GET /sipse/faces/javax.faces.resource/primefaces.css?ln=primefaces&v=4.0 HTTP/1.1" 304 -
191.95.55.190 - - [04/Jan/2024:06:03:09 -0500] "GET /sipse/faces/javax.faces.resource/layout/layout.css?ln=primefaces&v=4.0 HTTP/1.1" 304 -
191.95.55.190 - - [04/Jan/2024:06:03:09 -0500] "GET /sipse/faces/javax.faces.resource/jquery/jquery.js?ln=primefaces&v=4.0 HTTP/1.1" 304 -
191.95.55.190 - - [04/Jan/2024:06:03:09 -0500] "GET /sipse/faces/javax.faces.resource/jquery/jquery-plugins.js?ln=primefaces&v=4.0 HTTP/1.1" 304 -
191.95.55.190 - - [04/Jan/2024:06:03:09 -0500] "GET /sipse/faces/javax.faces.resource/primefaces.js?ln=primefaces&v=4.0 HTTP/1.1" 304 -
191.95.55.190 - - [04/Jan/2024:06:03:09 -0500] "GET /sipse/faces/javax.faces.resource/layout/layout.js?ln=primefaces&v=4.0 HTTP/1.1" 304 -
191.95.55.190 - - [04/Jan/2024:06:03:09 -0500] "GET /sipse/faces/javax.faces.resource/images/ui-icons_898989_256x240.png?ln=primefaces-aristo HTTP/1.1" 200 5355
191.95.55.190 - - [04/Jan/2024:06:03:09 -0500] "GET /sipse/css/imagen/logoSDG.png HTTP/1.1" 200 53064
191.95.55.190 - - [04/Jan/2024:06:03:09 -0500] "GET /sipse/css/imagen/loginimg.png HTTP/1.1" 200 71635
191.95.55.190 - - [04/Jan/2024:06:03:10 -0500] "GET /sipse/faces/faces/index.xhtml HTTP/1.1" 200 677
191.95.55.190 - - [04/Jan/2024:06:03:10 -0500] "GET /sipse/faces/javax.faces.resource/theme.css?ln=primefaces-sipse HTTP/1.1" 304 -
191.95.55.190 - - [04/Jan/2024:06:03:10 -0500] "GET /sipse/faces/faces/faces/autenticacion.xhtml HTTP/1.1" 200 12401
216.244.66.195 - - [04/Jan/2024:06:03:11 -0500] "GET /BLA/resoluciones/RESOLUCIONES%202019/0457.pdf HTTP/1.1" 200 460700
191.95.55.190 - - [04/Jan/2024:06:03:11 -0500] "GET /sipse/faces/javax.faces.resource/layout/layout.js?ln=primefaces&v=4.0 HTTP/1.1" 304 -
191.95.55.190 - - [04/Jan/2024:06:03:11 -0500] "GET /sipse/faces/javax.faces.resource/primefaces.js?ln=primefaces&v=4.0 HTTP/1.1" 304 -
191.95.55.190 - - [04/Jan/2024:06:03:11 -0500] "GET /sipse/faces/javax.faces.resource/jquery/jquery.js?ln=primefaces&v=4.0 HTTP/1.1" 304 -
191.95.55.190 - - [04/Jan/2024:06:03:11 -0500] "GET /sipse/faces/javax.faces.resource/jquery/jquery-plugins.js?ln=primefaces&v=4.0 HTTP/1.1" 304 -
191.95.55.190 - - [04/Jan/2024:06:03:11 -0500] "GET /sipse/faces/javax.faces.resource/theme.css?ln=primefaces-sipse HTTP/1.1" 304 -
191.95.55.190 - - [04/Jan/2024:06:03:11 -0500] "GET /sipse/faces/javax.faces.resource/primefaces.css?ln=primefaces&v=4.0 HTTP/1.1" 304 -
191.95.55.190 - - [04/Jan/2024:06:03:11 -0500] "GET /sipse/faces/javax.faces.resource/layout/layout.css?ln=primefaces&v=4.0 HTTP/1.1" 304 -
191.95.55.190 - - [04/Jan/2024:06:03:11 -0500] "GET /sipse/faces/javax.faces.resource/images/ui-icons_898989_256x240.png?ln=primefaces-aristo HTTP/1.1" 200 5355
66.249.66.193 - - [04/Jan/2024:06:03:12 -0500] "GET /mis-de-50-aves-silvestres-fueron-recuperadas-en-la-localidad-de-tunjuelito.html HTTP/1.1" 200 806
191.95.55.190 - - [04/Jan/2024:06:03:13 -0500] "POST /sipse/faces/autenticacion.xhtml HTTP/1.1" 200 2225
191.95.55.190 - - [04/Jan/2024:06:03:13 -0500] "GET /sipse/faces/javax.faces.resource/messages/messages.png?ln=primefaces&v=4.0 HTTP/1.1" 200 27209
191.95.55.190 - - [04/Jan/2024:06:03:14 -0500] "POST /sipse/faces/autenticacion.xhtml HTTP/1.1" 200 16392
191.95.55.190 - - [04/Jan/2024:06:03:14 -0500] "GET /sipse/css/custom_css_sg_prime.css HTTP/1.1" 200 5201
191.95.55.190 - - [04/Jan/2024:06:03:14 -0500] "GET /sipse/js/jquery.min.js HTTP/1.1" 200 85582
191.95.55.190 - - [04/Jan/2024:06:03:14 -0500] "GET /sipse/faces/javax.faces.resource/jquery/jquery.js?ln=primefaces&v=4.0 HTTP/1.1" 304 -
191.95.55.190 - - [04/Jan/2024:06:03:14 -0500] "GET /sipse/faces/javax.faces.resource/jquery/jquery-plugins.js?ln=primefaces&v=4.0 HTTP/1.1" 304 -
191.95.55.190 - - [04/Jan/2024:06:03:14 -0500] "GET /sipse/faces/javax.faces.resource/primefaces.js?ln=primefaces&v=4.0 HTTP/1.1" 304 -
191.95.55.190 - - [04/Jan/2024:06:03:14 -0500] "GET /sipse/faces/javax.faces.resource/layout/layout.js?ln=primefaces&v=4.0 HTTP/1.1" 304 -
191.95.55.190 - - [04/Jan/2024:06:03:14 -0500] "GET /sipse/css/v_mergente.css HTTP/1.1" 200 1505
191.95.55.190 - - [04/Jan/2024:06:03:14 -0500] "GET /sipse/imagenes/cargando.gif HTTP/1.1" 200 36959
191.95.55.190 - - [04/Jan/2024:06:03:15 -0500] "GET /sipse/css/imagen/contrasena.png HTTP/1.1" 404 383
191.95.55.190 - - [04/Jan/2024:06:03:15 -0500] "GET /sipse/imagenes/logoAplicacion.jpg HTTP/1.1" 200 155084
191.95.55.190 - - [04/Jan/2024:06:03:16 -0500] "GET /sipse/faces/javax.faces.resource/images/ui-bg_flat_0_2d5972_40x100.png?ln=primefaces-aristo HTTP/1.1" 304 -
191.95.55.190 - - [04/Jan/2024:06:03:16 -0500] "POST /sipse/faces/bienvenido.xhtml HTTP/1.1" 200 2658
191.95.55.190 - - [04/Jan/2024:06:03:17 -0500] "POST /sipse/faces/bienvenido.xhtml HTTP/1.1" 200 62692
191.95.55.190 - - [04/Jan/2024:06:03:18 -0500] "GET /sipse/faces/javax.faces.resource/jquery/jquery.js?ln=primefaces&v=4.0 HTTP/1.1" 304 -
191.95.55.190 - - [04/Jan/2024:06:03:18 -0500] "GET /sipse/faces/javax.faces.resource/jquery/jquery-plugins.js?ln=primefaces&v=4.0 HTTP/1.1" 304 -
191.95.55.190 - - [04/Jan/2024:06:03:18 -0500] "GET /sipse/faces/javax.faces.resource/primefaces.js?ln=primefaces&v=4.0 HTTP/1.1" 304 -
191.95.55.190 - - [04/Jan/2024:06:03:18 -0500] "GET /sipse/faces/javax.faces.resource/layout/layout.js?ln=primefaces&v=4.0 HTTP/1.1" 304 -
191.95.55.190 - - [04/Jan/2024:06:03:18 -0500] "POST /sipse/faces/presentacion/financiero/solicitudProceso/listarSolicitudProceso.xhtml HTTP/1.1" 200 1556
216.244.66.195 - - [04/Jan/2024:06:03:19 -0500] "GET /BLA/resoluciones/RESOLUCIONES%202019/0975.pdf HTTP/1.1" 200 353228
191.95.55.190 - - [04/Jan/2024:06:03:20 -0500] "POST /sipse/faces/presentacion/financiero/solicitudProceso/listarSolicitudProceso.xhtml HTTP/1.1" 200 10669
191.95.55.190 - - [04/Jan/2024:06:03:30 -0500] "POST /sipse/faces/presentacion/financiero/solicitudProceso/listarSolicitudProceso.xhtml HTTP/1.1" 200 31593
34.141.174.86 - - [04/Jan/2024:06:04:34 -0500] "GET /distrito-exalto-a-246-empresas-de-bogota-por-su-alto-desempeno-y-responsabilidad-ambiental-durante-2023.html HTTP/1.1" 200 1039
185.224.128.191 - - [04/Jan/2024:06:05:08 -0500] "GET / HTTP/1.1" 200 319
191.95.55.190 - - [04/Jan/2024:06:05:14 -0500] "GET /sipse/faces/faces/autenticacion.xhtml HTTP/1.1" 200 12411
191.95.55.190 - - [04/Jan/2024:06:05:14 -0500] "GET /sipse/faces/javax.faces.resource/primefaces.css?ln=primefaces&v=4.0 HTTP/1.1" 304 -
191.95.55.190 - - [04/Jan/2024:06:05:14 -0500] "GET /sipse/faces/javax.faces.resource/theme.css?ln=primefaces-sipse HTTP/1.1" 304 -
191.95.55.190 - - [04/Jan/2024:06:05:14 -0500] "GET /sipse/faces/javax.faces.resource/layout/layout.css?ln=primefaces&v=4.0 HTTP/1.1" 304 -
191.95.55.190 - - [04/Jan/2024:06:05:14 -0500] "GET /sipse/faces/javax.faces.resource/jquery/jquery-plugins.js?ln=primefaces&v=4.0 HTTP/1.1" 304 -
191.95.55.190 - - [04/Jan/2024:06:05:14 -0500] "GET /sipse/faces/javax.faces.resource/jquery/jquery.js?ln=primefaces&v=4.0 HTTP/1.1" 304 -
191.95.55.190 - - [04/Jan/2024:06:05:14 -0500] "GET /sipse/faces/javax.faces.resource/layout/layout.js?ln=primefaces&v=4.0 HTTP/1.1" 304 -
191.95.55.190 - - [04/Jan/2024:06:05:14 -0500] "GET /sipse/faces/javax.faces.resource/primefaces.js?ln=primefaces&v=4.0 HTTP/1.1" 304 -
191.95.55.190 - - [04/Jan/2024:06:05:14 -0500] "GET /sipse/faces/javax.faces.resource/images/ui-icons_898989_256x240.png?ln=primefaces-aristo HTTP/1.1" 200 5355
191.95.55.190 - - [04/Jan/2024:06:05:14 -0500] "GET /favicon.ico HTTP/1.1" 200 7782
191.95.55.190 - - [04/Jan/2024:06:05:14 -0500] "GET /sipse/faces/faces/index.xhtml HTTP/1.1" 200 677
191.95.55.190 - - [04/Jan/2024:06:05:14 -0500] "GET /sipse/faces/javax.faces.resource/theme.css?ln=primefaces-sipse HTTP/1.1" 304 -
191.95.55.190 - - [04/Jan/2024:06:05:15 -0500] "GET /sipse/faces/faces/faces/autenticacion.xhtml HTTP/1.1" 200 12411
191.95.55.190 - - [04/Jan/2024:06:05:15 -0500] "GET /sipse/faces/javax.faces.resource/jquery/jquery.js?ln=primefaces&v=4.0 HTTP/1.1" 304 -
191.95.55.190 - - [04/Jan/2024:06:05:15 -0500] "GET /sipse/faces/javax.faces.resource/jquery/jquery-plugins.js?ln=primefaces&v=4.0 HTTP/1.1" 304 -
191.95.55.190 - - [04/Jan/2024:06:05:15 -0500] "GET /sipse/faces/javax.faces.resource/layout/layout.js?ln=primefaces&v=4.0 HTTP/1.1" 304 -
191.95.55.190 - - [04/Jan/2024:06:05:15 -0500] "GET /sipse/faces/javax.faces.resource/theme.css?ln=primefaces-sipse HTTP/1.1" 304 -
191.95.55.190 - - [04/Jan/2024:06:05:15 -0500] "GET /sipse/faces/javax.faces.resource/primefaces.js?ln=primefaces&v=4.0 HTTP/1.1" 304 -
191.95.55.190 - - [04/Jan/2024:06:05:15 -0500] "GET /sipse/faces/javax.faces.resource/layout/layout.css?ln=primefaces&v=4.0 HTTP/1.1" 304 -
191.95.55.190 - - [04/Jan/2024:06:05:15 -0500] "GET /sipse/faces/javax.faces.resource/primefaces.css?ln=primefaces&v=4.0 HTTP/1.1" 304 -
191.95.55.190 - - [04/Jan/2024:06:05:15 -0500] "GET /sipse/faces/javax.faces.resource/images/ui-icons_898989_256x240.png?ln=primefaces-aristo HTTP/1.1" 200 5355
34.32.181.254 - - [04/Jan/2024:06:05:20 -0500] "GET /las-tres-caminatas-para-cerrar-el-ano-entre-la-naturaleza.html HTTP/1.1" 200 776
191.95.55.190 - - [04/Jan/2024:06:05:43 -0500] "POST /sipse/faces/autenticacion.xhtml HTTP/1.1" 200 2225
191.95.55.190 - - [04/Jan/2024:06:05:43 -0500] "GET /sipse/faces/javax.faces.resource/messages/messages.png?ln=primefaces&v=4.0 HTTP/1.1" 304 -
216.245.221.92 - - [04/Jan/2024:06:05:45 -0500] "HEAD / HTTP/1.1" 200 -
191.95.55.190 - - [04/Jan/2024:06:05:49 -0500] "POST /sipse/faces/autenticacion.xhtml HTTP/1.1" 200 16424
191.95.55.190 - - [04/Jan/2024:06:05:49 -0500] "GET /sipse/faces/javax.faces.resource/jquery/jquery.js?ln=primefaces&v=4.0 HTTP/1.1" 304 -
191.95.55.190 - - [04/Jan/2024:06:05:49 -0500] "GET /sipse/faces/javax.faces.resource/jquery/jquery-plugins.js?ln=primefaces&v=4.0 HTTP/1.1" 304 -
191.95.55.190 - - [04/Jan/2024:06:05:49 -0500] "GET /sipse/faces/javax.faces.resource/primefaces.js?ln=primefaces&v=4.0 HTTP/1.1" 304 -
191.95.55.190 - - [04/Jan/2024:06:05:49 -0500] "GET /sipse/faces/javax.faces.resource/layout/layout.js?ln=primefaces&v=4.0 HTTP/1.1" 304 -
191.95.55.190 - - [04/Jan/2024:06:05:51 -0500] "GET /sipse/faces/javax.faces.resource/images/ui-bg_flat_0_2d5972_40x100.png?ln=primefaces-aristo HTTP/1.1" 304 -
191.95.55.190 - - [04/Jan/2024:06:05:51 -0500] "POST /sipse/faces/bienvenido.xhtml HTTP/1.1" 200 2658
191.95.55.190 - - [04/Jan/2024:06:05:52 -0500] "POST /sipse/faces/bienvenido.xhtml HTTP/1.1" 200 62942
191.95.55.190 - - [04/Jan/2024:06:05:53 -0500] "GET /sipse/faces/javax.faces.resource/jquery/jquery.js?ln=primefaces&v=4.0 HTTP/1.1" 304 -
191.95.55.190 - - [04/Jan/2024:06:05:53 -0500] "GET /sipse/faces/javax.faces.resource/jquery/jquery-plugins.js?ln=primefaces&v=4.0 HTTP/1.1" 304 -
191.95.55.190 - - [04/Jan/2024:06:05:53 -0500] "GET /sipse/faces/javax.faces.resource/primefaces.js?ln=primefaces&v=4.0 HTTP/1.1" 304 -
191.95.55.190 - - [04/Jan/2024:06:05:53 -0500] "GET /sipse/faces/javax.faces.resource/layout/layout.js?ln=primefaces&v=4.0 HTTP/1.1" 304 -
191.95.55.190 - - [04/Jan/2024:06:05:53 -0500] "POST /sipse/faces/presentacion/financiero/solicitudProceso/listarSolicitudProceso.xhtml HTTP/1.1" 200 1556
191.95.55.190 - - [04/Jan/2024:06:06:01 -0500] "POST /sipse/faces/presentacion/financiero/solicitudProceso/listarSolicitudProceso.xhtml HTTP/1.1" 200 2845
191.95.55.190 - - [04/Jan/2024:06:06:03 -0500] "POST /sipse/faces/presentacion/financiero/solicitudProceso/listarSolicitudProceso.xhtml HTTP/1.1" 200 40777
191.95.55.190 - - [04/Jan/2024:06:06:03 -0500] "GET /sipse/faces/javax.faces.resource/jquery/jquery.js?ln=primefaces&v=4.0 HTTP/1.1" 304 -
191.95.55.190 - - [04/Jan/2024:06:06:03 -0500] "GET /sipse/faces/javax.faces.resource/jquery/jquery-plugins.js?ln=primefaces&v=4.0 HTTP/1.1" 304 -
191.95.55.190 - - [04/Jan/2024:06:06:03 -0500] "GET /sipse/faces/javax.faces.resource/primefaces.js?ln=primefaces&v=4.0 HTTP/1.1" 304 -
191.95.55.190 - - [04/Jan/2024:06:06:03 -0500] "GET /sipse/faces/javax.faces.resource/layout/layout.js?ln=primefaces&v=4.0 HTTP/1.1" 304 -
191.95.55.190 - - [04/Jan/2024:06:06:03 -0500] "POST /sipse/faces/presentacion/financiero/solicitudProceso/consultar.xhtml HTTP/1.1" 200 34137
172.22.2.4 - - [04/Jan/2024:06:04:23 -0500] "HEAD /BLA/boletinlegal/ HTTP/1.1" 200 -
172.22.2.4 - - [04/Jan/2024:06:06:03 -0500] "GET /BLA/boletinlegal/ HTTP/1.1" 200 20427
40.77.167.53 - - [04/Jan/2024:06:06:35 -0500] "GET /Publicaciones/2023EE302241.pdf HTTP/1.1" 404 228
216.244.66.195 - - [04/Jan/2024:06:06:43 -0500] "GET /BLA/resoluciones/RESOLUCIONES%201997/RESOLUCION%20260%20DE%201997.pdf HTTP/1.1" 200 37469
216.244.66.195 - - [04/Jan/2024:06:06:49 -0500] "GET /BLA/resoluciones/RESOLUCIONES%202001/RESOLUCION%20351%20DE%202001.pdf HTTP/1.1" 200 16532
216.244.66.195 - - [04/Jan/2024:06:06:54 -0500] "GET /BLA/resoluciones/RESOLUCIONES%202001/RESOLUCION%20878%20DE%202001.pdf HTTP/1.1" 200 125355
172.22.2.4 - - [04/Jan/2024:06:05:14 -0500] "GET /BLA/boletinlegal/ HTTP/1.1" 200 57683
173.252.107.119 - - [04/Jan/2024:06:07:48 -0500] "GET /images/reconocimiento%20practicas%20ambientales.jpg HTTP/1.1" 200 63397
173.252.107.8 - - [04/Jan/2024:06:07:48 -0500] "GET /images/PREAD%20SDA%201.jpeg HTTP/1.1" 200 65620
173.252.107.1 - - [04/Jan/2024:06:07:48 -0500] "GET /images/Musgo%2017%20-%2012%20-%202023.jpeg HTTP/1.1" 200 66238
173.252.107.116 - - [04/Jan/2024:06:07:48 -0500] "GET /images/agua%20bogota.jpg HTTP/1.1" 200 74348
173.252.107.5 - - [04/Jan/2024:06:07:48 -0500] "GET /images/arbol%20centro.jpg HTTP/1.1" 200 69467
173.252.107.119 - - [04/Jan/2024:06:07:48 -0500] "GET /images/Aves%20SDA.jpeg HTTP/1.1" 200 75104
173.252.107.5 - - [04/Jan/2024:06:07:48 -0500] "GET /images/participacion%2019-12-23.jpg HTTP/1.1" 200 73861
173.252.107.3 - - [04/Jan/2024:06:07:54 -0500] "GET /images/calidad-aire.jpg HTTP/1.1" 200 42421
191.95.55.190 - - [04/Jan/2024:06:08:10 -0500] "POST /sipse/faces/presentacion/financiero/solicitudProceso/consultar.xhtml HTTP/1.1" 200 12721
191.95.55.190 - - [04/Jan/2024:06:08:21 -0500] "POST /sipse/faces/presentacion/financiero/solicitudProceso/consultar.xhtml HTTP/1.1" 200 37083
191.95.55.190 - - [04/Jan/2024:06:08:22 -0500] "POST /sipse/faces/presentacion/financiero/solicitudProceso/consultar.xhtml HTTP/1.1" 200 37083
191.95.55.190 - - [04/Jan/2024:06:08:22 -0500] "POST /sipse/faces/presentacion/financiero/solicitudProceso/consultar.xhtml HTTP/1.1" 200 37083
191.95.55.190 - - [04/Jan/2024:06:08:34 -0500] "POST /sipse/faces/presentacion/financiero/solicitudProceso/consultar.xhtml HTTP/1.1" 200 12798
191.95.55.190 - - [04/Jan/2024:06:08:52 -0500] "POST /sipse/faces/presentacion/financiero/solicitudProceso/consultar.xhtml HTTP/1.1" 200 12777
191.95.55.190 - - [04/Jan/2024:06:09:10 -0500] "POST /sipse/faces/presentacion/financiero/solicitudProceso/consultar.xhtml HTTP/1.1" 200 12750
191.95.55.190 - - [04/Jan/2024:06:09:28 -0500] "POST /sipse/faces/presentacion/financiero/solicitudProceso/consultar.xhtml HTTP/1.1" 200 12825
34.174.152.29 - - [04/Jan/2024:06:09:45 -0500] "HEAD /BLA/resoluciones/RESOLUCIONES%202017/0520.pdf HTTP/1.1" 200 -
191.95.55.190 - - [04/Jan/2024:06:10:10 -0500] "POST /sipse/faces/presentacion/financiero/solicitudProceso/consultar.xhtml HTTP/1.1" 200 12748
216.244.66.195 - - [04/Jan/2024:06:10:17 -0500] "GET /BLA/resoluciones/AUTOS%202007/0158.pdf HTTP/1.1" 200 118819
216.244.66.195 - - [04/Jan/2024:06:10:21 -0500] "GET /BLA/resoluciones/AUTOS%202007/0203.pdf HTTP/1.1" 200 17264
216.244.66.195 - - [04/Jan/2024:06:10:25 -0500] "GET /BLA/resoluciones/AUTOS%202007/0547.pdf HTTP/1.1" 200 326418
216.244.66.195 - - [04/Jan/2024:06:10:37 -0500] "GET /BLA/resoluciones/AUTOS%202007/0616.pdf HTTP/1.1" 200 127454
216.245.221.92 - - [04/Jan/2024:06:10:45 -0500] "HEAD / HTTP/1.1" 200 -
216.244.66.195 - - [04/Jan/2024:06:10:49 -0500] "GET /BLA/resoluciones/AUTOS%202007/0629.pdf HTTP/1.1" 200 153562
216.244.66.195 - - [04/Jan/2024:06:10:58 -0500] "GET /BLA/resoluciones/AUTOS%202007/0965.pdf HTTP/1.1" 200 282595
216.244.66.195 - - [04/Jan/2024:06:11:14 -0500] "GET /BLA/resoluciones/AUTOS%202007/1325.pdf HTTP/1.1" 200 32658
216.244.66.195 - - [04/Jan/2024:06:11:25 -0500] "GET /BLA/resoluciones/AUTOS%202007/1391.pdf HTTP/1.1" 200 25627
216.244.66.195 - - [04/Jan/2024:06:11:35 -0500] "GET /BLA/resoluciones/AUTOS%202007/1404.pdf HTTP/1.1" 200 42767
216.244.66.195 - - [04/Jan/2024:06:11:44 -0500] "GET /BLA/resoluciones/AUTOS%202007/1443.pdf HTTP/1.1" 200 24243
216.244.66.195 - - [04/Jan/2024:06:11:53 -0500] "GET /BLA/resoluciones/AUTOS%202007/1520.pdf HTTP/1.1" 200 69725
172.22.2.4 - - [04/Jan/2024:06:10:13 -0500] "HEAD /BLA/boletinlegal/ HTTP/1.1" 200 -
216.244.66.195 - - [04/Jan/2024:06:12:00 -0500] "GET /BLA/resoluciones/AUTOS%202007/1549.pdf HTTP/1.1" 200 31965
216.244.66.195 - - [04/Jan/2024:06:12:06 -0500] "GET /BLA/resoluciones/AUTOS%202009/0687.pdf HTTP/1.1" 200 68152
216.244.66.195 - - [04/Jan/2024:06:12:12 -0500] "GET /BLA/resoluciones/AUTOS%202009/0708.pdf HTTP/1.1" 200 111357
216.244.66.195 - - [04/Jan/2024:06:12:18 -0500] "GET /BLA/resoluciones/AUTOS%202009/0731.pdf HTTP/1.1" 200 113175
216.244.66.195 - - [04/Jan/2024:06:12:22 -0500] "GET /BLA/resoluciones/AUTOS%202009/0809.pdf HTTP/1.1" 200 69853
216.244.66.195 - - [04/Jan/2024:06:12:26 -0500] "GET /BLA/resoluciones/AUTOS%202009/0820.pdf HTTP/1.1" 200 71050
216.244.66.195 - - [04/Jan/2024:06:12:29 -0500] "GET /BLA/resoluciones/AUTOS%202009/0874.pdf HTTP/1.1" 200 119604
216.244.66.195 - - [04/Jan/2024:06:12:35 -0500] "GET /BLA/resoluciones/AUTOS%202009/0890.pdf HTTP/1.1" 200 121436
216.244.66.195 - - [04/Jan/2024:06:12:39 -0500] "GET /BLA/resoluciones/AUTOS%202009/0928.pdf HTTP/1.1" 200 118128
216.244.66.195 - - [04/Jan/2024:06:12:43 -0500] "GET /BLA/resoluciones/AUTOS%202009/1053.pdf HTTP/1.1" 200 184928
172.22.2.4 - - [04/Jan/2024:06:11:04 -0500] "GET /BLA/boletinlegal/ HTTP/1.1" 200 60910
216.244.66.195 - - [04/Jan/2024:06:12:46 -0500] "GET /BLA/resoluciones/AUTOS%202009/1187.pdf HTTP/1.1" 200 125117
216.244.66.195 - - [04/Jan/2024:06:12:49 -0500] "GET /BLA/resoluciones/AUTOS%202009/1221.pdf HTTP/1.1" 200 128222
216.244.66.195 - - [04/Jan/2024:06:12:53 -0500] "GET /BLA/resoluciones/AUTOS%202009/1369.pdf HTTP/1.1" 200 117669
216.244.66.195 - - [04/Jan/2024:06:12:56 -0500] "GET /BLA/resoluciones/AUTOS%202009/1782.pdf HTTP/1.1" 200 98427
216.244.66.195 - - [04/Jan/2024:06:13:01 -0500] "GET /BLA/resoluciones/AUTOS%202009/1805.pdf HTTP/1.1" 200 233302
216.244.66.195 - - [04/Jan/2024:06:13:05 -0500] "GET /BLA/resoluciones/AUTOS%202009/1887.pdf HTTP/1.1" 200 129366
216.244.66.195 - - [04/Jan/2024:06:13:08 -0500] "GET /BLA/resoluciones/AUTOS%202009/1922.pdf HTTP/1.1" 200 197536
216.244.66.195 - - [04/Jan/2024:06:13:36 -0500] "GET /BLA/resoluciones/AUTOS%202009/2024.pdf HTTP/1.1" 200 99851
216.244.66.195 - - [04/Jan/2024:06:13:57 -0500] "GET /BLA/resoluciones/AUTOS%202009/2156.pdf HTTP/1.1" 200 81388
5.196.102.68 - - [04/Jan/2024:06:14:11 -0500] "GET /favicon.ico HTTP/1.1" 200 7782
216.244.66.195 - - [04/Jan/2024:06:14:18 -0500] "GET /BLA/resoluciones/AUTOS%202009/2195.pdf HTTP/1.1" 200 113207
216.244.66.195 - - [04/Jan/2024:06:14:39 -0500] "GET /BLA/resoluciones/AUTOS%202009/2434.pdf HTTP/1.1" 200 101367
216.244.66.195 - - [04/Jan/2024:06:14:57 -0500] "GET /BLA/resoluciones/AUTOS%202009/2555.pdf HTTP/1.1" 200 100883
216.244.66.195 - - [04/Jan/2024:06:15:15 -0500] "GET /BLA/resoluciones/AUTOS%202009/2590.pdf HTTP/1.1" 200 112192
216.244.66.195 - - [04/Jan/2024:06:15:34 -0500] "GET /BLA/resoluciones/AUTOS%202009/2648.pdf HTTP/1.1" 200 72012
216.245.221.92 - - [04/Jan/2024:06:15:45 -0500] "HEAD / HTTP/1.1" 200 -
216.244.66.195 - - [04/Jan/2024:06:15:49 -0500] "GET /BLA/resoluciones/AUTOS%202011/0034.pdf HTTP/1.1" 200 216967
216.244.66.195 - - [04/Jan/2024:06:16:03 -0500] "GET /BLA/resoluciones/AUTOS%202011/0815.pdf HTTP/1.1" 200 158485
216.244.66.195 - - [04/Jan/2024:06:16:17 -0500] "GET /BLA/resoluciones/AUTOS%202011/1106.pdf HTTP/1.1" 200 963584
47.128.54.157 - - [04/Jan/2024:06:16:44 -0500] "GET /BLA/resoluciones/index.php?dir=RESOLUCIONES%202006%2FRES%202006%201801-1850%2F&order=asc&sort=size HTTP/1.1" 200 12357
47.128.54.157 - - [04/Jan/2024:06:16:45 -0500] "GET /BLA/resoluciones/dlf/unknown.png HTTP/1.1" 200 266
47.128.54.157 - - [04/Jan/2024:06:16:45 -0500] "GET /BLA/resoluciones/dlf/dirup.png HTTP/1.1" 200 644
216.244.66.195 - - [04/Jan/2024:06:16:58 -0500] "GET /BLA/resoluciones/AUTOS%202011/1552.pdf HTTP/1.1" 200 161739
47.128.55.67 - - [04/Jan/2024:06:17:08 -0500] "GET /BLA/resoluciones/index.php?dir=RESOLUCIONES%202005%2FRES%202005%20551-600%2F&order=asc&sort=date HTTP/1.1" 200 12249
47.128.55.67 - - [04/Jan/2024:06:17:09 -0500] "GET /BLA/resoluciones/dlf/dirup.png HTTP/1.1" 200 644
47.128.55.67 - - [04/Jan/2024:06:17:09 -0500] "GET /BLA/resoluciones/dlf/unknown.png HTTP/1.1" 200 266
216.244.66.195 - - [04/Jan/2024:06:17:29 -0500] "GET /BLA/resoluciones/AUTOS%202011/1872.pdf HTTP/1.1" 200 166081
47.128.56.122 - - [04/Jan/2024:06:17:37 -0500] "GET /BLA/resoluciones/dlf/dirup.png HTTP/1.1" 200 644
47.128.56.122 - - [04/Jan/2024:06:17:37 -0500] "GET /BLA/resoluciones/dlf/unknown.png HTTP/1.1" 200 266
47.128.56.122 - - [04/Jan/2024:06:17:35 -0500] "GET /BLA/resoluciones/index.php?dir=RESOLUCIONES%202006%2FRES%202006%201951-2000%2F&order=asc&sort=date HTTP/1.1" 200 12349
172.22.2.4 - - [04/Jan/2024:06:16:03 -0500] "HEAD /BLA/boletinlegal/ HTTP/1.1" 200 -
47.128.27.244 - - [04/Jan/2024:06:17:55 -0500] "GET /BLA/resoluciones/index.php?dir=RESOLUCIONES%202005%2FRES%202005%203101-3150%2F&order=asc&sort=size HTTP/1.1" 200 12367
47.128.27.244 - - [04/Jan/2024:06:17:56 -0500] "GET /BLA/resoluciones/dlf/dirup.png HTTP/1.1" 200 644
47.128.27.244 - - [04/Jan/2024:06:17:56 -0500] "GET /BLA/resoluciones/dlf/unknown.png HTTP/1.1" 200 266
216.244.66.195 - - [04/Jan/2024:06:18:00 -0500] "GET /BLA/resoluciones/AUTOS%202011/1889.pdf HTTP/1.1" 200 131097
47.128.55.73 - - [04/Jan/2024:06:18:19 -0500] "GET /BLA/resoluciones/index.php?dir=RESOLUCIONES%202004%2FRES%202004%20501-550%2F&order=asc&sort=size HTTP/1.1" 200 12048
47.128.55.73 - - [04/Jan/2024:06:18:20 -0500] "GET /BLA/resoluciones/dlf/unknown.png HTTP/1.1" 200 266
47.128.55.73 - - [04/Jan/2024:06:18:20 -0500] "GET /BLA/resoluciones/dlf/dirup.png HTTP/1.1" 200 644
216.244.66.195 - - [04/Jan/2024:06:18:28 -0500] "GET /BLA/resoluciones/AUTOS%202011/1913.pdf HTTP/1.1" 200 216356
172.22.2.4 - - [04/Jan/2024:06:16:54 -0500] "GET /BLA/boletinlegal/ HTTP/1.1" 200 58567
47.128.119.67 - - [04/Jan/2024:06:18:45 -0500] "GET /BLA/resoluciones/index.php?dir=RESOLUCIONES%202003%2FRES%202003%20001-050%2F&order=asc&sort=size HTTP/1.1" 200 12161
47.128.119.67 - - [04/Jan/2024:06:18:46 -0500] "GET /BLA/resoluciones/dlf/dirup.png HTTP/1.1" 200 644
47.128.119.67 - - [04/Jan/2024:06:18:46 -0500] "GET /BLA/resoluciones/dlf/unknown.png HTTP/1.1" 200 266
216.244.66.195 - - [04/Jan/2024:06:18:56 -0500] "GET /BLA/resoluciones/AUTOS%202011/1920.pdf HTTP/1.1" 200 150805
162.55.173.23 - - [04/Jan/2024:06:19:01 -0500] "GET / HTTP/1.1" 200 4720
162.55.173.23 - - [04/Jan/2024:06:19:02 -0500] "GET / HTTP/1.1" 200 319
47.128.109.82 - - [04/Jan/2024:06:19:08 -0500] "GET /BLA/resoluciones/dlf/dirup.png HTTP/1.1" 200 644
47.128.109.82 - - [04/Jan/2024:06:19:08 -0500] "GET /BLA/resoluciones/dlf/doc.gif HTTP/1.1" 200 1079
47.128.109.82 - - [04/Jan/2024:06:19:09 -0500] "GET /BLA/resoluciones/dlf/pdf.gif HTTP/1.1" 200 272
47.128.109.82 - - [04/Jan/2024:06:19:08 -0500] "GET /BLA/resoluciones/index.php?dir=Notificaciones%2FREGISTROS%202016%2F&order=asc&sort=date HTTP/1.1" 200 17179
216.244.66.195 - - [04/Jan/2024:06:19:25 -0500] "GET /BLA/resoluciones/AUTOS%202011/2496.pdf HTTP/1.1" 200 132309
216.244.66.195 - - [04/Jan/2024:06:19:50 -0500] "GET /BLA/resoluciones/AUTOS%202011/2703.pdf HTTP/1.1" 200 158385
47.128.109.51 - - [04/Jan/2024:06:19:50 -0500] "GET /BLA/resoluciones/index.php?dir=RESOLUCIONES+2004%2FRES+2004+2151-2200%2F HTTP/1.1" 200 12359
47.128.109.51 - - [04/Jan/2024:06:19:51 -0500] "GET /BLA/resoluciones/dlf/unknown.png HTTP/1.1" 200 266
47.128.109.51 - - [04/Jan/2024:06:19:51 -0500] "GET /BLA/resoluciones/dlf/dirup.png HTTP/1.1" 200 644
216.244.66.195 - - [04/Jan/2024:06:20:15 -0500] "GET /BLA/resoluciones/AUTOS%202011/2780.pdf HTTP/1.1" 200 156833
47.128.39.153 - - [04/Jan/2024:06:20:20 -0500] "GET /BLA/resoluciones/dlf/unknown.png HTTP/1.1" 200 266
47.128.39.153 - - [04/Jan/2024:06:20:20 -0500] "GET /BLA/resoluciones/dlf/dirup.png HTTP/1.1" 200 644
47.128.39.153 - - [04/Jan/2024:06:20:19 -0500] "GET /BLA/resoluciones/index.php?dir=RESOLUCIONES%202006%2FRES%202006%202151-2200%2F&order=asc&sort=size HTTP/1.1" 200 12368
216.244.66.195 - - [04/Jan/2024:06:20:38 -0500] "GET /BLA/resoluciones/AUTOS%202011/2941.pdf HTTP/1.1" 200 526242
216.245.221.92 - - [04/Jan/2024:06:20:45 -0500] "HEAD / HTTP/1.1" 200 -
172.22.2.4 - - [04/Jan/2024:06:20:35 -0500] "GET /BLA/boletinlegal/ HTTP/1.1" 200 20427
216.244.66.195 - - [04/Jan/2024:06:21:01 -0500] "GET /BLA/resoluciones/AUTOS%202011/3007.pdf HTTP/1.1" 200 152041
47.128.98.202 - - [04/Jan/2024:06:21:04 -0500] "GET /BLA/resoluciones/index.php?dir=RESOLUCIONES%202003%2FRES%202003%202101-2150%2F&order=asc&sort=size HTTP/1.1" 200 12160
47.128.98.202 - - [04/Jan/2024:06:21:05 -0500] "GET /BLA/resoluciones/dlf/unknown.png HTTP/1.1" 200 266
47.128.98.202 - - [04/Jan/2024:06:21:05 -0500] "GET /BLA/resoluciones/dlf/dirup.png HTTP/1.1" 200 644
216.244.66.195 - - [04/Jan/2024:06:21:22 -0500] "GET /BLA/resoluciones/AUTOS%202011/3109.pdf HTTP/1.1" 200 272451
47.128.98.217 - - [04/Jan/2024:06:21:27 -0500] "GET /BLA/resoluciones/dlf/pdf.gif HTTP/1.1" 200 272
47.128.98.217 - - [04/Jan/2024:06:21:27 -0500] "GET /BLA/resoluciones/dlf/dirup.png HTTP/1.1" 200 644
47.128.98.217 - - [04/Jan/2024:06:21:26 -0500] "GET /BLA/resoluciones/index.php?dir=RESOLUCIONES%202007%2FRES%202007%201801%20AL%201900%2F&order=asc&sort=date HTTP/1.1" 200 26857
216.244.66.195 - - [04/Jan/2024:06:21:43 -0500] "GET /BLA/resoluciones/AUTOS%202011/3276.pdf HTTP/1.1" 200 217275
216.244.66.195 - - [04/Jan/2024:06:22:02 -0500] "GET /BLA/resoluciones/AUTOS%202011/3554.pdf HTTP/1.1" 200 1752646
216.244.66.195 - - [04/Jan/2024:06:22:23 -0500] "GET /BLA/resoluciones/AUTOS%202011/3646.pdf HTTP/1.1" 200 298369
216.244.66.195 - - [04/Jan/2024:06:22:40 -0500] "GET /BLA/resoluciones/AUTOS%202012/0134.pdf HTTP/1.1" 200 326948
216.244.66.195 - - [04/Jan/2024:06:22:57 -0500] "GET /BLA/resoluciones/AUTOS%202012/0151.pdf HTTP/1.1" 200 480978
216.244.66.195 - - [04/Jan/2024:06:23:12 -0500] "GET /BLA/resoluciones/AUTOS%202012/0211.pdf HTTP/1.1" 200 189488
216.244.66.195 - - [04/Jan/2024:06:23:27 -0500] "GET /BLA/resoluciones/AUTOS%202012/0346.pdf HTTP/1.1" 200 297074
172.22.2.4 - - [04/Jan/2024:06:21:54 -0500] "HEAD /BLA/boletinlegal/ HTTP/1.1" 200 -
216.244.66.195 - - [04/Jan/2024:06:23:40 -0500] "GET /BLA/resoluciones/AUTOS%202012/0935.pdf HTTP/1.1" 200 366227
216.244.66.195 - - [04/Jan/2024:06:23:53 -0500] "GET /BLA/resoluciones/AUTOS%202012/1039.pdf HTTP/1.1" 200 183895
216.244.66.195 - - [04/Jan/2024:06:24:04 -0500] "GET /BLA/resoluciones/AUTOS%202012/1734.pdf HTTP/1.1" 200 610717
216.244.66.195 - - [04/Jan/2024:06:24:15 -0500] "GET /BLA/resoluciones/AUTOS%202012/1791.pdf HTTP/1.1" 200 286149
216.244.66.195 - - [04/Jan/2024:06:24:25 -0500] "GET /BLA/resoluciones/AUTOS%202012/1916.pdf HTTP/1.1" 200 460011
172.22.2.4 - - [04/Jan/2024:06:22:45 -0500] "GET /BLA/boletinlegal/ HTTP/1.1" 200 60910
216.244.66.195 - - [04/Jan/2024:06:24:33 -0500] "GET /BLA/resoluciones/AUTOS%202012/2068.pdf HTTP/1.1" 200 304801
40.77.167.132 - - [04/Jan/2024:06:24:38 -0500] "GET /Publicaciones/2023EE312868.pdf HTTP/1.1" 200 232124
216.244.66.195 - - [04/Jan/2024:06:24:41 -0500] "GET /BLA/resoluciones/AUTOS%202012/2530.pdf HTTP/1.1" 200 2095463
216.244.66.195 - - [04/Jan/2024:06:24:51 -0500] "GET /BLA/resoluciones/AUTOS%202012/2627.pdf HTTP/1.1" 200 851840
195.201.81.113 - - [04/Jan/2024:06:24:52 -0500] "GET /portaldeninos/fauna/ HTTP/1.1" 200 88429
216.244.66.195 - - [04/Jan/2024:06:24:58 -0500] "GET /BLA/resoluciones/AUTOS%202012/2666.pdf HTTP/1.1" 200 918593
216.244.66.195 - - [04/Jan/2024:06:25:05 -0500] "GET /BLA/resoluciones/AUTOS%202013/0041.pdf HTTP/1.1" 200 1552226
195.201.81.113 - - [04/Jan/2024:06:25:07 -0500] "GET /portaldeninos/los-arboles/ HTTP/1.1" 200 87546
216.244.66.195 - - [04/Jan/2024:06:25:11 -0500] "GET /BLA/resoluciones/AUTOS%202013/0191.pdf HTTP/1.1" 200 235193
216.244.66.195 - - [04/Jan/2024:06:25:16 -0500] "GET /BLA/resoluciones/AUTOS%202013/0532.pdf HTTP/1.1" 200 892368
216.244.66.195 - - [04/Jan/2024:06:25:24 -0500] "GET /BLA/resoluciones/AUTOS%202013/0600.pdf HTTP/1.1" 200 1607449
216.244.66.195 - - [04/Jan/2024:06:25:32 -0500] "GET /BLA/resoluciones/AUTOS%202013/0696.pdf HTTP/1.1" 200 298538
195.201.81.113 - - [04/Jan/2024:06:25:34 -0500] "GET /portaldeninos/humedal-el-burro-2/ HTTP/1.1" 200 87926
216.244.66.195 - - [04/Jan/2024:06:25:39 -0500] "GET /BLA/resoluciones/AUTOS%202013/0947.pdf HTTP/1.1" 200 1029213
216.244.66.195 - - [04/Jan/2024:06:25:44 -0500] "GET /BLA/resoluciones/AUTOS%202013/1078.pdf HTTP/1.1" 200 1415037
216.245.221.92 - - [04/Jan/2024:06:25:45 -0500] "HEAD / HTTP/1.1" 200 -
216.244.66.195 - - [04/Jan/2024:06:25:49 -0500] "GET /BLA/resoluciones/AUTOS%202013/1124.pdf HTTP/1.1" 200 1012585
216.244.66.195 - - [04/Jan/2024:06:25:54 -0500] "GET /BLA/resoluciones/AUTOS%202013/1776.pdf HTTP/1.1" 200 431379
216.244.66.195 - - [04/Jan/2024:06:25:58 -0500] "GET /BLA/resoluciones/AUTOS%202013/1796.pdf HTTP/1.1" 200 233912
216.244.66.195 - - [04/Jan/2024:06:26:01 -0500] "GET /BLA/resoluciones/AUTOS%202013/1801.pdf HTTP/1.1" 200 638124
216.244.66.195 - - [04/Jan/2024:06:26:04 -0500] "GET /BLA/resoluciones/AUTOS%202013/1926.pdf HTTP/1.1" 200 641578
216.244.66.195 - - [04/Jan/2024:06:26:08 -0500] "GET /BLA/resoluciones/AUTOS%202013/2071.pdf HTTP/1.1" 200 420156
216.244.66.195 - - [04/Jan/2024:06:26:11 -0500] "GET /BLA/resoluciones/AUTOS%202013/2189.pdf HTTP/1.1" 200 402001
216.244.66.195 - - [04/Jan/2024:06:26:14 -0500] "GET /BLA/resoluciones/AUTOS%202013/2366.pdf HTTP/1.1" 200 860735
216.244.66.195 - - [04/Jan/2024:06:26:24 -0500] "GET /BLA/resoluciones/AUTOS%202013/2706.pdf HTTP/1.1" 200 432762
216.244.66.195 - - [04/Jan/2024:06:26:31 -0500] "GET /BLA/resoluciones/AUTOS%202013/2829.pdf HTTP/1.1" 200 139476
195.201.81.113 - - [04/Jan/2024:06:26:34 -0500] "GET /portaldeninos/ruido/ HTTP/1.1" 200 88494
216.244.66.195 - - [04/Jan/2024:06:26:36 -0500] "GET /BLA/resoluciones/AUTOS%202014/0589.pdf HTTP/1.1" 200 236061
216.244.66.195 - - [04/Jan/2024:06:26:41 -0500] "GET /BLA/resoluciones/AUTOS%202014/1010.pdf HTTP/1.1" 200 433498
216.244.66.195 - - [04/Jan/2024:06:26:46 -0500] "GET /BLA/resoluciones/AUTOS%202014/1158.pdf HTTP/1.1" 200 282679
216.244.66.195 - - [04/Jan/2024:06:26:50 -0500] "GET /BLA/resoluciones/AUTOS%202014/1718.pdf HTTP/1.1" 200 304655
216.244.66.195 - - [04/Jan/2024:06:26:54 -0500] "GET /BLA/resoluciones/AUTOS%202014/2440.pdf HTTP/1.1" 200 464603
216.244.66.195 - - [04/Jan/2024:06:26:57 -0500] "GET /BLA/resoluciones/RESOLUCIONES%202011/0072.pdf HTTP/1.1" 200 342315
216.244.66.195 - - [04/Jan/2024:06:27:00 -0500] "GET /BLA/resoluciones/RESOLUCIONES%202011/0165.pdf HTTP/1.1" 200 323387
216.244.66.195 - - [04/Jan/2024:06:27:03 -0500] "GET /BLA/resoluciones/RESOLUCIONES%202011/0301.pdf HTTP/1.1" 200 73065
216.244.66.195 - - [04/Jan/2024:06:27:05 -0500] "GET /BLA/resoluciones/RESOLUCIONES%202011/0338.pdf HTTP/1.1" 200 72505
216.244.66.195 - - [04/Jan/2024:06:27:06 -0500] "GET /BLA/resoluciones/RESOLUCIONES%202011/0412.pdf HTTP/1.1" 200 69583
216.244.66.195 - - [04/Jan/2024:06:27:08 -0500] "GET /BLA/resoluciones/RESOLUCIONES%202011/0919.pdf HTTP/1.1" 200 74851
216.244.66.195 - - [04/Jan/2024:06:27:10 -0500] "GET /BLA/resoluciones/RESOLUCIONES%202011/1010.pdf HTTP/1.1" 200 72377
52.167.144.224 - - [04/Jan/2024:06:27:10 -0500] "GET /BLA/resoluciones/AUTOS%202013/1777.pdf HTTP/1.1" 200 437000
216.244.66.195 - - [04/Jan/2024:06:27:11 -0500] "GET /BLA/resoluciones/RESOLUCIONES%202011/1038.pdf HTTP/1.1" 200 194355
216.244.66.195 - - [04/Jan/2024:06:27:14 -0500] "GET /BLA/resoluciones/RESOLUCIONES%202011/1044.pdf HTTP/1.1" 200 86467
216.244.66.195 - - [04/Jan/2024:06:27:16 -0500] "GET /BLA/resoluciones/RESOLUCIONES%202011/1181.pdf HTTP/1.1" 200 344005
216.244.66.195 - - [04/Jan/2024:06:27:18 -0500] "GET /BLA/resoluciones/RESOLUCIONES%202011/1444.pdf HTTP/1.1" 200 81359
216.244.66.195 - - [04/Jan/2024:06:27:20 -0500] "GET /BLA/resoluciones/RESOLUCIONES%202011/1476.pdf HTTP/1.1" 200 71353
216.244.66.195 - - [04/Jan/2024:06:27:22 -0500] "GET /BLA/resoluciones/RESOLUCIONES%202011/1546.pdf HTTP/1.1" 200 67323
47.128.39.111 - - [04/Jan/2024:06:27:23 -0500] "GET /BLA/resoluciones/index.php?dir=RESOLUCIONES%201995%2F&order=asc&sort=date HTTP/1.1" 200 12497
47.128.39.111 - - [04/Jan/2024:06:27:23 -0500] "GET /BLA/resoluciones/dlf/pdf.gif HTTP/1.1" 200 272
47.128.39.111 - - [04/Jan/2024:06:27:23 -0500] "GET /BLA/resoluciones/dlf/dirup.png HTTP/1.1" 200 644
216.244.66.195 - - [04/Jan/2024:06:27:24 -0500] "GET /BLA/resoluciones/RESOLUCIONES%202011/1561.pdf HTTP/1.1" 200 197105
47.128.124.88 - - [04/Jan/2024:06:28:05 -0500] "GET /BLA/resoluciones/index.php?dir=RESOLUCIONES%202003%2FRES%202003%20201-250%2F&order=asc&sort=size HTTP/1.1" 200 12348
47.128.124.88 - - [04/Jan/2024:06:28:08 -0500] "GET /BLA/resoluciones/dlf/dirup.png HTTP/1.1" 200 644
47.128.124.88 - - [04/Jan/2024:06:28:08 -0500] "GET /BLA/resoluciones/dlf/unknown.png HTTP/1.1" 200 266
47.128.32.216 - - [04/Jan/2024:06:28:12 -0500] "GET /BLA/resoluciones/dlf/dirup.png HTTP/1.1" 200 644
47.128.32.216 - - [04/Jan/2024:06:28:12 -0500] "GET /BLA/resoluciones/dlf/pdf.gif HTTP/1.1" 200 272
47.128.32.216 - - [04/Jan/2024:06:28:11 -0500] "GET /BLA/resoluciones/index.php?dir=Notificaciones%2FAUTOS+2020%2F HTTP/1.1" 200 119693
47.128.118.66 - - [04/Jan/2024:06:28:36 -0500] "GET /BLA/resoluciones/index.php?dir=RESOLUCIONES+2005%2FRES+2005+151-200%2F HTTP/1.1" 200 12230
47.128.118.66 - - [04/Jan/2024:06:28:36 -0500] "GET /BLA/resoluciones/dlf/dirup.png HTTP/1.1" 200 644
47.128.118.66 - - [04/Jan/2024:06:28:36 -0500] "GET /BLA/resoluciones/dlf/unknown.png HTTP/1.1" 200 266
186.102.12.56 - - [04/Jan/2024:06:28:37 -0500] "GET /galeria/galeria/jquery.fancybox.css?v=2.1.5 HTTP/1.1" 200 4895
52.167.144.224 - - [04/Jan/2024:06:28:51 -0500] "GET /Publicaciones/2023EE303554.pdf HTTP/1.1" 404 228
47.128.121.58 - - [04/Jan/2024:06:29:00 -0500] "GET /BLA/resoluciones/index.php?dir=RESOLUCIONES+2006%2FRES+2006+951-1000%2F HTTP/1.1" 200 12308
47.128.121.58 - - [04/Jan/2024:06:29:02 -0500] "GET /BLA/resoluciones/dlf/unknown.png HTTP/1.1" 200 266
47.128.121.58 - - [04/Jan/2024:06:29:02 -0500] "GET /BLA/resoluciones/dlf/dirup.png HTTP/1.1" 200 644
47.128.121.58 - - [04/Jan/2024:06:29:03 -0500] "GET /BLA/resoluciones/index.php?dir=RESOLUCIONES+2006%2FRES+2006+951-1000%2F HTTP/1.1" 200 12308
172.22.2.4 - - [04/Jan/2024:06:27:44 -0500] "HEAD /BLA/boletinlegal/ HTTP/1.1" 200 -
47.128.52.140 - - [04/Jan/2024:06:29:24 -0500] "GET /BLA/resoluciones/index.php?dir=RESOLUCIONES%202005%2FRES%202005%202501-2550%2F&order=asc&sort=date HTTP/1.1" 200 12365
47.128.52.140 - - [04/Jan/2024:06:29:27 -0500] "GET /BLA/resoluciones/dlf/dirup.png HTTP/1.1" 200 644
47.128.52.140 - - [04/Jan/2024:06:29:27 -0500] "GET /BLA/resoluciones/dlf/unknown.png HTTP/1.1" 200 266
47.128.51.92 - - [04/Jan/2024:06:30:10 -0500] "GET /BLA/resoluciones/dlf/unknown.png HTTP/1.1" 200 266
47.128.51.92 - - [04/Jan/2024:06:30:10 -0500] "GET /BLA/resoluciones/dlf/dirup.png HTTP/1.1" 200 644
47.128.51.92 - - [04/Jan/2024:06:30:09 -0500] "GET /BLA/resoluciones/index.php?dir=RESOLUCIONES%202005%2FRES%202005%202101-2150%2F&order=asc&sort=size HTTP/1.1" 200 12346
172.22.2.4 - - [04/Jan/2024:06:28:35 -0500] "GET /BLA/boletinlegal/ HTTP/1.1" 200 58567
216.245.221.92 - - [04/Jan/2024:06:30:45 -0500] "HEAD / HTTP/1.1" 200 -
47.128.38.162 - - [04/Jan/2024:06:30:48 -0500] "GET /BLA/resoluciones/index.php?dir=Notificaciones%2FAUTOS%201985%2F&order=asc&sort=size HTTP/1.1" 200 2733
47.128.38.162 - - [04/Jan/2024:06:30:49 -0500] "GET /BLA/resoluciones/dlf/dirup.png HTTP/1.1" 200 644
47.128.38.162 - - [04/Jan/2024:06:30:49 -0500] "GET /BLA/resoluciones/dlf/doc.gif HTTP/1.1" 200 1079
152.202.85.141 - - [04/Jan/2024:06:31:08 -0500] "GET /kwssiamovil/sm/ldap/au?x=U2FsdGVkX1/+Fn2pV2zsGZRQzHy8SvA+c6yybrFwHTpsEV0wEsOUe1GKjCBhJHIc&y=U2FsdGVkX1/pIN+HxgluJt51HZXmXFYE8sSTyylkLB3jfReV7BrNd8uwE18lEdSE HTTP/1.1" 200 30
152.202.85.141 - - [04/Jan/2024:06:31:08 -0500] "GET /kwssiamovil/sm/acme/s?s=U2FsdGVkX1/0MF0NCH42WPDVlQ+Z4gyH0mp6oub/djcTo6ZDyFfPcPpGJ7EIAbnKwdVeNS/HjzI3cR/iTmiDCXAYn/7Npu8ylCQZ94y5btk=&u=U2FsdGVkX19EOKID07q0bw6HAzRRtd7gTWLhsU3h9zxxl+ENfH0E7rmMRJXEpQOQ&y=U2FsdGVkX1/pIN+HxgluJt51HZXmXFYE8sSTyylkLB3jfReV7BrNd8uwE18lEdSE HTTP/1.1" 200 97
152.202.85.141 - - [04/Jan/2024:06:31:08 -0500] "GET /kwssiamovil/sm/acme/s?s=U2FsdGVkX194+QrZVla1QVXY7HRHtSBfCTjtjjbf5At+1CYyLLX5+EJ1UWp++kA0mTPagk/xkNMC/vn5Z9s/xwhv1RpbI0uaOsypIV9vhM1qcIiVlvrLwAAFvLzQ+3TQ/FcyuqVLHgqSJ/MPEHIHX9lEnL9H6NPy0oJOoT+NQNaVIKOKCXuPn+iBzK6NWW71QHRecgQaz6vZM/DgGlhZwkNsd/ICuo96dUDttF5WxVJOfKFva4a8X8Wj+dvPbMGUUWtacpAg85hI8KKS5uwY8b7dHykPm5LYEZYzjpX52DYYAD9A4Re9lyRfHhT9of42H7WZxZ6ILLXiXeY4qE8nbYc2wH1Efg9jsF0lDyYekmpHgfvLRig+WtSnwvI5Aj+P7xlRFqUMr+YlNZgEhuLH3nxmK9L8DLQSFScwvrDc8/XJiGGqkI9f7SX5RuYM538JAl68z5qXziYcGyuxUx/K5EUCIwzRfqUezZUDG4pEPSAZ3SvCLsoOC66fF8FLRo/gd5m0cR6oz37IbMIS4meH35yoMyVTBgj87yumScx3MiYZlhPLGZk0MVt9dUJlAybq0b2RWS2JYsc9jJtFdDsBtRUxY8TtaB6jzggPKmhyD96/4GR6yxPUTuUDIsXBtIevDNdMbWkvHa/k8XH17cQC9aErRhLbj2tAXezye903bj5lnk39Ba/gKVOeXC+au6sTa4L4BPEX0xqarj7O30au1r6Bj7iRzYTChrU7521PqdJC8IbKNp2yozfYXRGCShe9Ue58YTNyDsGMOdOrqiQlBwWVbem9bhJrjS8uMv+ZtSCBHLxRi3yMDqdMAWlWVOyVagNiPHFE6rp00uuJ2nA2E8DfeR3ZpfpmZ8c8dQxGLGi25HIa//RTeGoLe6ztIOGnO8kMlEjtDuMX1Oo4ULt4GCEDSY1T1Xp7BUJ7PVZnu3xPK1+Eq2FYxbs5J54WT9YTllCmPz5rQabdo+3H5D29wDIzeYZgpvW4r6+jWN5TT+fVz1tv2oodoDL/jX79jNjzH7mVR+594t+UXjC8K0vwrh5OmNAFK/jdpcII/xTeD9+1Wehn2ShZlOpUS5WdxwsFHctTuZohH5p7u3rd7qQMrJveXaF00zjFU39+KbGUdI3N5EYn262QS6zwijCvICrfUK27xm1Pcl+Zs2heHVs0YLDzizfSL4Er5jw4lzMK9bEaYIAhPKzsnT8gSJK9vOIFmbspxE1VDZK846LZFLuISvswEdudm+Bj3eTHJ7wavWVrtKyyodiveugM1hYFRYxSXLBhqTuIJWFHCx2RNAFzmgkxA7AMNSuc9r1Bw5qpBolC0AJsWUnKpA251yY4O1Jf8tSql1Z8kP36QUD9ZIFJIHUubnOdv+bMVk01x9MPf7GAAFpUY+R713fV9baW2jSAw49nn9hXTbqQQdk6U2Us2FWHif6K7CetGGxZBzbQTtpamX1/FA7EpqQh2mnJuN30ZUNx7sLH9RXOzDJnOckZhWNzagFY+IbrFY/KIPrXq3Y4Aih+P+/OmXYtMBNHXVlTnUF/FxN9Om95XZLle3CNzGpwjx/tIfjMHZ88xYzP1pAr/3wykVSKda89RzHJgT6/8mBybDAjvdrbXtiwsCsXosvH8spI1qTzBmjQbBHQhp2/pjWAQS+H3fVO6NxDOTsRZsHgt+ICGZ8qko49ZpAGCMOMHiFfKffB7el5Tg67qDjTfzb8tWW9/y5wRwsf3wvHCmkhB8bC+waQ4frjVPkLN8/Mo8D+2g3IZhDpKWHMRE6cWNPLB5FsTqgALtDQddzp&u=U2FsdGVkX19EOKID07q0bw6HAzRRtd7gTWLhsU3h9zxxl+ENfH0E7rmMRJXEpQOQ&y=U2FsdGVkX1/pIN+HxgluJt51HZXmXFYE8sSTyylkLB3jfReV7BrNd8uwE18lEdSE HTTP/1.1" 200 2037
152.202.85.141 - - [04/Jan/2024:06:31:08 -0500] "GET /kwssiamovil/sm/acme/s?s=U2FsdGVkX19X0td5juNesJ8Cvin84Bl2HljzqbXAhPk1EVErDzdVsYykzMHhEDs+rQ8FmIVnOtEo3vmH4EQPkhcIuTevQh5aUxbofUEMUPx+vEEcs5RHdsev2jlE/wpk51Z7+omle7v6JMU1DuVU3vcNAxVOuoGN53/v9srQTOjHr4ozxrVRh+iqsT+dQvp0eNfBj8bVszH2qtfhcFZlUyVaQK7PaaDiMPAkK190eTiuc6DYM7qmlc+69iofLvvve3j+fjLmU7O1RPKFiUrU1Hef1ScbdOh7qgx7N5x5otNEvjBdf7apEEsNod2wHqsNHC9EDDqf5yzVohg9J0DFwdO4d9zvI8+rXPOzj0bgY2EonUsYWgPYS24dSvWSzlth+nCj4GEWnLgXWen4a4OosVkNmHdlMB8WBhp2I/vFU5lQm1oHqhprag0kxWwKqGcLzTHwtqjNqdV47XxFKHIix5tkyj1INjn3NIthKeFAXH0J1mr4K6lND3Q/KLP7mSZde/yKFS5owc6grwwVfYQ20yDzcVucX5oWMsFNkAWnvjQMOdnSysx5Ep66hP3Z/IH3lg57lAa/y8jgY0sahOLnDdS3R6Jk8EdZx1MBuLw4OBPzT8/NUDwvJfNF4Us65k++2zgCjlUz97Eh6gdCOPrItoTMRVeOsJpnoItQU5ajLbMSAKt/KC4BrJu3VUL63V8FcTxKFU7gkNc1kN7aQjLq4SM6LJdp41xA+LrkYdxEI+4XuP53QmozOb2faFDgX9YJ&u=U2FsdGVkX19EOKID07q0bw6HAzRRtd7gTWLhsU3h9zxxl+ENfH0E7rmMRJXEpQOQ&y=U2FsdGVkX1/pIN+HxgluJt51HZXmXFYE8sSTyylkLB3jfReV7BrNd8uwE18lEdSE HTTP/1.1" 200 208
152.202.85.141 - - [04/Jan/2024:06:31:09 -0500] "GET /kwssiamovil/sm/cjson/pre?f=1&x=U2FsdGVkX1/+Fn2pV2zsGZRQzHy8SvA+c6yybrFwHTpsEV0wEsOUe1GKjCBhJHIc HTTP/1.1" 200 31032
47.128.38.208 - - [04/Jan/2024:06:31:12 -0500] "GET /BLA/resoluciones/index.php?dir=RESOLUCIONES%202002%2FRES%202002%201601-1650%2F&order=asc&sort=date HTTP/1.1" 200 12158
47.128.38.208 - - [04/Jan/2024:06:31:13 -0500] "GET /BLA/resoluciones/dlf/unknown.png HTTP/1.1" 200 266
47.128.38.208 - - [04/Jan/2024:06:31:13 -0500] "GET /BLA/resoluciones/dlf/dirup.png HTTP/1.1" 200 644
47.128.45.52 - - [04/Jan/2024:06:31:16 -0500] "GET /BLA/resoluciones/index.php?dir=RESOLUCIONES%202005%2FRES%202005%20601-650%2F&order=desc&sort=name HTTP/1.1" 200 12245
47.128.45.52 - - [04/Jan/2024:06:31:17 -0500] "GET /BLA/resoluciones/dlf/unknown.png HTTP/1.1" 200 266
47.128.45.52 - - [04/Jan/2024:06:31:17 -0500] "GET /BLA/resoluciones/dlf/dirup.png HTTP/1.1" 200 644
47.128.53.50 - - [04/Jan/2024:06:31:54 -0500] "GET /BLA/resoluciones/dlf/unknown.png HTTP/1.1" 200 266
47.128.53.50 - - [04/Jan/2024:06:31:51 -0500] "GET /BLA/resoluciones/index.php?dir=RESOLUCIONES%202004%2FRES%202004%201101-1150%2F&order=asc&sort=date HTTP/1.1" 200 12172
47.128.53.50 - - [04/Jan/2024:06:31:57 -0500] "GET /BLA/resoluciones/dlf/dirup.png HTTP/1.1" 200 644
47.128.45.31 - - [04/Jan/2024:06:32:07 -0500] "GET /BLA/resoluciones/index.php?dir=RESOLUCIONES%202005%2FRES%202005%202651-2700%2F&order=asc&sort=date HTTP/1.1" 200 12369
47.128.45.31 - - [04/Jan/2024:06:32:08 -0500] "GET /BLA/resoluciones/dlf/dirup.png HTTP/1.1" 200 644
47.128.45.31 - - [04/Jan/2024:06:32:08 -0500] "GET /BLA/resoluciones/dlf/unknown.png HTTP/1.1" 200 266
47.128.115.155 - - [04/Jan/2024:06:32:30 -0500] "GET /BLA/resoluciones/dlf/unknown.png HTTP/1.1" 200 266
47.128.115.155 - - [04/Jan/2024:06:32:30 -0500] "GET /BLA/resoluciones/dlf/dirup.png HTTP/1.1" 200 644
47.128.115.155 - - [04/Jan/2024:06:32:28 -0500] "GET /BLA/resoluciones/index.php?dir=RESOLUCIONES+2006%2FRES+2006+1501-1550%2F HTTP/1.1" 200 12370
157.55.39.9 - - [04/Jan/2024:06:34:31 -0500] "GET /portaldeninos/2021/04/10/observatorio-ambiental-una-herramienta-al-servicio-de-la-educacion/ HTTP/1.1" 200 103203
172.22.2.4 - - [04/Jan/2024:06:33:34 -0500] "HEAD /BLA/boletinlegal/ HTTP/1.1" 200 -
40.77.167.247 - - [04/Jan/2024:06:35:17 -0500] "GET /portaldeninos/wp-includes/js/comment-reply.min.js?ver=4.9.8 HTTP/1.1" 200 1078
216.245.221.92 - - [04/Jan/2024:06:35:45 -0500] "HEAD / HTTP/1.1" 200 -
172.22.2.4 - - [04/Jan/2024:06:34:25 -0500] "GET /BLA/boletinlegal/ HTTP/1.1" 200 58567
207.46.13.141 - - [04/Jan/2024:06:37:22 -0500] "GET /portaldeninos/agua-y-estructura-ecologica-principal/ HTTP/1.1" 200 87488
216.245.221.92 - - [04/Jan/2024:06:40:45 -0500] "HEAD / HTTP/1.1" 200 -
172.22.2.4 - - [04/Jan/2024:06:39:24 -0500] "HEAD /BLA/boletinlegal/ HTTP/1.1" 200 -
172.22.2.4 - - [04/Jan/2024:06:40:15 -0500] "GET /BLA/boletinlegal/ HTTP/1.1" 200 58969
38.108.108.165 - - [04/Jan/2024:06:41:58 -0500] "GET /distrito-exalto-a-246-empresas-de-bogota-por-su-alto-desempeno-y-responsabilidad-ambiental-durante-2023.html HTTP/1.1" 200 1039
216.244.66.195 - - [04/Jan/2024:06:42:00 -0500] "GET /robots.txt HTTP/1.1" 404 1018
66.249.66.193 - - [04/Jan/2024:06:42:05 -0500] "GET /secretaria-de-ambiente-destaca-aportes-de-empresas-y-ciudadanos-que-ayudaron-a-mitigar-efectos-de-la-alerta-fase-i.html HTTP/1.1" 304 -
38.108.108.165 - - [04/Jan/2024:06:42:09 -0500] "GET /las-tres-caminatas-para-cerrar-el-ano-entre-la-naturaleza.html HTTP/1.1" 200 776
66.249.66.20 - - [04/Jan/2024:06:44:03 -0500] "GET /BLA/resoluciones/RESOLUCIONES%202011/6971.pdf HTTP/1.1" 304 -
40.77.167.13 - - [04/Jan/2024:06:44:10 -0500] "GET /Publicaciones/2023EE300483.pdf HTTP/1.1" 404 228
172.22.2.4 - - [04/Jan/2024:06:44:19 -0500] "GET /BLA/boletinlegal/.env HTTP/1.1" 404 1038
47.128.111.58 - - [04/Jan/2024:06:44:27 -0500] "GET /BLA/resoluciones/index.php?dir=RESOLUCIONES+2003%2FANEXOS+RES+2048%2F HTTP/1.1" 200 7160
47.128.111.58 - - [04/Jan/2024:06:44:27 -0500] "GET /BLA/resoluciones/dlf/dirup.png HTTP/1.1" 200 644
47.128.111.58 - - [04/Jan/2024:06:44:28 -0500] "GET /BLA/resoluciones/dlf/unknown.png HTTP/1.1" 200 266
40.77.167.50 - - [04/Jan/2024:06:44:47 -0500] "GET /Publicaciones/2023EE312826.pdf HTTP/1.1" 200 232007
172.22.2.4 - - [04/Jan/2024:06:44:20 -0500] "POST /BLA/boletinlegal/ HTTP/1.1" 200 24523
47.128.54.58 - - [04/Jan/2024:06:45:19 -0500] "GET /BLA/resoluciones/index.php?dir=RESOLUCIONES%202004%2FRES%202004%201851-1900%2F&order=asc&sort=size HTTP/1.1" 200 12369
47.128.54.58 - - [04/Jan/2024:06:45:20 -0500] "GET /BLA/resoluciones/dlf/dirup.png HTTP/1.1" 200 644
47.128.54.58 - - [04/Jan/2024:06:45:20 -0500] "GET /BLA/resoluciones/dlf/unknown.png HTTP/1.1" 200 266
47.128.121.148 - - [04/Jan/2024:06:45:31 -0500] "GET /BLA/resoluciones/index.php?dir=RESOLUCIONES+2005%2FRES+2005+1101-1150%2F HTTP/1.1" 200 12363
52.167.144.226 - - [04/Jan/2024:06:45:32 -0500] "GET /Publicaciones/2023EE309220.pdf HTTP/1.1" 200 394724
47.128.121.148 - - [04/Jan/2024:06:45:33 -0500] "GET /BLA/resoluciones/dlf/unknown.png HTTP/1.1" 200 266
47.128.121.148 - - [04/Jan/2024:06:45:34 -0500] "GET /BLA/resoluciones/dlf/dirup.png HTTP/1.1" 200 644
216.245.221.92 - - [04/Jan/2024:06:45:45 -0500] "HEAD / HTTP/1.1" 200 -
27.44.203.9 - - [04/Jan/2024:06:45:52 -0500] "GET /galeria/galeria/fotos/Jaboque1P.jpg HTTP/1.1" 200 29995
172.22.2.4 - - [04/Jan/2024:06:45:14 -0500] "HEAD /BLA/boletinlegal/ HTTP/1.1" 200 -
172.22.2.4 - - [04/Jan/2024:06:46:05 -0500] "GET /BLA/boletinlegal/ HTTP/1.1" 200 59330
186.102.45.127 - - [04/Jan/2024:06:48:28 -0500] "GET /kwssiamovil/sm/ldap/au?x=U2FsdGVkX1+7uLNDwP4WsWQ5j7AO49lAstQQedn7i7oneWnynU4cAVr2tBz9pAKz&y=U2FsdGVkX1/xPzWUXI5bUd0J8pRDEIhXDgyeIaypaZk= HTTP/1.1" 200 30
186.102.45.127 - - [04/Jan/2024:06:48:28 -0500] "GET /kwssiamovil/sm/acme/s?s=U2FsdGVkX19RvAA0swhxVeF+Fzk5UTHz26UNjbmc0WEeC1auvxuq8ijCWWFZOF8VF6ZTKEnHnywBpdcy/Yd0aKozICq4Z1lYW6hk6roYbyc=&u=U2FsdGVkX1+we8nGGlyFoHDtFzliHVcgYx2haaWJ5LM=&y=U2FsdGVkX1/xPzWUXI5bUd0J8pRDEIhXDgyeIaypaZk= HTTP/1.1" 200 97
