181.56.171.197 - - [04/Jan/2024:18:08:16 -0500] "GET /sipse/faces/javax.faces.resource/layout/layout.js?ln=primefaces&v=4.0 HTTP/1.1" 304 -
181.56.171.197 - - [04/Jan/2024:18:08:31 -0500] "POST /sipse/faces/presentacion/financiero/solicitudProceso/consultarSolicitudProceso.xhtml HTTP/1.1" 200 387526
201.245.192.253 - - [04/Jan/2024:18:08:31 -0500] "POST /kwsrmcab/Wsrmcab  HTTP/1.1" 200 36937
156.59.198.136 - - [04/Jan/2024:18:08:39 -0500] "GET /BLA/resoluciones/RESOLUCIONES%202007/RES%202007%20401%20AL%20500/RESOLUCION%200419%20DE%202007.pdf HTTP/1.0" 200 444481
156.59.198.135 - - [04/Jan/2024:18:09:05 -0500] "GET /BLA/resoluciones/AUTOS%202008/0751.pdf HTTP/1.0" 200 132094
156.59.198.136 - - [04/Jan/2024:18:09:29 -0500] "GET /BLA/resoluciones/AUTOS%202008/0235.pdf HTTP/1.0" 200 159629
172.22.2.4 - - [04/Jan/2024:18:07:54 -0500] "HEAD /BLA/boletinlegal/ HTTP/1.1" 200 -
156.59.198.135 - - [04/Jan/2024:18:09:53 -0500] "GET /BLA/resoluciones/AUTOS%202008/0984.pdf HTTP/1.0" 200 142186
156.59.198.135 - - [04/Jan/2024:18:10:17 -0500] "GET /BLA/resoluciones/RESOLUCIONES%202007/RES%202007%20401%20AL%20500/RESOLUCION%200431%20DE%202007.pdf HTTP/1.0" 200 787793
172.22.2.4 - - [04/Jan/2024:18:08:44 -0500] "GET /BLA/boletinlegal/ HTTP/1.1" 200 60910
156.59.198.135 - - [04/Jan/2024:18:10:41 -0500] "GET /BLA/resoluciones/AUTOS%202008/0596.pdf HTTP/1.0" 200 150996
216.245.221.92 - - [04/Jan/2024:18:10:44 -0500] "HEAD / HTTP/1.1" 200 -
186.30.155.161 - - [04/Jan/2024:18:10:45 -0500] "GET /kwssiamovil/sm/acme/u?s=U2FsdGVkX1/UPOB7JihskSIKSCJlcrrmgu3N+oRFpru/66BKis44JZoTA3ke3R8UlxcZ0Hwz27Ny4EPeKW3+JzvQt6jnEGpJhbybdtuhezEtH+jPIe3cMHkJ062XdSGRzkjljTAmf2EqjNxeCPJNZ6u0onHc1//EsEJTA/7ltYM=&u=U2FsdGVkX19njJK+A+/DUH5vxhF39VOG8JrT3Fk2Lx1usN28L6m9bzILSfzDeqfz&y=U2FsdGVkX19TGTKedRb3hRz5RK6L5Ru4MOxcfswGtrU7AJlti5OIw0apYNDjUc/X HTTP/1.1" 200 60
156.59.198.136 - - [04/Jan/2024:18:11:05 -0500] "GET /BLA/resoluciones/AUTOS%202008/1389.pdf HTTP/1.0" 200 134799
186.30.155.161 - - [04/Jan/2024:18:11:22 -0500] "GET /kwssiamovil/sm/acme/u?s=U2FsdGVkX1+oYj2XycoCsA08pJ4ilyPaO+z3eayyYsj/t9f7nBio5QptHLDb5rGXUf5ADGfVfHm8qM2R6siz9Sqd0A13MGw2z/xuyYlaP8rXENuENbCFOz1FDDP+oLGLohqTJw1zck+iTuVW3f35L92XlJriJBEuJVIdn6QQx9HMDy1844Wtdq3JUXOy6BvfYLS7FzklTfAiE/H49UuBUxdF42i7KEBT0/fG4CY6e8ieWFsiN9msiY0crLl87X1vbyleCb7LTsE30HURbv0NJQLCxNsXZMcg7U4JCdpzUsQ=&u=U2FsdGVkX19njJK+A+/DUH5vxhF39VOG8JrT3Fk2Lx1usN28L6m9bzILSfzDeqfz&y=U2FsdGVkX19TGTKedRb3hRz5RK6L5Ru4MOxcfswGtrU7AJlti5OIw0apYNDjUc/X HTTP/1.1" 200 60
156.59.198.136 - - [04/Jan/2024:18:11:30 -0500] "GET /BLA/resoluciones/AUTOS%202008/0855.pdf HTTP/1.0" 200 80478
186.30.155.161 - - [04/Jan/2024:18:11:45 -0500] "GET /kwssiamovil/sm/acme/u?s=U2FsdGVkX1/+dVOICNt/UYmbKeATTsEbpgjPid3ffhYu99Wq3jLNRtinh2LjNiiKnoneSDVO3adU//fqe7S1PpTCvA/WPAI4NnxyMJTD0L2/H98hBMy2LY4ynrkZa38FuBjp0Lh5nRQuWfMHwtWGe6GRurCwWqmhEDfVZxmNiUVijRvQRnX7Ww6FJmaQFfhoCy8433B900nzQKpHR4WGPubyoF9sDo82i57rFsBhz/faQbxxKDhKANYiUiPXBsjFal+4MGQaIpxqPXyCim4uU22R9DLT6HnWaoGxZUKjeiE=&u=U2FsdGVkX19njJK+A+/DUH5vxhF39VOG8JrT3Fk2Lx1usN28L6m9bzILSfzDeqfz&y=U2FsdGVkX19TGTKedRb3hRz5RK6L5Ru4MOxcfswGtrU7AJlti5OIw0apYNDjUc/X HTTP/1.1" 200 60
186.30.155.161 - - [04/Jan/2024:18:11:47 -0500] "GET /kwssiamovil/sm/acme/u?s=U2FsdGVkX19/Cdq2ug347iJBcy8pkmjLFfRecJdI/IIvExa3wmCh5JceKC+uqlnEJuvQ8lnM7hOutqmxeVF0MZn9V6+wjgwM/Hac3t2Ut/jZYB4xVF/xpwvPfVB3oqnpsQw+Ogb531lH7DHbSgwvGYgiZxUyGNbcUDqUu8Cgs+wuFwa33Af6CtTFj5i7edPtQe3ABIf21myWTSsEGvujwqVrrK4rNsw3rPMFJ24jAccrHeqIVlaQtvm6Nso4fGCVeQLOjiUblO5dRnRIVTkQ9rv5+ov5AVvzSXTXJINdhCQ=&u=U2FsdGVkX19njJK+A+/DUH5vxhF39VOG8JrT3Fk2Lx1usN28L6m9bzILSfzDeqfz&y=U2FsdGVkX19TGTKedRb3hRz5RK6L5Ru4MOxcfswGtrU7AJlti5OIw0apYNDjUc/X HTTP/1.1" 200 60
186.30.155.161 - - [04/Jan/2024:18:11:50 -0500] "GET /kwssiamovil/sm/acme/u?s=U2FsdGVkX18koZCy4HKBR7LlYse/dT8XF3yziYowjkO6JQ6BYYQgQ4/xtrpvDegIpu5kwDP+UH3DTaO1pihDlIQAsTrvBxKbeMbNKCGbHz+UhuypbSgKRfgtdjeBRvOkhIitzNxKHDSkmpA9Tx9T6WLLjTYNxrbDQoHD1MtPvs7xhxUP3v5rm0BHWG/KLfG++Itl06XlWcAW3wruuthsfpDIfQMVSBdQd3V7qsDp18blekcSLkJRXCG0Hf5x/+PYl23R3IgzFz92imxs4m4QRWii54rowH+2VLn1zjjnnRY=&u=U2FsdGVkX19njJK+A+/DUH5vxhF39VOG8JrT3Fk2Lx1usN28L6m9bzILSfzDeqfz&y=U2FsdGVkX19TGTKedRb3hRz5RK6L5Ru4MOxcfswGtrU7AJlti5OIw0apYNDjUc/X HTTP/1.1" 200 60
156.59.198.136 - - [04/Jan/2024:18:11:54 -0500] "GET /BLA/resoluciones/AUTOS%202008/0733.pdf HTTP/1.0" 200 269971
181.56.171.197 - - [04/Jan/2024:18:12:03 -0500] "POST /sipse/faces/presentacion/financiero/solicitudProceso/consultarSolicitudProceso.xhtml HTTP/1.1" 200 5165
181.56.171.197 - - [04/Jan/2024:18:12:05 -0500] "POST /sipse/faces/presentacion/financiero/solicitudProceso/consultarSolicitudProceso.xhtml HTTP/1.1" 200 40773
181.56.171.197 - - [04/Jan/2024:18:12:05 -0500] "GET /sipse/faces/javax.faces.resource/theme.css?ln=primefaces-sipse HTTP/1.1" 304 -
181.56.171.197 - - [04/Jan/2024:18:12:05 -0500] "GET /sipse/faces/javax.faces.resource/layout/layout.css?ln=primefaces&v=4.0 HTTP/1.1" 304 -
181.56.171.197 - - [04/Jan/2024:18:12:05 -0500] "GET /sipse/faces/javax.faces.resource/primefaces.css?ln=primefaces&v=4.0 HTTP/1.1" 304 -
181.56.171.197 - - [04/Jan/2024:18:12:05 -0500] "GET /sipse/faces/javax.faces.resource/jquery/jquery.js?ln=primefaces&v=4.0 HTTP/1.1" 304 -
181.56.171.197 - - [04/Jan/2024:18:12:05 -0500] "GET /sipse/faces/javax.faces.resource/jquery/jquery-plugins.js?ln=primefaces&v=4.0 HTTP/1.1" 304 -
181.56.171.197 - - [04/Jan/2024:18:12:05 -0500] "GET /sipse/faces/javax.faces.resource/primefaces.js?ln=primefaces&v=4.0 HTTP/1.1" 304 -
181.56.171.197 - - [04/Jan/2024:18:12:05 -0500] "GET /sipse/faces/javax.faces.resource/layout/layout.js?ln=primefaces&v=4.0 HTTP/1.1" 304 -
181.56.171.197 - - [04/Jan/2024:18:12:05 -0500] "POST /sipse/faces/presentacion/financiero/solicitudProceso/consultar.xhtml HTTP/1.1" 200 34137
181.56.171.197 - - [04/Jan/2024:18:12:05 -0500] "POST /sipse/faces/presentacion/financiero/solicitudProceso/consultar.xhtml HTTP/1.1" 200 34137
181.56.171.197 - - [04/Jan/2024:18:12:08 -0500] "POST /sipse/faces/presentacion/financiero/solicitudProceso/consultar.xhtml HTTP/1.1" 200 12856
191.156.52.73 - - [04/Jan/2024:18:12:09 -0500] "POST /sipse/faces/presentacion/financiero/solicitudProceso/consultarSolicitudProceso.xhtml HTTP/1.1" 200 43873
191.156.52.73 - - [04/Jan/2024:18:12:10 -0500] "GET /sipse/faces/javax.faces.resource/theme.css?ln=primefaces-sipse HTTP/1.1" 304 -
191.156.52.119 - - [04/Jan/2024:18:12:10 -0500] "GET /sipse/faces/javax.faces.resource/primefaces.css?ln=primefaces&v=4.0 HTTP/1.1" 304 -
191.156.52.73 - - [04/Jan/2024:18:12:10 -0500] "GET /sipse/faces/javax.faces.resource/layout/layout.css?ln=primefaces&v=4.0 HTTP/1.1" 304 -
191.156.60.247 - - [04/Jan/2024:18:12:10 -0500] "GET /sipse/faces/javax.faces.resource/jquery/jquery.js?ln=primefaces&v=4.0 HTTP/1.1" 304 -
191.156.60.247 - - [04/Jan/2024:18:12:10 -0500] "GET /sipse/faces/javax.faces.resource/jquery/jquery-plugins.js?ln=primefaces&v=4.0 HTTP/1.1" 304 -
191.156.60.247 - - [04/Jan/2024:18:12:10 -0500] "GET /sipse/css/imagen/contrasena.png HTTP/1.1" 404 383
191.156.52.73 - - [04/Jan/2024:18:12:10 -0500] "GET /sipse/faces/javax.faces.resource/primefaces.js?ln=primefaces&v=4.0 HTTP/1.1" 304 -
191.156.52.73 - - [04/Jan/2024:18:12:10 -0500] "GET /sipse/faces/javax.faces.resource/layout/layout.js?ln=primefaces&v=4.0 HTTP/1.1" 304 -
191.156.52.73 - - [04/Jan/2024:18:12:10 -0500] "POST /sipse/faces/presentacion/financiero/solicitudProceso/consultar.xhtml HTTP/1.1" 200 37234
191.156.52.73 - - [04/Jan/2024:18:12:10 -0500] "POST /sipse/faces/presentacion/financiero/solicitudProceso/consultar.xhtml HTTP/1.1" 200 37234
191.156.52.73 - - [04/Jan/2024:18:12:10 -0500] "POST /sipse/faces/presentacion/financiero/solicitudProceso/consultar.xhtml HTTP/1.1" 200 37234
181.56.171.197 - - [04/Jan/2024:18:12:12 -0500] "POST /sipse/faces/presentacion/financiero/solicitudProceso/consultar.xhtml HTTP/1.1" 200 118805
181.56.171.197 - - [04/Jan/2024:18:12:13 -0500] "GET /sipse/faces/javax.faces.resource/theme.css?ln=primefaces-sipse HTTP/1.1" 304 -
181.56.171.197 - - [04/Jan/2024:18:12:13 -0500] "GET /sipse/faces/javax.faces.resource/primefaces.css?ln=primefaces&v=4.0 HTTP/1.1" 304 -
181.56.171.197 - - [04/Jan/2024:18:12:13 -0500] "GET /sipse/faces/javax.faces.resource/layout/layout.css?ln=primefaces&v=4.0 HTTP/1.1" 304 -
181.56.171.197 - - [04/Jan/2024:18:12:13 -0500] "GET /sipse/faces/javax.faces.resource/jquery/jquery.js?ln=primefaces&v=4.0 HTTP/1.1" 304 -
181.56.171.197 - - [04/Jan/2024:18:12:13 -0500] "GET /sipse/faces/javax.faces.resource/jquery/jquery-plugins.js?ln=primefaces&v=4.0 HTTP/1.1" 304 -
181.56.171.197 - - [04/Jan/2024:18:12:13 -0500] "GET /sipse/faces/javax.faces.resource/primefaces.js?ln=primefaces&v=4.0 HTTP/1.1" 304 -
181.56.171.197 - - [04/Jan/2024:18:12:13 -0500] "GET /sipse/faces/javax.faces.resource/layout/layout.js?ln=primefaces&v=4.0 HTTP/1.1" 304 -
191.156.52.73 - - [04/Jan/2024:18:12:14 -0500] "POST /sipse/faces/presentacion/financiero/solicitudProceso/consultar.xhtml HTTP/1.1" 200 12802
66.249.66.19 - - [04/Jan/2024:18:12:17 -0500] "GET /BLA/resoluciones/AUTOS%202014/0447.pdf HTTP/1.1" 200 452564
156.59.198.136 - - [04/Jan/2024:18:12:18 -0500] "GET /BLA/resoluciones/AUTOS%202008/0860.pdf HTTP/1.0" 200 182985
191.156.52.73 - - [04/Jan/2024:18:12:19 -0500] "POST /sipse/faces/presentacion/financiero/solicitudProceso/consultar.xhtml HTTP/1.1" 200 119983
191.156.60.247 - - [04/Jan/2024:18:12:19 -0500] "GET /sipse/faces/javax.faces.resource/primefaces.css?ln=primefaces&v=4.0 HTTP/1.1" 304 -
191.156.52.73 - - [04/Jan/2024:18:12:19 -0500] "GET /sipse/faces/javax.faces.resource/theme.css?ln=primefaces-sipse HTTP/1.1" 304 -
191.156.52.119 - - [04/Jan/2024:18:12:19 -0500] "GET /sipse/faces/javax.faces.resource/layout/layout.css?ln=primefaces&v=4.0 HTTP/1.1" 304 -
191.156.58.117 - - [04/Jan/2024:18:12:19 -0500] "GET /sipse/faces/javax.faces.resource/jquery/jquery.js?ln=primefaces&v=4.0 HTTP/1.1" 304 -
191.156.58.117 - - [04/Jan/2024:18:12:19 -0500] "GET /sipse/faces/javax.faces.resource/jquery/jquery-plugins.js?ln=primefaces&v=4.0 HTTP/1.1" 304 -
191.156.58.117 - - [04/Jan/2024:18:12:19 -0500] "GET /sipse/faces/javax.faces.resource/primefaces.js?ln=primefaces&v=4.0 HTTP/1.1" 304 -
191.156.58.117 - - [04/Jan/2024:18:12:19 -0500] "GET /sipse/faces/javax.faces.resource/layout/layout.js?ln=primefaces&v=4.0 HTTP/1.1" 304 -
191.156.58.117 - - [04/Jan/2024:18:12:19 -0500] "GET /sipse/css/imagen/contrasena.png HTTP/1.1" 404 383
181.56.171.197 - - [04/Jan/2024:18:12:26 -0500] "POST /sipse/faces/presentacion/financiero/solicitudProceso/consultarSolicitudProceso.xhtml HTTP/1.1" 200 154981
191.156.58.117 - - [04/Jan/2024:18:12:28 -0500] "POST /sipse/faces/presentacion/financiero/solicitudProceso/consultarSolicitudProceso.xhtml HTTP/1.1" 200 133465
156.59.198.136 - - [04/Jan/2024:18:12:43 -0500] "GET /BLA/resoluciones/AUTOS%202008/0690.pdf HTTP/1.0" 200 119220
156.59.198.135 - - [04/Jan/2024:18:13:07 -0500] "GET /BLA/resoluciones/RESOLUCIONES%202007/RES%202007%20401%20AL%20500/RESOLUCION%200411%20DE%202007.pdf HTTP/1.0" 200 1268220
172.22.2.4 - - [04/Jan/2024:18:11:32 -0500] "GET /BLA/boletinlegal/ HTTP/1.1" 200 63054
156.59.198.136 - - [04/Jan/2024:18:13:31 -0500] "GET /BLA/resoluciones/AUTOS%202008/1255.pdf HTTP/1.0" 200 67108
201.245.192.253 - - [04/Jan/2024:18:13:30 -0500] "POST /kwsrmcab/Wsrmcab  HTTP/1.1" 200 36937
156.59.198.136 - - [04/Jan/2024:18:13:55 -0500] "GET /BLA/resoluciones/AUTOS%202008/0500.pdf HTTP/1.0" 200 72701
156.59.198.135 - - [04/Jan/2024:18:14:20 -0500] "GET /BLA/resoluciones/AUTOS%202008/0307.pdf HTTP/1.0" 200 111536
216.244.66.195 - - [04/Jan/2024:18:14:36 -0500] "GET /BLA/resoluciones/AUTOS%202013/0707.pdf HTTP/1.1" 200 820386
156.59.198.135 - - [04/Jan/2024:18:14:44 -0500] "GET /BLA/resoluciones/RESOLUCIONES%202007/RES%202007%20401%20AL%20500/RESOLUCION%200429%20DE%202007.pdf HTTP/1.0" 200 1290049
216.244.66.195 - - [04/Jan/2024:18:15:07 -0500] "GET /BLA/resoluciones/AUTOS%202013/0860.pdf HTTP/1.1" 200 1397627
156.59.198.136 - - [04/Jan/2024:18:15:09 -0500] "GET /BLA/resoluciones/AUTOS%202008/0537.pdf HTTP/1.0" 200 92906
172.22.2.4 - - [04/Jan/2024:18:13:44 -0500] "HEAD /BLA/boletinlegal/ HTTP/1.1" 200 -
201.245.192.253 - - [04/Jan/2024:18:15:22 -0500] "POST /kwsrmcab/Wsrmcab HTTP/1.1" 200 40303
201.245.192.253 - - [04/Jan/2024:18:15:25 -0500] "POST /kwsrmcab/Wsrmcab HTTP/1.1" 200 37049
156.59.198.136 - - [04/Jan/2024:18:15:33 -0500] "GET /BLA/resoluciones/AUTOS%202008/0223.pdf HTTP/1.0" 200 319847
216.245.221.92 - - [04/Jan/2024:18:15:43 -0500] "HEAD / HTTP/1.1" 200 -
216.244.66.195 - - [04/Jan/2024:18:15:47 -0500] "GET /BLA/resoluciones/AUTOS%202013/0922.pdf HTTP/1.1" 200 1634194
156.59.198.135 - - [04/Jan/2024:18:15:57 -0500] "GET /BLA/resoluciones/AUTOS%202008/1436.pdf HTTP/1.0" 200 214126
172.22.2.4 - - [04/Jan/2024:18:14:34 -0500] "GET /BLA/boletinlegal/ HTTP/1.1" 200 57683
156.59.198.136 - - [04/Jan/2024:18:16:21 -0500] "GET /BLA/resoluciones/AUTOS%202008/1222.pdf HTTP/1.0" 200 78565
216.244.66.195 - - [04/Jan/2024:18:16:37 -0500] "GET /BLA/resoluciones/AUTOS%202013/1072.pdf HTTP/1.1" 200 1001928
40.77.167.52 - - [04/Jan/2024:18:16:44 -0500] "GET /BLA/resoluciones/AUTOS%202020/2318.pdf HTTP/1.1" 200 342645
156.59.198.136 - - [04/Jan/2024:18:16:45 -0500] "GET /BLA/resoluciones/AUTOS%202008/0898.pdf HTTP/1.0" 200 225752
156.59.198.136 - - [04/Jan/2024:18:17:09 -0500] "GET /BLA/resoluciones/AUTOS%202008/1045.pdf HTTP/1.0" 200 136339
216.244.66.195 - - [04/Jan/2024:18:17:21 -0500] "GET /BLA/resoluciones/AUTOS%202013/1129.pdf HTTP/1.1" 200 822870
156.59.198.135 - - [04/Jan/2024:18:17:35 -0500] "GET /BLA/resoluciones/AUTOS%202008/0168.pdf HTTP/1.0" 200 194251
156.59.198.135 - - [04/Jan/2024:18:17:59 -0500] "GET /BLA/resoluciones/AUTOS%202008/1367.pdf HTTP/1.0" 200 73022
216.244.66.195 - - [04/Jan/2024:18:18:11 -0500] "GET /BLA/resoluciones/AUTOS%202013/1307.pdf HTTP/1.1" 200 1626347
156.59.198.135 - - [04/Jan/2024:18:18:22 -0500] "GET /BLA/resoluciones/AUTOS%202008/1215.pdf HTTP/1.0" 200 308245
199.16.157.181 - - [04/Jan/2024:18:18:28 -0500] "GET /en-este-puente-de-reyes-evita-movilizar-comercializar-o-traer-animales-silvestres-a-bogota.html HTTP/1.1" 200 859
199.16.157.183 - - [04/Jan/2024:18:18:28 -0500] "GET /images/Fauna2%20(1)%20(1).jpeg HTTP/1.1" 200 81941
201.245.192.253 - - [04/Jan/2024:18:18:29 -0500] "POST /kwsrmcab/Wsrmcab  HTTP/1.1" 200 36937
200.69.101.163 - - [04/Jan/2024:18:18:36 -0500] "-" 408 -
172.22.2.4 - - [04/Jan/2024:18:18:42 -0500] "GET /BLA/boletinlegal/robots.txt HTTP/1.1" 404 1037
172.22.2.4 - - [04/Jan/2024:18:18:43 -0500] "GET /BLA/boletinlegal/robots.txt HTTP/1.1" 404 1037
156.59.198.136 - - [04/Jan/2024:18:18:48 -0500] "GET /BLA/resoluciones/AUTOS%202008/0301.pdf HTTP/1.0" 200 95913
172.22.2.4 - - [04/Jan/2024:18:18:49 -0500] "GET /BLA/boletinlegal/Circulares/2022/CIRCULAR%20No.%2000003%20DEL%2007%20DE%20MARZO%20DEL%202022.pdf HTTP/1.1" 200 311468
168.119.76.137 - - [04/Jan/2024:18:18:51 -0500] "GET /robots.txt HTTP/1.1" 404 1034
168.119.76.137 - - [04/Jan/2024:18:18:51 -0500] "GET /en-este-puente-de-reyes-evita-movilizar-comercializar-o-traer-animales-silvestres-a-bogota.html HTTP/1.1" 200 859
216.244.66.195 - - [04/Jan/2024:18:19:04 -0500] "GET /BLA/resoluciones/AUTOS%202013/1594.pdf HTTP/1.1" 200 273724
156.59.198.135 - - [04/Jan/2024:18:19:12 -0500] "GET /BLA/resoluciones/AUTOS%202008/0075.pdf HTTP/1.0" 200 153368
201.245.192.253 - - [04/Jan/2024:18:19:31 -0500] "POST /kwsrmcab/Wsrmcab HTTP/1.1" 200 40303
216.244.66.195 - - [04/Jan/2024:18:19:35 -0500] "GET /BLA/resoluciones/AUTOS%202013/1651.pdf HTTP/1.1" 200 163731
156.59.198.136 - - [04/Jan/2024:18:19:38 -0500] "GET /BLA/resoluciones/AUTOS%202008/0499.pdf HTTP/1.0" 200 76769
157.90.251.233 - - [04/Jan/2024:18:19:57 -0500] "GET / HTTP/1.1" 200 319
157.90.251.233 - - [04/Jan/2024:18:19:59 -0500] "GET / HTTP/1.1" 200 4720
156.59.198.135 - - [04/Jan/2024:18:20:02 -0500] "GET /BLA/resoluciones/RESOLUCIONES%202001/1542.pdf HTTP/1.0" 200 53925
216.244.66.195 - - [04/Jan/2024:18:20:07 -0500] "GET /BLA/resoluciones/AUTOS%202013/1701.pdf HTTP/1.1" 200 160425
201.245.192.253 - - [04/Jan/2024:18:20:10 -0500] "POST /kwsrmcab/Wsrmcab HTTP/1.1" 200 37049
156.59.198.135 - - [04/Jan/2024:18:20:26 -0500] "GET /BLA/resoluciones/RESOLUCIONES%202001/RESOLUCION%20062%20DE%202001.pdf HTTP/1.0" 200 196379
17.241.219.110 - - [04/Jan/2024:18:20:26 -0500] "GET /robots.txt HTTP/1.1" 404 1034
17.241.219.110 - - [04/Jan/2024:18:20:26 -0500] "GET /en-este-puente-de-reyes-evita-movilizar-comercializar-o-traer-animales-silvestres-a-bogota.html HTTP/1.1" 200 859
216.245.221.92 - - [04/Jan/2024:18:20:43 -0500] "HEAD / HTTP/1.1" 200 -
156.59.198.135 - - [04/Jan/2024:18:20:51 -0500] "GET /BLA/resoluciones/RESOLUCIONES%202001/0489.pdf HTTP/1.0" 200 156729
172.22.2.4 - - [04/Jan/2024:18:19:34 -0500] "HEAD /BLA/boletinlegal/ HTTP/1.1" 200 -
156.59.198.136 - - [04/Jan/2024:18:21:14 -0500] "GET /BLA/resoluciones/RESOLUCIONES%202001/0991.pdf HTTP/1.0" 200 678295
156.59.198.136 - - [04/Jan/2024:18:21:38 -0500] "GET /BLA/resoluciones/RESOLUCIONES%202001/RESOLUCION%20411%20DE%202001.pdf HTTP/1.0" 200 71238
186.84.89.250 - - [04/Jan/2024:18:21:39 -0500] "GET /catalogoisis/ HTTP/1.1" 200 8575
186.84.89.250 - - [04/Jan/2024:18:21:39 -0500] "GET /catalogoisis/Css/Busqueda.css HTTP/1.1" 200 1995
186.84.89.250 - - [04/Jan/2024:18:21:39 -0500] "GET /catalogoisis/Js/Go.js HTTP/1.1" 200 364
186.84.89.250 - - [04/Jan/2024:18:21:39 -0500] "GET /catalogoisis/Js/AceptarLimpiar.js HTTP/1.1" 200 331
186.84.89.250 - - [04/Jan/2024:18:21:39 -0500] "GET /catalogoisis/Js/Remote.js HTTP/1.1" 200 436
186.84.89.250 - - [04/Jan/2024:18:21:39 -0500] "GET /catalogoisis/Js/Cookies.js HTTP/1.1" 200 1369
186.84.89.250 - - [04/Jan/2024:18:21:39 -0500] "GET /catalogoisis/Js/CriterioCombinada.js HTTP/1.1" 200 1843
186.84.89.250 - - [04/Jan/2024:18:21:39 -0500] "GET /catalogoisis/Js/LimpiarCombinada.js HTTP/1.1" 200 207
186.84.89.250 - - [04/Jan/2024:18:21:39 -0500] "GET /catalogoisis/Js/Numero.js HTTP/1.1" 200 398
186.84.89.250 - - [04/Jan/2024:18:21:39 -0500] "GET /catalogoisis/Js/Enter.js HTTP/1.1" 200 1208
186.84.89.250 - - [04/Jan/2024:18:21:39 -0500] "GET /catalogoisis/imagenes/br1c1.gif HTTP/1.1" 200 172
186.84.89.250 - - [04/Jan/2024:18:21:39 -0500] "GET /catalogoisis/imagenes/Header.gif HTTP/1.1" 200 27040
186.84.89.250 - - [04/Jan/2024:18:21:39 -0500] "GET /favicon.ico HTTP/1.1" 200 7782
186.84.89.250 - - [04/Jan/2024:18:21:39 -0500] "GET /catalogoisis/imagenes/br3c2.gif HTTP/1.1" 200 285
186.84.89.250 - - [04/Jan/2024:18:21:39 -0500] "GET /catalogoisis/imagenes/br2c2.gif HTTP/1.1" 200 302
186.84.89.250 - - [04/Jan/2024:18:21:39 -0500] "GET /catalogoisis/imagenes/br3c3.gif HTTP/1.1" 200 186
186.84.89.250 - - [04/Jan/2024:18:21:39 -0500] "GET /catalogoisis/imagenes/limpiar1.gif HTTP/1.1" 200 606
186.84.89.250 - - [04/Jan/2024:18:21:39 -0500] "GET /catalogoisis/imagenes/br1c2.gif HTTP/1.1" 200 297
186.84.89.250 - - [04/Jan/2024:18:21:39 -0500] "GET /catalogoisis/imagenes/br2c3.gif HTTP/1.1" 200 416
186.84.89.250 - - [04/Jan/2024:18:21:39 -0500] "GET /catalogoisis/imagenes/Turnbo1.gif HTTP/1.1" 200 227
186.84.89.250 - - [04/Jan/2024:18:21:39 -0500] "GET /catalogoisis/imagenes/br3c1.gif HTTP/1.1" 200 177
186.84.89.250 - - [04/Jan/2024:18:21:39 -0500] "GET /catalogoisis/imagenes/br2c1.gif HTTP/1.1" 200 297
186.84.89.250 - - [04/Jan/2024:18:21:39 -0500] "GET /catalogoisis/imagenes/aceptar1.gif HTTP/1.1" 200 604
186.84.89.250 - - [04/Jan/2024:18:21:39 -0500] "GET /catalogoisis/imagenes/br1c3.gif HTTP/1.1" 200 302
156.59.198.136 - - [04/Jan/2024:18:22:03 -0500] "GET /BLA/resoluciones/RESOLUCIONES%202001/RESOLUCION%20311%20DE%202001.pdf HTTP/1.0" 200 398777
172.22.2.4 - - [04/Jan/2024:18:20:24 -0500] "GET /BLA/boletinlegal/ HTTP/1.1" 200 60502
156.59.198.135 - - [04/Jan/2024:18:22:28 -0500] "GET /BLA/resoluciones/RESOLUCIONES%202001/1373.pdf HTTP/1.0" 200 253619
191.156.59.97 - - [04/Jan/2024:18:22:36 -0500] "POST /sipse/faces/presentacion/financiero/solicitudProceso/consultarSolicitudProceso.xhtml HTTP/1.1" 200 43803
191.156.59.97 - - [04/Jan/2024:18:22:36 -0500] "GET /sipse/faces/javax.faces.resource/theme.css?ln=primefaces-sipse HTTP/1.1" 304 -
191.156.53.1 - - [04/Jan/2024:18:22:36 -0500] "GET /sipse/faces/javax.faces.resource/primefaces.css?ln=primefaces&v=4.0 HTTP/1.1" 304 -
191.156.49.154 - - [04/Jan/2024:18:22:36 -0500] "GET /sipse/faces/javax.faces.resource/jquery/jquery.js?ln=primefaces&v=4.0 HTTP/1.1" 304 -
191.156.54.1 - - [04/Jan/2024:18:22:36 -0500] "GET /sipse/faces/javax.faces.resource/layout/layout.css?ln=primefaces&v=4.0 HTTP/1.1" 304 -
191.156.54.1 - - [04/Jan/2024:18:22:37 -0500] "GET /sipse/faces/javax.faces.resource/jquery/jquery-plugins.js?ln=primefaces&v=4.0 HTTP/1.1" 304 -
191.156.54.1 - - [04/Jan/2024:18:22:37 -0500] "GET /sipse/faces/javax.faces.resource/primefaces.js?ln=primefaces&v=4.0 HTTP/1.1" 304 -
191.156.54.1 - - [04/Jan/2024:18:22:37 -0500] "GET /sipse/faces/javax.faces.resource/layout/layout.js?ln=primefaces&v=4.0 HTTP/1.1" 304 -
191.156.54.1 - - [04/Jan/2024:18:22:37 -0500] "POST /sipse/faces/presentacion/financiero/solicitudProceso/consultar.xhtml HTTP/1.1" 200 37164
191.156.54.1 - - [04/Jan/2024:18:22:37 -0500] "POST /sipse/faces/presentacion/financiero/solicitudProceso/consultar.xhtml HTTP/1.1" 200 37164
191.156.54.1 - - [04/Jan/2024:18:22:38 -0500] "POST /sipse/faces/presentacion/financiero/solicitudProceso/consultar.xhtml HTTP/1.1" 200 37164
191.156.54.1 - - [04/Jan/2024:18:22:38 -0500] "POST /sipse/faces/presentacion/financiero/solicitudProceso/consultar.xhtml HTTP/1.1" 200 37164
191.156.54.1 - - [04/Jan/2024:18:22:38 -0500] "POST /sipse/faces/presentacion/financiero/solicitudProceso/consultar.xhtml HTTP/1.1" 200 37164
191.156.54.1 - - [04/Jan/2024:18:22:42 -0500] "POST /sipse/faces/presentacion/financiero/solicitudProceso/consultar.xhtml HTTP/1.1" 200 12872
45.13.119.147 - - [04/Jan/2024:18:22:34 -0500] "POST /boaform/admin/formLogin HTTP/1.1" 404 1186
191.156.54.1 - - [04/Jan/2024:18:22:44 -0500] "POST /sipse/faces/presentacion/financiero/solicitudProceso/consultar.xhtml HTTP/1.1" 200 154372
191.156.54.1 - - [04/Jan/2024:18:22:45 -0500] "GET /sipse/faces/javax.faces.resource/theme.css?ln=primefaces-sipse HTTP/1.1" 304 -
191.156.53.1 - - [04/Jan/2024:18:22:45 -0500] "GET /sipse/faces/javax.faces.resource/layout/layout.css?ln=primefaces&v=4.0 HTTP/1.1" 304 -
191.156.49.154 - - [04/Jan/2024:18:22:45 -0500] "GET /sipse/faces/javax.faces.resource/primefaces.css?ln=primefaces&v=4.0 HTTP/1.1" 304 -
191.156.59.97 - - [04/Jan/2024:18:22:45 -0500] "GET /sipse/faces/javax.faces.resource/jquery/jquery.js?ln=primefaces&v=4.0 HTTP/1.1" 304 -
191.156.59.97 - - [04/Jan/2024:18:22:45 -0500] "GET /sipse/faces/javax.faces.resource/jquery/jquery-plugins.js?ln=primefaces&v=4.0 HTTP/1.1" 304 -
191.156.59.97 - - [04/Jan/2024:18:22:46 -0500] "GET /sipse/faces/javax.faces.resource/primefaces.js?ln=primefaces&v=4.0 HTTP/1.1" 304 -
191.156.59.97 - - [04/Jan/2024:18:22:46 -0500] "GET /sipse/faces/javax.faces.resource/layout/layout.js?ln=primefaces&v=4.0 HTTP/1.1" 304 -
156.59.198.136 - - [04/Jan/2024:18:22:51 -0500] "GET /BLA/resoluciones/RESOLUCIONES%202001/0642.pdf HTTP/1.0" 200 90038
191.156.59.97 - - [04/Jan/2024:18:22:54 -0500] "POST /sipse/faces/presentacion/financiero/solicitudProceso/consultarSolicitudProceso.xhtml HTTP/1.1" 200 284146
156.59.198.135 - - [04/Jan/2024:18:23:15 -0500] "GET /BLA/resoluciones/RESOLUCIONES%202001/RESOLUCION%20408%20DE%202001.pdf HTTP/1.0" 200 76854
201.245.192.253 - - [04/Jan/2024:18:23:28 -0500] "POST /kwsrmcab/Wsrmcab  HTTP/1.1" 200 36937
156.59.198.136 - - [04/Jan/2024:18:23:40 -0500] "GET /BLA/resoluciones/RESOLUCIONES%202001/0939.pdf HTTP/1.0" 200 48369
156.59.198.136 - - [04/Jan/2024:18:24:04 -0500] "GET /BLA/resoluciones/RESOLUCIONES%202001/0350.pdf HTTP/1.0" 200 89024
156.59.198.135 - - [04/Jan/2024:18:24:30 -0500] "GET /BLA/resoluciones/RESOLUCIONES%202001/RESOLUCION%20628%20DE%202001.pdf HTTP/1.0" 200 150924
156.59.198.135 - - [04/Jan/2024:18:24:55 -0500] "GET /BLA/resoluciones/RESOLUCIONES%202001/0877.pdf HTTP/1.0" 200 110651
156.59.198.135 - - [04/Jan/2024:18:25:18 -0500] "GET /BLA/resoluciones/RESOLUCIONES%202001/1592.pdf HTTP/1.0" 200 53548
201.245.192.253 - - [04/Jan/2024:18:25:22 -0500] "POST /kwsrmcab/Wsrmcab HTTP/1.1" 200 40303
201.245.192.253 - - [04/Jan/2024:18:25:24 -0500] "POST /kwsrmcab/Wsrmcab HTTP/1.1" 200 37049
156.59.198.136 - - [04/Jan/2024:18:25:42 -0500] "GET /BLA/resoluciones/RESOLUCIONES%202001/RESOLUCION%20482%20DE%202001.pdf HTTP/1.0" 200 36681
216.245.221.92 - - [04/Jan/2024:18:25:43 -0500] "HEAD / HTTP/1.1" 200 -
40.77.167.79 - - [04/Jan/2024:18:25:53 -0500] "GET /BLA/resoluciones/RESOLUCIONES%202023/02444.pdf HTTP/1.1" 200 470060
156.59.198.135 - - [04/Jan/2024:18:26:06 -0500] "GET /BLA/resoluciones/RESOLUCIONES%202001/1532.pdf HTTP/1.0" 200 151024
156.59.198.136 - - [04/Jan/2024:18:26:30 -0500] "GET /BLA/resoluciones/RESOLUCIONES%202001/0192.pdf HTTP/1.0" 200 83608
172.22.2.4 - - [04/Jan/2024:18:25:24 -0500] "HEAD /BLA/boletinlegal/ HTTP/1.1" 200 -
156.59.198.135 - - [04/Jan/2024:18:27:04 -0500] "GET /BLA/resoluciones/RESOLUCIONES%202001/1119.pdf HTTP/1.0" 200 134983
156.59.198.136 - - [04/Jan/2024:18:27:45 -0500] "GET /BLA/resoluciones/RESOLUCIONES%202001/1549.pdf HTTP/1.0" 200 52136
156.59.198.136 - - [04/Jan/2024:18:27:53 -0500] "GET /BLA/resoluciones/RESOLUCIONES%202001/1403.pdf HTTP/1.0" 200 6360611
172.22.2.4 - - [04/Jan/2024:18:26:14 -0500] "GET /BLA/boletinlegal/ HTTP/1.1" 200 58969
156.59.198.136 - - [04/Jan/2024:18:28:09 -0500] "GET /BLA/resoluciones/RESOLUCIONES%202001/1337.pdf HTTP/1.0" 200 274019
201.245.192.253 - - [04/Jan/2024:18:28:27 -0500] "POST /kwsrmcab/Wsrmcab  HTTP/1.1" 200 36937
156.59.198.135 - - [04/Jan/2024:18:28:33 -0500] "GET /BLA/resoluciones/RESOLUCIONES%202001/1087.pdf HTTP/1.0" 200 82691
156.59.198.136 - - [04/Jan/2024:18:28:57 -0500] "GET /BLA/resoluciones/RESOLUCIONES%202001/0521.pdf HTTP/1.0" 200 41639
156.59.198.136 - - [04/Jan/2024:18:29:22 -0500] "GET /BLA/resoluciones/RESOLUCIONES%202001/0062.pdf HTTP/1.0" 200 196379
201.245.192.253 - - [04/Jan/2024:18:29:31 -0500] "POST /kwsrmcab/Wsrmcab HTTP/1.1" 200 40303
156.59.198.136 - - [04/Jan/2024:18:29:47 -0500] "GET /BLA/resoluciones/RESOLUCIONES%202001/RESOLUCION%20350%20DE%202001.pdf HTTP/1.0" 200 89024
156.59.198.135 - - [04/Jan/2024:18:30:10 -0500] "GET /BLA/resoluciones/RESOLUCIONES%202007/RES%202007%20401%20AL%20500/RESOLUCION%200432%20DE%202007.pdf HTTP/1.0" 200 1119545
201.245.192.253 - - [04/Jan/2024:18:30:10 -0500] "POST /kwsrmcab/Wsrmcab HTTP/1.1" 200 37049
156.59.198.135 - - [04/Jan/2024:18:30:35 -0500] "GET /BLA/resoluciones/AUTOS%202008/1256.pdf HTTP/1.0" 200 75518
216.245.221.92 - - [04/Jan/2024:18:30:43 -0500] "HEAD / HTTP/1.1" 200 -
156.59.198.135 - - [04/Jan/2024:18:30:59 -0500] "GET /BLA/resoluciones/AUTOS%202008/0318.pdf HTTP/1.0" 200 106279
156.59.198.136 - - [04/Jan/2024:18:31:24 -0500] "GET /BLA/resoluciones/AUTOS%202008/0785.pdf HTTP/1.0" 200 175196
212.29.233.218 - - [04/Jan/2024:18:31:44 -0500] "GET /robots.txt HTTP/1.1" 404 1034
212.29.233.218 - - [04/Jan/2024:18:31:44 -0500] "GET / HTTP/1.1" 200 4720
156.59.198.136 - - [04/Jan/2024:18:31:49 -0500] "GET /BLA/resoluciones/AUTOS%202008/0396.pdf HTTP/1.0" 200 120098
212.29.233.211 - - [04/Jan/2024:18:32:01 -0500] "GET /robots.txt HTTP/1.1" 404 1035
212.29.233.211 - - [04/Jan/2024:18:32:01 -0500] "GET / HTTP/1.1" 200 319
156.59.198.136 - - [04/Jan/2024:18:32:12 -0500] "GET /BLA/resoluciones/RESOLUCIONES%202007/RES%202007%20401%20AL%20500/RESOLUCION%200459%20DE%202007.pdf HTTP/1.0" 200 873557
66.249.66.19 - - [04/Jan/2024:18:32:13 -0500] "GET /BLA/resoluciones/RESOLUCIONES%202011/3285.pdf HTTP/1.1" 200 283898
66.249.66.20 - - [04/Jan/2024:18:32:14 -0500] "GET /BLA/resoluciones/Autos%202008/1412.pdf HTTP/1.1" 200 340105
125.209.235.174 - - [04/Jan/2024:18:32:37 -0500] "GET /robots.txt HTTP/1.1" 404 1114
114.111.32.70 - - [04/Jan/2024:18:32:38 -0500] "GET /en-este-puente-de-reyes-evita-movilizar-comercializar-o-traer-animales-silvestres-a-bogota.html HTTP/1.1" 200 859
47.128.99.75 - - [04/Jan/2024:18:32:39 -0500] "GET /BLA/resoluciones/index.php?dir=RESOLUCIONES%201994%2F&order=desc&sort=name HTTP/1.1" 200 2478
47.128.99.75 - - [04/Jan/2024:18:32:40 -0500] "GET /BLA/resoluciones/dlf/dirup.png HTTP/1.1" 200 644
47.128.99.75 - - [04/Jan/2024:18:32:40 -0500] "GET /BLA/resoluciones/dlf/pdf.gif HTTP/1.1" 200 272
172.22.2.4 - - [04/Jan/2024:18:31:14 -0500] "HEAD /BLA/boletinlegal/ HTTP/1.1" 200 -
156.59.198.136 - - [04/Jan/2024:18:33:00 -0500] "GET /BLA/resoluciones/AUTOS%202008/1010.pdf HTTP/1.0" 200 177018
156.59.198.136 - - [04/Jan/2024:18:33:24 -0500] "GET /BLA/resoluciones/AUTOS%202008/0735.pdf HTTP/1.0" 200 148461
201.245.192.253 - - [04/Jan/2024:18:33:26 -0500] "POST /kwsrmcab/Wsrmcab  HTTP/1.1" 200 36937
172.22.2.4 - - [04/Jan/2024:18:32:04 -0500] "GET /BLA/boletinlegal/ HTTP/1.1" 200 56873
156.59.198.135 - - [04/Jan/2024:18:33:49 -0500] "GET /BLA/resoluciones/AUTOS%202008/0969.pdf HTTP/1.0" 200 153779
156.59.198.135 - - [04/Jan/2024:18:34:12 -0500] "GET /BLA/resoluciones/AUTOS%202008/0551.pdf HTTP/1.0" 200 166650
156.59.198.136 - - [04/Jan/2024:18:34:37 -0500] "GET /BLA/resoluciones/RESOLUCIONES%202001/0501.pdf HTTP/1.0" 200 475011
172.22.2.4 - - [04/Jan/2024:18:34:47 -0500] "GET /BLA/boletinlegal/actos.php HTTP/1.1" 200 9648
156.59.198.136 - - [04/Jan/2024:18:35:01 -0500] "GET /BLA/resoluciones/AUTOS%202008/0676.pdf HTTP/1.0" 200 105883
172.22.2.4 - - [04/Jan/2024:18:33:26 -0500] "GET /BLA/boletinlegal/ HTTP/1.1" 200 61309
201.245.192.253 - - [04/Jan/2024:18:35:22 -0500] "POST /kwsrmcab/Wsrmcab HTTP/1.1" 200 40303
156.59.198.136 - - [04/Jan/2024:18:35:25 -0500] "GET /BLA/resoluciones/AUTOS%202008/0390.pdf HTTP/1.0" 200 239222
201.245.192.253 - - [04/Jan/2024:18:35:25 -0500] "POST /kwsrmcab/Wsrmcab HTTP/1.1" 200 37049
18.117.9.241 - - [04/Jan/2024:18:35:39 -0500] "HEAD /BLA/resoluciones/RESOLUCIONES%202021/4474.pdf HTTP/1.1" 200 -
18.117.9.241 - - [04/Jan/2024:18:35:39 -0500] "GET /BLA/resoluciones/RESOLUCIONES%202021/4474.pdf HTTP/1.1" 200 392584
216.245.221.92 - - [04/Jan/2024:18:35:43 -0500] "HEAD / HTTP/1.1" 200 -
156.59.198.135 - - [04/Jan/2024:18:35:49 -0500] "GET /BLA/resoluciones/AUTOS%202008/0948.pdf HTTP/1.0" 200 91809
172.22.2.4 - - [04/Jan/2024:18:36:04 -0500] "GET /BLA/boletinlegal/consulta_actos.php?tipo=resoluciones&no=3401&usuario=&sector=&fecha=2022&resuelve= HTTP/1.1" 200 1090
172.22.2.4 - - [04/Jan/2024:18:36:04 -0500] "GET /BLA/boletinlegal/consulta_actos.php?tipo=resoluciones&no=3401&usuario=&sector=&fecha=2022&resuelve= HTTP/1.1" 200 1090
156.59.198.135 - - [04/Jan/2024:18:36:14 -0500] "GET /BLA/resoluciones/RESOLUCIONES%202007/RES%202007%20401%20AL%20500/RESOLUCION%200486%20DE%202007.pdf HTTP/1.0" 200 486083
156.59.198.136 - - [04/Jan/2024:18:36:38 -0500] "GET /BLA/resoluciones/AUTOS%202008/0315.pdf HTTP/1.0" 200 106711
40.77.167.53 - - [04/Jan/2024:18:36:57 -0500] "GET /BLA/resoluciones/AUTOS%202020/1481.pdf HTTP/1.1" 200 609016
156.59.198.136 - - [04/Jan/2024:18:37:03 -0500] "GET /BLA/resoluciones/AUTOS%202008/0633.pdf HTTP/1.0" 200 93263
52.167.144.234 - - [04/Jan/2024:18:37:09 -0500] "GET /BLA/resoluciones/index.php?dir=RESOLUCIONES+2013%2F HTTP/1.1" 200 238278
172.22.2.4 - - [04/Jan/2024:18:37:14 -0500] "GET /BLA/boletinlegal/consulta_actos.php?tipo=resoluciones&no=595&usuario=&sector=&fecha=2023&resuelve= HTTP/1.1" 200 1091
191.156.61.224 - - [04/Jan/2024:18:37:20 -0500] "GET /BLA/resoluciones/RESOLUCIONES%202023/0595.pdf HTTP/1.1" 200 2093002
156.59.198.135 - - [04/Jan/2024:18:37:28 -0500] "GET /BLA/resoluciones/AUTOS%202008/1398.pdf HTTP/1.0" 200 165950
172.22.2.4 - - [04/Jan/2024:18:37:32 -0500] "GET /BLA/boletinlegal/Circulares/2019/.pdf HTTP/1.1" 404 1218
156.59.198.136 - - [04/Jan/2024:18:37:51 -0500] "GET /BLA/resoluciones/AUTOS%202008/0765.pdf HTTP/1.0" 200 82363
156.59.198.136 - - [04/Jan/2024:18:38:17 -0500] "GET /BLA/resoluciones/AUTOS%202008/0922.pdf HTTP/1.0" 200 133526
201.245.192.253 - - [04/Jan/2024:18:38:24 -0500] "POST /kwsrmcab/Wsrmcab  HTTP/1.1" 200 36937
156.59.198.136 - - [04/Jan/2024:18:38:42 -0500] "GET /BLA/resoluciones/AUTOS%202008/0014.pdf HTTP/1.0" 200 102299
172.22.2.4 - - [04/Jan/2024:18:37:04 -0500] "HEAD /BLA/boletinlegal/ HTTP/1.1" 200 -
66.249.66.11 - - [04/Jan/2024:18:38:58 -0500] "GET /BLA/resoluciones/AUTOS%202012/2566.pdf HTTP/1.1" 200 505067
156.59.198.135 - - [04/Jan/2024:18:39:05 -0500] "GET /BLA/resoluciones/AUTOS%202008/0411.pdf HTTP/1.0" 200 149334
52.167.144.222 - - [04/Jan/2024:18:39:22 -0500] "GET /BLA/resoluciones/RESOLUCIONES%202013/2020.pdf HTTP/1.1" 200 757990
52.167.144.222 - - [04/Jan/2024:18:39:23 -0500] "GET /BLA/resoluciones/RESOLUCIONES%202013/2147.pdf HTTP/1.1" 200 1178288
52.167.144.222 - - [04/Jan/2024:18:39:24 -0500] "GET /BLA/resoluciones/RESOLUCIONES%202013/1799.pdf HTTP/1.1" 200 529295
52.167.144.222 - - [04/Jan/2024:18:39:24 -0500] "GET /BLA/resoluciones/RESOLUCIONES%202013/1120.pdf HTTP/1.1" 200 1058347
52.167.144.222 - - [04/Jan/2024:18:39:25 -0500] "GET /BLA/resoluciones/RESOLUCIONES%202013/1240.pdf HTTP/1.1" 200 827985
52.167.144.222 - - [04/Jan/2024:18:39:26 -0500] "GET /BLA/resoluciones/RESOLUCIONES%202013/0978.pdf HTTP/1.1" 200 1679273
52.167.144.222 - - [04/Jan/2024:18:39:27 -0500] "GET /BLA/resoluciones/RESOLUCIONES%202013/0143.pdf HTTP/1.1" 200 307935
52.167.144.222 - - [04/Jan/2024:18:39:27 -0500] "GET /BLA/resoluciones/RESOLUCIONES%202013/2814.pdf HTTP/1.1" 200 5480237
52.167.144.222 - - [04/Jan/2024:18:39:29 -0500] "GET /BLA/resoluciones/RESOLUCIONES%202013/2687.pdf HTTP/1.1" 200 261678
52.167.144.222 - - [04/Jan/2024:18:39:29 -0500] "GET /BLA/resoluciones/RESOLUCIONES%202013/1079.pdf HTTP/1.1" 200 602698
156.59.198.136 - - [04/Jan/2024:18:39:29 -0500] "GET /BLA/resoluciones/RESOLUCIONES%202007/RES%202007%20401%20AL%20500/RESOLUCION%200450%20DE%202007.pdf HTTP/1.0" 200 885336
52.167.144.222 - - [04/Jan/2024:18:39:30 -0500] "GET /BLA/resoluciones/RESOLUCIONES%202013/2470.pdf HTTP/1.1" 200 231732
52.167.144.222 - - [04/Jan/2024:18:39:31 -0500] "GET /BLA/resoluciones/RESOLUCIONES%202013/0908.pdf HTTP/1.1" 200 1797829
40.77.167.53 - - [04/Jan/2024:18:39:32 -0500] "GET /BLA/resoluciones/RESOLUCIONES%202013/2570.pdf HTTP/1.1" 200 919681
40.77.167.53 - - [04/Jan/2024:18:39:33 -0500] "GET /BLA/resoluciones/RESOLUCIONES%202013/2315.pdf HTTP/1.1" 200 688475
40.77.167.53 - - [04/Jan/2024:18:39:34 -0500] "GET /BLA/resoluciones/RESOLUCIONES%202013/0697.pdf HTTP/1.1" 200 881867
201.245.192.253 - - [04/Jan/2024:18:39:31 -0500] "POST /kwsrmcab/Wsrmcab HTTP/1.1" 200 40303
172.22.2.4 - - [04/Jan/2024:18:37:54 -0500] "GET /BLA/boletinlegal/ HTTP/1.1" 200 60502
40.77.167.53 - - [04/Jan/2024:18:39:34 -0500] "GET /BLA/resoluciones/RESOLUCIONES%202013/1328.pdf HTTP/1.1" 200 634506
40.77.167.53 - - [04/Jan/2024:18:39:36 -0500] "GET /BLA/resoluciones/RESOLUCIONES%202013/1159.pdf HTTP/1.1" 200 391155
40.77.167.53 - - [04/Jan/2024:18:39:36 -0500] "GET /BLA/resoluciones/RESOLUCIONES%202013/1123.pdf HTTP/1.1" 200 741396
40.77.167.53 - - [04/Jan/2024:18:39:37 -0500] "GET /BLA/resoluciones/RESOLUCIONES%202013/0199.pdf HTTP/1.1" 200 2137694
40.77.167.53 - - [04/Jan/2024:18:39:39 -0500] "GET /BLA/resoluciones/RESOLUCIONES%202013/2800.pdf HTTP/1.1" 200 653453
40.77.167.53 - - [04/Jan/2024:18:39:40 -0500] "GET /BLA/resoluciones/RESOLUCIONES%202013/0219.pdf HTTP/1.1" 200 661188
40.77.167.53 - - [04/Jan/2024:18:39:40 -0500] "GET /BLA/resoluciones/RESOLUCIONES%202013/0812.pdf HTTP/1.1" 200 628268
40.77.167.53 - - [04/Jan/2024:18:39:41 -0500] "GET /BLA/resoluciones/RESOLUCIONES%202013/0870.pdf HTTP/1.1" 200 1005792
40.77.167.53 - - [04/Jan/2024:18:39:43 -0500] "GET /BLA/resoluciones/RESOLUCIONES%202013/2572.pdf HTTP/1.1" 200 1379149
156.59.198.136 - - [04/Jan/2024:18:39:54 -0500] "GET /BLA/resoluciones/AUTOS%202008/0727.pdf HTTP/1.0" 200 77063
52.167.144.222 - - [04/Jan/2024:18:39:54 -0500] "GET /BLA/resoluciones/RESOLUCIONES%202013/0431.pdf HTTP/1.1" 200 1681629
52.167.144.5 - - [04/Jan/2024:18:39:54 -0500] "GET /BLA/resoluciones/RESOLUCIONES%202013/1112.pdf HTTP/1.1" 200 1413984
52.167.144.234 - - [04/Jan/2024:18:39:59 -0500] "GET /BLA/resoluciones/RESOLUCIONES%202013/0900.pdf HTTP/1.1" 200 236565
52.167.144.234 - - [04/Jan/2024:18:39:59 -0500] "GET /BLA/resoluciones/RESOLUCIONES%202013/1711.pdf HTTP/1.1" 200 243900
52.167.144.234 - - [04/Jan/2024:18:40:00 -0500] "GET /BLA/resoluciones/RESOLUCIONES%202013/1337.pdf HTTP/1.1" 200 677210
52.167.144.234 - - [04/Jan/2024:18:40:00 -0500] "GET /BLA/resoluciones/RESOLUCIONES%202013/2027.pdf HTTP/1.1" 200 668110
52.167.144.234 - - [04/Jan/2024:18:40:00 -0500] "GET /BLA/resoluciones/RESOLUCIONES%202013/2055.pdf HTTP/1.1" 200 875874
52.167.144.234 - - [04/Jan/2024:18:40:00 -0500] "GET /BLA/resoluciones/RESOLUCIONES%202013/0277.pdf HTTP/1.1" 200 2346888
172.22.2.4 - - [04/Jan/2024:18:40:01 -0500] "GET /BLA/boletinlegal/actos.php HTTP/1.1" 200 9648
40.77.167.16 - - [04/Jan/2024:18:40:02 -0500] "GET /BLA/resoluciones/RESOLUCIONES%202013/2676.pdf HTTP/1.1" 200 835700
40.77.167.16 - - [04/Jan/2024:18:40:03 -0500] "GET /BLA/resoluciones/RESOLUCIONES%202013/0482.pdf HTTP/1.1" 200 1225393
201.245.192.253 - - [04/Jan/2024:18:40:10 -0500] "POST /kwsrmcab/Wsrmcab HTTP/1.1" 200 37049
156.59.198.136 - - [04/Jan/2024:18:40:18 -0500] "GET /BLA/resoluciones/AUTOS%202008/0815.pdf HTTP/1.0" 200 118141
156.59.198.135 - - [04/Jan/2024:18:40:41 -0500] "GET /BLA/resoluciones/RESOLUCIONES%202007/RES%202007%20401%20AL%20500/RESOLUCION%200447%20DE%202007.pdf HTTP/1.0" 200 844972
216.245.221.92 - - [04/Jan/2024:18:40:43 -0500] "HEAD / HTTP/1.1" 200 -
172.22.2.4 - - [04/Jan/2024:18:40:46 -0500] "GET /BLA/boletinlegal/conceptos.php HTTP/1.1" 200 7496
156.59.198.136 - - [04/Jan/2024:18:41:06 -0500] "GET /BLA/resoluciones/AUTOS%202008/0033.pdf HTTP/1.0" 200 101566
156.59.198.135 - - [04/Jan/2024:18:41:31 -0500] "GET /BLA/resoluciones/AUTOS%202008/0255.pdf HTTP/1.0" 200 180374
156.59.198.136 - - [04/Jan/2024:18:41:55 -0500] "GET /BLA/resoluciones/AUTOS%202008/0138.pdf HTTP/1.0" 200 253941
156.59.198.136 - - [04/Jan/2024:18:42:19 -0500] "GET /BLA/resoluciones/AUTOS%202017/1048.pdf HTTP/1.0" 200 749747
156.59.198.135 - - [04/Jan/2024:18:42:43 -0500] "GET /BLA/resoluciones/AUTOS%202008/0338.pdf HTTP/1.0" 200 142586
156.59.198.136 - - [04/Jan/2024:18:43:08 -0500] "GET /BLA/resoluciones/AUTOS%202017/2252.pdf HTTP/1.0" 200 426060
201.245.192.253 - - [04/Jan/2024:18:43:23 -0500] "POST /kwsrmcab/Wsrmcab  HTTP/1.1" 200 36937
156.59.198.136 - - [04/Jan/2024:18:43:32 -0500] "GET /BLA/resoluciones/AUTOS%202008/0266.pdf HTTP/1.0" 200 361507
40.77.167.136 - - [04/Jan/2024:18:43:34 -0500] "GET /BLA/resoluciones/RESOLUCIONES%202013/1021.pdf HTTP/1.1" 200 7625667
40.77.167.13 - - [04/Jan/2024:18:43:42 -0500] "GET /BLA/resoluciones/RESOLUCIONES%202013/0675.pdf HTTP/1.1" 200 661257
40.77.167.13 - - [04/Jan/2024:18:43:43 -0500] "GET /BLA/resoluciones/RESOLUCIONES%202013/1297.pdf HTTP/1.1" 200 5822299
40.77.167.13 - - [04/Jan/2024:18:43:46 -0500] "GET /BLA/resoluciones/RESOLUCIONES%202013/2794.pdf HTTP/1.1" 200 622053
40.77.167.13 - - [04/Jan/2024:18:43:46 -0500] "GET /BLA/resoluciones/RESOLUCIONES%202013/0027.pdf HTTP/1.1" 200 2124888
40.77.167.15 - - [04/Jan/2024:18:43:50 -0500] "GET /BLA/resoluciones/RESOLUCIONES%202023/1236.pdf HTTP/1.1" 200 374134
156.59.198.136 - - [04/Jan/2024:18:43:55 -0500] "GET /BLA/resoluciones/AUTOS%202008/0912.pdf HTTP/1.0" 200 72373
66.249.66.192 - - [04/Jan/2024:18:44:09 -0500] "GET /robots.txt HTTP/1.1" 404 1034
66.249.66.192 - - [04/Jan/2024:18:44:09 -0500] "GET /en-este-puente-de-reyes-evita-movilizar-comercializar-o-traer-animales-silvestres-a-bogota.html HTTP/1.1" 200 859
156.59.198.135 - - [04/Jan/2024:18:44:20 -0500] "GET /BLA/resoluciones/AUTOS%202017/3964.pdf HTTP/1.0" 200 281948
172.22.2.4 - - [04/Jan/2024:18:42:54 -0500] "HEAD /BLA/boletinlegal/ HTTP/1.1" 200 -
156.59.198.136 - - [04/Jan/2024:18:44:45 -0500] "GET /BLA/resoluciones/AUTOS%202017/2882.pdf HTTP/1.0" 200 319462
156.59.198.136 - - [04/Jan/2024:18:45:09 -0500] "GET /BLA/resoluciones/AUTOS%202017/2532.pdf HTTP/1.0" 200 311919
172.22.2.4 - - [04/Jan/2024:18:43:44 -0500] "GET /BLA/boletinlegal/ HTTP/1.1" 200 58567
173.252.107.118 - - [04/Jan/2024:18:45:30 -0500] "GET /en-este-puente-de-reyes-evita-movilizar-comercializar-o-traer-animales-silvestres-a-bogota.html HTTP/1.1" 206 859
173.252.107.8 - - [04/Jan/2024:18:45:31 -0500] "GET /images/Fauna2%20(1)%20(1).jpeg HTTP/1.1" 200 81941
173.252.107.120 - - [04/Jan/2024:18:45:32 -0500] "GET /images/Fauna2%20(1)%20(1).jpeg HTTP/1.1" 200 81941
173.252.107.5 - - [04/Jan/2024:18:45:32 -0500] "GET /en-este-puente-de-reyes-evita-movilizar-comercializar-o-traer-animales-silvestres-a-bogota.html HTTP/1.1" 200 859
173.252.107.10 - - [04/Jan/2024:18:45:32 -0500] "GET /en-este-puente-de-reyes-evita-movilizar-comercializar-o-traer-animales-silvestres-a-bogota.html HTTP/1.1" 200 859
173.252.107.4 - - [04/Jan/2024:18:45:32 -0500] "GET /en-este-puente-de-reyes-evita-movilizar-comercializar-o-traer-animales-silvestres-a-bogota.html HTTP/1.1" 200 859
173.252.79.7 - - [04/Jan/2024:18:45:32 -0500] "GET /images/Fauna2%20(1)%20(1).jpeg HTTP/1.1" 200 81941
69.171.249.7 - - [04/Jan/2024:18:45:32 -0500] "GET /en-este-puente-de-reyes-evita-movilizar-comercializar-o-traer-animales-silvestres-a-bogota.html HTTP/1.1" 200 859
156.59.198.135 - - [04/Jan/2024:18:45:33 -0500] "GET /BLA/resoluciones/AUTOS%202017/3195.pdf HTTP/1.0" 200 284300
216.245.221.92 - - [04/Jan/2024:18:45:43 -0500] "HEAD / HTTP/1.1" 200 -
156.59.198.135 - - [04/Jan/2024:18:45:57 -0500] "GET /BLA/resoluciones/AUTOS%202017/3067.pdf HTTP/1.0" 200 274675
66.249.66.192 - - [04/Jan/2024:18:46:12 -0500] "GET /ciudadanos-pueden-enviar-comentarios-y-propuestas-al-proyecto-de-decreto-para-reducir-la-utilizacion-de-plasticos-de-un-solo-uso-en-las-entidades-del-distrito.html HTTP/1.1" 200 1170
156.59.198.135 - - [04/Jan/2024:18:46:22 -0500] "GET /BLA/resoluciones/AUTOS%202017/0629.pdf HTTP/1.0" 200 352653
156.59.198.135 - - [04/Jan/2024:18:46:47 -0500] "GET /BLA/resoluciones/AUTOS%202008/0558.pdf HTTP/1.0" 200 158499
156.59.198.136 - - [04/Jan/2024:18:47:11 -0500] "GET /BLA/resoluciones/AUTOS%202008/0189.pdf HTTP/1.0" 200 99103
66.249.66.14 - - [04/Jan/2024:18:47:25 -0500] "GET /BLA/resoluciones/RESOLUCIONES%202012/1914.pdf HTTP/1.1" 200 319834
69.171.249.120 - - [04/Jan/2024:18:47:25 -0500] "GET /en-este-puente-de-reyes-evita-movilizar-comercializar-o-traer-animales-silvestres-a-bogota.html HTTP/1.1" 200 859
156.59.198.136 - - [04/Jan/2024:18:47:35 -0500] "GET /BLA/resoluciones/AUTOS%202017/4116.pdf HTTP/1.0" 200 307398
66.249.66.11 - - [04/Jan/2024:18:47:41 -0500] "GET /BLA/resoluciones/RESOLUCIONES%202009/4519.pdf HTTP/1.1" 200 372338
173.252.127.119 - - [04/Jan/2024:18:47:55 -0500] "GET /en-este-puente-de-reyes-evita-movilizar-comercializar-o-traer-animales-silvestres-a-bogota.html HTTP/1.1" 200 859
156.59.198.135 - - [04/Jan/2024:18:48:00 -0500] "GET /BLA/resoluciones/AUTOS%202017/1654.pdf HTTP/1.0" 200 807296
31.13.103.10 - - [04/Jan/2024:18:48:06 -0500] "GET /en-este-puente-de-reyes-evita-movilizar-comercializar-o-traer-animales-silvestres-a-bogota.html HTTP/1.1" 200 859
66.249.66.11 - - [04/Jan/2024:18:48:19 -0500] "HEAD /Residuos/pinturas/files/guia_pinturas.pdf HTTP/1.1" 200 -
201.245.192.253 - - [04/Jan/2024:18:48:22 -0500] "POST /kwsrmcab/Wsrmcab  HTTP/1.1" 200 36937
69.171.251.12 - - [04/Jan/2024:18:48:24 -0500] "GET /images/Fauna2%20(1)%20(1).jpeg HTTP/1.1" 200 81941
156.59.198.136 - - [04/Jan/2024:18:48:25 -0500] "GET /BLA/resoluciones/AUTOS%202008/1068.pdf HTTP/1.0" 200 45079
173.252.83.118 - - [04/Jan/2024:18:48:40 -0500] "GET /en-este-puente-de-reyes-evita-movilizar-comercializar-o-traer-animales-silvestres-a-bogota.html HTTP/1.1" 200 859
173.252.83.12 - - [04/Jan/2024:18:48:41 -0500] "GET /en-este-puente-de-reyes-evita-movilizar-comercializar-o-traer-animales-silvestres-a-bogota.html HTTP/1.1" 200 859
156.59.198.136 - - [04/Jan/2024:18:48:49 -0500] "GET /BLA/resoluciones/AUTOS%202017/4360.pdf HTTP/1.0" 200 707201
66.249.66.11 - - [04/Jan/2024:18:48:51 -0500] "HEAD /Residuos/quimicos/files/guia_quimicos.pdf HTTP/1.1" 200 -
66.249.66.11 - - [04/Jan/2024:18:48:52 -0500] "HEAD /Residuos/impresion/files/guia_impresion-lit.pdf HTTP/1.1" 200 -
66.249.66.11 - - [04/Jan/2024:18:48:53 -0500] "HEAD /Residuos/curtiembres/files/guia_curtiembres.pdf HTTP/1.1" 200 -
66.249.66.11 - - [04/Jan/2024:18:48:54 -0500] "HEAD /Residuos/lavanderias/files/guia_lavanderias.pdf HTTP/1.1" 200 -
66.249.66.11 - - [04/Jan/2024:18:48:55 -0500] "HEAD /Residuos/maderas/files/guia_maderas.pdf HTTP/1.1" 200 -
66.249.66.11 - - [04/Jan/2024:18:48:56 -0500] "HEAD /Residuos/vehiculos/files/guia_lavado-vehic.pdf HTTP/1.1" 200 -
66.249.66.11 - - [04/Jan/2024:18:48:57 -0500] "HEAD /Residuos/metalmecanica/files/guia_metalmecanica.pdf HTTP/1.1" 200 -
66.249.66.11 - - [04/Jan/2024:18:48:57 -0500] "HEAD /Residuos/cosmeticos/files/guia_cosmeticos-aseo.pdf HTTP/1.1" 200 -
66.249.66.11 - - [04/Jan/2024:18:48:58 -0500] "HEAD /Residuos/farmaceutica/files/guia_farmaceuticas.pdf HTTP/1.1" 200 -
66.249.66.11 - - [04/Jan/2024:18:48:59 -0500] "HEAD /Residuos/textiles/files/guia_textiles.pdf HTTP/1.1" 200 -
156.59.198.136 - - [04/Jan/2024:18:49:14 -0500] "GET /BLA/resoluciones/AUTOS%202008/0165.pdf HTTP/1.0" 200 108305
156.59.198.135 - - [04/Jan/2024:18:49:37 -0500] "GET /BLA/resoluciones/AUTOS%202017/2418.pdf HTTP/1.0" 200 365978
47.128.32.15 - - [04/Jan/2024:18:50:04 -0500] "GET /BLA/resoluciones/index.php?dir=AUTOS%202006%2F&order=desc&sort=name HTTP/1.1" 200 9680
47.128.32.15 - - [04/Jan/2024:18:50:05 -0500] "GET /BLA/resoluciones/dlf/dirup.png HTTP/1.1" 200 644
47.128.32.15 - - [04/Jan/2024:18:50:05 -0500] "GET /BLA/resoluciones/dlf/folder.png HTTP/1.1" 200 410
47.128.32.15 - - [04/Jan/2024:18:50:07 -0500] "GET /BLA/resoluciones/dlf/pdf.gif HTTP/1.1" 200 272
172.22.2.4 - - [04/Jan/2024:18:48:44 -0500] "HEAD /BLA/boletinlegal/ HTTP/1.1" 200 -
156.59.198.136 - - [04/Jan/2024:18:50:25 -0500] "GET /BLA/resoluciones/RESOLUCIONES%202007/RES%202007%20401%20AL%20500/RESOLUCION%200490%20DE%202007.pdf HTTP/1.0" 200 423907
40.77.167.15 - - [04/Jan/2024:18:50:42 -0500] "GET /BLA/resoluciones/AUTOS%202020/1208.pdf HTTP/1.1" 200 728538
216.245.221.92 - - [04/Jan/2024:18:50:43 -0500] "HEAD / HTTP/1.1" 200 -
156.59.198.136 - - [04/Jan/2024:18:50:50 -0500] "GET /BLA/resoluciones/AUTOS%202008/0142.pdf HTTP/1.0" 200 134360
156.59.198.135 - - [04/Jan/2024:18:51:14 -0500] "GET /BLA/resoluciones/AUTOS%202008/0377.pdf HTTP/1.0" 200 265034
172.22.2.4 - - [04/Jan/2024:18:49:35 -0500] "GET /BLA/boletinlegal/ HTTP/1.1" 200 58969
156.59.198.136 - - [04/Jan/2024:18:51:38 -0500] "GET /BLA/resoluciones/AUTOS%202017/4370.pdf HTTP/1.0" 200 318027
156.59.198.136 - - [04/Jan/2024:18:52:03 -0500] "GET /BLA/resoluciones/AUTOS%202017/1154.pdf HTTP/1.0" 200 287920
156.59.198.135 - - [04/Jan/2024:18:52:28 -0500] "GET /BLA/resoluciones/AUTOS%202017/2108.pdf HTTP/1.0" 200 3027091
66.249.66.12 - - [04/Jan/2024:18:52:41 -0500] "GET /portel_dama/libreria/php/2006/ECOSISTEMAS%20FINAL%20web_mz27/xxxxx%20incendios/sitio/xtras/2.pdf HTTP/1.1" 404 1018
156.59.198.135 - - [04/Jan/2024:18:52:53 -0500] "GET /BLA/resoluciones/AUTOS%202008/0964.pdf HTTP/1.0" 200 224787
156.59.198.135 - - [04/Jan/2024:18:53:17 -0500] "GET /BLA/resoluciones/AUTOS%202017/2180.pdf HTTP/1.0" 200 282210
52.167.144.145 - - [04/Jan/2024:18:53:20 -0500] "GET /BLA/resoluciones/AUTOS%202020/3365.pdf HTTP/1.1" 200 398777
201.245.192.253 - - [04/Jan/2024:18:53:20 -0500] "POST /kwsrmcab/Wsrmcab  HTTP/1.1" 200 36937
156.59.198.135 - - [04/Jan/2024:18:53:41 -0500] "GET /BLA/resoluciones/AUTOS%202017/3136.pdf HTTP/1.0" 200 275756
66.249.66.12 - - [04/Jan/2024:18:53:57 -0500] "GET /BLA/resoluciones/AUTOS%202008/2573.pdf HTTP/1.1" 200 99682
156.59.198.135 - - [04/Jan/2024:18:54:06 -0500] "GET /BLA/resoluciones/AUTOS%202017/2013.pdf HTTP/1.0" 200 413750
156.59.198.135 - - [04/Jan/2024:18:54:30 -0500] "GET /BLA/resoluciones/AUTOS%202017/3190.pdf HTTP/1.0" 200 289435
34.90.11.212 - - [04/Jan/2024:18:54:34 -0500] "GET /las-tres-caminatas-para-cerrar-el-ano-entre-la-naturaleza.html HTTP/1.1" 200 776
156.59.198.136 - - [04/Jan/2024:18:54:54 -0500] "GET /BLA/resoluciones/AUTOS%202008/0996.pdf HTTP/1.0" 200 155804
156.59.198.136 - - [04/Jan/2024:18:55:18 -0500] "GET /BLA/resoluciones/AUTOS%202017/2448.pdf HTTP/1.0" 200 2410191
156.59.198.135 - - [04/Jan/2024:18:55:43 -0500] "GET /BLA/resoluciones/AUTOS%202017/3466.pdf HTTP/1.0" 200 988275
216.245.221.92 - - [04/Jan/2024:18:55:43 -0500] "HEAD / HTTP/1.1" 200 -
34.147.52.199 - - [04/Jan/2024:18:55:44 -0500] "GET /distrito-exalto-a-246-empresas-de-bogota-por-su-alto-desempeno-y-responsabilidad-ambiental-durante-2023.html HTTP/1.1" 200 1039
216.244.66.195 - - [04/Jan/2024:18:55:47 -0500] "GET /robots.txt HTTP/1.1" 404 1018
156.59.198.136 - - [04/Jan/2024:18:56:07 -0500] "GET /BLA/resoluciones/AUTOS%202017/3895.pdf HTTP/1.0" 200 270036
186.114.101.109 - - [04/Jan/2024:18:56:10 -0500] "GET /favicon.ico HTTP/1.1" 200 7782
172.22.2.4 - - [04/Jan/2024:18:54:35 -0500] "HEAD /BLA/boletinlegal/ HTTP/1.1" 200 -
186.114.101.109 - - [04/Jan/2024:18:56:15 -0500] "GET /BLA/resoluciones/index.php HTTP/1.1" 200 13696
186.114.101.109 - - [04/Jan/2024:18:56:22 -0500] "GET /BLA/resoluciones/index.php?dir=RESOLUCIONES+2019%2F HTTP/1.1" 200 262433
156.59.198.136 - - [04/Jan/2024:18:56:30 -0500] "GET /BLA/resoluciones/AUTOS%202008/0643.pdf HTTP/1.0" 200 66832
156.59.198.136 - - [04/Jan/2024:18:56:56 -0500] "GET /BLA/resoluciones/AUTOS%202008/1000.pdf HTTP/1.0" 200 82901
172.22.2.4 - - [04/Jan/2024:18:55:25 -0500] "GET /BLA/boletinlegal/ HTTP/1.1" 200 58567
156.59.198.136 - - [04/Jan/2024:18:57:20 -0500] "GET /BLA/resoluciones/AUTOS%202008/0793.pdf HTTP/1.0" 200 68394
