186.31.150.99 - - [04/Jan/2024:07:46:57 -0500] "POST /appsia/controlador HTTP/1.1" 200 3597
186.31.150.99 - - [04/Jan/2024:07:46:57 -0500] "GET /appsia/jscripts/validarSolicitud.js HTTP/1.1" 404 68
66.249.66.20 - - [04/Jan/2024:07:47:06 -0500] "GET /BLA/resoluciones/RESOLUCIONES%202010/2029.pdf HTTP/1.1" 200 347510
186.31.150.99 - - [04/Jan/2024:07:50:10 -0500] "POST /appsia/controlador HTTP/1.1" 200 3597
186.31.150.99 - - [04/Jan/2024:07:50:12 -0500] "GET /appsia/jscripts/validarSolicitud.js HTTP/1.1" 404 68
191.156.224.83 - - [04/Jan/2024:07:50:13 -0500] "GET /el-distrito-inicio-la-implementacion-de-los-paisajes-sostenibles-una-estrategia-de-cuidado-ambiental-con-enfoque-agroecologico.html HTTP/1.1" 200 935
173.252.79.10 - - [04/Jan/2024:07:50:38 -0500] "GET /images/Musgo%2017%20-%2012%20-%202023.jpeg HTTP/1.1" 200 66238
216.245.221.92 - - [04/Jan/2024:07:50:45 -0500] "HEAD / HTTP/1.1" 200 -
172.22.2.4 - - [04/Jan/2024:07:49:25 -0500] "HEAD /BLA/boletinlegal/ HTTP/1.1" 200 -
40.77.167.25 - - [04/Jan/2024:07:51:17 -0500] "GET /BLA/resoluciones/AUTOS%202023/4705.pdf HTTP/1.1" 304 -
172.22.2.4 - - [04/Jan/2024:07:50:16 -0500] "GET /BLA/boletinlegal/ HTTP/1.1" 200 60910
40.77.167.101 - - [04/Jan/2024:07:52:53 -0500] "GET /robots.txt HTTP/1.1" 404 1034
40.77.167.26 - - [04/Jan/2024:07:53:02 -0500] "GET /incendios-forestales-como-prevenirlos-y-aportar-al-cuidado-de-los-ecosistemas.html HTTP/1.1" 304 -
181.61.39.98 - - [04/Jan/2024:07:53:11 -0500] "GET /appsia/controlador HTTP/1.1" 200 4799
181.61.39.98 - - [04/Jan/2024:07:53:11 -0500] "GET /appsia/css/estilos.css HTTP/1.1" 200 4804
181.61.39.98 - - [04/Jan/2024:07:53:11 -0500] "GET /appsia/scripts/validarIngreso.js HTTP/1.1" 200 851
181.61.39.98 - - [04/Jan/2024:07:53:11 -0500] "GET /appsia/images/logo_bogota_p.png HTTP/1.1" 200 14951
181.61.39.98 - - [04/Jan/2024:07:53:11 -0500] "GET /appsia/images/cabezoteHojaVida.png HTTP/1.1" 200 32493
181.61.39.98 - - [04/Jan/2024:07:53:17 -0500] "POST /appsia/controlador HTTP/1.1" 200 5437
181.61.39.98 - - [04/Jan/2024:07:53:21 -0500] "POST /appsia/controlador HTTP/1.1" 200 7799
181.61.39.98 - - [04/Jan/2024:07:53:26 -0500] "POST /appsia/controlador HTTP/1.1" 200 5258
181.61.39.98 - - [04/Jan/2024:07:53:30 -0500] "GET /appsia/controlador?comando=regresar&id=35463043&funcionario=MARTHA+MARGARITA+VILLEGAS+HERNANDEZ&desde=35463043&hasta=35463043&version=35463043 HTTP/1.1" 200 7799
181.61.39.98 - - [04/Jan/2024:07:53:43 -0500] "POST /appsia/controlador HTTP/1.1" 200 5258
181.61.39.98 - - [04/Jan/2024:07:53:47 -0500] "GET /appsia/controlador?comando=regresar&id=35463043&funcionario=MARTHA+MARGARITA+VILLEGAS+HERNANDEZ&desde=35463043&hasta=35463043&version=35463043 HTTP/1.1" 200 7799
181.61.39.98 - - [04/Jan/2024:07:53:58 -0500] "POST /appsia/controlador HTTP/1.1" 200 6664
181.61.39.98 - - [04/Jan/2024:07:54:01 -0500] "POST /appsia/controlador HTTP/1.1" 200 9871
216.245.221.92 - - [04/Jan/2024:07:55:45 -0500] "HEAD / HTTP/1.1" 200 -
191.95.52.157 - - [04/Jan/2024:07:55:46 -0500] "GET /investigadores-del-jardin-botanico-de-bogota-descubren-primera-especie-de-cedro-endemica-de-colombia.html?fbclid=IwAR04NccnM3NIy6VDi7LdhKfVlq7stkbuCqFY5AHj5Q2jQ-qFWoACG-Sgllw HTTP/1.1" 200 1003
66.249.66.20 - - [04/Jan/2024:07:55:48 -0500] "GET /BLA/resoluciones/RESOLUCIONES%202010/1989.pdf HTTP/1.1" 200 339200
172.22.2.4 - - [04/Jan/2024:07:55:15 -0500] "HEAD /BLA/boletinlegal/ HTTP/1.1" 200 -
47.128.55.229 - - [04/Jan/2024:07:57:12 -0500] "GET /BLA/resoluciones/index.php?dir=RESOLUCIONES+2006%2FRES+2006++2851-2900%2F HTTP/1.1" 200 12177
47.128.55.229 - - [04/Jan/2024:07:57:12 -0500] "GET /BLA/resoluciones/dlf/unknown.png HTTP/1.1" 200 266
47.128.55.229 - - [04/Jan/2024:07:57:12 -0500] "GET /BLA/resoluciones/dlf/dirup.png HTTP/1.1" 200 644
173.252.107.4 - - [04/Jan/2024:07:57:14 -0500] "GET /investigadores-del-jardin-botanico-de-bogota-descubren-primera-especie-de-cedro-endemica-de-colombia.html HTTP/1.1" 200 1003
47.128.31.41 - - [04/Jan/2024:07:57:35 -0500] "GET /BLA/resoluciones/index.php?dir=RESOLUCIONES+2003%2FRES+2003+951-1000%2F HTTP/1.1" 200 11179
47.128.31.41 - - [04/Jan/2024:07:57:36 -0500] "GET /BLA/resoluciones/dlf/dirup.png HTTP/1.1" 200 644
47.128.31.41 - - [04/Jan/2024:07:57:36 -0500] "GET /BLA/resoluciones/dlf/unknown.png HTTP/1.1" 200 266
172.22.2.4 - - [04/Jan/2024:07:56:06 -0500] "GET /BLA/boletinlegal/ HTTP/1.1" 200 60910
47.128.124.18 - - [04/Jan/2024:07:57:59 -0500] "GET /BLA/resoluciones/index.php?dir=RESOLUCIONES%202007%2FRES%202007%203001%20AL%203100%2F&order=asc&sort=date HTTP/1.1" 200 26891
47.128.124.18 - - [04/Jan/2024:07:58:00 -0500] "GET /BLA/resoluciones/dlf/dirup.png HTTP/1.1" 200 644
47.128.124.18 - - [04/Jan/2024:07:58:00 -0500] "GET /BLA/resoluciones/dlf/pdf.gif HTTP/1.1" 200 272
47.128.45.229 - - [04/Jan/2024:07:58:34 -0500] "GET /BLA/resoluciones/dlf/dirup.png HTTP/1.1" 200 644
47.128.45.229 - - [04/Jan/2024:07:58:34 -0500] "GET /BLA/resoluciones/dlf/pdf.gif HTTP/1.1" 200 272
47.128.45.229 - - [04/Jan/2024:07:58:32 -0500] "GET /BLA/resoluciones/index.php?dir=Notificaciones%2FAUTOS+2022%2F HTTP/1.1" 200 166820
47.128.119.224 - - [04/Jan/2024:07:59:15 -0500] "GET /BLA/resoluciones/index.php?dir=RESOLUCIONES%202002%2FRES%202002%201901-1950%2F&order=asc&sort=date HTTP/1.1" 200 12149
47.128.119.224 - - [04/Jan/2024:07:59:16 -0500] "GET /BLA/resoluciones/dlf/dirup.png HTTP/1.1" 200 644
47.128.119.224 - - [04/Jan/2024:07:59:16 -0500] "GET /BLA/resoluciones/dlf/unknown.png HTTP/1.1" 200 266
47.128.49.113 - - [04/Jan/2024:07:59:16 -0500] "GET /BLA/resoluciones/index.php?dir=RESOLUCIONES+2005%2FRES+2005+851-900%2F HTTP/1.1" 200 12242
47.128.49.113 - - [04/Jan/2024:07:59:19 -0500] "GET /BLA/resoluciones/dlf/dirup.png HTTP/1.1" 200 644
47.128.49.113 - - [04/Jan/2024:07:59:20 -0500] "GET /BLA/resoluciones/dlf/unknown.png HTTP/1.1" 200 266
47.128.120.70 - - [04/Jan/2024:07:59:35 -0500] "GET /BLA/resoluciones/index.php?dir=RESOLUCIONES%202002%2FRES%202002%201401-1450%2F&order=asc&sort=size HTTP/1.1" 200 12162
47.128.120.70 - - [04/Jan/2024:07:59:36 -0500] "GET /BLA/resoluciones/dlf/dirup.png HTTP/1.1" 200 644
47.128.120.70 - - [04/Jan/2024:07:59:36 -0500] "GET /BLA/resoluciones/dlf/unknown.png HTTP/1.1" 200 266
47.128.96.155 - - [04/Jan/2024:08:00:06 -0500] "GET /BLA/resoluciones/index.php?dir=AUTOS%202006%2FAUTOS%202006%202301%20-%202400%2F&order=asc&sort=date HTTP/1.1" 200 22197
47.128.96.155 - - [04/Jan/2024:08:00:08 -0500] "GET /BLA/resoluciones/dlf/unknown.png HTTP/1.1" 200 266
47.128.96.155 - - [04/Jan/2024:08:00:08 -0500] "GET /BLA/resoluciones/dlf/dirup.png HTTP/1.1" 200 644
47.128.38.184 - - [04/Jan/2024:08:00:24 -0500] "GET /BLA/resoluciones/index.php?dir=RESOLUCIONES%202002%2FRES%202002%201751-1800%2F&order=asc&sort=date HTTP/1.1" 200 12156
47.128.38.184 - - [04/Jan/2024:08:00:25 -0500] "GET /BLA/resoluciones/dlf/dirup.png HTTP/1.1" 200 644
47.128.38.184 - - [04/Jan/2024:08:00:25 -0500] "GET /BLA/resoluciones/dlf/unknown.png HTTP/1.1" 200 266
216.245.221.92 - - [04/Jan/2024:08:00:45 -0500] "HEAD / HTTP/1.1" 200 -
47.128.126.69 - - [04/Jan/2024:08:00:50 -0500] "GET /BLA/resoluciones/dlf/unknown.png HTTP/1.1" 200 266
47.128.126.69 - - [04/Jan/2024:08:00:50 -0500] "GET /BLA/resoluciones/dlf/dirup.png HTTP/1.1" 200 644
47.128.126.69 - - [04/Jan/2024:08:00:49 -0500] "GET /BLA/resoluciones/index.php?dir=RESOLUCIONES+2006%2FRES+2006+2201-2250%2F HTTP/1.1" 200 12366
66.249.66.20 - - [04/Jan/2024:08:01:00 -0500] "GET /portel_dama/libreria/pdf/ecosistemas/restauracion/sitio/22_proye/xtras_in/3a.pdf HTTP/1.1" 404 1018
186.86.32.96 - - [04/Jan/2024:08:01:12 -0500] "GET /appsia/controlador HTTP/1.1" 200 4799
47.128.38.207 - - [04/Jan/2024:08:01:12 -0500] "GET /BLA/resoluciones/dlf/dirup.png HTTP/1.1" 200 644
47.128.38.207 - - [04/Jan/2024:08:01:12 -0500] "GET /BLA/resoluciones/dlf/unknown.png HTTP/1.1" 200 266
186.86.32.96 - - [04/Jan/2024:08:01:12 -0500] "GET /appsia/css/estilos.css HTTP/1.1" 200 4804
186.86.32.96 - - [04/Jan/2024:08:01:12 -0500] "GET /appsia/scripts/validarIngreso.js HTTP/1.1" 200 851
186.86.32.96 - - [04/Jan/2024:08:01:12 -0500] "GET /appsia/images/cabezoteHojaVida.png HTTP/1.1" 200 32493
186.86.32.96 - - [04/Jan/2024:08:01:12 -0500] "GET /appsia/images/logo_bogota_p.png HTTP/1.1" 200 14951
186.86.32.96 - - [04/Jan/2024:08:01:13 -0500] "GET /favicon.ico HTTP/1.1" 200 7782
47.128.38.207 - - [04/Jan/2024:08:01:11 -0500] "GET /BLA/resoluciones/index.php?dir=RESOLUCIONES%202005%2FRES%202005%202651-2700%2F&order=asc&sort=size HTTP/1.1" 200 12369
186.86.32.96 - - [04/Jan/2024:08:01:16 -0500] "POST /appsia/controlador HTTP/1.1" 200 5437
186.86.32.96 - - [04/Jan/2024:08:01:17 -0500] "POST /appsia/controlador HTTP/1.1" 200 7787
186.86.32.96 - - [04/Jan/2024:08:01:18 -0500] "POST /appsia/controlador HTTP/1.1" 200 5252
186.86.32.96 - - [04/Jan/2024:08:01:20 -0500] "GET /appsia/controlador?comando=ingresarMenuPrincipal&id=1073236405&funcionario=JUAN+SEBASTIAN+HERRERA+JARA&desde=1073236405&hasta=1073236405&version=1073236405&accion=Regresar HTTP/1.1" 200 5437
186.86.32.96 - - [04/Jan/2024:08:01:21 -0500] "POST /appsia/controlador HTTP/1.1" 200 7787
186.86.32.96 - - [04/Jan/2024:08:01:26 -0500] "POST /appsia/controlador HTTP/1.1" 200 6660
47.128.53.177 - - [04/Jan/2024:08:01:42 -0500] "GET /BLA/resoluciones/index.php?dir=RESOLUCIONES%202005%2FRES%202005%202051-2100%2F&order=desc&sort=name HTTP/1.1" 200 12351
47.128.53.177 - - [04/Jan/2024:08:01:43 -0500] "GET /BLA/resoluciones/dlf/dirup.png HTTP/1.1" 200 644
47.128.53.177 - - [04/Jan/2024:08:01:43 -0500] "GET /BLA/resoluciones/dlf/unknown.png HTTP/1.1" 200 266
47.128.97.104 - - [04/Jan/2024:08:02:03 -0500] "GET /BLA/resoluciones/index.php?dir=RESOLUCIONES%202005%2FRES%202005%201051-1100%2F&order=asc&sort=date HTTP/1.1" 200 3976
47.128.97.104 - - [04/Jan/2024:08:02:04 -0500] "GET /BLA/resoluciones/dlf/unknown.png HTTP/1.1" 200 266
47.128.97.104 - - [04/Jan/2024:08:02:04 -0500] "GET /BLA/resoluciones/dlf/dirup.png HTTP/1.1" 200 644
47.128.59.143 - - [04/Jan/2024:08:02:25 -0500] "GET /BLA/resoluciones/dlf/doc.gif HTTP/1.1" 200 1079
47.128.59.143 - - [04/Jan/2024:08:02:25 -0500] "GET /BLA/resoluciones/dlf/dirup.png HTTP/1.1" 200 644
47.128.59.143 - - [04/Jan/2024:08:02:25 -0500] "GET /BLA/resoluciones/dlf/pdf.gif HTTP/1.1" 200 272
172.22.2.4 - - [04/Jan/2024:08:01:05 -0500] "HEAD /BLA/boletinlegal/ HTTP/1.1" 200 -
47.128.59.143 - - [04/Jan/2024:08:02:23 -0500] "GET /BLA/resoluciones/index.php?dir=Notificaciones%2FAUTOS+2014%2F HTTP/1.1" 200 307884
186.86.32.96 - - [04/Jan/2024:08:02:57 -0500] "GET /appsia/controlador?comando=regresar&id=1073236405&funcionario=JUAN+SEBASTIAN+HERRERA+JARA&desde=1073236405&hasta=1073236405&version=1073236405 HTTP/1.1" 200 7787
186.86.32.96 - - [04/Jan/2024:08:03:01 -0500] "POST /appsia/controlador HTTP/1.1" 200 6660
186.86.32.96 - - [04/Jan/2024:08:03:05 -0500] "POST /appsia/controlador HTTP/1.1" 200 7996
186.86.32.96 - - [04/Jan/2024:08:03:15 -0500] "POST /appsia/controlador HTTP/1.1" 200 7787
186.86.32.96 - - [04/Jan/2024:08:03:20 -0500] "POST /appsia/controlador HTTP/1.1" 200 6660
186.86.32.96 - - [04/Jan/2024:08:03:21 -0500] "POST /appsia/controlador HTTP/1.1" 200 9509
172.22.2.4 - - [04/Jan/2024:08:01:56 -0500] "GET /BLA/boletinlegal/ HTTP/1.1" 200 58567
186.86.32.96 - - [04/Jan/2024:08:03:43 -0500] "POST /appsia/controlador HTTP/1.1" 200 7787
186.86.32.96 - - [04/Jan/2024:08:03:46 -0500] "POST /appsia/controlador HTTP/1.1" 200 6660
186.86.32.96 - - [04/Jan/2024:08:03:48 -0500] "POST /appsia/controlador HTTP/1.1" 200 9126
186.86.32.96 - - [04/Jan/2024:08:04:00 -0500] "POST /appsia/controlador HTTP/1.1" 200 7787
186.86.32.96 - - [04/Jan/2024:08:04:04 -0500] "POST /appsia/controlador HTTP/1.1" 200 6660
186.86.32.96 - - [04/Jan/2024:08:04:06 -0500] "POST /appsia/controlador HTTP/1.1" 200 9126
186.86.32.96 - - [04/Jan/2024:08:04:14 -0500] "POST /appsia/controlador HTTP/1.1" 200 7787
186.86.32.96 - - [04/Jan/2024:08:04:20 -0500] "POST /appsia/controlador HTTP/1.1" 200 6660
186.86.32.96 - - [04/Jan/2024:08:04:22 -0500] "POST /appsia/controlador HTTP/1.1" 200 9126
186.86.32.96 - - [04/Jan/2024:08:04:28 -0500] "POST /appsia/controlador HTTP/1.1" 200 7787
186.86.32.96 - - [04/Jan/2024:08:04:32 -0500] "POST /appsia/controlador HTTP/1.1" 200 6660
186.86.32.96 - - [04/Jan/2024:08:04:34 -0500] "POST /appsia/controlador HTTP/1.1" 200 9870
186.86.32.96 - - [04/Jan/2024:08:04:49 -0500] "POST /appsia/controlador HTTP/1.1" 200 7787
186.86.32.96 - - [04/Jan/2024:08:05:02 -0500] "POST /appsia/controlador HTTP/1.1" 200 6660
186.86.32.96 - - [04/Jan/2024:08:05:03 -0500] "POST /appsia/controlador HTTP/1.1" 200 9126
186.86.32.96 - - [04/Jan/2024:08:05:32 -0500] "POST /appsia/controlador HTTP/1.1" 200 7787
186.86.32.96 - - [04/Jan/2024:08:05:35 -0500] "POST /appsia/controlador HTTP/1.1" 200 5252
186.86.32.96 - - [04/Jan/2024:08:05:36 -0500] "GET /appsia/controlador?comando=ingresarMenuPrincipal&id=1073236405&funcionario=JUAN+SEBASTIAN+HERRERA+JARA&desde=1073236405&hasta=1073236405&version=1073236405&accion=Regresar HTTP/1.1" 200 5437
186.86.32.96 - - [04/Jan/2024:08:05:38 -0500] "POST /appsia/controlador HTTP/1.1" 200 7787
186.86.32.96 - - [04/Jan/2024:08:05:42 -0500] "POST /appsia/controlador HTTP/1.1" 200 6660
186.86.32.96 - - [04/Jan/2024:08:05:43 -0500] "POST /appsia/controlador HTTP/1.1" 200 9473
216.245.221.92 - - [04/Jan/2024:08:05:45 -0500] "HEAD / HTTP/1.1" 200 -
186.86.32.96 - - [04/Jan/2024:08:06:13 -0500] "POST /appsia/controlador HTTP/1.1" 200 7787
186.86.32.96 - - [04/Jan/2024:08:06:20 -0500] "POST /appsia/controlador HTTP/1.1" 200 6660
186.86.32.96 - - [04/Jan/2024:08:06:21 -0500] "POST /appsia/controlador HTTP/1.1" 200 9473
66.249.66.21 - - [04/Jan/2024:08:06:35 -0500] "GET /BLA/resoluciones/Notificaciones/AUTOS%202022/8562.pdf HTTP/1.1" 200 984942
186.86.32.96 - - [04/Jan/2024:08:06:46 -0500] "POST /appsia/controlador HTTP/1.1" 200 7787
186.86.32.96 - - [04/Jan/2024:08:06:49 -0500] "POST /appsia/controlador HTTP/1.1" 200 5252
186.86.32.96 - - [04/Jan/2024:08:06:50 -0500] "GET /appsia/controlador?comando=regresar&id=1073236405&funcionario=JUAN+SEBASTIAN+HERRERA+JARA&desde=1073236405&hasta=1073236405&version=1073236405 HTTP/1.1" 200 7787
186.86.32.96 - - [04/Jan/2024:08:06:55 -0500] "POST /appsia/controlador HTTP/1.1" 200 6660
186.86.32.96 - - [04/Jan/2024:08:06:57 -0500] "POST /appsia/controlador HTTP/1.1" 200 9473
186.86.32.96 - - [04/Jan/2024:08:07:05 -0500] "POST /appsia/controlador HTTP/1.1" 200 7787
186.86.32.96 - - [04/Jan/2024:08:07:10 -0500] "POST /appsia/controlador HTTP/1.1" 200 6660
186.86.32.96 - - [04/Jan/2024:08:07:10 -0500] "POST /appsia/controlador HTTP/1.1" 200 9473
186.86.32.96 - - [04/Jan/2024:08:07:15 -0500] "POST /appsia/controlador HTTP/1.1" 200 7787
186.86.32.96 - - [04/Jan/2024:08:07:20 -0500] "POST /appsia/controlador HTTP/1.1" 200 6660
186.86.32.96 - - [04/Jan/2024:08:07:21 -0500] "POST /appsia/controlador HTTP/1.1" 200 10217
186.86.32.96 - - [04/Jan/2024:08:07:48 -0500] "POST /appsia/controlador HTTP/1.1" 200 7787
186.86.32.96 - - [04/Jan/2024:08:07:51 -0500] "POST /appsia/controlador HTTP/1.1" 200 6660
186.86.32.96 - - [04/Jan/2024:08:07:52 -0500] "POST /appsia/controlador HTTP/1.1" 200 9862
186.86.32.96 - - [04/Jan/2024:08:08:35 -0500] "POST /appsia/controlador HTTP/1.1" 200 7787
172.22.2.4 - - [04/Jan/2024:08:06:55 -0500] "HEAD /BLA/boletinlegal/ HTTP/1.1" 200 -
186.86.32.96 - - [04/Jan/2024:08:08:40 -0500] "POST /appsia/controlador HTTP/1.1" 200 6660
186.86.32.96 - - [04/Jan/2024:08:08:42 -0500] "POST /appsia/controlador HTTP/1.1" 200 10600
66.249.66.20 - - [04/Jan/2024:08:09:25 -0500] "GET /Publicaciones/2023EE233230.pdf HTTP/1.1" 404 228
172.22.2.4 - - [04/Jan/2024:08:07:46 -0500] "GET /BLA/boletinlegal/ HTTP/1.1" 200 58567
172.22.2.4 - - [04/Jan/2024:08:09:40 -0500] "GET /BLA/boletinlegal/actos.php HTTP/1.1" 200 9648
172.22.2.4 - - [04/Jan/2024:08:09:41 -0500] "GET /BLA/boletinlegal/favicon.ico HTTP/1.1" 404 1230
172.22.2.4 - - [04/Jan/2024:08:09:45 -0500] "GET /BLA/boletinlegal/consulta_actos.php?tipo=resoluciones&no=&usuario=&sector=&fecha=2023&resuelve= HTTP/1.1" 200 417464
186.86.32.96 - - [04/Jan/2024:08:10:08 -0500] "POST /appsia/controlador HTTP/1.1" 200 7787
186.86.32.96 - - [04/Jan/2024:08:10:08 -0500] "POST /appsia/controlador HTTP/1.1" 200 7787
186.86.32.96 - - [04/Jan/2024:08:10:13 -0500] "POST /appsia/controlador HTTP/1.1" 200 6660
186.86.32.96 - - [04/Jan/2024:08:10:15 -0500] "POST /appsia/controlador HTTP/1.1" 200 9830
186.86.32.96 - - [04/Jan/2024:08:10:37 -0500] "POST /appsia/controlador HTTP/1.1" 200 7787
186.86.32.96 - - [04/Jan/2024:08:10:41 -0500] "POST /appsia/controlador HTTP/1.1" 200 5252
186.86.32.96 - - [04/Jan/2024:08:10:42 -0500] "GET /appsia/controlador?comando=ingresarMenuPrincipal&id=1073236405&funcionario=JUAN+SEBASTIAN+HERRERA+JARA&desde=1073236405&hasta=1073236405&version=1073236405&accion=Regresar HTTP/1.1" 200 5437
186.86.32.96 - - [04/Jan/2024:08:10:43 -0500] "POST /appsia/controlador HTTP/1.1" 200 7787
216.245.221.92 - - [04/Jan/2024:08:10:45 -0500] "HEAD / HTTP/1.1" 200 -
186.86.32.96 - - [04/Jan/2024:08:10:48 -0500] "POST /appsia/controlador HTTP/1.1" 200 6660
186.86.32.96 - - [04/Jan/2024:08:10:49 -0500] "POST /appsia/controlador HTTP/1.1" 200 11355
216.244.66.195 - - [04/Jan/2024:08:11:48 -0500] "GET /BLA/resoluciones/AUTOS%202013/2911.pdf HTTP/1.1" 200 512969
172.22.2.4 - - [04/Jan/2024:08:11:55 -0500] "GET /BLA/boletinlegal/Directivas/2014/Directiva%20No.%201%20del%2010%20de%20Abril%20de%202014.pdf HTTP/1.1" 200 258865
216.244.66.195 - - [04/Jan/2024:08:11:56 -0500] "GET /BLA/resoluciones/AUTOS%202014/0781.pdf HTTP/1.1" 200 412166
186.86.32.96 - - [04/Jan/2024:08:12:05 -0500] "POST /appsia/controlador HTTP/1.1" 200 7787
216.244.66.195 - - [04/Jan/2024:08:12:05 -0500] "GET /BLA/resoluciones/AUTOS%202014/1110.pdf HTTP/1.1" 200 359068
66.249.66.77 - - [04/Jan/2024:08:12:05 -0500] "GET /portaldeninos/2021/07/01/en-fotos-conoce-algunos-de-los-lugares-mas-biodiversos-de-bogota/ HTTP/1.1" 200 100987
186.86.32.96 - - [04/Jan/2024:08:12:08 -0500] "POST /appsia/controlador HTTP/1.1" 200 5252
186.86.32.96 - - [04/Jan/2024:08:12:09 -0500] "GET /appsia/controlador?comando=regresar&id=1073236405&funcionario=JUAN+SEBASTIAN+HERRERA+JARA&desde=1073236405&hasta=1073236405&version=1073236405 HTTP/1.1" 200 7787
216.244.66.195 - - [04/Jan/2024:08:12:11 -0500] "GET /BLA/resoluciones/AUTOS%202014/1126.pdf HTTP/1.1" 200 401679
66.249.66.76 - - [04/Jan/2024:08:12:12 -0500] "GET /portaldeninos/wp-content/themes/betheme/style.css?ver=20.9.6 HTTP/1.1" 200 287
172.22.2.4 - - [04/Jan/2024:08:12:12 -0500] "GET /BLA/boletinlegal/admin/ HTTP/1.1" 200 2324
172.22.2.4 - - [04/Jan/2024:08:12:12 -0500] "GET /BLA/boletinlegal/admin/index_files/style.css HTTP/1.1" 200 6223
172.22.2.4 - - [04/Jan/2024:08:12:12 -0500] "GET /BLA/boletinlegal/favicon.ico HTTP/1.1" 404 1320
172.22.2.4 - - [04/Jan/2024:08:12:12 -0500] "GET /BLA/boletinlegal/admin/images/bg.png HTTP/1.1" 200 332965
66.249.66.75 - - [04/Jan/2024:08:12:13 -0500] "GET /portaldeninos/wp-content/plugins/gallery-videos/JS/Total-Soft-Gallery-Video-Widget.js?ver=4.9.8 HTTP/1.1" 200 80264
186.86.32.96 - - [04/Jan/2024:08:12:13 -0500] "POST /appsia/controlador HTTP/1.1" 200 6660
66.249.66.76 - - [04/Jan/2024:08:12:14 -0500] "GET /portaldeninos/wp-content/themes/betheme/css/layout.css?ver=20.9.6 HTTP/1.1" 200 116639
186.86.32.96 - - [04/Jan/2024:08:12:15 -0500] "POST /appsia/controlador HTTP/1.1" 200 9478
66.249.66.75 - - [04/Jan/2024:08:12:15 -0500] "GET /portaldeninos/wp-includes/js/jquery/ui/widget.min.js?ver=1.11.4 HTTP/1.1" 200 6908
66.249.66.75 - - [04/Jan/2024:08:12:16 -0500] "GET /portaldeninos/wp-content/plugins/gallery-videos/JS/modernizr.custom.js?ver=4.9.8 HTTP/1.1" 200 9019
66.249.66.75 - - [04/Jan/2024:08:12:17 -0500] "GET /portaldeninos/wp-content/themes/betheme/css/base.css?ver=20.9.6 HTTP/1.1" 200 57283
216.244.66.195 - - [04/Jan/2024:08:12:17 -0500] "GET /BLA/resoluciones/AUTOS%202014/1134.pdf HTTP/1.1" 200 340623
66.249.66.75 - - [04/Jan/2024:08:12:18 -0500] "GET /portaldeninos/wp-includes/js/jquery/jquery.js?ver=1.12.4 HTTP/1.1" 200 97184
66.249.66.75 - - [04/Jan/2024:08:12:19 -0500] "GET /portaldeninos/wp-content/plugins/gallery-videos/CSS/Total-Soft-Gallery-Video-Widget.css?ver=4.9.8 HTTP/1.1" 200 51554
216.244.66.195 - - [04/Jan/2024:08:12:22 -0500] "GET /BLA/resoluciones/AUTOS%202014/1276.pdf HTTP/1.1" 200 473366
216.244.66.195 - - [04/Jan/2024:08:12:29 -0500] "GET /BLA/resoluciones/AUTOS%202014/1618.pdf HTTP/1.1" 200 432447
216.244.66.195 - - [04/Jan/2024:08:12:34 -0500] "GET /BLA/resoluciones/AUTOS%202014/1915.pdf HTTP/1.1" 200 425080
216.244.66.195 - - [04/Jan/2024:08:12:39 -0500] "GET /BLA/resoluciones/AUTOS%202014/2144.pdf HTTP/1.1" 200 425791
216.244.66.195 - - [04/Jan/2024:08:12:43 -0500] "GET /BLA/resoluciones/RESOLUCIONES%202011/0268.pdf HTTP/1.1" 200 72161
216.244.66.195 - - [04/Jan/2024:08:12:46 -0500] "GET /BLA/resoluciones/RESOLUCIONES%202011/0410.pdf HTTP/1.1" 200 74907
216.244.66.195 - - [04/Jan/2024:08:12:49 -0500] "GET /BLA/resoluciones/RESOLUCIONES%202011/0458.pdf HTTP/1.1" 200 66037
186.86.32.96 - - [04/Jan/2024:08:12:49 -0500] "POST /appsia/controlador HTTP/1.1" 200 7787
216.244.66.195 - - [04/Jan/2024:08:12:51 -0500] "GET /BLA/resoluciones/RESOLUCIONES%202011/0913.pdf HTTP/1.1" 200 71007
216.244.66.195 - - [04/Jan/2024:08:12:53 -0500] "GET /BLA/resoluciones/RESOLUCIONES%202011/1031.pdf HTTP/1.1" 200 65845
216.244.66.195 - - [04/Jan/2024:08:12:56 -0500] "GET /BLA/resoluciones/RESOLUCIONES%202011/1302.pdf HTTP/1.1" 200 74663
186.86.32.96 - - [04/Jan/2024:08:12:57 -0500] "POST /appsia/controlador HTTP/1.1" 200 6660
186.86.32.96 - - [04/Jan/2024:08:12:58 -0500] "POST /appsia/controlador HTTP/1.1" 200 10576
186.86.32.96 - - [04/Jan/2024:08:13:24 -0500] "POST /appsia/controlador HTTP/1.1" 200 7787
186.86.32.96 - - [04/Jan/2024:08:13:29 -0500] "POST /appsia/controlador HTTP/1.1" 200 6660
186.86.32.96 - - [04/Jan/2024:08:13:30 -0500] "POST /appsia/controlador HTTP/1.1" 200 12855
172.225.238.110 - - [04/Jan/2024:08:14:18 -0500] "GET /kwsrmcab/Wsrmcab HTTP/1.1" 405 22
191.156.152.23 - - [04/Jan/2024:08:14:19 -0500] "GET /favicon.ico HTTP/1.1" 200 7782
172.225.238.110 - - [04/Jan/2024:08:14:25 -0500] "GET /kwsrmcab/Wsrmcab HTTP/1.1" 405 22
172.22.2.4 - - [04/Jan/2024:08:12:45 -0500] "HEAD /BLA/boletinlegal/ HTTP/1.1" 200 -
172.22.2.4 - - [04/Jan/2024:08:13:36 -0500] "GET /BLA/boletinlegal/ HTTP/1.1" 200 60502
191.156.152.188 - - [04/Jan/2024:08:15:17 -0500] "GET /kwsrmcab/Wsrmcab HTTP/1.1" 405 22
172.22.2.4 - - [04/Jan/2024:08:15:28 -0500] "GET /BLA/boletinlegal/robots.txt HTTP/1.1" 404 1037
172.22.2.4 - - [04/Jan/2024:08:15:28 -0500] "GET /BLA/boletinlegal/Circulares/2023/CIRCULAR%20No.%2000005%20DEL%2013%20DE%20JUNIO%20DEL%202023.pdf HTTP/1.1" 200 3638854
47.128.17.71 - - [04/Jan/2024:08:15:33 -0500] "GET /BLA/resoluciones/index.php?dir=Notificaciones%2FAUTOS%200203%2F&order=asc&sort=date HTTP/1.1" 200 2200
47.128.17.71 - - [04/Jan/2024:08:15:33 -0500] "GET /BLA/resoluciones/dlf/dirup.png HTTP/1.1" 200 644
47.128.17.71 - - [04/Jan/2024:08:15:34 -0500] "GET /BLA/resoluciones/dlf/pdf.gif HTTP/1.1" 200 272
186.86.32.96 - - [04/Jan/2024:08:15:40 -0500] "POST /appsia/controlador HTTP/1.1" 200 7787
216.245.221.92 - - [04/Jan/2024:08:15:45 -0500] "HEAD / HTTP/1.1" 200 -
186.86.32.96 - - [04/Jan/2024:08:15:45 -0500] "POST /appsia/controlador HTTP/1.1" 200 6660
173.252.107.1 - - [04/Jan/2024:08:15:46 -0500] "GET /las-mujeres-reverdecen-bogota-en-el-dia-mundial-de-los-humedales.html HTTP/1.1" 200 900
186.86.32.96 - - [04/Jan/2024:08:15:47 -0500] "POST /appsia/controlador HTTP/1.1" 200 9830
173.252.79.2 - - [04/Jan/2024:08:15:47 -0500] "GET /images/mujeres-reverdecen-humedales-2-febrero.jpg HTTP/1.1" 200 47327
47.128.116.54 - - [04/Jan/2024:08:15:54 -0500] "GET /BLA/resoluciones/index.php?dir=RESOLUCIONES%202002%2FRES%202002%20901-950%2F&order=desc&sort=name HTTP/1.1" 200 12467
47.128.116.54 - - [04/Jan/2024:08:15:55 -0500] "GET /BLA/resoluciones/dlf/unknown.png HTTP/1.1" 200 266
47.128.116.54 - - [04/Jan/2024:08:15:55 -0500] "GET /BLA/resoluciones/dlf/dirup.png HTTP/1.1" 200 644
47.128.116.54 - - [04/Jan/2024:08:15:55 -0500] "GET /BLA/resoluciones/dlf/pdf.gif HTTP/1.1" 200 272
181.78.79.131 - - [04/Jan/2024:08:16:04 -0500] "POST /kwsrmcab/Wsrmcab HTTP/1.1" 200 237
186.86.32.96 - - [04/Jan/2024:08:16:07 -0500] "POST /appsia/controlador HTTP/1.1" 200 7787
186.86.32.96 - - [04/Jan/2024:08:16:10 -0500] "POST /appsia/controlador HTTP/1.1" 200 6660
186.86.32.96 - - [04/Jan/2024:08:16:11 -0500] "POST /appsia/controlador HTTP/1.1" 200 9830
181.78.79.131 - - [04/Jan/2024:08:16:17 -0500] "POST /kwsrmcab/Wsrmcab HTTP/1.1" 500 248
47.128.17.202 - - [04/Jan/2024:08:16:20 -0500] "GET /BLA/resoluciones/dlf/unknown.png HTTP/1.1" 200 266
47.128.17.202 - - [04/Jan/2024:08:16:20 -0500] "GET /BLA/resoluciones/dlf/dirup.png HTTP/1.1" 200 644
47.128.17.202 - - [04/Jan/2024:08:16:19 -0500] "GET /BLA/resoluciones/index.php?dir=RESOLUCIONES%202006%2FRES%202006%201601-1650%2F&order=asc&sort=date HTTP/1.1" 200 12366
186.86.32.96 - - [04/Jan/2024:08:16:27 -0500] "POST /appsia/controlador HTTP/1.1" 200 7787
186.86.32.96 - - [04/Jan/2024:08:16:32 -0500] "POST /appsia/controlador HTTP/1.1" 200 6660
186.86.32.96 - - [04/Jan/2024:08:16:33 -0500] "POST /appsia/controlador HTTP/1.1" 200 9830
186.86.32.96 - - [04/Jan/2024:08:16:33 -0500] "POST /appsia/controlador HTTP/1.1" 200 9830
47.128.53.247 - - [04/Jan/2024:08:16:42 -0500] "GET /BLA/resoluciones/index.php?dir=RESOLUCIONES%202004%2FRES%202004%201301-1350%2F&order=asc&sort=date HTTP/1.1" 200 12341
47.128.53.247 - - [04/Jan/2024:08:16:44 -0500] "GET /BLA/resoluciones/dlf/unknown.png HTTP/1.1" 200 266
47.128.53.247 - - [04/Jan/2024:08:16:45 -0500] "GET /BLA/resoluciones/dlf/dirup.png HTTP/1.1" 200 644
186.86.32.96 - - [04/Jan/2024:08:16:50 -0500] "POST /appsia/controlador HTTP/1.1" 200 7787
186.86.32.96 - - [04/Jan/2024:08:16:55 -0500] "POST /appsia/controlador HTTP/1.1" 200 6660
186.86.32.96 - - [04/Jan/2024:08:16:56 -0500] "POST /appsia/controlador HTTP/1.1" 200 9473
186.86.32.96 - - [04/Jan/2024:08:17:11 -0500] "POST /appsia/controlador HTTP/1.1" 200 7787
186.86.32.96 - - [04/Jan/2024:08:17:11 -0500] "POST /appsia/controlador HTTP/1.1" 200 7787
47.128.56.25 - - [04/Jan/2024:08:17:12 -0500] "GET /BLA/resoluciones/dlf/dirup.png HTTP/1.1" 200 644
47.128.56.25 - - [04/Jan/2024:08:17:12 -0500] "GET /BLA/resoluciones/dlf/unknown.png HTTP/1.1" 200 266
47.128.56.25 - - [04/Jan/2024:08:17:11 -0500] "GET /BLA/resoluciones/index.php?dir=RESOLUCIONES%202003%2FRES%202003%20101-150%2F&order=asc&sort=size HTTP/1.1" 200 12355
186.86.32.96 - - [04/Jan/2024:08:17:15 -0500] "POST /appsia/controlador HTTP/1.1" 200 5252
186.86.32.96 - - [04/Jan/2024:08:17:16 -0500] "GET /appsia/controlador?comando=regresar&id=1073236405&funcionario=JUAN+SEBASTIAN+HERRERA+JARA&desde=1073236405&hasta=1073236405&version=1073236405 HTTP/1.1" 200 7787
186.86.32.96 - - [04/Jan/2024:08:17:20 -0500] "POST /appsia/controlador HTTP/1.1" 200 6660
186.86.32.96 - - [04/Jan/2024:08:17:29 -0500] "GET /appsia/controlador?comando=regresar&id=1073236405&funcionario=JUAN+SEBASTIAN+HERRERA+JARA&desde=1073236405&hasta=1073236405&version=1073236405 HTTP/1.1" 200 7787
47.128.124.217 - - [04/Jan/2024:08:17:38 -0500] "GET /BLA/resoluciones/dlf/dirup.png HTTP/1.1" 200 644
47.128.124.217 - - [04/Jan/2024:08:17:38 -0500] "GET /BLA/resoluciones/dlf/doc.gif HTTP/1.1" 200 1079
47.128.124.217 - - [04/Jan/2024:08:17:37 -0500] "GET /BLA/resoluciones/index.php?dir=Notificaciones%2FREGISTROS+2014%2F HTTP/1.1" 200 15754
186.86.32.96 - - [04/Jan/2024:08:17:40 -0500] "POST /appsia/controlador HTTP/1.1" 200 5252
186.86.32.96 - - [04/Jan/2024:08:17:40 -0500] "GET /appsia/controlador?comando=regresar&id=1073236405&funcionario=JUAN+SEBASTIAN+HERRERA+JARA&desde=1073236405&hasta=1073236405&version=1073236405 HTTP/1.1" 200 7787
186.86.32.96 - - [04/Jan/2024:08:17:41 -0500] "POST /appsia/controlador HTTP/1.1" 200 5252
186.86.32.96 - - [04/Jan/2024:08:17:42 -0500] "GET /appsia/controlador?comando=regresar&id=1073236405&funcionario=JUAN+SEBASTIAN+HERRERA+JARA&desde=1073236405&hasta=1073236405&version=1073236405 HTTP/1.1" 200 7787
186.86.32.96 - - [04/Jan/2024:08:17:55 -0500] "POST /appsia/controlador HTTP/1.1" 200 6660
186.86.32.96 - - [04/Jan/2024:08:17:57 -0500] "POST /appsia/controlador HTTP/1.1" 200 9860
190.130.109.244 - - [04/Jan/2024:08:18:19 -0500] "GET /kwssiamovil/sm/ldap/au?x=U2FsdGVkX19FzIjckSxskL72XbkeAOxyzXqPciTGv0UCMdvmXbZxMkmxN1UfpkIr&y=U2FsdGVkX1+1Z9MxKf1dxbq9c9ekiZbs3Mibp5T7H8FtmQgdFsZ3uUAWmrcetrp8 HTTP/1.1" 200 30
190.130.109.244 - - [04/Jan/2024:08:18:19 -0500] "GET /kwssiamovil/sm/acme/s?s=U2FsdGVkX19jxIpaXjb1xFDFX3Zgj0tlsViTIo3Ooh227TNEIG4F5jbPWDGj0e9Wqcf+SICFeXI2D7Vjn1YkIOSJ8INcor4PlP0+uKSMR5M=&u=U2FsdGVkX1+NJXpBzoPuo8LfGlwI7W04hPy+IFkt350=&y=U2FsdGVkX1+1Z9MxKf1dxbq9c9ekiZbs3Mibp5T7H8FtmQgdFsZ3uUAWmrcetrp8 HTTP/1.1" 200 97
190.130.109.244 - - [04/Jan/2024:08:18:19 -0500] "GET /kwssiamovil/sm/acme/s?s=U2FsdGVkX191XZrOyh1UXoBMJ14oQ9b7ZO0Rx/UvX9tkvHrYqYypcq/bwJ9oQn6HxRkvwv8zxbyq8VTsTypzbxjR2A3rDLeUBI87eg+cd2UrjRe4Bm24kaKjh8qwTbPhjm/kdEv1O7+WJo35NxEpUoKpHM4nZkbUtckGP/LUbtCKyLCh1andcOx1v6zHOfq4WAF4WPkQnisV6x1zyZvKWLHyAQQNGfIavQK8HwUqVcCG1cgwZEaqMx0m8ILwc9aNjgU1XNmIL6b+BV0W+cyx2CvuK8WzIusD7gLmox/HOB+4Ju4MhpKHEn2Uy7z3bUdyka50L+xy+FUhrobDCVm9R6Ze74RfKTY/PV3yoEv0IGP3B8eeaK/ub8gT3ZYeKn6pFe9I1YxF2ZN0LkbkdSk2b7emcZ8yqDcXU3ti+luR7PqMkcvJ2259xBRJA8PFNX71Gpj1bt8eLCPZngPurWlpJtaVXIwpUdqe6d9AjBWVRuh5+YTFyGtYmApIhlLoPFWeYRil/leHbF9KUaqtAe2V0HrvpAZVuAQ4g/YSIuxp/mv/13gAeG2z00C98ExVxfnA2yagJMudZwu1fbvsTZ22lGSxJZU+J8bGvDk+cSKs2ABk/T6J6HcElbgZErUubo4s5GvRINrd1ExwJ7RZQGYOmrVtMlEF46RUqk9ROZhc3CoiZh/s8WXGs5WGPabCShyJ45CshLKgKuWD/CiXYGWfNSuUlU02JgVR+hV79KCUSu++9ILBW3oPAo2VJaOtvujLqVF+28sx83k+3cddI3IxpYewu1rUFtQZOEC3wqwY6YJph7ktgJblAK2ZmpmxP97lSX5qL6Ur1P0Pq5dAtHHYE31VpJ71Y/2s93c45x+y1yNjEEjpkKZ6ED83pagRHx+/7mmJdLE/YtJ8N8jm0E4qB35owwmTMxBJKSaoNSmS0wQy/DHAu/0JFNCoYfQRYaRR/LCKKxKW29/he5T7OF7cuse6jeriI8Ij9ogQzKjQNfd7xLuI13yFcaBHiz4GVTitO1h9Nuyp9lEG1pDM2z4RzJwtMTioq0Zf+2dWzgMDERxMbvAXkHF5RtxvdZhsbViJTmfMiL7fzX9c78gc6i2zbQ/6sfu7ZcrjB94Xw4pQUT3PfiYfrr6b0rZQNQBhQnQrpBdf8Axm7pCCTEShtg9lQOHmsgNIpc729eCtG9aaDxMA/E6hSdicmd0irkTu3qY4YMPGjnqsXkGT5pbCW3TsmcWEWygEQh4TdfwJ1bm1tGRoOumNdyPy6IHROj/FHKQFzmKAJiWcYxR0xvCNvINRWRPilIyZRDc+/WR1PVvRa20B7i7HLJJR5VkMV2OVLl5cq30z1eVbCQfoSZgL4Qu85/4UAPqYf5w9F57EfPkbbHKSbzgafNujteVQpHsgchFT1XUlEznjTVPaa/U0+RqgaiqLy5WPYkzq15xx+f0jhJt3HuBuvj3AbrsZkY0J28yy4Ul7ywhyWW/AqT5xSYjiVqCCMtRuAtES5a+rHOrfxEGxteWeOhUNFkRTzLXGyDz3iXofCn6WRB4N7Kdzl3xsdT41vUtxYH3Xl/q5rtCz7BNm7LKVm0mziZivM3xE7T88qahA3IUHvLTGHSFmt5/6oquPkQoOblVulqiBjU1T7nt5p9voC2rqZsw37bV1pHtbYvWz0sAgC9FAxELUAtX9+03hYMhaWXYBfO6G+YKz89QmMpm6/CE34MA6dNzM/Yv3q4238alMQ7zHk9z/eehTvknHnk/NsX7xOvB6q+ufzsc=&u=U2FsdGVkX1+NJXpBzoPuo8LfGlwI7W04hPy+IFkt350=&y=U2FsdGVkX1+1Z9MxKf1dxbq9c9ekiZbs3Mibp5T7H8FtmQgdFsZ3uUAWmrcetrp8 HTTP/1.1" 200 72
190.130.109.244 - - [04/Jan/2024:08:18:19 -0500] "GET /kwssiamovil/sm/acme/s?s=U2FsdGVkX1/kr6AoW9B6AOBS2EgQBGdPNspYXXWNqi7akbCFTCMoStTIyeXFxuW50uIJwQP9pWJK5vP4V29PI+EcjmJ3jFtzftsf8vhTBIQ7SsLNi/8+6Ixx4lRFKswD9Dm6xBEvXiBIx71LKUtdKyzRuaxwGSNJa/6HJi4PxOuT55eQMIyBJjdiv00Ql10Ll5Mx15H3000uJwirjolDBJOgflmZPsGXWdIeDPw/soLSqPGtFgp2DOal/d11QbqWmwt/55zwLAG1wEZ4tjnSdHThB62rrks00PdNrBoWOlL1A5IyjsHdcI9fYUJrETzUryWdcmZKLvrSH4kmeChovg+cUKLWWSX1an323V8CI86Pe3jdCvyBbGqqI9SHvt3kG0AGeaMhDw87qgg0Hs6SFYyf7u7N75Hx/ZZq+EPGKF7iBsYdhwtQBZMam0Zf3S854D9yVSoCGk0A/8b6RKurrtqiZ8Ew3/wtPujkh3V73Ff9pzCG1XiJq2gCYy8iuxJtqMMubmoM2SGkwtrJSo8+F/B3Bc7KXvVVTWicc+3D7nuBLbyUwEUGPQ3qFze95X5Bn2lzqnG9Dbstexks2bj6qYGYalrV1zvCgBksuXxyTdQscIcPKImqIkwwVyU1EtzMUuH7h2SAjyw5Z+BN5uJd8RKFdVuSyjMimOQNFaPUCCV7Q4Zo/wlKoa6W4XsPj5mx4+CcYm2dwqfzo103Ky4U4DYkJ4DHe4xOu/9DoncK8ZSkj9MhghN8T17DKCghQ1oG&u=U2FsdGVkX1+NJXpBzoPuo8LfGlwI7W04hPy+IFkt350=&y=U2FsdGVkX1+1Z9MxKf1dxbq9c9ekiZbs3Mibp5T7H8FtmQgdFsZ3uUAWmrcetrp8 HTTP/1.1" 200 72
172.22.2.4 - - [04/Jan/2024:08:18:35 -0500] "HEAD /BLA/boletinlegal/ HTTP/1.1" 200 -
216.245.221.92 - - [04/Jan/2024:08:20:45 -0500] "HEAD / HTTP/1.1" 200 -
181.78.79.131 - - [04/Jan/2024:08:21:05 -0500] "GET /kwsrmcab/Wsrmcab?wsdl HTTP/1.1" 200 6948
172.22.2.4 - - [04/Jan/2024:08:19:26 -0500] "GET /BLA/boletinlegal/ HTTP/1.1" 200 58567
172.22.2.4 - - [04/Jan/2024:08:21:39 -0500] "GET /BLA/boletinlegal/style.css HTTP/1.1" 200 9406
172.22.2.4 - - [04/Jan/2024:08:21:39 -0500] "GET /BLA/boletinlegal/styles2.css HTTP/1.1" 200 1838
172.22.2.4 - - [04/Jan/2024:08:21:40 -0500] "GET /BLA/boletinlegal/js/jquery.scrollTo-min.js HTTP/1.1" 200 1150
172.22.2.4 - - [04/Jan/2024:08:21:40 -0500] "GET /BLA/boletinlegal/js/jquery.scrollShow.js HTTP/1.1" 200 4586
172.22.2.4 - - [04/Jan/2024:08:21:40 -0500] "GET /BLA/boletinlegal/images/cabezote%20BLEGAL.jpg HTTP/1.1" 200 118164
172.22.2.4 - - [04/Jan/2024:08:21:40 -0500] "GET /BLA/boletinlegal/js/jquery.js HTTP/1.1" 200 57254
172.22.2.4 - - [04/Jan/2024:08:21:40 -0500] "GET /BLA/boletinlegal/images/screen_1.png HTTP/1.1" 200 202547
172.22.2.4 - - [04/Jan/2024:08:21:40 -0500] "GET /BLA/boletinlegal/images/subscribe-icon-big.png HTTP/1.1" 200 47702
172.22.2.4 - - [04/Jan/2024:08:21:40 -0500] "GET /BLA/boletinlegal/images/historia.png HTTP/1.1" 200 52775
172.22.2.4 - - [04/Jan/2024:08:21:40 -0500] "GET /BLA/boletinlegal/images/registro-usuarios.png HTTP/1.1" 200 8106
172.22.2.4 - - [04/Jan/2024:08:21:40 -0500] "GET /BLA/boletinlegal/images/arr_l.jpg HTTP/1.1" 200 1979
172.22.2.4 - - [04/Jan/2024:08:21:40 -0500] "GET /BLA/boletinlegal/images/launch.jpg HTTP/1.1" 200 14577
172.22.2.4 - - [04/Jan/2024:08:21:40 -0500] "GET /BLA/boletinlegal/images/menu_lft.gif HTTP/1.1" 200 1713
172.22.2.4 - - [04/Jan/2024:08:21:40 -0500] "GET /BLA/boletinlegal/images/menu_rght.gif HTTP/1.1" 200 1627
172.22.2.4 - - [04/Jan/2024:08:21:40 -0500] "GET /BLA/boletinlegal/images/body_bg.jpg HTTP/1.1" 200 1601
172.22.2.4 - - [04/Jan/2024:08:21:41 -0500] "GET /BLA/boletinlegal/images/text.jpg HTTP/1.1" 200 568
172.22.2.4 - - [04/Jan/2024:08:21:41 -0500] "GET /BLA/boletinlegal/images/menu_bg.jpg HTTP/1.1" 200 620
172.22.2.4 - - [04/Jan/2024:08:21:41 -0500] "GET /BLA/boletinlegal/images/bg_top.jpg HTTP/1.1" 200 522
172.22.2.4 - - [04/Jan/2024:08:21:41 -0500] "GET /BLA/boletinlegal/images/hover.jpg HTTP/1.1" 200 640
172.22.2.4 - - [04/Jan/2024:08:21:45 -0500] "GET /BLA/boletinlegal/images/screen_2.png HTTP/1.1" 200 362502
172.22.2.4 - - [04/Jan/2024:08:21:45 -0500] "GET /BLA/boletinlegal/images/screen_3.png HTTP/1.1" 200 210620
172.22.2.4 - - [04/Jan/2024:08:21:45 -0500] "GET /BLA/boletinlegal/images/screen_5.png HTTP/1.1" 200 368876
172.22.2.4 - - [04/Jan/2024:08:21:45 -0500] "GET /BLA/boletinlegal/images/arr_r.jpg HTTP/1.1" 200 1998
172.22.2.4 - - [04/Jan/2024:08:21:45 -0500] "GET /BLA/boletinlegal/images/footer_bg.jpg HTTP/1.1" 200 586
52.167.144.226 - - [04/Jan/2024:08:21:47 -0500] "GET /Publicaciones/2023EE303528.pdf HTTP/1.1" 404 228
172.22.2.4 - - [04/Jan/2024:08:21:53 -0500] "GET /BLA/boletinlegal/images/pdf.gif HTTP/1.1" 200 567
181.78.79.131 - - [04/Jan/2024:08:22:27 -0500] "POST /kwsrmcab/Wsrmcab HTTP/1.1" 200 36830
172.22.2.4 - - [04/Jan/2024:08:22:46 -0500] "GET /BLA/boletinlegal/normativa.php HTTP/1.1" 200 8343
172.22.2.4 - - [04/Jan/2024:08:22:47 -0500] "GET /BLA/boletinlegal/js/ajax_normativa.js HTTP/1.1" 200 1154
172.22.2.4 - - [04/Jan/2024:08:22:47 -0500] "GET /BLA/boletinlegal/niceforms-default.css HTTP/1.1" 200 6694
172.22.2.4 - - [04/Jan/2024:08:22:47 -0500] "GET /BLA/boletinlegal/niceforms.js HTTP/1.1" 200 22876
172.22.2.4 - - [04/Jan/2024:08:22:47 -0500] "GET /BLA/boletinlegal/images/tel.png HTTP/1.1" 200 14477
172.22.2.4 - - [04/Jan/2024:08:22:47 -0500] "GET /BLA/boletinlegal/images/icono-email.png HTTP/1.1" 200 5544
172.22.2.4 - - [04/Jan/2024:08:22:47 -0500] "GET /BLA/boletinlegal/images/footer_bg_l.jpg HTTP/1.1" 200 776
172.22.2.4 - - [04/Jan/2024:08:22:48 -0500] "GET /BLA/boletinlegal/img/button.png HTTP/1.1" 200 43241
172.22.2.4 - - [04/Jan/2024:08:22:48 -0500] "GET /BLA/boletinlegal/favicon.ico HTTP/1.1" 404 1334
172.22.2.4 - - [04/Jan/2024:08:22:48 -0500] "GET /BLA/boletinlegal/img/0.png HTTP/1.1" 200 110
172.22.2.4 - - [04/Jan/2024:08:22:48 -0500] "GET /BLA/boletinlegal/img/select-left.png HTTP/1.1" 200 263
172.22.2.4 - - [04/Jan/2024:08:22:48 -0500] "GET /BLA/boletinlegal/img/select-right.png HTTP/1.1" 200 44019
172.22.2.4 - - [04/Jan/2024:08:22:48 -0500] "GET /BLA/boletinlegal/img/button-left.png HTTP/1.1" 200 57071
172.22.2.4 - - [04/Jan/2024:08:22:48 -0500] "GET /BLA/boletinlegal/img/button-right.png HTTP/1.1" 200 57878
172.22.2.4 - - [04/Jan/2024:08:23:01 -0500] "GET /BLA/boletinlegal/consulta_normativa.php?tipo=Ley&sector=emisiones&ano=&resuelve= HTTP/1.1" 200 869
172.22.2.4 - - [04/Jan/2024:08:23:02 -0500] "GET /BLA/boletinlegal/images/docs.png HTTP/1.1" 200 10288
172.22.2.4 - - [04/Jan/2024:08:21:38 -0500] "GET /BLA/boletinlegal/ HTTP/1.1" 200 61387
190.130.109.244 - - [04/Jan/2024:08:23:39 -0500] "GET /kwssiamovil/sm/ldap/au?x=U2FsdGVkX1+zNAb7VCkV1Jz/Q3jFBiKrgMAw5My9GmPlvWgJMH3OgdTS9PRdnrEp&y=U2FsdGVkX1+/5ZtmmamQeS0fXyAaRsPZFmXBRwDNz+mi/km6E0Je4f2HXknt4Y9i HTTP/1.1" 200 30
190.130.109.244 - - [04/Jan/2024:08:23:39 -0500] "GET /kwssiamovil/sm/acme/s?s=U2FsdGVkX1996hFNj1Dp43eDqVEW5g+c5BjrzZ6yctXmPkeLaRx+1iQVUZW5ttcbg7rLViMzHoo60vnAdWEa6X0NJV+sv62HvUNjgKEVmNE=&u=U2FsdGVkX1908tmmi573ZyRFzOt+7M6mUq0ihtsmvas=&y=U2FsdGVkX1+/5ZtmmamQeS0fXyAaRsPZFmXBRwDNz+mi/km6E0Je4f2HXknt4Y9i HTTP/1.1" 200 97
190.130.109.244 - - [04/Jan/2024:08:23:39 -0500] "GET /kwssiamovil/sm/acme/s?s=U2FsdGVkX1+bPV1gxJ8arcI4PQmMEWeJCepEjKDeSigRCHY62s99gJQnZWhaQzxQ0ULWcx4N7DjbjzyNh9RHNxwT71O16oeXBr9PA3z6aCd4SGgq+uc8nsWcF5fYFU49o7eWIeqchkulNong4kpbfRwZUsKuOw5o/pJ88BAr3rjlz9kbOri+WzMuXY8Q+UViXeMBHUs6mFLFhoQVlUv+vuiUj9kw4qb8Kmp/cLg9QKBq8J50RJvAfKZ8I4Vbtg8wGthQ2G4Y2iU3D3zE74OzJJ+ecXu5gD0VoXBON+9Nr8WSyiroxXFYCXL7Q40VI2SckJdRPOXvfhBlaeN/hVedvbgIoE0Mnxb0SHbQQYZyhrcG3WGDk8a84AnolwvUlImrkMo4SJWDAT1vM7m2LWtSMgEtZsCjeE1OIakl++0DFZq27XYvQsIeUDA6oUIAjmKDyZebIisTCuUfus0jDUmxuX0NPH5x8td7vd4jTyNVC+To4VUj3BZNWpF/m2hbYcL//Jt0SEsONJIbmxDa0tUmmwhOqceCG7wvb3KniEePalKFi0KQtMFn05UqT/6D3D5rbrh2s5tLbg2P5YlBjoXhUYy9hhwDm1AkUughh+zydTEL2BcUoYgkxGI7D8AHNgnzckQakmVmHSDKaa1TEXjzJhGrCragNnfeX3myMBc/7623Jukq5HJBBa6xeIJJMkhrpv4D6n7ZCKbvL980oPr3tuc8TkZsXszPgNywbdqYm8PmtsnYQRS3xLm3G7VD4YDrXWl7gZpwqUFSdiVCyFAp6UhQakLaXN84eGi0/Qt0rOqqIsx6K5oiz6qLAjDn2p60OICkGKLxwVyF6lR9mFNMNzEErJ7xuoPbSXk48Olz2+W1FVY6oQFpGjLJrTk6P58dn+vYLDZwClGielteohESSgHfgMlyJ6+099v1+w3lGjc/DNu80CTzZrIjkSgIeMSoKpVMRoChG+e0tml2BEm7Jk8WI/lt+kb5mhRMap72rJbky8RhLxabjGleV1dsXtMDUU4QDlSSyve4POXgxksD+RW0BUdHn/x1O5RNk6HZen6WwX0HFNngbUznTsuMWJUI4wwcQOx2AUqsTrK6PtmuWARUsUl8PEsUOO7E9kUA18clCJ9NxnhlDnVEk2tHekKl4Od+VoPGuWq9BlEvoOzQnhvlXK+ZJWc3v7oIHcGNtcIavkSGYblPE222YgIT4VUY5pKLZTRZV3VBB/mK0GsDF+LKjaUqS2q45orFO/5CYbw+BmWWjoDEoiTVQRxgCLYRZWXkJW7K/XMqMRNTifZUz67/efOeG8SHElERf7ii/dzPhiUpNkm7iFZixovysy4tdTPE8L8VgbAJLVmCDx9DJufScNIsRpu8/H2MuE3rvJCYtAc7qtCCqQjfczWmytGf0k7x05F7+adkvnnVO0a5whc5aRnGGo3AmTuDKK40Wk2i3wfRVE0ToOc+PYMenacZV0JqTMCZUswxRCPJogbimqb/UH2n7FJOqcK4zpZY0g/UwT7LcvMZNtOLWwU13aqBKkCoHRb7FEuuqCrsrCRUo/Vxz0mruvSdxirp2/uiQH4mQ+5sqgGEib7VVOM9UR3CqTgbRSKWrUl6IGVCQQSUgieKFPgbKX8K6Ho7NYGpZhtwlivbiQJIpyuhMFVT0XavtVcfshavKWAFVWPX2gfoyGQEZQwnJgFnmH+NSiAv/2MfmhYunktl0TP22gRaX/ipPSIy4wP6hmkLAOjn0ivHxJLbX3Stl+Hb9IQfjyMroUU=&u=U2FsdGVkX1908tmmi573ZyRFzOt+7M6mUq0ihtsmvas=&y=U2FsdGVkX1+/5ZtmmamQeS0fXyAaRsPZFmXBRwDNz+mi/km6E0Je4f2HXknt4Y9i HTTP/1.1" 200 72
190.130.109.244 - - [04/Jan/2024:08:23:39 -0500] "GET /kwssiamovil/sm/acme/s?s=U2FsdGVkX1+A56buZr7XoYyFqzAjfApkEY40h1SvQUU1wrISstTbLzKTh/4M3dcehIlmZNLN+nvO8e1JX7srZy2jOhFxa67fBsqlxdbjFfMV+c26LYVPcA+MwD+YaQDTez9grc85LQGrGuTon3X6USyoA/bh4KIP8by28Y81FCgP+vp5o+po7zyJFUKHfgiT8r0ECtAl3Utn8IkLYjCKwr7zFp6LmyFq3mwoZkuBKvW/Z77amSYQ35oXJJSL5wXq80xlFeAmizKNU1CvN3ummfSv5zicg3JwQXEN03lltQBGUhmKA0U7r2kYff/LIHgYSAtxu12Kd3NsJtI5JT+7M7+wkkyUSZUKFDgk3f+5O2l4yvHjUwaCxwvZeXG9OX76RqZv/slo93UXDWo+whHWf6hSOZETwXnJRBCm2iqtZ0jMVgLuOPw+DnhrH7ikM1UfGKYNTF8MhMv59KJGYG0Cq5NNGGXJmh8sBI1G/GUOzvlRJd7lYx7D+AY6zd/eS8atVc111b+El8Vrb6uTcraLvUwWjTIZAYRvubrPnvCEbe6Nbwr1Zj11sfPy5qR+fc9M21wZ7z0JV3ePNs3qScGsAG1h8gP2JPT66aOai7/w/NysmHTnx9naDgewgOQi03zbQ5lgW4ljnMQen+ReQ9w6l0Img7wmeSrDB6Q94wr5DxMwR2911nOb0jwEC/Ta0WUI8sZ41/D1T28EFFpJqzJwS6sZpYCz/QgyJtM5s9V9b9pAnw9wjcDsQSXCCKdR1vh6&u=U2FsdGVkX1908tmmi573ZyRFzOt+7M6mUq0ihtsmvas=&y=U2FsdGVkX1+/5ZtmmamQeS0fXyAaRsPZFmXBRwDNz+mi/km6E0Je4f2HXknt4Y9i HTTP/1.1" 200 72
216.245.221.92 - - [04/Jan/2024:08:25:45 -0500] "HEAD / HTTP/1.1" 200 -
172.22.2.4 - - [04/Jan/2024:08:24:25 -0500] "HEAD /BLA/boletinlegal/ HTTP/1.1" 200 -
172.22.2.4 - - [04/Jan/2024:08:26:09 -0500] "GET /BLA/boletinlegal/normativa.php HTTP/1.1" 200 8343
172.22.2.4 - - [04/Jan/2024:08:26:09 -0500] "GET /BLA/boletinlegal/favicon.ico HTTP/1.1" 404 1334
172.22.2.4 - - [04/Jan/2024:08:26:14 -0500] "GET /BLA/boletinlegal/consulta_normativa.php?tipo=Decreto&sector=Aire&ano=2022&resuelve=gas HTTP/1.1" 200 454
172.22.2.4 - - [04/Jan/2024:08:26:15 -0500] "GET /BLA/boletinlegal/consulta_normativa.php?tipo=Decreto&sector=Aire&ano=2022&resuelve=gas HTTP/1.1" 200 454
172.22.2.4 - - [04/Jan/2024:08:26:15 -0500] "GET /BLA/boletinlegal/consulta_normativa.php?tipo=Decreto&sector=Aire&ano=2022&resuelve=gas HTTP/1.1" 200 454
52.167.144.228 - - [04/Jan/2024:08:26:20 -0500] "GET /Publicaciones/2023EE307441.pdf HTTP/1.1" 200 734940
172.22.2.4 - - [04/Jan/2024:08:26:23 -0500] "GET /BLA/boletinlegal/consulta_normativa.php?tipo=Decreto&sector=competencia-estructura&ano=2022&resuelve=gas HTTP/1.1" 200 454
172.22.2.4 - - [04/Jan/2024:08:26:30 -0500] "GET /BLA/boletinlegal/consulta_normativa.php?tipo=Decreto&sector=concesion&ano=2022&resuelve=gas HTTP/1.1" 200 454
172.22.2.4 - - [04/Jan/2024:08:26:38 -0500] "GET /BLA/boletinlegal/consulta_normativa.php?tipo=Decreto&sector=emisiones&ano=2022&resuelve=gas HTTP/1.1" 200 454
186.102.102.25 - - [04/Jan/2024:08:26:39 -0500] "GET /appsia/controlador HTTP/1.1" 200 4799
186.102.102.25 - - [04/Jan/2024:08:26:40 -0500] "GET /appsia/scripts/validarIngreso.js HTTP/1.1" 200 851
186.102.102.25 - - [04/Jan/2024:08:26:40 -0500] "GET /appsia/css/estilos.css HTTP/1.1" 200 4804
186.102.102.25 - - [04/Jan/2024:08:26:40 -0500] "GET /appsia/images/logo_bogota_p.png HTTP/1.1" 200 14951
186.102.102.25 - - [04/Jan/2024:08:26:40 -0500] "GET /appsia/images/cabezoteHojaVida.png HTTP/1.1" 200 32493
186.102.102.25 - - [04/Jan/2024:08:26:40 -0500] "GET /favicon.ico HTTP/1.1" 200 7782
172.22.2.4 - - [04/Jan/2024:08:26:45 -0500] "GET /BLA/boletinlegal/consulta_normativa.php?tipo=Decreto&sector=fauna&ano=2022&resuelve=gas HTTP/1.1" 200 454
172.22.2.4 - - [04/Jan/2024:08:26:51 -0500] "GET /BLA/boletinlegal/consulta_normativa.php?tipo=Decreto&sector=flora&ano=2022&resuelve=gas HTTP/1.1" 200 454
172.22.2.4 - - [04/Jan/2024:08:25:16 -0500] "GET /BLA/boletinlegal/ HTTP/1.1" 200 58567
172.22.2.4 - - [04/Jan/2024:08:27:04 -0500] "GET /BLA/boletinlegal/consulta_normativa.php?tipo=Decreto&sector=hidrocarburos&ano=2022&resuelve=gas HTTP/1.1" 200 454
172.22.2.4 - - [04/Jan/2024:08:27:04 -0500] "GET /BLA/boletinlegal/consulta_normativa.php?tipo=Decreto&sector=hidrocarburos&ano=2022&resuelve=gas HTTP/1.1" 200 454
186.102.102.25 - - [04/Jan/2024:08:27:04 -0500] "POST /appsia/controlador HTTP/1.1" 200 5437
172.22.2.4 - - [04/Jan/2024:08:27:12 -0500] "GET /BLA/boletinlegal/consulta_normativa.php?tipo=Decreto&sector=humedales&ano=2022&resuelve=gas HTTP/1.1" 200 454
186.102.102.25 - - [04/Jan/2024:08:27:12 -0500] "POST /appsia/controlador HTTP/1.1" 200 7732
186.102.102.25 - - [04/Jan/2024:08:27:13 -0500] "GET /appsia/images/logo_escudo.png HTTP/1.1" 200 36965
172.22.2.4 - - [04/Jan/2024:08:27:13 -0500] "GET /BLA/boletinlegal/consulta_normativa.php?tipo=Decreto&sector=humedales&ano=2022&resuelve=gas HTTP/1.1" 200 454
172.22.2.4 - - [04/Jan/2024:08:27:20 -0500] "GET /BLA/boletinlegal/consulta_normativa.php?tipo=Decreto&sector=licencia&ano=2022&resuelve=gas HTTP/1.1" 200 454
172.22.2.4 - - [04/Jan/2024:08:27:26 -0500] "GET /BLA/boletinlegal/consulta_normativa.php?tipo=Decreto&sector=mineria&ano=2022&resuelve=gas HTTP/1.1" 200 454
172.22.2.4 - - [04/Jan/2024:08:27:26 -0500] "GET /BLA/boletinlegal/consulta_normativa.php?tipo=Decreto&sector=mineria&ano=2022&resuelve=gas HTTP/1.1" 200 454
52.167.144.190 - - [04/Jan/2024:08:29:08 -0500] "GET /Publicaciones/2023EE303527.pdf HTTP/1.1" 404 228
172.22.2.4 - - [04/Jan/2024:08:29:57 -0500] "GET /BLA/boletinlegal/consulta_normativa.php?tipo=Decreto&sector=residuos&ano=&resuelve= HTTP/1.1" 200 10584
172.22.2.4 - - [04/Jan/2024:08:29:57 -0500] "GET /BLA/boletinlegal/images/background.gif HTTP/1.1" 200 -
3.101.16.113 - - [04/Jan/2024:08:29:57 -0500] "GET / HTTP/1.1" 200 4720
172.22.2.4 - - [04/Jan/2024:08:30:19 -0500] "HEAD /BLA/boletinlegal/actos.php HTTP/1.1" 200 -
172.22.2.4 - - [04/Jan/2024:08:30:21 -0500] "GET /BLA/boletinlegal/actos.php HTTP/1.1" 200 9648
172.22.2.4 - - [04/Jan/2024:08:30:21 -0500] "GET /BLA/boletinlegal/styles2.css HTTP/1.1" 200 1838
172.22.2.4 - - [04/Jan/2024:08:30:21 -0500] "GET /BLA/boletinlegal/js/ajax_actos.js HTTP/1.1" 200 1322
172.22.2.4 - - [04/Jan/2024:08:30:22 -0500] "GET /BLA/boletinlegal/niceforms.js HTTP/1.1" 200 22876
172.22.2.4 - - [04/Jan/2024:08:30:22 -0500] "GET /BLA/boletinlegal/niceforms-default.css HTTP/1.1" 200 6694
172.22.2.4 - - [04/Jan/2024:08:30:22 -0500] "GET /BLA/boletinlegal/style.css HTTP/1.1" 200 9406
172.22.2.4 - - [04/Jan/2024:08:30:22 -0500] "GET /BLA/boletinlegal/js/lib.js HTTP/1.1" 200 6474
172.22.2.4 - - [04/Jan/2024:08:30:22 -0500] "GET /BLA/boletinlegal/js/popup.js HTTP/1.1" 200 1270
172.22.2.4 - - [04/Jan/2024:08:30:22 -0500] "GET /BLA/boletinlegal/js/jquery1.js HTTP/1.1" 200 29846
172.22.2.4 - - [04/Jan/2024:08:30:22 -0500] "GET /BLA/boletinlegal/images/cabezote%20BLEGAL.jpg HTTP/1.1" 200 118164
172.22.2.4 - - [04/Jan/2024:08:30:23 -0500] "GET /BLA/boletinlegal/images/subscribe-icon-big.png HTTP/1.1" 200 47702
172.22.2.4 - - [04/Jan/2024:08:30:23 -0500] "GET /BLA/boletinlegal/images/historia.png HTTP/1.1" 200 52775
172.22.2.4 - - [04/Jan/2024:08:30:23 -0500] "GET /BLA/boletinlegal/images/body_bg.jpg HTTP/1.1" 200 1601
172.22.2.4 - - [04/Jan/2024:08:30:23 -0500] "GET /BLA/boletinlegal/images/footer_bg.jpg HTTP/1.1" 200 586
172.22.2.4 - - [04/Jan/2024:08:30:24 -0500] "GET /BLA/boletinlegal/images/menu_lft.gif HTTP/1.1" 200 1713
172.22.2.4 - - [04/Jan/2024:08:30:24 -0500] "GET /BLA/boletinlegal/images/menu_rght.gif HTTP/1.1" 200 1627
172.22.2.4 - - [04/Jan/2024:08:30:24 -0500] "GET /BLA/boletinlegal/images/bg_top.jpg HTTP/1.1" 200 522
172.22.2.4 - - [04/Jan/2024:08:30:24 -0500] "GET /BLA/boletinlegal/images/menu_bg.jpg HTTP/1.1" 200 620
172.22.2.4 - - [04/Jan/2024:08:30:24 -0500] "GET /BLA/boletinlegal/images/text.jpg HTTP/1.1" 200 568
172.22.2.4 - - [04/Jan/2024:08:30:24 -0500] "GET /BLA/boletinlegal/images/hover.jpg HTTP/1.1" 200 640
172.22.2.4 - - [04/Jan/2024:08:30:24 -0500] "GET /BLA/boletinlegal/images/registro-usuarios.png HTTP/1.1" 200 8106
172.22.2.4 - - [04/Jan/2024:08:30:24 -0500] "GET /BLA/boletinlegal/images/green-yellow-blue-pink-th.png HTTP/1.1" 200 7394
172.22.2.4 - - [04/Jan/2024:08:30:24 -0500] "GET /BLA/boletinlegal/images/tel.png HTTP/1.1" 200 14477
172.22.2.4 - - [04/Jan/2024:08:30:25 -0500] "GET /BLA/boletinlegal/images/icono-email.png HTTP/1.1" 200 5544
172.22.2.4 - - [04/Jan/2024:08:30:25 -0500] "GET /BLA/boletinlegal/images/footer_bg_l.jpg HTTP/1.1" 200 776
172.22.2.4 - - [04/Jan/2024:08:30:25 -0500] "GET /BLA/boletinlegal/img/0.png HTTP/1.1" 200 110
172.22.2.4 - - [04/Jan/2024:08:30:25 -0500] "GET /BLA/boletinlegal/img/select-left.png HTTP/1.1" 200 263
172.22.2.4 - - [04/Jan/2024:08:30:26 -0500] "GET /BLA/boletinlegal/img/select-right.png HTTP/1.1" 200 44019
172.22.2.4 - - [04/Jan/2024:08:30:26 -0500] "GET /BLA/boletinlegal/img/button-left.png HTTP/1.1" 200 57071
172.22.2.4 - - [04/Jan/2024:08:30:26 -0500] "GET /BLA/boletinlegal/img/button.png HTTP/1.1" 200 43241
172.22.2.4 - - [04/Jan/2024:08:30:26 -0500] "GET /BLA/boletinlegal/img/button-right.png HTTP/1.1" 200 57878
172.22.2.4 - - [04/Jan/2024:08:30:33 -0500] "GET /BLA/boletinlegal/consulta_normativa.php?tipo=Decreto&sector=residuos&ano=2012&resuelve= HTTP/1.1" 200 454
172.22.2.4 - - [04/Jan/2024:08:30:33 -0500] "GET /BLA/boletinlegal/actos.php HTTP/1.1" 200 9648
172.22.2.4 - - [04/Jan/2024:08:30:33 -0500] "GET /BLA/boletinlegal/styles2.css HTTP/1.1" 200 1838
172.22.2.4 - - [04/Jan/2024:08:30:34 -0500] "GET /BLA/boletinlegal/niceforms-default.css HTTP/1.1" 200 6694
172.22.2.4 - - [04/Jan/2024:08:30:34 -0500] "GET /BLA/boletinlegal/style.css HTTP/1.1" 200 9406
172.22.2.4 - - [04/Jan/2024:08:30:34 -0500] "GET /BLA/boletinlegal/js/ajax_actos.js HTTP/1.1" 200 1322
172.22.2.4 - - [04/Jan/2024:08:30:34 -0500] "GET /BLA/boletinlegal/niceforms.js HTTP/1.1" 200 22876
172.22.2.4 - - [04/Jan/2024:08:30:34 -0500] "GET /BLA/boletinlegal/js/lib.js HTTP/1.1" 200 6474
172.22.2.4 - - [04/Jan/2024:08:30:34 -0500] "GET /BLA/boletinlegal/js/popup.js HTTP/1.1" 200 1270
172.22.2.4 - - [04/Jan/2024:08:30:34 -0500] "GET /BLA/boletinlegal/js/jquery1.js HTTP/1.1" 200 29846
172.22.2.4 - - [04/Jan/2024:08:30:34 -0500] "GET /BLA/boletinlegal/images/cabezote%20BLEGAL.jpg HTTP/1.1" 200 118164
172.22.2.4 - - [04/Jan/2024:08:30:34 -0500] "GET /BLA/boletinlegal/images/subscribe-icon-big.png HTTP/1.1" 200 47702
172.22.2.4 - - [04/Jan/2024:08:30:34 -0500] "GET /BLA/boletinlegal/images/registro-usuarios.png HTTP/1.1" 200 8106
172.22.2.4 - - [04/Jan/2024:08:30:34 -0500] "GET /BLA/boletinlegal/images/green-yellow-blue-pink-th.png HTTP/1.1" 200 7394
172.22.2.4 - - [04/Jan/2024:08:30:34 -0500] "GET /BLA/boletinlegal/images/historia.png HTTP/1.1" 200 52775
172.22.2.4 - - [04/Jan/2024:08:30:34 -0500] "GET /BLA/boletinlegal/images/tel.png HTTP/1.1" 200 14477
172.22.2.4 - - [04/Jan/2024:08:30:35 -0500] "GET /BLA/boletinlegal/images/body_bg.jpg HTTP/1.1" 200 1601
172.22.2.4 - - [04/Jan/2024:08:30:35 -0500] "GET /BLA/boletinlegal/images/text.jpg HTTP/1.1" 200 568
