186.102.21.240 - - [04/Jan/2024:20:43:37 -0500] "GET /kwssiamovil/sm/acme/a?s=U2FsdGVkX189P3SGxxcfUpYBWKZ/fIvPlT4p4DPqrchWLpFisLFGkG7rlFnA2ljj8aIGgVuRf0XCNOuVeTC62RjJuiLaohN9jTyQDJ7FarJ7x0OMvG10zTJ5qcBVKr+CG4VE6ccl8vFAsRLmOe4AyseiihHQzqOfv4wWOsSKZi/biwoK77HX+f5XerfGUm2RmqtlqPtx/F7DgVmy5Fo0LZ8+N1ztHE1jS6YVUf31IIcp06hPp9eLZOSl/40cF3DSmpTwqpXHVhrtArAhWi4s5iszO8T2Agrka3m1a0PPwvJn3Tud2PjuPch6R4ogxAxbB3tpe8LV5HzgsOGfg0vjBORaKJcPZQ6Op0dsk8GTE213N8SHOi5Ob+NRZhFqJv/NynQYNCVG8Y9BSPk1ynJ/eWTxVEapST8owGtd23MJtsc=&u=U2FsdGVkX1+Yjj3XU5VPPgw+OH3uYYiuwmuR0t9GbfPgwzdeTETOU7fn4Lq1l7ru&y=U2FsdGVkX19oE6f2uiAhI+i/nSW84ySpoAG6/rGB8K/972Err8z+Yaj3CCXthHBw HTTP/1.1" 200 25
186.102.21.240 - - [04/Jan/2024:20:43:38 -0500] "GET /kwssiamovil/sm/acme/a?s=U2FsdGVkX1+Ye87MV4IE/8zne0yfqSVGGoI7SHPtJl8rNt5wNmbvWeUzx48+7HMk9y2u4IMoX9lyj8NLLnSK7NbXyEmAQIxzyYwNvIWs1YVmzeQ3D1XrZ6RZNrRvsrKJTvC9yR7Q5cZlHPBXK9Ry1EMwPEXIJzdmhuFFhPI27GO0ZSeN8mskDvF5K4klfU0XWOULeVNNbbGlam+qnSXKqGRV8rqQyTePNik6PzkKi46szQujaPath40VYNNv3CAEbak1A6gV1d4X0PTNnpFOE2wN2T3DEmWRaKiRqHHe3nZzhmzBeMWa+vxXrzE7/j5URWodRPiXodFbN56nfU7yMtAfLNbdLcL1fWNnqYxy8SaiK2vFYQ1VREyO6gyZ9eFmjDgkOpM4AD3X2w+KQt1OEw==&u=U2FsdGVkX1+Yjj3XU5VPPgw+OH3uYYiuwmuR0t9GbfPgwzdeTETOU7fn4Lq1l7ru&y=U2FsdGVkX19oE6f2uiAhI+i/nSW84ySpoAG6/rGB8K/972Err8z+Yaj3CCXthHBw HTTP/1.1" 200 26
181.53.13.164 - - [04/Jan/2024:20:43:47 -0500] "POST /appsia/controlador HTTP/1.1" 200 7731
181.53.13.164 - - [04/Jan/2024:20:43:47 -0500] "GET /appsia/images/logo_escudo.png HTTP/1.1" 200 36965
186.102.21.240 - - [04/Jan/2024:20:43:51 -0500] "GET /kwssiamovil/sm/acme/u?s=U2FsdGVkX19Gi1ZrEE8Xx0PXfVuTDhvU3AM+MIp6fV/H1UOvxH5tiHTaOiVuST3UFt69gzpchxtMXOdvC7F4Zy+D+glkqx2LOGe2ZoPzdfsrdPTRgk5o3EMdJorFCbIrw0j+Iw44tXoxGMtbffoFw24Un9FCR6rame5CsJpVtNo=&u=U2FsdGVkX1+Yjj3XU5VPPgw+OH3uYYiuwmuR0t9GbfPgwzdeTETOU7fn4Lq1l7ru&y=U2FsdGVkX19oE6f2uiAhI+i/nSW84ySpoAG6/rGB8K/972Err8z+Yaj3CCXthHBw HTTP/1.1" 200 60
156.59.198.136 - - [04/Jan/2024:20:43:57 -0500] "GET /BLA/resoluciones/AUTOS%202017/3111.pdf HTTP/1.0" 200 285496
156.59.198.136 - - [04/Jan/2024:20:44:21 -0500] "GET /BLA/resoluciones/AUTOS%202017/4805.pdf HTTP/1.0" 200 276286
181.225.101.131 - - [04/Jan/2024:20:44:35 -0500] "POST /forms/lservlet;jsessionid=ac16012b30d62fd51b9039ef476d965fc518335accf6.e3iSbxaKaheRe34Rb3eTbx8LaNb0n6jAmljGr5XDqQLvpAe HTTP/1.1" 200 2
156.59.198.135 - - [04/Jan/2024:20:44:45 -0500] "GET /BLA/resoluciones/AUTOS%202017/4809.pdf HTTP/1.0" 200 274090
156.59.198.136 - - [04/Jan/2024:20:45:09 -0500] "GET /BLA/resoluciones/AUTOS%202017/0030.pdf HTTP/1.0" 200 437095
156.59.198.136 - - [04/Jan/2024:20:45:34 -0500] "GET /BLA/resoluciones/AUTOS%202017/0400.pdf HTTP/1.0" 200 482284
216.245.221.92 - - [04/Jan/2024:20:45:43 -0500] "HEAD / HTTP/1.1" 200 -
156.59.198.135 - - [04/Jan/2024:20:45:58 -0500] "GET /BLA/resoluciones/RESOLUCIONES%202007/RES%202007%202801%20AL%202900/RESOLUCION%202871%20DE%202007.pdf HTTP/1.0" 200 326470
156.59.198.135 - - [04/Jan/2024:20:46:22 -0500] "GET /BLA/resoluciones/AUTOS%202017/1161.pdf HTTP/1.0" 200 287468
181.225.101.131 - - [04/Jan/2024:20:46:35 -0500] "POST /forms/lservlet;jsessionid=ac16012b30d62fd51b9039ef476d965fc518335accf6.e3iSbxaKaheRe34Rb3eTbx8LaNb0n6jAmljGr5XDqQLvpAe HTTP/1.1" 200 2
156.59.198.135 - - [04/Jan/2024:20:46:46 -0500] "GET /BLA/resoluciones/AUTOS%202017/0795.pdf HTTP/1.0" 200 724781
116.203.250.97 - - [04/Jan/2024:20:46:53 -0500] "GET / HTTP/1.1" 200 4720
116.203.250.97 - - [04/Jan/2024:20:46:54 -0500] "GET / HTTP/1.1" 200 319
172.22.2.4 - - [04/Jan/2024:20:45:25 -0500] "HEAD /BLA/boletinlegal/ HTTP/1.1" 200 -
156.59.198.135 - - [04/Jan/2024:20:47:11 -0500] "GET /BLA/resoluciones/AUTOS%202017/1874.pdf HTTP/1.0" 200 559615
156.59.198.135 - - [04/Jan/2024:20:47:34 -0500] "GET /BLA/resoluciones/AUTOS%202017/1147.pdf HTTP/1.0" 200 332408
201.245.192.253 - - [04/Jan/2024:20:47:50 -0500] "POST /kwsrmcab/Wsrmcab  HTTP/1.1" 200 36937
172.22.2.4 - - [04/Jan/2024:20:46:15 -0500] "GET /BLA/boletinlegal/ HTTP/1.1" 200 60910
156.59.198.135 - - [04/Jan/2024:20:47:59 -0500] "GET /BLA/resoluciones/AUTOS%202017/0295.pdf HTTP/1.0" 200 1082572
156.59.198.135 - - [04/Jan/2024:20:48:24 -0500] "GET /BLA/resoluciones/AUTOS%202017/3468.pdf HTTP/1.0" 200 1562394
181.225.101.131 - - [04/Jan/2024:20:48:35 -0500] "POST /forms/lservlet;jsessionid=ac16012b30d62fd51b9039ef476d965fc518335accf6.e3iSbxaKaheRe34Rb3eTbx8LaNb0n6jAmljGr5XDqQLvpAe HTTP/1.1" 200 2
156.59.198.135 - - [04/Jan/2024:20:48:48 -0500] "GET /BLA/resoluciones/RESOLUCIONES%202007/RES%202007%202801%20AL%202900/RESOLUCION%202891%20DE%202007.pdf HTTP/1.0" 200 45468
156.59.198.135 - - [04/Jan/2024:20:49:12 -0500] "GET /BLA/resoluciones/AUTOS%202017/1122.pdf HTTP/1.0" 200 279011
181.53.13.164 - - [04/Jan/2024:20:49:28 -0500] "GET /appsia/controlador HTTP/1.1" 200 5437
156.59.198.135 - - [04/Jan/2024:20:49:37 -0500] "GET /BLA/resoluciones/AUTOS%202017/4521.pdf HTTP/1.0" 200 711301
156.59.198.135 - - [04/Jan/2024:20:50:02 -0500] "GET /BLA/resoluciones/AUTOS%202017/2364.pdf HTTP/1.0" 200 3826209
156.59.198.136 - - [04/Jan/2024:20:50:25 -0500] "GET /BLA/resoluciones/AUTOS%202017/2470.pdf HTTP/1.0" 200 495084
172.22.2.4 - - [04/Jan/2024:20:50:26 -0500] "GET /BLA/boletinlegal/api/.hg/hgrc HTTP/1.1" 404 1018
181.225.101.131 - - [04/Jan/2024:20:50:35 -0500] "POST /forms/lservlet;jsessionid=ac16012b30d62fd51b9039ef476d965fc518335accf6.e3iSbxaKaheRe34Rb3eTbx8LaNb0n6jAmljGr5XDqQLvpAe HTTP/1.1" 200 2
216.245.221.92 - - [04/Jan/2024:20:50:43 -0500] "HEAD / HTTP/1.1" 200 -
156.59.198.136 - - [04/Jan/2024:20:50:50 -0500] "GET /BLA/resoluciones/AUTOS%202017/4389.pdf HTTP/1.0" 200 316076
181.53.13.164 - - [04/Jan/2024:20:51:15 -0500] "POST /appsia/controlador HTTP/1.1" 200 7731
156.59.198.135 - - [04/Jan/2024:20:51:15 -0500] "GET /BLA/resoluciones/AUTOS%202017/1637.pdf HTTP/1.0" 200 1225610
156.59.198.136 - - [04/Jan/2024:20:51:39 -0500] "GET /BLA/resoluciones/AUTOS%202017/4327.pdf HTTP/1.0" 200 269605
201.221.178.21 - - [04/Jan/2024:20:51:44 -0500] "GET /BLA/resoluciones/ HTTP/1.1" 200 13696
201.221.178.21 - - [04/Jan/2024:20:51:44 -0500] "GET /BLA/resoluciones/dlf/folder.png HTTP/1.1" 200 410
201.221.178.21 - - [04/Jan/2024:20:51:47 -0500] "GET /BLA/resoluciones/index.php?dir=AUTOS+2010%2F HTTP/1.1" 200 281515
156.59.198.136 - - [04/Jan/2024:20:52:02 -0500] "GET /BLA/resoluciones/AUTOS%202017/2070.pdf HTTP/1.0" 200 453153
156.59.198.135 - - [04/Jan/2024:20:52:27 -0500] "GET /BLA/resoluciones/AUTOS%202017/3600.pdf HTTP/1.0" 200 293029
181.225.101.131 - - [04/Jan/2024:20:52:35 -0500] "POST /forms/lservlet;jsessionid=ac16012b30d62fd51b9039ef476d965fc518335accf6.e3iSbxaKaheRe34Rb3eTbx8LaNb0n6jAmljGr5XDqQLvpAe HTTP/1.1" 200 2
201.221.178.21 - - [04/Jan/2024:20:52:50 -0500] "GET /BLA/resoluciones/AUTOS%202010/2175.pdf HTTP/1.1" 200 204710
201.245.192.253 - - [04/Jan/2024:20:52:48 -0500] "POST /kwsrmcab/Wsrmcab  HTTP/1.1" 200 36937
201.221.178.21 - - [04/Jan/2024:20:52:51 -0500] "GET /BLA/resoluciones/AUTOS%202010/2175.pdf HTTP/1.1" 200 204710
201.221.178.21 - - [04/Jan/2024:20:52:51 -0500] "GET /BLA/resoluciones/AUTOS%202010/2175.pdf HTTP/1.1" 206 1025
156.59.198.136 - - [04/Jan/2024:20:52:51 -0500] "GET /BLA/resoluciones/AUTOS%202017/0055.pdf HTTP/1.0" 200 281191
172.22.2.4 - - [04/Jan/2024:20:51:15 -0500] "HEAD /BLA/boletinlegal/ HTTP/1.1" 200 -
201.221.178.21 - - [04/Jan/2024:20:53:04 -0500] "GET /BLA/resoluciones/AUTOS%202010/2175.pdf HTTP/1.1" 206 1
201.221.178.21 - - [04/Jan/2024:20:53:04 -0500] "GET /BLA/resoluciones/AUTOS%202010/2175.pdf HTTP/1.1" 206 196222
201.221.178.21 - - [04/Jan/2024:20:53:04 -0500] "GET /BLA/resoluciones/AUTOS%202010/2175.pdf HTTP/1.1" 200 204710
156.59.198.135 - - [04/Jan/2024:20:53:16 -0500] "GET /BLA/resoluciones/AUTOS%202017/4910.pdf HTTP/1.0" 200 1364038
181.53.13.164 - - [04/Jan/2024:20:53:16 -0500] "GET /appsia/controlador HTTP/1.1" 200 5437
156.59.198.135 - - [04/Jan/2024:20:53:40 -0500] "GET /BLA/resoluciones/AUTOS%202017/4559.pdf HTTP/1.0" 200 281450
172.22.2.4 - - [04/Jan/2024:20:52:05 -0500] "GET /BLA/boletinlegal/ HTTP/1.1" 200 58567
156.59.198.136 - - [04/Jan/2024:20:54:04 -0500] "GET /BLA/resoluciones/AUTOS%202017/4906.pdf HTTP/1.0" 200 1050625
181.53.13.164 - - [04/Jan/2024:20:54:11 -0500] "POST /appsia/controlador HTTP/1.1" 200 3238
181.53.13.164 - - [04/Jan/2024:20:54:11 -0500] "GET /appsia/jscripts/validarSolicitud.js HTTP/1.1" 404 68
201.221.178.21 - - [04/Jan/2024:20:54:26 -0500] "GET /BLA/resoluciones/AUTOS%202010/2175.pdf HTTP/1.1" 206 1
201.221.178.21 - - [04/Jan/2024:20:54:26 -0500] "GET /BLA/resoluciones/AUTOS%202010/2175.pdf HTTP/1.1" 206 196222
201.221.178.21 - - [04/Jan/2024:20:54:27 -0500] "GET /BLA/resoluciones/AUTOS%202010/2175.pdf HTTP/1.1" 200 204710
156.59.198.135 - - [04/Jan/2024:20:54:29 -0500] "GET /BLA/resoluciones/AUTOS%202017/2196.pdf HTTP/1.0" 200 434357
181.225.101.131 - - [04/Jan/2024:20:54:36 -0500] "POST /forms/lservlet;jsessionid=ac16012b30d62fd51b9039ef476d965fc518335accf6.e3iSbxaKaheRe34Rb3eTbx8LaNb0n6jAmljGr5XDqQLvpAe HTTP/1.1" 200 2
156.59.198.136 - - [04/Jan/2024:20:54:54 -0500] "GET /BLA/resoluciones/AUTOS%202017/0401.pdf HTTP/1.0" 200 482569
156.59.198.136 - - [04/Jan/2024:20:55:18 -0500] "GET /BLA/resoluciones/AUTOS%202017/3107.pdf HTTP/1.0" 200 268073
156.59.198.136 - - [04/Jan/2024:20:55:42 -0500] "GET /BLA/resoluciones/AUTOS%202017/2933.pdf HTTP/1.0" 200 219634
216.245.221.92 - - [04/Jan/2024:20:55:43 -0500] "HEAD / HTTP/1.1" 200 -
156.59.198.136 - - [04/Jan/2024:20:56:06 -0500] "GET /BLA/resoluciones/AUTOS%202017/2453.pdf HTTP/1.0" 200 913897
47.254.180.222 - - [04/Jan/2024:20:56:17 -0500] "HEAD /galeria/galeria/fotos/diaSC3Peq.jpg HTTP/1.1" 200 -
47.254.180.165 - - [04/Jan/2024:20:56:18 -0500] "GET /galeria/galeria/fotos/diaSC3Peq.jpg HTTP/1.1" 200 24913
156.59.198.136 - - [04/Jan/2024:20:56:31 -0500] "GET /BLA/resoluciones/AUTOS%202017/2376.pdf HTTP/1.0" 200 2743879
181.225.101.131 - - [04/Jan/2024:20:56:36 -0500] "POST /forms/lservlet;jsessionid=ac16012b30d62fd51b9039ef476d965fc518335accf6.e3iSbxaKaheRe34Rb3eTbx8LaNb0n6jAmljGr5XDqQLvpAe HTTP/1.1" 200 2
156.59.198.136 - - [04/Jan/2024:20:56:56 -0500] "GET /BLA/resoluciones/AUTOS%202017/3610.pdf HTTP/1.0" 200 337510
52.167.144.228 - - [04/Jan/2024:20:57:16 -0500] "GET /BLA/resoluciones/RESOLUCIONES%202023/01699.pdf HTTP/1.1" 200 875222
156.59.198.135 - - [04/Jan/2024:20:57:21 -0500] "GET /BLA/resoluciones/AUTOS%202017/3344.pdf HTTP/1.0" 200 276810
156.59.198.136 - - [04/Jan/2024:20:57:44 -0500] "GET /BLA/resoluciones/AUTOS%202017/2854.pdf HTTP/1.0" 200 379978
201.245.192.253 - - [04/Jan/2024:20:57:47 -0500] "POST /kwsrmcab/Wsrmcab  HTTP/1.1" 200 36937
156.59.198.136 - - [04/Jan/2024:20:58:09 -0500] "GET /BLA/resoluciones/AUTOS%202017/0928.pdf HTTP/1.0" 200 594605
156.59.198.136 - - [04/Jan/2024:20:58:34 -0500] "GET /BLA/resoluciones/AUTOS%202017/0790.pdf HTTP/1.0" 200 383926
181.225.101.131 - - [04/Jan/2024:20:58:36 -0500] "POST /forms/lservlet;jsessionid=ac16012b30d62fd51b9039ef476d965fc518335accf6.e3iSbxaKaheRe34Rb3eTbx8LaNb0n6jAmljGr5XDqQLvpAe HTTP/1.1" 200 2
172.22.2.4 - - [04/Jan/2024:20:57:04 -0500] "HEAD /BLA/boletinlegal/ HTTP/1.1" 200 -
52.167.144.201 - - [04/Jan/2024:20:58:54 -0500] "GET /BLA/resoluciones/AUTOS%202020/3461.pdf HTTP/1.1" 200 368194
156.59.198.135 - - [04/Jan/2024:20:58:57 -0500] "GET /BLA/resoluciones/AUTOS%202017/4168.pdf HTTP/1.0" 200 316796
156.59.198.135 - - [04/Jan/2024:20:59:22 -0500] "GET /BLA/resoluciones/AUTOS%202017/3450.pdf HTTP/1.0" 200 296678
177.93.59.98 - - [04/Jan/2024:20:59:28 -0500] "GET /appsia/controlador HTTP/1.1" 200 4799
177.93.59.98 - - [04/Jan/2024:20:59:28 -0500] "GET /appsia/css/estilos.css HTTP/1.1" 200 4804
177.93.59.98 - - [04/Jan/2024:20:59:28 -0500] "GET /appsia/scripts/validarIngreso.js HTTP/1.1" 200 851
177.93.59.98 - - [04/Jan/2024:20:59:28 -0500] "GET /appsia/images/logo_bogota_p.png HTTP/1.1" 200 14951
177.93.59.98 - - [04/Jan/2024:20:59:28 -0500] "GET /appsia/images/cabezoteHojaVida.png HTTP/1.1" 200 32493
177.93.59.98 - - [04/Jan/2024:20:59:28 -0500] "GET /favicon.ico HTTP/1.1" 200 7782
172.22.2.4 - - [04/Jan/2024:20:57:55 -0500] "GET /BLA/boletinlegal/ HTTP/1.1" 200 58567
156.59.198.136 - - [04/Jan/2024:20:59:46 -0500] "GET /BLA/resoluciones/RESOLUCIONES%202007/RES%202007%202801%20AL%202900/RESOLUCION%202828%20DE%202007.pdf HTTP/1.0" 200 26435
156.59.198.135 - - [04/Jan/2024:21:00:09 -0500] "GET /BLA/resoluciones/AUTOS%202017/2731.pdf HTTP/1.0" 200 435226
156.59.198.135 - - [04/Jan/2024:21:00:34 -0500] "GET /BLA/resoluciones/AUTOS%202017/1250.pdf HTTP/1.0" 200 320977
181.225.101.131 - - [04/Jan/2024:21:00:36 -0500] "POST /forms/lservlet;jsessionid=ac16012b30d62fd51b9039ef476d965fc518335accf6.e3iSbxaKaheRe34Rb3eTbx8LaNb0n6jAmljGr5XDqQLvpAe HTTP/1.1" 200 2
172.22.2.4 - - [04/Jan/2024:21:00:40 -0500] "GET /BLA/boletinlegal/js/.git/config HTTP/1.1" 404 1018
216.245.221.92 - - [04/Jan/2024:21:00:43 -0500] "HEAD / HTTP/1.1" 200 -
156.59.198.135 - - [04/Jan/2024:21:00:58 -0500] "GET /BLA/resoluciones/AUTOS%202017/3258.pdf HTTP/1.0" 200 1650901
177.93.59.98 - - [04/Jan/2024:21:01:18 -0500] "POST /appsia/controlador HTTP/1.1" 200 5437
156.59.198.136 - - [04/Jan/2024:21:01:22 -0500] "GET /BLA/resoluciones/AUTOS%202017/3165.pdf HTTP/1.0" 200 291318
52.167.144.212 - - [04/Jan/2024:21:01:29 -0500] "GET /BLA/resoluciones/AUTOS%202020/0050.pdf HTTP/1.1" 200 267990
156.59.198.136 - - [04/Jan/2024:21:01:46 -0500] "GET /BLA/resoluciones/AUTOS%202017/1711.pdf HTTP/1.0" 200 527196
177.93.59.98 - - [04/Jan/2024:21:02:01 -0500] "POST /appsia/controlador HTTP/1.1" 200 7729
177.93.59.98 - - [04/Jan/2024:21:02:01 -0500] "GET /appsia/images/logo_escudo.png HTTP/1.1" 200 36965
156.59.198.135 - - [04/Jan/2024:21:02:10 -0500] "GET /BLA/resoluciones/AUTOS%202017/1819.pdf HTTP/1.0" 200 1331747
179.51.119.61 - - [04/Jan/2024:21:02:17 -0500] "GET /appsia/controlador HTTP/1.1" 200 4799
172.22.2.4 - - [04/Jan/2024:21:02:19 -0500] "GET /BLA/boletinlegal/uploads/.git/config HTTP/1.1" 404 1018
179.51.119.61 - - [04/Jan/2024:21:02:24 -0500] "POST /appsia/controlador HTTP/1.1" 200 5437
179.51.119.61 - - [04/Jan/2024:21:02:31 -0500] "POST /appsia/controlador HTTP/1.1" 200 3238
179.51.119.61 - - [04/Jan/2024:21:02:31 -0500] "GET /appsia/jscripts/validarSolicitud.js HTTP/1.1" 404 68
156.59.198.135 - - [04/Jan/2024:21:02:34 -0500] "GET /BLA/resoluciones/RESOLUCIONES%202007/RES%202007%202801%20AL%202900/RESOLUCION%202849%20DE%202007.pdf HTTP/1.0" 200 333870
179.51.119.61 - - [04/Jan/2024:21:02:34 -0500] "POST /appsia/controlador HTTP/1.1" 200 5437
51.161.84.126 - - [04/Jan/2024:21:02:35 -0500] "GET /en-este-puente-de-reyes-evita-movilizar-comercializar-o-traer-animales-silvestres-a-bogota.html HTTP/1.1" 200 859
181.225.101.131 - - [04/Jan/2024:21:02:36 -0500] "POST /forms/lservlet;jsessionid=ac16012b30d62fd51b9039ef476d965fc518335accf6.e3iSbxaKaheRe34Rb3eTbx8LaNb0n6jAmljGr5XDqQLvpAe HTTP/1.1" 200 2
179.51.119.61 - - [04/Jan/2024:21:02:36 -0500] "POST /appsia/controlador HTTP/1.1" 200 7727
179.51.119.61 - - [04/Jan/2024:21:02:36 -0500] "GET /appsia/images/logo_escudo.png HTTP/1.1" 200 36965
201.245.192.253 - - [04/Jan/2024:21:02:46 -0500] "POST /kwsrmcab/Wsrmcab  HTTP/1.1" 200 36937
156.59.198.135 - - [04/Jan/2024:21:02:58 -0500] "GET /BLA/resoluciones/AUTOS%202017/4623.pdf HTTP/1.0" 200 1035581
156.59.198.135 - - [04/Jan/2024:21:03:23 -0500] "GET /BLA/resoluciones/AUTOS%202017/2613.pdf HTTP/1.0" 200 284011
156.59.198.135 - - [04/Jan/2024:21:03:47 -0500] "GET /BLA/resoluciones/AUTOS%202017/3288.pdf HTTP/1.0" 200 277079
156.59.198.135 - - [04/Jan/2024:21:04:12 -0500] "GET /BLA/resoluciones/AUTOS%202017/4881.pdf HTTP/1.0" 200 270630
172.22.2.4 - - [04/Jan/2024:21:02:54 -0500] "HEAD /BLA/boletinlegal/ HTTP/1.1" 200 -
181.225.101.131 - - [04/Jan/2024:21:04:36 -0500] "POST /forms/lservlet;jsessionid=ac16012b30d62fd51b9039ef476d965fc518335accf6.e3iSbxaKaheRe34Rb3eTbx8LaNb0n6jAmljGr5XDqQLvpAe HTTP/1.1" 200 2
156.59.198.135 - - [04/Jan/2024:21:04:36 -0500] "GET /BLA/resoluciones/AUTOS%202017/0746.pdf HTTP/1.0" 200 540764
172.22.2.4 - - [04/Jan/2024:21:04:37 -0500] "GET /BLA/boletinlegal/blogs/.git/config HTTP/1.1" 404 1018
156.59.198.135 - - [04/Jan/2024:21:05:00 -0500] "GET /BLA/resoluciones/AUTOS%202017/2490.pdf HTTP/1.0" 200 268801
201.221.178.21 - - [04/Jan/2024:21:05:07 -0500] "GET /BLA/resoluciones/index.php?dir=AUTOS+2011%2F HTTP/1.1" 200 637403
172.22.2.4 - - [04/Jan/2024:21:03:45 -0500] "GET /BLA/boletinlegal/ HTTP/1.1" 200 60910
156.59.198.135 - - [04/Jan/2024:21:05:25 -0500] "GET /BLA/resoluciones/RESOLUCIONES%202014/2002.pdf HTTP/1.0" 200 651904
216.245.221.92 - - [04/Jan/2024:21:05:43 -0500] "HEAD / HTTP/1.1" 200 -
156.59.198.135 - - [04/Jan/2024:21:05:49 -0500] "GET /BLA/resoluciones/AUTOS%202017/4868.pdf HTTP/1.0" 200 282732
66.249.66.21 - - [04/Jan/2024:21:06:08 -0500] "GET /Residuos/textiles/files/guia_textiles.pdf HTTP/1.1" 200 12356716
156.59.198.135 - - [04/Jan/2024:21:06:14 -0500] "GET /BLA/resoluciones/AUTOS%202017/1189.pdf HTTP/1.0" 200 381928
181.225.101.131 - - [04/Jan/2024:21:06:36 -0500] "POST /forms/lservlet;jsessionid=ac16012b30d62fd51b9039ef476d965fc518335accf6.e3iSbxaKaheRe34Rb3eTbx8LaNb0n6jAmljGr5XDqQLvpAe HTTP/1.1" 200 2
156.59.198.135 - - [04/Jan/2024:21:06:39 -0500] "GET /BLA/resoluciones/RESOLUCIONES%202014/2306.pdf HTTP/1.0" 200 499923
52.167.144.167 - - [04/Jan/2024:21:06:59 -0500] "GET /BLA/resoluciones/AUTOS%202020/2203.pdf HTTP/1.1" 200 346151
156.59.198.136 - - [04/Jan/2024:21:07:04 -0500] "GET /BLA/resoluciones/RESOLUCIONES%202014/2798.pdf HTTP/1.0" 200 180351
52.167.144.222 - - [04/Jan/2024:21:07:17 -0500] "GET /BLA/resoluciones/AUTOS%202020/0848.pdf HTTP/1.1" 200 488912
156.59.198.135 - - [04/Jan/2024:21:07:30 -0500] "GET /BLA/resoluciones/RESOLUCIONES%202014/2519.pdf HTTP/1.0" 200 172967
186.102.33.25 - - [04/Jan/2024:21:07:30 -0500] "GET /appsia/controlador HTTP/1.1" 200 4799
186.102.33.25 - - [04/Jan/2024:21:07:30 -0500] "GET /appsia/css/estilos.css HTTP/1.1" 200 4804
186.102.33.25 - - [04/Jan/2024:21:07:31 -0500] "GET /appsia/scripts/validarIngreso.js HTTP/1.1" 200 851
186.102.33.25 - - [04/Jan/2024:21:07:31 -0500] "GET /appsia/images/cabezoteHojaVida.png HTTP/1.1" 200 32493
186.102.33.25 - - [04/Jan/2024:21:07:31 -0500] "GET /appsia/images/logo_bogota_p.png HTTP/1.1" 200 14951
186.102.33.25 - - [04/Jan/2024:21:07:31 -0500] "GET /favicon.ico HTTP/1.1" 200 7782
51.222.253.10 - - [04/Jan/2024:21:07:41 -0500] "GET /robots.txt HTTP/1.1" 404 1035
51.222.253.14 - - [04/Jan/2024:21:07:42 -0500] "GET /portaldeninos/biodiversidad/ HTTP/1.1" 200 86633
51.222.253.9 - - [04/Jan/2024:21:07:43 -0500] "GET /portaldeninos/gestion-del-riesgo-incendios-forestales/ HTTP/1.1" 200 86825
186.102.33.25 - - [04/Jan/2024:21:07:45 -0500] "POST /appsia/controlador HTTP/1.1" 200 5437
51.222.253.3 - - [04/Jan/2024:21:07:45 -0500] "GET /portaldeninos/que-es-cambio-climatico/ HTTP/1.1" 200 86727
201.245.192.253 - - [04/Jan/2024:21:07:44 -0500] "POST /kwsrmcab/Wsrmcab  HTTP/1.1" 200 36937
186.102.33.25 - - [04/Jan/2024:21:07:48 -0500] "POST /appsia/controlador HTTP/1.1" 200 7729
186.102.33.25 - - [04/Jan/2024:21:07:48 -0500] "GET /appsia/images/logo_escudo.png HTTP/1.1" 200 36965
156.59.198.135 - - [04/Jan/2024:21:07:54 -0500] "GET /BLA/resoluciones/RESOLUCIONES%202007/RES%202007%202801%20AL%202900/RESOLUCION%202801%20DE%202007.pdf HTTP/1.0" 200 273592
201.221.178.21 - - [04/Jan/2024:21:08:01 -0500] "GET /BLA/resoluciones/AUTOS%202011/7687.pdf HTTP/1.1" 200 183581
201.221.178.21 - - [04/Jan/2024:21:08:01 -0500] "GET /BLA/resoluciones/AUTOS%202011/7687.pdf HTTP/1.1" 206 1025
201.221.178.21 - - [04/Jan/2024:21:08:01 -0500] "GET /BLA/resoluciones/AUTOS%202011/7687.pdf HTTP/1.1" 200 183581
156.59.198.135 - - [04/Jan/2024:21:08:17 -0500] "GET /BLA/resoluciones/RESOLUCIONES%202014/2732.pdf HTTP/1.0" 200 631717
156.59.198.136 - - [04/Jan/2024:21:08:43 -0500] "GET /BLA/resoluciones/RESOLUCIONES%202014/2702.pdf HTTP/1.0" 200 398101
156.59.198.136 - - [04/Jan/2024:21:09:06 -0500] "GET /BLA/resoluciones/RESOLUCIONES%202014/3137.pdf HTTP/1.0" 200 491296
156.59.198.136 - - [04/Jan/2024:21:09:31 -0500] "GET /BLA/resoluciones/RESOLUCIONES%202014/2382.pdf HTTP/1.0" 200 268303
52.167.144.167 - - [04/Jan/2024:21:09:41 -0500] "GET /BLA/resoluciones/RESOLUCIONES%202023/1717.pdf HTTP/1.1" 200 418113
156.59.198.136 - - [04/Jan/2024:21:09:55 -0500] "GET /BLA/resoluciones/RESOLUCIONES%202014/2554.pdf HTTP/1.0" 200 3322094
156.59.198.135 - - [04/Jan/2024:21:10:19 -0500] "GET /BLA/resoluciones/RESOLUCIONES%202007/RES%202007%202801%20AL%202900/RESOLUCION%202836%20DE%202007.pdf HTTP/1.0" 200 1947298
172.22.2.4 - - [04/Jan/2024:21:08:44 -0500] "HEAD /BLA/boletinlegal/ HTTP/1.1" 200 -
181.78.78.236 - - [04/Jan/2024:21:10:31 -0500] "-" 408 -
216.245.221.92 - - [04/Jan/2024:21:10:43 -0500] "HEAD / HTTP/1.1" 200 -
156.59.198.136 - - [04/Jan/2024:21:10:44 -0500] "GET /BLA/resoluciones/RESOLUCIONES%202014/2473.pdf HTTP/1.0" 200 281976
156.59.198.135 - - [04/Jan/2024:21:11:08 -0500] "GET /BLA/resoluciones/RESOLUCIONES%202007/RES%202007%202801%20AL%202900/RESOLUCION%202879%20%20DE%202007.pdf HTTP/1.0" 200 195868
172.22.2.4 - - [04/Jan/2024:21:09:35 -0500] "GET /BLA/boletinlegal/ HTTP/1.1" 200 58567
172.22.2.4 - - [04/Jan/2024:21:11:31 -0500] "GET /BLA/boletinlegal/plugins/.hg/hgrc HTTP/1.1" 404 1018
156.59.198.135 - - [04/Jan/2024:21:11:32 -0500] "GET /BLA/resoluciones/RESOLUCIONES%202014/3025.pdf HTTP/1.0" 200 274481
181.78.78.234 - - [04/Jan/2024:21:11:46 -0500] "-" 408 -
172.22.2.4 - - [04/Jan/2024:21:11:55 -0500] "GET /BLA/boletinlegal/.env HTTP/1.1" 404 1018
156.59.198.135 - - [04/Jan/2024:21:11:56 -0500] "GET /BLA/resoluciones/RESOLUCIONES%202014/2718.pdf HTTP/1.0" 200 354788
156.59.198.136 - - [04/Jan/2024:21:12:20 -0500] "GET /BLA/resoluciones/RESOLUCIONES%202007/RES%202007%203001%20AL%203100/RESOLUCION%203059%20DE%202007.pdf HTTP/1.0" 200 361242
172.22.2.4 - - [04/Jan/2024:21:11:55 -0500] "POST /BLA/boletinlegal/ HTTP/1.1" 200 24523
40.77.167.235 - - [04/Jan/2024:21:12:43 -0500] "GET /BLA/resoluciones/AUTOS%202020/4498.pdf HTTP/1.1" 200 381626
156.59.198.135 - - [04/Jan/2024:21:12:45 -0500] "GET /BLA/resoluciones/RESOLUCIONES%202007/RES%202007%203001%20AL%203100/RESOLUCION%203030%20DE%202007.pdf HTTP/1.0" 200 1279313
201.245.192.253 - - [04/Jan/2024:21:12:44 -0500] "POST /kwsrmcab/Wsrmcab  HTTP/1.1" 200 36937
156.59.198.135 - - [04/Jan/2024:21:13:09 -0500] "GET /BLA/resoluciones/RESOLUCIONES%202014/2831.pdf HTTP/1.0" 200 646631
181.78.78.234 - - [04/Jan/2024:21:13:15 -0500] "-" 408 -
181.78.78.234 - - [04/Jan/2024:21:13:15 -0500] "-" 408 -
156.59.198.136 - - [04/Jan/2024:21:13:33 -0500] "GET /BLA/resoluciones/RESOLUCIONES%202014/3173.pdf HTTP/1.0" 200 551078
156.59.198.136 - - [04/Jan/2024:21:13:57 -0500] "GET /BLA/resoluciones/RESOLUCIONES%202014/2348.pdf HTTP/1.0" 200 722206
156.59.198.135 - - [04/Jan/2024:21:14:22 -0500] "GET /BLA/resoluciones/RESOLUCIONES%202014/2401.pdf HTTP/1.0" 200 672574
199.16.157.182 - - [04/Jan/2024:21:14:39 -0500] "GET /images/pl%C3%A1sticos%20foto%201..jpg HTTP/1.1" 404 1034
156.59.198.135 - - [04/Jan/2024:21:14:47 -0500] "GET /BLA/resoluciones/RESOLUCIONES%202014/2418.pdf HTTP/1.0" 200 460271
156.59.198.135 - - [04/Jan/2024:21:15:11 -0500] "GET /BLA/resoluciones/RESOLUCIONES%202014/2660.pdf HTTP/1.0" 200 499430
201.245.192.253 - - [04/Jan/2024:21:15:21 -0500] "POST /kwsrmcab/Wsrmcab HTTP/1.1" 200 40264
66.249.66.19 - - [04/Jan/2024:21:15:25 -0500] "GET /Publicaciones/2022EE310483.pdf HTTP/1.1" 404 228
201.245.192.253 - - [04/Jan/2024:21:15:24 -0500] "POST /kwsrmcab/Wsrmcab HTTP/1.1" 200 37019
66.249.66.192 - - [04/Jan/2024:21:15:31 -0500] "GET /caminatas-ecologicas-un-plan-imperdible-para-octubre.html HTTP/1.1" 304 -
156.59.198.135 - - [04/Jan/2024:21:15:35 -0500] "GET /BLA/resoluciones/AUTOS%202008/0640.pdf HTTP/1.0" 200 249405
216.245.221.92 - - [04/Jan/2024:21:15:43 -0500] "HEAD / HTTP/1.1" 200 -
152.203.254.57 - - [04/Jan/2024:21:15:48 -0500] "GET /kwssiamovil/sm/ldap/au?x=U2FsdGVkX18aTjMqgmrIeI0ab23/eEms74Gqfy7Jngv7/h8YiN2C8Bsr2MrlKt1P&y=U2FsdGVkX18GmrvAhdI+EkTcFzRY0HfGxRItuKcrBRKszILtmGELaWbG0/OEcsj3 HTTP/1.1" 200 30
156.59.198.135 - - [04/Jan/2024:21:16:00 -0500] "GET /BLA/resoluciones/AUTOS%202017/5032.pdf HTTP/1.0" 200 278313
172.22.2.4 - - [04/Jan/2024:21:14:34 -0500] "HEAD /BLA/boletinlegal/ HTTP/1.1" 200 -
156.59.198.135 - - [04/Jan/2024:21:16:24 -0500] "GET /BLA/resoluciones/AUTOS%202008/1279.pdf HTTP/1.0" 200 77104
138.84.40.233 - - [04/Jan/2024:21:16:39 -0500] "GET /BLA/resoluciones/dlf/dirup.png HTTP/1.1" 200 644
138.84.40.233 - - [04/Jan/2024:21:16:39 -0500] "GET /BLA/resoluciones/dlf/pdf.gif HTTP/1.1" 200 272
138.84.40.233 - - [04/Jan/2024:21:16:39 -0500] "GET /BLA/resoluciones/dlf/archive.png HTTP/1.1" 200 632
138.84.40.233 - - [04/Jan/2024:21:16:38 -0500] "GET /BLA/resoluciones/index.php?dir=AUTOS+2019%2F HTTP/1.1" 200 391901
138.84.40.233 - - [04/Jan/2024:21:16:43 -0500] "GET /BLA/resoluciones/AUTOS%202019/2174.pdf HTTP/1.1" 200 253954
156.59.198.135 - - [04/Jan/2024:21:16:49 -0500] "GET /BLA/resoluciones/AUTOS%202017/3283.pdf HTTP/1.0" 200 260217
172.22.2.4 - - [04/Jan/2024:21:15:25 -0500] "GET /BLA/boletinlegal/ HTTP/1.1" 200 58567
156.59.198.136 - - [04/Jan/2024:21:17:13 -0500] "GET /BLA/resoluciones/AUTOS%202017/4164.pdf HTTP/1.0" 200 290416
156.59.198.135 - - [04/Jan/2024:21:17:37 -0500] "GET /BLA/resoluciones/AUTOS%202008/0136.pdf HTTP/1.0" 200 126948
201.245.192.253 - - [04/Jan/2024:21:17:42 -0500] "POST /kwsrmcab/Wsrmcab  HTTP/1.1" 200 36937
156.59.198.135 - - [04/Jan/2024:21:18:01 -0500] "GET /BLA/resoluciones/AUTOS%202008/1324.pdf HTTP/1.0" 200 230236
156.59.198.136 - - [04/Jan/2024:21:18:25 -0500] "GET /BLA/resoluciones/AUTOS%202008/1245.pdf HTTP/1.0" 200 63145
156.59.198.136 - - [04/Jan/2024:21:18:50 -0500] "GET /BLA/resoluciones/AUTOS%202017/3286.pdf HTTP/1.0" 200 272136
156.59.198.136 - - [04/Jan/2024:21:19:14 -0500] "GET /BLA/resoluciones/RESOLUCIONES%202014/2715.pdf HTTP/1.0" 200 1127486
201.245.192.253 - - [04/Jan/2024:21:19:32 -0500] "POST /kwsrmcab/Wsrmcab HTTP/1.1" 200 40264
156.59.198.135 - - [04/Jan/2024:21:19:40 -0500] "GET /BLA/resoluciones/AUTOS%202017/2756.pdf HTTP/1.0" 200 277641
40.77.167.50 - - [04/Jan/2024:21:19:56 -0500] "GET /BLA/resoluciones/AUTOS%202020/3347.pdf HTTP/1.1" 200 411440
156.59.198.135 - - [04/Jan/2024:21:20:03 -0500] "GET /BLA/resoluciones/RESOLUCIONES%202001/1596.pdf HTTP/1.0" 200 56441
201.245.192.253 - - [04/Jan/2024:21:20:12 -0500] "POST /kwsrmcab/Wsrmcab HTTP/1.1" 200 37019
156.59.198.135 - - [04/Jan/2024:21:20:28 -0500] "GET /BLA/resoluciones/AUTOS%202008/0971.pdf HTTP/1.0" 200 34131
216.245.221.92 - - [04/Jan/2024:21:20:43 -0500] "HEAD / HTTP/1.1" 200 -
156.59.198.136 - - [04/Jan/2024:21:20:52 -0500] "GET /BLA/resoluciones/AUTOS%202017/1196.pdf HTTP/1.0" 200 351371
52.167.144.223 - - [04/Jan/2024:21:21:01 -0500] "GET /BLA/resoluciones/RESOLUCIONES%202023/1606.pdf HTTP/1.1" 200 3768938
156.59.198.135 - - [04/Jan/2024:21:21:17 -0500] "GET /BLA/resoluciones/RESOLUCIONES%202014/2404.pdf HTTP/1.0" 200 5625083
156.59.198.136 - - [04/Jan/2024:21:21:41 -0500] "GET /BLA/resoluciones/AUTOS%202017/0092.pdf HTTP/1.0" 200 351680
172.22.2.4 - - [04/Jan/2024:21:20:24 -0500] "HEAD /BLA/boletinlegal/ HTTP/1.1" 200 -
156.59.198.136 - - [04/Jan/2024:21:22:07 -0500] "GET /BLA/resoluciones/AUTOS%202017/0305.pdf HTTP/1.0" 200 839719
156.59.198.135 - - [04/Jan/2024:21:22:30 -0500] "GET /BLA/resoluciones/RESOLUCIONES%202014/2299.pdf HTTP/1.0" 200 761681
201.245.192.253 - - [04/Jan/2024:21:22:41 -0500] "POST /kwsrmcab/Wsrmcab  HTTP/1.1" 200 36937
69.63.189.113 - - [04/Jan/2024:21:22:50 -0500] "GET /images/reconocimiento%20practicas%20ambientales.jpg HTTP/1.1" 200 63397
69.63.189.111 - - [04/Jan/2024:21:22:50 -0500] "GET /images/terrazas%20verdes.jpg HTTP/1.1" 200 63951
69.63.189.9 - - [04/Jan/2024:21:22:50 -0500] "GET /images/Musgo%2017%20-%2012%20-%202023.jpeg HTTP/1.1" 200 66238
69.63.189.2 - - [04/Jan/2024:21:22:50 -0500] "GET /images/arbol%20centro.jpg HTTP/1.1" 200 69467
69.63.189.3 - - [04/Jan/2024:21:22:50 -0500] "GET /images/PREAD%20SDA%201.jpeg HTTP/1.1" 200 65620
69.63.189.4 - - [04/Jan/2024:21:22:50 -0500] "GET /images/Aves%20SDA.jpeg HTTP/1.1" 200 75104
69.63.189.1 - - [04/Jan/2024:21:22:50 -0500] "GET /images/agua%20bogota.jpg HTTP/1.1" 200 74348
69.63.189.5 - - [04/Jan/2024:21:22:50 -0500] "GET /images/participacion%2019-12-23.jpg HTTP/1.1" 200 73861
172.22.2.4 - - [04/Jan/2024:21:21:15 -0500] "GET /BLA/boletinlegal/ HTTP/1.1" 200 60502
156.59.198.135 - - [04/Jan/2024:21:22:55 -0500] "GET /BLA/resoluciones/RESOLUCIONES%202007/RES%202007%20401%20AL%20500/RESOLUCION%200469%20DE%202007.pdf HTTP/1.0" 200 952909
69.63.189.10 - - [04/Jan/2024:21:22:56 -0500] "GET /images/calidad-aire.jpg HTTP/1.1" 200 42421
201.221.178.21 - - [04/Jan/2024:21:23:02 -0500] "GET /BLA/resoluciones/AUTOS%202011/7687.pdf HTTP/1.1" 206 1
201.221.178.21 - - [04/Jan/2024:21:23:02 -0500] "GET /BLA/resoluciones/AUTOS%202011/7687.pdf HTTP/1.1" 206 180933
201.221.178.21 - - [04/Jan/2024:21:23:02 -0500] "GET /BLA/resoluciones/AUTOS%202011/7687.pdf HTTP/1.1" 200 183581
156.59.198.136 - - [04/Jan/2024:21:23:18 -0500] "GET /BLA/resoluciones/RESOLUCIONES%202014/2608.pdf HTTP/1.0" 200 667010
181.225.101.131 - - [04/Jan/2024:21:23:40 -0500] "-" 408 -
156.59.198.135 - - [04/Jan/2024:21:23:43 -0500] "GET /BLA/resoluciones/AUTOS%202008/0530.pdf HTTP/1.0" 200 90936
172.22.2.4 - - [04/Jan/2024:21:23:50 -0500] "GET /BLA/boletinlegal/robots.txt HTTP/1.1" 404 1038
172.22.2.4 - - [04/Jan/2024:21:23:50 -0500] "GET /BLA/boletinlegal/images/img_3.jpg HTTP/1.1" 200 1841
172.22.2.4 - - [04/Jan/2024:21:23:55 -0500] "GET /BLA/boletinlegal/consulta_actos.php?tipo=resoluciones&no=0666&usuario=&sector=&fecha=2020&resuelve= HTTP/1.1" 200 1403
181.53.12.253 - - [04/Jan/2024:21:23:56 -0500] "GET /BLA/resoluciones/RESOLUCIONES%202020/0666.pdf HTTP/1.1" 200 555672
156.59.198.135 - - [04/Jan/2024:21:24:06 -0500] "GET /BLA/resoluciones/AUTOS%202017/3626.pdf HTTP/1.0" 200 267029
172.22.2.4 - - [04/Jan/2024:21:24:24 -0500] "GET /BLA/boletinlegal/consulta_actos.php?tipo=resoluciones&no=0638&usuario=&sector=&fecha=2019&resuelve= HTTP/1.1" 200 626
172.22.2.4 - - [04/Jan/2024:21:24:26 -0500] "GET /BLA/boletinlegal/consulta_actos.php?tipo=resoluciones&no=0638&usuario=&sector=&fecha=2019&resuelve= HTTP/1.1" 200 626
201.221.178.21 - - [04/Jan/2024:21:24:28 -0500] "GET /BLA/resoluciones/index.php HTTP/1.1" 200 13696
156.59.198.135 - - [04/Jan/2024:21:24:30 -0500] "GET /BLA/resoluciones/AUTOS%202008/0393.pdf HTTP/1.0" 200 80304
52.167.144.223 - - [04/Jan/2024:21:24:32 -0500] "GET /BLA/resoluciones/AUTOS%202020/1270.pdf HTTP/1.1" 200 355375
156.59.198.135 - - [04/Jan/2024:21:24:55 -0500] "GET /BLA/resoluciones/AUTOS%202017/0672.pdf HTTP/1.0" 200 422136
52.167.144.214 - - [04/Jan/2024:21:25:15 -0500] "GET /BLA/resoluciones/AUTOS%202020/0791.pdf HTTP/1.1" 200 331737
156.59.198.136 - - [04/Jan/2024:21:25:20 -0500] "GET /BLA/resoluciones/AUTOS%202008/1284.pdf HTTP/1.0" 200 148201
201.245.192.253 - - [04/Jan/2024:21:25:21 -0500] "POST /kwsrmcab/Wsrmcab HTTP/1.1" 200 40264
201.245.192.253 - - [04/Jan/2024:21:25:24 -0500] "POST /kwsrmcab/Wsrmcab HTTP/1.1" 200 37019
216.245.221.92 - - [04/Jan/2024:21:25:43 -0500] "HEAD / HTTP/1.1" 200 -
156.59.198.135 - - [04/Jan/2024:21:25:44 -0500] "GET /BLA/resoluciones/RESOLUCIONES%202001/RESOLUCION%201062%20DE%202001.pdf HTTP/1.0" 200 5951155
156.59.198.135 - - [04/Jan/2024:21:26:09 -0500] "GET /BLA/resoluciones/AUTOS%202017/1805.pdf HTTP/1.0" 200 2135204
156.59.198.136 - - [04/Jan/2024:21:26:33 -0500] "GET /BLA/resoluciones/AUTOS%202017/2909.pdf HTTP/1.0" 200 339654
45.79.163.53 - - [04/Jan/2024:21:26:38 -0500] "GET / HTTP/1.1" 200 319
156.59.198.136 - - [04/Jan/2024:21:26:56 -0500] "GET /BLA/resoluciones/RESOLUCIONES%202014/3285.pdf HTTP/1.0" 200 3027581
156.59.198.136 - - [04/Jan/2024:21:27:21 -0500] "GET /BLA/resoluciones/RESOLUCIONES%202014/2819.pdf HTTP/1.0" 200 597581
172.22.2.4 - - [04/Jan/2024:21:25:51 -0500] "GET /BLA/boletinlegal/ HTTP/1.1" 200 52008
201.245.192.253 - - [04/Jan/2024:21:27:39 -0500] "POST /kwsrmcab/Wsrmcab  HTTP/1.1" 200 36937
156.59.198.136 - - [04/Jan/2024:21:27:45 -0500] "GET /BLA/resoluciones/RESOLUCIONES%202014/2812.pdf HTTP/1.0" 200 752395
181.128.12.177 - - [04/Jan/2024:21:27:52 -0500] "GET /investigadores-del-jardin-botanico-de-bogota-descubren-primera-especie-de-cedro-endemica-de-colombia.html HTTP/1.1" 200 1003
172.22.2.4 - - [04/Jan/2024:21:26:14 -0500] "HEAD /BLA/boletinlegal/ HTTP/1.1" 200 -
156.59.198.135 - - [04/Jan/2024:21:28:09 -0500] "GET /BLA/resoluciones/RESOLUCIONES%202014/3199.pdf HTTP/1.0" 200 240524
156.59.198.136 - - [04/Jan/2024:21:28:34 -0500] "GET /BLA/resoluciones/RESOLUCIONES%202014/2944.pdf HTTP/1.0" 200 265747
172.22.2.4 - - [04/Jan/2024:21:27:05 -0500] "GET /BLA/boletinlegal/ HTTP/1.1" 200 56085
52.167.144.18 - - [04/Jan/2024:21:28:45 -0500] "GET /BLA/resoluciones/AUTOS%202020/1044.pdf HTTP/1.1" 200 384178
156.59.198.135 - - [04/Jan/2024:21:28:58 -0500] "GET /BLA/resoluciones/RESOLUCIONES%202014/2888.pdf HTTP/1.0" 200 757590
45.79.128.205 - - [04/Jan/2024:21:29:12 -0500] "GET / HTTP/1.1" 200 319
156.59.198.135 - - [04/Jan/2024:21:29:23 -0500] "GET /BLA/resoluciones/RESOLUCIONES%202014/1861.pdf HTTP/1.0" 200 361867
201.245.192.253 - - [04/Jan/2024:21:29:31 -0500] "POST /kwsrmcab/Wsrmcab HTTP/1.1" 200 40264
156.59.198.135 - - [04/Jan/2024:21:29:47 -0500] "GET /BLA/resoluciones/RESOLUCIONES%202014/2601.pdf HTTP/1.0" 200 925008
52.167.144.182 - - [04/Jan/2024:21:29:53 -0500] "GET /BLA/resoluciones/AUTOS%202020/0319.pdf HTTP/1.1" 200 337638
156.59.198.136 - - [04/Jan/2024:21:30:12 -0500] "GET /BLA/resoluciones/RESOLUCIONES%202014/2449.pdf HTTP/1.0" 200 625611
201.245.192.253 - - [04/Jan/2024:21:30:10 -0500] "POST /kwsrmcab/Wsrmcab HTTP/1.1" 200 37019
156.59.198.136 - - [04/Jan/2024:21:30:37 -0500] "GET /BLA/resoluciones/RESOLUCIONES%202014/2749.pdf HTTP/1.0" 200 709144
216.245.221.92 - - [04/Jan/2024:21:30:43 -0500] "HEAD / HTTP/1.1" 200 -
52.167.144.223 - - [04/Jan/2024:21:30:49 -0500] "GET /BLA/resoluciones/RESOLUCIONES%202023/3035.pdf HTTP/1.1" 200 880467
156.59.198.135 - - [04/Jan/2024:21:31:00 -0500] "GET /BLA/resoluciones/RESOLUCIONES%202014/2346.pdf HTTP/1.0" 200 275953
156.59.198.135 - - [04/Jan/2024:21:31:24 -0500] "GET /BLA/resoluciones/RESOLUCIONES%202014/2677.pdf HTTP/1.0" 200 443621
156.59.198.135 - - [04/Jan/2024:21:31:49 -0500] "GET /BLA/resoluciones/RESOLUCIONES%202014/2722.pdf HTTP/1.0" 200 292762
200.118.145.137 - - [04/Jan/2024:21:32:05 -0500] "GET /BLA/resoluciones/index.php?dir= HTTP/1.1" 200 13696
200.118.145.137 - - [04/Jan/2024:21:32:08 -0500] "GET /BLA/resoluciones/index.php?dir=AUTOS+2021%2F HTTP/1.1" 200 399364
156.59.198.136 - - [04/Jan/2024:21:32:13 -0500] "GET /BLA/resoluciones/RESOLUCIONES%202014/2811.pdf HTTP/1.0" 200 1398410
156.59.198.135 - - [04/Jan/2024:21:32:39 -0500] "GET /BLA/resoluciones/RESOLUCIONES%202014/2600.pdf HTTP/1.0" 200 523765
201.245.192.253 - - [04/Jan/2024:21:32:38 -0500] "POST /kwsrmcab/Wsrmcab  HTTP/1.1" 200 36937
156.59.198.135 - - [04/Jan/2024:21:33:03 -0500] "GET /BLA/resoluciones/RESOLUCIONES%202014/3143.pdf HTTP/1.0" 200 483538
186.84.90.74 - - [04/Jan/2024:21:33:14 -0500] "GET /kwssiamovil/sm/ldap/au?x=U2FsdGVkX1+KwducAGZw+yGwEhjz7a3jnPBFxlEgXQM+k63YC0R4LJhvSRlyCJrPjCFAiVraroEycnwsrgxgWA==&y=U2FsdGVkX1/gbHOXn2UqKdu7EMIjp6DHQJzKUP8inzxi2LY+7npBm+oU4EQiHFoW HTTP/1.1" 200 30
186.84.90.74 - - [04/Jan/2024:21:33:14 -0500] "GET /kwssiamovil/sm/acme/s?s=U2FsdGVkX1/niDFi02vR7gtcw2jdeVLVkiskOumi/XnAJ6LhLzGFp0ar5EYHSlSsj909HXHCJ0pRPnqzvA9T5TXlbHaBVCdQgWhv0tjTrtg=&u=U2FsdGVkX188n2mEfnkeyjLwkRYRbjw8waGTR71GuHs=&y=U2FsdGVkX1/gbHOXn2UqKdu7EMIjp6DHQJzKUP8inzxi2LY+7npBm+oU4EQiHFoW HTTP/1.1" 200 97
186.84.90.74 - - [04/Jan/2024:21:33:14 -0500] "GET /kwssiamovil/sm/acme/s?s=U2FsdGVkX1+y4jLF/5dxvSnUbnNbsYUXM7vDp8E4NdcN7BsT/rmGLK5/E7AcP/kLwJxwHlr9ZK7Y6Pc9a22s2krwT3lk3id/cNrgnEstVFOemtHiC/ifhaKWbtAJ4R9EIdex/l9qtad3HTnr3HAtK6kxSbFCoBSVV/oygzHPWlbbDEH6DtIuTLb3UtZBwVM2bq9q534xvLDy/ClZE2HGfyc6NhsL7Kpc9jT7lZl5p7N+qnituDOraFOJew+lMGMq6pwoG0YJ7b7XggRJVvosKEJZ67/5g1EA2S1vMIVO5MPAua+5GnAOJkhGK41MEnWDMrdTb3G39OAIAzxaF51fA3TcI7oqrTEa80JxtVoiRWVZI/cQLwAbXvaFMY6kTPrk8Qq34A/l7OCV/LhF9kClNC9l/o/tRENHNitYdG0Oqo1dWcSKgALVZLq1zGge6fTKBrzPdxSMeaJrim1OPKuZanwwuOVbtEZKs4NZH+KwcbcMvwpQWZE68yRJ3wGTK7H2wWtn3zHlZ4kEKwSzAeuM343ja3/rvVCXNM5ni4KC8p20ashNhh34uk393NYfmq1lNegwMSBbaXUtHZktMws5814pNAmqxIJ+1xsBExZpZdgWIqbXfjWkFBktBIgo4xlomUn7lOXXgPEQ9b9mMjdf/Tar0+4QhBE9+dXxtsCHUt9x4GGSh1QRrdvrCq4LSVBbsyIv6Bbp4l6elvRUYhv3yJP31X31w+bdW6a0n6Un/6dLhPgR8aCMDdBNz3+8nX/qUtMkCsZEw2Z/Iw90dj5mwi/24dbFfKhILKywrOtaQ3LMbzKoMosn8fFtsVrwaEZThEPCS4fsCpf7BNruIx/KxEtgM4tjJ2h+RTBRCPed8j53LFxXp+ePDtkh416F6028yXdUHynt/3/x7TPXGKxApmiSI7JowQGc7FGy2LwuYoToCaqgJDNu4aGWs40miXP8ba6gTKGPmMEp+u84hYw+ZBveq2849q+qGvYHu+WMtyTNWbml4MfJra4s50x0VFqphkev3GsQjG9mNHwmOZP25pMkczfcg+cDA84ekj6jd0U9b5PIEIKVDMF7bcwnBREv1u5h/vksfvJ5NWCNVvun/O4qU0dxVIgwKywaDNVd/h+OTb2cVvvbrCa9IogPUxXfFpsfgiVbBwrGunQe7tu4154up/7cPpQhgr05o9TKoU94wym1pJ3O5ZqqO2d9/osgD8P7ZA7kupk3Goi2yzbUKqN6cAAhYmFGzoSHFaU9tkwzH+QB/KC6JeQIXM3tnkOHy0bmaOzMgFHpYS80j2SGYIRadL/8c7o2NsknnlUCejmNwQKnTAjjheEywpGAUQc3LG1wL6drFOJXe7ih1izXjjW/uQ5VtgUeZLCt2h2y+YsDHAv1aVUOssO6hdEcOBx8o6jpI6L2lXci3fq8oToPqx9XqhClYgF+6h57zPLEsuw=&u=U2FsdGVkX188n2mEfnkeyjLwkRYRbjw8waGTR71GuHs=&y=U2FsdGVkX1/gbHOXn2UqKdu7EMIjp6DHQJzKUP8inzxi2LY+7npBm+oU4EQiHFoW HTTP/1.1" 200 72
186.84.90.74 - - [04/Jan/2024:21:33:14 -0500] "GET /kwssiamovil/sm/acme/s?s=U2FsdGVkX19bZ7WpoEd2FMtkM4gZ+dtoz/zKS1X3E4PAypNOBRcNPK0GonpV/OINWVW4QcDZE4fjwDXMcfdlBfaSojxCQgs0XmMdd79wO6tgysXsxdGSIXCczkP03kCELenHbfeQp7+zyx0ADiky2qUYDEIGbm0VxmCUXqeCLnZV6r9NVYsn5sStANY/DGjBbIZ2CLnChz/vcMIhi8Sj34UWpUYVqqH0362dpdobperYOgU3VtzcLgAdDZNMNzjSsbHBYroZME6itPp0AB/jBuBdQkN+/ppEDOcx30cZRC+WIab6zgCzPFvxwZxYlQ5IOlquIheqcTZa1XTKMvCWU4CV6M09imkpI7p6s1Plkcc=&u=U2FsdGVkX188n2mEfnkeyjLwkRYRbjw8waGTR71GuHs=&y=U2FsdGVkX1/gbHOXn2UqKdu7EMIjp6DHQJzKUP8inzxi2LY+7npBm+oU4EQiHFoW HTTP/1.1" 200 196
186.84.90.74 - - [04/Jan/2024:21:33:15 -0500] "GET /kwssiamovil/sm/cjson/pre?f=1&x=U2FsdGVkX1+KwducAGZw+yGwEhjz7a3jnPBFxlEgXQM+k63YC0R4LJhvSRlyCJrPjCFAiVraroEycnwsrgxgWA== HTTP/1.1" 200 31032
156.59.198.136 - - [04/Jan/2024:21:33:28 -0500] "GET /BLA/resoluciones/RESOLUCIONES%202014/2698.pdf HTTP/1.0" 200 5240169
66.249.66.20 - - [04/Jan/2024:21:33:39 -0500] "GET /BLA/resoluciones/RESOLUCIONES%202021/3158.pdf HTTP/1.1" 304 -
172.22.2.4 - - [04/Jan/2024:21:32:04 -0500] "HEAD /BLA/boletinlegal/ HTTP/1.1" 200 -
156.59.198.135 - - [04/Jan/2024:21:33:51 -0500] "GET /BLA/resoluciones/RESOLUCIONES%202014/2456.pdf HTTP/1.0" 200 320114
216.244.66.195 - - [04/Jan/2024:21:34:04 -0500] "GET /robots.txt HTTP/1.1" 404 1018
156.59.198.135 - - [04/Jan/2024:21:34:16 -0500] "GET /BLA/resoluciones/RESOLUCIONES%202014/2623.pdf HTTP/1.0" 200 9293667
172.22.2.4 - - [04/Jan/2024:21:32:55 -0500] "GET /BLA/boletinlegal/ HTTP/1.1" 200 58172
156.59.198.135 - - [04/Jan/2024:21:34:40 -0500] "GET /BLA/resoluciones/RESOLUCIONES%202014/2496.pdf HTTP/1.0" 200 676426
52.167.144.18 - - [04/Jan/2024:21:34:46 -0500] "GET /BLA/resoluciones/RESOLUCIONES%202023/03179.pdf HTTP/1.1" 200 762694
156.59.198.136 - - [04/Jan/2024:21:35:04 -0500] "GET /BLA/resoluciones/RESOLUCIONES%202014/3306.pdf HTTP/1.0" 200 495910
172.22.2.4 - - [04/Jan/2024:21:33:39 -0500] "GET /BLA/boletinlegal/ HTTP/1.1" 200 60046
201.245.192.253 - - [04/Jan/2024:21:35:21 -0500] "POST /kwsrmcab/Wsrmcab HTTP/1.1" 200 40264
201.245.192.253 - - [04/Jan/2024:21:35:24 -0500] "POST /kwsrmcab/Wsrmcab HTTP/1.1" 200 37019
156.59.198.136 - - [04/Jan/2024:21:35:29 -0500] "GET /BLA/resoluciones/RESOLUCIONES%202014/2442.pdf HTTP/1.0" 200 7534339
216.245.221.92 - - [04/Jan/2024:21:35:43 -0500] "HEAD / HTTP/1.1" 200 -
156.59.198.135 - - [04/Jan/2024:21:35:54 -0500] "GET /BLA/resoluciones/RESOLUCIONES%202014/2679.pdf HTTP/1.0" 200 7474083
156.59.198.136 - - [04/Jan/2024:21:36:18 -0500] "GET /BLA/resoluciones/RESOLUCIONES%202014/2647.pdf HTTP/1.0" 200 203758
66.249.66.20 - - [04/Jan/2024:21:36:25 -0500] "GET /BLA/boletinlegal/Circulares/2023/CIRCULAR%20No.%2000002%20DEL%2020%20DE%20FEBRERO%20DEL%202023.pdf HTTP/1.1" 304 -
66.249.66.20 - - [04/Jan/2024:21:36:26 -0500] "GET /BLA/resoluciones/Notificaciones/RESOLUCIONES%202023/0271.pdf HTTP/1.1" 304 -
66.249.66.19 - - [04/Jan/2024:21:36:26 -0500] "GET /isolucionsda/FrameSetArticulo.asp?Pagina=/IsolucionSDA/bancoconocimiento/D/Directiva4del22deMayode2009/Directiva4del22deMayode2009.asp?IdArticulo=6469 HTTP/1.1" 200 8071
66.249.66.20 - - [04/Jan/2024:21:36:28 -0500] "GET /isolucionsda/Scripts/toastr.js HTTP/1.1" 200 15304
66.249.66.19 - - [04/Jan/2024:21:36:28 -0500] "GET /isolucionsda/Scripts/jsUtilities.js?fecha=20150217a HTTP/1.1" 200 134450
66.249.66.21 - - [04/Jan/2024:21:36:29 -0500] "GET /isolucionsda/Scripts/jquery.js HTTP/1.1" 200 299461
66.249.66.19 - - [04/Jan/2024:21:36:29 -0500] "GET /isolucionsda/Scripts/customRequired/toasterConfiguration.js HTTP/1.1" 200 1446
66.249.66.20 - - [04/Jan/2024:21:36:30 -0500] "GET /isolucionsda/IsolucionSDA/bancoconocimiento/D/Directiva4del22deMayode2009/Directiva4del22deMayode2009.asp?IdArticulo=6469 HTTP/1.1" 404 5038
66.249.66.19 - - [04/Jan/2024:21:36:30 -0500] "GET /isolucionsda/Arriba.asp?Pagina=/IsolucionSDA/bancoconocimiento/D/Directiva4del22deMayode2009/Directiva4del22deMayode2009.asp&IdArticulo=6469 HTTP/1.1" 500 9068
40.77.167.132 - - [04/Jan/2024:21:36:36 -0500] "GET /BLA/resoluciones/AUTOS%202022/7118.pdf HTTP/1.1" 304 -
156.59.198.136 - - [04/Jan/2024:21:36:43 -0500] "GET /BLA/resoluciones/RESOLUCIONES%202014/3284.pdf HTTP/1.0" 200 2902660
156.59.198.136 - - [04/Jan/2024:21:37:08 -0500] "GET /BLA/resoluciones/RESOLUCIONES%202014/3136.pdf HTTP/1.0" 200 490687
156.59.198.135 - - [04/Jan/2024:21:37:31 -0500] "GET /BLA/resoluciones/RESOLUCIONES%202014/2986.pdf HTTP/1.0" 200 3762111
201.245.192.253 - - [04/Jan/2024:21:37:37 -0500] "POST /kwsrmcab/Wsrmcab  HTTP/1.1" 200 36937
172.22.2.4 - - [04/Jan/2024:21:37:42 -0500] "GET /BLA/boletinlegal/Circulares/2019/.pdf HTTP/1.1" 404 1218
156.59.198.136 - - [04/Jan/2024:21:37:55 -0500] "GET /BLA/resoluciones/RESOLUCIONES%202014/2982.pdf HTTP/1.0" 200 801584
156.59.198.136 - - [04/Jan/2024:21:38:21 -0500] "GET /BLA/resoluciones/RESOLUCIONES%202014/2834.pdf HTTP/1.0" 200 568013
156.59.198.136 - - [04/Jan/2024:21:38:46 -0500] "GET /BLA/resoluciones/RESOLUCIONES%202014/2535.pdf HTTP/1.0" 200 782804
156.59.198.136 - - [04/Jan/2024:21:39:09 -0500] "GET /BLA/resoluciones/RESOLUCIONES%202014/2851.pdf HTTP/1.0" 200 206586
156.59.198.136 - - [04/Jan/2024:21:39:33 -0500] "GET /BLA/resoluciones/RESOLUCIONES%202014/2738.pdf HTTP/1.0" 200 746209
201.245.192.253 - - [04/Jan/2024:21:39:31 -0500] "POST /kwsrmcab/Wsrmcab HTTP/1.1" 200 40264
172.22.2.4 - - [04/Jan/2024:21:37:54 -0500] "HEAD /BLA/boletinlegal/ HTTP/1.1" 200 -
91.225.10.122 - - [04/Jan/2024:21:39:43 -0500] "GET / HTTP/1.0" 200 319
156.59.198.135 - - [04/Jan/2024:21:39:57 -0500] "GET /BLA/resoluciones/RESOLUCIONES%202014/2794.pdf HTTP/1.0" 200 643294
201.245.192.253 - - [04/Jan/2024:21:40:11 -0500] "POST /kwsrmcab/Wsrmcab HTTP/1.1" 200 37019
156.59.198.136 - - [04/Jan/2024:21:40:22 -0500] "GET /BLA/resoluciones/RESOLUCIONES%202014/2736.pdf HTTP/1.0" 200 710435
172.22.2.4 - - [04/Jan/2024:21:38:45 -0500] "GET /BLA/boletinlegal/ HTTP/1.1" 200 60502
172.22.2.4 - - [04/Jan/2024:21:40:32 -0500] "GET /BLA/boletinlegal/jurisprudencia.php HTTP/1.1" 200 17583
216.245.221.92 - - [04/Jan/2024:21:40:43 -0500] "HEAD / HTTP/1.1" 200 -
156.59.198.135 - - [04/Jan/2024:21:40:47 -0500] "GET /BLA/resoluciones/RESOLUCIONES%202014/2523.pdf HTTP/1.0" 200 608331
172.22.2.4 - - [04/Jan/2024:21:40:53 -0500] "GET /BLA/boletinlegal/js/jquery1.js HTTP/1.1" 200 29846
172.22.2.4 - - [04/Jan/2024:21:40:54 -0500] "GET /BLA/boletinlegal/js/popup.js HTTP/1.1" 200 1270
172.22.2.4 - - [04/Jan/2024:21:40:58 -0500] "GET /BLA/boletinlegal/js/lib.js HTTP/1.1" 200 6474
172.22.2.4 - - [04/Jan/2024:21:41:03 -0500] "GET /BLA/boletinlegal/normativa.php HTTP/1.1" 200 8343
156.59.198.135 - - [04/Jan/2024:21:41:11 -0500] "GET /BLA/resoluciones/RESOLUCIONES%202014/3296.pdf HTTP/1.0" 200 1938166
156.59.198.135 - - [04/Jan/2024:21:41:37 -0500] "GET /BLA/resoluciones/RESOLUCIONES%202014/2802.pdf HTTP/1.0" 200 312799
156.59.198.136 - - [04/Jan/2024:21:42:00 -0500] "GET /BLA/resoluciones/RESOLUCIONES%202014/2838.pdf HTTP/1.0" 200 621160
156.59.198.135 - - [04/Jan/2024:21:42:25 -0500] "GET /BLA/resoluciones/RESOLUCIONES%202014/2686.pdf HTTP/1.0" 200 448294
201.245.192.253 - - [04/Jan/2024:21:42:36 -0500] "POST /kwsrmcab/Wsrmcab  HTTP/1.1" 200 36937
156.59.198.136 - - [04/Jan/2024:21:42:48 -0500] "GET /BLA/resoluciones/RESOLUCIONES%202014/2733.pdf HTTP/1.0" 200 518350
156.59.198.135 - - [04/Jan/2024:21:43:14 -0500] "GET /BLA/resoluciones/RESOLUCIONES%202014/2645.pdf HTTP/1.0" 200 606729
156.59.198.135 - - [04/Jan/2024:21:43:38 -0500] "GET /BLA/resoluciones/RESOLUCIONES%202014/2384.pdf HTTP/1.0" 200 752020
156.59.198.135 - - [04/Jan/2024:21:44:02 -0500] "GET /BLA/resoluciones/RESOLUCIONES%202014/3145.pdf HTTP/1.0" 200 475692
156.59.198.136 - - [04/Jan/2024:21:44:26 -0500] "GET /BLA/resoluciones/RESOLUCIONES%202014/3104.pdf HTTP/1.0" 200 192595
156.59.198.135 - - [04/Jan/2024:21:44:50 -0500] "GET /BLA/resoluciones/RESOLUCIONES%202014/3260.pdf HTTP/1.0" 200 619003
156.59.198.136 - - [04/Jan/2024:21:45:15 -0500] "GET /BLA/resoluciones/RESOLUCIONES%202014/2714.pdf HTTP/1.0" 200 6269343
172.22.2.4 - - [04/Jan/2024:21:43:45 -0500] "HEAD /BLA/boletinlegal/ HTTP/1.1" 200 -
66.249.66.19 - - [04/Jan/2024:21:45:30 -0500] "GET /BLA/resoluciones/AUTOS%202008/2544.pdf HTTP/1.1" 200 103683
66.249.66.193 - - [04/Jan/2024:21:45:35 -0500] "GET /en-este- HTTP/1.1" 404 1034
156.59.198.136 - - [04/Jan/2024:21:45:39 -0500] "GET /BLA/resoluciones/RESOLUCIONES%202014/2616.pdf HTTP/1.0" 200 750098
216.245.221.92 - - [04/Jan/2024:21:45:43 -0500] "HEAD / HTTP/1.1" 200 -
200.68.111.51 - - [04/Jan/2024:21:45:50 -0500] "GET / HTTP/1.0" 200 319
66.249.66.20 - - [04/Jan/2024:21:45:54 -0500] "GET /Publicaciones/2023EE173835.pdf HTTP/1.1" 404 228
156.59.198.136 - - [04/Jan/2024:21:46:04 -0500] "GET /BLA/resoluciones/RESOLUCIONES%202014/2543.pdf HTTP/1.0" 200 832562
172.22.2.4 - - [04/Jan/2024:21:44:36 -0500] "GET /BLA/boletinlegal/ HTTP/1.1" 200 60910
156.59.198.136 - - [04/Jan/2024:21:46:28 -0500] "GET /BLA/resoluciones/RESOLUCIONES%202014/2452.pdf HTTP/1.0" 200 299986
40.77.167.132 - - [04/Jan/2024:21:46:40 -0500] "GET /BLA/resoluciones/AUTOS%202020/2338.pdf HTTP/1.1" 200 328770
156.59.198.136 - - [04/Jan/2024:21:46:53 -0500] "GET /BLA/resoluciones/RESOLUCIONES%202014/2391.pdf HTTP/1.0" 200 632910
173.252.95.20 - - [04/Jan/2024:21:46:59 -0500] "GET /images/Musgo%2017%20-%2012%20-%202023.jpeg HTTP/1.1" 200 66238
156.59.198.135 - - [04/Jan/2024:21:47:17 -0500] "GET /BLA/resoluciones/RESOLUCIONES%202014/2365.pdf HTTP/1.0" 200 841836
201.245.192.253 - - [04/Jan/2024:21:47:35 -0500] "POST /kwsrmcab/Wsrmcab  HTTP/1.1" 200 36937
156.59.198.135 - - [04/Jan/2024:21:47:42 -0500] "GET /BLA/resoluciones/RESOLUCIONES%202014/2476.pdf HTTP/1.0" 200 777856
156.59.198.135 - - [04/Jan/2024:21:48:06 -0500] "GET /BLA/resoluciones/RESOLUCIONES%202014/2490.pdf HTTP/1.0" 200 225851
156.59.198.135 - - [04/Jan/2024:21:48:30 -0500] "GET /BLA/resoluciones/RESOLUCIONES%202014/2544.pdf HTTP/1.0" 200 735205
66.249.66.21 - - [04/Jan/2024:21:48:38 -0500] "GET /Publicaciones/2023EE168645.pdf HTTP/1.1" 404 228
156.59.198.135 - - [04/Jan/2024:21:48:54 -0500] "GET /BLA/resoluciones/RESOLUCIONES%202014/2723.pdf HTTP/1.0" 200 612934
156.59.198.135 - - [04/Jan/2024:21:49:19 -0500] "GET /BLA/resoluciones/RESOLUCIONES%202014/2761.pdf HTTP/1.0" 200 311169
156.59.198.135 - - [04/Jan/2024:21:49:45 -0500] "GET /BLA/resoluciones/RESOLUCIONES%202014/2735.pdf HTTP/1.0" 200 618624
156.59.198.136 - - [04/Jan/2024:21:50:09 -0500] "GET /BLA/resoluciones/RESOLUCIONES%202014/2797.pdf HTTP/1.0" 200 239791
156.59.198.135 - - [04/Jan/2024:21:50:33 -0500] "GET /BLA/resoluciones/RESOLUCIONES%202014/2730.pdf HTTP/1.0" 200 2679294
216.245.221.92 - - [04/Jan/2024:21:50:43 -0500] "HEAD / HTTP/1.1" 200 -
156.59.198.135 - - [04/Jan/2024:21:50:56 -0500] "GET /BLA/resoluciones/RESOLUCIONES%202014/3281.pdf HTTP/1.0" 200 634758
152.203.254.57 - - [04/Jan/2024:21:51:06 -0500] "GET /kwssiamovil/sm/ldap/au?x=U2FsdGVkX1/YoOLoxmzaPTZs0kZZcRwqX2ZLorzbiGvxPkSlMTQz4TLhkOIT1PSY&y=U2FsdGVkX1/dTc6oEuuyVmzAlS4T3GpQJ5TyHJuTFz6bSp5i9PzY7dkQWmiOq/ND HTTP/1.1" 200 30
152.203.254.57 - - [04/Jan/2024:21:51:06 -0500] "GET /kwssiamovil/sm/acme/s?s=U2FsdGVkX19PDvJsYUdCjXGlOCNLAgJn1GOOx9VpBM6rSZEKvvlm199H3sAx1K5ED8TzjZYWELxiY6pEcx6w+xPVJHcV869QPziFcBr9c+8=&u=U2FsdGVkX1+1VxifvBPtLqWxHY9huJLyqyouz87H5nkWI9TbTNrOW7Z9TODfbPWB&y=U2FsdGVkX1/dTc6oEuuyVmzAlS4T3GpQJ5TyHJuTFz6bSp5i9PzY7dkQWmiOq/ND HTTP/1.1" 200 97
