172.22.2.4 - - [04/Jan/2024:15:30:40 -0500] "GET /BLA/boletinlegal/images/cabezote%20BLEGAL.jpg HTTP/1.1" 200 118164
172.22.2.4 - - [04/Jan/2024:15:30:40 -0500] "GET /BLA/boletinlegal/styles2.css HTTP/1.1" 200 1838
172.22.2.4 - - [04/Jan/2024:15:30:40 -0500] "GET /BLA/boletinlegal/images/subscribe-icon-big.png HTTP/1.1" 200 47702
172.22.2.4 - - [04/Jan/2024:15:30:40 -0500] "GET /BLA/boletinlegal/images/historia.png HTTP/1.1" 200 52775
172.22.2.4 - - [04/Jan/2024:15:30:40 -0500] "GET /BLA/boletinlegal/images/registro-usuarios.png HTTP/1.1" 200 8106
172.22.2.4 - - [04/Jan/2024:15:30:40 -0500] "GET /BLA/boletinlegal/images/green-yellow-blue-pink-th.png HTTP/1.1" 200 7394
172.22.2.4 - - [04/Jan/2024:15:30:40 -0500] "GET /BLA/boletinlegal/images/icono-email.png HTTP/1.1" 200 5544
172.22.2.4 - - [04/Jan/2024:15:30:40 -0500] "GET /BLA/boletinlegal/images/tel.png HTTP/1.1" 200 14477
172.22.2.4 - - [04/Jan/2024:15:30:40 -0500] "GET /BLA/boletinlegal/images/body_bg.jpg HTTP/1.1" 200 1601
172.22.2.4 - - [04/Jan/2024:15:30:40 -0500] "GET /BLA/boletinlegal/images/menu_lft.gif HTTP/1.1" 200 1713
172.22.2.4 - - [04/Jan/2024:15:30:40 -0500] "GET /BLA/boletinlegal/images/menu_rght.gif HTTP/1.1" 200 1627
172.22.2.4 - - [04/Jan/2024:15:30:40 -0500] "GET /BLA/boletinlegal/images/bg_top.jpg HTTP/1.1" 200 522
172.22.2.4 - - [04/Jan/2024:15:30:40 -0500] "GET /BLA/boletinlegal/images/menu_bg.jpg HTTP/1.1" 200 620
172.22.2.4 - - [04/Jan/2024:15:30:40 -0500] "GET /BLA/boletinlegal/images/hover.jpg HTTP/1.1" 200 640
172.22.2.4 - - [04/Jan/2024:15:30:40 -0500] "GET /BLA/boletinlegal/images/text.jpg HTTP/1.1" 200 568
172.22.2.4 - - [04/Jan/2024:15:30:40 -0500] "GET /BLA/boletinlegal/images/footer_bg.jpg HTTP/1.1" 200 586
172.22.2.4 - - [04/Jan/2024:15:30:40 -0500] "GET /BLA/boletinlegal/images/footer_bg_l.jpg HTTP/1.1" 200 776
172.22.2.4 - - [04/Jan/2024:15:30:40 -0500] "GET /BLA/boletinlegal/img/0.png HTTP/1.1" 200 110
172.22.2.4 - - [04/Jan/2024:15:30:40 -0500] "GET /BLA/boletinlegal/img/select-left.png HTTP/1.1" 200 263
172.22.2.4 - - [04/Jan/2024:15:30:40 -0500] "GET /BLA/boletinlegal/img/select-right.png HTTP/1.1" 200 44019
172.22.2.4 - - [04/Jan/2024:15:30:40 -0500] "GET /BLA/boletinlegal/img/button-left.png HTTP/1.1" 200 57071
172.22.2.4 - - [04/Jan/2024:15:30:40 -0500] "GET /BLA/boletinlegal/img/button-right.png HTTP/1.1" 200 57878
172.22.2.4 - - [04/Jan/2024:15:30:40 -0500] "GET /BLA/boletinlegal/img/button.png HTTP/1.1" 200 43241
172.22.2.4 - - [04/Jan/2024:15:30:40 -0500] "GET /BLA/boletinlegal/favicon.ico HTTP/1.1" 404 1326
216.245.221.92 - - [04/Jan/2024:15:30:44 -0500] "HEAD / HTTP/1.1" 200 -
172.22.2.4 - - [04/Jan/2024:15:30:46 -0500] "GET /BLA/boletinlegal/consulta_actos.php?tipo=autos&no=7027&usuario=&sector=&fecha=2023&resuelve= HTTP/1.1" 200 1087
172.22.2.4 - - [04/Jan/2024:15:30:46 -0500] "GET /BLA/boletinlegal/images/pdf.gif HTTP/1.1" 200 567
201.245.192.253 - - [04/Jan/2024:15:30:49 -0500] "GET /BLA/resoluciones/AUTOS%202023/07027.pdf HTTP/1.1" 200 390275
172.22.2.4 - - [04/Jan/2024:15:31:00 -0500] "GET /BLA/boletinlegal/consulta_actos.php?tipo=autos&no=7028&usuario=&sector=&fecha=2023&resuelve= HTTP/1.1" 200 1087
172.22.2.4 - - [04/Jan/2024:15:31:02 -0500] "GET /BLA/boletinlegal/consulta_actos.php?tipo=autos&no=7028&usuario=&sector=&fecha=2023&resuelve= HTTP/1.1" 200 1087
172.22.2.4 - - [04/Jan/2024:15:30:20 -0500] "HEAD /BLA/boletinlegal/ HTTP/1.1" 200 -
31.13.103.8 - - [04/Jan/2024:15:32:10 -0500] "GET /investigadores-del-jardin-botanico-de-bogota-descubren-primera-especie-de-cedro-endemica-de-colombia.html HTTP/1.1" 200 1003
172.22.2.4 - - [04/Jan/2024:15:31:11 -0500] "GET /BLA/boletinlegal/ HTTP/1.1" 200 60910
186.155.16.35 - - [04/Jan/2024:15:33:29 -0500] "GET /BLA/resoluciones/index.php HTTP/1.1" 200 13696
186.155.16.35 - - [04/Jan/2024:15:33:29 -0500] "GET /favicon.ico HTTP/1.1" 200 7782
216.244.66.195 - - [04/Jan/2024:15:33:36 -0500] "GET /BLA/resoluciones/AUTOS%202019/2276.pdf HTTP/1.1" 200 374819
186.155.16.35 - - [04/Jan/2024:15:33:40 -0500] "GET /BLA/resoluciones/index.php?dir=AUTOS+2015%2F HTTP/1.1" 200 584820
216.244.66.195 - - [04/Jan/2024:15:33:52 -0500] "GET /BLA/resoluciones/AUTOS%202019/2451.pdf HTTP/1.1" 200 386744
201.245.192.253 - - [04/Jan/2024:15:34:11 -0500] "POST /kwsrmcab/Wsrmcab  HTTP/1.1" 200 36937
198.235.24.117 - - [04/Jan/2024:15:34:23 -0500] "GET / HTTP/1.1" 200 319
216.244.66.195 - - [04/Jan/2024:15:34:28 -0500] "GET /BLA/resoluciones/AUTOS%202019/2458.pdf HTTP/1.1" 200 519038
216.244.66.195 - - [04/Jan/2024:15:35:07 -0500] "GET /BLA/resoluciones/RESOLUCIONES%202011/0088.pdf HTTP/1.1" 200 313107
172.22.2.4 - - [04/Jan/2024:15:33:39 -0500] "GET /BLA/boletinlegal/ HTTP/1.1" 200 63054
201.245.192.253 - - [04/Jan/2024:15:35:22 -0500] "POST /kwsrmcab/Wsrmcab HTTP/1.1" 200 40021
201.245.192.253 - - [04/Jan/2024:15:35:24 -0500] "POST /kwsrmcab/Wsrmcab HTTP/1.1" 200 36888
216.245.221.92 - - [04/Jan/2024:15:35:44 -0500] "HEAD / HTTP/1.1" 200 -
216.244.66.195 - - [04/Jan/2024:15:35:45 -0500] "GET /BLA/resoluciones/RESOLUCIONES%202011/0123.pdf HTTP/1.1" 200 319365
216.244.66.195 - - [04/Jan/2024:15:36:26 -0500] "GET /BLA/resoluciones/RESOLUCIONES%202011/0430.pdf HTTP/1.1" 200 67241
216.244.66.195 - - [04/Jan/2024:15:36:57 -0500] "GET /BLA/resoluciones/RESOLUCIONES%202011/0583.pdf HTTP/1.1" 200 74161
216.244.66.195 - - [04/Jan/2024:15:37:28 -0500] "GET /BLA/resoluciones/RESOLUCIONES%202011/0632.pdf HTTP/1.1" 200 285912
172.22.2.4 - - [04/Jan/2024:15:36:10 -0500] "HEAD /BLA/boletinlegal/ HTTP/1.1" 200 -
172.22.2.4 - - [04/Jan/2024:15:37:52 -0500] "GET /BLA/boletinlegal/Circulares/2019/.pdf HTTP/1.1" 404 1218
181.235.96.172 - - [04/Jan/2024:15:37:52 -0500] "GET /appsia/controlador HTTP/1.1" 200 4799
181.235.96.172 - - [04/Jan/2024:15:37:52 -0500] "GET /appsia/css/estilos.css HTTP/1.1" 200 4804
181.235.96.172 - - [04/Jan/2024:15:37:52 -0500] "GET /appsia/scripts/validarIngreso.js HTTP/1.1" 200 851
181.235.96.172 - - [04/Jan/2024:15:37:52 -0500] "GET /appsia/images/logo_bogota_p.png HTTP/1.1" 200 14951
181.235.96.172 - - [04/Jan/2024:15:37:52 -0500] "GET /appsia/images/cabezoteHojaVida.png HTTP/1.1" 200 32493
181.235.96.172 - - [04/Jan/2024:15:37:53 -0500] "GET /favicon.ico HTTP/1.1" 200 7782
172.22.2.4 - - [04/Jan/2024:15:38:01 -0500] "GET /BLA/boletinlegal/Circulares/2012/Circular%20No.%2010%20del%2026%20de%20Enero%20de%202012.pdf HTTP/1.1" 404 1218
216.244.66.195 - - [04/Jan/2024:15:38:01 -0500] "GET /BLA/resoluciones/RESOLUCIONES%202011/0859.pdf HTTP/1.1" 200 370709
172.22.2.4 - - [04/Jan/2024:15:37:01 -0500] "GET /BLA/boletinlegal/ HTTP/1.1" 200 60910
216.244.66.195 - - [04/Jan/2024:15:38:43 -0500] "GET /BLA/resoluciones/RESOLUCIONES%202011/0923.pdf HTTP/1.1" 200 69705
181.235.96.172 - - [04/Jan/2024:15:38:52 -0500] "POST /appsia/controlador HTTP/1.1" 200 5437
181.235.96.172 - - [04/Jan/2024:15:38:58 -0500] "POST /appsia/controlador HTTP/1.1" 200 7721
181.235.96.172 - - [04/Jan/2024:15:38:58 -0500] "GET /appsia/images/logo_escudo.png HTTP/1.1" 200 36965
216.244.66.195 - - [04/Jan/2024:15:39:13 -0500] "GET /BLA/resoluciones/RESOLUCIONES%202011/1120.pdf HTTP/1.1" 200 249416
201.245.192.253 - - [04/Jan/2024:15:39:10 -0500] "POST /kwsrmcab/Wsrmcab  HTTP/1.1" 200 36937
190.146.168.87 - - [04/Jan/2024:15:39:22 -0500] "GET /kwssiamovil/sm/des/ldap/au?x=U2FsdGVkX1+q0jxWa3OvbxQQPJKn+UIXiHEpDQVYLXIsagoUU98k8T2sCIvt6OUS&y=U2FsdGVkX1+rnKLP/EB4OAyo9qceR4SaHovNn9Z5tPxjLf8oxk6ru3Xr3gIX79fI HTTP/1.1" 200 30
201.245.192.253 - - [04/Jan/2024:15:39:32 -0500] "POST /kwsrmcab/Wsrmcab HTTP/1.1" 200 40021
201.245.192.253 - - [04/Jan/2024:15:39:37 -0500] "POST /kwsrmcab/Wsrmcab HTTP/1.1" 200 36888
216.244.66.195 - - [04/Jan/2024:15:39:42 -0500] "GET /BLA/resoluciones/RESOLUCIONES%202011/1508.pdf HTTP/1.1" 200 78225
52.167.144.167 - - [04/Jan/2024:15:39:53 -0500] "GET /BLA/resoluciones/AUTOS%202020/4954.pdf HTTP/1.1" 200 936561
216.244.66.195 - - [04/Jan/2024:15:40:11 -0500] "GET /BLA/resoluciones/RESOLUCIONES%202011/1524.pdf HTTP/1.1" 200 232726
186.84.91.54 - - [04/Jan/2024:15:40:13 -0500] "GET /appsia/controlador HTTP/1.1" 200 4799
186.84.91.54 - - [04/Jan/2024:15:40:13 -0500] "GET /appsia/css/estilos.css HTTP/1.1" 200 4804
186.84.91.54 - - [04/Jan/2024:15:40:13 -0500] "GET /appsia/scripts/validarIngreso.js HTTP/1.1" 200 851
186.84.91.54 - - [04/Jan/2024:15:40:13 -0500] "GET /appsia/images/logo_bogota_p.png HTTP/1.1" 200 14951
186.84.91.54 - - [04/Jan/2024:15:40:13 -0500] "GET /appsia/images/cabezoteHojaVida.png HTTP/1.1" 200 32493
186.84.91.54 - - [04/Jan/2024:15:40:13 -0500] "GET /favicon.ico HTTP/1.1" 200 7782
186.84.91.54 - - [04/Jan/2024:15:40:17 -0500] "POST /appsia/controlador HTTP/1.1" 200 3600
186.84.91.54 - - [04/Jan/2024:15:40:17 -0500] "GET /appsia/jscripts/validarSolicitud.js HTTP/1.1" 404 68
186.84.91.54 - - [04/Jan/2024:15:40:19 -0500] "POST /appsia/controlador HTTP/1.1" 200 4799
186.84.91.54 - - [04/Jan/2024:15:40:32 -0500] "POST /appsia/controlador HTTP/1.1" 200 3600
186.84.91.54 - - [04/Jan/2024:15:40:32 -0500] "GET /appsia/jscripts/validarSolicitud.js HTTP/1.1" 404 68
186.84.91.54 - - [04/Jan/2024:15:40:38 -0500] "POST /appsia/controlador HTTP/1.1" 200 4799
216.245.221.92 - - [04/Jan/2024:15:40:44 -0500] "HEAD / HTTP/1.1" 200 -
186.84.91.54 - - [04/Jan/2024:15:40:47 -0500] "POST /appsia/controlador HTTP/1.1" 200 5437
216.244.66.195 - - [04/Jan/2024:15:40:49 -0500] "GET /BLA/resoluciones/RESOLUCIONES%202011/1539.pdf HTTP/1.1" 200 73213
186.84.91.54 - - [04/Jan/2024:15:40:53 -0500] "POST /appsia/controlador HTTP/1.1" 200 3238
186.84.91.54 - - [04/Jan/2024:15:40:53 -0500] "GET /appsia/jscripts/validarSolicitud.js HTTP/1.1" 404 68
186.84.91.54 - - [04/Jan/2024:15:40:55 -0500] "POST /appsia/controlador HTTP/1.1" 200 5437
186.84.91.54 - - [04/Jan/2024:15:40:56 -0500] "POST /appsia/controlador HTTP/1.1" 200 11102
186.84.91.54 - - [04/Jan/2024:15:40:56 -0500] "GET /appsia/images/logo_escudo.png HTTP/1.1" 200 36965
216.244.66.195 - - [04/Jan/2024:15:41:20 -0500] "GET /BLA/resoluciones/RESOLUCIONES%202011/2305.pdf HTTP/1.1" 200 379268
52.167.144.167 - - [04/Jan/2024:15:41:24 -0500] "GET /BLA/resoluciones/AUTOS%202020/1496.pdf HTTP/1.1" 200 2690072
216.244.66.195 - - [04/Jan/2024:15:41:49 -0500] "GET /BLA/resoluciones/RESOLUCIONES%202008/1253.pdf HTTP/1.1" 200 240344
190.146.168.87 - - [04/Jan/2024:15:42:08 -0500] "GET /kwssiamovil/sm/des/acme/s?s=U2FsdGVkX1/UAQJ38MBb39ZWTfCTQnFODhQbMtCAX1Efg3rO4g0vRqF5xCqjSnS+6BYta4xAyH3p4n7420gUwTJN61/t5woNDYgBehA6dTUqp0dHgLkrz7yjqg73zwmAgjRBui2INXltPNEEXDOk4k0g2J+NXEkkX+pNWwwbCGlERvWFY5kTiyD/Z3NsgZPTzuYTvNUbMun3qZ1F4MAmvPLxmpPuUf/AxHCGZ7o5R4ShGf7/03CHFHf9pOg0JOn5d9QSsgEdWYem+Bw/L2ns0b1LChnAn/cWFj9RwZurNMgzxvA1lE8/8CjroEP7CHZC7fD6Q/wk3N6ZwesFnGKmaoP+7WQ256dVNZuAnOs2AsvTjFpB8pHCv7wgEpMv2dpJUkaZFSaqjgtzURxhaNZN11T3QJnNvG6rs2orCvq7kn2oERtGxCWi77kLD+ISaxXarzmbwhlHN7V9dkH5JEWGWQ==&u=U2FsdGVkX19wsuQEmyAXW6y0bVRlowWmnyQPv+i9yUA=&y=U2FsdGVkX1/WTjyAa7XxehAkw98Ezrok/IwLCxzG0FlzqccW7e1oBLONtozNJoZI HTTP/1.1" 200 89
190.146.168.87 - - [04/Jan/2024:15:42:08 -0500] "GET /kwssiamovil/sm/des/acme/s?s=U2FsdGVkX1/p6be6rCMesEhgdU1cQa9QrZxvQ/AVgM6OxUX+Bear9in5wyfk11NEUDT4faciHV9Vyewgb0EP0SgX9nK3hSYcVPeER2GlGLwZebs2k3o0mNtJnFOewo1fd/mypmm+sOVWzmwGSYb0Awe4kVZA43Ni5+IU61H7xpXzfaeuX6D1ooMnR0XmmB8cObvx1WYYjRK8QzOoM9wvml0dKpGuWxcP+Dcass1y33kC6qLg4z4jLxN6wdtqUEo+K+7fE59PE4KV2eQeem1ZYpYarhDJthjDsgu5t/SuhDW+uz+23yNVIvCs/RUvmOsxwuYLtJNmt7lsyddN40sF2tDKgZZ4kZhp9Fn1wtWeai5fWc16EnA/hlShN2GkpYLjMhSEkC70LrwT+8HkEwS7jw==&u=U2FsdGVkX19wsuQEmyAXW6y0bVRlowWmnyQPv+i9yUA=&y=U2FsdGVkX1/WTjyAa7XxehAkw98Ezrok/IwLCxzG0FlzqccW7e1oBLONtozNJoZI HTTP/1.1" 200 94
190.146.168.87 - - [04/Jan/2024:15:42:09 -0500] "OPTIONS /kwssiamovil/sm/des/setfile/f? HTTP/1.1" 200 13
216.244.66.195 - - [04/Jan/2024:15:42:22 -0500] "GET /BLA/resoluciones/AUTOS%202008/0001.pdf HTTP/1.1" 200 91188
104.47.66.126 - - [04/Jan/2024:15:42:37 -0500] "HEAD /appsia/controlador HTTP/1.1" 200 -
191.102.197.250 - - [04/Jan/2024:15:42:37 -0500] "GET /appsia/controlador HTTP/1.1" 200 4799
191.102.197.250 - - [04/Jan/2024:15:42:37 -0500] "GET /appsia/css/estilos.css HTTP/1.1" 200 4804
191.102.197.250 - - [04/Jan/2024:15:42:37 -0500] "GET /appsia/scripts/validarIngreso.js HTTP/1.1" 200 851
191.102.197.250 - - [04/Jan/2024:15:42:37 -0500] "GET /appsia/images/logo_bogota_p.png HTTP/1.1" 200 14951
191.102.197.250 - - [04/Jan/2024:15:42:37 -0500] "GET /appsia/images/cabezoteHojaVida.png HTTP/1.1" 200 32493
157.55.39.49 - - [04/Jan/2024:15:42:42 -0500] "GET /portaldeninos/parque-mirador-de-los-nevados/ HTTP/1.1" 200 89855
172.22.2.4 - - [04/Jan/2024:15:42:44 -0500] "GET /BLA/boletinlegal/actos.php HTTP/1.1" 200 9648
172.22.2.4 - - [04/Jan/2024:15:42:44 -0500] "GET /BLA/boletinlegal/styles2.css HTTP/1.1" 200 1838
172.22.2.4 - - [04/Jan/2024:15:42:44 -0500] "GET /BLA/boletinlegal/js/ajax_actos.js HTTP/1.1" 200 1322
172.22.2.4 - - [04/Jan/2024:15:42:44 -0500] "GET /BLA/boletinlegal/niceforms-default.css HTTP/1.1" 200 6694
172.22.2.4 - - [04/Jan/2024:15:42:44 -0500] "GET /BLA/boletinlegal/style.css HTTP/1.1" 200 9406
172.22.2.4 - - [04/Jan/2024:15:42:44 -0500] "GET /BLA/boletinlegal/niceforms.js HTTP/1.1" 200 22876
172.22.2.4 - - [04/Jan/2024:15:42:44 -0500] "GET /BLA/boletinlegal/js/lib.js HTTP/1.1" 200 6474
172.22.2.4 - - [04/Jan/2024:15:42:44 -0500] "GET /BLA/boletinlegal/js/popup.js HTTP/1.1" 200 1270
172.22.2.4 - - [04/Jan/2024:15:42:44 -0500] "GET /BLA/boletinlegal/js/jquery1.js HTTP/1.1" 200 29846
172.22.2.4 - - [04/Jan/2024:15:42:44 -0500] "GET /BLA/boletinlegal/images/cabezote%20BLEGAL.jpg HTTP/1.1" 200 118164
172.22.2.4 - - [04/Jan/2024:15:42:44 -0500] "GET /BLA/boletinlegal/images/subscribe-icon-big.png HTTP/1.1" 200 47702
172.22.2.4 - - [04/Jan/2024:15:42:44 -0500] "GET /BLA/boletinlegal/images/historia.png HTTP/1.1" 200 52775
172.22.2.4 - - [04/Jan/2024:15:42:44 -0500] "GET /BLA/boletinlegal/images/registro-usuarios.png HTTP/1.1" 200 8106
172.22.2.4 - - [04/Jan/2024:15:42:44 -0500] "GET /BLA/boletinlegal/images/green-yellow-blue-pink-th.png HTTP/1.1" 200 7394
172.22.2.4 - - [04/Jan/2024:15:42:44 -0500] "GET /BLA/boletinlegal/images/tel.png HTTP/1.1" 200 14477
172.22.2.4 - - [04/Jan/2024:15:42:44 -0500] "GET /BLA/boletinlegal/images/icono-email.png HTTP/1.1" 200 5544
172.22.2.4 - - [04/Jan/2024:15:42:44 -0500] "GET /BLA/boletinlegal/images/body_bg.jpg HTTP/1.1" 200 1601
172.22.2.4 - - [04/Jan/2024:15:42:44 -0500] "GET /BLA/boletinlegal/images/menu_rght.gif HTTP/1.1" 200 1627
172.22.2.4 - - [04/Jan/2024:15:42:44 -0500] "GET /BLA/boletinlegal/images/menu_lft.gif HTTP/1.1" 200 1713
172.22.2.4 - - [04/Jan/2024:15:42:44 -0500] "GET /BLA/boletinlegal/images/bg_top.jpg HTTP/1.1" 200 522
172.22.2.4 - - [04/Jan/2024:15:42:44 -0500] "GET /BLA/boletinlegal/images/menu_bg.jpg HTTP/1.1" 200 620
172.22.2.4 - - [04/Jan/2024:15:42:44 -0500] "GET /BLA/boletinlegal/images/hover.jpg HTTP/1.1" 200 640
172.22.2.4 - - [04/Jan/2024:15:42:44 -0500] "GET /BLA/boletinlegal/images/text.jpg HTTP/1.1" 200 568
172.22.2.4 - - [04/Jan/2024:15:42:44 -0500] "GET /BLA/boletinlegal/images/footer_bg.jpg HTTP/1.1" 200 586
172.22.2.4 - - [04/Jan/2024:15:42:44 -0500] "GET /BLA/boletinlegal/images/footer_bg_l.jpg HTTP/1.1" 200 776
172.22.2.4 - - [04/Jan/2024:15:42:45 -0500] "GET /BLA/boletinlegal/img/0.png HTTP/1.1" 200 110
172.22.2.4 - - [04/Jan/2024:15:42:45 -0500] "GET /BLA/boletinlegal/img/select-left.png HTTP/1.1" 200 263
172.22.2.4 - - [04/Jan/2024:15:42:45 -0500] "GET /BLA/boletinlegal/img/select-right.png HTTP/1.1" 200 44019
172.22.2.4 - - [04/Jan/2024:15:42:45 -0500] "GET /BLA/boletinlegal/img/button-left.png HTTP/1.1" 200 57071
172.22.2.4 - - [04/Jan/2024:15:42:45 -0500] "GET /BLA/boletinlegal/img/button.png HTTP/1.1" 200 43241
172.22.2.4 - - [04/Jan/2024:15:42:45 -0500] "GET /BLA/boletinlegal/img/button-right.png HTTP/1.1" 200 57878
172.22.2.4 - - [04/Jan/2024:15:42:45 -0500] "GET /BLA/boletinlegal/favicon.ico HTTP/1.1" 404 1326
52.167.144.222 - - [04/Jan/2024:15:42:47 -0500] "GET /BLA/resoluciones/AUTOS%202020/3633.pdf HTTP/1.1" 200 366096
216.244.66.195 - - [04/Jan/2024:15:42:49 -0500] "GET /BLA/resoluciones/AUTOS%202008/0049.pdf HTTP/1.1" 200 91354
191.102.197.250 - - [04/Jan/2024:15:42:48 -0500] "POST /appsia/controlador HTTP/1.1" 200 5437
191.102.197.250 - - [04/Jan/2024:15:42:58 -0500] "POST /appsia/controlador HTTP/1.1" 200 7724
191.102.197.250 - - [04/Jan/2024:15:42:58 -0500] "GET /appsia/images/logo_escudo.png HTTP/1.1" 200 36965
190.146.168.87 - - [04/Jan/2024:15:42:09 -0500] "POST /kwssiamovil/sm/des/setfile/f? HTTP/1.1" 200 381
190.146.168.87 - - [04/Jan/2024:15:43:07 -0500] "OPTIONS /kwssiamovil/sm/des/setfile/f? HTTP/1.1" 200 13
201.245.192.253 - - [04/Jan/2024:15:43:06 -0500] "GET /BLA/resoluciones/index.php?dir=RESOLUCIONES+2023%2F HTTP/1.1" 200 130745
201.245.192.253 - - [04/Jan/2024:15:43:11 -0500] "GET /BLA/resoluciones/RESOLUCIONES%202023/3034.pdf HTTP/1.1" 200 3148044
216.244.66.195 - - [04/Jan/2024:15:43:15 -0500] "GET /BLA/resoluciones/AUTOS%202008/0051.pdf HTTP/1.1" 200 86237
216.244.66.195 - - [04/Jan/2024:15:43:40 -0500] "GET /BLA/resoluciones/AUTOS%202008/0323.pdf HTTP/1.1" 200 103605
172.22.2.4 - - [04/Jan/2024:15:42:00 -0500] "HEAD /BLA/boletinlegal/ HTTP/1.1" 200 -
52.167.144.225 - - [04/Jan/2024:15:43:42 -0500] "GET /BLA/resoluciones/index.php?dir=AUTOS+2022%2F HTTP/1.1" 200 509770
52.167.144.225 - - [04/Jan/2024:15:43:43 -0500] "GET /BLA/resoluciones/index.php?dir=AUTOS+2014%2F HTTP/1.1" 200 891340
216.244.66.195 - - [04/Jan/2024:15:44:04 -0500] "GET /BLA/resoluciones/AUTOS%202008/0786.pdf HTTP/1.1" 200 80193
190.146.168.87 - - [04/Jan/2024:15:43:07 -0500] "POST /kwssiamovil/sm/des/setfile/f? HTTP/1.1" 200 381
190.146.168.87 - - [04/Jan/2024:15:44:11 -0500] "OPTIONS /kwssiamovil/sm/des/setfile/f? HTTP/1.1" 200 13
201.245.192.253 - - [04/Jan/2024:15:44:10 -0500] "POST /kwsrmcab/Wsrmcab  HTTP/1.1" 200 36937
190.146.168.87 - - [04/Jan/2024:15:44:12 -0500] "POST /kwssiamovil/sm/des/setfile/f? HTTP/1.1" 200 381
190.146.168.87 - - [04/Jan/2024:15:44:17 -0500] "GET /kwssiamovil/sm/des/acme/s?s=U2FsdGVkX18djSWWbmz/ZjXn1K2yxiWQvtXvLg7tuOOksSOea4cWpDc7wL1t7uuf8jC7SSIQZdyYb4YaJLIqzX8zcAFSjJrRMoAZ31K9xw7N/osO08x1Ll1Kc8zr4K14D3ziSnTwEENvN1zAHLSQL9Gn9LdTEAnGXyuNjCbSK8wzKRptl/ambZJyx9m8jcU6EkFigCuGaWQ71pOt6FMyHs+58EkXObWzO8oYPxYy0MhON1tYgV6BAycvpGcFvOQbKmKYf4qKDWqI6fnZFpPQqccgN7ANi9He+3ZGpr8ystvMVjBKrN4sWei7pKGtpWlNpDKq5bT4iGqIzohiHhi+1ZQ/XABalHKojwo17YaNAqnMxTbimXeRsIqhbZYMUVAz4akqEg8rVDU244P1epfaXzdPSaOfGepKUwI7r7WIiu6MbhDO/2xoJV3D42iLVxS7vyPtG382iC0RWqd5D/rVhA==&u=U2FsdGVkX19wsuQEmyAXW6y0bVRlowWmnyQPv+i9yUA=&y=U2FsdGVkX1/WTjyAa7XxehAkw98Ezrok/IwLCxzG0FlzqccW7e1oBLONtozNJoZI HTTP/1.1" 200 89
190.146.168.87 - - [04/Jan/2024:15:44:18 -0500] "GET /kwssiamovil/sm/des/acme/s?s=U2FsdGVkX1+1EFsRfwsxPGOzzqf7ScLFGCscV4SxOww=&u=U2FsdGVkX19wsuQEmyAXW6y0bVRlowWmnyQPv+i9yUA=&y=U2FsdGVkX1/WTjyAa7XxehAkw98Ezrok/IwLCxzG0FlzqccW7e1oBLONtozNJoZI HTTP/1.1" 200 70
190.146.168.87 - - [04/Jan/2024:15:44:26 -0500] "GET /kwssiamovil/sm/des/acme/a?s=U2FsdGVkX1/KK6fRvzR27iZ7f6EZqJCyJVy8WR9Qz0iGdC1h4G5QBBzR4n80Y2qL5LnxefKleC22to06rOV5V6jPhm6fRGfS9vOoNZsKp+kbTCHA11dfwQm+y4PI8Pbf8Qqjy0/n8v07kzgLUPFsp8UunStqTJuE4LNGSjvdv7+LdfmIaPkXuw+zNvq+6dPtqCSLXL98KTpFZbK4qDF4/b2Cp5Fg7v1/lDtwJ6E6SCL5Epk4BqCNV0dtDmBzg1ZuwUF8bGo0qiu9Zo6v1Vdv1g==&u=U2FsdGVkX19wsuQEmyAXW6y0bVRlowWmnyQPv+i9yUA=&y=U2FsdGVkX1/WTjyAa7XxehAkw98Ezrok/IwLCxzG0FlzqccW7e1oBLONtozNJoZI HTTP/1.1" 200 26
216.244.66.195 - - [04/Jan/2024:15:44:29 -0500] "GET /BLA/resoluciones/AUTOS%202008/0787.pdf HTTP/1.1" 200 68758
190.146.168.87 - - [04/Jan/2024:15:44:29 -0500] "GET /kwssiamovil/sm/des/acme/u?s=U2FsdGVkX1/LSr7J5ozSzusQVxXs3SIy4N8e6zyt+DfEg6auIB5ThkU3VMF4Fof2Gq1eQHVSkSm7e+XL2eK0qH3R0JK826/FVCGnph5QBcWC12K9wVfgQNwVHgSV91Dja1NYh9VbFx2tLGxlePWBPnpXXO/RTqxTY21/avfzrWD+AsR2enUuutJ/3rKxGvpCdVvsDbGVuxayatiGGskh1SaZp1urYQZq2DYqOJ0G1wLzgykNOqS/bs/PZbt0AmDhyMqEJX5s/0rTdWXpj63sszPcEFo5JYTs6/Uv+UTQKNFu66jd9qecwCoUnT77KrtAUf9nOSZt6DRT71Hl4j7Y6pLCjVw7bxnfOeGAtIdkYW7dMhs9CWsCWrjo8+1PU8DM980gBrCxGiR34yMKU62o/PX2mYfPMtblSGwjuz6IDHv6UYXwscsT2CwitVrr5uKHwVqEFNcXYAy0jy+T45BxVwkuA8nTeKUc3Ovkxim2Q4Yd3NBnY7JVofuW/xhqp/EFYi6Wj+Nfrio5rLOT23ZJXwwcERL8VzEa/q9FkPFJeR8/cpQaQbTSePl6ojV9U0nul6vr6FIO90f0B2KBTu4dBEY4iG6aYFNstDQ8wxYUbOvCwgLZ0FBp0/SXr+EeTdcBW365xSQZxgnpDLjn0Oedvn7hxUJ74HKO+aKI7X1Embinh7efhtARdozjo6nTp+p/6K2MDABPTs7OflJLidJSwmo7UzPFmnsVUkyjbMEdcpf2gtdcceaSYHNLQK2YXG4OHWG0QAhDt0maoxDj918SE6zK0hJ/Oln4ZGk+QyF50OcaEUyM+36LwIUJulPSsYxvSvBTgwaCCJR9q4Zjj/AEtgjo+Pj1pc97uvqgP9z62+3JwTvC1eHBGcD5JYSfuS6YS4mYEoIEaW2Co+09ZzP5brTgF/KuxSOO9fYiMmOihA2gbnwXGzR7lym8q7PBABztrw3WRPcbInQ+IwfFDa954sfFXhB0xmRtfPhbS/nHH3s5arFx7jLxN6zr7jsGewBgj6gVyI5X8LNENT2rNxbNGF2xCnP4pHe9PHsoC6JUYx8lg7a9se8GSQaWIx9gzI5Cdug5qVJanou5m/iZVeOkYKIk82AX81SBCg6SSYbbQbJsrrjrB8R+Xy24W7+YCOzRHq2ooggwghebco/NwcbrTcvFu7nMbW6kv2P5JBna7K+42ox0FhSy6Wi2PbNNxL6XDPCpIPRr866X7aVL4LsK/FIr4OfmKhYGpzijuch2KTCqn8LsmbXZGfTfFcpWHV7vU/KB5R/jaxXCSzcC8ivxa5e4zs4xIQMSJqnSHqUGR7ri3y0CWg3Ypztg5ha9VG9ikMv44y8rhp89N0Kyu0qIVy68TvNAGycvg0D6/EJVCFqVUGAjdNgQIVv5M2ae47I4Aw83jdMIM/UF+66EA4kEdQIingjfLA1epq4qLaRSzxtOiaMxVi8++e83ZcwEC0idMUwGOdOqMmlmrsqu8KXBTUgXW92wTTG2OOVQUOlnvupI2abLWbEWJ+DViYscfw6UJPxVqsC/JATslZZ0rOM7azczIBn+bTFtKcWlkXKVLwebIRIPQxlCmPlaEzCeMLzW5n5TAT1CJEwTO4CZUVhzkC05q0umXtr3Kakzu6iAulPx0VDwIAFU1/Nj7iUR11IEnWIEz2Pur2nhqEjglzLa476BjhQQS8XQY2A5FGs1eCufszVB5wL3d86bCi1Men5QHv1C5YMsxHjxXzd1lySQH8CEqImwhGdspNxvkZxj9e79s6CLvsiciHu6RwJGbal4tBr0RUOxvh3sZLiH4muReRvq17HktklLogJ8ZeTUtx7QyRDoQ9RNCYSnHGwjCuQtZEJmM0n85hO1kbpd7anf8CoMCgMUxRWl6MRKHg4kVTneDpp5VhgHMDWf2r9krX5TI6AjsOiwEVUSVVmvCEXZeAqkcVpDRZ/9U1z5sJko4/Y=&u=U2FsdGVkX19wsuQEmyAXW6y0bVRlowWmnyQPv+i9yUA=&y=U2FsdGVkX1/WTjyAa7XxehAkw98Ezrok/IwLCxzG0FlzqccW7e1oBLONtozNJoZI HTTP/1.1" 200 60
190.146.168.87 - - [04/Jan/2024:15:44:30 -0500] "GET /kwssiamovil/sm/des/acme/u?s=U2FsdGVkX18Tm+a9CBbpL4Vr2fY9jdkitUMcJRePjwthJx8yvkyNbs35DqPXH+y7+7KLD6mdbceh89hcrhwvSqpa6LVrfHO441z6KPX0g4b3S7M8ZB3tP63msZejSJrdsWOD4ElgbSH4sKn5vXv28g==&u=U2FsdGVkX19wsuQEmyAXW6y0bVRlowWmnyQPv+i9yUA=&y=U2FsdGVkX1/WTjyAa7XxehAkw98Ezrok/IwLCxzG0FlzqccW7e1oBLONtozNJoZI HTTP/1.1" 200 60
172.22.2.4 - - [04/Jan/2024:15:42:51 -0500] "GET /BLA/boletinlegal/ HTTP/1.1" 200 60502
190.146.168.87 - - [04/Jan/2024:15:44:31 -0500] "GET /kwssiamovil/sm/des/acme/a?s=U2FsdGVkX18OLt3pkiE4wGQrf2MPo3H3PochN0pWJ02E8ngi9mqswhrVE/Srv1nwE8Z+ss4hRgIwAGD4oshxkx0opwD+37R9vfDRUNyzMNF1sYj5apRIpy1XSiRf1C5A8vuBiP6WOwYHSttpdWQJysGLrPgK4V3MB4eLevhOe4TCQkrK+hoP59w8QZQMaQHlKs0DZ+D+z3G75OlBdHDM8Azv6uY01bZtGctyzCjSCouJbRAhzAw6jdSjK3R7ua3MwMgGorECe+v44Lj00/c0tCbOzCIxH6tXjHM38x4/dTxJTfgPx7I0N57adP+JmGW2PCcG2baVpBfMtZdi8B7Ra0EpERcYwDowl5hhPhxb7awTsxst4jIVo73cqrPWUCllzkrfZ6pj6Bj+mVhGMjUB29UGZCRBgn7Zlz8t2q1Llm5/t14oNDxP8j4zHpHJeaWAyARmAOzO8viafWn3q6Bak8MHVLNGkXV3/0N+a9B0japCp/6lbxn7UFHfUQO3K+TbZAzjP9Hdt2xqvrvF+OLocvThyDmqalsL9Oy+czDqGdiwjsWSqLQDu32cKPk5ZCe1qd5SDWQiYYrg9INp6gB4iztfXiKLO40gzAkmuFOYfXlqbjpdMJT6q6e3aTO9oKVxtMPLgRxK+iYR5a5eYkEyhTck4SuuX/AflY8//O+VBu4Xyofk6/ZrS1vnQe4KmX9NsVPryBT4KnQP1wB3WcPNpeh+i8C7Lyh1dzXIL1Jo4TSa1BN8EjIQ+mWrXu87aD8/qXucHQdRe/Kp6v7QelFQDbUZwkP+FJBD+q0a9dSn7/ziLo4Nq+GNsvuLI7u8cUQRivPuVA+An38JNtH7prKVck7BUsCbcWlzK2Ygu23cgQskR5uRUYwoxSctcbpVFZyrNaSawwXnmIWo4ICn520djcMyMkg9OJYlxdZp4QhEZAAsdFvlODvrlh6kperxsa6bEFoL+LosniWSg4M49bKwg55oaYqSZ8tJQecv4tD+0cuaU29R/5rcKgSE9L5SPr+7AoVW3zSetTmsyxQVc8VHbNM5i0um/7IgrtA8hLRMojFpPoqeMlPvNgCkJGb8T+0JrkEQZybBe/ifITBjcD71bK3Z1B5lf3LKD0esJQxRBZZWJXd4mc327Bcp4BgqL9wOlHPAvqZY73ORH3wa9QKRtUFEuW53qLKR1E57pRHNhe9hlt8Yolu++0RZN0a+4vkdZFMoJbUgihCu11HCbtb1UKjnx6p9v+oiY9N81+5/6zcJA/iKzQd2BOduY0EXhcgKbu++YmXW0+bq2dw3/RjW0v/YLtbaXhXLcXacGC8HXE1ai1SiLQvCUplwFUyB9L9xQW8jBBRI6IeO9UvUeXLuU33anh8+BT4S3F104fV8wiEWclBG0r1OiNRKdLWqsAmERCGfQvXKGvL+IzkxFBbLzY/bxdfZyl/lwm2yvGfwZViNSPjMx0KX8/X7LnROWJMlb/ValDpfsB5NwGkcYGHTg9Hl/Fw1R96MpcpnlKAs32oRJYeeMEdwOJFtsh5gPTTwYdCZW3HdGpU1cgO2coPnGncwVfaI2BGavQYbJaP8enaawnB8t1iAzciOH7jQDw3KdaxUgtTbPNnpMcR/8JqvecObhjcgele7VH6G6dOLa6ra1iYuNUXrIv5Z8+4nPpb2dorcf1H8jLeBynMxf0kUjmh794I7Wi3y47YxMLoBzc4=&u=U2FsdGVkX19wsuQEmyAXW6y0bVRlowWmnyQPv+i9yUA=&y=U2FsdGVkX1/WTjyAa7XxehAkw98Ezrok/IwLCxzG0FlzqccW7e1oBLONtozNJoZI HTTP/1.1" 200 24
190.146.168.87 - - [04/Jan/2024:15:44:32 -0500] "GET /kwssiamovil/sm/des/acme/a?s=U2FsdGVkX188aU/2fzUqhBrj60myINdfpaPu7eaj2KtVzFyFHSXIZbhKIQufrsL9OyddCkX0dmweTRDaFDr4IokKo5MoQ+8nIrG2kltoV5s9II58r/gJ5lsDrF6+gFFOgMnf7UkngpKLLbanRfenzb1vtPI+ZrAflDiJIsIHbRo=&u=U2FsdGVkX19wsuQEmyAXW6y0bVRlowWmnyQPv+i9yUA=&y=U2FsdGVkX1/WTjyAa7XxehAkw98Ezrok/IwLCxzG0FlzqccW7e1oBLONtozNJoZI HTTP/1.1" 200 26
190.146.168.87 - - [04/Jan/2024:15:44:32 -0500] "GET /kwssiamovil/sm/des/acme/a?s=U2FsdGVkX1+VGaBXfF+hCl3MUTdEbkUv5/hdYfNGh1g+uyjlbli1RF79qrgQHLqpvUySpXYWG2n5sXbzXbMPjJ9JLvAFC8MExlhMrKyjyDICHQgtDqZfey/VY5apr14kFQFe4mxnaloPUbK/qDbSsXwK7jdzmj9cyYGhmLliWLhESNHGf3DfqhyBBcZERrS+T+6xuYc8dgWZebQhCt4lIcQ8XxFDR5WsMBGK/VZf0zJmVithhtKMxtTAVe4a9bAzo9vSlAhQ45hOinqsUzJ0RwmAYWy9GI9fIsTLLEqQ18fZRBivgEtBaHzDmylniiFAzc3Upvju1HrSzMO5Y2Y/7l2+qKR7Ha1yaQTEaooCIYQZH0IpqYhHOGKTCea86jxJeVK1TrqyeL//VVfq8yKetXfw716P7+0+3bjQJlUka4aS/Ogr3Bg0SLOr1juUWRL1Np09T2q3qTqmfXRfQ6Itdpk8zpNTWncTQcM+pUXX51avEnCR1vv31JOczXQtXZZdTjrFFgYX1DVL8iUnWHvisODYO7ajzmTvko9jW+PgpeTeyy7d2R2ECsGecXdpCMMfv/9C3SVIGMLXTiT+RJucyqC/Zw7iBKTvc/x2H2vTQDmGrKq7WtqITZaU/cUmlaH5dAvj4A2Hmggixs4ECpnDFy8E3zTEz6kn0rHCeu62/S7bJ1PHA+VnMFftS1lsYXAUW8eeCmssmuyz7NanhbGjWDBdJ7tTSFcF6DdOONiDWhaJb2zf9fwD67ixLcl+DJUPEFPdTSyL1xEJxP8LK1ea503l20bPvE+RU+vWUahl0hOqP5SvK5SlVlmFomkjX/nh3Qj8X+jtL8g+EcPiYCNSUK+dDU5e9yDx0TlG/hAwPrNzWzhJi54Je9fgAvTyFC92QZbVbNfRsq7FmvZAyLM2YAX0jh49LIqYsuraToxX3QkwVOAsT6yiy6SndtXqw8fOtX7G9jgAeIaHX+yKb2LRTYLsSkiZKYSn0CY9s8cCIZ6atesBIFwje/2KeqjKDWAZ8yGHeaxMwg5spFB08ZDJXjDVDZK60bvfz/jTXwoPpB1QtV5FdKhyPnLMZrrqwGLNZ95G18WozHhCRIB4SQw0u2cErLlKt3ShYptRhBp0jWuN7xS7aB0Jj/YGJXrKRuZbbTX5AOaDvIYOGdlJptAO2FkXT22/xT79QhHXGuQQVCIgydemWhJYInovoay9VOEWl7z7J+hwiC8lcJyI8brPIovazgrc8DBBpjp5E6bVyyKwUhU3P/d0em5h+WxZpLKrgbUzLlw8BRa181HFfiYgDdc9u7iKNZiOpvhiSZLkM9TsVDngMWpeFDUt/Qa9+9U2yZO4fNnHfJPHbPXJuwDiVcBS4uqfQ7Yefiqgd1XLKt66O8A92Ec/LF2ZSc+HgRvcBmoLK/5I0xu3Vaqk5Q/CVOCjfbJQRyT64jnTAqL8+oZ1ynX14pglPkhBlRxluw/RPj6NWOMvSD7uFPoqbTH8ywYgAbn+DgxkO+UN2a4xXL0ZvnH1gB7SbFshJSauU/XtYl1hQYiDy4IahMZMr2eSEoYf+EFyn/T998JyU2u7uOB1VLBZhDgMV8ZZrio86VzF09UYTIfC37y42Lq8KmKsqqkT5APLYT2hejUril9sj9tU/sZP0J+OEAaxX1xF4bEskT+ayJ9iHNgngyRuYBClWsvPlw3dFzZ80bPbcNqlGWr5sNpoST98xJJzZ7qNsYMW1a4WMv08+8MwjDNcNVyEmbSicAjRcs8LK+q12KE98LsDk5zACPa4Q7WKUaUVsduOs4EGwmY2U1DTiWljBDQ9AwIOiJNdMUrna7sFXYSl5fvln6Sn8WKvCN+nghWFvRcVvMsPVhSzRfZcwliYoFuMHO4gCvCnnMBj3TX5ljtwjUo=&u=U2FsdGVkX19wsuQEmyAXW6y0bVRlowWmnyQPv+i9yUA=&y=U2FsdGVkX1/WTjyAa7XxehAkw98Ezrok/IwLCxzG0FlzqccW7e1oBLONtozNJoZI HTTP/1.1" 200 24
190.146.168.87 - - [04/Jan/2024:15:44:37 -0500] "GET /kwssiamovil/sm/des/acme/a?s=U2FsdGVkX18WdwzSgxQOWdlPtoLpQJ6QxkgLSPJ7ztAnrqCmNZfbj7gMOxY8YipWb8KFbW2SeV5V+kEvDImAt8sU2E/0JWFvrf+qWHQ3419Ob4+/6KCYGakCJ6GXFM0F7Ij20VZ03uwsQJ1iiSQvcNRMfFgxb+rz4uL2aJp8R3QUnhGYUVyBrYMjBmsVUX57y1fXVY0iDLZ+nkei+nDCMQ==&u=U2FsdGVkX19wsuQEmyAXW6y0bVRlowWmnyQPv+i9yUA=&y=U2FsdGVkX1/WTjyAa7XxehAkw98Ezrok/IwLCxzG0FlzqccW7e1oBLONtozNJoZI HTTP/1.1" 200 24
190.146.168.87 - - [04/Jan/2024:15:44:38 -0500] "GET /kwssiamovil/sm/des/acme/a?s=U2FsdGVkX1/O20EPa+2hhrNhTUqjX++sJGX8uCa9VG/Trh/WyDRuxQlvT9E5VJCzMSDp0zgByeii6jQYM8YkOxD4z/6Ww2KhJMTPzSsM1fqUXuYPaCtQRQWUKk+H+ggRwpNsUlJA/FFGRnRFjaOO7XDkWpQqcgiW3Re/eECRQo2WjgHqkEgvcfXhQOkXYHsz&u=U2FsdGVkX19wsuQEmyAXW6y0bVRlowWmnyQPv+i9yUA=&y=U2FsdGVkX1/WTjyAa7XxehAkw98Ezrok/IwLCxzG0FlzqccW7e1oBLONtozNJoZI HTTP/1.1" 200 24
190.146.168.87 - - [04/Jan/2024:15:44:38 -0500] "GET /kwssiamovil/sm/des/acme/a?s=U2FsdGVkX19qJUvuwhfiVqqtAavxsatPqYc5noMgFJwbFb6A8ubj2y36WD+QWuFAX910a4wfBTKgEXOta1ia9uQ+ocT1PyCUB0x83oZitfoQ1cR/Md+N0I7tjVIk7yTbh/vKUA6N/gZanOGqN0PZSzbs9xnLD1qqGlfuFB0/mDozmuL05pSTvE2WMxnHYJF9Aai0hZVV3BlGpjwP7eb8qvmHhUwLSp5XLTcu0SwpIDJE1GxRw61LMEJXX1Wkd0KlEy95Xx5/tSlybth8Y2v9Km6BHstAeC9HA5HnOMEPZZfOZz+H73yLI5Fur/q7vffWGqSZDHKPyeG5WYrkOadQiQ==&u=U2FsdGVkX19wsuQEmyAXW6y0bVRlowWmnyQPv+i9yUA=&y=U2FsdGVkX1/WTjyAa7XxehAkw98Ezrok/IwLCxzG0FlzqccW7e1oBLONtozNJoZI HTTP/1.1" 200 24
190.146.168.87 - - [04/Jan/2024:15:44:39 -0500] "GET /kwssiamovil/sm/des/acme/a?s=U2FsdGVkX18fFVKqBncqMAb8xXD0Xtk/SWhSQanEq7Q6aOzWZtm4yvYmw5DLTWSpiF8Yt5vmctD81pdC1l2RWjkNaJm3fbzg8iz6zxM+2YN2Olgd5aMasGRh8iiV1IGcKCsl3w17WXyV/VZ6jWAT+ylFeC6pTE3A/Mx3MJeWMkL3KVOz5Nx5agOpcY5wPirnCWAceBCbEStPYdmHpnyTa8y6qj6Z+VBGMFN1T2uYpdHRpJWhTTSSMJdRoEaMQtiaWTQVM/f8dJBtv7ME3QtZNaAuhO8YUZtQoQ+EfToZ+fkbFxE0J9pJOBUAVSiwgjynTlwMuoLhTjgAe4mvuBGIGIaSNsx4tRazc1gmKOpHG2ghR0thZyy+vYjEyPJvQQpQZnXFFbzeT8Ma3eDP87GGobLPMm6n1eYKC/Q0IKZiIuJ9MD9pFvaeKNB8PONU0B34dVUM6cG8d67XhLkO8czGBl5cHVOTElRYvZ/EHtnkq/7f0YRWXJekKKZpid0NARZAk7PfybP63TgO6BKn/laevPSxqpyfsg8yxRzjicsKoJ6UTv5eRkPekL5fnih8Nz7wntMv/NccEmgtn+lW8dsQpWq/NhwE46EIElMfYD0s8DVQRVhfOitPkyj8d4rBtP3Uuju5c4aR5RWOGVA3a8lRBoLNI9834l8wA1seKBO9mueZo5oB6HHe+EZ68nASSgQ1K7eXdvmr2P2XtpmWs6o4DoBDU2gN0V4ocbWRyLhMuR+BPHvkZRxf95T7AGcFz+X6q2V1Wl8SWve3F/nd074M/oIk34aKA92fma/g7CRkbO9EPf4ott4awXyoPcyz4XldVsRCAlnE9HZPWnRON9+KV8GeGja2qEDNXZRUueiJx9dMxa9nIONbLo1F51WEH1t2cBZtiLrxPnDRGAj7R9+OxH6iT9st+piMvswlWCrS/3AqkY+cuLPotRQam7jGnyi/3rdk5+iBnVtCetXJkJA0EuUQohm9Z/eX6GYsYcBBo0+FOmZI5lxmZM/BzDTIGmEtZxtVHPsw/SQfZG8b3vGPOEUw+5jrNFRwdITyGrfaFGwWfNAGiZfxsDbMyEH5KHAeoah+d3lhRkvHmNjmS4kj9KHLheNN7v9kv9i6XaXHI0cLqUiUCxjpqeayggyn0ltQ87/XbzQN4wPALhlnVTToD9eUPOC4onAvRVoqkoRJxFHnAtYcDLFQ/KNjGBsKKsNPT8yxfGepFZB0G6D3UmcmMByir9koGLzKQwWMnGDQK2HV54iGXEwa4hHt6xeRqchC6GJYhjSeTZ7abbRSLg6C5DU0lX7OJlIwaJFAEaeHhLOjiQmE1Wq4xdiqOoExuvTu9BOhNrvz1Nj/Pd2IEWJCkwOw9TG4DhJWn/mYL9kwlOYfZA1BzyGPo9Nn3ur6M+hMa0KEfxR8FpVr0aXXoiG9Aj7CSzA/nwhufbGU7HH9pVq3uCjZJWk5gbqUVSBWBdKSBTIBK6/ZDDdHiSwVH9cavq3vsCGKOlC37LjGKXzMPm/N8O0SUrwIkPgbdAxGPmmhIMIwsy9D+n3mq88YoBC49LQlJJYgR2gNIil3FR4pJX4u1qewAou0M/mw/cpfqcShLyi2CjW3OxEBEp6BhyfQMcouprnEZIkDk08Fz5hiU7RZdZr4/hiZ6NF6vs+S7l9JRfrq7nCYuquD0iG4eWURviRuwTHZGkDUrF0RrWe5+xfe8qFrYdBz4eDm2KY87voiNpeNhQxK+EEnzq+RFb1ytpDSbNbZxk/ACY7frcl4sUCH55lBkRhmU+a3eYnj8002xSpRo/0SOUs06SyW7N7NfDQrlVhbkZFYenGMZ6f5MEzXAwZSR8g4UxT3ZOLuFx7IwPROmiImUIi004i9s7DrFIrP/jvheJ3b2CiWv7OBqAs=&u=U2FsdGVkX19wsuQEmyAXW6y0bVRlowWmnyQPv+i9yUA=&y=U2FsdGVkX1/WTjyAa7XxehAkw98Ezrok/IwLCxzG0FlzqccW7e1oBLONtozNJoZI HTTP/1.1" 200 24
190.146.168.87 - - [04/Jan/2024:15:44:39 -0500] "GET /kwssiamovil/sm/des/acme/a?s=U2FsdGVkX18dQg+MiMl9fUJZf67vAV/VI0nq6MvALBVZvxmNhxOZoH/htRTtBP+whGKqZp4yUIjjblE27Vocz+wgGLAEyo21P8FpIEZ39arx9nto9GXvrIC7Sf3EGe103P5zR3B1OHR4SW0tgBHimVWFmUQqYi6q2cac/mNTqWQaqd+2T1d+N/9mdgYf3zItLUDllD5LAgtjp1VW6JTP+w==&u=U2FsdGVkX19wsuQEmyAXW6y0bVRlowWmnyQPv+i9yUA=&y=U2FsdGVkX1/WTjyAa7XxehAkw98Ezrok/IwLCxzG0FlzqccW7e1oBLONtozNJoZI HTTP/1.1" 200 26
190.146.168.87 - - [04/Jan/2024:15:44:40 -0500] "GET /kwssiamovil/sm/des/acme/a?s=U2FsdGVkX18wfoT/VstrnbcZ/HBQGBgtgu251JPSBhnT/M0o4tVCB4zY1I74k5AKkiMA1iJxPMIMv1UsLRLT1rrsfH7WLrx5oynnuUBTm/NXy1j+5jsgn/XrxHyCgU9XIbGOoxdpClPBG4eHT2ShM3ybHKsT/qfyowxieuee/FUnsXyYr0s5SLFhpHCIo2nMAzSUL4mgosZQCe4DobhPhy88Ijx1Ss8CS3y9ph99u+MDypYo3GGiryrPNaTqJ8oCkdxHsG2Nxmjt2pwRFdE7p2C18PZHUB7UriskQ8oSSt5u9KznFVtQ/YUnn6oVlIKK&u=U2FsdGVkX19wsuQEmyAXW6y0bVRlowWmnyQPv+i9yUA=&y=U2FsdGVkX1/WTjyAa7XxehAkw98Ezrok/IwLCxzG0FlzqccW7e1oBLONtozNJoZI HTTP/1.1" 200 25
190.146.168.87 - - [04/Jan/2024:15:44:40 -0500] "GET /kwssiamovil/sm/des/acme/a?s=U2FsdGVkX18HqNTTA/S9JhnnU2KGblpwtyco/Cc3DMtbT+A35KsnZrKiXqEMG2343leZo67rgNuZYiqNYb+Vsj3DCDzD1dZf8w6mqihAU5jpOYmbbwfChz3Ms9NgLfAKPZTh+sO4eH8OjJ1Gyibxh73Uze/2hkRAE4N+gCHfFulD7B4OEBVXIr0gZkYEjANKShz6fd6uMCgYgRQtFjd/R19a8kUqXIN+6y0HKeSYREA=&u=U2FsdGVkX19wsuQEmyAXW6y0bVRlowWmnyQPv+i9yUA=&y=U2FsdGVkX1/WTjyAa7XxehAkw98Ezrok/IwLCxzG0FlzqccW7e1oBLONtozNJoZI HTTP/1.1" 200 24
190.146.168.87 - - [04/Jan/2024:15:44:41 -0500] "GET /kwssiamovil/sm/des/acme/a?s=U2FsdGVkX1+R5asEInPYtHABvyhEuGyy8ZTNTvBODemaM0+GLqmt6pXA47llO1FcwcrJG9TP9fPh2SymtEMZM/1fQiR/sBnZurLQMi4aEsTxm76OxMSZiteq1dgIXWpx2RQj7iYA0/IZBAGDo7sFngUedi9STgXqrlFXfAMxiM8lEnUAa85MYmyNx3aeeenM0uoFgdFr7ynqfNIIKI9ecg==&u=U2FsdGVkX19wsuQEmyAXW6y0bVRlowWmnyQPv+i9yUA=&y=U2FsdGVkX1/WTjyAa7XxehAkw98Ezrok/IwLCxzG0FlzqccW7e1oBLONtozNJoZI HTTP/1.1" 200 24
190.146.168.87 - - [04/Jan/2024:15:44:41 -0500] "GET /kwssiamovil/sm/des/acme/a?s=U2FsdGVkX19XtohDiW7jBsuc9T0DX7mgOwp/LnTC8gfnAUBtr9Ma3wZQRFbYwlhQvWA3h/EtuSlG7A6hub+qQrJ+IPQEfh8dNPA69/gWxtMSUJ/SL7ApHJAETo49uOg6CwgTl/dXP4Nec+NoslJgj49nxq7PpJN2pg153vAhJjfnAx7taDirsKPCdRELW9bu&u=U2FsdGVkX19wsuQEmyAXW6y0bVRlowWmnyQPv+i9yUA=&y=U2FsdGVkX1/WTjyAa7XxehAkw98Ezrok/IwLCxzG0FlzqccW7e1oBLONtozNJoZI HTTP/1.1" 200 24
190.146.168.87 - - [04/Jan/2024:15:44:41 -0500] "GET /kwssiamovil/sm/des/acme/a?s=U2FsdGVkX18cc3pqUfyCFO36c1qHenyeCKIfjahE3KepxF0U4bKFfXoce/ZtzRAd8Lml4Y1tHJLo48tSuspoq+j1XOXg/zPkBiRt3KN8Pz7zJKRtFBpJgsPhs9ASYp0Kmeh0hZaOP7e3ueZiLqUsQcRarrno+dRePno2mVb3vp/8ez8+UbhZ3BG8WSxY3chWjJgY3tPCj9Ns1YvRlHtr9maQDFh5o+T7QyWj2lynDE8=&u=U2FsdGVkX19wsuQEmyAXW6y0bVRlowWmnyQPv+i9yUA=&y=U2FsdGVkX1/WTjyAa7XxehAkw98Ezrok/IwLCxzG0FlzqccW7e1oBLONtozNJoZI HTTP/1.1" 200 24
190.146.168.87 - - [04/Jan/2024:15:44:42 -0500] "GET /kwssiamovil/sm/des/acme/a?s=U2FsdGVkX1896eFpOUTckvjdZMljd2qwj1ngNp/3g4j39sOaus7n+lsBFVBeOi4wv0Pt59p3OuCyOg8zrohPColvB7kaEWiyVWUlT4dTTqkpDqtdMHZKgnm3WD80awaMNZwe0TrngSksF30LQgG1IWQ67FEY9d82gWu5229iwb/cM40M4Fy5L79uej18zadxHkK1bz/5bW30EDNuvq0CUQ==&u=U2FsdGVkX19wsuQEmyAXW6y0bVRlowWmnyQPv+i9yUA=&y=U2FsdGVkX1/WTjyAa7XxehAkw98Ezrok/IwLCxzG0FlzqccW7e1oBLONtozNJoZI HTTP/1.1" 200 26
190.146.168.87 - - [04/Jan/2024:15:44:42 -0500] "GET /kwssiamovil/sm/des/acme/a?s=U2FsdGVkX18KKN5GaeLUZi2NmBjPK3A32y0XBfQxszodXwwk8XKDi0TRQXxg2mHUbRH4IwrB5Eb0qzKiRZpjaNGL4jGqnEll/2p+6OyryPqFLejMwh8FiAfvUWnkdd+1/74a5TYOwMjN83Cw41FjDA4ETbyZxMnjXLa1IACigIw=&u=U2FsdGVkX19wsuQEmyAXW6y0bVRlowWmnyQPv+i9yUA=&y=U2FsdGVkX1/WTjyAa7XxehAkw98Ezrok/IwLCxzG0FlzqccW7e1oBLONtozNJoZI HTTP/1.1" 200 26
190.146.168.87 - - [04/Jan/2024:15:44:43 -0500] "GET /kwssiamovil/sm/des/acme/a?s=U2FsdGVkX1+nGxAcyy3XLHwVCVBgRB1ERTi5LXwiUllnQk2C5+FtcP0fPEgxrWk4IN7UB1+paDala/GTdG1yocJfb3Kip5jmt0oEUxT0c1EuBrfS438u9Ghl/6L2yive2mmXYbc4SVNFUidq90ZJhr3ytQNNAuL6LimM5X7eTMpGlzsvDIYd6oN2+YQVlLuyRSH8+O21Iq3snM7U3i9PTw==&u=U2FsdGVkX19wsuQEmyAXW6y0bVRlowWmnyQPv+i9yUA=&y=U2FsdGVkX1/WTjyAa7XxehAkw98Ezrok/IwLCxzG0FlzqccW7e1oBLONtozNJoZI HTTP/1.1" 200 24
190.146.168.87 - - [04/Jan/2024:15:44:43 -0500] "GET /kwssiamovil/sm/des/acme/a?s=U2FsdGVkX1/GLm0JzNKYgqNDfLwhF1G851VWqpgUi36Hp6FzPhwGa+K7CKZ6znxkhuWaYyFU6N0nTvd0j5GbhMKDWEw0FihdTF70Zm9cPemtifRCaW3VBEb5tirE5nzuPr17GpLht5P+nxPIZYhvZmz6nHWlk95+E2Z/g4WCiPKANcaanABRDg3NV7N3/w14LKoOL7F6osC8IdrU6WQ1Pg==&u=U2FsdGVkX19wsuQEmyAXW6y0bVRlowWmnyQPv+i9yUA=&y=U2FsdGVkX1/WTjyAa7XxehAkw98Ezrok/IwLCxzG0FlzqccW7e1oBLONtozNJoZI HTTP/1.1" 200 24
190.146.168.87 - - [04/Jan/2024:15:44:44 -0500] "GET /kwssiamovil/sm/des/acme/a?s=U2FsdGVkX19xSrNmtj7rLaeBbihTrWLXSefdP4Eg7uJtKMu+znKmP1FGlsM4gteOZLPG77UTNVqPFNKizczfSW8JNTu2qv+wgVfOa+v8kw5acrTIvmnRdga9g7Svw0T9fLPqj0r1CR/8E+xRwR9sTr2IhzutUvSZsgpX6ZYoAaDxk/96Qq3CT8TM9vw/6POkshlLrjwHvpZeVMuy/rEMpA==&u=U2FsdGVkX19wsuQEmyAXW6y0bVRlowWmnyQPv+i9yUA=&y=U2FsdGVkX1/WTjyAa7XxehAkw98Ezrok/IwLCxzG0FlzqccW7e1oBLONtozNJoZI HTTP/1.1" 200 24
190.146.168.87 - - [04/Jan/2024:15:44:44 -0500] "GET /kwssiamovil/sm/des/acme/a?s=U2FsdGVkX1+4MNgpsMd04ZBbHVtOU1YwxLoQkCeTTySRVWnavccuc2BPIZOG59k0MH4ZF3TrwI0VLjWQYDXNw9iuzoWjX2ZkYHqsNl83BfOs5lA437isVpgvMD4Qv924hEEOp5eEUB0WhMXfC1QRlZd65RNWPs8IsmNdcHP2T+545QsJyRTWt//wHPPHqdE0z1QN4zX84oAXX+eWf/xYyw==&u=U2FsdGVkX19wsuQEmyAXW6y0bVRlowWmnyQPv+i9yUA=&y=U2FsdGVkX1/WTjyAa7XxehAkw98Ezrok/IwLCxzG0FlzqccW7e1oBLONtozNJoZI HTTP/1.1" 200 24
190.146.168.87 - - [04/Jan/2024:15:44:44 -0500] "GET /kwssiamovil/sm/des/acme/a?s=U2FsdGVkX1/L263n2Olg2NKg4Y+X7tsnzcIPR/tX2F6Fx/5p06a/4cH1E3bvn2lScyquj2vCK+zEYiQSrB5Z1buokWl3Jca9dr80HqhVA1Xrkqy1R9S/M12dgbCnR6Fdc6/Csd1isAHu6mtWVkU03Wk+RVJ1HxPJZmtC/n87lXAVZPjG7fDW/TtQryV1cZpb/qigLxbr11Ve8QppJpFqiw==&u=U2FsdGVkX19wsuQEmyAXW6y0bVRlowWmnyQPv+i9yUA=&y=U2FsdGVkX1/WTjyAa7XxehAkw98Ezrok/IwLCxzG0FlzqccW7e1oBLONtozNJoZI HTTP/1.1" 200 24
190.146.168.87 - - [04/Jan/2024:15:44:45 -0500] "GET /kwssiamovil/sm/des/acme/a?s=U2FsdGVkX1+D48LnrlUldHGPQZobVETS97F4xuqU3Soe8TZHzAoCoXxKSOHVuo8g6UxJYl/JqkzUVLMkJH2IqJ6UdKPP+5CiTikah8YPsTvybbPwsMQeHL+wosGnmNoYc5f4rSX0ZnDZvmuaFvCMb+EF8E5rghS6gHSf0FCPv9zjIH21GMddhF2V6Bm/JEiHOvLP2Vuc1yTNP8yomAFq1A==&u=U2FsdGVkX19wsuQEmyAXW6y0bVRlowWmnyQPv+i9yUA=&y=U2FsdGVkX1/WTjyAa7XxehAkw98Ezrok/IwLCxzG0FlzqccW7e1oBLONtozNJoZI HTTP/1.1" 200 24
190.146.168.87 - - [04/Jan/2024:15:44:45 -0500] "GET /kwssiamovil/sm/des/acme/a?s=U2FsdGVkX1/CADP50gDj2+Oxqpf8yA3MT/UM05yXIL1TREC7UAGtFkcRMeruN0rU79UpvZpU3Ml0lJDzR/aJ+qyFDfvQmONXRV9+N/sKZ/LsaBAZcqf+Wr5fgAmV5QKR0OHbrgxg2uEoWbXRbxby7w==&u=U2FsdGVkX19wsuQEmyAXW6y0bVRlowWmnyQPv+i9yUA=&y=U2FsdGVkX1/WTjyAa7XxehAkw98Ezrok/IwLCxzG0FlzqccW7e1oBLONtozNJoZI HTTP/1.1" 200 24
216.244.66.195 - - [04/Jan/2024:15:44:51 -0500] "GET /BLA/resoluciones/AUTOS%202008/1024.pdf HTTP/1.1" 200 86948
66.249.66.20 - - [04/Jan/2024:15:45:09 -0500] "GET /Publicaciones/2023EE261478.pdf HTTP/1.1" 404 228
66.249.66.20 - - [04/Jan/2024:15:45:12 -0500] "GET /BLA/resoluciones/RESOLUCIONES%202013/1133%20.pdf HTTP/1.1" 200 2500623
216.244.66.195 - - [04/Jan/2024:15:45:13 -0500] "GET /BLA/resoluciones/AUTOS%202008/1273.pdf HTTP/1.1" 200 62273
216.244.66.195 - - [04/Jan/2024:15:45:34 -0500] "GET /BLA/resoluciones/AUTOS%202008/1649.pdf HTTP/1.1" 200 101873
216.245.221.92 - - [04/Jan/2024:15:45:44 -0500] "HEAD / HTTP/1.1" 200 -
216.244.66.195 - - [04/Jan/2024:15:45:56 -0500] "GET /BLA/resoluciones/AUTOS%202008/1701.pdf HTTP/1.1" 200 98707
52.167.144.145 - - [04/Jan/2024:15:46:12 -0500] "GET /BLA/resoluciones/AUTOS%202022/9178%20.pdf HTTP/1.1" 200 349595
216.244.66.195 - - [04/Jan/2024:15:46:14 -0500] "GET /BLA/resoluciones/AUTOS%202008/1805.pdf HTTP/1.1" 200 123560
216.244.66.195 - - [04/Jan/2024:15:46:34 -0500] "GET /BLA/resoluciones/AUTOS%202008/1947.pdf HTTP/1.1" 200 94818
216.244.66.195 - - [04/Jan/2024:15:46:50 -0500] "GET /BLA/resoluciones/AUTOS%202008/1988.pdf HTTP/1.1" 200 115665
216.244.66.195 - - [04/Jan/2024:15:47:09 -0500] "GET /BLA/resoluciones/AUTOS%202008/1993.pdf HTTP/1.1" 200 55580
216.244.66.195 - - [04/Jan/2024:15:47:23 -0500] "GET /BLA/resoluciones/AUTOS%202013/0020.pdf HTTP/1.1" 200 489747
199.16.157.182 - - [04/Jan/2024:15:47:42 -0500] "GET /images/pl%C3%A1sticos%20foto%201..jpg HTTP/1.1" 404 1034
216.244.66.195 - - [04/Jan/2024:15:48:01 -0500] "GET /BLA/resoluciones/AUTOS%202013/0206.pdf HTTP/1.1" 200 1443381
201.245.192.253 - - [04/Jan/2024:15:48:31 -0500] "GET /reportes_sipsepre/jsp/inicio.jsp HTTP/1.1" 200 2935
201.245.192.253 - - [04/Jan/2024:15:48:31 -0500] "GET /reportes_sipsepre/css/estilos.css HTTP/1.1" 200 9135
201.245.192.253 - - [04/Jan/2024:15:48:31 -0500] "GET /reportes_sipsepre/imagenes/logoAplicacion.jpg HTTP/1.1" 200 26872
201.245.192.253 - - [04/Jan/2024:15:48:31 -0500] "GET /reportes_sipsepre/imagenes/fondo.jpg HTTP/1.1" 200 20235
201.245.192.253 - - [04/Jan/2024:15:48:40 -0500] "POST /reportes_sipsepre/sdg/ServletReporte?adquisiciones_sipse_detallado& HTTP/1.1" 200 3033
172.22.2.4 - - [04/Jan/2024:15:48:42 -0500] "GET /BLA/boletinlegal/actos.php HTTP/1.1" 200 9648
172.22.2.4 - - [04/Jan/2024:15:48:42 -0500] "GET /BLA/boletinlegal/js/ajax_actos.js HTTP/1.1" 200 1322
172.22.2.4 - - [04/Jan/2024:15:48:42 -0500] "GET /BLA/boletinlegal/styles2.css HTTP/1.1" 200 1838
172.22.2.4 - - [04/Jan/2024:15:48:42 -0500] "GET /BLA/boletinlegal/style.css HTTP/1.1" 200 9406
172.22.2.4 - - [04/Jan/2024:15:48:42 -0500] "GET /BLA/boletinlegal/niceforms-default.css HTTP/1.1" 200 6694
172.22.2.4 - - [04/Jan/2024:15:48:42 -0500] "GET /BLA/boletinlegal/niceforms.js HTTP/1.1" 200 22876
172.22.2.4 - - [04/Jan/2024:15:48:42 -0500] "GET /BLA/boletinlegal/js/lib.js HTTP/1.1" 200 6474
172.22.2.4 - - [04/Jan/2024:15:48:42 -0500] "GET /BLA/boletinlegal/js/popup.js HTTP/1.1" 200 1270
172.22.2.4 - - [04/Jan/2024:15:48:42 -0500] "GET /BLA/boletinlegal/js/jquery1.js HTTP/1.1" 200 29846
172.22.2.4 - - [04/Jan/2024:15:48:42 -0500] "GET /BLA/boletinlegal/images/cabezote%20BLEGAL.jpg HTTP/1.1" 200 118164
172.22.2.4 - - [04/Jan/2024:15:48:42 -0500] "GET /BLA/boletinlegal/images/subscribe-icon-big.png HTTP/1.1" 200 47702
172.22.2.4 - - [04/Jan/2024:15:48:42 -0500] "GET /BLA/boletinlegal/images/historia.png HTTP/1.1" 200 52775
172.22.2.4 - - [04/Jan/2024:15:48:42 -0500] "GET /BLA/boletinlegal/images/registro-usuarios.png HTTP/1.1" 200 8106
172.22.2.4 - - [04/Jan/2024:15:48:42 -0500] "GET /BLA/boletinlegal/images/green-yellow-blue-pink-th.png HTTP/1.1" 200 7394
172.22.2.4 - - [04/Jan/2024:15:48:42 -0500] "GET /BLA/boletinlegal/images/tel.png HTTP/1.1" 200 14477
172.22.2.4 - - [04/Jan/2024:15:48:42 -0500] "GET /BLA/boletinlegal/images/icono-email.png HTTP/1.1" 200 5544
172.22.2.4 - - [04/Jan/2024:15:48:42 -0500] "GET /BLA/boletinlegal/images/body_bg.jpg HTTP/1.1" 200 1601
172.22.2.4 - - [04/Jan/2024:15:48:42 -0500] "GET /BLA/boletinlegal/images/menu_lft.gif HTTP/1.1" 200 1713
172.22.2.4 - - [04/Jan/2024:15:48:42 -0500] "GET /BLA/boletinlegal/images/menu_rght.gif HTTP/1.1" 200 1627
172.22.2.4 - - [04/Jan/2024:15:48:42 -0500] "GET /BLA/boletinlegal/images/bg_top.jpg HTTP/1.1" 200 522
172.22.2.4 - - [04/Jan/2024:15:48:42 -0500] "GET /BLA/boletinlegal/images/menu_bg.jpg HTTP/1.1" 200 620
172.22.2.4 - - [04/Jan/2024:15:48:42 -0500] "GET /BLA/boletinlegal/images/hover.jpg HTTP/1.1" 200 640
172.22.2.4 - - [04/Jan/2024:15:48:42 -0500] "GET /BLA/boletinlegal/images/text.jpg HTTP/1.1" 200 568
172.22.2.4 - - [04/Jan/2024:15:48:42 -0500] "GET /BLA/boletinlegal/images/footer_bg.jpg HTTP/1.1" 200 586
172.22.2.4 - - [04/Jan/2024:15:48:42 -0500] "GET /BLA/boletinlegal/images/footer_bg_l.jpg HTTP/1.1" 200 776
172.22.2.4 - - [04/Jan/2024:15:48:42 -0500] "GET /BLA/boletinlegal/img/0.png HTTP/1.1" 200 110
172.22.2.4 - - [04/Jan/2024:15:48:42 -0500] "GET /BLA/boletinlegal/img/select-left.png HTTP/1.1" 200 263
172.22.2.4 - - [04/Jan/2024:15:48:42 -0500] "GET /BLA/boletinlegal/img/select-right.png HTTP/1.1" 200 44019
172.22.2.4 - - [04/Jan/2024:15:48:42 -0500] "GET /BLA/boletinlegal/img/button-left.png HTTP/1.1" 200 57071
172.22.2.4 - - [04/Jan/2024:15:48:42 -0500] "GET /BLA/boletinlegal/img/button.png HTTP/1.1" 200 43241
172.22.2.4 - - [04/Jan/2024:15:48:42 -0500] "GET /BLA/boletinlegal/img/button-right.png HTTP/1.1" 200 57878
172.22.2.4 - - [04/Jan/2024:15:48:42 -0500] "GET /BLA/boletinlegal/favicon.ico HTTP/1.1" 404 1326
216.244.66.195 - - [04/Jan/2024:15:48:47 -0500] "GET /BLA/resoluciones/AUTOS%202013/0784.pdf HTTP/1.1" 200 2053792
201.245.192.253 - - [04/Jan/2024:15:49:08 -0500] "POST /kwsrmcab/Wsrmcab  HTTP/1.1" 200 36937
173.252.83.11 - - [04/Jan/2024:15:49:19 -0500] "GET /images/terrazas%20verdes.jpg HTTP/1.1" 200 63951
173.252.83.12 - - [04/Jan/2024:15:49:19 -0500] "GET /images/arbol%20centro.jpg HTTP/1.1" 200 69467
69.63.184.116 - - [04/Jan/2024:15:49:27 -0500] "GET /images/PREAD%20SDA%201.jpeg HTTP/1.1" 200 65620
173.252.83.120 - - [04/Jan/2024:15:49:27 -0500] "GET /images/agua%20bogota.jpg HTTP/1.1" 200 74348
216.244.66.195 - - [04/Jan/2024:15:49:28 -0500] "GET /BLA/resoluciones/AUTOS%202013/0859.pdf HTTP/1.1" 200 2546358
172.22.2.4 - - [04/Jan/2024:15:47:50 -0500] "HEAD /BLA/boletinlegal/ HTTP/1.1" 200 -
173.252.83.3 - - [04/Jan/2024:15:49:56 -0500] "GET /images/reconocimiento%20practicas%20ambientales.jpg HTTP/1.1" 200 63397
216.244.66.195 - - [04/Jan/2024:15:50:18 -0500] "GET /BLA/resoluciones/AUTOS%202013/2057.pdf HTTP/1.1" 200 1956730
172.22.2.4 - - [04/Jan/2024:15:48:41 -0500] "GET /BLA/boletinlegal/ HTTP/1.1" 200 60910
201.245.192.253 - - [04/Jan/2024:15:50:36 -0500] "GET /sipse/faces/index.xhtml HTTP/1.1" 200 677
201.245.192.253 - - [04/Jan/2024:15:50:36 -0500] "GET /sipse/faces/javax.faces.resource/theme.css?ln=primefaces-sipse HTTP/1.1" 304 -
201.245.192.253 - - [04/Jan/2024:15:50:36 -0500] "GET /sipse/faces/faces/autenticacion.xhtml HTTP/1.1" 200 12401
201.245.192.253 - - [04/Jan/2024:15:50:36 -0500] "GET /sipse/js/disable_browser_buttons.js HTTP/1.1" 304 -
201.245.192.253 - - [04/Jan/2024:15:50:36 -0500] "GET /sipse/js/funciones.js HTTP/1.1" 304 -
201.245.192.253 - - [04/Jan/2024:15:50:36 -0500] "GET /sipse/css/custom_css_sg.css HTTP/1.1" 304 -
201.245.192.253 - - [04/Jan/2024:15:50:36 -0500] "GET /sipse/faces/javax.faces.resource/layout/layout.css?ln=primefaces&v=4.0 HTTP/1.1" 304 -
201.245.192.253 - - [04/Jan/2024:15:50:36 -0500] "GET /sipse/faces/javax.faces.resource/theme.css?ln=primefaces-sipse HTTP/1.1" 304 -
201.245.192.253 - - [04/Jan/2024:15:50:36 -0500] "GET /sipse/css/custom_css_sg_prime_login.css HTTP/1.1" 304 -
201.245.192.253 - - [04/Jan/2024:15:50:36 -0500] "GET /sipse/faces/javax.faces.resource/primefaces.css?ln=primefaces&v=4.0 HTTP/1.1" 304 -
201.245.192.253 - - [04/Jan/2024:15:50:36 -0500] "GET /sipse/faces/javax.faces.resource/jquery/jquery.js?ln=primefaces&v=4.0 HTTP/1.1" 304 -
201.245.192.253 - - [04/Jan/2024:15:50:36 -0500] "GET /sipse/faces/javax.faces.resource/jquery/jquery-plugins.js?ln=primefaces&v=4.0 HTTP/1.1" 304 -
201.245.192.253 - - [04/Jan/2024:15:50:36 -0500] "GET /sipse/faces/javax.faces.resource/primefaces.js?ln=primefaces&v=4.0 HTTP/1.1" 304 -
201.245.192.253 - - [04/Jan/2024:15:50:36 -0500] "GET /sipse/faces/javax.faces.resource/layout/layout.js?ln=primefaces&v=4.0 HTTP/1.1" 304 -
201.245.192.253 - - [04/Jan/2024:15:50:36 -0500] "GET /sipse/css/imagen/logoSDG.png HTTP/1.1" 304 -
201.245.192.253 - - [04/Jan/2024:15:50:36 -0500] "GET /sipse/css/imagen/loginimg.png HTTP/1.1" 304 -
201.245.192.253 - - [04/Jan/2024:15:50:36 -0500] "GET /sipse/faces/javax.faces.resource/images/ui-icons_898989_256x240.png?ln=primefaces-aristo HTTP/1.1" 304 -
216.245.221.92 - - [04/Jan/2024:15:50:44 -0500] "HEAD / HTTP/1.1" 200 -
201.245.192.253 - - [04/Jan/2024:15:50:45 -0500] "POST /sipse/faces/autenticacion.xhtml HTTP/1.1" 200 11318
201.245.192.253 - - [04/Jan/2024:15:50:45 -0500] "GET /sipse/faces/javax.faces.resource/theme.css?ln=primefaces-sipse HTTP/1.1" 304 -
201.245.192.253 - - [04/Jan/2024:15:50:45 -0500] "GET /sipse/css/custom_css_sg_prime.css HTTP/1.1" 304 -
201.245.192.253 - - [04/Jan/2024:15:50:45 -0500] "GET /sipse/faces/javax.faces.resource/layout/layout.css?ln=primefaces&v=4.0 HTTP/1.1" 304 -
201.245.192.253 - - [04/Jan/2024:15:50:45 -0500] "GET /sipse/faces/javax.faces.resource/primefaces.css?ln=primefaces&v=4.0 HTTP/1.1" 304 -
201.245.192.253 - - [04/Jan/2024:15:50:45 -0500] "GET /sipse/faces/javax.faces.resource/jquery/jquery.js?ln=primefaces&v=4.0 HTTP/1.1" 304 -
201.245.192.253 - - [04/Jan/2024:15:50:45 -0500] "GET /sipse/faces/javax.faces.resource/jquery/jquery-plugins.js?ln=primefaces&v=4.0 HTTP/1.1" 304 -
201.245.192.253 - - [04/Jan/2024:15:50:45 -0500] "GET /sipse/faces/javax.faces.resource/primefaces.js?ln=primefaces&v=4.0 HTTP/1.1" 304 -
201.245.192.253 - - [04/Jan/2024:15:50:45 -0500] "GET /sipse/faces/javax.faces.resource/layout/layout.js?ln=primefaces&v=4.0 HTTP/1.1" 304 -
201.245.192.253 - - [04/Jan/2024:15:50:45 -0500] "GET /sipse/faces/javax.faces.resource/messages/messages.png?ln=primefaces&v=4.0 HTTP/1.1" 304 -
172.22.2.4 - - [04/Jan/2024:15:50:47 -0500] "GET /BLA/boletinlegal/actos.php HTTP/1.1" 200 9648
201.245.192.253 - - [04/Jan/2024:15:50:48 -0500] "POST /sipse/faces/presentacion/sistema/seguridad/seleccionRol.xhtml HTTP/1.1" 200 5757
201.245.192.253 - - [04/Jan/2024:15:50:48 -0500] "POST /sipse/faces/presentacion/sistema/seguridad/seleccionRol.xhtml HTTP/1.1" 200 16390
201.245.192.253 - - [04/Jan/2024:15:50:49 -0500] "GET /sipse/faces/javax.faces.resource/theme.css?ln=primefaces-sipse HTTP/1.1" 304 -
201.245.192.253 - - [04/Jan/2024:15:50:49 -0500] "GET /sipse/faces/javax.faces.resource/primefaces.css?ln=primefaces&v=4.0 HTTP/1.1" 304 -
201.245.192.253 - - [04/Jan/2024:15:50:49 -0500] "GET /sipse/faces/javax.faces.resource/layout/layout.css?ln=primefaces&v=4.0 HTTP/1.1" 304 -
201.245.192.253 - - [04/Jan/2024:15:50:49 -0500] "GET /sipse/js/jquery.min.js HTTP/1.1" 304 -
201.245.192.253 - - [04/Jan/2024:15:50:49 -0500] "GET /sipse/faces/javax.faces.resource/jquery/jquery.js?ln=primefaces&v=4.0 HTTP/1.1" 304 -
201.245.192.253 - - [04/Jan/2024:15:50:49 -0500] "GET /sipse/faces/javax.faces.resource/jquery/jquery-plugins.js?ln=primefaces&v=4.0 HTTP/1.1" 304 -
201.245.192.253 - - [04/Jan/2024:15:50:49 -0500] "GET /sipse/faces/javax.faces.resource/primefaces.js?ln=primefaces&v=4.0 HTTP/1.1" 304 -
201.245.192.253 - - [04/Jan/2024:15:50:49 -0500] "GET /sipse/faces/javax.faces.resource/layout/layout.js?ln=primefaces&v=4.0 HTTP/1.1" 304 -
201.245.192.253 - - [04/Jan/2024:15:50:49 -0500] "GET /sipse/css/v_mergente.css HTTP/1.1" 304 -
201.245.192.253 - - [04/Jan/2024:15:50:49 -0500] "GET /sipse/imagenes/cargando.gif HTTP/1.1" 304 -
201.245.192.253 - - [04/Jan/2024:15:50:49 -0500] "GET /sipse/imagenes/logoAplicacion.jpg HTTP/1.1" 304 -
201.245.192.253 - - [04/Jan/2024:15:50:49 -0500] "GET /sipse/css/imagen/contrasena.png HTTP/1.1" 404 383
201.245.192.253 - - [04/Jan/2024:15:50:50 -0500] "GET /sipse/faces/javax.faces.resource/images/ui-bg_flat_0_2d5972_40x100.png?ln=primefaces-aristo HTTP/1.1" 304 -
201.245.192.253 - - [04/Jan/2024:15:50:50 -0500] "POST /sipse/faces/bienvenido.xhtml HTTP/1.1" 200 2658
201.245.192.253 - - [04/Jan/2024:15:50:50 -0500] "POST /sipse/faces/bienvenido.xhtml HTTP/1.1" 200 33086
201.245.192.253 - - [04/Jan/2024:15:50:51 -0500] "GET /sipse/faces/javax.faces.resource/primefaces.css?ln=primefaces&v=4.0 HTTP/1.1" 304 -
201.245.192.253 - - [04/Jan/2024:15:50:51 -0500] "GET /sipse/faces/javax.faces.resource/theme.css?ln=primefaces-sipse HTTP/1.1" 304 -
201.245.192.253 - - [04/Jan/2024:15:50:51 -0500] "GET /sipse/faces/javax.faces.resource/layout/layout.css?ln=primefaces&v=4.0 HTTP/1.1" 304 -
201.245.192.253 - - [04/Jan/2024:15:50:51 -0500] "GET /sipse/faces/javax.faces.resource/jquery/jquery.js?ln=primefaces&v=4.0 HTTP/1.1" 304 -
201.245.192.253 - - [04/Jan/2024:15:50:51 -0500] "GET /sipse/faces/javax.faces.resource/jquery/jquery-plugins.js?ln=primefaces&v=4.0 HTTP/1.1" 304 -
201.245.192.253 - - [04/Jan/2024:15:50:51 -0500] "GET /sipse/faces/javax.faces.resource/primefaces.js?ln=primefaces&v=4.0 HTTP/1.1" 304 -
201.245.192.253 - - [04/Jan/2024:15:50:51 -0500] "GET /sipse/faces/javax.faces.resource/layout/layout.js?ln=primefaces&v=4.0 HTTP/1.1" 304 -
