191.95.54.246 - - [04/Jan/2024:10:52:39 -0500] "GET /sipse/css/imagen/loginimg.png HTTP/1.1" 304 -
191.95.54.246 - - [04/Jan/2024:10:52:39 -0500] "GET /sipse/css/imagen/logoSDG.png HTTP/1.1" 304 -
191.95.54.246 - - [04/Jan/2024:10:52:39 -0500] "GET /sipse/faces/javax.faces.resource/images/ui-icons_898989_256x240.png?ln=primefaces-aristo HTTP/1.1" 304 -
191.95.25.9 - - [04/Jan/2024:10:52:41 -0500] "POST /sipse/faces/presentacion/financiero/solicitudProceso/consultar.xhtml HTTP/1.1" 200 12697
191.95.54.246 - - [04/Jan/2024:10:52:42 -0500] "POST /sipse/faces/autenticacion.xhtml HTTP/1.1" 200 2221
191.95.54.246 - - [04/Jan/2024:10:52:42 -0500] "GET /sipse/faces/javax.faces.resource/messages/messages.png?ln=primefaces&v=4.0 HTTP/1.1" 304 -
191.95.54.246 - - [04/Jan/2024:10:52:43 -0500] "POST /sipse/faces/autenticacion.xhtml HTTP/1.1" 200 16378
191.95.54.246 - - [04/Jan/2024:10:52:43 -0500] "GET /sipse/css/custom_css_sg_prime.css HTTP/1.1" 304 -
191.95.54.246 - - [04/Jan/2024:10:52:43 -0500] "GET /sipse/faces/javax.faces.resource/theme.css?ln=primefaces-sipse HTTP/1.1" 304 -
191.95.54.246 - - [04/Jan/2024:10:52:43 -0500] "GET /sipse/faces/javax.faces.resource/layout/layout.css?ln=primefaces&v=4.0 HTTP/1.1" 304 -
191.95.54.246 - - [04/Jan/2024:10:52:43 -0500] "GET /sipse/faces/javax.faces.resource/primefaces.css?ln=primefaces&v=4.0 HTTP/1.1" 304 -
191.95.54.246 - - [04/Jan/2024:10:52:43 -0500] "GET /sipse/js/jquery.min.js HTTP/1.1" 304 -
191.95.54.246 - - [04/Jan/2024:10:52:43 -0500] "GET /sipse/faces/javax.faces.resource/jquery/jquery.js?ln=primefaces&v=4.0 HTTP/1.1" 304 -
191.95.54.246 - - [04/Jan/2024:10:52:43 -0500] "GET /sipse/faces/javax.faces.resource/jquery/jquery-plugins.js?ln=primefaces&v=4.0 HTTP/1.1" 304 -
191.95.54.246 - - [04/Jan/2024:10:52:44 -0500] "GET /sipse/faces/javax.faces.resource/primefaces.js?ln=primefaces&v=4.0 HTTP/1.1" 304 -
191.95.54.246 - - [04/Jan/2024:10:52:44 -0500] "GET /sipse/faces/javax.faces.resource/layout/layout.js?ln=primefaces&v=4.0 HTTP/1.1" 304 -
191.95.54.246 - - [04/Jan/2024:10:52:44 -0500] "GET /sipse/css/v_mergente.css HTTP/1.1" 304 -
191.95.54.246 - - [04/Jan/2024:10:52:44 -0500] "GET /sipse/css/imagen/contrasena.png HTTP/1.1" 404 383
191.95.54.246 - - [04/Jan/2024:10:52:44 -0500] "GET /sipse/imagenes/cargando.gif HTTP/1.1" 304 -
191.95.54.246 - - [04/Jan/2024:10:52:44 -0500] "GET /sipse/imagenes/logoAplicacion.jpg HTTP/1.1" 304 -
191.95.54.246 - - [04/Jan/2024:10:52:46 -0500] "GET /sipse/faces/javax.faces.resource/images/ui-bg_flat_0_2d5972_40x100.png?ln=primefaces-aristo HTTP/1.1" 304 -
191.95.54.246 - - [04/Jan/2024:10:52:46 -0500] "POST /sipse/faces/bienvenido.xhtml HTTP/1.1" 200 2658
172.22.2.4 - - [04/Jan/2024:10:51:07 -0500] "GET /BLA/boletinlegal/ HTTP/1.1" 200 58969
191.95.54.246 - - [04/Jan/2024:10:52:46 -0500] "POST /sipse/faces/bienvenido.xhtml HTTP/1.1" 200 64068
191.95.54.246 - - [04/Jan/2024:10:52:48 -0500] "GET /sipse/faces/javax.faces.resource/theme.css?ln=primefaces-sipse HTTP/1.1" 304 -
191.95.54.246 - - [04/Jan/2024:10:52:48 -0500] "GET /sipse/faces/javax.faces.resource/primefaces.css?ln=primefaces&v=4.0 HTTP/1.1" 304 -
191.95.54.246 - - [04/Jan/2024:10:52:48 -0500] "GET /sipse/faces/javax.faces.resource/layout/layout.css?ln=primefaces&v=4.0 HTTP/1.1" 304 -
191.95.54.246 - - [04/Jan/2024:10:52:48 -0500] "GET /sipse/faces/javax.faces.resource/jquery/jquery.js?ln=primefaces&v=4.0 HTTP/1.1" 304 -
191.95.54.246 - - [04/Jan/2024:10:52:48 -0500] "GET /sipse/faces/javax.faces.resource/jquery/jquery-plugins.js?ln=primefaces&v=4.0 HTTP/1.1" 304 -
201.245.192.253 - - [04/Jan/2024:10:52:48 -0500] "POST /sipse/faces/presentacion/financiero/solicitudProceso/consultarSolicitudProceso.xhtml HTTP/1.1" 200 42158
191.95.54.246 - - [04/Jan/2024:10:52:48 -0500] "GET /sipse/faces/javax.faces.resource/primefaces.js?ln=primefaces&v=4.0 HTTP/1.1" 304 -
201.245.192.253 - - [04/Jan/2024:10:52:48 -0500] "GET /sipse/faces/javax.faces.resource/theme.css?ln=primefaces-sipse HTTP/1.1" 304 -
201.245.192.253 - - [04/Jan/2024:10:52:48 -0500] "GET /sipse/faces/javax.faces.resource/jquery/jquery.js?ln=primefaces&v=4.0 HTTP/1.1" 304 -
201.245.192.253 - - [04/Jan/2024:10:52:48 -0500] "GET /sipse/faces/javax.faces.resource/primefaces.css?ln=primefaces&v=4.0 HTTP/1.1" 304 -
201.245.192.253 - - [04/Jan/2024:10:52:48 -0500] "GET /sipse/faces/javax.faces.resource/layout/layout.css?ln=primefaces&v=4.0 HTTP/1.1" 304 -
201.245.192.253 - - [04/Jan/2024:10:52:48 -0500] "GET /sipse/faces/javax.faces.resource/jquery/jquery-plugins.js?ln=primefaces&v=4.0 HTTP/1.1" 304 -
201.245.192.253 - - [04/Jan/2024:10:52:48 -0500] "GET /sipse/css/imagen/contrasena.png HTTP/1.1" 404 383
201.245.192.253 - - [04/Jan/2024:10:52:48 -0500] "GET /sipse/faces/javax.faces.resource/primefaces.js?ln=primefaces&v=4.0 HTTP/1.1" 304 -
201.245.192.253 - - [04/Jan/2024:10:52:48 -0500] "GET /sipse/faces/javax.faces.resource/layout/layout.js?ln=primefaces&v=4.0 HTTP/1.1" 304 -
201.245.192.253 - - [04/Jan/2024:10:52:48 -0500] "POST /sipse/faces/presentacion/financiero/solicitudProceso/consultar.xhtml HTTP/1.1" 200 35519
201.245.192.253 - - [04/Jan/2024:10:52:48 -0500] "POST /sipse/faces/presentacion/financiero/solicitudProceso/consultar.xhtml HTTP/1.1" 200 35519
191.95.54.246 - - [04/Jan/2024:10:52:49 -0500] "GET /sipse/faces/javax.faces.resource/layout/layout.js?ln=primefaces&v=4.0 HTTP/1.1" 304 -
191.95.54.246 - - [04/Jan/2024:10:52:49 -0500] "POST /sipse/faces/presentacion/financiero/solicitudProceso/listarSolicitudProceso.xhtml HTTP/1.1" 200 1556
191.95.25.9 - - [04/Jan/2024:10:52:51 -0500] "POST /sipse/faces/presentacion/financiero/solicitudProceso/consultar.xhtml HTTP/1.1" 200 12799
156.59.198.135 - - [04/Jan/2024:10:52:52 -0500] "GET /BLA/resoluciones/AUTOS%202022/5749.pdf HTTP/1.0" 200 369337
201.245.192.253 - - [04/Jan/2024:10:52:52 -0500] "POST /sipse/faces/presentacion/financiero/solicitudProceso/consultar.xhtml HTTP/1.1" 200 12915
191.95.54.246 - - [04/Jan/2024:10:52:51 -0500] "POST /sipse/faces/presentacion/financiero/solicitudProceso/listarSolicitudProceso.xhtml HTTP/1.1" 200 46422
191.95.54.246 - - [04/Jan/2024:10:52:53 -0500] "POST /sipse/faces/presentacion/financiero/solicitudProceso/listarSolicitudProceso.xhtml HTTP/1.1" 200 1560
131.72.137.226 - - [04/Jan/2024:10:52:37 -0500] "GET /BLA/boletinlegal/admin/ HTTP/1.1" 200 5476
131.72.137.226 - - [04/Jan/2024:10:52:54 -0500] "GET /BLA/boletinlegal/admin/index_files/index_files/tback.gif HTTP/1.1" 404 1334
191.95.54.246 - - [04/Jan/2024:10:52:54 -0500] "POST /sipse/faces/presentacion/financiero/solicitudProceso/listarSolicitudProceso.xhtml HTTP/1.1" 200 19760
201.245.192.253 - - [04/Jan/2024:10:52:54 -0500] "POST /sipse/faces/presentacion/financiero/solicitudProceso/consultar.xhtml HTTP/1.1" 200 149436
201.245.192.253 - - [04/Jan/2024:10:52:54 -0500] "GET /sipse/faces/javax.faces.resource/theme.css?ln=primefaces-sipse HTTP/1.1" 304 -
201.245.192.253 - - [04/Jan/2024:10:52:54 -0500] "GET /sipse/faces/javax.faces.resource/layout/layout.css?ln=primefaces&v=4.0 HTTP/1.1" 304 -
201.245.192.253 - - [04/Jan/2024:10:52:54 -0500] "GET /sipse/faces/javax.faces.resource/primefaces.css?ln=primefaces&v=4.0 HTTP/1.1" 304 -
201.245.192.253 - - [04/Jan/2024:10:52:54 -0500] "GET /sipse/faces/javax.faces.resource/jquery/jquery.js?ln=primefaces&v=4.0 HTTP/1.1" 304 -
201.245.192.253 - - [04/Jan/2024:10:52:54 -0500] "GET /sipse/faces/javax.faces.resource/jquery/jquery-plugins.js?ln=primefaces&v=4.0 HTTP/1.1" 304 -
201.245.192.253 - - [04/Jan/2024:10:52:54 -0500] "GET /sipse/faces/javax.faces.resource/primefaces.js?ln=primefaces&v=4.0 HTTP/1.1" 304 -
201.245.192.253 - - [04/Jan/2024:10:52:54 -0500] "GET /sipse/faces/javax.faces.resource/layout/layout.js?ln=primefaces&v=4.0 HTTP/1.1" 304 -
201.245.192.253 - - [04/Jan/2024:10:52:54 -0500] "GET /sipse/css/imagen/contrasena.png HTTP/1.1" 404 383
191.95.54.246 - - [04/Jan/2024:10:52:54 -0500] "POST /sipse/faces/presentacion/financiero/solicitudProceso/listarSolicitudProceso.xhtml HTTP/1.1" 200 31758
191.95.25.9 - - [04/Jan/2024:10:52:58 -0500] "POST /sipse/faces/presentacion/financiero/solicitudProceso/consultar.xhtml HTTP/1.1" 200 13004
201.245.192.253 - - [04/Jan/2024:10:53:00 -0500] "POST /sipse/faces/presentacion/financiero/solicitudProceso/consultarSolicitudProceso.xhtml HTTP/1.1" 200 86066
191.95.25.9 - - [04/Jan/2024:10:53:05 -0500] "POST /sipse/faces/presentacion/financiero/solicitudProceso/consultar.xhtml HTTP/1.1" 200 12791
200.118.80.70 - - [04/Jan/2024:10:53:14 -0500] "GET /appsia/controlador HTTP/1.1" 200 4799
200.118.80.70 - - [04/Jan/2024:10:53:15 -0500] "GET /appsia/css/estilos.css HTTP/1.1" 200 4804
200.118.80.70 - - [04/Jan/2024:10:53:15 -0500] "GET /appsia/scripts/validarIngreso.js HTTP/1.1" 200 851
200.118.80.70 - - [04/Jan/2024:10:53:15 -0500] "GET /appsia/images/cabezoteHojaVida.png HTTP/1.1" 200 32493
200.118.80.70 - - [04/Jan/2024:10:53:15 -0500] "GET /appsia/images/logo_bogota_p.png HTTP/1.1" 200 14951
200.118.80.70 - - [04/Jan/2024:10:53:15 -0500] "GET /favicon.ico HTTP/1.1" 200 7782
191.95.25.9 - - [04/Jan/2024:10:53:15 -0500] "POST /sipse/faces/presentacion/financiero/solicitudProceso/consultar.xhtml HTTP/1.1" 200 12883
131.72.137.226 - - [04/Jan/2024:10:52:59 -0500] "GET /BLA/boletinlegal/admin/ HTTP/1.1" 200 5476
131.72.137.226 - - [04/Jan/2024:10:53:16 -0500] "GET /BLA/boletinlegal/admin/index_files/index_files/tback.gif HTTP/1.1" 404 1334
131.72.137.226 - - [04/Jan/2024:10:53:16 -0500] "GET /BLA/boletinlegal/admin/userinfo.php?user=nluna HTTP/1.1" 404 1292
156.59.198.135 - - [04/Jan/2024:10:53:16 -0500] "GET /BLA/resoluciones/AUTOS%202022/6836.pdf HTTP/1.0" 200 394124
131.72.137.226 - - [04/Jan/2024:10:53:23 -0500] "GET /BLA/boletinlegal/admin/usuarios/process.php HTTP/1.1" 302 -
131.72.137.226 - - [04/Jan/2024:10:53:24 -0500] "GET /BLA/boletinlegal/admin/index.php HTTP/1.1" 200 2324
191.95.25.9 - - [04/Jan/2024:10:53:25 -0500] "POST /sipse/faces/presentacion/financiero/solicitudProceso/consultar.xhtml HTTP/1.1" 200 12755
131.72.137.226 - - [04/Jan/2024:10:53:33 -0500] "POST /BLA/boletinlegal/admin/usuarios/process.php HTTP/1.1" 302 -
191.95.25.9 - - [04/Jan/2024:10:53:36 -0500] "POST /sipse/faces/presentacion/financiero/solicitudProceso/consultar.xhtml HTTP/1.1" 200 12825
156.59.198.135 - - [04/Jan/2024:10:53:40 -0500] "GET /BLA/resoluciones/AUTOS%202022/4245.pdf HTTP/1.0" 200 399843
191.95.25.9 - - [04/Jan/2024:10:53:48 -0500] "POST /sipse/faces/presentacion/financiero/solicitudProceso/consultar.xhtml HTTP/1.1" 200 12924
131.72.137.226 - - [04/Jan/2024:10:53:33 -0500] "GET /BLA/boletinlegal/admin/index.php HTTP/1.1" 200 5690
131.72.137.226 - - [04/Jan/2024:10:53:53 -0500] "GET /BLA/boletinlegal/admin/actos/ingresar.php HTTP/1.1" 200 7210
191.95.25.9 - - [04/Jan/2024:10:53:59 -0500] "POST /sipse/faces/presentacion/financiero/solicitudProceso/consultar.xhtml HTTP/1.1" 200 12877
200.118.80.70 - - [04/Jan/2024:10:54:03 -0500] "POST /appsia/controlador HTTP/1.1" 200 5437
156.59.198.135 - - [04/Jan/2024:10:54:04 -0500] "GET /BLA/resoluciones/AUTOS%202022/8369.pdf HTTP/1.0" 200 385628
191.95.25.9 - - [04/Jan/2024:10:54:08 -0500] "POST /sipse/faces/presentacion/financiero/solicitudProceso/consultar.xhtml HTTP/1.1" 200 12747
200.118.80.70 - - [04/Jan/2024:10:54:10 -0500] "POST /appsia/controlador HTTP/1.1" 200 7726
200.118.80.70 - - [04/Jan/2024:10:54:10 -0500] "GET /appsia/images/logo_escudo.png HTTP/1.1" 200 36965
191.95.25.9 - - [04/Jan/2024:10:54:18 -0500] "POST /sipse/faces/presentacion/financiero/solicitudProceso/consultar.xhtml HTTP/1.1" 200 12751
191.95.25.9 - - [04/Jan/2024:10:54:27 -0500] "POST /sipse/faces/presentacion/financiero/solicitudProceso/consultar.xhtml HTTP/1.1" 200 12785
156.59.198.135 - - [04/Jan/2024:10:54:29 -0500] "GET /BLA/resoluciones/AUTOS%202022/5618.pdf HTTP/1.0" 200 380630
172.22.2.4 - - [04/Jan/2024:10:54:30 -0500] "GET /BLA/boletinlegal/Circulares/2023/CIRCULAR%20No.%2000009%20DEL%2010%20DE%20OCTUBRE%20DEL%202023.pdf HTTP/1.1" 200 529599
172.22.2.4 - - [04/Jan/2024:10:54:30 -0500] "GET /BLA/boletinlegal/favicon.ico HTTP/1.1" 404 1502
191.95.25.9 - - [04/Jan/2024:10:54:35 -0500] "POST /sipse/faces/presentacion/financiero/solicitudProceso/consultar.xhtml HTTP/1.1" 200 12839
191.95.25.9 - - [04/Jan/2024:10:54:48 -0500] "POST /sipse/faces/presentacion/financiero/solicitudProceso/consultar.xhtml HTTP/1.1" 200 12756
156.59.198.135 - - [04/Jan/2024:10:54:53 -0500] "GET /BLA/resoluciones/AUTOS%202022/5741.pdf HTTP/1.0" 200 369923
191.95.25.9 - - [04/Jan/2024:10:54:56 -0500] "POST /sipse/faces/presentacion/financiero/solicitudProceso/consultar.xhtml HTTP/1.1" 200 12909
172.22.2.4 - - [04/Jan/2024:10:55:04 -0500] "GET /BLA/boletinlegal/consulta_actos.php?tipo=resoluciones&no=208&usuario=&sector=&fecha=2020&resuelve= HTTP/1.1" 200 2202
172.22.2.4 - - [04/Jan/2024:10:55:04 -0500] "GET /BLA/boletinlegal/images/background.gif HTTP/1.1" 200 -
131.72.137.226 - - [04/Jan/2024:10:55:04 -0500] "POST /BLA/boletinlegal/admin/actos/ingresar.php HTTP/1.1" 200 2103
191.95.25.9 - - [04/Jan/2024:10:55:04 -0500] "POST /sipse/faces/presentacion/financiero/solicitudProceso/consultar.xhtml HTTP/1.1" 200 12705
131.72.137.226 - - [04/Jan/2024:10:55:06 -0500] "GET /BLA/boletinlegal/admin/actos/ingresar.php HTTP/1.1" 200 7210
201.245.192.253 - - [04/Jan/2024:10:55:10 -0500] "GET /BLA/resoluciones/RESOLUCIONES%202020/0208.pdf HTTP/1.1" 200 666541
191.95.25.9 - - [04/Jan/2024:10:55:13 -0500] "POST /sipse/faces/presentacion/financiero/solicitudProceso/consultar.xhtml HTTP/1.1" 200 12873
131.72.137.226 - - [04/Jan/2024:10:55:16 -0500] "GET /BLA/boletinlegal/admin/actos/ingresar.php HTTP/1.1" 200 7210
156.59.198.135 - - [04/Jan/2024:10:55:17 -0500] "GET /BLA/resoluciones/Notificaciones/REGISTROS%200216/01379.pdf HTTP/1.0" 200 593391
191.95.25.9 - - [04/Jan/2024:10:55:24 -0500] "POST /sipse/faces/presentacion/financiero/solicitudProceso/consultar.xhtml HTTP/1.1" 200 12865
201.245.192.253 - - [04/Jan/2024:10:55:28 -0500] "POST /kwsrmcab/Wsrmcab  HTTP/1.1" 200 36937
191.95.25.9 - - [04/Jan/2024:10:55:34 -0500] "POST /sipse/faces/presentacion/financiero/solicitudProceso/consultar.xhtml HTTP/1.1" 200 12727
131.72.137.226 - - [04/Jan/2024:10:55:19 -0500] "GET /BLA/boletinlegal/admin/index.php HTTP/1.1" 200 5690
156.59.198.135 - - [04/Jan/2024:10:55:42 -0500] "GET /BLA/resoluciones/Notificaciones/REGISTROS%200216/01367.pdf HTTP/1.0" 200 592592
191.95.25.9 - - [04/Jan/2024:10:55:42 -0500] "POST /sipse/faces/presentacion/financiero/solicitudProceso/consultar.xhtml HTTP/1.1" 200 12804
216.245.221.92 - - [04/Jan/2024:10:55:45 -0500] "HEAD / HTTP/1.1" 200 -
131.72.137.226 - - [04/Jan/2024:10:55:19 -0500] "GET /BLA/boletinlegal/admin/index.php HTTP/1.1" 200 5690
191.95.25.9 - - [04/Jan/2024:10:55:52 -0500] "POST /sipse/faces/presentacion/financiero/solicitudProceso/consultar.xhtml HTTP/1.1" 200 12867
191.95.25.9 - - [04/Jan/2024:10:56:00 -0500] "POST /sipse/faces/presentacion/financiero/solicitudProceso/consultar.xhtml HTTP/1.1" 200 12898
156.59.198.135 - - [04/Jan/2024:10:56:06 -0500] "GET /BLA/resoluciones/AUTOS%202022/7072.pdf HTTP/1.0" 200 390918
191.95.25.9 - - [04/Jan/2024:10:56:08 -0500] "POST /sipse/faces/presentacion/financiero/solicitudProceso/consultar.xhtml HTTP/1.1" 200 12811
191.95.25.9 - - [04/Jan/2024:10:56:22 -0500] "POST /sipse/faces/presentacion/financiero/solicitudProceso/consultar.xhtml HTTP/1.1" 200 12729
191.95.25.9 - - [04/Jan/2024:10:56:30 -0500] "POST /sipse/faces/presentacion/financiero/solicitudProceso/consultar.xhtml HTTP/1.1" 200 12802
156.59.198.135 - - [04/Jan/2024:10:56:32 -0500] "GET /BLA/resoluciones/AUTOS%202022/0577.pdf HTTP/1.0" 200 371263
191.95.25.9 - - [04/Jan/2024:10:56:40 -0500] "POST /sipse/faces/presentacion/financiero/solicitudProceso/consultar.xhtml HTTP/1.1" 200 12777
179.19.105.5 - - [04/Jan/2024:10:56:48 -0500] "POST /sipse/faces/presentacion/financiero/solicitudProceso/consultarSolicitudProceso.xhtml HTTP/1.1" 200 43850
191.95.25.9 - - [04/Jan/2024:10:56:48 -0500] "POST /sipse/faces/presentacion/financiero/solicitudProceso/consultar.xhtml HTTP/1.1" 200 12750
179.19.105.5 - - [04/Jan/2024:10:56:49 -0500] "GET /sipse/faces/javax.faces.resource/theme.css?ln=primefaces-sipse HTTP/1.1" 304 -
179.19.105.5 - - [04/Jan/2024:10:56:49 -0500] "GET /sipse/faces/javax.faces.resource/jquery/jquery.js?ln=primefaces&v=4.0 HTTP/1.1" 304 -
179.19.105.5 - - [04/Jan/2024:10:56:49 -0500] "GET /sipse/faces/javax.faces.resource/primefaces.css?ln=primefaces&v=4.0 HTTP/1.1" 304 -
179.19.105.5 - - [04/Jan/2024:10:56:49 -0500] "GET /sipse/faces/javax.faces.resource/layout/layout.css?ln=primefaces&v=4.0 HTTP/1.1" 304 -
179.19.105.5 - - [04/Jan/2024:10:56:49 -0500] "GET /sipse/faces/javax.faces.resource/jquery/jquery-plugins.js?ln=primefaces&v=4.0 HTTP/1.1" 304 -
179.19.105.5 - - [04/Jan/2024:10:56:50 -0500] "GET /sipse/faces/javax.faces.resource/primefaces.js?ln=primefaces&v=4.0 HTTP/1.1" 304 -
179.19.105.5 - - [04/Jan/2024:10:56:50 -0500] "GET /sipse/faces/javax.faces.resource/layout/layout.js?ln=primefaces&v=4.0 HTTP/1.1" 304 -
179.19.105.5 - - [04/Jan/2024:10:56:51 -0500] "POST /sipse/faces/presentacion/financiero/solicitudProceso/consultar.xhtml HTTP/1.1" 200 37212
179.19.105.5 - - [04/Jan/2024:10:56:53 -0500] "POST /sipse/faces/presentacion/financiero/solicitudProceso/consultar.xhtml HTTP/1.1" 200 37212
179.19.105.5 - - [04/Jan/2024:10:56:53 -0500] "POST /sipse/faces/presentacion/financiero/solicitudProceso/consultar.xhtml HTTP/1.1" 200 37212
179.19.105.5 - - [04/Jan/2024:10:56:55 -0500] "POST /sipse/faces/presentacion/financiero/solicitudProceso/consultar.xhtml HTTP/1.1" 200 37212
179.19.105.5 - - [04/Jan/2024:10:56:55 -0500] "POST /sipse/faces/presentacion/financiero/solicitudProceso/consultar.xhtml HTTP/1.1" 200 37212
156.59.198.136 - - [04/Jan/2024:10:56:55 -0500] "GET /BLA/resoluciones/AUTOS%202022/0485.pdf HTTP/1.0" 200 418803
200.118.145.137 - - [04/Jan/2024:10:56:56 -0500] "GET /BLA/resoluciones/index.php?dir= HTTP/1.1" 200 13696
200.118.145.137 - - [04/Jan/2024:10:56:56 -0500] "GET /favicon.ico HTTP/1.1" 200 7782
186.31.150.99 - - [04/Jan/2024:10:56:57 -0500] "GET /appsia/controlador HTTP/1.1" 200 4799
179.19.105.5 - - [04/Jan/2024:10:56:57 -0500] "POST /sipse/faces/presentacion/financiero/solicitudProceso/consultar.xhtml HTTP/1.1" 200 37212
191.95.25.9 - - [04/Jan/2024:10:56:58 -0500] "POST /sipse/faces/presentacion/financiero/solicitudProceso/consultar.xhtml HTTP/1.1" 200 12842
191.95.25.9 - - [04/Jan/2024:10:57:08 -0500] "POST /sipse/faces/presentacion/financiero/solicitudProceso/consultar.xhtml HTTP/1.1" 200 12752
186.31.150.99 - - [04/Jan/2024:10:57:15 -0500] "POST /appsia/controlador HTTP/1.1" 200 3597
186.31.150.99 - - [04/Jan/2024:10:57:15 -0500] "GET /appsia/jscripts/validarSolicitud.js HTTP/1.1" 404 68
200.118.145.137 - - [04/Jan/2024:10:57:15 -0500] "GET /BLA/resoluciones/index.php?dir=AUTOS+2021%2F HTTP/1.1" 200 399364
47.128.18.130 - - [04/Jan/2024:10:57:22 -0500] "GET /robots.txt HTTP/1.1" 404 1018
186.31.150.99 - - [04/Jan/2024:10:57:30 -0500] "POST /appsia/controlador HTTP/1.1" 200 4799
172.22.2.4 - - [04/Jan/2024:10:56:06 -0500] "HEAD /BLA/boletinlegal/ HTTP/1.1" 200 -
186.31.150.99 - - [04/Jan/2024:10:57:46 -0500] "POST /appsia/controlador HTTP/1.1" 200 3597
186.31.150.99 - - [04/Jan/2024:10:57:46 -0500] "GET /appsia/jscripts/validarSolicitud.js HTTP/1.1" 404 68
47.128.51.17 - - [04/Jan/2024:10:57:45 -0500] "GET /BLA/resoluciones/index.php?dir=RESOLUCIONES%202002%2FRES%202002%201501-1550%2F&order=asc&sort=size HTTP/1.1" 200 12147
47.128.51.17 - - [04/Jan/2024:10:57:46 -0500] "GET /BLA/resoluciones/dlf/styles.css HTTP/1.1" 200 3049
47.128.51.17 - - [04/Jan/2024:10:57:47 -0500] "GET /BLA/resoluciones/dlf/dirup.png HTTP/1.1" 200 644
47.128.51.17 - - [04/Jan/2024:10:57:47 -0500] "GET /BLA/resoluciones/dlf/unknown.png HTTP/1.1" 200 266
47.128.113.11 - - [04/Jan/2024:10:58:09 -0500] "GET /BLA/resoluciones/index.php?dir=RESOLUCIONES+2003%2FRES+2003+051-100%2F HTTP/1.1" 200 11998
47.128.113.11 - - [04/Jan/2024:10:58:10 -0500] "GET /BLA/resoluciones/dlf/dirup.png HTTP/1.1" 200 644
47.128.113.11 - - [04/Jan/2024:10:58:10 -0500] "GET /BLA/resoluciones/dlf/unknown.png HTTP/1.1" 200 266
216.244.66.195 - - [04/Jan/2024:10:58:35 -0500] "GET /robots.txt HTTP/1.1" 404 1018
47.128.116.128 - - [04/Jan/2024:10:58:35 -0500] "GET /BLA/resoluciones/index.php?dir=RESOLUCIONES%202006%2FRES%202006%2051-100%2F&order=asc&sort=date HTTP/1.1" 200 11996
47.128.116.128 - - [04/Jan/2024:10:58:36 -0500] "GET /BLA/resoluciones/dlf/dirup.png HTTP/1.1" 200 644
47.128.116.128 - - [04/Jan/2024:10:58:36 -0500] "GET /BLA/resoluciones/dlf/unknown.png HTTP/1.1" 200 266
172.22.2.4 - - [04/Jan/2024:10:56:56 -0500] "GET /BLA/boletinlegal/ HTTP/1.1" 200 58567
181.56.171.197 - - [04/Jan/2024:10:58:54 -0500] "POST /sipse/faces/presentacion/financiero/solicitudProceso/consultarSolicitudProceso.xhtml HTTP/1.1" 200 43867
181.56.171.197 - - [04/Jan/2024:10:58:55 -0500] "GET /sipse/faces/javax.faces.resource/theme.css?ln=primefaces-sipse HTTP/1.1" 304 -
181.56.171.197 - - [04/Jan/2024:10:58:55 -0500] "GET /sipse/faces/javax.faces.resource/primefaces.css?ln=primefaces&v=4.0 HTTP/1.1" 304 -
181.56.171.197 - - [04/Jan/2024:10:58:55 -0500] "GET /sipse/faces/javax.faces.resource/jquery/jquery.js?ln=primefaces&v=4.0 HTTP/1.1" 304 -
181.56.171.197 - - [04/Jan/2024:10:58:55 -0500] "GET /sipse/faces/javax.faces.resource/layout/layout.css?ln=primefaces&v=4.0 HTTP/1.1" 304 -
181.56.171.197 - - [04/Jan/2024:10:58:55 -0500] "GET /sipse/faces/javax.faces.resource/jquery/jquery-plugins.js?ln=primefaces&v=4.0 HTTP/1.1" 304 -
181.56.171.197 - - [04/Jan/2024:10:58:55 -0500] "GET /sipse/faces/javax.faces.resource/primefaces.js?ln=primefaces&v=4.0 HTTP/1.1" 304 -
181.56.171.197 - - [04/Jan/2024:10:58:55 -0500] "GET /sipse/faces/javax.faces.resource/layout/layout.js?ln=primefaces&v=4.0 HTTP/1.1" 304 -
181.56.171.197 - - [04/Jan/2024:10:58:55 -0500] "POST /sipse/faces/presentacion/financiero/solicitudProceso/consultar.xhtml HTTP/1.1" 200 37231
181.56.171.197 - - [04/Jan/2024:10:58:55 -0500] "GET /sipse/css/imagen/contrasena.png HTTP/1.1" 404 383
181.56.171.197 - - [04/Jan/2024:10:58:55 -0500] "POST /sipse/faces/presentacion/financiero/solicitudProceso/consultar.xhtml HTTP/1.1" 200 37231
181.56.171.197 - - [04/Jan/2024:10:58:55 -0500] "POST /sipse/faces/presentacion/financiero/solicitudProceso/consultar.xhtml HTTP/1.1" 200 37231
181.56.171.197 - - [04/Jan/2024:10:58:55 -0500] "POST /sipse/faces/presentacion/financiero/solicitudProceso/consultar.xhtml HTTP/1.1" 200 37231
181.56.171.197 - - [04/Jan/2024:10:58:55 -0500] "POST /sipse/faces/presentacion/financiero/solicitudProceso/consultar.xhtml HTTP/1.1" 200 37231
47.128.62.64 - - [04/Jan/2024:10:59:09 -0500] "GET /BLA/resoluciones/index.php?dir=RESOLUCIONES%202003%2FRES%202003%201451-1500%2F&order=asc&sort=date HTTP/1.1" 200 12159
47.128.62.64 - - [04/Jan/2024:10:59:10 -0500] "GET /BLA/resoluciones/dlf/dirup.png HTTP/1.1" 200 644
47.128.62.64 - - [04/Jan/2024:10:59:10 -0500] "GET /BLA/resoluciones/dlf/unknown.png HTTP/1.1" 200 266
179.19.105.5 - - [04/Jan/2024:10:59:20 -0500] "POST /sipse/faces/presentacion/financiero/solicitudProceso/consultar.xhtml HTTP/1.1" 200 12904
179.19.105.5 - - [04/Jan/2024:10:59:24 -0500] "POST /sipse/faces/presentacion/financiero/solicitudProceso/consultar.xhtml HTTP/1.1" 200 156744
179.19.105.5 - - [04/Jan/2024:10:59:26 -0500] "GET /sipse/faces/javax.faces.resource/primefaces.css?ln=primefaces&v=4.0 HTTP/1.1" 304 -
179.19.105.5 - - [04/Jan/2024:10:59:26 -0500] "GET /sipse/faces/javax.faces.resource/theme.css?ln=primefaces-sipse HTTP/1.1" 304 -
179.19.105.5 - - [04/Jan/2024:10:59:26 -0500] "GET /sipse/faces/javax.faces.resource/layout/layout.css?ln=primefaces&v=4.0 HTTP/1.1" 304 -
179.19.105.5 - - [04/Jan/2024:10:59:27 -0500] "GET /sipse/faces/javax.faces.resource/jquery/jquery.js?ln=primefaces&v=4.0 HTTP/1.1" 304 -
179.19.105.5 - - [04/Jan/2024:10:59:27 -0500] "GET /sipse/faces/javax.faces.resource/jquery/jquery-plugins.js?ln=primefaces&v=4.0 HTTP/1.1" 304 -
179.19.105.5 - - [04/Jan/2024:10:59:27 -0500] "GET /sipse/faces/javax.faces.resource/primefaces.js?ln=primefaces&v=4.0 HTTP/1.1" 304 -
179.19.105.5 - - [04/Jan/2024:10:59:27 -0500] "GET /sipse/faces/javax.faces.resource/layout/layout.js?ln=primefaces&v=4.0 HTTP/1.1" 304 -
179.19.105.5 - - [04/Jan/2024:10:59:38 -0500] "POST /sipse/faces/presentacion/financiero/solicitudProceso/consultarSolicitudProceso.xhtml HTTP/1.1" 200 79235
47.128.43.186 - - [04/Jan/2024:10:59:52 -0500] "GET /BLA/resoluciones/index.php?dir=RESOLUCIONES%202005%2FRES%202005%202451-2500%2F&order=asc&sort=size HTTP/1.1" 200 12370
47.128.43.186 - - [04/Jan/2024:10:59:53 -0500] "GET /BLA/resoluciones/dlf/unknown.png HTTP/1.1" 200 266
47.128.43.186 - - [04/Jan/2024:10:59:53 -0500] "GET /BLA/resoluciones/dlf/dirup.png HTTP/1.1" 200 644
47.128.28.181 - - [04/Jan/2024:11:00:10 -0500] "GET /BLA/resoluciones/dlf/unknown.png HTTP/1.1" 200 266
47.128.28.181 - - [04/Jan/2024:11:00:10 -0500] "GET /BLA/resoluciones/dlf/dirup.png HTTP/1.1" 200 644
47.128.28.181 - - [04/Jan/2024:11:00:09 -0500] "GET /BLA/resoluciones/index.php?dir=AUTOS%202006%2FAUTOS%202006%201301-1400%2F&order=asc&sort=size HTTP/1.1" 200 22002
47.128.36.135 - - [04/Jan/2024:11:00:18 -0500] "GET /BLA/resoluciones/index.php?dir=RESOLUCIONES%202004%2FRES%202004%202151-2200%2F&order=asc&sort=date HTTP/1.1" 200 12359
47.128.36.135 - - [04/Jan/2024:11:00:19 -0500] "GET /BLA/resoluciones/dlf/dirup.png HTTP/1.1" 200 644
47.128.36.135 - - [04/Jan/2024:11:00:19 -0500] "GET /BLA/resoluciones/dlf/unknown.png HTTP/1.1" 200 266
181.56.171.197 - - [04/Jan/2024:11:00:19 -0500] "POST /sipse/faces/presentacion/financiero/solicitudProceso/consultar.xhtml HTTP/1.1" 200 12869
181.56.171.197 - - [04/Jan/2024:11:00:26 -0500] "POST /sipse/faces/presentacion/financiero/solicitudProceso/consultar.xhtml HTTP/1.1" 200 23085
181.56.171.197 - - [04/Jan/2024:11:00:29 -0500] "POST /sipse/faces/presentacion/financiero/solicitudProceso/consultar.xhtml HTTP/1.1" 200 12773
201.245.192.253 - - [04/Jan/2024:11:00:27 -0500] "POST /kwsrmcab/Wsrmcab  HTTP/1.1" 200 36937
181.56.171.197 - - [04/Jan/2024:11:00:34 -0500] "POST /sipse/faces/presentacion/financiero/solicitudProceso/consultar.xhtml HTTP/1.1" 200 157945
181.56.171.197 - - [04/Jan/2024:11:00:34 -0500] "GET /sipse/faces/javax.faces.resource/theme.css?ln=primefaces-sipse HTTP/1.1" 304 -
181.56.171.197 - - [04/Jan/2024:11:00:34 -0500] "GET /sipse/faces/javax.faces.resource/primefaces.css?ln=primefaces&v=4.0 HTTP/1.1" 304 -
181.56.171.197 - - [04/Jan/2024:11:00:34 -0500] "GET /sipse/faces/javax.faces.resource/layout/layout.css?ln=primefaces&v=4.0 HTTP/1.1" 304 -
181.56.171.197 - - [04/Jan/2024:11:00:34 -0500] "GET /sipse/faces/javax.faces.resource/jquery/jquery.js?ln=primefaces&v=4.0 HTTP/1.1" 304 -
181.56.171.197 - - [04/Jan/2024:11:00:34 -0500] "GET /sipse/faces/javax.faces.resource/jquery/jquery-plugins.js?ln=primefaces&v=4.0 HTTP/1.1" 304 -
181.56.171.197 - - [04/Jan/2024:11:00:35 -0500] "GET /sipse/faces/javax.faces.resource/primefaces.js?ln=primefaces&v=4.0 HTTP/1.1" 304 -
181.56.171.197 - - [04/Jan/2024:11:00:35 -0500] "GET /sipse/faces/javax.faces.resource/layout/layout.js?ln=primefaces&v=4.0 HTTP/1.1" 304 -
181.56.171.197 - - [04/Jan/2024:11:00:35 -0500] "GET /sipse/css/imagen/contrasena.png HTTP/1.1" 404 383
216.245.221.92 - - [04/Jan/2024:11:00:45 -0500] "HEAD / HTTP/1.1" 200 -
181.56.171.197 - - [04/Jan/2024:11:00:49 -0500] "POST /sipse/faces/presentacion/financiero/solicitudProceso/consultarSolicitudProceso.xhtml HTTP/1.1" 200 68957
47.128.124.237 - - [04/Jan/2024:11:00:57 -0500] "GET /BLA/resoluciones/dlf/dirup.png HTTP/1.1" 200 644
47.128.124.237 - - [04/Jan/2024:11:00:57 -0500] "GET /BLA/resoluciones/dlf/pdf.gif HTTP/1.1" 200 272
47.128.124.237 - - [04/Jan/2024:11:00:56 -0500] "GET /BLA/resoluciones/index.php?dir=RESOLUCIONES%202007%2FRES%202007%202201%20AL%202300%2F&order=desc&sort=name HTTP/1.1" 200 27113
47.128.46.151 - - [04/Jan/2024:11:01:02 -0500] "GET /BLA/resoluciones/index.php?dir=RESOLUCIONES+2005%2FRES+2005+2801-2850%2F HTTP/1.1" 200 11939
47.128.46.151 - - [04/Jan/2024:11:01:03 -0500] "GET /BLA/resoluciones/dlf/dirup.png HTTP/1.1" 200 644
47.128.46.151 - - [04/Jan/2024:11:01:03 -0500] "GET /BLA/resoluciones/dlf/unknown.png HTTP/1.1" 200 266
40.77.167.235 - - [04/Jan/2024:11:01:14 -0500] "GET /Publicaciones/2023EE300486.pdf HTTP/1.1" 404 228
47.128.45.197 - - [04/Jan/2024:11:01:22 -0500] "GET /BLA/resoluciones/index.php?dir=RESOLUCIONES%202006%2FRES%202006%20901-950%2F&order=asc&sort=date HTTP/1.1" 200 12239
47.128.45.197 - - [04/Jan/2024:11:01:23 -0500] "GET /BLA/resoluciones/dlf/unknown.png HTTP/1.1" 200 266
47.128.45.197 - - [04/Jan/2024:11:01:23 -0500] "GET /BLA/resoluciones/dlf/dirup.png HTTP/1.1" 200 644
181.53.14.143 - - [04/Jan/2024:11:02:02 -0500] "GET /appsia/controlador HTTP/1.1" 200 4799
47.128.96.87 - - [04/Jan/2024:11:02:03 -0500] "GET /BLA/resoluciones/dlf/pdf.gif HTTP/1.1" 200 272
47.128.96.87 - - [04/Jan/2024:11:02:03 -0500] "GET /BLA/resoluciones/dlf/dirup.png HTTP/1.1" 200 644
172.22.2.4 - - [04/Jan/2024:11:02:03 -0500] "GET /BLA/boletinlegal/Circulares/2023/CIRCULAR%20No.%2000009%20DEL%2010%20DE%20OCTUBRE%20DEL%202023.pdf HTTP/1.1" 200 529599
172.22.2.4 - - [04/Jan/2024:11:02:03 -0500] "GET /BLA/boletinlegal/favicon.ico HTTP/1.1" 404 1502
47.128.96.98 - - [04/Jan/2024:11:02:09 -0500] "GET /BLA/resoluciones/dlf/dirup.png HTTP/1.1" 200 644
47.128.96.98 - - [04/Jan/2024:11:02:09 -0500] "GET /BLA/resoluciones/dlf/unknown.png HTTP/1.1" 200 266
181.53.14.143 - - [04/Jan/2024:11:02:10 -0500] "POST /appsia/controlador HTTP/1.1" 200 5437
47.128.96.98 - - [04/Jan/2024:11:02:08 -0500] "GET /BLA/resoluciones/index.php?dir=RESOLUCIONES%202005%2FRES%202005%203051-3100%2F&order=asc&sort=date HTTP/1.1" 200 12360
47.128.96.87 - - [04/Jan/2024:11:02:01 -0500] "GET /BLA/resoluciones/index.php?dir=Notificaciones%2FRESOLUCIONES%202021%2F&order=asc&sort=date HTTP/1.1" 200 118958
181.53.14.143 - - [04/Jan/2024:11:02:13 -0500] "POST /appsia/controlador HTTP/1.1" 200 5437
181.53.14.143 - - [04/Jan/2024:11:02:21 -0500] "POST /appsia/controlador HTTP/1.1" 200 8670
181.53.14.143 - - [04/Jan/2024:11:02:21 -0500] "GET /appsia/images/logo_escudo.png HTTP/1.1" 200 36965
47.128.99.214 - - [04/Jan/2024:11:02:33 -0500] "GET /BLA/resoluciones/index.php?dir=RESOLUCIONES+2003%2FRES+2003+1801-1850%2F HTTP/1.1" 200 12154
47.128.99.214 - - [04/Jan/2024:11:02:34 -0500] "GET /BLA/resoluciones/dlf/dirup.png HTTP/1.1" 200 644
47.128.99.214 - - [04/Jan/2024:11:02:34 -0500] "GET /BLA/resoluciones/dlf/unknown.png HTTP/1.1" 200 266
179.19.105.5 - - [04/Jan/2024:11:02:55 -0500] "POST /sipse/faces/presentacion/financiero/solicitudProceso/consultarSolicitudProceso.xhtml HTTP/1.1" 200 43904
179.19.105.5 - - [04/Jan/2024:11:02:55 -0500] "GET /sipse/faces/javax.faces.resource/theme.css?ln=primefaces-sipse HTTP/1.1" 304 -
179.19.105.5 - - [04/Jan/2024:11:02:55 -0500] "GET /sipse/faces/javax.faces.resource/primefaces.css?ln=primefaces&v=4.0 HTTP/1.1" 304 -
179.19.105.5 - - [04/Jan/2024:11:02:55 -0500] "GET /sipse/faces/javax.faces.resource/jquery/jquery.js?ln=primefaces&v=4.0 HTTP/1.1" 304 -
179.19.105.5 - - [04/Jan/2024:11:02:55 -0500] "GET /sipse/faces/javax.faces.resource/layout/layout.css?ln=primefaces&v=4.0 HTTP/1.1" 304 -
179.19.105.5 - - [04/Jan/2024:11:02:55 -0500] "GET /sipse/faces/javax.faces.resource/jquery/jquery-plugins.js?ln=primefaces&v=4.0 HTTP/1.1" 304 -
179.19.105.5 - - [04/Jan/2024:11:02:56 -0500] "GET /sipse/faces/javax.faces.resource/primefaces.js?ln=primefaces&v=4.0 HTTP/1.1" 304 -
179.19.105.5 - - [04/Jan/2024:11:02:56 -0500] "GET /sipse/faces/javax.faces.resource/layout/layout.js?ln=primefaces&v=4.0 HTTP/1.1" 304 -
179.19.105.5 - - [04/Jan/2024:11:02:56 -0500] "POST /sipse/faces/presentacion/financiero/solicitudProceso/consultar.xhtml HTTP/1.1" 200 37266
179.19.105.5 - - [04/Jan/2024:11:02:56 -0500] "POST /sipse/faces/presentacion/financiero/solicitudProceso/consultar.xhtml HTTP/1.1" 200 37266
173.252.107.7 - - [04/Jan/2024:11:02:57 -0500] "GET /secretaria-de-ambiente-presenta-cartilla-con-el-protocolo-para-el-manejo-y-control-de-la-langostilla-de-rio.html HTTP/1.1" 200 857
179.19.105.5 - - [04/Jan/2024:11:02:57 -0500] "POST /sipse/faces/presentacion/financiero/solicitudProceso/consultar.xhtml HTTP/1.1" 200 37266
179.19.105.5 - - [04/Jan/2024:11:02:57 -0500] "POST /sipse/faces/presentacion/financiero/solicitudProceso/consultar.xhtml HTTP/1.1" 200 37266
179.19.105.5 - - [04/Jan/2024:11:02:58 -0500] "POST /sipse/faces/presentacion/financiero/solicitudProceso/consultar.xhtml HTTP/1.1" 200 37266
179.19.105.5 - - [04/Jan/2024:11:02:58 -0500] "POST /sipse/faces/presentacion/financiero/solicitudProceso/consultar.xhtml HTTP/1.1" 200 37266
179.19.105.5 - - [04/Jan/2024:11:02:59 -0500] "POST /sipse/faces/presentacion/financiero/solicitudProceso/consultar.xhtml HTTP/1.1" 200 37266
47.128.99.17 - - [04/Jan/2024:11:03:00 -0500] "GET /BLA/resoluciones/dlf/dirup.png HTTP/1.1" 200 644
47.128.99.17 - - [04/Jan/2024:11:03:00 -0500] "GET /BLA/resoluciones/dlf/pdf.gif HTTP/1.1" 200 272
179.19.105.5 - - [04/Jan/2024:11:02:59 -0500] "POST /sipse/faces/presentacion/financiero/solicitudProceso/consultar.xhtml HTTP/1.1" 200 37266
47.128.99.17 - - [04/Jan/2024:11:02:59 -0500] "GET /BLA/resoluciones/index.php?dir=Notificaciones%2FREGISTROS%202019%2F&order=asc&sort=size HTTP/1.1" 200 18601
179.19.105.5 - - [04/Jan/2024:11:03:03 -0500] "POST /sipse/faces/presentacion/financiero/solicitudProceso/consultar.xhtml HTTP/1.1" 200 12850
177.93.45.50 - - [04/Jan/2024:11:03:08 -0500] "POST /appsia/controlador HTTP/1.1" 200 3227
177.93.45.50 - - [04/Jan/2024:11:03:08 -0500] "GET /appsia/jscripts/validarSolicitud.js HTTP/1.1" 404 68
179.19.105.5 - - [04/Jan/2024:11:03:07 -0500] "POST /sipse/faces/presentacion/financiero/solicitudProceso/consultar.xhtml HTTP/1.1" 200 160438
179.19.105.5 - - [04/Jan/2024:11:03:09 -0500] "GET /sipse/faces/javax.faces.resource/theme.css?ln=primefaces-sipse HTTP/1.1" 304 -
179.19.105.5 - - [04/Jan/2024:11:03:09 -0500] "GET /sipse/faces/javax.faces.resource/primefaces.css?ln=primefaces&v=4.0 HTTP/1.1" 304 -
179.19.105.5 - - [04/Jan/2024:11:03:09 -0500] "GET /sipse/faces/javax.faces.resource/layout/layout.css?ln=primefaces&v=4.0 HTTP/1.1" 304 -
179.19.105.5 - - [04/Jan/2024:11:03:09 -0500] "GET /sipse/faces/javax.faces.resource/jquery/jquery.js?ln=primefaces&v=4.0 HTTP/1.1" 304 -
179.19.105.5 - - [04/Jan/2024:11:03:09 -0500] "GET /sipse/faces/javax.faces.resource/jquery/jquery-plugins.js?ln=primefaces&v=4.0 HTTP/1.1" 304 -
177.93.45.50 - - [04/Jan/2024:11:03:09 -0500] "POST /appsia/controlador HTTP/1.1" 200 4799
179.19.105.5 - - [04/Jan/2024:11:03:09 -0500] "GET /sipse/faces/javax.faces.resource/primefaces.js?ln=primefaces&v=4.0 HTTP/1.1" 304 -
179.19.105.5 - - [04/Jan/2024:11:03:09 -0500] "GET /sipse/faces/javax.faces.resource/layout/layout.js?ln=primefaces&v=4.0 HTTP/1.1" 304 -
177.93.45.50 - - [04/Jan/2024:11:03:11 -0500] "POST /appsia/controlador HTTP/1.1" 200 5437
177.93.45.50 - - [04/Jan/2024:11:03:12 -0500] "POST /appsia/controlador HTTP/1.1" 200 23887
177.93.45.50 - - [04/Jan/2024:11:03:15 -0500] "POST /appsia/controlador HTTP/1.1" 200 5437
179.19.105.5 - - [04/Jan/2024:11:03:19 -0500] "POST /sipse/faces/presentacion/financiero/solicitudProceso/consultarSolicitudProceso.xhtml HTTP/1.1" 200 79977
47.128.97.221 - - [04/Jan/2024:11:03:21 -0500] "GET /BLA/resoluciones/index.php?dir=RESOLUCIONES%202003%2FRES%202003%20451-500%2F&order=asc&sort=size HTTP/1.1" 200 11311
47.128.97.221 - - [04/Jan/2024:11:03:23 -0500] "GET /BLA/resoluciones/dlf/dirup.png HTTP/1.1" 200 644
47.128.97.221 - - [04/Jan/2024:11:03:23 -0500] "GET /BLA/resoluciones/dlf/unknown.png HTTP/1.1" 200 266
172.22.2.4 - - [04/Jan/2024:11:01:56 -0500] "HEAD /BLA/boletinlegal/ HTTP/1.1" 200 -
191.108.47.218 - - [04/Jan/2024:11:03:42 -0500] "GET /appsia/controlador HTTP/1.1" 200 4799
191.108.47.218 - - [04/Jan/2024:11:03:42 -0500] "GET /appsia/css/estilos.css HTTP/1.1" 200 4804
191.108.47.218 - - [04/Jan/2024:11:03:42 -0500] "GET /appsia/scripts/validarIngreso.js HTTP/1.1" 200 851
191.108.47.218 - - [04/Jan/2024:11:03:42 -0500] "GET /appsia/images/cabezoteHojaVida.png HTTP/1.1" 200 32493
191.108.47.218 - - [04/Jan/2024:11:03:42 -0500] "GET /appsia/images/logo_bogota_p.png HTTP/1.1" 200 14951
191.108.47.218 - - [04/Jan/2024:11:03:42 -0500] "GET /favicon.ico HTTP/1.1" 200 7782
47.128.21.168 - - [04/Jan/2024:11:03:46 -0500] "GET /BLA/resoluciones/dlf/pdf.gif HTTP/1.1" 200 272
47.128.21.168 - - [04/Jan/2024:11:03:46 -0500] "GET /BLA/resoluciones/dlf/dirup.png HTTP/1.1" 200 644
47.128.21.168 - - [04/Jan/2024:11:03:45 -0500] "GET /BLA/resoluciones/index.php?dir=RESOLUCIONES%202012%2F&order=asc&sort=date HTTP/1.1" 200 140066
172.22.2.4 - - [04/Jan/2024:11:03:51 -0500] "GET /BLA/boletinlegal/actos.php HTTP/1.1" 200 9648
172.22.2.4 - - [04/Jan/2024:11:03:51 -0500] "GET /BLA/boletinlegal/styles2.css HTTP/1.1" 200 1838
172.22.2.4 - - [04/Jan/2024:11:03:51 -0500] "GET /BLA/boletinlegal/js/ajax_actos.js HTTP/1.1" 200 1322
172.22.2.4 - - [04/Jan/2024:11:03:51 -0500] "GET /BLA/boletinlegal/niceforms-default.css HTTP/1.1" 200 6694
172.22.2.4 - - [04/Jan/2024:11:03:51 -0500] "GET /BLA/boletinlegal/style.css HTTP/1.1" 200 9406
172.22.2.4 - - [04/Jan/2024:11:03:51 -0500] "GET /BLA/boletinlegal/niceforms.js HTTP/1.1" 200 22876
172.22.2.4 - - [04/Jan/2024:11:03:51 -0500] "GET /BLA/boletinlegal/js/lib.js HTTP/1.1" 200 6474
172.22.2.4 - - [04/Jan/2024:11:03:51 -0500] "GET /BLA/boletinlegal/js/popup.js HTTP/1.1" 200 1270
172.22.2.4 - - [04/Jan/2024:11:03:51 -0500] "GET /BLA/boletinlegal/js/jquery1.js HTTP/1.1" 200 29846
172.22.2.4 - - [04/Jan/2024:11:03:51 -0500] "GET /BLA/boletinlegal/images/cabezote%20BLEGAL.jpg HTTP/1.1" 200 118164
172.22.2.4 - - [04/Jan/2024:11:03:51 -0500] "GET /BLA/boletinlegal/images/tel.png HTTP/1.1" 200 14477
172.22.2.4 - - [04/Jan/2024:11:03:51 -0500] "GET /BLA/boletinlegal/images/green-yellow-blue-pink-th.png HTTP/1.1" 200 7394
172.22.2.4 - - [04/Jan/2024:11:03:51 -0500] "GET /BLA/boletinlegal/images/registro-usuarios.png HTTP/1.1" 200 8106
172.22.2.4 - - [04/Jan/2024:11:03:51 -0500] "GET /BLA/boletinlegal/images/historia.png HTTP/1.1" 200 52775
172.22.2.4 - - [04/Jan/2024:11:03:51 -0500] "GET /BLA/boletinlegal/images/subscribe-icon-big.png HTTP/1.1" 200 47702
172.22.2.4 - - [04/Jan/2024:11:03:51 -0500] "GET /BLA/boletinlegal/images/icono-email.png HTTP/1.1" 200 5544
172.22.2.4 - - [04/Jan/2024:11:03:51 -0500] "GET /BLA/boletinlegal/images/body_bg.jpg HTTP/1.1" 200 1601
172.22.2.4 - - [04/Jan/2024:11:03:51 -0500] "GET /BLA/boletinlegal/images/text.jpg HTTP/1.1" 200 568
172.22.2.4 - - [04/Jan/2024:11:03:51 -0500] "GET /BLA/boletinlegal/images/footer_bg.jpg HTTP/1.1" 200 586
172.22.2.4 - - [04/Jan/2024:11:03:51 -0500] "GET /BLA/boletinlegal/images/menu_rght.gif HTTP/1.1" 200 1627
172.22.2.4 - - [04/Jan/2024:11:03:51 -0500] "GET /BLA/boletinlegal/images/bg_top.jpg HTTP/1.1" 200 522
172.22.2.4 - - [04/Jan/2024:11:03:51 -0500] "GET /BLA/boletinlegal/images/menu_lft.gif HTTP/1.1" 200 1713
172.22.2.4 - - [04/Jan/2024:11:03:51 -0500] "GET /BLA/boletinlegal/images/menu_bg.jpg HTTP/1.1" 200 620
172.22.2.4 - - [04/Jan/2024:11:03:51 -0500] "GET /BLA/boletinlegal/images/footer_bg_l.jpg HTTP/1.1" 200 776
172.22.2.4 - - [04/Jan/2024:11:03:51 -0500] "GET /BLA/boletinlegal/images/hover.jpg HTTP/1.1" 200 640
172.22.2.4 - - [04/Jan/2024:11:03:51 -0500] "GET /BLA/boletinlegal/img/0.png HTTP/1.1" 200 110
172.22.2.4 - - [04/Jan/2024:11:03:51 -0500] "GET /BLA/boletinlegal/img/select-right.png HTTP/1.1" 200 44019
172.22.2.4 - - [04/Jan/2024:11:03:51 -0500] "GET /BLA/boletinlegal/img/button.png HTTP/1.1" 200 43241
172.22.2.4 - - [04/Jan/2024:11:03:51 -0500] "GET /BLA/boletinlegal/img/select-left.png HTTP/1.1" 200 263
172.22.2.4 - - [04/Jan/2024:11:03:51 -0500] "GET /BLA/boletinlegal/img/button-right.png HTTP/1.1" 200 57878
172.22.2.4 - - [04/Jan/2024:11:03:51 -0500] "GET /BLA/boletinlegal/img/button-left.png HTTP/1.1" 200 57071
172.22.2.4 - - [04/Jan/2024:11:03:51 -0500] "GET /BLA/boletinlegal/favicon.ico HTTP/1.1" 404 1326
66.249.66.21 - - [04/Jan/2024:11:03:56 -0500] "GET /BLA/resoluciones/RESOLUCIONES%202011/1089.pdf HTTP/1.1" 200 264008
191.108.47.218 - - [04/Jan/2024:11:03:59 -0500] "POST /appsia/controlador HTTP/1.1" 200 5437
191.108.47.218 - - [04/Jan/2024:11:04:02 -0500] "POST /appsia/controlador HTTP/1.1" 200 8674
191.108.47.218 - - [04/Jan/2024:11:04:02 -0500] "GET /appsia/images/logo_escudo.png HTTP/1.1" 200 36965
172.22.2.4 - - [04/Jan/2024:11:02:46 -0500] "GET /BLA/boletinlegal/ HTTP/1.1" 200 58969
172.22.2.4 - - [04/Jan/2024:11:04:30 -0500] "GET /BLA/boletinlegal/consulta_actos.php?tipo=resoluciones&no=04310&usuario=&sector=VERTIMIENTOS&fecha=2023&resuelve= HTTP/1.1" 200 626
47.128.120.95 - - [04/Jan/2024:11:04:42 -0500] "GET /BLA/resoluciones/index.php?dir=Notificaciones%2FAUTOS%201988%2F&order=asc&sort=size HTTP/1.1" 200 2205
47.128.120.95 - - [04/Jan/2024:11:04:42 -0500] "GET /BLA/resoluciones/dlf/dirup.png HTTP/1.1" 200 644
47.128.120.95 - - [04/Jan/2024:11:04:43 -0500] "GET /BLA/resoluciones/dlf/pdf.gif HTTP/1.1" 200 272
47.128.26.2 - - [04/Jan/2024:11:04:47 -0500] "GET /BLA/resoluciones/index.php?dir=RESOLUCIONES%202004%2FRES%202004%201551-1600%2F&order=asc&sort=date HTTP/1.1" 200 12345
47.128.26.2 - - [04/Jan/2024:11:04:49 -0500] "GET /BLA/resoluciones/dlf/dirup.png HTTP/1.1" 200 644
47.128.26.2 - - [04/Jan/2024:11:04:50 -0500] "GET /BLA/resoluciones/dlf/unknown.png HTTP/1.1" 200 266
172.22.2.4 - - [04/Jan/2024:11:04:50 -0500] "GET /BLA/boletinlegal/consulta_actos.php?tipo=autos&no=04310&usuario=&sector=VERTIMIENTOS&fecha=2023&resuelve= HTTP/1.1" 200 626
47.128.26.17 - - [04/Jan/2024:11:04:57 -0500] "GET /BLA/resoluciones/index.php?dir=RESOLUCIONES%201996%2F&order=asc&sort=date HTTP/1.1" 200 9137
47.128.26.17 - - [04/Jan/2024:11:04:58 -0500] "GET /BLA/resoluciones/dlf/dirup.png HTTP/1.1" 200 644
47.128.26.17 - - [04/Jan/2024:11:04:58 -0500] "GET /BLA/resoluciones/dlf/pdf.gif HTTP/1.1" 200 272
172.22.2.4 - - [04/Jan/2024:11:05:04 -0500] "GET /BLA/boletinlegal/consulta_actos.php?tipo=autos&no=04310&usuario=&sector=VERTIMIENTOS&fecha=2023&resuelve= HTTP/1.1" 200 626
201.245.192.253 - - [04/Jan/2024:11:05:06 -0500] "GET /appsia/controlador HTTP/1.1" 200 4799
201.245.192.253 - - [04/Jan/2024:11:05:06 -0500] "GET /appsia/css/estilos.css HTTP/1.1" 200 4804
201.245.192.253 - - [04/Jan/2024:11:05:06 -0500] "GET /appsia/scripts/validarIngreso.js HTTP/1.1" 200 851
201.245.192.253 - - [04/Jan/2024:11:05:06 -0500] "GET /appsia/images/logo_bogota_p.png HTTP/1.1" 200 14951
201.245.192.253 - - [04/Jan/2024:11:05:06 -0500] "GET /appsia/images/cabezoteHojaVida.png HTTP/1.1" 200 32493
201.245.192.253 - - [04/Jan/2024:11:05:25 -0500] "POST /kwsrmcab/Wsrmcab  HTTP/1.1" 200 36937
47.128.48.37 - - [04/Jan/2024:11:05:36 -0500] "GET /BLA/resoluciones/index.php?dir=Notificaciones%2FRESOLUCIONES%200217%2F&order=asc&sort=date HTTP/1.1" 200 2268
47.128.48.37 - - [04/Jan/2024:11:05:38 -0500] "GET /BLA/resoluciones/dlf/dirup.png HTTP/1.1" 200 644
47.128.48.37 - - [04/Jan/2024:11:05:39 -0500] "GET /BLA/resoluciones/dlf/pdf.gif HTTP/1.1" 200 272
186.86.32.40 - - [04/Jan/2024:11:05:42 -0500] "GET /appsia/controlador HTTP/1.1" 200 4799
186.86.32.40 - - [04/Jan/2024:11:05:42 -0500] "GET /appsia/css/estilos.css HTTP/1.1" 200 4804
186.86.32.40 - - [04/Jan/2024:11:05:42 -0500] "GET /appsia/scripts/validarIngreso.js HTTP/1.1" 200 851
186.86.32.40 - - [04/Jan/2024:11:05:42 -0500] "GET /appsia/images/logo_bogota_p.png HTTP/1.1" 200 14951
186.86.32.40 - - [04/Jan/2024:11:05:42 -0500] "GET /appsia/images/cabezoteHojaVida.png HTTP/1.1" 200 32493
186.86.32.40 - - [04/Jan/2024:11:05:42 -0500] "GET /favicon.ico HTTP/1.1" 200 7782
216.245.221.92 - - [04/Jan/2024:11:05:45 -0500] "HEAD / HTTP/1.1" 200 -
186.86.32.40 - - [04/Jan/2024:11:05:47 -0500] "POST /appsia/controlador HTTP/1.1" 200 3603
186.86.32.40 - - [04/Jan/2024:11:05:47 -0500] "GET /appsia/jscripts/validarSolicitud.js HTTP/1.1" 404 68
201.245.192.253 - - [04/Jan/2024:11:05:47 -0500] "GET /appsia/controlador HTTP/1.1" 200 4799
131.72.137.226 - - [04/Jan/2024:11:05:50 -0500] "GET /BLA/boletinlegal/admin/actos/ingresar.php HTTP/1.1" 200 7210
186.86.32.40 - - [04/Jan/2024:11:05:53 -0500] "POST /appsia/controlador HTTP/1.1" 200 4799
172.22.2.4 - - [04/Jan/2024:11:05:59 -0500] "GET /BLA/boletinlegal/consulta_actos.php?tipo=autos&no=4310&usuario=&sector=VERTIMIENTOS&fecha=2023&resuelve= HTTP/1.1" 200 626
172.22.2.4 - - [04/Jan/2024:11:05:59 -0500] "GET /BLA/boletinlegal/consulta_actos.php?tipo=autos&no=4310&usuario=&sector=VERTIMIENTOS&fecha=2023&resuelve= HTTP/1.1" 200 626
172.22.2.4 - - [04/Jan/2024:11:06:01 -0500] "GET /BLA/boletinlegal/consulta_actos.php?tipo=autos&no=4310&usuario=&sector=VERTIMIENTOS&fecha=2023&resuelve= HTTP/1.1" 200 626
172.22.2.4 - - [04/Jan/2024:11:06:01 -0500] "GET /BLA/boletinlegal/consulta_actos.php?tipo=autos&no=4310&usuario=&sector=VERTIMIENTOS&fecha=2023&resuelve= HTTP/1.1" 200 626
47.128.22.191 - - [04/Jan/2024:11:06:01 -0500] "GET /BLA/resoluciones/index.php?dir=RESOLUCIONES%202006%2FRES%202006%20151-200%2F&order=asc&sort=size HTTP/1.1" 200 12238
47.128.22.191 - - [04/Jan/2024:11:06:02 -0500] "GET /BLA/resoluciones/dlf/dirup.png HTTP/1.1" 200 644
47.128.22.191 - - [04/Jan/2024:11:06:02 -0500] "GET /BLA/resoluciones/dlf/unknown.png HTTP/1.1" 200 266
172.22.2.4 - - [04/Jan/2024:11:06:05 -0500] "GET /BLA/boletinlegal/normativa.php HTTP/1.1" 200 8343
172.22.2.4 - - [04/Jan/2024:11:06:06 -0500] "GET /BLA/boletinlegal/js/ajax_normativa.js HTTP/1.1" 200 1154
172.22.2.4 - - [04/Jan/2024:11:06:11 -0500] "GET /BLA/boletinlegal/actos.php HTTP/1.1" 200 9648
186.86.32.40 - - [04/Jan/2024:11:06:15 -0500] "POST /appsia/controlador HTTP/1.1" 200 5437
47.128.125.68 - - [04/Jan/2024:11:06:21 -0500] "GET /BLA/resoluciones/index.php?dir=Notificaciones%2FREGISTROS%200216%2F&order=asc&sort=size HTTP/1.1" 200 2241
186.86.32.40 - - [04/Jan/2024:11:06:21 -0500] "POST /appsia/controlador HTTP/1.1" 200 7735
186.86.32.40 - - [04/Jan/2024:11:06:21 -0500] "GET /appsia/images/logo_escudo.png HTTP/1.1" 200 36965
47.128.125.68 - - [04/Jan/2024:11:06:22 -0500] "GET /BLA/resoluciones/dlf/pdf.gif HTTP/1.1" 200 272
47.128.125.68 - - [04/Jan/2024:11:06:22 -0500] "GET /BLA/resoluciones/dlf/dirup.png HTTP/1.1" 200 644
47.128.18.130 - - [04/Jan/2024:11:06:32 -0500] "GET /BLA/resoluciones/index.php?dir=RESOLUCIONES+1992%2F HTTP/1.1" 200 2871
47.128.18.130 - - [04/Jan/2024:11:06:33 -0500] "GET /BLA/resoluciones/dlf/dirup.png HTTP/1.1" 200 644
47.128.18.130 - - [04/Jan/2024:11:06:33 -0500] "GET /BLA/resoluciones/dlf/pdf.gif HTTP/1.1" 200 272
172.22.2.4 - - [04/Jan/2024:11:06:35 -0500] "GET /BLA/boletinlegal/consulta_actos.php?tipo=autos&no=04310&usuario=&sector=VERTIMIENTOS&fecha=2023&resuelve=sancion HTTP/1.1" 200 626
152.202.195.203 - - [04/Jan/2024:11:06:39 -0500] "POST /appsia/controlador HTTP/1.1" 200 3238
152.202.195.203 - - [04/Jan/2024:11:06:39 -0500] "GET /appsia/jscripts/validarSolicitud.js HTTP/1.1" 404 68
152.202.195.203 - - [04/Jan/2024:11:06:42 -0500] "POST /appsia/controlador HTTP/1.1" 200 5437
152.202.195.203 - - [04/Jan/2024:11:06:44 -0500] "POST /appsia/controlador HTTP/1.1" 200 3238
152.202.195.203 - - [04/Jan/2024:11:06:44 -0500] "GET /appsia/jscripts/validarSolicitud.js HTTP/1.1" 404 68
152.202.195.203 - - [04/Jan/2024:11:06:49 -0500] "POST /appsia/controlador HTTP/1.1" 200 5437
152.202.195.203 - - [04/Jan/2024:11:06:51 -0500] "POST /appsia/controlador HTTP/1.1" 200 7729
152.202.195.203 - - [04/Jan/2024:11:06:54 -0500] "POST /appsia/controlador HTTP/1.1" 200 3238
152.202.195.203 - - [04/Jan/2024:11:06:54 -0500] "GET /appsia/jscripts/validarSolicitud.js HTTP/1.1" 404 68
152.202.195.203 - - [04/Jan/2024:11:06:56 -0500] "POST /appsia/controlador HTTP/1.1" 200 5437
47.128.111.76 - - [04/Jan/2024:11:06:57 -0500] "GET /BLA/resoluciones/index.php?dir=RESOLUCIONES%202006%2FRES%202006%201001-1050%2F&order=asc&sort=date HTTP/1.1" 200 12341
47.128.111.76 - - [04/Jan/2024:11:06:58 -0500] "GET /BLA/resoluciones/dlf/dirup.png HTTP/1.1" 200 644
47.128.111.76 - - [04/Jan/2024:11:06:58 -0500] "GET /BLA/resoluciones/dlf/unknown.png HTTP/1.1" 200 266
131.72.137.226 - - [04/Jan/2024:11:07:14 -0500] "POST /BLA/boletinlegal/admin/actos/ingresar.php HTTP/1.1" 200 7210
172.22.2.4 - - [04/Jan/2024:11:07:20 -0500] "GET /BLA/boletinlegal/actos.php HTTP/1.1" 200 9648
172.22.2.4 - - [04/Jan/2024:11:07:23 -0500] "GET /BLA/boletinlegal/consulta_actos.php?tipo=autos&no=9178%20&usuario=&sector=&fecha=2023&resuelve= HTTP/1.1" 200 626
172.22.2.4 - - [04/Jan/2024:11:07:24 -0500] "GET /BLA/boletinlegal/consulta_actos.php?tipo=autos&no=9178%20&usuario=&sector=&fecha=2023&resuelve= HTTP/1.1" 200 626
47.128.29.45 - - [04/Jan/2024:11:07:29 -0500] "GET /BLA/resoluciones/index.php?dir=RESOLUCIONES%202003%2FRES%202003%201551-1601%2F&order=asc&sort=size HTTP/1.1" 200 12156
47.128.29.45 - - [04/Jan/2024:11:07:30 -0500] "GET /BLA/resoluciones/dlf/dirup.png HTTP/1.1" 200 644
47.128.29.45 - - [04/Jan/2024:11:07:30 -0500] "GET /BLA/resoluciones/dlf/unknown.png HTTP/1.1" 200 266
186.102.64.90 - - [04/Jan/2024:11:07:30 -0500] "GET /kwssiamovil/sm/ldap/au?x=U2FsdGVkX19XsLIs80GT+1X2iTmT1H7HSSf8o/An8cd41I0TxLzYh27pXCF1vdTg&y=U2FsdGVkX1+o5h19DOKcaEa+Dr4jUX3qvYZVikqeL5tAGKK+ymSVYljx8JRA4TnM HTTP/1.1" 200 30
186.102.64.90 - - [04/Jan/2024:11:07:31 -0500] "GET /kwssiamovil/sm/acme/s?s=U2FsdGVkX1/GsJGcSN2cBo+pr6Dgo5LUSkYaJr79hzWfWmPXiEcKXIWYyLnoMsnFK3gXOnPY0CQHyjEMFiFuoKEu1DrTXj0RpTzcXTXkv6g=&u=U2FsdGVkX1/hg5NsXmZRqdy1c5xytUl0el+UpQkrhOTc3vGtAesPFyd+Wk7cIRuo&y=U2FsdGVkX1+o5h19DOKcaEa+Dr4jUX3qvYZVikqeL5tAGKK+ymSVYljx8JRA4TnM HTTP/1.1" 200 97
