186.154.180.28 - - [04/Jan/2024:10:27:44 -0500] "GET /sipse/faces/javax.faces.resource/primefaces.js?ln=primefaces&v=4.0 HTTP/1.1" 304 -
186.154.180.28 - - [04/Jan/2024:10:27:44 -0500] "GET /sipse/faces/javax.faces.resource/layout/layout.js?ln=primefaces&v=4.0 HTTP/1.1" 304 -
156.59.198.135 - - [04/Jan/2024:10:27:44 -0500] "GET /BLA/resoluciones/AUTOS%202022/1480.pdf HTTP/1.0" 200 380094
131.72.137.226 - - [04/Jan/2024:10:27:27 -0500] "GET /BLA/boletinlegal/admin/index.php HTTP/1.1" 200 5744
131.72.137.226 - - [04/Jan/2024:10:27:44 -0500] "GET /BLA/boletinlegal/admin/index_files/3_5.gif HTTP/1.1" 200 1633
131.72.137.226 - - [04/Jan/2024:10:27:44 -0500] "GET /BLA/boletinlegal/admin/index_files/7_1.gif HTTP/1.1" 200 1455
131.72.137.226 - - [04/Jan/2024:10:27:44 -0500] "GET /BLA/boletinlegal/admin/index_files/2_2.gif HTTP/1.1" 200 1728
131.72.137.226 - - [04/Jan/2024:10:27:44 -0500] "GET /BLA/boletinlegal/images/can.png HTTP/1.1" 200 37574
131.72.137.226 - - [04/Jan/2024:10:27:44 -0500] "GET /BLA/boletinlegal/admin/index_files/index_files/tback.gif HTTP/1.1" 404 1334
131.72.137.226 - - [04/Jan/2024:10:27:44 -0500] "GET /BLA/boletinlegal/admin/index_files/2_4.gif HTTP/1.1" 200 1763
131.72.137.226 - - [04/Jan/2024:10:27:44 -0500] "GET /BLA/boletinlegal/admin/index_files/7_5.gif HTTP/1.1" 200 1565
131.72.137.226 - - [04/Jan/2024:10:27:44 -0500] "GET /BLA/boletinlegal/admin/index_files/header.png HTTP/1.1" 200 240212
186.154.180.28 - - [04/Jan/2024:10:27:44 -0500] "GET /sipse/faces/javax.faces.resource/images/ui-icons_898989_256x240.png?ln=primefaces-aristo HTTP/1.1" 304 -
131.72.137.226 - - [04/Jan/2024:10:27:47 -0500] "GET /BLA/boletinlegal/admin/actos/ingresar.php HTTP/1.1" 200 7210
131.72.137.226 - - [04/Jan/2024:10:27:47 -0500] "GET /BLA/boletinlegal/admin/css/default.css HTTP/1.1" 200 4379
131.72.137.226 - - [04/Jan/2024:10:27:47 -0500] "GET /BLA/boletinlegal/admin/js/nicEdit-latest.js HTTP/1.1" 200 38373
131.72.137.226 - - [04/Jan/2024:10:27:47 -0500] "GET /BLA/boletinlegal/admin/js/jquery-1.3.1.min.js HTTP/1.1" 200 55272
131.72.137.226 - - [04/Jan/2024:10:27:47 -0500] "GET /BLA/boletinlegal/admin/js/jquery.functions.js HTTP/1.1" 200 2317
131.72.137.226 - - [04/Jan/2024:10:27:47 -0500] "GET /BLA/boletinlegal/admin/img/h1.png HTTP/1.1" 200 3227
131.72.137.226 - - [04/Jan/2024:10:27:47 -0500] "GET /BLA/boletinlegal/admin/img/overlay.png HTTP/1.1" 200 984
131.72.137.226 - - [04/Jan/2024:10:27:49 -0500] "GET /BLA/boletinlegal/images/favicon.ico HTTP/1.1" 404 1328
172.22.2.4 - - [04/Jan/2024:10:28:01 -0500] "GET /BLA/boletinlegal/actos.php HTTP/1.1" 200 9648
172.22.2.4 - - [04/Jan/2024:10:28:02 -0500] "GET /BLA/boletinlegal/favicon.ico HTTP/1.1" 404 1326
186.154.180.28 - - [04/Jan/2024:10:28:04 -0500] "GET /sipse/faces/javax.faces.resource/theme.css?ln=primefaces-sipse HTTP/1.1" 304 -
186.154.180.28 - - [04/Jan/2024:10:28:04 -0500] "GET /sipse/faces/javax.faces.resource/primefaces.css?ln=primefaces&v=4.0 HTTP/1.1" 304 -
186.154.180.28 - - [04/Jan/2024:10:28:04 -0500] "GET /sipse/faces/javax.faces.resource/layout/layout.css?ln=primefaces&v=4.0 HTTP/1.1" 304 -
186.154.180.28 - - [04/Jan/2024:10:28:04 -0500] "GET /sipse/faces/javax.faces.resource/jquery/jquery.js?ln=primefaces&v=4.0 HTTP/1.1" 304 -
186.154.180.28 - - [04/Jan/2024:10:28:04 -0500] "GET /sipse/faces/javax.faces.resource/jquery/jquery-plugins.js?ln=primefaces&v=4.0 HTTP/1.1" 304 -
186.154.180.28 - - [04/Jan/2024:10:28:04 -0500] "GET /sipse/faces/javax.faces.resource/primefaces.js?ln=primefaces&v=4.0 HTTP/1.1" 304 -
186.154.180.28 - - [04/Jan/2024:10:28:04 -0500] "GET /sipse/faces/javax.faces.resource/layout/layout.js?ln=primefaces&v=4.0 HTTP/1.1" 304 -
186.154.180.28 - - [04/Jan/2024:10:28:05 -0500] "GET /sipse/faces/javax.faces.resource/images/ui-icons_898989_256x240.png?ln=primefaces-aristo HTTP/1.1" 304 -
186.154.180.28 - - [04/Jan/2024:10:28:04 -0500] "POST /sipse/faces/presentacion/financiero/solicitudProceso/consultarHistorialSolProceso.xhtml HTTP/1.1" 200 165320
156.59.198.135 - - [04/Jan/2024:10:28:08 -0500] "GET /BLA/resoluciones/AUTOS%202022/3528.pdf HTTP/1.0" 200 410089
186.154.180.28 - - [04/Jan/2024:10:28:15 -0500] "GET /sipse/faces/javax.faces.resource/primefaces.css?ln=primefaces&v=4.0 HTTP/1.1" 304 -
186.154.180.28 - - [04/Jan/2024:10:28:15 -0500] "GET /sipse/faces/javax.faces.resource/theme.css?ln=primefaces-sipse HTTP/1.1" 304 -
186.154.180.28 - - [04/Jan/2024:10:28:15 -0500] "GET /sipse/faces/javax.faces.resource/layout/layout.css?ln=primefaces&v=4.0 HTTP/1.1" 304 -
186.154.180.28 - - [04/Jan/2024:10:28:16 -0500] "GET /sipse/faces/javax.faces.resource/jquery/jquery.js?ln=primefaces&v=4.0 HTTP/1.1" 304 -
186.154.180.28 - - [04/Jan/2024:10:28:16 -0500] "GET /sipse/faces/javax.faces.resource/jquery/jquery-plugins.js?ln=primefaces&v=4.0 HTTP/1.1" 304 -
186.154.180.28 - - [04/Jan/2024:10:28:14 -0500] "POST /sipse/faces/presentacion/financiero/solicitudProceso/consultarSolicitudProceso.xhtml HTTP/1.1" 200 56178
186.154.180.28 - - [04/Jan/2024:10:28:16 -0500] "GET /sipse/faces/javax.faces.resource/primefaces.js?ln=primefaces&v=4.0 HTTP/1.1" 304 -
186.154.180.28 - - [04/Jan/2024:10:28:16 -0500] "GET /sipse/faces/javax.faces.resource/layout/layout.js?ln=primefaces&v=4.0 HTTP/1.1" 304 -
186.154.180.28 - - [04/Jan/2024:10:28:16 -0500] "GET /sipse/faces/javax.faces.resource/images/ui-icons_898989_256x240.png?ln=primefaces-aristo HTTP/1.1" 304 -
186.154.180.28 - - [04/Jan/2024:10:28:17 -0500] "GET /sipse/faces/javax.faces.resource/images/ui-bg_flat_0_2d5972_40x100.png?ln=primefaces-aristo HTTP/1.1" 304 -
186.154.180.28 - - [04/Jan/2024:10:28:17 -0500] "POST /sipse/faces/presentacion/financiero/solicitudProceso/listarSolicitudProceso.xhtml HTTP/1.1" 200 1524
186.154.180.28 - - [04/Jan/2024:10:28:17 -0500] "POST /sipse/faces/presentacion/financiero/solicitudProceso/listarSolicitudProceso.xhtml HTTP/1.1" 200 1528
186.154.180.28 - - [04/Jan/2024:10:28:22 -0500] "POST /sipse/faces/presentacion/financiero/solicitudProceso/listarSolicitudProceso.xhtml HTTP/1.1" 200 112030
186.154.180.28 - - [04/Jan/2024:10:28:23 -0500] "GET /sipse/faces/javax.faces.resource/jquery/jquery.js?ln=primefaces&v=4.0 HTTP/1.1" 304 -
186.154.180.28 - - [04/Jan/2024:10:28:24 -0500] "GET /sipse/faces/javax.faces.resource/jquery/jquery-plugins.js?ln=primefaces&v=4.0 HTTP/1.1" 304 -
186.154.180.28 - - [04/Jan/2024:10:28:24 -0500] "GET /sipse/faces/javax.faces.resource/primefaces.js?ln=primefaces&v=4.0 HTTP/1.1" 304 -
186.154.180.28 - - [04/Jan/2024:10:28:25 -0500] "GET /sipse/faces/javax.faces.resource/layout/layout.js?ln=primefaces&v=4.0 HTTP/1.1" 304 -
156.59.198.135 - - [04/Jan/2024:10:28:32 -0500] "GET /BLA/resoluciones/AUTOS%202022/0506.pdf HTTP/1.0" 200 382949
172.22.2.4 - - [04/Jan/2024:10:26:56 -0500] "HEAD /BLA/boletinlegal/ HTTP/1.1" 200 -
186.154.180.28 - - [04/Jan/2024:10:28:36 -0500] "GET /sipse/faces/javax.faces.resource/theme.css?ln=primefaces-sipse HTTP/1.1" 304 -
186.154.180.28 - - [04/Jan/2024:10:28:35 -0500] "POST /sipse/faces/presentacion/financiero/solicitudProceso/consultarSolicitudProceso.xhtml HTTP/1.1" 200 56178
186.154.180.28 - - [04/Jan/2024:10:28:36 -0500] "GET /sipse/faces/javax.faces.resource/primefaces.css?ln=primefaces&v=4.0 HTTP/1.1" 304 -
186.154.180.28 - - [04/Jan/2024:10:28:36 -0500] "GET /sipse/faces/javax.faces.resource/layout/layout.css?ln=primefaces&v=4.0 HTTP/1.1" 304 -
186.154.180.28 - - [04/Jan/2024:10:28:36 -0500] "GET /sipse/faces/javax.faces.resource/jquery/jquery.js?ln=primefaces&v=4.0 HTTP/1.1" 304 -
186.154.180.28 - - [04/Jan/2024:10:28:36 -0500] "GET /sipse/faces/javax.faces.resource/jquery/jquery-plugins.js?ln=primefaces&v=4.0 HTTP/1.1" 304 -
186.154.180.28 - - [04/Jan/2024:10:28:36 -0500] "GET /sipse/faces/javax.faces.resource/primefaces.js?ln=primefaces&v=4.0 HTTP/1.1" 304 -
186.154.180.28 - - [04/Jan/2024:10:28:36 -0500] "GET /sipse/faces/javax.faces.resource/layout/layout.js?ln=primefaces&v=4.0 HTTP/1.1" 304 -
186.154.180.28 - - [04/Jan/2024:10:28:37 -0500] "GET /sipse/faces/javax.faces.resource/images/ui-icons_898989_256x240.png?ln=primefaces-aristo HTTP/1.1" 304 -
186.154.180.28 - - [04/Jan/2024:10:28:37 -0500] "GET /sipse/faces/javax.faces.resource/images/ui-bg_flat_0_2d5972_40x100.png?ln=primefaces-aristo HTTP/1.1" 304 -
186.154.180.28 - - [04/Jan/2024:10:28:37 -0500] "POST /sipse/faces/presentacion/financiero/solicitudProceso/listarSolicitudProceso.xhtml HTTP/1.1" 200 1524
186.154.180.28 - - [04/Jan/2024:10:28:38 -0500] "POST /sipse/faces/presentacion/financiero/solicitudProceso/listarSolicitudProceso.xhtml HTTP/1.1" 200 1528
186.154.180.28 - - [04/Jan/2024:10:28:42 -0500] "POST /sipse/faces/presentacion/financiero/solicitudProceso/listarSolicitudProceso.xhtml HTTP/1.1" 200 132846
186.154.180.28 - - [04/Jan/2024:10:28:43 -0500] "GET /sipse/faces/javax.faces.resource/jquery/jquery.js?ln=primefaces&v=4.0 HTTP/1.1" 304 -
186.154.180.28 - - [04/Jan/2024:10:28:44 -0500] "GET /sipse/faces/javax.faces.resource/jquery/jquery-plugins.js?ln=primefaces&v=4.0 HTTP/1.1" 304 -
186.154.180.28 - - [04/Jan/2024:10:28:44 -0500] "GET /sipse/faces/javax.faces.resource/primefaces.js?ln=primefaces&v=4.0 HTTP/1.1" 304 -
186.154.180.28 - - [04/Jan/2024:10:28:45 -0500] "GET /sipse/faces/javax.faces.resource/layout/layout.js?ln=primefaces&v=4.0 HTTP/1.1" 304 -
172.22.2.4 - - [04/Jan/2024:10:28:49 -0500] "GET /BLA/boletinlegal/consulta_actos.php?tipo=autos&no=9178%20&usuario=&sector=&fecha=2023&resuelve= HTTP/1.1" 200 626
186.154.180.28 - - [04/Jan/2024:10:28:52 -0500] "GET /sipse/faces/javax.faces.resource/theme.css?ln=primefaces-sipse HTTP/1.1" 304 -
186.154.180.28 - - [04/Jan/2024:10:28:52 -0500] "GET /sipse/faces/javax.faces.resource/primefaces.css?ln=primefaces&v=4.0 HTTP/1.1" 304 -
186.154.180.28 - - [04/Jan/2024:10:28:52 -0500] "GET /sipse/faces/javax.faces.resource/layout/layout.css?ln=primefaces&v=4.0 HTTP/1.1" 304 -
186.154.180.28 - - [04/Jan/2024:10:28:51 -0500] "POST /sipse/faces/presentacion/financiero/solicitudProceso/consultarSolicitudProceso.xhtml HTTP/1.1" 200 56178
186.154.180.28 - - [04/Jan/2024:10:28:52 -0500] "GET /sipse/faces/javax.faces.resource/jquery/jquery.js?ln=primefaces&v=4.0 HTTP/1.1" 304 -
186.154.180.28 - - [04/Jan/2024:10:28:52 -0500] "GET /sipse/faces/javax.faces.resource/primefaces.js?ln=primefaces&v=4.0 HTTP/1.1" 304 -
186.154.180.28 - - [04/Jan/2024:10:28:52 -0500] "GET /sipse/faces/javax.faces.resource/layout/layout.js?ln=primefaces&v=4.0 HTTP/1.1" 304 -
186.154.180.28 - - [04/Jan/2024:10:28:52 -0500] "GET /sipse/faces/javax.faces.resource/jquery/jquery-plugins.js?ln=primefaces&v=4.0 HTTP/1.1" 304 -
186.154.180.28 - - [04/Jan/2024:10:28:53 -0500] "GET /sipse/faces/javax.faces.resource/images/ui-icons_898989_256x240.png?ln=primefaces-aristo HTTP/1.1" 304 -
186.154.180.28 - - [04/Jan/2024:10:28:53 -0500] "GET /sipse/faces/javax.faces.resource/images/ui-bg_flat_0_2d5972_40x100.png?ln=primefaces-aristo HTTP/1.1" 304 -
186.154.180.28 - - [04/Jan/2024:10:28:53 -0500] "POST /sipse/faces/presentacion/financiero/solicitudProceso/listarSolicitudProceso.xhtml HTTP/1.1" 200 1524
186.154.180.28 - - [04/Jan/2024:10:28:53 -0500] "POST /sipse/faces/presentacion/financiero/solicitudProceso/listarSolicitudProceso.xhtml HTTP/1.1" 200 1528
156.59.198.135 - - [04/Jan/2024:10:28:57 -0500] "GET /BLA/resoluciones/AUTOS%202022/2016.pdf HTTP/1.0" 200 395973
66.249.66.21 - - [04/Jan/2024:10:29:00 -0500] "GET /BLA/resoluciones/RESOLUCIONES%202008/0490.pdf HTTP/1.1" 200 114752
156.59.198.135 - - [04/Jan/2024:10:29:21 -0500] "GET /BLA/resoluciones/AUTOS%202022/8122.pdf HTTP/1.0" 200 397948
172.22.2.4 - - [04/Jan/2024:10:27:46 -0500] "GET /BLA/boletinlegal/ HTTP/1.1" 200 58969
156.59.198.136 - - [04/Jan/2024:10:29:44 -0500] "GET /BLA/resoluciones/AUTOS%202022/6014.pdf HTTP/1.0" 200 361565
172.22.2.4 - - [04/Jan/2024:10:29:54 -0500] "GET /BLA/boletinlegal/style.css HTTP/1.1" 200 9406
172.22.2.4 - - [04/Jan/2024:10:29:54 -0500] "GET /BLA/boletinlegal/styles2.css HTTP/1.1" 200 1838
172.22.2.4 - - [04/Jan/2024:10:29:54 -0500] "GET /BLA/boletinlegal/js/jquery.js HTTP/1.1" 200 57254
172.22.2.4 - - [04/Jan/2024:10:29:54 -0500] "GET /BLA/boletinlegal/js/jquery.scrollTo-min.js HTTP/1.1" 200 1150
172.22.2.4 - - [04/Jan/2024:10:29:54 -0500] "GET /BLA/boletinlegal/images/cabezote%20BLEGAL.jpg HTTP/1.1" 200 118164
172.22.2.4 - - [04/Jan/2024:10:29:54 -0500] "GET /BLA/boletinlegal/images/subscribe-icon-big.png HTTP/1.1" 200 47702
172.22.2.4 - - [04/Jan/2024:10:29:54 -0500] "GET /BLA/boletinlegal/images/registro-usuarios.png HTTP/1.1" 200 8106
172.22.2.4 - - [04/Jan/2024:10:29:54 -0500] "GET /BLA/boletinlegal/images/historia.png HTTP/1.1" 200 52775
172.22.2.4 - - [04/Jan/2024:10:29:54 -0500] "GET /BLA/boletinlegal/images/screen_1.png HTTP/1.1" 200 202547
172.22.2.4 - - [04/Jan/2024:10:29:54 -0500] "GET /BLA/boletinlegal/js/jquery.scrollShow.js HTTP/1.1" 200 4586
172.22.2.4 - - [04/Jan/2024:10:29:54 -0500] "GET /BLA/boletinlegal/images/launch.jpg HTTP/1.1" 200 14577
172.22.2.4 - - [04/Jan/2024:10:29:54 -0500] "GET /BLA/boletinlegal/images/arr_l.jpg HTTP/1.1" 200 1979
172.22.2.4 - - [04/Jan/2024:10:29:54 -0500] "GET /BLA/boletinlegal/images/body_bg.jpg HTTP/1.1" 200 1601
172.22.2.4 - - [04/Jan/2024:10:29:54 -0500] "GET /BLA/boletinlegal/images/menu_lft.gif HTTP/1.1" 200 1713
172.22.2.4 - - [04/Jan/2024:10:29:54 -0500] "GET /BLA/boletinlegal/images/menu_rght.gif HTTP/1.1" 200 1627
172.22.2.4 - - [04/Jan/2024:10:29:54 -0500] "GET /BLA/boletinlegal/images/bg_top.jpg HTTP/1.1" 200 522
172.22.2.4 - - [04/Jan/2024:10:29:54 -0500] "GET /BLA/boletinlegal/images/menu_bg.jpg HTTP/1.1" 200 620
172.22.2.4 - - [04/Jan/2024:10:29:54 -0500] "GET /BLA/boletinlegal/images/hover.jpg HTTP/1.1" 200 640
172.22.2.4 - - [04/Jan/2024:10:29:54 -0500] "GET /BLA/boletinlegal/images/text.jpg HTTP/1.1" 200 568
156.59.198.135 - - [04/Jan/2024:10:30:10 -0500] "GET /BLA/resoluciones/AUTOS%202022/2557.pdf HTTP/1.0" 200 382277
172.22.2.4 - - [04/Jan/2024:10:30:26 -0500] "GET /BLA/boletinlegal/actos.php HTTP/1.1" 200 9648
172.22.2.4 - - [04/Jan/2024:10:30:27 -0500] "GET /BLA/boletinlegal/favicon.ico HTTP/1.1" 404 1326
172.22.2.4 - - [04/Jan/2024:10:29:54 -0500] "GET /BLA/boletinlegal/ HTTP/1.1" 200 24523
156.59.198.136 - - [04/Jan/2024:10:30:33 -0500] "GET /BLA/resoluciones/AUTOS%202022/2864.pdf HTTP/1.0" 200 357138
216.245.221.92 - - [04/Jan/2024:10:30:45 -0500] "HEAD / HTTP/1.1" 200 -
191.95.37.136 - - [04/Jan/2024:10:30:49 -0500] "GET /sipse/faces/index.xhtml HTTP/1.1" 200 677
191.95.37.136 - - [04/Jan/2024:10:30:49 -0500] "GET /sipse/faces/javax.faces.resource/theme.css?ln=primefaces-sipse HTTP/1.1" 304 -
191.95.37.136 - - [04/Jan/2024:10:30:49 -0500] "GET /sipse/faces/faces/autenticacion.xhtml HTTP/1.1" 200 12401
191.95.37.136 - - [04/Jan/2024:10:30:50 -0500] "GET /sipse/js/disable_browser_buttons.js HTTP/1.1" 200 3230
191.95.37.136 - - [04/Jan/2024:10:30:50 -0500] "GET /sipse/css/custom_css_sg.css HTTP/1.1" 200 9694
191.95.37.136 - - [04/Jan/2024:10:30:50 -0500] "GET /sipse/css/custom_css_sg_prime_login.css HTTP/1.1" 200 443
191.95.37.136 - - [04/Jan/2024:10:30:50 -0500] "GET /sipse/js/funciones.js HTTP/1.1" 200 12592
191.95.37.136 - - [04/Jan/2024:10:30:50 -0500] "GET /sipse/faces/javax.faces.resource/primefaces.css?ln=primefaces&v=4.0 HTTP/1.1" 304 -
191.95.37.136 - - [04/Jan/2024:10:30:50 -0500] "GET /sipse/faces/javax.faces.resource/layout/layout.css?ln=primefaces&v=4.0 HTTP/1.1" 304 -
191.95.37.136 - - [04/Jan/2024:10:30:50 -0500] "GET /sipse/faces/javax.faces.resource/theme.css?ln=primefaces-sipse HTTP/1.1" 304 -
191.95.37.136 - - [04/Jan/2024:10:30:50 -0500] "GET /sipse/faces/javax.faces.resource/jquery/jquery.js?ln=primefaces&v=4.0 HTTP/1.1" 304 -
191.95.37.136 - - [04/Jan/2024:10:30:50 -0500] "GET /sipse/faces/javax.faces.resource/jquery/jquery-plugins.js?ln=primefaces&v=4.0 HTTP/1.1" 304 -
191.95.37.136 - - [04/Jan/2024:10:30:50 -0500] "GET /sipse/faces/javax.faces.resource/primefaces.js?ln=primefaces&v=4.0 HTTP/1.1" 304 -
191.95.37.136 - - [04/Jan/2024:10:30:50 -0500] "GET /sipse/faces/javax.faces.resource/layout/layout.js?ln=primefaces&v=4.0 HTTP/1.1" 304 -
191.95.37.136 - - [04/Jan/2024:10:30:50 -0500] "GET /sipse/faces/javax.faces.resource/images/ui-icons_898989_256x240.png?ln=primefaces-aristo HTTP/1.1" 304 -
191.95.37.136 - - [04/Jan/2024:10:30:50 -0500] "GET /sipse/css/imagen/logoSDG.png HTTP/1.1" 200 53064
191.95.37.136 - - [04/Jan/2024:10:30:50 -0500] "GET /sipse/css/imagen/loginimg.png HTTP/1.1" 200 71635
66.249.66.19 - - [04/Jan/2024:10:30:56 -0500] "GET /BLA/resoluciones/RESOLUCIONES%202009/5805.pdf HTTP/1.1" 200 171107
156.59.198.136 - - [04/Jan/2024:10:30:57 -0500] "GET /BLA/resoluciones/AUTOS%202022/0192.pdf HTTP/1.0" 200 392579
131.72.137.226 - - [04/Jan/2024:10:31:02 -0500] "POST /BLA/boletinlegal/admin/actos/ingresar.php HTTP/1.1" 200 2103
131.72.137.226 - - [04/Jan/2024:10:31:05 -0500] "GET /BLA/boletinlegal/admin/actos/ingresar.php HTTP/1.1" 200 7210
156.59.198.135 - - [04/Jan/2024:10:31:22 -0500] "GET /BLA/resoluciones/AUTOS%202022/8013.pdf HTTP/1.0" 200 406889
156.59.198.136 - - [04/Jan/2024:10:31:46 -0500] "GET /BLA/resoluciones/AUTOS%202022/1213.pdf HTTP/1.0" 200 356209
131.72.137.226 - - [04/Jan/2024:10:32:08 -0500] "POST /BLA/boletinlegal/admin/actos/ingresar.php HTTP/1.1" 200 2103
156.59.198.135 - - [04/Jan/2024:10:32:10 -0500] "GET /BLA/resoluciones/AUTOS%202022/7382.pdf HTTP/1.0" 200 409560
131.72.137.226 - - [04/Jan/2024:10:32:16 -0500] "GET /BLA/boletinlegal/admin/actos/ingresar.php HTTP/1.1" 200 7210
172.22.2.4 - - [04/Jan/2024:10:32:23 -0500] "GET /BLA/boletinlegal/consulta_actos.php?tipo=autos&no=9178%20&usuario=&sector=&fecha=2023&resuelve= HTTP/1.1" 200 626
172.22.2.4 - - [04/Jan/2024:10:32:26 -0500] "GET /BLA/boletinlegal/consulta_actos.php?tipo=autos&no=9178%20&usuario=&sector=AIRE&fecha=2023&resuelve= HTTP/1.1" 200 626
172.22.2.4 - - [04/Jan/2024:10:32:29 -0500] "GET /BLA/boletinlegal/consulta_actos.php?tipo=resoluciones&no=9178%20&usuario=&sector=AIRE&fecha=2023&resuelve= HTTP/1.1" 200 626
172.22.2.4 - - [04/Jan/2024:10:32:34 -0500] "GET /BLA/boletinlegal/consulta_actos.php?tipo=autos&no=9178%20&usuario=&sector=AIRE&fecha=2023&resuelve= HTTP/1.1" 200 626
156.59.198.135 - - [04/Jan/2024:10:32:35 -0500] "GET /BLA/resoluciones/AUTOS%202022/3012.pdf HTTP/1.0" 200 415535
156.59.198.136 - - [04/Jan/2024:10:33:00 -0500] "GET /BLA/resoluciones/AUTOS%202022/0189.pdf HTTP/1.0" 200 412782
156.59.198.135 - - [04/Jan/2024:10:33:24 -0500] "GET /BLA/resoluciones/AUTOS%202022/1748.pdf HTTP/1.0" 200 368026
186.84.128.123 - - [04/Jan/2024:10:33:38 -0500] "GET /BLA/boletinlegal/actos.php HTTP/1.1" 200 9648
186.84.128.123 - - [04/Jan/2024:10:33:39 -0500] "GET /BLA/boletinlegal/styles2.css HTTP/1.1" 200 1838
186.84.128.123 - - [04/Jan/2024:10:33:39 -0500] "GET /BLA/boletinlegal/js/ajax_actos.js HTTP/1.1" 200 1322
186.84.128.123 - - [04/Jan/2024:10:33:39 -0500] "GET /BLA/boletinlegal/niceforms.js HTTP/1.1" 200 22876
186.84.128.123 - - [04/Jan/2024:10:33:39 -0500] "GET /BLA/boletinlegal/niceforms-default.css HTTP/1.1" 200 6694
186.84.128.123 - - [04/Jan/2024:10:33:39 -0500] "GET /BLA/boletinlegal/style.css HTTP/1.1" 200 9406
186.84.128.123 - - [04/Jan/2024:10:33:39 -0500] "GET /BLA/boletinlegal/js/jquery1.js HTTP/1.1" 200 29846
186.84.128.123 - - [04/Jan/2024:10:33:39 -0500] "GET /BLA/boletinlegal/js/lib.js HTTP/1.1" 200 6474
186.84.128.123 - - [04/Jan/2024:10:33:39 -0500] "GET /BLA/boletinlegal/js/popup.js HTTP/1.1" 200 1270
186.84.128.123 - - [04/Jan/2024:10:33:39 -0500] "GET /BLA/boletinlegal/images/cabezote%20BLEGAL.jpg HTTP/1.1" 200 118164
186.84.128.123 - - [04/Jan/2024:10:33:39 -0500] "GET /BLA/boletinlegal/images/subscribe-icon-big.png HTTP/1.1" 200 47702
186.84.128.123 - - [04/Jan/2024:10:33:39 -0500] "GET /BLA/boletinlegal/images/historia.png HTTP/1.1" 200 52775
186.84.128.123 - - [04/Jan/2024:10:33:39 -0500] "GET /BLA/boletinlegal/images/registro-usuarios.png HTTP/1.1" 200 8106
186.84.128.123 - - [04/Jan/2024:10:33:39 -0500] "GET /BLA/boletinlegal/images/green-yellow-blue-pink-th.png HTTP/1.1" 200 7394
186.84.128.123 - - [04/Jan/2024:10:33:39 -0500] "GET /BLA/boletinlegal/images/tel.png HTTP/1.1" 200 14477
186.84.128.123 - - [04/Jan/2024:10:33:39 -0500] "GET /BLA/boletinlegal/images/icono-email.png HTTP/1.1" 200 5544
186.84.128.123 - - [04/Jan/2024:10:33:39 -0500] "GET /BLA/boletinlegal/images/menu_lft.gif HTTP/1.1" 200 1713
186.84.128.123 - - [04/Jan/2024:10:33:39 -0500] "GET /BLA/boletinlegal/images/body_bg.jpg HTTP/1.1" 200 1601
186.84.128.123 - - [04/Jan/2024:10:33:39 -0500] "GET /BLA/boletinlegal/images/menu_rght.gif HTTP/1.1" 200 1627
186.84.128.123 - - [04/Jan/2024:10:33:39 -0500] "GET /BLA/boletinlegal/images/menu_bg.jpg HTTP/1.1" 200 620
186.84.128.123 - - [04/Jan/2024:10:33:39 -0500] "GET /BLA/boletinlegal/images/bg_top.jpg HTTP/1.1" 200 522
186.84.128.123 - - [04/Jan/2024:10:33:39 -0500] "GET /BLA/boletinlegal/images/hover.jpg HTTP/1.1" 200 640
186.84.128.123 - - [04/Jan/2024:10:33:39 -0500] "GET /BLA/boletinlegal/images/text.jpg HTTP/1.1" 200 568
186.84.128.123 - - [04/Jan/2024:10:33:39 -0500] "GET /BLA/boletinlegal/images/footer_bg.jpg HTTP/1.1" 200 586
186.84.128.123 - - [04/Jan/2024:10:33:39 -0500] "GET /BLA/boletinlegal/images/footer_bg_l.jpg HTTP/1.1" 200 776
156.59.198.136 - - [04/Jan/2024:10:33:49 -0500] "GET /BLA/resoluciones/AUTOS%202022/5970.pdf HTTP/1.0" 200 378735
131.72.137.226 - - [04/Jan/2024:10:33:55 -0500] "POST /BLA/boletinlegal/admin/actos/ingresar.php HTTP/1.1" 200 2103
131.72.137.226 - - [04/Jan/2024:10:33:57 -0500] "GET /BLA/boletinlegal/admin/actos/ingresar.php HTTP/1.1" 200 7210
179.19.105.5 - - [04/Jan/2024:10:34:00 -0500] "POST /sipse/faces/presentacion/financiero/solicitudProceso/listarSolicitudProceso.xhtml HTTP/1.1" 200 911
179.19.105.5 - - [04/Jan/2024:10:34:02 -0500] "GET /sipse/faces/faces/faces/autenticacion HTTP/1.1" 302 -
179.19.105.5 - - [04/Jan/2024:10:34:02 -0500] "GET /sipse/faces/autenticacion.xhtml HTTP/1.1" 200 12401
179.19.105.5 - - [04/Jan/2024:10:34:02 -0500] "GET /sipse/faces/javax.faces.resource/theme.css?ln=primefaces-sipse HTTP/1.1" 304 -
179.19.105.5 - - [04/Jan/2024:10:34:02 -0500] "GET /sipse/faces/javax.faces.resource/primefaces.css?ln=primefaces&v=4.0 HTTP/1.1" 304 -
179.19.105.5 - - [04/Jan/2024:10:34:02 -0500] "GET /sipse/faces/javax.faces.resource/jquery/jquery-plugins.js?ln=primefaces&v=4.0 HTTP/1.1" 304 -
179.19.105.5 - - [04/Jan/2024:10:34:02 -0500] "GET /sipse/faces/javax.faces.resource/jquery/jquery.js?ln=primefaces&v=4.0 HTTP/1.1" 304 -
179.19.105.5 - - [04/Jan/2024:10:34:02 -0500] "GET /sipse/faces/javax.faces.resource/layout/layout.css?ln=primefaces&v=4.0 HTTP/1.1" 304 -
179.19.105.5 - - [04/Jan/2024:10:34:02 -0500] "GET /sipse/faces/javax.faces.resource/primefaces.js?ln=primefaces&v=4.0 HTTP/1.1" 304 -
179.19.105.5 - - [04/Jan/2024:10:34:03 -0500] "GET /sipse/faces/javax.faces.resource/layout/layout.js?ln=primefaces&v=4.0 HTTP/1.1" 304 -
179.19.105.5 - - [04/Jan/2024:10:34:03 -0500] "GET /sipse/faces/javax.faces.resource/images/ui-icons_898989_256x240.png?ln=primefaces-aristo HTTP/1.1" 304 -
172.22.2.4 - - [04/Jan/2024:10:34:05 -0500] "GET /BLA/boletinlegal/consulta_actos.php?tipo=autos&no=9178%20&usuario=&sector=AIRE&fecha=2023&resuelve= HTTP/1.1" 200 626
172.22.2.4 - - [04/Jan/2024:10:34:09 -0500] "GET /BLA/boletinlegal/consulta_actos.php?tipo=autos&no=9178%20&usuario=CAR%27S%20S.A.S&sector=AIRE&fecha=2023&resuelve= HTTP/1.1" 200 982
156.59.198.135 - - [04/Jan/2024:10:34:13 -0500] "GET /BLA/resoluciones/AUTOS%202022/8591.pdf HTTP/1.0" 200 413149
172.22.2.4 - - [04/Jan/2024:10:34:14 -0500] "GET /BLA/boletinlegal/consulta_actos.php?tipo=autos&no=9178%20&usuario=CAR%27S%20S.A.S&sector=AIRE&fecha=2023&resuelve= HTTP/1.1" 200 982
131.72.137.226 - - [04/Jan/2024:10:34:16 -0500] "GET /BLA/resoluciones/ HTTP/1.1" 200 13696
131.72.137.226 - - [04/Jan/2024:10:34:16 -0500] "GET /BLA/resoluciones/dlf/styles.css HTTP/1.1" 200 3049
131.72.137.226 - - [04/Jan/2024:10:34:16 -0500] "GET /BLA/resoluciones/dlf/folder.png HTTP/1.1" 200 410
131.72.137.226 - - [04/Jan/2024:10:34:16 -0500] "GET /BLA/resoluciones/dlf/bg.gif HTTP/1.1" 200 54
131.72.137.226 - - [04/Jan/2024:10:34:22 -0500] "GET /BLA/resoluciones/index.php?dir=Acuerdos%2F HTTP/1.1" 200 3396
131.72.137.226 - - [04/Jan/2024:10:34:22 -0500] "GET /BLA/resoluciones/dlf/dirup.png HTTP/1.1" 200 644
131.72.137.226 - - [04/Jan/2024:10:34:22 -0500] "GET /BLA/resoluciones/dlf/pdf.gif HTTP/1.1" 200 272
186.102.1.140 - - [04/Jan/2024:10:34:25 -0500] "GET /kwssiamovil/sm/ldap/au?x=U2FsdGVkX18SCi1eOVz+SXzJF1TjBAlu7XhY+ez6+VcQF/pjczQB9q1VJdgGpIS1&y=U2FsdGVkX1/8lMyfr6prxYgNHH5BT0RK2Rg7ULxeP2HJ6Fk336GAiy1cnBuQ2Bua HTTP/1.1" 200 30
186.102.1.140 - - [04/Jan/2024:10:34:25 -0500] "GET /kwssiamovil/sm/acme/s?s=U2FsdGVkX1/m3rWRU7Y57IEo82r5QyYcfTbjPus8iNSxcTEIsjxhrvy0N9x+l7CroGKEI+u/7kVaWy3GtYdlv9b8Tujy0wBxqKILdJH9v6g=&u=U2FsdGVkX1/WR3b0tpGikJqtwoez8IZv5jd6UFVaSdI=&y=U2FsdGVkX1/8lMyfr6prxYgNHH5BT0RK2Rg7ULxeP2HJ6Fk336GAiy1cnBuQ2Bua HTTP/1.1" 200 97
186.102.1.140 - - [04/Jan/2024:10:34:25 -0500] "GET /kwssiamovil/sm/acme/s?s=U2FsdGVkX18APbU1tVCPG0PKJ5kHoQU5Ib04QKFz4nqR2LEA59nWzOiWwHFJqE6KYbAXklGtagnL+9dZ7IZs1FzyHOOBIvuVSTAGfC/nXqahj/jD/tXoSQrEXYLgPEM5+71wJNGCPLDOCh7732L0icaAt5w1X6Knv/zKzg7nHvR9uSgM9AuJVyaYmD6gvZXjQj+Y3fAof01QL+zfZXjgL4Itk2acC1Lib0rPG/T/A7Jrft2DZy14eaivseZcmCo/A91Y5qazdChIw8EwBK5zaNAtqnpOtEJPes1qOkBTfQ2JGUd7tY6/yg9CXBnvaAvDYCFscVBg2KtD9/naVQFGLY2noe41/tbawrTaMWrY2x5nsFwhtdoQ2a6OGbwbZSx58GNvjz0iSL3EyuAwZyFpC9DOhcEqRi2deSRAjEvZ+C+OzDrQLUYMV6VD/K4+W+vKqmY88B6iC+BguEzZLCOpj0w3wf3wqHLDyD8vai+OTYRaAGROBWOSWSWItXB9a4+8FwcfF/Irlf763zJ1kwH6FzPAJIUkOUj4N4XHjfOSH3Wno7Sf/01t9oPBHp2Q2aNMGUnTSBVJsJHZTMmQ4e43i52R7aCJxRYLTkp6iFkD93si06m627fMvCWgNUPMjnQWXWMvNe9LF9lvylTTRMQ4SwcXPmslv3WN0kr6Uv5JlO88AO6CEzpWmRuVV51+1Bc/aIRMkKsI7v636nkhZ7PRUEyosRFQAaGzBQ9RDLOp2vFgDHY4slOF0gbTEsU9MVNFhNowQFLa4+ALzx2qUqPRpQhCrKrfU1rIld6jf5D+YFgV/gpP5Bsls14uEKdHwS5ee5OmqPEcGzXHOXdMSqknbF6SHodCJNLOYbLH350v10LBHngiB247KpBapz8Z9CUlC+4IHo/j1WSEmqY8Vi7D8FcI3zzy8O2ZFlJBOnMC8qIhpN/3ja1WhkmvCI+l3ug9mReligvH4b4mbexXzWGJDozD+KVMx16aq2r0F2fRoyuNPlzVHvjphLswNJbYTT0HO83KDNoTkg8sRgdkljeHi01+Jen62LC6uC243A1NswcD5vuENTIIphZU0eHBhFlsuClb8TSMUkTp4KulhgwRkioYdC5+EbH2SXUm7v2aYQPkp3DQ8YGFoE3g5D8OviRrSp0nV6iO9NKNt/htvp2Bc9GmDiN75cemCKVyGEuiDsynytLxBrMdEPbjvs97uuOzNSVAGpE6v8H+foF68tSfxS9rveX5T6eW4RseFifGWqS10nbdfnama0zZaR6/G51in18TEH/nGcb3Px9I+f4nBdf2aOiZrAgs367hvId+iU9tjMUbCrcUljWyJTlocFeYf7PBHZObVBU1GilP7suiaNuh51SLHPyBsj3J1pIUa5MImLa4iLCNYyx9RkLNf9MqdS9DZ+xI6lA9BI3ip4ItwLoyeu5se+9uXULPZvD/KJCwhv3YsuE6hufeZeDCohS0Tp3jnqH19vcNe6WXwiqYgxDBnHsX+XRRDU3cOlCBmxwNOCLDc1O1qvpCXCRoJ21KT2T1O1+bKlX5S+Bd26pPiifEcbffV/RzD5wo2Si3Wml/rjjpWYy9nXzsSOUVKwoxUNEBE03azWESLJaNidu7byk0tapRVGoS9CiFJ0h+3kaT5Lcwbk9veK1z0J9lONRq7XJ1XcSk2kNb3CwSBZWPmGjMe+czwBzZ5M1ABxpNGF6I6anVasm6Srow/eMReGyLTxe/Gyyz1xcmYoSbzMOTYQb5jAbWb53nmbsJXEyKs88=&u=U2FsdGVkX1/WR3b0tpGikJqtwoez8IZv5jd6UFVaSdI=&y=U2FsdGVkX1/8lMyfr6prxYgNHH5BT0RK2Rg7ULxeP2HJ6Fk336GAiy1cnBuQ2Bua HTTP/1.1" 200 2655
186.102.1.140 - - [04/Jan/2024:10:34:25 -0500] "GET /kwssiamovil/sm/acme/s?s=U2FsdGVkX18/+tCJZ5oHbjgnSdPGTq56XR4FHettlMJc2GjxhX+hl2RDm9fbIOO1gnJ+KSlL3XK5kukykRMzZ8qSfXXcdwL8hMFResu5TOEcHQ35vlc1LgrMVKaZlcP+rPSDKqQESYvV2EFG1vAQnIMsIQ5HxTa3SMbHe28uHK7bMhhIewIy9c59DkOFHQvLfVdSYNCr6xtx5yic1HgDiXwlqXTRXGojwBmp/pvJyL5LuZX6afH2x5M0kjVL8qDKz5n5mhM1ka69wM7UMDPb6kj8L7INB7LChA4NucdVfBaZ3erQ4xghrTkl5wrdV1LNMdaNsYpoYf5k+qaXv+RhrgqcWMnQmrIUIsgP60JN6hsB0HPbkOqyZLxpeio61V7J8+CZlG2ZgmxFp5TmNsOH7tPwK9UipeeXX6laWvw8eziIt7Hny7i5qp86Ba1AzPhyuyF/H9wGGvjJqdSAB0cMCj1doWHAW3GUeXSXygJVYG4Tgf1+UJTg3rLBfa/WMwaao+iKePh4LIBo9ZFzNntWB6nkzCgRCFqv6QO7FxCZ6tIvAbl/UNVEl65AuFJkVV7EvIGvGKoKH1uPGZz4O8Zw7DEwHlvcbrMA8bhqFLpkHiwNomHPzoqu9iAEfOIu6LxQyz0R9ctWiam7eUw6wkt+PA/F3QCLoWmyx2NkKlEBsOpYXU26Ryr8viwqBdGLNrIiCPmT/XV6t8Soayohfm9aLQy7MyW3I2WVIqpYVasPwBlSA5x3OhnoWwhuf3GChdQA&u=U2FsdGVkX1/WR3b0tpGikJqtwoez8IZv5jd6UFVaSdI=&y=U2FsdGVkX1/8lMyfr6prxYgNHH5BT0RK2Rg7ULxeP2HJ6Fk336GAiy1cnBuQ2Bua HTTP/1.1" 200 208
172.22.2.4 - - [04/Jan/2024:10:32:46 -0500] "HEAD /BLA/boletinlegal/ HTTP/1.1" 200 -
186.102.1.140 - - [04/Jan/2024:10:34:25 -0500] "GET /kwssiamovil/sm/cjson/pre?f=1&x=U2FsdGVkX18SCi1eOVz+SXzJF1TjBAlu7XhY+ez6+VcQF/pjczQB9q1VJdgGpIS1 HTTP/1.1" 200 31032
200.75.42.226 - - [04/Jan/2024:10:34:27 -0500] "GET /sipse/faces/javax.faces.resource/theme.css?ln=primefaces-sipse HTTP/1.1" 304 -
131.72.137.226 - - [04/Jan/2024:10:34:34 -0500] "GET /BLA/resoluciones/index.php HTTP/1.1" 200 13696
156.59.198.136 - - [04/Jan/2024:10:34:37 -0500] "GET /BLA/resoluciones/AUTOS%202022/3690.pdf HTTP/1.0" 200 352737
179.19.105.5 - - [04/Jan/2024:10:34:38 -0500] "POST /sipse/faces/autenticacion.xhtml HTTP/1.1" 200 2183
179.19.105.5 - - [04/Jan/2024:10:34:38 -0500] "GET /sipse/faces/javax.faces.resource/messages/messages.png?ln=primefaces&v=4.0 HTTP/1.1" 304 -
131.72.137.226 - - [04/Jan/2024:10:34:43 -0500] "GET /BLA/resoluciones/index.php?dir=RESOLUCIONES+CONJUNTAS%2F HTTP/1.1" 200 4762
191.156.49.105 - - [04/Jan/2024:10:34:47 -0500] "GET /sipse/faces/index.xhtml HTTP/1.1" 200 677
191.156.49.105 - - [04/Jan/2024:10:34:47 -0500] "GET /sipse/faces/javax.faces.resource/theme.css?ln=primefaces-sipse HTTP/1.1" 304 -
191.156.49.105 - - [04/Jan/2024:10:34:48 -0500] "GET /sipse/faces/faces/autenticacion.xhtml HTTP/1.1" 200 12401
191.156.52.254 - - [04/Jan/2024:10:34:48 -0500] "GET /sipse/js/disable_browser_buttons.js HTTP/1.1" 304 -
191.156.49.105 - - [04/Jan/2024:10:34:48 -0500] "GET /sipse/css/custom_css_sg_prime_login.css HTTP/1.1" 304 -
191.156.59.16 - - [04/Jan/2024:10:34:48 -0500] "GET /sipse/faces/javax.faces.resource/theme.css?ln=primefaces-sipse HTTP/1.1" 304 -
191.156.52.254 - - [04/Jan/2024:10:34:48 -0500] "GET /sipse/js/funciones.js HTTP/1.1" 304 -
191.156.59.16 - - [04/Jan/2024:10:34:48 -0500] "GET /sipse/css/custom_css_sg.css HTTP/1.1" 304 -
191.156.52.73 - - [04/Jan/2024:10:34:48 -0500] "GET /sipse/faces/javax.faces.resource/primefaces.css?ln=primefaces&v=4.0 HTTP/1.1" 304 -
191.156.49.154 - - [04/Jan/2024:10:34:48 -0500] "GET /sipse/faces/javax.faces.resource/layout/layout.css?ln=primefaces&v=4.0 HTTP/1.1" 304 -
191.156.49.105 - - [04/Jan/2024:10:34:48 -0500] "GET /sipse/faces/javax.faces.resource/jquery/jquery.js?ln=primefaces&v=4.0 HTTP/1.1" 304 -
191.156.52.254 - - [04/Jan/2024:10:34:48 -0500] "GET /sipse/faces/javax.faces.resource/jquery/jquery-plugins.js?ln=primefaces&v=4.0 HTTP/1.1" 304 -
191.156.52.73 - - [04/Jan/2024:10:34:48 -0500] "GET /sipse/faces/javax.faces.resource/layout/layout.js?ln=primefaces&v=4.0 HTTP/1.1" 304 -
191.156.59.16 - - [04/Jan/2024:10:34:48 -0500] "GET /sipse/faces/javax.faces.resource/primefaces.js?ln=primefaces&v=4.0 HTTP/1.1" 304 -
191.156.59.16 - - [04/Jan/2024:10:34:48 -0500] "GET /sipse/css/imagen/logoSDG.png HTTP/1.1" 304 -
191.156.52.73 - - [04/Jan/2024:10:34:48 -0500] "GET /sipse/css/imagen/loginimg.png HTTP/1.1" 304 -
191.156.52.254 - - [04/Jan/2024:10:34:48 -0500] "GET /sipse/faces/javax.faces.resource/images/ui-icons_898989_256x240.png?ln=primefaces-aristo HTTP/1.1" 304 -
131.72.137.226 - - [04/Jan/2024:10:34:53 -0500] "GET /BLA/resoluciones/index.php HTTP/1.1" 200 13696
179.19.105.5 - - [04/Jan/2024:10:34:53 -0500] "POST /sipse/faces/autenticacion.xhtml HTTP/1.1" 200 2187
131.72.137.226 - - [04/Jan/2024:10:34:54 -0500] "GET /BLA/resoluciones/index.php HTTP/1.1" 200 13696
179.19.105.5 - - [04/Jan/2024:10:34:55 -0500] "POST /sipse/faces/autenticacion.xhtml HTTP/1.1" 200 2187
191.156.52.254 - - [04/Jan/2024:10:34:56 -0500] "POST /sipse/faces/autenticacion.xhtml HTTP/1.1" 200 2183
191.156.52.254 - - [04/Jan/2024:10:34:56 -0500] "GET /sipse/faces/javax.faces.resource/messages/messages.png?ln=primefaces&v=4.0 HTTP/1.1" 304 -
191.156.52.254 - - [04/Jan/2024:10:35:00 -0500] "POST /sipse/faces/autenticacion.xhtml HTTP/1.1" 200 2227
156.59.198.136 - - [04/Jan/2024:10:35:01 -0500] "GET /BLA/resoluciones/AUTOS%202022/1292.pdf HTTP/1.0" 200 346950
191.156.52.254 - - [04/Jan/2024:10:35:01 -0500] "POST /sipse/faces/autenticacion.xhtml HTTP/1.1" 200 16391
191.156.52.254 - - [04/Jan/2024:10:35:01 -0500] "GET /sipse/css/custom_css_sg_prime.css HTTP/1.1" 304 -
191.156.49.154 - - [04/Jan/2024:10:35:01 -0500] "GET /sipse/js/jquery.min.js HTTP/1.1" 304 -
191.156.52.73 - - [04/Jan/2024:10:35:01 -0500] "GET /sipse/faces/javax.faces.resource/primefaces.css?ln=primefaces&v=4.0 HTTP/1.1" 304 -
191.156.49.105 - - [04/Jan/2024:10:35:01 -0500] "GET /sipse/faces/javax.faces.resource/layout/layout.css?ln=primefaces&v=4.0 HTTP/1.1" 304 -
191.156.59.16 - - [04/Jan/2024:10:35:01 -0500] "GET /sipse/faces/javax.faces.resource/theme.css?ln=primefaces-sipse HTTP/1.1" 304 -
191.156.59.16 - - [04/Jan/2024:10:35:01 -0500] "GET /sipse/faces/javax.faces.resource/jquery/jquery.js?ln=primefaces&v=4.0 HTTP/1.1" 304 -
191.156.59.16 - - [04/Jan/2024:10:35:01 -0500] "GET /sipse/faces/javax.faces.resource/jquery/jquery-plugins.js?ln=primefaces&v=4.0 HTTP/1.1" 304 -
191.156.59.16 - - [04/Jan/2024:10:35:02 -0500] "GET /sipse/faces/javax.faces.resource/primefaces.js?ln=primefaces&v=4.0 HTTP/1.1" 304 -
191.156.59.16 - - [04/Jan/2024:10:35:02 -0500] "GET /sipse/faces/javax.faces.resource/layout/layout.js?ln=primefaces&v=4.0 HTTP/1.1" 304 -
191.156.52.73 - - [04/Jan/2024:10:35:02 -0500] "GET /sipse/imagenes/logoAplicacion.jpg HTTP/1.1" 304 -
191.156.59.16 - - [04/Jan/2024:10:35:02 -0500] "GET /sipse/css/v_mergente.css HTTP/1.1" 304 -
191.156.52.254 - - [04/Jan/2024:10:35:02 -0500] "GET /sipse/imagenes/cargando.gif HTTP/1.1" 304 -
191.156.49.105 - - [04/Jan/2024:10:35:02 -0500] "GET /sipse/css/imagen/contrasena.png HTTP/1.1" 404 383
179.19.105.5 - - [04/Jan/2024:10:35:04 -0500] "POST /sipse/faces/autenticacion.xhtml HTTP/1.1" 200 16830
179.19.105.5 - - [04/Jan/2024:10:35:05 -0500] "GET /sipse/faces/javax.faces.resource/theme.css?ln=primefaces-sipse HTTP/1.1" 304 -
179.19.105.5 - - [04/Jan/2024:10:35:05 -0500] "GET /sipse/faces/javax.faces.resource/primefaces.css?ln=primefaces&v=4.0 HTTP/1.1" 304 -
179.19.105.5 - - [04/Jan/2024:10:35:05 -0500] "GET /sipse/faces/javax.faces.resource/jquery/jquery.js?ln=primefaces&v=4.0 HTTP/1.1" 304 -
179.19.105.5 - - [04/Jan/2024:10:35:05 -0500] "GET /sipse/faces/javax.faces.resource/layout/layout.css?ln=primefaces&v=4.0 HTTP/1.1" 304 -
179.19.105.5 - - [04/Jan/2024:10:35:08 -0500] "GET /sipse/faces/javax.faces.resource/jquery/jquery-plugins.js?ln=primefaces&v=4.0 HTTP/1.1" 304 -
179.19.105.5 - - [04/Jan/2024:10:35:08 -0500] "GET /sipse/faces/javax.faces.resource/primefaces.js?ln=primefaces&v=4.0 HTTP/1.1" 304 -
179.19.105.5 - - [04/Jan/2024:10:35:08 -0500] "GET /sipse/faces/javax.faces.resource/layout/layout.js?ln=primefaces&v=4.0 HTTP/1.1" 304 -
179.19.105.5 - - [04/Jan/2024:10:35:08 -0500] "GET /sipse/css/imagen/contrasena.png HTTP/1.1" 404 383
179.19.105.5 - - [04/Jan/2024:10:35:14 -0500] "GET /sipse/faces/javax.faces.resource/images/ui-bg_flat_0_2d5972_40x100.png?ln=primefaces-aristo HTTP/1.1" 304 -
179.19.105.5 - - [04/Jan/2024:10:35:14 -0500] "POST /sipse/faces/bienvenido.xhtml HTTP/1.1" 200 2658
172.22.2.4 - - [04/Jan/2024:10:35:15 -0500] "GET /BLA/boletinlegal/actos.php HTTP/1.1" 200 9648
172.22.2.4 - - [04/Jan/2024:10:33:37 -0500] "GET /BLA/boletinlegal/ HTTP/1.1" 200 60910
179.19.105.5 - - [04/Jan/2024:10:35:16 -0500] "POST /sipse/faces/bienvenido.xhtml HTTP/1.1" 200 33086
179.19.105.5 - - [04/Jan/2024:10:35:17 -0500] "GET /sipse/faces/javax.faces.resource/theme.css?ln=primefaces-sipse HTTP/1.1" 304 -
179.19.105.5 - - [04/Jan/2024:10:35:17 -0500] "GET /sipse/faces/javax.faces.resource/layout/layout.css?ln=primefaces&v=4.0 HTTP/1.1" 304 -
179.19.105.5 - - [04/Jan/2024:10:35:17 -0500] "GET /sipse/faces/javax.faces.resource/primefaces.css?ln=primefaces&v=4.0 HTTP/1.1" 304 -
179.19.105.5 - - [04/Jan/2024:10:35:17 -0500] "GET /sipse/faces/javax.faces.resource/jquery/jquery.js?ln=primefaces&v=4.0 HTTP/1.1" 304 -
179.19.105.5 - - [04/Jan/2024:10:35:17 -0500] "GET /sipse/faces/javax.faces.resource/jquery/jquery-plugins.js?ln=primefaces&v=4.0 HTTP/1.1" 304 -
179.19.105.5 - - [04/Jan/2024:10:35:17 -0500] "GET /sipse/faces/javax.faces.resource/primefaces.js?ln=primefaces&v=4.0 HTTP/1.1" 304 -
179.19.105.5 - - [04/Jan/2024:10:35:17 -0500] "GET /sipse/faces/javax.faces.resource/layout/layout.js?ln=primefaces&v=4.0 HTTP/1.1" 304 -
179.19.105.5 - - [04/Jan/2024:10:35:18 -0500] "POST /sipse/faces/presentacion/financiero/solicitudProceso/listarSolicitudProceso.xhtml HTTP/1.1" 200 1376
191.156.60.247 - - [04/Jan/2024:10:35:19 -0500] "GET /sipse/faces/javax.faces.resource/images/ui-bg_flat_0_2d5972_40x100.png?ln=primefaces-aristo HTTP/1.1" 304 -
191.156.48.44 - - [04/Jan/2024:10:35:19 -0500] "POST /sipse/faces/bienvenido.xhtml HTTP/1.1" 200 2658
172.22.2.4 - - [04/Jan/2024:10:35:20 -0500] "GET /BLA/boletinlegal/consulta_actos.php?tipo=autos&no=9178%20&usuario=&sector=&fecha=2023&resuelve= HTTP/1.1" 200 626
179.19.105.5 - - [04/Jan/2024:10:35:20 -0500] "POST /sipse/faces/presentacion/financiero/solicitudProceso/listarSolicitudProceso.xhtml HTTP/1.1" 200 1685
179.19.105.5 - - [04/Jan/2024:10:35:20 -0500] "POST /sipse/faces/presentacion/financiero/solicitudProceso/listarSolicitudProceso.xhtml HTTP/1.1" 200 13107
179.19.105.5 - - [04/Jan/2024:10:35:20 -0500] "POST /sipse/faces/presentacion/financiero/solicitudProceso/listarSolicitudProceso.xhtml HTTP/1.1" 200 1685
156.59.198.136 - - [04/Jan/2024:10:35:26 -0500] "GET /BLA/resoluciones/AUTOS%202022/2025.pdf HTTP/1.0" 200 394737
179.19.105.5 - - [04/Jan/2024:10:35:35 -0500] "POST /sipse/faces/presentacion/financiero/solicitudProceso/listarSolicitudProceso.xhtml HTTP/1.1" 200 2737
179.19.105.5 - - [04/Jan/2024:10:35:38 -0500] "POST /sipse/faces/presentacion/financiero/solicitudProceso/listarSolicitudProceso.xhtml HTTP/1.1" 200 40775
179.19.105.5 - - [04/Jan/2024:10:35:39 -0500] "GET /sipse/faces/javax.faces.resource/primefaces.css?ln=primefaces&v=4.0 HTTP/1.1" 304 -
179.19.105.5 - - [04/Jan/2024:10:35:39 -0500] "GET /sipse/faces/javax.faces.resource/theme.css?ln=primefaces-sipse HTTP/1.1" 304 -
179.19.105.5 - - [04/Jan/2024:10:35:39 -0500] "GET /sipse/faces/javax.faces.resource/jquery/jquery.js?ln=primefaces&v=4.0 HTTP/1.1" 304 -
179.19.105.5 - - [04/Jan/2024:10:35:39 -0500] "GET /sipse/faces/javax.faces.resource/jquery/jquery-plugins.js?ln=primefaces&v=4.0 HTTP/1.1" 304 -
179.19.105.5 - - [04/Jan/2024:10:35:39 -0500] "GET /sipse/faces/javax.faces.resource/layout/layout.css?ln=primefaces&v=4.0 HTTP/1.1" 304 -
179.19.105.5 - - [04/Jan/2024:10:35:39 -0500] "GET /sipse/faces/javax.faces.resource/primefaces.js?ln=primefaces&v=4.0 HTTP/1.1" 304 -
179.19.105.5 - - [04/Jan/2024:10:35:39 -0500] "GET /sipse/faces/javax.faces.resource/layout/layout.js?ln=primefaces&v=4.0 HTTP/1.1" 304 -
179.19.105.5 - - [04/Jan/2024:10:35:39 -0500] "POST /sipse/faces/presentacion/financiero/solicitudProceso/consultar.xhtml HTTP/1.1" 200 34137
216.245.221.92 - - [04/Jan/2024:10:35:45 -0500] "HEAD / HTTP/1.1" 200 -
156.59.198.135 - - [04/Jan/2024:10:35:50 -0500] "GET /BLA/resoluciones/AUTOS%202022/4556.pdf HTTP/1.0" 200 361555
61.219.11.155 - - [04/Jan/2024:10:35:53 -0500] "GET / HTTP/1.1" 400 946
191.156.54.105 - - [04/Jan/2024:10:35:54 -0500] "GET /sipse/faces/index.xhtml HTTP/1.1" 200 677
191.156.54.105 - - [04/Jan/2024:10:35:55 -0500] "GET /sipse/faces/javax.faces.resource/theme.css?ln=primefaces-sipse HTTP/1.1" 304 -
191.156.52.73 - - [04/Jan/2024:10:35:55 -0500] "GET /sipse/faces/javax.faces.resource/theme.css?ln=primefaces-sipse HTTP/1.1" 304 -
191.156.54.105 - - [04/Jan/2024:10:35:55 -0500] "GET /sipse/faces/faces/autenticacion.xhtml HTTP/1.1" 200 12409
191.156.48.44 - - [04/Jan/2024:10:35:55 -0500] "GET /sipse/faces/javax.faces.resource/primefaces.css?ln=primefaces&v=4.0 HTTP/1.1" 304 -
191.156.51.222 - - [04/Jan/2024:10:35:55 -0500] "GET /sipse/faces/javax.faces.resource/jquery/jquery.js?ln=primefaces&v=4.0 HTTP/1.1" 304 -
191.156.48.44 - - [04/Jan/2024:10:35:55 -0500] "GET /sipse/faces/javax.faces.resource/layout/layout.css?ln=primefaces&v=4.0 HTTP/1.1" 304 -
191.156.51.222 - - [04/Jan/2024:10:35:55 -0500] "GET /sipse/faces/javax.faces.resource/jquery/jquery-plugins.js?ln=primefaces&v=4.0 HTTP/1.1" 304 -
191.156.52.73 - - [04/Jan/2024:10:35:55 -0500] "GET /sipse/faces/javax.faces.resource/primefaces.js?ln=primefaces&v=4.0 HTTP/1.1" 304 -
191.156.54.105 - - [04/Jan/2024:10:35:55 -0500] "GET /sipse/faces/javax.faces.resource/layout/layout.js?ln=primefaces&v=4.0 HTTP/1.1" 304 -
191.156.54.105 - - [04/Jan/2024:10:35:55 -0500] "GET /sipse/faces/javax.faces.resource/images/ui-icons_898989_256x240.png?ln=primefaces-aristo HTTP/1.1" 304 -
179.19.105.5 - - [04/Jan/2024:10:36:04 -0500] "POST /sipse/faces/presentacion/financiero/solicitudProceso/consultar.xhtml HTTP/1.1" 200 12876
179.19.105.5 - - [04/Jan/2024:10:36:09 -0500] "POST /sipse/faces/presentacion/financiero/solicitudProceso/consultar.xhtml HTTP/1.1" 200 163806
179.19.105.5 - - [04/Jan/2024:10:36:11 -0500] "GET /sipse/faces/javax.faces.resource/primefaces.css?ln=primefaces&v=4.0 HTTP/1.1" 304 -
179.19.105.5 - - [04/Jan/2024:10:36:11 -0500] "GET /sipse/faces/javax.faces.resource/layout/layout.css?ln=primefaces&v=4.0 HTTP/1.1" 304 -
179.19.105.5 - - [04/Jan/2024:10:36:11 -0500] "GET /sipse/faces/javax.faces.resource/theme.css?ln=primefaces-sipse HTTP/1.1" 304 -
179.19.105.5 - - [04/Jan/2024:10:36:11 -0500] "GET /sipse/faces/javax.faces.resource/jquery/jquery.js?ln=primefaces&v=4.0 HTTP/1.1" 304 -
179.19.105.5 - - [04/Jan/2024:10:36:12 -0500] "GET /sipse/faces/javax.faces.resource/jquery/jquery-plugins.js?ln=primefaces&v=4.0 HTTP/1.1" 304 -
179.19.105.5 - - [04/Jan/2024:10:36:12 -0500] "GET /sipse/faces/javax.faces.resource/primefaces.js?ln=primefaces&v=4.0 HTTP/1.1" 304 -
179.19.105.5 - - [04/Jan/2024:10:36:12 -0500] "GET /sipse/faces/javax.faces.resource/layout/layout.js?ln=primefaces&v=4.0 HTTP/1.1" 304 -
156.59.198.136 - - [04/Jan/2024:10:36:14 -0500] "GET /BLA/resoluciones/AUTOS%202022/7982.pdf HTTP/1.0" 200 402410
131.72.137.226 - - [04/Jan/2024:10:36:35 -0500] "POST /BLA/boletinlegal/admin/actos/ingresar.php HTTP/1.1" 200 7210
156.59.198.136 - - [04/Jan/2024:10:36:38 -0500] "GET /BLA/resoluciones/AUTOS%202022/2013.pdf HTTP/1.0" 200 376365
179.19.105.5 - - [04/Jan/2024:10:36:39 -0500] "POST /sipse/faces/presentacion/financiero/solicitudProceso/consultarSolicitudProceso.xhtml HTTP/1.1" 200 131072
186.84.90.178 - - [04/Jan/2024:10:36:42 -0500] "POST /appsia/controlador HTTP/1.1" 200 5437
186.84.90.178 - - [04/Jan/2024:10:36:45 -0500] "POST /appsia/controlador HTTP/1.1" 200 9435
186.84.90.178 - - [04/Jan/2024:10:36:47 -0500] "POST /appsia/controlador HTTP/1.1" 200 5437
131.72.137.226 - - [04/Jan/2024:10:36:53 -0500] "POST /BLA/boletinlegal/admin/actos/ingresar.php HTTP/1.1" 200 2103
131.72.137.226 - - [04/Jan/2024:10:36:55 -0500] "GET /BLA/boletinlegal/admin/actos/ingresar.php HTTP/1.1" 200 7210
156.59.198.136 - - [04/Jan/2024:10:37:03 -0500] "GET /BLA/resoluciones/AUTOS%202022/2823.pdf HTTP/1.0" 200 389297
156.59.198.135 - - [04/Jan/2024:10:37:27 -0500] "GET /BLA/resoluciones/AUTOS%202022/2918.pdf HTTP/1.0" 200 402860
131.72.137.226 - - [04/Jan/2024:10:37:29 -0500] "GET /BLA/boletinlegal/admin/ HTTP/1.1" 200 2324
131.72.137.226 - - [04/Jan/2024:10:37:30 -0500] "GET /BLA/boletinlegal/admin/index_files/style.css HTTP/1.1" 200 6223
131.72.137.226 - - [04/Jan/2024:10:37:30 -0500] "GET /BLA/boletinlegal/admin/images/bg.png HTTP/1.1" 200 332965
131.72.137.226 - - [04/Jan/2024:10:37:30 -0500] "GET /favicon.ico HTTP/1.1" 200 7782
131.72.137.226 - - [04/Jan/2024:10:37:38 -0500] "POST /BLA/boletinlegal/admin/usuarios/process.php HTTP/1.1" 302 -
207.46.13.154 - - [04/Jan/2024:10:37:49 -0500] "GET /portaldeninos/parque-ecologico-distrital-humedal-santa-maria-del-lago/ HTTP/1.1" 200 90199
156.59.198.135 - - [04/Jan/2024:10:37:51 -0500] "GET /BLA/resoluciones/AUTOS%202022/4983.pdf HTTP/1.0" 200 358921
131.72.137.226 - - [04/Jan/2024:10:37:38 -0500] "GET /BLA/boletinlegal/admin/index.php HTTP/1.1" 200 5690
131.72.137.226 - - [04/Jan/2024:10:37:55 -0500] "GET /BLA/boletinlegal/admin/index_files/header.png HTTP/1.1" 200 240212
131.72.137.226 - - [04/Jan/2024:10:37:55 -0500] "GET /BLA/boletinlegal/images/can.png HTTP/1.1" 200 37574
131.72.137.226 - - [04/Jan/2024:10:37:55 -0500] "GET /BLA/boletinlegal/admin/index_files/3_5.gif HTTP/1.1" 200 1633
131.72.137.226 - - [04/Jan/2024:10:37:55 -0500] "GET /BLA/boletinlegal/admin/index_files/7_1.gif HTTP/1.1" 200 1455
131.72.137.226 - - [04/Jan/2024:10:37:55 -0500] "GET /BLA/boletinlegal/admin/index_files/7_5.gif HTTP/1.1" 200 1565
131.72.137.226 - - [04/Jan/2024:10:37:55 -0500] "GET /BLA/boletinlegal/admin/index_files/2_2.gif HTTP/1.1" 200 1728
131.72.137.226 - - [04/Jan/2024:10:37:55 -0500] "GET /BLA/boletinlegal/admin/index_files/2_4.gif HTTP/1.1" 200 1763
131.72.137.226 - - [04/Jan/2024:10:37:55 -0500] "GET /BLA/boletinlegal/admin/index_files/index_files/tback.gif HTTP/1.1" 404 1334
61.219.11.155 - - [04/Jan/2024:10:37:55 -0500] "GET / HTTP/1.1" 400 946
131.72.137.226 - - [04/Jan/2024:10:37:59 -0500] "GET /BLA/boletinlegal/admin/actos/ingresar.php HTTP/1.1" 200 7210
131.72.137.226 - - [04/Jan/2024:10:37:59 -0500] "GET /BLA/boletinlegal/admin/js/jquery-1.3.1.min.js HTTP/1.1" 200 55272
131.72.137.226 - - [04/Jan/2024:10:37:59 -0500] "GET /BLA/boletinlegal/admin/js/jquery.functions.js HTTP/1.1" 200 2317
131.72.137.226 - - [04/Jan/2024:10:37:59 -0500] "GET /BLA/boletinlegal/admin/js/nicEdit-latest.js HTTP/1.1" 200 38373
131.72.137.226 - - [04/Jan/2024:10:37:59 -0500] "GET /BLA/boletinlegal/admin/css/default.css HTTP/1.1" 200 4379
131.72.137.226 - - [04/Jan/2024:10:37:59 -0500] "GET /BLA/boletinlegal/admin/img/h1.png HTTP/1.1" 200 3227
131.72.137.226 - - [04/Jan/2024:10:37:59 -0500] "GET /BLA/boletinlegal/admin/img/overlay.png HTTP/1.1" 200 984
156.59.198.135 - - [04/Jan/2024:10:38:15 -0500] "GET /BLA/resoluciones/AUTOS%202022/2974.pdf HTTP/1.0" 200 390579
156.59.198.135 - - [04/Jan/2024:10:38:39 -0500] "GET /BLA/resoluciones/AUTOS%202022/1661.pdf HTTP/1.0" 200 408961
131.72.137.226 - - [04/Jan/2024:10:38:54 -0500] "POST /BLA/boletinlegal/admin/actos/ingresar.php HTTP/1.1" 200 2103
131.72.137.226 - - [04/Jan/2024:10:38:56 -0500] "GET /BLA/boletinlegal/admin/actos/ingresar.php HTTP/1.1" 200 7210
156.59.198.135 - - [04/Jan/2024:10:39:03 -0500] "GET /BLA/resoluciones/AUTOS%202022/2150.pdf HTTP/1.0" 200 405047
156.59.198.136 - - [04/Jan/2024:10:39:28 -0500] "GET /BLA/resoluciones/AUTOS%202022/3421.pdf HTTP/1.0" 200 416934
201.245.192.253 - - [04/Jan/2024:10:39:32 -0500] "POST /kwsrmcab/Wsrmcab HTTP/1.1" 200 39452
201.245.192.253 - - [04/Jan/2024:10:39:37 -0500] "POST /kwsrmcab/Wsrmcab HTTP/1.1" 200 34984
172.22.2.4 - - [04/Jan/2024:10:39:44 -0500] "GET /BLA/boletinlegal/style.css HTTP/1.1" 200 9406
172.22.2.4 - - [04/Jan/2024:10:39:44 -0500] "GET /BLA/boletinlegal/js/jquery.js HTTP/1.1" 200 57254
172.22.2.4 - - [04/Jan/2024:10:39:44 -0500] "GET /BLA/boletinlegal/styles2.css HTTP/1.1" 200 1838
172.22.2.4 - - [04/Jan/2024:10:39:44 -0500] "GET /BLA/boletinlegal/js/jquery.scrollTo-min.js HTTP/1.1" 200 1150
172.22.2.4 - - [04/Jan/2024:10:39:44 -0500] "GET /BLA/boletinlegal/js/jquery.scrollShow.js HTTP/1.1" 200 4586
172.22.2.4 - - [04/Jan/2024:10:39:44 -0500] "GET /BLA/boletinlegal/images/cabezote%20BLEGAL.jpg HTTP/1.1" 200 118164
172.22.2.4 - - [04/Jan/2024:10:39:44 -0500] "GET /BLA/boletinlegal/images/screen_1.png HTTP/1.1" 200 202547
172.22.2.4 - - [04/Jan/2024:10:39:44 -0500] "GET /BLA/boletinlegal/images/subscribe-icon-big.png HTTP/1.1" 200 47702
172.22.2.4 - - [04/Jan/2024:10:39:44 -0500] "GET /BLA/boletinlegal/images/historia.png HTTP/1.1" 200 52775
172.22.2.4 - - [04/Jan/2024:10:39:44 -0500] "GET /BLA/boletinlegal/images/arr_l.jpg HTTP/1.1" 200 1979
172.22.2.4 - - [04/Jan/2024:10:39:44 -0500] "GET /BLA/boletinlegal/images/registro-usuarios.png HTTP/1.1" 200 8106
172.22.2.4 - - [04/Jan/2024:10:39:44 -0500] "GET /BLA/boletinlegal/images/launch.jpg HTTP/1.1" 200 14577
172.22.2.4 - - [04/Jan/2024:10:39:44 -0500] "GET /BLA/boletinlegal/images/body_bg.jpg HTTP/1.1" 200 1601
172.22.2.4 - - [04/Jan/2024:10:39:44 -0500] "GET /BLA/boletinlegal/images/menu_lft.gif HTTP/1.1" 200 1713
172.22.2.4 - - [04/Jan/2024:10:39:44 -0500] "GET /BLA/boletinlegal/images/menu_rght.gif HTTP/1.1" 200 1627
172.22.2.4 - - [04/Jan/2024:10:39:44 -0500] "GET /BLA/boletinlegal/images/bg_top.jpg HTTP/1.1" 200 522
172.22.2.4 - - [04/Jan/2024:10:39:44 -0500] "GET /BLA/boletinlegal/images/menu_bg.jpg HTTP/1.1" 200 620
172.22.2.4 - - [04/Jan/2024:10:39:44 -0500] "GET /BLA/boletinlegal/images/text.jpg HTTP/1.1" 200 568
172.22.2.4 - - [04/Jan/2024:10:39:44 -0500] "GET /BLA/boletinlegal/images/hover.jpg HTTP/1.1" 200 640
156.59.198.135 - - [04/Jan/2024:10:39:52 -0500] "GET /BLA/resoluciones/AUTOS%202022/7697.pdf HTTP/1.0" 200 402836
40.77.167.235 - - [04/Jan/2024:10:39:50 -0500] "GET /Publicaciones/2023EE308354.pdf HTTP/1.1" 200 1170560
172.22.2.4 - - [04/Jan/2024:10:39:54 -0500] "GET /BLA/boletinlegal/images/screen_2.png HTTP/1.1" 200 362502
172.22.2.4 - - [04/Jan/2024:10:39:54 -0500] "GET /BLA/boletinlegal/images/screen_3.png HTTP/1.1" 200 210620
172.22.2.4 - - [04/Jan/2024:10:39:54 -0500] "GET /BLA/boletinlegal/images/arr_r.jpg HTTP/1.1" 200 1998
172.22.2.4 - - [04/Jan/2024:10:39:54 -0500] "GET /BLA/boletinlegal/images/screen_5.png HTTP/1.1" 200 368876
172.22.2.4 - - [04/Jan/2024:10:39:54 -0500] "GET /BLA/boletinlegal/images/footer_bg.jpg HTTP/1.1" 200 586
172.22.2.4 - - [04/Jan/2024:10:39:55 -0500] "GET /BLA/boletinlegal/actos.php HTTP/1.1" 200 9648
172.22.2.4 - - [04/Jan/2024:10:39:55 -0500] "GET /BLA/boletinlegal/niceforms.js HTTP/1.1" 200 22876
172.22.2.4 - - [04/Jan/2024:10:39:55 -0500] "GET /BLA/boletinlegal/niceforms-default.css HTTP/1.1" 200 6694
172.22.2.4 - - [04/Jan/2024:10:39:55 -0500] "GET /BLA/boletinlegal/js/lib.js HTTP/1.1" 200 6474
172.22.2.4 - - [04/Jan/2024:10:39:55 -0500] "GET /BLA/boletinlegal/js/popup.js HTTP/1.1" 200 1270
172.22.2.4 - - [04/Jan/2024:10:39:55 -0500] "GET /BLA/boletinlegal/js/ajax_actos.js HTTP/1.1" 200 1322
