172.22.2.4 - - [04/Jan/2024:10:39:55 -0500] "GET /BLA/boletinlegal/js/jquery1.js HTTP/1.1" 200 29846
172.22.2.4 - - [04/Jan/2024:10:39:55 -0500] "GET /BLA/boletinlegal/images/green-yellow-blue-pink-th.png HTTP/1.1" 200 7394
172.22.2.4 - - [04/Jan/2024:10:39:55 -0500] "GET /BLA/boletinlegal/images/tel.png HTTP/1.1" 200 14477
172.22.2.4 - - [04/Jan/2024:10:39:55 -0500] "GET /BLA/boletinlegal/images/icono-email.png HTTP/1.1" 200 5544
172.22.2.4 - - [04/Jan/2024:10:39:55 -0500] "GET /BLA/boletinlegal/images/footer_bg_l.jpg HTTP/1.1" 200 776
172.22.2.4 - - [04/Jan/2024:10:39:55 -0500] "GET /BLA/boletinlegal/img/0.png HTTP/1.1" 200 110
172.22.2.4 - - [04/Jan/2024:10:39:55 -0500] "GET /BLA/boletinlegal/img/select-left.png HTTP/1.1" 200 263
172.22.2.4 - - [04/Jan/2024:10:39:55 -0500] "GET /BLA/boletinlegal/img/select-right.png HTTP/1.1" 200 44019
172.22.2.4 - - [04/Jan/2024:10:39:55 -0500] "GET /BLA/boletinlegal/img/button-left.png HTTP/1.1" 200 57071
172.22.2.4 - - [04/Jan/2024:10:39:55 -0500] "GET /BLA/boletinlegal/img/button.png HTTP/1.1" 200 43241
172.22.2.4 - - [04/Jan/2024:10:39:55 -0500] "GET /BLA/boletinlegal/img/button-right.png HTTP/1.1" 200 57878
172.22.2.4 - - [04/Jan/2024:10:39:55 -0500] "GET /BLA/boletinlegal/favicon.ico HTTP/1.1" 404 1326
131.72.137.226 - - [04/Jan/2024:10:39:59 -0500] "POST /BLA/boletinlegal/admin/actos/ingresar.php HTTP/1.1" 200 2002
172.22.2.4 - - [04/Jan/2024:10:40:01 -0500] "GET /BLA/boletinlegal/consulta_actos.php?tipo=autos&no=07751&usuario=&sector=&fecha=2023&resuelve= HTTP/1.1" 200 1049
172.22.2.4 - - [04/Jan/2024:10:40:01 -0500] "GET /BLA/boletinlegal/images/pdf.gif HTTP/1.1" 200 567
179.19.105.5 - - [04/Jan/2024:10:40:07 -0500] "POST /sipse/faces/presentacion/financiero/solicitudProceso/consultarSolicitudProceso.xhtml HTTP/1.1" 200 79963
172.22.2.4 - - [04/Jan/2024:10:40:07 -0500] "GET /BLA/boletinlegal/consulta_actos.php?tipo=resoluciones&no=9178%20&usuario=&sector=&fecha=2023&resuelve= HTTP/1.1" 200 626
172.22.2.4 - - [04/Jan/2024:10:40:09 -0500] "GET /BLA/boletinlegal/consulta_actos.php?tipo=resoluciones&no=9178%20&usuario=&sector=&fecha=2023&resuelve= HTTP/1.1" 200 626
172.22.2.4 - - [04/Jan/2024:10:40:10 -0500] "GET /BLA/boletinlegal/consulta_actos.php?tipo=resoluciones&no=9178%20&usuario=&sector=&fecha=2023&resuelve= HTTP/1.1" 200 626
179.19.105.5 - - [04/Jan/2024:10:40:14 -0500] "POST /sipse/faces/presentacion/financiero/solicitudProceso/consultarSolicitudProceso.xhtml HTTP/1.1" 200 79963
172.22.2.4 - - [04/Jan/2024:10:38:36 -0500] "HEAD /BLA/boletinlegal/ HTTP/1.1" 200 -
156.59.198.136 - - [04/Jan/2024:10:40:16 -0500] "GET /BLA/resoluciones/AUTOS%202022/2829.pdf HTTP/1.0" 200 403992
172.22.2.4 - - [04/Jan/2024:10:40:18 -0500] "GET /BLA/boletinlegal/consulta_actos.php?tipo=resoluciones&no=9178%20&usuario=&sector=&fecha=2023&resuelve= HTTP/1.1" 200 626
172.22.2.4 - - [04/Jan/2024:10:40:19 -0500] "GET /BLA/boletinlegal/actos.php HTTP/1.1" 200 9648
172.22.2.4 - - [04/Jan/2024:10:40:19 -0500] "GET /BLA/boletinlegal/styles2.css HTTP/1.1" 200 1838
172.22.2.4 - - [04/Jan/2024:10:40:19 -0500] "GET /BLA/boletinlegal/niceforms-default.css HTTP/1.1" 200 6694
172.22.2.4 - - [04/Jan/2024:10:40:19 -0500] "GET /BLA/boletinlegal/style.css HTTP/1.1" 200 9406
172.22.2.4 - - [04/Jan/2024:10:40:19 -0500] "GET /BLA/boletinlegal/js/ajax_actos.js HTTP/1.1" 200 1322
172.22.2.4 - - [04/Jan/2024:10:40:19 -0500] "GET /BLA/boletinlegal/niceforms.js HTTP/1.1" 200 22876
172.22.2.4 - - [04/Jan/2024:10:40:19 -0500] "GET /BLA/boletinlegal/js/lib.js HTTP/1.1" 200 6474
172.22.2.4 - - [04/Jan/2024:10:40:19 -0500] "GET /BLA/boletinlegal/js/popup.js HTTP/1.1" 200 1270
172.22.2.4 - - [04/Jan/2024:10:40:19 -0500] "GET /BLA/boletinlegal/js/jquery1.js HTTP/1.1" 200 29846
172.22.2.4 - - [04/Jan/2024:10:40:19 -0500] "GET /BLA/boletinlegal/images/cabezote%20BLEGAL.jpg HTTP/1.1" 200 118164
172.22.2.4 - - [04/Jan/2024:10:40:19 -0500] "GET /BLA/boletinlegal/images/subscribe-icon-big.png HTTP/1.1" 200 47702
172.22.2.4 - - [04/Jan/2024:10:40:19 -0500] "GET /BLA/boletinlegal/images/historia.png HTTP/1.1" 200 52775
172.22.2.4 - - [04/Jan/2024:10:40:19 -0500] "GET /BLA/boletinlegal/images/registro-usuarios.png HTTP/1.1" 200 8106
172.22.2.4 - - [04/Jan/2024:10:40:19 -0500] "GET /BLA/boletinlegal/images/green-yellow-blue-pink-th.png HTTP/1.1" 200 7394
172.22.2.4 - - [04/Jan/2024:10:40:19 -0500] "GET /BLA/boletinlegal/images/menu_rght.gif HTTP/1.1" 200 1627
172.22.2.4 - - [04/Jan/2024:10:40:19 -0500] "GET /BLA/boletinlegal/images/footer_bg.jpg HTTP/1.1" 200 586
172.22.2.4 - - [04/Jan/2024:10:40:19 -0500] "GET /BLA/boletinlegal/images/menu_bg.jpg HTTP/1.1" 200 620
172.22.2.4 - - [04/Jan/2024:10:40:20 -0500] "GET /BLA/boletinlegal/images/hover.jpg HTTP/1.1" 200 640
172.22.2.4 - - [04/Jan/2024:10:40:20 -0500] "GET /BLA/boletinlegal/images/bg_top.jpg HTTP/1.1" 200 522
172.22.2.4 - - [04/Jan/2024:10:40:20 -0500] "GET /BLA/boletinlegal/images/text.jpg HTTP/1.1" 200 568
172.22.2.4 - - [04/Jan/2024:10:40:20 -0500] "GET /BLA/boletinlegal/images/tel.png HTTP/1.1" 200 14477
172.22.2.4 - - [04/Jan/2024:10:40:20 -0500] "GET /BLA/boletinlegal/images/icono-email.png HTTP/1.1" 200 5544
172.22.2.4 - - [04/Jan/2024:10:40:20 -0500] "GET /BLA/boletinlegal/images/body_bg.jpg HTTP/1.1" 200 1601
172.22.2.4 - - [04/Jan/2024:10:40:20 -0500] "GET /BLA/boletinlegal/images/menu_lft.gif HTTP/1.1" 200 1713
172.22.2.4 - - [04/Jan/2024:10:40:20 -0500] "GET /BLA/boletinlegal/images/footer_bg_l.jpg HTTP/1.1" 200 776
172.22.2.4 - - [04/Jan/2024:10:40:20 -0500] "GET /BLA/boletinlegal/img/select-left.png HTTP/1.1" 200 263
172.22.2.4 - - [04/Jan/2024:10:40:20 -0500] "GET /BLA/boletinlegal/img/select-right.png HTTP/1.1" 200 44019
172.22.2.4 - - [04/Jan/2024:10:40:20 -0500] "GET /BLA/boletinlegal/img/0.png HTTP/1.1" 200 110
172.22.2.4 - - [04/Jan/2024:10:40:20 -0500] "GET /BLA/boletinlegal/img/button-left.png HTTP/1.1" 200 57071
172.22.2.4 - - [04/Jan/2024:10:40:20 -0500] "GET /BLA/boletinlegal/img/button.png HTTP/1.1" 200 43241
172.22.2.4 - - [04/Jan/2024:10:40:20 -0500] "GET /BLA/boletinlegal/favicon.ico HTTP/1.1" 404 1326
172.22.2.4 - - [04/Jan/2024:10:40:20 -0500] "GET /BLA/boletinlegal/img/button-right.png HTTP/1.1" 200 57878
66.249.66.21 - - [04/Jan/2024:10:40:31 -0500] "GET /BLA/resoluciones/RESOLUCIONES%202010/5234.pdf HTTP/1.1" 200 778733
201.245.192.253 - - [04/Jan/2024:10:40:31 -0500] "POST /kwsrmcab/Wsrmcab  HTTP/1.1" 200 36937
156.59.198.135 - - [04/Jan/2024:10:40:40 -0500] "GET /BLA/resoluciones/AUTOS%202022/5765.pdf HTTP/1.0" 200 400266
172.22.2.4 - - [04/Jan/2024:10:39:44 -0500] "GET /BLA/boletinlegal/ HTTP/1.1" 200 32715
216.245.221.92 - - [04/Jan/2024:10:40:45 -0500] "HEAD / HTTP/1.1" 200 -
201.245.192.253 - - [04/Jan/2024:10:41:04 -0500] "GET /sipse/faces/faces/autenticacion.xhtml HTTP/1.1" 200 12723
201.245.192.253 - - [04/Jan/2024:10:41:04 -0500] "GET /sipse/js/disable_browser_buttons.js HTTP/1.1" 200 3230
201.245.192.253 - - [04/Jan/2024:10:41:04 -0500] "GET /sipse/js/funciones.js HTTP/1.1" 200 12592
201.245.192.253 - - [04/Jan/2024:10:41:04 -0500] "GET /sipse/css/custom_css_sg.css HTTP/1.1" 200 9694
201.245.192.253 - - [04/Jan/2024:10:41:04 -0500] "GET /sipse/faces/javax.faces.resource/layout/layout.css;jsessionid=k4v2Yvc4z808hvHbyr1tdElM.undefined?ln=primefaces&v=4.0 HTTP/1.1" 200 542
201.245.192.253 - - [04/Jan/2024:10:41:04 -0500] "GET /sipse/css/custom_css_sg_prime_login.css HTTP/1.1" 200 443
201.245.192.253 - - [04/Jan/2024:10:41:04 -0500] "GET /sipse/faces/javax.faces.resource/jquery/jquery.js;jsessionid=k4v2Yvc4z808hvHbyr1tdElM.undefined?ln=primefaces&v=4.0 HTTP/1.1" 200 105384
201.245.192.253 - - [04/Jan/2024:10:41:04 -0500] "GET /sipse/faces/javax.faces.resource/primefaces.css;jsessionid=k4v2Yvc4z808hvHbyr1tdElM.undefined?ln=primefaces&v=4.0 HTTP/1.1" 200 53295
201.245.192.253 - - [04/Jan/2024:10:41:04 -0500] "GET /sipse/faces/javax.faces.resource/theme.css?ln=primefaces-sipse HTTP/1.1" 200 50058
201.245.192.253 - - [04/Jan/2024:10:41:04 -0500] "GET /sipse/faces/javax.faces.resource/layout/layout.js;jsessionid=k4v2Yvc4z808hvHbyr1tdElM.undefined?ln=primefaces&v=4.0 HTTP/1.1" 200 87560
201.245.192.253 - - [04/Jan/2024:10:41:04 -0500] "GET /sipse/faces/javax.faces.resource/jquery/jquery-plugins.js;jsessionid=k4v2Yvc4z808hvHbyr1tdElM.undefined?ln=primefaces&v=4.0 HTTP/1.1" 200 220526
201.245.192.253 - - [04/Jan/2024:10:41:04 -0500] "GET /sipse/faces/javax.faces.resource/primefaces.js;jsessionid=k4v2Yvc4z808hvHbyr1tdElM.undefined?ln=primefaces&v=4.0 HTTP/1.1" 200 276924
201.245.192.253 - - [04/Jan/2024:10:41:04 -0500] "GET /sipse/faces/javax.faces.resource/images/ui-icons_898989_256x240.png?ln=primefaces-aristo HTTP/1.1" 200 5355
201.245.192.253 - - [04/Jan/2024:10:41:04 -0500] "GET /sipse/css/imagen/logoSDG.png HTTP/1.1" 200 53064
201.245.192.253 - - [04/Jan/2024:10:41:04 -0500] "GET /sipse/css/imagen/loginimg.png HTTP/1.1" 200 71635
201.245.192.253 - - [04/Jan/2024:10:41:04 -0500] "GET /favicon.ico HTTP/1.1" 200 7782
201.245.192.253 - - [04/Jan/2024:10:41:04 -0500] "GET /sipse/faces/faces/index.xhtml HTTP/1.1" 200 677
201.245.192.253 - - [04/Jan/2024:10:41:04 -0500] "GET /sipse/faces/javax.faces.resource/theme.css?ln=primefaces-sipse HTTP/1.1" 304 -
201.245.192.253 - - [04/Jan/2024:10:41:04 -0500] "GET /sipse/faces/faces/faces/autenticacion.xhtml HTTP/1.1" 200 12401
201.245.192.253 - - [04/Jan/2024:10:41:04 -0500] "GET /sipse/faces/javax.faces.resource/theme.css?ln=primefaces-sipse HTTP/1.1" 304 -
201.245.192.253 - - [04/Jan/2024:10:41:04 -0500] "GET /sipse/faces/javax.faces.resource/layout/layout.css?ln=primefaces&v=4.0 HTTP/1.1" 200 542
201.245.192.253 - - [04/Jan/2024:10:41:04 -0500] "GET /sipse/faces/javax.faces.resource/jquery/jquery.js?ln=primefaces&v=4.0 HTTP/1.1" 200 105384
201.245.192.253 - - [04/Jan/2024:10:41:04 -0500] "GET /sipse/faces/javax.faces.resource/layout/layout.js?ln=primefaces&v=4.0 HTTP/1.1" 200 87560
201.245.192.253 - - [04/Jan/2024:10:41:04 -0500] "GET /sipse/faces/javax.faces.resource/primefaces.css?ln=primefaces&v=4.0 HTTP/1.1" 200 53295
201.245.192.253 - - [04/Jan/2024:10:41:04 -0500] "GET /sipse/faces/javax.faces.resource/jquery/jquery-plugins.js?ln=primefaces&v=4.0 HTTP/1.1" 200 220526
201.245.192.253 - - [04/Jan/2024:10:41:04 -0500] "GET /sipse/faces/javax.faces.resource/primefaces.js?ln=primefaces&v=4.0 HTTP/1.1" 200 276924
201.245.192.253 - - [04/Jan/2024:10:41:04 -0500] "GET /sipse/faces/javax.faces.resource/images/ui-icons_898989_256x240.png?ln=primefaces-aristo HTTP/1.1" 304 -
156.59.198.136 - - [04/Jan/2024:10:41:04 -0500] "GET /BLA/resoluciones/AUTOS%202022/4534.pdf HTTP/1.0" 200 369753
172.22.2.4 - - [04/Jan/2024:10:39:26 -0500] "GET /BLA/boletinlegal/ HTTP/1.1" 200 50586
201.245.192.253 - - [04/Jan/2024:10:41:20 -0500] "GET /kwsrmcab/Wsrmcab?wsdl HTTP/1.1" 200 6948
156.59.198.136 - - [04/Jan/2024:10:41:29 -0500] "GET /BLA/resoluciones/AUTOS%202022/6066.pdf HTTP/1.0" 200 393585
172.22.2.4 - - [04/Jan/2024:10:40:19 -0500] "GET /BLA/boletinlegal/ HTTP/1.1" 200 49099
156.59.198.135 - - [04/Jan/2024:10:41:54 -0500] "GET /BLA/resoluciones/AUTOS%202022/3384.pdf HTTP/1.0" 200 408515
156.59.198.136 - - [04/Jan/2024:10:42:18 -0500] "GET /BLA/resoluciones/AUTOS%202022/4895.pdf HTTP/1.0" 200 352414
172.22.2.4 - - [04/Jan/2024:10:42:28 -0500] "GET /BLA/boletinlegal/styles2.css HTTP/1.1" 200 1838
172.22.2.4 - - [04/Jan/2024:10:42:28 -0500] "GET /BLA/boletinlegal/style.css HTTP/1.1" 200 9406
172.22.2.4 - - [04/Jan/2024:10:42:28 -0500] "GET /BLA/boletinlegal/js/jquery.js HTTP/1.1" 200 57254
172.22.2.4 - - [04/Jan/2024:10:42:28 -0500] "GET /BLA/boletinlegal/js/jquery.scrollTo-min.js HTTP/1.1" 200 1150
172.22.2.4 - - [04/Jan/2024:10:42:28 -0500] "GET /BLA/boletinlegal/js/jquery.scrollShow.js HTTP/1.1" 200 4586
172.22.2.4 - - [04/Jan/2024:10:42:28 -0500] "GET /BLA/boletinlegal/images/cabezote%20BLEGAL.jpg HTTP/1.1" 200 118164
172.22.2.4 - - [04/Jan/2024:10:42:28 -0500] "GET /BLA/boletinlegal/images/subscribe-icon-big.png HTTP/1.1" 200 47702
172.22.2.4 - - [04/Jan/2024:10:42:28 -0500] "GET /BLA/boletinlegal/images/historia.png HTTP/1.1" 200 52775
172.22.2.4 - - [04/Jan/2024:10:42:28 -0500] "GET /BLA/boletinlegal/images/registro-usuarios.png HTTP/1.1" 200 8106
172.22.2.4 - - [04/Jan/2024:10:42:28 -0500] "GET /BLA/boletinlegal/images/arr_l.jpg HTTP/1.1" 200 1979
172.22.2.4 - - [04/Jan/2024:10:42:28 -0500] "GET /BLA/boletinlegal/images/screen_1.png HTTP/1.1" 200 202547
172.22.2.4 - - [04/Jan/2024:10:42:28 -0500] "GET /BLA/boletinlegal/images/launch.jpg HTTP/1.1" 200 14577
172.22.2.4 - - [04/Jan/2024:10:42:35 -0500] "GET /BLA/boletinlegal/images/screen_2.png HTTP/1.1" 200 362502
172.22.2.4 - - [04/Jan/2024:10:42:35 -0500] "GET /BLA/boletinlegal/images/screen_3.png HTTP/1.1" 200 210620
172.22.2.4 - - [04/Jan/2024:10:42:35 -0500] "GET /BLA/boletinlegal/images/screen_5.png HTTP/1.1" 200 368876
172.22.2.4 - - [04/Jan/2024:10:42:36 -0500] "GET /BLA/boletinlegal/images/arr_r.jpg HTTP/1.1" 200 1998
172.22.2.4 - - [04/Jan/2024:10:42:39 -0500] "GET /BLA/boletinlegal/consulta_actos.php?tipo=autos&no=07651&usuario=&sector=&fecha=2023&resuelve= HTTP/1.1" 200 626
172.22.2.4 - - [04/Jan/2024:10:42:42 -0500] "GET /BLA/boletinlegal/consulta_actos.php?tipo=autos&no=07651&usuario=&sector=&fecha=2023&resuelve= HTTP/1.1" 200 626
172.22.2.4 - - [04/Jan/2024:10:42:44 -0500] "GET /BLA/boletinlegal/images/pdf.gif HTTP/1.1" 200 567
58.53.218.148 - - [04/Jan/2024:10:42:44 -0500] "GET / HTTP/1.1" 200 319
156.59.198.136 - - [04/Jan/2024:10:42:45 -0500] "GET /BLA/resoluciones/AUTOS%202022/1976.pdf HTTP/1.0" 200 408837
156.59.198.135 - - [04/Jan/2024:10:43:08 -0500] "GET /BLA/resoluciones/AUTOS%202022/2795.pdf HTTP/1.0" 200 405760
172.22.2.4 - - [04/Jan/2024:10:43:14 -0500] "GET /BLA/boletinlegal/consulta_actos.php?tipo=autos&no=07751&usuario=&sector=&fecha=2023&resuelve= HTTP/1.1" 200 1049
172.22.2.4 - - [04/Jan/2024:10:43:14 -0500] "GET /BLA/boletinlegal/images/pdf.gif HTTP/1.1" 200 567
190.217.17.210 - - [04/Jan/2024:10:43:18 -0500] "GET /BLA/resoluciones/AUTOS%202023/07751.pdf HTTP/1.1" 200 8207607
190.217.17.210 - - [04/Jan/2024:10:43:20 -0500] "GET /favicon.ico HTTP/1.1" 200 7782
156.59.198.136 - - [04/Jan/2024:10:43:31 -0500] "GET /BLA/resoluciones/AUTOS%202022/8347.pdf HTTP/1.0" 200 369286
201.245.192.253 - - [04/Jan/2024:10:43:38 -0500] "POST /kwsrmcab/Wsrmcab HTTP/1.1" 200 40806
156.59.198.135 - - [04/Jan/2024:10:43:56 -0500] "GET /BLA/resoluciones/AUTOS%202022/3683.pdf HTTP/1.0" 200 406482
172.22.2.4 - - [04/Jan/2024:10:42:28 -0500] "GET /BLA/boletinlegal/ HTTP/1.1" 200 63054
156.59.198.135 - - [04/Jan/2024:10:44:20 -0500] "GET /BLA/resoluciones/AUTOS%202022/1027.pdf HTTP/1.0" 200 370178
156.59.198.136 - - [04/Jan/2024:10:44:44 -0500] "GET /BLA/resoluciones/AUTOS%202022/5851.pdf HTTP/1.0" 200 380989
201.245.192.253 - - [04/Jan/2024:10:44:52 -0500] "GET /sipse/faces/index.xhtml HTTP/1.1" 200 677
201.245.192.253 - - [04/Jan/2024:10:44:52 -0500] "GET /sipse/faces/javax.faces.resource/theme.css?ln=primefaces-sipse HTTP/1.1" 200 50058
201.245.192.253 - - [04/Jan/2024:10:44:53 -0500] "GET /sipse/faces/faces/autenticacion.xhtml HTTP/1.1" 200 12401
201.245.192.253 - - [04/Jan/2024:10:44:53 -0500] "GET /sipse/js/disable_browser_buttons.js HTTP/1.1" 200 3230
201.245.192.253 - - [04/Jan/2024:10:44:53 -0500] "GET /sipse/js/funciones.js HTTP/1.1" 200 12592
201.245.192.253 - - [04/Jan/2024:10:44:53 -0500] "GET /sipse/css/custom_css_sg.css HTTP/1.1" 200 9694
201.245.192.253 - - [04/Jan/2024:10:44:53 -0500] "GET /sipse/css/custom_css_sg_prime_login.css HTTP/1.1" 200 443
201.245.192.253 - - [04/Jan/2024:10:44:53 -0500] "GET /sipse/faces/javax.faces.resource/layout/layout.css?ln=primefaces&v=4.0 HTTP/1.1" 200 542
201.245.192.253 - - [04/Jan/2024:10:44:53 -0500] "GET /sipse/faces/javax.faces.resource/theme.css?ln=primefaces-sipse HTTP/1.1" 304 -
201.245.192.253 - - [04/Jan/2024:10:44:53 -0500] "GET /sipse/faces/javax.faces.resource/jquery/jquery-plugins.js?ln=primefaces&v=4.0 HTTP/1.1" 304 -
201.245.192.253 - - [04/Jan/2024:10:44:53 -0500] "GET /sipse/faces/javax.faces.resource/primefaces.js?ln=primefaces&v=4.0 HTTP/1.1" 304 -
201.245.192.253 - - [04/Jan/2024:10:44:53 -0500] "GET /sipse/faces/javax.faces.resource/jquery/jquery.js?ln=primefaces&v=4.0 HTTP/1.1" 304 -
201.245.192.253 - - [04/Jan/2024:10:44:53 -0500] "GET /sipse/faces/javax.faces.resource/layout/layout.js?ln=primefaces&v=4.0 HTTP/1.1" 304 -
201.245.192.253 - - [04/Jan/2024:10:44:53 -0500] "GET /sipse/faces/javax.faces.resource/primefaces.css?ln=primefaces&v=4.0 HTTP/1.1" 200 53295
201.245.192.253 - - [04/Jan/2024:10:44:54 -0500] "GET /sipse/faces/javax.faces.resource/images/ui-icons_898989_256x240.png?ln=primefaces-aristo HTTP/1.1" 200 5355
201.245.192.253 - - [04/Jan/2024:10:44:53 -0500] "GET /sipse/css/imagen/logoSDG.png HTTP/1.1" 200 53064
201.245.192.253 - - [04/Jan/2024:10:44:53 -0500] "GET /sipse/css/imagen/loginimg.png HTTP/1.1" 200 71635
201.245.192.253 - - [04/Jan/2024:10:44:56 -0500] "GET /sipsepre/faces/index.xhtml HTTP/1.1" 200 680
201.245.192.253 - - [04/Jan/2024:10:44:56 -0500] "GET /sipsepre/faces/javax.faces.resource/theme.css?ln=primefaces-sipse HTTP/1.1" 200 50106
201.245.192.253 - - [04/Jan/2024:10:44:57 -0500] "GET /sipsepre/faces/faces/autenticacion.xhtml HTTP/1.1" 200 12437
201.245.192.253 - - [04/Jan/2024:10:44:57 -0500] "GET /sipsepre/js/disable_browser_buttons.js HTTP/1.1" 200 3230
201.245.192.253 - - [04/Jan/2024:10:44:57 -0500] "GET /sipsepre/css/custom_css_sg.css HTTP/1.1" 200 9692
201.245.192.253 - - [04/Jan/2024:10:44:57 -0500] "GET /sipsepre/js/funciones.js HTTP/1.1" 200 12592
201.245.192.253 - - [04/Jan/2024:10:44:57 -0500] "GET /sipsepre/faces/javax.faces.resource/layout/layout.css?ln=primefaces&v=4.0 HTTP/1.1" 200 542
201.245.192.253 - - [04/Jan/2024:10:44:57 -0500] "GET /sipsepre/css/custom_css_sg_prime_login.css HTTP/1.1" 200 443
201.245.192.253 - - [04/Jan/2024:10:44:57 -0500] "GET /sipsepre/faces/javax.faces.resource/theme.css?ln=primefaces-sipse HTTP/1.1" 304 -
201.245.192.253 - - [04/Jan/2024:10:44:57 -0500] "GET /sipsepre/faces/javax.faces.resource/layout/layout.js?ln=primefaces&v=4.0 HTTP/1.1" 200 87560
201.245.192.253 - - [04/Jan/2024:10:44:57 -0500] "GET /sipsepre/faces/javax.faces.resource/primefaces.js?ln=primefaces&v=4.0 HTTP/1.1" 200 276924
201.245.192.253 - - [04/Jan/2024:10:44:57 -0500] "GET /sipsepre/faces/javax.faces.resource/primefaces.css?ln=primefaces&v=4.0 HTTP/1.1" 200 53325
201.245.192.253 - - [04/Jan/2024:10:44:57 -0500] "GET /sipsepre/faces/javax.faces.resource/jquery/jquery.js?ln=primefaces&v=4.0 HTTP/1.1" 200 105384
201.245.192.253 - - [04/Jan/2024:10:44:57 -0500] "GET /sipsepre/faces/javax.faces.resource/jquery/jquery-plugins.js?ln=primefaces&v=4.0 HTTP/1.1" 200 220526
201.245.192.253 - - [04/Jan/2024:10:44:57 -0500] "GET /sipsepre/faces/javax.faces.resource/images/ui-icons_898989_256x240.png?ln=primefaces-aristo HTTP/1.1" 200 5355
201.245.192.253 - - [04/Jan/2024:10:44:57 -0500] "GET /sipsepre/css/imagen/logoSDG.png HTTP/1.1" 200 53064
201.245.192.253 - - [04/Jan/2024:10:44:57 -0500] "GET /sipsepre/css/imagen/loginimg.png HTTP/1.1" 200 71635
201.245.192.253 - - [04/Jan/2024:10:44:57 -0500] "GET /favicon.ico HTTP/1.1" 200 7782
201.245.192.253 - - [04/Jan/2024:10:45:09 -0500] "GET /kwsrmcab/Wsrmcab HTTP/1.1" 405 22
201.245.192.253 - - [04/Jan/2024:10:45:09 -0500] "GET /favicon.ico HTTP/1.1" 200 7782
156.59.198.135 - - [04/Jan/2024:10:45:10 -0500] "GET /BLA/resoluciones/AUTOS%202022/1277.pdf HTTP/1.0" 200 370444
201.245.192.253 - - [04/Jan/2024:10:45:26 -0500] "GET /kwsrmcab/Wsrmcab?wsdl HTTP/1.1" 200 6948
156.59.198.135 - - [04/Jan/2024:10:45:33 -0500] "GET /BLA/resoluciones/AUTOS%202022/1291.pdf HTTP/1.0" 200 388302
201.245.192.253 - - [04/Jan/2024:10:45:32 -0500] "POST /kwsrmcab/Wsrmcab  HTTP/1.1" 200 36937
40.77.167.10 - - [04/Jan/2024:10:45:36 -0500] "GET /Publicaciones/2023EE309857.pdf HTTP/1.1" 200 234475
216.245.221.92 - - [04/Jan/2024:10:45:45 -0500] "HEAD / HTTP/1.1" 200 -
179.19.105.5 - - [04/Jan/2024:10:45:57 -0500] "POST /sipse/faces/presentacion/financiero/solicitudProceso/consultarSolicitudProceso.xhtml HTTP/1.1" 200 43876
179.19.105.5 - - [04/Jan/2024:10:45:57 -0500] "GET /sipse/faces/javax.faces.resource/theme.css?ln=primefaces-sipse HTTP/1.1" 304 -
179.19.105.5 - - [04/Jan/2024:10:45:57 -0500] "GET /sipse/faces/javax.faces.resource/jquery/jquery.js?ln=primefaces&v=4.0 HTTP/1.1" 304 -
179.19.105.5 - - [04/Jan/2024:10:45:57 -0500] "GET /sipse/faces/javax.faces.resource/primefaces.css?ln=primefaces&v=4.0 HTTP/1.1" 304 -
179.19.105.5 - - [04/Jan/2024:10:45:57 -0500] "GET /sipse/faces/javax.faces.resource/layout/layout.css?ln=primefaces&v=4.0 HTTP/1.1" 304 -
179.19.105.5 - - [04/Jan/2024:10:45:57 -0500] "GET /sipse/faces/javax.faces.resource/jquery/jquery-plugins.js?ln=primefaces&v=4.0 HTTP/1.1" 304 -
179.19.105.5 - - [04/Jan/2024:10:45:57 -0500] "GET /sipse/css/imagen/contrasena.png HTTP/1.1" 404 383
156.59.198.135 - - [04/Jan/2024:10:45:57 -0500] "GET /BLA/resoluciones/AUTOS%202022/1869.pdf HTTP/1.0" 200 383718
179.19.105.5 - - [04/Jan/2024:10:45:57 -0500] "GET /sipse/faces/javax.faces.resource/primefaces.js?ln=primefaces&v=4.0 HTTP/1.1" 304 -
179.19.105.5 - - [04/Jan/2024:10:45:58 -0500] "GET /sipse/faces/javax.faces.resource/layout/layout.js?ln=primefaces&v=4.0 HTTP/1.1" 304 -
179.19.105.5 - - [04/Jan/2024:10:45:58 -0500] "POST /sipse/faces/presentacion/financiero/solicitudProceso/consultar.xhtml HTTP/1.1" 200 37238
179.19.105.5 - - [04/Jan/2024:10:45:58 -0500] "POST /sipse/faces/presentacion/financiero/solicitudProceso/consultar.xhtml HTTP/1.1" 200 37238
179.19.105.5 - - [04/Jan/2024:10:46:02 -0500] "POST /sipse/faces/presentacion/financiero/solicitudProceso/consultar.xhtml HTTP/1.1" 200 12791
172.22.2.4 - - [04/Jan/2024:10:44:26 -0500] "HEAD /BLA/boletinlegal/ HTTP/1.1" 200 -
181.56.171.197 - - [04/Jan/2024:10:46:07 -0500] "POST /sipse/faces/presentacion/financiero/solicitudProceso/consultarSolicitudProceso.xhtml HTTP/1.1" 200 43924
181.56.171.197 - - [04/Jan/2024:10:46:07 -0500] "GET /sipse/css/custom_css_sg_prime.css HTTP/1.1" 200 5201
181.56.171.197 - - [04/Jan/2024:10:46:07 -0500] "GET /sipse/js/disable_browser_buttons.js HTTP/1.1" 200 3230
181.56.171.197 - - [04/Jan/2024:10:46:07 -0500] "GET /sipse/faces/javax.faces.resource/theme.css?ln=primefaces-sipse HTTP/1.1" 304 -
181.56.171.197 - - [04/Jan/2024:10:46:07 -0500] "GET /sipse/faces/javax.faces.resource/primefaces.css?ln=primefaces&v=4.0 HTTP/1.1" 304 -
181.56.171.197 - - [04/Jan/2024:10:46:07 -0500] "GET /sipse/faces/javax.faces.resource/layout/layout.css?ln=primefaces&v=4.0 HTTP/1.1" 304 -
181.56.171.197 - - [04/Jan/2024:10:46:07 -0500] "GET /sipse/js/jquery.min.js HTTP/1.1" 200 85582
181.56.171.197 - - [04/Jan/2024:10:46:07 -0500] "GET /sipse/js/funciones.js HTTP/1.1" 200 12592
181.56.171.197 - - [04/Jan/2024:10:46:07 -0500] "GET /sipse/faces/javax.faces.resource/jquery/jquery.js?ln=primefaces&v=4.0 HTTP/1.1" 200 105384
181.56.171.197 - - [04/Jan/2024:10:46:07 -0500] "GET /sipse/faces/javax.faces.resource/jquery/jquery-plugins.js?ln=primefaces&v=4.0 HTTP/1.1" 200 220526
181.56.171.197 - - [04/Jan/2024:10:46:07 -0500] "GET /sipse/css/imagen/contrasena.png HTTP/1.1" 404 383
181.56.171.197 - - [04/Jan/2024:10:46:08 -0500] "GET /sipse/faces/javax.faces.resource/primefaces.js?ln=primefaces&v=4.0 HTTP/1.1" 200 276924
181.56.171.197 - - [04/Jan/2024:10:46:08 -0500] "GET /sipse/faces/javax.faces.resource/layout/layout.js?ln=primefaces&v=4.0 HTTP/1.1" 200 87560
181.56.171.197 - - [04/Jan/2024:10:46:08 -0500] "POST /sipse/faces/presentacion/financiero/solicitudProceso/consultar.xhtml HTTP/1.1" 200 37288
181.56.171.197 - - [04/Jan/2024:10:46:08 -0500] "POST /sipse/faces/presentacion/financiero/solicitudProceso/consultar.xhtml HTTP/1.1" 200 37288
181.56.171.197 - - [04/Jan/2024:10:46:08 -0500] "POST /sipse/faces/presentacion/financiero/solicitudProceso/consultar.xhtml HTTP/1.1" 200 37288
181.56.171.197 - - [04/Jan/2024:10:46:11 -0500] "POST /sipse/faces/presentacion/financiero/solicitudProceso/consultar.xhtml HTTP/1.1" 200 23081
181.56.171.197 - - [04/Jan/2024:10:46:14 -0500] "POST /sipse/faces/presentacion/financiero/solicitudProceso/consultar.xhtml HTTP/1.1" 200 12873
179.19.105.5 - - [04/Jan/2024:10:46:18 -0500] "POST /sipse/faces/presentacion/financiero/solicitudProceso/consultar.xhtml HTTP/1.1" 200 162115
179.19.105.5 - - [04/Jan/2024:10:46:19 -0500] "GET /sipse/faces/javax.faces.resource/theme.css?ln=primefaces-sipse HTTP/1.1" 304 -
179.19.105.5 - - [04/Jan/2024:10:46:19 -0500] "GET /sipse/faces/javax.faces.resource/primefaces.css?ln=primefaces&v=4.0 HTTP/1.1" 304 -
179.19.105.5 - - [04/Jan/2024:10:46:19 -0500] "GET /sipse/faces/javax.faces.resource/layout/layout.css?ln=primefaces&v=4.0 HTTP/1.1" 304 -
179.19.105.5 - - [04/Jan/2024:10:46:19 -0500] "GET /sipse/faces/javax.faces.resource/jquery/jquery.js?ln=primefaces&v=4.0 HTTP/1.1" 304 -
179.19.105.5 - - [04/Jan/2024:10:46:19 -0500] "GET /sipse/faces/javax.faces.resource/jquery/jquery-plugins.js?ln=primefaces&v=4.0 HTTP/1.1" 304 -
179.19.105.5 - - [04/Jan/2024:10:46:19 -0500] "GET /sipse/faces/javax.faces.resource/primefaces.js?ln=primefaces&v=4.0 HTTP/1.1" 304 -
179.19.105.5 - - [04/Jan/2024:10:46:19 -0500] "GET /sipse/faces/javax.faces.resource/layout/layout.js?ln=primefaces&v=4.0 HTTP/1.1" 304 -
179.19.105.5 - - [04/Jan/2024:10:46:20 -0500] "GET /sipse/css/imagen/contrasena.png HTTP/1.1" 404 383
181.56.171.197 - - [04/Jan/2024:10:46:20 -0500] "POST /sipse/faces/presentacion/financiero/solicitudProceso/consultar.xhtml HTTP/1.1" 200 154456
181.56.171.197 - - [04/Jan/2024:10:46:21 -0500] "GET /sipse/css/custom_css_sg.css HTTP/1.1" 200 9694
181.56.171.197 - - [04/Jan/2024:10:46:21 -0500] "GET /sipse/faces/javax.faces.resource/layout/layout.css?ln=primefaces&v=4.0 HTTP/1.1" 200 542
181.56.171.197 - - [04/Jan/2024:10:46:21 -0500] "GET /sipse/faces/javax.faces.resource/theme.css?ln=primefaces-sipse HTTP/1.1" 200 50058
181.56.171.197 - - [04/Jan/2024:10:46:21 -0500] "GET /sipse/faces/javax.faces.resource/jquery/jquery.js?ln=primefaces&v=4.0 HTTP/1.1" 304 -
181.56.171.197 - - [04/Jan/2024:10:46:21 -0500] "GET /sipse/faces/javax.faces.resource/primefaces.css?ln=primefaces&v=4.0 HTTP/1.1" 200 53295
181.56.171.197 - - [04/Jan/2024:10:46:21 -0500] "GET /sipse/faces/javax.faces.resource/jquery/jquery-plugins.js?ln=primefaces&v=4.0 HTTP/1.1" 304 -
181.56.171.197 - - [04/Jan/2024:10:46:21 -0500] "GET /sipse/faces/javax.faces.resource/primefaces.js?ln=primefaces&v=4.0 HTTP/1.1" 304 -
181.56.171.197 - - [04/Jan/2024:10:46:21 -0500] "GET /sipse/faces/javax.faces.resource/layout/layout.js?ln=primefaces&v=4.0 HTTP/1.1" 304 -
181.56.171.197 - - [04/Jan/2024:10:46:21 -0500] "GET /sipse/css/imagen/contrasena.png HTTP/1.1" 404 383
156.59.198.135 - - [04/Jan/2024:10:46:21 -0500] "GET /BLA/resoluciones/AUTOS%202022/1795.pdf HTTP/1.0" 200 322390
179.19.105.5 - - [04/Jan/2024:10:46:27 -0500] "POST /sipse/faces/presentacion/financiero/solicitudProceso/consultarSolicitudProceso.xhtml HTTP/1.1" 200 78621
181.56.171.197 - - [04/Jan/2024:10:46:31 -0500] "POST /sipse/faces/presentacion/financiero/solicitudProceso/consultarSolicitudProceso.xhtml HTTP/1.1" 200 114202
156.59.198.136 - - [04/Jan/2024:10:46:47 -0500] "GET /BLA/resoluciones/AUTOS%202022/1980.pdf HTTP/1.0" 200 310706
201.245.192.253 - - [04/Jan/2024:10:46:54 -0500] "GET /kwsrmcab/Wsrmcab?wsdl HTTP/1.1" 200 6948
201.245.192.253 - - [04/Jan/2024:10:46:54 -0500] "GET /favicon.ico HTTP/1.1" 200 7782
172.22.2.4 - - [04/Jan/2024:10:45:16 -0500] "GET /BLA/boletinlegal/ HTTP/1.1" 200 60502
156.59.198.136 - - [04/Jan/2024:10:47:11 -0500] "GET /BLA/resoluciones/AUTOS%202022/3569.pdf HTTP/1.0" 200 361613
216.244.66.195 - - [04/Jan/2024:10:47:12 -0500] "GET /BLA/resoluciones/RESOLUCIONES%201996/RESOLUCION%20445%20DE%201996.pdf HTTP/1.1" 200 126412
201.245.192.253 - - [04/Jan/2024:10:47:13 -0500] "GET /kwsrmcab/Wsrmcab?wsdl HTTP/1.1" 200 6948
201.245.192.253 - - [04/Jan/2024:10:47:31 -0500] "POST /kwsrmcab/Wsrmcab HTTP/1.1" 200 37057
156.59.198.136 - - [04/Jan/2024:10:47:35 -0500] "GET /BLA/resoluciones/AUTOS%202022/0899.pdf HTTP/1.0" 200 381335
156.59.198.136 - - [04/Jan/2024:10:48:00 -0500] "GET /BLA/resoluciones/AUTOS%202022/4948.pdf HTTP/1.0" 200 353240
45.238.183.227 - - [04/Jan/2024:10:48:07 -0500] "GET /catalogoisis/Css/Busqueda.css HTTP/1.1" 200 1995
45.238.183.227 - - [04/Jan/2024:10:48:07 -0500] "GET /catalogoisis/ HTTP/1.1" 200 8575
45.238.183.227 - - [04/Jan/2024:10:48:07 -0500] "GET /catalogoisis/Js/AceptarLimpiar.js HTTP/1.1" 200 331
45.238.183.227 - - [04/Jan/2024:10:48:07 -0500] "GET /catalogoisis/Js/Remote.js HTTP/1.1" 200 436
45.238.183.227 - - [04/Jan/2024:10:48:07 -0500] "GET /catalogoisis/Js/CriterioCombinada.js HTTP/1.1" 200 1843
45.238.183.227 - - [04/Jan/2024:10:48:07 -0500] "GET /catalogoisis/Js/LimpiarCombinada.js HTTP/1.1" 200 207
45.238.183.227 - - [04/Jan/2024:10:48:07 -0500] "GET /catalogoisis/Js/Cookies.js HTTP/1.1" 200 1369
45.238.183.227 - - [04/Jan/2024:10:48:07 -0500] "GET /catalogoisis/Js/Go.js HTTP/1.1" 200 364
45.238.183.227 - - [04/Jan/2024:10:48:07 -0500] "GET /catalogoisis/Js/Numero.js HTTP/1.1" 200 398
45.238.183.227 - - [04/Jan/2024:10:48:07 -0500] "GET /catalogoisis/Js/Enter.js HTTP/1.1" 200 1208
45.238.183.227 - - [04/Jan/2024:10:48:07 -0500] "GET /catalogoisis/imagenes/br1c1.gif HTTP/1.1" 200 172
45.238.183.227 - - [04/Jan/2024:10:48:07 -0500] "GET /catalogoisis/imagenes/br1c3.gif HTTP/1.1" 200 302
45.238.183.227 - - [04/Jan/2024:10:48:07 -0500] "GET /catalogoisis/imagenes/Header.gif HTTP/1.1" 200 27040
45.238.183.227 - - [04/Jan/2024:10:48:07 -0500] "GET /catalogoisis/imagenes/br3c1.gif HTTP/1.1" 200 177
45.238.183.227 - - [04/Jan/2024:10:48:07 -0500] "GET /catalogoisis/imagenes/aceptar1.gif HTTP/1.1" 200 604
45.238.183.227 - - [04/Jan/2024:10:48:07 -0500] "GET /catalogoisis/imagenes/Turnbo1.gif HTTP/1.1" 200 227
45.238.183.227 - - [04/Jan/2024:10:48:07 -0500] "GET /catalogoisis/imagenes/limpiar1.gif HTTP/1.1" 200 606
45.238.183.227 - - [04/Jan/2024:10:48:07 -0500] "GET /catalogoisis/imagenes/br3c2.gif HTTP/1.1" 200 285
45.238.183.227 - - [04/Jan/2024:10:48:07 -0500] "GET /catalogoisis/imagenes/br3c3.gif HTTP/1.1" 200 186
45.238.183.227 - - [04/Jan/2024:10:48:07 -0500] "GET /catalogoisis/imagenes/br1c2.gif HTTP/1.1" 200 297
45.238.183.227 - - [04/Jan/2024:10:48:07 -0500] "GET /catalogoisis/imagenes/br2c1.gif HTTP/1.1" 200 297
45.238.183.227 - - [04/Jan/2024:10:48:07 -0500] "GET /catalogoisis/imagenes/br2c3.gif HTTP/1.1" 200 416
45.238.183.227 - - [04/Jan/2024:10:48:07 -0500] "GET /catalogoisis/imagenes/br2c2.gif HTTP/1.1" 200 302
45.238.183.227 - - [04/Jan/2024:10:48:07 -0500] "GET /favicon.ico HTTP/1.1" 200 7782
156.59.198.135 - - [04/Jan/2024:10:48:25 -0500] "GET /BLA/resoluciones/AUTOS%202022/1867.pdf HTTP/1.0" 200 381757
156.59.198.136 - - [04/Jan/2024:10:48:49 -0500] "GET /BLA/resoluciones/AUTOS%202022/2009.pdf HTTP/1.0" 200 382331
216.244.66.195 - - [04/Jan/2024:10:48:56 -0500] "GET /BLA/resoluciones/AUTOS%202009/0861.pdf HTTP/1.1" 200 73181
131.72.137.226 - - [04/Jan/2024:10:49:00 -0500] "GET /BLA/boletinlegal/admin/ HTTP/1.1" 200 2324
216.244.66.195 - - [04/Jan/2024:10:49:00 -0500] "GET /BLA/resoluciones/AUTOS%202009/1075.pdf HTTP/1.1" 200 113207
216.244.66.195 - - [04/Jan/2024:10:49:04 -0500] "GET /BLA/resoluciones/AUTOS%202009/1447.pdf HTTP/1.1" 200 118419
216.244.66.195 - - [04/Jan/2024:10:49:09 -0500] "GET /BLA/resoluciones/AUTOS%202009/1568.pdf HTTP/1.1" 200 124530
216.244.66.195 - - [04/Jan/2024:10:49:12 -0500] "GET /BLA/resoluciones/AUTOS%202009/2269.pdf HTTP/1.1" 200 122440
66.249.66.192 - - [04/Jan/2024:10:49:12 -0500] "GET /distrito-inicia-pavimentacion-de-vias-para-mejorar-la-calidad-del-aire-de-bogota.html HTTP/1.1" 200 970
156.59.198.135 - - [04/Jan/2024:10:49:14 -0500] "GET /BLA/resoluciones/AUTOS%202022/5656.pdf HTTP/1.0" 200 415641
216.244.66.195 - - [04/Jan/2024:10:49:15 -0500] "GET /BLA/resoluciones/AUTOS%202009/2884.pdf HTTP/1.1" 200 74103
216.244.66.195 - - [04/Jan/2024:10:49:21 -0500] "GET /BLA/resoluciones/AUTOS%202011/1239.pdf HTTP/1.1" 200 35040
131.72.137.226 - - [04/Jan/2024:10:49:21 -0500] "POST /BLA/boletinlegal/admin/usuarios/process.php HTTP/1.1" 302 -
216.244.66.195 - - [04/Jan/2024:10:49:24 -0500] "GET /BLA/resoluciones/AUTOS%202011/1419.pdf HTTP/1.1" 200 111749
216.244.66.195 - - [04/Jan/2024:10:49:28 -0500] "GET /BLA/resoluciones/AUTOS%202011/1641.pdf HTTP/1.1" 200 138777
216.244.66.195 - - [04/Jan/2024:10:49:31 -0500] "GET /BLA/resoluciones/AUTOS%202011/1878.pdf HTTP/1.1" 200 150917
156.59.198.135 - - [04/Jan/2024:10:49:37 -0500] "GET /BLA/resoluciones/AUTOS%202022/1217.pdf HTTP/1.0" 200 414073
131.72.137.226 - - [04/Jan/2024:10:49:21 -0500] "GET /BLA/boletinlegal/admin/index.php HTTP/1.1" 200 5476
131.72.137.226 - - [04/Jan/2024:10:49:38 -0500] "GET /BLA/boletinlegal/admin/index_files/index_files/tback.gif HTTP/1.1" 404 1334
216.244.66.195 - - [04/Jan/2024:10:49:41 -0500] "GET /BLA/resoluciones/AUTOS%202011/1888.pdf HTTP/1.1" 200 147729
216.244.66.195 - - [04/Jan/2024:10:49:47 -0500] "GET /BLA/resoluciones/AUTOS%202011/2209.pdf HTTP/1.1" 200 230276
131.72.137.226 - - [04/Jan/2024:10:49:48 -0500] "GET /BLA/boletinlegal/admin/notificaciones/ingresar.php HTTP/1.1" 200 30236
131.72.137.226 - - [04/Jan/2024:10:49:48 -0500] "GET /BLA/boletinlegal/admin/css/dynamic.css HTTP/1.1" 200 23305
131.72.137.226 - - [04/Jan/2024:10:49:48 -0500] "GET /BLA/boletinlegal/admin/css/creation.css HTTP/1.1" 200 3945
131.72.137.226 - - [04/Jan/2024:10:49:48 -0500] "GET /BLA/boletinlegal/images/cabezote%20BLEGAL.jpg HTTP/1.1" 200 118164
131.72.137.226 - - [04/Jan/2024:10:49:48 -0500] "GET /css/global/buttons.css HTTP/1.1" 404 1324
131.72.137.226 - - [04/Jan/2024:10:49:48 -0500] "GET /BLA/boletinlegal/admin/images/calendario.png HTTP/1.1" 200 4380
201.245.192.253 - - [04/Jan/2024:10:49:48 -0500] "POST /kwsrmcab/Wsrmcab HTTP/1.1" 200 39452
131.72.137.226 - - [04/Jan/2024:10:49:52 -0500] "GET /BLA/boletinlegal/admin/notificaciones/ingresar.php HTTP/1.1" 200 30236
131.72.137.226 - - [04/Jan/2024:10:49:52 -0500] "GET /css/global/buttons.css HTTP/1.1" 404 1324
216.244.66.195 - - [04/Jan/2024:10:49:54 -0500] "GET /BLA/resoluciones/AUTOS%202011/3025.pdf HTTP/1.1" 200 74460
216.244.66.195 - - [04/Jan/2024:10:49:58 -0500] "GET /BLA/resoluciones/AUTOS%202011/3073.pdf HTTP/1.1" 200 240181
156.59.198.136 - - [04/Jan/2024:10:50:02 -0500] "GET /BLA/resoluciones/AUTOS%202022/5098.pdf HTTP/1.0" 200 381755
179.19.105.5 - - [04/Jan/2024:10:50:02 -0500] "POST /sipse/faces/presentacion/financiero/solicitudProceso/consultarSolicitudProceso.xhtml HTTP/1.1" 200 43791
179.19.105.5 - - [04/Jan/2024:10:50:04 -0500] "GET /sipse/faces/javax.faces.resource/theme.css?ln=primefaces-sipse HTTP/1.1" 304 -
179.19.105.5 - - [04/Jan/2024:10:50:04 -0500] "GET /sipse/faces/javax.faces.resource/jquery/jquery.js?ln=primefaces&v=4.0 HTTP/1.1" 304 -
179.19.105.5 - - [04/Jan/2024:10:50:04 -0500] "GET /sipse/faces/javax.faces.resource/primefaces.css?ln=primefaces&v=4.0 HTTP/1.1" 304 -
179.19.105.5 - - [04/Jan/2024:10:50:04 -0500] "GET /sipse/faces/javax.faces.resource/layout/layout.css?ln=primefaces&v=4.0 HTTP/1.1" 304 -
179.19.105.5 - - [04/Jan/2024:10:50:04 -0500] "GET /sipse/faces/javax.faces.resource/jquery/jquery-plugins.js?ln=primefaces&v=4.0 HTTP/1.1" 304 -
179.19.105.5 - - [04/Jan/2024:10:50:05 -0500] "GET /sipse/faces/javax.faces.resource/primefaces.js?ln=primefaces&v=4.0 HTTP/1.1" 304 -
179.19.105.5 - - [04/Jan/2024:10:50:05 -0500] "GET /sipse/faces/javax.faces.resource/layout/layout.js?ln=primefaces&v=4.0 HTTP/1.1" 304 -
179.19.105.5 - - [04/Jan/2024:10:50:05 -0500] "POST /sipse/faces/presentacion/financiero/solicitudProceso/consultar.xhtml HTTP/1.1" 200 37153
179.19.105.5 - - [04/Jan/2024:10:50:05 -0500] "POST /sipse/faces/presentacion/financiero/solicitudProceso/consultar.xhtml HTTP/1.1" 200 37153
179.19.105.5 - - [04/Jan/2024:10:50:06 -0500] "POST /sipse/faces/presentacion/financiero/solicitudProceso/consultar.xhtml HTTP/1.1" 200 37153
179.19.105.5 - - [04/Jan/2024:10:50:07 -0500] "POST /sipse/faces/presentacion/financiero/solicitudProceso/consultar.xhtml HTTP/1.1" 200 37153
216.244.66.195 - - [04/Jan/2024:10:50:09 -0500] "GET /BLA/resoluciones/AUTOS%202011/3309.pdf HTTP/1.1" 200 380353
179.19.105.5 - - [04/Jan/2024:10:50:15 -0500] "POST /sipse/faces/presentacion/financiero/solicitudProceso/consultar.xhtml HTTP/1.1" 200 12850
216.244.66.195 - - [04/Jan/2024:10:50:17 -0500] "GET /BLA/resoluciones/AUTOS%202011/3468.pdf HTTP/1.1" 200 444930
131.72.137.226 - - [04/Jan/2024:10:50:01 -0500] "GET /BLA/boletinlegal/admin/ HTTP/1.1" 200 5476
131.72.137.226 - - [04/Jan/2024:10:50:18 -0500] "GET /BLA/boletinlegal/admin/index_files/index_files/tback.gif HTTP/1.1" 404 1334
179.19.105.5 - - [04/Jan/2024:10:50:20 -0500] "POST /sipse/faces/presentacion/financiero/solicitudProceso/consultar.xhtml HTTP/1.1" 200 165785
179.19.105.5 - - [04/Jan/2024:10:50:22 -0500] "GET /sipse/faces/javax.faces.resource/theme.css?ln=primefaces-sipse HTTP/1.1" 304 -
179.19.105.5 - - [04/Jan/2024:10:50:22 -0500] "GET /sipse/faces/javax.faces.resource/primefaces.css?ln=primefaces&v=4.0 HTTP/1.1" 304 -
179.19.105.5 - - [04/Jan/2024:10:50:22 -0500] "GET /sipse/faces/javax.faces.resource/jquery/jquery.js?ln=primefaces&v=4.0 HTTP/1.1" 304 -
179.19.105.5 - - [04/Jan/2024:10:50:22 -0500] "GET /sipse/faces/javax.faces.resource/layout/layout.css?ln=primefaces&v=4.0 HTTP/1.1" 304 -
179.19.105.5 - - [04/Jan/2024:10:50:22 -0500] "GET /sipse/faces/javax.faces.resource/jquery/jquery-plugins.js?ln=primefaces&v=4.0 HTTP/1.1" 304 -
179.19.105.5 - - [04/Jan/2024:10:50:22 -0500] "GET /sipse/faces/javax.faces.resource/primefaces.js?ln=primefaces&v=4.0 HTTP/1.1" 304 -
179.19.105.5 - - [04/Jan/2024:10:50:22 -0500] "GET /sipse/faces/javax.faces.resource/layout/layout.js?ln=primefaces&v=4.0 HTTP/1.1" 304 -
216.244.66.195 - - [04/Jan/2024:10:50:24 -0500] "GET /BLA/resoluciones/AUTOS%202011/3556.pdf HTTP/1.1" 200 239921
156.59.198.136 - - [04/Jan/2024:10:50:27 -0500] "GET /BLA/resoluciones/AUTOS%202006/AUTOS%202006%20701-800/0785.pdf HTTP/1.0" 200 156844
216.244.66.195 - - [04/Jan/2024:10:50:30 -0500] "GET /BLA/resoluciones/AUTOS%202011/4050.pdf HTTP/1.1" 200 284695
131.72.137.226 - - [04/Jan/2024:10:50:31 -0500] "GET /BLA/boletinlegal/admin/notificaciones/ingresar.php HTTP/1.1" 200 30236
131.72.137.226 - - [04/Jan/2024:10:50:31 -0500] "GET /css/global/buttons.css HTTP/1.1" 404 1324
179.19.105.5 - - [04/Jan/2024:10:50:31 -0500] "POST /sipse/faces/presentacion/financiero/solicitudProceso/consultarSolicitudProceso.xhtml HTTP/1.1" 200 78555
201.245.192.253 - - [04/Jan/2024:10:50:30 -0500] "POST /kwsrmcab/Wsrmcab  HTTP/1.1" 200 36937
216.244.66.195 - - [04/Jan/2024:10:50:36 -0500] "GET /BLA/resoluciones/AUTOS%202011/4066.pdf HTTP/1.1" 200 394784
216.244.66.195 - - [04/Jan/2024:10:50:41 -0500] "GET /BLA/resoluciones/AUTOS%202012/0126.pdf HTTP/1.1" 200 668120
216.245.221.92 - - [04/Jan/2024:10:50:45 -0500] "HEAD / HTTP/1.1" 200 -
156.59.198.135 - - [04/Jan/2024:10:50:50 -0500] "GET /BLA/resoluciones/AUTOS%202022/5754.pdf HTTP/1.0" 200 373332
131.72.137.226 - - [04/Jan/2024:10:50:37 -0500] "GET /BLA/boletinlegal/admin/ HTTP/1.1" 200 5476
216.244.66.195 - - [04/Jan/2024:10:50:54 -0500] "GET /BLA/resoluciones/AUTOS%202012/0130.pdf HTTP/1.1" 200 254126
131.72.137.226 - - [04/Jan/2024:10:50:54 -0500] "GET /BLA/boletinlegal/admin/index_files/index_files/tback.gif HTTP/1.1" 404 1334
216.244.66.195 - - [04/Jan/2024:10:51:04 -0500] "GET /BLA/resoluciones/AUTOS%202012/0930.pdf HTTP/1.1" 200 171835
216.244.66.195 - - [04/Jan/2024:10:51:12 -0500] "GET /BLA/resoluciones/AUTOS%202012/0931.pdf HTTP/1.1" 200 230335
191.95.25.9 - - [04/Jan/2024:10:51:14 -0500] "GET /sipse/faces/faces/autenticacion.xhtml HTTP/1.1" 200 12401
191.95.25.9 - - [04/Jan/2024:10:51:14 -0500] "GET /sipse/css/custom_css_sg_prime_login.css HTTP/1.1" 304 -
191.95.25.9 - - [04/Jan/2024:10:51:14 -0500] "GET /sipse/js/disable_browser_buttons.js HTTP/1.1" 304 -
191.95.25.9 - - [04/Jan/2024:10:51:14 -0500] "GET /sipse/js/funciones.js HTTP/1.1" 304 -
191.95.25.9 - - [04/Jan/2024:10:51:14 -0500] "GET /sipse/css/custom_css_sg.css HTTP/1.1" 304 -
191.95.25.9 - - [04/Jan/2024:10:51:14 -0500] "GET /sipse/faces/javax.faces.resource/primefaces.css?ln=primefaces&v=4.0 HTTP/1.1" 304 -
191.95.25.9 - - [04/Jan/2024:10:51:14 -0500] "GET /sipse/faces/javax.faces.resource/theme.css?ln=primefaces-sipse HTTP/1.1" 304 -
191.95.25.9 - - [04/Jan/2024:10:51:14 -0500] "GET /sipse/faces/javax.faces.resource/layout/layout.css?ln=primefaces&v=4.0 HTTP/1.1" 304 -
191.95.25.9 - - [04/Jan/2024:10:51:14 -0500] "GET /sipse/faces/javax.faces.resource/jquery/jquery-plugins.js?ln=primefaces&v=4.0 HTTP/1.1" 304 -
191.95.25.9 - - [04/Jan/2024:10:51:14 -0500] "GET /sipse/faces/javax.faces.resource/jquery/jquery.js?ln=primefaces&v=4.0 HTTP/1.1" 304 -
191.95.25.9 - - [04/Jan/2024:10:51:14 -0500] "GET /sipse/faces/javax.faces.resource/primefaces.js?ln=primefaces&v=4.0 HTTP/1.1" 304 -
191.95.25.9 - - [04/Jan/2024:10:51:14 -0500] "GET /sipse/faces/javax.faces.resource/layout/layout.js?ln=primefaces&v=4.0 HTTP/1.1" 304 -
191.95.25.9 - - [04/Jan/2024:10:51:15 -0500] "GET /sipse/faces/javax.faces.resource/images/ui-icons_898989_256x240.png?ln=primefaces-aristo HTTP/1.1" 200 5355
156.59.198.136 - - [04/Jan/2024:10:51:15 -0500] "GET /BLA/resoluciones/AUTOS%202022/6382.pdf HTTP/1.0" 200 417186
191.95.25.9 - - [04/Jan/2024:10:51:15 -0500] "GET /sipse/css/imagen/loginimg.png HTTP/1.1" 200 71635
191.95.25.9 - - [04/Jan/2024:10:51:15 -0500] "GET /sipse/css/imagen/logoSDG.png HTTP/1.1" 200 53064
191.95.25.9 - - [04/Jan/2024:10:51:15 -0500] "GET /sipse/faces/faces/index.xhtml HTTP/1.1" 200 677
191.95.25.9 - - [04/Jan/2024:10:51:15 -0500] "GET /sipse/faces/javax.faces.resource/theme.css?ln=primefaces-sipse HTTP/1.1" 304 -
191.95.25.9 - - [04/Jan/2024:10:51:16 -0500] "GET /sipse/faces/faces/faces/autenticacion.xhtml HTTP/1.1" 200 12401
191.95.25.9 - - [04/Jan/2024:10:51:16 -0500] "GET /sipse/faces/javax.faces.resource/theme.css?ln=primefaces-sipse HTTP/1.1" 304 -
191.95.25.9 - - [04/Jan/2024:10:51:16 -0500] "GET /sipse/faces/javax.faces.resource/primefaces.css?ln=primefaces&v=4.0 HTTP/1.1" 304 -
191.95.25.9 - - [04/Jan/2024:10:51:16 -0500] "GET /sipse/faces/javax.faces.resource/layout/layout.css?ln=primefaces&v=4.0 HTTP/1.1" 304 -
191.95.25.9 - - [04/Jan/2024:10:51:16 -0500] "GET /sipse/faces/javax.faces.resource/jquery/jquery.js?ln=primefaces&v=4.0 HTTP/1.1" 304 -
191.95.25.9 - - [04/Jan/2024:10:51:16 -0500] "GET /sipse/faces/javax.faces.resource/jquery/jquery-plugins.js?ln=primefaces&v=4.0 HTTP/1.1" 304 -
191.95.25.9 - - [04/Jan/2024:10:51:16 -0500] "GET /sipse/faces/javax.faces.resource/primefaces.js?ln=primefaces&v=4.0 HTTP/1.1" 304 -
191.95.25.9 - - [04/Jan/2024:10:51:16 -0500] "GET /sipse/faces/javax.faces.resource/layout/layout.js?ln=primefaces&v=4.0 HTTP/1.1" 304 -
191.95.25.9 - - [04/Jan/2024:10:51:16 -0500] "GET /sipse/faces/javax.faces.resource/images/ui-icons_898989_256x240.png?ln=primefaces-aristo HTTP/1.1" 304 -
191.95.25.9 - - [04/Jan/2024:10:51:19 -0500] "POST /sipse/faces/autenticacion.xhtml HTTP/1.1" 200 2225
191.95.25.9 - - [04/Jan/2024:10:51:19 -0500] "GET /sipse/faces/javax.faces.resource/messages/messages.png?ln=primefaces&v=4.0 HTTP/1.1" 200 27209
216.244.66.195 - - [04/Jan/2024:10:51:20 -0500] "GET /BLA/resoluciones/AUTOS%202012/0943.pdf HTTP/1.1" 200 172741
191.95.25.9 - - [04/Jan/2024:10:51:20 -0500] "POST /sipse/faces/autenticacion.xhtml HTTP/1.1" 200 16392
191.95.25.9 - - [04/Jan/2024:10:51:20 -0500] "GET /sipse/css/custom_css_sg_prime.css HTTP/1.1" 304 -
191.95.25.9 - - [04/Jan/2024:10:51:20 -0500] "GET /sipse/js/jquery.min.js HTTP/1.1" 304 -
191.95.25.9 - - [04/Jan/2024:10:51:20 -0500] "GET /sipse/faces/javax.faces.resource/jquery/jquery.js?ln=primefaces&v=4.0 HTTP/1.1" 304 -
191.95.25.9 - - [04/Jan/2024:10:51:20 -0500] "GET /sipse/faces/javax.faces.resource/jquery/jquery-plugins.js?ln=primefaces&v=4.0 HTTP/1.1" 304 -
191.95.25.9 - - [04/Jan/2024:10:51:21 -0500] "GET /sipse/faces/javax.faces.resource/primefaces.js?ln=primefaces&v=4.0 HTTP/1.1" 304 -
191.95.25.9 - - [04/Jan/2024:10:51:21 -0500] "GET /sipse/faces/javax.faces.resource/layout/layout.js?ln=primefaces&v=4.0 HTTP/1.1" 304 -
191.95.25.9 - - [04/Jan/2024:10:51:21 -0500] "GET /sipse/imagenes/cargando.gif HTTP/1.1" 304 -
191.95.25.9 - - [04/Jan/2024:10:51:21 -0500] "GET /sipse/css/v_mergente.css HTTP/1.1" 304 -
191.95.25.9 - - [04/Jan/2024:10:51:21 -0500] "GET /sipse/css/imagen/contrasena.png HTTP/1.1" 404 383
191.95.25.9 - - [04/Jan/2024:10:51:21 -0500] "GET /sipse/imagenes/logoAplicacion.jpg HTTP/1.1" 304 -
191.95.25.9 - - [04/Jan/2024:10:51:23 -0500] "GET /sipse/faces/javax.faces.resource/images/ui-bg_flat_0_2d5972_40x100.png?ln=primefaces-aristo HTTP/1.1" 304 -
191.95.25.9 - - [04/Jan/2024:10:51:23 -0500] "POST /sipse/faces/bienvenido.xhtml HTTP/1.1" 200 2073
191.95.25.9 - - [04/Jan/2024:10:51:26 -0500] "POST /sipse/faces/bienvenido.xhtml HTTP/1.1" 200 39019
191.95.25.9 - - [04/Jan/2024:10:51:26 -0500] "GET /sipse/faces/javax.faces.resource/jquery/jquery.js?ln=primefaces&v=4.0 HTTP/1.1" 304 -
191.95.25.9 - - [04/Jan/2024:10:51:26 -0500] "GET /sipse/faces/javax.faces.resource/jquery/jquery-plugins.js?ln=primefaces&v=4.0 HTTP/1.1" 304 -
191.95.25.9 - - [04/Jan/2024:10:51:26 -0500] "GET /sipse/faces/javax.faces.resource/primefaces.js?ln=primefaces&v=4.0 HTTP/1.1" 304 -
191.95.25.9 - - [04/Jan/2024:10:51:26 -0500] "GET /sipse/faces/javax.faces.resource/layout/layout.js?ln=primefaces&v=4.0 HTTP/1.1" 304 -
216.244.66.195 - - [04/Jan/2024:10:51:27 -0500] "GET /BLA/resoluciones/AUTOS%202012/1207.pdf HTTP/1.1" 200 165276
201.245.192.253 - - [04/Jan/2024:10:51:26 -0500] "POST /kwsrmcab/Wsrmcab HTTP/1.1" 200 39452
191.95.25.9 - - [04/Jan/2024:10:51:33 -0500] "POST /sipse/faces/presentacion/financiero/solicitudProceso/consultar.xhtml HTTP/1.1" 200 12995
156.59.198.135 - - [04/Jan/2024:10:51:40 -0500] "GET /BLA/resoluciones/AUTOS%202022/2800.pdf HTTP/1.0" 200 370898
216.244.66.195 - - [04/Jan/2024:10:51:40 -0500] "GET /BLA/resoluciones/AUTOS%202012/1370.pdf HTTP/1.1" 200 288340
191.95.25.9 - - [04/Jan/2024:10:51:44 -0500] "POST /sipse/faces/presentacion/financiero/solicitudProceso/consultar.xhtml HTTP/1.1" 200 12998
216.244.66.195 - - [04/Jan/2024:10:51:50 -0500] "GET /BLA/resoluciones/AUTOS%202012/1888.pdf HTTP/1.1" 200 275554
191.95.25.9 - - [04/Jan/2024:10:51:53 -0500] "POST /sipse/faces/presentacion/financiero/solicitudProceso/consultar.xhtml HTTP/1.1" 200 12751
172.22.2.4 - - [04/Jan/2024:10:50:16 -0500] "HEAD /BLA/boletinlegal/ HTTP/1.1" 200 -
216.244.66.195 - - [04/Jan/2024:10:51:59 -0500] "GET /BLA/resoluciones/AUTOS%202012/2350.pdf HTTP/1.1" 200 501544
156.59.198.135 - - [04/Jan/2024:10:52:03 -0500] "GET /BLA/resoluciones/AUTOS%202022/3668.pdf HTTP/1.0" 200 397602
216.244.66.195 - - [04/Jan/2024:10:52:08 -0500] "GET /BLA/resoluciones/AUTOS%202012/2667.pdf HTTP/1.1" 200 291693
131.72.137.226 - - [04/Jan/2024:10:52:08 -0500] "GET /BLA/boletinlegal/admin/notificaciones/ingresar.php HTTP/1.1" 200 30236
131.72.137.226 - - [04/Jan/2024:10:52:08 -0500] "GET /css/global/buttons.css HTTP/1.1" 404 1324
191.95.25.9 - - [04/Jan/2024:10:52:10 -0500] "POST /sipse/faces/presentacion/financiero/solicitudProceso/consultar.xhtml HTTP/1.1" 200 12797
216.244.66.195 - - [04/Jan/2024:10:52:14 -0500] "GET /BLA/resoluciones/AUTOS%202013/0101.pdf HTTP/1.1" 200 1472131
191.95.25.9 - - [04/Jan/2024:10:52:23 -0500] "POST /sipse/faces/presentacion/financiero/solicitudProceso/consultar.xhtml HTTP/1.1" 200 12696
156.59.198.136 - - [04/Jan/2024:10:52:27 -0500] "GET /BLA/resoluciones/AUTOS%202022/0271.pdf HTTP/1.0" 200 373517
131.72.137.226 - - [04/Jan/2024:10:52:13 -0500] "GET /BLA/boletinlegal/admin/ HTTP/1.1" 200 5476
131.72.137.226 - - [04/Jan/2024:10:52:30 -0500] "GET /BLA/boletinlegal/admin/index_files/index_files/tback.gif HTTP/1.1" 404 1334
191.95.25.9 - - [04/Jan/2024:10:52:31 -0500] "POST /sipse/faces/presentacion/financiero/solicitudProceso/consultar.xhtml HTTP/1.1" 200 12708
131.72.137.226 - - [04/Jan/2024:10:52:32 -0500] "GET /BLA/boletinlegal/admin/notificaciones/ingresar.php HTTP/1.1" 200 30236
131.72.137.226 - - [04/Jan/2024:10:52:33 -0500] "GET /css/global/buttons.css HTTP/1.1" 404 1324
191.95.54.246 - - [04/Jan/2024:10:52:38 -0500] "GET /sipse/faces/index.xhtml HTTP/1.1" 200 677
191.95.54.246 - - [04/Jan/2024:10:52:38 -0500] "GET /sipse/faces/javax.faces.resource/theme.css?ln=primefaces-sipse HTTP/1.1" 304 -
191.95.54.246 - - [04/Jan/2024:10:52:39 -0500] "GET /sipse/faces/faces/autenticacion.xhtml HTTP/1.1" 200 12401
191.95.54.246 - - [04/Jan/2024:10:52:39 -0500] "GET /sipse/css/custom_css_sg.css HTTP/1.1" 304 -
191.95.54.246 - - [04/Jan/2024:10:52:39 -0500] "GET /sipse/faces/javax.faces.resource/layout/layout.css?ln=primefaces&v=4.0 HTTP/1.1" 304 -
191.95.54.246 - - [04/Jan/2024:10:52:39 -0500] "GET /sipse/css/custom_css_sg_prime_login.css HTTP/1.1" 304 -
191.95.54.246 - - [04/Jan/2024:10:52:39 -0500] "GET /sipse/faces/javax.faces.resource/primefaces.css?ln=primefaces&v=4.0 HTTP/1.1" 304 -
191.95.54.246 - - [04/Jan/2024:10:52:39 -0500] "GET /sipse/js/disable_browser_buttons.js HTTP/1.1" 304 -
191.95.54.246 - - [04/Jan/2024:10:52:39 -0500] "GET /sipse/faces/javax.faces.resource/theme.css?ln=primefaces-sipse HTTP/1.1" 304 -
191.95.54.246 - - [04/Jan/2024:10:52:39 -0500] "GET /sipse/js/funciones.js HTTP/1.1" 304 -
191.95.54.246 - - [04/Jan/2024:10:52:39 -0500] "GET /sipse/faces/javax.faces.resource/jquery/jquery.js?ln=primefaces&v=4.0 HTTP/1.1" 304 -
191.95.54.246 - - [04/Jan/2024:10:52:39 -0500] "GET /sipse/faces/javax.faces.resource/jquery/jquery-plugins.js?ln=primefaces&v=4.0 HTTP/1.1" 304 -
191.95.54.246 - - [04/Jan/2024:10:52:39 -0500] "GET /sipse/faces/javax.faces.resource/primefaces.js?ln=primefaces&v=4.0 HTTP/1.1" 304 -
191.95.54.246 - - [04/Jan/2024:10:52:39 -0500] "GET /sipse/faces/javax.faces.resource/layout/layout.js?ln=primefaces&v=4.0 HTTP/1.1" 304 -
