181.56.171.197 - - [04/Jan/2024:10:04:10 -0500] "GET /sipse/faces/javax.faces.resource/jquery/jquery-plugins.js?ln=primefaces&v=4.0 HTTP/1.1" 304 -
181.56.171.197 - - [04/Jan/2024:10:04:10 -0500] "GET /sipse/faces/javax.faces.resource/primefaces.js?ln=primefaces&v=4.0 HTTP/1.1" 304 -
181.56.171.197 - - [04/Jan/2024:10:04:11 -0500] "GET /sipse/faces/javax.faces.resource/layout/layout.js?ln=primefaces&v=4.0 HTTP/1.1" 304 -
181.56.171.197 - - [04/Jan/2024:10:04:22 -0500] "POST /sipse/faces/presentacion/financiero/solicitudProceso/consultarSolicitudProceso.xhtml HTTP/1.1" 200 117164
156.59.198.136 - - [04/Jan/2024:10:04:32 -0500] "GET /BLA/resoluciones/AUTOS%202022/6243.pdf HTTP/1.0" 200 407487
156.59.198.135 - - [04/Jan/2024:10:04:57 -0500] "GET /BLA/resoluciones/AUTOS%202022/5012.pdf HTTP/1.0" 200 408866
66.249.66.19 - - [04/Jan/2024:10:05:11 -0500] "GET /BLA/resoluciones/RESOLUCIONES%202008/1567.pdf HTTP/1.1" 200 321737
172.22.2.4 - - [04/Jan/2024:10:03:36 -0500] "HEAD /BLA/boletinlegal/ HTTP/1.1" 200 -
156.59.198.135 - - [04/Jan/2024:10:05:21 -0500] "GET /BLA/resoluciones/AUTOS%202022/6006.pdf HTTP/1.0" 200 386387
216.245.221.92 - - [04/Jan/2024:10:05:45 -0500] "HEAD / HTTP/1.1" 200 -
156.59.198.135 - - [04/Jan/2024:10:05:45 -0500] "GET /BLA/resoluciones/AUTOS%202022/1346.pdf HTTP/1.0" 200 361577
172.22.2.4 - - [04/Jan/2024:10:04:27 -0500] "GET /BLA/boletinlegal/ HTTP/1.1" 200 58567
156.59.198.136 - - [04/Jan/2024:10:06:09 -0500] "GET /BLA/resoluciones/AUTOS%202022/1932.pdf HTTP/1.0" 200 366319
156.59.198.136 - - [04/Jan/2024:10:06:33 -0500] "GET /BLA/resoluciones/AUTOS%202022/1324.pdf HTTP/1.0" 200 412747
172.22.2.4 - - [04/Jan/2024:10:06:38 -0500] "GET /BLA/boletinlegal/actos.php HTTP/1.1" 200 9648
172.22.2.4 - - [04/Jan/2024:10:06:38 -0500] "GET /BLA/boletinlegal/js/ajax_actos.js HTTP/1.1" 200 1322
172.22.2.4 - - [04/Jan/2024:10:06:38 -0500] "GET /BLA/boletinlegal/niceforms-default.css HTTP/1.1" 200 6694
172.22.2.4 - - [04/Jan/2024:10:06:38 -0500] "GET /BLA/boletinlegal/style.css HTTP/1.1" 200 9406
172.22.2.4 - - [04/Jan/2024:10:06:38 -0500] "GET /BLA/boletinlegal/niceforms.js HTTP/1.1" 200 22876
172.22.2.4 - - [04/Jan/2024:10:06:38 -0500] "GET /BLA/boletinlegal/js/lib.js HTTP/1.1" 200 6474
172.22.2.4 - - [04/Jan/2024:10:06:38 -0500] "GET /BLA/boletinlegal/js/jquery1.js HTTP/1.1" 200 29846
172.22.2.4 - - [04/Jan/2024:10:06:38 -0500] "GET /BLA/boletinlegal/js/popup.js HTTP/1.1" 200 1270
172.22.2.4 - - [04/Jan/2024:10:06:38 -0500] "GET /BLA/boletinlegal/images/cabezote%20BLEGAL.jpg HTTP/1.1" 200 118164
172.22.2.4 - - [04/Jan/2024:10:06:38 -0500] "GET /BLA/boletinlegal/images/subscribe-icon-big.png HTTP/1.1" 200 47702
172.22.2.4 - - [04/Jan/2024:10:06:38 -0500] "GET /BLA/boletinlegal/images/historia.png HTTP/1.1" 200 52775
172.22.2.4 - - [04/Jan/2024:10:06:38 -0500] "GET /BLA/boletinlegal/styles2.css HTTP/1.1" 200 1838
172.22.2.4 - - [04/Jan/2024:10:06:38 -0500] "GET /BLA/boletinlegal/images/registro-usuarios.png HTTP/1.1" 200 8106
172.22.2.4 - - [04/Jan/2024:10:06:38 -0500] "GET /BLA/boletinlegal/images/green-yellow-blue-pink-th.png HTTP/1.1" 200 7394
172.22.2.4 - - [04/Jan/2024:10:06:38 -0500] "GET /BLA/boletinlegal/images/tel.png HTTP/1.1" 200 14477
172.22.2.4 - - [04/Jan/2024:10:06:38 -0500] "GET /BLA/boletinlegal/images/icono-email.png HTTP/1.1" 200 5544
172.22.2.4 - - [04/Jan/2024:10:06:38 -0500] "GET /BLA/boletinlegal/images/body_bg.jpg HTTP/1.1" 200 1601
172.22.2.4 - - [04/Jan/2024:10:06:38 -0500] "GET /BLA/boletinlegal/images/menu_lft.gif HTTP/1.1" 200 1713
172.22.2.4 - - [04/Jan/2024:10:06:38 -0500] "GET /BLA/boletinlegal/images/bg_top.jpg HTTP/1.1" 200 522
172.22.2.4 - - [04/Jan/2024:10:06:38 -0500] "GET /BLA/boletinlegal/images/menu_rght.gif HTTP/1.1" 200 1627
172.22.2.4 - - [04/Jan/2024:10:06:38 -0500] "GET /BLA/boletinlegal/images/hover.jpg HTTP/1.1" 200 640
172.22.2.4 - - [04/Jan/2024:10:06:38 -0500] "GET /BLA/boletinlegal/images/text.jpg HTTP/1.1" 200 568
172.22.2.4 - - [04/Jan/2024:10:06:38 -0500] "GET /BLA/boletinlegal/images/menu_bg.jpg HTTP/1.1" 200 620
172.22.2.4 - - [04/Jan/2024:10:06:38 -0500] "GET /BLA/boletinlegal/images/footer_bg.jpg HTTP/1.1" 200 586
172.22.2.4 - - [04/Jan/2024:10:06:38 -0500] "GET /BLA/boletinlegal/images/footer_bg_l.jpg HTTP/1.1" 200 776
172.22.2.4 - - [04/Jan/2024:10:06:38 -0500] "GET /BLA/boletinlegal/img/0.png HTTP/1.1" 200 110
172.22.2.4 - - [04/Jan/2024:10:06:38 -0500] "GET /BLA/boletinlegal/img/select-left.png HTTP/1.1" 200 263
172.22.2.4 - - [04/Jan/2024:10:06:38 -0500] "GET /BLA/boletinlegal/img/select-right.png HTTP/1.1" 200 44019
172.22.2.4 - - [04/Jan/2024:10:06:38 -0500] "GET /BLA/boletinlegal/img/button-left.png HTTP/1.1" 200 57071
172.22.2.4 - - [04/Jan/2024:10:06:38 -0500] "GET /BLA/boletinlegal/img/button.png HTTP/1.1" 200 43241
172.22.2.4 - - [04/Jan/2024:10:06:38 -0500] "GET /BLA/boletinlegal/img/button-right.png HTTP/1.1" 200 57878
172.22.2.4 - - [04/Jan/2024:10:06:38 -0500] "GET /BLA/boletinlegal/favicon.ico HTTP/1.1" 404 1326
172.22.2.4 - - [04/Jan/2024:10:06:46 -0500] "GET /BLA/boletinlegal/consulta_actos.php?tipo=autos&no=7289&usuario=&sector=&fecha=2023&resuelve= HTTP/1.1" 200 1085
172.22.2.4 - - [04/Jan/2024:10:06:46 -0500] "GET /BLA/boletinlegal/images/pdf.gif HTTP/1.1" 200 567
190.25.230.98 - - [04/Jan/2024:10:06:51 -0500] "GET /appsia/controlador HTTP/1.1" 200 4799
190.25.230.98 - - [04/Jan/2024:10:06:51 -0500] "GET /favicon.ico HTTP/1.1" 200 7782
186.102.66.115 - - [04/Jan/2024:10:06:51 -0500] "POST /sipse/faces/presentacion/financiero/solicitudProceso/consultarSolicitudProceso.xhtml HTTP/1.1" 200 117590
156.59.198.136 - - [04/Jan/2024:10:06:57 -0500] "GET /BLA/resoluciones/AUTOS%202022/7061.pdf HTTP/1.0" 200 399688
190.25.230.98 - - [04/Jan/2024:10:06:59 -0500] "POST /appsia/controlador HTTP/1.1" 200 5437
190.25.230.98 - - [04/Jan/2024:10:07:00 -0500] "POST /appsia/controlador HTTP/1.1" 200 7791
190.25.230.98 - - [04/Jan/2024:10:07:10 -0500] "POST /appsia/controlador HTTP/1.1" 200 6656
190.25.230.98 - - [04/Jan/2024:10:07:12 -0500] "POST /appsia/controlador HTTP/1.1" 200 10596
156.59.198.136 - - [04/Jan/2024:10:07:21 -0500] "GET /BLA/resoluciones/AUTOS%202022/2717.pdf HTTP/1.0" 200 388093
190.25.230.98 - - [04/Jan/2024:10:07:21 -0500] "POST /appsia/controlador HTTP/1.1" 200 75861
190.25.230.98 - - [04/Jan/2024:10:07:19 -0500] "POST /appsia/controlador HTTP/1.1" 200 14379
181.56.250.213 - - [04/Jan/2024:10:07:33 -0500] "GET /appsia/controlador HTTP/1.1" 200 4799
181.56.250.213 - - [04/Jan/2024:10:07:34 -0500] "GET /appsia/css/estilos.css HTTP/1.1" 200 4804
181.56.250.213 - - [04/Jan/2024:10:07:34 -0500] "GET /appsia/scripts/validarIngreso.js HTTP/1.1" 200 851
181.56.250.213 - - [04/Jan/2024:10:07:34 -0500] "GET /appsia/images/cabezoteHojaVida.png HTTP/1.1" 200 32493
181.56.250.213 - - [04/Jan/2024:10:07:34 -0500] "GET /appsia/images/logo_bogota_p.png HTTP/1.1" 200 14951
156.59.198.135 - - [04/Jan/2024:10:07:45 -0500] "GET /BLA/resoluciones/AUTOS%202022/2133.pdf HTTP/1.0" 200 380879
181.56.250.213 - - [04/Jan/2024:10:07:52 -0500] "POST /appsia/controlador HTTP/1.1" 200 5437
181.56.250.213 - - [04/Jan/2024:10:08:02 -0500] "POST /appsia/controlador HTTP/1.1" 200 7731
181.56.250.213 - - [04/Jan/2024:10:08:02 -0500] "GET /appsia/images/logo_escudo.png HTTP/1.1" 200 36965
156.59.198.136 - - [04/Jan/2024:10:08:10 -0500] "GET /BLA/resoluciones/AUTOS%202022/5773.pdf HTTP/1.0" 200 414568
40.77.167.18 - - [04/Jan/2024:10:08:10 -0500] "GET /Publicaciones/2023EE312849.pdf HTTP/1.1" 200 358901
181.56.171.197 - - [04/Jan/2024:10:08:30 -0500] "POST /sipse/faces/presentacion/financiero/solicitudProceso/consultarSolicitudProceso.xhtml HTTP/1.1" 200 53400
156.59.198.135 - - [04/Jan/2024:10:08:34 -0500] "GET /BLA/resoluciones/AUTOS%202022/1087.pdf HTTP/1.0" 200 404939
156.59.198.135 - - [04/Jan/2024:10:08:59 -0500] "GET /BLA/resoluciones/AUTOS%202022/3682.pdf HTTP/1.0" 200 417547
156.59.198.135 - - [04/Jan/2024:10:09:23 -0500] "GET /BLA/resoluciones/AUTOS%202022/5774.pdf HTTP/1.0" 200 400227
156.59.198.136 - - [04/Jan/2024:10:09:47 -0500] "GET /BLA/resoluciones/AUTOS%202022/0310.pdf HTTP/1.0" 200 374690
156.59.198.136 - - [04/Jan/2024:10:10:14 -0500] "GET /BLA/resoluciones/AUTOS%202022/4800.pdf HTTP/1.0" 200 401008
156.59.198.135 - - [04/Jan/2024:10:10:38 -0500] "GET /BLA/resoluciones/AUTOS%202022/0165.pdf HTTP/1.0" 200 388002
180.74.190.1 - - [04/Jan/2024:10:10:44 -0500] "GET http://190.27.245.106:80/phpMyAdmin/scripts/setup.php HTTP/1.0" 403 1165
216.245.221.92 - - [04/Jan/2024:10:10:45 -0500] "HEAD / HTTP/1.1" 200 -
156.59.198.136 - - [04/Jan/2024:10:11:02 -0500] "GET /BLA/resoluciones/AUTOS%202022/1662.pdf HTTP/1.0" 200 395637
172.22.2.4 - - [04/Jan/2024:10:09:26 -0500] "HEAD /BLA/boletinlegal/ HTTP/1.1" 200 -
156.59.198.136 - - [04/Jan/2024:10:11:26 -0500] "GET /BLA/resoluciones/AUTOS%202022/4553.pdf HTTP/1.0" 200 415769
192.168.169.51 - - [04/Jan/2024:10:11:30 -0500] "GET /BLA/boletinlegal/admin/index.php HTTP/1.1" 200 2324
192.168.169.51 - - [04/Jan/2024:10:11:30 -0500] "GET /BLA/boletinlegal/admin/index_files/style.css HTTP/1.1" 200 6223
192.168.169.51 - - [04/Jan/2024:10:11:30 -0500] "GET /BLA/boletinlegal/admin/images/bg.png HTTP/1.1" 200 332965
192.168.169.51 - - [04/Jan/2024:10:11:30 -0500] "GET /favicon.ico HTTP/1.1" 200 7782
156.59.198.135 - - [04/Jan/2024:10:11:50 -0500] "GET /BLA/resoluciones/AUTOS%202022/6794.pdf HTTP/1.0" 200 397696
173.252.95.5 - - [04/Jan/2024:10:11:51 -0500] "GET /images/Aves%20SDA.jpeg HTTP/1.1" 200 75104
173.252.83.119 - - [04/Jan/2024:10:11:51 -0500] "GET /images/terrazas%20verdes.jpg HTTP/1.1" 200 63951
173.252.83.117 - - [04/Jan/2024:10:11:51 -0500] "GET /images/arbol%20centro.jpg HTTP/1.1" 200 69467
173.252.79.117 - - [04/Jan/2024:10:11:56 -0500] "GET /images/PREAD%20SDA%201.jpeg HTTP/1.1" 200 65620
69.171.251.5 - - [04/Jan/2024:10:11:57 -0500] "GET /images/agua%20bogota.jpg HTTP/1.1" 200 74348
172.22.2.4 - - [04/Jan/2024:10:10:17 -0500] "GET /BLA/boletinlegal/ HTTP/1.1" 200 60502
173.252.79.118 - - [04/Jan/2024:10:12:05 -0500] "GET /images/participacion%2019-12-23.jpg HTTP/1.1" 200 73861
173.252.79.1 - - [04/Jan/2024:10:12:05 -0500] "GET /images/reconocimiento%20practicas%20ambientales.jpg HTTP/1.1" 200 63397
156.59.198.136 - - [04/Jan/2024:10:12:14 -0500] "GET /BLA/resoluciones/AUTOS%202022/6839.pdf HTTP/1.0" 200 392831
173.252.87.118 - - [04/Jan/2024:10:12:28 -0500] "GET /images/Musgo%2017%20-%2012%20-%202023.jpeg HTTP/1.1" 200 66238
156.59.198.136 - - [04/Jan/2024:10:12:39 -0500] "GET /BLA/resoluciones/AUTOS%202022/3740.pdf HTTP/1.0" 200 375093
190.14.249.111 - - [04/Jan/2024:10:12:56 -0500] "GET /appsia/controlador HTTP/1.1" 200 4799
190.14.249.111 - - [04/Jan/2024:10:12:56 -0500] "GET /appsia/css/estilos.css HTTP/1.1" 200 4804
190.14.249.111 - - [04/Jan/2024:10:12:56 -0500] "GET /appsia/scripts/validarIngreso.js HTTP/1.1" 200 851
190.14.249.111 - - [04/Jan/2024:10:12:56 -0500] "GET /appsia/images/logo_bogota_p.png HTTP/1.1" 200 14951
190.14.249.111 - - [04/Jan/2024:10:12:56 -0500] "GET /appsia/images/cabezoteHojaVida.png HTTP/1.1" 200 32493
190.14.249.111 - - [04/Jan/2024:10:12:56 -0500] "GET /favicon.ico HTTP/1.1" 200 7782
156.59.198.135 - - [04/Jan/2024:10:13:03 -0500] "GET /BLA/resoluciones/AUTOS%202022/0845.pdf HTTP/1.0" 200 336444
190.14.249.111 - - [04/Jan/2024:10:13:10 -0500] "POST /appsia/controlador HTTP/1.1" 200 5437
190.14.249.111 - - [04/Jan/2024:10:13:15 -0500] "POST /appsia/controlador HTTP/1.1" 200 7734
190.14.249.111 - - [04/Jan/2024:10:13:15 -0500] "GET /appsia/images/logo_escudo.png HTTP/1.1" 200 36965
216.244.66.195 - - [04/Jan/2024:10:13:26 -0500] "GET /robots.txt HTTP/1.1" 404 1018
156.59.198.136 - - [04/Jan/2024:10:13:28 -0500] "GET /BLA/resoluciones/AUTOS%202022/3568.pdf HTTP/1.0" 200 361554
156.59.198.136 - - [04/Jan/2024:10:13:52 -0500] "GET /BLA/resoluciones/AUTOS%202022/3764.pdf HTTP/1.0" 200 357757
156.59.198.135 - - [04/Jan/2024:10:14:17 -0500] "GET /BLA/resoluciones/AUTOS%202022/1586.pdf HTTP/1.0" 200 395470
156.59.198.136 - - [04/Jan/2024:10:14:41 -0500] "GET /BLA/resoluciones/AUTOS%202022/3763.pdf HTTP/1.0" 200 387992
156.59.198.136 - - [04/Jan/2024:10:15:06 -0500] "GET /BLA/resoluciones/AUTOS%202022/2952.pdf HTTP/1.0" 200 371046
156.59.198.136 - - [04/Jan/2024:10:15:29 -0500] "GET /BLA/resoluciones/AUTOS%202022/7142.pdf HTTP/1.0" 200 399147
66.249.66.19 - - [04/Jan/2024:10:15:38 -0500] "GET /BLA/resoluciones/RESOLUCIONES%202010/1710.pdf HTTP/1.1" 200 413304
216.245.221.92 - - [04/Jan/2024:10:15:45 -0500] "HEAD / HTTP/1.1" 200 -
156.59.198.135 - - [04/Jan/2024:10:15:55 -0500] "GET /BLA/resoluciones/AUTOS%202022/6373.pdf HTTP/1.0" 200 408410
172.22.2.4 - - [04/Jan/2024:10:16:03 -0500] "GET /BLA/boletinlegal/normativa.php HTTP/1.1" 200 8343
172.22.2.4 - - [04/Jan/2024:10:16:03 -0500] "GET /BLA/boletinlegal/styles2.css HTTP/1.1" 200 1838
172.22.2.4 - - [04/Jan/2024:10:16:03 -0500] "GET /BLA/boletinlegal/js/ajax_normativa.js HTTP/1.1" 200 1154
172.22.2.4 - - [04/Jan/2024:10:16:03 -0500] "GET /BLA/boletinlegal/niceforms-default.css HTTP/1.1" 200 6694
172.22.2.4 - - [04/Jan/2024:10:16:03 -0500] "GET /BLA/boletinlegal/style.css HTTP/1.1" 200 9406
172.22.2.4 - - [04/Jan/2024:10:16:03 -0500] "GET /BLA/boletinlegal/niceforms.js HTTP/1.1" 200 22876
172.22.2.4 - - [04/Jan/2024:10:16:03 -0500] "GET /BLA/boletinlegal/images/cabezote%20BLEGAL.jpg HTTP/1.1" 200 118164
172.22.2.4 - - [04/Jan/2024:10:16:03 -0500] "GET /BLA/boletinlegal/images/subscribe-icon-big.png HTTP/1.1" 200 47702
172.22.2.4 - - [04/Jan/2024:10:16:03 -0500] "GET /BLA/boletinlegal/images/registro-usuarios.png HTTP/1.1" 200 8106
172.22.2.4 - - [04/Jan/2024:10:16:03 -0500] "GET /BLA/boletinlegal/images/historia.png HTTP/1.1" 200 52775
172.22.2.4 - - [04/Jan/2024:10:16:03 -0500] "GET /BLA/boletinlegal/images/icono-email.png HTTP/1.1" 200 5544
172.22.2.4 - - [04/Jan/2024:10:16:03 -0500] "GET /BLA/boletinlegal/images/tel.png HTTP/1.1" 200 14477
172.22.2.4 - - [04/Jan/2024:10:16:03 -0500] "GET /BLA/boletinlegal/images/body_bg.jpg HTTP/1.1" 200 1601
172.22.2.4 - - [04/Jan/2024:10:16:03 -0500] "GET /BLA/boletinlegal/images/menu_lft.gif HTTP/1.1" 200 1713
172.22.2.4 - - [04/Jan/2024:10:16:03 -0500] "GET /BLA/boletinlegal/images/bg_top.jpg HTTP/1.1" 200 522
172.22.2.4 - - [04/Jan/2024:10:16:03 -0500] "GET /BLA/boletinlegal/images/menu_rght.gif HTTP/1.1" 200 1627
172.22.2.4 - - [04/Jan/2024:10:16:03 -0500] "GET /BLA/boletinlegal/images/menu_bg.jpg HTTP/1.1" 200 620
172.22.2.4 - - [04/Jan/2024:10:16:03 -0500] "GET /BLA/boletinlegal/images/hover.jpg HTTP/1.1" 200 640
172.22.2.4 - - [04/Jan/2024:10:16:03 -0500] "GET /BLA/boletinlegal/images/footer_bg.jpg HTTP/1.1" 200 586
172.22.2.4 - - [04/Jan/2024:10:16:03 -0500] "GET /BLA/boletinlegal/images/text.jpg HTTP/1.1" 200 568
172.22.2.4 - - [04/Jan/2024:10:16:03 -0500] "GET /BLA/boletinlegal/images/footer_bg_l.jpg HTTP/1.1" 200 776
172.22.2.4 - - [04/Jan/2024:10:16:03 -0500] "GET /BLA/boletinlegal/img/select-left.png HTTP/1.1" 200 263
172.22.2.4 - - [04/Jan/2024:10:16:03 -0500] "GET /BLA/boletinlegal/img/0.png HTTP/1.1" 200 110
172.22.2.4 - - [04/Jan/2024:10:16:03 -0500] "GET /BLA/boletinlegal/img/select-right.png HTTP/1.1" 200 44019
172.22.2.4 - - [04/Jan/2024:10:16:03 -0500] "GET /BLA/boletinlegal/img/button-right.png HTTP/1.1" 200 57878
172.22.2.4 - - [04/Jan/2024:10:16:03 -0500] "GET /BLA/boletinlegal/img/button.png HTTP/1.1" 200 43241
172.22.2.4 - - [04/Jan/2024:10:16:03 -0500] "GET /BLA/boletinlegal/img/button-left.png HTTP/1.1" 200 57071
172.22.2.4 - - [04/Jan/2024:10:16:03 -0500] "GET /BLA/boletinlegal/favicon.ico HTTP/1.1" 404 1334
172.22.2.4 - - [04/Jan/2024:10:16:08 -0500] "GET /BLA/boletinlegal/actos.php HTTP/1.1" 200 9648
172.22.2.4 - - [04/Jan/2024:10:16:08 -0500] "GET /BLA/boletinlegal/js/ajax_actos.js HTTP/1.1" 200 1322
172.22.2.4 - - [04/Jan/2024:10:16:08 -0500] "GET /BLA/boletinlegal/js/lib.js HTTP/1.1" 200 6474
172.22.2.4 - - [04/Jan/2024:10:16:08 -0500] "GET /BLA/boletinlegal/js/jquery1.js HTTP/1.1" 200 29846
172.22.2.4 - - [04/Jan/2024:10:16:08 -0500] "GET /BLA/boletinlegal/js/popup.js HTTP/1.1" 200 1270
172.22.2.4 - - [04/Jan/2024:10:16:08 -0500] "GET /BLA/boletinlegal/images/green-yellow-blue-pink-th.png HTTP/1.1" 200 7394
172.22.2.4 - - [04/Jan/2024:10:16:17 -0500] "GET /BLA/boletinlegal/consulta_actos.php?tipo=resoluciones&no=&usuario=&sector=&fecha=2023&resuelve= HTTP/1.1" 200 417947
172.22.2.4 - - [04/Jan/2024:10:16:17 -0500] "GET /BLA/boletinlegal/images/pdf.gif HTTP/1.1" 200 567
172.22.2.4 - - [04/Jan/2024:10:16:17 -0500] "GET /BLA/boletinlegal/images/background.gif HTTP/1.1" 200 -
156.59.198.136 - - [04/Jan/2024:10:16:19 -0500] "GET /BLA/resoluciones/AUTOS%202022/5997.pdf HTTP/1.0" 200 365955
156.59.198.136 - - [04/Jan/2024:10:16:43 -0500] "GET /BLA/resoluciones/AUTOS%202022/5998.pdf HTTP/1.0" 200 388097
172.22.2.4 - - [04/Jan/2024:10:15:16 -0500] "HEAD /BLA/boletinlegal/ HTTP/1.1" 200 -
156.59.198.136 - - [04/Jan/2024:10:17:06 -0500] "GET /BLA/resoluciones/AUTOS%202022/2110.pdf HTTP/1.0" 200 385309
181.51.34.48 - - [04/Jan/2024:10:17:06 -0500] "GET /BLA/resoluciones/RESOLUCIONES%202023/3034.pdf HTTP/1.1" 200 3148044
181.48.255.68 - - [04/Jan/2024:10:17:08 -0500] "GET /BLA/resoluciones/RESOLUCIONES%202023/3034.pdf HTTP/1.1" 200 3148044
152.202.195.203 - - [04/Jan/2024:10:17:28 -0500] "GET /appsia/controlador HTTP/1.1" 200 4799
152.202.195.203 - - [04/Jan/2024:10:17:29 -0500] "GET /appsia/css/estilos.css HTTP/1.1" 200 4804
152.202.195.203 - - [04/Jan/2024:10:17:29 -0500] "GET /appsia/scripts/validarIngreso.js HTTP/1.1" 200 851
152.202.195.203 - - [04/Jan/2024:10:17:29 -0500] "GET /appsia/images/cabezoteHojaVida.png HTTP/1.1" 200 32493
152.202.195.203 - - [04/Jan/2024:10:17:29 -0500] "GET /appsia/images/logo_bogota_p.png HTTP/1.1" 200 14951
152.202.195.203 - - [04/Jan/2024:10:17:29 -0500] "GET /favicon.ico HTTP/1.1" 200 7782
156.59.198.135 - - [04/Jan/2024:10:17:31 -0500] "GET /BLA/resoluciones/AUTOS%202022/2955.pdf HTTP/1.0" 200 414028
152.202.195.203 - - [04/Jan/2024:10:17:39 -0500] "POST /appsia/controlador HTTP/1.1" 200 5437
172.22.2.4 - - [04/Jan/2024:10:16:07 -0500] "GET /BLA/boletinlegal/ HTTP/1.1" 200 58567
152.202.195.203 - - [04/Jan/2024:10:17:50 -0500] "POST /appsia/controlador HTTP/1.1" 200 7729
152.202.195.203 - - [04/Jan/2024:10:17:50 -0500] "GET /appsia/images/logo_escudo.png HTTP/1.1" 200 36965
156.59.198.136 - - [04/Jan/2024:10:17:55 -0500] "GET /BLA/resoluciones/AUTOS%202022/6042.pdf HTTP/1.0" 200 391633
156.59.198.136 - - [04/Jan/2024:10:18:20 -0500] "GET /BLA/resoluciones/AUTOS%202022/1647.pdf HTTP/1.0" 200 337166
156.59.198.136 - - [04/Jan/2024:10:18:44 -0500] "GET /BLA/resoluciones/AUTOS%202022/5852.pdf HTTP/1.0" 200 382004
156.59.198.135 - - [04/Jan/2024:10:19:09 -0500] "GET /BLA/resoluciones/AUTOS%202022/2010.pdf HTTP/1.0" 200 348058
152.202.195.203 - - [04/Jan/2024:10:19:25 -0500] "POST /appsia/controlador HTTP/1.1" 200 5437
156.59.198.135 - - [04/Jan/2024:10:19:34 -0500] "GET /BLA/resoluciones/AUTOS%202022/2905.pdf HTTP/1.0" 200 392754
156.59.198.136 - - [04/Jan/2024:10:19:58 -0500] "GET /BLA/resoluciones/AUTOS%202022/8600.pdf HTTP/1.0" 200 401684
156.59.198.135 - - [04/Jan/2024:10:20:22 -0500] "GET /BLA/resoluciones/AUTOS%202022/2441.pdf HTTP/1.0" 200 397359
66.249.66.19 - - [04/Jan/2024:10:20:30 -0500] "GET /BLA/resoluciones/Notificaciones/REGISTROS%202016/1980.pdf HTTP/1.1" 200 465025
216.245.221.92 - - [04/Jan/2024:10:20:45 -0500] "HEAD / HTTP/1.1" 200 -
156.59.198.136 - - [04/Jan/2024:10:20:47 -0500] "GET /BLA/resoluciones/AUTOS%202022/5394.pdf HTTP/1.0" 200 383504
192.168.172.47 - - [04/Jan/2024:10:20:54 -0500] "GET /BLA/boletinlegal/admin/notificaciones/ingresar.php HTTP/1.1" 200 30236
192.168.172.47 - - [04/Jan/2024:10:20:54 -0500] "GET /BLA/boletinlegal/admin/index_files/style.css HTTP/1.1" 200 6223
192.168.172.47 - - [04/Jan/2024:10:20:54 -0500] "GET /BLA/boletinlegal/admin/css/dynamic.css HTTP/1.1" 200 23305
192.168.172.47 - - [04/Jan/2024:10:20:54 -0500] "GET /BLA/boletinlegal/admin/css/creation.css HTTP/1.1" 200 3945
192.168.172.47 - - [04/Jan/2024:10:20:54 -0500] "GET /BLA/boletinlegal/images/cabezote%20BLEGAL.jpg HTTP/1.1" 200 118164
192.168.172.47 - - [04/Jan/2024:10:20:54 -0500] "GET /css/global/buttons.css HTTP/1.1" 404 1312
192.168.172.47 - - [04/Jan/2024:10:20:54 -0500] "GET /BLA/boletinlegal/admin/images/calendario.png HTTP/1.1" 200 4380
192.168.172.47 - - [04/Jan/2024:10:20:54 -0500] "GET /BLA/boletinlegal/admin/js/jquery-1.3.1.min.js HTTP/1.1" 304 -
192.168.172.47 - - [04/Jan/2024:10:20:54 -0500] "GET /BLA/boletinlegal/admin/js/jquery.functions.js HTTP/1.1" 304 -
192.168.172.47 - - [04/Jan/2024:10:20:54 -0500] "GET /BLA/boletinlegal/admin/js/nicEdit-latest.js HTTP/1.1" 304 -
192.168.172.47 - - [04/Jan/2024:10:20:54 -0500] "GET /BLA/boletinlegal/images/favicon.ico HTTP/1.1" 404 1334
156.59.198.135 - - [04/Jan/2024:10:21:12 -0500] "GET /BLA/resoluciones/AUTOS%202022/3052.pdf HTTP/1.0" 200 406311
156.59.198.136 - - [04/Jan/2024:10:21:36 -0500] "GET /BLA/resoluciones/AUTOS%202022/1030.pdf HTTP/1.0" 200 394975
192.168.172.47 - - [04/Jan/2024:10:21:41 -0500] "GET /BLA/boletinlegal/admin/notificaciones/setvaluef.php?month=1&year=2024 HTTP/1.1" 200 3293
52.167.144.182 - - [04/Jan/2024:10:21:49 -0500] "GET /BLA/resoluciones/RESOLUCIONES%202015/0739.pdf HTTP/1.1" 304 -
156.59.198.135 - - [04/Jan/2024:10:22:00 -0500] "GET /BLA/resoluciones/AUTOS%202022/4081.pdf HTTP/1.0" 200 389168
192.168.172.47 - - [04/Jan/2024:10:22:04 -0500] "POST /BLA/boletinlegal/admin/notificaciones/ingresar.php HTTP/1.1" 200 30329
192.168.172.47 - - [04/Jan/2024:10:22:04 -0500] "GET /css/global/buttons.css HTTP/1.1" 404 1312
156.59.198.136 - - [04/Jan/2024:10:22:25 -0500] "GET /BLA/resoluciones/AUTOS%202022/3056.pdf HTTP/1.0" 200 395904
172.22.2.4 - - [04/Jan/2024:10:21:06 -0500] "HEAD /BLA/boletinlegal/ HTTP/1.1" 200 -
156.59.198.136 - - [04/Jan/2024:10:22:50 -0500] "GET /BLA/resoluciones/AUTOS%202022/6027.pdf HTTP/1.0" 200 352377
172.22.2.4 - - [04/Jan/2024:10:22:56 -0500] "GET /BLA/boletinlegal/favicon.ico HTTP/1.1" 404 1326
156.59.198.136 - - [04/Jan/2024:10:23:14 -0500] "GET /BLA/resoluciones/AUTOS%202022/5766.pdf HTTP/1.0" 200 400550
66.249.66.19 - - [04/Jan/2024:10:23:18 -0500] "GET /BLA/resoluciones/AUTOS%202009/1861.pdf HTTP/1.1" 200 101532
172.22.2.4 - - [04/Jan/2024:10:21:57 -0500] "GET /BLA/boletinlegal/ HTTP/1.1" 200 52889
156.59.198.136 - - [04/Jan/2024:10:23:38 -0500] "GET /BLA/resoluciones/AUTOS%202022/1818.pdf HTTP/1.0" 200 399940
173.252.111.9 - - [04/Jan/2024:10:23:44 -0500] "GET /por-un-corazon-mas-verde-del-1-al-9-de-junio-se-celebrara-la-semana-ambiental-2023-en-bogota.html HTTP/1.1" 200 819
156.59.198.136 - - [04/Jan/2024:10:24:02 -0500] "GET /BLA/resoluciones/AUTOS%202022/1384.pdf HTTP/1.0" 200 361864
186.102.77.113 - - [04/Jan/2024:10:24:24 -0500] "GET /kwssiamovil/sm/acme/a?s=U2FsdGVkX19BJSlJx12Cr3G3xPmbadv3+EhxcKdbJ9v9rAeULYLss1dMCOtTuujBPZpC3D/YWDKvpbezCutSf4JzRlfD+UE1A4wEpkG0MrFk3skzDca5mtJqYNsy6hGftV+054gosqb+36cZOvNEh5Mz+5a6j1VCEWEMjzK3cb2JT6ZdU39ab+JUbLkDbIgi66VF79pbTMIZsqj5Ll9DYyWJg+tmLrpr4ORqhgtizPuA5q4dStt3fer2fa0bLsrJmjk+Cq+eb4vBa5XLz4RHpA==&u=U2FsdGVkX1+eOSZJ5blIJyBMAwcTd4X/4vnV3tS5MFk=&y=U2FsdGVkX19zkdaOoNd5SbJktK1auCAgL/QNJw7p6/KLsuQScqUJGsVG1RbTGJnB HTTP/1.1" 200 26
186.102.77.113 - - [04/Jan/2024:10:24:25 -0500] "GET /kwssiamovil/sm/acme/a?s=U2FsdGVkX180jcxl0UqUb5ABS4eILfAPWYHh2g6khP8IuQmy8HoJh4TO3Ny9Am7voDKaR+41asLqWM+TanwjBYB3Rgml4ULfp/st0j98Y2a+Ocyg6MU/i+RUmy0Y0ohHIEcOc9NQRy4w1JvbOCTy3crej0tF7PGFokmY5HdzTj1QgaChr6yxgx3Yz8EoHs6GfwBfbU7Nj6TYKnguYUHN6GblfqNITlYGmo0GN3dLQDVyDPbiGLgv3TpM2tgbfdz776gq/7qNcCmZUyMYnzbMFCWlt/oy6907Liqe5ZZ/R8F9pfP87NouXopeY69Aks2jFYl11Y8emn7tyln/DFiTuOlC6JzuZ3HkLFtGQKyb51+49CmOcD6lDm+q71kRS17k3ODw8yd40a8eadItMI0fhNpKqdVBMRRQQEAvE4S94h0Ro5JLOTZa+DH3rZvRut4ovqBt6Y2sF5AkrxPoVsMJ8y63zNn9lULsaw+VFgW7qgnBWeVeE77e9lf4hDYbNMpupBvLGFh/dHh7Pk69VFxPx+IyAhZHRQvAc9FjVS8rsfx3cC3PEhSC/eV6C5GarmJb8QGI9pnqPnYfk0TsOg9tusLqaAGkGqW5B1xPNxqwxY+CItt2yQ4WoqQEKEvpKe8ciMvlrHXdbXot7WCRESe1kQzLMfD4SVQ+D5JZaD1ZPAYThtzL8UWPpXUfLpQdeKrUgx2CWsyPa0Gr/rr3zgNn/Jv2SO4VIrJNeOgRBoGCUJcCfDvrC6EUxAHHfj+yMJYddqczVroyJ2lE+Tvw04h6q7HuvhixCnOEBWiEOHiBxtO88hteLIylkLSdbz3p6PLQXRBVyLfLu5NfgCsRo3LcBzAE+SbtAL5KxCRMN2Sxb0BnIYp24szR4HyORF234cHxh8aX4Dh4ZVfnnIOW785M9ip/FhQ7MZpXmWWgMhbvwdJXepgWyM3GS40j6ZfPVktcLAsgQIJLG0FNHlTy8BM4pM4M/N9wMa282ceEFbibh+rZ5TOuws9ukf3IK5qLUn0gRPdTVIIXpEG73m3yLzlmLZFQYBDbVvxhbP/2kNlRg7ZfT3MNjrQh8jc+/fj2j91YGIqF1JsC7NLhFWVbORmUhGwz5KTh1MI9HOEgQpGZm4ryud+7cF7mqCmBJXmj6VG40QPavmWEd5TECAEimJQuG39CkZSsSVTA+SE66IjJgQ4oziZkSqwmTBrJEgkqBrCXvkm9qwVbj1w0mvC3bSzdYFIH9lzYSPIFHPb+Y4x05aK5iwVcrDlY4CmqW1YqTOqhuoQYHd3nSzMhxacUdJ9QLCO/62gyd9UPupS/Ujdoylgy9V0v9VWNUcfYHprZur2GgsOswirMBN3D/fTQ2t/KQLy//fbV6CjXfmkiku8IIDd/MrG6nD3K+nI0Pg+DCP0wBs/HfL1TS5yMKpHxQKonI5KxFEEYow0c9yJ1s8eKvNG8yYTdHsOEFKRMs4vUusekrZBbMFUhZPR3Hiy9h7JoqSTVKrySkbtPap8PA0LRKVzWATEg2tWOmThyqr8ryM/WteKXUo4vlTfgloCKQKuDChPGfP0JUbgjYUD4Xlwi9PIUW9dzRituUFPy/uz0/j67q1B7NZYXsaIh4FqUpPkn0sqfXnLxYzetMO8kkG38iw8lSacPgqvtxwjrG+FZoY4jbfBvKVA9I8ohPIeUF+Wu2YqUwjo/tADxP6Of5XBk1YwAILN6+nfpndLRrFF77wW4rD/h/P43y6hk98LZaeLvH03lW+ZPwFHI+AdlfljSy/R8Gr4ybkoFdMmpvm1pPSRoDM6xB4GDqk6BHheHbhWpAysuR1mazVOBy6klQK/ueQ8sxNnzaIZPwONaSnAWbyz+CaIP2dUAv4EhG8lJt5lsKvWP1/VNLyTb8d66U51MpDZoep6eE+rhwz8laRPXsKxxBR/sWFRMiHunQPA2S/gtbdSC4dOoge1P2gOyFfCQOSE4rpOndHrjk8g6CM8ida0M8BgbdwNriDRr7cZaxFyNh0/xtSpQjE+gwzOFaa7+aILGq5d1ybFqp0DpSQFvaMmik0z8AZKZidnUW/Inur3ZsZfVs7z38l7CHDgFHpU92P2mdeBJqdpQ2KsLQoX+NahQo2yhyE31VjnsLfcbPRunYqFGfxrjDyUuJ68XJCsxHvaeBWG8puUxP5GxVTO0fmK7gog5ckodr5YQz0OABLzD8D51edzIYwMRMSyQQLaIZ3p138Q7W4OaF2d96lLcUrEMWire2CA+BiLF2ym7jk6vpBv63SESxADnSiiEqvFtNnomCFEpyBox5O/TrcNc92/NUcczYKyDyvFaGlaGE81jgbGX5Wyh0EyRhh2mgTzx/vffGNbZ1+xEmwResPuH5MpDN8H1bQcDyuRTzIAubCH3maAxhBO5tW8anCp13rBa+srYi1fPmD5+6g9/Nc1/OhHZHVmlh4whjUJew2xkMoeQrBz/TtvXCTf4sIVUSpFGIbc3ZzLlvJKyJfrFrcsMOlv0EqBCRzotK8QdR1m69RBBliP0nQppe4FG0qlsaRxzPjG+RpVuunh7mkW7HD+/DmAYcf1dX/uH64mNKCiNyjNc2YJZ3d5iqVvo0rEaxjN3ZT1mPDspzQu52l5WO19FpvkZ8P4LP/IivIIwIhGIJXCxjrYUFyWcgY4cNXcDrR2kTLivFb8AfhOSpkHnf8TvyJ1sdN0syOxKar1wSDUq2QDyDWhygB8Fwc8mc38qeAoyca3D18mLvB3+r/1y5h09kaN2Fiep4SaExnbLNi0YwcCRWXFuHwlg5lmOrep89R1bHx7sUFrnuTu2KiNDwxw9pKhSvkYfVPdshBLRzMZ2nsuue+vNu9h8x5wB+DiNQ57mtk7c0ksUQssdPG/uk23bQChL41fRE5VIAJYEHZJO/OuI29hWYfYFjupVBRomzascZnmnORIok9j7a0vPRpfudwlqrUAzGTs5xa4XOaJtDYwx0nV+9MpadmVF7cJVtsCjTE0mofSeqoa4kehXAZLxq9tp4++dIytF4uYw4Kor7YmunZucMErCsagRkbkbcfyKJlfU2EwbpH2C+VkMhi0XuaCNyQyrYCA/knJpXfi4cgWtnimUDrB+rLC4ewKJJtv6/lbJcY+FoyPNSgDGtxsS1iwMgZwVtNHK+7w5AGcSw81bViV85pLxP+Qm8Sti9rv9oq5JVUoxIEYwrFEjHFk4P381FFlrFZf7DMoonX2/UU19gjvYnvNOE9aUpzOc3Qwuq2QXHQthBh+1DyysVdIUlama3K0zg5U5h5Xo2BWgsVySRZ9PbJsGeiISMY2XvjKWp3skT3KbbVgP2tFFkaGUqYw6e3RrXLlzLxLFcucuuDj1Mbjq0trvlmgZG0mLp19HoA4Hi2JxaiNlW4QCsgKiAFHgZQFS71Q7UGMb+XAvYrGeDQ+6f6OU6bDtVRQgLggWYVs=&u=U2FsdGVkX1+eOSZJ5blIJyBMAwcTd4X/4vnV3tS5MFk=&y=U2FsdGVkX19zkdaOoNd5SbJktK1auCAgL/QNJw7p6/KLsuQScqUJGsVG1RbTGJnB HTTP/1.1" 200 26
186.102.77.113 - - [04/Jan/2024:10:24:26 -0500] "GET /kwssiamovil/sm/acme/a?s=U2FsdGVkX1/fulMtx9ffvgB+6Hm53UL0BuuL+mf4PUBCEaF9VzcWZvTraKGIJqK+wf8gdvM0bSCCoH+pLFY7gbitC00hGnk3AfCdjXFWGi2n2su4MtoX6a92rS2Bt3oG2rj4DcSY0roiMa5GP2H7TRl4pS1WdVJgrxiBJJ5KrYw=&u=U2FsdGVkX1+eOSZJ5blIJyBMAwcTd4X/4vnV3tS5MFk=&y=U2FsdGVkX19zkdaOoNd5SbJktK1auCAgL/QNJw7p6/KLsuQScqUJGsVG1RbTGJnB HTTP/1.1" 200 26
186.102.77.113 - - [04/Jan/2024:10:24:26 -0500] "GET /kwssiamovil/sm/acme/a?s=U2FsdGVkX18VJYQKYbsgMAcvMzmXCRAALebtlWwnie/MMzhc1TmKDLhExLaRFjN5+F7HCW57wquS1nNnVm0pcSsKiJzm75jVPqVDlQQXFKLT1LHdAZ/zraEEVhVTOpG3x2cT+33EDol5OMWc3rYjJX1ycZrhmX/r04IhZytUMXU=&u=U2FsdGVkX1+eOSZJ5blIJyBMAwcTd4X/4vnV3tS5MFk=&y=U2FsdGVkX19zkdaOoNd5SbJktK1auCAgL/QNJw7p6/KLsuQScqUJGsVG1RbTGJnB HTTP/1.1" 200 26
186.102.77.113 - - [04/Jan/2024:10:24:26 -0500] "GET /kwssiamovil/sm/acme/a?s=U2FsdGVkX19XgKovP4z2d5L/ifgZiPcFpNT/pmhvkX+5M6XFulswyz5o3E7FWhr9dDUxIwL/b+d8Tg2swjUhDxk91d1/mUWzvWF4lBOexUZu8HIInJzURfZ6Xbd3n5o25k9XlAyKAffzff/eVPBT7AdOlqyIB096thR63+VfwAw=&u=U2FsdGVkX1+eOSZJ5blIJyBMAwcTd4X/4vnV3tS5MFk=&y=U2FsdGVkX19zkdaOoNd5SbJktK1auCAgL/QNJw7p6/KLsuQScqUJGsVG1RbTGJnB HTTP/1.1" 200 26
186.102.77.113 - - [04/Jan/2024:10:24:26 -0500] "GET /kwssiamovil/sm/acme/a?s=U2FsdGVkX1/74imZBYPHYe/0Wp7Y2eTlhkyE1YMosBvSgfQwI2dKNtno1e5s7adSrrOWaaeO3uI6jorn4uzNe10GqG8+QB95EVS0cyLPVCqDm8EXy96eRx4WhwT1JEUTO6C986e3LluLkTI/yIfhIfbg8TABDmBIQkbz43itbNaLAdOXYnRp6aa9fi+pRfFPjuDzwRmC1+WSMclxKjSvzw==&u=U2FsdGVkX1+eOSZJ5blIJyBMAwcTd4X/4vnV3tS5MFk=&y=U2FsdGVkX19zkdaOoNd5SbJktK1auCAgL/QNJw7p6/KLsuQScqUJGsVG1RbTGJnB HTTP/1.1" 200 26
156.59.198.135 - - [04/Jan/2024:10:24:27 -0500] "GET /BLA/resoluciones/AUTOS%202022/0460.pdf HTTP/1.0" 200 391727
172.22.2.4 - - [04/Jan/2024:10:24:42 -0500] "GET /BLA/boletinlegal/js/jquery.js HTTP/1.1" 200 57254
172.22.2.4 - - [04/Jan/2024:10:24:42 -0500] "GET /BLA/boletinlegal/js/jquery.scrollTo-min.js HTTP/1.1" 200 1150
172.22.2.4 - - [04/Jan/2024:10:24:42 -0500] "GET /BLA/boletinlegal/js/jquery.scrollShow.js HTTP/1.1" 200 4586
172.22.2.4 - - [04/Jan/2024:10:24:42 -0500] "GET /BLA/boletinlegal/images/screen_1.png HTTP/1.1" 200 202547
172.22.2.4 - - [04/Jan/2024:10:24:42 -0500] "GET /BLA/boletinlegal/images/arr_l.jpg HTTP/1.1" 200 1979
172.22.2.4 - - [04/Jan/2024:10:24:42 -0500] "GET /BLA/boletinlegal/images/launch.jpg HTTP/1.1" 200 14577
172.22.2.4 - - [04/Jan/2024:10:24:47 -0500] "GET /BLA/boletinlegal/js/ajax_normativa.js HTTP/1.1" 200 1154
172.22.2.4 - - [04/Jan/2024:10:24:46 -0500] "GET /BLA/boletinlegal/normativa.php HTTP/1.1" 200 8343
186.155.14.151 - - [04/Jan/2024:10:24:48 -0500] "GET /favicon.ico HTTP/1.1" 200 7782
172.22.2.4 - - [04/Jan/2024:10:24:49 -0500] "GET /BLA/boletinlegal/images/screen_2.png HTTP/1.1" 200 362502
172.22.2.4 - - [04/Jan/2024:10:24:49 -0500] "GET /BLA/boletinlegal/images/screen_3.png HTTP/1.1" 200 210620
172.22.2.4 - - [04/Jan/2024:10:24:49 -0500] "GET /BLA/boletinlegal/images/screen_5.png HTTP/1.1" 200 368876
172.22.2.4 - - [04/Jan/2024:10:24:49 -0500] "GET /BLA/boletinlegal/images/arr_r.jpg HTTP/1.1" 200 1998
172.22.2.4 - - [04/Jan/2024:10:24:50 -0500] "GET /BLA/boletinlegal/style.css HTTP/1.1" 200 9406
172.22.2.4 - - [04/Jan/2024:10:24:50 -0500] "GET /BLA/boletinlegal/styles2.css HTTP/1.1" 200 1838
172.22.2.4 - - [04/Jan/2024:10:24:50 -0500] "GET /BLA/boletinlegal/js/jquery.js HTTP/1.1" 200 57254
172.22.2.4 - - [04/Jan/2024:10:24:50 -0500] "GET /BLA/boletinlegal/js/jquery.scrollTo-min.js HTTP/1.1" 200 1150
172.22.2.4 - - [04/Jan/2024:10:24:50 -0500] "GET /BLA/boletinlegal/js/jquery.scrollShow.js HTTP/1.1" 200 4586
172.22.2.4 - - [04/Jan/2024:10:24:50 -0500] "GET /BLA/boletinlegal/images/cabezote%20BLEGAL.jpg HTTP/1.1" 200 118164
172.22.2.4 - - [04/Jan/2024:10:24:50 -0500] "GET /BLA/boletinlegal/images/screen_1.png HTTP/1.1" 200 202547
172.22.2.4 - - [04/Jan/2024:10:24:50 -0500] "GET /BLA/boletinlegal/images/historia.png HTTP/1.1" 200 52775
172.22.2.4 - - [04/Jan/2024:10:24:50 -0500] "GET /BLA/boletinlegal/images/subscribe-icon-big.png HTTP/1.1" 200 47702
172.22.2.4 - - [04/Jan/2024:10:24:50 -0500] "GET /BLA/boletinlegal/images/registro-usuarios.png HTTP/1.1" 200 8106
172.22.2.4 - - [04/Jan/2024:10:24:50 -0500] "GET /BLA/boletinlegal/images/arr_l.jpg HTTP/1.1" 200 1979
172.22.2.4 - - [04/Jan/2024:10:24:50 -0500] "GET /BLA/boletinlegal/images/launch.jpg HTTP/1.1" 200 14577
172.22.2.4 - - [04/Jan/2024:10:24:51 -0500] "GET /BLA/boletinlegal/images/body_bg.jpg HTTP/1.1" 200 1601
172.22.2.4 - - [04/Jan/2024:10:24:51 -0500] "GET /BLA/boletinlegal/images/menu_lft.gif HTTP/1.1" 200 1713
172.22.2.4 - - [04/Jan/2024:10:24:51 -0500] "GET /BLA/boletinlegal/images/menu_rght.gif HTTP/1.1" 200 1627
172.22.2.4 - - [04/Jan/2024:10:24:51 -0500] "GET /BLA/boletinlegal/images/bg_top.jpg HTTP/1.1" 200 522
172.22.2.4 - - [04/Jan/2024:10:24:51 -0500] "GET /BLA/boletinlegal/images/menu_bg.jpg HTTP/1.1" 200 620
172.22.2.4 - - [04/Jan/2024:10:24:51 -0500] "GET /BLA/boletinlegal/images/hover.jpg HTTP/1.1" 200 640
172.22.2.4 - - [04/Jan/2024:10:24:51 -0500] "GET /BLA/boletinlegal/images/text.jpg HTTP/1.1" 200 568
156.59.198.135 - - [04/Jan/2024:10:24:51 -0500] "GET /BLA/resoluciones/AUTOS%202022/4601.pdf HTTP/1.0" 200 384249
172.22.2.4 - - [04/Jan/2024:10:24:53 -0500] "GET /BLA/boletinlegal/actos.php HTTP/1.1" 200 9648
172.22.2.4 - - [04/Jan/2024:10:24:53 -0500] "GET /BLA/boletinlegal/js/ajax_actos.js HTTP/1.1" 200 1322
172.22.2.4 - - [04/Jan/2024:10:24:53 -0500] "GET /BLA/boletinlegal/js/popup.js HTTP/1.1" 200 1270
172.22.2.4 - - [04/Jan/2024:10:24:53 -0500] "GET /BLA/boletinlegal/niceforms-default.css HTTP/1.1" 200 6694
172.22.2.4 - - [04/Jan/2024:10:24:53 -0500] "GET /BLA/boletinlegal/niceforms.js HTTP/1.1" 200 22876
172.22.2.4 - - [04/Jan/2024:10:24:53 -0500] "GET /BLA/boletinlegal/js/lib.js HTTP/1.1" 200 6474
172.22.2.4 - - [04/Jan/2024:10:24:53 -0500] "GET /BLA/boletinlegal/js/jquery1.js HTTP/1.1" 200 29846
172.22.2.4 - - [04/Jan/2024:10:24:53 -0500] "GET /BLA/boletinlegal/images/green-yellow-blue-pink-th.png HTTP/1.1" 200 7394
172.22.2.4 - - [04/Jan/2024:10:24:53 -0500] "GET /BLA/boletinlegal/images/icono-email.png HTTP/1.1" 200 5544
172.22.2.4 - - [04/Jan/2024:10:24:53 -0500] "GET /BLA/boletinlegal/images/tel.png HTTP/1.1" 200 14477
172.22.2.4 - - [04/Jan/2024:10:24:53 -0500] "GET /BLA/boletinlegal/images/footer_bg.jpg HTTP/1.1" 200 586
172.22.2.4 - - [04/Jan/2024:10:24:53 -0500] "GET /BLA/boletinlegal/images/footer_bg_l.jpg HTTP/1.1" 200 776
172.22.2.4 - - [04/Jan/2024:10:24:53 -0500] "GET /BLA/boletinlegal/img/0.png HTTP/1.1" 200 110
172.22.2.4 - - [04/Jan/2024:10:24:53 -0500] "GET /BLA/boletinlegal/img/select-left.png HTTP/1.1" 200 263
172.22.2.4 - - [04/Jan/2024:10:24:53 -0500] "GET /BLA/boletinlegal/img/button.png HTTP/1.1" 200 43241
172.22.2.4 - - [04/Jan/2024:10:24:53 -0500] "GET /BLA/boletinlegal/img/select-right.png HTTP/1.1" 200 44019
172.22.2.4 - - [04/Jan/2024:10:24:53 -0500] "GET /BLA/boletinlegal/img/button-right.png HTTP/1.1" 200 57878
172.22.2.4 - - [04/Jan/2024:10:24:53 -0500] "GET /BLA/boletinlegal/img/button-left.png HTTP/1.1" 200 57071
172.22.2.4 - - [04/Jan/2024:10:24:53 -0500] "GET /BLA/boletinlegal/favicon.ico HTTP/1.1" 404 1326
172.22.2.4 - - [04/Jan/2024:10:24:54 -0500] "GET /BLA/boletinlegal/consulta_normativa.php?tipo=&sector=Aire&ano=&resuelve= HTTP/1.1" 200 949
172.22.2.4 - - [04/Jan/2024:10:24:54 -0500] "GET /BLA/boletinlegal/images/docs.png HTTP/1.1" 200 10288
172.22.2.4 - - [04/Jan/2024:10:24:55 -0500] "GET /BLA/boletinlegal/consulta_actos.php?tipo=autos&no=&usuario=&sector=&fecha=2023&resuelve= HTTP/1.1" 200 1401011
172.22.2.4 - - [04/Jan/2024:10:24:57 -0500] "GET /BLA/boletinlegal/images/pdf.gif HTTP/1.1" 200 567
172.22.2.4 - - [04/Jan/2024:10:24:57 -0500] "GET /BLA/boletinlegal/images/background.gif HTTP/1.1" 200 -
172.22.2.4 - - [04/Jan/2024:10:24:58 -0500] "GET /BLA/boletinlegal/actos.php HTTP/1.1" 200 9648
172.22.2.4 - - [04/Jan/2024:10:24:59 -0500] "GET /BLA/boletinlegal/consulta_actos.php?tipo=autos&no=&usuario=&sector=&fecha=2023&resuelve= HTTP/1.1" 200 1401011
172.22.2.4 - - [04/Jan/2024:10:25:02 -0500] "GET /BLA/boletinlegal/consulta_actos.php?tipo=autos&no=&usuario=&sector=&fecha=2023&resuelve= HTTP/1.1" 200 1401011
172.22.2.4 - - [04/Jan/2024:10:25:15 -0500] "GET /BLA/boletinlegal/consulta_actos.php?tipo=resoluciones&no=&usuario=&sector=&fecha=2023&resuelve= HTTP/1.1" 200 417947
156.59.198.136 - - [04/Jan/2024:10:25:16 -0500] "GET /BLA/resoluciones/AUTOS%202022/2995.pdf HTTP/1.0" 200 374548
172.22.2.4 - - [04/Jan/2024:10:24:48 -0500] "GET /BLA/boletinlegal/ HTTP/1.1" 200 24523
156.59.198.136 - - [04/Jan/2024:10:25:40 -0500] "GET /BLA/resoluciones/AUTOS%202022/4761.pdf HTTP/1.0" 200 413031
172.22.2.4 - - [04/Jan/2024:10:25:41 -0500] "GET /BLA/boletinlegal/actos.php HTTP/1.1" 200 9648
172.22.2.4 - - [04/Jan/2024:10:25:41 -0500] "GET /BLA/boletinlegal/js/ajax_actos.js HTTP/1.1" 200 1322
172.22.2.4 - - [04/Jan/2024:10:25:41 -0500] "GET /BLA/boletinlegal/niceforms.js HTTP/1.1" 200 22876
172.22.2.4 - - [04/Jan/2024:10:25:41 -0500] "GET /BLA/boletinlegal/niceforms-default.css HTTP/1.1" 200 6694
172.22.2.4 - - [04/Jan/2024:10:25:41 -0500] "GET /BLA/boletinlegal/style.css HTTP/1.1" 200 9406
172.22.2.4 - - [04/Jan/2024:10:25:41 -0500] "GET /BLA/boletinlegal/js/lib.js HTTP/1.1" 200 6474
172.22.2.4 - - [04/Jan/2024:10:25:41 -0500] "GET /BLA/boletinlegal/js/popup.js HTTP/1.1" 200 1270
172.22.2.4 - - [04/Jan/2024:10:25:41 -0500] "GET /BLA/boletinlegal/js/jquery1.js HTTP/1.1" 200 29846
172.22.2.4 - - [04/Jan/2024:10:25:41 -0500] "GET /BLA/boletinlegal/images/cabezote%20BLEGAL.jpg HTTP/1.1" 200 118164
172.22.2.4 - - [04/Jan/2024:10:25:41 -0500] "GET /BLA/boletinlegal/images/subscribe-icon-big.png HTTP/1.1" 200 47702
172.22.2.4 - - [04/Jan/2024:10:25:42 -0500] "GET /BLA/boletinlegal/styles2.css HTTP/1.1" 200 1838
172.22.2.4 - - [04/Jan/2024:10:25:42 -0500] "GET /BLA/boletinlegal/images/historia.png HTTP/1.1" 200 52775
172.22.2.4 - - [04/Jan/2024:10:25:42 -0500] "GET /BLA/boletinlegal/images/registro-usuarios.png HTTP/1.1" 200 8106
172.22.2.4 - - [04/Jan/2024:10:25:42 -0500] "GET /BLA/boletinlegal/images/green-yellow-blue-pink-th.png HTTP/1.1" 200 7394
172.22.2.4 - - [04/Jan/2024:10:25:42 -0500] "GET /BLA/boletinlegal/images/body_bg.jpg HTTP/1.1" 200 1601
172.22.2.4 - - [04/Jan/2024:10:25:42 -0500] "GET /BLA/boletinlegal/images/icono-email.png HTTP/1.1" 200 5544
172.22.2.4 - - [04/Jan/2024:10:25:42 -0500] "GET /BLA/boletinlegal/images/tel.png HTTP/1.1" 200 14477
172.22.2.4 - - [04/Jan/2024:10:25:42 -0500] "GET /BLA/boletinlegal/images/menu_lft.gif HTTP/1.1" 200 1713
172.22.2.4 - - [04/Jan/2024:10:25:42 -0500] "GET /BLA/boletinlegal/images/menu_rght.gif HTTP/1.1" 200 1627
172.22.2.4 - - [04/Jan/2024:10:25:42 -0500] "GET /BLA/boletinlegal/images/bg_top.jpg HTTP/1.1" 200 522
172.22.2.4 - - [04/Jan/2024:10:25:42 -0500] "GET /BLA/boletinlegal/images/menu_bg.jpg HTTP/1.1" 200 620
172.22.2.4 - - [04/Jan/2024:10:25:42 -0500] "GET /BLA/boletinlegal/images/hover.jpg HTTP/1.1" 200 640
172.22.2.4 - - [04/Jan/2024:10:25:42 -0500] "GET /BLA/boletinlegal/images/text.jpg HTTP/1.1" 200 568
172.22.2.4 - - [04/Jan/2024:10:25:42 -0500] "GET /BLA/boletinlegal/images/footer_bg.jpg HTTP/1.1" 200 586
172.22.2.4 - - [04/Jan/2024:10:25:42 -0500] "GET /BLA/boletinlegal/images/footer_bg_l.jpg HTTP/1.1" 200 776
172.22.2.4 - - [04/Jan/2024:10:25:42 -0500] "GET /BLA/boletinlegal/img/0.png HTTP/1.1" 200 110
172.22.2.4 - - [04/Jan/2024:10:25:42 -0500] "GET /BLA/boletinlegal/img/select-left.png HTTP/1.1" 200 263
172.22.2.4 - - [04/Jan/2024:10:25:42 -0500] "GET /BLA/boletinlegal/img/select-right.png HTTP/1.1" 200 44019
172.22.2.4 - - [04/Jan/2024:10:25:42 -0500] "GET /BLA/boletinlegal/img/button-left.png HTTP/1.1" 200 57071
172.22.2.4 - - [04/Jan/2024:10:25:42 -0500] "GET /BLA/boletinlegal/img/button.png HTTP/1.1" 200 43241
172.22.2.4 - - [04/Jan/2024:10:25:42 -0500] "GET /BLA/boletinlegal/img/button-right.png HTTP/1.1" 200 57878
172.22.2.4 - - [04/Jan/2024:10:25:42 -0500] "GET /BLA/boletinlegal/favicon.ico HTTP/1.1" 404 1326
216.245.221.92 - - [04/Jan/2024:10:25:45 -0500] "HEAD / HTTP/1.1" 200 -
172.22.2.4 - - [04/Jan/2024:10:25:46 -0500] "GET /BLA/boletinlegal/consulta_actos.php?tipo=resoluciones&no=&usuario=&sector=&fecha=2023&resuelve= HTTP/1.1" 200 417947
156.59.198.136 - - [04/Jan/2024:10:26:06 -0500] "GET /BLA/resoluciones/AUTOS%202022/2172.pdf HTTP/1.0" 200 414472
40.77.167.25 - - [04/Jan/2024:10:26:10 -0500] "GET /Publicaciones/2023EE300488.pdf HTTP/1.1" 404 228
172.22.2.4 - - [04/Jan/2024:10:24:42 -0500] "GET /BLA/boletinlegal/ HTTP/1.1" 200 58969
156.59.198.136 - - [04/Jan/2024:10:26:31 -0500] "GET /BLA/resoluciones/AUTOS%202022/6888.pdf HTTP/1.0" 200 363171
156.59.198.135 - - [04/Jan/2024:10:26:54 -0500] "GET /BLA/resoluciones/AUTOS%202022/0778.pdf HTTP/1.0" 200 388593
186.154.180.28 - - [04/Jan/2024:10:27:05 -0500] "GET /sipse/faces/javax.faces.resource/theme.css?ln=primefaces-sipse HTTP/1.1" 304 -
186.154.180.28 - - [04/Jan/2024:10:27:05 -0500] "GET /sipse/faces/javax.faces.resource/primefaces.css?ln=primefaces&v=4.0 HTTP/1.1" 304 -
186.154.180.28 - - [04/Jan/2024:10:27:05 -0500] "GET /sipse/faces/javax.faces.resource/layout/layout.css?ln=primefaces&v=4.0 HTTP/1.1" 304 -
186.154.180.28 - - [04/Jan/2024:10:27:05 -0500] "GET /sipse/faces/faces/autenticacion.xhtml HTTP/1.1" 200 12409
186.154.180.28 - - [04/Jan/2024:10:27:05 -0500] "GET /sipse/faces/javax.faces.resource/jquery/jquery.js?ln=primefaces&v=4.0 HTTP/1.1" 304 -
186.154.180.28 - - [04/Jan/2024:10:27:05 -0500] "GET /sipse/faces/javax.faces.resource/jquery/jquery-plugins.js?ln=primefaces&v=4.0 HTTP/1.1" 304 -
186.154.180.28 - - [04/Jan/2024:10:27:05 -0500] "GET /sipse/faces/javax.faces.resource/primefaces.js?ln=primefaces&v=4.0 HTTP/1.1" 304 -
186.154.180.28 - - [04/Jan/2024:10:27:05 -0500] "GET /sipse/faces/javax.faces.resource/layout/layout.js?ln=primefaces&v=4.0 HTTP/1.1" 304 -
186.154.180.28 - - [04/Jan/2024:10:27:06 -0500] "GET /sipse/faces/javax.faces.resource/images/ui-icons_898989_256x240.png?ln=primefaces-aristo HTTP/1.1" 304 -
186.154.180.28 - - [04/Jan/2024:10:27:06 -0500] "GET /sipse/faces/faces/index.xhtml HTTP/1.1" 200 677
186.154.180.28 - - [04/Jan/2024:10:27:07 -0500] "GET /sipse/faces/javax.faces.resource/theme.css?ln=primefaces-sipse HTTP/1.1" 304 -
186.154.180.28 - - [04/Jan/2024:10:27:07 -0500] "GET /sipse/faces/faces/faces/autenticacion.xhtml HTTP/1.1" 200 12409
186.154.180.28 - - [04/Jan/2024:10:27:08 -0500] "GET /sipse/faces/javax.faces.resource/theme.css?ln=primefaces-sipse HTTP/1.1" 304 -
186.154.180.28 - - [04/Jan/2024:10:27:08 -0500] "GET /sipse/faces/javax.faces.resource/primefaces.css?ln=primefaces&v=4.0 HTTP/1.1" 304 -
186.154.180.28 - - [04/Jan/2024:10:27:08 -0500] "GET /sipse/faces/javax.faces.resource/layout/layout.css?ln=primefaces&v=4.0 HTTP/1.1" 304 -
186.154.180.28 - - [04/Jan/2024:10:27:08 -0500] "GET /sipse/faces/javax.faces.resource/jquery/jquery.js?ln=primefaces&v=4.0 HTTP/1.1" 304 -
186.154.180.28 - - [04/Jan/2024:10:27:08 -0500] "GET /sipse/faces/javax.faces.resource/jquery/jquery-plugins.js?ln=primefaces&v=4.0 HTTP/1.1" 304 -
186.154.180.28 - - [04/Jan/2024:10:27:08 -0500] "GET /sipse/faces/javax.faces.resource/primefaces.js?ln=primefaces&v=4.0 HTTP/1.1" 304 -
186.154.180.28 - - [04/Jan/2024:10:27:08 -0500] "GET /sipse/faces/javax.faces.resource/layout/layout.js?ln=primefaces&v=4.0 HTTP/1.1" 304 -
186.154.180.28 - - [04/Jan/2024:10:27:08 -0500] "GET /sipse/faces/javax.faces.resource/images/ui-icons_898989_256x240.png?ln=primefaces-aristo HTTP/1.1" 304 -
186.154.180.28 - - [04/Jan/2024:10:27:11 -0500] "POST /sipse/faces/autenticacion.xhtml HTTP/1.1" 200 16250
186.154.180.28 - - [04/Jan/2024:10:27:11 -0500] "GET /sipse/faces/javax.faces.resource/jquery/jquery.js?ln=primefaces&v=4.0 HTTP/1.1" 304 -
186.154.180.28 - - [04/Jan/2024:10:27:12 -0500] "GET /sipse/faces/javax.faces.resource/jquery/jquery-plugins.js?ln=primefaces&v=4.0 HTTP/1.1" 304 -
186.154.180.28 - - [04/Jan/2024:10:27:12 -0500] "GET /sipse/faces/javax.faces.resource/primefaces.js?ln=primefaces&v=4.0 HTTP/1.1" 304 -
186.154.180.28 - - [04/Jan/2024:10:27:13 -0500] "GET /sipse/faces/javax.faces.resource/layout/layout.js?ln=primefaces&v=4.0 HTTP/1.1" 304 -
186.154.180.28 - - [04/Jan/2024:10:27:13 -0500] "GET /sipse/css/imagen/contrasena.png HTTP/1.1" 404 383
186.154.180.28 - - [04/Jan/2024:10:27:13 -0500] "GET /sipse/faces/javax.faces.resource/messages/messages.png?ln=primefaces&v=4.0 HTTP/1.1" 304 -
186.154.180.28 - - [04/Jan/2024:10:27:14 -0500] "GET /sipse/faces/javax.faces.resource/images/ui-bg_flat_0_2d5972_40x100.png?ln=primefaces-aristo HTTP/1.1" 304 -
186.154.180.28 - - [04/Jan/2024:10:27:14 -0500] "POST /sipse/faces/bienvenido.xhtml HTTP/1.1" 200 1471
186.154.180.28 - - [04/Jan/2024:10:27:15 -0500] "POST /sipse/faces/bienvenido.xhtml HTTP/1.1" 200 52303
186.154.180.28 - - [04/Jan/2024:10:27:17 -0500] "GET /sipse/faces/javax.faces.resource/jquery/jquery.js?ln=primefaces&v=4.0 HTTP/1.1" 304 -
186.154.180.28 - - [04/Jan/2024:10:27:17 -0500] "GET /sipse/faces/javax.faces.resource/jquery/jquery-plugins.js?ln=primefaces&v=4.0 HTTP/1.1" 304 -
186.154.180.28 - - [04/Jan/2024:10:27:18 -0500] "GET /sipse/faces/javax.faces.resource/primefaces.js?ln=primefaces&v=4.0 HTTP/1.1" 304 -
186.154.180.28 - - [04/Jan/2024:10:27:18 -0500] "GET /sipse/faces/javax.faces.resource/layout/layout.js?ln=primefaces&v=4.0 HTTP/1.1" 304 -
131.72.137.226 - - [04/Jan/2024:10:27:18 -0500] "GET /BLA/boletinlegal/admin/ HTTP/1.1" 200 2324
186.154.180.28 - - [04/Jan/2024:10:27:19 -0500] "POST /sipse/faces/presentacion/financiero/solicitudProceso/listarSolicitudProceso.xhtml HTTP/1.1" 200 1524
156.59.198.135 - - [04/Jan/2024:10:27:19 -0500] "GET /BLA/resoluciones/AUTOS%202022/1329.pdf HTTP/1.0" 200 383685
131.72.137.226 - - [04/Jan/2024:10:27:20 -0500] "GET /BLA/boletinlegal/admin/index_files/style.css HTTP/1.1" 200 6223
131.72.137.226 - - [04/Jan/2024:10:27:20 -0500] "GET /BLA/boletinlegal/admin/images/bg.png HTTP/1.1" 200 332965
131.72.137.226 - - [04/Jan/2024:10:27:27 -0500] "POST /BLA/boletinlegal/admin/usuarios/process.php HTTP/1.1" 302 -
186.84.128.123 - - [04/Jan/2024:10:27:31 -0500] "GET /BLA/boletinlegal/actos.php HTTP/1.1" 200 9648
186.84.128.123 - - [04/Jan/2024:10:27:32 -0500] "GET /BLA/boletinlegal/styles2.css HTTP/1.1" 200 1838
186.84.128.123 - - [04/Jan/2024:10:27:32 -0500] "GET /BLA/boletinlegal/js/ajax_actos.js HTTP/1.1" 200 1322
186.84.128.123 - - [04/Jan/2024:10:27:32 -0500] "GET /BLA/boletinlegal/style.css HTTP/1.1" 200 9406
186.84.128.123 - - [04/Jan/2024:10:27:32 -0500] "GET /BLA/boletinlegal/niceforms-default.css HTTP/1.1" 200 6694
186.84.128.123 - - [04/Jan/2024:10:27:32 -0500] "GET /BLA/boletinlegal/niceforms.js HTTP/1.1" 200 22876
186.84.128.123 - - [04/Jan/2024:10:27:32 -0500] "GET /BLA/boletinlegal/js/lib.js HTTP/1.1" 200 6474
186.84.128.123 - - [04/Jan/2024:10:27:32 -0500] "GET /BLA/boletinlegal/js/popup.js HTTP/1.1" 200 1270
186.84.128.123 - - [04/Jan/2024:10:27:32 -0500] "GET /BLA/boletinlegal/js/jquery1.js HTTP/1.1" 200 29846
186.84.128.123 - - [04/Jan/2024:10:27:32 -0500] "GET /BLA/boletinlegal/images/cabezote%20BLEGAL.jpg HTTP/1.1" 200 118164
186.84.128.123 - - [04/Jan/2024:10:27:32 -0500] "GET /BLA/boletinlegal/images/subscribe-icon-big.png HTTP/1.1" 200 47702
186.84.128.123 - - [04/Jan/2024:10:27:32 -0500] "GET /BLA/boletinlegal/images/registro-usuarios.png HTTP/1.1" 200 8106
186.84.128.123 - - [04/Jan/2024:10:27:32 -0500] "GET /BLA/boletinlegal/images/historia.png HTTP/1.1" 200 52775
186.84.128.123 - - [04/Jan/2024:10:27:32 -0500] "GET /BLA/boletinlegal/images/tel.png HTTP/1.1" 200 14477
186.84.128.123 - - [04/Jan/2024:10:27:32 -0500] "GET /BLA/boletinlegal/images/green-yellow-blue-pink-th.png HTTP/1.1" 200 7394
186.84.128.123 - - [04/Jan/2024:10:27:32 -0500] "GET /BLA/boletinlegal/images/icono-email.png HTTP/1.1" 200 5544
186.84.128.123 - - [04/Jan/2024:10:27:32 -0500] "GET /BLA/boletinlegal/images/body_bg.jpg HTTP/1.1" 200 1601
186.84.128.123 - - [04/Jan/2024:10:27:32 -0500] "GET /BLA/boletinlegal/images/menu_lft.gif HTTP/1.1" 200 1713
186.84.128.123 - - [04/Jan/2024:10:27:32 -0500] "GET /BLA/boletinlegal/images/menu_rght.gif HTTP/1.1" 200 1627
186.84.128.123 - - [04/Jan/2024:10:27:32 -0500] "GET /BLA/boletinlegal/images/bg_top.jpg HTTP/1.1" 200 522
186.84.128.123 - - [04/Jan/2024:10:27:32 -0500] "GET /BLA/boletinlegal/images/menu_bg.jpg HTTP/1.1" 200 620
186.84.128.123 - - [04/Jan/2024:10:27:32 -0500] "GET /BLA/boletinlegal/images/hover.jpg HTTP/1.1" 200 640
186.84.128.123 - - [04/Jan/2024:10:27:32 -0500] "GET /BLA/boletinlegal/images/text.jpg HTTP/1.1" 200 568
186.84.128.123 - - [04/Jan/2024:10:27:32 -0500] "GET /BLA/boletinlegal/images/footer_bg.jpg HTTP/1.1" 200 586
186.84.128.123 - - [04/Jan/2024:10:27:32 -0500] "GET /BLA/boletinlegal/images/footer_bg_l.jpg HTTP/1.1" 200 776
186.84.128.123 - - [04/Jan/2024:10:27:33 -0500] "GET /BLA/boletinlegal/img/0.png HTTP/1.1" 200 110
186.84.128.123 - - [04/Jan/2024:10:27:33 -0500] "GET /BLA/boletinlegal/img/select-right.png HTTP/1.1" 200 44019
186.84.128.123 - - [04/Jan/2024:10:27:33 -0500] "GET /BLA/boletinlegal/img/select-left.png HTTP/1.1" 200 263
186.84.128.123 - - [04/Jan/2024:10:27:33 -0500] "GET /BLA/boletinlegal/img/button-left.png HTTP/1.1" 200 57071
186.84.128.123 - - [04/Jan/2024:10:27:33 -0500] "GET /BLA/boletinlegal/img/button.png HTTP/1.1" 200 43241
186.84.128.123 - - [04/Jan/2024:10:27:33 -0500] "GET /BLA/boletinlegal/img/button-right.png HTTP/1.1" 200 57878
186.154.180.28 - - [04/Jan/2024:10:27:32 -0500] "POST /sipse/faces/presentacion/financiero/solicitudProceso/listarSolicitudProceso.xhtml HTTP/1.1" 200 121302
186.154.180.28 - - [04/Jan/2024:10:27:35 -0500] "GET /sipse/faces/javax.faces.resource/jquery/jquery.js?ln=primefaces&v=4.0 HTTP/1.1" 304 -
186.154.180.28 - - [04/Jan/2024:10:27:36 -0500] "GET /sipse/faces/javax.faces.resource/jquery/jquery-plugins.js?ln=primefaces&v=4.0 HTTP/1.1" 304 -
186.154.180.28 - - [04/Jan/2024:10:27:36 -0500] "GET /sipse/faces/javax.faces.resource/primefaces.js?ln=primefaces&v=4.0 HTTP/1.1" 304 -
186.154.180.28 - - [04/Jan/2024:10:27:37 -0500] "GET /sipse/faces/javax.faces.resource/layout/layout.js?ln=primefaces&v=4.0 HTTP/1.1" 304 -
186.154.180.28 - - [04/Jan/2024:10:27:42 -0500] "POST /sipse/faces/presentacion/financiero/solicitudProceso/consultarSolicitudProceso.xhtml HTTP/1.1" 200 34102
186.154.180.28 - - [04/Jan/2024:10:27:43 -0500] "GET /sipse/faces/javax.faces.resource/theme.css?ln=primefaces-sipse HTTP/1.1" 304 -
186.154.180.28 - - [04/Jan/2024:10:27:43 -0500] "GET /sipse/faces/javax.faces.resource/primefaces.css?ln=primefaces&v=4.0 HTTP/1.1" 304 -
186.154.180.28 - - [04/Jan/2024:10:27:43 -0500] "GET /sipse/faces/javax.faces.resource/layout/layout.css?ln=primefaces&v=4.0 HTTP/1.1" 304 -
186.154.180.28 - - [04/Jan/2024:10:27:43 -0500] "GET /sipse/faces/javax.faces.resource/jquery/jquery.js?ln=primefaces&v=4.0 HTTP/1.1" 304 -
186.154.180.28 - - [04/Jan/2024:10:27:43 -0500] "GET /sipse/faces/javax.faces.resource/jquery/jquery-plugins.js?ln=primefaces&v=4.0 HTTP/1.1" 304 -
