201.245.192.253 - - [05/Jan/2024:04:05:50 -0500] "POST /kwsrmcab/Wsrmcab  HTTP/1.1" 200 36937
156.59.198.136 - - [05/Jan/2024:04:05:57 -0500] "GET /BLA/resoluciones/Notificaciones/AUTOS%202018/3321.pdf HTTP/1.0" 200 296341
156.59.198.136 - - [05/Jan/2024:04:06:21 -0500] "GET /BLA/resoluciones/Notificaciones/AUTOS%202018/1612.pdf HTTP/1.0" 200 335312
13.89.223.127 - - [05/Jan/2024:04:06:24 -0500] "GET /robots.txt HTTP/1.1" 404 1034
156.59.198.135 - - [05/Jan/2024:04:06:45 -0500] "GET /BLA/resoluciones/Notificaciones/AUTOS%202018/01917.pdf HTTP/1.0" 200 285946
156.59.198.135 - - [05/Jan/2024:04:07:09 -0500] "GET /BLA/resoluciones/Notificaciones/AUTOS%202018/03087.pdf HTTP/1.0" 200 319334
172.22.2.4 - - [05/Jan/2024:04:07:18 -0500] "GET /BLA/boletinlegal/images/.git/config HTTP/1.1" 404 1018
156.59.198.136 - - [05/Jan/2024:04:07:34 -0500] "GET /BLA/resoluciones/Notificaciones/AUTOS%202018/02234.pdf HTTP/1.0" 200 266482
156.59.198.135 - - [05/Jan/2024:04:07:58 -0500] "GET /BLA/resoluciones/Notificaciones/AUTOS%202018/04116.pdf HTTP/1.0" 200 241468
156.59.198.136 - - [05/Jan/2024:04:08:21 -0500] "GET /BLA/resoluciones/Notificaciones/AUTOS%202018/550.pdf HTTP/1.0" 200 280403
156.59.198.135 - - [05/Jan/2024:04:08:46 -0500] "GET /BLA/resoluciones/Notificaciones/AUTOS%202018/01487.pdf HTTP/1.0" 200 281182
156.59.198.136 - - [05/Jan/2024:04:09:10 -0500] "GET /BLA/resoluciones/Notificaciones/AUTOS%202018/03515.pdf HTTP/1.0" 200 265396
156.59.198.135 - - [05/Jan/2024:04:09:35 -0500] "GET /BLA/resoluciones/Notificaciones/AUTOS%202018/6147.pdf HTTP/1.0" 200 271773
40.77.167.235 - - [05/Jan/2024:04:09:41 -0500] "GET /Publicaciones/2023EE230699.pdf HTTP/1.1" 404 228
52.167.144.167 - - [05/Jan/2024:04:09:49 -0500] "GET /BLA/resoluciones/AUTOS%202020/0907.pdf HTTP/1.1" 200 382759
156.59.198.136 - - [05/Jan/2024:04:09:59 -0500] "GET /BLA/resoluciones/Notificaciones/AUTOS%202018/01157.pdf HTTP/1.0" 200 288772
172.22.2.4 - - [05/Jan/2024:04:10:07 -0500] "GET /BLA/boletinlegal/actos.php HTTP/1.1" 200 9648
156.59.198.135 - - [05/Jan/2024:04:10:24 -0500] "GET /BLA/resoluciones/Notificaciones/AUTOS%202018/00909.pdf HTTP/1.0" 200 343062
172.22.2.4 - - [05/Jan/2024:04:08:49 -0500] "HEAD /BLA/boletinlegal/ HTTP/1.1" 200 -
172.22.2.4 - - [05/Jan/2024:04:10:36 -0500] "GET /BLA/boletinlegal/style.css HTTP/1.1" 200 9406
172.22.2.4 - - [05/Jan/2024:04:10:40 -0500] "GET /BLA/boletinlegal/js/ajax_actos.js HTTP/1.1" 200 1322
172.22.2.4 - - [05/Jan/2024:04:10:40 -0500] "GET /BLA/boletinlegal/js/jquery1.js HTTP/1.1" 200 29846
172.22.2.4 - - [05/Jan/2024:04:10:41 -0500] "GET /BLA/boletinlegal/js/popup.js HTTP/1.1" 200 1270
172.22.2.4 - - [05/Jan/2024:04:10:41 -0500] "GET /BLA/boletinlegal/js/lib.js HTTP/1.1" 200 6474
172.22.2.4 - - [05/Jan/2024:04:10:41 -0500] "GET /BLA/boletinlegal/styles2.css HTTP/1.1" 200 1838
216.245.221.92 - - [05/Jan/2024:04:10:42 -0500] "HEAD / HTTP/1.1" 200 -
172.22.2.4 - - [05/Jan/2024:04:10:46 -0500] "GET /BLA/boletinlegal/niceforms-default.css HTTP/1.1" 200 6694
172.22.2.4 - - [05/Jan/2024:04:10:46 -0500] "GET /BLA/boletinlegal/niceforms.js HTTP/1.1" 200 22876
156.59.198.136 - - [05/Jan/2024:04:10:48 -0500] "GET /BLA/resoluciones/Notificaciones/AUTOS%202018/01911.pdf HTTP/1.0" 200 277233
201.245.192.253 - - [05/Jan/2024:04:10:47 -0500] "POST /kwsrmcab/Wsrmcab  HTTP/1.1" 200 36937
156.59.198.136 - - [05/Jan/2024:04:11:13 -0500] "GET /BLA/resoluciones/Notificaciones/AUTOS%202018/01899.pdf HTTP/1.0" 200 234488
172.22.2.4 - - [05/Jan/2024:04:09:40 -0500] "GET /BLA/boletinlegal/ HTTP/1.1" 200 60910
52.167.144.222 - - [05/Jan/2024:04:11:26 -0500] "GET /BLA/resoluciones/AUTOS%202020/0002.pdf HTTP/1.1" 200 330162
156.59.198.136 - - [05/Jan/2024:04:11:37 -0500] "GET /BLA/resoluciones/Notificaciones/AUTOS%202018/6625.pdf HTTP/1.0" 200 419221
156.59.198.135 - - [05/Jan/2024:04:12:00 -0500] "GET /BLA/resoluciones/Notificaciones/AUTOS%202018/03219.pdf HTTP/1.0" 200 341689
156.59.198.135 - - [05/Jan/2024:04:12:26 -0500] "GET /BLA/resoluciones/Notificaciones/AUTOS%202018/05594.pdf HTTP/1.0" 200 281274
216.244.66.195 - - [05/Jan/2024:04:12:38 -0500] "GET /BLA/resoluciones/AUTOS%202019/3558.pdf HTTP/1.1" 200 253584
156.59.198.136 - - [05/Jan/2024:04:12:49 -0500] "GET /BLA/resoluciones/Notificaciones/AUTOS%202018/02238.pdf HTTP/1.0" 200 269860
216.244.66.195 - - [05/Jan/2024:04:13:07 -0500] "GET /BLA/resoluciones/AUTOS%202019/4514.pdf HTTP/1.1" 200 3182295
156.59.198.136 - - [05/Jan/2024:04:13:14 -0500] "GET /BLA/resoluciones/Notificaciones/AUTOS%202018/3893.pdf HTTP/1.0" 200 326915
156.59.198.135 - - [05/Jan/2024:04:13:38 -0500] "GET /BLA/resoluciones/Notificaciones/AUTOS%202018/4881.pdf HTTP/1.0" 200 219711
156.59.198.135 - - [05/Jan/2024:04:14:02 -0500] "GET /BLA/resoluciones/Notificaciones/AUTOS%202018/04131.pdf HTTP/1.0" 200 256560
66.249.66.19 - - [05/Jan/2024:04:14:05 -0500] "GET /BLA/resoluciones/RESOLUCIONES%202008/3425.pdf HTTP/1.1" 200 317625
216.244.66.195 - - [05/Jan/2024:04:14:07 -0500] "GET /BLA/resoluciones/RESOLUCIONES%202018/0402.pdf HTTP/1.1" 200 291274
40.77.167.26 - - [05/Jan/2024:04:14:10 -0500] "GET /BLA/resoluciones/AUTOS%202020/0098.pdf HTTP/1.1" 200 303063
52.167.144.222 - - [05/Jan/2024:04:14:15 -0500] "GET /BLA/resoluciones/AUTOS%202020/3397.pdf HTTP/1.1" 200 358735
156.59.198.135 - - [05/Jan/2024:04:14:27 -0500] "GET /BLA/resoluciones/Notificaciones/AUTOS%202018/04783.pdf HTTP/1.0" 200 224823
216.244.66.195 - - [05/Jan/2024:04:14:38 -0500] "GET /BLA/resoluciones/RESOLUCIONES%202018/4319.pdf HTTP/1.1" 200 302727
156.59.198.135 - - [05/Jan/2024:04:14:52 -0500] "GET /BLA/resoluciones/Notificaciones/AUTOS%202018/3443.pdf HTTP/1.0" 200 270088
156.59.198.135 - - [05/Jan/2024:04:15:17 -0500] "GET /BLA/resoluciones/Notificaciones/AUTOS%202018/00661.pdf HTTP/1.0" 200 254590
201.245.192.253 - - [05/Jan/2024:04:15:19 -0500] "POST /kwsrmcab/Wsrmcab HTTP/1.1" 200 40609
201.245.192.253 - - [05/Jan/2024:04:15:22 -0500] "POST /kwsrmcab/Wsrmcab HTTP/1.1" 200 36788
156.59.198.135 - - [05/Jan/2024:04:15:41 -0500] "GET /BLA/resoluciones/Notificaciones/AUTOS%202018/3915.pdf HTTP/1.0" 200 281646
216.245.221.92 - - [05/Jan/2024:04:15:42 -0500] "HEAD / HTTP/1.1" 200 -
201.245.192.253 - - [05/Jan/2024:04:15:45 -0500] "POST /kwsrmcab/Wsrmcab  HTTP/1.1" 200 36937
156.59.198.136 - - [05/Jan/2024:04:16:06 -0500] "GET /BLA/resoluciones/Notificaciones/AUTOS%202018/5185.pdf HTTP/1.0" 200 281791
172.22.2.4 - - [05/Jan/2024:04:14:39 -0500] "HEAD /BLA/boletinlegal/ HTTP/1.1" 200 -
156.59.198.136 - - [05/Jan/2024:04:16:31 -0500] "GET /BLA/resoluciones/Notificaciones/AUTOS%202018/03101.pdf HTTP/1.0" 200 300899
156.59.198.135 - - [05/Jan/2024:04:16:54 -0500] "GET /BLA/resoluciones/Notificaciones/AUTOS%202018/3211.pdf HTTP/1.0" 200 282871
172.22.2.4 - - [05/Jan/2024:04:15:30 -0500] "GET /BLA/boletinlegal/ HTTP/1.1" 200 58567
52.167.144.224 - - [05/Jan/2024:04:17:16 -0500] "GET /BLA/resoluciones/AUTOS%202020/1931.pdf HTTP/1.1" 200 536005
156.59.198.136 - - [05/Jan/2024:04:17:19 -0500] "GET /BLA/resoluciones/Notificaciones/AUTOS%202018/3968.pdf HTTP/1.0" 200 262291
156.59.198.135 - - [05/Jan/2024:04:17:43 -0500] "GET /BLA/resoluciones/Notificaciones/AUTOS%202018/02263.pdf HTTP/1.0" 200 278185
156.59.198.136 - - [05/Jan/2024:04:18:08 -0500] "GET /BLA/resoluciones/Notificaciones/AUTOS%202018/6155.pdf HTTP/1.0" 200 260936
156.59.198.135 - - [05/Jan/2024:04:18:32 -0500] "GET /BLA/resoluciones/Notificaciones/AUTOS%202018/5519.pdf HTTP/1.0" 200 236434
156.59.198.136 - - [05/Jan/2024:04:18:55 -0500] "GET /BLA/resoluciones/RESOLUCIONES%201998/RESOLUCION%20610%20DE%201998.pdf HTTP/1.0" 200 79942
52.167.144.189 - - [05/Jan/2024:04:19:13 -0500] "GET /BLA/resoluciones/AUTOS%202020/3704.pdf HTTP/1.1" 200 425781
156.59.198.135 - - [05/Jan/2024:04:19:20 -0500] "GET /BLA/resoluciones/Notificaciones/AUTOS%202018/6768.pdf HTTP/1.0" 200 222826
201.245.192.253 - - [05/Jan/2024:04:19:29 -0500] "POST /kwsrmcab/Wsrmcab HTTP/1.1" 200 40609
156.59.198.136 - - [05/Jan/2024:04:19:44 -0500] "GET /BLA/resoluciones/Notificaciones/AUTOS%202018/5038.pdf HTTP/1.0" 200 264272
156.59.198.136 - - [05/Jan/2024:04:20:08 -0500] "GET /BLA/resoluciones/Notificaciones/AUTOS%202018/6508.pdf HTTP/1.0" 200 239780
201.245.192.253 - - [05/Jan/2024:04:20:14 -0500] "POST /kwsrmcab/Wsrmcab HTTP/1.1" 200 36788
156.59.198.135 - - [05/Jan/2024:04:20:32 -0500] "GET /BLA/resoluciones/Notificaciones/AUTOS%202018/05040.pdf HTTP/1.0" 200 264130
216.245.221.92 - - [05/Jan/2024:04:20:42 -0500] "HEAD / HTTP/1.1" 200 -
201.245.192.253 - - [05/Jan/2024:04:20:45 -0500] "POST /kwsrmcab/Wsrmcab  HTTP/1.1" 200 36937
156.59.198.136 - - [05/Jan/2024:04:20:57 -0500] "GET /BLA/resoluciones/Notificaciones/AUTOS%202018/6273.pdf HTTP/1.0" 200 769869
156.59.198.135 - - [05/Jan/2024:04:21:20 -0500] "GET /BLA/resoluciones/Notificaciones/AUTOS%202018/5027.pdf HTTP/1.0" 200 256875
52.167.144.228 - - [05/Jan/2024:04:21:30 -0500] "GET /BLA/boletinlegal/Circulares/2023/CIRCULAR%20No.%2000009%20DEL%2010%20DE%20OCTUBRE%20DEL%202023.pdf HTTP/1.1" 200 529599
156.59.198.135 - - [05/Jan/2024:04:21:45 -0500] "GET /BLA/resoluciones/Notificaciones/AUTOS%202018/03437.pdf HTTP/1.0" 200 272908
172.22.2.4 - - [05/Jan/2024:04:20:29 -0500] "HEAD /BLA/boletinlegal/ HTTP/1.1" 200 -
156.59.198.135 - - [05/Jan/2024:04:22:10 -0500] "GET /BLA/resoluciones/Notificaciones/AUTOS%202018/02322.pdf HTTP/1.0" 200 228347
156.59.198.135 - - [05/Jan/2024:04:22:33 -0500] "GET /BLA/resoluciones/Notificaciones/AUTOS%202018/363.pdf HTTP/1.0" 200 359247
156.59.198.135 - - [05/Jan/2024:04:22:57 -0500] "GET /BLA/resoluciones/Notificaciones/AUTOS%202018/05714.pdf HTTP/1.0" 200 227630
172.22.2.4 - - [05/Jan/2024:04:21:20 -0500] "GET /BLA/boletinlegal/ HTTP/1.1" 200 60502
66.249.66.19 - - [05/Jan/2024:04:23:03 -0500] "GET /pdc/actos/1789.pdf HTTP/1.1" 200 1121404
156.59.198.135 - - [05/Jan/2024:04:23:23 -0500] "GET /BLA/resoluciones/Notificaciones/AUTOS%202018/04127.pdf HTTP/1.0" 200 275174
156.59.198.135 - - [05/Jan/2024:04:23:46 -0500] "GET /BLA/resoluciones/Notificaciones/AUTOS%202018/00344.pdf HTTP/1.0" 200 573524
156.59.198.135 - - [05/Jan/2024:04:24:11 -0500] "GET /BLA/resoluciones/Notificaciones/AUTOS%202018/4516.pdf HTTP/1.0" 200 254480
156.59.198.135 - - [05/Jan/2024:04:24:36 -0500] "GET /BLA/resoluciones/Notificaciones/AUTOS%202018/5046.pdf HTTP/1.0" 200 252740
156.59.198.135 - - [05/Jan/2024:04:25:00 -0500] "GET /BLA/resoluciones/Notificaciones/AUTOS%202018/1370.pdf HTTP/1.0" 200 283878
201.245.192.253 - - [05/Jan/2024:04:25:19 -0500] "POST /kwsrmcab/Wsrmcab HTTP/1.1" 200 40609
201.245.192.253 - - [05/Jan/2024:04:25:22 -0500] "POST /kwsrmcab/Wsrmcab HTTP/1.1" 200 36788
156.59.198.136 - - [05/Jan/2024:04:25:25 -0500] "GET /BLA/resoluciones/Notificaciones/AUTOS%202018/02272.pdf HTTP/1.0" 200 231378
216.245.221.92 - - [05/Jan/2024:04:25:42 -0500] "HEAD / HTTP/1.1" 200 -
201.245.192.253 - - [05/Jan/2024:04:25:43 -0500] "POST /kwsrmcab/Wsrmcab  HTTP/1.1" 200 36937
156.59.198.136 - - [05/Jan/2024:04:25:49 -0500] "GET /BLA/resoluciones/Notificaciones/AUTOS%202018/4831.pdf HTTP/1.0" 200 2555108
52.167.144.186 - - [05/Jan/2024:04:25:50 -0500] "GET /BLA/resoluciones/AUTOS%202020/3501.pdf HTTP/1.1" 200 414516
52.167.144.186 - - [05/Jan/2024:04:25:52 -0500] "GET /BLA/resoluciones/AUTOS%202020/0024.pdf HTTP/1.1" 200 714729
156.59.198.136 - - [05/Jan/2024:04:26:14 -0500] "GET /BLA/resoluciones/Notificaciones/AUTOS%202018/01912.pdf HTTP/1.0" 200 274952
156.59.198.135 - - [05/Jan/2024:04:26:38 -0500] "GET /BLA/resoluciones/Notificaciones/AUTOS%202018/6869.pdf HTTP/1.0" 200 327832
156.59.198.135 - - [05/Jan/2024:04:27:04 -0500] "GET /BLA/resoluciones/Notificaciones/AUTOS%202018/1885.pdf HTTP/1.0" 200 283484
156.59.198.135 - - [05/Jan/2024:04:27:28 -0500] "GET /BLA/resoluciones/Notificaciones/AUTOS%202018/02259.pdf HTTP/1.0" 200 283250
156.59.198.135 - - [05/Jan/2024:04:27:52 -0500] "GET /BLA/resoluciones/Notificaciones/AUTOS%202018/02219.pdf HTTP/1.0" 200 236818
172.22.2.4 - - [05/Jan/2024:04:26:19 -0500] "HEAD /BLA/boletinlegal/ HTTP/1.1" 200 -
156.59.198.136 - - [05/Jan/2024:04:28:16 -0500] "GET /BLA/resoluciones/RESOLUCIONES%202007/RES%202007%20401%20AL%20500/RESOLUCION%200472%20DE%202007.pdf HTTP/1.0" 200 1055548
66.249.66.19 - - [05/Jan/2024:04:28:37 -0500] "GET /BLA/resoluciones/RESOLUCIONES%202011/4176.pdf HTTP/1.1" 200 608188
156.59.198.135 - - [05/Jan/2024:04:28:42 -0500] "GET /BLA/resoluciones/RESOLUCIONES%202007/RES%202007%203201%20AL%203300/RESOLUCION%203259%20DE%202007.pdf HTTP/1.0" 200 98509
172.22.2.4 - - [05/Jan/2024:04:27:10 -0500] "GET /BLA/boletinlegal/ HTTP/1.1" 200 60910
156.59.198.136 - - [05/Jan/2024:04:29:06 -0500] "GET /BLA/resoluciones/RESOLUCIONES%202014/0106.pdf HTTP/1.0" 200 874615
156.59.198.136 - - [05/Jan/2024:04:29:31 -0500] "GET /BLA/resoluciones/Notificaciones/AUTOS%202018/5509.pdf HTTP/1.0" 200 227371
201.245.192.253 - - [05/Jan/2024:04:29:30 -0500] "POST /kwsrmcab/Wsrmcab HTTP/1.1" 200 40609
156.59.198.135 - - [05/Jan/2024:04:29:55 -0500] "GET /BLA/resoluciones/Notificaciones/AUTOS%202018/5023.pdf HTTP/1.0" 200 254680
66.249.66.21 - - [05/Jan/2024:04:30:07 -0500] "GET /BLA/resoluciones/AUTOS%202014/6717.pdf HTTP/1.1" 200 331421
201.245.192.253 - - [05/Jan/2024:04:30:14 -0500] "POST /kwsrmcab/Wsrmcab HTTP/1.1" 200 36788
156.59.198.135 - - [05/Jan/2024:04:30:19 -0500] "GET /BLA/resoluciones/RESOLUCIONES%202007/RES%202007%203201%20AL%203300/RESOLUCION%203219%20DE%202007.pdf HTTP/1.0" 200 368984
40.77.167.3 - - [05/Jan/2024:04:30:26 -0500] "GET /BLA/resoluciones/AUTOS%202020/2583.pdf HTTP/1.1" 200 377482
216.245.221.92 - - [05/Jan/2024:04:30:42 -0500] "HEAD / HTTP/1.1" 200 -
201.245.192.253 - - [05/Jan/2024:04:30:41 -0500] "POST /kwsrmcab/Wsrmcab  HTTP/1.1" 200 36937
47.128.55.126 - - [05/Jan/2024:04:30:56 -0500] "GET /BLA/resoluciones/index.php?dir=RESOLUCIONES%202003%2FRES%202003%20251-300%2F&order=asc&sort=size HTTP/1.1" 200 11115
47.128.55.126 - - [05/Jan/2024:04:30:58 -0500] "GET /BLA/resoluciones/dlf/unknown.png HTTP/1.1" 200 266
47.128.55.126 - - [05/Jan/2024:04:30:58 -0500] "GET /BLA/resoluciones/dlf/dirup.png HTTP/1.1" 200 644
156.59.198.136 - - [05/Jan/2024:04:31:07 -0500] "GET /BLA/resoluciones/RESOLUCIONES%202001/0411.pdf HTTP/1.0" 200 71238
156.59.198.136 - - [05/Jan/2024:04:31:31 -0500] "GET /BLA/resoluciones/Notificaciones/AUTOS%202018/6720.pdf HTTP/1.0" 200 264042
66.249.66.192 - - [05/Jan/2024:04:31:45 -0500] "GET /en-el-dia-mundial-del-medio-ambiente-distrito-libero-a-43-animales-silvestres-y-alcanzo-mas-de-1-300-liberaciones-en-el-ano.html HTTP/1.1" 200 869
156.59.198.135 - - [05/Jan/2024:04:31:56 -0500] "GET /BLA/resoluciones/AUTOS%202017/1217.pdf HTTP/1.0" 200 288096
156.59.198.136 - - [05/Jan/2024:04:32:21 -0500] "GET /BLA/resoluciones/RESOLUCIONES%202007/RES%202007%203001%20AL%203100/RESOLUCION%203031%20DE%202007.pdf HTTP/1.0" 200 893653
156.59.198.136 - - [05/Jan/2024:04:32:46 -0500] "GET /BLA/resoluciones/RESOLUCIONES%202007/RES%202007%202201%20AL%202300/RESOLUCION%202272%20DE%202007.pdf HTTP/1.0" 200 368616
66.249.66.20 - - [05/Jan/2024:04:32:56 -0500] "GET /resoluciones/RESOLUCIONES%202009/2646.pdf HTTP/1.1" 404 1018
156.59.198.136 - - [05/Jan/2024:04:33:10 -0500] "GET /BLA/resoluciones/RESOLUCIONES%202014/0917.pdf HTTP/1.0" 200 2267226
156.59.198.135 - - [05/Jan/2024:04:33:34 -0500] "GET /BLA/resoluciones/RESOLUCIONES%202007/RES%202007%202801%20AL%202900/RESOLUCION%202838%20DE%202007.pdf HTTP/1.0" 200 27156
172.22.2.4 - - [05/Jan/2024:04:32:09 -0500] "HEAD /BLA/boletinlegal/ HTTP/1.1" 200 -
156.59.198.135 - - [05/Jan/2024:04:33:58 -0500] "GET /BLA/resoluciones/RESOLUCIONES%202014/2841.pdf HTTP/1.0" 200 577925
198.235.24.65 - - [05/Jan/2024:04:34:21 -0500] "\x16\x03\x01" 400 226
198.235.24.65 - - [05/Jan/2024:04:34:22 -0500] "\x16\x03\x01" 400 226
156.59.198.135 - - [05/Jan/2024:04:34:24 -0500] "GET /BLA/resoluciones/RESOLUCIONES%202014/2230.pdf HTTP/1.0" 200 489401
172.22.2.4 - - [05/Jan/2024:04:33:00 -0500] "GET /BLA/boletinlegal/ HTTP/1.1" 200 58969
156.59.198.135 - - [05/Jan/2024:04:34:47 -0500] "GET /BLA/resoluciones/Notificaciones/AUTOS%202018/01925.pdf HTTP/1.0" 200 281830
156.59.198.135 - - [05/Jan/2024:04:35:12 -0500] "GET /BLA/resoluciones/RESOLUCIONES%202014/1108.pdf HTTP/1.0" 200 2405491
201.245.192.253 - - [05/Jan/2024:04:35:19 -0500] "POST /kwsrmcab/Wsrmcab HTTP/1.1" 200 40609
201.245.192.253 - - [05/Jan/2024:04:35:22 -0500] "POST /kwsrmcab/Wsrmcab HTTP/1.1" 200 36788
156.59.198.135 - - [05/Jan/2024:04:35:37 -0500] "GET /BLA/resoluciones/RESOLUCIONES%202014/1886.pdf HTTP/1.0" 200 230053
201.245.192.253 - - [05/Jan/2024:04:35:40 -0500] "POST /kwsrmcab/Wsrmcab  HTTP/1.1" 200 36937
216.245.221.92 - - [05/Jan/2024:04:35:42 -0500] "HEAD / HTTP/1.1" 200 -
40.77.167.3 - - [05/Jan/2024:04:35:47 -0500] "GET /BLA/resoluciones/AUTOS%202020/2288.pdf HTTP/1.1" 200 329814
40.77.167.3 - - [05/Jan/2024:04:35:48 -0500] "GET /BLA/resoluciones/AUTOS%202020/1017.pdf HTTP/1.1" 200 343532
156.59.198.135 - - [05/Jan/2024:04:36:00 -0500] "GET /BLA/resoluciones/RESOLUCIONES%202007/RES%202007%202801%20AL%202900/RESOLUCION%202857%20DE%202007.pdf HTTP/1.0" 200 466263
156.59.198.136 - - [05/Jan/2024:04:36:25 -0500] "GET /BLA/resoluciones/RESOLUCIONES%202014/3228.pdf HTTP/1.0" 200 3784921
156.59.198.135 - - [05/Jan/2024:04:36:49 -0500] "GET /BLA/resoluciones/RESOLUCIONES%202014/0363.pdf HTTP/1.0" 200 445246
156.59.198.135 - - [05/Jan/2024:04:37:13 -0500] "GET /BLA/resoluciones/RESOLUCIONES%201998/0882.pdf HTTP/1.0" 200 73084
202.107.226.2 - - [05/Jan/2024:04:37:35 -0500] "GET / HTTP/1.0" 200 319
156.59.198.136 - - [05/Jan/2024:04:37:37 -0500] "GET /BLA/resoluciones/RESOLUCIONES%202007/RES%202007%202201%20AL%202300/RESOLUCION%202287%20DE%202007.pdf HTTP/1.0" 200 713419
156.59.198.135 - - [05/Jan/2024:04:38:02 -0500] "GET /BLA/resoluciones/RESOLUCIONES%202000/0384.pdf HTTP/1.0" 200 48114
172.22.2.4 - - [05/Jan/2024:04:38:09 -0500] "GET /BLA/boletinlegal/robots.txt HTTP/1.1" 404 1038
172.22.2.4 - - [05/Jan/2024:04:38:20 -0500] "GET /BLA/boletinlegal/sitemaps.xml HTTP/1.1" 404 1038
156.59.198.136 - - [05/Jan/2024:04:38:25 -0500] "GET /BLA/resoluciones/RESOLUCIONES%202007/RES%202007%203201%20AL%203300/RESOLUCION%203268%20%20DE%202007.pdf HTTP/1.0" 200 409031
156.59.198.136 - - [05/Jan/2024:04:38:51 -0500] "GET /BLA/resoluciones/RESOLUCIONES%202007/RES%202007%203201%20AL%203300/RESOLUCION%203233%20DE%202007.pdf HTTP/1.0" 200 143038
216.244.66.195 - - [05/Jan/2024:04:39:10 -0500] "GET /robots.txt HTTP/1.1" 404 1018
156.59.198.135 - - [05/Jan/2024:04:39:14 -0500] "GET /BLA/resoluciones/RESOLUCIONES%202014/0162.pdf HTTP/1.0" 200 680843
201.245.192.253 - - [05/Jan/2024:04:39:29 -0500] "POST /kwsrmcab/Wsrmcab HTTP/1.1" 200 40609
156.59.198.135 - - [05/Jan/2024:04:39:39 -0500] "GET /BLA/resoluciones/RESOLUCIONES%202014/1193.pdf HTTP/1.0" 200 972229
172.22.2.4 - - [05/Jan/2024:04:37:59 -0500] "HEAD /BLA/boletinlegal/ HTTP/1.1" 200 -
156.59.198.136 - - [05/Jan/2024:04:40:04 -0500] "GET /BLA/resoluciones/Notificaciones/AUTOS%202018/0546.pdf HTTP/1.0" 200 280492
201.245.192.253 - - [05/Jan/2024:04:40:14 -0500] "POST /kwsrmcab/Wsrmcab HTTP/1.1" 200 36788
156.59.198.135 - - [05/Jan/2024:04:40:28 -0500] "GET /BLA/resoluciones/Decretos/Decreto%20815%20del%2028%20de%20Diciembre%20de%202017.pdf HTTP/1.0" 200 5300108
172.22.2.4 - - [05/Jan/2024:04:38:50 -0500] "GET /BLA/boletinlegal/ HTTP/1.1" 200 58567
201.245.192.253 - - [05/Jan/2024:04:40:38 -0500] "POST /kwsrmcab/Wsrmcab  HTTP/1.1" 200 36937
216.245.221.92 - - [05/Jan/2024:04:40:42 -0500] "HEAD / HTTP/1.1" 200 -
156.59.198.135 - - [05/Jan/2024:04:40:53 -0500] "GET /BLA/resoluciones/RESOLUCIONES%202014/1707.pdf HTTP/1.0" 200 545285
156.59.198.136 - - [05/Jan/2024:04:41:18 -0500] "GET /BLA/resoluciones/RESOLUCIONES%202000/RESOLUCION%20875%20DE%202000.pdf HTTP/1.0" 200 179085
52.167.144.145 - - [05/Jan/2024:04:41:28 -0500] "GET /BLA/resoluciones/AUTOS%202020/2314.pdf HTTP/1.1" 200 327894
156.59.198.135 - - [05/Jan/2024:04:41:41 -0500] "GET /BLA/resoluciones/RESOLUCIONES%202007/RES%202007%202801%20AL%202900/RESOLUCION%202812%20DE%202007.pdf HTTP/1.0" 200 1163304
156.59.198.135 - - [05/Jan/2024:04:42:07 -0500] "GET /BLA/resoluciones/Notificaciones/AUTOS%202018/01330.pdf HTTP/1.0" 200 307660
156.59.198.135 - - [05/Jan/2024:04:42:30 -0500] "GET /BLA/resoluciones/RESOLUCIONES%202001/RESOLUCION%20509%20DE%202001.pdf HTTP/1.0" 200 35557
156.59.198.135 - - [05/Jan/2024:04:42:54 -0500] "GET /BLA/resoluciones/RESOLUCIONES%202014/0446.pdf HTTP/1.0" 200 217757
156.59.198.135 - - [05/Jan/2024:04:43:19 -0500] "GET /BLA/resoluciones/Decretos/Decreto%20482%20de%202018.pdf HTTP/1.0" 200 465335
162.55.41.96 - - [05/Jan/2024:04:43:38 -0500] "GET / HTTP/1.1" 200 4720
162.55.41.96 - - [05/Jan/2024:04:43:40 -0500] "GET / HTTP/1.1" 200 319
156.59.198.135 - - [05/Jan/2024:04:43:45 -0500] "GET /BLA/resoluciones/Notificaciones/AUTOS%202018/02358.pdf HTTP/1.0" 200 526811
66.249.66.19 - - [05/Jan/2024:04:44:03 -0500] "GET /Publicaciones/2023EE218970.pdf HTTP/1.1" 404 228
156.59.198.135 - - [05/Jan/2024:04:44:09 -0500] "GET /BLA/resoluciones/AUTOS%202017/2424.pdf HTTP/1.0" 200 346913
52.167.144.184 - - [05/Jan/2024:04:44:16 -0500] "GET /BLA/resoluciones/AUTOS%202020/1147.pdf HTTP/1.1" 200 413479
156.59.198.136 - - [05/Jan/2024:04:44:32 -0500] "GET /BLA/resoluciones/RESOLUCIONES%202014/1237.pdf HTTP/1.0" 200 422387
156.59.198.136 - - [05/Jan/2024:04:44:57 -0500] "GET /BLA/resoluciones/RESOLUCIONES%202014/2368.pdf HTTP/1.0" 200 807464
156.59.198.136 - - [05/Jan/2024:04:45:23 -0500] "GET /BLA/resoluciones/RESOLUCIONES%202014/0725.pdf HTTP/1.0" 200 566417
172.22.2.4 - - [05/Jan/2024:04:43:49 -0500] "HEAD /BLA/boletinlegal/ HTTP/1.1" 200 -
201.245.192.253 - - [05/Jan/2024:04:45:37 -0500] "POST /kwsrmcab/Wsrmcab  HTTP/1.1" 200 36937
66.249.66.19 - - [05/Jan/2024:04:45:40 -0500] "GET /segae/ HTTP/1.1" 200 6705
216.245.221.92 - - [05/Jan/2024:04:45:42 -0500] "HEAD / HTTP/1.1" 200 -
156.59.198.136 - - [05/Jan/2024:04:45:46 -0500] "GET /BLA/resoluciones/RESOLUCIONES%202014/0057.pdf HTTP/1.0" 200 1737172
66.249.66.20 - - [05/Jan/2024:04:46:03 -0500] "GET /BLA/resoluciones/RESOLUCIONES%202008/4223.pdf HTTP/1.1" 200 343032
156.59.198.136 - - [05/Jan/2024:04:46:11 -0500] "GET /BLA/resoluciones/RESOLUCIONES%202014/0156.pdf HTTP/1.0" 200 189240
172.22.2.4 - - [05/Jan/2024:04:44:40 -0500] "GET /BLA/boletinlegal/ HTTP/1.1" 200 57683
156.59.198.136 - - [05/Jan/2024:04:46:35 -0500] "GET /BLA/resoluciones/RESOLUCIONES%202014/1906.pdf HTTP/1.0" 200 525252
156.59.198.135 - - [05/Jan/2024:04:47:01 -0500] "GET /BLA/resoluciones/RESOLUCIONES%202007/RES%202007%202201%20AL%202300/RESOLUCION%202259%20DE%202007.pdf HTTP/1.0" 200 254142
52.167.144.222 - - [05/Jan/2024:04:47:02 -0500] "GET /BLA/resoluciones/AUTOS%202020/0497.pdf HTTP/1.1" 200 578319
66.249.66.21 - - [05/Jan/2024:04:47:23 -0500] "GET /BLA/resoluciones/RESOLUCIONES%202012/1038.pdf HTTP/1.1" 200 331960
156.59.198.135 - - [05/Jan/2024:04:47:25 -0500] "GET /BLA/resoluciones/RESOLUCIONES%202014/0862.pdf HTTP/1.0" 200 833709
52.167.144.145 - - [05/Jan/2024:04:47:29 -0500] "GET /BLA/resoluciones/AUTOS%202020/1351.pdf HTTP/1.1" 200 398528
156.59.198.136 - - [05/Jan/2024:04:47:49 -0500] "GET /BLA/resoluciones/RESOLUCIONES%202014/1556.pdf HTTP/1.0" 200 426588
173.252.107.5 - - [05/Jan/2024:04:47:59 -0500] "GET /olga-romero-una-mujer-que-reverdece-con-corazon-inquieto-que-encontro-en-el-reciclaje-su-pasion.html HTTP/1.1" 200 798
156.59.198.135 - - [05/Jan/2024:04:48:13 -0500] "GET /BLA/resoluciones/Notificaciones/AUTOS%202018/5689.pdf HTTP/1.0" 200 305354
156.59.198.136 - - [05/Jan/2024:04:48:38 -0500] "GET /BLA/resoluciones/RESOLUCIONES%202014/0419.pdf HTTP/1.0" 200 919945
156.59.198.136 - - [05/Jan/2024:04:49:02 -0500] "GET /BLA/resoluciones/RESOLUCIONES%202014/3157.pdf HTTP/1.0" 200 167320
156.59.198.135 - - [05/Jan/2024:04:49:27 -0500] "GET /BLA/resoluciones/Notificaciones/AUTOS%202018/4107.pdf HTTP/1.0" 200 222108
156.59.198.135 - - [05/Jan/2024:04:49:50 -0500] "GET /BLA/resoluciones/RESOLUCIONES%202014/2370.pdf HTTP/1.0" 200 351445
40.77.167.36 - - [05/Jan/2024:04:49:52 -0500] "GET /BLA/resoluciones/AUTOS%202021/4159.pdf HTTP/1.1" 304 -
156.59.198.135 - - [05/Jan/2024:04:50:15 -0500] "GET /BLA/resoluciones/RESOLUCIONES%202007/RES%202007%202801%20AL%202900/RESOLUCION%202898%20DE%202007.pdf HTTP/1.0" 200 388153
201.245.192.253 - - [05/Jan/2024:04:50:36 -0500] "POST /kwsrmcab/Wsrmcab  HTTP/1.1" 200 36937
156.59.198.135 - - [05/Jan/2024:04:50:40 -0500] "GET /BLA/resoluciones/AUTOS%202017/1194.pdf HTTP/1.0" 200 321632
216.245.221.92 - - [05/Jan/2024:04:50:42 -0500] "HEAD / HTTP/1.1" 200 -
156.59.198.136 - - [05/Jan/2024:04:51:04 -0500] "GET /BLA/resoluciones/RESOLUCIONES%202014/1467.pdf HTTP/1.0" 200 423381
172.22.2.4 - - [05/Jan/2024:04:49:39 -0500] "HEAD /BLA/boletinlegal/ HTTP/1.1" 200 -
156.59.198.135 - - [05/Jan/2024:04:51:29 -0500] "GET /BLA/resoluciones/RESOLUCIONES%202014/0327.pdf HTTP/1.0" 200 516598
156.59.198.135 - - [05/Jan/2024:04:51:53 -0500] "GET /BLA/resoluciones/RESOLUCIONES%202014/0500.pdf HTTP/1.0" 200 877122
172.22.2.4 - - [05/Jan/2024:04:50:30 -0500] "GET /BLA/boletinlegal/ HTTP/1.1" 200 60910
156.59.198.136 - - [05/Jan/2024:04:52:18 -0500] "GET /BLA/resoluciones/AUTOS%202017/5326.pdf HTTP/1.0" 200 300307
156.59.198.136 - - [05/Jan/2024:04:52:41 -0500] "GET /BLA/resoluciones/RESOLUCIONES%202014/1763.pdf HTTP/1.0" 200 613290
156.59.198.136 - - [05/Jan/2024:04:53:06 -0500] "GET /BLA/resoluciones/AUTOS%202017/0159.pdf HTTP/1.0" 200 280163
156.59.198.135 - - [05/Jan/2024:04:53:30 -0500] "GET /BLA/resoluciones/RESOLUCIONES%202001/RESOLUCION%20940%20DE%202001.pdf HTTP/1.0" 200 79907
156.59.198.135 - - [05/Jan/2024:04:53:54 -0500] "GET /BLA/resoluciones/RESOLUCIONES%202007/RES%202007%202201%20AL%202300/RESOLUCION%202244%20DE%202007.pdf HTTP/1.0" 200 350561
156.59.198.135 - - [05/Jan/2024:04:54:19 -0500] "GET /BLA/resoluciones/RESOLUCIONES%202007/RES%202007%20901%20AL%201000/RESOLUCION%200910%20DE%202007.pdf HTTP/1.0" 200 235023
52.167.144.238 - - [05/Jan/2024:04:54:35 -0500] "GET /BLA/resoluciones/dlf/styles.css HTTP/1.1" 200 3049
156.59.198.135 - - [05/Jan/2024:04:54:44 -0500] "GET /BLA/resoluciones/RESOLUCIONES%202007/RES%202007%202801%20AL%202900/RESOLUCION%202861%20%20DE%202007.pdf HTTP/1.0" 200 245724
156.59.198.135 - - [05/Jan/2024:04:55:09 -0500] "GET /BLA/resoluciones/Notificaciones/AUTOS%202018/02278.pdf HTTP/1.0" 200 277148
156.59.198.135 - - [05/Jan/2024:04:55:32 -0500] "GET /BLA/resoluciones/Notificaciones/AUTOS%202018/01373.pdf HTTP/1.0" 200 302885
201.245.192.253 - - [05/Jan/2024:04:55:35 -0500] "POST /kwsrmcab/Wsrmcab  HTTP/1.1" 200 36937
216.245.221.92 - - [05/Jan/2024:04:55:42 -0500] "HEAD / HTTP/1.1" 200 -
156.59.198.135 - - [05/Jan/2024:04:55:58 -0500] "GET /BLA/resoluciones/RESOLUCIONES%202014/2965.pdf HTTP/1.0" 200 4377676
52.167.144.219 - - [05/Jan/2024:04:56:17 -0500] "GET /BLA/resoluciones/AUTOS%202020/1234.pdf HTTP/1.1" 200 748137
156.59.198.136 - - [05/Jan/2024:04:56:22 -0500] "GET /BLA/resoluciones/RESOLUCIONES%202007/RES%202007%202801%20AL%202900/RESOLUCION%202862%20DE%202007.pdf HTTP/1.0" 200 586931
156.59.198.136 - - [05/Jan/2024:04:56:46 -0500] "GET /BLA/resoluciones/RESOLUCIONES%202007/RES%202007%202201%20AL%202300/RESOLUCION%202276%20DE%202007.pdf HTTP/1.0" 200 121809
172.22.2.4 - - [05/Jan/2024:04:55:29 -0500] "HEAD /BLA/boletinlegal/ HTTP/1.1" 200 -
156.59.198.136 - - [05/Jan/2024:04:57:12 -0500] "GET /BLA/resoluciones/RESOLUCIONES%202007/RES%202007%202801%20AL%202900/RESOLUCION%202887%20DE%202007.pdf HTTP/1.0" 200 433564
156.59.198.136 - - [05/Jan/2024:04:57:35 -0500] "GET /BLA/resoluciones/RESOLUCIONES%202014/0109.pdf HTTP/1.0" 200 757633
156.59.198.136 - - [05/Jan/2024:04:58:00 -0500] "GET /BLA/resoluciones/Notificaciones/AUTOS%202018/00956.pdf HTTP/1.0" 200 227491
172.22.2.4 - - [05/Jan/2024:04:56:20 -0500] "GET /BLA/boletinlegal/ HTTP/1.1" 200 58567
156.59.198.135 - - [05/Jan/2024:04:58:25 -0500] "GET /BLA/resoluciones/Notificaciones/AUTOS%202018/05696.pdf HTTP/1.0" 200 478959
156.59.198.136 - - [05/Jan/2024:04:58:48 -0500] "GET /BLA/resoluciones/RESOLUCIONES%202014/1596.pdf HTTP/1.0" 200 253237
156.59.198.135 - - [05/Jan/2024:04:59:15 -0500] "GET /BLA/resoluciones/RESOLUCIONES%202007/RES%202007%203001%20AL%203100/RESOLUCION%203077%20DE%202007.pdf HTTP/1.0" 200 768636
156.59.198.135 - - [05/Jan/2024:04:59:39 -0500] "GET /BLA/resoluciones/Notificaciones/AUTOS%202018/00931.pdf HTTP/1.0" 200 301579
52.167.144.211 - - [05/Jan/2024:04:59:40 -0500] "GET /BLA/resoluciones/AUTOS%202020/4539.pdf HTTP/1.1" 200 410886
156.59.198.136 - - [05/Jan/2024:05:00:03 -0500] "GET /BLA/resoluciones/RESOLUCIONES%202014/2246.pdf HTTP/1.0" 200 474062
156.59.198.135 - - [05/Jan/2024:05:00:27 -0500] "GET /BLA/resoluciones/RESOLUCIONES%202014/0066.pdf HTTP/1.0" 200 754073
201.245.192.253 - - [05/Jan/2024:05:00:33 -0500] "POST /kwsrmcab/Wsrmcab  HTTP/1.1" 200 36937
216.245.221.92 - - [05/Jan/2024:05:00:42 -0500] "HEAD / HTTP/1.1" 200 -
66.249.66.76 - - [05/Jan/2024:05:00:47 -0500] "GET /portaldeninos/aulas-ambientales/ HTTP/1.1" 200 88416
66.249.66.75 - - [05/Jan/2024:05:00:49 -0500] "GET /portaldeninos/wp-content/themes/betheme/assets/jplayer/jplayer.min.js?ver=20.9.6 HTTP/1.1" 200 52702
156.59.198.136 - - [05/Jan/2024:05:00:52 -0500] "GET /BLA/resoluciones/RESOLUCIONES%202014/0980.pdf HTTP/1.0" 200 575574
156.59.198.136 - - [05/Jan/2024:05:01:16 -0500] "GET /BLA/resoluciones/RESOLUCIONES%202014/0923.pdf HTTP/1.0" 200 877775
156.59.198.135 - - [05/Jan/2024:05:01:40 -0500] "GET /BLA/resoluciones/Notificaciones/AUTOS%202018/630.pdf HTTP/1.0" 200 265215
66.249.66.19 - - [05/Jan/2024:05:01:51 -0500] "GET /BLA/resoluciones/RESOLUCIONES%202011/2567.pdf HTTP/1.1" 200 291400
156.59.198.136 - - [05/Jan/2024:05:02:04 -0500] "GET /BLA/resoluciones/RESOLUCIONES%202001/1226.pdf HTTP/1.0" 200 108376
156.59.198.135 - - [05/Jan/2024:05:02:29 -0500] "GET /BLA/resoluciones/Notificaciones/AUTOS%202018/4199.pdf HTTP/1.0" 200 308517
216.244.66.195 - - [05/Jan/2024:05:02:39 -0500] "GET /BLA/resoluciones/AUTOS%202015/2420.pdf HTTP/1.1" 200 508122
216.244.66.195 - - [05/Jan/2024:05:02:45 -0500] "GET /BLA/resoluciones/AUTOS%202015/2861.pdf HTTP/1.1" 200 529074
66.249.66.21 - - [05/Jan/2024:05:02:50 -0500] "GET /BLA/resoluciones/RESOLUCIONES%202008/5181.pdf HTTP/1.1" 200 86285
156.59.198.135 - - [05/Jan/2024:05:02:54 -0500] "GET /BLA/resoluciones/RESOLUCIONES%202014/0386.pdf HTTP/1.0" 200 508568
172.22.2.4 - - [05/Jan/2024:05:01:19 -0500] "HEAD /BLA/boletinlegal/ HTTP/1.1" 200 -
156.59.198.135 - - [05/Jan/2024:05:03:18 -0500] "GET /BLA/resoluciones/RESOLUCIONES%202014/2215.pdf HTTP/1.0" 200 5418670
216.244.66.195 - - [05/Jan/2024:05:03:25 -0500] "GET /BLA/resoluciones/AUTOS%202015/3580.pdf HTTP/1.1" 200 506235
156.59.198.136 - - [05/Jan/2024:05:03:42 -0500] "GET /BLA/resoluciones/RESOLUCIONES%202014/0802.pdf HTTP/1.0" 200 627729
172.22.2.4 - - [05/Jan/2024:05:02:10 -0500] "GET /BLA/boletinlegal/ HTTP/1.1" 200 58567
216.244.66.195 - - [05/Jan/2024:05:03:55 -0500] "GET /BLA/resoluciones/AUTOS%202015/3953.pdf HTTP/1.1" 200 493509
156.59.198.136 - - [05/Jan/2024:05:04:06 -0500] "GET /BLA/resoluciones/Notificaciones/AUTOS%202018/5671.pdf HTTP/1.0" 200 275850
168.119.253.6 - - [05/Jan/2024:05:04:19 -0500] "GET / HTTP/1.1" 200 4720
168.119.253.6 - - [05/Jan/2024:05:04:19 -0500] "GET / HTTP/1.1" 200 319
216.244.66.195 - - [05/Jan/2024:05:04:25 -0500] "GET /BLA/resoluciones/AUTOS%202019/2007.pdf HTTP/1.1" 200 257415
156.59.198.136 - - [05/Jan/2024:05:04:30 -0500] "GET /BLA/resoluciones/Notificaciones/AUTOS%202018/4828.pdf HTTP/1.0" 200 255846
216.244.66.195 - - [05/Jan/2024:05:04:53 -0500] "GET /BLA/resoluciones/AUTOS%202019/4477.pdf HTTP/1.1" 200 471233
156.59.198.136 - - [05/Jan/2024:05:04:57 -0500] "GET /BLA/resoluciones/AUTOS%202017/4874.pdf HTTP/1.0" 200 263657
156.59.198.135 - - [05/Jan/2024:05:05:20 -0500] "GET /BLA/resoluciones/RESOLUCIONES%202007/RES%202007%202801%20AL%202900/RESOLUCION%202823%20DE%202007.pdf HTTP/1.0" 200 1083474
216.244.66.195 - - [05/Jan/2024:05:05:27 -0500] "GET /BLA/resoluciones/RESOLUCIONES%202018/1438.pdf HTTP/1.1" 200 313710
201.245.192.253 - - [05/Jan/2024:05:05:32 -0500] "POST /kwsrmcab/Wsrmcab  HTTP/1.1" 200 36937
172.22.2.4 - - [05/Jan/2024:05:05:38 -0500] "GET /BLA/boletinlegal/downloads/.git/config HTTP/1.1" 404 1018
216.245.221.92 - - [05/Jan/2024:05:05:42 -0500] "HEAD / HTTP/1.1" 200 -
156.59.198.136 - - [05/Jan/2024:05:05:44 -0500] "GET /BLA/resoluciones/RESOLUCIONES%202007/RES%202007%20401%20AL%20500/RESOLUCION%200438%20DE%202007.pdf HTTP/1.0" 200 453454
216.244.66.195 - - [05/Jan/2024:05:06:05 -0500] "GET /BLA/resoluciones/RESOLUCIONES%202018/1522.pdf HTTP/1.1" 200 955261
156.59.198.135 - - [05/Jan/2024:05:06:08 -0500] "GET /BLA/resoluciones/RESOLUCIONES%202007/RES%202007%203101%20AL%203200/RESOLUCION%203168%20DE%202007.pdf HTTP/1.0" 200 30656
156.59.198.136 - - [05/Jan/2024:05:06:33 -0500] "GET /BLA/resoluciones/RESOLUCIONES%202014/0543.pdf HTTP/1.0" 200 568822
216.244.66.195 - - [05/Jan/2024:05:06:48 -0500] "GET /BLA/resoluciones/RESOLUCIONES%202018/1578.pdf HTTP/1.1" 200 339947
156.59.198.136 - - [05/Jan/2024:05:06:57 -0500] "GET /BLA/resoluciones/RESOLUCIONES%202007/RES%202007%203801%20AL%203900/RESOLUCION%203862%20DE%202007.pdf HTTP/1.0" 200 1080389
156.59.198.136 - - [05/Jan/2024:05:07:21 -0500] "GET /BLA/resoluciones/RESOLUCIONES%202007/RES%202007%203801%20AL%203900/RESOLUCION%203803%20DE%202007.pdf HTTP/1.0" 200 748399
216.244.66.195 - - [05/Jan/2024:05:07:23 -0500] "GET /BLA/resoluciones/RESOLUCIONES%202018/3838.pdf HTTP/1.1" 200 273986
156.59.198.136 - - [05/Jan/2024:05:07:47 -0500] "GET /BLA/resoluciones/RESOLUCIONES%202014/2380.pdf HTTP/1.0" 200 839006
216.244.66.195 - - [05/Jan/2024:05:07:54 -0500] "GET /BLA/resoluciones/RESOLUCIONES%202018/4160.PDF HTTP/1.1" 200 1227555
156.59.198.135 - - [05/Jan/2024:05:08:10 -0500] "GET /BLA/resoluciones/RESOLUCIONES%202007/RES%202007%203201%20AL%203300/RESOLUCION%203240%20DE%202007.pdf HTTP/1.0" 200 462623
156.59.198.135 - - [05/Jan/2024:05:08:34 -0500] "GET /BLA/resoluciones/RESOLUCIONES%202001/RESOLUCION%20991%20DE%202001.pdf HTTP/1.0" 200 678295
216.244.66.195 - - [05/Jan/2024:05:08:42 -0500] "GET /BLA/resoluciones/RESOLUCIONES%202018/4279.pdf HTTP/1.1" 200 316367
172.22.2.4 - - [05/Jan/2024:05:07:09 -0500] "HEAD /BLA/boletinlegal/ HTTP/1.1" 200 -
156.59.198.136 - - [05/Jan/2024:05:08:59 -0500] "GET /BLA/resoluciones/RESOLUCIONES%202014/0974.pdf HTTP/1.0" 200 2089032
216.244.66.195 - - [05/Jan/2024:05:09:14 -0500] "GET /BLA/resoluciones/index.php?dir=RESOLUCIONES%201997/&sort=size&order=asc HTTP/1.1" 200 17831
156.59.198.135 - - [05/Jan/2024:05:09:23 -0500] "GET /BLA/resoluciones/RESOLUCIONES%202007/RES%202007%20901%20AL%201000/RESOLUCION%200941%20DE%202007.pdf HTTP/1.0" 200 227792
52.167.144.18 - - [05/Jan/2024:05:09:27 -0500] "GET /BLA/resoluciones/AUTOS%202020/0427.pdf HTTP/1.1" 200 572148
172.22.2.4 - - [05/Jan/2024:05:08:00 -0500] "GET /BLA/boletinlegal/ HTTP/1.1" 200 50947
156.59.198.136 - - [05/Jan/2024:05:09:49 -0500] "GET /BLA/resoluciones/RESOLUCIONES%202014/1557.pdf HTTP/1.0" 200 560215
156.59.198.136 - - [05/Jan/2024:05:10:12 -0500] "GET /BLA/resoluciones/RESOLUCIONES%202014/0474.pdf HTTP/1.0" 200 3131761
172.22.2.4 - - [05/Jan/2024:05:08:36 -0500] "GET /BLA/boletinlegal/ HTTP/1.1" 200 56085
201.245.192.253 - - [05/Jan/2024:05:10:31 -0500] "POST /kwsrmcab/Wsrmcab  HTTP/1.1" 200 36937
156.59.198.136 - - [05/Jan/2024:05:10:36 -0500] "GET /BLA/resoluciones/RESOLUCIONES%202014/2075.pdf HTTP/1.0" 200 3186821
52.167.144.18 - - [05/Jan/2024:05:10:38 -0500] "GET /BLA/resoluciones/AUTOS%202020/4417.pdf HTTP/1.1" 200 476451
216.245.221.92 - - [05/Jan/2024:05:10:42 -0500] "HEAD / HTTP/1.1" 200 -
52.167.144.18 - - [05/Jan/2024:05:10:58 -0500] "GET /BLA/resoluciones/AUTOS%202020/4623.pdf HTTP/1.1" 200 632203
52.167.144.18 - - [05/Jan/2024:05:10:58 -0500] "GET /BLA/resoluciones/AUTOS%202020/2360.pdf HTTP/1.1" 200 330751
172.22.2.4 - - [05/Jan/2024:05:11:02 -0500] "GET /BLA/boletinlegal/favicon.ico HTTP/1.1" 404 1326
156.59.198.136 - - [05/Jan/2024:05:11:02 -0500] "GET /BLA/resoluciones/Notificaciones/AUTOS%202018/01309.pdf HTTP/1.0" 200 275289
156.59.198.135 - - [05/Jan/2024:05:11:26 -0500] "GET /BLA/resoluciones/RESOLUCIONES%202014/0952.pdf HTTP/1.0" 200 582004
66.249.66.21 - - [05/Jan/2024:05:11:36 -0500] "GET /resoluciones/RESOLUCIONES%202008/2939.pdf HTTP/1.1" 404 1018
156.59.198.136 - - [05/Jan/2024:05:11:50 -0500] "GET /BLA/resoluciones/RESOLUCIONES%202014/3272.pdf HTTP/1.0" 200 493681
172.22.2.4 - - [05/Jan/2024:05:10:28 -0500] "GET /BLA/boletinlegal/ HTTP/1.1" 200 63054
156.59.198.135 - - [05/Jan/2024:05:12:15 -0500] "GET /BLA/resoluciones/RESOLUCIONES%202014/2705.pdf HTTP/1.0" 200 300170
156.59.198.135 - - [05/Jan/2024:05:12:39 -0500] "GET /BLA/resoluciones/AUTOS%202017/2684.pdf HTTP/1.0" 200 416935
156.59.198.136 - - [05/Jan/2024:05:13:04 -0500] "GET /BLA/resoluciones/RESOLUCIONES%202014/1526.pdf HTTP/1.0" 200 200582
40.77.167.52 - - [05/Jan/2024:05:13:25 -0500] "GET /BLA/resoluciones/AUTOS%202020/2227.pdf HTTP/1.1" 200 360128
156.59.198.136 - - [05/Jan/2024:05:13:28 -0500] "GET /BLA/resoluciones/RESOLUCIONES%202014/1462.pdf HTTP/1.0" 200 812972
18.212.97.80 - - [05/Jan/2024:05:13:36 -0500] "GET /distrito-exalto-a-246-empresas-de-bogota-por-su-alto-desempeno-y-responsabilidad-ambiental-durante-2023.html HTTP/1.1" 200 1039
18.212.97.80 - - [05/Jan/2024:05:13:39 -0500] "GET /las-tres-caminatas-para-cerrar-el-ano-entre-la-naturaleza.html HTTP/1.1" 200 776
40.77.167.52 - - [05/Jan/2024:05:13:51 -0500] "GET /BLA/resoluciones/AUTOS%202020/3460.pdf HTTP/1.1" 200 378515
156.59.198.136 - - [05/Jan/2024:05:13:53 -0500] "GET /BLA/resoluciones/RESOLUCIONES%202007/RES%202007%20901%20AL%201000/RESOLUCION%200966%20DE%202007.pdf HTTP/1.0" 200 172209
18.212.97.80 - - [05/Jan/2024:05:14:13 -0500] "GET /portaldeninos/ HTTP/1.1" 200 110175
156.59.198.136 - - [05/Jan/2024:05:14:17 -0500] "GET /BLA/resoluciones/RESOLUCIONES%202007/RES%202007%202801%20AL%202900/RESOLUCION%202826%20DE%202007.pdf HTTP/1.0" 200 25647
172.22.2.4 - - [05/Jan/2024:05:14:18 -0500] "GET /BLA/boletinlegal/actos.php HTTP/1.1" 200 9648
172.22.2.4 - - [05/Jan/2024:05:12:59 -0500] "HEAD /BLA/boletinlegal/ HTTP/1.1" 200 -
156.59.198.135 - - [05/Jan/2024:05:14:41 -0500] "GET /BLA/resoluciones/RESOLUCIONES%202007/RES%202007%20401%20AL%20500/RESOLUCION%200423%20DE%202007.pdf HTTP/1.0" 200 1658334
156.59.198.135 - - [05/Jan/2024:05:15:07 -0500] "GET /BLA/resoluciones/RESOLUCIONES%202007/RES%202007%20901%20AL%201000/RESOLUCION%200932%20DE%202007.pdf HTTP/1.0" 200 104890
201.245.192.253 - - [05/Jan/2024:05:15:19 -0500] "POST /kwsrmcab/Wsrmcab HTTP/1.1" 200 40454
201.245.192.253 - - [05/Jan/2024:05:15:22 -0500] "POST /kwsrmcab/Wsrmcab HTTP/1.1" 200 36784
172.22.2.4 - - [05/Jan/2024:05:13:50 -0500] "GET /BLA/boletinlegal/ HTTP/1.1" 200 60910
156.59.198.136 - - [05/Jan/2024:05:15:30 -0500] "GET /BLA/resoluciones/RESOLUCIONES%202007/RES%202007%20901%20AL%201000/RESOLUCION%200916%20DE%202007.pdf HTTP/1.0" 200 320012
201.245.192.253 - - [05/Jan/2024:05:15:29 -0500] "POST /kwsrmcab/Wsrmcab  HTTP/1.1" 200 36937
216.245.221.92 - - [05/Jan/2024:05:15:42 -0500] "HEAD / HTTP/1.1" 200 -
156.59.198.136 - - [05/Jan/2024:05:15:55 -0500] "GET /BLA/resoluciones/RESOLUCIONES%202007/RES%202007%20901%20AL%201000/RESOLUCION%200907%20DE%202007.pdf HTTP/1.0" 200 308246
156.59.198.135 - - [05/Jan/2024:05:16:19 -0500] "GET /BLA/resoluciones/RESOLUCIONES%202007/RES%202007%20901%20AL%201000/RESOLUCION%200958%20DE%202007.pdf HTTP/1.0" 200 439073
156.59.198.135 - - [05/Jan/2024:05:16:45 -0500] "GET /BLA/resoluciones/RESOLUCIONES%202007/RES%202007%20901%20AL%201000/RESOLUCION%200973%20DE%202007.pdf HTTP/1.0" 200 288778
156.59.198.136 - - [05/Jan/2024:05:17:09 -0500] "GET /BLA/resoluciones/RESOLUCIONES%202007/RES%202007%20901%20AL%201000/RESOLUCION%200978%20DE%202007.pdf HTTP/1.0" 200 250156
156.59.198.136 - - [05/Jan/2024:05:17:33 -0500] "GET /BLA/resoluciones/RESOLUCIONES%202007/RES%202007%20901%20AL%201000/RESOLUCION%200909%20DE%202007.pdf HTTP/1.0" 200 228137
156.59.198.135 - - [05/Jan/2024:05:17:58 -0500] "GET /BLA/resoluciones/RESOLUCIONES%202007/RES%202007%20901%20AL%201000/RESOLUCION%200971%20DE%202007.pdf HTTP/1.0" 200 319606
156.59.198.136 - - [05/Jan/2024:05:18:24 -0500] "GET /BLA/resoluciones/RESOLUCIONES%202007/RES%202007%20901%20AL%201000/RESOLUCION%200930%20DE%202007.pdf HTTP/1.0" 200 337743
156.59.198.135 - - [05/Jan/2024:05:18:47 -0500] "GET /BLA/resoluciones/RESOLUCIONES%202007/RES%202007%20901%20AL%201000/RESOLUCION%200986%20DE%202007.pdf HTTP/1.0" 200 481443
156.59.198.136 - - [05/Jan/2024:05:19:12 -0500] "GET /BLA/resoluciones/RESOLUCIONES%202007/RES%202007%20901%20AL%201000/RESOLUCION%200933%20DE%202007.pdf HTTP/1.0" 200 260119
5.9.158.8 - - [05/Jan/2024:05:19:24 -0500] "GET /portaldeninos/humedal-la-vaca-2/ HTTP/1.1" 200 87837
201.245.192.253 - - [05/Jan/2024:05:19:30 -0500] "POST /kwsrmcab/Wsrmcab HTTP/1.1" 200 40454
156.59.198.136 - - [05/Jan/2024:05:19:36 -0500] "GET /BLA/resoluciones/RESOLUCIONES%202007/RES%202007%20901%20AL%201000/RESOLUCION%200982%20DE%202007.pdf HTTP/1.0" 200 265079
172.22.2.4 - - [05/Jan/2024:05:19:53 -0500] "GET /BLA/boletinlegal/modules/.svn/entries HTTP/1.1" 404 1018
156.59.198.135 - - [05/Jan/2024:05:20:01 -0500] "GET /BLA/resoluciones/RESOLUCIONES%202007/RES%202007%20901%20AL%201000/RESOLUCION%200961%20DE%202007.pdf HTTP/1.0" 200 246786
201.245.192.253 - - [05/Jan/2024:05:20:15 -0500] "POST /kwsrmcab/Wsrmcab HTTP/1.1" 200 36784
156.59.198.135 - - [05/Jan/2024:05:20:25 -0500] "GET /BLA/resoluciones/RESOLUCIONES%202007/RES%202007%20901%20AL%201000/RESOLUCION%200968%20DE%202007.pdf HTTP/1.0" 200 34248
172.22.2.4 - - [05/Jan/2024:05:18:49 -0500] "HEAD /BLA/boletinlegal/ HTTP/1.1" 200 -
201.245.192.253 - - [05/Jan/2024:05:20:28 -0500] "POST /kwsrmcab/Wsrmcab  HTTP/1.1" 200 36937
216.245.221.92 - - [05/Jan/2024:05:20:42 -0500] "HEAD / HTTP/1.1" 200 -
156.59.198.135 - - [05/Jan/2024:05:20:49 -0500] "GET /BLA/resoluciones/RESOLUCIONES%202007/RES%202007%20901%20AL%201000/RESOLUCION%200992%20DE%202007.pdf HTTP/1.0" 200 585333
156.59.198.136 - - [05/Jan/2024:05:21:14 -0500] "GET /BLA/resoluciones/RESOLUCIONES%202007/RES%202007%20901%20AL%201000/RESOLUCION%200977%20DE%202007.pdf HTTP/1.0" 200 22689
172.22.2.4 - - [05/Jan/2024:05:19:40 -0500] "GET /BLA/boletinlegal/ HTTP/1.1" 200 58567
52.167.144.238 - - [05/Jan/2024:05:21:25 -0500] "GET /BLA/resoluciones/AUTOS%202020/3064.pdf HTTP/1.1" 200 1675594
156.59.198.136 - - [05/Jan/2024:05:21:39 -0500] "GET /BLA/resoluciones/RESOLUCIONES%202007/RES%202007%20901%20AL%201000/RESOLUCION%200902%20DE%202007.pdf HTTP/1.0" 200 235602
66.249.66.19 - - [05/Jan/2024:05:21:40 -0500] "GET /BLA/resoluciones/RESOLUCIONES%202008/3812.pdf HTTP/1.1" 200 126971
156.59.198.136 - - [05/Jan/2024:05:22:03 -0500] "GET /BLA/resoluciones/RESOLUCIONES%202007/RES%202007%20901%20AL%201000/RESOLUCION%200976%20DE%202007.pdf HTTP/1.0" 200 248249
156.59.198.135 - - [05/Jan/2024:05:22:28 -0500] "GET /BLA/resoluciones/RESOLUCIONES%202007/RES%202007%20901%20AL%201000/RESOLUCION%200952%20DE%202007.pdf HTTP/1.0" 200 224840
156.59.198.136 - - [05/Jan/2024:05:22:53 -0500] "GET /BLA/resoluciones/RESOLUCIONES%202007/RES%202007%20901%20AL%201000/RESOLUCION%200979%20DE%202007.pdf HTTP/1.0" 200 370716
199.16.157.183 - - [05/Jan/2024:05:23:08 -0500] "GET /images/cr%C3%B3nica-29-nov-1_optimized.jpeg HTTP/1.1" 404 1034
156.59.198.136 - - [05/Jan/2024:05:23:16 -0500] "GET /BLA/resoluciones/RESOLUCIONES%202007/RES%202007%20901%20AL%201000/RESOLUCION%200988%20DE%202007.pdf HTTP/1.0" 200 298991
52.167.144.161 - - [05/Jan/2024:05:23:31 -0500] "GET /BLA/resoluciones/RESOLUCIONES%202023/03234.pdf HTTP/1.1" 200 975006
156.59.198.135 - - [05/Jan/2024:05:23:41 -0500] "GET /BLA/resoluciones/RESOLUCIONES%202007/RES%202007%20901%20AL%201000/RESOLUCION%200921%20DE%202007.pdf HTTP/1.0" 200 213792
156.59.198.135 - - [05/Jan/2024:05:24:05 -0500] "GET /BLA/resoluciones/RESOLUCIONES%202007/RES%202007%20901%20AL%201000/RESOLUCION%200918%20DE%202007.pdf HTTP/1.0" 200 138331
156.59.198.135 - - [05/Jan/2024:05:24:29 -0500] "GET /BLA/resoluciones/RESOLUCIONES%202007/RES%202007%20901%20AL%201000/RESOLUCION%200964%20DE%202007.pdf HTTP/1.0" 200 341372
156.59.198.136 - - [05/Jan/2024:05:24:55 -0500] "GET /BLA/resoluciones/RESOLUCIONES%202007/RES%202007%20901%20AL%201000/RESOLUCION%200953%20DE%202007.pdf HTTP/1.0" 200 221039
40.77.167.25 - - [05/Jan/2024:05:25:05 -0500] "GET /BLA/resoluciones/AUTOS%202020/4541.pdf HTTP/1.1" 200 413211
66.249.66.20 - - [05/Jan/2024:05:25:10 -0500] "GET /BLA/resoluciones/RESOLUCIONES%202008/3950.pdf HTTP/1.1" 200 679181
156.59.198.136 - - [05/Jan/2024:05:25:20 -0500] "GET /BLA/resoluciones/RESOLUCIONES%202007/RES%202007%20901%20AL%201000/RESOLUCION%200967%20DE%202007.pdf HTTP/1.0" 200 163617
201.245.192.253 - - [05/Jan/2024:05:25:19 -0500] "POST /kwsrmcab/Wsrmcab HTTP/1.1" 200 40454
201.245.192.253 - - [05/Jan/2024:05:25:22 -0500] "POST /kwsrmcab/Wsrmcab HTTP/1.1" 200 36784
201.245.192.253 - - [05/Jan/2024:05:25:27 -0500] "POST /kwsrmcab/Wsrmcab  HTTP/1.1" 200 36937
216.245.221.92 - - [05/Jan/2024:05:25:42 -0500] "HEAD / HTTP/1.1" 200 -
156.59.198.135 - - [05/Jan/2024:05:25:44 -0500] "GET /BLA/resoluciones/RESOLUCIONES%202007/RES%202007%20901%20AL%201000/RESOLUCION%200924%20DE%202007.pdf HTTP/1.0" 200 192370
116.202.20.140 - - [05/Jan/2024:05:26:00 -0500] "GET / HTTP/1.1" 200 4720
116.202.20.140 - - [05/Jan/2024:05:26:01 -0500] "GET / HTTP/1.1" 200 319
156.59.198.135 - - [05/Jan/2024:05:26:10 -0500] "GET /BLA/resoluciones/RESOLUCIONES%202007/RES%202007%20901%20AL%201000/RESOLUCION%200914%20DE%202007.pdf HTTP/1.0" 200 425080
66.249.66.21 - - [05/Jan/2024:05:26:15 -0500] "GET /portel_dama/libreria/pdf/ecosistemas/restauracion/sitio/22_proye/xtras_in/cni_3.pdf HTTP/1.1" 404 1018
172.22.2.4 - - [05/Jan/2024:05:24:39 -0500] "HEAD /BLA/boletinlegal/ HTTP/1.1" 200 -
156.59.198.135 - - [05/Jan/2024:05:26:34 -0500] "GET /BLA/resoluciones/RESOLUCIONES%202007/RES%202007%20901%20AL%201000/RESOLUCION%200904%20DE%202007.pdf HTTP/1.0" 200 264169
156.59.198.135 - - [05/Jan/2024:05:26:58 -0500] "GET /BLA/resoluciones/RESOLUCIONES%202007/RES%202007%20901%20AL%201000/RESOLUCION%200980%20DE%202007.pdf HTTP/1.0" 200 189619
172.22.2.4 - - [05/Jan/2024:05:26:59 -0500] "GET /BLA/boletinlegal/sitemaps.xml HTTP/1.1" 404 1038
172.22.2.4 - - [05/Jan/2024:05:25:30 -0500] "GET /BLA/boletinlegal/ HTTP/1.1" 200 58567
156.59.198.135 - - [05/Jan/2024:05:27:23 -0500] "GET /BLA/resoluciones/RESOLUCIONES%202007/RES%202007%20901%20AL%201000/RESOLUCION%200959%20DE%202007.pdf HTTP/1.0" 200 25507
156.59.198.136 - - [05/Jan/2024:05:27:47 -0500] "GET /BLA/resoluciones/RESOLUCIONES%202007/RES%202007%20901%20AL%201000/RESOLUCION%200923%20DE%202007.pdf HTTP/1.0" 200 250920
156.59.198.136 - - [05/Jan/2024:05:28:14 -0500] "GET /BLA/resoluciones/RESOLUCIONES%202007/RES%202007%20901%20AL%201000/RESOLUCION%200929%20DE%202007.pdf HTTP/1.0" 200 188741
156.59.198.135 - - [05/Jan/2024:05:28:38 -0500] "GET /BLA/resoluciones/RESOLUCIONES%202007/RES%202007%20901%20AL%201000/RESOLUCION%200912%20DE%202007.pdf HTTP/1.0" 200 199136
156.59.198.136 - - [05/Jan/2024:05:29:02 -0500] "GET /BLA/resoluciones/RESOLUCIONES%202007/RES%202007%20901%20AL%201000/RESOLUCION%200948%20DE%202007.pdf HTTP/1.0" 200 307696
156.59.198.135 - - [05/Jan/2024:05:29:27 -0500] "GET /BLA/resoluciones/RESOLUCIONES%202007/RES%202007%20901%20AL%201000/RESOLUCION%200996%20DE%202007.pdf HTTP/1.0" 200 200963
201.245.192.253 - - [05/Jan/2024:05:29:29 -0500] "POST /kwsrmcab/Wsrmcab HTTP/1.1" 200 40454
154.16.192.228 - - [05/Jan/2024:05:29:46 -0500] "GET / HTTP/1.1" 200 319
156.59.198.135 - - [05/Jan/2024:05:29:52 -0500] "GET /BLA/resoluciones/RESOLUCIONES%202007/RES%202007%20901%20AL%201000/RESOLUCION%200965%20DE%202007.pdf HTTP/1.0" 200 341372
201.245.192.253 - - [05/Jan/2024:05:30:13 -0500] "POST /kwsrmcab/Wsrmcab HTTP/1.1" 200 36784
156.59.198.136 - - [05/Jan/2024:05:30:17 -0500] "GET /BLA/resoluciones/RESOLUCIONES%202007/RES%202007%20901%20AL%201000/RESOLUCION%200915%20DE%202007.pdf HTTP/1.0" 200 280134
201.245.192.253 - - [05/Jan/2024:05:30:25 -0500] "POST /kwsrmcab/Wsrmcab  HTTP/1.1" 200 36937
66.249.66.20 - - [05/Jan/2024:05:30:36 -0500] "GET /BLA/resoluciones/RESOLUCIONES%202009/3370.pdf HTTP/1.1" 200 559785
156.59.198.136 - - [05/Jan/2024:05:30:41 -0500] "GET /BLA/resoluciones/RESOLUCIONES%202007/RES%202007%20901%20AL%201000/RESOLUCION%200940%20DE%202007.pdf HTTP/1.0" 200 221093
216.245.221.92 - - [05/Jan/2024:05:30:42 -0500] "HEAD / HTTP/1.1" 200 -
156.59.198.135 - - [05/Jan/2024:05:31:08 -0500] "GET /BLA/resoluciones/RESOLUCIONES%202007/RES%202007%20901%20AL%201000/RESOLUCION%200935%20DE%202007.pdf HTTP/1.0" 200 245188
156.59.198.135 - - [05/Jan/2024:05:31:32 -0500] "GET /BLA/resoluciones/RESOLUCIONES%202007/RES%202007%20901%20AL%201000/RESOLUCION%200928%20DE%202007.pdf HTTP/1.0" 200 176476
156.59.198.135 - - [05/Jan/2024:05:31:56 -0500] "GET /BLA/resoluciones/RESOLUCIONES%202007/RES%202007%20901%20AL%201000/RESOLUCION%200938%20DE%202007.pdf HTTP/1.0" 200 195111
172.22.2.4 - - [05/Jan/2024:05:30:29 -0500] "HEAD /BLA/boletinlegal/ HTTP/1.1" 200 -
156.59.198.136 - - [05/Jan/2024:05:32:22 -0500] "GET /BLA/resoluciones/RESOLUCIONES%202007/RES%202007%20901%20AL%201000/RESOLUCION%200972%20DE%202007.pdf HTTP/1.0" 200 230111
156.59.198.136 - - [05/Jan/2024:05:32:47 -0500] "GET /BLA/resoluciones/RESOLUCIONES%202007/RES%202007%20901%20AL%201000/RESOLUCION%200925%20DE%202007.pdf HTTP/1.0" 200 326761
40.77.167.52 - - [05/Jan/2024:05:32:53 -0500] "GET /BLA/resoluciones/AUTOS%202020/1235.pdf HTTP/1.1" 200 938346
52.167.144.171 - - [05/Jan/2024:05:32:57 -0500] "GET /BLA/resoluciones/AUTOS%202020/0553.pdf HTTP/1.1" 200 363495
216.244.66.195 - - [05/Jan/2024:05:32:57 -0500] "GET /robots.txt HTTP/1.1" 404 1018
172.22.2.4 - - [05/Jan/2024:05:31:20 -0500] "GET /BLA/boletinlegal/ HTTP/1.1" 200 60502
