172.22.2.4 - - [05/Jan/2024:11:43:27 -0500] "GET /BLA/boletinlegal/img/select-left.png HTTP/1.1" 200 263
172.22.2.4 - - [05/Jan/2024:11:43:27 -0500] "GET /BLA/boletinlegal/img/button.png HTTP/1.1" 200 43241
172.22.2.4 - - [05/Jan/2024:11:43:27 -0500] "GET /BLA/boletinlegal/favicon.ico HTTP/1.1" 404 1326
172.22.2.4 - - [05/Jan/2024:11:43:31 -0500] "GET /BLA/boletinlegal/consulta_actos.php?tipo=resoluciones&no=&usuario=&sector=&fecha=2023&resuelve= HTTP/1.1" 200 422362
172.22.2.4 - - [05/Jan/2024:11:43:32 -0500] "GET /BLA/boletinlegal/images/pdf.gif HTTP/1.1" 200 567
172.22.2.4 - - [05/Jan/2024:11:43:32 -0500] "GET /BLA/boletinlegal/images/background.gif HTTP/1.1" 200 -
156.59.198.135 - - [05/Jan/2024:11:43:46 -0500] "GET /BLA/resoluciones/RESOLUCIONES%202010/1455.pdf HTTP/1.0" 200 433107
201.245.192.253 - - [05/Jan/2024:11:43:47 -0500] "POST /kwsrmcab/Wsrmcab  HTTP/1.1" 200 36937
191.95.63.82 - - [05/Jan/2024:11:43:46 -0500] "POST /sipse/faces/presentacion/financiero/solicitudProceso/consultarSolicitudProceso.xhtml HTTP/1.1" 200 2141745
172.22.2.4 - - [05/Jan/2024:11:43:57 -0500] "GET /BLA/boletinlegal/admin/admin.php HTTP/1.1" 302 -
186.102.15.80 - - [05/Jan/2024:11:44:06 -0500] "GET /kwssiamovil/sm/ldap/au?x=U2FsdGVkX18YQrvi2p4qi+qkEHk95gr6kcAUHFvQ/mkTjeZ1ArQkitDMjSObsxGj&y=U2FsdGVkX1/yJ9VFI8wmi4s6SVlcvAOEV/UNBCE4+7SNiLwGoU7hZBqs0UvuhGQ6 HTTP/1.1" 200 30
186.102.15.80 - - [05/Jan/2024:11:44:06 -0500] "GET /kwssiamovil/sm/acme/s?s=U2FsdGVkX1+r7NukZX8yv5GP3ypLrrKJRPI6nlDSokCzRaKUjZtl6r2L3zAqffosLurQT7SqlimxanrAF4fjlYKJBa0TjcAPADLh7NaAW9Y=&u=U2FsdGVkX1+NYVYp4t4CCwJgp9LEUybMDp5f/wywXadRvm7UrCzVNPSuw6ibzFlJ&y=U2FsdGVkX1/yJ9VFI8wmi4s6SVlcvAOEV/UNBCE4+7SNiLwGoU7hZBqs0UvuhGQ6 HTTP/1.1" 200 97
186.102.15.80 - - [05/Jan/2024:11:44:06 -0500] "GET /kwssiamovil/sm/acme/s?s=U2FsdGVkX18fA6MH+XvBGunQ4lTzJJ8CGGQsximlGVA+yV7I7uGrwtX5lVURZHI7ZGcBNwB7t07XmcTDVAyfsjWknV8XlhY3H/pl2kN3SHzGuBf27E/4ZAlbuxhjhr2+sPQpy7vrtYtrqIyOz3XXHe5FSGkB9l5sHGQz38wVG6QM9lvdktqwP9NIUTM4+FXTITsLvLsQVSO6kZIdPuQpTBAsTlKFP2X1ug/uPwLQz6vgJvtVQ6DIsvomrAdVN9uLcjhenNHA1qLHhJaDkw5FW263IuQc0Mz9U4JMPzeAkM6rjN8mti8mTAFjXJTet3cj13Fr++pQQ08we9Y72m0pb3wvVGf72DObCLpvb6IA2a0EVTtY7I6W0tZu006/4p0JFbxI4JE91A8lKqdmZK0mgYoyFDA5k19+VZ66yFnPfvZpETc0lE+avKXclcMdsDwzpu/YMcsHlqd0bL6uLBU/EHQ7x0n8u6M0wDpsvzZ7kGOZ/PRxapLkzIn6vMaXITrb4q4km/+1APBqE8ZKLJnpd7QF7n9IezIWIPpu1Tiobt6GzypvztETJeK4pvUFa5PQfvKl1jR8AahrpsDew6ADX/tMbxtXbfaju5JsF/C6T/VVV8ZJKP30oChrjrY0cfmhFWzciywvobkah0eQd4bjDh+AoMz29XLYIE5RpQgN9LQYnua+A5AEmx0VI7/eVPTviDPV4wAFsxhthOoVGRlDNxl8/iN8MTEZrfSuC8FoKWaLsrRo+nf5+JjtLnCdhnOrOdQQ4T96KN4KzPpZ8/E6jW6hree/XTeSb6FHf9NIf2gYloSFmPflgks2M/bRmle3m98vHJ6wmFzyLJjsLdQnH6VKgtcIRFs8UMuzg/tBGWBtDTC1Z9Gq2amw/3B7t75KN/3Gc+AjgCcpxBUpZCof4FeTm/ih3u9qqviS26koPCthR02TP+1hYDCONP/84D2m0dsupvnjo2C2VQuY1fQEMQKIW3v5mrXGE/0u/p72HZHLVmVF/1cVXMJ6sSRzIYzvsysSWYCdgerOyMVbb+2t5Opdtq9BJVBpUEVrruMq9THd8lmHJYrZscyyx27VHAVHbEmf5o7mk8v8aR3/iRkZ9mlB1DYeQKd3xfc9dy0alLfNwHsynWe2ytS7k7XlaGmEzi9PKxAIBzXQYOukhgOY2X/Vv6J2aDEmPTRNlHNEQz5AvPyWOFEyh3KBMctrUQu6tqTfwfjMtfg7QNCx4pNcmf4dus5GOzp1O1jNXYL9d+/GoTiuRYQ6hp+LPyBP/KZA+QeNV+xiu4KN/FU2O04HefJAj4dYEpt4JXGtAQGVUSBUANGIK6eYw5ysMtiLpbLmFl6UfXW92mOd0N5L4aw1bEKNTv8mY63kKHN7O5M+Zw4ktwcwC7mAYRgAYPgX1EeU4pjquY1waNWblDGlB5No3BlM9cCejOeqY3Va3eFh7VapHfuL1Ss+L45/hTr1pSG3ZA+Rl3eN6wRwp60PMpxjQII/kkASrVdkZDPlRu1+ZtznhU0JTLnAXENICKTtVL+lPTNCFCRYbdmn1z8RUHFjupLwhKi2d+opucqlk7P0K/Ti1169moYbht6VQ94/fsk3DpRV7w10zNOp7hMFhIXrHuEtf0Q5ZKa5MLXX5dl2MTUMWtfYN6icT81dtc7TrdsWVOcDDFk6864lxzQe+dpvgOQo7ttwL1Hh6neRUD6KMVk1hlbsIPSE1w0VuOZl2DhFYq1v+aoZgNSd8xl9lgJ8/XRLeFZldT/WtqfZIzdZLbfsetASeHA4ez6lteWzkSlx&u=U2FsdGVkX1+NYVYp4t4CCwJgp9LEUybMDp5f/wywXadRvm7UrCzVNPSuw6ibzFlJ&y=U2FsdGVkX1/yJ9VFI8wmi4s6SVlcvAOEV/UNBCE4+7SNiLwGoU7hZBqs0UvuhGQ6 HTTP/1.1" 200 3437
186.102.15.80 - - [05/Jan/2024:11:44:07 -0500] "GET /kwssiamovil/sm/acme/s?s=U2FsdGVkX1+VtGFnc9feFxB3EU+Zv/TYufzq1aUo0yQLEzI0Y2JV4jawmn8d+xjzQHaZwvDo+kdllUX7aAuk6H2Bi6/EY9sR1auX6dSRGqILTGHNIYqIfz1n0HGdB7HGx7ivzeYkxah+EnKto/O4v7mxkTRFypS1GUBVFn9NkzardtEIiJvzLYbljORduqpVzWnQGbVGrvVe2p7D/WBLsa2SqMntnWZpKLRQm//VlPL9eRsaEZiEdmcUowJOtILza3TxKiohzMdkE5ynu3MhHY1dM9ADo6HHiJmAVuYEc/E4Kv2y4TGrouPj3mW8tN1xYBT82akyEPYXiCr1C5mIkRBpUJZPz3n3jdEQLgj5pu6Ggr8zffHanlTkqAsPbFIVHY8ddaZFuEu8PgyGicbQJeY2rMAm4sFGw2yHuGSAHediUGTnMu8cxKcza4bhw3r5pP0s7hD8xgyFCQ4SemGQmPMEg8o+sU2/H8iZrT45VBOQr9No3FjK76rZn1FgZm0T90IxMNFNyj66n9eH41IFP4ZvGQJ82Gd3RoUO66sviHy36p61tQLyx7NYlSWniIE0Bge1rp+PKbXc5OhnJ3sVSlSz2Zu2sOAMQUyTxpwgWTj9kjGccFw59lkFU9OTOtHJ8bwg+Z6Ys7z94qlsvTyUDsOfYD8b67KlLMrL1RT9aT6dp40vrqbG/S4qiqH/f1AgMZ9ljt/mmuSXc1Ferr05fb2/lvalCy0j/5lmKQepXmeuOYjeqMTyR2b6JDooo7oRQtvBk+iVqOxJoZNj7BBIeg==&u=U2FsdGVkX1+NYVYp4t4CCwJgp9LEUybMDp5f/wywXadRvm7UrCzVNPSuw6ibzFlJ&y=U2FsdGVkX1/yJ9VFI8wmi4s6SVlcvAOEV/UNBCE4+7SNiLwGoU7hZBqs0UvuhGQ6 HTTP/1.1" 200 208
186.102.15.80 - - [05/Jan/2024:11:44:07 -0500] "GET /kwssiamovil/sm/cjson/pre?f=1&x=U2FsdGVkX18YQrvi2p4qi+qkEHk95gr6kcAUHFvQ/mkTjeZ1ArQkitDMjSObsxGj HTTP/1.1" 200 31032
156.59.198.135 - - [05/Jan/2024:11:44:10 -0500] "GET /BLA/resoluciones/RESOLUCIONES%202010/1380.pdf HTTP/1.0" 200 346314
191.95.63.82 - - [05/Jan/2024:11:44:07 -0500] "POST /sipse/faces/presentacion/financiero/solicitudProceso/consultarSolicitudProceso.xhtml HTTP/1.1" 200 2143286
172.22.2.4 - - [05/Jan/2024:11:43:57 -0500] "GET /BLA/boletinlegal/admin/index.php HTTP/1.1" 200 5747
172.22.2.4 - - [05/Jan/2024:11:44:15 -0500] "GET /BLA/boletinlegal/admin/index_files/index_files/tback.gif HTTP/1.1" 404 1362
156.59.198.135 - - [05/Jan/2024:11:44:36 -0500] "GET /BLA/resoluciones/RESOLUCIONES%202010/0941.pdf HTTP/1.0" 200 103306
156.59.198.136 - - [05/Jan/2024:11:45:00 -0500] "GET /BLA/resoluciones/RESOLUCIONES%202010/0892.pdf HTTP/1.0" 200 114402
172.22.2.4 - - [05/Jan/2024:11:45:21 -0500] "GET /BLA/boletinlegal/admin/actos/autos.php HTTP/1.1" 200 12440552
156.59.198.135 - - [05/Jan/2024:11:45:25 -0500] "GET /BLA/resoluciones/RESOLUCIONES%202010/0203.pdf HTTP/1.0" 200 125120
172.22.2.4 - - [05/Jan/2024:11:43:48 -0500] "HEAD /BLA/boletinlegal/ HTTP/1.1" 200 -
216.245.221.92 - - [05/Jan/2024:11:45:41 -0500] "HEAD / HTTP/1.1" 200 -
156.59.198.136 - - [05/Jan/2024:11:45:48 -0500] "GET /BLA/resoluciones/RESOLUCIONES%202010/0914.pdf HTTP/1.0" 200 112150
40.77.167.54 - - [05/Jan/2024:11:46:13 -0500] "GET /el-reverdecer-de-bogota-no-para-207-nuevos-arboles-plantados-en-el-sur-de-la-ciudad.html HTTP/1.1" 200 912
156.59.198.135 - - [05/Jan/2024:11:46:14 -0500] "GET /BLA/resoluciones/RESOLUCIONES%202010/1311.pdf HTTP/1.0" 200 109536
172.22.2.4 - - [05/Jan/2024:11:44:39 -0500] "GET /BLA/boletinlegal/ HTTP/1.1" 200 58969
156.59.198.135 - - [05/Jan/2024:11:46:38 -0500] "GET /BLA/resoluciones/RESOLUCIONES%202010/0912.pdf HTTP/1.0" 200 101884
201.245.192.253 - - [05/Jan/2024:11:46:50 -0500] "POST /sipse/faces/presentacion/proyectos/proyecto/proyecto.xhtml HTTP/1.1" 200 10754
52.167.144.228 - - [05/Jan/2024:11:46:50 -0500] "GET /BLA/resoluciones/AUTOS%202020/4687.pdf HTTP/1.1" 200 385039
201.245.192.253 - - [05/Jan/2024:11:46:51 -0500] "POST /sipse/faces/presentacion/proyectos/proyecto/proyecto.xhtml HTTP/1.1" 200 7691
201.245.192.253 - - [05/Jan/2024:11:46:52 -0500] "POST /sipse/faces/presentacion/proyectos/proyecto/proyecto.xhtml HTTP/1.1" 200 88763
201.245.192.253 - - [05/Jan/2024:11:46:52 -0500] "GET /sipse/faces/javax.faces.resource/messages/messages.png?ln=primefaces&v=4.0 HTTP/1.1" 304 -
201.245.192.253 - - [05/Jan/2024:11:46:52 -0500] "POST /sipse/faces/presentacion/proyectos/proyecto/proyecto.xhtml HTTP/1.1" 200 3341
201.245.192.253 - - [05/Jan/2024:11:46:54 -0500] "POST /sipse/faces/presentacion/proyectos/proyecto/proyecto.xhtml HTTP/1.1" 200 88784
201.245.192.253 - - [05/Jan/2024:11:46:55 -0500] "POST /sipse/faces/presentacion/proyectos/proyecto/proyecto.xhtml HTTP/1.1" 200 3341
201.245.192.253 - - [05/Jan/2024:11:46:57 -0500] "POST /sipse/faces/presentacion/proyectos/proyecto/proyecto.xhtml HTTP/1.1" 200 51695
201.245.192.253 - - [05/Jan/2024:11:46:57 -0500] "GET /sipse/faces/javax.faces.resource/jquery/jquery.js?ln=primefaces&v=4.0 HTTP/1.1" 304 -
201.245.192.253 - - [05/Jan/2024:11:46:57 -0500] "GET /sipse/faces/javax.faces.resource/jquery/jquery-plugins.js?ln=primefaces&v=4.0 HTTP/1.1" 304 -
201.245.192.253 - - [05/Jan/2024:11:46:58 -0500] "GET /sipse/faces/javax.faces.resource/primefaces.js?ln=primefaces&v=4.0 HTTP/1.1" 304 -
201.245.192.253 - - [05/Jan/2024:11:46:58 -0500] "GET /sipse/faces/javax.faces.resource/layout/layout.js?ln=primefaces&v=4.0 HTTP/1.1" 304 -
156.59.198.136 - - [05/Jan/2024:11:47:02 -0500] "GET /BLA/resoluciones/RESOLUCIONES%202010/1359.pdf HTTP/1.0" 200 361308
201.245.192.253 - - [05/Jan/2024:11:47:03 -0500] "POST /sipse/faces/presentacion/parametrica/generales/listarGenerales.xhtml HTTP/1.1" 200 24418
201.245.192.253 - - [05/Jan/2024:11:47:03 -0500] "POST /sipse/faces/presentacion/parametrica/generales/listarGenerales.xhtml HTTP/1.1" 200 80622
156.59.198.136 - - [05/Jan/2024:11:47:26 -0500] "GET /BLA/resoluciones/RESOLUCIONES%202010/0795.pdf HTTP/1.0" 200 109402
201.245.192.253 - - [05/Jan/2024:11:47:32 -0500] "GET /sipsepre/faces/faces/faces/autenticacion.xhtml HTTP/1.1" 200 12760
201.245.192.253 - - [05/Jan/2024:11:47:32 -0500] "GET /sipsepre/js/disable_browser_buttons.js HTTP/1.1" 200 3230
201.245.192.253 - - [05/Jan/2024:11:47:32 -0500] "GET /sipsepre/js/funciones.js HTTP/1.1" 200 12592
201.245.192.253 - - [05/Jan/2024:11:47:32 -0500] "GET /sipsepre/css/custom_css_sg.css HTTP/1.1" 200 9692
201.245.192.253 - - [05/Jan/2024:11:47:32 -0500] "GET /sipsepre/css/custom_css_sg_prime_login.css HTTP/1.1" 200 443
201.245.192.253 - - [05/Jan/2024:11:47:32 -0500] "GET /sipsepre/faces/javax.faces.resource/layout/layout.css;jsessionid=iZmnCE1g9cqBfzk-KrOCXYyq.undefined?ln=primefaces&v=4.0 HTTP/1.1" 200 542
201.245.192.253 - - [05/Jan/2024:11:47:32 -0500] "GET /sipsepre/faces/javax.faces.resource/primefaces.css;jsessionid=iZmnCE1g9cqBfzk-KrOCXYyq.undefined?ln=primefaces&v=4.0 HTTP/1.1" 200 53325
201.245.192.253 - - [05/Jan/2024:11:47:32 -0500] "GET /sipsepre/faces/javax.faces.resource/layout/layout.js;jsessionid=iZmnCE1g9cqBfzk-KrOCXYyq.undefined?ln=primefaces&v=4.0 HTTP/1.1" 200 87560
201.245.192.253 - - [05/Jan/2024:11:47:32 -0500] "GET /sipsepre/faces/javax.faces.resource/theme.css?ln=primefaces-sipse HTTP/1.1" 200 50106
201.245.192.253 - - [05/Jan/2024:11:47:32 -0500] "GET /sipsepre/faces/javax.faces.resource/jquery/jquery.js;jsessionid=iZmnCE1g9cqBfzk-KrOCXYyq.undefined?ln=primefaces&v=4.0 HTTP/1.1" 200 105384
201.245.192.253 - - [05/Jan/2024:11:47:32 -0500] "GET /sipsepre/faces/javax.faces.resource/primefaces.js;jsessionid=iZmnCE1g9cqBfzk-KrOCXYyq.undefined?ln=primefaces&v=4.0 HTTP/1.1" 200 276924
201.245.192.253 - - [05/Jan/2024:11:47:32 -0500] "GET /sipsepre/faces/javax.faces.resource/jquery/jquery-plugins.js;jsessionid=iZmnCE1g9cqBfzk-KrOCXYyq.undefined?ln=primefaces&v=4.0 HTTP/1.1" 200 220526
201.245.192.253 - - [05/Jan/2024:11:47:32 -0500] "GET /sipsepre/faces/javax.faces.resource/images/ui-icons_898989_256x240.png?ln=primefaces-aristo HTTP/1.1" 200 5355
201.245.192.253 - - [05/Jan/2024:11:47:32 -0500] "GET /sipsepre/css/imagen/logoSDG.png HTTP/1.1" 200 53064
201.245.192.253 - - [05/Jan/2024:11:47:32 -0500] "GET /sipsepre/css/imagen/loginimg.png HTTP/1.1" 200 71635
201.245.192.253 - - [05/Jan/2024:11:47:32 -0500] "GET /favicon.ico HTTP/1.1" 200 7782
201.245.192.253 - - [05/Jan/2024:11:47:32 -0500] "GET /sipsepre/faces/faces/faces/index.xhtml HTTP/1.1" 200 680
201.245.192.253 - - [05/Jan/2024:11:47:32 -0500] "GET /sipsepre/faces/javax.faces.resource/theme.css?ln=primefaces-sipse HTTP/1.1" 304 -
201.245.192.253 - - [05/Jan/2024:11:47:33 -0500] "GET /sipsepre/faces/faces/faces/faces/autenticacion.xhtml HTTP/1.1" 200 12438
201.245.192.253 - - [05/Jan/2024:11:47:33 -0500] "GET /sipsepre/faces/javax.faces.resource/theme.css?ln=primefaces-sipse HTTP/1.1" 304 -
201.245.192.253 - - [05/Jan/2024:11:47:33 -0500] "GET /sipsepre/faces/javax.faces.resource/layout/layout.css?ln=primefaces&v=4.0 HTTP/1.1" 200 542
201.245.192.253 - - [05/Jan/2024:11:47:33 -0500] "GET /sipsepre/faces/javax.faces.resource/layout/layout.js?ln=primefaces&v=4.0 HTTP/1.1" 200 87560
201.245.192.253 - - [05/Jan/2024:11:47:33 -0500] "GET /sipsepre/faces/javax.faces.resource/primefaces.css?ln=primefaces&v=4.0 HTTP/1.1" 200 53325
201.245.192.253 - - [05/Jan/2024:11:47:33 -0500] "GET /sipsepre/faces/javax.faces.resource/jquery/jquery-plugins.js?ln=primefaces&v=4.0 HTTP/1.1" 200 220526
201.245.192.253 - - [05/Jan/2024:11:47:33 -0500] "GET /sipsepre/faces/javax.faces.resource/jquery/jquery.js?ln=primefaces&v=4.0 HTTP/1.1" 200 105384
201.245.192.253 - - [05/Jan/2024:11:47:33 -0500] "GET /sipsepre/faces/javax.faces.resource/primefaces.js?ln=primefaces&v=4.0 HTTP/1.1" 200 276924
201.245.192.253 - - [05/Jan/2024:11:47:33 -0500] "GET /sipsepre/faces/javax.faces.resource/images/ui-icons_898989_256x240.png?ln=primefaces-aristo HTTP/1.1" 304 -
201.245.192.253 - - [05/Jan/2024:11:47:37 -0500] "POST /sipsepre/faces/autenticacion.xhtml HTTP/1.1" 200 12005
201.245.192.253 - - [05/Jan/2024:11:47:38 -0500] "GET /sipsepre/css/custom_css_sg_prime.css HTTP/1.1" 200 5201
201.245.192.253 - - [05/Jan/2024:11:47:38 -0500] "GET /sipsepre/faces/javax.faces.resource/jquery/jquery.js?ln=primefaces&v=4.0 HTTP/1.1" 304 -
201.245.192.253 - - [05/Jan/2024:11:47:38 -0500] "GET /sipsepre/faces/javax.faces.resource/jquery/jquery-plugins.js?ln=primefaces&v=4.0 HTTP/1.1" 304 -
201.245.192.253 - - [05/Jan/2024:11:47:38 -0500] "GET /sipsepre/faces/javax.faces.resource/primefaces.js?ln=primefaces&v=4.0 HTTP/1.1" 304 -
201.245.192.253 - - [05/Jan/2024:11:47:38 -0500] "GET /sipsepre/faces/javax.faces.resource/layout/layout.js?ln=primefaces&v=4.0 HTTP/1.1" 304 -
201.245.192.253 - - [05/Jan/2024:11:47:38 -0500] "GET /sipsepre/faces/javax.faces.resource/messages/messages.png?ln=primefaces&v=4.0 HTTP/1.1" 200 27209
201.245.192.253 - - [05/Jan/2024:11:47:41 -0500] "POST /sipsepre/faces/presentacion/sistema/seguridad/seleccionRol.xhtml HTTP/1.1" 200 6409
201.245.192.253 - - [05/Jan/2024:11:47:41 -0500] "POST /sipsepre/faces/presentacion/sistema/seguridad/seleccionRol.xhtml HTTP/1.1" 200 19454
201.245.192.253 - - [05/Jan/2024:11:47:42 -0500] "GET /sipsepre/js/jquery.min.js HTTP/1.1" 200 85582
201.245.192.253 - - [05/Jan/2024:11:47:42 -0500] "GET /sipsepre/faces/javax.faces.resource/jquery/jquery.js?ln=primefaces&v=4.0 HTTP/1.1" 304 -
201.245.192.253 - - [05/Jan/2024:11:47:42 -0500] "GET /sipsepre/faces/javax.faces.resource/jquery/jquery-plugins.js?ln=primefaces&v=4.0 HTTP/1.1" 304 -
201.245.192.253 - - [05/Jan/2024:11:47:42 -0500] "GET /sipsepre/faces/javax.faces.resource/primefaces.js?ln=primefaces&v=4.0 HTTP/1.1" 304 -
201.245.192.253 - - [05/Jan/2024:11:47:42 -0500] "GET /sipsepre/faces/javax.faces.resource/layout/layout.js?ln=primefaces&v=4.0 HTTP/1.1" 304 -
201.245.192.253 - - [05/Jan/2024:11:47:42 -0500] "GET /sipsepre/css/v_mergente.css HTTP/1.1" 200 1508
201.245.192.253 - - [05/Jan/2024:11:47:42 -0500] "GET /sipsepre/css/imagen/contrasena.png HTTP/1.1" 404 383
201.245.192.253 - - [05/Jan/2024:11:47:42 -0500] "GET /sipsepre/imagenes/cargando.gif HTTP/1.1" 200 36959
201.245.192.253 - - [05/Jan/2024:11:47:42 -0500] "GET /sipsepre/imagenes/logoAplicacion.jpg HTTP/1.1" 200 155084
201.245.192.253 - - [05/Jan/2024:11:47:45 -0500] "GET /sipsepre/faces/javax.faces.resource/images/ui-bg_flat_0_2d5972_40x100.png?ln=primefaces-aristo HTTP/1.1" 200 183
201.245.192.253 - - [05/Jan/2024:11:47:45 -0500] "POST /sipsepre/faces/bienvenido.xhtml HTTP/1.1" 200 8768
186.84.90.201 - - [05/Jan/2024:11:47:45 -0500] "GET /appsia/controlador HTTP/1.1" 200 4799
186.84.90.201 - - [05/Jan/2024:11:47:46 -0500] "GET /appsia/css/estilos.css HTTP/1.1" 200 4804
186.84.90.201 - - [05/Jan/2024:11:47:46 -0500] "GET /appsia/scripts/validarIngreso.js HTTP/1.1" 200 851
186.84.90.201 - - [05/Jan/2024:11:47:46 -0500] "GET /appsia/images/cabezoteHojaVida.png HTTP/1.1" 200 32493
186.84.90.201 - - [05/Jan/2024:11:47:46 -0500] "GET /appsia/images/logo_bogota_p.png HTTP/1.1" 200 14951
201.245.192.253 - - [05/Jan/2024:11:47:46 -0500] "POST /sipsepre/faces/bienvenido.xhtml HTTP/1.1" 200 5680
186.84.90.201 - - [05/Jan/2024:11:47:46 -0500] "GET /favicon.ico HTTP/1.1" 200 7782
201.245.192.253 - - [05/Jan/2024:11:47:47 -0500] "POST /sipsepre/faces/bienvenido.xhtml HTTP/1.1" 200 48190
201.245.192.253 - - [05/Jan/2024:11:47:47 -0500] "GET /sipsepre/faces/javax.faces.resource/jquery/jquery.js?ln=primefaces&v=4.0 HTTP/1.1" 304 -
201.245.192.253 - - [05/Jan/2024:11:47:47 -0500] "GET /sipsepre/faces/javax.faces.resource/jquery/jquery-plugins.js?ln=primefaces&v=4.0 HTTP/1.1" 304 -
201.245.192.253 - - [05/Jan/2024:11:47:47 -0500] "GET /sipsepre/faces/javax.faces.resource/primefaces.js?ln=primefaces&v=4.0 HTTP/1.1" 304 -
201.245.192.253 - - [05/Jan/2024:11:47:47 -0500] "GET /sipsepre/faces/javax.faces.resource/layout/layout.js?ln=primefaces&v=4.0 HTTP/1.1" 304 -
156.59.198.136 - - [05/Jan/2024:11:47:50 -0500] "GET /BLA/resoluciones/RESOLUCIONES%202010/0167.pdf HTTP/1.0" 200 475026
201.245.192.253 - - [05/Jan/2024:11:47:51 -0500] "POST /sipsepre/faces/presentacion/parametrica/generales/listarGenerales.xhtml HTTP/1.1" 200 24379
201.245.192.253 - - [05/Jan/2024:11:47:51 -0500] "POST /sipsepre/faces/presentacion/parametrica/generales/listarGenerales.xhtml HTTP/1.1" 200 80443
201.245.192.253 - - [05/Jan/2024:11:47:52 -0500] "POST /sipsepre/faces/presentacion/parametrica/generales/listarGenerales.xhtml HTTP/1.1" 200 35911
201.245.192.253 - - [05/Jan/2024:11:47:52 -0500] "GET /sipsepre/faces/javax.faces.resource/jquery/jquery.js?ln=primefaces&v=4.0 HTTP/1.1" 304 -
201.245.192.253 - - [05/Jan/2024:11:47:52 -0500] "GET /sipsepre/faces/javax.faces.resource/jquery/jquery-plugins.js?ln=primefaces&v=4.0 HTTP/1.1" 304 -
201.245.192.253 - - [05/Jan/2024:11:47:52 -0500] "GET /sipsepre/faces/javax.faces.resource/primefaces.js?ln=primefaces&v=4.0 HTTP/1.1" 304 -
201.245.192.253 - - [05/Jan/2024:11:47:52 -0500] "GET /sipsepre/faces/javax.faces.resource/layout/layout.js?ln=primefaces&v=4.0 HTTP/1.1" 304 -
186.84.90.201 - - [05/Jan/2024:11:48:01 -0500] "POST /appsia/controlador HTTP/1.1" 200 5437
201.245.192.253 - - [05/Jan/2024:11:48:02 -0500] "POST /sipsepre/faces/presentacion/parametrica/generales/adminGenerales.xhtml HTTP/1.1" 200 4716
156.59.198.136 - - [05/Jan/2024:11:48:14 -0500] "GET /BLA/resoluciones/RESOLUCIONES%202010/0798.pdf HTTP/1.0" 200 103004
201.245.192.253 - - [05/Jan/2024:11:48:14 -0500] "POST /sipsepre/faces/presentacion/parametrica/generales/adminGenerales.xhtml HTTP/1.1" 200 65276
201.245.192.253 - - [05/Jan/2024:11:48:14 -0500] "GET /sipsepre/faces/javax.faces.resource/jquery/jquery.js?ln=primefaces&v=4.0 HTTP/1.1" 304 -
201.245.192.253 - - [05/Jan/2024:11:48:14 -0500] "GET /sipsepre/faces/javax.faces.resource/jquery/jquery-plugins.js?ln=primefaces&v=4.0 HTTP/1.1" 304 -
201.245.192.253 - - [05/Jan/2024:11:48:14 -0500] "GET /sipsepre/faces/javax.faces.resource/primefaces.js?ln=primefaces&v=4.0 HTTP/1.1" 304 -
201.245.192.253 - - [05/Jan/2024:11:48:14 -0500] "GET /sipsepre/faces/javax.faces.resource/layout/layout.js?ln=primefaces&v=4.0 HTTP/1.1" 304 -
186.84.90.201 - - [05/Jan/2024:11:48:15 -0500] "POST /appsia/controlador HTTP/1.1" 200 7722
186.84.90.201 - - [05/Jan/2024:11:48:15 -0500] "GET /appsia/images/logo_escudo.png HTTP/1.1" 200 36965
201.245.166.34 - - [05/Jan/2024:11:48:16 -0500] "GET /Publicaciones/SSFFS-14162-2023.zip HTTP/1.1" 200 1048958
201.245.192.253 - - [05/Jan/2024:11:48:46 -0500] "POST /kwsrmcab/Wsrmcab  HTTP/1.1" 200 36937
47.128.112.240 - - [05/Jan/2024:11:48:51 -0500] "GET /BLA/resoluciones/index.php?dir=RESOLUCIONES%202004%2FRES%202004%20751-800%2F&order=asc&sort=date HTTP/1.1" 200 12053
47.128.112.240 - - [05/Jan/2024:11:48:52 -0500] "GET /BLA/resoluciones/dlf/unknown.png HTTP/1.1" 200 266
47.128.112.240 - - [05/Jan/2024:11:48:52 -0500] "GET /BLA/resoluciones/dlf/dirup.png HTTP/1.1" 200 644
186.84.90.201 - - [05/Jan/2024:11:48:52 -0500] "POST /appsia/controlador HTTP/1.1" 200 5437
186.84.90.201 - - [05/Jan/2024:11:48:56 -0500] "POST /appsia/controlador HTTP/1.1" 200 3238
186.84.90.201 - - [05/Jan/2024:11:48:56 -0500] "GET /appsia/jscripts/validarSolicitud.js HTTP/1.1" 404 68
186.84.90.201 - - [05/Jan/2024:11:49:01 -0500] "POST /appsia/controlador HTTP/1.1" 200 5437
156.59.198.136 - - [05/Jan/2024:11:49:02 -0500] "GET /BLA/resoluciones/RESOLUCIONES%202010/1383.pdf HTTP/1.0" 200 352088
156.59.198.135 - - [05/Jan/2024:11:49:27 -0500] "GET /BLA/resoluciones/RESOLUCIONES%202010/0639.pdf HTTP/1.0" 200 509113
216.244.66.195 - - [05/Jan/2024:11:49:42 -0500] "GET /robots.txt HTTP/1.1" 404 1018
156.59.198.136 - - [05/Jan/2024:11:49:52 -0500] "GET /BLA/resoluciones/RESOLUCIONES%202010/0184.pdf HTTP/1.0" 200 540168
156.59.198.136 - - [05/Jan/2024:11:50:16 -0500] "GET /BLA/resoluciones/RESOLUCIONES%202010/1215.pdf HTTP/1.0" 200 149884
190.66.240.246 - - [05/Jan/2024:11:50:23 -0500] "GET /appsia/controlador HTTP/1.1" 200 4799
190.66.240.246 - - [05/Jan/2024:11:50:24 -0500] "GET /appsia/css/estilos.css HTTP/1.1" 200 4804
190.66.240.246 - - [05/Jan/2024:11:50:24 -0500] "GET /appsia/scripts/validarIngreso.js HTTP/1.1" 200 851
190.66.240.246 - - [05/Jan/2024:11:50:24 -0500] "GET /appsia/images/logo_bogota_p.png HTTP/1.1" 200 14951
190.66.240.246 - - [05/Jan/2024:11:50:24 -0500] "GET /appsia/images/cabezoteHojaVida.png HTTP/1.1" 200 32493
190.66.240.246 - - [05/Jan/2024:11:50:24 -0500] "GET /favicon.ico HTTP/1.1" 200 7782
172.22.2.4 - - [05/Jan/2024:11:50:36 -0500] "GET /BLA/boletinlegal/admin/usuarios/process.php HTTP/1.1" 302 -
172.22.2.4 - - [05/Jan/2024:11:50:36 -0500] "GET /BLA/boletinlegal/admin/index.php HTTP/1.1" 200 2324
216.245.221.92 - - [05/Jan/2024:11:50:41 -0500] "HEAD / HTTP/1.1" 200 -
156.59.198.135 - - [05/Jan/2024:11:50:41 -0500] "GET /BLA/resoluciones/RESOLUCIONES%202010/0736.pdf HTTP/1.0" 200 150110
156.59.198.135 - - [05/Jan/2024:11:51:05 -0500] "GET /BLA/resoluciones/RESOLUCIONES%202010/0993.pdf HTTP/1.0" 200 117900
172.22.2.4 - - [05/Jan/2024:11:49:38 -0500] "HEAD /BLA/boletinlegal/ HTTP/1.1" 200 -
190.66.240.246 - - [05/Jan/2024:11:51:20 -0500] "POST /appsia/controlador HTTP/1.1" 200 3599
190.66.240.246 - - [05/Jan/2024:11:51:22 -0500] "GET /appsia/jscripts/validarSolicitud.js HTTP/1.1" 404 68
156.59.198.136 - - [05/Jan/2024:11:51:29 -0500] "GET /BLA/resoluciones/RESOLUCIONES%202010/0385.pdf HTTP/1.0" 200 107104
190.66.240.246 - - [05/Jan/2024:11:51:29 -0500] "POST /appsia/controlador HTTP/1.1" 200 4799
201.245.166.34 - - [05/Jan/2024:11:51:33 -0500] "GET /Publicaciones/SSFFS-14960-2023.zip HTTP/1.1" 200 12514445
190.66.240.246 - - [05/Jan/2024:11:51:37 -0500] "POST /appsia/controlador HTTP/1.1" 200 3599
190.66.240.246 - - [05/Jan/2024:11:51:37 -0500] "GET /appsia/jscripts/validarSolicitud.js HTTP/1.1" 404 68
190.66.240.246 - - [05/Jan/2024:11:51:41 -0500] "POST /appsia/controlador HTTP/1.1" 200 4799
156.59.198.135 - - [05/Jan/2024:11:51:53 -0500] "GET /BLA/resoluciones/RESOLUCIONES%202010/0386.pdf HTTP/1.0" 200 108242
172.22.2.4 - - [05/Jan/2024:11:50:29 -0500] "GET /BLA/boletinlegal/ HTTP/1.1" 200 58567
181.78.79.131 - - [05/Jan/2024:11:52:12 -0500] "POST /kwsrmcab/Wsrmcab HTTP/1.1" 200 40648
190.66.240.246 - - [05/Jan/2024:11:52:16 -0500] "POST /appsia/controlador HTTP/1.1" 200 3599
190.66.240.246 - - [05/Jan/2024:11:52:16 -0500] "GET /appsia/jscripts/validarSolicitud.js HTTP/1.1" 404 68
156.59.198.136 - - [05/Jan/2024:11:52:17 -0500] "GET /BLA/resoluciones/RESOLUCIONES%202010/0231.pdf HTTP/1.0" 200 429238
190.66.240.246 - - [05/Jan/2024:11:52:21 -0500] "POST /appsia/controlador HTTP/1.1" 200 4799
186.84.90.201 - - [05/Jan/2024:11:52:26 -0500] "POST /appsia/controlador HTTP/1.1" 200 4799
201.245.192.253 - - [05/Jan/2024:11:52:40 -0500] "POST /sipsepre/faces/presentacion/parametrica/generales/listarGenerales.xhtml HTTP/1.1" 200 911
156.59.198.135 - - [05/Jan/2024:11:52:41 -0500] "GET /BLA/resoluciones/RESOLUCIONES%202010/0135.pdf HTTP/1.0" 200 384244
201.245.192.253 - - [05/Jan/2024:11:52:41 -0500] "GET /sipsepre/faces/faces/faces/faces/faces/autenticacion HTTP/1.1" 302 -
201.245.192.253 - - [05/Jan/2024:11:52:41 -0500] "GET /sipsepre/faces/autenticacion.xhtml HTTP/1.1" 200 12438
201.245.192.253 - - [05/Jan/2024:11:52:41 -0500] "GET /sipsepre/faces/javax.faces.resource/theme.css?ln=primefaces-sipse HTTP/1.1" 304 -
201.245.192.253 - - [05/Jan/2024:11:52:41 -0500] "GET /sipsepre/faces/javax.faces.resource/jquery/jquery-plugins.js?ln=primefaces&v=4.0 HTTP/1.1" 304 -
201.245.192.253 - - [05/Jan/2024:11:52:41 -0500] "GET /sipsepre/faces/javax.faces.resource/jquery/jquery.js?ln=primefaces&v=4.0 HTTP/1.1" 304 -
201.245.192.253 - - [05/Jan/2024:11:52:41 -0500] "GET /sipsepre/faces/javax.faces.resource/layout/layout.js?ln=primefaces&v=4.0 HTTP/1.1" 304 -
201.245.192.253 - - [05/Jan/2024:11:52:41 -0500] "GET /sipsepre/faces/javax.faces.resource/layout/layout.css?ln=primefaces&v=4.0 HTTP/1.1" 200 542
201.245.192.253 - - [05/Jan/2024:11:52:41 -0500] "GET /sipsepre/faces/javax.faces.resource/primefaces.js?ln=primefaces&v=4.0 HTTP/1.1" 304 -
201.245.192.253 - - [05/Jan/2024:11:52:41 -0500] "GET /sipsepre/faces/javax.faces.resource/primefaces.css?ln=primefaces&v=4.0 HTTP/1.1" 200 53325
201.245.192.253 - - [05/Jan/2024:11:52:42 -0500] "GET /sipsepre/faces/javax.faces.resource/images/ui-icons_898989_256x240.png?ln=primefaces-aristo HTTP/1.1" 200 5355
201.245.192.253 - - [05/Jan/2024:11:52:42 -0500] "GET /favicon.ico HTTP/1.1" 200 7782
190.66.240.246 - - [05/Jan/2024:11:52:43 -0500] "POST /appsia/controlador HTTP/1.1" 200 3599
190.66.240.246 - - [05/Jan/2024:11:52:43 -0500] "GET /appsia/jscripts/validarSolicitud.js HTTP/1.1" 404 68
201.245.192.253 - - [05/Jan/2024:11:52:44 -0500] "POST /sipsepre/faces/autenticacion.xhtml HTTP/1.1" 200 12005
201.245.192.253 - - [05/Jan/2024:11:52:44 -0500] "GET /sipsepre/faces/javax.faces.resource/jquery/jquery.js?ln=primefaces&v=4.0 HTTP/1.1" 304 -
201.245.192.253 - - [05/Jan/2024:11:52:44 -0500] "GET /sipsepre/faces/javax.faces.resource/jquery/jquery-plugins.js?ln=primefaces&v=4.0 HTTP/1.1" 304 -
201.245.192.253 - - [05/Jan/2024:11:52:44 -0500] "GET /sipsepre/faces/javax.faces.resource/primefaces.js?ln=primefaces&v=4.0 HTTP/1.1" 304 -
201.245.192.253 - - [05/Jan/2024:11:52:44 -0500] "GET /sipsepre/faces/javax.faces.resource/layout/layout.js?ln=primefaces&v=4.0 HTTP/1.1" 304 -
201.245.192.253 - - [05/Jan/2024:11:52:45 -0500] "GET /sipsepre/faces/javax.faces.resource/messages/messages.png?ln=primefaces&v=4.0 HTTP/1.1" 200 27209
190.66.240.246 - - [05/Jan/2024:11:52:45 -0500] "POST /appsia/controlador HTTP/1.1" 200 4799
201.245.192.253 - - [05/Jan/2024:11:52:47 -0500] "POST /sipsepre/faces/presentacion/sistema/seguridad/seleccionRol.xhtml HTTP/1.1" 200 6409
201.245.192.253 - - [05/Jan/2024:11:52:48 -0500] "POST /sipsepre/faces/presentacion/sistema/seguridad/seleccionRol.xhtml HTTP/1.1" 200 19454
201.245.192.253 - - [05/Jan/2024:11:52:48 -0500] "GET /sipsepre/faces/javax.faces.resource/jquery/jquery.js?ln=primefaces&v=4.0 HTTP/1.1" 304 -
201.245.192.253 - - [05/Jan/2024:11:52:48 -0500] "GET /sipsepre/faces/javax.faces.resource/jquery/jquery-plugins.js?ln=primefaces&v=4.0 HTTP/1.1" 304 -
201.245.192.253 - - [05/Jan/2024:11:52:48 -0500] "GET /sipsepre/faces/javax.faces.resource/primefaces.js?ln=primefaces&v=4.0 HTTP/1.1" 304 -
201.245.192.253 - - [05/Jan/2024:11:52:48 -0500] "GET /sipsepre/faces/javax.faces.resource/layout/layout.js?ln=primefaces&v=4.0 HTTP/1.1" 304 -
201.245.192.253 - - [05/Jan/2024:11:52:50 -0500] "GET /sipsepre/faces/javax.faces.resource/images/ui-bg_flat_0_2d5972_40x100.png?ln=primefaces-aristo HTTP/1.1" 200 183
201.245.192.253 - - [05/Jan/2024:11:52:50 -0500] "POST /sipsepre/faces/bienvenido.xhtml HTTP/1.1" 200 3887
201.245.192.253 - - [05/Jan/2024:11:52:53 -0500] "POST /sipsepre/faces/bienvenido.xhtml HTTP/1.1" 200 8768
201.245.192.253 - - [05/Jan/2024:11:52:54 -0500] "POST /sipsepre/faces/bienvenido.xhtml HTTP/1.1" 200 5680
201.245.192.253 - - [05/Jan/2024:11:52:55 -0500] "POST /sipsepre/faces/bienvenido.xhtml HTTP/1.1" 200 51177
201.245.192.253 - - [05/Jan/2024:11:52:55 -0500] "GET /sipsepre/faces/javax.faces.resource/jquery/jquery.js?ln=primefaces&v=4.0 HTTP/1.1" 304 -
201.245.192.253 - - [05/Jan/2024:11:52:55 -0500] "GET /sipsepre/faces/javax.faces.resource/jquery/jquery-plugins.js?ln=primefaces&v=4.0 HTTP/1.1" 304 -
201.245.192.253 - - [05/Jan/2024:11:52:56 -0500] "GET /sipsepre/faces/javax.faces.resource/primefaces.js?ln=primefaces&v=4.0 HTTP/1.1" 304 -
201.245.192.253 - - [05/Jan/2024:11:52:56 -0500] "GET /sipsepre/faces/javax.faces.resource/layout/layout.js?ln=primefaces&v=4.0 HTTP/1.1" 304 -
201.245.166.34 - - [05/Jan/2024:11:53:04 -0500] "GET /Publicaciones/SSFFS-14963-2023.zip HTTP/1.1" 200 7782985
156.59.198.136 - - [05/Jan/2024:11:53:07 -0500] "GET /BLA/resoluciones/RESOLUCIONES%202010/1663.pdf HTTP/1.0" 200 466823
201.245.192.253 - - [05/Jan/2024:11:53:19 -0500] "POST /sipsepre/faces/presentacion/parametrica/generales/listarGenerales.xhtml HTTP/1.1" 200 24379
201.245.192.253 - - [05/Jan/2024:11:53:19 -0500] "POST /sipsepre/faces/presentacion/parametrica/generales/listarGenerales.xhtml HTTP/1.1" 200 80443
156.59.198.136 - - [05/Jan/2024:11:53:31 -0500] "GET /BLA/resoluciones/RESOLUCIONES%202010/0063.pdf HTTP/1.0" 200 517416
191.156.150.168 - - [05/Jan/2024:11:53:34 -0500] "POST /sipse/faces/presentacion/financiero/solicitudProceso/consultarSolicitudProceso.xhtml HTTP/1.1" 200 52462
69.171.251.13 - - [05/Jan/2024:11:53:38 -0500] "GET /images/caminata-ecologica-octubre.jpeg HTTP/1.1" 200 148357
201.245.192.253 - - [05/Jan/2024:11:53:44 -0500] "POST /kwsrmcab/Wsrmcab  HTTP/1.1" 200 36937
156.59.198.135 - - [05/Jan/2024:11:53:54 -0500] "GET /BLA/resoluciones/RESOLUCIONES%202010/1060.pdf HTTP/1.0" 200 104744
52.167.144.167 - - [05/Jan/2024:11:53:55 -0500] "GET /Publicaciones/2023EE139429.pdf HTTP/1.1" 404 228
201.245.192.253 - - [05/Jan/2024:11:54:02 -0500] "GET /sipse/faces/index.xhtml HTTP/1.1" 200 677
201.245.192.253 - - [05/Jan/2024:11:54:02 -0500] "GET /sipse/faces/javax.faces.resource/theme.css?ln=primefaces-sipse HTTP/1.1" 304 -
201.245.192.253 - - [05/Jan/2024:11:54:02 -0500] "GET /favicon.ico HTTP/1.1" 200 7782
201.245.192.253 - - [05/Jan/2024:11:54:02 -0500] "GET /sipse/faces/faces/autenticacion.xhtml HTTP/1.1" 200 12402
201.245.192.253 - - [05/Jan/2024:11:54:02 -0500] "GET /sipse/js/funciones.js HTTP/1.1" 200 12592
201.245.192.253 - - [05/Jan/2024:11:54:02 -0500] "GET /sipse/faces/javax.faces.resource/primefaces.css?ln=primefaces&v=4.0 HTTP/1.1" 304 -
201.245.192.253 - - [05/Jan/2024:11:54:02 -0500] "GET /sipse/faces/javax.faces.resource/theme.css?ln=primefaces-sipse HTTP/1.1" 304 -
201.245.192.253 - - [05/Jan/2024:11:54:02 -0500] "GET /sipse/js/disable_browser_buttons.js HTTP/1.1" 200 3230
201.245.192.253 - - [05/Jan/2024:11:54:02 -0500] "GET /sipse/faces/javax.faces.resource/layout/layout.css?ln=primefaces&v=4.0 HTTP/1.1" 304 -
201.245.192.253 - - [05/Jan/2024:11:54:02 -0500] "GET /sipse/css/custom_css_sg_prime_login.css HTTP/1.1" 200 443
201.245.192.253 - - [05/Jan/2024:11:54:02 -0500] "GET /sipse/faces/javax.faces.resource/jquery/jquery-plugins.js?ln=primefaces&v=4.0 HTTP/1.1" 304 -
201.245.192.253 - - [05/Jan/2024:11:54:02 -0500] "GET /sipse/css/custom_css_sg.css HTTP/1.1" 200 9694
201.245.192.253 - - [05/Jan/2024:11:54:02 -0500] "GET /sipse/faces/javax.faces.resource/jquery/jquery.js?ln=primefaces&v=4.0 HTTP/1.1" 304 -
201.245.192.253 - - [05/Jan/2024:11:54:02 -0500] "GET /sipse/faces/javax.faces.resource/primefaces.js?ln=primefaces&v=4.0 HTTP/1.1" 304 -
201.245.192.253 - - [05/Jan/2024:11:54:02 -0500] "GET /sipse/faces/javax.faces.resource/layout/layout.js?ln=primefaces&v=4.0 HTTP/1.1" 304 -
201.245.192.253 - - [05/Jan/2024:11:54:02 -0500] "GET /sipse/faces/javax.faces.resource/images/ui-icons_898989_256x240.png?ln=primefaces-aristo HTTP/1.1" 304 -
201.245.192.253 - - [05/Jan/2024:11:54:02 -0500] "GET /sipse/css/imagen/logoSDG.png HTTP/1.1" 200 53064
201.245.192.253 - - [05/Jan/2024:11:54:02 -0500] "GET /sipse/css/imagen/loginimg.png HTTP/1.1" 200 71635
201.245.192.253 - - [05/Jan/2024:11:54:07 -0500] "POST /sipse/faces/autenticacion.xhtml HTTP/1.1" 200 2224
201.245.192.253 - - [05/Jan/2024:11:54:07 -0500] "GET /sipse/faces/javax.faces.resource/messages/messages.png?ln=primefaces&v=4.0 HTTP/1.1" 304 -
201.245.192.253 - - [05/Jan/2024:11:54:08 -0500] "POST /sipse/faces/autenticacion.xhtml HTTP/1.1" 200 16392
201.245.192.253 - - [05/Jan/2024:11:54:08 -0500] "GET /sipse/css/custom_css_sg_prime.css HTTP/1.1" 200 5201
201.245.192.253 - - [05/Jan/2024:11:54:08 -0500] "GET /sipse/faces/javax.faces.resource/theme.css?ln=primefaces-sipse HTTP/1.1" 304 -
201.245.192.253 - - [05/Jan/2024:11:54:08 -0500] "GET /sipse/faces/javax.faces.resource/layout/layout.css?ln=primefaces&v=4.0 HTTP/1.1" 304 -
201.245.192.253 - - [05/Jan/2024:11:54:08 -0500] "GET /sipse/faces/javax.faces.resource/primefaces.css?ln=primefaces&v=4.0 HTTP/1.1" 304 -
201.245.192.253 - - [05/Jan/2024:11:54:08 -0500] "GET /sipse/js/jquery.min.js HTTP/1.1" 200 85582
201.245.192.253 - - [05/Jan/2024:11:54:08 -0500] "GET /sipse/faces/javax.faces.resource/jquery/jquery.js?ln=primefaces&v=4.0 HTTP/1.1" 304 -
201.245.192.253 - - [05/Jan/2024:11:54:08 -0500] "GET /sipse/faces/javax.faces.resource/jquery/jquery-plugins.js?ln=primefaces&v=4.0 HTTP/1.1" 304 -
201.245.192.253 - - [05/Jan/2024:11:54:08 -0500] "GET /sipse/faces/javax.faces.resource/primefaces.js?ln=primefaces&v=4.0 HTTP/1.1" 304 -
201.245.192.253 - - [05/Jan/2024:11:54:08 -0500] "GET /sipse/faces/javax.faces.resource/layout/layout.js?ln=primefaces&v=4.0 HTTP/1.1" 304 -
201.245.192.253 - - [05/Jan/2024:11:54:08 -0500] "GET /sipse/css/v_mergente.css HTTP/1.1" 200 1505
201.245.192.253 - - [05/Jan/2024:11:54:08 -0500] "GET /sipse/css/imagen/contrasena.png HTTP/1.1" 404 383
201.245.192.253 - - [05/Jan/2024:11:54:08 -0500] "GET /sipse/imagenes/cargando.gif HTTP/1.1" 200 36959
201.245.192.253 - - [05/Jan/2024:11:54:08 -0500] "GET /sipse/imagenes/logoAplicacion.jpg HTTP/1.1" 200 155084
191.156.153.107 - - [05/Jan/2024:11:54:10 -0500] "GET /sipse/faces/javax.faces.resource/theme.css?ln=primefaces-sipse HTTP/1.1" 304 -
191.156.154.177 - - [05/Jan/2024:11:54:10 -0500] "GET /sipse/faces/javax.faces.resource/layout/layout.css?ln=primefaces&v=4.0 HTTP/1.1" 304 -
191.156.148.175 - - [05/Jan/2024:11:54:10 -0500] "GET /sipse/faces/javax.faces.resource/primefaces.css?ln=primefaces&v=4.0 HTTP/1.1" 304 -
191.156.148.1 - - [05/Jan/2024:11:54:10 -0500] "GET /sipse/faces/javax.faces.resource/jquery/jquery-plugins.js?ln=primefaces&v=4.0 HTTP/1.1" 304 -
191.156.148.175 - - [05/Jan/2024:11:54:10 -0500] "GET /sipse/faces/javax.faces.resource/jquery/jquery.js?ln=primefaces&v=4.0 HTTP/1.1" 304 -
191.156.152.156 - - [05/Jan/2024:11:54:09 -0500] "POST /sipse/faces/presentacion/financiero/solicitudProceso/consultarSolicitudProceso.xhtml HTTP/1.1" 200 59184
191.156.153.107 - - [05/Jan/2024:11:54:10 -0500] "GET /sipse/faces/javax.faces.resource/primefaces.js?ln=primefaces&v=4.0 HTTP/1.1" 304 -
191.156.148.175 - - [05/Jan/2024:11:54:10 -0500] "GET /sipse/faces/javax.faces.resource/layout/layout.js?ln=primefaces&v=4.0 HTTP/1.1" 304 -
191.156.154.177 - - [05/Jan/2024:11:54:10 -0500] "GET /sipse/faces/javax.faces.resource/images/ui-icons_898989_256x240.png?ln=primefaces-aristo HTTP/1.1" 304 -
191.156.148.175 - - [05/Jan/2024:11:54:10 -0500] "GET /sipse/faces/javax.faces.resource/images/ui-bg_flat_0_2d5972_40x100.png?ln=primefaces-aristo HTTP/1.1" 304 -
191.156.148.1 - - [05/Jan/2024:11:54:10 -0500] "POST /sipse/faces/presentacion/financiero/solicitudProceso/listarSolicitudProceso.xhtml HTTP/1.1" 200 1536
191.156.148.1 - - [05/Jan/2024:11:54:10 -0500] "POST /sipse/faces/presentacion/financiero/solicitudProceso/listarSolicitudProceso.xhtml HTTP/1.1" 200 1544
191.156.152.156 - - [05/Jan/2024:11:54:14 -0500] "POST /sipse/faces/presentacion/financiero/solicitudProceso/listarSolicitudProceso.xhtml HTTP/1.1" 200 121310
191.156.148.1 - - [05/Jan/2024:11:54:15 -0500] "GET /sipse/faces/javax.faces.resource/jquery/jquery.js?ln=primefaces&v=4.0 HTTP/1.1" 304 -
191.156.148.1 - - [05/Jan/2024:11:54:15 -0500] "GET /sipse/faces/javax.faces.resource/jquery/jquery-plugins.js?ln=primefaces&v=4.0 HTTP/1.1" 304 -
191.156.148.1 - - [05/Jan/2024:11:54:15 -0500] "GET /sipse/faces/javax.faces.resource/primefaces.js?ln=primefaces&v=4.0 HTTP/1.1" 304 -
191.156.148.1 - - [05/Jan/2024:11:54:15 -0500] "GET /sipse/faces/javax.faces.resource/layout/layout.js?ln=primefaces&v=4.0 HTTP/1.1" 304 -
201.245.192.253 - - [05/Jan/2024:11:54:15 -0500] "GET /sipse/faces/javax.faces.resource/images/ui-bg_flat_0_2d5972_40x100.png?ln=primefaces-aristo HTTP/1.1" 304 -
201.245.192.253 - - [05/Jan/2024:11:54:15 -0500] "POST /sipse/faces/bienvenido.xhtml HTTP/1.1" 200 2073
201.245.192.253 - - [05/Jan/2024:11:54:16 -0500] "POST /sipse/faces/bienvenido.xhtml HTTP/1.1" 200 39019
201.245.192.253 - - [05/Jan/2024:11:54:17 -0500] "GET /sipse/faces/javax.faces.resource/theme.css?ln=primefaces-sipse HTTP/1.1" 304 -
201.245.192.253 - - [05/Jan/2024:11:54:17 -0500] "GET /sipse/faces/javax.faces.resource/layout/layout.css?ln=primefaces&v=4.0 HTTP/1.1" 304 -
201.245.192.253 - - [05/Jan/2024:11:54:17 -0500] "GET /sipse/faces/javax.faces.resource/primefaces.css?ln=primefaces&v=4.0 HTTP/1.1" 304 -
201.245.192.253 - - [05/Jan/2024:11:54:17 -0500] "GET /sipse/faces/javax.faces.resource/jquery/jquery.js?ln=primefaces&v=4.0 HTTP/1.1" 304 -
201.245.192.253 - - [05/Jan/2024:11:54:17 -0500] "GET /sipse/faces/javax.faces.resource/jquery/jquery-plugins.js?ln=primefaces&v=4.0 HTTP/1.1" 304 -
201.245.192.253 - - [05/Jan/2024:11:54:17 -0500] "GET /sipse/faces/javax.faces.resource/primefaces.js?ln=primefaces&v=4.0 HTTP/1.1" 304 -
201.245.192.253 - - [05/Jan/2024:11:54:17 -0500] "GET /sipse/faces/javax.faces.resource/layout/layout.js?ln=primefaces&v=4.0 HTTP/1.1" 304 -
156.59.198.135 - - [05/Jan/2024:11:54:20 -0500] "GET /BLA/resoluciones/RESOLUCIONES%202010/1069.pdf HTTP/1.0" 200 115972
201.245.192.253 - - [05/Jan/2024:11:54:21 -0500] "POST /sipse/faces/presentacion/financiero/solicitudProceso/consultar.xhtml HTTP/1.1" 200 12809
191.156.148.1 - - [05/Jan/2024:11:54:24 -0500] "GET /sipse/faces/javax.faces.resource/theme.css?ln=primefaces-sipse HTTP/1.1" 304 -
191.156.153.107 - - [05/Jan/2024:11:54:24 -0500] "GET /sipse/faces/javax.faces.resource/primefaces.css?ln=primefaces&v=4.0 HTTP/1.1" 304 -
191.156.148.175 - - [05/Jan/2024:11:54:24 -0500] "GET /sipse/faces/javax.faces.resource/layout/layout.css?ln=primefaces&v=4.0 HTTP/1.1" 304 -
191.156.154.177 - - [05/Jan/2024:11:54:24 -0500] "GET /sipse/faces/javax.faces.resource/jquery/jquery.js?ln=primefaces&v=4.0 HTTP/1.1" 304 -
191.156.148.175 - - [05/Jan/2024:11:54:24 -0500] "GET /sipse/faces/javax.faces.resource/jquery/jquery-plugins.js?ln=primefaces&v=4.0 HTTP/1.1" 304 -
191.156.148.1 - - [05/Jan/2024:11:54:24 -0500] "GET /sipse/faces/javax.faces.resource/layout/layout.js?ln=primefaces&v=4.0 HTTP/1.1" 304 -
191.156.153.107 - - [05/Jan/2024:11:54:24 -0500] "GET /sipse/faces/javax.faces.resource/primefaces.js?ln=primefaces&v=4.0 HTTP/1.1" 304 -
201.245.192.253 - - [05/Jan/2024:11:54:24 -0500] "POST /sipse/faces/presentacion/financiero/solicitudProceso/consultar.xhtml HTTP/1.1" 200 165223
191.156.152.156 - - [05/Jan/2024:11:54:23 -0500] "POST /sipse/faces/presentacion/financiero/solicitudProceso/consultarSolicitudProceso.xhtml HTTP/1.1" 200 59184
201.245.192.253 - - [05/Jan/2024:11:54:24 -0500] "GET /sipse/faces/javax.faces.resource/theme.css?ln=primefaces-sipse HTTP/1.1" 304 -
201.245.192.253 - - [05/Jan/2024:11:54:24 -0500] "GET /sipse/faces/javax.faces.resource/layout/layout.css?ln=primefaces&v=4.0 HTTP/1.1" 304 -
201.245.192.253 - - [05/Jan/2024:11:54:24 -0500] "GET /sipse/faces/javax.faces.resource/primefaces.css?ln=primefaces&v=4.0 HTTP/1.1" 304 -
201.245.192.253 - - [05/Jan/2024:11:54:24 -0500] "GET /sipse/faces/javax.faces.resource/jquery/jquery.js?ln=primefaces&v=4.0 HTTP/1.1" 304 -
201.245.192.253 - - [05/Jan/2024:11:54:24 -0500] "GET /sipse/faces/javax.faces.resource/jquery/jquery-plugins.js?ln=primefaces&v=4.0 HTTP/1.1" 304 -
201.245.192.253 - - [05/Jan/2024:11:54:24 -0500] "GET /sipse/faces/javax.faces.resource/primefaces.js?ln=primefaces&v=4.0 HTTP/1.1" 304 -
191.156.148.1 - - [05/Jan/2024:11:54:24 -0500] "GET /sipse/faces/javax.faces.resource/images/ui-icons_898989_256x240.png?ln=primefaces-aristo HTTP/1.1" 304 -
201.245.192.253 - - [05/Jan/2024:11:54:24 -0500] "GET /sipse/faces/javax.faces.resource/layout/layout.js?ln=primefaces&v=4.0 HTTP/1.1" 304 -
191.156.148.1 - - [05/Jan/2024:11:54:24 -0500] "GET /sipse/faces/javax.faces.resource/images/ui-bg_flat_0_2d5972_40x100.png?ln=primefaces-aristo HTTP/1.1" 304 -
191.156.148.175 - - [05/Jan/2024:11:54:24 -0500] "POST /sipse/faces/presentacion/financiero/solicitudProceso/listarSolicitudProceso.xhtml HTTP/1.1" 200 1536
191.156.148.1 - - [05/Jan/2024:11:54:24 -0500] "POST /sipse/faces/presentacion/financiero/solicitudProceso/listarSolicitudProceso.xhtml HTTP/1.1" 200 1544
191.156.152.156 - - [05/Jan/2024:11:54:28 -0500] "POST /sipse/faces/presentacion/financiero/solicitudProceso/listarSolicitudProceso.xhtml HTTP/1.1" 200 112038
191.156.148.1 - - [05/Jan/2024:11:54:29 -0500] "GET /sipse/faces/javax.faces.resource/jquery/jquery.js?ln=primefaces&v=4.0 HTTP/1.1" 304 -
191.156.148.1 - - [05/Jan/2024:11:54:29 -0500] "GET /sipse/faces/javax.faces.resource/jquery/jquery-plugins.js?ln=primefaces&v=4.0 HTTP/1.1" 304 -
191.156.148.1 - - [05/Jan/2024:11:54:29 -0500] "GET /sipse/faces/javax.faces.resource/primefaces.js?ln=primefaces&v=4.0 HTTP/1.1" 304 -
191.156.148.1 - - [05/Jan/2024:11:54:29 -0500] "GET /sipse/faces/javax.faces.resource/layout/layout.js?ln=primefaces&v=4.0 HTTP/1.1" 304 -
201.245.192.253 - - [05/Jan/2024:11:54:35 -0500] "POST /sipse/faces/presentacion/financiero/solicitudProceso/consultarSolicitudProceso.xhtml HTTP/1.1" 200 231406
156.59.198.136 - - [05/Jan/2024:11:54:44 -0500] "GET /BLA/resoluciones/RESOLUCIONES%202010/1536.pdf HTTP/1.0" 200 462814
201.245.192.253 - - [05/Jan/2024:11:54:47 -0500] "POST /sipse/faces/presentacion/financiero/solicitudProceso/consultarSolicitudProceso.xhtml HTTP/1.1" 200 231406
47.128.109.27 - - [05/Jan/2024:11:55:09 -0500] "GET /robots.txt HTTP/1.1" 404 1018
191.156.148.1 - - [05/Jan/2024:11:55:29 -0500] "POST /sipse/faces/presentacion/financiero/solicitudProceso/consultarSolicitudProceso.xhtml HTTP/1.1" 200 53558
156.59.198.136 - - [05/Jan/2024:11:55:32 -0500] "GET /BLA/resoluciones/RESOLUCIONES%202010/1000.pdf HTTP/1.0" 200 100966
216.245.221.92 - - [05/Jan/2024:11:55:41 -0500] "HEAD / HTTP/1.1" 200 -
191.156.154.25 - - [05/Jan/2024:11:55:27 -0500] "POST /sipse/faces/presentacion/financiero/solicitudProceso/consultarSolicitudProceso.xhtml HTTP/1.1" 200 2048655
190.66.240.246 - - [05/Jan/2024:11:55:46 -0500] "POST /appsia/controlador HTTP/1.1" 200 3599
190.66.240.246 - - [05/Jan/2024:11:55:46 -0500] "GET /appsia/jscripts/validarSolicitud.js HTTP/1.1" 404 68
190.66.240.246 - - [05/Jan/2024:11:55:53 -0500] "POST /appsia/controlador HTTP/1.1" 200 4799
156.59.198.136 - - [05/Jan/2024:11:55:57 -0500] "GET /BLA/resoluciones/RESOLUCIONES%202010/1373.pdf HTTP/1.0" 200 358608
156.59.198.135 - - [05/Jan/2024:11:56:21 -0500] "GET /BLA/resoluciones/RESOLUCIONES%202010/1127.pdf HTTP/1.0" 200 105940
52.167.144.25 - - [05/Jan/2024:11:56:31 -0500] "GET /BLA/resoluciones/AUTOS%202020/2150.pdf HTTP/1.1" 200 600960
52.167.144.185 - - [05/Jan/2024:11:56:45 -0500] "GET /BLA/resoluciones/AUTOS%202020/4486.pdf HTTP/1.1" 200 406580
156.59.198.136 - - [05/Jan/2024:11:56:46 -0500] "GET /BLA/resoluciones/RESOLUCIONES%202010/1648.pdf HTTP/1.0" 200 433775
172.22.2.4 - - [05/Jan/2024:11:55:28 -0500] "HEAD /BLA/boletinlegal/ HTTP/1.1" 200 -
156.59.198.135 - - [05/Jan/2024:11:57:10 -0500] "GET /BLA/resoluciones/RESOLUCIONES%202010/0710.pdf HTTP/1.0" 200 103584
172.22.2.4 - - [05/Jan/2024:11:56:34 -0500] "GET /BLA/boletinlegal/ HTTP/1.1" 200 20427
156.59.198.135 - - [05/Jan/2024:11:57:35 -0500] "GET /BLA/resoluciones/RESOLUCIONES%202010/0906.pdf HTTP/1.0" 200 141118
191.156.154.177 - - [05/Jan/2024:11:57:51 -0500] "GET /sipse/faces/javax.faces.resource/theme.css?ln=primefaces-sipse HTTP/1.1" 304 -
191.156.154.177 - - [05/Jan/2024:11:57:51 -0500] "GET /sipse/faces/javax.faces.resource/primefaces.css?ln=primefaces&v=4.0 HTTP/1.1" 304 -
191.156.148.175 - - [05/Jan/2024:11:57:51 -0500] "POST /sipse/faces/presentacion/financiero/solicitudProceso/consultarSolicitudProceso.xhtml HTTP/1.1" 200 59184
191.156.154.177 - - [05/Jan/2024:11:57:51 -0500] "GET /sipse/faces/javax.faces.resource/layout/layout.css?ln=primefaces&v=4.0 HTTP/1.1" 304 -
191.156.154.177 - - [05/Jan/2024:11:57:51 -0500] "GET /sipse/faces/javax.faces.resource/jquery/jquery.js?ln=primefaces&v=4.0 HTTP/1.1" 304 -
191.156.153.107 - - [05/Jan/2024:11:57:51 -0500] "GET /sipse/faces/javax.faces.resource/jquery/jquery-plugins.js?ln=primefaces&v=4.0 HTTP/1.1" 304 -
191.156.154.25 - - [05/Jan/2024:11:57:51 -0500] "GET /sipse/faces/javax.faces.resource/primefaces.js?ln=primefaces&v=4.0 HTTP/1.1" 304 -
191.156.150.168 - - [05/Jan/2024:11:57:51 -0500] "GET /sipse/faces/javax.faces.resource/layout/layout.js?ln=primefaces&v=4.0 HTTP/1.1" 304 -
191.156.154.177 - - [05/Jan/2024:11:57:52 -0500] "GET /sipse/faces/javax.faces.resource/images/ui-icons_898989_256x240.png?ln=primefaces-aristo HTTP/1.1" 304 -
191.156.154.177 - - [05/Jan/2024:11:57:52 -0500] "GET /sipse/faces/javax.faces.resource/images/ui-bg_flat_0_2d5972_40x100.png?ln=primefaces-aristo HTTP/1.1" 304 -
191.156.154.25 - - [05/Jan/2024:11:57:52 -0500] "POST /sipse/faces/presentacion/financiero/solicitudProceso/listarSolicitudProceso.xhtml HTTP/1.1" 200 1536
191.156.154.25 - - [05/Jan/2024:11:57:52 -0500] "POST /sipse/faces/presentacion/financiero/solicitudProceso/listarSolicitudProceso.xhtml HTTP/1.1" 200 1544
156.59.198.135 - - [05/Jan/2024:11:57:59 -0500] "GET /BLA/resoluciones/RESOLUCIONES%202010/1261.pdf HTTP/1.0" 200 101244
172.22.2.4 - - [05/Jan/2024:11:56:19 -0500] "GET /BLA/boletinlegal/ HTTP/1.1" 200 53513
191.156.148.175 - - [05/Jan/2024:11:58:00 -0500] "POST /sipse/faces/presentacion/financiero/solicitudProceso/listarSolicitudProceso.xhtml HTTP/1.1" 200 132854
191.156.154.25 - - [05/Jan/2024:11:58:01 -0500] "GET /sipse/faces/javax.faces.resource/jquery/jquery.js?ln=primefaces&v=4.0 HTTP/1.1" 304 -
191.156.154.25 - - [05/Jan/2024:11:58:01 -0500] "GET /sipse/faces/javax.faces.resource/jquery/jquery-plugins.js?ln=primefaces&v=4.0 HTTP/1.1" 304 -
191.156.154.25 - - [05/Jan/2024:11:58:01 -0500] "GET /sipse/faces/javax.faces.resource/primefaces.js?ln=primefaces&v=4.0 HTTP/1.1" 304 -
191.156.154.25 - - [05/Jan/2024:11:58:01 -0500] "GET /sipse/faces/javax.faces.resource/layout/layout.js?ln=primefaces&v=4.0 HTTP/1.1" 304 -
191.156.148.175 - - [05/Jan/2024:11:58:14 -0500] "POST /sipse/faces/presentacion/financiero/solicitudProceso/consultarSolicitudProceso.xhtml HTTP/1.1" 200 45988
156.59.198.136 - - [05/Jan/2024:11:58:23 -0500] "GET /BLA/resoluciones/RESOLUCIONES%202010/0101.pdf HTTP/1.0" 200 504653
66.249.66.21 - - [05/Jan/2024:11:58:32 -0500] "GET /BLA/resoluciones/RESOLUCIONES%202012/1132.pdf HTTP/1.1" 200 363833
201.245.192.253 - - [05/Jan/2024:11:58:44 -0500] "GET /appsia/controlador HTTP/1.1" 200 4799
201.245.192.253 - - [05/Jan/2024:11:58:44 -0500] "GET /appsia/css/estilos.css HTTP/1.1" 200 4804
201.245.192.253 - - [05/Jan/2024:11:58:44 -0500] "GET /appsia/scripts/validarIngreso.js HTTP/1.1" 200 851
201.245.192.253 - - [05/Jan/2024:11:58:44 -0500] "GET /appsia/images/cabezoteHojaVida.png HTTP/1.1" 200 32493
201.245.192.253 - - [05/Jan/2024:11:58:44 -0500] "GET /appsia/images/logo_bogota_p.png HTTP/1.1" 200 14951
201.245.192.253 - - [05/Jan/2024:11:58:44 -0500] "GET /favicon.ico HTTP/1.1" 200 7782
201.245.192.253 - - [05/Jan/2024:11:58:43 -0500] "POST /kwsrmcab/Wsrmcab  HTTP/1.1" 200 36937
156.59.198.135 - - [05/Jan/2024:11:58:48 -0500] "GET /BLA/resoluciones/RESOLUCIONES%202010/0019.pdf HTTP/1.0" 200 400479
201.245.192.253 - - [05/Jan/2024:11:59:08 -0500] "POST /appsia/controlador HTTP/1.1" 200 5437
156.59.198.136 - - [05/Jan/2024:11:59:14 -0500] "GET /BLA/resoluciones/RESOLUCIONES%202010/1140.pdf HTTP/1.0" 200 111930
201.245.192.253 - - [05/Jan/2024:11:59:17 -0500] "POST /appsia/controlador HTTP/1.1" 200 7730
201.245.192.253 - - [05/Jan/2024:11:59:17 -0500] "GET /appsia/images/logo_escudo.png HTTP/1.1" 200 36965
201.245.192.253 - - [05/Jan/2024:11:59:18 -0500] "GET /sipse/faces/index.xhtml HTTP/1.1" 200 677
201.245.192.253 - - [05/Jan/2024:11:59:18 -0500] "GET /sipse/faces/javax.faces.resource/theme.css?ln=primefaces-sipse HTTP/1.1" 304 -
201.245.192.253 - - [05/Jan/2024:11:59:18 -0500] "GET /sipse/faces/faces/autenticacion.xhtml HTTP/1.1" 200 12408
201.245.192.253 - - [05/Jan/2024:11:59:18 -0500] "GET /sipse/faces/javax.faces.resource/theme.css?ln=primefaces-sipse HTTP/1.1" 304 -
201.245.192.253 - - [05/Jan/2024:11:59:18 -0500] "GET /sipse/faces/javax.faces.resource/primefaces.css?ln=primefaces&v=4.0 HTTP/1.1" 304 -
201.245.192.253 - - [05/Jan/2024:11:59:18 -0500] "GET /sipse/faces/javax.faces.resource/layout/layout.css?ln=primefaces&v=4.0 HTTP/1.1" 304 -
201.245.192.253 - - [05/Jan/2024:11:59:18 -0500] "GET /sipse/faces/javax.faces.resource/jquery/jquery.js?ln=primefaces&v=4.0 HTTP/1.1" 304 -
201.245.192.253 - - [05/Jan/2024:11:59:18 -0500] "GET /sipse/faces/javax.faces.resource/primefaces.js?ln=primefaces&v=4.0 HTTP/1.1" 304 -
201.245.192.253 - - [05/Jan/2024:11:59:18 -0500] "GET /sipse/faces/javax.faces.resource/jquery/jquery-plugins.js?ln=primefaces&v=4.0 HTTP/1.1" 304 -
201.245.192.253 - - [05/Jan/2024:11:59:18 -0500] "GET /sipse/faces/javax.faces.resource/layout/layout.js?ln=primefaces&v=4.0 HTTP/1.1" 304 -
201.245.192.253 - - [05/Jan/2024:11:59:18 -0500] "GET /sipse/faces/javax.faces.resource/images/ui-icons_898989_256x240.png?ln=primefaces-aristo HTTP/1.1" 304 -
