!C99Shell v. 1.0 pre-release build #13!

Software: Apache. PHP/5.5.15 

uname -a: Windows NT SVR-DMZ 6.1 build 7600 (Windows Server 2008 R2 Enterprise Edition) i586 

SYSTEM 

Safe-mode: OFF (not secure)

E:\nuevo\apache\logs\   drwxrwxrwx
Free 9.41 GB of 239.26 GB (3.93%)
Detected drives: [ a ] [ c ] [ d ] [ e ] [ f ]
Home    Back    Forward    UPDIR    Refresh    Search    Buffer    Encoder    Tools    Proc.    FTP brute    Sec.    SQL    PHP-code    Update    Feedback    Self remove    Logout    


Viewing file:     access.2024.01.05.log (4.01 MB)      -rw-rw-rw-
Select action/file-type:
(+) | (+) | (+) | Code (+) | Session (+) | (+) | SDB (+) | (+) | (+) | (+) | (+) | (+) |
156.59.198.135 - - [05/Jan/2024:00:00:05 -0500] "GET /BLA/resoluciones/RESOLUCIONES%202014/1870.pdf HTTP/1.0" 200 362051
172.22.2.4 - - [04/Jan/2024:23:58:47 -0500] "GET /BLA/boletinlegal/ HTTP/1.1" 200 60910
156.59.198.135 - - [05/Jan/2024:00:00:27 -0500] "GET /BLA/resoluciones/AUTOS%202008/0319.pdf HTTP/1.0" 200 110557
216.245.221.92 - - [05/Jan/2024:00:00:43 -0500] "HEAD / HTTP/1.1" 200 -
156.59.198.135 - - [05/Jan/2024:00:00:51 -0500] "GET /BLA/resoluciones/AUTOS%202017/3531.pdf HTTP/1.0" 200 269785
103.38.182.146 - - [05/Jan/2024:00:01:13 -0500] "GET / HTTP/1.1" 200 319
156.59.198.135 - - [05/Jan/2024:00:01:15 -0500] "GET /BLA/resoluciones/AUTOS%202017/2356.pdf HTTP/1.0" 200 263978
139.59.166.225 - - [05/Jan/2024:00:01:19 -0500] "\x16\x03\x01\x01\xfd\x01" 400 226
156.59.198.135 - - [05/Jan/2024:00:01:40 -0500] "GET /BLA/resoluciones/RESOLUCIONES%202007/RES%202007%202201%20AL%202300/RESOLUCION%202242%20DE%202007.pdf HTTP/1.0" 200 371594
201.245.192.253 - - [05/Jan/2024:00:01:59 -0500] "POST /kwsrmcab/Wsrmcab  HTTP/1.1" 200 36937
156.59.198.135 - - [05/Jan/2024:00:02:05 -0500] "GET /BLA/resoluciones/RESOLUCIONES%202014/3305.pdf HTTP/1.0" 200 622779
156.59.198.135 - - [05/Jan/2024:00:02:28 -0500] "GET /BLA/resoluciones/RESOLUCIONES%202007/RES%202007%203001%20AL%203100/RESOLUCION%203014%20DE%202007.pdf HTTP/1.0" 200 1170012
156.59.198.135 - - [05/Jan/2024:00:02:52 -0500] "GET /BLA/resoluciones/RESOLUCIONES%202001/1338.pdf HTTP/1.0" 200 279591
156.59.198.135 - - [05/Jan/2024:00:03:18 -0500] "GET /BLA/resoluciones/AUTOS%202017/2843.pdf HTTP/1.0" 200 422888
156.59.198.135 - - [05/Jan/2024:00:03:42 -0500] "GET /BLA/resoluciones/AUTOS%202017/3960.pdf HTTP/1.0" 200 250030
156.59.198.135 - - [05/Jan/2024:00:04:07 -0500] "GET /BLA/resoluciones/AUTOS%202008/1277.pdf HTTP/1.0" 200 71839
156.59.198.136 - - [05/Jan/2024:00:04:31 -0500] "GET /BLA/resoluciones/AUTOS%202017/0577.pdf HTTP/1.0" 200 650288
156.59.198.136 - - [05/Jan/2024:00:04:55 -0500] "GET /BLA/resoluciones/AUTOS%202017/2473.pdf HTTP/1.0" 200 283418
156.59.198.136 - - [05/Jan/2024:00:05:20 -0500] "GET /BLA/resoluciones/AUTOS%202008/1063.pdf HTTP/1.0" 200 272435
23.26.220.28 - - [05/Jan/2024:00:05:24 -0500] "GET / HTTP/1.1" 200 319
172.22.2.4 - - [05/Jan/2024:00:03:46 -0500] "HEAD /BLA/boletinlegal/ HTTP/1.1" 200 -
216.245.221.92 - - [05/Jan/2024:00:05:43 -0500] "HEAD / HTTP/1.1" 200 -
156.59.198.136 - - [05/Jan/2024:00:05:44 -0500] "GET /BLA/resoluciones/AUTOS%202017/1466.pdf HTTP/1.0" 200 303637
156.59.198.136 - - [05/Jan/2024:00:06:09 -0500] "GET /BLA/resoluciones/RESOLUCIONES%202007/RES%202007%202201%20AL%202300/RESOLUCION%202298%20DE%202007.pdf HTTP/1.0" 200 372708
172.22.2.4 - - [05/Jan/2024:00:04:37 -0500] "GET /BLA/boletinlegal/ HTTP/1.1" 200 58969
156.59.198.135 - - [05/Jan/2024:00:06:33 -0500] "GET /BLA/resoluciones/RESOLUCIONES%202007/RES%202007%202201%20AL%202300/RESOLUCION%202212%20%20%20DE%202007.pdf HTTP/1.0" 200 120222
156.59.198.135 - - [05/Jan/2024:00:06:57 -0500] "GET /BLA/resoluciones/RESOLUCIONES%202007/RES%202007%202201%20AL%202300/RESOLUCION%202300%20DE%202007.pdf HTTP/1.0" 200 366034
201.245.192.253 - - [05/Jan/2024:00:06:57 -0500] "POST /kwsrmcab/Wsrmcab  HTTP/1.1" 200 36937
156.59.198.136 - - [05/Jan/2024:00:07:23 -0500] "GET /BLA/resoluciones/RESOLUCIONES%202007/RES%202007%202201%20AL%202300/RESOLUCION%202297%20DE%202007.pdf HTTP/1.0" 200 344654
156.59.198.136 - - [05/Jan/2024:00:07:48 -0500] "GET /BLA/resoluciones/RESOLUCIONES%202007/RES%202007%202201%20AL%202300/RESOLUCION%202262%20DE%202007.pdf HTTP/1.0" 200 341787
156.59.198.136 - - [05/Jan/2024:00:08:13 -0500] "GET /BLA/resoluciones/RESOLUCIONES%202007/RES%202007%202201%20AL%202300/RESOLUCION%202231%20DE%202007.pdf HTTP/1.0" 200 706260
156.59.198.136 - - [05/Jan/2024:00:08:35 -0500] "GET /BLA/resoluciones/RESOLUCIONES%202007/RES%202007%202201%20AL%202300/RESOLUCION%202260%20%20DE%202007.pdf HTTP/1.0" 200 621914
168.119.252.253 - - [05/Jan/2024:00:08:47 -0500] "GET / HTTP/1.1" 200 319
168.119.252.253 - - [05/Jan/2024:00:08:49 -0500] "GET / HTTP/1.1" 200 4720
156.59.198.136 - - [05/Jan/2024:00:09:01 -0500] "GET /BLA/resoluciones/RESOLUCIONES%202007/RES%202007%202201%20AL%202300/RESOLUCION%202217%20DE%202007.pdf HTTP/1.0" 200 579425
156.59.198.136 - - [05/Jan/2024:00:09:24 -0500] "GET /BLA/resoluciones/RESOLUCIONES%202007/RES%202007%202201%20AL%202300/RESOLUCION%202218%20DE%202007.pdf HTTP/1.0" 200 802192
156.59.198.136 - - [05/Jan/2024:00:09:50 -0500] "GET /BLA/resoluciones/RESOLUCIONES%202007/RES%202007%202201%20AL%202300/RESOLUCION%202229%20DE%202007.pdf HTTP/1.0" 200 53496
156.59.198.135 - - [05/Jan/2024:00:10:15 -0500] "GET /BLA/resoluciones/RESOLUCIONES%202007/RES%202007%202201%20AL%202300/RESOLUCION%202239%20DE%202007.pdf HTTP/1.0" 200 472254
156.59.198.136 - - [05/Jan/2024:00:10:39 -0500] "GET /BLA/resoluciones/RESOLUCIONES%202007/RES%202007%202201%20AL%202300/RESOLUCION%202278%20DE%202007.pdf HTTP/1.0" 200 27301
216.245.221.92 - - [05/Jan/2024:00:10:43 -0500] "HEAD / HTTP/1.1" 200 -
156.59.198.135 - - [05/Jan/2024:00:11:04 -0500] "GET /BLA/resoluciones/RESOLUCIONES%202007/RES%202007%202201%20AL%202300/RESOLUCION%202261%20DE%202007.pdf HTTP/1.0" 200 681143
172.22.2.4 - - [05/Jan/2024:00:09:36 -0500] "HEAD /BLA/boletinlegal/ HTTP/1.1" 200 -
156.59.198.135 - - [05/Jan/2024:00:11:37 -0500] "GET /BLA/resoluciones/RESOLUCIONES%202007/RES%202007%202201%20AL%202300/RESOLUCION%202299%20%20DE%202007.pdf HTTP/1.0" 200 1002388
156.59.198.135 - - [05/Jan/2024:00:11:53 -0500] "GET /BLA/resoluciones/RESOLUCIONES%202007/RES%202007%202201%20AL%202300/RESOLUCION%202291%20DE%202007.pdf HTTP/1.0" 200 751119
201.245.192.253 - - [05/Jan/2024:00:11:57 -0500] "POST /kwsrmcab/Wsrmcab  HTTP/1.1" 200 36937
52.167.144.226 - - [05/Jan/2024:00:12:05 -0500] "GET /BLA/resoluciones/AUTOS%202020/4592.pdf HTTP/1.1" 200 358344
172.22.2.4 - - [05/Jan/2024:00:10:27 -0500] "GET /BLA/boletinlegal/ HTTP/1.1" 200 58567
66.249.66.21 - - [05/Jan/2024:00:12:13 -0500] "GET /BLA/resoluciones/RESOLUCIONES%202011/3344.pdf HTTP/1.1" 200 761402
156.59.198.136 - - [05/Jan/2024:00:12:20 -0500] "GET /BLA/resoluciones/RESOLUCIONES%202007/RES%202007%202201%20AL%202300/RESOLUCION%202296%20DE%202007.pdf HTTP/1.0" 200 356136
156.59.198.136 - - [05/Jan/2024:00:12:41 -0500] "GET /BLA/resoluciones/RESOLUCIONES%202007/RES%202007%202201%20AL%202300/RESOLUCION%202279%20DE%202007.pdf HTTP/1.0" 200 987219
156.59.198.135 - - [05/Jan/2024:00:13:05 -0500] "GET /BLA/resoluciones/RESOLUCIONES%202007/RES%202007%202201%20AL%202300/RESOLUCION%202232%20DE%202007.pdf HTTP/1.0" 200 654848
156.59.198.135 - - [05/Jan/2024:00:13:29 -0500] "GET /BLA/resoluciones/RESOLUCIONES%202007/RES%202007%202201%20AL%202300/RESOLUCION%202284%20DE%202007.pdf HTTP/1.0" 200 688079
156.59.198.136 - - [05/Jan/2024:00:13:55 -0500] "GET /BLA/resoluciones/RESOLUCIONES%202007/RES%202007%202201%20AL%202300/RESOLUCION%202266%20DE%202007.pdf HTTP/1.0" 200 962575
40.77.167.13 - - [05/Jan/2024:00:14:17 -0500] "GET /BLA/resoluciones/AUTOS%202020/0042.pdf HTTP/1.1" 200 407713
156.59.198.136 - - [05/Jan/2024:00:14:19 -0500] "GET /BLA/resoluciones/RESOLUCIONES%202007/RES%202007%202201%20AL%202300/RESOLUCION%202275%20DE%202007.pdf HTTP/1.0" 200 26487
40.77.55.191 - - [05/Jan/2024:00:14:26 -0500] "GET /robots.txt HTTP/1.1" 404 1035
156.59.198.135 - - [05/Jan/2024:00:14:43 -0500] "GET /BLA/resoluciones/RESOLUCIONES%202007/RES%202007%202201%20AL%202300/RESOLUCION%202285%20DE%202007.pdf HTTP/1.0" 200 671418
47.128.120.155 - - [05/Jan/2024:00:15:09 -0500] "GET /BLA/resoluciones/dlf/dirup.png HTTP/1.1" 200 644
47.128.120.155 - - [05/Jan/2024:00:15:09 -0500] "GET /BLA/resoluciones/dlf/folder.png HTTP/1.1" 200 410
47.128.120.155 - - [05/Jan/2024:00:15:08 -0500] "GET /BLA/resoluciones/index.php?dir=RESOLUCIONES%202004%2F&order=asc&sort=date HTTP/1.1" 200 33860
47.128.120.155 - - [05/Jan/2024:00:15:10 -0500] "GET /BLA/resoluciones/dlf/pdf.gif HTTP/1.1" 200 272
40.77.167.10 - - [05/Jan/2024:00:15:21 -0500] "GET /BLA/resoluciones/AUTOS%202020/2800.pdf HTTP/1.1" 200 322998
201.245.192.253 - - [05/Jan/2024:00:15:20 -0500] "GET /kwsrmcab/Wsrmcab?wsdl HTTP/1.1" 200 6948
201.245.192.253 - - [05/Jan/2024:00:15:21 -0500] "POST /kwsrmcab/Wsrmcab HTTP/1.1" 200 39866
201.245.192.253 - - [05/Jan/2024:00:15:24 -0500] "POST /kwsrmcab/Wsrmcab HTTP/1.1" 200 36785
156.59.198.135 - - [05/Jan/2024:00:15:31 -0500] "GET /BLA/resoluciones/AUTOS%202008/0661.pdf HTTP/1.0" 200 233100
216.245.221.92 - - [05/Jan/2024:00:15:43 -0500] "HEAD / HTTP/1.1" 200 -
156.59.198.136 - - [05/Jan/2024:00:15:56 -0500] "GET /BLA/resoluciones/AUTOS%202008/0654.pdf HTTP/1.0" 200 327063
156.59.198.135 - - [05/Jan/2024:00:16:19 -0500] "GET /BLA/resoluciones/AUTOS%202017/2585.pdf HTTP/1.0" 200 272740
156.59.198.135 - - [05/Jan/2024:00:16:44 -0500] "GET /BLA/resoluciones/AUTOS%202017/3637.pdf HTTP/1.0" 200 306941
201.245.192.253 - - [05/Jan/2024:00:16:56 -0500] "POST /kwsrmcab/Wsrmcab  HTTP/1.1" 200 36937
172.22.2.4 - - [05/Jan/2024:00:15:26 -0500] "HEAD /BLA/boletinlegal/ HTTP/1.1" 200 -
156.59.198.135 - - [05/Jan/2024:00:17:09 -0500] "GET /BLA/resoluciones/RESOLUCIONES%202007/RES%202007%203101%20AL%203200/RESOLUCION%203133%20%20DE%202007.pdf HTTP/1.0" 200 26982
156.59.198.135 - - [05/Jan/2024:00:17:32 -0500] "GET /BLA/resoluciones/RESOLUCIONES%202007/RES%202007%20401%20AL%20500/RESOLUCION%200462%20DE%202007.pdf HTTP/1.0" 200 730586
156.59.198.136 - - [05/Jan/2024:00:17:57 -0500] "GET /BLA/resoluciones/AUTOS%202008/1354.pdf HTTP/1.0" 200 145550
172.22.2.4 - - [05/Jan/2024:00:16:17 -0500] "GET /BLA/boletinlegal/ HTTP/1.1" 200 60910
156.59.198.136 - - [05/Jan/2024:00:18:22 -0500] "GET /BLA/resoluciones/RESOLUCIONES%202014/1226.pdf HTTP/1.0" 200 565712
156.59.198.136 - - [05/Jan/2024:00:18:46 -0500] "GET /BLA/resoluciones/AUTOS%202017/0298.pdf HTTP/1.0" 200 918598
156.59.198.135 - - [05/Jan/2024:00:19:10 -0500] "GET /BLA/resoluciones/AUTOS%202017/1459.pdf HTTP/1.0" 200 346231
66.249.66.21 - - [05/Jan/2024:00:19:22 -0500] "GET /BLA/resoluciones/RESOLUCIONES%202009/4153.pdf HTTP/1.1" 200 780888
201.245.192.253 - - [05/Jan/2024:00:19:30 -0500] "POST /kwsrmcab/Wsrmcab HTTP/1.1" 200 39866
156.59.198.135 - - [05/Jan/2024:00:19:35 -0500] "GET /BLA/resoluciones/RESOLUCIONES%202007/RES%202007%203001%20AL%203100/RESOLUCION%203004%20DE%202007.pdf HTTP/1.0" 200 462996
156.59.198.136 - - [05/Jan/2024:00:20:00 -0500] "GET /BLA/resoluciones/AUTOS%202008/1067.pdf HTTP/1.0" 200 227730
201.245.192.253 - - [05/Jan/2024:00:20:09 -0500] "POST /kwsrmcab/Wsrmcab HTTP/1.1" 200 36785
156.59.198.135 - - [05/Jan/2024:00:20:24 -0500] "GET /BLA/resoluciones/AUTOS%202008/0563.pdf HTTP/1.0" 200 98261
216.245.221.92 - - [05/Jan/2024:00:20:43 -0500] "HEAD / HTTP/1.1" 200 -
156.59.198.136 - - [05/Jan/2024:00:20:49 -0500] "GET /BLA/resoluciones/RESOLUCIONES%202014/0912.pdf HTTP/1.0" 200 503129
156.59.198.136 - - [05/Jan/2024:00:21:13 -0500] "GET /BLA/resoluciones/AUTOS%202008/1310.pdf HTTP/1.0" 200 225852
156.59.198.135 - - [05/Jan/2024:00:21:36 -0500] "GET /BLA/resoluciones/RESOLUCIONES%202014/3172.pdf HTTP/1.0" 200 587199
201.245.192.253 - - [05/Jan/2024:00:21:54 -0500] "POST /kwsrmcab/Wsrmcab  HTTP/1.1" 200 36937
156.59.198.136 - - [05/Jan/2024:00:22:01 -0500] "GET /BLA/resoluciones/AUTOS%202017/0797.pdf HTTP/1.0" 200 681964
156.59.198.136 - - [05/Jan/2024:00:22:25 -0500] "GET /BLA/resoluciones/AUTOS%202008/1171.pdf HTTP/1.0" 200 217244
156.59.198.135 - - [05/Jan/2024:00:22:51 -0500] "GET /BLA/resoluciones/AUTOS%202017/4018.pdf HTTP/1.0" 200 264848
172.22.2.4 - - [05/Jan/2024:00:21:16 -0500] "HEAD /BLA/boletinlegal/ HTTP/1.1" 200 -
156.59.198.135 - - [05/Jan/2024:00:23:16 -0500] "GET /BLA/resoluciones/AUTOS%202017/3612.pdf HTTP/1.0" 200 330448
156.59.198.136 - - [05/Jan/2024:00:23:39 -0500] "GET /BLA/resoluciones/RESOLUCIONES%202014/1909.pdf HTTP/1.0" 200 494822
172.22.2.4 - - [05/Jan/2024:00:23:41 -0500] "GET /BLA/boletinlegal/test/.hg/hgrc HTTP/1.1" 404 1018
172.22.2.4 - - [05/Jan/2024:00:22:07 -0500] "GET /BLA/boletinlegal/ HTTP/1.1" 200 60502
156.59.198.136 - - [05/Jan/2024:00:24:06 -0500] "GET /BLA/resoluciones/AUTOS%202008/1192.pdf HTTP/1.0" 200 138414
66.249.66.21 - - [05/Jan/2024:00:24:10 -0500] "GET /resoluciones/RESOLUCIONES%202010/1989.pdf HTTP/1.1" 404 1018
157.55.39.225 - - [05/Jan/2024:00:24:24 -0500] "GET /robots.txt HTTP/1.1" 404 1018
156.59.198.135 - - [05/Jan/2024:00:24:29 -0500] "GET /BLA/resoluciones/RESOLUCIONES%202014/2525.pdf HTTP/1.0" 200 4842671
156.59.198.135 - - [05/Jan/2024:00:24:53 -0500] "GET /BLA/resoluciones/RESOLUCIONES%202014/2298.pdf HTTP/1.0" 200 873730
172.22.2.4 - - [05/Jan/2024:00:25:12 -0500] "GET /BLA/boletinlegal/resources/.git/config HTTP/1.1" 404 1018
156.59.198.136 - - [05/Jan/2024:00:25:18 -0500] "GET /BLA/resoluciones/RESOLUCIONES%202007/RES%202007%203201%20AL%203300/RESOLUCION%203248%20DE%202007.pdf HTTP/1.0" 200 840297
201.245.192.253 - - [05/Jan/2024:00:25:20 -0500] "POST /kwsrmcab/Wsrmcab HTTP/1.1" 200 39866
201.245.192.253 - - [05/Jan/2024:00:25:23 -0500] "POST /kwsrmcab/Wsrmcab HTTP/1.1" 200 36785
156.59.198.135 - - [05/Jan/2024:00:25:42 -0500] "GET /BLA/resoluciones/AUTOS%202008/1386.pdf HTTP/1.0" 200 86565
216.245.221.92 - - [05/Jan/2024:00:25:43 -0500] "HEAD / HTTP/1.1" 200 -
156.59.198.135 - - [05/Jan/2024:00:26:06 -0500] "GET /BLA/resoluciones/RESOLUCIONES%202007/RES%202007%203101%20AL%203200/RESOLUCION%203117%20DE%202007.pdf HTTP/1.0" 200 380673
156.59.198.136 - - [05/Jan/2024:00:26:30 -0500] "GET /BLA/resoluciones/AUTOS%202008/0123.pdf HTTP/1.0" 200 92021
40.77.167.45 - - [05/Jan/2024:00:26:32 -0500] "GET /BLA/resoluciones/RESOLUCIONES%202023/2373.pdf HTTP/1.1" 200 434815
201.245.192.253 - - [05/Jan/2024:00:26:53 -0500] "POST /kwsrmcab/Wsrmcab  HTTP/1.1" 200 36937
156.59.198.135 - - [05/Jan/2024:00:26:55 -0500] "GET /BLA/resoluciones/RESOLUCIONES%202014/3289.pdf HTTP/1.0" 200 583575
156.59.198.135 - - [05/Jan/2024:00:27:20 -0500] "GET /BLA/resoluciones/AUTOS%202017/0729.pdf HTTP/1.0" 200 305654
156.59.198.135 - - [05/Jan/2024:00:27:44 -0500] "GET /BLA/resoluciones/RESOLUCIONES%202014/2521.pdf HTTP/1.0" 200 783513
172.22.2.4 - - [05/Jan/2024:00:26:20 -0500] "GET /BLA/boletinlegal/ HTTP/1.1" 200 53513
156.59.198.135 - - [05/Jan/2024:00:28:08 -0500] "GET /BLA/resoluciones/RESOLUCIONES%202007/RES%202007%20401%20AL%20500/RESOLUCION%200406%20DE%202007.pdf HTTP/1.0" 200 926169
40.77.167.53 - - [05/Jan/2024:00:28:14 -0500] "GET /BLA/resoluciones/AUTOS%202020/1293.pdf HTTP/1.1" 200 396799
65.108.31.121 - - [05/Jan/2024:00:28:31 -0500] "GET /agua-y-estructura-ecologica-principal HTTP/1.1" 404 1035
156.59.198.135 - - [05/Jan/2024:00:28:32 -0500] "GET /BLA/resoluciones/AUTOS%202017/1104.pdf HTTP/1.0" 200 276303
172.22.2.4 - - [05/Jan/2024:00:27:06 -0500] "HEAD /BLA/boletinlegal/ HTTP/1.1" 200 -
211.140.23.130 - - [05/Jan/2024:00:28:46 -0500] "GET /galeria/galeria/fotos/Humedal-Tibanica4P.jpg HTTP/1.1" 200 26708
156.59.198.136 - - [05/Jan/2024:00:28:55 -0500] "GET /BLA/resoluciones/AUTOS%202017/1670.pdf HTTP/1.0" 200 467114
172.22.2.4 - - [05/Jan/2024:00:27:39 -0500] "GET /BLA/boletinlegal/ HTTP/1.1" 200 40907
156.59.198.136 - - [05/Jan/2024:00:29:21 -0500] "GET /BLA/resoluciones/AUTOS%202017/3490.pdf HTTP/1.0" 200 868690
201.245.192.253 - - [05/Jan/2024:00:29:30 -0500] "POST /kwsrmcab/Wsrmcab HTTP/1.1" 200 39866
172.22.2.4 - - [05/Jan/2024:00:27:57 -0500] "GET /BLA/boletinlegal/ HTTP/1.1" 200 43326
156.59.198.136 - - [05/Jan/2024:00:29:44 -0500] "GET /BLA/resoluciones/AUTOS%202008/0368.pdf HTTP/1.0" 200 151967
157.55.39.9 - - [05/Jan/2024:00:29:51 -0500] "GET /portaldeninos/aula-ambiental-artistica-itinerante-auambari/ HTTP/1.1" 200 89306
212.111.41.101 - - [05/Jan/2024:00:29:59 -0500] "GET / HTTP/1.1" 200 319
212.111.41.101 - - [05/Jan/2024:00:29:59 -0500] "\x16\x03\x01" 400 226
212.111.41.101 - - [05/Jan/2024:00:29:59 -0500] "\x16\x03\x01" 400 226
212.111.41.101 - - [05/Jan/2024:00:29:59 -0500] "\x16\x03\x01" 400 226
172.22.2.4 - - [05/Jan/2024:00:28:37 -0500] "GET /BLA/boletinlegal/ HTTP/1.1" 200 45003
156.59.198.135 - - [05/Jan/2024:00:30:10 -0500] "GET /BLA/resoluciones/RESOLUCIONES%202014/1471.pdf HTTP/1.0" 200 454651
201.245.192.253 - - [05/Jan/2024:00:30:09 -0500] "POST /kwsrmcab/Wsrmcab HTTP/1.1" 200 36785
156.59.198.136 - - [05/Jan/2024:00:30:33 -0500] "GET /BLA/resoluciones/RESOLUCIONES%202014/1862.pdf HTTP/1.0" 200 809415
216.245.221.92 - - [05/Jan/2024:00:30:43 -0500] "HEAD / HTTP/1.1" 200 -
156.59.198.135 - - [05/Jan/2024:00:30:58 -0500] "GET /BLA/resoluciones/RESOLUCIONES%202001/RESOLUCION%20642%20DE%202001.pdf HTTP/1.0" 200 90038
66.249.66.21 - - [05/Jan/2024:00:30:59 -0500] "GET /BLA/resoluciones/RESOLUCIONES%202008/4132.pdf HTTP/1.1" 200 775302
156.59.198.135 - - [05/Jan/2024:00:31:22 -0500] "GET /BLA/resoluciones/AUTOS%202017/0880.pdf HTTP/1.0" 200 542198
156.59.198.135 - - [05/Jan/2024:00:31:47 -0500] "GET /BLA/resoluciones/RESOLUCIONES%202014/0018.pdf HTTP/1.0" 200 509502
201.245.192.253 - - [05/Jan/2024:00:31:51 -0500] "POST /kwsrmcab/Wsrmcab  HTTP/1.1" 200 36937
156.59.198.135 - - [05/Jan/2024:00:32:13 -0500] "GET /BLA/resoluciones/AUTOS%202008/1404.pdf HTTP/1.0" 200 412017
52.167.144.222 - - [05/Jan/2024:00:32:30 -0500] "GET /BLA/resoluciones/RESOLUCIONES%202023/1796.pdf HTTP/1.1" 200 462021
156.59.198.135 - - [05/Jan/2024:00:32:37 -0500] "GET /BLA/resoluciones/AUTOS%202017/3576.pdf HTTP/1.0" 200 293704
156.59.198.135 - - [05/Jan/2024:00:33:01 -0500] "GET /BLA/resoluciones/AUTOS%202008/1394.pdf HTTP/1.0" 200 192054
156.59.198.135 - - [05/Jan/2024:00:33:25 -0500] "GET /BLA/resoluciones/RESOLUCIONES%202014/2666.pdf HTTP/1.0" 200 715398
156.59.198.136 - - [05/Jan/2024:00:33:50 -0500] "GET /BLA/resoluciones/RESOLUCIONES%202014/0669.pdf HTTP/1.0" 200 726059
156.59.198.136 - - [05/Jan/2024:00:34:14 -0500] "GET /BLA/resoluciones/RESOLUCIONES%202014/0449.pdf HTTP/1.0" 200 1274833
66.249.66.21 - - [05/Jan/2024:00:34:30 -0500] "GET /BLA/resoluciones/RESOLUCIONES%202010/5943.pdf HTTP/1.1" 200 101425
172.22.2.4 - - [05/Jan/2024:00:32:56 -0500] "HEAD /BLA/boletinlegal/ HTTP/1.1" 200 -
66.249.66.20 - - [05/Jan/2024:00:34:39 -0500] "GET /isolucionsda/FramesetArticulo.asp?Pagina=bancoconocimiento%2FR%2FResolucion715de31demarzode2017%2FResolucion715de31demarzode2017%2Easp&IdArticulo=10934&Codigo=&Fecha=&Version=&Procedimiento=&cliente= HTTP/1.1" 200 8114
156.59.198.135 - - [05/Jan/2024:00:34:39 -0500] "GET /BLA/resoluciones/RESOLUCIONES%202007/RES%202007%202201%20AL%202300/RESOLUCION%202224%20DE%202007.pdf HTTP/1.0" 200 315004
66.249.66.20 - - [05/Jan/2024:00:34:40 -0500] "GET /isolucionsda/bancoconocimiento/R/Resolucion715de31demarzode2017/Resolucion715de31demarzode2017.asp?IdArticulo=10934 HTTP/1.1" 404 5025
66.249.66.20 - - [05/Jan/2024:00:34:41 -0500] "GET /isolucionsda/Arriba.asp?Pagina=bancoconocimiento%2FR%2FResolucion715de31demarzode2017%2FResolucion715de31demarzode2017%2Easp&IdArticulo=10934&Codigo=&Fecha=&Version=&Procedimiento=&cliente= HTTP/1.1" 500 9068
156.59.198.135 - - [05/Jan/2024:00:35:04 -0500] "GET /BLA/resoluciones/AUTOS%202008/0583.pdf HTTP/1.0" 200 215631
201.245.192.253 - - [05/Jan/2024:00:35:20 -0500] "POST /kwsrmcab/Wsrmcab HTTP/1.1" 200 39866
201.245.192.253 - - [05/Jan/2024:00:35:23 -0500] "POST /kwsrmcab/Wsrmcab HTTP/1.1" 200 36785
172.22.2.4 - - [05/Jan/2024:00:33:46 -0500] "GET /BLA/boletinlegal/ HTTP/1.1" 200 58969
156.59.198.135 - - [05/Jan/2024:00:35:28 -0500] "GET /BLA/resoluciones/RESOLUCIONES%202014/0694.pdf HTTP/1.0" 200 12398202
216.245.221.92 - - [05/Jan/2024:00:35:43 -0500] "HEAD / HTTP/1.1" 200 -
156.59.198.135 - - [05/Jan/2024:00:35:51 -0500] "GET /BLA/resoluciones/AUTOS%202017/0384.pdf HTTP/1.0" 200 313269
156.59.198.135 - - [05/Jan/2024:00:36:16 -0500] "GET /BLA/resoluciones/AUTOS%202008/0112.pdf HTTP/1.0" 200 155483
52.167.144.24 - - [05/Jan/2024:00:36:31 -0500] "GET /BLA/resoluciones/AUTOS%202020/1058.pdf HTTP/1.1" 200 361080
156.59.198.135 - - [05/Jan/2024:00:36:40 -0500] "GET /BLA/resoluciones/AUTOS%202017/3281.pdf HTTP/1.0" 200 263868
201.245.192.253 - - [05/Jan/2024:00:36:50 -0500] "POST /kwsrmcab/Wsrmcab  HTTP/1.1" 200 36937
156.59.198.135 - - [05/Jan/2024:00:37:05 -0500] "GET /BLA/resoluciones/AUTOS%202017/3582.pdf HTTP/1.0" 200 304341
156.59.198.135 - - [05/Jan/2024:00:37:29 -0500] "GET /BLA/resoluciones/AUTOS%202017/1561.pdf HTTP/1.0" 200 296796
156.59.198.136 - - [05/Jan/2024:00:37:54 -0500] "GET /BLA/resoluciones/AUTOS%202017/4275.pdf HTTP/1.0" 200 274677
156.59.198.135 - - [05/Jan/2024:00:38:17 -0500] "GET /BLA/resoluciones/RESOLUCIONES%202014/0080.pdf HTTP/1.0" 200 488682
52.167.144.24 - - [05/Jan/2024:00:38:20 -0500] "GET /BLA/resoluciones/index.php?dir=AUTOS+2017%2F HTTP/1.1" 200 483810
52.167.144.24 - - [05/Jan/2024:00:38:21 -0500] "GET /BLA/resoluciones/index.php?dir=Notificaciones%2FRESOLUCIONES+2023%2F HTTP/1.1" 200 41589
156.59.198.135 - - [05/Jan/2024:00:38:41 -0500] "GET /BLA/resoluciones/RESOLUCIONES%202007/RES%202007%203001%20AL%203100/RESOLUCION%203041%20DE%202007.pdf HTTP/1.0" 200 1699244
66.249.66.20 - - [05/Jan/2024:00:38:50 -0500] "GET /robots.txt HTTP/1.1" 404 1018
66.249.66.21 - - [05/Jan/2024:00:38:50 -0500] "GET /Publicaciones/2023EE287481.pdf HTTP/1.1" 404 228
156.59.198.136 - - [05/Jan/2024:00:39:07 -0500] "GET /BLA/resoluciones/AUTOS%202017/5206.pdf HTTP/1.0" 200 327600
52.167.144.212 - - [05/Jan/2024:00:39:07 -0500] "GET /sipse/faces/faces/autenticacion.xhtml HTTP/1.1" 200 12724
156.59.198.135 - - [05/Jan/2024:00:39:32 -0500] "GET /BLA/resoluciones/RESOLUCIONES%202014/2127.pdf HTTP/1.0" 200 1915019
201.245.192.253 - - [05/Jan/2024:00:39:31 -0500] "POST /kwsrmcab/Wsrmcab HTTP/1.1" 200 39866
156.59.198.136 - - [05/Jan/2024:00:39:55 -0500] "GET /BLA/resoluciones/AUTOS%202017/3622.pdf HTTP/1.0" 200 278203
201.245.192.253 - - [05/Jan/2024:00:40:09 -0500] "POST /kwsrmcab/Wsrmcab HTTP/1.1" 200 36785
156.59.198.136 - - [05/Jan/2024:00:40:20 -0500] "GET /BLA/resoluciones/RESOLUCIONES%202014/0915.pdf HTTP/1.0" 200 615303
172.22.2.4 - - [05/Jan/2024:00:38:46 -0500] "HEAD /BLA/boletinlegal/ HTTP/1.1" 200 -
216.245.221.92 - - [05/Jan/2024:00:40:43 -0500] "HEAD / HTTP/1.1" 200 -
156.59.198.136 - - [05/Jan/2024:00:40:44 -0500] "GET /BLA/resoluciones/AUTOS%202017/3435.pdf HTTP/1.0" 200 1483216
66.249.66.21 - - [05/Jan/2024:00:41:07 -0500] "GET /BLA/resoluciones/RESOLUCIONES%202009/8564.pdf HTTP/1.1" 200 648939
156.59.198.136 - - [05/Jan/2024:00:41:08 -0500] "GET /BLA/resoluciones/AUTOS%202008/0773.pdf HTTP/1.0" 200 74393
52.167.144.137 - - [05/Jan/2024:00:41:11 -0500] "GET /BLA/resoluciones/AUTOS%202017/03322.pdf HTTP/1.1" 200 316537
172.22.2.4 - - [05/Jan/2024:00:39:36 -0500] "GET /BLA/boletinlegal/ HTTP/1.1" 200 45009
156.59.198.136 - - [05/Jan/2024:00:41:32 -0500] "GET /BLA/resoluciones/AUTOS%202017/1355.pdf HTTP/1.0" 200 262626
172.22.2.4 - - [05/Jan/2024:00:39:58 -0500] "GET /BLA/boletinlegal/ HTTP/1.1" 200 45233
201.245.192.253 - - [05/Jan/2024:00:41:49 -0500] "POST /kwsrmcab/Wsrmcab  HTTP/1.1" 200 36937
156.59.198.135 - - [05/Jan/2024:00:41:57 -0500] "GET /BLA/resoluciones/RESOLUCIONES%202014/3163.pdf HTTP/1.0" 200 1193571
52.167.144.212 - - [05/Jan/2024:00:42:17 -0500] "GET /BLA/resoluciones/AUTOS%202020/4204.pdf HTTP/1.1" 200 372653
52.167.144.212 - - [05/Jan/2024:00:42:18 -0500] "GET /BLA/resoluciones/index.php?dir=RESOLUCIONES+2008%2F HTTP/1.1" 200 976272
156.59.198.135 - - [05/Jan/2024:00:42:21 -0500] "GET /BLA/resoluciones/RESOLUCIONES%202014/2250.pdf HTTP/1.0" 200 547211
40.77.167.36 - - [05/Jan/2024:00:42:32 -0500] "GET /BLA/resoluciones/index.php?dir=RESOLUCIONES+2023%2F HTTP/1.1" 200 131441
40.77.167.36 - - [05/Jan/2024:00:42:33 -0500] "GET /sipse/faces/presentacion/sistema/anexos/cargarAnexoSolicitudProceso.xhtml HTTP/1.1" 302 -
40.77.167.36 - - [05/Jan/2024:00:42:33 -0500] "GET /sipse/faces/autenticacion.xhtml HTTP/1.1" 200 12402
40.77.167.36 - - [05/Jan/2024:00:42:34 -0500] "GET /BLA/resoluciones/index.php?dir=AUTOS+2023%2F HTTP/1.1" 200 481104
52.167.144.229 - - [05/Jan/2024:00:42:36 -0500] "GET /BLA/resoluciones/AUTOS%202020/1651.pdf HTTP/1.1" 200 2106589
156.59.198.136 - - [05/Jan/2024:00:42:45 -0500] "GET /BLA/resoluciones/RESOLUCIONES%202014/2619.pdf HTTP/1.0" 200 752344
156.59.198.136 - - [05/Jan/2024:00:43:11 -0500] "GET /BLA/resoluciones/RESOLUCIONES%202014/1908.pdf HTTP/1.0" 200 495560
172.22.2.4 - - [05/Jan/2024:00:43:18 -0500] "GET /BLA/boletinlegal/normativa.php HTTP/1.1" 200 8343
156.59.198.135 - - [05/Jan/2024:00:43:35 -0500] "GET /BLA/resoluciones/AUTOS%202017/2488.pdf HTTP/1.0" 200 268520
66.249.66.21 - - [05/Jan/2024:00:43:40 -0500] "GET /BLA/resoluciones/RESOLUCIONES%202010/0128.pdf HTTP/1.1" 200 386612
156.59.198.135 - - [05/Jan/2024:00:44:00 -0500] "GET /BLA/resoluciones/AUTOS%202017/2976.pdf HTTP/1.0" 200 273653
52.167.144.203 - - [05/Jan/2024:00:44:01 -0500] "GET /BLA/resoluciones/RESOLUCIONES%202023/02243.pdf HTTP/1.1" 200 481483
52.167.144.203 - - [05/Jan/2024:00:44:02 -0500] "GET /BLA/resoluciones/RESOLUCIONES%202023/01925.pdf HTTP/1.1" 200 463254
52.167.144.203 - - [05/Jan/2024:00:44:02 -0500] "GET /BLA/resoluciones/RESOLUCIONES%202023/02481.pdf HTTP/1.1" 200 689923
52.167.144.212 - - [05/Jan/2024:00:44:05 -0500] "GET /BLA/resoluciones/RESOLUCIONES%202023/02638.pdf HTTP/1.1" 200 509797
52.167.144.212 - - [05/Jan/2024:00:44:06 -0500] "GET /BLA/resoluciones/RESOLUCIONES%202023/02648.pdf HTTP/1.1" 200 535372
52.167.144.212 - - [05/Jan/2024:00:44:07 -0500] "GET /sipse/faces/index.xhtml HTTP/1.1" 200 677
40.77.167.36 - - [05/Jan/2024:00:44:08 -0500] "GET /BLA/resoluciones/RESOLUCIONES%202023/02646.pdf HTTP/1.1" 200 452187
40.77.167.36 - - [05/Jan/2024:00:44:18 -0500] "GET /BLA/resoluciones/RESOLUCIONES%202023/02482.pdf HTTP/1.1" 200 483584
40.77.167.36 - - [05/Jan/2024:00:44:18 -0500] "GET /BLA/resoluciones/RESOLUCIONES%202023/01902.pdf HTTP/1.1" 200 501847
40.77.167.36 - - [05/Jan/2024:00:44:18 -0500] "GET /BLA/resoluciones/RESOLUCIONES%202023/02645.pdf HTTP/1.1" 200 599030
156.59.198.135 - - [05/Jan/2024:00:44:25 -0500] "GET /BLA/resoluciones/AUTOS%202017/4179.pdf HTTP/1.0" 200 3154196
52.167.144.228 - - [05/Jan/2024:00:44:44 -0500] "GET /BLA/resoluciones/index.php?dir=AUTOS+2021%2F HTTP/1.1" 200 399364
156.59.198.136 - - [05/Jan/2024:00:44:49 -0500] "GET /BLA/resoluciones/RESOLUCIONES%202007/RES%202007%203201%20AL%203300/RESOLUCION%203238%20DE%202007.pdf HTTP/1.0" 200 837279
52.167.144.228 - - [05/Jan/2024:00:44:55 -0500] "GET /BLA/resoluciones/index.php?dir=RESOLUCIONES+2021%2F HTTP/1.1" 200 444412
40.77.167.20 - - [05/Jan/2024:00:45:15 -0500] "GET /BLA/resoluciones/AUTOS%202023/09134.pdf HTTP/1.1" 200 469356
156.59.198.136 - - [05/Jan/2024:00:45:15 -0500] "GET /BLA/resoluciones/RESOLUCIONES%202014/0064.pdf HTTP/1.0" 200 841645
40.77.167.16 - - [05/Jan/2024:00:45:19 -0500] "GET /BLA/resoluciones/AUTOS%202023/06361.pdf HTTP/1.1" 200 602572
156.59.198.136 - - [05/Jan/2024:00:45:42 -0500] "GET /BLA/resoluciones/AUTOS%202017/1405.pdf HTTP/1.0" 200 311807
216.245.221.92 - - [05/Jan/2024:00:45:43 -0500] "HEAD / HTTP/1.1" 200 -
52.167.144.228 - - [05/Jan/2024:00:46:04 -0500] "GET /sipse/faces/autenticacion.xhtml HTTP/1.1" 200 12724
156.59.198.135 - - [05/Jan/2024:00:46:04 -0500] "GET /BLA/resoluciones/RESOLUCIONES%202007/RES%202007%202801%20AL%202900/RESOLUCION%202833%20DE%202007.pdf HTTP/1.0" 200 678053
40.77.167.20 - - [05/Jan/2024:00:46:08 -0500] "GET /BLA/resoluciones/index.php?dir=AUTOS+2013%2F HTTP/1.1" 200 407754
172.22.2.4 - - [05/Jan/2024:00:44:36 -0500] "HEAD /BLA/boletinlegal/ HTTP/1.1" 200 -
156.59.198.135 - - [05/Jan/2024:00:46:29 -0500] "GET /BLA/resoluciones/RESOLUCIONES%202014/2856.pdf HTTP/1.0" 200 298230
201.245.192.253 - - [05/Jan/2024:00:46:48 -0500] "POST /kwsrmcab/Wsrmcab  HTTP/1.1" 200 36937
40.77.167.54 - - [05/Jan/2024:00:46:51 -0500] "GET /BLA/resoluciones/index.php?dir=RESOLUCIONES+2007%2FRES+2007+3301+AL+3400%2F HTTP/1.1" 200 26620
156.59.198.136 - - [05/Jan/2024:00:46:53 -0500] "GET /BLA/resoluciones/RESOLUCIONES%202007/RES%202007%202201%20AL%202300/RESOLUCION%202252%20DE%202007.pdf HTTP/1.0" 200 417497
172.22.2.4 - - [05/Jan/2024:00:45:26 -0500] "GET /BLA/boletinlegal/ HTTP/1.1" 200 60502
156.59.198.136 - - [05/Jan/2024:00:47:17 -0500] "GET /BLA/resoluciones/RESOLUCIONES%202014/0298.pdf HTTP/1.0" 200 760874
156.59.198.135 - - [05/Jan/2024:00:47:41 -0500] "GET /BLA/resoluciones/RESOLUCIONES%202007/RES%202007%203101%20AL%203200/RESOLUCION%203134%20DE%202007.pdf HTTP/1.0" 200 148499
156.59.198.136 - - [05/Jan/2024:00:48:06 -0500] "GET /BLA/resoluciones/RESOLUCIONES%202007/RES%202007%202201%20AL%202300/RESOLUCION%202210%20DE%202007.pdf HTTP/1.0" 200 149715
156.59.198.136 - - [05/Jan/2024:00:48:30 -0500] "GET /BLA/resoluciones/RESOLUCIONES%202014/1037.pdf HTTP/1.0" 200 565107
156.59.198.136 - - [05/Jan/2024:00:48:54 -0500] "GET /BLA/resoluciones/RESOLUCIONES%202007/RES%202007%202801%20AL%202900/RESOLUCION%202888%20DE%202007.pdf HTTP/1.0" 200 171628
156.59.198.136 - - [05/Jan/2024:00:49:20 -0500] "GET /BLA/resoluciones/RESOLUCIONES%202014/2194.pdf HTTP/1.0" 200 464277
156.59.198.136 - - [05/Jan/2024:00:49:44 -0500] "GET /BLA/resoluciones/RESOLUCIONES%202014/1608.pdf HTTP/1.0" 200 571472
66.249.66.20 - - [05/Jan/2024:00:49:58 -0500] "GET /BLA/resoluciones/RESOLUCIONES%202012/0721.pdf HTTP/1.1" 200 371031
156.59.198.136 - - [05/Jan/2024:00:50:08 -0500] "GET /BLA/resoluciones/RESOLUCIONES%202014/0118.pdf HTTP/1.0" 200 3751690
156.59.198.135 - - [05/Jan/2024:00:50:32 -0500] "GET /BLA/resoluciones/RESOLUCIONES%202014/0325.pdf HTTP/1.0" 200 619647
216.245.221.92 - - [05/Jan/2024:00:50:43 -0500] "HEAD / HTTP/1.1" 200 -
156.59.198.135 - - [05/Jan/2024:00:50:56 -0500] "GET /BLA/resoluciones/RESOLUCIONES%202014/2728.pdf HTTP/1.0" 200 655998
66.249.66.21 - - [05/Jan/2024:00:51:10 -0500] "GET /BLA/resoluciones/RESOLUCIONES%202009/1317.pdf HTTP/1.1" 200 414750
156.59.198.135 - - [05/Jan/2024:00:51:20 -0500] "GET /BLA/resoluciones/RESOLUCIONES%202014/0976.pdf HTTP/1.0" 200 549863
156.59.198.136 - - [05/Jan/2024:00:51:45 -0500] "GET /BLA/resoluciones/RESOLUCIONES%202007/RES%202007%202201%20AL%202300/RESOLUCION%202223%20DE%202007.pdf HTTP/1.0" 200 677133
201.245.192.253 - - [05/Jan/2024:00:51:46 -0500] "POST /kwsrmcab/Wsrmcab  HTTP/1.1" 200 36937
172.22.2.4 - - [05/Jan/2024:00:50:26 -0500] "HEAD /BLA/boletinlegal/ HTTP/1.1" 200 -
156.59.198.135 - - [05/Jan/2024:00:52:10 -0500] "GET /BLA/resoluciones/RESOLUCIONES%202007/RES%202007%203001%20AL%203100/RESOLUCION%203056_%20DE%202007.pdf HTTP/1.0" 200 145178
156.59.198.135 - - [05/Jan/2024:00:52:35 -0500] "GET /BLA/resoluciones/RESOLUCIONES%202014/0636.pdf HTTP/1.0" 200 2143197
172.22.2.4 - - [05/Jan/2024:00:51:16 -0500] "GET /BLA/boletinlegal/ HTTP/1.1" 200 58567
156.59.198.135 - - [05/Jan/2024:00:53:01 -0500] "GET /BLA/resoluciones/RESOLUCIONES%202014/1182.pdf HTTP/1.0" 200 530847
156.59.198.135 - - [05/Jan/2024:00:53:24 -0500] "GET /BLA/resoluciones/RESOLUCIONES%202014/3048.pdf HTTP/1.0" 200 9582967
156.59.198.136 - - [05/Jan/2024:00:53:47 -0500] "GET /BLA/resoluciones/RESOLUCIONES%202014/1855.pdf HTTP/1.0" 200 532021
156.59.198.135 - - [05/Jan/2024:00:54:12 -0500] "GET /BLA/resoluciones/RESOLUCIONES%202014/1927.pdf HTTP/1.0" 200 679869
156.59.198.135 - - [05/Jan/2024:00:54:36 -0500] "GET /BLA/resoluciones/RESOLUCIONES%202014/0751.pdf HTTP/1.0" 200 877614
156.59.198.136 - - [05/Jan/2024:00:55:01 -0500] "GET /BLA/resoluciones/RESOLUCIONES%202014/1272.pdf HTTP/1.0" 200 739784
40.86.21.114 - - [05/Jan/2024:00:55:13 -0500] "GET /robots.txt HTTP/1.1" 404 1032
156.59.198.136 - - [05/Jan/2024:00:55:24 -0500] "GET /BLA/resoluciones/RESOLUCIONES%202014/0421.pdf HTTP/1.0" 200 575943
216.245.221.92 - - [05/Jan/2024:00:55:43 -0500] "HEAD / HTTP/1.1" 200 -
156.59.198.136 - - [05/Jan/2024:00:55:49 -0500] "GET /BLA/resoluciones/RESOLUCIONES%202014/0049.pdf HTTP/1.0" 200 495270
156.59.198.135 - - [05/Jan/2024:00:56:13 -0500] "GET /BLA/resoluciones/RESOLUCIONES%202014/0849.pdf HTTP/1.0" 200 793374
156.59.198.136 - - [05/Jan/2024:00:56:38 -0500] "GET /BLA/resoluciones/RESOLUCIONES%202014/0999.pdf HTTP/1.0" 200 875542
201.245.192.253 - - [05/Jan/2024:00:56:44 -0500] "POST /kwsrmcab/Wsrmcab  HTTP/1.1" 200 36937
156.59.198.136 - - [05/Jan/2024:00:57:01 -0500] "GET /BLA/resoluciones/RESOLUCIONES%202014/1387.pdf HTTP/1.0" 200 916609
156.59.198.136 - - [05/Jan/2024:00:57:26 -0500] "GET /BLA/resoluciones/AUTOS%202017/3356.pdf HTTP/1.0" 200 321755
156.59.198.135 - - [05/Jan/2024:00:57:51 -0500] "GET /BLA/resoluciones/RESOLUCIONES%202007/RES%202007%203001%20AL%203100/RESOLUCION%203044%20%20DE%202007.pdf HTTP/1.0" 200 467105
172.22.2.4 - - [05/Jan/2024:00:56:16 -0500] "HEAD /BLA/boletinlegal/ HTTP/1.1" 200 -
156.59.198.135 - - [05/Jan/2024:00:58:15 -0500] "GET /BLA/resoluciones/AUTOS%202017/1498.pdf HTTP/1.0" 200 685522
156.59.198.135 - - [05/Jan/2024:00:58:39 -0500] "GET /BLA/resoluciones/RESOLUCIONES%202007/RES%202007%203001%20AL%203100/RESOLUCION%203075%20DE%202007.pdf HTTP/1.0" 200 154411
172.22.2.4 - - [05/Jan/2024:00:57:06 -0500] "GET /BLA/boletinlegal/ HTTP/1.1" 200 60910
52.167.144.214 - - [05/Jan/2024:00:59:03 -0500] "GET /BLA/resoluciones/RESOLUCIONES%202023/02692.pdf HTTP/1.1" 200 913438
156.59.198.135 - - [05/Jan/2024:00:59:05 -0500] "GET /BLA/resoluciones/RESOLUCIONES%202007/RES%202007%202801%20AL%202900/RESOLUCION%202874%20DE%202007.pdf HTTP/1.0" 200 3901613
66.249.66.21 - - [05/Jan/2024:00:59:08 -0500] "GET /resoluciones/RESOLUCIONES%202008/3741.pdf HTTP/1.1" 404 1018
156.59.198.136 - - [05/Jan/2024:00:59:29 -0500] "GET /BLA/resoluciones/RESOLUCIONES%202007/RES%202007%203201%20AL%203300/RESOLUCION%203263%20DE%202007.pdf HTTP/1.0" 200 320654
156.59.198.135 - - [05/Jan/2024:00:59:55 -0500] "GET /BLA/resoluciones/RESOLUCIONES%202014/1913.pdf HTTP/1.0" 200 1230638
156.59.198.135 - - [05/Jan/2024:01:00:18 -0500] "GET /BLA/resoluciones/RESOLUCIONES%202007/RES%202007%203101%20AL%203200/RESOLUCION%203137%20DE%202007.pdf HTTP/1.0" 200 143416
156.59.198.136 - - [05/Jan/2024:01:00:42 -0500] "GET /BLA/resoluciones/RESOLUCIONES%202007/RES%202007%202801%20AL%202900/RESOLUCION%202814%20DE%202007.pdf HTTP/1.0" 200 242874
216.245.221.92 - - [05/Jan/2024:01:00:43 -0500] "HEAD / HTTP/1.1" 200 -
156.59.198.135 - - [05/Jan/2024:01:01:07 -0500] "GET /BLA/resoluciones/RESOLUCIONES%202007/RES%202007%20401%20AL%20500/RESOLUCION%200458%20DE%202007.pdf HTTP/1.0" 200 1197726
156.59.198.136 - - [05/Jan/2024:01:01:32 -0500] "GET /BLA/resoluciones/AUTOS%202017/0649.pdf HTTP/1.0" 200 341396
201.245.192.253 - - [05/Jan/2024:01:01:43 -0500] "POST /kwsrmcab/Wsrmcab  HTTP/1.1" 200 36937
156.59.198.136 - - [05/Jan/2024:01:01:57 -0500] "GET /BLA/resoluciones/RESOLUCIONES%202001/0878.pdf HTTP/1.0" 200 125355
156.59.198.135 - - [05/Jan/2024:01:02:21 -0500] "GET /BLA/resoluciones/RESOLUCIONES%202014/0416.pdf HTTP/1.0" 200 580009
52.167.144.214 - - [05/Jan/2024:01:02:35 -0500] "GET /BLA/resoluciones/AUTOS%202020/3868.pdf HTTP/1.1" 200 361476
156.59.198.136 - - [05/Jan/2024:01:02:45 -0500] "GET /BLA/resoluciones/RESOLUCIONES%202007/RES%202007%203201%20AL%203300/RESOLUCION%203244%20DE%202007.pdf HTTP/1.0" 200 119636
66.249.66.19 - - [05/Jan/2024:01:03:06 -0500] "GET /BLA/resoluciones/Autos%202008/2573.pdf HTTP/1.1" 200 99682
156.59.198.136 - - [05/Jan/2024:01:03:09 -0500] "GET /BLA/resoluciones/RESOLUCIONES%202014/1603.pdf HTTP/1.0" 200 4591837
66.249.66.19 - - [05/Jan/2024:01:03:32 -0500] "GET /BLA/resoluciones/AUTOS%202008/0536.pdf HTTP/1.1" 200 173328
156.59.198.135 - - [05/Jan/2024:01:03:34 -0500] "GET /BLA/resoluciones/RESOLUCIONES%202014/0808.pdf HTTP/1.0" 200 706135
172.22.2.4 - - [05/Jan/2024:01:02:06 -0500] "HEAD /BLA/boletinlegal/ HTTP/1.1" 200 -
156.59.198.136 - - [05/Jan/2024:01:04:00 -0500] "GET /BLA/resoluciones/RESOLUCIONES%202014/0013.pdf HTTP/1.0" 200 519173
156.59.198.136 - - [05/Jan/2024:01:04:23 -0500] "GET /BLA/resoluciones/RESOLUCIONES%202014/1420.pdf HTTP/1.0" 200 765690
172.22.2.4 - - [05/Jan/2024:01:02:56 -0500] "GET /BLA/boletinlegal/ HTTP/1.1" 200 58567
156.59.198.135 - - [05/Jan/2024:01:04:47 -0500] "GET /BLA/resoluciones/RESOLUCIONES%202014/2792.pdf HTTP/1.0" 200 724087
156.59.198.136 - - [05/Jan/2024:01:05:12 -0500] "GET /BLA/resoluciones/Decretos/Decreto%20090%20de%2011%20marzo%20del%202019.pdf HTTP/1.0" 200 292481
185.180.143.190 - - [05/Jan/2024:01:05:12 -0500] "GET / HTTP/1.1" 200 319
185.180.143.190 - - [05/Jan/2024:01:05:18 -0500] "GET /showLogin.cc HTTP/1.1" 404 1018
156.59.198.136 - - [05/Jan/2024:01:05:36 -0500] "GET /BLA/resoluciones/AUTOS%202017/1521.pdf HTTP/1.0" 200 367374
216.245.221.92 - - [05/Jan/2024:01:05:43 -0500] "HEAD / HTTP/1.1" 200 -
34.91.15.32 - - [05/Jan/2024:01:05:56 -0500] "GET /las-tres-caminatas-para-cerrar-el-ano-entre-la-naturaleza.html HTTP/1.1" 200 776
156.59.198.136 - - [05/Jan/2024:01:05:59 -0500] "GET /BLA/resoluciones/RESOLUCIONES%202007/RES%202007%203801%20AL%203900/RESOLUCION%203895%20DE%202007.pdf HTTP/1.0" 200 417092
52.167.144.235 - - [05/Jan/2024:01:06:09 -0500] "GET /BLA/resoluciones/RESOLUCIONES%202023/2926.pdf HTTP/1.1" 200 452746
156.59.198.136 - - [05/Jan/2024:01:06:24 -0500] "GET /BLA/resoluciones/RESOLUCIONES%202007/RES%202007%202201%20AL%202300/RESOLUCION%202238%20DE%202007.pdf HTTP/1.0" 200 339085
216.244.66.195 - - [05/Jan/2024:01:06:33 -0500] "GET /robots.txt HTTP/1.1" 404 1018
201.245.192.253 - - [05/Jan/2024:01:06:41 -0500] "POST /kwsrmcab/Wsrmcab  HTTP/1.1" 200 36937
35.204.92.60 - - [05/Jan/2024:01:06:45 -0500] "GET /distrito-exalto-a-246-empresas-de-bogota-por-su-alto-desempeno-y-responsabilidad-ambiental-durante-2023.html HTTP/1.1" 200 1039
156.59.198.136 - - [05/Jan/2024:01:06:49 -0500] "GET /BLA/resoluciones/AUTOS%202017/3246.pdf HTTP/1.0" 200 271176
156.59.198.135 - - [05/Jan/2024:01:07:13 -0500] "GET /BLA/resoluciones/Notificaciones/RESOLUCIONES%202017/2818.pdf HTTP/1.0" 200 322195
156.59.198.135 - - [05/Jan/2024:01:07:38 -0500] "GET /BLA/resoluciones/RESOLUCIONES%202014/2871.pdf HTTP/1.0" 200 259095
181.53.14.183 - - [05/Jan/2024:01:07:57 -0500] "-" 408 -
156.59.198.136 - - [05/Jan/2024:01:08:04 -0500] "GET /BLA/resoluciones/RESOLUCIONES%202014/1821.pdf HTTP/1.0" 200 775651
66.249.66.21 - - [05/Jan/2024:01:08:09 -0500] "GET /resoluciones/RESOLUCIONES%202010/1908.pdf HTTP/1.1" 404 1018
156.59.198.135 - - [05/Jan/2024:01:08:28 -0500] "GET /BLA/resoluciones/RESOLUCIONES%202007/RES%202007%203101%20AL%203200/RESOLUCION%203124%20DE%202007.pdf HTTP/1.0" 200 580072
66.249.66.19 - - [05/Jan/2024:01:08:46 -0500] "GET /BLA/resoluciones/RESOLUCIONES%202009/5481.pdf HTTP/1.1" 200 499241
156.59.198.136 - - [05/Jan/2024:01:08:52 -0500] "GET /BLA/resoluciones/Notificaciones/RESOLUCIONES%202017/02883.pdf HTTP/1.0" 200 329871
156.59.198.136 - - [05/Jan/2024:01:09:17 -0500] "GET /BLA/resoluciones/RESOLUCIONES%202007/RES%202007%203101%20AL%203200/RESOLUCION%203115%20DE%202007.pdf HTTP/1.0" 200 1261782
172.22.2.4 - - [05/Jan/2024:01:07:56 -0500] "HEAD /BLA/boletinlegal/ HTTP/1.1" 200 -
156.59.198.136 - - [05/Jan/2024:01:09:41 -0500] "GET /BLA/resoluciones/RESOLUCIONES%202007/RES%202007%203801%20AL%203900/RESOLUCION%203880%20DE%202007.pdf HTTP/1.0" 200 280847
52.167.144.203 - - [05/Jan/2024:01:10:00 -0500] "GET /BLA/resoluciones/RESOLUCIONES%202023/02528.pdf HTTP/1.1" 200 483540
156.59.198.136 - - [05/Jan/2024:01:10:05 -0500] "GET /BLA/resoluciones/RESOLUCIONES%202007/RES%202007%203101%20AL%203200/RESOLUCION%203184%20DE%202007.pdf HTTP/1.0" 200 282982
172.22.2.4 - - [05/Jan/2024:01:08:46 -0500] "GET /BLA/boletinlegal/ HTTP/1.1" 200 58567
47.128.126.110 - - [05/Jan/2024:01:10:32 -0500] "GET /BLA/resoluciones/index.php?dir=RESOLUCIONES%202007%2FRES%202007%204301%20AL%204352%2F&order=asc&sort=date HTTP/1.1" 200 14905
47.128.126.110 - - [05/Jan/2024:01:10:32 -0500] "GET /BLA/resoluciones/dlf/dirup.png HTTP/1.1" 200 644
47.128.126.110 - - [05/Jan/2024:01:10:32 -0500] "GET /BLA/resoluciones/dlf/pdf.gif HTTP/1.1" 200 272
216.245.221.92 - - [05/Jan/2024:01:10:43 -0500] "HEAD / HTTP/1.1" 200 -
47.128.16.197 - - [05/Jan/2024:01:10:56 -0500] "GET /BLA/resoluciones/index.php?dir=RESOLUCIONES%202007%2FRES%202007%204301%20AL%204352%2F&order=asc&sort=size HTTP/1.1" 200 14905
47.128.16.197 - - [05/Jan/2024:01:10:57 -0500] "GET /BLA/resoluciones/dlf/pdf.gif HTTP/1.1" 200 272
47.128.16.197 - - [05/Jan/2024:01:10:57 -0500] "GET /BLA/resoluciones/dlf/dirup.png HTTP/1.1" 200 644
172.22.2.4 - - [05/Jan/2024:01:11:00 -0500] "GET /BLA/boletinlegal/Circulares/2023/CIRCULAR%20No.%2000010%20DEL%2010%20DE%20OCTUBRE%20DEL%202023.pdf HTTP/1.1" 304 -
40.77.167.52 - - [05/Jan/2024:01:11:12 -0500] "GET /Publicaciones/2023EE223715.pdf HTTP/1.1" 404 228
156.59.198.136 - - [05/Jan/2024:01:11:17 -0500] "GET /BLA/resoluciones/RESOLUCIONES%202007/RES%202007%203801%20AL%203900/RESOLUCION%203829%20DE%202007.pdf HTTP/1.0" 200 248371
201.245.192.253 - - [05/Jan/2024:01:11:40 -0500] "POST /kwsrmcab/Wsrmcab  HTTP/1.1" 200 36937
156.59.198.136 - - [05/Jan/2024:01:11:42 -0500] "GET /BLA/resoluciones/RESOLUCIONES%202007/RES%202007%203101%20AL%203200/RESOLUCION%203125%20DE%202007.pdf HTTP/1.0" 200 545657
156.59.198.135 - - [05/Jan/2024:01:12:08 -0500] "GET /BLA/resoluciones/Notificaciones/RESOLUCIONES%202017/1485.pdf HTTP/1.0" 200 387988
156.59.198.136 - - [05/Jan/2024:01:12:32 -0500] "GET /BLA/resoluciones/RESOLUCIONES%202007/RES%202007%203801%20AL%203900/RESOLUCION%203860%20DE%202007.pdf HTTP/1.0" 200 66295
156.59.198.135 - - [05/Jan/2024:01:12:58 -0500] "GET /BLA/resoluciones/RESOLUCIONES%202007/RES%202007%203101%20AL%203200/RESOLUCION%203108%20DE%202007.pdf HTTP/1.0" 200 981944
156.59.198.136 - - [05/Jan/2024:01:13:21 -0500] "GET /BLA/resoluciones/RESOLUCIONES%202007/RES%202007%203801%20AL%203900/RESOLUCION%203888%20DE%202007.pdf HTTP/1.0" 200 381768
40.77.167.247 - - [05/Jan/2024:01:13:30 -0500] "GET /BLA/resoluciones/AUTOS%202020/3695.pdf HTTP/1.1" 200 346047
172.22.2.4 - - [05/Jan/2024:01:13:39 -0500] "GET /BLA/boletinlegal/log/.git/config HTTP/1.1" 404 1018
156.59.198.136 - - [05/Jan/2024:01:13:48 -0500] "GET /BLA/resoluciones/RESOLUCIONES%202007/RES%202007%203801%20AL%203900/RESOLUCION%203830%20DE%202007.pdf HTTP/1.0" 200 1208954
156.59.198.136 - - [05/Jan/2024:01:14:11 -0500] "GET /BLA/resoluciones/Notificaciones/RESOLUCIONES%202017/02932.pdf HTTP/1.0" 200 950808
156.59.198.136 - - [05/Jan/2024:01:14:36 -0500] "GET /BLA/resoluciones/RESOLUCIONES%202007/RES%202007%203801%20AL%203900/RESOLUCION%203811%20%20DE%202007.pdf HTTP/1.0" 200 391944
52.167.144.234 - - [05/Jan/2024:01:14:46 -0500] "GET /BLA/resoluciones/AUTOS%202020/0741.pdf HTTP/1.1" 200 369509
156.59.198.136 - - [05/Jan/2024:01:15:00 -0500] "GET /BLA/resoluciones/RESOLUCIONES%202007/RES%202007%203101%20AL%203200/RESOLUCION%203155%20DE%202007.pdf HTTP/1.0" 200 348912
201.245.192.253 - - [05/Jan/2024:01:15:20 -0500] "POST /kwsrmcab/Wsrmcab HTTP/1.1" 200 40463
156.59.198.136 - - [05/Jan/2024:01:15:24 -0500] "GET /BLA/resoluciones/Notificaciones/RESOLUCIONES%202017/01317.pdf HTTP/1.0" 200 277240
201.245.192.253 - - [05/Jan/2024:01:15:23 -0500] "POST /kwsrmcab/Wsrmcab HTTP/1.1" 200 36805
172.22.2.4 - - [05/Jan/2024:01:13:46 -0500] "HEAD /BLA/boletinlegal/ HTTP/1.1" 200 -
66.249.66.20 - - [05/Jan/2024:01:15:29 -0500] "GET /Publicaciones/2022EE310902.pdf HTTP/1.1" 404 228
66.249.66.21 - - [05/Jan/2024:01:15:29 -0500] "GET /BLA/boletinlegal/Directivas/2018/Directiva%20No.%2024%20del%2027%20de%20diciembre%20de%202018.pdf HTTP/1.1" 200 575948
66.249.66.20 - - [05/Jan/2024:01:15:30 -0500] "GET /BLA/resoluciones/AUTOS%202013/2238.pdf HTTP/1.1" 200 641166
216.245.221.92 - - [05/Jan/2024:01:15:43 -0500] "HEAD / HTTP/1.1" 200 -
156.59.198.136 - - [05/Jan/2024:01:15:48 -0500] "GET /BLA/resoluciones/RESOLUCIONES%202007/RES%202007%203801%20AL%203900/RESOLUCION%203814%20DE%202007.pdf HTTP/1.0" 200 389136
156.59.198.135 - - [05/Jan/2024:01:16:13 -0500] "GET /BLA/resoluciones/Notificaciones/RESOLUCIONES%202017/03514.pdf HTTP/1.0" 200 329432
172.22.2.4 - - [05/Jan/2024:01:14:36 -0500] "GET /BLA/boletinlegal/ HTTP/1.1" 200 50150
156.59.198.135 - - [05/Jan/2024:01:16:36 -0500] "GET /BLA/resoluciones/RESOLUCIONES%202007/RES%202007%203801%20AL%203900/RESOLUCION%203883%20DE%202007.pdf HTTP/1.0" 200 954104
13.89.221.122 - - [05/Jan/2024:01:16:37 -0500] "GET /robots.txt HTTP/1.1" 404 1018
201.245.192.253 - - [05/Jan/2024:01:16:38 -0500] "POST /kwsrmcab/Wsrmcab  HTTP/1.1" 200 36937
152.61.192.232 - - [05/Jan/2024:01:17:00 -0500] "GET / HTTP/1.1" 200 319
156.59.198.136 - - [05/Jan/2024:01:17:01 -0500] "GET /BLA/resoluciones/Notificaciones/RESOLUCIONES%202017/01955.doc HTTP/1.0" 200 425195
156.59.198.135 - - [05/Jan/2024:01:17:26 -0500] "GET /BLA/resoluciones/RESOLUCIONES%202007/RES%202007%203101%20AL%203200/RESOLUCION%203182%20DE%202007.pdf HTTP/1.0" 200 72373
156.59.198.136 - - [05/Jan/2024:01:17:51 -0500] "GET /BLA/resoluciones/Notificaciones/RESOLUCIONES%202017/1831.pdf HTTP/1.0" 200 325223
156.59.198.136 - - [05/Jan/2024:01:18:16 -0500] "GET /BLA/resoluciones/RESOLUCIONES%202007/RES%202007%203101%20AL%203200/RESOLUCION%203112%20DE%202007.pdf HTTP/1.0" 200 336233
156.59.198.135 - - [05/Jan/2024:01:18:40 -0500] "GET /BLA/resoluciones/Notificaciones/RESOLUCIONES%202017/4434.pdf HTTP/1.0" 200 288379
186.29.123.130 - - [05/Jan/2024:01:18:47 -0500] "GET /sipse/faces/index.xhtml HTTP/1.1" 200 677
186.29.123.130 - - [05/Jan/2024:01:18:47 -0500] "GET /sipse/faces/javax.faces.resource/theme.css?ln=primefaces-sipse HTTP/1.1" 304 -
186.29.123.130 - - [05/Jan/2024:01:18:48 -0500] "GET /sipse/faces/faces/autenticacion.xhtml HTTP/1.1" 200 12402
186.29.123.130 - - [05/Jan/2024:01:18:49 -0500] "GET /sipse/js/disable_browser_buttons.js HTTP/1.1" 200 3230
186.29.123.130 - - [05/Jan/2024:01:18:49 -0500] "GET /sipse/css/custom_css_sg_prime_login.css HTTP/1.1" 200 443
186.29.123.130 - - [05/Jan/2024:01:18:49 -0500] "GET /sipse/faces/javax.faces.resource/theme.css?ln=primefaces-sipse HTTP/1.1" 304 -
186.29.123.130 - - [05/Jan/2024:01:18:49 -0500] "GET /sipse/css/custom_css_sg.css HTTP/1.1" 200 9694
186.29.123.130 - - [05/Jan/2024:01:18:49 -0500] "GET /sipse/faces/javax.faces.resource/jquery/jquery.js?ln=primefaces&v=4.0 HTTP/1.1" 304 -
186.29.123.130 - - [05/Jan/2024:01:18:49 -0500] "GET /sipse/js/funciones.js HTTP/1.1" 200 12592
186.29.123.130 - - [05/Jan/2024:01:18:49 -0500] "GET /sipse/faces/javax.faces.resource/primefaces.css?ln=primefaces&v=4.0 HTTP/1.1" 304 -
186.29.123.130 - - [05/Jan/2024:01:18:49 -0500] "GET /sipse/faces/javax.faces.resource/jquery/jquery-plugins.js?ln=primefaces&v=4.0 HTTP/1.1" 304 -
186.29.123.130 - - [05/Jan/2024:01:18:49 -0500] "GET /sipse/faces/javax.faces.resource/primefaces.js?ln=primefaces&v=4.0 HTTP/1.1" 304 -
186.29.123.130 - - [05/Jan/2024:01:18:49 -0500] "GET /sipse/faces/javax.faces.resource/layout/layout.css?ln=primefaces&v=4.0 HTTP/1.1" 304 -
186.29.123.130 - - [05/Jan/2024:01:18:49 -0500] "GET /sipse/faces/javax.faces.resource/layout/layout.js?ln=primefaces&v=4.0 HTTP/1.1" 304 -
186.29.123.130 - - [05/Jan/2024:01:18:49 -0500] "GET /sipse/faces/javax.faces.resource/images/ui-icons_898989_256x240.png?ln=primefaces-aristo HTTP/1.1" 304 -
186.29.123.130 - - [05/Jan/2024:01:18:49 -0500] "GET /sipse/css/imagen/logoSDG.png HTTP/1.1" 200 53064
186.29.123.130 - - [05/Jan/2024:01:18:49 -0500] "GET /sipse/css/imagen/loginimg.png HTTP/1.1" 200 71635
186.29.123.130 - - [05/Jan/2024:01:18:55 -0500] "POST /sipse/faces/autenticacion.xhtml HTTP/1.1" 200 16842
186.29.123.130 - - [05/Jan/2024:01:18:55 -0500] "GET /sipse/css/custom_css_sg_prime.css HTTP/1.1" 200 5201
186.29.123.130 - - [05/Jan/2024:01:18:55 -0500] "GET /sipse/faces/javax.faces.resource/theme.css?ln=primefaces-sipse HTTP/1.1" 304 -
186.29.123.130 - - [05/Jan/2024:01:18:55 -0500] "GET /sipse/faces/javax.faces.resource/primefaces.css?ln=primefaces&v=4.0 HTTP/1.1" 304 -
186.29.123.130 - - [05/Jan/2024:01:18:55 -0500] "GET /sipse/faces/javax.faces.resource/layout/layout.css?ln=primefaces&v=4.0 HTTP/1.1" 304 -
186.29.123.130 - - [05/Jan/2024:01:18:55 -0500] "GET /sipse/js/jquery.min.js HTTP/1.1" 200 85582
186.29.123.130 - - [05/Jan/2024:01:18:55 -0500] "GET /sipse/faces/javax.faces.resource/jquery/jquery.js?ln=primefaces&v=4.0 HTTP/1.1" 304 -
186.29.123.130 - - [05/Jan/2024:01:18:55 -0500] "GET /sipse/faces/javax.faces.resource/jquery/jquery-plugins.js?ln=primefaces&v=4.0 HTTP/1.1" 304 -
186.29.123.130 - - [05/Jan/2024:01:18:56 -0500] "GET /sipse/faces/javax.faces.resource/primefaces.js?ln=primefaces&v=4.0 HTTP/1.1" 304 -
186.29.123.130 - - [05/Jan/2024:01:18:56 -0500] "GET /sipse/faces/javax.faces.resource/layout/layout.js?ln=primefaces&v=4.0 HTTP/1.1" 304 -
186.29.123.130 - - [05/Jan/2024:01:18:56 -0500] "GET /sipse/css/v_mergente.css HTTP/1.1" 200 1505
186.29.123.130 - - [05/Jan/2024:01:18:56 -0500] "GET /sipse/imagenes/cargando.gif HTTP/1.1" 200 36959
186.29.123.130 - - [05/Jan/2024:01:18:56 -0500] "GET /sipse/imagenes/logoAplicacion.jpg HTTP/1.1" 200 155084
186.29.123.130 - - [05/Jan/2024:01:18:56 -0500] "GET /sipse/css/imagen/contrasena.png HTTP/1.1" 404 383
186.29.123.130 - - [05/Jan/2024:01:18:56 -0500] "GET /sipse/faces/javax.faces.resource/messages/messages.png?ln=primefaces&v=4.0 HTTP/1.1" 304 -
186.29.123.130 - - [05/Jan/2024:01:18:59 -0500] "GET /sipse/faces/javax.faces.resource/images/ui-bg_flat_0_2d5972_40x100.png?ln=primefaces-aristo HTTP/1.1" 304 -
186.29.123.130 - - [05/Jan/2024:01:18:59 -0500] "POST /sipse/faces/bienvenido.xhtml HTTP/1.1" 200 2073
