186.29.123.130 - - [05/Jan/2024:01:19:00 -0500] "POST /sipse/faces/bienvenido.xhtml HTTP/1.1" 200 39026
186.29.123.130 - - [05/Jan/2024:01:19:00 -0500] "GET /sipse/faces/javax.faces.resource/theme.css?ln=primefaces-sipse HTTP/1.1" 304 -
186.29.123.130 - - [05/Jan/2024:01:19:00 -0500] "GET /sipse/faces/javax.faces.resource/primefaces.css?ln=primefaces&v=4.0 HTTP/1.1" 304 -
186.29.123.130 - - [05/Jan/2024:01:19:00 -0500] "GET /sipse/faces/javax.faces.resource/layout/layout.css?ln=primefaces&v=4.0 HTTP/1.1" 304 -
186.29.123.130 - - [05/Jan/2024:01:19:00 -0500] "GET /sipse/faces/javax.faces.resource/jquery/jquery.js?ln=primefaces&v=4.0 HTTP/1.1" 304 -
186.29.123.130 - - [05/Jan/2024:01:19:01 -0500] "GET /sipse/faces/javax.faces.resource/jquery/jquery-plugins.js?ln=primefaces&v=4.0 HTTP/1.1" 304 -
186.29.123.130 - - [05/Jan/2024:01:19:01 -0500] "GET /sipse/faces/javax.faces.resource/primefaces.js?ln=primefaces&v=4.0 HTTP/1.1" 304 -
186.29.123.130 - - [05/Jan/2024:01:19:01 -0500] "GET /sipse/faces/javax.faces.resource/layout/layout.js?ln=primefaces&v=4.0 HTTP/1.1" 304 -
156.59.198.135 - - [05/Jan/2024:01:19:04 -0500] "GET /BLA/resoluciones/Notificaciones/RESOLUCIONES%202017/00959.doc HTTP/1.0" 200 450782
186.29.123.130 - - [05/Jan/2024:01:19:20 -0500] "POST /sipse/faces/presentacion/financiero/solicitudProceso/consultar.xhtml HTTP/1.1" 200 12937
186.29.123.130 - - [05/Jan/2024:01:19:26 -0500] "POST /sipse/faces/presentacion/financiero/solicitudProceso/consultar.xhtml HTTP/1.1" 200 154877
186.29.123.130 - - [05/Jan/2024:01:19:27 -0500] "GET /sipse/faces/javax.faces.resource/theme.css?ln=primefaces-sipse HTTP/1.1" 304 -
186.29.123.130 - - [05/Jan/2024:01:19:27 -0500] "GET /sipse/faces/javax.faces.resource/primefaces.css?ln=primefaces&v=4.0 HTTP/1.1" 304 -
186.29.123.130 - - [05/Jan/2024:01:19:27 -0500] "GET /sipse/faces/javax.faces.resource/layout/layout.css?ln=primefaces&v=4.0 HTTP/1.1" 304 -
186.29.123.130 - - [05/Jan/2024:01:19:27 -0500] "GET /sipse/faces/javax.faces.resource/jquery/jquery.js?ln=primefaces&v=4.0 HTTP/1.1" 304 -
186.29.123.130 - - [05/Jan/2024:01:19:27 -0500] "GET /sipse/faces/javax.faces.resource/jquery/jquery-plugins.js?ln=primefaces&v=4.0 HTTP/1.1" 304 -
186.29.123.130 - - [05/Jan/2024:01:19:27 -0500] "GET /sipse/faces/javax.faces.resource/primefaces.js?ln=primefaces&v=4.0 HTTP/1.1" 304 -
186.29.123.130 - - [05/Jan/2024:01:19:27 -0500] "GET /sipse/faces/javax.faces.resource/layout/layout.js?ln=primefaces&v=4.0 HTTP/1.1" 304 -
156.59.198.136 - - [05/Jan/2024:01:19:29 -0500] "GET /BLA/resoluciones/RESOLUCIONES%202007/RES%202007%203101%20AL%203200/RESOLUCION%203148%20DE%202007.pdf HTTP/1.0" 200 770422
201.245.192.253 - - [05/Jan/2024:01:19:31 -0500] "POST /kwsrmcab/Wsrmcab HTTP/1.1" 200 40463
186.29.123.130 - - [05/Jan/2024:01:19:36 -0500] "POST /sipse/faces/presentacion/financiero/solicitudProceso/consultarSolicitudProceso.xhtml HTTP/1.1" 200 92256
156.59.198.135 - - [05/Jan/2024:01:19:52 -0500] "GET /BLA/resoluciones/RESOLUCIONES%202007/RES%202007%203801%20AL%203900/RESOLUCION%203820%20DE%202007.pdf HTTP/1.0" 200 8115359
201.245.192.253 - - [05/Jan/2024:01:20:11 -0500] "POST /kwsrmcab/Wsrmcab HTTP/1.1" 200 36805
156.59.198.135 - - [05/Jan/2024:01:20:17 -0500] "GET /BLA/resoluciones/RESOLUCIONES%202007/RES%202007%203101%20AL%203200/RESOLUCION%203191%20DE%202007.pdf HTTP/1.0" 200 702698
156.59.198.135 - - [05/Jan/2024:01:20:42 -0500] "GET /BLA/resoluciones/RESOLUCIONES%202007/RES%202007%203101%20AL%203200/RESOLUCION%203121%20DE%202007.pdf HTTP/1.0" 200 519690
216.245.221.92 - - [05/Jan/2024:01:20:42 -0500] "HEAD / HTTP/1.1" 200 -
216.244.66.195 - - [05/Jan/2024:01:21:04 -0500] "GET /BLA/resoluciones/AUTOS%202012/3052.pdf HTTP/1.1" 200 269093
156.59.198.135 - - [05/Jan/2024:01:21:06 -0500] "GET /BLA/resoluciones/RESOLUCIONES%202007/RES%202007%203801%20AL%203900/RESOLUCION%203818%20%20DE%202007.pdf HTTP/1.0" 200 1304300
216.244.66.195 - - [05/Jan/2024:01:21:10 -0500] "GET /BLA/resoluciones/AUTOS%202019/0991.pdf HTTP/1.1" 200 267883
172.22.2.4 - - [05/Jan/2024:01:19:36 -0500] "HEAD /BLA/boletinlegal/ HTTP/1.1" 200 -
186.29.123.130 - - [05/Jan/2024:01:21:21 -0500] "POST /sipse/faces/presentacion/financiero/solicitudProceso/consultarSolicitudProceso.xhtml HTTP/1.1" 200 42188
186.29.123.130 - - [05/Jan/2024:01:21:22 -0500] "GET /sipse/faces/javax.faces.resource/theme.css?ln=primefaces-sipse HTTP/1.1" 304 -
186.29.123.130 - - [05/Jan/2024:01:21:22 -0500] "GET /sipse/faces/javax.faces.resource/primefaces.css?ln=primefaces&v=4.0 HTTP/1.1" 304 -
186.29.123.130 - - [05/Jan/2024:01:21:22 -0500] "GET /sipse/faces/javax.faces.resource/layout/layout.css?ln=primefaces&v=4.0 HTTP/1.1" 304 -
186.29.123.130 - - [05/Jan/2024:01:21:22 -0500] "GET /sipse/faces/javax.faces.resource/jquery/jquery.js?ln=primefaces&v=4.0 HTTP/1.1" 304 -
186.29.123.130 - - [05/Jan/2024:01:21:22 -0500] "GET /sipse/faces/javax.faces.resource/jquery/jquery-plugins.js?ln=primefaces&v=4.0 HTTP/1.1" 304 -
186.29.123.130 - - [05/Jan/2024:01:21:22 -0500] "GET /sipse/faces/javax.faces.resource/primefaces.js?ln=primefaces&v=4.0 HTTP/1.1" 304 -
186.29.123.130 - - [05/Jan/2024:01:21:22 -0500] "GET /sipse/faces/javax.faces.resource/layout/layout.js?ln=primefaces&v=4.0 HTTP/1.1" 304 -
186.29.123.130 - - [05/Jan/2024:01:21:22 -0500] "POST /sipse/faces/presentacion/financiero/solicitudProceso/consultar.xhtml HTTP/1.1" 200 35541
186.29.123.130 - - [05/Jan/2024:01:21:22 -0500] "POST /sipse/faces/presentacion/financiero/solicitudProceso/consultar.xhtml HTTP/1.1" 200 35541
186.29.123.130 - - [05/Jan/2024:01:21:28 -0500] "POST /sipse/faces/presentacion/financiero/solicitudProceso/consultar.xhtml HTTP/1.1" 200 12978
156.59.198.136 - - [05/Jan/2024:01:21:32 -0500] "GET /BLA/resoluciones/Notificaciones/RESOLUCIONES%202017/2095.pdf HTTP/1.0" 200 280450
186.29.123.130 - - [05/Jan/2024:01:21:35 -0500] "POST /sipse/faces/presentacion/financiero/solicitudProceso/consultar.xhtml HTTP/1.1" 200 170966
186.29.123.130 - - [05/Jan/2024:01:21:36 -0500] "GET /sipse/faces/javax.faces.resource/theme.css?ln=primefaces-sipse HTTP/1.1" 304 -
186.29.123.130 - - [05/Jan/2024:01:21:36 -0500] "GET /sipse/faces/javax.faces.resource/primefaces.css?ln=primefaces&v=4.0 HTTP/1.1" 304 -
186.29.123.130 - - [05/Jan/2024:01:21:36 -0500] "GET /sipse/faces/javax.faces.resource/layout/layout.css?ln=primefaces&v=4.0 HTTP/1.1" 304 -
186.29.123.130 - - [05/Jan/2024:01:21:36 -0500] "GET /sipse/faces/javax.faces.resource/jquery/jquery.js?ln=primefaces&v=4.0 HTTP/1.1" 304 -
186.29.123.130 - - [05/Jan/2024:01:21:36 -0500] "GET /sipse/faces/javax.faces.resource/jquery/jquery-plugins.js?ln=primefaces&v=4.0 HTTP/1.1" 304 -
186.29.123.130 - - [05/Jan/2024:01:21:36 -0500] "GET /sipse/faces/javax.faces.resource/primefaces.js?ln=primefaces&v=4.0 HTTP/1.1" 304 -
186.29.123.130 - - [05/Jan/2024:01:21:36 -0500] "GET /sipse/faces/javax.faces.resource/layout/layout.js?ln=primefaces&v=4.0 HTTP/1.1" 304 -
216.244.66.195 - - [05/Jan/2024:01:21:38 -0500] "GET /BLA/resoluciones/AUTOS%202019/1985.pdf HTTP/1.1" 200 315339
201.245.192.253 - - [05/Jan/2024:01:21:37 -0500] "POST /kwsrmcab/Wsrmcab  HTTP/1.1" 200 36937
186.29.123.130 - - [05/Jan/2024:01:21:47 -0500] "POST /sipse/faces/presentacion/financiero/solicitudProceso/consultarSolicitudProceso.xhtml HTTP/1.1" 200 1112683
156.59.198.136 - - [05/Jan/2024:01:21:56 -0500] "GET /BLA/resoluciones/Notificaciones/RESOLUCIONES%202017/1409.pdf HTTP/1.0" 200 389551
172.22.2.4 - - [05/Jan/2024:01:20:26 -0500] "GET /BLA/boletinlegal/ HTTP/1.1" 200 60502
216.244.66.195 - - [05/Jan/2024:01:22:18 -0500] "GET /BLA/resoluciones/AUTOS%202019/2440.pdf HTTP/1.1" 200 259288
156.59.198.136 - - [05/Jan/2024:01:22:20 -0500] "GET /BLA/resoluciones/RESOLUCIONES%202007/RES%202007%203101%20AL%203200/RESOLUCION%203199%20DE%202007.pdf HTTP/1.0" 200 621334
40.77.167.41 - - [05/Jan/2024:01:22:34 -0500] "GET /BLA/resoluciones/AUTOS%202020/4381.pdf HTTP/1.1" 200 405341
185.224.128.191 - - [05/Jan/2024:01:22:39 -0500] "GET / HTTP/1.1" 200 319
156.59.198.136 - - [05/Jan/2024:01:22:45 -0500] "GET /BLA/resoluciones/Notificaciones/RESOLUCIONES%202017/01308.pdf HTTP/1.0" 200 880866
216.244.66.195 - - [05/Jan/2024:01:22:54 -0500] "GET /BLA/resoluciones/AUTOS%202019/2569.pdf HTTP/1.1" 200 282845
156.59.198.135 - - [05/Jan/2024:01:23:09 -0500] "GET /BLA/resoluciones/Notificaciones/RESOLUCIONES%202017/02621.pdf HTTP/1.0" 200 291332
156.59.198.136 - - [05/Jan/2024:01:23:33 -0500] "GET /BLA/resoluciones/Notificaciones/RESOLUCIONES%202017/01625.pdf HTTP/1.0" 200 403928
152.61.128.50 - - [05/Jan/2024:01:23:54 -0500] "GET / HTTP/1.1" 200 319
156.59.198.135 - - [05/Jan/2024:01:23:58 -0500] "GET /BLA/resoluciones/RESOLUCIONES%202007/RES%202007%203801%20AL%203900/RESOLUCION%203873%20DE%202007.pdf HTTP/1.0" 200 252885
156.59.198.135 - - [05/Jan/2024:01:24:22 -0500] "GET /BLA/resoluciones/RESOLUCIONES%202007/RES%202007%203101%20AL%203200/RESOLUCION%203127%20DE%202007.pdf HTTP/1.0" 200 197555
156.59.198.135 - - [05/Jan/2024:01:24:47 -0500] "GET /BLA/resoluciones/RESOLUCIONES%202007/RES%202007%203801%20AL%203900/RESOLUCION%203804%20%20DE%202007.pdf HTTP/1.0" 200 395003
156.59.198.136 - - [05/Jan/2024:01:25:12 -0500] "GET /BLA/resoluciones/RESOLUCIONES%202007/RES%202007%203801%20AL%203900/RESOLUCION%203825%20DE%202007.pdf HTTP/1.0" 200 197258
201.245.192.253 - - [05/Jan/2024:01:25:21 -0500] "POST /kwsrmcab/Wsrmcab HTTP/1.1" 200 40463
201.245.192.253 - - [05/Jan/2024:01:25:23 -0500] "POST /kwsrmcab/Wsrmcab HTTP/1.1" 200 36805
156.59.198.135 - - [05/Jan/2024:01:25:36 -0500] "GET /BLA/resoluciones/Notificaciones/RESOLUCIONES%202017/00123.doc HTTP/1.0" 200 565055
216.245.221.92 - - [05/Jan/2024:01:25:42 -0500] "HEAD / HTTP/1.1" 200 -
156.59.198.135 - - [05/Jan/2024:01:26:00 -0500] "GET /BLA/resoluciones/RESOLUCIONES%202007/RES%202007%203101%20AL%203200/RESOLUCION%203163%20DE%202007.pdf HTTP/1.0" 200 162614
156.59.198.136 - - [05/Jan/2024:01:26:25 -0500] "GET /BLA/resoluciones/Notificaciones/RESOLUCIONES%202017/03508.pdf HTTP/1.0" 200 297646
201.245.192.253 - - [05/Jan/2024:01:26:36 -0500] "POST /kwsrmcab/Wsrmcab  HTTP/1.1" 200 36937
156.59.198.136 - - [05/Jan/2024:01:26:48 -0500] "GET /BLA/resoluciones/RESOLUCIONES%202007/RES%202007%203101%20AL%203200/RESOLUCION%203138%20DE%202007.pdf HTTP/1.0" 200 27184
172.22.2.4 - - [05/Jan/2024:01:25:26 -0500] "HEAD /BLA/boletinlegal/ HTTP/1.1" 200 -
156.59.198.136 - - [05/Jan/2024:01:27:15 -0500] "GET /BLA/resoluciones/RESOLUCIONES%202007/RES%202007%203101%20AL%203200/RESOLUCION%203170%20%20DE%202007.pdf HTTP/1.0" 200 842862
156.59.198.136 - - [05/Jan/2024:01:27:43 -0500] "GET /BLA/resoluciones/RESOLUCIONES%202000/1957.pdf HTTP/1.0" 200 41328
40.77.167.41 - - [05/Jan/2024:01:27:54 -0500] "GET /BLA/resoluciones/AUTOS%202020/0412.pdf HTTP/1.1" 200 575969
172.22.2.4 - - [05/Jan/2024:01:26:16 -0500] "GET /BLA/boletinlegal/ HTTP/1.1" 200 60910
156.59.198.136 - - [05/Jan/2024:01:28:03 -0500] "GET /BLA/resoluciones/RESOLUCIONES%202000/RESOLUCION%201495%20DE%202000.pdf HTTP/1.0" 200 104085
186.29.123.130 - - [05/Jan/2024:01:28:24 -0500] "POST /sipse/faces/presentacion/financiero/solicitudProceso/consultarSolicitudProceso.xhtml HTTP/1.1" 200 42229
186.29.123.130 - - [05/Jan/2024:01:28:24 -0500] "GET /sipse/faces/javax.faces.resource/theme.css?ln=primefaces-sipse HTTP/1.1" 304 -
186.29.123.130 - - [05/Jan/2024:01:28:24 -0500] "GET /sipse/faces/javax.faces.resource/primefaces.css?ln=primefaces&v=4.0 HTTP/1.1" 304 -
186.29.123.130 - - [05/Jan/2024:01:28:24 -0500] "GET /sipse/faces/javax.faces.resource/layout/layout.css?ln=primefaces&v=4.0 HTTP/1.1" 304 -
186.29.123.130 - - [05/Jan/2024:01:28:24 -0500] "GET /sipse/faces/javax.faces.resource/jquery/jquery.js?ln=primefaces&v=4.0 HTTP/1.1" 304 -
186.29.123.130 - - [05/Jan/2024:01:28:24 -0500] "GET /sipse/faces/javax.faces.resource/jquery/jquery-plugins.js?ln=primefaces&v=4.0 HTTP/1.1" 304 -
186.29.123.130 - - [05/Jan/2024:01:28:24 -0500] "GET /sipse/css/imagen/contrasena.png HTTP/1.1" 404 383
186.29.123.130 - - [05/Jan/2024:01:28:24 -0500] "GET /sipse/faces/javax.faces.resource/primefaces.js?ln=primefaces&v=4.0 HTTP/1.1" 304 -
186.29.123.130 - - [05/Jan/2024:01:28:24 -0500] "GET /sipse/faces/javax.faces.resource/layout/layout.js?ln=primefaces&v=4.0 HTTP/1.1" 304 -
186.29.123.130 - - [05/Jan/2024:01:28:24 -0500] "POST /sipse/faces/presentacion/financiero/solicitudProceso/consultar.xhtml HTTP/1.1" 200 35582
186.29.123.130 - - [05/Jan/2024:01:28:24 -0500] "POST /sipse/faces/presentacion/financiero/solicitudProceso/consultar.xhtml HTTP/1.1" 200 35582
186.29.123.130 - - [05/Jan/2024:01:28:24 -0500] "POST /sipse/faces/presentacion/financiero/solicitudProceso/consultar.xhtml HTTP/1.1" 200 35582
186.29.123.130 - - [05/Jan/2024:01:28:24 -0500] "POST /sipse/faces/presentacion/financiero/solicitudProceso/consultar.xhtml HTTP/1.1" 200 35582
156.59.198.135 - - [05/Jan/2024:01:28:27 -0500] "GET /BLA/resoluciones/Notificaciones/RESOLUCIONES%202017/01827.pdf HTTP/1.0" 200 372426
186.29.123.130 - - [05/Jan/2024:01:28:31 -0500] "POST /sipse/faces/presentacion/financiero/solicitudProceso/consultar.xhtml HTTP/1.1" 200 13117
186.29.123.130 - - [05/Jan/2024:01:28:33 -0500] "POST /sipse/faces/presentacion/financiero/solicitudProceso/consultar.xhtml HTTP/1.1" 200 13121
186.29.123.130 - - [05/Jan/2024:01:28:38 -0500] "POST /sipse/faces/presentacion/financiero/solicitudProceso/consultar.xhtml HTTP/1.1" 200 165517
186.29.123.130 - - [05/Jan/2024:01:28:38 -0500] "GET /sipse/faces/javax.faces.resource/theme.css?ln=primefaces-sipse HTTP/1.1" 304 -
186.29.123.130 - - [05/Jan/2024:01:28:38 -0500] "GET /sipse/faces/javax.faces.resource/primefaces.css?ln=primefaces&v=4.0 HTTP/1.1" 304 -
186.29.123.130 - - [05/Jan/2024:01:28:38 -0500] "GET /sipse/faces/javax.faces.resource/layout/layout.css?ln=primefaces&v=4.0 HTTP/1.1" 304 -
186.29.123.130 - - [05/Jan/2024:01:28:38 -0500] "GET /sipse/faces/javax.faces.resource/jquery/jquery.js?ln=primefaces&v=4.0 HTTP/1.1" 304 -
186.29.123.130 - - [05/Jan/2024:01:28:38 -0500] "GET /sipse/faces/javax.faces.resource/jquery/jquery-plugins.js?ln=primefaces&v=4.0 HTTP/1.1" 304 -
186.29.123.130 - - [05/Jan/2024:01:28:38 -0500] "GET /sipse/faces/javax.faces.resource/primefaces.js?ln=primefaces&v=4.0 HTTP/1.1" 304 -
186.29.123.130 - - [05/Jan/2024:01:28:38 -0500] "GET /sipse/faces/javax.faces.resource/layout/layout.js?ln=primefaces&v=4.0 HTTP/1.1" 304 -
186.29.123.130 - - [05/Jan/2024:01:28:38 -0500] "GET /sipse/css/imagen/contrasena.png HTTP/1.1" 404 383
186.29.123.130 - - [05/Jan/2024:01:28:47 -0500] "POST /sipse/faces/presentacion/financiero/solicitudProceso/consultarSolicitudProceso.xhtml HTTP/1.1" 200 81305
156.59.198.135 - - [05/Jan/2024:01:28:51 -0500] "GET /BLA/resoluciones/RESOLUCIONES%202000/1495.pdf HTTP/1.0" 200 104085
156.59.198.135 - - [05/Jan/2024:01:29:17 -0500] "GET /BLA/resoluciones/RESOLUCIONES%202007/RES%202007%203801%20AL%203900/RESOLUCION%203897%20DE%202007.pdf HTTP/1.0" 200 74342
201.245.192.253 - - [05/Jan/2024:01:29:30 -0500] "POST /kwsrmcab/Wsrmcab HTTP/1.1" 200 40463
156.59.198.135 - - [05/Jan/2024:01:29:40 -0500] "GET /BLA/resoluciones/Notificaciones/RESOLUCIONES%202017/1988.pdf HTTP/1.0" 200 414191
156.59.198.136 - - [05/Jan/2024:01:30:04 -0500] "GET /BLA/resoluciones/RESOLUCIONES%202007/RES%202007%203801%20AL%203900/RESOLUCION%203843%20%20DE%202007.pdf HTTP/1.0" 200 541589
201.245.192.253 - - [05/Jan/2024:01:30:10 -0500] "POST /kwsrmcab/Wsrmcab HTTP/1.1" 200 36805
156.59.198.136 - - [05/Jan/2024:01:30:29 -0500] "GET /BLA/resoluciones/Notificaciones/RESOLUCIONES%202017/01831.pdf HTTP/1.0" 200 325223
216.245.221.92 - - [05/Jan/2024:01:30:42 -0500] "HEAD / HTTP/1.1" 200 -
156.59.198.136 - - [05/Jan/2024:01:30:54 -0500] "GET /BLA/resoluciones/RESOLUCIONES%202007/RES%202007%203101%20AL%203200/RESOLUCION%203192%20DE%202007.pdf HTTP/1.0" 200 723369
156.59.198.135 - - [05/Jan/2024:01:31:17 -0500] "GET /BLA/resoluciones/Notificaciones/RESOLUCIONES%202017/03827.pdf HTTP/1.0" 200 346136
201.245.192.253 - - [05/Jan/2024:01:31:35 -0500] "POST /kwsrmcab/Wsrmcab  HTTP/1.1" 200 36937
156.59.198.135 - - [05/Jan/2024:01:31:41 -0500] "GET /BLA/resoluciones/Notificaciones/RESOLUCIONES%202017/03243.pdf HTTP/1.0" 200 301080
156.59.198.135 - - [05/Jan/2024:01:32:07 -0500] "GET /BLA/resoluciones/RESOLUCIONES%202007/RES%202007%203101%20AL%203200/RESOLUCION%203189%20DE%202007.pdf HTTP/1.0" 200 441934
156.59.198.135 - - [05/Jan/2024:01:32:31 -0500] "GET /BLA/resoluciones/RESOLUCIONES%202007/RES%202007%203101%20AL%203200/RESOLUCION%203106%20%20DE%202007.pdf HTTP/1.0" 200 364790
172.22.2.4 - - [05/Jan/2024:01:31:16 -0500] "HEAD /BLA/boletinlegal/ HTTP/1.1" 200 -
156.59.198.135 - - [05/Jan/2024:01:32:56 -0500] "GET /BLA/resoluciones/RESOLUCIONES%202000/2599.pdf HTTP/1.0" 200 89667
156.59.198.136 - - [05/Jan/2024:01:33:20 -0500] "GET /BLA/resoluciones/RESOLUCIONES%202007/RES%202007%203801%20AL%203900/RESOLUCION%203833%20DE%202007.pdf HTTP/1.0" 200 980021
156.59.198.136 - - [05/Jan/2024:01:33:45 -0500] "GET /BLA/resoluciones/RESOLUCIONES%202007/RES%202007%203101%20AL%203200/RESOLUCION%203196%20DE%202007.pdf HTTP/1.0" 200 307585
172.22.2.4 - - [05/Jan/2024:01:32:06 -0500] "GET /BLA/boletinlegal/ HTTP/1.1" 200 58567
156.59.198.135 - - [05/Jan/2024:01:34:09 -0500] "GET /BLA/resoluciones/RESOLUCIONES%202000/RESOLUCION%202427%20DE%202000.pdf HTTP/1.0" 200 831020
156.59.198.136 - - [05/Jan/2024:01:34:33 -0500] "GET /BLA/resoluciones/RESOLUCIONES%202007/RES%202007%203801%20AL%203900/RESOLUCION%203879%20DE%202007.pdf HTTP/1.0" 200 439462
156.59.198.136 - - [05/Jan/2024:01:34:59 -0500] "GET /BLA/resoluciones/Notificaciones/RESOLUCIONES%202017/3113.pdf HTTP/1.0" 200 267190
201.245.192.253 - - [05/Jan/2024:01:35:20 -0500] "POST /kwsrmcab/Wsrmcab HTTP/1.1" 503 1020
201.245.192.253 - - [05/Jan/2024:01:35:21 -0500] "POST /kwsrmcab/Wsrmcab HTTP/1.1" 503 1020
156.59.198.136 - - [05/Jan/2024:01:35:25 -0500] "GET /BLA/resoluciones/RESOLUCIONES%202007/RES%202007%203801%20AL%203900/RESOLUCION%203877%20DE%202007.pdf HTTP/1.0" 200 224917
216.245.221.92 - - [05/Jan/2024:01:35:42 -0500] "HEAD / HTTP/1.1" 200 -
156.59.198.136 - - [05/Jan/2024:01:35:48 -0500] "GET /BLA/resoluciones/Notificaciones/RESOLUCIONES%202017/01119.doc HTTP/1.0" 200 466736
156.59.198.135 - - [05/Jan/2024:01:36:12 -0500] "GET /BLA/resoluciones/RESOLUCIONES%202000/2803.pdf HTTP/1.0" 200 59615
162.55.166.12 - - [05/Jan/2024:01:36:19 -0500] "GET / HTTP/1.1" 200 4720
162.55.166.12 - - [05/Jan/2024:01:36:20 -0500] "GET / HTTP/1.1" 200 319
201.245.192.253 - - [05/Jan/2024:01:36:33 -0500] "POST /kwsrmcab/Wsrmcab  HTTP/1.1" 200 36937
156.59.198.135 - - [05/Jan/2024:01:36:37 -0500] "GET /BLA/resoluciones/Notificaciones/RESOLUCIONES%202017/01803.pdf HTTP/1.0" 200 304903
162.55.173.23 - - [05/Jan/2024:01:36:38 -0500] "GET / HTTP/1.1" 200 4720
162.55.173.23 - - [05/Jan/2024:01:36:39 -0500] "GET / HTTP/1.1" 200 319
156.59.198.136 - - [05/Jan/2024:01:37:01 -0500] "GET /BLA/resoluciones/Notificaciones/RESOLUCIONES%202017/1162.pdf HTTP/1.0" 200 287718
156.59.198.135 - - [05/Jan/2024:01:37:25 -0500] "GET /BLA/resoluciones/Notificaciones/RESOLUCIONES%202017/00992.doc HTTP/1.0" 200 293520
156.59.198.136 - - [05/Jan/2024:01:37:50 -0500] "GET /BLA/resoluciones/RESOLUCIONES%202014/1692.pdf HTTP/1.0" 200 280528
66.249.66.21 - - [05/Jan/2024:01:37:58 -0500] "GET /Publicaciones/2023EE165914.pdf HTTP/1.1" 404 228
156.59.198.136 - - [05/Jan/2024:01:38:13 -0500] "GET /BLA/resoluciones/RESOLUCIONES%202014/1300.pdf HTTP/1.0" 200 916910
156.59.198.136 - - [05/Jan/2024:01:38:38 -0500] "GET /BLA/resoluciones/RESOLUCIONES%202007/RES%202007%203101%20AL%203200/RESOLUCION%203150%20%20DE%202007.pdf HTTP/1.0" 200 455824
172.22.2.4 - - [05/Jan/2024:01:37:06 -0500] "HEAD /BLA/boletinlegal/ HTTP/1.1" 200 -
156.59.198.135 - - [05/Jan/2024:01:39:03 -0500] "GET /BLA/resoluciones/RESOLUCIONES%202014/0128.pdf HTTP/1.0" 200 763232
172.22.2.4 - - [05/Jan/2024:01:37:40 -0500] "GET /BLA/boletinlegal/ HTTP/1.1" 200 43704
156.59.198.136 - - [05/Jan/2024:01:39:27 -0500] "GET /BLA/resoluciones/RESOLUCIONES%202014/1863.pdf HTTP/1.0" 200 670265
201.245.192.253 - - [05/Jan/2024:01:39:30 -0500] "POST /kwsrmcab/Wsrmcab HTTP/1.1" 200 40463
172.22.2.4 - - [05/Jan/2024:01:37:56 -0500] "GET /BLA/boletinlegal/ HTTP/1.1" 200 45448
52.167.144.234 - - [05/Jan/2024:01:39:39 -0500] "GET /BLA/resoluciones/AUTOS%202020/2784.pdf HTTP/1.1" 200 319670
156.59.198.136 - - [05/Jan/2024:01:39:51 -0500] "GET /BLA/resoluciones/RESOLUCIONES%202014/2526.pdf HTTP/1.0" 200 644878
201.245.192.253 - - [05/Jan/2024:01:40:11 -0500] "POST /kwsrmcab/Wsrmcab HTTP/1.1" 200 36805
156.59.198.135 - - [05/Jan/2024:01:40:16 -0500] "GET /BLA/resoluciones/RESOLUCIONES%202014/2683.pdf HTTP/1.0" 200 190009
156.59.198.135 - - [05/Jan/2024:01:40:40 -0500] "GET /BLA/resoluciones/RESOLUCIONES%202014/2565.pdf HTTP/1.0" 200 645598
216.245.221.92 - - [05/Jan/2024:01:40:42 -0500] "HEAD / HTTP/1.1" 200 -
156.59.198.136 - - [05/Jan/2024:01:41:03 -0500] "GET /BLA/resoluciones/RESOLUCIONES%202007/RES%202007%203001%20AL%203100/RESOLUCION%203055%20DE%202007.pdf HTTP/1.0" 200 262869
156.59.198.136 - - [05/Jan/2024:01:41:27 -0500] "GET /BLA/resoluciones/RESOLUCIONES%202001/RESOLUCION%201119%20DE%202001.pdf HTTP/1.0" 200 134983
201.245.192.253 - - [05/Jan/2024:01:41:32 -0500] "POST /kwsrmcab/Wsrmcab  HTTP/1.1" 200 36937
156.59.198.135 - - [05/Jan/2024:01:41:51 -0500] "GET /BLA/resoluciones/RESOLUCIONES%202000/1557.pdf HTTP/1.0" 200 80505
156.59.198.135 - - [05/Jan/2024:01:42:16 -0500] "GET /BLA/resoluciones/RESOLUCIONES%202007/RES%202007%202201%20AL%202300/RESOLUCION%202246%20DE%202007.pdf HTTP/1.0" 200 1009743
156.59.198.136 - - [05/Jan/2024:01:42:41 -0500] "GET /BLA/resoluciones/RESOLUCIONES%202014/1525.pdf HTTP/1.0" 200 348118
52.167.144.234 - - [05/Jan/2024:01:42:49 -0500] "GET /Publicaciones/2023EE212860.pdf HTTP/1.1" 404 228
156.59.198.135 - - [05/Jan/2024:01:43:05 -0500] "GET /BLA/resoluciones/RESOLUCIONES%202007/RES%202007%203101%20AL%203200/RESOLUCION%203113%20DE%202007.pdf HTTP/1.0" 200 269463
156.59.198.135 - - [05/Jan/2024:01:43:29 -0500] "GET /BLA/resoluciones/RESOLUCIONES%202014/1440.pdf HTTP/1.0" 200 222035
156.59.198.135 - - [05/Jan/2024:01:43:53 -0500] "GET /BLA/resoluciones/RESOLUCIONES%202014/1449.pdf HTTP/1.0" 200 941330
52.167.144.234 - - [05/Jan/2024:01:44:17 -0500] "GET /BLA/resoluciones/RESOLUCIONES%202023/01578.pdf HTTP/1.1" 200 397313
156.59.198.136 - - [05/Jan/2024:01:44:21 -0500] "GET /BLA/resoluciones/RESOLUCIONES%202014/0376.pdf HTTP/1.0" 200 874083
172.22.2.4 - - [05/Jan/2024:01:42:56 -0500] "HEAD /BLA/boletinlegal/ HTTP/1.1" 200 -
156.59.198.135 - - [05/Jan/2024:01:44:44 -0500] "GET /BLA/resoluciones/RESOLUCIONES%202014/2360.pdf HTTP/1.0" 200 932168
156.59.198.136 - - [05/Jan/2024:01:45:09 -0500] "GET /BLA/resoluciones/RESOLUCIONES%202014/1436.pdf HTTP/1.0" 200 445811
172.22.2.4 - - [05/Jan/2024:01:43:46 -0500] "GET /BLA/boletinlegal/ HTTP/1.1" 200 58567
156.59.198.136 - - [05/Jan/2024:01:45:33 -0500] "GET /BLA/resoluciones/RESOLUCIONES%202014/2446.pdf HTTP/1.0" 200 303805
216.245.221.92 - - [05/Jan/2024:01:45:42 -0500] "HEAD / HTTP/1.1" 200 -
156.59.198.136 - - [05/Jan/2024:01:45:58 -0500] "GET /BLA/resoluciones/RESOLUCIONES%202014/0352.pdf HTTP/1.0" 200 798124
156.59.198.136 - - [05/Jan/2024:01:46:21 -0500] "GET /BLA/resoluciones/RESOLUCIONES%202007/RES%202007%203001%20AL%203100/RESOLUCION%203073%20DE%202007.pdf HTTP/1.0" 200 226075
201.245.192.253 - - [05/Jan/2024:01:46:30 -0500] "POST /kwsrmcab/Wsrmcab  HTTP/1.1" 200 36937
156.59.198.136 - - [05/Jan/2024:01:46:46 -0500] "GET /BLA/resoluciones/RESOLUCIONES%202007/RES%202007%203801%20AL%203900/RESOLUCION%203882%20DE%202007.pdf HTTP/1.0" 200 1080520
40.77.167.7 - - [05/Jan/2024:01:47:10 -0500] "GET /BLA/resoluciones/AUTOS%202020/2336.pdf HTTP/1.1" 200 350597
156.59.198.135 - - [05/Jan/2024:01:47:11 -0500] "GET /BLA/resoluciones/RESOLUCIONES%202007/RES%202007%203101%20AL%203200/RESOLUCION%203193%20DE%202007.pdf HTTP/1.0" 200 394789
156.59.198.135 - - [05/Jan/2024:01:47:36 -0500] "GET /BLA/resoluciones/RESOLUCIONES%202007/RES%202007%20401%20AL%20500/RESOLUCION%200474%20DE%202007.pdf HTTP/1.0" 200 2668146
156.59.198.136 - - [05/Jan/2024:01:48:01 -0500] "GET /BLA/resoluciones/RESOLUCIONES%202014/1386.pdf HTTP/1.0" 200 844034
52.167.144.25 - - [05/Jan/2024:01:48:03 -0500] "GET /BLA/resoluciones/AUTOS%202020/1461.pdf HTTP/1.1" 200 472581
172.22.2.4 - - [05/Jan/2024:01:48:14 -0500] "GET /BLA/boletinlegal/test/.git/config HTTP/1.1" 404 1018
156.59.198.136 - - [05/Jan/2024:01:48:25 -0500] "GET /BLA/resoluciones/Notificaciones/RESOLUCIONES%202017/02669.pdf HTTP/1.0" 200 2326174
156.59.198.136 - - [05/Jan/2024:01:48:50 -0500] "GET /BLA/resoluciones/RESOLUCIONES%202014/0726.pdf HTTP/1.0" 200 838483
156.59.198.135 - - [05/Jan/2024:01:49:15 -0500] "GET /BLA/resoluciones/RESOLUCIONES%202000/2069.pdf HTTP/1.0" 200 119772
156.59.198.135 - - [05/Jan/2024:01:49:41 -0500] "GET /BLA/resoluciones/RESOLUCIONES%202014/1011.pdf HTTP/1.0" 200 874976
156.59.198.135 - - [05/Jan/2024:01:50:03 -0500] "GET /BLA/resoluciones/RESOLUCIONES%202007/RES%202007%203101%20AL%203200/RESOLUCION%203101%20DE%202007.pdf HTTP/1.0" 200 656944
66.249.66.21 - - [05/Jan/2024:01:50:17 -0500] "GET /BLA/boletinlegal/Directivas/2018/Directiva%20No.%2024%20del%2027%20de%20diciembre%20de%202018.pdf HTTP/1.1" 200 575948
52.167.144.25 - - [05/Jan/2024:01:50:23 -0500] "GET /BLA/resoluciones/AUTOS%202020/4771.pdf HTTP/1.1" 200 399111
172.22.2.4 - - [05/Jan/2024:01:48:46 -0500] "HEAD /BLA/boletinlegal/ HTTP/1.1" 200 -
156.59.198.135 - - [05/Jan/2024:01:50:28 -0500] "GET /BLA/resoluciones/RESOLUCIONES%202007/RES%202007%202201%20AL%202300/RESOLUCION%202295%20DE%202007.pdf HTTP/1.0" 200 527536
216.245.221.92 - - [05/Jan/2024:01:50:42 -0500] "HEAD / HTTP/1.1" 200 -
156.59.198.135 - - [05/Jan/2024:01:50:52 -0500] "GET /BLA/resoluciones/RESOLUCIONES%202007/RES%202007%20401%20AL%20500/RESOLUCION%200437%20DE%202007.pdf HTTP/1.0" 200 404636
172.22.2.4 - - [05/Jan/2024:01:49:36 -0500] "GET /BLA/boletinlegal/ HTTP/1.1" 200 58567
156.59.198.136 - - [05/Jan/2024:01:51:16 -0500] "GET /BLA/resoluciones/RESOLUCIONES%202001/2360.pdf HTTP/1.0" 200 275419
201.245.192.253 - - [05/Jan/2024:01:51:29 -0500] "POST /kwsrmcab/Wsrmcab  HTTP/1.1" 200 36937
156.59.198.135 - - [05/Jan/2024:01:51:41 -0500] "GET /BLA/resoluciones/RESOLUCIONES%202014/1508.pdf HTTP/1.0" 200 315591
40.77.167.13 - - [05/Jan/2024:01:51:49 -0500] "GET /BLA/resoluciones/RESOLUCIONES%202023/02247.pdf HTTP/1.1" 200 876277
52.167.144.25 - - [05/Jan/2024:01:51:53 -0500] "GET /BLA/resoluciones/AUTOS%202020/3348.pdf HTTP/1.1" 200 351716
156.59.198.136 - - [05/Jan/2024:01:52:06 -0500] "GET /BLA/resoluciones/RESOLUCIONES%202001/0408.pdf HTTP/1.0" 200 76854
156.59.198.136 - - [05/Jan/2024:01:52:31 -0500] "GET /BLA/resoluciones/AUTOS%202017/0436.pdf HTTP/1.0" 200 346365
52.167.144.16 - - [05/Jan/2024:01:52:35 -0500] "GET /BLA/resoluciones/AUTOS%202020/0228.pdf HTTP/1.1" 200 270240
40.77.167.13 - - [05/Jan/2024:01:52:50 -0500] "GET /BLA/resoluciones/AUTOS%202020/4658.pdf HTTP/1.1" 200 594383
156.59.198.136 - - [05/Jan/2024:01:52:55 -0500] "GET /BLA/resoluciones/RESOLUCIONES%202007/RES%202007%203801%20AL%203900/RESOLUCION%203891%20DE%202007.pdf HTTP/1.0" 200 285030
156.59.198.135 - - [05/Jan/2024:01:53:20 -0500] "GET /BLA/resoluciones/AUTOS%202017/5305.pdf HTTP/1.0" 200 338580
156.59.198.136 - - [05/Jan/2024:01:53:46 -0500] "GET /BLA/resoluciones/RESOLUCIONES%202007/RES%202007%202201%20AL%202300/RESOLUCION%202269%20DE%202007.pdf HTTP/1.0" 200 702188
156.59.198.136 - - [05/Jan/2024:01:54:10 -0500] "GET /BLA/resoluciones/AUTOS%202017/1114.pdf HTTP/1.0" 200 280009
101.200.163.231 - - [05/Jan/2024:01:54:20 -0500] "HEAD /.vscode/sftp.json HTTP/1.1" 404 -
156.59.198.135 - - [05/Jan/2024:01:54:35 -0500] "GET /BLA/resoluciones/RESOLUCIONES%202014/0089.pdf HTTP/1.0" 200 2341457
156.59.198.135 - - [05/Jan/2024:01:55:00 -0500] "GET /BLA/resoluciones/RESOLUCIONES%202014/2413.pdf HTTP/1.0" 200 681982
156.59.198.135 - - [05/Jan/2024:01:55:24 -0500] "GET /BLA/resoluciones/RESOLUCIONES%202007/RES%202007%202201%20AL%202300/RESOLUCION%202201%20DE%202007.pdf HTTP/1.0" 200 403286
216.245.221.92 - - [05/Jan/2024:01:55:42 -0500] "HEAD / HTTP/1.1" 200 -
156.59.198.135 - - [05/Jan/2024:01:55:49 -0500] "GET /BLA/resoluciones/RESOLUCIONES%202014/0551.pdf HTTP/1.0" 200 577509
156.59.198.135 - - [05/Jan/2024:01:56:13 -0500] "GET /BLA/resoluciones/RESOLUCIONES%202000/2076.pdf HTTP/1.0" 200 49913
172.22.2.4 - - [05/Jan/2024:01:54:36 -0500] "HEAD /BLA/boletinlegal/ HTTP/1.1" 200 -
201.245.192.253 - - [05/Jan/2024:01:56:27 -0500] "POST /kwsrmcab/Wsrmcab  HTTP/1.1" 200 36937
156.59.198.135 - - [05/Jan/2024:01:56:39 -0500] "GET /BLA/resoluciones/RESOLUCIONES%202014/1100.pdf HTTP/1.0" 200 679260
156.59.198.135 - - [05/Jan/2024:01:57:02 -0500] "GET /BLA/resoluciones/AUTOS%202017/3117.pdf HTTP/1.0" 200 267792
172.22.2.4 - - [05/Jan/2024:01:55:26 -0500] "GET /BLA/boletinlegal/ HTTP/1.1" 200 56873
156.59.198.136 - - [05/Jan/2024:01:57:28 -0500] "GET /BLA/resoluciones/RESOLUCIONES%202014/3128.pdf HTTP/1.0" 200 490283
40.77.167.13 - - [05/Jan/2024:01:57:31 -0500] "GET /BLA/resoluciones/AUTOS%202020/3260.pdf HTTP/1.1" 200 323932
172.22.2.4 - - [05/Jan/2024:01:57:31 -0500] "GET /BLA/boletinlegal/.env HTTP/1.1" 404 1018
156.59.198.135 - - [05/Jan/2024:01:57:51 -0500] "GET /BLA/resoluciones/RESOLUCIONES%202014/1613.pdf HTTP/1.0" 200 879552
172.22.2.4 - - [05/Jan/2024:01:57:32 -0500] "POST /BLA/boletinlegal/ HTTP/1.1" 200 24523
156.59.198.135 - - [05/Jan/2024:01:58:16 -0500] "GET /BLA/resoluciones/RESOLUCIONES%202014/2206.pdf HTTP/1.0" 200 407971
156.59.198.135 - - [05/Jan/2024:01:58:40 -0500] "GET /BLA/resoluciones/RESOLUCIONES%202007/RES%202007%203801%20AL%203900/RESOLUCION%203869%20DE%202007.pdf HTTP/1.0" 200 385895
156.59.198.136 - - [05/Jan/2024:01:59:04 -0500] "GET /BLA/resoluciones/RESOLUCIONES%202007/RES%202007%203101%20AL%203200/RESOLUCION%203103%20DE%202007.pdf HTTP/1.0" 200 1322116
156.59.198.135 - - [05/Jan/2024:01:59:30 -0500] "GET /BLA/resoluciones/RESOLUCIONES%202014/1000.pdf HTTP/1.0" 200 886199
216.244.66.195 - - [05/Jan/2024:01:59:32 -0500] "GET /robots.txt HTTP/1.1" 404 1018
156.59.198.135 - - [05/Jan/2024:01:59:53 -0500] "GET /BLA/resoluciones/RESOLUCIONES%202007/RES%202007%20401%20AL%20500/RESOLUCION%200416%20DE%202007.pdf HTTP/1.0" 200 1811320
156.59.198.135 - - [05/Jan/2024:02:00:18 -0500] "GET /BLA/resoluciones/RESOLUCIONES%202014/0346.pdf HTTP/1.0" 200 599930
156.59.198.136 - - [05/Jan/2024:02:00:42 -0500] "GET /BLA/resoluciones/RESOLUCIONES%202014/2588.pdf HTTP/1.0" 200 827368
216.245.221.92 - - [05/Jan/2024:02:00:42 -0500] "HEAD / HTTP/1.1" 200 -
156.59.198.135 - - [05/Jan/2024:02:01:06 -0500] "GET /BLA/resoluciones/RESOLUCIONES%202014/0410.pdf HTTP/1.0" 200 566752
201.245.192.253 - - [05/Jan/2024:02:01:27 -0500] "POST /kwsrmcab/Wsrmcab  HTTP/1.1" 200 36937
156.59.198.135 - - [05/Jan/2024:02:01:31 -0500] "GET /BLA/resoluciones/RESOLUCIONES%202007/RES%202007%203001%20AL%203100/RESOLUCION%203076%20DE%202007.pdf HTTP/1.0" 200 46685
156.59.198.135 - - [05/Jan/2024:02:01:56 -0500] "GET /BLA/resoluciones/RESOLUCIONES%202007/RES%202007%203801%20AL%203900/RESOLUCION%203813%20%20DE%202007.pdf HTTP/1.0" 200 786796
172.22.2.4 - - [05/Jan/2024:02:00:26 -0500] "HEAD /BLA/boletinlegal/ HTTP/1.1" 200 -
156.59.198.135 - - [05/Jan/2024:02:02:20 -0500] "GET /BLA/resoluciones/RESOLUCIONES%202014/1877.pdf HTTP/1.0" 200 565307
156.59.198.136 - - [05/Jan/2024:02:02:45 -0500] "GET /BLA/resoluciones/AUTOS%202017/4624.pdf HTTP/1.0" 200 263155
66.249.66.21 - - [05/Jan/2024:02:02:52 -0500] "GET /BLA/resoluciones/Notificaciones/AUTOS%202023/5828.pdf HTTP/1.1" 304 -
172.22.2.4 - - [05/Jan/2024:02:01:16 -0500] "GET /BLA/boletinlegal/ HTTP/1.1" 200 58567
156.59.198.136 - - [05/Jan/2024:02:03:10 -0500] "GET /BLA/resoluciones/RESOLUCIONES%202014/0384.pdf HTTP/1.0" 200 511204
156.59.198.135 - - [05/Jan/2024:02:03:34 -0500] "GET /BLA/resoluciones/RESOLUCIONES%202014/0678.pdf HTTP/1.0" 200 578456
156.59.198.135 - - [05/Jan/2024:02:03:58 -0500] "GET /BLA/resoluciones/RESOLUCIONES%202007/RES%202007%202201%20AL%202300/RESOLUCION%202254%20DE%202007.pdf HTTP/1.0" 200 789850
156.59.198.136 - - [05/Jan/2024:02:04:22 -0500] "GET /BLA/resoluciones/RESOLUCIONES%202007/RES%202007%202201%20AL%202300/RESOLUCION%202240%20DE%202007.pdf HTTP/1.0" 200 863728
156.59.198.135 - - [05/Jan/2024:02:04:46 -0500] "GET /BLA/resoluciones/RESOLUCIONES%202014/2516.pdf HTTP/1.0" 200 627828
156.59.198.135 - - [05/Jan/2024:02:05:10 -0500] "GET /BLA/resoluciones/RESOLUCIONES%202014/1796.pdf HTTP/1.0" 200 726545
156.59.198.136 - - [05/Jan/2024:02:05:35 -0500] "GET /BLA/resoluciones/RESOLUCIONES%202014/0846.pdf HTTP/1.0" 200 575164
216.245.221.92 - - [05/Jan/2024:02:05:42 -0500] "HEAD / HTTP/1.1" 200 -
156.59.198.136 - - [05/Jan/2024:02:05:59 -0500] "GET /BLA/resoluciones/RESOLUCIONES%202014/1069.pdf HTTP/1.0" 200 454456
156.59.198.136 - - [05/Jan/2024:02:06:24 -0500] "GET /BLA/resoluciones/RESOLUCIONES%202014/1003.pdf HTTP/1.0" 200 1098727
201.245.192.253 - - [05/Jan/2024:02:06:26 -0500] "POST /kwsrmcab/Wsrmcab  HTTP/1.1" 200 36937
156.59.198.135 - - [05/Jan/2024:02:06:47 -0500] "GET /BLA/resoluciones/RESOLUCIONES%202007/RES%202007%203801%20AL%203900/RESOLUCION%203831%20DE%202007.pdf HTTP/1.0" 200 830946
156.59.198.136 - - [05/Jan/2024:02:07:12 -0500] "GET /BLA/resoluciones/RESOLUCIONES%202001/RESOLUCION%201480%20DE%202001.pdf HTTP/1.0" 200 88801
156.59.198.135 - - [05/Jan/2024:02:07:36 -0500] "GET /BLA/resoluciones/RESOLUCIONES%202014/2386.pdf HTTP/1.0" 200 348866
172.22.2.4 - - [05/Jan/2024:02:06:15 -0500] "HEAD /BLA/boletinlegal/ HTTP/1.1" 200 -
156.59.198.135 - - [05/Jan/2024:02:08:00 -0500] "GET /BLA/resoluciones/RESOLUCIONES%202014/0605.pdf HTTP/1.0" 200 487691
156.59.198.136 - - [05/Jan/2024:02:08:24 -0500] "GET /BLA/resoluciones/RESOLUCIONES%202014/0453.pdf HTTP/1.0" 200 558252
172.22.2.4 - - [05/Jan/2024:02:07:06 -0500] "GET /BLA/boletinlegal/ HTTP/1.1" 200 58969
156.59.198.136 - - [05/Jan/2024:02:08:48 -0500] "GET /BLA/resoluciones/Notificaciones/RESOLUCIONES%202017/00082.doc HTTP/1.0" 200 1262932
52.167.144.175 - - [05/Jan/2024:02:08:55 -0500] "GET /BLA/resoluciones/RESOLUCIONES%202023/01229.pdf HTTP/1.1" 200 375661
156.59.198.135 - - [05/Jan/2024:02:09:13 -0500] "GET /BLA/resoluciones/RESOLUCIONES%202014/2223.pdf HTTP/1.0" 200 2323978
156.59.198.135 - - [05/Jan/2024:02:09:37 -0500] "GET /BLA/resoluciones/RESOLUCIONES%202014/2603.pdf HTTP/1.0" 200 578148
156.59.198.135 - - [05/Jan/2024:02:10:02 -0500] "GET /BLA/resoluciones/RESOLUCIONES%202007/RES%202007%20401%20AL%20500/RESOLUCION%200487%20DE%202007.pdf HTTP/1.0" 200 436733
156.59.198.136 - - [05/Jan/2024:02:10:25 -0500] "GET /BLA/resoluciones/RESOLUCIONES%201993/0042.pdf HTTP/1.0" 200 55397
216.245.221.92 - - [05/Jan/2024:02:10:42 -0500] "HEAD / HTTP/1.1" 200 -
156.59.198.136 - - [05/Jan/2024:02:10:50 -0500] "GET /BLA/resoluciones/RESOLUCIONES%201993/0046.pdf HTTP/1.0" 200 238501
156.59.198.136 - - [05/Jan/2024:02:11:14 -0500] "GET /BLA/resoluciones/RESOLUCIONES%202007/RES%202007%202201%20AL%202300/RESOLUCION%202209%20DE%202007.pdf HTTP/1.0" 200 714450
201.245.192.253 - - [05/Jan/2024:02:11:25 -0500] "POST /kwsrmcab/Wsrmcab  HTTP/1.1" 200 36937
156.59.198.136 - - [05/Jan/2024:02:11:39 -0500] "GET /BLA/resoluciones/AUTOS%202017/1673.pdf HTTP/1.0" 200 284493
216.244.66.195 - - [05/Jan/2024:02:11:56 -0500] "GET /BLA/resoluciones/AUTOS%202013/2895.pdf HTTP/1.1" 200 499578
156.59.198.135 - - [05/Jan/2024:02:12:04 -0500] "GET /BLA/resoluciones/RESOLUCIONES%202007/RES%202007%203801%20AL%203900/RESOLUCION%203881%20DE%202007.pdf HTTP/1.0" 200 52523
156.59.198.135 - - [05/Jan/2024:02:12:29 -0500] "GET /BLA/resoluciones/RESOLUCIONES%202007/RES%202007%202201%20AL%202300/RESOLUCION%202204%20%20DE%202007.pdf HTTP/1.0" 200 1015306
216.244.66.195 - - [05/Jan/2024:02:12:37 -0500] "GET /BLA/resoluciones/AUTOS%202014/1119.pdf HTTP/1.1" 200 341043
156.59.198.135 - - [05/Jan/2024:02:12:53 -0500] "GET /BLA/resoluciones/RESOLUCIONES%202014/2131.pdf HTTP/1.0" 200 2408022
52.167.144.175 - - [05/Jan/2024:02:12:55 -0500] "GET /BLA/resoluciones/AUTOS%202020/3002.pdf HTTP/1.1" 200 299767
40.77.167.79 - - [05/Jan/2024:02:13:02 -0500] "GET /BLA/resoluciones/RESOLUCIONES%202023/2237.pdf HTTP/1.1" 200 363876
157.90.254.89 - - [05/Jan/2024:02:13:04 -0500] "GET / HTTP/1.1" 200 4720
157.90.254.89 - - [05/Jan/2024:02:13:07 -0500] "GET / HTTP/1.1" 200 319
216.244.66.195 - - [05/Jan/2024:02:13:08 -0500] "GET /BLA/resoluciones/AUTOS%202014/1201.pdf HTTP/1.1" 200 343747
156.59.198.136 - - [05/Jan/2024:02:13:16 -0500] "GET /BLA/resoluciones/RESOLUCIONES%202007/RES%202007%202201%20AL%202300/RESOLUCION%202289%20DE%202007.pdf HTTP/1.0" 200 879277
172.22.2.4 - - [05/Jan/2024:02:13:17 -0500] "GET /BLA/boletinlegal/Directivas/2016/Directiva%20No.%2004%20del%2023%20de%20Diciembre%20de%202016.pdf HTTP/1.1" 200 327098
216.244.66.195 - - [05/Jan/2024:02:13:38 -0500] "GET /BLA/resoluciones/AUTOS%202014/1540.pdf HTTP/1.1" 200 430120
156.59.198.136 - - [05/Jan/2024:02:13:41 -0500] "GET /BLA/resoluciones/RESOLUCIONES%202007/RES%202007%203201%20AL%203300/RESOLUCION%203226%20DE%202007.pdf HTTP/1.0" 200 53665
172.22.2.4 - - [05/Jan/2024:02:12:05 -0500] "HEAD /BLA/boletinlegal/ HTTP/1.1" 200 -
156.59.198.136 - - [05/Jan/2024:02:14:05 -0500] "GET /BLA/resoluciones/RESOLUCIONES%202014/0748.pdf HTTP/1.0" 200 707709
216.244.66.195 - - [05/Jan/2024:02:14:08 -0500] "GET /BLA/resoluciones/AUTOS%202014/1920.pdf HTTP/1.1" 200 222388
156.59.198.136 - - [05/Jan/2024:02:14:30 -0500] "GET /BLA/resoluciones/Decretos/DECRETO%201468%20DEL%2006%20DE%20AGOSTO%20DE%202018.pdf HTTP/1.0" 200 3831327
172.22.2.4 - - [05/Jan/2024:02:12:56 -0500] "GET /BLA/boletinlegal/ HTTP/1.1" 200 58567
216.244.66.195 - - [05/Jan/2024:02:14:37 -0500] "GET /BLA/resoluciones/AUTOS%202015/0189.pdf HTTP/1.1" 200 459748
156.59.198.136 - - [05/Jan/2024:02:14:54 -0500] "GET /BLA/resoluciones/AUTOS%202017/2425.PDF HTTP/1.0" 200 1361057
216.244.66.195 - - [05/Jan/2024:02:15:07 -0500] "GET /BLA/resoluciones/AUTOS%202019/2555.pdf HTTP/1.1" 200 258080
40.77.167.79 - - [05/Jan/2024:02:15:13 -0500] "GET /BLA/resoluciones/RESOLUCIONES%202023/02480.pdf HTTP/1.1" 200 472531
156.59.198.135 - - [05/Jan/2024:02:15:19 -0500] "GET /BLA/resoluciones/RESOLUCIONES%202014/0297.pdf HTTP/1.0" 200 722201
201.245.192.253 - - [05/Jan/2024:02:15:20 -0500] "POST /kwsrmcab/Wsrmcab HTTP/1.1" 200 40146
201.245.192.253 - - [05/Jan/2024:02:15:22 -0500] "POST /kwsrmcab/Wsrmcab HTTP/1.1" 200 36783
66.249.66.19 - - [05/Jan/2024:02:15:30 -0500] "GET /BLA/resoluciones/RESOLUCIONES%202007/RES%202007%20601%20AL%20700/RESOLUCION%200634%20DE%202007.pdf HTTP/1.1" 200 1051268
66.249.66.19 - - [05/Jan/2024:02:15:31 -0500] "GET /Publicaciones/2023EE214589.pdf HTTP/1.1" 404 228
66.249.66.20 - - [05/Jan/2024:02:15:31 -0500] "GET /BLA/resoluciones/AUTOS%202009/0644.pdf HTTP/1.1" 200 83582
66.249.66.19 - - [05/Jan/2024:02:15:31 -0500] "GET /BLA/resoluciones/RESOLUCIONES%202017/0875.pdf HTTP/1.1" 200 766993
66.249.66.19 - - [05/Jan/2024:02:15:32 -0500] "GET /BLA/resoluciones/RESOLUCIONES%202010/6190.pdf HTTP/1.1" 200 1046924
216.244.66.195 - - [05/Jan/2024:02:15:32 -0500] "GET /BLA/resoluciones/RESOLUCIONES%202011/0081.pdf HTTP/1.1" 200 370682
216.245.221.92 - - [05/Jan/2024:02:15:42 -0500] "HEAD / HTTP/1.1" 200 -
156.59.198.136 - - [05/Jan/2024:02:15:44 -0500] "GET /BLA/resoluciones/RESOLUCIONES%202014/2106.pdf HTTP/1.0" 200 887752
216.244.66.195 - - [05/Jan/2024:02:15:56 -0500] "GET /BLA/resoluciones/RESOLUCIONES%202011/0158.pdf HTTP/1.1" 200 433955
156.59.198.135 - - [05/Jan/2024:02:16:08 -0500] "GET /BLA/resoluciones/RESOLUCIONES%202007/RES%202007%202801%20AL%202900/RESOLUCION%202804%20DE%202007.pdf HTTP/1.0" 200 415173
201.245.192.253 - - [05/Jan/2024:02:16:23 -0500] "POST /kwsrmcab/Wsrmcab  HTTP/1.1" 200 36937
156.59.198.135 - - [05/Jan/2024:02:16:35 -0500] "GET /BLA/resoluciones/RESOLUCIONES%202014/0692.pdf HTTP/1.0" 200 5425326
216.244.66.195 - - [05/Jan/2024:02:16:36 -0500] "GET /BLA/resoluciones/RESOLUCIONES%202011/0355.pdf HTTP/1.1" 200 76603
156.59.198.135 - - [05/Jan/2024:02:17:00 -0500] "GET /BLA/resoluciones/RESOLUCIONES%202007/RES%202007%203201%20AL%203300/RESOLUCION%203231%20DE%202007.pdf HTTP/1.0" 200 28599
216.244.66.195 - - [05/Jan/2024:02:17:07 -0500] "GET /BLA/resoluciones/RESOLUCIONES%202011/0400.pdf HTTP/1.1" 200 179001
156.59.198.135 - - [05/Jan/2024:02:17:24 -0500] "GET /BLA/resoluciones/RESOLUCIONES%202014/3056.pdf HTTP/1.0" 200 253160
216.244.66.195 - - [05/Jan/2024:02:17:36 -0500] "GET /BLA/resoluciones/RESOLUCIONES%202011/0887.pdf HTTP/1.1" 200 65043
156.59.198.136 - - [05/Jan/2024:02:17:50 -0500] "GET /BLA/resoluciones/RESOLUCIONES%202014/0687.pdf HTTP/1.0" 200 2326652
216.244.66.195 - - [05/Jan/2024:02:18:04 -0500] "GET /BLA/resoluciones/RESOLUCIONES%202011/1144.pdf HTTP/1.1" 200 278700
156.59.198.136 - - [05/Jan/2024:02:18:14 -0500] "GET /BLA/resoluciones/RESOLUCIONES%202014/1384.pdf HTTP/1.0" 200 462279
216.244.66.195 - - [05/Jan/2024:02:18:32 -0500] "GET /BLA/resoluciones/RESOLUCIONES%202011/1149.pdf HTTP/1.1" 200 267160
156.59.198.136 - - [05/Jan/2024:02:18:39 -0500] "GET /BLA/resoluciones/RESOLUCIONES%202014/1723.pdf HTTP/1.0" 200 498663
216.244.66.195 - - [05/Jan/2024:02:19:02 -0500] "GET /BLA/resoluciones/RESOLUCIONES%202011/1621.pdf HTTP/1.1" 200 69271
156.59.198.136 - - [05/Jan/2024:02:19:03 -0500] "GET /BLA/resoluciones/RESOLUCIONES%201998/RESOLUCION%20643%20DE%201998.pdf HTTP/1.0" 200 59498
216.244.66.195 - - [05/Jan/2024:02:19:27 -0500] "GET /BLA/resoluciones/RESOLUCIONES%202011/1627.pdf HTTP/1.1" 200 74765
156.59.198.135 - - [05/Jan/2024:02:19:28 -0500] "GET /BLA/resoluciones/RESOLUCIONES%202007/RES%202007%202201%20AL%202300/RESOLUCION%202248%20DE%202007.pdf HTTP/1.0" 200 1060479
201.245.192.253 - - [05/Jan/2024:02:19:30 -0500] "POST /kwsrmcab/Wsrmcab HTTP/1.1" 200 40146
172.22.2.4 - - [05/Jan/2024:02:17:55 -0500] "HEAD /BLA/boletinlegal/ HTTP/1.1" 200 -
216.244.66.195 - - [05/Jan/2024:02:19:51 -0500] "GET /BLA/resoluciones/RESOLUCIONES%202011/1650.pdf HTTP/1.1" 200 71317
156.59.198.136 - - [05/Jan/2024:02:19:53 -0500] "GET /BLA/resoluciones/RESOLUCIONES%201998/1127.pdf HTTP/1.0" 200 118947
216.244.66.195 - - [05/Jan/2024:02:20:14 -0500] "GET /BLA/resoluciones/RESOLUCIONES%202011/1696.pdf HTTP/1.1" 200 66713
156.59.198.136 - - [05/Jan/2024:02:20:16 -0500] "GET /BLA/resoluciones/RESOLUCIONES%202007/RES%202007%203001%20AL%203100/RESOLUCION%203097%20%20DE%202007.pdf HTTP/1.0" 200 1027051
201.245.192.253 - - [05/Jan/2024:02:20:15 -0500] "POST /kwsrmcab/Wsrmcab HTTP/1.1" 200 36783
172.22.2.4 - - [05/Jan/2024:02:18:46 -0500] "GET /BLA/boletinlegal/ HTTP/1.1" 200 60502
216.244.66.195 - - [05/Jan/2024:02:20:36 -0500] "GET /BLA/resoluciones/RESOLUCIONES%202011/2074.pdf HTTP/1.1" 200 135864
156.59.198.136 - - [05/Jan/2024:02:20:41 -0500] "GET /BLA/resoluciones/RESOLUCIONES%202007/RES%202007%203001%20AL%203100/RESOLUCION%203013%20DE%202007.pdf HTTP/1.0" 200 2381492
40.77.167.79 - - [05/Jan/2024:02:20:42 -0500] "GET /BLA/resoluciones/AUTOS%202014/1244.pdf HTTP/1.1" 200 669489
216.245.221.92 - - [05/Jan/2024:02:20:42 -0500] "HEAD / HTTP/1.1" 200 -
216.244.66.195 - - [05/Jan/2024:02:20:58 -0500] "GET /BLA/resoluciones/RESOLUCIONES%202008/0389.pdf HTTP/1.1" 200 66193
156.59.198.135 - - [05/Jan/2024:02:21:06 -0500] "GET /BLA/resoluciones/RESOLUCIONES%202001/0940.pdf HTTP/1.0" 200 79907
216.244.66.195 - - [05/Jan/2024:02:21:20 -0500] "GET /BLA/resoluciones/RESOLUCIONES%202010/1332.pdf HTTP/1.1" 200 89319
201.245.192.253 - - [05/Jan/2024:02:21:22 -0500] "POST /kwsrmcab/Wsrmcab  HTTP/1.1" 200 36937
156.59.198.135 - - [05/Jan/2024:02:21:31 -0500] "GET /BLA/resoluciones/RESOLUCIONES%202014/2832.pdf HTTP/1.0" 200 227686
216.244.66.195 - - [05/Jan/2024:02:21:42 -0500] "GET /BLA/resoluciones/AUTOS%202008/1900.pdf HTTP/1.1" 200 74506
156.59.198.135 - - [05/Jan/2024:02:21:55 -0500] "GET /BLA/resoluciones/RESOLUCIONES%202007/RES%202007%203101%20AL%203200/RESOLUCION%203116%20DE%202007.pdf HTTP/1.0" 200 393158
216.244.66.195 - - [05/Jan/2024:02:22:01 -0500] "GET /BLA/resoluciones/AUTOS%202013/2536.pdf HTTP/1.1" 200 893492
156.59.198.136 - - [05/Jan/2024:02:22:21 -0500] "GET /BLA/resoluciones/RESOLUCIONES%202014/0672.pdf HTTP/1.0" 200 218376
156.59.198.135 - - [05/Jan/2024:02:22:45 -0500] "GET /BLA/resoluciones/RESOLUCIONES%202007/RES%202007%203001%20AL%203100/RESOLUCION%203069%20DE%202007.pdf HTTP/1.0" 200 894677
216.244.66.195 - - [05/Jan/2024:02:22:51 -0500] "GET /BLA/resoluciones/AUTOS%202015/1392.pdf HTTP/1.1" 200 594527
156.59.198.136 - - [05/Jan/2024:02:23:08 -0500] "GET /BLA/resoluciones/RESOLUCIONES%202001/0628.pdf HTTP/1.0" 200 150924
156.59.198.136 - - [05/Jan/2024:02:23:33 -0500] "GET /BLA/resoluciones/RESOLUCIONES%202014/0132.pdf HTTP/1.0" 200 571758
216.244.66.195 - - [05/Jan/2024:02:23:39 -0500] "GET /BLA/resoluciones/AUTOS%202015/1737.pdf HTTP/1.1" 200 326864
156.59.198.136 - - [05/Jan/2024:02:23:58 -0500] "GET /BLA/resoluciones/AUTOS%202017/3265.pdf HTTP/1.0" 200 272469
216.244.66.195 - - [05/Jan/2024:02:24:10 -0500] "GET /BLA/resoluciones/AUTOS%202015/2108.pdf HTTP/1.1" 200 598214
156.59.198.135 - - [05/Jan/2024:02:24:22 -0500] "GET /BLA/resoluciones/RESOLUCIONES%202014/0679.pdf HTTP/1.0" 200 539945
216.244.66.195 - - [05/Jan/2024:02:24:39 -0500] "GET /BLA/resoluciones/AUTOS%202015/2261.pdf HTTP/1.1" 200 699521
156.59.198.136 - - [05/Jan/2024:02:24:46 -0500] "GET /BLA/resoluciones/RESOLUCIONES%202014/2593.pdf HTTP/1.0" 200 290071
156.59.198.136 - - [05/Jan/2024:02:25:11 -0500] "GET /BLA/resoluciones/RESOLUCIONES%202007/RES%202007%203801%20AL%203900/RESOLUCION%203885%20DE%202007.pdf HTTP/1.0" 200 547989
216.244.66.195 - - [05/Jan/2024:02:25:17 -0500] "GET /BLA/resoluciones/AUTOS%202019/3491.pdf HTTP/1.1" 200 900846
201.245.192.253 - - [05/Jan/2024:02:25:19 -0500] "POST /kwsrmcab/Wsrmcab HTTP/1.1" 200 40146
201.245.192.253 - - [05/Jan/2024:02:25:22 -0500] "POST /kwsrmcab/Wsrmcab HTTP/1.1" 200 36783
172.22.2.4 - - [05/Jan/2024:02:23:45 -0500] "HEAD /BLA/boletinlegal/ HTTP/1.1" 200 -
156.59.198.136 - - [05/Jan/2024:02:25:35 -0500] "GET /BLA/resoluciones/RESOLUCIONES%202007/RES%202007%203201%20AL%203300/RESOLUCION%203210%20DE%202007.pdf HTTP/1.0" 200 113371
152.61.128.50 - - [05/Jan/2024:02:25:41 -0500] "GET /arcgis/services/Calidad_del_Agua_WQI/MapServer/WMSServer?request=GetCapabilities&service=WMS HTTP/1.1" 503 1020
152.61.128.50 - - [05/Jan/2024:02:25:42 -0500] "GET /arcgis/services/Calidad_del_Agua_WQI/MapServer/WMSServer?SERVICE=WMS&REQUEST=GetCapabilities HTTP/1.1" 503 1020
152.61.128.50 - - [05/Jan/2024:02:25:42 -0500] "GET /arcgis/services/Calidad_del_Agua_WQI/MapServer/WMSServer?WMTVER=1.0.0&REQUEST=capabilities HTTP/1.1" 503 1020
216.245.221.92 - - [05/Jan/2024:02:25:42 -0500] "HEAD / HTTP/1.1" 200 -
216.244.66.195 - - [05/Jan/2024:02:25:57 -0500] "GET /BLA/resoluciones/RESOLUCIONES%202011/1800.pdf HTTP/1.1" 200 517430
156.59.198.135 - - [05/Jan/2024:02:26:00 -0500] "GET /BLA/resoluciones/RESOLUCIONES%202007/RES%202007%202801%20AL%202900/RESOLUCION%202866%20DE%202007.pdf HTTP/1.0" 200 487308
54.39.177.48 - - [05/Jan/2024:02:26:08 -0500] "GET /robots.txt HTTP/1.1" 404 1034
54.39.177.48 - - [05/Jan/2024:02:26:09 -0500] "GET /en-este-puente-de-reyes-evita-movilizar-comercializar-o-traer-animales-silvestres-a-bogota.html HTTP/1.1" 200 859
172.22.2.4 - - [05/Jan/2024:02:24:36 -0500] "GET /BLA/boletinlegal/ HTTP/1.1" 200 60910
201.245.192.253 - - [05/Jan/2024:02:26:21 -0500] "POST /kwsrmcab/Wsrmcab  HTTP/1.1" 200 36937
156.59.198.136 - - [05/Jan/2024:02:26:25 -0500] "GET /BLA/resoluciones/RESOLUCIONES%202014/2582.pdf HTTP/1.0" 200 728680
216.244.66.195 - - [05/Jan/2024:02:26:27 -0500] "GET /BLA/resoluciones/RESOLUCIONES%202011/1881.pdf HTTP/1.1" 200 608550
156.59.198.136 - - [05/Jan/2024:02:26:49 -0500] "GET /BLA/resoluciones/RESOLUCIONES%202014/0441.pdf HTTP/1.0" 200 589838
216.244.66.195 - - [05/Jan/2024:02:27:06 -0500] "GET /BLA/resoluciones/RESOLUCIONES%202018/1398.pdf HTTP/1.1" 200 329189
156.59.198.136 - - [05/Jan/2024:02:27:14 -0500] "GET /BLA/resoluciones/RESOLUCIONES%202014/1711.pdf HTTP/1.0" 200 582509
216.244.66.195 - - [05/Jan/2024:02:27:37 -0500] "GET /BLA/resoluciones/RESOLUCIONES%202018/2284.pdf HTTP/1.1" 200 265392
156.59.198.135 - - [05/Jan/2024:02:27:39 -0500] "GET /BLA/resoluciones/RESOLUCIONES%202007/RES%202007%203001%20AL%203100/RESOLUCION%203057%20DE%202007.pdf HTTP/1.0" 200 486295
156.59.198.136 - - [05/Jan/2024:02:28:03 -0500] "GET /BLA/resoluciones/RESOLUCIONES%202014/3131.pdf HTTP/1.0" 200 481216
156.59.198.135 - - [05/Jan/2024:02:28:28 -0500] "GET /BLA/resoluciones/RESOLUCIONES%202014/1447.pdf HTTP/1.0" 200 1191844
52.167.144.140 - - [05/Jan/2024:02:28:46 -0500] "GET /BLA/resoluciones/AUTOS%202020/1073.pdf HTTP/1.1" 200 383157
156.59.198.136 - - [05/Jan/2024:02:28:53 -0500] "GET /BLA/resoluciones/RESOLUCIONES%202014/1751.pdf HTTP/1.0" 200 293821
156.59.198.136 - - [05/Jan/2024:02:29:17 -0500] "GET /BLA/resoluciones/RESOLUCIONES%202014/2787.pdf HTTP/1.0" 200 594497
201.245.192.253 - - [05/Jan/2024:02:29:30 -0500] "POST /kwsrmcab/Wsrmcab HTTP/1.1" 200 40146
156.59.198.135 - - [05/Jan/2024:02:29:41 -0500] "GET /BLA/resoluciones/RESOLUCIONES%202014/2992.pdf HTTP/1.0" 200 427700
156.59.198.136 - - [05/Jan/2024:02:30:05 -0500] "GET /BLA/resoluciones/AUTOS%202017/3137.pdf HTTP/1.0" 200 267262
69.171.249.9 - - [05/Jan/2024:02:30:11 -0500] "GET /images/agua%20bogota.jpg HTTP/1.1" 200 74348
69.171.249.120 - - [05/Jan/2024:02:30:11 -0500] "GET /images/arbol%20centro.jpg HTTP/1.1" 200 69467
69.171.249.120 - - [05/Jan/2024:02:30:11 -0500] "GET /images/reconocimiento%20practicas%20ambientales.jpg HTTP/1.1" 200 63397
69.171.249.7 - - [05/Jan/2024:02:30:12 -0500] "GET /images/terrazas%20verdes.jpg HTTP/1.1" 200 63951
69.171.249.117 - - [05/Jan/2024:02:30:12 -0500] "GET /images/participacion%2019-12-23.jpg HTTP/1.1" 200 73861
