201.245.192.253 - - [05/Jan/2024:17:43:55 -0500] "POST /sipse/faces/presentacion/sistema/anexos/cargarAnexoSolicitudProceso.xhtml HTTP/1.1" 200 66118
201.245.192.253 - - [05/Jan/2024:17:43:56 -0500] "GET /sipse/faces/javax.faces.resource/layout/layout.css?ln=primefaces&v=4.0 HTTP/1.1" 200 542
201.245.192.253 - - [05/Jan/2024:17:43:56 -0500] "GET /sipse/faces/javax.faces.resource/jquery/jquery.js?ln=primefaces&v=4.0 HTTP/1.1" 304 -
201.245.192.253 - - [05/Jan/2024:17:43:56 -0500] "GET /sipse/faces/javax.faces.resource/jquery/jquery-plugins.js?ln=primefaces&v=4.0 HTTP/1.1" 304 -
201.245.192.253 - - [05/Jan/2024:17:43:56 -0500] "GET /sipse/faces/javax.faces.resource/primefaces.js?ln=primefaces&v=4.0 HTTP/1.1" 304 -
201.245.192.253 - - [05/Jan/2024:17:43:56 -0500] "GET /sipse/faces/javax.faces.resource/layout/layout.js?ln=primefaces&v=4.0 HTTP/1.1" 304 -
201.245.192.253 - - [05/Jan/2024:17:43:56 -0500] "GET /sipse/faces/javax.faces.resource/theme.css?ln=primefaces-sipse HTTP/1.1" 200 50058
201.245.192.253 - - [05/Jan/2024:17:43:56 -0500] "GET /sipse/faces/javax.faces.resource/primefaces.css?ln=primefaces&v=4.0 HTTP/1.1" 200 53295
201.245.192.253 - - [05/Jan/2024:17:43:56 -0500] "GET /sipse/faces/javax.faces.resource/images/ui-icons_898989_256x240.png?ln=primefaces-aristo HTTP/1.1" 200 5355
201.245.192.253 - - [05/Jan/2024:17:43:56 -0500] "GET /favicon.ico HTTP/1.1" 200 7782
201.245.192.253 - - [05/Jan/2024:17:44:03 -0500] "GET /sipse/faces/javax.faces.resource/images/ui-bg_flat_0_2d5972_40x100.png?ln=primefaces-aristo HTTP/1.1" 200 183
201.245.192.253 - - [05/Jan/2024:17:44:03 -0500] "POST /sipse/faces/presentacion/financiero/solicitudProceso/crearModificarSolicitudProceso.xhtml HTTP/1.1" 200 64588
201.245.192.253 - - [05/Jan/2024:17:44:05 -0500] "GET /sipse/faces/javax.faces.resource/jquery/jquery.js?ln=primefaces&v=4.0 HTTP/1.1" 304 -
201.245.192.253 - - [05/Jan/2024:17:44:05 -0500] "GET /sipse/faces/javax.faces.resource/jquery/jquery-plugins.js?ln=primefaces&v=4.0 HTTP/1.1" 304 -
201.245.192.253 - - [05/Jan/2024:17:44:05 -0500] "GET /sipse/faces/javax.faces.resource/primefaces.js?ln=primefaces&v=4.0 HTTP/1.1" 304 -
201.245.192.253 - - [05/Jan/2024:17:44:06 -0500] "GET /sipse/faces/javax.faces.resource/layout/layout.js?ln=primefaces&v=4.0 HTTP/1.1" 304 -
201.245.192.253 - - [05/Jan/2024:17:44:06 -0500] "GET /sipse/faces/javax.faces.resource/messages/messages.png?ln=primefaces&v=4.0 HTTP/1.1" 200 27209
201.245.192.253 - - [05/Jan/2024:17:44:06 -0500] "POST /sipse/faces/presentacion/financiero/solicitudProceso/listarSolicitudProceso.xhtml HTTP/1.1" 200 1556
201.245.192.253 - - [05/Jan/2024:17:44:08 -0500] "POST /sipse/faces/presentacion/financiero/solicitudProceso/listarSolicitudProceso.xhtml HTTP/1.1" 200 46469
201.245.192.253 - - [05/Jan/2024:17:44:08 -0500] "POST /sipse/faces/presentacion/financiero/solicitudProceso/listarSolicitudProceso.xhtml HTTP/1.1" 200 1560
201.245.192.253 - - [05/Jan/2024:17:44:09 -0500] "POST /sipse/faces/presentacion/financiero/solicitudProceso/listarSolicitudProceso.xhtml HTTP/1.1" 200 30743
201.245.192.253 - - [05/Jan/2024:17:44:09 -0500] "POST /sipse/faces/presentacion/financiero/solicitudProceso/listarSolicitudProceso.xhtml HTTP/1.1" 200 42937
201.245.192.253 - - [05/Jan/2024:17:44:12 -0500] "POST /sipse/faces/presentacion/financiero/solicitudProceso/listarSolicitudProceso.xhtml HTTP/1.1" 200 16371
156.59.198.135 - - [05/Jan/2024:17:44:13 -0500] "GET /BLA/resoluciones/RESOLUCIONES%202010/5097.pdf HTTP/1.0" 200 694515
201.245.192.253 - - [05/Jan/2024:17:44:15 -0500] "POST /sipse/faces/presentacion/financiero/solicitudProceso/listarSolicitudProceso.xhtml HTTP/1.1" 200 107321
201.245.192.253 - - [05/Jan/2024:17:44:15 -0500] "GET /sipse/faces/javax.faces.resource/jquery/jquery.js?ln=primefaces&v=4.0 HTTP/1.1" 304 -
201.245.192.253 - - [05/Jan/2024:17:44:15 -0500] "GET /sipse/faces/javax.faces.resource/jquery/jquery-plugins.js?ln=primefaces&v=4.0 HTTP/1.1" 304 -
201.245.192.253 - - [05/Jan/2024:17:44:15 -0500] "GET /sipse/faces/javax.faces.resource/primefaces.js?ln=primefaces&v=4.0 HTTP/1.1" 304 -
201.245.192.253 - - [05/Jan/2024:17:44:15 -0500] "GET /sipse/faces/javax.faces.resource/layout/layout.js?ln=primefaces&v=4.0 HTTP/1.1" 304 -
156.59.198.136 - - [05/Jan/2024:17:44:39 -0500] "GET /BLA/resoluciones/RESOLUCIONES%202010/3282.pdf HTTP/1.0" 200 487135
201.245.192.253 - - [05/Jan/2024:17:45:02 -0500] "GET /appsia/controlador HTTP/1.1" 200 4799
156.59.198.136 - - [05/Jan/2024:17:45:03 -0500] "GET /BLA/resoluciones/RESOLUCIONES%202010/3827.pdf HTTP/1.0" 200 492883
201.245.192.253 - - [05/Jan/2024:17:45:11 -0500] "POST /appsia/controlador HTTP/1.1" 200 5437
201.245.192.253 - - [05/Jan/2024:17:45:14 -0500] "POST /appsia/controlador HTTP/1.1" 200 7795
201.245.192.253 - - [05/Jan/2024:17:45:24 -0500] "POST /appsia/controlador HTTP/1.1" 200 6660
201.245.192.253 - - [05/Jan/2024:17:45:26 -0500] "POST /appsia/controlador HTTP/1.1" 200 10605
156.59.198.135 - - [05/Jan/2024:17:45:28 -0500] "GET /BLA/resoluciones/RESOLUCIONES%202010/4901.pdf HTTP/1.0" 200 758683
216.245.221.92 - - [05/Jan/2024:17:45:40 -0500] "HEAD / HTTP/1.1" 200 -
156.59.198.136 - - [05/Jan/2024:17:45:51 -0500] "GET /BLA/resoluciones/RESOLUCIONES%202010/5182.pdf HTTP/1.0" 200 1421502
201.245.192.253 - - [05/Jan/2024:17:45:52 -0500] "POST /appsia/controlador HTTP/1.1" 200 7795
201.245.192.253 - - [05/Jan/2024:17:46:02 -0500] "POST /appsia/controlador HTTP/1.1" 200 6660
201.245.192.253 - - [05/Jan/2024:17:46:03 -0500] "POST /appsia/controlador HTTP/1.1" 200 11380
156.59.198.135 - - [05/Jan/2024:17:46:15 -0500] "GET /BLA/resoluciones/RESOLUCIONES%202010/3791.pdf HTTP/1.0" 200 176503
212.235.15.129 - - [05/Jan/2024:17:46:27 -0500] "GET /robots.txt HTTP/1.1" 404 1034
212.235.15.129 - - [05/Jan/2024:17:46:28 -0500] "GET / HTTP/1.1" 200 4720
212.29.221.107 - - [05/Jan/2024:17:46:29 -0500] "GET /robots.txt HTTP/1.1" 404 1035
212.29.221.107 - - [05/Jan/2024:17:46:30 -0500] "GET / HTTP/1.1" 200 319
156.59.198.136 - - [05/Jan/2024:17:46:40 -0500] "GET /BLA/resoluciones/RESOLUCIONES%202010/2980.pdf HTTP/1.0" 200 1161887
156.59.198.135 - - [05/Jan/2024:17:47:05 -0500] "GET /BLA/resoluciones/RESOLUCIONES%202010/4794.pdf HTTP/1.0" 200 773092
172.22.2.4 - - [05/Jan/2024:17:45:27 -0500] "HEAD /BLA/boletinlegal/ HTTP/1.1" 200 -
201.245.192.253 - - [05/Jan/2024:17:47:16 -0500] "POST /kwsrmcab/Wsrmcab  HTTP/1.1" 200 36937
156.59.198.135 - - [05/Jan/2024:17:47:29 -0500] "GET /BLA/resoluciones/RESOLUCIONES%202010/4434.pdf HTTP/1.0" 200 460727
201.245.192.253 - - [05/Jan/2024:17:47:29 -0500] "POST /appsia/controlador HTTP/1.1" 200 7795
156.59.198.136 - - [05/Jan/2024:17:47:53 -0500] "GET /BLA/resoluciones/RESOLUCIONES%202010/2216.pdf HTTP/1.0" 200 492836
172.22.2.4 - - [05/Jan/2024:17:46:18 -0500] "GET /BLA/boletinlegal/ HTTP/1.1" 200 60910
156.59.198.135 - - [05/Jan/2024:17:48:17 -0500] "GET /BLA/resoluciones/RESOLUCIONES%202010/2003.pdf HTTP/1.0" 200 339608
173.252.111.6 - - [05/Jan/2024:17:48:20 -0500] "GET /images/reconocimiento%20practicas%20ambientales.jpg HTTP/1.1" 200 63397
173.252.111.3 - - [05/Jan/2024:17:48:20 -0500] "GET /images/agua%20bogota.jpg HTTP/1.1" 200 74348
173.252.111.117 - - [05/Jan/2024:17:48:20 -0500] "GET /images/participacion%2019-12-23.jpg HTTP/1.1" 200 73861
173.252.111.2 - - [05/Jan/2024:17:48:20 -0500] "GET /images/Aves%20SDA.jpeg HTTP/1.1" 200 75104
173.252.111.11 - - [05/Jan/2024:17:48:20 -0500] "GET /images/arbol%20centro.jpg HTTP/1.1" 200 69467
173.252.111.11 - - [05/Jan/2024:17:48:27 -0500] "GET /images/calidad-aire.jpg HTTP/1.1" 200 42421
156.59.198.135 - - [05/Jan/2024:17:48:42 -0500] "GET /BLA/resoluciones/RESOLUCIONES%202010/2141.pdf HTTP/1.0" 200 519051
156.59.198.135 - - [05/Jan/2024:17:49:06 -0500] "GET /BLA/resoluciones/RESOLUCIONES%202010/2461.pdf HTTP/1.0" 200 494605
102.129.153.222 - - [05/Jan/2024:17:49:21 -0500] "GET / HTTP/1.1" 200 319
190.24.107.106 - - [05/Jan/2024:17:49:24 -0500] "GET /kwssiamovil/sm/ldap/au?x=U2FsdGVkX18H6iRBS/AE1hq0bsm+mpU6s34FQt++mDRPQ0SMmsY9sT43V9oMMhXT&y=U2FsdGVkX19zgnaFfjyUotF9qHtnFWxpzlWFiPm195o= HTTP/1.1" 200 30
190.24.107.106 - - [05/Jan/2024:17:49:24 -0500] "GET /kwssiamovil/sm/acme/s?s=U2FsdGVkX1/F7FugLflUomuuAU/Agf+2p6pBtNr7RLIJJ12tm6LB5L0o5y744Cbfa/34/O7wYxCEOW0YOPK0sX62Z5MtdmE/1gkQjwMGmxQ=&u=U2FsdGVkX1+/1jYxG5SbgoPkBuk0Zjh4W3jLXdNoeeA=&y=U2FsdGVkX19zgnaFfjyUotF9qHtnFWxpzlWFiPm195o= HTTP/1.1" 200 70
190.24.107.106 - - [05/Jan/2024:17:49:24 -0500] "GET /kwssiamovil/sm/acme/s?s=U2FsdGVkX1+IfcUg09hj8zKp2x9M6nZdien5dyO4o1DBtWRPE924lt2tuLRSZyobN3j+nb5hEg2bzzXnZ8md4vGRbL/nkHu+nb4Vu41ySiyEQmJmZO13Zp/xc35X6U8J//70I/QwzpspI4fCjY/LgACs7O6P4Cyvre2ARftXmTs+OnvyNl48loYbMWZJ0KwPyjB5YGS2ToltxcatNC+BPl3b7s7+xI92db/41o17P/A/xeeqp5dwr1fOCdMyzwQkG6LmJ0kg6tKqWX85vIAuffLwjTm94cLvw3ftj175q2d239JsPKlrOR1RUdjgJ3T9KE9nlF+1c10ZZSw8TpIug+egXW4GS2Te16Jpa4FOxtwCKJT8HK4XfxC9ejKELppLFdt9+3DcoTCObnG3ynPnnz6khp0fwaiyRz2f/zZzTL+5IfZAbveEi4yIUGJVE9qZvBl9njFrJgbMLi2aV99Iap277qtxM0d1L7NF3yGcaLe5GAKjbuGYWGWrJ5iqlVXrFTXiNwERxd9GX+WL96n3FO4ooDSWIhiegPJbT7nxLlxxqppmST1U6aHHkOIdh31/RJOHjiszKtpUt5ehhSn1um17WE8uhOM4P6tcPk9/ejol0B4RtSgto+6Kt9QC6B7uYlL5ujHsWCWjcZC14EcCdNAKLZHO0EI3ilvkY82jVfqEyTSkBrEG3WH9M0GUA39b6xWEIf3fH7YIISknUNTcGqgVtzGa6ep5x8IAwHDSQjNdmn3wLU+j0EoDo+tN15d9wSjz2Lbg5D5tA3jW++fBUmxTn5Hlh47JwoH7k4gh2I3CpDtcAWVj+CycNTtFaPJeG1Bd36tfZa21vTrmRQx/MqxPxVdfFOFzSFQSF3q+BsXZzPPAmZP7L8P0TmdbK52H/zdZsWHMDnvuycdjtV5I6siDQl3syQFGL7wnQMAKuKJeKNQ4SnZO72yqJ0b0c0+CR21OszXpl+HakbE5Ik3m1BXkyx+vjPxNGlMcGHuOwsPYBtPqEmAH9lgmLtaJKbPRKjoBYjIUDSmMjkeoMFivYto5FseRmFKSH/z5vmEk+sXU4WFrFAgni+k1rdeqtoAVbPI4j2FhltN4gwU8RR/NxR4PB3nIKFj5hnkt8EzXEDvNsR2wlpBRSo//EHztOvtjs2crgWQqW2K4njKpURS2XAyigD7yrebbgix+JUET61i1RTO4EQ3KwWFnh6XZ9FytnpPqLigsjgR1KKO6fqXcJgtpes8auGDGCEJ/dtplD17UzA8pIgDJdYf7RZhxuzGiKIvz+oHUyyPwLrbqXyPhyEm88epkqqMz3fKQ5Iq5+HKYnW8F/W4RlJsZ86syA3qb47OoDEDLuO41d7wwfew8AM0F28KRyUJtLZadh2zkNMkK3lUbU0NtAOo5QOxg0opHE381iMr34sFNr3ulxiktWkmfx2POgqfnNN6GSOMVpxFAZ5yKQF7adL5VSGHW1EYHfL4O6D4O/3F1rRS2Ni4H/+XKkAM0dm0j/69OlwVsHyaLiGichpkJVdu0TUfH4AeyiE7SqnlbjKpkMOqxacikXlxG2kLFQMm7Z+9G5uEcfQZOxq3Y4rAaWWZ1Sy105V1vqoLjqKu5coPygAHqsrxUDDO4SqWy7L5p070oI34AUtW2v2jSIY7Zv9eK0a171wSRyENTmEAL+GnrWnjRb9jfbZkVRu8HNTjaUZgxeoI3kwvRR/Y+fkmsj0jcX8EeTtwnlJ75evh5fZ0W5jdEVgy3X4EVA0CG915onQ96HzfNCGM=&u=U2FsdGVkX1+/1jYxG5SbgoPkBuk0Zjh4W3jLXdNoeeA=&y=U2FsdGVkX19zgnaFfjyUotF9qHtnFWxpzlWFiPm195o= HTTP/1.1" 200 657
190.24.107.106 - - [05/Jan/2024:17:49:24 -0500] "GET /kwssiamovil/sm/acme/s?s=U2FsdGVkX1+fk+4trffQjj0ocDGVcTdOebSLJ6fVNa8HopYgCAIjyt0l0/jLjEf50572whlMTIMctdw3nlF3ajIXunKMZHYDH0GOOsCyUm2jhY7IeyEnVvffQaKQn21ZmYNkUIhc7IK26w77TGWMSGfTdV7p2zlxNUJbJoOHcmD0PbG6SU4MjFTOQIFRcmgzVSX/PVMcd4XJ4NmSNfhBB924whzuJs8UtmsMeSw2fWD34qaTmpTdjAFww1WWWS9Pdmivxa49RsxFvlTbRPwT/uN+/Gvk1Uj/xFEbcCNMWUfx7WsgW71iy6a9APEvcOKZtrvH3p+cYt8uDWnBQA87G5/GEdOzPBluXZWl1ZxAKad5gHL3MhWNGFW3Zq6uz8ekxIEBYjbDXF7kyyOcHLmdbz+YNuda7JK0SVSlZ5Xa1tm+eOlL15ZRcLBD/umroyGEH1qXh0CoJ7JAP2AbEgcndd9G9BtNSIdlDXNhtwuTp/vSbqOSqQ3sPKZ9E9q+IZPdT+bxn79xqKT/DOCDILjiKfh9hGBgeZyQIxahdwUBLKl5uS+Z3L6s+AnmZ81hNXQf/0sK1ciTXjgBlHGoybi1zjyVyjXJmJj212yevUS46Necfm0ZXhP1SiVqslFPQS9zeH4Hi+VvMRYuu7wlxpDVtqwuhzGiIe4LnRjQwJ7ZeYBVH7Y/C+ruIFe2jsQBcTJiYct6KzLfv8OP97vdyJDoa/FtcNhitvSns6b78nQEfYJkjttinhMona5qdUu/NTQf&u=U2FsdGVkX1+/1jYxG5SbgoPkBuk0Zjh4W3jLXdNoeeA=&y=U2FsdGVkX19zgnaFfjyUotF9qHtnFWxpzlWFiPm195o= HTTP/1.1" 200 208
190.24.107.106 - - [05/Jan/2024:17:49:25 -0500] "GET /kwssiamovil/sm/cjson/pre?f=1&x=U2FsdGVkX18H6iRBS/AE1hq0bsm+mpU6s34FQt++mDRPQ0SMmsY9sT43V9oMMhXT HTTP/1.1" 200 31032
156.59.198.135 - - [05/Jan/2024:17:49:30 -0500] "GET /BLA/resoluciones/RESOLUCIONES%202010/1791.pdf HTTP/1.0" 200 493461
156.59.198.135 - - [05/Jan/2024:17:49:55 -0500] "GET /BLA/resoluciones/RESOLUCIONES%202010/1986.pdf HTTP/1.0" 200 335976
156.59.198.136 - - [05/Jan/2024:17:50:19 -0500] "GET /BLA/resoluciones/RESOLUCIONES%202010/3564.pdf HTTP/1.0" 200 370846
216.245.221.92 - - [05/Jan/2024:17:50:40 -0500] "HEAD / HTTP/1.1" 200 -
156.59.198.135 - - [05/Jan/2024:17:50:44 -0500] "GET /BLA/resoluciones/RESOLUCIONES%202010/3570.pdf HTTP/1.0" 200 360054
156.59.198.135 - - [05/Jan/2024:17:51:09 -0500] "GET /BLA/resoluciones/RESOLUCIONES%202010/4470.pdf HTTP/1.0" 200 404947
156.59.198.136 - - [05/Jan/2024:17:51:32 -0500] "GET /BLA/resoluciones/RESOLUCIONES%202010/5619.pdf HTTP/1.0" 200 2744406
156.59.198.136 - - [05/Jan/2024:17:51:58 -0500] "GET /BLA/resoluciones/RESOLUCIONES%202010/4222.pdf HTTP/1.0" 200 346380
201.245.192.253 - - [05/Jan/2024:17:52:15 -0500] "POST /kwsrmcab/Wsrmcab  HTTP/1.1" 200 36937
156.59.198.135 - - [05/Jan/2024:17:52:21 -0500] "GET /BLA/resoluciones/RESOLUCIONES%202010/4474.pdf HTTP/1.0" 200 394010
52.167.144.194 - - [05/Jan/2024:17:52:28 -0500] "GET /BLA/resoluciones/AUTOS%202020/0051.pdf HTTP/1.1" 304 -
156.59.198.135 - - [05/Jan/2024:17:52:46 -0500] "GET /BLA/resoluciones/RESOLUCIONES%202010/1946.pdf HTTP/1.0" 200 71924
172.22.2.4 - - [05/Jan/2024:17:51:17 -0500] "HEAD /BLA/boletinlegal/ HTTP/1.1" 200 -
156.59.198.136 - - [05/Jan/2024:17:53:09 -0500] "GET /BLA/resoluciones/RESOLUCIONES%202010/5839.pdf HTTP/1.0" 200 654977
40.77.167.25 - - [05/Jan/2024:17:53:20 -0500] "GET /BLA/resoluciones/RESOLUCIONES%202013/2794.pdf HTTP/1.1" 200 622053
156.59.198.136 - - [05/Jan/2024:17:53:33 -0500] "GET /BLA/resoluciones/RESOLUCIONES%202010/5724.pdf HTTP/1.0" 200 200117
172.22.2.4 - - [05/Jan/2024:17:52:08 -0500] "GET /BLA/boletinlegal/ HTTP/1.1" 200 58567
172.22.2.4 - - [05/Jan/2024:17:53:54 -0500] "GET /BLA/boletinlegal/consulta_actos.php?tipo=resoluciones&no=748&usuario=&sector=&fecha=2019&resuelve= HTTP/1.1" 200 2073
179.1.136.194 - - [05/Jan/2024:17:53:58 -0500] "GET /BLA/resoluciones/RESOLUCIONES%202019/0748.pdf HTTP/1.1" 200 403120
156.59.198.136 - - [05/Jan/2024:17:53:58 -0500] "GET /BLA/resoluciones/RESOLUCIONES%202010/1881.pdf HTTP/1.0" 200 328777
156.59.198.135 - - [05/Jan/2024:17:54:23 -0500] "GET /BLA/resoluciones/RESOLUCIONES%202010/2360.pdf HTTP/1.0" 200 466068
156.59.198.136 - - [05/Jan/2024:17:54:48 -0500] "GET /BLA/resoluciones/RESOLUCIONES%202010/4604.pdf HTTP/1.0" 200 941060
52.167.144.194 - - [05/Jan/2024:17:55:10 -0500] "GET /BLA/resoluciones/AUTOS%202020/1234.pdf HTTP/1.1" 200 748137
190.24.107.106 - - [05/Jan/2024:17:55:12 -0500] "GET /kwssiamovil/sm/ldap/au?x=U2FsdGVkX18IvULXZAVs/ZUoxrCaOA9RcUUgWvxuhfqJiRzyTaO+49C9xJGWUfyJ&y=U2FsdGVkX19UBnHL1Z0EsrxdHJQU+BA4HLEXW1UZnUg= HTTP/1.1" 200 30
190.24.107.106 - - [05/Jan/2024:17:55:12 -0500] "GET /kwssiamovil/sm/acme/s?s=U2FsdGVkX19IlqbQ70eYE30mqWjCbaVL1q4PJ4GlqJNOgtJR6TTPS4t08B2Q4SotGgzmzMGh0YJQSSCZzIStV8ly6/uTgzIlhvrq2BYO94g=&u=U2FsdGVkX19ffiOyUTJUoJo8hZU7EK4cIeGBHceUEyw=&y=U2FsdGVkX19UBnHL1Z0EsrxdHJQU+BA4HLEXW1UZnUg= HTTP/1.1" 200 97
190.24.107.106 - - [05/Jan/2024:17:55:12 -0500] "GET /kwssiamovil/sm/acme/s?s=U2FsdGVkX18f7biq0HhCGJDNxdArx9d0TXZVkmb5unkRyKHOqFevWIIWm5uk0HI+iKITnQh3niqNbGDCkKgMdzhujYgpkuZpm95SmQ1pxH74+HZsKGaSAFnoNoZJup+mn6c9VVmxseVnqqXzQ2AKhmTWGXpMJajUJgKd8u2xjef4LKtrgtVEZUbHR9AVA97Qhlj9IqpPhKb0qjcSz8smv49A4PgfuhGoxlbvRhDQxnuAv3wUyvxADnKcgxByPwghInyBpqYbYf0E2+WKiLQZtQMvfl8AcjazG0hKXgELPmChs3V970LbfGGC2hTfeK8AqNtUzphurQwdE82fiFzr15SQNHxOfiLpg/yy0hajLT8JK7XXaDOap7UtdNjNx2GR5c71wUY2BEzHkMOUk/E5CFxF01F8nWusmLfKLIoIVftyLuj+PhNFSb0KLo4Tpqvrr+UkrQdbsSylj5lJJ3hQ1G2BGCMXu2D3imidCYgbsXIXASnxndGLOFZz2Y/bx89Lwwo/emM0PzKyDh33rSooWGDcDEoLVxgulhcp+uiBrgEfnZjFhfM/euuH/opKX1UycclwjfDNWiYRUehq6VChDYW59YYRuYYTSl+o4xwwqeSf3swHgB3Woped4ThEl6lpWTnhOtOxMYnD2t2YgjTcMmyFFnd+0U+BUmCAKBk1DgS5TqfTYA1I9chlCaZ+BtyTX4crrFTcBU2FwvjL2Jo/tAM1roIohFsDJeeX4Wtvzlg+TZS/1a4gV3yA7lBp99pvUb3F6cQXxI7pN1w3bk645nSCO3zvJ88hv5StxETX/msvJvAA4oG3FkacL1zP8iQxeOUyJwaI6yXog+nOOPfqoWrImk4nprKaiarzjEZuBMAxI9ugBfsRyGZOvr5KuUTg26Kd6KNsf5a5RkUEwHEziQ4T//7DRaf97XKw/Fnlw8osWmF4GW16/GrbrjEqBnXCFemrRTaZLBI9XNlclSLadLoJvDK3Xj7kbV0f9fbQqThFBGUxe8yeqL/2c0L26gzVUIKhS5fWv/cfaGCPktwbqRMMsDG37tnUE1SVthJUhz3FZDLvdoz+QRd6bYf2D9gjHT3t/NM9ODO0y9WJPtOTYUp0SuRZyBQ6Uca2s0NNxIsMr+DRmkKnPA/4Og7I8ADJWSLF3plMwagxhRWrYGu9iUB5qwwwPKgA2LMbFluMDtdu/j/WurLpUNULexCD2TuTpyaA8EPS43w6CvuoDoAIiVjJ7ghH4H9MDBe4p9A01xt4Xt9reBVqHA2VmFnfkYTIYHtY+r4sY5sooXdU87gB9AV6X+v1KDjvqZfWU5sg6aJ8qdCHzSUP9Fbzva2ai7d2gMgzLlfpe76l2Ols2oDPj4LQujCu5gYi5/zEifq2Z+cXG1pog4qtlOatFD8N5JyXrvZBUYzxQwDV9pQJ572q7H7dKBjdMfnjU8ODvl5pc4XLz9fM01oDTDxZlI8WgGWx1CheCEGnWu2VaQIeo7/i4IUDSnhdOigUpFgR/4Sq9DeldB/7cT1kOFsVNJv26k8d3MlKPlZ89MCdak1gV9wmehE5JVjRA/WoqRYAi0ncHAKPuu3qFg6cjApLBLUJ99pCUKGc+bKcfE0Hkyky5T/Dd/lVCCpmgt82O+cxTe5AXe2Vbazw+GRoy7IQpcRN6RzFgug6lpyawD+d7KkIRDVTc1zzgSNYZKd5JSUz/f4opHEF6QTL4wMC+1SHONQI9YtRs8KRuovWS71EcqoSZLiYYrIFlwV0hYU9+SJ4PWSBl6I=&u=U2FsdGVkX19ffiOyUTJUoJo8hZU7EK4cIeGBHceUEyw=&y=U2FsdGVkX19UBnHL1Z0EsrxdHJQU+BA4HLEXW1UZnUg= HTTP/1.1" 200 657
190.24.107.106 - - [05/Jan/2024:17:55:12 -0500] "GET /kwssiamovil/sm/acme/s?s=U2FsdGVkX1+aoxoZpGUwMqZTLqP+6l7VEJ63AySIAfZs7PQXLzpwiK/ntY8w7VcWqQ/EblXIcDxEWBCkQ8otT7VXBwQ+pibMQbLFfwCGV7SfWeomrY9nXp0pv6C3C7ggJwvZKlugBq6x6Hdu09saqvBhhLfp+LpX1AcYO1VpQXJNGu2A28Q/ah0wUwWuJuVT331vLLRdauKUL8QsPv5KuJ1lUW0t+iorUwVZDEmHT6zEQxImT++WKA5/y1QkRck1jiPrPRF0y5OjFSh68QQx9thW8HTyZzu/ynDdXq39/lW/PcQ5sM4YURi+rSGFyDMBWDqEK1dN3sLw6AUQd3PyhxvygHDrMNKgtazFr9ll9UZX3l1HpRsGbK/CKdYiSmRkyHchcAonLa+M94HfsjT0KKcTL+cPw+8z28gS7oezEPl6QXuvaolwLu92ue1/jlKYpsyOlM6AWoKPlxDez266PqqJZRnr6uUG8m/KVGdCWYSV/IDVcr5VcDLUjihTAKcb6JHh+eOqg331r4mo30+iQYWh5LNb+YoKJNBmnH/AkiIOiXYh06Xs0owrksLFo5CqFojpi1PvPjAjnnGD8bfkRjxVqHhLk5bfTPTjo1VVMyWsj+eJlIkNzc7fxkX2nUpKXGkfHli4dZRsmDcY62D8IasuJVH7hD0L4qWobAa0Pje2Sn8X4gkrh9VE1qkUilgWRND34138Ry2pci5weWP7zgE2cnGrgyJd+2vzPt8hlbrqbPDMrOyR61f4YsAr+v6r&u=U2FsdGVkX19ffiOyUTJUoJo8hZU7EK4cIeGBHceUEyw=&y=U2FsdGVkX19UBnHL1Z0EsrxdHJQU+BA4HLEXW1UZnUg= HTTP/1.1" 200 208
156.59.198.136 - - [05/Jan/2024:17:55:12 -0500] "GET /BLA/resoluciones/RESOLUCIONES%202010/1923.pdf HTTP/1.0" 200 785094
190.24.107.106 - - [05/Jan/2024:17:55:12 -0500] "GET /kwssiamovil/sm/cjson/pre?f=1&x=U2FsdGVkX18IvULXZAVs/ZUoxrCaOA9RcUUgWvxuhfqJiRzyTaO+49C9xJGWUfyJ HTTP/1.1" 200 31032
156.59.198.136 - - [05/Jan/2024:17:55:36 -0500] "GET /BLA/resoluciones/RESOLUCIONES%202010/4766.pdf HTTP/1.0" 200 508945
216.245.221.92 - - [05/Jan/2024:17:55:40 -0500] "HEAD / HTTP/1.1" 200 -
40.77.167.25 - - [05/Jan/2024:17:55:49 -0500] "GET /forest/ HTTP/1.1" 200 12041
156.59.198.136 - - [05/Jan/2024:17:56:00 -0500] "GET /BLA/resoluciones/RESOLUCIONES%202010/1882.pdf HTTP/1.0" 200 354232
66.249.66.193 - - [05/Jan/2024:17:56:19 -0500] "HEAD /mas- HTTP/1.1" 404 -
66.249.66.193 - - [05/Jan/2024:17:56:20 -0500] "HEAD /con- HTTP/1.1" 404 -
66.249.66.194 - - [05/Jan/2024:17:56:20 -0500] "HEAD /mas-de-179-individuos-de-aves-fueron-avistados-en-el-global-big-day.html HTTP/1.1" 200 -
66.249.66.192 - - [05/Jan/2024:17:56:21 -0500] "HEAD /con-actividades-pedagogicas-y-recorrido-interpretativo-bogota-conmemora-el-dia-internacional-de-los-anfibios.html HTTP/1.1" 200 -
66.249.66.192 - - [05/Jan/2024:17:56:21 -0500] "HEAD /cucarron-de-mayo-insecto-que-se-puede-observar-por-estos-dias-en-varios-ecosistemas-de-bogota.html HTTP/1.1" 200 -
66.249.66.194 - - [05/Jan/2024:17:56:21 -0500] "HEAD /cucarron- HTTP/1.1" 404 -
66.249.66.193 - - [05/Jan/2024:17:56:22 -0500] "HEAD /bogota-celebra-la HTTP/1.1" 404 -
66.249.66.192 - - [05/Jan/2024:17:56:22 -0500] "HEAD /bogota-celebra-la-semana-de-los-insectos.html?fbclid=IwAR3vvDlQ_A7xdjIjLa21ZNT7C5p908g-6KI8rRnoWbVT8eW_wuQYLGc0CGM HTTP/1.1" 200 -
66.249.66.193 - - [05/Jan/2024:17:56:23 -0500] "HEAD /bogota-celebra-la-semana-de-los-insectos.html HTTP/1.1" 200 -
66.249.66.192 - - [05/Jan/2024:17:56:23 -0500] "HEAD /bogota- HTTP/1.1" 404 -
66.249.66.193 - - [05/Jan/2024:17:56:24 -0500] "HEAD /serpiente- HTTP/1.1" 404 -
66.249.66.193 - - [05/Jan/2024:17:56:24 -0500] "HEAD /secretaria-de-ambiente-invita-a-proteger-la-culebra-sabanera.html HTTP/1.1" 200 -
156.59.198.135 - - [05/Jan/2024:17:56:24 -0500] "GET /BLA/resoluciones/RESOLUCIONES%202010/2738.pdf HTTP/1.0" 200 392578
66.249.66.192 - - [05/Jan/2024:17:56:25 -0500] "HEAD /secretaria-de-ambiente-invita-a-proteger- HTTP/1.1" 404 -
156.59.198.135 - - [05/Jan/2024:17:56:48 -0500] "GET /BLA/resoluciones/RESOLUCIONES%202010/3508.pdf HTTP/1.0" 200 513487
156.59.198.135 - - [05/Jan/2024:17:57:13 -0500] "GET /BLA/resoluciones/RESOLUCIONES%202010/3656.pdf HTTP/1.0" 200 711269
52.167.144.181 - - [05/Jan/2024:17:57:16 -0500] "GET /BLA/resoluciones/RESOLUCIONES%202019/0748.pdf HTTP/1.1" 200 403120
201.245.192.253 - - [05/Jan/2024:17:57:15 -0500] "POST /kwsrmcab/Wsrmcab  HTTP/1.1" 200 36937
156.59.198.135 - - [05/Jan/2024:17:57:38 -0500] "GET /BLA/resoluciones/RESOLUCIONES%202010/4845.pdf HTTP/1.0" 200 753533
156.59.198.136 - - [05/Jan/2024:17:58:02 -0500] "GET /BLA/resoluciones/RESOLUCIONES%202010/5151.pdf HTTP/1.0" 200 1219687
156.59.198.136 - - [05/Jan/2024:17:58:27 -0500] "GET /BLA/resoluciones/RESOLUCIONES%202010/1973.pdf HTTP/1.0" 200 509037
172.22.2.4 - - [05/Jan/2024:17:57:07 -0500] "HEAD /BLA/boletinlegal/ HTTP/1.1" 200 -
156.59.198.135 - - [05/Jan/2024:17:58:52 -0500] "GET /BLA/resoluciones/RESOLUCIONES%202010/3107.pdf HTTP/1.0" 200 543507
156.59.198.136 - - [05/Jan/2024:17:59:16 -0500] "GET /BLA/resoluciones/RESOLUCIONES%202010/4495.pdf HTTP/1.0" 200 407188
172.22.2.4 - - [05/Jan/2024:17:57:58 -0500] "GET /BLA/boletinlegal/ HTTP/1.1" 200 56478
156.59.198.135 - - [05/Jan/2024:17:59:41 -0500] "GET /BLA/resoluciones/RESOLUCIONES%202010/4512.pdf HTTP/1.0" 200 959060
172.22.2.4 - - [05/Jan/2024:17:59:51 -0500] "GET /BLA/boletinlegal/Circulares/2023/CIRCULAR%20No.%2000001%20DEL%2020%20DE%20FEBRERO%20DEL%202023.pdf HTTP/1.1" 304 -
156.59.198.136 - - [05/Jan/2024:18:00:07 -0500] "GET /BLA/resoluciones/RESOLUCIONES%202010/2100.pdf HTTP/1.0" 200 476612
156.59.198.135 - - [05/Jan/2024:18:00:31 -0500] "GET /BLA/resoluciones/RESOLUCIONES%202010/1974.pdf HTTP/1.0" 200 476525
216.245.221.92 - - [05/Jan/2024:18:00:40 -0500] "HEAD / HTTP/1.1" 200 -
156.59.198.136 - - [05/Jan/2024:18:00:56 -0500] "GET /BLA/resoluciones/RESOLUCIONES%202010/2656.pdf HTTP/1.0" 200 339156
156.59.198.135 - - [05/Jan/2024:18:01:19 -0500] "GET /BLA/resoluciones/RESOLUCIONES%202010/2007.pdf HTTP/1.0" 200 338116
156.59.198.135 - - [05/Jan/2024:18:01:43 -0500] "GET /BLA/resoluciones/RESOLUCIONES%202010/2667.pdf HTTP/1.0" 200 384848
156.59.198.135 - - [05/Jan/2024:18:02:09 -0500] "GET /BLA/resoluciones/RESOLUCIONES%202010/5271.pdf HTTP/1.0" 200 407759
201.245.192.253 - - [05/Jan/2024:18:02:13 -0500] "POST /kwsrmcab/Wsrmcab  HTTP/1.1" 200 36937
156.59.198.136 - - [05/Jan/2024:18:02:33 -0500] "GET /BLA/resoluciones/RESOLUCIONES%202010/1814.pdf HTTP/1.0" 200 492311
52.167.144.218 - - [05/Jan/2024:18:02:39 -0500] "GET /BLA/resoluciones/RESOLUCIONES%202013/2027.pdf HTTP/1.1" 200 668110
172.22.2.4 - - [05/Jan/2024:18:02:47 -0500] "GET /BLA/boletinlegal/conceptos.php HTTP/1.1" 200 7496
156.59.198.136 - - [05/Jan/2024:18:02:56 -0500] "GET /BLA/resoluciones/RESOLUCIONES%202010/4073.pdf HTTP/1.0" 200 637168
156.59.198.136 - - [05/Jan/2024:18:03:21 -0500] "GET /BLA/resoluciones/RESOLUCIONES%202010/3516.pdf HTTP/1.0" 200 357892
191.95.56.51 - - [05/Jan/2024:18:03:21 -0500] "GET /kwssiamovil/sm/ldap/au?x=U2FsdGVkX1/Sabpgdr2ZDFFcASyhJSgeWVWECOFVYWcteYTnWco7MBQPz2Rz4Y/7&y=U2FsdGVkX18ntYZ+7a3JFaUcPmOYLiW+kNv1VpAR8My4dFoyVaeYUbAdJRA4dguM HTTP/1.1" 200 30
191.95.56.51 - - [05/Jan/2024:18:03:21 -0500] "GET /kwssiamovil/sm/acme/s?s=U2FsdGVkX1+GSTJd0vxYXKk9xKsxGlYD+DAzkZ9VbEQVIMDM+rFZfhiRpejwuQPngbTqPE3NvVcIx3oHmaPnnLDmqLvcqf1iZ7h+k83kF2g=&u=U2FsdGVkX1+FG9WIXsJib2GBFM8Byl3qYjhlI82Ny7o=&y=U2FsdGVkX18ntYZ+7a3JFaUcPmOYLiW+kNv1VpAR8My4dFoyVaeYUbAdJRA4dguM HTTP/1.1" 200 97
191.95.56.51 - - [05/Jan/2024:18:03:21 -0500] "GET /kwssiamovil/sm/acme/s?s=U2FsdGVkX18q+Rg+fxk8Yl47mXwM6a2rVHMB5kKt8cgm48lyAZF5k+D7lhLn9JAuOygfbVpYaUPRV3YEUNb79wK/PN0aq48MCCF5Ks3XJE0k+9Kfw4Q7CQGIT4PhlarZzdQB7hmuTdL4KLzE1eJbrjUKvXJJnT6/VBJ4aKxlqzzq0xYhgVFk8nvkszl97vizRcx2ec448NGpMfuiES163hR2YO0OclvJCGFNgR0ot58jSaHdpzf/uX+dTo7cNCiC/kiyrdpiQ11FqvpSYNIwM2jLIzzEyMU8tal9QgP8fR8T1/oTkt+3evp/dlAiSP8CKiwe6CV25j5RSVN3NydVJlI04jzq65qMaQ0glVvC60/OCXCaE1bl7w28MzEkHPzKP5r5a+hMxWiA7HyXKiM+WUPghiwQVG38JE+INLAA493OgHyDFJNujRR+JFfIpEPgOJlvMBqMxzhgfiU587rJ5dVYTHHEpF7UYLZKQ5F3YnXAa4A21K9a55GryUzW0x26i+brI1aS/aNEFqALKo0r2HB8dFvQqtiaQZZM/ugS/DB0r7CZvD47EYk67BA0ftO4ERDUhmRDwrCYdqSV+L62XB/Zd4yKFFlMzo9XWVRp45Qe1KS1VwNuj4tngha1p0Ro4BbStA4ibeBlFsmOiw7qga2DlcsfyNCimCWVH/lxko0AAWUFazk521YfbO30XXMDCGoO5VenkwhaVS87KBH99vv4h8jll2R/dk3iRjW7uLCKMlSgNH+zfTyxPDZy5lWQrLYd4RUfK28ITP7Alk8XCcY1Fj3a+Lws2XFaOZXNrCyexv7gAucPes8NwkxQxjK/kVQhe0o1PD+/yGWU5jvqaxbXgfx+u27kBgCO0w8Ug99ZnOZzrb+5jUerZp1hxCnhs0yfsDOCYW3qiZCR6uh4lCE6BS1Ckh2PykOEekUiQKVKCGVPAXBL0KBbKwxgdqrp9IVQNYyjNdvicyyVpHLllq70Q0O2mVjXfmE1ozLHQYlv/TspeYjI6/+HYiCS3SX7cnCOZX6r8qUmRotaZJwX1isHUT0woFA7RRW1Ho05C172fYRMVY5CVZo9OVO1Ywk3U9BUDXORTNcH83L/yfrYMD+AkpT/Tf7UDM5a8pPwG8ncEdaDH5whZWFQSYfhIgSeO7LYPK+3Bk2H2xzHMtBtk03zScn3YqfD5WCvGgK29NXbQfLcFkxx/lujhYqfu2KzZQkZLxDVNkvlfbtQi366clAc736/R+ZA6bfmZF4dkb/FPVudSMy4hYL9gkfa6KIY+2KfXPv1uwRrFfouLPiQeF9KTDUGlReQxHFQv9ZvTOb4LakUhj4rpcw6bJVHg2mUob7c9nCtcKsWzxX+alpyLYAxH83iaZJjIi++HBCfAIF19Cs+Z6lqf3pd8qcRXFVdxof5DHGyVE8Ko8bCYEuISb6CDrDNecUy/36no32kjEjA+jBZjI6t1Hho1myeee04ZPUbGI7dYzIpR3bTGDHrCuGhq5285JYJvSQLedyc1CJjw76X37pSdNeoHWnkEceJlypBkZ4UuFzxpI2Etd++H7Hpm5aplX4xZAFnHGywyIP+0Ouzwtrb98bE/QtZFakehzNAS2B2H8NlfzWEbhCP3EaaOkTSofaQ2NwBxiMqG7kP9SvPmkPz7DRu4n4wNa9kMjAW/EJUR+xvENUgC2uIG4m2aTfT/C0U1PQlHCgLgCpIg+cwAeA7R8u4+uRzyuN62g0SrUosQRZDzv71U6FB2FGFfUW8kpjmLXQ1fVIessM=&u=U2FsdGVkX1+FG9WIXsJib2GBFM8Byl3qYjhlI82Ny7o=&y=U2FsdGVkX18ntYZ+7a3JFaUcPmOYLiW+kNv1VpAR8My4dFoyVaeYUbAdJRA4dguM HTTP/1.1" 200 1495
191.95.56.51 - - [05/Jan/2024:18:03:22 -0500] "GET /kwssiamovil/sm/acme/s?s=U2FsdGVkX18Pp0+PtA1YXfuylWlbGEMOHVTGYPyJLBmdTKLrczFMdcKY6yQHDpRigQjhiOb4YNg+cFf4WMDDXcGj/2QhoN694OQii3Z8zxDn/oMtPYV9ktmTttBYsP0Jr9elcEHJBnm/p+dHzTtTDgUQ9NgOrRcIeYSdLSit2veFlEYi8qrpPc0zkZD5twuumRxXnPU8Gn1MD4Ns6pZbl4L7KhYHyRvNhmYvGYvORX2pGyBdvTCev93HFZKgkBOp/Yg6F5rsllnp8EOHU0TjF8MfdlOJTtt8Mbu0P3+TjDG/FDO2erEwvsTLPH0zwgrOQ6kr5m2XzDThw3qGBMSNnrhloYAgKvfGqw6cZVd8PaZ1dw/+i3H1nYki+YJzYLPpTuCNYAteCmg3NswYaJwFmZGGbojBDo04ISF8/4SvWh7wf+wx47K5uLiAX+7FqdtUofh+gLIl1xiSWDfYOryCb8U0s+mKjvF5gZR+UaiOiDtIx5fxM5WUMqMgSQ004uJdP/tlePyp61Zg1sJRwe7oMCnXPWNqhb9Af4kISnMgVTjCNu6lC8avmqK33aW5WiVHzBRfFTD4hQ8+pYNkgAUZZ72kMmrdOsmNzefiLwKgNaLUzuwzzVa/D+vQHYl2p5hGFR1ZmMKf1bLuTC07dQ4OKUrCKb/otIxIcoxT3Z0ElqNekZcKU3eosZ4a8Opvko3lowMsa6NOkrJnJ0xF6+gsUtlXn/xu95X8iI7Wc2G84CXIQpZA27p9x8uw06M+uR2b&u=U2FsdGVkX1+FG9WIXsJib2GBFM8Byl3qYjhlI82Ny7o=&y=U2FsdGVkX18ntYZ+7a3JFaUcPmOYLiW+kNv1VpAR8My4dFoyVaeYUbAdJRA4dguM HTTP/1.1" 200 208
191.95.56.51 - - [05/Jan/2024:18:03:22 -0500] "GET /kwssiamovil/sm/cjson/pre?f=1&x=U2FsdGVkX1/Sabpgdr2ZDFFcASyhJSgeWVWECOFVYWcteYTnWco7MBQPz2Rz4Y/7 HTTP/1.1" 200 31032
66.249.66.19 - - [05/Jan/2024:18:03:26 -0500] "GET /BLA/resoluciones/Autos%202008/0123.pdf HTTP/1.1" 200 92021
191.95.56.51 - - [05/Jan/2024:18:03:28 -0500] "GET /kwssiamovil/sm/acme/u?s=U2FsdGVkX1/l5XlromV9JiOACRs39xkNj562nuyjQxxLWfFFoipW3cfZLugoBSqBoa+L4ItuXU8zCw78nFOQFO7AemSu7v9u/mhBtkuBYKrMvaK4A/F1XLVwWF9FbdeHIL9V2FfdBawqruHXq6JZ3S08/cTuosb3plucDyYNASg=&u=U2FsdGVkX1+FG9WIXsJib2GBFM8Byl3qYjhlI82Ny7o=&y=U2FsdGVkX18ntYZ+7a3JFaUcPmOYLiW+kNv1VpAR8My4dFoyVaeYUbAdJRA4dguM HTTP/1.1" 200 60
156.59.198.136 - - [05/Jan/2024:18:03:45 -0500] "GET /BLA/resoluciones/RESOLUCIONES%202010/2498.pdf HTTP/1.0" 200 538857
156.59.198.136 - - [05/Jan/2024:18:04:10 -0500] "GET /BLA/resoluciones/RESOLUCIONES%202010/3548.pdf HTTP/1.0" 200 418238
156.59.198.136 - - [05/Jan/2024:18:04:35 -0500] "GET /BLA/resoluciones/RESOLUCIONES%202010/5345.pdf HTTP/1.0" 200 503497
172.22.2.4 - - [05/Jan/2024:18:02:57 -0500] "HEAD /BLA/boletinlegal/ HTTP/1.1" 200 -
156.59.198.135 - - [05/Jan/2024:18:05:00 -0500] "GET /BLA/resoluciones/RESOLUCIONES%202010/4216.pdf HTTP/1.0" 200 89861
156.59.198.136 - - [05/Jan/2024:18:05:24 -0500] "GET /BLA/resoluciones/RESOLUCIONES%202010/1812.pdf HTTP/1.0" 200 489195
172.22.2.4 - - [05/Jan/2024:18:03:48 -0500] "GET /BLA/boletinlegal/ HTTP/1.1" 200 58567
216.245.221.92 - - [05/Jan/2024:18:05:40 -0500] "HEAD / HTTP/1.1" 200 -
156.59.198.135 - - [05/Jan/2024:18:05:49 -0500] "GET /BLA/resoluciones/RESOLUCIONES%202010/3483.pdf HTTP/1.0" 200 512239
156.59.198.135 - - [05/Jan/2024:18:06:13 -0500] "GET /BLA/resoluciones/RESOLUCIONES%202010/4796.pdf HTTP/1.0" 200 240619
66.249.66.20 - - [05/Jan/2024:18:06:28 -0500] "GET /Publicaciones/2023EE215073.pdf HTTP/1.1" 404 228
66.249.66.19 - - [05/Jan/2024:18:06:35 -0500] "GET /Publicaciones/2023EE261478.pdf HTTP/1.1" 404 228
156.59.198.135 - - [05/Jan/2024:18:06:37 -0500] "GET /BLA/resoluciones/RESOLUCIONES%202010/5888.pdf HTTP/1.0" 200 483455
156.59.198.135 - - [05/Jan/2024:18:07:01 -0500] "GET /BLA/resoluciones/RESOLUCIONES%202010/2351.pdf HTTP/1.0" 200 456328
40.77.167.143 - - [05/Jan/2024:18:07:02 -0500] "GET /sipse/faces/faces/autenticacion.xhtml HTTP/1.1" 200 12724
201.245.192.253 - - [05/Jan/2024:18:07:12 -0500] "POST /kwsrmcab/Wsrmcab  HTTP/1.1" 200 36937
156.59.198.136 - - [05/Jan/2024:18:07:27 -0500] "GET /BLA/resoluciones/RESOLUCIONES%202010/2395.pdf HTTP/1.0" 200 508594
156.59.198.135 - - [05/Jan/2024:18:07:50 -0500] "GET /BLA/resoluciones/RESOLUCIONES%202010/5676.pdf HTTP/1.0" 200 81209
156.59.198.135 - - [05/Jan/2024:18:08:15 -0500] "GET /BLA/resoluciones/RESOLUCIONES%202010/5080.pdf HTTP/1.0" 200 499799
52.167.144.229 - - [05/Jan/2024:18:08:20 -0500] "GET /BLA/resoluciones/AUTOS%202020/3565.pdf HTTP/1.1" 200 360798
156.59.198.136 - - [05/Jan/2024:18:08:40 -0500] "GET /BLA/resoluciones/RESOLUCIONES%202010/5580.pdf HTTP/1.0" 200 257883
156.59.198.136 - - [05/Jan/2024:18:09:03 -0500] "GET /BLA/resoluciones/RESOLUCIONES%202010/5048.pdf HTTP/1.0" 200 500959
156.59.198.135 - - [05/Jan/2024:18:09:28 -0500] "GET /BLA/resoluciones/RESOLUCIONES%202010/5534.pdf HTTP/1.0" 200 2801415
156.59.198.136 - - [05/Jan/2024:18:09:52 -0500] "GET /BLA/resoluciones/RESOLUCIONES%202010/5604.pdf HTTP/1.0" 200 1305069
52.167.144.182 - - [05/Jan/2024:18:10:12 -0500] "GET /BLA/resoluciones/AUTOS%202020/3625.pdf HTTP/1.1" 200 373140
156.59.198.136 - - [05/Jan/2024:18:10:16 -0500] "GET /BLA/resoluciones/RESOLUCIONES%202010/3276.pdf HTTP/1.0" 200 742015
172.22.2.4 - - [05/Jan/2024:18:08:47 -0500] "HEAD /BLA/boletinlegal/ HTTP/1.1" 200 -
216.245.221.92 - - [05/Jan/2024:18:10:40 -0500] "HEAD / HTTP/1.1" 200 -
156.59.198.136 - - [05/Jan/2024:18:10:43 -0500] "GET /BLA/resoluciones/RESOLUCIONES%202010/3161.pdf HTTP/1.0" 200 358028
156.59.198.135 - - [05/Jan/2024:18:11:08 -0500] "GET /BLA/resoluciones/RESOLUCIONES%202010/3315.pdf HTTP/1.0" 200 513257
172.22.2.4 - - [05/Jan/2024:18:09:38 -0500] "GET /BLA/boletinlegal/ HTTP/1.1" 200 58567
156.59.198.136 - - [05/Jan/2024:18:11:33 -0500] "GET /BLA/resoluciones/RESOLUCIONES%202010/0867.pdf HTTP/1.0" 200 439787
156.59.198.136 - - [05/Jan/2024:18:11:58 -0500] "GET /BLA/resoluciones/RESOLUCIONES%202010/2527.pdf HTTP/1.0" 200 487494
201.245.192.253 - - [05/Jan/2024:18:12:11 -0500] "POST /kwsrmcab/Wsrmcab  HTTP/1.1" 200 36937
156.59.198.136 - - [05/Jan/2024:18:12:21 -0500] "GET /BLA/resoluciones/RESOLUCIONES%202010/1999.pdf HTTP/1.0" 200 336320
156.59.198.136 - - [05/Jan/2024:18:12:45 -0500] "GET /BLA/resoluciones/RESOLUCIONES%202010/4924.pdf HTTP/1.0" 200 759795
156.59.198.136 - - [05/Jan/2024:18:13:10 -0500] "GET /BLA/resoluciones/RESOLUCIONES%202010/1992.pdf HTTP/1.0" 200 338576
156.59.198.136 - - [05/Jan/2024:18:13:33 -0500] "GET /BLA/resoluciones/RESOLUCIONES%202010/4994.pdf HTTP/1.0" 200 705411
40.77.167.52 - - [05/Jan/2024:18:13:42 -0500] "GET /BLA/resoluciones/AUTOS%202020/3820.pdf HTTP/1.1" 200 405060
156.59.198.135 - - [05/Jan/2024:18:13:59 -0500] "GET /BLA/resoluciones/RESOLUCIONES%202010/2652.pdf HTTP/1.0" 200 338126
156.59.198.136 - - [05/Jan/2024:18:14:23 -0500] "GET /BLA/resoluciones/RESOLUCIONES%202010/3326.pdf HTTP/1.0" 200 750995
156.59.198.136 - - [05/Jan/2024:18:14:47 -0500] "GET /BLA/resoluciones/RESOLUCIONES%202010/3646.pdf HTTP/1.0" 200 726839
156.59.198.136 - - [05/Jan/2024:18:15:13 -0500] "GET /BLA/resoluciones/RESOLUCIONES%202010/3523.pdf HTTP/1.0" 200 359928
201.245.192.253 - - [05/Jan/2024:18:15:16 -0500] "POST /kwsrmcab/Wsrmcab HTTP/1.1" 200 40568
201.245.192.253 - - [05/Jan/2024:18:15:20 -0500] "POST /kwsrmcab/Wsrmcab HTTP/1.1" 200 37047
156.59.198.136 - - [05/Jan/2024:18:15:38 -0500] "GET /BLA/resoluciones/RESOLUCIONES%202010/3455.pdf HTTP/1.0" 200 616040
216.245.221.92 - - [05/Jan/2024:18:15:40 -0500] "HEAD / HTTP/1.1" 200 -
156.59.198.135 - - [05/Jan/2024:18:16:02 -0500] "GET /BLA/resoluciones/RESOLUCIONES%202010/3014.pdf HTTP/1.0" 200 636910
66.249.66.193 - - [05/Jan/2024:18:16:13 -0500] "GET /caminatas-ecologicas-un-plan-imperdible-para-octubre.html HTTP/1.1" 200 747
172.22.2.4 - - [05/Jan/2024:18:14:37 -0500] "HEAD /BLA/boletinlegal/ HTTP/1.1" 200 -
156.59.198.135 - - [05/Jan/2024:18:16:27 -0500] "GET /BLA/resoluciones/RESOLUCIONES%202010/4043.pdf HTTP/1.0" 200 862221
156.59.198.136 - - [05/Jan/2024:18:16:51 -0500] "GET /BLA/resoluciones/RESOLUCIONES%202010/3294.pdf HTTP/1.0" 200 499897
172.22.2.4 - - [05/Jan/2024:18:15:28 -0500] "GET /BLA/boletinlegal/ HTTP/1.1" 200 60502
201.245.192.253 - - [05/Jan/2024:18:17:09 -0500] "POST /kwsrmcab/Wsrmcab  HTTP/1.1" 200 36937
156.59.198.136 - - [05/Jan/2024:18:17:15 -0500] "GET /BLA/resoluciones/RESOLUCIONES%202010/3344.pdf HTTP/1.0" 200 644179
66.249.66.21 - - [05/Jan/2024:18:17:38 -0500] "GET /BLA/resoluciones/RESOLUCIONES%202009/8168.pdf HTTP/1.1" 200 499085
156.59.198.136 - - [05/Jan/2024:18:17:40 -0500] "GET /BLA/resoluciones/RESOLUCIONES%202010/3780.pdf HTTP/1.0" 200 801046
156.59.198.135 - - [05/Jan/2024:18:18:04 -0500] "GET /BLA/resoluciones/RESOLUCIONES%202010/5783.pdf HTTP/1.0" 200 83893
162.55.37.148 - - [05/Jan/2024:18:18:20 -0500] "GET / HTTP/1.1" 200 4720
162.55.37.148 - - [05/Jan/2024:18:18:22 -0500] "GET / HTTP/1.1" 200 319
156.59.198.136 - - [05/Jan/2024:18:18:29 -0500] "GET /BLA/resoluciones/RESOLUCIONES%202007/RES%202007%201101%20AL%201200/RESOLUCION%201163%20DE%202007.pdf HTTP/1.0" 200 31653
156.59.198.135 - - [05/Jan/2024:18:18:54 -0500] "GET /BLA/resoluciones/RESOLUCIONES%202010/4352.pdf HTTP/1.0" 200 524775
156.59.198.135 - - [05/Jan/2024:18:19:18 -0500] "GET /BLA/resoluciones/RESOLUCIONES%202010/4271.pdf HTTP/1.0" 200 630580
201.245.192.253 - - [05/Jan/2024:18:19:27 -0500] "POST /kwsrmcab/Wsrmcab HTTP/1.1" 200 40568
156.59.198.135 - - [05/Jan/2024:18:19:42 -0500] "GET /BLA/resoluciones/RESOLUCIONES%202010/5008.pdf HTTP/1.0" 200 749797
156.59.198.135 - - [05/Jan/2024:18:20:06 -0500] "GET /BLA/resoluciones/RESOLUCIONES%202010/2692.pdf HTTP/1.0" 200 269965
201.245.192.253 - - [05/Jan/2024:18:20:09 -0500] "POST /kwsrmcab/Wsrmcab HTTP/1.1" 200 37047
156.59.198.136 - - [05/Jan/2024:18:20:31 -0500] "GET /BLA/resoluciones/RESOLUCIONES%202007/RES%202007%201101%20AL%201200/RESOLUCION%201182%20DE%202007.pdf HTTP/1.0" 200 338024
216.245.221.92 - - [05/Jan/2024:18:20:40 -0500] "HEAD / HTTP/1.1" 200 -
156.59.198.136 - - [05/Jan/2024:18:20:55 -0500] "GET /BLA/resoluciones/RESOLUCIONES%202010/5655.pdf HTTP/1.0" 200 2752047
156.59.198.135 - - [05/Jan/2024:18:21:19 -0500] "GET /BLA/resoluciones/RESOLUCIONES%202010/3229.pdf HTTP/1.0" 200 507477
156.59.198.135 - - [05/Jan/2024:18:21:44 -0500] "GET /BLA/resoluciones/RESOLUCIONES%202010/5871.pdf HTTP/1.0" 200 135762
172.22.2.4 - - [05/Jan/2024:18:20:27 -0500] "HEAD /BLA/boletinlegal/ HTTP/1.1" 200 -
156.59.198.136 - - [05/Jan/2024:18:22:08 -0500] "GET /BLA/resoluciones/RESOLUCIONES%202010/4378.pdf HTTP/1.0" 200 494307
201.245.192.253 - - [05/Jan/2024:18:22:08 -0500] "POST /kwsrmcab/Wsrmcab  HTTP/1.1" 200 36937
40.77.167.45 - - [05/Jan/2024:18:22:30 -0500] "GET /BLA/resoluciones/RESOLUCIONES%202023/02646.pdf HTTP/1.1" 200 452187
156.59.198.136 - - [05/Jan/2024:18:22:33 -0500] "GET /BLA/resoluciones/RESOLUCIONES%202010/1813.pdf HTTP/1.0" 200 493361
156.59.198.136 - - [05/Jan/2024:18:22:57 -0500] "GET /BLA/resoluciones/RESOLUCIONES%202010/3361.pdf HTTP/1.0" 200 521713
172.22.2.4 - - [05/Jan/2024:18:21:18 -0500] "GET /BLA/boletinlegal/ HTTP/1.1" 200 60502
66.249.66.21 - - [05/Jan/2024:18:23:14 -0500] "GET /portel_dama/libreria/pdf/2.pdf HTTP/1.1" 404 1018
156.59.198.136 - - [05/Jan/2024:18:23:21 -0500] "GET /BLA/resoluciones/RESOLUCIONES%202010/5744.pdf HTTP/1.0" 200 89163
156.59.198.136 - - [05/Jan/2024:18:23:46 -0500] "GET /BLA/resoluciones/RESOLUCIONES%202010/1040.pdf HTTP/1.0" 200 112550
156.59.198.135 - - [05/Jan/2024:18:24:10 -0500] "GET /BLA/resoluciones/RESOLUCIONES%202010/1772.pdf HTTP/1.0" 200 552838
156.59.198.136 - - [05/Jan/2024:18:24:34 -0500] "GET /BLA/resoluciones/RESOLUCIONES%202010/1869.pdf HTTP/1.0" 200 172484
191.156.184.47 - - [05/Jan/2024:18:24:35 -0500] "GET /sipse/faces/presentacion/financiero/solicitudProceso/consultarSolicitudProceso.xhtml HTTP/1.1" 302 -
191.156.184.47 - - [05/Jan/2024:18:24:35 -0500] "GET /sipse/faces/autenticacion.xhtml HTTP/1.1" 200 12402
191.156.184.47 - - [05/Jan/2024:18:24:36 -0500] "GET /sipse/css/custom_css_sg.css HTTP/1.1" 304 -
191.156.181.200 - - [05/Jan/2024:18:24:36 -0500] "GET /sipse/js/disable_browser_buttons.js HTTP/1.1" 304 -
191.156.177.106 - - [05/Jan/2024:18:24:36 -0500] "GET /sipse/faces/javax.faces.resource/theme.css?ln=primefaces-sipse HTTP/1.1" 304 -
191.156.184.47 - - [05/Jan/2024:18:24:36 -0500] "GET /sipse/css/custom_css_sg_prime_login.css HTTP/1.1" 304 -
191.156.181.200 - - [05/Jan/2024:18:24:36 -0500] "GET /sipse/faces/javax.faces.resource/primefaces.css?ln=primefaces&v=4.0 HTTP/1.1" 304 -
191.156.179.141 - - [05/Jan/2024:18:24:36 -0500] "GET /sipse/faces/javax.faces.resource/layout/layout.css?ln=primefaces&v=4.0 HTTP/1.1" 304 -
191.156.184.47 - - [05/Jan/2024:18:24:36 -0500] "GET /sipse/js/funciones.js HTTP/1.1" 304 -
191.156.181.200 - - [05/Jan/2024:18:24:36 -0500] "GET /sipse/faces/javax.faces.resource/jquery/jquery.js?ln=primefaces&v=4.0 HTTP/1.1" 304 -
191.156.177.106 - - [05/Jan/2024:18:24:36 -0500] "GET /sipse/faces/javax.faces.resource/jquery/jquery-plugins.js?ln=primefaces&v=4.0 HTTP/1.1" 304 -
191.156.181.200 - - [05/Jan/2024:18:24:36 -0500] "GET /sipse/faces/javax.faces.resource/layout/layout.js?ln=primefaces&v=4.0 HTTP/1.1" 304 -
191.156.184.47 - - [05/Jan/2024:18:24:36 -0500] "GET /sipse/faces/javax.faces.resource/primefaces.js?ln=primefaces&v=4.0 HTTP/1.1" 304 -
191.156.184.47 - - [05/Jan/2024:18:24:36 -0500] "GET /sipse/css/imagen/logoSDG.png HTTP/1.1" 304 -
191.156.181.200 - - [05/Jan/2024:18:24:36 -0500] "GET /sipse/css/imagen/loginimg.png HTTP/1.1" 304 -
191.156.177.106 - - [05/Jan/2024:18:24:36 -0500] "GET /sipse/faces/javax.faces.resource/images/ui-icons_898989_256x240.png?ln=primefaces-aristo HTTP/1.1" 304 -
191.156.191.87 - - [05/Jan/2024:18:24:57 -0500] "POST /sipse/faces/autenticacion.xhtml HTTP/1.1" 200 2224
191.156.191.87 - - [05/Jan/2024:18:24:57 -0500] "GET /sipse/faces/javax.faces.resource/messages/messages.png?ln=primefaces&v=4.0 HTTP/1.1" 304 -
156.59.198.135 - - [05/Jan/2024:18:24:58 -0500] "GET /BLA/resoluciones/RESOLUCIONES%202010/5559.pdf HTTP/1.0" 200 318671
191.156.191.87 - - [05/Jan/2024:18:24:58 -0500] "POST /sipse/faces/autenticacion.xhtml HTTP/1.1" 200 16392
191.156.191.87 - - [05/Jan/2024:18:24:59 -0500] "GET /sipse/faces/javax.faces.resource/theme.css?ln=primefaces-sipse HTTP/1.1" 304 -
191.156.180.201 - - [05/Jan/2024:18:24:59 -0500] "GET /sipse/js/jquery.min.js HTTP/1.1" 304 -
191.156.186.9 - - [05/Jan/2024:18:24:59 -0500] "GET /sipse/faces/javax.faces.resource/primefaces.css?ln=primefaces&v=4.0 HTTP/1.1" 304 -
191.156.177.201 - - [05/Jan/2024:18:24:59 -0500] "GET /sipse/css/custom_css_sg_prime.css HTTP/1.1" 304 -
191.156.177.179 - - [05/Jan/2024:18:24:59 -0500] "GET /sipse/faces/javax.faces.resource/layout/layout.css?ln=primefaces&v=4.0 HTTP/1.1" 304 -
191.156.186.9 - - [05/Jan/2024:18:24:59 -0500] "GET /sipse/faces/javax.faces.resource/jquery/jquery.js?ln=primefaces&v=4.0 HTTP/1.1" 304 -
191.156.186.9 - - [05/Jan/2024:18:24:59 -0500] "GET /sipse/faces/javax.faces.resource/jquery/jquery-plugins.js?ln=primefaces&v=4.0 HTTP/1.1" 304 -
191.156.186.9 - - [05/Jan/2024:18:24:59 -0500] "GET /sipse/faces/javax.faces.resource/primefaces.js?ln=primefaces&v=4.0 HTTP/1.1" 304 -
191.156.186.9 - - [05/Jan/2024:18:24:59 -0500] "GET /sipse/faces/javax.faces.resource/layout/layout.js?ln=primefaces&v=4.0 HTTP/1.1" 304 -
191.156.177.201 - - [05/Jan/2024:18:24:59 -0500] "GET /sipse/css/v_mergente.css HTTP/1.1" 304 -
191.156.186.9 - - [05/Jan/2024:18:24:59 -0500] "GET /sipse/imagenes/cargando.gif HTTP/1.1" 304 -
191.156.180.201 - - [05/Jan/2024:18:24:59 -0500] "GET /sipse/imagenes/logoAplicacion.jpg HTTP/1.1" 304 -
191.156.177.179 - - [05/Jan/2024:18:24:59 -0500] "GET /sipse/css/imagen/contrasena.png HTTP/1.1" 404 383
201.245.192.253 - - [05/Jan/2024:18:25:17 -0500] "POST /kwsrmcab/Wsrmcab HTTP/1.1" 200 40568
201.245.192.253 - - [05/Jan/2024:18:25:20 -0500] "POST /kwsrmcab/Wsrmcab HTTP/1.1" 200 37047
156.59.198.136 - - [05/Jan/2024:18:25:23 -0500] "GET /BLA/resoluciones/RESOLUCIONES%202010/2165.pdf HTTP/1.0" 200 503749
52.167.144.137 - - [05/Jan/2024:18:25:40 -0500] "GET /sipse/faces/presentacion/sistema/anexos/cargarAnexoSolicitudProceso.xhtml HTTP/1.1" 302 -
216.245.221.92 - - [05/Jan/2024:18:25:40 -0500] "HEAD / HTTP/1.1" 200 -
52.167.144.137 - - [05/Jan/2024:18:25:41 -0500] "GET /sipse/faces/autenticacion.xhtml HTTP/1.1" 200 12402
156.59.198.136 - - [05/Jan/2024:18:25:47 -0500] "GET /BLA/resoluciones/RESOLUCIONES%202010/5718.pdf HTTP/1.0" 200 91624
66.249.66.21 - - [05/Jan/2024:18:26:07 -0500] "GET /BLA/resoluciones/RESOLUCIONES%202009/1941.pdf HTTP/1.1" 200 468531
156.59.198.136 - - [05/Jan/2024:18:26:11 -0500] "GET /BLA/resoluciones/RESOLUCIONES%202010/1827.pdf HTTP/1.0" 200 494577
156.59.198.135 - - [05/Jan/2024:18:26:36 -0500] "GET /BLA/resoluciones/RESOLUCIONES%202010/5585.pdf HTTP/1.0" 200 364025
156.59.198.135 - - [05/Jan/2024:18:27:01 -0500] "GET /BLA/resoluciones/RESOLUCIONES%202010/2248.pdf HTTP/1.0" 200 358355
201.245.192.253 - - [05/Jan/2024:18:27:06 -0500] "POST /kwsrmcab/Wsrmcab  HTTP/1.1" 200 36937
156.59.198.135 - - [05/Jan/2024:18:27:25 -0500] "GET /BLA/resoluciones/RESOLUCIONES%202010/5013.pdf HTTP/1.0" 200 751643
201.245.192.253 - - [05/Jan/2024:18:27:27 -0500] "POST /sipse/faces/presentacion/financiero/solicitudProceso/listarSolicitudProceso.xhtml HTTP/1.1" 200 25234
201.245.192.253 - - [05/Jan/2024:18:27:27 -0500] "POST /sipse/faces/presentacion/financiero/solicitudProceso/listarSolicitudProceso.xhtml HTTP/1.1" 200 25234
201.245.192.253 - - [05/Jan/2024:18:27:27 -0500] "POST /sipse/faces/presentacion/financiero/solicitudProceso/listarSolicitudProceso.xhtml HTTP/1.1" 200 25234
201.245.192.253 - - [05/Jan/2024:18:27:27 -0500] "POST /sipse/faces/presentacion/financiero/solicitudProceso/listarSolicitudProceso.xhtml HTTP/1.1" 200 25234
201.245.192.253 - - [05/Jan/2024:18:27:27 -0500] "POST /sipse/faces/presentacion/financiero/solicitudProceso/listarSolicitudProceso.xhtml HTTP/1.1" 200 25234
201.245.192.253 - - [05/Jan/2024:18:27:27 -0500] "POST /sipse/faces/presentacion/financiero/solicitudProceso/listarSolicitudProceso.xhtml HTTP/1.1" 200 1376
201.245.192.253 - - [05/Jan/2024:18:27:27 -0500] "POST /sipse/faces/presentacion/financiero/solicitudProceso/listarSolicitudProceso.xhtml HTTP/1.1" 200 1380
201.245.192.253 - - [05/Jan/2024:18:27:28 -0500] "POST /sipse/faces/presentacion/financiero/solicitudProceso/listarSolicitudProceso.xhtml HTTP/1.1" 200 1384
201.245.192.253 - - [05/Jan/2024:18:27:28 -0500] "POST /sipse/faces/presentacion/financiero/solicitudProceso/listarSolicitudProceso.xhtml HTTP/1.1" 200 1380
201.245.192.253 - - [05/Jan/2024:18:27:28 -0500] "POST /sipse/faces/presentacion/financiero/solicitudProceso/listarSolicitudProceso.xhtml HTTP/1.1" 200 1380
201.245.192.253 - - [05/Jan/2024:18:27:28 -0500] "POST /sipse/faces/presentacion/financiero/solicitudProceso/listarSolicitudProceso.xhtml HTTP/1.1" 200 2089
201.245.192.253 - - [05/Jan/2024:18:27:29 -0500] "POST /sipse/faces/presentacion/financiero/solicitudProceso/listarSolicitudProceso.xhtml HTTP/1.1" 200 38987
201.245.192.253 - - [05/Jan/2024:18:27:29 -0500] "GET /sipse/css/custom_css_sg.css HTTP/1.1" 304 -
201.245.192.253 - - [05/Jan/2024:18:27:29 -0500] "GET /sipse/css/custom_css_sg_prime.css HTTP/1.1" 304 -
201.245.192.253 - - [05/Jan/2024:18:27:29 -0500] "GET /sipse/js/disable_browser_buttons.js HTTP/1.1" 304 -
201.245.192.253 - - [05/Jan/2024:18:27:29 -0500] "GET /sipse/faces/javax.faces.resource/theme.css?ln=primefaces-sipse HTTP/1.1" 304 -
201.245.192.253 - - [05/Jan/2024:18:27:29 -0500] "GET /sipse/faces/javax.faces.resource/primefaces.css?ln=primefaces&v=4.0 HTTP/1.1" 304 -
201.245.192.253 - - [05/Jan/2024:18:27:29 -0500] "GET /sipse/faces/javax.faces.resource/layout/layout.css?ln=primefaces&v=4.0 HTTP/1.1" 304 -
201.245.192.253 - - [05/Jan/2024:18:27:29 -0500] "GET /sipse/js/jquery.min.js HTTP/1.1" 304 -
201.245.192.253 - - [05/Jan/2024:18:27:29 -0500] "GET /sipse/js/funciones.js HTTP/1.1" 304 -
201.245.192.253 - - [05/Jan/2024:18:27:29 -0500] "GET /sipse/faces/javax.faces.resource/jquery/jquery.js?ln=primefaces&v=4.0 HTTP/1.1" 304 -
201.245.192.253 - - [05/Jan/2024:18:27:29 -0500] "GET /sipse/faces/javax.faces.resource/jquery/jquery-plugins.js?ln=primefaces&v=4.0 HTTP/1.1" 304 -
201.245.192.253 - - [05/Jan/2024:18:27:29 -0500] "GET /sipse/faces/javax.faces.resource/primefaces.js?ln=primefaces&v=4.0 HTTP/1.1" 304 -
201.245.192.253 - - [05/Jan/2024:18:27:29 -0500] "GET /sipse/faces/javax.faces.resource/layout/layout.js?ln=primefaces&v=4.0 HTTP/1.1" 304 -
201.245.192.253 - - [05/Jan/2024:18:27:29 -0500] "GET /sipse/css/imagen/contrasena.png HTTP/1.1" 404 383
201.245.192.253 - - [05/Jan/2024:18:27:29 -0500] "POST /sipse/faces/presentacion/financiero/solicitudProceso/consultar.xhtml HTTP/1.1" 200 32349
201.245.192.253 - - [05/Jan/2024:18:27:29 -0500] "POST /sipse/faces/presentacion/financiero/solicitudProceso/consultar.xhtml HTTP/1.1" 200 32349
201.245.192.253 - - [05/Jan/2024:18:27:29 -0500] "POST /sipse/faces/presentacion/financiero/solicitudProceso/consultar.xhtml HTTP/1.1" 200 32349
201.245.192.253 - - [05/Jan/2024:18:27:29 -0500] "POST /sipse/faces/presentacion/financiero/solicitudProceso/consultar.xhtml HTTP/1.1" 200 32349
201.245.192.253 - - [05/Jan/2024:18:27:33 -0500] "POST /sipse/faces/presentacion/financiero/solicitudProceso/consultar.xhtml HTTP/1.1" 200 12778
201.245.192.253 - - [05/Jan/2024:18:27:35 -0500] "POST /sipse/faces/presentacion/financiero/solicitudProceso/consultar.xhtml HTTP/1.1" 200 101988
201.245.192.253 - - [05/Jan/2024:18:27:36 -0500] "GET /sipse/faces/javax.faces.resource/layout/layout.css?ln=primefaces&v=4.0 HTTP/1.1" 304 -
201.245.192.253 - - [05/Jan/2024:18:27:36 -0500] "GET /sipse/faces/javax.faces.resource/theme.css?ln=primefaces-sipse HTTP/1.1" 304 -
201.245.192.253 - - [05/Jan/2024:18:27:36 -0500] "GET /sipse/faces/javax.faces.resource/primefaces.css?ln=primefaces&v=4.0 HTTP/1.1" 304 -
201.245.192.253 - - [05/Jan/2024:18:27:36 -0500] "GET /sipse/faces/javax.faces.resource/jquery/jquery.js?ln=primefaces&v=4.0 HTTP/1.1" 304 -
201.245.192.253 - - [05/Jan/2024:18:27:36 -0500] "GET /sipse/faces/javax.faces.resource/jquery/jquery-plugins.js?ln=primefaces&v=4.0 HTTP/1.1" 304 -
201.245.192.253 - - [05/Jan/2024:18:27:36 -0500] "GET /sipse/faces/javax.faces.resource/primefaces.js?ln=primefaces&v=4.0 HTTP/1.1" 304 -
201.245.192.253 - - [05/Jan/2024:18:27:36 -0500] "GET /sipse/faces/javax.faces.resource/layout/layout.js?ln=primefaces&v=4.0 HTTP/1.1" 304 -
201.245.192.253 - - [05/Jan/2024:18:27:36 -0500] "GET /sipse/css/imagen/contrasena.png HTTP/1.1" 404 383
156.59.198.136 - - [05/Jan/2024:18:27:49 -0500] "GET /BLA/resoluciones/RESOLUCIONES%202010/4786.pdf HTTP/1.0" 200 447293
191.156.182.41 - - [05/Jan/2024:18:27:50 -0500] "GET /sipse/faces/javax.faces.resource/images/ui-bg_flat_0_2d5972_40x100.png?ln=primefaces-aristo HTTP/1.1" 304 -
191.156.186.9 - - [05/Jan/2024:18:27:50 -0500] "POST /sipse/faces/bienvenido.xhtml HTTP/1.1" 200 2073
191.156.186.9 - - [05/Jan/2024:18:27:51 -0500] "POST /sipse/faces/bienvenido.xhtml HTTP/1.1" 200 39019
191.156.182.41 - - [05/Jan/2024:18:27:52 -0500] "GET /sipse/faces/javax.faces.resource/primefaces.css?ln=primefaces&v=4.0 HTTP/1.1" 304 -
191.156.186.9 - - [05/Jan/2024:18:27:52 -0500] "GET /sipse/faces/javax.faces.resource/theme.css?ln=primefaces-sipse HTTP/1.1" 304 -
191.156.177.106 - - [05/Jan/2024:18:27:52 -0500] "GET /sipse/faces/javax.faces.resource/jquery/jquery.js?ln=primefaces&v=4.0 HTTP/1.1" 304 -
191.156.182.41 - - [05/Jan/2024:18:27:52 -0500] "GET /sipse/faces/javax.faces.resource/layout/layout.css?ln=primefaces&v=4.0 HTTP/1.1" 304 -
191.156.182.41 - - [05/Jan/2024:18:27:52 -0500] "GET /sipse/faces/javax.faces.resource/jquery/jquery-plugins.js?ln=primefaces&v=4.0 HTTP/1.1" 304 -
191.156.182.41 - - [05/Jan/2024:18:27:52 -0500] "GET /sipse/faces/javax.faces.resource/primefaces.js?ln=primefaces&v=4.0 HTTP/1.1" 304 -
191.156.182.41 - - [05/Jan/2024:18:27:52 -0500] "GET /sipse/faces/javax.faces.resource/layout/layout.js?ln=primefaces&v=4.0 HTTP/1.1" 304 -
191.156.182.41 - - [05/Jan/2024:18:27:57 -0500] "POST /sipse/faces/presentacion/financiero/solicitudProceso/consultar.xhtml HTTP/1.1" 200 12913
172.22.2.4 - - [05/Jan/2024:18:26:17 -0500] "HEAD /BLA/boletinlegal/ HTTP/1.1" 200 -
191.156.182.41 - - [05/Jan/2024:18:28:02 -0500] "POST /sipse/faces/presentacion/financiero/solicitudProceso/consultar.xhtml HTTP/1.1" 200 153130
191.156.182.41 - - [05/Jan/2024:18:28:03 -0500] "GET /sipse/faces/javax.faces.resource/theme.css?ln=primefaces-sipse HTTP/1.1" 304 -
191.156.177.106 - - [05/Jan/2024:18:28:03 -0500] "GET /sipse/faces/javax.faces.resource/primefaces.css?ln=primefaces&v=4.0 HTTP/1.1" 304 -
191.156.182.41 - - [05/Jan/2024:18:28:03 -0500] "GET /sipse/faces/javax.faces.resource/layout/layout.css?ln=primefaces&v=4.0 HTTP/1.1" 304 -
191.156.186.9 - - [05/Jan/2024:18:28:03 -0500] "GET /sipse/faces/javax.faces.resource/jquery/jquery.js?ln=primefaces&v=4.0 HTTP/1.1" 304 -
191.156.186.9 - - [05/Jan/2024:18:28:03 -0500] "GET /sipse/faces/javax.faces.resource/jquery/jquery-plugins.js?ln=primefaces&v=4.0 HTTP/1.1" 304 -
