156.59.198.136 - - [05/Jan/2024:15:54:25 -0500] "GET /BLA/resoluciones/RESOLUCIONES%202010/5830.pdf HTTP/1.0" 200 602632
156.59.198.136 - - [05/Jan/2024:15:54:50 -0500] "GET /BLA/resoluciones/RESOLUCIONES%202010/4244.pdf HTTP/1.0" 200 761433
156.59.198.135 - - [05/Jan/2024:15:55:13 -0500] "GET /BLA/resoluciones/RESOLUCIONES%202010/3166.pdf HTTP/1.0" 200 357936
156.59.198.135 - - [05/Jan/2024:15:55:37 -0500] "GET /BLA/resoluciones/RESOLUCIONES%202010/3602.pdf HTTP/1.0" 200 504125
216.245.221.92 - - [05/Jan/2024:15:55:40 -0500] "HEAD / HTTP/1.1" 200 -
156.59.198.136 - - [05/Jan/2024:15:56:01 -0500] "GET /BLA/resoluciones/RESOLUCIONES%202010/3939.pdf HTTP/1.0" 200 503765
172.22.2.4 - - [05/Jan/2024:15:54:37 -0500] "HEAD /BLA/boletinlegal/ HTTP/1.1" 200 -
156.59.198.136 - - [05/Jan/2024:15:56:25 -0500] "GET /BLA/resoluciones/RESOLUCIONES%202010/4889.pdf HTTP/1.0" 200 737135
156.59.198.136 - - [05/Jan/2024:15:56:50 -0500] "GET /BLA/resoluciones/RESOLUCIONES%202010/2795.pdf HTTP/1.0" 200 404824
66.249.66.21 - - [05/Jan/2024:15:56:51 -0500] "GET /galeria/galeria/fotos/Entrenube3G.jpg HTTP/1.1" 304 -
152.203.234.34 - - [05/Jan/2024:15:56:54 -0500] "GET /appsia/controlador HTTP/1.1" 200 4799
152.203.234.34 - - [05/Jan/2024:15:56:54 -0500] "GET /appsia/css/estilos.css HTTP/1.1" 200 4804
152.203.234.34 - - [05/Jan/2024:15:56:54 -0500] "GET /appsia/scripts/validarIngreso.js HTTP/1.1" 200 851
152.203.234.34 - - [05/Jan/2024:15:56:54 -0500] "GET /appsia/images/logo_bogota_p.png HTTP/1.1" 200 14951
152.203.234.34 - - [05/Jan/2024:15:56:54 -0500] "GET /appsia/images/cabezoteHojaVida.png HTTP/1.1" 200 32493
152.203.234.34 - - [05/Jan/2024:15:56:55 -0500] "GET /favicon.ico HTTP/1.1" 200 7782
172.22.2.4 - - [05/Jan/2024:15:55:28 -0500] "GET /BLA/boletinlegal/ HTTP/1.1" 200 58567
152.203.234.34 - - [05/Jan/2024:15:57:09 -0500] "POST /appsia/controlador HTTP/1.1" 200 5437
156.59.198.136 - - [05/Jan/2024:15:57:15 -0500] "GET /BLA/resoluciones/RESOLUCIONES%202010/3854.pdf HTTP/1.0" 200 910184
152.203.234.34 - - [05/Jan/2024:15:57:29 -0500] "POST /appsia/controlador HTTP/1.1" 200 7730
152.203.234.34 - - [05/Jan/2024:15:57:29 -0500] "GET /appsia/images/logo_escudo.png HTTP/1.1" 200 36965
156.59.198.136 - - [05/Jan/2024:15:57:38 -0500] "GET /BLA/resoluciones/RESOLUCIONES%202010/5756.pdf HTTP/1.0" 200 81518
201.245.192.253 - - [05/Jan/2024:15:57:38 -0500] "POST /kwsrmcab/Wsrmcab  HTTP/1.1" 200 36937
156.59.198.135 - - [05/Jan/2024:15:58:03 -0500] "GET /BLA/resoluciones/RESOLUCIONES%202010/2190.pdf HTTP/1.0" 200 496125
156.59.198.136 - - [05/Jan/2024:15:58:27 -0500] "GET /BLA/resoluciones/RESOLUCIONES%202010/2880.pdf HTTP/1.0" 200 509863
156.59.198.136 - - [05/Jan/2024:15:58:53 -0500] "GET /BLA/resoluciones/RESOLUCIONES%202010/3852.pdf HTTP/1.0" 200 118782
156.59.198.135 - - [05/Jan/2024:15:59:17 -0500] "GET /BLA/resoluciones/RESOLUCIONES%202010/5197.pdf HTTP/1.0" 200 1386705
52.167.144.224 - - [05/Jan/2024:15:59:40 -0500] "GET /BLA/resoluciones/AUTOS%202020/1309.pdf HTTP/1.1" 200 347071
156.59.198.135 - - [05/Jan/2024:15:59:41 -0500] "GET /BLA/resoluciones/RESOLUCIONES%202010/4595.pdf HTTP/1.0" 200 1286980
156.59.198.135 - - [05/Jan/2024:16:00:07 -0500] "GET /BLA/resoluciones/RESOLUCIONES%202010/2355.pdf HTTP/1.0" 200 1526190
181.206.152.118 - - [05/Jan/2024:16:00:25 -0500] "GET /appsia/controlador HTTP/1.1" 200 4799
181.206.152.118 - - [05/Jan/2024:16:00:26 -0500] "GET /appsia/css/estilos.css HTTP/1.1" 200 4804
181.206.152.118 - - [05/Jan/2024:16:00:26 -0500] "GET /appsia/scripts/validarIngreso.js HTTP/1.1" 200 851
181.206.152.118 - - [05/Jan/2024:16:00:26 -0500] "GET /appsia/images/logo_bogota_p.png HTTP/1.1" 200 14951
181.206.152.118 - - [05/Jan/2024:16:00:26 -0500] "GET /appsia/images/cabezoteHojaVida.png HTTP/1.1" 200 32493
181.206.152.118 - - [05/Jan/2024:16:00:27 -0500] "GET /favicon.ico HTTP/1.1" 200 7782
156.59.198.136 - - [05/Jan/2024:16:00:32 -0500] "GET /BLA/resoluciones/RESOLUCIONES%202010/3965.pdf HTTP/1.0" 200 505415
216.245.221.92 - - [05/Jan/2024:16:00:40 -0500] "HEAD / HTTP/1.1" 200 -
66.249.66.192 - - [05/Jan/2024:16:00:56 -0500] "GET /red-de-calidad-hidrica-de-bogota-una-herramienta-para-monitorear-la-calidad-del-agua.html HTTP/1.1" 200 817
156.59.198.135 - - [05/Jan/2024:16:00:56 -0500] "GET /BLA/resoluciones/RESOLUCIONES%202010/3415.pdf HTTP/1.0" 200 302862
172.22.2.4 - - [05/Jan/2024:16:01:16 -0500] "GET /BLA/boletinlegal/actos.php HTTP/1.1" 200 9648
172.22.2.4 - - [05/Jan/2024:16:01:16 -0500] "GET /BLA/boletinlegal/styles2.css HTTP/1.1" 200 1838
172.22.2.4 - - [05/Jan/2024:16:01:16 -0500] "GET /BLA/boletinlegal/js/ajax_actos.js HTTP/1.1" 200 1322
172.22.2.4 - - [05/Jan/2024:16:01:17 -0500] "GET /BLA/boletinlegal/niceforms-default.css HTTP/1.1" 200 6694
172.22.2.4 - - [05/Jan/2024:16:01:17 -0500] "GET /BLA/boletinlegal/style.css HTTP/1.1" 200 9406
172.22.2.4 - - [05/Jan/2024:16:01:17 -0500] "GET /BLA/boletinlegal/js/lib.js HTTP/1.1" 200 6474
172.22.2.4 - - [05/Jan/2024:16:01:17 -0500] "GET /BLA/boletinlegal/js/popup.js HTTP/1.1" 200 1270
172.22.2.4 - - [05/Jan/2024:16:01:17 -0500] "GET /BLA/boletinlegal/js/jquery1.js HTTP/1.1" 200 29846
172.22.2.4 - - [05/Jan/2024:16:01:17 -0500] "GET /BLA/boletinlegal/niceforms.js HTTP/1.1" 200 22876
172.22.2.4 - - [05/Jan/2024:16:01:17 -0500] "GET /BLA/boletinlegal/images/cabezote%20BLEGAL.jpg HTTP/1.1" 200 118164
172.22.2.4 - - [05/Jan/2024:16:01:17 -0500] "GET /BLA/boletinlegal/images/subscribe-icon-big.png HTTP/1.1" 200 47702
172.22.2.4 - - [05/Jan/2024:16:01:17 -0500] "GET /BLA/boletinlegal/images/historia.png HTTP/1.1" 200 52775
172.22.2.4 - - [05/Jan/2024:16:01:17 -0500] "GET /BLA/boletinlegal/images/registro-usuarios.png HTTP/1.1" 200 8106
172.22.2.4 - - [05/Jan/2024:16:01:17 -0500] "GET /BLA/boletinlegal/images/green-yellow-blue-pink-th.png HTTP/1.1" 200 7394
172.22.2.4 - - [05/Jan/2024:16:01:17 -0500] "GET /BLA/boletinlegal/images/icono-email.png HTTP/1.1" 200 5544
172.22.2.4 - - [05/Jan/2024:16:01:17 -0500] "GET /BLA/boletinlegal/images/tel.png HTTP/1.1" 200 14477
172.22.2.4 - - [05/Jan/2024:16:01:17 -0500] "GET /BLA/boletinlegal/images/body_bg.jpg HTTP/1.1" 200 1601
172.22.2.4 - - [05/Jan/2024:16:01:17 -0500] "GET /BLA/boletinlegal/images/menu_lft.gif HTTP/1.1" 200 1713
172.22.2.4 - - [05/Jan/2024:16:01:17 -0500] "GET /BLA/boletinlegal/images/menu_rght.gif HTTP/1.1" 200 1627
172.22.2.4 - - [05/Jan/2024:16:01:17 -0500] "GET /BLA/boletinlegal/images/bg_top.jpg HTTP/1.1" 200 522
172.22.2.4 - - [05/Jan/2024:16:01:17 -0500] "GET /BLA/boletinlegal/images/text.jpg HTTP/1.1" 200 568
172.22.2.4 - - [05/Jan/2024:16:01:17 -0500] "GET /BLA/boletinlegal/images/menu_bg.jpg HTTP/1.1" 200 620
172.22.2.4 - - [05/Jan/2024:16:01:17 -0500] "GET /BLA/boletinlegal/images/hover.jpg HTTP/1.1" 200 640
172.22.2.4 - - [05/Jan/2024:16:01:17 -0500] "GET /BLA/boletinlegal/images/footer_bg.jpg HTTP/1.1" 200 586
172.22.2.4 - - [05/Jan/2024:16:01:17 -0500] "GET /BLA/boletinlegal/images/footer_bg_l.jpg HTTP/1.1" 200 776
172.22.2.4 - - [05/Jan/2024:16:01:17 -0500] "GET /BLA/boletinlegal/img/button-right.png HTTP/1.1" 200 57878
172.22.2.4 - - [05/Jan/2024:16:01:17 -0500] "GET /BLA/boletinlegal/img/button.png HTTP/1.1" 200 43241
172.22.2.4 - - [05/Jan/2024:16:01:17 -0500] "GET /BLA/boletinlegal/img/select-left.png HTTP/1.1" 200 263
172.22.2.4 - - [05/Jan/2024:16:01:17 -0500] "GET /BLA/boletinlegal/img/select-right.png HTTP/1.1" 200 44019
172.22.2.4 - - [05/Jan/2024:16:01:17 -0500] "GET /BLA/boletinlegal/img/button-left.png HTTP/1.1" 200 57071
172.22.2.4 - - [05/Jan/2024:16:01:17 -0500] "GET /BLA/boletinlegal/img/0.png HTTP/1.1" 200 110
172.22.2.4 - - [05/Jan/2024:16:01:17 -0500] "GET /BLA/boletinlegal/favicon.ico HTTP/1.1" 404 1326
156.59.198.136 - - [05/Jan/2024:16:01:21 -0500] "GET /BLA/resoluciones/RESOLUCIONES%202010/4139.pdf HTTP/1.0" 200 756057
40.77.167.52 - - [05/Jan/2024:16:01:44 -0500] "GET /BLA/resoluciones/AUTOS%202020/4536.pdf HTTP/1.1" 200 367867
156.59.198.135 - - [05/Jan/2024:16:01:45 -0500] "GET /BLA/resoluciones/RESOLUCIONES%202010/2343.pdf HTTP/1.0" 200 506125
172.22.2.4 - - [05/Jan/2024:16:00:28 -0500] "HEAD /BLA/boletinlegal/ HTTP/1.1" 200 -
156.59.198.136 - - [05/Jan/2024:16:02:10 -0500] "GET /BLA/resoluciones/RESOLUCIONES%202010/4334.pdf HTTP/1.0" 200 112178
156.59.198.136 - - [05/Jan/2024:16:02:35 -0500] "GET /BLA/resoluciones/RESOLUCIONES%202010/1834.pdf HTTP/1.0" 200 489365
201.245.192.253 - - [05/Jan/2024:16:02:38 -0500] "POST /kwsrmcab/Wsrmcab  HTTP/1.1" 200 36937
181.206.152.118 - - [05/Jan/2024:16:02:44 -0500] "POST /appsia/controlador HTTP/1.1" 200 3599
181.206.152.118 - - [05/Jan/2024:16:02:44 -0500] "GET /appsia/jscripts/validarSolicitud.js HTTP/1.1" 404 68
156.59.198.135 - - [05/Jan/2024:16:02:58 -0500] "GET /BLA/resoluciones/RESOLUCIONES%202010/4004.pdf HTTP/1.0" 200 118488
172.22.2.4 - - [05/Jan/2024:16:01:18 -0500] "GET /BLA/boletinlegal/ HTTP/1.1" 200 58969
156.59.198.136 - - [05/Jan/2024:16:03:23 -0500] "GET /BLA/resoluciones/RESOLUCIONES%202010/4975.pdf HTTP/1.0" 200 291256
40.77.167.52 - - [05/Jan/2024:16:03:35 -0500] "GET /BLA/resoluciones/RESOLUCIONES%202011/0777.pdf HTTP/1.1" 200 270887
156.59.198.136 - - [05/Jan/2024:16:03:48 -0500] "GET /BLA/resoluciones/RESOLUCIONES%202010/3935.pdf HTTP/1.0" 200 492337
156.59.198.135 - - [05/Jan/2024:16:04:13 -0500] "GET /BLA/resoluciones/RESOLUCIONES%202010/1788.pdf HTTP/1.0" 200 567664
52.167.144.219 - - [05/Jan/2024:16:04:31 -0500] "GET /BLA/resoluciones/AUTOS%202020/3962.pdf HTTP/1.1" 200 415095
156.59.198.136 - - [05/Jan/2024:16:04:36 -0500] "GET /BLA/resoluciones/RESOLUCIONES%202010/4683.pdf HTTP/1.0" 200 748347
156.59.198.135 - - [05/Jan/2024:16:05:01 -0500] "GET /BLA/resoluciones/RESOLUCIONES%202010/3803.pdf HTTP/1.0" 200 828248
156.59.198.136 - - [05/Jan/2024:16:05:25 -0500] "GET /BLA/resoluciones/RESOLUCIONES%202010/4036.pdf HTTP/1.0" 200 760961
216.245.221.92 - - [05/Jan/2024:16:05:40 -0500] "HEAD / HTTP/1.1" 200 -
168.119.252.242 - - [05/Jan/2024:16:05:47 -0500] "GET / HTTP/1.1" 200 319
168.119.252.242 - - [05/Jan/2024:16:05:47 -0500] "GET / HTTP/1.1" 200 4720
156.59.198.136 - - [05/Jan/2024:16:05:49 -0500] "GET /BLA/resoluciones/RESOLUCIONES%202010/4957.pdf HTTP/1.0" 200 313112
156.59.198.136 - - [05/Jan/2024:16:06:14 -0500] "GET /BLA/resoluciones/RESOLUCIONES%202010/4397.pdf HTTP/1.0" 200 555917
156.59.198.136 - - [05/Jan/2024:16:06:38 -0500] "GET /BLA/resoluciones/RESOLUCIONES%202010/2647.pdf HTTP/1.0" 200 340970
156.59.198.136 - - [05/Jan/2024:16:07:02 -0500] "GET /BLA/resoluciones/RESOLUCIONES%202010/2700.pdf HTTP/1.0" 200 390238
156.59.198.136 - - [05/Jan/2024:16:07:27 -0500] "GET /BLA/resoluciones/RESOLUCIONES%202010/2511.pdf HTTP/1.0" 200 178515
201.245.192.253 - - [05/Jan/2024:16:07:36 -0500] "POST /kwsrmcab/Wsrmcab  HTTP/1.1" 200 36937
156.59.198.135 - - [05/Jan/2024:16:07:52 -0500] "GET /BLA/resoluciones/RESOLUCIONES%202010/2437.pdf HTTP/1.0" 200 507129
172.22.2.4 - - [05/Jan/2024:16:06:17 -0500] "HEAD /BLA/boletinlegal/ HTTP/1.1" 200 -
156.59.198.136 - - [05/Jan/2024:16:08:16 -0500] "GET /BLA/resoluciones/RESOLUCIONES%202010/5018.pdf HTTP/1.0" 200 751951
156.59.198.136 - - [05/Jan/2024:16:08:40 -0500] "GET /BLA/resoluciones/RESOLUCIONES%202010/3595.pdf HTTP/1.0" 200 501551
172.22.2.4 - - [05/Jan/2024:16:07:08 -0500] "GET /BLA/boletinlegal/ HTTP/1.1" 200 58567
156.59.198.136 - - [05/Jan/2024:16:09:04 -0500] "GET /BLA/resoluciones/RESOLUCIONES%202010/4755.pdf HTTP/1.0" 200 632307
156.59.198.136 - - [05/Jan/2024:16:09:29 -0500] "GET /BLA/resoluciones/RESOLUCIONES%202010/2901.pdf HTTP/1.0" 200 503911
156.59.198.135 - - [05/Jan/2024:16:09:54 -0500] "GET /BLA/resoluciones/RESOLUCIONES%202010/4387.pdf HTTP/1.0" 200 495243
156.59.198.136 - - [05/Jan/2024:16:10:18 -0500] "GET /BLA/resoluciones/RESOLUCIONES%202010/2608.pdf HTTP/1.0" 200 425277
216.245.221.92 - - [05/Jan/2024:16:10:40 -0500] "HEAD / HTTP/1.1" 200 -
156.59.198.136 - - [05/Jan/2024:16:10:43 -0500] "GET /BLA/resoluciones/RESOLUCIONES%202010/2329.pdf HTTP/1.0" 200 532705
104.222.46.143 - - [05/Jan/2024:16:10:56 -0500] "GET /robots.txt HTTP/1.1" 404 1038
104.222.46.143 - - [05/Jan/2024:16:10:56 -0500] "GET / HTTP/1.1" 200 319
172.121.216.9 - - [05/Jan/2024:16:11:02 -0500] "GET /robots.txt HTTP/1.1" 404 1049
172.121.216.9 - - [05/Jan/2024:16:11:03 -0500] "GET / HTTP/1.1" 200 319
156.59.198.135 - - [05/Jan/2024:16:11:06 -0500] "GET /BLA/resoluciones/RESOLUCIONES%202010/2005.pdf HTTP/1.0" 200 341416
172.22.2.4 - - [05/Jan/2024:16:09:51 -0500] "HEAD /BLA/boletinlegal/ HTTP/1.1" 200 -
156.59.198.136 - - [05/Jan/2024:16:11:32 -0500] "GET /BLA/resoluciones/RESOLUCIONES%202010/2610.pdf HTTP/1.0" 200 709856
172.22.2.4 - - [05/Jan/2024:16:10:13 -0500] "GET /BLA/boletinlegal/ HTTP/1.1" 200 32715
156.59.198.136 - - [05/Jan/2024:16:11:56 -0500] "GET /BLA/resoluciones/RESOLUCIONES%202010/3585.pdf HTTP/1.0" 200 503187
172.22.2.4 - - [05/Jan/2024:16:10:27 -0500] "GET /BLA/boletinlegal/ HTTP/1.1" 200 32715
172.22.2.4 - - [05/Jan/2024:16:10:40 -0500] "GET /BLA/boletinlegal/ HTTP/1.1" 200 32715
172.22.2.4 - - [05/Jan/2024:16:10:59 -0500] "GET /BLA/boletinlegal/ HTTP/1.1" 200 32715
156.59.198.135 - - [05/Jan/2024:16:12:21 -0500] "GET /BLA/resoluciones/RESOLUCIONES%202010/5623.pdf HTTP/1.0" 200 2764946
201.245.192.253 - - [05/Jan/2024:16:12:36 -0500] "POST /kwsrmcab/Wsrmcab  HTTP/1.1" 200 36937
156.59.198.135 - - [05/Jan/2024:16:12:44 -0500] "GET /BLA/resoluciones/RESOLUCIONES%202010/1874.pdf HTTP/1.0" 200 460965
173.252.87.10 - - [05/Jan/2024:16:12:46 -0500] "GET /images/pl\xc3\xa1sticos%20foto%201..jpg HTTP/1.1" 404 1034
173.252.87.12 - - [05/Jan/2024:16:12:47 -0500] "GET /images/pl\xc3\xa1sticos%20foto%201..jpg HTTP/1.1" 404 1034
156.59.198.135 - - [05/Jan/2024:16:13:08 -0500] "GET /BLA/resoluciones/RESOLUCIONES%202010/5873.pdf HTTP/1.0" 200 148038
156.59.198.135 - - [05/Jan/2024:16:13:33 -0500] "GET /BLA/resoluciones/RESOLUCIONES%202010/2740.pdf HTTP/1.0" 200 390902
172.22.2.4 - - [05/Jan/2024:16:12:07 -0500] "HEAD /BLA/boletinlegal/ HTTP/1.1" 200 -
190.67.216.248 - - [05/Jan/2024:16:13:52 -0500] "GET /distrito-firmo-resolucion-de-etiquetado-vehicular-ambiental-herramienta-para-clasificar-vehiculos-segun-sus-niveles-de-emisiones.html HTTP/1.1" 200 841
173.252.95.3 - - [05/Jan/2024:16:13:56 -0500] "GET /camaras-trampa-de-la-secretaria-de-ambiente-registran-fauna-en-cerros-orientales-en-areas-donde-tenemos-acuerdos-de-conservacion.html HTTP/1.1" 200 982
156.59.198.136 - - [05/Jan/2024:16:13:57 -0500] "GET /BLA/resoluciones/RESOLUCIONES%202010/5087.pdf HTTP/1.0" 200 754495
156.59.198.136 - - [05/Jan/2024:16:14:22 -0500] "GET /BLA/resoluciones/RESOLUCIONES%202010/4188.pdf HTTP/1.0" 200 397400
172.22.2.4 - - [05/Jan/2024:16:12:58 -0500] "GET /BLA/boletinlegal/ HTTP/1.1" 200 60910
156.59.198.135 - - [05/Jan/2024:16:14:46 -0500] "GET /BLA/resoluciones/RESOLUCIONES%202010/3623.pdf HTTP/1.0" 200 726305
199.16.157.183 - - [05/Jan/2024:16:15:09 -0500] "GET /images/pl%C3%A1sticos%20foto%201..jpg HTTP/1.1" 404 1034
192.133.77.15 - - [05/Jan/2024:16:15:09 -0500] "GET /images/pl%C3%A1sticos%20foto%201..jpg HTTP/1.1" 404 1034
156.59.198.136 - - [05/Jan/2024:16:15:11 -0500] "GET /BLA/resoluciones/RESOLUCIONES%202010/2886.pdf HTTP/1.0" 200 449565
201.245.192.253 - - [05/Jan/2024:16:15:18 -0500] "POST /kwsrmcab/Wsrmcab HTTP/1.1" 200 40175
201.245.192.253 - - [05/Jan/2024:16:15:20 -0500] "POST /kwsrmcab/Wsrmcab HTTP/1.1" 200 37056
190.90.132.140 - - [05/Jan/2024:16:15:23 -0500] "POST /sipse/faces/presentacion/financiero/solicitudProceso/consultarSolicitudProceso.xhtml HTTP/1.1" 200 43809
190.90.132.140 - - [05/Jan/2024:16:15:23 -0500] "GET /sipse/faces/javax.faces.resource/jquery/jquery.js?ln=primefaces&v=4.0 HTTP/1.1" 304 -
190.90.132.140 - - [05/Jan/2024:16:15:23 -0500] "GET /sipse/faces/javax.faces.resource/jquery/jquery-plugins.js?ln=primefaces&v=4.0 HTTP/1.1" 304 -
190.90.132.140 - - [05/Jan/2024:16:15:24 -0500] "GET /sipse/faces/javax.faces.resource/primefaces.js?ln=primefaces&v=4.0 HTTP/1.1" 304 -
190.90.132.140 - - [05/Jan/2024:16:15:24 -0500] "GET /sipse/faces/javax.faces.resource/layout/layout.js?ln=primefaces&v=4.0 HTTP/1.1" 304 -
190.90.132.140 - - [05/Jan/2024:16:15:24 -0500] "POST /sipse/faces/presentacion/financiero/solicitudProceso/consultar.xhtml HTTP/1.1" 200 37176
190.90.132.140 - - [05/Jan/2024:16:15:24 -0500] "POST /sipse/faces/presentacion/financiero/solicitudProceso/consultar.xhtml HTTP/1.1" 200 37176
190.90.132.140 - - [05/Jan/2024:16:15:25 -0500] "POST /sipse/faces/presentacion/financiero/solicitudProceso/consultar.xhtml HTTP/1.1" 200 37176
190.90.132.140 - - [05/Jan/2024:16:15:25 -0500] "POST /sipse/faces/presentacion/financiero/solicitudProceso/consultar.xhtml HTTP/1.1" 200 37176
190.90.132.140 - - [05/Jan/2024:16:15:26 -0500] "POST /sipse/faces/presentacion/financiero/solicitudProceso/consultar.xhtml HTTP/1.1" 200 37176
190.90.132.140 - - [05/Jan/2024:16:15:26 -0500] "POST /sipse/faces/presentacion/financiero/solicitudProceso/consultar.xhtml HTTP/1.1" 200 37176
190.90.132.140 - - [05/Jan/2024:16:15:27 -0500] "POST /sipse/faces/presentacion/financiero/solicitudProceso/consultar.xhtml HTTP/1.1" 200 37176
190.90.132.140 - - [05/Jan/2024:16:15:27 -0500] "POST /sipse/faces/presentacion/financiero/solicitudProceso/consultar.xhtml HTTP/1.1" 200 37176
190.90.132.140 - - [05/Jan/2024:16:15:27 -0500] "POST /sipse/faces/presentacion/financiero/solicitudProceso/consultar.xhtml HTTP/1.1" 200 37176
190.90.132.140 - - [05/Jan/2024:16:15:28 -0500] "POST /sipse/faces/presentacion/financiero/solicitudProceso/consultar.xhtml HTTP/1.1" 200 37176
190.90.132.140 - - [05/Jan/2024:16:15:28 -0500] "POST /sipse/faces/presentacion/financiero/solicitudProceso/consultar.xhtml HTTP/1.1" 200 37176
190.90.132.140 - - [05/Jan/2024:16:15:28 -0500] "POST /sipse/faces/presentacion/financiero/solicitudProceso/consultar.xhtml HTTP/1.1" 200 37176
190.90.132.140 - - [05/Jan/2024:16:15:28 -0500] "POST /sipse/faces/presentacion/financiero/solicitudProceso/consultar.xhtml HTTP/1.1" 200 37176
190.90.132.140 - - [05/Jan/2024:16:15:29 -0500] "POST /sipse/faces/presentacion/financiero/solicitudProceso/consultar.xhtml HTTP/1.1" 200 37176
190.90.132.140 - - [05/Jan/2024:16:15:29 -0500] "POST /sipse/faces/presentacion/financiero/solicitudProceso/consultar.xhtml HTTP/1.1" 200 37176
190.90.132.140 - - [05/Jan/2024:16:15:29 -0500] "POST /sipse/faces/presentacion/financiero/solicitudProceso/consultar.xhtml HTTP/1.1" 200 37176
190.90.132.140 - - [05/Jan/2024:16:15:29 -0500] "POST /sipse/faces/presentacion/financiero/solicitudProceso/consultar.xhtml HTTP/1.1" 200 37176
190.90.132.140 - - [05/Jan/2024:16:15:30 -0500] "POST /sipse/faces/presentacion/financiero/solicitudProceso/consultar.xhtml HTTP/1.1" 200 37176
190.90.132.140 - - [05/Jan/2024:16:15:30 -0500] "POST /sipse/faces/presentacion/financiero/solicitudProceso/consultar.xhtml HTTP/1.1" 200 37176
156.59.198.136 - - [05/Jan/2024:16:15:33 -0500] "GET /BLA/resoluciones/RESOLUCIONES%202010/5386.pdf HTTP/1.0" 200 179974
190.90.132.140 - - [05/Jan/2024:16:15:34 -0500] "POST /sipse/faces/presentacion/financiero/solicitudProceso/consultar.xhtml HTTP/1.1" 200 12931
190.90.132.140 - - [05/Jan/2024:16:15:36 -0500] "POST /sipse/faces/presentacion/financiero/solicitudProceso/consultar.xhtml HTTP/1.1" 200 164154
190.90.132.140 - - [05/Jan/2024:16:15:37 -0500] "GET /sipse/faces/javax.faces.resource/jquery/jquery.js?ln=primefaces&v=4.0 HTTP/1.1" 304 -
190.90.132.140 - - [05/Jan/2024:16:15:37 -0500] "GET /sipse/faces/javax.faces.resource/jquery/jquery-plugins.js?ln=primefaces&v=4.0 HTTP/1.1" 304 -
190.90.132.140 - - [05/Jan/2024:16:15:37 -0500] "GET /sipse/faces/javax.faces.resource/primefaces.js?ln=primefaces&v=4.0 HTTP/1.1" 304 -
190.90.132.140 - - [05/Jan/2024:16:15:37 -0500] "GET /sipse/faces/javax.faces.resource/layout/layout.js?ln=primefaces&v=4.0 HTTP/1.1" 304 -
216.245.221.92 - - [05/Jan/2024:16:15:40 -0500] "HEAD / HTTP/1.1" 200 -
190.90.132.140 - - [05/Jan/2024:16:15:53 -0500] "POST /sipse/faces/presentacion/financiero/solicitudProceso/consultarSolicitudProceso.xhtml HTTP/1.1" 200 43926
156.59.198.136 - - [05/Jan/2024:16:15:59 -0500] "GET /BLA/resoluciones/RESOLUCIONES%202010/4368.pdf HTTP/1.0" 200 494775
190.90.132.140 - - [05/Jan/2024:16:16:02 -0500] "GET /sipse/js/disable_browser_buttons.js HTTP/1.1" 200 3230
190.90.132.140 - - [05/Jan/2024:16:16:04 -0500] "GET /sipse/faces/javax.faces.resource/jquery/jquery.js?ln=primefaces&v=4.0 HTTP/1.1" 304 -
190.90.132.140 - - [05/Jan/2024:16:16:04 -0500] "GET /sipse/faces/javax.faces.resource/jquery/jquery-plugins.js?ln=primefaces&v=4.0 HTTP/1.1" 304 -
190.90.132.140 - - [05/Jan/2024:16:16:06 -0500] "GET /sipse/faces/javax.faces.resource/primefaces.js?ln=primefaces&v=4.0 HTTP/1.1" 304 -
190.90.132.140 - - [05/Jan/2024:16:16:07 -0500] "GET /sipse/faces/javax.faces.resource/layout/layout.js?ln=primefaces&v=4.0 HTTP/1.1" 304 -
190.90.132.140 - - [05/Jan/2024:16:16:08 -0500] "POST /sipse/faces/presentacion/financiero/solicitudProceso/consultar.xhtml HTTP/1.1" 200 37293
190.90.132.140 - - [05/Jan/2024:16:16:10 -0500] "POST /sipse/faces/presentacion/financiero/solicitudProceso/consultar.xhtml HTTP/1.1" 200 37293
190.90.132.140 - - [05/Jan/2024:16:16:11 -0500] "POST /sipse/faces/presentacion/financiero/solicitudProceso/consultar.xhtml HTTP/1.1" 200 37293
190.90.132.140 - - [05/Jan/2024:16:16:11 -0500] "POST /sipse/faces/presentacion/financiero/solicitudProceso/consultar.xhtml HTTP/1.1" 200 37293
190.90.132.140 - - [05/Jan/2024:16:16:12 -0500] "POST /sipse/faces/presentacion/financiero/solicitudProceso/consultar.xhtml HTTP/1.1" 200 37293
190.90.132.140 - - [05/Jan/2024:16:16:12 -0500] "POST /sipse/faces/presentacion/financiero/solicitudProceso/consultar.xhtml HTTP/1.1" 200 37293
190.90.132.140 - - [05/Jan/2024:16:16:12 -0500] "POST /sipse/faces/presentacion/financiero/solicitudProceso/consultar.xhtml HTTP/1.1" 200 37293
190.90.132.140 - - [05/Jan/2024:16:16:13 -0500] "POST /sipse/faces/presentacion/financiero/solicitudProceso/consultar.xhtml HTTP/1.1" 200 37293
190.90.132.140 - - [05/Jan/2024:16:16:13 -0500] "POST /sipse/faces/presentacion/financiero/solicitudProceso/consultar.xhtml HTTP/1.1" 200 37293
190.90.132.140 - - [05/Jan/2024:16:16:14 -0500] "POST /sipse/faces/presentacion/financiero/solicitudProceso/consultar.xhtml HTTP/1.1" 200 37293
190.90.132.140 - - [05/Jan/2024:16:16:14 -0500] "POST /sipse/faces/presentacion/financiero/solicitudProceso/consultar.xhtml HTTP/1.1" 200 37293
190.90.132.140 - - [05/Jan/2024:16:16:14 -0500] "POST /sipse/faces/presentacion/financiero/solicitudProceso/consultar.xhtml HTTP/1.1" 200 37293
190.90.132.140 - - [05/Jan/2024:16:16:15 -0500] "POST /sipse/faces/presentacion/financiero/solicitudProceso/consultar.xhtml HTTP/1.1" 200 37293
190.90.132.140 - - [05/Jan/2024:16:16:15 -0500] "POST /sipse/faces/presentacion/financiero/solicitudProceso/consultar.xhtml HTTP/1.1" 200 37293
190.90.132.140 - - [05/Jan/2024:16:16:15 -0500] "POST /sipse/faces/presentacion/financiero/solicitudProceso/consultar.xhtml HTTP/1.1" 200 37293
190.90.132.140 - - [05/Jan/2024:16:16:16 -0500] "POST /sipse/faces/presentacion/financiero/solicitudProceso/consultar.xhtml HTTP/1.1" 200 37293
190.90.132.140 - - [05/Jan/2024:16:16:16 -0500] "POST /sipse/faces/presentacion/financiero/solicitudProceso/consultar.xhtml HTTP/1.1" 200 37293
190.90.132.140 - - [05/Jan/2024:16:16:16 -0500] "POST /sipse/faces/presentacion/financiero/solicitudProceso/consultar.xhtml HTTP/1.1" 200 37293
190.90.132.140 - - [05/Jan/2024:16:16:17 -0500] "POST /sipse/faces/presentacion/financiero/solicitudProceso/consultar.xhtml HTTP/1.1" 200 37293
190.90.132.140 - - [05/Jan/2024:16:16:17 -0500] "POST /sipse/faces/presentacion/financiero/solicitudProceso/consultar.xhtml HTTP/1.1" 200 37293
190.90.132.140 - - [05/Jan/2024:16:16:17 -0500] "POST /sipse/faces/presentacion/financiero/solicitudProceso/consultar.xhtml HTTP/1.1" 200 37293
156.59.198.135 - - [05/Jan/2024:16:16:23 -0500] "GET /BLA/resoluciones/RESOLUCIONES%202010/4002.pdf HTTP/1.0" 200 51456
156.59.198.136 - - [05/Jan/2024:16:16:48 -0500] "GET /BLA/resoluciones/RESOLUCIONES%202010/5788.pdf HTTP/1.0" 200 281164
40.77.167.38 - - [05/Jan/2024:16:16:56 -0500] "GET /BLA/resoluciones/RESOLUCIONES%202013/2572.pdf HTTP/1.1" 200 1379149
156.59.198.135 - - [05/Jan/2024:16:17:12 -0500] "GET /BLA/resoluciones/RESOLUCIONES%202010/4815.pdf HTTP/1.0" 200 755037
156.59.198.135 - - [05/Jan/2024:16:17:37 -0500] "GET /BLA/resoluciones/RESOLUCIONES%202010/4968.pdf HTTP/1.0" 200 553609
190.66.241.120 - - [05/Jan/2024:16:17:37 -0500] "GET /sipse/faces/faces/index.xhtml HTTP/1.1" 200 677
201.245.192.253 - - [05/Jan/2024:16:17:36 -0500] "POST /kwsrmcab/Wsrmcab  HTTP/1.1" 200 36937
190.66.241.120 - - [05/Jan/2024:16:17:38 -0500] "GET /sipse/faces/faces/index.xhtml HTTP/1.1" 200 677
190.66.241.120 - - [05/Jan/2024:16:17:40 -0500] "GET /sipse/faces/javax.faces.resource/theme.css?ln=primefaces-sipse HTTP/1.1" 304 -
190.66.241.120 - - [05/Jan/2024:16:17:40 -0500] "GET /sipse/faces/faces/faces/autenticacion.xhtml HTTP/1.1" 200 12402
190.66.241.120 - - [05/Jan/2024:16:17:40 -0500] "GET /sipse/js/disable_browser_buttons.js HTTP/1.1" 200 3230
190.66.241.120 - - [05/Jan/2024:16:17:41 -0500] "GET /sipse/js/funciones.js HTTP/1.1" 200 12592
190.66.241.120 - - [05/Jan/2024:16:17:41 -0500] "GET /sipse/css/custom_css_sg.css HTTP/1.1" 200 9694
190.66.241.120 - - [05/Jan/2024:16:17:41 -0500] "GET /sipse/css/custom_css_sg_prime_login.css HTTP/1.1" 200 443
190.66.241.120 - - [05/Jan/2024:16:17:41 -0500] "GET /sipse/faces/javax.faces.resource/theme.css?ln=primefaces-sipse HTTP/1.1" 304 -
190.66.241.120 - - [05/Jan/2024:16:17:41 -0500] "GET /sipse/faces/javax.faces.resource/layout/layout.css?ln=primefaces&v=4.0 HTTP/1.1" 304 -
190.66.241.120 - - [05/Jan/2024:16:17:41 -0500] "GET /sipse/faces/javax.faces.resource/primefaces.css?ln=primefaces&v=4.0 HTTP/1.1" 304 -
190.66.241.120 - - [05/Jan/2024:16:17:41 -0500] "GET /sipse/faces/javax.faces.resource/jquery/jquery.js?ln=primefaces&v=4.0 HTTP/1.1" 304 -
190.66.241.120 - - [05/Jan/2024:16:17:41 -0500] "GET /sipse/faces/javax.faces.resource/primefaces.js?ln=primefaces&v=4.0 HTTP/1.1" 304 -
190.66.241.120 - - [05/Jan/2024:16:17:41 -0500] "GET /sipse/faces/javax.faces.resource/jquery/jquery-plugins.js?ln=primefaces&v=4.0 HTTP/1.1" 304 -
190.66.241.120 - - [05/Jan/2024:16:17:41 -0500] "GET /sipse/faces/javax.faces.resource/layout/layout.js?ln=primefaces&v=4.0 HTTP/1.1" 304 -
190.66.241.120 - - [05/Jan/2024:16:17:41 -0500] "GET /sipse/css/imagen/logoSDG.png HTTP/1.1" 200 53064
190.66.241.120 - - [05/Jan/2024:16:17:42 -0500] "GET /sipse/css/imagen/loginimg.png HTTP/1.1" 200 71635
190.66.241.120 - - [05/Jan/2024:16:17:42 -0500] "GET /sipse/faces/javax.faces.resource/images/ui-icons_898989_256x240.png?ln=primefaces-aristo HTTP/1.1" 304 -
190.66.241.120 - - [05/Jan/2024:16:17:48 -0500] "POST /sipse/faces/autenticacion.xhtml HTTP/1.1" 200 16211
190.66.241.120 - - [05/Jan/2024:16:17:48 -0500] "GET /sipse/faces/javax.faces.resource/theme.css?ln=primefaces-sipse HTTP/1.1" 304 -
190.66.241.120 - - [05/Jan/2024:16:17:48 -0500] "GET /sipse/faces/javax.faces.resource/primefaces.css?ln=primefaces&v=4.0 HTTP/1.1" 304 -
190.66.241.120 - - [05/Jan/2024:16:17:48 -0500] "GET /sipse/css/custom_css_sg_prime.css HTTP/1.1" 200 5201
190.66.241.120 - - [05/Jan/2024:16:17:48 -0500] "GET /sipse/faces/javax.faces.resource/layout/layout.css?ln=primefaces&v=4.0 HTTP/1.1" 304 -
190.66.241.120 - - [05/Jan/2024:16:17:48 -0500] "GET /sipse/js/jquery.min.js HTTP/1.1" 200 85582
190.66.241.120 - - [05/Jan/2024:16:17:48 -0500] "GET /sipse/faces/javax.faces.resource/jquery/jquery.js?ln=primefaces&v=4.0 HTTP/1.1" 304 -
190.66.241.120 - - [05/Jan/2024:16:17:48 -0500] "GET /sipse/faces/javax.faces.resource/jquery/jquery-plugins.js?ln=primefaces&v=4.0 HTTP/1.1" 304 -
190.66.241.120 - - [05/Jan/2024:16:17:49 -0500] "GET /sipse/faces/javax.faces.resource/primefaces.js?ln=primefaces&v=4.0 HTTP/1.1" 304 -
190.66.241.120 - - [05/Jan/2024:16:17:49 -0500] "GET /sipse/faces/javax.faces.resource/layout/layout.js?ln=primefaces&v=4.0 HTTP/1.1" 304 -
190.66.241.120 - - [05/Jan/2024:16:17:49 -0500] "GET /sipse/css/v_mergente.css HTTP/1.1" 200 1505
190.66.241.120 - - [05/Jan/2024:16:17:49 -0500] "GET /sipse/css/imagen/contrasena.png HTTP/1.1" 404 383
190.66.241.120 - - [05/Jan/2024:16:17:49 -0500] "GET /sipse/imagenes/logoAplicacion.jpg HTTP/1.1" 200 155084
190.66.241.120 - - [05/Jan/2024:16:17:49 -0500] "GET /sipse/imagenes/cargando.gif HTTP/1.1" 200 36959
190.66.241.120 - - [05/Jan/2024:16:17:49 -0500] "GET /sipse/faces/javax.faces.resource/messages/messages.png?ln=primefaces&v=4.0 HTTP/1.1" 304 -
190.66.241.120 - - [05/Jan/2024:16:17:51 -0500] "GET /sipse/faces/javax.faces.resource/images/ui-bg_flat_0_2d5972_40x100.png?ln=primefaces-aristo HTTP/1.1" 304 -
190.66.241.120 - - [05/Jan/2024:16:17:51 -0500] "POST /sipse/faces/bienvenido.xhtml HTTP/1.1" 200 1471
190.66.241.120 - - [05/Jan/2024:16:17:52 -0500] "POST /sipse/faces/bienvenido.xhtml HTTP/1.1" 200 34391
190.66.241.120 - - [05/Jan/2024:16:17:52 -0500] "GET /sipse/faces/javax.faces.resource/primefaces.css?ln=primefaces&v=4.0 HTTP/1.1" 304 -
190.66.241.120 - - [05/Jan/2024:16:17:52 -0500] "GET /sipse/faces/javax.faces.resource/theme.css?ln=primefaces-sipse HTTP/1.1" 304 -
190.66.241.120 - - [05/Jan/2024:16:17:52 -0500] "GET /sipse/faces/javax.faces.resource/layout/layout.css?ln=primefaces&v=4.0 HTTP/1.1" 304 -
190.66.241.120 - - [05/Jan/2024:16:17:52 -0500] "GET /sipse/faces/javax.faces.resource/jquery/jquery.js?ln=primefaces&v=4.0 HTTP/1.1" 304 -
190.66.241.120 - - [05/Jan/2024:16:17:53 -0500] "GET /sipse/faces/javax.faces.resource/jquery/jquery-plugins.js?ln=primefaces&v=4.0 HTTP/1.1" 304 -
190.66.241.120 - - [05/Jan/2024:16:17:53 -0500] "GET /sipse/faces/javax.faces.resource/primefaces.js?ln=primefaces&v=4.0 HTTP/1.1" 304 -
190.66.241.120 - - [05/Jan/2024:16:17:53 -0500] "GET /sipse/faces/javax.faces.resource/layout/layout.js?ln=primefaces&v=4.0 HTTP/1.1" 304 -
190.66.241.120 - - [05/Jan/2024:16:17:53 -0500] "POST /sipse/faces/presentacion/financiero/solicitudProceso/listarSolicitudProceso.xhtml HTTP/1.1" 200 1392
190.66.241.120 - - [05/Jan/2024:16:17:57 -0500] "POST /sipse/faces/presentacion/financiero/solicitudProceso/listarSolicitudProceso.xhtml HTTP/1.1" 200 107074
190.66.241.120 - - [05/Jan/2024:16:17:58 -0500] "GET /sipse/faces/javax.faces.resource/theme.css?ln=primefaces-sipse HTTP/1.1" 304 -
190.66.241.120 - - [05/Jan/2024:16:17:59 -0500] "GET /sipse/faces/javax.faces.resource/primefaces.css?ln=primefaces&v=4.0 HTTP/1.1" 304 -
190.66.241.120 - - [05/Jan/2024:16:17:59 -0500] "GET /sipse/faces/javax.faces.resource/layout/layout.css?ln=primefaces&v=4.0 HTTP/1.1" 304 -
190.66.241.120 - - [05/Jan/2024:16:17:59 -0500] "GET /sipse/faces/javax.faces.resource/jquery/jquery.js?ln=primefaces&v=4.0 HTTP/1.1" 304 -
190.66.241.120 - - [05/Jan/2024:16:17:59 -0500] "GET /sipse/faces/javax.faces.resource/jquery/jquery-plugins.js?ln=primefaces&v=4.0 HTTP/1.1" 304 -
190.66.241.120 - - [05/Jan/2024:16:17:59 -0500] "GET /sipse/faces/javax.faces.resource/primefaces.js?ln=primefaces&v=4.0 HTTP/1.1" 304 -
190.66.241.120 - - [05/Jan/2024:16:17:59 -0500] "GET /sipse/faces/javax.faces.resource/layout/layout.js?ln=primefaces&v=4.0 HTTP/1.1" 304 -
156.59.198.135 - - [05/Jan/2024:16:18:01 -0500] "GET /BLA/resoluciones/RESOLUCIONES%202010/4284.pdf HTTP/1.0" 200 354184
199.16.157.180 - - [05/Jan/2024:16:18:14 -0500] "GET /images/cronica-amanda-rodriguez-30-abril.jpg HTTP/1.1" 200 26304
156.59.198.135 - - [05/Jan/2024:16:18:26 -0500] "GET /BLA/resoluciones/RESOLUCIONES%202010/3147.pdf HTTP/1.0" 200 1817398
156.59.198.136 - - [05/Jan/2024:16:18:51 -0500] "GET /BLA/resoluciones/RESOLUCIONES%202007/RES%202007%201101%20AL%201200/RESOLUCION%201142%20DE%202007.pdf HTTP/1.0" 200 59457
156.59.198.135 - - [05/Jan/2024:16:19:15 -0500] "GET /BLA/resoluciones/RESOLUCIONES%202010/4455.pdf HTTP/1.0" 200 776023
201.245.192.253 - - [05/Jan/2024:16:19:28 -0500] "POST /kwsrmcab/Wsrmcab HTTP/1.1" 200 40175
172.22.2.4 - - [05/Jan/2024:16:17:57 -0500] "HEAD /BLA/boletinlegal/ HTTP/1.1" 200 -
156.59.198.135 - - [05/Jan/2024:16:19:39 -0500] "GET /BLA/resoluciones/RESOLUCIONES%202010/2689.pdf HTTP/1.0" 200 383694
156.59.198.136 - - [05/Jan/2024:16:20:03 -0500] "GET /BLA/resoluciones/RESOLUCIONES%202010/4152.pdf HTTP/1.0" 200 756137
201.245.192.253 - - [05/Jan/2024:16:20:09 -0500] "POST /kwsrmcab/Wsrmcab HTTP/1.1" 200 37056
40.77.167.136 - - [05/Jan/2024:16:20:17 -0500] "GET /BLA/resoluciones/RESOLUCIONES%202019/0674.pdf HTTP/1.1" 304 -
191.156.177.104 - - [05/Jan/2024:16:20:20 -0500] "GET /agendate-para-participar-en-las-caminatas-ecologicas-de-febrero.html HTTP/1.1" 200 830
172.22.2.4 - - [05/Jan/2024:16:18:48 -0500] "GET /BLA/boletinlegal/ HTTP/1.1" 200 60502
156.59.198.135 - - [05/Jan/2024:16:20:30 -0500] "GET /BLA/resoluciones/RESOLUCIONES%202010/4734.pdf HTTP/1.0" 200 316743
216.245.221.92 - - [05/Jan/2024:16:20:40 -0500] "HEAD / HTTP/1.1" 200 -
156.59.198.136 - - [05/Jan/2024:16:20:53 -0500] "GET /BLA/resoluciones/RESOLUCIONES%202010/2495.pdf HTTP/1.0" 200 435658
156.59.198.136 - - [05/Jan/2024:16:21:18 -0500] "GET /BLA/resoluciones/RESOLUCIONES%202010/4538.pdf HTTP/1.0" 200 546783
190.159.168.169 - - [05/Jan/2024:16:21:24 -0500] "GET /BLA/resoluciones/dlf/styles.css HTTP/1.1" 200 3049
190.159.168.169 - - [05/Jan/2024:16:21:24 -0500] "GET /BLA/resoluciones/dlf/dirup.png HTTP/1.1" 200 644
190.159.168.169 - - [05/Jan/2024:16:21:24 -0500] "GET /BLA/resoluciones/dlf/pdf.gif HTTP/1.1" 200 272
190.159.168.169 - - [05/Jan/2024:16:21:24 -0500] "GET /BLA/resoluciones/dlf/bg.gif HTTP/1.1" 200 54
190.159.168.169 - - [05/Jan/2024:16:21:24 -0500] "GET /BLA/resoluciones/index.php?dir=AUTOS+2019%2F HTTP/1.1" 200 391901
190.159.168.169 - - [05/Jan/2024:16:21:24 -0500] "GET /BLA/resoluciones/dlf/archive.png HTTP/1.1" 200 632
190.159.168.169 - - [05/Jan/2024:16:21:25 -0500] "GET /favicon.ico HTTP/1.1" 200 7782
190.159.168.169 - - [05/Jan/2024:16:21:39 -0500] "GET /BLA/resoluciones/index.php HTTP/1.1" 200 13696
190.159.168.169 - - [05/Jan/2024:16:21:39 -0500] "GET /BLA/resoluciones/dlf/folder.png HTTP/1.1" 200 410
190.159.168.169 - - [05/Jan/2024:16:21:40 -0500] "GET /BLA/resoluciones/index.php?dir=AUTOS+2018%2F HTTP/1.1" 200 469056
156.59.198.135 - - [05/Jan/2024:16:21:44 -0500] "GET /BLA/resoluciones/RESOLUCIONES%202010/5167.pdf HTTP/1.0" 200 1087208
162.55.171.138 - - [05/Jan/2024:16:21:47 -0500] "GET / HTTP/1.1" 200 319
162.55.171.138 - - [05/Jan/2024:16:21:48 -0500] "GET / HTTP/1.1" 200 4720
190.159.168.169 - - [05/Jan/2024:16:22:04 -0500] "GET /BLA/resoluciones/AUTOS%202019/0024.pdf HTTP/1.1" 200 247984
156.59.198.136 - - [05/Jan/2024:16:22:08 -0500] "GET /BLA/resoluciones/RESOLUCIONES%202010/5279.pdf HTTP/1.0" 200 755949
156.59.198.136 - - [05/Jan/2024:16:22:32 -0500] "GET /BLA/resoluciones/RESOLUCIONES%202010/4269.pdf HTTP/1.0" 200 627886
201.245.192.253 - - [05/Jan/2024:16:22:34 -0500] "POST /kwsrmcab/Wsrmcab  HTTP/1.1" 200 36937
156.59.198.135 - - [05/Jan/2024:16:22:57 -0500] "GET /BLA/resoluciones/RESOLUCIONES%202010/3889.pdf HTTP/1.0" 200 1194257
190.159.168.169 - - [05/Jan/2024:16:23:17 -0500] "GET /BLA/resoluciones/index.php HTTP/1.1" 200 13696
190.159.168.169 - - [05/Jan/2024:16:23:20 -0500] "GET /BLA/resoluciones/index.php?dir=AUTOS+2019%2F HTTP/1.1" 200 391901
156.59.198.136 - - [05/Jan/2024:16:23:22 -0500] "GET /BLA/resoluciones/RESOLUCIONES%202010/4067.pdf HTTP/1.0" 200 496105
156.59.198.135 - - [05/Jan/2024:16:23:46 -0500] "GET /BLA/resoluciones/RESOLUCIONES%202010/2393.pdf HTTP/1.0" 200 508340
156.59.198.135 - - [05/Jan/2024:16:24:10 -0500] "GET /BLA/resoluciones/RESOLUCIONES%202010/1798.pdf HTTP/1.0" 200 520167
156.59.198.136 - - [05/Jan/2024:16:24:35 -0500] "GET /BLA/resoluciones/RESOLUCIONES%202010/3407.pdf HTTP/1.0" 200 318444
156.59.198.135 - - [05/Jan/2024:16:25:00 -0500] "GET /BLA/resoluciones/RESOLUCIONES%202010/4505.pdf HTTP/1.0" 200 771962
201.245.192.253 - - [05/Jan/2024:16:25:17 -0500] "POST /kwsrmcab/Wsrmcab HTTP/1.1" 200 40175
201.245.192.253 - - [05/Jan/2024:16:25:20 -0500] "POST /kwsrmcab/Wsrmcab HTTP/1.1" 200 37056
156.59.198.136 - - [05/Jan/2024:16:25:24 -0500] "GET /BLA/resoluciones/RESOLUCIONES%202010/2975.pdf HTTP/1.0" 200 1007003
172.22.2.4 - - [05/Jan/2024:16:23:47 -0500] "HEAD /BLA/boletinlegal/ HTTP/1.1" 200 -
216.245.221.92 - - [05/Jan/2024:16:25:40 -0500] "HEAD / HTTP/1.1" 200 -
156.59.198.135 - - [05/Jan/2024:16:25:49 -0500] "GET /BLA/resoluciones/RESOLUCIONES%202010/5261.pdf HTTP/1.0" 200 349156
156.59.198.135 - - [05/Jan/2024:16:26:13 -0500] "GET /BLA/resoluciones/RESOLUCIONES%202010/4651.pdf HTTP/1.0" 200 497239
172.22.2.4 - - [05/Jan/2024:16:24:38 -0500] "GET /BLA/boletinlegal/ HTTP/1.1" 200 60910
52.167.144.190 - - [05/Jan/2024:16:26:21 -0500] "GET /BLA/resoluciones/AUTOS%202020/0791.pdf HTTP/1.1" 200 331737
156.59.198.136 - - [05/Jan/2024:16:26:38 -0500] "GET /BLA/resoluciones/RESOLUCIONES%202010/3578.pdf HTTP/1.0" 200 672837
156.59.198.136 - - [05/Jan/2024:16:27:02 -0500] "GET /BLA/resoluciones/RESOLUCIONES%202010/4614.pdf HTTP/1.0" 200 389938
66.249.66.19 - - [05/Jan/2024:16:27:03 -0500] "GET /videos/ambiente-ciudad/playlist.htm HTTP/1.1" 304 -
156.59.198.136 - - [05/Jan/2024:16:27:26 -0500] "GET /BLA/resoluciones/RESOLUCIONES%202010/1041.pdf HTTP/1.0" 200 111372
201.245.192.253 - - [05/Jan/2024:16:27:33 -0500] "POST /kwsrmcab/Wsrmcab  HTTP/1.1" 200 36937
156.59.198.136 - - [05/Jan/2024:16:27:50 -0500] "GET /BLA/resoluciones/RESOLUCIONES%202010/5693.pdf HTTP/1.0" 200 22303
156.59.198.136 - - [05/Jan/2024:16:28:15 -0500] "GET /BLA/resoluciones/RESOLUCIONES%202010/2894.pdf HTTP/1.0" 200 518247
156.59.198.135 - - [05/Jan/2024:16:28:38 -0500] "GET /BLA/resoluciones/RESOLUCIONES%202007/RES%202007%201101%20AL%201200/RESOLUCION%201158%20DE%202007.pdf HTTP/1.0" 200 226522
156.59.198.136 - - [05/Jan/2024:16:29:04 -0500] "GET /BLA/resoluciones/RESOLUCIONES%202010/5285.pdf HTTP/1.0" 200 758027
156.59.198.136 - - [05/Jan/2024:16:29:27 -0500] "GET /BLA/resoluciones/RESOLUCIONES%202010/5544.pdf HTTP/1.0" 200 203733
201.245.192.253 - - [05/Jan/2024:16:29:28 -0500] "POST /kwsrmcab/Wsrmcab HTTP/1.1" 200 40175
172.22.2.4 - - [05/Jan/2024:16:29:51 -0500] "GET /BLA/boletinlegal/robots.txt HTTP/1.1" 404 1037
172.22.2.4 - - [05/Jan/2024:16:29:51 -0500] "GET /BLA/boletinlegal/jurisprudencia/analisis/ANALISIST-046-99.docx HTTP/1.1" 304 -
156.59.198.135 - - [05/Jan/2024:16:29:52 -0500] "GET /BLA/resoluciones/RESOLUCIONES%202010/3932.pdf HTTP/1.0" 200 490207
172.22.2.4 - - [05/Jan/2024:16:29:52 -0500] "GET /BLA/boletinlegal/Circulares/2019/Circular%20No.%200005%20del%2020%20de%20Marzo%20de%202019.pdf HTTP/1.1" 200 159877
201.245.192.253 - - [05/Jan/2024:16:30:08 -0500] "POST /kwsrmcab/Wsrmcab HTTP/1.1" 200 37056
156.59.198.136 - - [05/Jan/2024:16:30:17 -0500] "GET /BLA/resoluciones/RESOLUCIONES%202010/3030.pdf HTTP/1.0" 200 322778
172.22.2.4 - - [05/Jan/2024:16:30:22 -0500] "GET /BLA/boletinlegal/images/cabezote%20BLEGAL.jpg HTTP/1.1" 200 118164
172.22.2.4 - - [05/Jan/2024:16:30:22 -0500] "GET /BLA/boletinlegal/images/screen_1.png HTTP/1.1" 200 202547
172.22.2.4 - - [05/Jan/2024:16:30:24 -0500] "GET /BLA/boletinlegal/actos.php HTTP/1.1" 200 9648
172.22.2.4 - - [05/Jan/2024:16:30:24 -0500] "GET /BLA/boletinlegal/favicon.ico HTTP/1.1" 404 1326
172.22.2.4 - - [05/Jan/2024:16:30:30 -0500] "GET /BLA/boletinlegal/images/screen_2.png HTTP/1.1" 200 362502
172.22.2.4 - - [05/Jan/2024:16:30:30 -0500] "GET /BLA/boletinlegal/images/screen_3.png HTTP/1.1" 200 210620
172.22.2.4 - - [05/Jan/2024:16:30:30 -0500] "GET /BLA/boletinlegal/images/screen_5.png HTTP/1.1" 200 368876
186.84.20.209 - - [05/Jan/2024:16:30:33 -0500] "GET /BLA/resoluciones/ HTTP/1.1" 200 13696
52.167.144.190 - - [05/Jan/2024:16:30:33 -0500] "GET /BLA/resoluciones/AUTOS%202020/3550.pdf HTTP/1.1" 200 412651
186.84.20.209 - - [05/Jan/2024:16:30:36 -0500] "GET /BLA/resoluciones/index.php?dir=AUTOS+2017%2F HTTP/1.1" 200 483810
216.245.221.92 - - [05/Jan/2024:16:30:40 -0500] "HEAD / HTTP/1.1" 200 -
190.66.241.120 - - [05/Jan/2024:16:30:40 -0500] "POST /sipse/faces/presentacion/financiero/solicitudProceso/consultarSolicitudProceso.xhtml HTTP/1.1" 200 185149
186.84.20.209 - - [05/Jan/2024:16:30:42 -0500] "GET /BLA/resoluciones/index.php?dir=RESOLUCIONES+2017%2F HTTP/1.1" 200 287174
156.59.198.136 - - [05/Jan/2024:16:30:44 -0500] "GET /BLA/resoluciones/RESOLUCIONES%202010/4681.pdf HTTP/1.0" 200 752839
201.245.192.253 - - [05/Jan/2024:16:30:55 -0500] "GET /appsia/controlador HTTP/1.1" 200 4799
66.249.66.19 - - [05/Jan/2024:16:30:55 -0500] "GET /BLA/resoluciones/RESOLUCIONES%202009/6541.pdf HTTP/1.1" 200 435741
201.245.192.253 - - [05/Jan/2024:16:30:55 -0500] "GET /appsia/scripts/validarIngreso.js HTTP/1.1" 200 851
201.245.192.253 - - [05/Jan/2024:16:30:55 -0500] "GET /appsia/images/logo_bogota_p.png HTTP/1.1" 200 14951
201.245.192.253 - - [05/Jan/2024:16:30:55 -0500] "GET /appsia/images/cabezoteHojaVida.png HTTP/1.1" 200 32493
201.245.192.253 - - [05/Jan/2024:16:30:55 -0500] "GET /favicon.ico HTTP/1.1" 200 7782
190.66.241.120 - - [05/Jan/2024:16:31:07 -0500] "POST /sipse/faces/presentacion/financiero/solicitudProceso/consultarSolicitudProceso.xhtml HTTP/1.1" 200 1036033
156.59.198.135 - - [05/Jan/2024:16:31:09 -0500] "GET /BLA/resoluciones/RESOLUCIONES%202010/2267.pdf HTTP/1.0" 200 547398
190.66.241.120 - - [05/Jan/2024:16:31:13 -0500] "POST /sipse/faces/presentacion/financiero/solicitudProceso/consultarSolicitudProceso.xhtml HTTP/1.1" 200 263925
172.22.2.4 - - [05/Jan/2024:16:29:37 -0500] "HEAD /BLA/boletinlegal/ HTTP/1.1" 200 -
156.59.198.135 - - [05/Jan/2024:16:31:34 -0500] "GET /BLA/resoluciones/RESOLUCIONES%202010/3812.pdf HTTP/1.0" 200 403690
156.59.198.136 - - [05/Jan/2024:16:31:59 -0500] "GET /BLA/resoluciones/RESOLUCIONES%202010/3013.pdf HTTP/1.0" 200 349272
172.22.2.4 - - [05/Jan/2024:16:30:22 -0500] "GET /BLA/boletinlegal/ HTTP/1.1" 200 42955
172.22.2.4 - - [05/Jan/2024:16:30:28 -0500] "GET /BLA/boletinlegal/ HTTP/1.1" 200 42955
156.59.198.136 - - [05/Jan/2024:16:32:26 -0500] "GET /BLA/resoluciones/RESOLUCIONES%202010/5171.pdf HTTP/1.0" 200 992763
201.245.192.253 - - [05/Jan/2024:16:32:32 -0500] "POST /kwsrmcab/Wsrmcab  HTTP/1.1" 200 36937
40.77.167.3 - - [05/Jan/2024:16:32:37 -0500] "GET /BLA/resoluciones/AUTOS%202020/0412.pdf HTTP/1.1" 200 575969
52.167.144.145 - - [05/Jan/2024:16:32:41 -0500] "GET /BLA/resoluciones/AUTOS%202020/1044.pdf HTTP/1.1" 200 384178
156.59.198.136 - - [05/Jan/2024:16:32:49 -0500] "GET /BLA/resoluciones/RESOLUCIONES%202010/1780.pdf HTTP/1.0" 200 565194
156.59.198.135 - - [05/Jan/2024:16:33:13 -0500] "GET /BLA/resoluciones/RESOLUCIONES%202010/4092.pdf HTTP/1.0" 200 347404
156.59.198.135 - - [05/Jan/2024:16:33:37 -0500] "GET /BLA/resoluciones/RESOLUCIONES%202010/4310.pdf HTTP/1.0" 200 50050
156.59.198.135 - - [05/Jan/2024:16:34:02 -0500] "GET /BLA/resoluciones/RESOLUCIONES%202010/3467.pdf HTTP/1.0" 200 516115
156.59.198.136 - - [05/Jan/2024:16:34:29 -0500] "GET /BLA/resoluciones/RESOLUCIONES%202010/3035.pdf HTTP/1.0" 200 486510
173.252.95.118 - - [05/Jan/2024:16:34:40 -0500] "GET /images/tigrillo.jpeg HTTP/1.1" 200 64088
173.252.95.7 - - [05/Jan/2024:16:34:51 -0500] "GET /camaras-trampa-de-la-secretaria-de-ambiente-registran-fauna-en-cerros-orientales-en-areas-donde-tenemos-acuerdos-de-conservacion.html HTTP/1.1" 200 982
156.59.198.135 - - [05/Jan/2024:16:34:52 -0500] "GET /BLA/resoluciones/RESOLUCIONES%202010/2932.pdf HTTP/1.0" 200 500029
40.77.167.132 - - [05/Jan/2024:16:35:07 -0500] "GET /BLA/resoluciones/AUTOS%202020/3643.pdf HTTP/1.1" 200 352139
172.22.2.4 - - [05/Jan/2024:16:33:29 -0500] "GET /BLA/boletinlegal/ HTTP/1.1" 200 63054
156.59.198.136 - - [05/Jan/2024:16:35:16 -0500] "GET /BLA/resoluciones/RESOLUCIONES%202010/5185.pdf HTTP/1.0" 200 849599
201.245.192.253 - - [05/Jan/2024:16:35:17 -0500] "POST /kwsrmcab/Wsrmcab HTTP/1.1" 200 40175
201.245.192.253 - - [05/Jan/2024:16:35:20 -0500] "POST /kwsrmcab/Wsrmcab HTTP/1.1" 200 37056
156.59.198.135 - - [05/Jan/2024:16:35:40 -0500] "GET /BLA/resoluciones/RESOLUCIONES%202010/3362.pdf HTTP/1.0" 200 521343
216.245.221.92 - - [05/Jan/2024:16:35:40 -0500] "HEAD / HTTP/1.1" 200 -
173.252.83.119 - - [05/Jan/2024:16:35:41 -0500] "GET /chulo-o-gallinazo-un-carronero-que-cumple-un-papel-fundamental-en-los-ecosistemas.html HTTP/1.1" 200 784
52.167.144.145 - - [05/Jan/2024:16:35:52 -0500] "GET /BLA/resoluciones/AUTOS%202020/3704.pdf HTTP/1.1" 200 425781
156.59.198.135 - - [05/Jan/2024:16:36:05 -0500] "GET /BLA/resoluciones/RESOLUCIONES%202010/3973.pdf HTTP/1.0" 200 506483
172.22.2.4 - - [05/Jan/2024:16:36:13 -0500] "GET /BLA/boletinlegal/.DS_Store HTTP/1.1" 404 1018
156.59.198.135 - - [05/Jan/2024:16:36:30 -0500] "GET /BLA/resoluciones/RESOLUCIONES%202010/3927.pdf HTTP/1.0" 200 778627
156.59.198.136 - - [05/Jan/2024:16:36:52 -0500] "GET /BLA/resoluciones/RESOLUCIONES%202010/1792.pdf HTTP/1.0" 200 495387
172.22.2.4 - - [05/Jan/2024:16:35:27 -0500] "HEAD /BLA/boletinlegal/ HTTP/1.1" 200 -
40.77.167.132 - - [05/Jan/2024:16:37:08 -0500] "GET /BLA/resoluciones/RESOLUCIONES%202023/02523.pdf HTTP/1.1" 200 1253139
156.59.198.135 - - [05/Jan/2024:16:37:18 -0500] "GET /BLA/resoluciones/RESOLUCIONES%202007/RES%202007%201101%20AL%201200/RESOLUCION%201184%20DE%202007.pdf HTTP/1.0" 200 426605
172.22.2.4 - - [05/Jan/2024:16:37:32 -0500] "GET /BLA/boletinlegal/Circulares/2019/.pdf HTTP/1.1" 404 1218
201.245.192.253 - - [05/Jan/2024:16:37:31 -0500] "POST /kwsrmcab/Wsrmcab  HTTP/1.1" 200 36937
172.22.2.4 - - [05/Jan/2024:16:37:40 -0500] "GET /BLA/boletinlegal/Circulares/2012/Circular%20No.%2010%20del%2026%20de%20Enero%20de%202012.pdf HTTP/1.1" 404 1218
156.59.198.135 - - [05/Jan/2024:16:37:42 -0500] "GET /BLA/resoluciones/RESOLUCIONES%202010/1989.pdf HTTP/1.0" 200 339200
172.22.2.4 - - [05/Jan/2024:16:36:18 -0500] "GET /BLA/boletinlegal/ HTTP/1.1" 200 57309
156.59.198.135 - - [05/Jan/2024:16:38:07 -0500] "GET /BLA/resoluciones/RESOLUCIONES%202010/2178.pdf HTTP/1.0" 200 497593
40.77.167.132 - - [05/Jan/2024:16:38:09 -0500] "GET /BLA/resoluciones/RESOLUCIONES%202023/1606.pdf HTTP/1.1" 200 3768938
156.59.198.135 - - [05/Jan/2024:16:38:31 -0500] "GET /BLA/resoluciones/RESOLUCIONES%202010/4437.pdf HTTP/1.0" 200 530567
156.59.198.136 - - [05/Jan/2024:16:38:55 -0500] "GET /BLA/resoluciones/RESOLUCIONES%202010/3777.pdf HTTP/1.0" 200 569809
66.249.66.20 - - [05/Jan/2024:16:39:12 -0500] "GET /BLA/resoluciones/RESOLUCIONES%202011/5013.pdf HTTP/1.1" 200 1733503
66.220.149.1 - - [05/Jan/2024:16:39:15 -0500] "GET /images/Acuerdos%2001%20(1)%20(1).jpeg HTTP/1.1" 200 32884
156.59.198.136 - - [05/Jan/2024:16:39:20 -0500] "GET /BLA/resoluciones/RESOLUCIONES%202010/4157.pdf HTTP/1.0" 200 751425
66.249.66.19 - - [05/Jan/2024:16:39:22 -0500] "GET /BLA/resoluciones/RESOLUCIONES%202011/4989.pdf HTTP/1.1" 200 349843
66.249.66.19 - - [05/Jan/2024:16:39:26 -0500] "GET /BLA/resoluciones/AUTOS%202013/2833.pdf HTTP/1.1" 200 275379
201.245.192.253 - - [05/Jan/2024:16:39:28 -0500] "POST /kwsrmcab/Wsrmcab HTTP/1.1" 200 40175
156.59.198.136 - - [05/Jan/2024:16:39:44 -0500] "GET /BLA/resoluciones/RESOLUCIONES%202010/4340.pdf HTTP/1.0" 200 450383
156.59.198.136 - - [05/Jan/2024:16:40:08 -0500] "GET /BLA/resoluciones/RESOLUCIONES%202010/3251.pdf HTTP/1.0" 200 764575
201.245.192.253 - - [05/Jan/2024:16:40:09 -0500] "POST /kwsrmcab/Wsrmcab HTTP/1.1" 200 37056
200.69.84.134 - - [05/Jan/2024:16:40:17 -0500] "GET /reportes_sipse/jsp/inicio.jsp HTTP/1.1" 200 2935
200.69.84.134 - - [05/Jan/2024:16:40:17 -0500] "GET /reportes_sipse/css/estilos.css HTTP/1.1" 200 9135
200.69.84.134 - - [05/Jan/2024:16:40:17 -0500] "GET /reportes_sipse/imagenes/fondo.jpg HTTP/1.1" 200 20235
200.69.84.134 - - [05/Jan/2024:16:40:17 -0500] "GET /reportes_sipse/imagenes/logoAplicacion.jpg HTTP/1.1" 200 26872
200.69.84.134 - - [05/Jan/2024:16:40:22 -0500] "POST /reportes_sipse/sdg/ServletReporte?adquisiciones_sipse_detallado& HTTP/1.1" 200 6273
200.69.84.134 - - [05/Jan/2024:16:40:22 -0500] "GET /reportes_sipse/js/funciones.js HTTP/1.1" 200 4709
200.69.84.134 - - [05/Jan/2024:16:40:22 -0500] "GET /reportes_sipse/imagenes/calendario.gif HTTP/1.1" 200 1387
200.69.84.134 - - [05/Jan/2024:16:40:22 -0500] "GET /reportes_sipse/js/date-picker.js HTTP/1.1" 200 16768
200.69.84.134 - - [05/Jan/2024:16:40:22 -0500] "GET /reportes_sipse/imagenes/pdf.gif HTTP/1.1" 200 598
200.69.84.134 - - [05/Jan/2024:16:40:22 -0500] "GET /reportes_sipse/imagenes/excel.gif HTTP/1.1" 200 613
173.252.95.18 - - [05/Jan/2024:16:40:28 -0500] "GET /secretaria-de-ambiente-y-universidad-de-la-salle-firman-acuerdo-de-conservacion-en-17-hectareas.html HTTP/1.1" 200 990
200.69.84.134 - - [05/Jan/2024:16:40:29 -0500] "GET /reportes_sipse/imagenes/retrocedeMes.gif HTTP/1.1" 200 459
200.69.84.134 - - [05/Jan/2024:16:40:29 -0500] "GET /reportes_sipse/imagenes/retrocedeAgno.gif HTTP/1.1" 200 781
200.69.84.134 - - [05/Jan/2024:16:40:29 -0500] "GET /reportes_sipse/imagenes/avanzaMes.gif HTTP/1.1" 200 660
200.69.84.134 - - [05/Jan/2024:16:40:29 -0500] "GET /reportes_sipse/imagenes/avanzaAgno.gif HTTP/1.1" 200 779
156.59.198.135 - - [05/Jan/2024:16:40:34 -0500] "GET /BLA/resoluciones/RESOLUCIONES%202010/5845.pdf HTTP/1.0" 200 73368
200.69.84.134 - - [05/Jan/2024:16:40:35 -0500] "POST /reportes_sipse/sdg/ServletControlador HTTP/1.1" 200 3751
200.118.80.110 - - [05/Jan/2024:16:40:36 -0500] "GET /sipse/faces/index.xhtml HTTP/1.1" 200 677
200.118.80.110 - - [05/Jan/2024:16:40:36 -0500] "GET /sipse/faces/javax.faces.resource/theme.css?ln=primefaces-sipse HTTP/1.1" 304 -
200.118.80.110 - - [05/Jan/2024:16:40:36 -0500] "GET /sipse/faces/faces/autenticacion.xhtml HTTP/1.1" 200 12402
200.118.80.110 - - [05/Jan/2024:16:40:36 -0500] "GET /sipse/js/disable_browser_buttons.js HTTP/1.1" 304 -
200.118.80.110 - - [05/Jan/2024:16:40:36 -0500] "GET /sipse/css/custom_css_sg_prime_login.css HTTP/1.1" 304 -
200.118.80.110 - - [05/Jan/2024:16:40:36 -0500] "GET /sipse/css/custom_css_sg.css HTTP/1.1" 304 -
