186.169.220.10 - - [05/Jan/2024:09:26:23 -0500] "GET /kwssiamovil/sm/acme/a?s=U2FsdGVkX1//eD3hIWBG5P+OtzcmoHoB7IJbVovGmJkNjNViv0ayZ04sNjPLbzDVeUojM5FgpszidgbVem6YMKezPAlL9tNtpk0TVJfzbn5qQ2t0qMApgnI2a/aGIjRg1/MqMxRu3JOnkUbWXCM7x21et49zl+ep4HjhiRtqfFc=&u=U2FsdGVkX1+giAcZs/BwU8Znd4uP6PTu1sf2vNiapoY=&y=U2FsdGVkX19KTsGc/OS0u2QUmJMCDggWT6FEdEx3Lug10ZxGa0/BRVOjq5TXyZ02 HTTP/1.1" 200 26
186.169.220.10 - - [05/Jan/2024:09:26:23 -0500] "GET /kwssiamovil/sm/acme/a?s=U2FsdGVkX1/Okg77zJkrMjJyHPjh2irU5livyD6/ygI3T2qdH/jiXtJhMf4GMZv98GNGVcfdQwvROtgFUG+pCEZenFNAXi6XXuISCtWImfcta95y3htOs4OHJrDR0tpSlsAPHhgr5is1XNVvnN1R3JsULzxsgvK8DZmFu+0bmMoNs0qTEVMY9F74tMB+hGy3&u=U2FsdGVkX1+giAcZs/BwU8Znd4uP6PTu1sf2vNiapoY=&y=U2FsdGVkX19KTsGc/OS0u2QUmJMCDggWT6FEdEx3Lug10ZxGa0/BRVOjq5TXyZ02 HTTP/1.1" 200 26
190.24.107.106 - - [05/Jan/2024:09:26:33 -0500] "OPTIONS /kwssiamovil/sm/setfile/f? HTTP/1.1" 200 13
190.24.107.106 - - [05/Jan/2024:09:26:33 -0500] "POST /kwssiamovil/sm/setfile/f? HTTP/1.1" 200 381
156.59.198.135 - - [05/Jan/2024:09:26:40 -0500] "GET /BLA/resoluciones/RESOLUCIONES%202010/1302.pdf HTTP/1.0" 200 101278
190.24.107.106 - - [05/Jan/2024:09:26:41 -0500] "GET /kwssiamovil/sm/acme/a?s=U2FsdGVkX1+Km8mSdGz4epXZwkzT6iVNPolkiY6nXLJ01Y62ihcKS17+33w912rQhJe4Qbx8YWyxiD8RbdxjFVkfOX3VHfR8tW8G9cW320aoncBLus2BIvQSx3m7jVhxxJPcurs5uUE96Z6E+S2fk2WGBLkFHJJCc72itIUaH7DSIfQ6bNDNqiA0u0G/sbKDwhxMMg3PPzSVI9CZwIMbPe5MC8ODn6AAc8dB2kSYaCNM1XVnURBdex1agZCcdbJO9YGkfIJ4M8j0XTcGlnkM7w==&u=U2FsdGVkX1/6kDsA3bHBERYIilplQb5eXkCSHvOs6f0=&y=U2FsdGVkX19wAjCLR3DR3dpHiwNpZM6P45qeUpvA2+A= HTTP/1.1" 200 26
190.24.107.106 - - [05/Jan/2024:09:26:41 -0500] "GET /kwssiamovil/sm/acme/a?s=U2FsdGVkX191yfKqya0hh7+S9y2NnaVI8lBOiiof/ll3xi3/C9Jj8jVqwHkqt1zxCGiQGoKPjrs/7lSymU8M1qFyCoG4Inm/3yYdOfopyzPcyvSX7I06DDXAfh2/WB5bRcCJZqOrEq+EDN8m9ERBg0x7CfrIu3Dxw+VqT1n1wZbLepQRB94XnsGVcYUaJ/FNL/hAgtdDePSKxxGloFffHahb4br/w8lVAJ9ovAf70m8h9nN7mEkXDMH22A/gW56Yga12jw/FDrex/MWXTz8EBAOPz/1PMfIXYV6j9xeKv25gX9WdD5YXUHCZCbPREa6dOMPkl9PT/WDIYPLMhpZUAVDM/Ts/to14bUpa9M/Cewz/I4GR17iL+EWxlzHjRAIBx/TOGRqusBIWjEmwM0DedH87HRP+iHnw7QLatpb8F5bFrl9HgCjZ+ul8Ch40NteIrIHVHHcMSRrresFPfR+I99Hes5I07DbyxgpM2nKW8ESOkPzrfGOsLUqyPQaslhGdxGDRONUj5NPVtfPhF/rTz3NDUW+OCGhhPdnD+HQdya+wU+AdDPgycyzCw/HtXGiRED3BNW/sf1vkPoUHIWy70VwtFnZaiN4opPAMl2ZrEZmKhc0r+bddH/kNEeRuL3wp/Qt/a3sML1BhWi9hSELWFmp/q+pmU2TVByLZH3BTf2mzpWrtGz1hHIM2TyKOmhsi8YmVGW8O18RY2lK3RcRZ7HaQbgT5Mt2FuMxv5bnJ5HL8fcxZVGvjC3YRQFPQlA32tcjDeqMFIgQZc0yJ6/A2dGfrusXS4YK05dvg+iJmRK9N0y+gkGaU7oT9v4cQ760TkcI/Z2xgN8TSm+vKgl/4HLlzRmQI+He5RxeiVehPUWqFmygkKrs1D3KZyQcD1Wfxhuw0UrcqBd0nG1IZsAs9eS5/E7aEH+pAIJaubHWAAOABQIHEzHs+Jf/g117rqVoN3erE/wYtq6b3pZo3TgldOu84f9IBypN3y89fEVBdwLkZlcDMGPbkdiyNrIkmBHSLPa0F4PzWMu1Pa8+bacsUFNijFfRdh5viAwzv0bOtkc41R3i3IYCra3KfYZ0zJOFULvBE0GZuFcV6pViGjHgBD+x5Cg8JeTXFu/7F8A0q4icohOoD1D74zKnRuqoAZjKx64mrlsoswsswZrnxXFHwwh14IDvtT51wpnuUebLi1RDZEsPWeI8BlAp5bAujztTUmGzQ0GLI+Ilc3d/lqNgKFplKTJDbiJzodKywBMW7v4ONLSY3/nHKP4t6yABpnreb7VRaPJ6b/zW6s5r5GyrA3+b0kC6bgnywtGaCVPHtw7D4H8z0aKoC3kO0dqzYqm2+I3wMTH6bq3XrSGwurj/HRAPFUF2wznr557C0iqn1MmhsStRTYcURQ05oIpt4GqqRmSQGhkkZlZ11Irauaj5OSXc1bD9/sep81JCi9Zbb1W1qpEaLSd/uDUP2WCDzRZbxHgz6xAMSG1XIMN/+MMFmZ62B3JlAGPT9XrIgJhaeDD6wSH7H6qlF0MhuoV9+zV0CeleiTgA1D87Vyo9xhtLgGP8kNXEloIXchRz2GXZDXhQv5VrZMaHcpJUz5N3lWLT9LmtXQCYtpHWdscenCVCOUmykFe/iEJPa4hwWWA8VYCT1UIWCfB210vqpdyLS3fVWr+UN1HEXYSUtrl4ilXyYII1GBEc2qhO9/wwJ5RnbhRGYnGFPQ3aesBMAzH3k/LwXBysi3sL+q92Cv6FcPwhlwtbVN4TqMdcmJuQD6aAygFg3MnKmeGy0zi+idV6ZzcSLo0Ys7KQOE9a6StcCgLWG1p9LWd3PRB5gYi0etBAktvfTywAm1vgpB2Ly0ejTvc1+F6N3El1THXnDtKwRdx/MkjlDZsW3DxSbpCTUjkX7pQlDYPvUj3PyzGdbiWQlLebmzDCaYE/ngmSrZLgYnNupg5Z3lnPMAqxXS008OIiXv2B+VTG4ltvQ9klYx/BDuSv+GH+e+Jd60aSAYWovpCf27iqk3bOBOM1mfMQJqIwIE2uow7CEYxST4f/+RCcK7okNbdd0ynehbJ0USBDIflwLD8vlveqoZIvRnadi3lEbEGdSQSYER574dFWqEi3n4FaoxTWVgT7d+zQzupaGHoqg6+YIrJSB3M7jaY32WHh1QsIsuSjMm946KhhNrHtBeKJQqU/Adgiq1Q3q6wWFmDVwojikP6Yvde12HVzqj6g/kwY7mnEB+Fuxjm+2StbuTqnSELNEGcbVx69kHajMl/8W9RFqRQ/dhxEuFeS5OQnqwkpAnfbORnGbcB6w7Ax1CjUjNDKcOgZkMVvjzJA2mFsnP+2SE9HghX3b3qDBEO6uXR9DYw00NX8jfcmCOxYarJElcDuQKsgH0OJ9yUWd2kIm51aRTqR+m32clIUiLJvNGcpFvFbZF8E26IaZ95VOuM3T6AkhinMJUCZIUdQuwSLxoex3TB146Hqv8fBPn70Z8aCHomiZ6my7Pv2xgKOuz+OF7GY02yqmJ1BZHymA6l9RkJg67Hds4dLg/3bT/lMPOnLsB7KQ8/md6Ko1CD3Wx3JJVC/Ex2yjr19gNp0IlxNwHu5WtKRaACXZUN3Jh2ihn7748owyli0pXbyOudlgcITXt0nHEvFcI5V/uv/eXG8ED9zjZ9UKjFaej6kKibmHAxIgg3JxrYp/JXLrzdcZy78fzf/AznEP0edPVBBUkVJSFFlQhRZLHYgyXdp0RHHgdYX+aK21TSTqbO5r9rWXvNIP0YeaJ+V+6aVD1jCUDjWzQjMKvS/GG4dR5XRBq0ECJcujpAettG+QvKbgblivxnZIbMH3dqpddR4FQ/vF0UVrFg==&u=U2FsdGVkX1/6kDsA3bHBERYIilplQb5eXkCSHvOs6f0=&y=U2FsdGVkX19wAjCLR3DR3dpHiwNpZM6P45qeUpvA2+A= HTTP/1.1" 200 26
190.24.107.106 - - [05/Jan/2024:09:26:42 -0500] "GET /kwssiamovil/sm/acme/a?s=U2FsdGVkX19w1o7hGTRve35OvXutZEzTfcL20AuA76Ry3JFCnzG52JAKcYHUHeUa3FuCHa6e9J0v0yfF9STmN7Lx9rFxrgepy4jZD13DkfX9l4OUgdHAQ1ty+gcK0Uj9yjZ9Bv41FTVoeDFXXonLzmTwMRnhPKex5aMvQDvW1VQ=&u=U2FsdGVkX1/6kDsA3bHBERYIilplQb5eXkCSHvOs6f0=&y=U2FsdGVkX19wAjCLR3DR3dpHiwNpZM6P45qeUpvA2+A= HTTP/1.1" 200 26
190.24.107.106 - - [05/Jan/2024:09:26:42 -0500] "GET /kwssiamovil/sm/acme/a?s=U2FsdGVkX1/jEiY7MSGpDc0vYKim/mzZGe/M1Cvum9Hr5eu+XSPddakN0nQS91Oh7PJ2gpXLU1pAJP8ALdfTn314k205nmGLo+tJYiYHLVcZdCLYbj4/wUoJN6vCInlqhMoHGRCkIn8AHBhOhE8SD4lkm+VbBG+++zqYZl6drr0=&u=U2FsdGVkX1/6kDsA3bHBERYIilplQb5eXkCSHvOs6f0=&y=U2FsdGVkX19wAjCLR3DR3dpHiwNpZM6P45qeUpvA2+A= HTTP/1.1" 200 26
190.24.107.106 - - [05/Jan/2024:09:26:42 -0500] "GET /kwssiamovil/sm/acme/a?s=U2FsdGVkX18sfk65d5BA4oxgLXttYyy5i2MPTvdNAv3BsNRSvMpH9IS+Cqy+OEVfImasCbDh9iEqNTmmndj8aWD9djUU+4DrFjl/BegEI9TJiYou36HmFn8gLR7SYMCeZPcaDNHoqFsM1/Q2YiWSseg6QIwW/zBIWogp0FLomSE=&u=U2FsdGVkX1/6kDsA3bHBERYIilplQb5eXkCSHvOs6f0=&y=U2FsdGVkX19wAjCLR3DR3dpHiwNpZM6P45qeUpvA2+A= HTTP/1.1" 200 26
190.24.107.106 - - [05/Jan/2024:09:26:42 -0500] "GET /kwssiamovil/sm/acme/a?s=U2FsdGVkX18Riac+EUVwkx4Ld9rcswALWsT30Huo5xxhb9RjmL2Iwsk31et6BsrN7pHzZkaFtjdX4Ms4rNPlCjaqaWU+SzGKDrQbm5TN/BNx2GatYkLytGz9aNfiTfvwvDh5SHmCDqxzos7St0Jk9rELofDE1b32/5XiOtAOlUdnDtXMbAKHqbjtSMmrK9Ci&u=U2FsdGVkX1/6kDsA3bHBERYIilplQb5eXkCSHvOs6f0=&y=U2FsdGVkX19wAjCLR3DR3dpHiwNpZM6P45qeUpvA2+A= HTTP/1.1" 200 26
190.24.107.106 - - [05/Jan/2024:09:26:42 -0500] "GET /kwssiamovil/sm/acme/a?s=U2FsdGVkX1/9iUSaOrOTRrEXl/jc7yp0/QPxCPixazGaQFaSP4AJzyWRGm89AejYTw56hnQNIqY2wJu4zTrVBmWcWP6mnDcCz6UcIjpIK5jdOqSckSDeFnDBdoLC7WX1q0PXleK16+Sm4Fko/bElTDCBENrAHkqTiE61fnLybQNGeLqAxGS9VAwKsOHHHEHqRF8o0MrrcSHmZVBu0HtDy6KUuXlOYQDJWoLsl+ZfN0zIztY+r9nL4DTy6CviVg7M1gb81rMtwC2jN2jL+6euGOzGw0MM0yUuSHO/zOYkdFm6SmYZ1faabw3BNkxWcxnNQM+/J4d5KDUP4oSYMGdlEQkQ5WOsnDkqq7NhZik2Jfgc6YvbJzgSFkjIw2U9JLCw&u=U2FsdGVkX1/6kDsA3bHBERYIilplQb5eXkCSHvOs6f0=&y=U2FsdGVkX19wAjCLR3DR3dpHiwNpZM6P45qeUpvA2+A= HTTP/1.1" 200 25
190.24.107.106 - - [05/Jan/2024:09:26:43 -0500] "GET /kwssiamovil/sm/acme/a?s=U2FsdGVkX19k5rXYZjFCWceRHRPkbDpKepOwADjTiIi17kUTV58OJmLLRYnY8AW5C019TIlUXX34/eHdJZlP1SMXwxT8eD+JrDgsLVb2LrVbpujrXAce4eejL5XSLV8y/WY0GhrwrO2pjN3PZK1IVZr7Kp7Z+AQoS9O2Qsw3HTMtzAF36DhR+gQKM0nxFOvJpEPSIF/Ze7BxVEN1j5txJ3PXIlitMeOT05QRrXbzZBCyC1077dwphYeGgQ02jpks66Lc8oY3OitRoy41V4nfi+6sl1hhywUj86VL4soHn4ENXz9QDE+2jRPsTiWO7xr90fHfVqMr2YtO+W8BsBRr6Q==&u=U2FsdGVkX1/6kDsA3bHBERYIilplQb5eXkCSHvOs6f0=&y=U2FsdGVkX19wAjCLR3DR3dpHiwNpZM6P45qeUpvA2+A= HTTP/1.1" 200 26
52.167.144.186 - - [05/Jan/2024:09:26:45 -0500] "GET /BLA/resoluciones/RESOLUCIONES%202023/1231.pdf HTTP/1.1" 200 580466
52.167.144.186 - - [05/Jan/2024:09:27:03 -0500] "GET /sipse/faces/faces/autenticacion.xhtml HTTP/1.1" 200 12724
156.59.198.136 - - [05/Jan/2024:09:27:04 -0500] "GET /BLA/resoluciones/RESOLUCIONES%202010/1707.pdf HTTP/1.0" 200 414654
156.59.198.136 - - [05/Jan/2024:09:27:28 -0500] "GET /BLA/resoluciones/RESOLUCIONES%202010/1280.pdf HTTP/1.0" 200 100422
156.59.198.135 - - [05/Jan/2024:09:27:52 -0500] "GET /BLA/resoluciones/RESOLUCIONES%202010/1575.pdf HTTP/1.0" 200 434143
156.59.198.136 - - [05/Jan/2024:09:28:16 -0500] "GET /BLA/resoluciones/RESOLUCIONES%202010/0452.pdf HTTP/1.0" 200 107866
156.59.198.135 - - [05/Jan/2024:09:28:42 -0500] "GET /BLA/resoluciones/RESOLUCIONES%202010/0535.pdf HTTP/1.0" 200 371872
156.59.198.135 - - [05/Jan/2024:09:29:07 -0500] "GET /BLA/resoluciones/RESOLUCIONES%202010/1341.pdf HTTP/1.0" 200 492659
52.167.144.186 - - [05/Jan/2024:09:29:23 -0500] "GET /BLA/resoluciones/RESOLUCIONES%202021/4276.pdf HTTP/1.1" 304 -
201.245.192.253 - - [05/Jan/2024:09:29:23 -0500] "POST /kwsrmcab/Wsrmcab  HTTP/1.1" 200 36937
201.245.192.253 - - [05/Jan/2024:09:29:29 -0500] "POST /kwsrmcab/Wsrmcab HTTP/1.1" 200 40648
156.59.198.135 - - [05/Jan/2024:09:29:32 -0500] "GET /BLA/resoluciones/RESOLUCIONES%202010/1581.pdf HTTP/1.0" 200 494139
156.59.198.136 - - [05/Jan/2024:09:29:58 -0500] "GET /BLA/resoluciones/RESOLUCIONES%202010/0382.pdf HTTP/1.0" 200 113728
186.102.38.114 - - [05/Jan/2024:09:30:13 -0500] "GET /appsia/controlador HTTP/1.1" 200 4799
186.102.38.114 - - [05/Jan/2024:09:30:13 -0500] "GET /appsia/css/estilos.css HTTP/1.1" 200 4804
186.102.38.114 - - [05/Jan/2024:09:30:13 -0500] "GET /appsia/scripts/validarIngreso.js HTTP/1.1" 200 851
186.102.38.114 - - [05/Jan/2024:09:30:13 -0500] "GET /appsia/images/logo_bogota_p.png HTTP/1.1" 200 14951
186.102.38.114 - - [05/Jan/2024:09:30:13 -0500] "GET /appsia/images/cabezoteHojaVida.png HTTP/1.1" 200 32493
201.245.192.253 - - [05/Jan/2024:09:30:13 -0500] "POST /kwsrmcab/Wsrmcab HTTP/1.1" 200 36387
156.59.198.136 - - [05/Jan/2024:09:30:20 -0500] "GET /BLA/resoluciones/RESOLUCIONES%202010/1330.pdf HTTP/1.0" 200 54218
216.245.221.92 - - [05/Jan/2024:09:30:41 -0500] "HEAD / HTTP/1.1" 200 -
156.59.198.136 - - [05/Jan/2024:09:30:45 -0500] "GET /BLA/resoluciones/RESOLUCIONES%202010/1566.pdf HTTP/1.0" 200 377400
156.59.198.136 - - [05/Jan/2024:09:31:09 -0500] "GET /BLA/resoluciones/RESOLUCIONES%202010/0404.pdf HTTP/1.0" 200 103254
172.22.2.4 - - [05/Jan/2024:09:29:38 -0500] "HEAD /BLA/boletinlegal/ HTTP/1.1" 200 -
156.59.198.136 - - [05/Jan/2024:09:31:34 -0500] "GET /BLA/resoluciones/RESOLUCIONES%202010/0826.pdf HTTP/1.0" 200 113946
156.59.198.135 - - [05/Jan/2024:09:31:58 -0500] "GET /BLA/resoluciones/RESOLUCIONES%202010/1623.pdf HTTP/1.0" 200 392916
201.245.192.253 - - [05/Jan/2024:09:32:01 -0500] "GET /sipse/faces/faces/autenticacion.xhtml HTTP/1.1" 200 12724
201.245.192.253 - - [05/Jan/2024:09:32:01 -0500] "GET /sipse/js/disable_browser_buttons.js HTTP/1.1" 200 3230
201.245.192.253 - - [05/Jan/2024:09:32:01 -0500] "GET /sipse/js/funciones.js HTTP/1.1" 200 12592
201.245.192.253 - - [05/Jan/2024:09:32:01 -0500] "GET /sipse/css/custom_css_sg_prime_login.css HTTP/1.1" 200 443
201.245.192.253 - - [05/Jan/2024:09:32:01 -0500] "GET /sipse/css/custom_css_sg.css HTTP/1.1" 200 9694
201.245.192.253 - - [05/Jan/2024:09:32:01 -0500] "GET /sipse/faces/javax.faces.resource/layout/layout.css;jsessionid=hI9p60i41a29CQCbDfJxAi7c.undefined?ln=primefaces&v=4.0 HTTP/1.1" 200 542
201.245.192.253 - - [05/Jan/2024:09:32:01 -0500] "GET /sipse/faces/javax.faces.resource/jquery/jquery.js;jsessionid=hI9p60i41a29CQCbDfJxAi7c.undefined?ln=primefaces&v=4.0 HTTP/1.1" 200 105384
201.245.192.253 - - [05/Jan/2024:09:32:01 -0500] "GET /sipse/faces/javax.faces.resource/theme.css?ln=primefaces-sipse HTTP/1.1" 200 50058
201.245.192.253 - - [05/Jan/2024:09:32:01 -0500] "GET /sipse/faces/javax.faces.resource/layout/layout.js;jsessionid=hI9p60i41a29CQCbDfJxAi7c.undefined?ln=primefaces&v=4.0 HTTP/1.1" 200 87560
201.245.192.253 - - [05/Jan/2024:09:32:01 -0500] "GET /sipse/faces/javax.faces.resource/primefaces.css;jsessionid=hI9p60i41a29CQCbDfJxAi7c.undefined?ln=primefaces&v=4.0 HTTP/1.1" 200 53295
201.245.192.253 - - [05/Jan/2024:09:32:01 -0500] "GET /sipse/faces/javax.faces.resource/primefaces.js;jsessionid=hI9p60i41a29CQCbDfJxAi7c.undefined?ln=primefaces&v=4.0 HTTP/1.1" 200 276924
201.245.192.253 - - [05/Jan/2024:09:32:01 -0500] "GET /sipse/faces/javax.faces.resource/jquery/jquery-plugins.js;jsessionid=hI9p60i41a29CQCbDfJxAi7c.undefined?ln=primefaces&v=4.0 HTTP/1.1" 200 220526
201.245.192.253 - - [05/Jan/2024:09:32:01 -0500] "GET /sipse/faces/javax.faces.resource/images/ui-icons_898989_256x240.png?ln=primefaces-aristo HTTP/1.1" 200 5355
201.245.192.253 - - [05/Jan/2024:09:32:01 -0500] "GET /sipse/css/imagen/logoSDG.png HTTP/1.1" 200 53064
201.245.192.253 - - [05/Jan/2024:09:32:01 -0500] "GET /sipse/css/imagen/loginimg.png HTTP/1.1" 200 71635
201.245.192.253 - - [05/Jan/2024:09:32:01 -0500] "GET /favicon.ico HTTP/1.1" 200 7782
201.245.192.253 - - [05/Jan/2024:09:32:01 -0500] "GET /sipse/faces/faces/index.xhtml HTTP/1.1" 200 677
201.245.192.253 - - [05/Jan/2024:09:32:01 -0500] "GET /sipse/faces/javax.faces.resource/theme.css?ln=primefaces-sipse HTTP/1.1" 304 -
201.245.192.253 - - [05/Jan/2024:09:32:01 -0500] "GET /favicon.ico HTTP/1.1" 200 7782
201.245.192.253 - - [05/Jan/2024:09:32:01 -0500] "GET /sipse/faces/faces/faces/autenticacion.xhtml HTTP/1.1" 200 12402
201.245.192.253 - - [05/Jan/2024:09:32:01 -0500] "GET /sipse/faces/javax.faces.resource/theme.css?ln=primefaces-sipse HTTP/1.1" 304 -
201.245.192.253 - - [05/Jan/2024:09:32:01 -0500] "GET /sipse/faces/javax.faces.resource/layout/layout.css?ln=primefaces&v=4.0 HTTP/1.1" 200 542
201.245.192.253 - - [05/Jan/2024:09:32:01 -0500] "GET /sipse/faces/javax.faces.resource/jquery/jquery.js?ln=primefaces&v=4.0 HTTP/1.1" 200 105384
201.245.192.253 - - [05/Jan/2024:09:32:01 -0500] "GET /sipse/faces/javax.faces.resource/primefaces.css?ln=primefaces&v=4.0 HTTP/1.1" 200 53295
201.245.192.253 - - [05/Jan/2024:09:32:01 -0500] "GET /sipse/faces/javax.faces.resource/layout/layout.js?ln=primefaces&v=4.0 HTTP/1.1" 200 87560
201.245.192.253 - - [05/Jan/2024:09:32:01 -0500] "GET /sipse/faces/javax.faces.resource/jquery/jquery-plugins.js?ln=primefaces&v=4.0 HTTP/1.1" 200 220526
201.245.192.253 - - [05/Jan/2024:09:32:01 -0500] "GET /sipse/faces/javax.faces.resource/primefaces.js?ln=primefaces&v=4.0 HTTP/1.1" 200 276924
201.245.192.253 - - [05/Jan/2024:09:32:01 -0500] "GET /sipse/faces/javax.faces.resource/images/ui-icons_898989_256x240.png?ln=primefaces-aristo HTTP/1.1" 304 -
172.22.2.4 - - [05/Jan/2024:09:30:29 -0500] "GET /BLA/boletinlegal/ HTTP/1.1" 200 58567
156.59.198.136 - - [05/Jan/2024:09:32:23 -0500] "GET /BLA/resoluciones/RESOLUCIONES%202010/1565.pdf HTTP/1.0" 200 597158
201.245.192.253 - - [05/Jan/2024:09:32:27 -0500] "POST /sipse/faces/autenticacion.xhtml HTTP/1.1" 200 12111
201.245.192.253 - - [05/Jan/2024:09:32:27 -0500] "GET /sipse/css/custom_css_sg_prime.css HTTP/1.1" 200 5201
201.245.192.253 - - [05/Jan/2024:09:32:27 -0500] "GET /sipse/faces/javax.faces.resource/jquery/jquery.js?ln=primefaces&v=4.0 HTTP/1.1" 200 105384
201.245.192.253 - - [05/Jan/2024:09:32:27 -0500] "GET /sipse/faces/javax.faces.resource/jquery/jquery-plugins.js?ln=primefaces&v=4.0 HTTP/1.1" 200 220526
201.245.192.253 - - [05/Jan/2024:09:32:27 -0500] "GET /sipse/faces/javax.faces.resource/primefaces.js?ln=primefaces&v=4.0 HTTP/1.1" 304 -
201.245.192.253 - - [05/Jan/2024:09:32:27 -0500] "GET /sipse/faces/javax.faces.resource/layout/layout.js?ln=primefaces&v=4.0 HTTP/1.1" 200 87560
201.245.192.253 - - [05/Jan/2024:09:32:27 -0500] "GET /sipse/faces/javax.faces.resource/messages/messages.png?ln=primefaces&v=4.0 HTTP/1.1" 200 27209
201.245.192.253 - - [05/Jan/2024:09:32:31 -0500] "POST /sipse/faces/presentacion/sistema/seguridad/seleccionRol.xhtml HTTP/1.1" 200 6545
201.245.192.253 - - [05/Jan/2024:09:32:31 -0500] "POST /sipse/faces/presentacion/sistema/seguridad/seleccionRol.xhtml HTTP/1.1" 200 18831
201.245.192.253 - - [05/Jan/2024:09:32:32 -0500] "GET /sipse/js/disable_browser_buttons.js HTTP/1.1" 200 3230
201.245.192.253 - - [05/Jan/2024:09:32:32 -0500] "GET /sipse/js/jquery.min.js HTTP/1.1" 200 85582
201.245.192.253 - - [05/Jan/2024:09:32:32 -0500] "GET /sipse/js/funciones.js HTTP/1.1" 200 12592
201.245.192.253 - - [05/Jan/2024:09:32:32 -0500] "GET /sipse/faces/javax.faces.resource/jquery/jquery.js?ln=primefaces&v=4.0 HTTP/1.1" 304 -
201.245.192.253 - - [05/Jan/2024:09:32:32 -0500] "GET /sipse/faces/javax.faces.resource/jquery/jquery-plugins.js?ln=primefaces&v=4.0 HTTP/1.1" 304 -
201.245.192.253 - - [05/Jan/2024:09:32:32 -0500] "GET /sipse/faces/javax.faces.resource/primefaces.js?ln=primefaces&v=4.0 HTTP/1.1" 304 -
201.245.192.253 - - [05/Jan/2024:09:32:32 -0500] "GET /sipse/faces/javax.faces.resource/layout/layout.js?ln=primefaces&v=4.0 HTTP/1.1" 304 -
201.245.192.253 - - [05/Jan/2024:09:32:32 -0500] "GET /sipse/css/v_mergente.css HTTP/1.1" 200 1505
201.245.192.253 - - [05/Jan/2024:09:32:32 -0500] "GET /sipse/imagenes/cargando.gif HTTP/1.1" 200 36959
201.245.192.253 - - [05/Jan/2024:09:32:32 -0500] "GET /sipse/css/imagen/contrasena.png HTTP/1.1" 404 383
201.245.192.253 - - [05/Jan/2024:09:32:32 -0500] "GET /sipse/imagenes/logoAplicacion.jpg HTTP/1.1" 200 155084
201.245.192.253 - - [05/Jan/2024:09:32:33 -0500] "GET /sipse/faces/javax.faces.resource/images/ui-bg_flat_0_2d5972_40x100.png?ln=primefaces-aristo HTTP/1.1" 200 183
201.245.192.253 - - [05/Jan/2024:09:32:33 -0500] "POST /sipse/faces/bienvenido.xhtml HTTP/1.1" 200 3887
201.245.192.253 - - [05/Jan/2024:09:32:35 -0500] "POST /sipse/faces/bienvenido.xhtml HTTP/1.1" 200 43272
201.245.192.253 - - [05/Jan/2024:09:32:35 -0500] "GET /sipse/faces/javax.faces.resource/jquery/jquery.js?ln=primefaces&v=4.0 HTTP/1.1" 304 -
201.245.192.253 - - [05/Jan/2024:09:32:35 -0500] "GET /sipse/faces/javax.faces.resource/jquery/jquery-plugins.js?ln=primefaces&v=4.0 HTTP/1.1" 304 -
201.245.192.253 - - [05/Jan/2024:09:32:35 -0500] "GET /sipse/faces/javax.faces.resource/primefaces.js?ln=primefaces&v=4.0 HTTP/1.1" 304 -
201.245.192.253 - - [05/Jan/2024:09:32:35 -0500] "GET /sipse/faces/javax.faces.resource/layout/layout.js?ln=primefaces&v=4.0 HTTP/1.1" 304 -
201.245.192.253 - - [05/Jan/2024:09:32:38 -0500] "GET /appsia/controlador HTTP/1.1" 200 4799
201.245.192.253 - - [05/Jan/2024:09:32:38 -0500] "GET /appsia/css/estilos.css HTTP/1.1" 200 4804
201.245.192.253 - - [05/Jan/2024:09:32:38 -0500] "GET /appsia/scripts/validarIngreso.js HTTP/1.1" 200 851
201.245.192.253 - - [05/Jan/2024:09:32:38 -0500] "GET /appsia/images/logo_bogota_p.png HTTP/1.1" 200 14951
201.245.192.253 - - [05/Jan/2024:09:32:38 -0500] "GET /appsia/images/cabezoteHojaVida.png HTTP/1.1" 200 32493
201.245.192.253 - - [05/Jan/2024:09:32:38 -0500] "POST /sipse/faces/presentacion/financiero/solicitudProceso/consultar.xhtml HTTP/1.1" 200 12782
201.245.192.253 - - [05/Jan/2024:09:32:43 -0500] "POST /sipse/faces/presentacion/financiero/solicitudProceso/consultar.xhtml HTTP/1.1" 200 165859
201.245.192.253 - - [05/Jan/2024:09:32:44 -0500] "GET /sipse/faces/javax.faces.resource/jquery/jquery.js?ln=primefaces&v=4.0 HTTP/1.1" 304 -
201.245.192.253 - - [05/Jan/2024:09:32:44 -0500] "GET /sipse/faces/javax.faces.resource/jquery/jquery-plugins.js?ln=primefaces&v=4.0 HTTP/1.1" 304 -
201.245.192.253 - - [05/Jan/2024:09:32:44 -0500] "GET /sipse/faces/javax.faces.resource/primefaces.js?ln=primefaces&v=4.0 HTTP/1.1" 304 -
201.245.192.253 - - [05/Jan/2024:09:32:44 -0500] "GET /sipse/faces/javax.faces.resource/layout/layout.js?ln=primefaces&v=4.0 HTTP/1.1" 304 -
156.59.198.136 - - [05/Jan/2024:09:32:47 -0500] "GET /BLA/resoluciones/RESOLUCIONES%202010/0982.pdf HTTP/1.0" 200 104620
156.59.198.136 - - [05/Jan/2024:09:33:12 -0500] "GET /BLA/resoluciones/RESOLUCIONES%202010/0521.pdf HTTP/1.0" 200 393713
172.22.2.4 - - [05/Jan/2024:09:33:29 -0500] "GET /BLA/boletinlegal/consulta_actos.php?tipo=resoluciones&no=1594&usuario=&sector=&fecha=2017&resuelve= HTTP/1.1" 200 1105
201.245.192.253 - - [05/Jan/2024:09:33:30 -0500] "GET /BLA/resoluciones/RESOLUCIONES%202017/1594.pdf HTTP/1.1" 200 502265
156.59.198.136 - - [05/Jan/2024:09:33:37 -0500] "GET /BLA/resoluciones/RESOLUCIONES%202010/1549.pdf HTTP/1.0" 200 433491
172.22.2.4 - - [05/Jan/2024:09:33:41 -0500] "GET /BLA/boletinlegal/templates/.git/config HTTP/1.1" 404 1018
156.59.198.135 - - [05/Jan/2024:09:34:01 -0500] "GET /BLA/resoluciones/RESOLUCIONES%202010/0439.pdf HTTP/1.0" 200 739811
201.245.192.253 - - [05/Jan/2024:09:34:22 -0500] "POST /kwsrmcab/Wsrmcab  HTTP/1.1" 200 36937
156.59.198.136 - - [05/Jan/2024:09:34:25 -0500] "GET /BLA/resoluciones/RESOLUCIONES%202010/0138.pdf HTTP/1.0" 200 384112
156.59.198.136 - - [05/Jan/2024:09:34:49 -0500] "GET /BLA/resoluciones/RESOLUCIONES%202010/1487.pdf HTTP/1.0" 200 523521
156.59.198.136 - - [05/Jan/2024:09:35:14 -0500] "GET /BLA/resoluciones/RESOLUCIONES%202010/0465.pdf HTTP/1.0" 200 123591
201.245.192.253 - - [05/Jan/2024:09:35:18 -0500] "POST /kwsrmcab/Wsrmcab HTTP/1.1" 200 40648
201.245.192.253 - - [05/Jan/2024:09:35:21 -0500] "POST /kwsrmcab/Wsrmcab HTTP/1.1" 200 36387
156.59.198.135 - - [05/Jan/2024:09:35:38 -0500] "GET /BLA/resoluciones/RESOLUCIONES%202010/0437.pdf HTTP/1.0" 200 552134
216.245.221.92 - - [05/Jan/2024:09:35:41 -0500] "HEAD / HTTP/1.1" 200 -
156.59.198.135 - - [05/Jan/2024:09:36:01 -0500] "GET /BLA/resoluciones/RESOLUCIONES%202010/0688.pdf HTTP/1.0" 200 103432
156.59.198.136 - - [05/Jan/2024:09:36:26 -0500] "GET /BLA/resoluciones/RESOLUCIONES%202010/0365.pdf HTTP/1.0" 200 743872
191.156.146.170 - - [05/Jan/2024:09:36:49 -0500] "GET /planes-proyectos-y-estrategias-para-mejorar-la-calidad-del-aire-de-bogota.html HTTP/1.1" 200 757
156.59.198.135 - - [05/Jan/2024:09:36:50 -0500] "GET /BLA/resoluciones/RESOLUCIONES%202010/1240.pdf HTTP/1.0" 200 132878
172.22.2.4 - - [05/Jan/2024:09:35:28 -0500] "HEAD /BLA/boletinlegal/ HTTP/1.1" 200 -
156.59.198.136 - - [05/Jan/2024:09:37:14 -0500] "GET /BLA/resoluciones/RESOLUCIONES%202010/1532.pdf HTTP/1.0" 200 441390
200.118.16.147 - - [05/Jan/2024:09:37:31 -0500] "GET /sipse/faces/presentacion/financiero/solicitudProceso/consultarSolicitudProceso.xhtml HTTP/1.1" 302 -
200.118.16.147 - - [05/Jan/2024:09:37:31 -0500] "GET /sipse/faces/autenticacion.xhtml HTTP/1.1" 200 12402
200.118.16.147 - - [05/Jan/2024:09:37:32 -0500] "GET /sipse/js/disable_browser_buttons.js HTTP/1.1" 304 -
200.118.16.147 - - [05/Jan/2024:09:37:32 -0500] "GET /sipse/js/funciones.js HTTP/1.1" 304 -
200.118.16.147 - - [05/Jan/2024:09:37:32 -0500] "GET /sipse/css/custom_css_sg.css HTTP/1.1" 304 -
200.118.16.147 - - [05/Jan/2024:09:37:32 -0500] "GET /sipse/faces/javax.faces.resource/theme.css?ln=primefaces-sipse HTTP/1.1" 304 -
200.118.16.147 - - [05/Jan/2024:09:37:32 -0500] "GET /sipse/faces/javax.faces.resource/jquery/jquery.js?ln=primefaces&v=4.0 HTTP/1.1" 304 -
200.118.16.147 - - [05/Jan/2024:09:37:32 -0500] "GET /sipse/faces/javax.faces.resource/layout/layout.css?ln=primefaces&v=4.0 HTTP/1.1" 304 -
200.118.16.147 - - [05/Jan/2024:09:37:32 -0500] "GET /sipse/css/custom_css_sg_prime_login.css HTTP/1.1" 304 -
200.118.16.147 - - [05/Jan/2024:09:37:32 -0500] "GET /sipse/faces/javax.faces.resource/primefaces.css?ln=primefaces&v=4.0 HTTP/1.1" 304 -
200.118.16.147 - - [05/Jan/2024:09:37:32 -0500] "GET /sipse/faces/javax.faces.resource/jquery/jquery-plugins.js?ln=primefaces&v=4.0 HTTP/1.1" 304 -
200.118.16.147 - - [05/Jan/2024:09:37:32 -0500] "GET /sipse/faces/javax.faces.resource/primefaces.js?ln=primefaces&v=4.0 HTTP/1.1" 304 -
200.118.16.147 - - [05/Jan/2024:09:37:32 -0500] "GET /sipse/faces/javax.faces.resource/layout/layout.js?ln=primefaces&v=4.0 HTTP/1.1" 304 -
200.118.16.147 - - [05/Jan/2024:09:37:32 -0500] "GET /sipse/css/imagen/logoSDG.png HTTP/1.1" 304 -
200.118.16.147 - - [05/Jan/2024:09:37:32 -0500] "GET /sipse/css/imagen/loginimg.png HTTP/1.1" 304 -
200.118.16.147 - - [05/Jan/2024:09:37:32 -0500] "GET /sipse/faces/javax.faces.resource/images/ui-icons_898989_256x240.png?ln=primefaces-aristo HTTP/1.1" 304 -
200.118.16.147 - - [05/Jan/2024:09:37:36 -0500] "POST /sipse/faces/autenticacion.xhtml HTTP/1.1" 200 2224
200.118.16.147 - - [05/Jan/2024:09:37:36 -0500] "GET /sipse/faces/javax.faces.resource/messages/messages.png?ln=primefaces&v=4.0 HTTP/1.1" 304 -
200.118.16.147 - - [05/Jan/2024:09:37:37 -0500] "POST /sipse/faces/autenticacion.xhtml HTTP/1.1" 200 16392
200.118.16.147 - - [05/Jan/2024:09:37:37 -0500] "GET /sipse/faces/javax.faces.resource/theme.css?ln=primefaces-sipse HTTP/1.1" 304 -
200.118.16.147 - - [05/Jan/2024:09:37:37 -0500] "GET /sipse/faces/javax.faces.resource/primefaces.css?ln=primefaces&v=4.0 HTTP/1.1" 304 -
200.118.16.147 - - [05/Jan/2024:09:37:37 -0500] "GET /sipse/faces/javax.faces.resource/layout/layout.css?ln=primefaces&v=4.0 HTTP/1.1" 304 -
200.118.16.147 - - [05/Jan/2024:09:37:37 -0500] "GET /sipse/css/custom_css_sg_prime.css HTTP/1.1" 304 -
200.118.16.147 - - [05/Jan/2024:09:37:37 -0500] "GET /sipse/js/jquery.min.js HTTP/1.1" 304 -
200.118.16.147 - - [05/Jan/2024:09:37:37 -0500] "GET /sipse/faces/javax.faces.resource/jquery/jquery.js?ln=primefaces&v=4.0 HTTP/1.1" 304 -
200.118.16.147 - - [05/Jan/2024:09:37:37 -0500] "GET /sipse/faces/javax.faces.resource/jquery/jquery-plugins.js?ln=primefaces&v=4.0 HTTP/1.1" 304 -
200.118.16.147 - - [05/Jan/2024:09:37:37 -0500] "GET /sipse/faces/javax.faces.resource/primefaces.js?ln=primefaces&v=4.0 HTTP/1.1" 304 -
200.118.16.147 - - [05/Jan/2024:09:37:37 -0500] "GET /sipse/faces/javax.faces.resource/layout/layout.js?ln=primefaces&v=4.0 HTTP/1.1" 304 -
200.118.16.147 - - [05/Jan/2024:09:37:37 -0500] "GET /sipse/css/v_mergente.css HTTP/1.1" 304 -
200.118.16.147 - - [05/Jan/2024:09:37:37 -0500] "GET /sipse/imagenes/cargando.gif HTTP/1.1" 304 -
200.118.16.147 - - [05/Jan/2024:09:37:37 -0500] "GET /sipse/imagenes/logoAplicacion.jpg HTTP/1.1" 304 -
200.118.16.147 - - [05/Jan/2024:09:37:37 -0500] "GET /sipse/css/imagen/contrasena.png HTTP/1.1" 404 383
200.118.16.147 - - [05/Jan/2024:09:37:39 -0500] "GET /sipse/faces/javax.faces.resource/images/ui-bg_flat_0_2d5972_40x100.png?ln=primefaces-aristo HTTP/1.1" 304 -
200.118.16.147 - - [05/Jan/2024:09:37:39 -0500] "POST /sipse/faces/bienvenido.xhtml HTTP/1.1" 200 2073
156.59.198.135 - - [05/Jan/2024:09:37:40 -0500] "GET /BLA/resoluciones/RESOLUCIONES%202010/0219.pdf HTTP/1.0" 200 597464
200.118.16.147 - - [05/Jan/2024:09:37:42 -0500] "POST /sipse/faces/bienvenido.xhtml HTTP/1.1" 200 39019
200.118.16.147 - - [05/Jan/2024:09:37:42 -0500] "GET /sipse/faces/javax.faces.resource/theme.css?ln=primefaces-sipse HTTP/1.1" 304 -
200.118.16.147 - - [05/Jan/2024:09:37:42 -0500] "GET /sipse/faces/javax.faces.resource/primefaces.css?ln=primefaces&v=4.0 HTTP/1.1" 304 -
200.118.16.147 - - [05/Jan/2024:09:37:42 -0500] "GET /sipse/faces/javax.faces.resource/layout/layout.css?ln=primefaces&v=4.0 HTTP/1.1" 304 -
200.118.16.147 - - [05/Jan/2024:09:37:42 -0500] "GET /sipse/faces/javax.faces.resource/jquery/jquery.js?ln=primefaces&v=4.0 HTTP/1.1" 304 -
200.118.16.147 - - [05/Jan/2024:09:37:42 -0500] "GET /sipse/faces/javax.faces.resource/jquery/jquery-plugins.js?ln=primefaces&v=4.0 HTTP/1.1" 304 -
200.118.16.147 - - [05/Jan/2024:09:37:42 -0500] "GET /sipse/faces/javax.faces.resource/primefaces.js?ln=primefaces&v=4.0 HTTP/1.1" 304 -
200.118.16.147 - - [05/Jan/2024:09:37:43 -0500] "GET /sipse/faces/javax.faces.resource/layout/layout.js?ln=primefaces&v=4.0 HTTP/1.1" 304 -
172.22.2.4 - - [05/Jan/2024:09:36:19 -0500] "GET /BLA/boletinlegal/ HTTP/1.1" 200 58567
156.59.198.136 - - [05/Jan/2024:09:38:03 -0500] "GET /BLA/resoluciones/RESOLUCIONES%202010/0469.pdf HTTP/1.0" 200 106666
200.118.16.147 - - [05/Jan/2024:09:38:14 -0500] "POST /sipse/faces/presentacion/financiero/solicitudProceso/consultar.xhtml HTTP/1.1" 200 12910
200.118.16.147 - - [05/Jan/2024:09:38:16 -0500] "POST /sipse/faces/presentacion/financiero/solicitudProceso/consultar.xhtml HTTP/1.1" 200 151227
200.118.16.147 - - [05/Jan/2024:09:38:16 -0500] "GET /sipse/faces/javax.faces.resource/theme.css?ln=primefaces-sipse HTTP/1.1" 304 -
200.118.16.147 - - [05/Jan/2024:09:38:16 -0500] "GET /sipse/faces/javax.faces.resource/primefaces.css?ln=primefaces&v=4.0 HTTP/1.1" 304 -
200.118.16.147 - - [05/Jan/2024:09:38:16 -0500] "GET /sipse/faces/javax.faces.resource/layout/layout.css?ln=primefaces&v=4.0 HTTP/1.1" 304 -
200.118.16.147 - - [05/Jan/2024:09:38:16 -0500] "GET /sipse/faces/javax.faces.resource/jquery/jquery.js?ln=primefaces&v=4.0 HTTP/1.1" 304 -
200.118.16.147 - - [05/Jan/2024:09:38:16 -0500] "GET /sipse/faces/javax.faces.resource/jquery/jquery-plugins.js?ln=primefaces&v=4.0 HTTP/1.1" 304 -
200.118.16.147 - - [05/Jan/2024:09:38:16 -0500] "GET /sipse/faces/javax.faces.resource/primefaces.js?ln=primefaces&v=4.0 HTTP/1.1" 304 -
200.118.16.147 - - [05/Jan/2024:09:38:16 -0500] "GET /sipse/faces/javax.faces.resource/layout/layout.js?ln=primefaces&v=4.0 HTTP/1.1" 304 -
191.95.50.179 - - [05/Jan/2024:09:38:22 -0500] "GET /BLA/resoluciones/AUTOS%202011/7687.pdf HTTP/1.1" 304 -
191.95.50.179 - - [05/Jan/2024:09:38:22 -0500] "GET /BLA/resoluciones/AUTOS%202011/7687.pdf HTTP/1.1" 206 182556
200.118.16.147 - - [05/Jan/2024:09:38:24 -0500] "POST /sipse/faces/presentacion/financiero/solicitudProceso/consultarSolicitudProceso.xhtml HTTP/1.1" 200 114774
156.59.198.135 - - [05/Jan/2024:09:38:27 -0500] "GET /BLA/resoluciones/RESOLUCIONES%202010/1613.pdf HTTP/1.0" 200 283191
156.59.198.136 - - [05/Jan/2024:09:38:51 -0500] "GET /BLA/resoluciones/RESOLUCIONES%202010/0468.pdf HTTP/1.0" 200 115666
156.59.198.135 - - [05/Jan/2024:09:39:15 -0500] "GET /BLA/resoluciones/RESOLUCIONES%202010/0302.pdf HTTP/1.0" 200 469251
201.245.192.253 - - [05/Jan/2024:09:39:21 -0500] "POST /kwsrmcab/Wsrmcab  HTTP/1.1" 200 36937
186.84.90.178 - - [05/Jan/2024:09:39:25 -0500] "POST /appsia/controlador HTTP/1.1" 200 5437
172.22.2.4 - - [05/Jan/2024:09:38:12 -0500] "GET /BLA/boletinlegal/ HTTP/1.1" 200 40907
186.84.90.178 - - [05/Jan/2024:09:39:27 -0500] "POST /appsia/controlador HTTP/1.1" 200 4799
201.245.192.253 - - [05/Jan/2024:09:39:29 -0500] "POST /kwsrmcab/Wsrmcab HTTP/1.1" 200 40648
156.59.198.136 - - [05/Jan/2024:09:39:40 -0500] "GET /BLA/resoluciones/RESOLUCIONES%202010/0779.pdf HTTP/1.0" 200 122144
186.84.90.178 - - [05/Jan/2024:09:39:44 -0500] "POST /appsia/controlador HTTP/1.1" 200 5437
186.84.90.178 - - [05/Jan/2024:09:39:47 -0500] "POST /appsia/controlador HTTP/1.1" 200 9435
186.84.90.178 - - [05/Jan/2024:09:39:50 -0500] "POST /appsia/controlador HTTP/1.1" 200 5437
156.59.198.135 - - [05/Jan/2024:09:40:05 -0500] "GET /BLA/resoluciones/RESOLUCIONES%202010/1337.pdf HTTP/1.0" 200 429365
172.22.2.4 - - [05/Jan/2024:09:38:46 -0500] "GET /BLA/boletinlegal/ HTTP/1.1" 200 45003
201.245.192.253 - - [05/Jan/2024:09:40:14 -0500] "POST /kwsrmcab/Wsrmcab HTTP/1.1" 200 36387
156.59.198.135 - - [05/Jan/2024:09:40:28 -0500] "GET /BLA/resoluciones/RESOLUCIONES%202010/0339.pdf HTTP/1.0" 200 536723
216.245.221.92 - - [05/Jan/2024:09:40:41 -0500] "HEAD / HTTP/1.1" 200 -
156.59.198.135 - - [05/Jan/2024:09:40:53 -0500] "GET /BLA/resoluciones/RESOLUCIONES%202010/0962.pdf HTTP/1.0" 200 434483
172.22.2.4 - - [05/Jan/2024:09:39:46 -0500] "GET /BLA/boletinlegal/ HTTP/1.1" 200 53195
156.59.198.136 - - [05/Jan/2024:09:41:16 -0500] "GET /BLA/resoluciones/RESOLUCIONES%202010/1617.pdf HTTP/1.0" 200 729859
156.59.198.135 - - [05/Jan/2024:09:41:41 -0500] "GET /BLA/resoluciones/RESOLUCIONES%202010/1076.pdf HTTP/1.0" 200 113734
79.32.67.200 - - [05/Jan/2024:09:41:48 -0500] "-" 408 -
156.59.198.136 - - [05/Jan/2024:09:42:05 -0500] "GET /BLA/resoluciones/RESOLUCIONES%202010/1353.pdf HTTP/1.0" 200 345074
156.59.198.135 - - [05/Jan/2024:09:42:31 -0500] "GET /BLA/resoluciones/RESOLUCIONES%202010/0044.pdf HTTP/1.0" 200 515398
156.59.198.135 - - [05/Jan/2024:09:42:55 -0500] "GET /BLA/resoluciones/RESOLUCIONES%202010/0719.pdf HTTP/1.0" 200 104134
172.22.2.4 - - [05/Jan/2024:09:41:18 -0500] "HEAD /BLA/boletinlegal/ HTTP/1.1" 200 -
186.169.220.10 - - [05/Jan/2024:09:43:19 -0500] "GET /kwssiamovil/sm/acme/u?s=U2FsdGVkX19/OrAs0mxxvMOD6r0hky/dUdW40O6atMTPRn86Oke2U833H9R0k6AX2aCLoqWPp5IjX6c1oOT9kI1KvBjJPovQCpORjyNGg3DQ1n8AM5hlfteCNbDJafvuPzpso59322d2E5yPjyt4UDctmsvIeYaLVfKGMlZcbSs=&u=U2FsdGVkX1+giAcZs/BwU8Znd4uP6PTu1sf2vNiapoY=&y=U2FsdGVkX19KTsGc/OS0u2QUmJMCDggWT6FEdEx3Lug10ZxGa0/BRVOjq5TXyZ02 HTTP/1.1" 200 60
156.59.198.136 - - [05/Jan/2024:09:43:19 -0500] "GET /BLA/resoluciones/RESOLUCIONES%202010/0070.pdf HTTP/1.0" 200 497565
156.59.198.136 - - [05/Jan/2024:09:43:43 -0500] "GET /BLA/resoluciones/RESOLUCIONES%202010/1016.pdf HTTP/1.0" 200 99501
172.22.2.4 - - [05/Jan/2024:09:42:09 -0500] "GET /BLA/boletinlegal/ HTTP/1.1" 200 58567
201.245.250.41 - - [05/Jan/2024:09:43:59 -0500] "GET /appsia/controlador HTTP/1.1" 200 4799
52.167.144.223 - - [05/Jan/2024:09:44:03 -0500] "GET /BLA/resoluciones/RESOLUCIONES%202023/02010.pdf HTTP/1.1" 200 3161824
186.84.89.206 - - [05/Jan/2024:09:44:06 -0500] "GET /distrito-exalta-48-arboles-patrimoniales-y-15-de-interes-publico-en-bogota.html HTTP/1.1" 200 816
156.59.198.135 - - [05/Jan/2024:09:44:07 -0500] "GET /BLA/resoluciones/RESOLUCIONES%202010/0716.pdf HTTP/1.0" 200 107560
201.245.250.41 - - [05/Jan/2024:09:44:09 -0500] "POST /appsia/controlador HTTP/1.1" 200 5437
201.245.250.41 - - [05/Jan/2024:09:44:16 -0500] "POST /appsia/controlador HTTP/1.1" 200 7771
201.245.250.41 - - [05/Jan/2024:09:44:21 -0500] "POST /appsia/controlador HTTP/1.1" 200 6644
201.245.192.253 - - [05/Jan/2024:09:44:20 -0500] "POST /kwsrmcab/Wsrmcab  HTTP/1.1" 200 36937
201.245.250.41 - - [05/Jan/2024:09:44:23 -0500] "POST /appsia/controlador HTTP/1.1" 200 10985
201.245.250.41 - - [05/Jan/2024:09:44:30 -0500] "POST /appsia/controlador HTTP/1.1" 200 7771
156.59.198.136 - - [05/Jan/2024:09:44:31 -0500] "GET /BLA/resoluciones/RESOLUCIONES%202010/1671.pdf HTTP/1.0" 200 105182
201.245.250.41 - - [05/Jan/2024:09:44:37 -0500] "POST /appsia/controlador HTTP/1.1" 200 6644
201.245.250.41 - - [05/Jan/2024:09:44:38 -0500] "POST /appsia/controlador HTTP/1.1" 200 10985
156.59.198.135 - - [05/Jan/2024:09:44:55 -0500] "GET /BLA/resoluciones/RESOLUCIONES%202010/0113.pdf HTTP/1.0" 200 492542
201.245.192.253 - - [05/Jan/2024:09:44:58 -0500] "GET /appsia/controlador HTTP/1.1" 200 4799
186.98.6.172 - - [05/Jan/2024:09:45:02 -0500] "GET /appsia/controlador HTTP/1.1" 200 4799
186.98.6.172 - - [05/Jan/2024:09:45:02 -0500] "GET /appsia/css/estilos.css HTTP/1.1" 200 4804
186.98.6.172 - - [05/Jan/2024:09:45:02 -0500] "GET /appsia/scripts/validarIngreso.js HTTP/1.1" 200 851
186.98.6.172 - - [05/Jan/2024:09:45:02 -0500] "GET /appsia/images/logo_bogota_p.png HTTP/1.1" 200 14951
186.98.6.172 - - [05/Jan/2024:09:45:02 -0500] "GET /appsia/images/cabezoteHojaVida.png HTTP/1.1" 200 32493
186.98.6.172 - - [05/Jan/2024:09:45:03 -0500] "GET /favicon.ico HTTP/1.1" 200 7782
156.59.198.136 - - [05/Jan/2024:09:45:20 -0500] "GET /BLA/resoluciones/RESOLUCIONES%202010/1717.pdf HTTP/1.0" 200 400774
201.245.192.253 - - [05/Jan/2024:09:45:24 -0500] "POST /appsia/controlador HTTP/1.1" 200 5437
201.245.192.253 - - [05/Jan/2024:09:45:30 -0500] "POST /appsia/controlador HTTP/1.1" 200 7731
200.118.16.147 - - [05/Jan/2024:09:45:31 -0500] "POST /sipse/faces/presentacion/financiero/solicitudProceso/consultarSolicitudProceso.xhtml HTTP/1.1" 200 42154
200.118.16.147 - - [05/Jan/2024:09:45:31 -0500] "GET /sipse/faces/javax.faces.resource/theme.css?ln=primefaces-sipse HTTP/1.1" 304 -
200.118.16.147 - - [05/Jan/2024:09:45:31 -0500] "GET /sipse/faces/javax.faces.resource/primefaces.css?ln=primefaces&v=4.0 HTTP/1.1" 304 -
200.118.16.147 - - [05/Jan/2024:09:45:31 -0500] "GET /sipse/faces/javax.faces.resource/layout/layout.css?ln=primefaces&v=4.0 HTTP/1.1" 304 -
200.118.16.147 - - [05/Jan/2024:09:45:31 -0500] "GET /sipse/faces/javax.faces.resource/jquery/jquery.js?ln=primefaces&v=4.0 HTTP/1.1" 304 -
200.118.16.147 - - [05/Jan/2024:09:45:31 -0500] "GET /sipse/faces/javax.faces.resource/jquery/jquery-plugins.js?ln=primefaces&v=4.0 HTTP/1.1" 304 -
200.118.16.147 - - [05/Jan/2024:09:45:31 -0500] "GET /sipse/css/imagen/contrasena.png HTTP/1.1" 404 383
200.118.16.147 - - [05/Jan/2024:09:45:31 -0500] "GET /sipse/faces/javax.faces.resource/primefaces.js?ln=primefaces&v=4.0 HTTP/1.1" 304 -
200.118.16.147 - - [05/Jan/2024:09:45:31 -0500] "GET /sipse/faces/javax.faces.resource/layout/layout.js?ln=primefaces&v=4.0 HTTP/1.1" 304 -
200.118.16.147 - - [05/Jan/2024:09:45:31 -0500] "POST /sipse/faces/presentacion/financiero/solicitudProceso/consultar.xhtml HTTP/1.1" 200 35514
200.118.16.147 - - [05/Jan/2024:09:45:31 -0500] "POST /sipse/faces/presentacion/financiero/solicitudProceso/consultar.xhtml HTTP/1.1" 200 35514
201.245.192.253 - - [05/Jan/2024:09:45:30 -0500] "GET /appsia/images/logo_escudo.png HTTP/1.1" 200 36965
200.118.16.147 - - [05/Jan/2024:09:45:35 -0500] "POST /sipse/faces/presentacion/financiero/solicitudProceso/consultar.xhtml HTTP/1.1" 200 12876
200.118.16.147 - - [05/Jan/2024:09:45:37 -0500] "POST /sipse/faces/presentacion/financiero/solicitudProceso/consultar.xhtml HTTP/1.1" 200 147762
200.118.16.147 - - [05/Jan/2024:09:45:37 -0500] "GET /sipse/faces/javax.faces.resource/theme.css?ln=primefaces-sipse HTTP/1.1" 304 -
200.118.16.147 - - [05/Jan/2024:09:45:37 -0500] "GET /sipse/faces/javax.faces.resource/primefaces.css?ln=primefaces&v=4.0 HTTP/1.1" 304 -
200.118.16.147 - - [05/Jan/2024:09:45:37 -0500] "GET /sipse/faces/javax.faces.resource/layout/layout.css?ln=primefaces&v=4.0 HTTP/1.1" 304 -
200.118.16.147 - - [05/Jan/2024:09:45:37 -0500] "GET /sipse/faces/javax.faces.resource/jquery/jquery.js?ln=primefaces&v=4.0 HTTP/1.1" 304 -
200.118.16.147 - - [05/Jan/2024:09:45:37 -0500] "GET /sipse/faces/javax.faces.resource/jquery/jquery-plugins.js?ln=primefaces&v=4.0 HTTP/1.1" 304 -
200.118.16.147 - - [05/Jan/2024:09:45:37 -0500] "GET /sipse/faces/javax.faces.resource/primefaces.js?ln=primefaces&v=4.0 HTTP/1.1" 304 -
200.118.16.147 - - [05/Jan/2024:09:45:37 -0500] "GET /sipse/faces/javax.faces.resource/layout/layout.js?ln=primefaces&v=4.0 HTTP/1.1" 304 -
200.118.16.147 - - [05/Jan/2024:09:45:37 -0500] "GET /sipse/css/imagen/contrasena.png HTTP/1.1" 404 383
200.118.16.147 - - [05/Jan/2024:09:45:41 -0500] "POST /sipse/faces/presentacion/financiero/solicitudProceso/consultarSolicitudProceso.xhtml HTTP/1.1" 200 118040
216.245.221.92 - - [05/Jan/2024:09:45:41 -0500] "HEAD / HTTP/1.1" 200 -
156.59.198.135 - - [05/Jan/2024:09:45:43 -0500] "GET /BLA/resoluciones/RESOLUCIONES%202010/0056.pdf HTTP/1.0" 200 518913
186.98.6.172 - - [05/Jan/2024:09:45:57 -0500] "POST /appsia/controlador HTTP/1.1" 200 3599
186.98.6.172 - - [05/Jan/2024:09:45:58 -0500] "GET /appsia/jscripts/validarSolicitud.js HTTP/1.1" 404 68
172.22.2.4 - - [05/Jan/2024:09:45:59 -0500] "GET /BLA/boletinlegal/node_modules/.git/config HTTP/1.1" 404 1018
156.59.198.136 - - [05/Jan/2024:09:46:08 -0500] "GET /BLA/resoluciones/RESOLUCIONES%202010/1570.pdf HTTP/1.0" 200 502987
186.98.6.172 - - [05/Jan/2024:09:46:10 -0500] "POST /appsia/controlador HTTP/1.1" 200 4799
201.245.192.253 - - [05/Jan/2024:09:46:16 -0500] "GET /appsia/controlador HTTP/1.1" 200 4799
201.245.192.253 - - [05/Jan/2024:09:46:16 -0500] "GET /appsia/css/estilos.css HTTP/1.1" 200 4804
201.245.192.253 - - [05/Jan/2024:09:46:16 -0500] "GET /appsia/scripts/validarIngreso.js HTTP/1.1" 200 851
201.245.192.253 - - [05/Jan/2024:09:46:16 -0500] "GET /appsia/images/logo_bogota_p.png HTTP/1.1" 200 14951
201.245.192.253 - - [05/Jan/2024:09:46:16 -0500] "GET /appsia/images/cabezoteHojaVida.png HTTP/1.1" 200 32493
201.245.192.253 - - [05/Jan/2024:09:46:17 -0500] "GET /favicon.ico HTTP/1.1" 200 7782
172.22.2.4 - - [05/Jan/2024:09:46:20 -0500] "GET /BLA/boletinlegal/style.css HTTP/1.1" 200 9406
172.22.2.4 - - [05/Jan/2024:09:46:20 -0500] "GET /BLA/boletinlegal/styles2.css HTTP/1.1" 200 1838
172.22.2.4 - - [05/Jan/2024:09:46:20 -0500] "GET /BLA/boletinlegal/js/jquery.js HTTP/1.1" 200 57254
172.22.2.4 - - [05/Jan/2024:09:46:20 -0500] "GET /BLA/boletinlegal/js/jquery.scrollTo-min.js HTTP/1.1" 200 1150
172.22.2.4 - - [05/Jan/2024:09:46:20 -0500] "GET /BLA/boletinlegal/js/jquery.scrollShow.js HTTP/1.1" 200 4586
172.22.2.4 - - [05/Jan/2024:09:46:20 -0500] "GET /BLA/boletinlegal/images/cabezote%20BLEGAL.jpg HTTP/1.1" 200 118164
172.22.2.4 - - [05/Jan/2024:09:46:20 -0500] "GET /BLA/boletinlegal/images/screen_1.png HTTP/1.1" 200 202547
172.22.2.4 - - [05/Jan/2024:09:46:20 -0500] "GET /BLA/boletinlegal/images/subscribe-icon-big.png HTTP/1.1" 200 47702
172.22.2.4 - - [05/Jan/2024:09:46:20 -0500] "GET /BLA/boletinlegal/images/registro-usuarios.png HTTP/1.1" 200 8106
172.22.2.4 - - [05/Jan/2024:09:46:20 -0500] "GET /BLA/boletinlegal/images/historia.png HTTP/1.1" 200 52775
172.22.2.4 - - [05/Jan/2024:09:46:20 -0500] "GET /BLA/boletinlegal/images/arr_l.jpg HTTP/1.1" 200 1979
172.22.2.4 - - [05/Jan/2024:09:46:20 -0500] "GET /BLA/boletinlegal/images/body_bg.jpg HTTP/1.1" 200 1601
172.22.2.4 - - [05/Jan/2024:09:46:20 -0500] "GET /BLA/boletinlegal/images/menu_lft.gif HTTP/1.1" 200 1713
172.22.2.4 - - [05/Jan/2024:09:46:20 -0500] "GET /BLA/boletinlegal/images/menu_rght.gif HTTP/1.1" 200 1627
172.22.2.4 - - [05/Jan/2024:09:46:20 -0500] "GET /BLA/boletinlegal/images/bg_top.jpg HTTP/1.1" 200 522
172.22.2.4 - - [05/Jan/2024:09:46:20 -0500] "GET /BLA/boletinlegal/images/text.jpg HTTP/1.1" 200 568
172.22.2.4 - - [05/Jan/2024:09:46:20 -0500] "GET /BLA/boletinlegal/images/menu_bg.jpg HTTP/1.1" 200 620
172.22.2.4 - - [05/Jan/2024:09:46:20 -0500] "GET /BLA/boletinlegal/images/launch.jpg HTTP/1.1" 200 14577
172.22.2.4 - - [05/Jan/2024:09:46:20 -0500] "GET /BLA/boletinlegal/images/hover.jpg HTTP/1.1" 200 640
172.22.2.4 - - [05/Jan/2024:09:46:24 -0500] "GET /BLA/boletinlegal/actos.php HTTP/1.1" 200 9648
172.22.2.4 - - [05/Jan/2024:09:46:24 -0500] "GET /BLA/boletinlegal/js/ajax_actos.js HTTP/1.1" 200 1322
172.22.2.4 - - [05/Jan/2024:09:46:24 -0500] "GET /BLA/boletinlegal/niceforms.js HTTP/1.1" 200 22876
172.22.2.4 - - [05/Jan/2024:09:46:24 -0500] "GET /BLA/boletinlegal/niceforms-default.css HTTP/1.1" 200 6694
172.22.2.4 - - [05/Jan/2024:09:46:24 -0500] "GET /BLA/boletinlegal/js/jquery1.js HTTP/1.1" 200 29846
172.22.2.4 - - [05/Jan/2024:09:46:24 -0500] "GET /BLA/boletinlegal/js/lib.js HTTP/1.1" 200 6474
172.22.2.4 - - [05/Jan/2024:09:46:24 -0500] "GET /BLA/boletinlegal/js/popup.js HTTP/1.1" 200 1270
172.22.2.4 - - [05/Jan/2024:09:46:24 -0500] "GET /BLA/boletinlegal/images/green-yellow-blue-pink-th.png HTTP/1.1" 200 7394
172.22.2.4 - - [05/Jan/2024:09:46:24 -0500] "GET /BLA/boletinlegal/images/tel.png HTTP/1.1" 200 14477
172.22.2.4 - - [05/Jan/2024:09:46:24 -0500] "GET /BLA/boletinlegal/images/icono-email.png HTTP/1.1" 200 5544
172.22.2.4 - - [05/Jan/2024:09:46:24 -0500] "GET /BLA/boletinlegal/images/footer_bg_l.jpg HTTP/1.1" 200 776
172.22.2.4 - - [05/Jan/2024:09:46:24 -0500] "GET /BLA/boletinlegal/images/footer_bg.jpg HTTP/1.1" 200 586
172.22.2.4 - - [05/Jan/2024:09:46:24 -0500] "GET /BLA/boletinlegal/img/0.png HTTP/1.1" 200 110
172.22.2.4 - - [05/Jan/2024:09:46:24 -0500] "GET /BLA/boletinlegal/img/select-right.png HTTP/1.1" 200 44019
172.22.2.4 - - [05/Jan/2024:09:46:24 -0500] "GET /BLA/boletinlegal/img/button-left.png HTTP/1.1" 200 57071
172.22.2.4 - - [05/Jan/2024:09:46:24 -0500] "GET /BLA/boletinlegal/img/select-left.png HTTP/1.1" 200 263
172.22.2.4 - - [05/Jan/2024:09:46:24 -0500] "GET /BLA/boletinlegal/img/button-right.png HTTP/1.1" 200 57878
172.22.2.4 - - [05/Jan/2024:09:46:24 -0500] "GET /BLA/boletinlegal/img/button.png HTTP/1.1" 200 43241
172.22.2.4 - - [05/Jan/2024:09:46:24 -0500] "GET /BLA/boletinlegal/favicon.ico HTTP/1.1" 404 1326
201.245.192.253 - - [05/Jan/2024:09:46:29 -0500] "POST /appsia/controlador HTTP/1.1" 200 5437
201.245.192.253 - - [05/Jan/2024:09:46:33 -0500] "POST /appsia/controlador HTTP/1.1" 200 21065
201.245.192.253 - - [05/Jan/2024:09:46:33 -0500] "GET /appsia/images/logo_escudo.png HTTP/1.1" 200 36965
156.59.198.136 - - [05/Jan/2024:09:46:35 -0500] "GET /BLA/resoluciones/RESOLUCIONES%202010/0683.pdf HTTP/1.0" 200 128198
186.98.6.172 - - [05/Jan/2024:09:46:50 -0500] "POST /appsia/controlador HTTP/1.1" 200 3599
186.98.6.172 - - [05/Jan/2024:09:46:51 -0500] "GET /appsia/jscripts/validarSolicitud.js HTTP/1.1" 404 68
172.22.2.4 - - [05/Jan/2024:09:46:20 -0500] "GET /BLA/boletinlegal/ HTTP/1.1" 200 24523
186.98.6.172 - - [05/Jan/2024:09:46:54 -0500] "POST /appsia/controlador HTTP/1.1" 200 4799
52.167.144.200 - - [05/Jan/2024:09:46:56 -0500] "GET /forest/ HTTP/1.1" 200 12041
156.59.198.135 - - [05/Jan/2024:09:46:56 -0500] "GET /BLA/resoluciones/RESOLUCIONES%202010/1248.pdf HTTP/1.0" 200 109548
179.1.79.27 - - [05/Jan/2024:09:47:01 -0500] "GET / HTTP/1.1" 304 -
172.22.2.4 - - [05/Jan/2024:09:47:04 -0500] "GET /BLA/boletinlegal/consulta_actos.php?tipo=resoluciones&no=02805&usuario=&sector=&fecha=2023&resuelve= HTTP/1.1" 200 626
52.167.144.223 - - [05/Jan/2024:09:47:13 -0500] "GET /BLA/resoluciones/AUTOS%202020/2210.pdf HTTP/1.1" 200 345932
52.167.144.200 - - [05/Jan/2024:09:47:17 -0500] "GET /BLA/resoluciones/AUTOS%202020/4670.pdf HTTP/1.1" 200 381293
156.59.198.136 - - [05/Jan/2024:09:47:21 -0500] "GET /BLA/resoluciones/RESOLUCIONES%202010/1642.pdf HTTP/1.0" 200 435343
172.22.2.4 - - [05/Jan/2024:09:47:27 -0500] "GET /BLA/boletinlegal/consulta_actos.php?tipo=resoluciones&no=02805&usuario=&sector=SILVICULTURA&fecha=2023&resuelve= HTTP/1.1" 200 626
172.22.2.4 - - [05/Jan/2024:09:47:37 -0500] "GET /BLA/boletinlegal/private/.git/config HTTP/1.1" 404 1018
156.59.198.136 - - [05/Jan/2024:09:47:45 -0500] "GET /BLA/resoluciones/RESOLUCIONES%202010/0286.pdf HTTP/1.0" 200 535024
172.22.2.4 - - [05/Jan/2024:09:47:45 -0500] "GET /BLA/boletinlegal/consulta_actos.php?tipo=resoluciones&no=02805&usuario=&sector=AIRE&fecha=2023&resuelve= HTTP/1.1" 200 626
172.22.2.4 - - [05/Jan/2024:09:47:49 -0500] "GET /BLA/boletinlegal/consulta_actos.php?tipo=resoluciones&no=02805&usuario=&sector=SILVICULTURA&fecha=2023&resuelve= HTTP/1.1" 200 626
156.59.198.135 - - [05/Jan/2024:09:48:10 -0500] "GET /BLA/resoluciones/RESOLUCIONES%202010/1464.pdf HTTP/1.0" 200 434481
201.245.192.253 - - [05/Jan/2024:09:48:34 -0500] "GET /sipse/faces/faces/autenticacion.xhtml HTTP/1.1" 200 12724
201.245.192.253 - - [05/Jan/2024:09:48:34 -0500] "GET /sipse/faces/javax.faces.resource/layout/layout.css;jsessionid=aImmy2UHUekLnqMynmtajUSr.undefined?ln=primefaces&v=4.0 HTTP/1.1" 200 542
201.245.192.253 - - [05/Jan/2024:09:48:34 -0500] "GET /sipse/faces/javax.faces.resource/theme.css?ln=primefaces-sipse HTTP/1.1" 304 -
201.245.192.253 - - [05/Jan/2024:09:48:34 -0500] "GET /sipse/css/custom_css_sg_prime_login.css HTTP/1.1" 304 -
201.245.192.253 - - [05/Jan/2024:09:48:34 -0500] "GET /sipse/css/custom_css_sg.css HTTP/1.1" 304 -
201.245.192.253 - - [05/Jan/2024:09:48:34 -0500] "GET /sipse/js/disable_browser_buttons.js HTTP/1.1" 304 -
201.245.192.253 - - [05/Jan/2024:09:48:34 -0500] "GET /sipse/js/funciones.js HTTP/1.1" 304 -
201.245.192.253 - - [05/Jan/2024:09:48:34 -0500] "GET /sipse/faces/javax.faces.resource/primefaces.css;jsessionid=aImmy2UHUekLnqMynmtajUSr.undefined?ln=primefaces&v=4.0 HTTP/1.1" 200 53295
201.245.192.253 - - [05/Jan/2024:09:48:34 -0500] "GET /sipse/faces/javax.faces.resource/layout/layout.js;jsessionid=aImmy2UHUekLnqMynmtajUSr.undefined?ln=primefaces&v=4.0 HTTP/1.1" 200 87560
201.245.192.253 - - [05/Jan/2024:09:48:34 -0500] "GET /sipse/faces/javax.faces.resource/jquery/jquery.js;jsessionid=aImmy2UHUekLnqMynmtajUSr.undefined?ln=primefaces&v=4.0 HTTP/1.1" 200 105384
201.245.192.253 - - [05/Jan/2024:09:48:34 -0500] "GET /sipse/faces/javax.faces.resource/primefaces.js;jsessionid=aImmy2UHUekLnqMynmtajUSr.undefined?ln=primefaces&v=4.0 HTTP/1.1" 200 276924
201.245.192.253 - - [05/Jan/2024:09:48:34 -0500] "GET /sipse/faces/javax.faces.resource/jquery/jquery-plugins.js;jsessionid=aImmy2UHUekLnqMynmtajUSr.undefined?ln=primefaces&v=4.0 HTTP/1.1" 200 220526
201.245.192.253 - - [05/Jan/2024:09:48:34 -0500] "GET /sipse/css/imagen/logoSDG.png HTTP/1.1" 304 -
201.245.192.253 - - [05/Jan/2024:09:48:34 -0500] "GET /sipse/css/imagen/loginimg.png HTTP/1.1" 304 -
201.245.192.253 - - [05/Jan/2024:09:48:34 -0500] "GET /sipse/faces/javax.faces.resource/images/ui-icons_898989_256x240.png?ln=primefaces-aristo HTTP/1.1" 304 -
156.59.198.136 - - [05/Jan/2024:09:48:35 -0500] "GET /BLA/resoluciones/RESOLUCIONES%202010/1143.pdf HTTP/1.0" 200 114754
201.245.192.253 - - [05/Jan/2024:09:48:35 -0500] "GET /sipse/faces/faces/index.xhtml HTTP/1.1" 200 677
201.245.192.253 - - [05/Jan/2024:09:48:35 -0500] "GET /sipse/faces/javax.faces.resource/theme.css?ln=primefaces-sipse HTTP/1.1" 304 -
201.245.192.253 - - [05/Jan/2024:09:48:35 -0500] "GET /sipse/faces/faces/faces/autenticacion.xhtml HTTP/1.1" 200 12402
201.245.192.253 - - [05/Jan/2024:09:48:35 -0500] "GET /sipse/faces/javax.faces.resource/theme.css?ln=primefaces-sipse HTTP/1.1" 304 -
201.245.192.253 - - [05/Jan/2024:09:48:35 -0500] "GET /sipse/faces/javax.faces.resource/primefaces.css?ln=primefaces&v=4.0 HTTP/1.1" 304 -
201.245.192.253 - - [05/Jan/2024:09:48:35 -0500] "GET /sipse/faces/javax.faces.resource/layout/layout.css?ln=primefaces&v=4.0 HTTP/1.1" 304 -
201.245.192.253 - - [05/Jan/2024:09:48:35 -0500] "GET /sipse/faces/javax.faces.resource/primefaces.js?ln=primefaces&v=4.0 HTTP/1.1" 304 -
201.245.192.253 - - [05/Jan/2024:09:48:35 -0500] "GET /sipse/faces/javax.faces.resource/jquery/jquery-plugins.js?ln=primefaces&v=4.0 HTTP/1.1" 304 -
201.245.192.253 - - [05/Jan/2024:09:48:35 -0500] "GET /sipse/faces/javax.faces.resource/layout/layout.js?ln=primefaces&v=4.0 HTTP/1.1" 304 -
201.245.192.253 - - [05/Jan/2024:09:48:35 -0500] "GET /sipse/faces/javax.faces.resource/jquery/jquery.js?ln=primefaces&v=4.0 HTTP/1.1" 304 -
201.245.192.253 - - [05/Jan/2024:09:48:38 -0500] "POST /sipse/faces/autenticacion.xhtml HTTP/1.1" 200 11188
201.245.192.253 - - [05/Jan/2024:09:48:38 -0500] "GET /sipse/css/custom_css_sg_prime.css HTTP/1.1" 304 -
201.245.192.253 - - [05/Jan/2024:09:48:38 -0500] "GET /sipse/faces/javax.faces.resource/theme.css?ln=primefaces-sipse HTTP/1.1" 304 -
201.245.192.253 - - [05/Jan/2024:09:48:38 -0500] "GET /sipse/faces/javax.faces.resource/primefaces.css?ln=primefaces&v=4.0 HTTP/1.1" 304 -
201.245.192.253 - - [05/Jan/2024:09:48:38 -0500] "GET /sipse/faces/javax.faces.resource/layout/layout.css?ln=primefaces&v=4.0 HTTP/1.1" 304 -
201.245.192.253 - - [05/Jan/2024:09:48:38 -0500] "GET /sipse/faces/javax.faces.resource/jquery/jquery.js?ln=primefaces&v=4.0 HTTP/1.1" 304 -
201.245.192.253 - - [05/Jan/2024:09:48:38 -0500] "GET /sipse/faces/javax.faces.resource/jquery/jquery-plugins.js?ln=primefaces&v=4.0 HTTP/1.1" 304 -
