190.90.132.140 - - [05/Jan/2024:12:37:38 -0500] "GET /sipse/faces/javax.faces.resource/layout/layout.js?ln=primefaces&v=4.0 HTTP/1.1" 304 -
190.90.132.140 - - [05/Jan/2024:12:37:39 -0500] "POST /sipse/faces/presentacion/financiero/solicitudProceso/listarSolicitudProceso.xhtml HTTP/1.1" 200 1556
190.90.132.140 - - [05/Jan/2024:12:37:42 -0500] "POST /sipse/faces/presentacion/financiero/solicitudProceso/listarSolicitudProceso.xhtml HTTP/1.1" 200 2829
190.90.132.140 - - [05/Jan/2024:12:37:43 -0500] "POST /sipse/faces/presentacion/financiero/solicitudProceso/listarSolicitudProceso.xhtml HTTP/1.1" 200 3877
190.90.132.140 - - [05/Jan/2024:12:37:44 -0500] "POST /sipse/faces/presentacion/financiero/solicitudProceso/listarSolicitudProceso.xhtml HTTP/1.1" 200 40770
190.90.132.140 - - [05/Jan/2024:12:37:44 -0500] "GET /sipse/faces/javax.faces.resource/jquery/jquery.js?ln=primefaces&v=4.0 HTTP/1.1" 304 -
190.90.132.140 - - [05/Jan/2024:12:37:45 -0500] "GET /sipse/faces/javax.faces.resource/jquery/jquery-plugins.js?ln=primefaces&v=4.0 HTTP/1.1" 304 -
190.90.132.140 - - [05/Jan/2024:12:37:45 -0500] "GET /sipse/faces/javax.faces.resource/primefaces.js?ln=primefaces&v=4.0 HTTP/1.1" 304 -
190.90.132.140 - - [05/Jan/2024:12:37:45 -0500] "GET /sipse/faces/javax.faces.resource/layout/layout.js?ln=primefaces&v=4.0 HTTP/1.1" 304 -
190.90.132.140 - - [05/Jan/2024:12:37:45 -0500] "POST /sipse/faces/presentacion/financiero/solicitudProceso/consultar.xhtml HTTP/1.1" 200 34137
190.90.132.140 - - [05/Jan/2024:12:37:49 -0500] "POST /sipse/faces/presentacion/financiero/solicitudProceso/consultar.xhtml HTTP/1.1" 200 12691
201.245.192.253 - - [05/Jan/2024:12:37:50 -0500] "POST /sipse/faces/presentacion/parametrica/generales/listarGenerales.xhtml HTTP/1.1" 200 66627
201.245.192.253 - - [05/Jan/2024:12:37:51 -0500] "POST /sipse/faces/presentacion/parametrica/generales/listarGenerales.xhtml HTTP/1.1" 200 127422
201.245.192.253 - - [05/Jan/2024:12:37:51 -0500] "POST /sipse/faces/presentacion/parametrica/generales/listarGenerales.xhtml HTTP/1.1" 200 127422
190.90.132.140 - - [05/Jan/2024:12:37:51 -0500] "POST /sipse/faces/presentacion/financiero/solicitudProceso/consultar.xhtml HTTP/1.1" 200 126426
190.90.132.140 - - [05/Jan/2024:12:37:52 -0500] "GET /sipse/faces/javax.faces.resource/jquery/jquery.js?ln=primefaces&v=4.0 HTTP/1.1" 304 -
190.90.132.140 - - [05/Jan/2024:12:37:52 -0500] "GET /sipse/faces/javax.faces.resource/jquery/jquery-plugins.js?ln=primefaces&v=4.0 HTTP/1.1" 304 -
201.245.192.253 - - [05/Jan/2024:12:37:52 -0500] "POST /sipse/faces/presentacion/parametrica/generales/listarGenerales.xhtml HTTP/1.1" 200 79341
190.90.132.140 - - [05/Jan/2024:12:37:52 -0500] "GET /sipse/faces/javax.faces.resource/primefaces.js?ln=primefaces&v=4.0 HTTP/1.1" 304 -
190.90.132.140 - - [05/Jan/2024:12:37:52 -0500] "GET /sipse/faces/javax.faces.resource/layout/layout.js?ln=primefaces&v=4.0 HTTP/1.1" 304 -
190.102.125.99 - - [05/Jan/2024:12:37:52 -0500] "GET /appsia/controlador HTTP/1.1" 200 4799
201.245.192.253 - - [05/Jan/2024:12:37:52 -0500] "GET /sipse/faces/javax.faces.resource/jquery/jquery.js?ln=primefaces&v=4.0 HTTP/1.1" 304 -
201.245.192.253 - - [05/Jan/2024:12:37:52 -0500] "GET /sipse/faces/javax.faces.resource/jquery/jquery-plugins.js?ln=primefaces&v=4.0 HTTP/1.1" 304 -
201.245.192.253 - - [05/Jan/2024:12:37:52 -0500] "GET /sipse/faces/javax.faces.resource/primefaces.js?ln=primefaces&v=4.0 HTTP/1.1" 304 -
201.245.192.253 - - [05/Jan/2024:12:37:52 -0500] "GET /sipse/faces/javax.faces.resource/layout/layout.js?ln=primefaces&v=4.0 HTTP/1.1" 304 -
201.245.192.253 - - [05/Jan/2024:12:37:52 -0500] "POST /sipse/faces/presentacion/parametrica/funcionario/consultarFuncionario.xhtml HTTP/1.1" 200 72692
52.167.144.225 - - [05/Jan/2024:12:37:53 -0500] "GET /BLA/resoluciones/AUTOS%202020/3820.pdf HTTP/1.1" 200 405060
156.59.198.136 - - [05/Jan/2024:12:37:53 -0500] "GET /BLA/resoluciones/RESOLUCIONES%202010/5810.pdf HTTP/1.0" 200 304342
190.102.125.99 - - [05/Jan/2024:12:37:56 -0500] "POST /appsia/controlador HTTP/1.1" 200 5437
172.22.2.4 - - [05/Jan/2024:12:36:18 -0500] "HEAD /BLA/boletinlegal/ HTTP/1.1" 200 -
190.102.125.99 - - [05/Jan/2024:12:37:58 -0500] "POST /appsia/controlador HTTP/1.1" 200 23887
190.90.132.140 - - [05/Jan/2024:12:38:01 -0500] "POST /sipse/faces/presentacion/financiero/solicitudProceso/consultarSolicitudProceso.xhtml HTTP/1.1" 200 121104
172.22.2.4 - - [05/Jan/2024:12:38:09 -0500] "GET /BLA/boletinlegal/consulta_actos.php?tipo=resoluciones&no=1756&usuario=&sector=&fecha=2020&resuelve= HTTP/1.1" 200 626
172.22.2.4 - - [05/Jan/2024:12:38:13 -0500] "GET /BLA/boletinlegal/consulta_actos.php?tipo=resoluciones&no=1756&usuario=&sector=&fecha=2020&resuelve= HTTP/1.1" 200 626
201.245.192.253 - - [05/Jan/2024:12:38:14 -0500] "GET /BLA/resoluciones/ HTTP/1.1" 200 13696
156.59.198.136 - - [05/Jan/2024:12:38:18 -0500] "GET /BLA/resoluciones/RESOLUCIONES%202010/5812.pdf HTTP/1.0" 200 81112
190.90.132.140 - - [05/Jan/2024:12:38:27 -0500] "POST /sipse/faces/presentacion/financiero/solicitudProceso/consultarSolicitudProceso.xhtml HTTP/1.1" 200 121104
190.90.132.140 - - [05/Jan/2024:12:38:31 -0500] "POST /sipse/faces/presentacion/financiero/solicitudProceso/consultarSolicitudProceso.xhtml HTTP/1.1" 200 121104
201.245.192.253 - - [05/Jan/2024:12:38:33 -0500] "POST /kwsrmcab/Wsrmcab  HTTP/1.1" 200 36937
156.59.198.135 - - [05/Jan/2024:12:38:42 -0500] "GET /BLA/resoluciones/RESOLUCIONES%202010/5705.pdf HTTP/1.0" 200 80354
172.22.2.4 - - [05/Jan/2024:12:37:09 -0500] "GET /BLA/boletinlegal/ HTTP/1.1" 200 58567
156.59.198.135 - - [05/Jan/2024:12:39:06 -0500] "GET /BLA/resoluciones/RESOLUCIONES%202010/5314.pdf HTTP/1.0" 200 755333
173.252.111.14 - - [05/Jan/2024:12:39:21 -0500] "GET /images/arbol%20centro.jpg HTTP/1.1" 200 69467
173.252.111.118 - - [05/Jan/2024:12:39:21 -0500] "GET /images/terrazas%20verdes.jpg HTTP/1.1" 200 63951
173.252.111.3 - - [05/Jan/2024:12:39:21 -0500] "GET /images/reconocimiento%20practicas%20ambientales.jpg HTTP/1.1" 200 63397
173.252.111.3 - - [05/Jan/2024:12:39:21 -0500] "GET /images/Aves%20SDA.jpeg HTTP/1.1" 200 75104
173.252.111.6 - - [05/Jan/2024:12:39:21 -0500] "GET /images/participacion%2019-12-23.jpg HTTP/1.1" 200 73861
173.252.111.116 - - [05/Jan/2024:12:39:21 -0500] "GET /images/agua%20bogota.jpg HTTP/1.1" 200 74348
173.252.111.117 - - [05/Jan/2024:12:39:28 -0500] "GET /images/calidad-aire.jpg HTTP/1.1" 200 42421
156.59.198.135 - - [05/Jan/2024:12:39:31 -0500] "GET /BLA/resoluciones/RESOLUCIONES%202010/5588.pdf HTTP/1.0" 200 227500
201.245.192.253 - - [05/Jan/2024:12:39:29 -0500] "POST /kwsrmcab/Wsrmcab HTTP/1.1" 200 40273
156.59.198.135 - - [05/Jan/2024:12:39:55 -0500] "GET /BLA/resoluciones/RESOLUCIONES%202010/5547.pdf HTTP/1.0" 200 354063
157.55.39.51 - - [05/Jan/2024:12:40:00 -0500] "GET /portaldeninos/wp-content/uploads/2020/03/arbolitos.gif HTTP/1.1" 200 1515203
201.245.192.253 - - [05/Jan/2024:12:40:11 -0500] "POST /kwsrmcab/Wsrmcab HTTP/1.1" 200 36610
156.59.198.135 - - [05/Jan/2024:12:40:20 -0500] "GET /BLA/resoluciones/RESOLUCIONES%202010/5848.pdf HTTP/1.0" 200 173791
216.245.221.92 - - [05/Jan/2024:12:40:41 -0500] "HEAD / HTTP/1.1" 200 -
156.59.198.136 - - [05/Jan/2024:12:40:44 -0500] "GET /BLA/resoluciones/RESOLUCIONES%202010/5415.pdf HTTP/1.0" 200 255066
156.59.198.136 - - [05/Jan/2024:12:41:08 -0500] "GET /BLA/resoluciones/RESOLUCIONES%202010/5355.pdf HTTP/1.0" 200 448543
156.59.198.135 - - [05/Jan/2024:12:41:34 -0500] "GET /BLA/resoluciones/RESOLUCIONES%202010/5672.pdf HTTP/1.0" 200 120132
156.59.198.136 - - [05/Jan/2024:12:41:57 -0500] "GET /BLA/resoluciones/RESOLUCIONES%202010/5561.pdf HTTP/1.0" 200 310700
156.59.198.135 - - [05/Jan/2024:12:42:22 -0500] "GET /BLA/resoluciones/RESOLUCIONES%202010/5590.pdf HTTP/1.0" 200 229192
40.77.167.254 - - [05/Jan/2024:12:42:36 -0500] "GET /BLA/resoluciones/RESOLUCIONES%202023/02523.pdf HTTP/1.1" 200 1253139
156.59.198.136 - - [05/Jan/2024:12:42:46 -0500] "GET /BLA/resoluciones/RESOLUCIONES%202010/5313.pdf HTTP/1.0" 200 685597
181.55.68.96 - - [05/Jan/2024:12:42:48 -0500] "GET /kwssiamovil/sm/ldap/au?x=U2FsdGVkX19MF/pAqj/b3zsC9t20VzN2ia2vSlhvwk/Ppsea0MHUgLrLfkJwypAF&y=U2FsdGVkX18n7S1TipAwEU/A277LaTmHFx8PNCsfDByHD6DrO1tLR58dvEQYI3tt HTTP/1.1" 200 30
181.55.68.96 - - [05/Jan/2024:12:42:48 -0500] "GET /kwssiamovil/sm/acme/s?s=U2FsdGVkX18UmrTZJENdHUy/kIzICv/08iklWvqCzvrS9MS0WHIhqR+pNHIPZ0fXqw2rQu6dgR/PBwkB5RFdtkqlCpp/7mFdqF2UfMDY03k=&u=U2FsdGVkX18IbV1xdyMVGb7a33HOM9MMtqbg9ZYAIKI=&y=U2FsdGVkX18n7S1TipAwEU/A277LaTmHFx8PNCsfDByHD6DrO1tLR58dvEQYI3tt HTTP/1.1" 200 97
181.55.68.96 - - [05/Jan/2024:12:42:48 -0500] "GET /kwssiamovil/sm/acme/s?s=U2FsdGVkX19rzIUI/TfsnNfr1nHdTGaepQ5N/ZaHKVdYLx9q+vQtF8g3revt7UoygYnGUt8FlKr8c/FH+FGTVJSeVW8l1JQ9t+fXZVt9g/6DHygWAjTlPyUbU8g6Ds2NaF7/fO2eG/VN9phUhUgvDNYHmxUPMWK9FSr9eUG2KDYNRcY0XqqHhr4hGAjNjpsrXzITl1f2mec3GR3o60eEA8tz3iIkMb2yIhrFntc/f9spXES9sfj/5Q8tQBOQmDhBK77Zr0My0iWxlSmA6vYfisKzKKv7J2Y7vvr6wo714xkr2myqjJbtqS2/fehEegX8BQRFNQOch/ZTXixGXHSGPKopQ/zd2WSQzm9nuZki4vSw47syK41e/C+wiMLTGe1xXTXYKSKQ7ohr7hF+5z4DBQH9vUTM78e5wMqPINftTHt0cT5PsRetaa5OgZyjStXiY0TSoHjT04dCWzX8cceJwslk+3CJMTUiAUmYzc0YEuPgy+/dbZNXVAx6dPe3LQt06L2oT7pYDgFMJyhGhpF6BWLy2qAuecnr6bKo/p2E1p0ORfSsvb966Vv6Sfujkd+Z7oBZ7TuxLMFacDGuuNWMfRigsIb6EXWV0aUApaYfE2D/Mlf13UTT12O1N8GXTCrvrncKCW80rqNI108quBirLBArHE/pITvvVwS85WPuRtflQw+bRFFNt21KHelr343XwdBRAqPYQdy/UhAMRTZVMkQaRpZQSKMY4oGEJ5R4nfpSZpifwVwq5MbvCoGCFON1e/wVegoRwKQ84mmaIMZqcBgXEy8iYYQEV4OlrXdAcX5GRG8EdorcViHy2som93RBvz3VK4ZFEFrBd/l0BmIVFgv5RbMWNaYmx270fulTEw7R1etbDlFIEX+uc9L0m0bQg50Z7PUFTf73idocgtM3idnNb3oHLNTvTXdRS3MRTcrnHmCKMk4xYmOSN42puyRkm+TTQhllufBKCXd6TpQZ5FCiqbz9yhSXKRKOL6JQAMUi5gIXFJzr2fGGdfZ8pyAEIVOKy9cKthyIOqJXU4A3m4PnIIrmxm/9X+L1kWz8ZH7Bt9OxN2q8T8SocTDxbR19AD3d7UQ4IQQbxUXwA6ODLrvL2PAdkCLzKelYJHMlaFm7d/pIDr1+xTQ8GceL4y4QGBcBooChHuZNx4GSrWaY9Rb0DiSaQkSBeckGUt8lU3HdfeJn+iKbqREBqsIKt1etv88Udg3Lo0uTyCsA4ZPy3azZjHzYGiDgyY4YoIbCpOPHfKO4k38ipvGwYHJ7C196+moRg2Dm67rDnWZkSjjciMivsIKhIizOXs94d5/ZT7v4pB3MmIXfgUv+qFdzfzYsOdn3rDuHW/W5ignT631tcbgFssV/7lCZxF0G2u4yjNtesuFHUagkWJdpwG0FjrReGU9N4whazHqObsU0XvxNzpgsv9AMhqed41ggDUvJ9XfVGcc7O9uMTYfKQuZBFSxRqqw8kQ3osT/nr/+tYazPsTnU1+oGszCdtm0hgZlXKEFWlUYnCjEK+VbTbDzpaOowhb+TCKLsYNwx0HT3dXnWaoQffA9kA69dEio4nS0hf7hOfAdctwLUZ5McRmLmPTMiNtrzDrNPEJpz7uCXdZseVRcLZTlq6GH/Q3yGFrSluz+oQPMlxVgXbfagW4VdvmSLUoArcSvP1snfoOKFuTCd6T5r0X3IRuAncd0UwWtrYn1tabPf/lT0B0eyOrX032F2KRSd1f4uu6E2lUh/hN7xxT4PopcF0hbGLDs41LR4V+Q=&u=U2FsdGVkX18IbV1xdyMVGb7a33HOM9MMtqbg9ZYAIKI=&y=U2FsdGVkX18n7S1TipAwEU/A277LaTmHFx8PNCsfDByHD6DrO1tLR58dvEQYI3tt HTTP/1.1" 200 1495
181.55.68.96 - - [05/Jan/2024:12:42:49 -0500] "GET /kwssiamovil/sm/acme/s?s=U2FsdGVkX1/k9XQeddWXp2cPaX1VpZAzZF5hOHpCDitB7xJ8+EneWZalNcSDrEapQPSqC8jwAsa2/riiJKh61MRwycC9z5b23wmGxybCib3yfKI7ZCRXHFxQ9nJU7Jnx9rXk8qS4LyvVRREZxfwO2qoGfXI7HdSnxx1EbUjumITZUbZ2bhzAgy78M/px8vuF/ddWbchctzrA0qigkWBarXg1y/JUj8Gt5C2qBAc19CMJMmHdxlbFiAPC6uqdbpNY4qSc7CtrO301aYG4iVYpHd1Bzmrv6epv3OnZKIuxBc4fCP8lImUkaQp4vDCPN9HOxknxP2krJLDoKDClM3qy3GE/ThJmMKhKgXwjlJBDq8M+hQNYJCILGxNrrDcoJvJi8anAYlq6Ms3lo+RN63y7c/+pPioMbg2PpNuMvUzooKoj4HeRjcl5YQBQrplwMwYdbSSFYTx59zh/JwBgoPwKJgoaj+5hBdngeqMGgPRGyBcu/134HTzXGwKiePhN2WBuyZpQgPkRHFS7pLIPI/yx0s72MDnlTXQKt0Z1FA7DKR8ua2RweSr++OZwBibcFjhtvK1rxujUqN5MLQk9I3i2pmi8a4mla6SLFfyoZNnhsNCLSC2YHPIFA64qlglq8BBkpnDxkEhdHEDZatEx3F56mtpdOw3RolO66AdWxmeDwS/yiI6+57lYF2zaiEtS90aV+7k1rSjpPYEBikL11FoI+0oF+hB5rVfAfT6e2QXYvJtjJbuJBvN/Qew2XM3wsfFM&u=U2FsdGVkX18IbV1xdyMVGb7a33HOM9MMtqbg9ZYAIKI=&y=U2FsdGVkX18n7S1TipAwEU/A277LaTmHFx8PNCsfDByHD6DrO1tLR58dvEQYI3tt HTTP/1.1" 200 208
181.55.68.96 - - [05/Jan/2024:12:42:49 -0500] "GET /kwssiamovil/sm/cjson/pre?f=1&x=U2FsdGVkX19MF/pAqj/b3zsC9t20VzN2ia2vSlhvwk/Ppsea0MHUgLrLfkJwypAF HTTP/1.1" 200 31032
172.22.2.4 - - [05/Jan/2024:12:42:57 -0500] "GET /BLA/boletinlegal/robots.txt HTTP/1.1" 404 1038
172.22.2.4 - - [05/Jan/2024:12:42:58 -0500] "GET /BLA/boletinlegal/Directivas/2017/Directiva%20No.%2004%20del%2028%20de%20Abril%20de%202017.pdf HTTP/1.1" 200 8194919
156.59.198.135 - - [05/Jan/2024:12:43:12 -0500] "GET /BLA/resoluciones/RESOLUCIONES%202010/5695.pdf HTTP/1.0" 200 80910
201.245.192.253 - - [05/Jan/2024:12:43:31 -0500] "POST /kwsrmcab/Wsrmcab  HTTP/1.1" 200 36937
156.59.198.135 - - [05/Jan/2024:12:43:36 -0500] "GET /BLA/resoluciones/RESOLUCIONES%202010/5679.pdf HTTP/1.0" 200 300448
172.22.2.4 - - [05/Jan/2024:12:42:08 -0500] "HEAD /BLA/boletinlegal/ HTTP/1.1" 200 -
156.59.198.135 - - [05/Jan/2024:12:44:01 -0500] "GET /BLA/resoluciones/RESOLUCIONES%202010/5587.pdf HTTP/1.0" 200 227900
156.59.198.136 - - [05/Jan/2024:12:44:26 -0500] "GET /BLA/resoluciones/RESOLUCIONES%202010/5721.pdf HTTP/1.0" 200 122634
40.77.111.31 - - [05/Jan/2024:12:44:33 -0500] "GET /bla/resoluciones/autos%202012/0800.pdf HTTP/1.1" 200 157832
172.22.2.4 - - [05/Jan/2024:12:42:59 -0500] "GET /BLA/boletinlegal/ HTTP/1.1" 200 58567
156.59.198.135 - - [05/Jan/2024:12:44:49 -0500] "GET /BLA/resoluciones/RESOLUCIONES%202010/5336.pdf HTTP/1.0" 200 316874
216.244.66.195 - - [05/Jan/2024:12:45:04 -0500] "GET /robots.txt HTTP/1.1" 404 1018
156.59.198.135 - - [05/Jan/2024:12:45:14 -0500] "GET /BLA/resoluciones/RESOLUCIONES%202010/5720.pdf HTTP/1.0" 200 146366
156.59.198.136 - - [05/Jan/2024:12:45:38 -0500] "GET /BLA/resoluciones/RESOLUCIONES%202010/5666.pdf HTTP/1.0" 200 88483
216.245.221.92 - - [05/Jan/2024:12:45:41 -0500] "HEAD / HTTP/1.1" 200 -
156.59.198.135 - - [05/Jan/2024:12:46:02 -0500] "GET /BLA/resoluciones/RESOLUCIONES%202010/5361.pdf HTTP/1.0" 200 532167
156.59.198.135 - - [05/Jan/2024:12:46:27 -0500] "GET /BLA/resoluciones/RESOLUCIONES%202010/5330.pdf HTTP/1.0" 200 519819
156.59.198.136 - - [05/Jan/2024:12:46:50 -0500] "GET /BLA/resoluciones/RESOLUCIONES%202010/5319.pdf HTTP/1.0" 200 400421
156.59.198.135 - - [05/Jan/2024:12:47:14 -0500] "GET /BLA/resoluciones/RESOLUCIONES%202010/5731.pdf HTTP/1.0" 200 76792
156.59.198.135 - - [05/Jan/2024:12:47:39 -0500] "GET /BLA/resoluciones/RESOLUCIONES%202010/5608.pdf HTTP/1.0" 200 223904
156.59.198.135 - - [05/Jan/2024:12:48:04 -0500] "GET /BLA/resoluciones/RESOLUCIONES%202010/5841.pdf HTTP/1.0" 200 906390
172.22.2.4 - - [05/Jan/2024:12:48:10 -0500] "GET /BLA/boletinlegal/info/.git/config HTTP/1.1" 404 1018
156.59.198.136 - - [05/Jan/2024:12:48:27 -0500] "GET /BLA/resoluciones/RESOLUCIONES%202010/5835.pdf HTTP/1.0" 200 422213
201.245.192.253 - - [05/Jan/2024:12:48:29 -0500] "POST /kwsrmcab/Wsrmcab  HTTP/1.1" 200 36937
156.59.198.135 - - [05/Jan/2024:12:48:52 -0500] "GET /BLA/resoluciones/RESOLUCIONES%202010/5707.pdf HTTP/1.0" 200 281567
47.128.55.88 - - [05/Jan/2024:12:49:18 -0500] "GET /BLA/resoluciones/dlf/pdf.gif HTTP/1.1" 200 272
47.128.55.88 - - [05/Jan/2024:12:49:18 -0500] "GET /BLA/resoluciones/dlf/dirup.png HTTP/1.1" 200 644
47.128.55.88 - - [05/Jan/2024:12:49:17 -0500] "GET /BLA/resoluciones/index.php?dir=RESOLUCIONES%202007%2FRES%202007%202901%20AL%203000%2F&order=asc&sort=date HTTP/1.1" 200 26859
190.102.125.99 - - [05/Jan/2024:12:49:34 -0500] "GET /appsia/controlador HTTP/1.1" 200 4799
190.102.125.99 - - [05/Jan/2024:12:49:34 -0500] "GET /appsia/css/estilos.css HTTP/1.1" 200 4804
190.102.125.99 - - [05/Jan/2024:12:49:34 -0500] "GET /appsia/scripts/validarIngreso.js HTTP/1.1" 200 851
190.102.125.99 - - [05/Jan/2024:12:49:34 -0500] "GET /appsia/images/logo_bogota_p.png HTTP/1.1" 200 14951
190.102.125.99 - - [05/Jan/2024:12:49:34 -0500] "GET /appsia/images/cabezoteHojaVida.png HTTP/1.1" 200 32493
190.102.125.99 - - [05/Jan/2024:12:49:35 -0500] "GET /favicon.ico HTTP/1.1" 200 7782
190.102.125.99 - - [05/Jan/2024:12:49:35 -0500] "GET /cart.json HTTP/1.1" 404 1120
172.22.2.4 - - [05/Jan/2024:12:47:58 -0500] "HEAD /BLA/boletinlegal/ HTTP/1.1" 200 -
156.59.198.136 - - [05/Jan/2024:12:49:40 -0500] "GET /BLA/resoluciones/RESOLUCIONES%202010/5582.pdf HTTP/1.0" 200 246975
156.59.198.135 - - [05/Jan/2024:12:50:04 -0500] "GET /BLA/resoluciones/RESOLUCIONES%202010/5861.pdf HTTP/1.0" 200 138267
156.59.198.136 - - [05/Jan/2024:12:50:28 -0500] "GET /BLA/resoluciones/RESOLUCIONES%202010/5786.pdf HTTP/1.0" 200 317954
172.22.2.4 - - [05/Jan/2024:12:48:49 -0500] "GET /BLA/boletinlegal/ HTTP/1.1" 200 60910
216.245.221.92 - - [05/Jan/2024:12:50:41 -0500] "HEAD / HTTP/1.1" 200 -
190.102.125.99 - - [05/Jan/2024:12:50:44 -0500] "POST /appsia/controlador HTTP/1.1" 200 3601
190.102.125.99 - - [05/Jan/2024:12:50:44 -0500] "GET /appsia/jscripts/validarSolicitud.js HTTP/1.1" 404 68
190.102.125.99 - - [05/Jan/2024:12:50:44 -0500] "GET /cart.json HTTP/1.1" 404 1120
190.102.125.99 - - [05/Jan/2024:12:50:46 -0500] "POST /appsia/controlador HTTP/1.1" 200 4799
190.102.125.99 - - [05/Jan/2024:12:50:46 -0500] "GET /cart.json HTTP/1.1" 404 1120
190.102.125.99 - - [05/Jan/2024:12:50:48 -0500] "POST /appsia/controlador HTTP/1.1" 200 3601
190.102.125.99 - - [05/Jan/2024:12:50:48 -0500] "GET /appsia/jscripts/validarSolicitud.js HTTP/1.1" 404 68
190.102.125.99 - - [05/Jan/2024:12:50:49 -0500] "GET /cart.json HTTP/1.1" 404 1120
190.102.125.99 - - [05/Jan/2024:12:50:51 -0500] "POST /appsia/controlador HTTP/1.1" 200 4799
190.102.125.99 - - [05/Jan/2024:12:50:51 -0500] "GET /cart.json HTTP/1.1" 404 1120
156.59.198.135 - - [05/Jan/2024:12:50:54 -0500] "GET /BLA/resoluciones/RESOLUCIONES%202010/5689.pdf HTTP/1.0" 200 248802
66.249.66.19 - - [05/Jan/2024:12:51:01 -0500] "GET /robots.txt HTTP/1.1" 404 1018
66.249.66.19 - - [05/Jan/2024:12:51:01 -0500] "GET /BLA/resoluciones/RESOLUCIONES%202009/3793.pdf HTTP/1.1" 200 377088
190.102.125.99 - - [05/Jan/2024:12:51:04 -0500] "POST /appsia/controlador HTTP/1.1" 200 5437
190.102.125.99 - - [05/Jan/2024:12:51:05 -0500] "POST /appsia/controlador HTTP/1.1" 200 5437
190.102.125.99 - - [05/Jan/2024:12:51:07 -0500] "GET /cart.json HTTP/1.1" 404 1120
190.102.125.99 - - [05/Jan/2024:12:51:09 -0500] "POST /appsia/controlador HTTP/1.1" 200 23887
190.102.125.99 - - [05/Jan/2024:12:51:09 -0500] "GET /appsia/images/logo_escudo.png HTTP/1.1" 200 36965
190.102.125.99 - - [05/Jan/2024:12:51:09 -0500] "GET /cart.json HTTP/1.1" 404 1120
156.59.198.136 - - [05/Jan/2024:12:51:19 -0500] "GET /BLA/resoluciones/RESOLUCIONES%202010/5708.pdf HTTP/1.0" 200 73480
156.59.198.136 - - [05/Jan/2024:12:51:44 -0500] "GET /BLA/resoluciones/RESOLUCIONES%202010/5762.pdf HTTP/1.0" 200 4344645
191.156.148.51 - - [05/Jan/2024:12:51:58 -0500] "GET /BLA/boletinlegal/actos.php HTTP/1.1" 200 9648
156.59.198.136 - - [05/Jan/2024:12:52:08 -0500] "GET /BLA/resoluciones/RESOLUCIONES%202010/5669.pdf HTTP/1.0" 200 89242
172.22.2.4 - - [05/Jan/2024:12:52:10 -0500] "GET /BLA/boletinlegal/actos.php HTTP/1.1" 200 9648
172.22.2.4 - - [05/Jan/2024:12:52:10 -0500] "GET /BLA/boletinlegal/styles2.css HTTP/1.1" 200 1838
172.22.2.4 - - [05/Jan/2024:12:52:10 -0500] "GET /BLA/boletinlegal/js/ajax_actos.js HTTP/1.1" 200 1322
172.22.2.4 - - [05/Jan/2024:12:52:10 -0500] "GET /BLA/boletinlegal/niceforms-default.css HTTP/1.1" 200 6694
172.22.2.4 - - [05/Jan/2024:12:52:10 -0500] "GET /BLA/boletinlegal/niceforms.js HTTP/1.1" 200 22876
172.22.2.4 - - [05/Jan/2024:12:52:10 -0500] "GET /BLA/boletinlegal/style.css HTTP/1.1" 200 9406
172.22.2.4 - - [05/Jan/2024:12:52:10 -0500] "GET /BLA/boletinlegal/js/lib.js HTTP/1.1" 200 6474
172.22.2.4 - - [05/Jan/2024:12:52:10 -0500] "GET /BLA/boletinlegal/js/popup.js HTTP/1.1" 200 1270
172.22.2.4 - - [05/Jan/2024:12:52:10 -0500] "GET /BLA/boletinlegal/js/jquery1.js HTTP/1.1" 200 29846
172.22.2.4 - - [05/Jan/2024:12:52:10 -0500] "GET /BLA/boletinlegal/images/cabezote%20BLEGAL.jpg HTTP/1.1" 200 118164
172.22.2.4 - - [05/Jan/2024:12:52:10 -0500] "GET /BLA/boletinlegal/images/subscribe-icon-big.png HTTP/1.1" 200 47702
172.22.2.4 - - [05/Jan/2024:12:52:10 -0500] "GET /BLA/boletinlegal/images/historia.png HTTP/1.1" 200 52775
172.22.2.4 - - [05/Jan/2024:12:52:10 -0500] "GET /BLA/boletinlegal/images/registro-usuarios.png HTTP/1.1" 200 8106
172.22.2.4 - - [05/Jan/2024:12:52:10 -0500] "GET /BLA/boletinlegal/images/tel.png HTTP/1.1" 200 14477
172.22.2.4 - - [05/Jan/2024:12:52:10 -0500] "GET /BLA/boletinlegal/images/green-yellow-blue-pink-th.png HTTP/1.1" 200 7394
172.22.2.4 - - [05/Jan/2024:12:52:10 -0500] "GET /BLA/boletinlegal/images/icono-email.png HTTP/1.1" 200 5544
172.22.2.4 - - [05/Jan/2024:12:52:10 -0500] "GET /BLA/boletinlegal/images/body_bg.jpg HTTP/1.1" 200 1601
172.22.2.4 - - [05/Jan/2024:12:52:10 -0500] "GET /BLA/boletinlegal/images/menu_rght.gif HTTP/1.1" 200 1627
172.22.2.4 - - [05/Jan/2024:12:52:10 -0500] "GET /BLA/boletinlegal/images/menu_lft.gif HTTP/1.1" 200 1713
172.22.2.4 - - [05/Jan/2024:12:52:10 -0500] "GET /BLA/boletinlegal/images/hover.jpg HTTP/1.1" 200 640
172.22.2.4 - - [05/Jan/2024:12:52:10 -0500] "GET /BLA/boletinlegal/images/bg_top.jpg HTTP/1.1" 200 522
172.22.2.4 - - [05/Jan/2024:12:52:10 -0500] "GET /BLA/boletinlegal/images/menu_bg.jpg HTTP/1.1" 200 620
172.22.2.4 - - [05/Jan/2024:12:52:10 -0500] "GET /BLA/boletinlegal/images/text.jpg HTTP/1.1" 200 568
172.22.2.4 - - [05/Jan/2024:12:52:10 -0500] "GET /BLA/boletinlegal/images/footer_bg_l.jpg HTTP/1.1" 200 776
172.22.2.4 - - [05/Jan/2024:12:52:10 -0500] "GET /BLA/boletinlegal/images/footer_bg.jpg HTTP/1.1" 200 586
172.22.2.4 - - [05/Jan/2024:12:52:11 -0500] "GET /BLA/boletinlegal/img/0.png HTTP/1.1" 200 110
172.22.2.4 - - [05/Jan/2024:12:52:11 -0500] "GET /BLA/boletinlegal/img/select-left.png HTTP/1.1" 200 263
172.22.2.4 - - [05/Jan/2024:12:52:11 -0500] "GET /BLA/boletinlegal/img/select-right.png HTTP/1.1" 200 44019
172.22.2.4 - - [05/Jan/2024:12:52:11 -0500] "GET /BLA/boletinlegal/img/button.png HTTP/1.1" 200 43241
172.22.2.4 - - [05/Jan/2024:12:52:11 -0500] "GET /BLA/boletinlegal/img/button-left.png HTTP/1.1" 200 57071
172.22.2.4 - - [05/Jan/2024:12:52:11 -0500] "GET /BLA/boletinlegal/img/button-right.png HTTP/1.1" 200 57878
172.22.2.4 - - [05/Jan/2024:12:52:11 -0500] "GET /BLA/boletinlegal/favicon.ico HTTP/1.1" 404 1326
201.245.192.253 - - [05/Jan/2024:12:52:12 -0500] "GET /BLA/resoluciones/ HTTP/1.1" 200 13696
201.245.192.253 - - [05/Jan/2024:12:52:12 -0500] "GET /BLA/resoluciones/dlf/styles.css HTTP/1.1" 200 3049
201.245.192.253 - - [05/Jan/2024:12:52:12 -0500] "GET /BLA/resoluciones/dlf/folder.png HTTP/1.1" 200 410
201.245.192.253 - - [05/Jan/2024:12:52:12 -0500] "GET /BLA/resoluciones/dlf/bg.gif HTTP/1.1" 200 54
201.245.192.253 - - [05/Jan/2024:12:52:12 -0500] "GET /favicon.ico HTTP/1.1" 200 7782
201.245.192.253 - - [05/Jan/2024:12:52:21 -0500] "GET /BLA/resoluciones/dlf/dirup.png HTTP/1.1" 200 644
201.245.192.253 - - [05/Jan/2024:12:52:21 -0500] "GET /BLA/resoluciones/dlf/pdf.gif HTTP/1.1" 200 272
201.245.192.253 - - [05/Jan/2024:12:52:21 -0500] "GET /BLA/resoluciones/index.php?dir=AUTOS+2022%2F HTTP/1.1" 200 509770
201.245.192.253 - - [05/Jan/2024:12:52:21 -0500] "GET /BLA/resoluciones/dlf/archive.png HTTP/1.1" 200 632
191.156.155.211 - - [05/Jan/2024:12:52:31 -0500] "GET /BLA/boletinlegal/consulta_actos.php?tipo=resoluciones&no=1435&usuario=&sector=&fecha=2021&resuelve= HTTP/1.1" 200 1061
201.245.192.253 - - [05/Jan/2024:12:52:32 -0500] "GET /BLA/resoluciones/AUTOS%202022/2985.pdf HTTP/1.1" 200 405355
201.245.192.253 - - [05/Jan/2024:12:52:32 -0500] "GET /BLA/resoluciones/AUTOS%202022/2985.pdf HTTP/1.1" 200 405355
156.59.198.136 - - [05/Jan/2024:12:52:33 -0500] "GET /BLA/resoluciones/RESOLUCIONES%202010/5832.pdf HTTP/1.0" 200 491881
191.156.155.211 - - [05/Jan/2024:12:52:34 -0500] "GET /BLA/resoluciones/RESOLUCIONES%202021/1435.pdf HTTP/1.1" 200 570735
191.156.152.10 - - [05/Jan/2024:12:52:35 -0500] "GET /BLA/resoluciones/RESOLUCIONES%202021/1435.pdf HTTP/1.1" 206 1025
191.156.145.52 - - [05/Jan/2024:12:52:35 -0500] "GET /BLA/resoluciones/RESOLUCIONES%202021/1435.pdf HTTP/1.1" 200 570735
156.59.198.135 - - [05/Jan/2024:12:52:57 -0500] "GET /BLA/resoluciones/RESOLUCIONES%202010/5603.pdf HTTP/1.0" 200 228692
66.249.66.20 - - [05/Jan/2024:12:53:02 -0500] "GET /BLA/resoluciones/RESOLUCIONES%202010/2099.pdf HTTP/1.1" 200 576857
156.59.198.135 - - [05/Jan/2024:12:53:21 -0500] "GET /BLA/resoluciones/RESOLUCIONES%202010/5716.pdf HTTP/1.0" 200 157476
181.55.49.143 - - [05/Jan/2024:12:53:29 -0500] "GET /sipse/faces/index.xhtml HTTP/1.1" 200 677
201.245.192.253 - - [05/Jan/2024:12:53:27 -0500] "POST /kwsrmcab/Wsrmcab  HTTP/1.1" 200 36937
168.119.51.200 - - [05/Jan/2024:12:53:31 -0500] "GET / HTTP/1.1" 200 319
168.119.51.200 - - [05/Jan/2024:12:53:32 -0500] "GET / HTTP/1.1" 200 4720
156.59.198.136 - - [05/Jan/2024:12:53:45 -0500] "GET /BLA/resoluciones/RESOLUCIONES%202010/5806.pdf HTTP/1.0" 200 40182
156.59.198.136 - - [05/Jan/2024:12:54:10 -0500] "GET /BLA/resoluciones/RESOLUCIONES%202010/5857.pdf HTTP/1.0" 200 166036
66.249.66.21 - - [05/Jan/2024:12:54:27 -0500] "GET /BLA/resoluciones/RESOLUCIONES%202010/6975.pdf HTTP/1.1" 200 378188
192.168.172.47 - - [05/Jan/2024:12:54:29 -0500] "GET /BLA/boletinlegal/consulta_actos.php?tipo=autos&no=2985&usuario=&sector=&fecha=2023&resuelve= HTTP/1.1" 200 1545
156.59.198.135 - - [05/Jan/2024:12:54:35 -0500] "GET /BLA/resoluciones/RESOLUCIONES%202010/0871.pdf HTTP/1.0" 200 112116
201.245.192.253 - - [05/Jan/2024:12:54:37 -0500] "GET /BLA/resoluciones/ HTTP/1.1" 200 13696
201.245.192.253 - - [05/Jan/2024:12:54:39 -0500] "GET /BLA/resoluciones/index.php?dir=AUTOS+2023%2F HTTP/1.1" 200 481104
201.245.192.253 - - [05/Jan/2024:12:54:46 -0500] "GET /BLA/resoluciones/index.php?dir=AUTOS+2023%2F HTTP/1.1" 200 481104
156.59.198.136 - - [05/Jan/2024:12:55:01 -0500] "GET /BLA/resoluciones/RESOLUCIONES%202010/0856.pdf HTTP/1.0" 200 103414
156.59.198.135 - - [05/Jan/2024:12:55:24 -0500] "GET /BLA/resoluciones/RESOLUCIONES%202010/5753.pdf HTTP/1.0" 200 49080
181.48.230.99 - - [05/Jan/2024:12:55:24 -0500] "GET /agendate-para-participar-en-las-caminatas-ecologicas-de-febrero.html HTTP/1.1" 200 830
172.22.2.4 - - [05/Jan/2024:12:53:48 -0500] "HEAD /BLA/boletinlegal/ HTTP/1.1" 200 -
172.22.2.4 - - [05/Jan/2024:12:55:31 -0500] "GET /BLA/boletinlegal/consulta_actos.php?tipo=autos&no=02985&usuario=&sector=&fecha=2023&resuelve= HTTP/1.1" 200 1078
172.22.2.4 - - [05/Jan/2024:12:55:31 -0500] "GET /BLA/boletinlegal/images/pdf.gif HTTP/1.1" 200 567
201.245.192.253 - - [05/Jan/2024:12:55:35 -0500] "GET /BLA/resoluciones/AUTOS%202023/02985.pdf HTTP/1.1" 200 524054
216.245.221.92 - - [05/Jan/2024:12:55:41 -0500] "HEAD / HTTP/1.1" 200 -
156.59.198.135 - - [05/Jan/2024:12:55:49 -0500] "GET /BLA/resoluciones/RESOLUCIONES%202010/5677.pdf HTTP/1.0" 200 302700
201.245.192.253 - - [05/Jan/2024:12:55:53 -0500] "GET /sipse/faces/faces/faces/autenticacion.xhtml HTTP/1.1" 200 12724
201.245.192.253 - - [05/Jan/2024:12:55:53 -0500] "GET /sipse/js/disable_browser_buttons.js HTTP/1.1" 200 3230
201.245.192.253 - - [05/Jan/2024:12:55:53 -0500] "GET /sipse/js/funciones.js HTTP/1.1" 200 12592
201.245.192.253 - - [05/Jan/2024:12:55:53 -0500] "GET /sipse/css/custom_css_sg_prime_login.css HTTP/1.1" 200 443
201.245.192.253 - - [05/Jan/2024:12:55:53 -0500] "GET /sipse/css/custom_css_sg.css HTTP/1.1" 200 9694
201.245.192.253 - - [05/Jan/2024:12:55:53 -0500] "GET /sipse/faces/javax.faces.resource/layout/layout.css;jsessionid=AEz1sTTXIKK9Xmw-eeCUy6n1.undefined?ln=primefaces&v=4.0 HTTP/1.1" 200 542
201.245.192.253 - - [05/Jan/2024:12:55:53 -0500] "GET /sipse/faces/javax.faces.resource/jquery/jquery.js;jsessionid=AEz1sTTXIKK9Xmw-eeCUy6n1.undefined?ln=primefaces&v=4.0 HTTP/1.1" 200 105384
201.245.192.253 - - [05/Jan/2024:12:55:53 -0500] "GET /sipse/faces/javax.faces.resource/layout/layout.js;jsessionid=AEz1sTTXIKK9Xmw-eeCUy6n1.undefined?ln=primefaces&v=4.0 HTTP/1.1" 200 87560
201.245.192.253 - - [05/Jan/2024:12:55:53 -0500] "GET /sipse/faces/javax.faces.resource/theme.css?ln=primefaces-sipse HTTP/1.1" 200 50058
201.245.192.253 - - [05/Jan/2024:12:55:53 -0500] "GET /sipse/faces/javax.faces.resource/jquery/jquery-plugins.js;jsessionid=AEz1sTTXIKK9Xmw-eeCUy6n1.undefined?ln=primefaces&v=4.0 HTTP/1.1" 200 220526
201.245.192.253 - - [05/Jan/2024:12:55:53 -0500] "GET /sipse/faces/javax.faces.resource/primefaces.css;jsessionid=AEz1sTTXIKK9Xmw-eeCUy6n1.undefined?ln=primefaces&v=4.0 HTTP/1.1" 200 53295
201.245.192.253 - - [05/Jan/2024:12:55:53 -0500] "GET /sipse/faces/javax.faces.resource/primefaces.js;jsessionid=AEz1sTTXIKK9Xmw-eeCUy6n1.undefined?ln=primefaces&v=4.0 HTTP/1.1" 200 276924
201.245.192.253 - - [05/Jan/2024:12:55:54 -0500] "GET /sipse/faces/javax.faces.resource/images/ui-icons_898989_256x240.png?ln=primefaces-aristo HTTP/1.1" 200 5355
201.245.192.253 - - [05/Jan/2024:12:55:54 -0500] "GET /sipse/css/imagen/logoSDG.png HTTP/1.1" 200 53064
201.245.192.253 - - [05/Jan/2024:12:55:54 -0500] "GET /sipse/css/imagen/loginimg.png HTTP/1.1" 200 71635
201.245.192.253 - - [05/Jan/2024:12:55:54 -0500] "GET /sipse/faces/faces/faces/index.xhtml HTTP/1.1" 200 677
201.245.192.253 - - [05/Jan/2024:12:55:54 -0500] "GET /sipse/faces/javax.faces.resource/theme.css?ln=primefaces-sipse HTTP/1.1" 304 -
201.245.192.253 - - [05/Jan/2024:12:55:54 -0500] "GET /favicon.ico HTTP/1.1" 200 7782
201.245.192.253 - - [05/Jan/2024:12:55:54 -0500] "GET /sipse/faces/faces/faces/faces/autenticacion.xhtml HTTP/1.1" 200 12402
201.245.192.253 - - [05/Jan/2024:12:55:54 -0500] "GET /sipse/faces/javax.faces.resource/theme.css?ln=primefaces-sipse HTTP/1.1" 304 -
201.245.192.253 - - [05/Jan/2024:12:55:54 -0500] "GET /sipse/faces/javax.faces.resource/layout/layout.css?ln=primefaces&v=4.0 HTTP/1.1" 200 542
201.245.192.253 - - [05/Jan/2024:12:55:54 -0500] "GET /sipse/faces/javax.faces.resource/jquery/jquery.js?ln=primefaces&v=4.0 HTTP/1.1" 200 105384
201.245.192.253 - - [05/Jan/2024:12:55:54 -0500] "GET /sipse/faces/javax.faces.resource/layout/layout.js?ln=primefaces&v=4.0 HTTP/1.1" 200 87560
201.245.192.253 - - [05/Jan/2024:12:55:54 -0500] "GET /sipse/faces/javax.faces.resource/primefaces.css?ln=primefaces&v=4.0 HTTP/1.1" 200 53295
201.245.192.253 - - [05/Jan/2024:12:55:54 -0500] "GET /sipse/faces/javax.faces.resource/jquery/jquery-plugins.js?ln=primefaces&v=4.0 HTTP/1.1" 200 220526
201.245.192.253 - - [05/Jan/2024:12:55:54 -0500] "GET /sipse/faces/javax.faces.resource/primefaces.js?ln=primefaces&v=4.0 HTTP/1.1" 200 276924
66.249.66.21 - - [05/Jan/2024:12:56:10 -0500] "GET /BLA/resoluciones/RESOLUCIONES%202019/3093.pdf HTTP/1.1" 200 292489
156.59.198.135 - - [05/Jan/2024:12:56:12 -0500] "GET /BLA/resoluciones/RESOLUCIONES%202010/5827.pdf HTTP/1.0" 200 2163164
172.22.2.4 - - [05/Jan/2024:12:54:39 -0500] "GET /BLA/boletinlegal/ HTTP/1.1" 200 60910
191.156.148.51 - - [05/Jan/2024:12:56:28 -0500] "GET /BLA/boletinlegal/consulta_actos.php?tipo=resoluciones&no=5252&usuario=&sector=&fecha=2022&resuelve= HTTP/1.1" 200 1144
191.156.153.107 - - [05/Jan/2024:12:56:32 -0500] "GET /BLA/resoluciones/RESOLUCIONES%202022/5252.pdf HTTP/1.1" 200 516317
191.156.145.52 - - [05/Jan/2024:12:56:32 -0500] "GET /BLA/resoluciones/RESOLUCIONES%202022/5252.pdf HTTP/1.1" 206 1025
191.156.152.10 - - [05/Jan/2024:12:56:32 -0500] "GET /BLA/resoluciones/RESOLUCIONES%202022/5252.pdf HTTP/1.1" 200 516317
156.59.198.136 - - [05/Jan/2024:12:56:38 -0500] "GET /BLA/resoluciones/RESOLUCIONES%202010/5480.pdf HTTP/1.0" 200 248045
66.249.66.19 - - [05/Jan/2024:12:56:52 -0500] "GET /galeria/galeria/fotos/micos6G.jpg HTTP/1.1" 304 -
156.59.198.135 - - [05/Jan/2024:12:57:02 -0500] "GET /BLA/resoluciones/RESOLUCIONES%202010/5486.pdf HTTP/1.0" 200 248747
156.59.198.135 - - [05/Jan/2024:12:57:27 -0500] "GET /BLA/resoluciones/RESOLUCIONES%202010/5797.pdf HTTP/1.0" 200 37820
156.59.198.135 - - [05/Jan/2024:12:57:51 -0500] "GET /BLA/resoluciones/RESOLUCIONES%202010/5837.pdf HTTP/1.0" 200 445768
66.249.66.20 - - [05/Jan/2024:12:58:02 -0500] "GET /BLA/resoluciones/RESOLUCIONES%202009/6736.pdf HTTP/1.1" 200 451394
66.249.66.19 - - [05/Jan/2024:12:58:10 -0500] "GET /BLA/resoluciones/RESOLUCIONES%202009/0582.pdf HTTP/1.1" 200 290453
156.59.198.135 - - [05/Jan/2024:12:58:15 -0500] "GET /BLA/resoluciones/RESOLUCIONES%202010/5609.pdf HTTP/1.0" 200 1299601
201.245.192.253 - - [05/Jan/2024:12:58:26 -0500] "POST /kwsrmcab/Wsrmcab  HTTP/1.1" 200 36937
156.59.198.135 - - [05/Jan/2024:12:58:40 -0500] "GET /BLA/resoluciones/RESOLUCIONES%202010/5725.pdf HTTP/1.0" 200 164958
156.59.198.135 - - [05/Jan/2024:12:59:05 -0500] "GET /BLA/resoluciones/RESOLUCIONES%202010/5869.pdf HTTP/1.0" 200 116734
156.59.198.135 - - [05/Jan/2024:12:59:29 -0500] "GET /BLA/resoluciones/RESOLUCIONES%202010/5405.pdf HTTP/1.0" 200 244309
172.22.2.4 - - [05/Jan/2024:12:57:49 -0500] "GET /BLA/boletinlegal/ HTTP/1.1" 200 57309
156.59.198.135 - - [05/Jan/2024:12:59:53 -0500] "GET /BLA/resoluciones/RESOLUCIONES%202010/3869.pdf HTTP/1.0" 200 1037619
156.59.198.135 - - [05/Jan/2024:13:00:17 -0500] "GET /BLA/resoluciones/RESOLUCIONES%202010/3849.pdf HTTP/1.0" 200 709968
216.245.221.92 - - [05/Jan/2024:13:00:41 -0500] "HEAD / HTTP/1.1" 200 -
47.128.49.17 - - [05/Jan/2024:13:00:48 -0500] "GET /BLA/resoluciones/index.php?dir=RESOLUCIONES%202007%2FRES%202007%201501%20AL%201600%2F&order=asc&sort=size HTTP/1.1" 200 26868
47.128.49.17 - - [05/Jan/2024:13:00:49 -0500] "GET /BLA/resoluciones/dlf/dirup.png HTTP/1.1" 200 644
47.128.49.17 - - [05/Jan/2024:13:00:49 -0500] "GET /BLA/resoluciones/dlf/pdf.gif HTTP/1.1" 200 272
156.59.198.135 - - [05/Jan/2024:13:01:06 -0500] "GET /BLA/resoluciones/RESOLUCIONES%202010/2081.pdf HTTP/1.0" 200 543190
172.22.2.4 - - [05/Jan/2024:12:59:38 -0500] "HEAD /BLA/boletinlegal/ HTTP/1.1" 200 -
156.59.198.135 - - [05/Jan/2024:13:01:31 -0500] "GET /BLA/resoluciones/RESOLUCIONES%202010/5702.pdf HTTP/1.0" 200 88985
156.59.198.135 - - [05/Jan/2024:13:01:55 -0500] "GET /BLA/resoluciones/RESOLUCIONES%202010/4987.pdf HTTP/1.0" 200 750083
172.22.2.4 - - [05/Jan/2024:13:00:29 -0500] "GET /BLA/boletinlegal/ HTTP/1.1" 200 58172
156.59.198.135 - - [05/Jan/2024:13:02:19 -0500] "GET /BLA/resoluciones/RESOLUCIONES%202010/3764.pdf HTTP/1.0" 200 677060
156.59.198.135 - - [05/Jan/2024:13:02:44 -0500] "GET /BLA/resoluciones/RESOLUCIONES%202010/5309.pdf HTTP/1.0" 200 747897
52.167.144.181 - - [05/Jan/2024:13:02:51 -0500] "GET /BLA/resoluciones/RESOLUCIONES%202023/02326.pdf HTTP/1.1" 200 565834
66.249.66.19 - - [05/Jan/2024:13:02:56 -0500] "GET /BLA/resoluciones/RESOLUCIONES%202009/0584.pdf HTTP/1.1" 200 334633
156.59.198.135 - - [05/Jan/2024:13:03:08 -0500] "GET /BLA/resoluciones/RESOLUCIONES%202010/4757.pdf HTTP/1.0" 200 52244
201.245.192.253 - - [05/Jan/2024:13:03:24 -0500] "POST /kwsrmcab/Wsrmcab  HTTP/1.1" 200 36937
156.59.198.136 - - [05/Jan/2024:13:03:31 -0500] "GET /BLA/resoluciones/RESOLUCIONES%202010/3757.pdf HTTP/1.0" 200 1042607
201.245.166.34 - - [05/Jan/2024:13:03:46 -0500] "GET /Publicaciones/SSFFS-13605-2023.zip HTTP/1.1" 200 1661157
156.59.198.136 - - [05/Jan/2024:13:03:56 -0500] "GET /BLA/resoluciones/RESOLUCIONES%202010/3445.pdf HTTP/1.0" 200 738197
156.59.198.136 - - [05/Jan/2024:13:04:19 -0500] "GET /BLA/resoluciones/RESOLUCIONES%202010/5159.pdf HTTP/1.0" 200 1025990
156.59.198.135 - - [05/Jan/2024:13:04:43 -0500] "GET /BLA/resoluciones/RESOLUCIONES%202010/2220.pdf HTTP/1.0" 200 472654
186.155.33.81 - - [05/Jan/2024:13:04:47 -0500] "GET /distrito-exalto-a-246-empresas-de-bogota-por-su-alto-desempeno-y-responsabilidad-ambiental-durante-2023.html HTTP/1.1" 200 1039
156.59.198.135 - - [05/Jan/2024:13:05:07 -0500] "GET /BLA/resoluciones/RESOLUCIONES%202010/4059.pdf HTTP/1.0" 200 482751
190.24.107.106 - - [05/Jan/2024:13:05:26 -0500] "GET /kwssiamovil/sm/ldap/au?x=U2FsdGVkX1+ltF6lp/fYcRKMF8OkmRqmHAOD7QFf3SmQEiRM0BJber5LjIjrtrnY&y=U2FsdGVkX1/5IeL2XKoGSBe+MJ3o9wlBatD1/lJh8Yo= HTTP/1.1" 200 30
190.24.107.106 - - [05/Jan/2024:13:05:27 -0500] "GET /kwssiamovil/sm/acme/s?s=U2FsdGVkX19w7Q3LbPlQw8cHxgZ2rxkt2ps6VSxi2jCmUJanFGtxbcbas0PF6/5gK8w3/qGVnWXmlbSLQXw/RRLnEagNJ5/rgkOongyO2rw=&u=U2FsdGVkX1/0RUvcqL0b9CFCi3Joq2Vyl/wnxJ22AeY=&y=U2FsdGVkX1/5IeL2XKoGSBe+MJ3o9wlBatD1/lJh8Yo= HTTP/1.1" 200 97
190.24.107.106 - - [05/Jan/2024:13:05:27 -0500] "GET /kwssiamovil/sm/acme/s?s=U2FsdGVkX1/FyLGHj6J5fz9NJUP1ui9PFYvLniFw0ETmyAMSEneTDCcVUJgbVoB5G83T6tswyLk2wujaENiCk8j+ybzDDBTd5U2yzeVHw0UtSMxtO3sJeQLSb/f9y/5EMNpwQPZWaMCEyqX8+Xp/GluHLOrZNQ6nh67kipopacroOv42mDAgplLikvUbePXu17F+gMU7jiAWfcst4Hm61aPhAAPIpMD5rGeTrdeNFI3lOCIZM4KnJPZFSTaKx8hyj1kzo1Zy+K8hkBfxxF9HF5JoKLB4NR+pHpwh54MCXaw9StnyMibyjK9sLACxrRXo1C5bzgvPJXMShUFH/O6haaHSb/Mkc169VYTYHeIgfP7uZO4eSuobgV8veOR/u8Wb4hbscCmu+l6lqwdftAY4cTDd7OjVOD3Bp7vs7tCUe7jSXRwaoBj9W/sPNc+SmCyaPFjCFiCVChOSVP4GKm9bA/FwiR67MC5Bn3QhqHFGe3zyXyNctuYs6HGq4KucjZ2mu1zWpTHIKGiFKcnOi0YnwMdG53eiXIqU2aiS1SqVWSHpvSC/l23PynwQqtvMNd0jv+5ogUdpvrAlCt6iIHAwwjlfs2I003uow9EJcfSxf+0nliXyQmBhqGHm4EM8XI3YN/iGiUCJFJeI8HBisCJcbl4JOXudakL7hsDSLUcOHKzv3pas49ElYGtyGBqPnfy5SmRHx5KKh1mEqNzHIbQl1qW2hoEYd3OwAHwqvFhuW3aL/brvLiEc/JbVThh7AveHVQUMCb9EIuPNGa1CIKlVkKBh1cOJe4lDqPwH88InxqATfb1zgPdXsqKlBawEEj9c0F9xRszRwuXP8Jn5a3nzD9UAm0q26yXy0maXagi/hmm0NB/A/bJGUc9WkB4CEZ35fvsmqrAPT8JvEljc9XWAy6tLHdZ5HaUlCX0yyYZEj8ZAWG6cWx9kLOS+dc/oA0b2w4ZvxTI29RgRjIEV0beznaSv2bNSKpPz/RZtsrRHiXNscDWIn2YIEOS3XSpjCAFe0HXxq8CijFYMei+4WClP03+LfBtDrmrTY5fJdWplKp+MZw1tCTOsBls8IBudZaDJsgHlBMVqup03da465Hcu18LSkGBRawAI9w4KylGp0rXFs4Sm5dxyooKSJiWP4p5avdlUfzoquJ4LYMLEjg/1SQH4cUUY+ks+lp3ntp/48jiDeB2gFegaCWiMXRok6cYu1zk+CJCAcBCAPTwpvFWtxHbXy61eSKSEnm1qmJf+SYsgTvEtT9nOQ4fOw+MifISSJ9/WWtG4v0v6E5dRtQclDFqR4B2zRTCW4ubcuwr+8d3HZXjmVHtmx68o+D4Cd5KfXalfgYjmNyXB1iNlHRloEHj+/yeGfM3GLalPBCXUleSH+8f9KidvLmike0rz4sSmolsFSEyJB4RWM0VuWqlHHF2uu7tCJd4MnkIMSSYWO2upoboUA/Akt5DxiJRjtJkfvS6L2cQFmmKZOfeR+DyIlv7AA+RcywAVLeaJV9JGle/y0xxDuQSQbtcperVC731lV3StNAF4b0TPv1PJSnTGf5y0jMcEGwyAlEGbBweNOc/SJi4uR7YRtw8pL30dlEAfCVFEtcFyoZM1ETsjLxYhAE75IrECq2+XacuJxlcy7BBLEjpqlmKf9RbyYZXi4CP7N7Z+VqLHJt9DMKwNeLyHnJjND8lbgQKfnjfyCCRp1UwadBQyEOHTOFua1h4WhGCD1cULnJHEa5JJ3ZFZNhZvFTDsY3JgUojWZa4assZ9Y5I=&u=U2FsdGVkX1/0RUvcqL0b9CFCi3Joq2Vyl/wnxJ22AeY=&y=U2FsdGVkX1/5IeL2XKoGSBe+MJ3o9wlBatD1/lJh8Yo= HTTP/1.1" 200 364
190.24.107.106 - - [05/Jan/2024:13:05:27 -0500] "GET /kwssiamovil/sm/acme/s?s=U2FsdGVkX1/HrjSz8mKd3eKmJ1cXWAXDE+rsumbu9O81UAeZM2F2M93wue6wSUZg8VXgUiUAVYojefaOQRugakdCzimpBCJM9xESCvhWdtn+SNt6TWX+T0RDkD9j/JILsNcU4F+CS39nIAxemwYQMQdxVAAKkMLMp3r/1l4zVr9elA0XDVwk2DZ3s6lMwK7ziLt3dXV7v9GGV1CIveisucLmfEOUAKhsSrnfVEPIbkIpXccI180BQC5CoIBhS61KZDiDlP5E5ajH/jm35V6A7HwAB+4AhJjE7nfKnymT8Oo96LvSVpEHRFI6aW+oG5FcnxFqPV+202uFMjAPyzaivdm2v78gG0FgHuT2BfGMOyt1oAa4sIQePC/0NPKkkM0RO/fIZeZpYC4MfXqYY7gEhCobQkMU1ekP+y0sEsq2Bvuyh0ci9nrX8H+uQCF03BLXsnW3xFxkN3+v6LALquTXbbw0moseXBohLi90++mqFeC0PULQxX7HoVXeARWjtImia3yIRDkxy+/c8mSrpS5VYIJtFpQBspV9bwh7UF1jg48+WhgnqmbkKD4T27jeuwEFdqAPjmmuOek/TbgkVrbY5LBJ1BQmxh0IfAzWzKFWErnn45YPhTiFzejkC/kaO7d3vPuRwHCZz1+lPvjtI/2hHTbiHQ28jsXY4GBCbLVR8ZRVFwIxJ2eMX5yziQMjqFUSLMioBINk3LyQu25Jtq2Nn8PBoU/xZNB003XDpmhceWH0V+NtSj6/ZvZQWUsW2ZbF&u=U2FsdGVkX1/0RUvcqL0b9CFCi3Joq2Vyl/wnxJ22AeY=&y=U2FsdGVkX1/5IeL2XKoGSBe+MJ3o9wlBatD1/lJh8Yo= HTTP/1.1" 200 208
190.24.107.106 - - [05/Jan/2024:13:05:27 -0500] "GET /kwssiamovil/sm/cjson/pre?f=1&x=U2FsdGVkX1+ltF6lp/fYcRKMF8OkmRqmHAOD7QFf3SmQEiRM0BJber5LjIjrtrnY HTTP/1.1" 200 31032
156.59.198.136 - - [05/Jan/2024:13:05:32 -0500] "GET /BLA/resoluciones/RESOLUCIONES%202010/3771.pdf HTTP/1.0" 200 1295775
52.167.144.235 - - [05/Jan/2024:13:05:33 -0500] "GET /BLA/resoluciones/AUTOS%202021/6118.pdf HTTP/1.1" 304 -
201.245.166.34 - - [05/Jan/2024:13:05:35 -0500] "GET /Publicaciones/SSFFS-13946-2023.zip HTTP/1.1" 200 23197628
216.245.221.92 - - [05/Jan/2024:13:05:41 -0500] "HEAD / HTTP/1.1" 200 -
156.59.198.135 - - [05/Jan/2024:13:05:56 -0500] "GET /BLA/resoluciones/RESOLUCIONES%202010/2070.pdf HTTP/1.0" 200 197411
156.59.198.136 - - [05/Jan/2024:13:06:20 -0500] "GET /BLA/resoluciones/RESOLUCIONES%202010/2877.pdf HTTP/1.0" 200 542297
156.59.198.136 - - [05/Jan/2024:13:06:45 -0500] "GET /BLA/resoluciones/RESOLUCIONES%202010/3450.pdf HTTP/1.0" 200 739403
201.245.166.34 - - [05/Jan/2024:13:06:45 -0500] "GET /Publicaciones/SSFFS-13980-2023.zip HTTP/1.1" 200 3245633
172.22.2.4 - - [05/Jan/2024:13:05:28 -0500] "HEAD /BLA/boletinlegal/ HTTP/1.1" 200 -
156.59.198.135 - - [05/Jan/2024:13:07:09 -0500] "GET /BLA/resoluciones/RESOLUCIONES%202010/5291.pdf HTTP/1.0" 200 760507
172.22.2.4 - - [05/Jan/2024:13:07:30 -0500] "GET /BLA/boletinlegal/actos.php HTTP/1.1" 200 9648
156.59.198.136 - - [05/Jan/2024:13:07:33 -0500] "GET /BLA/resoluciones/RESOLUCIONES%202010/4083.pdf HTTP/1.0" 200 673478
65.108.31.121 - - [05/Jan/2024:13:07:35 -0500] "GET /portaldeninos/corresponsal-ambiental/ HTTP/1.1" 200 21407
181.55.68.96 - - [05/Jan/2024:13:07:48 -0500] "GET /kwssiamovil/sm/acme/a?s=U2FsdGVkX18QlMNql/pu2QDPDJH1NBa1EbPlzJohvk++63wKQP4bodAcmJAxA6vlvYrLmePrsaBUrPlsKmhbeijZ7Ci0J3L5ragB7ez1cFU15Wmvd/q5r2WnVwTiol2R2mfJE6Kw7W8e0zOepsb/E3UoJjp3sluQjJSGrgmBJw04wKS7y96CwbysjzkTlLCPJxNawIb+uVdSZ6XnmA3AZE9ncVALA2s+Hy7nheHgQ8wxtaNk1i4LDd8znBVr3oLYNYcbmnXclFLBJbrtHhCzFw==&u=U2FsdGVkX18IbV1xdyMVGb7a33HOM9MMtqbg9ZYAIKI=&y=U2FsdGVkX18n7S1TipAwEU/A277LaTmHFx8PNCsfDByHD6DrO1tLR58dvEQYI3tt HTTP/1.1" 200 26
181.55.68.96 - - [05/Jan/2024:13:07:49 -0500] "GET /kwssiamovil/sm/acme/a?s=U2FsdGVkX18FmQPNhXU4PD5G5aBc+c8JvmDwI6AwG/pBmkQlWNQe8f+Jp4wa7nWSx5dr8CLd176BF7wOKItEPGU00ONl7KbieiICd+iEx+J3bEq7LjhbBlEZkAgPDQiy3Q6TnHcVAy5h4EkRLwNWDoakqT2ar5EneCzcSFbZLX2efnp8MTbI8aEzDiVcMIaYN6RKc8u0puC0KNdtOLuNkBbnERe56iuQJXrzaIBou5GSz6wfa4d0qIdiVEXW8tn3Syz01u7JGDboEaMcQWC5EicMy7VPHwUoQcz9LG/39viHoRM1F5wpKfqGLTPmCuEYvWkdPFISXmjEQjtTC59PGz01De2bWKP78Y6RXYhSvu01wr8X4frsaNEiu5Ge2VgFGvukwQH2Vrlue5xF2nMhn1dIkwu/+LYLpD4DL9CbvB9em/NvCfuNr/KtSyaLv5rrpdnieFGCP6dJDN4PQR/pwNEZCERXVOvNTrxYrDEhn6iNtHmpwoN7QnaeJzpJdGrAoPvxreMWf6/GYhAseL1yjlEWz+k8kjad1z9JVMA4iLRduQmSGUkE5D7MiNq4yTDNRwxu7RbRwmb91JD77HrU55ACkYY6FSibAGzZvfgMpFU6iaIffu72lFHsrHnbGTuBN+gsT8Bdy/5SxfEMWgLsH6fEiwYjjOHrL2xVl4j1YcyB2qgN9dCVd8xD17G7dEge4Z/3Dae0ER8z2UdeeVcLj5AJbtahdMq6CLe4Fc20GJ1Q04+WiAxT1bvjrE6oxgc3C4F4VhqrN8d78dPlaE4NYR8IGmJrHHNYA0750bChIo0fj2pHUCPEMhoLg0JuVBaQ1ocvTtCEW1VNVerSs6pN+x2sIQ0tZWBJL0hDOXnCfQFTCPTI+D6edZbOLdM2bzhEmUD1Bg9TyzcpQW78ojLdzVIPXJTf0lAzeGVq2zU5b0mwPewqdiN+LrhCYok8a7wtcnvC3F8WfQXwyUCtC/0L2zERkyFC9P0Ec0AtJDeozI5/lBiRhG2P5rAESK7Vr2LsOmEwFnkdbRpfmynAivP+IrwSc6HC15aaprqfrCtQp93lxCxxHOZ9JDoC7HAJ9r8+Q5GIgcCgY7ot9j+AfoGrSRxzuVceiyMSUqGD9PpLPB+2KFS0Mjm/wl4QI4UUywlYhNNEl9xtfIrfnT091HQOOSyQ5YFlzfra4SwCUtikIdLMCF/ngIrEY6oUBXkIspTbKUMR78PZPnBWVuMzooXHH7I3HTxrdHADxA53hTtX7WG2jW/ziNakf/072TdNWevgMfzDk/mPzP2d7t1bcswgFDdC5HqfOpfvslNxCJuwKmU=&u=U2FsdGVkX18IbV1xdyMVGb7a33HOM9MMtqbg9ZYAIKI=&y=U2FsdGVkX18n7S1TipAwEU/A277LaTmHFx8PNCsfDByHD6DrO1tLR58dvEQYI3tt HTTP/1.1" 200 26
181.55.68.96 - - [05/Jan/2024:13:07:49 -0500] "GET /kwssiamovil/sm/acme/a?s=U2FsdGVkX1/3cVWOR3iElhePCdCCIQOYKkeLJ9cJza05X0QheJeL80veWDOXWRn4c9KcD2a3c1YI3Ttvcjflx+7qcLV9dKAnaWqQuHk8QFtlIbmkJ/CFo2V7aoZVnhzhmUz68rAIfud0kHFvQ2IZaW/ZhEEUeeyysxMiidDlSfo=&u=U2FsdGVkX18IbV1xdyMVGb7a33HOM9MMtqbg9ZYAIKI=&y=U2FsdGVkX18n7S1TipAwEU/A277LaTmHFx8PNCsfDByHD6DrO1tLR58dvEQYI3tt HTTP/1.1" 200 26
181.55.68.96 - - [05/Jan/2024:13:07:49 -0500] "GET /kwssiamovil/sm/acme/a?s=U2FsdGVkX18/y5srTa+VXL7FmqALfg8X9hRTJO0HUw2G3LC3EQGnaapv4NpC+F5B8J7/FNOKGZhLwstVzyVlSi/ukbDRh5POtWy8mDqE7/tiOJYZzErbrXpc44E3sU0ZW6pSH1SUs1U8eyIJTCz1H+UakEMOEG/bheSsQb6W6iM=&u=U2FsdGVkX18IbV1xdyMVGb7a33HOM9MMtqbg9ZYAIKI=&y=U2FsdGVkX18n7S1TipAwEU/A277LaTmHFx8PNCsfDByHD6DrO1tLR58dvEQYI3tt HTTP/1.1" 200 26
181.55.68.96 - - [05/Jan/2024:13:07:50 -0500] "GET /kwssiamovil/sm/acme/a?s=U2FsdGVkX1+U+7ixqnm45pk9NFRw5lxwp+nUEGt571fmt637Zq4VWRUgPna77c69CueLeaD2IwNglFnjQr9bNfPvHJEWo3wN7LtBNnWpMRj38Hpedx3ekS/8bec1WfHYdkDRnOc8Bq+P2RP5fTZZlAahIfDk6Fif/i4NYA5QsPQ=&u=U2FsdGVkX18IbV1xdyMVGb7a33HOM9MMtqbg9ZYAIKI=&y=U2FsdGVkX18n7S1TipAwEU/A277LaTmHFx8PNCsfDByHD6DrO1tLR58dvEQYI3tt HTTP/1.1" 200 26
181.55.68.96 - - [05/Jan/2024:13:07:50 -0500] "GET /kwssiamovil/sm/acme/a?s=U2FsdGVkX19pnPXRJM/wGmAp1RhbBUAHzk6z1AMgDEO3Zha963W/eXZhygpO6PZ48jt8nil3v9++VGXTsSSKz5ns9WRFOIR8FZMt9atYp0bqkbT67e+5gEj7m57d4YFkVr8jdRe5vS7aR94OdxyH+W1NAeEZl/Vwl+oMCu2QwHabzoeKvH7C/RpmhpsdoSYJ&u=U2FsdGVkX18IbV1xdyMVGb7a33HOM9MMtqbg9ZYAIKI=&y=U2FsdGVkX18n7S1TipAwEU/A277LaTmHFx8PNCsfDByHD6DrO1tLR58dvEQYI3tt HTTP/1.1" 200 26
156.59.198.135 - - [05/Jan/2024:13:07:57 -0500] "GET /BLA/resoluciones/RESOLUCIONES%202010/2420.pdf HTTP/1.0" 200 582347
172.22.2.4 - - [05/Jan/2024:13:06:19 -0500] "GET /BLA/boletinlegal/ HTTP/1.1" 200 56873
172.22.2.4 - - [05/Jan/2024:13:07:20 -0500] "GET /BLA/boletinlegal/ HTTP/1.1" 200 32715
201.245.166.34 - - [05/Jan/2024:13:08:04 -0500] "GET /Publicaciones/SSFFS-14013-2023.zip HTTP/1.1" 200 3842706
156.59.198.136 - - [05/Jan/2024:13:08:21 -0500] "GET /BLA/resoluciones/RESOLUCIONES%202010/4989.pdf HTTP/1.0" 200 702634
201.245.192.253 - - [05/Jan/2024:13:08:23 -0500] "POST /kwsrmcab/Wsrmcab  HTTP/1.1" 200 36937
179.1.88.61 - - [05/Jan/2024:13:08:28 -0500] "GET / HTTP/1.1" 200 4720
179.1.88.61 - - [05/Jan/2024:13:08:28 -0500] "GET /js/url.js HTTP/1.1" 404 1294
179.1.88.61 - - [05/Jan/2024:13:08:29 -0500] "GET /fonts/icomoon/style.css HTTP/1.1" 200 79820
179.1.88.61 - - [05/Jan/2024:13:08:29 -0500] "GET /css/bootstrap.min.css HTTP/1.1" 200 178212
179.1.88.61 - - [05/Jan/2024:13:08:29 -0500] "GET /css/style.css HTTP/1.1" 200 3473
156.59.198.135 - - [05/Jan/2024:13:08:47 -0500] "GET /BLA/resoluciones/RESOLUCIONES%202010/2677.pdf HTTP/1.0" 200 377918
156.59.198.135 - - [05/Jan/2024:13:09:10 -0500] "GET /BLA/resoluciones/RESOLUCIONES%202010/2381.pdf HTTP/1.0" 200 493754
66.249.66.19 - - [05/Jan/2024:13:09:16 -0500] "GET /BLA/resoluciones/RESOLUCIONES%202011/5694.pdf HTTP/1.1" 200 537555
172.22.2.4 - - [05/Jan/2024:13:08:59 -0500] "GET /BLA/boletinlegal/ HTTP/1.1" 200 20427
156.59.198.135 - - [05/Jan/2024:13:09:34 -0500] "GET /BLA/resoluciones/RESOLUCIONES%202010/4291.pdf HTTP/1.0" 200 538408
190.24.107.106 - - [05/Jan/2024:13:09:37 -0500] "OPTIONS /kwssiamovil/sm/setfile/f? HTTP/1.1" 200 13
190.24.107.106 - - [05/Jan/2024:13:09:38 -0500] "POST /kwssiamovil/sm/setfile/f? HTTP/1.1" 200 381
190.24.107.106 - - [05/Jan/2024:13:09:47 -0500] "GET /kwssiamovil/sm/acme/a?s=U2FsdGVkX1+UUpSWxuTwSVix/vGglu2uQ6+1MdNHLfiClSzSAVnqmMxQnMA/CFZsTJHxscZJZdvdsCitDaK/7xUJc1WkPxlwmjCXvle6rJCK7mcPBWUXpb1sbfiTr+AfGJbloqkSw1SeCGdqRr4h44vYO5g2mNuA4eZeV5iZw4gnkgTXWuJq9mqfDmTuDFEGCCQJhOgiVa5iwL3usgdO2vh4j+LDY4nEyQjBx5TA3Mbv99ea4ZPl9R7VTtiWUvuttUjtWx5yDYWu1OzjOcyfCA==&u=U2FsdGVkX1/0RUvcqL0b9CFCi3Joq2Vyl/wnxJ22AeY=&y=U2FsdGVkX1/5IeL2XKoGSBe+MJ3o9wlBatD1/lJh8Yo= HTTP/1.1" 200 26
190.24.107.106 - - [05/Jan/2024:13:09:48 -0500] "GET /kwssiamovil/sm/acme/a?s=U2FsdGVkX18Rvca0fiMANankyG/9KfcnO607ULBS66c8N0rCWVax9czZSXLgpsE/SiDUsCA/pXLVwiByubF7Tmfovc7jrg8ltSKBlyKHXmoBPVwezf7Z5bfBHTGJLsUVAoDxN4ARRmjFK5A9IhOeHbUciUECs/cs0YaLaT1MytRU8VOWr2wHcicaXB8brKvWXY/O7u1q+AeluCnv/nDshwWANjTbSqtBFWEXQ4eFfdAazLT0tSYM+eX64izz7AXm74/xVi2q2Zcc9I3T/9NVXsfTGSemV6vq1RoLnGrJsEB70pnXcw5D88WYTaQVH/l0XNTWEGn11kXEIZu81NTr4hPyOK70dDFV4vm9dVJ6M2mBo6G4UxuoS5sx67gyv9HFap8k9Jjg9ZpdQKjxehil5od48BZ3htVhjRh5eZdHtI/MK2Sqg9GheVSgYBJlViEHh+xukenHr+Io59KLI6gR78qMYJI42IQGIN7Upj/tLupGl3UJSuKH9t1/ELbpTvLfQiumrYlGDJ7GEYkgg6Gd+0rBPCeAzNx7s4b7Vy8E/zNZJls0ZB5T0LU7qMqhb2w8jJW1yzd1bLVbsyn47VlbivHk01/ZW6TwdQDL3tK6Gq3bKMAPa3el6QsshzETEDekM6oxT8Zxk5RecKEkb6oRiN+Wv3RCBpclAzh8wt+CyIVruYCPvQ/HudXD3+JDQ0i9FuAavqbpb5YCCoEV2HKPNl42eKokwt16eIj7Ex5k6C+zNdjZGpnQq4Pt8dMWACUnXjaqRTfCQQgtsI6weZK3EgvKkRlLGPGJHirDU3QW8bmZG/DRIDaBwsDfiF5YjnN7T+Sn0paboRAA5B1w+UxFwN/hhHo5xq2kL7B28wWVLVVHKTXa1DAxE+v8UV0Sv0mkMyagLJxLARB4cnKCBVnEx5xqytjVuTLmtHC5hwK/mTgNXiONfNF9VvP6IxdCAnGvUbWLlKDxNdwfaPx7BM9B7Uvv3GLeGoOn+jZ96i+TkIvQcXHeD1RJnkAPP7ZPkXNlMiT5IFOclW9L/aoOEQUEvn1carslOKQ56f3Lw9dWaofWXD8Zlus3qKEzhcloI25Is7laT57fwYqZCUcG9E5r1bScNIvgifVy+XvIDPw3iqVEJQymTo1R+onPVeDLYiJ5ArAhgHb1r4NHyiwgJHsMHs9aBb0fEPz7wVNKCStuYrSyJSO78d7W5LDk5/HkLg30L46d+hRpLBdonubkgqj2DT7Ez/EJ8h78rcdM5E54JZGjGVGkboIeuGZXwrP10T0mt9JGOgVlLCAFShU1fLfzdQJtU3zB+2QdYuEgc8Wvf1h/0xx5l1YyEMKD033vJE6f0nx+ss5gT77JOsOcmJ2ihkpa/WLyExOVZ4YQL71tqbZFn0oJygrTOapSw7miJMu19FUdFFe8O7/FDhJPuONFCN9pMN0Dj/hRgIkh4rpi+dbaHYyn3MUuG/IG51Yc9EYxfrlrZ4HpDTGU+DbS2pT+lfRP23dEtyP0hrUnBuqLgijISTviKubiab7jTRPciLHdx3JTjgZUh8rKKdealw8Xi3OicLjzSAGSfFz29fp4GU8eD9r+9MYQPIPqWGf2GgxroV73qDBfVBTQosAhmDZSc/RBZkVYn0qQ0/I06UFOmZB7gqsAwneCLqmpn1vTjQYKX5q3irBlRrMYmyGb/lE4hi9dJNy96MP/C+gOFvxCfa6iASPkIOvqM2qwNvjdnZ0OlXJTH3EemGqdfIMPOpqIJaT2m6qCGIMVVsY/f3JgWQO4supm/urQi98rhB3steectFH2F8dFBd305Hzo6d6MaK3ik9iVbesU8KKPc1jPDwhejwtIOVe9YSX6eioxRsPieCgbQkG+io4Pjwp8OgyVFLV1JWK1khoFTl244DmfM1f1QjyRsQNvntylsBbdQlCmEbzlk2XX1iNW2LLkQ1HEBUbAPQUabo1IRp6mizxeRlMxSIaSlhZgLYjJPAapqcN65lctISU1CRQfSY3R03Q0b14+NEQ088tqogoWjqA3+FNx4ufAoJuKRYV5rVWxKqY9aapYoTKV8vDdAfRVJuOG6hPhGCuAaB83GGz7/0QQULxaaICstA2uSZHCLUGEtIfgTBjF/NgJ3NQ8IliKy/lmKJlR7SVaj7jvFJWWC1DOA9ie+NJYIWytAP5oMCpOexkLS++92/KsYnkCjslUHzzwy4htImyzktfBrK2nQLTr15BJrT6gXCbmuNWGjjg/4q7TyQLUztzYHlSdGwrogmkM36dy8J0OoOLnUa0MzPxyV3OyYaHLiZLZXwzLOKReyuulEgdKYGIOS4Jt6BJ5F+VLFAP1CmCCvINptKxHDOknfTwFex8sOyCMVV4PwNVuomnwfZ6YYr2cly5Wpjf1ZrCeNcEFz0+qsKhz3jHhiOJKmKF5VacN16zrp2XR3OIVr2Qw0aCCAP9PRjfhpZKZmEx/JE1mtQfZ65HTiQPLosJq8ywK413tBELf0Bdn3TrvoG+9W9+n9b6TK6jRLSJ54ZqSU8xwhiQfdskiVLJmAkwYwpd1FJc9RIgi2IxGmPAdchA6SqB2wgl/e9rOQjJGKQrEfvREEpUtBUiKaGyYp9NDUI5SuQ3DTRCJXCiz3t6wiRxmWvaEKbr+y0ILkcYNh+Q8AcoVruKU8SlLVnE05+9UuJBWMxHEjt3osHmU+yqR2aYy+P8WLR/b9AcRa5QxRHuWn/Ywr00RQfFIVAP4+n7DIAqFu387xRAqeURIgrjPu8xUrokPYQuTQsuicaAzYZbmCg==&u=U2FsdGVkX1/0RUvcqL0b9CFCi3Joq2Vyl/wnxJ22AeY=&y=U2FsdGVkX1/5IeL2XKoGSBe+MJ3o9wlBatD1/lJh8Yo= HTTP/1.1" 200 26
190.24.107.106 - - [05/Jan/2024:13:09:48 -0500] "GET /kwssiamovil/sm/acme/a?s=U2FsdGVkX19EhNmoDHJRu/1FP2xdCwmJUgTdpJR1fdPZZ9fYFgCahpN/E2sQxEScY8d93vm5ByBf4ze9AqZSibygq1R38t+fkZ/SKKe+Y/Sygmhir6NbyxMcWJTEb+HzxEkQVjLbOlDX5rJpsr1vTdOCf5rFtNtalCGxXf8zNh0=&u=U2FsdGVkX1/0RUvcqL0b9CFCi3Joq2Vyl/wnxJ22AeY=&y=U2FsdGVkX1/5IeL2XKoGSBe+MJ3o9wlBatD1/lJh8Yo= HTTP/1.1" 200 26
190.24.107.106 - - [05/Jan/2024:13:09:48 -0500] "GET /kwssiamovil/sm/acme/a?s=U2FsdGVkX19+e237Z97ev47M36KUPi4XMmoYk416FEkVbqeJXYtFHhJOFJxez7t6lipF1CsTS7Ab1ukDS2Ucc4CI2T15xvph3MugU0XakJAtiPyY2lGVLMv7ZSjHNPnuQUE0WdvAXeFMoBA8M0p/jmuRyWa/4633K1mhIb0p+4M=&u=U2FsdGVkX1/0RUvcqL0b9CFCi3Joq2Vyl/wnxJ22AeY=&y=U2FsdGVkX1/5IeL2XKoGSBe+MJ3o9wlBatD1/lJh8Yo= HTTP/1.1" 200 26
