186.102.81.229 - - [05/Jan/2024:12:25:30 -0500] "GET /kwssiamovil/sm/acme/u?s=U2FsdGVkX1/DfF5hX63tFgQDKeIQtswGeTul9nEtvI+YPzyJ7Xya2/wVSMyQdGKlc4V2dZ45nVZ0j+u7cr4EUCHBX2dFg8mFZyxnysP83BvNgM6/CJlI4w7Tun1Vqka3&u=U2FsdGVkX18P9N73NzlY2XnTfy6kjwxP5Xf40iqAOuvMd9dSZJVIPn4aw5idzLkj&y=U2FsdGVkX191etfxj9dvqVYW23+PM++58+fZtDI23Ivx3+ApnpzovgaJqfY5uXpo HTTP/1.1" 200 60
186.102.81.229 - - [05/Jan/2024:12:25:31 -0500] "GET /kwssiamovil/sm/acme/a?s=U2FsdGVkX19EaKoe/AsYwHmmZrBQl7vCAlNjKinccpcD/HEQZMzRecgzkBfaos41z926KZOSVddtHENV4i2NbkpoCd/baEK6Q/GSyu5rOjo4YyU6bpVBYVEi50FO3HzdNCnRO/VvdS19rWqtz5zEEzWYGc8t1E2E1iEs95Yu14I=&u=U2FsdGVkX18P9N73NzlY2XnTfy6kjwxP5Xf40iqAOuvMd9dSZJVIPn4aw5idzLkj&y=U2FsdGVkX191etfxj9dvqVYW23+PM++58+fZtDI23Ivx3+ApnpzovgaJqfY5uXpo HTTP/1.1" 200 26
186.102.81.229 - - [05/Jan/2024:12:25:31 -0500] "GET /kwssiamovil/sm/acme/a?s=U2FsdGVkX18MSqLlGvxx2iBkfhKvO5yxa2kbrvfjfiBaANK1Wr2bU4rxRIzjmsQ6UR9Iz13bMgaYJSDlTvPHBO2l/Y9YW9eI1Aq6q/mSmGxCChqpLFmovDDWkx1uEB/cXtt1YBt44EFQJMuqCCYHazXIjlyxtLHRBqbp32+NB7TxZsMjFoBjSohzxreV0ekf&u=U2FsdGVkX18P9N73NzlY2XnTfy6kjwxP5Xf40iqAOuvMd9dSZJVIPn4aw5idzLkj&y=U2FsdGVkX191etfxj9dvqVYW23+PM++58+fZtDI23Ivx3+ApnpzovgaJqfY5uXpo HTTP/1.1" 200 24
186.102.81.229 - - [05/Jan/2024:12:25:31 -0500] "GET /kwssiamovil/sm/acme/a?s=U2FsdGVkX1/zGLXrzaMpaSYRqSWUHIfO3Q877uMOj5Qfir3+x7ZeWydng1PlDkd1xCSPJNe6eLbvi5mepmpiRmtOeAGFr33K7nES/hByZQ81ABrgedAnP8xOXQTpnutLKixbnjn0H0qH0RoKgbq6Rq8hu5RElXfHlQ+QzQFCLUJS/cBmx8zSFf0OalE6SBcfr3oQSGxj4R9mx7MbN5tJ4Rm2WaDBwTBYg/yVbVMI0zufRMm76RkLXYt2ZcPjyAoOZ5oyH4XnFeAiWlI3G/2IEH/P+dXEQgW9n2eYAByVpM76rP6yGlKG/6sMUfHuLT/hSjGJTeI7qUlgRss/bhmgsABI16JbTAZ64aJDLVlU8gtrr1UUFomx4Qb3ryl/faJdN77dQZlWv8Jb8o0SwWL7Pw==&u=U2FsdGVkX18P9N73NzlY2XnTfy6kjwxP5Xf40iqAOuvMd9dSZJVIPn4aw5idzLkj&y=U2FsdGVkX191etfxj9dvqVYW23+PM++58+fZtDI23Ivx3+ApnpzovgaJqfY5uXpo HTTP/1.1" 200 24
186.102.81.229 - - [05/Jan/2024:12:25:31 -0500] "GET /kwssiamovil/sm/acme/a?s=U2FsdGVkX1+4dlA1sFkdXap6+SgEUkVaJgh3xhqvovH0XskEoKMsduJO1LBK1MuJkprL5m0juF2PLlgtXT4uSJl5/FKBaf7iNX5zJyGqBRXWp41K82RKwQwNWt+zSyocQjolsT3r26+Pvec2ulrX+XdDNcX8YPAipseAUOXkf5Igrey2agcwJ7ux2sKiKY8ttdqL+wbTRHKZT4+HtIqG+c15AX2NonDT+YXBvNx1hjzUIIImiWK/xDt5je7SOhgCt9cwVx6g8BGhDQrclYa3QYlEJof04FhnC5k3Qu63nlfkOEJ2lm6c4VgwQ6Ek3DwiVWZVOBDe8NmMuplOAAjpONypQRdP/CwgMBCgfi1IgNuVkX0rU35P1W+kukRVFyNh&u=U2FsdGVkX18P9N73NzlY2XnTfy6kjwxP5Xf40iqAOuvMd9dSZJVIPn4aw5idzLkj&y=U2FsdGVkX191etfxj9dvqVYW23+PM++58+fZtDI23Ivx3+ApnpzovgaJqfY5uXpo HTTP/1.1" 200 26
186.102.81.229 - - [05/Jan/2024:12:25:32 -0500] "GET /kwssiamovil/sm/acme/a?s=U2FsdGVkX181aLRIhrRu0N3nEYbCSYPD42GN1xBJN7YAHBD+s0GfertzvOqZtCYbT+M/WEW9m/C9vXplVC0QadYwxjbkg6J4Tk3G1E6IQNg+g7jdKFIttROakWlrlsiyB+o0/CGeeUL+4dZG9EvrZStPQ+D4tgrjrjZuKqwmpLpvUHL/YcKSpA/aN1TaMyPH&u=U2FsdGVkX18P9N73NzlY2XnTfy6kjwxP5Xf40iqAOuvMd9dSZJVIPn4aw5idzLkj&y=U2FsdGVkX191etfxj9dvqVYW23+PM++58+fZtDI23Ivx3+ApnpzovgaJqfY5uXpo HTTP/1.1" 200 24
186.102.81.229 - - [05/Jan/2024:12:25:32 -0500] "GET /kwssiamovil/sm/acme/a?s=U2FsdGVkX18eMhsrhjqekYt9If0fWz63T2mQ1F7A5FTi93cARDqyln7vJppF1QTntnHDbF212ja12s9hHvsnppErGMmXAicpTUvz8L+/ffq+8ktAMefwtoPdg8gkKc5xZ4sR9t54Ce2uCBkjS5NkgPOIbNvuqbquPo47aJ0HOLo=&u=U2FsdGVkX18P9N73NzlY2XnTfy6kjwxP5Xf40iqAOuvMd9dSZJVIPn4aw5idzLkj&y=U2FsdGVkX191etfxj9dvqVYW23+PM++58+fZtDI23Ivx3+ApnpzovgaJqfY5uXpo HTTP/1.1" 200 26
156.59.198.135 - - [05/Jan/2024:12:25:40 -0500] "GET /BLA/resoluciones/RESOLUCIONES%202010/2829.pdf HTTP/1.0" 200 317000
216.245.221.92 - - [05/Jan/2024:12:25:41 -0500] "HEAD / HTTP/1.1" 200 -
181.225.101.131 - - [05/Jan/2024:12:20:32 -0500] "POST /forms/lservlet;jsessionid=ac16012b30d6c530a17f420a4b8692348b271c5a01d4.e3iSbxaKaheRe34Rb3eTbx8LaNb0n6jAmljGr5XDqQLvpAe HTTP/1.1" 400 945
156.59.198.136 - - [05/Jan/2024:12:26:05 -0500] "GET /BLA/resoluciones/RESOLUCIONES%202010/2096.pdf HTTP/1.0" 200 606617
172.22.2.4 - - [05/Jan/2024:12:24:38 -0500] "HEAD /BLA/boletinlegal/ HTTP/1.1" 200 -
173.252.79.120 - - [05/Jan/2024:12:26:23 -0500] "GET /images/Acuerdos%2001%20(1)%20(1).jpeg HTTP/1.1" 200 32884
186.102.81.229 - - [05/Jan/2024:12:26:25 -0500] "OPTIONS /kwssiamovil/sm/setfile/f? HTTP/1.1" 200 13
186.102.81.229 - - [05/Jan/2024:12:26:25 -0500] "POST /kwssiamovil/sm/setfile/f? HTTP/1.1" 200 381
186.102.81.229 - - [05/Jan/2024:12:26:29 -0500] "OPTIONS /kwssiamovil/sm/setfile/f? HTTP/1.1" 200 13
47.128.110.28 - - [05/Jan/2024:12:26:31 -0500] "GET /BLA/resoluciones/index.php?dir=RESOLUCIONES%201996%2F&order=desc&sort=name HTTP/1.1" 200 9136
186.102.81.229 - - [05/Jan/2024:12:26:29 -0500] "POST /kwssiamovil/sm/setfile/f? HTTP/1.1" 200 381
47.128.110.28 - - [05/Jan/2024:12:26:32 -0500] "GET /BLA/resoluciones/dlf/dirup.png HTTP/1.1" 200 644
47.128.110.28 - - [05/Jan/2024:12:26:32 -0500] "GET /BLA/resoluciones/dlf/pdf.gif HTTP/1.1" 200 272
186.102.81.229 - - [05/Jan/2024:12:26:32 -0500] "OPTIONS /kwssiamovil/sm/setfile/f? HTTP/1.1" 200 13
186.102.81.229 - - [05/Jan/2024:12:26:32 -0500] "POST /kwssiamovil/sm/setfile/f? HTTP/1.1" 200 381
186.102.81.229 - - [05/Jan/2024:12:26:36 -0500] "OPTIONS /kwssiamovil/sm/setfile/f? HTTP/1.1" 200 13
186.102.81.229 - - [05/Jan/2024:12:26:36 -0500] "POST /kwssiamovil/sm/setfile/f? HTTP/1.1" 200 381
186.102.81.229 - - [05/Jan/2024:12:26:44 -0500] "GET /kwssiamovil/sm/acme/a?s=U2FsdGVkX1/j+ZChsc2K7MJwMk0vDEK1MpGKf4gVRmPkvOjJjB3jxH/GyzBi2PGVNHPQRh4Gd308FfLfWVzrJBzxczRJMjRbhA8dEdH3zrWMMUsEu/av1GoHEgZy6jDYDF/TSYuVF8/ANkzd/UscGJSajcV8ApK+n83DCGdz7S+/i938lohTsNK/f7SxcwG5Ts+H+X3wYF76oE4WzPouUdrVWybKNL3+Ky5si6GI/3P/leHYPShDq1jmm4qZ2DNsZc1mQCeWF+DHcYYnIq2qFA==&u=U2FsdGVkX18P9N73NzlY2XnTfy6kjwxP5Xf40iqAOuvMd9dSZJVIPn4aw5idzLkj&y=U2FsdGVkX191etfxj9dvqVYW23+PM++58+fZtDI23Ivx3+ApnpzovgaJqfY5uXpo HTTP/1.1" 200 26
186.102.81.229 - - [05/Jan/2024:12:26:45 -0500] "GET /kwssiamovil/sm/acme/a?s=U2FsdGVkX184y0qgabY6jbvJN7Q2OfLXMvrQIOAu4bilC5kTslJZHxIZ/tMZOD5I2vO2QhYLto0sn/9WjI6bHPF6vbzvkOd7uST84p6hHQ6FgVTPfp4Dfj1mWrndJpmfM1CuxMJUENDkrEo4yb8YV955/NcEMB8a41OKMVDUpIpEsPYk/JLIfG6Qj49POEEze6bx5lzlUF6Diwmrn7ThSWXV1PJUQ4mwSQSJLeBlUkutCVZvc9DT+kgPBms5LWPsWhJrIuJm+aOlfKBrhCMAt9mi4cs7H6g+saFX36N+GFgzah54Y6X5XMDjyQZFDyRKzDgthouTclC+DueB2EI9esWZE+MyJEPcZoun+nE5Qs0=&u=U2FsdGVkX18P9N73NzlY2XnTfy6kjwxP5Xf40iqAOuvMd9dSZJVIPn4aw5idzLkj&y=U2FsdGVkX191etfxj9dvqVYW23+PM++58+fZtDI23Ivx3+ApnpzovgaJqfY5uXpo HTTP/1.1" 200 25
186.102.81.229 - - [05/Jan/2024:12:26:46 -0500] "GET /kwssiamovil/sm/acme/a?s=U2FsdGVkX188BySc2uvejlteR7WfRXc1UI9A8iWIIKXaXjmZQC4PRx2gjFlNg7VAXLZIpSlQcgoITGnt3BtMy24owU1SjquH7AeSFO8ko6k4a9lV7wLU4gJJ79MuK2emdWI6VQNJRwI0Pb7bxMPgLOds+qzc7kgjGwIaVD8Zwnse9pWVWNKhllRj81KbBh1bwFpr5VV3cM7LgtuuB22qxOhd40KhxrgxYvjNvFPpJr573rpaVd55ehmgE7RxAsCqHMOM+kypykNvSqJYWc8Jo+tDklEgxxRPrtYYYEI1dAbd6YOnHoyqGTNjKFdLU97g8femmnMNVdwPlLcJ8In1gGqfNNotoa54yX795i1hXZ/9MNH9mwGu3E8g4QIQ8PASoLXNpI20aocO5/NlIKVDpTH0ouhxQQvS1rpKzXvO8AIdWPRxAtr/8WTeQTT8bbP5rciTWtq2QtVk7FwHH3+kcEpEAYYaL7pk9HmsoiU9+93QEqGSGsONBJQO+kakRsDFHGcTbD9OP67ngUwDXbeSiNtcVbjdstq2alURPeOzNpPNuVPxY0LIP02MXzfNqVDUnX45mVxtbiHKL7ym3LONmrWTFPKIoNWQmLbBkwy04eDVUviGDqX0/7cWGSagMme28a47lplhqZoxc+lxauuOZDHc3KVcJKGBiKyloRjYdZ4JBNWZdeMKMzLvspHBhY3fyguYYK+lGsURW0MO/IXjG/HaYgnW+Boa3IpWfGqMZL7DvQf1dW7VntFicHCLFDWydy5Z10RKGJ0GeTek4ZB8Xj0GlmRysejExCy0LxuKRpd6wOT3OQ1rkZl1R55C0L/bsxT5b4+7xFqq1u8K/4sjMIKB9S5/yQGU7r87cvU4ThSHFcCT4Cwb91tTTnbGvqH744jx/1lFeg6qUIqipA3k2GemKngUi0k2DT2V8yNsgy+7+MXCHXcO8Kb8fHXkvZEqnxaDHXq1wY6Gntf69ZGLrUo8gDoPkF/vbnj6eVDVMLLJA8YY/UfUscMQcUHSmMgDzez1y/rinuivoKIk3SJWLji+bfdkwqrBHWc1YmLDMBNxIbiQ+kGeHpldYZcnENN4ASijLHw3iuVKVpcg4eqfUMeFkdF7L4Mw+E1Ncyh5VgZVTY7ARTYSUs/63+3qca5qRsI+vusDgA+S2LCaTcy/uKadTHMtM5sLTWkXhqDlpoN2CQCTZffPohA1nSsf/2aipG9uNDcmCMrra93I0++KNqeTkhCtt9FEfkI4CMkoE+bDgFvUiAh6WDxPvvM0IAukzNHWk8fA3I8JxnJjVLej1UEImQBO0J8aeGJtRRC/OqpQzVyYVk25GBNjVLfW34LuqNHDzp8Zi0MAOEgs/ZFeK/PWP+vlBR6jYLTRinrKGpJiUKUBtdBPxdaXa7NgtelgumPgwv9/oUqDBKVfjHBnF9kWMZghKYPco/krOYH6OpBYh0ItzRWO9G3y8sygT4AHUT943uquz4bnlq20vmbUVdPiuyKTgca9V38tImddrNPFpaEaFBiZFLTcuxdr9a8fpZwjN4wTng1zSybji6KOPBHDC/lfgmvGwjyN0tq0MkSm2DS+n8RFqoeG9XUQORKmAvFFUyOX/W2coCLRVUybZFHQkX674+MvnDQqF9h+urwf+eETXhKs05Xcnms+4ptmiXfN65kwD/iP+L5Ki1vyPXGxyqMiM/UKr9UY35yitvDf7GGk/WxmFPVn6Y8/yLDCFfXp9thCCKdsE2eWZpotKBZsDMEF3yAIb/XHVcfxzg3WxiBvNLrKF0QIPqk9FQpE5E+xy7qXrUW1tMqbWLLRiV6n5okixL0Y2amS03+nOiyVjepJQMMVTLZJRzY66JNZS2GYAYxcM//ZMAmMHQ+4JOY+xYJtK1g/COfyhQ98FnsOKRXxIBfbHwNgOPqgILFKMxG881YzL/ZbEsSegHn9kcv1K05jfVSfUOJDGbFfEZTp2sooM3vPXZ6Kna22ts4aldbieK4Qpv5VAadzwMaZgFL1lfLtQ7DP2BHxWHfxramWh71mQUsvA4EfFqBEgNnQGPqzPT0/AFGSL8etlEdA4Y1EsqkRwTFHDf/AplnPTEQBPiqSSsLtXVblxf08hm+ATRN1HTRcR1phAFmI4AtJ8AnXPcIxHuum5yPY4MgkUTgtWzAvOfW7XUK0uPjf719nf5+mnzc0Wn2JqrOWyJq8SjlCr/9wB2OTqILQAsvQT2rtBo+gyM9mUFgbB+m68aqueAOYPfR5mMLXN01uGoip9b5viREXPP7dCIWTiVP7RdTAWkelzM2ociw/FAISvUIcswKGlFGlrB62bK77ut4Gkcy2iyC6p79pETcfXxZChufo1zMJa+EDjrE+2WJ7jUbonYTmJj8EocvX67mbpNxUpFEYHpSVNxaXb7ywg79qGbgTGWok9nALEjEeUhcqyA7AZ6PMx1SBFdzD9uxO2P53GNEU9EDF8aeRrgeCP+zbp4IzJ7kkZxAvPR80c5NwQCKG53dsajuU753HjXrfAZxwXDRivXNkDNYcmTeJG0l2tH5H6PpdnyvrfPbjwpjthn9iOb6iXL+RRqixyz2rk6/JVt/Li/03+ueUX53n3BJijGDjXLz5ZO9IZfG3rOK8ZTeFHu7HIQARGaYjANj/MpGzn11nSYF6Fy1IzP5cajQq7dbHNu58oZSweUhTNrmGyVlf+cbC0peb2qByQH1t/4bxXCg9+FE4qvHVUVxEekMqiu4rJOYiiq5h/a/qcKJW0YvGMEsjW1UlAVEPSU4rYihaXlHIbvXLdPXY+WaFtfKoRAqNeYG+EZAmP52Hz0MX/TpsKR+dWLea8Zw7EKnV3MQEsZv/QhVI420mwjeU4nuHL2w=&u=U2FsdGVkX18P9N73NzlY2XnTfy6kjwxP5Xf40iqAOuvMd9dSZJVIPn4aw5idzLkj&y=U2FsdGVkX191etfxj9dvqVYW23+PM++58+fZtDI23Ivx3+ApnpzovgaJqfY5uXpo HTTP/1.1" 200 24
186.102.81.229 - - [05/Jan/2024:12:26:46 -0500] "GET /kwssiamovil/sm/acme/a?s=U2FsdGVkX18R8G+VabgmRAxHTnq2grFlD5PBIMUVOLob5JovbowsdFxzvarcINWV7m0K+KmCl0tmCrgFF5lxESyBqIbV8DCmh8WAVUlAIZ/9lYx+6XxdbI1hPBjvyMVpYjqfkYF1pDtOsvv2ncXSC2WoIqeFJjHd6bVkm8KhC78=&u=U2FsdGVkX18P9N73NzlY2XnTfy6kjwxP5Xf40iqAOuvMd9dSZJVIPn4aw5idzLkj&y=U2FsdGVkX191etfxj9dvqVYW23+PM++58+fZtDI23Ivx3+ApnpzovgaJqfY5uXpo HTTP/1.1" 200 26
186.102.81.229 - - [05/Jan/2024:12:26:46 -0500] "GET /kwssiamovil/sm/acme/a?s=U2FsdGVkX1+NEvd6PzS5ySQuR6HMxuvcrCmfAIxTTm/6Iei7FWDD1NcszO4a5FxqwVWqh4vPuxpLGEEX3N0x1u4nVRWe/vgjy8L23GeLJKrkHwSpD6sgzU3WxJxcPhNki3UOsx3TfqG56SfyTQsoO9D2Wk6tHjDezF4AMzjanLM=&u=U2FsdGVkX18P9N73NzlY2XnTfy6kjwxP5Xf40iqAOuvMd9dSZJVIPn4aw5idzLkj&y=U2FsdGVkX191etfxj9dvqVYW23+PM++58+fZtDI23Ivx3+ApnpzovgaJqfY5uXpo HTTP/1.1" 200 24
186.102.81.229 - - [05/Jan/2024:12:26:47 -0500] "GET /kwssiamovil/sm/acme/a?s=U2FsdGVkX19hr2P7aqQwpA4MWchoI3zJkW8o+Qihz9XDl28YlGSnoQLYoCAQc8JxeE7R3wjwlOuwgqX2qcClckviQ5ZfaqqzdVfPJQyakwjBSLJJAldtOSMytlkV/wfCg3Bdmff0SVkrgMHLhbu7r2f94mzj5naywZOQ6hH1I2c=&u=U2FsdGVkX18P9N73NzlY2XnTfy6kjwxP5Xf40iqAOuvMd9dSZJVIPn4aw5idzLkj&y=U2FsdGVkX191etfxj9dvqVYW23+PM++58+fZtDI23Ivx3+ApnpzovgaJqfY5uXpo HTTP/1.1" 200 24
186.102.81.229 - - [05/Jan/2024:12:26:47 -0500] "GET /kwssiamovil/sm/acme/a?s=U2FsdGVkX1/PpLSlgtpyafk0B1DAYly5vqdsyoBJdML1cbOBGV+QhGHnbkqzwRpDozKakao+zXY9RQ9xlOZXv3qdCQPv3vlEOvfe7nEFgxYdNkJiyVrdFwvdDc1PTixb/p7Egk5na8FYT9Ng0gnD0U0K0xFL7ukKLg5trAgO+HIbRNHIHHAh0FHjC1Wx4E2l&u=U2FsdGVkX18P9N73NzlY2XnTfy6kjwxP5Xf40iqAOuvMd9dSZJVIPn4aw5idzLkj&y=U2FsdGVkX191etfxj9dvqVYW23+PM++58+fZtDI23Ivx3+ApnpzovgaJqfY5uXpo HTTP/1.1" 200 24
186.102.81.229 - - [05/Jan/2024:12:26:47 -0500] "GET /kwssiamovil/sm/acme/a?s=U2FsdGVkX199xutYrkHqOdmEZPAhpVwousgGtZbtzLo4oRF9r601HNQogOQXkqKbzPOSIA0hS3ke90z26iItnlVVsCyiaeE73dhLv0Yew7fM0/Sro50MSXGL2qMhgSid3AFd59kISfOrqa589aydJZK1JkYobRmzwvsyZYylHH2+koMvj1txBFFjdOXUsNwlz+s5bRHRhGVxrI/jbrCwlg==&u=U2FsdGVkX18P9N73NzlY2XnTfy6kjwxP5Xf40iqAOuvMd9dSZJVIPn4aw5idzLkj&y=U2FsdGVkX191etfxj9dvqVYW23+PM++58+fZtDI23Ivx3+ApnpzovgaJqfY5uXpo HTTP/1.1" 200 24
186.102.81.229 - - [05/Jan/2024:12:26:48 -0500] "GET /kwssiamovil/sm/acme/a?s=U2FsdGVkX1/Hs3/vUM5S/4Aak7U0lv4R6wZISxQ40Guh3+7YAsgJkX5v0KY3dyMH2tC8rfXJMc1v9xDhMTaz4jdcXJlv+Ut077MpIbNEVb08FMsciU0fELcSKY2oV2uKb9eewIiYxRTiv82S9c3x4X5DEccTI/Wjwul2g8yc8AVAuZlTP5SkCQ+dheayZCNSJS/3b6/U7vE69x1oEYoNohIY+wFFJh+8DnvBkdeL068+q963s0gjF3M4lOCMxZ6247F7etMbnnUFwDbA5Tc++wR3YvkByREQ6iDDayGf0i88g6kQGoBqig9/qcl8bpX5CQNXa1TjtoOmv3CEgmuX+ThfntjP4od76BU6yfiJxvVqswc4EpB3vr8Gk5VEOw9UvsOGMj2Xm600HxFWHnk0KZP8DnGXYtUSWVRWHtSXRSSf1xJUQIILw73MKJgrBQS0ENs8SRsomsDcplqgvg86io0+wf8hgptxhNbnaZ7cBciKJ7TkPcZD+SoZn6nqV/Xx&u=U2FsdGVkX18P9N73NzlY2XnTfy6kjwxP5Xf40iqAOuvMd9dSZJVIPn4aw5idzLkj&y=U2FsdGVkX191etfxj9dvqVYW23+PM++58+fZtDI23Ivx3+ApnpzovgaJqfY5uXpo HTTP/1.1" 200 24
186.102.81.229 - - [05/Jan/2024:12:26:48 -0500] "GET /kwssiamovil/sm/acme/a?s=U2FsdGVkX19j8poeReq9OFyX2nbxXQJFdoOMzJSp2dLThlDotyuAv+06+ABsdfYcKrU+cKeSjawU6bMMpidXRfaS2nEynSfRElCHjknOWbftuK4QIQGwgr03ge0fgf8ueY0doAdancUfp7t2kslTTylPNmVZbZbN1XaklVd/Xfmo4PKNIdAcSp5unYxTCsCPMPhpSscg3nkxag77HHk4/w==&u=U2FsdGVkX18P9N73NzlY2XnTfy6kjwxP5Xf40iqAOuvMd9dSZJVIPn4aw5idzLkj&y=U2FsdGVkX191etfxj9dvqVYW23+PM++58+fZtDI23Ivx3+ApnpzovgaJqfY5uXpo HTTP/1.1" 200 26
186.102.81.229 - - [05/Jan/2024:12:26:49 -0500] "GET /kwssiamovil/sm/acme/a?s=U2FsdGVkX1/h848PzDLQyIi2XC7KJdo919aJfCw0XzZu3UQRcNrPyzfJfj132LwRQ1DgwMHqXyiJ8tmuVD7SwJiDGBbsuUJrLwvSgIL8UJzr135LcXWHLsMPwiV8AeGL1Q2Vj9a93ytS3ghc48T/GYSRazHU91IcN5IiyNqh2Rq2OCgN72w6Mxsl4D32GGs5M33EPwjAl3XeAo68CD50K+wHAUViHMwqaJwieE6llc49K6rACxLu1hgGMvWGfaHe0IKpHAacIcoS/52xwAXLwROfcoCvztT2xQSvaBgEea3Du/X84d4OahUM5A1X8s8SbcsxlQsK1sh0KWi0Lz/gcIUtfEal3g5b8DsyDc3G49d8SeYP6yRlZrNd7hSYKFDZmW7scZoevPmyIyTw2FHnb51b/lBoJGEP7tKf6QPSKnD/rJrC7Vr5sxGQNXqLt6qtp9SOenhq1D49Fl3U3s3onQ==&u=U2FsdGVkX18P9N73NzlY2XnTfy6kjwxP5Xf40iqAOuvMd9dSZJVIPn4aw5idzLkj&y=U2FsdGVkX191etfxj9dvqVYW23+PM++58+fZtDI23Ivx3+ApnpzovgaJqfY5uXpo HTTP/1.1" 200 26
186.102.81.229 - - [05/Jan/2024:12:26:49 -0500] "GET /kwssiamovil/sm/acme/a?s=U2FsdGVkX1/xzyz4VwJT4rPgqHKySJgq87Ofh8HnjtllX6VL/6z3pNkcYwj+OhvVIJ4NVNcBH9dGZwSmCrhOpp2NCQibv3CbQDWMwS/debhLapfQoBi7xiPp2uPfbHXsFbAgO+PN7lcfE0mS31kzzaSDLiT40iWA1t0DEioJDoKXhOssM/voJgeDvUA2LAvm&u=U2FsdGVkX18P9N73NzlY2XnTfy6kjwxP5Xf40iqAOuvMd9dSZJVIPn4aw5idzLkj&y=U2FsdGVkX191etfxj9dvqVYW23+PM++58+fZtDI23Ivx3+ApnpzovgaJqfY5uXpo HTTP/1.1" 200 24
186.102.81.229 - - [05/Jan/2024:12:26:49 -0500] "GET /kwssiamovil/sm/acme/a?s=U2FsdGVkX18E6r4GBoDL4yAEQo5ynZlDB6KBi4wQ76AgbPLzKUWGioqeVFYJC6/hF2s7SKXxl6/8QyG9vabbdYW4MsUo/M1z10qKG2vTYSpjdP2d6Z6ezWpgo+PxdW6JC5KP1jz8HV1PVlzr9g/bT5ndQJvTbh4OYXAIODKPK6QxeQqMvXQd37aDFM3u71mDTNrJwKm64iUj229J/299SxxNCOI1ZDE50KVE9Jg9514=&u=U2FsdGVkX18P9N73NzlY2XnTfy6kjwxP5Xf40iqAOuvMd9dSZJVIPn4aw5idzLkj&y=U2FsdGVkX191etfxj9dvqVYW23+PM++58+fZtDI23Ivx3+ApnpzovgaJqfY5uXpo HTTP/1.1" 200 24
186.102.81.229 - - [05/Jan/2024:12:26:50 -0500] "GET /kwssiamovil/sm/acme/a?s=U2FsdGVkX18EORMyNX9ecyFkBfr81IZj/w/ga01YvYqx9HgXk0QL7gL8dmuY79L/5i++trq4H68R4a+JJ9clNFvkjfM2roTNVhzc55DPXDKfp7kYHShkVXkMtTtw/eEDCU+t0sKQ93jY9lMA33BUe1QIO9+gpVmiSSKlblXy21Y=&u=U2FsdGVkX18P9N73NzlY2XnTfy6kjwxP5Xf40iqAOuvMd9dSZJVIPn4aw5idzLkj&y=U2FsdGVkX191etfxj9dvqVYW23+PM++58+fZtDI23Ivx3+ApnpzovgaJqfY5uXpo HTTP/1.1" 200 26
186.102.81.229 - - [05/Jan/2024:12:26:50 -0500] "GET /kwssiamovil/sm/acme/a?s=U2FsdGVkX184gcoxCuJvF0DQNX4rdeGzUn9yGTdsjcXUCmcsv3WlXeRo4HUaDPtZSn8eFP5Ynchb5sVTXWeHsRBwyZ/bPdDrdbMccBAL3SL8OADn+hernzAE8y65I9fjhgmvdKYZPzsXpOohtx13WTFYH+2fJ8BDV9ZVLfrv85NSum59Sa1O15Y2feIH8GuQpBZPw21vCjhWSncznwoaUg==&u=U2FsdGVkX18P9N73NzlY2XnTfy6kjwxP5Xf40iqAOuvMd9dSZJVIPn4aw5idzLkj&y=U2FsdGVkX191etfxj9dvqVYW23+PM++58+fZtDI23Ivx3+ApnpzovgaJqfY5uXpo HTTP/1.1" 200 26
186.102.81.229 - - [05/Jan/2024:12:26:50 -0500] "GET /kwssiamovil/sm/acme/a?s=U2FsdGVkX1/7YNY4othAF3J2toa8UcySAt+0yozcFhgInxuSdyswvtcCUl/XwYDqf2+3PCrjxZc5Bzc3P8L3DawlbJdNRROO5mdGBI2m0aiI18nlOXVoPVW+NI5mnojD71s8xofltcN6aL9B4MIjt6dMU+/Hq9t8hM8rwl8QxsuBoaGOAOkalAB+xhRlyu8mn2n7zkkeB+selbmwFb7Pww7fvk+kZ0Kyt8vPP7RY8cQ=&u=U2FsdGVkX18P9N73NzlY2XnTfy6kjwxP5Xf40iqAOuvMd9dSZJVIPn4aw5idzLkj&y=U2FsdGVkX191etfxj9dvqVYW23+PM++58+fZtDI23Ivx3+ApnpzovgaJqfY5uXpo HTTP/1.1" 200 24
172.22.2.4 - - [05/Jan/2024:12:25:54 -0500] "GET /BLA/boletinlegal/ HTTP/1.1" 200 32715
186.102.81.229 - - [05/Jan/2024:12:26:51 -0500] "GET /kwssiamovil/sm/acme/a?s=U2FsdGVkX1+199kgOs9xptKE3z/OLBTKMVqJPgeIssw6/uDpvs5jprKxBNqjloj4znz4jMbeisv4YF8m8vdj+S1TR0ZUjeq67JchZHfLRAnIick0enG87KDFZ+QnJGbKgljq94UYRMEvL/55C2vVj8R5kHMCzFbN9/YzhRaqu76Ke+r9XiV9A4TgLNocM35IYtR0IIylK5L2y36gvVedbw==&u=U2FsdGVkX18P9N73NzlY2XnTfy6kjwxP5Xf40iqAOuvMd9dSZJVIPn4aw5idzLkj&y=U2FsdGVkX191etfxj9dvqVYW23+PM++58+fZtDI23Ivx3+ApnpzovgaJqfY5uXpo HTTP/1.1" 200 26
156.59.198.136 - - [05/Jan/2024:12:26:54 -0500] "GET /BLA/resoluciones/RESOLUCIONES%202010/5593.pdf HTTP/1.0" 200 339080
216.244.66.195 - - [05/Jan/2024:12:27:04 -0500] "GET /galeria/galeria/fotos/2Humedal-techo2G.jpg HTTP/1.1" 200 59382
172.22.2.4 - - [05/Jan/2024:12:25:29 -0500] "GET /BLA/boletinlegal/ HTTP/1.1" 200 53513
216.244.66.195 - - [05/Jan/2024:12:27:09 -0500] "GET /galeria/galeria/fotos/GuaymaralTorca4G.jpg HTTP/1.1" 200 373786
156.59.198.135 - - [05/Jan/2024:12:27:18 -0500] "GET /BLA/resoluciones/RESOLUCIONES%202010/0329.pdf HTTP/1.0" 200 511642
186.102.81.229 - - [05/Jan/2024:12:27:22 -0500] "OPTIONS /kwssiamovil/sm/setfile/f? HTTP/1.1" 200 13
186.102.81.229 - - [05/Jan/2024:12:27:23 -0500] "POST /kwssiamovil/sm/setfile/f? HTTP/1.1" 200 381
156.59.198.135 - - [05/Jan/2024:12:27:43 -0500] "GET /BLA/resoluciones/RESOLUCIONES%202010/4070.pdf HTTP/1.0" 200 81321
186.102.81.229 - - [05/Jan/2024:12:27:47 -0500] "GET /kwssiamovil/sm/acme/a?s=U2FsdGVkX198hQu9EzHBaAVzhp3Hm5pr0Xaa1wTdYmXWaaIeI76TE2LM6vOEuorPJmgzRW1uLdIlxbaNiWxCOgogYcUYyuzSYRvr1ecrY1s9K2putQXL+pfFo3LIngaH9CX8AnxO00tIzdeuBGaqrC87Iebwv0BF8+4kUPTWIRDGYFBXz1pomI+uhaf1we/LPkoKnzTJ+F2QTDyMCkcSNI7oHVN1T5kIeHRzLtTov5DJ/UhJnFtllvydxixDK0OVGjbCvh7JP01fsQTa+snc9Q==&u=U2FsdGVkX18P9N73NzlY2XnTfy6kjwxP5Xf40iqAOuvMd9dSZJVIPn4aw5idzLkj&y=U2FsdGVkX191etfxj9dvqVYW23+PM++58+fZtDI23Ivx3+ApnpzovgaJqfY5uXpo HTTP/1.1" 200 26
186.102.81.229 - - [05/Jan/2024:12:27:47 -0500] "GET /kwssiamovil/sm/acme/a?s=U2FsdGVkX194XfJxDIpUfbjp8mETP8OOqaVkhlRqM1Fx2Hg8BpI++dQfrRWyVAGWsJL9UjE7Pk3TKMPvtRJ7liOOe7xoI2WFYK+dsZ9uBYmXSNWwhOHKUx7lOzXM3QeZx95ic64Mvjx1irA87H7DH0UuLh+Zz7IRxDqtxiycDhFvtRDW7BcqkBo84wYSwrLWrhx2R10rRr2DHjDWAo0NZGZFhV/NLQS8IIOsf47RRj5firbE8Km4K9SWT8rDnPQngKJDzjs2oUaOPlSrDUYCruiHpBJZamHtF0ZYVf6M3P8HeMQY8tmHKxh++Iw3vuZ2DwYN5xZoDwWJF3lCDJZ4OwlV3AR+N+YW1+QiNE7hr2ug1hvNhPW1nQdcMy8+BAWQkN+UrbJkwyu99Hz/tgPibLzreQuSwk0A0xAo8q16fX0KoUdoNXJrZYVpoWtbvkBjWTSXm4YGnvS0LmWiu3sH++PWMt5B1GLgIteWKhbwvLquAyT0s0SAIUa/hG74KMcoA2/smIGJLhg1LmI/l9EG126pxZw3BpMtvT7igfi2DdeAaHNNZoZRWv4jZKZanppbWwrgJHfNR8rWOCkqjg2bWnTCogIlvwQFR+50TbPZt1V2Nd8sp9Hze8c544dFfly5nWw3u7vjM/wlWgd3BkL7Ywa3y2NNnyJnigGWlKAv7lPg9NNws2/cNek6Yz2Kil7CmUizTKGxnqo8GCEJAL83rx37pjN9EdyiORVa5rlHKXyE5Wj7WVS37szu5le2q5IEG/Fn4ZvOY+ujbSOWU+oybkNMfh+OBf/8VGcz4QwPvZUiAAeBcx2TXWavlLWXc5bJ7BVX6BjPmd6zh+M2uA9vppZR1kt6bFq6Mnz/aA5r1DC49L57Tvcr2/g1BGAlrkE5DZwsP1fs0kp0TfrBfG38TO+i3uomsyhVXz2bjHWJxH6+7EUzqIkYEBqp7PD1fQ/9vl5S/g0anrzTYRX1AR0NJ2RDlfj9jxU8ronVOr+fFBzMCw05s3wSBmKjp0Td1YGstcypX5JnZ3JdfuuDur4EBxwb11fD2ohhil0KtoM1F9tipDaT93ekvU6gSnv8/TSa&u=U2FsdGVkX18P9N73NzlY2XnTfy6kjwxP5Xf40iqAOuvMd9dSZJVIPn4aw5idzLkj&y=U2FsdGVkX191etfxj9dvqVYW23+PM++58+fZtDI23Ivx3+ApnpzovgaJqfY5uXpo HTTP/1.1" 200 24
186.102.81.229 - - [05/Jan/2024:12:27:48 -0500] "GET /kwssiamovil/sm/acme/u?s=U2FsdGVkX186KFNEvlGDzVVo9o4gS//2fxuCuI9J6KkmrvO/ZSxzI3zGfe7aPmSOziy0nNmbV0zxF/RQ4Gv65s/VBQIRzskNGpi1hIX5MCfiIJMLnwwpE5tt6CFy9aBa&u=U2FsdGVkX18P9N73NzlY2XnTfy6kjwxP5Xf40iqAOuvMd9dSZJVIPn4aw5idzLkj&y=U2FsdGVkX191etfxj9dvqVYW23+PM++58+fZtDI23Ivx3+ApnpzovgaJqfY5uXpo HTTP/1.1" 200 60
186.102.81.229 - - [05/Jan/2024:12:27:48 -0500] "GET /kwssiamovil/sm/acme/a?s=U2FsdGVkX1+PQiTT5I30jcSynkuHq75jTRtq3XByUafPia/zvgwOsKZNdDGH0T3MOayorV3mheU/Fud5SvjQBGjgmObeinTHviKaKM1Eck5Aq/jaXLb/Tbmespph5rwM9+Dj+wqcEvVoXt03L4iEsC5RXWSuXhiBiQyRuZfdq30=&u=U2FsdGVkX18P9N73NzlY2XnTfy6kjwxP5Xf40iqAOuvMd9dSZJVIPn4aw5idzLkj&y=U2FsdGVkX191etfxj9dvqVYW23+PM++58+fZtDI23Ivx3+ApnpzovgaJqfY5uXpo HTTP/1.1" 200 26
186.102.81.229 - - [05/Jan/2024:12:27:48 -0500] "GET /kwssiamovil/sm/acme/a?s=U2FsdGVkX18APhk5WWQRSfB+rYc4RgaajGpjI3nM3SryLtrKQo7KWkJc7D4quygymGamQO8M11llYAqFcxw65NVXO06QkTDfEed96LHCUIoQk7S/lTOcaGNAPIA071Ttxnp+pGabIIFr9thFvF52Q0+9Fe9Qb+xOtRoxROM09i+FjjFH05lf8grT6l7ciGIF&u=U2FsdGVkX18P9N73NzlY2XnTfy6kjwxP5Xf40iqAOuvMd9dSZJVIPn4aw5idzLkj&y=U2FsdGVkX191etfxj9dvqVYW23+PM++58+fZtDI23Ivx3+ApnpzovgaJqfY5uXpo HTTP/1.1" 200 24
186.102.81.229 - - [05/Jan/2024:12:27:49 -0500] "GET /kwssiamovil/sm/acme/a?s=U2FsdGVkX18zbxuGMmcXaR1uE/FFRhXkA3Qp7cgc68+Zb37CxWH2PCM/OUeHxeW3tBfpbaDvZ3tm6JDDhRlYahGjEmo85E93bVf9FrGcw4bdQbnkCxE261Ea324m7s3j/BtxyJJ/CE3CLXIJtP6dwNFPnknc3r364DOypiKIHLDPlnENgmCUHQmyZz2IY03koFg/1V/Ocn5tq+7pbCNvkOSugaG8u9OmqpjUmt4FBDxD0FMy2XlsCAjigsbxS5F3wRXUuZqVByM2+fxZ+NkwrjJfJcp9RIUXpcdJYLei2iyPTwAz4QVwzXjtthTq/vQpcwVNrNYHSfEoYjP7I2KpblyF4P+nRLZrW1/niOE//8zhAneYYFRw8cVGOGDsG2qSp5tV230uTCCPeUHgnQIVuA==&u=U2FsdGVkX18P9N73NzlY2XnTfy6kjwxP5Xf40iqAOuvMd9dSZJVIPn4aw5idzLkj&y=U2FsdGVkX191etfxj9dvqVYW23+PM++58+fZtDI23Ivx3+ApnpzovgaJqfY5uXpo HTTP/1.1" 200 24
186.102.81.229 - - [05/Jan/2024:12:27:49 -0500] "GET /kwssiamovil/sm/acme/a?s=U2FsdGVkX187w69wXEwo/31IC7PVqbHCSbhc40sdpwgcJh62x2e/PsYRYVSTYNdsZflW8RzW8laHDjCagpfm9QR5Bczi8Rh4fnvodRvxpliL1K7IKYklj+/nN+CiYbHZDa9yo3Q5JFoup+M8oRuSRKacycVM0AibqbnV2jlnjx2uUNIzxvOoKraLTDhGnZlA4QEhX/oTcs7ZE6NJGRF3POWEsQjhCzP0O+reWXon/4VJxeZZe3n7+NeXXijccmTet0OpVc6gmShtZifZgb9nD3RGO19ASBtOeJaXVsyblzhDd1DDdlApgus7RPK+c9FuGBpnd67lm7timsOFcmVsDYzGnc/CG15KR86AnS0lUjTXBR5LJWerzLUiu2Uwe1FR&u=U2FsdGVkX18P9N73NzlY2XnTfy6kjwxP5Xf40iqAOuvMd9dSZJVIPn4aw5idzLkj&y=U2FsdGVkX191etfxj9dvqVYW23+PM++58+fZtDI23Ivx3+ApnpzovgaJqfY5uXpo HTTP/1.1" 200 26
186.102.81.229 - - [05/Jan/2024:12:27:49 -0500] "GET /kwssiamovil/sm/acme/a?s=U2FsdGVkX1/ri9slLTt7si3jKjCJukxb71wRWJkUr2ZQ14H+umknwYJfPD18qCKD03pyICNWgwpKyjnNL5JWokV8VzV3D8JnyX2d0pwLqr5A2UDOERX9VHDMqjNNqOoHqfPcNvnuoIZ8bE1wxo8aqzX0Fi3WR2W2qNYthE1tkwTWqnqhDD0hKUgAPuSgty9F&u=U2FsdGVkX18P9N73NzlY2XnTfy6kjwxP5Xf40iqAOuvMd9dSZJVIPn4aw5idzLkj&y=U2FsdGVkX191etfxj9dvqVYW23+PM++58+fZtDI23Ivx3+ApnpzovgaJqfY5uXpo HTTP/1.1" 200 24
186.102.81.229 - - [05/Jan/2024:12:27:49 -0500] "GET /kwssiamovil/sm/acme/a?s=U2FsdGVkX18wLSv0vH9i7zp4QW8xcDl3L2KCtxFARvfNNjTjaGWZvHPwIRPwEKPsSrQBP2vqfjgRl3KHbvK4dSybOOR74lsXbNbrrIXhHjtdnoGT/ZL9gKpH/BFuDFWR6mdoyhJijIq4LFUuXHuorMimt+EZfHMlQklbuXdeOqk=&u=U2FsdGVkX18P9N73NzlY2XnTfy6kjwxP5Xf40iqAOuvMd9dSZJVIPn4aw5idzLkj&y=U2FsdGVkX191etfxj9dvqVYW23+PM++58+fZtDI23Ivx3+ApnpzovgaJqfY5uXpo HTTP/1.1" 200 26
216.244.66.195 - - [05/Jan/2024:12:27:54 -0500] "GET /BLA/resoluciones/RESOLUCIONES%202001/2001%201150-1199.tif HTTP/1.1" 200 4090636
156.59.198.135 - - [05/Jan/2024:12:28:07 -0500] "GET /BLA/resoluciones/RESOLUCIONES%202010/2783.pdf HTTP/1.0" 200 497229
186.102.81.229 - - [05/Jan/2024:12:28:26 -0500] "OPTIONS /kwssiamovil/sm/setfile/f? HTTP/1.1" 200 13
216.244.66.195 - - [05/Jan/2024:12:28:27 -0500] "GET /BLA/resoluciones/RESOLUCIONES%202001/2001%20700-749.TIF HTTP/1.1" 200 8147392
186.102.81.229 - - [05/Jan/2024:12:28:26 -0500] "POST /kwssiamovil/sm/setfile/f? HTTP/1.1" 200 381
156.59.198.135 - - [05/Jan/2024:12:28:31 -0500] "GET /BLA/resoluciones/RESOLUCIONES%202010/2146.pdf HTTP/1.0" 200 528343
186.102.81.229 - - [05/Jan/2024:12:28:39 -0500] "GET /kwssiamovil/sm/acme/a?s=U2FsdGVkX1/S/vtTWHKtvLSuAR5hPHcL2v1+Ylt5NX6uRNJmsExefhI3OL62Eun0oV4Yu5au+jIturzZ2gtEaMl+YoVdg42k2NczcebM30+VgHMua5DcSADU7edtyKHegT/cm66DMOmV9h+xyu/n+S8cR335WHzFPkuSS9g8p8HOguXHcRARx/1OUeSh/6NKDnXOyNwoNMCy2V/gIxBWbN5hWKwj1zCXYvrjVQLHloIHExtPO4bFEf20MdVoCOdZdYJ/meccUZO/ij9zTRS4ug==&u=U2FsdGVkX18P9N73NzlY2XnTfy6kjwxP5Xf40iqAOuvMd9dSZJVIPn4aw5idzLkj&y=U2FsdGVkX191etfxj9dvqVYW23+PM++58+fZtDI23Ivx3+ApnpzovgaJqfY5uXpo HTTP/1.1" 200 26
201.245.192.253 - - [05/Jan/2024:12:28:37 -0500] "POST /kwsrmcab/Wsrmcab  HTTP/1.1" 200 36937
186.102.81.229 - - [05/Jan/2024:12:28:39 -0500] "GET /kwssiamovil/sm/acme/a?s=U2FsdGVkX1/o8U4mHvnyPqRmJHmMwdKDR/1xgzSmG+wlH29oWb3jT5T3rd5sAxhIsogwfglHUE0attbFfC0wIBRFMWVkAcIQoa9Dz82T0sk6WlbdCfrK3CHHBykpQYWNogDcFxKG/4Y2Nu5d6Y8T+TKXfmXyh3vtXh/5pYySfPVUdRA5fxkWXNj8Gc+IQvy3upln5i3/8TYEGOe9aG5Z3RW/PxprJTAuUuQXn3GP6ZsD2sAOGJfzFNInIKSf3HDdOSKluu1j5i6JHPpxZD1n/TeJmFgcXPDRQJBkqdZZzd/5HI8M72kKSKiA74OaOocm67d74dWc+ypZFkbEMYtcafsx+Ny2lXo0iPfWlsjwt0UyYNsvHICa2oijdUryH8ZV1AOjrOcZi97FJL9Zk/spl4t4RDb4xPPhxICAtR1H4h6FtRp7sGxSQHWmrP827xnh&u=U2FsdGVkX18P9N73NzlY2XnTfy6kjwxP5Xf40iqAOuvMd9dSZJVIPn4aw5idzLkj&y=U2FsdGVkX191etfxj9dvqVYW23+PM++58+fZtDI23Ivx3+ApnpzovgaJqfY5uXpo HTTP/1.1" 200 25
186.102.81.229 - - [05/Jan/2024:12:28:40 -0500] "GET /kwssiamovil/sm/acme/a?s=U2FsdGVkX1+0ONU9XLBkkTdNoCk3rdqrjpo4tMspa2eXXjCgR0+syjJ0xJGORgJ4gsyvVdwTJ79VfHOfd/d7A6tte9DXdKf26p8OuAvd4xrds/uEgjrVtqo90/nU2zNf3GHH7fc2g29pasKcemJixMl15ZZgJfRYWPndH1gPaAAUv+TfJhjHzZ/5xyn+zh4nSfEGS0TIS1tCsucceYlWfaqAhYHigSVWguRNepjSDtxzAnM7MpHAo8EFqAFjtzvk9aaPRpA/xff5MFE9hBslNU1mGVFEZlWyJInLiZmWCJo6jP5KPKqcyhbc+r3Rb/stJeGGHGr/9r1HtYSFBvx/tL7QmUjxveJMpNstEqp07Xa5p9e1lcvxKtT3lQBkk0NjGt4MENsdqn+IlYmi3xKd0hoOETzpKAZd7ipup3h8o9y/V/PsRPmAwZDq9roXc59XtyOKzwz97ELmLsBSAkX5shta4TQ8mffKYFbJcQ6PrlBUckjqwNJdxllcymdIIuS23pK4iYWS/6AfQLge/z41xYE5tYpVifFGcp0dbD+8I4GE6aFBYpKdIWEmdcrrcp4702PrbiOJklCH0FNz1M6rXiYRRi0rDI9DccFCMV0Xg6WOTAzidcl0OOOwg+/ug6dJDV8A8bzgqv2zf5/ovaNTcYpUlDdzC31O9yzfPc/XMbajk/nKNR7Zen7aHuqC9XnWf8qc3lsp2pNiVn5oAKzNSAukCd1PO3Sz8KxSWripuqYOIBOMldBAHDEwF4b2fh9BXizOg0UwcCL90B2Im7OjubgRgNJEr2XFvnn3Xqaa/H33MHkHqSjAjBwDfhcfEeQYDGsyqASX2Huhuh/7lPVqHSB/fhVMKzyMfwP1crWeavaxIE4z2Kcr6maBuATSkIDd+iZnR8oNlqHzl9gs8FeLyAn9h0xBO7IoD4cLfQH0LB+PfyRi9zt7UeWekN8BapukS8xy/1ZjyXS2Tw0nU9slRa3Aw8xohja01NYqh+9socQINIBHdxsClbdF9CWfb2123LLdVPHLa31ER0P5GqX8GPBbZwlPsWtTcVM8uCTxFpcerbA/JRQx1d3uGXay7g0OKtrKftjpK5/P5uGVtbpVzy5XMywOPpuEczAn39i1GlSpzHRztVgFerxtJPRAxsKEDmF/o0J7il0Znvps2fkb6AvC739JCxWVJCEWJ/FKNkc3tQWIrOI4Q3QYEBic6Bty6kp2pYIoDqm+wV0AIL5KOibSsYJPOHeTLPVRoTI1t5vUU5JZ+3tD9Tf9LG7B1Zt1IdqEIhsLfjmVhF+C0qyR1k6mvi4WlWGVK+1oU8bn9cMBofp6zrKI7TOys/LKLqrq3a9I+jBgUFwPh1PeUU2xecxho0J8KUcPIGMfpKuQiEkwfd0hd6WrOx7r9uHxnc8CMw1EyQv7az/beaAGciPTVnsIsXqg7xZ1oCo9DcG5Mj9OqzXFFLH079ta2P3vmymWAbvOtRa3hDcILji3JKN7FA2S0ZdJZYI9kVb3OwmKkxq8Ifm66sd+JNUZa80nXFNM0wTCPzPEKWrq6dK7UVAGqI/+Di7RX1sqgaJOugws9NQfNeB8YFtJ+zpg7/WAPCL47Txv95it1ytxJJtuo+9QsdpZ4dHE/Mj4VIL6oeTzus6jgYvkADBlyCAr7LmO2DthMvs1Mbp7FqpH2J4Z5GMc022RqynmkzIgBTrFwZjnjOnA35dpSKrznJpjl5YP0DcZjUYlJlb1YeRTa/Jel+bdLxiFxdiqlYIKeT3l/Rpx6cANktuvHWc4F3wkWMSaVeASE73eA8j953hzob8a3Xb2f3YH1T2QnROmLHwqw6vSAQNHSCaXBF73yyzY97ubS5e3jWCJfMCZRGLI8LxqKJb+7aeuFj3Eu50bUZoh8KO8OwSn6QgCD2ziOxpuLRUnpxMS+f1RXHGWR4frtNAmXRcBonrEEBDmr/S3cjPGbq9xtxycktxXRoWHvxbxgsUl1AqyAli5gmxhtza+jW059p84ag5AmhOTT38ZesL8HIeaZ5GhvyMLQDmWXwIRxaZO5CiOJazOyE/wvIKqCt+jWJvmRq5tQhVRgWZEE7HJJE4wQmAWiCZMA4tTIwBd2GdgoTh2KvqeAUPTvy45afERe8x8ZQYurh8Dntdy3eQaPU5+LyzzMRLdMc+Ood/PnOy1axRlnemXgV9ymp69ZNB1I6Qf6xlvVMwXK1P3q8eztV1hVQ1pdIiyAd4qNRrY11s29a0xV0H21KcSH0atGqv2P2M7A0woezwERUPcxkS+4f/b2Ll/7F/su7o9ou00XAXiR/fubRGtt/WBRy3KWLKUJpacpWSsonvePGm2gneMPImPho3IdNSglWqlMVH0emvwhfb2P7SK3H+zFf47objhYyp3V/DPilKxgmetHxAZDn2przCcInY4UZs84cyslVItZPvC1xFhxoP2KU9wJQ7jxKav5hC4BmXOeECamV+UMeMDfNvlQUsqtpmsNhQIiR1g3Q1A7fmeJU2ZHBYt3/OlicfHr/Xa5WpztedRd2TVlRX7QlthF0iSKIFqA+uzDuP7wo0dkT2TtXsGIazrRUrOlLjOace7EhgXOidoolgmxzAMZX5ATG/xvcfF6drJty+QhfFeaoVHnMPGPNyd37y5oJKnYqGLUeJAhq33Zv2gP4kLB/SLRAavmizxUa1FaJX0bW9RC/3DVVMQ0tCVL5kahM2tBXraXDkq3SsjjLoqgL5IeCnBdfNYZ4dorEFejlCdQzLedUwWc4VbfxSut70ubRPbL24XhkfZOwDEVVd9+H2iTzaHupu56Wl+CKL1fpekZzV0CT1rXf7GfYeSoFbvEDpLRlGh8rPJGuQtESq6Jsv3C2vVqXyWOqwIV1nNsooyBbQCtq48D6RWi9M5mr7/1/5E1Rt/amrW+dIVgup5JsG0uXSn7et8IKc47FwTaYXz0DNRF5SPhtGgx84n3ouMFDk4ZbRyDlrbgI4VAMOWYOSgQl76YQpP0IKGcdlbXcdZiXjJ&u=U2FsdGVkX18P9N73NzlY2XnTfy6kjwxP5Xf40iqAOuvMd9dSZJVIPn4aw5idzLkj&y=U2FsdGVkX191etfxj9dvqVYW23+PM++58+fZtDI23Ivx3+ApnpzovgaJqfY5uXpo HTTP/1.1" 200 24
186.102.81.229 - - [05/Jan/2024:12:28:40 -0500] "GET /kwssiamovil/sm/acme/a?s=U2FsdGVkX1+hLwWJu4ExXz/rOjLbj+lQf1lrSYhMhFcHk00DJAx19jbmFE3YKgRf9X1gaIzmiEG5Bcfh7QyO7ZRHp+5EfM7vjRRrwM2CGic2apJ49q16csnLQxHOLulenBmzocO7gwnuKhmApdqrpLbBQIumyfk+Lc+AvJjWBHU=&u=U2FsdGVkX18P9N73NzlY2XnTfy6kjwxP5Xf40iqAOuvMd9dSZJVIPn4aw5idzLkj&y=U2FsdGVkX191etfxj9dvqVYW23+PM++58+fZtDI23Ivx3+ApnpzovgaJqfY5uXpo HTTP/1.1" 200 26
186.102.81.229 - - [05/Jan/2024:12:28:40 -0500] "GET /kwssiamovil/sm/acme/a?s=U2FsdGVkX19ZLWV8x6rUDOZnWmZLL+nAW75ZXGKWEMVx2xKmTuGtSChL7XFaceD0yVGJPzxFh6FRX3VCmtIQ+s3iEZxLEcV8lHlqzfUlSa4ES3FnUw4VLNghK5iEDsO98iGoM/VTmZ3CYh4JJnoTGg==&u=U2FsdGVkX18P9N73NzlY2XnTfy6kjwxP5Xf40iqAOuvMd9dSZJVIPn4aw5idzLkj&y=U2FsdGVkX191etfxj9dvqVYW23+PM++58+fZtDI23Ivx3+ApnpzovgaJqfY5uXpo HTTP/1.1" 200 24
186.102.81.229 - - [05/Jan/2024:12:28:41 -0500] "GET /kwssiamovil/sm/acme/a?s=U2FsdGVkX1/q41lfhB2dDaZn3HO5rg5fi/IM/6jdfqGpR5AEw17PU8oogNrTGyb/U987ejyhNeUGiRHVtQU9cvqibGOp7+GZGqRYdq6jJZ9rnHwU95OOZE0Ww52/8JOOBBdLwuS70XMKQCdYIwSU8Q==&u=U2FsdGVkX18P9N73NzlY2XnTfy6kjwxP5Xf40iqAOuvMd9dSZJVIPn4aw5idzLkj&y=U2FsdGVkX191etfxj9dvqVYW23+PM++58+fZtDI23Ivx3+ApnpzovgaJqfY5uXpo HTTP/1.1" 200 24
186.102.81.229 - - [05/Jan/2024:12:28:41 -0500] "GET /kwssiamovil/sm/acme/a?s=U2FsdGVkX1/GLOuOqbJvggZk1EoB5/pCIeyMxaUED023U/93jgbTsRGMl/dcgSLSCk+AZh3xdKsd0fiOSmpKUJ/srLdYGOGgZ1gJ4XMtPy6Qv+M8GvwWiK/MSbXrfOB21pgLZ1LjnUwb0YfLH3cafdF+kPXrRR/IkVfY7qlmga8YOn4+uBXrGeQj0/SxtJiv&u=U2FsdGVkX18P9N73NzlY2XnTfy6kjwxP5Xf40iqAOuvMd9dSZJVIPn4aw5idzLkj&y=U2FsdGVkX191etfxj9dvqVYW23+PM++58+fZtDI23Ivx3+ApnpzovgaJqfY5uXpo HTTP/1.1" 200 24
186.102.81.229 - - [05/Jan/2024:12:28:42 -0500] "GET /kwssiamovil/sm/acme/a?s=U2FsdGVkX1+teoUD1DyvWpM4TQGP8EgZOI2LnRomXuhqe/0GmB8jpNe4UwiKCyOjynOnYn8iITFX5bH4Gt5X65sYCBHGkBS8M9A59Srb/QL5e5HpKdzdCuGyZUimoEpuJHNeCkRUbAgO7jBnKYaQXTRjZcMlQrIfKIY9gwx93WlzWYn69CZllPiUKP/askBSUuljZZQgoeZyGN9brw0yyA==&u=U2FsdGVkX18P9N73NzlY2XnTfy6kjwxP5Xf40iqAOuvMd9dSZJVIPn4aw5idzLkj&y=U2FsdGVkX191etfxj9dvqVYW23+PM++58+fZtDI23Ivx3+ApnpzovgaJqfY5uXpo HTTP/1.1" 200 25
186.102.81.229 - - [05/Jan/2024:12:28:42 -0500] "GET /kwssiamovil/sm/acme/a?s=U2FsdGVkX18VP8Smy+MEZd82TpU/N4OiL6dr4/CIOGsPqurje0MzthW6BOfJxXvMVs9wmOWZjKAS8JzbqeRSPsJBdLWOf9fE+uA/hFwmwvG4wOu71H+pKBP1ZnUJMfbM2Byf4eLirFa0mdNtrfUm7S7TbxEUqq8G21ypLddwDAbSYhK7GEUj9uhXxa0CTERmfhgX+/6Ah7aJpNXWxGE5G1NOYwGTI97NvesFkRvgtq8Rh1zttM6sYvHG009BajZdZ9avgE2N1SzQUnOFeV3hJPwOUcz41uRQLIpicDTFgH0c35mku+xW1Jv7EqNm8x4Wds63GuOD6zVfI2LO535UNY8+VfS2YHcZWXROn2w2kvJghkJO8J9BWKgwlFA3UICI7anCt3W+x+HZ6I65N38bo/e6IPEtUtt7o4CRjLUM2b3uW2luI7tA6jBNE8OjbmuwRI9cfMkfUIB13d3o+rGI9t4deYcXEz+Gu3ZzRJPMrgA=&u=U2FsdGVkX18P9N73NzlY2XnTfy6kjwxP5Xf40iqAOuvMd9dSZJVIPn4aw5idzLkj&y=U2FsdGVkX191etfxj9dvqVYW23+PM++58+fZtDI23Ivx3+ApnpzovgaJqfY5uXpo HTTP/1.1" 200 24
186.102.81.229 - - [05/Jan/2024:12:28:43 -0500] "GET /kwssiamovil/sm/acme/a?s=U2FsdGVkX1+1K41VSiUtlWH1LNTTv3Mvbc9D3wAWEQKTvJj/qme5ITXdeqX+qe29jBwGzB7mbFM26jQc19QgPKYUzk0rKsvJLO0IFOB+qhihVIwRovvY0GvNnNpEKibTPlr+PW0yKHMkVrRXp1ch+S6TL80B6WN4Y2x4i7Yws7I2478Tdr3IobJTvjMHicxUQBQBUdO9Zsuoo4besW2wDw==&u=U2FsdGVkX18P9N73NzlY2XnTfy6kjwxP5Xf40iqAOuvMd9dSZJVIPn4aw5idzLkj&y=U2FsdGVkX191etfxj9dvqVYW23+PM++58+fZtDI23Ivx3+ApnpzovgaJqfY5uXpo HTTP/1.1" 200 26
186.102.81.229 - - [05/Jan/2024:12:28:43 -0500] "GET /kwssiamovil/sm/acme/a?s=U2FsdGVkX1952btJhLt25M9j1Mgm0aQ7+6eatzskmDrdwU2mvaiPlP14V7EGzpzCvROp+ZCwTlMEOSIKafefh0grAqnbmwvWYMqtYzl7Sve4Rp0HBM9kLgcsTf163Fuqc0cC9avVfrrord52CrxMNPADRJ8FAPWygqqGNZuePQ2aK+NXtpm/jfLps0MDJ9Dr&u=U2FsdGVkX18P9N73NzlY2XnTfy6kjwxP5Xf40iqAOuvMd9dSZJVIPn4aw5idzLkj&y=U2FsdGVkX191etfxj9dvqVYW23+PM++58+fZtDI23Ivx3+ApnpzovgaJqfY5uXpo HTTP/1.1" 200 24
186.102.81.229 - - [05/Jan/2024:12:28:43 -0500] "GET /kwssiamovil/sm/acme/a?s=U2FsdGVkX19ZlPOIFRkGKvee8uujPw691p8AJeLq36rdWNIyW1pHiwUWTHk/pDWOjdmMTpH5MsGPSh2nmxe00bsknnlyPFUW4H/EHEfjAKd6LyyDV2tDagaBdz5s2DJyXYTeGefX3G9XnfSezeXgyP4R8Izk+ft/5K8L1bnY0gybWAHQp7kfLSJAnh39bmmreUBxH7qsoCVW3eVRiHD3SxwwkZKikxHg/tqdKolMNAB3yb5ptGnh1XLG0ydQoCLjkpI23vRM7r3NEgC7g77h2DZJ9saTC3Fmx/C86HpNHNXf01wlJMlgJYqglsYsXAGZsiX7+2ykhZcSCCd4NAacp33N9QbtxDePOh48pFzmTr5GiJh1d9F9MLjkfa4AhQTB4mKlk0i9tF1NowZHUxCaEZ2eRXo1kS+ukK1WHc9WeZwVdTgTkTLXnZYINpab4lSricoSjTNHVT1J2fWChBQ4kw==&u=U2FsdGVkX18P9N73NzlY2XnTfy6kjwxP5Xf40iqAOuvMd9dSZJVIPn4aw5idzLkj&y=U2FsdGVkX191etfxj9dvqVYW23+PM++58+fZtDI23Ivx3+ApnpzovgaJqfY5uXpo HTTP/1.1" 200 26
186.102.81.229 - - [05/Jan/2024:12:28:44 -0500] "GET /kwssiamovil/sm/acme/a?s=U2FsdGVkX1/MjEKtOhc8+wyNQkJRcsdRK1tmC3lsBs97JaGyiAUMZXJQJP5tcmjSsVPJp2/jJQ1oWg9XJ4R5S7MXr9c/JPXI4BQjDjw8gUzMLWAuz12103/kbOzLtMKoToseuCr+JRaaHzfTuiQFrrdZJ28dw6Q47dHYYYOZd+Iow93OjziKtBzy/JYR+TFV/g5A48qZ0gUX0nqnxW1Vjw==&u=U2FsdGVkX18P9N73NzlY2XnTfy6kjwxP5Xf40iqAOuvMd9dSZJVIPn4aw5idzLkj&y=U2FsdGVkX191etfxj9dvqVYW23+PM++58+fZtDI23Ivx3+ApnpzovgaJqfY5uXpo HTTP/1.1" 200 25
186.102.81.229 - - [05/Jan/2024:12:28:44 -0500] "GET /kwssiamovil/sm/acme/a?s=U2FsdGVkX19Ea30skfhxo+wH3EQ9V3bV/HAl7H5jPzeTmRveWhiJ0sAVo7fUF68OhqUnUCWoRjISNL+P4vNVsJSHxKMvml7E3BWGYImYVzR0GG7guFpWGvYwCupSzrSXZxV12YRAYCX6Rx6Xwjo+yPnMJecAnUpU+YiU5YtCbfQ=&u=U2FsdGVkX18P9N73NzlY2XnTfy6kjwxP5Xf40iqAOuvMd9dSZJVIPn4aw5idzLkj&y=U2FsdGVkX191etfxj9dvqVYW23+PM++58+fZtDI23Ivx3+ApnpzovgaJqfY5uXpo HTTP/1.1" 200 26
186.102.81.229 - - [05/Jan/2024:12:28:44 -0500] "GET /kwssiamovil/sm/acme/a?s=U2FsdGVkX19EQgFFRorVAQTN+pOZhxEsKyJaXYRu2Yoqi2Nzja9aOrRR6IFwp8ewcRW4dl+I4GsxAbbegHgYTuJLbuHtHWhlek5qdZysbzQow1R5qkLH6HtYj3vTOmpj/vLpEURhVOIehpK64c6im1SQCa0cP75otRB0az2PjNuQ3rZM+ObbWuncLd2Rv/TH&u=U2FsdGVkX18P9N73NzlY2XnTfy6kjwxP5Xf40iqAOuvMd9dSZJVIPn4aw5idzLkj&y=U2FsdGVkX191etfxj9dvqVYW23+PM++58+fZtDI23Ivx3+ApnpzovgaJqfY5uXpo HTTP/1.1" 200 26
186.102.81.229 - - [05/Jan/2024:12:28:45 -0500] "GET /kwssiamovil/sm/acme/a?s=U2FsdGVkX18WkEBMYnVJRKzo5h+ONlhsWmm0cWA58u3TBnMzwAwrfkta7Vp0WCI0HxVIY2BnA6gUtmgjfbl/HQWdeme+j2NC18+yYb5KHvdqlhfHCYlmZPr9I4ZKk9BXbcTV2NesL5pjZdT+AGDHCur7punoNz7eOaf5r4AtRRXjVADXs5wxjsbgGO3WZxb90XDy+EdJQ1e3BCsigWDbKg==&u=U2FsdGVkX18P9N73NzlY2XnTfy6kjwxP5Xf40iqAOuvMd9dSZJVIPn4aw5idzLkj&y=U2FsdGVkX191etfxj9dvqVYW23+PM++58+fZtDI23Ivx3+ApnpzovgaJqfY5uXpo HTTP/1.1" 200 25
186.102.81.229 - - [05/Jan/2024:12:28:45 -0500] "GET /kwssiamovil/sm/acme/a?s=U2FsdGVkX18NNR2IxvwX6HztJMRvs3ec+B7ba3Utn/Y7SZd+yDob+n8txJ4rpbJwxnJZgnYcWbu1TwhWnL1M4I0JCuB8SQXKOcdmORbhEXwliWtPa0QqrLETWJZAeEI1+9d8Izk/viDgR5WRwnKnai9b9iv5+ZVzJwgRl5AWB51CCN9vA8BNS8QMEmpwlnw6&u=U2FsdGVkX18P9N73NzlY2XnTfy6kjwxP5Xf40iqAOuvMd9dSZJVIPn4aw5idzLkj&y=U2FsdGVkX191etfxj9dvqVYW23+PM++58+fZtDI23Ivx3+ApnpzovgaJqfY5uXpo HTTP/1.1" 200 26
186.102.81.229 - - [05/Jan/2024:12:28:45 -0500] "GET /kwssiamovil/sm/acme/a?s=U2FsdGVkX18lG4fYnjqmCm2p8c/31vsdPSfHzV6Vpy9hk/2G3oGT7I+Wzhk42jsOLPugfip4jcoILrIIo0Bo0x1VgWDL75Pq6LXUHzEX5nXbTEkTxVHqrIM1epek2/5ih8zXPR2hkdyhBRAFauZIwp3hCjAqRIxRcQwMH0KJnnnZtpUpBT6bwofSD+frz6Kz11+KFZ1+LcHue/WfIjKDAg==&u=U2FsdGVkX18P9N73NzlY2XnTfy6kjwxP5Xf40iqAOuvMd9dSZJVIPn4aw5idzLkj&y=U2FsdGVkX191etfxj9dvqVYW23+PM++58+fZtDI23Ivx3+ApnpzovgaJqfY5uXpo HTTP/1.1" 200 25
186.102.81.229 - - [05/Jan/2024:12:28:46 -0500] "GET /kwssiamovil/sm/acme/a?s=U2FsdGVkX18qb5nflF24kdX6tL7ftLJXOtqy3dmg7f0x16aC5UUWAiCrfFTNNxHx55olD62ea274XNI3NUG7pjQWfiv0S4opaW0X+xVbL8WSyIkDDWY4EvwVDepEazZhicGr6k41iHRyYGHXzbR4SQtkSXNstJpPCqPnqgsRhRmLis0bKOCdJlABXD5L/Sv/&u=U2FsdGVkX18P9N73NzlY2XnTfy6kjwxP5Xf40iqAOuvMd9dSZJVIPn4aw5idzLkj&y=U2FsdGVkX191etfxj9dvqVYW23+PM++58+fZtDI23Ivx3+ApnpzovgaJqfY5uXpo HTTP/1.1" 200 26
186.102.81.229 - - [05/Jan/2024:12:28:46 -0500] "GET /kwssiamovil/sm/acme/a?s=U2FsdGVkX1/KwBMMktuzZ3d37ME1DgU33zzXzTsvOjdZBXwuEkj5qz1dkiQm9NVbyqt7jOBDNOqoeyOZwNtAatI6xANwnfNYsmAqcaFgkw2pI2oa0/I5BTSP0IH317O1ozb3jd+fWgLl2SibtlSpz2MmgtrCtYbzjD+sAJTjIr0+p4Igm61IpiBVkZxGSB9ZSbUoomVl8e3JGIAuW3Wnbg==&u=U2FsdGVkX18P9N73NzlY2XnTfy6kjwxP5Xf40iqAOuvMd9dSZJVIPn4aw5idzLkj&y=U2FsdGVkX191etfxj9dvqVYW23+PM++58+fZtDI23Ivx3+ApnpzovgaJqfY5uXpo HTTP/1.1" 200 25
186.102.81.229 - - [05/Jan/2024:12:28:46 -0500] "GET /kwssiamovil/sm/acme/a?s=U2FsdGVkX186/5/0DO7fkTYyoQdVgHl1a/YHnc42OIiELsCCAXwI4/fDQqYZD7y6HKYzzhd7QqrbVMPtky6dtI3c8g5RiV4cw5t+ZwajGAPIQFi5U51no3lfxjJc+ibbLlu8+h/uBGYYIYLcXAEh1+Dy8YwFadqwIFDnDhnQFou7dBUAI3WBEDlpiU4X1/kO&u=U2FsdGVkX18P9N73NzlY2XnTfy6kjwxP5Xf40iqAOuvMd9dSZJVIPn4aw5idzLkj&y=U2FsdGVkX191etfxj9dvqVYW23+PM++58+fZtDI23Ivx3+ApnpzovgaJqfY5uXpo HTTP/1.1" 200 26
186.102.81.229 - - [05/Jan/2024:12:28:47 -0500] "GET /kwssiamovil/sm/acme/a?s=U2FsdGVkX1/PlVY/6ULreAP8v4OWpI61Ns39UsGTHl4vr3nYcTO6m2/HvdOB2/Ae1p+FYDBy5Lu6nFtQHofStOxV6rtCQhnn+GnL5qhHKRnlc/P6BB47zwqqC3K8tUiktphHJIB04w/ylquxvBQRXrmrNu4Ffwv8aQzJLSyrO5MidTiI9qw8oLju5RZ3ctwGRi4b5PNYSRK1FMvhhl9/6A==&u=U2FsdGVkX18P9N73NzlY2XnTfy6kjwxP5Xf40iqAOuvMd9dSZJVIPn4aw5idzLkj&y=U2FsdGVkX191etfxj9dvqVYW23+PM++58+fZtDI23Ivx3+ApnpzovgaJqfY5uXpo HTTP/1.1" 200 25
186.102.81.229 - - [05/Jan/2024:12:28:47 -0500] "GET /kwssiamovil/sm/acme/a?s=U2FsdGVkX1+k3kH/zkmPKmiCVj+xGCUDJmvJU1lruzS3mz/1TOx/D43gbF3kax1sEpFYEf5voY98QpRx/b/s7oSqIVSAS93BCuGyMW03p/4yFDXpwLCKHLXOVshpKTH4yN5TMAUE7ixW5lXBqeIDvREEG6qEqhlBQnWfSqpXJTmVzPgViHYK5fxXnOVTylpQ&u=U2FsdGVkX18P9N73NzlY2XnTfy6kjwxP5Xf40iqAOuvMd9dSZJVIPn4aw5idzLkj&y=U2FsdGVkX191etfxj9dvqVYW23+PM++58+fZtDI23Ivx3+ApnpzovgaJqfY5uXpo HTTP/1.1" 200 26
186.102.81.229 - - [05/Jan/2024:12:28:47 -0500] "GET /kwssiamovil/sm/acme/a?s=U2FsdGVkX1+urWnlc6/vVwTLWasBgDFqqOol5fMRoUfciemx0Il4AA4s32xHE2QWuejiDFBzZKruKDXgat5unQ9RCU1rAlGk6XwVyamJMeD/Htu4HuSTvcN1jltEEAU2bWPJ3uzZe68lzEBBafqvJNbKk2OEuV+qrU/skwdh3WouuY/1kVBGodSu09FhcbWBPxLOCrpKkjt9TQKN9kIu1w==&u=U2FsdGVkX18P9N73NzlY2XnTfy6kjwxP5Xf40iqAOuvMd9dSZJVIPn4aw5idzLkj&y=U2FsdGVkX191etfxj9dvqVYW23+PM++58+fZtDI23Ivx3+ApnpzovgaJqfY5uXpo HTTP/1.1" 200 25
66.220.149.7 - - [05/Jan/2024:12:28:47 -0500] "GET /images/Acuerdos%2001%20(1)%20(1).jpeg HTTP/1.1" 200 32884
186.102.81.229 - - [05/Jan/2024:12:28:48 -0500] "GET /kwssiamovil/sm/acme/a?s=U2FsdGVkX19+6s+Bxln8YidJYv5raBj4k74QJVLQEirUQh7/FZNLC95zBbmqDv8jJlrEa7sD9jfJU++ZDf4d88ZNL6AWWOkIA44MvPTCR+IBNBNc0/kpx27LZ6pD9bWmMxxw7ZhQl0QWTA/Pk8EtKMnX42H4uznuii9ZuQ41D7cCpNqmJjH6ZZGhDwliYMHOzl4HVd8QZ5hMAEPq3D79tw==&u=U2FsdGVkX18P9N73NzlY2XnTfy6kjwxP5Xf40iqAOuvMd9dSZJVIPn4aw5idzLkj&y=U2FsdGVkX191etfxj9dvqVYW23+PM++58+fZtDI23Ivx3+ApnpzovgaJqfY5uXpo HTTP/1.1" 200 26
186.102.81.229 - - [05/Jan/2024:12:28:48 -0500] "GET /kwssiamovil/sm/acme/a?s=U2FsdGVkX18pyNlyuObXBBP/XsRtgyqF9AXJ24jPS9Sk5qsgiiyv3Pzsc53RNaTgvgzTStr9Gek9+FxXYnAnPqJmLQPZmx5C8eQ80bggZsWpSNkIg0cIrzM+GKXmEr7vXh/rrKsmSJr9eAq8mPi7GE3qVvD10ZCNYP/JW3wap1/4SSPpzh6oHsvmAzu7tJCEtAa4jEX/vzsPq4FZ0soZug==&u=U2FsdGVkX18P9N73NzlY2XnTfy6kjwxP5Xf40iqAOuvMd9dSZJVIPn4aw5idzLkj&y=U2FsdGVkX191etfxj9dvqVYW23+PM++58+fZtDI23Ivx3+ApnpzovgaJqfY5uXpo HTTP/1.1" 200 25
186.102.81.229 - - [05/Jan/2024:12:28:48 -0500] "GET /kwssiamovil/sm/acme/a?s=U2FsdGVkX194iIz5hWvIc7bfJIdjqhLdyQekjRD6NuBG9/8ilYG8TrmB+KRYathA1m5FutooPPPGvTcpgNHe+vMVp//peg2hXFyCLf6IkMrHSRxZeT5ZSQrgtIo4WvTZd3z+fbO0xmtVnyCNZHHWxsOHEmvRm63cvsW1N46oJhP2ZwDIi3QPpaH6/Xdg/21O&u=U2FsdGVkX18P9N73NzlY2XnTfy6kjwxP5Xf40iqAOuvMd9dSZJVIPn4aw5idzLkj&y=U2FsdGVkX191etfxj9dvqVYW23+PM++58+fZtDI23Ivx3+ApnpzovgaJqfY5uXpo HTTP/1.1" 200 26
186.102.81.229 - - [05/Jan/2024:12:28:49 -0500] "GET /kwssiamovil/sm/acme/a?s=U2FsdGVkX1/0dFARwf1DIz1+059lKhkpNO6MXlTsdh279WT2LZWd+D2Yku0638FyTELR386LVPGGXztTYpvshAwIzEv2pVLbCzy8T71P3KgVseS9og48DB2FmhC4WWQi2lwkupaCMplj6b9aqcD6z42jcWyVjy7TeaFgknkDKAVcuV95KM6VoeBpQyhKstn7gkyB0esUGvcSPDwKrOCM2A==&u=U2FsdGVkX18P9N73NzlY2XnTfy6kjwxP5Xf40iqAOuvMd9dSZJVIPn4aw5idzLkj&y=U2FsdGVkX191etfxj9dvqVYW23+PM++58+fZtDI23Ivx3+ApnpzovgaJqfY5uXpo HTTP/1.1" 200 25
186.102.81.229 - - [05/Jan/2024:12:28:49 -0500] "GET /kwssiamovil/sm/acme/a?s=U2FsdGVkX18JGxz5qse/s4qZikjnVaAvJdRVTX4kQNRek5dboQNQmuxOk/X7mmiwY1mgYyKQL55M2rFAm+C9Yf3zDsdYAEXjZi9nWmBqSdpE4BJfm2yKPgRRJAPKcCXYbg6iA0CXfaHn0YVw45Ej6inlcl836Bj3ELFG/WKymAgJt6MTGz0PYLVIoxZyhZYUOktXSdAr4lAELz75/A4QZQ==&u=U2FsdGVkX18P9N73NzlY2XnTfy6kjwxP5Xf40iqAOuvMd9dSZJVIPn4aw5idzLkj&y=U2FsdGVkX191etfxj9dvqVYW23+PM++58+fZtDI23Ivx3+ApnpzovgaJqfY5uXpo HTTP/1.1" 200 26
186.102.81.229 - - [05/Jan/2024:12:28:49 -0500] "GET /kwssiamovil/sm/acme/a?s=U2FsdGVkX1+TLsW2g+ycKvmLQ/S7QyF2cPCfJMsAzwMWXPFQvIRyjro0ThEc8XxTN05/rCMT5ARHzo/e3iPs17DGsw2O307Jftmt3JOAXVuTq5ZEcU2rtQjdIJIcbUR12AwQlIWIb76hcvQHR7Pbh27BDIP83M+2aAJaVp7yyGvDImhGiDfSro1uhwt0dQ6KAuPREXC5XdtlTkxWaHvHXA==&u=U2FsdGVkX18P9N73NzlY2XnTfy6kjwxP5Xf40iqAOuvMd9dSZJVIPn4aw5idzLkj&y=U2FsdGVkX191etfxj9dvqVYW23+PM++58+fZtDI23Ivx3+ApnpzovgaJqfY5uXpo HTTP/1.1" 200 25
186.102.81.229 - - [05/Jan/2024:12:28:50 -0500] "GET /kwssiamovil/sm/acme/a?s=U2FsdGVkX19HFsg0zgmivQKkYMxXgNQhjaq4D7kUQtZUA/dXtqPGByc81QI9mZx9MhFWFvrQrZnWjMb1dier+mNSx9cZKkLIOGtLTPBQZJmeiVN0pELB1uX7iXguZJ3XurPPBtcI9QEFuCENHZisYUpOzcqPXmvtYnmTOanDpN0z0vdziQoK72Z64AxoncZGaXodETRutq+uyejq58wHCw==&u=U2FsdGVkX18P9N73NzlY2XnTfy6kjwxP5Xf40iqAOuvMd9dSZJVIPn4aw5idzLkj&y=U2FsdGVkX191etfxj9dvqVYW23+PM++58+fZtDI23Ivx3+ApnpzovgaJqfY5uXpo HTTP/1.1" 200 26
156.59.198.135 - - [05/Jan/2024:12:28:56 -0500] "GET /BLA/resoluciones/RESOLUCIONES%202010/5665.pdf HTTP/1.0" 200 82791
216.244.66.195 - - [05/Jan/2024:12:29:07 -0500] "GET /BLA/resoluciones/RESOLUCIONES%202017/0865.pdf HTTP/1.1" 200 352409
186.102.81.229 - - [05/Jan/2024:12:29:08 -0500] "OPTIONS /kwssiamovil/sm/setfile/f? HTTP/1.1" 200 13
186.102.81.229 - - [05/Jan/2024:12:29:08 -0500] "POST /kwssiamovil/sm/setfile/f? HTTP/1.1" 200 381
186.102.81.229 - - [05/Jan/2024:12:29:16 -0500] "GET /kwssiamovil/sm/acme/a?s=U2FsdGVkX1+b//SQT7GIyZm1AuvdQd45y3umU9X+rm+JuVp8rejRDnYsjj6c4a/G/Ryjqbk/a5GuZYVv5gM/35irWxPF0gIyUdyLb0598FmITC2mZwA4vnQR2tyAYY0l97kpWEMrt124I8KDHjfo4hNJXxtwW8xhJ0HqnhOdHcHPUVsl7A7Jautz9H/SsdxEY29Vr9orVl+tXITU6IVDt+6cRfZbUj0OQBhbHJYHXi/xTtrYaXYsteFjN5UXpjWe2AHLizpKsUTXTIy8/l8mzw==&u=U2FsdGVkX18P9N73NzlY2XnTfy6kjwxP5Xf40iqAOuvMd9dSZJVIPn4aw5idzLkj&y=U2FsdGVkX191etfxj9dvqVYW23+PM++58+fZtDI23Ivx3+ApnpzovgaJqfY5uXpo HTTP/1.1" 200 26
186.102.81.229 - - [05/Jan/2024:12:29:16 -0500] "GET /kwssiamovil/sm/acme/a?s=U2FsdGVkX1/0mMIr9VuT6cCqPz0DnLIUnlE3nH/Uj8YgcycHgOI3YvVV5UciTU5j1zIJz2xu+RxGW03yfHEoq2kxTWzWRSiaKyqZ5eEUNWjos+6FUt0tg2xyVjmQtg6qoQwIJsEZVZB73nqWJm1VP0ubvhcD74ORdQYX7JT34YMLM+P/fnSKKa17ZPzO4dX6/vn0xX1R6DRXnKyY2REVp50Pqr5vTQVXjLzb7Mt4ZBSpFBS2skrqu1Z9YpsMDnJnsIUwC8FDRaCrix3wENxELuEfprNKDKuBWurZr5WrW4cnz2nYWziDbJW1aE0tcBV6lkggG9Hi90IIWBqp6OGOc33Q9k8ITyX2QF/ReY/WbPf40ehADEvsXcKtlsbb5v6i026xAx1s/f+ZmAMrpN1o/SwYkVqEIJIYw/wC+BbMzP/Qu3ToaIaW/JWNVPsrX6EwLXHoiR6rvriij3LwMOlooSS2KGYpy5w+RDAGkCRakXyCaOhsZybLc8bJbofaDTaWnsaeMFAoHBzhvBgof2B1QP+hJDAe7gMup68uJv811lxfFTfU6I8aI7GtTbUaZ7HzfFC4sQlFswQ4sXulMoy+iaUMVSvmjAd+3f7c1jiq1pdo4SCbYQbwXuFlB8sMBKfnxZbpc9jEVGb6GCF4OBHIJzbMv9rzWGWHto7rxyO5YmjUBrjHMoyXachR3fap2i9ShQlsLVp5d53FpEDFtoi1L9b0d7vlszseYZWnrQ1+6Be0ByzGqk9aZuI3mLk/ZL5Xt1e1PhWu8jFTXUPnQ0fPvgHZ9PfNxnRIW+e1A28MwfYgCmRyms/PK64qhYdrS1KbrA8eRKHq8LIhhM4v89LenZgLCdEkPpckkQqqGZSs0zbsyftaEzicJ3UA/pHvI+1pEEv92ZleuSk0skRkfTCh4MJMo0IUi9iQw2xLLhpL+9rqXc9WAfcirI/Tbz4VZEPRKPo9IlRNxmREfNY23chyvaZiT6o7wm/S0CCDm+k9kcQ=&u=U2FsdGVkX18P9N73NzlY2XnTfy6kjwxP5Xf40iqAOuvMd9dSZJVIPn4aw5idzLkj&y=U2FsdGVkX191etfxj9dvqVYW23+PM++58+fZtDI23Ivx3+ApnpzovgaJqfY5uXpo HTTP/1.1" 200 25
186.102.81.229 - - [05/Jan/2024:12:29:17 -0500] "GET /kwssiamovil/sm/acme/u?s=U2FsdGVkX19xPfX5URrl/z07xAh8bYht9gS3ahGGzfub4MYxKm6noqxyaqjuHZgOW4JRh+LFElksmhXU5icF8LMwwKCm1U1efs5OYIFbjZnUDBl/YfuZGpizo82x7rCe&u=U2FsdGVkX18P9N73NzlY2XnTfy6kjwxP5Xf40iqAOuvMd9dSZJVIPn4aw5idzLkj&y=U2FsdGVkX191etfxj9dvqVYW23+PM++58+fZtDI23Ivx3+ApnpzovgaJqfY5uXpo HTTP/1.1" 200 60
186.102.81.229 - - [05/Jan/2024:12:29:17 -0500] "GET /kwssiamovil/sm/acme/a?s=U2FsdGVkX1+hHpEHhu6ofGaX1hS0xR15a27KSG2epIKV9BzzNBgxMWhdkInH5ioinMqGaxUtAV49GCeskm7SH39rJV12MWyqtaf7+kCu+e3Mle4WF8569b/kMIl8RIJlpSgUkg7MtubW3gR1Yur6KzrMZ5FJNVG3/j6xCX4priU=&u=U2FsdGVkX18P9N73NzlY2XnTfy6kjwxP5Xf40iqAOuvMd9dSZJVIPn4aw5idzLkj&y=U2FsdGVkX191etfxj9dvqVYW23+PM++58+fZtDI23Ivx3+ApnpzovgaJqfY5uXpo HTTP/1.1" 200 26
186.102.81.229 - - [05/Jan/2024:12:29:17 -0500] "GET /kwssiamovil/sm/acme/a?s=U2FsdGVkX1+HITeN/B5TbegJW6FRzJZqjs70EeaqpgVIgS89HplRxtKOsWe0fj4dgrE++0LcyrsWbqFtnJhwO1ya91KVLpVBBknTbgrwsrchefC4MppyPymg9n2ga4xxLEc+pTmHmMr66tv5fbhw9OnNoFs6eKfrQxli/r9dW7EdYPDSLIcsNszC9AmA8xPa&u=U2FsdGVkX18P9N73NzlY2XnTfy6kjwxP5Xf40iqAOuvMd9dSZJVIPn4aw5idzLkj&y=U2FsdGVkX191etfxj9dvqVYW23+PM++58+fZtDI23Ivx3+ApnpzovgaJqfY5uXpo HTTP/1.1" 200 25
186.102.81.229 - - [05/Jan/2024:12:29:17 -0500] "GET /kwssiamovil/sm/acme/a?s=U2FsdGVkX18JCuf1yOc8ZNjJkLiZRY+4Sx1xLmHFb54PwMR1oZwgi4cK7ek2hVMUlG5S7s1tnKsEpLR0MGv4d37zSr2VRF8EZpLaWFKLJoGCgZUJC1XPEzx2ZWPoujY5jWwGq92d41+UIjzbzBLj0/hw3Z6WgqP746NTLsEYmX7QCRihAtUDO82Z88RJfzxWhHw0ZWSdXT1QSSK+oo8g3yGQbLiUJ7oWbKdGSm8mB3lr+Ghs7ZiRYHn2AXyPk5vjZyhxtqtemMZaStTcZkaMkEiXXES9a9329OepyJd15PeBov3lVYKMmRPO8CXR/dTedosjds6JRclh0WS/EZIZL+lNkoSbzW0hvEHBoWzi/cKgwyUxDpXSJfNPE8hgOXnDd/GfSWlZvmxeByctAjrO/A==&u=U2FsdGVkX18P9N73NzlY2XnTfy6kjwxP5Xf40iqAOuvMd9dSZJVIPn4aw5idzLkj&y=U2FsdGVkX191etfxj9dvqVYW23+PM++58+fZtDI23Ivx3+ApnpzovgaJqfY5uXpo HTTP/1.1" 200 24
186.102.81.229 - - [05/Jan/2024:12:29:18 -0500] "GET /kwssiamovil/sm/acme/a?s=U2FsdGVkX1/ymkBh50AEv7b7+bxd1XpmA/YgxkoeVZihDMZrNWKUj8w0NSLSb7BqPV/EK1lcfek/z2/Thig2cUiWH2LbBTEtwU5YMdMs4fWCJQ99hjBdEBcwYXLtsPs7uPsfMwixTd8NpzsWTbesqt2S7coW6oEhBREDXBURdzlYtmf6uy0gW8ueUgHS1kTIZOt3rOnBFGTO3w+OyTTc2SK0jQXyXW8JqFLd1UwGv+LdWbrcfdlOY/cgijhoTZU8sBRXBJ0m7E5xS3Q+5iQnsPzjYN628i9JS+dqd0UTsMWyGrft54jq3qqKdXh963hOE72mdWESX09HaWhoh0c+ygTvCDyyXPot45UDZumzRWUoq7yiult9iN+Zs6SCHtB6&u=U2FsdGVkX18P9N73NzlY2XnTfy6kjwxP5Xf40iqAOuvMd9dSZJVIPn4aw5idzLkj&y=U2FsdGVkX191etfxj9dvqVYW23+PM++58+fZtDI23Ivx3+ApnpzovgaJqfY5uXpo HTTP/1.1" 200 26
156.59.198.136 - - [05/Jan/2024:12:29:20 -0500] "GET /BLA/resoluciones/RESOLUCIONES%202010/5363.pdf HTTP/1.0" 200 441995
216.244.66.195 - - [05/Jan/2024:12:29:30 -0500] "GET /BLA/resoluciones/RESOLUCIONES%202017/0881.pdf HTTP/1.1" 200 564882
201.245.192.253 - - [05/Jan/2024:12:29:28 -0500] "POST /kwsrmcab/Wsrmcab HTTP/1.1" 200 40273
201.245.192.253 - - [05/Jan/2024:12:29:38 -0500] "POST /sipse/faces/presentacion/financiero/solicitudProceso/listarSolicitudProceso.xhtml HTTP/1.1" 200 43787
201.245.192.253 - - [05/Jan/2024:12:29:38 -0500] "GET /sipse/faces/javax.faces.resource/theme.css?ln=primefaces-sipse HTTP/1.1" 304 -
201.245.192.253 - - [05/Jan/2024:12:29:38 -0500] "GET /sipse/faces/javax.faces.resource/primefaces.css?ln=primefaces&v=4.0 HTTP/1.1" 304 -
201.245.192.253 - - [05/Jan/2024:12:29:38 -0500] "GET /sipse/css/imagen/contrasena.png HTTP/1.1" 404 383
201.245.192.253 - - [05/Jan/2024:12:29:38 -0500] "GET /sipse/faces/javax.faces.resource/layout/layout.css?ln=primefaces&v=4.0 HTTP/1.1" 304 -
201.245.192.253 - - [05/Jan/2024:12:29:38 -0500] "GET /sipse/faces/javax.faces.resource/jquery/jquery.js?ln=primefaces&v=4.0 HTTP/1.1" 304 -
201.245.192.253 - - [05/Jan/2024:12:29:38 -0500] "GET /sipse/faces/javax.faces.resource/jquery/jquery-plugins.js?ln=primefaces&v=4.0 HTTP/1.1" 304 -
201.245.192.253 - - [05/Jan/2024:12:29:38 -0500] "GET /sipse/faces/javax.faces.resource/primefaces.js?ln=primefaces&v=4.0 HTTP/1.1" 304 -
201.245.192.253 - - [05/Jan/2024:12:29:38 -0500] "GET /sipse/faces/javax.faces.resource/layout/layout.js?ln=primefaces&v=4.0 HTTP/1.1" 304 -
201.245.192.253 - - [05/Jan/2024:12:29:38 -0500] "GET /sipse/faces/javax.faces.resource/images/ui-icons_898989_256x240.png?ln=primefaces-aristo HTTP/1.1" 304 -
201.245.192.253 - - [05/Jan/2024:12:29:38 -0500] "POST /sipse/faces/presentacion/financiero/solicitudProceso/consultar.xhtml HTTP/1.1" 200 37136
201.245.192.253 - - [05/Jan/2024:12:29:42 -0500] "GET /sipse/faces/javax.faces.resource/images/ui-bg_flat_0_2d5972_40x100.png?ln=primefaces-aristo HTTP/1.1" 304 -
201.245.192.253 - - [05/Jan/2024:12:29:42 -0500] "POST /sipse/faces/presentacion/financiero/solicitudProceso/consultar.xhtml HTTP/1.1" 200 12872
156.59.198.135 - - [05/Jan/2024:12:29:44 -0500] "GET /BLA/resoluciones/RESOLUCIONES%202010/5613.pdf HTTP/1.0" 200 224516
186.102.81.229 - - [05/Jan/2024:12:30:01 -0500] "OPTIONS /kwssiamovil/sm/setfile/f? HTTP/1.1" 200 13
186.29.101.128 - - [05/Jan/2024:12:30:01 -0500] "GET /BLA/boletinlegal/style.css HTTP/1.1" 200 9406
186.29.101.128 - - [05/Jan/2024:12:30:01 -0500] "GET /BLA/boletinlegal/js/jquery.scrollShow.js HTTP/1.1" 200 4586
186.29.101.128 - - [05/Jan/2024:12:30:01 -0500] "GET /BLA/boletinlegal/js/jquery.scrollTo-min.js HTTP/1.1" 200 1150
186.29.101.128 - - [05/Jan/2024:12:30:01 -0500] "GET /BLA/boletinlegal/styles2.css HTTP/1.1" 200 1838
186.29.101.128 - - [05/Jan/2024:12:30:01 -0500] "GET /BLA/boletinlegal/js/jquery.js HTTP/1.1" 200 57254
186.29.101.128 - - [05/Jan/2024:12:30:01 -0500] "GET /BLA/boletinlegal/images/cabezote%20BLEGAL.jpg HTTP/1.1" 200 118164
186.29.101.128 - - [05/Jan/2024:12:30:02 -0500] "GET /BLA/boletinlegal/images/screen_1.png HTTP/1.1" 200 202547
186.29.101.128 - - [05/Jan/2024:12:30:02 -0500] "GET /BLA/boletinlegal/images/subscribe-icon-big.png HTTP/1.1" 200 47702
186.29.101.128 - - [05/Jan/2024:12:30:02 -0500] "GET /BLA/boletinlegal/images/historia.png HTTP/1.1" 200 52775
186.29.101.128 - - [05/Jan/2024:12:30:02 -0500] "GET /BLA/boletinlegal/images/registro-usuarios.png HTTP/1.1" 200 8106
186.29.101.128 - - [05/Jan/2024:12:30:02 -0500] "GET /BLA/boletinlegal/images/arr_l.jpg HTTP/1.1" 200 1979
186.29.101.128 - - [05/Jan/2024:12:30:02 -0500] "GET /BLA/boletinlegal/images/launch.jpg HTTP/1.1" 200 14577
186.29.101.128 - - [05/Jan/2024:12:30:02 -0500] "GET /BLA/boletinlegal/images/body_bg.jpg HTTP/1.1" 200 1601
186.29.101.128 - - [05/Jan/2024:12:30:02 -0500] "GET /BLA/boletinlegal/images/menu_lft.gif HTTP/1.1" 200 1713
186.29.101.128 - - [05/Jan/2024:12:30:02 -0500] "GET /BLA/boletinlegal/images/menu_rght.gif HTTP/1.1" 200 1627
186.29.101.128 - - [05/Jan/2024:12:30:02 -0500] "GET /BLA/boletinlegal/images/menu_bg.jpg HTTP/1.1" 200 620
186.29.101.128 - - [05/Jan/2024:12:30:02 -0500] "GET /BLA/boletinlegal/images/text.jpg HTTP/1.1" 200 568
186.29.101.128 - - [05/Jan/2024:12:30:02 -0500] "GET /BLA/boletinlegal/images/hover.jpg HTTP/1.1" 200 640
186.29.101.128 - - [05/Jan/2024:12:30:02 -0500] "GET /BLA/boletinlegal/images/bg_top.jpg HTTP/1.1" 200 522
186.102.81.229 - - [05/Jan/2024:12:30:01 -0500] "POST /kwssiamovil/sm/setfile/f? HTTP/1.1" 200 381
186.102.81.229 - - [05/Jan/2024:12:30:05 -0500] "OPTIONS /kwssiamovil/sm/setfile/f? HTTP/1.1" 200 13
186.102.81.229 - - [05/Jan/2024:12:30:05 -0500] "POST /kwssiamovil/sm/setfile/f? HTTP/1.1" 200 381
186.29.101.128 - - [05/Jan/2024:12:30:08 -0500] "GET /BLA/boletinlegal/images/screen_2.png HTTP/1.1" 200 362502
186.29.101.128 - - [05/Jan/2024:12:30:08 -0500] "GET /BLA/boletinlegal/images/screen_3.png HTTP/1.1" 200 210620
186.29.101.128 - - [05/Jan/2024:12:30:08 -0500] "GET /BLA/boletinlegal/images/screen_5.png HTTP/1.1" 200 368876
186.29.101.128 - - [05/Jan/2024:12:30:08 -0500] "GET /BLA/boletinlegal/images/footer_bg.jpg HTTP/1.1" 200 586
186.29.101.128 - - [05/Jan/2024:12:30:08 -0500] "GET /BLA/boletinlegal/images/arr_r.jpg HTTP/1.1" 200 1998
