69.171.249.119 - - [05/Jan/2024:02:30:12 -0500] "GET /images/Musgo%2017%20-%2012%20-%202023.jpeg HTTP/1.1" 200 66238
69.171.249.2 - - [05/Jan/2024:02:30:12 -0500] "GET /images/Aves%20SDA.jpeg HTTP/1.1" 200 75104
69.171.249.1 - - [05/Jan/2024:02:30:12 -0500] "GET /images/PREAD%20SDA%201.jpeg HTTP/1.1" 200 65620
201.245.192.253 - - [05/Jan/2024:02:30:15 -0500] "POST /kwsrmcab/Wsrmcab HTTP/1.1" 200 36783
69.171.249.120 - - [05/Jan/2024:02:30:18 -0500] "GET /images/calidad-aire.jpg HTTP/1.1" 200 42421
156.59.198.136 - - [05/Jan/2024:02:30:30 -0500] "GET /BLA/resoluciones/RESOLUCIONES%202014/1054.pdf HTTP/1.0" 200 877023
216.245.221.92 - - [05/Jan/2024:02:30:42 -0500] "HEAD / HTTP/1.1" 200 -
156.59.198.136 - - [05/Jan/2024:02:30:54 -0500] "GET /BLA/resoluciones/RESOLUCIONES%202007/RES%202007%20401%20AL%20500/RESOLUCION%200433%20DE%202007.pdf HTTP/1.0" 200 160882
172.22.2.4 - - [05/Jan/2024:02:29:35 -0500] "HEAD /BLA/boletinlegal/ HTTP/1.1" 200 -
156.59.198.136 - - [05/Jan/2024:02:31:18 -0500] "GET /BLA/resoluciones/RESOLUCIONES%202014/0027.pdf HTTP/1.0" 200 564552
201.245.192.253 - - [05/Jan/2024:02:31:19 -0500] "POST /kwsrmcab/Wsrmcab  HTTP/1.1" 200 36937
156.59.198.135 - - [05/Jan/2024:02:31:43 -0500] "GET /BLA/resoluciones/AUTOS%202017/2456.pdf HTTP/1.0" 200 278895
156.59.198.136 - - [05/Jan/2024:02:32:07 -0500] "GET /BLA/resoluciones/RESOLUCIONES%202014/0076.pdf HTTP/1.0" 200 540821
172.22.2.4 - - [05/Jan/2024:02:30:27 -0500] "GET /BLA/boletinlegal/ HTTP/1.1" 200 60502
156.59.198.136 - - [05/Jan/2024:02:32:31 -0500] "GET /BLA/resoluciones/RESOLUCIONES%202014/1766.pdf HTTP/1.0" 200 1021626
156.59.198.135 - - [05/Jan/2024:02:32:57 -0500] "GET /BLA/resoluciones/RESOLUCIONES%202014/0773.pdf HTTP/1.0" 200 2039927
156.59.198.135 - - [05/Jan/2024:02:33:21 -0500] "GET /BLA/resoluciones/RESOLUCIONES%202007/RES%202007%203101%20AL%203200/RESOLUCION%203174%20DE%202007.pdf HTTP/1.0" 200 375009
156.59.198.135 - - [05/Jan/2024:02:33:45 -0500] "GET /BLA/resoluciones/RESOLUCIONES%202014/0537.pdf HTTP/1.0" 200 577126
156.59.198.135 - - [05/Jan/2024:02:34:10 -0500] "GET /BLA/resoluciones/AUTOS%202017/1958.pdf HTTP/1.0" 200 647364
156.59.198.135 - - [05/Jan/2024:02:34:33 -0500] "GET /BLA/resoluciones/RESOLUCIONES%202007/RES%202007%202801%20AL%202900/RESOLUCION%202843%20DE%202007.pdf HTTP/1.0" 200 661081
156.59.198.135 - - [05/Jan/2024:02:34:58 -0500] "GET /BLA/resoluciones/RESOLUCIONES%202014/2327.pdf HTTP/1.0" 200 2140120
54.205.142.92 - - [05/Jan/2024:02:35:22 -0500] "GET /robots.txt HTTP/1.1" 404 1131
156.59.198.136 - - [05/Jan/2024:02:35:22 -0500] "GET /BLA/resoluciones/RESOLUCIONES%202014/2212.pdf HTTP/1.0" 200 790330
201.245.192.253 - - [05/Jan/2024:02:35:20 -0500] "POST /kwsrmcab/Wsrmcab HTTP/1.1" 200 40146
54.205.142.92 - - [05/Jan/2024:02:35:22 -0500] "GET /portaldeninos/contactanos/ HTTP/1.1" 200 88135
201.245.192.253 - - [05/Jan/2024:02:35:23 -0500] "POST /kwsrmcab/Wsrmcab HTTP/1.1" 200 36783
216.245.221.92 - - [05/Jan/2024:02:35:42 -0500] "HEAD / HTTP/1.1" 200 -
156.59.198.136 - - [05/Jan/2024:02:35:46 -0500] "GET /BLA/resoluciones/RESOLUCIONES%202014/2486.pdf HTTP/1.0" 200 615753
156.59.198.135 - - [05/Jan/2024:02:36:10 -0500] "GET /BLA/resoluciones/RESOLUCIONES%202014/1528.pdf HTTP/1.0" 200 952081
201.245.192.253 - - [05/Jan/2024:02:36:18 -0500] "POST /kwsrmcab/Wsrmcab  HTTP/1.1" 200 36937
156.59.198.136 - - [05/Jan/2024:02:36:35 -0500] "GET /BLA/resoluciones/RESOLUCIONES%202014/0393.pdf HTTP/1.0" 200 515733
156.59.198.135 - - [05/Jan/2024:02:36:59 -0500] "GET /BLA/resoluciones/AUTOS%202017/2374.pdf HTTP/1.0" 200 268630
172.22.2.4 - - [05/Jan/2024:02:35:27 -0500] "HEAD /BLA/boletinlegal/ HTTP/1.1" 200 -
156.59.198.136 - - [05/Jan/2024:02:37:23 -0500] "GET /BLA/resoluciones/RESOLUCIONES%202000/RESOLUCION%201600%20DE%202000.pdf HTTP/1.0" 200 127620
156.59.198.135 - - [05/Jan/2024:02:37:48 -0500] "GET /BLA/resoluciones/RESOLUCIONES%202007/RES%202007%202801%20AL%202900/RESOLUCION%202893%20DE%202007.pdf HTTP/1.0" 200 1241094
152.61.192.232 - - [05/Jan/2024:02:37:51 -0500] "GET /arcgis/services/Calidad_del_Agua_WQI/MapServer/WMSServer?request=GetCapabilities&service=WMS HTTP/1.1" 503 1020
152.61.192.232 - - [05/Jan/2024:02:37:53 -0500] "GET /arcgis/services/Calidad_del_Agua_WQI/MapServer/WMSServer?SERVICE=WMS&REQUEST=GetCapabilities HTTP/1.1" 503 1020
152.61.192.232 - - [05/Jan/2024:02:37:53 -0500] "GET /arcgis/services/Calidad_del_Agua_WQI/MapServer/WMSServer?WMTVER=1.0.0&REQUEST=capabilities HTTP/1.1" 503 1020
172.22.2.4 - - [05/Jan/2024:02:36:18 -0500] "GET /BLA/boletinlegal/ HTTP/1.1" 200 60910
156.59.198.136 - - [05/Jan/2024:02:38:13 -0500] "GET /BLA/resoluciones/RESOLUCIONES%202014/0030.pdf HTTP/1.0" 200 531601
172.22.2.4 - - [05/Jan/2024:02:38:37 -0500] "GET /BLA/boletinlegal/plugins/.svn/entries HTTP/1.1" 404 1018
156.59.198.135 - - [05/Jan/2024:02:38:37 -0500] "GET /BLA/resoluciones/RESOLUCIONES%202014/0294.pdf HTTP/1.0" 200 919624
198.235.24.54 - - [05/Jan/2024:02:38:42 -0500] "GET / HTTP/1.0" 200 319
156.59.198.135 - - [05/Jan/2024:02:39:12 -0500] "GET /BLA/resoluciones/RESOLUCIONES%202000/RESOLUCION%202528%20DE%202000.pdf HTTP/1.0" 200 82245
156.59.198.136 - - [05/Jan/2024:02:39:26 -0500] "GET /BLA/resoluciones/AUTOS%202017/0434.pdf HTTP/1.0" 200 350310
156.59.198.135 - - [05/Jan/2024:02:39:30 -0500] "GET /BLA/resoluciones/RESOLUCIONES%202014/0294.pdf HTTP/1.0" 206 518459
201.245.192.253 - - [05/Jan/2024:02:39:30 -0500] "POST /kwsrmcab/Wsrmcab HTTP/1.1" 200 40146
156.59.198.135 - - [05/Jan/2024:02:39:51 -0500] "GET /BLA/resoluciones/RESOLUCIONES%202000/2453.pdf HTTP/1.0" 200 78708
156.59.198.136 - - [05/Jan/2024:02:40:15 -0500] "GET /BLA/resoluciones/RESOLUCIONES%202014/2347.pdf HTTP/1.0" 200 287084
201.245.192.253 - - [05/Jan/2024:02:40:13 -0500] "POST /kwsrmcab/Wsrmcab HTTP/1.1" 200 36783
156.59.198.135 - - [05/Jan/2024:02:40:39 -0500] "GET /BLA/resoluciones/RESOLUCIONES%202007/RES%202007%20401%20AL%20500/RESOLUCION%200481%20DE%202007.pdf HTTP/1.0" 200 488155
216.245.221.92 - - [05/Jan/2024:02:40:42 -0500] "HEAD / HTTP/1.1" 200 -
156.59.198.135 - - [05/Jan/2024:02:41:04 -0500] "GET /BLA/resoluciones/RESOLUCIONES%202007/RES%202007%203001%20AL%203100/RESOLUCION%203035%20DE%202007.pdf HTTP/1.0" 200 238197
201.245.192.253 - - [05/Jan/2024:02:41:17 -0500] "POST /kwsrmcab/Wsrmcab  HTTP/1.1" 200 36937
156.59.198.136 - - [05/Jan/2024:02:41:28 -0500] "GET /BLA/resoluciones/RESOLUCIONES%202014/1889.pdf HTTP/1.0" 200 611439
40.77.167.132 - - [05/Jan/2024:02:41:34 -0500] "GET /BLA/resoluciones/AUTOS%202020/3497.pdf HTTP/1.1" 200 328194
156.59.198.136 - - [05/Jan/2024:02:41:53 -0500] "GET /BLA/resoluciones/RESOLUCIONES%202001/RESOLUCION%201224%20DE%202001.pdf HTTP/1.0" 200 203254
156.59.198.135 - - [05/Jan/2024:02:42:17 -0500] "GET /BLA/resoluciones/RESOLUCIONES%202007/RES%202007%20401%20AL%20500/RESOLUCION%200452%20DE%202007.pdf HTTP/1.0" 200 1416270
156.59.198.135 - - [05/Jan/2024:02:42:41 -0500] "GET /BLA/resoluciones/RESOLUCIONES%202014/3300.pdf HTTP/1.0" 200 627601
172.22.2.4 - - [05/Jan/2024:02:41:17 -0500] "HEAD /BLA/boletinlegal/ HTTP/1.1" 200 -
156.59.198.136 - - [05/Jan/2024:02:43:05 -0500] "GET /BLA/resoluciones/RESOLUCIONES%202014/0342.pdf HTTP/1.0" 200 500396
156.59.198.136 - - [05/Jan/2024:02:43:31 -0500] "GET /BLA/resoluciones/RESOLUCIONES%202007/RES%202007%20401%20AL%20500/RESOLUCION%200451%20DE%202007.pdf HTTP/1.0" 200 759955
172.22.2.4 - - [05/Jan/2024:02:42:08 -0500] "GET /BLA/boletinlegal/ HTTP/1.1" 200 50150
40.77.167.132 - - [05/Jan/2024:02:43:55 -0500] "GET /BLA/resoluciones/AUTOS%202020/4992.pdf HTTP/1.1" 200 403766
156.59.198.136 - - [05/Jan/2024:02:43:56 -0500] "GET /BLA/resoluciones/RESOLUCIONES%201998/RESOLUCION%201293%20DE%201998.pdf HTTP/1.0" 200 58611
172.22.2.4 - - [05/Jan/2024:02:42:23 -0500] "GET /BLA/boletinlegal/ HTTP/1.1" 200 51383
156.59.198.136 - - [05/Jan/2024:02:44:18 -0500] "GET /BLA/resoluciones/RESOLUCIONES%202014/0719.pdf HTTP/1.0" 200 577319
156.59.198.136 - - [05/Jan/2024:02:44:42 -0500] "GET /BLA/resoluciones/RESOLUCIONES%202014/2872.pdf HTTP/1.0" 200 244520
52.167.144.16 - - [05/Jan/2024:02:44:54 -0500] "GET /BLA/resoluciones/AUTOS%202020/2220.pdf HTTP/1.1" 200 484207
40.77.167.25 - - [05/Jan/2024:02:44:59 -0500] "GET /BLA/resoluciones/AUTOS%202020/4354.pdf HTTP/1.1" 200 391628
156.59.198.135 - - [05/Jan/2024:02:45:08 -0500] "GET /BLA/resoluciones/RESOLUCIONES%202014/0319.pdf HTTP/1.0" 200 486230
66.249.66.19 - - [05/Jan/2024:02:45:30 -0500] "GET /BLA/resoluciones/RESOLUCIONES%202021/5262.pdf HTTP/1.1" 200 370932
156.59.198.135 - - [05/Jan/2024:02:45:31 -0500] "GET /BLA/resoluciones/RESOLUCIONES%202014/0880.pdf HTTP/1.0" 200 523535
216.245.221.92 - - [05/Jan/2024:02:45:42 -0500] "HEAD / HTTP/1.1" 200 -
156.59.198.136 - - [05/Jan/2024:02:45:55 -0500] "GET /BLA/resoluciones/RESOLUCIONES%201998/RESOLUCION%201198%20DE%201998.pdf HTTP/1.0" 200 87707
201.245.192.253 - - [05/Jan/2024:02:46:16 -0500] "POST /kwsrmcab/Wsrmcab  HTTP/1.1" 200 36937
156.59.198.135 - - [05/Jan/2024:02:46:20 -0500] "GET /BLA/resoluciones/RESOLUCIONES%202014/0538.pdf HTTP/1.0" 200 577092
52.167.144.233 - - [05/Jan/2024:02:46:41 -0500] "GET /BLA/resoluciones/RESOLUCIONES%202023/2927.pdf HTTP/1.1" 200 453183
156.59.198.135 - - [05/Jan/2024:02:46:44 -0500] "GET /BLA/resoluciones/RESOLUCIONES%202014/0020.pdf HTTP/1.0" 200 511335
156.59.198.136 - - [05/Jan/2024:02:47:09 -0500] "GET /BLA/resoluciones/RESOLUCIONES%202007/RES%202007%203201%20AL%203300/RESOLUCION%203278%20DE%202007.pdf HTTP/1.0" 200 200801
156.59.198.135 - - [05/Jan/2024:02:47:33 -0500] "GET /BLA/resoluciones/RESOLUCIONES%202014/2009.pdf HTTP/1.0" 200 3768723
40.77.167.67 - - [05/Jan/2024:02:47:38 -0500] "GET /BLA/resoluciones/AUTOS%202020/2593.pdf HTTP/1.1" 200 335346
156.59.198.136 - - [05/Jan/2024:02:47:57 -0500] "GET /BLA/resoluciones/RESOLUCIONES%202014/1510.pdf HTTP/1.0" 200 559724
156.59.198.136 - - [05/Jan/2024:02:48:21 -0500] "GET /BLA/resoluciones/Notificaciones/RESOLUCIONES%202017/01813.pdf HTTP/1.0" 200 591094
156.59.198.136 - - [05/Jan/2024:02:48:47 -0500] "GET /BLA/resoluciones/RESOLUCIONES%202014/0317.pdf HTTP/1.0" 200 507302
172.22.2.4 - - [05/Jan/2024:02:47:07 -0500] "HEAD /BLA/boletinlegal/ HTTP/1.1" 200 -
156.59.198.136 - - [05/Jan/2024:02:49:11 -0500] "GET /BLA/resoluciones/RESOLUCIONES%202007/RES%202007%203801%20AL%203900/RESOLUCION%203812%20DE%202007.pdf HTTP/1.0" 200 200466
199.16.157.183 - - [05/Jan/2024:02:49:34 -0500] "GET /images/cr%C3%B3nica-29-nov-1_optimized.jpeg HTTP/1.1" 404 1034
156.59.198.136 - - [05/Jan/2024:02:49:34 -0500] "GET /BLA/resoluciones/RESOLUCIONES%202014/0086.pdf HTTP/1.0" 200 420421
172.22.2.4 - - [05/Jan/2024:02:47:58 -0500] "GET /BLA/boletinlegal/ HTTP/1.1" 200 60910
156.59.198.136 - - [05/Jan/2024:02:49:58 -0500] "GET /BLA/resoluciones/RESOLUCIONES%202014/1940.pdf HTTP/1.0" 200 422703
156.59.198.135 - - [05/Jan/2024:02:50:22 -0500] "GET /BLA/resoluciones/RESOLUCIONES%202001/1502.pdf HTTP/1.0" 200 72573
216.245.221.92 - - [05/Jan/2024:02:50:42 -0500] "HEAD / HTTP/1.1" 200 -
156.59.198.136 - - [05/Jan/2024:02:50:47 -0500] "GET /BLA/resoluciones/RESOLUCIONES%202014/3144.pdf HTTP/1.0" 200 443983
156.59.198.135 - - [05/Jan/2024:02:51:11 -0500] "GET /BLA/resoluciones/RESOLUCIONES%202001/RESOLUCION%20501%20DE%202001.pdf HTTP/1.0" 200 475011
201.245.192.253 - - [05/Jan/2024:02:51:14 -0500] "POST /kwsrmcab/Wsrmcab  HTTP/1.1" 200 36937
156.59.198.136 - - [05/Jan/2024:02:51:36 -0500] "GET /BLA/resoluciones/RESOLUCIONES%202014/0523.pdf HTTP/1.0" 200 962489
156.59.198.135 - - [05/Jan/2024:02:52:00 -0500] "GET /BLA/resoluciones/RESOLUCIONES%202007/RES%202007%202201%20AL%202300/RESOLUCION%202270%20DE%202007.pdf HTTP/1.0" 200 502473
156.59.198.135 - - [05/Jan/2024:02:52:24 -0500] "GET /BLA/resoluciones/RESOLUCIONES%202007/RES%202007%20401%20AL%20500/RESOLUCION%200427%20DE%202007.pdf HTTP/1.0" 200 262626
156.59.198.136 - - [05/Jan/2024:02:52:48 -0500] "GET /BLA/resoluciones/RESOLUCIONES%202014/0634.pdf HTTP/1.0" 200 795593
156.59.198.136 - - [05/Jan/2024:02:53:12 -0500] "GET /BLA/resoluciones/RESOLUCIONES%202014/1724.pdf HTTP/1.0" 200 610777
216.244.66.195 - - [05/Jan/2024:02:53:32 -0500] "GET /robots.txt HTTP/1.1" 404 1018
156.59.198.135 - - [05/Jan/2024:02:53:37 -0500] "GET /BLA/resoluciones/RESOLUCIONES%201998/RESOLUCION%201548%20DE%201998.pdf HTTP/1.0" 200 504561
156.59.198.135 - - [05/Jan/2024:02:54:01 -0500] "GET /BLA/resoluciones/RESOLUCIONES%202000/0845.pdf HTTP/1.0" 200 663779
156.59.198.136 - - [05/Jan/2024:02:54:25 -0500] "GET /BLA/resoluciones/RESOLUCIONES%202014/1015.pdf HTTP/1.0" 200 579161
40.77.167.50 - - [05/Jan/2024:02:54:33 -0500] "GET /BLA/resoluciones/RESOLUCIONES%202023/03180.pdf HTTP/1.1" 200 464893
172.22.2.4 - - [05/Jan/2024:02:52:57 -0500] "HEAD /BLA/boletinlegal/ HTTP/1.1" 200 -
156.59.198.135 - - [05/Jan/2024:02:54:49 -0500] "GET /BLA/resoluciones/AUTOS%202017/4330.pdf HTTP/1.0" 200 264114
40.77.167.71 - - [05/Jan/2024:02:54:57 -0500] "GET /investigadores-del-jardin-botanico-de-bogota-descubren-primera-especie-de-cedro-endemica-de-colombia.html HTTP/1.1" 200 1003
156.59.198.135 - - [05/Jan/2024:02:55:13 -0500] "GET /BLA/resoluciones/RESOLUCIONES%202014/3229.pdf HTTP/1.0" 200 4079933
172.22.2.4 - - [05/Jan/2024:02:53:48 -0500] "GET /BLA/boletinlegal/ HTTP/1.1" 200 60910
156.59.198.135 - - [05/Jan/2024:02:55:37 -0500] "GET /BLA/resoluciones/RESOLUCIONES%202007/RES%202007%20401%20AL%20500/RESOLUCION%200435%20DE%202007.pdf HTTP/1.0" 200 422249
216.245.221.92 - - [05/Jan/2024:02:55:42 -0500] "HEAD / HTTP/1.1" 200 -
156.59.198.135 - - [05/Jan/2024:02:56:02 -0500] "GET /BLA/resoluciones/RESOLUCIONES%202014/0723.pdf HTTP/1.0" 200 876617
201.245.192.253 - - [05/Jan/2024:02:56:11 -0500] "POST /kwsrmcab/Wsrmcab  HTTP/1.1" 200 36937
172.22.2.4 - - [05/Jan/2024:02:56:25 -0500] "GET /BLA/boletinlegal/modules/.git/config HTTP/1.1" 404 1018
156.59.198.136 - - [05/Jan/2024:02:56:25 -0500] "GET /BLA/resoluciones/RESOLUCIONES%202001/RESOLUCION%201349%20DE%202001.pdf HTTP/1.0" 200 112811
156.59.198.136 - - [05/Jan/2024:02:56:50 -0500] "GET /BLA/resoluciones/RESOLUCIONES%202014/1854.pdf HTTP/1.0" 200 680435
40.77.167.67 - - [05/Jan/2024:02:57:00 -0500] "GET /galeria/galeria/jquery.fancybox.js?v=2.1.5 HTTP/1.1" 200 48706
156.59.198.135 - - [05/Jan/2024:02:57:15 -0500] "GET /BLA/resoluciones/Notificaciones/AUTOS%202018/1032.pdf HTTP/1.0" 200 282501
156.59.198.136 - - [05/Jan/2024:02:57:39 -0500] "GET /BLA/resoluciones/RESOLUCIONES%202014/1718.pdf HTTP/1.0" 200 424973
156.59.198.136 - - [05/Jan/2024:02:58:03 -0500] "GET /BLA/resoluciones/RESOLUCIONES%202014/2137.pdf HTTP/1.0" 200 554148
156.59.198.135 - - [05/Jan/2024:02:58:28 -0500] "GET /BLA/resoluciones/RESOLUCIONES%202014/1694.pdf HTTP/1.0" 200 1167546
172.22.2.4 - - [05/Jan/2024:02:58:30 -0500] "GET /BLA/boletinlegal/showLogin.cc HTTP/1.1" 404 1018
156.59.198.135 - - [05/Jan/2024:02:58:52 -0500] "GET /BLA/resoluciones/RESOLUCIONES%202014/1219.pdf HTTP/1.0" 200 8933601
172.22.2.4 - - [05/Jan/2024:02:58:12 -0500] "GET /BLA/boletinlegal/ HTTP/1.1" 200 32715
156.59.198.136 - - [05/Jan/2024:02:59:17 -0500] "GET /BLA/resoluciones/Notificaciones/AUTOS%202018/467.pdf HTTP/1.0" 200 177858
156.59.198.136 - - [05/Jan/2024:02:59:41 -0500] "GET /BLA/resoluciones/RESOLUCIONES%202014/2883.pdf HTTP/1.0" 200 4264416
156.59.198.136 - - [05/Jan/2024:03:00:05 -0500] "GET /BLA/resoluciones/RESOLUCIONES%202014/1547.pdf HTTP/1.0" 200 1384810
172.22.2.4 - - [05/Jan/2024:02:58:47 -0500] "HEAD /BLA/boletinlegal/ HTTP/1.1" 200 -
156.59.198.136 - - [05/Jan/2024:03:00:30 -0500] "GET /BLA/resoluciones/RESOLUCIONES%202014/0382.pdf HTTP/1.0" 200 518355
216.245.221.92 - - [05/Jan/2024:03:00:42 -0500] "HEAD / HTTP/1.1" 200 -
156.59.198.135 - - [05/Jan/2024:03:00:53 -0500] "GET /BLA/resoluciones/RESOLUCIONES%202007/RES%202007%20401%20AL%20500/RESOLUCION%200449%20DE%202007.pdf HTTP/1.0" 200 1478525
201.245.192.253 - - [05/Jan/2024:03:01:10 -0500] "POST /kwsrmcab/Wsrmcab  HTTP/1.1" 200 36937
156.59.198.135 - - [05/Jan/2024:03:01:17 -0500] "GET /BLA/resoluciones/RESOLUCIONES%202001/RESOLUCION%201594%20DE%202001.pdf HTTP/1.0" 200 195278
172.22.2.4 - - [05/Jan/2024:02:59:38 -0500] "GET /BLA/boletinlegal/ HTTP/1.1" 200 60502
156.59.198.136 - - [05/Jan/2024:03:01:43 -0500] "GET /BLA/resoluciones/RESOLUCIONES%202014/0061.pdf HTTP/1.0" 200 567286
40.77.167.45 - - [05/Jan/2024:03:01:52 -0500] "GET /BLA/resoluciones/AUTOS%202020/1063.pdf HTTP/1.1" 200 385484
40.77.167.143 - - [05/Jan/2024:03:01:57 -0500] "GET /BLA/resoluciones/AUTOS%202020/4784.pdf HTTP/1.1" 200 406693
156.59.198.135 - - [05/Jan/2024:03:02:07 -0500] "GET /BLA/resoluciones/RESOLUCIONES%202014/1224.pdf HTTP/1.0" 200 914265
156.59.198.136 - - [05/Jan/2024:03:02:31 -0500] "GET /BLA/resoluciones/RESOLUCIONES%202014/2017.pdf HTTP/1.0" 200 935538
156.59.198.135 - - [05/Jan/2024:03:02:56 -0500] "GET /BLA/resoluciones/RESOLUCIONES%202014/2717.pdf HTTP/1.0" 200 4740094
156.59.198.135 - - [05/Jan/2024:03:03:20 -0500] "GET /BLA/resoluciones/Notificaciones/AUTOS%202018/01898.pdf HTTP/1.0" 200 235617
156.59.198.135 - - [05/Jan/2024:03:03:46 -0500] "GET /BLA/resoluciones/Notificaciones/AUTOS%202018/5028.pdf HTTP/1.0" 200 265698
156.59.198.135 - - [05/Jan/2024:03:04:09 -0500] "GET /BLA/resoluciones/RESOLUCIONES%202014/1341.pdf HTTP/1.0" 200 364873
156.59.198.135 - - [05/Jan/2024:03:04:33 -0500] "GET /BLA/resoluciones/RESOLUCIONES%202007/RES%202007%202801%20AL%202900/RESOLUCION%202805%20DE%202007.pdf HTTP/1.0" 200 513048
156.59.198.136 - - [05/Jan/2024:03:04:57 -0500] "GET /BLA/resoluciones/RESOLUCIONES%202014/0713.pdf HTTP/1.0" 200 578535
156.59.198.136 - - [05/Jan/2024:03:05:24 -0500] "GET /BLA/resoluciones/RESOLUCIONES%202014/0038.pdf HTTP/1.0" 200 880224
216.245.221.92 - - [05/Jan/2024:03:05:42 -0500] "HEAD / HTTP/1.1" 200 -
156.59.198.136 - - [05/Jan/2024:03:05:48 -0500] "GET /BLA/resoluciones/RESOLUCIONES%202007/RES%202007%202801%20AL%202900/RESOLUCION%202858%20DE%202007.pdf HTTP/1.0" 200 624707
201.245.192.253 - - [05/Jan/2024:03:06:09 -0500] "POST /kwsrmcab/Wsrmcab  HTTP/1.1" 200 36937
156.59.198.135 - - [05/Jan/2024:03:06:12 -0500] "GET /BLA/resoluciones/RESOLUCIONES%202014/1083.pdf HTTP/1.0" 200 495214
172.22.2.4 - - [05/Jan/2024:03:04:38 -0500] "HEAD /BLA/boletinlegal/ HTTP/1.1" 200 -
66.249.66.19 - - [05/Jan/2024:03:06:30 -0500] "GET /BLA/resoluciones/Notificaciones/AUTOS%202023/5842.pdf HTTP/1.1" 200 392620
47.128.44.164 - - [05/Jan/2024:03:06:40 -0500] "GET /BLA/resoluciones/dlf/pdf.gif HTTP/1.1" 200 272
47.128.44.164 - - [05/Jan/2024:03:06:40 -0500] "GET /BLA/resoluciones/dlf/dirup.png HTTP/1.1" 200 644
156.59.198.135 - - [05/Jan/2024:03:07:00 -0500] "GET /BLA/resoluciones/RESOLUCIONES%202014/1956.pdf HTTP/1.0" 200 647154
47.128.44.164 - - [05/Jan/2024:03:06:38 -0500] "GET /BLA/resoluciones/index.php?dir=RESOLUCIONES%202011%2F&order=asc&sort=date HTTP/1.1" 200 298955
172.22.2.4 - - [05/Jan/2024:03:05:29 -0500] "GET /BLA/boletinlegal/ HTTP/1.1" 200 58567
156.59.198.135 - - [05/Jan/2024:03:07:25 -0500] "GET /BLA/resoluciones/RESOLUCIONES%202014/3133.pdf HTTP/1.0" 200 489018
40.77.167.45 - - [05/Jan/2024:03:07:34 -0500] "GET /BLA/resoluciones/AUTOS%202020/3665.pdf HTTP/1.1" 200 416744
40.77.167.25 - - [05/Jan/2024:03:07:38 -0500] "GET /BLA/resoluciones/AUTOS%202020/4678.pdf HTTP/1.1" 200 374672
156.59.198.136 - - [05/Jan/2024:03:07:51 -0500] "GET /BLA/resoluciones/RESOLUCIONES%202014/1810.pdf HTTP/1.0" 200 347998
156.59.198.135 - - [05/Jan/2024:03:08:15 -0500] "GET /BLA/resoluciones/Notificaciones/AUTOS%202018/03409.pdf HTTP/1.0" 200 309113
156.59.198.135 - - [05/Jan/2024:03:08:39 -0500] "GET /BLA/resoluciones/Notificaciones/AUTOS%202018/01913.pdf HTTP/1.0" 200 287546
156.59.198.136 - - [05/Jan/2024:03:09:05 -0500] "GET /BLA/resoluciones/Notificaciones/RESOLUCIONES%202017/81.doc HTTP/1.0" 200 1791352
40.77.167.54 - - [05/Jan/2024:03:09:20 -0500] "GET /BLA/resoluciones/AUTOS%202020/3550.pdf HTTP/1.1" 200 412651
156.59.198.135 - - [05/Jan/2024:03:09:28 -0500] "GET /BLA/resoluciones/RESOLUCIONES%202014/1321.pdf HTTP/1.0" 200 399971
156.59.198.135 - - [05/Jan/2024:03:09:53 -0500] "GET /BLA/resoluciones/Notificaciones/AUTOS%202018/3924.pdf HTTP/1.0" 200 280923
156.59.198.135 - - [05/Jan/2024:03:10:18 -0500] "GET /BLA/resoluciones/AUTOS%202017/3166.pdf HTTP/1.0" 200 289032
216.245.221.92 - - [05/Jan/2024:03:10:42 -0500] "HEAD / HTTP/1.1" 200 -
156.59.198.136 - - [05/Jan/2024:03:10:42 -0500] "GET /BLA/resoluciones/AUTOS%202017/3184.pdf HTTP/1.0" 200 274707
156.59.198.135 - - [05/Jan/2024:03:11:07 -0500] "GET /BLA/resoluciones/Notificaciones/AUTOS%202018/4129.pdf HTTP/1.0" 200 276062
201.245.192.253 - - [05/Jan/2024:03:11:08 -0500] "POST /kwsrmcab/Wsrmcab  HTTP/1.1" 200 36937
172.22.2.4 - - [05/Jan/2024:03:09:31 -0500] "GET /BLA/boletinlegal/ HTTP/1.1" 200 61309
172.22.2.4 - - [05/Jan/2024:03:11:13 -0500] "GET /BLA/boletinlegal/js/jquery.scrollShow.js HTTP/1.1" 200 4586
156.59.198.136 - - [05/Jan/2024:03:11:31 -0500] "GET /BLA/resoluciones/Notificaciones/AUTOS%202018/1167.pdf HTTP/1.0" 200 260270
156.59.198.136 - - [05/Jan/2024:03:11:55 -0500] "GET /BLA/resoluciones/RESOLUCIONES%201998/0744.pdf HTTP/1.0" 200 36881
172.22.2.4 - - [05/Jan/2024:03:10:28 -0500] "HEAD /BLA/boletinlegal/ HTTP/1.1" 200 -
156.59.198.135 - - [05/Jan/2024:03:12:20 -0500] "GET /BLA/resoluciones/RESOLUCIONES%201998/1198.pdf HTTP/1.0" 200 87707
156.59.198.136 - - [05/Jan/2024:03:12:45 -0500] "GET /BLA/resoluciones/RESOLUCIONES%201998/0722.pdf HTTP/1.0" 200 69991
216.244.66.195 - - [05/Jan/2024:03:12:56 -0500] "GET /BLA/resoluciones/AUTOS%202015/3206.pdf HTTP/1.1" 200 531985
172.22.2.4 - - [05/Jan/2024:03:11:19 -0500] "GET /BLA/boletinlegal/ HTTP/1.1" 200 58969
156.59.198.136 - - [05/Jan/2024:03:13:10 -0500] "GET /BLA/resoluciones/Notificaciones/AUTOS%202018/00477.pdf HTTP/1.0" 200 128664
216.244.66.195 - - [05/Jan/2024:03:13:21 -0500] "GET /BLA/resoluciones/AUTOS%202015/3814.pdf HTTP/1.1" 200 519678
156.59.198.135 - - [05/Jan/2024:03:13:33 -0500] "GET /BLA/resoluciones/RESOLUCIONES%201998/RESOLUCION%201326%20DE%201998.pdf HTTP/1.0" 200 132841
216.244.66.195 - - [05/Jan/2024:03:13:43 -0500] "GET /BLA/resoluciones/AUTOS%202019/2295.pdf HTTP/1.1" 200 326571
156.59.198.136 - - [05/Jan/2024:03:13:59 -0500] "GET /BLA/resoluciones/RESOLUCIONES%201998/0239.pdf HTTP/1.0" 200 201007
216.244.66.195 - - [05/Jan/2024:03:14:13 -0500] "GET /BLA/resoluciones/RESOLUCIONES%202011/2059.pdf HTTP/1.1" 200 513959
156.59.198.135 - - [05/Jan/2024:03:14:22 -0500] "GET /BLA/resoluciones/Notificaciones/AUTOS%202018/3503.pdf HTTP/1.0" 200 333654
216.244.66.195 - - [05/Jan/2024:03:14:37 -0500] "GET /BLA/resoluciones/RESOLUCIONES%202011/2388.pdf HTTP/1.1" 200 437048
156.59.198.136 - - [05/Jan/2024:03:14:46 -0500] "GET /BLA/resoluciones/Notificaciones/AUTOS%202018/04135.pdf HTTP/1.0" 200 321963
216.244.66.195 - - [05/Jan/2024:03:15:06 -0500] "GET /BLA/resoluciones/RESOLUCIONES%202018/0176.pdf HTTP/1.1" 200 292030
156.59.198.136 - - [05/Jan/2024:03:15:11 -0500] "GET /BLA/resoluciones/Notificaciones/AUTOS%202018/5012.pdf HTTP/1.0" 200 255004
201.245.192.253 - - [05/Jan/2024:03:15:20 -0500] "POST /kwsrmcab/Wsrmcab HTTP/1.1" 200 40474
201.245.192.253 - - [05/Jan/2024:03:15:23 -0500] "POST /kwsrmcab/Wsrmcab HTTP/1.1" 200 36775
216.244.66.195 - - [05/Jan/2024:03:15:28 -0500] "GET /BLA/resoluciones/RESOLUCIONES%202018/0815.pdf HTTP/1.1" 200 365204
66.249.66.20 - - [05/Jan/2024:03:15:33 -0500] "GET /BLA/resoluciones/AUTOS%202014/4845.pdf HTTP/1.1" 200 520972
66.249.66.20 - - [05/Jan/2024:03:15:34 -0500] "GET /sipse/faces/faces/autenticacion.xhtml HTTP/1.1" 200 12724
156.59.198.135 - - [05/Jan/2024:03:15:34 -0500] "GET /BLA/resoluciones/Notificaciones/AUTOS%202018/4998.pdf HTTP/1.0" 200 228089
216.245.221.92 - - [05/Jan/2024:03:15:42 -0500] "HEAD / HTTP/1.1" 200 -
216.244.66.195 - - [05/Jan/2024:03:15:51 -0500] "GET /BLA/resoluciones/RESOLUCIONES%202018/0981.pdf HTTP/1.1" 200 451354
156.59.198.136 - - [05/Jan/2024:03:16:00 -0500] "GET /BLA/resoluciones/Notificaciones/AUTOS%202018/0536.pdf HTTP/1.0" 200 285322
201.245.192.253 - - [05/Jan/2024:03:16:07 -0500] "POST /kwsrmcab/Wsrmcab  HTTP/1.1" 200 36937
216.244.66.195 - - [05/Jan/2024:03:16:12 -0500] "GET /BLA/resoluciones/RESOLUCIONES%202018/1010.pdf HTTP/1.1" 200 346236
156.59.198.135 - - [05/Jan/2024:03:16:23 -0500] "GET /BLA/resoluciones/RESOLUCIONES%201998/1039.pdf HTTP/1.0" 200 41785
216.244.66.195 - - [05/Jan/2024:03:16:44 -0500] "GET /BLA/resoluciones/RESOLUCIONES%202018/2002.pdf HTTP/1.1" 200 259114
156.59.198.136 - - [05/Jan/2024:03:16:48 -0500] "GET /BLA/resoluciones/Notificaciones/AUTOS%202018/03374.pdf HTTP/1.0" 200 300570
216.244.66.195 - - [05/Jan/2024:03:17:11 -0500] "GET /BLA/resoluciones/RESOLUCIONES%202018/2049.PDF HTTP/1.1" 200 10653983
156.59.198.136 - - [05/Jan/2024:03:17:12 -0500] "GET /BLA/resoluciones/Notificaciones/AUTOS%202018/5025.pdf HTTP/1.0" 200 258381
66.249.66.19 - - [05/Jan/2024:03:15:34 -0500] "GET /BLA/boletinlegal/index.php? HTTP/1.1" 200 58172
66.249.66.19 - - [05/Jan/2024:03:17:14 -0500] "GET /BLA/resoluciones/RESOLUCIONES%202016/2190.pdf HTTP/1.1" 200 3042796
66.249.66.19 - - [05/Jan/2024:03:17:16 -0500] "GET /BLA/resoluciones/AUTOS%202014/6900.pdf HTTP/1.1" 200 2187826
66.249.66.19 - - [05/Jan/2024:03:17:16 -0500] "GET /BLA/boletinlegal/js/jquery.js HTTP/1.1" 200 57254
66.249.66.19 - - [05/Jan/2024:03:17:17 -0500] "GET /BLA/resoluciones/Notificaciones/AUTOS%202017/01346.pdf HTTP/1.1" 200 226222
66.249.66.19 - - [05/Jan/2024:03:17:18 -0500] "GET /BLA/resoluciones/RESOLUCIONES%202010/6821.pdf HTTP/1.1" 200 464965
66.249.66.20 - - [05/Jan/2024:03:17:18 -0500] "GET /BLA/resoluciones/AUTOS%202018/4105.pdf HTTP/1.1" 200 347890
162.55.175.144 - - [05/Jan/2024:03:17:21 -0500] "GET / HTTP/1.1" 200 4720
162.55.175.144 - - [05/Jan/2024:03:17:24 -0500] "GET / HTTP/1.1" 200 319
156.59.198.135 - - [05/Jan/2024:03:17:37 -0500] "GET /BLA/resoluciones/Notificaciones/AUTOS%202018/01314.pdf HTTP/1.0" 200 271858
172.22.2.4 - - [05/Jan/2024:03:16:18 -0500] "HEAD /BLA/boletinlegal/ HTTP/1.1" 200 -
156.59.198.136 - - [05/Jan/2024:03:18:01 -0500] "GET /BLA/resoluciones/Notificaciones/AUTOS%202018/5164.pdf HTTP/1.0" 200 232388
216.244.66.195 - - [05/Jan/2024:03:18:02 -0500] "GET /BLA/resoluciones/RESOLUCIONES%202018/2306.pdf HTTP/1.1" 200 5155647
156.59.198.136 - - [05/Jan/2024:03:18:27 -0500] "GET /BLA/resoluciones/Notificaciones/AUTOS%202018/01304.pdf HTTP/1.0" 200 283343
172.22.2.4 - - [05/Jan/2024:03:17:09 -0500] "GET /BLA/boletinlegal/ HTTP/1.1" 200 58567
156.59.198.135 - - [05/Jan/2024:03:18:51 -0500] "GET /BLA/resoluciones/Notificaciones/AUTOS%202018/01483.pdf HTTP/1.0" 200 246395
216.244.66.195 - - [05/Jan/2024:03:19:02 -0500] "GET /BLA/resoluciones/RESOLUCIONES%202018/2688.pdf HTTP/1.1" 200 659145
156.59.198.136 - - [05/Jan/2024:03:19:14 -0500] "GET /BLA/resoluciones/Notificaciones/AUTOS%202018/3245.pdf HTTP/1.0" 200 245958
201.245.192.253 - - [05/Jan/2024:03:19:30 -0500] "POST /kwsrmcab/Wsrmcab HTTP/1.1" 200 40474
216.244.66.195 - - [05/Jan/2024:03:19:34 -0500] "GET /BLA/resoluciones/RESOLUCIONES%202018/3093.pdf HTTP/1.1" 200 219008
156.59.198.136 - - [05/Jan/2024:03:19:38 -0500] "GET /BLA/resoluciones/Notificaciones/AUTOS%202018/01300.pdf HTTP/1.0" 200 276110
216.244.66.195 - - [05/Jan/2024:03:20:03 -0500] "GET /BLA/resoluciones/RESOLUCIONES%202018/4195.pdf HTTP/1.1" 200 267528
156.59.198.136 - - [05/Jan/2024:03:20:04 -0500] "GET /BLA/resoluciones/Notificaciones/AUTOS%202018/6176.pdf HTTP/1.0" 200 201027
201.245.192.253 - - [05/Jan/2024:03:20:15 -0500] "POST /kwsrmcab/Wsrmcab HTTP/1.1" 200 36775
156.59.198.136 - - [05/Jan/2024:03:20:28 -0500] "GET /BLA/resoluciones/Notificaciones/AUTOS%202018/05887.pdf HTTP/1.0" 200 275273
216.245.221.92 - - [05/Jan/2024:03:20:42 -0500] "HEAD / HTTP/1.1" 200 -
156.59.198.135 - - [05/Jan/2024:03:20:52 -0500] "GET /BLA/resoluciones/Notificaciones/AUTOS%202018/06266.pdf HTTP/1.0" 200 370460
201.245.192.253 - - [05/Jan/2024:03:21:05 -0500] "POST /kwsrmcab/Wsrmcab  HTTP/1.1" 200 36937
156.59.198.136 - - [05/Jan/2024:03:21:17 -0500] "GET /BLA/resoluciones/Notificaciones/AUTOS%202018/2273.pdf HTTP/1.0" 200 245209
156.59.198.136 - - [05/Jan/2024:03:21:42 -0500] "GET /BLA/resoluciones/Notificaciones/AUTOS%202018/03014.pdf HTTP/1.0" 200 298522
156.59.198.136 - - [05/Jan/2024:03:22:06 -0500] "GET /BLA/resoluciones/Notificaciones/AUTOS%202018/5017.pdf HTTP/1.0" 200 255589
156.59.198.136 - - [05/Jan/2024:03:22:30 -0500] "GET /BLA/resoluciones/Notificaciones/AUTOS%202018/4120.pdf HTTP/1.0" 200 251383
156.59.198.135 - - [05/Jan/2024:03:22:55 -0500] "GET /BLA/resoluciones/Notificaciones/AUTOS%202018/02279.pdf HTTP/1.0" 200 278430
156.59.198.136 - - [05/Jan/2024:03:23:19 -0500] "GET /BLA/resoluciones/Notificaciones/AUTOS%202018/2262.pdf HTTP/1.0" 200 278854
156.59.198.135 - - [05/Jan/2024:03:23:43 -0500] "GET /BLA/resoluciones/Notificaciones/AUTOS%202018/00072.pdf HTTP/1.0" 200 298929
172.22.2.4 - - [05/Jan/2024:03:22:08 -0500] "HEAD /BLA/boletinlegal/ HTTP/1.1" 200 -
40.77.167.67 - - [05/Jan/2024:03:24:04 -0500] "GET /BLA/resoluciones/RESOLUCIONES%202023/03176.pdf HTTP/1.1" 200 464999
156.59.198.135 - - [05/Jan/2024:03:24:09 -0500] "GET /BLA/resoluciones/Notificaciones/AUTOS%202018/5342.pdf HTTP/1.0" 200 314415
156.59.198.135 - - [05/Jan/2024:03:24:32 -0500] "GET /BLA/resoluciones/Notificaciones/AUTOS%202018/04552.pdf HTTP/1.0" 200 328614
172.22.2.4 - - [05/Jan/2024:03:22:59 -0500] "GET /BLA/boletinlegal/ HTTP/1.1" 200 58567
156.59.198.136 - - [05/Jan/2024:03:24:57 -0500] "GET /BLA/resoluciones/Notificaciones/AUTOS%202018/1201.pdf HTTP/1.0" 200 248892
156.59.198.136 - - [05/Jan/2024:03:25:21 -0500] "GET /BLA/resoluciones/Notificaciones/AUTOS%202018/3204.pdf HTTP/1.0" 200 298556
201.245.192.253 - - [05/Jan/2024:03:25:20 -0500] "POST /kwsrmcab/Wsrmcab HTTP/1.1" 200 40474
201.245.192.253 - - [05/Jan/2024:03:25:23 -0500] "POST /kwsrmcab/Wsrmcab HTTP/1.1" 200 36775
216.245.221.92 - - [05/Jan/2024:03:25:42 -0500] "HEAD / HTTP/1.1" 200 -
156.59.198.135 - - [05/Jan/2024:03:25:45 -0500] "GET /BLA/resoluciones/Notificaciones/AUTOS%202018/3961.pdf HTTP/1.0" 200 245765
201.245.192.253 - - [05/Jan/2024:03:26:03 -0500] "POST /kwsrmcab/Wsrmcab  HTTP/1.1" 200 36937
156.59.198.135 - - [05/Jan/2024:03:26:09 -0500] "GET /BLA/resoluciones/RESOLUCIONES%201998/0610.pdf HTTP/1.0" 200 79942
156.59.198.135 - - [05/Jan/2024:03:26:34 -0500] "GET /BLA/resoluciones/Notificaciones/AUTOS%202018/3434.pdf HTTP/1.0" 200 274443
156.59.198.135 - - [05/Jan/2024:03:26:58 -0500] "GET /BLA/resoluciones/Notificaciones/AUTOS%202018/0940.pdf HTTP/1.0" 200 274343
156.59.198.136 - - [05/Jan/2024:03:27:22 -0500] "GET /BLA/resoluciones/Notificaciones/AUTOS%202018/4064.pdf HTTP/1.0" 200 264438
156.59.198.136 - - [05/Jan/2024:03:27:46 -0500] "GET /BLA/resoluciones/Notificaciones/AUTOS%202018/01935.pdf HTTP/1.0" 200 274922
156.59.198.136 - - [05/Jan/2024:03:28:11 -0500] "GET /BLA/resoluciones/Notificaciones/AUTOS%202018/01177.pdf HTTP/1.0" 200 775859
156.59.198.135 - - [05/Jan/2024:03:28:35 -0500] "GET /BLA/resoluciones/Notificaciones/AUTOS%202018/2323.pdf HTTP/1.0" 200 228126
156.59.198.136 - - [05/Jan/2024:03:28:59 -0500] "GET /BLA/resoluciones/Notificaciones/AUTOS%202018/5236.pdf HTTP/1.0" 200 269507
156.59.198.136 - - [05/Jan/2024:03:29:22 -0500] "GET /BLA/resoluciones/Notificaciones/AUTOS%202018/04880.pdf HTTP/1.0" 200 222265
201.245.192.253 - - [05/Jan/2024:03:29:30 -0500] "POST /kwsrmcab/Wsrmcab HTTP/1.1" 200 40474
172.22.2.4 - - [05/Jan/2024:03:27:58 -0500] "HEAD /BLA/boletinlegal/ HTTP/1.1" 200 -
156.59.198.135 - - [05/Jan/2024:03:29:50 -0500] "GET /BLA/resoluciones/Notificaciones/AUTOS%202018/3453.pdf HTTP/1.0" 200 335662
156.59.198.135 - - [05/Jan/2024:03:30:15 -0500] "GET /BLA/resoluciones/RESOLUCIONES%201998/0517.pdf HTTP/1.0" 200 47626
201.245.192.253 - - [05/Jan/2024:03:30:14 -0500] "POST /kwsrmcab/Wsrmcab HTTP/1.1" 200 36775
172.22.2.4 - - [05/Jan/2024:03:28:49 -0500] "GET /BLA/boletinlegal/ HTTP/1.1" 200 58567
156.59.198.136 - - [05/Jan/2024:03:30:38 -0500] "GET /BLA/resoluciones/RESOLUCIONES%201998/1219.pdf HTTP/1.0" 200 106584
216.245.221.92 - - [05/Jan/2024:03:30:42 -0500] "HEAD / HTTP/1.1" 200 -
201.245.192.253 - - [05/Jan/2024:03:31:01 -0500] "POST /kwsrmcab/Wsrmcab  HTTP/1.1" 200 36937
156.59.198.135 - - [05/Jan/2024:03:31:03 -0500] "GET /BLA/resoluciones/Notificaciones/AUTOS%202018/2307.pdf HTTP/1.0" 200 254751
156.59.198.136 - - [05/Jan/2024:03:31:29 -0500] "GET /BLA/resoluciones/Notificaciones/AUTOS%202018/656.pdf HTTP/1.0" 200 273668
156.59.198.135 - - [05/Jan/2024:03:31:53 -0500] "GET /BLA/resoluciones/Notificaciones/AUTOS%202018/6781.pdf HTTP/1.0" 200 253165
156.59.198.135 - - [05/Jan/2024:03:32:18 -0500] "GET /BLA/resoluciones/Notificaciones/AUTOS%202018/2326.pdf HTTP/1.0" 200 242956
156.59.198.135 - - [05/Jan/2024:03:32:43 -0500] "GET /BLA/resoluciones/Notificaciones/AUTOS%202018/1028.pdf HTTP/1.0" 200 301773
45.79.172.21 - - [05/Jan/2024:03:32:51 -0500] "\x16\x03\x01" 400 226
156.59.198.135 - - [05/Jan/2024:03:33:06 -0500] "GET /BLA/resoluciones/Notificaciones/AUTOS%202018/5021.pdf HTTP/1.0" 200 277089
156.59.198.135 - - [05/Jan/2024:03:33:30 -0500] "GET /BLA/resoluciones/Notificaciones/AUTOS%202018/05072.pdf HTTP/1.0" 200 536278
172.22.2.4 - - [05/Jan/2024:03:33:46 -0500] "GET /BLA/boletinlegal/admin/.git/config HTTP/1.1" 404 1018
156.59.198.136 - - [05/Jan/2024:03:33:56 -0500] "GET /BLA/resoluciones/Notificaciones/AUTOS%202018/2545.pdf HTTP/1.0" 200 305847
156.59.198.136 - - [05/Jan/2024:03:34:19 -0500] "GET /BLA/resoluciones/Notificaciones/AUTOS%202018/01927.pdf HTTP/1.0" 200 271616
156.59.198.136 - - [05/Jan/2024:03:34:43 -0500] "GET /BLA/resoluciones/Notificaciones/AUTOS%202018/3347.pdf HTTP/1.0" 200 277768
172.22.2.4 - - [05/Jan/2024:03:33:16 -0500] "GET /BLA/boletinlegal/ HTTP/1.1" 200 57683
156.59.198.135 - - [05/Jan/2024:03:35:08 -0500] "GET /BLA/resoluciones/Notificaciones/AUTOS%202018/2310.pdf HTTP/1.0" 200 268601
201.245.192.253 - - [05/Jan/2024:03:35:20 -0500] "POST /kwsrmcab/Wsrmcab HTTP/1.1" 200 40474
201.245.192.253 - - [05/Jan/2024:03:35:22 -0500] "POST /kwsrmcab/Wsrmcab HTTP/1.1" 200 36775
172.22.2.4 - - [05/Jan/2024:03:33:48 -0500] "HEAD /BLA/boletinlegal/ HTTP/1.1" 200 -
156.59.198.136 - - [05/Jan/2024:03:35:32 -0500] "GET /BLA/resoluciones/Notificaciones/AUTOS%202018/01386.pdf HTTP/1.0" 200 303296
216.245.221.92 - - [05/Jan/2024:03:35:42 -0500] "HEAD / HTTP/1.1" 200 -
156.59.198.136 - - [05/Jan/2024:03:35:57 -0500] "GET /BLA/resoluciones/RESOLUCIONES%201998/RESOLUCION%201281%20DE%201998.pdf HTTP/1.0" 200 60452
201.245.192.253 - - [05/Jan/2024:03:36:00 -0500] "POST /kwsrmcab/Wsrmcab  HTTP/1.1" 200 36937
172.22.2.4 - - [05/Jan/2024:03:34:39 -0500] "GET /BLA/boletinlegal/ HTTP/1.1" 200 53513
156.59.198.136 - - [05/Jan/2024:03:36:20 -0500] "GET /BLA/resoluciones/Notificaciones/AUTOS%202018/4838.pdf HTTP/1.0" 200 277516
156.59.198.135 - - [05/Jan/2024:03:36:45 -0500] "GET /BLA/resoluciones/Notificaciones/AUTOS%202018/01399.pdf HTTP/1.0" 200 267893
156.59.198.136 - - [05/Jan/2024:03:37:09 -0500] "GET /BLA/resoluciones/Notificaciones/AUTOS%202018/655.pdf HTTP/1.0" 200 260709
156.59.198.136 - - [05/Jan/2024:03:37:34 -0500] "GET /BLA/resoluciones/Notificaciones/AUTOS%202018/5460.pdf HTTP/1.0" 200 271880
156.59.198.136 - - [05/Jan/2024:03:37:58 -0500] "GET /BLA/resoluciones/Notificaciones/AUTOS%202018/01894.pdf HTTP/1.0" 200 268733
156.59.198.135 - - [05/Jan/2024:03:38:22 -0500] "GET /BLA/resoluciones/Notificaciones/AUTOS%202018/00458.pdf HTTP/1.0" 200 262520
47.128.30.199 - - [05/Jan/2024:03:38:48 -0500] "GET /BLA/resoluciones/dlf/pdf.gif HTTP/1.1" 200 272
47.128.30.199 - - [05/Jan/2024:03:38:48 -0500] "GET /BLA/resoluciones/dlf/dirup.png HTTP/1.1" 200 644
52.167.144.174 - - [05/Jan/2024:03:39:02 -0500] "GET /BLA/resoluciones/AUTOS%202020/0742.pdf HTTP/1.1" 200 345603
47.128.30.199 - - [05/Jan/2024:03:38:47 -0500] "GET /BLA/resoluciones/index.php?dir=RESOLUCIONES%202016%2F&order=asc&sort=date HTTP/1.1" 200 172327
47.128.30.199 - - [05/Jan/2024:03:39:05 -0500] "GET /BLA/resoluciones/dlf/unknown.png HTTP/1.1" 200 266
156.59.198.135 - - [05/Jan/2024:03:39:10 -0500] "GET /BLA/resoluciones/Notificaciones/AUTOS%202018/05068.pdf HTTP/1.0" 200 1328560
201.245.192.253 - - [05/Jan/2024:03:39:30 -0500] "POST /kwsrmcab/Wsrmcab HTTP/1.1" 200 40474
156.59.198.135 - - [05/Jan/2024:03:39:35 -0500] "GET /BLA/resoluciones/Notificaciones/AUTOS%202018/1041.pdf HTTP/1.0" 200 264111
156.59.198.135 - - [05/Jan/2024:03:40:01 -0500] "GET /BLA/resoluciones/Notificaciones/AUTOS%202018/5178.pdf HTTP/1.0" 200 633552
201.245.192.253 - - [05/Jan/2024:03:40:14 -0500] "POST /kwsrmcab/Wsrmcab HTTP/1.1" 200 36775
156.59.198.135 - - [05/Jan/2024:03:40:24 -0500] "GET /BLA/resoluciones/RESOLUCIONES%201998/0054.pdf HTTP/1.0" 200 36808
216.245.221.92 - - [05/Jan/2024:03:40:42 -0500] "HEAD / HTTP/1.1" 200 -
156.59.198.135 - - [05/Jan/2024:03:40:48 -0500] "GET /BLA/resoluciones/Notificaciones/AUTOS%202018/01163.pdf HTTP/1.0" 200 312993
201.245.192.253 - - [05/Jan/2024:03:40:57 -0500] "POST /kwsrmcab/Wsrmcab  HTTP/1.1" 200 36937
156.59.198.135 - - [05/Jan/2024:03:41:11 -0500] "GET /BLA/resoluciones/Notificaciones/AUTOS%202018/4337.pdf HTTP/1.0" 200 255604
172.22.2.4 - - [05/Jan/2024:03:39:38 -0500] "HEAD /BLA/boletinlegal/ HTTP/1.1" 200 -
156.59.198.136 - - [05/Jan/2024:03:41:36 -0500] "GET /BLA/resoluciones/Notificaciones/AUTOS%202018/2288.pdf HTTP/1.0" 200 275552
156.59.198.136 - - [05/Jan/2024:03:42:00 -0500] "GET /BLA/resoluciones/Notificaciones/AUTOS%202018/5043.pdf HTTP/1.0" 200 254801
172.22.2.4 - - [05/Jan/2024:03:40:29 -0500] "GET /BLA/boletinlegal/ HTTP/1.1" 200 60502
156.59.198.136 - - [05/Jan/2024:03:42:24 -0500] "GET /BLA/resoluciones/Notificaciones/AUTOS%202018/04093.pdf HTTP/1.0" 200 255872
156.59.198.135 - - [05/Jan/2024:03:42:48 -0500] "GET /BLA/resoluciones/Notificaciones/AUTOS%202018/1408.pdf HTTP/1.0" 200 285181
156.59.198.135 - - [05/Jan/2024:03:43:12 -0500] "GET /BLA/resoluciones/Notificaciones/AUTOS%202018/5167.pdf HTTP/1.0" 200 245757
156.59.198.135 - - [05/Jan/2024:03:43:37 -0500] "GET /BLA/resoluciones/Notificaciones/AUTOS%202018/4119.pdf HTTP/1.0" 200 250661
156.59.198.135 - - [05/Jan/2024:03:44:02 -0500] "GET /BLA/resoluciones/Notificaciones/AUTOS%202018/5508.pdf HTTP/1.0" 200 248151
156.59.198.135 - - [05/Jan/2024:03:44:26 -0500] "GET /BLA/resoluciones/Notificaciones/AUTOS%202018/3867.pdf HTTP/1.0" 200 307098
52.167.144.220 - - [05/Jan/2024:03:44:27 -0500] "GET /BLA/resoluciones/RESOLUCIONES%202023/1891.pdf HTTP/1.1" 200 498494
156.59.198.135 - - [05/Jan/2024:03:44:51 -0500] "GET /BLA/resoluciones/Notificaciones/AUTOS%202018/03356.pdf HTTP/1.0" 200 242329
156.59.198.135 - - [05/Jan/2024:03:45:15 -0500] "GET /BLA/resoluciones/Notificaciones/AUTOS%202018/5026.pdf HTTP/1.0" 200 257893
66.249.66.20 - - [05/Jan/2024:03:45:35 -0500] "GET /BLA/resoluciones/RESOLUCIONES%202019/0493.pdf HTTP/1.1" 200 379682
52.167.144.220 - - [05/Jan/2024:03:45:38 -0500] "GET /BLA/resoluciones/AUTOS%202020/3643.pdf HTTP/1.1" 200 352139
156.59.198.136 - - [05/Jan/2024:03:45:40 -0500] "GET /BLA/resoluciones/Notificaciones/AUTOS%202018/3138.pdf HTTP/1.0" 200 300573
216.245.221.92 - - [05/Jan/2024:03:45:42 -0500] "HEAD / HTTP/1.1" 200 -
66.249.66.75 - - [05/Jan/2024:03:45:47 -0500] "GET /portaldeninos/2021/05/27/proteger-la-comadreja-en-bogota-es-salvaguardar-la-biodiversidad-de-la-ciudad/feed/ HTTP/1.1" 200 1166
201.245.192.253 - - [05/Jan/2024:03:45:56 -0500] "POST /kwsrmcab/Wsrmcab  HTTP/1.1" 200 36937
216.244.66.195 - - [05/Jan/2024:03:46:04 -0500] "GET /robots.txt HTTP/1.1" 404 1018
47.128.117.119 - - [05/Jan/2024:03:46:06 -0500] "GET /BLA/resoluciones/dlf/dirup.png HTTP/1.1" 200 644
47.128.117.119 - - [05/Jan/2024:03:46:06 -0500] "GET /BLA/resoluciones/dlf/pdf.gif HTTP/1.1" 200 272
47.128.117.119 - - [05/Jan/2024:03:46:09 -0500] "GET /BLA/resoluciones/dlf/archive.png HTTP/1.1" 200 632
47.128.117.119 - - [05/Jan/2024:03:46:05 -0500] "GET /BLA/resoluciones/index.php?dir=AUTOS%202018%2F&order=desc&sort=name HTTP/1.1" 200 469055
156.59.198.136 - - [05/Jan/2024:03:46:28 -0500] "GET /BLA/resoluciones/Notificaciones/AUTOS%202018/04510.pdf HTTP/1.0" 200 253165
156.59.198.135 - - [05/Jan/2024:03:46:53 -0500] "GET /BLA/resoluciones/RESOLUCIONES%201998/RESOLUCION%201261%20DE%201998.pdf HTTP/1.0" 200 44970
172.22.2.4 - - [05/Jan/2024:03:45:28 -0500] "HEAD /BLA/boletinlegal/ HTTP/1.1" 200 -
156.59.198.136 - - [05/Jan/2024:03:47:17 -0500] "GET /BLA/resoluciones/Notificaciones/AUTOS%202018/5220.pdf HTTP/1.0" 200 287858
156.59.198.136 - - [05/Jan/2024:03:47:43 -0500] "GET /BLA/resoluciones/Notificaciones/AUTOS%202018/06749.pdf HTTP/1.0" 200 418187
172.22.2.4 - - [05/Jan/2024:03:46:19 -0500] "GET /BLA/boletinlegal/ HTTP/1.1" 200 58567
156.59.198.135 - - [05/Jan/2024:03:48:06 -0500] "GET /BLA/resoluciones/Notificaciones/AUTOS%202018/668.pdf HTTP/1.0" 200 283657
52.167.144.190 - - [05/Jan/2024:03:48:34 -0500] "GET /BLA/resoluciones/AUTOS%202020/0473.pdf HTTP/1.1" 200 332562
47.128.58.253 - - [05/Jan/2024:03:48:43 -0500] "GET /BLA/resoluciones/index.php?dir=RESOLUCIONES%202007%2FRES%202007%201726%20AL%201800%2F&order=desc&sort=name HTTP/1.1" 200 20644
47.128.58.253 - - [05/Jan/2024:03:48:44 -0500] "GET /BLA/resoluciones/dlf/pdf.gif HTTP/1.1" 200 272
47.128.58.253 - - [05/Jan/2024:03:48:44 -0500] "GET /BLA/resoluciones/dlf/dirup.png HTTP/1.1" 200 644
156.59.198.135 - - [05/Jan/2024:03:48:55 -0500] "GET /BLA/resoluciones/Notificaciones/AUTOS%202018/2560.pdf HTTP/1.0" 200 97768
156.59.198.135 - - [05/Jan/2024:03:49:18 -0500] "GET /BLA/resoluciones/Notificaciones/AUTOS%202018/5601.pdf HTTP/1.0" 200 274355
156.59.198.136 - - [05/Jan/2024:03:49:44 -0500] "GET /BLA/resoluciones/Notificaciones/AUTOS%202018/04507.pdf HTTP/1.0" 200 266693
156.59.198.136 - - [05/Jan/2024:03:50:07 -0500] "GET /BLA/resoluciones/Notificaciones/AUTOS%202018/2330.pdf HTTP/1.0" 200 243943
156.59.198.135 - - [05/Jan/2024:03:50:32 -0500] "GET /BLA/resoluciones/Notificaciones/AUTOS%202018/02324.pdf HTTP/1.0" 200 231795
216.245.221.92 - - [05/Jan/2024:03:50:42 -0500] "HEAD / HTTP/1.1" 200 -
52.167.144.171 - - [05/Jan/2024:03:50:53 -0500] "GET /portaldeninos/tag/tinguas-azules/ HTTP/1.1" 200 92811
156.59.198.135 - - [05/Jan/2024:03:50:56 -0500] "GET /BLA/resoluciones/Notificaciones/AUTOS%202018/01885.pdf HTTP/1.0" 200 283484
201.245.192.253 - - [05/Jan/2024:03:50:55 -0500] "POST /kwsrmcab/Wsrmcab  HTTP/1.1" 200 36937
156.59.198.136 - - [05/Jan/2024:03:51:21 -0500] "GET /BLA/resoluciones/Notificaciones/AUTOS%202018/01289.pdf HTTP/1.0" 200 277016
157.55.39.204 - - [05/Jan/2024:03:51:40 -0500] "GET /portaldeninos/wp-content/themes/betheme/fonts/mfn-icons.ttf?93978679 HTTP/1.1" 200 124684
52.167.144.181 - - [05/Jan/2024:03:51:44 -0500] "GET /BLA/resoluciones/AUTOS%202020/1320.pdf HTTP/1.1" 200 359020
52.167.144.171 - - [05/Jan/2024:03:51:44 -0500] "GET /portaldeninos/wp-content/plugins/gallery-videos/CSS/totalsoft.css?ver=4.9.8 HTTP/1.1" 200 40622
156.59.198.136 - - [05/Jan/2024:03:51:46 -0500] "GET /BLA/resoluciones/Notificaciones/AUTOS%202018/01301.pdf HTTP/1.0" 200 289448
52.167.144.145 - - [05/Jan/2024:03:51:49 -0500] "GET /portaldeninos/wp-content/themes/betheme/assets/animations/animations.min.css?ver=20.9.6 HTTP/1.1" 200 58508
156.59.198.135 - - [05/Jan/2024:03:52:09 -0500] "GET /BLA/resoluciones/Notificaciones/AUTOS%202018/5579.pdf HTTP/1.0" 200 271116
156.59.198.136 - - [05/Jan/2024:03:52:33 -0500] "GET /BLA/resoluciones/Notificaciones/AUTOS%202018/1386.pdf HTTP/1.0" 200 304976
172.22.2.4 - - [05/Jan/2024:03:51:03 -0500] "GET /BLA/boletinlegal/index.php HTTP/1.1" 200 55379
52.167.144.189 - - [05/Jan/2024:03:52:45 -0500] "GET /BLA/resoluciones/AUTOS%202020/2976.pdf HTTP/1.1" 200 407446
156.59.198.135 - - [05/Jan/2024:03:52:58 -0500] "GET /BLA/resoluciones/Notificaciones/AUTOS%202018/6293.pdf HTTP/1.0" 200 256692
172.22.2.4 - - [05/Jan/2024:03:51:19 -0500] "HEAD /BLA/boletinlegal/ HTTP/1.1" 200 -
156.59.198.135 - - [05/Jan/2024:03:53:22 -0500] "GET /BLA/resoluciones/Notificaciones/AUTOS%202018/5699.pdf HTTP/1.0" 200 313659
156.59.198.136 - - [05/Jan/2024:03:53:45 -0500] "GET /BLA/resoluciones/Notificaciones/AUTOS%202018/03965.pdf HTTP/1.0" 200 234437
172.22.2.4 - - [05/Jan/2024:03:52:10 -0500] "GET /BLA/boletinlegal/ HTTP/1.1" 200 53513
156.59.198.135 - - [05/Jan/2024:03:54:10 -0500] "GET /BLA/resoluciones/Notificaciones/AUTOS%202018/04788.pdf HTTP/1.0" 200 249693
156.59.198.135 - - [05/Jan/2024:03:54:34 -0500] "GET /BLA/resoluciones/Notificaciones/AUTOS%202018/1369.pdf HTTP/1.0" 200 303065
156.59.198.136 - - [05/Jan/2024:03:54:59 -0500] "GET /BLA/resoluciones/Notificaciones/AUTOS%202018/01311.pdf HTTP/1.0" 200 287145
156.59.198.135 - - [05/Jan/2024:03:55:23 -0500] "GET /BLA/resoluciones/Notificaciones/AUTOS%202018/710.pdf HTTP/1.0" 200 289758
216.245.221.92 - - [05/Jan/2024:03:55:42 -0500] "HEAD / HTTP/1.1" 200 -
156.59.198.135 - - [05/Jan/2024:03:55:47 -0500] "GET /BLA/resoluciones/Notificaciones/AUTOS%202018/4328.pdf HTTP/1.0" 200 260926
201.245.192.253 - - [05/Jan/2024:03:55:53 -0500] "POST /kwsrmcab/Wsrmcab  HTTP/1.1" 200 36937
156.59.198.135 - - [05/Jan/2024:03:56:12 -0500] "GET /BLA/resoluciones/Notificaciones/AUTOS%202018/1916.pdf HTTP/1.0" 200 287634
156.59.198.135 - - [05/Jan/2024:03:56:36 -0500] "GET /BLA/resoluciones/Notificaciones/AUTOS%202018/5297.pdf HTTP/1.0" 200 459451
156.59.198.135 - - [05/Jan/2024:03:57:01 -0500] "GET /BLA/resoluciones/Notificaciones/AUTOS%202018/5005.pdf HTTP/1.0" 200 253918
156.59.198.136 - - [05/Jan/2024:03:57:24 -0500] "GET /BLA/resoluciones/Notificaciones/AUTOS%202018/00656.pdf HTTP/1.0" 200 273668
40.77.167.230 - - [05/Jan/2024:03:57:38 -0500] "GET /BLA/resoluciones/AUTOS%202020/0903.pdf HTTP/1.1" 200 389905
156.59.198.135 - - [05/Jan/2024:03:57:48 -0500] "GET /BLA/resoluciones/Notificaciones/AUTOS%202018/4108-.pdf HTTP/1.0" 200 259431
156.59.198.136 - - [05/Jan/2024:03:58:13 -0500] "GET /BLA/resoluciones/Notificaciones/AUTOS%202018/2230.pdf HTTP/1.0" 200 234842
156.59.198.136 - - [05/Jan/2024:03:58:38 -0500] "GET /BLA/resoluciones/Notificaciones/AUTOS%202018/6344.pdf HTTP/1.0" 200 984082
172.22.2.4 - - [05/Jan/2024:03:57:09 -0500] "HEAD /BLA/boletinlegal/ HTTP/1.1" 200 -
156.59.198.135 - - [05/Jan/2024:03:59:02 -0500] "GET /BLA/resoluciones/Notificaciones/AUTOS%202018/5683.pdf HTTP/1.0" 200 230596
156.59.198.135 - - [05/Jan/2024:03:59:27 -0500] "GET /BLA/resoluciones/Notificaciones/AUTOS%202018/1270.pdf HTTP/1.0" 200 280332
216.244.66.195 - - [05/Jan/2024:03:59:40 -0500] "GET /BLA/resoluciones/AUTOS%202019/2678.pdf HTTP/1.1" 200 255911
172.22.2.4 - - [05/Jan/2024:03:58:00 -0500] "GET /BLA/boletinlegal/ HTTP/1.1" 200 60910
156.59.198.136 - - [05/Jan/2024:03:59:51 -0500] "GET /BLA/resoluciones/Notificaciones/AUTOS%202018/4729.pdf HTTP/1.0" 200 2537479
216.244.66.195 - - [05/Jan/2024:04:00:03 -0500] "GET /BLA/resoluciones/AUTOS%202019/3444.pdf HTTP/1.1" 200 240650
156.59.198.135 - - [05/Jan/2024:04:00:15 -0500] "GET /BLA/resoluciones/Notificaciones/AUTOS%202018/5050.pdf HTTP/1.0" 200 274190
216.244.66.195 - - [05/Jan/2024:04:00:26 -0500] "GET /BLA/resoluciones/AUTOS%202019/3519.pdf HTTP/1.1" 200 322413
156.59.198.136 - - [05/Jan/2024:04:00:39 -0500] "GET /BLA/resoluciones/Notificaciones/AUTOS%202018/03909.pdf HTTP/1.0" 200 284393
216.245.221.92 - - [05/Jan/2024:04:00:42 -0500] "HEAD / HTTP/1.1" 200 -
216.244.66.195 - - [05/Jan/2024:04:00:42 -0500] "GET /BLA/resoluciones/AUTOS%202019/3556.pdf HTTP/1.1" 200 250069
201.245.192.253 - - [05/Jan/2024:04:00:51 -0500] "POST /kwsrmcab/Wsrmcab  HTTP/1.1" 200 36937
40.77.167.230 - - [05/Jan/2024:04:00:59 -0500] "GET /BLA/resoluciones/AUTOS%202020/0578.pdf HTTP/1.1" 200 3419205
156.59.198.135 - - [05/Jan/2024:04:01:05 -0500] "GET /BLA/resoluciones/Notificaciones/AUTOS%202018/2048.pdf HTTP/1.0" 200 314108
216.244.66.195 - - [05/Jan/2024:04:01:19 -0500] "GET /BLA/resoluciones/AUTOS%202019/3738.pdf HTTP/1.1" 200 268535
172.22.2.4 - - [05/Jan/2024:04:01:26 -0500] "GET /BLA/boletinlegal/actas/acta%20de%20acuerdo%2001%20adop%20regla%20inter%20CISPAER.pdf HTTP/1.1" 200 837068
156.59.198.136 - - [05/Jan/2024:04:01:29 -0500] "GET /BLA/resoluciones/Notificaciones/AUTOS%202018/5034.pdf HTTP/1.0" 200 253235
156.59.198.135 - - [05/Jan/2024:04:01:54 -0500] "GET /BLA/resoluciones/Notificaciones/AUTOS%202018/6603.pdf HTTP/1.0" 200 247059
216.244.66.195 - - [05/Jan/2024:04:01:58 -0500] "GET /BLA/resoluciones/AUTOS%202019/4470.pdf HTTP/1.1" 200 326841
156.59.198.135 - - [05/Jan/2024:04:02:19 -0500] "GET /BLA/resoluciones/Notificaciones/AUTOS%202018/5871.pdf HTTP/1.0" 200 633552
156.59.198.135 - - [05/Jan/2024:04:02:43 -0500] "GET /BLA/resoluciones/Notificaciones/AUTOS%202018/01305.pdf HTTP/1.0" 200 285585
156.59.198.136 - - [05/Jan/2024:04:03:07 -0500] "GET /BLA/resoluciones/Notificaciones/AUTOS%202018/3408.pdf HTTP/1.0" 200 287418
156.59.198.136 - - [05/Jan/2024:04:03:31 -0500] "GET /BLA/resoluciones/Notificaciones/AUTOS%202018/4104.pdf HTTP/1.0" 200 359343
156.59.198.135 - - [05/Jan/2024:04:03:56 -0500] "GET /BLA/resoluciones/RESOLUCIONES%201998/RESOLUCION%20105%20DE%201998.pdf HTTP/1.0" 200 94073
156.59.198.136 - - [05/Jan/2024:04:04:20 -0500] "GET /BLA/resoluciones/Notificaciones/AUTOS%202018/06106.pdf HTTP/1.0" 200 295197
40.77.167.247 - - [05/Jan/2024:04:04:25 -0500] "GET /BLA/resoluciones/AUTOS%202020/4232.pdf HTTP/1.1" 200 379217
40.77.167.247 - - [05/Jan/2024:04:04:26 -0500] "GET /BLA/resoluciones/AUTOS%202020/3141.pdf HTTP/1.1" 200 348362
172.22.2.4 - - [05/Jan/2024:04:02:59 -0500] "HEAD /BLA/boletinlegal/ HTTP/1.1" 200 -
156.59.198.136 - - [05/Jan/2024:04:04:44 -0500] "GET /BLA/resoluciones/Notificaciones/AUTOS%202018/3439.pdf HTTP/1.0" 200 306579
156.59.198.136 - - [05/Jan/2024:04:05:08 -0500] "GET /BLA/resoluciones/Notificaciones/AUTOS%202018/5577.pdf HTTP/1.0" 200 263017
172.22.2.4 - - [05/Jan/2024:04:03:50 -0500] "GET /BLA/boletinlegal/ HTTP/1.1" 200 60910
156.59.198.136 - - [05/Jan/2024:04:05:32 -0500] "GET /BLA/resoluciones/Notificaciones/AUTOS%202018/01890.pdf HTTP/1.0" 200 280553
216.245.221.92 - - [05/Jan/2024:04:05:42 -0500] "HEAD / HTTP/1.1" 200 -
