190.159.168.169 - - [05/Jan/2024:17:14:58 -0500] "GET /BLA/resoluciones/index.php HTTP/1.1" 200 13696
190.159.168.169 - - [05/Jan/2024:17:15:01 -0500] "GET /BLA/resoluciones/dlf/unknown.png HTTP/1.1" 200 266
190.159.168.169 - - [05/Jan/2024:17:15:00 -0500] "GET /BLA/resoluciones/index.php?dir=AUTOS+2015%2F HTTP/1.1" 200 585152
156.59.198.136 - - [05/Jan/2024:17:15:13 -0500] "GET /BLA/resoluciones/RESOLUCIONES%202010/3556.pdf HTTP/1.0" 200 763011
201.245.192.253 - - [05/Jan/2024:17:15:17 -0500] "POST /kwsrmcab/Wsrmcab HTTP/1.1" 200 40124
201.245.192.253 - - [05/Jan/2024:17:15:20 -0500] "POST /kwsrmcab/Wsrmcab HTTP/1.1" 200 37050
156.59.198.136 - - [05/Jan/2024:17:15:38 -0500] "GET /BLA/resoluciones/RESOLUCIONES%202010/3287.pdf HTTP/1.0" 200 747317
216.245.221.92 - - [05/Jan/2024:17:15:40 -0500] "HEAD / HTTP/1.1" 200 -
156.59.198.135 - - [05/Jan/2024:17:16:02 -0500] "GET /BLA/resoluciones/RESOLUCIONES%202010/1842.pdf HTTP/1.0" 200 494561
40.77.167.52 - - [05/Jan/2024:17:16:07 -0500] "GET /BLA/resoluciones/AUTOS%202020/2754.pdf HTTP/1.1" 200 355180
156.59.198.136 - - [05/Jan/2024:17:16:27 -0500] "GET /BLA/resoluciones/RESOLUCIONES%202010/4045.pdf HTTP/1.0" 200 732463
156.59.198.136 - - [05/Jan/2024:17:16:53 -0500] "GET /BLA/resoluciones/RESOLUCIONES%202010/4922.pdf HTTP/1.0" 200 644754
156.59.198.136 - - [05/Jan/2024:17:17:16 -0500] "GET /BLA/resoluciones/RESOLUCIONES%202010/5337.pdf HTTP/1.0" 200 337315
201.245.192.253 - - [05/Jan/2024:17:17:23 -0500] "POST /kwsrmcab/Wsrmcab  HTTP/1.1" 200 36937
156.59.198.135 - - [05/Jan/2024:17:17:41 -0500] "GET /BLA/resoluciones/RESOLUCIONES%202010/4351.pdf HTTP/1.0" 200 64336
172.22.2.4 - - [05/Jan/2024:17:16:17 -0500] "HEAD /BLA/boletinlegal/ HTTP/1.1" 200 -
156.59.198.136 - - [05/Jan/2024:17:18:08 -0500] "GET /BLA/resoluciones/RESOLUCIONES%202010/1894.pdf HTTP/1.0" 200 523289
156.59.198.136 - - [05/Jan/2024:17:18:31 -0500] "GET /BLA/resoluciones/RESOLUCIONES%202010/0573.pdf HTTP/1.0" 200 136274
40.77.167.28 - - [05/Jan/2024:17:18:39 -0500] "GET /BLA/resoluciones/AUTOS%202020/4354.pdf HTTP/1.1" 200 391628
172.22.2.4 - - [05/Jan/2024:17:17:08 -0500] "GET /BLA/boletinlegal/ HTTP/1.1" 200 58567
181.53.12.90 - - [05/Jan/2024:17:18:49 -0500] "GET /sipse/faces/index.xhtml HTTP/1.1" 200 677
181.53.12.90 - - [05/Jan/2024:17:18:49 -0500] "GET /sipse/faces/javax.faces.resource/theme.css?ln=primefaces-sipse HTTP/1.1" 304 -
181.53.12.90 - - [05/Jan/2024:17:18:49 -0500] "GET /sipse/faces/faces/autenticacion.xhtml HTTP/1.1" 200 12402
181.53.12.90 - - [05/Jan/2024:17:18:49 -0500] "GET /sipse/js/disable_browser_buttons.js HTTP/1.1" 304 -
181.53.12.90 - - [05/Jan/2024:17:18:49 -0500] "GET /sipse/css/custom_css_sg_prime_login.css HTTP/1.1" 304 -
181.53.12.90 - - [05/Jan/2024:17:18:50 -0500] "GET /sipse/css/custom_css_sg.css HTTP/1.1" 304 -
181.53.12.90 - - [05/Jan/2024:17:18:50 -0500] "GET /sipse/faces/javax.faces.resource/theme.css?ln=primefaces-sipse HTTP/1.1" 304 -
181.53.12.90 - - [05/Jan/2024:17:18:50 -0500] "GET /sipse/faces/javax.faces.resource/layout/layout.css?ln=primefaces&v=4.0 HTTP/1.1" 304 -
181.53.12.90 - - [05/Jan/2024:17:18:50 -0500] "GET /sipse/js/funciones.js HTTP/1.1" 304 -
181.53.12.90 - - [05/Jan/2024:17:18:50 -0500] "GET /sipse/faces/javax.faces.resource/jquery/jquery.js?ln=primefaces&v=4.0 HTTP/1.1" 304 -
181.53.12.90 - - [05/Jan/2024:17:18:50 -0500] "GET /sipse/faces/javax.faces.resource/primefaces.css?ln=primefaces&v=4.0 HTTP/1.1" 304 -
181.53.12.90 - - [05/Jan/2024:17:18:50 -0500] "GET /sipse/faces/javax.faces.resource/jquery/jquery-plugins.js?ln=primefaces&v=4.0 HTTP/1.1" 304 -
181.53.12.90 - - [05/Jan/2024:17:18:50 -0500] "GET /sipse/faces/javax.faces.resource/layout/layout.js?ln=primefaces&v=4.0 HTTP/1.1" 304 -
181.53.12.90 - - [05/Jan/2024:17:18:50 -0500] "GET /sipse/faces/javax.faces.resource/primefaces.js?ln=primefaces&v=4.0 HTTP/1.1" 304 -
181.53.12.90 - - [05/Jan/2024:17:18:50 -0500] "GET /sipse/css/imagen/loginimg.png HTTP/1.1" 304 -
181.53.12.90 - - [05/Jan/2024:17:18:50 -0500] "GET /sipse/css/imagen/logoSDG.png HTTP/1.1" 304 -
181.53.12.90 - - [05/Jan/2024:17:18:50 -0500] "GET /sipse/faces/javax.faces.resource/images/ui-icons_898989_256x240.png?ln=primefaces-aristo HTTP/1.1" 304 -
181.53.12.90 - - [05/Jan/2024:17:18:53 -0500] "POST /sipse/faces/autenticacion.xhtml HTTP/1.1" 200 16225
181.53.12.90 - - [05/Jan/2024:17:18:53 -0500] "GET /sipse/css/custom_css_sg_prime.css HTTP/1.1" 304 -
181.53.12.90 - - [05/Jan/2024:17:18:53 -0500] "GET /sipse/faces/javax.faces.resource/theme.css?ln=primefaces-sipse HTTP/1.1" 304 -
181.53.12.90 - - [05/Jan/2024:17:18:53 -0500] "GET /sipse/faces/javax.faces.resource/layout/layout.css?ln=primefaces&v=4.0 HTTP/1.1" 304 -
181.53.12.90 - - [05/Jan/2024:17:18:53 -0500] "GET /sipse/faces/javax.faces.resource/primefaces.css?ln=primefaces&v=4.0 HTTP/1.1" 304 -
181.53.12.90 - - [05/Jan/2024:17:18:53 -0500] "GET /sipse/js/jquery.min.js HTTP/1.1" 304 -
181.53.12.90 - - [05/Jan/2024:17:18:53 -0500] "GET /sipse/faces/javax.faces.resource/jquery/jquery.js?ln=primefaces&v=4.0 HTTP/1.1" 304 -
181.53.12.90 - - [05/Jan/2024:17:18:53 -0500] "GET /sipse/faces/javax.faces.resource/jquery/jquery-plugins.js?ln=primefaces&v=4.0 HTTP/1.1" 304 -
181.53.12.90 - - [05/Jan/2024:17:18:53 -0500] "GET /sipse/faces/javax.faces.resource/primefaces.js?ln=primefaces&v=4.0 HTTP/1.1" 304 -
181.53.12.90 - - [05/Jan/2024:17:18:53 -0500] "GET /sipse/faces/javax.faces.resource/layout/layout.js?ln=primefaces&v=4.0 HTTP/1.1" 304 -
181.53.12.90 - - [05/Jan/2024:17:18:53 -0500] "GET /sipse/css/v_mergente.css HTTP/1.1" 304 -
181.53.12.90 - - [05/Jan/2024:17:18:53 -0500] "GET /sipse/css/imagen/contrasena.png HTTP/1.1" 404 383
181.53.12.90 - - [05/Jan/2024:17:18:53 -0500] "GET /sipse/imagenes/cargando.gif HTTP/1.1" 304 -
181.53.12.90 - - [05/Jan/2024:17:18:53 -0500] "GET /sipse/faces/javax.faces.resource/messages/messages.png?ln=primefaces&v=4.0 HTTP/1.1" 304 -
181.53.12.90 - - [05/Jan/2024:17:18:53 -0500] "GET /sipse/imagenes/logoAplicacion.jpg HTTP/1.1" 304 -
181.53.12.90 - - [05/Jan/2024:17:18:55 -0500] "GET /sipse/faces/javax.faces.resource/images/ui-bg_flat_0_2d5972_40x100.png?ln=primefaces-aristo HTTP/1.1" 304 -
181.53.12.90 - - [05/Jan/2024:17:18:55 -0500] "POST /sipse/faces/bienvenido.xhtml HTTP/1.1" 200 1471
156.59.198.136 - - [05/Jan/2024:17:18:56 -0500] "GET /BLA/resoluciones/RESOLUCIONES%202010/2254.pdf HTTP/1.0" 200 485617
181.53.12.90 - - [05/Jan/2024:17:18:57 -0500] "POST /sipse/faces/bienvenido.xhtml HTTP/1.1" 200 1473
181.53.12.90 - - [05/Jan/2024:17:18:58 -0500] "POST /sipse/faces/bienvenido.xhtml HTTP/1.1" 200 38383
181.53.12.90 - - [05/Jan/2024:17:18:58 -0500] "GET /sipse/faces/javax.faces.resource/theme.css?ln=primefaces-sipse HTTP/1.1" 304 -
181.53.12.90 - - [05/Jan/2024:17:18:58 -0500] "GET /sipse/faces/javax.faces.resource/layout/layout.css?ln=primefaces&v=4.0 HTTP/1.1" 304 -
181.53.12.90 - - [05/Jan/2024:17:18:58 -0500] "GET /sipse/faces/javax.faces.resource/primefaces.css?ln=primefaces&v=4.0 HTTP/1.1" 304 -
181.53.12.90 - - [05/Jan/2024:17:18:58 -0500] "GET /sipse/faces/javax.faces.resource/jquery/jquery.js?ln=primefaces&v=4.0 HTTP/1.1" 304 -
181.53.12.90 - - [05/Jan/2024:17:18:58 -0500] "GET /sipse/faces/javax.faces.resource/jquery/jquery-plugins.js?ln=primefaces&v=4.0 HTTP/1.1" 304 -
181.53.12.90 - - [05/Jan/2024:17:18:58 -0500] "GET /sipse/faces/javax.faces.resource/primefaces.js?ln=primefaces&v=4.0 HTTP/1.1" 304 -
181.53.12.90 - - [05/Jan/2024:17:18:59 -0500] "GET /sipse/faces/javax.faces.resource/layout/layout.js?ln=primefaces&v=4.0 HTTP/1.1" 304 -
181.53.12.90 - - [05/Jan/2024:17:19:02 -0500] "POST /sipse/faces/presentacion/financiero/solicitudProceso/consultar.xhtml HTTP/1.1" 200 12923
181.53.12.90 - - [05/Jan/2024:17:19:10 -0500] "POST /sipse/faces/presentacion/financiero/solicitudProceso/consultar.xhtml HTTP/1.1" 200 159298
181.53.12.90 - - [05/Jan/2024:17:19:11 -0500] "GET /sipse/faces/javax.faces.resource/theme.css?ln=primefaces-sipse HTTP/1.1" 304 -
181.53.12.90 - - [05/Jan/2024:17:19:11 -0500] "GET /sipse/faces/javax.faces.resource/primefaces.css?ln=primefaces&v=4.0 HTTP/1.1" 304 -
181.53.12.90 - - [05/Jan/2024:17:19:11 -0500] "GET /sipse/faces/javax.faces.resource/layout/layout.css?ln=primefaces&v=4.0 HTTP/1.1" 304 -
181.53.12.90 - - [05/Jan/2024:17:19:11 -0500] "GET /sipse/faces/javax.faces.resource/jquery/jquery.js?ln=primefaces&v=4.0 HTTP/1.1" 304 -
181.53.12.90 - - [05/Jan/2024:17:19:11 -0500] "GET /sipse/faces/javax.faces.resource/jquery/jquery-plugins.js?ln=primefaces&v=4.0 HTTP/1.1" 304 -
181.53.12.90 - - [05/Jan/2024:17:19:11 -0500] "GET /sipse/faces/javax.faces.resource/primefaces.js?ln=primefaces&v=4.0 HTTP/1.1" 304 -
181.53.12.90 - - [05/Jan/2024:17:19:11 -0500] "GET /sipse/faces/javax.faces.resource/layout/layout.js?ln=primefaces&v=4.0 HTTP/1.1" 304 -
156.59.198.136 - - [05/Jan/2024:17:19:21 -0500] "GET /BLA/resoluciones/RESOLUCIONES%202010/4981.pdf HTTP/1.0" 200 693509
181.53.12.90 - - [05/Jan/2024:17:19:25 -0500] "POST /sipse/faces/presentacion/financiero/solicitudProceso/consultarSolicitudProceso.xhtml HTTP/1.1" 200 92313
201.245.192.253 - - [05/Jan/2024:17:19:28 -0500] "POST /kwsrmcab/Wsrmcab HTTP/1.1" 200 40124
156.59.198.135 - - [05/Jan/2024:17:19:45 -0500] "GET /BLA/resoluciones/RESOLUCIONES%202010/5824.pdf HTTP/1.0" 200 99140
152.202.85.141 - - [05/Jan/2024:17:19:55 -0500] "GET /kwssiamovil/sm/acme/a?s=U2FsdGVkX19m8KHgqzIB4a3qiD31JdRucOCenvXOj92Q8hewxjk4/RWw2G3ipqFJt5QYk8kVS0iKYvaXq5+EFmuzUmzaD3TMyqT/xkjMOUz7XMsoz0rKpDDB1BJKIRZss+KumS3KmzbfLKPOWFeL9ODWPybpF5IilL9H27mjsfGyLdQhaWkTA4dIlIqiyGYveGyp1bZqT3oJkPz4VJRm0Zm9IsR4t/tbra8N9N3L/buqFZfTZpFiTBqN97Vsw2q5v4bAe6fflkHIH2mHQT/4Qg==&u=U2FsdGVkX19siFVZomnprLuuHmBO02z5UENeuXhm/wtASujB74dGMx3gK/3UP7i7&y=U2FsdGVkX19mb0SQJENVkstG9a73sLjROCYi1/v/cmi0KZpSie863WiR2SiUhkhS HTTP/1.1" 200 26
152.202.85.141 - - [05/Jan/2024:17:19:56 -0500] "GET /kwssiamovil/sm/acme/a?s=U2FsdGVkX1/afZ+9VTaGYrGWrm6M3nip7OOqaZZ0NGtSz6W+rG7xMRNneUQiorQhi/Ea1sR1xim3QOMmNw5T1lHwW9IEdR3pGtQF+QVfozHX4m15VqYwfSj47qcTiyNLHrSOVT33SbTkYly3SmVdDP/fGc5XM/BpRy6zVukiIZ1mKBEW0r0QpVIOVoIQkaPDEU6x5p5A57j6mNxsju3woJD6sV5BxgbOrAqJFQTT9eNTVDQ60uJ7HwVpB9g9GtwBH2WuXtgdYD0FbOIORWtxSq6ZD3NB68aqwK2HSo7mnrUIU7UgVVogaRNbppxe6LGBu8lixow7O31jKniAB1qVwoCOYsr+kPFFlM78f2pZAOpZdA3r1si3SnykAbu3+iVbFAqMed7sOUs5N0ndHYUZ92BRVQrLUBePLM2aYfzR9BXkyMwVXXidh0R9OwGN9KvfcPqYxxat+lNu3rrivlV1e+yuMcjjeTjP8UE631v3mXIB8Svj89swQYX85EfrdKDVgJRnsHYuzTj5/JNLmvpeW2FEPNnB951b18Q8Eh2XQSU1FBQGgq/LMrkqhGubKM+eh/X+s6+w/3dJ0LdP0iH6rCQtRBaojyUaZZKbPRUnI7V6407IKwN2aSTFk96W87xPRjHlrph9MdD7PZWGAm+AhmFQOnXWrswVRDU/nCBa+rT7a/jWxu9iRdXt6ID7cI0TDUDR/63IyVHsz9ec/A9SqWZU84X5k74HTNLStPSgxFEvSpmlB0IdTfZXXR2hmYc1l8DBmIr1VsFMsf0dxvXaqHFwkqpC7ZfH1ifrpGsV5EUr3TStFL/3a3SBl/Gsx1vVxL+GIabQ0gIBoAnfBE6PTe6SU3Gswu4ksMZOpjWMXs8uWNnxnKB4iABfvun7F90t+ajIoV9chqH7fjIz1NRm3PkPKyUNgP9Sndgdo2Mcr3TATT8iieelhdeY8b3/iQBkG/OZ/VI3Il6LyF2oiU/EHfWpvV7YAdBIZ9VcVuemFq/LLhJ2wLBMS6Bl0IVXnnV3Ep3WdMxmJBV322aAYQEMKUsaP2yS3SrY+5Sxx9qwO6WEmfWA2QxFRgArBbszulOVu7RYh0LiuqROijMqlE1CFjQbPW8tk9QdARru6Z0UrEUiI8PYlMT8SZDNQssvInK2e4+K4Buclecurfv6NONumJ/CBoFHtUzzhWq9qC1RkFbq9gOvKwNaDb4A7m2AIe9F0t0SN5tYxzMM9ftZnBm/pw5pWUuLPvk93tskAiF+TvNpO94RvXAiJf0fVfVg4uh5MgSRx/TyzL3Cisb0AInIcPshpzIEdgjZtoonR7+RV2Az3U7HujzvT2b+FtGqmgzMTYNGiZ8ISGChdpnsj44BOOFBUidHtGhZQvgmkCx700TMiQomN0MNwPAuHi0nXeMPkA7n+wNhwRE1+tktUb/qwrsIneu6SuhHU3jEZgBuvINCRt1jowMdsJ4380W9bVWoy7Vrk+YRMiaX4FzRvwcmBsqVhnt9pji+RBoNR5u80rY/VMyoPVebOOncRbxxoRCwU/jAdZbybBnKmy9hDaYfipWwQa9etuDeQybTciPXb68lv1AbcR7EBpjm1IaFfdSK33MM76i22nALJ0slDMlr2B9cQQa65r1RmRNdrPE8D8kPy3luyMFDPQ7uTvUEGfJxXSKgoTkHzs9zrqVQHYDN0fFHCWipLj+lVheSv/yRQ52ZtPxMtVyTwhEMPh126mPCHQEybV7f1pKoZwVVWrjMGrJNPKAmvQjpWc6vHz1eTsQZh/KdBgo04BzNsd/kd/trRo8Zwo2bOq/GqzAOLc02eU2rHEUzVgDp1K1AU5bWlSOh8xvqvyNYAh7Ww18qTlXvNNJEUOEnSg2iinewBBe6jmRJO3cMRBYO9cgufLU83tkDkF9hY0WXpY/ehrmMJp3x67l4R8ByXoaa4TecloeXjXhZketlc/7MdkWRhKal2tqwA/6Hz91qYjwJiIPhqzwiNGALwwXlvw917tOFHxy5joO89/Oan7LS8DMzOfRfuqiXJFY8A+K27VremGRNlcBULEVBv3ENuK9UZ66o492+zLtrnEQpBXCUxtvwbNGakyUCi+EMKIp3e2Hq7nGQrG+WTOw3G6V1jFiu+NEDAmyzwVBZlQnWH6sL8UP1WUy3sqL9J0FII72mT6qRBjINGK+PYsBSlgKt5+AiwtvizJjQRoHDkuALiVhPhHUfADoD2ehUPJukVsdqhzUDgQBIEeJB2abztGOc9fxQesPe74H/aUrP0/oWLjMqNIGIujwOHTc36e32IUM46VA8G1HCJ1pMNw/Ov2SPD/r6V/HQ71/VcHEOeNygLnaEvF1w4FssKVVfm2Lta8NW3s4u2mDoN6j0xbs9A0tZEJbL8gK3VzF9UWUYw6kTzycyAVmrLNCtlkHhqXmXWsclNKeeOUSTSng8oy6d2fjk6gxUk/eyHmvwjlIe7KAocuXXi9lIBmtBHr8sMCp7H+GPQO0Q5k1aG+0tCDgBWS6g/qSexUpbnIRSs5ERCaLDtcF/qY+VCVbgYy9Plps5fF8vBjb35br4cv2CeGxTVLe9H+30V/UkBw5s8FBYw7/uNaVy+J2L8qZmddFW03mG1TXcTWgTOPdCr0vx54oqFaEqhrxVwGejiO5Nq9oW4OJlxqKyHwpJdIh5AtdNbWiMKjkM4YPKweLiCkwsret9sUmjWbgegzGNs0+ktxRnsK6+bSPUKHsU9Fz2VsyqQsp/MNBaAJvN6iL5TtZkj63l3pxkuBwY6Db8XdHN9MiCru+w0cbEaQJiW1rLbJA6buxoj1Xw3XaJsF2vNYB169ARHsTmwZu9DBLpO7A2Rp3Rl1NqAPZRVj7KdhKDBhKbMZFkpAiMoCalInEI3iWF/REX07rS4vt/4Zv17TdaMej26HAKvJe1JeJ28DbxCmeOLUYTMRQEcu7UqLuf2WOOna67yOXAty7Y9HHqp6GigZbXWHYhdEtegIKuML45oBnFGVBkSECdPIx3UYJD7CBSmP6DYetTQ7xAPJKxznlQa3BWjJuhfLJgDL460+FuSXFCTrVXBX7yUXlLRfwETG9rnR/QqLqhsp1sXQmj5CY5m5JmTu42Y9L0hf49biMeEBzSwZ9zC3t+02MSfI+6z7K//V3qusoMALD88xjpKZdD0qFU10juTE2blKKAH1bOWdw6HSs8iv812OfvZ2KTH/UTOk4UOIJCup+BrFknQFUHPzscZ81EpjDPQuLT3MBUdoPY6O1nn73xKwsMZWShjXntiW/28jfvebxyCWsY91OVnBdCPNaFIIzjPJyulK2P8Z6Kl5iVdYbd5s7x8NwNHqnb&u=U2FsdGVkX19siFVZomnprLuuHmBO02z5UENeuXhm/wtASujB74dGMx3gK/3UP7i7&y=U2FsdGVkX19mb0SQJENVkstG9a73sLjROCYi1/v/cmi0KZpSie863WiR2SiUhkhS HTTP/1.1" 200 26
152.202.85.141 - - [05/Jan/2024:17:19:56 -0500] "GET /kwssiamovil/sm/acme/a?s=U2FsdGVkX1+KRl1eywxidIpCb2Mm0gA1N/YtuSDVHx4SxQQ2YDxdV+LuZ87EL5HLsrdDkeHPC7Qbe3yOXq6BLLKAy77ukH+NUcfbQOwZTdN5/gi7vC0Zqr92hqdaqz6kMjUAwmAFAlMkWqs/LWQBNScTI/eHZDxik2vLsfh/rmQ=&u=U2FsdGVkX19siFVZomnprLuuHmBO02z5UENeuXhm/wtASujB74dGMx3gK/3UP7i7&y=U2FsdGVkX19mb0SQJENVkstG9a73sLjROCYi1/v/cmi0KZpSie863WiR2SiUhkhS HTTP/1.1" 200 26
152.202.85.141 - - [05/Jan/2024:17:19:56 -0500] "GET /kwssiamovil/sm/acme/a?s=U2FsdGVkX1+Lo0KgPcQUg+2DsCwze1iXoYOePuPk8JqMdg/TXj94oqboe3WA2XTR4KkYNnUWNIk7XlgyhxXFWbEumWObXnV/M6Mlhc8c47aJpDW5B8NyMjJD/vsT6R1q6YrmxEfl/OOqpSo/imxvuC/wZZpcpdQMzXBys+L/HQ4=&u=U2FsdGVkX19siFVZomnprLuuHmBO02z5UENeuXhm/wtASujB74dGMx3gK/3UP7i7&y=U2FsdGVkX19mb0SQJENVkstG9a73sLjROCYi1/v/cmi0KZpSie863WiR2SiUhkhS HTTP/1.1" 200 26
152.202.85.141 - - [05/Jan/2024:17:19:57 -0500] "GET /kwssiamovil/sm/acme/a?s=U2FsdGVkX1/km3s06zxLBl6k6A1Ha5BhoNNMB+wj7Z0BKmRX5+Kj9uRhK/ZXtMur2ycQHUexTwUTdjaABvO4uYiROHer/g32J3rtVqI2HcvBArDm4q2gpgWA1OX7B5Nt2q3Bmvp3wVVPr9rlIMIpJ50z6j9DwsBl7hE89w3aQr0=&u=U2FsdGVkX19siFVZomnprLuuHmBO02z5UENeuXhm/wtASujB74dGMx3gK/3UP7i7&y=U2FsdGVkX19mb0SQJENVkstG9a73sLjROCYi1/v/cmi0KZpSie863WiR2SiUhkhS HTTP/1.1" 200 26
152.202.85.141 - - [05/Jan/2024:17:19:57 -0500] "GET /kwssiamovil/sm/acme/a?s=U2FsdGVkX185h3TqLeekxddMZXsOtCzGqB2lcvYLBooR57nEwa0qgyWZ3b7j6/HPPoIsjVROcsoxO9NS2EBOxJso8uZXubVXeIw3VAzypGEGql6Jh/8myCX9Cu4qjr2hsClwYhKtTnDlTYMC+HVoECki8KyXziVn7EceIbh4adyxW/PGUfp/5w7+FjFbMrDBxTkmhj2bApVjpI9QPex+kA==&u=U2FsdGVkX19siFVZomnprLuuHmBO02z5UENeuXhm/wtASujB74dGMx3gK/3UP7i7&y=U2FsdGVkX19mb0SQJENVkstG9a73sLjROCYi1/v/cmi0KZpSie863WiR2SiUhkhS HTTP/1.1" 200 26
156.59.198.135 - - [05/Jan/2024:17:20:11 -0500] "GET /BLA/resoluciones/RESOLUCIONES%202010/5147.pdf HTTP/1.0" 200 358716
201.245.192.253 - - [05/Jan/2024:17:20:09 -0500] "POST /kwsrmcab/Wsrmcab HTTP/1.1" 200 37050
181.53.12.90 - - [05/Jan/2024:17:20:34 -0500] "POST /sipse/faces/presentacion/financiero/solicitudProceso/consultarSolicitudProceso.xhtml HTTP/1.1" 200 205120
156.59.198.135 - - [05/Jan/2024:17:20:35 -0500] "GET /BLA/resoluciones/RESOLUCIONES%202010/2312.pdf HTTP/1.0" 200 724678
216.245.221.92 - - [05/Jan/2024:17:20:40 -0500] "HEAD / HTTP/1.1" 200 -
156.59.198.135 - - [05/Jan/2024:17:21:00 -0500] "GET /BLA/resoluciones/RESOLUCIONES%202010/5082.pdf HTTP/1.0" 200 753723
40.77.167.71 - - [05/Jan/2024:17:21:11 -0500] "GET /BLA/resoluciones/RESOLUCIONES%202013/2800.pdf HTTP/1.1" 200 653453
156.59.198.135 - - [05/Jan/2024:17:21:24 -0500] "GET /BLA/resoluciones/RESOLUCIONES%202010/4090.pdf HTTP/1.0" 200 516019
40.77.167.71 - - [05/Jan/2024:17:21:33 -0500] "GET /BLA/resoluciones/RESOLUCIONES%202023/2927.pdf HTTP/1.1" 200 453183
190.159.168.169 - - [05/Jan/2024:17:21:35 -0500] "GET /BLA/resoluciones/index.php HTTP/1.1" 200 13696
190.159.168.169 - - [05/Jan/2024:17:21:36 -0500] "GET /BLA/resoluciones/index.php HTTP/1.1" 200 13696
190.159.168.169 - - [05/Jan/2024:17:21:41 -0500] "GET /BLA/resoluciones/index.php?dir=RESOLUCIONES+2023%2F HTTP/1.1" 200 131614
156.59.198.136 - - [05/Jan/2024:17:21:49 -0500] "GET /BLA/resoluciones/RESOLUCIONES%202010/5399.pdf HTTP/1.0" 200 254545
156.59.198.135 - - [05/Jan/2024:17:22:12 -0500] "GET /BLA/resoluciones/RESOLUCIONES%202010/2989.pdf HTTP/1.0" 200 673184
201.245.192.253 - - [05/Jan/2024:17:22:22 -0500] "POST /kwsrmcab/Wsrmcab  HTTP/1.1" 200 36937
156.59.198.136 - - [05/Jan/2024:17:22:38 -0500] "GET /BLA/resoluciones/RESOLUCIONES%202010/4264.pdf HTTP/1.0" 200 629658
52.167.144.235 - - [05/Jan/2024:17:22:56 -0500] "GET /BLA/resoluciones/RESOLUCIONES%202023/2697.pdf HTTP/1.1" 200 2509375
156.59.198.136 - - [05/Jan/2024:17:23:02 -0500] "GET /BLA/resoluciones/RESOLUCIONES%202010/2867.pdf HTTP/1.0" 200 507549
156.59.198.135 - - [05/Jan/2024:17:23:27 -0500] "GET /BLA/resoluciones/RESOLUCIONES%202010/2264.pdf HTTP/1.0" 200 613219
172.22.2.4 - - [05/Jan/2024:17:22:07 -0500] "HEAD /BLA/boletinlegal/ HTTP/1.1" 200 -
156.59.198.136 - - [05/Jan/2024:17:23:52 -0500] "GET /BLA/resoluciones/RESOLUCIONES%202010/4655.pdf HTTP/1.0" 200 717938
40.77.167.28 - - [05/Jan/2024:17:24:09 -0500] "GET /BLA/resoluciones/RESOLUCIONES%202023/2923.pdf HTTP/1.1" 200 681884
156.59.198.136 - - [05/Jan/2024:17:24:16 -0500] "GET /BLA/resoluciones/RESOLUCIONES%202010/3392.pdf HTTP/1.0" 200 316868
172.22.2.4 - - [05/Jan/2024:17:22:58 -0500] "GET /BLA/boletinlegal/ HTTP/1.1" 200 60046
156.59.198.135 - - [05/Jan/2024:17:24:41 -0500] "GET /BLA/resoluciones/RESOLUCIONES%202010/5254.pdf HTTP/1.0" 200 543388
156.59.198.135 - - [05/Jan/2024:17:25:06 -0500] "GET /BLA/resoluciones/RESOLUCIONES%202010/1968.pdf HTTP/1.0" 200 515025
201.245.192.253 - - [05/Jan/2024:17:25:17 -0500] "POST /kwsrmcab/Wsrmcab HTTP/1.1" 200 40124
201.245.192.253 - - [05/Jan/2024:17:25:20 -0500] "POST /kwsrmcab/Wsrmcab HTTP/1.1" 200 37050
201.245.192.253 - - [05/Jan/2024:17:25:24 -0500] "POST /sipse/faces/presentacion/financiero/solicitudProceso/consultarSolicitudProceso.xhtml HTTP/1.1" 302 -
201.245.192.253 - - [05/Jan/2024:17:25:24 -0500] "GET /sipse/faces/autenticacion.xhtml HTTP/1.1" 200 1099
201.245.192.253 - - [05/Jan/2024:17:25:24 -0500] "POST /sipse/faces/presentacion/financiero/solicitudProceso/consultarSolicitudProceso.xhtml HTTP/1.1" 302 -
201.245.192.253 - - [05/Jan/2024:17:25:24 -0500] "GET /sipse/faces/autenticacion.xhtml HTTP/1.1" 200 1099
201.245.192.253 - - [05/Jan/2024:17:25:24 -0500] "POST /sipse/faces/presentacion/financiero/solicitudProceso/consultarSolicitudProceso.xhtml HTTP/1.1" 302 -
201.245.192.253 - - [05/Jan/2024:17:25:24 -0500] "GET /sipse/faces/autenticacion.xhtml HTTP/1.1" 200 1099
201.245.192.253 - - [05/Jan/2024:17:25:24 -0500] "POST /sipse/faces/presentacion/financiero/solicitudProceso/consultarSolicitudProceso.xhtml HTTP/1.1" 302 -
201.245.192.253 - - [05/Jan/2024:17:25:24 -0500] "GET /sipse/faces/autenticacion.xhtml HTTP/1.1" 200 1099
201.245.192.253 - - [05/Jan/2024:17:25:24 -0500] "POST /sipse/faces/presentacion/financiero/solicitudProceso/consultarSolicitudProceso.xhtml HTTP/1.1" 302 -
201.245.192.253 - - [05/Jan/2024:17:25:24 -0500] "GET /sipse/faces/autenticacion.xhtml HTTP/1.1" 200 1099
201.245.192.253 - - [05/Jan/2024:17:25:25 -0500] "POST /sipse/faces/presentacion/financiero/solicitudProceso/consultarSolicitudProceso.xhtml HTTP/1.1" 302 -
201.245.192.253 - - [05/Jan/2024:17:25:25 -0500] "GET /sipse/faces/autenticacion.xhtml HTTP/1.1" 200 1099
201.245.192.253 - - [05/Jan/2024:17:25:25 -0500] "POST /sipse/faces/presentacion/financiero/solicitudProceso/consultarSolicitudProceso.xhtml HTTP/1.1" 302 -
201.245.192.253 - - [05/Jan/2024:17:25:25 -0500] "GET /sipse/faces/autenticacion.xhtml HTTP/1.1" 200 1099
201.245.192.253 - - [05/Jan/2024:17:25:25 -0500] "POST /sipse/faces/presentacion/financiero/solicitudProceso/consultarSolicitudProceso.xhtml HTTP/1.1" 302 -
201.245.192.253 - - [05/Jan/2024:17:25:25 -0500] "GET /sipse/faces/autenticacion.xhtml HTTP/1.1" 200 1099
201.245.192.253 - - [05/Jan/2024:17:25:25 -0500] "POST /sipse/faces/presentacion/financiero/solicitudProceso/consultarSolicitudProceso.xhtml HTTP/1.1" 302 -
201.245.192.253 - - [05/Jan/2024:17:25:25 -0500] "GET /sipse/faces/autenticacion.xhtml HTTP/1.1" 200 1099
201.245.192.253 - - [05/Jan/2024:17:25:25 -0500] "POST /sipse/faces/presentacion/financiero/solicitudProceso/consultarSolicitudProceso.xhtml HTTP/1.1" 302 -
201.245.192.253 - - [05/Jan/2024:17:25:25 -0500] "GET /sipse/faces/autenticacion.xhtml HTTP/1.1" 200 1099
201.245.192.253 - - [05/Jan/2024:17:25:26 -0500] "POST /sipse/faces/presentacion/financiero/solicitudProceso/consultarSolicitudProceso.xhtml HTTP/1.1" 302 -
201.245.192.253 - - [05/Jan/2024:17:25:26 -0500] "GET /sipse/faces/autenticacion.xhtml HTTP/1.1" 200 1099
201.245.192.253 - - [05/Jan/2024:17:25:26 -0500] "POST /sipse/faces/presentacion/financiero/solicitudProceso/consultarSolicitudProceso.xhtml HTTP/1.1" 302 -
201.245.192.253 - - [05/Jan/2024:17:25:26 -0500] "GET /sipse/faces/autenticacion.xhtml HTTP/1.1" 200 1099
201.245.192.253 - - [05/Jan/2024:17:25:26 -0500] "POST /sipse/faces/presentacion/financiero/solicitudProceso/consultarSolicitudProceso.xhtml HTTP/1.1" 302 -
201.245.192.253 - - [05/Jan/2024:17:25:26 -0500] "GET /sipse/faces/autenticacion.xhtml HTTP/1.1" 200 1099
201.245.192.253 - - [05/Jan/2024:17:25:26 -0500] "POST /sipse/faces/presentacion/financiero/solicitudProceso/consultarSolicitudProceso.xhtml HTTP/1.1" 302 -
201.245.192.253 - - [05/Jan/2024:17:25:26 -0500] "GET /sipse/faces/autenticacion.xhtml HTTP/1.1" 200 1099
201.245.192.253 - - [05/Jan/2024:17:25:26 -0500] "POST /sipse/faces/presentacion/financiero/solicitudProceso/consultarSolicitudProceso.xhtml HTTP/1.1" 302 -
201.245.192.253 - - [05/Jan/2024:17:25:26 -0500] "GET /sipse/faces/autenticacion.xhtml HTTP/1.1" 200 1099
156.59.198.136 - - [05/Jan/2024:17:25:30 -0500] "GET /BLA/resoluciones/RESOLUCIONES%202010/5799.pdf HTTP/1.0" 200 44710
201.245.192.253 - - [05/Jan/2024:17:25:31 -0500] "GET /sipse/faces/faces/autenticacion.xhtml HTTP/1.1" 200 12402
201.245.192.253 - - [05/Jan/2024:17:25:31 -0500] "GET /sipse/css/custom_css_sg.css HTTP/1.1" 200 9694
201.245.192.253 - - [05/Jan/2024:17:25:31 -0500] "GET /sipse/css/custom_css_sg_prime_login.css HTTP/1.1" 200 443
201.245.192.253 - - [05/Jan/2024:17:25:31 -0500] "GET /sipse/faces/javax.faces.resource/layout/layout.css?ln=primefaces&v=4.0 HTTP/1.1" 200 542
201.245.192.253 - - [05/Jan/2024:17:25:31 -0500] "GET /sipse/js/disable_browser_buttons.js HTTP/1.1" 304 -
201.245.192.253 - - [05/Jan/2024:17:25:31 -0500] "GET /sipse/js/funciones.js HTTP/1.1" 304 -
201.245.192.253 - - [05/Jan/2024:17:25:31 -0500] "GET /sipse/faces/javax.faces.resource/theme.css?ln=primefaces-sipse HTTP/1.1" 200 50058
201.245.192.253 - - [05/Jan/2024:17:25:31 -0500] "GET /sipse/faces/javax.faces.resource/primefaces.css?ln=primefaces&v=4.0 HTTP/1.1" 200 53295
201.245.192.253 - - [05/Jan/2024:17:25:31 -0500] "GET /sipse/faces/javax.faces.resource/jquery/jquery.js?ln=primefaces&v=4.0 HTTP/1.1" 304 -
201.245.192.253 - - [05/Jan/2024:17:25:31 -0500] "GET /sipse/faces/javax.faces.resource/jquery/jquery-plugins.js?ln=primefaces&v=4.0 HTTP/1.1" 304 -
201.245.192.253 - - [05/Jan/2024:17:25:31 -0500] "GET /sipse/faces/javax.faces.resource/primefaces.js?ln=primefaces&v=4.0 HTTP/1.1" 304 -
201.245.192.253 - - [05/Jan/2024:17:25:31 -0500] "GET /sipse/faces/javax.faces.resource/layout/layout.js?ln=primefaces&v=4.0 HTTP/1.1" 304 -
201.245.192.253 - - [05/Jan/2024:17:25:32 -0500] "GET /sipse/faces/javax.faces.resource/images/ui-icons_898989_256x240.png?ln=primefaces-aristo HTTP/1.1" 200 5355
201.245.192.253 - - [05/Jan/2024:17:25:32 -0500] "GET /sipse/css/imagen/logoSDG.png HTTP/1.1" 200 53064
201.245.192.253 - - [05/Jan/2024:17:25:32 -0500] "GET /sipse/css/imagen/loginimg.png HTTP/1.1" 200 71635
201.245.192.253 - - [05/Jan/2024:17:25:32 -0500] "GET /favicon.ico HTTP/1.1" 200 7782
201.245.192.253 - - [05/Jan/2024:17:25:32 -0500] "GET /sipse/faces/faces/index.xhtml HTTP/1.1" 200 677
201.245.192.253 - - [05/Jan/2024:17:25:32 -0500] "GET /sipse/faces/javax.faces.resource/theme.css?ln=primefaces-sipse HTTP/1.1" 304 -
201.245.192.253 - - [05/Jan/2024:17:25:32 -0500] "GET /sipse/faces/faces/faces/autenticacion.xhtml HTTP/1.1" 200 12402
201.245.192.253 - - [05/Jan/2024:17:25:32 -0500] "GET /sipse/faces/javax.faces.resource/theme.css?ln=primefaces-sipse HTTP/1.1" 304 -
201.245.192.253 - - [05/Jan/2024:17:25:32 -0500] "GET /sipse/faces/javax.faces.resource/primefaces.css?ln=primefaces&v=4.0 HTTP/1.1" 304 -
201.245.192.253 - - [05/Jan/2024:17:25:32 -0500] "GET /sipse/faces/javax.faces.resource/layout/layout.css?ln=primefaces&v=4.0 HTTP/1.1" 304 -
201.245.192.253 - - [05/Jan/2024:17:25:32 -0500] "GET /sipse/faces/javax.faces.resource/jquery/jquery.js?ln=primefaces&v=4.0 HTTP/1.1" 304 -
201.245.192.253 - - [05/Jan/2024:17:25:32 -0500] "GET /sipse/faces/javax.faces.resource/jquery/jquery-plugins.js?ln=primefaces&v=4.0 HTTP/1.1" 304 -
201.245.192.253 - - [05/Jan/2024:17:25:32 -0500] "GET /sipse/faces/javax.faces.resource/primefaces.js?ln=primefaces&v=4.0 HTTP/1.1" 304 -
201.245.192.253 - - [05/Jan/2024:17:25:32 -0500] "GET /sipse/faces/javax.faces.resource/layout/layout.js?ln=primefaces&v=4.0 HTTP/1.1" 304 -
201.245.192.253 - - [05/Jan/2024:17:25:32 -0500] "GET /sipse/faces/javax.faces.resource/images/ui-icons_898989_256x240.png?ln=primefaces-aristo HTTP/1.1" 304 -
216.245.221.92 - - [05/Jan/2024:17:25:40 -0500] "HEAD / HTTP/1.1" 200 -
201.245.192.253 - - [05/Jan/2024:17:25:46 -0500] "POST /sipse/faces/autenticacion.xhtml HTTP/1.1" 200 2221
201.245.192.253 - - [05/Jan/2024:17:25:46 -0500] "GET /sipse/faces/javax.faces.resource/messages/messages.png?ln=primefaces&v=4.0 HTTP/1.1" 200 27209
201.245.192.253 - - [05/Jan/2024:17:25:47 -0500] "POST /sipse/faces/autenticacion.xhtml HTTP/1.1" 200 16396
201.245.192.253 - - [05/Jan/2024:17:25:47 -0500] "GET /sipse/css/custom_css_sg_prime.css HTTP/1.1" 200 5201
201.245.192.253 - - [05/Jan/2024:17:25:48 -0500] "GET /sipse/js/jquery.min.js HTTP/1.1" 304 -
201.245.192.253 - - [05/Jan/2024:17:25:48 -0500] "GET /sipse/faces/javax.faces.resource/jquery/jquery.js?ln=primefaces&v=4.0 HTTP/1.1" 304 -
201.245.192.253 - - [05/Jan/2024:17:25:48 -0500] "GET /sipse/faces/javax.faces.resource/jquery/jquery-plugins.js?ln=primefaces&v=4.0 HTTP/1.1" 304 -
201.245.192.253 - - [05/Jan/2024:17:25:48 -0500] "GET /sipse/faces/javax.faces.resource/primefaces.js?ln=primefaces&v=4.0 HTTP/1.1" 304 -
201.245.192.253 - - [05/Jan/2024:17:25:48 -0500] "GET /sipse/faces/javax.faces.resource/layout/layout.js?ln=primefaces&v=4.0 HTTP/1.1" 304 -
201.245.192.253 - - [05/Jan/2024:17:25:48 -0500] "GET /sipse/imagenes/cargando.gif HTTP/1.1" 200 36959
201.245.192.253 - - [05/Jan/2024:17:25:48 -0500] "GET /sipse/css/v_mergente.css HTTP/1.1" 200 1505
201.245.192.253 - - [05/Jan/2024:17:25:48 -0500] "GET /sipse/imagenes/logoAplicacion.jpg HTTP/1.1" 200 155084
201.245.192.253 - - [05/Jan/2024:17:25:48 -0500] "GET /sipse/css/imagen/contrasena.png HTTP/1.1" 404 383
47.128.18.250 - - [05/Jan/2024:17:25:57 -0500] "GET /BLA/resoluciones/dlf/dirup.png HTTP/1.1" 200 644
47.128.18.250 - - [05/Jan/2024:17:25:57 -0500] "GET /BLA/resoluciones/dlf/pdf.gif HTTP/1.1" 200 272
47.128.18.250 - - [05/Jan/2024:17:25:56 -0500] "GET /BLA/resoluciones/index.php?dir=RESOLUCIONES%202013%2F&order=asc&sort=date HTTP/1.1" 200 238278
47.128.18.250 - - [05/Jan/2024:17:25:59 -0500] "GET /BLA/resoluciones/dlf/doc.gif HTTP/1.1" 200 1079
156.59.198.135 - - [05/Jan/2024:17:26:19 -0500] "GET /BLA/resoluciones/RESOLUCIONES%202010/4175.pdf HTTP/1.0" 200 263197
156.59.198.136 - - [05/Jan/2024:17:26:43 -0500] "GET /BLA/resoluciones/RESOLUCIONES%202010/5025.pdf HTTP/1.0" 200 764579
156.59.198.136 - - [05/Jan/2024:17:27:07 -0500] "GET /BLA/resoluciones/RESOLUCIONES%202010/5571.pdf HTTP/1.0" 200 1933392
172.22.2.4 - - [05/Jan/2024:17:27:21 -0500] "GET /BLA/boletinlegal/consulta_actos.php?tipo=resoluciones&no=970&usuario=&sector=&fecha=2017&resuelve=HUMEDALES HTTP/1.1" 200 626
201.245.192.253 - - [05/Jan/2024:17:27:20 -0500] "POST /kwsrmcab/Wsrmcab  HTTP/1.1" 200 36937
172.22.2.4 - - [05/Jan/2024:17:27:25 -0500] "GET /BLA/boletinlegal/consulta_actos.php?tipo=resoluciones&no=970&usuario=&sector=&fecha=2017&resuelve= HTTP/1.1" 200 1784
156.59.198.135 - - [05/Jan/2024:17:27:33 -0500] "GET /BLA/resoluciones/RESOLUCIONES%202010/3209.pdf HTTP/1.0" 200 540176
156.59.198.135 - - [05/Jan/2024:17:27:56 -0500] "GET /BLA/resoluciones/RESOLUCIONES%202010/2416.pdf HTTP/1.0" 200 593187
172.22.2.4 - - [05/Jan/2024:17:27:59 -0500] "GET /BLA/boletinlegal/consulta_actos.php?tipo=resoluciones&no=748&usuario=&sector=&fecha=2017&resuelve= HTTP/1.1" 200 1262
156.59.198.136 - - [05/Jan/2024:17:28:21 -0500] "GET /BLA/resoluciones/RESOLUCIONES%202010/4453.pdf HTTP/1.0" 200 534462
156.59.198.136 - - [05/Jan/2024:17:28:46 -0500] "GET /BLA/resoluciones/RESOLUCIONES%202010/4881.pdf HTTP/1.0" 200 734456
40.77.167.10 - - [05/Jan/2024:17:29:08 -0500] "GET /BLA/resoluciones/AUTOS%202020/3633.pdf HTTP/1.1" 200 366096
156.59.198.136 - - [05/Jan/2024:17:29:10 -0500] "GET /BLA/resoluciones/RESOLUCIONES%202010/3538.pdf HTTP/1.0" 200 495511
201.245.192.253 - - [05/Jan/2024:17:29:27 -0500] "POST /kwsrmcab/Wsrmcab HTTP/1.1" 200 40124
201.245.192.253 - - [05/Jan/2024:17:29:34 -0500] "GET /sipse/faces/javax.faces.resource/images/ui-bg_flat_0_2d5972_40x100.png?ln=primefaces-aristo HTTP/1.1" 200 183
201.245.192.253 - - [05/Jan/2024:17:29:34 -0500] "POST /sipse/faces/bienvenido.xhtml HTTP/1.1" 200 2658
156.59.198.135 - - [05/Jan/2024:17:29:35 -0500] "GET /BLA/resoluciones/RESOLUCIONES%202010/2794.pdf HTTP/1.0" 200 406114
172.22.2.4 - - [05/Jan/2024:17:27:57 -0500] "HEAD /BLA/boletinlegal/ HTTP/1.1" 200 -
156.59.198.136 - - [05/Jan/2024:17:29:59 -0500] "GET /BLA/resoluciones/RESOLUCIONES%202010/4444.pdf HTTP/1.0" 200 865138
201.245.192.253 - - [05/Jan/2024:17:30:09 -0500] "POST /kwsrmcab/Wsrmcab HTTP/1.1" 200 37050
156.59.198.136 - - [05/Jan/2024:17:30:23 -0500] "GET /BLA/resoluciones/RESOLUCIONES%202010/2693.pdf HTTP/1.0" 200 380278
172.22.2.4 - - [05/Jan/2024:17:28:48 -0500] "GET /BLA/boletinlegal/ HTTP/1.1" 200 58567
216.245.221.92 - - [05/Jan/2024:17:30:40 -0500] "HEAD / HTTP/1.1" 200 -
156.59.198.136 - - [05/Jan/2024:17:30:48 -0500] "GET /BLA/resoluciones/RESOLUCIONES%202010/4581.pdf HTTP/1.0" 200 1216583
52.167.144.228 - - [05/Jan/2024:17:31:09 -0500] "GET /BLA/resoluciones/AUTOS%202020/0736.pdf HTTP/1.1" 200 344923
156.59.198.136 - - [05/Jan/2024:17:31:12 -0500] "GET /BLA/resoluciones/RESOLUCIONES%202010/5090.pdf HTTP/1.0" 200 753653
172.22.2.4 - - [05/Jan/2024:17:30:41 -0500] "GET /BLA/boletinlegal/ HTTP/1.1" 200 32715
156.59.198.136 - - [05/Jan/2024:17:31:36 -0500] "GET /BLA/resoluciones/RESOLUCIONES%202010/5872.pdf HTTP/1.0" 200 134694
172.22.2.4 - - [05/Jan/2024:17:31:54 -0500] "GET /BLA/boletinlegal/actos.php HTTP/1.1" 200 9648
172.22.2.4 - - [05/Jan/2024:17:31:59 -0500] "GET /BLA/boletinlegal/consulta_actos.php?tipo=resoluciones&no=&usuario=&sector=&fecha=2023&resuelve= HTTP/1.1" 200 422362
156.59.198.135 - - [05/Jan/2024:17:32:01 -0500] "GET /BLA/resoluciones/RESOLUCIONES%202010/3652.pdf HTTP/1.0" 200 445626
201.245.192.253 - - [05/Jan/2024:17:32:18 -0500] "POST /kwsrmcab/Wsrmcab  HTTP/1.1" 200 36937
172.22.2.4 - - [05/Jan/2024:17:31:48 -0500] "GET /BLA/boletinlegal/ HTTP/1.1" 200 24523
156.59.198.136 - - [05/Jan/2024:17:32:25 -0500] "GET /BLA/resoluciones/RESOLUCIONES%202010/1962.pdf HTTP/1.0" 200 498775
172.225.238.101 - - [05/Jan/2024:17:32:28 -0500] "GET /BLA/resoluciones/RESOLUCIONES%202023/0308.pdf HTTP/1.1" 200 855203
172.225.238.101 - - [05/Jan/2024:17:32:30 -0500] "GET /BLA/resoluciones/RESOLUCIONES%202023/0308.pdf HTTP/1.1" 206 16384
156.59.198.136 - - [05/Jan/2024:17:32:50 -0500] "GET /BLA/resoluciones/RESOLUCIONES%202010/3697.pdf HTTP/1.0" 200 185650
156.59.198.136 - - [05/Jan/2024:17:33:14 -0500] "GET /BLA/resoluciones/RESOLUCIONES%202010/5135.PDF HTTP/1.0" 200 28304
66.220.149.6 - - [05/Jan/2024:17:33:27 -0500] "GET /images/24%20de%20febrero%20Sendero%20guadalupe%202.jpeg HTTP/1.1" 200 70964
52.167.144.228 - - [05/Jan/2024:17:33:28 -0500] "GET /BLA/resoluciones/RESOLUCIONES%202023/1883.pdf HTTP/1.1" 200 373921
156.59.198.135 - - [05/Jan/2024:17:33:39 -0500] "GET /BLA/resoluciones/RESOLUCIONES%202010/4524.pdf HTTP/1.0" 200 369158
156.59.198.136 - - [05/Jan/2024:17:34:03 -0500] "GET /BLA/resoluciones/RESOLUCIONES%202010/2533.pdf HTTP/1.0" 200 490858
156.59.198.135 - - [05/Jan/2024:17:34:27 -0500] "GET /BLA/resoluciones/RESOLUCIONES%202010/5183.pdf HTTP/1.0" 200 1443808
156.59.198.135 - - [05/Jan/2024:17:34:51 -0500] "GET /BLA/resoluciones/RESOLUCIONES%202010/2242.pdf HTTP/1.0" 200 339756
172.22.2.4 - - [05/Jan/2024:17:33:22 -0500] "GET /BLA/boletinlegal/ HTTP/1.1" 200 48892
156.59.198.135 - - [05/Jan/2024:17:35:17 -0500] "GET /BLA/resoluciones/RESOLUCIONES%202010/1765.pdf HTTP/1.0" 200 767998
201.245.192.253 - - [05/Jan/2024:17:35:17 -0500] "POST /kwsrmcab/Wsrmcab HTTP/1.1" 200 40124
201.245.192.253 - - [05/Jan/2024:17:35:20 -0500] "POST /kwsrmcab/Wsrmcab HTTP/1.1" 200 37050
172.22.2.4 - - [05/Jan/2024:17:33:47 -0500] "HEAD /BLA/boletinlegal/ HTTP/1.1" 200 -
216.245.221.92 - - [05/Jan/2024:17:35:40 -0500] "HEAD / HTTP/1.1" 200 -
156.59.198.135 - - [05/Jan/2024:17:35:41 -0500] "GET /BLA/resoluciones/RESOLUCIONES%202010/4128.pdf HTTP/1.0" 200 761831
156.59.198.136 - - [05/Jan/2024:17:36:05 -0500] "GET /BLA/resoluciones/RESOLUCIONES%202010/3687.pdf HTTP/1.0" 200 545703
172.22.2.4 - - [05/Jan/2024:17:34:38 -0500] "GET /BLA/boletinlegal/ HTTP/1.1" 200 52889
156.59.198.135 - - [05/Jan/2024:17:36:30 -0500] "GET /BLA/resoluciones/RESOLUCIONES%202010/4497.pdf HTTP/1.0" 200 654758
156.59.198.135 - - [05/Jan/2024:17:36:54 -0500] "GET /BLA/resoluciones/RESOLUCIONES%202010/4993.pdf HTTP/1.0" 200 746411
172.22.2.4 - - [05/Jan/2024:17:37:04 -0500] "GET /BLA/boletinlegal/actos.php HTTP/1.1" 200 9648
156.59.198.135 - - [05/Jan/2024:17:37:19 -0500] "GET /BLA/resoluciones/RESOLUCIONES%202010/3376.pdf HTTP/1.0" 200 520807
201.245.192.253 - - [05/Jan/2024:17:37:17 -0500] "POST /kwsrmcab/Wsrmcab  HTTP/1.1" 200 36937
172.22.2.4 - - [05/Jan/2024:17:37:20 -0500] "GET /BLA/boletinlegal/Directivas/2018/Directiva%20No.%2025%20del%2027%20de%20diciembre%20de%202018.pdf HTTP/1.1" 304 -
172.22.2.4 - - [05/Jan/2024:17:37:25 -0500] "GET /BLA/boletinlegal/Circulares/2019/.pdf HTTP/1.1" 404 1218
156.59.198.135 - - [05/Jan/2024:17:37:43 -0500] "GET /BLA/resoluciones/RESOLUCIONES%202010/0844.pdf HTTP/1.0" 200 109572
156.59.198.136 - - [05/Jan/2024:17:38:08 -0500] "GET /BLA/resoluciones/RESOLUCIONES%202010/4391.pdf HTTP/1.0" 200 590715
52.167.144.210 - - [05/Jan/2024:17:38:30 -0500] "GET /BLA/resoluciones/AUTOS%202020/2184.pdf HTTP/1.1" 200 358882
156.59.198.136 - - [05/Jan/2024:17:38:32 -0500] "GET /BLA/resoluciones/RESOLUCIONES%202010/4643.pdf HTTP/1.0" 200 104510
156.59.198.136 - - [05/Jan/2024:17:38:56 -0500] "GET /BLA/resoluciones/RESOLUCIONES%202010/3236.pdf HTTP/1.0" 200 756059
156.59.198.135 - - [05/Jan/2024:17:39:21 -0500] "GET /BLA/resoluciones/RESOLUCIONES%202010/5680.pdf HTTP/1.0" 200 301131
201.245.192.253 - - [05/Jan/2024:17:39:28 -0500] "POST /kwsrmcab/Wsrmcab HTTP/1.1" 200 40124
172.22.2.4 - - [05/Jan/2024:17:39:09 -0500] "GET /BLA/boletinlegal/ HTTP/1.1" 200 20427
40.77.167.44 - - [05/Jan/2024:17:39:37 -0500] "GET /BLA/resoluciones/RESOLUCIONES%202023/02247.pdf HTTP/1.1" 200 876277
156.59.198.135 - - [05/Jan/2024:17:39:45 -0500] "GET /BLA/resoluciones/RESOLUCIONES%202010/2802.pdf HTTP/1.0" 200 1532430
156.59.198.136 - - [05/Jan/2024:17:40:09 -0500] "GET /BLA/resoluciones/RESOLUCIONES%202010/4254.pdf HTTP/1.0" 200 630944
201.245.192.253 - - [05/Jan/2024:17:40:10 -0500] "POST /kwsrmcab/Wsrmcab HTTP/1.1" 200 37050
156.59.198.135 - - [05/Jan/2024:17:40:33 -0500] "GET /BLA/resoluciones/RESOLUCIONES%202010/2842.pdf HTTP/1.0" 200 463005
216.245.221.92 - - [05/Jan/2024:17:40:40 -0500] "HEAD / HTTP/1.1" 200 -
156.59.198.136 - - [05/Jan/2024:17:41:00 -0500] "GET /BLA/resoluciones/RESOLUCIONES%202010/5076.pdf HTTP/1.0" 200 763393
172.22.2.4 - - [05/Jan/2024:17:39:37 -0500] "HEAD /BLA/boletinlegal/ HTTP/1.1" 200 -
156.59.198.136 - - [05/Jan/2024:17:41:23 -0500] "GET /BLA/resoluciones/RESOLUCIONES%202010/1932.pdf HTTP/1.0" 200 752470
201.245.192.253 - - [05/Jan/2024:17:41:23 -0500] "POST /sipse/faces/bienvenido.xhtml HTTP/1.1" 200 64133
201.245.192.253 - - [05/Jan/2024:17:41:24 -0500] "GET /sipse/faces/javax.faces.resource/jquery/jquery.js?ln=primefaces&v=4.0 HTTP/1.1" 304 -
201.245.192.253 - - [05/Jan/2024:17:41:24 -0500] "GET /sipse/faces/javax.faces.resource/jquery/jquery-plugins.js?ln=primefaces&v=4.0 HTTP/1.1" 304 -
201.245.192.253 - - [05/Jan/2024:17:41:24 -0500] "GET /sipse/faces/javax.faces.resource/primefaces.js?ln=primefaces&v=4.0 HTTP/1.1" 304 -
201.245.192.253 - - [05/Jan/2024:17:41:25 -0500] "GET /sipse/faces/javax.faces.resource/layout/layout.js?ln=primefaces&v=4.0 HTTP/1.1" 304 -
201.245.192.253 - - [05/Jan/2024:17:41:25 -0500] "POST /sipse/faces/presentacion/financiero/solicitudProceso/listarSolicitudProceso.xhtml HTTP/1.1" 200 1556
201.245.192.253 - - [05/Jan/2024:17:41:26 -0500] "POST /sipse/faces/presentacion/financiero/solicitudProceso/listarSolicitudProceso.xhtml HTTP/1.1" 200 59079
201.245.192.253 - - [05/Jan/2024:17:41:26 -0500] "GET /sipse/faces/javax.faces.resource/jquery/jquery.js?ln=primefaces&v=4.0 HTTP/1.1" 304 -
201.245.192.253 - - [05/Jan/2024:17:41:26 -0500] "GET /sipse/faces/javax.faces.resource/jquery/jquery-plugins.js?ln=primefaces&v=4.0 HTTP/1.1" 304 -
201.245.192.253 - - [05/Jan/2024:17:41:26 -0500] "GET /sipse/faces/javax.faces.resource/primefaces.js?ln=primefaces&v=4.0 HTTP/1.1" 304 -
201.245.192.253 - - [05/Jan/2024:17:41:26 -0500] "GET /sipse/faces/javax.faces.resource/layout/layout.js?ln=primefaces&v=4.0 HTTP/1.1" 304 -
201.245.192.253 - - [05/Jan/2024:17:41:29 -0500] "POST /sipse/faces/presentacion/financiero/solicitudProceso/crearModificarSolicitudProceso.xhtml HTTP/1.1" 200 26674
156.59.198.135 - - [05/Jan/2024:17:41:49 -0500] "GET /BLA/resoluciones/RESOLUCIONES%202010/4467.pdf HTTP/1.0" 200 456957
172.22.2.4 - - [05/Jan/2024:17:40:28 -0500] "GET /BLA/boletinlegal/ HTTP/1.1" 200 58567
201.245.192.253 - - [05/Jan/2024:17:42:10 -0500] "POST /sipse/faces/presentacion/financiero/solicitudProceso/crearModificarSolicitudProceso.xhtml HTTP/1.1" 200 24592
201.245.192.253 - - [05/Jan/2024:17:42:10 -0500] "GET /sipse/faces/javax.faces.resource/layout/layout.css?ln=primefaces&v=4.0 HTTP/1.1" 200 542
201.245.192.253 - - [05/Jan/2024:17:42:10 -0500] "GET /sipse/faces/javax.faces.resource/jquery/jquery-plugins.js?ln=primefaces&v=4.0 HTTP/1.1" 304 -
201.245.192.253 - - [05/Jan/2024:17:42:10 -0500] "GET /sipse/faces/javax.faces.resource/jquery/jquery.js?ln=primefaces&v=4.0 HTTP/1.1" 304 -
201.245.192.253 - - [05/Jan/2024:17:42:10 -0500] "GET /sipse/faces/javax.faces.resource/primefaces.js?ln=primefaces&v=4.0 HTTP/1.1" 304 -
201.245.192.253 - - [05/Jan/2024:17:42:10 -0500] "GET /sipse/faces/javax.faces.resource/layout/layout.js?ln=primefaces&v=4.0 HTTP/1.1" 304 -
201.245.192.253 - - [05/Jan/2024:17:42:10 -0500] "GET /sipse/faces/javax.faces.resource/theme.css?ln=primefaces-sipse HTTP/1.1" 200 50058
201.245.192.253 - - [05/Jan/2024:17:42:10 -0500] "GET /sipse/faces/javax.faces.resource/primefaces.css?ln=primefaces&v=4.0 HTTP/1.1" 200 53295
201.245.192.253 - - [05/Jan/2024:17:42:10 -0500] "GET /sipse/faces/javax.faces.resource/images/ui-icons_898989_256x240.png?ln=primefaces-aristo HTTP/1.1" 200 5355
201.245.192.253 - - [05/Jan/2024:17:42:10 -0500] "GET /favicon.ico HTTP/1.1" 200 7782
40.77.167.254 - - [05/Jan/2024:17:42:11 -0500] "GET /BLA/resoluciones/AUTOS%202020/2131.pdf HTTP/1.1" 200 3308648
156.59.198.135 - - [05/Jan/2024:17:42:12 -0500] "GET /BLA/resoluciones/RESOLUCIONES%202010/3372.pdf HTTP/1.0" 200 508101
201.245.192.253 - - [05/Jan/2024:17:42:16 -0500] "GET /sipse/faces/javax.faces.resource/images/ui-bg_flat_0_2d5972_40x100.png?ln=primefaces-aristo HTTP/1.1" 200 183
201.245.192.253 - - [05/Jan/2024:17:42:16 -0500] "POST /sipse/faces/presentacion/financiero/solicitudProyectoActividad/asociarProyectoSolicitud.xhtml HTTP/1.1" 200 6549
201.245.192.253 - - [05/Jan/2024:17:42:17 -0500] "POST /sipse/faces/presentacion/financiero/solicitudProyectoActividad/asociarProyectoSolicitud.xhtml HTTP/1.1" 200 1696
201.245.192.253 - - [05/Jan/2024:17:42:17 -0500] "POST /sipse/faces/presentacion/financiero/solicitudProyectoActividad/asociarProyectoSolicitud.xhtml HTTP/1.1" 200 42616
201.245.192.253 - - [05/Jan/2024:17:42:18 -0500] "GET /sipse/faces/javax.faces.resource/jquery/jquery.js?ln=primefaces&v=4.0 HTTP/1.1" 304 -
201.245.192.253 - - [05/Jan/2024:17:42:18 -0500] "GET /sipse/faces/javax.faces.resource/jquery/jquery-plugins.js?ln=primefaces&v=4.0 HTTP/1.1" 304 -
201.245.192.253 - - [05/Jan/2024:17:42:18 -0500] "GET /sipse/faces/javax.faces.resource/primefaces.js?ln=primefaces&v=4.0 HTTP/1.1" 304 -
201.245.192.253 - - [05/Jan/2024:17:42:18 -0500] "GET /sipse/faces/javax.faces.resource/layout/layout.js?ln=primefaces&v=4.0 HTTP/1.1" 304 -
201.245.192.253 - - [05/Jan/2024:17:42:17 -0500] "POST /kwsrmcab/Wsrmcab  HTTP/1.1" 200 36937
201.245.192.253 - - [05/Jan/2024:17:42:32 -0500] "POST /sipse/faces/presentacion/financiero/solicitudProyectoActividad/asociarActividadSolicitud.xhtml HTTP/1.1" 200 58960
201.245.192.253 - - [05/Jan/2024:17:42:33 -0500] "GET /sipse/faces/javax.faces.resource/jquery/jquery.js?ln=primefaces&v=4.0 HTTP/1.1" 304 -
201.245.192.253 - - [05/Jan/2024:17:42:33 -0500] "GET /sipse/faces/javax.faces.resource/jquery/jquery-plugins.js?ln=primefaces&v=4.0 HTTP/1.1" 304 -
201.245.192.253 - - [05/Jan/2024:17:42:33 -0500] "GET /sipse/faces/javax.faces.resource/primefaces.js?ln=primefaces&v=4.0 HTTP/1.1" 304 -
201.245.192.253 - - [05/Jan/2024:17:42:33 -0500] "GET /sipse/faces/javax.faces.resource/layout/layout.js?ln=primefaces&v=4.0 HTTP/1.1" 304 -
156.59.198.135 - - [05/Jan/2024:17:42:36 -0500] "GET /BLA/resoluciones/RESOLUCIONES%202010/4652.pdf HTTP/1.0" 200 240177
201.245.192.253 - - [05/Jan/2024:17:42:36 -0500] "POST /sipse/faces/presentacion/financiero/solicitudProceso/crearModificarSolicitudProceso.xhtml HTTP/1.1" 200 44615
201.245.192.253 - - [05/Jan/2024:17:42:38 -0500] "GET /sipse/faces/javax.faces.resource/layout/layout.css?ln=primefaces&v=4.0 HTTP/1.1" 200 542
201.245.192.253 - - [05/Jan/2024:17:42:38 -0500] "GET /sipse/faces/javax.faces.resource/jquery/jquery.js?ln=primefaces&v=4.0 HTTP/1.1" 304 -
201.245.192.253 - - [05/Jan/2024:17:42:38 -0500] "GET /sipse/faces/javax.faces.resource/jquery/jquery-plugins.js?ln=primefaces&v=4.0 HTTP/1.1" 304 -
201.245.192.253 - - [05/Jan/2024:17:42:38 -0500] "GET /sipse/faces/javax.faces.resource/layout/layout.js?ln=primefaces&v=4.0 HTTP/1.1" 304 -
201.245.192.253 - - [05/Jan/2024:17:42:38 -0500] "GET /sipse/faces/javax.faces.resource/primefaces.js?ln=primefaces&v=4.0 HTTP/1.1" 304 -
201.245.192.253 - - [05/Jan/2024:17:42:38 -0500] "GET /sipse/faces/javax.faces.resource/theme.css?ln=primefaces-sipse HTTP/1.1" 200 50058
201.245.192.253 - - [05/Jan/2024:17:42:38 -0500] "GET /sipse/faces/javax.faces.resource/primefaces.css?ln=primefaces&v=4.0 HTTP/1.1" 200 53295
201.245.192.253 - - [05/Jan/2024:17:42:38 -0500] "GET /sipse/faces/javax.faces.resource/images/ui-icons_898989_256x240.png?ln=primefaces-aristo HTTP/1.1" 200 5355
201.245.192.253 - - [05/Jan/2024:17:42:38 -0500] "GET /favicon.ico HTTP/1.1" 200 7782
201.245.192.253 - - [05/Jan/2024:17:42:42 -0500] "GET /sipse/faces/javax.faces.resource/images/ui-bg_flat_0_2d5972_40x100.png?ln=primefaces-aristo HTTP/1.1" 200 183
201.245.192.253 - - [05/Jan/2024:17:42:42 -0500] "POST /sipse/faces/presentacion/financiero/contrato/consultarContratosSolicitudProceso.xhtml HTTP/1.1" 200 62413
201.245.192.253 - - [05/Jan/2024:17:42:54 -0500] "POST /sipse/faces/presentacion/financiero/contrato/consultarContratosSolicitudProceso.xhtml HTTP/1.1" 200 59765
201.245.192.253 - - [05/Jan/2024:17:42:54 -0500] "GET /sipse/faces/javax.faces.resource/jquery/jquery.js?ln=primefaces&v=4.0 HTTP/1.1" 304 -
201.245.192.253 - - [05/Jan/2024:17:42:54 -0500] "GET /sipse/faces/javax.faces.resource/jquery/jquery-plugins.js?ln=primefaces&v=4.0 HTTP/1.1" 304 -
201.245.192.253 - - [05/Jan/2024:17:42:54 -0500] "GET /sipse/faces/javax.faces.resource/primefaces.js?ln=primefaces&v=4.0 HTTP/1.1" 304 -
201.245.192.253 - - [05/Jan/2024:17:42:55 -0500] "GET /sipse/faces/javax.faces.resource/layout/layout.js?ln=primefaces&v=4.0 HTTP/1.1" 304 -
201.245.192.253 - - [05/Jan/2024:17:42:59 -0500] "GET /sipse/faces/javax.faces.resource/jquery/jquery-plugins.js?ln=primefaces&v=4.0 HTTP/1.1" 304 -
201.245.192.253 - - [05/Jan/2024:17:42:59 -0500] "GET /sipse/faces/javax.faces.resource/jquery/jquery.js?ln=primefaces&v=4.0 HTTP/1.1" 304 -
201.245.192.253 - - [05/Jan/2024:17:42:59 -0500] "GET /sipse/faces/javax.faces.resource/layout/layout.css?ln=primefaces&v=4.0 HTTP/1.1" 200 542
201.245.192.253 - - [05/Jan/2024:17:42:58 -0500] "POST /sipse/faces/presentacion/financiero/solicitudProceso/crearModificarSolicitudProceso.xhtml HTTP/1.1" 200 21162
201.245.192.253 - - [05/Jan/2024:17:42:59 -0500] "GET /sipse/faces/javax.faces.resource/primefaces.js?ln=primefaces&v=4.0 HTTP/1.1" 304 -
201.245.192.253 - - [05/Jan/2024:17:42:59 -0500] "GET /sipse/faces/javax.faces.resource/layout/layout.js?ln=primefaces&v=4.0 HTTP/1.1" 304 -
201.245.192.253 - - [05/Jan/2024:17:42:59 -0500] "GET /sipse/faces/javax.faces.resource/fileupload/fileupload.css?ln=primefaces&v=4.0 HTTP/1.1" 200 1330
201.245.192.253 - - [05/Jan/2024:17:42:59 -0500] "GET /sipse/faces/javax.faces.resource/fileupload/fileupload.js?ln=primefaces&v=4.0 HTTP/1.1" 304 -
201.245.192.253 - - [05/Jan/2024:17:42:59 -0500] "GET /sipse/faces/javax.faces.resource/theme.css?ln=primefaces-sipse HTTP/1.1" 200 50058
201.245.192.253 - - [05/Jan/2024:17:42:59 -0500] "GET /sipse/faces/javax.faces.resource/primefaces.css?ln=primefaces&v=4.0 HTTP/1.1" 200 53295
201.245.192.253 - - [05/Jan/2024:17:42:59 -0500] "GET /sipse/faces/javax.faces.resource/images/ui-icons_898989_256x240.png?ln=primefaces-aristo HTTP/1.1" 200 5355
201.245.192.253 - - [05/Jan/2024:17:42:59 -0500] "GET /favicon.ico HTTP/1.1" 200 7782
156.59.198.135 - - [05/Jan/2024:17:43:00 -0500] "GET /BLA/resoluciones/RESOLUCIONES%202010/5265.pdf HTTP/1.0" 200 839154
156.59.198.135 - - [05/Jan/2024:17:43:25 -0500] "GET /BLA/resoluciones/RESOLUCIONES%202010/5091.pdf HTTP/1.0" 200 753895
201.245.192.253 - - [05/Jan/2024:17:43:35 -0500] "POST /sipse/faces/presentacion/sistema/anexos/cargarAnexoSolicitudProceso.xhtml HTTP/1.1" 200 65480
201.245.192.253 - - [05/Jan/2024:17:43:35 -0500] "GET /sipse/faces/javax.faces.resource/theme.css?ln=primefaces-sipse HTTP/1.1" 304 -
201.245.192.253 - - [05/Jan/2024:17:43:35 -0500] "GET /sipse/faces/javax.faces.resource/primefaces.css?ln=primefaces&v=4.0 HTTP/1.1" 304 -
201.245.192.253 - - [05/Jan/2024:17:43:35 -0500] "GET /sipse/faces/javax.faces.resource/jquery/jquery.js?ln=primefaces&v=4.0 HTTP/1.1" 304 -
201.245.192.253 - - [05/Jan/2024:17:43:35 -0500] "GET /sipse/faces/javax.faces.resource/layout/layout.css?ln=primefaces&v=4.0 HTTP/1.1" 304 -
201.245.192.253 - - [05/Jan/2024:17:43:35 -0500] "GET /sipse/faces/javax.faces.resource/jquery/jquery-plugins.js?ln=primefaces&v=4.0 HTTP/1.1" 304 -
201.245.192.253 - - [05/Jan/2024:17:43:35 -0500] "GET /sipse/faces/javax.faces.resource/primefaces.js?ln=primefaces&v=4.0 HTTP/1.1" 304 -
201.245.192.253 - - [05/Jan/2024:17:43:35 -0500] "GET /sipse/faces/javax.faces.resource/layout/layout.js?ln=primefaces&v=4.0 HTTP/1.1" 304 -
201.245.192.253 - - [05/Jan/2024:17:43:35 -0500] "GET /sipse/faces/javax.faces.resource/images/ui-icons_898989_256x240.png?ln=primefaces-aristo HTTP/1.1" 304 -
201.245.192.253 - - [05/Jan/2024:17:43:49 -0500] "POST /sipse/faces/presentacion/financiero/solicitudProceso/crearModificarSolicitudProceso.xhtml HTTP/1.1" 200 21162
201.245.192.253 - - [05/Jan/2024:17:43:49 -0500] "GET /sipse/faces/javax.faces.resource/layout/layout.css?ln=primefaces&v=4.0 HTTP/1.1" 200 542
201.245.192.253 - - [05/Jan/2024:17:43:49 -0500] "GET /sipse/faces/javax.faces.resource/jquery/jquery.js?ln=primefaces&v=4.0 HTTP/1.1" 304 -
201.245.192.253 - - [05/Jan/2024:17:43:49 -0500] "GET /sipse/faces/javax.faces.resource/primefaces.js?ln=primefaces&v=4.0 HTTP/1.1" 304 -
201.245.192.253 - - [05/Jan/2024:17:43:49 -0500] "GET /sipse/faces/javax.faces.resource/jquery/jquery-plugins.js?ln=primefaces&v=4.0 HTTP/1.1" 304 -
201.245.192.253 - - [05/Jan/2024:17:43:49 -0500] "GET /sipse/faces/javax.faces.resource/layout/layout.js?ln=primefaces&v=4.0 HTTP/1.1" 304 -
201.245.192.253 - - [05/Jan/2024:17:43:49 -0500] "GET /sipse/faces/javax.faces.resource/fileupload/fileupload.css?ln=primefaces&v=4.0 HTTP/1.1" 200 1330
201.245.192.253 - - [05/Jan/2024:17:43:49 -0500] "GET /sipse/faces/javax.faces.resource/fileupload/fileupload.js?ln=primefaces&v=4.0 HTTP/1.1" 304 -
201.245.192.253 - - [05/Jan/2024:17:43:49 -0500] "GET /sipse/faces/javax.faces.resource/theme.css?ln=primefaces-sipse HTTP/1.1" 200 50058
201.245.192.253 - - [05/Jan/2024:17:43:49 -0500] "GET /sipse/faces/javax.faces.resource/primefaces.css?ln=primefaces&v=4.0 HTTP/1.1" 200 53295
201.245.192.253 - - [05/Jan/2024:17:43:49 -0500] "GET /sipse/faces/javax.faces.resource/images/ui-icons_898989_256x240.png?ln=primefaces-aristo HTTP/1.1" 200 5355
201.245.192.253 - - [05/Jan/2024:17:43:49 -0500] "GET /favicon.ico HTTP/1.1" 200 7782
156.59.198.135 - - [05/Jan/2024:17:43:50 -0500] "GET /BLA/resoluciones/RESOLUCIONES%202010/1020.pdf HTTP/1.0" 200 114352
