172.22.2.4 - - [05/Jan/2024:13:47:53 -0500] "GET /BLA/boletinlegal/style.css HTTP/1.1" 200 9406
172.22.2.4 - - [05/Jan/2024:13:47:53 -0500] "GET /BLA/boletinlegal/styles2.css HTTP/1.1" 200 1838
172.22.2.4 - - [05/Jan/2024:13:47:53 -0500] "GET /BLA/boletinlegal/niceforms.js HTTP/1.1" 200 22876
172.22.2.4 - - [05/Jan/2024:13:47:53 -0500] "GET /BLA/boletinlegal/js/lib.js HTTP/1.1" 200 6474
172.22.2.4 - - [05/Jan/2024:13:47:53 -0500] "GET /BLA/boletinlegal/js/popup.js HTTP/1.1" 200 1270
172.22.2.4 - - [05/Jan/2024:13:47:53 -0500] "GET /BLA/boletinlegal/js/jquery1.js HTTP/1.1" 200 29846
172.22.2.4 - - [05/Jan/2024:13:47:53 -0500] "GET /BLA/boletinlegal/images/cabezote%20BLEGAL.jpg HTTP/1.1" 200 118164
172.22.2.4 - - [05/Jan/2024:13:47:53 -0500] "GET /BLA/boletinlegal/images/subscribe-icon-big.png HTTP/1.1" 200 47702
172.22.2.4 - - [05/Jan/2024:13:47:53 -0500] "GET /BLA/boletinlegal/images/historia.png HTTP/1.1" 200 52775
172.22.2.4 - - [05/Jan/2024:13:47:53 -0500] "GET /BLA/boletinlegal/images/registro-usuarios.png HTTP/1.1" 200 8106
172.22.2.4 - - [05/Jan/2024:13:47:53 -0500] "GET /BLA/boletinlegal/images/green-yellow-blue-pink-th.png HTTP/1.1" 200 7394
172.22.2.4 - - [05/Jan/2024:13:47:53 -0500] "GET /BLA/boletinlegal/images/icono-email.png HTTP/1.1" 200 5544
172.22.2.4 - - [05/Jan/2024:13:47:53 -0500] "GET /BLA/boletinlegal/images/tel.png HTTP/1.1" 200 14477
172.22.2.4 - - [05/Jan/2024:13:47:53 -0500] "GET /BLA/boletinlegal/images/body_bg.jpg HTTP/1.1" 200 1601
172.22.2.4 - - [05/Jan/2024:13:47:53 -0500] "GET /BLA/boletinlegal/images/menu_lft.gif HTTP/1.1" 200 1713
172.22.2.4 - - [05/Jan/2024:13:47:53 -0500] "GET /BLA/boletinlegal/images/menu_rght.gif HTTP/1.1" 200 1627
172.22.2.4 - - [05/Jan/2024:13:47:53 -0500] "GET /BLA/boletinlegal/images/bg_top.jpg HTTP/1.1" 200 522
172.22.2.4 - - [05/Jan/2024:13:47:53 -0500] "GET /BLA/boletinlegal/images/menu_bg.jpg HTTP/1.1" 200 620
172.22.2.4 - - [05/Jan/2024:13:47:53 -0500] "GET /BLA/boletinlegal/images/hover.jpg HTTP/1.1" 200 640
172.22.2.4 - - [05/Jan/2024:13:47:53 -0500] "GET /BLA/boletinlegal/images/text.jpg HTTP/1.1" 200 568
172.22.2.4 - - [05/Jan/2024:13:47:53 -0500] "GET /BLA/boletinlegal/images/footer_bg.jpg HTTP/1.1" 200 586
172.22.2.4 - - [05/Jan/2024:13:47:53 -0500] "GET /BLA/boletinlegal/images/footer_bg_l.jpg HTTP/1.1" 200 776
172.22.2.4 - - [05/Jan/2024:13:47:53 -0500] "GET /BLA/boletinlegal/img/0.png HTTP/1.1" 200 110
172.22.2.4 - - [05/Jan/2024:13:47:53 -0500] "GET /BLA/boletinlegal/img/select-left.png HTTP/1.1" 200 263
172.22.2.4 - - [05/Jan/2024:13:47:53 -0500] "GET /BLA/boletinlegal/img/select-right.png HTTP/1.1" 200 44019
172.22.2.4 - - [05/Jan/2024:13:47:53 -0500] "GET /BLA/boletinlegal/img/button.png HTTP/1.1" 200 43241
172.22.2.4 - - [05/Jan/2024:13:47:53 -0500] "GET /BLA/boletinlegal/img/button-left.png HTTP/1.1" 200 57071
172.22.2.4 - - [05/Jan/2024:13:47:53 -0500] "GET /BLA/boletinlegal/img/button-right.png HTTP/1.1" 200 57878
172.22.2.4 - - [05/Jan/2024:13:47:53 -0500] "GET /BLA/boletinlegal/favicon.ico HTTP/1.1" 404 1326
172.22.2.4 - - [05/Jan/2024:13:46:18 -0500] "HEAD /BLA/boletinlegal/ HTTP/1.1" 200 -
186.155.16.35 - - [05/Jan/2024:13:48:04 -0500] "GET /BLA/resoluciones/AUTOS%202013/3196.pdf HTTP/1.1" 200 1341014
156.59.198.136 - - [05/Jan/2024:13:48:11 -0500] "GET /BLA/resoluciones/RESOLUCIONES%202010/2085.pdf HTTP/1.0" 200 211053
201.245.192.253 - - [05/Jan/2024:13:48:13 -0500] "POST /kwsrmcab/Wsrmcab  HTTP/1.1" 200 36937
172.22.2.4 - - [05/Jan/2024:13:48:30 -0500] "GET /BLA/boletinlegal/normativa.php HTTP/1.1" 200 8343
172.22.2.4 - - [05/Jan/2024:13:48:30 -0500] "GET /BLA/boletinlegal/js/ajax_normativa.js HTTP/1.1" 200 1154
156.59.198.136 - - [05/Jan/2024:13:48:35 -0500] "GET /BLA/resoluciones/RESOLUCIONES%202010/4735.pdf HTTP/1.0" 200 1100120
172.22.2.4 - - [05/Jan/2024:13:48:44 -0500] "GET /BLA/boletinlegal/consulta_normativa.php?tipo=Resolucion&sector=Aire&ano=2022&resuelve= HTTP/1.1" 200 454
172.22.2.4 - - [05/Jan/2024:13:47:09 -0500] "GET /BLA/boletinlegal/ HTTP/1.1" 200 44124
156.59.198.135 - - [05/Jan/2024:13:48:59 -0500] "GET /BLA/resoluciones/RESOLUCIONES%202010/2068.pdf HTTP/1.0" 200 192111
172.22.2.4 - - [05/Jan/2024:13:47:20 -0500] "GET /BLA/boletinlegal/ HTTP/1.1" 200 44645
172.22.2.4 - - [05/Jan/2024:13:49:07 -0500] "GET /BLA/boletinlegal/consulta_normativa.php?tipo=Resolucion&sector=residuos&ano=2022&resuelve= HTTP/1.1" 200 454
172.22.2.4 - - [05/Jan/2024:13:49:08 -0500] "GET /BLA/boletinlegal/consulta_normativa.php?tipo=Resolucion&sector=residuos&ano=2022&resuelve= HTTP/1.1" 200 454
172.22.2.4 - - [05/Jan/2024:13:49:09 -0500] "GET /BLA/boletinlegal/consulta_normativa.php?tipo=Resolucion&sector=residuos&ano=2022&resuelve= HTTP/1.1" 200 454
52.167.144.182 - - [05/Jan/2024:13:49:12 -0500] "GET /BLA/resoluciones/AUTOS%202020/3533.pdf HTTP/1.1" 200 333715
156.59.198.136 - - [05/Jan/2024:13:49:24 -0500] "GET /BLA/resoluciones/RESOLUCIONES%202010/1038.pdf HTTP/1.0" 200 96687
172.22.2.4 - - [05/Jan/2024:13:49:26 -0500] "GET /BLA/boletinlegal/consulta_normativa.php?tipo=Resolucion&sector=residuos&ano=2021&resuelve= HTTP/1.1" 200 454
201.245.192.253 - - [05/Jan/2024:13:49:34 -0500] "GET /sipse/faces/index.xhtml HTTP/1.1" 200 677
201.245.192.253 - - [05/Jan/2024:13:49:34 -0500] "GET /sipse/faces/javax.faces.resource/theme.css?ln=primefaces-sipse HTTP/1.1" 200 50058
201.245.192.253 - - [05/Jan/2024:13:49:34 -0500] "GET /sipse/faces/faces/autenticacion.xhtml HTTP/1.1" 200 12402
201.245.192.253 - - [05/Jan/2024:13:49:34 -0500] "GET /sipse/js/disable_browser_buttons.js HTTP/1.1" 200 3230
201.245.192.253 - - [05/Jan/2024:13:49:34 -0500] "GET /sipse/js/funciones.js HTTP/1.1" 200 12592
201.245.192.253 - - [05/Jan/2024:13:49:34 -0500] "GET /sipse/css/custom_css_sg_prime_login.css HTTP/1.1" 200 443
201.245.192.253 - - [05/Jan/2024:13:49:34 -0500] "GET /sipse/css/custom_css_sg.css HTTP/1.1" 200 9694
201.245.192.253 - - [05/Jan/2024:13:49:34 -0500] "GET /sipse/faces/javax.faces.resource/layout/layout.css?ln=primefaces&v=4.0 HTTP/1.1" 200 542
201.245.192.253 - - [05/Jan/2024:13:49:34 -0500] "GET /sipse/faces/javax.faces.resource/theme.css?ln=primefaces-sipse HTTP/1.1" 304 -
201.245.192.253 - - [05/Jan/2024:13:49:34 -0500] "GET /sipse/faces/javax.faces.resource/jquery/jquery.js?ln=primefaces&v=4.0 HTTP/1.1" 304 -
201.245.192.253 - - [05/Jan/2024:13:49:34 -0500] "GET /sipse/faces/javax.faces.resource/jquery/jquery-plugins.js?ln=primefaces&v=4.0 HTTP/1.1" 304 -
201.245.192.253 - - [05/Jan/2024:13:49:34 -0500] "GET /sipse/faces/javax.faces.resource/primefaces.js?ln=primefaces&v=4.0 HTTP/1.1" 304 -
201.245.192.253 - - [05/Jan/2024:13:49:34 -0500] "GET /sipse/faces/javax.faces.resource/layout/layout.js?ln=primefaces&v=4.0 HTTP/1.1" 304 -
201.245.192.253 - - [05/Jan/2024:13:49:34 -0500] "GET /sipse/faces/javax.faces.resource/primefaces.css?ln=primefaces&v=4.0 HTTP/1.1" 200 53295
201.245.192.253 - - [05/Jan/2024:13:49:34 -0500] "GET /sipse/faces/javax.faces.resource/images/ui-icons_898989_256x240.png?ln=primefaces-aristo HTTP/1.1" 200 5355
201.245.192.253 - - [05/Jan/2024:13:49:34 -0500] "GET /sipse/css/imagen/logoSDG.png HTTP/1.1" 200 53064
201.245.192.253 - - [05/Jan/2024:13:49:34 -0500] "GET /sipse/css/imagen/loginimg.png HTTP/1.1" 200 71635
201.245.192.253 - - [05/Jan/2024:13:49:38 -0500] "POST /sipse/faces/autenticacion.xhtml HTTP/1.1" 200 11968
201.245.192.253 - - [05/Jan/2024:13:49:39 -0500] "GET /sipse/css/custom_css_sg_prime.css HTTP/1.1" 200 5201
201.245.192.253 - - [05/Jan/2024:13:49:39 -0500] "GET /sipse/faces/javax.faces.resource/jquery/jquery.js?ln=primefaces&v=4.0 HTTP/1.1" 304 -
201.245.192.253 - - [05/Jan/2024:13:49:39 -0500] "GET /sipse/faces/javax.faces.resource/jquery/jquery-plugins.js?ln=primefaces&v=4.0 HTTP/1.1" 304 -
201.245.192.253 - - [05/Jan/2024:13:49:39 -0500] "GET /sipse/faces/javax.faces.resource/primefaces.js?ln=primefaces&v=4.0 HTTP/1.1" 304 -
201.245.192.253 - - [05/Jan/2024:13:49:39 -0500] "GET /sipse/faces/javax.faces.resource/layout/layout.js?ln=primefaces&v=4.0 HTTP/1.1" 304 -
201.245.192.253 - - [05/Jan/2024:13:49:39 -0500] "GET /sipse/faces/javax.faces.resource/messages/messages.png?ln=primefaces&v=4.0 HTTP/1.1" 200 27209
172.22.2.4 - - [05/Jan/2024:13:49:40 -0500] "GET /BLA/boletinlegal/consulta_normativa.php?tipo=Decreto&sector=residuos&ano=2021&resuelve= HTTP/1.1" 200 454
201.245.192.253 - - [05/Jan/2024:13:49:42 -0500] "POST /sipse/faces/presentacion/sistema/seguridad/seleccionRol.xhtml HTTP/1.1" 200 6403
201.245.192.253 - - [05/Jan/2024:13:49:43 -0500] "POST /sipse/faces/presentacion/sistema/seguridad/seleccionRol.xhtml HTTP/1.1" 200 18830
201.245.192.253 - - [05/Jan/2024:13:49:43 -0500] "GET /sipse/js/jquery.min.js HTTP/1.1" 200 85582
201.245.192.253 - - [05/Jan/2024:13:49:43 -0500] "GET /sipse/faces/javax.faces.resource/jquery/jquery.js?ln=primefaces&v=4.0 HTTP/1.1" 304 -
201.245.192.253 - - [05/Jan/2024:13:49:43 -0500] "GET /sipse/faces/javax.faces.resource/jquery/jquery-plugins.js?ln=primefaces&v=4.0 HTTP/1.1" 304 -
201.245.192.253 - - [05/Jan/2024:13:49:43 -0500] "GET /sipse/faces/javax.faces.resource/primefaces.js?ln=primefaces&v=4.0 HTTP/1.1" 304 -
201.245.192.253 - - [05/Jan/2024:13:49:43 -0500] "GET /sipse/faces/javax.faces.resource/layout/layout.js?ln=primefaces&v=4.0 HTTP/1.1" 304 -
201.245.192.253 - - [05/Jan/2024:13:49:43 -0500] "GET /sipse/css/v_mergente.css HTTP/1.1" 200 1505
201.245.192.253 - - [05/Jan/2024:13:49:43 -0500] "GET /sipse/imagenes/cargando.gif HTTP/1.1" 200 36959
201.245.192.253 - - [05/Jan/2024:13:49:43 -0500] "GET /sipse/css/imagen/contrasena.png HTTP/1.1" 404 383
201.245.192.253 - - [05/Jan/2024:13:49:43 -0500] "GET /sipse/imagenes/logoAplicacion.jpg HTTP/1.1" 200 155084
172.22.2.4 - - [05/Jan/2024:13:49:45 -0500] "GET /BLA/boletinlegal/consulta_normativa.php?tipo=Decreto&sector=residuos&ano=2022&resuelve= HTTP/1.1" 200 454
172.22.2.4 - - [05/Jan/2024:13:49:46 -0500] "GET /BLA/boletinlegal/consulta_normativa.php?tipo=Decreto&sector=residuos&ano=2022&resuelve= HTTP/1.1" 200 454
172.22.2.4 - - [05/Jan/2024:13:49:46 -0500] "GET /BLA/boletinlegal/consulta_normativa.php?tipo=Decreto&sector=residuos&ano=2022&resuelve= HTTP/1.1" 200 454
156.59.198.135 - - [05/Jan/2024:13:49:49 -0500] "GET /BLA/resoluciones/RESOLUCIONES%202010/4117.pdf HTTP/1.0" 200 758147
201.245.192.253 - - [05/Jan/2024:13:50:03 -0500] "GET /sipse/faces/javax.faces.resource/images/ui-bg_flat_0_2d5972_40x100.png?ln=primefaces-aristo HTTP/1.1" 200 183
201.245.192.253 - - [05/Jan/2024:13:50:03 -0500] "POST /sipse/faces/bienvenido.xhtml HTTP/1.1" 200 2652
201.245.192.253 - - [05/Jan/2024:13:50:03 -0500] "POST /sipse/faces/bienvenido.xhtml HTTP/1.1" 200 35622
201.245.192.253 - - [05/Jan/2024:13:50:03 -0500] "GET /sipse/faces/javax.faces.resource/jquery/jquery.js?ln=primefaces&v=4.0 HTTP/1.1" 304 -
201.245.192.253 - - [05/Jan/2024:13:50:03 -0500] "GET /sipse/faces/javax.faces.resource/jquery/jquery-plugins.js?ln=primefaces&v=4.0 HTTP/1.1" 304 -
201.245.192.253 - - [05/Jan/2024:13:50:04 -0500] "GET /sipse/faces/javax.faces.resource/primefaces.js?ln=primefaces&v=4.0 HTTP/1.1" 304 -
201.245.192.253 - - [05/Jan/2024:13:50:04 -0500] "GET /sipse/faces/javax.faces.resource/layout/layout.js?ln=primefaces&v=4.0 HTTP/1.1" 304 -
201.245.192.253 - - [05/Jan/2024:13:50:07 -0500] "POST /sipse/faces/presentacion/contratacion/contrato/listarContrato.xhtml HTTP/1.1" 200 10862
201.245.192.253 - - [05/Jan/2024:13:50:09 -0500] "POST /sipse/faces/presentacion/contratacion/contrato/listarContrato.xhtml HTTP/1.1" 200 113654
201.245.192.253 - - [05/Jan/2024:13:50:09 -0500] "GET /sipse/faces/javax.faces.resource/jquery/jquery.js?ln=primefaces&v=4.0 HTTP/1.1" 304 -
201.245.192.253 - - [05/Jan/2024:13:50:09 -0500] "GET /sipse/faces/javax.faces.resource/jquery/jquery-plugins.js?ln=primefaces&v=4.0 HTTP/1.1" 304 -
201.245.192.253 - - [05/Jan/2024:13:50:10 -0500] "GET /sipse/faces/javax.faces.resource/primefaces.js?ln=primefaces&v=4.0 HTTP/1.1" 304 -
201.245.192.253 - - [05/Jan/2024:13:50:10 -0500] "GET /sipse/faces/javax.faces.resource/layout/layout.js?ln=primefaces&v=4.0 HTTP/1.1" 304 -
156.59.198.136 - - [05/Jan/2024:13:50:14 -0500] "GET /BLA/resoluciones/RESOLUCIONES%202010/2094.pdf HTTP/1.0" 200 449434
186.87.101.100 - - [05/Jan/2024:13:50:35 -0500] "GET /appsia/controlador HTTP/1.1" 200 4799
186.87.101.100 - - [05/Jan/2024:13:50:35 -0500] "GET /appsia/css/estilos.css HTTP/1.1" 200 4804
186.87.101.100 - - [05/Jan/2024:13:50:35 -0500] "GET /appsia/scripts/validarIngreso.js HTTP/1.1" 200 851
186.87.101.100 - - [05/Jan/2024:13:50:35 -0500] "GET /appsia/images/cabezoteHojaVida.png HTTP/1.1" 200 32493
186.87.101.100 - - [05/Jan/2024:13:50:35 -0500] "GET /appsia/images/logo_bogota_p.png HTTP/1.1" 200 14951
186.87.101.100 - - [05/Jan/2024:13:50:36 -0500] "GET /favicon.ico HTTP/1.1" 200 7782
156.59.198.136 - - [05/Jan/2024:13:50:38 -0500] "GET /BLA/resoluciones/RESOLUCIONES%202010/5681.pdf HTTP/1.0" 200 66569
186.87.101.100 - - [05/Jan/2024:13:50:40 -0500] "POST /appsia/controlador HTTP/1.1" 200 5437
216.245.221.92 - - [05/Jan/2024:13:50:41 -0500] "HEAD / HTTP/1.1" 200 -
186.87.101.100 - - [05/Jan/2024:13:50:44 -0500] "POST /appsia/controlador HTTP/1.1" 200 7791
186.87.101.100 - - [05/Jan/2024:13:50:47 -0500] "POST /appsia/controlador HTTP/1.1" 200 5250
186.87.101.100 - - [05/Jan/2024:13:50:51 -0500] "GET /appsia/controlador?comando=ingresarMenuPrincipal&id=53010555&funcionario=BEATRIZ+EUGENIA+CARDONA+ARTEAGA&desde=53010555&hasta=53010555&version=53010555&accion=Regresar HTTP/1.1" 200 5437
186.87.101.100 - - [05/Jan/2024:13:50:54 -0500] "POST /appsia/controlador HTTP/1.1" 200 7791
156.59.198.135 - - [05/Jan/2024:13:51:02 -0500] "GET /BLA/resoluciones/RESOLUCIONES%202010/0869.pdf HTTP/1.0" 200 434391
186.87.101.100 - - [05/Jan/2024:13:51:08 -0500] "POST /appsia/controlador HTTP/1.1" 200 6656
186.87.101.100 - - [05/Jan/2024:13:51:11 -0500] "POST /appsia/controlador HTTP/1.1" 200 10947
185.224.128.191 - - [05/Jan/2024:13:51:20 -0500] "GET / HTTP/1.1" 200 319
156.59.198.135 - - [05/Jan/2024:13:51:28 -0500] "GET /BLA/resoluciones/RESOLUCIONES%202010/3311.pdf HTTP/1.0" 200 239415
52.167.144.182 - - [05/Jan/2024:13:51:33 -0500] "GET /BLA/resoluciones/AUTOS%202020/3630.pdf HTTP/1.1" 200 448100
190.90.132.140 - - [05/Jan/2024:13:51:34 -0500] "POST /sipse/faces/presentacion/financiero/solicitudProceso/consultarSolicitudProceso.xhtml HTTP/1.1" 200 43686
190.90.132.140 - - [05/Jan/2024:13:51:34 -0500] "GET /sipse/faces/javax.faces.resource/jquery/jquery.js?ln=primefaces&v=4.0 HTTP/1.1" 304 -
190.90.132.140 - - [05/Jan/2024:13:51:34 -0500] "GET /sipse/faces/javax.faces.resource/jquery/jquery-plugins.js?ln=primefaces&v=4.0 HTTP/1.1" 304 -
190.90.132.140 - - [05/Jan/2024:13:51:34 -0500] "GET /sipse/faces/javax.faces.resource/primefaces.js?ln=primefaces&v=4.0 HTTP/1.1" 304 -
190.90.132.140 - - [05/Jan/2024:13:51:34 -0500] "GET /sipse/faces/javax.faces.resource/layout/layout.js?ln=primefaces&v=4.0 HTTP/1.1" 304 -
190.90.132.140 - - [05/Jan/2024:13:51:34 -0500] "POST /sipse/faces/presentacion/financiero/solicitudProceso/consultar.xhtml HTTP/1.1" 200 37053
190.90.132.140 - - [05/Jan/2024:13:51:35 -0500] "POST /sipse/faces/presentacion/financiero/solicitudProceso/consultar.xhtml HTTP/1.1" 200 37053
190.90.132.140 - - [05/Jan/2024:13:51:35 -0500] "POST /sipse/faces/presentacion/financiero/solicitudProceso/consultar.xhtml HTTP/1.1" 200 37053
190.90.132.140 - - [05/Jan/2024:13:51:38 -0500] "POST /sipse/faces/presentacion/financiero/solicitudProceso/consultar.xhtml HTTP/1.1" 200 12803
190.90.132.140 - - [05/Jan/2024:13:51:41 -0500] "POST /sipse/faces/presentacion/financiero/solicitudProceso/consultar.xhtml HTTP/1.1" 200 152568
190.90.132.140 - - [05/Jan/2024:13:51:41 -0500] "GET /sipse/faces/javax.faces.resource/jquery/jquery.js?ln=primefaces&v=4.0 HTTP/1.1" 304 -
190.90.132.140 - - [05/Jan/2024:13:51:41 -0500] "GET /sipse/faces/javax.faces.resource/jquery/jquery-plugins.js?ln=primefaces&v=4.0 HTTP/1.1" 304 -
190.90.132.140 - - [05/Jan/2024:13:51:41 -0500] "GET /sipse/faces/javax.faces.resource/primefaces.js?ln=primefaces&v=4.0 HTTP/1.1" 304 -
190.90.132.140 - - [05/Jan/2024:13:51:42 -0500] "GET /sipse/faces/javax.faces.resource/layout/layout.js?ln=primefaces&v=4.0 HTTP/1.1" 304 -
190.90.132.140 - - [05/Jan/2024:13:51:45 -0500] "POST /sipse/faces/presentacion/financiero/solicitudProceso/consultarSolicitudProceso.xhtml HTTP/1.1" 200 43798
190.90.132.140 - - [05/Jan/2024:13:51:45 -0500] "GET /sipse/faces/javax.faces.resource/jquery/jquery.js?ln=primefaces&v=4.0 HTTP/1.1" 304 -
190.90.132.140 - - [05/Jan/2024:13:51:45 -0500] "GET /sipse/faces/javax.faces.resource/jquery/jquery-plugins.js?ln=primefaces&v=4.0 HTTP/1.1" 304 -
190.90.132.140 - - [05/Jan/2024:13:51:45 -0500] "GET /sipse/faces/javax.faces.resource/primefaces.js?ln=primefaces&v=4.0 HTTP/1.1" 304 -
190.90.132.140 - - [05/Jan/2024:13:51:45 -0500] "GET /sipse/faces/javax.faces.resource/layout/layout.js?ln=primefaces&v=4.0 HTTP/1.1" 304 -
190.90.132.140 - - [05/Jan/2024:13:51:46 -0500] "POST /sipse/faces/presentacion/financiero/solicitudProceso/consultar.xhtml HTTP/1.1" 200 37165
190.90.132.140 - - [05/Jan/2024:13:51:46 -0500] "POST /sipse/faces/presentacion/financiero/solicitudProceso/consultar.xhtml HTTP/1.1" 200 37165
190.90.132.140 - - [05/Jan/2024:13:51:46 -0500] "POST /sipse/faces/presentacion/financiero/solicitudProceso/consultar.xhtml HTTP/1.1" 200 37165
190.90.132.140 - - [05/Jan/2024:13:51:47 -0500] "POST /sipse/faces/presentacion/financiero/solicitudProceso/consultar.xhtml HTTP/1.1" 200 37165
190.90.132.140 - - [05/Jan/2024:13:51:47 -0500] "POST /sipse/faces/presentacion/financiero/solicitudProceso/consultar.xhtml HTTP/1.1" 200 37165
156.59.198.136 - - [05/Jan/2024:13:51:52 -0500] "GET /BLA/resoluciones/RESOLUCIONES%202010/3172.pdf HTTP/1.0" 200 491535
190.90.132.140 - - [05/Jan/2024:13:51:55 -0500] "POST /sipse/faces/presentacion/financiero/solicitudProceso/consultar.xhtml HTTP/1.1" 200 12743
190.90.132.140 - - [05/Jan/2024:13:52:00 -0500] "POST /sipse/faces/presentacion/financiero/solicitudProceso/consultar.xhtml HTTP/1.1" 200 119867
190.90.132.140 - - [05/Jan/2024:13:52:01 -0500] "GET /sipse/faces/javax.faces.resource/jquery/jquery.js?ln=primefaces&v=4.0 HTTP/1.1" 304 -
190.90.132.140 - - [05/Jan/2024:13:52:01 -0500] "GET /sipse/faces/javax.faces.resource/jquery/jquery-plugins.js?ln=primefaces&v=4.0 HTTP/1.1" 304 -
190.90.132.140 - - [05/Jan/2024:13:52:01 -0500] "GET /sipse/faces/javax.faces.resource/primefaces.js?ln=primefaces&v=4.0 HTTP/1.1" 304 -
190.90.132.140 - - [05/Jan/2024:13:52:01 -0500] "GET /sipse/faces/javax.faces.resource/layout/layout.js?ln=primefaces&v=4.0 HTTP/1.1" 304 -
190.90.132.140 - - [05/Jan/2024:13:52:14 -0500] "POST /sipse/faces/presentacion/financiero/solicitudProceso/consultarSolicitudProceso.xhtml HTTP/1.1" 200 1161892
156.59.198.135 - - [05/Jan/2024:13:52:16 -0500] "GET /BLA/resoluciones/RESOLUCIONES%202010/3893.pdf HTTP/1.0" 200 829141
156.59.198.135 - - [05/Jan/2024:13:52:41 -0500] "GET /BLA/resoluciones/RESOLUCIONES%202010/5732.pdf HTTP/1.0" 200 94208
156.59.198.135 - - [05/Jan/2024:13:53:04 -0500] "GET /BLA/resoluciones/RESOLUCIONES%202010/5553.pdf HTTP/1.0" 200 398170
201.245.192.253 - - [05/Jan/2024:13:53:10 -0500] "POST /kwsrmcab/Wsrmcab  HTTP/1.1" 200 36937
40.77.167.8 - - [05/Jan/2024:13:53:27 -0500] "GET /BLA/resoluciones/AUTOS%202020/3760.pdf HTTP/1.1" 200 1237866
156.59.198.135 - - [05/Jan/2024:13:53:29 -0500] "GET /BLA/resoluciones/RESOLUCIONES%202010/2352.pdf HTTP/1.0" 200 480749
172.22.2.4 - - [05/Jan/2024:13:52:08 -0500] "HEAD /BLA/boletinlegal/ HTTP/1.1" 200 -
156.59.198.136 - - [05/Jan/2024:13:53:53 -0500] "GET /BLA/resoluciones/RESOLUCIONES%202010/4805.pdf HTTP/1.0" 200 379200
156.59.198.136 - - [05/Jan/2024:13:54:19 -0500] "GET /BLA/resoluciones/RESOLUCIONES%202010/3143.pdf HTTP/1.0" 200 99683
172.22.2.4 - - [05/Jan/2024:13:52:59 -0500] "GET /BLA/boletinlegal/ HTTP/1.1" 200 58567
45.13.119.147 - - [05/Jan/2024:13:54:30 -0500] "POST /boaform/admin/formLogin HTTP/1.1" 404 1186
156.59.198.136 - - [05/Jan/2024:13:54:42 -0500] "GET /BLA/resoluciones/RESOLUCIONES%202010/4239.pdf HTTP/1.0" 200 754487
156.59.198.136 - - [05/Jan/2024:13:55:06 -0500] "GET /BLA/resoluciones/RESOLUCIONES%202010/4357.pdf HTTP/1.0" 200 501475
156.59.198.135 - - [05/Jan/2024:13:55:31 -0500] "GET /BLA/resoluciones/RESOLUCIONES%202010/3154.pdf HTTP/1.0" 200 347894
216.245.221.92 - - [05/Jan/2024:13:55:41 -0500] "HEAD / HTTP/1.1" 200 -
156.59.198.136 - - [05/Jan/2024:13:55:56 -0500] "GET /BLA/resoluciones/RESOLUCIONES%202010/3866.pdf HTTP/1.0" 200 909592
52.167.144.161 - - [05/Jan/2024:13:56:07 -0500] "GET /BLA/resoluciones/AUTOS%202020/0556.pdf HTTP/1.1" 200 363690
156.59.198.136 - - [05/Jan/2024:13:56:21 -0500] "GET /BLA/resoluciones/RESOLUCIONES%202010/1802.pdf HTTP/1.0" 200 349246
156.59.198.136 - - [05/Jan/2024:13:56:45 -0500] "GET /BLA/resoluciones/RESOLUCIONES%202010/5767.pdf HTTP/1.0" 200 81265
156.59.198.136 - - [05/Jan/2024:13:57:10 -0500] "GET /BLA/resoluciones/RESOLUCIONES%202010/2182.pdf HTTP/1.0" 200 495239
8.242.126.238 - - [05/Jan/2024:13:57:31 -0500] "GET /distrito-exalto-a-246-empresas-de-bogota-por-su-alto-desempeno-y-responsabilidad-ambiental-durante-2023.html HTTP/1.1" 200 1039
156.59.198.136 - - [05/Jan/2024:13:57:34 -0500] "GET /BLA/resoluciones/RESOLUCIONES%202010/3476.pdf HTTP/1.0" 200 520617
156.59.198.135 - - [05/Jan/2024:13:57:59 -0500] "GET /BLA/resoluciones/RESOLUCIONES%202010/1723.pdf HTTP/1.0" 200 409426
190.158.212.105 - - [05/Jan/2024:13:58:04 -0500] "GET /appsia/controlador HTTP/1.1" 200 4799
190.158.212.105 - - [05/Jan/2024:13:58:06 -0500] "GET /appsia/css/estilos.css HTTP/1.1" 200 4804
190.158.212.105 - - [05/Jan/2024:13:58:06 -0500] "GET /appsia/scripts/validarIngreso.js HTTP/1.1" 200 851
190.158.212.105 - - [05/Jan/2024:13:58:08 -0500] "GET /favicon.ico HTTP/1.1" 200 7782
201.245.192.253 - - [05/Jan/2024:13:58:09 -0500] "POST /kwsrmcab/Wsrmcab  HTTP/1.1" 200 36937
190.158.212.105 - - [05/Jan/2024:13:58:15 -0500] "GET /appsia/images/cabezoteHojaVida.png HTTP/1.1" 200 32493
190.158.212.105 - - [05/Jan/2024:13:58:15 -0500] "GET /appsia/images/logo_bogota_p.png HTTP/1.1" 200 14951
156.59.198.136 - - [05/Jan/2024:13:58:23 -0500] "GET /BLA/resoluciones/RESOLUCIONES%202010/5560.pdf HTTP/1.0" 200 498773
190.158.212.105 - - [05/Jan/2024:13:58:40 -0500] "POST /appsia/controlador HTTP/1.1" 200 3599
190.158.212.105 - - [05/Jan/2024:13:58:41 -0500] "GET /appsia/jscripts/validarSolicitud.js HTTP/1.1" 404 68
156.59.198.135 - - [05/Jan/2024:13:58:47 -0500] "GET /BLA/resoluciones/RESOLUCIONES%202010/2990.pdf HTTP/1.0" 200 668356
190.158.212.105 - - [05/Jan/2024:13:58:51 -0500] "POST /appsia/controlador HTTP/1.1" 200 4799
156.59.198.136 - - [05/Jan/2024:13:59:12 -0500] "GET /BLA/resoluciones/RESOLUCIONES%202010/2187.pdf HTTP/1.0" 200 492419
190.158.212.105 - - [05/Jan/2024:13:59:12 -0500] "POST /appsia/controlador HTTP/1.1" 200 5437
190.158.212.105 - - [05/Jan/2024:13:59:17 -0500] "POST /appsia/controlador HTTP/1.1" 200 7734
190.158.212.105 - - [05/Jan/2024:13:59:18 -0500] "GET /appsia/images/logo_escudo.png HTTP/1.1" 200 36965
186.30.155.161 - - [05/Jan/2024:13:59:32 -0500] "GET /kwssiamovil/sm/acme/u?s=U2FsdGVkX180026y9v1mVVcf0PcfZoOq3G8qWNhBscUE7/fgoCW6FkqoSjrpIa88IEZgDrUdk4kBuk8BoZFKFI78vt6QqSi8WYJtCb2YRq18JoyrJp9p0lFq0Y3S969vWztFoAjbf0szcdO0gtW9HmRp6e5k3So22vPsJCNNG1w=&u=U2FsdGVkX18ESyMNxQP5vfCDEdsgZ0AqBTolDK8jnUialihKfRxaWDG5CMi39bKs&y=U2FsdGVkX1+UdLfdQyCqEGCap6HBW5LzjU6i58ShGg8jLazkHzgwC5hI/plMm4m+ HTTP/1.1" 200 60
156.59.198.135 - - [05/Jan/2024:13:59:35 -0500] "GET /BLA/resoluciones/RESOLUCIONES%202010/4856.pdf HTTP/1.0" 200 759529
172.22.2.4 - - [05/Jan/2024:13:57:58 -0500] "HEAD /BLA/boletinlegal/ HTTP/1.1" 200 -
156.59.198.136 - - [05/Jan/2024:14:00:00 -0500] "GET /BLA/resoluciones/RESOLUCIONES%202010/2526.pdf HTTP/1.0" 200 476401
52.167.144.211 - - [05/Jan/2024:14:00:19 -0500] "GET / HTTP/1.1" 200 4720
20.110.58.60 - - [05/Jan/2024:14:00:19 -0500] "GET / HTTP/1.1" 200 4720
40.77.167.25 - - [05/Jan/2024:14:00:20 -0500] "GET /favicon.ico HTTP/1.1" 404 1034
20.110.58.60 - - [05/Jan/2024:14:00:20 -0500] "GET /favicon.ico HTTP/1.1" 404 1034
52.167.144.211 - - [05/Jan/2024:14:00:21 -0500] "GET / HTTP/1.1" 200 4720
20.110.58.60 - - [05/Jan/2024:14:00:21 -0500] "GET / HTTP/1.1" 200 4720
40.77.167.25 - - [05/Jan/2024:14:00:22 -0500] "GET /favicon.ico HTTP/1.1" 404 1034
156.59.198.136 - - [05/Jan/2024:14:00:24 -0500] "GET /BLA/resoluciones/RESOLUCIONES%202010/4364.pdf HTTP/1.0" 200 492573
172.22.2.4 - - [05/Jan/2024:13:58:48 -0500] "GET /BLA/boletinlegal/ HTTP/1.1" 200 60910
181.78.79.131 - - [05/Jan/2024:14:00:31 -0500] "POST /kwsrmcab/Wsrmcab HTTP/1.1" 200 34972
216.245.221.92 - - [05/Jan/2024:14:00:41 -0500] "HEAD / HTTP/1.1" 200 -
156.59.198.136 - - [05/Jan/2024:14:00:49 -0500] "GET /BLA/resoluciones/RESOLUCIONES%202010/4212.pdf HTTP/1.0" 200 763073
181.225.101.131 - - [05/Jan/2024:14:00:52 -0500] "-" 408 -
181.78.79.131 - - [05/Jan/2024:14:00:54 -0500] "POST /kwsrmcab/Wsrmcab HTTP/1.1" 200 34812
112.17.115.184 - - [05/Jan/2024:14:01:04 -0500] "GET / HTTP/1.1" 200 319
156.59.198.135 - - [05/Jan/2024:14:01:13 -0500] "GET /BLA/resoluciones/RESOLUCIONES%202010/2523.pdf HTTP/1.0" 200 397095
156.59.198.136 - - [05/Jan/2024:14:01:38 -0500] "GET /BLA/resoluciones/RESOLUCIONES%202010/5598.pdf HTTP/1.0" 200 351654
190.158.212.105 - - [05/Jan/2024:14:01:47 -0500] "POST /appsia/controlador HTTP/1.1" 200 5437
156.59.198.136 - - [05/Jan/2024:14:02:02 -0500] "GET /BLA/resoluciones/RESOLUCIONES%202010/2532.pdf HTTP/1.0" 200 497795
156.59.198.136 - - [05/Jan/2024:14:02:26 -0500] "GET /BLA/resoluciones/RESOLUCIONES%202010/5220.pdf HTTP/1.0" 200 786961
156.59.198.135 - - [05/Jan/2024:14:02:50 -0500] "GET /BLA/resoluciones/RESOLUCIONES%202010/5877.pdf HTTP/1.0" 200 196616
52.167.144.161 - - [05/Jan/2024:14:02:57 -0500] "GET /BLA/resoluciones/AUTOS%202020/2557.pdf HTTP/1.1" 200 2418578
201.245.192.253 - - [05/Jan/2024:14:03:08 -0500] "POST /kwsrmcab/Wsrmcab  HTTP/1.1" 200 36937
156.59.198.136 - - [05/Jan/2024:14:03:15 -0500] "GET /BLA/resoluciones/RESOLUCIONES%202010/1763.pdf HTTP/1.0" 200 655422
190.158.212.105 - - [05/Jan/2024:14:03:24 -0500] "POST /appsia/controlador HTTP/1.1" 200 7734
156.59.198.135 - - [05/Jan/2024:14:03:39 -0500] "GET /BLA/resoluciones/RESOLUCIONES%202010/4831.pdf HTTP/1.0" 200 748885
156.59.198.136 - - [05/Jan/2024:14:04:03 -0500] "GET /BLA/resoluciones/RESOLUCIONES%202010/3165.pdf HTTP/1.0" 200 361886
156.59.198.136 - - [05/Jan/2024:14:04:28 -0500] "GET /BLA/resoluciones/RESOLUCIONES%202010/3188.pdf HTTP/1.0" 200 751175
156.59.198.135 - - [05/Jan/2024:14:04:51 -0500] "GET /BLA/resoluciones/RESOLUCIONES%202010/2028.pdf HTTP/1.0" 200 340994
156.59.198.136 - - [05/Jan/2024:14:05:16 -0500] "GET /BLA/resoluciones/RESOLUCIONES%202010/1930.pdf HTTP/1.0" 200 724124
172.22.2.4 - - [05/Jan/2024:14:03:48 -0500] "HEAD /BLA/boletinlegal/ HTTP/1.1" 200 -
156.59.198.135 - - [05/Jan/2024:14:05:40 -0500] "GET /BLA/resoluciones/RESOLUCIONES%202010/5272.pdf HTTP/1.0" 200 694957
216.245.221.92 - - [05/Jan/2024:14:05:41 -0500] "HEAD / HTTP/1.1" 200 -
156.59.198.135 - - [05/Jan/2024:14:06:05 -0500] "GET /BLA/resoluciones/RESOLUCIONES%202010/4285.pdf HTTP/1.0" 200 793028
172.22.2.4 - - [05/Jan/2024:14:04:38 -0500] "GET /BLA/boletinlegal/ HTTP/1.1" 200 58567
156.59.198.135 - - [05/Jan/2024:14:06:29 -0500] "GET /BLA/resoluciones/RESOLUCIONES%202010/2560.pdf HTTP/1.0" 200 508223
190.145.240.11 - - [05/Jan/2024:14:06:42 -0500] "GET /BLA/resoluciones/AUTOS%202023/7406.pdf HTTP/1.1" 200 405171
156.59.198.136 - - [05/Jan/2024:14:06:53 -0500] "GET /BLA/resoluciones/RESOLUCIONES%202010/3684.pdf HTTP/1.0" 200 901504
156.59.198.135 - - [05/Jan/2024:14:07:18 -0500] "GET /BLA/resoluciones/RESOLUCIONES%202010/2336.pdf HTTP/1.0" 200 536747
156.59.198.136 - - [05/Jan/2024:14:07:42 -0500] "GET /BLA/resoluciones/RESOLUCIONES%202010/2678.pdf HTTP/1.0" 200 401808
156.59.198.136 - - [05/Jan/2024:14:08:07 -0500] "GET /BLA/resoluciones/RESOLUCIONES%202010/1953.pdf HTTP/1.0" 200 268337
201.245.192.253 - - [05/Jan/2024:14:08:07 -0500] "POST /kwsrmcab/Wsrmcab  HTTP/1.1" 200 36937
156.59.198.135 - - [05/Jan/2024:14:08:32 -0500] "GET /BLA/resoluciones/RESOLUCIONES%202010/1887.pdf HTTP/1.0" 200 635440
172.22.2.4 - - [05/Jan/2024:14:08:51 -0500] "GET /BLA/boletinlegal/actos.php HTTP/1.1" 200 9648
201.245.192.253 - - [05/Jan/2024:14:08:53 -0500] "GET /BLA/resoluciones/ HTTP/1.1" 200 13696
201.245.192.253 - - [05/Jan/2024:14:08:55 -0500] "GET /BLA/resoluciones/index.php?dir=AUTOS+2020%2F HTTP/1.1" 200 332687
156.59.198.136 - - [05/Jan/2024:14:08:57 -0500] "GET /BLA/resoluciones/RESOLUCIONES%202010/5522.pdf HTTP/1.0" 200 196423
201.245.192.253 - - [05/Jan/2024:14:09:03 -0500] "GET /BLA/resoluciones/AUTOS%202020/0760.pdf HTTP/1.1" 200 263975
156.59.198.135 - - [05/Jan/2024:14:09:20 -0500] "GET /BLA/resoluciones/RESOLUCIONES%202010/1050.pdf HTTP/1.0" 200 95811
156.59.198.135 - - [05/Jan/2024:14:09:45 -0500] "GET /BLA/resoluciones/RESOLUCIONES%202010/3130.pdf HTTP/1.0" 200 759943
156.59.198.136 - - [05/Jan/2024:14:10:09 -0500] "GET /BLA/resoluciones/RESOLUCIONES%202010/4258.pdf HTTP/1.0" 200 627618
156.59.198.136 - - [05/Jan/2024:14:10:34 -0500] "GET /BLA/resoluciones/RESOLUCIONES%202010/4785.pdf HTTP/1.0" 200 692254
216.245.221.92 - - [05/Jan/2024:14:10:41 -0500] "HEAD / HTTP/1.1" 200 -
198.199.110.18 - - [05/Jan/2024:14:10:56 -0500] "MGLNDD_190.27.245.106_80" 501 953
156.59.198.136 - - [05/Jan/2024:14:10:59 -0500] "GET /BLA/resoluciones/RESOLUCIONES%202010/2885.pdf HTTP/1.0" 200 504987
172.22.2.4 - - [05/Jan/2024:14:09:38 -0500] "HEAD /BLA/boletinlegal/ HTTP/1.1" 200 -
156.59.198.135 - - [05/Jan/2024:14:11:22 -0500] "GET /BLA/resoluciones/RESOLUCIONES%202010/2564.pdf HTTP/1.0" 200 500121
156.59.198.135 - - [05/Jan/2024:14:11:47 -0500] "GET /BLA/resoluciones/RESOLUCIONES%202010/5514.pdf HTTP/1.0" 200 2795320
172.22.2.4 - - [05/Jan/2024:14:10:28 -0500] "GET /BLA/boletinlegal/ HTTP/1.1" 200 60910
156.59.198.136 - - [05/Jan/2024:14:12:11 -0500] "GET /BLA/resoluciones/RESOLUCIONES%202010/1988.pdf HTTP/1.0" 200 337688
40.77.167.28 - - [05/Jan/2024:14:12:15 -0500] "GET /BLA/resoluciones/AUTOS%202020/1302.pdf HTTP/1.1" 200 350501
156.59.198.135 - - [05/Jan/2024:14:12:35 -0500] "GET /BLA/resoluciones/RESOLUCIONES%202010/2676.pdf HTTP/1.0" 200 378312
156.59.198.135 - - [05/Jan/2024:14:13:00 -0500] "GET /BLA/resoluciones/RESOLUCIONES%202010/4328.pdf HTTP/1.0" 200 657779
201.245.192.253 - - [05/Jan/2024:14:13:07 -0500] "POST /kwsrmcab/Wsrmcab  HTTP/1.1" 200 36937
156.59.198.136 - - [05/Jan/2024:14:13:24 -0500] "GET /BLA/resoluciones/RESOLUCIONES%202010/3298.pdf HTTP/1.0" 200 505887
52.167.144.223 - - [05/Jan/2024:14:13:28 -0500] "GET /BLA/resoluciones/AUTOS%202022/4757.pdf HTTP/1.1" 304 -
5.9.158.184 - - [05/Jan/2024:14:13:43 -0500] "GET /gestion-del-riesgo-incendios-forestales HTTP/1.1" 404 1035
156.59.198.135 - - [05/Jan/2024:14:13:49 -0500] "GET /BLA/resoluciones/RESOLUCIONES%202010/3271.pdf HTTP/1.0" 200 500445
190.90.132.140 - - [05/Jan/2024:14:14:01 -0500] "POST /sipse/faces/presentacion/financiero/solicitudProceso/consultarSolicitudProceso.xhtml HTTP/1.1" 200 43738
190.90.132.140 - - [05/Jan/2024:14:14:04 -0500] "GET /sipse/faces/javax.faces.resource/jquery/jquery.js?ln=primefaces&v=4.0 HTTP/1.1" 304 -
190.90.132.140 - - [05/Jan/2024:14:14:04 -0500] "GET /sipse/faces/javax.faces.resource/jquery/jquery-plugins.js?ln=primefaces&v=4.0 HTTP/1.1" 304 -
190.90.132.140 - - [05/Jan/2024:14:14:04 -0500] "GET /sipse/faces/javax.faces.resource/primefaces.js?ln=primefaces&v=4.0 HTTP/1.1" 304 -
190.90.132.140 - - [05/Jan/2024:14:14:04 -0500] "GET /sipse/faces/javax.faces.resource/layout/layout.js?ln=primefaces&v=4.0 HTTP/1.1" 304 -
190.90.132.140 - - [05/Jan/2024:14:14:04 -0500] "POST /sipse/faces/presentacion/financiero/solicitudProceso/consultar.xhtml HTTP/1.1" 200 37105
190.90.132.140 - - [05/Jan/2024:14:14:04 -0500] "POST /sipse/faces/presentacion/financiero/solicitudProceso/consultar.xhtml HTTP/1.1" 200 37105
190.90.132.140 - - [05/Jan/2024:14:14:04 -0500] "POST /sipse/faces/presentacion/financiero/solicitudProceso/consultar.xhtml HTTP/1.1" 200 37105
190.90.132.140 - - [05/Jan/2024:14:14:05 -0500] "POST /sipse/faces/presentacion/financiero/solicitudProceso/consultar.xhtml HTTP/1.1" 200 37105
190.90.132.140 - - [05/Jan/2024:14:14:05 -0500] "POST /sipse/faces/presentacion/financiero/solicitudProceso/consultar.xhtml HTTP/1.1" 200 37105
190.90.132.140 - - [05/Jan/2024:14:14:05 -0500] "POST /sipse/faces/presentacion/financiero/solicitudProceso/consultar.xhtml HTTP/1.1" 200 37105
190.90.132.140 - - [05/Jan/2024:14:14:05 -0500] "POST /sipse/faces/presentacion/financiero/solicitudProceso/consultar.xhtml HTTP/1.1" 200 37105
52.167.144.223 - - [05/Jan/2024:14:14:09 -0500] "GET /BLA/resoluciones/RESOLUCIONES%202018/4277.pdf HTTP/1.1" 200 2214578
156.59.198.135 - - [05/Jan/2024:14:14:14 -0500] "GET /BLA/resoluciones/RESOLUCIONES%202010/4061.pdf HTTP/1.0" 200 208001
156.59.198.136 - - [05/Jan/2024:14:14:38 -0500] "GET /BLA/resoluciones/RESOLUCIONES%202010/1939.pdf HTTP/1.0" 200 748783
156.59.198.136 - - [05/Jan/2024:14:15:03 -0500] "GET /BLA/resoluciones/RESOLUCIONES%202010/3401.pdf HTTP/1.0" 200 316850
201.245.192.253 - - [05/Jan/2024:14:15:18 -0500] "POST /kwsrmcab/Wsrmcab HTTP/1.1" 200 40462
201.245.192.253 - - [05/Jan/2024:14:15:21 -0500] "POST /kwsrmcab/Wsrmcab HTTP/1.1" 200 36039
156.59.198.135 - - [05/Jan/2024:14:15:29 -0500] "GET /BLA/resoluciones/RESOLUCIONES%202010/3385.pdf HTTP/1.0" 200 303582
216.245.221.92 - - [05/Jan/2024:14:15:41 -0500] "HEAD / HTTP/1.1" 200 -
156.59.198.135 - - [05/Jan/2024:14:15:54 -0500] "GET /BLA/resoluciones/RESOLUCIONES%202010/3218.pdf HTTP/1.0" 200 538514
172.22.2.4 - - [05/Jan/2024:14:15:30 -0500] "GET /BLA/boletinlegal/ HTTP/1.1" 200 20427
186.84.90.178 - - [05/Jan/2024:14:16:17 -0500] "GET /appsia/controlador HTTP/1.1" 200 4799
156.59.198.136 - - [05/Jan/2024:14:16:20 -0500] "GET /BLA/resoluciones/RESOLUCIONES%202010/2417.pdf HTTP/1.0" 200 584643
199.16.157.180 - - [05/Jan/2024:14:16:24 -0500] "GET /images/presentaci%C3%B3n%20convenci%C3%B3n.jpg HTTP/1.1" 404 1034
186.84.90.178 - - [05/Jan/2024:14:16:33 -0500] "POST /appsia/controlador HTTP/1.1" 200 3598
186.84.90.178 - - [05/Jan/2024:14:16:33 -0500] "GET /appsia/jscripts/validarSolicitud.js HTTP/1.1" 404 68
186.84.90.178 - - [05/Jan/2024:14:16:35 -0500] "POST /appsia/controlador HTTP/1.1" 200 4799
156.59.198.136 - - [05/Jan/2024:14:16:44 -0500] "GET /BLA/resoluciones/RESOLUCIONES%202010/2123.pdf HTTP/1.0" 200 328331
186.84.90.178 - - [05/Jan/2024:14:16:53 -0500] "POST /appsia/controlador HTTP/1.1" 200 5437
216.244.66.195 - - [05/Jan/2024:14:16:54 -0500] "GET /BLA/resoluciones/AUTOS%202014/0814.pdf HTTP/1.1" 200 436823
186.84.90.178 - - [05/Jan/2024:14:16:55 -0500] "POST /appsia/controlador HTTP/1.1" 200 7728
172.22.2.4 - - [05/Jan/2024:14:15:28 -0500] "HEAD /BLA/boletinlegal/ HTTP/1.1" 200 -
156.59.198.135 - - [05/Jan/2024:14:17:10 -0500] "GET /BLA/resoluciones/RESOLUCIONES%202010/3222.pdf HTTP/1.0" 200 505085
216.244.66.195 - - [05/Jan/2024:14:17:18 -0500] "GET /BLA/resoluciones/AUTOS%202014/1305.pdf HTTP/1.1" 200 147476
200.91.231.130 - - [05/Jan/2024:14:17:16 -0500] "GET /catalogoisis/ HTTP/1.1" 200 8575
200.91.231.130 - - [05/Jan/2024:14:17:20 -0500] "GET /catalogoisis/ HTTP/1.1" 200 8575
200.91.231.130 - - [05/Jan/2024:14:17:20 -0500] "GET /catalogoisis/Css/Busqueda.css HTTP/1.1" 200 1995
200.91.231.130 - - [05/Jan/2024:14:17:20 -0500] "GET /catalogoisis/Js/AceptarLimpiar.js HTTP/1.1" 200 331
200.91.231.130 - - [05/Jan/2024:14:17:20 -0500] "GET /catalogoisis/Js/Cookies.js HTTP/1.1" 200 1369
200.91.231.130 - - [05/Jan/2024:14:17:20 -0500] "GET /catalogoisis/Js/CriterioCombinada.js HTTP/1.1" 200 1843
200.91.231.130 - - [05/Jan/2024:14:17:20 -0500] "GET /catalogoisis/Js/LimpiarCombinada.js HTTP/1.1" 200 207
200.91.231.130 - - [05/Jan/2024:14:17:20 -0500] "GET /catalogoisis/Js/Remote.js HTTP/1.1" 200 436
200.91.231.130 - - [05/Jan/2024:14:17:20 -0500] "GET /catalogoisis/Js/Go.js HTTP/1.1" 200 364
200.91.231.130 - - [05/Jan/2024:14:17:20 -0500] "GET /catalogoisis/Js/Numero.js HTTP/1.1" 200 398
200.91.231.130 - - [05/Jan/2024:14:17:20 -0500] "GET /catalogoisis/Js/Enter.js HTTP/1.1" 200 1208
200.91.231.130 - - [05/Jan/2024:14:17:20 -0500] "GET /catalogoisis/imagenes/br1c1.gif HTTP/1.1" 200 172
200.91.231.130 - - [05/Jan/2024:14:17:20 -0500] "GET /catalogoisis/imagenes/br1c3.gif HTTP/1.1" 200 302
200.91.231.130 - - [05/Jan/2024:14:17:20 -0500] "GET /catalogoisis/imagenes/aceptar1.gif HTTP/1.1" 200 604
200.91.231.130 - - [05/Jan/2024:14:17:20 -0500] "GET /catalogoisis/imagenes/Turnbo1.gif HTTP/1.1" 200 227
200.91.231.130 - - [05/Jan/2024:14:17:20 -0500] "GET /catalogoisis/imagenes/limpiar1.gif HTTP/1.1" 200 606
200.91.231.130 - - [05/Jan/2024:14:17:20 -0500] "GET /catalogoisis/imagenes/br3c1.gif HTTP/1.1" 200 177
200.91.231.130 - - [05/Jan/2024:14:17:20 -0500] "GET /catalogoisis/imagenes/br2c2.gif HTTP/1.1" 200 302
200.91.231.130 - - [05/Jan/2024:14:17:20 -0500] "GET /catalogoisis/imagenes/br3c2.gif HTTP/1.1" 200 285
200.91.231.130 - - [05/Jan/2024:14:17:20 -0500] "GET /catalogoisis/imagenes/br1c2.gif HTTP/1.1" 200 297
200.91.231.130 - - [05/Jan/2024:14:17:20 -0500] "GET /catalogoisis/imagenes/Header.gif HTTP/1.1" 200 27040
200.91.231.130 - - [05/Jan/2024:14:17:20 -0500] "GET /catalogoisis/imagenes/br2c1.gif HTTP/1.1" 200 297
200.91.231.130 - - [05/Jan/2024:14:17:20 -0500] "GET /catalogoisis/imagenes/br3c3.gif HTTP/1.1" 200 186
200.91.231.130 - - [05/Jan/2024:14:17:20 -0500] "GET /catalogoisis/imagenes/br2c3.gif HTTP/1.1" 200 416
200.91.231.130 - - [05/Jan/2024:14:17:20 -0500] "GET /favicon.ico HTTP/1.1" 200 7782
200.91.231.130 - - [05/Jan/2024:14:17:32 -0500] "GET /catalogoisis/imagenes/aceptar2.gif HTTP/1.1" 200 586
200.91.231.130 - - [05/Jan/2024:14:17:33 -0500] "GET /catalogoisis/imagenes/aceptar2.gif HTTP/1.1" 200 586
156.59.198.136 - - [05/Jan/2024:14:17:33 -0500] "GET /BLA/resoluciones/RESOLUCIONES%202010/2875.pdf HTTP/1.0" 200 263283
216.244.66.195 - - [05/Jan/2024:14:17:46 -0500] "GET /BLA/resoluciones/AUTOS%202014/1853.pdf HTTP/1.1" 200 461189
65.154.226.168 - - [05/Jan/2024:14:17:49 -0500] "GET /catalogoisis HTTP/1.1" 404 1018
156.59.198.135 - - [05/Jan/2024:14:17:57 -0500] "GET /BLA/resoluciones/RESOLUCIONES%202010/2426.pdf HTTP/1.0" 200 489392
172.22.2.4 - - [05/Jan/2024:14:16:18 -0500] "GET /BLA/boletinlegal/ HTTP/1.1" 200 52889
201.245.192.253 - - [05/Jan/2024:14:18:07 -0500] "POST /kwsrmcab/Wsrmcab  HTTP/1.1" 200 36937
216.244.66.195 - - [05/Jan/2024:14:18:10 -0500] "GET /BLA/resoluciones/AUTOS%202014/2021.pdf HTTP/1.1" 200 468956
156.59.198.136 - - [05/Jan/2024:14:18:22 -0500] "GET /BLA/resoluciones/RESOLUCIONES%202010/4087.pdf HTTP/1.0" 200 491445
192.168.170.61 - - [05/Jan/2024:14:18:28 -0500] "GET /las-tres-caminatas-para-cerrar-el-ano-entre-la-naturaleza.html HTTP/1.1" 200 776
156.59.198.135 - - [05/Jan/2024:14:18:46 -0500] "GET /BLA/resoluciones/RESOLUCIONES%202010/1736.pdf HTTP/1.0" 200 493281
216.244.66.195 - - [05/Jan/2024:14:18:49 -0500] "GET /BLA/resoluciones/AUTOS%202014/2404.pdf HTTP/1.1" 200 468389
40.77.167.53 - - [05/Jan/2024:14:18:51 -0500] "GET /BLA/resoluciones/AUTOS%202020/1235.pdf HTTP/1.1" 200 938346
156.59.198.135 - - [05/Jan/2024:14:19:10 -0500] "GET /BLA/resoluciones/RESOLUCIONES%202010/2531.pdf HTTP/1.0" 200 504609
216.244.66.195 - - [05/Jan/2024:14:19:22 -0500] "GET /BLA/resoluciones/AUTOS%202014/2797.pdf HTTP/1.1" 200 437378
201.245.192.253 - - [05/Jan/2024:14:19:28 -0500] "POST /kwsrmcab/Wsrmcab HTTP/1.1" 200 40462
156.59.198.136 - - [05/Jan/2024:14:19:35 -0500] "GET /BLA/resoluciones/RESOLUCIONES%202010/2446.pdf HTTP/1.0" 200 496419
216.244.66.195 - - [05/Jan/2024:14:19:52 -0500] "GET /BLA/resoluciones/RESOLUCIONES%202011/0374.pdf HTTP/1.1" 200 68141
156.59.198.135 - - [05/Jan/2024:14:19:58 -0500] "GET /BLA/resoluciones/RESOLUCIONES%202010/4493.pdf HTTP/1.0" 200 462481
201.245.192.253 - - [05/Jan/2024:14:20:11 -0500] "POST /kwsrmcab/Wsrmcab HTTP/1.1" 200 36039
216.244.66.195 - - [05/Jan/2024:14:20:22 -0500] "GET /BLA/resoluciones/RESOLUCIONES%202011/0614.pdf HTTP/1.1" 200 75425
156.59.198.136 - - [05/Jan/2024:14:20:23 -0500] "GET /BLA/resoluciones/RESOLUCIONES%202010/5517.pdf HTTP/1.0" 200 2606850
216.245.221.92 - - [05/Jan/2024:14:20:41 -0500] "HEAD / HTTP/1.1" 200 -
156.59.198.136 - - [05/Jan/2024:14:20:48 -0500] "GET /BLA/resoluciones/RESOLUCIONES%202010/3081.pdf HTTP/1.0" 200 240925
156.59.198.135 - - [05/Jan/2024:14:21:13 -0500] "GET /BLA/resoluciones/RESOLUCIONES%202010/2211.pdf HTTP/1.0" 200 504663
156.59.198.136 - - [05/Jan/2024:14:21:37 -0500] "GET /BLA/resoluciones/RESOLUCIONES%202010/5809.pdf HTTP/1.0" 200 155231
181.78.79.131 - - [05/Jan/2024:14:21:43 -0500] "POST /kwsrmcab/Wsrmcab HTTP/1.1" 200 40131
40.77.167.126 - - [05/Jan/2024:14:21:52 -0500] "GET /BLA/resoluciones/AUTOS%202020/1540.pdf HTTP/1.1" 200 371906
156.59.198.135 - - [05/Jan/2024:14:22:02 -0500] "GET /BLA/resoluciones/RESOLUCIONES%202010/4536.pdf HTTP/1.0" 200 742542
181.78.79.131 - - [05/Jan/2024:14:22:11 -0500] "POST /kwsrmcab/Wsrmcab HTTP/1.1" 200 40131
66.249.66.21 - - [05/Jan/2024:14:22:21 -0500] "GET /Publicaciones/2023EE204828.pdf HTTP/1.1" 404 228
156.59.198.136 - - [05/Jan/2024:14:22:26 -0500] "GET /BLA/resoluciones/RESOLUCIONES%202010/3696.pdf HTTP/1.0" 200 764729
156.59.198.136 - - [05/Jan/2024:14:22:51 -0500] "GET /BLA/resoluciones/RESOLUCIONES%202010/4679.pdf HTTP/1.0" 200 747149
172.22.2.4 - - [05/Jan/2024:14:21:18 -0500] "HEAD /BLA/boletinlegal/ HTTP/1.1" 200 -
201.245.192.253 - - [05/Jan/2024:14:23:06 -0500] "POST /kwsrmcab/Wsrmcab  HTTP/1.1" 200 36937
156.59.198.136 - - [05/Jan/2024:14:23:16 -0500] "GET /BLA/resoluciones/RESOLUCIONES%202010/2572.pdf HTTP/1.0" 200 544739
201.245.192.253 - - [05/Jan/2024:14:23:30 -0500] "GET /catalogoisis/ HTTP/1.1" 200 8575
201.245.192.253 - - [05/Jan/2024:14:23:33 -0500] "GET /catalogoisis/imagenes/Header.gif HTTP/1.1" 200 27040
156.59.198.136 - - [05/Jan/2024:14:23:40 -0500] "GET /BLA/resoluciones/RESOLUCIONES%202010/2853.pdf HTTP/1.0" 200 4821097
172.22.2.4 - - [05/Jan/2024:14:22:08 -0500] "GET /BLA/boletinlegal/ HTTP/1.1" 200 58567
156.59.198.136 - - [05/Jan/2024:14:24:04 -0500] "GET /BLA/resoluciones/RESOLUCIONES%202010/4086.pdf HTTP/1.0" 200 1331232
181.78.79.131 - - [05/Jan/2024:14:24:25 -0500] "POST /kwsrmcab/Wsrmcab HTTP/1.1" 200 40131
156.59.198.136 - - [05/Jan/2024:14:24:28 -0500] "GET /BLA/resoluciones/RESOLUCIONES%202010/3424.pdf HTTP/1.0" 200 755729
181.78.79.131 - - [05/Jan/2024:14:24:34 -0500] "POST /kwsrmcab/Wsrmcab HTTP/1.1" 200 40131
156.59.198.135 - - [05/Jan/2024:14:24:53 -0500] "GET /BLA/resoluciones/RESOLUCIONES%202010/2683.pdf HTTP/1.0" 200 375874
181.78.79.131 - - [05/Jan/2024:14:24:57 -0500] "POST /kwsrmcab/Wsrmcab HTTP/1.1" 200 40131
156.59.198.135 - - [05/Jan/2024:14:25:17 -0500] "GET /BLA/resoluciones/RESOLUCIONES%202010/4307.pdf HTTP/1.0" 200 495329
201.245.192.253 - - [05/Jan/2024:14:25:18 -0500] "POST /kwsrmcab/Wsrmcab HTTP/1.1" 200 40462
201.245.192.253 - - [05/Jan/2024:14:25:20 -0500] "POST /kwsrmcab/Wsrmcab HTTP/1.1" 200 36039
181.78.79.131 - - [05/Jan/2024:14:25:28 -0500] "POST /kwsrmcab/Wsrmcab HTTP/1.1" 200 40131
216.245.221.92 - - [05/Jan/2024:14:25:41 -0500] "HEAD / HTTP/1.1" 200 -
156.59.198.136 - - [05/Jan/2024:14:25:42 -0500] "GET /BLA/resoluciones/RESOLUCIONES%202010/4548.pdf HTTP/1.0" 200 442419
156.59.198.136 - - [05/Jan/2024:14:26:06 -0500] "GET /BLA/resoluciones/RESOLUCIONES%202010/1042.pdf HTTP/1.0" 200 142958
156.59.198.135 - - [05/Jan/2024:14:26:30 -0500] "GET /BLA/resoluciones/RESOLUCIONES%202010/3851.pdf HTTP/1.0" 200 62002
66.249.66.19 - - [05/Jan/2024:14:26:51 -0500] "GET /galeria/nivo-slider/demo/images/bannerclases2021.jpg HTTP/1.1" 304 -
156.59.198.136 - - [05/Jan/2024:14:26:55 -0500] "GET /BLA/resoluciones/RESOLUCIONES%202010/4230.pdf HTTP/1.0" 200 350454
156.59.198.135 - - [05/Jan/2024:14:27:20 -0500] "GET /BLA/resoluciones/RESOLUCIONES%202010/3637.pdf HTTP/1.0" 200 763435
40.77.167.50 - - [05/Jan/2024:14:27:30 -0500] "GET /BLA/resoluciones/AUTOS%202020/4486.pdf HTTP/1.1" 200 406580
156.59.198.135 - - [05/Jan/2024:14:27:44 -0500] "GET /BLA/resoluciones/RESOLUCIONES%202010/1876.pdf HTTP/1.0" 200 572058
181.78.79.131 - - [05/Jan/2024:14:27:53 -0500] "POST /kwsrmcab/Wsrmcab HTTP/1.1" 200 40131
201.245.192.253 - - [05/Jan/2024:14:28:05 -0500] "POST /kwsrmcab/Wsrmcab  HTTP/1.1" 200 36937
156.59.198.136 - - [05/Jan/2024:14:28:08 -0500] "GET /BLA/resoluciones/RESOLUCIONES%202010/3826.pdf HTTP/1.0" 200 507269
156.59.198.136 - - [05/Jan/2024:14:28:32 -0500] "GET /BLA/resoluciones/RESOLUCIONES%202010/3593.pdf HTTP/1.0" 200 505783
172.22.2.4 - - [05/Jan/2024:14:27:08 -0500] "HEAD /BLA/boletinlegal/ HTTP/1.1" 200 -
156.59.198.135 - - [05/Jan/2024:14:28:57 -0500] "GET /BLA/resoluciones/RESOLUCIONES%202010/4543.pdf HTTP/1.0" 200 101070
186.28.79.175 - - [05/Jan/2024:14:29:03 -0500] "GET /appsia/controlador HTTP/1.1" 200 4799
186.28.79.175 - - [05/Jan/2024:14:29:04 -0500] "GET /favicon.ico HTTP/1.1" 200 7782
173.252.95.16 - - [05/Jan/2024:14:29:08 -0500] "GET /unidos-por-un-nuevo-aire-un-ano-de-pacto-del-compromiso-por-bogota.html HTTP/1.1" 200 764
173.252.95.21 - - [05/Jan/2024:14:29:08 -0500] "GET /images/prueba3.jpeg HTTP/1.1" 200 88955
173.252.83.2 - - [05/Jan/2024:14:29:09 -0500] "GET /images/prueba3.jpeg HTTP/1.1" 200 88955
52.167.144.171 - - [05/Jan/2024:14:29:13 -0500] "GET /BLA/resoluciones/AUTOS%202020/1351.pdf HTTP/1.1" 200 398528
52.167.144.171 - - [05/Jan/2024:14:29:13 -0500] "GET /BLA/resoluciones/AUTOS%202020/1004.pdf HTTP/1.1" 200 863405
186.28.79.175 - - [05/Jan/2024:14:29:20 -0500] "POST /appsia/controlador HTTP/1.1" 200 5437
186.28.79.175 - - [05/Jan/2024:14:29:21 -0500] "GET /appsia/css/estilos.css HTTP/1.1" 200 4804
186.28.79.175 - - [05/Jan/2024:14:29:22 -0500] "GET /favicon.ico HTTP/1.1" 200 7782
156.59.198.136 - - [05/Jan/2024:14:29:22 -0500] "GET /BLA/resoluciones/RESOLUCIONES%202010/2438.pdf HTTP/1.0" 200 502411
186.28.79.175 - - [05/Jan/2024:14:29:24 -0500] "POST /appsia/controlador HTTP/1.1" 200 9354
201.245.192.253 - - [05/Jan/2024:14:29:28 -0500] "POST /kwsrmcab/Wsrmcab HTTP/1.1" 200 40462
172.22.2.4 - - [05/Jan/2024:14:27:59 -0500] "GET /BLA/boletinlegal/ HTTP/1.1" 200 58567
156.59.198.135 - - [05/Jan/2024:14:29:46 -0500] "GET /BLA/resoluciones/RESOLUCIONES%202010/5842.pdf HTTP/1.0" 200 485008
181.78.79.131 - - [05/Jan/2024:14:29:45 -0500] "POST /kwsrmcab/Wsrmcab HTTP/1.1" 200 40131
156.59.198.136 - - [05/Jan/2024:14:30:10 -0500] "GET /BLA/resoluciones/RESOLUCIONES%202010/2832.pdf HTTP/1.0" 200 325652
201.245.192.253 - - [05/Jan/2024:14:30:10 -0500] "POST /kwsrmcab/Wsrmcab HTTP/1.1" 200 36039
156.59.198.136 - - [05/Jan/2024:14:30:34 -0500] "GET /BLA/resoluciones/RESOLUCIONES%202010/3420.pdf HTTP/1.0" 200 793155
216.245.221.92 - - [05/Jan/2024:14:30:41 -0500] "HEAD / HTTP/1.1" 200 -
66.249.66.192 - - [05/Jan/2024:14:30:53 -0500] "GET /inscribete-y-participa-en-el-foro-sobre-la-gestion-de-los-bifenilos-policlorados-en-transformadores-electricos.html HTTP/1.1" 304 -
181.78.79.131 - - [05/Jan/2024:14:30:54 -0500] "POST /kwsrmcab/Wsrmcab HTTP/1.1" 200 40131
156.59.198.135 - - [05/Jan/2024:14:30:58 -0500] "GET /BLA/resoluciones/RESOLUCIONES%202010/4319.pdf HTTP/1.0" 200 205871
181.78.79.131 - - [05/Jan/2024:14:31:10 -0500] "POST /kwsrmcab/Wsrmcab HTTP/1.1" 200 40131
156.59.198.135 - - [05/Jan/2024:14:31:23 -0500] "GET /BLA/resoluciones/RESOLUCIONES%202010/4511.pdf HTTP/1.0" 200 611974
181.78.79.131 - - [05/Jan/2024:14:31:37 -0500] "POST /kwsrmcab/Wsrmcab HTTP/1.1" 200 40131
156.59.198.135 - - [05/Jan/2024:14:31:48 -0500] "GET /BLA/resoluciones/RESOLUCIONES%202010/2861.pdf HTTP/1.0" 200 425842
40.77.167.152 - - [05/Jan/2024:14:32:02 -0500] "GET /BLA/resoluciones/AUTOS%202020/2583.pdf HTTP/1.1" 200 377482
156.59.198.135 - - [05/Jan/2024:14:32:11 -0500] "GET /BLA/resoluciones/RESOLUCIONES%202010/5397.pdf HTTP/1.0" 200 220476
156.59.198.135 - - [05/Jan/2024:14:32:36 -0500] "GET /BLA/resoluciones/RESOLUCIONES%202010/4189.pdf HTTP/1.0" 200 400656
52.167.144.25 - - [05/Jan/2024:14:32:50 -0500] "GET /BLA/resoluciones/RESOLUCIONES%202023/2976.pdf HTTP/1.1" 200 2509375
156.59.198.135 - - [05/Jan/2024:14:33:02 -0500] "GET /BLA/resoluciones/RESOLUCIONES%202010/5255.pdf HTTP/1.0" 200 541312
201.245.192.253 - - [05/Jan/2024:14:33:04 -0500] "POST /kwsrmcab/Wsrmcab  HTTP/1.1" 200 36937
156.59.198.135 - - [05/Jan/2024:14:33:27 -0500] "GET /BLA/resoluciones/RESOLUCIONES%202018/3028.PDF HTTP/1.0" 200 4692390
156.59.198.136 - - [05/Jan/2024:14:33:51 -0500] "GET /BLA/resoluciones/RESOLUCIONES%202018/1613.PDF HTTP/1.0" 200 8849781
45.13.119.147 - - [05/Jan/2024:14:33:51 -0500] "POST /boaform/admin/formLogin HTTP/1.1" 404 1186
156.59.198.135 - - [05/Jan/2024:14:34:14 -0500] "GET /BLA/resoluciones/RESOLUCIONES%202018/2322.PDF HTTP/1.0" 200 9831033
172.22.2.4 - - [05/Jan/2024:14:32:58 -0500] "HEAD /BLA/boletinlegal/ HTTP/1.1" 200 -
156.59.198.135 - - [05/Jan/2024:14:34:39 -0500] "GET /BLA/resoluciones/RESOLUCIONES%202018/3749.PDF HTTP/1.0" 200 17145708
52.167.144.218 - - [05/Jan/2024:14:34:53 -0500] "GET /BLA/resoluciones/AUTOS%202020/3461.pdf HTTP/1.1" 200 368194
156.59.198.136 - - [05/Jan/2024:14:35:03 -0500] "GET /BLA/resoluciones/RESOLUCIONES%202010/3301.pdf HTTP/1.0" 200 495869
201.245.192.253 - - [05/Jan/2024:14:35:18 -0500] "POST /kwsrmcab/Wsrmcab HTTP/1.1" 200 40462
201.245.192.253 - - [05/Jan/2024:14:35:21 -0500] "POST /kwsrmcab/Wsrmcab HTTP/1.1" 200 36039
156.59.198.135 - - [05/Jan/2024:14:35:28 -0500] "GET /BLA/resoluciones/RESOLUCIONES%202010/4637.pdf HTTP/1.0" 200 525409
172.22.2.4 - - [05/Jan/2024:14:33:48 -0500] "GET /BLA/boletinlegal/ HTTP/1.1" 200 60502
216.245.221.92 - - [05/Jan/2024:14:35:41 -0500] "HEAD / HTTP/1.1" 200 -
156.59.198.135 - - [05/Jan/2024:14:35:52 -0500] "GET /BLA/resoluciones/RESOLUCIONES%202010/2189.pdf HTTP/1.0" 200 491025
