186.102.84.64 - - [05/Jan/2024:08:32:47 -0500] "GET /kwssiamovil/sm/acme/s?s=U2FsdGVkX19oAufaHoLgYm34ZvykuUM/GJQ92oWx9kIxMFS7qqGUhBknaBVJ9WQOEEfyhCBdbASIXi2OtwcdvKHGZskdYgbQNdsXPySSFgGN+5jzyGk1cbKFTReNWCoLyt+RCZrElngVLBxYC/MZKIWK3p2cK/rDNFkGvej2q2CBcEnLmGQgUovqxG9vzM2WiHto/XqVznRQHjm3XzIJbooKxqB/vzHGsKrL1XGyXWY/xFNY6YLRhqL0XIWztiWxrf58+CdbPhvFV99dxEYbAbo4p454htJTKXMcsJmgaNInju0ySTXq2pLMswF8r3Ulja6td9iVRGO9gk/7GGHZWcty+kttMz8FHefYMRrfoHU6vpOuaAGTz/xdNMeD/GHT2DR+mzStE+Qw9G1lmjUS7RJtpie+D1AlDsteentVtnX6o3IVb0/Q6wUuIt4d2MRSHqYlZ7mTRKDnvIlt8kSG7GASa83PS2giCHNI9UZV2++mEYem/B3gSH9z2XBi7Fae1qQOpQIrTHgseoLeecIstnZ+RujL8fOnGi/yyMAlikHX7TiTirKTA6L7bswZitx4f2s3cnZkgoaEzD5v8TtKEWdKN5aQmrPQNwhDc2CoNVjaEOSx1zaVevR7otLVWL/PJBKbSirtu1VYJRuj7cBDzk+D0e1HIpcYux5Do5lSka1ELwbVCJFIcnmDuvgmXmodJrszAnRijnK8R5zSPDcjHrSEVvtM6E8cSEQC0Ta85yO8/gh4O1erKNJi7iOYNHpqDLNyWkWxaluwkYDTCkOM+tIStffmPdXWl04ui4qdiXOC4TFY5lfs+G7fjIqaEftPa4Z6uIMBrjd0IOouN8cmoAKIGpYTMGKxAqqUJsLoh6pHGwNvh5ymsr285vIX0Ra1B6C8TyAbH8uS3sDvq/jClMQQt/ZxpjhbB70uROLQWMqdX/Ck69JjYG3uBfaKN/y+y3mMnDsC6fn6RRx7YFxW1d/q48EX/xTl1Q84FHcfr4GHUaOlBiGDwneXs9U3MNc08efTfZj17TqqKI8nRSU84q7HBMky+sdcBovDj7zZ6SZIkp0SmGEls1ciQQy6mr16hDuDgEIenrfgRt3HRPIOk1VeV9cGCYIsZ330Gc5Jssr7AM3zRd2JJjc606u4Gr7XIycHJCmFO7u5Gp8h/44Ro7gAxot6j6wm4cGho+0rBZmrgD+lEiF8/tRdvjV0gMoEdjmvC3iLsce1uJbFtmhQu9kz5ByCSX7AMWoLZV8WwU07sMDi1YNzXn+SFgIaVaUKc72HtuyDCn8i7Nj8ttNQXmuZuYFTg34Adb6Oyn0WmJ3yJdVQ7tF6QUMvTzoONPz2Hv5JXif7OisL7QTPtNAV77X7HDXoAgRDte2ue20z4sdiRFrdylXMkDNMbRMoWAUK7Cs4otUXEJx6z0KDgLeTLNXWjdm9nHsD517rj35/A3f+yCB9WtPvPDcXxmEce97T6qyGp8Dv0/C9nAWK7ZK0ItHSyYf1lMJ9Kw2m/aTDXM9PpCO2uV18xLHuuO2xNlaOJYDvzA7/bPmbj4aRl/KeRO82iZkgYFOLDszOZYqJdoPfhsAM86V378HHT5nJfJ51uC8TT8GTu2Y3PGwZ7/uzOl20Sr3SbGzsO3zMD4ZblPURzJU07Pd6dABrBgHw01ZO39j2mQQo/Cm/BlEfoI4P7Yg7/RushK3gHH4gXo0IGettTLqc8EmO0s96H7FHrkB9HNmH9ts6DaFKF/um+nWDxNql3XsTaCSfeAPKY6zvN10=&u=U2FsdGVkX18Y8kX/T4DQV4k5RQ1+B03TgQhWyJ71olU=&y=U2FsdGVkX1/RhGpgmgOtpHyU+KAkYUo4nmSm3WiMD73/qGmKWcXTqXYnMieI6zY/ HTTP/1.1" 200 2344
186.102.84.64 - - [05/Jan/2024:08:32:47 -0500] "GET /kwssiamovil/sm/acme/s?s=U2FsdGVkX19mR8/UQsSCkARCoB5lSwzyR836kT3zBejrckuaC2DCVm3VHT1bnvrtmIEQ9rUbuvHRtXG5m0yYKWIi8ClL/h4ohLImGCkXB5FzxYNqKvjZbTCKk265+tC8yHZnAdJlp31VTpBTL9elC6a+Y9cnKK7z2AyrjhQsSyIWcMl4YUFM0ftdduSVbpdDvtFU9pexiUTC5piHIZx5wfu+ZZWRMoe8FXp2gCFjCaDL3I8zxmWWimZq8naXEMdyNHLyDyMmfJAQRFd8hRVI1Jt3odRluk9HFdOs9LGFLCWw6nr2emx55YBAkH4oYX9F10KxG2UruYnkpy0LrVOE4TatmZxhiuoai7Z/YkTZUM6MMa+QHW06dKJq5pR5rmWm9tAxLi2xOOTAmql7iSUPGGn7PBPVGX9Z7KMLFgDWe5NO4T0TMpEk05IFb1y2RLhoGa9tiWQRoAXCNJCTB88e9GFxvBJaTJAqIfoTnIGLcEoBJ1/x9ovAhG1HAyKXSCBMS/lVufHwaVt0toxyEVUTL5GBsq+NmjFatR4HsEE2DVfqed1UlMwahtOxofmgq7mO4hljz2HefOjqqPZhvGHNd89NYDzxhr+mDZGm7i9Unq8de06hUuNva9evX8F/E6sq97KjNpcOIVn6Joujfd/qMUZNWk1Kb0Lbh9a0u/BFS/peCcsp+8/XwSQVtmBUwxGjnE5KM/PdGJQT3/D1UBoGymK7bxZPhY3c4NLc9cThxLjjYTMAX0s8UVVcOSXMUowN&u=U2FsdGVkX18Y8kX/T4DQV4k5RQ1+B03TgQhWyJ71olU=&y=U2FsdGVkX1/RhGpgmgOtpHyU+KAkYUo4nmSm3WiMD73/qGmKWcXTqXYnMieI6zY/ HTTP/1.1" 200 208
186.102.84.64 - - [05/Jan/2024:08:32:47 -0500] "GET /kwssiamovil/sm/cjson/pre?f=1&x=U2FsdGVkX18+WbbPOJ3af7YN1r8MpllQmHoYJyFWdC5dBGCZiL+ZGl3sUBff7X8V HTTP/1.1" 200 31032
172.22.2.4 - - [05/Jan/2024:08:31:19 -0500] "HEAD /BLA/boletinlegal/ HTTP/1.1" 200 -
156.59.198.136 - - [05/Jan/2024:08:33:00 -0500] "GET /BLA/resoluciones/Notificaciones/AUTOS%202014/2681.doc HTTP/1.0" 200 231936
156.59.198.135 - - [05/Jan/2024:08:33:24 -0500] "GET /BLA/resoluciones/Notificaciones/AUTOS%202014/2416.doc HTTP/1.0" 200 230912
40.77.167.136 - - [05/Jan/2024:08:33:29 -0500] "GET /BLA/resoluciones/AUTOS%202020/4679.pdf HTTP/1.1" 200 386039
172.22.2.4 - - [05/Jan/2024:08:32:09 -0500] "GET /BLA/boletinlegal/ HTTP/1.1" 200 60502
156.59.198.136 - - [05/Jan/2024:08:33:50 -0500] "GET /BLA/resoluciones/Notificaciones/AUTOS%202014/5125.doc HTTP/1.0" 200 96768
156.59.198.136 - - [05/Jan/2024:08:34:15 -0500] "GET /BLA/resoluciones/Notificaciones/AUTOS%202014/4944.doc HTTP/1.0" 200 95232
201.245.192.253 - - [05/Jan/2024:08:34:36 -0500] "POST /kwsrmcab/Wsrmcab  HTTP/1.1" 200 36937
156.59.198.136 - - [05/Jan/2024:08:34:40 -0500] "GET /BLA/resoluciones/Notificaciones/AUTOS%202014/3329.doc HTTP/1.0" 200 102400
201.245.192.253 - - [05/Jan/2024:08:35:03 -0500] "POST /appsia/controlador HTTP/1.1" 200 4621
201.245.192.253 - - [05/Jan/2024:08:35:03 -0500] "GET /favicon.ico HTTP/1.1" 200 7782
201.245.192.253 - - [05/Jan/2024:08:35:05 -0500] "POST /appsia/controlador HTTP/1.1" 200 4799
156.59.198.136 - - [05/Jan/2024:08:35:06 -0500] "GET /BLA/resoluciones/Notificaciones/AUTOS%202014/4300.doc HTTP/1.0" 200 98816
201.245.192.253 - - [05/Jan/2024:08:35:18 -0500] "POST /kwsrmcab/Wsrmcab HTTP/1.1" 200 40800
201.245.192.253 - - [05/Jan/2024:08:35:21 -0500] "POST /kwsrmcab/Wsrmcab HTTP/1.1" 200 36390
156.59.198.135 - - [05/Jan/2024:08:35:29 -0500] "GET /BLA/resoluciones/Notificaciones/AUTOS%202014/0080.doc HTTP/1.0" 200 228352
216.245.221.92 - - [05/Jan/2024:08:35:41 -0500] "HEAD / HTTP/1.1" 200 -
179.32.28.63 - - [05/Jan/2024:08:35:43 -0500] "GET /appsia/controlador HTTP/1.1" 200 4799
156.59.198.135 - - [05/Jan/2024:08:35:54 -0500] "GET /BLA/resoluciones/Notificaciones/AUTOS%202014/0399.doc HTTP/1.0" 200 448000
201.245.192.253 - - [05/Jan/2024:08:36:07 -0500] "GET /appsia/controlador HTTP/1.1" 200 4799
201.245.192.253 - - [05/Jan/2024:08:36:07 -0500] "GET /appsia/css/estilos.css HTTP/1.1" 200 4804
201.245.192.253 - - [05/Jan/2024:08:36:07 -0500] "GET /appsia/scripts/validarIngreso.js HTTP/1.1" 200 851
201.245.192.253 - - [05/Jan/2024:08:36:07 -0500] "GET /appsia/images/logo_bogota_p.png HTTP/1.1" 200 14951
201.245.192.253 - - [05/Jan/2024:08:36:07 -0500] "GET /appsia/images/cabezoteHojaVida.png HTTP/1.1" 200 32493
201.245.192.253 - - [05/Jan/2024:08:36:07 -0500] "GET /favicon.ico HTTP/1.1" 200 7782
156.59.198.136 - - [05/Jan/2024:08:36:17 -0500] "GET /BLA/resoluciones/Notificaciones/AUTOS%202014/4076.doc HTTP/1.0" 200 97280
201.245.192.253 - - [05/Jan/2024:08:36:34 -0500] "GET /appsia/controlador HTTP/1.1" 200 4799
156.59.198.136 - - [05/Jan/2024:08:36:41 -0500] "GET /BLA/resoluciones/Notificaciones/AUTOS%202014/0037.doc HTTP/1.0" 200 299008
201.245.192.253 - - [05/Jan/2024:08:36:52 -0500] "POST /appsia/controlador HTTP/1.1" 200 4621
201.245.192.253 - - [05/Jan/2024:08:36:56 -0500] "POST /appsia/controlador HTTP/1.1" 200 11052
201.245.192.253 - - [05/Jan/2024:08:36:56 -0500] "GET /appsia/images/logo_escudo.png HTTP/1.1" 200 36965
156.59.198.136 - - [05/Jan/2024:08:37:05 -0500] "GET /BLA/resoluciones/Notificaciones/AUTOS%202014/4685.doc HTTP/1.0" 200 94720
201.245.192.253 - - [05/Jan/2024:08:37:17 -0500] "GET /appsia/controlador HTTP/1.1" 200 4621
156.59.198.135 - - [05/Jan/2024:08:37:30 -0500] "GET /BLA/resoluciones/Notificaciones/AUTOS%202014/3174.doc HTTP/1.0" 200 102400
201.245.192.253 - - [05/Jan/2024:08:37:36 -0500] "POST /appsia/controlador HTTP/1.1" 200 11052
201.245.192.253 - - [05/Jan/2024:08:37:41 -0500] "GET /appsia/controlador HTTP/1.1" 200 4621
201.245.192.253 - - [05/Jan/2024:08:37:44 -0500] "GET /appsia/controlador HTTP/1.1" 200 4621
156.59.198.135 - - [05/Jan/2024:08:37:54 -0500] "GET /BLA/resoluciones/Notificaciones/AUTOS%202014/6983.doc HTTP/1.0" 200 218112
156.59.198.135 - - [05/Jan/2024:08:38:19 -0500] "GET /BLA/resoluciones/Notificaciones/AUTOS%202014/3290.doc HTTP/1.0" 200 99328
40.77.167.41 - - [05/Jan/2024:08:38:43 -0500] "GET /BLA/resoluciones/AUTOS%202020/2107.pdf HTTP/1.1" 200 783773
156.59.198.135 - - [05/Jan/2024:08:38:44 -0500] "GET /BLA/resoluciones/Notificaciones/AUTOS%202014/4847.doc HTTP/1.0" 200 94720
172.22.2.4 - - [05/Jan/2024:08:37:09 -0500] "HEAD /BLA/boletinlegal/ HTTP/1.1" 200 -
52.167.144.209 - - [05/Jan/2024:08:38:57 -0500] "GET /BLA/resoluciones/AUTOS%202020/4393.pdf HTTP/1.1" 200 731765
156.59.198.135 - - [05/Jan/2024:08:39:08 -0500] "GET /BLA/resoluciones/Notificaciones/AUTOS%202014/3438.doc HTTP/1.0" 200 98304
172.22.2.4 - - [05/Jan/2024:08:39:13 -0500] "GET /BLA/boletinlegal/Circulares/2017/Circular%20No.%202%20del%201%20de%20Septiembre%20de%202017.pdf HTTP/1.1" 200 152575
201.245.192.253 - - [05/Jan/2024:08:39:29 -0500] "POST /kwsrmcab/Wsrmcab HTTP/1.1" 200 40800
156.59.198.135 - - [05/Jan/2024:08:39:33 -0500] "GET /BLA/resoluciones/Notificaciones/AUTOS%202014/5389.doc HTTP/1.0" 200 95744
201.245.192.253 - - [05/Jan/2024:08:39:35 -0500] "POST /kwsrmcab/Wsrmcab  HTTP/1.1" 200 36937
172.22.2.4 - - [05/Jan/2024:08:37:59 -0500] "GET /BLA/boletinlegal/ HTTP/1.1" 200 60910
156.59.198.136 - - [05/Jan/2024:08:39:57 -0500] "GET /BLA/resoluciones/Notificaciones/AUTOS%202014/1014.doc HTTP/1.0" 200 232448
172.22.2.4 - - [05/Jan/2024:08:40:04 -0500] "GET /BLA/boletinlegal/modules/.hg/hgrc HTTP/1.1" 404 1018
201.245.192.253 - - [05/Jan/2024:08:40:15 -0500] "POST /kwsrmcab/Wsrmcab HTTP/1.1" 200 36390
156.59.198.135 - - [05/Jan/2024:08:40:22 -0500] "GET /BLA/resoluciones/Notificaciones/AUTOS%202014/3063.doc HTTP/1.0" 200 138240
216.245.221.92 - - [05/Jan/2024:08:40:41 -0500] "HEAD / HTTP/1.1" 200 -
156.59.198.135 - - [05/Jan/2024:08:40:45 -0500] "GET /BLA/resoluciones/Notificaciones/AUTOS%202014/0174.doc HTTP/1.0" 200 225792
186.84.90.178 - - [05/Jan/2024:08:41:01 -0500] "GET /appsia/controlador HTTP/1.1" 200 4799
156.59.198.135 - - [05/Jan/2024:08:41:09 -0500] "GET /BLA/resoluciones/Notificaciones/AUTOS%202014/6316.doc HTTP/1.0" 200 154624
186.84.90.178 - - [05/Jan/2024:08:41:16 -0500] "POST /appsia/controlador HTTP/1.1" 200 3598
186.84.90.178 - - [05/Jan/2024:08:41:17 -0500] "GET /appsia/jscripts/validarSolicitud.js HTTP/1.1" 404 68
186.84.90.178 - - [05/Jan/2024:08:41:20 -0500] "POST /appsia/controlador HTTP/1.1" 200 4799
52.167.144.217 - - [05/Jan/2024:08:41:30 -0500] "GET /BLA/resoluciones/AUTOS%202020/2671.pdf HTTP/1.1" 200 383855
156.59.198.135 - - [05/Jan/2024:08:41:34 -0500] "GET /BLA/resoluciones/Notificaciones/AUTOS%202014/4714.doc HTTP/1.0" 200 96768
186.84.90.178 - - [05/Jan/2024:08:41:39 -0500] "POST /appsia/controlador HTTP/1.1" 200 4621
186.84.90.178 - - [05/Jan/2024:08:41:42 -0500] "POST /appsia/controlador HTTP/1.1" 200 9435
186.84.90.178 - - [05/Jan/2024:08:41:52 -0500] "POST /appsia/controlador HTTP/1.1" 200 4621
156.59.198.135 - - [05/Jan/2024:08:41:58 -0500] "GET /BLA/resoluciones/Notificaciones/AUTOS%202014/2168.pdf HTTP/1.0" 200 344609
156.59.198.136 - - [05/Jan/2024:08:42:21 -0500] "GET /BLA/resoluciones/Notificaciones/AUTOS%202014/4489.doc HTTP/1.0" 200 99328
156.59.198.136 - - [05/Jan/2024:08:42:45 -0500] "GET /BLA/resoluciones/Notificaciones/AUTOS%202014/0142.doc HTTP/1.0" 200 237568
186.84.90.178 - - [05/Jan/2024:08:43:06 -0500] "POST /appsia/controlador HTTP/1.1" 200 9435
186.84.90.178 - - [05/Jan/2024:08:43:09 -0500] "POST /appsia/controlador HTTP/1.1" 200 4621
156.59.198.135 - - [05/Jan/2024:08:43:10 -0500] "GET /BLA/resoluciones/Notificaciones/AUTOS%202014/1368.doc HTTP/1.0" 200 255488
156.59.198.136 - - [05/Jan/2024:08:43:35 -0500] "GET /BLA/resoluciones/Notificaciones/AUTOS%202014/4768.doc HTTP/1.0" 200 97792
156.59.198.136 - - [05/Jan/2024:08:44:01 -0500] "GET /BLA/resoluciones/Notificaciones/AUTOS%202014/6300.doc HTTP/1.0" 200 156160
172.22.2.4 - - [05/Jan/2024:08:44:12 -0500] "GET /BLA/boletinlegal/content/.git/config HTTP/1.1" 404 1018
173.252.83.12 - - [05/Jan/2024:08:44:18 -0500] "GET /images/Senderos1.jpeg HTTP/1.1" 200 172777
156.59.198.135 - - [05/Jan/2024:08:44:24 -0500] "GET /BLA/resoluciones/Notificaciones/AUTOS%202014/5766.doc HTTP/1.0" 200 153600
201.245.192.253 - - [05/Jan/2024:08:44:35 -0500] "POST /kwsrmcab/Wsrmcab  HTTP/1.1" 200 36937
172.22.2.4 - - [05/Jan/2024:08:42:59 -0500] "HEAD /BLA/boletinlegal/ HTTP/1.1" 200 -
156.59.198.136 - - [05/Jan/2024:08:44:48 -0500] "GET /BLA/resoluciones/Notificaciones/AUTOS%202014/2598.doc HTTP/1.0" 200 226304
179.19.46.96 - - [05/Jan/2024:08:45:05 -0500] "-" 408 -
156.59.198.136 - - [05/Jan/2024:08:45:12 -0500] "GET /BLA/resoluciones/Notificaciones/AUTOS%202014/02127.doc HTTP/1.0" 200 246784
172.22.2.4 - - [05/Jan/2024:08:43:49 -0500] "GET /BLA/boletinlegal/ HTTP/1.1" 200 58567
156.59.198.136 - - [05/Jan/2024:08:45:36 -0500] "GET /BLA/resoluciones/Notificaciones/AUTOS%202014/0025.doc HTTP/1.0" 200 230912
216.245.221.92 - - [05/Jan/2024:08:45:41 -0500] "HEAD / HTTP/1.1" 200 -
66.249.66.19 - - [05/Jan/2024:08:45:44 -0500] "GET /Publicaciones/2023EE171008.pdf HTTP/1.1" 404 228
69.63.184.6 - - [05/Jan/2024:08:45:52 -0500] "GET /images/secretaria-participantes.14-octubre.jpg HTTP/1.1" 200 102021
156.59.198.136 - - [05/Jan/2024:08:46:01 -0500] "GET /BLA/resoluciones/Notificaciones/AUTOS%202014/4643.doc HTTP/1.0" 200 97280
156.59.198.136 - - [05/Jan/2024:08:46:24 -0500] "GET /BLA/resoluciones/Notificaciones/AUTOS%202014/6311.doc HTTP/1.0" 200 154624
156.59.198.136 - - [05/Jan/2024:08:46:49 -0500] "GET /BLA/resoluciones/Notificaciones/AUTOS%202014/2366.doc HTTP/1.0" 200 285696
156.59.198.135 - - [05/Jan/2024:08:47:13 -0500] "GET /BLA/resoluciones/Notificaciones/AUTOS%202014/3741.doc HTTP/1.0" 200 99840
156.59.198.136 - - [05/Jan/2024:08:47:37 -0500] "GET /BLA/resoluciones/Notificaciones/AUTOS%202014/4897.doc HTTP/1.0" 200 98816
172.22.2.4 - - [05/Jan/2024:08:47:53 -0500] "GET /BLA/boletinlegal/actos.php HTTP/1.1" 200 9648
172.22.2.4 - - [05/Jan/2024:08:47:53 -0500] "GET /BLA/boletinlegal/favicon.ico HTTP/1.1" 404 1326
190.145.240.132 - - [05/Jan/2024:08:47:56 -0500] "GET /BLA/resoluciones/ HTTP/1.1" 200 13696
201.245.192.253 - - [05/Jan/2024:08:48:00 -0500] "POST /sipse/faces/presentacion/financiero/solicitudProceso/consultar.xhtml HTTP/1.1" 200 109566
201.245.192.253 - - [05/Jan/2024:08:48:00 -0500] "GET /sipse/faces/javax.faces.resource/theme.css?ln=primefaces-sipse HTTP/1.1" 304 -
201.245.192.253 - - [05/Jan/2024:08:48:00 -0500] "GET /sipse/faces/javax.faces.resource/primefaces.css?ln=primefaces&v=4.0 HTTP/1.1" 304 -
201.245.192.253 - - [05/Jan/2024:08:48:00 -0500] "GET /sipse/faces/javax.faces.resource/layout/layout.css?ln=primefaces&v=4.0 HTTP/1.1" 304 -
201.245.192.253 - - [05/Jan/2024:08:48:00 -0500] "GET /sipse/faces/javax.faces.resource/jquery/jquery.js?ln=primefaces&v=4.0 HTTP/1.1" 304 -
201.245.192.253 - - [05/Jan/2024:08:48:00 -0500] "GET /sipse/faces/javax.faces.resource/jquery/jquery-plugins.js?ln=primefaces&v=4.0 HTTP/1.1" 304 -
201.245.192.253 - - [05/Jan/2024:08:48:00 -0500] "GET /sipse/faces/javax.faces.resource/primefaces.js?ln=primefaces&v=4.0 HTTP/1.1" 304 -
201.245.192.253 - - [05/Jan/2024:08:48:00 -0500] "GET /sipse/faces/javax.faces.resource/layout/layout.js?ln=primefaces&v=4.0 HTTP/1.1" 304 -
201.245.192.253 - - [05/Jan/2024:08:48:01 -0500] "GET /sipse/css/imagen/contrasena.png HTTP/1.1" 404 383
201.245.192.253 - - [05/Jan/2024:08:48:01 -0500] "GET /appsia/controlador HTTP/1.1" 200 4799
156.59.198.135 - - [05/Jan/2024:08:48:02 -0500] "GET /BLA/resoluciones/Notificaciones/AUTOS%202014/3379.doc HTTP/1.0" 200 98304
190.145.240.132 - - [05/Jan/2024:08:48:02 -0500] "GET /BLA/resoluciones/index.php?dir=AUTOS+2023%2F HTTP/1.1" 200 481104
201.245.192.253 - - [05/Jan/2024:08:48:06 -0500] "POST /appsia/controlador HTTP/1.1" 200 5437
201.245.192.253 - - [05/Jan/2024:08:48:07 -0500] "POST /appsia/controlador HTTP/1.1" 200 8663
201.245.192.253 - - [05/Jan/2024:08:48:07 -0500] "GET /appsia/images/logo_escudo.png HTTP/1.1" 200 36965
207.46.13.31 - - [05/Jan/2024:08:48:19 -0500] "GET /portaldeninos/2021/06/06/ciudadanos-disfrutaron-del-tunel-ambiental-en-el-parque-de-los-novios/ HTTP/1.1" 200 105118
156.59.198.136 - - [05/Jan/2024:08:48:25 -0500] "GET /BLA/resoluciones/Notificaciones/AUTOS%202014/2415.doc HTTP/1.0" 200 229888
201.245.192.253 - - [05/Jan/2024:08:48:38 -0500] "GET /sipse/faces/index.xhtml HTTP/1.1" 200 677
201.245.192.253 - - [05/Jan/2024:08:48:38 -0500] "GET /sipse/faces/javax.faces.resource/theme.css?ln=primefaces-sipse HTTP/1.1" 200 50058
201.245.192.253 - - [05/Jan/2024:08:48:38 -0500] "GET /favicon.ico HTTP/1.1" 200 7782
201.245.192.253 - - [05/Jan/2024:08:48:38 -0500] "GET /sipse/faces/faces/autenticacion.xhtml HTTP/1.1" 200 12402
201.245.192.253 - - [05/Jan/2024:08:48:38 -0500] "GET /sipse/js/disable_browser_buttons.js HTTP/1.1" 200 3230
201.245.192.253 - - [05/Jan/2024:08:48:38 -0500] "GET /sipse/js/funciones.js HTTP/1.1" 200 12592
201.245.192.253 - - [05/Jan/2024:08:48:38 -0500] "GET /sipse/css/custom_css_sg.css HTTP/1.1" 200 9694
201.245.192.253 - - [05/Jan/2024:08:48:38 -0500] "GET /sipse/css/custom_css_sg_prime_login.css HTTP/1.1" 200 443
201.245.192.253 - - [05/Jan/2024:08:48:38 -0500] "GET /sipse/faces/javax.faces.resource/theme.css?ln=primefaces-sipse HTTP/1.1" 304 -
201.245.192.253 - - [05/Jan/2024:08:48:38 -0500] "GET /sipse/faces/javax.faces.resource/layout/layout.css?ln=primefaces&v=4.0 HTTP/1.1" 200 542
201.245.192.253 - - [05/Jan/2024:08:48:38 -0500] "GET /sipse/faces/javax.faces.resource/jquery/jquery.js?ln=primefaces&v=4.0 HTTP/1.1" 200 105384
201.245.192.253 - - [05/Jan/2024:08:48:38 -0500] "GET /sipse/faces/javax.faces.resource/layout/layout.js?ln=primefaces&v=4.0 HTTP/1.1" 200 87560
201.245.192.253 - - [05/Jan/2024:08:48:38 -0500] "GET /sipse/faces/javax.faces.resource/jquery/jquery-plugins.js?ln=primefaces&v=4.0 HTTP/1.1" 200 220526
201.245.192.253 - - [05/Jan/2024:08:48:38 -0500] "GET /sipse/faces/javax.faces.resource/primefaces.css?ln=primefaces&v=4.0 HTTP/1.1" 200 53295
201.245.192.253 - - [05/Jan/2024:08:48:38 -0500] "GET /sipse/faces/javax.faces.resource/primefaces.js?ln=primefaces&v=4.0 HTTP/1.1" 200 276924
201.245.192.253 - - [05/Jan/2024:08:48:38 -0500] "GET /sipse/css/imagen/logoSDG.png HTTP/1.1" 200 53064
201.245.192.253 - - [05/Jan/2024:08:48:38 -0500] "GET /sipse/faces/javax.faces.resource/images/ui-icons_898989_256x240.png?ln=primefaces-aristo HTTP/1.1" 200 5355
201.245.192.253 - - [05/Jan/2024:08:48:38 -0500] "GET /sipse/css/imagen/loginimg.png HTTP/1.1" 200 71635
201.245.192.253 - - [05/Jan/2024:08:48:40 -0500] "POST /sipse/faces/autenticacion.xhtml HTTP/1.1" 200 2221
201.245.192.253 - - [05/Jan/2024:08:48:40 -0500] "GET /sipse/faces/javax.faces.resource/messages/messages.png?ln=primefaces&v=4.0 HTTP/1.1" 200 27209
201.245.192.253 - - [05/Jan/2024:08:48:41 -0500] "POST /sipse/faces/autenticacion.xhtml HTTP/1.1" 200 16379
201.245.192.253 - - [05/Jan/2024:08:48:41 -0500] "GET /sipse/css/custom_css_sg_prime.css HTTP/1.1" 200 5201
201.245.192.253 - - [05/Jan/2024:08:48:41 -0500] "GET /sipse/faces/javax.faces.resource/theme.css?ln=primefaces-sipse HTTP/1.1" 304 -
201.245.192.253 - - [05/Jan/2024:08:48:41 -0500] "GET /sipse/faces/javax.faces.resource/layout/layout.css?ln=primefaces&v=4.0 HTTP/1.1" 304 -
201.245.192.253 - - [05/Jan/2024:08:48:41 -0500] "GET /sipse/faces/javax.faces.resource/primefaces.css?ln=primefaces&v=4.0 HTTP/1.1" 304 -
201.245.192.253 - - [05/Jan/2024:08:48:41 -0500] "GET /sipse/js/jquery.min.js HTTP/1.1" 200 85582
201.245.192.253 - - [05/Jan/2024:08:48:41 -0500] "GET /sipse/faces/javax.faces.resource/jquery/jquery.js?ln=primefaces&v=4.0 HTTP/1.1" 304 -
201.245.192.253 - - [05/Jan/2024:08:48:41 -0500] "GET /sipse/faces/javax.faces.resource/jquery/jquery-plugins.js?ln=primefaces&v=4.0 HTTP/1.1" 304 -
201.245.192.253 - - [05/Jan/2024:08:48:41 -0500] "GET /sipse/faces/javax.faces.resource/primefaces.js?ln=primefaces&v=4.0 HTTP/1.1" 304 -
201.245.192.253 - - [05/Jan/2024:08:48:41 -0500] "GET /sipse/faces/javax.faces.resource/layout/layout.js?ln=primefaces&v=4.0 HTTP/1.1" 304 -
201.245.192.253 - - [05/Jan/2024:08:48:41 -0500] "GET /sipse/css/v_mergente.css HTTP/1.1" 200 1505
201.245.192.253 - - [05/Jan/2024:08:48:41 -0500] "GET /sipse/css/imagen/contrasena.png HTTP/1.1" 404 383
201.245.192.253 - - [05/Jan/2024:08:48:41 -0500] "GET /sipse/imagenes/cargando.gif HTTP/1.1" 200 36959
201.245.192.253 - - [05/Jan/2024:08:48:41 -0500] "GET /sipse/imagenes/logoAplicacion.jpg HTTP/1.1" 200 155084
201.245.192.253 - - [05/Jan/2024:08:48:43 -0500] "GET /sipse/faces/javax.faces.resource/images/ui-bg_flat_0_2d5972_40x100.png?ln=primefaces-aristo HTTP/1.1" 200 183
201.245.192.253 - - [05/Jan/2024:08:48:43 -0500] "POST /sipse/faces/bienvenido.xhtml HTTP/1.1" 200 2658
201.245.192.253 - - [05/Jan/2024:08:48:43 -0500] "POST /sipse/faces/bienvenido.xhtml HTTP/1.1" 200 64069
201.245.192.253 - - [05/Jan/2024:08:48:44 -0500] "GET /sipse/faces/javax.faces.resource/primefaces.css?ln=primefaces&v=4.0 HTTP/1.1" 304 -
201.245.192.253 - - [05/Jan/2024:08:48:44 -0500] "GET /sipse/faces/javax.faces.resource/theme.css?ln=primefaces-sipse HTTP/1.1" 304 -
201.245.192.253 - - [05/Jan/2024:08:48:44 -0500] "GET /sipse/faces/javax.faces.resource/layout/layout.css?ln=primefaces&v=4.0 HTTP/1.1" 304 -
201.245.192.253 - - [05/Jan/2024:08:48:44 -0500] "GET /sipse/faces/javax.faces.resource/jquery/jquery.js?ln=primefaces&v=4.0 HTTP/1.1" 304 -
201.245.192.253 - - [05/Jan/2024:08:48:44 -0500] "GET /sipse/faces/javax.faces.resource/jquery/jquery-plugins.js?ln=primefaces&v=4.0 HTTP/1.1" 304 -
201.245.192.253 - - [05/Jan/2024:08:48:44 -0500] "GET /sipse/faces/javax.faces.resource/primefaces.js?ln=primefaces&v=4.0 HTTP/1.1" 304 -
201.245.192.253 - - [05/Jan/2024:08:48:44 -0500] "GET /sipse/faces/javax.faces.resource/layout/layout.js?ln=primefaces&v=4.0 HTTP/1.1" 304 -
201.245.192.253 - - [05/Jan/2024:08:48:44 -0500] "POST /sipse/faces/presentacion/financiero/solicitudProceso/listarSolicitudProceso.xhtml HTTP/1.1" 200 1556
156.59.198.136 - - [05/Jan/2024:08:48:50 -0500] "GET /BLA/resoluciones/Notificaciones/AUTOS%202014/0300.doc HTTP/1.0" 200 227840
201.245.192.253 - - [05/Jan/2024:08:49:06 -0500] "POST /sipse/faces/presentacion/financiero/solicitudProceso/listarSolicitudProceso.xhtml HTTP/1.1" 200 46422
201.245.192.253 - - [05/Jan/2024:08:49:06 -0500] "POST /sipse/faces/presentacion/financiero/solicitudProceso/listarSolicitudProceso.xhtml HTTP/1.1" 200 1560
201.245.192.253 - - [05/Jan/2024:08:49:07 -0500] "POST /sipse/faces/presentacion/financiero/solicitudProceso/listarSolicitudProceso.xhtml HTTP/1.1" 200 19760
201.245.192.253 - - [05/Jan/2024:08:49:07 -0500] "POST /sipse/faces/presentacion/financiero/solicitudProceso/listarSolicitudProceso.xhtml HTTP/1.1" 200 31758
156.59.198.136 - - [05/Jan/2024:08:49:14 -0500] "GET /BLA/resoluciones/Notificaciones/AUTOS%202014/6645.doc HTTP/1.0" 200 153088
201.245.192.253 - - [05/Jan/2024:08:49:34 -0500] "POST /kwsrmcab/Wsrmcab  HTTP/1.1" 200 36937
156.59.198.135 - - [05/Jan/2024:08:49:38 -0500] "GET /BLA/resoluciones/Notificaciones/AUTOS%202014/6026.doc HTTP/1.0" 200 154624
156.59.198.135 - - [05/Jan/2024:08:50:03 -0500] "GET /BLA/resoluciones/Notificaciones/AUTOS%202014/0168.doc HTTP/1.0" 200 230912
114.119.144.80 - - [05/Jan/2024:08:50:23 -0500] "GET /BLA/resoluciones/index.php?dir=AUTOS%2B2003/ HTTP/1.1" 200 13882
40.77.167.247 - - [05/Jan/2024:08:50:25 -0500] "GET /BLA/resoluciones/AUTOS%202020/2034.pdf HTTP/1.1" 200 356098
156.59.198.136 - - [05/Jan/2024:08:50:27 -0500] "GET /BLA/resoluciones/Notificaciones/AUTOS%202014/2926.doc HTTP/1.0" 200 243200
172.22.2.4 - - [05/Jan/2024:08:48:49 -0500] "HEAD /BLA/boletinlegal/ HTTP/1.1" 200 -
216.245.221.92 - - [05/Jan/2024:08:50:41 -0500] "HEAD / HTTP/1.1" 200 -
156.59.198.135 - - [05/Jan/2024:08:50:51 -0500] "GET /BLA/resoluciones/Notificaciones/AUTOS%202014/5201.doc HTTP/1.0" 200 97792
156.59.198.136 - - [05/Jan/2024:08:51:16 -0500] "GET /BLA/resoluciones/Notificaciones/AUTOS%202014/4256.doc HTTP/1.0" 200 95744
172.22.2.4 - - [05/Jan/2024:08:49:39 -0500] "GET /BLA/boletinlegal/ HTTP/1.1" 200 60502
156.59.198.136 - - [05/Jan/2024:08:51:40 -0500] "GET /BLA/resoluciones/Notificaciones/AUTOS%202014/4980.doc HTTP/1.0" 200 139776
52.167.144.176 - - [05/Jan/2024:08:51:58 -0500] "GET /BLA/resoluciones/AUTOS%202020/1964.pdf HTTP/1.1" 200 3062601
156.59.198.135 - - [05/Jan/2024:08:52:05 -0500] "GET /BLA/resoluciones/Notificaciones/AUTOS%202014/6027.doc HTTP/1.0" 200 154624
156.59.198.136 - - [05/Jan/2024:08:52:30 -0500] "GET /BLA/resoluciones/Notificaciones/AUTOS%202014/0920.doc HTTP/1.0" 200 229376
172.22.2.4 - - [05/Jan/2024:08:52:31 -0500] "GET /BLA/boletinlegal/components/.git/config HTTP/1.1" 404 1018
156.59.198.135 - - [05/Jan/2024:08:52:54 -0500] "GET /BLA/resoluciones/Notificaciones/AUTOS%202014/5834.doc HTTP/1.0" 200 154624
156.59.198.135 - - [05/Jan/2024:08:53:19 -0500] "GET /BLA/resoluciones/Notificaciones/AUTOS%202014/6653.doc HTTP/1.0" 200 155136
156.59.198.136 - - [05/Jan/2024:08:53:42 -0500] "GET /BLA/resoluciones/RESOLUCIONES%202010/0514.pdf HTTP/1.0" 200 373772
181.61.4.6 - - [05/Jan/2024:08:53:51 -0500] "GET /kwssiamovil/sm/ldap/au?x=U2FsdGVkX1+RIv2iyZsuT+jwkftchKB9/Y1/yzfwkDfvSNR6+rc5TeA2nfcAn/uy&y=U2FsdGVkX18yWnI3Kkrc1SBaDyjIUvQqS5uG1uT4JVCRU0F3dk2KIxg9lb3JAhqS HTTP/1.1" 200 30
181.61.4.6 - - [05/Jan/2024:08:53:51 -0500] "GET /kwssiamovil/sm/acme/s?s=U2FsdGVkX1+tTHchbuW1WpdOkSUPXv/QG9AL2OBjSPhCrcVnmzYKUFmv/44f9LWbkKPt2ruMIcDS1lhwbjr7tYNoym6r3MS982/uEWc0xgQ=&u=U2FsdGVkX19EHr6RaG25fQ8lL5D8Mxd3jNKRx1PYf5Y=&y=U2FsdGVkX18yWnI3Kkrc1SBaDyjIUvQqS5uG1uT4JVCRU0F3dk2KIxg9lb3JAhqS HTTP/1.1" 200 97
181.61.4.6 - - [05/Jan/2024:08:53:51 -0500] "GET /kwssiamovil/sm/acme/s?s=U2FsdGVkX1/Orh3uGCUUq6BliPdqy+YLRvDIiwWijVnSKIvXrzjKQZ2JSMtTjSVMagrfXqK1GpT+yz05DQXS4k1sHSLLj+V9p9gtYSWjVLw+xEZ2CaXNbHm+NOmfRtPuC8RQgxHPZR44/3W61BWBUX34LAGxGoqdcKFRl+E5xw+fGvheIaaSp6v/EIevploHfXZjlrHqwh1Ch8C13uXO3gnseGopqfo7TBVVcQFbgIGYdAhuC78p5vZwRJm2GGUS5QpWttF8Ib0PGrZ7RVM9Hl3h26Wd2I7Xy8LQlYhVcRUR2qsI0f6ScRri8OokbrU6Lwdx76bwtK1hAA4uhvMSLv+62wblU5GMGUaeeURqzdo6J8Z+T5KfH05iUp22YMtuHMzHihSV8K7UV9RYTo1oKtuAaGjKND8WIBvlCWygHosORDENnJgUO84z2olupDQrP/4gzWgwssj/wOdkYJ7kPtEGM1U54nOmovZSPTfqnaXgoG2Q9qZdki8j6FRfCaPuxp/UxjKaOBIMznQ9xQ7d4luPWwR9FoKRSkEIgyhpqajypb9mBy2ny3NOCKpx3fNJtA1Z9ryxm7M9VWK5vuSliXbXfiq4Pgkh0B9pu+ASShPZFdTdxA37uZ6gx/XG+rhb2vfSvskUlH3aDEA8XwSXHvZ+Mv+IxIdtdgAXOyQb1NI1PMKSYhti4qSfduvaeoCnKwFoLEcw3sTnbVdSLS6iVj4Qz/sqPJNgGIHaz5HvaHbnKnMjFkbGCyK8EH6PLtgVRSuw9hEyek0mUCZYm7IyGVuzKPOpwbBeaTy+SlsXoVKZi93WYuD4WKqaqsTA+rqKUd9WRpHdgqIXB6zITrm/DFsmj0pxZGsW6fj2Tqll3/vGeQQ5GRh6kX/bj24py0csfHNwLC9wuoS/APJyYwa2hquGW2NEG3+pmzzbxXYbsvyu1/DuNesBUTlADNPPQNziAhqVYFOA3O4+pvf6ATwUrCnj+fe1TlkuAsf0B5EUyRiixfa8bohMNKGSWH5JF9JzZYcjZn+0znGbpV2SCWDpk9PJggM85H0Ms41tLtlq8BiTuAbEX+iPTNcEdxdZEE3nIy2iiWc9QaAE1ayjbPTD7kcMDdLyI3UqhZdza0Stj+GETdnTXfuAuzO9FxOew9Xi0X79MRjrEi+slLTGo6Qlwov40qkZZwpGIpD9k8bGm9RUy+NeTa9sVfi7klJoylkiTDNV1oa2+khEsCSOoRT1qV3eYFZg81QHh0Lz3RkjEqP0QuwfkXDY21bFvUZrn0VWigQNW7+MdVlvtHsIf1FRyre3uKddG+94FTqsy4kKDv+HBJDBPXA6E6bO2R+L634Fg5J0/sj3VYoWdX1TUZBJx8vDwRfKGeP2a2jal48ikDURzs76cAxrZ0iksxZsMA2GDwpoBQ7dIJgAmwQUKtjD+n8hNu71TOU2QBvgPU1CZpjpoqjUCW04DqjY3X1A/t/hpZ0quAm0kmzhkP5XgHImrBSg44CQDDVTStyaMXRBPK9Rf7pt6K6dNHnvOKFTan7hkwhEIsFzB6Zi6Wo6XEbW+pqs05JB5I8Cvd0Ye1aOeFvQwqEXSQs4ubWQZr3i6lSulKwBFqn7K13YnWjiZdlwPrUwwyHtKn6q50Fuc1rxDCiBv3b0+ufP2NwVBPJtu1TNK94YOy33O1vcomShRI4x1G2+HROsus9YdTKNGfVdJoMNSp0JqZ8wPPiC7+ZrMRNHjq9HetMO8nc8n0RbVEYilWGTzL+rT9FMy31a3Vc/9BU=&u=U2FsdGVkX19EHr6RaG25fQ8lL5D8Mxd3jNKRx1PYf5Y=&y=U2FsdGVkX18yWnI3Kkrc1SBaDyjIUvQqS5uG1uT4JVCRU0F3dk2KIxg9lb3JAhqS HTTP/1.1" 200 72
181.61.4.6 - - [05/Jan/2024:08:53:51 -0500] "GET /kwssiamovil/sm/acme/s?s=U2FsdGVkX19UnFtsWS1Lypk/qEqitFcSR7YzQKOdn8ILI+AKKqB9PrHmrceVhhzAJGnLaollxPfyU3LdhMEfLJOQ/CFftRRkIMgGDeQhThSvv0bctcpsWp88AW6/vBJMsB/Sdfom1S+NYh2tgvQLuh/Al7LQtoGq7dssVA3hBfZVQwxuh8cborhkXqYphnPr2GR2WbwVOz5vE0N6nVy3ZU4W0lr640ISE8Q1aNHPBYPI5eSeilZR/MBIk1TEVJfA8zYSz/Mos3KR3zhU4xPl1gYLeUt6wNNpeJfUo0RWjkUaLvbYqQtUMvoFOi6PFRCFNrnOqofDevjdXykER673zLPIRiiPbxqBWqvJAT7fUXVtuDAih1dUuBEEcS3tNSl/JfWOOwq0NP2ioBEKmmqy/mcofmOkBD4F+Bv66mY4BrNfdpBxFHAdTglVP+S5wWAWIW5VZK+OM0hT+zNhrdqKLvl7VqNrH0DtuNNiBNossLvnXnHi4g4VnqzuNwzmLseb7dUELQBlHZoiMdN4IAD1V8WknUD7cNgoOv6cr0UCGfhztdP1VA/8Lk39kZkRtsVTJN3Zeyv76TBcZTaJYeajXzVSdElxZd6DKmxKtmFeit12CyL0Q0B41ibx53ktIOMwWLiRKixu/ZwzkJUCpQgf+zAFlblK8xHZ5FEFgAhxPuhGA+VXaNRgma1SzQIqGtecBAkjyz8UbkTl4eJwIfMuncQ7tyajJ0JF+f9uTsS9J27SVnWU/2Hcb3VNvV1721hf&u=U2FsdGVkX19EHr6RaG25fQ8lL5D8Mxd3jNKRx1PYf5Y=&y=U2FsdGVkX18yWnI3Kkrc1SBaDyjIUvQqS5uG1uT4JVCRU0F3dk2KIxg9lb3JAhqS HTTP/1.1" 200 72
156.59.198.135 - - [05/Jan/2024:08:54:06 -0500] "GET /BLA/resoluciones/Notificaciones/AUTOS%202014/3254.doc HTTP/1.0" 200 103424
156.59.198.135 - - [05/Jan/2024:08:54:32 -0500] "GET /BLA/resoluciones/Notificaciones/AUTOS%202014/0549.doc HTTP/1.0" 200 241152
201.245.192.253 - - [05/Jan/2024:08:54:32 -0500] "POST /kwsrmcab/Wsrmcab  HTTP/1.1" 200 36937
156.59.198.136 - - [05/Jan/2024:08:54:54 -0500] "GET /BLA/resoluciones/Notificaciones/AUTOS%202014/2069.doc HTTP/1.0" 200 242176
156.59.198.135 - - [05/Jan/2024:08:55:19 -0500] "GET /BLA/resoluciones/RESOLUCIONES%202010/0442.pdf HTTP/1.0" 200 103854
216.245.221.92 - - [05/Jan/2024:08:55:41 -0500] "HEAD / HTTP/1.1" 200 -
156.59.198.135 - - [05/Jan/2024:08:55:44 -0500] "GET /BLA/resoluciones/Notificaciones/AUTOS%202014/3031.doc HTTP/1.0" 200 98816
186.102.70.65 - - [05/Jan/2024:08:55:53 -0500] "GET /kwssiamovil/sm/des/ldap/au?x=U2FsdGVkX19AkUi48+f2XW85S4vyMKzIGumDtXrDqZNHn5Mwk4ShWPvzQBZ/6yTz&y=U2FsdGVkX1+iHDgrnkpiWHwtFp4LJaBmeMOKi92JeVrgIe8mwEYGtk/KPZrtJtR2 HTTP/1.1" 200 30
172.22.2.4 - - [05/Jan/2024:08:55:56 -0500] "GET /BLA/boletinlegal/Circulares/2010/Circular%2005%20de%208%20de%20septiembre%20de%202010.pdf HTTP/1.1" 200 2146608
172.22.2.4 - - [05/Jan/2024:08:55:56 -0500] "GET /BLA/boletinlegal/favicon.ico HTTP/1.1" 404 1480
186.102.70.65 - - [05/Jan/2024:08:55:53 -0500] "GET /kwssiamovil/sm/des/acme/s?s=U2FsdGVkX19rpq8zQCQLtmBPW6xAdkV9jNXmUxwZSt0zpLsDZJ68N7Er0VBNRTkMcj7HSaKFKr8yu7GGuesbu1lygFJBECS1fyPVJHfvwJg=&u=U2FsdGVkX1/37nPaTgUQPfuDnBfOh9a8tU23a5pL5K4=&y=U2FsdGVkX1+iHDgrnkpiWHwtFp4LJaBmeMOKi92JeVrgIe8mwEYGtk/KPZrtJtR2 HTTP/1.1" 200 97
186.102.70.65 - - [05/Jan/2024:08:55:57 -0500] "GET /kwssiamovil/sm/des/acme/s?s=U2FsdGVkX1+YxXl1rVn4M83opmlLwGXwZYqNGk30j18WdlySCAXABvoTXGn4D7XG2tcmtH8ZjlWPZjp1D5uMXuODJkYGdLAO6YAh9EW3vq5CWTfIershlhN45Q/3owAhgogtvvv1ltyA5+E84tRj30APmtXnWUIkltXTuE5x7wp64RaRCfQDBEJNlRTt8nblClr08sMXtMMsIsA35tHMNI3uvj/YLriQudsEXWi9NEnh/uVBLbCn9ibinogAGq9jDPXr4m4ZvqauA6gTo1SFmjLikliZkPUwtKUbmPLqg6C+Vx+TL4YKnlHMihoNVj/lGnoBJtrSw1CvGJMrJSIoK08X1LgzqBjsRri8TXURlcVl+xZnbHa6hfKhJScwIVI1zNtMi0uHZ/eDmuUmDD0S+erVW0E4qUslJ3+xb8enLqoJ3Qok55UBVr4QsYU4+QC7A9arX3YXp9Hn114qaFwXVhan6d3tpqkdHUEENte8bSVfzu4OVTk3q5Lwpzfui2fE4l6Se3ZlA8aFDNr5t5uS8u4Uwkv/sFxNdm19kMRMNu20f76yNNLnAroBZXZGFmWNeq5U98wXjspypg+JCTXDqlsLXZGvwA0N80mj1SNK+mJ7F1yvzZ5A8aSzx8Cyqxj7rAUZeG6KrDswYwKNQ1MH/NMvSlB4y40NPMm6wNabPNIPz9Jg3yX0qC7zMZ/HlpvM5+d/RMZwqLfqxdhx0GsrmJsda58pCq2+6VnMQzSPh+zXP093i6QWao0e6bQaL7e1HLl6xHLNB6yppLUccVxU96UOXxXwqtYxOaDZHnpGNWVrUSp6unhlsuEpmqf5yq3jfYQ3d/OPj1CVgx4igM6QUob1IUgVl8qTn7zmj6fuRKL/8C8Fubv0i5j6kmqLgBFoe1HZUWGdyFGOjq1hjbEwhYtbnKBPgMHsdZUh1wVwIwtbzW4F5ZFvS+taPRFmdBn/XyuMxPGXcB4bJbSjeT3tDfKNK08T5RHbD+JJoaoXTyqAkg0Sb1c9bAkyXA5yqO+eUUyrY+gvHSCVGBFS/7iFm9JQz76YynOeUT+urTfsfIJL6rH+AMiRvXf824OXwFu3251DSqfUC8QcQz3WGyZ6+o2Kechv3U9W0+Ws1HUjOAnlxBfm/FgldH7PStoD6MzfSNVQklhv0n9taQFEO67RfY03BA3WiQZXwDZotlKe3QkvgLyxIrOS/2R2xx/lRO0NzFaSxfo0K1ZJWkAM8jK2zj2uetGBa8Ds82i1m4o5ZbR5yTFX+qcL2XVZu8O1a9rg/eDi+xFqVFeKq1N1dklvF7BF3PM+W7YKlbmw0COb2YVBp1C6lggHAA1abU00iLrrrjQtuvwyE2p3sBicmNFQXBOLaodX374XILldsCwumAWaR0/+ZurGsx0NcpLGtezjndULpeuYOFKtK9hPFu64uqy57lBqDRK36nzpg7jCSVOYCDWbuaH2uKCbRiQiMQ/gFxEpzV7UWVcS2DRFC9qcMlRk/Vj2cdPkZSqFUVJPTYSsT6GsJNc8nn54r18zelK7zOgroff5eQmQ9IaTNiO/KOz9PEvZSx1VeR0uYYn5CqsvFls9K8fEg9oiP/ixbZDjCAX1jPN3KIC/KcJohaQ2SHPpHhgK1HF3pOXl/+ZjjrBn890QKCW6jSiMSiMTkAuMfUwzZh3pupza1LJt0Dq1rsjfLzD9DisMWaczAF0ZPBz2gyO6Zom0ZfN5tRrRxrQyN4lLCxVStJ+nfnEbfE4Za+n3iY5jhJkb+d5sQF4+5l8=&u=U2FsdGVkX1/37nPaTgUQPfuDnBfOh9a8tU23a5pL5K4=&y=U2FsdGVkX1+iHDgrnkpiWHwtFp4LJaBmeMOKi92JeVrgIe8mwEYGtk/KPZrtJtR2 HTTP/1.1" 200 539
186.102.70.65 - - [05/Jan/2024:08:55:58 -0500] "GET /kwssiamovil/sm/des/acme/s?s=U2FsdGVkX19+37j8E/QzceI2vpHQVEj9VC3f6BNArsJo/H/Ya0yQAqzYcGBUckzpRGJFXjcHzCRvOTTRcCJmqdsuhfsfRRdW7pA53q9Bv9bd+4OSSBxzF/eCa5URPouRDNGigrwYkxJUM2mL/m7IIRs7gtV1R0DeMQ52F1OcpV5JOfxXs9M5XE2UZ6vjpZE8&u=U2FsdGVkX1/37nPaTgUQPfuDnBfOh9a8tU23a5pL5K4=&y=U2FsdGVkX1+iHDgrnkpiWHwtFp4LJaBmeMOKi92JeVrgIe8mwEYGtk/KPZrtJtR2 HTTP/1.1" 200 43963
186.102.70.65 - - [05/Jan/2024:08:55:58 -0500] "GET /kwssiamovil/sm/des/ldap/au?x=U2FsdGVkX19aIAEugpesXEHYboOOAemnQLBmqO5ZU75wDMt4dSi2nf+owYX4TrL8&y=U2FsdGVkX18ySEht9MRclIwN6YuB7NhEBcHp/XqRsompDM5Vv7FOEhpyPKTZIXj5 HTTP/1.1" 200 30
186.102.70.65 - - [05/Jan/2024:08:55:58 -0500] "GET /kwssiamovil/sm/des/acme/s?s=U2FsdGVkX1/IgSglGewRduK5Obx4Ct2D87bZ/o5q/ObWbgrD1iqoBgZg+A0yNPKFKAeXBHtxlMggsSgGcitBAPmWTBv7OQkLju3lA8Zd6b0SJP7W3xkUSup7SfALyloembALWxFGSS5FlYtFZMp0h2v65P5oM/AEmgRfhjzmVhjHrCwWdEySwKPhlvtUvTI0VwQU71WhEiYSLwj22I0M+KS041za6Mwq17kbZXaEdEzrF9XJ3d4x6Au+8l8kyTOwxVDPyWQjMYPh3XSYBdoFe/S0WKTQaEZ7EsNa21NWd1fsUbf9z/hYbbu+zS5hpCdQeDTdVDveWpKjHaKi/p3iE56W2MhQzZ8oIeqN55xrtn01RShqp44j5pk2ENZw/0/HxXCmehrjDeAQWr3Jg2VR+Wx6JnDlIlTgNxVCrFwZO2TRwsuNlJxAJCClbEq6RSgpHqOKsCmTWGrkFK3JIMUWdye1mPgoUlyy8FoT9Xd3z0zVZTL/o4Uij+TXam1S6EqpvLeP0vwQiuyguPaK+IX3T4x0ybd0ZsRs7ws4BOhFKCmMxEwm6s7/qllZFKWopQbrzF9tcijjnykd4fg88G2ytL65BUZFb9xJJylw2kafrJ3Opj5oQlxZU7OOfzCHwMpViIYyEPSx9EwTmSVIjR5Y+9ME/zo4Bn3hmmmmf+RmAr98HfZhnaxjfiPJvSBx+C98TGcbBCX+nLLERYPB/HCKAOq1qUGnVqkRB07HbVVGKXwCs9izBoD7LHI5SDeMCcxw&u=U2FsdGVkX1/37nPaTgUQPfuDnBfOh9a8tU23a5pL5K4=&y=U2FsdGVkX1+iHDgrnkpiWHwtFp4LJaBmeMOKi92JeVrgIe8mwEYGtk/KPZrtJtR2 HTTP/1.1" 200 222
186.102.70.65 - - [05/Jan/2024:08:55:59 -0500] "GET /kwssiamovil/sm/des/acme/s?s=U2FsdGVkX1+AKXAsstXYLX3tSF81aW5W04QHCZodgxQS4IDxr8c5h6vzI4CNlehuaQT2behS4T6P48JxqjbgySNGlNZvLyFvh6i+HXCaOtQ=&u=U2FsdGVkX1+F2N2NW+rBAYhB8ppSKHieJUiJI6AXWfE=&y=U2FsdGVkX18ySEht9MRclIwN6YuB7NhEBcHp/XqRsompDM5Vv7FOEhpyPKTZIXj5 HTTP/1.1" 200 97
186.102.70.65 - - [05/Jan/2024:08:55:59 -0500] "GET /kwssiamovil/sm/des/acme/s?s=U2FsdGVkX1+hkLxDoZN6x9UeBDOIt9zooq5iROmGSV6AkoABIh1WzAuxNZ6VzY+3LTs56+q0i3XILeJwcGD2vY0vHsIuuTKdUQcpBvsEPAdHvg+o78+Lavyz+YVhdWOkgs6ppbxzzyPToNnH9/akjnClYawHoR9zMWcMo5dde8FVVWb1jBDIyYqgCOOgaTV5S+uqBfvY6aXTFPhDUZ//bNhNIdFFXMfbGs3SCgTtmykmZIAuyaqpePlXz9Uj6totzMjuOtRrTazWEK/uBrUTx4O5hjyrsBQZ1pBL6X99qavlG6cIqApfrnEvyaxpVrROruMrH3mdGL7aZZMokdZdSNvxkfq62lt0zKAPK6mDFK/LhcAWmZCBGBj8RbH9rZIiR6yLk4NfK1e77Ilqkjn3QkIIFZSJNMxAAnx48+BBzXI/lIChBBp1/QauztZDA7WM/T5zYJVbqLOujFBara+WRFGbWEnMgVVHjwpNTxO3V91KivjDB8PKCaVcTmRMhoLpMF5PDdo+vbSDqd1DVr/gfxLP3T+QDeOPzLwBvYqwE+AX2v9sSaJIE3qPT9Ae/dn+3MPM9slNtG/83l/nf3UfLMjIJ+bj9NI8hPOJkLHQQatEddUAOks3v4whsC8d4BI5i7V4xMLBFjTOGsvzwQfHfLLKG/OxHYDI9KK952CsbBs/NN/k3ypYngtriVtu181L6jFz2RoXmcN8ABbnN7epDt1K9YjXU/RHV8BeRZ0YJ7ziEsRqJIKPM+/PAuinllcftWX7lAUTRhmEtNqpIF26uw65up+21CItBcpUSeAg2F6spblosM1lvAg+DPuXGJEUGWQeOn7d1qvm+yFL4RGLA0dpYjXC8x7JkiMr0nwPIdguSg7xEJLU0EBNJeWyEsMqNw7VYdgk1ZIrILoL8N3gYg5741JQWUGtUS0jNe9dLRB8yvvToF97bAMC0rd2OCFDENSQinwTxnlLet/pLEy5gPUDY/hOXDHRW1eyzdHW3GH66UpoPqWL0kuz/dydbzvHuiQDw2jA8B9viQegFQNQK0KjlQ+drWMY7kg9RxiH9V7wFl4T1utYAr0hPBLu9J7mjnxjahKXGrus7DyUfLGQfR0YywYKBmn0IhTnxrl1KfGrSHCCss50AIzMgSM9ZvrEkAxgpdn3zi8hZk/MXNBOPXAndFvr9WmAXE1s98Wc3dXOSLkj9tCKVMxk81RLcW79aebpePgEYoXSWtLAEJf5zVYCUEOG+9tCBNrSsYla5dudCdvH6J56ahIBpCuxlaPC93azR49REqsxPYXgJJcFBUC+YUTPzcMuI1psORVX6P6Y5+TXgwgz6HUvKOMkGvBRGLF7zXmZFO7OdFbrqemY2wzukOQ/INCcjBUbjIiK5SD07vpMn0Xd9o14aHX+kDCnF3NTKGWREi6QeiFgC9QVknoPObkXJRlmNA9Nfu3DQFgx5aSEGa5PP5Jt88wHK0b8x6K+7R5BJl0Uj/sngGNwopZE8HppXNfGUaKnu2Qq5YMEx8BYI4tJbq8z9j5mQbjUubwpLgP7GyMjCdurOt0LzSu18mByKTRWn9wGsc/WQ5lAHAF3kX1YkdDADSuH978i5DHqTRNOjozVdzXrJoTTF04RCUeGanajX9x2zW8HKd3GPjsC1NedKfhFnuEjkiNtsN3ynKn1TDo3eq2QzgdknJR0lA7zKkdAcnPwNRqvUb0xq68KyKLweBYnMqTxy31jP9bkoN+KEG3kAAjzew9MBEAnQ9Gutkxr3TADjKyQGgQ=&u=U2FsdGVkX1+F2N2NW+rBAYhB8ppSKHieJUiJI6AXWfE=&y=U2FsdGVkX18ySEht9MRclIwN6YuB7NhEBcHp/XqRsompDM5Vv7FOEhpyPKTZIXj5 HTTP/1.1" 200 539
186.102.70.65 - - [05/Jan/2024:08:55:59 -0500] "GET /kwssiamovil/sm/des/acme/s?s=U2FsdGVkX1+hCLZwOBX+bgtAclpQ2KjJMhPhhGmJAJjctGg7bqTeRNSI5KA8oxU0QvqXDbpprV92XjwDoAIphxa8i0cXoS/OyZVal91hAtO1ZZdzZeCDhV6cySmXk0UTf1cDKQb2FE3eib1b92fgEFlIEypQ/wbH6AohTPT/Dy+sUqSUnpv/S2xTNAIgCC5w&u=U2FsdGVkX1+F2N2NW+rBAYhB8ppSKHieJUiJI6AXWfE=&y=U2FsdGVkX18ySEht9MRclIwN6YuB7NhEBcHp/XqRsompDM5Vv7FOEhpyPKTZIXj5 HTTP/1.1" 200 43963
186.102.70.65 - - [05/Jan/2024:08:55:59 -0500] "GET /kwssiamovil/sm/des/acme/s?s=U2FsdGVkX195qEUToNsB/zPpeT15DJ8wZ5/2Ja7NgfSlFy76OA9hzq4Dt5KJ8tLq8mKPP4V2NFw5m25qiqh8XdqizUtMASOQyVe/9BFGMrtSxgRnGX9XX2LyeNQMHCHGH3sAVbbQnaD0kN9KpjZMBL2+akoPVRRu0hGIBHIgNL9myvMFFXyWn6K76f9MTsvhtUjqJrf+COaw3PFo7CSn0IzUo3mskYGSVSubkuq1GtHfwVsjNxMwHpGQbIY9EMlgfrbQvab/uJt0Lw1qlTV18Cv9mGe9TcyxHM4nS5NVcOlYxZ4GVPue9kmJ0NWPNaJ0LfLJHJmPC8LWDn+AubKR0qDmob7EZS4JaWsgxD31kCsmgxjwAaoVFufizmV6QjZtFQ2f1TluSBKu+Dtfo3bofwKgwMJydImFPTcF+lvqx9265ZkVvprDz+7J0KLk8b2LRcUb8NEPQdxWp/X7b8Xr2qI33izXifWuPQ5dvC2aZCkqVBOGVPW3Cdjix0vBvqaZBA0euAhRaH5iA+gi7ZAisXEL55jz2VKKm5G9M3hVXdlKbi6pGuL/qZVHWfSuqxyFcVUw0I00TSToWEZfQWU32h9TfsbHS1Mjo462yNUXfSVx71cCyE25NwHOJLEgOphNA6ts1D4qc8KJAVGbDC1m/UuLKZ2AnKevW7x4RHkuAGIWQlWsUBKw3lZyQXoBMihHzOH7H9I81KqCFPcdYjBd+3YSnEPALczBpBcQnQiMnsnwPOOQEZkmrLGzNyDSBQf5&u=U2FsdGVkX1+F2N2NW+rBAYhB8ppSKHieJUiJI6AXWfE=&y=U2FsdGVkX18ySEht9MRclIwN6YuB7NhEBcHp/XqRsompDM5Vv7FOEhpyPKTZIXj5 HTTP/1.1" 200 222
186.102.70.65 - - [05/Jan/2024:08:55:59 -0500] "GET /kwssiamovil/sm/des/cjson/pre?f=19&x=U2FsdGVkX19AkUi48+f2XW85S4vyMKzIGumDtXrDqZNHn5Mwk4ShWPvzQBZ/6yTz HTTP/1.1" 200 65791
186.102.70.65 - - [05/Jan/2024:08:55:59 -0500] "GET /kwssiamovil/sm/des/cjson/pre?f=19&x=U2FsdGVkX19aIAEugpesXEHYboOOAemnQLBmqO5ZU75wDMt4dSi2nf+owYX4TrL8 HTTP/1.1" 200 65791
156.59.198.135 - - [05/Jan/2024:08:56:08 -0500] "GET /BLA/resoluciones/RESOLUCIONES%202010/1218.pdf HTTP/1.0" 200 124030
172.22.2.4 - - [05/Jan/2024:08:54:38 -0500] "HEAD /BLA/boletinlegal/ HTTP/1.1" 200 -
156.59.198.136 - - [05/Jan/2024:08:56:33 -0500] "GET /BLA/resoluciones/Notificaciones/AUTOS%202014/3675.doc HTTP/1.0" 200 166400
156.59.198.136 - - [05/Jan/2024:08:56:57 -0500] "GET /BLA/resoluciones/Notificaciones/AUTOS%202014/3687.doc HTTP/1.0" 200 110592
172.22.2.4 - - [05/Jan/2024:08:55:29 -0500] "GET /BLA/boletinlegal/ HTTP/1.1" 200 60910
156.59.198.136 - - [05/Jan/2024:08:57:21 -0500] "GET /BLA/resoluciones/Notificaciones/AUTOS%202014/7271.doc HTTP/1.0" 200 155136
156.59.198.136 - - [05/Jan/2024:08:57:45 -0500] "GET /BLA/resoluciones/Notificaciones/AUTOS%202014/3278.doc HTTP/1.0" 200 99840
52.167.144.228 - - [05/Jan/2024:08:57:51 -0500] "GET /BLA/resoluciones/AUTOS%202020/1546.pdf HTTP/1.1" 200 810361
156.59.198.135 - - [05/Jan/2024:08:58:09 -0500] "GET /BLA/resoluciones/RESOLUCIONES%202010/0239.pdf HTTP/1.0" 200 108383
156.59.198.136 - - [05/Jan/2024:08:58:34 -0500] "GET /BLA/resoluciones/RESOLUCIONES%202010/1659.pdf HTTP/1.0" 200 435593
190.145.97.44 - - [05/Jan/2024:08:58:56 -0500] "GET /distrito-exalto-a-246-empresas-de-bogota-por-su-alto-desempeno-y-responsabilidad-ambiental-durante-2023.html HTTP/1.1" 200 1039
156.59.198.136 - - [05/Jan/2024:08:58:59 -0500] "GET /BLA/resoluciones/RESOLUCIONES%202010/0497.pdf HTTP/1.0" 200 122066
156.59.198.135 - - [05/Jan/2024:08:59:23 -0500] "GET /BLA/resoluciones/RESOLUCIONES%202010/0045.pdf HTTP/1.0" 200 501095
201.245.192.253 - - [05/Jan/2024:08:59:31 -0500] "POST /kwsrmcab/Wsrmcab  HTTP/1.1" 200 36937
156.59.198.136 - - [05/Jan/2024:08:59:47 -0500] "GET /BLA/resoluciones/RESOLUCIONES%202010/1329.pdf HTTP/1.0" 200 79073
172.22.2.4 - - [05/Jan/2024:09:00:06 -0500] "GET /BLA/boletinlegal/actos.php HTTP/1.1" 200 9648
172.22.2.4 - - [05/Jan/2024:09:00:06 -0500] "GET /BLA/boletinlegal/styles2.css HTTP/1.1" 200 1838
172.22.2.4 - - [05/Jan/2024:09:00:06 -0500] "GET /BLA/boletinlegal/js/ajax_actos.js HTTP/1.1" 200 1322
172.22.2.4 - - [05/Jan/2024:09:00:06 -0500] "GET /BLA/boletinlegal/niceforms.js HTTP/1.1" 200 22876
172.22.2.4 - - [05/Jan/2024:09:00:07 -0500] "GET /BLA/boletinlegal/niceforms-default.css HTTP/1.1" 200 6694
172.22.2.4 - - [05/Jan/2024:09:00:07 -0500] "GET /BLA/boletinlegal/style.css HTTP/1.1" 200 9406
172.22.2.4 - - [05/Jan/2024:09:00:07 -0500] "GET /BLA/boletinlegal/js/lib.js HTTP/1.1" 200 6474
172.22.2.4 - - [05/Jan/2024:09:00:07 -0500] "GET /BLA/boletinlegal/js/popup.js HTTP/1.1" 200 1270
172.22.2.4 - - [05/Jan/2024:09:00:07 -0500] "GET /BLA/boletinlegal/js/jquery1.js HTTP/1.1" 200 29846
172.22.2.4 - - [05/Jan/2024:09:00:07 -0500] "GET /BLA/boletinlegal/images/cabezote%20BLEGAL.jpg HTTP/1.1" 200 118164
172.22.2.4 - - [05/Jan/2024:09:00:07 -0500] "GET /BLA/boletinlegal/images/subscribe-icon-big.png HTTP/1.1" 200 47702
172.22.2.4 - - [05/Jan/2024:09:00:07 -0500] "GET /BLA/boletinlegal/images/historia.png HTTP/1.1" 200 52775
172.22.2.4 - - [05/Jan/2024:09:00:07 -0500] "GET /BLA/boletinlegal/images/registro-usuarios.png HTTP/1.1" 200 8106
172.22.2.4 - - [05/Jan/2024:09:00:07 -0500] "GET /BLA/boletinlegal/images/green-yellow-blue-pink-th.png HTTP/1.1" 200 7394
172.22.2.4 - - [05/Jan/2024:09:00:07 -0500] "GET /BLA/boletinlegal/images/tel.png HTTP/1.1" 200 14477
172.22.2.4 - - [05/Jan/2024:09:00:07 -0500] "GET /BLA/boletinlegal/images/icono-email.png HTTP/1.1" 200 5544
172.22.2.4 - - [05/Jan/2024:09:00:09 -0500] "GET /BLA/boletinlegal/images/body_bg.jpg HTTP/1.1" 200 1601
172.22.2.4 - - [05/Jan/2024:09:00:09 -0500] "GET /BLA/boletinlegal/images/footer_bg.jpg HTTP/1.1" 200 586
172.22.2.4 - - [05/Jan/2024:09:00:09 -0500] "GET /BLA/boletinlegal/images/menu_rght.gif HTTP/1.1" 200 1627
172.22.2.4 - - [05/Jan/2024:09:00:09 -0500] "GET /BLA/boletinlegal/images/bg_top.jpg HTTP/1.1" 200 522
172.22.2.4 - - [05/Jan/2024:09:00:09 -0500] "GET /BLA/boletinlegal/images/menu_lft.gif HTTP/1.1" 200 1713
172.22.2.4 - - [05/Jan/2024:09:00:09 -0500] "GET /BLA/boletinlegal/images/text.jpg HTTP/1.1" 200 568
172.22.2.4 - - [05/Jan/2024:09:00:09 -0500] "GET /BLA/boletinlegal/images/menu_bg.jpg HTTP/1.1" 200 620
156.59.198.135 - - [05/Jan/2024:09:00:11 -0500] "GET /BLA/resoluciones/Notificaciones/AUTOS%202014/3780.doc HTTP/1.0" 200 101376
172.22.2.4 - - [05/Jan/2024:09:00:11 -0500] "GET /BLA/boletinlegal/images/hover.jpg HTTP/1.1" 200 640
172.22.2.4 - - [05/Jan/2024:09:00:11 -0500] "GET /BLA/boletinlegal/images/footer_bg_l.jpg HTTP/1.1" 200 776
172.22.2.4 - - [05/Jan/2024:09:00:11 -0500] "GET /BLA/boletinlegal/img/select-left.png HTTP/1.1" 200 263
172.22.2.4 - - [05/Jan/2024:09:00:11 -0500] "GET /BLA/boletinlegal/img/select-right.png HTTP/1.1" 200 44019
172.22.2.4 - - [05/Jan/2024:09:00:11 -0500] "GET /BLA/boletinlegal/img/0.png HTTP/1.1" 200 110
172.22.2.4 - - [05/Jan/2024:09:00:11 -0500] "GET /BLA/boletinlegal/img/button-left.png HTTP/1.1" 200 57071
172.22.2.4 - - [05/Jan/2024:09:00:12 -0500] "GET /BLA/boletinlegal/img/button.png HTTP/1.1" 200 43241
172.22.2.4 - - [05/Jan/2024:09:00:12 -0500] "GET /BLA/boletinlegal/img/button-right.png HTTP/1.1" 200 57878
172.22.2.4 - - [05/Jan/2024:09:00:12 -0500] "GET /BLA/boletinlegal/favicon.ico HTTP/1.1" 404 1326
156.59.198.136 - - [05/Jan/2024:09:00:36 -0500] "GET /BLA/resoluciones/RESOLUCIONES%202010/0474.pdf HTTP/1.0" 200 115966
216.245.221.92 - - [05/Jan/2024:09:00:41 -0500] "HEAD / HTTP/1.1" 200 -
201.245.192.253 - - [05/Jan/2024:09:00:43 -0500] "GET /sipse/faces/faces/autenticacion.xhtml HTTP/1.1" 200 12724
201.245.192.253 - - [05/Jan/2024:09:00:43 -0500] "GET /sipse/js/disable_browser_buttons.js HTTP/1.1" 200 3230
201.245.192.253 - - [05/Jan/2024:09:00:43 -0500] "GET /sipse/css/custom_css_sg_prime_login.css HTTP/1.1" 200 443
201.245.192.253 - - [05/Jan/2024:09:00:43 -0500] "GET /sipse/js/funciones.js HTTP/1.1" 200 12592
201.245.192.253 - - [05/Jan/2024:09:00:43 -0500] "GET /sipse/faces/javax.faces.resource/layout/layout.css;jsessionid=aQW8T+3vWhnF+uqSDFFtjZUJ.undefined?ln=primefaces&v=4.0 HTTP/1.1" 200 542
201.245.192.253 - - [05/Jan/2024:09:00:43 -0500] "GET /sipse/css/custom_css_sg.css HTTP/1.1" 200 9694
201.245.192.253 - - [05/Jan/2024:09:00:43 -0500] "GET /sipse/faces/javax.faces.resource/primefaces.css;jsessionid=aQW8T+3vWhnF+uqSDFFtjZUJ.undefined?ln=primefaces&v=4.0 HTTP/1.1" 200 53295
201.245.192.253 - - [05/Jan/2024:09:00:43 -0500] "GET /sipse/faces/javax.faces.resource/theme.css?ln=primefaces-sipse HTTP/1.1" 200 50058
201.245.192.253 - - [05/Jan/2024:09:00:43 -0500] "GET /sipse/faces/javax.faces.resource/jquery/jquery.js;jsessionid=aQW8T+3vWhnF+uqSDFFtjZUJ.undefined?ln=primefaces&v=4.0 HTTP/1.1" 200 105384
201.245.192.253 - - [05/Jan/2024:09:00:43 -0500] "GET /sipse/faces/javax.faces.resource/layout/layout.js;jsessionid=aQW8T+3vWhnF+uqSDFFtjZUJ.undefined?ln=primefaces&v=4.0 HTTP/1.1" 200 87560
201.245.192.253 - - [05/Jan/2024:09:00:43 -0500] "GET /sipse/faces/javax.faces.resource/primefaces.js;jsessionid=aQW8T+3vWhnF+uqSDFFtjZUJ.undefined?ln=primefaces&v=4.0 HTTP/1.1" 200 276924
201.245.192.253 - - [05/Jan/2024:09:00:43 -0500] "GET /sipse/faces/javax.faces.resource/jquery/jquery-plugins.js;jsessionid=aQW8T+3vWhnF+uqSDFFtjZUJ.undefined?ln=primefaces&v=4.0 HTTP/1.1" 200 220526
201.245.192.253 - - [05/Jan/2024:09:00:44 -0500] "GET /sipse/faces/javax.faces.resource/images/ui-icons_898989_256x240.png?ln=primefaces-aristo HTTP/1.1" 200 5355
201.245.192.253 - - [05/Jan/2024:09:00:44 -0500] "GET /sipse/css/imagen/logoSDG.png HTTP/1.1" 200 53064
201.245.192.253 - - [05/Jan/2024:09:00:44 -0500] "GET /sipse/css/imagen/loginimg.png HTTP/1.1" 200 71635
201.245.192.253 - - [05/Jan/2024:09:00:44 -0500] "GET /favicon.ico HTTP/1.1" 200 7782
201.245.192.253 - - [05/Jan/2024:09:00:44 -0500] "GET /sipse/faces/faces/index.xhtml HTTP/1.1" 200 677
201.245.192.253 - - [05/Jan/2024:09:00:44 -0500] "GET /sipse/faces/javax.faces.resource/theme.css?ln=primefaces-sipse HTTP/1.1" 304 -
201.245.192.253 - - [05/Jan/2024:09:00:44 -0500] "GET /sipse/faces/faces/faces/autenticacion.xhtml HTTP/1.1" 200 12402
201.245.192.253 - - [05/Jan/2024:09:00:44 -0500] "GET /sipse/faces/javax.faces.resource/theme.css?ln=primefaces-sipse HTTP/1.1" 304 -
201.245.192.253 - - [05/Jan/2024:09:00:44 -0500] "GET /sipse/faces/javax.faces.resource/layout/layout.css?ln=primefaces&v=4.0 HTTP/1.1" 200 542
201.245.192.253 - - [05/Jan/2024:09:00:44 -0500] "GET /sipse/faces/javax.faces.resource/primefaces.css?ln=primefaces&v=4.0 HTTP/1.1" 200 53295
201.245.192.253 - - [05/Jan/2024:09:00:44 -0500] "GET /sipse/faces/javax.faces.resource/jquery/jquery.js?ln=primefaces&v=4.0 HTTP/1.1" 304 -
201.245.192.253 - - [05/Jan/2024:09:00:44 -0500] "GET /sipse/faces/javax.faces.resource/jquery/jquery-plugins.js?ln=primefaces&v=4.0 HTTP/1.1" 304 -
201.245.192.253 - - [05/Jan/2024:09:00:44 -0500] "GET /sipse/faces/javax.faces.resource/primefaces.js?ln=primefaces&v=4.0 HTTP/1.1" 304 -
201.245.192.253 - - [05/Jan/2024:09:00:44 -0500] "GET /sipse/faces/javax.faces.resource/layout/layout.js?ln=primefaces&v=4.0 HTTP/1.1" 304 -
201.245.192.253 - - [05/Jan/2024:09:00:44 -0500] "GET /sipse/faces/javax.faces.resource/images/ui-icons_898989_256x240.png?ln=primefaces-aristo HTTP/1.1" 304 -
201.245.192.253 - - [05/Jan/2024:09:00:52 -0500] "POST /sipse/faces/autenticacion.xhtml HTTP/1.1" 200 2221
201.245.192.253 - - [05/Jan/2024:09:00:52 -0500] "GET /sipse/faces/javax.faces.resource/messages/messages.png?ln=primefaces&v=4.0 HTTP/1.1" 200 27209
201.245.192.253 - - [05/Jan/2024:09:00:53 -0500] "POST /sipse/faces/autenticacion.xhtml HTTP/1.1" 200 16396
201.245.192.253 - - [05/Jan/2024:09:00:53 -0500] "GET /sipse/css/custom_css_sg_prime.css HTTP/1.1" 200 5201
201.245.192.253 - - [05/Jan/2024:09:00:53 -0500] "GET /sipse/js/disable_browser_buttons.js HTTP/1.1" 200 3230
201.245.192.253 - - [05/Jan/2024:09:00:53 -0500] "GET /sipse/js/jquery.min.js HTTP/1.1" 200 85582
201.245.192.253 - - [05/Jan/2024:09:00:54 -0500] "GET /sipse/js/funciones.js HTTP/1.1" 200 12592
201.245.192.253 - - [05/Jan/2024:09:00:54 -0500] "GET /sipse/faces/javax.faces.resource/jquery/jquery.js?ln=primefaces&v=4.0 HTTP/1.1" 304 -
201.245.192.253 - - [05/Jan/2024:09:00:54 -0500] "GET /sipse/faces/javax.faces.resource/jquery/jquery-plugins.js?ln=primefaces&v=4.0 HTTP/1.1" 304 -
201.245.192.253 - - [05/Jan/2024:09:00:55 -0500] "GET /sipse/faces/javax.faces.resource/primefaces.js?ln=primefaces&v=4.0 HTTP/1.1" 304 -
201.245.192.253 - - [05/Jan/2024:09:00:55 -0500] "GET /sipse/faces/javax.faces.resource/layout/layout.js?ln=primefaces&v=4.0 HTTP/1.1" 304 -
201.245.192.253 - - [05/Jan/2024:09:00:55 -0500] "GET /sipse/css/v_mergente.css HTTP/1.1" 200 1505
201.245.192.253 - - [05/Jan/2024:09:00:55 -0500] "GET /sipse/imagenes/cargando.gif HTTP/1.1" 200 36959
201.245.192.253 - - [05/Jan/2024:09:00:55 -0500] "GET /sipse/css/imagen/contrasena.png HTTP/1.1" 404 383
201.245.192.253 - - [05/Jan/2024:09:00:55 -0500] "GET /sipse/imagenes/logoAplicacion.jpg HTTP/1.1" 200 155084
201.245.192.253 - - [05/Jan/2024:09:00:57 -0500] "GET /sipse/faces/javax.faces.resource/images/ui-bg_flat_0_2d5972_40x100.png?ln=primefaces-aristo HTTP/1.1" 200 183
201.245.192.253 - - [05/Jan/2024:09:00:57 -0500] "POST /sipse/faces/bienvenido.xhtml HTTP/1.1" 200 2658
201.245.192.253 - - [05/Jan/2024:09:00:58 -0500] "POST /sipse/faces/bienvenido.xhtml HTTP/1.1" 200 64051
201.245.192.253 - - [05/Jan/2024:09:00:59 -0500] "GET /sipse/js/disable_browser_buttons.js HTTP/1.1" 200 3230
201.245.192.253 - - [05/Jan/2024:09:00:59 -0500] "GET /sipse/js/jquery.min.js HTTP/1.1" 200 85582
201.245.192.253 - - [05/Jan/2024:09:00:59 -0500] "GET /sipse/js/funciones.js HTTP/1.1" 200 12592
201.245.192.253 - - [05/Jan/2024:09:00:59 -0500] "GET /sipse/faces/javax.faces.resource/jquery/jquery.js?ln=primefaces&v=4.0 HTTP/1.1" 304 -
201.245.192.253 - - [05/Jan/2024:09:00:59 -0500] "GET /sipse/faces/javax.faces.resource/jquery/jquery-plugins.js?ln=primefaces&v=4.0 HTTP/1.1" 304 -
201.245.192.253 - - [05/Jan/2024:09:01:00 -0500] "GET /sipse/faces/javax.faces.resource/primefaces.js?ln=primefaces&v=4.0 HTTP/1.1" 304 -
201.245.192.253 - - [05/Jan/2024:09:01:00 -0500] "GET /sipse/faces/javax.faces.resource/layout/layout.js?ln=primefaces&v=4.0 HTTP/1.1" 304 -
201.245.192.253 - - [05/Jan/2024:09:01:00 -0500] "POST /sipse/faces/presentacion/financiero/solicitudProceso/listarSolicitudProceso.xhtml HTTP/1.1" 200 1556
156.59.198.136 - - [05/Jan/2024:09:01:01 -0500] "GET /BLA/resoluciones/Notificaciones/AUTOS%202014/6978.doc HTTP/1.0" 200 272384
201.245.192.253 - - [05/Jan/2024:09:01:01 -0500] "POST /sipse/faces/presentacion/financiero/solicitudProceso/listarSolicitudProceso.xhtml HTTP/1.1" 200 59079
201.245.192.253 - - [05/Jan/2024:09:01:01 -0500] "GET /sipse/faces/javax.faces.resource/jquery/jquery.js?ln=primefaces&v=4.0 HTTP/1.1" 304 -
