172.22.2.4 - - [05/Jan/2024:15:40:40 -0500] "GET /BLA/boletinlegal/images/text.jpg HTTP/1.1" 200 568
172.22.2.4 - - [05/Jan/2024:15:40:40 -0500] "GET /BLA/boletinlegal/images/hover.jpg HTTP/1.1" 200 640
172.22.2.4 - - [05/Jan/2024:15:40:40 -0500] "GET /BLA/boletinlegal/images/footer_bg_l.jpg HTTP/1.1" 200 776
172.22.2.4 - - [05/Jan/2024:15:40:40 -0500] "GET /BLA/boletinlegal/images/footer_bg.jpg HTTP/1.1" 200 586
172.22.2.4 - - [05/Jan/2024:15:40:40 -0500] "GET /BLA/boletinlegal/img/0.png HTTP/1.1" 200 110
172.22.2.4 - - [05/Jan/2024:15:40:40 -0500] "GET /BLA/boletinlegal/img/select-left.png HTTP/1.1" 200 263
172.22.2.4 - - [05/Jan/2024:15:40:40 -0500] "GET /BLA/boletinlegal/img/button-left.png HTTP/1.1" 200 57071
172.22.2.4 - - [05/Jan/2024:15:40:40 -0500] "GET /BLA/boletinlegal/img/select-right.png HTTP/1.1" 200 44019
172.22.2.4 - - [05/Jan/2024:15:40:40 -0500] "GET /BLA/boletinlegal/img/button.png HTTP/1.1" 200 43241
172.22.2.4 - - [05/Jan/2024:15:40:40 -0500] "GET /BLA/boletinlegal/img/button-right.png HTTP/1.1" 200 57878
172.22.2.4 - - [05/Jan/2024:15:40:40 -0500] "GET /BLA/boletinlegal/favicon.ico HTTP/1.1" 404 1326
216.245.221.92 - - [05/Jan/2024:15:40:40 -0500] "HEAD / HTTP/1.1" 200 -
201.245.192.253 - - [05/Jan/2024:15:40:41 -0500] "POST /sipse/faces/presentacion/financiero/solicitudProceso/consultarSolicitudProceso.xhtml HTTP/1.1" 200 257952
172.22.2.4 - - [05/Jan/2024:15:40:47 -0500] "GET /BLA/boletinlegal/consulta_actos.php?tipo=autos&no=5311&usuario=&sector=&fecha=2023&resuelve= HTTP/1.1" 200 1071
172.22.2.4 - - [05/Jan/2024:15:40:47 -0500] "GET /BLA/boletinlegal/images/pdf.gif HTTP/1.1" 200 567
186.102.71.21 - - [05/Jan/2024:15:40:50 -0500] "GET /kwssiamovil/sm/ldap/au?x=U2FsdGVkX19JRDQDWXQKJTbgW9S1yfuj9p5JJmmbA9K6DLS/nc1H6swC2wFN83x4kwiR6lSQR3/ZyavIJULadg==&y=U2FsdGVkX18A12wvDcZrEsEls+nDJP0s5PHNLPlmlVif4qfiEgX+5DfGxEfiVkCj HTTP/1.1" 200 30
186.102.71.21 - - [05/Jan/2024:15:40:50 -0500] "GET /kwssiamovil/sm/acme/s?s=U2FsdGVkX18fz9BXM8ZeM0jaxL99zkM6XUBQ3vFj3+P9c0w1ZxWUnmdUgDAhzXuTIaI7VPAne47Thhrp1HLqW0w7AcFPI4KpDg06xKPzs4c=&u=U2FsdGVkX18QP6Ppf+Ui2Zo3a44R2FxLjuzukf6BjjnxCXglIwwBYva7Q2Xuwo1m&y=U2FsdGVkX18A12wvDcZrEsEls+nDJP0s5PHNLPlmlVif4qfiEgX+5DfGxEfiVkCj HTTP/1.1" 200 97
186.102.71.21 - - [05/Jan/2024:15:40:50 -0500] "GET /kwssiamovil/sm/acme/s?s=U2FsdGVkX18vxH4v7srsJbbJajBFmNGaTiy8W3nW/1wfNNcu8aoMsDrDhdxJddlUESuiKLzslEgTyAi3dXgh7000faVCbfmaRcE5FRB4wMykAe29BrdX1CXDMPUfuNBP8uxX2F5iRUwLXMet6ahWlRCQmHOlkalL/csriG1IwqMZ+SApoqqexkEO0DlZbbl34ibaT7D4kr8INc0IhUtDnyfCezRGmq/jTeDT9RG11cg+3GHsbI4lA0ZI5mAMq2W8VG52oChfg+swdW8PBdb3xwJyMnYx7nlfSlmQPjPLi8qsEQufhcVlxoVOu6kp0+FVs2kvghIGqZN2/MBX2Fz6ZKxECY5bHir+GKvHhSGEqklC+wBgCihMOcoUiJHjwKeEnAb3Jm+dD5qV49tseId2FN752DDeC0FFhzQZSuTf1cQjN+JjnPIRha8LGtmCzE89LYdueUsJaiaOmPwHJlmbKdiWlVLFpE3aO/9o2SFZrJV3OjEW3/9/BwSJbb+xjqWhFTdlqzKYWIUT3cFOq8POtMBeNxG22N3jJM4HX2k0nmuPEcqQZvZzs6PJN0bxNssmjFnZ2ov9K8wHU8eDp2MT1iH5Ht6clPYhMic2K1rnHvC1Gg2+cvs1ltH4v8kyBpBMShfvji06o8UnZqvTV5topQXIR5N3qQFcrbUYAe8xNwZi02/VieVsq+kwQMx4UTQEqzCFosWiGjqE/ArrZm2C+TjKQn8p3ELz9rEKFiaOxpoU4vgargX46B2991G1hiCstQXc7DxXI7JxgsNb9xoa3AB9MIYvCap6uKgVt6GnPjALBVeX4NxIIx8IKUMX53JOjoin3skc1EKAlALS4EG13Ngf//00ENaKUY3TK52Rrz1dwmST0kCEY8APH+cWj2pqXxmSu2oCHpLBa3zaUsxIh1sLFXSXv8kSiLowDbQwAthB1RTL37zNdTSxSi+9jFmW1YnXebx/7nD5wj6nwElQ3frkPPq2p2dDSSMhC2GMi7E74gjayYASfCZ/BMBke+bSWNSeU7WoK9/e87giX9OIiJFeQ2rimlxyaIIO5lJhwC2iSGf793tRWoCwmHcKSPUMV67JSTcpD43YQxSvczk7bY5vMtEQhbVrnqvMBL0vHXWvBEsv7/u+rTjMiHYQjVPy/wf6Hb+WjBHVV8skWNXbv/hu/mstXp5ziEkGW0SXN7xWnJ9vR4RUQ2UjyWd2zyhk7U82NoibUH98NhoD7oFYEwgQiuhXpNwIh58r8k2plRuskFTJShCru/MGgot9cCpKmare0slTbCIhDcxuV7yTJ+lxVlvX6bqJbGCWga2V6S80XddIU4RAKALEGSTREQR1V2mXr2syKSTGtJifAPfwczGpWuYVzU7XFckQ25k3JZey5OphdeTnJJ59NnYLklXZiRUbGxudlw9IILvbnu9Q7n5Tc8PBpjoOrpOOejGKa2s=&u=U2FsdGVkX18QP6Ppf+Ui2Zo3a44R2FxLjuzukf6BjjnxCXglIwwBYva7Q2Xuwo1m&y=U2FsdGVkX18A12wvDcZrEsEls+nDJP0s5PHNLPlmlVif4qfiEgX+5DfGxEfiVkCj HTTP/1.1" 200 3481
186.102.71.21 - - [05/Jan/2024:15:40:50 -0500] "GET /kwssiamovil/sm/acme/s?s=U2FsdGVkX1+r4NHrKLxUhJEeFRwrHgFBhWbNHo87KUEkywzhJNiA+Hu8LTkPBHedAuZD4eqcdei7iNtfttvjeGjriFYXTcTCpEbuEzZwgPA3TcGjhOoJ97+vwrB+X/XhD1vxhW3d6YQgmcoQoixiW/03ve3u1Z3Edl744kpFJfnKKcLAjNvVPsq7/jGIo01fpvl0BT+dQeRcu7XDtylMI0vRE92S7W4nYHMOxzTeCLOV76+m9Y9dThbXXlJBjsbhEe4LF7due4l+Ktdb0SKqx0hDoMyGHBms9qtCkSGCX2551iP92itBs0mNQ2t5Bt5tyzJUbh0dBeTeUJo7UQm0cHCrqfTlkK9Z4Ogd39PZH7c=&u=U2FsdGVkX18QP6Ppf+Ui2Zo3a44R2FxLjuzukf6BjjnxCXglIwwBYva7Q2Xuwo1m&y=U2FsdGVkX18A12wvDcZrEsEls+nDJP0s5PHNLPlmlVif4qfiEgX+5DfGxEfiVkCj HTTP/1.1" 200 196
186.102.71.21 - - [05/Jan/2024:15:40:50 -0500] "GET /kwssiamovil/sm/cjson/pre?f=1&x=U2FsdGVkX19JRDQDWXQKJTbgW9S1yfuj9p5JJmmbA9K6DLS/nc1H6swC2wFN83x4kwiR6lSQR3/ZyavIJULadg== HTTP/1.1" 200 31032
156.59.198.135 - - [05/Jan/2024:15:40:56 -0500] "GET /BLA/resoluciones/RESOLUCIONES%202010/3797.pdf HTTP/1.0" 200 1036771
51.222.253.9 - - [05/Jan/2024:15:40:57 -0500] "GET /robots.txt HTTP/1.1" 404 1034
186.84.22.39 - - [05/Jan/2024:15:41:07 -0500] "GET /BLA/resoluciones/AUTOS%202023/5311.pdf HTTP/1.1" 200 373498
186.84.22.39 - - [05/Jan/2024:15:41:07 -0500] "GET /BLA/resoluciones/AUTOS%202023/5311.pdf HTTP/1.1" 206 1025
186.84.22.39 - - [05/Jan/2024:15:41:07 -0500] "GET /BLA/resoluciones/AUTOS%202023/5311.pdf HTTP/1.1" 200 373498
156.59.198.136 - - [05/Jan/2024:15:41:20 -0500] "GET /BLA/resoluciones/RESOLUCIONES%202010/4064.pdf HTTP/1.0" 200 494795
156.59.198.136 - - [05/Jan/2024:15:41:44 -0500] "GET /BLA/resoluciones/RESOLUCIONES%202010/2830.pdf HTTP/1.0" 200 380254
201.245.192.253 - - [05/Jan/2024:15:41:53 -0500] "GET /sipse/faces/javax.faces.resource/theme.css?ln=primefaces-sipse HTTP/1.1" 304 -
201.245.192.253 - - [05/Jan/2024:15:41:53 -0500] "GET /sipse/faces/javax.faces.resource/primefaces.css?ln=primefaces&v=4.0 HTTP/1.1" 304 -
201.245.192.253 - - [05/Jan/2024:15:41:53 -0500] "GET /sipse/faces/javax.faces.resource/layout/layout.css?ln=primefaces&v=4.0 HTTP/1.1" 304 -
201.245.192.253 - - [05/Jan/2024:15:41:53 -0500] "GET /sipse/faces/javax.faces.resource/jquery/jquery.js?ln=primefaces&v=4.0 HTTP/1.1" 304 -
201.245.192.253 - - [05/Jan/2024:15:41:53 -0500] "GET /sipse/faces/javax.faces.resource/jquery/jquery-plugins.js?ln=primefaces&v=4.0 HTTP/1.1" 304 -
201.245.192.253 - - [05/Jan/2024:15:41:53 -0500] "GET /sipse/faces/javax.faces.resource/primefaces.js?ln=primefaces&v=4.0 HTTP/1.1" 304 -
201.245.192.253 - - [05/Jan/2024:15:41:53 -0500] "GET /sipse/faces/javax.faces.resource/layout/layout.js?ln=primefaces&v=4.0 HTTP/1.1" 304 -
201.245.192.253 - - [05/Jan/2024:15:41:53 -0500] "POST /sipse/faces/presentacion/financiero/solicitudProceso/consultarSolicitudProceso.xhtml HTTP/1.1" 200 45937
201.245.192.253 - - [05/Jan/2024:15:41:53 -0500] "GET /sipse/faces/javax.faces.resource/images/ui-icons_898989_256x240.png?ln=primefaces-aristo HTTP/1.1" 304 -
201.245.192.253 - - [05/Jan/2024:15:41:54 -0500] "GET /sipse/faces/javax.faces.resource/images/ui-bg_flat_0_2d5972_40x100.png?ln=primefaces-aristo HTTP/1.1" 304 -
201.245.192.253 - - [05/Jan/2024:15:41:54 -0500] "POST /sipse/faces/presentacion/financiero/solicitudProceso/consultar.xhtml HTTP/1.1" 200 23081
201.245.192.253 - - [05/Jan/2024:15:41:58 -0500] "POST /sipse/faces/presentacion/financiero/solicitudProceso/consultar.xhtml HTTP/1.1" 200 13062
201.245.192.253 - - [05/Jan/2024:15:42:00 -0500] "POST /sipse/faces/presentacion/financiero/solicitudProceso/consultar.xhtml HTTP/1.1" 200 123666
201.245.192.253 - - [05/Jan/2024:15:42:00 -0500] "GET /sipse/faces/javax.faces.resource/jquery/jquery.js?ln=primefaces&v=4.0 HTTP/1.1" 304 -
201.245.192.253 - - [05/Jan/2024:15:42:00 -0500] "GET /sipse/faces/javax.faces.resource/jquery/jquery-plugins.js?ln=primefaces&v=4.0 HTTP/1.1" 304 -
201.245.192.253 - - [05/Jan/2024:15:42:00 -0500] "GET /sipse/faces/javax.faces.resource/primefaces.js?ln=primefaces&v=4.0 HTTP/1.1" 304 -
201.245.192.253 - - [05/Jan/2024:15:42:00 -0500] "GET /sipse/faces/javax.faces.resource/layout/layout.js?ln=primefaces&v=4.0 HTTP/1.1" 304 -
201.245.192.253 - - [05/Jan/2024:15:42:03 -0500] "POST /sipse/faces/presentacion/financiero/solicitudProceso/consultarSolicitudProceso.xhtml HTTP/1.1" 200 349051
156.59.198.135 - - [05/Jan/2024:15:42:10 -0500] "GET /BLA/resoluciones/RESOLUCIONES%202018/4778.PDF HTTP/1.0" 200 7788567
156.59.198.135 - - [05/Jan/2024:15:42:34 -0500] "GET /BLA/resoluciones/RESOLUCIONES%202010/3270.pdf HTTP/1.0" 200 489059
201.245.192.253 - - [05/Jan/2024:15:42:44 -0500] "POST /kwsrmcab/Wsrmcab  HTTP/1.1" 200 36937
156.59.198.136 - - [05/Jan/2024:15:42:59 -0500] "GET /BLA/resoluciones/RESOLUCIONES%202010/5358.pdf HTTP/1.0" 200 191238
66.249.66.20 - - [05/Jan/2024:15:43:01 -0500] "GET /transparencia/financiera/Desagregado%20con%20modificaciones/Vigencia%20actual/11.%20EJECUCION%20RESERVAS%20NOVIEMBRE%202020.pdf HTTP/1.1" 404 1018
201.245.192.253 - - [05/Jan/2024:15:43:14 -0500] "POST /sipse/faces/presentacion/financiero/solicitudProceso/consultarSolicitudProceso.xhtml HTTP/1.1" 200 45791
201.245.192.253 - - [05/Jan/2024:15:43:14 -0500] "GET /sipse/faces/javax.faces.resource/theme.css?ln=primefaces-sipse HTTP/1.1" 304 -
201.245.192.253 - - [05/Jan/2024:15:43:14 -0500] "GET /sipse/faces/javax.faces.resource/primefaces.css?ln=primefaces&v=4.0 HTTP/1.1" 304 -
201.245.192.253 - - [05/Jan/2024:15:43:14 -0500] "GET /sipse/faces/javax.faces.resource/layout/layout.css?ln=primefaces&v=4.0 HTTP/1.1" 304 -
201.245.192.253 - - [05/Jan/2024:15:43:14 -0500] "GET /sipse/faces/javax.faces.resource/jquery/jquery.js?ln=primefaces&v=4.0 HTTP/1.1" 304 -
201.245.192.253 - - [05/Jan/2024:15:43:14 -0500] "GET /sipse/faces/javax.faces.resource/jquery/jquery-plugins.js?ln=primefaces&v=4.0 HTTP/1.1" 304 -
201.245.192.253 - - [05/Jan/2024:15:43:14 -0500] "GET /sipse/faces/javax.faces.resource/primefaces.js?ln=primefaces&v=4.0 HTTP/1.1" 304 -
201.245.192.253 - - [05/Jan/2024:15:43:14 -0500] "GET /sipse/faces/javax.faces.resource/layout/layout.js?ln=primefaces&v=4.0 HTTP/1.1" 304 -
201.245.192.253 - - [05/Jan/2024:15:43:14 -0500] "GET /sipse/faces/javax.faces.resource/images/ui-icons_898989_256x240.png?ln=primefaces-aristo HTTP/1.1" 304 -
201.245.192.253 - - [05/Jan/2024:15:43:15 -0500] "GET /sipse/faces/javax.faces.resource/images/ui-bg_flat_0_2d5972_40x100.png?ln=primefaces-aristo HTTP/1.1" 304 -
201.245.192.253 - - [05/Jan/2024:15:43:15 -0500] "POST /sipse/faces/presentacion/financiero/solicitudProceso/consultar.xhtml HTTP/1.1" 200 23081
201.245.192.253 - - [05/Jan/2024:15:43:19 -0500] "POST /sipse/faces/presentacion/financiero/solicitudProceso/consultar.xhtml HTTP/1.1" 200 12989
201.245.192.253 - - [05/Jan/2024:15:43:21 -0500] "POST /sipse/faces/presentacion/financiero/solicitudProceso/consultar.xhtml HTTP/1.1" 200 121688
201.245.192.253 - - [05/Jan/2024:15:43:21 -0500] "GET /sipse/faces/javax.faces.resource/jquery/jquery.js?ln=primefaces&v=4.0 HTTP/1.1" 304 -
201.245.192.253 - - [05/Jan/2024:15:43:21 -0500] "GET /sipse/faces/javax.faces.resource/jquery/jquery-plugins.js?ln=primefaces&v=4.0 HTTP/1.1" 304 -
201.245.192.253 - - [05/Jan/2024:15:43:21 -0500] "GET /sipse/faces/javax.faces.resource/primefaces.js?ln=primefaces&v=4.0 HTTP/1.1" 304 -
201.245.192.253 - - [05/Jan/2024:15:43:21 -0500] "GET /sipse/faces/javax.faces.resource/layout/layout.js?ln=primefaces&v=4.0 HTTP/1.1" 304 -
156.59.198.136 - - [05/Jan/2024:15:43:22 -0500] "GET /BLA/resoluciones/RESOLUCIONES%202010/4395.pdf HTTP/1.0" 200 503841
201.245.192.253 - - [05/Jan/2024:15:43:25 -0500] "POST /sipse/faces/presentacion/financiero/solicitudProceso/consultarSolicitudProceso.xhtml HTTP/1.1" 200 160429
201.245.192.253 - - [05/Jan/2024:15:43:38 -0500] "POST /sipse/faces/presentacion/financiero/solicitudProceso/consultarSolicitudProceso.xhtml HTTP/1.1" 200 2141941
201.245.192.253 - - [05/Jan/2024:15:43:46 -0500] "POST /sipse/faces/presentacion/financiero/solicitudProceso/consultarSolicitudProceso.xhtml HTTP/1.1" 200 27660
156.59.198.136 - - [05/Jan/2024:15:43:47 -0500] "GET /BLA/resoluciones/RESOLUCIONES%202010/1957.pdf HTTP/1.0" 200 482769
201.245.192.253 - - [05/Jan/2024:15:43:49 -0500] "POST /sipse/faces/presentacion/financiero/solicitudProceso/consultarSolicitudProceso.xhtml HTTP/1.1" 200 27660
201.245.192.253 - - [05/Jan/2024:15:43:53 -0500] "POST /sipse/faces/presentacion/financiero/solicitudProceso/consultarSolicitudProceso.xhtml HTTP/1.1" 200 250376
156.59.198.135 - - [05/Jan/2024:15:44:10 -0500] "GET /BLA/resoluciones/RESOLUCIONES%202010/2118.pdf HTTP/1.0" 200 427124
40.77.167.7 - - [05/Jan/2024:15:44:27 -0500] "GET /BLA/resoluciones/index.php?dir=RESOLUCIONES+2006%2FRES+2006+2601-2650%2F HTTP/1.1" 200 11939
156.59.198.135 - - [05/Jan/2024:15:44:35 -0500] "GET /BLA/resoluciones/RESOLUCIONES%202010/2559.pdf HTTP/1.0" 200 664250
172.22.2.4 - - [05/Jan/2024:15:42:58 -0500] "HEAD /BLA/boletinlegal/ HTTP/1.1" 200 -
40.77.167.22 - - [05/Jan/2024:15:44:49 -0500] "GET /BLA/resoluciones/RESOLUCIONES%202013/1297.pdf HTTP/1.1" 200 5822299
201.245.192.253 - - [05/Jan/2024:15:44:51 -0500] "POST /sipse/faces/presentacion/financiero/solicitudProceso/consultarSolicitudProceso.xhtml HTTP/1.1" 200 45718
201.245.192.253 - - [05/Jan/2024:15:44:51 -0500] "GET /sipse/faces/javax.faces.resource/theme.css?ln=primefaces-sipse HTTP/1.1" 304 -
201.245.192.253 - - [05/Jan/2024:15:44:51 -0500] "GET /sipse/faces/javax.faces.resource/primefaces.css?ln=primefaces&v=4.0 HTTP/1.1" 304 -
201.245.192.253 - - [05/Jan/2024:15:44:51 -0500] "GET /sipse/faces/javax.faces.resource/jquery/jquery.js?ln=primefaces&v=4.0 HTTP/1.1" 304 -
201.245.192.253 - - [05/Jan/2024:15:44:51 -0500] "GET /sipse/faces/javax.faces.resource/primefaces.js?ln=primefaces&v=4.0 HTTP/1.1" 304 -
201.245.192.253 - - [05/Jan/2024:15:44:51 -0500] "GET /sipse/faces/javax.faces.resource/layout/layout.css?ln=primefaces&v=4.0 HTTP/1.1" 304 -
201.245.192.253 - - [05/Jan/2024:15:44:51 -0500] "GET /sipse/faces/javax.faces.resource/jquery/jquery-plugins.js?ln=primefaces&v=4.0 HTTP/1.1" 304 -
201.245.192.253 - - [05/Jan/2024:15:44:51 -0500] "GET /sipse/faces/javax.faces.resource/layout/layout.js?ln=primefaces&v=4.0 HTTP/1.1" 304 -
201.245.192.253 - - [05/Jan/2024:15:44:51 -0500] "GET /sipse/faces/javax.faces.resource/images/ui-icons_898989_256x240.png?ln=primefaces-aristo HTTP/1.1" 304 -
201.245.192.253 - - [05/Jan/2024:15:44:52 -0500] "GET /sipse/faces/javax.faces.resource/images/ui-bg_flat_0_2d5972_40x100.png?ln=primefaces-aristo HTTP/1.1" 304 -
201.245.192.253 - - [05/Jan/2024:15:44:52 -0500] "POST /sipse/faces/presentacion/financiero/solicitudProceso/consultar.xhtml HTTP/1.1" 200 23081
201.245.192.253 - - [05/Jan/2024:15:44:58 -0500] "POST /sipse/faces/presentacion/financiero/solicitudProceso/consultar.xhtml HTTP/1.1" 200 12926
156.59.198.135 - - [05/Jan/2024:15:45:01 -0500] "GET /BLA/resoluciones/RESOLUCIONES%202010/3858.pdf HTTP/1.0" 200 1091710
201.245.192.253 - - [05/Jan/2024:15:45:02 -0500] "POST /sipse/faces/presentacion/financiero/solicitudProceso/consultar.xhtml HTTP/1.1" 200 121344
201.245.192.253 - - [05/Jan/2024:15:45:02 -0500] "GET /sipse/faces/javax.faces.resource/jquery/jquery.js?ln=primefaces&v=4.0 HTTP/1.1" 304 -
201.245.192.253 - - [05/Jan/2024:15:45:02 -0500] "GET /sipse/faces/javax.faces.resource/jquery/jquery-plugins.js?ln=primefaces&v=4.0 HTTP/1.1" 304 -
201.245.192.253 - - [05/Jan/2024:15:45:02 -0500] "GET /sipse/faces/javax.faces.resource/primefaces.js?ln=primefaces&v=4.0 HTTP/1.1" 304 -
201.245.192.253 - - [05/Jan/2024:15:45:02 -0500] "GET /sipse/faces/javax.faces.resource/layout/layout.js?ln=primefaces&v=4.0 HTTP/1.1" 304 -
201.245.192.253 - - [05/Jan/2024:15:45:06 -0500] "POST /sipse/faces/presentacion/financiero/solicitudProceso/consultarSolicitudProceso.xhtml HTTP/1.1" 200 266134
190.90.132.140 - - [05/Jan/2024:15:45:15 -0500] "POST /sipse/faces/presentacion/financiero/solicitudProceso/consultarSolicitudProceso.xhtml HTTP/1.1" 200 43685
190.90.132.140 - - [05/Jan/2024:15:45:15 -0500] "GET /sipse/faces/javax.faces.resource/jquery/jquery.js?ln=primefaces&v=4.0 HTTP/1.1" 304 -
190.90.132.140 - - [05/Jan/2024:15:45:15 -0500] "GET /sipse/faces/javax.faces.resource/jquery/jquery-plugins.js?ln=primefaces&v=4.0 HTTP/1.1" 304 -
190.90.132.140 - - [05/Jan/2024:15:45:15 -0500] "GET /sipse/faces/javax.faces.resource/primefaces.js?ln=primefaces&v=4.0 HTTP/1.1" 304 -
190.90.132.140 - - [05/Jan/2024:15:45:16 -0500] "GET /sipse/faces/javax.faces.resource/layout/layout.js?ln=primefaces&v=4.0 HTTP/1.1" 304 -
190.90.132.140 - - [05/Jan/2024:15:45:16 -0500] "POST /sipse/faces/presentacion/financiero/solicitudProceso/consultar.xhtml HTTP/1.1" 200 37052
190.90.132.140 - - [05/Jan/2024:15:45:17 -0500] "POST /sipse/faces/presentacion/financiero/solicitudProceso/consultar.xhtml HTTP/1.1" 200 37052
190.90.132.140 - - [05/Jan/2024:15:45:17 -0500] "POST /sipse/faces/presentacion/financiero/solicitudProceso/consultar.xhtml HTTP/1.1" 200 37052
190.90.132.140 - - [05/Jan/2024:15:45:17 -0500] "POST /sipse/faces/presentacion/financiero/solicitudProceso/consultar.xhtml HTTP/1.1" 200 37052
190.90.132.140 - - [05/Jan/2024:15:45:17 -0500] "POST /sipse/faces/presentacion/financiero/solicitudProceso/consultar.xhtml HTTP/1.1" 200 37052
190.90.132.140 - - [05/Jan/2024:15:45:18 -0500] "POST /sipse/faces/presentacion/financiero/solicitudProceso/consultar.xhtml HTTP/1.1" 200 37052
190.90.132.140 - - [05/Jan/2024:15:45:18 -0500] "POST /sipse/faces/presentacion/financiero/solicitudProceso/consultar.xhtml HTTP/1.1" 200 37052
190.90.132.140 - - [05/Jan/2024:15:45:18 -0500] "POST /sipse/faces/presentacion/financiero/solicitudProceso/consultar.xhtml HTTP/1.1" 200 37052
190.90.132.140 - - [05/Jan/2024:15:45:19 -0500] "POST /sipse/faces/presentacion/financiero/solicitudProceso/consultar.xhtml HTTP/1.1" 200 37052
190.90.132.140 - - [05/Jan/2024:15:45:19 -0500] "POST /sipse/faces/presentacion/financiero/solicitudProceso/consultar.xhtml HTTP/1.1" 200 37052
190.90.132.140 - - [05/Jan/2024:15:45:19 -0500] "POST /sipse/faces/presentacion/financiero/solicitudProceso/consultar.xhtml HTTP/1.1" 200 37052
156.59.198.136 - - [05/Jan/2024:15:45:24 -0500] "GET /BLA/resoluciones/RESOLUCIONES%202010/3241.pdf HTTP/1.0" 200 759499
190.90.132.140 - - [05/Jan/2024:15:45:26 -0500] "POST /sipse/faces/presentacion/financiero/solicitudProceso/consultar.xhtml HTTP/1.1" 200 12787
172.22.2.4 - - [05/Jan/2024:15:43:48 -0500] "GET /BLA/boletinlegal/ HTTP/1.1" 200 58567
190.90.132.140 - - [05/Jan/2024:15:45:29 -0500] "POST /sipse/faces/presentacion/financiero/solicitudProceso/consultar.xhtml HTTP/1.1" 200 120124
190.90.132.140 - - [05/Jan/2024:15:45:29 -0500] "GET /sipse/faces/javax.faces.resource/jquery/jquery.js?ln=primefaces&v=4.0 HTTP/1.1" 304 -
190.90.132.140 - - [05/Jan/2024:15:45:29 -0500] "GET /sipse/faces/javax.faces.resource/jquery/jquery-plugins.js?ln=primefaces&v=4.0 HTTP/1.1" 304 -
190.90.132.140 - - [05/Jan/2024:15:45:30 -0500] "GET /sipse/faces/javax.faces.resource/primefaces.js?ln=primefaces&v=4.0 HTTP/1.1" 304 -
190.90.132.140 - - [05/Jan/2024:15:45:30 -0500] "GET /sipse/faces/javax.faces.resource/layout/layout.js?ln=primefaces&v=4.0 HTTP/1.1" 304 -
190.90.132.140 - - [05/Jan/2024:15:45:35 -0500] "POST /sipse/faces/presentacion/financiero/solicitudProceso/consultarSolicitudProceso.xhtml HTTP/1.1" 200 985605
216.245.221.92 - - [05/Jan/2024:15:45:40 -0500] "HEAD / HTTP/1.1" 200 -
157.55.39.225 - - [05/Jan/2024:15:45:48 -0500] "GET /robots.txt HTTP/1.1" 404 1018
156.59.198.135 - - [05/Jan/2024:15:45:50 -0500] "GET /BLA/resoluciones/RESOLUCIONES%202010/5288.pdf HTTP/1.0" 200 749929
201.245.192.253 - - [05/Jan/2024:15:45:57 -0500] "POST /sipse/faces/presentacion/financiero/solicitudProceso/consultarSolicitudProceso.xhtml HTTP/1.1" 200 45655
201.245.192.253 - - [05/Jan/2024:15:45:57 -0500] "GET /sipse/faces/javax.faces.resource/theme.css?ln=primefaces-sipse HTTP/1.1" 304 -
201.245.192.253 - - [05/Jan/2024:15:45:57 -0500] "GET /sipse/faces/javax.faces.resource/layout/layout.css?ln=primefaces&v=4.0 HTTP/1.1" 304 -
201.245.192.253 - - [05/Jan/2024:15:45:57 -0500] "GET /sipse/faces/javax.faces.resource/primefaces.css?ln=primefaces&v=4.0 HTTP/1.1" 304 -
201.245.192.253 - - [05/Jan/2024:15:45:57 -0500] "GET /sipse/faces/javax.faces.resource/jquery/jquery.js?ln=primefaces&v=4.0 HTTP/1.1" 304 -
201.245.192.253 - - [05/Jan/2024:15:45:57 -0500] "GET /sipse/faces/javax.faces.resource/jquery/jquery-plugins.js?ln=primefaces&v=4.0 HTTP/1.1" 304 -
201.245.192.253 - - [05/Jan/2024:15:45:57 -0500] "GET /sipse/faces/javax.faces.resource/primefaces.js?ln=primefaces&v=4.0 HTTP/1.1" 304 -
201.245.192.253 - - [05/Jan/2024:15:45:57 -0500] "GET /sipse/faces/javax.faces.resource/layout/layout.js?ln=primefaces&v=4.0 HTTP/1.1" 304 -
201.245.192.253 - - [05/Jan/2024:15:45:57 -0500] "GET /sipse/faces/javax.faces.resource/images/ui-icons_898989_256x240.png?ln=primefaces-aristo HTTP/1.1" 304 -
201.245.192.253 - - [05/Jan/2024:15:45:58 -0500] "GET /sipse/faces/javax.faces.resource/images/ui-bg_flat_0_2d5972_40x100.png?ln=primefaces-aristo HTTP/1.1" 304 -
201.245.192.253 - - [05/Jan/2024:15:45:58 -0500] "POST /sipse/faces/presentacion/financiero/solicitudProceso/consultar.xhtml HTTP/1.1" 200 23081
201.245.192.253 - - [05/Jan/2024:15:46:01 -0500] "POST /sipse/faces/presentacion/financiero/solicitudProceso/consultar.xhtml HTTP/1.1" 200 13064
201.245.192.253 - - [05/Jan/2024:15:46:03 -0500] "POST /sipse/faces/presentacion/financiero/solicitudProceso/consultar.xhtml HTTP/1.1" 200 125835
201.245.192.253 - - [05/Jan/2024:15:46:03 -0500] "GET /sipse/faces/javax.faces.resource/jquery/jquery.js?ln=primefaces&v=4.0 HTTP/1.1" 304 -
201.245.192.253 - - [05/Jan/2024:15:46:03 -0500] "GET /sipse/faces/javax.faces.resource/jquery/jquery-plugins.js?ln=primefaces&v=4.0 HTTP/1.1" 304 -
201.245.192.253 - - [05/Jan/2024:15:46:04 -0500] "GET /sipse/faces/javax.faces.resource/primefaces.js?ln=primefaces&v=4.0 HTTP/1.1" 304 -
201.245.192.253 - - [05/Jan/2024:15:46:04 -0500] "GET /sipse/faces/javax.faces.resource/layout/layout.js?ln=primefaces&v=4.0 HTTP/1.1" 304 -
201.245.192.253 - - [05/Jan/2024:15:46:07 -0500] "POST /sipse/faces/presentacion/financiero/solicitudProceso/consultarSolicitudProceso.xhtml HTTP/1.1" 200 119707
52.167.144.238 - - [05/Jan/2024:15:46:08 -0500] "GET /BLA/resoluciones/dlf/styles.css HTTP/1.1" 200 3049
52.167.144.238 - - [05/Jan/2024:15:46:09 -0500] "GET /BLA/resoluciones/AUTOS%202020/2331.pdf HTTP/1.1" 200 335535
156.59.198.135 - - [05/Jan/2024:15:46:13 -0500] "GET /BLA/resoluciones/RESOLUCIONES%202010/3409.pdf HTTP/1.0" 200 318534
190.90.132.140 - - [05/Jan/2024:15:46:23 -0500] "POST /sipse/faces/presentacion/financiero/solicitudProceso/consultarSolicitudProceso.xhtml HTTP/1.1" 200 43782
190.90.132.140 - - [05/Jan/2024:15:46:23 -0500] "GET /sipse/faces/javax.faces.resource/jquery/jquery.js?ln=primefaces&v=4.0 HTTP/1.1" 304 -
190.90.132.140 - - [05/Jan/2024:15:46:23 -0500] "GET /sipse/faces/javax.faces.resource/jquery/jquery-plugins.js?ln=primefaces&v=4.0 HTTP/1.1" 304 -
190.90.132.140 - - [05/Jan/2024:15:46:24 -0500] "GET /sipse/faces/javax.faces.resource/primefaces.js?ln=primefaces&v=4.0 HTTP/1.1" 304 -
190.90.132.140 - - [05/Jan/2024:15:46:24 -0500] "GET /sipse/faces/javax.faces.resource/layout/layout.js?ln=primefaces&v=4.0 HTTP/1.1" 304 -
190.90.132.140 - - [05/Jan/2024:15:46:24 -0500] "POST /sipse/faces/presentacion/financiero/solicitudProceso/consultar.xhtml HTTP/1.1" 200 37149
190.90.132.140 - - [05/Jan/2024:15:46:25 -0500] "POST /sipse/faces/presentacion/financiero/solicitudProceso/consultar.xhtml HTTP/1.1" 200 37149
190.90.132.140 - - [05/Jan/2024:15:46:25 -0500] "POST /sipse/faces/presentacion/financiero/solicitudProceso/consultar.xhtml HTTP/1.1" 200 37149
190.90.132.140 - - [05/Jan/2024:15:46:25 -0500] "POST /sipse/faces/presentacion/financiero/solicitudProceso/consultar.xhtml HTTP/1.1" 200 37149
190.90.132.140 - - [05/Jan/2024:15:46:26 -0500] "POST /sipse/faces/presentacion/financiero/solicitudProceso/consultar.xhtml HTTP/1.1" 200 37149
190.90.132.140 - - [05/Jan/2024:15:46:26 -0500] "POST /sipse/faces/presentacion/financiero/solicitudProceso/consultar.xhtml HTTP/1.1" 200 37149
190.90.132.140 - - [05/Jan/2024:15:46:26 -0500] "POST /sipse/faces/presentacion/financiero/solicitudProceso/consultar.xhtml HTTP/1.1" 200 37149
190.90.132.140 - - [05/Jan/2024:15:46:27 -0500] "POST /sipse/faces/presentacion/financiero/solicitudProceso/consultar.xhtml HTTP/1.1" 200 37149
190.90.132.140 - - [05/Jan/2024:15:46:27 -0500] "POST /sipse/faces/presentacion/financiero/solicitudProceso/consultar.xhtml HTTP/1.1" 200 37149
190.90.132.140 - - [05/Jan/2024:15:46:27 -0500] "POST /sipse/faces/presentacion/financiero/solicitudProceso/consultar.xhtml HTTP/1.1" 200 37149
190.90.132.140 - - [05/Jan/2024:15:46:27 -0500] "POST /sipse/faces/presentacion/financiero/solicitudProceso/consultar.xhtml HTTP/1.1" 200 37149
190.159.184.39 - - [05/Jan/2024:15:46:28 -0500] "GET /BLA/resoluciones/ HTTP/1.1" 200 13696
190.90.132.140 - - [05/Jan/2024:15:46:28 -0500] "POST /sipse/faces/presentacion/financiero/solicitudProceso/consultar.xhtml HTTP/1.1" 200 37149
190.90.132.140 - - [05/Jan/2024:15:46:28 -0500] "POST /sipse/faces/presentacion/financiero/solicitudProceso/consultar.xhtml HTTP/1.1" 200 37149
190.90.132.140 - - [05/Jan/2024:15:46:32 -0500] "POST /sipse/faces/presentacion/financiero/solicitudProceso/consultar.xhtml HTTP/1.1" 200 12814
190.90.132.140 - - [05/Jan/2024:15:46:35 -0500] "POST /sipse/faces/presentacion/financiero/solicitudProceso/consultar.xhtml HTTP/1.1" 200 120515
190.90.132.140 - - [05/Jan/2024:15:46:36 -0500] "GET /sipse/js/disable_browser_buttons.js HTTP/1.1" 200 3230
190.90.132.140 - - [05/Jan/2024:15:46:36 -0500] "GET /sipse/faces/javax.faces.resource/jquery/jquery.js?ln=primefaces&v=4.0 HTTP/1.1" 304 -
190.90.132.140 - - [05/Jan/2024:15:46:36 -0500] "GET /sipse/faces/javax.faces.resource/jquery/jquery-plugins.js?ln=primefaces&v=4.0 HTTP/1.1" 304 -
190.90.132.140 - - [05/Jan/2024:15:46:36 -0500] "GET /sipse/faces/javax.faces.resource/primefaces.js?ln=primefaces&v=4.0 HTTP/1.1" 304 -
190.90.132.140 - - [05/Jan/2024:15:46:36 -0500] "GET /sipse/faces/javax.faces.resource/layout/layout.js?ln=primefaces&v=4.0 HTTP/1.1" 304 -
156.59.198.135 - - [05/Jan/2024:15:46:37 -0500] "GET /BLA/resoluciones/RESOLUCIONES%202010/3094.pdf HTTP/1.0" 200 501931
190.90.132.140 - - [05/Jan/2024:15:46:47 -0500] "POST /sipse/faces/presentacion/financiero/solicitudProceso/consultarSolicitudProceso.xhtml HTTP/1.1" 200 115641
40.77.167.13 - - [05/Jan/2024:15:46:47 -0500] "GET /BLA/resoluciones/AUTOS%202020/3250.pdf HTTP/1.1" 200 350133
156.59.198.136 - - [05/Jan/2024:15:47:01 -0500] "GET /BLA/resoluciones/RESOLUCIONES%202010/4014.pdf HTTP/1.0" 200 63874
201.245.192.253 - - [05/Jan/2024:15:47:04 -0500] "POST /sipse/faces/presentacion/financiero/solicitudProceso/consultarSolicitudProceso.xhtml HTTP/1.1" 200 45793
201.245.192.253 - - [05/Jan/2024:15:47:04 -0500] "GET /sipse/faces/javax.faces.resource/theme.css?ln=primefaces-sipse HTTP/1.1" 304 -
201.245.192.253 - - [05/Jan/2024:15:47:04 -0500] "GET /sipse/faces/javax.faces.resource/primefaces.css?ln=primefaces&v=4.0 HTTP/1.1" 304 -
201.245.192.253 - - [05/Jan/2024:15:47:04 -0500] "GET /sipse/faces/javax.faces.resource/jquery/jquery-plugins.js?ln=primefaces&v=4.0 HTTP/1.1" 304 -
201.245.192.253 - - [05/Jan/2024:15:47:04 -0500] "GET /sipse/faces/javax.faces.resource/jquery/jquery.js?ln=primefaces&v=4.0 HTTP/1.1" 304 -
201.245.192.253 - - [05/Jan/2024:15:47:04 -0500] "GET /sipse/faces/javax.faces.resource/primefaces.js?ln=primefaces&v=4.0 HTTP/1.1" 304 -
201.245.192.253 - - [05/Jan/2024:15:47:04 -0500] "GET /sipse/faces/javax.faces.resource/layout/layout.css?ln=primefaces&v=4.0 HTTP/1.1" 304 -
201.245.192.253 - - [05/Jan/2024:15:47:04 -0500] "GET /sipse/faces/javax.faces.resource/layout/layout.js?ln=primefaces&v=4.0 HTTP/1.1" 304 -
201.245.192.253 - - [05/Jan/2024:15:47:04 -0500] "GET /sipse/faces/javax.faces.resource/images/ui-icons_898989_256x240.png?ln=primefaces-aristo HTTP/1.1" 304 -
201.245.192.253 - - [05/Jan/2024:15:47:05 -0500] "GET /sipse/faces/javax.faces.resource/images/ui-bg_flat_0_2d5972_40x100.png?ln=primefaces-aristo HTTP/1.1" 304 -
201.245.192.253 - - [05/Jan/2024:15:47:05 -0500] "POST /sipse/faces/presentacion/financiero/solicitudProceso/consultar.xhtml HTTP/1.1" 200 23081
201.245.192.253 - - [05/Jan/2024:15:47:09 -0500] "POST /sipse/faces/presentacion/financiero/solicitudProceso/consultar.xhtml HTTP/1.1" 200 13046
201.245.192.253 - - [05/Jan/2024:15:47:11 -0500] "POST /sipse/faces/presentacion/financiero/solicitudProceso/consultar.xhtml HTTP/1.1" 200 124475
201.245.192.253 - - [05/Jan/2024:15:47:11 -0500] "GET /sipse/faces/javax.faces.resource/jquery/jquery.js?ln=primefaces&v=4.0 HTTP/1.1" 304 -
201.245.192.253 - - [05/Jan/2024:15:47:11 -0500] "GET /sipse/faces/javax.faces.resource/jquery/jquery-plugins.js?ln=primefaces&v=4.0 HTTP/1.1" 304 -
201.245.192.253 - - [05/Jan/2024:15:47:11 -0500] "GET /sipse/faces/javax.faces.resource/primefaces.js?ln=primefaces&v=4.0 HTTP/1.1" 304 -
201.245.192.253 - - [05/Jan/2024:15:47:12 -0500] "GET /sipse/faces/javax.faces.resource/layout/layout.js?ln=primefaces&v=4.0 HTTP/1.1" 304 -
201.245.192.253 - - [05/Jan/2024:15:47:15 -0500] "POST /sipse/faces/presentacion/financiero/solicitudProceso/consultarSolicitudProceso.xhtml HTTP/1.1" 200 269881
201.245.192.253 - - [05/Jan/2024:15:47:16 -0500] "GET /appsia/controlador HTTP/1.1" 200 4799
156.59.198.136 - - [05/Jan/2024:15:47:27 -0500] "GET /BLA/resoluciones/RESOLUCIONES%202010/3472.pdf HTTP/1.0" 200 518393
201.245.192.253 - - [05/Jan/2024:15:47:28 -0500] "POST /appsia/controlador HTTP/1.1" 200 5437
201.245.192.253 - - [05/Jan/2024:15:47:42 -0500] "POST /kwsrmcab/Wsrmcab  HTTP/1.1" 200 36937
201.245.192.253 - - [05/Jan/2024:15:47:48 -0500] "POST /appsia/controlador HTTP/1.1" 200 7795
156.59.198.136 - - [05/Jan/2024:15:47:50 -0500] "GET /BLA/resoluciones/RESOLUCIONES%202010/3438.pdf HTTP/1.0" 200 741897
201.245.192.253 - - [05/Jan/2024:15:47:51 -0500] "POST /appsia/controlador HTTP/1.1" 200 5254
201.245.192.253 - - [05/Jan/2024:15:47:53 -0500] "GET /appsia/controlador?comando=ingresarMenuPrincipal&id=80022742&funcionario=LURENVER+GUSTAVO+GARCIA+GUTIERREZ&desde=80022742&hasta=80022742&version=80022742&accion=Regresar HTTP/1.1" 200 5437
201.245.192.253 - - [05/Jan/2024:15:47:55 -0500] "POST /appsia/controlador HTTP/1.1" 200 7795
190.90.132.140 - - [05/Jan/2024:15:48:02 -0500] "POST /sipse/faces/presentacion/financiero/solicitudProceso/consultarSolicitudProceso.xhtml HTTP/1.1" 200 43809
201.245.192.253 - - [05/Jan/2024:15:48:06 -0500] "POST /appsia/controlador HTTP/1.1" 200 6660
201.245.192.253 - - [05/Jan/2024:15:48:08 -0500] "POST /appsia/controlador HTTP/1.1" 200 11380
190.90.132.140 - - [05/Jan/2024:15:48:09 -0500] "GET /sipse/faces/javax.faces.resource/jquery/jquery.js?ln=primefaces&v=4.0 HTTP/1.1" 304 -
190.90.132.140 - - [05/Jan/2024:15:48:09 -0500] "GET /sipse/faces/javax.faces.resource/jquery/jquery-plugins.js?ln=primefaces&v=4.0 HTTP/1.1" 304 -
190.90.132.140 - - [05/Jan/2024:15:48:10 -0500] "GET /sipse/faces/javax.faces.resource/primefaces.js?ln=primefaces&v=4.0 HTTP/1.1" 304 -
190.90.132.140 - - [05/Jan/2024:15:48:10 -0500] "GET /sipse/faces/javax.faces.resource/layout/layout.js?ln=primefaces&v=4.0 HTTP/1.1" 304 -
190.90.132.140 - - [05/Jan/2024:15:48:11 -0500] "POST /sipse/faces/presentacion/financiero/solicitudProceso/consultar.xhtml HTTP/1.1" 200 37176
190.90.132.140 - - [05/Jan/2024:15:48:13 -0500] "POST /sipse/faces/presentacion/financiero/solicitudProceso/consultar.xhtml HTTP/1.1" 200 37176
190.90.132.140 - - [05/Jan/2024:15:48:13 -0500] "POST /sipse/faces/presentacion/financiero/solicitudProceso/consultar.xhtml HTTP/1.1" 200 37176
190.90.132.140 - - [05/Jan/2024:15:48:14 -0500] "POST /sipse/faces/presentacion/financiero/solicitudProceso/consultar.xhtml HTTP/1.1" 200 37176
156.59.198.136 - - [05/Jan/2024:15:48:15 -0500] "GET /BLA/resoluciones/RESOLUCIONES%202010/2013.pdf HTTP/1.0" 200 337868
190.90.132.140 - - [05/Jan/2024:15:48:15 -0500] "POST /sipse/faces/presentacion/financiero/solicitudProceso/consultar.xhtml HTTP/1.1" 200 37176
190.90.132.140 - - [05/Jan/2024:15:48:15 -0500] "POST /sipse/faces/presentacion/financiero/solicitudProceso/consultar.xhtml HTTP/1.1" 200 37176
190.90.132.140 - - [05/Jan/2024:15:48:16 -0500] "POST /sipse/faces/presentacion/financiero/solicitudProceso/consultar.xhtml HTTP/1.1" 200 37176
190.90.132.140 - - [05/Jan/2024:15:48:17 -0500] "POST /sipse/faces/presentacion/financiero/solicitudProceso/consultar.xhtml HTTP/1.1" 200 37176
190.90.132.140 - - [05/Jan/2024:15:48:18 -0500] "POST /sipse/faces/presentacion/financiero/solicitudProceso/consultar.xhtml HTTP/1.1" 200 37176
190.90.132.140 - - [05/Jan/2024:15:48:19 -0500] "POST /sipse/faces/presentacion/financiero/solicitudProceso/consultar.xhtml HTTP/1.1" 200 37176
190.90.132.140 - - [05/Jan/2024:15:48:19 -0500] "POST /sipse/faces/presentacion/financiero/solicitudProceso/consultar.xhtml HTTP/1.1" 200 37176
190.90.132.140 - - [05/Jan/2024:15:48:20 -0500] "POST /sipse/faces/presentacion/financiero/solicitudProceso/consultar.xhtml HTTP/1.1" 200 37176
190.90.132.140 - - [05/Jan/2024:15:48:21 -0500] "POST /sipse/faces/presentacion/financiero/solicitudProceso/consultar.xhtml HTTP/1.1" 200 37176
190.90.132.140 - - [05/Jan/2024:15:48:22 -0500] "POST /sipse/faces/presentacion/financiero/solicitudProceso/consultar.xhtml HTTP/1.1" 200 37176
190.90.132.140 - - [05/Jan/2024:15:48:23 -0500] "POST /sipse/faces/presentacion/financiero/solicitudProceso/consultar.xhtml HTTP/1.1" 200 37176
190.90.132.140 - - [05/Jan/2024:15:48:28 -0500] "POST /sipse/faces/presentacion/financiero/solicitudProceso/consultar.xhtml HTTP/1.1" 200 12809
190.90.132.140 - - [05/Jan/2024:15:48:32 -0500] "POST /sipse/faces/presentacion/financiero/solicitudProceso/consultar.xhtml HTTP/1.1" 200 121672
190.90.132.140 - - [05/Jan/2024:15:48:33 -0500] "GET /sipse/faces/javax.faces.resource/jquery/jquery.js?ln=primefaces&v=4.0 HTTP/1.1" 304 -
190.90.132.140 - - [05/Jan/2024:15:48:33 -0500] "GET /sipse/faces/javax.faces.resource/jquery/jquery-plugins.js?ln=primefaces&v=4.0 HTTP/1.1" 304 -
190.90.132.140 - - [05/Jan/2024:15:48:33 -0500] "GET /sipse/faces/javax.faces.resource/primefaces.js?ln=primefaces&v=4.0 HTTP/1.1" 304 -
190.90.132.140 - - [05/Jan/2024:15:48:34 -0500] "GET /sipse/faces/javax.faces.resource/layout/layout.js?ln=primefaces&v=4.0 HTTP/1.1" 304 -
156.59.198.135 - - [05/Jan/2024:15:48:40 -0500] "GET /BLA/resoluciones/RESOLUCIONES%202010/2507.pdf HTTP/1.0" 200 457247
190.90.132.140 - - [05/Jan/2024:15:48:45 -0500] "POST /sipse/faces/presentacion/financiero/solicitudProceso/consultarSolicitudProceso.xhtml HTTP/1.1" 200 143209
156.59.198.136 - - [05/Jan/2024:15:49:05 -0500] "GET /BLA/resoluciones/RESOLUCIONES%202010/2814.pdf HTTP/1.0" 200 324218
190.90.132.140 - - [05/Jan/2024:15:49:28 -0500] "POST /sipse/faces/presentacion/financiero/solicitudProceso/consultarSolicitudProceso.xhtml HTTP/1.1" 200 43804
190.90.132.140 - - [05/Jan/2024:15:49:29 -0500] "GET /sipse/faces/javax.faces.resource/jquery/jquery.js?ln=primefaces&v=4.0 HTTP/1.1" 304 -
190.90.132.140 - - [05/Jan/2024:15:49:29 -0500] "GET /sipse/faces/javax.faces.resource/jquery/jquery-plugins.js?ln=primefaces&v=4.0 HTTP/1.1" 304 -
190.90.132.140 - - [05/Jan/2024:15:49:29 -0500] "GET /sipse/faces/javax.faces.resource/primefaces.js?ln=primefaces&v=4.0 HTTP/1.1" 304 -
190.90.132.140 - - [05/Jan/2024:15:49:29 -0500] "GET /sipse/faces/javax.faces.resource/layout/layout.js?ln=primefaces&v=4.0 HTTP/1.1" 304 -
156.59.198.136 - - [05/Jan/2024:15:49:30 -0500] "GET /BLA/resoluciones/RESOLUCIONES%202010/2168.pdf HTTP/1.0" 200 489537
190.90.132.140 - - [05/Jan/2024:15:49:30 -0500] "POST /sipse/faces/presentacion/financiero/solicitudProceso/consultar.xhtml HTTP/1.1" 200 37171
190.90.132.140 - - [05/Jan/2024:15:49:31 -0500] "POST /sipse/faces/presentacion/financiero/solicitudProceso/consultar.xhtml HTTP/1.1" 200 37171
190.90.132.140 - - [05/Jan/2024:15:49:31 -0500] "POST /sipse/faces/presentacion/financiero/solicitudProceso/consultar.xhtml HTTP/1.1" 200 37171
190.90.132.140 - - [05/Jan/2024:15:49:32 -0500] "POST /sipse/faces/presentacion/financiero/solicitudProceso/consultar.xhtml HTTP/1.1" 200 37171
190.90.132.140 - - [05/Jan/2024:15:49:32 -0500] "POST /sipse/faces/presentacion/financiero/solicitudProceso/consultar.xhtml HTTP/1.1" 200 37171
190.90.132.140 - - [05/Jan/2024:15:49:32 -0500] "POST /sipse/faces/presentacion/financiero/solicitudProceso/consultar.xhtml HTTP/1.1" 200 37171
190.90.132.140 - - [05/Jan/2024:15:49:33 -0500] "POST /sipse/faces/presentacion/financiero/solicitudProceso/consultar.xhtml HTTP/1.1" 200 37171
190.90.132.140 - - [05/Jan/2024:15:49:33 -0500] "POST /sipse/faces/presentacion/financiero/solicitudProceso/consultar.xhtml HTTP/1.1" 200 37171
190.90.132.140 - - [05/Jan/2024:15:49:33 -0500] "POST /sipse/faces/presentacion/financiero/solicitudProceso/consultar.xhtml HTTP/1.1" 200 37171
190.90.132.140 - - [05/Jan/2024:15:49:34 -0500] "POST /sipse/faces/presentacion/financiero/solicitudProceso/consultar.xhtml HTTP/1.1" 200 37171
190.90.132.140 - - [05/Jan/2024:15:49:34 -0500] "POST /sipse/faces/presentacion/financiero/solicitudProceso/consultar.xhtml HTTP/1.1" 200 37171
190.90.132.140 - - [05/Jan/2024:15:49:35 -0500] "POST /sipse/faces/presentacion/financiero/solicitudProceso/consultar.xhtml HTTP/1.1" 200 37171
190.90.132.140 - - [05/Jan/2024:15:49:35 -0500] "POST /sipse/faces/presentacion/financiero/solicitudProceso/consultar.xhtml HTTP/1.1" 200 37171
190.90.132.140 - - [05/Jan/2024:15:49:35 -0500] "POST /sipse/faces/presentacion/financiero/solicitudProceso/consultar.xhtml HTTP/1.1" 200 37171
190.90.132.140 - - [05/Jan/2024:15:49:36 -0500] "POST /sipse/faces/presentacion/financiero/solicitudProceso/consultar.xhtml HTTP/1.1" 200 37171
190.90.132.140 - - [05/Jan/2024:15:49:36 -0500] "POST /sipse/faces/presentacion/financiero/solicitudProceso/consultar.xhtml HTTP/1.1" 200 37171
190.90.132.140 - - [05/Jan/2024:15:49:36 -0500] "POST /sipse/faces/presentacion/financiero/solicitudProceso/consultar.xhtml HTTP/1.1" 200 37171
190.90.132.140 - - [05/Jan/2024:15:49:48 -0500] "POST /sipse/faces/presentacion/financiero/solicitudProceso/consultar.xhtml HTTP/1.1" 200 12814
190.90.132.140 - - [05/Jan/2024:15:49:52 -0500] "POST /sipse/faces/presentacion/financiero/solicitudProceso/consultar.xhtml HTTP/1.1" 200 119983
190.90.132.140 - - [05/Jan/2024:15:49:52 -0500] "GET /sipse/faces/javax.faces.resource/jquery/jquery.js?ln=primefaces&v=4.0 HTTP/1.1" 304 -
190.90.132.140 - - [05/Jan/2024:15:49:52 -0500] "GET /sipse/faces/javax.faces.resource/jquery/jquery-plugins.js?ln=primefaces&v=4.0 HTTP/1.1" 304 -
190.90.132.140 - - [05/Jan/2024:15:49:52 -0500] "GET /sipse/faces/javax.faces.resource/primefaces.js?ln=primefaces&v=4.0 HTTP/1.1" 304 -
190.90.132.140 - - [05/Jan/2024:15:49:53 -0500] "GET /sipse/faces/javax.faces.resource/layout/layout.js?ln=primefaces&v=4.0 HTTP/1.1" 304 -
156.59.198.136 - - [05/Jan/2024:15:49:54 -0500] "GET /BLA/resoluciones/RESOLUCIONES%202010/4048.pdf HTTP/1.0" 200 736727
190.90.132.140 - - [05/Jan/2024:15:50:04 -0500] "POST /sipse/faces/presentacion/financiero/solicitudProceso/consultarSolicitudProceso.xhtml HTTP/1.1" 200 156850
156.59.198.136 - - [05/Jan/2024:15:50:19 -0500] "GET /BLA/resoluciones/RESOLUCIONES%202010/1816.pdf HTTP/1.0" 200 500317
172.22.2.4 - - [05/Jan/2024:15:50:21 -0500] "GET /BLA/boletinlegal/favicon.ico HTTP/1.1" 404 1018
172.22.2.4 - - [05/Jan/2024:15:48:47 -0500] "HEAD /BLA/boletinlegal/ HTTP/1.1" 200 -
216.245.221.92 - - [05/Jan/2024:15:50:40 -0500] "HEAD / HTTP/1.1" 200 -
172.22.2.4 - - [05/Jan/2024:15:50:02 -0500] "GET /BLA/boletinlegal/ HTTP/1.1" 200 20427
156.59.198.135 - - [05/Jan/2024:15:50:45 -0500] "GET /BLA/resoluciones/RESOLUCIONES%202010/3398.pdf HTTP/1.0" 200 317064
66.249.66.21 - - [05/Jan/2024:15:49:25 -0500] "HEAD /BLA/boletinlegal/index.php HTTP/1.1" 200 -
156.59.198.136 - - [05/Jan/2024:15:51:11 -0500] "GET /BLA/resoluciones/RESOLUCIONES%202010/5516.pdf HTTP/1.0" 200 2816787
172.22.2.4 - - [05/Jan/2024:15:50:05 -0500] "GET /BLA/boletinlegal/ HTTP/1.1" 200 32715
172.22.2.4 - - [05/Jan/2024:15:49:38 -0500] "GET /BLA/boletinlegal/ HTTP/1.1" 200 42193
52.167.144.200 - - [05/Jan/2024:15:51:25 -0500] "GET / HTTP/1.1" 200 4720
40.77.167.25 - - [05/Jan/2024:15:51:29 -0500] "GET /BLA/resoluciones/RESOLUCIONES%202023/02444.pdf HTTP/1.1" 200 470060
156.59.198.136 - - [05/Jan/2024:15:51:34 -0500] "GET /BLA/resoluciones/RESOLUCIONES%202010/3727.pdf HTTP/1.0" 200 495661
201.245.192.253 - - [05/Jan/2024:15:51:57 -0500] "GET /appsia/controlador HTTP/1.1" 200 4799
201.245.192.253 - - [05/Jan/2024:15:51:57 -0500] "GET /appsia/css/estilos.css HTTP/1.1" 200 4804
201.245.192.253 - - [05/Jan/2024:15:51:57 -0500] "GET /appsia/scripts/validarIngreso.js HTTP/1.1" 200 851
201.245.192.253 - - [05/Jan/2024:15:51:57 -0500] "GET /appsia/images/cabezoteHojaVida.png HTTP/1.1" 200 17934
156.59.198.135 - - [05/Jan/2024:15:51:59 -0500] "GET /BLA/resoluciones/RESOLUCIONES%202010/3269.pdf HTTP/1.0" 200 507321
156.59.198.136 - - [05/Jan/2024:15:52:23 -0500] "GET /BLA/resoluciones/RESOLUCIONES%202010/3705.pdf HTTP/1.0" 200 765929
201.245.192.253 - - [05/Jan/2024:15:52:41 -0500] "POST /kwsrmcab/Wsrmcab  HTTP/1.1" 200 36937
156.59.198.136 - - [05/Jan/2024:15:52:48 -0500] "GET /BLA/resoluciones/RESOLUCIONES%202010/3181.pdf HTTP/1.0" 200 505631
201.245.192.253 - - [05/Jan/2024:15:53:05 -0500] "POST /sipse/faces/presentacion/financiero/solicitudProceso/consultar.xhtml HTTP/1.1" 200 12695
201.245.192.253 - - [05/Jan/2024:15:53:08 -0500] "POST /sipse/faces/presentacion/financiero/solicitudProceso/consultar.xhtml HTTP/1.1" 200 911
201.245.192.253 - - [05/Jan/2024:15:53:11 -0500] "GET /sipse/faces/index.xhtml HTTP/1.1" 200 677
201.245.192.253 - - [05/Jan/2024:15:53:11 -0500] "GET /sipse/faces/javax.faces.resource/theme.css?ln=primefaces-sipse HTTP/1.1" 304 -
201.245.192.253 - - [05/Jan/2024:15:53:11 -0500] "GET /sipse/faces/faces/autenticacion.xhtml HTTP/1.1" 200 12402
201.245.192.253 - - [05/Jan/2024:15:53:11 -0500] "GET /sipse/faces/javax.faces.resource/theme.css?ln=primefaces-sipse HTTP/1.1" 304 -
201.245.192.253 - - [05/Jan/2024:15:53:11 -0500] "GET /sipse/faces/javax.faces.resource/primefaces.css?ln=primefaces&v=4.0 HTTP/1.1" 304 -
201.245.192.253 - - [05/Jan/2024:15:53:11 -0500] "GET /sipse/faces/javax.faces.resource/jquery/jquery.js?ln=primefaces&v=4.0 HTTP/1.1" 304 -
201.245.192.253 - - [05/Jan/2024:15:53:11 -0500] "GET /sipse/faces/javax.faces.resource/layout/layout.css?ln=primefaces&v=4.0 HTTP/1.1" 304 -
201.245.192.253 - - [05/Jan/2024:15:53:11 -0500] "GET /sipse/faces/javax.faces.resource/layout/layout.js?ln=primefaces&v=4.0 HTTP/1.1" 304 -
201.245.192.253 - - [05/Jan/2024:15:53:11 -0500] "GET /sipse/faces/javax.faces.resource/jquery/jquery-plugins.js?ln=primefaces&v=4.0 HTTP/1.1" 304 -
201.245.192.253 - - [05/Jan/2024:15:53:11 -0500] "GET /sipse/faces/javax.faces.resource/primefaces.js?ln=primefaces&v=4.0 HTTP/1.1" 304 -
201.245.192.253 - - [05/Jan/2024:15:53:11 -0500] "GET /sipse/faces/javax.faces.resource/images/ui-icons_898989_256x240.png?ln=primefaces-aristo HTTP/1.1" 304 -
156.59.198.136 - - [05/Jan/2024:15:53:12 -0500] "GET /BLA/resoluciones/RESOLUCIONES%202010/4051.pdf HTTP/1.0" 200 731803
201.245.192.253 - - [05/Jan/2024:15:53:37 -0500] "POST /sipse/faces/autenticacion.xhtml HTTP/1.1" 200 16831
201.245.192.253 - - [05/Jan/2024:15:53:37 -0500] "GET /sipse/faces/javax.faces.resource/theme.css?ln=primefaces-sipse HTTP/1.1" 304 -
201.245.192.253 - - [05/Jan/2024:15:53:37 -0500] "GET /sipse/faces/javax.faces.resource/primefaces.css?ln=primefaces&v=4.0 HTTP/1.1" 304 -
201.245.192.253 - - [05/Jan/2024:15:53:37 -0500] "GET /sipse/faces/javax.faces.resource/layout/layout.css?ln=primefaces&v=4.0 HTTP/1.1" 304 -
156.59.198.136 - - [05/Jan/2024:15:53:37 -0500] "GET /BLA/resoluciones/RESOLUCIONES%202010/5717.pdf HTTP/1.0" 200 83552
201.245.192.253 - - [05/Jan/2024:15:53:37 -0500] "GET /sipse/faces/javax.faces.resource/jquery/jquery.js?ln=primefaces&v=4.0 HTTP/1.1" 304 -
201.245.192.253 - - [05/Jan/2024:15:53:37 -0500] "GET /sipse/faces/javax.faces.resource/jquery/jquery-plugins.js?ln=primefaces&v=4.0 HTTP/1.1" 304 -
201.245.192.253 - - [05/Jan/2024:15:53:37 -0500] "GET /sipse/faces/javax.faces.resource/primefaces.js?ln=primefaces&v=4.0 HTTP/1.1" 304 -
201.245.192.253 - - [05/Jan/2024:15:53:37 -0500] "GET /sipse/faces/javax.faces.resource/layout/layout.js?ln=primefaces&v=4.0 HTTP/1.1" 304 -
201.245.192.253 - - [05/Jan/2024:15:53:37 -0500] "GET /sipse/css/imagen/contrasena.png HTTP/1.1" 404 383
201.245.192.253 - - [05/Jan/2024:15:53:37 -0500] "GET /sipse/faces/javax.faces.resource/messages/messages.png?ln=primefaces&v=4.0 HTTP/1.1" 304 -
201.245.192.253 - - [05/Jan/2024:15:53:39 -0500] "GET /sipse/faces/javax.faces.resource/images/ui-bg_flat_0_2d5972_40x100.png?ln=primefaces-aristo HTTP/1.1" 304 -
201.245.192.253 - - [05/Jan/2024:15:53:39 -0500] "POST /sipse/faces/bienvenido.xhtml HTTP/1.1" 200 1471
201.245.192.253 - - [05/Jan/2024:15:53:39 -0500] "POST /sipse/faces/bienvenido.xhtml HTTP/1.1" 200 34948
201.245.192.253 - - [05/Jan/2024:15:53:40 -0500] "GET /sipse/faces/javax.faces.resource/theme.css?ln=primefaces-sipse HTTP/1.1" 304 -
201.245.192.253 - - [05/Jan/2024:15:53:40 -0500] "GET /sipse/faces/javax.faces.resource/primefaces.css?ln=primefaces&v=4.0 HTTP/1.1" 304 -
201.245.192.253 - - [05/Jan/2024:15:53:40 -0500] "GET /sipse/faces/javax.faces.resource/layout/layout.css?ln=primefaces&v=4.0 HTTP/1.1" 304 -
201.245.192.253 - - [05/Jan/2024:15:53:40 -0500] "GET /sipse/faces/javax.faces.resource/jquery/jquery.js?ln=primefaces&v=4.0 HTTP/1.1" 304 -
201.245.192.253 - - [05/Jan/2024:15:53:40 -0500] "GET /sipse/faces/javax.faces.resource/jquery/jquery-plugins.js?ln=primefaces&v=4.0 HTTP/1.1" 304 -
201.245.192.253 - - [05/Jan/2024:15:53:40 -0500] "GET /sipse/faces/javax.faces.resource/primefaces.js?ln=primefaces&v=4.0 HTTP/1.1" 304 -
201.245.192.253 - - [05/Jan/2024:15:53:40 -0500] "GET /sipse/faces/javax.faces.resource/layout/layout.js?ln=primefaces&v=4.0 HTTP/1.1" 304 -
201.245.192.253 - - [05/Jan/2024:15:53:40 -0500] "POST /sipse/faces/presentacion/financiero/solicitudProceso/listarSolicitudProceso.xhtml HTTP/1.1" 200 1392
201.245.192.253 - - [05/Jan/2024:15:53:42 -0500] "POST /sipse/faces/presentacion/financiero/solicitudProceso/listarSolicitudProceso.xhtml HTTP/1.1" 200 105849
201.245.192.253 - - [05/Jan/2024:15:53:42 -0500] "GET /sipse/faces/javax.faces.resource/theme.css?ln=primefaces-sipse HTTP/1.1" 304 -
201.245.192.253 - - [05/Jan/2024:15:53:42 -0500] "GET /sipse/faces/javax.faces.resource/primefaces.css?ln=primefaces&v=4.0 HTTP/1.1" 304 -
201.245.192.253 - - [05/Jan/2024:15:53:42 -0500] "GET /sipse/faces/javax.faces.resource/layout/layout.css?ln=primefaces&v=4.0 HTTP/1.1" 304 -
201.245.192.253 - - [05/Jan/2024:15:53:42 -0500] "GET /sipse/faces/javax.faces.resource/jquery/jquery.js?ln=primefaces&v=4.0 HTTP/1.1" 304 -
201.245.192.253 - - [05/Jan/2024:15:53:42 -0500] "GET /sipse/faces/javax.faces.resource/jquery/jquery-plugins.js?ln=primefaces&v=4.0 HTTP/1.1" 304 -
201.245.192.253 - - [05/Jan/2024:15:53:42 -0500] "GET /sipse/faces/javax.faces.resource/primefaces.js?ln=primefaces&v=4.0 HTTP/1.1" 304 -
201.245.192.253 - - [05/Jan/2024:15:53:42 -0500] "GET /sipse/faces/javax.faces.resource/layout/layout.js?ln=primefaces&v=4.0 HTTP/1.1" 304 -
201.245.192.253 - - [05/Jan/2024:15:53:49 -0500] "POST /sipse/faces/presentacion/financiero/solicitudProceso/consultarSolicitudProceso.xhtml HTTP/1.1" 200 30255
201.245.192.253 - - [05/Jan/2024:15:53:49 -0500] "GET /sipse/faces/javax.faces.resource/primefaces.css?ln=primefaces&v=4.0 HTTP/1.1" 304 -
201.245.192.253 - - [05/Jan/2024:15:53:49 -0500] "GET /sipse/faces/javax.faces.resource/theme.css?ln=primefaces-sipse HTTP/1.1" 304 -
201.245.192.253 - - [05/Jan/2024:15:53:49 -0500] "GET /sipse/faces/javax.faces.resource/layout/layout.css?ln=primefaces&v=4.0 HTTP/1.1" 304 -
201.245.192.253 - - [05/Jan/2024:15:53:49 -0500] "GET /sipse/faces/javax.faces.resource/jquery/jquery.js?ln=primefaces&v=4.0 HTTP/1.1" 304 -
201.245.192.253 - - [05/Jan/2024:15:53:49 -0500] "GET /sipse/faces/javax.faces.resource/jquery/jquery-plugins.js?ln=primefaces&v=4.0 HTTP/1.1" 304 -
201.245.192.253 - - [05/Jan/2024:15:53:49 -0500] "GET /sipse/faces/javax.faces.resource/primefaces.js?ln=primefaces&v=4.0 HTTP/1.1" 304 -
201.245.192.253 - - [05/Jan/2024:15:53:49 -0500] "GET /sipse/faces/javax.faces.resource/layout/layout.js?ln=primefaces&v=4.0 HTTP/1.1" 304 -
201.245.192.253 - - [05/Jan/2024:15:53:59 -0500] "POST /sipse/faces/presentacion/financiero/solicitudProceso/asignarContratacion.xhtml HTTP/1.1" 200 32417
201.245.192.253 - - [05/Jan/2024:15:54:01 -0500] "GET /sipse/faces/javax.faces.resource/primefaces.css?ln=primefaces&v=4.0 HTTP/1.1" 304 -
201.245.192.253 - - [05/Jan/2024:15:54:01 -0500] "GET /sipse/faces/javax.faces.resource/layout/layout.css?ln=primefaces&v=4.0 HTTP/1.1" 304 -
201.245.192.253 - - [05/Jan/2024:15:54:01 -0500] "GET /sipse/faces/javax.faces.resource/theme.css?ln=primefaces-sipse HTTP/1.1" 304 -
201.245.192.253 - - [05/Jan/2024:15:54:01 -0500] "GET /sipse/faces/javax.faces.resource/jquery/jquery.js?ln=primefaces&v=4.0 HTTP/1.1" 304 -
201.245.192.253 - - [05/Jan/2024:15:54:01 -0500] "GET /sipse/faces/javax.faces.resource/jquery/jquery-plugins.js?ln=primefaces&v=4.0 HTTP/1.1" 304 -
201.245.192.253 - - [05/Jan/2024:15:54:01 -0500] "GET /sipse/faces/javax.faces.resource/primefaces.js?ln=primefaces&v=4.0 HTTP/1.1" 304 -
201.245.192.253 - - [05/Jan/2024:15:54:01 -0500] "GET /sipse/faces/javax.faces.resource/layout/layout.js?ln=primefaces&v=4.0 HTTP/1.1" 304 -
201.245.192.253 - - [05/Jan/2024:15:54:01 -0500] "POST /sipse/faces/presentacion/financiero/solicitudProceso/listarSolicitudProceso.xhtml HTTP/1.1" 200 1376
156.59.198.136 - - [05/Jan/2024:15:54:01 -0500] "GET /BLA/resoluciones/RESOLUCIONES%202010/5095.pdf HTTP/1.0" 200 761627
