!C99Shell v. 1.0 pre-release build #13!

Software: Apache. PHP/5.5.15 

uname -a: Windows NT SVR-DMZ 6.1 build 7600 (Windows Server 2008 R2 Enterprise Edition) i586 

SYSTEM 

Safe-mode: OFF (not secure)

E:\nuevo\apache\logs\   drwxrwxrwx
Free 5.02 GB of 239.26 GB (2.1%)
Detected drives: [ a ] [ c ] [ d ] [ e ] [ f ]
Home    Back    Forward    UPDIR    Refresh    Search    Buffer    Encoder    Tools    Proc.    FTP brute    Sec.    SQL    PHP-code    Update    Feedback    Self remove    Logout    


Viewing file:     access.2024.01.07.log (785.44 KB)      -rw-rw-rw-
Select action/file-type:
(+) | (+) | (+) | Code (+) | Session (+) | (+) | SDB (+) | (+) | (+) | (+) | (+) | (+) |
186.86.32.129 - - [07/Jan/2024:00:00:31 -0500] "GET /inicia-el-2024-conociendo-la-biodiversidad-de-bogoti.html?fbclid=IwAR1ooiyDAJj7kObITpp1dH1mYgkwppseGHzqYZ4u-k4DGgSXLan2RhXA2Ig HTTP/1.1" 200 894
66.249.66.21 - - [07/Jan/2024:00:00:34 -0500] "GET /Publicaciones/2023EE173833.pdf HTTP/1.1" 404 228
216.245.221.92 - - [07/Jan/2024:00:00:36 -0500] "HEAD / HTTP/1.1" 200 -
172.22.2.4 - - [07/Jan/2024:00:00:57 -0500] "GET /BLA/boletinlegal/backup/.git/config HTTP/1.1" 404 1018
172.22.2.4 - - [06/Jan/2024:23:59:41 -0500] "HEAD /BLA/boletinlegal/ HTTP/1.1" 200 -
69.171.249.112 - - [07/Jan/2024:00:02:00 -0500] "GET /inicia-el-2024-conociendo-la-biodiversidad-de-bogoti.html HTTP/1.1" 206 894
69.171.249.7 - - [07/Jan/2024:00:02:00 -0500] "GET /inicia-el-2024-conociendo-la-biodiversidad-de-bogoti.html HTTP/1.1" 200 894
69.171.249.119 - - [07/Jan/2024:00:02:01 -0500] "GET /inicia-el-2024-conociendo-la-biodiversidad-de-bogoti.html HTTP/1.1" 200 894
69.171.249.3 - - [07/Jan/2024:00:02:01 -0500] "GET /images/Caminatas%20(1)%20(2).jpeg HTTP/1.1" 200 81411
172.22.2.4 - - [07/Jan/2024:00:00:31 -0500] "GET /BLA/boletinlegal/ HTTP/1.1" 200 60910
172.22.2.4 - - [07/Jan/2024:00:02:15 -0500] "GET /BLA/boletinlegal/robots.txt HTTP/1.1" 404 1038
201.245.192.253 - - [07/Jan/2024:00:02:15 -0500] "POST /kwsrmcab/Wsrmcab  HTTP/1.1" 200 36937
172.22.2.4 - - [07/Jan/2024:00:03:28 -0500] "GET /BLA/boletinlegal/14565770.js HTTP/1.1" 404 1021
172.22.2.4 - - [07/Jan/2024:00:02:16 -0500] "GET /BLA/boletinlegal/ HTTP/1.1" 200 63054
216.244.66.195 - - [07/Jan/2024:00:04:39 -0500] "GET /BLA/resoluciones/RESOLUCIONES%202019/1754.pdf HTTP/1.1" 200 330655
216.244.66.195 - - [07/Jan/2024:00:04:46 -0500] "GET /BLA/resoluciones/RESOLUCIONES%202019/2193.pdf HTTP/1.1" 200 283678
216.245.221.92 - - [07/Jan/2024:00:05:36 -0500] "HEAD / HTTP/1.1" 200 -
216.244.66.195 - - [07/Jan/2024:00:07:01 -0500] "GET /BLA/resoluciones/RESOLUCIONES%202001/RESOLUCION%201403%20DE%202001.pdf HTTP/1.1" 200 6360611
172.22.2.4 - - [07/Jan/2024:00:05:31 -0500] "HEAD /BLA/boletinlegal/ HTTP/1.1" 200 -
201.245.192.253 - - [07/Jan/2024:00:07:12 -0500] "POST /kwsrmcab/Wsrmcab  HTTP/1.1" 200 36937
172.22.2.4 - - [07/Jan/2024:00:06:22 -0500] "GET /BLA/boletinlegal/ HTTP/1.1" 200 58567
216.244.66.195 - - [07/Jan/2024:00:09:05 -0500] "GET /BLA/resoluciones/AUTOS%202007/0042.pdf HTTP/1.1" 200 284679
191.156.182.43 - - [07/Jan/2024:00:09:09 -0500] "GET /sipse/faces/javax.faces.resource/images/ui-bg_flat_0_2d5972_40x100.png?ln=primefaces-aristo HTTP/1.1" 304 -
191.156.186.6 - - [07/Jan/2024:00:09:09 -0500] "POST /sipse/faces/presentacion/financiero/solicitudProceso/consultarSolicitudProceso.xhtml HTTP/1.1" 200 42157
191.156.186.6 - - [07/Jan/2024:00:09:10 -0500] "GET /sipse/faces/javax.faces.resource/theme.css?ln=primefaces-sipse HTTP/1.1" 304 -
191.156.182.43 - - [07/Jan/2024:00:09:10 -0500] "GET /sipse/faces/javax.faces.resource/primefaces.css?ln=primefaces&v=4.0 HTTP/1.1" 304 -
191.156.177.120 - - [07/Jan/2024:00:09:10 -0500] "GET /sipse/faces/javax.faces.resource/layout/layout.css?ln=primefaces&v=4.0 HTTP/1.1" 304 -
191.156.182.224 - - [07/Jan/2024:00:09:10 -0500] "GET /sipse/faces/javax.faces.resource/jquery/jquery.js?ln=primefaces&v=4.0 HTTP/1.1" 304 -
191.156.182.224 - - [07/Jan/2024:00:09:10 -0500] "GET /sipse/faces/javax.faces.resource/jquery/jquery-plugins.js?ln=primefaces&v=4.0 HTTP/1.1" 304 -
191.156.182.224 - - [07/Jan/2024:00:09:10 -0500] "GET /sipse/faces/javax.faces.resource/primefaces.js?ln=primefaces&v=4.0 HTTP/1.1" 304 -
191.156.182.224 - - [07/Jan/2024:00:09:10 -0500] "GET /sipse/faces/javax.faces.resource/layout/layout.js?ln=primefaces&v=4.0 HTTP/1.1" 304 -
191.156.177.120 - - [07/Jan/2024:00:09:11 -0500] "GET /sipse/css/imagen/contrasena.png HTTP/1.1" 404 383
191.156.182.224 - - [07/Jan/2024:00:09:11 -0500] "POST /sipse/faces/presentacion/financiero/solicitudProceso/consultar.xhtml HTTP/1.1" 200 35517
191.156.182.224 - - [07/Jan/2024:00:09:11 -0500] "POST /sipse/faces/presentacion/financiero/solicitudProceso/consultar.xhtml HTTP/1.1" 200 35517
191.156.182.224 - - [07/Jan/2024:00:09:11 -0500] "POST /sipse/faces/presentacion/financiero/solicitudProceso/consultar.xhtml HTTP/1.1" 200 35517
191.156.182.224 - - [07/Jan/2024:00:09:12 -0500] "POST /sipse/faces/presentacion/financiero/solicitudProceso/consultar.xhtml HTTP/1.1" 200 35517
191.156.182.224 - - [07/Jan/2024:00:09:12 -0500] "POST /sipse/faces/presentacion/financiero/solicitudProceso/consultar.xhtml HTTP/1.1" 200 35517
191.156.182.224 - - [07/Jan/2024:00:09:12 -0500] "POST /sipse/faces/presentacion/financiero/solicitudProceso/consultar.xhtml HTTP/1.1" 200 35517
191.156.182.224 - - [07/Jan/2024:00:09:13 -0500] "POST /sipse/faces/presentacion/financiero/solicitudProceso/consultar.xhtml HTTP/1.1" 200 35517
216.244.66.195 - - [07/Jan/2024:00:09:13 -0500] "GET /BLA/resoluciones/AUTOS%202007/0064.pdf HTTP/1.1" 200 106997
66.249.66.21 - - [07/Jan/2024:00:09:14 -0500] "GET /resoluciones/RESOLUCIONES%202009/1148.pdf HTTP/1.1" 404 1018
191.156.182.224 - - [07/Jan/2024:00:09:16 -0500] "POST /sipse/faces/presentacion/financiero/solicitudProceso/consultar.xhtml HTTP/1.1" 200 12915
191.156.182.224 - - [07/Jan/2024:00:09:18 -0500] "POST /sipse/faces/presentacion/financiero/solicitudProceso/consultar.xhtml HTTP/1.1" 200 154834
191.156.182.224 - - [07/Jan/2024:00:09:19 -0500] "GET /sipse/faces/javax.faces.resource/theme.css?ln=primefaces-sipse HTTP/1.1" 304 -
191.156.177.120 - - [07/Jan/2024:00:09:19 -0500] "GET /sipse/faces/javax.faces.resource/primefaces.css?ln=primefaces&v=4.0 HTTP/1.1" 304 -
191.156.182.43 - - [07/Jan/2024:00:09:19 -0500] "GET /sipse/faces/javax.faces.resource/layout/layout.css?ln=primefaces&v=4.0 HTTP/1.1" 304 -
191.156.186.6 - - [07/Jan/2024:00:09:19 -0500] "GET /sipse/faces/javax.faces.resource/jquery/jquery.js?ln=primefaces&v=4.0 HTTP/1.1" 304 -
191.156.186.6 - - [07/Jan/2024:00:09:19 -0500] "GET /sipse/faces/javax.faces.resource/jquery/jquery-plugins.js?ln=primefaces&v=4.0 HTTP/1.1" 304 -
191.156.186.6 - - [07/Jan/2024:00:09:19 -0500] "GET /sipse/faces/javax.faces.resource/primefaces.js?ln=primefaces&v=4.0 HTTP/1.1" 304 -
191.156.186.6 - - [07/Jan/2024:00:09:20 -0500] "GET /sipse/faces/javax.faces.resource/layout/layout.js?ln=primefaces&v=4.0 HTTP/1.1" 304 -
191.156.186.6 - - [07/Jan/2024:00:09:20 -0500] "GET /sipse/css/imagen/contrasena.png HTTP/1.1" 404 383
216.244.66.195 - - [07/Jan/2024:00:09:20 -0500] "GET /BLA/resoluciones/AUTOS%202007/0417.pdf HTTP/1.1" 200 74283
216.244.66.195 - - [07/Jan/2024:00:09:26 -0500] "GET /BLA/resoluciones/AUTOS%202007/0446.pdf HTTP/1.1" 200 235881
216.244.66.195 - - [07/Jan/2024:00:09:34 -0500] "GET /BLA/resoluciones/AUTOS%202007/0554.pdf HTTP/1.1" 200 136909
216.244.66.195 - - [07/Jan/2024:00:09:45 -0500] "GET /BLA/resoluciones/AUTOS%202007/0698.pdf HTTP/1.1" 200 270573
216.244.66.195 - - [07/Jan/2024:00:09:53 -0500] "GET /BLA/resoluciones/AUTOS%202007/0835.pdf HTTP/1.1" 200 142764
216.244.66.195 - - [07/Jan/2024:00:10:00 -0500] "GET /BLA/resoluciones/AUTOS%202007/0980.pdf HTTP/1.1" 200 84604
216.244.66.195 - - [07/Jan/2024:00:10:06 -0500] "GET /BLA/resoluciones/AUTOS%202007/1035.pdf HTTP/1.1" 200 49390
216.244.66.195 - - [07/Jan/2024:00:10:11 -0500] "GET /BLA/resoluciones/AUTOS%202007/1089.pdf HTTP/1.1" 200 99537
216.244.66.195 - - [07/Jan/2024:00:10:17 -0500] "GET /BLA/resoluciones/AUTOS%202007/1108.pdf HTTP/1.1" 200 27602
216.244.66.195 - - [07/Jan/2024:00:10:20 -0500] "GET /BLA/resoluciones/AUTOS%202007/1164.pdf HTTP/1.1" 200 25983
216.244.66.195 - - [07/Jan/2024:00:10:23 -0500] "GET /BLA/resoluciones/AUTOS%202007/1172.pdf HTTP/1.1" 200 47897
216.244.66.195 - - [07/Jan/2024:00:10:27 -0500] "GET /BLA/resoluciones/AUTOS%202007/1223.pdf HTTP/1.1" 200 71784
216.244.66.195 - - [07/Jan/2024:00:10:29 -0500] "GET /BLA/resoluciones/AUTOS%202007/1647.pdf HTTP/1.1" 200 106825
216.244.66.195 - - [07/Jan/2024:00:10:32 -0500] "GET /BLA/resoluciones/AUTOS%202007/1677.pdf HTTP/1.1" 200 154287
216.244.66.195 - - [07/Jan/2024:00:10:34 -0500] "GET /BLA/resoluciones/AUTOS%202009/0886.pdf HTTP/1.1" 200 115824
216.245.221.92 - - [07/Jan/2024:00:10:36 -0500] "HEAD / HTTP/1.1" 200 -
216.244.66.195 - - [07/Jan/2024:00:10:36 -0500] "GET /BLA/resoluciones/AUTOS%202009/1101.pdf HTTP/1.1" 200 89157
216.244.66.195 - - [07/Jan/2024:00:10:41 -0500] "GET /BLA/resoluciones/AUTOS%202009/1419.pdf HTTP/1.1" 200 94496
216.244.66.195 - - [07/Jan/2024:00:10:47 -0500] "GET /BLA/resoluciones/AUTOS%202009/1698.pdf HTTP/1.1" 200 122524
216.244.66.195 - - [07/Jan/2024:00:10:51 -0500] "GET /BLA/resoluciones/AUTOS%202009/1843.pdf HTTP/1.1" 200 101631
40.77.167.8 - - [07/Jan/2024:00:10:52 -0500] "GET /BLA/resoluciones/RESOLUCIONES%202013/0812.pdf HTTP/1.1" 200 628268
216.244.66.195 - - [07/Jan/2024:00:10:54 -0500] "GET /BLA/resoluciones/AUTOS%202009/1850.pdf HTTP/1.1" 200 98487
216.244.66.195 - - [07/Jan/2024:00:10:57 -0500] "GET /BLA/resoluciones/AUTOS%202009/1987.pdf HTTP/1.1" 200 301725
216.244.66.195 - - [07/Jan/2024:00:11:04 -0500] "GET /BLA/resoluciones/AUTOS%202009/2001.pdf HTTP/1.1" 200 103831
216.244.66.195 - - [07/Jan/2024:00:11:08 -0500] "GET /BLA/resoluciones/AUTOS%202009/2245.pdf HTTP/1.1" 200 120011
216.244.66.195 - - [07/Jan/2024:00:11:12 -0500] "GET /BLA/resoluciones/AUTOS%202009/2296.pdf HTTP/1.1" 200 137563
216.244.66.195 - - [07/Jan/2024:00:11:15 -0500] "GET /BLA/resoluciones/AUTOS%202009/2574.pdf HTTP/1.1" 200 112404
216.244.66.195 - - [07/Jan/2024:00:11:18 -0500] "GET /BLA/resoluciones/AUTOS%202009/2593.pdf HTTP/1.1" 200 93009
216.244.66.195 - - [07/Jan/2024:00:11:21 -0500] "GET /BLA/resoluciones/AUTOS%202009/2910.pdf HTTP/1.1" 200 93494
216.244.66.195 - - [07/Jan/2024:00:11:23 -0500] "GET /BLA/resoluciones/AUTOS%202011/0496.pdf HTTP/1.1" 200 188877
216.244.66.195 - - [07/Jan/2024:00:11:26 -0500] "GET /BLA/resoluciones/AUTOS%202011/1403.pdf HTTP/1.1" 200 98075
216.244.66.195 - - [07/Jan/2024:00:11:28 -0500] "GET /BLA/resoluciones/AUTOS%202011/1430.pdf HTTP/1.1" 200 150871
216.244.66.195 - - [07/Jan/2024:00:11:34 -0500] "GET /BLA/resoluciones/AUTOS%202011/1764.pdf HTTP/1.1" 200 175151
216.244.66.195 - - [07/Jan/2024:00:11:38 -0500] "GET /BLA/resoluciones/AUTOS%202011/1884.pdf HTTP/1.1" 200 146881
216.244.66.195 - - [07/Jan/2024:00:11:42 -0500] "GET /BLA/resoluciones/AUTOS%202011/1951.pdf HTTP/1.1" 200 163987
216.244.66.195 - - [07/Jan/2024:00:11:46 -0500] "GET /BLA/resoluciones/AUTOS%202011/2412.pdf HTTP/1.1" 200 157479
216.244.66.195 - - [07/Jan/2024:00:11:49 -0500] "GET /BLA/resoluciones/AUTOS%202011/2871.pdf HTTP/1.1" 200 94900
216.244.66.195 - - [07/Jan/2024:00:11:52 -0500] "GET /BLA/resoluciones/AUTOS%202011/2960.pdf HTTP/1.1" 200 469335
216.244.66.195 - - [07/Jan/2024:00:11:55 -0500] "GET /BLA/resoluciones/AUTOS%202011/3225.pdf HTTP/1.1" 200 510279
216.244.66.195 - - [07/Jan/2024:00:11:59 -0500] "GET /BLA/resoluciones/AUTOS%202011/3241.pdf HTTP/1.1" 200 310647
216.244.66.195 - - [07/Jan/2024:00:12:03 -0500] "GET /BLA/resoluciones/AUTOS%202011/3242.pdf HTTP/1.1" 200 310211
216.244.66.195 - - [07/Jan/2024:00:12:06 -0500] "GET /BLA/resoluciones/AUTOS%202011/3278.pdf HTTP/1.1" 200 216341
216.244.66.195 - - [07/Jan/2024:00:12:08 -0500] "GET /BLA/resoluciones/AUTOS%202011/3598.pdf HTTP/1.1" 200 144553
216.244.66.195 - - [07/Jan/2024:00:12:11 -0500] "GET /BLA/resoluciones/AUTOS%202011/3738.pdf HTTP/1.1" 200 292471
201.245.192.253 - - [07/Jan/2024:00:12:11 -0500] "POST /kwsrmcab/Wsrmcab  HTTP/1.1" 200 36937
216.244.66.195 - - [07/Jan/2024:00:12:13 -0500] "GET /BLA/resoluciones/AUTOS%202012/0008.pdf HTTP/1.1" 200 245760
216.244.66.195 - - [07/Jan/2024:00:12:16 -0500] "GET /BLA/resoluciones/AUTOS%202012/0165.pdf HTTP/1.1" 200 527520
216.244.66.195 - - [07/Jan/2024:00:12:19 -0500] "GET /BLA/resoluciones/AUTOS%202012/1180.pdf HTTP/1.1" 200 152847
216.244.66.195 - - [07/Jan/2024:00:12:22 -0500] "GET /BLA/resoluciones/AUTOS%202012/1212.pdf HTTP/1.1" 200 170213
216.244.66.195 - - [07/Jan/2024:00:12:24 -0500] "GET /BLA/resoluciones/AUTOS%202012/1311.pdf HTTP/1.1" 200 365918
216.244.66.195 - - [07/Jan/2024:00:12:27 -0500] "GET /BLA/resoluciones/AUTOS%202012/1463.pdf HTTP/1.1" 200 260042
216.244.66.195 - - [07/Jan/2024:00:12:32 -0500] "GET /BLA/resoluciones/AUTOS%202012/1465.pdf HTTP/1.1" 200 1658693
216.244.66.195 - - [07/Jan/2024:00:12:55 -0500] "GET /BLA/resoluciones/AUTOS%202012/1657.pdf HTTP/1.1" 200 223202
172.22.2.4 - - [07/Jan/2024:00:11:21 -0500] "HEAD /BLA/boletinlegal/ HTTP/1.1" 200 -
216.244.66.195 - - [07/Jan/2024:00:13:15 -0500] "GET /BLA/resoluciones/AUTOS%202012/1761.pdf HTTP/1.1" 200 300187
216.244.66.195 - - [07/Jan/2024:00:13:32 -0500] "GET /BLA/resoluciones/AUTOS%202012/1795.pdf HTTP/1.1" 200 388290
216.244.66.195 - - [07/Jan/2024:00:13:48 -0500] "GET /BLA/resoluciones/AUTOS%202012/1822.pdf HTTP/1.1" 200 341075
172.22.2.4 - - [07/Jan/2024:00:12:11 -0500] "GET /BLA/boletinlegal/ HTTP/1.1" 200 54423
216.244.66.195 - - [07/Jan/2024:00:14:03 -0500] "GET /BLA/resoluciones/AUTOS%202012/1917.pdf HTTP/1.1" 200 349808
216.244.66.195 - - [07/Jan/2024:00:14:17 -0500] "GET /BLA/resoluciones/AUTOS%202012/1996.pdf HTTP/1.1" 200 2320236
216.244.66.195 - - [07/Jan/2024:00:14:44 -0500] "GET /BLA/resoluciones/AUTOS%202012/2090.pdf HTTP/1.1" 200 338288
66.249.66.21 - - [07/Jan/2024:00:14:55 -0500] "GET /BLA/resoluciones/RESOLUCIONES%202017/1944.pdf HTTP/1.1" 200 914513
216.244.66.195 - - [07/Jan/2024:00:15:09 -0500] "GET /BLA/resoluciones/AUTOS%202012/2155.pdf HTTP/1.1" 200 375919
201.245.192.253 - - [07/Jan/2024:00:15:10 -0500] "POST /kwsrmcab/Wsrmcab HTTP/1.1" 200 36622
201.245.192.253 - - [07/Jan/2024:00:15:13 -0500] "POST /kwsrmcab/Wsrmcab HTTP/1.1" 200 36800
216.244.66.195 - - [07/Jan/2024:00:15:33 -0500] "GET /BLA/resoluciones/AUTOS%202012/2244.pdf HTTP/1.1" 200 282527
216.245.221.92 - - [07/Jan/2024:00:15:36 -0500] "HEAD / HTTP/1.1" 200 -
216.244.66.195 - - [07/Jan/2024:00:15:56 -0500] "GET /BLA/resoluciones/AUTOS%202012/2335.pdf HTTP/1.1" 200 424765
216.244.66.195 - - [07/Jan/2024:00:16:18 -0500] "GET /BLA/resoluciones/AUTOS%202012/2356.pdf HTTP/1.1" 200 260991
216.244.66.195 - - [07/Jan/2024:00:16:41 -0500] "GET /BLA/resoluciones/AUTOS%202012/2998.pdf HTTP/1.1" 200 745944
216.244.66.195 - - [07/Jan/2024:00:17:01 -0500] "GET /BLA/resoluciones/AUTOS%202013/0044.pdf HTTP/1.1" 200 529547
52.167.144.219 - - [07/Jan/2024:00:17:02 -0500] "GET /BLA/resoluciones/AUTOS%202020/3501.pdf HTTP/1.1" 200 414516
201.245.192.253 - - [07/Jan/2024:00:17:10 -0500] "POST /kwsrmcab/Wsrmcab  HTTP/1.1" 200 36937
173.252.107.7 - - [07/Jan/2024:00:17:15 -0500] "GET /secretaria-de-ambiente-hace-seguimiento-a-la-calidad-del-aire-producto-de-incendio-a-las-afueras-de-bogota.html HTTP/1.1" 200 922
216.244.66.195 - - [07/Jan/2024:00:17:22 -0500] "GET /BLA/resoluciones/AUTOS%202013/0081.pdf HTTP/1.1" 200 1498908
52.167.144.219 - - [07/Jan/2024:00:17:31 -0500] "GET /Publicaciones/2024EE00324.pdf HTTP/1.1" 200 379215
52.167.144.182 - - [07/Jan/2024:00:17:35 -0500] "GET /BLA/resoluciones/AUTOS%202020/4399.pdf HTTP/1.1" 200 381519
191.156.191.25 - - [07/Jan/2024:00:17:57 -0500] "POST /sipse/faces/presentacion/financiero/solicitudProceso/consultarSolicitudProceso.xhtml HTTP/1.1" 200 42159
191.156.191.25 - - [07/Jan/2024:00:17:57 -0500] "GET /sipse/faces/javax.faces.resource/theme.css?ln=primefaces-sipse HTTP/1.1" 304 -
191.156.182.43 - - [07/Jan/2024:00:17:57 -0500] "GET /sipse/faces/javax.faces.resource/jquery/jquery.js?ln=primefaces&v=4.0 HTTP/1.1" 304 -
191.156.191.25 - - [07/Jan/2024:00:17:57 -0500] "GET /sipse/faces/javax.faces.resource/layout/layout.css?ln=primefaces&v=4.0 HTTP/1.1" 304 -
191.156.177.199 - - [07/Jan/2024:00:17:57 -0500] "GET /sipse/faces/javax.faces.resource/primefaces.css?ln=primefaces&v=4.0 HTTP/1.1" 304 -
191.156.177.199 - - [07/Jan/2024:00:17:57 -0500] "GET /sipse/faces/javax.faces.resource/jquery/jquery-plugins.js?ln=primefaces&v=4.0 HTTP/1.1" 304 -
191.156.177.199 - - [07/Jan/2024:00:17:57 -0500] "GET /sipse/faces/javax.faces.resource/primefaces.js?ln=primefaces&v=4.0 HTTP/1.1" 304 -
191.156.177.199 - - [07/Jan/2024:00:17:58 -0500] "GET /sipse/faces/javax.faces.resource/layout/layout.js?ln=primefaces&v=4.0 HTTP/1.1" 304 -
191.156.191.25 - - [07/Jan/2024:00:17:58 -0500] "GET /sipse/css/imagen/contrasena.png HTTP/1.1" 404 383
191.156.177.199 - - [07/Jan/2024:00:17:58 -0500] "POST /sipse/faces/presentacion/financiero/solicitudProceso/consultar.xhtml HTTP/1.1" 200 35519
191.156.177.199 - - [07/Jan/2024:00:17:58 -0500] "POST /sipse/faces/presentacion/financiero/solicitudProceso/consultar.xhtml HTTP/1.1" 200 35519
191.156.177.199 - - [07/Jan/2024:00:17:58 -0500] "POST /sipse/faces/presentacion/financiero/solicitudProceso/consultar.xhtml HTTP/1.1" 200 35519
191.156.177.199 - - [07/Jan/2024:00:17:59 -0500] "POST /sipse/faces/presentacion/financiero/solicitudProceso/consultar.xhtml HTTP/1.1" 200 35519
191.156.177.199 - - [07/Jan/2024:00:17:59 -0500] "POST /sipse/faces/presentacion/financiero/solicitudProceso/consultar.xhtml HTTP/1.1" 200 35519
191.156.177.199 - - [07/Jan/2024:00:17:59 -0500] "POST /sipse/faces/presentacion/financiero/solicitudProceso/consultar.xhtml HTTP/1.1" 200 35519
191.156.177.199 - - [07/Jan/2024:00:18:00 -0500] "POST /sipse/faces/presentacion/financiero/solicitudProceso/consultar.xhtml HTTP/1.1" 200 35519
191.156.177.199 - - [07/Jan/2024:00:18:00 -0500] "POST /sipse/faces/presentacion/financiero/solicitudProceso/consultar.xhtml HTTP/1.1" 200 35519
191.156.177.199 - - [07/Jan/2024:00:18:00 -0500] "POST /sipse/faces/presentacion/financiero/solicitudProceso/consultar.xhtml HTTP/1.1" 200 35519
191.156.177.199 - - [07/Jan/2024:00:18:05 -0500] "POST /sipse/faces/presentacion/financiero/solicitudProceso/consultar.xhtml HTTP/1.1" 200 12878
216.244.66.195 - - [07/Jan/2024:00:18:12 -0500] "GET /BLA/resoluciones/AUTOS%202013/0086.pdf HTTP/1.1" 200 1051332
191.156.177.199 - - [07/Jan/2024:00:18:13 -0500] "POST /sipse/faces/presentacion/financiero/solicitudProceso/consultar.xhtml HTTP/1.1" 200 153101
191.156.177.199 - - [07/Jan/2024:00:18:14 -0500] "GET /sipse/faces/javax.faces.resource/theme.css?ln=primefaces-sipse HTTP/1.1" 304 -
191.156.182.43 - - [07/Jan/2024:00:18:14 -0500] "GET /sipse/faces/javax.faces.resource/primefaces.css?ln=primefaces&v=4.0 HTTP/1.1" 304 -
191.156.177.104 - - [07/Jan/2024:00:18:14 -0500] "GET /sipse/faces/javax.faces.resource/jquery/jquery.js?ln=primefaces&v=4.0 HTTP/1.1" 304 -
191.156.177.199 - - [07/Jan/2024:00:18:14 -0500] "GET /sipse/faces/javax.faces.resource/layout/layout.css?ln=primefaces&v=4.0 HTTP/1.1" 304 -
191.156.177.199 - - [07/Jan/2024:00:18:14 -0500] "GET /sipse/faces/javax.faces.resource/jquery/jquery-plugins.js?ln=primefaces&v=4.0 HTTP/1.1" 304 -
191.156.177.199 - - [07/Jan/2024:00:18:14 -0500] "GET /sipse/faces/javax.faces.resource/primefaces.js?ln=primefaces&v=4.0 HTTP/1.1" 304 -
191.156.177.199 - - [07/Jan/2024:00:18:14 -0500] "GET /sipse/faces/javax.faces.resource/layout/layout.js?ln=primefaces&v=4.0 HTTP/1.1" 304 -
191.156.177.199 - - [07/Jan/2024:00:18:14 -0500] "GET /sipse/css/imagen/contrasena.png HTTP/1.1" 404 383
191.156.177.199 - - [07/Jan/2024:00:18:18 -0500] "POST /sipse/faces/presentacion/financiero/solicitudProceso/consultarSolicitudProceso.xhtml HTTP/1.1" 200 114739
172.22.2.4 - - [07/Jan/2024:00:17:11 -0500] "HEAD /BLA/boletinlegal/ HTTP/1.1" 200 -
216.244.66.195 - - [07/Jan/2024:00:18:58 -0500] "GET /BLA/resoluciones/AUTOS%202013/0496.pdf HTTP/1.1" 200 1579467
201.245.192.253 - - [07/Jan/2024:00:19:22 -0500] "POST /kwsrmcab/Wsrmcab HTTP/1.1" 200 36622
172.22.2.4 - - [07/Jan/2024:00:18:02 -0500] "GET /BLA/boletinlegal/ HTTP/1.1" 200 58172
69.63.189.8 - - [07/Jan/2024:00:19:42 -0500] "GET /images/arbol%20centro.jpg HTTP/1.1" 200 69467
69.63.189.6 - - [07/Jan/2024:00:19:42 -0500] "GET /images/PREAD%20SDA%201.jpeg HTTP/1.1" 200 65620
69.63.189.1 - - [07/Jan/2024:00:19:42 -0500] "GET /images/terrazas%20verdes.jpg HTTP/1.1" 200 63951
69.63.189.2 - - [07/Jan/2024:00:19:42 -0500] "GET /images/agua%20bogota.jpg HTTP/1.1" 200 74348
69.63.189.3 - - [07/Jan/2024:00:19:42 -0500] "GET /images/reconocimiento%20practicas%20ambientales.jpg HTTP/1.1" 200 63397
69.63.189.2 - - [07/Jan/2024:00:19:42 -0500] "GET /images/Musgo%2017%20-%2012%20-%202023.jpeg HTTP/1.1" 200 66238
69.63.189.8 - - [07/Jan/2024:00:19:42 -0500] "GET /images/participacion%2019-12-23.jpg HTTP/1.1" 200 73861
69.63.189.6 - - [07/Jan/2024:00:19:42 -0500] "GET /images/Aves%20SDA.jpeg HTTP/1.1" 200 75104
216.244.66.195 - - [07/Jan/2024:00:19:44 -0500] "GET /BLA/resoluciones/AUTOS%202013/0659.pdf HTTP/1.1" 200 1394339
69.63.189.3 - - [07/Jan/2024:00:19:47 -0500] "GET /images/calidad-aire.jpg HTTP/1.1" 200 42421
201.245.192.253 - - [07/Jan/2024:00:20:03 -0500] "POST /kwsrmcab/Wsrmcab HTTP/1.1" 200 36800
52.167.144.182 - - [07/Jan/2024:00:20:22 -0500] "GET /BLA/resoluciones/AUTOS%202010/5720.pdf HTTP/1.1" 200 468125
216.244.66.195 - - [07/Jan/2024:00:20:35 -0500] "GET /BLA/resoluciones/AUTOS%202013/1049.pdf HTTP/1.1" 200 1614771
216.245.221.92 - - [07/Jan/2024:00:20:36 -0500] "HEAD / HTTP/1.1" 200 -
216.244.66.195 - - [07/Jan/2024:00:21:08 -0500] "GET /BLA/resoluciones/AUTOS%202013/1605.pdf HTTP/1.1" 200 107786
216.244.66.195 - - [07/Jan/2024:00:21:37 -0500] "GET /BLA/resoluciones/AUTOS%202013/1880.pdf HTTP/1.1" 200 420737
216.244.66.195 - - [07/Jan/2024:00:22:05 -0500] "GET /BLA/resoluciones/AUTOS%202013/1993.pdf HTTP/1.1" 200 350151
201.245.192.253 - - [07/Jan/2024:00:22:09 -0500] "POST /kwsrmcab/Wsrmcab  HTTP/1.1" 200 36937
216.244.66.195 - - [07/Jan/2024:00:22:35 -0500] "GET /BLA/resoluciones/AUTOS%202013/2026.pdf HTTP/1.1" 200 791902
216.244.66.195 - - [07/Jan/2024:00:23:06 -0500] "GET /BLA/resoluciones/AUTOS%202013/2181.pdf HTTP/1.1" 200 534280
216.244.66.195 - - [07/Jan/2024:00:23:35 -0500] "GET /BLA/resoluciones/AUTOS%202013/2288.pdf HTTP/1.1" 200 808196
216.244.66.195 - - [07/Jan/2024:00:24:00 -0500] "GET /BLA/resoluciones/AUTOS%202013/2535.pdf HTTP/1.1" 200 1213454
172.22.2.4 - - [07/Jan/2024:00:23:01 -0500] "HEAD /BLA/boletinlegal/ HTTP/1.1" 200 -
216.244.66.195 - - [07/Jan/2024:00:24:47 -0500] "GET /BLA/resoluciones/AUTOS%202013/2933.pdf HTTP/1.1" 200 378254
201.245.192.253 - - [07/Jan/2024:00:25:11 -0500] "GET /kwsrmcab/Wsrmcab?wsdl HTTP/1.1" 200 6948
201.245.192.253 - - [07/Jan/2024:00:25:11 -0500] "POST /kwsrmcab/Wsrmcab HTTP/1.1" 200 36622
201.245.192.253 - - [07/Jan/2024:00:25:14 -0500] "POST /kwsrmcab/Wsrmcab HTTP/1.1" 200 36800
216.244.66.195 - - [07/Jan/2024:00:25:26 -0500] "GET /BLA/resoluciones/AUTOS%202014/0902.pdf HTTP/1.1" 200 195696
172.22.2.4 - - [07/Jan/2024:00:23:51 -0500] "GET /BLA/boletinlegal/ HTTP/1.1" 200 58172
216.245.221.92 - - [07/Jan/2024:00:25:36 -0500] "HEAD / HTTP/1.1" 200 -
216.244.66.195 - - [07/Jan/2024:00:26:01 -0500] "GET /BLA/resoluciones/AUTOS%202014/1802.pdf HTTP/1.1" 200 473604
216.244.66.195 - - [07/Jan/2024:00:26:33 -0500] "GET /BLA/resoluciones/AUTOS%202014/1952.pdf HTTP/1.1" 200 350180
216.244.66.195 - - [07/Jan/2024:00:27:06 -0500] "GET /BLA/resoluciones/AUTOS%202014/2062.pdf HTTP/1.1" 200 358543
201.245.192.253 - - [07/Jan/2024:00:27:07 -0500] "POST /kwsrmcab/Wsrmcab  HTTP/1.1" 200 36937
3.136.25.37 - - [07/Jan/2024:00:27:44 -0500] "GET /ai.txt?t=1704589474.034291 HTTP/1.1" 404 1035
3.136.25.37 - - [07/Jan/2024:00:27:44 -0500] "GET /.well-known/ai.txt?t=1704589474.034291 HTTP/1.1" 404 1035
52.167.144.235 - - [07/Jan/2024:00:28:05 -0500] "GET /BLA/resoluciones/AUTOS%202020/2105.pdf HTTP/1.1" 200 1859105
66.249.66.21 - - [07/Jan/2024:00:28:07 -0500] "GET /BLA/resoluciones/RESOLUCIONES%202009/8509.pdf HTTP/1.1" 200 366620
52.167.144.235 - - [07/Jan/2024:00:28:54 -0500] "GET /BLA/resoluciones/AUTOS%202020/1461.pdf HTTP/1.1" 200 472581
201.245.192.253 - - [07/Jan/2024:00:29:22 -0500] "POST /kwsrmcab/Wsrmcab HTTP/1.1" 200 36622
172.22.2.4 - - [07/Jan/2024:00:29:36 -0500] "GET /BLA/boletinlegal/includes/.git/config HTTP/1.1" 404 1018
66.249.66.20 - - [07/Jan/2024:00:29:53 -0500] "GET /resoluciones/RESOLUCIONES%202007/RES%202007%201801%20AL%201900/RESOLUCION%201848%20DE%202007.pdf HTTP/1.1" 404 1018
201.245.192.253 - - [07/Jan/2024:00:30:03 -0500] "POST /kwsrmcab/Wsrmcab HTTP/1.1" 200 36800
172.22.2.4 - - [07/Jan/2024:00:28:51 -0500] "HEAD /BLA/boletinlegal/ HTTP/1.1" 200 -
216.245.221.92 - - [07/Jan/2024:00:30:36 -0500] "HEAD / HTTP/1.1" 200 -
172.22.2.4 - - [07/Jan/2024:00:29:42 -0500] "GET /BLA/boletinlegal/ HTTP/1.1" 200 60910
168.119.253.6 - - [07/Jan/2024:00:31:33 -0500] "GET / HTTP/1.1" 200 4720
168.119.253.6 - - [07/Jan/2024:00:31:33 -0500] "GET / HTTP/1.1" 200 319
201.245.192.253 - - [07/Jan/2024:00:32:06 -0500] "POST /kwsrmcab/Wsrmcab  HTTP/1.1" 200 36937
89.190.156.61 - - [07/Jan/2024:00:32:24 -0500] "POST /boaform/admin/formLogin HTTP/1.1" 404 1186
172.22.2.4 - - [07/Jan/2024:00:32:41 -0500] "GET /BLA/boletinlegal/data/.git/config HTTP/1.1" 404 1018
52.167.144.235 - - [07/Jan/2024:00:34:25 -0500] "GET /BLA/resoluciones/AUTOS%202020/1320.pdf HTTP/1.1" 200 359020
40.77.167.18 - - [07/Jan/2024:00:34:33 -0500] "GET /BLA/resoluciones/RESOLUCIONES%202023/01902.pdf HTTP/1.1" 200 501847
172.22.2.4 - - [07/Jan/2024:00:34:00 -0500] "GET /BLA/boletinlegal/ HTTP/1.1" 200 24523
13.40.84.17 - - [07/Jan/2024:00:34:51 -0500] "\x16\x03\x01" 400 226
201.245.192.253 - - [07/Jan/2024:00:35:11 -0500] "POST /kwsrmcab/Wsrmcab HTTP/1.1" 200 36622
201.245.192.253 - - [07/Jan/2024:00:35:16 -0500] "POST /kwsrmcab/Wsrmcab HTTP/1.1" 200 36800
216.245.221.92 - - [07/Jan/2024:00:35:36 -0500] "HEAD / HTTP/1.1" 200 -
172.22.2.4 - - [07/Jan/2024:00:34:41 -0500] "HEAD /BLA/boletinlegal/ HTTP/1.1" 200 -
172.22.2.4 - - [07/Jan/2024:00:36:23 -0500] "GET /BLA/boletinlegal/components/.git/config HTTP/1.1" 404 1018
66.249.66.20 - - [07/Jan/2024:00:36:38 -0500] "GET /BLA/resoluciones/RESOLUCIONES%202010/6047.pdf HTTP/1.1" 200 213407
47.128.28.214 - - [07/Jan/2024:00:36:42 -0500] "GET /BLA/resoluciones/index.php?dir=RESOLUCIONES+2006%2FRES+2006+2451-2500%2F HTTP/1.1" 200 12154
47.128.28.214 - - [07/Jan/2024:00:36:43 -0500] "GET /BLA/resoluciones/dlf/dirup.png HTTP/1.1" 200 644
47.128.28.214 - - [07/Jan/2024:00:36:43 -0500] "GET /BLA/resoluciones/dlf/unknown.png HTTP/1.1" 200 266
40.77.167.36 - - [07/Jan/2024:00:36:53 -0500] "GET /Publicaciones/2024EE00628.pdf HTTP/1.1" 200 231813
201.245.192.253 - - [07/Jan/2024:00:37:03 -0500] "POST /kwsrmcab/Wsrmcab  HTTP/1.1" 200 36937
172.22.2.4 - - [07/Jan/2024:00:35:32 -0500] "GET /BLA/boletinlegal/ HTTP/1.1" 200 60910
200.118.62.3 - - [07/Jan/2024:00:38:00 -0500] "-" 408 -
52.167.144.220 - - [07/Jan/2024:00:38:34 -0500] "GET /images/iboca1.jpeg HTTP/1.1" 200 53004
201.245.192.253 - - [07/Jan/2024:00:39:23 -0500] "POST /kwsrmcab/Wsrmcab HTTP/1.1" 200 36622
66.249.70.165 - - [07/Jan/2024:00:39:33 -0500] "GET /robots.txt HTTP/1.1" 404 1034
66.249.70.163 - - [07/Jan/2024:00:39:33 -0500] "GET /inscribete-al-monitoreo-nocturno-en-celebracion-de-la-semana-de-las-polillas.html HTTP/1.1" 200 756
216.244.66.195 - - [07/Jan/2024:00:40:00 -0500] "GET /robots.txt HTTP/1.1" 404 1018
201.245.192.253 - - [07/Jan/2024:00:40:03 -0500] "POST /kwsrmcab/Wsrmcab HTTP/1.1" 200 36800
40.77.167.64 - - [07/Jan/2024:00:40:35 -0500] "GET /BLA/resoluciones/AUTOS%202020/0412.pdf HTTP/1.1" 200 575969
216.245.221.92 - - [07/Jan/2024:00:40:36 -0500] "HEAD / HTTP/1.1" 200 -
40.77.167.36 - - [07/Jan/2024:00:41:05 -0500] "GET /BLA/resoluciones/AUTOS%202022/7041.pdf HTTP/1.1" 304 -
40.77.167.36 - - [07/Jan/2024:00:41:05 -0500] "GET /BLA/resoluciones/AUTOS%202020/2331.pdf HTTP/1.1" 200 335535
172.22.2.4 - - [07/Jan/2024:00:41:10 -0500] "GET /BLA/boletinlegal/modules/.git/config HTTP/1.1" 404 1018
66.249.66.21 - - [07/Jan/2024:00:41:59 -0500] "GET /BLA/resoluciones/RESOLUCIONES%202009/6214.pdf HTTP/1.1" 200 908133
201.245.192.253 - - [07/Jan/2024:00:42:02 -0500] "POST /kwsrmcab/Wsrmcab  HTTP/1.1" 200 36937
172.22.2.4 - - [07/Jan/2024:00:40:31 -0500] "HEAD /BLA/boletinlegal/ HTTP/1.1" 200 -
172.22.2.4 - - [07/Jan/2024:00:41:21 -0500] "GET /BLA/boletinlegal/ HTTP/1.1" 200 54031
52.167.144.219 - - [07/Jan/2024:00:43:25 -0500] "GET /Publicaciones/2024EE00517.pdf HTTP/1.1" 200 1129024
181.32.183.98 - - [07/Jan/2024:00:43:52 -0500] "GET /inicia-el-2024-conociendo-la-biodiversidad-de-bogoti.html?fbclid=PAAaanAQCt3fPttfCnNsFaP6dLGotbi_aitMZ-_7pdJlE6_Yo1XPfnnbS7IWk HTTP/1.1" 200 894
216.245.221.92 - - [07/Jan/2024:00:45:36 -0500] "HEAD / HTTP/1.1" 200 -
66.249.66.19 - - [07/Jan/2024:00:45:58 -0500] "GET /BLA/resoluciones/RESOLUCIONES%202009/6117.pdf HTTP/1.1" 200 343602
66.249.66.20 - - [07/Jan/2024:00:46:06 -0500] "GET /BLA/resoluciones/RESOLUCIONES%202013/0933.pdf HTTP/1.1" 200 2227984
66.249.66.19 - - [07/Jan/2024:00:46:17 -0500] "GET /BLA/resoluciones/RESOLUCIONES%202012/0416.pdf HTTP/1.1" 200 412829
201.245.192.253 - - [07/Jan/2024:00:47:02 -0500] "POST /kwsrmcab/Wsrmcab  HTTP/1.1" 200 36937
172.22.2.4 - - [07/Jan/2024:00:46:21 -0500] "HEAD /BLA/boletinlegal/ HTTP/1.1" 200 -
172.22.2.4 - - [07/Jan/2024:00:47:11 -0500] "GET /BLA/boletinlegal/ HTTP/1.1" 200 58172
216.245.221.92 - - [07/Jan/2024:00:50:36 -0500] "HEAD / HTTP/1.1" 200 -
156.59.198.136 - - [07/Jan/2024:00:52:05 -0500] "GET /BLA/resoluciones/RESOLUCIONES%202022/0412.pdf HTTP/1.0" 200 354470
201.245.192.253 - - [07/Jan/2024:00:52:01 -0500] "POST /kwsrmcab/Wsrmcab  HTTP/1.1" 200 36937
156.59.198.136 - - [07/Jan/2024:00:52:28 -0500] "GET /BLA/resoluciones/RESOLUCIONES%202022/3289.pdf HTTP/1.0" 200 409907
156.59.198.135 - - [07/Jan/2024:00:52:52 -0500] "GET /BLA/resoluciones/RESOLUCIONES%202022/0611.pdf HTTP/1.0" 200 348228
156.59.198.135 - - [07/Jan/2024:00:53:16 -0500] "GET /BLA/resoluciones/RESOLUCIONES%202022/2292.pdf HTTP/1.0" 200 354535
156.59.198.136 - - [07/Jan/2024:00:53:42 -0500] "GET /BLA/resoluciones/RESOLUCIONES%202022/2347.pdf HTTP/1.0" 200 475968
172.22.2.4 - - [07/Jan/2024:00:52:11 -0500] "HEAD /BLA/boletinlegal/ HTTP/1.1" 200 -
40.77.167.8 - - [07/Jan/2024:00:53:57 -0500] "GET /BLA/resoluciones/RESOLUCIONES%202013/2470.pdf HTTP/1.1" 200 231732
156.59.198.135 - - [07/Jan/2024:00:54:07 -0500] "GET /BLA/resoluciones/RESOLUCIONES%202022/0438.pdf HTTP/1.0" 200 342190
66.249.66.20 - - [07/Jan/2024:00:54:08 -0500] "GET /BLA/resoluciones/Autos%202008/1313.pdf HTTP/1.1" 200 315430
172.22.2.4 - - [07/Jan/2024:00:54:28 -0500] "GET /BLA/boletinlegal/jurisprudencia.php HTTP/1.1" 200 17583
156.59.198.135 - - [07/Jan/2024:00:54:32 -0500] "GET /BLA/resoluciones/RESOLUCIONES%202022/2562.pdf HTTP/1.0" 200 488377
66.249.70.165 - - [07/Jan/2024:00:54:33 -0500] "GET /robots.txt HTTP/1.1" 404 1035
66.249.70.166 - - [07/Jan/2024:00:54:33 -0500] "GET /portaldeninos/aulas-ambientales-2/parque-ecologico-distrital-de-montana-entrenubes/ HTTP/1.1" 200 90406
66.249.70.165 - - [07/Jan/2024:00:54:36 -0500] "GET /portaldeninos/wp-content/plugins/gallery-videos/CSS/totalsoft.css?ver=4.9.8 HTTP/1.1" 200 40622
66.249.70.166 - - [07/Jan/2024:00:54:37 -0500] "GET /portaldeninos/wp-content/themes/betheme/style.css?ver=20.9.6 HTTP/1.1" 200 287
66.249.70.165 - - [07/Jan/2024:00:54:39 -0500] "GET /portaldeninos/wp-content/themes/betheme/assets/ui/jquery.ui.all.css?ver=20.9.6 HTTP/1.1" 200 18765
66.249.70.166 - - [07/Jan/2024:00:54:40 -0500] "GET /portaldeninos/wp-content/plugins/gallery-videos/JS/modernizr.custom.js?ver=4.9.8 HTTP/1.1" 200 9019
172.22.2.4 - - [07/Jan/2024:00:53:01 -0500] "GET /BLA/boletinlegal/ HTTP/1.1" 200 58567
66.249.70.165 - - [07/Jan/2024:00:54:42 -0500] "GET /portaldeninos/wp-includes/js/jquery/ui/accordion.min.js?ver=1.11.4 HTTP/1.1" 200 8584
66.249.70.165 - - [07/Jan/2024:00:54:43 -0500] "GET /portaldeninos/wp-includes/js/jquery/ui/mouse.min.js?ver=1.11.4 HTTP/1.1" 200 3148
172.22.2.4 - - [07/Jan/2024:00:54:44 -0500] "GET /BLA/boletinlegal/js/lib.js HTTP/1.1" 200 6474
66.249.70.165 - - [07/Jan/2024:00:54:45 -0500] "GET /portaldeninos/wp-includes/js/jquery/ui/core.min.js?ver=1.11.4 HTTP/1.1" 200 4000
66.249.70.165 - - [07/Jan/2024:00:54:47 -0500] "GET /portaldeninos/wp-content/themes/betheme/js/menu.js?ver=20.9.6 HTTP/1.1" 200 2449
216.244.66.195 - - [07/Jan/2024:00:54:47 -0500] "GET /BLA/resoluciones/AUTOS%202010/2795.pdf HTTP/1.1" 200 116800
172.22.2.4 - - [07/Jan/2024:00:54:48 -0500] "GET /BLA/boletinlegal/js/jquery1.js HTTP/1.1" 200 29846
172.22.2.4 - - [07/Jan/2024:00:54:49 -0500] "GET /BLA/boletinlegal/js/popup.js HTTP/1.1" 200 1270
66.249.70.165 - - [07/Jan/2024:00:54:49 -0500] "GET /portaldeninos/wp-content/themes/betheme/js/scripts.js?ver=20.9.6 HTTP/1.1" 200 77162
66.249.70.165 - - [07/Jan/2024:00:54:53 -0500] "GET /favicon.ico HTTP/1.1" 200 7782
156.59.198.136 - - [07/Jan/2024:00:54:56 -0500] "GET /BLA/resoluciones/RESOLUCIONES%202022/2819.pdf HTTP/1.0" 200 851302
66.249.70.165 - - [07/Jan/2024:00:54:58 -0500] "GET /favicon.ico HTTP/1.1" 200 7782
216.244.66.195 - - [07/Jan/2024:00:55:17 -0500] "GET /BLA/resoluciones/AUTOS%202010/2919.pdf HTTP/1.1" 200 306833
156.59.198.136 - - [07/Jan/2024:00:55:20 -0500] "GET /BLA/resoluciones/RESOLUCIONES%202022/2089.pdf HTTP/1.0" 200 400562
216.245.221.92 - - [07/Jan/2024:00:55:36 -0500] "HEAD / HTTP/1.1" 200 -
156.59.198.135 - - [07/Jan/2024:00:55:45 -0500] "GET /BLA/resoluciones/RESOLUCIONES%202022/3329.pdf HTTP/1.0" 200 582319
216.244.66.195 - - [07/Jan/2024:00:55:47 -0500] "GET /BLA/resoluciones/AUTOS%202010/3484.pdf HTTP/1.1" 200 489002
54.36.148.85 - - [07/Jan/2024:00:55:50 -0500] "GET /robots.txt HTTP/1.1" 404 1035
51.222.253.17 - - [07/Jan/2024:00:55:52 -0500] "GET /portaldeninos/agua-y-estructura-ecologica-principal/ HTTP/1.1" 200 87488
51.222.253.15 - - [07/Jan/2024:00:55:52 -0500] "GET /portaldeninos/residuos/ HTTP/1.1" 200 87443
52.167.144.174 - - [07/Jan/2024:00:55:57 -0500] "GET /BLA/resoluciones/RESOLUCIONES%202023/03176.pdf HTTP/1.1" 200 464999
156.59.198.136 - - [07/Jan/2024:00:56:09 -0500] "GET /BLA/resoluciones/RESOLUCIONES%202022/3262.pdf HTTP/1.0" 200 338569
216.244.66.195 - - [07/Jan/2024:00:56:26 -0500] "GET /BLA/resoluciones/AUTOS%202010/3784.pdf HTTP/1.1" 200 227199
66.249.66.20 - - [07/Jan/2024:00:56:30 -0500] "GET /BLA/resoluciones/AUTOS%202013/1765.pdf HTTP/1.1" 200 362800
156.59.198.136 - - [07/Jan/2024:00:56:33 -0500] "GET /BLA/resoluciones/RESOLUCIONES%202022/3380.pdf HTTP/1.0" 200 510347
66.249.66.20 - - [07/Jan/2024:00:56:50 -0500] "GET /BLA/resoluciones/RESOLUCIONES%202009/9801.pdf HTTP/1.1" 200 639785
156.59.198.135 - - [07/Jan/2024:00:56:58 -0500] "GET /BLA/resoluciones/RESOLUCIONES%202022/2298.pdf HTTP/1.0" 200 416144
216.244.66.195 - - [07/Jan/2024:00:57:00 -0500] "GET /BLA/resoluciones/AUTOS%202010/4360.pdf HTTP/1.1" 200 245229
201.245.192.253 - - [07/Jan/2024:00:56:59 -0500] "POST /kwsrmcab/Wsrmcab  HTTP/1.1" 200 36937
156.59.198.136 - - [07/Jan/2024:00:57:22 -0500] "GET /BLA/resoluciones/RESOLUCIONES%202022/0135.pdf HTTP/1.0" 200 581139
216.244.66.195 - - [07/Jan/2024:00:57:29 -0500] "GET /BLA/resoluciones/AUTOS%202010/4434.pdf HTTP/1.1" 200 130703
156.59.198.135 - - [07/Jan/2024:00:57:46 -0500] "GET /BLA/resoluciones/RESOLUCIONES%202022/0580.pdf HTTP/1.0" 200 329730
216.244.66.195 - - [07/Jan/2024:00:57:58 -0500] "GET /BLA/resoluciones/AUTOS%202010/4590.pdf HTTP/1.1" 200 158505
156.59.198.135 - - [07/Jan/2024:00:58:10 -0500] "GET /BLA/resoluciones/RESOLUCIONES%202022/3004.pdf HTTP/1.0" 200 460799
216.244.66.195 - - [07/Jan/2024:00:58:25 -0500] "GET /BLA/resoluciones/AUTOS%202010/5114.pdf HTTP/1.1" 200 170151
156.59.198.136 - - [07/Jan/2024:00:58:35 -0500] "GET /BLA/resoluciones/RESOLUCIONES%202022/3397.pdf HTTP/1.0" 200 380028
216.244.66.195 - - [07/Jan/2024:00:58:54 -0500] "GET /BLA/resoluciones/AUTOS%202010/5331.pdf HTTP/1.1" 200 304909
156.59.198.136 - - [07/Jan/2024:00:59:00 -0500] "GET /BLA/resoluciones/RESOLUCIONES%202022/4064.pdf HTTP/1.0" 200 354201
216.244.66.195 - - [07/Jan/2024:00:59:20 -0500] "GET /BLA/resoluciones/AUTOS%202010/5459.pdf HTTP/1.1" 200 161824
156.59.198.136 - - [07/Jan/2024:00:59:25 -0500] "GET /BLA/resoluciones/RESOLUCIONES%202022/1330.pdf HTTP/1.0" 200 1387006
172.22.2.4 - - [07/Jan/2024:00:59:39 -0500] "GET /BLA/boletinlegal/robots.txt HTTP/1.1" 404 1038
172.22.2.4 - - [07/Jan/2024:00:58:01 -0500] "HEAD /BLA/boletinlegal/ HTTP/1.1" 200 -
172.22.2.4 - - [07/Jan/2024:00:59:41 -0500] "GET /BLA/boletinlegal/normativa.php HTTP/1.1" 200 8343
172.22.2.4 - - [07/Jan/2024:00:59:43 -0500] "GET /BLA/boletinlegal/niceforms-default.css HTTP/1.1" 200 6694
172.22.2.4 - - [07/Jan/2024:00:59:44 -0500] "GET /BLA/boletinlegal/styles2.css HTTP/1.1" 200 1838
216.244.66.195 - - [07/Jan/2024:00:59:44 -0500] "GET /BLA/resoluciones/AUTOS%202010/5700.pdf HTTP/1.1" 200 204421
172.22.2.4 - - [07/Jan/2024:00:59:44 -0500] "GET /BLA/boletinlegal/niceforms.js HTTP/1.1" 200 22876
156.59.198.136 - - [07/Jan/2024:00:59:49 -0500] "GET /BLA/resoluciones/RESOLUCIONES%202022/1693.pdf HTTP/1.0" 200 340443
216.244.66.195 - - [07/Jan/2024:01:00:09 -0500] "GET /BLA/resoluciones/AUTOS%202010/6109.pdf HTTP/1.1" 200 497428
156.59.198.136 - - [07/Jan/2024:01:00:13 -0500] "GET /BLA/resoluciones/RESOLUCIONES%202022/2770.pdf HTTP/1.0" 200 448757
172.22.2.4 - - [07/Jan/2024:00:58:51 -0500] "GET /BLA/boletinlegal/ HTTP/1.1" 200 58567
216.244.66.195 - - [07/Jan/2024:01:00:33 -0500] "GET /BLA/resoluciones/AUTOS%202010/6436.pdf HTTP/1.1" 200 1536224
216.245.221.92 - - [07/Jan/2024:01:00:36 -0500] "HEAD / HTTP/1.1" 200 -
156.59.198.136 - - [07/Jan/2024:01:00:37 -0500] "GET /BLA/resoluciones/RESOLUCIONES%202022/2374.pdf HTTP/1.0" 200 445106
66.249.66.19 - - [07/Jan/2024:01:00:39 -0500] "GET /BLA/resoluciones/RESOLUCIONES%202008/0701.pdf HTTP/1.1" 200 65589
156.59.198.136 - - [07/Jan/2024:01:01:02 -0500] "GET /BLA/resoluciones/RESOLUCIONES%202022/2051.pdf HTTP/1.0" 200 412856
216.244.66.195 - - [07/Jan/2024:01:01:15 -0500] "GET /BLA/resoluciones/AUTOS%202010/6439.pdf HTTP/1.1" 200 155883
156.59.198.135 - - [07/Jan/2024:01:01:27 -0500] "GET /BLA/resoluciones/RESOLUCIONES%202022/0693.pdf HTTP/1.0" 200 368490
66.249.66.20 - - [07/Jan/2024:01:01:36 -0500] "GET /BLA/resoluciones/AUTOS%202014/1882.pdf HTTP/1.1" 200 526619
216.244.66.195 - - [07/Jan/2024:01:01:45 -0500] "GET /BLA/resoluciones/AUTOS%202011/3839.pdf HTTP/1.1" 200 346066
156.59.198.136 - - [07/Jan/2024:01:01:51 -0500] "GET /BLA/resoluciones/RESOLUCIONES%202022/1420.pdf HTTP/1.0" 200 746380
201.245.192.253 - - [07/Jan/2024:01:01:58 -0500] "POST /kwsrmcab/Wsrmcab  HTTP/1.1" 200 36937
216.244.66.195 - - [07/Jan/2024:01:02:15 -0500] "GET /BLA/resoluciones/AUTOS%202011/3897.pdf HTTP/1.1" 200 143174
156.59.198.136 - - [07/Jan/2024:01:02:16 -0500] "GET /BLA/resoluciones/RESOLUCIONES%202022/2937.pdf HTTP/1.0" 200 386576
156.59.198.135 - - [07/Jan/2024:01:02:40 -0500] "GET /BLA/resoluciones/RESOLUCIONES%202022/1462.pdf HTTP/1.0" 200 376976
216.244.66.195 - - [07/Jan/2024:01:02:46 -0500] "GET /BLA/resoluciones/AUTOS%202011/3994.pdf HTTP/1.1" 200 247677
172.22.2.4 - - [07/Jan/2024:01:02:49 -0500] "GET /BLA/boletinlegal/Directivas/2018/Directiva%20No.%2025%20del%2027%20de%20diciembre%20de%202018.pdf HTTP/1.1" 200 1351319
156.59.198.135 - - [07/Jan/2024:01:03:04 -0500] "GET /BLA/resoluciones/RESOLUCIONES%202022/2385.pdf HTTP/1.0" 200 505676
216.244.66.195 - - [07/Jan/2024:01:03:15 -0500] "GET /BLA/resoluciones/RESOLUCIONES%202016/1150.pdf HTTP/1.1" 200 384931
156.59.198.135 - - [07/Jan/2024:01:03:28 -0500] "GET /BLA/resoluciones/RESOLUCIONES%202022/0401.pdf HTTP/1.0" 200 329990
47.128.43.116 - - [07/Jan/2024:01:03:38 -0500] "GET /portaldeninos/wp-includes/js/wp-emoji-release.min.js?ver=4.9.8 HTTP/1.1" 200 12026
47.128.43.116 - - [07/Jan/2024:01:03:36 -0500] "GET /portaldeninos/ HTTP/1.1" 200 110175
47.128.43.116 - - [07/Jan/2024:01:03:39 -0500] "GET /portaldeninos/wp-content/plugins/popup-maker/assets/css/site.min.css?ver=1.8.14 HTTP/1.1" 200 8260
47.128.43.116 - - [07/Jan/2024:01:03:39 -0500] "GET /portaldeninos/wp-content/themes/betheme/style.css?ver=20.9.6 HTTP/1.1" 200 287
47.128.43.116 - - [07/Jan/2024:01:03:40 -0500] "GET /portaldeninos/wp-content/themes/betheme/assets/ui/jquery.ui.all.css?ver=20.9.6 HTTP/1.1" 200 18765
47.128.43.116 - - [07/Jan/2024:01:03:39 -0500] "GET /portaldeninos/wp-content/plugins/gallery-videos/CSS/Total-Soft-Gallery-Video-Widget.css?ver=4.9.8 HTTP/1.1" 200 51554
47.128.43.116 - - [07/Jan/2024:01:03:39 -0500] "GET /portaldeninos/wp-content/themes/betheme/css/base.css?ver=20.9.6 HTTP/1.1" 200 57283
47.128.43.116 - - [07/Jan/2024:01:03:39 -0500] "GET /portaldeninos/wp-content/plugins/gallery-videos/CSS/totalsoft.css?ver=4.9.8 HTTP/1.1" 200 40622
47.128.43.116 - - [07/Jan/2024:01:03:40 -0500] "GET /portaldeninos/wp-content/uploads/useanyfont/uaf.css?ver=1589905315 HTTP/1.1" 200 408
47.128.43.116 - - [07/Jan/2024:01:03:41 -0500] "GET /portaldeninos/wp-content/themes/betheme/assets/jplayer/css/jplayer.blue.monday.css?ver=20.9.6 HTTP/1.1" 200 9834
47.128.43.116 - - [07/Jan/2024:01:03:39 -0500] "GET /portaldeninos/wp-content/themes/betheme/css/shortcodes.css?ver=20.9.6 HTTP/1.1" 200 138889
47.128.43.116 - - [07/Jan/2024:01:03:41 -0500] "GET /portaldeninos/wp-content/themes/betheme/assets/animations/animations.min.css?ver=20.9.6 HTTP/1.1" 200 58508
47.128.43.116 - - [07/Jan/2024:01:03:41 -0500] "GET /portaldeninos/wp-includes/js/jquery/jquery-migrate.min.js?ver=1.4.1 HTTP/1.1" 200 10056
47.128.43.116 - - [07/Jan/2024:01:03:40 -0500] "GET /portaldeninos/wp-content/themes/betheme/css/layout.css?ver=20.9.6 HTTP/1.1" 200 116639
47.128.43.116 - - [07/Jan/2024:01:03:41 -0500] "GET /portaldeninos/wp-content/themes/betheme/css/responsive.css?ver=20.9.6 HTTP/1.1" 200 55740
47.128.43.116 - - [07/Jan/2024:01:03:41 -0500] "GET /portaldeninos/wp-content/plugins/gallery-videos/JS/modernizr.custom.js?ver=4.9.8 HTTP/1.1" 200 9019
47.128.43.116 - - [07/Jan/2024:01:03:41 -0500] "GET /portaldeninos/wp-includes/js/jquery/jquery.js?ver=1.12.4 HTTP/1.1" 200 97184
47.128.43.116 - - [07/Jan/2024:01:03:41 -0500] "GET /portaldeninos/wp-content/plugins/google-analytics-for-wordpress/assets/js/frontend-gtag.min.js?ver=8.5.0 HTTP/1.1" 200 11801
47.128.43.116 - - [07/Jan/2024:01:03:42 -0500] "GET /portaldeninos/wp-includes/js/jquery/ui/core.min.js?ver=1.11.4 HTTP/1.1" 200 4000
47.128.43.116 - - [07/Jan/2024:01:03:42 -0500] "GET /portaldeninos/wp-includes/js/jquery/ui/widget.min.js?ver=1.11.4 HTTP/1.1" 200 6908
47.128.43.116 - - [07/Jan/2024:01:03:41 -0500] "GET /portaldeninos/wp-content/plugins/gallery-videos/JS/Total-Soft-Gallery-Video-Widget.js?ver=4.9.8 HTTP/1.1" 200 80264
47.128.43.116 - - [07/Jan/2024:01:03:42 -0500] "GET /portaldeninos/wp-includes/js/jquery/ui/mouse.min.js?ver=1.11.4 HTTP/1.1" 200 3148
47.128.43.116 - - [07/Jan/2024:01:03:42 -0500] "GET /portaldeninos/wp-includes/js/jquery/ui/tabs.min.js?ver=1.11.4 HTTP/1.1" 200 12110
47.128.43.116 - - [07/Jan/2024:01:03:42 -0500] "GET /portaldeninos/wp-includes/js/jquery/ui/accordion.min.js?ver=1.11.4 HTTP/1.1" 200 8584
47.128.43.116 - - [07/Jan/2024:01:03:42 -0500] "GET /portaldeninos/wp-content/themes/betheme/assets/animations/animations.min.js?ver=20.9.6 HTTP/1.1" 200 1896
47.128.43.116 - - [07/Jan/2024:01:03:42 -0500] "GET /portaldeninos/wp-includes/js/jquery/ui/position.min.js?ver=1.11.4 HTTP/1.1" 200 6527
47.128.43.116 - - [07/Jan/2024:01:03:42 -0500] "GET /portaldeninos/wp-includes/js/jquery/ui/sortable.min.js?ver=1.11.4 HTTP/1.1" 200 24899
47.128.43.116 - - [07/Jan/2024:01:03:42 -0500] "GET /portaldeninos/wp-content/themes/betheme/js/menu.js?ver=20.9.6 HTTP/1.1" 200 2449
47.128.43.116 - - [07/Jan/2024:01:03:43 -0500] "GET /portaldeninos/wp-includes/js/wp-embed.min.js?ver=4.9.8 HTTP/1.1" 200 1398
216.244.66.195 - - [07/Jan/2024:01:03:43 -0500] "GET /BLA/resoluciones/RESOLUCIONES%202016/1832.pdf HTTP/1.1" 200 525638
47.128.43.116 - - [07/Jan/2024:01:03:42 -0500] "GET /portaldeninos/wp-content/themes/betheme/assets/jplayer/jplayer.min.js?ver=20.9.6 HTTP/1.1" 200 52702
47.128.43.116 - - [07/Jan/2024:01:03:43 -0500] "GET /portaldeninos/wp-content/themes/betheme/js/scripts.js?ver=20.9.6 HTTP/1.1" 200 77162
47.128.43.116 - - [07/Jan/2024:01:03:43 -0500] "GET /portaldeninos/wp-content/plugins/popup-maker/assets/js/site.min.js?defer&ver=1.8.14 HTTP/1.1" 200 48457
47.128.43.116 - - [07/Jan/2024:01:03:43 -0500] "GET /portaldeninos/wp-content/uploads/2019/08/Logo-Ambientic.png HTTP/1.1" 200 22941
47.128.43.116 - - [07/Jan/2024:01:03:43 -0500] "GET /portaldeninos/wp-content/uploads/2021/06/titulo-cabezote-ni%C3%B1os.png HTTP/1.1" 200 64425
47.128.43.116 - - [07/Jan/2024:01:03:43 -0500] "GET /portaldeninos/wp-content/uploads/2021/06/titulo-miambiente-ni%C3%B1os.png HTTP/1.1" 200 11944
47.128.43.116 - - [07/Jan/2024:01:03:42 -0500] "GET /portaldeninos/wp-content/themes/betheme/js/plugins.js?ver=20.9.6 HTTP/1.1" 200 197151
47.128.43.116 - - [07/Jan/2024:01:03:44 -0500] "GET /portaldeninos/wp-content/uploads/2021/06/titulo-videos-ni%C3%B1os.png HTTP/1.1" 200 10502
47.128.43.116 - - [07/Jan/2024:01:03:45 -0500] "GET /portaldeninos/wp-content/uploads/2021/06/titulo-humedales-ni%C3%B1os.png HTTP/1.1" 200 13361
47.128.43.116 - - [07/Jan/2024:01:03:44 -0500] "GET /portaldeninos/wp-content/uploads/2020/01/Tierra-escenario.jpg HTTP/1.1" 200 181491
47.128.43.116 - - [07/Jan/2024:01:03:44 -0500] "GET /portaldeninos/wp-content/uploads/2018/10/oso.jpg HTTP/1.1" 200 305180
47.128.43.116 - - [07/Jan/2024:01:03:44 -0500] "GET /portaldeninos/wp-content/uploads/2018/11/caneca.jpg HTTP/1.1" 200 262661
47.128.43.116 - - [07/Jan/2024:01:03:44 -0500] "GET /portaldeninos/wp-content/uploads/2020/01/Frailejon-escenario.jpg HTTP/1.1" 200 357472
47.128.43.116 - - [07/Jan/2024:01:03:46 -0500] "GET /portaldeninos/wp-content/uploads/2020/05/fb.jpg HTTP/1.1" 200 9893
47.128.43.116 - - [07/Jan/2024:01:03:46 -0500] "GET /portaldeninos/wp-content/uploads/2020/05/ig.jpg HTTP/1.1" 200 11470
47.128.43.116 - - [07/Jan/2024:01:03:44 -0500] "GET /portaldeninos/wp-content/uploads/2018/11/tigrillo.jpg HTTP/1.1" 200 402961
47.128.43.116 - - [07/Jan/2024:01:03:46 -0500] "GET /portaldeninos/wp-content/uploads/2020/06/yt.jpg HTTP/1.1" 200 10577
47.128.43.116 - - [07/Jan/2024:01:03:47 -0500] "GET /portaldeninos/wp-content/uploads/2020/06/tw.jpg HTTP/1.1" 200 11056
47.128.43.116 - - [07/Jan/2024:01:03:47 -0500] "GET /portaldeninos/wp-json/pum/v1/analytics/?event=open&pid=1126&_cache=1704607431167 HTTP/1.1" 204 -
47.128.43.116 - - [07/Jan/2024:01:03:46 -0500] "GET /portaldeninos/wp-content/uploads/2022/08/Infograf%C3%ADa-humedales-actualizada.png HTTP/1.1" 200 588022
156.59.198.136 - - [07/Jan/2024:01:03:53 -0500] "GET /BLA/resoluciones/RESOLUCIONES%202022/1268.pdf HTTP/1.0" 200 348914
172.22.2.4 - - [07/Jan/2024:01:04:04 -0500] "GET /BLA/boletinlegal/cex HTTP/1.1" 404 1023
216.244.66.195 - - [07/Jan/2024:01:04:09 -0500] "GET /BLA/resoluciones/RESOLUCIONES%202016/1881.pdf HTTP/1.1" 200 360075
47.128.43.116 - - [07/Jan/2024:01:03:45 -0500] "GET /portaldeninos/wp-content/uploads/2022/08/HUmedalConejera03-1.jpg HTTP/1.1" 200 3066608
156.59.198.136 - - [07/Jan/2024:01:04:17 -0500] "GET /BLA/resoluciones/RESOLUCIONES%202022/0109.pdf HTTP/1.0" 200 413941
216.244.66.195 - - [07/Jan/2024:01:04:34 -0500] "GET /BLA/resoluciones/RESOLUCIONES%202016/1941.pdf HTTP/1.1" 200 517856
156.59.198.136 - - [07/Jan/2024:01:04:42 -0500] "GET /BLA/resoluciones/RESOLUCIONES%202022/0397.pdf HTTP/1.0" 200 355719
216.244.66.195 - - [07/Jan/2024:01:04:57 -0500] "GET /BLA/resoluciones/RESOLUCIONES%202016/2136.pdf HTTP/1.1" 200 838346
156.59.198.135 - - [07/Jan/2024:01:05:07 -0500] "GET /BLA/resoluciones/RESOLUCIONES%202022/0147.pdf HTTP/1.0" 200 706442
186.29.181.187 - - [07/Jan/2024:01:05:11 -0500] "GET /inicia-el-2024-conociendo-la-biodiversidad-de-bogoti.html?fbclid=PAAaZTSe3UGDDgbnOS1a-LczBFG3CoTUP9k24Gde4_h0mLsi_AXjocxaB307o HTTP/1.1" 200 894
216.244.66.195 - - [07/Jan/2024:01:05:20 -0500] "GET /BLA/resoluciones/RESOLUCIONES%202016/2443.pdf HTTP/1.1" 200 359473
156.59.198.136 - - [07/Jan/2024:01:05:30 -0500] "GET /BLA/resoluciones/RESOLUCIONES%202022/0832.pdf HTTP/1.0" 200 356175
172.22.2.4 - - [07/Jan/2024:01:03:51 -0500] "HEAD /BLA/boletinlegal/ HTTP/1.1" 200 -
216.245.221.92 - - [07/Jan/2024:01:05:36 -0500] "HEAD / HTTP/1.1" 200 -
216.244.66.195 - - [07/Jan/2024:01:05:43 -0500] "GET /BLA/resoluciones/RESOLUCIONES%202016/2484.pdf HTTP/1.1" 200 498486
66.249.66.20 - - [07/Jan/2024:01:05:43 -0500] "GET /BLA/resoluciones/RESOLUCIONES%202013/0933.pdf HTTP/1.1" 200 2227984
66.249.66.20 - - [07/Jan/2024:01:05:43 -0500] "GET /robots.txt HTTP/1.1" 404 1018
156.59.198.135 - - [07/Jan/2024:01:05:55 -0500] "GET /BLA/resoluciones/RESOLUCIONES%202022/1434.pdf HTTP/1.0" 200 366032
216.244.66.195 - - [07/Jan/2024:01:06:12 -0500] "GET /BLA/resoluciones/RESOLUCIONES%202017/0136.pdf HTTP/1.1" 200 767163
156.59.198.135 - - [07/Jan/2024:01:06:19 -0500] "GET /BLA/resoluciones/RESOLUCIONES%202022/0890.pdf HTTP/1.0" 200 367358
172.22.2.4 - - [07/Jan/2024:01:04:41 -0500] "GET /BLA/boletinlegal/ HTTP/1.1" 200 58172
47.128.63.204 - - [07/Jan/2024:01:06:35 -0500] "GET /robots.txt HTTP/1.1" 404 1035
66.249.70.165 - - [07/Jan/2024:01:06:37 -0500] "GET /portaldeninos/wp-content/uploads/2019/08/Logo-Ambientic.png HTTP/1.1" 304 -
156.59.198.136 - - [07/Jan/2024:01:06:43 -0500] "GET /BLA/resoluciones/RESOLUCIONES%202022/1542.pdf HTTP/1.0" 200 490505
216.244.66.195 - - [07/Jan/2024:01:06:52 -0500] "GET /BLA/resoluciones/RESOLUCIONES%202017/0408.pdf HTTP/1.1" 200 1136983
201.245.192.253 - - [07/Jan/2024:01:06:57 -0500] "POST /kwsrmcab/Wsrmcab  HTTP/1.1" 200 36937
