47.128.110.21 - - [07/Jan/2024:07:09:14 -0500] "GET /BLA/resoluciones/dlf/pdf.gif HTTP/1.1" 200 272
47.128.110.21 - - [07/Jan/2024:07:09:14 -0500] "GET /BLA/resoluciones/dlf/dirup.png HTTP/1.1" 200 644
156.59.198.135 - - [07/Jan/2024:07:09:35 -0500] "GET /BLA/resoluciones/AUTOS%202019/3046.pdf HTTP/1.0" 200 290604
47.128.110.21 - - [07/Jan/2024:07:09:11 -0500] "GET /BLA/resoluciones/index.php?dir=RESOLUCIONES%202010%2F&order=desc&sort=name HTTP/1.1" 200 229323
156.59.198.136 - - [07/Jan/2024:07:10:00 -0500] "GET /BLA/resoluciones/AUTOS%202019/3856.pdf HTTP/1.0" 200 264329
156.59.198.136 - - [07/Jan/2024:07:10:24 -0500] "GET /BLA/resoluciones/RESOLUCIONES%202022/0681.pdf HTTP/1.0" 200 692730
201.245.192.253 - - [07/Jan/2024:07:10:22 -0500] "POST /kwsrmcab/Wsrmcab  HTTP/1.1" 200 36937
216.245.221.92 - - [07/Jan/2024:07:10:35 -0500] "HEAD / HTTP/1.1" 200 -
156.59.198.136 - - [07/Jan/2024:07:10:49 -0500] "GET /BLA/resoluciones/RESOLUCIONES%202022/0919.pdf HTTP/1.0" 200 344344
66.249.66.20 - - [07/Jan/2024:07:09:20 -0500] "GET /BLA/boletinlegal/index.php? HTTP/1.1" 200 62422
186.31.213.228 - - [07/Jan/2024:07:11:02 -0500] "GET /inicia-el-2024-conociendo-la-biodiversidad-de-bogoti.html?fbclid=PAAaa8WtKxnbkjH15Vf4B3Fh4bLvq81sCPexyPslOhXODNEij0PIFgXTIwlFs HTTP/1.1" 200 894
156.59.198.135 - - [07/Jan/2024:07:11:14 -0500] "GET /BLA/resoluciones/AUTOS%202019/3845.pdf HTTP/1.0" 200 263864
156.59.198.136 - - [07/Jan/2024:07:11:40 -0500] "GET /BLA/resoluciones/AUTOS%202019/1615.pdf HTTP/1.0" 200 267831
156.59.198.135 - - [07/Jan/2024:07:12:04 -0500] "GET /BLA/resoluciones/RESOLUCIONES%202022/0300.pdf HTTP/1.0" 200 333761
156.59.198.136 - - [07/Jan/2024:07:12:27 -0500] "GET /BLA/resoluciones/RESOLUCIONES%202022/2800.pdf HTTP/1.0" 200 498587
156.59.198.136 - - [07/Jan/2024:07:12:51 -0500] "GET /BLA/resoluciones/AUTOS%202019/5374.pdf HTTP/1.0" 200 283740
172.22.2.4 - - [07/Jan/2024:07:11:20 -0500] "HEAD /BLA/boletinlegal/ HTTP/1.1" 200 -
156.59.198.136 - - [07/Jan/2024:07:13:17 -0500] "GET /BLA/resoluciones/AUTOS%202019/5377.pdf HTTP/1.0" 200 279484
66.249.66.19 - - [07/Jan/2024:07:13:40 -0500] "GET /BLA/resoluciones/RESOLUCIONES%202013/2140.pdf HTTP/1.1" 200 2898127
156.59.198.136 - - [07/Jan/2024:07:13:41 -0500] "GET /BLA/resoluciones/RESOLUCIONES%202022/1078.pdf HTTP/1.0" 200 1402296
216.244.66.195 - - [07/Jan/2024:07:13:50 -0500] "GET /BLA/resoluciones/AUTOS%202013/2705.pdf HTTP/1.1" 200 434172
172.22.2.4 - - [07/Jan/2024:07:12:11 -0500] "GET /BLA/boletinlegal/ HTTP/1.1" 200 60910
216.244.66.195 - - [07/Jan/2024:07:13:56 -0500] "GET /BLA/resoluciones/AUTOS%202013/2740.pdf HTTP/1.1" 200 580324
216.244.66.195 - - [07/Jan/2024:07:14:03 -0500] "GET /BLA/resoluciones/AUTOS%202014/0626.pdf HTTP/1.1" 200 484507
156.59.198.135 - - [07/Jan/2024:07:14:06 -0500] "GET /BLA/resoluciones/RESOLUCIONES%202022/1061.pdf HTTP/1.0" 200 1462870
216.244.66.195 - - [07/Jan/2024:07:14:08 -0500] "GET /BLA/resoluciones/AUTOS%202014/1177.pdf HTTP/1.1" 200 273649
216.244.66.195 - - [07/Jan/2024:07:14:12 -0500] "GET /BLA/resoluciones/AUTOS%202014/1799.pdf HTTP/1.1" 200 435740
216.244.66.195 - - [07/Jan/2024:07:14:16 -0500] "GET /BLA/resoluciones/AUTOS%202014/1811.pdf HTTP/1.1" 200 136482
216.244.66.195 - - [07/Jan/2024:07:14:20 -0500] "GET /BLA/resoluciones/AUTOS%202014/1886.pdf HTTP/1.1" 200 406340
216.244.66.195 - - [07/Jan/2024:07:14:23 -0500] "GET /BLA/resoluciones/RESOLUCIONES%202011/0288.pdf HTTP/1.1" 200 85805
216.244.66.195 - - [07/Jan/2024:07:14:26 -0500] "GET /BLA/resoluciones/RESOLUCIONES%202011/0442.pdf HTTP/1.1" 200 75389
216.244.66.195 - - [07/Jan/2024:07:14:28 -0500] "GET /BLA/resoluciones/RESOLUCIONES%202011/0449.pdf HTTP/1.1" 200 78569
156.59.198.135 - - [07/Jan/2024:07:14:30 -0500] "GET /BLA/resoluciones/AUTOS%202019/0346.pdf HTTP/1.0" 200 273945
216.244.66.195 - - [07/Jan/2024:07:14:31 -0500] "GET /BLA/resoluciones/RESOLUCIONES%202011/0587.pdf HTTP/1.1" 200 413936
216.244.66.195 - - [07/Jan/2024:07:14:33 -0500] "GET /BLA/resoluciones/RESOLUCIONES%202011/0724.pdf HTTP/1.1" 200 244872
216.244.66.195 - - [07/Jan/2024:07:14:36 -0500] "GET /BLA/resoluciones/RESOLUCIONES%202011/1138.pdf HTTP/1.1" 200 263991
216.244.66.195 - - [07/Jan/2024:07:14:39 -0500] "GET /BLA/resoluciones/RESOLUCIONES%202011/1198.pdf HTTP/1.1" 200 347366
216.244.66.195 - - [07/Jan/2024:07:14:41 -0500] "GET /BLA/resoluciones/RESOLUCIONES%202011/1235.pdf HTTP/1.1" 200 273353
216.244.66.195 - - [07/Jan/2024:07:14:44 -0500] "GET /BLA/resoluciones/RESOLUCIONES%202011/1360.pdf HTTP/1.1" 200 71723
216.244.66.195 - - [07/Jan/2024:07:14:46 -0500] "GET /BLA/resoluciones/RESOLUCIONES%202011/1385.pdf HTTP/1.1" 200 79415
216.244.66.195 - - [07/Jan/2024:07:14:48 -0500] "GET /BLA/resoluciones/RESOLUCIONES%202011/1449.pdf HTTP/1.1" 200 70773
216.244.66.195 - - [07/Jan/2024:07:14:51 -0500] "GET /BLA/resoluciones/RESOLUCIONES%202011/1513.pdf HTTP/1.1" 200 187012
156.59.198.135 - - [07/Jan/2024:07:14:54 -0500] "GET /BLA/resoluciones/AUTOS%202019/1977.pdf HTTP/1.0" 200 292720
216.244.66.195 - - [07/Jan/2024:07:14:58 -0500] "GET /BLA/resoluciones/RESOLUCIONES%202011/2403.pdf HTTP/1.1" 200 311132
216.244.66.195 - - [07/Jan/2024:07:15:04 -0500] "GET /BLA/resoluciones/RESOLUCIONES%202015/0279.pdf HTTP/1.1" 200 689740
201.245.192.253 - - [07/Jan/2024:07:15:10 -0500] "POST /kwsrmcab/Wsrmcab HTTP/1.1" 200 36659
201.245.192.253 - - [07/Jan/2024:07:15:13 -0500] "POST /kwsrmcab/Wsrmcab HTTP/1.1" 200 36812
156.59.198.136 - - [07/Jan/2024:07:15:19 -0500] "GET /BLA/resoluciones/AUTOS%202019/4900.pdf HTTP/1.0" 200 288452
201.245.192.253 - - [07/Jan/2024:07:15:21 -0500] "POST /kwsrmcab/Wsrmcab  HTTP/1.1" 200 36937
216.245.221.92 - - [07/Jan/2024:07:15:35 -0500] "HEAD / HTTP/1.1" 200 -
156.59.198.136 - - [07/Jan/2024:07:15:43 -0500] "GET /BLA/resoluciones/AUTOS%202019/1986.pdf HTTP/1.0" 200 310743
172.22.2.4 - - [07/Jan/2024:07:15:35 -0500] "GET /BLA/boletinlegal/ HTTP/1.1" 200 24523
156.59.198.135 - - [07/Jan/2024:07:16:10 -0500] "GET /BLA/resoluciones/AUTOS%202019/2546.pdf HTTP/1.0" 200 256705
156.59.198.136 - - [07/Jan/2024:07:16:31 -0500] "GET /BLA/resoluciones/RESOLUCIONES%202022/1120.pdf HTTP/1.0" 200 692848
156.59.198.135 - - [07/Jan/2024:07:16:35 -0500] "GET /BLA/resoluciones/AUTOS%202019/4900.pdf HTTP/1.0" 206 157623
156.59.198.135 - - [07/Jan/2024:07:16:55 -0500] "GET /BLA/resoluciones/RESOLUCIONES%202022/0548.pdf HTTP/1.0" 200 334074
156.59.198.136 - - [07/Jan/2024:07:17:19 -0500] "GET /BLA/resoluciones/RESOLUCIONES%202022/0649.pdf HTTP/1.0" 200 375527
191.156.229.100 - - [07/Jan/2024:07:17:22 -0500] "GET /inicia-el-2024-conociendo-la-biodiversidad-de-bogoti.html?fbclid=IwAR1yndBa0KLdevUeWMBCKP2IHWHh4af8686nNo6xBrygPqTH-e-j9kSJCQs HTTP/1.1" 200 894
156.59.198.136 - - [07/Jan/2024:07:17:43 -0500] "GET /BLA/resoluciones/RESOLUCIONES%202022/2353.pdf HTTP/1.0" 200 415772
156.59.198.136 - - [07/Jan/2024:07:18:08 -0500] "GET /BLA/resoluciones/AUTOS%202019/3508.pdf HTTP/1.0" 200 326208
156.59.198.135 - - [07/Jan/2024:07:18:33 -0500] "GET /BLA/resoluciones/AUTOS%202019/0042.pdf HTTP/1.0" 200 317090
172.22.2.4 - - [07/Jan/2024:07:17:10 -0500] "HEAD /BLA/boletinlegal/ HTTP/1.1" 200 -
156.59.198.136 - - [07/Jan/2024:07:18:56 -0500] "GET /BLA/resoluciones/AUTOS%202019/1924.pdf HTTP/1.0" 200 267722
156.59.198.135 - - [07/Jan/2024:07:19:21 -0500] "GET /BLA/resoluciones/RESOLUCIONES%202022/2840.pdf HTTP/1.0" 200 404753
201.245.192.253 - - [07/Jan/2024:07:19:22 -0500] "POST /kwsrmcab/Wsrmcab HTTP/1.1" 200 36659
172.22.2.4 - - [07/Jan/2024:07:18:01 -0500] "GET /BLA/boletinlegal/ HTTP/1.1" 200 60910
156.59.198.135 - - [07/Jan/2024:07:19:45 -0500] "GET /BLA/resoluciones/AUTOS%202019/0879.pdf HTTP/1.0" 200 268038
201.245.192.253 - - [07/Jan/2024:07:20:00 -0500] "POST /kwsrmcab/Wsrmcab HTTP/1.1" 200 36812
156.59.198.135 - - [07/Jan/2024:07:20:10 -0500] "GET /BLA/resoluciones/RESOLUCIONES%202022/2389.pdf HTTP/1.0" 200 543446
201.245.192.253 - - [07/Jan/2024:07:20:20 -0500] "POST /kwsrmcab/Wsrmcab  HTTP/1.1" 200 36937
186.86.33.42 - - [07/Jan/2024:07:20:30 -0500] "GET /inicia-el-2024-conociendo-la-biodiversidad-de-bogoti.html?fbclid=IwAR2dNreImL7bk2KbxHZChoWlxBIlotw0d1ur1mcvFLH4VD-MA2JzUGPdwgU HTTP/1.1" 200 894
216.245.221.92 - - [07/Jan/2024:07:20:35 -0500] "HEAD / HTTP/1.1" 200 -
156.59.198.135 - - [07/Jan/2024:07:20:35 -0500] "GET /BLA/resoluciones/AUTOS%202019/1031.pdf HTTP/1.0" 200 255463
156.59.198.136 - - [07/Jan/2024:07:20:58 -0500] "GET /BLA/resoluciones/AUTOS%202019/1893.pdf HTTP/1.0" 200 305537
156.59.198.136 - - [07/Jan/2024:07:21:23 -0500] "GET /BLA/resoluciones/RESOLUCIONES%202007/RES%202007%204001%20AL%204100/RESOLUCION%204012%20DE%202007.pdf HTTP/1.0" 200 393859
156.59.198.135 - - [07/Jan/2024:07:21:47 -0500] "GET /BLA/resoluciones/AUTOS%202019/1725.pdf HTTP/1.0" 200 243891
156.59.198.136 - - [07/Jan/2024:07:22:12 -0500] "GET /BLA/resoluciones/RESOLUCIONES%202007/RES%202007%204001%20AL%204100/RESOLUCION%204028%20DE%202007.pdf HTTP/1.0" 200 639324
191.156.52.163 - - [07/Jan/2024:07:22:31 -0500] "GET /inicia-el-2024-conociendo-la-biodiversidad-de-bogoti.html?fbclid=PAAaYVoFg6yzF-fQcPKEVPAgDWut2p87h2hbNjn0UMZZKNHSUjB71vvo5rHNc_aem_AYBbUk4V34pMnhHPzm8kUgyBCsB53uSy4ycuNcgEAsxOUPJkcwLlIs6Nl9_KYh_SjbQ HTTP/1.1" 200 894
156.59.198.136 - - [07/Jan/2024:07:22:36 -0500] "GET /BLA/resoluciones/RESOLUCIONES%202022/0712.pdf HTTP/1.0" 200 351754
156.59.198.135 - - [07/Jan/2024:07:22:59 -0500] "GET /BLA/resoluciones/RESOLUCIONES%202022/0645.pdf HTTP/1.0" 200 353058
156.59.198.135 - - [07/Jan/2024:07:23:24 -0500] "GET /BLA/resoluciones/RESOLUCIONES%202022/0552.pdf HTTP/1.0" 200 336624
191.156.18.85 - - [07/Jan/2024:07:23:40 -0500] "GET /inicia-el-2024-conociendo-la-biodiversidad-de-bogoti.html?fbclid=IwAR3NZ5Ik8nZQSnJiI5piC8AL0ryRQHw_Ir9SKVTRtYlTjY7VkAqSywPBiIk HTTP/1.1" 200 894
156.59.198.136 - - [07/Jan/2024:07:23:49 -0500] "GET /BLA/resoluciones/RESOLUCIONES%202022/2221.pdf HTTP/1.0" 200 390706
156.59.198.136 - - [07/Jan/2024:07:24:13 -0500] "GET /BLA/resoluciones/AUTOS%202019/3905.pdf HTTP/1.0" 200 266490
156.59.198.136 - - [07/Jan/2024:07:24:39 -0500] "GET /BLA/resoluciones/AUTOS%202019/5153.pdf HTTP/1.0" 200 250336
172.22.2.4 - - [07/Jan/2024:07:23:00 -0500] "HEAD /BLA/boletinlegal/ HTTP/1.1" 200 -
156.59.198.135 - - [07/Jan/2024:07:25:02 -0500] "GET /BLA/resoluciones/AUTOS%202019/2264.pdf HTTP/1.0" 200 261103
201.245.192.253 - - [07/Jan/2024:07:25:09 -0500] "POST /kwsrmcab/Wsrmcab HTTP/1.1" 200 36659
201.245.192.253 - - [07/Jan/2024:07:25:12 -0500] "POST /kwsrmcab/Wsrmcab HTTP/1.1" 200 36812
201.245.192.253 - - [07/Jan/2024:07:25:19 -0500] "POST /kwsrmcab/Wsrmcab  HTTP/1.1" 200 36937
156.59.198.135 - - [07/Jan/2024:07:25:26 -0500] "GET /BLA/resoluciones/RESOLUCIONES%202022/0503.pdf HTTP/1.0" 200 346876
172.22.2.4 - - [07/Jan/2024:07:23:50 -0500] "GET /BLA/boletinlegal/ HTTP/1.1" 200 57683
216.245.221.92 - - [07/Jan/2024:07:25:35 -0500] "HEAD / HTTP/1.1" 200 -
156.59.198.135 - - [07/Jan/2024:07:25:51 -0500] "GET /BLA/resoluciones/AUTOS%202019/3352.pdf HTTP/1.0" 200 267844
52.167.144.235 - - [07/Jan/2024:07:25:57 -0500] "GET /bla/resoluciones/notificaciones/AUTOS%202020/04720.pdf HTTP/1.1" 200 360594
156.59.198.135 - - [07/Jan/2024:07:26:16 -0500] "GET /BLA/resoluciones/RESOLUCIONES%202007/RES%202007%202601%20AL%202700/RESOLUCION%202642%20DE%202007.pdf HTTP/1.0" 200 437766
156.59.198.135 - - [07/Jan/2024:07:26:40 -0500] "GET /BLA/resoluciones/RESOLUCIONES%202022/0383.pdf HTTP/1.0" 200 347571
156.59.198.135 - - [07/Jan/2024:07:27:04 -0500] "GET /BLA/resoluciones/AUTOS%202019/4400.pdf HTTP/1.0" 200 270385
156.59.198.136 - - [07/Jan/2024:07:27:29 -0500] "GET /BLA/resoluciones/AUTOS%202019/3751.pdf HTTP/1.0" 200 261664
156.59.198.136 - - [07/Jan/2024:07:27:53 -0500] "GET /BLA/resoluciones/AUTOS%202019/2687.pdf HTTP/1.0" 200 254643
34.32.202.240 - - [07/Jan/2024:07:27:54 -0500] "GET /distrito-exalto-a-246-empresas-de-bogota-por-su-alto-desempeno-y-responsabilidad-ambiental-durante-2023.html HTTP/1.1" 304 -
156.59.198.136 - - [07/Jan/2024:07:28:18 -0500] "GET /BLA/resoluciones/RESOLUCIONES%202022/0386.pdf HTTP/1.0" 200 378017
156.59.198.136 - - [07/Jan/2024:07:28:41 -0500] "GET /BLA/resoluciones/AUTOS%202019/0435.pdf HTTP/1.0" 200 232059
40.77.167.76 - - [07/Jan/2024:07:28:53 -0500] "GET /BLA/resoluciones/AUTOS%202023/06361.pdf HTTP/1.1" 200 602572
156.59.198.135 - - [07/Jan/2024:07:29:06 -0500] "GET /BLA/resoluciones/AUTOS%202019/1508.pdf HTTP/1.0" 200 269505
201.245.192.253 - - [07/Jan/2024:07:29:22 -0500] "POST /kwsrmcab/Wsrmcab HTTP/1.1" 200 36659
156.59.198.135 - - [07/Jan/2024:07:29:30 -0500] "GET /BLA/resoluciones/RESOLUCIONES%202007/RES%202007%204001%20AL%204100/RESOLUCION%204060%20DE%202007.pdf HTTP/1.0" 200 461977
66.249.66.20 - - [07/Jan/2024:07:29:41 -0500] "GET /Publicaciones/2023EE170479.pdf HTTP/1.1" 404 228
156.59.198.135 - - [07/Jan/2024:07:29:54 -0500] "GET /BLA/resoluciones/AUTOS%202019/4858.pdf HTTP/1.0" 200 261058
52.167.144.235 - - [07/Jan/2024:07:29:58 -0500] "GET /BLA/resoluciones/AUTOS%202020/4992.pdf HTTP/1.1" 200 403766
201.245.192.253 - - [07/Jan/2024:07:30:00 -0500] "POST /kwsrmcab/Wsrmcab HTTP/1.1" 200 36812
156.59.198.135 - - [07/Jan/2024:07:30:18 -0500] "GET /BLA/resoluciones/AUTOS%202019/0285.pdf HTTP/1.0" 200 257430
201.245.192.253 - - [07/Jan/2024:07:30:17 -0500] "POST /kwsrmcab/Wsrmcab  HTTP/1.1" 200 36937
172.22.2.4 - - [07/Jan/2024:07:28:50 -0500] "HEAD /BLA/boletinlegal/ HTTP/1.1" 200 -
216.245.221.92 - - [07/Jan/2024:07:30:35 -0500] "HEAD / HTTP/1.1" 200 -
156.59.198.135 - - [07/Jan/2024:07:30:42 -0500] "GET /BLA/resoluciones/AUTOS%202019/0147.pdf HTTP/1.0" 200 248265
156.59.198.135 - - [07/Jan/2024:07:31:07 -0500] "GET /BLA/resoluciones/AUTOS%202019/1750.pdf HTTP/1.0" 200 247294
172.22.2.4 - - [07/Jan/2024:07:29:40 -0500] "GET /BLA/boletinlegal/ HTTP/1.1" 200 58567
156.59.198.136 - - [07/Jan/2024:07:31:31 -0500] "GET /BLA/resoluciones/AUTOS%202019/0445.pdf HTTP/1.0" 200 256640
156.59.198.136 - - [07/Jan/2024:07:31:55 -0500] "GET /BLA/resoluciones/AUTOS%202019/4265.pdf HTTP/1.0" 200 266086
156.59.198.135 - - [07/Jan/2024:07:32:19 -0500] "GET /BLA/resoluciones/AUTOS%202019/5288.pdf HTTP/1.0" 200 294515
156.59.198.136 - - [07/Jan/2024:07:32:44 -0500] "GET /BLA/resoluciones/RESOLUCIONES%202022/0934.pdf HTTP/1.0" 200 345016
34.244.137.241 - - [07/Jan/2024:07:33:06 -0500] "GET /robots.txt HTTP/1.1" 404 1034
34.244.137.241 - - [07/Jan/2024:07:33:06 -0500] "GET / HTTP/1.1" 200 4720
156.59.198.136 - - [07/Jan/2024:07:33:08 -0500] "GET /BLA/resoluciones/RESOLUCIONES%202022/2435.pdf HTTP/1.0" 200 391191
216.244.66.195 - - [07/Jan/2024:07:33:26 -0500] "GET /robots.txt HTTP/1.1" 404 1018
156.59.198.135 - - [07/Jan/2024:07:33:33 -0500] "GET /BLA/resoluciones/RESOLUCIONES%202022/3484.pdf HTTP/1.0" 200 432151
156.59.198.136 - - [07/Jan/2024:07:33:57 -0500] "GET /BLA/resoluciones/RESOLUCIONES%202022/2150.pdf HTTP/1.0" 200 2037018
40.77.167.28 - - [07/Jan/2024:07:34:08 -0500] "GET /BLA/resoluciones/AUTOS%202020/1044.pdf HTTP/1.1" 200 384178
156.59.198.135 - - [07/Jan/2024:07:34:21 -0500] "GET /BLA/resoluciones/RESOLUCIONES%202022/1594.pdf HTTP/1.0" 200 347054
156.59.198.136 - - [07/Jan/2024:07:34:46 -0500] "GET /BLA/resoluciones/RESOLUCIONES%202022/0981.pdf HTTP/1.0" 200 349164
40.77.167.16 - - [07/Jan/2024:07:34:49 -0500] "GET /BLA/resoluciones/AUTOS%202010/1944.pdf HTTP/1.1" 200 320516
156.59.198.135 - - [07/Jan/2024:07:35:09 -0500] "GET /BLA/resoluciones/RESOLUCIONES%202007/RES%202007%202601%20AL%202700/RESOLUCION%202649%20DE%202007.pdf HTTP/1.0" 200 406261
201.245.192.253 - - [07/Jan/2024:07:35:09 -0500] "POST /kwsrmcab/Wsrmcab HTTP/1.1" 200 36659
201.245.192.253 - - [07/Jan/2024:07:35:12 -0500] "POST /kwsrmcab/Wsrmcab HTTP/1.1" 200 36812
201.245.192.253 - - [07/Jan/2024:07:35:16 -0500] "POST /kwsrmcab/Wsrmcab  HTTP/1.1" 200 36937
156.59.198.135 - - [07/Jan/2024:07:35:34 -0500] "GET /BLA/resoluciones/RESOLUCIONES%202007/RES%202007%202601%20AL%202700/RESOLUCION%202669%20DE%202007.pdf HTTP/1.0" 200 96591
216.245.221.92 - - [07/Jan/2024:07:35:35 -0500] "HEAD / HTTP/1.1" 200 -
161.18.220.30 - - [07/Jan/2024:07:35:37 -0500] "GET /inicia-el-2024-conociendo-la-biodiversidad-de-bogoti.html?fbclid=PAAaZJ-adxcfoL-wZX9BBxT874wiGrX0oG6siYfBQYA4wDdZe4OKrm6GbFQ4E HTTP/1.1" 200 894
156.59.198.136 - - [07/Jan/2024:07:35:59 -0500] "GET /BLA/resoluciones/RESOLUCIONES%202022/2852.pdf HTTP/1.0" 200 384523
172.22.2.4 - - [07/Jan/2024:07:34:40 -0500] "HEAD /BLA/boletinlegal/ HTTP/1.1" 200 -
156.59.198.136 - - [07/Jan/2024:07:36:24 -0500] "GET /BLA/resoluciones/AUTOS%202019/4275.pdf HTTP/1.0" 200 322095
156.59.198.136 - - [07/Jan/2024:07:36:47 -0500] "GET /BLA/resoluciones/RESOLUCIONES%202007/RES%202007%204001%20AL%204100/RESOLUCION%204095%20DE%202007.pdf HTTP/1.0" 200 385247
172.22.2.4 - - [07/Jan/2024:07:35:31 -0500] "GET /BLA/boletinlegal/ HTTP/1.1" 200 58567
156.59.198.136 - - [07/Jan/2024:07:37:12 -0500] "GET /BLA/resoluciones/RESOLUCIONES%202022/2465.pdf HTTP/1.0" 200 332205
156.59.198.136 - - [07/Jan/2024:07:37:37 -0500] "GET /BLA/resoluciones/AUTOS%202019/2651.pdf HTTP/1.0" 200 271164
156.59.198.136 - - [07/Jan/2024:07:38:02 -0500] "GET /BLA/resoluciones/AUTOS%202019/3406.pdf HTTP/1.0" 200 306238
40.77.167.18 - - [07/Jan/2024:07:38:16 -0500] "GET /portaldeninos/ruido/ HTTP/1.1" 200 88494
156.59.198.136 - - [07/Jan/2024:07:38:26 -0500] "GET /BLA/resoluciones/AUTOS%202019/1118.pdf HTTP/1.0" 200 312131
40.77.167.16 - - [07/Jan/2024:07:38:40 -0500] "GET /BLA/resoluciones/AUTOS%202020/1632.pdf HTTP/1.1" 200 341161
156.59.198.135 - - [07/Jan/2024:07:38:51 -0500] "GET /BLA/resoluciones/AUTOS%202019/2632.pdf HTTP/1.0" 200 271202
172.22.2.4 - - [07/Jan/2024:07:38:33 -0500] "GET /BLA/boletinlegal/ HTTP/1.1" 200 24523
172.22.2.4 - - [07/Jan/2024:07:37:34 -0500] "GET /BLA/boletinlegal/ HTTP/1.1" 200 57683
156.59.198.135 - - [07/Jan/2024:07:39:15 -0500] "GET /BLA/resoluciones/AUTOS%202019/0145.pdf HTTP/1.0" 200 278148
40.77.167.136 - - [07/Jan/2024:07:39:21 -0500] "GET /portaldeninos/wp-content/themes/betheme/assets/animations/animations.min.css?ver=20.9.6 HTTP/1.1" 200 58508
40.77.167.136 - - [07/Jan/2024:07:39:22 -0500] "GET /portaldeninos/wp-includes/js/jquery/ui/accordion.min.js?ver=1.11.4 HTTP/1.1" 200 8584
40.77.167.136 - - [07/Jan/2024:07:39:22 -0500] "GET /portaldeninos/wp-includes/js/jquery/ui/mouse.min.js?ver=1.11.4 HTTP/1.1" 200 3148
40.77.167.136 - - [07/Jan/2024:07:39:22 -0500] "GET /portaldeninos/wp-includes/js/jquery/ui/tabs.min.js?ver=1.11.4 HTTP/1.1" 200 12110
40.77.167.136 - - [07/Jan/2024:07:39:22 -0500] "GET /portaldeninos/wp-includes/js/jquery/ui/widget.min.js?ver=1.11.4 HTTP/1.1" 200 6908
40.77.167.136 - - [07/Jan/2024:07:39:22 -0500] "GET /portaldeninos/wp-includes/js/wp-embed.min.js?ver=4.9.8 HTTP/1.1" 200 1398
201.245.192.253 - - [07/Jan/2024:07:39:22 -0500] "POST /kwsrmcab/Wsrmcab HTTP/1.1" 200 36659
52.167.144.235 - - [07/Jan/2024:07:39:27 -0500] "GET /portaldeninos/wp-content/themes/betheme/assets/animations/animations.min.js?ver=20.9.6 HTTP/1.1" 200 1896
52.167.144.235 - - [07/Jan/2024:07:39:27 -0500] "GET /portaldeninos/wp-content/themes/betheme/assets/jplayer/jplayer.min.js?ver=20.9.6 HTTP/1.1" 200 52702
52.167.144.235 - - [07/Jan/2024:07:39:27 -0500] "GET /portaldeninos/wp-content/themes/betheme/css/shortcodes.css?ver=20.9.6 HTTP/1.1" 200 138889
52.167.144.235 - - [07/Jan/2024:07:39:28 -0500] "GET /portaldeninos/wp-content/themes/betheme/js/plugins.js?ver=20.9.6 HTTP/1.1" 200 197151
52.167.144.235 - - [07/Jan/2024:07:39:28 -0500] "GET /portaldeninos/wp-content/themes/betheme/style.css?ver=20.9.6 HTTP/1.1" 200 287
52.167.144.235 - - [07/Jan/2024:07:39:28 -0500] "GET /portaldeninos/wp-includes/js/jquery/ui/core.min.js?ver=1.11.4 HTTP/1.1" 200 4000
52.167.144.235 - - [07/Jan/2024:07:39:29 -0500] "GET /portaldeninos/wp-includes/js/wp-emoji-release.min.js?ver=4.9.8 HTTP/1.1" 200 12026
40.77.167.126 - - [07/Jan/2024:07:39:34 -0500] "GET /portaldeninos/wp-content/plugins/gallery-videos/CSS/Total-Soft-Gallery-Video-Widget.css?ver=4.9.8 HTTP/1.1" 200 51554
40.77.167.126 - - [07/Jan/2024:07:39:35 -0500] "GET /portaldeninos/wp-content/plugins/gallery-videos/CSS/totalsoft.css?ver=4.9.8 HTTP/1.1" 200 40622
40.77.167.126 - - [07/Jan/2024:07:39:35 -0500] "GET /portaldeninos/wp-content/plugins/gallery-videos/JS/modernizr.custom.js?ver=4.9.8 HTTP/1.1" 200 9019
40.77.167.126 - - [07/Jan/2024:07:39:36 -0500] "GET /portaldeninos/wp-content/themes/betheme/assets/jplayer/css/jplayer.blue.monday.css?ver=20.9.6 HTTP/1.1" 200 9834
40.77.167.126 - - [07/Jan/2024:07:39:36 -0500] "GET /portaldeninos/wp-content/themes/betheme/assets/ui/jquery.ui.all.css?ver=20.9.6 HTTP/1.1" 200 18765
40.77.167.126 - - [07/Jan/2024:07:39:36 -0500] "GET /portaldeninos/wp-content/themes/betheme/css/base.css?ver=20.9.6 HTTP/1.1" 200 57283
40.77.167.126 - - [07/Jan/2024:07:39:37 -0500] "GET /portaldeninos/wp-content/themes/betheme/css/responsive.css?ver=20.9.6 HTTP/1.1" 200 55740
40.77.167.126 - - [07/Jan/2024:07:39:37 -0500] "GET /portaldeninos/wp-content/themes/betheme/js/scripts.js?ver=20.9.6 HTTP/1.1" 200 77162
40.77.167.126 - - [07/Jan/2024:07:39:37 -0500] "GET /portaldeninos/wp-content/uploads/useanyfont/uaf.css?ver=1589905315 HTTP/1.1" 200 408
40.77.167.126 - - [07/Jan/2024:07:39:38 -0500] "GET /portaldeninos/wp-includes/js/jquery/jquery-migrate.min.js?ver=1.4.1 HTTP/1.1" 200 10056
156.59.198.136 - - [07/Jan/2024:07:39:39 -0500] "GET /BLA/resoluciones/AUTOS%202019/3460.pdf HTTP/1.0" 200 300449
201.245.192.253 - - [07/Jan/2024:07:39:59 -0500] "POST /kwsrmcab/Wsrmcab HTTP/1.1" 200 36812
156.59.198.135 - - [07/Jan/2024:07:40:03 -0500] "GET /BLA/resoluciones/RESOLUCIONES%202022/0108.pdf HTTP/1.0" 200 416936
201.245.192.253 - - [07/Jan/2024:07:40:14 -0500] "POST /kwsrmcab/Wsrmcab  HTTP/1.1" 200 36937
156.59.198.135 - - [07/Jan/2024:07:40:27 -0500] "GET /BLA/resoluciones/RESOLUCIONES%202007/RES%202007%202601%20AL%202700/RESOLUCION%202689%20DE%202007.pdf HTTP/1.0" 200 233703
216.245.221.92 - - [07/Jan/2024:07:40:35 -0500] "HEAD / HTTP/1.1" 200 -
156.59.198.136 - - [07/Jan/2024:07:40:53 -0500] "GET /BLA/resoluciones/AUTOS%202019/0469.pdf HTTP/1.0" 200 287330
179.93.155.190 - - [07/Jan/2024:07:40:59 -0500] "GET /inicia-el-2024-conociendo-la-biodiversidad-de-bogoti.html?fbclid=IwAR07MtTI-3t1rRWWFiWvwuD5iuZNnS8ULUX4egPuz3ovu-KYFo9y9RzMCnw HTTP/1.1" 200 894
52.167.144.137 - - [07/Jan/2024:07:41:06 -0500] "GET /BLA/resoluciones/AUTOS%202020/2832.pdf HTTP/1.1" 200 391421
156.59.198.136 - - [07/Jan/2024:07:41:17 -0500] "GET /BLA/resoluciones/RESOLUCIONES%202022/2803.pdf HTTP/1.0" 200 474503
179.93.155.190 - - [07/Jan/2024:07:41:26 -0500] "GET /inicia-el-2024-conociendo-la-biodiversidad-de-bogoti.html?fbclid=IwAR07MtTI-3t1rRWWFiWvwuD5iuZNnS8ULUX4egPuz3ovu-KYFo9y9RzMCnw HTTP/1.1" 200 894
156.59.198.136 - - [07/Jan/2024:07:41:40 -0500] "GET /BLA/resoluciones/RESOLUCIONES%202022/3257.pdf HTTP/1.0" 200 525915
156.59.198.135 - - [07/Jan/2024:07:42:04 -0500] "GET /BLA/resoluciones/RESOLUCIONES%202022/0547.pdf HTTP/1.0" 200 327433
172.22.2.4 - - [07/Jan/2024:07:40:30 -0500] "HEAD /BLA/boletinlegal/ HTTP/1.1" 200 -
156.59.198.135 - - [07/Jan/2024:07:42:28 -0500] "GET /BLA/resoluciones/AUTOS%202019/0851.pdf HTTP/1.0" 200 274892
52.167.144.137 - - [07/Jan/2024:07:42:36 -0500] "GET /BLA/resoluciones/AUTOS%202020/4679.pdf HTTP/1.1" 200 386039
173.252.127.21 - - [07/Jan/2024:07:42:44 -0500] "GET /animales-recuperados-en-san-cristobal-y-ciudad-bolivar-son-atendidos-en-el-centro-de-flora-de-la-secretaria-de-ambiente.html HTTP/1.1" 200 1056
156.59.198.136 - - [07/Jan/2024:07:42:55 -0500] "GET /BLA/resoluciones/RESOLUCIONES%202022/3430.pdf HTTP/1.0" 200 399666
172.22.2.4 - - [07/Jan/2024:07:41:20 -0500] "GET /BLA/boletinlegal/ HTTP/1.1" 200 58567
156.59.198.136 - - [07/Jan/2024:07:43:19 -0500] "GET /BLA/resoluciones/AUTOS%202019/4114.pdf HTTP/1.0" 200 224541
156.59.198.135 - - [07/Jan/2024:07:43:42 -0500] "GET /BLA/resoluciones/RESOLUCIONES%202022/0504.pdf HTTP/1.0" 200 347010
181.59.148.69 - - [07/Jan/2024:07:44:02 -0500] "GET /inicia-el-2024-conociendo-la-biodiversidad-de-bogoti.html?fbclid=IwAR2YTKFNBxXDNdkKpj0i4PZqNV1DX8_u7E65AgqyXWVPrL53VYsmzJImdgw HTTP/1.1" 200 894
156.59.198.135 - - [07/Jan/2024:07:44:06 -0500] "GET /BLA/resoluciones/RESOLUCIONES%202022/0734.pdf HTTP/1.0" 200 339738
156.59.198.136 - - [07/Jan/2024:07:44:31 -0500] "GET /BLA/resoluciones/AUTOS%202019/4417.pdf HTTP/1.0" 200 271188
156.59.198.136 - - [07/Jan/2024:07:44:56 -0500] "GET /BLA/resoluciones/AUTOS%202019/4945.pdf HTTP/1.0" 200 279351
201.245.192.253 - - [07/Jan/2024:07:45:13 -0500] "POST /kwsrmcab/Wsrmcab  HTTP/1.1" 200 36937
156.59.198.135 - - [07/Jan/2024:07:45:19 -0500] "GET /BLA/resoluciones/RESOLUCIONES%202022/3401.pdf HTTP/1.0" 200 473411
216.245.221.92 - - [07/Jan/2024:07:45:35 -0500] "HEAD / HTTP/1.1" 200 -
156.59.198.135 - - [07/Jan/2024:07:45:44 -0500] "GET /BLA/resoluciones/AUTOS%202019/3271.pdf HTTP/1.0" 200 224182
173.252.107.9 - - [07/Jan/2024:07:46:06 -0500] "GET /inicia-el-2024-conociendo-la-biodiversidad-de-bogoti.html HTTP/1.1" 200 894
173.252.107.118 - - [07/Jan/2024:07:46:06 -0500] "GET /inicia-el-2024-conociendo-la-biodiversidad-de-bogoti.html HTTP/1.1" 200 894
156.59.198.135 - - [07/Jan/2024:07:46:08 -0500] "GET /BLA/resoluciones/RESOLUCIONES%202022/3418.pdf HTTP/1.0" 200 1642358
156.59.198.136 - - [07/Jan/2024:07:46:32 -0500] "GET /BLA/resoluciones/AUTOS%202019/0531.pdf HTTP/1.0" 200 220287
156.59.198.136 - - [07/Jan/2024:07:46:56 -0500] "GET /BLA/resoluciones/AUTOS%202019/3081.pdf HTTP/1.0" 200 256708
52.167.144.171 - - [07/Jan/2024:07:47:14 -0500] "GET /BLA/resoluciones/AUTOS%202020/0866.pdf HTTP/1.1" 200 355426
156.59.198.136 - - [07/Jan/2024:07:47:20 -0500] "GET /BLA/resoluciones/RESOLUCIONES%202022/3847.pdf HTTP/1.0" 200 483302
156.59.198.135 - - [07/Jan/2024:07:47:45 -0500] "GET /BLA/resoluciones/AUTOS%202019/1863.pdf HTTP/1.0" 200 238671
172.22.2.4 - - [07/Jan/2024:07:46:20 -0500] "HEAD /BLA/boletinlegal/ HTTP/1.1" 200 -
156.59.198.135 - - [07/Jan/2024:07:48:09 -0500] "GET /BLA/resoluciones/RESOLUCIONES%202022/0446.pdf HTTP/1.0" 200 350358
156.59.198.136 - - [07/Jan/2024:07:48:33 -0500] "GET /BLA/resoluciones/AUTOS%202019/0994.pdf HTTP/1.0" 200 278159
172.22.2.4 - - [07/Jan/2024:07:47:10 -0500] "GET /BLA/boletinlegal/ HTTP/1.1" 200 60910
156.59.198.135 - - [07/Jan/2024:07:48:58 -0500] "GET /BLA/resoluciones/AUTOS%202019/1621.pdf HTTP/1.0" 200 262417
156.59.198.135 - - [07/Jan/2024:07:49:21 -0500] "GET /BLA/resoluciones/RESOLUCIONES%202022/0336.pdf HTTP/1.0" 200 480810
156.59.198.135 - - [07/Jan/2024:07:49:46 -0500] "GET /BLA/resoluciones/AUTOS%202019/0852.pdf HTTP/1.0" 200 293326
156.59.198.136 - - [07/Jan/2024:07:50:11 -0500] "GET /BLA/resoluciones/RESOLUCIONES%202022/0160.pdf HTTP/1.0" 200 339547
201.245.192.253 - - [07/Jan/2024:07:50:11 -0500] "POST /kwsrmcab/Wsrmcab  HTTP/1.1" 200 36937
216.245.221.92 - - [07/Jan/2024:07:50:35 -0500] "HEAD / HTTP/1.1" 200 -
156.59.198.136 - - [07/Jan/2024:07:50:35 -0500] "GET /BLA/resoluciones/RESOLUCIONES%202022/0269.pdf HTTP/1.0" 200 395567
156.59.198.135 - - [07/Jan/2024:07:51:00 -0500] "GET /BLA/resoluciones/AUTOS%202019/4425.pdf HTTP/1.0" 200 274185
35.240.121.17 - - [07/Jan/2024:07:51:20 -0500] "GET / HTTP/1.1" 200 319
156.59.198.136 - - [07/Jan/2024:07:51:24 -0500] "GET /BLA/resoluciones/AUTOS%202019/2266.pdf HTTP/1.0" 200 269229
156.59.198.135 - - [07/Jan/2024:07:51:49 -0500] "GET /BLA/resoluciones/AUTOS%202019/3877.pdf HTTP/1.0" 200 267273
156.59.198.135 - - [07/Jan/2024:07:52:12 -0500] "GET /BLA/resoluciones/RESOLUCIONES%202022/0410.pdf HTTP/1.0" 200 378110
156.59.198.136 - - [07/Jan/2024:07:52:36 -0500] "GET /BLA/resoluciones/AUTOS%202019/0053.pdf HTTP/1.0" 200 292457
156.59.198.135 - - [07/Jan/2024:07:53:01 -0500] "GET /BLA/resoluciones/RESOLUCIONES%202022/2963.pdf HTTP/1.0" 200 370400
186.144.236.44 - - [07/Jan/2024:07:53:11 -0500] "GET /BLA/resoluciones/ HTTP/1.1" 200 13696
186.144.236.44 - - [07/Jan/2024:07:53:16 -0500] "GET /BLA/resoluciones/index.php?dir=RESOLUCIONES+2023%2F HTTP/1.1" 200 131614
156.59.198.135 - - [07/Jan/2024:07:53:26 -0500] "GET /BLA/resoluciones/RESOLUCIONES%202022/1384.pdf HTTP/1.0" 200 343307
191.95.55.241 - - [07/Jan/2024:07:53:47 -0500] "GET /inicia-el-2024-conociendo-la-biodiversidad-de-bogoti.html?fbclid=IwAR3vlL7JROHU1EpzHqYS0-2zJcSj2kEKVSPVSiU3SrT2OTMlzHxikqNhmBA HTTP/1.1" 200 894
156.59.198.135 - - [07/Jan/2024:07:53:49 -0500] "GET /BLA/resoluciones/AUTOS%202019/2661.pdf HTTP/1.0" 200 318836
172.22.2.4 - - [07/Jan/2024:07:52:10 -0500] "HEAD /BLA/boletinlegal/ HTTP/1.1" 200 -
156.59.198.135 - - [07/Jan/2024:07:54:13 -0500] "GET /BLA/resoluciones/AUTOS%202019/2174.pdf HTTP/1.0" 200 253954
156.59.198.136 - - [07/Jan/2024:07:54:37 -0500] "GET /BLA/resoluciones/AUTOS%202019/4443.pdf HTTP/1.0" 200 273169
172.22.2.4 - - [07/Jan/2024:07:53:00 -0500] "GET /BLA/boletinlegal/ HTTP/1.1" 200 58172
156.59.198.135 - - [07/Jan/2024:07:55:01 -0500] "GET /BLA/resoluciones/AUTOS%202019/3349.pdf HTTP/1.0" 200 220374
201.245.192.253 - - [07/Jan/2024:07:55:10 -0500] "POST /kwsrmcab/Wsrmcab  HTTP/1.1" 200 36937
40.77.190.216 - - [07/Jan/2024:07:55:13 -0500] "GET /portaldeninos/wp-content/themes/betheme/fonts/mfn-icons.woff?93978679 HTTP/1.1" 200 80932
156.59.198.135 - - [07/Jan/2024:07:55:28 -0500] "GET /BLA/resoluciones/RESOLUCIONES%202022/0224.pdf HTTP/1.0" 200 348235
216.245.221.92 - - [07/Jan/2024:07:55:35 -0500] "HEAD / HTTP/1.1" 200 -
156.59.198.136 - - [07/Jan/2024:07:55:51 -0500] "GET /BLA/resoluciones/AUTOS%202019/4660.pdf HTTP/1.0" 200 304470
156.59.198.136 - - [07/Jan/2024:07:56:16 -0500] "GET /BLA/resoluciones/AUTOS%202019/0702.pdf HTTP/1.0" 200 274570
156.59.198.135 - - [07/Jan/2024:07:56:41 -0500] "GET /BLA/resoluciones/RESOLUCIONES%202022/0567.pdf HTTP/1.0" 200 352694
172.22.2.4 - - [07/Jan/2024:07:56:59 -0500] "GET /BLA/boletinlegal/vendor/.git/config HTTP/1.1" 404 1018
156.59.198.135 - - [07/Jan/2024:07:57:05 -0500] "GET /BLA/resoluciones/RESOLUCIONES%202022/1546.pdf HTTP/1.0" 200 564318
40.77.167.126 - - [07/Jan/2024:07:57:26 -0500] "GET /BLA/resoluciones/AUTOS%202020/0121.pdf HTTP/1.1" 200 307562
156.59.198.135 - - [07/Jan/2024:07:57:31 -0500] "GET /BLA/resoluciones/AUTOS%202019/3389.pdf HTTP/1.0" 200 279066
156.59.198.136 - - [07/Jan/2024:07:57:55 -0500] "GET /BLA/resoluciones/AUTOS%202019/3850.pdf HTTP/1.0" 200 264128
156.59.198.136 - - [07/Jan/2024:07:58:19 -0500] "GET /BLA/resoluciones/RESOLUCIONES%202022/1028.pdf HTTP/1.0" 200 479003
156.59.198.136 - - [07/Jan/2024:07:58:43 -0500] "GET /BLA/resoluciones/AUTOS%202019/4415.pdf HTTP/1.0" 200 267775
156.59.198.135 - - [07/Jan/2024:07:59:07 -0500] "GET /BLA/resoluciones/AUTOS%202019/1375.pdf HTTP/1.0" 200 247255
156.59.198.136 - - [07/Jan/2024:07:59:31 -0500] "GET /BLA/resoluciones/RESOLUCIONES%202022/0595.pdf HTTP/1.0" 200 396837
172.22.2.4 - - [07/Jan/2024:07:58:00 -0500] "HEAD /BLA/boletinlegal/ HTTP/1.1" 200 -
156.59.198.135 - - [07/Jan/2024:07:59:56 -0500] "GET /BLA/resoluciones/AUTOS%202019/0619.pdf HTTP/1.0" 200 288728
201.245.192.253 - - [07/Jan/2024:08:00:08 -0500] "POST /kwsrmcab/Wsrmcab  HTTP/1.1" 200 36937
156.59.198.136 - - [07/Jan/2024:08:00:21 -0500] "GET /BLA/resoluciones/AUTOS%202019/3199.pdf HTTP/1.0" 200 264450
172.22.2.4 - - [07/Jan/2024:07:58:50 -0500] "GET /BLA/boletinlegal/ HTTP/1.1" 200 52418
216.245.221.92 - - [07/Jan/2024:08:00:35 -0500] "HEAD / HTTP/1.1" 200 -
156.59.198.136 - - [07/Jan/2024:08:00:46 -0500] "GET /BLA/resoluciones/AUTOS%202019/5369.pdf HTTP/1.0" 200 299340
156.59.198.135 - - [07/Jan/2024:08:01:10 -0500] "GET /BLA/resoluciones/AUTOS%202019/3927.pdf HTTP/1.0" 200 270043
156.59.198.136 - - [07/Jan/2024:08:01:34 -0500] "GET /BLA/resoluciones/AUTOS%202019/1789.pdf HTTP/1.0" 200 248748
156.59.198.135 - - [07/Jan/2024:08:01:59 -0500] "GET /BLA/resoluciones/RESOLUCIONES%202022/3654.pdf HTTP/1.0" 200 523959
156.59.198.135 - - [07/Jan/2024:08:02:23 -0500] "GET /BLA/resoluciones/AUTOS%202019/5172.pdf HTTP/1.0" 200 298543
40.77.167.60 - - [07/Jan/2024:08:02:35 -0500] "GET /BLA/resoluciones/AUTOS%202020/3865.pdf HTTP/1.1" 200 356559
156.59.198.136 - - [07/Jan/2024:08:02:48 -0500] "GET /BLA/resoluciones/RESOLUCIONES%202022/0550.pdf HTTP/1.0" 200 333894
156.59.198.136 - - [07/Jan/2024:08:03:12 -0500] "GET /BLA/resoluciones/AUTOS%202019/3922.pdf HTTP/1.0" 200 217992
52.167.144.228 - - [07/Jan/2024:08:03:27 -0500] "GET /BLA/resoluciones/AUTOS%202020/3820.pdf HTTP/1.1" 200 405060
156.59.198.136 - - [07/Jan/2024:08:03:37 -0500] "GET /BLA/resoluciones/AUTOS%202019/2682.pdf HTTP/1.0" 200 254955
185.117.118.21 - - [07/Jan/2024:08:03:46 -0500] "GET / HTTP/1.1" 200 319
156.59.198.135 - - [07/Jan/2024:08:04:01 -0500] "GET /BLA/resoluciones/AUTOS%202019/3440.pdf HTTP/1.0" 200 315784
52.167.144.222 - - [07/Jan/2024:08:04:02 -0500] "GET /BLA/resoluciones/RESOLUCIONES%202023/01925.pdf HTTP/1.1" 200 463254
156.59.198.135 - - [07/Jan/2024:08:04:26 -0500] "GET /BLA/resoluciones/RESOLUCIONES%202022/0731.pdf HTTP/1.0" 200 587754
156.59.198.135 - - [07/Jan/2024:08:04:50 -0500] "GET /BLA/resoluciones/AUTOS%202019/0701.pdf HTTP/1.0" 200 251196
201.245.192.253 - - [07/Jan/2024:08:05:08 -0500] "POST /kwsrmcab/Wsrmcab  HTTP/1.1" 200 36937
156.59.198.136 - - [07/Jan/2024:08:05:15 -0500] "GET /BLA/resoluciones/AUTOS%202019/3115.pdf HTTP/1.0" 200 254498
172.22.2.4 - - [07/Jan/2024:08:03:50 -0500] "HEAD /BLA/boletinlegal/ HTTP/1.1" 200 -
216.245.221.92 - - [07/Jan/2024:08:05:35 -0500] "HEAD / HTTP/1.1" 200 -
156.59.198.136 - - [07/Jan/2024:08:05:40 -0500] "GET /BLA/resoluciones/RESOLUCIONES%202022/1337.pdf HTTP/1.0" 200 336840
156.59.198.135 - - [07/Jan/2024:08:06:06 -0500] "GET /BLA/resoluciones/RESOLUCIONES%202022/2388.pdf HTTP/1.0" 200 948752
172.22.2.4 - - [07/Jan/2024:08:04:40 -0500] "GET /BLA/boletinlegal/ HTTP/1.1" 200 60910
156.59.198.135 - - [07/Jan/2024:08:06:30 -0500] "GET /BLA/resoluciones/AUTOS%202019/2659.pdf HTTP/1.0" 200 290537
156.59.198.136 - - [07/Jan/2024:08:06:53 -0500] "GET /BLA/resoluciones/RESOLUCIONES%202022/1518.pdf HTTP/1.0" 200 749400
156.59.198.136 - - [07/Jan/2024:08:07:17 -0500] "GET /BLA/resoluciones/AUTOS%202019/2681.pdf HTTP/1.0" 200 261216
156.59.198.136 - - [07/Jan/2024:08:07:42 -0500] "GET /BLA/resoluciones/AUTOS%202019/1507.pdf HTTP/1.0" 200 269527
156.59.198.135 - - [07/Jan/2024:08:08:07 -0500] "GET /BLA/resoluciones/AUTOS%202019/0710.pdf HTTP/1.0" 200 255444
156.59.198.135 - - [07/Jan/2024:08:08:30 -0500] "GET /BLA/resoluciones/RESOLUCIONES%202022/2942.pdf HTTP/1.0" 200 394751
156.59.198.135 - - [07/Jan/2024:08:08:55 -0500] "GET /BLA/resoluciones/AUTOS%202019/4406.pdf HTTP/1.0" 200 274559
216.244.66.195 - - [07/Jan/2024:08:09:02 -0500] "GET /BLA/resoluciones/RESOLUCIONES%202019/2301.pdf HTTP/1.1" 200 389495
156.59.198.136 - - [07/Jan/2024:08:09:19 -0500] "GET /BLA/resoluciones/AUTOS%202019/3103.pdf HTTP/1.0" 200 257965
40.77.167.52 - - [07/Jan/2024:08:09:22 -0500] "GET /BLA/resoluciones/AUTOS%202018/1025.pdf HTTP/1.1" 304 -
216.244.66.195 - - [07/Jan/2024:08:09:34 -0500] "GET /BLA/resoluciones/RESOLUCIONES%201996/RESOLUCION%2081%20DE%201996.pdf HTTP/1.1" 200 247205
216.244.66.195 - - [07/Jan/2024:08:09:40 -0500] "GET /BLA/resoluciones/RESOLUCIONES%201997/RESOLUCION%201074%20DE%201997.pdf HTTP/1.1" 200 239539
156.59.198.136 - - [07/Jan/2024:08:09:44 -0500] "GET /BLA/resoluciones/AUTOS%202019/1166.pdf HTTP/1.0" 200 294420
172.22.2.4 - - [07/Jan/2024:08:09:18 -0500] "GET /BLA/boletinlegal/ HTTP/1.1" 200 24523
201.245.192.253 - - [07/Jan/2024:08:10:05 -0500] "POST /kwsrmcab/Wsrmcab  HTTP/1.1" 200 36937
156.59.198.136 - - [07/Jan/2024:08:10:08 -0500] "GET /BLA/resoluciones/AUTOS%202019/1489.pdf HTTP/1.0" 200 264520
216.244.66.195 - - [07/Jan/2024:08:10:15 -0500] "GET /BLA/resoluciones/AUTOS%202007/0031.pdf HTTP/1.1" 200 115274
216.244.66.195 - - [07/Jan/2024:08:10:19 -0500] "GET /BLA/resoluciones/AUTOS%202007/0058.pdf HTTP/1.1" 200 110889
216.244.66.195 - - [07/Jan/2024:08:10:23 -0500] "GET /BLA/resoluciones/AUTOS%202007/0299.pdf HTTP/1.1" 200 120371
156.59.198.135 - - [07/Jan/2024:08:10:32 -0500] "GET /BLA/resoluciones/RESOLUCIONES%202022/0298.pdf HTTP/1.0" 200 332462
216.244.66.195 - - [07/Jan/2024:08:10:34 -0500] "GET /BLA/resoluciones/AUTOS%202007/0413.pdf HTTP/1.1" 200 78131
216.245.221.92 - - [07/Jan/2024:08:10:35 -0500] "HEAD / HTTP/1.1" 200 -
216.244.66.195 - - [07/Jan/2024:08:10:43 -0500] "GET /BLA/resoluciones/AUTOS%202007/0740.pdf HTTP/1.1" 200 80237
52.167.144.161 - - [07/Jan/2024:08:10:49 -0500] "GET /BLA/resoluciones/AUTOS%202020/4539.pdf HTTP/1.1" 200 410886
216.244.66.195 - - [07/Jan/2024:08:10:50 -0500] "GET /BLA/resoluciones/AUTOS%202007/0900.pdf HTTP/1.1" 200 82505
79.110.72.60 - - [07/Jan/2024:08:10:54 -0500] "GET /BLA/resoluciones/RESOLUCIONES%202015/0529.pdf HTTP/1.1" 200 601222
216.244.66.195 - - [07/Jan/2024:08:10:57 -0500] "GET /BLA/resoluciones/AUTOS%202007/0945.pdf HTTP/1.1" 200 32531
156.59.198.135 - - [07/Jan/2024:08:10:57 -0500] "GET /BLA/resoluciones/AUTOS%202019/3502.pdf HTTP/1.0" 200 300982
216.244.66.195 - - [07/Jan/2024:08:11:02 -0500] "GET /BLA/resoluciones/AUTOS%202007/1103.pdf HTTP/1.1" 200 28184
216.244.66.195 - - [07/Jan/2024:08:11:06 -0500] "GET /BLA/resoluciones/AUTOS%202007/1176.pdf HTTP/1.1" 200 29441
216.244.66.195 - - [07/Jan/2024:08:11:11 -0500] "GET /BLA/resoluciones/AUTOS%202007/1188.pdf HTTP/1.1" 200 40817
216.244.66.195 - - [07/Jan/2024:08:11:14 -0500] "GET /BLA/resoluciones/AUTOS%202007/1248.pdf HTTP/1.1" 200 75550
216.244.66.195 - - [07/Jan/2024:08:11:17 -0500] "GET /BLA/resoluciones/AUTOS%202007/1315.pdf HTTP/1.1" 200 57997
216.244.66.195 - - [07/Jan/2024:08:11:20 -0500] "GET /BLA/resoluciones/AUTOS%202007/1441.pdf HTTP/1.1" 200 102406
172.22.2.4 - - [07/Jan/2024:08:09:40 -0500] "HEAD /BLA/boletinlegal/ HTTP/1.1" 200 -
156.59.198.135 - - [07/Jan/2024:08:11:21 -0500] "GET /BLA/resoluciones/RESOLUCIONES%202007/RES%202007%204001%20AL%204100/RESOLUCION%204009%20DE%202007.pdf HTTP/1.0" 200 437407
216.244.66.195 - - [07/Jan/2024:08:11:22 -0500] "GET /BLA/resoluciones/AUTOS%202007/1553.pdf HTTP/1.1" 200 28694
216.244.66.195 - - [07/Jan/2024:08:11:24 -0500] "GET /BLA/resoluciones/AUTOS%202007/1691.pdf HTTP/1.1" 200 178954
216.244.66.195 - - [07/Jan/2024:08:11:26 -0500] "GET /BLA/resoluciones/AUTOS%202007/1773.pdf HTTP/1.1" 200 34957
216.244.66.195 - - [07/Jan/2024:08:11:28 -0500] "GET /BLA/resoluciones/AUTOS%202007/2004.pdf HTTP/1.1" 200 66842
216.244.66.195 - - [07/Jan/2024:08:11:30 -0500] "GET /BLA/resoluciones/AUTOS%202009/0729.pdf HTTP/1.1" 200 164263
216.244.66.195 - - [07/Jan/2024:08:11:32 -0500] "GET /BLA/resoluciones/AUTOS%202009/0754.pdf HTTP/1.1" 200 251160
216.244.66.195 - - [07/Jan/2024:08:11:34 -0500] "GET /BLA/resoluciones/AUTOS%202009/0823.pdf HTTP/1.1" 200 76993
216.244.66.195 - - [07/Jan/2024:08:11:36 -0500] "GET /BLA/resoluciones/AUTOS%202009/0990.pdf HTTP/1.1" 200 207132
216.244.66.195 - - [07/Jan/2024:08:11:39 -0500] "GET /BLA/resoluciones/AUTOS%202009/1293.pdf HTTP/1.1" 200 211332
216.244.66.195 - - [07/Jan/2024:08:11:41 -0500] "GET /BLA/resoluciones/AUTOS%202009/1295.pdf HTTP/1.1" 200 151915
156.59.198.135 - - [07/Jan/2024:08:11:45 -0500] "GET /BLA/resoluciones/AUTOS%202019/1965.pdf HTTP/1.0" 200 329336
216.244.66.195 - - [07/Jan/2024:08:11:54 -0500] "GET /BLA/resoluciones/AUTOS%202009/1364.pdf HTTP/1.1" 200 118438
216.244.66.195 - - [07/Jan/2024:08:12:02 -0500] "GET /BLA/resoluciones/AUTOS%202009/1424.pdf HTTP/1.1" 200 277079
156.59.198.136 - - [07/Jan/2024:08:12:09 -0500] "GET /BLA/resoluciones/AUTOS%202019/0135.pdf HTTP/1.0" 200 259310
216.244.66.195 - - [07/Jan/2024:08:12:10 -0500] "GET /BLA/resoluciones/AUTOS%202009/1497.pdf HTTP/1.1" 200 181106
172.22.2.4 - - [07/Jan/2024:08:10:30 -0500] "GET /BLA/boletinlegal/ HTTP/1.1" 200 52418
216.244.66.195 - - [07/Jan/2024:08:12:17 -0500] "GET /BLA/resoluciones/AUTOS%202009/1646.pdf HTTP/1.1" 200 98227
216.244.66.195 - - [07/Jan/2024:08:12:23 -0500] "GET /BLA/resoluciones/AUTOS%202009/1818.pdf HTTP/1.1" 200 184896
216.244.66.195 - - [07/Jan/2024:08:12:28 -0500] "GET /BLA/resoluciones/AUTOS%202009/1999.pdf HTTP/1.1" 200 101325
216.244.66.195 - - [07/Jan/2024:08:12:32 -0500] "GET /BLA/resoluciones/AUTOS%202009/2133.pdf HTTP/1.1" 200 85089
156.59.198.136 - - [07/Jan/2024:08:12:35 -0500] "GET /BLA/resoluciones/RESOLUCIONES%202022/2391.pdf HTTP/1.0" 200 1245147
216.244.66.195 - - [07/Jan/2024:08:12:37 -0500] "GET /BLA/resoluciones/AUTOS%202009/2188.pdf HTTP/1.1" 200 334590
216.244.66.195 - - [07/Jan/2024:08:12:41 -0500] "GET /BLA/resoluciones/AUTOS%202009/2409.pdf HTTP/1.1" 200 100903
216.244.66.195 - - [07/Jan/2024:08:12:47 -0500] "GET /BLA/resoluciones/AUTOS%202009/2547.pdf HTTP/1.1" 200 103385
216.244.66.195 - - [07/Jan/2024:08:12:52 -0500] "GET /BLA/resoluciones/AUTOS%202009/2812.pdf HTTP/1.1" 200 93640
216.244.66.195 - - [07/Jan/2024:08:12:55 -0500] "GET /BLA/resoluciones/AUTOS%202009/2878.pdf HTTP/1.1" 200 79055
156.59.198.135 - - [07/Jan/2024:08:12:59 -0500] "GET /BLA/resoluciones/AUTOS%202019/0904.pdf HTTP/1.0" 200 329206
216.244.66.195 - - [07/Jan/2024:08:12:59 -0500] "GET /BLA/resoluciones/AUTOS%202009/2894.pdf HTTP/1.1" 200 86561
216.244.66.195 - - [07/Jan/2024:08:13:05 -0500] "GET /BLA/resoluciones/AUTOS%202011/0050.pdf HTTP/1.1" 200 382394
216.244.66.195 - - [07/Jan/2024:08:13:09 -0500] "GET /BLA/resoluciones/AUTOS%202011/0074.pdf HTTP/1.1" 200 409469
216.244.66.195 - - [07/Jan/2024:08:13:13 -0500] "GET /BLA/resoluciones/AUTOS%202011/0220.pdf HTTP/1.1" 200 132681
216.244.66.195 - - [07/Jan/2024:08:13:16 -0500] "GET /BLA/resoluciones/AUTOS%202011/0481.pdf HTTP/1.1" 200 595214
156.59.198.136 - - [07/Jan/2024:08:13:23 -0500] "GET /BLA/resoluciones/AUTOS%202019/4144.pdf HTTP/1.0" 200 288320
40.77.167.52 - - [07/Jan/2024:08:13:23 -0500] "GET /BLA/resoluciones/AUTOS%202020/4421.pdf HTTP/1.1" 200 374980
216.244.66.195 - - [07/Jan/2024:08:13:37 -0500] "GET /BLA/resoluciones/AUTOS%202011/0735.pdf HTTP/1.1" 200 163765
156.59.198.136 - - [07/Jan/2024:08:13:47 -0500] "GET /BLA/resoluciones/RESOLUCIONES%202022/0145.pdf HTTP/1.0" 200 440988
186.154.54.68 - - [07/Jan/2024:08:13:49 -0500] "GET /inicia-el-2024-conociendo-la-biodiversidad-de-bogoti.html?fbclid=PAAabeF3bvr_eZiPkrmYlyKvaMlxwm0yrZDUHDOsCOJZhNGCjf2iiRSSRWAkI_aem_Ae-gzWJH9_NN7jAQdgHhg5Dzz5Wfwc9yJmqLeCZ-Iguq2LJ-LL2mZPRPxx67cTzxDTI HTTP/1.1" 200 894
216.244.66.195 - - [07/Jan/2024:08:13:54 -0500] "GET /BLA/resoluciones/AUTOS%202011/0953.pdf HTTP/1.1" 200 149491
186.102.44.12 - - [07/Jan/2024:08:14:09 -0500] "GET /kwssiamovil/sm/ldap/au?x=U2FsdGVkX18jW2IzsTVPcQLaJWwO3ED6Gw0nAyea/MKcQ1Tmp6QYrY5R42Qh8xm1&y=U2FsdGVkX19U6N/+mv42LZGeCkLa72es4MClEPFVSWg= HTTP/1.1" 200 30
186.102.44.12 - - [07/Jan/2024:08:14:09 -0500] "GET /kwssiamovil/sm/acme/s?s=U2FsdGVkX1+bbFKUULV7ulMZex8sDmevyZQIINdHHVwA3YdTcbcd+ySm876e+FVV/siOVkccDcmcvroOdkwHlSufqxJYTArpSpJmwm2N7bc=&u=U2FsdGVkX189/oSLM/rx8R0x8koNFWE2ydqS9KyxiP4=&y=U2FsdGVkX19U6N/+mv42LZGeCkLa72es4MClEPFVSWg= HTTP/1.1" 200 97
216.244.66.195 - - [07/Jan/2024:08:14:09 -0500] "GET /BLA/resoluciones/AUTOS%202011/1038.pdf HTTP/1.1" 200 135111
186.102.44.12 - - [07/Jan/2024:08:14:09 -0500] "GET /kwssiamovil/sm/acme/s?s=U2FsdGVkX1+cGgE/0O9BEICWHv89PxLm/5GRJSQ6Ib0AULwDXobiX/5mBZNDJF8pOZO5Qk29eKMHRfoMl8vtSe7pvIWvYnx0gupoyR+2O6E00j67p0QdEEaIF8vZ7FEwAjJ7/ufM3QWU29dvcNjdaemSpT0R83ahdmS7UqdsSyCltkOEfor2FbcV6thPKM9Ld9eebDVlHe5FkUWUsIIwuryIfbtZOwHi+7sugyjMrVsZLzvZSZ5BgKBdmxZ0lqkiaDov3iwNALbFEDLFijjGVI4Omrwv6ic04mn/JbZvkh15/0zO8kz+W3cAfFGp11rEidBbxPCCRKX6lPp/vgGXq/b0qujJ3RfNOopTm1pzQ4k2u7KZV/29EFKtny2eFNTD2wUrGSck3tB3SZiefZC7z6To2vNHeyB88b01HMrR4McZSqzM7jB+uRgrHtWa3jGAQuzRuT2EL598hx87M2WB+MDHx8r2uoyiuB3JgyyEi59MzoaF4yothhlXYviX2xG3bUMrCPz4sfeoFW025zUZMIjXxJ3Ty6jl2jZSyolWVOPupm1ex5dONy4lgE06opfowbcMaAbIosM7107TgHBwXyOKC3SMvib17jTfiC6/PmdZJ//WG8j+QEV8hwQ96lV0wos9HxQsDJuz0um/F+KpBnq+BSZ6bwkRUJAxS2QX/0OHG54bo3RoAldrUYMOIFSLbQv7ayLWrHOsleE8qkLxwD/w1VBydGbp0HqbcYS3iIPXxJFaZprj0y4uNu18iQB2BQjzdcmm+2h/snl8vtaGOd67IPvjLpc3Vnf9yy5KtOPBH1jd6gNcXBmqjta5xFyjBkFxKZlKJCpOZabwMdJHncm0e2d3EltsXqd9A1P8US06F09lMiheOvUxrK97F+FXLfpajdRdjmUgSibgIszoDcregzpRW7ydxsCZwRQiqiIkCNvFAUpWrNZ619KZPEnE6vpzf9uTSe1Ja4yEGjggT2gNe3B1Xkgw2Kovqk/Yd5wwSJYN3J0ru8UMKAGuypBZqDcVVgMS8f1Rt+/O+MPDPpNrzo6uRfFijkTe0oziaD+y4MDmFX/W7I7Dq8njUtkfDJYiD15rxIGOZL/zFFat8n089jmjRET2XwqRoO1ZrZMbBICG1ueStu4XB8+1EPOTK0tWLGYfFvs3hbhQ1uf4a/l1UKH8SV2+YIGaqYWn4Pu1pWcygMVBnEk9NnCpqI0at9Ny5fB87KM151Zdb4I5Uxu4eCRqOpLqarKjdWGdSEWlTXbixpLtTay0YnPryl4rfzOKee/SC5CthDOt4sJDCtzuNLXgdn1JtnroBT19pADom64or4MoAc8QPwRYzoBZNBPmdSgPv1NJEaW4VqmwjgjiwxX+4qHceCW09T/dznhQQBmkrxWUfMnLX0XLqLVc/BUjt0MvG/+TuRCbZxxEUrvRgEx48JNpZnoiFIB4xsFyw0UWH/GMf8IoAzr0Zq5QwV8h1hBQ2ODmr3iMlq9TtyBgjIOa8LTENUrGaPUjUyg2Sdo2/qFq5EUGr0zfOjvjiYo87C2B73eydwNUQc0d0vRYgeGR7V+7ZxF4AEn7wa/fRyDAIVqgbkGs1aOsIICD9lTwpT8CummPX/2CRru/Skgd2SeTIF4eoigQ1JsojyQMXrV0/YYllaS6RFoR8Ibd52erTqsiQHiowJUqHJ8HxtDCbR9X7TTI8eeGciOPkl5XYPMlNxpL1oWHPrk4tKp0NnaN7SO8P8ppneYwYqlvWFeBheLGwG+XRvjBC6a+J+U=&u=U2FsdGVkX189/oSLM/rx8R0x8koNFWE2ydqS9KyxiP4=&y=U2FsdGVkX19U6N/+mv42LZGeCkLa72es4MClEPFVSWg= HTTP/1.1" 200 657
186.102.44.12 - - [07/Jan/2024:08:14:09 -0500] "GET /kwssiamovil/sm/acme/s?s=U2FsdGVkX1+s6lN8n8cyzQm9oG+6ss576RMwVffkxxOZFx9cjFn1SiltceLmhNJa44zHfbsaf3S+frcNwJw90BGXum1wj82jeTZJm6p59JEG9+F9j33jgzt9nEZXWynJW3PYfir8Ivw2Mx/F5uAc5+4IGGnh2xxwNmhaOQPE+HcPfbcxih1Ie/0IwOhquJZTrjV9j3onWKcBAZeJNSzTymDenlyqNIlFmR8gqfc3yOeYPZaJOTXY36JJdRU8IbIeUex3gTRB95i16rmebVBRtIUHy7ffg/sFzIWk6oWhhc2ZQCPC2NRc0+ppCI26VeqVV5D2/cDmidB4+3h18ZQD7e70s7z6HIL+WDmI5H6fO5oOy5vLR+EKnlxbZaFNvj3Lscm2iNv+pNbOY00EgPGpkfzEaAkRtIIgZdF1siIPG42K9Laq5r9uL64rcP99LQpWDJ3EiLPBET4hYMPUnDiu7kpIzz26EvP77reGrcVhpi8tmLqrD6VcbnL4H4w2NUPJCcEyugnFoQnI5piuRyyfwdYRvGt/T3izxQ16HHKuRMSwg1AO9Xb/Am0mn+OVFMqFLABQgeTPomNx9VvuOfjsHaOfPmj9FKY3hxeRjLmId3aGzVMio5UDHqwM6kG0hTYVixkRRaWkeXo0T71z5+3520BpthyozVXEEt0x/HHuJnsPGGIXmIQn2GYja28QaF2iVGIofBQEb3Aw7QZEkIPB9SCE12aR2IF5tCodPNH+xVwJJqRCpJlEX/uF+FUvni3z&u=U2FsdGVkX189/oSLM/rx8R0x8koNFWE2ydqS9KyxiP4=&y=U2FsdGVkX19U6N/+mv42LZGeCkLa72es4MClEPFVSWg= HTTP/1.1" 200 208
186.102.44.12 - - [07/Jan/2024:08:14:10 -0500] "GET /kwssiamovil/sm/cjson/pre?f=1&x=U2FsdGVkX18jW2IzsTVPcQLaJWwO3ED6Gw0nAyea/MKcQ1Tmp6QYrY5R42Qh8xm1 HTTP/1.1" 200 31032
156.59.198.136 - - [07/Jan/2024:08:14:12 -0500] "GET /BLA/resoluciones/AUTOS%202019/0353.pdf HTTP/1.0" 200 255553
191.156.228.32 - - [07/Jan/2024:08:14:20 -0500] "GET /inicia-el-2024-conociendo-la-biodiversidad-de-bogoti.html?fbclid=IwAR3aHtKlIw10Cegg97z95T8HJ2MF7eK-Geh66dCXr3nOjqcdiOyTe1rTU2E HTTP/1.1" 200 894
216.244.66.195 - - [07/Jan/2024:08:14:23 -0500] "GET /BLA/resoluciones/AUTOS%202011/1304.pdf HTTP/1.1" 200 160937
156.59.198.136 - - [07/Jan/2024:08:14:36 -0500] "GET /BLA/resoluciones/RESOLUCIONES%202022/0641.pdf HTTP/1.0" 200 784122
216.244.66.195 - - [07/Jan/2024:08:14:39 -0500] "GET /BLA/resoluciones/AUTOS%202011/1323.pdf HTTP/1.1" 200 161493
216.244.66.195 - - [07/Jan/2024:08:14:50 -0500] "GET /BLA/resoluciones/AUTOS%202011/1719.pdf HTTP/1.1" 200 149667
156.59.198.136 - - [07/Jan/2024:08:15:01 -0500] "GET /BLA/resoluciones/AUTOS%202019/1982.pdf HTTP/1.0" 200 319746
201.245.192.253 - - [07/Jan/2024:08:15:04 -0500] "POST /kwsrmcab/Wsrmcab  HTTP/1.1" 200 36937
201.245.192.253 - - [07/Jan/2024:08:15:09 -0500] "POST /kwsrmcab/Wsrmcab HTTP/1.1" 200 36833
201.245.192.253 - - [07/Jan/2024:08:15:12 -0500] "POST /kwsrmcab/Wsrmcab HTTP/1.1" 200 36810
156.59.198.135 - - [07/Jan/2024:08:15:25 -0500] "GET /BLA/resoluciones/AUTOS%202019/0416.pdf HTTP/1.0" 200 267917
216.245.221.92 - - [07/Jan/2024:08:15:34 -0500] "HEAD / HTTP/1.1" 200 -
156.59.198.135 - - [07/Jan/2024:08:15:49 -0500] "GET /BLA/resoluciones/AUTOS%202019/1291.pdf HTTP/1.0" 200 271057
156.59.198.136 - - [07/Jan/2024:08:16:13 -0500] "GET /BLA/resoluciones/RESOLUCIONES%202022/0593.pdf HTTP/1.0" 200 331880
156.59.198.135 - - [07/Jan/2024:08:16:38 -0500] "GET /BLA/resoluciones/RESOLUCIONES%202022/0980.pdf HTTP/1.0" 200 336054
156.59.198.136 - - [07/Jan/2024:08:17:03 -0500] "GET /BLA/resoluciones/AUTOS%202019/1248.pdf HTTP/1.0" 200 303371
172.22.2.4 - - [07/Jan/2024:08:15:30 -0500] "HEAD /BLA/boletinlegal/ HTTP/1.1" 200 -
156.59.198.136 - - [07/Jan/2024:08:17:28 -0500] "GET /BLA/resoluciones/AUTOS%202019/4214.pdf HTTP/1.0" 200 318785
156.59.198.135 - - [07/Jan/2024:08:17:53 -0500] "GET /BLA/resoluciones/RESOLUCIONES%202022/0429.pdf HTTP/1.0" 200 357404
172.22.2.4 - - [07/Jan/2024:08:16:20 -0500] "GET /BLA/boletinlegal/ HTTP/1.1" 200 58172
168.119.252.253 - - [07/Jan/2024:08:18:16 -0500] "GET / HTTP/1.1" 200 319
156.59.198.135 - - [07/Jan/2024:08:18:17 -0500] "GET /BLA/resoluciones/RESOLUCIONES%202022/3823.pdf HTTP/1.0" 200 411106
168.119.252.253 - - [07/Jan/2024:08:18:18 -0500] "GET / HTTP/1.1" 200 4720
156.59.198.136 - - [07/Jan/2024:08:18:41 -0500] "GET /BLA/resoluciones/AUTOS%202019/3142.pdf HTTP/1.0" 200 281499
45.238.183.108 - - [07/Jan/2024:08:18:59 -0500] "GET /inicia-el-2024-conociendo-la-biodiversidad-de-bogoti.html?fbclid=IwAR3DwbBiPNTeTkpVQvOdIL8bSfyRaclv7GuVEk1CWA_Tnwwmp5g8WNsW0OU HTTP/1.1" 200 894
156.59.198.135 - - [07/Jan/2024:08:19:06 -0500] "GET /BLA/resoluciones/RESOLUCIONES%202007/RES%202007%202601%20AL%202700/RESOLUCION%202646%20DE%202007.pdf HTTP/1.0" 200 373873
201.245.192.253 - - [07/Jan/2024:08:19:21 -0500] "POST /kwsrmcab/Wsrmcab HTTP/1.1" 200 36833
156.59.198.135 - - [07/Jan/2024:08:19:31 -0500] "GET /BLA/resoluciones/AUTOS%202019/4733.pdf HTTP/1.0" 200 266026
156.59.198.136 - - [07/Jan/2024:08:19:54 -0500] "GET /BLA/resoluciones/AUTOS%202019/1659.pdf HTTP/1.0" 200 250186
201.245.192.253 - - [07/Jan/2024:08:19:58 -0500] "POST /kwsrmcab/Wsrmcab HTTP/1.1" 200 36810
201.245.192.253 - - [07/Jan/2024:08:20:02 -0500] "POST /kwsrmcab/Wsrmcab  HTTP/1.1" 200 36937
156.59.198.136 - - [07/Jan/2024:08:20:20 -0500] "GET /BLA/resoluciones/AUTOS%202019/1998.pdf HTTP/1.0" 200 327577
216.245.221.92 - - [07/Jan/2024:08:20:34 -0500] "HEAD / HTTP/1.1" 200 -
156.59.198.135 - - [07/Jan/2024:08:20:44 -0500] "GET /BLA/resoluciones/AUTOS%202019/0194.pdf HTTP/1.0" 200 265369
156.59.198.136 - - [07/Jan/2024:08:21:09 -0500] "GET /BLA/resoluciones/RESOLUCIONES%202022/1284.pdf HTTP/1.0" 200 463094
