40.77.167.44 - - [07/Jan/2024:11:51:43 -0500] "GET /BLA/resoluciones/RESOLUCIONES%202023/2373.pdf HTTP/1.1" 200 434815
172.22.2.4 - - [07/Jan/2024:11:52:22 -0500] "GET /BLA/boletinlegal/info/.git/config HTTP/1.1" 404 1018
52.167.144.145 - - [07/Jan/2024:11:52:48 -0500] "GET /BLA/resoluciones/AUTOS%202020/3002.pdf HTTP/1.1" 200 299767
172.22.2.4 - - [07/Jan/2024:11:51:19 -0500] "HEAD /BLA/boletinlegal/ HTTP/1.1" 200 -
172.22.2.4 - - [07/Jan/2024:11:52:10 -0500] "GET /BLA/boletinlegal/ HTTP/1.1" 200 50150
172.22.2.4 - - [07/Jan/2024:11:53:14 -0500] "GET /BLA/boletinlegal/ HTTP/1.1" 200 24523
201.245.192.253 - - [07/Jan/2024:11:54:05 -0500] "POST /kwsrmcab/Wsrmcab  HTTP/1.1" 200 36937
52.167.144.145 - - [07/Jan/2024:11:54:08 -0500] "GET /BLA/resoluciones/AUTOS%202020/2314.pdf HTTP/1.1" 200 327894
114.119.142.85 - - [07/Jan/2024:11:54:26 -0500] "GET /BLA/resoluciones/index.php?dir=Notificaciones/AUTOS%2B2018/&sort=date&order=asc HTTP/1.1" 200 13944
52.167.144.225 - - [07/Jan/2024:11:54:36 -0500] "GET /BLA/resoluciones/RESOLUCIONES%202010/2971.pdf HTTP/1.1" 200 922297
40.77.167.44 - - [07/Jan/2024:11:54:53 -0500] "GET /BLA/resoluciones/AUTOS%202020/1964.pdf HTTP/1.1" 200 3062601
201.244.24.160 - - [07/Jan/2024:11:54:58 -0500] "GET /inicia-el-2024-conociendo-la-biodiversidad-de-bogoti.html?fbclid=IwAR0vOwsc_VdPou-jstNS1lO8O089YSaUcvd1JHjsaNTnl-eS94B-Ya4TAss HTTP/1.1" 200 894
52.167.144.145 - - [07/Jan/2024:11:55:29 -0500] "GET /BLA/resoluciones/AUTOS%202012/1573.pdf HTTP/1.1" 200 2279562
216.245.221.92 - - [07/Jan/2024:11:55:34 -0500] "HEAD / HTTP/1.1" 200 -
191.156.249.252 - - [07/Jan/2024:11:57:54 -0500] "GET /inicia-el-2024-conociendo-la-biodiversidad-de-bogoti.html?fbclid=IwAR2wz9BlJ2k1b11qRc0PZxLl90mePcYv7smVe_zRQzN8d0y4T8345Zwl4TU HTTP/1.1" 200 894
52.167.144.182 - - [07/Jan/2024:11:58:02 -0500] "GET /BLA/resoluciones/AUTOS%202021/4260.pdf HTTP/1.1" 304 -
172.22.2.4 - - [07/Jan/2024:11:57:09 -0500] "HEAD /BLA/boletinlegal/ HTTP/1.1" 200 -
201.245.192.253 - - [07/Jan/2024:11:59:03 -0500] "POST /kwsrmcab/Wsrmcab  HTTP/1.1" 200 36937
172.22.2.4 - - [07/Jan/2024:11:58:00 -0500] "GET /BLA/boletinlegal/ HTTP/1.1" 200 48394
52.167.144.184 - - [07/Jan/2024:12:00:29 -0500] "GET /BLA/resoluciones/AUTOS%202020/4284.pdf HTTP/1.1" 200 420969
216.245.221.92 - - [07/Jan/2024:12:00:34 -0500] "HEAD / HTTP/1.1" 200 -
216.244.66.195 - - [07/Jan/2024:12:03:50 -0500] "GET /robots.txt HTTP/1.1" 404 1018
201.245.192.253 - - [07/Jan/2024:12:04:02 -0500] "POST /kwsrmcab/Wsrmcab  HTTP/1.1" 200 36937
52.167.144.182 - - [07/Jan/2024:12:04:24 -0500] "GET /BLA/resoluciones/AUTOS%202020/4465.pdf HTTP/1.1" 200 412499
52.167.144.184 - - [07/Jan/2024:12:04:29 -0500] "GET /BLA/resoluciones/RESOLUCIONES%202013/1799.pdf HTTP/1.1" 200 529295
172.22.2.4 - - [07/Jan/2024:12:02:59 -0500] "HEAD /BLA/boletinlegal/ HTTP/1.1" 200 -
47.128.17.87 - - [07/Jan/2024:12:05:17 -0500] "GET /BLA/resoluciones/dlf/doc.gif HTTP/1.1" 200 1079
47.128.17.87 - - [07/Jan/2024:12:05:17 -0500] "GET /BLA/resoluciones/dlf/pdf.gif HTTP/1.1" 200 272
47.128.17.87 - - [07/Jan/2024:12:05:17 -0500] "GET /BLA/resoluciones/dlf/dirup.png HTTP/1.1" 200 644
172.22.2.4 - - [07/Jan/2024:12:03:50 -0500] "GET /BLA/boletinlegal/ HTTP/1.1" 200 58567
216.245.221.92 - - [07/Jan/2024:12:05:34 -0500] "HEAD / HTTP/1.1" 200 -
47.128.17.87 - - [07/Jan/2024:12:05:15 -0500] "GET /BLA/resoluciones/index.php?dir=Notificaciones%2FAUTOS%202014%2F&order=asc&sort=size HTTP/1.1" 200 307884
201.245.192.253 - - [07/Jan/2024:12:09:00 -0500] "POST /kwsrmcab/Wsrmcab  HTTP/1.1" 200 36937
172.22.2.4 - - [07/Jan/2024:12:07:35 -0500] "GET /BLA/boletinlegal/ HTTP/1.1" 200 60910
173.252.127.118 - - [07/Jan/2024:12:09:39 -0500] "GET /bogota-cuenta-con-nuevo-modelo-de-residuos-de-construccion-y-demolicion.html HTTP/1.1" 200 783
172.22.2.4 - - [07/Jan/2024:12:10:16 -0500] "GET /BLA/boletinlegal/styles2.css HTTP/1.1" 200 1838
172.22.2.4 - - [07/Jan/2024:12:08:49 -0500] "HEAD /BLA/boletinlegal/ HTTP/1.1" 200 -
216.245.221.92 - - [07/Jan/2024:12:10:34 -0500] "HEAD / HTTP/1.1" 200 -
172.22.2.4 - - [07/Jan/2024:12:09:40 -0500] "GET /BLA/boletinlegal/ HTTP/1.1" 200 58172
201.49.130.77 - - [07/Jan/2024:12:11:29 -0500] "GET /distrito-firmo-resolucion-de-etiquetado-vehicular-ambiental-herramienta-para-clasificar-vehiculos-segun-sus-niveles-de-emisiones.html HTTP/1.1" 200 841
172.22.2.4 - - [07/Jan/2024:12:11:56 -0500] "GET /BLA/boletinlegal/node_modules/.git/config HTTP/1.1" 404 1018
172.22.2.4 - - [07/Jan/2024:12:13:08 -0500] "GET /BLA/boletinlegal/sdks/OneSignalSDK.js HTTP/1.1" 404 1021
40.77.167.13 - - [07/Jan/2024:12:13:45 -0500] "GET /BLA/resoluciones/RESOLUCIONES%202023/03179.pdf HTTP/1.1" 200 762694
40.77.167.13 - - [07/Jan/2024:12:13:46 -0500] "GET /BLA/resoluciones/RESOLUCIONES%202023/02243.pdf HTTP/1.1" 200 481483
201.245.192.253 - - [07/Jan/2024:12:13:57 -0500] "POST /kwsrmcab/Wsrmcab  HTTP/1.1" 200 36937
40.77.167.19 - - [07/Jan/2024:12:14:40 -0500] "GET /BLA/resoluciones/AUTOS%202023/09134.pdf HTTP/1.1" 200 469356
201.245.192.253 - - [07/Jan/2024:12:15:09 -0500] "POST /kwsrmcab/Wsrmcab HTTP/1.1" 200 36436
201.245.192.253 - - [07/Jan/2024:12:15:12 -0500] "POST /kwsrmcab/Wsrmcab HTTP/1.1" 200 37053
216.245.221.92 - - [07/Jan/2024:12:15:34 -0500] "HEAD / HTTP/1.1" 200 -
40.77.167.13 - - [07/Jan/2024:12:16:10 -0500] "GET /BLA/resoluciones/RESOLUCIONES%202023/2445.pdf HTTP/1.1" 200 462293
172.22.2.4 - - [07/Jan/2024:12:14:39 -0500] "HEAD /BLA/boletinlegal/ HTTP/1.1" 200 -
172.22.2.4 - - [07/Jan/2024:12:15:30 -0500] "GET /BLA/boletinlegal/ HTTP/1.1" 200 58567
201.245.192.253 - - [07/Jan/2024:12:18:56 -0500] "POST /kwsrmcab/Wsrmcab  HTTP/1.1" 200 36937
201.245.192.253 - - [07/Jan/2024:12:19:21 -0500] "POST /kwsrmcab/Wsrmcab HTTP/1.1" 200 36436
201.245.192.253 - - [07/Jan/2024:12:19:54 -0500] "POST /kwsrmcab/Wsrmcab HTTP/1.1" 200 37053
216.245.221.92 - - [07/Jan/2024:12:20:34 -0500] "HEAD / HTTP/1.1" 200 -
66.249.70.167 - - [07/Jan/2024:12:21:08 -0500] "GET /portaldeninos/2021/06/01/agroecologia-tips-para-germinar-semillas-en-casa/ HTTP/1.1" 200 105801
172.22.2.4 - - [07/Jan/2024:12:20:29 -0500] "HEAD /BLA/boletinlegal/ HTTP/1.1" 200 -
172.22.2.4 - - [07/Jan/2024:12:21:20 -0500] "GET /BLA/boletinlegal/ HTTP/1.1" 200 60502
156.59.198.136 - - [07/Jan/2024:12:23:39 -0500] "GET /BLA/resoluciones/RESOLUCIONES%202002/RES%202002%2001-50/RESOLUCION%20051%20DE%202002.pdf HTTP/1.0" 200 224249
201.245.192.253 - - [07/Jan/2024:12:23:55 -0500] "POST /kwsrmcab/Wsrmcab  HTTP/1.1" 200 36937
181.56.229.221 - - [07/Jan/2024:12:25:04 -0500] "GET /inicia-el-2024-conociendo-la-biodiversidad-de-bogoti.html?fbclid=IwAR1-tSHVea5_yYKTRu8AGnXkqKaiR56minzzaQQpkkw20wyn_q6OME94NBc HTTP/1.1" 200 894
201.245.192.253 - - [07/Jan/2024:12:25:08 -0500] "POST /kwsrmcab/Wsrmcab HTTP/1.1" 200 36436
201.245.192.253 - - [07/Jan/2024:12:25:11 -0500] "POST /kwsrmcab/Wsrmcab HTTP/1.1" 200 37053
216.245.221.92 - - [07/Jan/2024:12:25:34 -0500] "HEAD / HTTP/1.1" 200 -
172.22.2.4 - - [07/Jan/2024:12:26:54 -0500] "GET /BLA/boletinlegal/actos.php HTTP/1.1" 200 9648
172.22.2.4 - - [07/Jan/2024:12:26:54 -0500] "GET /BLA/boletinlegal/js/ajax_actos.js HTTP/1.1" 200 1322
172.22.2.4 - - [07/Jan/2024:12:26:54 -0500] "GET /BLA/boletinlegal/styles2.css HTTP/1.1" 200 1838
172.22.2.4 - - [07/Jan/2024:12:26:54 -0500] "GET /BLA/boletinlegal/niceforms-default.css HTTP/1.1" 200 6694
172.22.2.4 - - [07/Jan/2024:12:26:54 -0500] "GET /BLA/boletinlegal/style.css HTTP/1.1" 200 9406
172.22.2.4 - - [07/Jan/2024:12:26:54 -0500] "GET /BLA/boletinlegal/niceforms.js HTTP/1.1" 200 22876
172.22.2.4 - - [07/Jan/2024:12:26:54 -0500] "GET /BLA/boletinlegal/js/lib.js HTTP/1.1" 200 6474
172.22.2.4 - - [07/Jan/2024:12:26:54 -0500] "GET /BLA/boletinlegal/js/popup.js HTTP/1.1" 200 1270
172.22.2.4 - - [07/Jan/2024:12:26:54 -0500] "GET /BLA/boletinlegal/js/jquery1.js HTTP/1.1" 200 29846
172.22.2.4 - - [07/Jan/2024:12:26:54 -0500] "GET /BLA/boletinlegal/images/cabezote%20BLEGAL.jpg HTTP/1.1" 200 118164
172.22.2.4 - - [07/Jan/2024:12:26:54 -0500] "GET /BLA/boletinlegal/images/subscribe-icon-big.png HTTP/1.1" 200 47702
172.22.2.4 - - [07/Jan/2024:12:26:54 -0500] "GET /BLA/boletinlegal/images/historia.png HTTP/1.1" 200 52775
172.22.2.4 - - [07/Jan/2024:12:26:54 -0500] "GET /BLA/boletinlegal/images/body_bg.jpg HTTP/1.1" 200 1601
172.22.2.4 - - [07/Jan/2024:12:26:54 -0500] "GET /BLA/boletinlegal/images/menu_bg.jpg HTTP/1.1" 200 620
172.22.2.4 - - [07/Jan/2024:12:26:54 -0500] "GET /BLA/boletinlegal/images/menu_rght.gif HTTP/1.1" 200 1627
172.22.2.4 - - [07/Jan/2024:12:26:54 -0500] "GET /BLA/boletinlegal/images/footer_bg.jpg HTTP/1.1" 200 586
172.22.2.4 - - [07/Jan/2024:12:26:54 -0500] "GET /BLA/boletinlegal/images/hover.jpg HTTP/1.1" 200 640
172.22.2.4 - - [07/Jan/2024:12:26:54 -0500] "GET /BLA/boletinlegal/images/menu_lft.gif HTTP/1.1" 200 1713
172.22.2.4 - - [07/Jan/2024:12:26:54 -0500] "GET /BLA/boletinlegal/images/bg_top.jpg HTTP/1.1" 200 522
172.22.2.4 - - [07/Jan/2024:12:26:54 -0500] "GET /BLA/boletinlegal/images/text.jpg HTTP/1.1" 200 568
172.22.2.4 - - [07/Jan/2024:12:26:54 -0500] "GET /BLA/boletinlegal/images/green-yellow-blue-pink-th.png HTTP/1.1" 200 7394
172.22.2.4 - - [07/Jan/2024:12:26:54 -0500] "GET /BLA/boletinlegal/images/registro-usuarios.png HTTP/1.1" 200 8106
172.22.2.4 - - [07/Jan/2024:12:26:54 -0500] "GET /BLA/boletinlegal/images/tel.png HTTP/1.1" 200 14477
172.22.2.4 - - [07/Jan/2024:12:26:54 -0500] "GET /BLA/boletinlegal/images/icono-email.png HTTP/1.1" 200 5544
172.22.2.4 - - [07/Jan/2024:12:26:54 -0500] "GET /BLA/boletinlegal/images/footer_bg_l.jpg HTTP/1.1" 200 776
172.22.2.4 - - [07/Jan/2024:12:26:55 -0500] "GET /BLA/boletinlegal/img/0.png HTTP/1.1" 200 110
172.22.2.4 - - [07/Jan/2024:12:26:55 -0500] "GET /BLA/boletinlegal/img/select-left.png HTTP/1.1" 200 263
172.22.2.4 - - [07/Jan/2024:12:26:55 -0500] "GET /BLA/boletinlegal/img/select-right.png HTTP/1.1" 200 44019
172.22.2.4 - - [07/Jan/2024:12:26:55 -0500] "GET /BLA/boletinlegal/img/button-left.png HTTP/1.1" 200 57071
172.22.2.4 - - [07/Jan/2024:12:26:55 -0500] "GET /BLA/boletinlegal/img/button.png HTTP/1.1" 200 43241
172.22.2.4 - - [07/Jan/2024:12:26:55 -0500] "GET /BLA/boletinlegal/img/button-right.png HTTP/1.1" 200 57878
172.22.2.4 - - [07/Jan/2024:12:26:55 -0500] "GET /BLA/boletinlegal/favicon.ico HTTP/1.1" 404 1326
172.22.2.4 - - [07/Jan/2024:12:26:58 -0500] "GET /BLA/boletinlegal/consulta_actos.php?tipo=autos&no=&usuario=&sector=&fecha=2023&resuelve= HTTP/1.1" 200 1401011
172.22.2.4 - - [07/Jan/2024:12:27:00 -0500] "GET /BLA/boletinlegal/images/pdf.gif HTTP/1.1" 200 567
172.22.2.4 - - [07/Jan/2024:12:27:00 -0500] "GET /BLA/boletinlegal/images/background.gif HTTP/1.1" 200 -
172.22.2.4 - - [07/Jan/2024:12:27:08 -0500] "GET /BLA/boletinlegal/consulta_actos.php?tipo=resoluciones&no=&usuario=&sector=&fecha=2023&resuelve= HTTP/1.1" 200 422362
172.22.2.4 - - [07/Jan/2024:12:27:11 -0500] "GET /BLA/boletinlegal/consulta_actos.php?tipo=resoluciones&no=&usuario=&sector=&fecha=2023&resuelve= HTTP/1.1" 200 422362
216.244.66.195 - - [07/Jan/2024:12:27:12 -0500] "GET /BLA/resoluciones/RESOLUCIONES%202017/2992.pdf HTTP/1.1" 200 756881
216.244.66.195 - - [07/Jan/2024:12:27:18 -0500] "GET /BLA/resoluciones/RESOLUCIONES%202017/3371.pdf HTTP/1.1" 200 275117
216.244.66.195 - - [07/Jan/2024:12:27:29 -0500] "GET /BLA/resoluciones/RESOLUCIONES%202017/3735.pdf HTTP/1.1" 200 280458
172.22.2.4 - - [07/Jan/2024:12:27:30 -0500] "GET /BLA/boletinlegal/conceptos.php HTTP/1.1" 200 7496
172.22.2.4 - - [07/Jan/2024:12:27:30 -0500] "GET /BLA/boletinlegal/js/ajax_conceptos.js HTTP/1.1" 200 1326
172.22.2.4 - - [07/Jan/2024:12:27:32 -0500] "GET /BLA/boletinlegal/consulta_conceptos.php?no=&solicitante=&radicado_entrada=&fecha_concepto=2023&objeto= HTTP/1.1" 200 29481
216.244.66.195 - - [07/Jan/2024:12:27:36 -0500] "GET /BLA/resoluciones/RESOLUCIONES%202019/0420.pdf HTTP/1.1" 200 229678
216.244.66.195 - - [07/Jan/2024:12:27:43 -0500] "GET /BLA/resoluciones/RESOLUCIONES%202019/2059.pdf HTTP/1.1" 200 423671
216.244.66.195 - - [07/Jan/2024:12:27:49 -0500] "GET /BLA/resoluciones/RESOLUCIONES%202019/3719.pdf HTTP/1.1" 200 448638
172.22.2.4 - - [07/Jan/2024:12:26:19 -0500] "HEAD /BLA/boletinlegal/ HTTP/1.1" 200 -
52.167.144.194 - - [07/Jan/2024:12:28:07 -0500] "GET /BLA/resoluciones/index.php?dir=RESOLUCIONES+2013%2F HTTP/1.1" 200 238278
172.22.2.4 - - [07/Jan/2024:12:27:10 -0500] "GET /BLA/boletinlegal/ HTTP/1.1" 200 55379
40.77.167.132 - - [07/Jan/2024:12:28:52 -0500] "GET /investigadores-del-jardin-botanico-de-bogota-descubren-primera-especie-de-cedro-endemica-de-colombia.html HTTP/1.1" 200 1003
201.245.192.253 - - [07/Jan/2024:12:28:54 -0500] "POST /kwsrmcab/Wsrmcab  HTTP/1.1" 200 36937
201.245.192.253 - - [07/Jan/2024:12:29:21 -0500] "POST /kwsrmcab/Wsrmcab HTTP/1.1" 200 36436
216.244.66.195 - - [07/Jan/2024:12:29:39 -0500] "GET /BLA/resoluciones/index.php?dir=AUTOS%202022/&sort=size&order=asc HTTP/1.1" 200 509770
181.54.95.2 - - [07/Jan/2024:12:29:50 -0500] "GET /distrito-exalto-a-246-empresas-de-bogota-por-su-alto-desempeno-y-responsabilidad-ambiental-durante-2023.html HTTP/1.1" 200 1039
201.245.192.253 - - [07/Jan/2024:12:29:54 -0500] "POST /kwsrmcab/Wsrmcab HTTP/1.1" 200 37053
52.167.144.211 - - [07/Jan/2024:12:30:10 -0500] "GET /BLA/resoluciones/AUTOS%202020/0319.pdf HTTP/1.1" 200 337638
216.245.221.92 - - [07/Jan/2024:12:30:34 -0500] "HEAD / HTTP/1.1" 200 -
52.167.144.198 - - [07/Jan/2024:12:31:37 -0500] "GET /BLA/resoluciones/AUTOS%202020/2784.pdf HTTP/1.1" 200 319670
173.252.95.3 - - [07/Jan/2024:12:33:17 -0500] "GET /inicia-el-2024-conociendo-la-biodiversidad-de-bogoti.html HTTP/1.1" 200 894
173.252.95.4 - - [07/Jan/2024:12:33:17 -0500] "GET /inicia-el-2024-conociendo-la-biodiversidad-de-bogoti.html HTTP/1.1" 200 894
172.22.2.4 - - [07/Jan/2024:12:33:21 -0500] "GET /BLA/boletinlegal/js/.git/config HTTP/1.1" 404 1018
66.249.70.166 - - [07/Jan/2024:12:33:39 -0500] "GET /portaldeninos/ HTTP/1.1" 200 110175
66.249.70.165 - - [07/Jan/2024:12:33:44 -0500] "GET /portaldeninos/wp-content/plugins/popup-maker/assets/css/site.min.css?ver=1.8.14 HTTP/1.1" 200 8260
66.249.70.165 - - [07/Jan/2024:12:33:45 -0500] "GET /portaldeninos/wp-includes/js/jquery/ui/position.min.js?ver=1.11.4 HTTP/1.1" 200 6527
66.249.70.165 - - [07/Jan/2024:12:33:47 -0500] "GET /portaldeninos/wp-content/plugins/popup-maker/assets/js/site.min.js?defer&ver=1.8.14 HTTP/1.1" 200 48457
172.22.2.4 - - [07/Jan/2024:12:32:09 -0500] "HEAD /BLA/boletinlegal/ HTTP/1.1" 200 -
201.245.192.253 - - [07/Jan/2024:12:33:52 -0500] "POST /kwsrmcab/Wsrmcab  HTTP/1.1" 200 36937
31.13.127.14 - - [07/Jan/2024:12:34:02 -0500] "GET /inicia-el-2024-conociendo-la-biodiversidad-de-bogoti.html HTTP/1.1" 200 894
186.30.58.142 - - [07/Jan/2024:12:34:32 -0500] "GET /inicia-el-2024-conociendo-la-biodiversidad-de-bogoti.html?fbclid=IwAR3zEc2UMuLnlR8QU36YlBSO1jRFoU1tQbtGNfeHzcok9yOaPfXDBxg0QmQ HTTP/1.1" 200 894
172.22.2.4 - - [07/Jan/2024:12:33:00 -0500] "GET /BLA/boletinlegal/ HTTP/1.1" 200 58172
201.245.192.253 - - [07/Jan/2024:12:35:08 -0500] "POST /kwsrmcab/Wsrmcab HTTP/1.1" 200 36436
201.245.192.253 - - [07/Jan/2024:12:35:11 -0500] "POST /kwsrmcab/Wsrmcab HTTP/1.1" 200 37053
69.171.231.9 - - [07/Jan/2024:12:35:32 -0500] "GET /inicia-el-2024-conociendo-la-biodiversidad-de-bogoti.html HTTP/1.1" 200 894
216.245.221.92 - - [07/Jan/2024:12:35:34 -0500] "HEAD / HTTP/1.1" 200 -
191.156.225.115 - - [07/Jan/2024:12:35:38 -0500] "GET /inicia-el-2024-conociendo-la-biodiversidad-de-bogoti.html?fbclid=IwAR2XHE9mMDm5yV0fPcLfmtYdhJKEMn9qFPiFFn9VTJqil5_MEisJjPcIUk0 HTTP/1.1" 200 894
181.56.229.221 - - [07/Jan/2024:12:36:38 -0500] "GET /inicia-el-2024-conociendo-la-biodiversidad-de-bogoti.html?fbclid=IwAR3W9BzIglau5-nTCMFCoqWN1JYUqIJkp5YMi_xeQIpG9vWpPY8j9brDxNY HTTP/1.1" 200 894
40.77.167.36 - - [07/Jan/2024:12:38:42 -0500] "GET /BLA/resoluciones/AUTOS%202020/1309.pdf HTTP/1.1" 200 347071
201.245.192.253 - - [07/Jan/2024:12:38:50 -0500] "POST /kwsrmcab/Wsrmcab  HTTP/1.1" 200 36937
201.245.192.253 - - [07/Jan/2024:12:39:21 -0500] "POST /kwsrmcab/Wsrmcab HTTP/1.1" 200 36436
172.22.2.4 - - [07/Jan/2024:12:37:59 -0500] "HEAD /BLA/boletinlegal/ HTTP/1.1" 200 -
69.63.189.7 - - [07/Jan/2024:12:39:49 -0500] "GET /inicia-el-2024-conociendo-la-biodiversidad-de-bogoti.html HTTP/1.1" 200 894
201.245.192.253 - - [07/Jan/2024:12:39:56 -0500] "POST /kwsrmcab/Wsrmcab HTTP/1.1" 200 37053
172.22.2.4 - - [07/Jan/2024:12:38:50 -0500] "GET /BLA/boletinlegal/ HTTP/1.1" 200 58567
216.245.221.92 - - [07/Jan/2024:12:40:34 -0500] "HEAD / HTTP/1.1" 200 -
31.13.103.116 - - [07/Jan/2024:12:40:46 -0500] "GET /distrito-celebro-el-cumpleanos-del-parque-ecologico-distrital-de-montana-entrenubes.html HTTP/1.1" 200 829
31.13.103.118 - - [07/Jan/2024:12:40:50 -0500] "GET /images/parque%20entre%20nubes.jpeg HTTP/1.1" 200 144350
172.22.2.4 - - [07/Jan/2024:12:41:08 -0500] "GET /BLA/boletinlegal/content/.git/config HTTP/1.1" 404 1018
186.155.210.149 - - [07/Jan/2024:12:42:52 -0500] "GET /inicia-el-2024-conociendo-la-biodiversidad-de-bogoti.html?fbclid=IwAR0T6VX1KQ1388YJIn_D3j3vXhVS9f7Naox7BojyYJhz70xKdfAKkkzyskQ_aem_AW5k1WgyU3OvoiYORK_uJy7mZPSR4WvffOguQfzJiL9gJsPUivTm8xUDuW17G2pNdmI HTTP/1.1" 200 894
40.77.167.50 - - [07/Jan/2024:12:43:03 -0500] "GET /BLA/resoluciones/RESOLUCIONES%202023/2927.pdf HTTP/1.1" 200 453183
31.13.103.120 - - [07/Jan/2024:12:43:35 -0500] "GET /inicia-el-2024-conociendo-la-biodiversidad-de-bogoti.html HTTP/1.1" 200 894
201.245.192.253 - - [07/Jan/2024:12:43:49 -0500] "POST /kwsrmcab/Wsrmcab  HTTP/1.1" 200 36937
172.22.2.4 - - [07/Jan/2024:12:44:29 -0500] "GET /BLA/boletinlegal/assets/index-a413b87a.js HTTP/1.1" 404 1017
172.22.2.4 - - [07/Jan/2024:12:43:49 -0500] "HEAD /BLA/boletinlegal/ HTTP/1.1" 200 -
216.245.221.92 - - [07/Jan/2024:12:45:34 -0500] "HEAD / HTTP/1.1" 200 -
172.22.2.4 - - [07/Jan/2024:12:44:40 -0500] "GET /BLA/boletinlegal/ HTTP/1.1" 200 60046
191.156.153.107 - - [07/Jan/2024:12:48:03 -0500] "GET /inicia-el-2024-conociendo-la-biodiversidad-de-bogoti.html?fbclid=IwAR15nEj91yCDQsGvNeC8fHYldiT9iGFV4XuzZ7xxn5BbBk69zC7jI8cg3Ao HTTP/1.1" 200 894
40.77.167.8 - - [07/Jan/2024:12:48:40 -0500] "GET /BLA/resoluciones/AUTOS%202022/9178%20.pdf HTTP/1.1" 200 349595
201.245.192.253 - - [07/Jan/2024:12:48:47 -0500] "POST /kwsrmcab/Wsrmcab  HTTP/1.1" 200 36937
52.167.144.167 - - [07/Jan/2024:12:50:33 -0500] "GET /BLA/resoluciones/RESOLUCIONES%202013/1297.pdf HTTP/1.1" 200 5822299
216.245.221.92 - - [07/Jan/2024:12:50:34 -0500] "HEAD / HTTP/1.1" 200 -
40.77.167.53 - - [07/Jan/2024:12:51:00 -0500] "GET /BLA/resoluciones/AUTOS%202020/1531.pdf HTTP/1.1" 200 375221
172.22.2.4 - - [07/Jan/2024:12:49:39 -0500] "HEAD /BLA/boletinlegal/ HTTP/1.1" 200 -
173.252.83.2 - - [07/Jan/2024:12:51:22 -0500] "GET /inicia-el-2024-conociendo-la-biodiversidad-de-bogoti.html HTTP/1.1" 200 894
191.102.196.152 - - [07/Jan/2024:12:51:51 -0500] "GET /inicia-el-2024-conociendo-la-biodiversidad-de-bogoti.html?fbclid=IwAR1k2KaLh6mmoQzWz2V1fzh5EDGE6Xbiriq10kBjk-ZbPiH_rrKfIZ-2BxI_aem_AW6Zvv1eNx9kqxAJi4rxUyJVbQnubcxyvqRCRJUPFMUa1C26zDrr-vj0dZad5EbHh8c HTTP/1.1" 200 894
191.95.63.212 - - [07/Jan/2024:12:51:52 -0500] "GET /inicia-el-2024-conociendo-la-biodiversidad-de-bogoti.html?fbclid=IwAR0WgluJFYGqwhc5OFx4U8CUt5Fw7IMxQ2vpwrnqwsxP0uAwuiP_iGpsAcE HTTP/1.1" 200 894
172.22.2.4 - - [07/Jan/2024:12:50:30 -0500] "GET /BLA/boletinlegal/ HTTP/1.1" 200 58172
52.167.144.212 - - [07/Jan/2024:12:52:48 -0500] "GET /BLA/resoluciones/AUTOS%202020/3704.pdf HTTP/1.1" 200 425781
186.30.82.109 - - [07/Jan/2024:12:53:30 -0500] "GET /inicia-el-2024-conociendo-la-biodiversidad-de-bogoti.html?fbclid=IwAR3RMYtlTVM1_tHjGaPGfQs85n4FiAuI5JB5EzU5Ex2afEX_6gsm9C2S0kY HTTP/1.1" 200 894
201.245.192.253 - - [07/Jan/2024:12:53:46 -0500] "POST /kwsrmcab/Wsrmcab  HTTP/1.1" 200 36937
173.252.127.23 - - [07/Jan/2024:12:54:12 -0500] "GET /inicia-el-2024-conociendo-la-biodiversidad-de-bogoti.html?fbclid=IwAR00dzkZNDRsczeMPoTFnCTVTTdtjrgwxSGV6zXWU7QbeGY8kvE93v6-RIo HTTP/1.1" 200 894
40.77.167.67 - - [07/Jan/2024:12:55:03 -0500] "GET /BLA/resoluciones/RESOLUCIONES%202013/1120.pdf HTTP/1.1" 200 1058347
216.245.221.92 - - [07/Jan/2024:12:55:34 -0500] "HEAD / HTTP/1.1" 200 -
152.202.94.224 - - [07/Jan/2024:12:56:02 -0500] "GET /inicia-el-2024-conociendo-la-biodiversidad-de-bogoti.html?fbclid=IwAR1R7GA9KvF7aMOHmXZVeyOVe7UmW_7ttEWj_mduC1rtn4ZrXqTUQriqdtw HTTP/1.1" 200 894
172.22.2.4 - - [07/Jan/2024:12:55:29 -0500] "HEAD /BLA/boletinlegal/ HTTP/1.1" 200 -
186.80.52.31 - - [07/Jan/2024:12:57:13 -0500] "GET /appsia/controlador HTTP/1.1" 200 4799
172.22.2.4 - - [07/Jan/2024:12:57:19 -0500] "GET /BLA/boletinlegal/robots.txt HTTP/1.1" 404 1038
172.22.2.4 - - [07/Jan/2024:12:57:19 -0500] "GET /BLA/boletinlegal/images/historia.png HTTP/1.1" 304 -
186.80.52.31 - - [07/Jan/2024:12:57:26 -0500] "POST /appsia/controlador HTTP/1.1" 200 5437
52.167.144.18 - - [07/Jan/2024:12:57:26 -0500] "GET / HTTP/1.1" 200 4720
20.110.58.60 - - [07/Jan/2024:12:57:27 -0500] "GET / HTTP/1.1" 200 4720
52.167.144.184 - - [07/Jan/2024:12:57:28 -0500] "GET /favicon.ico HTTP/1.1" 404 1034
186.80.52.31 - - [07/Jan/2024:12:57:28 -0500] "POST /appsia/controlador HTTP/1.1" 200 7775
20.110.58.60 - - [07/Jan/2024:12:57:28 -0500] "GET /favicon.ico HTTP/1.1" 404 1034
52.167.144.18 - - [07/Jan/2024:12:57:29 -0500] "GET / HTTP/1.1" 200 4720
20.110.58.60 - - [07/Jan/2024:12:57:29 -0500] "GET / HTTP/1.1" 200 4720
52.167.144.184 - - [07/Jan/2024:12:57:30 -0500] "GET /favicon.ico HTTP/1.1" 404 1034
186.80.52.31 - - [07/Jan/2024:12:57:37 -0500] "POST /appsia/controlador HTTP/1.1" 200 5234
186.80.52.31 - - [07/Jan/2024:12:57:40 -0500] "GET /appsia/controlador?comando=regresar&id=41790473&funcionario=SARA+STELLA+MOYANO+MELO&desde=41790473&hasta=41790473&version=41790473 HTTP/1.1" 200 7775
186.80.52.31 - - [07/Jan/2024:12:57:48 -0500] "POST /appsia/controlador HTTP/1.1" 200 6640
186.80.52.31 - - [07/Jan/2024:12:57:50 -0500] "POST /appsia/controlador HTTP/1.1" 200 11280
172.22.2.4 - - [07/Jan/2024:12:56:20 -0500] "GET /BLA/boletinlegal/ HTTP/1.1" 200 58567
186.80.52.31 - - [07/Jan/2024:12:58:18 -0500] "POST /appsia/controlador HTTP/1.1" 200 7775
186.80.52.31 - - [07/Jan/2024:12:58:26 -0500] "POST /appsia/controlador HTTP/1.1" 200 6640
186.80.52.31 - - [07/Jan/2024:12:58:27 -0500] "POST /appsia/controlador HTTP/1.1" 200 10933
201.245.192.253 - - [07/Jan/2024:12:58:45 -0500] "POST /kwsrmcab/Wsrmcab  HTTP/1.1" 200 36937
172.22.2.4 - - [07/Jan/2024:12:59:24 -0500] "GET /BLA/boletinlegal/blogs/.git/config HTTP/1.1" 404 1018
154.6.99.253 - - [07/Jan/2024:12:59:58 -0500] "GET /appsia/controlador HTTP/1.1" 200 4799
216.245.221.92 - - [07/Jan/2024:13:00:34 -0500] "HEAD / HTTP/1.1" 200 -
172.22.2.4 - - [07/Jan/2024:13:00:18 -0500] "HEAD /BLA/boletinlegal/ HTTP/1.1" 200 -
172.22.2.4 - - [07/Jan/2024:13:01:19 -0500] "HEAD /BLA/boletinlegal/ HTTP/1.1" 200 -
201.245.192.253 - - [07/Jan/2024:13:03:43 -0500] "POST /kwsrmcab/Wsrmcab  HTTP/1.1" 200 36937
172.22.2.4 - - [07/Jan/2024:13:02:10 -0500] "GET /BLA/boletinlegal/ HTTP/1.1" 200 60910
186.80.52.31 - - [07/Jan/2024:13:05:03 -0500] "POST /appsia/controlador HTTP/1.1" 200 7775
199.16.157.182 - - [07/Jan/2024:13:05:33 -0500] "GET /robots.txt HTTP/1.1" 404 1034
199.16.157.183 - - [07/Jan/2024:13:05:33 -0500] "GET /images/cronica-mujer-biodiveridad-30-noviembre.jpg HTTP/1.1" 200 63270
199.16.157.182 - - [07/Jan/2024:13:05:33 -0500] "GET /images/cronica-mujer-biodiveridad-30-noviembre.jpg HTTP/1.1" 200 63270
216.245.221.92 - - [07/Jan/2024:13:05:34 -0500] "HEAD / HTTP/1.1" 200 -
186.154.129.130 - - [07/Jan/2024:13:05:38 -0500] "POST /appsia/controlador HTTP/1.1" 200 3601
186.154.129.130 - - [07/Jan/2024:13:05:38 -0500] "GET /appsia/jscripts/validarSolicitud.js HTTP/1.1" 404 68
186.154.129.130 - - [07/Jan/2024:13:05:50 -0500] "POST /appsia/controlador HTTP/1.1" 200 4799
190.248.229.114 - - [07/Jan/2024:13:06:04 -0500] "GET /inicia-el-2024-conociendo-la-biodiversidad-de-bogoti.html?fbclid=IwAR2rKTN-x7-xh35FJYQLCNYT80PuMvKZ8saxaGfwILOviZ2qirzH13YXdeg HTTP/1.1" 200 894
186.154.129.130 - - [07/Jan/2024:13:06:16 -0500] "POST /appsia/controlador HTTP/1.1" 200 5437
186.154.129.130 - - [07/Jan/2024:13:06:32 -0500] "POST /appsia/controlador HTTP/1.1" 200 7723
186.154.129.130 - - [07/Jan/2024:13:06:32 -0500] "GET /appsia/images/logo_escudo.png HTTP/1.1" 200 36965
172.22.2.4 - - [07/Jan/2024:13:06:41 -0500] "GET /BLA/boletinlegal/styles2.css HTTP/1.1" 200 1838
172.22.2.4 - - [07/Jan/2024:13:06:41 -0500] "GET /BLA/boletinlegal/style.css HTTP/1.1" 200 9406
172.22.2.4 - - [07/Jan/2024:13:06:42 -0500] "GET /BLA/boletinlegal/js/jquery.scrollTo-min.js HTTP/1.1" 200 1150
172.22.2.4 - - [07/Jan/2024:13:06:42 -0500] "GET /BLA/boletinlegal/js/jquery.js HTTP/1.1" 200 57254
172.22.2.4 - - [07/Jan/2024:13:06:42 -0500] "GET /BLA/boletinlegal/images/subscribe-icon-big.png HTTP/1.1" 200 47702
172.22.2.4 - - [07/Jan/2024:13:06:42 -0500] "GET /BLA/boletinlegal/js/jquery.scrollShow.js HTTP/1.1" 200 4586
172.22.2.4 - - [07/Jan/2024:13:06:42 -0500] "GET /BLA/boletinlegal/images/cabezote%20BLEGAL.jpg HTTP/1.1" 200 118164
172.22.2.4 - - [07/Jan/2024:13:06:42 -0500] "GET /BLA/boletinlegal/images/historia.png HTTP/1.1" 200 52775
172.22.2.4 - - [07/Jan/2024:13:06:42 -0500] "GET /BLA/boletinlegal/images/arr_l.jpg HTTP/1.1" 200 1979
172.22.2.4 - - [07/Jan/2024:13:06:42 -0500] "GET /BLA/boletinlegal/images/registro-usuarios.png HTTP/1.1" 200 8106
172.22.2.4 - - [07/Jan/2024:13:06:42 -0500] "GET /BLA/boletinlegal/images/launch.jpg HTTP/1.1" 200 14577
172.22.2.4 - - [07/Jan/2024:13:06:42 -0500] "GET /BLA/boletinlegal/images/screen_1.png HTTP/1.1" 200 202547
172.22.2.4 - - [07/Jan/2024:13:06:43 -0500] "GET /BLA/boletinlegal/images/body_bg.jpg HTTP/1.1" 200 1601
172.22.2.4 - - [07/Jan/2024:13:06:43 -0500] "GET /BLA/boletinlegal/images/menu_rght.gif HTTP/1.1" 200 1627
172.22.2.4 - - [07/Jan/2024:13:06:43 -0500] "GET /BLA/boletinlegal/images/menu_lft.gif HTTP/1.1" 200 1713
172.22.2.4 - - [07/Jan/2024:13:06:43 -0500] "GET /BLA/boletinlegal/images/menu_bg.jpg HTTP/1.1" 200 620
172.22.2.4 - - [07/Jan/2024:13:06:43 -0500] "GET /BLA/boletinlegal/images/hover.jpg HTTP/1.1" 200 640
172.22.2.4 - - [07/Jan/2024:13:06:43 -0500] "GET /BLA/boletinlegal/images/bg_top.jpg HTTP/1.1" 200 522
172.22.2.4 - - [07/Jan/2024:13:06:44 -0500] "GET /BLA/boletinlegal/images/text.jpg HTTP/1.1" 200 568
172.22.2.4 - - [07/Jan/2024:13:06:47 -0500] "GET /BLA/boletinlegal/actos.php HTTP/1.1" 200 9648
172.22.2.4 - - [07/Jan/2024:13:06:48 -0500] "GET /BLA/boletinlegal/js/popup.js HTTP/1.1" 200 1270
172.22.2.4 - - [07/Jan/2024:13:06:48 -0500] "GET /BLA/boletinlegal/js/ajax_actos.js HTTP/1.1" 200 1322
172.22.2.4 - - [07/Jan/2024:13:06:48 -0500] "GET /BLA/boletinlegal/niceforms.js HTTP/1.1" 200 22876
172.22.2.4 - - [07/Jan/2024:13:06:48 -0500] "GET /BLA/boletinlegal/niceforms-default.css HTTP/1.1" 200 6694
172.22.2.4 - - [07/Jan/2024:13:06:48 -0500] "GET /BLA/boletinlegal/js/lib.js HTTP/1.1" 200 6474
172.22.2.4 - - [07/Jan/2024:13:06:48 -0500] "GET /BLA/boletinlegal/js/jquery1.js HTTP/1.1" 200 29846
172.22.2.4 - - [07/Jan/2024:13:06:48 -0500] "GET /BLA/boletinlegal/images/green-yellow-blue-pink-th.png HTTP/1.1" 200 7394
172.22.2.4 - - [07/Jan/2024:13:06:48 -0500] "GET /BLA/boletinlegal/images/icono-email.png HTTP/1.1" 200 5544
172.22.2.4 - - [07/Jan/2024:13:06:48 -0500] "GET /BLA/boletinlegal/images/tel.png HTTP/1.1" 200 14477
172.22.2.4 - - [07/Jan/2024:13:06:48 -0500] "GET /BLA/boletinlegal/images/footer_bg.jpg HTTP/1.1" 200 586
172.22.2.4 - - [07/Jan/2024:13:06:49 -0500] "GET /BLA/boletinlegal/images/footer_bg_l.jpg HTTP/1.1" 200 776
172.22.2.4 - - [07/Jan/2024:13:06:49 -0500] "GET /BLA/boletinlegal/img/0.png HTTP/1.1" 200 110
172.22.2.4 - - [07/Jan/2024:13:06:49 -0500] "GET /BLA/boletinlegal/img/select-left.png HTTP/1.1" 200 263
172.22.2.4 - - [07/Jan/2024:13:06:49 -0500] "GET /BLA/boletinlegal/img/button-right.png HTTP/1.1" 200 57878
172.22.2.4 - - [07/Jan/2024:13:06:49 -0500] "GET /BLA/boletinlegal/img/button.png HTTP/1.1" 200 43241
172.22.2.4 - - [07/Jan/2024:13:06:49 -0500] "GET /BLA/boletinlegal/img/button-left.png HTTP/1.1" 200 57071
172.22.2.4 - - [07/Jan/2024:13:06:49 -0500] "GET /BLA/boletinlegal/img/select-right.png HTTP/1.1" 200 44019
172.22.2.4 - - [07/Jan/2024:13:06:49 -0500] "GET /BLA/boletinlegal/favicon.ico HTTP/1.1" 404 1326
172.22.2.4 - - [07/Jan/2024:13:07:10 -0500] "GET /BLA/boletinlegal/consulta_actos.php?tipo=resoluciones&no=744&usuario=&sector=&fecha=2019&resuelve= HTTP/1.1" 200 2443
172.22.2.4 - - [07/Jan/2024:13:07:10 -0500] "GET /BLA/boletinlegal/images/pdf.gif HTTP/1.1" 200 567
172.22.2.4 - - [07/Jan/2024:13:07:10 -0500] "GET /BLA/boletinlegal/images/background.gif HTTP/1.1" 200 -
172.22.2.4 - - [07/Jan/2024:13:06:41 -0500] "GET /BLA/boletinlegal/ HTTP/1.1" 200 24523
172.22.2.4 - - [07/Jan/2024:13:07:44 -0500] "GET /BLA/boletinlegal/consulta_actos.php?tipo=resoluciones&no=744&usuario=&sector=RUIDO&fecha=2019&resuelve= HTTP/1.1" 200 626
172.22.2.4 - - [07/Jan/2024:13:07:51 -0500] "GET /BLA/boletinlegal/consulta_actos.php?tipo=autos&no=744&usuario=&sector=RUIDO&fecha=2019&resuelve= HTTP/1.1" 200 626
191.156.228.151 - - [07/Jan/2024:13:08:10 -0500] "GET /inicia-el-2024-conociendo-la-biodiversidad-de-bogoti.html?fbclid=IwAR128VjWF_USO3qn7DFzYpaQ-t7kDbysBrf0RD9yrivo_Mfxo4JYXqYZkrQ HTTP/1.1" 200 894
186.29.55.212 - - [07/Jan/2024:13:08:25 -0500] "GET /BLA/resoluciones/index.php?dir=AUTOS+2010%2F HTTP/1.1" 200 281515
201.245.192.253 - - [07/Jan/2024:13:08:42 -0500] "POST /kwsrmcab/Wsrmcab  HTTP/1.1" 200 36937
172.22.2.4 - - [07/Jan/2024:13:07:09 -0500] "HEAD /BLA/boletinlegal/ HTTP/1.1" 200 -
173.252.79.117 - - [07/Jan/2024:13:09:20 -0500] "GET /inicia-el-2024-conociendo-la-biodiversidad-de-bogoti.html HTTP/1.1" 200 894
172.22.2.4 - - [07/Jan/2024:13:08:00 -0500] "GET /BLA/boletinlegal/ HTTP/1.1" 200 59330
216.245.221.92 - - [07/Jan/2024:13:10:34 -0500] "HEAD / HTTP/1.1" 200 -
179.19.6.99 - - [07/Jan/2024:13:11:05 -0500] "GET /inicia-el-2024-conociendo-la-biodiversidad-de-bogoti.html?fbclid=IwAR0wMvCAVNF_NkZpOGGn_SvTuu9SG8ydpkWhnz6ruXKp7Sfos6ufCROJ-KQ HTTP/1.1" 200 894
186.169.138.209 - - [07/Jan/2024:13:11:05 -0500] "GET /inicia-el-2024-conociendo-la-biodiversidad-de-bogoti.html?fbclid=IwAR0V5J2ZSnwMEWf_aVfWf7Gt4rNyDi-FRs-fvPj6RMMj26OMe-a5x4n0bxk_aem_AW5rsz4_sCbc-r-uXxV4hWduqvkyUsn9j9yOFy60dioUJAzFv1nlI-YW0DFMTmQIV24 HTTP/1.1" 200 894
52.56.149.171 - - [07/Jan/2024:13:11:19 -0500] "\x16\x03\x01" 400 226
52.56.149.171 - - [07/Jan/2024:13:12:56 -0500] "\x16\x03\x01" 400 226
201.245.192.253 - - [07/Jan/2024:13:13:40 -0500] "POST /kwsrmcab/Wsrmcab  HTTP/1.1" 200 36937
52.56.149.171 - - [07/Jan/2024:13:14:06 -0500] "GET /favicon.ico HTTP/1.1" 200 7782
181.249.187.104 - - [07/Jan/2024:13:14:21 -0500] "GET /inicia-el-2024-conociendo-la-biodiversidad-de-bogoti.html?fbclid=IwAR39lVVrXLWEJQOqPnrIImaUn9vTmzI7JBo1a8Dla_kJWjtIfDLcylFjlAo HTTP/1.1" 200 894
172.22.2.4 - - [07/Jan/2024:13:14:35 -0500] "GET /BLA/boletinlegal/dev/.git/config HTTP/1.1" 404 1018
172.22.2.4 - - [07/Jan/2024:13:12:59 -0500] "HEAD /BLA/boletinlegal/ HTTP/1.1" 200 -
47.128.45.221 - - [07/Jan/2024:13:14:52 -0500] "GET /BLA/resoluciones/dlf/dirup.png HTTP/1.1" 200 644
47.128.45.221 - - [07/Jan/2024:13:14:52 -0500] "GET /BLA/resoluciones/dlf/unknown.png HTTP/1.1" 200 266
47.128.45.221 - - [07/Jan/2024:13:14:51 -0500] "GET /BLA/resoluciones/index.php?dir=RESOLUCIONES%202006%2FRES%202006%20951-1000%2F&order=desc&sort=date HTTP/1.1" 200 12307
201.245.192.253 - - [07/Jan/2024:13:15:08 -0500] "POST /kwsrmcab/Wsrmcab HTTP/1.1" 200 36431
201.245.192.253 - - [07/Jan/2024:13:15:11 -0500] "POST /kwsrmcab/Wsrmcab HTTP/1.1" 200 37041
172.22.2.4 - - [07/Jan/2024:13:13:50 -0500] "GET /BLA/boletinlegal/ HTTP/1.1" 200 50947
172.22.2.4 - - [07/Jan/2024:13:14:53 -0500] "GET /BLA/boletinlegal/ HTTP/1.1" 200 24523
216.245.221.92 - - [07/Jan/2024:13:15:34 -0500] "HEAD / HTTP/1.1" 200 -
52.56.149.171 - - [07/Jan/2024:13:15:39 -0500] "\x16\x03\x01" 400 226
52.167.144.25 - - [07/Jan/2024:13:15:45 -0500] "GET /BLA/resoluciones/RESOLUCIONES%202013/1021.pdf HTTP/1.1" 200 7625667
47.128.23.40 - - [07/Jan/2024:13:16:14 -0500] "GET /BLA/resoluciones/index.php?dir=RESOLUCIONES%202003%2FRES%202003%20951-1000%2F&order=asc&sort=size HTTP/1.1" 200 11179
47.128.23.40 - - [07/Jan/2024:13:16:15 -0500] "GET /BLA/resoluciones/dlf/dirup.png HTTP/1.1" 200 644
47.128.23.40 - - [07/Jan/2024:13:16:15 -0500] "GET /BLA/resoluciones/dlf/unknown.png HTTP/1.1" 200 266
181.59.3.83 - - [07/Jan/2024:13:16:37 -0500] "GET /inicia-el-2024-conociendo-la-biodiversidad-de-bogoti.html?fbclid=IwAR03gZSMBecwLqKTHupSah_LslPtB8KxvDzPbhCl1CqfdC9gqZJEJfbSoFU HTTP/1.1" 200 894
66.249.66.19 - - [07/Jan/2024:13:16:41 -0500] "GET /BLA/resoluciones/RESOLUCIONES%202014/3237.pdf HTTP/1.1" 200 3746310
66.249.66.19 - - [07/Jan/2024:13:16:41 -0500] "GET /robots.txt HTTP/1.1" 404 1018
52.56.149.171 - - [07/Jan/2024:13:16:50 -0500] "GET /manage/account/login HTTP/1.1" 404 1018
191.156.50.18 - - [07/Jan/2024:13:17:47 -0500] "GET /inicia-el-2024-conociendo-la-biodiversidad-de-bogoti.html?fbclid=IwAR1Qplh-S77WK3uhdZ67PLbYEZTlXk87NCI2UKz-1ecZVWqIPpuP8uOLEAk HTTP/1.1" 200 894
201.245.192.253 - - [07/Jan/2024:13:18:39 -0500] "POST /kwsrmcab/Wsrmcab  HTTP/1.1" 200 36937
201.245.192.253 - - [07/Jan/2024:13:19:20 -0500] "POST /kwsrmcab/Wsrmcab HTTP/1.1" 200 36431
69.63.184.119 - - [07/Jan/2024:13:19:28 -0500] "GET /inicia-el-2024-conociendo-la-biodiversidad-de-bogoti.html HTTP/1.1" 200 894
201.245.192.253 - - [07/Jan/2024:13:19:53 -0500] "POST /kwsrmcab/Wsrmcab HTTP/1.1" 200 37041
172.22.2.4 - - [07/Jan/2024:13:20:06 -0500] "GET /BLA/boletinlegal/test/.git/config HTTP/1.1" 404 1018
52.56.149.171 - - [07/Jan/2024:13:20:07 -0500] "\x16\x03\x01" 400 226
172.22.2.4 - - [07/Jan/2024:13:18:49 -0500] "HEAD /BLA/boletinlegal/ HTTP/1.1" 200 -
216.245.221.92 - - [07/Jan/2024:13:20:34 -0500] "HEAD / HTTP/1.1" 200 -
52.56.149.171 - - [07/Jan/2024:13:21:18 -0500] "GET /admin/index.html HTTP/1.1" 404 1018
172.22.2.4 - - [07/Jan/2024:13:19:40 -0500] "GET /BLA/boletinlegal/ HTTP/1.1" 200 58567
201.245.192.253 - - [07/Jan/2024:13:23:38 -0500] "POST /kwsrmcab/Wsrmcab  HTTP/1.1" 200 36937
52.56.149.171 - - [07/Jan/2024:13:24:07 -0500] "\x16\x03\x01" 400 226
201.245.192.253 - - [07/Jan/2024:13:25:08 -0500] "POST /kwsrmcab/Wsrmcab HTTP/1.1" 200 36431
201.245.192.253 - - [07/Jan/2024:13:25:11 -0500] "POST /kwsrmcab/Wsrmcab HTTP/1.1" 200 37041
52.56.149.171 - - [07/Jan/2024:13:25:19 -0500] "GET /index.html HTTP/1.1" 200 319
216.245.221.92 - - [07/Jan/2024:13:25:34 -0500] "HEAD / HTTP/1.1" 200 -
52.167.144.54 - - [07/Jan/2024:13:25:40 -0500] "GET /robots.txt HTTP/1.1" 404 1035
52.167.144.187 - - [07/Jan/2024:13:25:44 -0500] "GET /portaldeninos/wp-content/uploads/2021/11/pieza-dia-abejas-20-infografia-ambiente-20-mayo-260x146.jpg HTTP/1.1" 200 13996
47.128.21.4 - - [07/Jan/2024:13:25:51 -0500] "GET /BLA/resoluciones/dlf/dirup.png HTTP/1.1" 200 644
47.128.21.4 - - [07/Jan/2024:13:25:52 -0500] "GET /BLA/resoluciones/dlf/pdf.gif HTTP/1.1" 200 272
172.22.2.4 - - [07/Jan/2024:13:24:39 -0500] "HEAD /BLA/boletinlegal/ HTTP/1.1" 200 -
47.128.21.4 - - [07/Jan/2024:13:25:50 -0500] "GET /BLA/resoluciones/index.php?dir=AUTOS+2016%2F HTTP/1.1" 200 307147
172.22.2.4 - - [07/Jan/2024:13:25:30 -0500] "GET /BLA/boletinlegal/ HTTP/1.1" 200 58567
201.245.192.253 - - [07/Jan/2024:13:28:37 -0500] "POST /kwsrmcab/Wsrmcab  HTTP/1.1" 200 36937
186.86.32.105 - - [07/Jan/2024:13:29:13 -0500] "GET /inicia-el-2024-conociendo-la-biodiversidad-de-bogoti.html?fbclid=IwAR3YZ6DtdnJ1hq5ijm5aOLj1LXOnPPgUGOGglaRXKjecM-zEtUljRkeluQo HTTP/1.1" 200 894
201.245.192.253 - - [07/Jan/2024:13:29:20 -0500] "POST /kwsrmcab/Wsrmcab HTTP/1.1" 200 36431
52.56.149.171 - - [07/Jan/2024:13:29:29 -0500] "\x16\x03\x01" 400 226
66.220.149.24 - - [07/Jan/2024:13:29:32 -0500] "GET /inicia-el-2024-conociendo-la-biodiversidad-de-bogoti.html HTTP/1.1" 200 894
201.245.192.253 - - [07/Jan/2024:13:29:53 -0500] "POST /kwsrmcab/Wsrmcab HTTP/1.1" 200 37041
216.245.221.92 - - [07/Jan/2024:13:30:34 -0500] "HEAD / HTTP/1.1" 200 -
52.56.149.171 - - [07/Jan/2024:13:30:39 -0500] "GET /+CSCOE+/logon.html HTTP/1.1" 404 1018
190.27.150.78 - - [07/Jan/2024:13:30:44 -0500] "GET /inicia-el-2024-conociendo-la-biodiversidad-de-bogoti.html?fbclid=IwAR3gG7Z2uNSL489XkOMKqH4_-qcioLvyq8bfoXctPNd3FE7efEh1MYueasE HTTP/1.1" 200 894
172.22.2.4 - - [07/Jan/2024:13:30:29 -0500] "HEAD /BLA/boletinlegal/ HTTP/1.1" 200 -
191.156.187.69 - - [07/Jan/2024:13:32:22 -0500] "GET /inicia-el-2024-conociendo-la-biodiversidad-de-bogoti.html?fbclid=IwAR0D8V2EVxImO-5qOtLOE79v7PRP6KiCYKpqK8oLl5lnqmXXPbhN4tLPmEE HTTP/1.1" 200 894
172.22.2.4 - - [07/Jan/2024:13:31:20 -0500] "GET /BLA/boletinlegal/ HTTP/1.1" 200 60910
52.56.149.171 - - [07/Jan/2024:13:33:34 -0500] "\x16\x03\x01" 400 226
201.245.192.253 - - [07/Jan/2024:13:33:34 -0500] "POST /kwsrmcab/Wsrmcab  HTTP/1.1" 200 36937
52.56.149.171 - - [07/Jan/2024:13:34:48 -0500] "GET /cgi-bin/login.cgi HTTP/1.1" 404 1018
201.245.192.253 - - [07/Jan/2024:13:35:08 -0500] "POST /kwsrmcab/Wsrmcab HTTP/1.1" 200 36431
201.245.192.253 - - [07/Jan/2024:13:35:11 -0500] "POST /kwsrmcab/Wsrmcab HTTP/1.1" 200 37041
66.249.70.165 - - [07/Jan/2024:13:35:21 -0500] "GET /robots.txt HTTP/1.1" 404 1034
66.249.70.163 - - [07/Jan/2024:13:35:22 -0500] "GET /propietarios-inscritos-en-el-inventario-nacional-de-bifenilos-de-policlorados-tienen-plazo-hasta-noviembre-para-reportar-su-balance.html HTTP/1.1" 200 1003
69.63.184.120 - - [07/Jan/2024:13:35:23 -0500] "GET /inicia-el-2024-conociendo-la-biodiversidad-de-bogoti.html HTTP/1.1" 200 894
191.156.59.16 - - [07/Jan/2024:13:35:31 -0500] "GET /inicia-el-2024-conociendo-la-biodiversidad-de-bogoti.html?fbclid=IwAR1D0YqKXqyCGUCVslZU9JhpfvIRdgXQzW_M6U0V3TMqBKkNgy6HgZY9YhY_aem_AW5_bXNJcWYvI6xJANhTtU-TzMhknZaJyY-Y1wxcWI5DTgebylF_K9npi1Fea9SiwyU HTTP/1.1" 200 894
216.245.221.92 - - [07/Jan/2024:13:35:34 -0500] "HEAD / HTTP/1.1" 200 -
181.237.35.201 - - [07/Jan/2024:13:37:01 -0500] "GET /inicia-el-2024-conociendo-la-biodiversidad-de-bogoti.html?fbclid=IwAR0Ue9R4LCdobomxHX68C1NXiBDqL2H_UcOVMIk7sv1pOca09_6-W_2IZjc HTTP/1.1" 200 894
52.56.149.171 - - [07/Jan/2024:13:37:29 -0500] "\x16\x03\x01" 400 226
172.22.2.4 - - [07/Jan/2024:13:37:52 -0500] "GET /BLA/boletinlegal/files/.git/config HTTP/1.1" 404 1018
172.22.2.4 - - [07/Jan/2024:13:36:19 -0500] "HEAD /BLA/boletinlegal/ HTTP/1.1" 200 -
201.245.192.253 - - [07/Jan/2024:13:38:32 -0500] "POST /kwsrmcab/Wsrmcab  HTTP/1.1" 200 36937
52.56.149.171 - - [07/Jan/2024:13:38:38 -0500] "GET /logon.htm HTTP/1.1" 404 1018
172.22.2.4 - - [07/Jan/2024:13:37:10 -0500] "GET /BLA/boletinlegal/ HTTP/1.1" 200 58567
201.245.192.253 - - [07/Jan/2024:13:39:20 -0500] "POST /kwsrmcab/Wsrmcab HTTP/1.1" 200 36431
201.245.192.253 - - [07/Jan/2024:13:39:54 -0500] "POST /kwsrmcab/Wsrmcab HTTP/1.1" 200 37041
216.245.221.92 - - [07/Jan/2024:13:40:34 -0500] "HEAD / HTTP/1.1" 200 -
52.56.149.171 - - [07/Jan/2024:13:41:11 -0500] "\x16\x03\x01" 400 226
40.77.167.20 - - [07/Jan/2024:13:42:06 -0500] "GET /portaldeninos/2021/05/18/mas-alla-de-tus-pies-aprende-a-reconocer-algunas-flores-en-humedales-para-que-tambien-las-protejas/ HTTP/1.1" 200 104516
52.56.149.171 - - [07/Jan/2024:13:42:19 -0500] "GET /login.jsp HTTP/1.1" 404 1018
152.201.208.172 - - [07/Jan/2024:13:43:03 -0500] "GET / HTTP/1.1" 200 4720
152.201.208.172 - - [07/Jan/2024:13:43:03 -0500] "GET /js/url.js HTTP/1.1" 404 1294
152.201.208.172 - - [07/Jan/2024:13:43:03 -0500] "GET /css/style.css HTTP/1.1" 200 3473
152.201.208.172 - - [07/Jan/2024:13:43:03 -0500] "GET /fonts/icomoon/style.css HTTP/1.1" 200 79820
152.201.208.172 - - [07/Jan/2024:13:43:03 -0500] "GET /css/bootstrap.min.css HTTP/1.1" 200 178212
152.201.208.172 - - [07/Jan/2024:13:43:03 -0500] "GET /favicon.ico HTTP/1.1" 404 1294
40.77.167.3 - - [07/Jan/2024:13:43:14 -0500] "GET /portaldeninos/wp-content/plugins/gallery-videos/CSS/totalsoft.css?ver=4.9.8 HTTP/1.1" 200 40622
40.77.167.3 - - [07/Jan/2024:13:43:15 -0500] "GET /portaldeninos/wp-includes/js/comment-reply.min.js?ver=4.9.8 HTTP/1.1" 200 1078
40.77.167.20 - - [07/Jan/2024:13:43:18 -0500] "GET /portaldeninos/wp-content/themes/betheme/assets/animations/animations.min.css?ver=20.9.6 HTTP/1.1" 200 58508
40.77.167.20 - - [07/Jan/2024:13:43:19 -0500] "GET /portaldeninos/wp-includes/js/jquery/ui/accordion.min.js?ver=1.11.4 HTTP/1.1" 200 8584
201.245.192.253 - - [07/Jan/2024:13:43:31 -0500] "POST /kwsrmcab/Wsrmcab  HTTP/1.1" 200 36937
66.249.70.167 - - [07/Jan/2024:13:43:38 -0500] "GET /robots.txt HTTP/1.1" 404 1035
66.249.70.167 - - [07/Jan/2024:13:43:38 -0500] "GET /portaldeninos/2021/05/30/gestion-del-riesgo/ HTTP/1.1" 200 94036
66.249.70.167 - - [07/Jan/2024:13:43:41 -0500] "GET /portaldeninos/wp-content/plugins/gallery-videos/CSS/totalsoft.css?ver=4.9.8 HTTP/1.1" 200 40622
191.156.51.144 - - [07/Jan/2024:13:43:48 -0500] "GET /inicia-el-2024-conociendo-la-biodiversidad-de-bogoti.html?fbclid=IwAR1fTzy0Rt9n3Dxv3xzMPaZ4mOsvwgd-8ZXCpss5dSlJ3eVQFS55EmWP84s HTTP/1.1" 200 894
172.22.2.4 - - [07/Jan/2024:13:42:09 -0500] "HEAD /BLA/boletinlegal/ HTTP/1.1" 200 -
186.29.55.212 - - [07/Jan/2024:13:43:52 -0500] "GET /BLA/resoluciones/index.php?dir=AUTOS+2020%2F HTTP/1.1" 200 332687
172.22.2.4 - - [07/Jan/2024:13:43:00 -0500] "GET /BLA/boletinlegal/ HTTP/1.1" 200 59330
52.56.149.171 - - [07/Jan/2024:13:44:48 -0500] "\x16\x03\x01" 400 226
216.245.221.92 - - [07/Jan/2024:13:45:34 -0500] "HEAD / HTTP/1.1" 200 -
172.22.2.4 - - [07/Jan/2024:13:45:22 -0500] "GET /BLA/boletinlegal/ HTTP/1.1" 200 24523
47.128.17.33 - - [07/Jan/2024:13:46:06 -0500] "GET /BLA/resoluciones/dlf/unknown.png HTTP/1.1" 200 266
47.128.17.33 - - [07/Jan/2024:13:46:06 -0500] "GET /BLA/resoluciones/dlf/dirup.png HTTP/1.1" 200 644
47.128.17.33 - - [07/Jan/2024:13:46:06 -0500] "GET /BLA/resoluciones/index.php?dir=RESOLUCIONES%202005%2FRES%202005%201251-1300%2F&order=asc&sort=size HTTP/1.1" 200 12362
191.156.150.0 - - [07/Jan/2024:13:47:10 -0500] "GET /inicia-el-2024-conociendo-la-biodiversidad-de-bogoti.html?fbclid=IwAR0-ny0mqBjHt5J9AN4XBLsjhCraYh1gluY8ao_HymgLh_Z31F3XFoFNKFQ_aem_AW6sfIv5ayUgZ9Jgi8qUJ4IWjtqMVZRqTLwkJjOSCAJcClNN_5OfHSwIl_48D2Ol9IE HTTP/1.1" 200 894
172.22.2.4 - - [07/Jan/2024:13:47:18 -0500] "GET /BLA/boletinlegal/robots.txt HTTP/1.1" 404 1038
172.22.2.4 - - [07/Jan/2024:13:47:19 -0500] "GET /BLA/boletinlegal/Circulares/2013/Circular%20No.%201%20del%2014%20de%20enero%20de%202013.pdf HTTP/1.1" 200 1298384
181.154.214.208 - - [07/Jan/2024:13:47:26 -0500] "GET /inicia-el-2024-conociendo-la-biodiversidad-de-bogoti.html?fbclid=IwAR3K3SIFDWjL4gfmrJTxlK4ytWn05BD5yPPb4FzraIIVZKrvap5I6bwglhw HTTP/1.1" 200 894
52.56.149.171 - - [07/Jan/2024:13:47:36 -0500] "GET / HTTP/1.1" 200 319
201.245.192.253 - - [07/Jan/2024:13:48:28 -0500] "POST /kwsrmcab/Wsrmcab  HTTP/1.1" 200 36937
216.244.66.195 - - [07/Jan/2024:13:48:39 -0500] "GET /robots.txt HTTP/1.1" 404 1018
40.77.167.67 - - [07/Jan/2024:13:49:03 -0500] "GET /BLA/resoluciones/RESOLUCIONES%202013/2676.pdf HTTP/1.1" 200 835700
181.53.13.92 - - [07/Jan/2024:13:49:20 -0500] "GET /inicia-el-2024-conociendo-la-biodiversidad-de-bogoti.html?fbclid=IwAR3N8mYyP-GHyMfMWEpegMmo-7FfoK_5s8HODqdsu71te9g6ak5rq7pyUD4 HTTP/1.1" 200 894
186.155.100.181 - - [07/Jan/2024:13:49:23 -0500] "GET /BLA/resoluciones/ HTTP/1.1" 200 13696
186.155.100.181 - - [07/Jan/2024:13:49:23 -0500] "GET /BLA/resoluciones/dlf/folder.png HTTP/1.1" 200 410
186.155.100.181 - - [07/Jan/2024:13:49:35 -0500] "GET /BLA/resoluciones/index.php?dir=AUTOS+2023%2F HTTP/1.1" 200 481104
172.22.2.4 - - [07/Jan/2024:13:47:59 -0500] "HEAD /BLA/boletinlegal/ HTTP/1.1" 200 -
172.22.2.4 - - [07/Jan/2024:13:48:50 -0500] "GET /BLA/boletinlegal/ HTTP/1.1" 200 60502
186.31.153.97 - - [07/Jan/2024:13:50:32 -0500] "GET /inicia-el-2024-conociendo-la-biodiversidad-de-bogoti.html?fbclid=IwAR34lnAUUEgnyf_FWXFwhyrvUqesmDE9r-z2E9CZfeltpiiUIfeMc7s-nYI_aem_AW46-WX08LWI_UnL0vUOW9KlH_2rNvbn904FPCwbiGil-umKokOf2_kB-hAINSEs7_Y HTTP/1.1" 200 894
216.245.221.92 - - [07/Jan/2024:13:50:34 -0500] "HEAD / HTTP/1.1" 200 -
173.252.111.6 - - [07/Jan/2024:13:50:50 -0500] "GET /inicia-el-2024-conociendo-la-biodiversidad-de-bogoti.html HTTP/1.1" 200 894
40.77.167.67 - - [07/Jan/2024:13:51:33 -0500] "GET /BLA/resoluciones/RESOLUCIONES%202023/01578.pdf HTTP/1.1" 200 397313
201.245.192.253 - - [07/Jan/2024:13:53:27 -0500] "POST /kwsrmcab/Wsrmcab  HTTP/1.1" 200 36937
186.86.32.221 - - [07/Jan/2024:13:53:39 -0500] "GET /inicia-el-2024-conociendo-la-biodiversidad-de-bogoti.html?fbclid=IwAR0OuDKsvEDn3IbMWdqKGp905LuW95LR0RG8TddWr-Vr8zit4r7mVQxvvQc HTTP/1.1" 200 894
200.118.16.7 - - [07/Jan/2024:13:54:51 -0500] "GET /inicia-el-2024-conociendo-la-biodiversidad-de-bogoti.html?fbclid=IwAR1Qz6Au2KcXyfZcmxuMJg8Vf6X4U0RIOrfeKCC7jauBGTERsf57HgE95r8 HTTP/1.1" 200 894
172.22.2.4 - - [07/Jan/2024:13:53:49 -0500] "HEAD /BLA/boletinlegal/ HTTP/1.1" 200 -
216.245.221.92 - - [07/Jan/2024:13:55:34 -0500] "HEAD / HTTP/1.1" 200 -
172.22.2.4 - - [07/Jan/2024:13:54:46 -0500] "POST /BLA/boletinlegal/ HTTP/1.1" 200 32715
172.22.2.4 - - [07/Jan/2024:13:54:40 -0500] "GET /BLA/boletinlegal/ HTTP/1.1" 200 49733
201.245.192.253 - - [07/Jan/2024:13:58:26 -0500] "POST /kwsrmcab/Wsrmcab  HTTP/1.1" 200 36937
216.245.221.92 - - [07/Jan/2024:14:00:34 -0500] "HEAD / HTTP/1.1" 200 -
172.22.2.4 - - [07/Jan/2024:13:59:39 -0500] "HEAD /BLA/boletinlegal/ HTTP/1.1" 200 -
40.77.167.3 - - [07/Jan/2024:14:01:35 -0500] "GET /BLA/resoluciones/AUTOS%202019/5498.pdf HTTP/1.1" 200 281334
172.22.2.4 - - [07/Jan/2024:14:00:30 -0500] "GET /BLA/boletinlegal/ HTTP/1.1" 200 58567
181.53.12.19 - - [07/Jan/2024:14:02:17 -0500] "GET /inicia-el-2024-conociendo-la-biodiversidad-de-bogoti.html?fbclid=IwAR0rzWyVCTXrKP3REwi573TbUm09kq3AY1VADjfLXoQc32l69c-352_oWbY HTTP/1.1" 200 894
201.245.192.253 - - [07/Jan/2024:14:03:25 -0500] "POST /kwsrmcab/Wsrmcab  HTTP/1.1" 200 36937
190.26.9.234 - - [07/Jan/2024:14:03:33 -0500] "GET /inicia-el-2024-conociendo-la-biodiversidad-de-bogoti.html?fbclid=IwAR3NagjPApjZ5RMxD8-5Udnq__gDg1rJLnz1IQgs7-oREBSVSq-5d2Omf4c_aem_AW5NiXpDyCkrueJZ5R3t9TzaEfOFGHjJqMhkefI26DojxFDHSm9KvyZhnC1uRTBFIcg HTTP/1.1" 200 894
31.13.127.11 - - [07/Jan/2024:14:03:43 -0500] "GET /inicia-el-2024-conociendo-la-biodiversidad-de-bogoti.html?fbclid=IwAR3HX4EAWtG9-8YSvr8hE95Iygnwg9IJxBQUdMyqdFGnH8uCk43qYr_DzmM HTTP/1.1" 200 894
47.128.47.165 - - [07/Jan/2024:14:04:46 -0500] "GET /BLA/resoluciones/dlf/pdf.gif HTTP/1.1" 200 272
47.128.47.165 - - [07/Jan/2024:14:04:46 -0500] "GET /BLA/resoluciones/dlf/dirup.png HTTP/1.1" 200 644
47.128.47.165 - - [07/Jan/2024:14:04:47 -0500] "GET /BLA/resoluciones/dlf/archive.png HTTP/1.1" 200 632
47.128.47.165 - - [07/Jan/2024:14:04:45 -0500] "GET /BLA/resoluciones/index.php?dir=AUTOS%202019%2F&order=desc&sort=date HTTP/1.1" 200 270283
216.245.221.92 - - [07/Jan/2024:14:05:34 -0500] "HEAD / HTTP/1.1" 200 -
172.22.2.4 - - [07/Jan/2024:14:05:29 -0500] "HEAD /BLA/boletinlegal/ HTTP/1.1" 200 -
199.16.157.182 - - [07/Jan/2024:14:07:59 -0500] "GET /images/presentaci%C3%B3n%20convenci%C3%B3n.jpg HTTP/1.1" 404 1034
172.22.2.4 - - [07/Jan/2024:14:06:19 -0500] "GET /BLA/boletinlegal/ HTTP/1.1" 200 60910
47.128.16.133 - - [07/Jan/2024:14:08:03 -0500] "GET /BLA/resoluciones/index.php?dir=RESOLUCIONES%202005%2FANEXO%20RES%202643-2005%2F&order=desc&sort=size HTTP/1.1" 200 2445
47.128.16.133 - - [07/Jan/2024:14:08:03 -0500] "GET /BLA/resoluciones/dlf/dirup.png HTTP/1.1" 200 644
47.128.16.133 - - [07/Jan/2024:14:08:04 -0500] "GET /BLA/resoluciones/dlf/unknown.png HTTP/1.1" 200 266
201.245.192.253 - - [07/Jan/2024:14:08:24 -0500] "POST /kwsrmcab/Wsrmcab  HTTP/1.1" 200 36937
157.90.254.89 - - [07/Jan/2024:14:09:27 -0500] "GET / HTTP/1.1" 200 4720
157.90.254.89 - - [07/Jan/2024:14:09:31 -0500] "GET / HTTP/1.1" 200 319
216.245.221.92 - - [07/Jan/2024:14:10:34 -0500] "HEAD / HTTP/1.1" 200 -
181.59.148.114 - - [07/Jan/2024:14:11:13 -0500] "GET /inicia-el-2024-conociendo-la-biodiversidad-de-bogoti.html?fbclid=IwAR0Dazs3sfHj_8dEKeIJIPQvhGSyhAIoxebKBmGHsbShSxrV1Imy-12Osck HTTP/1.1" 200 894
191.156.150.0 - - [07/Jan/2024:14:12:43 -0500] "GET /inicia-el-2024-conociendo-la-biodiversidad-de-bogoti.html?fbclid=IwAR1zNnLyQO-3jqQFkgpFdNdARpwcPYSwPFcIlFOxlTUlwB8bwcP4rWm6wS0 HTTP/1.1" 200 894
172.22.2.4 - - [07/Jan/2024:14:11:19 -0500] "HEAD /BLA/boletinlegal/ HTTP/1.1" 200 -
173.252.79.5 - - [07/Jan/2024:14:13:07 -0500] "GET /images/negocios-verdes-mayo-2022.jpg HTTP/1.1" 200 48000
34.141.228.201 - - [07/Jan/2024:14:13:13 -0500] "GET /distrito-exalto-a-246-empresas-de-bogota-por-su-alto-desempeno-y-responsabilidad-ambiental-durante-2023.html HTTP/1.1" 200 1039
201.245.192.253 - - [07/Jan/2024:14:13:22 -0500] "POST /kwsrmcab/Wsrmcab  HTTP/1.1" 200 36937
172.22.2.4 - - [07/Jan/2024:14:12:10 -0500] "GET /BLA/boletinlegal/ HTTP/1.1" 200 58172
201.245.192.253 - - [07/Jan/2024:14:15:08 -0500] "POST /kwsrmcab/Wsrmcab HTTP/1.1" 200 37067
201.245.192.253 - - [07/Jan/2024:14:15:11 -0500] "POST /kwsrmcab/Wsrmcab HTTP/1.1" 200 37064
216.245.221.92 - - [07/Jan/2024:14:15:34 -0500] "HEAD / HTTP/1.1" 200 -
179.33.112.152 - - [07/Jan/2024:14:15:36 -0500] "GET /inicia-el-2024-conociendo-la-biodiversidad-de-bogoti.html?fbclid=IwAR2i02FoSTW81wJGNr1wad63FRmsBvtIKFWHtivrAa3dCrtn6ReRDps7PxM_aem_AW7hHx4ppcSsTdRkBBElUEuoEDWlff6NGza2NGrqF4YBpc63ocSE4BoPN9S_ivU97Xk HTTP/1.1" 200 894
162.55.175.158 - - [07/Jan/2024:14:15:51 -0500] "GET / HTTP/1.1" 200 319
162.55.175.158 - - [07/Jan/2024:14:15:51 -0500] "GET / HTTP/1.1" 200 4720
172.22.2.4 - - [07/Jan/2024:14:16:00 -0500] "GET /BLA/boletinlegal/ HTTP/1.1" 200 24523
181.53.13.114 - - [07/Jan/2024:14:16:43 -0500] "GET /inicia-el-2024-conociendo-la-biodiversidad-de-bogoti.html?fbclid=IwAR2QLUHLLcbURlC6e9DaO2XO8SaF2rLtv2AKuOmcqUbKYOdWQwK8TuvVLOk HTTP/1.1" 200 894
201.245.192.253 - - [07/Jan/2024:14:18:21 -0500] "POST /kwsrmcab/Wsrmcab  HTTP/1.1" 200 36937
172.22.2.4 - - [07/Jan/2024:14:17:09 -0500] "HEAD /BLA/boletinlegal/ HTTP/1.1" 200 -
201.245.192.253 - - [07/Jan/2024:14:19:21 -0500] "POST /kwsrmcab/Wsrmcab HTTP/1.1" 200 37067
