47.128.48.15 - - [07/Jan/2024:18:40:04 -0500] "GET /BLA/resoluciones/dlf/dirup.png HTTP/1.1" 200 644
47.128.48.15 - - [07/Jan/2024:18:40:04 -0500] "GET /BLA/resoluciones/dlf/pdf.gif HTTP/1.1" 200 272
181.59.148.59 - - [07/Jan/2024:18:40:10 -0500] "GET /inicia-el-2024-conociendo-la-biodiversidad-de-bogoti.html?fbclid=IwAR11GUPWFrnataSutnuICIm5EbL-zwdDuXQ7rHYcbe3A18XX8tyBFUro9Hk HTTP/1.1" 200 894
216.244.66.195 - - [07/Jan/2024:18:40:23 -0500] "GET /BLA/resoluciones/AUTOS%202022/4056.pdf HTTP/1.1" 200 549807
47.128.48.15 - - [07/Jan/2024:18:40:25 -0500] "GET /BLA/resoluciones/dlf/archive.png HTTP/1.1" 200 632
216.245.221.92 - - [07/Jan/2024:18:40:33 -0500] "HEAD / HTTP/1.1" 200 -
47.128.48.15 - - [07/Jan/2024:18:40:03 -0500] "GET /BLA/resoluciones/index.php?dir=RESOLUCIONES%202021%2F&order=asc&sort=size HTTP/1.1" 200 303051
216.244.66.195 - - [07/Jan/2024:18:40:55 -0500] "GET /BLA/resoluciones/AUTOS%202022/4921.pdf HTTP/1.1" 200 498811
173.252.83.118 - - [07/Jan/2024:18:41:05 -0500] "GET /images/Acuerdos%2001%20(1)%20(1).jpeg HTTP/1.1" 200 32884
172.22.2.4 - - [07/Jan/2024:18:39:38 -0500] "HEAD /BLA/boletinlegal/ HTTP/1.1" 200 -
216.244.66.195 - - [07/Jan/2024:18:41:23 -0500] "GET /BLA/resoluciones/AUTOS%202022/4944.pdf HTTP/1.1" 200 497586
216.244.66.195 - - [07/Jan/2024:18:41:50 -0500] "GET /BLA/resoluciones/AUTOS%202022/5093.pdf HTTP/1.1" 200 428216
201.245.192.253 - - [07/Jan/2024:18:42:06 -0500] "POST /kwsrmcab/Wsrmcab  HTTP/1.1" 200 36937
172.22.2.4 - - [07/Jan/2024:18:40:29 -0500] "GET /BLA/boletinlegal/ HTTP/1.1" 200 58567
216.244.66.195 - - [07/Jan/2024:18:42:23 -0500] "GET /BLA/resoluciones/RESOLUCIONES%202018/2181.pdf HTTP/1.1" 200 362712
52.167.144.182 - - [07/Jan/2024:18:42:40 -0500] "GET /images/Claudia%20L%C3%B3pez%20con%20integrantes%20de%20C40.jpg HTTP/1.1" 404 1034
216.244.66.195 - - [07/Jan/2024:18:42:52 -0500] "GET /BLA/resoluciones/RESOLUCIONES%202018/2818.pdf HTTP/1.1" 200 279713
216.244.66.195 - - [07/Jan/2024:18:43:21 -0500] "GET /BLA/resoluciones/RESOLUCIONES%202018/3965.pdf HTTP/1.1" 200 313588
216.244.66.195 - - [07/Jan/2024:18:43:46 -0500] "GET /BLA/resoluciones/RESOLUCIONES%202018/4034.pdf HTTP/1.1" 200 274304
216.245.221.92 - - [07/Jan/2024:18:45:33 -0500] "HEAD / HTTP/1.1" 200 -
173.252.127.22 - - [07/Jan/2024:18:46:41 -0500] "GET /inicia-el-2024-conociendo-la-biodiversidad-de-bogoti.html?fbclid=IwAR2KtOq7TSL_a90Yb7OM22LUPcAvyOt3xcTGSwYCSJ6Rm9f47vRd0uGVMMw HTTP/1.1" 200 894
40.77.167.60 - - [07/Jan/2024:18:46:55 -0500] "GET /BLA/resoluciones/RESOLUCIONES%202013/0870.pdf HTTP/1.1" 200 1005792
66.249.66.21 - - [07/Jan/2024:18:47:00 -0500] "GET /BLA/resoluciones/RESOLUCIONES%202010/0665.pdf HTTP/1.1" 200 525271
66.249.66.21 - - [07/Jan/2024:18:47:01 -0500] "GET /BLA/resoluciones/AUTOS%202015/1428.pdf HTTP/1.1" 200 545659
66.249.66.19 - - [07/Jan/2024:18:47:02 -0500] "GET /BLA/resoluciones/RESOLUCIONES%202017/2116.pdf HTTP/1.1" 200 401032
66.249.66.21 - - [07/Jan/2024:18:47:02 -0500] "GET /BLA/resoluciones/AUTOS%202011/5718.pdf HTTP/1.1" 200 137694
66.249.66.20 - - [07/Jan/2024:18:47:03 -0500] "GET /BLA/resoluciones/AUTOS%202018/1810.pdf HTTP/1.1" 200 282924
66.249.66.19 - - [07/Jan/2024:18:47:03 -0500] "GET /BLA/resoluciones/AUTOS%202014/2167.pdf HTTP/1.1" 200 654714
201.245.192.253 - - [07/Jan/2024:18:47:05 -0500] "POST /kwsrmcab/Wsrmcab  HTTP/1.1" 200 36937
172.22.2.4 - - [07/Jan/2024:18:45:28 -0500] "HEAD /BLA/boletinlegal/ HTTP/1.1" 200 -
172.22.2.4 - - [07/Jan/2024:18:46:19 -0500] "GET /BLA/boletinlegal/ HTTP/1.1" 200 60502
69.63.184.8 - - [07/Jan/2024:18:48:40 -0500] "GET /distrito-invita-a-vivir-el-puente-de-reyes-de-manera-consciente-y-responsable-con-los-animales.html HTTP/1.1" 200 1083
69.63.184.1 - - [07/Jan/2024:18:48:40 -0500] "GET /distrito-invita-a-vivir-el-puente-de-reyes-de-manera-consciente-y-responsable-con-los-animales.html HTTP/1.1" 200 1083
66.220.149.118 - - [07/Jan/2024:18:48:40 -0500] "GET /images/jornadaidpyba.jpg HTTP/1.1" 200 37532
66.249.66.21 - - [07/Jan/2024:18:49:10 -0500] "GET /BLA/boletinlegal/Circulares/2019/Circular%20No.%200003%20del%2031%20de%20Enero%20de%202019.pdf HTTP/1.1" 304 -
216.245.221.92 - - [07/Jan/2024:18:50:33 -0500] "HEAD / HTTP/1.1" 200 -
181.237.177.206 - - [07/Jan/2024:18:51:00 -0500] "GET /inicia-el-2024-conociendo-la-biodiversidad-de-bogoti.html?fbclid=IwAR2kpfvYkG86b1kQdX3p5MWgvaksBge-kyGFGH2uPqAwRnfm_yLX9d0uYlw HTTP/1.1" 200 894
66.249.66.21 - - [07/Jan/2024:18:51:43 -0500] "GET /Publicaciones/2023EE204828.pdf HTTP/1.1" 404 228
40.77.167.52 - - [07/Jan/2024:18:51:46 -0500] "GET /BLA/resoluciones/AUTOS%202020/4536.pdf HTTP/1.1" 200 367867
201.245.192.253 - - [07/Jan/2024:18:52:05 -0500] "POST /kwsrmcab/Wsrmcab  HTTP/1.1" 200 36937
172.22.2.4 - - [07/Jan/2024:18:51:18 -0500] "HEAD /BLA/boletinlegal/ HTTP/1.1" 200 -
34.141.193.146 - - [07/Jan/2024:18:52:59 -0500] "GET /distrito-exalto-a-246-empresas-de-bogota-por-su-alto-desempeno-y-responsabilidad-ambiental-durante-2023.html HTTP/1.1" 200 1039
186.102.71.159 - - [07/Jan/2024:18:53:41 -0500] "GET /inicia-el-2024-conociendo-la-biodiversidad-de-bogoti.html?fbclid=IwAR2byejcHizehFEy32lK1Zq8CAtxr2PNkJ9pmqIGeLt77fFNxvsDidypNh4 HTTP/1.1" 200 894
172.22.2.4 - - [07/Jan/2024:18:52:09 -0500] "GET /BLA/boletinlegal/ HTTP/1.1" 200 50150
216.245.221.92 - - [07/Jan/2024:18:55:33 -0500] "HEAD / HTTP/1.1" 200 -
172.22.2.4 - - [07/Jan/2024:18:56:14 -0500] "GET /BLA/boletinlegal/lib/.git/config HTTP/1.1" 404 1018
173.252.87.118 - - [07/Jan/2024:18:56:29 -0500] "GET /images/jardines-verticales-4-marzo.jpg HTTP/1.1" 200 54804
201.245.192.253 - - [07/Jan/2024:18:57:04 -0500] "POST /kwsrmcab/Wsrmcab  HTTP/1.1" 200 36937
172.22.2.4 - - [07/Jan/2024:18:57:30 -0500] "GET /BLA/boletinlegal/qevents.js HTTP/1.1" 404 1015
172.22.2.4 - - [07/Jan/2024:18:57:08 -0500] "HEAD /BLA/boletinlegal/ HTTP/1.1" 200 -
172.22.2.4 - - [07/Jan/2024:18:57:59 -0500] "GET /BLA/boletinlegal/ HTTP/1.1" 200 58567
45.238.183.36 - - [07/Jan/2024:18:59:51 -0500] "GET /inicia-el-2024-conociendo-la-biodiversidad-de-bogoti.html?fbclid=IwAR1PX24MlPM0964LIbgrGE7DWDFgCQutzSSajQrdMMlzZXlT2fp65ptDpXY HTTP/1.1" 200 894
216.245.221.92 - - [07/Jan/2024:19:00:33 -0500] "HEAD / HTTP/1.1" 200 -
199.16.157.180 - - [07/Jan/2024:19:01:46 -0500] "GET /images/Aves%20SDA.jpeg HTTP/1.1" 200 75104
199.16.157.182 - - [07/Jan/2024:19:01:46 -0500] "GET /mis-de-50-aves-silvestres-fueron-recuperadas-en-la-localidad-de-tunjuelito.html HTTP/1.1" 200 806
201.245.192.253 - - [07/Jan/2024:19:02:01 -0500] "POST /kwsrmcab/Wsrmcab  HTTP/1.1" 200 36937
52.167.144.235 - - [07/Jan/2024:19:02:34 -0500] "GET /galeria/galeria/jquery.fancybox.js?v=2.1.5 HTTP/1.1" 200 48706
40.77.167.25 - - [07/Jan/2024:19:02:38 -0500] "GET /galeria/galeria/jquery.fancybox.css?v=2.1.5 HTTP/1.1" 200 4895
172.22.2.4 - - [07/Jan/2024:19:02:58 -0500] "HEAD /BLA/boletinlegal/ HTTP/1.1" 200 -
172.22.2.4 - - [07/Jan/2024:19:03:49 -0500] "GET /BLA/boletinlegal/ HTTP/1.1" 200 58567
216.245.221.92 - - [07/Jan/2024:19:05:33 -0500] "HEAD / HTTP/1.1" 200 -
201.245.192.253 - - [07/Jan/2024:19:07:00 -0500] "POST /kwsrmcab/Wsrmcab  HTTP/1.1" 200 36937
172.22.2.4 - - [07/Jan/2024:19:08:48 -0500] "HEAD /BLA/boletinlegal/ HTTP/1.1" 200 -
216.245.221.92 - - [07/Jan/2024:19:10:33 -0500] "HEAD / HTTP/1.1" 200 -
172.22.2.4 - - [07/Jan/2024:19:09:39 -0500] "GET /BLA/boletinlegal/ HTTP/1.1" 200 58172
201.245.192.253 - - [07/Jan/2024:19:11:58 -0500] "POST /kwsrmcab/Wsrmcab  HTTP/1.1" 200 36937
216.244.66.195 - - [07/Jan/2024:19:13:00 -0500] "GET /robots.txt HTTP/1.1" 404 1018
191.88.161.21 - - [07/Jan/2024:19:14:22 -0500] "GET /portaldeninos/parque-mirador-de-los-nevados/ HTTP/1.1" 200 89855
191.88.161.21 - - [07/Jan/2024:19:14:23 -0500] "GET /portaldeninos/wp-content/plugins/gallery-videos/CSS/Total-Soft-Gallery-Video-Widget.css?ver=4.9.8 HTTP/1.1" 200 51554
191.88.161.21 - - [07/Jan/2024:19:14:23 -0500] "GET /portaldeninos/wp-includes/js/wp-emoji-release.min.js?ver=4.9.8 HTTP/1.1" 200 12026
191.88.161.21 - - [07/Jan/2024:19:14:23 -0500] "GET /portaldeninos/wp-content/plugins/gallery-videos/CSS/totalsoft.css?ver=4.9.8 HTTP/1.1" 200 40622
191.88.161.21 - - [07/Jan/2024:19:14:23 -0500] "GET /portaldeninos/wp-content/themes/betheme/style.css?ver=20.9.6 HTTP/1.1" 200 287
191.88.161.21 - - [07/Jan/2024:19:14:23 -0500] "GET /portaldeninos/wp-content/uploads/useanyfont/uaf.css?ver=1589905315 HTTP/1.1" 200 408
191.88.161.21 - - [07/Jan/2024:19:14:23 -0500] "GET /portaldeninos/wp-content/themes/betheme/assets/jplayer/css/jplayer.blue.monday.css?ver=20.9.6 HTTP/1.1" 200 9834
191.88.161.21 - - [07/Jan/2024:19:14:23 -0500] "GET /portaldeninos/wp-content/themes/betheme/assets/ui/jquery.ui.all.css?ver=20.9.6 HTTP/1.1" 200 18765
191.88.161.21 - - [07/Jan/2024:19:14:23 -0500] "GET /portaldeninos/wp-content/themes/betheme/css/base.css?ver=20.9.6 HTTP/1.1" 200 57283
191.88.161.21 - - [07/Jan/2024:19:14:23 -0500] "GET /portaldeninos/wp-content/plugins/google-analytics-for-wordpress/assets/js/frontend-gtag.min.js?ver=8.5.0 HTTP/1.1" 200 11801
191.88.161.21 - - [07/Jan/2024:19:14:23 -0500] "GET /portaldeninos/wp-content/themes/betheme/css/shortcodes.css?ver=20.9.6 HTTP/1.1" 200 138889
191.88.161.21 - - [07/Jan/2024:19:14:23 -0500] "GET /portaldeninos/wp-content/themes/betheme/assets/animations/animations.min.css?ver=20.9.6 HTTP/1.1" 200 58508
191.88.161.21 - - [07/Jan/2024:19:14:23 -0500] "GET /portaldeninos/wp-includes/js/jquery/jquery-migrate.min.js?ver=1.4.1 HTTP/1.1" 200 10056
191.88.161.21 - - [07/Jan/2024:19:14:23 -0500] "GET /portaldeninos/wp-content/themes/betheme/css/responsive.css?ver=20.9.6 HTTP/1.1" 200 55740
191.88.161.21 - - [07/Jan/2024:19:14:23 -0500] "GET /portaldeninos/wp-content/themes/betheme/css/layout.css?ver=20.9.6 HTTP/1.1" 200 116639
191.88.161.21 - - [07/Jan/2024:19:14:23 -0500] "GET /portaldeninos/wp-includes/js/jquery/ui/core.min.js?ver=1.11.4 HTTP/1.1" 200 4000
191.88.161.21 - - [07/Jan/2024:19:14:23 -0500] "GET /portaldeninos/wp-content/plugins/gallery-videos/JS/modernizr.custom.js?ver=4.9.8 HTTP/1.1" 200 9019
191.88.161.21 - - [07/Jan/2024:19:14:23 -0500] "GET /portaldeninos/wp-includes/js/jquery/jquery.js?ver=1.12.4 HTTP/1.1" 200 97184
191.88.161.21 - - [07/Jan/2024:19:14:23 -0500] "GET /portaldeninos/wp-content/plugins/gallery-videos/JS/Total-Soft-Gallery-Video-Widget.js?ver=4.9.8 HTTP/1.1" 200 80264
191.88.161.21 - - [07/Jan/2024:19:14:23 -0500] "GET /portaldeninos/wp-content/uploads/2019/08/Logo-Ambientic.png HTTP/1.1" 200 22941
191.88.161.21 - - [07/Jan/2024:19:14:23 -0500] "GET /portaldeninos/wp-content/uploads/2021/07/Banners-pa%CC%81gina-de-nin%CC%83os5.jpg HTTP/1.1" 200 33413
191.88.161.21 - - [07/Jan/2024:19:14:24 -0500] "GET /portaldeninos/wp-includes/js/jquery/ui/widget.min.js?ver=1.11.4 HTTP/1.1" 200 6908
191.88.161.21 - - [07/Jan/2024:19:14:24 -0500] "GET /portaldeninos/wp-includes/js/jquery/ui/mouse.min.js?ver=1.11.4 HTTP/1.1" 200 3148
191.88.161.21 - - [07/Jan/2024:19:14:24 -0500] "GET /portaldeninos/wp-includes/js/jquery/ui/tabs.min.js?ver=1.11.4 HTTP/1.1" 200 12110
191.88.161.21 - - [07/Jan/2024:19:14:24 -0500] "GET /portaldeninos/wp-includes/js/jquery/ui/accordion.min.js?ver=1.11.4 HTTP/1.1" 200 8584
191.88.161.21 - - [07/Jan/2024:19:14:24 -0500] "GET /portaldeninos/wp-content/themes/betheme/assets/animations/animations.min.js?ver=20.9.6 HTTP/1.1" 200 1896
191.88.161.21 - - [07/Jan/2024:19:14:24 -0500] "GET /portaldeninos/wp-content/themes/betheme/js/menu.js?ver=20.9.6 HTTP/1.1" 200 2449
191.88.161.21 - - [07/Jan/2024:19:14:24 -0500] "GET /portaldeninos/wp-includes/js/jquery/ui/sortable.min.js?ver=1.11.4 HTTP/1.1" 200 24899
191.88.161.21 - - [07/Jan/2024:19:14:24 -0500] "GET /portaldeninos/wp-includes/js/wp-embed.min.js?ver=4.9.8 HTTP/1.1" 200 1398
191.88.161.21 - - [07/Jan/2024:19:14:24 -0500] "GET /portaldeninos/wp-content/themes/betheme/images/box_shadow.png HTTP/1.1" 200 108
191.88.161.21 - - [07/Jan/2024:19:14:24 -0500] "GET /portaldeninos/wp-content/uploads/2021/07/imagenes-con-marcos-pa%CC%81gina-de-nin%CC%83os-parque-los-nevados.jpg HTTP/1.1" 200 48675
191.88.161.21 - - [07/Jan/2024:19:14:24 -0500] "GET /portaldeninos/wp-content/themes/betheme/js/plugins.js?ver=20.9.6 HTTP/1.1" 200 197151
191.88.161.21 - - [07/Jan/2024:19:14:24 -0500] "GET /portaldeninos/wp-content/themes/betheme/assets/jplayer/jplayer.min.js?ver=20.9.6 HTTP/1.1" 200 52702
191.88.161.21 - - [07/Jan/2024:19:14:24 -0500] "GET /portaldeninos/wp-content/themes/betheme/js/scripts.js?ver=20.9.6 HTTP/1.1" 200 77162
191.88.161.21 - - [07/Jan/2024:19:14:24 -0500] "GET /portaldeninos/wp-content/themes/betheme/fonts/mfn-icons.woff?93978679 HTTP/1.1" 200 80932
191.88.161.21 - - [07/Jan/2024:19:14:24 -0500] "GET /portaldeninos/wp-content/uploads/2021/07/Recorrido-Aula-Mirador-de-los-Nevados.mp4 HTTP/1.1" 206 7515943
201.245.192.253 - - [07/Jan/2024:19:15:07 -0500] "POST /kwsrmcab/Wsrmcab HTTP/1.1" 200 37033
201.245.192.253 - - [07/Jan/2024:19:15:10 -0500] "POST /kwsrmcab/Wsrmcab HTTP/1.1" 200 37043
216.245.221.92 - - [07/Jan/2024:19:15:33 -0500] "HEAD / HTTP/1.1" 200 -
190.24.57.148 - - [07/Jan/2024:19:15:34 -0500] "GET /inicia-el-2024-conociendo-la-biodiversidad-de-bogoti.html?fbclid=IwAR0u6WL-YTrpXRJ2TIrcSAU8tRF8UJaHgyPBNOJt46F1VPnp83p1X_03fu8 HTTP/1.1" 200 894
172.22.2.4 - - [07/Jan/2024:19:14:38 -0500] "HEAD /BLA/boletinlegal/ HTTP/1.1" 200 -
172.22.2.4 - - [07/Jan/2024:19:15:24 -0500] "GET /BLA/boletinlegal/ HTTP/1.1" 200 40907
201.245.192.253 - - [07/Jan/2024:19:16:56 -0500] "POST /kwsrmcab/Wsrmcab  HTTP/1.1" 200 36937
66.249.66.19 - - [07/Jan/2024:19:17:02 -0500] "GET /silvicultura/1.pdf HTTP/1.1" 200 334952
172.22.2.4 - - [07/Jan/2024:19:15:29 -0500] "GET /BLA/boletinlegal/ HTTP/1.1" 200 49733
201.245.192.253 - - [07/Jan/2024:19:19:19 -0500] "POST /kwsrmcab/Wsrmcab HTTP/1.1" 200 37033
201.245.192.253 - - [07/Jan/2024:19:19:52 -0500] "POST /kwsrmcab/Wsrmcab HTTP/1.1" 200 37043
69.171.251.6 - - [07/Jan/2024:19:20:24 -0500] "GET /inicia-el-2024-conociendo-la-biodiversidad-de-bogoti.html HTTP/1.1" 200 894
216.245.221.92 - - [07/Jan/2024:19:20:33 -0500] "HEAD / HTTP/1.1" 200 -
181.54.55.86 - - [07/Jan/2024:19:20:48 -0500] "GET /appsia/controlador HTTP/1.1" 200 4799
181.54.55.86 - - [07/Jan/2024:19:20:48 -0500] "GET /appsia/css/estilos.css HTTP/1.1" 200 4804
181.54.55.86 - - [07/Jan/2024:19:20:48 -0500] "GET /appsia/scripts/validarIngreso.js HTTP/1.1" 200 851
181.54.55.86 - - [07/Jan/2024:19:20:48 -0500] "GET /appsia/images/cabezoteHojaVida.png HTTP/1.1" 200 32493
181.54.55.86 - - [07/Jan/2024:19:20:48 -0500] "GET /appsia/images/logo_bogota_p.png HTTP/1.1" 200 14951
181.54.55.86 - - [07/Jan/2024:19:20:48 -0500] "GET /favicon.ico HTTP/1.1" 200 7782
181.54.55.86 - - [07/Jan/2024:19:20:59 -0500] "POST /appsia/controlador HTTP/1.1" 200 5437
181.54.55.86 - - [07/Jan/2024:19:21:03 -0500] "POST /appsia/controlador HTTP/1.1" 200 7787
181.54.55.86 - - [07/Jan/2024:19:21:05 -0500] "POST /appsia/controlador HTTP/1.1" 200 5246
181.54.55.86 - - [07/Jan/2024:19:21:09 -0500] "GET /appsia/controlador?comando=regresar&id=79303237&funcionario=NORBERTO+LEGUIZAMON+HERNANDEZ&desde=79303237&hasta=79303237&version=79303237 HTTP/1.1" 200 7787
181.54.55.86 - - [07/Jan/2024:19:21:14 -0500] "POST /appsia/controlador HTTP/1.1" 200 6652
181.54.55.86 - - [07/Jan/2024:19:21:16 -0500] "POST /appsia/controlador HTTP/1.1" 200 11332
168.119.253.48 - - [07/Jan/2024:19:21:17 -0500] "GET / HTTP/1.1" 200 4720
168.119.253.48 - - [07/Jan/2024:19:21:18 -0500] "GET / HTTP/1.1" 200 319
181.54.55.86 - - [07/Jan/2024:19:21:32 -0500] "POST /appsia/controlador HTTP/1.1" 200 7787
181.54.55.86 - - [07/Jan/2024:19:21:34 -0500] "POST /appsia/controlador HTTP/1.1" 200 5437
181.54.55.86 - - [07/Jan/2024:19:21:35 -0500] "POST /appsia/controlador HTTP/1.1" 200 4799
201.245.192.253 - - [07/Jan/2024:19:21:55 -0500] "POST /kwsrmcab/Wsrmcab  HTTP/1.1" 200 36937
191.156.191.43 - - [07/Jan/2024:19:22:08 -0500] "GET /inicia-el-2024-conociendo-la-biodiversidad-de-bogoti.html?fbclid=IwAR2TZmsTP7jZ0NFun53n2CqMec3l86_y-d3p8A9KIE2DibkjgUQekUt_Q1M HTTP/1.1" 200 894
172.22.2.4 - - [07/Jan/2024:19:20:28 -0500] "HEAD /BLA/boletinlegal/ HTTP/1.1" 200 -
186.29.9.135 - - [07/Jan/2024:19:22:31 -0500] "GET /inicia-el-2024-conociendo-la-biodiversidad-de-bogoti.html?fbclid=IwAR127GFTZgbcOog-hKOz7XLoxW9LTCbHtFASdL_4kpCvqPNJZPJR1Qay-cs HTTP/1.1" 200 894
201.185.155.38 - - [07/Jan/2024:19:22:53 -0500] "GET /inicia-el-2024-conociendo-la-biodiversidad-de-bogoti.html?fbclid=IwAR1WYskcFCPd3o9L5lMMLp7WfeWnr08oNzFgy8m-OW9iJjdSMLVaB3_-AOU HTTP/1.1" 200 894
172.22.2.4 - - [07/Jan/2024:19:21:19 -0500] "GET /BLA/boletinlegal/ HTTP/1.1" 200 58172
191.156.177.103 - - [07/Jan/2024:19:23:27 -0500] "GET /inicia-el-2024-conociendo-la-biodiversidad-de-bogoti.html?fbclid=IwAR18HP_jIJej6O_0rr_7BgDvQEUOA6AMv5UnkKQGzYeejTUEwOyRnkd-wfw HTTP/1.1" 200 894
52.167.144.187 - - [07/Jan/2024:19:24:09 -0500] "GET /forest/ HTTP/1.1" 200 12041
201.245.192.253 - - [07/Jan/2024:19:25:07 -0500] "POST /kwsrmcab/Wsrmcab HTTP/1.1" 200 37033
201.245.192.253 - - [07/Jan/2024:19:25:10 -0500] "POST /kwsrmcab/Wsrmcab HTTP/1.1" 200 37043
181.61.204.36 - - [07/Jan/2024:19:25:29 -0500] "GET /inicia-el-2024-conociendo-la-biodiversidad-de-bogoti.html HTTP/1.1" 200 894
216.245.221.92 - - [07/Jan/2024:19:25:33 -0500] "HEAD / HTTP/1.1" 200 -
201.245.192.253 - - [07/Jan/2024:19:26:54 -0500] "POST /kwsrmcab/Wsrmcab  HTTP/1.1" 200 36937
172.22.2.4 - - [07/Jan/2024:19:26:18 -0500] "HEAD /BLA/boletinlegal/ HTTP/1.1" 200 -
216.244.66.195 - - [07/Jan/2024:19:28:16 -0500] "GET /BLA/resoluciones/AUTOS%202017/4340.pdf HTTP/1.1" 200 283412
181.56.113.10 - - [07/Jan/2024:19:28:18 -0500] "GET /inicia-el-2024-conociendo-la-biodiversidad-de-bogoti.html?fbclid=IwAR2ZMY6PCc8xRDpoepA2W-p7v3Ts85gMpZl769AqiOJBgMUCR33is5mlZYc HTTP/1.1" 200 894
216.244.66.195 - - [07/Jan/2024:19:28:21 -0500] "GET /BLA/resoluciones/AUTOS%202019/3797.pdf HTTP/1.1" 200 250350
216.244.66.195 - - [07/Jan/2024:19:28:30 -0500] "GET /BLA/resoluciones/AUTOS%202019/3836.pdf HTTP/1.1" 200 277439
216.244.66.195 - - [07/Jan/2024:19:28:41 -0500] "GET /BLA/resoluciones/AUTOS%202022/3109.pdf HTTP/1.1" 200 365007
172.22.2.4 - - [07/Jan/2024:19:28:48 -0500] "GET /BLA/boletinlegal/discover/qi/polygon HTTP/1.1" 404 1017
172.22.2.4 - - [07/Jan/2024:19:27:09 -0500] "GET /BLA/boletinlegal/ HTTP/1.1" 200 60910
216.244.66.195 - - [07/Jan/2024:19:28:54 -0500] "GET /BLA/resoluciones/AUTOS%202022/3155.pdf HTTP/1.1" 200 604604
69.63.189.6 - - [07/Jan/2024:19:29:05 -0500] "GET /images/Acuerdos%2001%20(1)%20(1).jpeg HTTP/1.1" 200 32884
216.244.66.195 - - [07/Jan/2024:19:29:11 -0500] "GET /BLA/resoluciones/AUTOS%202022/3473.pdf HTTP/1.1" 200 1382657
201.245.192.253 - - [07/Jan/2024:19:29:19 -0500] "POST /kwsrmcab/Wsrmcab HTTP/1.1" 200 37033
201.245.192.253 - - [07/Jan/2024:19:29:52 -0500] "POST /kwsrmcab/Wsrmcab HTTP/1.1" 200 37043
186.102.4.241 - - [07/Jan/2024:19:30:04 -0500] "GET /inicia-el-2024-conociendo-la-biodiversidad-de-bogoti.html?fbclid=IwAR0bpzHLtxkwEodDRVYwWNh0TAYgAOdXlqMfGOzqX7lAqpbGSJrNZIzJlxg HTTP/1.1" 200 894
216.244.66.195 - - [07/Jan/2024:19:30:14 -0500] "GET /BLA/resoluciones/AUTOS%202022/3582.pdf HTTP/1.1" 200 665793
216.245.221.92 - - [07/Jan/2024:19:30:33 -0500] "HEAD / HTTP/1.1" 200 -
216.244.66.195 - - [07/Jan/2024:19:30:54 -0500] "GET /BLA/resoluciones/AUTOS%202022/3641.pdf HTTP/1.1" 200 967953
216.244.66.195 - - [07/Jan/2024:19:31:32 -0500] "GET /BLA/resoluciones/AUTOS%202022/3663.pdf HTTP/1.1" 200 520667
201.245.192.253 - - [07/Jan/2024:19:31:52 -0500] "POST /kwsrmcab/Wsrmcab  HTTP/1.1" 200 36937
216.244.66.195 - - [07/Jan/2024:19:32:06 -0500] "GET /BLA/resoluciones/AUTOS%202022/4060.pdf HTTP/1.1" 200 435901
216.244.66.195 - - [07/Jan/2024:19:32:48 -0500] "GET /BLA/resoluciones/AUTOS%202022/4475.pdf HTTP/1.1" 200 873997
40.77.167.8 - - [07/Jan/2024:19:32:59 -0500] "GET /BLA/resoluciones/RESOLUCIONES%202013/0199.pdf HTTP/1.1" 200 2137694
216.244.66.195 - - [07/Jan/2024:19:33:28 -0500] "GET /BLA/resoluciones/AUTOS%202022/4552.pdf HTTP/1.1" 200 339705
172.22.2.4 - - [07/Jan/2024:19:32:08 -0500] "HEAD /BLA/boletinlegal/ HTTP/1.1" 200 -
216.244.66.195 - - [07/Jan/2024:19:33:59 -0500] "GET /BLA/resoluciones/AUTOS%202022/4689.pdf HTTP/1.1" 200 742397
66.249.66.19 - - [07/Jan/2024:19:34:10 -0500] "GET /Residuos/textiles/files/guia_textiles.pdf HTTP/1.1" 200 12356716
216.244.66.195 - - [07/Jan/2024:19:34:34 -0500] "GET /BLA/resoluciones/AUTOS%202022/4873.pdf HTTP/1.1" 200 404626
172.22.2.4 - - [07/Jan/2024:19:32:59 -0500] "GET /BLA/boletinlegal/ HTTP/1.1" 200 45233
172.22.2.4 - - [07/Jan/2024:19:33:22 -0500] "GET /BLA/boletinlegal/ HTTP/1.1" 200 45856
216.244.66.195 - - [07/Jan/2024:19:35:02 -0500] "GET /BLA/resoluciones/RESOLUCIONES%202018/3002.pdf HTTP/1.1" 200 513256
201.245.192.253 - - [07/Jan/2024:19:35:07 -0500] "POST /kwsrmcab/Wsrmcab HTTP/1.1" 200 37033
201.245.192.253 - - [07/Jan/2024:19:35:10 -0500] "POST /kwsrmcab/Wsrmcab HTTP/1.1" 200 37043
216.244.66.195 - - [07/Jan/2024:19:35:31 -0500] "GET /BLA/resoluciones/RESOLUCIONES%202018/4104.pdf HTTP/1.1" 200 341889
216.245.221.92 - - [07/Jan/2024:19:35:33 -0500] "HEAD / HTTP/1.1" 200 -
201.245.192.253 - - [07/Jan/2024:19:36:52 -0500] "POST /kwsrmcab/Wsrmcab  HTTP/1.1" 200 36937
172.22.2.4 - - [07/Jan/2024:19:37:23 -0500] "GET /BLA/boletinlegal/Circulares/2019/.pdf HTTP/1.1" 404 1218
69.171.231.5 - - [07/Jan/2024:19:38:37 -0500] "GET /inicia-el-2024-conociendo-la-biodiversidad-de-bogoti.html HTTP/1.1" 200 894
181.189.24.168 - - [07/Jan/2024:19:38:46 -0500] "GET /inicia-el-2024-conociendo-la-biodiversidad-de-bogoti.html?fbclid=IwAR3odsXgLYNOjppfEHkKCf_SIFeybd3pmyqe3USEcl0BLMjPqBkP7oMpLNI_aem_AeZKGOydZ6R4Xh00c5gYjb6S2y4k94SXTEYjzyvO4quXp838UjZYSrW65EJ4D9vbTLI HTTP/1.1" 200 894
201.245.192.253 - - [07/Jan/2024:19:39:19 -0500] "POST /kwsrmcab/Wsrmcab HTTP/1.1" 200 37033
186.84.20.209 - - [07/Jan/2024:19:39:37 -0500] "GET /BLA/resoluciones/index.php?dir=AUTOS+2012%2F HTTP/1.1" 200 277133
172.22.2.4 - - [07/Jan/2024:19:37:58 -0500] "HEAD /BLA/boletinlegal/ HTTP/1.1" 200 -
186.28.139.14 - - [07/Jan/2024:19:39:40 -0500] "GET /inicia-el-2024-conociendo-la-biodiversidad-de-bogoti.html?fbclid=IwAR1UzBb_cbnIPXX_a6iy_fub2CVQouxp8JTfSDe-S8IL2Fpfknc3UM41-5w HTTP/1.1" 200 894
186.84.20.209 - - [07/Jan/2024:19:39:43 -0500] "GET /BLA/resoluciones/AUTOS%202012/0397.pdf HTTP/1.1" 200 180130
201.245.192.253 - - [07/Jan/2024:19:39:56 -0500] "POST /kwsrmcab/Wsrmcab HTTP/1.1" 200 37043
172.22.2.4 - - [07/Jan/2024:19:40:20 -0500] "GET /BLA/boletinlegal/js/jquery.scrollTo-min.js HTTP/1.1" 200 1150
172.22.2.4 - - [07/Jan/2024:19:38:49 -0500] "GET /BLA/boletinlegal/ HTTP/1.1" 200 58567
52.167.144.226 - - [07/Jan/2024:19:40:30 -0500] "GET /BLA/resoluciones/RESOLUCIONES%202023/02645.pdf HTTP/1.1" 200 599030
216.245.221.92 - - [07/Jan/2024:19:40:33 -0500] "HEAD / HTTP/1.1" 200 -
201.245.192.253 - - [07/Jan/2024:19:41:50 -0500] "POST /kwsrmcab/Wsrmcab  HTTP/1.1" 200 36937
181.56.232.66 - - [07/Jan/2024:19:42:09 -0500] "GET /inicia-el-2024-conociendo-la-biodiversidad-de-bogoti.html?fbclid=IwAR1A1-1qdapNWRXPHLEYXFPu9Pi9rOQr_rs-tk5FaCE9gteUMG5m65OmPDQ_aem_AeaKeCWokyCDH6AVoY-r0OCzo5oaZRGidQjLXMN6XsfVCcvfxytlFjZPHBfWUgzQhCw HTTP/1.1" 200 894
47.128.59.220 - - [07/Jan/2024:19:42:12 -0500] "GET /BLA/resoluciones/index.php?dir=RESOLUCIONES%202007%2FRES%202007%201601%20AL%201725%2F&order=asc&sort=size HTTP/1.1" 200 7202
47.128.59.220 - - [07/Jan/2024:19:42:13 -0500] "GET /BLA/resoluciones/dlf/dirup.png HTTP/1.1" 200 644
47.128.59.220 - - [07/Jan/2024:19:42:13 -0500] "GET /BLA/resoluciones/dlf/pdf.gif HTTP/1.1" 200 272
200.118.80.63 - - [07/Jan/2024:19:42:24 -0500] "GET /inicia-el-2024-conociendo-la-biodiversidad-de-bogoti.html?fbclid=IwAR3zAADHVBHwCJ-_xYf5bnxf062In1iQ7O08rsw29MaQ7DAxc67ATPn60OU HTTP/1.1" 200 894
190.84.38.191 - - [07/Jan/2024:19:44:20 -0500] "GET /inicia-el-2024-conociendo-la-biodiversidad-de-bogoti.html?fbclid=IwAR0Aw430Kgw5QnI1jeZ9nhHzowR1myR71rMPqMDAgbPvJ7EYl7Hd2vbrmFA_aem_AebcGX8gS2hE0H56Sp5--Vm35ayzQWkuD0ppe5OsR6CQYkTTuCnCZBpVTGs3jFRRrWU HTTP/1.1" 200 894
181.140.197.24 - - [07/Jan/2024:19:45:01 -0500] "GET /inicia-el-2024-conociendo-la-biodiversidad-de-bogoti.html?fbclid=IwAR3f-CoMui1ynxJ9dUZpU6c3V7qmSCoBXmTpo6BQrHdVjdcY2QT7B6dSVX4 HTTP/1.1" 200 894
172.22.2.4 - - [07/Jan/2024:19:43:48 -0500] "HEAD /BLA/boletinlegal/ HTTP/1.1" 200 -
216.245.221.92 - - [07/Jan/2024:19:45:33 -0500] "HEAD / HTTP/1.1" 200 -
172.22.2.4 - - [07/Jan/2024:19:44:39 -0500] "GET /BLA/boletinlegal/ HTTP/1.1" 200 58567
66.249.70.163 - - [07/Jan/2024:19:46:43 -0500] "GET /ciudadanos-pueden-enviar-comentarios-y-propuestas-al-proyecto-de-decreto-para-reducir-la-utilizacion-de-plasticos-de-un-solo-uso-en-las-entidades-del-distrito.html HTTP/1.1" 200 1170
201.245.192.253 - - [07/Jan/2024:19:46:49 -0500] "POST /kwsrmcab/Wsrmcab  HTTP/1.1" 200 36937
47.128.61.144 - - [07/Jan/2024:19:47:00 -0500] "GET /BLA/resoluciones/index.php?dir=RESOLUCIONES+2002%2FRES+2002+01-50%2F HTTP/1.1" 200 13729
47.128.61.144 - - [07/Jan/2024:19:47:01 -0500] "GET /BLA/resoluciones/dlf/dirup.png HTTP/1.1" 200 644
47.128.61.144 - - [07/Jan/2024:19:47:01 -0500] "GET /BLA/resoluciones/dlf/unknown.png HTTP/1.1" 200 266
47.128.61.144 - - [07/Jan/2024:19:47:02 -0500] "GET /BLA/resoluciones/dlf/pdf.gif HTTP/1.1" 200 272
66.249.66.19 - - [07/Jan/2024:19:47:02 -0500] "GET /BLA/resoluciones/AUTOS%202016/1175.pdf HTTP/1.1" 200 370429
52.167.144.228 - - [07/Jan/2024:19:48:29 -0500] "GET /portaldeninos/wp-content/uploads/2021/11/pieza-diversidad-bogota-22-mayo-300x169.jpg HTTP/1.1" 200 15307
47.128.23.117 - - [07/Jan/2024:19:48:57 -0500] "GET /BLA/resoluciones/dlf/pdf.gif HTTP/1.1" 200 272
47.128.23.117 - - [07/Jan/2024:19:48:57 -0500] "GET /BLA/resoluciones/dlf/dirup.png HTTP/1.1" 200 644
47.128.23.117 - - [07/Jan/2024:19:48:57 -0500] "GET /BLA/resoluciones/dlf/unknown.png HTTP/1.1" 200 266
47.128.23.117 - - [07/Jan/2024:19:48:56 -0500] "GET /BLA/resoluciones/index.php?dir=RESOLUCIONES%202014%2F&order=asc&sort=size HTTP/1.1" 200 334529
47.128.38.197 - - [07/Jan/2024:19:50:25 -0500] "GET /BLA/resoluciones/index.php?dir=RESOLUCIONES%202005%2FRES%202005%202351-2400%2F&order=asc&sort=date HTTP/1.1" 200 12366
47.128.38.197 - - [07/Jan/2024:19:50:26 -0500] "GET /BLA/resoluciones/dlf/unknown.png HTTP/1.1" 200 266
47.128.38.197 - - [07/Jan/2024:19:50:26 -0500] "GET /BLA/resoluciones/dlf/dirup.png HTTP/1.1" 200 644
216.245.221.92 - - [07/Jan/2024:19:50:33 -0500] "HEAD / HTTP/1.1" 200 -
172.22.2.4 - - [07/Jan/2024:19:49:38 -0500] "HEAD /BLA/boletinlegal/ HTTP/1.1" 200 -
201.245.192.253 - - [07/Jan/2024:19:51:47 -0500] "POST /kwsrmcab/Wsrmcab  HTTP/1.1" 200 36937
186.102.5.131 - - [07/Jan/2024:19:52:01 -0500] "GET /inicia-el-2024-conociendo-la-biodiversidad-de-bogoti.html?fbclid=IwAR1DxlPixk699h8V3f5UAWEa98nfeLeNV1l83zmdjYF0Zeyv8XWMt2cbbbw HTTP/1.1" 200 894
172.22.2.4 - - [07/Jan/2024:19:50:29 -0500] "GET /BLA/boletinlegal/ HTTP/1.1" 200 58567
172.22.2.4 - - [07/Jan/2024:19:52:52 -0500] "GET /BLA/boletinlegal/log/.git/config HTTP/1.1" 404 1018
181.53.96.85 - - [07/Jan/2024:19:53:01 -0500] "GET /inicia-el-2024-conociendo-la-biodiversidad-de-bogoti.html?fbclid=IwAR05D8toRu-vZAAovxtKihafknT7YZNnJeBMF_kuaYS3KsGJIUThm53_ewg HTTP/1.1" 200 894
66.249.66.21 - - [07/Jan/2024:19:53:02 -0500] "GET /BLA/resoluciones/Notificaciones/AUTOS%202023/165.pdf HTTP/1.1" 304 -
191.156.158.132 - - [07/Jan/2024:19:53:13 -0500] "GET /inicia-el-2024-conociendo-la-biodiversidad-de-bogoti.html?fbclid=IwAR0Mi8xN61vHTMDptQgl0i3jUD_WKlN_C00nsMkGQwy02JoHP-hSnVkXd5Y HTTP/1.1" 200 894
181.53.12.249 - - [07/Jan/2024:19:53:21 -0500] "GET /inicia-el-2024-conociendo-la-biodiversidad-de-bogoti.html?fbclid=IwAR3A6bypS6hT4jKX4oidS2POfQzel36RItcqfoHZ4E644_Io8qTwkuoVGYA HTTP/1.1" 200 894
69.63.184.8 - - [07/Jan/2024:19:53:32 -0500] "GET /images/Aves%20SDA.jpeg HTTP/1.1" 200 75104
162.55.171.138 - - [07/Jan/2024:19:53:43 -0500] "GET / HTTP/1.1" 200 319
162.55.171.138 - - [07/Jan/2024:19:53:45 -0500] "GET / HTTP/1.1" 200 4720
216.245.221.92 - - [07/Jan/2024:19:55:33 -0500] "HEAD / HTTP/1.1" 200 -
179.19.76.155 - - [07/Jan/2024:19:55:37 -0500] "GET /inicia-el-2024-conociendo-la-biodiversidad-de-bogoti.html?fbclid=IwAR3pY2Pq6YBbmuLCwVcbPxfoo3KmeMLKb4k5BBjOpQt9qZQWIii_1fHMdEw HTTP/1.1" 200 894
191.156.66.205 - - [07/Jan/2024:19:56:11 -0500] "GET /Publicaciones/2023EE291552.pdf HTTP/1.1" 404 228
191.156.66.205 - - [07/Jan/2024:19:56:11 -0500] "GET /favicon.ico HTTP/1.1" 200 7782
201.245.192.253 - - [07/Jan/2024:19:56:45 -0500] "POST /kwsrmcab/Wsrmcab  HTTP/1.1" 200 36937
172.22.2.4 - - [07/Jan/2024:19:55:28 -0500] "HEAD /BLA/boletinlegal/ HTTP/1.1" 200 -
172.22.2.4 - - [07/Jan/2024:19:56:19 -0500] "GET /BLA/boletinlegal/ HTTP/1.1" 200 58567
172.22.2.4 - - [07/Jan/2024:19:59:14 -0500] "GET /BLA/boletinlegal/ HTTP/1.1" 200 24523
31.13.127.7 - - [07/Jan/2024:20:00:25 -0500] "GET /inicia-el-2024-conociendo-la-biodiversidad-de-bogoti.html?fbclid=IwAR3C3YhhrNo4CmgzcHGoQbJMWLqGZTmmK0rh9Jy8zloUZkx3smLTcGemzKE HTTP/1.1" 200 894
216.245.221.92 - - [07/Jan/2024:20:00:33 -0500] "HEAD / HTTP/1.1" 200 -
201.245.192.253 - - [07/Jan/2024:20:01:43 -0500] "POST /kwsrmcab/Wsrmcab  HTTP/1.1" 200 36937
172.22.2.4 - - [07/Jan/2024:20:01:18 -0500] "HEAD /BLA/boletinlegal/ HTTP/1.1" 200 -
40.77.167.78 - - [07/Jan/2024:20:03:33 -0500] "GET /portaldeninos/wp-content/uploads/2020/11/La-Vaca-B-133x75.jpg HTTP/1.1" 200 3642
172.22.2.4 - - [07/Jan/2024:20:02:09 -0500] "GET /BLA/boletinlegal/ HTTP/1.1" 200 59330
114.119.157.103 - - [07/Jan/2024:20:04:59 -0500] "GET /robots.txt HTTP/1.1" 404 1018
52.167.144.214 - - [07/Jan/2024:20:05:12 -0500] "GET /BLA/resoluciones/AUTOS%202020/3698.pdf HTTP/1.1" 200 344306
216.245.221.92 - - [07/Jan/2024:20:05:33 -0500] "HEAD / HTTP/1.1" 200 -
201.245.192.253 - - [07/Jan/2024:20:06:42 -0500] "POST /kwsrmcab/Wsrmcab  HTTP/1.1" 200 36937
216.244.66.195 - - [07/Jan/2024:20:07:05 -0500] "GET /robots.txt HTTP/1.1" 404 1018
173.252.107.119 - - [07/Jan/2024:20:07:32 -0500] "GET /images/Caminatas%20(1)%20(2).jpeg HTTP/1.1" 200 81411
173.252.107.7 - - [07/Jan/2024:20:07:49 -0500] "GET /inicia-el-2024-conociendo-la-biodiversidad-de-bogoti.html HTTP/1.1" 200 894
173.252.107.9 - - [07/Jan/2024:20:07:49 -0500] "GET /inicia-el-2024-conociendo-la-biodiversidad-de-bogoti.html HTTP/1.1" 200 894
47.128.19.165 - - [07/Jan/2024:20:07:52 -0500] "GET /BLA/resoluciones/RESOLUCIONES%202006/RES%202006%201701-1751/INDEX.DAT HTTP/1.1" 200 2000
172.22.2.4 - - [07/Jan/2024:20:07:08 -0500] "HEAD /BLA/boletinlegal/ HTTP/1.1" 200 -
172.22.2.4 - - [07/Jan/2024:20:07:59 -0500] "GET /BLA/boletinlegal/ HTTP/1.1" 200 58172
128.14.136.18 - - [07/Jan/2024:20:10:24 -0500] "GET / HTTP/1.1" 200 319
216.245.221.92 - - [07/Jan/2024:20:10:33 -0500] "HEAD / HTTP/1.1" 200 -
190.26.229.226 - - [07/Jan/2024:20:11:17 -0500] "GET /inicia-el-2024-conociendo-la-biodiversidad-de-bogoti.html?fbclid=IwAR3Q6ZilDDTJl88n9T0fA4U6fRBYgCxhAtyEIJKsuswImLATA6qfmYUwMAg HTTP/1.1" 200 894
201.245.192.253 - - [07/Jan/2024:20:11:40 -0500] "POST /kwsrmcab/Wsrmcab  HTTP/1.1" 200 36937
159.100.29.67 - - [07/Jan/2024:20:12:25 -0500] "GET /.env HTTP/1.1" 404 1018
181.53.96.26 - - [07/Jan/2024:20:12:45 -0500] "GET /inicia-el-2024-conociendo-la-biodiversidad-de-bogoti.html?fbclid=IwAR1Cbh5FX_tJjflU-63vSjcQ6QI_sS9B1_qaDvbjDOJUG5p6KqcKXWzBCOw HTTP/1.1" 200 894
186.84.88.141 - - [07/Jan/2024:20:13:24 -0500] "GET /inicia-el-2024-conociendo-la-biodiversidad-de-bogoti.html?fbclid=IwAR0ZHw3-9aCHrmDWfPd2kpIFZimU8SXd33yw7dThpuk94bE3ZU-UEii-Ftc HTTP/1.1" 200 894
191.156.235.123 - - [07/Jan/2024:20:14:03 -0500] "GET /inicia-el-2024-conociendo-la-biodiversidad-de-bogoti.html?fbclid=IwAR0-9Pri_zuorxgFcHhCLEp07CbRO0Wg4GSCga0VPqgsyv3zl8RwDzOjtww HTTP/1.1" 200 894
52.167.144.140 - - [07/Jan/2024:20:14:25 -0500] "GET /BLA/resoluciones/RESOLUCIONES%202023/02648.pdf HTTP/1.1" 200 535372
172.22.2.4 - - [07/Jan/2024:20:12:58 -0500] "HEAD /BLA/boletinlegal/ HTTP/1.1" 200 -
201.245.192.253 - - [07/Jan/2024:20:15:07 -0500] "POST /kwsrmcab/Wsrmcab HTTP/1.1" 200 37011
201.245.192.253 - - [07/Jan/2024:20:15:10 -0500] "POST /kwsrmcab/Wsrmcab HTTP/1.1" 200 37033
172.22.2.4 - - [07/Jan/2024:20:13:49 -0500] "GET /BLA/boletinlegal/ HTTP/1.1" 200 60910
216.245.221.92 - - [07/Jan/2024:20:15:33 -0500] "HEAD / HTTP/1.1" 200 -
201.245.192.253 - - [07/Jan/2024:20:16:38 -0500] "POST /kwsrmcab/Wsrmcab  HTTP/1.1" 200 36937
216.244.66.195 - - [07/Jan/2024:20:17:48 -0500] "GET /BLA/resoluciones/AUTOS%202019/0009.pdf HTTP/1.1" 200 328451
216.244.66.195 - - [07/Jan/2024:20:17:54 -0500] "GET /BLA/resoluciones/AUTOS%202019/0701.pdf HTTP/1.1" 200 251196
216.244.66.195 - - [07/Jan/2024:20:17:59 -0500] "GET /BLA/resoluciones/RESOLUCIONES%202011/0018.pdf HTTP/1.1" 200 279695
216.244.66.195 - - [07/Jan/2024:20:18:03 -0500] "GET /BLA/resoluciones/RESOLUCIONES%202011/0075.pdf HTTP/1.1" 200 349144
172.22.2.4 - - [07/Jan/2024:20:18:20 -0500] "GET /BLA/boletinlegal/public/.git/config HTTP/1.1" 404 1018
216.244.66.195 - - [07/Jan/2024:20:18:29 -0500] "GET /BLA/resoluciones/RESOLUCIONES%202011/0284.pdf HTTP/1.1" 200 73181
186.84.88.141 - - [07/Jan/2024:20:18:29 -0500] "GET /inicia-el-2024-conociendo-la-biodiversidad-de-bogoti.html?fbclid=IwAR3VHoxohDpq2_WoIDOe8ZgzNVf7mC2KQsZ5Ptjdg4zH0D08yMMjKt92zC4 HTTP/1.1" 200 894
216.244.66.195 - - [07/Jan/2024:20:18:49 -0500] "GET /BLA/resoluciones/RESOLUCIONES%202011/0351.pdf HTTP/1.1" 200 70225
172.22.2.4 - - [07/Jan/2024:20:18:53 -0500] "GET /BLA/boletinlegal/actos.php HTTP/1.1" 200 9648
216.244.66.195 - - [07/Jan/2024:20:19:08 -0500] "GET /BLA/resoluciones/RESOLUCIONES%202011/0382.pdf HTTP/1.1" 200 286006
201.245.192.253 - - [07/Jan/2024:20:19:19 -0500] "POST /kwsrmcab/Wsrmcab HTTP/1.1" 200 37011
216.244.66.195 - - [07/Jan/2024:20:19:26 -0500] "GET /BLA/resoluciones/RESOLUCIONES%202011/0466.pdf HTTP/1.1" 200 154427
216.244.66.195 - - [07/Jan/2024:20:19:43 -0500] "GET /BLA/resoluciones/RESOLUCIONES%202011/0617.pdf HTTP/1.1" 200 327225
201.245.192.253 - - [07/Jan/2024:20:19:52 -0500] "POST /kwsrmcab/Wsrmcab HTTP/1.1" 200 37033
216.244.66.195 - - [07/Jan/2024:20:20:00 -0500] "GET /BLA/resoluciones/RESOLUCIONES%202011/0826.pdf HTTP/1.1" 200 75635
52.167.144.222 - - [07/Jan/2024:20:20:13 -0500] "GET /BLA/resoluciones/AUTOS%202022/3590.pdf HTTP/1.1" 304 -
216.244.66.195 - - [07/Jan/2024:20:20:14 -0500] "GET /BLA/resoluciones/RESOLUCIONES%202011/0884.pdf HTTP/1.1" 200 65167
172.22.2.4 - - [07/Jan/2024:20:18:48 -0500] "HEAD /BLA/boletinlegal/ HTTP/1.1" 200 -
216.244.66.195 - - [07/Jan/2024:20:20:28 -0500] "GET /BLA/resoluciones/RESOLUCIONES%202011/0889.pdf HTTP/1.1" 200 66193
216.245.221.92 - - [07/Jan/2024:20:20:33 -0500] "HEAD / HTTP/1.1" 200 -
216.244.66.195 - - [07/Jan/2024:20:20:43 -0500] "GET /BLA/resoluciones/RESOLUCIONES%202011/0945.pdf HTTP/1.1" 200 321570
186.102.77.187 - - [07/Jan/2024:20:20:55 -0500] "GET /inicia-el-2024-conociendo-la-biodiversidad-de-bogoti.html?fbclid=IwAR0y5qwSD1AEW7YSRKdcJdvn-dxMNEQ2NdJBfWFU_9_uiJA-ShVZZRB5swA HTTP/1.1" 200 894
216.244.66.195 - - [07/Jan/2024:20:20:56 -0500] "GET /BLA/resoluciones/RESOLUCIONES%202011/0952.pdf HTTP/1.1" 200 75735
216.244.66.195 - - [07/Jan/2024:20:21:07 -0500] "GET /BLA/resoluciones/RESOLUCIONES%202011/1050.pdf HTTP/1.1" 200 273587
172.22.2.4 - - [07/Jan/2024:20:19:39 -0500] "GET /BLA/boletinlegal/ HTTP/1.1" 200 58567
216.244.66.195 - - [07/Jan/2024:20:21:27 -0500] "GET /BLA/resoluciones/RESOLUCIONES%202011/1062.pdf HTTP/1.1" 200 388201
201.245.192.253 - - [07/Jan/2024:20:21:37 -0500] "POST /kwsrmcab/Wsrmcab  HTTP/1.1" 200 36937
216.244.66.195 - - [07/Jan/2024:20:21:42 -0500] "GET /BLA/resoluciones/RESOLUCIONES%202011/1087.pdf HTTP/1.1" 200 240060
216.244.66.195 - - [07/Jan/2024:20:22:04 -0500] "GET /BLA/resoluciones/RESOLUCIONES%202011/1089.pdf HTTP/1.1" 200 264008
216.244.66.195 - - [07/Jan/2024:20:22:21 -0500] "GET /BLA/resoluciones/RESOLUCIONES%202011/1153.pdf HTTP/1.1" 200 323627
200.118.80.49 - - [07/Jan/2024:20:22:31 -0500] "GET /inicia-el-2024-conociendo-la-biodiversidad-de-bogoti.html?fbclid=IwAR2r4ZCNd2-EGldPHtwms0itJ5ojt3b9opRexCFJREXqFEbRoYXRheclaDg HTTP/1.1" 200 894
216.244.66.195 - - [07/Jan/2024:20:22:49 -0500] "GET /BLA/resoluciones/RESOLUCIONES%202011/1342.pdf HTTP/1.1" 200 66585
52.167.144.222 - - [07/Jan/2024:20:23:15 -0500] "GET /BLA/resoluciones/RESOLUCIONES%202023/02692.pdf HTTP/1.1" 200 913438
216.244.66.195 - - [07/Jan/2024:20:23:20 -0500] "GET /BLA/resoluciones/RESOLUCIONES%202011/1346.pdf HTTP/1.1" 200 70969
66.249.66.20 - - [07/Jan/2024:20:23:20 -0500] "GET /BLA/resoluciones/Notificaciones/AUTOS%202023/5877.pdf HTTP/1.1" 200 416564
66.249.66.20 - - [07/Jan/2024:20:23:24 -0500] "GET /autoliquidacion2020/index.php?dir=Calidad%20del%20aire%20auditiva%20y%20vis/&sort=date&order=desc HTTP/1.1" 200 6397
66.249.66.19 - - [07/Jan/2024:20:23:25 -0500] "GET /Publicaciones/2023EE255699.pdf HTTP/1.1" 404 228
66.249.66.19 - - [07/Jan/2024:20:23:26 -0500] "GET /BLA/resoluciones/RESOLUCIONES%202022/1545.pdf HTTP/1.1" 304 -
66.249.66.19 - - [07/Jan/2024:20:23:27 -0500] "GET /BLA/resoluciones/Notificaciones/AUTOS%202023/6049.pdf HTTP/1.1" 200 393787
66.249.66.20 - - [07/Jan/2024:20:23:27 -0500] "GET /Publicaciones/2023EE127889.pdf HTTP/1.1" 404 228
66.249.66.20 - - [07/Jan/2024:20:23:27 -0500] "GET /BLA/resoluciones/Notificaciones/AUTOS%202023/5897.pdf HTTP/1.1" 200 881999
66.249.66.19 - - [07/Jan/2024:20:23:28 -0500] "GET /Publicaciones/2023EE132284.pdf HTTP/1.1" 404 228
186.28.85.194 - - [07/Jan/2024:20:23:40 -0500] "GET /inicia-el-2024-conociendo-la-biodiversidad-de-bogoti.html?fbclid=IwAR0lgwUK_8mPZQKt-9SUinbdeMINnI4Q-ZetHZk9kM9FQOXt6LSdmAffES4 HTTP/1.1" 200 894
216.244.66.195 - - [07/Jan/2024:20:23:52 -0500] "GET /BLA/resoluciones/RESOLUCIONES%202011/1464.pdf HTTP/1.1" 200 74069
216.244.66.195 - - [07/Jan/2024:20:24:21 -0500] "GET /BLA/resoluciones/RESOLUCIONES%202011/1477.pdf HTTP/1.1" 200 71453
216.244.66.195 - - [07/Jan/2024:20:24:49 -0500] "GET /BLA/resoluciones/RESOLUCIONES%202011/1478.pdf HTTP/1.1" 200 38114
40.77.167.18 - - [07/Jan/2024:20:25:02 -0500] "GET /galeria/galeria/jquery.fancybox.js?v=2.1.5 HTTP/1.1" 200 48706
201.245.192.253 - - [07/Jan/2024:20:25:06 -0500] "POST /kwsrmcab/Wsrmcab HTTP/1.1" 200 37011
201.245.192.253 - - [07/Jan/2024:20:25:09 -0500] "POST /kwsrmcab/Wsrmcab HTTP/1.1" 200 37033
216.244.66.195 - - [07/Jan/2024:20:25:16 -0500] "GET /BLA/resoluciones/RESOLUCIONES%202011/1649.pdf HTTP/1.1" 200 107538
216.245.221.92 - - [07/Jan/2024:20:25:33 -0500] "HEAD / HTTP/1.1" 200 -
216.244.66.195 - - [07/Jan/2024:20:25:43 -0500] "GET /BLA/resoluciones/RESOLUCIONES%202011/2213.pdf HTTP/1.1" 200 412652
172.22.2.4 - - [07/Jan/2024:20:24:38 -0500] "HEAD /BLA/boletinlegal/ HTTP/1.1" 200 -
216.244.66.195 - - [07/Jan/2024:20:26:21 -0500] "GET /BLA/resoluciones/RESOLUCIONES%202013/2615.pdf HTTP/1.1" 200 371502
201.245.192.253 - - [07/Jan/2024:20:26:37 -0500] "POST /kwsrmcab/Wsrmcab  HTTP/1.1" 200 36937
216.244.66.195 - - [07/Jan/2024:20:26:57 -0500] "GET /BLA/resoluciones/RESOLUCIONES%202015/3514.pdf HTTP/1.1" 200 722765
172.22.2.4 - - [07/Jan/2024:20:25:29 -0500] "GET /BLA/boletinlegal/ HTTP/1.1" 200 58567
216.244.66.195 - - [07/Jan/2024:20:27:27 -0500] "GET /BLA/resoluciones/AUTOS%202007/0976.pdf HTTP/1.1" 200 51583
191.111.2.182 - - [07/Jan/2024:20:27:37 -0500] "GET /inicia-el-2024-conociendo-la-biodiversidad-de-bogoti.html?fbclid=IwAR1Bb3hUei7Z9_CTEFHdqRyswGCih2trCpYilVdCWwnDlHs6fkeea5J21ZI HTTP/1.1" 200 894
216.244.66.195 - - [07/Jan/2024:20:27:55 -0500] "GET /BLA/resoluciones/AUTOS%202008/0047.pdf HTTP/1.1" 200 86207
216.244.66.195 - - [07/Jan/2024:20:28:21 -0500] "GET /BLA/resoluciones/AUTOS%202008/0801.pdf HTTP/1.1" 200 85532
181.53.12.168 - - [07/Jan/2024:20:28:45 -0500] "GET /inicia-el-2024-conociendo-la-biodiversidad-de-bogoti.html?fbclid=IwAR0sWvyzO9mb3cLx1X0AO7f8Q5bhMK6p2Td3SSRMFa5KLyV_qEn_6nNIUe8 HTTP/1.1" 200 894
216.244.66.195 - - [07/Jan/2024:20:28:48 -0500] "GET /BLA/resoluciones/AUTOS%202008/0872.pdf HTTP/1.1" 200 81387
47.128.110.190 - - [07/Jan/2024:20:28:55 -0500] "GET /BLA/resoluciones/dlf/pdf.gif HTTP/1.1" 200 272
47.128.110.190 - - [07/Jan/2024:20:28:55 -0500] "GET /BLA/resoluciones/dlf/dirup.png HTTP/1.1" 200 644
47.128.110.190 - - [07/Jan/2024:20:28:54 -0500] "GET /BLA/resoluciones/index.php?dir=Notificaciones%2FREGISTROS%202021%2F&order=asc&sort=size HTTP/1.1" 200 23530
173.252.127.22 - - [07/Jan/2024:20:29:04 -0500] "GET /semana-ambiental-2022-del-31-de-mayo-al-5-de-junio-se-celebrara-en-bogota.html HTTP/1.1" 200 799
216.244.66.195 - - [07/Jan/2024:20:29:13 -0500] "GET /BLA/resoluciones/AUTOS%202008/0942.pdf HTTP/1.1" 200 90984
40.77.167.26 - - [07/Jan/2024:20:29:13 -0500] "GET /portaldeninos/wp-content/uploads/2020/11/Juan-Amarillo-B-133x75.jpg HTTP/1.1" 200 3630
201.245.192.253 - - [07/Jan/2024:20:29:19 -0500] "POST /kwsrmcab/Wsrmcab HTTP/1.1" 200 37011
69.63.189.119 - - [07/Jan/2024:20:29:37 -0500] "GET /decision-de-frenar-obras-en-el-zuque-es-caprichosa-y-priva-a-la-ciudadania-de-conocer-y-preservar-los-cerros-orientales-urrutia-secretaria-de-ambiente.html HTTP/1.1" 200 1018
216.244.66.195 - - [07/Jan/2024:20:29:38 -0500] "GET /BLA/resoluciones/AUTOS%202008/1532.pdf HTTP/1.1" 200 79555
201.245.192.253 - - [07/Jan/2024:20:29:52 -0500] "POST /kwsrmcab/Wsrmcab HTTP/1.1" 200 37033
190.25.165.120 - - [07/Jan/2024:20:29:55 -0500] "GET /inicia-el-2024-conociendo-la-biodiversidad-de-bogoti.html?fbclid=IwAR1avS9W_Ss-MOrD3WNsUK4WC8wJ9LXMcaAuE1Fh2Q4fUeEVK5KAwNNJXXQ HTTP/1.1" 200 894
216.244.66.195 - - [07/Jan/2024:20:30:01 -0500] "GET /BLA/resoluciones/AUTOS%202008/1622.pdf HTTP/1.1" 200 81002
216.244.66.195 - - [07/Jan/2024:20:30:23 -0500] "GET /BLA/resoluciones/AUTOS%202013/2000.pdf HTTP/1.1" 200 1917726
216.245.221.92 - - [07/Jan/2024:20:30:33 -0500] "HEAD / HTTP/1.1" 200 -
172.22.2.4 - - [07/Jan/2024:20:30:33 -0500] "GET /BLA/boletinlegal/lib/display.js HTTP/1.1" 404 1020
216.244.66.195 - - [07/Jan/2024:20:30:48 -0500] "GET /BLA/resoluciones/AUTOS%202013/2063.pdf HTTP/1.1" 200 1759670
69.171.249.6 - - [07/Jan/2024:20:31:00 -0500] "GET /dos-guacamayas-fueron-entregadas-en-bogota.html HTTP/1.1" 200 742
69.171.249.10 - - [07/Jan/2024:20:31:00 -0500] "GET /alista-tu-camara-y-participa-en-el-reto-naturalista-2023.html HTTP/1.1" 200 743
216.244.66.195 - - [07/Jan/2024:20:31:19 -0500] "GET /BLA/resoluciones/AUTOS%202014/0493.pdf HTTP/1.1" 200 532496
186.154.181.253 - - [07/Jan/2024:20:31:24 -0500] "GET /inicia-el-2024-conociendo-la-biodiversidad-de-bogoti.html?fbclid=IwAR3OwwylH8ZOgOok2OSV96o81XJ1Dm5wmjKwPRE2Q5vEhimlGStaqwNmdHM_aem_AeYM5HqvPPUFFqY5ZFTEAkybfBtYeLzIj2ITpVLpfIK5f-KX6_EuKPkNpJbNwi5TukI HTTP/1.1" 200 894
201.245.192.253 - - [07/Jan/2024:20:31:34 -0500] "POST /kwsrmcab/Wsrmcab  HTTP/1.1" 200 36937
216.244.66.195 - - [07/Jan/2024:20:31:44 -0500] "GET /BLA/resoluciones/AUTOS%202014/0612.pdf HTTP/1.1" 200 1330409
172.22.2.4 - - [07/Jan/2024:20:30:28 -0500] "HEAD /BLA/boletinlegal/ HTTP/1.1" 200 -
216.244.66.195 - - [07/Jan/2024:20:32:09 -0500] "GET /BLA/resoluciones/AUTOS%202014/1217.pdf HTTP/1.1" 200 182127
216.244.66.195 - - [07/Jan/2024:20:32:33 -0500] "GET /BLA/resoluciones/AUTOS%202014/1817.pdf HTTP/1.1" 200 217451
186.85.67.162 - - [07/Jan/2024:20:32:46 -0500] "GET /inicia-el-2024-conociendo-la-biodiversidad-de-bogoti.html?fbclid=IwAR3z3w43F0ug37HgrPPTv8z-UZPiNXirYc9kAXRiPVTQc-7F5Gk0OPXaWAU HTTP/1.1" 200 894
216.244.66.195 - - [07/Jan/2024:20:32:55 -0500] "GET /BLA/resoluciones/AUTOS%202015/0067.pdf HTTP/1.1" 200 641500
47.128.125.16 - - [07/Jan/2024:20:32:57 -0500] "GET /BLA/resoluciones/dlf/unknown.png HTTP/1.1" 200 266
47.128.125.16 - - [07/Jan/2024:20:32:57 -0500] "GET /BLA/resoluciones/dlf/dirup.png HTTP/1.1" 200 644
47.128.125.16 - - [07/Jan/2024:20:32:56 -0500] "GET /BLA/resoluciones/index.php?dir=RESOLUCIONES%202005%2FRES%202005%20501-550%2F&order=asc&sort=size HTTP/1.1" 200 12244
172.22.2.4 - - [07/Jan/2024:20:31:19 -0500] "GET /BLA/boletinlegal/ HTTP/1.1" 200 60502
216.244.66.195 - - [07/Jan/2024:20:33:15 -0500] "GET /BLA/resoluciones/AUTOS%202015/0260.pdf HTTP/1.1" 200 741813
190.102.121.6 - - [07/Jan/2024:20:33:21 -0500] "GET /inicia-el-2024-conociendo-la-biodiversidad-de-bogoti.html?fbclid=IwAR3dnujAJMpFDp8zOO5_HQwmQPzbU5_FnWJC_dyQo9cWSst933RO3HoEvSA HTTP/1.1" 200 894
47.128.38.78 - - [07/Jan/2024:20:33:24 -0500] "GET /BLA/resoluciones/AUTOS%202015/2354.xps HTTP/1.1" 200 769397
216.244.66.195 - - [07/Jan/2024:20:33:36 -0500] "GET /BLA/resoluciones/AUTOS%202015/1138.pdf HTTP/1.1" 200 646658
173.252.95.16 - - [07/Jan/2024:20:34:09 -0500] "GET /acuerdos-de-conservacion-camaras-trampa-registran-fauna-en-la-reserva-umbral-cultural-horizontes.html HTTP/1.1" 200 818
216.244.66.195 - - [07/Jan/2024:20:34:13 -0500] "GET /BLA/resoluciones/AUTOS%202015/2423.pdf HTTP/1.1" 200 1123007
216.244.66.195 - - [07/Jan/2024:20:34:45 -0500] "GET /BLA/resoluciones/AUTOS%202017/3731.pdf HTTP/1.1" 200 269492
172.22.2.4 - - [07/Jan/2024:20:33:15 -0500] "GET /BLA/boletinlegal/ HTTP/1.1" 200 63054
201.245.192.253 - - [07/Jan/2024:20:35:06 -0500] "POST /kwsrmcab/Wsrmcab HTTP/1.1" 200 37011
201.245.192.253 - - [07/Jan/2024:20:35:10 -0500] "POST /kwsrmcab/Wsrmcab HTTP/1.1" 200 37033
216.244.66.195 - - [07/Jan/2024:20:35:16 -0500] "GET /BLA/resoluciones/AUTOS%202017/4906.pdf HTTP/1.1" 200 1050625
216.245.221.92 - - [07/Jan/2024:20:35:33 -0500] "HEAD / HTTP/1.1" 200 -
216.244.66.195 - - [07/Jan/2024:20:35:45 -0500] "GET /BLA/resoluciones/AUTOS%202019/0422.pdf HTTP/1.1" 200 245103
216.244.66.195 - - [07/Jan/2024:20:36:13 -0500] "GET /BLA/resoluciones/AUTOS%202019/1957.pdf HTTP/1.1" 200 327357
47.128.44.132 - - [07/Jan/2024:20:36:19 -0500] "GET /BLA/resoluciones/index.php?dir=RESOLUCIONES%202005%2FRES%202005%20801-850%2F&order=asc&sort=name HTTP/1.1" 200 12246
47.128.44.132 - - [07/Jan/2024:20:36:20 -0500] "GET /BLA/resoluciones/dlf/dirup.png HTTP/1.1" 200 644
47.128.44.132 - - [07/Jan/2024:20:36:20 -0500] "GET /BLA/resoluciones/dlf/unknown.png HTTP/1.1" 200 266
201.245.192.253 - - [07/Jan/2024:20:36:33 -0500] "POST /kwsrmcab/Wsrmcab  HTTP/1.1" 200 36937
216.244.66.195 - - [07/Jan/2024:20:36:39 -0500] "GET /BLA/resoluciones/AUTOS%202019/2755.pdf HTTP/1.1" 200 680911
186.31.197.32 - - [07/Jan/2024:20:36:47 -0500] "GET /inicia-el-2024-conociendo-la-biodiversidad-de-bogoti.html?fbclid=IwAR3Tb0q-Uoaf8f6rsfjmqr37hM9qyTuFbk_ci3PVyzYrw4dB4S5MZ0ojzek HTTP/1.1" 200 894
69.63.184.117 - - [07/Jan/2024:20:36:48 -0500] "GET /inicia-el-2024-conociendo-la-biodiversidad-de-bogoti.html HTTP/1.1" 200 894
172.22.2.4 - - [07/Jan/2024:20:36:59 -0500] "GET /BLA/boletinlegal/scripts/.git/config HTTP/1.1" 404 1018
216.244.66.195 - - [07/Jan/2024:20:37:05 -0500] "GET /BLA/resoluciones/AUTOS%202022/3188.pdf HTTP/1.1" 200 345559
172.22.2.4 - - [07/Jan/2024:20:37:18 -0500] "GET /BLA/boletinlegal/Circulares/2019/.pdf HTTP/1.1" 404 1218
172.22.2.4 - - [07/Jan/2024:20:37:28 -0500] "GET /BLA/boletinlegal/Circulares/2012/Circular%20No.%2010%20del%2026%20de%20Enero%20de%202012.pdf HTTP/1.1" 404 1218
216.244.66.195 - - [07/Jan/2024:20:37:30 -0500] "GET /BLA/resoluciones/AUTOS%202022/3603.pdf HTTP/1.1" 200 1137164
40.77.167.28 - - [07/Jan/2024:20:37:45 -0500] "GET /autoliquidacion2020/index.php?dir=Plan+de+manejo+ambiental+para+sitios+de+aprovechamiento+y+o+disposicion+final+de+escombros%2F HTTP/1.1" 200 2504
205.210.31.39 - - [07/Jan/2024:20:37:46 -0500] "GET / HTTP/1.0" 200 319
216.244.66.195 - - [07/Jan/2024:20:37:55 -0500] "GET /BLA/resoluciones/AUTOS%202022/4684.pdf HTTP/1.1" 200 2900687
172.22.2.4 - - [07/Jan/2024:20:36:18 -0500] "HEAD /BLA/boletinlegal/ HTTP/1.1" 200 -
66.249.66.21 - - [07/Jan/2024:20:38:02 -0500] "GET /Publicaciones/2023EE261478.pdf HTTP/1.1" 404 228
216.244.66.195 - - [07/Jan/2024:20:38:29 -0500] "GET /BLA/resoluciones/AUTOS%202022/5526.pdf HTTP/1.1" 200 771984
172.22.2.4 - - [07/Jan/2024:20:37:09 -0500] "GET /BLA/boletinlegal/ HTTP/1.1" 200 58567
40.77.167.28 - - [07/Jan/2024:20:39:07 -0500] "GET /BLA/resoluciones/RESOLUCIONES%202013/0431.pdf HTTP/1.1" 200 1681629
216.244.66.195 - - [07/Jan/2024:20:39:08 -0500] "GET /BLA/resoluciones/AUTOS%202022/5589.pdf HTTP/1.1" 200 390314
201.245.192.253 - - [07/Jan/2024:20:39:20 -0500] "POST /kwsrmcab/Wsrmcab HTTP/1.1" 200 37011
216.244.66.195 - - [07/Jan/2024:20:39:38 -0500] "GET /BLA/resoluciones/RESOLUCIONES%202011/0025.pdf HTTP/1.1" 200 848971
201.245.192.253 - - [07/Jan/2024:20:39:52 -0500] "POST /kwsrmcab/Wsrmcab HTTP/1.1" 200 37033
216.244.66.195 - - [07/Jan/2024:20:40:09 -0500] "GET /BLA/resoluciones/RESOLUCIONES%202011/0360.pdf HTTP/1.1" 200 853440
216.245.221.92 - - [07/Jan/2024:20:40:33 -0500] "HEAD / HTTP/1.1" 200 -
216.244.66.195 - - [07/Jan/2024:20:40:38 -0500] "GET /BLA/resoluciones/RESOLUCIONES%202011/0571.pdf HTTP/1.1" 200 662268
216.244.66.195 - - [07/Jan/2024:20:41:06 -0500] "GET /BLA/resoluciones/RESOLUCIONES%202011/1049.pdf HTTP/1.1" 200 389634
114.119.137.54 - - [07/Jan/2024:20:41:05 -0500] "GET /BLA/resoluciones/index.php?dir=Notificaciones/AUTOS%2B2019/&sort=name&order=asc HTTP/1.1" 200 13944
201.245.192.253 - - [07/Jan/2024:20:41:31 -0500] "POST /kwsrmcab/Wsrmcab  HTTP/1.1" 200 36937
216.244.66.195 - - [07/Jan/2024:20:41:35 -0500] "GET /BLA/resoluciones/RESOLUCIONES%202011/1875.pdf HTTP/1.1" 200 468780
216.244.66.195 - - [07/Jan/2024:20:42:01 -0500] "GET /BLA/resoluciones/RESOLUCIONES%202011/1898.pdf HTTP/1.1" 200 515846
216.244.66.195 - - [07/Jan/2024:20:42:25 -0500] "GET /BLA/resoluciones/RESOLUCIONES%202018/2185.pdf HTTP/1.1" 200 357049
216.244.66.195 - - [07/Jan/2024:20:42:49 -0500] "GET /BLA/resoluciones/RESOLUCIONES%202018/2224.pdf HTTP/1.1" 200 326697
216.244.66.195 - - [07/Jan/2024:20:43:11 -0500] "GET /BLA/resoluciones/RESOLUCIONES%202018/3438.pdf HTTP/1.1" 200 428788
173.252.107.116 - - [07/Jan/2024:20:43:28 -0500] "GET /galeria/nivo-slider/demo/images/ecolecta2016.jpg HTTP/1.1" 200 147170
69.171.231.9 - - [07/Jan/2024:20:43:29 -0500] "GET /galeria/nivo-slider/demo/images/ecolecta2016.jpg HTTP/1.1" 200 147170
216.244.66.195 - - [07/Jan/2024:20:43:32 -0500] "GET /BLA/resoluciones/RESOLUCIONES%202018/3663.pdf HTTP/1.1" 200 290005
172.22.2.4 - - [07/Jan/2024:20:42:08 -0500] "HEAD /BLA/boletinlegal/ HTTP/1.1" 200 -
