172.22.2.4 - - [07/Jan/2024:14:18:00 -0500] "GET /BLA/boletinlegal/ HTTP/1.1" 200 60502
216.244.66.195 - - [07/Jan/2024:14:19:50 -0500] "GET /BLA/resoluciones/RESOLUCIONES%202011/0252.pdf HTTP/1.1" 200 271119
216.244.66.195 - - [07/Jan/2024:14:19:56 -0500] "GET /BLA/resoluciones/RESOLUCIONES%202011/0603.pdf HTTP/1.1" 200 72915
201.245.192.253 - - [07/Jan/2024:14:19:55 -0500] "POST /kwsrmcab/Wsrmcab HTTP/1.1" 200 37064
216.244.66.195 - - [07/Jan/2024:14:20:01 -0500] "GET /BLA/resoluciones/RESOLUCIONES%202011/0755.pdf HTTP/1.1" 200 398736
216.244.66.195 - - [07/Jan/2024:14:20:25 -0500] "GET /BLA/resoluciones/RESOLUCIONES%202011/1106.pdf HTTP/1.1" 200 432814
216.245.221.92 - - [07/Jan/2024:14:20:34 -0500] "HEAD / HTTP/1.1" 200 -
216.244.66.195 - - [07/Jan/2024:14:20:45 -0500] "GET /BLA/resoluciones/RESOLUCIONES%202011/1170.pdf HTTP/1.1" 200 264376
191.156.50.118 - - [07/Jan/2024:14:20:50 -0500] "GET /inicia-el-2024-conociendo-la-biodiversidad-de-bogoti.html?fbclid=IwAR2UeJ7bvAo7A7K_qPSK49mqWgc71TGpD7UX3aMYBJuUshDyIpVRxAk87Js HTTP/1.1" 200 894
216.244.66.195 - - [07/Jan/2024:14:21:03 -0500] "GET /BLA/resoluciones/RESOLUCIONES%202011/1254.pdf HTTP/1.1" 200 383530
216.244.66.195 - - [07/Jan/2024:14:21:23 -0500] "GET /BLA/resoluciones/RESOLUCIONES%202011/1257.pdf HTTP/1.1" 200 354738
216.244.66.195 - - [07/Jan/2024:14:21:39 -0500] "GET /BLA/resoluciones/RESOLUCIONES%202011/1359.pdf HTTP/1.1" 200 70777
191.156.232.78 - - [07/Jan/2024:14:21:46 -0500] "GET /inicia-el-2024-conociendo-la-biodiversidad-de-bogoti.html?fbclid=IwAR3Aq49X9LvWN22Y7RgwStTKbYC4rZ4GSswfjTLnz3U6P1CPDeI54ppiobo HTTP/1.1" 200 894
216.244.66.195 - - [07/Jan/2024:14:21:55 -0500] "GET /BLA/resoluciones/RESOLUCIONES%202011/1387.pdf HTTP/1.1" 200 75771
216.244.66.195 - - [07/Jan/2024:14:22:08 -0500] "GET /BLA/resoluciones/RESOLUCIONES%202011/1555.pdf HTTP/1.1" 200 316633
216.244.66.195 - - [07/Jan/2024:14:22:21 -0500] "GET /BLA/resoluciones/RESOLUCIONES%202011/1662.pdf HTTP/1.1" 200 72493
216.244.66.195 - - [07/Jan/2024:14:22:33 -0500] "GET /BLA/resoluciones/RESOLUCIONES%202011/1732.pdf HTTP/1.1" 200 373572
216.244.66.195 - - [07/Jan/2024:14:22:44 -0500] "GET /BLA/resoluciones/RESOLUCIONES%202011/202.pdf HTTP/1.1" 200 270360
201.245.192.253 - - [07/Jan/2024:14:23:20 -0500] "POST /kwsrmcab/Wsrmcab  HTTP/1.1" 200 36937
172.22.2.4 - - [07/Jan/2024:14:22:59 -0500] "HEAD /BLA/boletinlegal/ HTTP/1.1" 200 -
47.128.96.36 - - [07/Jan/2024:14:24:58 -0500] "GET /BLA/resoluciones/dlf/unknown.png HTTP/1.1" 200 266
47.128.96.36 - - [07/Jan/2024:14:24:58 -0500] "GET /BLA/resoluciones/dlf/dirup.png HTTP/1.1" 200 644
47.128.96.36 - - [07/Jan/2024:14:24:57 -0500] "GET /BLA/resoluciones/index.php?dir=RESOLUCIONES%202006%2FRES%202006%20301-350%2F&order=asc&sort=date HTTP/1.1" 200 12249
201.245.192.253 - - [07/Jan/2024:14:25:08 -0500] "POST /kwsrmcab/Wsrmcab HTTP/1.1" 200 37067
201.245.192.253 - - [07/Jan/2024:14:25:11 -0500] "POST /kwsrmcab/Wsrmcab HTTP/1.1" 200 37064
172.22.2.4 - - [07/Jan/2024:14:23:50 -0500] "GET /BLA/boletinlegal/ HTTP/1.1" 200 58567
216.245.221.92 - - [07/Jan/2024:14:25:34 -0500] "HEAD / HTTP/1.1" 200 -
186.84.90.20 - - [07/Jan/2024:14:25:46 -0500] "GET /BLA/resoluciones/index.php?dir= HTTP/1.1" 200 13696
186.84.90.20 - - [07/Jan/2024:14:25:46 -0500] "GET /favicon.ico HTTP/1.1" 200 7782
181.53.13.131 - - [07/Jan/2024:14:26:07 -0500] "GET /inicia-el-2024-conociendo-la-biodiversidad-de-bogoti.html?fbclid=IwAR3zF_d-mzzoLZ0Xyuj1xXC7tRSI6IbJPEmP2DzezPARwUsvq1ON3AH9pQU HTTP/1.1" 200 894
173.252.107.6 - - [07/Jan/2024:14:27:45 -0500] "GET /inicia-el-2024-conociendo-la-biodiversidad-de-bogoti.html HTTP/1.1" 200 894
201.245.192.253 - - [07/Jan/2024:14:28:18 -0500] "POST /kwsrmcab/Wsrmcab  HTTP/1.1" 200 36937
201.245.192.253 - - [07/Jan/2024:14:29:21 -0500] "POST /kwsrmcab/Wsrmcab HTTP/1.1" 200 37067
201.245.192.253 - - [07/Jan/2024:14:29:54 -0500] "POST /kwsrmcab/Wsrmcab HTTP/1.1" 200 37064
172.22.2.4 - - [07/Jan/2024:14:28:49 -0500] "HEAD /BLA/boletinlegal/ HTTP/1.1" 200 -
216.245.221.92 - - [07/Jan/2024:14:30:34 -0500] "HEAD / HTTP/1.1" 200 -
172.22.2.4 - - [07/Jan/2024:14:29:40 -0500] "GET /BLA/boletinlegal/ HTTP/1.1" 200 60502
200.118.60.215 - - [07/Jan/2024:14:31:21 -0500] "GET /inicia-el-2024-conociendo-la-biodiversidad-de-bogoti.html?fbclid=IwAR2NpoSgxD3AJgU7O4YUMRrE3hWkjBEJUrFWtqINIDFOCFPyu1PxumyDhfE HTTP/1.1" 200 894
173.252.95.120 - - [07/Jan/2024:14:31:22 -0500] "GET /images/Caminatas%20(1)%20(2).jpeg HTTP/1.1" 200 81411
173.252.95.7 - - [07/Jan/2024:14:31:38 -0500] "GET /inicia-el-2024-conociendo-la-biodiversidad-de-bogoti.html HTTP/1.1" 200 894
173.252.95.120 - - [07/Jan/2024:14:31:38 -0500] "GET /inicia-el-2024-conociendo-la-biodiversidad-de-bogoti.html HTTP/1.1" 200 894
173.252.95.22 - - [07/Jan/2024:14:31:38 -0500] "GET /inicia-el-2024-conociendo-la-biodiversidad-de-bogoti.html HTTP/1.1" 200 894
173.252.95.118 - - [07/Jan/2024:14:31:42 -0500] "GET /inicia-el-2024-conociendo-la-biodiversidad-de-bogoti.html HTTP/1.1" 200 894
191.156.52.48 - - [07/Jan/2024:14:32:45 -0500] "GET /inicia-el-2024-conociendo-la-biodiversidad-de-bogoti.html?fbclid=IwAR0BuZa2lfGjEjbkLarsJPZDO0RbX6nlLiG_v0hNDApyBkjF3lqAYR1LVUc HTTP/1.1" 200 894
201.245.192.253 - - [07/Jan/2024:14:33:17 -0500] "POST /kwsrmcab/Wsrmcab  HTTP/1.1" 200 36937
201.245.192.253 - - [07/Jan/2024:14:35:08 -0500] "POST /kwsrmcab/Wsrmcab HTTP/1.1" 200 37067
201.245.192.253 - - [07/Jan/2024:14:35:11 -0500] "POST /kwsrmcab/Wsrmcab HTTP/1.1" 200 37064
216.245.221.92 - - [07/Jan/2024:14:35:34 -0500] "HEAD / HTTP/1.1" 200 -
172.22.2.4 - - [07/Jan/2024:14:34:39 -0500] "HEAD /BLA/boletinlegal/ HTTP/1.1" 200 -
172.22.2.4 - - [07/Jan/2024:14:35:29 -0500] "GET /BLA/boletinlegal/ HTTP/1.1" 200 58172
179.19.81.204 - - [07/Jan/2024:14:37:38 -0500] "GET /inicia-el-2024-conociendo-la-biodiversidad-de-bogoti.html?fbclid=IwAR0debOToYM6C0ZYELsZRSMFkfOelQhyFhBeh4BVizBiFz7zKMB4A5M_tog HTTP/1.1" 200 894
191.156.243.75 - - [07/Jan/2024:14:38:06 -0500] "GET /inicia-el-2024-conociendo-la-biodiversidad-de-bogoti.html?fbclid=IwAR1AgKynYQlgz1ccsjO2Vtqiv0mdtpr7XYGCzs9bJLEErG2nIKg3wYZ43TU HTTP/1.1" 200 894
201.245.192.253 - - [07/Jan/2024:14:38:15 -0500] "POST /kwsrmcab/Wsrmcab  HTTP/1.1" 200 36937
201.245.192.253 - - [07/Jan/2024:14:39:20 -0500] "POST /kwsrmcab/Wsrmcab HTTP/1.1" 200 37067
201.245.192.253 - - [07/Jan/2024:14:39:53 -0500] "POST /kwsrmcab/Wsrmcab HTTP/1.1" 200 37064
216.245.221.92 - - [07/Jan/2024:14:40:34 -0500] "HEAD / HTTP/1.1" 200 -
40.77.167.71 - - [07/Jan/2024:14:40:40 -0500] "GET /BLA/resoluciones/RESOLUCIONES%202013/2027.pdf HTTP/1.1" 200 668110
199.16.157.182 - - [07/Jan/2024:14:41:54 -0500] "GET /distrito-realiza-las-primeras-vasectomias-a-palomas-de-plaza.html HTTP/1.1" 200 958
199.16.157.180 - - [07/Jan/2024:14:41:54 -0500] "GET /images/imagen-palomas_optimized.jpg HTTP/1.1" 200 184069
172.22.2.4 - - [07/Jan/2024:14:40:29 -0500] "HEAD /BLA/boletinlegal/ HTTP/1.1" 200 -
216.244.66.195 - - [07/Jan/2024:14:42:10 -0500] "GET /robots.txt HTTP/1.1" 404 1018
172.22.2.4 - - [07/Jan/2024:14:41:19 -0500] "GET /BLA/boletinlegal/ HTTP/1.1" 200 58567
201.245.192.253 - - [07/Jan/2024:14:43:14 -0500] "POST /kwsrmcab/Wsrmcab  HTTP/1.1" 200 36937
216.245.221.92 - - [07/Jan/2024:14:45:34 -0500] "HEAD / HTTP/1.1" 200 -
66.249.66.21 - - [07/Jan/2024:14:46:50 -0500] "GET /portalsiaccapacitaciones/Soportes%20Capacitaciones%202016/Mesas%20de%20Trabajo%202016/UNIVERSIDAD%20DISTRITAL.pdf HTTP/1.1" 200 1615318
172.22.2.4 - - [07/Jan/2024:14:46:25 -0500] "GET /BLA/boletinlegal/ HTTP/1.1" 200 24523
186.155.14.176 - - [07/Jan/2024:14:47:47 -0500] "-" 408 -
172.22.2.4 - - [07/Jan/2024:14:46:19 -0500] "HEAD /BLA/boletinlegal/ HTTP/1.1" 200 -
201.245.192.253 - - [07/Jan/2024:14:48:12 -0500] "POST /kwsrmcab/Wsrmcab  HTTP/1.1" 200 36937
172.22.2.4 - - [07/Jan/2024:14:47:10 -0500] "GET /BLA/boletinlegal/ HTTP/1.1" 200 58172
172.22.2.4 - - [07/Jan/2024:14:49:20 -0500] "GET /BLA/boletinlegal/.env HTTP/1.1" 404 1018
216.245.221.92 - - [07/Jan/2024:14:50:34 -0500] "HEAD / HTTP/1.1" 200 -
138.84.40.217 - - [07/Jan/2024:14:50:36 -0500] "GET /POT-2013/index.php?dir=Cartografia%2F HTTP/1.1" 200 11465
138.84.40.217 - - [07/Jan/2024:14:50:36 -0500] "GET /POT-2013/dlf/dirup.png HTTP/1.1" 200 644
138.84.40.217 - - [07/Jan/2024:14:50:36 -0500] "GET /POT-2013/dlf/styles.css HTTP/1.1" 200 3045
138.84.40.217 - - [07/Jan/2024:14:50:36 -0500] "GET /POT-2013/dlf/pdf.gif HTTP/1.1" 200 272
138.84.40.217 - - [07/Jan/2024:14:50:36 -0500] "GET /POT-2013/dlf/bg.gif HTTP/1.1" 200 54
138.84.40.217 - - [07/Jan/2024:14:50:37 -0500] "GET /favicon.ico HTTP/1.1" 200 7782
186.84.20.222 - - [07/Jan/2024:14:50:39 -0500] "GET /inicia-el-2024-conociendo-la-biodiversidad-de-bogoti.html?fbclid=IwAR2or9Xpeb8KJfJs2rrvdmYHrIFJcXUTINAKjC1OprW8jgvwUwJC5kX3z4I HTTP/1.1" 200 894
47.128.38.80 - - [07/Jan/2024:14:52:00 -0500] "GET /BLA/resoluciones/dlf/unknown.png HTTP/1.1" 200 266
47.128.38.80 - - [07/Jan/2024:14:52:00 -0500] "GET /BLA/resoluciones/dlf/dirup.png HTTP/1.1" 200 644
47.128.38.80 - - [07/Jan/2024:14:51:59 -0500] "GET /BLA/resoluciones/index.php?dir=RESOLUCIONES%202005%2FRES%202005%201451-1500%2F&order=asc&sort=size HTTP/1.1" 200 12368
201.245.192.253 - - [07/Jan/2024:14:53:11 -0500] "POST /kwsrmcab/Wsrmcab  HTTP/1.1" 200 36937
172.22.2.4 - - [07/Jan/2024:14:52:09 -0500] "HEAD /BLA/boletinlegal/ HTTP/1.1" 200 -
172.22.2.4 - - [07/Jan/2024:14:52:59 -0500] "GET /BLA/boletinlegal/ HTTP/1.1" 200 58567
216.245.221.92 - - [07/Jan/2024:14:55:34 -0500] "HEAD / HTTP/1.1" 200 -
201.245.192.253 - - [07/Jan/2024:14:58:10 -0500] "POST /kwsrmcab/Wsrmcab  HTTP/1.1" 200 36937
172.22.2.4 - - [07/Jan/2024:14:57:59 -0500] "HEAD /BLA/boletinlegal/ HTTP/1.1" 200 -
66.249.66.19 - - [07/Jan/2024:14:59:40 -0500] "GET /silvicultura/6.pdf HTTP/1.1" 200 215404
66.249.70.165 - - [07/Jan/2024:14:59:55 -0500] "GET /caminatas-ecologicas-en-bogota-inscribete-y-participa-en-los-recorridos-de-abril.html HTTP/1.1" 200 868
172.22.2.4 - - [07/Jan/2024:14:58:49 -0500] "GET /BLA/boletinlegal/ HTTP/1.1" 200 60910
216.245.221.92 - - [07/Jan/2024:15:00:34 -0500] "HEAD / HTTP/1.1" 200 -
201.245.192.253 - - [07/Jan/2024:15:03:08 -0500] "POST /kwsrmcab/Wsrmcab  HTTP/1.1" 200 36937
205.210.31.35 - - [07/Jan/2024:15:03:56 -0500] "GET / HTTP/1.1" 200 319
189.92.255.82 - - [07/Jan/2024:15:04:56 -0500] "GET /inicia-el-2024-conociendo-la-biodiversidad-de-bogoti.html?fbclid=IwAR3iS1sfFuLCSIwPYRAOgFeG2GdUuW-94tvZzz3sKizT1u6YAFXG6pXcdj0_aem_AW7glxF4EIpih1amPJyQFAPimf0oXRO9LCLizWhYQkuox6BXj0qreE6qgALFYP_YLcQ HTTP/1.1" 200 894
191.156.154.179 - - [07/Jan/2024:15:05:15 -0500] "GET /inicia-el-2024-conociendo-la-biodiversidad-de-bogoti.html?fbclid=IwAR0oEE4vLwIllQEKinQdYCkS6h37TmxeZ9QXe5RUFNx8iIwh0LSNVNTqHyI HTTP/1.1" 200 894
172.22.2.4 - - [07/Jan/2024:15:03:49 -0500] "HEAD /BLA/boletinlegal/ HTTP/1.1" 200 -
216.245.221.92 - - [07/Jan/2024:15:05:34 -0500] "HEAD / HTTP/1.1" 200 -
186.102.99.202 - - [07/Jan/2024:15:05:56 -0500] "GET /inicia-el-2024-conociendo-la-biodiversidad-de-bogoti.html?fbclid=IwAR3t-AYeuPoZmlwgurdzR-bFLvGvHFPVADezozAhaDHzahUuNKNvVfW0k8I HTTP/1.1" 200 894
31.13.127.1 - - [07/Jan/2024:15:06:17 -0500] "GET /inicia-el-2024-conociendo-la-biodiversidad-de-bogoti.html HTTP/1.1" 200 894
172.22.2.4 - - [07/Jan/2024:15:04:39 -0500] "GET /BLA/boletinlegal/ HTTP/1.1" 200 58567
201.245.192.253 - - [07/Jan/2024:15:08:06 -0500] "POST /kwsrmcab/Wsrmcab  HTTP/1.1" 200 36937
216.244.66.195 - - [07/Jan/2024:15:08:39 -0500] "GET /BLA/resoluciones/AUTOS%202009/2187.pdf HTTP/1.1" 200 101464
216.244.66.195 - - [07/Jan/2024:15:08:44 -0500] "GET /BLA/resoluciones/AUTOS%202009/2597.pdf HTTP/1.1" 200 136613
216.244.66.195 - - [07/Jan/2024:15:08:48 -0500] "GET /BLA/resoluciones/AUTOS%202009/2720.pdf HTTP/1.1" 200 70962
216.244.66.195 - - [07/Jan/2024:15:08:54 -0500] "GET /BLA/resoluciones/AUTOS%202011/0007.pdf HTTP/1.1" 200 155709
216.244.66.195 - - [07/Jan/2024:15:08:57 -0500] "GET /BLA/resoluciones/AUTOS%202011/0270.pdf HTTP/1.1" 200 8760
216.244.66.195 - - [07/Jan/2024:15:09:00 -0500] "GET /BLA/resoluciones/AUTOS%202011/0926.pdf HTTP/1.1" 200 317556
216.244.66.195 - - [07/Jan/2024:15:09:03 -0500] "GET /BLA/resoluciones/AUTOS%202011/1349.pdf HTTP/1.1" 200 253339
216.244.66.195 - - [07/Jan/2024:15:09:15 -0500] "GET /BLA/resoluciones/AUTOS%202011/1543.pdf HTTP/1.1" 200 77817
216.244.66.195 - - [07/Jan/2024:15:09:25 -0500] "GET /BLA/resoluciones/AUTOS%202011/1696.pdf HTTP/1.1" 200 176113
216.244.66.195 - - [07/Jan/2024:15:09:32 -0500] "GET /BLA/resoluciones/AUTOS%202011/1732.pdf HTTP/1.1" 200 121180
186.84.89.46 - - [07/Jan/2024:15:09:37 -0500] "GET /inicia-el-2024-conociendo-la-biodiversidad-de-bogoti.html?fbclid=IwAR0Btden3Q5v5pLH4GqqVZvx039rvLgGiH_z6ep-vPDjPF4tyayMqpL8Bno HTTP/1.1" 200 894
66.249.70.163 - - [07/Jan/2024:15:09:41 -0500] "GET /secretaria-de-ambiente-avanza-con-la-implementacion-de-viveros-y-sistemas-de-recoleccion-de-agua-lluvia-en-humedales.html HTTP/1.1" 200 1031
216.244.66.195 - - [07/Jan/2024:15:09:44 -0500] "GET /BLA/resoluciones/AUTOS%202011/1933.pdf HTTP/1.1" 200 158834
191.156.147.227 - - [07/Jan/2024:15:09:50 -0500] "GET /inicia-el-2024-conociendo-la-biodiversidad-de-bogoti.html?fbclid=IwAR2uYZ_SVJfxvD6hu57SqZO4VIx4_T3miJ46ckQxC6C7ox75Xh-GwEgHDG0 HTTP/1.1" 200 894
216.244.66.195 - - [07/Jan/2024:15:09:57 -0500] "GET /BLA/resoluciones/AUTOS%202011/2134.pdf HTTP/1.1" 200 104324
191.95.51.193 - - [07/Jan/2024:15:09:58 -0500] "GET /inicia-el-2024-conociendo-la-biodiversidad-de-bogoti.html?fbclid=IwAR3p4_2o0L95C9iQP72CpyO3MoGAN9CDWGdk-F4-jQp555Be9-tBp5sapf8 HTTP/1.1" 200 894
216.244.66.195 - - [07/Jan/2024:15:10:10 -0500] "GET /BLA/resoluciones/AUTOS%202011/2184.pdf HTTP/1.1" 200 255299
216.245.221.92 - - [07/Jan/2024:15:10:34 -0500] "HEAD / HTTP/1.1" 200 -
216.244.66.195 - - [07/Jan/2024:15:10:51 -0500] "GET /BLA/resoluciones/AUTOS%202011/2409.pdf HTTP/1.1" 200 155945
172.22.2.4 - - [07/Jan/2024:15:09:39 -0500] "HEAD /BLA/boletinlegal/ HTTP/1.1" 200 -
216.244.66.195 - - [07/Jan/2024:15:11:21 -0500] "GET /BLA/resoluciones/AUTOS%202011/2444.pdf HTTP/1.1" 200 173740
216.244.66.195 - - [07/Jan/2024:15:11:52 -0500] "GET /BLA/resoluciones/AUTOS%202011/2706.pdf HTTP/1.1" 200 189462
172.22.2.4 - - [07/Jan/2024:15:10:29 -0500] "GET /BLA/boletinlegal/ HTTP/1.1" 200 58567
216.244.66.195 - - [07/Jan/2024:15:12:20 -0500] "GET /BLA/resoluciones/AUTOS%202011/3269.pdf HTTP/1.1" 200 204703
216.244.66.195 - - [07/Jan/2024:15:12:48 -0500] "GET /BLA/resoluciones/AUTOS%202011/3362.pdf HTTP/1.1" 200 418013
201.245.192.253 - - [07/Jan/2024:15:13:06 -0500] "POST /kwsrmcab/Wsrmcab  HTTP/1.1" 200 36937
216.244.66.195 - - [07/Jan/2024:15:13:15 -0500] "GET /BLA/resoluciones/AUTOS%202011/3764.pdf HTTP/1.1" 200 182626
216.244.66.195 - - [07/Jan/2024:15:13:42 -0500] "GET /BLA/resoluciones/AUTOS%202012/0397.pdf HTTP/1.1" 200 180130
216.244.66.195 - - [07/Jan/2024:15:14:06 -0500] "GET /BLA/resoluciones/AUTOS%202012/0587.pdf HTTP/1.1" 200 337120
216.244.66.195 - - [07/Jan/2024:15:14:29 -0500] "GET /BLA/resoluciones/AUTOS%202012/0683.pdf HTTP/1.1" 200 309307
186.86.32.45 - - [07/Jan/2024:15:14:46 -0500] "GET /inicia-el-2024-conociendo-la-biodiversidad-de-bogoti.html?fbclid=IwAR0YBWDFxDtTQR5B8A9Ia7MLkOqf2ilg5rCgpMzTF_3QdavgvhVHLj5fr2I HTTP/1.1" 200 894
216.244.66.195 - - [07/Jan/2024:15:14:52 -0500] "GET /BLA/resoluciones/AUTOS%202012/0737.pdf HTTP/1.1" 200 1497403
201.245.192.253 - - [07/Jan/2024:15:15:08 -0500] "POST /kwsrmcab/Wsrmcab HTTP/1.1" 200 37052
201.245.192.253 - - [07/Jan/2024:15:15:11 -0500] "POST /kwsrmcab/Wsrmcab HTTP/1.1" 200 37057
216.244.66.195 - - [07/Jan/2024:15:15:15 -0500] "GET /BLA/resoluciones/AUTOS%202012/0857.pdf HTTP/1.1" 200 794551
216.245.221.92 - - [07/Jan/2024:15:15:33 -0500] "HEAD / HTTP/1.1" 200 -
216.244.66.195 - - [07/Jan/2024:15:15:36 -0500] "GET /BLA/resoluciones/AUTOS%202012/0945.pdf HTTP/1.1" 200 172774
216.244.66.195 - - [07/Jan/2024:15:15:55 -0500] "GET /BLA/resoluciones/AUTOS%202012/1698.pdf HTTP/1.1" 200 379541
216.244.66.195 - - [07/Jan/2024:15:16:14 -0500] "GET /BLA/resoluciones/AUTOS%202012/1699.pdf HTTP/1.1" 200 894750
216.244.66.195 - - [07/Jan/2024:15:16:34 -0500] "GET /BLA/resoluciones/AUTOS%202012/2256.pdf HTTP/1.1" 200 705030
179.1.102.183 - - [07/Jan/2024:15:16:44 -0500] "GET /inicia-el-2024-conociendo-la-biodiversidad-de-bogoti.html?fbclid=IwAR0IvEwdmabQg74WGNm0C3isiys-5Jbx_ceIXmQqb4hNy6-1y7ba2HUfuEI HTTP/1.1" 200 894
216.244.66.195 - - [07/Jan/2024:15:16:50 -0500] "GET /BLA/resoluciones/AUTOS%202012/2710.pdf HTTP/1.1" 200 207734
66.249.66.20 - - [07/Jan/2024:15:16:51 -0500] "GET /portalsiaccapacitaciones/Soportes%20Capacitaciones%202016/Mesas%20de%20Trabajo%202016/UNIVERSIDAD%20DISTRITAL.pdf HTTP/1.1" 200 1615318
216.244.66.195 - - [07/Jan/2024:15:17:06 -0500] "GET /BLA/resoluciones/AUTOS%202012/2819.pdf HTTP/1.1" 200 291457
172.22.2.4 - - [07/Jan/2024:15:15:29 -0500] "HEAD /BLA/boletinlegal/ HTTP/1.1" 200 -
216.244.66.195 - - [07/Jan/2024:15:17:20 -0500] "GET /BLA/resoluciones/AUTOS%202012/2938.pdf HTTP/1.1" 200 507752
216.244.66.195 - - [07/Jan/2024:15:17:34 -0500] "GET /BLA/resoluciones/AUTOS%202013/0108.pdf HTTP/1.1" 200 1468044
172.22.2.4 - - [07/Jan/2024:15:16:58 -0500] "GET /BLA/boletinlegal/ HTTP/1.1" 200 24523
216.244.66.195 - - [07/Jan/2024:15:17:48 -0500] "GET /BLA/resoluciones/AUTOS%202013/0254.pdf HTTP/1.1" 200 964056
172.22.2.4 - - [07/Jan/2024:15:16:19 -0500] "GET /BLA/boletinlegal/ HTTP/1.1" 200 55379
216.244.66.195 - - [07/Jan/2024:15:18:00 -0500] "GET /BLA/resoluciones/AUTOS%202013/0284.pdf HTTP/1.1" 200 1067531
201.245.192.253 - - [07/Jan/2024:15:18:04 -0500] "POST /kwsrmcab/Wsrmcab  HTTP/1.1" 200 36937
216.244.66.195 - - [07/Jan/2024:15:18:11 -0500] "GET /BLA/resoluciones/AUTOS%202013/1187.pdf HTTP/1.1" 200 1636566
216.244.66.195 - - [07/Jan/2024:15:18:50 -0500] "GET /BLA/resoluciones/AUTOS%202013/1278.pdf HTTP/1.1" 200 274189
216.244.66.195 - - [07/Jan/2024:15:19:21 -0500] "GET /BLA/resoluciones/AUTOS%202013/1325.pdf HTTP/1.1" 200 1605013
201.245.192.253 - - [07/Jan/2024:15:19:20 -0500] "POST /kwsrmcab/Wsrmcab HTTP/1.1" 200 37052
216.244.66.195 - - [07/Jan/2024:15:19:52 -0500] "GET /BLA/resoluciones/AUTOS%202013/1413.pdf HTTP/1.1" 200 563388
201.245.192.253 - - [07/Jan/2024:15:19:52 -0500] "POST /kwsrmcab/Wsrmcab HTTP/1.1" 200 37057
216.244.66.195 - - [07/Jan/2024:15:20:20 -0500] "GET /BLA/resoluciones/AUTOS%202013/2027.pdf HTTP/1.1" 200 439098
216.245.221.92 - - [07/Jan/2024:15:20:34 -0500] "HEAD / HTTP/1.1" 200 -
216.244.66.195 - - [07/Jan/2024:15:20:51 -0500] "GET /BLA/resoluciones/AUTOS%202013/2283.pdf HTTP/1.1" 200 625145
216.244.66.195 - - [07/Jan/2024:15:21:18 -0500] "GET /BLA/resoluciones/AUTOS%202013/2296.pdf HTTP/1.1" 200 625184
216.244.66.195 - - [07/Jan/2024:15:21:43 -0500] "GET /BLA/resoluciones/AUTOS%202013/2337.pdf HTTP/1.1" 200 726823
216.244.66.195 - - [07/Jan/2024:15:22:08 -0500] "GET /BLA/resoluciones/AUTOS%202013/2563.pdf HTTP/1.1" 200 608381
52.167.144.140 - - [07/Jan/2024:15:22:28 -0500] "GET /BLA/resoluciones/RESOLUCIONES%202023/02482.pdf HTTP/1.1" 200 483584
216.244.66.195 - - [07/Jan/2024:15:22:31 -0500] "GET /BLA/resoluciones/AUTOS%202014/1188.pdf HTTP/1.1" 200 123185
216.244.66.195 - - [07/Jan/2024:15:22:53 -0500] "GET /BLA/resoluciones/AUTOS%202014/1488.pdf HTTP/1.1" 200 433650
172.22.2.4 - - [07/Jan/2024:15:21:19 -0500] "HEAD /BLA/boletinlegal/ HTTP/1.1" 200 -
201.245.192.253 - - [07/Jan/2024:15:23:02 -0500] "POST /kwsrmcab/Wsrmcab  HTTP/1.1" 200 36937
179.19.102.218 - - [07/Jan/2024:15:23:08 -0500] "GET /distrito-exalto-a-246-empresas-de-bogota-por-su-alto-desempeno-y-responsabilidad-ambiental-durante-2023.html HTTP/1.1" 200 1039
65.109.155.252 - - [07/Jan/2024:15:23:07 -0500] "GET /portaldeninos/glosario/ HTTP/1.1" 200 97198
172.22.2.4 - - [07/Jan/2024:15:22:01 -0500] "GET /BLA/boletinlegal/ HTTP/1.1" 200 43326
172.22.2.4 - - [07/Jan/2024:15:22:09 -0500] "GET /BLA/boletinlegal/ HTTP/1.1" 200 42572
172.22.2.4 - - [07/Jan/2024:15:22:35 -0500] "GET /BLA/boletinlegal/ HTTP/1.1" 200 40907
190.27.21.152 - - [07/Jan/2024:15:24:07 -0500] "GET /inicia-el-2024-conociendo-la-biodiversidad-de-bogoti.html?fbclid=IwAR2KWL-Gdv5RAb7hLTZZH15RTKpYeJMEwB8S76lgenaqDVw6ycsmQf4M2fI HTTP/1.1" 200 894
52.167.144.140 - - [07/Jan/2024:15:24:28 -0500] "GET /BLA/resoluciones/RESOLUCIONES%202013/1123.pdf HTTP/1.1" 200 741396
201.245.192.253 - - [07/Jan/2024:15:25:07 -0500] "POST /kwsrmcab/Wsrmcab HTTP/1.1" 200 37052
201.245.192.253 - - [07/Jan/2024:15:25:10 -0500] "POST /kwsrmcab/Wsrmcab HTTP/1.1" 200 37057
216.245.221.92 - - [07/Jan/2024:15:25:35 -0500] "HEAD / HTTP/1.1" 200 -
173.252.83.120 - - [07/Jan/2024:15:25:54 -0500] "GET /images/Sello%201%20JA-2.jpeg HTTP/1.1" 200 42236
40.77.167.52 - - [07/Jan/2024:15:26:17 -0500] "GET /BLA/resoluciones/RESOLUCIONES%202013/1240.pdf HTTP/1.1" 200 827985
181.59.2.95 - - [07/Jan/2024:15:27:23 -0500] "GET /inicia-el-2024-conociendo-la-biodiversidad-de-bogoti.html?fbclid=IwAR0Pgeeb6wufrUaiYCD0svpsMaORnMBpRJ64BZiLfZr60BqIkDb50-wqqe8 HTTP/1.1" 200 894
201.245.192.253 - - [07/Jan/2024:15:28:00 -0500] "POST /kwsrmcab/Wsrmcab  HTTP/1.1" 200 36937
40.77.167.44 - - [07/Jan/2024:15:28:45 -0500] "GET /portaldeninos/wp-content/uploads/2021/11/pieza-diversidad-bogota-22-mayo-50x28.jpg HTTP/1.1" 200 1389
172.22.2.4 - - [07/Jan/2024:15:27:09 -0500] "HEAD /BLA/boletinlegal/ HTTP/1.1" 200 -
201.245.192.253 - - [07/Jan/2024:15:29:20 -0500] "POST /kwsrmcab/Wsrmcab HTTP/1.1" 200 37052
172.22.2.4 - - [07/Jan/2024:15:27:59 -0500] "GET /BLA/boletinlegal/ HTTP/1.1" 200 58969
201.245.192.253 - - [07/Jan/2024:15:29:54 -0500] "POST /kwsrmcab/Wsrmcab HTTP/1.1" 200 37057
216.245.221.92 - - [07/Jan/2024:15:30:33 -0500] "HEAD / HTTP/1.1" 200 -
186.80.52.39 - - [07/Jan/2024:15:30:53 -0500] "GET /inicia-el-2024-conociendo-la-biodiversidad-de-bogoti.html?fbclid=IwAR0geYp1NUlflbuApKUwmH8fB4pcc9Zz7oRmS1VMWX_pAXyhKa9bgCjI8HA HTTP/1.1" 200 894
186.29.33.92 - - [07/Jan/2024:15:31:38 -0500] "GET /inicia-el-2024-conociendo-la-biodiversidad-de-bogoti.html?fbclid=IwAR257L6npzywPzRHD0LO3C_WYkdaGQXFpr7pWsND_ah1buAdY46vkfpmgJU HTTP/1.1" 200 894
216.244.66.195 - - [07/Jan/2024:15:32:19 -0500] "GET /robots.txt HTTP/1.1" 404 1018
201.245.192.253 - - [07/Jan/2024:15:32:59 -0500] "POST /kwsrmcab/Wsrmcab  HTTP/1.1" 200 36937
186.102.23.245 - - [07/Jan/2024:15:34:26 -0500] "GET /inicia-el-2024-conociendo-la-biodiversidad-de-bogoti.html?fbclid=IwAR0mBydO2q5Pc7luTlQ_aKeapbNngKKyB5Pr14esU68rkQwvUx2mjkizNMY HTTP/1.1" 200 894
172.22.2.4 - - [07/Jan/2024:15:32:59 -0500] "HEAD /BLA/boletinlegal/ HTTP/1.1" 200 -
191.156.182.226 - - [07/Jan/2024:15:35:02 -0500] "GET /inicia-el-2024-conociendo-la-biodiversidad-de-bogoti.html?fbclid=IwAR1xyXAvHfjLNKbKv9uiPll_y-Le9LIVTBlF6MESJJhFRXu4FPwU7PdO2-E HTTP/1.1" 200 894
201.245.192.253 - - [07/Jan/2024:15:35:08 -0500] "POST /kwsrmcab/Wsrmcab HTTP/1.1" 200 37052
201.245.192.253 - - [07/Jan/2024:15:35:10 -0500] "POST /kwsrmcab/Wsrmcab HTTP/1.1" 200 37057
172.22.2.4 - - [07/Jan/2024:15:33:37 -0500] "GET /BLA/boletinlegal/ HTTP/1.1" 200 50586
190.24.57.116 - - [07/Jan/2024:15:35:27 -0500] "GET /appsia/controlador HTTP/1.1" 200 4799
190.24.57.116 - - [07/Jan/2024:15:35:27 -0500] "GET /appsia/css/estilos.css HTTP/1.1" 200 4804
190.24.57.116 - - [07/Jan/2024:15:35:27 -0500] "GET /appsia/scripts/validarIngreso.js HTTP/1.1" 200 851
190.24.57.116 - - [07/Jan/2024:15:35:27 -0500] "GET /appsia/images/logo_bogota_p.png HTTP/1.1" 200 14951
190.24.57.116 - - [07/Jan/2024:15:35:27 -0500] "GET /appsia/images/cabezoteHojaVida.png HTTP/1.1" 200 32493
190.24.57.116 - - [07/Jan/2024:15:35:27 -0500] "GET /favicon.ico HTTP/1.1" 200 7782
172.22.2.4 - - [07/Jan/2024:15:33:49 -0500] "GET /BLA/boletinlegal/ HTTP/1.1" 200 52008
190.24.57.116 - - [07/Jan/2024:15:35:30 -0500] "POST /appsia/controlador HTTP/1.1" 200 3600
190.24.57.116 - - [07/Jan/2024:15:35:30 -0500] "GET /appsia/jscripts/validarSolicitud.js HTTP/1.1" 404 68
181.53.96.19 - - [07/Jan/2024:15:35:31 -0500] "GET /inicia-el-2024-conociendo-la-biodiversidad-de-bogoti.html?fbclid=IwAR3jt5rbQbOHCLTpQsZiUmxjMlQbo1UlWKSax3eOb6XNmMsBiz2M-TUwyiw HTTP/1.1" 200 894
190.24.57.116 - - [07/Jan/2024:15:35:33 -0500] "POST /appsia/controlador HTTP/1.1" 200 4799
216.245.221.92 - - [07/Jan/2024:15:35:33 -0500] "HEAD / HTTP/1.1" 200 -
190.24.57.116 - - [07/Jan/2024:15:36:10 -0500] "POST /appsia/controlador HTTP/1.1" 200 3600
190.24.57.116 - - [07/Jan/2024:15:36:10 -0500] "GET /appsia/jscripts/validarSolicitud.js HTTP/1.1" 404 68
47.128.127.203 - - [07/Jan/2024:15:36:53 -0500] "GET /BLA/resoluciones/index.php?dir=RESOLUCIONES%202007%2FRES%202007%203401%20AL%203500%2F&order=desc&sort=size HTTP/1.1" 200 26617
47.128.127.203 - - [07/Jan/2024:15:36:54 -0500] "GET /BLA/resoluciones/dlf/pdf.gif HTTP/1.1" 200 272
47.128.127.203 - - [07/Jan/2024:15:36:54 -0500] "GET /BLA/resoluciones/dlf/dirup.png HTTP/1.1" 200 644
172.22.2.4 - - [07/Jan/2024:15:37:39 -0500] "GET /BLA/boletinlegal/Circulares/2019/.pdf HTTP/1.1" 404 1218
190.24.57.116 - - [07/Jan/2024:15:37:53 -0500] "POST /appsia/controlador HTTP/1.1" 200 4799
201.245.192.253 - - [07/Jan/2024:15:37:57 -0500] "POST /kwsrmcab/Wsrmcab  HTTP/1.1" 200 36937
190.24.57.116 - - [07/Jan/2024:15:38:41 -0500] "POST /appsia/controlador HTTP/1.1" 200 5437
190.24.57.116 - - [07/Jan/2024:15:38:47 -0500] "POST /appsia/controlador HTTP/1.1" 200 3238
190.24.57.116 - - [07/Jan/2024:15:38:47 -0500] "GET /appsia/jscripts/validarSolicitud.js HTTP/1.1" 404 68
190.24.57.116 - - [07/Jan/2024:15:38:50 -0500] "POST /appsia/controlador HTTP/1.1" 200 7737
190.24.57.116 - - [07/Jan/2024:15:38:50 -0500] "GET /appsia/images/logo_escudo.png HTTP/1.1" 200 36965
201.245.192.253 - - [07/Jan/2024:15:39:20 -0500] "POST /kwsrmcab/Wsrmcab HTTP/1.1" 200 37052
201.245.192.253 - - [07/Jan/2024:15:39:54 -0500] "POST /kwsrmcab/Wsrmcab HTTP/1.1" 200 37057
172.22.2.4 - - [07/Jan/2024:15:38:49 -0500] "HEAD /BLA/boletinlegal/ HTTP/1.1" 200 -
216.245.221.92 - - [07/Jan/2024:15:40:33 -0500] "HEAD / HTTP/1.1" 200 -
190.24.57.116 - - [07/Jan/2024:15:40:39 -0500] "GET /appsia/controlador HTTP/1.1" 200 5437
173.252.83.119 - - [07/Jan/2024:15:40:58 -0500] "GET /images/participacion%2019-12-23.jpg HTTP/1.1" 200 73861
173.252.83.4 - - [07/Jan/2024:15:40:58 -0500] "GET /images/Musgo%2017%20-%2012%20-%202023.jpeg HTTP/1.1" 200 66238
173.252.83.9 - - [07/Jan/2024:15:40:58 -0500] "GET /images/arbol%20centro.jpg HTTP/1.1" 200 69467
173.252.83.10 - - [07/Jan/2024:15:40:58 -0500] "GET /images/Aves%20SDA.jpeg HTTP/1.1" 200 75104
173.252.83.4 - - [07/Jan/2024:15:40:58 -0500] "GET /images/PREAD%20SDA%201.jpeg HTTP/1.1" 200 65620
173.252.83.10 - - [07/Jan/2024:15:40:59 -0500] "GET /images/reconocimiento%20practicas%20ambientales.jpg HTTP/1.1" 200 63397
173.252.83.120 - - [07/Jan/2024:15:40:59 -0500] "GET /images/terrazas%20verdes.jpg HTTP/1.1" 200 63951
173.252.83.113 - - [07/Jan/2024:15:41:04 -0500] "GET /images/calidad-aire.jpg HTTP/1.1" 200 42421
172.22.2.4 - - [07/Jan/2024:15:39:39 -0500] "GET /BLA/boletinlegal/ HTTP/1.1" 200 60910
52.167.144.238 - - [07/Jan/2024:15:41:55 -0500] "GET /inicia-el-2024-conociendo-la-biodiversidad-de-bogoti.html HTTP/1.1" 200 894
52.167.144.174 - - [07/Jan/2024:15:42:18 -0500] "GET /BLA/resoluciones/AUTOS%202020/3819.pdf HTTP/1.1" 200 412780
31.13.115.8 - - [07/Jan/2024:15:42:22 -0500] "GET /inicia-el-2024-conociendo-la-biodiversidad-de-bogoti.html HTTP/1.1" 200 894
201.245.192.253 - - [07/Jan/2024:15:42:56 -0500] "POST /kwsrmcab/Wsrmcab  HTTP/1.1" 200 36937
181.53.96.133 - - [07/Jan/2024:15:44:00 -0500] "GET /inicia-el-2024-conociendo-la-biodiversidad-de-bogoti.html?fbclid=IwAR1auC0OjTXQhyyV_Gp0rQcQHKJcu3cHQ0W-bpz--mhZ369Nqc8CpnN8b3o HTTP/1.1" 200 894
36.89.11.81 - - [07/Jan/2024:15:44:37 -0500] "GET / HTTP/1.1" 200 319
104.28.32.229 - - [07/Jan/2024:15:44:44 -0500] "GET /inicia-el-2024-conociendo-la-biodiversidad-de-bogoti.html?fbclid=IwAR09two5DOMVNbB8yZOq5GTaF9p438Jkcm5o3Mh_OuFSoWuby4efJZsgjsk_aem_AVqFrQFfuxCijSihYM2eupb1KrkPTq_N9R6UQdgSl2wCojpcvQAsXZj5f7jROD7VVu8 HTTP/1.1" 200 894
216.245.221.92 - - [07/Jan/2024:15:45:33 -0500] "HEAD / HTTP/1.1" 200 -
216.244.66.195 - - [07/Jan/2024:15:45:54 -0500] "GET /BLA/resoluciones/AUTOS%202009/1251.pdf HTTP/1.1" 200 110480
216.244.66.195 - - [07/Jan/2024:15:45:59 -0500] "GET /BLA/resoluciones/AUTOS%202009/1345.pdf HTTP/1.1" 200 70026
216.244.66.195 - - [07/Jan/2024:15:46:04 -0500] "GET /BLA/resoluciones/AUTOS%202009/1581.pdf HTTP/1.1" 200 125723
216.244.66.195 - - [07/Jan/2024:15:46:08 -0500] "GET /BLA/resoluciones/AUTOS%202009/2171.pdf HTTP/1.1" 200 111067
216.244.66.195 - - [07/Jan/2024:15:46:11 -0500] "GET /BLA/resoluciones/AUTOS%202009/2172.pdf HTTP/1.1" 200 107087
216.244.66.195 - - [07/Jan/2024:15:46:14 -0500] "GET /BLA/resoluciones/AUTOS%202009/2552.pdf HTTP/1.1" 200 101603
172.22.2.4 - - [07/Jan/2024:15:44:39 -0500] "HEAD /BLA/boletinlegal/ HTTP/1.1" 200 -
216.244.66.195 - - [07/Jan/2024:15:46:21 -0500] "GET /BLA/resoluciones/AUTOS%202009/2561.pdf HTTP/1.1" 200 109546
216.244.66.195 - - [07/Jan/2024:15:46:25 -0500] "GET /BLA/resoluciones/AUTOS%202009/2594.pdf HTTP/1.1" 200 119920
216.244.66.195 - - [07/Jan/2024:15:46:29 -0500] "GET /BLA/resoluciones/AUTOS%202009/2899.pdf HTTP/1.1" 200 86012
216.244.66.195 - - [07/Jan/2024:15:46:33 -0500] "GET /BLA/resoluciones/AUTOS%202011/0170.pdf HTTP/1.1" 200 163603
216.244.66.195 - - [07/Jan/2024:15:46:46 -0500] "GET /BLA/resoluciones/AUTOS%202011/0497.pdf HTTP/1.1" 200 157680
216.244.66.195 - - [07/Jan/2024:15:46:56 -0500] "GET /BLA/resoluciones/AUTOS%202011/0551.pdf HTTP/1.1" 200 183907
191.95.61.119 - - [07/Jan/2024:15:47:03 -0500] "GET /inicia-el-2024-conociendo-la-biodiversidad-de-bogoti.html?fbclid=IwAR0QvQeuzEOzUGw2t9PhVVyhhWyyCUjbGNYkswv3UDd5gj6iKrCI8YhLnR0 HTTP/1.1" 200 894
216.244.66.195 - - [07/Jan/2024:15:47:05 -0500] "GET /BLA/resoluciones/AUTOS%202011/0770.pdf HTTP/1.1" 200 168713
172.22.2.4 - - [07/Jan/2024:15:45:29 -0500] "GET /BLA/boletinlegal/ HTTP/1.1" 200 56873
216.244.66.195 - - [07/Jan/2024:15:47:13 -0500] "GET /BLA/resoluciones/AUTOS%202011/0790.pdf HTTP/1.1" 200 161499
191.156.146.197 - - [07/Jan/2024:15:47:23 -0500] "GET /inicia-el-2024-conociendo-la-biodiversidad-de-bogoti.html?fbclid=IwAR09wHpTawVGei8wCGgNSa0Gje7jPajSDTxT9XhwB3buBgM1xQKv58INoNQ HTTP/1.1" 200 894
216.244.66.195 - - [07/Jan/2024:15:47:30 -0500] "GET /BLA/resoluciones/AUTOS%202011/0816.pdf HTTP/1.1" 200 98297
216.244.66.195 - - [07/Jan/2024:15:47:43 -0500] "GET /BLA/resoluciones/AUTOS%202011/0864.pdf HTTP/1.1" 200 150887
172.22.2.4 - - [07/Jan/2024:15:47:17 -0500] "GET /BLA/boletinlegal/ HTTP/1.1" 200 24523
201.245.192.253 - - [07/Jan/2024:15:47:55 -0500] "POST /kwsrmcab/Wsrmcab  HTTP/1.1" 200 36937
40.77.167.54 - - [07/Jan/2024:15:50:10 -0500] "GET /sipse/faces/autenticacion.xhtml HTTP/1.1" 200 12724
216.245.221.92 - - [07/Jan/2024:15:50:33 -0500] "HEAD / HTTP/1.1" 200 -
40.77.167.16 - - [07/Jan/2024:15:51:50 -0500] "GET /BLA/resoluciones/AUTOS%202020/3461.pdf HTTP/1.1" 200 368194
47.128.16.151 - - [07/Jan/2024:15:51:55 -0500] "GET /BLA/resoluciones/index.php?dir=RESOLUCIONES%202006%2FRES%202006%202401-2450%2F&order=asc&sort=name HTTP/1.1" 200 12370
47.128.16.151 - - [07/Jan/2024:15:51:56 -0500] "GET /BLA/resoluciones/dlf/dirup.png HTTP/1.1" 200 644
47.128.16.151 - - [07/Jan/2024:15:51:56 -0500] "GET /BLA/resoluciones/dlf/unknown.png HTTP/1.1" 200 266
172.22.2.4 - - [07/Jan/2024:15:50:29 -0500] "HEAD /BLA/boletinlegal/ HTTP/1.1" 200 -
201.245.192.253 - - [07/Jan/2024:15:52:54 -0500] "POST /kwsrmcab/Wsrmcab  HTTP/1.1" 200 36937
172.22.2.4 - - [07/Jan/2024:15:51:19 -0500] "GET /BLA/boletinlegal/ HTTP/1.1" 200 60910
186.84.22.91 - - [07/Jan/2024:15:53:41 -0500] "GET /inicia-el-2024-conociendo-la-biodiversidad-de-bogoti.html?fbclid=IwAR038SCzyGiXRJlAsaoUl8wtP4-C37G_kkQm5K3MqN1PSytBDpk4He7PVXc HTTP/1.1" 200 894
168.119.253.32 - - [07/Jan/2024:15:53:54 -0500] "GET / HTTP/1.1" 200 319
168.119.253.32 - - [07/Jan/2024:15:53:55 -0500] "GET / HTTP/1.1" 200 4720
216.244.66.195 - - [07/Jan/2024:15:54:55 -0500] "GET /BLA/resoluciones/AUTOS%202009/1251.pdf HTTP/1.1" 200 110480
216.244.66.195 - - [07/Jan/2024:15:55:00 -0500] "GET /BLA/resoluciones/AUTOS%202009/1345.pdf HTTP/1.1" 200 70026
216.244.66.195 - - [07/Jan/2024:15:55:06 -0500] "GET /BLA/resoluciones/AUTOS%202009/1581.pdf HTTP/1.1" 200 125723
216.244.66.195 - - [07/Jan/2024:15:55:12 -0500] "GET /BLA/resoluciones/AUTOS%202009/2171.pdf HTTP/1.1" 200 111067
216.244.66.195 - - [07/Jan/2024:15:55:16 -0500] "GET /BLA/resoluciones/AUTOS%202009/2172.pdf HTTP/1.1" 200 107087
216.244.66.195 - - [07/Jan/2024:15:55:19 -0500] "GET /BLA/resoluciones/AUTOS%202009/2552.pdf HTTP/1.1" 200 101603
216.244.66.195 - - [07/Jan/2024:15:55:23 -0500] "GET /BLA/resoluciones/AUTOS%202009/2561.pdf HTTP/1.1" 200 109546
216.244.66.195 - - [07/Jan/2024:15:55:26 -0500] "GET /BLA/resoluciones/AUTOS%202009/2594.pdf HTTP/1.1" 200 119920
216.245.221.92 - - [07/Jan/2024:15:55:33 -0500] "HEAD / HTTP/1.1" 200 -
216.244.66.195 - - [07/Jan/2024:15:55:38 -0500] "GET /BLA/resoluciones/AUTOS%202009/2899.pdf HTTP/1.1" 200 86012
216.244.66.195 - - [07/Jan/2024:15:55:46 -0500] "GET /BLA/resoluciones/AUTOS%202011/0170.pdf HTTP/1.1" 200 163603
216.244.66.195 - - [07/Jan/2024:15:56:08 -0500] "GET /BLA/resoluciones/AUTOS%202011/0497.pdf HTTP/1.1" 200 157680
216.244.66.195 - - [07/Jan/2024:15:56:26 -0500] "GET /BLA/resoluciones/AUTOS%202011/0551.pdf HTTP/1.1" 200 183907
216.244.66.195 - - [07/Jan/2024:15:56:43 -0500] "GET /BLA/resoluciones/AUTOS%202011/0770.pdf HTTP/1.1" 200 168713
216.244.66.195 - - [07/Jan/2024:15:56:58 -0500] "GET /BLA/resoluciones/AUTOS%202011/0790.pdf HTTP/1.1" 200 161499
216.244.66.195 - - [07/Jan/2024:15:57:13 -0500] "GET /BLA/resoluciones/AUTOS%202011/0816.pdf HTTP/1.1" 200 98297
216.244.66.195 - - [07/Jan/2024:15:57:25 -0500] "GET /BLA/resoluciones/AUTOS%202011/0864.pdf HTTP/1.1" 200 150887
201.245.192.253 - - [07/Jan/2024:15:57:53 -0500] "POST /kwsrmcab/Wsrmcab  HTTP/1.1" 200 36937
172.22.2.4 - - [07/Jan/2024:15:56:18 -0500] "HEAD /BLA/boletinlegal/ HTTP/1.1" 200 -
172.22.2.4 - - [07/Jan/2024:15:57:09 -0500] "GET /BLA/boletinlegal/ HTTP/1.1" 200 60502
200.118.61.34 - - [07/Jan/2024:16:00:30 -0500] "GET /inicia-el-2024-conociendo-la-biodiversidad-de-bogoti.html?fbclid=IwAR2F4aCO2qdKv60N40Bi6zdxHArBXctxLxZtVQAtx2odPSdDd8ZSId-o-nM HTTP/1.1" 200 894
216.245.221.92 - - [07/Jan/2024:16:00:33 -0500] "HEAD / HTTP/1.1" 200 -
201.245.192.253 - - [07/Jan/2024:16:02:52 -0500] "POST /kwsrmcab/Wsrmcab  HTTP/1.1" 200 36937
120.71.59.24 - - [07/Jan/2024:16:03:13 -0500] "GET / HTTP/1.1" 200 319
160.176.142.246 - - [07/Jan/2024:16:03:32 -0500] "GET /.env HTTP/1.1" 404 1018
160.176.142.246 - - [07/Jan/2024:16:03:33 -0500] "POST / HTTP/1.1" 200 319
160.176.142.246 - - [07/Jan/2024:16:03:35 -0500] "GET /.env HTTP/1.1" 404 1018
191.156.236.243 - - [07/Jan/2024:16:03:35 -0500] "GET /inicia-el-2024-conociendo-la-biodiversidad-de-bogoti.html?fbclid=IwAR02VX_dBQkziF1QIfiK-mA7w5G698ooklkAal200B_PDMR3tBUljgJLQH0 HTTP/1.1" 200 894
160.176.142.246 - - [07/Jan/2024:16:03:36 -0500] "POST / HTTP/1.1" 200 319
160.176.142.246 - - [07/Jan/2024:16:03:39 -0500] "GET /.env HTTP/1.1" 404 1018
160.176.142.246 - - [07/Jan/2024:16:03:40 -0500] "POST / HTTP/1.1" 200 319
160.176.142.246 - - [07/Jan/2024:16:03:42 -0500] "GET /.env HTTP/1.1" 404 1018
160.176.142.246 - - [07/Jan/2024:16:03:42 -0500] "POST / HTTP/1.1" 200 319
160.176.142.246 - - [07/Jan/2024:16:03:45 -0500] "GET /.env HTTP/1.1" 404 1018
160.176.142.246 - - [07/Jan/2024:16:03:45 -0500] "POST / HTTP/1.1" 200 319
160.176.142.246 - - [07/Jan/2024:16:03:47 -0500] "GET /.env HTTP/1.1" 404 1018
160.176.142.246 - - [07/Jan/2024:16:03:47 -0500] "POST / HTTP/1.1" 200 319
172.22.2.4 - - [07/Jan/2024:16:02:08 -0500] "HEAD /BLA/boletinlegal/ HTTP/1.1" 200 -
160.176.142.246 - - [07/Jan/2024:16:03:49 -0500] "GET /.env HTTP/1.1" 404 1018
160.176.142.246 - - [07/Jan/2024:16:03:49 -0500] "POST / HTTP/1.1" 200 319
160.176.142.246 - - [07/Jan/2024:16:03:51 -0500] "GET /.env HTTP/1.1" 404 1018
160.176.142.246 - - [07/Jan/2024:16:03:52 -0500] "POST / HTTP/1.1" 200 319
160.176.142.246 - - [07/Jan/2024:16:03:55 -0500] "GET /.env HTTP/1.1" 404 1018
160.176.142.246 - - [07/Jan/2024:16:03:56 -0500] "POST / HTTP/1.1" 200 319
160.176.142.246 - - [07/Jan/2024:16:03:59 -0500] "GET /.env HTTP/1.1" 404 1018
160.176.142.246 - - [07/Jan/2024:16:03:59 -0500] "POST / HTTP/1.1" 200 319
160.176.142.246 - - [07/Jan/2024:16:04:02 -0500] "GET /.env HTTP/1.1" 404 1018
160.176.142.246 - - [07/Jan/2024:16:04:02 -0500] "POST / HTTP/1.1" 200 319
160.176.142.246 - - [07/Jan/2024:16:04:05 -0500] "GET /.env HTTP/1.1" 404 1018
160.176.142.246 - - [07/Jan/2024:16:04:06 -0500] "POST / HTTP/1.1" 200 319
160.176.142.246 - - [07/Jan/2024:16:04:08 -0500] "GET /.env HTTP/1.1" 404 1018
160.176.142.246 - - [07/Jan/2024:16:04:08 -0500] "POST / HTTP/1.1" 200 319
160.176.142.246 - - [07/Jan/2024:16:04:11 -0500] "GET /.env HTTP/1.1" 404 1018
160.176.142.246 - - [07/Jan/2024:16:04:12 -0500] "POST / HTTP/1.1" 200 319
160.176.142.246 - - [07/Jan/2024:16:04:14 -0500] "GET /.env HTTP/1.1" 404 1018
160.176.142.246 - - [07/Jan/2024:16:04:15 -0500] "POST / HTTP/1.1" 200 319
160.176.142.246 - - [07/Jan/2024:16:04:19 -0500] "GET /.env HTTP/1.1" 404 1018
160.176.142.246 - - [07/Jan/2024:16:04:21 -0500] "GET /.env HTTP/1.1" 404 1018
160.176.142.246 - - [07/Jan/2024:16:04:22 -0500] "POST / HTTP/1.1" 200 319
160.176.142.246 - - [07/Jan/2024:16:04:26 -0500] "GET /.env HTTP/1.1" 404 1018
160.176.142.246 - - [07/Jan/2024:16:04:26 -0500] "POST / HTTP/1.1" 200 319
160.176.142.246 - - [07/Jan/2024:16:04:28 -0500] "GET /.env HTTP/1.1" 404 1018
160.176.142.246 - - [07/Jan/2024:16:04:29 -0500] "POST / HTTP/1.1" 200 319
160.176.142.246 - - [07/Jan/2024:16:04:32 -0500] "GET /.env HTTP/1.1" 404 1018
160.176.142.246 - - [07/Jan/2024:16:04:33 -0500] "POST / HTTP/1.1" 200 319
160.176.142.246 - - [07/Jan/2024:16:04:37 -0500] "GET /.env HTTP/1.1" 404 1018
160.176.142.246 - - [07/Jan/2024:16:04:37 -0500] "POST / HTTP/1.1" 200 319
172.22.2.4 - - [07/Jan/2024:16:02:59 -0500] "GET /BLA/boletinlegal/ HTTP/1.1" 200 57683
160.176.142.246 - - [07/Jan/2024:16:04:39 -0500] "GET /.env HTTP/1.1" 404 1018
160.176.142.246 - - [07/Jan/2024:16:04:40 -0500] "POST / HTTP/1.1" 200 319
160.176.142.246 - - [07/Jan/2024:16:04:45 -0500] "GET /.env HTTP/1.1" 404 1018
160.176.142.246 - - [07/Jan/2024:16:04:46 -0500] "POST / HTTP/1.1" 200 319
160.176.142.246 - - [07/Jan/2024:16:04:48 -0500] "GET /.env HTTP/1.1" 404 1018
160.176.142.246 - - [07/Jan/2024:16:04:48 -0500] "POST / HTTP/1.1" 200 319
160.176.142.246 - - [07/Jan/2024:16:04:50 -0500] "GET /.env HTTP/1.1" 404 1018
160.176.142.246 - - [07/Jan/2024:16:04:50 -0500] "POST / HTTP/1.1" 200 319
160.176.142.246 - - [07/Jan/2024:16:04:52 -0500] "GET /.env HTTP/1.1" 404 1018
160.176.142.246 - - [07/Jan/2024:16:04:53 -0500] "POST / HTTP/1.1" 200 319
160.176.142.246 - - [07/Jan/2024:16:04:55 -0500] "GET /.env HTTP/1.1" 404 1018
160.176.142.246 - - [07/Jan/2024:16:04:55 -0500] "POST / HTTP/1.1" 200 319
160.176.142.246 - - [07/Jan/2024:16:04:57 -0500] "GET /.env HTTP/1.1" 404 1018
160.176.142.246 - - [07/Jan/2024:16:04:58 -0500] "POST / HTTP/1.1" 200 319
160.176.142.246 - - [07/Jan/2024:16:05:00 -0500] "GET /.env HTTP/1.1" 404 1018
160.176.142.246 - - [07/Jan/2024:16:05:00 -0500] "POST / HTTP/1.1" 200 319
160.176.142.246 - - [07/Jan/2024:16:05:02 -0500] "GET /.env HTTP/1.1" 404 1018
160.176.142.246 - - [07/Jan/2024:16:05:02 -0500] "POST / HTTP/1.1" 200 319
160.176.142.246 - - [07/Jan/2024:16:05:04 -0500] "GET /.env HTTP/1.1" 404 1018
160.176.142.246 - - [07/Jan/2024:16:05:05 -0500] "POST / HTTP/1.1" 200 319
191.108.6.249 - - [07/Jan/2024:16:05:06 -0500] "GET /inicia-el-2024-conociendo-la-biodiversidad-de-bogoti.html?fbclid=IwAR3TecXnl0Zk7bRFeuYaAYE96pyt4zBCmAR12Pp5sUqHylP1vaO9IYTpORU HTTP/1.1" 200 894
160.176.142.246 - - [07/Jan/2024:16:05:08 -0500] "GET /.env HTTP/1.1" 404 1018
160.176.142.246 - - [07/Jan/2024:16:05:08 -0500] "POST / HTTP/1.1" 200 319
160.176.142.246 - - [07/Jan/2024:16:05:12 -0500] "GET /.env HTTP/1.1" 404 1018
160.176.142.246 - - [07/Jan/2024:16:05:13 -0500] "POST / HTTP/1.1" 200 319
160.176.142.246 - - [07/Jan/2024:16:05:15 -0500] "GET /.env HTTP/1.1" 404 1018
160.176.142.246 - - [07/Jan/2024:16:05:16 -0500] "POST / HTTP/1.1" 200 319
160.176.142.246 - - [07/Jan/2024:16:05:18 -0500] "GET /.env HTTP/1.1" 404 1018
160.176.142.246 - - [07/Jan/2024:16:05:20 -0500] "GET /.env HTTP/1.1" 404 1034
160.176.142.246 - - [07/Jan/2024:16:05:20 -0500] "POST / HTTP/1.1" 200 4720
160.176.142.246 - - [07/Jan/2024:16:05:27 -0500] "GET /.env HTTP/1.1" 404 1018
160.176.142.246 - - [07/Jan/2024:16:05:27 -0500] "POST / HTTP/1.1" 200 319
160.176.142.246 - - [07/Jan/2024:16:05:29 -0500] "GET /.env HTTP/1.1" 404 1018
160.176.142.246 - - [07/Jan/2024:16:05:30 -0500] "POST / HTTP/1.1" 200 319
216.245.221.92 - - [07/Jan/2024:16:05:33 -0500] "HEAD / HTTP/1.1" 200 -
160.176.142.246 - - [07/Jan/2024:16:05:33 -0500] "GET /.env HTTP/1.1" 404 1018
160.176.142.246 - - [07/Jan/2024:16:05:35 -0500] "GET /.env HTTP/1.1" 404 1018
160.176.142.246 - - [07/Jan/2024:16:05:37 -0500] "GET /.env HTTP/1.1" 404 1018
160.176.142.246 - - [07/Jan/2024:16:05:38 -0500] "POST / HTTP/1.1" 200 319
160.176.142.246 - - [07/Jan/2024:16:05:40 -0500] "GET /.env HTTP/1.1" 404 1018
160.176.142.246 - - [07/Jan/2024:16:05:40 -0500] "POST / HTTP/1.1" 200 319
160.176.142.246 - - [07/Jan/2024:16:05:44 -0500] "GET /.env HTTP/1.1" 404 1018
160.176.142.246 - - [07/Jan/2024:16:05:44 -0500] "POST / HTTP/1.1" 200 319
160.176.142.246 - - [07/Jan/2024:16:05:46 -0500] "GET /.env HTTP/1.1" 404 1018
160.176.142.246 - - [07/Jan/2024:16:05:47 -0500] "POST / HTTP/1.1" 200 319
52.167.144.214 - - [07/Jan/2024:16:06:42 -0500] "GET /BLA/resoluciones/RESOLUCIONES%202013/2687.pdf HTTP/1.1" 200 261678
201.245.192.253 - - [07/Jan/2024:16:07:51 -0500] "POST /kwsrmcab/Wsrmcab  HTTP/1.1" 200 36937
47.128.57.75 - - [07/Jan/2024:16:08:33 -0500] "GET /BLA/resoluciones/dlf/dirup.png HTTP/1.1" 200 644
47.128.57.75 - - [07/Jan/2024:16:08:33 -0500] "GET /BLA/resoluciones/dlf/pdf.gif HTTP/1.1" 200 272
47.128.57.75 - - [07/Jan/2024:16:08:31 -0500] "GET /BLA/resoluciones/index.php?dir=AUTOS%202015%2F&order=asc&sort=date HTTP/1.1" 200 524235
216.244.66.195 - - [07/Jan/2024:16:09:16 -0500] "GET /BLA/resoluciones/AUTOS%202022/4240.pdf HTTP/1.1" 200 722747
186.28.24.219 - - [07/Jan/2024:16:09:25 -0500] "GET /inicia-el-2024-conociendo-la-biodiversidad-de-bogoti.html?fbclid=IwAR2HA3-_dC0feMK0gk49r6hnKHogskf5brK6940-bNwH9pa5dbNDaedpEqE HTTP/1.1" 200 894
172.22.2.4 - - [07/Jan/2024:16:07:58 -0500] "HEAD /BLA/boletinlegal/ HTTP/1.1" 200 -
172.22.2.4 - - [07/Jan/2024:16:08:49 -0500] "GET /BLA/boletinlegal/ HTTP/1.1" 200 58567
216.245.221.92 - - [07/Jan/2024:16:10:33 -0500] "HEAD / HTTP/1.1" 200 -
201.245.192.253 - - [07/Jan/2024:16:12:50 -0500] "POST /kwsrmcab/Wsrmcab  HTTP/1.1" 200 36937
40.77.167.18 - - [07/Jan/2024:16:13:49 -0500] "GET /las-tres-caminatas-para-cerrar-el-ano-entre-la-naturaleza.html HTTP/1.1" 200 776
201.245.192.253 - - [07/Jan/2024:16:15:08 -0500] "POST /kwsrmcab/Wsrmcab HTTP/1.1" 200 37060
201.245.192.253 - - [07/Jan/2024:16:15:11 -0500] "POST /kwsrmcab/Wsrmcab HTTP/1.1" 200 36892
172.22.2.4 - - [07/Jan/2024:16:13:48 -0500] "HEAD /BLA/boletinlegal/ HTTP/1.1" 200 -
216.245.221.92 - - [07/Jan/2024:16:15:33 -0500] "HEAD / HTTP/1.1" 200 -
172.22.2.4 - - [07/Jan/2024:16:14:39 -0500] "GET /BLA/boletinlegal/ HTTP/1.1" 200 60910
66.249.66.21 - - [07/Jan/2024:16:17:09 -0500] "GET /BLA/resoluciones/AUTOS%202013/1460.pdf HTTP/1.1" 200 2337570
66.249.70.164 - - [07/Jan/2024:16:17:13 -0500] "GET /como-hacer-uso-de-la-publicidad-exterior-visual-en-epoca-electoral.html HTTP/1.1" 200 843
173.252.95.15 - - [07/Jan/2024:16:17:27 -0500] "GET /distrito-invita-a-vivir-el-puente-de-reyes-de-manera-consciente-y-responsable-con-los-animales.html HTTP/1.1" 200 1083
173.252.95.119 - - [07/Jan/2024:16:17:27 -0500] "GET /distrito-invita-a-vivir-el-puente-de-reyes-de-manera-consciente-y-responsable-con-los-animales.html HTTP/1.1" 200 1083
31.13.127.116 - - [07/Jan/2024:16:17:27 -0500] "GET /images/jornadaidpyba.jpg HTTP/1.1" 200 37532
201.245.192.253 - - [07/Jan/2024:16:17:49 -0500] "POST /kwsrmcab/Wsrmcab  HTTP/1.1" 200 36937
172.22.2.4 - - [07/Jan/2024:16:17:55 -0500] "GET /BLA/boletinlegal/ HTTP/1.1" 200 24523
201.245.192.253 - - [07/Jan/2024:16:19:20 -0500] "POST /kwsrmcab/Wsrmcab HTTP/1.1" 200 37060
52.167.144.228 - - [07/Jan/2024:16:19:52 -0500] "GET /BLA/resoluciones/RESOLUCIONES%202018/3082.pdf HTTP/1.1" 200 350421
201.245.192.253 - - [07/Jan/2024:16:19:53 -0500] "POST /kwsrmcab/Wsrmcab HTTP/1.1" 200 36892
216.245.221.92 - - [07/Jan/2024:16:20:33 -0500] "HEAD / HTTP/1.1" 200 -
52.167.144.228 - - [07/Jan/2024:16:21:03 -0500] "GET /BLA/resoluciones/AUTOS%202023/06361.pdf HTTP/1.1" 200 602572
172.22.2.4 - - [07/Jan/2024:16:19:38 -0500] "HEAD /BLA/boletinlegal/ HTTP/1.1" 200 -
172.22.2.4 - - [07/Jan/2024:16:20:29 -0500] "GET /BLA/boletinlegal/ HTTP/1.1" 200 58567
47.128.31.166 - - [07/Jan/2024:16:22:09 -0500] "GET /BLA/resoluciones/dlf/dirup.png HTTP/1.1" 200 644
47.128.31.166 - - [07/Jan/2024:16:22:10 -0500] "GET /BLA/resoluciones/dlf/pdf.gif HTTP/1.1" 200 272
47.128.31.166 - - [07/Jan/2024:16:22:10 -0500] "GET /BLA/resoluciones/dlf/doc.gif HTTP/1.1" 200 1079
47.128.31.166 - - [07/Jan/2024:16:22:08 -0500] "GET /BLA/resoluciones/index.php?dir=Notificaciones%2FAUTOS%202015%2F&order=desc&sort=size HTTP/1.1" 200 102196
201.245.192.253 - - [07/Jan/2024:16:22:47 -0500] "POST /kwsrmcab/Wsrmcab  HTTP/1.1" 200 36937
172.22.2.4 - - [07/Jan/2024:16:22:51 -0500] "GET /BLA/boletinlegal/uploads/.git/config HTTP/1.1" 404 1018
190.8.198.190 - - [07/Jan/2024:16:22:52 -0500] "GET /inicia-el-2024-conociendo-la-biodiversidad-de-bogoti.html?fbclid=IwAR2wnFnFhBAZINUMZS3bYChxJyFh_UNheBJRctgQ3hp023jmaOm9R0DCHEg HTTP/1.1" 200 894
162.55.175.138 - - [07/Jan/2024:16:24:38 -0500] "GET / HTTP/1.1" 200 319
162.55.175.138 - - [07/Jan/2024:16:24:38 -0500] "GET / HTTP/1.1" 200 4720
201.245.192.253 - - [07/Jan/2024:16:25:08 -0500] "POST /kwsrmcab/Wsrmcab HTTP/1.1" 200 37060
201.245.192.253 - - [07/Jan/2024:16:25:11 -0500] "POST /kwsrmcab/Wsrmcab HTTP/1.1" 200 36892
216.245.221.92 - - [07/Jan/2024:16:25:33 -0500] "HEAD / HTTP/1.1" 200 -
186.29.55.212 - - [07/Jan/2024:16:26:08 -0500] "GET /BLA/resoluciones/index.php?dir=AUTOS+2022%2F HTTP/1.1" 200 509770
172.22.2.4 - - [07/Jan/2024:16:25:28 -0500] "HEAD /BLA/boletinlegal/ HTTP/1.1" 200 -
47.128.44.186 - - [07/Jan/2024:16:27:47 -0500] "GET /BLA/resoluciones/dlf/folder.png HTTP/1.1" 200 410
47.128.44.186 - - [07/Jan/2024:16:27:46 -0500] "GET /BLA/resoluciones/index.php?order=asc&sort=name HTTP/1.1" 200 13696
201.245.192.253 - - [07/Jan/2024:16:27:46 -0500] "POST /kwsrmcab/Wsrmcab  HTTP/1.1" 200 36937
31.13.103.117 - - [07/Jan/2024:16:27:51 -0500] "GET /inicia-el-2024-conociendo-la-biodiversidad-de-bogoti.html HTTP/1.1" 200 894
172.22.2.4 - - [07/Jan/2024:16:26:19 -0500] "GET /BLA/boletinlegal/ HTTP/1.1" 200 58567
201.245.192.253 - - [07/Jan/2024:16:29:20 -0500] "POST /kwsrmcab/Wsrmcab HTTP/1.1" 200 37060
201.245.192.253 - - [07/Jan/2024:16:29:53 -0500] "POST /kwsrmcab/Wsrmcab HTTP/1.1" 200 36892
159.100.22.66 - - [07/Jan/2024:16:30:28 -0500] "GET /.env HTTP/1.1" 404 1018
216.245.221.92 - - [07/Jan/2024:16:30:33 -0500] "HEAD / HTTP/1.1" 200 -
199.16.157.183 - - [07/Jan/2024:16:31:11 -0500] "GET /images/Mujeres%20que%20reverdecen%201%20sept.jpeg HTTP/1.1" 200 134076
199.16.157.182 - - [07/Jan/2024:16:31:12 -0500] "GET /atencion-mujeres-que-reverdecen-ya-inicia-la-segunda-fase.html HTTP/1.1" 200 857
190.109.0.244 - - [07/Jan/2024:16:31:53 -0500] "GET /inicia-el-2024-conociendo-la-biodiversidad-de-bogoti.html?fbclid=IwAR2KB1jTMqF-qasOu2oZ88iVMeiHNnFnE8nmKyMyT-IV7LiU4xL0zdpjgYs HTTP/1.1" 200 894
201.245.192.253 - - [07/Jan/2024:16:32:44 -0500] "POST /kwsrmcab/Wsrmcab  HTTP/1.1" 200 36937
172.22.2.4 - - [07/Jan/2024:16:31:18 -0500] "HEAD /BLA/boletinlegal/ HTTP/1.1" 200 -
216.244.66.195 - - [07/Jan/2024:16:33:31 -0500] "GET /robots.txt HTTP/1.1" 404 1018
181.53.13.31 - - [07/Jan/2024:16:33:45 -0500] "GET /inicia-el-2024-conociendo-la-biodiversidad-de-bogoti.html?fbclid=IwAR3f8t7VqLgEG9x1MoOYg_helUxCmEQBJCCeK2wwZy0XPtqZLq-kC0yMaQM HTTP/1.1" 200 894
172.22.2.4 - - [07/Jan/2024:16:32:09 -0500] "GET /BLA/boletinlegal/ HTTP/1.1" 200 58969
186.168.242.83 - - [07/Jan/2024:16:33:54 -0500] "GET /inicia-el-2024-conociendo-la-biodiversidad-de-bogoti.html?fbclid=IwAR2h4SDkPyisWlBZWBAe8o-Nfl-Lnnj1LiFyER1TC3ZMK8u7MCbjEfOgIC0 HTTP/1.1" 200 894
52.167.144.167 - - [07/Jan/2024:16:35:01 -0500] "GET /BLA/resoluciones/RESOLUCIONES%202013/1337.pdf HTTP/1.1" 200 677210
172.22.2.4 - - [07/Jan/2024:16:33:29 -0500] "GET /BLA/boletinlegal/ HTTP/1.1" 200 60910
201.245.192.253 - - [07/Jan/2024:16:35:08 -0500] "POST /kwsrmcab/Wsrmcab HTTP/1.1" 200 37060
201.245.192.253 - - [07/Jan/2024:16:35:11 -0500] "POST /kwsrmcab/Wsrmcab HTTP/1.1" 200 36892
216.245.221.92 - - [07/Jan/2024:16:35:33 -0500] "HEAD / HTTP/1.1" 200 -
52.167.144.167 - - [07/Jan/2024:16:35:51 -0500] "GET /BLA/resoluciones/AUTOS%202022/4556.pdf HTTP/1.1" 304 -
172.22.2.4 - - [07/Jan/2024:16:36:15 -0500] "GET /BLA/boletinlegal/config/.git/config HTTP/1.1" 404 1018
172.22.2.4 - - [07/Jan/2024:16:37:35 -0500] "GET /BLA/boletinlegal/Circulares/2019/.pdf HTTP/1.1" 404 1218
201.245.192.253 - - [07/Jan/2024:16:37:43 -0500] "POST /kwsrmcab/Wsrmcab  HTTP/1.1" 200 36937
201.244.111.250 - - [07/Jan/2024:16:38:21 -0500] "GET /inicia-el-2024-conociendo-la-biodiversidad-de-bogoti.html?fbclid=IwAR0QhIemvzZ60GYI_gFXw96-qBks513UdVgNlWHYhQ4IcvlMgHuIYFDgWUI HTTP/1.1" 200 894
172.22.2.4 - - [07/Jan/2024:16:37:08 -0500] "HEAD /BLA/boletinlegal/ HTTP/1.1" 200 -
201.245.192.253 - - [07/Jan/2024:16:39:20 -0500] "POST /kwsrmcab/Wsrmcab HTTP/1.1" 200 37060
172.22.2.4 - - [07/Jan/2024:16:37:59 -0500] "GET /BLA/boletinlegal/ HTTP/1.1" 200 60502
201.245.192.253 - - [07/Jan/2024:16:39:53 -0500] "POST /kwsrmcab/Wsrmcab HTTP/1.1" 200 36892
216.245.221.92 - - [07/Jan/2024:16:40:33 -0500] "HEAD / HTTP/1.1" 200 -
54.36.148.5 - - [07/Jan/2024:16:41:00 -0500] "GET /robots.txt HTTP/1.1" 404 1018
